62.171.160.39 - - [01/Jan/2021:00:11:21 +0100] "HEAD / HTTP/1.1" 200 0 "-" "Alert_Alligator_webmonitoring_service_1.4.6_(alertalligator.com)"
193.31.26.49 - - [01/Jan/2021:00:24:24 +0100] "HEAD / HTTP/1.1" 200 0 "-" "Alert_Alligator_webmonitoring_service_1.4.6_(alertalligator.com)"
193.31.26.49 - - [01/Jan/2021:00:36:35 +0100] "HEAD / HTTP/1.1" 200 0 "-" "Alert_Alligator_webmonitoring_service_1.4.6_(alertalligator.com)"
188.166.115.84 - - [01/Jan/2021:00:41:29 +0100] "GET /robots.txt HTTP/1.0" 404 - "-" "SafeDNSBot (https://www.safedns.com/searchbot)"
188.166.115.84 - - [01/Jan/2021:00:41:29 +0100] "GET / HTTP/1.0" 200 174 "-" "SafeDNSBot (https://www.safedns.com/searchbot)"
193.31.26.49 - - [01/Jan/2021:00:46:25 +0100] "HEAD / HTTP/1.1" 200 0 "-" "Alert_Alligator_webmonitoring_service_1.4.6_(alertalligator.com)"
193.31.26.49 - - [01/Jan/2021:00:56:53 +0100] "HEAD / HTTP/1.1" 200 0 "-" "Alert_Alligator_webmonitoring_service_1.4.6_(alertalligator.com)"
193.31.26.49 - - [01/Jan/2021:01:06:03 +0100] "HEAD / HTTP/1.1" 200 0 "-" "Alert_Alligator_webmonitoring_service_1.4.6_(alertalligator.com)"
193.31.26.49 - - [01/Jan/2021:01:15:16 +0100] "HEAD / HTTP/1.1" 200 0 "-" "Alert_Alligator_webmonitoring_service_1.4.6_(alertalligator.com)"
193.31.26.49 - - [01/Jan/2021:01:26:12 +0100] "HEAD / HTTP/1.1" 200 0 "-" "Alert_Alligator_webmonitoring_service_1.4.6_(alertalligator.com)"
193.31.26.49 - - [01/Jan/2021:01:32:52 +0100] "HEAD / HTTP/1.1" 200 0 "-" "Alert_Alligator_webmonitoring_service_1.4.6_(alertalligator.com)"
212.237.51.151 - - [01/Jan/2021:01:43:24 +0100] "HEAD / HTTP/1.1" 200 0 "-" "Alert_Alligator_webmonitoring_service_1.4.6_(alertalligator.com)"
193.31.26.49 - - [01/Jan/2021:01:55:30 +0100] "HEAD / HTTP/1.1" 200 0 "-" "Alert_Alligator_webmonitoring_service_1.4.6_(alertalligator.com)"
193.31.26.49 - - [01/Jan/2021:02:04:21 +0100] "HEAD / HTTP/1.1" 200 0 "-" "Alert_Alligator_webmonitoring_service_1.4.6_(alertalligator.com)"
193.31.26.49 - - [01/Jan/2021:02:13:29 +0100] "HEAD / HTTP/1.1" 200 0 "-" "Alert_Alligator_webmonitoring_service_1.4.6_(alertalligator.com)"
193.31.26.49 - - [01/Jan/2021:02:23:56 +0100] "HEAD / HTTP/1.1" 200 0 "-" "Alert_Alligator_webmonitoring_service_1.4.6_(alertalligator.com)"
193.31.26.49 - - [01/Jan/2021:02:36:52 +0100] "HEAD / HTTP/1.1" 200 0 "-" "Alert_Alligator_webmonitoring_service_1.4.6_(alertalligator.com)"
193.31.26.49 - - [01/Jan/2021:02:47:23 +0100] "HEAD / HTTP/1.1" 200 0 "-" "Alert_Alligator_webmonitoring_service_1.4.6_(alertalligator.com)"
193.31.26.49 - - [01/Jan/2021:02:57:05 +0100] "HEAD / HTTP/1.1" 200 0 "-" "Alert_Alligator_webmonitoring_service_1.4.6_(alertalligator.com)"
193.31.26.49 - - [01/Jan/2021:03:03:12 +0100] "HEAD / HTTP/1.1" 200 0 "-" "Alert_Alligator_webmonitoring_service_1.4.6_(alertalligator.com)"
193.31.26.49 - - [01/Jan/2021:03:15:10 +0100] "HEAD / HTTP/1.1" 200 0 "-" "Alert_Alligator_webmonitoring_service_1.4.6_(alertalligator.com)"
212.237.53.115 - - [01/Jan/2021:03:28:33 +0100] "HEAD / HTTP/1.1" 200 0 "-" "Chrome: Mozilla/5.0 (X11; Linux x86_64) AppleWebKit/537.36 (KHTML, like Gecko) Chrome/77.0.3865.90 Safari/537.36."
193.31.26.49 - - [01/Jan/2021:03:40:11 +0100] "HEAD / HTTP/1.1" 200 0 "-" "Alert_Alligator_webmonitoring_service_1.4.6_(alertalligator.com)"
54.77.113.247 - - [01/Jan/2021:03:41:53 +0100] "GET / HTTP/1.1" 200 166 "-" "Mozilla/5.0 (Macintosh; Intel Mac OS X 10_15_6) AppleWebKit/537.36 (KHTML, like Gecko) Chrome/84.0.4147.105 Safari/537.36"
193.31.26.49 - - [01/Jan/2021:03:49:40 +0100] "HEAD / HTTP/1.1" 200 0 "-" "Alert_Alligator_webmonitoring_service_1.4.6_(alertalligator.com)"
52.43.161.94 - - [01/Jan/2021:03:54:25 +0100] "HEAD / HTTP/1.1" 200 0 "-" "Go-http-client/1.1"
54.191.77.220 - - [01/Jan/2021:03:54:26 +0100] "GET / HTTP/1.1" 200 174 "-" "Mozilla/5.0 (X11; Linux x86_64) AppleWebKit/537.36 (KHTML, like Gecko) HeadlessChrome/83.0.4103.97 Safari/537.36"
193.31.26.49 - - [01/Jan/2021:04:01:52 +0100] "HEAD / HTTP/1.1" 200 0 "-" "Alert_Alligator_webmonitoring_service_1.4.6_(alertalligator.com)"
193.31.26.49 - - [01/Jan/2021:04:11:20 +0100] "HEAD / HTTP/1.1" 200 0 "-" "Alert_Alligator_webmonitoring_service_1.4.6_(alertalligator.com)"
212.237.23.143 - - [01/Jan/2021:04:24:31 +0100] "HEAD / HTTP/1.1" 200 0 "-" "Alert_Alligator_webmonitoring_service_1.4.6_(alertalligator.com)"
193.31.26.49 - - [01/Jan/2021:04:33:44 +0100] "HEAD / HTTP/1.1" 200 0 "-" "Alert_Alligator_webmonitoring_service_1.4.6_(alertalligator.com)"
193.31.26.49 - - [01/Jan/2021:04:46:39 +0100] "HEAD / HTTP/1.1" 200 0 "-" "Alert_Alligator_webmonitoring_service_1.4.6_(alertalligator.com)"
193.31.26.49 - - [01/Jan/2021:04:59:40 +0100] "HEAD / HTTP/1.1" 200 0 "-" "Alert_Alligator_webmonitoring_service_1.4.6_(alertalligator.com)"
193.31.26.49 - - [01/Jan/2021:05:09:22 +0100] "HEAD / HTTP/1.1" 200 0 "-" "Alert_Alligator_webmonitoring_service_1.4.6_(alertalligator.com)"
193.31.26.49 - - [01/Jan/2021:05:18:07 +0100] "HEAD / HTTP/1.1" 200 0 "-" "Alert_Alligator_webmonitoring_service_1.4.6_(alertalligator.com)"
193.31.26.49 - - [01/Jan/2021:05:26:18 +0100] "HEAD / HTTP/1.1" 200 0 "-" "Alert_Alligator_webmonitoring_service_1.4.6_(alertalligator.com)"
193.31.26.49 - - [01/Jan/2021:05:36:53 +0100] "HEAD / HTTP/1.1" 200 0 "-" "Alert_Alligator_webmonitoring_service_1.4.6_(alertalligator.com)"
193.31.26.49 - - [01/Jan/2021:05:46:24 +0100] "HEAD / HTTP/1.1" 200 0 "-" "Alert_Alligator_webmonitoring_service_1.4.6_(alertalligator.com)"
193.31.26.49 - - [01/Jan/2021:05:54:38 +0100] "HEAD / HTTP/1.1" 200 0 "-" "Alert_Alligator_webmonitoring_service_1.4.6_(alertalligator.com)"
193.31.26.49 - - [01/Jan/2021:06:04:06 +0100] "HEAD / HTTP/1.1" 200 0 "-" "Alert_Alligator_webmonitoring_service_1.4.6_(alertalligator.com)"
212.237.51.151 - - [01/Jan/2021:06:13:42 +0100] "HEAD / HTTP/1.1" 200 0 "-" "Alert_Alligator_webmonitoring_service_1.4.6_(alertalligator.com)"
193.31.26.49 - - [01/Jan/2021:06:23:29 +0100] "HEAD / HTTP/1.1" 200 0 "-" "Alert_Alligator_webmonitoring_service_1.4.6_(alertalligator.com)"
207.46.13.161 - - [01/Jan/2021:06:33:20 +0100] "GET /robots.txt HTTP/1.1" 404 - "-" "Mozilla/5.0 (compatible; bingbot/2.0; +http://www.bing.com/bingbot.htm)"
207.46.13.183 - - [01/Jan/2021:06:33:31 +0100] "GET / HTTP/1.1" 304 - "-" "Mozilla/5.0 (compatible; bingbot/2.0; +http://www.bing.com/bingbot.htm)"
212.237.23.143 - - [01/Jan/2021:06:35:31 +0100] "HEAD / HTTP/1.1" 200 0 "-" "Alert_Alligator_webmonitoring_service_1.4.6_(alertalligator.com)"
193.31.26.49 - - [01/Jan/2021:06:47:43 +0100] "HEAD / HTTP/1.1" 200 0 "-" "Alert_Alligator_webmonitoring_service_1.4.6_(alertalligator.com)"
193.31.26.49 - - [01/Jan/2021:06:57:13 +0100] "HEAD / HTTP/1.1" 200 0 "-" "Alert_Alligator_webmonitoring_service_1.4.6_(alertalligator.com)"
193.31.26.49 - - [01/Jan/2021:07:09:13 +0100] "HEAD / HTTP/1.1" 200 0 "-" "Alert_Alligator_webmonitoring_service_1.4.6_(alertalligator.com)"
193.31.26.49 - - [01/Jan/2021:07:20:34 +0100] "HEAD / HTTP/1.1" 200 0 "-" "Alert_Alligator_webmonitoring_service_1.4.6_(alertalligator.com)"
193.31.26.49 - - [01/Jan/2021:07:30:05 +0100] "HEAD / HTTP/1.1" 200 0 "-" "Alert_Alligator_webmonitoring_service_1.4.6_(alertalligator.com)"
193.31.26.49 - - [01/Jan/2021:07:41:29 +0100] "HEAD / HTTP/1.1" 200 0 "-" "Alert_Alligator_webmonitoring_service_1.4.6_(alertalligator.com)"
54.176.188.51 - - [01/Jan/2021:07:45:48 +0100] "GET /wp-login.php HTTP/1.1" 404 - "-" "Mozilla/5.0 (X11; Linux x86_64) AppleWebKit/537.36 (KHTML, like Gecko) Chrome/41.0.2227.0 Safari/537.36"
212.237.23.143 - - [01/Jan/2021:07:54:43 +0100] "HEAD / HTTP/1.1" 200 0 "-" "Alert_Alligator_webmonitoring_service_1.4.6_(alertalligator.com)"
193.31.26.49 - - [01/Jan/2021:08:07:12 +0100] "HEAD / HTTP/1.1" 200 0 "-" "Alert_Alligator_webmonitoring_service_1.4.6_(alertalligator.com)"
193.31.26.49 - - [01/Jan/2021:08:19:54 +0100] "HEAD / HTTP/1.1" 200 0 "-" "Alert_Alligator_webmonitoring_service_1.4.6_(alertalligator.com)"
193.31.26.49 - - [01/Jan/2021:08:28:03 +0100] "HEAD / HTTP/1.1" 200 0 "-" "Alert_Alligator_webmonitoring_service_1.4.6_(alertalligator.com)"
212.237.51.151 - - [01/Jan/2021:08:39:08 +0100] "HEAD / HTTP/1.1" 200 0 "-" "Alert_Alligator_webmonitoring_service_1.4.6_(alertalligator.com)"
193.31.26.49 - - [01/Jan/2021:08:51:04 +0100] "HEAD / HTTP/1.1" 200 0 "-" "Alert_Alligator_webmonitoring_service_1.4.6_(alertalligator.com)"
193.31.26.49 - - [01/Jan/2021:09:00:30 +0100] "HEAD / HTTP/1.1" 200 0 "-" "Alert_Alligator_webmonitoring_service_1.4.6_(alertalligator.com)"
193.31.26.49 - - [01/Jan/2021:09:10:37 +0100] "HEAD / HTTP/1.1" 200 0 "-" "Alert_Alligator_webmonitoring_service_1.4.6_(alertalligator.com)"
193.31.26.49 - - [01/Jan/2021:09:20:50 +0100] "HEAD / HTTP/1.1" 200 0 "-" "Alert_Alligator_webmonitoring_service_1.4.6_(alertalligator.com)"
193.31.26.49 - - [01/Jan/2021:09:30:24 +0100] "HEAD / HTTP/1.1" 200 0 "-" "Alert_Alligator_webmonitoring_service_1.4.6_(alertalligator.com)"
193.31.26.49 - - [01/Jan/2021:09:41:37 +0100] "HEAD / HTTP/1.1" 200 0 "-" "Alert_Alligator_webmonitoring_service_1.4.6_(alertalligator.com)"
193.31.26.49 - - [01/Jan/2021:09:53:01 +0100] "HEAD / HTTP/1.1" 200 0 "-" "Alert_Alligator_webmonitoring_service_1.4.6_(alertalligator.com)"
193.31.26.49 - - [01/Jan/2021:10:02:39 +0100] "HEAD / HTTP/1.1" 200 0 "-" "Alert_Alligator_webmonitoring_service_1.4.6_(alertalligator.com)"
193.31.26.49 - - [01/Jan/2021:10:14:00 +0100] "HEAD / HTTP/1.1" 200 0 "-" "Alert_Alligator_webmonitoring_service_1.4.6_(alertalligator.com)"
18.232.181.24 - - [01/Jan/2021:10:16:49 +0100] "GET / HTTP/1.1" 200 166 "-" "Mozilla/5.0 (Macintosh; Intel Mac OS X 10_15_0) AppleWebKit/537.36 (KHTML, like Gecko) Chrome/78.0.3904.87 Safari/537.36"
193.31.26.49 - - [01/Jan/2021:10:23:59 +0100] "HEAD / HTTP/1.1" 200 0 "-" "Alert_Alligator_webmonitoring_service_1.4.6_(alertalligator.com)"
193.31.26.49 - - [01/Jan/2021:10:34:39 +0100] "HEAD / HTTP/1.1" 200 0 "-" "Alert_Alligator_webmonitoring_service_1.4.6_(alertalligator.com)"
114.119.157.128 - - [01/Jan/2021:10:35:01 +0100] "GET /robots.txt HTTP/1.1" 404 - "-" "(compatible;PetalBot;+https://aspiegel.com/petalbot)"
193.31.26.49 - - [01/Jan/2021:10:43:27 +0100] "HEAD / HTTP/1.1" 200 0 "-" "Alert_Alligator_webmonitoring_service_1.4.6_(alertalligator.com)"
192.71.36.158 - - [01/Jan/2021:10:50:58 +0100] "GET /robots.txt HTTP/1.1" 404 - "-" "Go-http-client/1.1"
192.71.44.44 - - [01/Jan/2021:10:50:59 +0100] "GET /humans.txt HTTP/1.1" 404 - "-" "Go-http-client/1.1"
192.71.224.240 - - [01/Jan/2021:10:50:59 +0100] "GET /ads.txt HTTP/1.1" 404 - "-" "Go-http-client/1.1"
192.71.42.108 - - [01/Jan/2021:10:50:59 +0100] "GET / HTTP/1.1" 200 166 "-" "Go-http-client/1.1"
193.31.26.49 - - [01/Jan/2021:10:53:11 +0100] "HEAD / HTTP/1.1" 200 0 "-" "Alert_Alligator_webmonitoring_service_1.4.6_(alertalligator.com)"
209.17.96.18 - - [01/Jan/2021:11:01:08 +0100] "GET / HTTP/1.1" 200 174 "-" "Mozilla/5.0 (compatible; Nimbostratus-Bot/v1.3.2; http://cloudsystemnetworks.com)"
193.31.26.49 - - [01/Jan/2021:11:02:09 +0100] "HEAD / HTTP/1.1" 200 0 "-" "Alert_Alligator_webmonitoring_service_1.4.6_(alertalligator.com)"
42.236.10.83 - - [01/Jan/2021:11:08:20 +0100] "GET / HTTP/1.1" 200 166 "http://micsodaido.hu/" "Mozilla/5.0 (Windows NT 6.1; WOW64) AppleWebKit/537.36 (KHTML, like Gecko) Chrome/50.4.2661.102 Safari/537.36; 360Spider"
42.236.10.76 - - [01/Jan/2021:11:09:18 +0100] "GET / HTTP/1.1" 200 166 "http://www.micsodaido.hu/" "Mozilla/5.0 (Windows NT 6.1; WOW64) AppleWebKit/537.36 (KHTML, like Gecko) Chrome/50.4.2661.102 Safari/537.36; 360Spider"
193.31.26.49 - - [01/Jan/2021:11:10:54 +0100] "HEAD / HTTP/1.1" 200 0 "-" "Alert_Alligator_webmonitoring_service_1.4.6_(alertalligator.com)"
193.31.26.49 - - [01/Jan/2021:11:19:06 +0100] "HEAD / HTTP/1.1" 200 0 "-" "Alert_Alligator_webmonitoring_service_1.4.6_(alertalligator.com)"
193.31.26.49 - - [01/Jan/2021:11:27:45 +0100] "HEAD / HTTP/1.1" 200 0 "-" "Alert_Alligator_webmonitoring_service_1.4.6_(alertalligator.com)"
193.31.26.49 - - [01/Jan/2021:11:36:47 +0100] "HEAD / HTTP/1.1" 200 0 "-" "Alert_Alligator_webmonitoring_service_1.4.6_(alertalligator.com)"
193.31.26.49 - - [01/Jan/2021:11:48:14 +0100] "HEAD / HTTP/1.1" 200 0 "-" "Alert_Alligator_webmonitoring_service_1.4.6_(alertalligator.com)"
212.237.23.143 - - [01/Jan/2021:12:00:45 +0100] "HEAD / HTTP/1.1" 200 0 "-" "Alert_Alligator_webmonitoring_service_1.4.6_(alertalligator.com)"
62.210.188.222 - - [01/Jan/2021:12:06:44 +0100] "GET /robots.txt HTTP/1.1" 404 - "-" "Mozilla/5.0 (compatible; Barkrowler/0.9; +https://babbar.tech/crawler)"
62.210.188.222 - - [01/Jan/2021:12:06:50 +0100] "GET /robots.txt HTTP/1.1" 404 - "-" "Mozilla/5.0 (compatible; Barkrowler/0.9; +https://babbar.tech/crawler)"
62.210.188.222 - - [01/Jan/2021:12:06:56 +0100] "GET / HTTP/1.1" 304 - "-" "Mozilla/5.0 (compatible; Barkrowler/0.9; +https://babbar.tech/crawler)"
62.210.188.222 - - [01/Jan/2021:12:07:02 +0100] "GET / HTTP/1.1" 304 - "-" "Mozilla/5.0 (compatible; Barkrowler/0.9; +https://babbar.tech/crawler)"
212.237.53.115 - - [01/Jan/2021:12:13:11 +0100] "HEAD / HTTP/1.1" 200 0 "-" "Chrome: Mozilla/5.0 (X11; Linux x86_64) AppleWebKit/537.36 (KHTML, like Gecko) Chrome/77.0.3865.90 Safari/537.36."
193.31.26.49 - - [01/Jan/2021:12:23:33 +0100] "HEAD / HTTP/1.1" 200 0 "-" "Alert_Alligator_webmonitoring_service_1.4.6_(alertalligator.com)"
193.31.26.49 - - [01/Jan/2021:12:33:02 +0100] "HEAD / HTTP/1.1" 200 0 "-" "Alert_Alligator_webmonitoring_service_1.4.6_(alertalligator.com)"
212.237.51.151 - - [01/Jan/2021:12:43:49 +0100] "HEAD / HTTP/1.1" 200 0 "-" "Alert_Alligator_webmonitoring_service_1.4.6_(alertalligator.com)"
193.31.26.49 - - [01/Jan/2021:12:54:17 +0100] "HEAD / HTTP/1.1" 200 0 "-" "Alert_Alligator_webmonitoring_service_1.4.6_(alertalligator.com)"
193.31.26.49 - - [01/Jan/2021:13:05:07 +0100] "HEAD / HTTP/1.1" 200 0 "-" "Alert_Alligator_webmonitoring_service_1.4.6_(alertalligator.com)"
193.31.26.49 - - [01/Jan/2021:13:14:57 +0100] "HEAD / HTTP/1.1" 200 0 "-" "Alert_Alligator_webmonitoring_service_1.4.6_(alertalligator.com)"
193.31.26.49 - - [01/Jan/2021:13:24:34 +0100] "HEAD / HTTP/1.1" 200 0 "-" "Alert_Alligator_webmonitoring_service_1.4.6_(alertalligator.com)"
193.31.26.49 - - [01/Jan/2021:13:34:39 +0100] "HEAD / HTTP/1.1" 200 0 "-" "Alert_Alligator_webmonitoring_service_1.4.6_(alertalligator.com)"
193.31.26.49 - - [01/Jan/2021:13:44:03 +0100] "HEAD / HTTP/1.1" 200 0 "-" "Alert_Alligator_webmonitoring_service_1.4.6_(alertalligator.com)"
212.237.51.151 - - [01/Jan/2021:13:53:28 +0100] "HEAD / HTTP/1.1" 200 0 "-" "Alert_Alligator_webmonitoring_service_1.4.6_(alertalligator.com)"
193.31.26.49 - - [01/Jan/2021:14:01:55 +0100] "HEAD / HTTP/1.1" 200 0 "-" "Alert_Alligator_webmonitoring_service_1.4.6_(alertalligator.com)"
193.31.26.49 - - [01/Jan/2021:14:14:53 +0100] "HEAD / HTTP/1.1" 200 0 "-" "Alert_Alligator_webmonitoring_service_1.4.6_(alertalligator.com)"
212.237.51.151 - - [01/Jan/2021:14:24:02 +0100] "HEAD / HTTP/1.1" 200 0 "-" "Alert_Alligator_webmonitoring_service_1.4.6_(alertalligator.com)"
212.237.51.151 - - [01/Jan/2021:14:32:23 +0100] "HEAD / HTTP/1.1" 200 0 "-" "Alert_Alligator_webmonitoring_service_1.4.6_(alertalligator.com)"
193.31.26.49 - - [01/Jan/2021:14:42:53 +0100] "HEAD / HTTP/1.1" 200 0 "-" "Alert_Alligator_webmonitoring_service_1.4.6_(alertalligator.com)"
193.31.26.49 - - [01/Jan/2021:14:51:16 +0100] "HEAD / HTTP/1.1" 200 0 "-" "Alert_Alligator_webmonitoring_service_1.4.6_(alertalligator.com)"
62.171.160.39 - - [01/Jan/2021:15:18:29 +0100] "HEAD / HTTP/1.1" 200 0 "-" "Alert_Alligator_webmonitoring_service_1.4.6_(alertalligator.com)"
193.31.26.49 - - [01/Jan/2021:15:27:10 +0100] "HEAD / HTTP/1.1" 200 0 "-" "Alert_Alligator_webmonitoring_service_1.4.6_(alertalligator.com)"
193.31.26.49 - - [01/Jan/2021:15:33:47 +0100] "HEAD / HTTP/1.1" 200 0 "-" "Alert_Alligator_webmonitoring_service_1.4.6_(alertalligator.com)"
193.31.26.49 - - [01/Jan/2021:15:47:17 +0100] "HEAD / HTTP/1.1" 200 0 "-" "Alert_Alligator_webmonitoring_service_1.4.6_(alertalligator.com)"
193.31.26.49 - - [01/Jan/2021:15:58:47 +0100] "HEAD / HTTP/1.1" 200 0 "-" "Alert_Alligator_webmonitoring_service_1.4.6_(alertalligator.com)"
193.31.26.49 - - [01/Jan/2021:16:08:10 +0100] "HEAD / HTTP/1.1" 200 0 "-" "Alert_Alligator_webmonitoring_service_1.4.6_(alertalligator.com)"
193.31.26.49 - - [01/Jan/2021:16:18:23 +0100] "HEAD / HTTP/1.1" 200 0 "-" "Alert_Alligator_webmonitoring_service_1.4.6_(alertalligator.com)"
193.31.26.49 - - [01/Jan/2021:16:26:14 +0100] "HEAD / HTTP/1.1" 200 0 "-" "Alert_Alligator_webmonitoring_service_1.4.6_(alertalligator.com)"
213.166.69.250 - - [01/Jan/2021:16:35:07 +0100] "GET / HTTP/1.1" 200 166 "-" "Mozilla/4.0 (compatible; MSIE 6.0; Windows NT 5.1; SV1)"
62.171.160.39 - - [01/Jan/2021:16:53:20 +0100] "HEAD / HTTP/1.1" 200 0 "-" "Alert_Alligator_webmonitoring_service_1.4.6_(alertalligator.com)"
193.31.26.49 - - [01/Jan/2021:17:04:43 +0100] "HEAD / HTTP/1.1" 200 0 "-" "Alert_Alligator_webmonitoring_service_1.4.6_(alertalligator.com)"
212.237.23.143 - - [01/Jan/2021:17:17:40 +0100] "HEAD / HTTP/1.1" 200 0 "-" "Alert_Alligator_webmonitoring_service_1.4.6_(alertalligator.com)"
193.31.26.49 - - [01/Jan/2021:17:30:36 +0100] "HEAD / HTTP/1.1" 200 0 "-" "Alert_Alligator_webmonitoring_service_1.4.6_(alertalligator.com)"
193.31.26.49 - - [01/Jan/2021:17:42:59 +0100] "HEAD / HTTP/1.1" 200 0 "-" "Alert_Alligator_webmonitoring_service_1.4.6_(alertalligator.com)"
193.31.26.49 - - [01/Jan/2021:17:54:17 +0100] "HEAD / HTTP/1.1" 200 0 "-" "Alert_Alligator_webmonitoring_service_1.4.6_(alertalligator.com)"
193.31.26.49 - - [01/Jan/2021:18:03:46 +0100] "HEAD / HTTP/1.1" 200 0 "-" "Alert_Alligator_webmonitoring_service_1.4.6_(alertalligator.com)"
193.31.26.49 - - [01/Jan/2021:18:12:48 +0100] "HEAD / HTTP/1.1" 200 0 "-" "Alert_Alligator_webmonitoring_service_1.4.6_(alertalligator.com)"
193.31.26.49 - - [01/Jan/2021:18:20:25 +0100] "HEAD / HTTP/1.1" 200 0 "-" "Alert_Alligator_webmonitoring_service_1.4.6_(alertalligator.com)"
212.237.53.115 - - [01/Jan/2021:18:32:33 +0100] "HEAD / HTTP/1.1" 200 0 "-" "Chrome: Mozilla/5.0 (X11; Linux x86_64) AppleWebKit/537.36 (KHTML, like Gecko) Chrome/77.0.3865.90 Safari/537.36."
193.31.26.49 - - [01/Jan/2021:18:42:38 +0100] "HEAD / HTTP/1.1" 200 0 "-" "Alert_Alligator_webmonitoring_service_1.4.6_(alertalligator.com)"
193.31.26.49 - - [01/Jan/2021:18:53:23 +0100] "HEAD / HTTP/1.1" 200 0 "-" "Alert_Alligator_webmonitoring_service_1.4.6_(alertalligator.com)"
216.244.66.195 - - [01/Jan/2021:19:03:17 +0100] "GET /robots.txt HTTP/1.1" 404 - "-" "Mozilla/5.0 (compatible; DotBot/1.1; http://www.opensiteexplorer.org/dotbot, help@moz.com)"
193.31.26.49 - - [01/Jan/2021:19:03:29 +0100] "HEAD / HTTP/1.1" 200 0 "-" "Alert_Alligator_webmonitoring_service_1.4.6_(alertalligator.com)"
34.220.133.164 - - [01/Jan/2021:19:07:30 +0100] "HEAD / HTTP/1.1" 200 0 "-" "Go-http-client/1.1"
52.43.161.94 - - [01/Jan/2021:19:07:31 +0100] "GET / HTTP/1.1" 200 174 "-" "Mozilla/5.0 (Windows NT 6.1; WOW64) AppleWebKit/537.36 (KHTML, like Gecko) Chrome/56.0.2924.76 Safari/537.36"
54.200.118.216 - - [01/Jan/2021:19:07:33 +0100] "GET / HTTP/1.1" 200 174 "-" "Mozilla/5.0 (X11; Linux x86_64) AppleWebKit/537.36 (KHTML, like Gecko) HeadlessChrome/83.0.4103.97 Safari/537.36"
216.244.66.195 - - [01/Jan/2021:19:07:51 +0100] "GET / HTTP/1.1" 200 166 "-" "Mozilla/5.0 (compatible; DotBot/1.1; http://www.opensiteexplorer.org/dotbot, help@moz.com)"
213.166.69.250 - - [01/Jan/2021:19:08:19 +0100] "GET / HTTP/1.1" 200 174 "-" "Mozilla/4.0 (compatible; MSIE 6.0; Windows NT 5.1; SV1)"
193.31.26.49 - - [01/Jan/2021:19:11:40 +0100] "HEAD / HTTP/1.1" 200 0 "-" "Alert_Alligator_webmonitoring_service_1.4.6_(alertalligator.com)"
212.237.51.151 - - [01/Jan/2021:19:22:22 +0100] "HEAD / HTTP/1.1" 200 0 "-" "Alert_Alligator_webmonitoring_service_1.4.6_(alertalligator.com)"
212.237.23.143 - - [01/Jan/2021:19:33:44 +0100] "HEAD / HTTP/1.1" 200 0 "-" "Alert_Alligator_webmonitoring_service_1.4.6_(alertalligator.com)"
212.237.51.151 - - [01/Jan/2021:19:44:10 +0100] "HEAD / HTTP/1.1" 200 0 "-" "Alert_Alligator_webmonitoring_service_1.4.6_(alertalligator.com)"
193.31.26.49 - - [01/Jan/2021:19:54:27 +0100] "HEAD / HTTP/1.1" 200 0 "-" "Alert_Alligator_webmonitoring_service_1.4.6_(alertalligator.com)"
193.31.26.49 - - [01/Jan/2021:20:04:47 +0100] "HEAD / HTTP/1.1" 200 0 "-" "Alert_Alligator_webmonitoring_service_1.4.6_(alertalligator.com)"
2.59.241.174 - - [01/Jan/2021:20:08:40 +0100] "GET / HTTP/1.1" 200 166 "-" "Mozilla/5.0 (Windows NT 6.1; WOW64) AppleWebKit/537.36 (KHTML, like Gecko) Chrome/67.0.3396.775 Safari/537.36"
154.196.254.202 - - [01/Jan/2021:20:12:14 +0100] "GET /cache/doc.php HTTP/1.1" 404 - "http://google.com" "Mozilla/5.0 (Windows; U; Windows NT 5.1; en-US) AppleWebKit/533.4 (KHTML, like Gecko) Chrome/5.0.375.99 Safari/533.4"
193.31.26.49 - - [01/Jan/2021:20:13:47 +0100] "HEAD / HTTP/1.1" 200 0 "-" "Alert_Alligator_webmonitoring_service_1.4.6_(alertalligator.com)"
193.31.26.49 - - [01/Jan/2021:20:21:56 +0100] "HEAD / HTTP/1.1" 200 0 "-" "Alert_Alligator_webmonitoring_service_1.4.6_(alertalligator.com)"
212.237.53.115 - - [01/Jan/2021:20:35:07 +0100] "HEAD / HTTP/1.1" 200 0 "-" "Chrome: Mozilla/5.0 (X11; Linux x86_64) AppleWebKit/537.36 (KHTML, like Gecko) Chrome/77.0.3865.90 Safari/537.36."
193.31.26.49 - - [01/Jan/2021:20:46:21 +0100] "HEAD / HTTP/1.1" 200 0 "-" "Alert_Alligator_webmonitoring_service_1.4.6_(alertalligator.com)"
193.31.26.49 - - [01/Jan/2021:20:56:41 +0100] "HEAD / HTTP/1.1" 200 0 "-" "Alert_Alligator_webmonitoring_service_1.4.6_(alertalligator.com)"
193.31.26.49 - - [01/Jan/2021:21:06:01 +0100] "HEAD / HTTP/1.1" 200 0 "-" "Alert_Alligator_webmonitoring_service_1.4.6_(alertalligator.com)"
212.237.53.115 - - [01/Jan/2021:21:19:30 +0100] "HEAD / HTTP/1.1" 200 0 "-" "Chrome: Mozilla/5.0 (X11; Linux x86_64) AppleWebKit/537.36 (KHTML, like Gecko) Chrome/77.0.3865.90 Safari/537.36."
193.31.26.49 - - [01/Jan/2021:21:32:14 +0100] "HEAD / HTTP/1.1" 200 0 "-" "Alert_Alligator_webmonitoring_service_1.4.6_(alertalligator.com)"
213.180.203.115 - - [01/Jan/2021:21:38:21 +0100] "GET /robots.txt HTTP/1.1" 404 - "-" "Mozilla/5.0 (compatible; YandexBot/3.0; +http://yandex.com/bots)"
213.180.203.115 - - [01/Jan/2021:21:38:24 +0100] "GET / HTTP/1.1" 200 166 "-" "Mozilla/5.0 (compatible; YandexBot/3.0; +http://yandex.com/bots)"
213.180.203.115 - - [01/Jan/2021:21:39:34 +0100] "GET /robots.txt HTTP/1.1" 404 - "-" "Mozilla/5.0 (compatible; YandexBot/3.0; +http://yandex.com/bots)"
5.45.207.189 - - [01/Jan/2021:21:39:38 +0100] "GET / HTTP/1.1" 200 174 "-" "Mozilla/5.0 (compatible; YandexBot/3.0; +http://yandex.com/bots)"
193.31.26.49 - - [01/Jan/2021:21:43:02 +0100] "HEAD / HTTP/1.1" 200 0 "-" "Alert_Alligator_webmonitoring_service_1.4.6_(alertalligator.com)"
193.31.26.49 - - [01/Jan/2021:21:51:33 +0100] "HEAD / HTTP/1.1" 200 0 "-" "Alert_Alligator_webmonitoring_service_1.4.6_(alertalligator.com)"
193.31.26.49 - - [01/Jan/2021:21:58:33 +0100] "HEAD / HTTP/1.1" 200 0 "-" "Alert_Alligator_webmonitoring_service_1.4.6_(alertalligator.com)"
42.236.10.125 - - [01/Jan/2021:22:02:45 +0100] "GET / HTTP/1.1" 200 166 "http://baidu.com/" "Mozilla/5.0 (Linux; U; Android 8.1.0; zh-CN; EML-AL00 Build/HUAWEIEML-AL00) AppleWebKit/537.36 (KHTML, like Gecko) Version/4.0 Chrome/57.0.2987.108 baidu.sogo.uc.UCBrowser/11.9.4.974 UWS/2.13.1.48 Mobile Safari/537.36 AliApp(DingTalk/4.5.11) com.alibaba.android.rimet/10487439 Channel/227200 language/zh-CN"
42.236.10.117 - - [01/Jan/2021:22:03:05 +0100] "GET / HTTP/1.1" 200 166 "http://baidu.com/" "Mozilla/5.0 (Linux; U; Android 8.1.0; zh-CN; EML-AL00 Build/HUAWEIEML-AL00) AppleWebKit/537.36 (KHTML, like Gecko) Version/4.0 Chrome/57.0.2987.108 baidu.sogo.uc.UCBrowser/11.9.4.974 UWS/2.13.1.48 Mobile Safari/537.36 AliApp(DingTalk/4.5.11) com.alibaba.android.rimet/10487439 Channel/227200 language/zh-CN"
42.236.10.125 - - [01/Jan/2021:22:03:19 +0100] "GET / HTTP/1.1" 200 166 "http://baidu.com/" "Mozilla/5.0 (Linux; U; Android 8.1.0; zh-CN; EML-AL00 Build/HUAWEIEML-AL00) AppleWebKit/537.36 (KHTML, like Gecko) Version/4.0 Chrome/57.0.2987.108 baidu.sogo.uc.UCBrowser/11.9.4.974 UWS/2.13.1.48 Mobile Safari/537.36 AliApp(DingTalk/4.5.11) com.alibaba.android.rimet/10487439 Channel/227200 language/zh-CN"
193.31.26.49 - - [01/Jan/2021:22:07:37 +0100] "HEAD / HTTP/1.1" 200 0 "-" "Alert_Alligator_webmonitoring_service_1.4.6_(alertalligator.com)"
193.31.26.49 - - [01/Jan/2021:22:17:28 +0100] "HEAD / HTTP/1.1" 200 0 "-" "Alert_Alligator_webmonitoring_service_1.4.6_(alertalligator.com)"
193.31.26.49 - - [01/Jan/2021:22:27:32 +0100] "HEAD / HTTP/1.1" 200 0 "-" "Alert_Alligator_webmonitoring_service_1.4.6_(alertalligator.com)"
193.31.26.49 - - [01/Jan/2021:22:37:04 +0100] "HEAD / HTTP/1.1" 200 0 "-" "Alert_Alligator_webmonitoring_service_1.4.6_(alertalligator.com)"
193.31.26.49 - - [01/Jan/2021:22:47:02 +0100] "HEAD / HTTP/1.1" 200 0 "-" "Alert_Alligator_webmonitoring_service_1.4.6_(alertalligator.com)"
154.16.114.224 - - [01/Jan/2021:22:54:45 +0100] "GET /wp-content/plugins/background-image-cropper/content-post.php HTTP/1.1" 404 - "http://google.com" "Mozilla/5.0 (Windows; U; Windows NT 5.1; en-US) AppleWebKit/533.4 (KHTML, like Gecko) Chrome/5.0.375.99 Safari/533.4"
212.237.23.143 - - [01/Jan/2021:22:59:15 +0100] "HEAD / HTTP/1.1" 200 0 "-" "Alert_Alligator_webmonitoring_service_1.4.6_(alertalligator.com)"
193.31.26.49 - - [01/Jan/2021:23:09:50 +0100] "HEAD / HTTP/1.1" 200 0 "-" "Alert_Alligator_webmonitoring_service_1.4.6_(alertalligator.com)"
193.31.26.49 - - [01/Jan/2021:23:19:31 +0100] "HEAD / HTTP/1.1" 200 0 "-" "Alert_Alligator_webmonitoring_service_1.4.6_(alertalligator.com)"
62.171.160.39 - - [01/Jan/2021:23:39:35 +0100] "HEAD / HTTP/1.1" 200 0 "-" "Alert_Alligator_webmonitoring_service_1.4.6_(alertalligator.com)"
5.255.231.195 - - [01/Jan/2021:23:41:00 +0100] "GET /robots.txt HTTP/1.1" 404 - "-" "Mozilla/5.0 (compatible; YandexBot/3.0; +http://yandex.com/bots)"
5.255.231.195 - - [01/Jan/2021:23:41:04 +0100] "GET / HTTP/1.1" 200 166 "-" "Mozilla/5.0 (compatible; YandexBot/3.0; +http://yandex.com/bots)"
193.31.26.49 - - [01/Jan/2021:23:51:43 +0100] "HEAD / HTTP/1.1" 200 0 "-" "Alert_Alligator_webmonitoring_service_1.4.6_(alertalligator.com)"
193.31.26.49 - - [02/Jan/2021:00:05:30 +0100] "HEAD / HTTP/1.1" 200 0 "-" "Alert_Alligator_webmonitoring_service_1.4.6_(alertalligator.com)"
212.237.53.115 - - [02/Jan/2021:00:19:55 +0100] "HEAD / HTTP/1.1" 200 0 "-" "Chrome: Mozilla/5.0 (X11; Linux x86_64) AppleWebKit/537.36 (KHTML, like Gecko) Chrome/77.0.3865.90 Safari/537.36."
212.237.23.143 - - [02/Jan/2021:00:36:41 +0100] "HEAD / HTTP/1.1" 200 0 "-" "Alert_Alligator_webmonitoring_service_1.4.6_(alertalligator.com)"
193.31.26.49 - - [02/Jan/2021:00:48:28 +0100] "HEAD / HTTP/1.1" 200 0 "-" "Alert_Alligator_webmonitoring_service_1.4.6_(alertalligator.com)"
212.237.51.151 - - [02/Jan/2021:01:00:58 +0100] "HEAD / HTTP/1.1" 200 0 "-" "Alert_Alligator_webmonitoring_service_1.4.6_(alertalligator.com)"
5.255.231.195 - - [02/Jan/2021:01:04:23 +0100] "GET /robots.txt HTTP/1.1" 404 - "-" "Mozilla/5.0 (compatible; YandexBot/3.0; +http://yandex.com/bots)"
5.255.231.195 - - [02/Jan/2021:01:04:27 +0100] "GET / HTTP/1.1" 200 169 "-" "Mozilla/5.0 (compatible; YandexBot/3.0; +http://yandex.com/bots)"
193.31.26.49 - - [02/Jan/2021:01:13:31 +0100] "HEAD / HTTP/1.1" 200 0 "-" "Alert_Alligator_webmonitoring_service_1.4.6_(alertalligator.com)"
193.31.26.49 - - [02/Jan/2021:01:27:16 +0100] "HEAD / HTTP/1.1" 200 0 "-" "Alert_Alligator_webmonitoring_service_1.4.6_(alertalligator.com)"
193.31.26.49 - - [02/Jan/2021:01:40:06 +0100] "HEAD / HTTP/1.1" 200 0 "-" "Alert_Alligator_webmonitoring_service_1.4.6_(alertalligator.com)"
212.237.53.115 - - [02/Jan/2021:01:55:11 +0100] "HEAD / HTTP/1.1" 200 0 "-" "Chrome: Mozilla/5.0 (X11; Linux x86_64) AppleWebKit/537.36 (KHTML, like Gecko) Chrome/77.0.3865.90 Safari/537.36."
62.210.188.216 - - [02/Jan/2021:02:07:51 +0100] "GET /robots.txt HTTP/1.1" 404 - "-" "Mozilla/5.0 (compatible; Barkrowler/0.9; +https://babbar.tech/crawler)"
62.210.188.216 - - [02/Jan/2021:02:08:04 +0100] "GET / HTTP/1.1" 304 - "-" "Mozilla/5.0 (compatible; Barkrowler/0.9; +https://babbar.tech/crawler)"
193.31.26.49 - - [02/Jan/2021:02:11:45 +0100] "HEAD / HTTP/1.1" 200 0 "-" "Alert_Alligator_webmonitoring_service_1.4.6_(alertalligator.com)"
193.31.26.49 - - [02/Jan/2021:02:24:24 +0100] "HEAD / HTTP/1.1" 200 0 "-" "Alert_Alligator_webmonitoring_service_1.4.6_(alertalligator.com)"
193.31.26.49 - - [02/Jan/2021:02:36:31 +0100] "HEAD / HTTP/1.1" 200 0 "-" "Alert_Alligator_webmonitoring_service_1.4.6_(alertalligator.com)"
193.31.26.49 - - [02/Jan/2021:02:48:04 +0100] "HEAD / HTTP/1.1" 200 0 "-" "Alert_Alligator_webmonitoring_service_1.4.6_(alertalligator.com)"
193.31.26.49 - - [02/Jan/2021:03:01:18 +0100] "HEAD / HTTP/1.1" 200 0 "-" "Alert_Alligator_webmonitoring_service_1.4.6_(alertalligator.com)"
193.31.26.49 - - [02/Jan/2021:03:12:21 +0100] "HEAD / HTTP/1.1" 200 0 "-" "Alert_Alligator_webmonitoring_service_1.4.6_(alertalligator.com)"
193.31.26.49 - - [02/Jan/2021:03:25:19 +0100] "HEAD / HTTP/1.1" 200 0 "-" "Alert_Alligator_webmonitoring_service_1.4.6_(alertalligator.com)"
193.31.26.49 - - [02/Jan/2021:03:34:27 +0100] "HEAD / HTTP/1.1" 200 0 "-" "Alert_Alligator_webmonitoring_service_1.4.6_(alertalligator.com)"
212.237.51.151 - - [02/Jan/2021:03:44:46 +0100] "HEAD / HTTP/1.1" 200 0 "-" "Alert_Alligator_webmonitoring_service_1.4.6_(alertalligator.com)"
193.31.26.49 - - [02/Jan/2021:03:55:32 +0100] "HEAD / HTTP/1.1" 200 0 "-" "Alert_Alligator_webmonitoring_service_1.4.6_(alertalligator.com)"
91.227.68.176 - - [02/Jan/2021:04:03:27 +0100] "HEAD / HTTP/1.1" 200 0 "-" "Mozilla/4.0 (compatible; MSIE 8.0; Windows NT 6.1; WOW64; Trident/4.0; MRSPUTNIK 2, 4, 0, 484; MRA 5.9 (build 4953); SLCC2; .NET CLR 2.0.50727; .NET CLR 3.5.30729; .NET CLR 3.0.30729; Media Center PC 6.0; .NET4.0C; MATM)"
193.31.26.49 - - [02/Jan/2021:04:08:34 +0100] "HEAD / HTTP/1.1" 200 0 "-" "Alert_Alligator_webmonitoring_service_1.4.6_(alertalligator.com)"
13.48.53.51 - - [02/Jan/2021:04:20:30 +0100] "GET /wp-login.php HTTP/1.1" 404 - "-" "Mozilla/5.0 (Macintosh; Intel Mac OS X 10_9_3) AppleWebKit/537.36 (KHTML, like Gecko) Chrome/35.0.1916.47 Safari/537.36"
193.31.26.49 - - [02/Jan/2021:04:20:45 +0100] "HEAD / HTTP/1.1" 200 0 "-" "Alert_Alligator_webmonitoring_service_1.4.6_(alertalligator.com)"
212.237.53.115 - - [02/Jan/2021:04:33:44 +0100] "HEAD / HTTP/1.1" 200 0 "-" "Chrome: Mozilla/5.0 (X11; Linux x86_64) AppleWebKit/537.36 (KHTML, like Gecko) Chrome/77.0.3865.90 Safari/537.36."
193.31.26.49 - - [02/Jan/2021:04:43:20 +0100] "HEAD / HTTP/1.1" 200 0 "-" "Alert_Alligator_webmonitoring_service_1.4.6_(alertalligator.com)"
193.31.26.49 - - [02/Jan/2021:04:55:41 +0100] "HEAD / HTTP/1.1" 200 0 "-" "Alert_Alligator_webmonitoring_service_1.4.6_(alertalligator.com)"
114.119.138.99 - - [02/Jan/2021:04:58:01 +0100] "GET /robots.txt HTTP/1.1" 404 - "-" "(compatible;PetalBot;+https://aspiegel.com/petalbot)"
193.31.26.49 - - [02/Jan/2021:05:06:37 +0100] "HEAD / HTTP/1.1" 200 0 "-" "Alert_Alligator_webmonitoring_service_1.4.6_(alertalligator.com)"
212.237.23.143 - - [02/Jan/2021:05:17:56 +0100] "HEAD / HTTP/1.1" 200 0 "-" "Alert_Alligator_webmonitoring_service_1.4.6_(alertalligator.com)"
193.31.26.49 - - [02/Jan/2021:05:27:16 +0100] "HEAD / HTTP/1.1" 200 0 "-" "Alert_Alligator_webmonitoring_service_1.4.6_(alertalligator.com)"
193.31.26.49 - - [02/Jan/2021:05:37:24 +0100] "HEAD / HTTP/1.1" 200 0 "-" "Alert_Alligator_webmonitoring_service_1.4.6_(alertalligator.com)"
193.31.26.49 - - [02/Jan/2021:05:48:41 +0100] "HEAD / HTTP/1.1" 200 0 "-" "Alert_Alligator_webmonitoring_service_1.4.6_(alertalligator.com)"
193.31.26.49 - - [02/Jan/2021:05:57:12 +0100] "HEAD / HTTP/1.1" 200 0 "-" "Alert_Alligator_webmonitoring_service_1.4.6_(alertalligator.com)"
193.31.26.49 - - [02/Jan/2021:06:09:45 +0100] "HEAD / HTTP/1.1" 200 0 "-" "Alert_Alligator_webmonitoring_service_1.4.6_(alertalligator.com)"
34.122.109.68 - - [02/Jan/2021:06:13:45 +0100] "GET /doc.php HTTP/1.1" 404 - "http://google.com" "Mozilla/5.0 (Windows; U; Windows NT 5.1; en-US) AppleWebKit/533.4 (KHTML, like Gecko) Chrome/5.0.375.99 Safari/533.4"
193.31.26.49 - - [02/Jan/2021:06:17:28 +0100] "HEAD / HTTP/1.1" 200 0 "-" "Alert_Alligator_webmonitoring_service_1.4.6_(alertalligator.com)"
212.237.51.151 - - [02/Jan/2021:06:26:25 +0100] "HEAD / HTTP/1.1" 200 0 "-" "Alert_Alligator_webmonitoring_service_1.4.6_(alertalligator.com)"
193.31.26.49 - - [02/Jan/2021:06:38:15 +0100] "HEAD / HTTP/1.1" 200 0 "-" "Alert_Alligator_webmonitoring_service_1.4.6_(alertalligator.com)"
193.31.26.49 - - [02/Jan/2021:06:48:08 +0100] "HEAD / HTTP/1.1" 200 0 "-" "Alert_Alligator_webmonitoring_service_1.4.6_(alertalligator.com)"
193.31.26.49 - - [02/Jan/2021:06:58:12 +0100] "HEAD / HTTP/1.1" 200 0 "-" "Alert_Alligator_webmonitoring_service_1.4.6_(alertalligator.com)"
212.237.53.115 - - [02/Jan/2021:07:08:56 +0100] "HEAD / HTTP/1.1" 200 0 "-" "Chrome: Mozilla/5.0 (X11; Linux x86_64) AppleWebKit/537.36 (KHTML, like Gecko) Chrome/77.0.3865.90 Safari/537.36."
193.31.26.49 - - [02/Jan/2021:07:22:10 +0100] "HEAD / HTTP/1.1" 200 0 "-" "Alert_Alligator_webmonitoring_service_1.4.6_(alertalligator.com)"
193.31.26.49 - - [02/Jan/2021:07:34:10 +0100] "HEAD / HTTP/1.1" 200 0 "-" "Alert_Alligator_webmonitoring_service_1.4.6_(alertalligator.com)"
193.31.26.49 - - [02/Jan/2021:07:46:03 +0100] "HEAD / HTTP/1.1" 200 0 "-" "Alert_Alligator_webmonitoring_service_1.4.6_(alertalligator.com)"
193.31.26.49 - - [02/Jan/2021:07:55:33 +0100] "HEAD / HTTP/1.1" 200 0 "-" "Alert_Alligator_webmonitoring_service_1.4.6_(alertalligator.com)"
193.31.26.49 - - [02/Jan/2021:08:08:26 +0100] "HEAD / HTTP/1.1" 200 0 "-" "Alert_Alligator_webmonitoring_service_1.4.6_(alertalligator.com)"
193.31.26.49 - - [02/Jan/2021:08:20:34 +0100] "HEAD / HTTP/1.1" 200 0 "-" "Alert_Alligator_webmonitoring_service_1.4.6_(alertalligator.com)"
193.31.26.49 - - [02/Jan/2021:08:30:49 +0100] "HEAD / HTTP/1.1" 200 0 "-" "Alert_Alligator_webmonitoring_service_1.4.6_(alertalligator.com)"
193.224.219.40 - - [02/Jan/2021:08:31:07 +0100] "GET / HTTP/1.1" 200 166 "-" "Mozilla/5.0 (X11; Linux x86_64) AppleWebKit/537.36 (KHTML, like Gecko) Chrome/83.0.4103.0 Safari/537.36"
193.31.26.49 - - [02/Jan/2021:08:43:14 +0100] "HEAD / HTTP/1.1" 200 0 "-" "Alert_Alligator_webmonitoring_service_1.4.6_(alertalligator.com)"
193.31.26.49 - - [02/Jan/2021:08:53:15 +0100] "HEAD / HTTP/1.1" 200 0 "-" "Alert_Alligator_webmonitoring_service_1.4.6_(alertalligator.com)"
193.31.26.49 - - [02/Jan/2021:09:01:38 +0100] "HEAD / HTTP/1.1" 200 0 "-" "Alert_Alligator_webmonitoring_service_1.4.6_(alertalligator.com)"
193.31.26.49 - - [02/Jan/2021:09:16:13 +0100] "HEAD / HTTP/1.1" 200 0 "-" "Alert_Alligator_webmonitoring_service_1.4.6_(alertalligator.com)"
193.31.26.49 - - [02/Jan/2021:09:24:13 +0100] "HEAD / HTTP/1.1" 200 0 "-" "Alert_Alligator_webmonitoring_service_1.4.6_(alertalligator.com)"
193.31.26.49 - - [02/Jan/2021:09:34:16 +0100] "HEAD / HTTP/1.1" 200 0 "-" "Alert_Alligator_webmonitoring_service_1.4.6_(alertalligator.com)"
193.31.26.49 - - [02/Jan/2021:09:44:28 +0100] "HEAD / HTTP/1.1" 200 0 "-" "Alert_Alligator_webmonitoring_service_1.4.6_(alertalligator.com)"
193.31.26.49 - - [02/Jan/2021:09:54:15 +0100] "HEAD / HTTP/1.1" 200 0 "-" "Alert_Alligator_webmonitoring_service_1.4.6_(alertalligator.com)"
64.246.161.190 - - [02/Jan/2021:09:54:40 +0100] "GET /robots.txt HTTP/1.0" 404 - "-" "Mozilla/5.0 (Macintosh; Intel Mac OS X 10.10; rv:59.0) Gecko/20100101 Firefox/59.0"
64.246.161.190 - - [02/Jan/2021:09:54:41 +0100] "GET / HTTP/1.1" 200 174 "-" "Mozilla/5.0 (Macintosh; Intel Mac OS X 10.10; rv:59.0) Gecko/20100101 Firefox/59.0"
193.31.26.49 - - [02/Jan/2021:10:04:02 +0100] "HEAD / HTTP/1.1" 200 0 "-" "Alert_Alligator_webmonitoring_service_1.4.6_(alertalligator.com)"
173.231.59.216 - - [02/Jan/2021:10:07:28 +0100] "GET /robots.txt HTTP/1.1" 404 - "-" "Mozilla/5.0 (compatible; Adsbot/3.1)"
173.231.59.216 - - [02/Jan/2021:10:07:34 +0100] "GET / HTTP/1.1" 200 166 "-" "Mozilla/5.0 (compatible; Adsbot/3.1)"
193.31.26.49 - - [02/Jan/2021:10:13:29 +0100] "HEAD / HTTP/1.1" 200 0 "-" "Alert_Alligator_webmonitoring_service_1.4.6_(alertalligator.com)"
193.31.26.49 - - [02/Jan/2021:10:26:45 +0100] "HEAD / HTTP/1.1" 200 0 "-" "Alert_Alligator_webmonitoring_service_1.4.6_(alertalligator.com)"
212.237.51.151 - - [02/Jan/2021:10:37:13 +0100] "HEAD / HTTP/1.1" 200 0 "-" "Alert_Alligator_webmonitoring_service_1.4.6_(alertalligator.com)"
193.31.26.49 - - [02/Jan/2021:10:48:02 +0100] "HEAD / HTTP/1.1" 200 0 "-" "Alert_Alligator_webmonitoring_service_1.4.6_(alertalligator.com)"
193.31.26.49 - - [02/Jan/2021:10:58:33 +0100] "HEAD / HTTP/1.1" 200 0 "-" "Alert_Alligator_webmonitoring_service_1.4.6_(alertalligator.com)"
193.31.26.49 - - [02/Jan/2021:11:10:37 +0100] "HEAD / HTTP/1.1" 200 0 "-" "Alert_Alligator_webmonitoring_service_1.4.6_(alertalligator.com)"
193.31.26.49 - - [02/Jan/2021:11:20:43 +0100] "HEAD / HTTP/1.1" 200 0 "-" "Alert_Alligator_webmonitoring_service_1.4.6_(alertalligator.com)"
193.31.26.49 - - [02/Jan/2021:11:31:18 +0100] "HEAD / HTTP/1.1" 200 0 "-" "Alert_Alligator_webmonitoring_service_1.4.6_(alertalligator.com)"
193.31.26.49 - - [02/Jan/2021:11:40:50 +0100] "HEAD / HTTP/1.1" 200 0 "-" "Alert_Alligator_webmonitoring_service_1.4.6_(alertalligator.com)"
193.31.26.49 - - [02/Jan/2021:11:51:46 +0100] "HEAD / HTTP/1.1" 200 0 "-" "Alert_Alligator_webmonitoring_service_1.4.6_(alertalligator.com)"
193.31.26.49 - - [02/Jan/2021:11:59:45 +0100] "HEAD / HTTP/1.1" 200 0 "-" "Alert_Alligator_webmonitoring_service_1.4.6_(alertalligator.com)"
193.31.26.49 - - [02/Jan/2021:12:10:02 +0100] "HEAD / HTTP/1.1" 200 0 "-" "Alert_Alligator_webmonitoring_service_1.4.6_(alertalligator.com)"
193.31.26.49 - - [02/Jan/2021:12:21:56 +0100] "HEAD / HTTP/1.1" 200 0 "-" "Alert_Alligator_webmonitoring_service_1.4.6_(alertalligator.com)"
193.31.26.49 - - [02/Jan/2021:12:30:12 +0100] "HEAD / HTTP/1.1" 200 0 "-" "Alert_Alligator_webmonitoring_service_1.4.6_(alertalligator.com)"
212.237.51.151 - - [02/Jan/2021:12:40:06 +0100] "HEAD / HTTP/1.1" 200 0 "-" "Alert_Alligator_webmonitoring_service_1.4.6_(alertalligator.com)"
193.31.26.49 - - [02/Jan/2021:12:51:28 +0100] "HEAD / HTTP/1.1" 200 0 "-" "Alert_Alligator_webmonitoring_service_1.4.6_(alertalligator.com)"
193.31.26.49 - - [02/Jan/2021:13:03:25 +0100] "HEAD / HTTP/1.1" 200 0 "-" "Alert_Alligator_webmonitoring_service_1.4.6_(alertalligator.com)"
193.31.26.49 - - [02/Jan/2021:13:13:10 +0100] "HEAD / HTTP/1.1" 200 0 "-" "Alert_Alligator_webmonitoring_service_1.4.6_(alertalligator.com)"
212.237.23.143 - - [02/Jan/2021:13:25:20 +0100] "HEAD / HTTP/1.1" 200 0 "-" "Alert_Alligator_webmonitoring_service_1.4.6_(alertalligator.com)"
212.237.23.143 - - [02/Jan/2021:13:39:41 +0100] "HEAD / HTTP/1.1" 200 0 "-" "Alert_Alligator_webmonitoring_service_1.4.6_(alertalligator.com)"
193.31.26.49 - - [02/Jan/2021:13:49:19 +0100] "HEAD / HTTP/1.1" 200 0 "-" "Alert_Alligator_webmonitoring_service_1.4.6_(alertalligator.com)"
193.31.26.49 - - [02/Jan/2021:14:02:02 +0100] "HEAD / HTTP/1.1" 200 0 "-" "Alert_Alligator_webmonitoring_service_1.4.6_(alertalligator.com)"
193.31.26.49 - - [02/Jan/2021:14:12:23 +0100] "HEAD / HTTP/1.1" 200 0 "-" "Alert_Alligator_webmonitoring_service_1.4.6_(alertalligator.com)"
193.31.26.49 - - [02/Jan/2021:14:23:13 +0100] "HEAD / HTTP/1.1" 200 0 "-" "Alert_Alligator_webmonitoring_service_1.4.6_(alertalligator.com)"
212.237.23.143 - - [02/Jan/2021:14:33:47 +0100] "HEAD / HTTP/1.1" 200 0 "-" "Alert_Alligator_webmonitoring_service_1.4.6_(alertalligator.com)"
193.31.26.49 - - [02/Jan/2021:14:44:20 +0100] "HEAD / HTTP/1.1" 200 0 "-" "Alert_Alligator_webmonitoring_service_1.4.6_(alertalligator.com)"
193.187.150.145 - - [02/Jan/2021:14:45:50 +0100] "GET / HTTP/1.1" 200 166 "-" "Mozilla/5.0 (Windows NT 10.0; Win64; x64) AppleWebKit/537.36 (KHTML, like Gecko) Chrome/85.0.4183.121 Safari/537.36"
193.31.26.49 - - [02/Jan/2021:14:54:49 +0100] "HEAD / HTTP/1.1" 200 0 "-" "Alert_Alligator_webmonitoring_service_1.4.6_(alertalligator.com)"
193.31.26.49 - - [02/Jan/2021:15:07:47 +0100] "HEAD / HTTP/1.1" 200 0 "-" "Alert_Alligator_webmonitoring_service_1.4.6_(alertalligator.com)"
193.31.26.49 - - [02/Jan/2021:15:16:15 +0100] "HEAD / HTTP/1.1" 200 0 "-" "Alert_Alligator_webmonitoring_service_1.4.6_(alertalligator.com)"
164.90.187.70 - - [02/Jan/2021:17:21:48 +0100] "GET /wp-login.php HTTP/1.1" 404 - "-" "Mozilla/5.0 (X11; Ubuntu; Linux x86_64; rv:62.0) Gecko/20100101 Firefox/62.0"
114.119.131.232 - - [02/Jan/2021:23:12:11 +0100] "GET /robots.txt HTTP/1.1" 404 - "-" "(compatible;PetalBot;+https://aspiegel.com/petalbot)"
3.129.9.53 - - [03/Jan/2021:00:13:07 +0100] "GET / HTTP/1.1" 200 166 "-" "Mozilla/5.0 (Macintosh; Intel Mac OS X 10_15_0) AppleWebKit/537.36 (KHTML, like Gecko) Chrome/78.0.3904.87 Safari/537.36"
34.251.238.53 - - [03/Jan/2021:01:34:55 +0100] "GET / HTTP/1.1" 200 166 "-" "Mozilla/5.0 (Macintosh; Intel Mac OS X 10.15; rv:81.0) Gecko/20100101 Firefox/81.0"
95.217.207.28 - - [03/Jan/2021:02:51:58 +0100] "GET / HTTP/1.1" 200 174 "-" "Mozilla/4.0 (compatible; MSIE 6.0; Windows NT 5.1; SV1)"
34.213.226.5 - - [03/Jan/2021:04:12:54 +0100] "HEAD / HTTP/1.1" 200 0 "-" "Go-http-client/1.1"
54.202.228.127 - - [03/Jan/2021:04:12:56 +0100] "GET / HTTP/1.1" 200 174 "-" "Mozilla/5.0 (Windows NT 6.1; WOW64) AppleWebKit/537.36 (KHTML, like Gecko) Chrome/56.0.2924.76 Safari/537.36"
54.189.110.15 - - [03/Jan/2021:04:12:57 +0100] "GET / HTTP/1.1" 200 174 "-" "Mozilla/5.0 (X11; Linux x86_64) AppleWebKit/537.36 (KHTML, like Gecko) HeadlessChrome/83.0.4103.97 Safari/537.36"
13.78.132.25 - - [03/Jan/2021:05:39:42 +0100] "GET /.env HTTP/1.1" 404 - "-" "Mozilla/5.0 (X11; Linux x86_64) AppleWebKit/537.36 (KHTML, like Gecko) Chrome/81.0.4044.129 Safari/537.36"
13.78.132.25 - - [03/Jan/2021:05:39:43 +0100] "POST / HTTP/1.1" 405 - "-" "Mozilla/5.0 (X11; Linux x86_64) AppleWebKit/537.36 (KHTML, like Gecko) Chrome/81.0.4044.129 Safari/537.36"
52.152.173.38 - - [03/Jan/2021:07:46:53 +0100] "GET /.env HTTP/1.1" 404 - "-" "Mozilla/5.0 (X11; Linux x86_64) AppleWebKit/537.36 (KHTML, like Gecko) Chrome/81.0.4044.129 Safari/537.36"
52.152.173.38 - - [03/Jan/2021:07:46:53 +0100] "GET /.env HTTP/1.1" 404 - "-" "Mozilla/5.0 (X11; Linux x86_64) AppleWebKit/537.36 (KHTML, like Gecko) Chrome/81.0.4044.129 Safari/537.36"
52.152.173.38 - - [03/Jan/2021:07:46:53 +0100] "POST / HTTP/1.1" 405 - "-" "Mozilla/5.0 (X11; Linux x86_64) AppleWebKit/537.36 (KHTML, like Gecko) Chrome/81.0.4044.129 Safari/537.36"
52.152.173.38 - - [03/Jan/2021:07:46:54 +0100] "POST / HTTP/1.1" 405 - "-" "Mozilla/5.0 (X11; Linux x86_64) AppleWebKit/537.36 (KHTML, like Gecko) Chrome/81.0.4044.129 Safari/537.36"
3.139.95.222 - - [03/Jan/2021:08:44:53 +0100] "GET / HTTP/1.1" 200 166 "-" "Mozilla/5.0 (Macintosh; Intel Mac OS X 10_14_5) AppleWebKit/537.36 (KHTML, like Gecko) Chrome/75.0.3770.142 Safari/537.36"
167.114.175.39 - - [03/Jan/2021:10:01:04 +0100] "GET / HTTP/1.1" 200 174 "https://www.google.com" "Mozilla/5.0 (X11; Ubuntu; Linux x86_64; rv:72.0) Gecko/20100101 Firefox/72.0"
42.236.10.70 - - [03/Jan/2021:11:00:29 +0100] "GET / HTTP/1.1" 200 166 "http://micsodaido.hu/" "Mozilla/5.0 (Windows NT 6.1; WOW64) AppleWebKit/537.36 (KHTML, like Gecko) Chrome/50.4.2661.102 Safari/537.36; 360Spider"
42.236.10.81 - - [03/Jan/2021:11:14:24 +0100] "GET / HTTP/1.1" 200 166 "http://www.micsodaido.hu/" "Mozilla/5.0 (Windows NT 6.1; WOW64) AppleWebKit/537.36 (KHTML, like Gecko) Chrome/50.4.2661.102 Safari/537.36; 360Spider"
34.213.226.5 - - [03/Jan/2021:12:36:12 +0100] "HEAD / HTTP/1.1" 200 0 "-" "Go-http-client/1.1"
54.191.52.173 - - [03/Jan/2021:12:36:13 +0100] "GET / HTTP/1.1" 200 174 "-" "Mozilla/5.0 (X11; Linux x86_64) AppleWebKit/537.36 (KHTML, like Gecko) HeadlessChrome/83.0.4103.97 Safari/537.36"
209.17.96.74 - - [03/Jan/2021:12:46:06 +0100] "GET / HTTP/1.1" 200 166 "-" "Mozilla/5.0 (compatible; Nimbostratus-Bot/v1.3.2; http://cloudsystemnetworks.com)"
179.61.160.117 - - [03/Jan/2021:12:57:22 +0100] "GET / HTTP/1.1" 200 166 "-" "Mozilla/5.0 (Macintosh; Intel Mac OS X 10_12_5) AppleWebKit/537.36 (KHTML, like Gecko) Chrome/58.0.3029.110 Safari/537.36"
185.253.218.243 - - [03/Jan/2021:16:38:50 +0100] "GET / HTTP/1.1" 200 166 "-" "Mozilla/5.0 (Windows NT 10.0; Win64; x64) AppleWebKit/537.36 (KHTML, like Gecko) Chrome/81.0.4044.138 Safari/537.36"
114.119.139.167 - - [03/Jan/2021:17:31:56 +0100] "GET /robots.txt HTTP/1.1" 404 - "-" "(compatible;PetalBot;+https://aspiegel.com/petalbot)"
213.180.203.115 - - [03/Jan/2021:22:47:50 +0100] "GET /robots.txt HTTP/1.1" 404 - "-" "Mozilla/5.0 (compatible; YandexBot/3.0; +http://yandex.com/bots)"
213.180.203.115 - - [03/Jan/2021:22:47:54 +0100] "GET /favicon.ico HTTP/1.1" 404 - "-" "Mozilla/5.0 (compatible; YandexFavicons/1.0; +http://yandex.com/bots)"
216.244.66.195 - - [04/Jan/2021:02:42:37 +0100] "GET /robots.txt HTTP/1.1" 404 - "-" "Mozilla/5.0 (compatible; DotBot/1.1; http://www.opensiteexplorer.org/dotbot, help@moz.com)"
216.244.66.195 - - [04/Jan/2021:02:46:41 +0100] "GET / HTTP/1.1" 200 166 "-" "Mozilla/5.0 (compatible; DotBot/1.1; http://www.opensiteexplorer.org/dotbot, help@moz.com)"
200.88.117.22 - - [04/Jan/2021:05:46:24 +0100] "GET / HTTP/1.1" 200 174 "-" "Mozilla/5.0 (Windows NT 10.0; Win64; x64) AppleWebKit/537.36 (KHTML, like Gecko) Chrome/85.0.4183.121 Safari/537.36"
8.210.8.155 - - [04/Jan/2021:07:10:02 +0100] "GET / HTTP/1.1" 200 174 "-" "Mozilla/5.0 (Windows NT 6.1; Win64; x64) AppleWebKit/537.36 (KHTML, like Gecko) Chrome/79.0.3945.88 Safari/537.36"
116.179.32.231 - - [04/Jan/2021:08:58:17 +0100] "GET / HTTP/1.1" 200 174 "-" "Mozilla/5.0 (compatible; Baiduspider/2.0; +http://www.baidu.com/search/spider.html)"
220.181.51.70 - - [04/Jan/2021:09:08:22 +0100] "GET / HTTP/1.1" 200 174 "-" "Mozilla/5.0 (Windows NT 10.0; WOW64) AppleWebKit/537.36 (KHTML, like Gecko) Chrome/45.0.2454.93 Safari/537.36"
52.14.107.203 - - [04/Jan/2021:10:13:14 +0100] "GET / HTTP/1.1" 200 166 "-" "Mozilla/5.0 (Macintosh; Intel Mac OS X 10_15_0) AppleWebKit/537.36 (KHTML, like Gecko) Chrome/78.0.3904.87 Safari/537.36"
13.53.208.18 - - [04/Jan/2021:10:24:31 +0100] "GET /wp-login.php HTTP/1.1" 404 - "-" "Mozilla/5.0 (Windows NT 6.2; Win64; x64) AppleWebKit/537.36 (KHTML, like Gecko) Chrome/32.0.1667.0 Safari/537.36"
114.119.146.15 - - [04/Jan/2021:12:14:19 +0100] "GET /robots.txt HTTP/1.1" 404 - "-" "(compatible;PetalBot;+https://aspiegel.com/petalbot)"
52.30.26.105 - - [04/Jan/2021:16:56:02 +0100] "GET / HTTP/1.1" 200 166 "-" "Mozilla/5.0 (Macintosh; Intel Mac OS X 10.15; rv:81.0) Gecko/20100101 Firefox/81.0"
5.165.193.223 - - [04/Jan/2021:16:57:19 +0100] "GET / HTTP/1.1" 200 166 "-" "Mozilla/5.0 (Windows NT 6.1; Win64; x64) AppleWebKit/537.36 (KHTML, like Gecko) Chrome/85.0.4183.121 Safari/537.36 OPR/71.0.3770.284"
3.20.206.38 - - [04/Jan/2021:17:34:29 +0100] "GET / HTTP/1.1" 200 166 "-" "Mozilla/5.0 (Macintosh; Intel Mac OS X 10_15_0) AppleWebKit/537.36 (KHTML, like Gecko) Chrome/78.0.3904.87 Safari/537.36"
150.136.136.236 - - [04/Jan/2021:20:21:44 +0100] "GET / HTTP/1.1" 200 174 "-" "Mozilla/5.0 (Windows NT 10.0; Win64; x64) AppleWebKit/537.36 (KHTML, like Gecko) Chrome/88.0.4240.193 Safari/537.36"
150.136.136.236 - - [04/Jan/2021:20:21:44 +0100] "GET / HTTP/1.1" 200 174 "-" "Mozilla/5.0 (Windows NT 10.0; Win64; x64) AppleWebKit/537.36 (KHTML, like Gecko) Chrome/88.0.4240.193 Safari/537.36"
150.136.136.236 - - [04/Jan/2021:20:21:44 +0100] "GET /wp-includes/wlwmanifest.xml HTTP/1.1" 404 - "-" "Mozilla/5.0 (Windows NT 10.0; Win64; x64) AppleWebKit/537.36 (KHTML, like Gecko) Chrome/88.0.4240.193 Safari/537.36"
150.136.136.236 - - [04/Jan/2021:20:21:45 +0100] "GET /xmlrpc.php?rsd HTTP/1.1" 404 - "-" "Mozilla/5.0 (Windows NT 10.0; Win64; x64) AppleWebKit/537.36 (KHTML, like Gecko) Chrome/88.0.4240.193 Safari/537.36"
150.136.136.236 - - [04/Jan/2021:20:21:45 +0100] "GET / HTTP/1.1" 200 174 "-" "Mozilla/5.0 (Windows NT 10.0; Win64; x64) AppleWebKit/537.36 (KHTML, like Gecko) Chrome/88.0.4240.193 Safari/537.36"
150.136.136.236 - - [04/Jan/2021:20:21:45 +0100] "GET /blog/wp-includes/wlwmanifest.xml HTTP/1.1" 404 - "-" "Mozilla/5.0 (Windows NT 10.0; Win64; x64) AppleWebKit/537.36 (KHTML, like Gecko) Chrome/88.0.4240.193 Safari/537.36"
150.136.136.236 - - [04/Jan/2021:20:21:45 +0100] "GET /web/wp-includes/wlwmanifest.xml HTTP/1.1" 404 - "-" "Mozilla/5.0 (Windows NT 10.0; Win64; x64) AppleWebKit/537.36 (KHTML, like Gecko) Chrome/88.0.4240.193 Safari/537.36"
150.136.136.236 - - [04/Jan/2021:20:21:45 +0100] "GET /wordpress/wp-includes/wlwmanifest.xml HTTP/1.1" 404 - "-" "Mozilla/5.0 (Windows NT 10.0; Win64; x64) AppleWebKit/537.36 (KHTML, like Gecko) Chrome/88.0.4240.193 Safari/537.36"
150.136.136.236 - - [04/Jan/2021:20:21:45 +0100] "GET /website/wp-includes/wlwmanifest.xml HTTP/1.1" 404 - "-" "Mozilla/5.0 (Windows NT 10.0; Win64; x64) AppleWebKit/537.36 (KHTML, like Gecko) Chrome/88.0.4240.193 Safari/537.36"
150.136.136.236 - - [04/Jan/2021:20:21:46 +0100] "GET /wp/wp-includes/wlwmanifest.xml HTTP/1.1" 404 - "-" "Mozilla/5.0 (Windows NT 10.0; Win64; x64) AppleWebKit/537.36 (KHTML, like Gecko) Chrome/88.0.4240.193 Safari/537.36"
150.136.136.236 - - [04/Jan/2021:20:21:46 +0100] "GET /news/wp-includes/wlwmanifest.xml HTTP/1.1" 404 - "-" "Mozilla/5.0 (Windows NT 10.0; Win64; x64) AppleWebKit/537.36 (KHTML, like Gecko) Chrome/88.0.4240.193 Safari/537.36"
150.136.136.236 - - [04/Jan/2021:20:21:46 +0100] "GET /2020/wp-includes/wlwmanifest.xml HTTP/1.1" 404 - "-" "Mozilla/5.0 (Windows NT 10.0; Win64; x64) AppleWebKit/537.36 (KHTML, like Gecko) Chrome/88.0.4240.193 Safari/537.36"
150.136.136.236 - - [04/Jan/2021:20:21:46 +0100] "GET /2019/wp-includes/wlwmanifest.xml HTTP/1.1" 404 - "-" "Mozilla/5.0 (Windows NT 10.0; Win64; x64) AppleWebKit/537.36 (KHTML, like Gecko) Chrome/88.0.4240.193 Safari/537.36"
