51.195.47.79 - - [10/Jan/2021:06:40:38 +0100] "GET /wp-login.php HTTP/1.1" 404 - "-" "Mozilla/5.0 (X11; Ubuntu; Linux x86_64; rv:62.0) Gecko/20100101 Firefox/62.0"
212.237.53.115 - - [10/Jan/2021:06:50:56 +0100] "HEAD / HTTP/1.1" 200 0 "-" "Alert_Alligator_webmonitoring_service_1.4.7_(alertalligator.com)"
212.237.53.115 - - [10/Jan/2021:07:41:26 +0100] "HEAD / HTTP/1.1" 200 0 "-" "Alert_Alligator_webmonitoring_service_1.4.7_(alertalligator.com)"
5.180.107.194 - - [10/Jan/2021:08:07:02 +0100] "GET /.env HTTP/1.1" 404 - "-" "Mozilla/5.0 (X11; Linux x86_64) AppleWebKit/537.36 (KHTML, like Gecko) Chrome/81.0.4044.129 Safari/537.36"
5.180.107.194 - - [10/Jan/2021:08:07:03 +0100] "POST /.env HTTP/1.1" 404 - "-" "Mozilla/5.0 (X11; Linux x86_64) AppleWebKit/537.36 (KHTML, like Gecko) Chrome/81.0.4044.129 Safari/537.36"
201.28.87.42 - - [10/Jan/2021:08:14:33 +0100] "GET / HTTP/1.1" 200 174 "-" "Mozilla/4.0 (compatible; MSIE 6.0; Windows NT 5.1; SV1)"
212.237.23.143 - - [10/Jan/2021:08:36:57 +0100] "HEAD / HTTP/1.1" 200 0 "-" "Alert_Alligator_webmonitoring_service_1.4.7_(alertalligator.com)"
18.223.28.48 - - [10/Jan/2021:08:55:48 +0100] "GET / HTTP/1.1" 200 166 "-" "Mozilla/5.0 (Macintosh; Intel Mac OS X 10_14_5) AppleWebKit/537.36 (KHTML, like Gecko) Chrome/75.0.3770.142 Safari/537.36"
212.237.51.151 - - [10/Jan/2021:09:21:16 +0100] "HEAD / HTTP/1.1" 200 0 "-" "Alert_Alligator_webmonitoring_service_1.4.7_(alertalligator.com)"
49.12.13.109 - - [10/Jan/2021:10:01:03 +0100] "HEAD / HTTP/1.1" 200 0 "-" "Alert_Alligator_webmonitoring_service_1.4.8_(alertalligator.com)"
49.12.13.109 - - [10/Jan/2021:10:37:57 +0100] "HEAD / HTTP/1.1" 200 0 "-" "Alert_Alligator_webmonitoring_service_1.4.8_(alertalligator.com)"
212.237.23.143 - - [10/Jan/2021:11:34:57 +0100] "HEAD / HTTP/1.1" 200 0 "-" "Alert_Alligator_webmonitoring_service_1.4.7_(alertalligator.com)"
209.17.96.146 - - [10/Jan/2021:12:12:49 +0100] "GET / HTTP/1.1" 200 166 "-" "Mozilla/5.0 (compatible; Nimbostratus-Bot/v1.3.2; http://cloudsystemnetworks.com)"
82.193.104.168 - - [10/Jan/2021:12:14:20 +0100] "HEAD / HTTP/1.1" 200 0 "-" "Mozilla/5.0 (compatible; Domains Project/1.3.2; +https://domainsproject.org)"
212.237.53.115 - - [10/Jan/2021:12:23:15 +0100] "HEAD / HTTP/1.1" 200 0 "-" "Alert_Alligator_webmonitoring_service_1.4.7_(alertalligator.com)"
42.236.10.110 - - [10/Jan/2021:12:49:25 +0100] "GET / HTTP/1.1" 200 166 "http://www.micsodaido.hu/" "Mozilla/5.0 (Windows NT 6.1; WOW64) AppleWebKit/537.36 (KHTML, like Gecko) Chrome/50.4.2661.102 Safari/537.36; 360Spider"
42.236.10.109 - - [10/Jan/2021:12:52:52 +0100] "GET / HTTP/1.1" 200 166 "http://micsodaido.hu/" "Mozilla/5.0 (Windows NT 6.1; WOW64) AppleWebKit/537.36 (KHTML, like Gecko) Chrome/50.4.2661.102 Safari/537.36; 360Spider"
49.12.13.109 - - [10/Jan/2021:13:03:10 +0100] "HEAD / HTTP/1.1" 200 0 "-" "Alert_Alligator_webmonitoring_service_1.4.8_(alertalligator.com)"
212.237.53.115 - - [10/Jan/2021:13:57:50 +0100] "HEAD / HTTP/1.1" 200 0 "-" "Alert_Alligator_webmonitoring_service_1.4.7_(alertalligator.com)"
49.12.13.109 - - [10/Jan/2021:14:34:05 +0100] "HEAD / HTTP/1.1" 200 0 "-" "Alert_Alligator_webmonitoring_service_1.4.8_(alertalligator.com)"
212.237.23.143 - - [10/Jan/2021:15:25:57 +0100] "HEAD / HTTP/1.1" 200 0 "-" "Alert_Alligator_webmonitoring_service_1.4.7_(alertalligator.com)"
49.12.13.109 - - [10/Jan/2021:16:00:36 +0100] "HEAD / HTTP/1.1" 200 0 "-" "Alert_Alligator_webmonitoring_service_1.4.8_(alertalligator.com)"
212.237.51.151 - - [10/Jan/2021:16:46:28 +0100] "HEAD / HTTP/1.1" 200 0 "-" "Alert_Alligator_webmonitoring_service_1.4.7_(alertalligator.com)"
49.12.13.109 - - [10/Jan/2021:17:22:57 +0100] "HEAD / HTTP/1.1" 200 0 "-" "Alert_Alligator_webmonitoring_service_1.4.8_(alertalligator.com)"
54.187.150.144 - - [10/Jan/2021:18:09:03 +0100] "HEAD / HTTP/1.1" 200 0 "-" "Go-http-client/1.1"
52.38.22.56 - - [10/Jan/2021:18:09:05 +0100] "GET / HTTP/1.1" 200 174 "-" "Mozilla/5.0 (Windows NT 6.1; WOW64) AppleWebKit/537.36 (KHTML, like Gecko) Chrome/56.0.2924.76 Safari/537.36"
18.237.127.167 - - [10/Jan/2021:18:09:07 +0100] "GET / HTTP/1.1" 200 174 "-" "Mozilla/5.0 (X11; Linux x86_64) AppleWebKit/537.36 (KHTML, like Gecko) HeadlessChrome/83.0.4103.97 Safari/537.36"
212.237.51.151 - - [10/Jan/2021:18:17:09 +0100] "HEAD / HTTP/1.1" 200 0 "-" "Alert_Alligator_webmonitoring_service_1.4.7_(alertalligator.com)"
212.237.53.115 - - [10/Jan/2021:19:19:05 +0100] "HEAD / HTTP/1.1" 200 0 "-" "Alert_Alligator_webmonitoring_service_1.4.7_(alertalligator.com)"
212.237.23.143 - - [10/Jan/2021:20:13:48 +0100] "HEAD / HTTP/1.1" 200 0 "-" "Alert_Alligator_webmonitoring_service_1.4.7_(alertalligator.com)"
114.119.142.179 - - [10/Jan/2021:20:29:37 +0100] "GET /robots.txt HTTP/1.1" 404 - "-" "(compatible;PetalBot;+https://aspiegel.com/petalbot)"
212.237.51.151 - - [10/Jan/2021:21:02:28 +0100] "HEAD / HTTP/1.1" 200 0 "-" "Alert_Alligator_webmonitoring_service_1.4.7_(alertalligator.com)"
49.12.13.109 - - [10/Jan/2021:21:40:44 +0100] "HEAD / HTTP/1.1" 200 0 "-" "Alert_Alligator_webmonitoring_service_1.4.8_(alertalligator.com)"
212.237.53.115 - - [10/Jan/2021:22:41:04 +0100] "HEAD / HTTP/1.1" 200 0 "-" "Alert_Alligator_webmonitoring_service_1.4.7_(alertalligator.com)"
212.237.53.115 - - [10/Jan/2021:23:31:24 +0100] "HEAD / HTTP/1.1" 200 0 "-" "Alert_Alligator_webmonitoring_service_1.4.7_(alertalligator.com)"
212.237.51.151 - - [11/Jan/2021:00:16:53 +0100] "HEAD / HTTP/1.1" 200 0 "-" "Alert_Alligator_webmonitoring_service_1.4.7_(alertalligator.com)"
51.83.171.25 - - [11/Jan/2021:00:36:18 +0100] "GET / HTTP/1.1" 200 174 "-" "-"
51.83.171.25 - - [11/Jan/2021:00:36:18 +0100] "GET /adminer.php HTTP/1.1" 404 - "-" "-"
212.237.51.151 - - [11/Jan/2021:01:02:13 +0100] "HEAD / HTTP/1.1" 200 0 "-" "Alert_Alligator_webmonitoring_service_1.4.7_(alertalligator.com)"
212.237.51.151 - - [11/Jan/2021:01:46:39 +0100] "HEAD / HTTP/1.1" 200 0 "-" "Alert_Alligator_webmonitoring_service_1.4.7_(alertalligator.com)"
49.12.13.109 - - [11/Jan/2021:02:28:59 +0100] "HEAD / HTTP/1.1" 200 0 "-" "Alert_Alligator_webmonitoring_service_1.4.8_(alertalligator.com)"
209.17.97.18 - - [11/Jan/2021:03:13:03 +0100] "GET / HTTP/1.1" 200 166 "-" "Mozilla/5.0 (compatible; Nimbostratus-Bot/v1.3.2; http://cloudsystemnetworks.com)"
212.237.51.151 - - [11/Jan/2021:03:16:40 +0100] "HEAD / HTTP/1.1" 200 0 "-" "Alert_Alligator_webmonitoring_service_1.4.7_(alertalligator.com)"
212.237.51.151 - - [11/Jan/2021:04:02:03 +0100] "HEAD / HTTP/1.1" 200 0 "-" "Alert_Alligator_webmonitoring_service_1.4.7_(alertalligator.com)"
49.12.13.109 - - [11/Jan/2021:04:44:08 +0100] "HEAD / HTTP/1.1" 200 0 "-" "Alert_Alligator_webmonitoring_service_1.4.8_(alertalligator.com)"
212.237.53.115 - - [11/Jan/2021:05:33:29 +0100] "HEAD / HTTP/1.1" 200 0 "-" "Alert_Alligator_webmonitoring_service_1.4.7_(alertalligator.com)"
49.12.13.109 - - [11/Jan/2021:06:14:02 +0100] "HEAD / HTTP/1.1" 200 0 "-" "Alert_Alligator_webmonitoring_service_1.4.8_(alertalligator.com)"
158.69.241.223 - - [11/Jan/2021:06:35:31 +0100] "GET / HTTP/1.1" 200 174 "-" "Mozilla/5.0 (Windows NT 10.0) AppleWebKit/537.36 (KHTML, like Gecko) Chrome/85.0.4183.83 Safari/537.36"
158.69.241.223 - - [11/Jan/2021:06:35:36 +0100] "GET / HTTP/1.1" 200 174 "-" "Mozilla/5.0 (Windows NT 10.0) AppleWebKit/537.36 (KHTML, like Gecko) Chrome/85.0.4183.83 Safari/537.36"
49.12.13.109 - - [11/Jan/2021:06:55:28 +0100] "HEAD / HTTP/1.1" 200 0 "-" "Alert_Alligator_webmonitoring_service_1.4.8_(alertalligator.com)"
49.12.13.109 - - [11/Jan/2021:07:33:09 +0100] "HEAD / HTTP/1.1" 200 0 "-" "Alert_Alligator_webmonitoring_service_1.4.8_(alertalligator.com)"
212.237.23.143 - - [11/Jan/2021:08:24:48 +0100] "HEAD / HTTP/1.1" 200 0 "-" "Alert_Alligator_webmonitoring_service_1.4.7_(alertalligator.com)"
49.12.13.109 - - [11/Jan/2021:09:05:35 +0100] "HEAD / HTTP/1.1" 200 0 "-" "Alert_Alligator_webmonitoring_service_1.4.8_(alertalligator.com)"
49.12.13.109 - - [11/Jan/2021:09:45:46 +0100] "HEAD / HTTP/1.1" 200 0 "-" "Alert_Alligator_webmonitoring_service_1.4.8_(alertalligator.com)"
157.55.39.11 - - [11/Jan/2021:10:01:55 +0100] "GET /robots.txt HTTP/1.1" 404 - "-" "Mozilla/5.0 (compatible; bingbot/2.0; +http://www.bing.com/bingbot.htm)"
157.55.39.97 - - [11/Jan/2021:10:02:04 +0100] "GET / HTTP/1.1" 304 - "-" "Mozilla/5.0 (compatible; bingbot/2.0; +http://www.bing.com/bingbot.htm)"
18.221.27.199 - - [11/Jan/2021:10:03:54 +0100] "GET / HTTP/1.1" 200 166 "-" "Mozilla/5.0 (Macintosh; Intel Mac OS X 10_15_0) AppleWebKit/537.36 (KHTML, like Gecko) Chrome/78.0.3904.87 Safari/537.36"
49.12.13.109 - - [11/Jan/2021:10:27:49 +0100] "HEAD / HTTP/1.1" 200 0 "-" "Alert_Alligator_webmonitoring_service_1.4.8_(alertalligator.com)"
49.12.13.109 - - [11/Jan/2021:11:06:17 +0100] "HEAD / HTTP/1.1" 200 0 "-" "Alert_Alligator_webmonitoring_service_1.4.8_(alertalligator.com)"
49.12.13.109 - - [11/Jan/2021:11:44:42 +0100] "HEAD / HTTP/1.1" 200 0 "-" "Alert_Alligator_webmonitoring_service_1.4.8_(alertalligator.com)"
103.18.108.43 - - [11/Jan/2021:12:19:36 +0100] "GET /wp-login.php HTTP/1.1" 404 - "-" "Mozilla/5.0 (X11; Ubuntu; Linux x86_64; rv:62.0) Gecko/20100101 Firefox/62.0"
212.237.23.143 - - [11/Jan/2021:12:40:22 +0100] "HEAD / HTTP/1.1" 200 0 "-" "Alert_Alligator_webmonitoring_service_1.4.7_(alertalligator.com)"
212.237.53.115 - - [11/Jan/2021:13:33:44 +0100] "HEAD / HTTP/1.1" 200 0 "-" "Alert_Alligator_webmonitoring_service_1.4.7_(alertalligator.com)"
212.237.53.115 - - [11/Jan/2021:14:23:36 +0100] "HEAD / HTTP/1.1" 200 0 "-" "Alert_Alligator_webmonitoring_service_1.4.7_(alertalligator.com)"
49.12.13.109 - - [11/Jan/2021:14:59:29 +0100] "HEAD / HTTP/1.1" 200 0 "-" "Alert_Alligator_webmonitoring_service_1.4.8_(alertalligator.com)"
212.237.51.151 - - [11/Jan/2021:15:43:40 +0100] "HEAD / HTTP/1.1" 200 0 "-" "Alert_Alligator_webmonitoring_service_1.4.7_(alertalligator.com)"
114.119.135.130 - - [11/Jan/2021:16:02:35 +0100] "GET /robots.txt HTTP/1.1" 404 - "-" "(compatible;PetalBot;+https://aspiegel.com/petalbot)"
62.210.188.216 - - [11/Jan/2021:16:11:44 +0100] "GET /robots.txt HTTP/1.1" 404 - "-" "Mozilla/5.0 (compatible; Barkrowler/0.9; +https://babbar.tech/crawler)"
62.210.188.216 - - [11/Jan/2021:16:12:01 +0100] "GET / HTTP/1.1" 304 - "-" "Mozilla/5.0 (compatible; Barkrowler/0.9; +https://babbar.tech/crawler)"
212.237.51.151 - - [11/Jan/2021:16:32:25 +0100] "HEAD / HTTP/1.1" 200 0 "-" "Alert_Alligator_webmonitoring_service_1.4.7_(alertalligator.com)"
54.187.150.144 - - [11/Jan/2021:17:19:08 +0100] "HEAD / HTTP/1.1" 200 0 "-" "Go-http-client/1.1"
18.237.127.167 - - [11/Jan/2021:17:19:11 +0100] "GET / HTTP/1.1" 200 174 "-" "Mozilla/5.0 (X11; Linux x86_64) AppleWebKit/537.36 (KHTML, like Gecko) HeadlessChrome/83.0.4103.97 Safari/537.36"
212.237.53.115 - - [11/Jan/2021:17:23:09 +0100] "HEAD / HTTP/1.1" 200 0 "-" "Alert_Alligator_webmonitoring_service_1.4.7_(alertalligator.com)"
212.237.51.151 - - [11/Jan/2021:18:09:34 +0100] "HEAD / HTTP/1.1" 200 0 "-" "Alert_Alligator_webmonitoring_service_1.4.7_(alertalligator.com)"
49.12.13.109 - - [11/Jan/2021:18:46:44 +0100] "HEAD / HTTP/1.1" 200 0 "-" "Alert_Alligator_webmonitoring_service_1.4.8_(alertalligator.com)"
212.237.53.115 - - [11/Jan/2021:19:37:23 +0100] "HEAD / HTTP/1.1" 200 0 "-" "Alert_Alligator_webmonitoring_service_1.4.7_(alertalligator.com)"
212.237.53.115 - - [11/Jan/2021:20:32:04 +0100] "HEAD / HTTP/1.1" 200 0 "-" "Alert_Alligator_webmonitoring_service_1.4.7_(alertalligator.com)"
49.12.13.109 - - [11/Jan/2021:21:10:20 +0100] "HEAD / HTTP/1.1" 200 0 "-" "Alert_Alligator_webmonitoring_service_1.4.8_(alertalligator.com)"
49.12.13.109 - - [11/Jan/2021:21:47:39 +0100] "HEAD / HTTP/1.1" 200 0 "-" "Alert_Alligator_webmonitoring_service_1.4.8_(alertalligator.com)"
49.12.13.109 - - [11/Jan/2021:22:27:18 +0100] "HEAD / HTTP/1.1" 200 0 "-" "Alert_Alligator_webmonitoring_service_1.4.8_(alertalligator.com)"
192.36.52.37 - - [11/Jan/2021:22:37:02 +0100] "GET /robots.txt HTTP/1.1" 404 - "-" "Go-http-client/1.1"
192.71.42.108 - - [11/Jan/2021:22:37:02 +0100] "GET /humans.txt HTTP/1.1" 404 - "-" "Go-http-client/1.1"
192.71.30.89 - - [11/Jan/2021:22:37:02 +0100] "GET /ads.txt HTTP/1.1" 404 - "-" "Go-http-client/1.1"
192.71.225.127 - - [11/Jan/2021:22:37:03 +0100] "GET / HTTP/1.1" 200 166 "-" "Go-http-client/1.1"
49.12.13.109 - - [11/Jan/2021:23:04:36 +0100] "HEAD / HTTP/1.1" 200 0 "-" "Alert_Alligator_webmonitoring_service_1.4.8_(alertalligator.com)"
212.237.51.151 - - [11/Jan/2021:23:44:34 +0100] "HEAD / HTTP/1.1" 200 0 "-" "Alert_Alligator_webmonitoring_service_1.4.7_(alertalligator.com)"
62.210.188.222 - - [11/Jan/2021:23:50:36 +0100] "GET /robots.txt HTTP/1.1" 404 - "-" "Mozilla/5.0 (compatible; Barkrowler/0.9; +https://babbar.tech/crawler)"
62.210.188.222 - - [11/Jan/2021:23:50:42 +0100] "GET /robots.txt HTTP/1.1" 404 - "-" "Mozilla/5.0 (compatible; Barkrowler/0.9; +https://babbar.tech/crawler)"
62.210.188.222 - - [11/Jan/2021:23:50:48 +0100] "GET / HTTP/1.1" 304 - "-" "Mozilla/5.0 (compatible; Barkrowler/0.9; +https://babbar.tech/crawler)"
62.210.188.222 - - [11/Jan/2021:23:50:54 +0100] "GET / HTTP/1.1" 304 - "-" "Mozilla/5.0 (compatible; Barkrowler/0.9; +https://babbar.tech/crawler)"
54.36.115.93 - - [12/Jan/2021:00:15:00 +0100] "GET / HTTP/1.1" 200 169 "-" "Mozilla/5.0 (Windows NT 10.0; Win64; x64; rv:79.0) Gecko/20100101 Firefox/79.0"
54.36.115.93 - - [12/Jan/2021:00:15:00 +0100] "GET /ads.txt HTTP/1.1" 404 - "-" "Mozilla/5.0 (Windows NT 10.0; Win64; x64; rv:79.0) Gecko/20100101 Firefox/79.0"
54.187.150.144 - - [12/Jan/2021:00:20:05 +0100] "HEAD / HTTP/1.1" 200 0 "-" "Go-http-client/1.1"
52.38.22.56 - - [12/Jan/2021:00:20:07 +0100] "GET / HTTP/1.1" 200 174 "-" "Mozilla/5.0 (Windows NT 6.1; WOW64) AppleWebKit/537.36 (KHTML, like Gecko) Chrome/56.0.2924.76 Safari/537.36"
54.202.186.189 - - [12/Jan/2021:00:20:09 +0100] "GET / HTTP/1.1" 200 174 "-" "Mozilla/5.0 (X11; Linux x86_64) AppleWebKit/537.36 (KHTML, like Gecko) HeadlessChrome/83.0.4103.97 Safari/537.36"
49.12.13.109 - - [12/Jan/2021:00:22:47 +0100] "HEAD / HTTP/1.1" 200 0 "-" "Alert_Alligator_webmonitoring_service_1.4.8_(alertalligator.com)"
49.12.13.109 - - [12/Jan/2021:01:00:15 +0100] "HEAD / HTTP/1.1" 200 0 "-" "Alert_Alligator_webmonitoring_service_1.4.8_(alertalligator.com)"
46.101.146.6 - - [12/Jan/2021:01:20:13 +0100] "GET /wp-login.php HTTP/1.1" 404 - "-" "Mozilla/5.0 (X11; Ubuntu; Linux x86_64; rv:62.0) Gecko/20100101 Firefox/62.0"
49.12.13.109 - - [12/Jan/2021:01:40:22 +0100] "HEAD / HTTP/1.1" 200 0 "-" "Alert_Alligator_webmonitoring_service_1.4.8_(alertalligator.com)"
49.12.13.109 - - [12/Jan/2021:02:23:38 +0100] "HEAD / HTTP/1.1" 200 0 "-" "Alert_Alligator_webmonitoring_service_1.4.8_(alertalligator.com)"
49.12.13.109 - - [12/Jan/2021:03:04:59 +0100] "HEAD / HTTP/1.1" 200 0 "-" "Alert_Alligator_webmonitoring_service_1.4.8_(alertalligator.com)"
212.237.53.115 - - [12/Jan/2021:03:53:37 +0100] "HEAD / HTTP/1.1" 200 0 "-" "Alert_Alligator_webmonitoring_service_1.4.7_(alertalligator.com)"
212.237.23.143 - - [12/Jan/2021:04:44:58 +0100] "HEAD / HTTP/1.1" 200 0 "-" "Alert_Alligator_webmonitoring_service_1.4.7_(alertalligator.com)"
212.237.23.143 - - [12/Jan/2021:05:39:18 +0100] "HEAD / HTTP/1.1" 200 0 "-" "Alert_Alligator_webmonitoring_service_1.4.7_(alertalligator.com)"
49.12.13.109 - - [12/Jan/2021:06:15:35 +0100] "HEAD / HTTP/1.1" 200 0 "-" "Alert_Alligator_webmonitoring_service_1.4.8_(alertalligator.com)"
199.244.88.132 - - [12/Jan/2021:06:48:27 +0100] "GET / HTTP/1.1" 200 166 "-" "Mozilla/5.0 (Macintosh; Intel Mac OS X 10_9_3) AppleWebKit/537.36 (KHTML, like Gecko) Chrome/35.0.1916.47 Safari/537.36"
49.12.13.109 - - [12/Jan/2021:06:56:02 +0100] "HEAD / HTTP/1.1" 200 0 "-" "Alert_Alligator_webmonitoring_service_1.4.8_(alertalligator.com)"
49.12.13.109 - - [12/Jan/2021:07:33:23 +0100] "HEAD / HTTP/1.1" 200 0 "-" "Alert_Alligator_webmonitoring_service_1.4.8_(alertalligator.com)"
42.236.10.122 - - [12/Jan/2021:07:37:19 +0100] "GET / HTTP/1.1" 200 166 "http://micsodaido.hu/" "Mozilla/5.0 (Windows NT 6.1; WOW64) AppleWebKit/537.36 (KHTML, like Gecko) Chrome/50.4.2661.102 Safari/537.36; 360Spider"
42.236.10.71 - - [12/Jan/2021:07:46:39 +0100] "GET / HTTP/1.1" 200 166 "http://www.micsodaido.hu/" "Mozilla/5.0 (Windows NT 6.1; WOW64) AppleWebKit/537.36 (KHTML, like Gecko) Chrome/50.4.2661.102 Safari/537.36; 360Spider"
212.237.53.115 - - [12/Jan/2021:08:22:56 +0100] "HEAD / HTTP/1.1" 200 0 "-" "Alert_Alligator_webmonitoring_service_1.4.7_(alertalligator.com)"
49.12.13.109 - - [12/Jan/2021:08:55:02 +0100] "HEAD / HTTP/1.1" 200 0 "-" "Alert_Alligator_webmonitoring_service_1.4.8_(alertalligator.com)"
111.224.235.155 - - [12/Jan/2021:09:36:26 +0100] "GET / HTTP/1.1" 200 174 "-" "Apache-HttpClient/4.5.6 (Java/1.8.0_112)"
111.224.235.244 - - [12/Jan/2021:09:37:04 +0100] "GET / HTTP/1.1" 200 174 "-" "Mozilla/5.0 (X11; Linux x86_64) AppleWebKit/537.36 (KHTML, like Gecko) HeadlessChrome/83.0.4103.61 Safari/537.36"
212.237.53.115 - - [12/Jan/2021:09:53:11 +0100] "HEAD / HTTP/1.1" 200 0 "-" "Alert_Alligator_webmonitoring_service_1.4.7_(alertalligator.com)"
3.139.100.216 - - [12/Jan/2021:10:25:26 +0100] "GET / HTTP/1.1" 200 166 "-" "Mozilla/5.0 (Macintosh; Intel Mac OS X 10_15_0) AppleWebKit/537.36 (KHTML, like Gecko) Chrome/78.0.3904.87 Safari/537.36"
49.12.13.109 - - [12/Jan/2021:10:31:59 +0100] "HEAD / HTTP/1.1" 200 0 "-" "Alert_Alligator_webmonitoring_service_1.4.8_(alertalligator.com)"
212.237.53.115 - - [12/Jan/2021:11:28:55 +0100] "HEAD / HTTP/1.1" 200 0 "-" "Alert_Alligator_webmonitoring_service_1.4.7_(alertalligator.com)"
114.119.141.53 - - [12/Jan/2021:11:40:52 +0100] "GET /robots.txt HTTP/1.1" 404 - "-" "(compatible;PetalBot;+https://aspiegel.com/petalbot)"
49.12.13.109 - - [12/Jan/2021:12:06:28 +0100] "HEAD / HTTP/1.1" 200 0 "-" "Alert_Alligator_webmonitoring_service_1.4.8_(alertalligator.com)"
212.237.51.151 - - [12/Jan/2021:13:04:41 +0100] "HEAD / HTTP/1.1" 200 0 "-" "Alert_Alligator_webmonitoring_service_1.4.7_(alertalligator.com)"
52.42.79.222 - - [12/Jan/2021:13:37:21 +0100] "GET /wp-login.php HTTP/1.1" 404 - "-" "Mozilla/5.0 (Windows NT 6.2; WOW64) AppleWebKit/537.36 (KHTML, like Gecko) Chrome/27.0.1453.93 Safari/537.36"
52.42.79.222 - - [12/Jan/2021:13:37:22 +0100] "GET /wp-login.php HTTP/1.1" 404 - "-" "Mozilla/5.0 (Windows NT 6.2; WOW64) AppleWebKit/537.36 (KHTML, like Gecko) Chrome/27.0.1453.93 Safari/537.36"
52.42.79.222 - - [12/Jan/2021:13:37:22 +0100] "GET /phpMyAdmin/index.php HTTP/1.1" 404 - "-" "Mozilla/5.0 (Windows NT 6.2; WOW64) AppleWebKit/537.36 (KHTML, like Gecko) Chrome/27.0.1453.93 Safari/537.36"
52.42.79.222 - - [12/Jan/2021:13:37:23 +0100] "GET /pma/index.php HTTP/1.1" 404 - "-" "Mozilla/5.0 (Windows NT 6.2; WOW64) AppleWebKit/537.36 (KHTML, like Gecko) Chrome/27.0.1453.93 Safari/537.36"
52.42.79.222 - - [12/Jan/2021:13:37:23 +0100] "GET /phpmyadmin/index.php HTTP/1.1" 404 - "-" "Mozilla/5.0 (Windows NT 6.2; WOW64) AppleWebKit/537.36 (KHTML, like Gecko) Chrome/27.0.1453.93 Safari/537.36"
49.12.13.109 - - [12/Jan/2021:13:39:17 +0100] "HEAD / HTTP/1.1" 200 0 "-" "Alert_Alligator_webmonitoring_service_1.4.8_(alertalligator.com)"
212.237.23.143 - - [12/Jan/2021:14:50:43 +0100] "HEAD / HTTP/1.1" 200 0 "-" "Alert_Alligator_webmonitoring_service_1.4.7_(alertalligator.com)"
49.12.13.109 - - [12/Jan/2021:15:33:42 +0100] "HEAD / HTTP/1.1" 200 0 "-" "Alert_Alligator_webmonitoring_service_1.4.8_(alertalligator.com)"
181.214.160.121 - - [12/Jan/2021:16:04:46 +0100] "GET / HTTP/1.1" 200 174 "-" "Mozilla/5.0 (Macintosh; Intel Mac OS X 10_12_5) AppleWebKit/537.36 (KHTML, like Gecko) Chrome/58.0.3029.110 Safari/537.36"
49.12.13.109 - - [12/Jan/2021:16:13:02 +0100] "HEAD / HTTP/1.1" 200 0 "-" "Alert_Alligator_webmonitoring_service_1.4.8_(alertalligator.com)"
62.210.152.248 - - [12/Jan/2021:16:40:42 +0100] "GET / HTTP/1.1" 200 174 "-" "Mozilla/4.0 (compatible; MSIE 6.0; Windows NT 5.1; SV1)"
64.227.58.145 - - [12/Jan/2021:17:04:48 +0100] "GET /wp-login.php HTTP/1.1" 404 - "-" "Mozilla/5.0 (X11; Ubuntu; Linux x86_64; rv:62.0) Gecko/20100101 Firefox/62.0"
212.237.23.143 - - [12/Jan/2021:17:20:46 +0100] "HEAD / HTTP/1.1" 200 0 "-" "Alert_Alligator_webmonitoring_service_1.4.7_(alertalligator.com)"
185.231.71.159 - - [12/Jan/2021:17:40:25 +0100] "GET / HTTP/1.0" 200 166 "-" "Mozilla/5.0 (Windows NT 6.3; Win64; x64) AppleWebKit/537.36 (KHTML, like Gecko) Chrome/75.0.3770.100 Safari/537.36"
94.158.245.162 - - [12/Jan/2021:18:02:36 +0100] "GET / HTTP/1.1" 200 174 "-" "Embarcadero URI Client/1.0"
94.158.245.162 - - [12/Jan/2021:18:02:37 +0100] "GET /contact HTTP/1.1" 404 - "-" "Embarcadero URI Client/1.0"
212.237.53.115 - - [12/Jan/2021:18:30:26 +0100] "HEAD / HTTP/1.1" 200 0 "-" "Alert_Alligator_webmonitoring_service_1.4.7_(alertalligator.com)"
94.21.78.190 - - [12/Jan/2021:19:15:08 +0100] "HEAD / HTTP/1.1" 200 0 "-" "Mozilla / Safari Browser"
212.237.53.115 - - [12/Jan/2021:19:41:27 +0100] "HEAD / HTTP/1.1" 200 0 "-" "Alert_Alligator_webmonitoring_service_1.4.7_(alertalligator.com)"
94.21.78.190 - - [12/Jan/2021:19:41:45 +0100] "HEAD / HTTP/1.1" 200 0 "-" "Mozilla / Safari Browser"
49.12.13.109 - - [12/Jan/2021:20:20:14 +0100] "HEAD / HTTP/1.1" 200 0 "-" "Alert_Alligator_webmonitoring_service_1.4.8_(alertalligator.com)"
66.249.68.81 - - [12/Jan/2021:20:48:54 +0100] "GET /robots.txt HTTP/1.1" 404 - "-" "Mozilla/5.0 (compatible; Googlebot/2.1; +http://www.google.com/bot.html)"
66.249.68.81 - - [12/Jan/2021:20:48:54 +0100] "GET / HTTP/1.1" 200 174 "-" "Mozilla/5.0 (compatible; Googlebot/2.1; +http://www.google.com/bot.html)"
212.237.53.115 - - [12/Jan/2021:21:30:41 +0100] "HEAD / HTTP/1.1" 200 0 "-" "Alert_Alligator_webmonitoring_service_1.4.7_(alertalligator.com)"
5.255.231.195 - - [12/Jan/2021:21:55:36 +0100] "GET /robots.txt HTTP/1.1" 404 - "-" "Mozilla/5.0 (compatible; YandexBot/3.0; +http://yandex.com/bots)"
5.255.231.195 - - [12/Jan/2021:21:55:40 +0100] "GET / HTTP/1.1" 200 174 "-" "Mozilla/5.0 (compatible; YandexBot/3.0; +http://yandex.com/bots)"
66.249.79.89 - - [12/Jan/2021:22:15:17 +0100] "GET /robots.txt HTTP/1.1" 404 - "-" "Mozilla/5.0 (compatible; Googlebot/2.1; +http://www.google.com/bot.html)"
66.249.79.91 - - [12/Jan/2021:22:15:18 +0100] "GET / HTTP/1.1" 200 166 "-" "Mozilla/5.0 (compatible; Googlebot/2.1; +http://www.google.com/bot.html)"
66.249.68.81 - - [12/Jan/2021:22:29:41 +0100] "GET / HTTP/1.1" 200 174 "-" "Mozilla/5.0 (Linux; Android 6.0.1; Nexus 5X Build/MMB29P) AppleWebKit/537.36 (KHTML, like Gecko) Chrome/87.0.4280.90 Mobile Safari/537.36 (compatible; Googlebot/2.1; +http://www.google.com/bot.html)"
212.237.53.115 - - [12/Jan/2021:22:43:16 +0100] "HEAD / HTTP/1.1" 200 0 "-" "Alert_Alligator_webmonitoring_service_1.4.7_(alertalligator.com)"
5.255.231.195 - - [12/Jan/2021:22:52:32 +0100] "GET /robots.txt HTTP/1.1" 404 - "-" "Mozilla/5.0 (compatible; YandexBot/3.0; +http://yandex.com/bots)"
5.255.231.195 - - [12/Jan/2021:22:52:35 +0100] "GET / HTTP/1.1" 200 166 "-" "Mozilla/5.0 (compatible; YandexBot/3.0; +http://yandex.com/bots)"
5.255.231.195 - - [12/Jan/2021:22:53:02 +0100] "GET /robots.txt HTTP/1.1" 404 - "-" "Mozilla/5.0 (compatible; YandexBot/3.0; +http://yandex.com/bots)"
5.255.231.195 - - [12/Jan/2021:22:53:06 +0100] "GET / HTTP/1.1" 200 166 "-" "Mozilla/5.0 (compatible; YandexBot/3.0; +http://yandex.com/bots)"
49.12.13.109 - - [12/Jan/2021:23:21:34 +0100] "HEAD / HTTP/1.1" 200 0 "-" "Alert_Alligator_webmonitoring_service_1.4.8_(alertalligator.com)"
66.249.79.183 - - [12/Jan/2021:23:27:18 +0100] "GET /robots.txt HTTP/1.1" 404 - "-" "Mozilla/5.0 (compatible; Googlebot/2.1; +http://www.google.com/bot.html)"
66.249.79.185 - - [12/Jan/2021:23:27:18 +0100] "GET / HTTP/1.1" 200 169 "-" "Mozilla/5.0 (compatible; Googlebot/2.1; +http://www.google.com/bot.html)"
46.105.58.112 - - [12/Jan/2021:23:48:54 +0100] "GET / HTTP/1.1" 200 166 "-" "Mozilla/5.0 (compatible; Googlebot/2.1; +http://www.google.com/bot.html)"
49.12.13.109 - - [12/Jan/2021:23:59:39 +0100] "HEAD / HTTP/1.1" 200 0 "-" "Alert_Alligator_webmonitoring_service_1.4.8_(alertalligator.com)"
42.236.10.72 - - [13/Jan/2021:00:34:30 +0100] "GET / HTTP/1.1" 200 166 "http://www.micsodaido.hu/" "Mozilla/5.0 (iPhone; CPU iPhone OS 11_0 like Mac OS X) AppleWebKit/604.1.38 (KHTML, like Gecko) Version/11.0 Mobile/15A372 Safari/604.1"
42.236.10.120 - - [13/Jan/2021:00:40:22 +0100] "GET / HTTP/1.1" 200 166 "http://www.micsodaido.hu/" "Mozilla/5.0 (iPhone; CPU iPhone OS 11_0 like Mac OS X) AppleWebKit/604.1.38 (KHTML, like Gecko) Version/11.0 Mobile/15A372 Safari/604.1"
49.12.13.109 - - [13/Jan/2021:00:48:01 +0100] "HEAD / HTTP/1.1" 200 0 "-" "Alert_Alligator_webmonitoring_service_1.4.8_(alertalligator.com)"
212.237.53.115 - - [13/Jan/2021:01:48:17 +0100] "HEAD / HTTP/1.1" 200 0 "-" "Alert_Alligator_webmonitoring_service_1.4.7_(alertalligator.com)"
49.12.13.109 - - [13/Jan/2021:02:30:19 +0100] "HEAD / HTTP/1.1" 200 0 "-" "Alert_Alligator_webmonitoring_service_1.4.8_(alertalligator.com)"
49.12.13.109 - - [13/Jan/2021:03:13:26 +0100] "HEAD / HTTP/1.1" 200 0 "-" "Alert_Alligator_webmonitoring_service_1.4.8_(alertalligator.com)"
66.249.72.169 - - [13/Jan/2021:04:00:54 +0100] "GET /robots.txt HTTP/1.1" 404 - "-" "Mozilla/5.0 (compatible; Googlebot/2.1; +http://www.google.com/bot.html)"
66.249.72.171 - - [13/Jan/2021:04:00:54 +0100] "GET / HTTP/1.1" 200 174 "-" "Mozilla/5.0 (compatible; Googlebot/2.1; +http://www.google.com/bot.html)"
66.249.69.125 - - [13/Jan/2021:04:15:18 +0100] "GET / HTTP/1.1" 200 166 "-" "Mozilla/5.0 (Linux; Android 6.0.1; Nexus 5X Build/MMB29P) AppleWebKit/537.36 (KHTML, like Gecko) Chrome/87.0.4280.90 Mobile Safari/537.36 (compatible; Googlebot/2.1; +http://www.google.com/bot.html)"
212.237.53.115 - - [13/Jan/2021:04:18:05 +0100] "HEAD / HTTP/1.1" 200 0 "-" "Alert_Alligator_webmonitoring_service_1.4.7_(alertalligator.com)"
206.81.29.174 - - [13/Jan/2021:04:26:01 +0100] "GET / HTTP/1.1" 200 174 "-" "Mozilla/5.0 (Windows NT 10.0; WOW64) AppleWebKit/537.36 (KHTML, like Gecko) Chrome/87.0.4280.88 Safari/537.36 Vivaldi/3.5"
66.249.69.65 - - [13/Jan/2021:04:29:41 +0100] "GET /robots.txt HTTP/1.1" 404 - "-" "Mozilla/5.0 (compatible; Googlebot/2.1; +http://www.google.com/bot.html)"
66.249.69.95 - - [13/Jan/2021:04:29:42 +0100] "GET / HTTP/1.1" 200 169 "-" "Mozilla/5.0 (Linux; Android 6.0.1; Nexus 5X Build/MMB29P) AppleWebKit/537.36 (KHTML, like Gecko) Chrome/87.0.4280.90 Mobile Safari/537.36 (compatible; Googlebot/2.1; +http://www.google.com/bot.html)"
66.249.75.82 - - [13/Jan/2021:04:44:05 +0100] "GET /robots.txt HTTP/1.1" 404 - "-" "Mozilla/5.0 (compatible; Googlebot/2.1; +http://www.google.com/bot.html)"
66.249.75.82 - - [13/Jan/2021:04:44:06 +0100] "GET / HTTP/1.1" 200 166 "-" "Mozilla/5.0 (compatible; Googlebot/2.1; +http://www.google.com/bot.html)"
194.87.237.198 - - [13/Jan/2021:05:02:21 +0100] "GET / HTTP/1.1" 200 174 "-" "AngleSharp/0.14.0.0"
212.237.51.151 - - [13/Jan/2021:05:17:04 +0100] "HEAD / HTTP/1.1" 200 0 "-" "Alert_Alligator_webmonitoring_service_1.4.7_(alertalligator.com)"
114.119.135.229 - - [13/Jan/2021:05:55:34 +0100] "GET /robots.txt HTTP/1.1" 404 - "-" "(compatible;PetalBot;+https://aspiegel.com/petalbot)"
52.162.139.41 - - [13/Jan/2021:06:15:51 +0100] "GET /wp-content/plugins/wp-file-manager/lib/php/connector.minimal.php HTTP/1.1" 404 - "www.google.com" "Mozlila/5.0 (Linux; Android 7.0; SM-G892A Bulid/NRD90M; wv) AppleWebKit/537.36 (KHTML, like Gecko) Version/4.0 Chrome/60.0.3112.107 Moblie Safari/537.36"
212.237.23.143 - - [13/Jan/2021:06:20:17 +0100] "HEAD / HTTP/1.1" 200 0 "-" "Alert_Alligator_webmonitoring_service_1.4.7_(alertalligator.com)"
49.12.13.109 - - [13/Jan/2021:06:57:37 +0100] "HEAD / HTTP/1.1" 200 0 "-" "Alert_Alligator_webmonitoring_service_1.4.8_(alertalligator.com)"
49.12.13.109 - - [13/Jan/2021:07:37:57 +0100] "HEAD / HTTP/1.1" 200 0 "-" "Alert_Alligator_webmonitoring_service_1.4.8_(alertalligator.com)"
49.12.13.109 - - [13/Jan/2021:08:18:50 +0100] "HEAD / HTTP/1.1" 200 0 "-" "Alert_Alligator_webmonitoring_service_1.4.8_(alertalligator.com)"
212.237.53.115 - - [13/Jan/2021:09:24:53 +0100] "HEAD / HTTP/1.1" 200 0 "-" "Alert_Alligator_webmonitoring_service_1.4.7_(alertalligator.com)"
42.236.10.77 - - [13/Jan/2021:10:10:03 +0100] "GET / HTTP/1.1" 200 166 "http://www.micsodaido.hu/" "Mozilla/5.0 (iPhone; CPU iPhone OS 11_0 like Mac OS X) AppleWebKit/604.1.38 (KHTML, like Gecko) Version/11.0 Mobile/15A372 Safari/604.1"
42.236.10.123 - - [13/Jan/2021:10:24:40 +0100] "GET / HTTP/1.1" 200 166 "http://www.micsodaido.hu/" "Mozilla/5.0 (iPhone; CPU iPhone OS 11_0 like Mac OS X) AppleWebKit/604.1.38 (KHTML, like Gecko) Version/11.0 Mobile/15A372 Safari/604.1"
212.237.53.115 - - [13/Jan/2021:10:26:45 +0100] "HEAD / HTTP/1.1" 200 0 "-" "Alert_Alligator_webmonitoring_service_1.4.7_(alertalligator.com)"
3.17.65.224 - - [13/Jan/2021:10:29:06 +0100] "GET / HTTP/1.1" 200 166 "-" "Mozilla/5.0 (Macintosh; Intel Mac OS X 10_15_0) AppleWebKit/537.36 (KHTML, like Gecko) Chrome/78.0.3904.87 Safari/537.36"
212.237.51.151 - - [13/Jan/2021:11:26:15 +0100] "HEAD / HTTP/1.1" 200 0 "-" "Alert_Alligator_webmonitoring_service_1.4.7_(alertalligator.com)"
49.12.13.109 - - [13/Jan/2021:12:05:30 +0100] "HEAD / HTTP/1.1" 200 0 "-" "Alert_Alligator_webmonitoring_service_1.4.8_(alertalligator.com)"
5.188.62.140 - - [13/Jan/2021:12:22:55 +0100] "GET / HTTP/1.1" 200 174 "-" "Mozilla/5.0 (Windows NT 6.0) AppleWebKit/537.36 (KHTML, like Gecko) Chrome/41.0.2226.0 Safari/537.36"
5.188.62.140 - - [13/Jan/2021:12:22:55 +0100] "GET /robots.txt HTTP/1.1" 404 - "-" "Mozilla/5.0 (Windows NT 6.0) AppleWebKit/537.36 (KHTML, like Gecko) Chrome/41.0.2226.0 Safari/537.36"
5.255.253.138 - - [13/Jan/2021:12:25:33 +0100] "GET /robots.txt HTTP/1.1" 404 - "-" "Mozilla/5.0 (compatible; YandexBot/3.0; +http://yandex.com/bots)"
213.180.203.115 - - [13/Jan/2021:12:25:36 +0100] "GET / HTTP/1.1" 200 174 "-" "Mozilla/5.0 (compatible; YandexBot/3.0; +http://yandex.com/bots)"
49.12.13.109 - - [13/Jan/2021:12:48:06 +0100] "HEAD / HTTP/1.1" 200 0 "-" "Alert_Alligator_webmonitoring_service_1.4.8_(alertalligator.com)"
209.17.97.74 - - [13/Jan/2021:13:43:52 +0100] "GET / HTTP/1.1" 200 174 "-" "Mozilla/5.0 (compatible; Nimbostratus-Bot/v1.3.2; http://cloudsystemnetworks.com)"
212.237.23.143 - - [13/Jan/2021:13:45:26 +0100] "HEAD / HTTP/1.1" 200 0 "-" "Alert_Alligator_webmonitoring_service_1.4.7_(alertalligator.com)"
212.237.51.151 - - [13/Jan/2021:14:35:22 +0100] "HEAD / HTTP/1.1" 200 0 "-" "Alert_Alligator_webmonitoring_service_1.4.7_(alertalligator.com)"
45.167.178.73 - - [13/Jan/2021:15:16:51 +0100] "GET /wp-login.php HTTP/1.1" 404 - "-" "Mozilla/5.0 (X11; Ubuntu; Linux x86_64; rv:62.0) Gecko/20100101 Firefox/62.0"
212.237.23.143 - - [13/Jan/2021:15:37:21 +0100] "HEAD / HTTP/1.1" 200 0 "-" "Alert_Alligator_webmonitoring_service_1.4.7_(alertalligator.com)"
212.237.51.151 - - [13/Jan/2021:16:26:30 +0100] "HEAD / HTTP/1.1" 200 0 "-" "Alert_Alligator_webmonitoring_service_1.4.7_(alertalligator.com)"
54.184.18.91 - - [13/Jan/2021:17:04:49 +0100] "HEAD / HTTP/1.1" 200 0 "-" "Go-http-client/1.1"
49.12.13.109 - - [13/Jan/2021:17:04:49 +0100] "HEAD / HTTP/1.1" 200 0 "-" "Alert_Alligator_webmonitoring_service_1.4.8_(alertalligator.com)"
18.236.162.84 - - [13/Jan/2021:17:04:51 +0100] "GET / HTTP/1.1" 200 174 "-" "Mozilla/5.0 (Windows NT 6.1; WOW64) AppleWebKit/537.36 (KHTML, like Gecko) Chrome/56.0.2924.76 Safari/537.36"
18.237.127.167 - - [13/Jan/2021:17:04:52 +0100] "GET / HTTP/1.1" 200 174 "-" "Mozilla/5.0 (X11; Linux x86_64) AppleWebKit/537.36 (KHTML, like Gecko) HeadlessChrome/83.0.4103.97 Safari/537.36"
49.12.13.109 - - [13/Jan/2021:17:39:12 +0100] "HEAD / HTTP/1.1" 200 0 "-" "Alert_Alligator_webmonitoring_service_1.4.8_(alertalligator.com)"
117.152.220.7 - - [13/Jan/2021:17:40:45 +0100] "GET / HTTP/1.1" 200 174 "-" "GRequests/0.10"
213.32.83.105 - - [13/Jan/2021:18:05:10 +0100] "GET / HTTP/1.1" 200 174 "-" "Mozilla/5.0 (compatible; Googlebot/2.1; +http://www.google.com/bot.html)"
212.237.53.115 - - [13/Jan/2021:18:33:08 +0100] "HEAD / HTTP/1.1" 200 0 "-" "Alert_Alligator_webmonitoring_service_1.4.7_(alertalligator.com)"
49.12.13.109 - - [13/Jan/2021:19:17:03 +0100] "HEAD / HTTP/1.1" 200 0 "-" "Alert_Alligator_webmonitoring_service_1.4.8_(alertalligator.com)"
173.231.59.212 - - [13/Jan/2021:19:18:06 +0100] "GET /robots.txt HTTP/1.1" 404 - "-" "Mozilla/5.0 (compatible; Adsbot/3.1)"
173.231.59.212 - - [13/Jan/2021:19:18:21 +0100] "GET / HTTP/1.1" 200 166 "-" "Mozilla/5.0 (compatible; Adsbot/3.1)"
49.12.13.109 - - [13/Jan/2021:19:56:33 +0100] "HEAD / HTTP/1.1" 200 0 "-" "Alert_Alligator_webmonitoring_service_1.4.8_(alertalligator.com)"
49.12.13.109 - - [13/Jan/2021:20:37:31 +0100] "HEAD / HTTP/1.1" 200 0 "-" "Alert_Alligator_webmonitoring_service_1.4.8_(alertalligator.com)"
212.237.53.115 - - [13/Jan/2021:21:39:18 +0100] "HEAD / HTTP/1.1" 200 0 "-" "Alert_Alligator_webmonitoring_service_1.4.7_(alertalligator.com)"
134.122.30.37 - - [13/Jan/2021:22:12:09 +0100] "GET ///vendor/phpunit/phpunit/phpunit.xsd HTTP/1.1" 404 - "-" "Mozilla/5.0 (X11; Linux x86_64; rv:52.0) Gecko/20100101 Firefox/52.0"
49.12.13.109 - - [13/Jan/2021:22:19:50 +0100] "HEAD / HTTP/1.1" 200 0 "-" "Alert_Alligator_webmonitoring_service_1.4.8_(alertalligator.com)"
66.249.72.77 - - [13/Jan/2021:22:31:40 +0100] "GET /robots.txt HTTP/1.1" 404 - "-" "Mozilla/5.0 (compatible; Googlebot/2.1; +http://www.google.com/bot.html)"
66.249.72.79 - - [13/Jan/2021:22:31:40 +0100] "GET / HTTP/1.1" 200 169 "-" "Mozilla/5.0 (Linux; Android 6.0.1; Nexus 5X Build/MMB29P) AppleWebKit/537.36 (KHTML, like Gecko) Chrome/87.0.4280.90 Mobile Safari/537.36 (compatible; Googlebot/2.1; +http://www.google.com/bot.html)"
66.249.72.171 - - [13/Jan/2021:22:50:08 +0100] "GET /robots.txt HTTP/1.1" 404 - "-" "Mozilla/5.0 (compatible; Googlebot/2.1; +http://www.google.com/bot.html)"
66.249.72.171 - - [13/Jan/2021:22:50:08 +0100] "GET / HTTP/1.1" 200 174 "-" "Mozilla/5.0 (Linux; Android 6.0.1; Nexus 5X Build/MMB29P) AppleWebKit/537.36 (KHTML, like Gecko) Chrome/87.0.4280.90 Mobile Safari/537.36 (compatible; Googlebot/2.1; +http://www.google.com/bot.html)"
212.237.53.115 - - [13/Jan/2021:23:15:59 +0100] "HEAD / HTTP/1.1" 200 0 "-" "Alert_Alligator_webmonitoring_service_1.4.7_(alertalligator.com)"
106.11.156.51 - - [13/Jan/2021:23:31:52 +0100] "GET /robots.txt HTTP/1.1" 404 - "-" "YisouSpider"
106.11.157.49 - - [13/Jan/2021:23:31:55 +0100] "GET /eng_mesek_rumini_forthcoming.html HTTP/1.1" 404 - "-" "Mozilla/5.0 (Windows NT 6.1; Win64; x64) AppleWebKit/537.36 (KHTML, like Gecko) Chrome/69.0.3497.81 YisouSpider/5.0 Safari/537.36"
140.205.120.217 - - [13/Jan/2021:23:32:17 +0100] "GET /robots.txt HTTP/1.1" 404 - "-" "YisouSpider"
140.205.91.48 - - [13/Jan/2021:23:32:38 +0100] "GET /robots.txt HTTP/1.1" 404 - "-" "YisouSpider"
140.205.120.93 - - [13/Jan/2021:23:32:56 +0100] "GET /robots.txt HTTP/1.1" 404 - "-" "YisouSpider"
140.205.90.41 - - [13/Jan/2021:23:33:22 +0100] "GET /robots.txt HTTP/1.1" 404 - "-" "YisouSpider"
49.12.13.109 - - [13/Jan/2021:23:56:25 +0100] "HEAD / HTTP/1.1" 200 0 "-" "Alert_Alligator_webmonitoring_service_1.4.8_(alertalligator.com)"
141.164.88.204 - - [14/Jan/2021:00:35:44 +0100] "GET / HTTP/1.0" 200 174 "-" "Mozilla/5.0 (Windows NT 6.1; WOW64) AppleWebKit/537.36 (KHTML, like Gecko) Chrome/54.0.2840.59 Safari/537.36 115Browser/8.3.0"
49.12.13.109 - - [14/Jan/2021:00:40:43 +0100] "HEAD / HTTP/1.1" 200 0 "-" "Alert_Alligator_webmonitoring_service_1.4.8_(alertalligator.com)"
114.119.137.85 - - [14/Jan/2021:01:29:16 +0100] "GET /robots.txt HTTP/1.1" 404 - "-" "(compatible;PetalBot;+https://aspiegel.com/petalbot)"
66.249.69.95 - - [14/Jan/2021:01:31:30 +0100] "GET /robots.txt HTTP/1.1" 404 - "-" "Mozilla/5.0 (compatible; Googlebot/2.1; +http://www.google.com/bot.html)"
66.249.69.68 - - [14/Jan/2021:01:31:30 +0100] "GET / HTTP/1.1" 200 169 "-" "Mozilla/5.0 (compatible; Googlebot/2.1; +http://www.google.com/bot.html)"
212.237.23.143 - - [14/Jan/2021:01:35:25 +0100] "HEAD / HTTP/1.1" 200 0 "-" "Alert_Alligator_webmonitoring_service_1.4.7_(alertalligator.com)"
212.237.53.115 - - [14/Jan/2021:02:31:00 +0100] "HEAD / HTTP/1.1" 200 0 "-" "Alert_Alligator_webmonitoring_service_1.4.7_(alertalligator.com)"
49.12.13.109 - - [14/Jan/2021:03:14:29 +0100] "HEAD / HTTP/1.1" 200 0 "-" "Alert_Alligator_webmonitoring_service_1.4.8_(alertalligator.com)"
49.12.13.109 - - [14/Jan/2021:03:53:59 +0100] "HEAD / HTTP/1.1" 200 0 "-" "Alert_Alligator_webmonitoring_service_1.4.8_(alertalligator.com)"
66.249.72.209 - - [14/Jan/2021:04:46:18 +0100] "GET /robots.txt HTTP/1.1" 404 - "-" "Mozilla/5.0 (compatible; Googlebot/2.1; +http://www.google.com/bot.html)"
66.249.72.211 - - [14/Jan/2021:04:46:19 +0100] "GET / HTTP/1.1" 200 174 "-" "Mozilla/5.0 (compatible; Googlebot/2.1; +http://www.google.com/bot.html)"
212.237.53.115 - - [14/Jan/2021:05:00:55 +0100] "HEAD / HTTP/1.1" 200 0 "-" "Alert_Alligator_webmonitoring_service_1.4.7_(alertalligator.com)"
66.249.69.121 - - [14/Jan/2021:05:16:35 +0100] "GET /robots.txt HTTP/1.1" 404 - "-" "Mozilla/5.0 (compatible; Googlebot/2.1; +http://www.google.com/bot.html)"
66.249.69.123 - - [14/Jan/2021:05:16:57 +0100] "GET / HTTP/1.1" 200 166 "-" "Mozilla/5.0 (compatible; Googlebot/2.1; +http://www.google.com/bot.html)"
66.249.72.207 - - [14/Jan/2021:05:26:12 +0100] "GET / HTTP/1.1" 200 174 "-" "Mozilla/5.0 (Linux; Android 6.0.1; Nexus 5X Build/MMB29P) AppleWebKit/537.36 (KHTML, like Gecko) Chrome/87.0.4280.90 Mobile Safari/537.36 (compatible; Googlebot/2.1; +http://www.google.com/bot.html)"
49.12.13.109 - - [14/Jan/2021:05:41:41 +0100] "HEAD / HTTP/1.1" 200 0 "-" "Alert_Alligator_webmonitoring_service_1.4.8_(alertalligator.com)"
66.249.72.77 - - [14/Jan/2021:05:46:13 +0100] "GET / HTTP/1.1" 200 169 "-" "Mozilla/5.0 (compatible; Googlebot/2.1; +http://www.google.com/bot.html)"
49.12.13.109 - - [14/Jan/2021:06:20:40 +0100] "HEAD / HTTP/1.1" 200 0 "-" "Alert_Alligator_webmonitoring_service_1.4.8_(alertalligator.com)"
209.17.97.42 - - [14/Jan/2021:06:30:26 +0100] "GET / HTTP/1.1" 200 166 "-" "Mozilla/5.0 (compatible; Nimbostratus-Bot/v1.3.2; http://cloudsystemnetworks.com)"
49.12.13.109 - - [14/Jan/2021:06:56:46 +0100] "HEAD / HTTP/1.1" 200 0 "-" "Alert_Alligator_webmonitoring_service_1.4.8_(alertalligator.com)"
39.104.120.142 - - [14/Jan/2021:07:17:27 +0100] "GET / HTTP/1.1" 200 174 "-" "Mozilla/4.0 (compatible; MSIE 7.0; Windows NT 5.1; 360SE)"
39.104.120.142 - - [14/Jan/2021:07:17:29 +0100] "GET / HTTP/1.1" 200 174 "-" "Opera/9.80 (Macintosh; Intel Mac OS X 10.6.8; U; en) Presto/2.8.131 Version/11.11"
66.249.69.123 - - [14/Jan/2021:07:27:02 +0100] "GET / HTTP/1.1" 200 166 "-" "Mozilla/5.0 (Linux; Android 6.0.1; Nexus 5X Build/MMB29P) AppleWebKit/537.36 (KHTML, like Gecko) Chrome/87.0.4280.90 Mobile Safari/537.36 (compatible; Googlebot/2.1; +http://www.google.com/bot.html)"
49.12.13.109 - - [14/Jan/2021:07:37:51 +0100] "HEAD / HTTP/1.1" 200 0 "-" "Alert_Alligator_webmonitoring_service_1.4.8_(alertalligator.com)"
115.216.76.126 - - [14/Jan/2021:07:54:06 +0100] "HEAD / HTTP/1.1" 200 0 "-" "Mozilla/5.0 (compatible; Baiduspider/2.0; +http://www.baidu.com/search/spider.html)"
115.216.76.126 - - [14/Jan/2021:07:54:09 +0100] "HEAD /admin/kindeditor/php/upload_json.php?dir=file HTTP/1.1" 404 - "-" "Mozilla/5.0 (compatible; Baiduspider/2.0; +http://www.baidu.com/search/spider.html)"
115.216.76.126 - - [14/Jan/2021:07:54:09 +0100] "HEAD /admin/public/kindeditor/php/upload_json.php?dir=file HTTP/1.1" 404 - "-" "Mozilla/5.0 (compatible; Baiduspider/2.0; +http://www.baidu.com/search/spider.html)"
115.216.76.126 - - [14/Jan/2021:07:54:09 +0100] "HEAD /Public/kindeditor/asp/upload_json.asp?dir=file HTTP/1.1" 404 - "-" "Mozilla/5.0 (compatible; Baiduspider/2.0; +http://www.baidu.com/search/spider.html)"
115.216.76.126 - - [14/Jan/2021:07:54:09 +0100] "HEAD /keditor/asp/upload_json.asp?dir=file HTTP/1.1" 404 - "-" "Mozilla/5.0 (compatible; Baiduspider/2.0; +http://www.baidu.com/search/spider.html)"
115.216.76.126 - - [14/Jan/2021:07:54:09 +0100] "HEAD /statics/js/kindeditor/php/upload_json.php?dir=file HTTP/1.1" 404 - "-" "Mozilla/5.0 (compatible; Baiduspider/2.0; +http://www.baidu.com/search/spider.html)"
115.216.76.126 - - [14/Jan/2021:07:54:09 +0100] "HEAD /editor/php/upload_json.php?dir=file HTTP/1.1" 404 - "-" "Mozilla/5.0 (compatible; Baiduspider/2.0; +http://www.baidu.com/search/spider.html)"
115.216.76.126 - - [14/Jan/2021:07:54:09 +0100] "HEAD /admin/public/kindeditor/asp/upload_json.asp?dir=file HTTP/1.1" 404 - "-" "Mozilla/5.0 (compatible; Baiduspider/2.0; +http://www.baidu.com/search/spider.html)"
115.216.76.126 - - [14/Jan/2021:07:54:09 +0100] "HEAD /editor/asp.net/upload_json.ashx?dir=file HTTP/1.1" 404 - "-" "Mozilla/5.0 (compatible; Baiduspider/2.0; +http://www.baidu.com/search/spider.html)"
115.216.76.126 - - [14/Jan/2021:07:54:09 +0100] "HEAD /admin/jzeditor/asp/upload_json.asp?dir=file HTTP/1.1" 404 - "-" "Mozilla/5.0 (compatible; Baiduspider/2.0; +http://www.baidu.com/search/spider.html)"
115.216.76.126 - - [14/Jan/2021:07:54:09 +0100] "HEAD /manage/kindeditor/php/upload_json.php?dir=file HTTP/1.1" 404 - "-" "Mozilla/5.0 (compatible; Baiduspider/2.0; +http://www.baidu.com/search/spider.html)"
115.216.76.126 - - [14/Jan/2021:07:54:10 +0100] "HEAD /keditor/php/upload_json.php?dir=file HTTP/1.1" 404 - "-" "Mozilla/5.0 (compatible; Baiduspider/2.0; +http://www.baidu.com/search/spider.html)"
115.216.76.126 - - [14/Jan/2021:07:54:10 +0100] "HEAD /admin/editor/php/upload_json.php?dir=file HTTP/1.1" 404 - "-" "Mozilla/5.0 (compatible; Baiduspider/2.0; +http://www.baidu.com/search/spider.html)"
115.216.76.126 - - [14/Jan/2021:07:54:11 +0100] "HEAD /Scripts/kindeditor/asp/upload_json.asp?dir=file HTTP/1.1" 404 - "-" "Mozilla/5.0 (compatible; Baiduspider/2.0; +http://www.baidu.com/search/spider.html)"
115.216.76.126 - - [14/Jan/2021:07:54:11 +0100] "HEAD /admin/jzeditor/asp.net/upload_json.ashx?dir=file HTTP/1.1" 404 - "-" "Mozilla/5.0 (compatible; Baiduspider/2.0; +http://www.baidu.com/search/spider.html)"
115.216.76.126 - - [14/Jan/2021:07:54:11 +0100] "HEAD /js/kindeditor/asp.net/upload_json.ashx?dir=file HTTP/1.1" 404 - "-" "Mozilla/5.0 (compatible; Baiduspider/2.0; +http://www.baidu.com/search/spider.html)"
115.216.76.126 - - [14/Jan/2021:07:54:11 +0100] "HEAD /keditor/asp.net/upload_json.ashx?dir=file HTTP/1.1" 404 - "-" "Mozilla/5.0 (compatible; Baiduspider/2.0; +http://www.baidu.com/search/spider.html)"
115.216.76.126 - - [14/Jan/2021:07:54:12 +0100] "HEAD /kindeditor/asp.net/upload_json.ashx?dir=file HTTP/1.1" 404 - "-" "Mozilla/5.0 (compatible; Baiduspider/2.0; +http://www.baidu.com/search/spider.html)"
115.216.76.126 - - [14/Jan/2021:07:54:12 +0100] "HEAD /admin/jzeditor/php/upload_json.php?dir=file HTTP/1.1" 404 - "-" "Mozilla/5.0 (compatible; Baiduspider/2.0; +http://www.baidu.com/search/spider.html)"
115.216.76.126 - - [14/Jan/2021:07:54:12 +0100] "HEAD /admin/kindeditor/asp/upload_json.asp?dir=file HTTP/1.1" 404 - "-" "Mozilla/5.0 (compatible; Baiduspider/2.0; +http://www.baidu.com/search/spider.html)"
115.216.76.126 - - [14/Jan/2021:07:54:12 +0100] "HEAD /js/kindeditor/php/upload_json.php?dir=file HTTP/1.1" 404 - "-" "Mozilla/5.0 (compatible; Baiduspider/2.0; +http://www.baidu.com/search/spider.html)"
115.216.76.126 - - [14/Jan/2021:07:54:12 +0100] "HEAD /statics/js/kindeditor/asp/upload_json.asp?dir=file HTTP/1.1" 404 - "-" "Mozilla/5.0 (compatible; Baiduspider/2.0; +http://www.baidu.com/search/spider.html)"
115.216.76.126 - - [14/Jan/2021:07:54:12 +0100] "HEAD /kindeditor/asp/upload_json.asp?dir=file HTTP/1.1" 404 - "-" "Mozilla/5.0 (compatible; Baiduspider/2.0; +http://www.baidu.com/search/spider.html)"
115.216.76.126 - - [14/Jan/2021:07:54:12 +0100] "HEAD /Scripts/kindeditor/asp.net/upload_json.ashx?dir=file HTTP/1.1" 404 - "-" "Mozilla/5.0 (compatible; Baiduspider/2.0; +http://www.baidu.com/search/spider.html)"
115.216.76.126 - - [14/Jan/2021:07:54:14 +0100] "HEAD /editor/asp/upload_json.asp?dir=file HTTP/1.1" 404 - "-" "Mozilla/5.0 (compatible; Baiduspider/2.0; +http://www.baidu.com/search/spider.html)"
115.216.76.126 - - [14/Jan/2021:07:54:14 +0100] "HEAD /statics/js/kindeditor/asp.net/upload_json.ashx?dir=file HTTP/1.1" 404 - "-" "Mozilla/5.0 (compatible; Baiduspider/2.0; +http://www.baidu.com/search/spider.html)"
115.216.76.126 - - [14/Jan/2021:07:54:14 +0100] "HEAD /Scripts/kindeditor/php/upload_json.php?dir=file HTTP/1.1" 404 - "-" "Mozilla/5.0 (compatible; Baiduspider/2.0; +http://www.baidu.com/search/spider.html)"
115.216.76.126 - - [14/Jan/2021:07:54:14 +0100] "HEAD /js/kindeditor/asp/upload_json.asp?dir=file HTTP/1.1" 404 - "-" "Mozilla/5.0 (compatible; Baiduspider/2.0; +http://www.baidu.com/search/spider.html)"
115.216.76.126 - - [14/Jan/2021:07:54:14 +0100] "HEAD /admin/public/kindeditor/asp.net/upload_json.ashx?dir=file HTTP/1.1" 404 - "-" "Mozilla/5.0 (compatible; Baiduspider/2.0; +http://www.baidu.com/search/spider.html)"
115.216.76.126 - - [14/Jan/2021:07:54:14 +0100] "HEAD /Public/kindeditor/asp.net/upload_json.ashx?dir=file HTTP/1.1" 404 - "-" "Mozilla/5.0 (compatible; Baiduspider/2.0; +http://www.baidu.com/search/spider.html)"
115.216.76.126 - - [14/Jan/2021:07:54:14 +0100] "HEAD /manage/kindeditor/asp.net/upload_json.ashx?dir=file HTTP/1.1" 404 - "-" "Mozilla/5.0 (compatible; Baiduspider/2.0; +http://www.baidu.com/search/spider.html)"
115.216.76.126 - - [14/Jan/2021:07:54:15 +0100] "HEAD /admin/kindeditor/asp.net/upload_json.ashx?dir=file HTTP/1.1" 404 - "-" "Mozilla/5.0 (compatible; Baiduspider/2.0; +http://www.baidu.com/search/spider.html)"
115.216.76.126 - - [14/Jan/2021:07:54:16 +0100] "HEAD /admin/editor/asp.net/upload_json.ashx?dir=file HTTP/1.1" 404 - "-" "Mozilla/5.0 (compatible; Baiduspider/2.0; +http://www.baidu.com/search/spider.html)"
115.216.76.126 - - [14/Jan/2021:07:54:16 +0100] "HEAD /Public/kindeditor/php/upload_json.php?dir=file HTTP/1.1" 404 - "-" "Mozilla/5.0 (compatible; Baiduspider/2.0; +http://www.baidu.com/search/spider.html)"
115.216.76.126 - - [14/Jan/2021:07:54:16 +0100] "HEAD /jzeditor/asp/upload_json.asp?dir=file HTTP/1.1" 404 - "-" "Mozilla/5.0 (compatible; Baiduspider/2.0; +http://www.baidu.com/search/spider.html)"
115.216.76.126 - - [14/Jan/2021:07:54:16 +0100] "HEAD /admin/editor/asp/upload_json.asp?dir=file HTTP/1.1" 404 - "-" "Mozilla/5.0 (compatible; Baiduspider/2.0; +http://www.baidu.com/search/spider.html)"
115.216.76.126 - - [14/Jan/2021:07:54:17 +0100] "HEAD /jzeditor/php/upload_json.php?dir=file HTTP/1.1" 404 - "-" "Mozilla/5.0 (compatible; Baiduspider/2.0; +http://www.baidu.com/search/spider.html)"
115.216.76.126 - - [14/Jan/2021:07:54:17 +0100] "HEAD /kindeditor/php/upload_json.php?dir=file HTTP/1.1" 404 - "-" "Mozilla/5.0 (compatible; Baiduspider/2.0; +http://www.baidu.com/search/spider.html)"
66.249.69.95 - - [14/Jan/2021:07:57:16 +0100] "GET / HTTP/1.1" 200 169 "-" "Mozilla/5.0 (Linux; Android 6.0.1; Nexus 5X Build/MMB29P) AppleWebKit/537.36 (KHTML, like Gecko) Chrome/87.0.4280.90 Mobile Safari/537.36 (compatible; Googlebot/2.1; +http://www.google.com/bot.html)"
212.237.53.115 - - [14/Jan/2021:08:37:01 +0100] "HEAD / HTTP/1.1" 200 0 "-" "Alert_Alligator_webmonitoring_service_1.4.7_(alertalligator.com)"
49.12.13.109 - - [14/Jan/2021:09:17:58 +0100] "HEAD / HTTP/1.1" 200 0 "-" "Alert_Alligator_webmonitoring_service_1.4.8_(alertalligator.com)"
42.236.10.108 - - [14/Jan/2021:09:31:08 +0100] "GET / HTTP/1.1" 200 166 "http://micsodaido.hu/" "Mozilla/5.0 (Windows NT 6.1; WOW64) AppleWebKit/537.36 (KHTML, like Gecko) Chrome/50.4.2661.102 Safari/537.36; 360Spider"
42.236.10.79 - - [14/Jan/2021:09:31:23 +0100] "GET / HTTP/1.1" 200 166 "http://www.micsodaido.hu/" "Mozilla/5.0 (Windows NT 6.1; WOW64) AppleWebKit/537.36 (KHTML, like Gecko) Chrome/50.4.2661.102 Safari/537.36; 360Spider"
18.222.183.167 - - [14/Jan/2021:10:19:58 +0100] "GET / HTTP/1.1" 200 166 "-" "Mozilla/5.0 (Macintosh; Intel Mac OS X 10_15_0) AppleWebKit/537.36 (KHTML, like Gecko) Chrome/78.0.3904.87 Safari/537.36"
212.237.23.143 - - [14/Jan/2021:10:21:47 +0100] "HEAD / HTTP/1.1" 200 0 "-" "Alert_Alligator_webmonitoring_service_1.4.7_(alertalligator.com)"
49.12.13.109 - - [14/Jan/2021:11:02:29 +0100] "HEAD / HTTP/1.1" 200 0 "-" "Alert_Alligator_webmonitoring_service_1.4.8_(alertalligator.com)"
212.237.23.143 - - [14/Jan/2021:12:02:55 +0100] "HEAD / HTTP/1.1" 200 0 "-" "Alert_Alligator_webmonitoring_service_1.4.7_(alertalligator.com)"
49.12.13.109 - - [14/Jan/2021:12:42:16 +0100] "HEAD / HTTP/1.1" 200 0 "-" "Alert_Alligator_webmonitoring_service_1.4.8_(alertalligator.com)"
212.237.51.151 - - [14/Jan/2021:13:33:11 +0100] "HEAD / HTTP/1.1" 200 0 "-" "Alert_Alligator_webmonitoring_service_1.4.7_(alertalligator.com)"
49.12.13.109 - - [14/Jan/2021:14:13:39 +0100] "HEAD / HTTP/1.1" 200 0 "-" "Alert_Alligator_webmonitoring_service_1.4.8_(alertalligator.com)"
212.237.51.151 - - [14/Jan/2021:15:04:54 +0100] "HEAD / HTTP/1.1" 200 0 "-" "Alert_Alligator_webmonitoring_service_1.4.7_(alertalligator.com)"
49.12.13.109 - - [14/Jan/2021:15:48:06 +0100] "HEAD / HTTP/1.1" 200 0 "-" "Alert_Alligator_webmonitoring_service_1.4.8_(alertalligator.com)"
212.237.51.151 - - [14/Jan/2021:16:38:17 +0100] "HEAD / HTTP/1.1" 200 0 "-" "Alert_Alligator_webmonitoring_service_1.4.7_(alertalligator.com)"
49.12.13.109 - - [14/Jan/2021:17:15:11 +0100] "HEAD / HTTP/1.1" 200 0 "-" "Alert_Alligator_webmonitoring_service_1.4.8_(alertalligator.com)"
212.237.23.143 - - [14/Jan/2021:18:13:36 +0100] "HEAD / HTTP/1.1" 200 0 "-" "Alert_Alligator_webmonitoring_service_1.4.7_(alertalligator.com)"
212.237.53.115 - - [14/Jan/2021:19:13:48 +0100] "HEAD / HTTP/1.1" 200 0 "-" "Alert_Alligator_webmonitoring_service_1.4.7_(alertalligator.com)"
114.119.157.96 - - [14/Jan/2021:19:45:59 +0100] "GET /robots.txt HTTP/1.1" 404 - "-" "(compatible;PetalBot;+https://aspiegel.com/petalbot)"
212.237.23.143 - - [14/Jan/2021:20:17:49 +0100] "HEAD / HTTP/1.1" 200 0 "-" "Alert_Alligator_webmonitoring_service_1.4.7_(alertalligator.com)"
