49.12.13.109 - - [20/Jan/2021:05:27:45 +0100] "HEAD / HTTP/1.1" 200 0 "-" "Alert_Alligator_webmonitoring_service_1.4.8_(alertalligator.com)"
66.249.69.54 - - [20/Jan/2021:05:42:00 +0100] "GET /robots.txt HTTP/1.1" 404 - "-" "Mozilla/5.0 (compatible; Googlebot/2.1; +http://www.google.com/bot.html)"
66.249.69.54 - - [20/Jan/2021:05:42:00 +0100] "GET / HTTP/1.1" 200 166 "-" "Mozilla/5.0 (compatible; Googlebot/2.1; +http://www.google.com/bot.html)"
49.12.13.109 - - [20/Jan/2021:06:03:58 +0100] "HEAD / HTTP/1.1" 200 0 "-" "Alert_Alligator_webmonitoring_service_1.4.8_(alertalligator.com)"
192.99.7.182 - - [20/Jan/2021:06:05:51 +0100] "GET /robots.txt HTTP/1.1" 404 - "-" "Mozilla/5.0 (compatible; MJ12bot/v1.4.8; http://mj12bot.com/)"
192.99.7.182 - - [20/Jan/2021:06:06:29 +0100] "GET / HTTP/1.1" 200 174 "-" "Mozilla/5.0 (compatible; MJ12bot/v1.4.8; http://mj12bot.com/)"
49.12.13.109 - - [20/Jan/2021:06:46:21 +0100] "HEAD / HTTP/1.1" 200 0 "-" "Alert_Alligator_webmonitoring_service_1.4.8_(alertalligator.com)"
66.249.75.97 - - [20/Jan/2021:07:21:48 +0100] "GET /robots.txt HTTP/1.1" 404 - "-" "Mozilla/5.0 (compatible; Googlebot/2.1; +http://www.google.com/bot.html)"
66.249.75.97 - - [20/Jan/2021:07:21:48 +0100] "GET / HTTP/1.1" 200 169 "-" "Mozilla/5.0 (Linux; Android 6.0.1; Nexus 5X Build/MMB29P) AppleWebKit/537.36 (KHTML, like Gecko) Chrome/87.0.4280.90 Mobile Safari/537.36 (compatible; Googlebot/2.1; +http://www.google.com/bot.html)"
49.12.13.109 - - [20/Jan/2021:07:25:21 +0100] "HEAD / HTTP/1.1" 200 0 "-" "Alert_Alligator_webmonitoring_service_1.4.8_(alertalligator.com)"
66.249.69.111 - - [20/Jan/2021:07:32:07 +0100] "GET /robots.txt HTTP/1.1" 404 - "-" "Mozilla/5.0 (compatible; Googlebot/2.1; +http://www.google.com/bot.html)"
66.249.69.111 - - [20/Jan/2021:07:32:07 +0100] "GET / HTTP/1.1" 200 174 "-" "Mozilla/5.0 (Linux; Android 6.0.1; Nexus 5X Build/MMB29P) AppleWebKit/537.36 (KHTML, like Gecko) Chrome/87.0.4280.90 Mobile Safari/537.36 (compatible; Googlebot/2.1; +http://www.google.com/bot.html)"
66.249.75.209 - - [20/Jan/2021:08:02:08 +0100] "GET /robots.txt HTTP/1.1" 404 - "-" "Mozilla/5.0 (compatible; Googlebot/2.1; +http://www.google.com/bot.html)"
66.249.75.209 - - [20/Jan/2021:08:02:08 +0100] "GET / HTTP/1.1" 200 169 "-" "Mozilla/5.0 (compatible; Googlebot/2.1; +http://www.google.com/bot.html)"
212.237.51.151 - - [20/Jan/2021:08:17:08 +0100] "HEAD / HTTP/1.1" 200 0 "-" "Alert_Alligator_webmonitoring_service_1.4.7_(alertalligator.com)"
187.33.87.98 - - [20/Jan/2021:08:28:19 +0100] "GET /.git/config HTTP/1.1" 404 - "-" "Mozilla/5.0 (Macintosh; Intel Mac OS X 10_15_7) AppleWebKit/537.36 (KHTML, like Gecko) Chrome/87.0.4280.141 Safari/537.36"
34.210.72.101 - - [20/Jan/2021:08:33:13 +0100] "HEAD / HTTP/1.1" 200 0 "-" "Go-http-client/1.1"
54.200.233.73 - - [20/Jan/2021:08:33:14 +0100] "GET / HTTP/1.1" 200 174 "-" "Mozilla/5.0 (X11; Linux x86_64) AppleWebKit/537.36 (KHTML, like Gecko) HeadlessChrome/83.0.4103.97 Safari/537.36"
114.119.137.174 - - [20/Jan/2021:08:44:55 +0100] "GET /robots.txt HTTP/1.1" 404 - "-" "(compatible;PetalBot;+https://aspiegel.com/petalbot)"
49.12.13.109 - - [20/Jan/2021:08:56:14 +0100] "HEAD / HTTP/1.1" 200 0 "-" "Alert_Alligator_webmonitoring_service_1.4.8_(alertalligator.com)"
49.12.13.109 - - [20/Jan/2021:09:40:38 +0100] "HEAD / HTTP/1.1" 200 0 "-" "Alert_Alligator_webmonitoring_service_1.4.8_(alertalligator.com)"
212.237.51.151 - - [20/Jan/2021:10:37:54 +0100] "HEAD / HTTP/1.1" 200 0 "-" "Alert_Alligator_webmonitoring_service_1.4.7_(alertalligator.com)"
212.237.51.151 - - [20/Jan/2021:11:32:27 +0100] "HEAD / HTTP/1.1" 200 0 "-" "Alert_Alligator_webmonitoring_service_1.4.7_(alertalligator.com)"
212.237.23.143 - - [20/Jan/2021:12:31:38 +0100] "HEAD / HTTP/1.1" 200 0 "-" "Alert_Alligator_webmonitoring_service_1.4.7_(alertalligator.com)"
49.12.13.109 - - [20/Jan/2021:13:12:16 +0100] "HEAD / HTTP/1.1" 200 0 "-" "Alert_Alligator_webmonitoring_service_1.4.8_(alertalligator.com)"
220.181.51.71 - - [20/Jan/2021:13:21:25 +0100] "GET / HTTP/1.1" 200 174 "-" "Mozilla/5.0 (Windows NT 10.0; WOW64) AppleWebKit/537.36 (KHTML, like Gecko) Chrome/45.0.2454.93 Safari/537.36"
49.12.13.109 - - [20/Jan/2021:13:58:28 +0100] "HEAD / HTTP/1.1" 200 0 "-" "Alert_Alligator_webmonitoring_service_1.4.8_(alertalligator.com)"
49.12.13.109 - - [20/Jan/2021:14:40:26 +0100] "HEAD / HTTP/1.1" 200 0 "-" "Alert_Alligator_webmonitoring_service_1.4.8_(alertalligator.com)"
212.237.23.143 - - [20/Jan/2021:15:39:55 +0100] "HEAD / HTTP/1.1" 200 0 "-" "Alert_Alligator_webmonitoring_service_1.4.7_(alertalligator.com)"
66.249.69.93 - - [20/Jan/2021:16:05:27 +0100] "GET /robots.txt HTTP/1.1" 404 - "-" "Mozilla/5.0 (compatible; Googlebot/2.1; +http://www.google.com/bot.html)"
66.249.69.91 - - [20/Jan/2021:16:05:28 +0100] "GET / HTTP/1.1" 200 166 "-" "Mozilla/5.0 (Linux; Android 6.0.1; Nexus 5X Build/MMB29P) AppleWebKit/537.36 (KHTML, like Gecko) Chrome/87.0.4280.90 Mobile Safari/537.36 (compatible; Googlebot/2.1; +http://www.google.com/bot.html)"
212.237.51.151 - - [20/Jan/2021:16:32:01 +0100] "HEAD / HTTP/1.1" 200 0 "-" "Alert_Alligator_webmonitoring_service_1.4.7_(alertalligator.com)"
42.236.10.73 - - [20/Jan/2021:16:36:46 +0100] "GET / HTTP/1.1" 200 166 "http://micsodaido.hu/" "Mozilla/5.0 (Windows NT 6.1; WOW64) AppleWebKit/537.36 (KHTML, like Gecko) Chrome/50.4.2661.102 Safari/537.36; 360Spider"
42.236.106.114 - - [20/Jan/2021:16:40:54 +0100] "GET / HTTP/1.1" 200 166 "http://www.micsodaido.hu/" "Mozilla/5.0 (Windows NT 6.1; WOW64) AppleWebKit/537.36 (KHTML, like Gecko) Chrome/50.4.2661.102 Safari/537.36; 360Spider"
66.249.69.91 - - [20/Jan/2021:17:05:47 +0100] "GET / HTTP/1.1" 200 166 "-" "Mozilla/5.0 (compatible; Googlebot/2.1; +http://www.google.com/bot.html)"
49.12.13.109 - - [20/Jan/2021:17:13:13 +0100] "HEAD / HTTP/1.1" 200 0 "-" "Alert_Alligator_webmonitoring_service_1.4.8_(alertalligator.com)"
212.237.23.143 - - [20/Jan/2021:18:14:40 +0100] "HEAD / HTTP/1.1" 200 0 "-" "Alert_Alligator_webmonitoring_service_1.4.7_(alertalligator.com)"
66.249.75.205 - - [20/Jan/2021:18:46:19 +0100] "GET / HTTP/1.1" 200 169 "-" "Mozilla/5.0 (Linux; Android 6.0.1; Nexus 5X Build/MMB29P) AppleWebKit/537.36 (KHTML, like Gecko) Chrome/87.0.4280.90 Mobile Safari/537.36 (compatible; Googlebot/2.1; +http://www.google.com/bot.html)"
66.249.72.173 - - [20/Jan/2021:18:56:21 +0100] "GET /robots.txt HTTP/1.1" 404 - "-" "Mozilla/5.0 (compatible; Googlebot/2.1; +http://www.google.com/bot.html)"
66.249.72.173 - - [20/Jan/2021:18:56:21 +0100] "GET / HTTP/1.1" 200 174 "-" "Mozilla/5.0 (Linux; Android 6.0.1; Nexus 5X Build/MMB29P) AppleWebKit/537.36 (KHTML, like Gecko) Chrome/87.0.4280.90 Mobile Safari/537.36 (compatible; Googlebot/2.1; +http://www.google.com/bot.html)"
212.237.51.151 - - [20/Jan/2021:19:04:18 +0100] "HEAD / HTTP/1.1" 200 0 "-" "Alert_Alligator_webmonitoring_service_1.4.7_(alertalligator.com)"
49.12.13.109 - - [20/Jan/2021:19:46:02 +0100] "HEAD / HTTP/1.1" 200 0 "-" "Alert_Alligator_webmonitoring_service_1.4.8_(alertalligator.com)"
66.249.69.113 - - [20/Jan/2021:20:06:38 +0100] "GET /robots.txt HTTP/1.1" 404 - "-" "Mozilla/5.0 (compatible; Googlebot/2.1; +http://www.google.com/bot.html)"
66.249.69.113 - - [20/Jan/2021:20:06:38 +0100] "GET / HTTP/1.1" 200 174 "-" "Mozilla/5.0 (compatible; Googlebot/2.1; +http://www.google.com/bot.html)"
192.71.36.158 - - [20/Jan/2021:20:36:28 +0100] "GET /robots.txt HTTP/1.1" 404 - "-" "Go-http-client/1.1"
192.36.70.176 - - [20/Jan/2021:20:36:29 +0100] "GET /humans.txt HTTP/1.1" 404 - "-" "Go-http-client/1.1"
192.36.52.37 - - [20/Jan/2021:20:36:29 +0100] "GET /ads.txt HTTP/1.1" 404 - "-" "Go-http-client/1.1"
192.71.42.108 - - [20/Jan/2021:20:36:29 +0100] "GET / HTTP/1.1" 200 174 "-" "Go-http-client/1.1"
212.237.51.151 - - [20/Jan/2021:20:37:58 +0100] "HEAD / HTTP/1.1" 200 0 "-" "Alert_Alligator_webmonitoring_service_1.4.7_(alertalligator.com)"
103.153.183.22 - - [20/Jan/2021:20:51:35 +0100] "GET /.env HTTP/1.1" 404 - "-" "Mozilla/5.0 (Macintosh; Intel Mac OS X 10.15; rv:77.0) Gecko/20100101 Firefox/77.0"
52.43.161.94 - - [20/Jan/2021:20:55:04 +0100] "HEAD / HTTP/1.1" 200 0 "-" "Go-http-client/1.1"
52.43.161.94 - - [20/Jan/2021:20:55:05 +0100] "GET / HTTP/1.1" 200 174 "-" "Mozilla/5.0 (Windows NT 6.1; WOW64) AppleWebKit/537.36 (KHTML, like Gecko) Chrome/56.0.2924.76 Safari/537.36"
54.187.3.82 - - [20/Jan/2021:20:55:08 +0100] "GET / HTTP/1.1" 200 174 "-" "Mozilla/5.0 (X11; Linux x86_64) AppleWebKit/537.36 (KHTML, like Gecko) HeadlessChrome/83.0.4103.97 Safari/537.36"
49.12.13.109 - - [20/Jan/2021:21:19:13 +0100] "HEAD / HTTP/1.1" 200 0 "-" "Alert_Alligator_webmonitoring_service_1.4.8_(alertalligator.com)"
66.249.75.97 - - [20/Jan/2021:21:37:36 +0100] "GET /robots.txt HTTP/1.1" 404 - "-" "Mozilla/5.0 (compatible; Googlebot/2.1; +http://www.google.com/bot.html)"
66.249.75.97 - - [20/Jan/2021:21:37:37 +0100] "GET / HTTP/1.1" 200 169 "-" "Mozilla/5.0 (compatible; Googlebot/2.1; +http://www.google.com/bot.html)"
49.12.13.109 - - [20/Jan/2021:22:03:03 +0100] "HEAD / HTTP/1.1" 200 0 "-" "Alert_Alligator_webmonitoring_service_1.4.8_(alertalligator.com)"
213.166.76.119 - - [20/Jan/2021:22:28:01 +0100] "GET /generator/ HTTP/1.1" 404 - "-" "Mozilla/4.0 (compatible; MSIE 6.0; Windows NT 5.1; SV1)"
212.237.53.115 - - [20/Jan/2021:23:00:57 +0100] "HEAD / HTTP/1.1" 200 0 "-" "Alert_Alligator_webmonitoring_service_1.4.7_(alertalligator.com)"
49.12.13.109 - - [20/Jan/2021:23:44:27 +0100] "HEAD / HTTP/1.1" 200 0 "-" "Alert_Alligator_webmonitoring_service_1.4.8_(alertalligator.com)"
212.237.51.151 - - [21/Jan/2021:00:34:29 +0100] "HEAD / HTTP/1.1" 200 0 "-" "Alert_Alligator_webmonitoring_service_1.4.7_(alertalligator.com)"
178.62.74.6 - - [21/Jan/2021:00:56:44 +0100] "GET / HTTP/1.1" 200 174 "-" "Mozilla/5.0 (Windows NT 6.0) AppleWebKit/537.36 (KHTML, like Gecko) Chrome/34.0.1847.116 Safari/537.36"
173.231.59.212 - - [21/Jan/2021:01:11:53 +0100] "GET /robots.txt HTTP/1.1" 404 - "-" "Mozilla/5.0 (compatible; Adsbot/3.1)"
173.231.59.212 - - [21/Jan/2021:01:12:07 +0100] "GET / HTTP/1.1" 200 166 "-" "Mozilla/5.0 (compatible; Adsbot/3.1)"
49.12.13.109 - - [21/Jan/2021:01:17:40 +0100] "HEAD / HTTP/1.1" 200 0 "-" "Alert_Alligator_webmonitoring_service_1.4.8_(alertalligator.com)"
49.12.13.109 - - [21/Jan/2021:01:58:17 +0100] "HEAD / HTTP/1.1" 200 0 "-" "Alert_Alligator_webmonitoring_service_1.4.8_(alertalligator.com)"
116.179.32.231 - - [21/Jan/2021:02:09:39 +0100] "GET / HTTP/1.1" 200 174 "-" "Mozilla/5.0 (compatible; Baiduspider/2.0; +http://www.baidu.com/search/spider.html)"
49.12.13.109 - - [21/Jan/2021:02:39:14 +0100] "HEAD / HTTP/1.1" 200 0 "-" "Alert_Alligator_webmonitoring_service_1.4.8_(alertalligator.com)"
49.12.13.109 - - [21/Jan/2021:03:19:15 +0100] "HEAD / HTTP/1.1" 200 0 "-" "Alert_Alligator_webmonitoring_service_1.4.8_(alertalligator.com)"
212.237.51.151 - - [21/Jan/2021:04:11:42 +0100] "HEAD / HTTP/1.1" 200 0 "-" "Alert_Alligator_webmonitoring_service_1.4.7_(alertalligator.com)"
114.119.141.34 - - [21/Jan/2021:04:13:31 +0100] "GET /robots.txt HTTP/1.1" 404 - "-" "(compatible;PetalBot;+https://aspiegel.com/petalbot)"
49.12.13.109 - - [21/Jan/2021:04:51:57 +0100] "HEAD / HTTP/1.1" 200 0 "-" "Alert_Alligator_webmonitoring_service_1.4.8_(alertalligator.com)"
49.12.13.109 - - [21/Jan/2021:05:36:48 +0100] "HEAD / HTTP/1.1" 200 0 "-" "Alert_Alligator_webmonitoring_service_1.4.8_(alertalligator.com)"
192.227.238.130 - - [21/Jan/2021:06:16:47 +0100] "GET / HTTP/1.0" 200 174 "-" "Mozilla/5.0 (Windows NT 6.1; WOW64) AppleWebKit/537.36 (KHTML, like Gecko) Chrome/54.0.2840.59 Safari/537.36 115Browser/8.3.0"
212.237.53.115 - - [21/Jan/2021:06:31:16 +0100] "HEAD / HTTP/1.1" 200 0 "-" "Alert_Alligator_webmonitoring_service_1.4.7_(alertalligator.com)"
212.237.53.115 - - [21/Jan/2021:07:28:28 +0100] "HEAD / HTTP/1.1" 200 0 "-" "Alert_Alligator_webmonitoring_service_1.4.7_(alertalligator.com)"
116.179.32.94 - - [21/Jan/2021:08:09:49 +0100] "GET / HTTP/1.1" 200 174 "-" "Mozilla/5.0 (compatible; Baiduspider/2.0; +http://www.baidu.com/search/spider.html)"
212.237.23.143 - - [21/Jan/2021:08:28:57 +0100] "HEAD / HTTP/1.1" 200 0 "-" "Alert_Alligator_webmonitoring_service_1.4.7_(alertalligator.com)"
212.237.53.115 - - [21/Jan/2021:09:25:50 +0100] "HEAD / HTTP/1.1" 200 0 "-" "Alert_Alligator_webmonitoring_service_1.4.7_(alertalligator.com)"
209.17.97.98 - - [21/Jan/2021:09:28:54 +0100] "GET / HTTP/1.1" 200 174 "-" "Mozilla/5.0 (compatible; Nimbostratus-Bot/v1.3.2; http://cloudsystemnetworks.com)"
157.55.39.23 - - [21/Jan/2021:10:03:39 +0100] "GET /robots.txt HTTP/1.1" 404 - "-" "Mozilla/5.0 (compatible; bingbot/2.0; +http://www.bing.com/bingbot.htm)"
212.237.51.151 - - [21/Jan/2021:10:18:53 +0100] "HEAD / HTTP/1.1" 200 0 "-" "Alert_Alligator_webmonitoring_service_1.4.7_(alertalligator.com)"
49.12.13.109 - - [21/Jan/2021:10:54:06 +0100] "HEAD / HTTP/1.1" 200 0 "-" "Alert_Alligator_webmonitoring_service_1.4.8_(alertalligator.com)"
212.237.53.115 - - [21/Jan/2021:11:54:03 +0100] "HEAD / HTTP/1.1" 200 0 "-" "Alert_Alligator_webmonitoring_service_1.4.7_(alertalligator.com)"
212.237.23.143 - - [21/Jan/2021:12:50:49 +0100] "HEAD / HTTP/1.1" 200 0 "-" "Alert_Alligator_webmonitoring_service_1.4.7_(alertalligator.com)"
157.245.212.120 - - [21/Jan/2021:12:52:00 +0100] "GET / HTTP/1.1" 200 174 "-" "Mozilla/5.0 (Windows NT 10.0; Win64; x64) AppleWebKit/537.36 (KHTML, like Gecko) Chrome/78.0.3904.108 Safari/537.36"
157.245.212.120 - - [21/Jan/2021:12:52:00 +0100] "GET / HTTP/1.1" 200 174 "-" "Mozilla/5.0 (Windows NT 10.0; Win64; x64) AppleWebKit/537.36 (KHTML, like Gecko) Chrome/78.0.3904.108 Safari/537.36"
157.245.212.120 - - [21/Jan/2021:12:52:00 +0100] "GET /wp-includes/wlwmanifest.xml HTTP/1.1" 404 - "-" "Mozilla/5.0 (Windows NT 10.0; Win64; x64) AppleWebKit/537.36 (KHTML, like Gecko) Chrome/78.0.3904.108 Safari/537.36"
157.245.212.120 - - [21/Jan/2021:12:52:00 +0100] "GET /xmlrpc.php?rsd HTTP/1.1" 404 - "-" "Mozilla/5.0 (Windows NT 10.0; Win64; x64) AppleWebKit/537.36 (KHTML, like Gecko) Chrome/78.0.3904.108 Safari/537.36"
157.245.212.120 - - [21/Jan/2021:12:52:00 +0100] "GET / HTTP/1.1" 200 174 "-" "Mozilla/5.0 (Windows NT 10.0; Win64; x64) AppleWebKit/537.36 (KHTML, like Gecko) Chrome/78.0.3904.108 Safari/537.36"
157.245.212.120 - - [21/Jan/2021:12:52:00 +0100] "GET /blog/wp-includes/wlwmanifest.xml HTTP/1.1" 404 - "-" "Mozilla/5.0 (Windows NT 10.0; Win64; x64) AppleWebKit/537.36 (KHTML, like Gecko) Chrome/78.0.3904.108 Safari/537.36"
157.245.212.120 - - [21/Jan/2021:12:52:00 +0100] "GET /web/wp-includes/wlwmanifest.xml HTTP/1.1" 404 - "-" "Mozilla/5.0 (Windows NT 10.0; Win64; x64) AppleWebKit/537.36 (KHTML, like Gecko) Chrome/78.0.3904.108 Safari/537.36"
157.245.212.120 - - [21/Jan/2021:12:52:00 +0100] "GET /wordpress/wp-includes/wlwmanifest.xml HTTP/1.1" 404 - "-" "Mozilla/5.0 (Windows NT 10.0; Win64; x64) AppleWebKit/537.36 (KHTML, like Gecko) Chrome/78.0.3904.108 Safari/537.36"
157.245.212.120 - - [21/Jan/2021:12:52:01 +0100] "GET /website/wp-includes/wlwmanifest.xml HTTP/1.1" 404 - "-" "Mozilla/5.0 (Windows NT 10.0; Win64; x64) AppleWebKit/537.36 (KHTML, like Gecko) Chrome/78.0.3904.108 Safari/537.36"
157.245.212.120 - - [21/Jan/2021:12:52:01 +0100] "GET /wp/wp-includes/wlwmanifest.xml HTTP/1.1" 404 - "-" "Mozilla/5.0 (Windows NT 10.0; Win64; x64) AppleWebKit/537.36 (KHTML, like Gecko) Chrome/78.0.3904.108 Safari/537.36"
157.245.212.120 - - [21/Jan/2021:12:52:01 +0100] "GET /news/wp-includes/wlwmanifest.xml HTTP/1.1" 404 - "-" "Mozilla/5.0 (Windows NT 10.0; Win64; x64) AppleWebKit/537.36 (KHTML, like Gecko) Chrome/78.0.3904.108 Safari/537.36"
157.245.212.120 - - [21/Jan/2021:12:52:01 +0100] "GET /2018/wp-includes/wlwmanifest.xml HTTP/1.1" 404 - "-" "Mozilla/5.0 (Windows NT 10.0; Win64; x64) AppleWebKit/537.36 (KHTML, like Gecko) Chrome/78.0.3904.108 Safari/537.36"
157.245.212.120 - - [21/Jan/2021:12:52:01 +0100] "GET /2019/wp-includes/wlwmanifest.xml HTTP/1.1" 404 - "-" "Mozilla/5.0 (Windows NT 10.0; Win64; x64) AppleWebKit/537.36 (KHTML, like Gecko) Chrome/78.0.3904.108 Safari/537.36"
157.245.212.120 - - [21/Jan/2021:12:52:01 +0100] "GET /shop/wp-includes/wlwmanifest.xml HTTP/1.1" 404 - "-" "Mozilla/5.0 (Windows NT 10.0; Win64; x64) AppleWebKit/537.36 (KHTML, like Gecko) Chrome/78.0.3904.108 Safari/537.36"
157.245.212.120 - - [21/Jan/2021:12:52:01 +0100] "GET /wp1/wp-includes/wlwmanifest.xml HTTP/1.1" 404 - "-" "Mozilla/5.0 (Windows NT 10.0; Win64; x64) AppleWebKit/537.36 (KHTML, like Gecko) Chrome/78.0.3904.108 Safari/537.36"
157.245.212.120 - - [21/Jan/2021:12:52:01 +0100] "GET /test/wp-includes/wlwmanifest.xml HTTP/1.1" 404 - "-" "Mozilla/5.0 (Windows NT 10.0; Win64; x64) AppleWebKit/537.36 (KHTML, like Gecko) Chrome/78.0.3904.108 Safari/537.36"
157.245.212.120 - - [21/Jan/2021:12:52:02 +0100] "GET /media/wp-includes/wlwmanifest.xml HTTP/1.1" 404 - "-" "Mozilla/5.0 (Windows NT 10.0; Win64; x64) AppleWebKit/537.36 (KHTML, like Gecko) Chrome/78.0.3904.108 Safari/537.36"
157.245.212.120 - - [21/Jan/2021:12:52:02 +0100] "GET /wp2/wp-includes/wlwmanifest.xml HTTP/1.1" 404 - "-" "Mozilla/5.0 (Windows NT 10.0; Win64; x64) AppleWebKit/537.36 (KHTML, like Gecko) Chrome/78.0.3904.108 Safari/537.36"
157.245.212.120 - - [21/Jan/2021:12:52:02 +0100] "GET /site/wp-includes/wlwmanifest.xml HTTP/1.1" 404 - "-" "Mozilla/5.0 (Windows NT 10.0; Win64; x64) AppleWebKit/537.36 (KHTML, like Gecko) Chrome/78.0.3904.108 Safari/537.36"
157.245.212.120 - - [21/Jan/2021:12:52:02 +0100] "GET /cms/wp-includes/wlwmanifest.xml HTTP/1.1" 404 - "-" "Mozilla/5.0 (Windows NT 10.0; Win64; x64) AppleWebKit/537.36 (KHTML, like Gecko) Chrome/78.0.3904.108 Safari/537.36"
157.245.212.120 - - [21/Jan/2021:12:52:02 +0100] "GET /sito/wp-includes/wlwmanifest.xml HTTP/1.1" 404 - "-" "Mozilla/5.0 (Windows NT 10.0; Win64; x64) AppleWebKit/537.36 (KHTML, like Gecko) Chrome/78.0.3904.108 Safari/537.36"
212.237.23.143 - - [21/Jan/2021:13:51:27 +0100] "HEAD / HTTP/1.1" 200 0 "-" "Alert_Alligator_webmonitoring_service_1.4.7_(alertalligator.com)"
209.17.97.42 - - [21/Jan/2021:14:02:48 +0100] "GET / HTTP/1.1" 200 166 "-" "Mozilla/5.0 (compatible; Nimbostratus-Bot/v1.3.2; http://cloudsystemnetworks.com)"
49.12.13.109 - - [21/Jan/2021:14:36:13 +0100] "HEAD / HTTP/1.1" 200 0 "-" "Alert_Alligator_webmonitoring_service_1.4.8_(alertalligator.com)"
212.237.53.115 - - [21/Jan/2021:15:33:58 +0100] "HEAD / HTTP/1.1" 200 0 "-" "Alert_Alligator_webmonitoring_service_1.4.7_(alertalligator.com)"
49.12.13.109 - - [21/Jan/2021:16:14:47 +0100] "HEAD / HTTP/1.1" 200 0 "-" "Alert_Alligator_webmonitoring_service_1.4.8_(alertalligator.com)"
44.234.254.215 - - [21/Jan/2021:16:20:13 +0100] "GET / HTTP/1.1" 200 166 "-" "Mozilla/5.0 (X11; Linux x86_64) AppleWebKit/537.36 (KHTML, like Gecko) Chrome/83.0.4103.97 Safari/537.36"
35.167.26.181 - - [21/Jan/2021:16:20:57 +0100] "GET /favicon.ico HTTP/1.1" 404 - "-" "Go-http-client/1.1"
35.167.26.181 - - [21/Jan/2021:16:20:58 +0100] "GET / HTTP/1.1" 200 166 "-" "Go-http-client/1.1"
212.237.51.151 - - [21/Jan/2021:17:05:29 +0100] "HEAD / HTTP/1.1" 200 0 "-" "Alert_Alligator_webmonitoring_service_1.4.7_(alertalligator.com)"
165.22.12.139 - - [21/Jan/2021:17:45:42 +0100] "GET / HTTP/1.1" 200 166 "-" "Mozilla/5.0 (Macintosh; Intel Mac OS X 10_15_2) AppleWebKit/537.36 (KHTML, like Gecko) Chrome/79.0.3945.88 Safari/537.36"
49.12.13.109 - - [21/Jan/2021:17:46:15 +0100] "HEAD / HTTP/1.1" 200 0 "-" "Alert_Alligator_webmonitoring_service_1.4.8_(alertalligator.com)"
49.12.13.109 - - [21/Jan/2021:18:24:19 +0100] "HEAD / HTTP/1.1" 200 0 "-" "Alert_Alligator_webmonitoring_service_1.4.8_(alertalligator.com)"
151.80.45.51 - - [21/Jan/2021:18:49:09 +0100] "GET /wp-login.php HTTP/1.1" 404 - "-" "Mozilla/5.0 (X11; Ubuntu; Linux x86_64; rv:62.0) Gecko/20100101 Firefox/62.0"
52.33.86.169 - - [21/Jan/2021:19:18:43 +0100] "HEAD / HTTP/1.1" 200 0 "-" "Go-http-client/1.1"
212.237.53.115 - - [21/Jan/2021:19:21:57 +0100] "HEAD / HTTP/1.1" 200 0 "-" "Alert_Alligator_webmonitoring_service_1.4.7_(alertalligator.com)"
34.213.226.5 - - [21/Jan/2021:19:53:02 +0100] "GET / HTTP/1.1" 200 174 "-" "Mozilla/5.0 (X11; Linux x86_64) AppleWebKit/537.36 (KHTML, like Gecko) HeadlessChrome/83.0.4103.97 Safari/537.36"
49.12.13.109 - - [21/Jan/2021:20:02:20 +0100] "HEAD / HTTP/1.1" 200 0 "-" "Alert_Alligator_webmonitoring_service_1.4.8_(alertalligator.com)"
212.237.51.151 - - [21/Jan/2021:20:54:48 +0100] "HEAD / HTTP/1.1" 200 0 "-" "Alert_Alligator_webmonitoring_service_1.4.7_(alertalligator.com)"
49.12.13.109 - - [21/Jan/2021:21:38:44 +0100] "HEAD / HTTP/1.1" 200 0 "-" "Alert_Alligator_webmonitoring_service_1.4.8_(alertalligator.com)"
114.119.135.253 - - [21/Jan/2021:22:35:00 +0100] "GET /robots.txt HTTP/1.1" 404 - "-" "(compatible;PetalBot;+https://aspiegel.com/petalbot)"
212.237.23.143 - - [21/Jan/2021:22:38:35 +0100] "HEAD / HTTP/1.1" 200 0 "-" "Alert_Alligator_webmonitoring_service_1.4.7_(alertalligator.com)"
212.237.51.151 - - [21/Jan/2021:23:29:41 +0100] "HEAD / HTTP/1.1" 200 0 "-" "Alert_Alligator_webmonitoring_service_1.4.7_(alertalligator.com)"
51.222.43.158 - - [21/Jan/2021:23:44:08 +0100] "GET / HTTP/1.1" 200 174 "-" "Mozilla/5.0 (compatible; Dataprovider.com)"
51.222.43.158 - - [21/Jan/2021:23:44:10 +0100] "GET /robots.txt HTTP/1.1" 404 - "-" "Mozilla/5.0 (compatible; Dataprovider.com)"
51.222.43.158 - - [21/Jan/2021:23:44:11 +0100] "GET /sitemap.xml HTTP/1.1" 404 - "-" "Mozilla/5.0 (compatible; Dataprovider.com)"
51.222.43.158 - - [21/Jan/2021:23:44:12 +0100] "GET / HTTP/1.1" 200 174 "-" "Mozilla/5.0 (compatible; Dataprovider.com)"
51.222.43.158 - - [21/Jan/2021:23:44:13 +0100] "GET /ads.txt HTTP/1.1" 404 - "-" "Mozilla/5.0 (compatible; Dataprovider.com)"
51.222.43.158 - - [21/Jan/2021:23:44:13 +0100] "GET / HTTP/1.1" 200 174 "-" "Mozilla/5.0 (Linux; Android 5.1.1; SM-G925F Build/LMY47X) AppleWebKit/537.36 (KHTML, like Gecko) Chrome/45.0.2454.94 Mobile Safari/537.36"
51.77.129.167 - - [21/Jan/2021:23:44:21 +0100] "GET / HTTP/1.1" 200 174 "-" "Mozilla/5.0 (compatible; Dataprovider.com)"
212.237.51.151 - - [22/Jan/2021:00:21:34 +0100] "HEAD / HTTP/1.1" 200 0 "-" "Alert_Alligator_webmonitoring_service_1.4.7_(alertalligator.com)"
54.187.248.191 - - [22/Jan/2021:00:34:58 +0100] "HEAD / HTTP/1.1" 200 0 "-" "Go-http-client/1.1"
54.190.56.41 - - [22/Jan/2021:00:35:00 +0100] "HEAD / HTTP/1.1" 200 0 "-" "Mozilla/5.0 (Windows NT 6.1; WOW64) AppleWebKit/537.36 (KHTML, like Gecko) Chrome/56.0.2924.76 Safari/537.36"
34.214.185.68 - - [22/Jan/2021:00:35:01 +0100] "GET / HTTP/1.1" 200 174 "-" "Mozilla/5.0 (X11; Linux x86_64) AppleWebKit/537.36 (KHTML, like Gecko) HeadlessChrome/83.0.4103.97 Safari/537.36"
212.237.51.151 - - [22/Jan/2021:01:12:36 +0100] "HEAD / HTTP/1.1" 200 0 "-" "Alert_Alligator_webmonitoring_service_1.4.7_(alertalligator.com)"
212.237.51.151 - - [22/Jan/2021:02:07:32 +0100] "HEAD / HTTP/1.1" 200 0 "-" "Alert_Alligator_webmonitoring_service_1.4.7_(alertalligator.com)"
212.237.53.115 - - [22/Jan/2021:03:08:01 +0100] "HEAD / HTTP/1.1" 200 0 "-" "Alert_Alligator_webmonitoring_service_1.4.7_(alertalligator.com)"
212.237.51.151 - - [22/Jan/2021:03:58:23 +0100] "HEAD / HTTP/1.1" 200 0 "-" "Alert_Alligator_webmonitoring_service_1.4.7_(alertalligator.com)"
52.60.189.115 - - [22/Jan/2021:04:00:33 +0100] "GET /wp-login.php HTTP/1.1" 404 - "-" "Mozilla/5.0 (Macintosh; Intel Mac OS X 10_9_0) AppleWebKit/537.36 (KHTML, like Gecko) Chrome/32.0.1664.3 Safari/537.36"
52.60.189.115 - - [22/Jan/2021:04:00:33 +0100] "GET /wp-login.php HTTP/1.1" 404 - "-" "Mozilla/5.0 (Macintosh; Intel Mac OS X 10_9_0) AppleWebKit/537.36 (KHTML, like Gecko) Chrome/32.0.1664.3 Safari/537.36"
49.12.13.109 - - [22/Jan/2021:04:34:46 +0100] "HEAD / HTTP/1.1" 200 0 "-" "Alert_Alligator_webmonitoring_service_1.4.8_(alertalligator.com)"
49.12.13.109 - - [22/Jan/2021:05:15:28 +0100] "HEAD / HTTP/1.1" 200 0 "-" "Alert_Alligator_webmonitoring_service_1.4.8_(alertalligator.com)"
42.156.138.4 - - [22/Jan/2021:06:03:20 +0100] "GET /eng_mesek.html HTTP/1.1" 404 - "-" "Mozilla/5.0 (Windows NT 6.1; Win64; x64) AppleWebKit/537.36 (KHTML, like Gecko) Chrome/69.0.3497.81 YisouSpider/5.0 Safari/537.36"
106.11.152.61 - - [22/Jan/2021:06:03:20 +0100] "GET /robots.txt HTTP/1.1" 404 - "-" "YisouSpider"
212.237.23.143 - - [22/Jan/2021:06:13:00 +0100] "HEAD / HTTP/1.1" 200 0 "-" "Alert_Alligator_webmonitoring_service_1.4.7_(alertalligator.com)"
49.12.13.109 - - [22/Jan/2021:06:56:38 +0100] "HEAD / HTTP/1.1" 200 0 "-" "Alert_Alligator_webmonitoring_service_1.4.8_(alertalligator.com)"
49.12.13.109 - - [22/Jan/2021:07:55:16 +0100] "HEAD / HTTP/1.1" 200 0 "-" "Alert_Alligator_webmonitoring_service_1.4.8_(alertalligator.com)"
212.237.51.151 - - [22/Jan/2021:08:49:54 +0100] "HEAD / HTTP/1.1" 200 0 "-" "Alert_Alligator_webmonitoring_service_1.4.7_(alertalligator.com)"
92.249.232.231 - - [22/Jan/2021:09:09:28 +0100] "HEAD / HTTP/1.1" 200 0 "-" "Mozilla/5.0 (X11; Linux x86_64) AppleWebKit/537.36 (KHTML, like Gecko) Chrome/56.0.2924.87 Safari/537.36"
92.249.232.231 - - [22/Jan/2021:09:09:28 +0100] "GET / HTTP/1.1" 200 166 "-" "Mozilla/5.0 (X11; Linux x86_64) AppleWebKit/537.36 (KHTML, like Gecko) Chrome/56.0.2924.87 Safari/537.36"
49.12.13.109 - - [22/Jan/2021:09:28:33 +0100] "HEAD / HTTP/1.1" 200 0 "-" "Alert_Alligator_webmonitoring_service_1.4.8_(alertalligator.com)"
212.237.23.143 - - [22/Jan/2021:10:29:24 +0100] "HEAD / HTTP/1.1" 200 0 "-" "Alert_Alligator_webmonitoring_service_1.4.7_(alertalligator.com)"
157.55.39.165 - - [22/Jan/2021:11:00:55 +0100] "GET / HTTP/1.1" 304 - "-" "Mozilla/5.0 (compatible; bingbot/2.0; +http://www.bing.com/bingbot.htm)"
49.12.13.109 - - [22/Jan/2021:11:13:10 +0100] "HEAD / HTTP/1.1" 200 0 "-" "Alert_Alligator_webmonitoring_service_1.4.8_(alertalligator.com)"
212.237.51.151 - - [22/Jan/2021:12:03:33 +0100] "HEAD / HTTP/1.1" 200 0 "-" "Alert_Alligator_webmonitoring_service_1.4.7_(alertalligator.com)"
49.12.13.109 - - [22/Jan/2021:12:41:54 +0100] "HEAD / HTTP/1.1" 200 0 "-" "Alert_Alligator_webmonitoring_service_1.4.8_(alertalligator.com)"
212.237.53.115 - - [22/Jan/2021:13:43:16 +0100] "HEAD / HTTP/1.1" 200 0 "-" "Alert_Alligator_webmonitoring_service_1.4.7_(alertalligator.com)"
49.12.13.109 - - [22/Jan/2021:14:23:31 +0100] "HEAD / HTTP/1.1" 200 0 "-" "Alert_Alligator_webmonitoring_service_1.4.8_(alertalligator.com)"
49.12.13.109 - - [22/Jan/2021:15:03:54 +0100] "HEAD / HTTP/1.1" 200 0 "-" "Alert_Alligator_webmonitoring_service_1.4.8_(alertalligator.com)"
212.237.53.115 - - [22/Jan/2021:16:00:05 +0100] "HEAD / HTTP/1.1" 200 0 "-" "Alert_Alligator_webmonitoring_service_1.4.7_(alertalligator.com)"
212.237.23.143 - - [22/Jan/2021:16:57:04 +0100] "HEAD / HTTP/1.1" 200 0 "-" "Alert_Alligator_webmonitoring_service_1.4.7_(alertalligator.com)"
212.237.51.151 - - [22/Jan/2021:17:47:17 +0100] "HEAD / HTTP/1.1" 200 0 "-" "Alert_Alligator_webmonitoring_service_1.4.7_(alertalligator.com)"
114.119.151.12 - - [22/Jan/2021:18:18:31 +0100] "GET /robots.txt HTTP/1.1" 404 - "-" "(compatible;PetalBot;+https://aspiegel.com/petalbot)"
129.226.49.27 - - [22/Jan/2021:18:30:11 +0100] "GET / HTTP/1.1" 200 174 "-" "Mozilla/5.0+(compatible;+Googlebot/2.1;++http://www.google.com/bot.html)"
212.237.51.151 - - [22/Jan/2021:18:34:59 +0100] "HEAD / HTTP/1.1" 200 0 "-" "Alert_Alligator_webmonitoring_service_1.4.7_(alertalligator.com)"
35.178.16.1 - - [22/Jan/2021:19:21:51 +0100] "GET /wp-login.php HTTP/1.1" 404 - "-" "Mozilla/5.0 (Windows NT 5.1) AppleWebKit/537.36 (KHTML, like Gecko) Chrome/31.0.1650.16 Safari/537.36"
35.178.16.1 - - [22/Jan/2021:19:21:51 +0100] "GET /wp-login.php HTTP/1.1" 404 - "-" "Mozilla/5.0 (Windows NT 5.1) AppleWebKit/537.36 (KHTML, like Gecko) Chrome/31.0.1650.16 Safari/537.36"
212.237.23.143 - - [22/Jan/2021:19:36:28 +0100] "HEAD / HTTP/1.1" 200 0 "-" "Alert_Alligator_webmonitoring_service_1.4.7_(alertalligator.com)"
173.231.59.212 - - [22/Jan/2021:19:51:41 +0100] "GET /robots.txt HTTP/1.1" 404 - "-" "Mozilla/5.0 (compatible; Adsbot/3.1)"
173.231.59.212 - - [22/Jan/2021:20:10:56 +0100] "GET /robots.txt HTTP/1.1" 404 - "-" "Mozilla/5.0 (compatible; Adsbot/3.1)"
49.12.13.109 - - [22/Jan/2021:20:14:47 +0100] "HEAD / HTTP/1.1" 200 0 "-" "Alert_Alligator_webmonitoring_service_1.4.8_(alertalligator.com)"
49.12.13.109 - - [22/Jan/2021:20:56:25 +0100] "HEAD / HTTP/1.1" 200 0 "-" "Alert_Alligator_webmonitoring_service_1.4.8_(alertalligator.com)"
173.231.59.212 - - [22/Jan/2021:21:04:26 +0100] "GET /robots.txt HTTP/1.1" 404 - "-" "Mozilla/5.0 (compatible; Adsbot/3.1)"
173.231.59.212 - - [22/Jan/2021:21:18:38 +0100] "GET /robots.txt HTTP/1.1" 404 - "-" "Mozilla/5.0 (compatible; Adsbot/3.1)"
173.231.59.212 - - [22/Jan/2021:21:32:23 +0100] "GET /robots.txt HTTP/1.1" 404 - "-" "Mozilla/5.0 (compatible; Adsbot/3.1)"
49.12.13.109 - - [22/Jan/2021:21:34:32 +0100] "HEAD / HTTP/1.1" 200 0 "-" "Alert_Alligator_webmonitoring_service_1.4.8_(alertalligator.com)"
173.231.59.212 - - [22/Jan/2021:21:40:25 +0100] "GET /panka/micsodaido.html HTTP/1.1" 404 - "http://www.micsodaido.hu/" "Mozilla/5.0 (compatible; Adsbot/3.1)"
206.189.54.104 - - [22/Jan/2021:21:57:42 +0100] "GET /wp-admin/install.php?step=1 HTTP/1.1" 404 - "-" "Apache/2.4.34 (Ubuntu) OpenSSL/1.1.1 (internal dummy connection)"
49.12.13.109 - - [22/Jan/2021:22:18:01 +0100] "HEAD / HTTP/1.1" 200 0 "-" "Alert_Alligator_webmonitoring_service_1.4.8_(alertalligator.com)"
212.237.51.151 - - [22/Jan/2021:23:09:54 +0100] "HEAD / HTTP/1.1" 200 0 "-" "Alert_Alligator_webmonitoring_service_1.4.7_(alertalligator.com)"
54.201.109.91 - - [22/Jan/2021:23:47:21 +0100] "HEAD / HTTP/1.1" 200 0 "-" "Go-http-client/1.1"
54.191.151.117 - - [22/Jan/2021:23:47:22 +0100] "GET / HTTP/1.1" 200 174 "-" "Mozilla/5.0 (X11; Linux x86_64) AppleWebKit/537.36 (KHTML, like Gecko) HeadlessChrome/83.0.4103.97 Safari/537.36"
49.12.13.109 - - [22/Jan/2021:23:50:29 +0100] "HEAD / HTTP/1.1" 200 0 "-" "Alert_Alligator_webmonitoring_service_1.4.8_(alertalligator.com)"
212.237.23.143 - - [23/Jan/2021:01:13:15 +0100] "HEAD / HTTP/1.1" 200 0 "-" "Alert_Alligator_webmonitoring_service_1.5.0_(alertalligator.com)"
212.237.23.143 - - [23/Jan/2021:02:10:11 +0100] "HEAD / HTTP/1.1" 200 0 "-" "Alert_Alligator_webmonitoring_service_1.5.0_(alertalligator.com)"
49.12.13.109 - - [23/Jan/2021:02:51:28 +0100] "HEAD / HTTP/1.1" 200 0 "-" "Alert_Alligator_webmonitoring_service_1.5.0_(alertalligator.com)"
212.237.53.115 - - [23/Jan/2021:03:48:21 +0100] "HEAD / HTTP/1.1" 200 0 "-" "Alert_Alligator_webmonitoring_service_1.5.0_(alertalligator.com)"
173.231.59.212 - - [23/Jan/2021:04:33:06 +0100] "GET /panka/micsodaido.html HTTP/1.1" 404 - "http://www.micsodaido.hu/" "Mozilla/5.0 (compatible; Adsbot/3.1)"
212.237.23.143 - - [23/Jan/2021:04:45:28 +0100] "HEAD / HTTP/1.1" 200 0 "-" "Alert_Alligator_webmonitoring_service_1.5.0_(alertalligator.com)"
77.222.115.46 - - [23/Jan/2021:05:13:43 +0100] "GET / HTTP/1.0" 200 174 "http://rumini.com/" "Mozilla/5.0 (Windows NT 10.0; Win64; x64) AppleWebKit/537.36 (KHTML, like Gecko) Chrome/83.0.4093.3 Safari/537.36"
49.12.13.109 - - [23/Jan/2021:05:24:13 +0100] "HEAD / HTTP/1.1" 200 0 "-" "Alert_Alligator_webmonitoring_service_1.5.0_(alertalligator.com)"
34.251.241.226 - - [23/Jan/2021:05:53:32 +0100] "GET /wp-login.php HTTP/1.1" 404 - "-" "Mozilla/5.0 (Windows NT 6.2) AppleWebKit/537.36 (KHTML, like Gecko) Chrome/28.0.1467.0 Safari/537.36"
34.251.241.226 - - [23/Jan/2021:05:53:32 +0100] "GET /wp-login.php HTTP/1.1" 404 - "-" "Mozilla/5.0 (Windows NT 6.2) AppleWebKit/537.36 (KHTML, like Gecko) Chrome/28.0.1467.0 Safari/537.36"
212.237.23.143 - - [23/Jan/2021:06:23:05 +0100] "HEAD / HTTP/1.1" 200 0 "-" "Alert_Alligator_webmonitoring_service_1.5.0_(alertalligator.com)"
66.249.69.54 - - [23/Jan/2021:06:25:03 +0100] "GET /robots.txt HTTP/1.1" 404 - "-" "Mozilla/5.0 (compatible; Googlebot/2.1; +http://www.google.com/bot.html)"
66.249.69.54 - - [23/Jan/2021:06:25:03 +0100] "GET / HTTP/1.1" 200 166 "-" "Mozilla/5.0 (compatible; Googlebot/2.1; +http://www.google.com/bot.html)"
49.12.13.109 - - [23/Jan/2021:07:03:37 +0100] "HEAD / HTTP/1.1" 200 0 "-" "Alert_Alligator_webmonitoring_service_1.5.0_(alertalligator.com)"
49.12.13.109 - - [23/Jan/2021:07:44:57 +0100] "HEAD / HTTP/1.1" 200 0 "-" "Alert_Alligator_webmonitoring_service_1.5.0_(alertalligator.com)"
116.179.32.90 - - [23/Jan/2021:07:48:57 +0100] "GET / HTTP/1.1" 200 174 "-" "Mozilla/5.0 (compatible; Baiduspider/2.0; +http://www.baidu.com/search/spider.html)"
220.181.108.156 - - [23/Jan/2021:07:49:01 +0100] "GET / HTTP/1.1" 200 174 "-" "Mozilla/5.0 (compatible; Baiduspider/2.0; +http://www.baidu.com/search/spider.html)"
49.12.13.109 - - [23/Jan/2021:08:28:30 +0100] "HEAD / HTTP/1.1" 200 0 "-" "Alert_Alligator_webmonitoring_service_1.5.0_(alertalligator.com)"
49.12.13.109 - - [23/Jan/2021:09:07:44 +0100] "HEAD / HTTP/1.1" 200 0 "-" "Alert_Alligator_webmonitoring_service_1.5.0_(alertalligator.com)"
35.242.214.242 - - [23/Jan/2021:09:11:15 +0100] "GET /wp-login.php HTTP/1.1" 404 - "-" "Mozilla/5.0 (X11; Ubuntu; Linux x86_64; rv:62.0) Gecko/20100101 Firefox/62.0"
66.249.72.205 - - [23/Jan/2021:09:19:15 +0100] "GET /robots.txt HTTP/1.1" 404 - "-" "Mozilla/5.0 (compatible; Googlebot/2.1; +http://www.google.com/bot.html)"
66.249.72.205 - - [23/Jan/2021:09:19:15 +0100] "GET / HTTP/1.1" 200 174 "-" "Mozilla/5.0 (compatible; Googlebot/2.1; +http://www.google.com/bot.html)"
18.197.125.181 - - [23/Jan/2021:09:40:13 +0100] "GET /wp-login.php HTTP/1.1" 404 - "-" "Mozilla/5.0 (Windows NT 6.1) AppleWebKit/537.36 (KHTML, like Gecko) Chrome/27.0.1453.93 Safari/537.36"
18.197.125.181 - - [23/Jan/2021:09:40:13 +0100] "GET /wp-login.php HTTP/1.1" 404 - "-" "Mozilla/5.0 (Windows NT 6.1) AppleWebKit/537.36 (KHTML, like Gecko) Chrome/27.0.1453.93 Safari/537.36"
34.209.105.222 - - [23/Jan/2021:10:06:44 +0100] "GET /wp-login.php HTTP/1.1" 404 - "-" "Mozilla/5.0 (Windows NT 6.4; WOW64) AppleWebKit/537.36 (KHTML, like Gecko) Chrome/41.0.2225.0 Safari/537.36"
34.209.105.222 - - [23/Jan/2021:10:06:44 +0100] "GET /wp-login.php HTTP/1.1" 404 - "-" "Mozilla/5.0 (Windows NT 6.4; WOW64) AppleWebKit/537.36 (KHTML, like Gecko) Chrome/41.0.2225.0 Safari/537.36"
212.237.23.143 - - [23/Jan/2021:10:08:36 +0100] "HEAD / HTTP/1.1" 200 0 "-" "Alert_Alligator_webmonitoring_service_1.5.0_(alertalligator.com)"
157.55.39.21 - - [23/Jan/2021:10:49:36 +0100] "GET /robots.txt HTTP/1.1" 404 - "-" "Mozilla/5.0 (compatible; bingbot/2.0; +http://www.bing.com/bingbot.htm)"
49.12.13.109 - - [23/Jan/2021:10:50:19 +0100] "HEAD / HTTP/1.1" 200 0 "-" "Alert_Alligator_webmonitoring_service_1.5.0_(alertalligator.com)"
66.249.69.111 - - [23/Jan/2021:11:38:36 +0100] "GET /robots.txt HTTP/1.1" 404 - "-" "Mozilla/5.0 (compatible; Googlebot/2.1; +http://www.google.com/bot.html)"
66.249.69.115 - - [23/Jan/2021:11:38:36 +0100] "GET / HTTP/1.1" 200 174 "-" "Mozilla/5.0 (Linux; Android 6.0.1; Nexus 5X Build/MMB29P) AppleWebKit/537.36 (KHTML, like Gecko) Chrome/87.0.4280.90 Mobile Safari/537.36 (compatible; Googlebot/2.1; +http://www.google.com/bot.html)"
212.237.53.115 - - [23/Jan/2021:11:43:50 +0100] "HEAD / HTTP/1.1" 200 0 "-" "Alert_Alligator_webmonitoring_service_1.5.0_(alertalligator.com)"
66.249.75.100 - - [23/Jan/2021:11:44:24 +0100] "GET /robots.txt HTTP/1.1" 404 - "-" "Mozilla/5.0 (compatible; Googlebot/2.1; +http://www.google.com/bot.html)"
66.249.75.100 - - [23/Jan/2021:11:44:24 +0100] "GET / HTTP/1.1" 200 169 "-" "Mozilla/5.0 (Linux; Android 6.0.1; Nexus 5X Build/MMB29P) AppleWebKit/537.36 (KHTML, like Gecko) Chrome/87.0.4280.90 Mobile Safari/537.36 (compatible; Googlebot/2.1; +http://www.google.com/bot.html)"
66.249.75.209 - - [23/Jan/2021:11:50:13 +0100] "GET /robots.txt HTTP/1.1" 404 - "-" "Mozilla/5.0 (compatible; Googlebot/2.1; +http://www.google.com/bot.html)"
66.249.75.209 - - [23/Jan/2021:11:50:13 +0100] "GET / HTTP/1.1" 200 169 "-" "Mozilla/5.0 (compatible; Googlebot/2.1; +http://www.google.com/bot.html)"
49.12.13.109 - - [23/Jan/2021:12:22:23 +0100] "HEAD / HTTP/1.1" 200 0 "-" "Alert_Alligator_webmonitoring_service_1.5.0_(alertalligator.com)"
114.119.129.205 - - [23/Jan/2021:12:38:36 +0100] "GET /robots.txt HTTP/1.1" 404 - "-" "(compatible;PetalBot;+https://aspiegel.com/petalbot)"
66.249.69.91 - - [23/Jan/2021:12:48:16 +0100] "GET /robots.txt HTTP/1.1" 404 - "-" "Mozilla/5.0 (compatible; Googlebot/2.1; +http://www.google.com/bot.html)"
66.249.69.93 - - [23/Jan/2021:12:48:16 +0100] "GET / HTTP/1.1" 200 166 "-" "Mozilla/5.0 (Linux; Android 6.0.1; Nexus 5X Build/MMB29P) AppleWebKit/537.36 (KHTML, like Gecko) Chrome/87.0.4280.90 Mobile Safari/537.36 (compatible; Googlebot/2.1; +http://www.google.com/bot.html)"
49.12.13.109 - - [23/Jan/2021:12:58:29 +0100] "HEAD / HTTP/1.1" 200 0 "-" "Alert_Alligator_webmonitoring_service_1.5.0_(alertalligator.com)"
66.249.69.93 - - [23/Jan/2021:13:17:17 +0100] "GET / HTTP/1.1" 200 166 "-" "Mozilla/5.0 (compatible; Googlebot/2.1; +http://www.google.com/bot.html)"
66.249.75.205 - - [23/Jan/2021:13:34:43 +0100] "GET / HTTP/1.1" 200 169 "-" "Mozilla/5.0 (Linux; Android 6.0.1; Nexus 5X Build/MMB29P) AppleWebKit/537.36 (KHTML, like Gecko) Chrome/87.0.4280.90 Mobile Safari/537.36 (compatible; Googlebot/2.1; +http://www.google.com/bot.html)"
49.12.13.109 - - [23/Jan/2021:13:38:02 +0100] "HEAD / HTTP/1.1" 200 0 "-" "Alert_Alligator_webmonitoring_service_1.5.0_(alertalligator.com)"
66.249.72.201 - - [23/Jan/2021:13:40:32 +0100] "GET / HTTP/1.1" 200 174 "-" "Mozilla/5.0 (Linux; Android 6.0.1; Nexus 5X Build/MMB29P) AppleWebKit/537.36 (KHTML, like Gecko) Chrome/87.0.4280.90 Mobile Safari/537.36 (compatible; Googlebot/2.1; +http://www.google.com/bot.html)"
66.249.69.111 - - [23/Jan/2021:13:46:20 +0100] "GET / HTTP/1.1" 200 174 "-" "Mozilla/5.0 (compatible; Googlebot/2.1; +http://www.google.com/bot.html)"
212.237.23.143 - - [23/Jan/2021:14:34:19 +0100] "HEAD / HTTP/1.1" 200 0 "-" "Alert_Alligator_webmonitoring_service_1.5.0_(alertalligator.com)"
49.12.13.109 - - [23/Jan/2021:15:08:59 +0100] "HEAD / HTTP/1.1" 200 0 "-" "Alert_Alligator_webmonitoring_service_1.5.0_(alertalligator.com)"
66.249.75.127 - - [23/Jan/2021:15:25:03 +0100] "GET / HTTP/1.1" 200 169 "-" "Mozilla/5.0 (compatible; Googlebot/2.1; +http://www.google.com/bot.html)"
212.237.53.115 - - [23/Jan/2021:16:01:16 +0100] "HEAD / HTTP/1.1" 200 0 "-" "Alert_Alligator_webmonitoring_service_1.5.0_(alertalligator.com)"
42.236.10.110 - - [23/Jan/2021:16:27:42 +0100] "GET / HTTP/1.1" 200 166 "http://micsodaido.hu/" "Mozilla/5.0 (Windows NT 6.1; WOW64) AppleWebKit/537.36 (KHTML, like Gecko) Chrome/50.4.2661.102 Safari/537.36; 360Spider"
49.12.13.109 - - [23/Jan/2021:16:41:50 +0100] "HEAD / HTTP/1.1" 200 0 "-" "Alert_Alligator_webmonitoring_service_1.5.0_(alertalligator.com)"
54.187.3.82 - - [23/Jan/2021:16:53:37 +0100] "HEAD / HTTP/1.1" 200 0 "-" "Go-http-client/1.1"
52.38.246.220 - - [23/Jan/2021:16:53:39 +0100] "HEAD / HTTP/1.1" 200 0 "-" "Mozilla/5.0 (Windows NT 6.1; WOW64) AppleWebKit/537.36 (KHTML, like Gecko) Chrome/56.0.2924.76 Safari/537.36"
34.219.58.127 - - [23/Jan/2021:16:53:40 +0100] "GET / HTTP/1.1" 200 174 "-" "Mozilla/5.0 (X11; Linux x86_64) AppleWebKit/537.36 (KHTML, like Gecko) HeadlessChrome/83.0.4103.97 Safari/537.36"
49.12.13.109 - - [23/Jan/2021:17:24:35 +0100] "HEAD / HTTP/1.1" 200 0 "-" "Alert_Alligator_webmonitoring_service_1.5.0_(alertalligator.com)"
42.236.10.73 - - [23/Jan/2021:17:47:10 +0100] "GET / HTTP/1.1" 200 166 "http://www.micsodaido.hu/" "Mozilla/5.0 (Windows NT 6.1; WOW64) AppleWebKit/537.36 (KHTML, like Gecko) Chrome/50.4.2661.102 Safari/537.36; 360Spider"
64.246.165.50 - - [23/Jan/2021:17:58:57 +0100] "GET /robots.txt HTTP/1.0" 404 - "-" "Mozilla/5.0 (Macintosh; Intel Mac OS X 10.10; rv:59.0) Gecko/20100101 Firefox/59.0"
64.246.165.50 - - [23/Jan/2021:17:58:57 +0100] "GET / HTTP/1.1" 200 166 "-" "Mozilla/5.0 (Macintosh; Intel Mac OS X 10.10; rv:59.0) Gecko/20100101 Firefox/59.0"
212.237.23.143 - - [23/Jan/2021:18:22:44 +0100] "HEAD / HTTP/1.1" 200 0 "-" "Alert_Alligator_webmonitoring_service_1.5.0_(alertalligator.com)"
49.12.13.109 - - [23/Jan/2021:19:01:58 +0100] "HEAD / HTTP/1.1" 200 0 "-" "Alert_Alligator_webmonitoring_service_1.5.0_(alertalligator.com)"
212.237.23.143 - - [23/Jan/2021:20:00:18 +0100] "HEAD / HTTP/1.1" 200 0 "-" "Alert_Alligator_webmonitoring_service_1.5.0_(alertalligator.com)"
212.237.51.151 - - [23/Jan/2021:20:50:25 +0100] "HEAD / HTTP/1.1" 200 0 "-" "Alert_Alligator_webmonitoring_service_1.5.0_(alertalligator.com)"
49.12.13.109 - - [23/Jan/2021:21:32:02 +0100] "HEAD / HTTP/1.1" 200 0 "-" "Alert_Alligator_webmonitoring_service_1.5.0_(alertalligator.com)"
212.237.53.115 - - [23/Jan/2021:22:29:02 +0100] "HEAD / HTTP/1.1" 200 0 "-" "Alert_Alligator_webmonitoring_service_1.5.0_(alertalligator.com)"
49.12.13.109 - - [23/Jan/2021:23:04:25 +0100] "HEAD / HTTP/1.1" 200 0 "-" "Alert_Alligator_webmonitoring_service_1.5.0_(alertalligator.com)"
42.236.10.70 - - [23/Jan/2021:23:36:33 +0100] "GET / HTTP/1.1" 200 166 "http://micsodaido.hu/" "Mozilla/5.0(compatible;MSIE9.0;WindowsNT6.1;Trident/5.0)"
49.12.13.109 - - [23/Jan/2021:23:43:14 +0100] "HEAD / HTTP/1.1" 200 0 "-" "Alert_Alligator_webmonitoring_service_1.5.0_(alertalligator.com)"
212.237.51.151 - - [25/Jan/2021:10:24:11 +0100] "HEAD / HTTP/1.1" 200 0 "-" "Alert_Alligator_webmonitoring_service_1.5.3_(alertalligator.com)"
49.12.13.109 - - [25/Jan/2021:11:14:29 +0100] "HEAD / HTTP/1.1" 200 0 "-" "Alert_Alligator_webmonitoring_service_1.5.3_(alertalligator.com)"
212.237.53.115 - - [25/Jan/2021:12:20:59 +0100] "HEAD / HTTP/1.1" 200 0 "-" "Alert_Alligator_webmonitoring_service_1.5.3_(alertalligator.com)"
52.65.15.196 - - [25/Jan/2021:12:37:49 +0100] "GET /wp-login.php HTTP/1.1" 404 - "-" "Mozilla/5.0 (Windows NT 5.1) AppleWebKit/537.36 (KHTML, like Gecko) Chrome/35.0.2117.157 Safari/537.36"
52.65.15.196 - - [25/Jan/2021:12:37:50 +0100] "GET /wp-login.php HTTP/1.1" 404 - "-" "Mozilla/5.0 (Windows NT 5.1) AppleWebKit/537.36 (KHTML, like Gecko) Chrome/35.0.2117.157 Safari/537.36"
49.12.13.109 - - [25/Jan/2021:13:09:40 +0100] "HEAD / HTTP/1.1" 200 0 "-" "Alert_Alligator_webmonitoring_service_1.5.3_(alertalligator.com)"
129.226.49.27 - - [25/Jan/2021:13:41:44 +0100] "GET / HTTP/1.1" 200 174 "-" "Mozilla/5.0+(compatible;+Googlebot/2.1;++http://www.google.com/bot.html)"
212.237.23.143 - - [25/Jan/2021:14:20:37 +0100] "HEAD / HTTP/1.1" 200 0 "-" "Alert_Alligator_webmonitoring_service_1.5.3_(alertalligator.com)"
54.201.109.91 - - [25/Jan/2021:14:28:08 +0100] "HEAD / HTTP/1.1" 200 0 "-" "Go-http-client/1.1"
52.33.86.169 - - [25/Jan/2021:14:28:09 +0100] "HEAD / HTTP/1.1" 200 0 "-" "Mozilla/5.0 (Windows NT 6.1; WOW64) AppleWebKit/537.36 (KHTML, like Gecko) Chrome/56.0.2924.76 Safari/537.36"
34.210.144.192 - - [25/Jan/2021:14:28:10 +0100] "GET / HTTP/1.1" 200 174 "-" "Mozilla/5.0 (X11; Linux x86_64) AppleWebKit/537.36 (KHTML, like Gecko) HeadlessChrome/83.0.4103.97 Safari/537.36"
13.228.104.57 - - [25/Jan/2021:14:52:19 +0100] "GET /wp-login.php HTTP/1.1" 404 - "-" "Mozilla/5.0 (Windows NT 10.0) AppleWebKit/537.36 (KHTML, like Gecko) Chrome/40.0.2214.93 Safari/537.36"
13.228.104.57 - - [25/Jan/2021:14:52:21 +0100] "GET /wp-login.php HTTP/1.1" 404 - "-" "Mozilla/5.0 (Windows NT 10.0) AppleWebKit/537.36 (KHTML, like Gecko) Chrome/40.0.2214.93 Safari/537.36"
49.12.13.109 - - [25/Jan/2021:15:22:46 +0100] "HEAD / HTTP/1.1" 200 0 "-" "Alert_Alligator_webmonitoring_service_1.5.3_(alertalligator.com)"
52.37.234.156 - - [25/Jan/2021:15:31:52 +0100] "GET / HTTP/1.1" 200 166 "-" "Mozilla/5.0 (Windows NT 10.0; Win64; x64) AppleWebKit/537.36 (KHTML, like Gecko; compatible; BW/1.1; bit.ly/2W6Px8S) Chrome/84.0.4147.105 Safari/537.36"
52.37.234.156 - - [25/Jan/2021:15:31:56 +0100] "GET / HTTP/1.1" 200 166 "-" "Mozilla/5.0 (Windows NT 10.0; Win64; x64) AppleWebKit/537.36 (KHTML, like Gecko; compatible; BW/1.1; bit.ly/2W6Px8S) Chrome/84.0.4147.105 Safari/537.36"
52.37.234.156 - - [25/Jan/2021:15:31:57 +0100] "GET /robots.txt HTTP/1.1" 404 - "-" "Mozilla/5.0 (Windows NT 10.0; Win64; x64) AppleWebKit/537.36 (KHTML, like Gecko; compatible; BW/1.1; bit.ly/2W6Px8S) Chrome/84.0.4147.105 Safari/537.36"
49.12.13.109 - - [25/Jan/2021:16:36:37 +0100] "HEAD / HTTP/1.1" 200 0 "-" "Alert_Alligator_webmonitoring_service_1.5.3_(alertalligator.com)"
192.71.225.127 - - [25/Jan/2021:17:39:28 +0100] "GET /robots.txt HTTP/1.1" 404 - "-" "Go-http-client/1.1"
192.71.36.158 - - [25/Jan/2021:17:39:29 +0100] "GET /humans.txt HTTP/1.1" 404 - "-" "Go-http-client/1.1"
192.71.36.158 - - [25/Jan/2021:17:39:29 +0100] "GET /ads.txt HTTP/1.1" 404 - "-" "Go-http-client/1.1"
192.36.52.37 - - [25/Jan/2021:17:39:29 +0100] "GET / HTTP/1.1" 200 166 "-" "Go-http-client/1.1"
212.237.53.115 - - [25/Jan/2021:17:42:40 +0100] "HEAD / HTTP/1.1" 200 0 "-" "Alert_Alligator_webmonitoring_service_1.5.3_(alertalligator.com)"
212.237.51.151 - - [25/Jan/2021:18:59:53 +0100] "HEAD / HTTP/1.1" 200 0 "-" "Alert_Alligator_webmonitoring_service_1.5.3_(alertalligator.com)"
78.46.171.76 - - [25/Jan/2021:20:11:02 +0100] "GET /backup.sql HTTP/1.1" 404 - "-" "Mozilla/5.0 (X11; Linux x86_64) AppleWebKit/537.11 (KHTML, like Gecko) Chrome/23.0.1271.64 Safari/537.11"
78.46.171.76 - - [25/Jan/2021:20:11:02 +0100] "GET /dump.sql HTTP/1.1" 404 - "-" "Mozilla/5.0 (X11; Linux x86_64) AppleWebKit/537.11 (KHTML, like Gecko) Chrome/23.0.1271.64 Safari/537.11"
212.237.51.151 - - [25/Jan/2021:20:12:36 +0100] "HEAD / HTTP/1.1" 200 0 "-" "Alert_Alligator_webmonitoring_service_1.5.3_(alertalligator.com)"
36.72.209.172 - - [25/Jan/2021:20:38:13 +0100] "GET / HTTP/1.1" 200 174 "-" "Mozilla/5.0 (X11; Linux x86_64) AppleWebKit/537.36 (KHTML, like Gecko) Chrome/80.0.3987.149 Safari/537.36"
36.72.209.172 - - [25/Jan/2021:20:38:15 +0100] "GET /favicon.ico HTTP/1.1" 404 - "http://rumini.com/" "Mozilla/5.0 (X11; Linux x86_64) AppleWebKit/537.36 (KHTML, like Gecko) Chrome/80.0.3987.149 Safari/537.36"
36.72.209.172 - - [25/Jan/2021:20:38:46 +0100] "GET / HTTP/1.1" 200 174 "-" "Mozilla/5.0 (X11; Linux x86_64) AppleWebKit/537.36 (KHTML, like Gecko) Chrome/80.0.3987.149 Safari/537.36"
66.249.79.47 - - [25/Jan/2021:21:11:35 +0100] "GET /robots.txt HTTP/1.1" 404 - "-" "Mozilla/5.0 (compatible; Googlebot/2.1; +http://www.google.com/bot.html)"
66.249.79.50 - - [25/Jan/2021:21:11:36 +0100] "GET / HTTP/1.1" 200 166 "-" "Mozilla/5.0 (compatible; Googlebot/2.1; +http://www.google.com/bot.html)"
212.237.51.151 - - [25/Jan/2021:21:24:42 +0100] "HEAD / HTTP/1.1" 200 0 "-" "Alert_Alligator_webmonitoring_service_1.5.3_(alertalligator.com)"
27.115.124.101 - - [25/Jan/2021:21:50:06 +0100] "GET / HTTP/1.1" 200 166 "-" "Mozilla/5.0 (Linux; U; Android 8.1.0; zh-CN; EML-AL00 Build/HUAWEIEML-AL00) AppleWebKit/537.36 (KHTML, like Gecko) Version/4.0 Chrome/57.0.2987.108 baidu.sogo.uc.UCBrowser/11.9.4.974 UWS/2.13.1.48 Mobile Safari/537.36 AliApp(DingTalk/4.5.11) com.alibaba.android.rimet/10487439 Channel/227200 language/zh-CN"
27.115.124.101 - - [25/Jan/2021:21:50:09 +0100] "GET / HTTP/1.1" 200 166 "http://baidu.com/" "Mozilla/5.0 (Linux; U; Android 8.1.0; zh-CN; EML-AL00 Build/HUAWEIEML-AL00) AppleWebKit/537.36 (KHTML, like Gecko) Version/4.0 Chrome/57.0.2987.108 baidu.sogo.uc.UCBrowser/11.9.4.974 UWS/2.13.1.48 Mobile Safari/537.36 AliApp(DingTalk/4.5.11) com.alibaba.android.rimet/10487439 Channel/227200 language/zh-CN"
42.236.10.117 - - [25/Jan/2021:21:50:44 +0100] "GET / HTTP/1.1" 200 166 "http://baidu.com/" "Mozilla/5.0 (Linux; U; Android 8.1.0; zh-CN; EML-AL00 Build/HUAWEIEML-AL00) AppleWebKit/537.36 (KHTML, like Gecko) Version/4.0 Chrome/57.0.2987.108 baidu.sogo.uc.UCBrowser/11.9.4.974 UWS/2.13.1.48 Mobile Safari/537.36 AliApp(DingTalk/4.5.11) com.alibaba.android.rimet/10487439 Channel/227200 language/zh-CN"
42.236.10.125 - - [25/Jan/2021:21:50:56 +0100] "GET / HTTP/1.1" 200 166 "http://baidu.com/" "Mozilla/5.0 (Linux; U; Android 8.1.0; zh-CN; EML-AL00 Build/HUAWEIEML-AL00) AppleWebKit/537.36 (KHTML, like Gecko) Version/4.0 Chrome/57.0.2987.108 baidu.sogo.uc.UCBrowser/11.9.4.974 UWS/2.13.1.48 Mobile Safari/537.36 AliApp(DingTalk/4.5.11) com.alibaba.android.rimet/10487439 Channel/227200 language/zh-CN"
49.12.13.109 - - [25/Jan/2021:22:32:02 +0100] "HEAD / HTTP/1.1" 200 0 "-" "Alert_Alligator_webmonitoring_service_1.5.3_(alertalligator.com)"
166.70.207.2 - - [25/Jan/2021:22:42:03 +0100] "GET / HTTP/1.1" 200 166 "-" "TBI-HttpOpenPlugin/0.1.0 (+https://leakix.net/)"
199.249.230.116 - - [25/Jan/2021:22:42:05 +0100] "GET /.env HTTP/1.1" 404 - "-" "TBI-WebScanner/0.0.1 (+https://leakix.net/)"
199.249.230.116 - - [25/Jan/2021:22:42:06 +0100] "GET /.git/config HTTP/1.1" 404 - "-" "TBI-WebScanner/0.0.1 (+https://leakix.net/)"
199.249.230.116 - - [25/Jan/2021:22:42:07 +0100] "GET /composer.json HTTP/1.1" 404 - "-" "TBI-WebScanner/0.0.1 (+https://leakix.net/)"
199.249.230.116 - - [25/Jan/2021:22:42:07 +0100] "GET /composer.lock HTTP/1.1" 404 - "-" "TBI-WebScanner/0.0.1 (+https://leakix.net/)"
199.249.230.116 - - [25/Jan/2021:22:42:09 +0100] "GET / HTTP/1.1" 200 166 "-" "TBI-WebScanner/0.0.1 (+https://leakix.net/)"
199.249.230.116 - - [25/Jan/2021:22:42:10 +0100] "GET /frontend_dev.php/$ HTTP/1.1" 404 - "-" "TBI-WebScanner/0.0.1 (+https://leakix.net/)"
199.249.230.116 - - [25/Jan/2021:22:42:11 +0100] "GET /debug/default/view?panel=config HTTP/1.1" 404 - "-" "TBI-WebScanner/0.0.1 (+https://leakix.net/)"
212.237.53.115 - - [25/Jan/2021:23:34:01 +0100] "HEAD / HTTP/1.1" 200 0 "-" "Alert_Alligator_webmonitoring_service_1.5.3_(alertalligator.com)"
212.237.23.143 - - [26/Jan/2021:00:55:16 +0100] "HEAD / HTTP/1.1" 200 0 "-" "Alert_Alligator_webmonitoring_service_1.5.4_(alertalligator.com)"
13.58.56.77 - - [26/Jan/2021:02:12:24 +0100] "GET /wp-login.php HTTP/1.1" 404 - "-" "Mozilla/5.0 (Windows NT 6.3; WOW64) AppleWebKit/537.36 (KHTML, like Gecko) Chrome/41.0.2226.0 Safari/537.36"
13.58.56.77 - - [26/Jan/2021:02:12:28 +0100] "GET /wp-login.php HTTP/1.1" 404 - "-" "Mozilla/5.0 (Windows NT 6.3; WOW64) AppleWebKit/537.36 (KHTML, like Gecko) Chrome/41.0.2226.0 Safari/537.36"
