49.12.13.109 - - [14/Jan/2021:20:57:41 +0100] "HEAD / HTTP/1.1" 200 0 "-" "Alert_Alligator_webmonitoring_service_1.4.8_(alertalligator.com)"
212.237.51.151 - - [14/Jan/2021:21:50:07 +0100] "HEAD / HTTP/1.1" 200 0 "-" "Alert_Alligator_webmonitoring_service_1.4.7_(alertalligator.com)"
212.237.51.151 - - [14/Jan/2021:22:39:11 +0100] "HEAD / HTTP/1.1" 200 0 "-" "Alert_Alligator_webmonitoring_service_1.4.7_(alertalligator.com)"
49.12.13.109 - - [14/Jan/2021:23:25:49 +0100] "HEAD / HTTP/1.1" 200 0 "-" "Alert_Alligator_webmonitoring_service_1.4.8_(alertalligator.com)"
212.237.53.115 - - [15/Jan/2021:00:26:57 +0100] "HEAD / HTTP/1.1" 200 0 "-" "Alert_Alligator_webmonitoring_service_1.4.7_(alertalligator.com)"
212.237.51.151 - - [15/Jan/2021:01:20:47 +0100] "HEAD / HTTP/1.1" 200 0 "-" "Alert_Alligator_webmonitoring_service_1.4.7_(alertalligator.com)"
49.12.13.109 - - [15/Jan/2021:02:03:31 +0100] "HEAD / HTTP/1.1" 200 0 "-" "Alert_Alligator_webmonitoring_service_1.4.8_(alertalligator.com)"
212.237.23.143 - - [15/Jan/2021:03:01:19 +0100] "HEAD / HTTP/1.1" 200 0 "-" "Alert_Alligator_webmonitoring_service_1.4.7_(alertalligator.com)"
49.12.13.109 - - [15/Jan/2021:03:45:51 +0100] "HEAD / HTTP/1.1" 200 0 "-" "Alert_Alligator_webmonitoring_service_1.4.8_(alertalligator.com)"
89.187.170.166 - - [15/Jan/2021:03:46:10 +0100] "GET / HTTP/1.1" 200 166 "-" "Mozilla/5.0 (Windows NT 6.1) AppleWebKit/537.36 (KHTML, like Gecko) Chrome/66.0.3359.117 Safari/537.36"
212.237.23.143 - - [15/Jan/2021:04:45:34 +0100] "HEAD / HTTP/1.1" 200 0 "-" "Alert_Alligator_webmonitoring_service_1.4.7_(alertalligator.com)"
185.183.98.196 - - [15/Jan/2021:05:21:52 +0100] "GET / HTTP/1.1" 200 174 "-" "Mozilla/5.0 (Windows NT 10.0; Win64; x64) AppleWebKit/537.36 (KHTML, like Gecko) Chrome/74.0.3729.169 Safari/537.36"
212.237.23.143 - - [15/Jan/2021:05:45:01 +0100] "HEAD / HTTP/1.1" 200 0 "-" "Alert_Alligator_webmonitoring_service_1.4.7_(alertalligator.com)"
66.249.72.77 - - [15/Jan/2021:06:24:40 +0100] "GET /robots.txt HTTP/1.1" 404 - "-" "Mozilla/5.0 (compatible; Googlebot/2.1; +http://www.google.com/bot.html)"
66.249.72.81 - - [15/Jan/2021:06:24:40 +0100] "GET / HTTP/1.1" 200 169 "-" "Mozilla/5.0 (Linux; Android 6.0.1; Nexus 5X Build/MMB29P) AppleWebKit/537.36 (KHTML, like Gecko) Chrome/87.0.4280.90 Mobile Safari/537.36 (compatible; Googlebot/2.1; +http://www.google.com/bot.html)"
66.249.72.169 - - [15/Jan/2021:06:27:52 +0100] "GET /robots.txt HTTP/1.1" 404 - "-" "Mozilla/5.0 (compatible; Googlebot/2.1; +http://www.google.com/bot.html)"
66.249.72.173 - - [15/Jan/2021:06:27:52 +0100] "GET / HTTP/1.1" 200 174 "-" "Mozilla/5.0 (Linux; Android 6.0.1; Nexus 5X Build/MMB29P) AppleWebKit/537.36 (KHTML, like Gecko) Chrome/87.0.4280.90 Mobile Safari/537.36 (compatible; Googlebot/2.1; +http://www.google.com/bot.html)"
212.237.51.151 - - [15/Jan/2021:06:31:33 +0100] "HEAD / HTTP/1.1" 200 0 "-" "Alert_Alligator_webmonitoring_service_1.4.7_(alertalligator.com)"
66.249.69.68 - - [15/Jan/2021:06:54:58 +0100] "GET /robots.txt HTTP/1.1" 404 - "-" "Mozilla/5.0 (compatible; Googlebot/2.1; +http://www.google.com/bot.html)"
66.249.69.65 - - [15/Jan/2021:06:54:59 +0100] "GET / HTTP/1.1" 200 169 "-" "Mozilla/5.0 (compatible; Googlebot/2.1; +http://www.google.com/bot.html)"
49.12.13.109 - - [15/Jan/2021:07:11:32 +0100] "HEAD / HTTP/1.1" 200 0 "-" "Alert_Alligator_webmonitoring_service_1.4.8_(alertalligator.com)"
66.249.72.209 - - [15/Jan/2021:07:21:30 +0100] "GET /robots.txt HTTP/1.1" 404 - "-" "Mozilla/5.0 (compatible; Googlebot/2.1; +http://www.google.com/bot.html)"
66.249.72.207 - - [15/Jan/2021:07:21:30 +0100] "GET / HTTP/1.1" 200 174 "-" "Mozilla/5.0 (compatible; Googlebot/2.1; +http://www.google.com/bot.html)"
66.249.69.121 - - [15/Jan/2021:07:28:58 +0100] "GET /robots.txt HTTP/1.1" 404 - "-" "Mozilla/5.0 (compatible; Googlebot/2.1; +http://www.google.com/bot.html)"
66.249.69.123 - - [15/Jan/2021:07:28:59 +0100] "GET / HTTP/1.1" 200 166 "-" "Mozilla/5.0 (compatible; Googlebot/2.1; +http://www.google.com/bot.html)"
49.12.13.109 - - [15/Jan/2021:07:54:04 +0100] "HEAD / HTTP/1.1" 200 0 "-" "Alert_Alligator_webmonitoring_service_1.4.8_(alertalligator.com)"
66.249.69.125 - - [15/Jan/2021:08:06:58 +0100] "GET / HTTP/1.1" 200 166 "-" "Mozilla/5.0 (Linux; Android 6.0.1; Nexus 5X Build/MMB29P) AppleWebKit/537.36 (KHTML, like Gecko) Chrome/87.0.4280.90 Mobile Safari/537.36 (compatible; Googlebot/2.1; +http://www.google.com/bot.html)"
49.12.13.109 - - [15/Jan/2021:08:35:34 +0100] "HEAD / HTTP/1.1" 200 0 "-" "Alert_Alligator_webmonitoring_service_1.4.8_(alertalligator.com)"
49.12.13.109 - - [15/Jan/2021:09:14:20 +0100] "HEAD / HTTP/1.1" 200 0 "-" "Alert_Alligator_webmonitoring_service_1.4.8_(alertalligator.com)"
34.215.69.55 - - [15/Jan/2021:09:14:26 +0100] "GET /wp-login.php HTTP/1.1" 404 - "-" "Mozilla/5.0 (Windows NT 6.4; WOW64) AppleWebKit/537.36 (KHTML, like Gecko) Chrome/41.0.2225.0 Safari/537.36"
34.215.69.55 - - [15/Jan/2021:09:14:26 +0100] "GET /wp-login.php HTTP/1.1" 404 - "-" "Mozilla/5.0 (Windows NT 6.4; WOW64) AppleWebKit/537.36 (KHTML, like Gecko) Chrome/41.0.2225.0 Safari/537.36"
212.237.51.151 - - [15/Jan/2021:10:05:53 +0100] "HEAD / HTTP/1.1" 200 0 "-" "Alert_Alligator_webmonitoring_service_1.4.7_(alertalligator.com)"
18.219.229.86 - - [15/Jan/2021:10:17:30 +0100] "GET / HTTP/1.1" 200 166 "-" "Mozilla/5.0 (Macintosh; Intel Mac OS X 10_15_0) AppleWebKit/537.36 (KHTML, like Gecko) Chrome/78.0.3904.87 Safari/537.36"
212.237.53.115 - - [15/Jan/2021:11:07:53 +0100] "HEAD / HTTP/1.1" 200 0 "-" "Alert_Alligator_webmonitoring_service_1.4.7_(alertalligator.com)"
212.237.23.143 - - [15/Jan/2021:12:06:48 +0100] "HEAD / HTTP/1.1" 200 0 "-" "Alert_Alligator_webmonitoring_service_1.4.7_(alertalligator.com)"
49.12.13.109 - - [15/Jan/2021:12:43:59 +0100] "HEAD / HTTP/1.1" 200 0 "-" "Alert_Alligator_webmonitoring_service_1.4.8_(alertalligator.com)"
8.210.116.128 - - [15/Jan/2021:13:22:58 +0100] "HEAD /this_file_should_not_exits HTTP/1.1" 404 - "-" "Mozilla/5.0 (compatible; Baiduspider/2.0; +http://www.baidu.com/search/spider.html)"
8.210.116.128 - - [15/Jan/2021:13:22:59 +0100] "HEAD / HTTP/1.1" 200 0 "-" "Mozilla/5.0 (compatible; Baiduspider/2.0; +http://www.baidu.com/search/spider.html)"
8.210.116.128 - - [15/Jan/2021:13:23:02 +0100] "HEAD /admin/kindeditor/asp/upload_json.asp?dir=file HTTP/1.1" 404 - "-" "Mozilla/5.0 (compatible; Baiduspider/2.0; +http://www.baidu.com/search/spider.html)"
8.210.116.128 - - [15/Jan/2021:13:23:02 +0100] "HEAD /manage/kindeditor/asp.net/upload_json.ashx?dir=file HTTP/1.1" 404 - "-" "Mozilla/5.0 (compatible; Baiduspider/2.0; +http://www.baidu.com/search/spider.html)"
8.210.116.128 - - [15/Jan/2021:13:23:02 +0100] "HEAD /js/kindeditor/php/upload_json.php?dir=file HTTP/1.1" 404 - "-" "Mozilla/5.0 (compatible; Baiduspider/2.0; +http://www.baidu.com/search/spider.html)"
8.210.116.128 - - [15/Jan/2021:13:23:02 +0100] "HEAD /admin/editor/asp/upload_json.asp?dir=file HTTP/1.1" 404 - "-" "Mozilla/5.0 (compatible; Baiduspider/2.0; +http://www.baidu.com/search/spider.html)"
8.210.116.128 - - [15/Jan/2021:13:23:02 +0100] "HEAD /manage/kindeditor/asp/upload_json.asp?dir=file HTTP/1.1" 404 - "-" "Mozilla/5.0 (compatible; Baiduspider/2.0; +http://www.baidu.com/search/spider.html)"
8.210.116.128 - - [15/Jan/2021:13:23:02 +0100] "HEAD /editor/asp/upload_json.asp?dir=file HTTP/1.1" 404 - "-" "Mozilla/5.0 (compatible; Baiduspider/2.0; +http://www.baidu.com/search/spider.html)"
8.210.116.128 - - [15/Jan/2021:13:23:02 +0100] "HEAD /Scripts/kindeditor/asp.net/upload_json.ashx?dir=file HTTP/1.1" 404 - "-" "Mozilla/5.0 (compatible; Baiduspider/2.0; +http://www.baidu.com/search/spider.html)"
8.210.116.128 - - [15/Jan/2021:13:23:02 +0100] "HEAD /Public/kindeditor/php/upload_json.php?dir=file HTTP/1.1" 404 - "-" "Mozilla/5.0 (compatible; Baiduspider/2.0; +http://www.baidu.com/search/spider.html)"
8.210.116.128 - - [15/Jan/2021:13:23:02 +0100] "HEAD /jzeditor/asp/upload_json.asp?dir=file HTTP/1.1" 404 - "-" "Mozilla/5.0 (compatible; Baiduspider/2.0; +http://www.baidu.com/search/spider.html)"
8.210.116.128 - - [15/Jan/2021:13:23:02 +0100] "HEAD /js/kindeditor/asp.net/upload_json.ashx?dir=file HTTP/1.1" 404 - "-" "Mozilla/5.0 (compatible; Baiduspider/2.0; +http://www.baidu.com/search/spider.html)"
8.210.116.128 - - [15/Jan/2021:13:23:03 +0100] "HEAD /Public/kindeditor/asp/upload_json.asp?dir=file HTTP/1.1" 404 - "-" "Mozilla/5.0 (compatible; Baiduspider/2.0; +http://www.baidu.com/search/spider.html)"
8.210.116.128 - - [15/Jan/2021:13:23:03 +0100] "HEAD /statics/js/kindeditor/asp/upload_json.asp?dir=file HTTP/1.1" 404 - "-" "Mozilla/5.0 (compatible; Baiduspider/2.0; +http://www.baidu.com/search/spider.html)"
8.210.116.128 - - [15/Jan/2021:13:23:04 +0100] "HEAD /Scripts/kindeditor/php/upload_json.php?dir=file HTTP/1.1" 404 - "-" "Mozilla/5.0 (compatible; Baiduspider/2.0; +http://www.baidu.com/search/spider.html)"
8.210.116.128 - - [15/Jan/2021:13:23:04 +0100] "HEAD /admin/kindeditor/php/upload_json.php?dir=file HTTP/1.1" 404 - "-" "Mozilla/5.0 (compatible; Baiduspider/2.0; +http://www.baidu.com/search/spider.html)"
8.210.116.128 - - [15/Jan/2021:13:23:04 +0100] "HEAD /admin/public/kindeditor/asp/upload_json.asp?dir=file HTTP/1.1" 404 - "-" "Mozilla/5.0 (compatible; Baiduspider/2.0; +http://www.baidu.com/search/spider.html)"
8.210.116.128 - - [15/Jan/2021:13:23:04 +0100] "HEAD /manage/kindeditor/php/upload_json.php?dir=file HTTP/1.1" 404 - "-" "Mozilla/5.0 (compatible; Baiduspider/2.0; +http://www.baidu.com/search/spider.html)"
8.210.116.128 - - [15/Jan/2021:13:23:05 +0100] "HEAD /admin/kindeditor/asp.net/upload_json.ashx?dir=file HTTP/1.1" 404 - "-" "Mozilla/5.0 (compatible; Baiduspider/2.0; +http://www.baidu.com/search/spider.html)"
8.210.116.128 - - [15/Jan/2021:13:23:05 +0100] "HEAD /admin/jzeditor/asp/upload_json.asp?dir=file HTTP/1.1" 404 - "-" "Mozilla/5.0 (compatible; Baiduspider/2.0; +http://www.baidu.com/search/spider.html)"
8.210.116.128 - - [15/Jan/2021:13:23:05 +0100] "HEAD /admin/public/kindeditor/php/upload_json.php?dir=file HTTP/1.1" 404 - "-" "Mozilla/5.0 (compatible; Baiduspider/2.0; +http://www.baidu.com/search/spider.html)"
8.210.116.128 - - [15/Jan/2021:13:23:05 +0100] "HEAD /jzeditor/asp.net/upload_json.ashx?dir=file HTTP/1.1" 404 - "-" "Mozilla/5.0 (compatible; Baiduspider/2.0; +http://www.baidu.com/search/spider.html)"
8.210.116.128 - - [15/Jan/2021:13:23:05 +0100] "HEAD /admin/editor/asp.net/upload_json.ashx?dir=file HTTP/1.1" 404 - "-" "Mozilla/5.0 (compatible; Baiduspider/2.0; +http://www.baidu.com/search/spider.html)"
8.210.116.128 - - [15/Jan/2021:13:23:05 +0100] "HEAD /admin/editor/php/upload_json.php?dir=file HTTP/1.1" 404 - "-" "Mozilla/5.0 (compatible; Baiduspider/2.0; +http://www.baidu.com/search/spider.html)"
8.210.116.128 - - [15/Jan/2021:13:23:05 +0100] "HEAD /jzeditor/php/upload_json.php?dir=file HTTP/1.1" 404 - "-" "Mozilla/5.0 (compatible; Baiduspider/2.0; +http://www.baidu.com/search/spider.html)"
8.210.116.128 - - [15/Jan/2021:13:23:05 +0100] "HEAD /admin/jzeditor/php/upload_json.php?dir=file HTTP/1.1" 404 - "-" "Mozilla/5.0 (compatible; Baiduspider/2.0; +http://www.baidu.com/search/spider.html)"
8.210.116.128 - - [15/Jan/2021:13:23:07 +0100] "HEAD /admin/public/kindeditor/asp.net/upload_json.ashx?dir=file HTTP/1.1" 404 - "-" "Mozilla/5.0 (compatible; Baiduspider/2.0; +http://www.baidu.com/search/spider.html)"
8.210.116.128 - - [15/Jan/2021:13:23:07 +0100] "HEAD /statics/js/kindeditor/php/upload_json.php?dir=file HTTP/1.1" 404 - "-" "Mozilla/5.0 (compatible; Baiduspider/2.0; +http://www.baidu.com/search/spider.html)"
8.210.116.128 - - [15/Jan/2021:13:23:07 +0100] "HEAD /Public/kindeditor/asp.net/upload_json.ashx?dir=file HTTP/1.1" 404 - "-" "Mozilla/5.0 (compatible; Baiduspider/2.0; +http://www.baidu.com/search/spider.html)"
8.210.116.128 - - [15/Jan/2021:13:23:07 +0100] "HEAD /keditor/asp.net/upload_json.ashx?dir=file HTTP/1.1" 404 - "-" "Mozilla/5.0 (compatible; Baiduspider/2.0; +http://www.baidu.com/search/spider.html)"
8.210.116.128 - - [15/Jan/2021:13:23:07 +0100] "HEAD /editor/asp.net/upload_json.ashx?dir=file HTTP/1.1" 404 - "-" "Mozilla/5.0 (compatible; Baiduspider/2.0; +http://www.baidu.com/search/spider.html)"
8.210.116.128 - - [15/Jan/2021:13:23:07 +0100] "HEAD /editor/php/upload_json.php?dir=file HTTP/1.1" 404 - "-" "Mozilla/5.0 (compatible; Baiduspider/2.0; +http://www.baidu.com/search/spider.html)"
8.210.116.128 - - [15/Jan/2021:13:23:07 +0100] "HEAD /Scripts/kindeditor/asp/upload_json.asp?dir=file HTTP/1.1" 404 - "-" "Mozilla/5.0 (compatible; Baiduspider/2.0; +http://www.baidu.com/search/spider.html)"
8.210.116.128 - - [15/Jan/2021:13:23:07 +0100] "HEAD /statics/js/kindeditor/asp.net/upload_json.ashx?dir=file HTTP/1.1" 404 - "-" "Mozilla/5.0 (compatible; Baiduspider/2.0; +http://www.baidu.com/search/spider.html)"
8.210.116.128 - - [15/Jan/2021:13:23:07 +0100] "HEAD /kindeditor/asp.net/upload_json.ashx?dir=file HTTP/1.1" 404 - "-" "Mozilla/5.0 (compatible; Baiduspider/2.0; +http://www.baidu.com/search/spider.html)"
8.210.116.128 - - [15/Jan/2021:13:23:08 +0100] "HEAD /kindeditor/php/upload_json.php?dir=file HTTP/1.1" 404 - "-" "Mozilla/5.0 (compatible; Baiduspider/2.0; +http://www.baidu.com/search/spider.html)"
8.210.116.128 - - [15/Jan/2021:13:23:09 +0100] "HEAD /admin/jzeditor/asp.net/upload_json.ashx?dir=file HTTP/1.1" 404 - "-" "Mozilla/5.0 (compatible; Baiduspider/2.0; +http://www.baidu.com/search/spider.html)"
8.210.116.128 - - [15/Jan/2021:13:23:09 +0100] "HEAD /keditor/php/upload_json.php?dir=file HTTP/1.1" 404 - "-" "Mozilla/5.0 (compatible; Baiduspider/2.0; +http://www.baidu.com/search/spider.html)"
8.210.116.128 - - [15/Jan/2021:13:23:10 +0100] "HEAD /kindeditor/asp/upload_json.asp?dir=file HTTP/1.1" 404 - "-" "Mozilla/5.0 (compatible; Baiduspider/2.0; +http://www.baidu.com/search/spider.html)"
8.210.116.128 - - [15/Jan/2021:13:23:10 +0100] "HEAD /keditor/asp/upload_json.asp?dir=file HTTP/1.1" 404 - "-" "Mozilla/5.0 (compatible; Baiduspider/2.0; +http://www.baidu.com/search/spider.html)"
8.210.116.128 - - [15/Jan/2021:13:23:10 +0100] "HEAD /js/kindeditor/asp/upload_json.asp?dir=file HTTP/1.1" 404 - "-" "Mozilla/5.0 (compatible; Baiduspider/2.0; +http://www.baidu.com/search/spider.html)"
212.237.23.143 - - [15/Jan/2021:13:41:33 +0100] "HEAD / HTTP/1.1" 200 0 "-" "Alert_Alligator_webmonitoring_service_1.4.7_(alertalligator.com)"
114.119.159.6 - - [15/Jan/2021:14:34:57 +0100] "GET /robots.txt HTTP/1.1" 404 - "-" "(compatible;PetalBot;+https://aspiegel.com/petalbot)"
212.237.23.143 - - [15/Jan/2021:14:41:50 +0100] "HEAD / HTTP/1.1" 200 0 "-" "Alert_Alligator_webmonitoring_service_1.4.7_(alertalligator.com)"
52.42.79.222 - - [15/Jan/2021:15:29:08 +0100] "GET /wp-login.php HTTP/1.1" 404 - "-" "Mozilla/5.0 (Windows NT 6.3; WOW64) AppleWebKit/537.36 (KHTML, like Gecko) Chrome/41.0.2225.0 Safari/537.36"
52.42.79.222 - - [15/Jan/2021:15:29:08 +0100] "GET /wp-login.php HTTP/1.1" 404 - "-" "Mozilla/5.0 (Windows NT 6.3; WOW64) AppleWebKit/537.36 (KHTML, like Gecko) Chrome/41.0.2225.0 Safari/537.36"
212.237.23.143 - - [15/Jan/2021:15:39:27 +0100] "HEAD / HTTP/1.1" 200 0 "-" "Alert_Alligator_webmonitoring_service_1.4.7_(alertalligator.com)"
18.229.73.207 - - [15/Jan/2021:16:19:46 +0100] "GET /wp-login.php HTTP/1.1" 404 - "-" "Mozilla/5.0 (Windows NT 6.2) AppleWebKit/537.36 (KHTML, like Gecko) Chrome/28.0.1467.0 Safari/537.36"
18.229.73.207 - - [15/Jan/2021:16:19:46 +0100] "GET /wp-login.php HTTP/1.1" 404 - "-" "Mozilla/5.0 (Windows NT 6.2) AppleWebKit/537.36 (KHTML, like Gecko) Chrome/28.0.1467.0 Safari/537.36"
13.232.96.15 - - [15/Jan/2021:16:19:53 +0100] "GET /wp-login.php HTTP/1.1" 404 - "-" "Mozilla/5.0 (Macintosh; Intel Mac OS X 10_10_1) AppleWebKit/537.36 (KHTML, like Gecko) Chrome/41.0.2227.1 Safari/537.36"
13.232.96.15 - - [15/Jan/2021:16:19:53 +0100] "GET /wp-login.php HTTP/1.1" 404 - "-" "Mozilla/5.0 (Macintosh; Intel Mac OS X 10_10_1) AppleWebKit/537.36 (KHTML, like Gecko) Chrome/41.0.2227.1 Safari/537.36"
49.12.13.109 - - [15/Jan/2021:16:20:08 +0100] "HEAD / HTTP/1.1" 200 0 "-" "Alert_Alligator_webmonitoring_service_1.4.8_(alertalligator.com)"
173.231.59.212 - - [15/Jan/2021:16:40:51 +0100] "GET /robots.txt HTTP/1.1" 404 - "-" "Mozilla/5.0 (compatible; Adsbot/3.1)"
173.231.59.212 - - [15/Jan/2021:16:41:05 +0100] "GET /panka/micsodaido.html HTTP/1.1" 404 - "http://www.micsodaido.hu/" "Mozilla/5.0 (compatible; Adsbot/3.1)"
34.236.202.207 - - [15/Jan/2021:16:58:47 +0100] "GET /wp-login.php HTTP/1.1" 404 - "-" "Mozilla/5.0 (Windows NT 6.3; WOW64) AppleWebKit/537.36 (KHTML, like Gecko) Chrome/41.0.2226.0 Safari/537.36"
34.236.202.207 - - [15/Jan/2021:16:58:47 +0100] "GET /wp-login.php HTTP/1.1" 404 - "-" "Mozilla/5.0 (Windows NT 6.3; WOW64) AppleWebKit/537.36 (KHTML, like Gecko) Chrome/41.0.2226.0 Safari/537.36"
49.12.13.109 - - [15/Jan/2021:17:04:15 +0100] "HEAD / HTTP/1.1" 200 0 "-" "Alert_Alligator_webmonitoring_service_1.4.8_(alertalligator.com)"
212.237.51.151 - - [15/Jan/2021:17:54:39 +0100] "HEAD / HTTP/1.1" 200 0 "-" "Alert_Alligator_webmonitoring_service_1.4.7_(alertalligator.com)"
212.237.23.143 - - [15/Jan/2021:18:51:36 +0100] "HEAD / HTTP/1.1" 200 0 "-" "Alert_Alligator_webmonitoring_service_1.4.7_(alertalligator.com)"
212.237.51.151 - - [15/Jan/2021:19:43:58 +0100] "HEAD / HTTP/1.1" 200 0 "-" "Alert_Alligator_webmonitoring_service_1.4.7_(alertalligator.com)"
124.206.180.139 - - [15/Jan/2021:20:36:03 +0100] "GET / HTTP/1.1" 200 174 "-" "Mozilla/5.0 Firefox/35.0"
212.237.53.115 - - [15/Jan/2021:20:39:22 +0100] "HEAD / HTTP/1.1" 200 0 "-" "Alert_Alligator_webmonitoring_service_1.4.7_(alertalligator.com)"
212.237.23.143 - - [15/Jan/2021:21:39:10 +0100] "HEAD / HTTP/1.1" 200 0 "-" "Alert_Alligator_webmonitoring_service_1.4.7_(alertalligator.com)"
66.249.69.123 - - [15/Jan/2021:22:19:36 +0100] "GET /robots.txt HTTP/1.1" 404 - "-" "Mozilla/5.0 (compatible; Googlebot/2.1; +http://www.google.com/bot.html)"
66.249.69.125 - - [15/Jan/2021:22:19:36 +0100] "GET / HTTP/1.1" 200 166 "-" "Mozilla/5.0 (Linux; Android 6.0.1; Nexus 5X Build/MMB29P) AppleWebKit/537.36 (KHTML, like Gecko) Chrome/87.0.4280.90 Mobile Safari/537.36 (compatible; Googlebot/2.1; +http://www.google.com/bot.html)"
212.237.53.115 - - [15/Jan/2021:22:39:29 +0100] "HEAD / HTTP/1.1" 200 0 "-" "Alert_Alligator_webmonitoring_service_1.4.7_(alertalligator.com)"
66.249.69.121 - - [15/Jan/2021:23:16:26 +0100] "GET / HTTP/1.1" 200 166 "-" "Mozilla/5.0 (compatible; Googlebot/2.1; +http://www.google.com/bot.html)"
212.237.53.115 - - [15/Jan/2021:23:35:45 +0100] "HEAD / HTTP/1.1" 200 0 "-" "Alert_Alligator_webmonitoring_service_1.4.7_(alertalligator.com)"
167.114.232.244 - - [16/Jan/2021:00:13:45 +0100] "GET / HTTP/1.1" 200 166 "-" "Mozilla/5.0 (Windows NT 10.0; Win64; x64; rv:79.0) Gecko/20100101 Firefox/79.0"
167.114.232.244 - - [16/Jan/2021:00:13:45 +0100] "GET /ads.txt HTTP/1.1" 404 - "-" "Mozilla/5.0 (Windows NT 10.0; Win64; x64; rv:79.0) Gecko/20100101 Firefox/79.0"
212.237.23.143 - - [16/Jan/2021:00:39:47 +0100] "HEAD / HTTP/1.1" 200 0 "-" "Alert_Alligator_webmonitoring_service_1.4.7_(alertalligator.com)"
124.206.180.139 - - [16/Jan/2021:01:01:03 +0100] "GET / HTTP/1.1" 200 166 "-" "Mozilla/5.0 Firefox/35.0"
104.248.37.163 - - [16/Jan/2021:01:01:34 +0100] "GET /robots.txt HTTP/1.1" 404 - "-" "Mozilla/5.0 (Windows NT 6.1; WOW64; Trident/7.0; rv:11.0) like Gecko"
104.248.37.163 - - [16/Jan/2021:01:01:34 +0100] "GET /sitemap.xml HTTP/1.1" 404 - "-" "Mozilla/5.0 (Windows NT 6.1; WOW64; rv:51.0) Gecko/20100101 Firefox/51.0"
83.233.207.74 - - [16/Jan/2021:01:18:18 +0100] "GET / HTTP/1.1" 200 166 "-" "Mozilla/4.0 (CMS Crawler: http://www.cmscrawler.com)"
49.12.13.109 - - [16/Jan/2021:01:23:48 +0100] "HEAD / HTTP/1.1" 200 0 "-" "Alert_Alligator_webmonitoring_service_1.4.8_(alertalligator.com)"
49.12.13.109 - - [16/Jan/2021:02:03:01 +0100] "HEAD / HTTP/1.1" 200 0 "-" "Alert_Alligator_webmonitoring_service_1.4.8_(alertalligator.com)"
54.229.180.106 - - [16/Jan/2021:02:19:53 +0100] "GET / HTTP/1.1" 200 166 "-" "Mozilla/5.0 (Macintosh; Intel Mac OS X 10_15_4) AppleWebKit/537.36 (KHTML, like Gecko) Chrome/83.0.4103.61 Safari/537.36"
49.12.13.109 - - [16/Jan/2021:02:42:57 +0100] "HEAD / HTTP/1.1" 200 0 "-" "Alert_Alligator_webmonitoring_service_1.4.8_(alertalligator.com)"
49.12.13.109 - - [16/Jan/2021:03:26:31 +0100] "HEAD / HTTP/1.1" 200 0 "-" "Alert_Alligator_webmonitoring_service_1.4.8_(alertalligator.com)"
66.249.72.81 - - [16/Jan/2021:04:00:39 +0100] "GET /robots.txt HTTP/1.1" 404 - "-" "Mozilla/5.0 (compatible; Googlebot/2.1; +http://www.google.com/bot.html)"
66.249.72.77 - - [16/Jan/2021:04:00:40 +0100] "GET / HTTP/1.1" 200 169 "-" "Mozilla/5.0 (Linux; Android 6.0.1; Nexus 5X Build/MMB29P) AppleWebKit/537.36 (KHTML, like Gecko) Chrome/87.0.4280.90 Mobile Safari/537.36 (compatible; Googlebot/2.1; +http://www.google.com/bot.html)"
49.12.13.109 - - [16/Jan/2021:04:07:31 +0100] "HEAD / HTTP/1.1" 200 0 "-" "Alert_Alligator_webmonitoring_service_1.4.8_(alertalligator.com)"
49.12.13.109 - - [16/Jan/2021:04:49:03 +0100] "HEAD / HTTP/1.1" 200 0 "-" "Alert_Alligator_webmonitoring_service_1.4.8_(alertalligator.com)"
212.237.51.151 - - [16/Jan/2021:05:40:50 +0100] "HEAD / HTTP/1.1" 200 0 "-" "Alert_Alligator_webmonitoring_service_1.4.7_(alertalligator.com)"
212.237.51.151 - - [16/Jan/2021:06:33:42 +0100] "HEAD / HTTP/1.1" 200 0 "-" "Alert_Alligator_webmonitoring_service_1.4.7_(alertalligator.com)"
66.249.72.169 - - [16/Jan/2021:06:36:02 +0100] "GET /robots.txt HTTP/1.1" 404 - "-" "Mozilla/5.0 (compatible; Googlebot/2.1; +http://www.google.com/bot.html)"
66.249.72.173 - - [16/Jan/2021:06:36:02 +0100] "GET / HTTP/1.1" 200 174 "-" "Mozilla/5.0 (Linux; Android 6.0.1; Nexus 5X Build/MMB29P) AppleWebKit/537.36 (KHTML, like Gecko) Chrome/87.0.4280.90 Mobile Safari/537.36 (compatible; Googlebot/2.1; +http://www.google.com/bot.html)"
212.227.215.32 - - [16/Jan/2021:06:44:35 +0100] "GET / HTTP/1.1" 200 166 "-" "python-requests/2.25.1"
49.12.13.109 - - [16/Jan/2021:07:20:06 +0100] "HEAD / HTTP/1.1" 200 0 "-" "Alert_Alligator_webmonitoring_service_1.4.8_(alertalligator.com)"
209.17.96.26 - - [16/Jan/2021:08:08:13 +0100] "GET / HTTP/1.1" 200 166 "-" "Mozilla/5.0 (compatible; Nimbostratus-Bot/v1.3.2; http://cloudsystemnetworks.com)"
212.237.23.143 - - [16/Jan/2021:08:21:37 +0100] "HEAD / HTTP/1.1" 200 0 "-" "Alert_Alligator_webmonitoring_service_1.4.7_(alertalligator.com)"
66.249.72.209 - - [16/Jan/2021:08:48:40 +0100] "GET /robots.txt HTTP/1.1" 404 - "-" "Mozilla/5.0 (compatible; Googlebot/2.1; +http://www.google.com/bot.html)"
66.249.72.209 - - [16/Jan/2021:08:48:40 +0100] "GET / HTTP/1.1" 200 174 "-" "Mozilla/5.0 (compatible; Googlebot/2.1; +http://www.google.com/bot.html)"
49.12.13.109 - - [16/Jan/2021:09:06:28 +0100] "HEAD / HTTP/1.1" 200 0 "-" "Alert_Alligator_webmonitoring_service_1.4.8_(alertalligator.com)"
49.12.13.109 - - [16/Jan/2021:09:48:35 +0100] "HEAD / HTTP/1.1" 200 0 "-" "Alert_Alligator_webmonitoring_service_1.4.8_(alertalligator.com)"
157.55.39.97 - - [16/Jan/2021:10:05:16 +0100] "GET / HTTP/1.1" 304 - "-" "Mozilla/5.0 (compatible; bingbot/2.0; +http://www.bing.com/bingbot.htm)"
114.119.158.182 - - [16/Jan/2021:10:26:34 +0100] "GET /robots.txt HTTP/1.1" 404 - "-" "(compatible;PetalBot;+https://aspiegel.com/petalbot)"
49.12.13.109 - - [16/Jan/2021:10:29:53 +0100] "HEAD / HTTP/1.1" 200 0 "-" "Alert_Alligator_webmonitoring_service_1.4.8_(alertalligator.com)"
49.12.13.109 - - [16/Jan/2021:11:07:04 +0100] "HEAD / HTTP/1.1" 200 0 "-" "Alert_Alligator_webmonitoring_service_1.4.8_(alertalligator.com)"
212.237.53.115 - - [16/Jan/2021:12:02:17 +0100] "HEAD / HTTP/1.1" 200 0 "-" "Alert_Alligator_webmonitoring_service_1.4.7_(alertalligator.com)"
49.12.13.109 - - [16/Jan/2021:12:40:59 +0100] "HEAD / HTTP/1.1" 200 0 "-" "Alert_Alligator_webmonitoring_service_1.4.8_(alertalligator.com)"
49.12.13.109 - - [16/Jan/2021:13:24:00 +0100] "HEAD / HTTP/1.1" 200 0 "-" "Alert_Alligator_webmonitoring_service_1.4.8_(alertalligator.com)"
66.249.69.95 - - [16/Jan/2021:14:25:55 +0100] "GET /robots.txt HTTP/1.1" 404 - "-" "Mozilla/5.0 (compatible; Googlebot/2.1; +http://www.google.com/bot.html)"
66.249.69.95 - - [16/Jan/2021:14:25:55 +0100] "GET / HTTP/1.1" 200 169 "-" "Mozilla/5.0 (compatible; Googlebot/2.1; +http://www.google.com/bot.html)"
212.237.53.115 - - [16/Jan/2021:14:26:44 +0100] "HEAD / HTTP/1.1" 200 0 "-" "Alert_Alligator_webmonitoring_service_1.4.7_(alertalligator.com)"
212.237.51.151 - - [16/Jan/2021:15:15:07 +0100] "HEAD / HTTP/1.1" 200 0 "-" "Alert_Alligator_webmonitoring_service_1.4.7_(alertalligator.com)"
212.237.53.115 - - [16/Jan/2021:16:15:59 +0100] "HEAD / HTTP/1.1" 200 0 "-" "Alert_Alligator_webmonitoring_service_1.4.7_(alertalligator.com)"
49.12.13.109 - - [16/Jan/2021:16:59:37 +0100] "HEAD / HTTP/1.1" 200 0 "-" "Alert_Alligator_webmonitoring_service_1.4.8_(alertalligator.com)"
222.243.108.249 - - [16/Jan/2021:17:35:18 +0100] "GET / HTTP/1.1" 200 174 "-" "Mozilla/5.0 (Windows NT 6.1; Win64; x64) AppleWebKit/537.36 (KHTML, like Gecko) Chrome/80.0.3987.132 Safari/537.36"
212.237.51.151 - - [16/Jan/2021:17:52:14 +0100] "HEAD / HTTP/1.1" 200 0 "-" "Alert_Alligator_webmonitoring_service_1.4.7_(alertalligator.com)"
212.237.51.151 - - [16/Jan/2021:18:45:44 +0100] "HEAD / HTTP/1.1" 200 0 "-" "Alert_Alligator_webmonitoring_service_1.4.7_(alertalligator.com)"
212.237.23.143 - - [16/Jan/2021:19:45:50 +0100] "HEAD / HTTP/1.1" 200 0 "-" "Alert_Alligator_webmonitoring_service_1.4.7_(alertalligator.com)"
220.181.108.82 - - [16/Jan/2021:20:19:50 +0100] "GET / HTTP/1.1" 200 174 "-" "Mozilla/5.0 (compatible; Baiduspider/2.0; +http://www.baidu.com/search/spider.html)"
49.12.13.109 - - [16/Jan/2021:20:26:43 +0100] "HEAD / HTTP/1.1" 200 0 "-" "Alert_Alligator_webmonitoring_service_1.4.8_(alertalligator.com)"
49.12.13.109 - - [16/Jan/2021:21:09:04 +0100] "HEAD / HTTP/1.1" 200 0 "-" "Alert_Alligator_webmonitoring_service_1.4.8_(alertalligator.com)"
165.22.35.21 - - [16/Jan/2021:21:11:10 +0100] "GET /wp-login.php HTTP/1.1" 404 - "-" "Mozilla/5.0 (X11; Ubuntu; Linux x86_64; rv:62.0) Gecko/20100101 Firefox/62.0"
49.12.13.109 - - [16/Jan/2021:21:50:11 +0100] "HEAD / HTTP/1.1" 200 0 "-" "Alert_Alligator_webmonitoring_service_1.4.8_(alertalligator.com)"
185.255.135.44 - - [16/Jan/2021:22:02:33 +0100] "GET /up.php HTTP/1.1" 404 - "-" "Mozilla/5.0 (Macintosh; Intel Mac OS X 10.8; rv:51.0) Gecko/20100101 Firefox/51.0"
192.36.248.249 - - [16/Jan/2021:22:17:08 +0100] "GET /robots.txt HTTP/1.1" 404 - "-" "Go-http-client/1.1"
192.36.53.165 - - [16/Jan/2021:22:17:08 +0100] "GET /humans.txt HTTP/1.1" 404 - "-" "Go-http-client/1.1"
192.36.53.165 - - [16/Jan/2021:22:17:07 +0100] "GET /ads.txt HTTP/1.1" 404 - "-" "Go-http-client/1.1"
192.71.126.175 - - [16/Jan/2021:22:17:08 +0100] "GET / HTTP/1.1" 200 166 "-" "Go-http-client/1.1"
212.237.23.143 - - [16/Jan/2021:22:48:43 +0100] "HEAD / HTTP/1.1" 200 0 "-" "Alert_Alligator_webmonitoring_service_1.4.7_(alertalligator.com)"
49.12.13.109 - - [16/Jan/2021:23:32:28 +0100] "HEAD / HTTP/1.1" 200 0 "-" "Alert_Alligator_webmonitoring_service_1.4.8_(alertalligator.com)"
49.12.13.109 - - [17/Jan/2021:00:14:57 +0100] "HEAD / HTTP/1.1" 200 0 "-" "Alert_Alligator_webmonitoring_service_1.4.8_(alertalligator.com)"
212.237.51.151 - - [17/Jan/2021:01:04:06 +0100] "HEAD / HTTP/1.1" 200 0 "-" "Alert_Alligator_webmonitoring_service_1.4.7_(alertalligator.com)"
3.227.10.60 - - [17/Jan/2021:01:09:31 +0100] "GET / HTTP/1.1" 200 166 "-" "Mozilla/5.0 (Macintosh; Intel Mac OS X 10_15_0) AppleWebKit/537.36 (KHTML, like Gecko) Chrome/78.0.3904.87 Safari/537.36"
49.12.13.109 - - [17/Jan/2021:01:46:51 +0100] "HEAD / HTTP/1.1" 200 0 "-" "Alert_Alligator_webmonitoring_service_1.4.8_(alertalligator.com)"
49.12.13.109 - - [17/Jan/2021:02:31:32 +0100] "HEAD / HTTP/1.1" 200 0 "-" "Alert_Alligator_webmonitoring_service_1.4.8_(alertalligator.com)"
54.191.77.220 - - [17/Jan/2021:02:37:20 +0100] "HEAD / HTTP/1.1" 200 0 "-" "Go-http-client/1.1"
34.220.221.60 - - [17/Jan/2021:02:37:22 +0100] "GET / HTTP/1.1" 200 174 "-" "Mozilla/5.0 (Windows NT 6.1; WOW64) AppleWebKit/537.36 (KHTML, like Gecko) Chrome/56.0.2924.76 Safari/537.36"
34.222.225.221 - - [17/Jan/2021:02:37:23 +0100] "GET / HTTP/1.1" 200 174 "-" "Mozilla/5.0 (X11; Linux x86_64) AppleWebKit/537.36 (KHTML, like Gecko) HeadlessChrome/83.0.4103.97 Safari/537.36"
212.237.51.151 - - [17/Jan/2021:03:21:18 +0100] "HEAD / HTTP/1.1" 200 0 "-" "Alert_Alligator_webmonitoring_service_1.4.7_(alertalligator.com)"
64.246.165.200 - - [17/Jan/2021:03:50:06 +0100] "GET /robots.txt HTTP/1.0" 404 - "-" "Mozilla/5.0 (Macintosh; Intel Mac OS X 10.10; rv:59.0) Gecko/20100101 Firefox/59.0"
64.246.165.200 - - [17/Jan/2021:03:50:07 +0100] "GET / HTTP/1.1" 200 169 "-" "Mozilla/5.0 (Macintosh; Intel Mac OS X 10.10; rv:59.0) Gecko/20100101 Firefox/59.0"
212.237.51.151 - - [17/Jan/2021:04:11:38 +0100] "HEAD / HTTP/1.1" 200 0 "-" "Alert_Alligator_webmonitoring_service_1.4.7_(alertalligator.com)"
156.213.65.121 - - [17/Jan/2021:04:30:33 +0100] "GET / HTTP/1.1" 200 166 "-" "Mozilla/5.0 (Windows NT 10.0; Win64; x64) AppleWebKit/537.36 (KHTML, like Gecko) Chrome/85.0.4183.121 Safari/537.36"
212.237.23.143 - - [17/Jan/2021:05:14:28 +0100] "HEAD / HTTP/1.1" 200 0 "-" "Alert_Alligator_webmonitoring_service_1.4.7_(alertalligator.com)"
114.119.156.172 - - [17/Jan/2021:05:47:11 +0100] "GET /robots.txt HTTP/1.1" 404 - "-" "(compatible;PetalBot;+https://aspiegel.com/petalbot)"
49.12.13.109 - - [17/Jan/2021:05:49:29 +0100] "HEAD / HTTP/1.1" 200 0 "-" "Alert_Alligator_webmonitoring_service_1.4.8_(alertalligator.com)"
178.171.66.238 - - [17/Jan/2021:06:11:49 +0100] "GET / HTTP/1.1" 200 166 "-" "Mozilla/5.0 (Macintosh; Intel Mac OS X 10_12_5) AppleWebKit/537.36 (KHTML, like Gecko) Chrome/58.0.3029.110 Safari/537.36"
49.12.13.109 - - [17/Jan/2021:06:27:16 +0100] "HEAD / HTTP/1.1" 200 0 "-" "Alert_Alligator_webmonitoring_service_1.4.8_(alertalligator.com)"
212.237.53.115 - - [17/Jan/2021:07:27:38 +0100] "HEAD / HTTP/1.1" 200 0 "-" "Alert_Alligator_webmonitoring_service_1.4.7_(alertalligator.com)"
212.237.53.115 - - [17/Jan/2021:08:26:24 +0100] "HEAD / HTTP/1.1" 200 0 "-" "Alert_Alligator_webmonitoring_service_1.4.7_(alertalligator.com)"
209.17.97.34 - - [17/Jan/2021:08:39:23 +0100] "GET / HTTP/1.1" 200 174 "-" "Mozilla/5.0 (compatible; Nimbostratus-Bot/v1.3.2; http://cloudsystemnetworks.com)"
3.236.108.156 - - [17/Jan/2021:08:47:22 +0100] "GET / HTTP/1.1" 200 166 "-" "Mozilla/5.0 (Macintosh; Intel Mac OS X 10_14_5) AppleWebKit/537.36 (KHTML, like Gecko) Chrome/75.0.3770.142 Safari/537.36"
49.12.13.109 - - [17/Jan/2021:09:11:08 +0100] "HEAD / HTTP/1.1" 200 0 "-" "Alert_Alligator_webmonitoring_service_1.4.8_(alertalligator.com)"
49.12.13.109 - - [17/Jan/2021:09:50:52 +0100] "HEAD / HTTP/1.1" 200 0 "-" "Alert_Alligator_webmonitoring_service_1.4.8_(alertalligator.com)"
46.101.80.192 - - [17/Jan/2021:09:52:50 +0100] "GET / HTTP/1.1" 200 166 "-" "Mozilla/5.0 (Windows NT 6.0) AppleWebKit/537.36 (KHTML, like Gecko) Chrome/34.0.1847.116 Safari/537.36"
212.237.51.151 - - [17/Jan/2021:10:42:02 +0100] "HEAD / HTTP/1.1" 200 0 "-" "Alert_Alligator_webmonitoring_service_1.4.7_(alertalligator.com)"
212.237.51.151 - - [17/Jan/2021:11:32:31 +0100] "HEAD / HTTP/1.1" 200 0 "-" "Alert_Alligator_webmonitoring_service_1.4.7_(alertalligator.com)"
49.12.13.109 - - [17/Jan/2021:12:09:21 +0100] "HEAD / HTTP/1.1" 200 0 "-" "Alert_Alligator_webmonitoring_service_1.4.8_(alertalligator.com)"
42.236.10.90 - - [17/Jan/2021:12:38:26 +0100] "GET / HTTP/1.1" 200 166 "http://micsodaido.hu/" "Mozilla/5.0 (Windows NT 6.1; WOW64) AppleWebKit/537.36 (KHTML, like Gecko) Chrome/50.4.2661.102 Safari/537.36; 360Spider"
42.236.10.108 - - [17/Jan/2021:12:43:17 +0100] "GET / HTTP/1.1" 200 166 "http://www.micsodaido.hu/" "Mozilla/5.0 (Windows NT 6.1; WOW64) AppleWebKit/537.36 (KHTML, like Gecko) Chrome/50.4.2661.102 Safari/537.36; 360Spider"
212.237.23.143 - - [17/Jan/2021:13:05:34 +0100] "HEAD / HTTP/1.1" 200 0 "-" "Alert_Alligator_webmonitoring_service_1.4.7_(alertalligator.com)"
212.237.23.143 - - [17/Jan/2021:14:04:58 +0100] "HEAD / HTTP/1.1" 200 0 "-" "Alert_Alligator_webmonitoring_service_1.4.7_(alertalligator.com)"
54.187.150.144 - - [17/Jan/2021:14:19:28 +0100] "HEAD / HTTP/1.1" 200 0 "-" "Go-http-client/1.1"
34.222.143.74 - - [17/Jan/2021:14:19:29 +0100] "GET / HTTP/1.1" 200 174 "-" "Mozilla/5.0 (X11; Linux x86_64) AppleWebKit/537.36 (KHTML, like Gecko) HeadlessChrome/83.0.4103.97 Safari/537.36"
212.237.23.143 - - [17/Jan/2021:15:07:18 +0100] "HEAD / HTTP/1.1" 200 0 "-" "Alert_Alligator_webmonitoring_service_1.4.7_(alertalligator.com)"
212.237.23.143 - - [17/Jan/2021:16:08:38 +0100] "HEAD / HTTP/1.1" 200 0 "-" "Alert_Alligator_webmonitoring_service_1.4.7_(alertalligator.com)"
49.12.13.109 - - [17/Jan/2021:16:50:21 +0100] "HEAD / HTTP/1.1" 200 0 "-" "Alert_Alligator_webmonitoring_service_1.4.8_(alertalligator.com)"
212.237.53.115 - - [17/Jan/2021:17:53:03 +0100] "HEAD / HTTP/1.1" 200 0 "-" "Alert_Alligator_webmonitoring_service_1.4.7_(alertalligator.com)"
49.12.13.109 - - [17/Jan/2021:18:34:33 +0100] "HEAD / HTTP/1.1" 200 0 "-" "Alert_Alligator_webmonitoring_service_1.4.8_(alertalligator.com)"
49.12.13.109 - - [17/Jan/2021:19:14:28 +0100] "HEAD / HTTP/1.1" 200 0 "-" "Alert_Alligator_webmonitoring_service_1.4.8_(alertalligator.com)"
212.237.53.115 - - [17/Jan/2021:20:15:41 +0100] "HEAD / HTTP/1.1" 200 0 "-" "Alert_Alligator_webmonitoring_service_1.4.7_(alertalligator.com)"
35.178.16.1 - - [17/Jan/2021:20:16:40 +0100] "GET /wp-login.php HTTP/1.1" 404 - "-" "Mozilla/5.0 (Windows NT 6.3; Win64; x64) AppleWebKit/537.36 (KHTML, like Gecko) Chrome/37.0.2049.0 Safari/537.36"
35.178.16.1 - - [17/Jan/2021:20:16:41 +0100] "GET /wp-login.php HTTP/1.1" 404 - "-" "Mozilla/5.0 (Windows NT 6.3; Win64; x64) AppleWebKit/537.36 (KHTML, like Gecko) Chrome/37.0.2049.0 Safari/537.36"
212.237.53.115 - - [17/Jan/2021:21:17:33 +0100] "HEAD / HTTP/1.1" 200 0 "-" "Alert_Alligator_webmonitoring_service_1.4.7_(alertalligator.com)"
49.12.13.109 - - [17/Jan/2021:21:58:10 +0100] "HEAD / HTTP/1.1" 200 0 "-" "Alert_Alligator_webmonitoring_service_1.4.8_(alertalligator.com)"
49.12.13.109 - - [17/Jan/2021:22:37:22 +0100] "HEAD / HTTP/1.1" 200 0 "-" "Alert_Alligator_webmonitoring_service_1.4.8_(alertalligator.com)"
49.12.13.109 - - [17/Jan/2021:23:18:29 +0100] "HEAD / HTTP/1.1" 200 0 "-" "Alert_Alligator_webmonitoring_service_1.4.8_(alertalligator.com)"
49.12.13.109 - - [18/Jan/2021:00:00:27 +0100] "HEAD / HTTP/1.1" 200 0 "-" "Alert_Alligator_webmonitoring_service_1.4.8_(alertalligator.com)"
212.237.23.143 - - [18/Jan/2021:01:05:12 +0100] "HEAD / HTTP/1.1" 200 0 "-" "Alert_Alligator_webmonitoring_service_1.4.7_(alertalligator.com)"
114.119.156.193 - - [18/Jan/2021:01:28:58 +0100] "GET /robots.txt HTTP/1.1" 404 - "-" "(compatible;PetalBot;+https://aspiegel.com/petalbot)"
212.237.53.115 - - [18/Jan/2021:02:02:56 +0100] "HEAD / HTTP/1.1" 200 0 "-" "Alert_Alligator_webmonitoring_service_1.4.7_(alertalligator.com)"
212.237.51.151 - - [18/Jan/2021:02:54:37 +0100] "HEAD / HTTP/1.1" 200 0 "-" "Alert_Alligator_webmonitoring_service_1.4.7_(alertalligator.com)"
212.237.51.151 - - [18/Jan/2021:03:44:50 +0100] "HEAD / HTTP/1.1" 200 0 "-" "Alert_Alligator_webmonitoring_service_1.4.7_(alertalligator.com)"
212.237.51.151 - - [18/Jan/2021:04:39:07 +0100] "HEAD / HTTP/1.1" 200 0 "-" "Alert_Alligator_webmonitoring_service_1.4.7_(alertalligator.com)"
212.237.53.115 - - [18/Jan/2021:05:36:31 +0100] "HEAD / HTTP/1.1" 200 0 "-" "Alert_Alligator_webmonitoring_service_1.4.7_(alertalligator.com)"
49.12.13.109 - - [18/Jan/2021:06:13:20 +0100] "HEAD / HTTP/1.1" 200 0 "-" "Alert_Alligator_webmonitoring_service_1.4.8_(alertalligator.com)"
212.237.53.115 - - [18/Jan/2021:07:08:31 +0100] "HEAD / HTTP/1.1" 200 0 "-" "Alert_Alligator_webmonitoring_service_1.4.7_(alertalligator.com)"
49.12.13.109 - - [18/Jan/2021:07:45:54 +0100] "HEAD / HTTP/1.1" 200 0 "-" "Alert_Alligator_webmonitoring_service_1.4.8_(alertalligator.com)"
49.12.13.109 - - [18/Jan/2021:08:30:54 +0100] "HEAD / HTTP/1.1" 200 0 "-" "Alert_Alligator_webmonitoring_service_1.4.8_(alertalligator.com)"
212.237.53.115 - - [18/Jan/2021:09:27:39 +0100] "HEAD / HTTP/1.1" 200 0 "-" "Alert_Alligator_webmonitoring_service_1.4.7_(alertalligator.com)"
18.222.255.143 - - [18/Jan/2021:10:17:42 +0100] "GET / HTTP/1.1" 200 166 "-" "Mozilla/5.0 (Macintosh; Intel Mac OS X 10_15_0) AppleWebKit/537.36 (KHTML, like Gecko) Chrome/78.0.3904.87 Safari/537.36"
212.237.53.115 - - [18/Jan/2021:10:30:05 +0100] "HEAD / HTTP/1.1" 200 0 "-" "Alert_Alligator_webmonitoring_service_1.4.7_(alertalligator.com)"
49.12.13.109 - - [18/Jan/2021:11:10:58 +0100] "HEAD / HTTP/1.1" 200 0 "-" "Alert_Alligator_webmonitoring_service_1.4.8_(alertalligator.com)"
49.12.13.109 - - [18/Jan/2021:11:54:49 +0100] "HEAD / HTTP/1.1" 200 0 "-" "Alert_Alligator_webmonitoring_service_1.4.8_(alertalligator.com)"
49.12.13.109 - - [18/Jan/2021:12:38:12 +0100] "HEAD / HTTP/1.1" 200 0 "-" "Alert_Alligator_webmonitoring_service_1.4.8_(alertalligator.com)"
49.12.13.109 - - [18/Jan/2021:13:19:49 +0100] "HEAD / HTTP/1.1" 200 0 "-" "Alert_Alligator_webmonitoring_service_1.4.8_(alertalligator.com)"
49.12.13.109 - - [18/Jan/2021:14:05:11 +0100] "HEAD / HTTP/1.1" 200 0 "-" "Alert_Alligator_webmonitoring_service_1.4.8_(alertalligator.com)"
13.124.222.242 - - [18/Jan/2021:14:29:27 +0100] "GET /wp-login.php HTTP/1.1" 404 - "-" "Mozilla/5.0 (Windows NT 6.3; WOW64) AppleWebKit/537.36 (KHTML, like Gecko) Chrome/41.0.2226.0 Safari/537.36"
13.124.222.242 - - [18/Jan/2021:14:29:29 +0100] "GET /wp-login.php HTTP/1.1" 404 - "-" "Mozilla/5.0 (Windows NT 6.3; WOW64) AppleWebKit/537.36 (KHTML, like Gecko) Chrome/41.0.2226.0 Safari/537.36"
186.188.193.102 - - [18/Jan/2021:14:40:55 +0100] "GET / HTTP/1.1" 200 174 "-" "Mozilla/5.0 (Windows NT 10.0; Win64; x64) AppleWebKit/537.36 (KHTML, like Gecko) Chrome/85.0.4183.121 Safari/537.36"
212.237.51.151 - - [18/Jan/2021:14:57:55 +0100] "HEAD / HTTP/1.1" 200 0 "-" "Alert_Alligator_webmonitoring_service_1.4.7_(alertalligator.com)"
54.36.149.16 - - [18/Jan/2021:15:14:34 +0100] "GET /robots.txt HTTP/1.1" 404 - "-" "Mozilla/5.0 (compatible; AhrefsBot/6.1; +http://ahrefs.com/robot/)"
94.21.235.129 - - [18/Jan/2021:15:40:49 +0100] "GET / HTTP/1.1" 200 169 "-" "-"
212.237.51.151 - - [18/Jan/2021:15:50:05 +0100] "HEAD / HTTP/1.1" 200 0 "-" "Alert_Alligator_webmonitoring_service_1.4.7_(alertalligator.com)"
212.237.53.115 - - [18/Jan/2021:16:49:32 +0100] "HEAD / HTTP/1.1" 200 0 "-" "Alert_Alligator_webmonitoring_service_1.4.7_(alertalligator.com)"
212.237.51.151 - - [18/Jan/2021:17:44:13 +0100] "HEAD / HTTP/1.1" 200 0 "-" "Alert_Alligator_webmonitoring_service_1.4.7_(alertalligator.com)"
13.53.64.97 - - [18/Jan/2021:18:14:20 +0100] "GET /wp-login.php HTTP/1.1" 404 - "-" "Mozilla/5.0 (Macintosh; Intel Mac OS X 10_9_0) AppleWebKit/537.36 (KHTML, like Gecko) Chrome/32.0.1664.3 Safari/537.36"
13.53.64.97 - - [18/Jan/2021:18:14:20 +0100] "GET /wp-login.php HTTP/1.1" 404 - "-" "Mozilla/5.0 (Macintosh; Intel Mac OS X 10_9_0) AppleWebKit/537.36 (KHTML, like Gecko) Chrome/32.0.1664.3 Safari/537.36"
49.12.13.109 - - [18/Jan/2021:18:26:14 +0100] "HEAD / HTTP/1.1" 200 0 "-" "Alert_Alligator_webmonitoring_service_1.4.8_(alertalligator.com)"
212.237.51.151 - - [18/Jan/2021:19:21:28 +0100] "HEAD / HTTP/1.1" 200 0 "-" "Alert_Alligator_webmonitoring_service_1.4.7_(alertalligator.com)"
114.119.154.5 - - [18/Jan/2021:19:45:04 +0100] "GET /robots.txt HTTP/1.1" 404 - "-" "(compatible;PetalBot;+https://aspiegel.com/petalbot)"
49.12.13.109 - - [18/Jan/2021:20:06:05 +0100] "HEAD / HTTP/1.1" 200 0 "-" "Alert_Alligator_webmonitoring_service_1.4.8_(alertalligator.com)"
212.237.53.115 - - [18/Jan/2021:21:08:32 +0100] "HEAD / HTTP/1.1" 200 0 "-" "Alert_Alligator_webmonitoring_service_1.4.7_(alertalligator.com)"
49.12.13.109 - - [18/Jan/2021:21:46:53 +0100] "HEAD / HTTP/1.1" 200 0 "-" "Alert_Alligator_webmonitoring_service_1.4.8_(alertalligator.com)"
212.237.51.151 - - [18/Jan/2021:22:35:42 +0100] "HEAD / HTTP/1.1" 200 0 "-" "Alert_Alligator_webmonitoring_service_1.4.7_(alertalligator.com)"
49.12.13.109 - - [18/Jan/2021:23:12:07 +0100] "HEAD / HTTP/1.1" 200 0 "-" "Alert_Alligator_webmonitoring_service_1.4.8_(alertalligator.com)"
49.12.13.109 - - [18/Jan/2021:23:53:21 +0100] "HEAD / HTTP/1.1" 200 0 "-" "Alert_Alligator_webmonitoring_service_1.4.8_(alertalligator.com)"
49.12.13.109 - - [19/Jan/2021:00:33:56 +0100] "HEAD / HTTP/1.1" 200 0 "-" "Alert_Alligator_webmonitoring_service_1.4.8_(alertalligator.com)"
38.131.137.54 - - [19/Jan/2021:00:35:55 +0100] "GET / HTTP/1.1" 200 174 "-" "Mozilla/5.0 (Macintosh; Intel Mac OS X 10_12_5) AppleWebKit/537.36 (KHTML, like Gecko) Chrome/58.0.3029.110 Safari/537.36"
49.12.13.109 - - [19/Jan/2021:01:15:54 +0100] "HEAD / HTTP/1.1" 200 0 "-" "Alert_Alligator_webmonitoring_service_1.4.8_(alertalligator.com)"
49.12.13.109 - - [19/Jan/2021:01:59:03 +0100] "HEAD / HTTP/1.1" 200 0 "-" "Alert_Alligator_webmonitoring_service_1.4.8_(alertalligator.com)"
213.180.203.115 - - [19/Jan/2021:02:27:23 +0100] "GET /robots.txt HTTP/1.1" 404 - "-" "Mozilla/5.0 (compatible; YandexBot/3.0; +http://yandex.com/bots)"
213.180.203.115 - - [19/Jan/2021:02:27:27 +0100] "GET / HTTP/1.1" 200 174 "-" "Mozilla/5.0 (compatible; YandexBot/3.0; +http://yandex.com/bots)"
212.237.23.143 - - [19/Jan/2021:02:56:16 +0100] "HEAD / HTTP/1.1" 200 0 "-" "Alert_Alligator_webmonitoring_service_1.4.7_(alertalligator.com)"
5.255.231.195 - - [19/Jan/2021:03:31:39 +0100] "GET /robots.txt HTTP/1.1" 404 - "-" "Mozilla/5.0 (compatible; YandexBot/3.0; +http://yandex.com/bots)"
5.255.231.195 - - [19/Jan/2021:03:31:42 +0100] "GET / HTTP/1.1" 200 166 "-" "Mozilla/5.0 (compatible; YandexBot/3.0; +http://yandex.com/bots)"
212.237.51.151 - - [19/Jan/2021:03:46:39 +0100] "HEAD / HTTP/1.1" 200 0 "-" "Alert_Alligator_webmonitoring_service_1.4.7_(alertalligator.com)"
42.236.10.107 - - [19/Jan/2021:03:56:42 +0100] "GET / HTTP/1.1" 200 166 "http://micsodaido.hu/" "Mozilla/5.0 (Windows NT 6.1; WOW64) AppleWebKit/537.36 (KHTML, like Gecko) Chrome/50.4.2661.102 Safari/537.36; 360Spider"
42.236.106.114 - - [19/Jan/2021:04:07:23 +0100] "GET / HTTP/1.1" 200 166 "http://www.micsodaido.hu/" "Mozilla/5.0 (Windows NT 6.1; WOW64) AppleWebKit/537.36 (KHTML, like Gecko) Chrome/50.4.2661.102 Safari/537.36; 360Spider"
49.12.13.109 - - [19/Jan/2021:04:23:39 +0100] "HEAD / HTTP/1.1" 200 0 "-" "Alert_Alligator_webmonitoring_service_1.4.8_(alertalligator.com)"
212.237.53.115 - - [19/Jan/2021:05:16:25 +0100] "HEAD / HTTP/1.1" 200 0 "-" "Alert_Alligator_webmonitoring_service_1.4.7_(alertalligator.com)"
212.237.51.151 - - [19/Jan/2021:06:05:25 +0100] "HEAD / HTTP/1.1" 200 0 "-" "Alert_Alligator_webmonitoring_service_1.4.7_(alertalligator.com)"
5.255.231.195 - - [19/Jan/2021:06:10:24 +0100] "GET /robots.txt HTTP/1.1" 404 - "-" "Mozilla/5.0 (compatible; YandexBot/3.0; +http://yandex.com/bots)"
213.180.203.115 - - [19/Jan/2021:06:10:28 +0100] "GET / HTTP/1.1" 200 174 "-" "Mozilla/5.0 (compatible; YandexBot/3.0; +http://yandex.com/bots)"
5.255.231.195 - - [19/Jan/2021:06:27:28 +0100] "GET /robots.txt HTTP/1.1" 404 - "-" "Mozilla/5.0 (compatible; YandexBot/3.0; +http://yandex.com/bots)"
5.255.231.195 - - [19/Jan/2021:06:27:31 +0100] "GET / HTTP/1.1" 200 166 "-" "Mozilla/5.0 (compatible; YandexBot/3.0; +http://yandex.com/bots)"
212.237.53.115 - - [19/Jan/2021:07:03:11 +0100] "HEAD / HTTP/1.1" 200 0 "-" "Alert_Alligator_webmonitoring_service_1.4.7_(alertalligator.com)"
62.210.188.216 - - [19/Jan/2021:07:54:12 +0100] "GET /robots.txt HTTP/1.1" 404 - "-" "Mozilla/5.0 (compatible; Barkrowler/0.9; +https://babbar.tech/crawler)"
62.210.188.216 - - [19/Jan/2021:07:54:21 +0100] "GET / HTTP/1.1" 304 - "-" "Mozilla/5.0 (compatible; Barkrowler/0.9; +https://babbar.tech/crawler)"
212.237.23.143 - - [19/Jan/2021:08:00:55 +0100] "HEAD / HTTP/1.1" 200 0 "-" "Alert_Alligator_webmonitoring_service_1.4.7_(alertalligator.com)"
212.237.51.151 - - [19/Jan/2021:08:50:27 +0100] "HEAD / HTTP/1.1" 200 0 "-" "Alert_Alligator_webmonitoring_service_1.4.7_(alertalligator.com)"
54.191.77.220 - - [19/Jan/2021:09:09:53 +0100] "HEAD / HTTP/1.1" 200 0 "-" "Go-http-client/1.1"
34.220.221.60 - - [19/Jan/2021:09:09:54 +0100] "GET / HTTP/1.1" 200 174 "-" "Mozilla/5.0 (Windows NT 6.1; WOW64) AppleWebKit/537.36 (KHTML, like Gecko) Chrome/56.0.2924.76 Safari/537.36"
34.212.33.145 - - [19/Jan/2021:09:09:56 +0100] "GET / HTTP/1.1" 200 174 "-" "Mozilla/5.0 (X11; Linux x86_64) AppleWebKit/537.36 (KHTML, like Gecko) HeadlessChrome/83.0.4103.97 Safari/537.36"
212.237.23.143 - - [19/Jan/2021:09:46:54 +0100] "HEAD / HTTP/1.1" 200 0 "-" "Alert_Alligator_webmonitoring_service_1.4.7_(alertalligator.com)"
3.238.171.109 - - [19/Jan/2021:10:10:53 +0100] "GET / HTTP/1.1" 200 166 "-" "Mozilla/5.0 (Macintosh; Intel Mac OS X 10_15_0) AppleWebKit/537.36 (KHTML, like Gecko) Chrome/78.0.3904.87 Safari/537.36"
212.237.53.115 - - [19/Jan/2021:10:42:48 +0100] "HEAD / HTTP/1.1" 200 0 "-" "Alert_Alligator_webmonitoring_service_1.4.7_(alertalligator.com)"
49.12.13.109 - - [19/Jan/2021:11:25:01 +0100] "HEAD / HTTP/1.1" 200 0 "-" "Alert_Alligator_webmonitoring_service_1.4.8_(alertalligator.com)"
49.12.13.109 - - [19/Jan/2021:12:08:25 +0100] "HEAD / HTTP/1.1" 200 0 "-" "Alert_Alligator_webmonitoring_service_1.4.8_(alertalligator.com)"
49.12.13.109 - - [19/Jan/2021:12:55:24 +0100] "HEAD / HTTP/1.1" 200 0 "-" "Alert_Alligator_webmonitoring_service_1.4.8_(alertalligator.com)"
212.237.51.151 - - [19/Jan/2021:13:47:22 +0100] "HEAD / HTTP/1.1" 200 0 "-" "Alert_Alligator_webmonitoring_service_1.4.7_(alertalligator.com)"
124.158.12.202 - - [19/Jan/2021:14:23:58 +0100] "GET /wp-login.php HTTP/1.1" 404 - "-" "Mozilla/5.0 (X11; Ubuntu; Linux x86_64; rv:62.0) Gecko/20100101 Firefox/62.0"
114.119.136.103 - - [19/Jan/2021:14:26:14 +0100] "GET /robots.txt HTTP/1.1" 404 - "-" "(compatible;PetalBot;+https://aspiegel.com/petalbot)"
49.12.13.109 - - [19/Jan/2021:14:30:33 +0100] "HEAD / HTTP/1.1" 200 0 "-" "Alert_Alligator_webmonitoring_service_1.4.8_(alertalligator.com)"
49.12.13.109 - - [19/Jan/2021:15:16:01 +0100] "HEAD / HTTP/1.1" 200 0 "-" "Alert_Alligator_webmonitoring_service_1.4.8_(alertalligator.com)"
212.237.51.151 - - [19/Jan/2021:16:07:22 +0100] "HEAD / HTTP/1.1" 200 0 "-" "Alert_Alligator_webmonitoring_service_1.4.7_(alertalligator.com)"
49.12.13.109 - - [19/Jan/2021:16:49:37 +0100] "HEAD / HTTP/1.1" 200 0 "-" "Alert_Alligator_webmonitoring_service_1.4.8_(alertalligator.com)"
49.12.13.109 - - [19/Jan/2021:17:28:15 +0100] "HEAD / HTTP/1.1" 200 0 "-" "Alert_Alligator_webmonitoring_service_1.4.8_(alertalligator.com)"
49.12.13.109 - - [19/Jan/2021:18:04:48 +0100] "HEAD / HTTP/1.1" 200 0 "-" "Alert_Alligator_webmonitoring_service_1.4.8_(alertalligator.com)"
212.237.53.115 - - [19/Jan/2021:19:02:18 +0100] "HEAD / HTTP/1.1" 200 0 "-" "Alert_Alligator_webmonitoring_service_1.4.7_(alertalligator.com)"
212.237.51.151 - - [19/Jan/2021:19:53:25 +0100] "HEAD / HTTP/1.1" 200 0 "-" "Alert_Alligator_webmonitoring_service_1.4.7_(alertalligator.com)"
212.237.23.143 - - [19/Jan/2021:20:56:43 +0100] "HEAD / HTTP/1.1" 200 0 "-" "Alert_Alligator_webmonitoring_service_1.4.7_(alertalligator.com)"
49.12.13.109 - - [19/Jan/2021:21:41:36 +0100] "HEAD / HTTP/1.1" 200 0 "-" "Alert_Alligator_webmonitoring_service_1.4.8_(alertalligator.com)"
5.9.140.242 - - [19/Jan/2021:21:54:01 +0100] "GET /robots.txt HTTP/1.1" 404 - "-" "Mozilla/5.0 (compatible; MJ12bot/v1.4.8; http://mj12bot.com/)"
5.9.140.242 - - [19/Jan/2021:21:54:03 +0100] "GET / HTTP/1.1" 200 166 "-" "Mozilla/5.0 (compatible; MJ12bot/v1.4.8; http://mj12bot.com/)"
212.237.51.151 - - [19/Jan/2021:22:38:38 +0100] "HEAD / HTTP/1.1" 200 0 "-" "Alert_Alligator_webmonitoring_service_1.4.7_(alertalligator.com)"
212.237.53.115 - - [19/Jan/2021:23:38:25 +0100] "HEAD / HTTP/1.1" 200 0 "-" "Alert_Alligator_webmonitoring_service_1.4.7_(alertalligator.com)"
54.216.147.82 - - [20/Jan/2021:00:14:12 +0100] "GET / HTTP/1.1" 200 166 "-" "Mozilla/5.0 (Macintosh; Intel Mac OS X 10.15; rv:81.0) Gecko/20100101 Firefox/81.0"
212.237.51.151 - - [20/Jan/2021:00:33:44 +0100] "HEAD / HTTP/1.1" 200 0 "-" "Alert_Alligator_webmonitoring_service_1.4.7_(alertalligator.com)"
116.179.32.91 - - [20/Jan/2021:01:11:11 +0100] "GET / HTTP/1.1" 200 174 "-" "Mozilla/5.0 (compatible; Baiduspider/2.0; +http://www.baidu.com/search/spider.html)"
220.181.51.93 - - [20/Jan/2021:01:11:45 +0100] "GET /robots.txt HTTP/1.1" 404 - "-" "Mozilla/5.0 (Windows NT 10.0; WOW64) AppleWebKit/537.36 (KHTML, like Gecko) Chrome/48.0.2564.116 Safari/537.36"
220.181.51.125 - - [20/Jan/2021:01:21:14 +0100] "GET / HTTP/1.1" 200 174 "-" "Mozilla/5.0 (Windows NT 10.0; WOW64) AppleWebKit/537.36 (KHTML, like Gecko) Chrome/45.0.2454.93 Safari/537.36"
212.237.51.151 - - [20/Jan/2021:01:24:43 +0100] "HEAD / HTTP/1.1" 200 0 "-" "Alert_Alligator_webmonitoring_service_1.4.7_(alertalligator.com)"
167.114.175.39 - - [20/Jan/2021:02:23:04 +0100] "GET / HTTP/1.1" 200 174 "https://www.google.com" "Mozilla/5.0 (X11; Ubuntu; Linux x86_64; rv:72.0) Gecko/20100101 Firefox/72.0"
212.237.23.143 - - [20/Jan/2021:02:27:01 +0100] "HEAD / HTTP/1.1" 200 0 "-" "Alert_Alligator_webmonitoring_service_1.4.7_(alertalligator.com)"
212.237.23.143 - - [20/Jan/2021:03:26:29 +0100] "HEAD / HTTP/1.1" 200 0 "-" "Alert_Alligator_webmonitoring_service_1.4.7_(alertalligator.com)"
49.12.13.109 - - [20/Jan/2021:04:12:31 +0100] "HEAD / HTTP/1.1" 200 0 "-" "Alert_Alligator_webmonitoring_service_1.4.8_(alertalligator.com)"
49.12.13.109 - - [20/Jan/2021:04:49:55 +0100] "HEAD / HTTP/1.1" 200 0 "-" "Alert_Alligator_webmonitoring_service_1.4.8_(alertalligator.com)"
66.249.72.201 - - [20/Jan/2021:04:52:07 +0100] "GET /robots.txt HTTP/1.1" 404 - "-" "Mozilla/5.0 (compatible; Googlebot/2.1; +http://www.google.com/bot.html)"
66.249.72.205 - - [20/Jan/2021:04:52:07 +0100] "GET / HTTP/1.1" 200 174 "-" "Mozilla/5.0 (compatible; Googlebot/2.1; +http://www.google.com/bot.html)"
