5.188.62.214 - - [17/Dec/2021:01:18:20 +0100] "GET /robots.txt HTTP/1.1" 404 - "-" "Mozilla/5.0 (Windows NT 6.0) AppleWebKit/537.36 (KHTML, like Gecko) Chrome/41.0.2226.0 Safari/537.36"
159.69.145.50 - - [17/Dec/2021:01:28:07 +0100] "HEAD / HTTP/1.1" 200 0 "-" "Alert_Alligator_webmonitoring_service_1.6.3_(alertalligator.com)"
2.180.113.245 - - [17/Dec/2021:01:32:10 +0100] "POST / HTTP/1.1" 405 - "-" "Mozilla/5.0 (Windows NT 10.0; WOW64; Trident/7.0; rv:11.0) like Gecko"
49.12.13.109 - - [17/Dec/2021:02:27:09 +0100] "HEAD / HTTP/1.1" 200 0 "-" "Alert_Alligator_webmonitoring_service_1.6.3_(alertalligator.com)"
159.69.145.50 - - [17/Dec/2021:03:26:20 +0100] "HEAD / HTTP/1.1" 200 0 "-" "Alert_Alligator_webmonitoring_service_1.6.3_(alertalligator.com)"
206.189.37.219 - - [17/Dec/2021:03:33:31 +0100] "GET /wp-admin/css/ HTTP/1.1" 404 - "binance.com" "Mozilla/5.0 (Windows NT 10.0; Win64; x64) AppleWebKit/537.36 (KHTML, like Gecko) Chrome/90.0.4430.85 Safari/537.36"
206.189.37.219 - - [17/Dec/2021:03:33:31 +0100] "GET /.well-known/ HTTP/1.1" 404 - "binance.com" "Mozilla/5.0 (Windows NT 10.0; Win64; x64) AppleWebKit/537.36 (KHTML, like Gecko) Chrome/90.0.4430.85 Safari/537.36"
206.189.37.219 - - [17/Dec/2021:03:33:32 +0100] "GET /sites/default/files/ HTTP/1.1" 404 - "binance.com" "Mozilla/5.0 (Windows NT 10.0; Win64; x64) AppleWebKit/537.36 (KHTML, like Gecko) Chrome/90.0.4430.85 Safari/537.36"
206.189.37.219 - - [17/Dec/2021:03:33:32 +0100] "GET /admin/controller/extension/extension/ HTTP/1.1" 404 - "binance.com" "Mozilla/5.0 (Windows NT 10.0; Win64; x64) AppleWebKit/537.36 (KHTML, like Gecko) Chrome/90.0.4430.85 Safari/537.36"
206.189.37.219 - - [17/Dec/2021:03:33:33 +0100] "GET /uploads/ HTTP/1.1" 404 - "binance.com" "Mozilla/5.0 (Windows NT 10.0; Win64; x64) AppleWebKit/537.36 (KHTML, like Gecko) Chrome/90.0.4430.85 Safari/537.36"
206.189.37.219 - - [17/Dec/2021:03:33:34 +0100] "GET /images/ HTTP/1.1" 404 - "binance.com" "Mozilla/5.0 (Windows NT 10.0; Win64; x64) AppleWebKit/537.36 (KHTML, like Gecko) Chrome/90.0.4430.85 Safari/537.36"
206.189.37.219 - - [17/Dec/2021:03:33:35 +0100] "GET /files/ HTTP/1.1" 404 - "binance.com" "Mozilla/5.0 (Windows NT 10.0; Win64; x64) AppleWebKit/537.36 (KHTML, like Gecko) Chrome/90.0.4430.85 Safari/537.36"
49.12.13.109 - - [17/Dec/2021:04:25:24 +0100] "HEAD / HTTP/1.1" 200 0 "-" "Alert_Alligator_webmonitoring_service_1.6.3_(alertalligator.com)"
34.86.35.25 - - [17/Dec/2021:04:34:19 +0100] "GET / HTTP/1.1" 200 174 "-" "Expanse indexes the network perimeters of our customers. If you have any questions or concerns, please reach out to: scaninfo@expanseinc.com"
49.12.13.109 - - [17/Dec/2021:05:24:24 +0100] "HEAD / HTTP/1.1" 200 0 "-" "Alert_Alligator_webmonitoring_service_1.6.3_(alertalligator.com)"
159.69.145.50 - - [17/Dec/2021:06:23:30 +0100] "HEAD / HTTP/1.1" 200 0 "-" "Alert_Alligator_webmonitoring_service_1.6.3_(alertalligator.com)"
42.177.141.29 - - [17/Dec/2021:06:40:43 +0100] "GET / HTTP/1.1" 200 174 "-" "Mozilla/5.0 (iPhone; CPU iPhone OS 11_0 like Mac OS X) AppleWebKit/604.1.38 (KHTML, like Gecko) Version/11.0 Mobile/15A372 Safari/604.1"
54.36.148.155 - - [17/Dec/2021:06:41:48 +0100] "GET /robots.txt HTTP/1.1" 404 - "-" "Mozilla/5.0 (compatible; AhrefsBot/7.0; +http://ahrefs.com/robot/)"
54.36.148.190 - - [17/Dec/2021:06:41:50 +0100] "GET / HTTP/1.1" 200 166 "-" "Mozilla/5.0 (compatible; AhrefsBot/7.0; +http://ahrefs.com/robot/)"
212.237.53.115 - - [17/Dec/2021:07:11:57 +0100] "HEAD / HTTP/1.1" 200 0 "-" "Alert_Alligator_webmonitoring_service_1.6.4_(alertalligator.com)"
212.237.51.151 - - [17/Dec/2021:07:45:42 +0100] "HEAD / HTTP/1.1" 200 0 "-" "Alert_Alligator_webmonitoring_service_1.6.4_(alertalligator.com)"
193.235.141.168 - - [17/Dec/2021:07:47:36 +0100] "GET / HTTP/1.1" 200 166 "-" "Mozilla/5.0 (Windows NT 10.0; Win64; x64) AppleWebKit/537.36 (KHTML, like Gecko) Chrome/94.0.4606.81 Safari/537.36"
159.69.145.50 - - [17/Dec/2021:08:45:13 +0100] "HEAD / HTTP/1.1" 200 0 "-" "Alert_Alligator_webmonitoring_service_1.6.3_(alertalligator.com)"
212.237.23.143 - - [17/Dec/2021:09:34:55 +0100] "HEAD / HTTP/1.1" 200 0 "-" "Alert_Alligator_webmonitoring_service_1.6.4_(alertalligator.com)"
212.237.51.151 - - [17/Dec/2021:10:07:56 +0100] "HEAD / HTTP/1.1" 200 0 "-" "Alert_Alligator_webmonitoring_service_1.6.4_(alertalligator.com)"
212.237.51.151 - - [17/Dec/2021:10:43:33 +0100] "HEAD / HTTP/1.1" 200 0 "-" "Alert_Alligator_webmonitoring_service_1.6.4_(alertalligator.com)"
212.237.23.143 - - [17/Dec/2021:11:29:40 +0100] "HEAD / HTTP/1.1" 200 0 "-" "Alert_Alligator_webmonitoring_service_1.6.4_(alertalligator.com)"
212.237.51.151 - - [17/Dec/2021:12:04:31 +0100] "HEAD / HTTP/1.1" 200 0 "-" "Alert_Alligator_webmonitoring_service_1.6.4_(alertalligator.com)"
212.237.23.143 - - [17/Dec/2021:12:54:38 +0100] "HEAD / HTTP/1.1" 200 0 "-" "Alert_Alligator_webmonitoring_service_1.6.4_(alertalligator.com)"
159.69.145.50 - - [17/Dec/2021:13:53:43 +0100] "HEAD / HTTP/1.1" 200 0 "-" "Alert_Alligator_webmonitoring_service_1.6.3_(alertalligator.com)"
49.12.13.109 - - [17/Dec/2021:14:52:45 +0100] "HEAD / HTTP/1.1" 200 0 "-" "Alert_Alligator_webmonitoring_service_1.6.3_(alertalligator.com)"
212.237.23.143 - - [17/Dec/2021:15:45:33 +0100] "HEAD / HTTP/1.1" 200 0 "-" "Alert_Alligator_webmonitoring_service_1.6.4_(alertalligator.com)"
66.249.68.93 - - [17/Dec/2021:15:53:40 +0100] "GET /robots.txt HTTP/1.1" 404 - "-" "Mozilla/5.0 (compatible; Googlebot/2.1; +http://www.google.com/bot.html)"
66.249.68.93 - - [17/Dec/2021:15:53:40 +0100] "GET / HTTP/1.1" 200 174 "-" "Mozilla/5.0 (Linux; Android 6.0.1; Nexus 5X Build/MMB29P) AppleWebKit/537.36 (KHTML, like Gecko) Chrome/96.0.4664.93 Mobile Safari/537.36 (compatible; Googlebot/2.1; +http://www.google.com/bot.html)"
54.203.135.217 - - [17/Dec/2021:16:14:48 +0100] "GET / HTTP/1.1" 200 166 "-" "Mozilla/5.0 (X11; Linux x86_64) AppleWebKit/537.36 (KHTML, like Gecko) Chrome/83.0.4103.97 Safari/537.36"
212.237.51.151 - - [17/Dec/2021:16:16:27 +0100] "HEAD / HTTP/1.1" 200 0 "-" "Alert_Alligator_webmonitoring_service_1.6.4_(alertalligator.com)"
54.200.152.157 - - [17/Dec/2021:16:18:48 +0100] "GET /favicon.ico HTTP/1.1" 404 - "-" "Mozilla/5.0 (X11; Linux x86_64) AppleWebKit/537.36 (KHTML, like Gecko) Chrome/83.0.4103.97 Safari/537.36"
54.200.152.157 - - [17/Dec/2021:16:18:48 +0100] "GET / HTTP/1.1" 200 166 "-" "Mozilla/5.0 (X11; Linux x86_64) AppleWebKit/537.36 (KHTML, like Gecko) Chrome/83.0.4103.97 Safari/537.36"
52.12.78.213 - - [17/Dec/2021:16:19:26 +0100] "GET /favicon.ico HTTP/1.1" 404 - "-" "Mozilla/5.0 (X11; Linux x86_64) AppleWebKit/537.36 (KHTML, like Gecko) Chrome/83.0.4103.97 Safari/537.36"
52.12.78.213 - - [17/Dec/2021:16:19:29 +0100] "GET / HTTP/1.1" 200 166 "-" "Mozilla/5.0 (X11; Linux x86_64) AppleWebKit/537.36 (KHTML, like Gecko) Chrome/83.0.4103.97 Safari/537.36"
212.237.53.115 - - [17/Dec/2021:17:01:10 +0100] "HEAD / HTTP/1.1" 200 0 "-" "Alert_Alligator_webmonitoring_service_1.6.4_(alertalligator.com)"
66.249.68.93 - - [17/Dec/2021:17:16:09 +0100] "GET / HTTP/1.1" 200 174 "-" "Mozilla/5.0 (compatible; Googlebot/2.1; +http://www.google.com/bot.html)"
114.119.136.76 - - [17/Dec/2021:17:40:38 +0100] "GET /robots.txt HTTP/1.1" 404 - "-" "Mozilla/5.0 (compatible;PetalBot;+https://webmaster.petalsearch.com/site/petalbot)"
212.237.23.143 - - [17/Dec/2021:17:47:19 +0100] "HEAD / HTTP/1.1" 200 0 "-" "Alert_Alligator_webmonitoring_service_1.6.4_(alertalligator.com)"
159.69.145.50 - - [17/Dec/2021:18:46:41 +0100] "HEAD / HTTP/1.1" 200 0 "-" "Alert_Alligator_webmonitoring_service_1.6.3_(alertalligator.com)"
212.237.51.151 - - [17/Dec/2021:19:19:14 +0100] "HEAD / HTTP/1.1" 200 0 "-" "Alert_Alligator_webmonitoring_service_1.6.4_(alertalligator.com)"
65.21.206.45 - - [17/Dec/2021:19:49:16 +0100] "GET / HTTP/1.1" 200 174 "-" "Mozilla/5.0 (Windows NT 10.0; Win64; x64) AppleWebKit/537.36 (KHTML, like Gecko) Chrome/91.0.4472.114 Safari/537.36 Edg/91.0.864.54"
54.196.38.201 - - [17/Dec/2021:19:50:55 +0100] "GET / HTTP/1.1" 200 166 "-" "Mozilla/5.0 (X11; Linux x86_64) AppleWebKit/537.36 (KHTML, like Gecko) Chrome/58.0.3029.110 Safari/537.36"
185.225.39.205 - - [17/Dec/2021:20:15:59 +0100] "GET /.env HTTP/1.1" 404 - "-" "Mozilla/5.0 (X11; Linux x86_64) AppleWebKit/537.36 (KHTML, like Gecko) Chrome/81.0.4044.129 Safari/537.36"
185.225.39.205 - - [17/Dec/2021:20:15:59 +0100] "GET /.env HTTP/1.1" 404 - "-" "Mozilla/5.0 (X11; Linux x86_64) AppleWebKit/537.36 (KHTML, like Gecko) Chrome/81.0.4044.129 Safari/537.36"
159.69.145.50 - - [17/Dec/2021:20:18:37 +0100] "HEAD / HTTP/1.1" 200 0 "-" "Alert_Alligator_webmonitoring_service_1.6.3_(alertalligator.com)"
66.249.79.45 - - [17/Dec/2021:20:49:32 +0100] "GET /robots.txt HTTP/1.1" 404 - "-" "Mozilla/5.0 (compatible; Googlebot/2.1; +http://www.google.com/bot.html)"
66.249.79.39 - - [17/Dec/2021:20:49:32 +0100] "GET / HTTP/1.1" 200 169 "-" "Mozilla/5.0 (Linux; Android 6.0.1; Nexus 5X Build/MMB29P) AppleWebKit/537.36 (KHTML, like Gecko) Chrome/96.0.4664.93 Mobile Safari/537.36 (compatible; Googlebot/2.1; +http://www.google.com/bot.html)"
212.237.51.151 - - [17/Dec/2021:20:53:01 +0100] "HEAD / HTTP/1.1" 200 0 "-" "Alert_Alligator_webmonitoring_service_1.6.4_(alertalligator.com)"
66.249.79.33 - - [17/Dec/2021:21:08:50 +0100] "GET / HTTP/1.1" 200 169 "-" "Mozilla/5.0 (compatible; Googlebot/2.1; +http://www.google.com/bot.html)"
212.237.51.151 - - [17/Dec/2021:21:24:09 +0100] "HEAD / HTTP/1.1" 200 0 "-" "Alert_Alligator_webmonitoring_service_1.6.4_(alertalligator.com)"
40.77.167.98 - - [17/Dec/2021:21:51:47 +0100] "GET /robots.txt HTTP/1.1" 404 - "-" "Mozilla/5.0 (compatible; bingbot/2.0; +http://www.bing.com/bingbot.htm)"
207.46.13.183 - - [17/Dec/2021:21:51:57 +0100] "GET / HTTP/1.1" 304 - "-" "Mozilla/5.0 (compatible; bingbot/2.0; +http://www.bing.com/bingbot.htm)"
72.13.46.2 - - [17/Dec/2021:21:58:48 +0100] "GET /robots.txt HTTP/1.1" 404 - "-" "Mozilla/5.0 (compatible; ips-agent)"
72.13.46.2 - - [17/Dec/2021:21:58:49 +0100] "GET / HTTP/1.1" 200 174 "-" "Mozilla/5.0 (compatible; ips-agent)"
49.12.13.109 - - [17/Dec/2021:22:23:40 +0100] "HEAD / HTTP/1.1" 200 0 "-" "Alert_Alligator_webmonitoring_service_1.6.3_(alertalligator.com)"
212.237.53.115 - - [17/Dec/2021:23:08:00 +0100] "HEAD / HTTP/1.1" 200 0 "-" "Alert_Alligator_webmonitoring_service_1.6.4_(alertalligator.com)"
58.17.6.9 - - [17/Dec/2021:23:22:17 +0100] "GET / HTTP/1.1" 200 174 "-" "UCWEB/2.0 (Java; U; MIDP-2.0; Nokia203/20.37) U2/1.0.0 UCMini/11.0.6.1040 (SpeedMode; Proxy; Android 5.1.2; IdeaTabA1000-G ) U2/1.0.0 Mobile"
49.12.13.109 - - [18/Dec/2021:00:07:26 +0100] "HEAD / HTTP/1.1" 200 0 "-" "Alert_Alligator_webmonitoring_service_1.6.3_(alertalligator.com)"
185.220.101.36 - - [18/Dec/2021:00:18:27 +0100] "GET /.ftpconfig HTTP/1.1" 404 - "-" "Opera/9.80 (Windows NT 6.1; U; ru) Presto/2.10.289 Version/12.02"
23.228.109.147 - - [18/Dec/2021:00:50:24 +0100] "GET /public/assets/plugins/jquery-file-upload/server/php/index.php?file=tf2rghf.jpg HTTP/1.1" 404 - "-" "ALittle Client"
212.237.53.115 - - [18/Dec/2021:00:56:13 +0100] "HEAD / HTTP/1.1" 200 0 "-" "Alert_Alligator_webmonitoring_service_1.6.4_(alertalligator.com)"
159.69.145.50 - - [18/Dec/2021:01:55:16 +0100] "HEAD / HTTP/1.1" 200 0 "-" "Alert_Alligator_webmonitoring_service_1.6.3_(alertalligator.com)"
159.69.145.50 - - [18/Dec/2021:02:54:59 +0100] "HEAD / HTTP/1.1" 200 0 "-" "Alert_Alligator_webmonitoring_service_1.6.3_(alertalligator.com)"
34.77.162.4 - - [18/Dec/2021:02:59:32 +0100] "GET / HTTP/1.1" 200 166 "-" "Expanse indexes the network perimeters of our customers. If you have any questions or concerns, please reach out to: scaninfo@expanseinc.com"
207.241.229.151 - - [18/Dec/2021:03:18:54 +0100] "GET /robots.txt HTTP/1.0" 404 - "-" "Mozilla/5.0 (compatible; archive.org_bot +http://archive.org/details/archive.org_bot)"
207.241.229.151 - - [18/Dec/2021:03:18:54 +0100] "GET / HTTP/1.0" 200 166 "-" "Mozilla/5.0 (compatible; archive.org_bot +http://archive.org/details/archive.org_bot)"
159.69.145.50 - - [18/Dec/2021:03:54:23 +0100] "HEAD / HTTP/1.1" 200 0 "-" "Alert_Alligator_webmonitoring_service_1.6.3_(alertalligator.com)"
49.12.13.109 - - [18/Dec/2021:04:53:23 +0100] "HEAD / HTTP/1.1" 200 0 "-" "Alert_Alligator_webmonitoring_service_1.6.3_(alertalligator.com)"
159.203.115.159 - - [18/Dec/2021:05:17:23 +0100] "HEAD / HTTP/1.1" 200 0 "https://www.bing.com" "Mozilla/5.0 (Windows NT 6.1; WOW64) AppleWebKit/537.36 (KHTML, like Gecko) Chrome/31.0.1623.0 Safari/537.36"
159.203.115.159 - - [18/Dec/2021:05:17:23 +0100] "GET /wp-login.php HTTP/1.1" 404 - "http://rumini.com" "Mozilla/5.0 (Windows NT 6.1; WOW64) AppleWebKit/537.36 (KHTML, like Gecko) Chrome/31.0.1623.0 Safari/537.36"
159.203.115.159 - - [18/Dec/2021:05:17:24 +0100] "GET /wordpress/wp-login.php HTTP/1.1" 404 - "http://rumini.com" "Mozilla/5.0 (Windows NT 6.1; WOW64) AppleWebKit/537.36 (KHTML, like Gecko) Chrome/31.0.1623.0 Safari/537.36"
159.203.115.159 - - [18/Dec/2021:05:17:25 +0100] "GET /blog/wp-login.php HTTP/1.1" 404 - "http://rumini.com" "Mozilla/5.0 (Windows NT 6.1; WOW64) AppleWebKit/537.36 (KHTML, like Gecko) Chrome/31.0.1623.0 Safari/537.36"
159.203.115.159 - - [18/Dec/2021:05:17:25 +0100] "GET /wp/wp-login.php HTTP/1.1" 404 - "http://rumini.com" "Mozilla/5.0 (Windows NT 6.1; WOW64) AppleWebKit/537.36 (KHTML, like Gecko) Chrome/31.0.1623.0 Safari/537.36"
212.237.53.115 - - [18/Dec/2021:05:40:54 +0100] "HEAD / HTTP/1.1" 200 0 "-" "Alert_Alligator_webmonitoring_service_1.6.4_(alertalligator.com)"
212.237.51.151 - - [18/Dec/2021:06:18:48 +0100] "HEAD / HTTP/1.1" 200 0 "-" "Alert_Alligator_webmonitoring_service_1.6.4_(alertalligator.com)"
49.12.13.109 - - [18/Dec/2021:07:18:11 +0100] "HEAD / HTTP/1.1" 200 0 "-" "Alert_Alligator_webmonitoring_service_1.6.3_(alertalligator.com)"
54.36.149.59 - - [18/Dec/2021:07:42:17 +0100] "GET /robots.txt HTTP/1.1" 404 - "-" "Mozilla/5.0 (compatible; AhrefsBot/7.0; +http://ahrefs.com/robot/)"
54.36.148.126 - - [18/Dec/2021:07:42:18 +0100] "GET / HTTP/1.1" 200 166 "-" "Mozilla/5.0 (compatible; AhrefsBot/7.0; +http://ahrefs.com/robot/)"
212.237.53.115 - - [18/Dec/2021:08:04:19 +0100] "HEAD / HTTP/1.1" 200 0 "-" "Alert_Alligator_webmonitoring_service_1.6.4_(alertalligator.com)"
159.65.142.178 - - [18/Dec/2021:08:22:48 +0100] "GET /wp-admin/css/ HTTP/1.1" 404 - "binance.com" "Mozilla/5.0 (Windows NT 10.0; Win64; x64) AppleWebKit/537.36 (KHTML, like Gecko) Chrome/90.0.4430.85 Safari/537.36"
159.65.142.178 - - [18/Dec/2021:08:22:54 +0100] "GET /.well-known/ HTTP/1.1" 404 - "binance.com" "Mozilla/5.0 (Windows NT 10.0; Win64; x64) AppleWebKit/537.36 (KHTML, like Gecko) Chrome/90.0.4430.85 Safari/537.36"
159.65.142.178 - - [18/Dec/2021:08:22:59 +0100] "GET /sites/default/files/ HTTP/1.1" 404 - "binance.com" "Mozilla/5.0 (Windows NT 10.0; Win64; x64) AppleWebKit/537.36 (KHTML, like Gecko) Chrome/90.0.4430.85 Safari/537.36"
159.65.142.178 - - [18/Dec/2021:08:23:02 +0100] "GET /admin/controller/extension/extension/ HTTP/1.1" 404 - "binance.com" "Mozilla/5.0 (Windows NT 10.0; Win64; x64) AppleWebKit/537.36 (KHTML, like Gecko) Chrome/90.0.4430.85 Safari/537.36"
159.65.142.178 - - [18/Dec/2021:08:23:05 +0100] "GET /uploads/ HTTP/1.1" 404 - "binance.com" "Mozilla/5.0 (Windows NT 10.0; Win64; x64) AppleWebKit/537.36 (KHTML, like Gecko) Chrome/90.0.4430.85 Safari/537.36"
159.65.142.178 - - [18/Dec/2021:08:23:10 +0100] "GET /images/ HTTP/1.1" 404 - "binance.com" "Mozilla/5.0 (Windows NT 10.0; Win64; x64) AppleWebKit/537.36 (KHTML, like Gecko) Chrome/90.0.4430.85 Safari/537.36"
159.65.142.178 - - [18/Dec/2021:08:23:17 +0100] "GET /files/ HTTP/1.1" 404 - "binance.com" "Mozilla/5.0 (Windows NT 10.0; Win64; x64) AppleWebKit/537.36 (KHTML, like Gecko) Chrome/90.0.4430.85 Safari/537.36"
117.69.144.106 - - [18/Dec/2021:08:41:03 +0100] "GET / HTTP/1.1" 200 174 "-" "Mozilla/5.0 (iPhone; CPU iPhone OS 11_0 like Mac OS X) AppleWebKit/604.1.38 (KHTML, like Gecko) Version/11.0 Mobile/15A372 Safari/604.1"
212.237.53.115 - - [18/Dec/2021:08:50:29 +0100] "HEAD / HTTP/1.1" 200 0 "-" "Alert_Alligator_webmonitoring_service_1.6.4_(alertalligator.com)"
52.77.236.76 - - [18/Dec/2021:09:18:55 +0100] "GET / HTTP/1.1" 200 174 "-" "Mozilla/5.0 (Windows NT 10.0; Win64; x64; rv:89.0) Gecko/20100101 Firefox/89.0"
23.228.109.147 - - [18/Dec/2021:09:34:58 +0100] "GET /public/assets/plugins/jquery-file-upload/server/php/index.php?file=tf2rghf.jpg HTTP/1.1" 404 - "-" "ALittle Client"
49.12.13.109 - - [18/Dec/2021:09:49:31 +0100] "HEAD / HTTP/1.1" 200 0 "-" "Alert_Alligator_webmonitoring_service_1.6.3_(alertalligator.com)"
212.237.23.143 - - [18/Dec/2021:10:42:30 +0100] "HEAD / HTTP/1.1" 200 0 "-" "Alert_Alligator_webmonitoring_service_1.6.4_(alertalligator.com)"
159.69.145.50 - - [18/Dec/2021:11:41:37 +0100] "HEAD / HTTP/1.1" 200 0 "-" "Alert_Alligator_webmonitoring_service_1.6.3_(alertalligator.com)"
92.118.160.5 - - [18/Dec/2021:12:27:24 +0100] "GET / HTTP/1.1" 200 166 "-" "NetSystemsResearch studies the availability of various services across the internet. Our website is netsystemsresearch.com"
49.12.13.109 - - [18/Dec/2021:12:40:38 +0100] "HEAD / HTTP/1.1" 200 0 "-" "Alert_Alligator_webmonitoring_service_1.6.3_(alertalligator.com)"
212.237.23.143 - - [18/Dec/2021:13:29:36 +0100] "HEAD / HTTP/1.1" 200 0 "-" "Alert_Alligator_webmonitoring_service_1.6.4_(alertalligator.com)"
212.237.51.151 - - [18/Dec/2021:14:03:12 +0100] "HEAD / HTTP/1.1" 200 0 "-" "Alert_Alligator_webmonitoring_service_1.6.4_(alertalligator.com)"
159.69.145.50 - - [18/Dec/2021:15:02:16 +0100] "HEAD / HTTP/1.1" 200 0 "-" "Alert_Alligator_webmonitoring_service_1.6.3_(alertalligator.com)"
51.222.253.2 - - [18/Dec/2021:15:11:30 +0100] "GET /robots.txt HTTP/1.1" 404 - "-" "Mozilla/5.0 (compatible; AhrefsBot/7.0; +http://ahrefs.com/robot/)"
54.36.148.225 - - [18/Dec/2021:15:11:31 +0100] "GET / HTTP/1.1" 200 166 "-" "Mozilla/5.0 (compatible; AhrefsBot/7.0; +http://ahrefs.com/robot/)"
212.237.23.143 - - [18/Dec/2021:15:52:28 +0100] "HEAD / HTTP/1.1" 200 0 "-" "Alert_Alligator_webmonitoring_service_1.6.4_(alertalligator.com)"
34.223.3.88 - - [18/Dec/2021:16:27:32 +0100] "GET / HTTP/1.1" 200 166 "-" "Mozilla/5.0 (X11; Linux x86_64) AppleWebKit/537.36 (KHTML, like Gecko) Chrome/83.0.4103.97 Safari/537.36"
54.188.184.162 - - [18/Dec/2021:16:30:08 +0100] "GET /favicon.ico HTTP/1.1" 404 - "-" "Mozilla/5.0 (X11; Linux x86_64) AppleWebKit/537.36 (KHTML, like Gecko) Chrome/83.0.4103.97 Safari/537.36"
54.188.184.162 - - [18/Dec/2021:16:30:08 +0100] "GET / HTTP/1.1" 200 166 "-" "Mozilla/5.0 (X11; Linux x86_64) AppleWebKit/537.36 (KHTML, like Gecko) Chrome/83.0.4103.97 Safari/537.36"
212.237.53.115 - - [18/Dec/2021:16:39:50 +0100] "HEAD / HTTP/1.1" 200 0 "-" "Alert_Alligator_webmonitoring_service_1.6.4_(alertalligator.com)"
114.119.157.43 - - [18/Dec/2021:16:42:43 +0100] "GET / HTTP/1.1" 200 166 "-" "Mozilla/5.0 (Linux; Android 7.0;) AppleWebKit/537.36 (KHTML, like Gecko) Mobile Safari/537.36 (compatible; PetalBot;+https://webmaster.petalsearch.com/site/petalbot)"
49.12.13.109 - - [18/Dec/2021:17:38:53 +0100] "HEAD / HTTP/1.1" 200 0 "-" "Alert_Alligator_webmonitoring_service_1.6.3_(alertalligator.com)"
212.237.23.143 - - [18/Dec/2021:18:23:39 +0100] "HEAD / HTTP/1.1" 200 0 "-" "Alert_Alligator_webmonitoring_service_1.6.4_(alertalligator.com)"
212.237.51.151 - - [18/Dec/2021:18:57:57 +0100] "HEAD / HTTP/1.1" 200 0 "-" "Alert_Alligator_webmonitoring_service_1.6.4_(alertalligator.com)"
51.15.160.148 - - [18/Dec/2021:18:58:38 +0100] "GET /wp-login.php HTTP/1.1" 404 - "-" "Mozilla/5.0 (X11; Ubuntu; Linux x86_64; rv:62.0) Gecko/20100101 Firefox/62.0"
51.15.160.148 - - [18/Dec/2021:18:58:38 +0100] "GET /wp-login.php HTTP/1.1" 404 - "-" "Mozilla/5.0 (X11; Ubuntu; Linux x86_64; rv:62.0) Gecko/20100101 Firefox/62.0"
212.237.51.151 - - [18/Dec/2021:19:28:22 +0100] "HEAD / HTTP/1.1" 200 0 "-" "Alert_Alligator_webmonitoring_service_1.6.4_(alertalligator.com)"
212.237.51.151 - - [18/Dec/2021:19:59:46 +0100] "HEAD / HTTP/1.1" 200 0 "-" "Alert_Alligator_webmonitoring_service_1.6.4_(alertalligator.com)"
114.119.134.159 - - [18/Dec/2021:20:08:33 +0100] "GET /robots.txt HTTP/1.1" 404 - "-" "Mozilla/5.0 (compatible;PetalBot;+https://webmaster.petalsearch.com/site/petalbot)"
47.104.160.147 - - [18/Dec/2021:20:11:14 +0100] "GET / HTTP/1.1" 200 174 "-" "Mozilla/5.0 (Windows NT 10.0; Win64; x64) AppleWebKit/537.36 (KHTML, like Gecko) Chrome/74.0.3729.169 Safari/537.36"
47.104.160.147 - - [18/Dec/2021:20:11:15 +0100] "GET / HTTP/1.1" 200 174 "-" "Mozilla/5.0 (X11; Linux x86_64) AppleWebKit/537.36 (KHTML, like Gecko) HeadlessChrome/91.0.4472.114 Safari/537.36"
212.237.53.115 - - [18/Dec/2021:20:50:36 +0100] "HEAD / HTTP/1.1" 200 0 "-" "Alert_Alligator_webmonitoring_service_1.6.4_(alertalligator.com)"
221.215.223.75 - - [18/Dec/2021:21:08:39 +0100] "GET / HTTP/1.1" 200 174 "-" "Mozilla/5.0 (Macintosh; Intel Mac OS X 10_15_7) AppleWebKit/537.36 (KHTML, like Gecko) Chrome/88.0.4324.192 Safari/537.36"
185.231.59.189 - - [18/Dec/2021:21:08:44 +0100] "GET /wp-login.php HTTP/1.1" 404 - "-" "Mozilla/5.0 (X11; Ubuntu; Linux x86_64; rv:62.0) Gecko/20100101 Firefox/62.0"
185.231.59.189 - - [18/Dec/2021:21:08:44 +0100] "GET /wp-login.php HTTP/1.1" 404 - "-" "Mozilla/5.0 (X11; Ubuntu; Linux x86_64; rv:62.0) Gecko/20100101 Firefox/62.0"
49.12.13.109 - - [18/Dec/2021:21:49:37 +0100] "HEAD / HTTP/1.1" 200 0 "-" "Alert_Alligator_webmonitoring_service_1.6.3_(alertalligator.com)"
212.237.51.151 - - [18/Dec/2021:22:23:26 +0100] "HEAD / HTTP/1.1" 200 0 "-" "Alert_Alligator_webmonitoring_service_1.6.4_(alertalligator.com)"
49.12.13.109 - - [18/Dec/2021:23:22:35 +0100] "HEAD / HTTP/1.1" 200 0 "-" "Alert_Alligator_webmonitoring_service_1.6.3_(alertalligator.com)"
212.237.53.115 - - [19/Dec/2021:00:10:12 +0100] "HEAD / HTTP/1.1" 200 0 "-" "Alert_Alligator_webmonitoring_service_1.6.4_(alertalligator.com)"
124.206.180.139 - - [19/Dec/2021:00:32:40 +0100] "GET / HTTP/1.1" 200 166 "-" "Mozilla/5.0 Firefox/35.0"
212.237.51.151 - - [19/Dec/2021:00:42:53 +0100] "HEAD / HTTP/1.1" 200 0 "-" "Alert_Alligator_webmonitoring_service_1.6.4_(alertalligator.com)"
212.237.51.151 - - [19/Dec/2021:01:19:02 +0100] "HEAD / HTTP/1.1" 200 0 "-" "Alert_Alligator_webmonitoring_service_1.6.4_(alertalligator.com)"
92.118.160.5 - - [19/Dec/2021:01:39:04 +0100] "GET / HTTP/1.1" 200 174 "-" "NetSystemsResearch studies the availability of various services across the internet. Our website is netsystemsresearch.com"
49.12.13.109 - - [19/Dec/2021:02:18:05 +0100] "HEAD / HTTP/1.1" 200 0 "-" "Alert_Alligator_webmonitoring_service_1.6.3_(alertalligator.com)"
49.12.13.109 - - [19/Dec/2021:03:17:08 +0100] "HEAD / HTTP/1.1" 200 0 "-" "Alert_Alligator_webmonitoring_service_1.6.3_(alertalligator.com)"
212.237.23.143 - - [19/Dec/2021:04:04:48 +0100] "HEAD / HTTP/1.1" 200 0 "-" "Alert_Alligator_webmonitoring_service_1.6.4_(alertalligator.com)"
185.191.34.215 - - [19/Dec/2021:04:44:44 +0100] "HEAD / HTTP/1.1" 200 0 "-" "Mozilla/5.0 (Windows NT 10.0; Win64; x64; rv:67.0) Gecko/20100101 Firefox/67.0"
144.76.120.197 - - [19/Dec/2021:04:55:18 +0100] "GET /robots.txt HTTP/1.1" 404 - "-" "Mozilla/5.0 (compatible; MJ12bot/v1.4.8; http://mj12bot.com/)"
144.76.120.197 - - [19/Dec/2021:04:55:25 +0100] "GET / HTTP/1.1" 200 166 "-" "Mozilla/5.0 (compatible; MJ12bot/v1.4.8; http://mj12bot.com/)"
159.69.145.50 - - [19/Dec/2021:05:03:48 +0100] "HEAD / HTTP/1.1" 200 0 "-" "Alert_Alligator_webmonitoring_service_1.6.3_(alertalligator.com)"
212.237.53.115 - - [19/Dec/2021:05:52:33 +0100] "HEAD / HTTP/1.1" 200 0 "-" "Alert_Alligator_webmonitoring_service_1.6.4_(alertalligator.com)"
212.237.51.151 - - [19/Dec/2021:06:26:24 +0100] "HEAD / HTTP/1.1" 200 0 "-" "Alert_Alligator_webmonitoring_service_1.6.4_(alertalligator.com)"
212.237.51.151 - - [19/Dec/2021:06:58:18 +0100] "HEAD / HTTP/1.1" 200 0 "-" "Alert_Alligator_webmonitoring_service_1.6.4_(alertalligator.com)"
212.237.23.143 - - [19/Dec/2021:07:45:44 +0100] "HEAD / HTTP/1.1" 200 0 "-" "Alert_Alligator_webmonitoring_service_1.6.4_(alertalligator.com)"
212.237.51.151 - - [19/Dec/2021:08:20:27 +0100] "HEAD / HTTP/1.1" 200 0 "-" "Alert_Alligator_webmonitoring_service_1.6.4_(alertalligator.com)"
91.102.224.52 - - [19/Dec/2021:08:54:35 +0100] "GET /wso.php HTTP/1.1" 404 - "-" "python-requests/2.25.1"
91.102.224.52 - - [19/Dec/2021:08:54:35 +0100] "GET /modules/modules/modules.php HTTP/1.1" 404 - "-" "python-requests/2.25.1"
91.102.224.52 - - [19/Dec/2021:08:54:35 +0100] "GET /modules/mod_simplefileuploadv1.3/elements/Clean.php HTTP/1.1" 404 - "-" "python-requests/2.25.1"
91.102.224.52 - - [19/Dec/2021:08:54:35 +0100] "GET /modules/mod_simplefileuploadv1.3/elements/udd.php HTTP/1.1" 404 - "-" "python-requests/2.25.1"
91.102.224.52 - - [19/Dec/2021:08:54:35 +0100] "GET /libraries/joomla/css.php HTTP/1.1" 404 - "-" "python-requests/2.25.1"
91.102.224.52 - - [19/Dec/2021:08:54:35 +0100] "GET /libraries/joomla/jmails.php?u HTTP/1.1" 404 - "-" "python-requests/2.25.1"
91.102.224.52 - - [19/Dec/2021:08:54:35 +0100] "GET /libraries/joomla/jmail.php?u HTTP/1.1" 404 - "-" "python-requests/2.25.1"
91.102.224.52 - - [19/Dec/2021:08:54:35 +0100] "GET /images/vuln.php HTTP/1.1" 404 - "-" "python-requests/2.25.1"
91.102.224.52 - - [19/Dec/2021:08:54:35 +0100] "GET /tmp/vuln.php HTTP/1.1" 404 - "-" "python-requests/2.25.1"
91.102.224.52 - - [19/Dec/2021:08:54:35 +0100] "GET /XxX.php HTTP/1.1" 404 - "-" "python-requests/2.25.1"
91.102.224.52 - - [19/Dec/2021:08:54:35 +0100] "GET /Marvins.php HTTP/1.1" 404 - "-" "python-requests/2.25.1"
91.102.224.52 - - [19/Dec/2021:08:54:35 +0100] "GET /rxr.php?rxr HTTP/1.1" 404 - "-" "python-requests/2.25.1"
91.102.224.52 - - [19/Dec/2021:08:54:35 +0100] "GET /olux.php HTTP/1.1" 404 - "-" "python-requests/2.25.1"
91.102.224.52 - - [19/Dec/2021:08:54:35 +0100] "GET /indoxploit.php HTTP/1.1" 404 - "-" "python-requests/2.25.1"
91.102.224.52 - - [19/Dec/2021:08:54:35 +0100] "GET /error.php HTTP/1.1" 404 - "-" "python-requests/2.25.1"
91.102.224.52 - - [19/Dec/2021:08:54:35 +0100] "GET /RxR.php HTTP/1.1" 404 - "-" "python-requests/2.25.1"
91.102.224.52 - - [19/Dec/2021:08:54:35 +0100] "GET /components/com_b2jcontact/izoc.php HTTP/1.1" 404 - "-" "python-requests/2.25.1"
91.102.224.52 - - [19/Dec/2021:08:54:35 +0100] "GET /V3.php HTTP/1.1" 404 - "-" "python-requests/2.25.1"
91.102.224.52 - - [19/Dec/2021:08:54:35 +0100] "GET /V5.php HTTP/1.1" 404 - "-" "python-requests/2.25.1"
91.102.224.52 - - [19/Dec/2021:08:54:35 +0100] "GET / HTTP/1.1" 200 174 "-" "python-requests/2.25.1"
91.102.224.52 - - [19/Dec/2021:08:54:35 +0100] "GET /up.php HTTP/1.1" 404 - "-" "python-requests/2.25.1"
91.102.224.52 - - [19/Dec/2021:08:54:35 +0100] "GET /upload.php HTTP/1.1" 404 - "-" "python-requests/2.25.1"
91.102.224.52 - - [19/Dec/2021:08:54:35 +0100] "GET /shell.php HTTP/1.1" 404 - "-" "python-requests/2.25.1"
91.102.224.52 - - [19/Dec/2021:08:54:35 +0100] "GET /administrator/templates/bluestork/index.php HTTP/1.1" 404 - "-" "python-requests/2.25.1"
91.102.224.52 - - [19/Dec/2021:08:54:35 +0100] "GET /administrator/templates/bluestork/error.php HTTP/1.1" 404 - "-" "python-requests/2.25.1"
91.102.224.52 - - [19/Dec/2021:08:54:36 +0100] "GET /administrator/templates/hathor/index.php HTTP/1.1" 404 - "-" "python-requests/2.25.1"
91.102.224.52 - - [19/Dec/2021:08:54:36 +0100] "GET /administrator/templates/hathor/error.php HTTP/1.1" 404 - "-" "python-requests/2.25.1"
91.102.224.52 - - [19/Dec/2021:08:54:36 +0100] "GET /administrator/templates/isis/index.php HTTP/1.1" 404 - "-" "python-requests/2.25.1"
91.102.224.52 - - [19/Dec/2021:08:54:36 +0100] "GET /administrator/templates/isis/error.php HTTP/1.1" 404 - "-" "python-requests/2.25.1"
91.102.224.52 - - [19/Dec/2021:08:54:36 +0100] "GET /templates/beez/index.php HTTP/1.1" 404 - "-" "python-requests/2.25.1"
91.102.224.52 - - [19/Dec/2021:08:54:36 +0100] "GET /templates/ja_purity/index.php HTTP/1.1" 404 - "-" "python-requests/2.25.1"
91.102.224.52 - - [19/Dec/2021:08:54:36 +0100] "GET /templates/rhuk_milkyway/index.php HTTP/1.1" 404 - "-" "python-requests/2.25.1"
91.102.224.52 - - [19/Dec/2021:08:54:36 +0100] "GET /templates/system/index.php HTTP/1.1" 404 - "-" "python-requests/2.25.1"
91.102.224.52 - - [19/Dec/2021:08:54:36 +0100] "GET /templates/system/error.php HTTP/1.1" 404 - "-" "python-requests/2.25.1"
91.102.224.52 - - [19/Dec/2021:08:54:36 +0100] "GET /templates/beez3/index.php HTTP/1.1" 404 - "-" "python-requests/2.25.1"
91.102.224.52 - - [19/Dec/2021:08:54:36 +0100] "GET /templates/beez3/error.php HTTP/1.1" 404 - "-" "python-requests/2.25.1"
91.102.224.52 - - [19/Dec/2021:08:54:36 +0100] "GET /templates/beez5/index.php HTTP/1.1" 404 - "-" "python-requests/2.25.1"
91.102.224.52 - - [19/Dec/2021:08:54:36 +0100] "GET /templates/beez5/error.php HTTP/1.1" 404 - "-" "python-requests/2.25.1"
91.102.224.52 - - [19/Dec/2021:08:54:36 +0100] "GET /templates/beez_20/index.php HTTP/1.1" 404 - "-" "python-requests/2.25.1"
91.102.224.52 - - [19/Dec/2021:08:54:36 +0100] "GET /templates/beez_20/error.php HTTP/1.1" 404 - "-" "python-requests/2.25.1"
91.102.224.52 - - [19/Dec/2021:08:54:36 +0100] "GET /templates/protostar/index.php HTTP/1.1" 404 - "-" "python-requests/2.25.1"
91.102.224.52 - - [19/Dec/2021:08:54:36 +0100] "GET /templates/protostar/error.php HTTP/1.1" 404 - "-" "python-requests/2.25.1"
91.102.224.52 - - [19/Dec/2021:08:54:36 +0100] "GET /templates/atomic/index.php HTTP/1.1" 404 - "-" "python-requests/2.25.1"
91.102.224.52 - - [19/Dec/2021:08:54:36 +0100] "GET /templates/atomic/error.php HTTP/1.1" 404 - "-" "python-requests/2.25.1"
49.12.13.109 - - [19/Dec/2021:09:19:27 +0100] "HEAD / HTTP/1.1" 200 0 "-" "Alert_Alligator_webmonitoring_service_1.6.3_(alertalligator.com)"
159.69.145.50 - - [19/Dec/2021:10:18:30 +0100] "HEAD / HTTP/1.1" 200 0 "-" "Alert_Alligator_webmonitoring_service_1.6.3_(alertalligator.com)"
212.237.51.151 - - [19/Dec/2021:10:52:10 +0100] "HEAD / HTTP/1.1" 200 0 "-" "Alert_Alligator_webmonitoring_service_1.6.4_(alertalligator.com)"
49.12.13.109 - - [19/Dec/2021:11:51:13 +0100] "HEAD / HTTP/1.1" 200 0 "-" "Alert_Alligator_webmonitoring_service_1.6.3_(alertalligator.com)"
212.237.23.143 - - [19/Dec/2021:12:39:39 +0100] "HEAD / HTTP/1.1" 200 0 "-" "Alert_Alligator_webmonitoring_service_1.6.4_(alertalligator.com)"
49.12.13.109 - - [19/Dec/2021:13:38:39 +0100] "HEAD / HTTP/1.1" 200 0 "-" "Alert_Alligator_webmonitoring_service_1.6.3_(alertalligator.com)"
212.237.53.115 - - [19/Dec/2021:14:27:04 +0100] "HEAD / HTTP/1.1" 200 0 "-" "Alert_Alligator_webmonitoring_service_1.6.4_(alertalligator.com)"
212.237.23.143 - - [19/Dec/2021:15:12:19 +0100] "HEAD / HTTP/1.1" 200 0 "-" "Alert_Alligator_webmonitoring_service_1.6.4_(alertalligator.com)"
212.237.23.143 - - [19/Dec/2021:15:57:29 +0100] "HEAD / HTTP/1.1" 200 0 "-" "Alert_Alligator_webmonitoring_service_1.6.4_(alertalligator.com)"
91.241.19.243 - - [19/Dec/2021:16:29:01 +0100] "GET / HTTP/1.1" 200 174 "-" "Mozilla/5.0 (Windows NT 6.1; WOW64) AppleWebKit/537.1 (KHTML, like Gecko) Chrome/22.0.1207.1 Safari/537.1"
18.236.96.254 - - [19/Dec/2021:16:35:34 +0100] "GET / HTTP/1.1" 200 166 "-" "Mozilla/5.0 (X11; Linux x86_64) AppleWebKit/537.36 (KHTML, like Gecko) Chrome/83.0.4103.97 Safari/537.36"
34.221.253.50 - - [19/Dec/2021:16:36:25 +0100] "GET /favicon.ico HTTP/1.1" 404 - "-" "Mozilla/5.0 (X11; Linux x86_64) AppleWebKit/537.36 (KHTML, like Gecko) Chrome/83.0.4103.97 Safari/537.36"
34.221.253.50 - - [19/Dec/2021:16:36:28 +0100] "GET / HTTP/1.1" 200 166 "-" "Mozilla/5.0 (X11; Linux x86_64) AppleWebKit/537.36 (KHTML, like Gecko) Chrome/83.0.4103.97 Safari/537.36"
159.69.145.50 - - [19/Dec/2021:16:56:31 +0100] "HEAD / HTTP/1.1" 200 0 "-" "Alert_Alligator_webmonitoring_service_1.6.3_(alertalligator.com)"
212.237.23.143 - - [19/Dec/2021:17:44:02 +0100] "HEAD / HTTP/1.1" 200 0 "-" "Alert_Alligator_webmonitoring_service_1.6.4_(alertalligator.com)"
51.222.253.11 - - [19/Dec/2021:17:55:10 +0100] "GET /robots.txt HTTP/1.1" 404 - "-" "Mozilla/5.0 (compatible; AhrefsBot/7.0; +http://ahrefs.com/robot/)"
54.36.149.80 - - [19/Dec/2021:17:55:11 +0100] "GET / HTTP/1.1" 200 166 "-" "Mozilla/5.0 (compatible; AhrefsBot/7.0; +http://ahrefs.com/robot/)"
23.148.145.23 - - [19/Dec/2021:17:55:32 +0100] "GET /wp-login.php HTTP/1.1" 404 - "-" "Mozilla/5.0 (Windows NT 10.0; Win64; x64) AppleWebKit/537.36 (KHTML, like Gecko) Chrome/64.0.3282.140 Safari/537.36 Edge/18.17763"
23.148.145.23 - - [19/Dec/2021:17:55:33 +0100] "GET /wp-login.php HTTP/1.1" 404 - "-" "Mozilla/5.0 (Windows NT 10.0; Win64; x64) AppleWebKit/537.36 (KHTML, like Gecko) Chrome/64.0.3282.140 Safari/537.36 Edge/18.17763"
114.119.147.32 - - [19/Dec/2021:18:34:27 +0100] "GET /robots.txt HTTP/1.1" 404 - "-" "Mozilla/5.0 (compatible;PetalBot;+https://webmaster.petalsearch.com/site/petalbot)"
49.12.13.109 - - [19/Dec/2021:18:43:05 +0100] "HEAD / HTTP/1.1" 200 0 "-" "Alert_Alligator_webmonitoring_service_1.6.3_(alertalligator.com)"
159.69.145.50 - - [19/Dec/2021:19:42:09 +0100] "HEAD / HTTP/1.1" 200 0 "-" "Alert_Alligator_webmonitoring_service_1.6.3_(alertalligator.com)"
54.213.3.229 - - [19/Dec/2021:20:38:39 +0100] "HEAD / HTTP/1.1" 200 0 "-" "Go-http-client/1.1"
34.220.207.254 - - [19/Dec/2021:20:39:06 +0100] "HEAD / HTTP/1.1" 200 0 "-" "Mozilla/5.0 (Windows NT 6.1; WOW64) AppleWebKit/537.36 (KHTML, like Gecko) Chrome/56.0.2924.76 Safari/537.36"
52.13.2.144 - - [19/Dec/2021:20:39:08 +0100] "GET / HTTP/1.1" 200 174 "-" "Mozilla/5.0 (X11; Linux x86_64) AppleWebKit/537.36 (KHTML, like Gecko) HeadlessChrome/96.0.4664.110 Safari/537.36"
159.69.145.50 - - [19/Dec/2021:20:41:09 +0100] "HEAD / HTTP/1.1" 200 0 "-" "Alert_Alligator_webmonitoring_service_1.6.3_(alertalligator.com)"
42.83.147.43 - - [19/Dec/2021:21:27:04 +0100] "GET / HTTP/1.1" 200 174 "-" "Mozilla/5.0 (Linux; U; Android 2.2; en-us; Nexus One Build/FRF91) AppleWebKit/533.1 (KHTML, like Gecko) Version/4.0 Mobile Safari/533.1"
212.237.23.143 - - [19/Dec/2021:21:28:02 +0100] "HEAD / HTTP/1.1" 200 0 "-" "Alert_Alligator_webmonitoring_service_1.6.4_(alertalligator.com)"
49.12.13.109 - - [19/Dec/2021:22:27:02 +0100] "HEAD / HTTP/1.1" 200 0 "-" "Alert_Alligator_webmonitoring_service_1.6.3_(alertalligator.com)"
23.148.145.23 - - [19/Dec/2021:22:50:03 +0100] "GET /wp-login.php HTTP/1.1" 404 - "-" "Mozilla/5.0 (Windows NT 10.0; Win64; x64) AppleWebKit/537.36 (KHTML, like Gecko) Chrome/64.0.3282.140 Safari/537.36 Edge/18.17763"
23.148.145.23 - - [19/Dec/2021:22:50:03 +0100] "GET /wp-login.php HTTP/1.1" 404 - "-" "Mozilla/5.0 (Windows NT 10.0; Win64; x64) AppleWebKit/537.36 (KHTML, like Gecko) Chrome/64.0.3282.140 Safari/537.36 Edge/18.17763"
95.211.211.232 - - [19/Dec/2021:23:00:13 +0100] "GET /dup-installer/main.installer.php HTTP/1.1" 404 - "-" "-"
49.12.13.109 - - [19/Dec/2021:23:26:03 +0100] "HEAD / HTTP/1.1" 200 0 "-" "Alert_Alligator_webmonitoring_service_1.6.3_(alertalligator.com)"
212.237.51.151 - - [19/Dec/2021:23:58:49 +0100] "HEAD / HTTP/1.1" 200 0 "-" "Alert_Alligator_webmonitoring_service_1.6.4_(alertalligator.com)"
212.237.53.115 - - [20/Dec/2021:00:48:28 +0100] "HEAD / HTTP/1.1" 200 0 "-" "Alert_Alligator_webmonitoring_service_1.6.4_(alertalligator.com)"
34.64.218.102 - - [20/Dec/2021:00:53:57 +0100] "GET /wp-login.php HTTP/1.1" 404 - "-" "Mozilla/5.0 (X11; Ubuntu; Linux x86_64; rv:62.0) Gecko/20100101 Firefox/62.0"
212.237.51.151 - - [20/Dec/2021:01:23:12 +0100] "HEAD / HTTP/1.1" 200 0 "-" "Alert_Alligator_webmonitoring_service_1.6.4_(alertalligator.com)"
212.237.23.143 - - [20/Dec/2021:02:14:26 +0100] "HEAD / HTTP/1.1" 200 0 "-" "Alert_Alligator_webmonitoring_service_1.6.4_(alertalligator.com)"
175.18.105.187 - - [20/Dec/2021:02:30:37 +0100] "GET / HTTP/1.1" 200 174 "-" "Mozilla/5.0 (iPhone; CPU iPhone OS 11_0 like Mac OS X) AppleWebKit/604.1.38 (KHTML, like Gecko) Version/11.0 Mobile/15A372 Safari/604.1"
212.237.53.115 - - [20/Dec/2021:02:59:27 +0100] "HEAD / HTTP/1.1" 200 0 "-" "Alert_Alligator_webmonitoring_service_1.6.4_(alertalligator.com)"
212.237.23.143 - - [20/Dec/2021:03:49:38 +0100] "HEAD / HTTP/1.1" 200 0 "-" "Alert_Alligator_webmonitoring_service_1.6.4_(alertalligator.com)"
54.36.149.107 - - [20/Dec/2021:04:08:02 +0100] "GET /robots.txt HTTP/1.1" 404 - "-" "Mozilla/5.0 (compatible; AhrefsBot/7.0; +http://ahrefs.com/robot/)"
54.36.149.43 - - [20/Dec/2021:04:08:03 +0100] "GET / HTTP/1.1" 200 166 "-" "Mozilla/5.0 (compatible; AhrefsBot/7.0; +http://ahrefs.com/robot/)"
59.175.144.15 - - [20/Dec/2021:04:37:08 +0100] "GET / HTTP/1.1" 200 174 "-" "GRequests/0.10"
212.237.53.115 - - [20/Dec/2021:04:43:10 +0100] "HEAD / HTTP/1.1" 200 0 "-" "Alert_Alligator_webmonitoring_service_1.6.4_(alertalligator.com)"
49.12.13.109 - - [20/Dec/2021:05:42:31 +0100] "HEAD / HTTP/1.1" 200 0 "-" "Alert_Alligator_webmonitoring_service_1.6.3_(alertalligator.com)"
159.69.145.50 - - [20/Dec/2021:06:41:54 +0100] "HEAD / HTTP/1.1" 200 0 "-" "Alert_Alligator_webmonitoring_service_1.6.3_(alertalligator.com)"
212.237.23.143 - - [20/Dec/2021:07:30:11 +0100] "HEAD / HTTP/1.1" 200 0 "-" "Alert_Alligator_webmonitoring_service_1.6.4_(alertalligator.com)"
3.145.209.6 - - [20/Dec/2021:08:22:45 +0100] "GET / HTTP/1.1" 200 169 "-" "Mozilla/5.0 (X11; Linux x86_64) AppleWebKit/537.36 (KHTML, like Gecko) Chrome/95.0.4638.69 Safari/537.36"
49.12.13.109 - - [20/Dec/2021:08:29:15 +0100] "HEAD / HTTP/1.1" 200 0 "-" "Alert_Alligator_webmonitoring_service_1.6.3_(alertalligator.com)"
212.237.53.115 - - [20/Dec/2021:09:14:23 +0100] "HEAD / HTTP/1.1" 200 0 "-" "Alert_Alligator_webmonitoring_service_1.6.4_(alertalligator.com)"
212.237.51.151 - - [20/Dec/2021:09:46:09 +0100] "HEAD / HTTP/1.1" 200 0 "-" "Alert_Alligator_webmonitoring_service_1.6.4_(alertalligator.com)"
159.69.145.50 - - [20/Dec/2021:10:45:09 +0100] "HEAD / HTTP/1.1" 200 0 "-" "Alert_Alligator_webmonitoring_service_1.6.3_(alertalligator.com)"
212.237.51.151 - - [20/Dec/2021:11:19:15 +0100] "HEAD / HTTP/1.1" 200 0 "-" "Alert_Alligator_webmonitoring_service_1.6.4_(alertalligator.com)"
212.237.53.115 - - [20/Dec/2021:12:07:26 +0100] "HEAD / HTTP/1.1" 200 0 "-" "Alert_Alligator_webmonitoring_service_1.6.4_(alertalligator.com)"
212.237.51.151 - - [20/Dec/2021:12:41:28 +0100] "HEAD / HTTP/1.1" 200 0 "-" "Alert_Alligator_webmonitoring_service_1.6.4_(alertalligator.com)"
159.69.145.50 - - [20/Dec/2021:13:40:33 +0100] "HEAD / HTTP/1.1" 200 0 "-" "Alert_Alligator_webmonitoring_service_1.6.3_(alertalligator.com)"
159.69.145.50 - - [20/Dec/2021:14:39:39 +0100] "HEAD / HTTP/1.1" 200 0 "-" "Alert_Alligator_webmonitoring_service_1.6.3_(alertalligator.com)"
91.241.19.243 - - [20/Dec/2021:14:51:53 +0100] "GET / HTTP/1.1" 200 174 "-" "Mozilla/5.0 (Windows NT 6.1; WOW64) AppleWebKit/537.1 (KHTML, like Gecko) Chrome/22.0.1207.1 Safari/537.1"
49.12.13.109 - - [20/Dec/2021:15:38:56 +0100] "HEAD / HTTP/1.1" 200 0 "-" "Alert_Alligator_webmonitoring_service_1.6.3_(alertalligator.com)"
52.12.1.27 - - [20/Dec/2021:16:18:28 +0100] "GET / HTTP/1.1" 200 166 "-" "Mozilla/5.0 (X11; Linux x86_64) AppleWebKit/537.36 (KHTML, like Gecko) Chrome/83.0.4103.97 Safari/537.36"
34.222.254.66 - - [20/Dec/2021:16:19:34 +0100] "GET /favicon.ico HTTP/1.1" 404 - "-" "Mozilla/5.0 (X11; Linux x86_64) AppleWebKit/537.36 (KHTML, like Gecko) Chrome/83.0.4103.97 Safari/537.36"
34.222.254.66 - - [20/Dec/2021:16:19:36 +0100] "GET / HTTP/1.1" 200 166 "-" "Mozilla/5.0 (X11; Linux x86_64) AppleWebKit/537.36 (KHTML, like Gecko) Chrome/83.0.4103.97 Safari/537.36"
49.12.13.109 - - [20/Dec/2021:16:38:02 +0100] "HEAD / HTTP/1.1" 200 0 "-" "Alert_Alligator_webmonitoring_service_1.6.3_(alertalligator.com)"
212.237.53.115 - - [20/Dec/2021:17:21:17 +0100] "HEAD / HTTP/1.1" 200 0 "-" "Alert_Alligator_webmonitoring_service_1.6.4_(alertalligator.com)"
114.119.148.4 - - [20/Dec/2021:17:34:44 +0100] "GET /robots.txt HTTP/1.1" 404 - "-" "Mozilla/5.0 (compatible;PetalBot;+https://webmaster.petalsearch.com/site/petalbot)"
212.237.23.143 - - [20/Dec/2021:18:02:47 +0100] "HEAD / HTTP/1.1" 200 0 "-" "Alert_Alligator_webmonitoring_service_1.6.4_(alertalligator.com)"
34.247.165.184 - - [20/Dec/2021:18:31:33 +0100] "GET /robots.txt HTTP/1.1" 404 - "-" "Pandalytics/1.0 (https://domainsbot.com/pandalytics/)"
34.247.165.184 - - [20/Dec/2021:18:31:34 +0100] "GET / HTTP/1.1" 200 174 "-" "Pandalytics/1.0 (https://domainsbot.com/pandalytics/)"
159.69.145.50 - - [20/Dec/2021:19:01:50 +0100] "HEAD / HTTP/1.1" 200 0 "-" "Alert_Alligator_webmonitoring_service_1.6.3_(alertalligator.com)"
212.237.51.151 - - [20/Dec/2021:19:34:27 +0100] "HEAD / HTTP/1.1" 200 0 "-" "Alert_Alligator_webmonitoring_service_1.6.4_(alertalligator.com)"
164.215.243.57 - - [20/Dec/2021:19:35:48 +0100] "POST / HTTP/1.1" 405 - "-" "-"
49.12.13.109 - - [20/Dec/2021:20:33:31 +0100] "HEAD / HTTP/1.1" 200 0 "-" "Alert_Alligator_webmonitoring_service_1.6.3_(alertalligator.com)"
212.237.53.115 - - [20/Dec/2021:21:13:01 +0100] "HEAD / HTTP/1.1" 200 0 "-" "Alert_Alligator_webmonitoring_service_1.6.4_(alertalligator.com)"
212.237.53.115 - - [20/Dec/2021:21:58:06 +0100] "HEAD / HTTP/1.1" 200 0 "-" "Alert_Alligator_webmonitoring_service_1.6.4_(alertalligator.com)"
159.69.145.50 - - [20/Dec/2021:22:57:11 +0100] "HEAD / HTTP/1.1" 200 0 "-" "Alert_Alligator_webmonitoring_service_1.6.3_(alertalligator.com)"
212.237.23.143 - - [20/Dec/2021:23:42:08 +0100] "HEAD / HTTP/1.1" 200 0 "-" "Alert_Alligator_webmonitoring_service_1.6.4_(alertalligator.com)"
159.69.145.50 - - [21/Dec/2021:00:41:14 +0100] "HEAD / HTTP/1.1" 200 0 "-" "Alert_Alligator_webmonitoring_service_1.6.3_(alertalligator.com)"
212.237.53.115 - - [21/Dec/2021:01:30:36 +0100] "HEAD / HTTP/1.1" 200 0 "-" "Alert_Alligator_webmonitoring_service_1.6.4_(alertalligator.com)"
91.205.172.116 - - [21/Dec/2021:01:57:15 +0100] "POST /cgi-bin/%%32%65%%32%65/%%32%65%%32%65/%%32%65%%32%65/%%32%65%%32%65/%%32%65%%32%65/%%32%65%%32%65/%%32%65%%32%65/bin/sh HTTP/1.1" 400 - "-" "-"
159.69.145.50 - - [21/Dec/2021:02:29:42 +0100] "HEAD / HTTP/1.1" 200 0 "-" "Alert_Alligator_webmonitoring_service_1.6.3_(alertalligator.com)"
212.237.23.143 - - [21/Dec/2021:03:17:34 +0100] "HEAD / HTTP/1.1" 200 0 "-" "Alert_Alligator_webmonitoring_service_1.6.4_(alertalligator.com)"
212.237.23.143 - - [21/Dec/2021:04:03:12 +0100] "HEAD / HTTP/1.1" 200 0 "-" "Alert_Alligator_webmonitoring_service_1.6.4_(alertalligator.com)"
121.29.82.29 - - [21/Dec/2021:04:30:48 +0100] "GET / HTTP/1.1" 200 174 "-" "Mozilla/5.0 (iPhone; CPU iPhone OS 11_0 like Mac OS X) AppleWebKit/604.1.38 (KHTML, like Gecko) Version/11.0 Mobile/15A372 Safari/604.1"
167.114.64.97 - - [21/Dec/2021:05:01:13 +0100] "GET /robots.txt HTTP/1.1" 404 - "-" "Mozilla/5.0 (compatible; MJ12bot/v1.4.8; http://mj12bot.com/)"
167.114.64.97 - - [21/Dec/2021:05:01:15 +0100] "GET / HTTP/1.1" 200 166 "-" "Mozilla/5.0 (compatible; MJ12bot/v1.4.8; http://mj12bot.com/)"
49.12.13.109 - - [21/Dec/2021:05:02:24 +0100] "HEAD / HTTP/1.1" 200 0 "-" "Alert_Alligator_webmonitoring_service_1.6.3_(alertalligator.com)"
212.237.51.151 - - [21/Dec/2021:05:36:10 +0100] "HEAD / HTTP/1.1" 200 0 "-" "Alert_Alligator_webmonitoring_service_1.6.4_(alertalligator.com)"
159.69.145.50 - - [21/Dec/2021:06:35:12 +0100] "HEAD / HTTP/1.1" 200 0 "-" "Alert_Alligator_webmonitoring_service_1.6.3_(alertalligator.com)"
34.96.130.11 - - [21/Dec/2021:06:56:31 +0100] "GET / HTTP/1.1" 200 174 "-" "Expanse indexes the network perimeters of our customers. If you have any questions or concerns, please reach out to: scaninfo@expanseinc.com"
34.96.130.21 - - [21/Dec/2021:07:03:23 +0100] "GET / HTTP/1.1" 200 166 "-" "Expanse indexes the network perimeters of our customers. If you have any questions or concerns, please reach out to: scaninfo@expanseinc.com"
54.36.149.1 - - [21/Dec/2021:07:04:14 +0100] "GET /robots.txt HTTP/1.1" 404 - "-" "Mozilla/5.0 (compatible; AhrefsBot/7.0; +http://ahrefs.com/robot/)"
54.36.148.184 - - [21/Dec/2021:07:04:15 +0100] "GET / HTTP/1.1" 200 166 "-" "Mozilla/5.0 (compatible; AhrefsBot/7.0; +http://ahrefs.com/robot/)"
212.237.53.115 - - [21/Dec/2021:07:22:06 +0100] "HEAD / HTTP/1.1" 200 0 "-" "Alert_Alligator_webmonitoring_service_1.6.4_(alertalligator.com)"
49.12.13.109 - - [21/Dec/2021:08:21:12 +0100] "HEAD / HTTP/1.1" 200 0 "-" "Alert_Alligator_webmonitoring_service_1.6.3_(alertalligator.com)"
185.191.171.5 - - [21/Dec/2021:09:14:04 +0100] "GET /robots.txt HTTP/1.1" 404 - "-" "Mozilla/5.0 (compatible; SemrushBot/7~bl; +http://www.semrush.com/bot.html)"
185.191.171.1 - - [21/Dec/2021:09:14:04 +0100] "GET / HTTP/1.1" 200 166 "-" "Mozilla/5.0 (compatible; SemrushBot/7~bl; +http://www.semrush.com/bot.html)"
185.191.171.21 - - [21/Dec/2021:09:14:06 +0100] "GET /sitemap.xml HTTP/1.1" 404 - "-" "Mozilla/5.0 (compatible; SemrushBot/7~bl; +http://www.semrush.com/bot.html)"
49.12.13.109 - - [21/Dec/2021:09:20:12 +0100] "HEAD / HTTP/1.1" 200 0 "-" "Alert_Alligator_webmonitoring_service_1.6.3_(alertalligator.com)"
221.215.223.75 - - [21/Dec/2021:09:27:09 +0100] "GET / HTTP/1.1" 200 166 "-" "Mozilla/5.0 (Macintosh; Intel Mac OS X 10_15_7) AppleWebKit/537.36 (KHTML, like Gecko) Chrome/88.0.4324.192 Safari/537.36"
49.12.13.109 - - [21/Dec/2021:10:19:13 +0100] "HEAD / HTTP/1.1" 200 0 "-" "Alert_Alligator_webmonitoring_service_1.6.3_(alertalligator.com)"
212.237.51.151 - - [21/Dec/2021:10:51:15 +0100] "HEAD / HTTP/1.1" 200 0 "-" "Alert_Alligator_webmonitoring_service_1.6.4_(alertalligator.com)"
23.148.145.101 - - [21/Dec/2021:11:14:47 +0100] "GET /wp-content/ HTTP/1.1" 404 - "-" "Mozilla/5.0 (Macintosh; Intel Mac OS X 10.15; rv:77.0) Gecko/20100101 Firefox/77.0"
23.148.145.101 - - [21/Dec/2021:11:15:01 +0100] "GET /wp-content/ HTTP/1.1" 404 - "-" "Mozilla/5.0 (Macintosh; Intel Mac OS X 10.15; rv:77.0) Gecko/20100101 Firefox/77.0"
212.237.51.151 - - [21/Dec/2021:11:22:43 +0100] "HEAD / HTTP/1.1" 200 0 "-" "Alert_Alligator_webmonitoring_service_1.6.4_(alertalligator.com)"
42.83.147.34 - - [21/Dec/2021:12:20:03 +0100] "GET / HTTP/1.1" 200 174 "-" "Mozilla/5.0 (Windows NT 6.1; Win64; x64) AppleWebKit/537.36 (KHTML, like Gecko)Chrome/74.0.3729.169 Safari/537.36"
49.12.13.109 - - [21/Dec/2021:12:21:43 +0100] "HEAD / HTTP/1.1" 200 0 "-" "Alert_Alligator_webmonitoring_service_1.6.3_(alertalligator.com)"
159.69.145.50 - - [21/Dec/2021:13:20:45 +0100] "HEAD / HTTP/1.1" 200 0 "-" "Alert_Alligator_webmonitoring_service_1.6.3_(alertalligator.com)"
93.158.91.232 - - [21/Dec/2021:14:16:55 +0100] "GET /robots.txt HTTP/1.1" 404 - "-" "Mozilla/5.0 (Macintosh; Intel Mac OS X 10_13_6) AppleWebKit/537.36 (KHTML, like Gecko) Chrome/91.0.4472.114 Safari/537.36"
93.158.91.207 - - [21/Dec/2021:14:16:55 +0100] "GET /humans.txt HTTP/1.1" 404 - "-" "Mozilla/5.0 (Macintosh; Intel Mac OS X 10_13_6) AppleWebKit/537.36 (KHTML, like Gecko) Chrome/91.0.4472.114 Safari/537.36"
93.158.91.232 - - [21/Dec/2021:14:16:55 +0100] "GET /ads.txt HTTP/1.1" 404 - "-" "Mozilla/5.0 (Macintosh; Intel Mac OS X 10_13_6) AppleWebKit/537.36 (KHTML, like Gecko) Chrome/91.0.4472.114 Safari/537.36"
93.158.91.206 - - [21/Dec/2021:14:16:55 +0100] "GET / HTTP/1.1" 200 166 "-" "Mozilla/5.0 (Macintosh; Intel Mac OS X 10_13_6) AppleWebKit/537.36 (KHTML, like Gecko) Chrome/91.0.4472.114 Safari/537.36"
159.69.145.50 - - [21/Dec/2021:14:20:30 +0100] "HEAD / HTTP/1.1" 200 0 "-" "Alert_Alligator_webmonitoring_service_1.6.3_(alertalligator.com)"
212.237.53.115 - - [21/Dec/2021:15:03:46 +0100] "HEAD / HTTP/1.1" 200 0 "-" "Alert_Alligator_webmonitoring_service_1.6.4_(alertalligator.com)"
212.237.51.151 - - [21/Dec/2021:15:35:41 +0100] "HEAD / HTTP/1.1" 200 0 "-" "Alert_Alligator_webmonitoring_service_1.6.4_(alertalligator.com)"
114.119.148.237 - - [21/Dec/2021:15:42:30 +0100] "GET /robots.txt HTTP/1.1" 404 - "-" "Mozilla/5.0 (compatible;PetalBot;+https://webmaster.petalsearch.com/site/petalbot)"
51.222.253.8 - - [21/Dec/2021:15:46:19 +0100] "GET /robots.txt HTTP/1.1" 404 - "-" "Mozilla/5.0 (compatible; AhrefsBot/7.0; +http://ahrefs.com/robot/)"
54.36.148.252 - - [21/Dec/2021:15:46:19 +0100] "GET / HTTP/1.1" 200 166 "-" "Mozilla/5.0 (compatible; AhrefsBot/7.0; +http://ahrefs.com/robot/)"
52.26.92.64 - - [21/Dec/2021:16:15:00 +0100] "GET / HTTP/1.1" 200 166 "-" "Mozilla/5.0 (X11; Linux x86_64) AppleWebKit/537.36 (KHTML, like Gecko) Chrome/83.0.4103.97 Safari/537.36"
54.68.64.149 - - [21/Dec/2021:16:15:29 +0100] "GET /favicon.ico HTTP/1.1" 404 - "-" "Mozilla/5.0 (X11; Linux x86_64) AppleWebKit/537.36 (KHTML, like Gecko) Chrome/83.0.4103.97 Safari/537.36"
54.68.64.149 - - [21/Dec/2021:16:15:31 +0100] "GET / HTTP/1.1" 200 166 "-" "Mozilla/5.0 (X11; Linux x86_64) AppleWebKit/537.36 (KHTML, like Gecko) Chrome/83.0.4103.97 Safari/537.36"
212.237.23.143 - - [21/Dec/2021:16:23:51 +0100] "HEAD / HTTP/1.1" 200 0 "-" "Alert_Alligator_webmonitoring_service_1.6.4_(alertalligator.com)"
111.13.63.77 - - [21/Dec/2021:17:08:07 +0100] "GET / HTTP/1.1" 200 169 "-" "Mozilla/5.0 (compatible; Wappalyzer)"
111.13.63.77 - - [21/Dec/2021:17:08:11 +0100] "GET /favicon.ico HTTP/1.1" 404 - "-" "Go-http-client/1.1"
159.69.145.50 - - [21/Dec/2021:17:23:03 +0100] "HEAD / HTTP/1.1" 200 0 "-" "Alert_Alligator_webmonitoring_service_1.6.3_(alertalligator.com)"
159.69.145.50 - - [21/Dec/2021:18:22:06 +0100] "HEAD / HTTP/1.1" 200 0 "-" "Alert_Alligator_webmonitoring_service_1.6.3_(alertalligator.com)"
185.180.143.142 - - [21/Dec/2021:18:29:11 +0100] "GET / HTTP/1.1" 200 166 "-" "Mozilla/5.0 (Windows NT 10.0; WOW64) AppleWebKit/537.36 (KHTML, like Gecko) Chrome/66.0.3359.117 Safari/537.36"
159.69.145.50 - - [21/Dec/2021:19:21:14 +0100] "HEAD / HTTP/1.1" 200 0 "-" "Alert_Alligator_webmonitoring_service_1.6.3_(alertalligator.com)"
212.237.53.115 - - [21/Dec/2021:20:10:08 +0100] "HEAD / HTTP/1.1" 200 0 "-" "Alert_Alligator_webmonitoring_service_1.6.4_(alertalligator.com)"
159.69.145.50 - - [21/Dec/2021:21:09:30 +0100] "HEAD / HTTP/1.1" 200 0 "-" "Alert_Alligator_webmonitoring_service_1.6.3_(alertalligator.com)"
