212.237.23.143 - - [05/Jan/2022:15:50:51 +0100] "HEAD / HTTP/1.1" 200 0 "-" "Alert_Alligator_webmonitoring_service_1.6.4_(alertalligator.com)"
176.74.192.85 - - [05/Jan/2022:16:02:35 +0100] "GET /robots.txt HTTP/1.1" 404 - "-" "Mozilla/5.0 (Macintosh; Intel Mac OS X 10_13_6) AppleWebKit/537.36 (KHTML, like Gecko) Chrome/91.0.4472.114 Safari/537.36"
176.74.192.85 - - [05/Jan/2022:16:02:35 +0100] "GET /humans.txt HTTP/1.1" 404 - "-" "Mozilla/5.0 (Macintosh; Intel Mac OS X 10_13_6) AppleWebKit/537.36 (KHTML, like Gecko) Chrome/91.0.4472.114 Safari/537.36"
176.74.192.85 - - [05/Jan/2022:16:02:35 +0100] "GET /ads.txt HTTP/1.1" 404 - "-" "Mozilla/5.0 (Macintosh; Intel Mac OS X 10_13_6) AppleWebKit/537.36 (KHTML, like Gecko) Chrome/91.0.4472.114 Safari/537.36"
176.74.192.85 - - [05/Jan/2022:16:02:36 +0100] "GET / HTTP/1.1" 200 174 "-" "Mozilla/5.0 (Macintosh; Intel Mac OS X 10_13_6) AppleWebKit/537.36 (KHTML, like Gecko) Chrome/91.0.4472.114 Safari/537.36"
212.237.51.151 - - [05/Jan/2022:16:23:33 +0100] "HEAD / HTTP/1.1" 200 0 "-" "Alert_Alligator_webmonitoring_service_1.6.4_(alertalligator.com)"
66.249.64.87 - - [05/Jan/2022:17:08:14 +0100] "GET /robots.txt HTTP/1.1" 404 - "-" "Mozilla/5.0 (compatible; Googlebot/2.1; +http://www.google.com/bot.html)"
66.249.64.87 - - [05/Jan/2022:17:08:14 +0100] "GET / HTTP/1.1" 200 166 "-" "Mozilla/5.0 (Linux; Android 6.0.1; Nexus 5X Build/MMB29P) AppleWebKit/537.36 (KHTML, like Gecko) Chrome/96.0.4664.93 Mobile Safari/537.36 (compatible; Googlebot/2.1; +http://www.google.com/bot.html)"
66.249.70.63 - - [05/Jan/2022:17:13:52 +0100] "GET /robots.txt HTTP/1.1" 404 - "-" "Mozilla/5.0 (compatible; Googlebot/2.1; +http://www.google.com/bot.html)"
66.249.70.61 - - [05/Jan/2022:17:13:52 +0100] "GET / HTTP/1.1" 200 174 "-" "Mozilla/5.0 (Linux; Android 6.0.1; Nexus 5X Build/MMB29P) AppleWebKit/537.36 (KHTML, like Gecko) Chrome/96.0.4664.93 Mobile Safari/537.36 (compatible; Googlebot/2.1; +http://www.google.com/bot.html)"
42.83.147.34 - - [05/Jan/2022:17:18:55 +0100] "GET / HTTP/1.1" 200 174 "-" "Mozilla/5.0 (Windows NT 6.1; Win64; x64) AppleWebKit/537.36 (KHTML, like Gecko)Chrome/74.0.3729.169 Safari/537.36"
159.69.145.50 - - [05/Jan/2022:17:23:44 +0100] "HEAD / HTTP/1.1" 200 0 "-" "Alert_Alligator_webmonitoring_service_1.6.3_(alertalligator.com)"
66.249.64.87 - - [05/Jan/2022:17:33:32 +0100] "GET / HTTP/1.1" 200 166 "-" "Mozilla/5.0 (compatible; Googlebot/2.1; +http://www.google.com/bot.html)"
212.237.51.151 - - [05/Jan/2022:17:55:53 +0100] "HEAD / HTTP/1.1" 200 0 "-" "Alert_Alligator_webmonitoring_service_1.6.4_(alertalligator.com)"
212.237.51.151 - - [05/Jan/2022:18:30:23 +0100] "HEAD / HTTP/1.1" 200 0 "-" "Alert_Alligator_webmonitoring_service_1.6.4_(alertalligator.com)"
35.87.110.8 - - [05/Jan/2022:19:03:46 +0100] "GET / HTTP/1.1" 200 166 "-" "Mozilla/5.0 (X11; Linux x86_64) AppleWebKit/537.36 (KHTML, like Gecko) Chrome/83.0.4103.97 Safari/537.36"
34.219.249.103 - - [05/Jan/2022:19:05:03 +0100] "GET / HTTP/1.1" 200 166 "-" "Mozilla/5.0 (X11; Linux x86_64) AppleWebKit/537.36 (KHTML, like Gecko) Chrome/83.0.4103.97 Safari/537.36"
34.221.129.214 - - [05/Jan/2022:19:05:38 +0100] "GET /favicon.ico HTTP/1.1" 404 - "-" "Mozilla/5.0 (X11; Linux x86_64) AppleWebKit/537.36 (KHTML, like Gecko) Chrome/83.0.4103.97 Safari/537.36"
34.221.129.214 - - [05/Jan/2022:19:05:40 +0100] "GET / HTTP/1.1" 200 166 "-" "Mozilla/5.0 (X11; Linux x86_64) AppleWebKit/537.36 (KHTML, like Gecko) Chrome/83.0.4103.97 Safari/537.36"
159.69.145.50 - - [05/Jan/2022:19:29:31 +0100] "HEAD / HTTP/1.1" 200 0 "-" "Alert_Alligator_webmonitoring_service_1.6.3_(alertalligator.com)"
35.180.174.248 - - [05/Jan/2022:19:32:33 +0100] "HEAD / HTTP/1.1" 200 0 "-" "Mozilla/5.0 (Macintosh; Intel Mac OS X 10_15_7) AppleWebKit/605.1.15 (KHTML, like Gecko) Version/14.1.1 Safari/605.1.15"
45.227.255.159 - - [05/Jan/2022:19:36:15 +0100] "GET /wp-login.php HTTP/1.1" 404 - "-" "Mozilla/5.0 (Windows NT 10.0; Win64; x64) AppleWebKit/537.36 (KHTML, like Gecko) Chrome/64.0.3282.140 Safari/537.36 Edge/18.17763"
34.219.195.13 - - [05/Jan/2022:19:41:01 +0100] "GET / HTTP/1.1" 200 166 "-" "Mozilla/5.0 (X11; Linux x86_64) AppleWebKit/537.36 (KHTML, like Gecko) Chrome/83.0.4103.97 Safari/537.36"
34.209.129.5 - - [05/Jan/2022:19:42:10 +0100] "GET /favicon.ico HTTP/1.1" 404 - "-" "Mozilla/5.0 (X11; Linux x86_64) AppleWebKit/537.36 (KHTML, like Gecko) Chrome/83.0.4103.97 Safari/537.36"
34.209.129.5 - - [05/Jan/2022:19:42:12 +0100] "GET / HTTP/1.1" 200 166 "-" "Mozilla/5.0 (X11; Linux x86_64) AppleWebKit/537.36 (KHTML, like Gecko) Chrome/83.0.4103.97 Safari/537.36"
49.12.13.109 - - [05/Jan/2022:20:28:49 +0100] "HEAD / HTTP/1.1" 200 0 "-" "Alert_Alligator_webmonitoring_service_1.6.3_(alertalligator.com)"
20.127.89.177 - - [05/Jan/2022:20:38:46 +0100] "GET /.env HTTP/1.1" 404 - "-" "Python/3.8 aiohttp/3.8.1"
20.127.89.177 - - [05/Jan/2022:20:38:46 +0100] "GET /.env.bak HTTP/1.1" 404 - "-" "Python/3.8 aiohttp/3.8.1"
20.127.89.177 - - [05/Jan/2022:20:38:46 +0100] "GET /phpinfo HTTP/1.1" 404 - "-" "Python/3.8 aiohttp/3.8.1"
20.127.89.177 - - [05/Jan/2022:20:38:46 +0100] "GET /phpinfo.php HTTP/1.1" 404 - "-" "Python/3.8 aiohttp/3.8.1"
20.127.89.177 - - [05/Jan/2022:20:38:46 +0100] "GET /.aws/credentials HTTP/1.1" 404 - "-" "Python/3.8 aiohttp/3.8.1"
20.127.89.177 - - [05/Jan/2022:20:38:46 +0100] "GET /info.php HTTP/1.1" 404 - "-" "Python/3.8 aiohttp/3.8.1"
20.127.89.177 - - [05/Jan/2022:20:38:46 +0100] "GET /_profiler/phpinfo HTTP/1.1" 404 - "-" "Python/3.8 aiohttp/3.8.1"
20.127.89.177 - - [05/Jan/2022:20:38:47 +0100] "GET /core/.env HTTP/1.1" 404 - "-" "Python/3.8 aiohttp/3.8.1"
20.127.89.177 - - [05/Jan/2022:20:38:48 +0100] "GET /app/.env HTTP/1.1" 404 - "-" "Python/3.8 aiohttp/3.8.1"
20.127.89.177 - - [05/Jan/2022:20:38:48 +0100] "GET /stag/.env HTTP/1.1" 404 - "-" "Python/3.8 aiohttp/3.8.1"
20.127.89.177 - - [05/Jan/2022:20:38:49 +0100] "GET /dev/.env HTTP/1.1" 404 - "-" "Python/3.8 aiohttp/3.8.1"
20.127.89.177 - - [05/Jan/2022:20:38:49 +0100] "GET /public/.env HTTP/1.1" 404 - "-" "Python/3.8 aiohttp/3.8.1"
20.127.89.177 - - [05/Jan/2022:20:38:49 +0100] "GET /platform/.env HTTP/1.1" 404 - "-" "Python/3.8 aiohttp/3.8.1"
20.127.89.177 - - [05/Jan/2022:20:38:49 +0100] "GET /staging/.env HTTP/1.1" 404 - "-" "Python/3.8 aiohttp/3.8.1"
20.127.89.177 - - [05/Jan/2022:20:38:50 +0100] "GET /development/.env HTTP/1.1" 404 - "-" "Python/3.8 aiohttp/3.8.1"
20.127.89.177 - - [05/Jan/2022:20:38:50 +0100] "GET /localhost/.env HTTP/1.1" 404 - "-" "Python/3.8 aiohttp/3.8.1"
20.127.89.177 - - [05/Jan/2022:20:38:50 +0100] "GET /test/.env HTTP/1.1" 404 - "-" "Python/3.8 aiohttp/3.8.1"
20.127.89.177 - - [05/Jan/2022:20:38:50 +0100] "GET /testing/.env HTTP/1.1" 404 - "-" "Python/3.8 aiohttp/3.8.1"
20.127.89.177 - - [05/Jan/2022:20:38:50 +0100] "GET /prod/.env HTTP/1.1" 404 - "-" "Python/3.8 aiohttp/3.8.1"
20.127.89.177 - - [05/Jan/2022:20:38:50 +0100] "GET /production/.env HTTP/1.1" 404 - "-" "Python/3.8 aiohttp/3.8.1"
20.127.89.177 - - [05/Jan/2022:20:38:50 +0100] "GET /api/.env HTTP/1.1" 404 - "-" "Python/3.8 aiohttp/3.8.1"
20.127.89.177 - - [05/Jan/2022:20:38:50 +0100] "GET /locally/.env HTTP/1.1" 404 - "-" "Python/3.8 aiohttp/3.8.1"
20.127.89.177 - - [05/Jan/2022:20:38:51 +0100] "GET /developer/.env HTTP/1.1" 404 - "-" "Python/3.8 aiohttp/3.8.1"
20.127.89.177 - - [05/Jan/2022:20:38:51 +0100] "POST / HTTP/1.1" 405 - "-" "Python/3.8 aiohttp/3.8.1"
49.12.13.109 - - [05/Jan/2022:21:27:53 +0100] "HEAD / HTTP/1.1" 200 0 "-" "Alert_Alligator_webmonitoring_service_1.6.3_(alertalligator.com)"
212.237.23.143 - - [05/Jan/2022:22:11:16 +0100] "HEAD / HTTP/1.1" 200 0 "-" "Alert_Alligator_webmonitoring_service_1.6.4_(alertalligator.com)"
212.237.23.143 - - [05/Jan/2022:22:54:18 +0100] "HEAD / HTTP/1.1" 200 0 "-" "Alert_Alligator_webmonitoring_service_1.6.4_(alertalligator.com)"
49.12.13.109 - - [05/Jan/2022:23:53:19 +0100] "HEAD / HTTP/1.1" 200 0 "-" "Alert_Alligator_webmonitoring_service_1.6.3_(alertalligator.com)"
35.86.90.121 - - [06/Jan/2022:00:24:49 +0100] "HEAD / HTTP/1.1" 200 0 "-" "Go-http-client/1.1"
34.223.253.192 - - [06/Jan/2022:00:24:51 +0100] "GET / HTTP/1.1" 200 174 "-" "Mozilla/5.0 (X11; Linux x86_64) AppleWebKit/537.36 (KHTML, like Gecko) HeadlessChrome/96.0.4664.110 Safari/537.36"
212.237.51.151 - - [06/Jan/2022:00:27:36 +0100] "HEAD / HTTP/1.1" 200 0 "-" "Alert_Alligator_webmonitoring_service_1.6.4_(alertalligator.com)"
159.69.145.50 - - [06/Jan/2022:01:26:49 +0100] "HEAD / HTTP/1.1" 200 0 "-" "Alert_Alligator_webmonitoring_service_1.6.3_(alertalligator.com)"
49.12.13.109 - - [06/Jan/2022:02:26:16 +0100] "HEAD / HTTP/1.1" 200 0 "-" "Alert_Alligator_webmonitoring_service_1.6.3_(alertalligator.com)"
159.69.145.50 - - [06/Jan/2022:03:25:20 +0100] "HEAD / HTTP/1.1" 200 0 "-" "Alert_Alligator_webmonitoring_service_1.6.3_(alertalligator.com)"
212.237.51.151 - - [06/Jan/2022:04:07:44 +0100] "HEAD / HTTP/1.1" 200 0 "-" "Alert_Alligator_webmonitoring_service_1.6.4_(alertalligator.com)"
66.249.64.196 - - [06/Jan/2022:04:14:24 +0100] "GET /robots.txt HTTP/1.1" 404 - "-" "Mozilla/5.0 (compatible; Googlebot/2.1; +http://www.google.com/bot.html)"
66.249.64.222 - - [06/Jan/2022:04:14:25 +0100] "GET / HTTP/1.1" 200 166 "-" "Mozilla/5.0 (compatible; Googlebot/2.1; +http://www.google.com/bot.html)"
66.249.64.196 - - [06/Jan/2022:04:17:23 +0100] "GET / HTTP/1.1" 200 166 "-" "Mozilla/5.0 (Linux; Android 6.0.1; Nexus 5X Build/MMB29P) AppleWebKit/537.36 (KHTML, like Gecko) Chrome/96.0.4664.110 Mobile Safari/537.36 (compatible; Googlebot/2.1; +http://www.google.com/bot.html)"
159.69.145.50 - - [06/Jan/2022:05:06:46 +0100] "HEAD / HTTP/1.1" 200 0 "-" "Alert_Alligator_webmonitoring_service_1.6.3_(alertalligator.com)"
49.12.13.109 - - [06/Jan/2022:06:05:48 +0100] "HEAD / HTTP/1.1" 200 0 "-" "Alert_Alligator_webmonitoring_service_1.6.3_(alertalligator.com)"
159.69.145.50 - - [06/Jan/2022:07:05:04 +0100] "HEAD / HTTP/1.1" 200 0 "-" "Alert_Alligator_webmonitoring_service_1.6.3_(alertalligator.com)"
59.59.215.64 - - [06/Jan/2022:07:50:40 +0100] "GET / HTTP/1.1" 200 174 "-" "Mozilla/5.0 (iPhone; CPU iPhone OS 11_0 like Mac OS X) AppleWebKit/604.1.38 (KHTML, like Gecko) Version/11.0 Mobile/15A372 Safari/604.1"
185.162.147.26 - - [06/Jan/2022:07:53:09 +0100] "GET /wp-login.php HTTP/1.1" 404 - "-" "Mozilla/5.0 (X11; Ubuntu; Linux x86_64; rv:62.0) Gecko/20100101 Firefox/62.0"
49.12.13.109 - - [06/Jan/2022:08:04:32 +0100] "HEAD / HTTP/1.1" 200 0 "-" "Alert_Alligator_webmonitoring_service_1.6.3_(alertalligator.com)"
212.237.53.115 - - [06/Jan/2022:08:47:47 +0100] "HEAD / HTTP/1.1" 200 0 "-" "Alert_Alligator_webmonitoring_service_1.6.4_(alertalligator.com)"
114.119.144.55 - - [06/Jan/2022:09:14:20 +0100] "GET /robots.txt HTTP/1.1" 404 - "-" "Mozilla/5.0 (compatible;PetalBot;+https://webmaster.petalsearch.com/site/petalbot)"
212.237.23.143 - - [06/Jan/2022:09:37:11 +0100] "HEAD / HTTP/1.1" 200 0 "-" "Alert_Alligator_webmonitoring_service_1.6.4_(alertalligator.com)"
159.69.145.50 - - [06/Jan/2022:10:36:33 +0100] "HEAD / HTTP/1.1" 200 0 "-" "Alert_Alligator_webmonitoring_service_1.6.3_(alertalligator.com)"
212.237.53.115 - - [06/Jan/2022:11:22:08 +0100] "HEAD / HTTP/1.1" 200 0 "-" "Alert_Alligator_webmonitoring_service_1.6.4_(alertalligator.com)"
212.237.23.143 - - [06/Jan/2022:12:08:01 +0100] "HEAD / HTTP/1.1" 200 0 "-" "Alert_Alligator_webmonitoring_service_1.6.4_(alertalligator.com)"
212.237.53.115 - - [06/Jan/2022:12:52:10 +0100] "HEAD / HTTP/1.1" 200 0 "-" "Alert_Alligator_webmonitoring_service_1.6.4_(alertalligator.com)"
185.191.34.215 - - [06/Jan/2022:13:25:17 +0100] "POST /js.php HTTP/1.1" 404 - "-" "Mozilla/5.0 (Windows NT 10.0; Win64; x64) AppleWebKit/537.36 (KHTML, like Gecko) Chrome/74.0.3729.169 Safari/537.36"
159.69.145.50 - - [06/Jan/2022:13:51:21 +0100] "HEAD / HTTP/1.1" 200 0 "-" "Alert_Alligator_webmonitoring_service_1.6.3_(alertalligator.com)"
49.12.13.109 - - [06/Jan/2022:14:50:33 +0100] "HEAD / HTTP/1.1" 200 0 "-" "Alert_Alligator_webmonitoring_service_1.6.3_(alertalligator.com)"
18.219.137.16 - - [06/Jan/2022:14:55:07 +0100] "GET //.env HTTP/1.1" 404 - "-" "Mozilla/5.0 (X11; Linux x86_64) AppleWebKit/537.36 (KHTML, like Gecko) Chrome/81.0.4044.129 Safari/537.36"
18.219.137.16 - - [06/Jan/2022:14:55:07 +0100] "GET //vendor/.env HTTP/1.1" 404 - "-" "Mozilla/5.0 (X11; Linux x86_64) AppleWebKit/537.36 (KHTML, like Gecko) Chrome/81.0.4044.129 Safari/537.36"
18.219.137.16 - - [06/Jan/2022:14:55:07 +0100] "GET //storage/.env HTTP/1.1" 404 - "-" "Mozilla/5.0 (X11; Linux x86_64) AppleWebKit/537.36 (KHTML, like Gecko) Chrome/81.0.4044.129 Safari/537.36"
18.219.137.16 - - [06/Jan/2022:14:55:08 +0100] "GET //public/.env HTTP/1.1" 404 - "-" "Mozilla/5.0 (X11; Linux x86_64) AppleWebKit/537.36 (KHTML, like Gecko) Chrome/81.0.4044.129 Safari/537.36"
18.219.137.16 - - [06/Jan/2022:14:55:08 +0100] "POST / HTTP/1.1" 405 - "-" "Mozilla/5.0 (X11; Linux x86_64) AppleWebKit/537.36 (KHTML, like Gecko) Chrome/81.0.4044.129 Safari/537.36"
49.12.13.109 - - [06/Jan/2022:15:49:35 +0100] "HEAD / HTTP/1.1" 200 0 "-" "Alert_Alligator_webmonitoring_service_1.6.3_(alertalligator.com)"
212.237.53.115 - - [06/Jan/2022:16:36:24 +0100] "HEAD / HTTP/1.1" 200 0 "-" "Alert_Alligator_webmonitoring_service_1.6.4_(alertalligator.com)"
52.38.55.186 - - [06/Jan/2022:16:45:06 +0100] "GET / HTTP/1.1" 200 166 "-" "Mozilla/5.0 (X11; Linux x86_64) AppleWebKit/537.36 (KHTML, like Gecko) Chrome/83.0.4103.97 Safari/537.36"
52.88.214.188 - - [06/Jan/2022:16:45:44 +0100] "GET /favicon.ico HTTP/1.1" 404 - "-" "Mozilla/5.0 (X11; Linux x86_64) AppleWebKit/537.36 (KHTML, like Gecko) Chrome/83.0.4103.97 Safari/537.36"
52.88.214.188 - - [06/Jan/2022:16:45:46 +0100] "GET / HTTP/1.1" 200 166 "-" "Mozilla/5.0 (X11; Linux x86_64) AppleWebKit/537.36 (KHTML, like Gecko) Chrome/83.0.4103.97 Safari/537.36"
159.69.145.50 - - [06/Jan/2022:17:35:54 +0100] "HEAD / HTTP/1.1" 200 0 "-" "Alert_Alligator_webmonitoring_service_1.6.3_(alertalligator.com)"
159.69.145.50 - - [06/Jan/2022:18:35:06 +0100] "HEAD / HTTP/1.1" 200 0 "-" "Alert_Alligator_webmonitoring_service_1.6.3_(alertalligator.com)"
212.237.53.115 - - [06/Jan/2022:19:21:57 +0100] "HEAD / HTTP/1.1" 200 0 "-" "Alert_Alligator_webmonitoring_service_1.6.4_(alertalligator.com)"
212.237.53.115 - - [06/Jan/2022:20:05:31 +0100] "HEAD / HTTP/1.1" 200 0 "-" "Alert_Alligator_webmonitoring_service_1.6.4_(alertalligator.com)"
212.237.51.151 - - [06/Jan/2022:20:35:30 +0100] "HEAD / HTTP/1.1" 200 0 "-" "Alert_Alligator_webmonitoring_service_1.6.4_(alertalligator.com)"
212.237.51.151 - - [06/Jan/2022:21:07:06 +0100] "HEAD / HTTP/1.1" 200 0 "-" "Alert_Alligator_webmonitoring_service_1.6.4_(alertalligator.com)"
159.69.145.50 - - [06/Jan/2022:22:06:26 +0100] "HEAD / HTTP/1.1" 200 0 "-" "Alert_Alligator_webmonitoring_service_1.6.3_(alertalligator.com)"
49.12.13.109 - - [06/Jan/2022:23:05:34 +0100] "HEAD / HTTP/1.1" 200 0 "-" "Alert_Alligator_webmonitoring_service_1.6.3_(alertalligator.com)"
114.119.135.65 - - [06/Jan/2022:23:08:42 +0100] "GET /robots.txt HTTP/1.1" 404 - "-" "Mozilla/5.0 (compatible;PetalBot;+https://webmaster.petalsearch.com/site/petalbot)"
23.228.70.82 - - [06/Jan/2022:23:45:44 +0100] "GET /File-Upload/server/php/index.php?file=tf2rghf.jpg HTTP/1.1" 404 - "-" "ALittle Client"
49.12.13.109 - - [07/Jan/2022:00:04:34 +0100] "HEAD / HTTP/1.1" 200 0 "-" "Alert_Alligator_webmonitoring_service_1.6.3_(alertalligator.com)"
212.237.23.143 - - [07/Jan/2022:00:47:13 +0100] "HEAD / HTTP/1.1" 200 0 "-" "Alert_Alligator_webmonitoring_service_1.6.4_(alertalligator.com)"
213.238.178.239 - - [07/Jan/2022:01:26:23 +0100] "GET /resources/js/app.js HTTP/1.1" 404 - "-" "Mozilla/5.0 (X11; Linux x86_64) AppleWebKit/537.36 (KHTML, like Gecko) Chrome/81.0.4044.129 Safari/537.36"
52.34.156.94 - - [07/Jan/2022:01:37:45 +0100] "HEAD / HTTP/1.1" 200 0 "-" "Go-http-client/1.1"
54.202.218.159 - - [07/Jan/2022:01:37:47 +0100] "HEAD / HTTP/1.1" 200 0 "-" "Mozilla/5.0 (Windows NT 6.1; WOW64) AppleWebKit/537.36 (KHTML, like Gecko) Chrome/56.0.2924.76 Safari/537.36"
34.218.66.28 - - [07/Jan/2022:01:37:48 +0100] "GET / HTTP/1.1" 200 174 "-" "Mozilla/5.0 (X11; Linux x86_64) AppleWebKit/537.36 (KHTML, like Gecko) HeadlessChrome/96.0.4664.110 Safari/537.36"
49.12.13.109 - - [07/Jan/2022:01:46:29 +0100] "HEAD / HTTP/1.1" 200 0 "-" "Alert_Alligator_webmonitoring_service_1.6.3_(alertalligator.com)"
212.237.53.115 - - [07/Jan/2022:02:30:36 +0100] "HEAD / HTTP/1.1" 200 0 "-" "Alert_Alligator_webmonitoring_service_1.6.4_(alertalligator.com)"
212.237.23.143 - - [07/Jan/2022:03:22:11 +0100] "HEAD / HTTP/1.1" 200 0 "-" "Alert_Alligator_webmonitoring_service_1.6.4_(alertalligator.com)"
34.96.130.9 - - [07/Jan/2022:03:26:26 +0100] "GET / HTTP/1.1" 200 166 "-" "Expanse indexes the network perimeters of our customers. If you have any questions or concerns, please reach out to: scaninfo@expanseinc.com"
185.88.177.231 - - [07/Jan/2022:03:38:58 +0100] "GET /wp-login.php HTTP/1.1" 404 - "-" "Mozilla/5.0 (X11; Ubuntu; Linux x86_64; rv:62.0) Gecko/20100101 Firefox/62.0"
212.237.51.151 - - [07/Jan/2022:03:59:33 +0100] "HEAD / HTTP/1.1" 200 0 "-" "Alert_Alligator_webmonitoring_service_1.6.4_(alertalligator.com)"
49.12.13.109 - - [07/Jan/2022:04:58:44 +0100] "HEAD / HTTP/1.1" 200 0 "-" "Alert_Alligator_webmonitoring_service_1.6.3_(alertalligator.com)"
159.69.145.50 - - [07/Jan/2022:05:58:04 +0100] "HEAD / HTTP/1.1" 200 0 "-" "Alert_Alligator_webmonitoring_service_1.6.3_(alertalligator.com)"
23.228.70.82 - - [07/Jan/2022:06:31:30 +0100] "GET /File-Upload/server/php/index.php?file=tf2rghf.jpg HTTP/1.1" 404 - "-" "ALittle Client"
49.12.13.109 - - [07/Jan/2022:06:57:06 +0100] "HEAD / HTTP/1.1" 200 0 "-" "Alert_Alligator_webmonitoring_service_1.6.3_(alertalligator.com)"
49.12.13.109 - - [07/Jan/2022:07:56:11 +0100] "HEAD / HTTP/1.1" 200 0 "-" "Alert_Alligator_webmonitoring_service_1.6.3_(alertalligator.com)"
95.163.255.141 - - [07/Jan/2022:07:56:20 +0100] "GET /robots.txt HTTP/1.0" 404 - "-" "Mozilla/5.0 (compatible; Linux x86_64; Mail.RU_Bot/Robots/2.0; +http://go.mail.ru/help/robots)"
95.163.255.198 - - [07/Jan/2022:07:56:21 +0100] "GET / HTTP/1.1" 200 174 "-" "Mozilla/5.0 (compatible; Linux x86_64; Mail.RU_Bot/Robots/2.0; +http://go.mail.ru/help/robots)"
167.99.48.249 - - [07/Jan/2022:08:02:45 +0100] "GET / HTTP/1.1" 200 174 "-" "Mozilla/5.0 (Macintosh; Intel Mac OS X 10_15_2) AppleWebKit/537.36 (KHTML, like Gecko) Chrome/79.0.3945.88 Safari/537.36"
159.69.145.50 - - [07/Jan/2022:08:55:35 +0100] "HEAD / HTTP/1.1" 200 0 "-" "Alert_Alligator_webmonitoring_service_1.6.3_(alertalligator.com)"
192.99.19.38 - - [07/Jan/2022:09:31:40 +0100] "GET / HTTP/1.1" 200 166 "https://www.google.com" "Mozilla/5.0 (Windows NT 10.0) AppleWebKit/537.36 (KHTML, like Gecko) Chrome/85.0.4183.83 Safari/537.36"
192.99.19.38 - - [07/Jan/2022:09:31:41 +0100] "GET / HTTP/1.1" 200 166 "http://micsodaido.hu" "Mozilla/5.0 (Windows NT 10.0) AppleWebKit/537.36 (KHTML, like Gecko) Chrome/85.0.4183.83 Safari/537.36"
192.99.19.38 - - [07/Jan/2022:09:31:41 +0100] "GET / HTTP/1.1" 200 166 "http://micsodaido.hu" "Mozilla/5.0 (Windows NT 10.0) AppleWebKit/537.36 (KHTML, like Gecko) Chrome/85.0.4183.83 Safari/537.36"
192.99.19.38 - - [07/Jan/2022:09:31:41 +0100] "HEAD / HTTP/1.1" 200 0 "http://micsodaido.hu" "Mozilla/5.0 (Windows NT 10.0) AppleWebKit/537.36 (KHTML, like Gecko) Chrome/85.0.4183.83 Safari/537.36"
192.99.19.38 - - [07/Jan/2022:09:31:41 +0100] "GET /ac2e6e6.html HTTP/1.1" 404 - "http://micsodaido.hu" "Mozilla/5.0 (Windows NT 10.0) AppleWebKit/537.36 (KHTML, like Gecko) Chrome/85.0.4183.83 Safari/537.36"
192.99.19.38 - - [07/Jan/2022:09:31:42 +0100] "HEAD /wp-content/ HTTP/1.1" 404 - "http://micsodaido.hu" "Mozilla/5.0 (Windows NT 10.0) AppleWebKit/537.36 (KHTML, like Gecko) Chrome/85.0.4183.83 Safari/537.36"
192.99.19.38 - - [07/Jan/2022:09:31:42 +0100] "GET /wp-admin/install.php HTTP/1.1" 404 - "http://micsodaido.hu" "Mozilla/5.0 (Windows NT 10.0) AppleWebKit/537.36 (KHTML, like Gecko) Chrome/85.0.4183.83 Safari/537.36"
192.99.19.38 - - [07/Jan/2022:09:31:42 +0100] "GET /wp-login.php HTTP/1.1" 404 - "http://micsodaido.hu" "Mozilla/5.0 (Windows NT 10.0) AppleWebKit/537.36 (KHTML, like Gecko) Chrome/85.0.4183.83 Safari/537.36"
192.99.19.38 - - [07/Jan/2022:09:31:43 +0100] "GET / HTTP/1.1" 200 166 "-" "Mozilla/5.0 (Windows NT 10.0) AppleWebKit/537.36 (KHTML, like Gecko) Chrome/85.0.4183.83 Safari/537.36"
185.83.144.103 - - [07/Jan/2022:09:32:08 +0100] "GET /dist/app.js HTTP/1.1" 404 - "-" "Mozilla/5.0 (X11; Linux x86_64) AppleWebKit/537.36 (KHTML, like Gecko) Chrome/81.0.4044.129 Safari/537.36"
212.237.53.115 - - [07/Jan/2022:09:39:43 +0100] "HEAD / HTTP/1.1" 200 0 "-" "Alert_Alligator_webmonitoring_service_1.6.4_(alertalligator.com)"
212.237.51.151 - - [07/Jan/2022:10:10:59 +0100] "HEAD / HTTP/1.1" 200 0 "-" "Alert_Alligator_webmonitoring_service_1.6.4_(alertalligator.com)"
212.237.51.151 - - [07/Jan/2022:10:45:06 +0100] "HEAD / HTTP/1.1" 200 0 "-" "Alert_Alligator_webmonitoring_service_1.6.4_(alertalligator.com)"
138.68.180.18 - - [07/Jan/2022:11:04:29 +0100] "GET / HTTP/1.1" 200 174 "-" "Mozilla/5.0 (Windows NT 6.0) AppleWebKit/537.36 (KHTML, like Gecko) Chrome/34.0.1847.116 Safari/537.36"
159.69.145.50 - - [07/Jan/2022:11:44:09 +0100] "HEAD / HTTP/1.1" 200 0 "-" "Alert_Alligator_webmonitoring_service_1.6.3_(alertalligator.com)"
52.36.174.152 - - [07/Jan/2022:12:26:21 +0100] "HEAD / HTTP/1.1" 200 0 "-" "Go-http-client/1.1"
52.12.204.254 - - [07/Jan/2022:12:26:23 +0100] "GET / HTTP/1.1" 200 174 "-" "Mozilla/5.0 (X11; Linux x86_64) AppleWebKit/537.36 (KHTML, like Gecko) HeadlessChrome/96.0.4664.110 Safari/537.36"
49.12.13.109 - - [07/Jan/2022:12:44:21 +0100] "HEAD / HTTP/1.1" 200 0 "-" "Alert_Alligator_webmonitoring_service_1.6.3_(alertalligator.com)"
212.237.51.151 - - [07/Jan/2022:13:27:27 +0100] "HEAD / HTTP/1.1" 200 0 "-" "Alert_Alligator_webmonitoring_service_1.6.4_(alertalligator.com)"
212.237.23.143 - - [07/Jan/2022:14:11:16 +0100] "HEAD / HTTP/1.1" 200 0 "-" "Alert_Alligator_webmonitoring_service_1.6.4_(alertalligator.com)"
212.237.51.151 - - [07/Jan/2022:14:45:50 +0100] "HEAD / HTTP/1.1" 200 0 "-" "Alert_Alligator_webmonitoring_service_1.6.4_(alertalligator.com)"
51.222.253.1 - - [07/Jan/2022:15:03:02 +0100] "GET /robots.txt HTTP/1.1" 404 - "-" "Mozilla/5.0 (compatible; AhrefsBot/7.0; +http://ahrefs.com/robot/)"
54.36.148.13 - - [07/Jan/2022:15:03:03 +0100] "GET / HTTP/1.1" 200 166 "-" "Mozilla/5.0 (compatible; AhrefsBot/7.0; +http://ahrefs.com/robot/)"
212.237.23.143 - - [07/Jan/2022:15:32:13 +0100] "HEAD / HTTP/1.1" 200 0 "-" "Alert_Alligator_webmonitoring_service_1.6.4_(alertalligator.com)"
49.12.13.109 - - [07/Jan/2022:16:31:28 +0100] "HEAD / HTTP/1.1" 200 0 "-" "Alert_Alligator_webmonitoring_service_1.6.3_(alertalligator.com)"
107.172.51.159 - - [07/Jan/2022:16:33:31 +0100] "GET / HTTP/1.1" 200 174 "-" "Mozilla/5.0 (Windows NT 6.1; WOW64) AppleWebKit/537.36 (KHTML, like Gecko) Chrome/54.0.2840.59 Safari/537.36 115Browser/8.3.0"
185.191.34.215 - - [07/Jan/2022:16:42:28 +0100] "POST /cache.php HTTP/1.1" 404 - "-" "Mozilla/5.0 (Macintosh; Intel Mac OS X 10.14; rv:68.0) Gecko/20100101 Firefox/68.0"
91.206.200.248 - - [07/Jan/2022:17:03:24 +0100] "GET /wp-login.php HTTP/1.1" 404 - "-" "Mozilla/5.0 (X11; Ubuntu; Linux x86_64; rv:62.0) Gecko/20100101 Firefox/62.0"
212.237.23.143 - - [07/Jan/2022:17:19:27 +0100] "HEAD / HTTP/1.1" 200 0 "-" "Alert_Alligator_webmonitoring_service_1.6.4_(alertalligator.com)"
159.69.145.50 - - [07/Jan/2022:18:18:37 +0100] "HEAD / HTTP/1.1" 200 0 "-" "Alert_Alligator_webmonitoring_service_1.6.3_(alertalligator.com)"
159.69.145.50 - - [07/Jan/2022:19:17:40 +0100] "HEAD / HTTP/1.1" 200 0 "-" "Alert_Alligator_webmonitoring_service_1.6.3_(alertalligator.com)"
159.69.145.50 - - [07/Jan/2022:20:16:44 +0100] "HEAD / HTTP/1.1" 200 0 "-" "Alert_Alligator_webmonitoring_service_1.6.3_(alertalligator.com)"
212.237.51.151 - - [07/Jan/2022:20:56:25 +0100] "HEAD / HTTP/1.1" 200 0 "-" "Alert_Alligator_webmonitoring_service_1.6.4_(alertalligator.com)"
49.12.13.109 - - [07/Jan/2022:21:55:26 +0100] "HEAD / HTTP/1.1" 200 0 "-" "Alert_Alligator_webmonitoring_service_1.6.3_(alertalligator.com)"
54.36.149.67 - - [07/Jan/2022:22:15:34 +0100] "GET /robots.txt HTTP/1.1" 404 - "-" "Mozilla/5.0 (compatible; AhrefsBot/7.0; +http://ahrefs.com/robot/)"
54.36.149.90 - - [07/Jan/2022:22:15:35 +0100] "GET / HTTP/1.1" 200 166 "-" "Mozilla/5.0 (compatible; AhrefsBot/7.0; +http://ahrefs.com/robot/)"
212.237.51.151 - - [07/Jan/2022:22:34:25 +0100] "HEAD / HTTP/1.1" 200 0 "-" "Alert_Alligator_webmonitoring_service_1.6.4_(alertalligator.com)"
45.129.18.187 - - [07/Jan/2022:23:05:38 +0100] "HEAD / HTTP/1.1" 200 0 "-" "Mozilla/5.0 (Macintosh; Intel Mac OS X 10_9_3) AppleWebKit/537.36 (KHTML, like Gecko) Chrome/35.0.1916.47 Safari/537.36"
49.12.13.109 - - [07/Jan/2022:23:33:30 +0100] "HEAD / HTTP/1.1" 200 0 "-" "Alert_Alligator_webmonitoring_service_1.6.3_(alertalligator.com)"
212.237.23.143 - - [08/Jan/2022:00:17:29 +0100] "HEAD / HTTP/1.1" 200 0 "-" "Alert_Alligator_webmonitoring_service_1.6.4_(alertalligator.com)"
212.237.23.143 - - [08/Jan/2022:01:07:55 +0100] "HEAD / HTTP/1.1" 200 0 "-" "Alert_Alligator_webmonitoring_service_1.6.4_(alertalligator.com)"
212.237.23.143 - - [08/Jan/2022:02:00:57 +0100] "HEAD / HTTP/1.1" 200 0 "-" "Alert_Alligator_webmonitoring_service_1.6.4_(alertalligator.com)"
92.118.160.5 - - [08/Jan/2022:02:40:41 +0100] "GET / HTTP/1.1" 200 166 "-" "NetSystemsResearch studies the availability of various services across the internet. Our website is netsystemsresearch.com"
159.69.145.50 - - [08/Jan/2022:03:00:34 +0100] "HEAD / HTTP/1.1" 200 0 "-" "Alert_Alligator_webmonitoring_service_1.6.3_(alertalligator.com)"
54.36.148.20 - - [08/Jan/2022:03:36:31 +0100] "GET /robots.txt HTTP/1.1" 404 - "-" "Mozilla/5.0 (compatible; AhrefsBot/7.0; +http://ahrefs.com/robot/)"
54.36.148.59 - - [08/Jan/2022:03:36:32 +0100] "GET / HTTP/1.1" 200 174 "-" "Mozilla/5.0 (compatible; AhrefsBot/7.0; +http://ahrefs.com/robot/)"
39.106.98.188 - - [08/Jan/2022:03:39:24 +0100] "GET / HTTP/1.1" 200 174 "-" "GRequests/0.10"
35.86.90.121 - - [08/Jan/2022:03:58:23 +0100] "HEAD / HTTP/1.1" 200 0 "-" "Go-http-client/1.1"
34.223.254.167 - - [08/Jan/2022:03:58:26 +0100] "HEAD / HTTP/1.1" 200 0 "-" "Mozilla/5.0 (Windows NT 6.1; WOW64) AppleWebKit/537.36 (KHTML, like Gecko) Chrome/56.0.2924.76 Safari/537.36"
34.208.177.174 - - [08/Jan/2022:03:58:27 +0100] "GET / HTTP/1.1" 200 174 "-" "Mozilla/5.0 (X11; Linux x86_64) AppleWebKit/537.36 (KHTML, like Gecko) HeadlessChrome/96.0.4664.110 Safari/537.36"
49.12.13.109 - - [08/Jan/2022:03:59:33 +0100] "HEAD / HTTP/1.1" 200 0 "-" "Alert_Alligator_webmonitoring_service_1.6.3_(alertalligator.com)"
45.227.255.159 - - [08/Jan/2022:04:25:31 +0100] "GET /wp-login.php HTTP/1.1" 404 - "-" "Mozilla/5.0 (Windows NT 10.0; Win64; x64) AppleWebKit/537.36 (KHTML, like Gecko) Chrome/64.0.3282.140 Safari/537.36 Edge/18.17763"
159.69.145.50 - - [08/Jan/2022:04:58:48 +0100] "HEAD / HTTP/1.1" 200 0 "-" "Alert_Alligator_webmonitoring_service_1.6.3_(alertalligator.com)"
49.12.13.109 - - [08/Jan/2022:05:57:49 +0100] "HEAD / HTTP/1.1" 200 0 "-" "Alert_Alligator_webmonitoring_service_1.6.3_(alertalligator.com)"
218.71.255.101 - - [08/Jan/2022:06:30:30 +0100] "GET / HTTP/1.1" 200 174 "-" "Mozilla/5.0 (iPhone; CPU iPhone OS 11_0 like Mac OS X) AppleWebKit/604.1.38 (KHTML, like Gecko) Version/11.0 Mobile/15A372 Safari/604.1"
52.36.174.152 - - [08/Jan/2022:06:42:16 +0100] "HEAD / HTTP/1.1" 200 0 "-" "Go-http-client/1.1"
54.203.11.78 - - [08/Jan/2022:06:42:18 +0100] "GET / HTTP/1.1" 200 174 "-" "Mozilla/5.0 (X11; Linux x86_64) AppleWebKit/537.36 (KHTML, like Gecko) HeadlessChrome/96.0.4664.110 Safari/537.36"
159.69.145.50 - - [08/Jan/2022:06:56:52 +0100] "HEAD / HTTP/1.1" 200 0 "-" "Alert_Alligator_webmonitoring_service_1.6.3_(alertalligator.com)"
114.119.129.14 - - [08/Jan/2022:07:27:03 +0100] "GET /robots.txt HTTP/1.1" 404 - "-" "Mozilla/5.0 (compatible;PetalBot;+https://webmaster.petalsearch.com/site/petalbot)"
54.36.148.51 - - [08/Jan/2022:07:42:41 +0100] "GET /robots.txt HTTP/1.1" 404 - "-" "Mozilla/5.0 (compatible; AhrefsBot/7.0; +http://ahrefs.com/robot/)"
54.36.148.161 - - [08/Jan/2022:07:42:41 +0100] "GET / HTTP/1.1" 200 174 "-" "Mozilla/5.0 (compatible; AhrefsBot/7.0; +http://ahrefs.com/robot/)"
49.12.13.109 - - [08/Jan/2022:07:55:54 +0100] "HEAD / HTTP/1.1" 200 0 "-" "Alert_Alligator_webmonitoring_service_1.6.3_(alertalligator.com)"
178.62.32.134 - - [08/Jan/2022:08:39:55 +0100] "HEAD / HTTP/1.1" 200 0 "https://www.bing.com" "Mozilla/5.0 (X11; Linux x86_64) AppleWebKit/537.36 (KHTML, like Gecko) Chrome/34.0.1847.137 Safari/4E423F"
178.62.32.134 - - [08/Jan/2022:08:39:56 +0100] "GET /wp-login.php HTTP/1.1" 404 - "http://micsodaido.hu" "Mozilla/5.0 (X11; Linux x86_64) AppleWebKit/537.36 (KHTML, like Gecko) Chrome/34.0.1847.137 Safari/4E423F"
178.62.32.134 - - [08/Jan/2022:08:39:56 +0100] "GET /wordpress/wp-login.php HTTP/1.1" 404 - "http://micsodaido.hu" "Mozilla/5.0 (X11; Linux x86_64) AppleWebKit/537.36 (KHTML, like Gecko) Chrome/34.0.1847.137 Safari/4E423F"
178.62.32.134 - - [08/Jan/2022:08:39:56 +0100] "GET /blog/wp-login.php HTTP/1.1" 404 - "http://micsodaido.hu" "Mozilla/5.0 (X11; Linux x86_64) AppleWebKit/537.36 (KHTML, like Gecko) Chrome/34.0.1847.137 Safari/4E423F"
178.62.32.134 - - [08/Jan/2022:08:39:56 +0100] "GET /wp/wp-login.php HTTP/1.1" 404 - "http://micsodaido.hu" "Mozilla/5.0 (X11; Linux x86_64) AppleWebKit/537.36 (KHTML, like Gecko) Chrome/34.0.1847.137 Safari/4E423F"
49.12.13.109 - - [08/Jan/2022:08:55:21 +0100] "HEAD / HTTP/1.1" 200 0 "-" "Alert_Alligator_webmonitoring_service_1.6.3_(alertalligator.com)"
212.237.51.151 - - [08/Jan/2022:09:33:10 +0100] "HEAD / HTTP/1.1" 200 0 "-" "Alert_Alligator_webmonitoring_service_1.6.4_(alertalligator.com)"
54.193.97.237 - - [08/Jan/2022:09:46:44 +0100] "GET / HTTP/1.1" 200 174 "-" "Mozilla/5.0 (Macintosh; Intel Mac OS X 10_15_7) AppleWebKit/605.1.15 (KHTML, like Gecko) Version/14.1.2 Safari/605.1.15"
49.12.13.109 - - [08/Jan/2022:10:32:12 +0100] "HEAD / HTTP/1.1" 200 0 "-" "Alert_Alligator_webmonitoring_service_1.6.3_(alertalligator.com)"
159.69.145.50 - - [08/Jan/2022:11:32:20 +0100] "HEAD / HTTP/1.1" 200 0 "-" "Alert_Alligator_webmonitoring_service_1.6.3_(alertalligator.com)"
212.237.23.143 - - [08/Jan/2022:12:23:27 +0100] "HEAD / HTTP/1.1" 200 0 "-" "Alert_Alligator_webmonitoring_service_1.6.4_(alertalligator.com)"
212.237.51.151 - - [08/Jan/2022:12:59:34 +0100] "HEAD / HTTP/1.1" 200 0 "-" "Alert_Alligator_webmonitoring_service_1.6.4_(alertalligator.com)"
212.237.51.151 - - [08/Jan/2022:13:38:04 +0100] "HEAD / HTTP/1.1" 200 0 "-" "Alert_Alligator_webmonitoring_service_1.6.4_(alertalligator.com)"
159.69.145.50 - - [08/Jan/2022:14:37:04 +0100] "HEAD / HTTP/1.1" 200 0 "-" "Alert_Alligator_webmonitoring_service_1.6.3_(alertalligator.com)"
49.12.13.109 - - [08/Jan/2022:15:36:05 +0100] "HEAD / HTTP/1.1" 200 0 "-" "Alert_Alligator_webmonitoring_service_1.6.3_(alertalligator.com)"
185.191.34.215 - - [08/Jan/2022:15:56:10 +0100] "POST /cache.php HTTP/1.1" 404 - "-" "Mozilla/5.0 (Windows NT 10.0; Win64; x64; rv:67.0) Gecko/20100101 Firefox/67.0"
212.237.23.143 - - [08/Jan/2022:16:20:52 +0100] "HEAD / HTTP/1.1" 200 0 "-" "Alert_Alligator_webmonitoring_service_1.6.4_(alertalligator.com)"
212.237.51.151 - - [08/Jan/2022:16:57:57 +0100] "HEAD / HTTP/1.1" 200 0 "-" "Alert_Alligator_webmonitoring_service_1.6.4_(alertalligator.com)"
212.237.23.143 - - [08/Jan/2022:17:43:15 +0100] "HEAD / HTTP/1.1" 200 0 "-" "Alert_Alligator_webmonitoring_service_1.6.4_(alertalligator.com)"
159.65.59.127 - - [08/Jan/2022:18:08:31 +0100] "GET /.env HTTP/1.1" 404 - "-" "Mozilla/5.0 (X11; Linux x86_64) AppleWebKit/537.36 (KHTML, like Gecko) Chrome/81.0.4044.129 Safari/537.36"
159.65.59.127 - - [08/Jan/2022:18:08:31 +0100] "GET /.env HTTP/1.1" 404 - "-" "Mozilla/5.0 (X11; Linux x86_64) AppleWebKit/537.36 (KHTML, like Gecko) Chrome/81.0.4044.129 Safari/537.36"
159.65.59.127 - - [08/Jan/2022:18:08:32 +0100] "GET /api/.env HTTP/1.1" 404 - "-" "Mozilla/5.0 (X11; Linux x86_64) AppleWebKit/537.36 (KHTML, like Gecko) Chrome/81.0.4044.129 Safari/537.36"
159.65.59.127 - - [08/Jan/2022:18:08:32 +0100] "GET /app/.env HTTP/1.1" 404 - "-" "Mozilla/5.0 (X11; Linux x86_64) AppleWebKit/537.36 (KHTML, like Gecko) Chrome/81.0.4044.129 Safari/537.36"
159.65.59.127 - - [08/Jan/2022:18:08:32 +0100] "GET /application/.env HTTP/1.1" 404 - "-" "Mozilla/5.0 (X11; Linux x86_64) AppleWebKit/537.36 (KHTML, like Gecko) Chrome/81.0.4044.129 Safari/537.36"
159.65.59.127 - - [08/Jan/2022:18:08:32 +0100] "POST / HTTP/1.1" 405 - "-" "Mozilla/5.0 (X11; Linux x86_64) AppleWebKit/537.36 (KHTML, like Gecko) Chrome/81.0.4044.129 Safari/537.36"
159.65.59.127 - - [08/Jan/2022:18:08:33 +0100] "GET /api/.env HTTP/1.1" 404 - "-" "Mozilla/5.0 (X11; Linux x86_64) AppleWebKit/537.36 (KHTML, like Gecko) Chrome/81.0.4044.129 Safari/537.36"
159.65.59.127 - - [08/Jan/2022:18:08:33 +0100] "GET /app/.env HTTP/1.1" 404 - "-" "Mozilla/5.0 (X11; Linux x86_64) AppleWebKit/537.36 (KHTML, like Gecko) Chrome/81.0.4044.129 Safari/537.36"
159.65.59.127 - - [08/Jan/2022:18:08:34 +0100] "GET /application/.env HTTP/1.1" 404 - "-" "Mozilla/5.0 (X11; Linux x86_64) AppleWebKit/537.36 (KHTML, like Gecko) Chrome/81.0.4044.129 Safari/537.36"
159.65.59.127 - - [08/Jan/2022:18:08:34 +0100] "POST / HTTP/1.1" 405 - "-" "Mozilla/5.0 (X11; Linux x86_64) AppleWebKit/537.36 (KHTML, like Gecko) Chrome/81.0.4044.129 Safari/537.36"
3.86.203.206 - - [08/Jan/2022:18:19:19 +0100] "GET / HTTP/1.1" 200 166 "-" "Mozilla/5.0 (Macintosh; Intel Mac OS X 10_15_7) AppleWebKit/537.36 (KHTML, like Gecko) Chrome/92.0.4515.131 Safari/537.36"
159.69.145.50 - - [08/Jan/2022:18:42:38 +0100] "HEAD / HTTP/1.1" 200 0 "-" "Alert_Alligator_webmonitoring_service_1.6.3_(alertalligator.com)"
49.12.13.109 - - [08/Jan/2022:19:41:42 +0100] "HEAD / HTTP/1.1" 200 0 "-" "Alert_Alligator_webmonitoring_service_1.6.3_(alertalligator.com)"
94.102.15.34 - - [08/Jan/2022:20:15:16 +0100] "GET /.env~ HTTP/1.1" 404 - "-" "Mozilla/5.0 (X11; Linux x86_64) AppleWebKit/537.36 (KHTML, like Gecko) Chrome/81.0.4044.129 Safari/537.36"
212.237.53.115 - - [08/Jan/2022:20:31:21 +0100] "HEAD / HTTP/1.1" 200 0 "-" "Alert_Alligator_webmonitoring_service_1.6.4_(alertalligator.com)"
114.119.145.137 - - [08/Jan/2022:20:42:40 +0100] "GET /robots.txt HTTP/1.1" 404 - "-" "Mozilla/5.0 (compatible;PetalBot;+https://webmaster.petalsearch.com/site/petalbot)"
49.12.13.109 - - [08/Jan/2022:21:30:22 +0100] "HEAD / HTTP/1.1" 200 0 "-" "Alert_Alligator_webmonitoring_service_1.6.3_(alertalligator.com)"
54.36.115.93 - - [08/Jan/2022:22:05:35 +0100] "GET / HTTP/1.1" 200 166 "-" "Mozilla/5.0 (Windows NT 10.0; Win64; x64; rv:89.0) Gecko/20100101 Firefox/89.0"
54.36.115.93 - - [08/Jan/2022:22:05:36 +0100] "GET /ads.txt HTTP/1.1" 404 - "-" "Mozilla/5.0 (Windows NT 10.0; Win64; x64; rv:89.0) Gecko/20100101 Firefox/89.0"
49.12.13.109 - - [08/Jan/2022:22:29:25 +0100] "HEAD / HTTP/1.1" 200 0 "-" "Alert_Alligator_webmonitoring_service_1.6.3_(alertalligator.com)"
46.161.27.142 - - [08/Jan/2022:22:56:20 +0100] "POST /login.php HTTP/1.1" 404 - "-" "Mozilla/5.0 (Windows NT 6.3; WOW64; rv:43.0) Gecko/20100101 Firefox/43.0"
46.161.27.142 - - [08/Jan/2022:22:56:25 +0100] "POST /admin.php HTTP/1.1" 404 - "-" "Mozilla/5.0 (Windows NT 6.3; WOW64; rv:43.0) Gecko/20100101 Firefox/43.0"
212.237.51.151 - - [08/Jan/2022:23:08:09 +0100] "HEAD / HTTP/1.1" 200 0 "-" "Alert_Alligator_webmonitoring_service_1.6.4_(alertalligator.com)"
212.237.51.151 - - [08/Jan/2022:23:46:09 +0100] "HEAD / HTTP/1.1" 200 0 "-" "Alert_Alligator_webmonitoring_service_1.6.4_(alertalligator.com)"
49.12.13.109 - - [09/Jan/2022:00:45:10 +0100] "HEAD / HTTP/1.1" 200 0 "-" "Alert_Alligator_webmonitoring_service_1.6.3_(alertalligator.com)"
212.237.53.115 - - [09/Jan/2022:01:29:49 +0100] "HEAD / HTTP/1.1" 200 0 "-" "Alert_Alligator_webmonitoring_service_1.6.4_(alertalligator.com)"
49.232.107.127 - - [09/Jan/2022:02:13:35 +0100] "GET / HTTP/1.1" 200 174 "-" "unirest-java/3.1.00"
212.237.23.143 - - [09/Jan/2022:02:17:30 +0100] "HEAD / HTTP/1.1" 200 0 "-" "Alert_Alligator_webmonitoring_service_1.6.4_(alertalligator.com)"
212.237.23.143 - - [09/Jan/2022:03:05:32 +0100] "HEAD / HTTP/1.1" 200 0 "-" "Alert_Alligator_webmonitoring_service_1.6.4_(alertalligator.com)"
119.116.182.204 - - [09/Jan/2022:03:41:44 +0100] "GET / HTTP/1.1" 200 174 "-" "Mozilla/5.0 (iPhone; CPU iPhone OS 11_0 like Mac OS X) AppleWebKit/604.1.38 (KHTML, like Gecko) Version/11.0 Mobile/15A372 Safari/604.1"
159.69.145.50 - - [09/Jan/2022:04:04:35 +0100] "HEAD / HTTP/1.1" 200 0 "-" "Alert_Alligator_webmonitoring_service_1.6.3_(alertalligator.com)"
212.237.23.143 - - [09/Jan/2022:04:51:00 +0100] "HEAD / HTTP/1.1" 200 0 "-" "Alert_Alligator_webmonitoring_service_1.6.4_(alertalligator.com)"
212.237.53.115 - - [09/Jan/2022:05:34:51 +0100] "HEAD / HTTP/1.1" 200 0 "-" "Alert_Alligator_webmonitoring_service_1.6.4_(alertalligator.com)"
49.12.13.109 - - [09/Jan/2022:06:33:55 +0100] "HEAD / HTTP/1.1" 200 0 "-" "Alert_Alligator_webmonitoring_service_1.6.3_(alertalligator.com)"
159.69.145.50 - - [09/Jan/2022:07:32:58 +0100] "HEAD / HTTP/1.1" 200 0 "-" "Alert_Alligator_webmonitoring_service_1.6.3_(alertalligator.com)"
212.237.51.151 - - [09/Jan/2022:08:08:49 +0100] "HEAD / HTTP/1.1" 200 0 "-" "Alert_Alligator_webmonitoring_service_1.6.4_(alertalligator.com)"
157.55.39.194 - - [09/Jan/2022:08:11:33 +0100] "GET /robots.txt HTTP/1.1" 404 - "-" "Mozilla/5.0 (compatible; bingbot/2.0; +http://www.bing.com/bingbot.htm)"
207.46.13.125 - - [09/Jan/2022:08:11:43 +0100] "GET / HTTP/1.1" 304 - "-" "Mozilla/5.0 (compatible; bingbot/2.0; +http://www.bing.com/bingbot.htm)"
49.12.13.109 - - [09/Jan/2022:09:07:51 +0100] "HEAD / HTTP/1.1" 200 0 "-" "Alert_Alligator_webmonitoring_service_1.6.3_(alertalligator.com)"
212.237.51.151 - - [09/Jan/2022:09:43:44 +0100] "HEAD / HTTP/1.1" 200 0 "-" "Alert_Alligator_webmonitoring_service_1.6.4_(alertalligator.com)"
159.69.145.50 - - [09/Jan/2022:10:42:47 +0100] "HEAD / HTTP/1.1" 200 0 "-" "Alert_Alligator_webmonitoring_service_1.6.3_(alertalligator.com)"
212.237.53.115 - - [09/Jan/2022:11:26:31 +0100] "HEAD / HTTP/1.1" 200 0 "-" "Alert_Alligator_webmonitoring_service_1.6.4_(alertalligator.com)"
212.237.51.151 - - [09/Jan/2022:12:07:01 +0100] "HEAD / HTTP/1.1" 200 0 "-" "Alert_Alligator_webmonitoring_service_1.6.4_(alertalligator.com)"
159.69.145.50 - - [09/Jan/2022:13:07:03 +0100] "HEAD / HTTP/1.1" 200 0 "-" "Alert_Alligator_webmonitoring_service_1.6.3_(alertalligator.com)"
212.237.51.151 - - [09/Jan/2022:13:48:50 +0100] "HEAD / HTTP/1.1" 200 0 "-" "Alert_Alligator_webmonitoring_service_1.6.4_(alertalligator.com)"
159.69.145.50 - - [09/Jan/2022:14:47:53 +0100] "HEAD / HTTP/1.1" 200 0 "-" "Alert_Alligator_webmonitoring_service_1.6.3_(alertalligator.com)"
212.237.51.151 - - [09/Jan/2022:15:27:26 +0100] "HEAD / HTTP/1.1" 200 0 "-" "Alert_Alligator_webmonitoring_service_1.6.4_(alertalligator.com)"
212.237.53.115 - - [09/Jan/2022:16:11:17 +0100] "HEAD / HTTP/1.1" 200 0 "-" "Alert_Alligator_webmonitoring_service_1.6.4_(alertalligator.com)"
54.36.148.194 - - [09/Jan/2022:16:37:29 +0100] "GET /robots.txt HTTP/1.1" 404 - "-" "Mozilla/5.0 (compatible; AhrefsBot/7.0; +http://ahrefs.com/robot/)"
54.36.148.108 - - [09/Jan/2022:16:37:30 +0100] "GET / HTTP/1.1" 200 166 "-" "Mozilla/5.0 (compatible; AhrefsBot/7.0; +http://ahrefs.com/robot/)"
212.237.51.151 - - [09/Jan/2022:16:51:13 +0100] "HEAD / HTTP/1.1" 200 0 "-" "Alert_Alligator_webmonitoring_service_1.6.4_(alertalligator.com)"
185.119.81.106 - - [09/Jan/2022:17:05:58 +0100] "GET / HTTP/1.1" 200 174 "-" "Mozilla/5.0 (Windows NT 10.0; Win64; x64) AppleWebKit/537.36 (KHTML, like Gecko) Chrome/74.0.3729.169 Safari/537.36"
212.237.53.115 - - [09/Jan/2022:17:34:13 +0100] "HEAD / HTTP/1.1" 200 0 "-" "Alert_Alligator_webmonitoring_service_1.6.4_(alertalligator.com)"
159.69.145.50 - - [09/Jan/2022:18:33:23 +0100] "HEAD / HTTP/1.1" 200 0 "-" "Alert_Alligator_webmonitoring_service_1.6.3_(alertalligator.com)"
212.237.51.151 - - [09/Jan/2022:19:14:25 +0100] "HEAD / HTTP/1.1" 200 0 "-" "Alert_Alligator_webmonitoring_service_1.6.4_(alertalligator.com)"
49.12.13.109 - - [09/Jan/2022:20:13:41 +0100] "HEAD / HTTP/1.1" 200 0 "-" "Alert_Alligator_webmonitoring_service_1.6.3_(alertalligator.com)"
212.237.23.143 - - [09/Jan/2022:20:56:32 +0100] "HEAD / HTTP/1.1" 200 0 "-" "Alert_Alligator_webmonitoring_service_1.6.4_(alertalligator.com)"
159.69.145.50 - - [09/Jan/2022:21:55:58 +0100] "HEAD / HTTP/1.1" 200 0 "-" "Alert_Alligator_webmonitoring_service_1.6.3_(alertalligator.com)"
49.12.13.109 - - [09/Jan/2022:22:55:16 +0100] "HEAD / HTTP/1.1" 200 0 "-" "Alert_Alligator_webmonitoring_service_1.6.3_(alertalligator.com)"
20.204.144.150 - - [09/Jan/2022:23:15:30 +0100] "GET /xmlrpc.php?rsd HTTP/1.1" 404 - "-" "Mozilla/5.0 (Windows NT 10.0; Win64; x64) AppleWebKit/537.36 (KHTML, like Gecko) Chrome/80.0.3987.149 Safari/537.36"
20.204.144.150 - - [09/Jan/2022:23:15:30 +0100] "GET / HTTP/1.1" 200 174 "-" "Mozilla/5.0 (Windows NT 10.0; Win64; x64) AppleWebKit/537.36 (KHTML, like Gecko) Chrome/80.0.3987.149 Safari/537.36"
20.204.144.150 - - [09/Jan/2022:23:15:30 +0100] "GET /blog/wp-includes/wlwmanifest.xml HTTP/1.1" 404 - "-" "Mozilla/5.0 (Windows NT 10.0; Win64; x64) AppleWebKit/537.36 (KHTML, like Gecko) Chrome/80.0.3987.149 Safari/537.36"
20.204.144.150 - - [09/Jan/2022:23:15:31 +0100] "GET /web/wp-includes/wlwmanifest.xml HTTP/1.1" 404 - "-" "Mozilla/5.0 (Windows NT 10.0; Win64; x64) AppleWebKit/537.36 (KHTML, like Gecko) Chrome/80.0.3987.149 Safari/537.36"
20.204.144.150 - - [09/Jan/2022:23:15:31 +0100] "GET /wordpress/wp-includes/wlwmanifest.xml HTTP/1.1" 404 - "-" "Mozilla/5.0 (Windows NT 10.0; Win64; x64) AppleWebKit/537.36 (KHTML, like Gecko) Chrome/80.0.3987.149 Safari/537.36"
20.204.144.150 - - [09/Jan/2022:23:15:31 +0100] "GET /website/wp-includes/wlwmanifest.xml HTTP/1.1" 404 - "-" "Mozilla/5.0 (Windows NT 10.0; Win64; x64) AppleWebKit/537.36 (KHTML, like Gecko) Chrome/80.0.3987.149 Safari/537.36"
20.204.144.150 - - [09/Jan/2022:23:15:31 +0100] "GET /wp/wp-includes/wlwmanifest.xml HTTP/1.1" 404 - "-" "Mozilla/5.0 (Windows NT 10.0; Win64; x64) AppleWebKit/537.36 (KHTML, like Gecko) Chrome/80.0.3987.149 Safari/537.36"
20.204.144.150 - - [09/Jan/2022:23:15:31 +0100] "GET /news/wp-includes/wlwmanifest.xml HTTP/1.1" 404 - "-" "Mozilla/5.0 (Windows NT 10.0; Win64; x64) AppleWebKit/537.36 (KHTML, like Gecko) Chrome/80.0.3987.149 Safari/537.36"
20.204.144.150 - - [09/Jan/2022:23:15:32 +0100] "GET / HTTP/1.1" 200 166 "-" "Mozilla/5.0 (Windows NT 10.0; Win64; x64) AppleWebKit/537.36 (KHTML, like Gecko) Chrome/80.0.3987.149 Safari/537.36"
20.204.144.150 - - [09/Jan/2022:23:15:33 +0100] "GET / HTTP/1.1" 200 166 "-" "Mozilla/5.0 (Windows NT 10.0; Win64; x64) AppleWebKit/537.36 (KHTML, like Gecko) Chrome/80.0.3987.149 Safari/537.36"
20.204.144.150 - - [09/Jan/2022:23:15:33 +0100] "GET /wp-includes/wlwmanifest.xml HTTP/1.1" 404 - "-" "Mozilla/5.0 (Windows NT 10.0; Win64; x64) AppleWebKit/537.36 (KHTML, like Gecko) Chrome/80.0.3987.149 Safari/537.36"
20.204.144.150 - - [09/Jan/2022:23:15:33 +0100] "GET /xmlrpc.php?rsd HTTP/1.1" 404 - "-" "Mozilla/5.0 (Windows NT 10.0; Win64; x64) AppleWebKit/537.36 (KHTML, like Gecko) Chrome/80.0.3987.149 Safari/537.36"
20.204.144.150 - - [09/Jan/2022:23:15:33 +0100] "GET / HTTP/1.1" 200 166 "-" "Mozilla/5.0 (Windows NT 10.0; Win64; x64) AppleWebKit/537.36 (KHTML, like Gecko) Chrome/80.0.3987.149 Safari/537.36"
20.204.144.150 - - [09/Jan/2022:23:15:33 +0100] "GET /blog/wp-includes/wlwmanifest.xml HTTP/1.1" 404 - "-" "Mozilla/5.0 (Windows NT 10.0; Win64; x64) AppleWebKit/537.36 (KHTML, like Gecko) Chrome/80.0.3987.149 Safari/537.36"
20.204.144.150 - - [09/Jan/2022:23:15:33 +0100] "GET /web/wp-includes/wlwmanifest.xml HTTP/1.1" 404 - "-" "Mozilla/5.0 (Windows NT 10.0; Win64; x64) AppleWebKit/537.36 (KHTML, like Gecko) Chrome/80.0.3987.149 Safari/537.36"
20.204.144.150 - - [09/Jan/2022:23:15:33 +0100] "GET /wordpress/wp-includes/wlwmanifest.xml HTTP/1.1" 404 - "-" "Mozilla/5.0 (Windows NT 10.0; Win64; x64) AppleWebKit/537.36 (KHTML, like Gecko) Chrome/80.0.3987.149 Safari/537.36"
20.204.144.150 - - [09/Jan/2022:23:15:34 +0100] "GET /2018/wp-includes/wlwmanifest.xml HTTP/1.1" 404 - "-" "Mozilla/5.0 (Windows NT 10.0; Win64; x64) AppleWebKit/537.36 (KHTML, like Gecko) Chrome/80.0.3987.149 Safari/537.36"
20.204.144.150 - - [09/Jan/2022:23:15:34 +0100] "GET /2019/wp-includes/wlwmanifest.xml HTTP/1.1" 404 - "-" "Mozilla/5.0 (Windows NT 10.0; Win64; x64) AppleWebKit/537.36 (KHTML, like Gecko) Chrome/80.0.3987.149 Safari/537.36"
20.204.144.150 - - [09/Jan/2022:23:15:34 +0100] "GET /shop/wp-includes/wlwmanifest.xml HTTP/1.1" 404 - "-" "Mozilla/5.0 (Windows NT 10.0; Win64; x64) AppleWebKit/537.36 (KHTML, like Gecko) Chrome/80.0.3987.149 Safari/537.36"
20.204.144.150 - - [09/Jan/2022:23:15:34 +0100] "GET /wp1/wp-includes/wlwmanifest.xml HTTP/1.1" 404 - "-" "Mozilla/5.0 (Windows NT 10.0; Win64; x64) AppleWebKit/537.36 (KHTML, like Gecko) Chrome/80.0.3987.149 Safari/537.36"
20.204.144.150 - - [09/Jan/2022:23:15:35 +0100] "GET /test/wp-includes/wlwmanifest.xml HTTP/1.1" 404 - "-" "Mozilla/5.0 (Windows NT 10.0; Win64; x64) AppleWebKit/537.36 (KHTML, like Gecko) Chrome/80.0.3987.149 Safari/537.36"
20.204.144.150 - - [09/Jan/2022:23:15:35 +0100] "GET /media/wp-includes/wlwmanifest.xml HTTP/1.1" 404 - "-" "Mozilla/5.0 (Windows NT 10.0; Win64; x64) AppleWebKit/537.36 (KHTML, like Gecko) Chrome/80.0.3987.149 Safari/537.36"
20.204.144.150 - - [09/Jan/2022:23:15:35 +0100] "GET /wp2/wp-includes/wlwmanifest.xml HTTP/1.1" 404 - "-" "Mozilla/5.0 (Windows NT 10.0; Win64; x64) AppleWebKit/537.36 (KHTML, like Gecko) Chrome/80.0.3987.149 Safari/537.36"
20.204.144.150 - - [09/Jan/2022:23:15:35 +0100] "GET /site/wp-includes/wlwmanifest.xml HTTP/1.1" 404 - "-" "Mozilla/5.0 (Windows NT 10.0; Win64; x64) AppleWebKit/537.36 (KHTML, like Gecko) Chrome/80.0.3987.149 Safari/537.36"
20.204.144.150 - - [09/Jan/2022:23:15:35 +0100] "GET /website/wp-includes/wlwmanifest.xml HTTP/1.1" 404 - "-" "Mozilla/5.0 (Windows NT 10.0; Win64; x64) AppleWebKit/537.36 (KHTML, like Gecko) Chrome/80.0.3987.149 Safari/537.36"
20.204.144.150 - - [09/Jan/2022:23:15:35 +0100] "GET /wp/wp-includes/wlwmanifest.xml HTTP/1.1" 404 - "-" "Mozilla/5.0 (Windows NT 10.0; Win64; x64) AppleWebKit/537.36 (KHTML, like Gecko) Chrome/80.0.3987.149 Safari/537.36"
20.204.144.150 - - [09/Jan/2022:23:15:36 +0100] "GET /news/wp-includes/wlwmanifest.xml HTTP/1.1" 404 - "-" "Mozilla/5.0 (Windows NT 10.0; Win64; x64) AppleWebKit/537.36 (KHTML, like Gecko) Chrome/80.0.3987.149 Safari/537.36"
20.204.144.150 - - [09/Jan/2022:23:15:36 +0100] "GET /2018/wp-includes/wlwmanifest.xml HTTP/1.1" 404 - "-" "Mozilla/5.0 (Windows NT 10.0; Win64; x64) AppleWebKit/537.36 (KHTML, like Gecko) Chrome/80.0.3987.149 Safari/537.36"
20.204.144.150 - - [09/Jan/2022:23:15:36 +0100] "GET /2019/wp-includes/wlwmanifest.xml HTTP/1.1" 404 - "-" "Mozilla/5.0 (Windows NT 10.0; Win64; x64) AppleWebKit/537.36 (KHTML, like Gecko) Chrome/80.0.3987.149 Safari/537.36"
20.204.144.150 - - [09/Jan/2022:23:15:36 +0100] "GET /shop/wp-includes/wlwmanifest.xml HTTP/1.1" 404 - "-" "Mozilla/5.0 (Windows NT 10.0; Win64; x64) AppleWebKit/537.36 (KHTML, like Gecko) Chrome/80.0.3987.149 Safari/537.36"
20.204.144.150 - - [09/Jan/2022:23:15:36 +0100] "GET /cms/wp-includes/wlwmanifest.xml HTTP/1.1" 404 - "-" "Mozilla/5.0 (Windows NT 10.0; Win64; x64) AppleWebKit/537.36 (KHTML, like Gecko) Chrome/80.0.3987.149 Safari/537.36"
20.204.144.150 - - [09/Jan/2022:23:15:36 +0100] "GET /wp1/wp-includes/wlwmanifest.xml HTTP/1.1" 404 - "-" "Mozilla/5.0 (Windows NT 10.0; Win64; x64) AppleWebKit/537.36 (KHTML, like Gecko) Chrome/80.0.3987.149 Safari/537.36"
20.204.144.150 - - [09/Jan/2022:23:15:36 +0100] "GET /sito/wp-includes/wlwmanifest.xml HTTP/1.1" 404 - "-" "Mozilla/5.0 (Windows NT 10.0; Win64; x64) AppleWebKit/537.36 (KHTML, like Gecko) Chrome/80.0.3987.149 Safari/537.36"
20.204.144.150 - - [09/Jan/2022:23:15:36 +0100] "GET /test/wp-includes/wlwmanifest.xml HTTP/1.1" 404 - "-" "Mozilla/5.0 (Windows NT 10.0; Win64; x64) AppleWebKit/537.36 (KHTML, like Gecko) Chrome/80.0.3987.149 Safari/537.36"
20.204.144.150 - - [09/Jan/2022:23:15:37 +0100] "GET /media/wp-includes/wlwmanifest.xml HTTP/1.1" 404 - "-" "Mozilla/5.0 (Windows NT 10.0; Win64; x64) AppleWebKit/537.36 (KHTML, like Gecko) Chrome/80.0.3987.149 Safari/537.36"
20.204.144.150 - - [09/Jan/2022:23:15:37 +0100] "GET /wp2/wp-includes/wlwmanifest.xml HTTP/1.1" 404 - "-" "Mozilla/5.0 (Windows NT 10.0; Win64; x64) AppleWebKit/537.36 (KHTML, like Gecko) Chrome/80.0.3987.149 Safari/537.36"
20.204.144.150 - - [09/Jan/2022:23:15:37 +0100] "GET /site/wp-includes/wlwmanifest.xml HTTP/1.1" 404 - "-" "Mozilla/5.0 (Windows NT 10.0; Win64; x64) AppleWebKit/537.36 (KHTML, like Gecko) Chrome/80.0.3987.149 Safari/537.36"
20.204.144.150 - - [09/Jan/2022:23:15:37 +0100] "GET /cms/wp-includes/wlwmanifest.xml HTTP/1.1" 404 - "-" "Mozilla/5.0 (Windows NT 10.0; Win64; x64) AppleWebKit/537.36 (KHTML, like Gecko) Chrome/80.0.3987.149 Safari/537.36"
20.204.144.150 - - [09/Jan/2022:23:15:37 +0100] "GET /sito/wp-includes/wlwmanifest.xml HTTP/1.1" 404 - "-" "Mozilla/5.0 (Windows NT 10.0; Win64; x64) AppleWebKit/537.36 (KHTML, like Gecko) Chrome/80.0.3987.149 Safari/537.36"
114.119.141.83 - - [09/Jan/2022:23:34:33 +0100] "GET /robots.txt HTTP/1.1" 404 - "-" "Mozilla/5.0 (compatible;PetalBot;+https://webmaster.petalsearch.com/site/petalbot)"
212.237.53.115 - - [09/Jan/2022:23:38:45 +0100] "HEAD / HTTP/1.1" 200 0 "-" "Alert_Alligator_webmonitoring_service_1.6.4_(alertalligator.com)"
51.222.253.20 - - [09/Jan/2022:23:57:29 +0100] "GET /robots.txt HTTP/1.1" 404 - "-" "Mozilla/5.0 (compatible; AhrefsBot/7.0; +http://ahrefs.com/robot/)"
