54.36.115.93 - - [05/Jun/2022:17:33:07 +0200] "GET / HTTP/1.1" 200 166 "-" "Mozilla/5.0 (Windows NT 10.0; Win64; x64; rv:89.0) Gecko/20100101 Firefox/89.0"
54.36.115.93 - - [05/Jun/2022:17:33:07 +0200] "GET /ads.txt HTTP/1.1" 404 - "-" "Mozilla/5.0 (Windows NT 10.0; Win64; x64; rv:89.0) Gecko/20100101 Firefox/89.0"
49.12.13.109 - - [05/Jun/2022:17:51:02 +0200] "HEAD / HTTP/1.1" 200 0 "-" "Alert_Alligator_webmonitoring_service_1.6.3_(alertalligator.com)"
212.237.53.115 - - [05/Jun/2022:18:49:37 +0200] "HEAD / HTTP/1.1" 200 0 "-" "Alert_Alligator_webmonitoring_service_1.6.4_(alertalligator.com)"
212.237.23.143 - - [05/Jun/2022:19:46:48 +0200] "HEAD / HTTP/1.1" 200 0 "-" "Alert_Alligator_webmonitoring_service_1.6.4_(alertalligator.com)"
46.161.11.83 - - [05/Jun/2022:20:43:08 +0200] "GET / HTTP/1.0" 200 166 "http://micsodaido.hu/" "Mozilla/5.0 (Windows NT 10.0; Win64; x64) AppleWebKit/537.36 (KHTML, like Gecko) Chrome/83.0.4098.0 Safari/537.36"
49.12.13.109 - - [05/Jun/2022:20:45:49 +0200] "HEAD / HTTP/1.1" 200 0 "-" "Alert_Alligator_webmonitoring_service_1.6.3_(alertalligator.com)"
198.235.24.161 - - [05/Jun/2022:21:22:18 +0200] "GET / HTTP/1.1" 200 166 "-" "Expanse, a Palo Alto Networks company, searches across the global IPv4 space multiple times per day to identify customers' presences on the Internet. If you would like to be excluded from our scans, please send IP addresses/domains to: scaninfo@paloaltonetworks.com"
49.12.13.109 - - [05/Jun/2022:21:45:27 +0200] "HEAD / HTTP/1.1" 200 0 "-" "Alert_Alligator_webmonitoring_service_1.6.3_(alertalligator.com)"
49.12.13.109 - - [05/Jun/2022:22:36:51 +0200] "HEAD / HTTP/1.1" 200 0 "-" "Alert_Alligator_webmonitoring_service_1.6.4_(alertalligator.com)"
157.90.182.23 - - [05/Jun/2022:23:19:24 +0200] "GET /robots.txt HTTP/1.1" 404 - "-" "Mozilla/5.0 (compatible; BLEXBot/1.0; +http://webmeup-crawler.com/)"
157.90.182.23 - - [05/Jun/2022:23:19:25 +0200] "GET /sitemap HTTP/1.1" 404 - "-" "Mozilla/5.0 (compatible; BLEXBot/1.0; +http://webmeup-crawler.com/)"
157.90.182.23 - - [05/Jun/2022:23:19:30 +0200] "GET /sitemap.txt HTTP/1.1" 404 - "-" "Mozilla/5.0 (compatible; BLEXBot/1.0; +http://webmeup-crawler.com/)"
212.237.53.115 - - [05/Jun/2022:23:39:10 +0200] "HEAD / HTTP/1.1" 200 0 "-" "Alert_Alligator_webmonitoring_service_1.6.4_(alertalligator.com)"
111.90.145.188 - - [05/Jun/2022:23:49:18 +0200] "GET /wp-login.php HTTP/1.1" 404 - "-" "Mozilla/5.0 (X11; Ubuntu; Linux x86_64; rv:62.0) Gecko/20100101 Firefox/62.0"
212.237.53.115 - - [06/Jun/2022:00:41:22 +0200] "HEAD / HTTP/1.1" 200 0 "-" "Alert_Alligator_webmonitoring_service_1.6.4_(alertalligator.com)"
51.222.253.17 - - [06/Jun/2022:00:42:50 +0200] "GET /robots.txt HTTP/1.1" 404 - "-" "Mozilla/5.0 (compatible; AhrefsBot/7.0; +http://ahrefs.com/robot/)"
54.36.148.105 - - [06/Jun/2022:00:42:50 +0200] "GET / HTTP/1.1" 200 174 "-" "Mozilla/5.0 (compatible; AhrefsBot/7.0; +http://ahrefs.com/robot/)"
212.237.23.143 - - [06/Jun/2022:01:40:54 +0200] "HEAD / HTTP/1.1" 200 0 "-" "Alert_Alligator_webmonitoring_service_1.6.4_(alertalligator.com)"
212.237.53.115 - - [06/Jun/2022:02:42:11 +0200] "HEAD / HTTP/1.1" 200 0 "-" "Alert_Alligator_webmonitoring_service_1.6.4_(alertalligator.com)"
49.12.13.109 - - [06/Jun/2022:03:41:17 +0200] "HEAD / HTTP/1.1" 200 0 "-" "Alert_Alligator_webmonitoring_service_1.6.3_(alertalligator.com)"
212.237.51.151 - - [06/Jun/2022:04:31:17 +0200] "HEAD / HTTP/1.1" 200 0 "-" "Alert_Alligator_webmonitoring_service_1.6.4_(alertalligator.com)"
49.12.13.109 - - [06/Jun/2022:05:30:21 +0200] "HEAD / HTTP/1.1" 200 0 "-" "Alert_Alligator_webmonitoring_service_1.6.3_(alertalligator.com)"
212.237.51.151 - - [06/Jun/2022:06:17:51 +0200] "HEAD / HTTP/1.1" 200 0 "-" "Alert_Alligator_webmonitoring_service_1.6.4_(alertalligator.com)"
52.172.50.136 - - [06/Jun/2022:06:36:57 +0200] "GET / HTTP/1.1" 200 174 "-" "Mozlila/5.0 (Linux; Android 7.0; SM-G892A Bulid/NRD90M; wv) AppleWebKit/537.36 (KHTML, like Gecko) Version/4.0 Chrome/60.0.3112.107 Moblie Safari/537.36"
52.172.50.136 - - [06/Jun/2022:06:36:57 +0200] "POST /ALFA_DATA/alfacgiapi/perl.alfa HTTP/1.1" 404 - "www.google.com" "Mozlila/5.0 (Linux; Android 7.0; SM-G892A Bulid/NRD90M; wv) AppleWebKit/537.36 (KHTML, like Gecko) Version/4.0 Chrome/60.0.3112.107 Moblie Safari/537.36"
52.172.50.136 - - [06/Jun/2022:06:36:58 +0200] "POST /alfacgiapi/perl.alfa HTTP/1.1" 404 - "www.google.com" "Mozlila/5.0 (Linux; Android 7.0; SM-G892A Bulid/NRD90M; wv) AppleWebKit/537.36 (KHTML, like Gecko) Version/4.0 Chrome/60.0.3112.107 Moblie Safari/537.36"
178.18.136.235 - - [06/Jun/2022:06:43:55 +0200] "GET /wp-login.php HTTP/1.1" 404 - "-" "Mozilla/5.0 (X11; Ubuntu; Linux x86_64; rv:62.0) Gecko/20100101 Firefox/62.0"
54.36.148.81 - - [06/Jun/2022:06:47:16 +0200] "GET /robots.txt HTTP/1.1" 404 - "-" "Mozilla/5.0 (compatible; AhrefsBot/7.0; +http://ahrefs.com/robot/)"
54.36.148.100 - - [06/Jun/2022:06:47:17 +0200] "GET / HTTP/1.1" 200 174 "-" "Mozilla/5.0 (compatible; AhrefsBot/7.0; +http://ahrefs.com/robot/)"
49.12.13.109 - - [06/Jun/2022:07:19:23 +0200] "HEAD / HTTP/1.1" 200 0 "-" "Alert_Alligator_webmonitoring_service_1.6.3_(alertalligator.com)"
49.12.13.109 - - [06/Jun/2022:08:18:36 +0200] "HEAD / HTTP/1.1" 200 0 "-" "Alert_Alligator_webmonitoring_service_1.6.3_(alertalligator.com)"
51.222.253.1 - - [06/Jun/2022:08:48:58 +0200] "GET /robots.txt HTTP/1.1" 404 - "-" "Mozilla/5.0 (compatible; AhrefsBot/7.0; +http://ahrefs.com/robot/)"
54.36.148.214 - - [06/Jun/2022:08:48:59 +0200] "GET / HTTP/1.1" 200 166 "-" "Mozilla/5.0 (compatible; AhrefsBot/7.0; +http://ahrefs.com/robot/)"
49.12.13.109 - - [06/Jun/2022:09:17:38 +0200] "HEAD / HTTP/1.1" 200 0 "-" "Alert_Alligator_webmonitoring_service_1.6.3_(alertalligator.com)"
212.237.51.151 - - [06/Jun/2022:10:05:27 +0200] "HEAD / HTTP/1.1" 200 0 "-" "Alert_Alligator_webmonitoring_service_1.6.4_(alertalligator.com)"
194.38.20.161 - - [06/Jun/2022:10:06:15 +0200] "GET /admin/assets/uploadify/uploadify.css HTTP/1.1" 404 - "-" "ALittle Client"
212.237.51.151 - - [06/Jun/2022:10:51:12 +0200] "HEAD / HTTP/1.1" 200 0 "-" "Alert_Alligator_webmonitoring_service_1.6.4_(alertalligator.com)"
34.217.34.115 - - [06/Jun/2022:11:20:04 +0200] "HEAD / HTTP/1.1" 200 0 "-" "Go-http-client/1.1"
34.219.67.176 - - [06/Jun/2022:11:20:06 +0200] "HEAD / HTTP/1.1" 200 0 "-" "Mozilla/5.0 (Windows NT 6.1; WOW64) AppleWebKit/537.36 (KHTML, like Gecko) Chrome/56.0.2924.76 Safari/537.36"
54.188.253.45 - - [06/Jun/2022:11:20:07 +0200] "GET / HTTP/1.1" 200 174 "-" "Mozilla/5.0 (Macintosh; Intel Mac OS X 10_14_6) AppleWebKit/537.36 (KHTML, like Gecko) Chrome/97.0.4692.99 Safari/537.36"
49.12.13.109 - - [06/Jun/2022:11:50:22 +0200] "HEAD / HTTP/1.1" 200 0 "-" "Alert_Alligator_webmonitoring_service_1.6.3_(alertalligator.com)"
212.237.51.151 - - [06/Jun/2022:12:39:51 +0200] "HEAD / HTTP/1.1" 200 0 "-" "Alert_Alligator_webmonitoring_service_1.6.4_(alertalligator.com)"
114.119.136.146 - - [06/Jun/2022:13:21:18 +0200] "GET /robots.txt HTTP/1.1" 404 - "-" "Mozilla/5.0 (compatible;PetalBot;+https://webmaster.petalsearch.com/site/petalbot)"
49.12.13.109 - - [06/Jun/2022:13:39:19 +0200] "HEAD / HTTP/1.1" 200 0 "-" "Alert_Alligator_webmonitoring_service_1.6.3_(alertalligator.com)"
49.12.13.109 - - [06/Jun/2022:14:38:22 +0200] "HEAD / HTTP/1.1" 200 0 "-" "Alert_Alligator_webmonitoring_service_1.6.3_(alertalligator.com)"
49.12.13.109 - - [06/Jun/2022:15:37:44 +0200] "HEAD / HTTP/1.1" 200 0 "-" "Alert_Alligator_webmonitoring_service_1.6.3_(alertalligator.com)"
51.222.253.20 - - [06/Jun/2022:16:04:28 +0200] "GET /robots.txt HTTP/1.1" 404 - "-" "Mozilla/5.0 (compatible; AhrefsBot/7.0; +http://ahrefs.com/robot/)"
54.36.148.110 - - [06/Jun/2022:16:04:29 +0200] "GET / HTTP/1.1" 200 166 "-" "Mozilla/5.0 (compatible; AhrefsBot/7.0; +http://ahrefs.com/robot/)"
185.83.144.103 - - [06/Jun/2022:16:08:41 +0200] "GET /credentials/credentials HTTP/1.1" 404 - "-" "Mozilla/5.0 (X11; Linux x86_64) AppleWebKit/537.36 (KHTML, like Gecko) Chrome/81.0.4044.129 Safari/537.36"
212.237.51.151 - - [06/Jun/2022:16:23:24 +0200] "HEAD / HTTP/1.1" 200 0 "-" "Alert_Alligator_webmonitoring_service_1.6.4_(alertalligator.com)"
194.38.20.161 - - [06/Jun/2022:17:17:08 +0200] "GET /admin/assets/uploadify/uploadify.css HTTP/1.1" 404 - "-" "ALittle Client"
212.237.23.143 - - [06/Jun/2022:17:20:05 +0200] "HEAD / HTTP/1.1" 200 0 "-" "Alert_Alligator_webmonitoring_service_1.6.4_(alertalligator.com)"
212.237.23.143 - - [06/Jun/2022:18:15:45 +0200] "HEAD / HTTP/1.1" 200 0 "-" "Alert_Alligator_webmonitoring_service_1.6.4_(alertalligator.com)"
64.246.165.190 - - [06/Jun/2022:18:26:48 +0200] "GET /robots.txt HTTP/1.0" 404 - "-" "Mozilla/5.0 (Macintosh; Intel Mac OS X 10.10; rv:59.0) Gecko/20100101 Firefox/59.0"
64.246.165.190 - - [06/Jun/2022:18:26:49 +0200] "GET / HTTP/1.1" 200 169 "-" "Mozilla/5.0 (Macintosh; Intel Mac OS X 10.10; rv:59.0) Gecko/20100101 Firefox/59.0"
212.237.23.143 - - [06/Jun/2022:19:12:42 +0200] "HEAD / HTTP/1.1" 200 0 "-" "Alert_Alligator_webmonitoring_service_1.6.4_(alertalligator.com)"
212.237.51.151 - - [06/Jun/2022:19:55:19 +0200] "HEAD / HTTP/1.1" 200 0 "-" "Alert_Alligator_webmonitoring_service_1.6.4_(alertalligator.com)"
212.237.23.143 - - [06/Jun/2022:20:52:14 +0200] "HEAD / HTTP/1.1" 200 0 "-" "Alert_Alligator_webmonitoring_service_1.6.4_(alertalligator.com)"
212.237.53.115 - - [06/Jun/2022:21:48:28 +0200] "HEAD / HTTP/1.1" 200 0 "-" "Alert_Alligator_webmonitoring_service_1.6.4_(alertalligator.com)"
88.214.43.118 - - [06/Jun/2022:22:13:29 +0200] "GET /credentials HTTP/1.1" 404 - "-" "Mozilla/5.0 (X11; Linux x86_64) AppleWebKit/537.36 (KHTML, like Gecko) Chrome/81.0.4044.129 Safari/537.36"
193.224.219.40 - - [06/Jun/2022:22:28:05 +0200] "GET / HTTP/1.0" 200 166 "-" "Mozilla/5.0 (X11; Linux x86_64) AppleWebKit/537.36 (KHTML, like Gecko) Chrome/90.0.4430.212 Safari/537.36"
212.237.53.115 - - [06/Jun/2022:22:43:23 +0200] "HEAD / HTTP/1.1" 200 0 "-" "Alert_Alligator_webmonitoring_service_1.6.4_(alertalligator.com)"
65.21.206.45 - - [06/Jun/2022:23:25:13 +0200] "GET / HTTP/1.1" 200 174 "-" "Mozilla/5.0 (Windows NT 10.0; Win64; x64) AppleWebKit/537.36 (KHTML, like Gecko) Chrome/91.0.4472.114 Safari/537.36 Edg/91.0.864.54"
49.12.13.109 - - [06/Jun/2022:23:42:26 +0200] "HEAD / HTTP/1.1" 200 0 "-" "Alert_Alligator_webmonitoring_service_1.6.3_(alertalligator.com)"
35.214.242.237 - - [07/Jun/2022:00:04:44 +0200] "GET / HTTP/1.1" 200 166 "-" "Mozilla/5.0 (Windows NT 10.0; Win64; x64) AppleWebKit/537.36 (KHTML, like Gecko; compatible; BW/1.1; bit.ly/2W6Px8S; 530a29da27) Chrome/84.0.4147.105 Safari/537.36"
35.214.242.237 - - [07/Jun/2022:00:04:45 +0200] "GET / HTTP/1.1" 200 166 "-" "Mozilla/5.0 (Windows NT 10.0; Win64; x64) AppleWebKit/537.36 (KHTML, like Gecko; compatible; BW/1.1; bit.ly/2W6Px8S; 530a29da27) Chrome/84.0.4147.105 Safari/537.36"
35.214.242.237 - - [07/Jun/2022:00:04:45 +0200] "GET /robots.txt HTTP/1.1" 404 - "-" "Mozilla/5.0 (Windows NT 10.0; Win64; x64) AppleWebKit/537.36 (KHTML, like Gecko; compatible; BW/1.1; bit.ly/2W6Px8S; 530a29da27) Chrome/84.0.4147.105 Safari/537.36"
49.12.13.109 - - [07/Jun/2022:00:42:19 +0200] "HEAD / HTTP/1.1" 200 0 "-" "Alert_Alligator_webmonitoring_service_1.6.3_(alertalligator.com)"
42.83.147.34 - - [07/Jun/2022:01:24:54 +0200] "GET / HTTP/1.1" 200 174 "-" "Mozilla/5.0 (Windows NT 6.1; Win64; x64) AppleWebKit/537.36 (KHTML, like Gecko)Chrome/74.0.3729.169 Safari/537.36"
49.12.13.109 - - [07/Jun/2022:01:41:23 +0200] "HEAD / HTTP/1.1" 200 0 "-" "Alert_Alligator_webmonitoring_service_1.6.3_(alertalligator.com)"
212.237.51.151 - - [07/Jun/2022:02:30:01 +0200] "HEAD / HTTP/1.1" 200 0 "-" "Alert_Alligator_webmonitoring_service_1.6.4_(alertalligator.com)"
49.12.13.109 - - [07/Jun/2022:03:29:11 +0200] "HEAD / HTTP/1.1" 200 0 "-" "Alert_Alligator_webmonitoring_service_1.6.3_(alertalligator.com)"
54.213.142.119 - - [07/Jun/2022:03:38:32 +0200] "HEAD / HTTP/1.1" 200 0 "-" "Go-http-client/1.1"
212.237.51.151 - - [07/Jun/2022:04:16:28 +0200] "HEAD / HTTP/1.1" 200 0 "-" "Alert_Alligator_webmonitoring_service_1.6.4_(alertalligator.com)"
54.149.194.230 - - [07/Jun/2022:04:27:26 +0200] "HEAD / HTTP/1.1" 200 0 "-" "Mozilla/5.0 (Windows NT 6.1; WOW64) AppleWebKit/537.36 (KHTML, like Gecko) Chrome/56.0.2924.76 Safari/537.36"
18.236.147.57 - - [07/Jun/2022:04:27:27 +0200] "GET / HTTP/1.1" 200 174 "-" "Mozilla/5.0 (Macintosh; Intel Mac OS X 10_14_6) AppleWebKit/537.36 (KHTML, like Gecko) Chrome/97.0.4692.99 Safari/537.36"
49.12.13.109 - - [07/Jun/2022:05:15:31 +0200] "HEAD / HTTP/1.1" 200 0 "-" "Alert_Alligator_webmonitoring_service_1.6.3_(alertalligator.com)"
49.12.13.109 - - [07/Jun/2022:06:14:34 +0200] "HEAD / HTTP/1.1" 200 0 "-" "Alert_Alligator_webmonitoring_service_1.6.3_(alertalligator.com)"
212.237.23.143 - - [07/Jun/2022:07:17:30 +0200] "HEAD / HTTP/1.1" 200 0 "-" "Alert_Alligator_webmonitoring_service_1.6.4_(alertalligator.com)"
54.36.149.61 - - [07/Jun/2022:07:26:53 +0200] "GET / HTTP/1.1" 200 166 "-" "Mozilla/5.0 (compatible; AhrefsBot/7.0; +http://ahrefs.com/robot/)"
178.128.47.98 - - [07/Jun/2022:07:46:53 +0200] "HEAD /wordpress HTTP/1.1" 404 - "-" "Mozilla/5.0 (Windows NT 10.0; Win64; x64) AppleWebKit/537.36 (KHTML, like Gecko) Chrome/74.0.3729.169 Safari/537.36"
178.128.47.98 - - [07/Jun/2022:07:46:53 +0200] "HEAD / HTTP/1.1" 200 0 "-" "Mozilla/5.0 (Windows NT 10.0; Win64; x64) AppleWebKit/537.36 (KHTML, like Gecko) Chrome/74.0.3729.169 Safari/537.36"
178.128.47.98 - - [07/Jun/2022:07:46:53 +0200] "HEAD /wp HTTP/1.1" 404 - "-" "Mozilla/5.0 (Windows NT 10.0; Win64; x64) AppleWebKit/537.36 (KHTML, like Gecko) Chrome/74.0.3729.169 Safari/537.36"
178.128.47.98 - - [07/Jun/2022:07:46:53 +0200] "HEAD /bc HTTP/1.1" 404 - "-" "Mozilla/5.0 (Windows NT 10.0; Win64; x64) AppleWebKit/537.36 (KHTML, like Gecko) Chrome/74.0.3729.169 Safari/537.36"
178.128.47.98 - - [07/Jun/2022:07:46:54 +0200] "HEAD /bk HTTP/1.1" 404 - "-" "Mozilla/5.0 (Windows NT 10.0; Win64; x64) AppleWebKit/537.36 (KHTML, like Gecko) Chrome/74.0.3729.169 Safari/537.36"
178.128.47.98 - - [07/Jun/2022:07:46:54 +0200] "HEAD /backup HTTP/1.1" 404 - "-" "Mozilla/5.0 (Windows NT 10.0; Win64; x64) AppleWebKit/537.36 (KHTML, like Gecko) Chrome/74.0.3729.169 Safari/537.36"
178.128.47.98 - - [07/Jun/2022:07:46:54 +0200] "HEAD /old HTTP/1.1" 404 - "-" "Mozilla/5.0 (Windows NT 10.0; Win64; x64) AppleWebKit/537.36 (KHTML, like Gecko) Chrome/74.0.3729.169 Safari/537.36"
178.128.47.98 - - [07/Jun/2022:07:46:54 +0200] "HEAD /new HTTP/1.1" 404 - "-" "Mozilla/5.0 (Windows NT 10.0; Win64; x64) AppleWebKit/537.36 (KHTML, like Gecko) Chrome/74.0.3729.169 Safari/537.36"
178.128.47.98 - - [07/Jun/2022:07:46:54 +0200] "HEAD /main HTTP/1.1" 404 - "-" "Mozilla/5.0 (Windows NT 10.0; Win64; x64) AppleWebKit/537.36 (KHTML, like Gecko) Chrome/74.0.3729.169 Safari/537.36"
178.128.47.98 - - [07/Jun/2022:07:46:54 +0200] "HEAD /home HTTP/1.1" 404 - "-" "Mozilla/5.0 (Windows NT 10.0; Win64; x64) AppleWebKit/537.36 (KHTML, like Gecko) Chrome/74.0.3729.169 Safari/537.36"
212.237.51.151 - - [07/Jun/2022:08:02:16 +0200] "HEAD / HTTP/1.1" 200 0 "-" "Alert_Alligator_webmonitoring_service_1.6.4_(alertalligator.com)"
65.21.206.46 - - [07/Jun/2022:08:06:06 +0200] "GET / HTTP/1.1" 200 174 "-" "Mozilla/5.0 (Windows NT 10.0; Win64; x64) AppleWebKit/537.36 (KHTML, like Gecko) Chrome/91.0.4472.114 Safari/537.36 Edg/91.0.864.54"
45.133.1.122 - - [07/Jun/2022:08:29:20 +0200] "GET /about.php HTTP/1.1" 404 - "-" "python-requests/2.27.1"
45.133.1.122 - - [07/Jun/2022:08:29:20 +0200] "GET /upload.php?mr=exe3 HTTP/1.1" 404 - "-" "python-requests/2.27.1"
45.133.1.122 - - [07/Jun/2022:08:29:20 +0200] "GET /2index.php HTTP/1.1" 404 - "-" "python-requests/2.27.1"
45.133.1.122 - - [07/Jun/2022:08:29:20 +0200] "GET /C.php HTTP/1.1" 404 - "-" "python-requests/2.27.1"
45.133.1.122 - - [07/Jun/2022:08:29:20 +0200] "GET /c.php HTTP/1.1" 404 - "-" "python-requests/2.27.1"
45.133.1.122 - - [07/Jun/2022:08:29:20 +0200] "GET /01.php HTTP/1.1" 404 - "-" "python-requests/2.27.1"
45.133.1.122 - - [07/Jun/2022:08:29:21 +0200] "GET /1.php HTTP/1.1" 404 - "-" "python-requests/2.27.1"
45.133.1.122 - - [07/Jun/2022:08:29:21 +0200] "GET /02.php HTTP/1.1" 404 - "-" "python-requests/2.27.1"
45.133.1.122 - - [07/Jun/2022:08:29:21 +0200] "GET /wp.php HTTP/1.1" 404 - "-" "python-requests/2.27.1"
45.133.1.122 - - [07/Jun/2022:08:29:21 +0200] "GET /fw.php HTTP/1.1" 404 - "-" "python-requests/2.27.1"
45.133.1.122 - - [07/Jun/2022:08:29:21 +0200] "GET /alfa.php HTTP/1.1" 404 - "-" "python-requests/2.27.1"
45.133.1.122 - - [07/Jun/2022:08:29:21 +0200] "GET /mini.php HTTP/1.1" 404 - "-" "python-requests/2.27.1"
45.133.1.122 - - [07/Jun/2022:08:29:21 +0200] "GET /x.php HTTP/1.1" 404 - "-" "python-requests/2.27.1"
45.133.1.122 - - [07/Jun/2022:08:29:22 +0200] "GET /404.php HTTP/1.1" 404 - "-" "python-requests/2.27.1"
45.133.1.122 - - [07/Jun/2022:08:29:22 +0200] "GET /403.php HTTP/1.1" 404 - "-" "python-requests/2.27.1"
45.133.1.122 - - [07/Jun/2022:08:29:22 +0200] "GET /wso.php HTTP/1.1" 404 - "-" "python-requests/2.27.1"
45.133.1.122 - - [07/Jun/2022:08:29:22 +0200] "GET /admin.php HTTP/1.1" 404 - "-" "python-requests/2.27.1"
45.133.1.122 - - [07/Jun/2022:08:29:22 +0200] "GET /wp-22.php HTTP/1.1" 404 - "-" "python-requests/2.27.1"
45.133.1.122 - - [07/Jun/2022:08:29:23 +0200] "GET /1index.php HTTP/1.1" 404 - "-" "python-requests/2.27.1"
45.133.1.122 - - [07/Jun/2022:08:29:23 +0200] "GET /marijuana.php HTTP/1.1" 404 - "-" "python-requests/2.27.1"
45.133.1.122 - - [07/Jun/2022:08:29:23 +0200] "GET /good.php HTTP/1.1" 404 - "-" "python-requests/2.27.1"
45.133.1.122 - - [07/Jun/2022:08:29:23 +0200] "GET /up.php HTTP/1.1" 404 - "-" "python-requests/2.27.1"
45.133.1.122 - - [07/Jun/2022:08:29:23 +0200] "GET /doc.php HTTP/1.1" 404 - "-" "python-requests/2.27.1"
45.133.1.122 - - [07/Jun/2022:08:29:23 +0200] "GET /wp.php HTTP/1.1" 404 - "-" "python-requests/2.27.1"
45.133.1.122 - - [07/Jun/2022:08:29:23 +0200] "GET /radio.php HTTP/1.1" 404 - "-" "python-requests/2.27.1"
45.133.1.122 - - [07/Jun/2022:08:29:24 +0200] "GET /wp-includes/1index.php HTTP/1.1" 404 - "-" "python-requests/2.27.1"
45.133.1.122 - - [07/Jun/2022:08:29:24 +0200] "GET /1index.php?pass=am*guAW8.ryDgz-TYF HTTP/1.1" 404 - "-" "python-requests/2.27.1"
45.133.1.122 - - [07/Jun/2022:08:29:24 +0200] "GET /wp_wrong_datlib.php HTTP/1.1" 404 - "-" "python-requests/2.27.1"
45.133.1.122 - - [07/Jun/2022:08:29:24 +0200] "GET /2index.php HTTP/1.1" 404 - "-" "python-requests/2.27.1"
45.133.1.122 - - [07/Jun/2022:08:29:24 +0200] "GET /autoload_classmap.php HTTP/1.1" 404 - "-" "python-requests/2.27.1"
45.133.1.122 - - [07/Jun/2022:08:29:24 +0200] "GET /wp.php HTTP/1.1" 404 - "-" "python-requests/2.27.1"
45.133.1.122 - - [07/Jun/2022:08:29:24 +0200] "GET /wikindex.php HTTP/1.1" 404 - "-" "python-requests/2.27.1"
45.133.1.122 - - [07/Jun/2022:08:29:24 +0200] "GET /Deadcode1975xxxxxxxxxxxxxxxxxxxxxxxxxxxx.php HTTP/1.1" 404 - "-" "python-requests/2.27.1"
45.133.1.122 - - [07/Jun/2022:08:29:25 +0200] "GET /wp-2019.php HTTP/1.1" 404 - "-" "python-requests/2.27.1"
45.133.1.122 - - [07/Jun/2022:08:29:25 +0200] "GET /1h6j5.php HTTP/1.1" 404 - "-" "python-requests/2.27.1"
45.133.1.122 - - [07/Jun/2022:08:29:25 +0200] "GET /wp-admin/setup-config.php HTTP/1.1" 404 - "-" "python-requests/2.27.1"
45.133.1.122 - - [07/Jun/2022:08:29:25 +0200] "GET /wp-admin/xleet.php HTTP/1.1" 404 - "-" "python-requests/2.27.1"
45.133.1.122 - - [07/Jun/2022:08:29:25 +0200] "GET /wp-content/fw.php HTTP/1.1" 404 - "-" "python-requests/2.27.1"
45.133.1.122 - - [07/Jun/2022:08:29:25 +0200] "GET /wp-admin/fx.php HTTP/1.1" 404 - "-" "python-requests/2.27.1"
45.133.1.122 - - [07/Jun/2022:08:29:25 +0200] "GET /4price.php HTTP/1.1" 404 - "-" "python-requests/2.27.1"
45.133.1.122 - - [07/Jun/2022:08:29:26 +0200] "GET /wp-info.php HTTP/1.1" 404 - "-" "python-requests/2.27.1"
157.90.182.23 - - [07/Jun/2022:08:43:37 +0200] "GET /robots.txt HTTP/1.1" 404 - "-" "Mozilla/5.0 (compatible; BLEXBot/1.0; +http://webmeup-crawler.com/)"
157.90.182.23 - - [07/Jun/2022:08:43:38 +0200] "GET /sitemap HTTP/1.1" 404 - "-" "Mozilla/5.0 (compatible; BLEXBot/1.0; +http://webmeup-crawler.com/)"
157.90.182.23 - - [07/Jun/2022:08:43:42 +0200] "GET /sitemap.txt HTTP/1.1" 404 - "-" "Mozilla/5.0 (compatible; BLEXBot/1.0; +http://webmeup-crawler.com/)"
212.237.23.143 - - [07/Jun/2022:08:59:09 +0200] "HEAD / HTTP/1.1" 200 0 "-" "Alert_Alligator_webmonitoring_service_1.6.4_(alertalligator.com)"
139.59.79.129 - - [07/Jun/2022:09:34:40 +0200] "HEAD /wordpress HTTP/1.1" 404 - "-" "Mozilla/5.0 (Windows NT 10.0; Win64; x64) AppleWebKit/537.36 (KHTML, like Gecko) Chrome/74.0.3729.169 Safari/537.36"
139.59.79.129 - - [07/Jun/2022:09:34:40 +0200] "HEAD / HTTP/1.1" 200 0 "-" "Mozilla/5.0 (Windows NT 10.0; Win64; x64) AppleWebKit/537.36 (KHTML, like Gecko) Chrome/74.0.3729.169 Safari/537.36"
139.59.79.129 - - [07/Jun/2022:09:34:40 +0200] "HEAD /wp HTTP/1.1" 404 - "-" "Mozilla/5.0 (Windows NT 10.0; Win64; x64) AppleWebKit/537.36 (KHTML, like Gecko) Chrome/74.0.3729.169 Safari/537.36"
139.59.79.129 - - [07/Jun/2022:09:34:40 +0200] "HEAD /bc HTTP/1.1" 404 - "-" "Mozilla/5.0 (Windows NT 10.0; Win64; x64) AppleWebKit/537.36 (KHTML, like Gecko) Chrome/74.0.3729.169 Safari/537.36"
139.59.79.129 - - [07/Jun/2022:09:34:40 +0200] "HEAD /bk HTTP/1.1" 404 - "-" "Mozilla/5.0 (Windows NT 10.0; Win64; x64) AppleWebKit/537.36 (KHTML, like Gecko) Chrome/74.0.3729.169 Safari/537.36"
139.59.79.129 - - [07/Jun/2022:09:34:41 +0200] "HEAD /backup HTTP/1.1" 404 - "-" "Mozilla/5.0 (Windows NT 10.0; Win64; x64) AppleWebKit/537.36 (KHTML, like Gecko) Chrome/74.0.3729.169 Safari/537.36"
139.59.79.129 - - [07/Jun/2022:09:34:41 +0200] "HEAD /old HTTP/1.1" 404 - "-" "Mozilla/5.0 (Windows NT 10.0; Win64; x64) AppleWebKit/537.36 (KHTML, like Gecko) Chrome/74.0.3729.169 Safari/537.36"
139.59.79.129 - - [07/Jun/2022:09:34:41 +0200] "HEAD /new HTTP/1.1" 404 - "-" "Mozilla/5.0 (Windows NT 10.0; Win64; x64) AppleWebKit/537.36 (KHTML, like Gecko) Chrome/74.0.3729.169 Safari/537.36"
139.59.79.129 - - [07/Jun/2022:09:34:41 +0200] "HEAD /main HTTP/1.1" 404 - "-" "Mozilla/5.0 (Windows NT 10.0; Win64; x64) AppleWebKit/537.36 (KHTML, like Gecko) Chrome/74.0.3729.169 Safari/537.36"
139.59.79.129 - - [07/Jun/2022:09:34:42 +0200] "HEAD /home HTTP/1.1" 404 - "-" "Mozilla/5.0 (Windows NT 10.0; Win64; x64) AppleWebKit/537.36 (KHTML, like Gecko) Chrome/74.0.3729.169 Safari/537.36"
49.12.13.109 - - [07/Jun/2022:09:37:48 +0200] "HEAD / HTTP/1.1" 200 0 "-" "Alert_Alligator_webmonitoring_service_1.6.4_(alertalligator.com)"
212.237.51.151 - - [07/Jun/2022:10:21:11 +0200] "HEAD / HTTP/1.1" 200 0 "-" "Alert_Alligator_webmonitoring_service_1.6.4_(alertalligator.com)"
212.237.53.115 - - [07/Jun/2022:11:16:35 +0200] "HEAD / HTTP/1.1" 200 0 "-" "Alert_Alligator_webmonitoring_service_1.6.4_(alertalligator.com)"
49.12.13.109 - - [07/Jun/2022:12:15:37 +0200] "HEAD / HTTP/1.1" 200 0 "-" "Alert_Alligator_webmonitoring_service_1.6.3_(alertalligator.com)"
54.36.148.95 - - [07/Jun/2022:12:38:57 +0200] "GET / HTTP/1.1" 200 166 "-" "Mozilla/5.0 (compatible; AhrefsBot/7.0; +http://ahrefs.com/robot/)"
185.191.171.11 - - [07/Jun/2022:12:57:33 +0200] "GET /robots.txt HTTP/1.1" 404 - "-" "Mozilla/5.0 (compatible; SemrushBot/7~bl; +http://www.semrush.com/bot.html)"
185.191.171.37 - - [07/Jun/2022:12:57:33 +0200] "GET / HTTP/1.1" 200 166 "-" "Mozilla/5.0 (compatible; SemrushBot/7~bl; +http://www.semrush.com/bot.html)"
185.191.171.33 - - [07/Jun/2022:12:57:41 +0200] "GET /sitemap.xml HTTP/1.1" 404 - "-" "Mozilla/5.0 (compatible; SemrushBot/7~bl; +http://www.semrush.com/bot.html)"
49.12.13.109 - - [07/Jun/2022:13:14:41 +0200] "HEAD / HTTP/1.1" 200 0 "-" "Alert_Alligator_webmonitoring_service_1.6.3_(alertalligator.com)"
185.83.146.154 - - [07/Jun/2022:13:57:14 +0200] "GET /.env HTTP/1.1" 404 - "-" "Mozilla/5.0 (X11; Linux x86_64) AppleWebKit/537.36 (KHTML, like Gecko) Chrome/81.0.4044.129 Safari/537.36"
212.237.23.143 - - [07/Jun/2022:14:13:18 +0200] "HEAD / HTTP/1.1" 200 0 "-" "Alert_Alligator_webmonitoring_service_1.6.4_(alertalligator.com)"
49.12.13.109 - - [07/Jun/2022:15:12:35 +0200] "HEAD / HTTP/1.1" 200 0 "-" "Alert_Alligator_webmonitoring_service_1.6.3_(alertalligator.com)"
212.237.23.143 - - [07/Jun/2022:16:10:48 +0200] "HEAD / HTTP/1.1" 200 0 "-" "Alert_Alligator_webmonitoring_service_1.6.4_(alertalligator.com)"
192.227.129.31 - - [07/Jun/2022:16:40:32 +0200] "GET /core/.env HTTP/1.1" 404 - "-" "-"
192.227.129.31 - - [07/Jun/2022:16:40:32 +0200] "GET /api/.env HTTP/1.1" 404 - "-" "-"
192.227.129.31 - - [07/Jun/2022:16:40:32 +0200] "GET /backend/.env HTTP/1.1" 404 - "-" "-"
192.227.129.31 - - [07/Jun/2022:16:40:32 +0200] "GET /.env HTTP/1.1" 404 - "-" "-"
49.12.13.109 - - [07/Jun/2022:17:09:52 +0200] "HEAD / HTTP/1.1" 200 0 "-" "Alert_Alligator_webmonitoring_service_1.6.3_(alertalligator.com)"
212.237.53.115 - - [07/Jun/2022:18:07:06 +0200] "HEAD / HTTP/1.1" 200 0 "-" "Alert_Alligator_webmonitoring_service_1.6.4_(alertalligator.com)"
193.224.219.40 - - [07/Jun/2022:18:32:47 +0200] "GET / HTTP/1.0" 200 166 "-" "Mozilla/5.0 (X11; Linux x86_64) AppleWebKit/537.36 (KHTML, like Gecko) Chrome/90.0.4430.212 Safari/537.36"
157.55.39.125 - - [07/Jun/2022:18:35:16 +0200] "GET / HTTP/1.1" 304 - "-" "Mozilla/5.0 (compatible; bingbot/2.0; +http://www.bing.com/bingbot.htm)"
212.237.23.143 - - [07/Jun/2022:19:08:38 +0200] "HEAD / HTTP/1.1" 200 0 "-" "Alert_Alligator_webmonitoring_service_1.6.4_(alertalligator.com)"
213.190.100.201 - - [07/Jun/2022:19:17:34 +0200] "GET /wp-login.php HTTP/1.1" 404 - "-" "Mozilla/5.0 (X11; Ubuntu; Linux x86_64; rv:62.0) Gecko/20100101 Firefox/62.0"
103.159.224.46 - - [07/Jun/2022:19:38:51 +0200] "GET /wp-login.php HTTP/1.1" 404 - "-" "Mozilla/5.0 (X11; Ubuntu; Linux x86_64; rv:62.0) Gecko/20100101 Firefox/62.0"
194.38.20.161 - - [07/Jun/2022:19:43:57 +0200] "GET /plugins/uploadify/uploadify.css HTTP/1.1" 404 - "-" "ALittle Client"
212.237.51.151 - - [07/Jun/2022:19:52:04 +0200] "HEAD / HTTP/1.1" 200 0 "-" "Alert_Alligator_webmonitoring_service_1.6.4_(alertalligator.com)"
49.12.13.109 - - [07/Jun/2022:20:51:21 +0200] "HEAD / HTTP/1.1" 200 0 "-" "Alert_Alligator_webmonitoring_service_1.6.3_(alertalligator.com)"
212.237.51.151 - - [07/Jun/2022:21:34:02 +0200] "HEAD / HTTP/1.1" 200 0 "-" "Alert_Alligator_webmonitoring_service_1.6.4_(alertalligator.com)"
212.237.23.143 - - [07/Jun/2022:22:32:26 +0200] "HEAD / HTTP/1.1" 200 0 "-" "Alert_Alligator_webmonitoring_service_1.6.4_(alertalligator.com)"
212.237.51.151 - - [07/Jun/2022:23:16:58 +0200] "HEAD / HTTP/1.1" 200 0 "-" "Alert_Alligator_webmonitoring_service_1.6.4_(alertalligator.com)"
35.86.92.91 - - [07/Jun/2022:23:43:46 +0200] "HEAD / HTTP/1.1" 200 0 "-" "Go-http-client/1.1"
65.154.226.220 - - [08/Jun/2022:00:04:25 +0200] "GET / HTTP/1.1" 200 169 "-" "Mozilla/5.0 (Windows NT 6.1; Win64; x64) AppleWebKit/537.36 (KHTML, like Gecko) Chrome/83.0.4103.61 Safari/537.36"
65.154.226.220 - - [08/Jun/2022:00:04:37 +0200] "GET / HTTP/1.1" 200 169 "-" "Mozilla/5.0 (Windows NT 10.0; Win64; x64) AppleWebKit/537.36 (KHTML, like Gecko) Chrome/79.0.3945.79 Safari/537.36"
49.12.13.109 - - [08/Jun/2022:00:16:01 +0200] "HEAD / HTTP/1.1" 200 0 "-" "Alert_Alligator_webmonitoring_service_1.6.3_(alertalligator.com)"
124.221.186.82 - - [08/Jun/2022:00:56:45 +0200] "GET / HTTP/1.1" 200 174 "-" "Mozilla/5.0 (Linux; Android 6.0; Nexus 5 Build/MRA58N) AppleWebKit/537.36 (KHTML, like Gecko) Chrome/81.0.4044.138 Mobile Safari/537.36"
49.12.13.109 - - [08/Jun/2022:00:59:27 +0200] "HEAD / HTTP/1.1" 200 0 "-" "Alert_Alligator_webmonitoring_service_1.6.4_(alertalligator.com)"
124.221.186.82 - - [08/Jun/2022:01:04:28 +0200] "GET / HTTP/1.1" 200 174 "-" "Mozilla/5.0 (Linux; Android 6.0; Nexus 5 Build/MRA58N) AppleWebKit/537.36 (KHTML, like Gecko) Chrome/81.0.4044.138 Mobile Safari/537.36"
124.223.196.50 - - [08/Jun/2022:01:23:51 +0200] "GET / HTTP/1.1" 200 174 "-" "Mozilla/5.0 (Linux; Android 6.0; Nexus 5 Build/MRA58N) AppleWebKit/537.36 (KHTML, like Gecko) Chrome/81.0.4044.138 Mobile Safari/537.36"
54.189.185.174 - - [08/Jun/2022:01:26:36 +0200] "HEAD / HTTP/1.1" 200 0 "-" "Mozilla/5.0 (Windows NT 6.1; WOW64) AppleWebKit/537.36 (KHTML, like Gecko) Chrome/56.0.2924.76 Safari/537.36"
52.32.127.187 - - [08/Jun/2022:01:26:37 +0200] "GET / HTTP/1.1" 200 174 "-" "Mozilla/5.0 (Macintosh; Intel Mac OS X 10_14_6) AppleWebKit/537.36 (KHTML, like Gecko) Chrome/97.0.4692.99 Safari/537.36"
5.188.62.76 - - [08/Jun/2022:01:31:06 +0200] "GET / HTTP/1.1" 200 174 "-" "Mozilla/5.0 (Windows NT 6.1; WOW64) AppleWebKit/537.36 (KHTML, like Gecko) Chrome/100.0.4758.11 Safari/537.36"
5.188.62.76 - - [08/Jun/2022:01:31:09 +0200] "GET /robots.txt HTTP/1.1" 404 - "-" "Mozilla/5.0 (Windows NT 6.1; WOW64) AppleWebKit/537.36 (KHTML, like Gecko) Chrome/100.0.4758.11 Safari/537.36"
124.223.196.50 - - [08/Jun/2022:01:31:25 +0200] "GET / HTTP/1.1" 200 174 "-" "Mozilla/5.0 (Linux; Android 6.0; Nexus 5 Build/MRA58N) AppleWebKit/537.36 (KHTML, like Gecko) Chrome/81.0.4044.138 Mobile Safari/537.36"
54.201.243.104 - - [08/Jun/2022:01:45:32 +0200] "HEAD / HTTP/1.1" 200 0 "-" "Go-http-client/1.1"
212.237.53.115 - - [08/Jun/2022:01:58:38 +0200] "HEAD / HTTP/1.1" 200 0 "-" "Alert_Alligator_webmonitoring_service_1.6.4_(alertalligator.com)"
212.237.51.151 - - [08/Jun/2022:02:41:28 +0200] "HEAD / HTTP/1.1" 200 0 "-" "Alert_Alligator_webmonitoring_service_1.6.4_(alertalligator.com)"
194.38.20.161 - - [08/Jun/2022:02:51:01 +0200] "GET /plugins/uploadify/uploadify.css HTTP/1.1" 404 - "-" "ALittle Client"
35.162.81.152 - - [08/Jun/2022:03:02:19 +0200] "GET / HTTP/1.1" 200 174 "-" "Mozilla/5.0 (Macintosh; Intel Mac OS X 10_14_6) AppleWebKit/537.36 (KHTML, like Gecko) Chrome/97.0.4692.99 Safari/537.36"
212.237.51.151 - - [08/Jun/2022:03:27:00 +0200] "HEAD / HTTP/1.1" 200 0 "-" "Alert_Alligator_webmonitoring_service_1.6.4_(alertalligator.com)"
159.203.1.170 - - [08/Jun/2022:03:50:09 +0200] "HEAD /wordpress HTTP/1.1" 404 - "-" "Mozilla/5.0 (Windows NT 10.0; Win64; x64) AppleWebKit/537.36 (KHTML, like Gecko) Chrome/74.0.3729.169 Safari/537.36"
159.203.1.170 - - [08/Jun/2022:03:50:10 +0200] "HEAD / HTTP/1.1" 200 0 "-" "Mozilla/5.0 (Windows NT 10.0; Win64; x64) AppleWebKit/537.36 (KHTML, like Gecko) Chrome/74.0.3729.169 Safari/537.36"
159.203.1.170 - - [08/Jun/2022:03:50:10 +0200] "HEAD /wp HTTP/1.1" 404 - "-" "Mozilla/5.0 (Windows NT 10.0; Win64; x64) AppleWebKit/537.36 (KHTML, like Gecko) Chrome/74.0.3729.169 Safari/537.36"
159.203.1.170 - - [08/Jun/2022:03:50:10 +0200] "HEAD /bc HTTP/1.1" 404 - "-" "Mozilla/5.0 (Windows NT 10.0; Win64; x64) AppleWebKit/537.36 (KHTML, like Gecko) Chrome/74.0.3729.169 Safari/537.36"
159.203.1.170 - - [08/Jun/2022:03:50:11 +0200] "HEAD /bk HTTP/1.1" 404 - "-" "Mozilla/5.0 (Windows NT 10.0; Win64; x64) AppleWebKit/537.36 (KHTML, like Gecko) Chrome/74.0.3729.169 Safari/537.36"
159.203.1.170 - - [08/Jun/2022:03:50:11 +0200] "HEAD /backup HTTP/1.1" 404 - "-" "Mozilla/5.0 (Windows NT 10.0; Win64; x64) AppleWebKit/537.36 (KHTML, like Gecko) Chrome/74.0.3729.169 Safari/537.36"
159.203.1.170 - - [08/Jun/2022:03:50:11 +0200] "HEAD /old HTTP/1.1" 404 - "-" "Mozilla/5.0 (Windows NT 10.0; Win64; x64) AppleWebKit/537.36 (KHTML, like Gecko) Chrome/74.0.3729.169 Safari/537.36"
159.203.1.170 - - [08/Jun/2022:03:50:11 +0200] "HEAD /new HTTP/1.1" 404 - "-" "Mozilla/5.0 (Windows NT 10.0; Win64; x64) AppleWebKit/537.36 (KHTML, like Gecko) Chrome/74.0.3729.169 Safari/537.36"
159.203.1.170 - - [08/Jun/2022:03:50:12 +0200] "HEAD /main HTTP/1.1" 404 - "-" "Mozilla/5.0 (Windows NT 10.0; Win64; x64) AppleWebKit/537.36 (KHTML, like Gecko) Chrome/74.0.3729.169 Safari/537.36"
159.203.1.170 - - [08/Jun/2022:03:50:13 +0200] "HEAD /home HTTP/1.1" 404 - "-" "Mozilla/5.0 (Windows NT 10.0; Win64; x64) AppleWebKit/537.36 (KHTML, like Gecko) Chrome/74.0.3729.169 Safari/537.36"
205.210.31.155 - - [08/Jun/2022:04:00:31 +0200] "GET / HTTP/1.1" 200 174 "-" "Expanse, a Palo Alto Networks company, searches across the global IPv4 space multiple times per day to identify customers' presences on the Internet. If you would like to be excluded from our scans, please send IP addresses/domains to: scaninfo@paloaltonetworks.com"
212.237.51.151 - - [08/Jun/2022:04:16:44 +0200] "HEAD / HTTP/1.1" 200 0 "-" "Alert_Alligator_webmonitoring_service_1.6.4_(alertalligator.com)"
212.237.51.151 - - [08/Jun/2022:05:01:15 +0200] "HEAD / HTTP/1.1" 200 0 "-" "Alert_Alligator_webmonitoring_service_1.6.4_(alertalligator.com)"
54.36.148.128 - - [08/Jun/2022:05:21:14 +0200] "GET /robots.txt HTTP/1.1" 404 - "-" "Mozilla/5.0 (compatible; AhrefsBot/7.0; +http://ahrefs.com/robot/)"
54.36.149.95 - - [08/Jun/2022:05:21:15 +0200] "GET / HTTP/1.1" 200 166 "-" "Mozilla/5.0 (compatible; AhrefsBot/7.0; +http://ahrefs.com/robot/)"
212.237.23.143 - - [08/Jun/2022:06:03:51 +0200] "HEAD / HTTP/1.1" 200 0 "-" "Alert_Alligator_webmonitoring_service_1.6.4_(alertalligator.com)"
114.119.152.27 - - [08/Jun/2022:06:44:27 +0200] "GET /robots.txt HTTP/1.1" 404 - "-" "Mozilla/5.0 (compatible;PetalBot;+https://webmaster.petalsearch.com/site/petalbot)"
49.12.13.109 - - [08/Jun/2022:07:03:40 +0200] "HEAD / HTTP/1.1" 200 0 "-" "Alert_Alligator_webmonitoring_service_1.6.3_(alertalligator.com)"
54.36.149.89 - - [08/Jun/2022:07:21:07 +0200] "GET /robots.txt HTTP/1.1" 404 - "-" "Mozilla/5.0 (compatible; AhrefsBot/7.0; +http://ahrefs.com/robot/)"
54.36.148.128 - - [08/Jun/2022:07:21:08 +0200] "GET / HTTP/1.1" 200 166 "-" "Mozilla/5.0 (compatible; AhrefsBot/7.0; +http://ahrefs.com/robot/)"
52.34.24.104 - - [08/Jun/2022:07:52:34 +0200] "HEAD / HTTP/1.1" 200 0 "-" "Go-http-client/1.1"
18.236.228.94 - - [08/Jun/2022:07:52:35 +0200] "HEAD / HTTP/1.1" 200 0 "-" "Mozilla/5.0 (Windows NT 6.1; WOW64) AppleWebKit/537.36 (KHTML, like Gecko) Chrome/56.0.2924.76 Safari/537.36"
18.237.92.21 - - [08/Jun/2022:07:52:36 +0200] "GET / HTTP/1.1" 200 174 "-" "Mozilla/5.0 (Macintosh; Intel Mac OS X 10_14_6) AppleWebKit/537.36 (KHTML, like Gecko) Chrome/97.0.4692.99 Safari/537.36"
212.237.53.115 - - [08/Jun/2022:08:01:33 +0200] "HEAD / HTTP/1.1" 200 0 "-" "Alert_Alligator_webmonitoring_service_1.6.4_(alertalligator.com)"
124.223.197.105 - - [08/Jun/2022:08:33:38 +0200] "GET / HTTP/1.1" 200 174 "-" "Mozilla/5.0 (Linux; Android 6.0; Nexus 5 Build/MRA58N) AppleWebKit/537.36 (KHTML, like Gecko) Chrome/81.0.4044.138 Mobile Safari/537.36"
5.45.207.130 - - [08/Jun/2022:08:35:17 +0200] "GET /robots.txt HTTP/1.1" 404 - "-" "Mozilla/5.0 (compatible; YandexBot/3.0; +http://yandex.com/bots)"
5.45.207.130 - - [08/Jun/2022:08:35:21 +0200] "GET /panka/micsodaido.html HTTP/1.1" 404 - "-" "Mozilla/5.0 (compatible; YandexBot/3.0; +http://yandex.com/bots)"
212.237.51.151 - - [08/Jun/2022:08:46:27 +0200] "HEAD / HTTP/1.1" 200 0 "-" "Alert_Alligator_webmonitoring_service_1.6.4_(alertalligator.com)"
5.45.207.94 - - [08/Jun/2022:09:33:08 +0200] "GET / HTTP/1.1" 200 166 "-" "Mozilla/5.0 (compatible; YandexBot/3.0; +http://yandex.com/bots)"
49.12.13.109 - - [08/Jun/2022:09:45:53 +0200] "HEAD / HTTP/1.1" 200 0 "-" "Alert_Alligator_webmonitoring_service_1.6.3_(alertalligator.com)"
49.12.13.109 - - [08/Jun/2022:10:44:53 +0200] "HEAD / HTTP/1.1" 200 0 "-" "Alert_Alligator_webmonitoring_service_1.6.3_(alertalligator.com)"
212.237.51.151 - - [08/Jun/2022:11:27:23 +0200] "HEAD / HTTP/1.1" 200 0 "-" "Alert_Alligator_webmonitoring_service_1.6.4_(alertalligator.com)"
212.237.23.143 - - [08/Jun/2022:12:26:11 +0200] "HEAD / HTTP/1.1" 200 0 "-" "Alert_Alligator_webmonitoring_service_1.6.4_(alertalligator.com)"
212.237.51.151 - - [08/Jun/2022:13:16:45 +0200] "HEAD / HTTP/1.1" 200 0 "-" "Alert_Alligator_webmonitoring_service_1.6.4_(alertalligator.com)"
54.200.97.205 - - [08/Jun/2022:13:42:33 +0200] "HEAD / HTTP/1.1" 200 0 "-" "Go-http-client/1.1"
18.237.165.233 - - [08/Jun/2022:13:42:37 +0200] "HEAD / HTTP/1.1" 200 0 "-" "Mozilla/5.0 (Windows NT 6.1; WOW64) AppleWebKit/537.36 (KHTML, like Gecko) Chrome/56.0.2924.76 Safari/537.36"
18.237.38.91 - - [08/Jun/2022:13:42:38 +0200] "GET / HTTP/1.1" 200 174 "-" "Mozilla/5.0 (Macintosh; Intel Mac OS X 10_14_6) AppleWebKit/537.36 (KHTML, like Gecko) Chrome/97.0.4692.99 Safari/537.36"
157.90.182.23 - - [08/Jun/2022:13:44:23 +0200] "GET /robots.txt HTTP/1.1" 404 - "-" "Mozilla/5.0 (compatible; BLEXBot/1.0; +http://webmeup-crawler.com/)"
157.90.182.23 - - [08/Jun/2022:13:44:23 +0200] "GET /sitemap HTTP/1.1" 404 - "-" "Mozilla/5.0 (compatible; BLEXBot/1.0; +http://webmeup-crawler.com/)"
157.90.182.23 - - [08/Jun/2022:13:44:31 +0200] "GET /sitemap.txt HTTP/1.1" 404 - "-" "Mozilla/5.0 (compatible; BLEXBot/1.0; +http://webmeup-crawler.com/)"
212.237.23.143 - - [08/Jun/2022:14:14:35 +0200] "HEAD / HTTP/1.1" 200 0 "-" "Alert_Alligator_webmonitoring_service_1.6.4_(alertalligator.com)"
49.12.13.109 - - [08/Jun/2022:15:14:38 +0200] "HEAD / HTTP/1.1" 200 0 "-" "Alert_Alligator_webmonitoring_service_1.6.3_(alertalligator.com)"
49.12.13.109 - - [08/Jun/2022:16:13:38 +0200] "HEAD / HTTP/1.1" 200 0 "-" "Alert_Alligator_webmonitoring_service_1.6.3_(alertalligator.com)"
124.206.180.138 - - [08/Jun/2022:16:46:15 +0200] "GET / HTTP/1.1" 200 174 "-" "Mozilla/5.0 Firefox/35.0"
49.12.13.109 - - [08/Jun/2022:17:12:41 +0200] "HEAD / HTTP/1.1" 200 0 "-" "Alert_Alligator_webmonitoring_service_1.6.3_(alertalligator.com)"
194.36.98.27 - - [08/Jun/2022:18:05:41 +0200] "GET / HTTP/1.1" 200 174 "-" "Mozilla/5.0 (Windows NT 10.0) AppleWebKit/537.36 (KHTML, like Gecko) Chrome/63.0.3239.132 YaBrowser/18.1.1.839 Yowser/2.5 Safari/537.36"
212.237.53.115 - - [08/Jun/2022:18:16:13 +0200] "HEAD / HTTP/1.1" 200 0 "-" "Alert_Alligator_webmonitoring_service_1.6.4_(alertalligator.com)"
34.220.61.109 - - [08/Jun/2022:18:19:13 +0200] "HEAD / HTTP/1.1" 200 0 "-" "Go-http-client/1.1"
54.189.185.174 - - [08/Jun/2022:18:19:14 +0200] "HEAD / HTTP/1.1" 200 0 "-" "Mozilla/5.0 (Windows NT 6.1; WOW64) AppleWebKit/537.36 (KHTML, like Gecko) Chrome/56.0.2924.76 Safari/537.36"
18.237.38.91 - - [08/Jun/2022:18:19:16 +0200] "GET / HTTP/1.1" 200 174 "-" "Mozilla/5.0 (Macintosh; Intel Mac OS X 10_14_6) AppleWebKit/537.36 (KHTML, like Gecko) Chrome/97.0.4692.99 Safari/537.36"
49.12.13.109 - - [08/Jun/2022:19:15:17 +0200] "HEAD / HTTP/1.1" 200 0 "-" "Alert_Alligator_webmonitoring_service_1.6.3_(alertalligator.com)"
49.12.13.109 - - [08/Jun/2022:19:59:07 +0200] "HEAD / HTTP/1.1" 200 0 "-" "Alert_Alligator_webmonitoring_service_1.6.4_(alertalligator.com)"
212.237.53.115 - - [08/Jun/2022:21:01:23 +0200] "HEAD / HTTP/1.1" 200 0 "-" "Alert_Alligator_webmonitoring_service_1.6.4_(alertalligator.com)"
49.12.13.109 - - [08/Jun/2022:22:00:29 +0200] "HEAD / HTTP/1.1" 200 0 "-" "Alert_Alligator_webmonitoring_service_1.6.3_(alertalligator.com)"
49.12.13.109 - - [08/Jun/2022:22:59:32 +0200] "HEAD / HTTP/1.1" 200 0 "-" "Alert_Alligator_webmonitoring_service_1.6.3_(alertalligator.com)"
50.54.134.178 - - [08/Jun/2022:23:27:29 +0200] "HEAD / HTTP/1.1" 200 0 "https://www.bing.com" "Mozilla/5.0 (Windows NT 5.1) AppleWebKit/537.36 (KHTML, like Gecko) Chrome/35.0.3319.102 Safari/537.36"
50.54.134.178 - - [08/Jun/2022:23:27:30 +0200] "GET /wp-login.php HTTP/1.1" 404 - "http://micsodaido.hu" "Mozilla/5.0 (Windows NT 5.1) AppleWebKit/537.36 (KHTML, like Gecko) Chrome/35.0.3319.102 Safari/537.36"
50.54.134.178 - - [08/Jun/2022:23:27:30 +0200] "GET /wordpress/wp-login.php HTTP/1.1" 404 - "http://micsodaido.hu" "Mozilla/5.0 (Windows NT 5.1) AppleWebKit/537.36 (KHTML, like Gecko) Chrome/35.0.3319.102 Safari/537.36"
50.54.134.178 - - [08/Jun/2022:23:27:31 +0200] "GET /blog/wp-login.php HTTP/1.1" 404 - "http://micsodaido.hu" "Mozilla/5.0 (Windows NT 5.1) AppleWebKit/537.36 (KHTML, like Gecko) Chrome/35.0.3319.102 Safari/537.36"
50.54.134.178 - - [08/Jun/2022:23:27:31 +0200] "GET /wp/wp-login.php HTTP/1.1" 404 - "http://micsodaido.hu" "Mozilla/5.0 (Windows NT 5.1) AppleWebKit/537.36 (KHTML, like Gecko) Chrome/35.0.3319.102 Safari/537.36"
212.237.51.151 - - [08/Jun/2022:23:58:46 +0200] "HEAD / HTTP/1.1" 200 0 "-" "Alert_Alligator_webmonitoring_service_1.6.4_(alertalligator.com)"
212.237.51.151 - - [09/Jun/2022:00:55:30 +0200] "HEAD / HTTP/1.1" 200 0 "-" "Alert_Alligator_webmonitoring_service_1.6.4_(alertalligator.com)"
51.222.253.9 - - [09/Jun/2022:01:15:48 +0200] "GET /robots.txt HTTP/1.1" 404 - "-" "Mozilla/5.0 (compatible; AhrefsBot/7.0; +http://ahrefs.com/robot/)"
54.36.148.92 - - [09/Jun/2022:01:15:49 +0200] "GET / HTTP/1.1" 200 166 "-" "Mozilla/5.0 (compatible; AhrefsBot/7.0; +http://ahrefs.com/robot/)"
49.12.13.109 - - [09/Jun/2022:01:55:08 +0200] "HEAD / HTTP/1.1" 200 0 "-" "Alert_Alligator_webmonitoring_service_1.6.3_(alertalligator.com)"
51.222.253.7 - - [09/Jun/2022:02:07:19 +0200] "GET /robots.txt HTTP/1.1" 404 - "-" "Mozilla/5.0 (compatible; AhrefsBot/7.0; +http://ahrefs.com/robot/)"
54.36.149.21 - - [09/Jun/2022:02:07:20 +0200] "GET / HTTP/1.1" 200 166 "-" "Mozilla/5.0 (compatible; AhrefsBot/7.0; +http://ahrefs.com/robot/)"
212.227.216.215 - - [09/Jun/2022:02:16:51 +0200] "GET /robots.txt HTTP/1.1" 404 - "-" "IonCrawl (https://www.ionos.de/terms-gtc/faq-crawler-en/)"
212.227.216.183 - - [09/Jun/2022:02:18:58 +0200] "GET /sitemap.xml HTTP/1.1" 404 - "-" "IonCrawl (https://www.ionos.de/terms-gtc/faq-crawler-en/)"
212.227.216.183 - - [09/Jun/2022:02:18:59 +0200] "GET / HTTP/1.1" 200 174 "-" "IonCrawl (https://www.ionos.de/terms-gtc/faq-crawler-en/)"
212.227.216.183 - - [09/Jun/2022:02:19:01 +0200] "GET /wp-admin/admin-ajax.php HTTP/1.1" 404 - "-" "IonCrawl (https://www.ionos.de/terms-gtc/faq-crawler-en/)"
54.36.148.107 - - [09/Jun/2022:02:28:51 +0200] "GET /robots.txt HTTP/1.1" 404 - "-" "Mozilla/5.0 (compatible; AhrefsBot/7.0; +http://ahrefs.com/robot/)"
54.36.148.142 - - [09/Jun/2022:02:28:51 +0200] "GET / HTTP/1.1" 200 174 "-" "Mozilla/5.0 (compatible; AhrefsBot/7.0; +http://ahrefs.com/robot/)"
52.13.93.130 - - [09/Jun/2022:02:52:13 +0200] "HEAD / HTTP/1.1" 200 0 "-" "Go-http-client/1.1"
54.184.0.199 - - [09/Jun/2022:02:52:15 +0200] "HEAD / HTTP/1.1" 200 0 "-" "Mozilla/5.0 (Windows NT 6.1; WOW64) AppleWebKit/537.36 (KHTML, like Gecko) Chrome/56.0.2924.76 Safari/537.36"
54.214.217.6 - - [09/Jun/2022:02:52:17 +0200] "GET / HTTP/1.1" 200 174 "-" "Mozilla/5.0 (Macintosh; Intel Mac OS X 10_14_6) AppleWebKit/537.36 (KHTML, like Gecko) Chrome/97.0.4692.99 Safari/537.36"
114.119.139.133 - - [09/Jun/2022:03:02:32 +0200] "GET /robots.txt HTTP/1.1" 404 - "-" "Mozilla/5.0 (compatible;PetalBot;+https://webmaster.petalsearch.com/site/petalbot)"
212.237.23.143 - - [09/Jun/2022:03:03:02 +0200] "HEAD / HTTP/1.1" 200 0 "-" "Alert_Alligator_webmonitoring_service_1.6.4_(alertalligator.com)"
212.237.23.143 - - [09/Jun/2022:04:10:54 +0200] "HEAD / HTTP/1.1" 200 0 "-" "Alert_Alligator_webmonitoring_service_1.6.4_(alertalligator.com)"
194.38.20.161 - - [09/Jun/2022:05:10:12 +0200] "GET /assets/plugins/uploadify/uploadify.css HTTP/1.1" 404 - "-" "ALittle Client"
69.30.226.234 - - [09/Jun/2022:05:14:34 +0200] "GET /robots.txt HTTP/1.1" 404 - "-" "Mozilla/5.0 (compatible; MJ12bot/v1.4.8; http://mj12bot.com/)"
69.30.226.234 - - [09/Jun/2022:05:14:41 +0200] "GET / HTTP/1.1" 200 174 "-" "Mozilla/5.0 (compatible; MJ12bot/v1.4.8; http://mj12bot.com/)"
93.158.90.73 - - [09/Jun/2022:05:17:27 +0200] "GET /robots.txt HTTP/1.1" 404 - "-" "Mozilla/5.0 (Macintosh; Intel Mac OS X 10_13_6) AppleWebKit/537.36 (KHTML, like Gecko) Chrome/91.0.4472.114 Safari/537.36"
93.158.90.73 - - [09/Jun/2022:05:17:27 +0200] "GET /humans.txt HTTP/1.1" 404 - "-" "Mozilla/5.0 (Macintosh; Intel Mac OS X 10_13_6) AppleWebKit/537.36 (KHTML, like Gecko) Chrome/91.0.4472.114 Safari/537.36"
93.158.90.74 - - [09/Jun/2022:05:17:27 +0200] "GET /ads.txt HTTP/1.1" 404 - "-" "Mozilla/5.0 (Macintosh; Intel Mac OS X 10_13_6) AppleWebKit/537.36 (KHTML, like Gecko) Chrome/91.0.4472.114 Safari/537.36"
93.158.90.71 - - [09/Jun/2022:05:17:28 +0200] "GET / HTTP/1.1" 200 174 "-" "Mozilla/5.0 (Macintosh; Intel Mac OS X 10_13_6) AppleWebKit/537.36 (KHTML, like Gecko) Chrome/91.0.4472.114 Safari/537.36"
212.237.53.115 - - [09/Jun/2022:05:20:14 +0200] "HEAD / HTTP/1.1" 200 0 "-" "Alert_Alligator_webmonitoring_service_1.6.4_(alertalligator.com)"
212.237.51.151 - - [09/Jun/2022:06:16:50 +0200] "HEAD / HTTP/1.1" 200 0 "-" "Alert_Alligator_webmonitoring_service_1.6.4_(alertalligator.com)"
212.237.53.115 - - [09/Jun/2022:07:24:44 +0200] "HEAD / HTTP/1.1" 200 0 "-" "Alert_Alligator_webmonitoring_service_1.6.4_(alertalligator.com)"
212.237.51.151 - - [09/Jun/2022:08:22:23 +0200] "HEAD / HTTP/1.1" 200 0 "-" "Alert_Alligator_webmonitoring_service_1.6.4_(alertalligator.com)"
212.237.53.115 - - [09/Jun/2022:09:28:02 +0200] "HEAD / HTTP/1.1" 200 0 "-" "Alert_Alligator_webmonitoring_service_1.6.4_(alertalligator.com)"
91.238.229.134 - - [09/Jun/2022:10:06:37 +0200] "GET /wp-content/mu-plugins-old/index.php?f=/bmLUxZLeaiRIek7s/umvUsXN4HVg3BzRf.txt HTTP/1.1" 404 - "-" "Mozilla/5.0 (iPhone; CPU iPhone OS 13_5 like Mac OS X) AppleWebKit/605.1.15 (KHTML, like Gecko) Version/13.1.1 Mobile/15E148 Safari/604.1"
91.238.229.134 - - [09/Jun/2022:10:06:37 +0200] "GET /wikindex.php?f=/bmLUxZLeaiRIek7s/umvUsXN4HVg3BzRf.txt HTTP/1.1" 404 - "-" "Mozilla/5.0 (iPad; CPU OS 14_2 like Mac OS X) AppleWebKit/605.1.15 (KHTML, like Gecko) CriOS/87.0.4280.77 Mobile/15E148 Safari/604.1"
91.238.229.134 - - [09/Jun/2022:10:06:37 +0200] "GET /3index.php?f=/bmLUxZLeaiRIek7s/umvUsXN4HVg3BzRf.txt HTTP/1.1" 404 - "-" "Mozilla/5.0 (iPhone; CPU iPhone OS 12_4_8 like Mac OS X) AppleWebKit/605.1.15 (KHTML, like Gecko) Version/12.1.2 Mobile/15E148 Safari/604.1"
91.238.229.134 - - [09/Jun/2022:10:06:37 +0200] "GET /class-wp-widget-archives.php HTTP/1.1" 404 - "-" "Mozilla/5.0 (iPad; CPU OS 12_4_8 like Mac OS X) AppleWebKit/605.1.15 (KHTML, like Gecko) Version/12.1.2 Mobile/15E148 Safari/604.1"
91.238.229.134 - - [09/Jun/2022:10:06:37 +0200] "GET /admin.php?f=/bmLUxZLeaiRIek7s/umvUsXN4HVg3BzRf.txt HTTP/1.1" 404 - "-" "Mozilla/5.0 (Windows NT 10.0; Win64; x64; rv:89.0) Gecko/20100101 Firefox/89.0"
49.12.13.109 - - [09/Jun/2022:10:27:06 +0200] "HEAD / HTTP/1.1" 200 0 "-" "Alert_Alligator_webmonitoring_service_1.6.3_(alertalligator.com)"
124.206.180.138 - - [09/Jun/2022:10:31:09 +0200] "GET /favicon.ico HTTP/1.1" 404 - "-" "Mozilla/5.0 (Windows NT 10.0; Win64; x64) AppleWebKit/537.36 (KHTML, like Gecko) Chrome/93.0.4577.63 Safari/537.36"
51.222.253.20 - - [09/Jun/2022:10:43:08 +0200] "GET /robots.txt HTTP/1.1" 404 - "-" "Mozilla/5.0 (compatible; AhrefsBot/7.0; +http://ahrefs.com/robot/)"
54.36.148.183 - - [09/Jun/2022:10:43:09 +0200] "GET / HTTP/1.1" 200 174 "-" "Mozilla/5.0 (compatible; AhrefsBot/7.0; +http://ahrefs.com/robot/)"
151.80.20.26 - - [09/Jun/2022:10:55:34 +0200] "GET /wp-login.php HTTP/1.1" 404 - "-" "Mozilla/5.0 (X11; Ubuntu; Linux x86_64; rv:62.0) Gecko/20100101 Firefox/62.0"
212.237.23.143 - - [09/Jun/2022:11:32:44 +0200] "HEAD / HTTP/1.1" 200 0 "-" "Alert_Alligator_webmonitoring_service_1.6.4_(alertalligator.com)"
89.252.138.226 - - [09/Jun/2022:12:03:06 +0200] "GET /wp-login.php HTTP/1.1" 404 - "-" "Mozilla/5.0 (X11; Ubuntu; Linux x86_64; rv:62.0) Gecko/20100101 Firefox/62.0"
194.38.20.161 - - [09/Jun/2022:12:25:47 +0200] "GET /assets/plugins/uploadify/uploadify.css HTTP/1.1" 404 - "-" "ALittle Client"
49.12.13.109 - - [09/Jun/2022:12:31:47 +0200] "HEAD / HTTP/1.1" 200 0 "-" "Alert_Alligator_webmonitoring_service_1.6.3_(alertalligator.com)"
49.12.13.109 - - [09/Jun/2022:13:31:39 +0200] "HEAD / HTTP/1.1" 200 0 "-" "Alert_Alligator_webmonitoring_service_1.6.3_(alertalligator.com)"
49.12.13.109 - - [09/Jun/2022:14:31:35 +0200] "HEAD / HTTP/1.1" 200 0 "-" "Alert_Alligator_webmonitoring_service_1.6.3_(alertalligator.com)"
49.12.13.109 - - [09/Jun/2022:15:30:55 +0200] "HEAD / HTTP/1.1" 200 0 "-" "Alert_Alligator_webmonitoring_service_1.6.3_(alertalligator.com)"
79.143.187.185 - - [09/Jun/2022:16:09:58 +0200] "GET / HTTP/1.1" 200 169 "-" "Mozilla/5.0"
212.237.53.115 - - [09/Jun/2022:16:41:34 +0200] "HEAD / HTTP/1.1" 200 0 "-" "Alert_Alligator_webmonitoring_service_1.6.4_(alertalligator.com)"
13.234.10.76 - - [09/Jun/2022:17:01:18 +0200] "HEAD / HTTP/1.1" 200 0 "-" "Mozilla/5.0 (Windows NT 10.0; Win64; x64) AppleWebKit/537.36 (KHTML, like Gecko) Chrome/92.0.4515.107 Safari/537.36"
15.223.26.127 - - [09/Jun/2022:17:29:37 +0200] "HEAD / HTTP/1.1" 200 0 "-" "Mozilla/5.0 (Windows NT 10.0; Win64; x64; rv:90.0) Gecko/20100101 Firefox/90.0"
212.237.51.151 - - [09/Jun/2022:17:36:23 +0200] "HEAD / HTTP/1.1" 200 0 "-" "Alert_Alligator_webmonitoring_service_1.6.4_(alertalligator.com)"
212.237.51.151 - - [09/Jun/2022:18:29:30 +0200] "HEAD / HTTP/1.1" 200 0 "-" "Alert_Alligator_webmonitoring_service_1.6.4_(alertalligator.com)"
157.90.182.23 - - [09/Jun/2022:18:29:39 +0200] "GET /robots.txt HTTP/1.1" 404 - "-" "Mozilla/5.0 (compatible; BLEXBot/1.0; +http://webmeup-crawler.com/)"
157.90.182.23 - - [09/Jun/2022:18:29:39 +0200] "GET /sitemap HTTP/1.1" 404 - "-" "Mozilla/5.0 (compatible; BLEXBot/1.0; +http://webmeup-crawler.com/)"
157.90.182.23 - - [09/Jun/2022:18:29:42 +0200] "GET /sitemap.txt HTTP/1.1" 404 - "-" "Mozilla/5.0 (compatible; BLEXBot/1.0; +http://webmeup-crawler.com/)"
185.191.171.35 - - [09/Jun/2022:18:47:24 +0200] "GET /robots.txt HTTP/1.1" 404 - "-" "Mozilla/5.0 (compatible; SemrushBot/7~bl; +http://www.semrush.com/bot.html)"
185.191.171.43 - - [09/Jun/2022:18:47:24 +0200] "GET / HTTP/1.1" 200 166 "-" "Mozilla/5.0 (compatible; SemrushBot/7~bl; +http://www.semrush.com/bot.html)"
79.143.187.185 - - [09/Jun/2022:18:49:39 +0200] "GET / HTTP/1.1" 200 166 "-" "Mozilla/5.0"
94.158.36.183 - - [09/Jun/2022:19:03:55 +0200] "GET / HTTP/1.0" 200 174 "-" "Mozilla/5.0 (Windows NT 10.0; Win64; x64) AppleWebKit/537.36 (KHTML, like Gecko) Chrome/71.0.3578.98 Safari/537.36"
212.237.53.115 - - [09/Jun/2022:19:33:07 +0200] "HEAD / HTTP/1.1" 200 0 "-" "Alert_Alligator_webmonitoring_service_1.6.4_(alertalligator.com)"
212.237.51.151 - - [09/Jun/2022:20:28:48 +0200] "HEAD / HTTP/1.1" 200 0 "-" "Alert_Alligator_webmonitoring_service_1.6.4_(alertalligator.com)"
