157.55.39.125 - - [13/Jun/2022:18:24:47 +0200] "GET / HTTP/1.1" 304 - "-" "Mozilla/5.0 (compatible; bingbot/2.0; +http://www.bing.com/bingbot.htm)"
212.237.23.143 - - [13/Jun/2022:18:49:01 +0200] "HEAD / HTTP/1.1" 200 0 "-" "Alert_Alligator_webmonitoring_service_1.6.4_(alertalligator.com)"
151.232.161.135 - - [13/Jun/2022:19:33:36 +0200] "POST / HTTP/1.1" 405 - "-" "Mozilla/5.0 (Windows NT 6.0) AppleWebKit/535.1 (KHTML, like Gecko) Chrome/13.0.782.112 Safari/535.1"
212.237.23.143 - - [13/Jun/2022:19:45:51 +0200] "HEAD / HTTP/1.1" 200 0 "-" "Alert_Alligator_webmonitoring_service_1.6.4_(alertalligator.com)"
194.38.20.161 - - [13/Jun/2022:19:54:41 +0200] "GET /files/index.php?file=tf2rghf.jpg HTTP/1.1" 404 - "-" "ALittle Client"
212.237.51.151 - - [13/Jun/2022:20:27:03 +0200] "HEAD / HTTP/1.1" 200 0 "-" "Alert_Alligator_webmonitoring_service_1.6.4_(alertalligator.com)"
212.237.53.115 - - [13/Jun/2022:21:18:27 +0200] "HEAD / HTTP/1.1" 200 0 "-" "Alert_Alligator_webmonitoring_service_1.6.4_(alertalligator.com)"
212.237.51.151 - - [13/Jun/2022:22:00:40 +0200] "HEAD / HTTP/1.1" 200 0 "-" "Alert_Alligator_webmonitoring_service_1.6.4_(alertalligator.com)"
34.221.25.41 - - [13/Jun/2022:22:28:21 +0200] "GET / HTTP/1.1" 200 174 "-" "Mozilla/5.0 (X11; Linux x86_64) AppleWebKit/537.36 (KHTML, like Gecko) Chrome/83.0.4103.97 Safari/537.36"
54.201.102.116 - - [13/Jun/2022:22:35:47 +0200] "GET /favicon.ico HTTP/1.1" 404 - "-" "Mozilla/5.0 (X11; Linux x86_64) AppleWebKit/537.36 (KHTML, like Gecko) Chrome/83.0.4103.97 Safari/537.36"
54.201.102.116 - - [13/Jun/2022:22:35:49 +0200] "GET / HTTP/1.1" 200 174 "-" "Mozilla/5.0 (X11; Linux x86_64) AppleWebKit/537.36 (KHTML, like Gecko) Chrome/83.0.4103.97 Safari/537.36"
18.237.228.201 - - [13/Jun/2022:22:37:16 +0200] "GET /favicon.ico HTTP/1.1" 404 - "-" "Mozilla/5.0 (X11; Linux x86_64) AppleWebKit/537.36 (KHTML, like Gecko) Chrome/83.0.4103.97 Safari/537.36"
18.237.228.201 - - [13/Jun/2022:22:37:17 +0200] "GET / HTTP/1.1" 200 174 "-" "Mozilla/5.0 (X11; Linux x86_64) AppleWebKit/537.36 (KHTML, like Gecko) Chrome/83.0.4103.97 Safari/537.36"
212.237.51.151 - - [13/Jun/2022:22:41:40 +0200] "HEAD / HTTP/1.1" 200 0 "-" "Alert_Alligator_webmonitoring_service_1.6.4_(alertalligator.com)"
212.237.53.115 - - [13/Jun/2022:23:41:12 +0200] "HEAD / HTTP/1.1" 200 0 "-" "Alert_Alligator_webmonitoring_service_1.6.4_(alertalligator.com)"
114.119.137.7 - - [14/Jun/2022:00:20:22 +0200] "GET /robots.txt HTTP/1.1" 404 - "-" "Mozilla/5.0 (compatible;PetalBot;+https://webmaster.petalsearch.com/site/petalbot)"
212.237.51.151 - - [14/Jun/2022:00:37:12 +0200] "HEAD / HTTP/1.1" 200 0 "-" "Alert_Alligator_webmonitoring_service_1.6.4_(alertalligator.com)"
51.222.253.15 - - [14/Jun/2022:01:07:21 +0200] "GET /robots.txt HTTP/1.1" 404 - "-" "Mozilla/5.0 (compatible; AhrefsBot/7.0; +http://ahrefs.com/robot/)"
54.36.148.113 - - [14/Jun/2022:01:07:22 +0200] "GET / HTTP/1.1" 200 166 "-" "Mozilla/5.0 (compatible; AhrefsBot/7.0; +http://ahrefs.com/robot/)"
212.237.51.151 - - [14/Jun/2022:01:40:45 +0200] "HEAD / HTTP/1.1" 200 0 "-" "Alert_Alligator_webmonitoring_service_1.6.4_(alertalligator.com)"
54.36.148.188 - - [14/Jun/2022:02:00:29 +0200] "GET /robots.txt HTTP/1.1" 404 - "-" "Mozilla/5.0 (compatible; AhrefsBot/7.0; +http://ahrefs.com/robot/)"
54.36.148.74 - - [14/Jun/2022:02:00:30 +0200] "GET / HTTP/1.1" 200 166 "-" "Mozilla/5.0 (compatible; AhrefsBot/7.0; +http://ahrefs.com/robot/)"
45.129.18.122 - - [14/Jun/2022:02:30:15 +0200] "GET / HTTP/1.1" 200 174 "-" "Mozilla/5.0 (Macintosh; Intel Mac OS X 10_11_5) AppleWebKit/537.36 (KHTML, like Gecko) Chrome/51.0.2704.84 Safari/537.36"
49.12.13.109 - - [14/Jun/2022:02:40:24 +0200] "HEAD / HTTP/1.1" 200 0 "-" "Alert_Alligator_webmonitoring_service_1.6.3_(alertalligator.com)"
212.237.53.115 - - [14/Jun/2022:03:38:16 +0200] "HEAD / HTTP/1.1" 200 0 "-" "Alert_Alligator_webmonitoring_service_1.6.4_(alertalligator.com)"
51.15.233.181 - - [14/Jun/2022:03:39:48 +0200] "HEAD / HTTP/1.1" 200 0 "-" "Mozilla/5.0 (Macintosh; Intel Mac OS X 10_15_7) AppleWebKit/537.36 (KHTML, like Gecko) Chrome/97.0.4692.99 Safari/537.36"
51.15.233.181 - - [14/Jun/2022:03:39:48 +0200] "HEAD / HTTP/1.1" 200 0 "-" "Mozilla/5.0 (Macintosh; Intel Mac OS X 10_15_7) AppleWebKit/537.36 (KHTML, like Gecko) Chrome/97.0.4692.99 Safari/537.36"
51.158.96.200 - - [14/Jun/2022:04:27:07 +0200] "GET / HTTP/1.1" 200 166 "-" "Mozilla/5.0 (Windows NT 10.0; Win64; x64) AppleWebKit/537.36 (KHTML, like Gecko) Chrome/97.0.4692.99 Safari/537.36"
49.12.13.109 - - [14/Jun/2022:04:37:19 +0200] "HEAD / HTTP/1.1" 200 0 "-" "Alert_Alligator_webmonitoring_service_1.6.3_(alertalligator.com)"
162.55.86.53 - - [14/Jun/2022:04:55:16 +0200] "GET /robots.txt HTTP/1.1" 404 - "-" "Mozilla/5.0 (compatible; BLEXBot/1.0; +http://webmeup-crawler.com/)"
162.55.86.53 - - [14/Jun/2022:04:55:16 +0200] "GET /sitemap HTTP/1.1" 404 - "-" "Mozilla/5.0 (compatible; BLEXBot/1.0; +http://webmeup-crawler.com/)"
162.55.86.53 - - [14/Jun/2022:04:55:19 +0200] "GET /sitemap.txt HTTP/1.1" 404 - "-" "Mozilla/5.0 (compatible; BLEXBot/1.0; +http://webmeup-crawler.com/)"
212.47.252.158 - - [14/Jun/2022:05:04:12 +0200] "GET / HTTP/1.1" 200 166 "-" "Mozilla/5.0 (Windows NT 10.0; Win64; x64) AppleWebKit/537.36 (KHTML, like Gecko) Chrome/101.0.4950.0 Safari/537.36"
212.237.23.143 - - [14/Jun/2022:05:39:04 +0200] "HEAD / HTTP/1.1" 200 0 "-" "Alert_Alligator_webmonitoring_service_1.6.4_(alertalligator.com)"
67.227.32.203 - - [14/Jun/2022:05:56:54 +0200] "GET / HTTP/1.1" 200 174 "-" "Mozilla/5.0 (Windows NT 10.0; Win64; x64) AppleWebKit/537.36 (KHTML, like Gecko) Chrome/95.0.4638.69 Safari/537.36"
49.12.13.109 - - [14/Jun/2022:06:38:26 +0200] "HEAD / HTTP/1.1" 200 0 "-" "Alert_Alligator_webmonitoring_service_1.6.3_(alertalligator.com)"
205.210.31.150 - - [14/Jun/2022:06:59:04 +0200] "GET / HTTP/1.1" 200 174 "-" "Expanse, a Palo Alto Networks company, searches across the global IPv4 space multiple times per day to identify customers' presences on the Internet. If you would like to be excluded from our scans, please send IP addresses/domains to: scaninfo@paloaltonetworks.com"
212.237.23.143 - - [14/Jun/2022:07:37:08 +0200] "HEAD / HTTP/1.1" 200 0 "-" "Alert_Alligator_webmonitoring_service_1.6.4_(alertalligator.com)"
124.206.180.144 - - [14/Jun/2022:08:04:50 +0200] "GET /favicon.ico HTTP/1.1" 404 - "-" "Mozilla/5.0 (Windows NT 10.0; Win64; x64) AppleWebKit/537.36 (KHTML, like Gecko) Chrome/93.0.4577.63 Safari/537.36"
49.12.13.109 - - [14/Jun/2022:08:36:13 +0200] "HEAD / HTTP/1.1" 200 0 "-" "Alert_Alligator_webmonitoring_service_1.6.3_(alertalligator.com)"
212.237.53.115 - - [14/Jun/2022:09:36:59 +0200] "HEAD / HTTP/1.1" 200 0 "-" "Alert_Alligator_webmonitoring_service_1.6.4_(alertalligator.com)"
212.237.51.151 - - [14/Jun/2022:10:20:26 +0200] "HEAD / HTTP/1.1" 200 0 "-" "Alert_Alligator_webmonitoring_service_1.6.4_(alertalligator.com)"
54.91.251.108 - - [14/Jun/2022:11:11:33 +0200] "GET /.env HTTP/1.1" 404 - "-" "Mozilla/5.0 (Windows NT 6.1) AppleWebKit/537.36 (KHTML, like Gecko) Chrome/86.0.4240.183 Safari/537.36"
54.91.251.108 - - [14/Jun/2022:11:11:34 +0200] "GET /conf/.env HTTP/1.1" 404 - "-" "Mozilla/5.0 (Windows NT 6.1) AppleWebKit/537.36 (KHTML, like Gecko) Chrome/86.0.4240.183 Safari/537.36"
54.91.251.108 - - [14/Jun/2022:11:11:34 +0200] "GET /wp-content/.env HTTP/1.1" 404 - "-" "Mozilla/5.0 (Windows NT 6.1) AppleWebKit/537.36 (KHTML, like Gecko) Chrome/86.0.4240.183 Safari/537.36"
54.91.251.108 - - [14/Jun/2022:11:11:34 +0200] "GET /wp-admin/.env HTTP/1.1" 404 - "-" "Mozilla/5.0 (Windows NT 6.1) AppleWebKit/537.36 (KHTML, like Gecko) Chrome/86.0.4240.183 Safari/537.36"
54.91.251.108 - - [14/Jun/2022:11:11:34 +0200] "GET /library/.env HTTP/1.1" 404 - "-" "Mozilla/5.0 (Windows NT 6.1) AppleWebKit/537.36 (KHTML, like Gecko) Chrome/86.0.4240.183 Safari/537.36"
54.91.251.108 - - [14/Jun/2022:11:11:35 +0200] "GET /new/.env HTTP/1.1" 404 - "-" "Mozilla/5.0 (Windows NT 6.1) AppleWebKit/537.36 (KHTML, like Gecko) Chrome/86.0.4240.183 Safari/537.36"
54.91.251.108 - - [14/Jun/2022:11:11:35 +0200] "GET /vendor/.env HTTP/1.1" 404 - "-" "Mozilla/5.0 (Windows NT 6.1) AppleWebKit/537.36 (KHTML, like Gecko) Chrome/86.0.4240.183 Safari/537.36"
54.91.251.108 - - [14/Jun/2022:11:11:35 +0200] "GET /old/.env HTTP/1.1" 404 - "-" "Mozilla/5.0 (Windows NT 6.1) AppleWebKit/537.36 (KHTML, like Gecko) Chrome/86.0.4240.183 Safari/537.36"
54.91.251.108 - - [14/Jun/2022:11:11:35 +0200] "GET /local/.env HTTP/1.1" 404 - "-" "Mozilla/5.0 (Windows NT 6.1) AppleWebKit/537.36 (KHTML, like Gecko) Chrome/86.0.4240.183 Safari/537.36"
54.91.251.108 - - [14/Jun/2022:11:11:36 +0200] "GET /api/.env HTTP/1.1" 404 - "-" "Mozilla/5.0 (Windows NT 6.1) AppleWebKit/537.36 (KHTML, like Gecko) Chrome/86.0.4240.183 Safari/537.36"
54.91.251.108 - - [14/Jun/2022:11:11:36 +0200] "GET /blog/.env HTTP/1.1" 404 - "-" "Mozilla/5.0 (Windows NT 6.1) AppleWebKit/537.36 (KHTML, like Gecko) Chrome/86.0.4240.183 Safari/537.36"
54.91.251.108 - - [14/Jun/2022:11:11:36 +0200] "GET /crm/.env HTTP/1.1" 404 - "-" "Mozilla/5.0 (Windows NT 6.1) AppleWebKit/537.36 (KHTML, like Gecko) Chrome/86.0.4240.183 Safari/537.36"
54.91.251.108 - - [14/Jun/2022:11:11:36 +0200] "GET /admin/.env HTTP/1.1" 404 - "-" "Mozilla/5.0 (Windows NT 6.1) AppleWebKit/537.36 (KHTML, like Gecko) Chrome/86.0.4240.183 Safari/537.36"
54.91.251.108 - - [14/Jun/2022:11:11:37 +0200] "GET /laravel/.env HTTP/1.1" 404 - "-" "Mozilla/5.0 (Windows NT 6.1) AppleWebKit/537.36 (KHTML, like Gecko) Chrome/86.0.4240.183 Safari/537.36"
54.91.251.108 - - [14/Jun/2022:11:11:37 +0200] "GET /app/.env HTTP/1.1" 404 - "-" "Mozilla/5.0 (Windows NT 6.1) AppleWebKit/537.36 (KHTML, like Gecko) Chrome/86.0.4240.183 Safari/537.36"
54.91.251.108 - - [14/Jun/2022:11:11:37 +0200] "GET /app/config/.env HTTP/1.1" 404 - "-" "Mozilla/5.0 (Windows NT 6.1) AppleWebKit/537.36 (KHTML, like Gecko) Chrome/86.0.4240.183 Safari/537.36"
54.91.251.108 - - [14/Jun/2022:11:11:37 +0200] "GET /apps/.env HTTP/1.1" 404 - "-" "Mozilla/5.0 (Windows NT 6.1) AppleWebKit/537.36 (KHTML, like Gecko) Chrome/86.0.4240.183 Safari/537.36"
54.91.251.108 - - [14/Jun/2022:11:11:38 +0200] "GET /audio/.env HTTP/1.1" 404 - "-" "Mozilla/5.0 (Windows NT 6.1) AppleWebKit/537.36 (KHTML, like Gecko) Chrome/86.0.4240.183 Safari/537.36"
54.91.251.108 - - [14/Jun/2022:11:11:38 +0200] "GET /cgi-bin/.env HTTP/1.1" 404 - "-" "Mozilla/5.0 (Windows NT 6.1) AppleWebKit/537.36 (KHTML, like Gecko) Chrome/86.0.4240.183 Safari/537.36"
54.91.251.108 - - [14/Jun/2022:11:11:38 +0200] "GET /backend/.env HTTP/1.1" 404 - "-" "Mozilla/5.0 (Windows NT 6.1) AppleWebKit/537.36 (KHTML, like Gecko) Chrome/86.0.4240.183 Safari/537.36"
54.91.251.108 - - [14/Jun/2022:11:11:38 +0200] "GET /src/.env HTTP/1.1" 404 - "-" "Mozilla/5.0 (Windows NT 6.1) AppleWebKit/537.36 (KHTML, like Gecko) Chrome/86.0.4240.183 Safari/537.36"
54.91.251.108 - - [14/Jun/2022:11:11:39 +0200] "GET /base/.env HTTP/1.1" 404 - "-" "Mozilla/5.0 (Windows NT 6.1) AppleWebKit/537.36 (KHTML, like Gecko) Chrome/86.0.4240.183 Safari/537.36"
54.91.251.108 - - [14/Jun/2022:11:11:39 +0200] "GET /core/.env HTTP/1.1" 404 - "-" "Mozilla/5.0 (Windows NT 6.1) AppleWebKit/537.36 (KHTML, like Gecko) Chrome/86.0.4240.183 Safari/537.36"
54.91.251.108 - - [14/Jun/2022:11:11:39 +0200] "GET /vendor/laravel/.env HTTP/1.1" 404 - "-" "Mozilla/5.0 (Windows NT 6.1) AppleWebKit/537.36 (KHTML, like Gecko) Chrome/86.0.4240.183 Safari/537.36"
54.91.251.108 - - [14/Jun/2022:11:11:39 +0200] "GET /storage/.env HTTP/1.1" 404 - "-" "Mozilla/5.0 (Windows NT 6.1) AppleWebKit/537.36 (KHTML, like Gecko) Chrome/86.0.4240.183 Safari/537.36"
54.91.251.108 - - [14/Jun/2022:11:11:40 +0200] "GET /protected/.env HTTP/1.1" 404 - "-" "Mozilla/5.0 (Windows NT 6.1) AppleWebKit/537.36 (KHTML, like Gecko) Chrome/86.0.4240.183 Safari/537.36"
54.91.251.108 - - [14/Jun/2022:11:11:40 +0200] "GET /newsite/.env HTTP/1.1" 404 - "-" "Mozilla/5.0 (Windows NT 6.1) AppleWebKit/537.36 (KHTML, like Gecko) Chrome/86.0.4240.183 Safari/537.36"
54.91.251.108 - - [14/Jun/2022:11:11:40 +0200] "GET /www/.env HTTP/1.1" 404 - "-" "Mozilla/5.0 (Windows NT 6.1) AppleWebKit/537.36 (KHTML, like Gecko) Chrome/86.0.4240.183 Safari/537.36"
54.91.251.108 - - [14/Jun/2022:11:11:40 +0200] "GET /sites/all/libraries/mailchimp/.env HTTP/1.1" 404 - "-" "Mozilla/5.0 (Windows NT 6.1) AppleWebKit/537.36 (KHTML, like Gecko) Chrome/86.0.4240.183 Safari/537.36"
54.91.251.108 - - [14/Jun/2022:11:11:40 +0200] "GET /database/.env HTTP/1.1" 404 - "-" "Mozilla/5.0 (Windows NT 6.1) AppleWebKit/537.36 (KHTML, like Gecko) Chrome/86.0.4240.183 Safari/537.36"
54.91.251.108 - - [14/Jun/2022:11:11:41 +0200] "GET /public/.env HTTP/1.1" 404 - "-" "Mozilla/5.0 (Windows NT 6.1) AppleWebKit/537.36 (KHTML, like Gecko) Chrome/86.0.4240.183 Safari/537.36"
54.91.251.108 - - [14/Jun/2022:11:11:41 +0200] "GET /micsodaido.hu/.env HTTP/1.1" 404 - "-" "Mozilla/5.0 (Windows NT 6.1) AppleWebKit/537.36 (KHTML, like Gecko) Chrome/86.0.4240.183 Safari/537.36"
54.91.251.108 - - [14/Jun/2022:11:11:41 +0200] "POST / HTTP/1.1" 405 - "-" "Mozilla/5.0 (Windows NT 6.1) AppleWebKit/537.36 (KHTML, like Gecko) Chrome/86.0.4240.183 Safari/537.36"
54.91.251.108 - - [14/Jun/2022:11:11:41 +0200] "GET /vendor/phpunit/phpunit/src/Util/PHP/eval-stdin.php HTTP/1.1" 404 - "-" "Mozilla/5.0 (Windows NT 6.1) AppleWebKit/537.36 (KHTML, like Gecko) Chrome/86.0.4240.183 Safari/537.36"
212.237.53.115 - - [14/Jun/2022:11:17:28 +0200] "HEAD / HTTP/1.1" 200 0 "-" "Alert_Alligator_webmonitoring_service_1.6.4_(alertalligator.com)"
185.83.146.154 - - [14/Jun/2022:11:46:15 +0200] "GET /.env HTTP/1.1" 404 - "-" "Mozilla/5.0 (X11; Linux x86_64) AppleWebKit/537.36 (KHTML, like Gecko) Chrome/81.0.4044.129 Safari/537.36"
212.237.53.115 - - [14/Jun/2022:12:15:23 +0200] "HEAD / HTTP/1.1" 200 0 "-" "Alert_Alligator_webmonitoring_service_1.6.4_(alertalligator.com)"
64.246.165.210 - - [14/Jun/2022:13:08:48 +0200] "GET /robots.txt HTTP/1.0" 404 - "-" "Mozilla/5.0 (Macintosh; Intel Mac OS X 10.10; rv:59.0) Gecko/20100101 Firefox/59.0"
64.246.165.210 - - [14/Jun/2022:13:08:49 +0200] "GET / HTTP/1.1" 200 174 "-" "Mozilla/5.0 (Macintosh; Intel Mac OS X 10.10; rv:59.0) Gecko/20100101 Firefox/59.0"
49.12.13.109 - - [14/Jun/2022:13:14:40 +0200] "HEAD / HTTP/1.1" 200 0 "-" "Alert_Alligator_webmonitoring_service_1.6.3_(alertalligator.com)"
49.12.13.109 - - [14/Jun/2022:14:13:55 +0200] "HEAD / HTTP/1.1" 200 0 "-" "Alert_Alligator_webmonitoring_service_1.6.3_(alertalligator.com)"
88.198.25.244 - - [14/Jun/2022:15:03:45 +0200] "GET / HTTP/1.1" 200 166 "-" "Mozilla/5.0 (compatible; MegaIndex.ru/2.0; +http://megaindex.com/crawler)"
212.237.23.143 - - [14/Jun/2022:15:15:00 +0200] "HEAD / HTTP/1.1" 200 0 "-" "Alert_Alligator_webmonitoring_service_1.6.4_(alertalligator.com)"
212.237.53.115 - - [14/Jun/2022:16:12:33 +0200] "HEAD / HTTP/1.1" 200 0 "-" "Alert_Alligator_webmonitoring_service_1.6.4_(alertalligator.com)"
212.237.53.115 - - [14/Jun/2022:17:13:15 +0200] "HEAD / HTTP/1.1" 200 0 "-" "Alert_Alligator_webmonitoring_service_1.6.4_(alertalligator.com)"
34.217.193.0 - - [14/Jun/2022:17:26:32 +0200] "GET / HTTP/1.1" 200 166 "-" "Mozilla/5.0 (X11; Linux x86_64) AppleWebKit/537.36 (KHTML, like Gecko) Chrome/83.0.4103.97 Safari/537.36"
35.88.237.135 - - [14/Jun/2022:17:29:48 +0200] "GET /favicon.ico HTTP/1.1" 404 - "-" "Mozilla/5.0 (X11; Linux x86_64) AppleWebKit/537.36 (KHTML, like Gecko) Chrome/83.0.4103.97 Safari/537.36"
35.88.237.135 - - [14/Jun/2022:17:29:49 +0200] "GET / HTTP/1.1" 200 166 "-" "Mozilla/5.0 (X11; Linux x86_64) AppleWebKit/537.36 (KHTML, like Gecko) Chrome/83.0.4103.97 Safari/537.36"
194.163.159.35 - - [14/Jun/2022:17:44:39 +0200] "GET /wp-login.php HTTP/1.1" 404 - "-" "Mozilla/5.0 (Windows NT 10.0; Win64; x64; rv:96.0) Gecko/20100101 Firefox/96"
66.249.70.123 - - [14/Jun/2022:18:06:21 +0200] "GET /robots.txt HTTP/1.1" 404 - "-" "Mozilla/5.0 (compatible; Googlebot/2.1; +http://www.google.com/bot.html)"
66.249.70.125 - - [14/Jun/2022:18:06:22 +0200] "GET / HTTP/1.1" 200 174 "-" "Mozilla/5.0 (Linux; Android 6.0.1; Nexus 5X Build/MMB29P) AppleWebKit/537.36 (KHTML, like Gecko) Chrome/102.0.5005.115 Mobile Safari/537.36 (compatible; Googlebot/2.1; +http://www.google.com/bot.html)"
212.237.23.143 - - [14/Jun/2022:18:09:00 +0200] "HEAD / HTTP/1.1" 200 0 "-" "Alert_Alligator_webmonitoring_service_1.6.4_(alertalligator.com)"
212.237.23.143 - - [14/Jun/2022:19:03:50 +0200] "HEAD / HTTP/1.1" 200 0 "-" "Alert_Alligator_webmonitoring_service_1.6.4_(alertalligator.com)"
49.12.13.109 - - [14/Jun/2022:19:46:36 +0200] "HEAD / HTTP/1.1" 200 0 "-" "Alert_Alligator_webmonitoring_service_1.6.4_(alertalligator.com)"
205.210.31.27 - - [14/Jun/2022:20:01:53 +0200] "GET / HTTP/1.1" 200 166 "-" "Expanse, a Palo Alto Networks company, searches across the global IPv4 space multiple times per day to identify customers' presences on the Internet. If you would like to be excluded from our scans, please send IP addresses/domains to: scaninfo@paloaltonetworks.com"
212.237.51.151 - - [14/Jun/2022:20:30:05 +0200] "HEAD / HTTP/1.1" 200 0 "-" "Alert_Alligator_webmonitoring_service_1.6.4_(alertalligator.com)"
192.53.174.240 - - [14/Jun/2022:20:37:45 +0200] "GET /wp-login.php HTTP/1.1" 404 - "-" "Mozilla/5.0 (Windows NT 10.0; Win64; x64; rv:96.0) Gecko/20100101 Firefox/96"
157.90.182.23 - - [14/Jun/2022:21:27:35 +0200] "GET /robots.txt HTTP/1.1" 404 - "-" "Mozilla/5.0 (compatible; BLEXBot/1.0; +http://webmeup-crawler.com/)"
157.90.182.23 - - [14/Jun/2022:21:27:35 +0200] "GET / HTTP/1.1" 200 166 "-" "Mozilla/5.0 (compatible; BLEXBot/1.0; +http://webmeup-crawler.com/)"
212.237.53.115 - - [14/Jun/2022:21:30:18 +0200] "HEAD / HTTP/1.1" 200 0 "-" "Alert_Alligator_webmonitoring_service_1.6.4_(alertalligator.com)"
5.45.207.130 - - [14/Jun/2022:21:35:36 +0200] "GET /robots.txt HTTP/1.1" 404 - "-" "Mozilla/5.0 (compatible; YandexBot/3.0; +http://yandex.com/bots)"
5.45.207.130 - - [14/Jun/2022:21:35:40 +0200] "GET / HTTP/1.1" 200 166 "-" "Mozilla/5.0 (compatible; YandexBot/3.0; +http://yandex.com/bots)"
212.237.53.115 - - [14/Jun/2022:22:27:30 +0200] "HEAD / HTTP/1.1" 200 0 "-" "Alert_Alligator_webmonitoring_service_1.6.4_(alertalligator.com)"
34.215.123.7 - - [14/Jun/2022:22:49:09 +0200] "GET / HTTP/1.1" 200 174 "-" "Mozilla/5.0 (X11; Linux x86_64) AppleWebKit/537.36 (KHTML, like Gecko) Chrome/83.0.4103.97 Safari/537.36"
54.212.238.226 - - [14/Jun/2022:22:49:43 +0200] "GET /favicon.ico HTTP/1.1" 404 - "-" "Mozilla/5.0 (X11; Linux x86_64) AppleWebKit/537.36 (KHTML, like Gecko) Chrome/83.0.4103.97 Safari/537.36"
54.212.238.226 - - [14/Jun/2022:22:49:44 +0200] "GET / HTTP/1.1" 200 174 "-" "Mozilla/5.0 (X11; Linux x86_64) AppleWebKit/537.36 (KHTML, like Gecko) Chrome/83.0.4103.97 Safari/537.36"
212.237.51.151 - - [14/Jun/2022:23:11:54 +0200] "HEAD / HTTP/1.1" 200 0 "-" "Alert_Alligator_webmonitoring_service_1.6.4_(alertalligator.com)"
212.237.53.115 - - [15/Jun/2022:00:11:47 +0200] "HEAD / HTTP/1.1" 200 0 "-" "Alert_Alligator_webmonitoring_service_1.6.4_(alertalligator.com)"
66.220.149.13 - - [15/Jun/2022:00:47:14 +0200] "GET /robots.txt HTTP/1.1" 404 - "-" "facebookexternalhit/1.1 (+http://www.facebook.com/externalhit_uatext.php)"
66.220.149.116 - - [15/Jun/2022:00:47:25 +0200] "GET /?fbclid=IwAR0GaLRDClxHt0DNFNKhjdP0df_YbVWIrBV7zMelkFWRYjUpK_B4UUOgQDE HTTP/1.1" 200 169 "-" "Mozilla/5.0 (Windows NT 10.0; Win64; x64) AppleWebKit/537.36 (KHTML, like Gecko) Chrome/102.0.5005.63 Safari/537.36 Edg/102.0.1245.39"
66.220.149.117 - - [15/Jun/2022:00:47:26 +0200] "GET /favicon.ico HTTP/1.1" 404 - "http://cipelocicak.hu/?fbclid=IwAR0GaLRDClxHt0DNFNKhjdP0df_YbVWIrBV7zMelkFWRYjUpK_B4UUOgQDE" "Mozilla/5.0 (Windows NT 10.0; Win64; x64) AppleWebKit/537.36 (KHTML, like Gecko) Chrome/102.0.5005.63 Safari/537.36 Edg/102.0.1245.39"
212.237.23.143 - - [15/Jun/2022:01:12:45 +0200] "HEAD / HTTP/1.1" 200 0 "-" "Alert_Alligator_webmonitoring_service_1.6.4_(alertalligator.com)"
5.45.207.130 - - [15/Jun/2022:01:35:35 +0200] "GET /robots.txt HTTP/1.1" 404 - "-" "Mozilla/5.0 (compatible; YandexBot/3.0; +http://yandex.com/bots)"
5.45.207.130 - - [15/Jun/2022:01:35:38 +0200] "GET / HTTP/1.1" 200 174 "-" "Mozilla/5.0 (compatible; YandexBot/3.0; +http://yandex.com/bots)"
212.237.53.115 - - [15/Jun/2022:02:05:28 +0200] "HEAD / HTTP/1.1" 200 0 "-" "Alert_Alligator_webmonitoring_service_1.6.4_(alertalligator.com)"
212.237.51.151 - - [15/Jun/2022:02:51:22 +0200] "HEAD / HTTP/1.1" 200 0 "-" "Alert_Alligator_webmonitoring_service_1.6.4_(alertalligator.com)"
212.237.51.151 - - [15/Jun/2022:03:36:21 +0200] "HEAD / HTTP/1.1" 200 0 "-" "Alert_Alligator_webmonitoring_service_1.6.4_(alertalligator.com)"
212.237.53.115 - - [15/Jun/2022:04:38:11 +0200] "HEAD / HTTP/1.1" 200 0 "-" "Alert_Alligator_webmonitoring_service_1.6.4_(alertalligator.com)"
66.249.70.123 - - [15/Jun/2022:04:48:53 +0200] "GET / HTTP/1.1" 200 174 "-" "Mozilla/5.0 (compatible; Googlebot/2.1; +http://www.google.com/bot.html)"
176.9.8.180 - - [15/Jun/2022:04:49:12 +0200] "GET / HTTP/1.1" 200 166 "-" "Mozilla/5.0 (Windows NT 10.0; Win64; x64) AppleWebKit/537.36 (KHTML, like Gecko)' Chrome/59.0.3071.115 Safari/537.36"
49.12.13.109 - - [15/Jun/2022:05:37:35 +0200] "HEAD / HTTP/1.1" 200 0 "-" "Alert_Alligator_webmonitoring_service_1.6.3_(alertalligator.com)"
212.237.51.151 - - [15/Jun/2022:06:23:58 +0200] "HEAD / HTTP/1.1" 200 0 "-" "Alert_Alligator_webmonitoring_service_1.6.4_(alertalligator.com)"
139.59.79.129 - - [15/Jun/2022:06:50:38 +0200] "HEAD /wordpress HTTP/1.1" 404 - "-" "Mozilla/5.0 (Windows NT 10.0; Win64; x64) AppleWebKit/537.36 (KHTML, like Gecko) Chrome/74.0.3729.169 Safari/537.36"
139.59.79.129 - - [15/Jun/2022:06:50:38 +0200] "HEAD / HTTP/1.1" 200 0 "-" "Mozilla/5.0 (Windows NT 10.0; Win64; x64) AppleWebKit/537.36 (KHTML, like Gecko) Chrome/74.0.3729.169 Safari/537.36"
139.59.79.129 - - [15/Jun/2022:06:50:38 +0200] "HEAD /wp HTTP/1.1" 404 - "-" "Mozilla/5.0 (Windows NT 10.0; Win64; x64) AppleWebKit/537.36 (KHTML, like Gecko) Chrome/74.0.3729.169 Safari/537.36"
139.59.79.129 - - [15/Jun/2022:06:50:39 +0200] "HEAD /bc HTTP/1.1" 404 - "-" "Mozilla/5.0 (Windows NT 10.0; Win64; x64) AppleWebKit/537.36 (KHTML, like Gecko) Chrome/74.0.3729.169 Safari/537.36"
139.59.79.129 - - [15/Jun/2022:06:50:39 +0200] "HEAD /bk HTTP/1.1" 404 - "-" "Mozilla/5.0 (Windows NT 10.0; Win64; x64) AppleWebKit/537.36 (KHTML, like Gecko) Chrome/74.0.3729.169 Safari/537.36"
139.59.79.129 - - [15/Jun/2022:06:50:39 +0200] "HEAD /backup HTTP/1.1" 404 - "-" "Mozilla/5.0 (Windows NT 10.0; Win64; x64) AppleWebKit/537.36 (KHTML, like Gecko) Chrome/74.0.3729.169 Safari/537.36"
139.59.79.129 - - [15/Jun/2022:06:50:39 +0200] "HEAD /old HTTP/1.1" 404 - "-" "Mozilla/5.0 (Windows NT 10.0; Win64; x64) AppleWebKit/537.36 (KHTML, like Gecko) Chrome/74.0.3729.169 Safari/537.36"
139.59.79.129 - - [15/Jun/2022:06:50:40 +0200] "HEAD /new HTTP/1.1" 404 - "-" "Mozilla/5.0 (Windows NT 10.0; Win64; x64) AppleWebKit/537.36 (KHTML, like Gecko) Chrome/74.0.3729.169 Safari/537.36"
139.59.79.129 - - [15/Jun/2022:06:50:40 +0200] "HEAD /main HTTP/1.1" 404 - "-" "Mozilla/5.0 (Windows NT 10.0; Win64; x64) AppleWebKit/537.36 (KHTML, like Gecko) Chrome/74.0.3729.169 Safari/537.36"
139.59.79.129 - - [15/Jun/2022:06:50:40 +0200] "HEAD /home HTTP/1.1" 404 - "-" "Mozilla/5.0 (Windows NT 10.0; Win64; x64) AppleWebKit/537.36 (KHTML, like Gecko) Chrome/74.0.3729.169 Safari/537.36"
212.237.51.151 - - [15/Jun/2022:07:08:33 +0200] "HEAD / HTTP/1.1" 200 0 "-" "Alert_Alligator_webmonitoring_service_1.6.4_(alertalligator.com)"
49.12.13.109 - - [15/Jun/2022:08:07:58 +0200] "HEAD / HTTP/1.1" 200 0 "-" "Alert_Alligator_webmonitoring_service_1.6.3_(alertalligator.com)"
114.119.154.215 - - [15/Jun/2022:08:39:41 +0200] "GET /robots.txt HTTP/1.1" 404 - "-" "Mozilla/5.0 (compatible;PetalBot;+https://webmaster.petalsearch.com/site/petalbot)"
212.237.53.115 - - [15/Jun/2022:09:01:51 +0200] "HEAD / HTTP/1.1" 200 0 "-" "Alert_Alligator_webmonitoring_service_1.6.4_(alertalligator.com)"
54.36.148.80 - - [15/Jun/2022:09:14:39 +0200] "GET /robots.txt HTTP/1.1" 404 - "-" "Mozilla/5.0 (compatible; AhrefsBot/7.0; +http://ahrefs.com/robot/)"
54.36.148.112 - - [15/Jun/2022:09:14:40 +0200] "GET / HTTP/1.1" 200 166 "-" "Mozilla/5.0 (compatible; AhrefsBot/7.0; +http://ahrefs.com/robot/)"
94.158.36.183 - - [15/Jun/2022:09:49:56 +0200] "GET / HTTP/1.0" 200 166 "-" "Mozilla/5.0 (Windows NT 10.0; Win64; x64) AppleWebKit/537.36 (KHTML, like Gecko) Chrome/71.0.3578.98 Safari/537.36"
49.12.13.109 - - [15/Jun/2022:10:01:09 +0200] "HEAD / HTTP/1.1" 200 0 "-" "Alert_Alligator_webmonitoring_service_1.6.3_(alertalligator.com)"
212.237.53.115 - - [15/Jun/2022:10:56:55 +0200] "HEAD / HTTP/1.1" 200 0 "-" "Alert_Alligator_webmonitoring_service_1.6.4_(alertalligator.com)"
51.222.253.17 - - [15/Jun/2022:11:49:01 +0200] "GET /robots.txt HTTP/1.1" 404 - "-" "Mozilla/5.0 (compatible; AhrefsBot/7.0; +http://ahrefs.com/robot/)"
54.36.148.34 - - [15/Jun/2022:11:49:01 +0200] "GET / HTTP/1.1" 200 166 "-" "Mozilla/5.0 (compatible; AhrefsBot/7.0; +http://ahrefs.com/robot/)"
49.12.13.109 - - [15/Jun/2022:11:56:03 +0200] "HEAD / HTTP/1.1" 200 0 "-" "Alert_Alligator_webmonitoring_service_1.6.3_(alertalligator.com)"
212.237.53.115 - - [15/Jun/2022:12:51:48 +0200] "HEAD / HTTP/1.1" 200 0 "-" "Alert_Alligator_webmonitoring_service_1.6.4_(alertalligator.com)"
212.237.53.115 - - [15/Jun/2022:13:48:01 +0200] "HEAD / HTTP/1.1" 200 0 "-" "Alert_Alligator_webmonitoring_service_1.6.4_(alertalligator.com)"
212.237.23.143 - - [15/Jun/2022:14:48:09 +0200] "HEAD / HTTP/1.1" 200 0 "-" "Alert_Alligator_webmonitoring_service_1.6.4_(alertalligator.com)"
49.12.13.109 - - [15/Jun/2022:15:29:30 +0200] "HEAD / HTTP/1.1" 200 0 "-" "Alert_Alligator_webmonitoring_service_1.6.4_(alertalligator.com)"
162.55.86.53 - - [15/Jun/2022:15:29:56 +0200] "GET /robots.txt HTTP/1.1" 404 - "-" "Mozilla/5.0 (compatible; BLEXBot/1.0; +http://webmeup-crawler.com/)"
162.55.86.53 - - [15/Jun/2022:15:29:56 +0200] "GET /sitemap HTTP/1.1" 404 - "-" "Mozilla/5.0 (compatible; BLEXBot/1.0; +http://webmeup-crawler.com/)"
162.55.86.53 - - [15/Jun/2022:15:30:04 +0200] "GET /sitemap.txt HTTP/1.1" 404 - "-" "Mozilla/5.0 (compatible; BLEXBot/1.0; +http://webmeup-crawler.com/)"
35.164.194.102 - - [15/Jun/2022:15:36:49 +0200] "HEAD / HTTP/1.1" 200 0 "-" "Go-http-client/1.1"
34.211.238.84 - - [15/Jun/2022:15:36:51 +0200] "HEAD / HTTP/1.1" 200 0 "-" "Mozilla/5.0 (Windows NT 6.1; WOW64) AppleWebKit/537.36 (KHTML, like Gecko) Chrome/56.0.2924.76 Safari/537.36"
34.222.213.80 - - [15/Jun/2022:15:36:52 +0200] "GET / HTTP/1.1" 200 174 "-" "Mozilla/5.0 (Macintosh; Intel Mac OS X 10_14_6) AppleWebKit/537.36 (KHTML, like Gecko) Chrome/97.0.4692.99 Safari/537.36"
63.35.237.146 - - [15/Jun/2022:16:18:15 +0200] "GET /robots.txt HTTP/1.1" 404 - "-" "Pandalytics/1.0 (https://domainsbot.com/pandalytics/)"
63.35.237.146 - - [15/Jun/2022:16:18:15 +0200] "GET / HTTP/1.1" 200 174 "-" "Pandalytics/1.0 (https://domainsbot.com/pandalytics/)"
212.237.23.143 - - [15/Jun/2022:16:27:16 +0200] "HEAD / HTTP/1.1" 200 0 "-" "Alert_Alligator_webmonitoring_service_1.6.4_(alertalligator.com)"
49.12.13.109 - - [15/Jun/2022:17:26:18 +0200] "HEAD / HTTP/1.1" 200 0 "-" "Alert_Alligator_webmonitoring_service_1.6.3_(alertalligator.com)"
212.237.53.115 - - [15/Jun/2022:18:23:40 +0200] "HEAD / HTTP/1.1" 200 0 "-" "Alert_Alligator_webmonitoring_service_1.6.4_(alertalligator.com)"
185.181.60.12 - - [15/Jun/2022:18:48:55 +0200] "GET / HTTP/1.1" 200 166 "-" "Mozilla/5.0 (Windows NT 10.0; Win64; x64) AppleWebKit/537.36 (KHTML, like Gecko) Chrome/91.0.4472.114 Safari/537.36 Edg/91.0.864.54"
212.237.53.115 - - [15/Jun/2022:19:16:58 +0200] "HEAD / HTTP/1.1" 200 0 "-" "Alert_Alligator_webmonitoring_service_1.6.4_(alertalligator.com)"
144.22.150.85 - - [15/Jun/2022:19:55:34 +0200] "GET / HTTP/1.1" 200 174 "-" "Mozilla/5.0 (Windows NT 10.0; Win64; x64) AppleWebKit/537.36 (KHTML, like Gecko) Chrome/85.0.4183.121 Safari/537.36"
212.237.51.151 - - [15/Jun/2022:19:59:58 +0200] "HEAD / HTTP/1.1" 200 0 "-" "Alert_Alligator_webmonitoring_service_1.6.4_(alertalligator.com)"
185.83.144.103 - - [15/Jun/2022:20:49:19 +0200] "GET /environments/environment.ts HTTP/1.1" 404 - "-" "Mozilla/5.0 (X11; Linux x86_64) AppleWebKit/537.36 (KHTML, like Gecko) Chrome/81.0.4044.129 Safari/537.36"
49.12.13.109 - - [15/Jun/2022:20:59:11 +0200] "HEAD / HTTP/1.1" 200 0 "-" "Alert_Alligator_webmonitoring_service_1.6.3_(alertalligator.com)"
212.237.23.143 - - [15/Jun/2022:21:54:43 +0200] "HEAD / HTTP/1.1" 200 0 "-" "Alert_Alligator_webmonitoring_service_1.6.4_(alertalligator.com)"
18.237.170.170 - - [15/Jun/2022:22:38:18 +0200] "GET / HTTP/1.1" 200 174 "-" "Mozilla/5.0 (X11; Linux x86_64) AppleWebKit/537.36 (KHTML, like Gecko) Chrome/83.0.4103.97 Safari/537.36"
212.237.51.151 - - [15/Jun/2022:22:38:26 +0200] "HEAD / HTTP/1.1" 200 0 "-" "Alert_Alligator_webmonitoring_service_1.6.4_(alertalligator.com)"
34.222.97.68 - - [15/Jun/2022:22:38:47 +0200] "GET /favicon.ico HTTP/1.1" 404 - "-" "Mozilla/5.0 (X11; Linux x86_64) AppleWebKit/537.36 (KHTML, like Gecko) Chrome/83.0.4103.97 Safari/537.36"
34.222.97.68 - - [15/Jun/2022:22:38:50 +0200] "GET / HTTP/1.1" 200 174 "-" "Mozilla/5.0 (X11; Linux x86_64) AppleWebKit/537.36 (KHTML, like Gecko) Chrome/83.0.4103.97 Safari/537.36"
45.129.18.191 - - [15/Jun/2022:22:53:50 +0200] "GET / HTTP/1.1" 200 174 "-" "Mozilla/5.0 (Macintosh; Intel Mac OS X 10_11_5) AppleWebKit/537.36 (KHTML, like Gecko) Chrome/51.0.2704.84 Safari/537.36"
212.237.53.115 - - [15/Jun/2022:23:31:34 +0200] "HEAD / HTTP/1.1" 200 0 "-" "Alert_Alligator_webmonitoring_service_1.6.4_(alertalligator.com)"
54.36.148.144 - - [15/Jun/2022:23:57:16 +0200] "GET /robots.txt HTTP/1.1" 404 - "-" "Mozilla/5.0 (compatible; AhrefsBot/7.0; +http://ahrefs.com/robot/)"
54.36.148.115 - - [15/Jun/2022:23:57:17 +0200] "GET / HTTP/1.1" 200 174 "-" "Mozilla/5.0 (compatible; AhrefsBot/7.0; +http://ahrefs.com/robot/)"
212.237.53.115 - - [16/Jun/2022:00:18:39 +0200] "HEAD / HTTP/1.1" 200 0 "-" "Alert_Alligator_webmonitoring_service_1.6.4_(alertalligator.com)"
212.237.53.115 - - [16/Jun/2022:01:04:06 +0200] "HEAD / HTTP/1.1" 200 0 "-" "Alert_Alligator_webmonitoring_service_1.6.4_(alertalligator.com)"
157.90.182.23 - - [16/Jun/2022:01:30:48 +0200] "GET /robots.txt HTTP/1.1" 404 - "-" "Mozilla/5.0 (compatible; BLEXBot/1.0; +http://webmeup-crawler.com/)"
157.90.182.23 - - [16/Jun/2022:01:30:48 +0200] "GET /sitemap HTTP/1.1" 404 - "-" "Mozilla/5.0 (compatible; BLEXBot/1.0; +http://webmeup-crawler.com/)"
157.90.182.23 - - [16/Jun/2022:01:30:49 +0200] "GET /sitemap.txt HTTP/1.1" 404 - "-" "Mozilla/5.0 (compatible; BLEXBot/1.0; +http://webmeup-crawler.com/)"
212.237.51.151 - - [16/Jun/2022:01:48:03 +0200] "HEAD / HTTP/1.1" 200 0 "-" "Alert_Alligator_webmonitoring_service_1.6.4_(alertalligator.com)"
20.127.75.252 - - [16/Jun/2022:01:56:25 +0200] "GET / HTTP/1.1" 200 166 "-" "python-requests/2.23.0"
20.127.75.252 - - [16/Jun/2022:01:56:27 +0200] "GET /style.php HTTP/1.1" 404 - "bing.com" "Mozilla/5.0 (Windows NT 10.0; Win64; x64) AppleWebKit/537.36 (KHTML, like Gecko) Chrome/90.0.4430.85 Safari/537.36"
20.127.75.252 - - [16/Jun/2022:01:56:29 +0200] "GET //wordpress//wp-admin/install.php?step=1 HTTP/1.1" 404 - "bing.com" "Mozilla/5.0 (Windows NT 10.0; Win64; x64) AppleWebKit/537.36 (KHTML, like Gecko) Chrome/90.0.4430.85 Safari/537.36"
20.127.75.252 - - [16/Jun/2022:01:56:31 +0200] "GET //wordpress///wp-admin/setup-config.php HTTP/1.1" 404 - "bing.com" "Mozilla/5.0 (Windows NT 10.0; Win64; x64) AppleWebKit/537.36 (KHTML, like Gecko) Chrome/90.0.4430.85 Safari/537.36"
20.127.75.252 - - [16/Jun/2022:01:56:33 +0200] "GET ///wp-admin/install.php?step=1 HTTP/1.1" 404 - "bing.com" "Mozilla/5.0 (Windows NT 10.0; Win64; x64) AppleWebKit/537.36 (KHTML, like Gecko) Chrome/90.0.4430.85 Safari/537.36"
20.127.75.252 - - [16/Jun/2022:01:56:35 +0200] "GET ////wp-admin/setup-config.php HTTP/1.1" 404 - "bing.com" "Mozilla/5.0 (Windows NT 10.0; Win64; x64) AppleWebKit/537.36 (KHTML, like Gecko) Chrome/90.0.4430.85 Safari/537.36"
124.160.170.182 - - [16/Jun/2022:01:57:25 +0200] "GET /robots.txt HTTP/1.1" 404 - "-" "YisouSpider"
112.13.112.73 - - [16/Jun/2022:01:57:44 +0200] "GET /eng_mesek_rumini_forthcoming.html HTTP/1.1" 404 - "-" "Mozilla/5.0 (Windows NT 6.1; Win64; x64) AppleWebKit/537.36 (KHTML, like Gecko) Chrome/69.0.3497.81 YisouSpider/5.0 Safari/537.36"
212.237.23.143 - - [16/Jun/2022:02:34:18 +0200] "HEAD / HTTP/1.1" 200 0 "-" "Alert_Alligator_webmonitoring_service_1.6.4_(alertalligator.com)"
88.214.43.118 - - [16/Jun/2022:02:36:37 +0200] "GET /src/environments/environment.ts HTTP/1.1" 404 - "-" "Mozilla/5.0 (X11; Linux x86_64) AppleWebKit/537.36 (KHTML, like Gecko) Chrome/81.0.4044.129 Safari/537.36"
42.83.147.34 - - [16/Jun/2022:03:25:13 +0200] "GET / HTTP/1.1" 200 174 "-" "Mozilla/5.0 (Windows NT 6.1; Win64; x64) AppleWebKit/537.36 (KHTML, like Gecko)Chrome/74.0.3729.169 Safari/537.36"
212.237.23.143 - - [16/Jun/2022:03:26:09 +0200] "HEAD / HTTP/1.1" 200 0 "-" "Alert_Alligator_webmonitoring_service_1.6.4_(alertalligator.com)"
212.237.51.151 - - [16/Jun/2022:04:17:04 +0200] "HEAD / HTTP/1.1" 200 0 "-" "Alert_Alligator_webmonitoring_service_1.6.4_(alertalligator.com)"
212.237.23.143 - - [16/Jun/2022:05:01:22 +0200] "HEAD / HTTP/1.1" 200 0 "-" "Alert_Alligator_webmonitoring_service_1.6.4_(alertalligator.com)"
5.188.62.21 - - [16/Jun/2022:05:06:28 +0200] "GET / HTTP/1.1" 200 166 "-" "Mozilla/5.0 (Windows NT 6.1; WOW64) AppleWebKit/537.36 (KHTML, like Gecko) Chrome/100.0.4758.11 Safari/537.36"
5.188.62.21 - - [16/Jun/2022:05:06:30 +0200] "GET /robots.txt HTTP/1.1" 404 - "-" "Mozilla/5.0 (Windows NT 6.1; WOW64) AppleWebKit/537.36 (KHTML, like Gecko) Chrome/100.0.4758.11 Safari/537.36"
212.237.53.115 - - [16/Jun/2022:05:44:32 +0200] "HEAD / HTTP/1.1" 200 0 "-" "Alert_Alligator_webmonitoring_service_1.6.4_(alertalligator.com)"
49.12.13.109 - - [16/Jun/2022:06:43:44 +0200] "HEAD / HTTP/1.1" 200 0 "-" "Alert_Alligator_webmonitoring_service_1.6.3_(alertalligator.com)"
212.237.53.115 - - [16/Jun/2022:07:25:45 +0200] "HEAD / HTTP/1.1" 200 0 "-" "Alert_Alligator_webmonitoring_service_1.6.4_(alertalligator.com)"
212.237.53.115 - - [16/Jun/2022:08:08:05 +0200] "HEAD / HTTP/1.1" 200 0 "-" "Alert_Alligator_webmonitoring_service_1.6.4_(alertalligator.com)"
49.12.13.109 - - [16/Jun/2022:09:07:17 +0200] "HEAD / HTTP/1.1" 200 0 "-" "Alert_Alligator_webmonitoring_service_1.6.3_(alertalligator.com)"
212.237.51.151 - - [16/Jun/2022:09:51:32 +0200] "HEAD / HTTP/1.1" 200 0 "-" "Alert_Alligator_webmonitoring_service_1.6.4_(alertalligator.com)"
212.237.51.151 - - [16/Jun/2022:10:38:17 +0200] "HEAD / HTTP/1.1" 200 0 "-" "Alert_Alligator_webmonitoring_service_1.6.4_(alertalligator.com)"
212.237.53.115 - - [16/Jun/2022:11:25:24 +0200] "HEAD / HTTP/1.1" 200 0 "-" "Alert_Alligator_webmonitoring_service_1.6.4_(alertalligator.com)"
54.91.251.108 - - [16/Jun/2022:11:48:55 +0200] "GET /.env HTTP/1.1" 404 - "-" "Mozilla/5.0 (Windows NT 6.1) AppleWebKit/537.36 (KHTML, like Gecko) Chrome/86.0.4240.183 Safari/537.36"
54.91.251.108 - - [16/Jun/2022:11:48:55 +0200] "GET /conf/.env HTTP/1.1" 404 - "-" "Mozilla/5.0 (Windows NT 6.1) AppleWebKit/537.36 (KHTML, like Gecko) Chrome/86.0.4240.183 Safari/537.36"
54.91.251.108 - - [16/Jun/2022:11:48:56 +0200] "GET /wp-content/.env HTTP/1.1" 404 - "-" "Mozilla/5.0 (Windows NT 6.1) AppleWebKit/537.36 (KHTML, like Gecko) Chrome/86.0.4240.183 Safari/537.36"
54.91.251.108 - - [16/Jun/2022:11:48:56 +0200] "GET /wp-admin/.env HTTP/1.1" 404 - "-" "Mozilla/5.0 (Windows NT 6.1) AppleWebKit/537.36 (KHTML, like Gecko) Chrome/86.0.4240.183 Safari/537.36"
54.91.251.108 - - [16/Jun/2022:11:48:57 +0200] "GET /library/.env HTTP/1.1" 404 - "-" "Mozilla/5.0 (Windows NT 6.1) AppleWebKit/537.36 (KHTML, like Gecko) Chrome/86.0.4240.183 Safari/537.36"
54.91.251.108 - - [16/Jun/2022:11:48:57 +0200] "GET /new/.env HTTP/1.1" 404 - "-" "Mozilla/5.0 (Windows NT 6.1) AppleWebKit/537.36 (KHTML, like Gecko) Chrome/86.0.4240.183 Safari/537.36"
54.91.251.108 - - [16/Jun/2022:11:48:58 +0200] "GET /vendor/.env HTTP/1.1" 404 - "-" "Mozilla/5.0 (Windows NT 6.1) AppleWebKit/537.36 (KHTML, like Gecko) Chrome/86.0.4240.183 Safari/537.36"
54.91.251.108 - - [16/Jun/2022:11:48:58 +0200] "GET /old/.env HTTP/1.1" 404 - "-" "Mozilla/5.0 (Windows NT 6.1) AppleWebKit/537.36 (KHTML, like Gecko) Chrome/86.0.4240.183 Safari/537.36"
54.91.251.108 - - [16/Jun/2022:11:48:59 +0200] "GET /local/.env HTTP/1.1" 404 - "-" "Mozilla/5.0 (Windows NT 6.1) AppleWebKit/537.36 (KHTML, like Gecko) Chrome/86.0.4240.183 Safari/537.36"
54.91.251.108 - - [16/Jun/2022:11:48:59 +0200] "GET /api/.env HTTP/1.1" 404 - "-" "Mozilla/5.0 (Windows NT 6.1) AppleWebKit/537.36 (KHTML, like Gecko) Chrome/86.0.4240.183 Safari/537.36"
54.91.251.108 - - [16/Jun/2022:11:49:00 +0200] "GET /blog/.env HTTP/1.1" 404 - "-" "Mozilla/5.0 (Windows NT 6.1) AppleWebKit/537.36 (KHTML, like Gecko) Chrome/86.0.4240.183 Safari/537.36"
54.91.251.108 - - [16/Jun/2022:11:49:01 +0200] "GET /crm/.env HTTP/1.1" 404 - "-" "Mozilla/5.0 (Windows NT 6.1) AppleWebKit/537.36 (KHTML, like Gecko) Chrome/86.0.4240.183 Safari/537.36"
54.91.251.108 - - [16/Jun/2022:11:49:01 +0200] "GET /admin/.env HTTP/1.1" 404 - "-" "Mozilla/5.0 (Windows NT 6.1) AppleWebKit/537.36 (KHTML, like Gecko) Chrome/86.0.4240.183 Safari/537.36"
54.91.251.108 - - [16/Jun/2022:11:49:02 +0200] "GET /laravel/.env HTTP/1.1" 404 - "-" "Mozilla/5.0 (Windows NT 6.1) AppleWebKit/537.36 (KHTML, like Gecko) Chrome/86.0.4240.183 Safari/537.36"
54.91.251.108 - - [16/Jun/2022:11:49:02 +0200] "GET /app/.env HTTP/1.1" 404 - "-" "Mozilla/5.0 (Windows NT 6.1) AppleWebKit/537.36 (KHTML, like Gecko) Chrome/86.0.4240.183 Safari/537.36"
54.91.251.108 - - [16/Jun/2022:11:49:03 +0200] "GET /app/config/.env HTTP/1.1" 404 - "-" "Mozilla/5.0 (Windows NT 6.1) AppleWebKit/537.36 (KHTML, like Gecko) Chrome/86.0.4240.183 Safari/537.36"
54.91.251.108 - - [16/Jun/2022:11:49:03 +0200] "GET /apps/.env HTTP/1.1" 404 - "-" "Mozilla/5.0 (Windows NT 6.1) AppleWebKit/537.36 (KHTML, like Gecko) Chrome/86.0.4240.183 Safari/537.36"
54.91.251.108 - - [16/Jun/2022:11:49:04 +0200] "GET /audio/.env HTTP/1.1" 404 - "-" "Mozilla/5.0 (Windows NT 6.1) AppleWebKit/537.36 (KHTML, like Gecko) Chrome/86.0.4240.183 Safari/537.36"
54.91.251.108 - - [16/Jun/2022:11:49:04 +0200] "GET /cgi-bin/.env HTTP/1.1" 404 - "-" "Mozilla/5.0 (Windows NT 6.1) AppleWebKit/537.36 (KHTML, like Gecko) Chrome/86.0.4240.183 Safari/537.36"
54.91.251.108 - - [16/Jun/2022:11:49:05 +0200] "GET /backend/.env HTTP/1.1" 404 - "-" "Mozilla/5.0 (Windows NT 6.1) AppleWebKit/537.36 (KHTML, like Gecko) Chrome/86.0.4240.183 Safari/537.36"
54.91.251.108 - - [16/Jun/2022:11:49:05 +0200] "GET /src/.env HTTP/1.1" 404 - "-" "Mozilla/5.0 (Windows NT 6.1) AppleWebKit/537.36 (KHTML, like Gecko) Chrome/86.0.4240.183 Safari/537.36"
54.91.251.108 - - [16/Jun/2022:11:49:06 +0200] "GET /base/.env HTTP/1.1" 404 - "-" "Mozilla/5.0 (Windows NT 6.1) AppleWebKit/537.36 (KHTML, like Gecko) Chrome/86.0.4240.183 Safari/537.36"
54.91.251.108 - - [16/Jun/2022:11:49:06 +0200] "GET /core/.env HTTP/1.1" 404 - "-" "Mozilla/5.0 (Windows NT 6.1) AppleWebKit/537.36 (KHTML, like Gecko) Chrome/86.0.4240.183 Safari/537.36"
54.91.251.108 - - [16/Jun/2022:11:49:07 +0200] "GET /vendor/laravel/.env HTTP/1.1" 404 - "-" "Mozilla/5.0 (Windows NT 6.1) AppleWebKit/537.36 (KHTML, like Gecko) Chrome/86.0.4240.183 Safari/537.36"
54.91.251.108 - - [16/Jun/2022:11:49:07 +0200] "GET /storage/.env HTTP/1.1" 404 - "-" "Mozilla/5.0 (Windows NT 6.1) AppleWebKit/537.36 (KHTML, like Gecko) Chrome/86.0.4240.183 Safari/537.36"
54.91.251.108 - - [16/Jun/2022:11:49:07 +0200] "GET /protected/.env HTTP/1.1" 404 - "-" "Mozilla/5.0 (Windows NT 6.1) AppleWebKit/537.36 (KHTML, like Gecko) Chrome/86.0.4240.183 Safari/537.36"
54.91.251.108 - - [16/Jun/2022:11:49:08 +0200] "GET /newsite/.env HTTP/1.1" 404 - "-" "Mozilla/5.0 (Windows NT 6.1) AppleWebKit/537.36 (KHTML, like Gecko) Chrome/86.0.4240.183 Safari/537.36"
54.91.251.108 - - [16/Jun/2022:11:49:08 +0200] "GET /www/.env HTTP/1.1" 404 - "-" "Mozilla/5.0 (Windows NT 6.1) AppleWebKit/537.36 (KHTML, like Gecko) Chrome/86.0.4240.183 Safari/537.36"
54.91.251.108 - - [16/Jun/2022:11:49:09 +0200] "GET /sites/all/libraries/mailchimp/.env HTTP/1.1" 404 - "-" "Mozilla/5.0 (Windows NT 6.1) AppleWebKit/537.36 (KHTML, like Gecko) Chrome/86.0.4240.183 Safari/537.36"
54.91.251.108 - - [16/Jun/2022:11:49:09 +0200] "GET /database/.env HTTP/1.1" 404 - "-" "Mozilla/5.0 (Windows NT 6.1) AppleWebKit/537.36 (KHTML, like Gecko) Chrome/86.0.4240.183 Safari/537.36"
54.91.251.108 - - [16/Jun/2022:11:49:10 +0200] "GET /public/.env HTTP/1.1" 404 - "-" "Mozilla/5.0 (Windows NT 6.1) AppleWebKit/537.36 (KHTML, like Gecko) Chrome/86.0.4240.183 Safari/537.36"
54.91.251.108 - - [16/Jun/2022:11:49:10 +0200] "GET /rumini.com/.env HTTP/1.1" 404 - "-" "Mozilla/5.0 (Windows NT 6.1) AppleWebKit/537.36 (KHTML, like Gecko) Chrome/86.0.4240.183 Safari/537.36"
54.91.251.108 - - [16/Jun/2022:11:49:10 +0200] "POST / HTTP/1.1" 405 - "-" "Mozilla/5.0 (Windows NT 6.1) AppleWebKit/537.36 (KHTML, like Gecko) Chrome/86.0.4240.183 Safari/537.36"
54.91.251.108 - - [16/Jun/2022:11:49:11 +0200] "GET /vendor/phpunit/phpunit/src/Util/PHP/eval-stdin.php HTTP/1.1" 404 - "-" "Mozilla/5.0 (Windows NT 6.1) AppleWebKit/537.36 (KHTML, like Gecko) Chrome/86.0.4240.183 Safari/537.36"
77.111.247.44 - - [16/Jun/2022:12:01:30 +0200] "GET /plugins/installer/webinstaller/webinstaller.xml HTTP/1.1" 404 - "-" "Mozilla/5.0 (Windows NT 10.0; Win64; x64) AppleWebKit/537.36 (KHTML, like Gecko) Chrome/100.0.3945.117 Safari/537.36"
49.12.13.109 - - [16/Jun/2022:12:24:31 +0200] "HEAD / HTTP/1.1" 200 0 "-" "Alert_Alligator_webmonitoring_service_1.6.3_(alertalligator.com)"
212.237.53.115 - - [16/Jun/2022:13:11:37 +0200] "HEAD / HTTP/1.1" 200 0 "-" "Alert_Alligator_webmonitoring_service_1.6.4_(alertalligator.com)"
212.237.23.143 - - [16/Jun/2022:13:59:24 +0200] "HEAD / HTTP/1.1" 200 0 "-" "Alert_Alligator_webmonitoring_service_1.6.4_(alertalligator.com)"
51.222.253.5 - - [16/Jun/2022:14:28:39 +0200] "GET /robots.txt HTTP/1.1" 404 - "-" "Mozilla/5.0 (compatible; AhrefsBot/7.0; +http://ahrefs.com/robot/)"
54.36.148.92 - - [16/Jun/2022:14:28:40 +0200] "GET / HTTP/1.1" 200 166 "-" "Mozilla/5.0 (compatible; AhrefsBot/7.0; +http://ahrefs.com/robot/)"
49.12.13.109 - - [16/Jun/2022:14:58:25 +0200] "HEAD / HTTP/1.1" 200 0 "-" "Alert_Alligator_webmonitoring_service_1.6.3_(alertalligator.com)"
62.197.136.40 - - [16/Jun/2022:15:23:25 +0200] "GET /.env HTTP/1.1" 404 - "-" "Mozilla/5.0 (X11; Linux x86_64) AppleWebKit/537.36 (KHTML, like Gecko) Chrome/81.0.4044.129 Safari/537.36"
62.197.136.40 - - [16/Jun/2022:15:23:25 +0200] "POST / HTTP/1.1" 405 - "-" "Mozilla/5.0 (X11; Linux x86_64) AppleWebKit/537.36 (KHTML, like Gecko) Chrome/81.0.4044.129 Safari/537.36"
62.197.136.40 - - [16/Jun/2022:15:23:26 +0200] "GET /.env HTTP/1.1" 404 - "-" "Mozilla/5.0 (X11; Linux x86_64) AppleWebKit/537.36 (KHTML, like Gecko) Chrome/81.0.4044.129 Safari/537.36"
62.197.136.40 - - [16/Jun/2022:15:23:26 +0200] "POST / HTTP/1.1" 405 - "-" "Mozilla/5.0 (X11; Linux x86_64) AppleWebKit/537.36 (KHTML, like Gecko) Chrome/81.0.4044.129 Safari/537.36"
212.237.23.143 - - [16/Jun/2022:15:39:48 +0200] "HEAD / HTTP/1.1" 200 0 "-" "Alert_Alligator_webmonitoring_service_1.6.4_(alertalligator.com)"
185.81.157.109 - - [16/Jun/2022:15:49:22 +0200] "GET /.env HTTP/1.1" 404 - "-" "Mozilla/5.0 (X11; Linux x86_64) AppleWebKit/537.36 (KHTML, like Gecko) Chrome/81.0.4044.129 Safari/537.36"
185.81.157.109 - - [16/Jun/2022:15:49:31 +0200] "POST / HTTP/1.1" 405 - "-" "Mozilla/5.0 (X11; Linux x86_64) AppleWebKit/537.36 (KHTML, like Gecko) Chrome/81.0.4044.129 Safari/537.36"
185.81.157.109 - - [16/Jun/2022:15:52:44 +0200] "GET /.env HTTP/1.1" 404 - "-" "Mozilla/5.0 (X11; Linux x86_64) AppleWebKit/537.36 (KHTML, like Gecko) Chrome/81.0.4044.129 Safari/537.36"
185.81.157.109 - - [16/Jun/2022:15:52:56 +0200] "POST / HTTP/1.1" 405 - "-" "Mozilla/5.0 (X11; Linux x86_64) AppleWebKit/537.36 (KHTML, like Gecko) Chrome/81.0.4044.129 Safari/537.36"
54.36.148.216 - - [16/Jun/2022:16:38:06 +0200] "GET /robots.txt HTTP/1.1" 404 - "-" "Mozilla/5.0 (compatible; AhrefsBot/7.0; +http://ahrefs.com/robot/)"
54.36.148.17 - - [16/Jun/2022:16:38:07 +0200] "GET / HTTP/1.1" 200 166 "-" "Mozilla/5.0 (compatible; AhrefsBot/7.0; +http://ahrefs.com/robot/)"
49.12.13.109 - - [16/Jun/2022:16:39:06 +0200] "HEAD / HTTP/1.1" 200 0 "-" "Alert_Alligator_webmonitoring_service_1.6.3_(alertalligator.com)"
51.222.253.20 - - [16/Jun/2022:16:41:44 +0200] "GET /robots.txt HTTP/1.1" 404 - "-" "Mozilla/5.0 (compatible; AhrefsBot/7.0; +http://ahrefs.com/robot/)"
54.36.148.180 - - [16/Jun/2022:16:41:45 +0200] "GET / HTTP/1.1" 200 174 "-" "Mozilla/5.0 (compatible; AhrefsBot/7.0; +http://ahrefs.com/robot/)"
212.237.23.143 - - [16/Jun/2022:17:25:27 +0200] "HEAD / HTTP/1.1" 200 0 "-" "Alert_Alligator_webmonitoring_service_1.6.4_(alertalligator.com)"
54.71.167.203 - - [16/Jun/2022:17:33:09 +0200] "GET / HTTP/1.1" 200 166 "-" "Mozilla/5.0 (X11; Linux x86_64) AppleWebKit/537.36 (KHTML, like Gecko) Chrome/83.0.4103.97 Safari/537.36"
80.120.129.210 - - [16/Jun/2022:17:33:24 +0200] "GET / HTTP/1.1" 200 174 "-" "Mozilla/5.0 Firefox/26.0"
35.89.118.8 - - [16/Jun/2022:17:33:32 +0200] "GET /favicon.ico HTTP/1.1" 404 - "-" "Mozilla/5.0 (X11; Linux x86_64) AppleWebKit/537.36 (KHTML, like Gecko) Chrome/83.0.4103.97 Safari/537.36"
35.89.118.8 - - [16/Jun/2022:17:33:34 +0200] "GET / HTTP/1.1" 200 166 "-" "Mozilla/5.0 (X11; Linux x86_64) AppleWebKit/537.36 (KHTML, like Gecko) Chrome/83.0.4103.97 Safari/537.36"
157.55.39.54 - - [16/Jun/2022:17:56:21 +0200] "GET /robots.txt HTTP/1.1" 404 - "-" "Mozilla/5.0 (compatible; bingbot/2.0; +http://www.bing.com/bingbot.htm)"
157.55.39.125 - - [16/Jun/2022:17:56:32 +0200] "GET / HTTP/1.1" 200 174 "-" "Mozilla/5.0 (iPhone; CPU iPhone OS 7_0 like Mac OS X) AppleWebKit/537.51.1 (KHTML, like Gecko) Version/7.0 Mobile/11A465 Safari/9537.53 (compatible; bingbot/2.0; +http://www.bing.com/bingbot.htm)"
212.237.53.115 - - [16/Jun/2022:18:08:05 +0200] "HEAD / HTTP/1.1" 200 0 "-" "Alert_Alligator_webmonitoring_service_1.6.4_(alertalligator.com)"
49.12.13.109 - - [16/Jun/2022:19:07:12 +0200] "HEAD / HTTP/1.1" 200 0 "-" "Alert_Alligator_webmonitoring_service_1.6.3_(alertalligator.com)"
49.12.13.109 - - [16/Jun/2022:20:06:31 +0200] "HEAD / HTTP/1.1" 200 0 "-" "Alert_Alligator_webmonitoring_service_1.6.3_(alertalligator.com)"
212.237.51.151 - - [16/Jun/2022:20:51:13 +0200] "HEAD / HTTP/1.1" 200 0 "-" "Alert_Alligator_webmonitoring_service_1.6.4_(alertalligator.com)"
45.129.18.88 - - [16/Jun/2022:21:48:15 +0200] "GET / HTTP/1.1" 200 166 "-" "Mozilla/5.0 (Macintosh; Intel Mac OS X 10_11_5) AppleWebKit/537.36 (KHTML, like Gecko) Chrome/51.0.2704.84 Safari/537.36"
49.12.13.109 - - [16/Jun/2022:21:50:30 +0200] "HEAD / HTTP/1.1" 200 0 "-" "Alert_Alligator_webmonitoring_service_1.6.3_(alertalligator.com)"
212.237.51.151 - - [16/Jun/2022:22:33:06 +0200] "HEAD / HTTP/1.1" 200 0 "-" "Alert_Alligator_webmonitoring_service_1.6.4_(alertalligator.com)"
35.87.102.113 - - [16/Jun/2022:22:58:03 +0200] "GET / HTTP/1.1" 200 174 "-" "Mozilla/5.0 (X11; Linux x86_64) AppleWebKit/537.36 (KHTML, like Gecko) Chrome/83.0.4103.97 Safari/537.36"
52.41.163.201 - - [16/Jun/2022:22:58:23 +0200] "GET /favicon.ico HTTP/1.1" 404 - "-" "Mozilla/5.0 (X11; Linux x86_64) AppleWebKit/537.36 (KHTML, like Gecko) Chrome/83.0.4103.97 Safari/537.36"
52.41.163.201 - - [16/Jun/2022:22:58:25 +0200] "GET / HTTP/1.1" 200 174 "-" "Mozilla/5.0 (X11; Linux x86_64) AppleWebKit/537.36 (KHTML, like Gecko) Chrome/83.0.4103.97 Safari/537.36"
49.12.13.109 - - [16/Jun/2022:23:13:16 +0200] "HEAD / HTTP/1.1" 200 0 "-" "Alert_Alligator_webmonitoring_service_1.6.4_(alertalligator.com)"
212.237.51.151 - - [16/Jun/2022:23:54:39 +0200] "HEAD / HTTP/1.1" 200 0 "-" "Alert_Alligator_webmonitoring_service_1.6.4_(alertalligator.com)"
49.12.13.109 - - [17/Jun/2022:00:54:00 +0200] "HEAD / HTTP/1.1" 200 0 "-" "Alert_Alligator_webmonitoring_service_1.6.3_(alertalligator.com)"
212.237.23.143 - - [17/Jun/2022:01:40:03 +0200] "HEAD / HTTP/1.1" 200 0 "-" "Alert_Alligator_webmonitoring_service_1.6.4_(alertalligator.com)"
212.237.53.115 - - [17/Jun/2022:02:36:24 +0200] "HEAD / HTTP/1.1" 200 0 "-" "Alert_Alligator_webmonitoring_service_1.6.4_(alertalligator.com)"
162.55.86.53 - - [17/Jun/2022:02:52:38 +0200] "GET /robots.txt HTTP/1.1" 404 - "-" "Mozilla/5.0 (compatible; BLEXBot/1.0; +http://webmeup-crawler.com/)"
162.55.86.53 - - [17/Jun/2022:02:52:39 +0200] "GET /sitemap HTTP/1.1" 404 - "-" "Mozilla/5.0 (compatible; BLEXBot/1.0; +http://webmeup-crawler.com/)"
162.55.86.53 - - [17/Jun/2022:02:52:40 +0200] "GET /sitemap.txt HTTP/1.1" 404 - "-" "Mozilla/5.0 (compatible; BLEXBot/1.0; +http://webmeup-crawler.com/)"
3.145.77.116 - - [17/Jun/2022:03:00:13 +0200] "GET / HTTP/1.1" 200 166 "-" "Mozilla/5.0 (Macintosh; Intel Mac OS X 10_15_7) AppleWebKit/537.36 (KHTML, like Gecko) Chrome/91.0.4472.114 Safari/537.36"
3.145.77.116 - - [17/Jun/2022:03:00:13 +0200] "GET / HTTP/1.1" 200 166 "-" "Mozilla/5.0 (Macintosh; Intel Mac OS X 10_15_7) AppleWebKit/537.36 (KHTML, like Gecko) Chrome/91.0.4472.114 Safari/537.36"
3.145.77.116 - - [17/Jun/2022:03:00:13 +0200] "GET / HTTP/1.1" 200 166 "-" "Mozilla/5.0 (Macintosh; Intel Mac OS X 10_15_7) AppleWebKit/537.36 (KHTML, like Gecko) Chrome/91.0.4472.114 Safari/537.36"
49.12.13.109 - - [17/Jun/2022:03:36:16 +0200] "HEAD / HTTP/1.1" 200 0 "-" "Alert_Alligator_webmonitoring_service_1.6.3_(alertalligator.com)"
212.237.53.115 - - [17/Jun/2022:04:32:31 +0200] "HEAD / HTTP/1.1" 200 0 "-" "Alert_Alligator_webmonitoring_service_1.6.4_(alertalligator.com)"
212.237.23.143 - - [17/Jun/2022:05:28:12 +0200] "HEAD / HTTP/1.1" 200 0 "-" "Alert_Alligator_webmonitoring_service_1.6.4_(alertalligator.com)"
