49.12.13.109 - - [17/Jun/2022:06:28:09 +0200] "HEAD / HTTP/1.1" 200 0 "-" "Alert_Alligator_webmonitoring_service_1.6.3_(alertalligator.com)"
165.227.115.229 - - [17/Jun/2022:06:42:21 +0200] "HEAD / HTTP/1.1" 200 0 "https://www.bing.com" "Mozilla/5.0 (Macintosh; Intel Mac OS X 10_10_1) AppleWebKit/537.36 (KHTML, like Gecko) Chrome/41.0.2227.1 Safari/537.36"
165.227.115.229 - - [17/Jun/2022:06:42:21 +0200] "GET /wp-login.php HTTP/1.1" 404 - "http://rumini.com" "Mozilla/5.0 (Macintosh; Intel Mac OS X 10_10_1) AppleWebKit/537.36 (KHTML, like Gecko) Chrome/41.0.2227.1 Safari/537.36"
165.227.115.229 - - [17/Jun/2022:06:42:22 +0200] "GET /wordpress/wp-login.php HTTP/1.1" 404 - "http://rumini.com" "Mozilla/5.0 (Macintosh; Intel Mac OS X 10_10_1) AppleWebKit/537.36 (KHTML, like Gecko) Chrome/41.0.2227.1 Safari/537.36"
165.227.115.229 - - [17/Jun/2022:06:42:22 +0200] "GET /blog/wp-login.php HTTP/1.1" 404 - "http://rumini.com" "Mozilla/5.0 (Macintosh; Intel Mac OS X 10_10_1) AppleWebKit/537.36 (KHTML, like Gecko) Chrome/41.0.2227.1 Safari/537.36"
165.227.115.229 - - [17/Jun/2022:06:42:22 +0200] "GET /wp/wp-login.php HTTP/1.1" 404 - "http://rumini.com" "Mozilla/5.0 (Macintosh; Intel Mac OS X 10_10_1) AppleWebKit/537.36 (KHTML, like Gecko) Chrome/41.0.2227.1 Safari/537.36"
207.200.8.180 - - [17/Jun/2022:06:50:42 +0200] "GET / HTTP/1.1" 200 174 "-" "LightspeedSystemsCrawler Mozilla/5.0 (Windows; U; MSIE 9.0; Windows NT 9.0; en-US)"
207.200.8.180 - - [17/Jun/2022:06:50:42 +0200] "GET / HTTP/1.1" 200 174 "-" "LightspeedSystemsCrawler Mozilla/5.0 (Windows; U; MSIE 9.0; Windows NT 9.0; en-US)"
185.183.122.143 - - [17/Jun/2022:07:10:21 +0200] "GET /wp-login.php HTTP/1.1" 404 - "-" "Mozilla/5.0 (Windows NT 10.0; Win64; x64; rv:96.0) Gecko/20100101 Firefox/96"
212.237.51.151 - - [17/Jun/2022:07:14:51 +0200] "HEAD / HTTP/1.1" 200 0 "-" "Alert_Alligator_webmonitoring_service_1.6.4_(alertalligator.com)"
114.119.138.100 - - [17/Jun/2022:07:51:18 +0200] "GET /robots.txt HTTP/1.1" 404 - "-" "Mozilla/5.0 (compatible;PetalBot;+https://webmaster.petalsearch.com/site/petalbot)"
212.237.23.143 - - [17/Jun/2022:08:15:39 +0200] "HEAD / HTTP/1.1" 200 0 "-" "Alert_Alligator_webmonitoring_service_1.6.4_(alertalligator.com)"
212.237.53.115 - - [17/Jun/2022:09:12:35 +0200] "HEAD / HTTP/1.1" 200 0 "-" "Alert_Alligator_webmonitoring_service_1.6.4_(alertalligator.com)"
212.237.53.115 - - [17/Jun/2022:10:09:07 +0200] "HEAD / HTTP/1.1" 200 0 "-" "Alert_Alligator_webmonitoring_service_1.6.4_(alertalligator.com)"
157.90.182.23 - - [17/Jun/2022:10:48:32 +0200] "GET /robots.txt HTTP/1.1" 404 - "-" "Mozilla/5.0 (compatible; BLEXBot/1.0; +http://webmeup-crawler.com/)"
157.90.182.23 - - [17/Jun/2022:10:48:32 +0200] "GET /sitemap HTTP/1.1" 404 - "-" "Mozilla/5.0 (compatible; BLEXBot/1.0; +http://webmeup-crawler.com/)"
157.90.182.23 - - [17/Jun/2022:10:48:34 +0200] "GET /sitemap.txt HTTP/1.1" 404 - "-" "Mozilla/5.0 (compatible; BLEXBot/1.0; +http://webmeup-crawler.com/)"
93.158.92.13 - - [17/Jun/2022:10:53:39 +0200] "GET /robots.txt HTTP/1.1" 404 - "-" "Mozilla/5.0 (Macintosh; Intel Mac OS X 10_13_6) AppleWebKit/537.36 (KHTML, like Gecko) Chrome/91.0.4472.114 Safari/537.36"
93.158.91.253 - - [17/Jun/2022:10:53:39 +0200] "GET /humans.txt HTTP/1.1" 404 - "-" "Mozilla/5.0 (Macintosh; Intel Mac OS X 10_13_6) AppleWebKit/537.36 (KHTML, like Gecko) Chrome/91.0.4472.114 Safari/537.36"
93.158.91.252 - - [17/Jun/2022:10:53:39 +0200] "GET /ads.txt HTTP/1.1" 404 - "-" "Mozilla/5.0 (Macintosh; Intel Mac OS X 10_13_6) AppleWebKit/537.36 (KHTML, like Gecko) Chrome/91.0.4472.114 Safari/537.36"
93.158.91.242 - - [17/Jun/2022:10:53:40 +0200] "GET / HTTP/1.1" 200 174 "-" "Mozilla/5.0 (Macintosh; Intel Mac OS X 10_13_6) AppleWebKit/537.36 (KHTML, like Gecko) Chrome/91.0.4472.114 Safari/537.36"
49.12.13.109 - - [17/Jun/2022:11:08:09 +0200] "HEAD / HTTP/1.1" 200 0 "-" "Alert_Alligator_webmonitoring_service_1.6.3_(alertalligator.com)"
49.12.13.109 - - [17/Jun/2022:12:07:44 +0200] "HEAD / HTTP/1.1" 200 0 "-" "Alert_Alligator_webmonitoring_service_1.6.3_(alertalligator.com)"
212.237.53.115 - - [17/Jun/2022:12:58:15 +0200] "HEAD / HTTP/1.1" 200 0 "-" "Alert_Alligator_webmonitoring_service_1.6.4_(alertalligator.com)"
49.12.13.109 - - [17/Jun/2022:13:57:16 +0200] "HEAD / HTTP/1.1" 200 0 "-" "Alert_Alligator_webmonitoring_service_1.6.3_(alertalligator.com)"
212.237.51.151 - - [17/Jun/2022:14:39:07 +0200] "HEAD / HTTP/1.1" 200 0 "-" "Alert_Alligator_webmonitoring_service_1.6.4_(alertalligator.com)"
212.237.53.115 - - [17/Jun/2022:15:31:17 +0200] "HEAD / HTTP/1.1" 200 0 "-" "Alert_Alligator_webmonitoring_service_1.6.4_(alertalligator.com)"
49.12.13.109 - - [17/Jun/2022:16:31:01 +0200] "HEAD / HTTP/1.1" 200 0 "-" "Alert_Alligator_webmonitoring_service_1.6.3_(alertalligator.com)"
35.88.169.156 - - [17/Jun/2022:16:54:53 +0200] "HEAD / HTTP/1.1" 200 0 "-" "Go-http-client/1.1"
54.148.93.8 - - [17/Jun/2022:16:54:56 +0200] "HEAD / HTTP/1.1" 200 0 "-" "Mozilla/5.0 (Windows NT 6.1; WOW64) AppleWebKit/537.36 (KHTML, like Gecko) Chrome/56.0.2924.76 Safari/537.36"
34.219.37.145 - - [17/Jun/2022:16:54:57 +0200] "GET / HTTP/1.1" 200 174 "-" "Mozilla/5.0 (Macintosh; Intel Mac OS X 10_14_6) AppleWebKit/537.36 (KHTML, like Gecko) Chrome/97.0.4692.99 Safari/537.36"
49.12.13.109 - - [17/Jun/2022:17:30:12 +0200] "HEAD / HTTP/1.1" 200 0 "-" "Alert_Alligator_webmonitoring_service_1.6.3_(alertalligator.com)"
167.172.178.90 - - [17/Jun/2022:17:40:16 +0200] "GET / HTTP/1.1" 200 174 "-" "Mozilla/5.0;(Windows NT 10.0; Win64; x64);AppleWebKit/537.36;(KHTML, like Gecko);Chrome/100.0.4896.60;Safari/537.36;Edg/100.0.1185.29"
212.237.53.115 - - [17/Jun/2022:18:25:02 +0200] "HEAD / HTTP/1.1" 200 0 "-" "Alert_Alligator_webmonitoring_service_1.6.4_(alertalligator.com)"
212.237.23.143 - - [17/Jun/2022:19:19:00 +0200] "HEAD / HTTP/1.1" 200 0 "-" "Alert_Alligator_webmonitoring_service_1.6.4_(alertalligator.com)"
51.222.253.11 - - [17/Jun/2022:19:46:49 +0200] "GET /robots.txt HTTP/1.1" 404 - "-" "Mozilla/5.0 (compatible; AhrefsBot/7.0; +http://ahrefs.com/robot/)"
54.36.148.122 - - [17/Jun/2022:19:46:49 +0200] "GET / HTTP/1.1" 200 166 "-" "Mozilla/5.0 (compatible; AhrefsBot/7.0; +http://ahrefs.com/robot/)"
66.249.66.59 - - [17/Jun/2022:20:07:30 +0200] "GET /robots.txt HTTP/1.1" 404 - "-" "Mozilla/5.0 (compatible; Googlebot/2.1; +http://www.google.com/bot.html)"
66.249.66.27 - - [17/Jun/2022:20:07:30 +0200] "GET / HTTP/1.1" 200 174 "-" "Mozilla/5.0 (Linux; Android 6.0.1; Nexus 5X Build/MMB29P) AppleWebKit/537.36 (KHTML, like Gecko) Chrome/102.0.5005.115 Mobile Safari/537.36 (compatible; Googlebot/2.1; +http://www.google.com/bot.html)"
212.237.53.115 - - [17/Jun/2022:20:14:36 +0200] "HEAD / HTTP/1.1" 200 0 "-" "Alert_Alligator_webmonitoring_service_1.6.4_(alertalligator.com)"
212.237.51.151 - - [17/Jun/2022:20:57:51 +0200] "HEAD / HTTP/1.1" 200 0 "-" "Alert_Alligator_webmonitoring_service_1.6.4_(alertalligator.com)"
54.36.148.80 - - [17/Jun/2022:21:01:00 +0200] "GET /robots.txt HTTP/1.1" 404 - "-" "Mozilla/5.0 (compatible; AhrefsBot/7.0; +http://ahrefs.com/robot/)"
54.36.148.43 - - [17/Jun/2022:21:01:01 +0200] "GET / HTTP/1.1" 200 166 "-" "Mozilla/5.0 (compatible; AhrefsBot/7.0; +http://ahrefs.com/robot/)"
49.12.13.109 - - [17/Jun/2022:21:56:55 +0200] "HEAD / HTTP/1.1" 200 0 "-" "Alert_Alligator_webmonitoring_service_1.6.3_(alertalligator.com)"
49.12.13.109 - - [17/Jun/2022:22:41:57 +0200] "HEAD / HTTP/1.1" 200 0 "-" "Alert_Alligator_webmonitoring_service_1.6.4_(alertalligator.com)"
212.237.23.143 - - [17/Jun/2022:23:37:52 +0200] "HEAD / HTTP/1.1" 200 0 "-" "Alert_Alligator_webmonitoring_service_1.6.4_(alertalligator.com)"
49.12.13.109 - - [18/Jun/2022:00:37:23 +0200] "HEAD / HTTP/1.1" 200 0 "-" "Alert_Alligator_webmonitoring_service_1.6.3_(alertalligator.com)"
49.12.13.109 - - [18/Jun/2022:01:36:40 +0200] "HEAD / HTTP/1.1" 200 0 "-" "Alert_Alligator_webmonitoring_service_1.6.3_(alertalligator.com)"
212.237.51.151 - - [18/Jun/2022:02:24:30 +0200] "HEAD / HTTP/1.1" 200 0 "-" "Alert_Alligator_webmonitoring_service_1.6.4_(alertalligator.com)"
16.170.166.164 - - [18/Jun/2022:02:56:16 +0200] "GET / HTTP/1.1" 200 174 "-" "Mozilla/5.0 (Windows NT 10.0; Win64; x64) AppleWebKit/537.36 (KHTML, like Gecko) Chrome/92.0.4515.107 Safari/537.36"
212.237.51.151 - - [18/Jun/2022:03:08:54 +0200] "HEAD / HTTP/1.1" 200 0 "-" "Alert_Alligator_webmonitoring_service_1.6.4_(alertalligator.com)"
212.237.53.115 - - [18/Jun/2022:04:08:34 +0200] "HEAD / HTTP/1.1" 200 0 "-" "Alert_Alligator_webmonitoring_service_1.6.4_(alertalligator.com)"
54.201.183.33 - - [18/Jun/2022:05:02:24 +0200] "HEAD / HTTP/1.1" 200 0 "-" "Go-http-client/1.1"
54.148.93.8 - - [18/Jun/2022:05:02:26 +0200] "HEAD / HTTP/1.1" 200 0 "-" "Mozilla/5.0 (Windows NT 6.1; WOW64) AppleWebKit/537.36 (KHTML, like Gecko) Chrome/56.0.2924.76 Safari/537.36"
54.187.127.29 - - [18/Jun/2022:05:02:27 +0200] "GET / HTTP/1.1" 200 174 "-" "Mozilla/5.0 (Macintosh; Intel Mac OS X 10_14_6) AppleWebKit/537.36 (KHTML, like Gecko) Chrome/97.0.4692.99 Safari/537.36"
212.237.23.143 - - [18/Jun/2022:05:12:36 +0200] "HEAD / HTTP/1.1" 200 0 "-" "Alert_Alligator_webmonitoring_service_1.6.4_(alertalligator.com)"
49.12.13.109 - - [18/Jun/2022:06:11:52 +0200] "HEAD / HTTP/1.1" 200 0 "-" "Alert_Alligator_webmonitoring_service_1.6.3_(alertalligator.com)"
49.12.13.109 - - [18/Jun/2022:07:10:57 +0200] "HEAD / HTTP/1.1" 200 0 "-" "Alert_Alligator_webmonitoring_service_1.6.3_(alertalligator.com)"
114.119.148.189 - - [18/Jun/2022:07:26:17 +0200] "GET /robots.txt HTTP/1.1" 404 - "-" "Mozilla/5.0 (compatible;PetalBot;+https://webmaster.petalsearch.com/site/petalbot)"
212.237.23.143 - - [18/Jun/2022:08:09:46 +0200] "HEAD / HTTP/1.1" 200 0 "-" "Alert_Alligator_webmonitoring_service_1.6.4_(alertalligator.com)"
34.222.122.243 - - [18/Jun/2022:09:08:27 +0200] "HEAD / HTTP/1.1" 200 0 "-" "Go-http-client/1.1"
54.188.253.45 - - [18/Jun/2022:09:08:28 +0200] "HEAD / HTTP/1.1" 200 0 "-" "Mozilla/5.0 (Windows NT 6.1; WOW64) AppleWebKit/537.36 (KHTML, like Gecko) Chrome/56.0.2924.76 Safari/537.36"
35.164.8.11 - - [18/Jun/2022:09:08:29 +0200] "GET / HTTP/1.1" 200 174 "-" "Mozilla/5.0 (Macintosh; Intel Mac OS X 10_14_6) AppleWebKit/537.36 (KHTML, like Gecko) Chrome/97.0.4692.99 Safari/537.36"
49.12.13.109 - - [18/Jun/2022:09:08:52 +0200] "HEAD / HTTP/1.1" 200 0 "-" "Alert_Alligator_webmonitoring_service_1.6.3_(alertalligator.com)"
205.210.31.139 - - [18/Jun/2022:09:33:09 +0200] "GET / HTTP/1.1" 200 166 "-" "Expanse, a Palo Alto Networks company, searches across the global IPv4 space multiple times per day to identify customers' presences on the Internet. If you would like to be excluded from our scans, please send IP addresses/domains to: scaninfo@paloaltonetworks.com"
66.249.66.151 - - [18/Jun/2022:10:03:27 +0200] "GET /robots.txt HTTP/1.1" 404 - "-" "Mozilla/5.0 (compatible; Googlebot/2.1; +http://www.google.com/bot.html)"
66.249.66.151 - - [18/Jun/2022:10:03:27 +0200] "GET / HTTP/1.1" 200 174 "-" "Mozilla/5.0 (Linux; Android 6.0.1; Nexus 5X Build/MMB29P) AppleWebKit/537.36 (KHTML, like Gecko) Chrome/102.0.5005.115 Mobile Safari/537.36 (compatible; Googlebot/2.1; +http://www.google.com/bot.html)"
212.237.23.143 - - [18/Jun/2022:10:05:59 +0200] "HEAD / HTTP/1.1" 200 0 "-" "Alert_Alligator_webmonitoring_service_1.6.4_(alertalligator.com)"
49.12.13.109 - - [18/Jun/2022:11:05:12 +0200] "HEAD / HTTP/1.1" 200 0 "-" "Alert_Alligator_webmonitoring_service_1.6.3_(alertalligator.com)"
95.163.255.129 - - [18/Jun/2022:11:40:13 +0200] "GET /robots.txt HTTP/1.0" 404 - "-" "Mozilla/5.0 (compatible; Linux x86_64; Mail.RU_Bot/Robots/2.0; +https://help.mail.ru/webmaster/indexing/robots)"
95.163.255.120 - - [18/Jun/2022:11:40:14 +0200] "GET / HTTP/1.1" 200 174 "-" "Mozilla/5.0 (compatible; Linux x86_64; Mail.RU_Bot/Robots/2.0; +https://help.mail.ru/webmaster/indexing/robots)"
212.237.51.151 - - [18/Jun/2022:11:47:08 +0200] "HEAD / HTTP/1.1" 200 0 "-" "Alert_Alligator_webmonitoring_service_1.6.4_(alertalligator.com)"
162.55.86.53 - - [18/Jun/2022:12:03:01 +0200] "GET /robots.txt HTTP/1.1" 404 - "-" "Mozilla/5.0 (compatible; BLEXBot/1.0; +http://webmeup-crawler.com/)"
162.55.86.53 - - [18/Jun/2022:12:03:01 +0200] "GET /sitemap HTTP/1.1" 404 - "-" "Mozilla/5.0 (compatible; BLEXBot/1.0; +http://webmeup-crawler.com/)"
162.55.86.53 - - [18/Jun/2022:12:03:02 +0200] "GET /sitemap.txt HTTP/1.1" 404 - "-" "Mozilla/5.0 (compatible; BLEXBot/1.0; +http://webmeup-crawler.com/)"
157.90.182.23 - - [18/Jun/2022:12:20:20 +0200] "GET /robots.txt HTTP/1.1" 404 - "-" "Mozilla/5.0 (compatible; BLEXBot/1.0; +http://webmeup-crawler.com/)"
157.90.182.23 - - [18/Jun/2022:12:20:20 +0200] "GET /sitemap HTTP/1.1" 404 - "-" "Mozilla/5.0 (compatible; BLEXBot/1.0; +http://webmeup-crawler.com/)"
157.90.182.23 - - [18/Jun/2022:12:20:26 +0200] "GET /sitemap.txt HTTP/1.1" 404 - "-" "Mozilla/5.0 (compatible; BLEXBot/1.0; +http://webmeup-crawler.com/)"
212.237.53.115 - - [18/Jun/2022:12:41:54 +0200] "HEAD / HTTP/1.1" 200 0 "-" "Alert_Alligator_webmonitoring_service_1.6.4_(alertalligator.com)"
212.237.23.143 - - [18/Jun/2022:13:37:23 +0200] "HEAD / HTTP/1.1" 200 0 "-" "Alert_Alligator_webmonitoring_service_1.6.4_(alertalligator.com)"
185.181.60.39 - - [18/Jun/2022:14:36:56 +0200] "GET / HTTP/1.1" 200 174 "-" "Mozilla/5.0 (Windows NT 10.0; Win64; x64) AppleWebKit/537.36 (KHTML, like Gecko) Chrome/91.0.4472.114 Safari/537.36 Edg/91.0.864.54"
49.12.13.109 - - [18/Jun/2022:14:37:21 +0200] "HEAD / HTTP/1.1" 200 0 "-" "Alert_Alligator_webmonitoring_service_1.6.3_(alertalligator.com)"
212.237.53.115 - - [18/Jun/2022:15:32:52 +0200] "HEAD / HTTP/1.1" 200 0 "-" "Alert_Alligator_webmonitoring_service_1.6.4_(alertalligator.com)"
49.12.13.109 - - [18/Jun/2022:16:31:56 +0200] "HEAD / HTTP/1.1" 200 0 "-" "Alert_Alligator_webmonitoring_service_1.6.3_(alertalligator.com)"
54.202.124.227 - - [18/Jun/2022:17:16:24 +0200] "GET / HTTP/1.1" 200 166 "-" "Mozilla/5.0 (X11; Linux x86_64) AppleWebKit/537.36 (KHTML, like Gecko) Chrome/83.0.4103.97 Safari/537.36"
54.70.247.144 - - [18/Jun/2022:17:16:41 +0200] "GET /favicon.ico HTTP/1.1" 404 - "-" "Mozilla/5.0 (X11; Linux x86_64) AppleWebKit/537.36 (KHTML, like Gecko) Chrome/83.0.4103.97 Safari/537.36"
54.70.247.144 - - [18/Jun/2022:17:16:44 +0200] "GET / HTTP/1.1" 200 166 "-" "Mozilla/5.0 (X11; Linux x86_64) AppleWebKit/537.36 (KHTML, like Gecko) Chrome/83.0.4103.97 Safari/537.36"
212.237.53.115 - - [18/Jun/2022:17:28:12 +0200] "HEAD / HTTP/1.1" 200 0 "-" "Alert_Alligator_webmonitoring_service_1.6.4_(alertalligator.com)"
49.12.13.109 - - [18/Jun/2022:18:27:14 +0200] "HEAD / HTTP/1.1" 200 0 "-" "Alert_Alligator_webmonitoring_service_1.6.3_(alertalligator.com)"
198.235.24.142 - - [18/Jun/2022:19:19:07 +0200] "GET / HTTP/1.1" 200 166 "-" "Expanse, a Palo Alto Networks company, searches across the global IPv4 space multiple times per day to identify customers' presences on the Internet. If you would like to be excluded from our scans, please send IP addresses/domains to: scaninfo@paloaltonetworks.com"
54.201.183.33 - - [18/Jun/2022:19:25:19 +0200] "HEAD / HTTP/1.1" 200 0 "-" "Go-http-client/1.1"
54.200.97.205 - - [18/Jun/2022:19:25:21 +0200] "HEAD / HTTP/1.1" 200 0 "-" "Mozilla/5.0 (Windows NT 6.1; WOW64) AppleWebKit/537.36 (KHTML, like Gecko) Chrome/56.0.2924.76 Safari/537.36"
52.37.24.64 - - [18/Jun/2022:19:25:22 +0200] "GET / HTTP/1.1" 200 174 "-" "Mozilla/5.0 (Macintosh; Intel Mac OS X 10_14_6) AppleWebKit/537.36 (KHTML, like Gecko) Chrome/97.0.4692.99 Safari/537.36"
49.12.13.109 - - [18/Jun/2022:19:26:16 +0200] "HEAD / HTTP/1.1" 200 0 "-" "Alert_Alligator_webmonitoring_service_1.6.3_(alertalligator.com)"
49.12.13.109 - - [18/Jun/2022:20:25:18 +0200] "HEAD / HTTP/1.1" 200 0 "-" "Alert_Alligator_webmonitoring_service_1.6.3_(alertalligator.com)"
49.12.13.109 - - [18/Jun/2022:21:24:47 +0200] "HEAD / HTTP/1.1" 200 0 "-" "Alert_Alligator_webmonitoring_service_1.6.3_(alertalligator.com)"
205.210.31.26 - - [18/Jun/2022:21:26:29 +0200] "GET / HTTP/1.1" 200 166 "-" "Expanse, a Palo Alto Networks company, searches across the global IPv4 space multiple times per day to identify customers' presences on the Internet. If you would like to be excluded from our scans, please send IP addresses/domains to: scaninfo@paloaltonetworks.com"
40.77.167.99 - - [18/Jun/2022:22:20:58 +0200] "GET /robots.txt HTTP/1.1" 404 - "-" "Mozilla/5.0 (compatible; bingbot/2.0; +http://www.bing.com/bingbot.htm)"
157.55.39.158 - - [18/Jun/2022:22:21:05 +0200] "GET / HTTP/1.1" 304 - "-" "Mozilla/5.0 (compatible; bingbot/2.0; +http://www.bing.com/bingbot.htm)"
49.12.13.109 - - [18/Jun/2022:22:24:54 +0200] "HEAD / HTTP/1.1" 200 0 "-" "Alert_Alligator_webmonitoring_service_1.6.3_(alertalligator.com)"
18.236.151.145 - - [18/Jun/2022:22:28:33 +0200] "GET / HTTP/1.1" 200 174 "-" "Mozilla/5.0 (X11; Linux x86_64) AppleWebKit/537.36 (KHTML, like Gecko) Chrome/83.0.4103.97 Safari/537.36"
52.43.147.130 - - [18/Jun/2022:22:28:54 +0200] "GET /favicon.ico HTTP/1.1" 404 - "-" "Mozilla/5.0 (X11; Linux x86_64) AppleWebKit/537.36 (KHTML, like Gecko) Chrome/83.0.4103.97 Safari/537.36"
52.43.147.130 - - [18/Jun/2022:22:28:56 +0200] "GET / HTTP/1.1" 200 174 "-" "Mozilla/5.0 (X11; Linux x86_64) AppleWebKit/537.36 (KHTML, like Gecko) Chrome/83.0.4103.97 Safari/537.36"
198.235.24.19 - - [18/Jun/2022:22:42:38 +0200] "GET / HTTP/1.1" 200 174 "-" "Expanse, a Palo Alto Networks company, searches across the global IPv4 space multiple times per day to identify customers' presences on the Internet. If you would like to be excluded from our scans, please send IP addresses/domains to: scaninfo@paloaltonetworks.com"
49.12.13.109 - - [18/Jun/2022:23:23:56 +0200] "HEAD / HTTP/1.1" 200 0 "-" "Alert_Alligator_webmonitoring_service_1.6.3_(alertalligator.com)"
54.36.148.115 - - [18/Jun/2022:23:39:09 +0200] "GET / HTTP/1.1" 200 174 "-" "Mozilla/5.0 (compatible; AhrefsBot/7.0; +http://ahrefs.com/robot/)"
212.237.53.115 - - [19/Jun/2022:00:20:21 +0200] "HEAD / HTTP/1.1" 200 0 "-" "Alert_Alligator_webmonitoring_service_1.6.4_(alertalligator.com)"
205.210.31.15 - - [19/Jun/2022:00:43:02 +0200] "GET / HTTP/1.1" 200 174 "-" "Expanse, a Palo Alto Networks company, searches across the global IPv4 space multiple times per day to identify customers' presences on the Internet. If you would like to be excluded from our scans, please send IP addresses/domains to: scaninfo@paloaltonetworks.com"
51.222.253.5 - - [19/Jun/2022:01:01:22 +0200] "GET / HTTP/1.1" 200 166 "-" "Mozilla/5.0 (compatible; AhrefsBot/7.0; +http://ahrefs.com/robot/)"
49.12.13.109 - - [19/Jun/2022:01:19:30 +0200] "HEAD / HTTP/1.1" 200 0 "-" "Alert_Alligator_webmonitoring_service_1.6.3_(alertalligator.com)"
65.21.198.162 - - [19/Jun/2022:01:55:50 +0200] "GET /wp-login.php HTTP/1.1" 404 - "-" "Mozilla/5.0 (Windows NT 10.0; Win64; x64; rv:96.0) Gecko/20100101 Firefox/96"
119.18.52.177 - - [19/Jun/2022:02:00:57 +0200] "GET /wp-login.php HTTP/1.1" 404 - "-" "Mozilla/5.0 (Windows NT 10.0; Win64; x64; rv:96.0) Gecko/20100101 Firefox/96"
54.36.148.100 - - [19/Jun/2022:02:01:39 +0200] "GET / HTTP/1.1" 200 166 "-" "Mozilla/5.0 (compatible; AhrefsBot/7.0; +http://ahrefs.com/robot/)"
212.237.51.151 - - [19/Jun/2022:02:06:41 +0200] "HEAD / HTTP/1.1" 200 0 "-" "Alert_Alligator_webmonitoring_service_1.6.4_(alertalligator.com)"
205.210.31.16 - - [19/Jun/2022:02:16:34 +0200] "GET / HTTP/1.1" 200 166 "-" "Expanse, a Palo Alto Networks company, searches across the global IPv4 space multiple times per day to identify customers' presences on the Internet. If you would like to be excluded from our scans, please send IP addresses/domains to: scaninfo@paloaltonetworks.com"
49.12.13.109 - - [19/Jun/2022:03:05:46 +0200] "HEAD / HTTP/1.1" 200 0 "-" "Alert_Alligator_webmonitoring_service_1.6.3_(alertalligator.com)"
212.237.53.115 - - [19/Jun/2022:04:01:07 +0200] "HEAD / HTTP/1.1" 200 0 "-" "Alert_Alligator_webmonitoring_service_1.6.4_(alertalligator.com)"
194.38.20.161 - - [19/Jun/2022:04:15:50 +0200] "GET /sites/all/libraries/plupload/examples/upload.php HTTP/1.1" 404 - "-" "ALittle Client"
198.235.24.9 - - [19/Jun/2022:04:16:33 +0200] "GET / HTTP/1.1" 200 166 "-" "Expanse, a Palo Alto Networks company, searches across the global IPv4 space multiple times per day to identify customers' presences on the Internet. If you would like to be excluded from our scans, please send IP addresses/domains to: scaninfo@paloaltonetworks.com"
212.237.51.151 - - [19/Jun/2022:04:46:47 +0200] "HEAD / HTTP/1.1" 200 0 "-" "Alert_Alligator_webmonitoring_service_1.6.4_(alertalligator.com)"
49.12.13.109 - - [19/Jun/2022:05:45:52 +0200] "HEAD / HTTP/1.1" 200 0 "-" "Alert_Alligator_webmonitoring_service_1.6.3_(alertalligator.com)"
198.235.24.31 - - [19/Jun/2022:06:02:59 +0200] "GET / HTTP/1.1" 200 174 "-" "Expanse, a Palo Alto Networks company, searches across the global IPv4 space multiple times per day to identify customers' presences on the Internet. If you would like to be excluded from our scans, please send IP addresses/domains to: scaninfo@paloaltonetworks.com"
198.235.24.147 - - [19/Jun/2022:06:09:54 +0200] "GET / HTTP/1.1" 200 174 "-" "Expanse, a Palo Alto Networks company, searches across the global IPv4 space multiple times per day to identify customers' presences on the Internet. If you would like to be excluded from our scans, please send IP addresses/domains to: scaninfo@paloaltonetworks.com"
49.12.13.109 - - [19/Jun/2022:06:45:14 +0200] "HEAD / HTTP/1.1" 200 0 "-" "Alert_Alligator_webmonitoring_service_1.6.3_(alertalligator.com)"
212.237.53.115 - - [19/Jun/2022:07:38:34 +0200] "HEAD / HTTP/1.1" 200 0 "-" "Alert_Alligator_webmonitoring_service_1.6.4_(alertalligator.com)"
212.237.51.151 - - [19/Jun/2022:08:25:19 +0200] "HEAD / HTTP/1.1" 200 0 "-" "Alert_Alligator_webmonitoring_service_1.6.4_(alertalligator.com)"
212.237.51.151 - - [19/Jun/2022:09:06:12 +0200] "HEAD / HTTP/1.1" 200 0 "-" "Alert_Alligator_webmonitoring_service_1.6.4_(alertalligator.com)"
49.12.13.109 - - [19/Jun/2022:10:05:28 +0200] "HEAD / HTTP/1.1" 200 0 "-" "Alert_Alligator_webmonitoring_service_1.6.3_(alertalligator.com)"
45.129.18.27 - - [19/Jun/2022:10:45:59 +0200] "GET / HTTP/1.1" 200 174 "-" "Mozilla/5.0 (Macintosh; Intel Mac OS X 10_11_5) AppleWebKit/537.36 (KHTML, like Gecko) Chrome/51.0.2704.84 Safari/537.36"
49.12.13.109 - - [19/Jun/2022:11:04:54 +0200] "HEAD / HTTP/1.1" 200 0 "-" "Alert_Alligator_webmonitoring_service_1.6.3_(alertalligator.com)"
194.38.20.161 - - [19/Jun/2022:11:25:28 +0200] "GET /sites/all/libraries/plupload/examples/upload.php HTTP/1.1" 404 - "-" "ALittle Client"
212.237.51.151 - - [19/Jun/2022:11:47:15 +0200] "HEAD / HTTP/1.1" 200 0 "-" "Alert_Alligator_webmonitoring_service_1.6.4_(alertalligator.com)"
212.237.51.151 - - [19/Jun/2022:12:31:50 +0200] "HEAD / HTTP/1.1" 200 0 "-" "Alert_Alligator_webmonitoring_service_1.6.4_(alertalligator.com)"
20.29.211.7 - - [19/Jun/2022:12:32:35 +0200] "GET / HTTP/1.1" 200 174 "-" "Mozlila/5.0 (Linux; Android 7.0; SM-G892A Bulid/NRD90M; wv) AppleWebKit/537.36 (KHTML, like Gecko) Version/4.0 Chrome/60.0.3112.107 Moblie Safari/537.36"
20.29.211.7 - - [19/Jun/2022:12:32:35 +0200] "POST /ALFA_DATA/alfacgiapi/perl.alfa HTTP/1.1" 404 - "www.google.com" "Mozlila/5.0 (Linux; Android 7.0; SM-G892A Bulid/NRD90M; wv) AppleWebKit/537.36 (KHTML, like Gecko) Version/4.0 Chrome/60.0.3112.107 Moblie Safari/537.36"
20.29.211.7 - - [19/Jun/2022:12:32:35 +0200] "POST /alfacgiapi/perl.alfa HTTP/1.1" 404 - "www.google.com" "Mozlila/5.0 (Linux; Android 7.0; SM-G892A Bulid/NRD90M; wv) AppleWebKit/537.36 (KHTML, like Gecko) Version/4.0 Chrome/60.0.3112.107 Moblie Safari/537.36"
49.12.13.109 - - [19/Jun/2022:13:30:56 +0200] "HEAD / HTTP/1.1" 200 0 "-" "Alert_Alligator_webmonitoring_service_1.6.3_(alertalligator.com)"
54.36.149.43 - - [19/Jun/2022:13:37:01 +0200] "GET /robots.txt HTTP/1.1" 404 - "-" "Mozilla/5.0 (compatible; AhrefsBot/7.0; +http://ahrefs.com/robot/)"
54.36.149.10 - - [19/Jun/2022:13:37:02 +0200] "GET / HTTP/1.1" 200 174 "-" "Mozilla/5.0 (compatible; AhrefsBot/7.0; +http://ahrefs.com/robot/)"
114.119.140.73 - - [19/Jun/2022:13:44:43 +0200] "GET /robots.txt HTTP/1.1" 404 - "-" "Mozilla/5.0 (compatible;PetalBot;+https://webmaster.petalsearch.com/site/petalbot)"
212.237.51.151 - - [19/Jun/2022:14:15:06 +0200] "HEAD / HTTP/1.1" 200 0 "-" "Alert_Alligator_webmonitoring_service_1.6.4_(alertalligator.com)"
212.237.51.151 - - [19/Jun/2022:14:59:41 +0200] "HEAD / HTTP/1.1" 200 0 "-" "Alert_Alligator_webmonitoring_service_1.6.4_(alertalligator.com)"
212.237.51.151 - - [19/Jun/2022:15:44:18 +0200] "HEAD / HTTP/1.1" 200 0 "-" "Alert_Alligator_webmonitoring_service_1.6.4_(alertalligator.com)"
49.12.13.109 - - [19/Jun/2022:16:43:20 +0200] "HEAD / HTTP/1.1" 200 0 "-" "Alert_Alligator_webmonitoring_service_1.6.3_(alertalligator.com)"
34.217.98.131 - - [19/Jun/2022:17:22:09 +0200] "GET / HTTP/1.1" 200 166 "-" "Mozilla/5.0 (X11; Linux x86_64) AppleWebKit/537.36 (KHTML, like Gecko) Chrome/83.0.4103.97 Safari/537.36"
34.211.79.126 - - [19/Jun/2022:17:22:39 +0200] "GET /favicon.ico HTTP/1.1" 404 - "-" "Mozilla/5.0 (X11; Linux x86_64) AppleWebKit/537.36 (KHTML, like Gecko) Chrome/83.0.4103.97 Safari/537.36"
34.211.79.126 - - [19/Jun/2022:17:22:40 +0200] "GET / HTTP/1.1" 200 166 "-" "Mozilla/5.0 (X11; Linux x86_64) AppleWebKit/537.36 (KHTML, like Gecko) Chrome/83.0.4103.97 Safari/537.36"
49.12.13.109 - - [19/Jun/2022:17:43:16 +0200] "HEAD / HTTP/1.1" 200 0 "-" "Alert_Alligator_webmonitoring_service_1.6.3_(alertalligator.com)"
162.55.86.53 - - [19/Jun/2022:18:15:56 +0200] "GET /robots.txt HTTP/1.1" 404 - "-" "Mozilla/5.0 (compatible; BLEXBot/1.0; +http://webmeup-crawler.com/)"
162.55.86.53 - - [19/Jun/2022:18:15:56 +0200] "GET /sitemap HTTP/1.1" 404 - "-" "Mozilla/5.0 (compatible; BLEXBot/1.0; +http://webmeup-crawler.com/)"
162.55.86.53 - - [19/Jun/2022:18:16:00 +0200] "GET /sitemap.txt HTTP/1.1" 404 - "-" "Mozilla/5.0 (compatible; BLEXBot/1.0; +http://webmeup-crawler.com/)"
212.237.51.151 - - [19/Jun/2022:18:27:04 +0200] "HEAD / HTTP/1.1" 200 0 "-" "Alert_Alligator_webmonitoring_service_1.6.4_(alertalligator.com)"
49.12.13.109 - - [19/Jun/2022:19:26:28 +0200] "HEAD / HTTP/1.1" 200 0 "-" "Alert_Alligator_webmonitoring_service_1.6.3_(alertalligator.com)"
212.237.51.151 - - [19/Jun/2022:20:17:21 +0200] "HEAD / HTTP/1.1" 200 0 "-" "Alert_Alligator_webmonitoring_service_1.6.4_(alertalligator.com)"
157.90.182.23 - - [19/Jun/2022:20:25:41 +0200] "GET /robots.txt HTTP/1.1" 404 - "-" "Mozilla/5.0 (compatible; BLEXBot/1.0; +http://webmeup-crawler.com/)"
157.90.182.23 - - [19/Jun/2022:20:25:41 +0200] "GET /sitemap HTTP/1.1" 404 - "-" "Mozilla/5.0 (compatible; BLEXBot/1.0; +http://webmeup-crawler.com/)"
157.90.182.23 - - [19/Jun/2022:20:25:47 +0200] "GET /sitemap.txt HTTP/1.1" 404 - "-" "Mozilla/5.0 (compatible; BLEXBot/1.0; +http://webmeup-crawler.com/)"
212.237.23.143 - - [19/Jun/2022:21:11:06 +0200] "HEAD / HTTP/1.1" 200 0 "-" "Alert_Alligator_webmonitoring_service_1.6.4_(alertalligator.com)"
212.237.23.143 - - [19/Jun/2022:22:07:10 +0200] "HEAD / HTTP/1.1" 200 0 "-" "Alert_Alligator_webmonitoring_service_1.6.4_(alertalligator.com)"
212.237.53.115 - - [19/Jun/2022:23:03:02 +0200] "HEAD / HTTP/1.1" 200 0 "-" "Alert_Alligator_webmonitoring_service_1.6.4_(alertalligator.com)"
176.235.216.155 - - [19/Jun/2022:23:41:39 +0200] "GET /wp-login.php HTTP/1.1" 404 - "-" "Mozilla/5.0 (X11; Ubuntu; Linux x86_64; rv:62.0) Gecko/20100101 Firefox/62.0"
49.12.13.109 - - [20/Jun/2022:00:03:21 +0200] "HEAD / HTTP/1.1" 200 0 "-" "Alert_Alligator_webmonitoring_service_1.6.3_(alertalligator.com)"
5.102.173.71 - - [20/Jun/2022:00:28:41 +0200] "GET /robots.txt HTTP/1.1" 404 - "-" "Mozilla/5.0 (compatible; MojeekBot/0.11; +https://www.mojeek.com/bot.html)"
5.102.173.71 - - [20/Jun/2022:00:28:41 +0200] "GET / HTTP/1.1" 200 166 "-" "Mozilla/5.0 (compatible; MojeekBot/0.11; +https://www.mojeek.com/bot.html)"
212.237.51.151 - - [20/Jun/2022:00:51:46 +0200] "HEAD / HTTP/1.1" 200 0 "-" "Alert_Alligator_webmonitoring_service_1.6.4_(alertalligator.com)"
138.201.81.253 - - [20/Jun/2022:01:07:47 +0200] "GET /wp-login.php HTTP/1.1" 404 - "-" "Mozilla/5.0 (Windows NT 10.0; Win64; x64; rv:96.0) Gecko/20100101 Firefox/96"
185.83.144.103 - - [20/Jun/2022:01:17:57 +0200] "GET /environments/environment.ts HTTP/1.1" 404 - "-" "Mozilla/5.0 (X11; Linux x86_64) AppleWebKit/537.36 (KHTML, like Gecko) Chrome/81.0.4044.129 Safari/537.36"
212.237.53.115 - - [20/Jun/2022:01:45:42 +0200] "HEAD / HTTP/1.1" 200 0 "-" "Alert_Alligator_webmonitoring_service_1.6.4_(alertalligator.com)"
212.237.51.151 - - [20/Jun/2022:02:33:01 +0200] "HEAD / HTTP/1.1" 200 0 "-" "Alert_Alligator_webmonitoring_service_1.6.4_(alertalligator.com)"
212.237.51.151 - - [20/Jun/2022:03:16:13 +0200] "HEAD / HTTP/1.1" 200 0 "-" "Alert_Alligator_webmonitoring_service_1.6.4_(alertalligator.com)"
212.237.23.143 - - [20/Jun/2022:04:11:02 +0200] "HEAD / HTTP/1.1" 200 0 "-" "Alert_Alligator_webmonitoring_service_1.6.4_(alertalligator.com)"
212.237.51.151 - - [20/Jun/2022:04:55:36 +0200] "HEAD / HTTP/1.1" 200 0 "-" "Alert_Alligator_webmonitoring_service_1.6.4_(alertalligator.com)"
212.237.53.115 - - [20/Jun/2022:05:52:29 +0200] "HEAD / HTTP/1.1" 200 0 "-" "Alert_Alligator_webmonitoring_service_1.6.4_(alertalligator.com)"
51.222.253.12 - - [20/Jun/2022:06:06:45 +0200] "GET /robots.txt HTTP/1.1" 404 - "-" "Mozilla/5.0 (compatible; AhrefsBot/7.0; +http://ahrefs.com/robot/)"
51.222.253.2 - - [20/Jun/2022:06:06:46 +0200] "GET / HTTP/1.1" 200 166 "-" "Mozilla/5.0 (compatible; AhrefsBot/7.0; +http://ahrefs.com/robot/)"
49.12.13.109 - - [20/Jun/2022:06:51:33 +0200] "HEAD / HTTP/1.1" 200 0 "-" "Alert_Alligator_webmonitoring_service_1.6.3_(alertalligator.com)"
54.36.148.198 - - [20/Jun/2022:07:16:30 +0200] "GET /robots.txt HTTP/1.1" 404 - "-" "Mozilla/5.0 (compatible; AhrefsBot/7.0; +http://ahrefs.com/robot/)"
54.36.149.21 - - [20/Jun/2022:07:16:31 +0200] "GET / HTTP/1.1" 200 166 "-" "Mozilla/5.0 (compatible; AhrefsBot/7.0; +http://ahrefs.com/robot/)"
49.12.13.109 - - [20/Jun/2022:07:29:04 +0200] "HEAD / HTTP/1.1" 200 0 "-" "Alert_Alligator_webmonitoring_service_1.6.4_(alertalligator.com)"
212.237.51.151 - - [20/Jun/2022:08:15:15 +0200] "HEAD / HTTP/1.1" 200 0 "-" "Alert_Alligator_webmonitoring_service_1.6.4_(alertalligator.com)"
35.89.95.83 - - [20/Jun/2022:09:10:29 +0200] "HEAD / HTTP/1.1" 200 0 "-" "Go-http-client/1.1"
35.162.81.152 - - [20/Jun/2022:09:10:33 +0200] "HEAD / HTTP/1.1" 200 0 "-" "Mozilla/5.0 (Windows NT 6.1; WOW64) AppleWebKit/537.36 (KHTML, like Gecko) Chrome/56.0.2924.76 Safari/537.36"
34.221.185.245 - - [20/Jun/2022:09:10:34 +0200] "GET / HTTP/1.1" 200 174 "-" "Mozilla/5.0 (Macintosh; Intel Mac OS X 10_14_6) AppleWebKit/537.36 (KHTML, like Gecko) Chrome/97.0.4692.99 Safari/537.36"
212.237.23.143 - - [20/Jun/2022:09:11:52 +0200] "HEAD / HTTP/1.1" 200 0 "-" "Alert_Alligator_webmonitoring_service_1.6.4_(alertalligator.com)"
42.192.37.168 - - [20/Jun/2022:09:39:03 +0200] "GET / HTTP/1.1" 200 166 "-" "Mozilla/5.0 (compatible; ThinkChaos/0.3.0; +In_the_test_phase,_if_the_ThinkChaos_brings_you_trouble,_please_add_disallow._Thank_you.)"
49.12.13.109 - - [20/Jun/2022:10:11:37 +0200] "HEAD / HTTP/1.1" 200 0 "-" "Alert_Alligator_webmonitoring_service_1.6.3_(alertalligator.com)"
212.237.51.151 - - [20/Jun/2022:10:53:41 +0200] "HEAD / HTTP/1.1" 200 0 "-" "Alert_Alligator_webmonitoring_service_1.6.4_(alertalligator.com)"
49.12.13.109 - - [20/Jun/2022:11:53:02 +0200] "HEAD / HTTP/1.1" 200 0 "-" "Alert_Alligator_webmonitoring_service_1.6.3_(alertalligator.com)"
212.237.51.151 - - [20/Jun/2022:12:36:14 +0200] "HEAD / HTTP/1.1" 200 0 "-" "Alert_Alligator_webmonitoring_service_1.6.4_(alertalligator.com)"
42.83.147.34 - - [20/Jun/2022:13:10:00 +0200] "GET / HTTP/1.1" 200 174 "-" "Mozilla/5.0 (Windows NT 6.1; Win64; x64) AppleWebKit/537.36 (KHTML, like Gecko)Chrome/74.0.3729.169 Safari/537.36"
212.237.23.143 - - [20/Jun/2022:13:29:28 +0200] "HEAD / HTTP/1.1" 200 0 "-" "Alert_Alligator_webmonitoring_service_1.6.4_(alertalligator.com)"
194.38.20.161 - - [20/Jun/2022:14:10:24 +0200] "GET /wp-content/plugins/cherry-plugin/admin/css/tinymce-shortcodes.css HTTP/1.1" 404 - "-" "ALittle Client"
49.12.13.109 - - [20/Jun/2022:14:28:49 +0200] "HEAD / HTTP/1.1" 200 0 "-" "Alert_Alligator_webmonitoring_service_1.6.3_(alertalligator.com)"
107.175.58.67 - - [20/Jun/2022:14:35:03 +0200] "GET / HTTP/1.1" 200 174 "-" "Mozilla/5.0 (Windows NT 10.0; rv:60.0) Gecko/20100101 Firefox/60.0.2"
20.127.75.252 - - [20/Jun/2022:15:22:47 +0200] "GET / HTTP/1.1" 200 174 "-" "python-requests/2.23.0"
20.127.75.252 - - [20/Jun/2022:15:22:49 +0200] "GET /style.php HTTP/1.1" 404 - "bing.com" "Mozilla/5.0 (Windows NT 10.0; Win64; x64) AppleWebKit/537.36 (KHTML, like Gecko) Chrome/90.0.4430.85 Safari/537.36"
20.127.75.252 - - [20/Jun/2022:15:22:52 +0200] "GET //wordpress//wp-admin/install.php?step=1 HTTP/1.1" 404 - "bing.com" "Mozilla/5.0 (Windows NT 10.0; Win64; x64) AppleWebKit/537.36 (KHTML, like Gecko) Chrome/90.0.4430.85 Safari/537.36"
20.127.75.252 - - [20/Jun/2022:15:22:53 +0200] "GET //wordpress///wp-admin/setup-config.php HTTP/1.1" 404 - "bing.com" "Mozilla/5.0 (Windows NT 10.0; Win64; x64) AppleWebKit/537.36 (KHTML, like Gecko) Chrome/90.0.4430.85 Safari/537.36"
20.127.75.252 - - [20/Jun/2022:15:22:54 +0200] "GET ///wp-admin/install.php?step=1 HTTP/1.1" 404 - "bing.com" "Mozilla/5.0 (Windows NT 10.0; Win64; x64) AppleWebKit/537.36 (KHTML, like Gecko) Chrome/90.0.4430.85 Safari/537.36"
20.127.75.252 - - [20/Jun/2022:15:22:55 +0200] "GET ////wp-admin/setup-config.php HTTP/1.1" 404 - "bing.com" "Mozilla/5.0 (Windows NT 10.0; Win64; x64) AppleWebKit/537.36 (KHTML, like Gecko) Chrome/90.0.4430.85 Safari/537.36"
49.12.13.109 - - [20/Jun/2022:15:27:53 +0200] "HEAD / HTTP/1.1" 200 0 "-" "Alert_Alligator_webmonitoring_service_1.6.3_(alertalligator.com)"
92.101.16.182 - - [20/Jun/2022:15:50:43 +0200] "GET / HTTP/1.0" 200 174 "-" "Mozilla/5.0 (Windows NT 10.0; Win64; x64) AppleWebKit/537.36 (KHTML, like Gecko) Chrome/71.0.3578.98 Safari/537.36"
92.101.16.182 - - [20/Jun/2022:15:50:46 +0200] "GET / HTTP/1.0" 200 174 "-" "Mozilla/5.0 (Windows NT 10.0; Win64; x64) AppleWebKit/537.36 (KHTML, like Gecko) Chrome/71.0.3578.98 Safari/537.36"
49.12.13.109 - - [20/Jun/2022:16:26:56 +0200] "HEAD / HTTP/1.1" 200 0 "-" "Alert_Alligator_webmonitoring_service_1.6.3_(alertalligator.com)"
212.237.51.151 - - [20/Jun/2022:17:13:04 +0200] "HEAD / HTTP/1.1" 200 0 "-" "Alert_Alligator_webmonitoring_service_1.6.4_(alertalligator.com)"
5.188.62.76 - - [20/Jun/2022:17:35:30 +0200] "GET / HTTP/1.1" 200 174 "-" "Mozilla/5.0 (Windows NT 10.0; Win64; x64) AppleWebKit/537.36 (KHTML, like Gecko) Chrome/101.0.4951.67 Safari/537.36"
5.188.62.76 - - [20/Jun/2022:17:35:32 +0200] "GET /robots.txt HTTP/1.1" 404 - "-" "Mozilla/5.0 (Windows NT 10.0; Win64; x64) AppleWebKit/537.36 (KHTML, like Gecko) Chrome/101.0.4951.67 Safari/537.36"
212.237.51.151 - - [20/Jun/2022:17:55:24 +0200] "HEAD / HTTP/1.1" 200 0 "-" "Alert_Alligator_webmonitoring_service_1.6.4_(alertalligator.com)"
114.119.141.215 - - [20/Jun/2022:18:02:26 +0200] "GET /robots.txt HTTP/1.1" 404 - "-" "Mozilla/5.0 (compatible;PetalBot;+https://webmaster.petalsearch.com/site/petalbot)"
49.12.13.109 - - [20/Jun/2022:18:54:46 +0200] "HEAD / HTTP/1.1" 200 0 "-" "Alert_Alligator_webmonitoring_service_1.6.3_(alertalligator.com)"
212.237.51.151 - - [20/Jun/2022:19:37:50 +0200] "HEAD / HTTP/1.1" 200 0 "-" "Alert_Alligator_webmonitoring_service_1.6.4_(alertalligator.com)"
49.12.13.109 - - [20/Jun/2022:20:36:53 +0200] "HEAD / HTTP/1.1" 200 0 "-" "Alert_Alligator_webmonitoring_service_1.6.3_(alertalligator.com)"
194.38.20.161 - - [20/Jun/2022:21:06:04 +0200] "GET /wp-content/plugins/cherry-plugin/admin/css/tinymce-shortcodes.css HTTP/1.1" 404 - "-" "ALittle Client"
198.235.24.132 - - [20/Jun/2022:21:31:25 +0200] "GET / HTTP/1.1" 200 174 "-" "Expanse, a Palo Alto Networks company, searches across the global IPv4 space multiple times per day to identify customers' presences on the Internet. If you would like to be excluded from our scans, please send IP addresses/domains to: scaninfo@paloaltonetworks.com"
49.12.13.109 - - [20/Jun/2022:21:36:10 +0200] "HEAD / HTTP/1.1" 200 0 "-" "Alert_Alligator_webmonitoring_service_1.6.3_(alertalligator.com)"
49.12.13.109 - - [20/Jun/2022:22:35:55 +0200] "HEAD / HTTP/1.1" 200 0 "-" "Alert_Alligator_webmonitoring_service_1.6.3_(alertalligator.com)"
157.90.182.23 - - [20/Jun/2022:22:47:11 +0200] "GET /robots.txt HTTP/1.1" 404 - "-" "Mozilla/5.0 (compatible; BLEXBot/1.0; +http://webmeup-crawler.com/)"
157.90.182.23 - - [20/Jun/2022:22:47:11 +0200] "GET /sitemap HTTP/1.1" 404 - "-" "Mozilla/5.0 (compatible; BLEXBot/1.0; +http://webmeup-crawler.com/)"
157.90.182.23 - - [20/Jun/2022:22:47:12 +0200] "GET /sitemap.txt HTTP/1.1" 404 - "-" "Mozilla/5.0 (compatible; BLEXBot/1.0; +http://webmeup-crawler.com/)"
198.235.24.22 - - [20/Jun/2022:23:02:20 +0200] "GET / HTTP/1.1" 200 174 "-" "Expanse, a Palo Alto Networks company, searches across the global IPv4 space multiple times per day to identify customers' presences on the Internet. If you would like to be excluded from our scans, please send IP addresses/domains to: scaninfo@paloaltonetworks.com"
212.237.51.151 - - [20/Jun/2022:23:21:22 +0200] "HEAD / HTTP/1.1" 200 0 "-" "Alert_Alligator_webmonitoring_service_1.6.4_(alertalligator.com)"
162.55.86.53 - - [20/Jun/2022:23:40:02 +0200] "GET /robots.txt HTTP/1.1" 404 - "-" "Mozilla/5.0 (compatible; BLEXBot/1.0; +http://webmeup-crawler.com/)"
162.55.86.53 - - [20/Jun/2022:23:40:02 +0200] "GET /sitemap HTTP/1.1" 404 - "-" "Mozilla/5.0 (compatible; BLEXBot/1.0; +http://webmeup-crawler.com/)"
162.55.86.53 - - [20/Jun/2022:23:40:05 +0200] "GET /sitemap.txt HTTP/1.1" 404 - "-" "Mozilla/5.0 (compatible; BLEXBot/1.0; +http://webmeup-crawler.com/)"
49.12.13.109 - - [21/Jun/2022:00:20:27 +0200] "HEAD / HTTP/1.1" 200 0 "-" "Alert_Alligator_webmonitoring_service_1.6.3_(alertalligator.com)"
49.12.13.109 - - [21/Jun/2022:01:19:32 +0200] "HEAD / HTTP/1.1" 200 0 "-" "Alert_Alligator_webmonitoring_service_1.6.3_(alertalligator.com)"
51.142.79.167 - - [21/Jun/2022:01:20:35 +0200] "GET /zbilakntkhdame.php HTTP/1.1" 404 - "-" "Mozilla/5.0 (Windows NT 10.0; Win64; x64) AppleWebKit/537.36 (KHTML, like Gecko) Chrome/85.0.4183.102 Safari/537.36"
51.142.79.167 - - [21/Jun/2022:01:20:38 +0200] "GET /.fk.php HTTP/1.1" 404 - "-" "Mozilla/5.0 (Windows NT 10.0; Win64; x64) AppleWebKit/537.36 (KHTML, like Gecko) Chrome/85.0.4183.102 Safari/537.36"
51.142.79.167 - - [21/Jun/2022:01:20:41 +0200] "GET /0.php HTTP/1.1" 404 - "-" "Mozilla/5.0 (Windows NT 10.0; Win64; x64) AppleWebKit/537.36 (KHTML, like Gecko) Chrome/85.0.4183.102 Safari/537.36"
51.142.79.167 - - [21/Jun/2022:01:20:41 +0200] "GET /0byte.php HTTP/1.1" 404 - "-" "Mozilla/5.0 (Windows NT 10.0; Win64; x64) AppleWebKit/537.36 (KHTML, like Gecko) Chrome/85.0.4183.102 Safari/537.36"
51.142.79.167 - - [21/Jun/2022:01:20:45 +0200] "GET /1.php HTTP/1.1" 404 - "-" "Mozilla/5.0 (Windows NT 10.0; Win64; x64) AppleWebKit/537.36 (KHTML, like Gecko) Chrome/85.0.4183.102 Safari/537.36"
51.142.79.167 - - [21/Jun/2022:01:20:46 +0200] "GET /10.php HTTP/1.1" 404 - "-" "Mozilla/5.0 (Windows NT 10.0; Win64; x64) AppleWebKit/537.36 (KHTML, like Gecko) Chrome/85.0.4183.102 Safari/537.36"
51.142.79.167 - - [21/Jun/2022:01:20:50 +0200] "GET /11index.php HTTP/1.1" 404 - "-" "Mozilla/5.0 (Windows NT 10.0; Win64; x64) AppleWebKit/537.36 (KHTML, like Gecko) Chrome/85.0.4183.102 Safari/537.36"
51.142.79.167 - - [21/Jun/2022:01:20:54 +0200] "GET /13.php HTTP/1.1" 404 - "-" "Mozilla/5.0 (Windows NT 10.0; Win64; x64) AppleWebKit/537.36 (KHTML, like Gecko) Chrome/85.0.4183.102 Safari/537.36"
51.142.79.167 - - [21/Jun/2022:01:20:59 +0200] "GET /1337.php HTTP/1.1" 404 - "-" "Mozilla/5.0 (Windows NT 10.0; Win64; x64) AppleWebKit/537.36 (KHTML, like Gecko) Chrome/85.0.4183.102 Safari/537.36"
51.142.79.167 - - [21/Jun/2022:01:21:00 +0200] "GET /1index.php HTTP/1.1" 404 - "-" "Mozilla/5.0 (Windows NT 10.0; Win64; x64) AppleWebKit/537.36 (KHTML, like Gecko) Chrome/85.0.4183.102 Safari/537.36"
51.142.79.167 - - [21/Jun/2022:01:21:00 +0200] "GET /1xleet.php HTTP/1.1" 404 - "-" "Mozilla/5.0 (Windows NT 10.0; Win64; x64) AppleWebKit/537.36 (KHTML, like Gecko) Chrome/85.0.4183.102 Safari/537.36"
51.142.79.167 - - [21/Jun/2022:01:21:05 +0200] "GET /2.php HTTP/1.1" 404 - "-" "Mozilla/5.0 (Windows NT 10.0; Win64; x64) AppleWebKit/537.36 (KHTML, like Gecko) Chrome/85.0.4183.102 Safari/537.36"
51.142.79.167 - - [21/Jun/2022:01:21:06 +0200] "GET /2index.php HTTP/1.1" 404 - "-" "Mozilla/5.0 (Windows NT 10.0; Win64; x64) AppleWebKit/537.36 (KHTML, like Gecko) Chrome/85.0.4183.102 Safari/537.36"
51.142.79.167 - - [21/Jun/2022:01:21:07 +0200] "GET /3.php HTTP/1.1" 404 - "-" "Mozilla/5.0 (Windows NT 10.0; Win64; x64) AppleWebKit/537.36 (KHTML, like Gecko) Chrome/85.0.4183.102 Safari/537.36"
51.142.79.167 - - [21/Jun/2022:01:21:09 +0200] "GET /3index.php HTTP/1.1" 404 - "-" "Mozilla/5.0 (Windows NT 10.0; Win64; x64) AppleWebKit/537.36 (KHTML, like Gecko) Chrome/85.0.4183.102 Safari/537.36"
51.142.79.167 - - [21/Jun/2022:01:21:14 +0200] "GET /4.php HTTP/1.1" 404 - "-" "Mozilla/5.0 (Windows NT 10.0; Win64; x64) AppleWebKit/537.36 (KHTML, like Gecko) Chrome/85.0.4183.102 Safari/537.36"
51.142.79.167 - - [21/Jun/2022:01:21:17 +0200] "GET /403.php HTTP/1.1" 404 - "-" "Mozilla/5.0 (Windows NT 10.0; Win64; x64) AppleWebKit/537.36 (KHTML, like Gecko) Chrome/85.0.4183.102 Safari/537.36"
51.142.79.167 - - [21/Jun/2022:01:21:19 +0200] "GET /404.php HTTP/1.1" 404 - "-" "Mozilla/5.0 (Windows NT 10.0; Win64; x64) AppleWebKit/537.36 (KHTML, like Gecko) Chrome/85.0.4183.102 Safari/537.36"
51.142.79.167 - - [21/Jun/2022:01:21:21 +0200] "GET /5.php HTTP/1.1" 404 - "-" "Mozilla/5.0 (Windows NT 10.0; Win64; x64) AppleWebKit/537.36 (KHTML, like Gecko) Chrome/85.0.4183.102 Safari/537.36"
51.142.79.167 - - [21/Jun/2022:01:21:23 +0200] "GET /9.php HTTP/1.1" 404 - "-" "Mozilla/5.0 (Windows NT 10.0; Win64; x64) AppleWebKit/537.36 (KHTML, like Gecko) Chrome/85.0.4183.102 Safari/537.36"
51.142.79.167 - - [21/Jun/2022:01:21:26 +0200] "GET /FoxWSO.php HTTP/1.1" 404 - "-" "Mozilla/5.0 (Windows NT 10.0; Win64; x64) AppleWebKit/537.36 (KHTML, like Gecko) Chrome/85.0.4183.102 Safari/537.36"
51.142.79.167 - - [21/Jun/2022:01:21:26 +0200] "GET /Leaf.php HTTP/1.1" 404 - "-" "Mozilla/5.0 (Windows NT 10.0; Win64; x64) AppleWebKit/537.36 (KHTML, like Gecko) Chrome/85.0.4183.102 Safari/537.36"
51.142.79.167 - - [21/Jun/2022:01:21:27 +0200] "GET /V5.php HTTP/1.1" 404 - "-" "Mozilla/5.0 (Windows NT 10.0; Win64; x64) AppleWebKit/537.36 (KHTML, like Gecko) Chrome/85.0.4183.102 Safari/537.36"
51.142.79.167 - - [21/Jun/2022:01:21:28 +0200] "GET /WSO.php HTTP/1.1" 404 - "-" "Mozilla/5.0 (Windows NT 10.0; Win64; x64) AppleWebKit/537.36 (KHTML, like Gecko) Chrome/85.0.4183.102 Safari/537.36"
51.142.79.167 - - [21/Jun/2022:01:21:30 +0200] "GET /a.php HTTP/1.1" 404 - "-" "Mozilla/5.0 (Windows NT 10.0; Win64; x64) AppleWebKit/537.36 (KHTML, like Gecko) Chrome/85.0.4183.102 Safari/537.36"
51.142.79.167 - - [21/Jun/2022:01:21:31 +0200] "GET /about.php HTTP/1.1" 404 - "-" "Mozilla/5.0 (Windows NT 10.0; Win64; x64) AppleWebKit/537.36 (KHTML, like Gecko) Chrome/85.0.4183.102 Safari/537.36"
51.142.79.167 - - [21/Jun/2022:01:21:33 +0200] "GET /alex.php HTTP/1.1" 404 - "-" "Mozilla/5.0 (Windows NT 10.0; Win64; x64) AppleWebKit/537.36 (KHTML, like Gecko) Chrome/85.0.4183.102 Safari/537.36"
51.142.79.167 - - [21/Jun/2022:01:21:37 +0200] "GET /alf.php HTTP/1.1" 404 - "-" "Mozilla/5.0 (Windows NT 10.0; Win64; x64) AppleWebKit/537.36 (KHTML, like Gecko) Chrome/85.0.4183.102 Safari/537.36"
51.142.79.167 - - [21/Jun/2022:01:21:40 +0200] "GET /alfa.php HTTP/1.1" 404 - "-" "Mozilla/5.0 (Windows NT 10.0; Win64; x64) AppleWebKit/537.36 (KHTML, like Gecko) Chrome/85.0.4183.102 Safari/537.36"
51.142.79.167 - - [21/Jun/2022:01:21:41 +0200] "GET /alwso.php HTTP/1.1" 404 - "-" "Mozilla/5.0 (Windows NT 10.0; Win64; x64) AppleWebKit/537.36 (KHTML, like Gecko) Chrome/85.0.4183.102 Safari/537.36"
51.142.79.167 - - [21/Jun/2022:01:21:42 +0200] "GET /am.php HTTP/1.1" 404 - "-" "Mozilla/5.0 (Windows NT 10.0; Win64; x64) AppleWebKit/537.36 (KHTML, like Gecko) Chrome/85.0.4183.102 Safari/537.36"
51.142.79.167 - - [21/Jun/2022:01:21:43 +0200] "GET /autoload_classmap.php HTTP/1.1" 404 - "-" "Mozilla/5.0 (Windows NT 10.0; Win64; x64) AppleWebKit/537.36 (KHTML, like Gecko) Chrome/85.0.4183.102 Safari/537.36"
51.142.79.167 - - [21/Jun/2022:01:21:47 +0200] "GET /b.php HTTP/1.1" 404 - "-" "Mozilla/5.0 (Windows NT 10.0; Win64; x64) AppleWebKit/537.36 (KHTML, like Gecko) Chrome/85.0.4183.102 Safari/537.36"
51.142.79.167 - - [21/Jun/2022:01:21:50 +0200] "GET /bb.php HTTP/1.1" 404 - "-" "Mozilla/5.0 (Windows NT 10.0; Win64; x64) AppleWebKit/537.36 (KHTML, like Gecko) Chrome/85.0.4183.102 Safari/537.36"
51.142.79.167 - - [21/Jun/2022:01:21:54 +0200] "GET /blog.php HTTP/1.1" 404 - "-" "Mozilla/5.0 (Windows NT 10.0; Win64; x64) AppleWebKit/537.36 (KHTML, like Gecko) Chrome/85.0.4183.102 Safari/537.36"
51.142.79.167 - - [21/Jun/2022:01:21:59 +0200] "GET /bypass.php HTTP/1.1" 404 - "-" "Mozilla/5.0 (Windows NT 10.0; Win64; x64) AppleWebKit/537.36 (KHTML, like Gecko) Chrome/85.0.4183.102 Safari/537.36"
51.142.79.167 - - [21/Jun/2022:01:22:01 +0200] "GET /c.php HTTP/1.1" 404 - "-" "Mozilla/5.0 (Windows NT 10.0; Win64; x64) AppleWebKit/537.36 (KHTML, like Gecko) Chrome/85.0.4183.102 Safari/537.36"
51.142.79.167 - - [21/Jun/2022:01:22:07 +0200] "GET /c99.php HTTP/1.1" 404 - "-" "Mozilla/5.0 (Windows NT 10.0; Win64; x64) AppleWebKit/537.36 (KHTML, like Gecko) Chrome/85.0.4183.102 Safari/537.36"
51.142.79.167 - - [21/Jun/2022:01:22:08 +0200] "GET /content.php HTTP/1.1" 404 - "-" "Mozilla/5.0 (Windows NT 10.0; Win64; x64) AppleWebKit/537.36 (KHTML, like Gecko) Chrome/85.0.4183.102 Safari/537.36"
51.142.79.167 - - [21/Jun/2022:01:22:11 +0200] "GET /d.php HTTP/1.1" 404 - "-" "Mozilla/5.0 (Windows NT 10.0; Win64; x64) AppleWebKit/537.36 (KHTML, like Gecko) Chrome/85.0.4183.102 Safari/537.36"
51.142.79.167 - - [21/Jun/2022:01:22:14 +0200] "GET /defau1t.php HTTP/1.1" 404 - "-" "Mozilla/5.0 (Windows NT 10.0; Win64; x64) AppleWebKit/537.36 (KHTML, like Gecko) Chrome/85.0.4183.102 Safari/537.36"
51.142.79.167 - - [21/Jun/2022:01:22:16 +0200] "GET /demo328/fw.php HTTP/1.1" 404 - "-" "Mozilla/5.0 (Windows NT 10.0; Win64; x64) AppleWebKit/537.36 (KHTML, like Gecko) Chrome/85.0.4183.102 Safari/537.36"
51.142.79.167 - - [21/Jun/2022:01:22:20 +0200] "GET /doc.php HTTP/1.1" 404 - "-" "Mozilla/5.0 (Windows NT 10.0; Win64; x64) AppleWebKit/537.36 (KHTML, like Gecko) Chrome/85.0.4183.102 Safari/537.36"
51.142.79.167 - - [21/Jun/2022:01:22:21 +0200] "GET /e.php HTTP/1.1" 404 - "-" "Mozilla/5.0 (Windows NT 10.0; Win64; x64) AppleWebKit/537.36 (KHTML, like Gecko) Chrome/85.0.4183.102 Safari/537.36"
51.142.79.167 - - [21/Jun/2022:01:22:26 +0200] "GET /edit-form.php HTTP/1.1" 404 - "-" "Mozilla/5.0 (Windows NT 10.0; Win64; x64) AppleWebKit/537.36 (KHTML, like Gecko) Chrome/85.0.4183.102 Safari/537.36"
51.142.79.167 - - [21/Jun/2022:01:22:29 +0200] "GET /f.php HTTP/1.1" 404 - "-" "Mozilla/5.0 (Windows NT 10.0; Win64; x64) AppleWebKit/537.36 (KHTML, like Gecko) Chrome/85.0.4183.102 Safari/537.36"
51.142.79.167 - - [21/Jun/2022:01:22:30 +0200] "GET /fw.php HTTP/1.1" 404 - "-" "Mozilla/5.0 (Windows NT 10.0; Win64; x64) AppleWebKit/537.36 (KHTML, like Gecko) Chrome/85.0.4183.102 Safari/537.36"
51.142.79.167 - - [21/Jun/2022:01:22:32 +0200] "GET /fx.php HTTP/1.1" 404 - "-" "Mozilla/5.0 (Windows NT 10.0; Win64; x64) AppleWebKit/537.36 (KHTML, like Gecko) Chrome/85.0.4183.102 Safari/537.36"
51.142.79.167 - - [21/Jun/2022:01:22:35 +0200] "GET /g.php HTTP/1.1" 404 - "-" "Mozilla/5.0 (Windows NT 10.0; Win64; x64) AppleWebKit/537.36 (KHTML, like Gecko) Chrome/85.0.4183.102 Safari/537.36"
51.142.79.167 - - [21/Jun/2022:01:22:36 +0200] "GET /goods.php HTTP/1.1" 404 - "-" "Mozilla/5.0 (Windows NT 10.0; Win64; x64) AppleWebKit/537.36 (KHTML, like Gecko) Chrome/85.0.4183.102 Safari/537.36"
51.142.79.167 - - [21/Jun/2022:01:22:36 +0200] "GET /h.php HTTP/1.1" 404 - "-" "Mozilla/5.0 (Windows NT 10.0; Win64; x64) AppleWebKit/537.36 (KHTML, like Gecko) Chrome/85.0.4183.102 Safari/537.36"
51.142.79.167 - - [21/Jun/2022:01:22:38 +0200] "GET /haxor.php HTTP/1.1" 404 - "-" "Mozilla/5.0 (Windows NT 10.0; Win64; x64) AppleWebKit/537.36 (KHTML, like Gecko) Chrome/85.0.4183.102 Safari/537.36"
51.142.79.167 - - [21/Jun/2022:01:22:38 +0200] "GET /hello.php HTTP/1.1" 404 - "-" "Mozilla/5.0 (Windows NT 10.0; Win64; x64) AppleWebKit/537.36 (KHTML, like Gecko) Chrome/85.0.4183.102 Safari/537.36"
51.142.79.167 - - [21/Jun/2022:01:22:40 +0200] "GET /i.php HTTP/1.1" 404 - "-" "Mozilla/5.0 (Windows NT 10.0; Win64; x64) AppleWebKit/537.36 (KHTML, like Gecko) Chrome/85.0.4183.102 Safari/537.36"
51.142.79.167 - - [21/Jun/2022:01:22:43 +0200] "GET /jindex.php HTTP/1.1" 404 - "-" "Mozilla/5.0 (Windows NT 10.0; Win64; x64) AppleWebKit/537.36 (KHTML, like Gecko) Chrome/85.0.4183.102 Safari/537.36"
51.142.79.167 - - [21/Jun/2022:01:22:46 +0200] "GET /k.php HTTP/1.1" 404 - "-" "Mozilla/5.0 (Windows NT 10.0; Win64; x64) AppleWebKit/537.36 (KHTML, like Gecko) Chrome/85.0.4183.102 Safari/537.36"
51.142.79.167 - - [21/Jun/2022:01:22:49 +0200] "GET /kk.php HTTP/1.1" 404 - "-" "Mozilla/5.0 (Windows NT 10.0; Win64; x64) AppleWebKit/537.36 (KHTML, like Gecko) Chrome/85.0.4183.102 Safari/537.36"
51.142.79.167 - - [21/Jun/2022:01:22:53 +0200] "GET /l.php HTTP/1.1" 404 - "-" "Mozilla/5.0 (Windows NT 10.0; Win64; x64) AppleWebKit/537.36 (KHTML, like Gecko) Chrome/85.0.4183.102 Safari/537.36"
51.142.79.167 - - [21/Jun/2022:01:22:54 +0200] "GET /leaf.php HTTP/1.1" 404 - "-" "Mozilla/5.0 (Windows NT 10.0; Win64; x64) AppleWebKit/537.36 (KHTML, like Gecko) Chrome/85.0.4183.102 Safari/537.36"
