51.142.79.167 - - [21/Jun/2022:01:22:58 +0200] "GET /leaf_mailer.php HTTP/1.1" 404 - "-" "Mozilla/5.0 (Windows NT 10.0; Win64; x64) AppleWebKit/537.36 (KHTML, like Gecko) Chrome/85.0.4183.102 Safari/537.36"
51.142.79.167 - - [21/Jun/2022:01:23:02 +0200] "GET /leaf_php.php HTTP/1.1" 404 - "-" "Mozilla/5.0 (Windows NT 10.0; Win64; x64) AppleWebKit/537.36 (KHTML, like Gecko) Chrome/85.0.4183.102 Safari/537.36"
51.142.79.167 - - [21/Jun/2022:01:23:04 +0200] "GET /leafmailer.php HTTP/1.1" 404 - "-" "Mozilla/5.0 (Windows NT 10.0; Win64; x64) AppleWebKit/537.36 (KHTML, like Gecko) Chrome/85.0.4183.102 Safari/537.36"
51.142.79.167 - - [21/Jun/2022:01:23:08 +0200] "GET /leafmailer2.8.php HTTP/1.1" 404 - "-" "Mozilla/5.0 (Windows NT 10.0; Win64; x64) AppleWebKit/537.36 (KHTML, like Gecko) Chrome/85.0.4183.102 Safari/537.36"
51.142.79.167 - - [21/Jun/2022:01:23:11 +0200] "GET /lf.php HTTP/1.1" 404 - "-" "Mozilla/5.0 (Windows NT 10.0; Win64; x64) AppleWebKit/537.36 (KHTML, like Gecko) Chrome/85.0.4183.102 Safari/537.36"
51.142.79.167 - - [21/Jun/2022:01:23:11 +0200] "GET /m.php HTTP/1.1" 404 - "-" "Mozilla/5.0 (Windows NT 10.0; Win64; x64) AppleWebKit/537.36 (KHTML, like Gecko) Chrome/85.0.4183.102 Safari/537.36"
51.142.79.167 - - [21/Jun/2022:01:23:16 +0200] "GET /mailer.php HTTP/1.1" 404 - "-" "Mozilla/5.0 (Windows NT 10.0; Win64; x64) AppleWebKit/537.36 (KHTML, like Gecko) Chrome/85.0.4183.102 Safari/537.36"
51.142.79.167 - - [21/Jun/2022:01:23:18 +0200] "GET /mar.php HTTP/1.1" 404 - "-" "Mozilla/5.0 (Windows NT 10.0; Win64; x64) AppleWebKit/537.36 (KHTML, like Gecko) Chrome/85.0.4183.102 Safari/537.36"
51.142.79.167 - - [21/Jun/2022:01:23:22 +0200] "GET /media-admin.php HTTP/1.1" 404 - "-" "Mozilla/5.0 (Windows NT 10.0; Win64; x64) AppleWebKit/537.36 (KHTML, like Gecko) Chrome/85.0.4183.102 Safari/537.36"
51.142.79.167 - - [21/Jun/2022:01:23:26 +0200] "GET /mini.php HTTP/1.1" 404 - "-" "Mozilla/5.0 (Windows NT 10.0; Win64; x64) AppleWebKit/537.36 (KHTML, like Gecko) Chrome/85.0.4183.102 Safari/537.36"
51.142.79.167 - - [21/Jun/2022:01:23:29 +0200] "GET /minimo.php HTTP/1.1" 404 - "-" "Mozilla/5.0 (Windows NT 10.0; Win64; x64) AppleWebKit/537.36 (KHTML, like Gecko) Chrome/85.0.4183.102 Safari/537.36"
51.142.79.167 - - [21/Jun/2022:01:23:32 +0200] "GET /n.php HTTP/1.1" 404 - "-" "Mozilla/5.0 (Windows NT 10.0; Win64; x64) AppleWebKit/537.36 (KHTML, like Gecko) Chrome/85.0.4183.102 Safari/537.36"
51.142.79.167 - - [21/Jun/2022:01:23:33 +0200] "GET /new-index.php HTTP/1.1" 404 - "-" "Mozilla/5.0 (Windows NT 10.0; Win64; x64) AppleWebKit/537.36 (KHTML, like Gecko) Chrome/85.0.4183.102 Safari/537.36"
51.142.79.167 - - [21/Jun/2022:01:23:38 +0200] "GET /new.php HTTP/1.1" 404 - "-" "Mozilla/5.0 (Windows NT 10.0; Win64; x64) AppleWebKit/537.36 (KHTML, like Gecko) Chrome/85.0.4183.102 Safari/537.36"
51.142.79.167 - - [21/Jun/2022:01:23:41 +0200] "GET /o.php HTTP/1.1" 404 - "-" "Mozilla/5.0 (Windows NT 10.0; Win64; x64) AppleWebKit/537.36 (KHTML, like Gecko) Chrome/85.0.4183.102 Safari/537.36"
51.142.79.167 - - [21/Jun/2022:01:23:43 +0200] "GET /ok.php HTTP/1.1" 404 - "-" "Mozilla/5.0 (Windows NT 10.0; Win64; x64) AppleWebKit/537.36 (KHTML, like Gecko) Chrome/85.0.4183.102 Safari/537.36"
51.142.79.167 - - [21/Jun/2022:01:23:44 +0200] "GET /old-index.php HTTP/1.1" 404 - "-" "Mozilla/5.0 (Windows NT 10.0; Win64; x64) AppleWebKit/537.36 (KHTML, like Gecko) Chrome/85.0.4183.102 Safari/537.36"
51.142.79.167 - - [21/Jun/2022:01:23:48 +0200] "GET /p.php HTTP/1.1" 404 - "-" "Mozilla/5.0 (Windows NT 10.0; Win64; x64) AppleWebKit/537.36 (KHTML, like Gecko) Chrome/85.0.4183.102 Safari/537.36"
51.142.79.167 - - [21/Jun/2022:01:23:50 +0200] "GET /priv8.php HTTP/1.1" 404 - "-" "Mozilla/5.0 (Windows NT 10.0; Win64; x64) AppleWebKit/537.36 (KHTML, like Gecko) Chrome/85.0.4183.102 Safari/537.36"
51.142.79.167 - - [21/Jun/2022:01:23:50 +0200] "GET /q.php HTTP/1.1" 404 - "-" "Mozilla/5.0 (Windows NT 10.0; Win64; x64) AppleWebKit/537.36 (KHTML, like Gecko) Chrome/85.0.4183.102 Safari/537.36"
51.142.79.167 - - [21/Jun/2022:01:23:54 +0200] "GET /qindex.php HTTP/1.1" 404 - "-" "Mozilla/5.0 (Windows NT 10.0; Win64; x64) AppleWebKit/537.36 (KHTML, like Gecko) Chrome/85.0.4183.102 Safari/537.36"
51.142.79.167 - - [21/Jun/2022:01:23:56 +0200] "GET /r.php HTTP/1.1" 404 - "-" "Mozilla/5.0 (Windows NT 10.0; Win64; x64) AppleWebKit/537.36 (KHTML, like Gecko) Chrome/85.0.4183.102 Safari/537.36"
51.142.79.167 - - [21/Jun/2022:01:23:57 +0200] "GET /radio.php HTTP/1.1" 404 - "-" "Mozilla/5.0 (Windows NT 10.0; Win64; x64) AppleWebKit/537.36 (KHTML, like Gecko) Chrome/85.0.4183.102 Safari/537.36"
51.142.79.167 - - [21/Jun/2022:01:23:58 +0200] "GET /root.php HTTP/1.1" 404 - "-" "Mozilla/5.0 (Windows NT 10.0; Win64; x64) AppleWebKit/537.36 (KHTML, like Gecko) Chrome/85.0.4183.102 Safari/537.36"
51.142.79.167 - - [21/Jun/2022:01:23:59 +0200] "GET /s.php HTTP/1.1" 404 - "-" "Mozilla/5.0 (Windows NT 10.0; Win64; x64) AppleWebKit/537.36 (KHTML, like Gecko) Chrome/85.0.4183.102 Safari/537.36"
51.142.79.167 - - [21/Jun/2022:01:24:01 +0200] "GET /send.php HTTP/1.1" 404 - "-" "Mozilla/5.0 (Windows NT 10.0; Win64; x64) AppleWebKit/537.36 (KHTML, like Gecko) Chrome/85.0.4183.102 Safari/537.36"
51.142.79.167 - - [21/Jun/2022:01:24:01 +0200] "GET /sendmail.php HTTP/1.1" 404 - "-" "Mozilla/5.0 (Windows NT 10.0; Win64; x64) AppleWebKit/537.36 (KHTML, like Gecko) Chrome/85.0.4183.102 Safari/537.36"
51.142.79.167 - - [21/Jun/2022:01:24:05 +0200] "GET /shell.php HTTP/1.1" 404 - "-" "Mozilla/5.0 (Windows NT 10.0; Win64; x64) AppleWebKit/537.36 (KHTML, like Gecko) Chrome/85.0.4183.102 Safari/537.36"
51.142.79.167 - - [21/Jun/2022:01:24:07 +0200] "GET /shx.php HTTP/1.1" 404 - "-" "Mozilla/5.0 (Windows NT 10.0; Win64; x64) AppleWebKit/537.36 (KHTML, like Gecko) Chrome/85.0.4183.102 Safari/537.36"
51.142.79.167 - - [21/Jun/2022:01:24:07 +0200] "GET /small.php HTTP/1.1" 404 - "-" "Mozilla/5.0 (Windows NT 10.0; Win64; x64) AppleWebKit/537.36 (KHTML, like Gecko) Chrome/85.0.4183.102 Safari/537.36"
51.142.79.167 - - [21/Jun/2022:01:24:09 +0200] "GET /stindex.php HTTP/1.1" 404 - "-" "Mozilla/5.0 (Windows NT 10.0; Win64; x64) AppleWebKit/537.36 (KHTML, like Gecko) Chrome/85.0.4183.102 Safari/537.36"
51.142.79.167 - - [21/Jun/2022:01:24:10 +0200] "GET /sym403.php HTTP/1.1" 404 - "-" "Mozilla/5.0 (Windows NT 10.0; Win64; x64) AppleWebKit/537.36 (KHTML, like Gecko) Chrome/85.0.4183.102 Safari/537.36"
51.142.79.167 - - [21/Jun/2022:01:24:12 +0200] "GET /u.php HTTP/1.1" 404 - "-" "Mozilla/5.0 (Windows NT 10.0; Win64; x64) AppleWebKit/537.36 (KHTML, like Gecko) Chrome/85.0.4183.102 Safari/537.36"
51.142.79.167 - - [21/Jun/2022:01:24:15 +0200] "GET /unix.php HTTP/1.1" 404 - "-" "Mozilla/5.0 (Windows NT 10.0; Win64; x64) AppleWebKit/537.36 (KHTML, like Gecko) Chrome/85.0.4183.102 Safari/537.36"
51.142.79.167 - - [21/Jun/2022:01:24:16 +0200] "GET /up.php HTTP/1.1" 404 - "-" "Mozilla/5.0 (Windows NT 10.0; Win64; x64) AppleWebKit/537.36 (KHTML, like Gecko) Chrome/85.0.4183.102 Safari/537.36"
51.142.79.167 - - [21/Jun/2022:01:24:19 +0200] "GET /upload.php HTTP/1.1" 404 - "-" "Mozilla/5.0 (Windows NT 10.0; Win64; x64) AppleWebKit/537.36 (KHTML, like Gecko) Chrome/85.0.4183.102 Safari/537.36"
51.142.79.167 - - [21/Jun/2022:01:24:20 +0200] "GET /uploader.php HTTP/1.1" 404 - "-" "Mozilla/5.0 (Windows NT 10.0; Win64; x64) AppleWebKit/537.36 (KHTML, like Gecko) Chrome/85.0.4183.102 Safari/537.36"
51.142.79.167 - - [21/Jun/2022:01:24:25 +0200] "GET /uploads/up.php HTTP/1.1" 404 - "-" "Mozilla/5.0 (Windows NT 10.0; Win64; x64) AppleWebKit/537.36 (KHTML, like Gecko) Chrome/85.0.4183.102 Safari/537.36"
51.142.79.167 - - [21/Jun/2022:01:24:28 +0200] "GET /ups.php HTTP/1.1" 404 - "-" "Mozilla/5.0 (Windows NT 10.0; Win64; x64) AppleWebKit/537.36 (KHTML, like Gecko) Chrome/85.0.4183.102 Safari/537.36"
51.142.79.167 - - [21/Jun/2022:01:24:31 +0200] "GET /v.php HTTP/1.1" 404 - "-" "Mozilla/5.0 (Windows NT 10.0; Win64; x64) AppleWebKit/537.36 (KHTML, like Gecko) Chrome/85.0.4183.102 Safari/537.36"
51.142.79.167 - - [21/Jun/2022:01:24:33 +0200] "GET /vuln.php HTTP/1.1" 404 - "-" "Mozilla/5.0 (Windows NT 10.0; Win64; x64) AppleWebKit/537.36 (KHTML, like Gecko) Chrome/85.0.4183.102 Safari/537.36"
51.142.79.167 - - [21/Jun/2022:01:24:34 +0200] "GET /w.php HTTP/1.1" 404 - "-" "Mozilla/5.0 (Windows NT 10.0; Win64; x64) AppleWebKit/537.36 (KHTML, like Gecko) Chrome/85.0.4183.102 Safari/537.36"
51.142.79.167 - - [21/Jun/2022:01:24:35 +0200] "GET /w3llstore.php HTTP/1.1" 404 - "-" "Mozilla/5.0 (Windows NT 10.0; Win64; x64) AppleWebKit/537.36 (KHTML, like Gecko) Chrome/85.0.4183.102 Safari/537.36"
51.142.79.167 - - [21/Jun/2022:01:24:41 +0200] "GET /wikindex.php HTTP/1.1" 404 - "-" "Mozilla/5.0 (Windows NT 10.0; Win64; x64) AppleWebKit/537.36 (KHTML, like Gecko) Chrome/85.0.4183.102 Safari/537.36"
51.142.79.167 - - [21/Jun/2022:01:24:42 +0200] "GET /wp-admin.php HTTP/1.1" 404 - "-" "Mozilla/5.0 (Windows NT 10.0; Win64; x64) AppleWebKit/537.36 (KHTML, like Gecko) Chrome/85.0.4183.102 Safari/537.36"
51.142.79.167 - - [21/Jun/2022:01:24:45 +0200] "GET /wp-admin/includes/class-wp-media-list-data.php HTTP/1.1" 404 - "-" "Mozilla/5.0 (Windows NT 10.0; Win64; x64) AppleWebKit/537.36 (KHTML, like Gecko) Chrome/85.0.4183.102 Safari/537.36"
51.142.79.167 - - [21/Jun/2022:01:24:52 +0200] "GET /wp-admin/setup-config.php HTTP/1.1" 404 - "-" "Mozilla/5.0 (Windows NT 10.0; Win64; x64) AppleWebKit/537.36 (KHTML, like Gecko) Chrome/85.0.4183.102 Safari/537.36"
51.142.79.167 - - [21/Jun/2022:01:24:56 +0200] "GET /wp-blog.php HTTP/1.1" 404 - "-" "Mozilla/5.0 (Windows NT 10.0; Win64; x64) AppleWebKit/537.36 (KHTML, like Gecko) Chrome/85.0.4183.102 Safari/537.36"
51.142.79.167 - - [21/Jun/2022:01:24:58 +0200] "GET /wp-class.php HTTP/1.1" 404 - "-" "Mozilla/5.0 (Windows NT 10.0; Win64; x64) AppleWebKit/537.36 (KHTML, like Gecko) Chrome/85.0.4183.102 Safari/537.36"
51.142.79.167 - - [21/Jun/2022:01:25:01 +0200] "GET /wp-content/fw.php HTTP/1.1" 404 - "-" "Mozilla/5.0 (Windows NT 10.0; Win64; x64) AppleWebKit/537.36 (KHTML, like Gecko) Chrome/85.0.4183.102 Safari/537.36"
51.142.79.167 - - [21/Jun/2022:01:25:02 +0200] "GET /wp-file.php HTTP/1.1" 404 - "-" "Mozilla/5.0 (Windows NT 10.0; Win64; x64) AppleWebKit/537.36 (KHTML, like Gecko) Chrome/85.0.4183.102 Safari/537.36"
51.142.79.167 - - [21/Jun/2022:01:25:04 +0200] "GET /wp-info.php HTTP/1.1" 404 - "-" "Mozilla/5.0 (Windows NT 10.0; Win64; x64) AppleWebKit/537.36 (KHTML, like Gecko) Chrome/85.0.4183.102 Safari/537.36"
51.142.79.167 - - [21/Jun/2022:01:25:06 +0200] "GET /wp-uploads.php HTTP/1.1" 404 - "-" "Mozilla/5.0 (Windows NT 10.0; Win64; x64) AppleWebKit/537.36 (KHTML, like Gecko) Chrome/85.0.4183.102 Safari/537.36"
51.142.79.167 - - [21/Jun/2022:01:25:11 +0200] "GET /wp.php HTTP/1.1" 404 - "-" "Mozilla/5.0 (Windows NT 10.0; Win64; x64) AppleWebKit/537.36 (KHTML, like Gecko) Chrome/85.0.4183.102 Safari/537.36"
51.142.79.167 - - [21/Jun/2022:01:25:12 +0200] "GET /wp2.php HTTP/1.1" 404 - "-" "Mozilla/5.0 (Windows NT 10.0; Win64; x64) AppleWebKit/537.36 (KHTML, like Gecko) Chrome/85.0.4183.102 Safari/537.36"
51.142.79.167 - - [21/Jun/2022:01:25:13 +0200] "GET /wp_wrong_datlib.php HTTP/1.1" 404 - "-" "Mozilla/5.0 (Windows NT 10.0; Win64; x64) AppleWebKit/537.36 (KHTML, like Gecko) Chrome/85.0.4183.102 Safari/537.36"
51.142.79.167 - - [21/Jun/2022:01:25:17 +0200] "GET /wpx.php HTTP/1.1" 404 - "-" "Mozilla/5.0 (Windows NT 10.0; Win64; x64) AppleWebKit/537.36 (KHTML, like Gecko) Chrome/85.0.4183.102 Safari/537.36"
51.142.79.167 - - [21/Jun/2022:01:25:19 +0200] "GET /ws.php HTTP/1.1" 404 - "-" "Mozilla/5.0 (Windows NT 10.0; Win64; x64) AppleWebKit/537.36 (KHTML, like Gecko) Chrome/85.0.4183.102 Safari/537.36"
51.142.79.167 - - [21/Jun/2022:01:25:23 +0200] "GET /wso.php HTTP/1.1" 404 - "-" "Mozilla/5.0 (Windows NT 10.0; Win64; x64) AppleWebKit/537.36 (KHTML, like Gecko) Chrome/85.0.4183.102 Safari/537.36"
51.142.79.167 - - [21/Jun/2022:01:25:26 +0200] "GET /wso1.php HTTP/1.1" 404 - "-" "Mozilla/5.0 (Windows NT 10.0; Win64; x64) AppleWebKit/537.36 (KHTML, like Gecko) Chrome/85.0.4183.102 Safari/537.36"
51.142.79.167 - - [21/Jun/2022:01:25:29 +0200] "GET /x.php HTTP/1.1" 404 - "-" "Mozilla/5.0 (Windows NT 10.0; Win64; x64) AppleWebKit/537.36 (KHTML, like Gecko) Chrome/85.0.4183.102 Safari/537.36"
51.142.79.167 - - [21/Jun/2022:01:25:30 +0200] "GET /xl.php HTTP/1.1" 404 - "-" "Mozilla/5.0 (Windows NT 10.0; Win64; x64) AppleWebKit/537.36 (KHTML, like Gecko) Chrome/85.0.4183.102 Safari/537.36"
51.142.79.167 - - [21/Jun/2022:01:25:33 +0200] "GET /xleet.php HTTP/1.1" 404 - "-" "Mozilla/5.0 (Windows NT 10.0; Win64; x64) AppleWebKit/537.36 (KHTML, like Gecko) Chrome/85.0.4183.102 Safari/537.36"
51.142.79.167 - - [21/Jun/2022:01:25:34 +0200] "GET /xmrlpc.php HTTP/1.1" 404 - "-" "Mozilla/5.0 (Windows NT 10.0; Win64; x64) AppleWebKit/537.36 (KHTML, like Gecko) Chrome/85.0.4183.102 Safari/537.36"
51.142.79.167 - - [21/Jun/2022:01:25:37 +0200] "GET /xx.php HTTP/1.1" 404 - "-" "Mozilla/5.0 (Windows NT 10.0; Win64; x64) AppleWebKit/537.36 (KHTML, like Gecko) Chrome/85.0.4183.102 Safari/537.36"
51.142.79.167 - - [21/Jun/2022:01:25:38 +0200] "GET /xxx.php HTTP/1.1" 404 - "-" "Mozilla/5.0 (Windows NT 10.0; Win64; x64) AppleWebKit/537.36 (KHTML, like Gecko) Chrome/85.0.4183.102 Safari/537.36"
51.142.79.167 - - [21/Jun/2022:01:25:39 +0200] "GET /xz.php HTTP/1.1" 404 - "-" "Mozilla/5.0 (Windows NT 10.0; Win64; x64) AppleWebKit/537.36 (KHTML, like Gecko) Chrome/85.0.4183.102 Safari/537.36"
51.142.79.167 - - [21/Jun/2022:01:25:41 +0200] "GET /y.php HTTP/1.1" 404 - "-" "Mozilla/5.0 (Windows NT 10.0; Win64; x64) AppleWebKit/537.36 (KHTML, like Gecko) Chrome/85.0.4183.102 Safari/537.36"
51.142.79.167 - - [21/Jun/2022:01:25:42 +0200] "GET /z.php HTTP/1.1" 404 - "-" "Mozilla/5.0 (Windows NT 10.0; Win64; x64) AppleWebKit/537.36 (KHTML, like Gecko) Chrome/85.0.4183.102 Safari/537.36"
212.237.53.115 - - [21/Jun/2022:02:19:57 +0200] "HEAD / HTTP/1.1" 200 0 "-" "Alert_Alligator_webmonitoring_service_1.6.4_(alertalligator.com)"
212.237.23.143 - - [21/Jun/2022:03:18:40 +0200] "HEAD / HTTP/1.1" 200 0 "-" "Alert_Alligator_webmonitoring_service_1.6.4_(alertalligator.com)"
88.214.43.118 - - [21/Jun/2022:03:53:40 +0200] "GET /src/environments/environment.ts HTTP/1.1" 404 - "-" "Mozilla/5.0 (X11; Linux x86_64) AppleWebKit/537.36 (KHTML, like Gecko) Chrome/81.0.4044.129 Safari/537.36"
212.237.53.115 - - [21/Jun/2022:04:15:59 +0200] "HEAD / HTTP/1.1" 200 0 "-" "Alert_Alligator_webmonitoring_service_1.6.4_(alertalligator.com)"
49.12.13.109 - - [21/Jun/2022:04:55:37 +0200] "HEAD / HTTP/1.1" 200 0 "-" "Alert_Alligator_webmonitoring_service_1.6.4_(alertalligator.com)"
212.237.53.115 - - [21/Jun/2022:05:51:36 +0200] "HEAD / HTTP/1.1" 200 0 "-" "Alert_Alligator_webmonitoring_service_1.6.4_(alertalligator.com)"
49.12.13.109 - - [21/Jun/2022:06:51:37 +0200] "HEAD / HTTP/1.1" 200 0 "-" "Alert_Alligator_webmonitoring_service_1.6.3_(alertalligator.com)"
49.12.13.109 - - [21/Jun/2022:07:51:08 +0200] "HEAD / HTTP/1.1" 200 0 "-" "Alert_Alligator_webmonitoring_service_1.6.3_(alertalligator.com)"
207.46.13.231 - - [21/Jun/2022:07:53:31 +0200] "GET /robots.txt HTTP/1.1" 404 - "-" "Mozilla/5.0 (compatible; bingbot/2.0; +http://www.bing.com/bingbot.htm)"
157.55.39.79 - - [21/Jun/2022:07:53:36 +0200] "GET / HTTP/1.1" 304 - "-" "Mozilla/5.0 (compatible; bingbot/2.0; +http://www.bing.com/bingbot.htm)"
212.237.51.151 - - [21/Jun/2022:08:40:16 +0200] "HEAD / HTTP/1.1" 200 0 "-" "Alert_Alligator_webmonitoring_service_1.6.4_(alertalligator.com)"
49.12.13.109 - - [21/Jun/2022:09:39:20 +0200] "HEAD / HTTP/1.1" 200 0 "-" "Alert_Alligator_webmonitoring_service_1.6.3_(alertalligator.com)"
54.36.148.182 - - [21/Jun/2022:10:23:38 +0200] "GET /robots.txt HTTP/1.1" 404 - "-" "Mozilla/5.0 (compatible; AhrefsBot/7.0; +http://ahrefs.com/robot/)"
54.36.148.131 - - [21/Jun/2022:10:23:39 +0200] "GET / HTTP/1.1" 200 166 "-" "Mozilla/5.0 (compatible; AhrefsBot/7.0; +http://ahrefs.com/robot/)"
212.237.53.115 - - [21/Jun/2022:10:36:46 +0200] "HEAD / HTTP/1.1" 200 0 "-" "Alert_Alligator_webmonitoring_service_1.6.4_(alertalligator.com)"
44.242.154.193 - - [21/Jun/2022:10:55:00 +0200] "GET / HTTP/1.1" 200 166 "-" "Mozilla/5.0 (Windows NT 10.0; Win64; x64) AppleWebKit/537.36 (KHTML, like Gecko) Chrome/91.0.4472.164 Safari/537.36"
194.110.13.56 - - [21/Jun/2022:11:15:35 +0200] "GET / HTTP/1.0" 200 174 "http://rumini.com/" "Mozilla/5.0 (Windows NT 10.0; WOW64) AppleWebKit/537.36 (KHTML, like Gecko) Chrome/90.0.4400.8 Safari/537.36"
212.237.51.151 - - [21/Jun/2022:11:21:50 +0200] "HEAD / HTTP/1.1" 200 0 "-" "Alert_Alligator_webmonitoring_service_1.6.4_(alertalligator.com)"
212.237.23.143 - - [21/Jun/2022:12:19:49 +0200] "HEAD / HTTP/1.1" 200 0 "-" "Alert_Alligator_webmonitoring_service_1.6.4_(alertalligator.com)"
51.222.253.2 - - [21/Jun/2022:12:46:12 +0200] "GET /robots.txt HTTP/1.1" 404 - "-" "Mozilla/5.0 (compatible; AhrefsBot/7.0; +http://ahrefs.com/robot/)"
54.36.149.2 - - [21/Jun/2022:12:46:13 +0200] "GET / HTTP/1.1" 200 166 "-" "Mozilla/5.0 (compatible; AhrefsBot/7.0; +http://ahrefs.com/robot/)"
49.12.13.109 - - [21/Jun/2022:13:18:59 +0200] "HEAD / HTTP/1.1" 200 0 "-" "Alert_Alligator_webmonitoring_service_1.6.3_(alertalligator.com)"
212.237.53.115 - - [21/Jun/2022:14:17:35 +0200] "HEAD / HTTP/1.1" 200 0 "-" "Alert_Alligator_webmonitoring_service_1.6.4_(alertalligator.com)"
93.158.90.74 - - [21/Jun/2022:14:23:52 +0200] "GET /robots.txt HTTP/1.1" 404 - "-" "Mozilla/5.0 (Macintosh; Intel Mac OS X 10_13_6) AppleWebKit/537.36 (KHTML, like Gecko) Chrome/91.0.4472.114 Safari/537.36"
93.158.90.66 - - [21/Jun/2022:14:23:52 +0200] "GET /humans.txt HTTP/1.1" 404 - "-" "Mozilla/5.0 (Macintosh; Intel Mac OS X 10_13_6) AppleWebKit/537.36 (KHTML, like Gecko) Chrome/91.0.4472.114 Safari/537.36"
93.158.90.70 - - [21/Jun/2022:14:23:52 +0200] "GET /ads.txt HTTP/1.1" 404 - "-" "Mozilla/5.0 (Macintosh; Intel Mac OS X 10_13_6) AppleWebKit/537.36 (KHTML, like Gecko) Chrome/91.0.4472.114 Safari/537.36"
93.158.90.72 - - [21/Jun/2022:14:23:52 +0200] "GET / HTTP/1.1" 200 166 "-" "Mozilla/5.0 (Macintosh; Intel Mac OS X 10_13_6) AppleWebKit/537.36 (KHTML, like Gecko) Chrome/91.0.4472.114 Safari/537.36"
198.235.24.135 - - [21/Jun/2022:14:56:47 +0200] "GET / HTTP/1.1" 200 169 "-" "Expanse, a Palo Alto Networks company, searches across the global IPv4 space multiple times per day to identify customers' presences on the Internet. If you would like to be excluded from our scans, please send IP addresses/domains to: scaninfo@paloaltonetworks.com"
49.12.13.109 - - [21/Jun/2022:15:16:41 +0200] "HEAD / HTTP/1.1" 200 0 "-" "Alert_Alligator_webmonitoring_service_1.6.3_(alertalligator.com)"
212.237.51.151 - - [21/Jun/2022:16:04:03 +0200] "HEAD / HTTP/1.1" 200 0 "-" "Alert_Alligator_webmonitoring_service_1.6.4_(alertalligator.com)"
49.12.13.109 - - [21/Jun/2022:16:46:27 +0200] "HEAD / HTTP/1.1" 200 0 "-" "Alert_Alligator_webmonitoring_service_1.6.4_(alertalligator.com)"
49.12.13.109 - - [21/Jun/2022:17:26:59 +0200] "HEAD / HTTP/1.1" 200 0 "-" "Alert_Alligator_webmonitoring_service_1.6.4_(alertalligator.com)"
212.237.53.115 - - [21/Jun/2022:18:22:55 +0200] "HEAD / HTTP/1.1" 200 0 "-" "Alert_Alligator_webmonitoring_service_1.6.4_(alertalligator.com)"
109.206.252.198 - - [21/Jun/2022:18:35:08 +0200] "GET /wp-login.php HTTP/1.1" 404 - "-" "Mozilla/5.0 (Windows NT 10.0; Win64; x64; rv:96.0) Gecko/20100101 Firefox/96"
130.255.166.122 - - [21/Jun/2022:18:35:45 +0200] "GET /robots.txt HTTP/1.1" 404 - "-" "Mozilla/5.0 (Macintosh; Intel Mac OS X 10_13_6) AppleWebKit/537.36 (KHTML, like Gecko) Chrome/91.0.4472.114 Safari/537.36"
130.255.166.24 - - [21/Jun/2022:18:35:46 +0200] "GET /humans.txt HTTP/1.1" 404 - "-" "Mozilla/5.0 (Macintosh; Intel Mac OS X 10_13_6) AppleWebKit/537.36 (KHTML, like Gecko) Chrome/91.0.4472.114 Safari/537.36"
130.255.166.69 - - [21/Jun/2022:18:35:46 +0200] "GET /ads.txt HTTP/1.1" 404 - "-" "Mozilla/5.0 (Macintosh; Intel Mac OS X 10_13_6) AppleWebKit/537.36 (KHTML, like Gecko) Chrome/91.0.4472.114 Safari/537.36"
130.255.166.122 - - [21/Jun/2022:18:35:46 +0200] "GET / HTTP/1.1" 200 169 "-" "Mozilla/5.0 (Macintosh; Intel Mac OS X 10_13_6) AppleWebKit/537.36 (KHTML, like Gecko) Chrome/91.0.4472.114 Safari/537.36"
151.80.20.26 - - [21/Jun/2022:19:14:25 +0200] "GET /wp-login.php HTTP/1.1" 404 - "-" "Mozilla/5.0 (Windows NT 10.0; Win64; x64; rv:96.0) Gecko/20100101 Firefox/96"
49.12.13.109 - - [21/Jun/2022:19:22:00 +0200] "HEAD / HTTP/1.1" 200 0 "-" "Alert_Alligator_webmonitoring_service_1.6.3_(alertalligator.com)"
54.36.148.17 - - [21/Jun/2022:19:46:47 +0200] "GET /robots.txt HTTP/1.1" 404 - "-" "Mozilla/5.0 (compatible; AhrefsBot/7.0; +http://ahrefs.com/robot/)"
54.36.148.128 - - [21/Jun/2022:19:46:48 +0200] "GET / HTTP/1.1" 200 174 "-" "Mozilla/5.0 (compatible; AhrefsBot/7.0; +http://ahrefs.com/robot/)"
212.237.23.143 - - [21/Jun/2022:20:20:23 +0200] "HEAD / HTTP/1.1" 200 0 "-" "Alert_Alligator_webmonitoring_service_1.6.4_(alertalligator.com)"
114.119.139.118 - - [21/Jun/2022:20:39:03 +0200] "GET /robots.txt HTTP/1.1" 404 - "-" "Mozilla/5.0 (compatible;PetalBot;+https://webmaster.petalsearch.com/site/petalbot)"
47.243.15.50 - - [21/Jun/2022:20:47:17 +0200] "GET / HTTP/1.1" 200 174 "-" "Mozilla/5.0 (Macintosh; Intel Mac OS X 10_14_6) AppleWebKit/537.36 (KHTML, like Gecko) Chrome/76.0.3809.132 Safari/537.36"
47.243.9.61 - - [21/Jun/2022:20:47:17 +0200] "GET / HTTP/1.1" 200 174 "-" "Mozilla/5.0 (Macintosh; Intel Mac OS X 10_14_6) AppleWebKit/537.36 (KHTML, like Gecko) Chrome/76.0.3809.132 Safari/537.36"
49.12.13.109 - - [21/Jun/2022:21:19:38 +0200] "HEAD / HTTP/1.1" 200 0 "-" "Alert_Alligator_webmonitoring_service_1.6.3_(alertalligator.com)"
157.90.182.23 - - [21/Jun/2022:21:28:05 +0200] "GET /robots.txt HTTP/1.1" 404 - "-" "Mozilla/5.0 (compatible; BLEXBot/1.0; +http://webmeup-crawler.com/)"
157.90.182.23 - - [21/Jun/2022:21:28:06 +0200] "GET /sitemap HTTP/1.1" 404 - "-" "Mozilla/5.0 (compatible; BLEXBot/1.0; +http://webmeup-crawler.com/)"
157.90.182.23 - - [21/Jun/2022:21:28:23 +0200] "GET /sitemap.txt HTTP/1.1" 404 - "-" "Mozilla/5.0 (compatible; BLEXBot/1.0; +http://webmeup-crawler.com/)"
49.12.13.109 - - [21/Jun/2022:22:18:53 +0200] "HEAD / HTTP/1.1" 200 0 "-" "Alert_Alligator_webmonitoring_service_1.6.3_(alertalligator.com)"
185.81.157.112 - - [21/Jun/2022:22:39:22 +0200] "GET /.env HTTP/1.1" 404 - "-" "python-requests/2.27.1"
185.81.157.112 - - [21/Jun/2022:22:41:37 +0200] "GET /.env HTTP/1.1" 404 - "-" "python-requests/2.27.1"
185.81.157.112 - - [21/Jun/2022:22:54:28 +0200] "POST / HTTP/1.1" 405 - "-" "python-requests/2.27.1"
185.81.157.112 - - [21/Jun/2022:22:56:38 +0200] "POST / HTTP/1.1" 405 - "-" "python-requests/2.27.1"
212.237.53.115 - - [21/Jun/2022:23:14:26 +0200] "HEAD / HTTP/1.1" 200 0 "-" "Alert_Alligator_webmonitoring_service_1.6.4_(alertalligator.com)"
49.12.13.109 - - [22/Jun/2022:00:13:34 +0200] "HEAD / HTTP/1.1" 200 0 "-" "Alert_Alligator_webmonitoring_service_1.6.3_(alertalligator.com)"
193.46.254.155 - - [22/Jun/2022:00:55:24 +0200] "GET /api/index/viewpage HTTP/1.1" 404 - "-" "Mozilla/5.0 (Windows NT 10.0; Win64; x64) AppleWebKit/537.36 (KHTML, like Gecko) Chrome/89.0.4389.90 Safari/537.36"
54.214.217.148 - - [22/Jun/2022:01:02:59 +0200] "HEAD / HTTP/1.1" 200 0 "-" "Go-http-client/1.1"
34.222.213.80 - - [22/Jun/2022:01:03:00 +0200] "HEAD / HTTP/1.1" 200 0 "-" "Mozilla/5.0 (Windows NT 6.1; WOW64) AppleWebKit/537.36 (KHTML, like Gecko) Chrome/56.0.2924.76 Safari/537.36"
35.86.92.91 - - [22/Jun/2022:01:03:01 +0200] "GET / HTTP/1.1" 200 174 "-" "Mozilla/5.0 (Macintosh; Intel Mac OS X 10_14_6) AppleWebKit/537.36 (KHTML, like Gecko) Chrome/97.0.4692.99 Safari/537.36"
49.12.13.109 - - [22/Jun/2022:01:13:05 +0200] "HEAD / HTTP/1.1" 200 0 "-" "Alert_Alligator_webmonitoring_service_1.6.3_(alertalligator.com)"
162.55.86.53 - - [22/Jun/2022:01:51:22 +0200] "GET /robots.txt HTTP/1.1" 404 - "-" "Mozilla/5.0 (compatible; BLEXBot/1.0; +http://webmeup-crawler.com/)"
162.55.86.53 - - [22/Jun/2022:01:51:22 +0200] "GET /sitemap HTTP/1.1" 404 - "-" "Mozilla/5.0 (compatible; BLEXBot/1.0; +http://webmeup-crawler.com/)"
162.55.86.53 - - [22/Jun/2022:01:51:25 +0200] "GET /sitemap.txt HTTP/1.1" 404 - "-" "Mozilla/5.0 (compatible; BLEXBot/1.0; +http://webmeup-crawler.com/)"
49.12.13.109 - - [22/Jun/2022:02:12:05 +0200] "HEAD / HTTP/1.1" 200 0 "-" "Alert_Alligator_webmonitoring_service_1.6.3_(alertalligator.com)"
194.38.20.161 - - [22/Jun/2022:02:22:56 +0200] "GET /wp-content/plugins/cherry-plugin/admin/import-export/download-content.php?file=upload.php HTTP/1.1" 404 - "-" "ALittle Client"
212.237.51.151 - - [22/Jun/2022:03:04:17 +0200] "HEAD / HTTP/1.1" 200 0 "-" "Alert_Alligator_webmonitoring_service_1.6.4_(alertalligator.com)"
66.249.79.99 - - [22/Jun/2022:03:47:08 +0200] "GET /robots.txt HTTP/1.1" 404 - "-" "Mozilla/5.0 (compatible; Googlebot/2.1; +http://www.google.com/bot.html)"
66.249.79.127 - - [22/Jun/2022:03:47:15 +0200] "GET / HTTP/1.1" 200 174 "-" "Mozilla/5.0 (Linux; Android 6.0.1; Nexus 5X Build/MMB29P) AppleWebKit/537.36 (KHTML, like Gecko) Chrome/102.0.5005.115 Mobile Safari/537.36 (compatible; Googlebot/2.1; +http://www.google.com/bot.html)"
212.237.51.151 - - [22/Jun/2022:03:54:45 +0200] "HEAD / HTTP/1.1" 200 0 "-" "Alert_Alligator_webmonitoring_service_1.6.4_(alertalligator.com)"
212.237.23.143 - - [22/Jun/2022:04:59:45 +0200] "HEAD / HTTP/1.1" 200 0 "-" "Alert_Alligator_webmonitoring_service_1.6.4_(alertalligator.com)"
212.237.53.115 - - [22/Jun/2022:05:54:37 +0200] "HEAD / HTTP/1.1" 200 0 "-" "Alert_Alligator_webmonitoring_service_1.6.4_(alertalligator.com)"
5.45.207.130 - - [22/Jun/2022:06:11:24 +0200] "GET /robots.txt HTTP/1.1" 404 - "-" "Mozilla/5.0 (compatible; YandexBot/3.0; +http://yandex.com/bots)"
5.45.207.94 - - [22/Jun/2022:06:11:28 +0200] "GET / HTTP/1.1" 200 166 "-" "Mozilla/5.0 (compatible; YandexBot/3.0; +http://yandex.com/bots)"
212.237.53.115 - - [22/Jun/2022:06:58:11 +0200] "HEAD / HTTP/1.1" 200 0 "-" "Alert_Alligator_webmonitoring_service_1.6.4_(alertalligator.com)"
212.237.53.115 - - [22/Jun/2022:08:02:02 +0200] "HEAD / HTTP/1.1" 200 0 "-" "Alert_Alligator_webmonitoring_service_1.6.4_(alertalligator.com)"
49.12.13.109 - - [22/Jun/2022:09:01:11 +0200] "HEAD / HTTP/1.1" 200 0 "-" "Alert_Alligator_webmonitoring_service_1.6.3_(alertalligator.com)"
51.222.253.12 - - [22/Jun/2022:09:05:18 +0200] "GET /robots.txt HTTP/1.1" 404 - "-" "Mozilla/5.0 (compatible; AhrefsBot/7.0; +http://ahrefs.com/robot/)"
54.36.148.69 - - [22/Jun/2022:09:05:22 +0200] "GET / HTTP/1.1" 200 174 "-" "Mozilla/5.0 (compatible; AhrefsBot/7.0; +http://ahrefs.com/robot/)"
194.38.20.161 - - [22/Jun/2022:09:38:01 +0200] "GET /wp-content/plugins/cherry-plugin/admin/import-export/download-content.php?file=upload.php HTTP/1.1" 404 - "-" "ALittle Client"
49.12.13.109 - - [22/Jun/2022:10:00:20 +0200] "HEAD / HTTP/1.1" 200 0 "-" "Alert_Alligator_webmonitoring_service_1.6.3_(alertalligator.com)"
212.237.51.151 - - [22/Jun/2022:10:50:30 +0200] "HEAD / HTTP/1.1" 200 0 "-" "Alert_Alligator_webmonitoring_service_1.6.4_(alertalligator.com)"
212.237.51.151 - - [22/Jun/2022:11:41:09 +0200] "HEAD / HTTP/1.1" 200 0 "-" "Alert_Alligator_webmonitoring_service_1.6.4_(alertalligator.com)"
45.133.1.122 - - [22/Jun/2022:12:43:56 +0200] "GET /about.php HTTP/1.1" 404 - "-" "python-requests/2.27.1"
45.133.1.122 - - [22/Jun/2022:12:43:57 +0200] "GET /upload.php?mr=exe3 HTTP/1.1" 404 - "-" "python-requests/2.27.1"
45.133.1.122 - - [22/Jun/2022:12:43:57 +0200] "GET /2index.php HTTP/1.1" 404 - "-" "python-requests/2.27.1"
45.133.1.122 - - [22/Jun/2022:12:43:57 +0200] "GET /C.php HTTP/1.1" 404 - "-" "python-requests/2.27.1"
45.133.1.122 - - [22/Jun/2022:12:43:57 +0200] "GET /c.php HTTP/1.1" 404 - "-" "python-requests/2.27.1"
45.133.1.122 - - [22/Jun/2022:12:43:57 +0200] "GET /01.php HTTP/1.1" 404 - "-" "python-requests/2.27.1"
45.133.1.122 - - [22/Jun/2022:12:43:57 +0200] "GET /1.php HTTP/1.1" 404 - "-" "python-requests/2.27.1"
45.133.1.122 - - [22/Jun/2022:12:43:58 +0200] "GET /02.php HTTP/1.1" 404 - "-" "python-requests/2.27.1"
45.133.1.122 - - [22/Jun/2022:12:43:58 +0200] "GET /wp.php HTTP/1.1" 404 - "-" "python-requests/2.27.1"
45.133.1.122 - - [22/Jun/2022:12:43:58 +0200] "GET /fw.php HTTP/1.1" 404 - "-" "python-requests/2.27.1"
45.133.1.122 - - [22/Jun/2022:12:43:58 +0200] "GET /alfa.php HTTP/1.1" 404 - "-" "python-requests/2.27.1"
45.133.1.122 - - [22/Jun/2022:12:43:58 +0200] "GET /mini.php HTTP/1.1" 404 - "-" "python-requests/2.27.1"
45.133.1.122 - - [22/Jun/2022:12:43:58 +0200] "GET /x.php HTTP/1.1" 404 - "-" "python-requests/2.27.1"
45.133.1.122 - - [22/Jun/2022:12:43:58 +0200] "GET /404.php HTTP/1.1" 404 - "-" "python-requests/2.27.1"
45.133.1.122 - - [22/Jun/2022:12:43:58 +0200] "GET /403.php HTTP/1.1" 404 - "-" "python-requests/2.27.1"
45.133.1.122 - - [22/Jun/2022:12:43:59 +0200] "GET /wso.php HTTP/1.1" 404 - "-" "python-requests/2.27.1"
45.133.1.122 - - [22/Jun/2022:12:43:59 +0200] "GET /admin.php HTTP/1.1" 404 - "-" "python-requests/2.27.1"
45.133.1.122 - - [22/Jun/2022:12:43:59 +0200] "GET /wp-22.php HTTP/1.1" 404 - "-" "python-requests/2.27.1"
45.133.1.122 - - [22/Jun/2022:12:43:59 +0200] "GET /1index.php HTTP/1.1" 404 - "-" "python-requests/2.27.1"
45.133.1.122 - - [22/Jun/2022:12:43:59 +0200] "GET /marijuana.php HTTP/1.1" 404 - "-" "python-requests/2.27.1"
45.133.1.122 - - [22/Jun/2022:12:43:59 +0200] "GET /good.php HTTP/1.1" 404 - "-" "python-requests/2.27.1"
45.133.1.122 - - [22/Jun/2022:12:43:59 +0200] "GET /up.php HTTP/1.1" 404 - "-" "python-requests/2.27.1"
45.133.1.122 - - [22/Jun/2022:12:44:08 +0200] "GET /doc.php HTTP/1.1" 404 - "-" "python-requests/2.27.1"
45.133.1.122 - - [22/Jun/2022:12:44:09 +0200] "GET /wp.php HTTP/1.1" 404 - "-" "python-requests/2.27.1"
45.133.1.122 - - [22/Jun/2022:12:44:09 +0200] "GET /radio.php HTTP/1.1" 404 - "-" "python-requests/2.27.1"
45.133.1.122 - - [22/Jun/2022:12:44:09 +0200] "GET /wp-includes/1index.php HTTP/1.1" 404 - "-" "python-requests/2.27.1"
45.133.1.122 - - [22/Jun/2022:12:44:09 +0200] "GET /1index.php?pass=am*guAW8.ryDgz-TYF HTTP/1.1" 404 - "-" "python-requests/2.27.1"
45.133.1.122 - - [22/Jun/2022:12:44:09 +0200] "GET /wp_wrong_datlib.php HTTP/1.1" 404 - "-" "python-requests/2.27.1"
45.133.1.122 - - [22/Jun/2022:12:44:09 +0200] "GET /2index.php HTTP/1.1" 404 - "-" "python-requests/2.27.1"
45.133.1.122 - - [22/Jun/2022:12:44:09 +0200] "GET /autoload_classmap.php HTTP/1.1" 404 - "-" "python-requests/2.27.1"
45.133.1.122 - - [22/Jun/2022:12:44:09 +0200] "GET /wp.php HTTP/1.1" 404 - "-" "python-requests/2.27.1"
45.133.1.122 - - [22/Jun/2022:12:44:10 +0200] "GET /wikindex.php HTTP/1.1" 404 - "-" "python-requests/2.27.1"
45.133.1.122 - - [22/Jun/2022:12:44:10 +0200] "GET /Deadcode1975xxxxxxxxxxxxxxxxxxxxxxxxxxxx.php HTTP/1.1" 404 - "-" "python-requests/2.27.1"
45.133.1.122 - - [22/Jun/2022:12:44:10 +0200] "GET /wp-2019.php HTTP/1.1" 404 - "-" "python-requests/2.27.1"
45.133.1.122 - - [22/Jun/2022:12:44:10 +0200] "GET /1h6j5.php HTTP/1.1" 404 - "-" "python-requests/2.27.1"
45.133.1.122 - - [22/Jun/2022:12:44:10 +0200] "GET /wp-admin/setup-config.php HTTP/1.1" 404 - "-" "python-requests/2.27.1"
45.133.1.122 - - [22/Jun/2022:12:44:10 +0200] "GET /wp-admin/xleet.php HTTP/1.1" 404 - "-" "python-requests/2.27.1"
45.133.1.122 - - [22/Jun/2022:12:44:10 +0200] "GET /wp-content/fw.php HTTP/1.1" 404 - "-" "python-requests/2.27.1"
45.133.1.122 - - [22/Jun/2022:12:44:10 +0200] "GET /wp-admin/fx.php HTTP/1.1" 404 - "-" "python-requests/2.27.1"
45.133.1.122 - - [22/Jun/2022:12:44:10 +0200] "GET /4price.php HTTP/1.1" 404 - "-" "python-requests/2.27.1"
45.133.1.122 - - [22/Jun/2022:12:44:10 +0200] "GET /wp-info.php HTTP/1.1" 404 - "-" "python-requests/2.27.1"
45.133.1.122 - - [22/Jun/2022:12:44:11 +0200] "GET /utchiha.php HTTP/1.1" 404 - "-" "python-requests/2.27.1"
45.133.1.122 - - [22/Jun/2022:12:44:11 +0200] "GET /wp-admin/priv8.php HTTP/1.1" 404 - "-" "python-requests/2.27.1"
45.133.1.122 - - [22/Jun/2022:12:44:11 +0200] "GET /wp-admin/rss.php HTTP/1.1" 404 - "-" "python-requests/2.27.1"
45.133.1.122 - - [22/Jun/2022:12:44:11 +0200] "GET /uploads/xleet.php HTTP/1.1" 404 - "-" "python-requests/2.27.1"
45.133.1.122 - - [22/Jun/2022:12:44:11 +0200] "GET /ALFA_DATA/alfacgiapi HTTP/1.1" 404 - "-" "python-requests/2.27.1"
45.133.1.122 - - [22/Jun/2022:12:44:11 +0200] "GET /wp-admin/Fox-C HTTP/1.1" 404 - "-" "python-requests/2.27.1"
45.133.1.122 - - [22/Jun/2022:12:44:11 +0200] "GET /wp-admin/Fox-C404 HTTP/1.1" 404 - "-" "python-requests/2.27.1"
45.133.1.122 - - [22/Jun/2022:12:44:11 +0200] "GET /Fox-C40 HTTP/1.1" 404 - "-" "python-requests/2.27.1"
45.133.1.122 - - [22/Jun/2022:12:44:12 +0200] "GET /wp-admin/ALFA_DATA/alfacgiapi/ HTTP/1.1" 404 - "-" "python-requests/2.27.1"
45.133.1.122 - - [22/Jun/2022:12:44:12 +0200] "GET /wp-admin/Panels.txt HTTP/1.1" 404 - "-" "python-requests/2.27.1"
45.133.1.122 - - [22/Jun/2022:12:44:12 +0200] "GET /Panels.txt/ HTTP/1.1" 404 - "-" "python-requests/2.27.1"
212.237.53.115 - - [22/Jun/2022:12:45:10 +0200] "HEAD / HTTP/1.1" 200 0 "-" "Alert_Alligator_webmonitoring_service_1.6.4_(alertalligator.com)"
49.12.13.109 - - [22/Jun/2022:13:44:53 +0200] "HEAD / HTTP/1.1" 200 0 "-" "Alert_Alligator_webmonitoring_service_1.6.3_(alertalligator.com)"
212.237.53.115 - - [22/Jun/2022:14:44:45 +0200] "HEAD / HTTP/1.1" 200 0 "-" "Alert_Alligator_webmonitoring_service_1.6.4_(alertalligator.com)"
177.238.108.81 - - [22/Jun/2022:15:14:54 +0200] "GET / HTTP/1.1" 200 166 "-" "Mozilla/5.0 (Windows NT 10.0; Win64; x64) AppleWebKit/537.36 (KHTML, like Gecko) Chrome/85.0.4183.121 Safari/537.36"
66.249.64.222 - - [22/Jun/2022:15:17:20 +0200] "GET /robots.txt HTTP/1.1" 404 - "-" "Mozilla/5.0 (compatible; Googlebot/2.1; +http://www.google.com/bot.html)"
66.249.64.222 - - [22/Jun/2022:15:17:20 +0200] "GET / HTTP/1.1" 200 166 "-" "Mozilla/5.0 (compatible; Googlebot/2.1; +http://www.google.com/bot.html)"
66.249.64.222 - - [22/Jun/2022:15:32:20 +0200] "GET / HTTP/1.1" 200 166 "-" "Mozilla/5.0 (Linux; Android 6.0.1; Nexus 5X Build/MMB29P) AppleWebKit/537.36 (KHTML, like Gecko) Chrome/102.0.5005.115 Mobile Safari/537.36 (compatible; Googlebot/2.1; +http://www.google.com/bot.html)"
212.237.51.151 - - [22/Jun/2022:15:36:42 +0200] "HEAD / HTTP/1.1" 200 0 "-" "Alert_Alligator_webmonitoring_service_1.6.4_(alertalligator.com)"
51.222.253.18 - - [22/Jun/2022:15:44:09 +0200] "GET /robots.txt HTTP/1.1" 404 - "-" "Mozilla/5.0 (compatible; AhrefsBot/7.0; +http://ahrefs.com/robot/)"
54.36.148.238 - - [22/Jun/2022:15:44:10 +0200] "GET / HTTP/1.1" 200 166 "-" "Mozilla/5.0 (compatible; AhrefsBot/7.0; +http://ahrefs.com/robot/)"
124.206.180.144 - - [22/Jun/2022:16:07:01 +0200] "GET / HTTP/1.1" 200 174 "-" "Mozilla/5.0 Firefox/35.0"
54.36.148.156 - - [22/Jun/2022:16:39:18 +0200] "GET /robots.txt HTTP/1.1" 404 - "-" "Mozilla/5.0 (compatible; AhrefsBot/7.0; +http://ahrefs.com/robot/)"
54.36.148.116 - - [22/Jun/2022:16:39:18 +0200] "GET / HTTP/1.1" 200 166 "-" "Mozilla/5.0 (compatible; AhrefsBot/7.0; +http://ahrefs.com/robot/)"
212.237.53.115 - - [22/Jun/2022:16:40:06 +0200] "HEAD / HTTP/1.1" 200 0 "-" "Alert_Alligator_webmonitoring_service_1.6.4_(alertalligator.com)"
212.237.53.115 - - [22/Jun/2022:17:41:18 +0200] "HEAD / HTTP/1.1" 200 0 "-" "Alert_Alligator_webmonitoring_service_1.6.4_(alertalligator.com)"
34.221.182.113 - - [22/Jun/2022:17:42:39 +0200] "GET / HTTP/1.1" 200 166 "-" "Mozilla/5.0 (X11; Linux x86_64) AppleWebKit/537.36 (KHTML, like Gecko) Chrome/83.0.4103.97 Safari/537.36"
34.221.182.113 - - [22/Jun/2022:17:43:01 +0200] "GET / HTTP/1.1" 200 166 "-" "Mozilla/5.0 (X11; Linux x86_64) AppleWebKit/537.36 (KHTML, like Gecko) Chrome/83.0.4103.97 Safari/537.36"
35.87.32.135 - - [22/Jun/2022:17:43:11 +0200] "GET /favicon.ico HTTP/1.1" 404 - "-" "Mozilla/5.0 (X11; Linux x86_64) AppleWebKit/537.36 (KHTML, like Gecko) Chrome/83.0.4103.97 Safari/537.36"
35.87.32.135 - - [22/Jun/2022:17:43:14 +0200] "GET / HTTP/1.1" 200 166 "-" "Mozilla/5.0 (X11; Linux x86_64) AppleWebKit/537.36 (KHTML, like Gecko) Chrome/83.0.4103.97 Safari/537.36"
35.87.32.135 - - [22/Jun/2022:17:43:15 +0200] "GET /favicon.ico HTTP/1.1" 404 - "-" "Mozilla/5.0 (X11; Linux x86_64) AppleWebKit/537.36 (KHTML, like Gecko) Chrome/83.0.4103.97 Safari/537.36"
35.87.32.135 - - [22/Jun/2022:17:43:16 +0200] "GET / HTTP/1.1" 200 166 "-" "Mozilla/5.0 (X11; Linux x86_64) AppleWebKit/537.36 (KHTML, like Gecko) Chrome/83.0.4103.97 Safari/537.36"
49.12.13.109 - - [22/Jun/2022:18:40:52 +0200] "HEAD / HTTP/1.1" 200 0 "-" "Alert_Alligator_webmonitoring_service_1.6.3_(alertalligator.com)"
157.90.182.23 - - [22/Jun/2022:19:34:16 +0200] "GET /robots.txt HTTP/1.1" 404 - "-" "Mozilla/5.0 (compatible; BLEXBot/1.0; +http://webmeup-crawler.com/)"
157.90.182.23 - - [22/Jun/2022:19:34:18 +0200] "GET /sitemap HTTP/1.1" 404 - "-" "Mozilla/5.0 (compatible; BLEXBot/1.0; +http://webmeup-crawler.com/)"
157.90.182.23 - - [22/Jun/2022:19:34:25 +0200] "GET /sitemap.txt HTTP/1.1" 404 - "-" "Mozilla/5.0 (compatible; BLEXBot/1.0; +http://webmeup-crawler.com/)"
212.237.23.143 - - [22/Jun/2022:19:49:12 +0200] "HEAD / HTTP/1.1" 200 0 "-" "Alert_Alligator_webmonitoring_service_1.6.4_(alertalligator.com)"
66.249.70.61 - - [22/Jun/2022:19:53:59 +0200] "GET /robots.txt HTTP/1.1" 404 - "-" "Mozilla/5.0 (compatible; Googlebot/2.1; +http://www.google.com/bot.html)"
66.249.70.63 - - [22/Jun/2022:19:53:59 +0200] "GET / HTTP/1.1" 200 174 "-" "Mozilla/5.0 (Linux; Android 6.0.1; Nexus 5X Build/MMB29P) AppleWebKit/537.36 (KHTML, like Gecko) Chrome/99.0.4844.84 Mobile Safari/537.36 (compatible; Googlebot/2.1; +http://www.google.com/bot.html)"
66.249.70.63 - - [22/Jun/2022:19:54:00 +0200] "GET / HTTP/1.1" 200 174 "-" "Mozilla/5.0 (compatible; Googlebot/2.1; +http://www.google.com/bot.html)"
49.12.13.109 - - [22/Jun/2022:20:49:07 +0200] "HEAD / HTTP/1.1" 200 0 "-" "Alert_Alligator_webmonitoring_service_1.6.3_(alertalligator.com)"
156.67.222.207 - - [22/Jun/2022:21:14:29 +0200] "GET /defau11.php HTTP/1.1" 404 - "-" "Mozilla/5.0 (Windows NT 10.0; Win64; x64; rv:89.0) Gecko/20100101 Firefox/89.0"
156.67.222.207 - - [22/Jun/2022:21:14:29 +0200] "GET /defaul1.php HTTP/1.1" 404 - "-" "Mozilla/5.0 (Windows NT 10.0; Win64; x64) AppleWebKit/537.36 (KHTML, like Gecko) Chrome/90.0.4430.212 Safari/537.36"
156.67.222.207 - - [22/Jun/2022:21:14:29 +0200] "GET /defau1t.php HTTP/1.1" 404 - "-" "Mozilla/5.0 (Windows NT 10.0; Win64; x64; rv:88.0) Gecko/20100101 Firefox/88.0"
212.237.23.143 - - [22/Jun/2022:21:50:40 +0200] "HEAD / HTTP/1.1" 200 0 "-" "Alert_Alligator_webmonitoring_service_1.6.4_(alertalligator.com)"
49.12.13.109 - - [22/Jun/2022:22:49:43 +0200] "HEAD / HTTP/1.1" 200 0 "-" "Alert_Alligator_webmonitoring_service_1.6.3_(alertalligator.com)"
212.237.53.115 - - [22/Jun/2022:23:54:46 +0200] "HEAD / HTTP/1.1" 200 0 "-" "Alert_Alligator_webmonitoring_service_1.6.4_(alertalligator.com)"
121.5.231.252 - - [23/Jun/2022:00:39:22 +0200] "GET / HTTP/1.1" 200 166 "-" "Mozilla/5.0 (Linux; Android 6.0; Nexus 5 Build/MRA58N) AppleWebKit/537.36 (KHTML, like Gecko) Chrome/81.0.4044.138 Mobile Safari/537.36"
212.237.23.143 - - [23/Jun/2022:01:03:37 +0200] "HEAD / HTTP/1.1" 200 0 "-" "Alert_Alligator_webmonitoring_service_1.6.4_(alertalligator.com)"
212.237.51.151 - - [23/Jun/2022:01:54:42 +0200] "HEAD / HTTP/1.1" 200 0 "-" "Alert_Alligator_webmonitoring_service_1.6.4_(alertalligator.com)"
49.12.13.109 - - [23/Jun/2022:02:53:55 +0200] "HEAD / HTTP/1.1" 200 0 "-" "Alert_Alligator_webmonitoring_service_1.6.3_(alertalligator.com)"
212.237.51.151 - - [23/Jun/2022:03:51:13 +0200] "HEAD / HTTP/1.1" 200 0 "-" "Alert_Alligator_webmonitoring_service_1.6.4_(alertalligator.com)"
49.12.13.109 - - [23/Jun/2022:04:50:46 +0200] "HEAD / HTTP/1.1" 200 0 "-" "Alert_Alligator_webmonitoring_service_1.6.3_(alertalligator.com)"
212.237.51.151 - - [23/Jun/2022:05:44:26 +0200] "HEAD / HTTP/1.1" 200 0 "-" "Alert_Alligator_webmonitoring_service_1.6.4_(alertalligator.com)"
49.12.13.109 - - [23/Jun/2022:06:43:36 +0200] "HEAD / HTTP/1.1" 200 0 "-" "Alert_Alligator_webmonitoring_service_1.6.3_(alertalligator.com)"
212.237.51.151 - - [23/Jun/2022:07:31:18 +0200] "HEAD / HTTP/1.1" 200 0 "-" "Alert_Alligator_webmonitoring_service_1.6.4_(alertalligator.com)"
162.55.86.53 - - [23/Jun/2022:07:53:22 +0200] "GET /robots.txt HTTP/1.1" 404 - "-" "Mozilla/5.0 (compatible; BLEXBot/1.0; +http://webmeup-crawler.com/)"
162.55.86.53 - - [23/Jun/2022:07:53:23 +0200] "GET /sitemap HTTP/1.1" 404 - "-" "Mozilla/5.0 (compatible; BLEXBot/1.0; +http://webmeup-crawler.com/)"
162.55.86.53 - - [23/Jun/2022:07:53:24 +0200] "GET /sitemap.txt HTTP/1.1" 404 - "-" "Mozilla/5.0 (compatible; BLEXBot/1.0; +http://webmeup-crawler.com/)"
114.119.137.141 - - [23/Jun/2022:07:55:19 +0200] "GET /robots.txt HTTP/1.1" 404 - "-" "Mozilla/5.0 (compatible;PetalBot;+https://webmaster.petalsearch.com/site/petalbot)"
52.43.255.66 - - [23/Jun/2022:08:14:01 +0200] "HEAD / HTTP/1.1" 200 0 "-" "Go-http-client/1.1"
54.148.93.8 - - [23/Jun/2022:08:14:03 +0200] "HEAD / HTTP/1.1" 200 0 "-" "Mozilla/5.0 (Windows NT 6.1; WOW64) AppleWebKit/537.36 (KHTML, like Gecko) Chrome/56.0.2924.76 Safari/537.36"
34.222.252.18 - - [23/Jun/2022:08:14:06 +0200] "GET / HTTP/1.1" 200 174 "-" "Mozilla/5.0 (Macintosh; Intel Mac OS X 10_14_6) AppleWebKit/537.36 (KHTML, like Gecko) Chrome/97.0.4692.99 Safari/537.36"
212.237.51.151 - - [23/Jun/2022:08:22:37 +0200] "HEAD / HTTP/1.1" 200 0 "-" "Alert_Alligator_webmonitoring_service_1.6.4_(alertalligator.com)"
20.197.180.8 - - [23/Jun/2022:08:37:36 +0200] "GET /.env HTTP/1.1" 404 - "-" "Mozilla/5.0 (Linux; U; Android 4.4.2; en-US; HM NOTE 1W Build/KOT49H) AppleWebKit/534.30 (KHTML, like Gecko) Version/4.0 UCBrowser/11.0.5.850 U3/0.8.0 Mobile Safari/534.30"
20.197.180.8 - - [23/Jun/2022:08:37:37 +0200] "POST / HTTP/1.1" 405 - "-" "Mozilla/5.0 (Linux; U; Android 4.4.2; en-US; HM NOTE 1W Build/KOT49H) AppleWebKit/534.30 (KHTML, like Gecko) Version/4.0 UCBrowser/11.0.5.850 U3/0.8.0 Mobile Safari/534.30"
20.197.180.8 - - [23/Jun/2022:08:37:41 +0200] "GET /vendor/phpunit/phpunit/src/Util/PHP/eval-stdin.php HTTP/1.1" 404 - "-" "python-requests/2.22.0"
212.237.23.143 - - [23/Jun/2022:09:18:08 +0200] "HEAD / HTTP/1.1" 200 0 "-" "Alert_Alligator_webmonitoring_service_1.6.4_(alertalligator.com)"
49.12.13.109 - - [23/Jun/2022:10:17:13 +0200] "HEAD / HTTP/1.1" 200 0 "-" "Alert_Alligator_webmonitoring_service_1.6.3_(alertalligator.com)"
194.38.20.161 - - [23/Jun/2022:11:17:17 +0200] "GET /wp-content/plugins/jquery-html5-file-upload/readme.txt HTTP/1.1" 404 - "-" "ALittle Client"
212.237.23.143 - - [23/Jun/2022:11:18:37 +0200] "HEAD / HTTP/1.1" 200 0 "-" "Alert_Alligator_webmonitoring_service_1.6.4_(alertalligator.com)"
92.204.54.126 - - [23/Jun/2022:11:49:08 +0200] "GET / HTTP/1.1" 200 166 "-" "Mozilla/5.0 (compatible; seocompany/0.6; +; )"
92.204.54.126 - - [23/Jun/2022:11:49:08 +0200] "GET / HTTP/1.1" 200 166 "-" "Mozilla/5.0 (X11; Linux x86_64; rv:81.0) Gecko/20100101 Firefox/81.0"
212.237.51.151 - - [23/Jun/2022:12:05:50 +0200] "HEAD / HTTP/1.1" 200 0 "-" "Alert_Alligator_webmonitoring_service_1.6.4_(alertalligator.com)"
124.206.180.144 - - [23/Jun/2022:12:12:56 +0200] "GET /favicon.ico HTTP/1.1" 404 - "-" "Mozilla/5.0 (Windows NT 10.0; Win64; x64) AppleWebKit/537.36 (KHTML, like Gecko) Chrome/93.0.4577.63 Safari/537.36"
49.12.13.109 - - [23/Jun/2022:13:05:02 +0200] "HEAD / HTTP/1.1" 200 0 "-" "Alert_Alligator_webmonitoring_service_1.6.3_(alertalligator.com)"
49.12.13.109 - - [23/Jun/2022:14:05:18 +0200] "HEAD / HTTP/1.1" 200 0 "-" "Alert_Alligator_webmonitoring_service_1.6.3_(alertalligator.com)"
157.90.182.23 - - [23/Jun/2022:14:12:42 +0200] "GET /robots.txt HTTP/1.1" 404 - "-" "Mozilla/5.0 (compatible; BLEXBot/1.0; +http://webmeup-crawler.com/)"
157.90.182.23 - - [23/Jun/2022:14:12:45 +0200] "GET /sitemap HTTP/1.1" 404 - "-" "Mozilla/5.0 (compatible; BLEXBot/1.0; +http://webmeup-crawler.com/)"
157.90.182.23 - - [23/Jun/2022:14:12:49 +0200] "GET /sitemap.txt HTTP/1.1" 404 - "-" "Mozilla/5.0 (compatible; BLEXBot/1.0; +http://webmeup-crawler.com/)"
20.51.247.245 - - [23/Jun/2022:15:02:46 +0200] "GET / HTTP/1.1" 200 174 "-" "python-requests/2.27.1"
20.51.247.245 - - [23/Jun/2022:15:03:19 +0200] "GET /.env HTTP/1.1" 404 - "-" "python-requests/2.27.1"
212.237.23.143 - - [23/Jun/2022:15:05:34 +0200] "HEAD / HTTP/1.1" 200 0 "-" "Alert_Alligator_webmonitoring_service_1.6.4_(alertalligator.com)"
212.237.51.151 - - [23/Jun/2022:15:56:32 +0200] "HEAD / HTTP/1.1" 200 0 "-" "Alert_Alligator_webmonitoring_service_1.6.4_(alertalligator.com)"
212.237.51.151 - - [23/Jun/2022:16:48:28 +0200] "HEAD / HTTP/1.1" 200 0 "-" "Alert_Alligator_webmonitoring_service_1.6.4_(alertalligator.com)"
212.237.53.115 - - [23/Jun/2022:17:51:32 +0200] "HEAD / HTTP/1.1" 200 0 "-" "Alert_Alligator_webmonitoring_service_1.6.4_(alertalligator.com)"
18.236.193.100 - - [23/Jun/2022:17:58:55 +0200] "GET / HTTP/1.1" 200 166 "-" "Mozilla/5.0 (X11; Linux x86_64) AppleWebKit/537.36 (KHTML, like Gecko) Chrome/83.0.4103.97 Safari/537.36"
54.244.129.97 - - [23/Jun/2022:18:00:33 +0200] "GET /favicon.ico HTTP/1.1" 404 - "-" "Mozilla/5.0 (X11; Linux x86_64) AppleWebKit/537.36 (KHTML, like Gecko) Chrome/83.0.4103.97 Safari/537.36"
54.244.129.97 - - [23/Jun/2022:18:00:34 +0200] "GET / HTTP/1.1" 200 166 "-" "Mozilla/5.0 (X11; Linux x86_64) AppleWebKit/537.36 (KHTML, like Gecko) Chrome/83.0.4103.97 Safari/537.36"
194.38.20.161 - - [23/Jun/2022:18:37:02 +0200] "GET /wp-content/plugins/jquery-html5-file-upload/readme.txt HTTP/1.1" 404 - "-" "ALittle Client"
212.237.53.115 - - [23/Jun/2022:18:55:03 +0200] "HEAD / HTTP/1.1" 200 0 "-" "Alert_Alligator_webmonitoring_service_1.6.4_(alertalligator.com)"
212.237.53.115 - - [23/Jun/2022:19:57:24 +0200] "HEAD / HTTP/1.1" 200 0 "-" "Alert_Alligator_webmonitoring_service_1.6.4_(alertalligator.com)"
54.36.148.120 - - [23/Jun/2022:20:01:05 +0200] "GET /robots.txt HTTP/1.1" 404 - "-" "Mozilla/5.0 (compatible; AhrefsBot/7.0; +http://ahrefs.com/robot/)"
54.36.148.10 - - [23/Jun/2022:20:01:06 +0200] "GET / HTTP/1.1" 200 166 "-" "Mozilla/5.0 (compatible; AhrefsBot/7.0; +http://ahrefs.com/robot/)"
49.12.13.109 - - [23/Jun/2022:20:39:28 +0200] "HEAD / HTTP/1.1" 200 0 "-" "Alert_Alligator_webmonitoring_service_1.6.4_(alertalligator.com)"
20.51.247.245 - - [23/Jun/2022:20:56:18 +0200] "GET / HTTP/1.1" 200 166 "-" "python-requests/2.27.1"
20.51.247.245 - - [23/Jun/2022:20:56:42 +0200] "GET /.env HTTP/1.1" 404 - "-" "python-requests/2.27.1"
51.222.253.11 - - [23/Jun/2022:21:09:27 +0200] "GET /robots.txt HTTP/1.1" 404 - "-" "Mozilla/5.0 (compatible; AhrefsBot/7.0; +http://ahrefs.com/robot/)"
54.36.148.189 - - [23/Jun/2022:21:09:28 +0200] "GET / HTTP/1.1" 200 166 "-" "Mozilla/5.0 (compatible; AhrefsBot/7.0; +http://ahrefs.com/robot/)"
212.237.53.115 - - [23/Jun/2022:21:39:41 +0200] "HEAD / HTTP/1.1" 200 0 "-" "Alert_Alligator_webmonitoring_service_1.6.4_(alertalligator.com)"
66.249.70.123 - - [23/Jun/2022:22:15:05 +0200] "GET /robots.txt HTTP/1.1" 404 - "-" "Mozilla/5.0 (compatible; Googlebot/2.1; +http://www.google.com/bot.html)"
66.249.70.125 - - [23/Jun/2022:22:15:06 +0200] "GET / HTTP/1.1" 200 174 "-" "Mozilla/5.0 (Linux; Android 6.0.1; Nexus 5X Build/MMB29P) AppleWebKit/537.36 (KHTML, like Gecko) Chrome/102.0.5005.115 Mobile Safari/537.36 (compatible; Googlebot/2.1; +http://www.google.com/bot.html)"
212.237.23.143 - - [23/Jun/2022:22:43:35 +0200] "HEAD / HTTP/1.1" 200 0 "-" "Alert_Alligator_webmonitoring_service_1.6.4_(alertalligator.com)"
49.12.13.109 - - [23/Jun/2022:23:42:39 +0200] "HEAD / HTTP/1.1" 200 0 "-" "Alert_Alligator_webmonitoring_service_1.6.3_(alertalligator.com)"
212.237.51.151 - - [24/Jun/2022:00:26:50 +0200] "HEAD / HTTP/1.1" 200 0 "-" "Alert_Alligator_webmonitoring_service_1.6.4_(alertalligator.com)"
167.99.70.99 - - [24/Jun/2022:00:40:30 +0200] "GET / HTTP/1.1" 200 174 "-" "Mozilla/5.0 (Windows NT 10.0; Win64; x64) AppleWebKit/537.36 (KHTML, like Gecko) Chrome/78.0.3904.108 Safari/537.36"
167.99.70.99 - - [24/Jun/2022:00:40:30 +0200] "GET / HTTP/1.1" 200 174 "-" "Mozilla/5.0 (Windows NT 10.0; Win64; x64) AppleWebKit/537.36 (KHTML, like Gecko) Chrome/78.0.3904.108 Safari/537.36"
167.99.70.99 - - [24/Jun/2022:00:40:30 +0200] "GET /wp-includes/wlwmanifest.xml HTTP/1.1" 404 - "-" "Mozilla/5.0 (Windows NT 10.0; Win64; x64) AppleWebKit/537.36 (KHTML, like Gecko) Chrome/78.0.3904.108 Safari/537.36"
167.99.70.99 - - [24/Jun/2022:00:40:30 +0200] "GET /xmlrpc.php?rsd HTTP/1.1" 404 - "-" "Mozilla/5.0 (Windows NT 10.0; Win64; x64) AppleWebKit/537.36 (KHTML, like Gecko) Chrome/78.0.3904.108 Safari/537.36"
167.99.70.99 - - [24/Jun/2022:00:40:31 +0200] "GET / HTTP/1.1" 200 174 "-" "Mozilla/5.0 (Windows NT 10.0; Win64; x64) AppleWebKit/537.36 (KHTML, like Gecko) Chrome/78.0.3904.108 Safari/537.36"
167.99.70.99 - - [24/Jun/2022:00:40:31 +0200] "GET /blog/wp-includes/wlwmanifest.xml HTTP/1.1" 404 - "-" "Mozilla/5.0 (Windows NT 10.0; Win64; x64) AppleWebKit/537.36 (KHTML, like Gecko) Chrome/78.0.3904.108 Safari/537.36"
167.99.70.99 - - [24/Jun/2022:00:40:31 +0200] "GET /web/wp-includes/wlwmanifest.xml HTTP/1.1" 404 - "-" "Mozilla/5.0 (Windows NT 10.0; Win64; x64) AppleWebKit/537.36 (KHTML, like Gecko) Chrome/78.0.3904.108 Safari/537.36"
167.99.70.99 - - [24/Jun/2022:00:40:31 +0200] "GET /wordpress/wp-includes/wlwmanifest.xml HTTP/1.1" 404 - "-" "Mozilla/5.0 (Windows NT 10.0; Win64; x64) AppleWebKit/537.36 (KHTML, like Gecko) Chrome/78.0.3904.108 Safari/537.36"
167.99.70.99 - - [24/Jun/2022:00:40:32 +0200] "GET /website/wp-includes/wlwmanifest.xml HTTP/1.1" 404 - "-" "Mozilla/5.0 (Windows NT 10.0; Win64; x64) AppleWebKit/537.36 (KHTML, like Gecko) Chrome/78.0.3904.108 Safari/537.36"
167.99.70.99 - - [24/Jun/2022:00:40:32 +0200] "GET /wp/wp-includes/wlwmanifest.xml HTTP/1.1" 404 - "-" "Mozilla/5.0 (Windows NT 10.0; Win64; x64) AppleWebKit/537.36 (KHTML, like Gecko) Chrome/78.0.3904.108 Safari/537.36"
