65.108.0.71 - - [03/Jul/2023:06:21:08 +0200] "GET /node/8930?q=signupfornewsletter HTTP/1.1" 200 4719 "-" "Mozilla/5.0 (compatible; MJ12bot/v1.4.8; http://mj12bot.com/)"
65.108.0.71 - - [03/Jul/2023:06:21:19 +0200] "GET /node/8932 HTTP/1.1" 200 13314 "-" "Mozilla/5.0 (compatible; MJ12bot/v1.4.8; http://mj12bot.com/)"
65.108.0.71 - - [03/Jul/2023:06:21:29 +0200] "GET /node/8932?q=signupformailinglist HTTP/1.1" 404 4060 "-" "Mozilla/5.0 (compatible; MJ12bot/v1.4.8; http://mj12bot.com/)"
65.108.0.71 - - [03/Jul/2023:06:21:40 +0200] "GET /node/8933 HTTP/1.1" 200 11046 "-" "Mozilla/5.0 (compatible; MJ12bot/v1.4.8; http://mj12bot.com/)"
65.108.0.71 - - [03/Jul/2023:06:21:51 +0200] "GET /node/8933?q=signupformailinglist HTTP/1.1" 404 4060 "-" "Mozilla/5.0 (compatible; MJ12bot/v1.4.8; http://mj12bot.com/)"
65.108.0.71 - - [03/Jul/2023:06:22:01 +0200] "GET /node/8934 HTTP/1.1" 200 11561 "-" "Mozilla/5.0 (compatible; MJ12bot/v1.4.8; http://mj12bot.com/)"
66.102.6.33 - - [03/Jul/2023:06:22:05 +0200] "HEAD /blog/3/feed HTTP/1.1" 200 0 "-" "FeedBurner/1.0 (http://www.FeedBurner.com)"
65.108.0.71 - - [03/Jul/2023:06:22:12 +0200] "GET /node/8934?q=signupformailinglist HTTP/1.1" 404 4060 "-" "Mozilla/5.0 (compatible; MJ12bot/v1.4.8; http://mj12bot.com/)"
65.108.0.71 - - [03/Jul/2023:06:22:22 +0200] "GET /node/8935 HTTP/1.1" 200 15890 "-" "Mozilla/5.0 (compatible; MJ12bot/v1.4.8; http://mj12bot.com/)"
65.108.0.71 - - [03/Jul/2023:06:22:33 +0200] "GET /node/8935?q=signupformailinglist HTTP/1.1" 404 4060 "-" "Mozilla/5.0 (compatible; MJ12bot/v1.4.8; http://mj12bot.com/)"
65.108.0.71 - - [03/Jul/2023:06:22:44 +0200] "GET /node/8935?q=signupfornewsletter HTTP/1.1" 200 4719 "-" "Mozilla/5.0 (compatible; MJ12bot/v1.4.8; http://mj12bot.com/)"
65.108.0.71 - - [03/Jul/2023:06:22:55 +0200] "GET /node/8936 HTTP/1.1" 200 13797 "-" "Mozilla/5.0 (compatible; MJ12bot/v1.4.8; http://mj12bot.com/)"
65.108.0.71 - - [03/Jul/2023:06:23:06 +0200] "GET /node/8936?q=signupformailinglist HTTP/1.1" 404 4060 "-" "Mozilla/5.0 (compatible; MJ12bot/v1.4.8; http://mj12bot.com/)"
65.108.0.71 - - [03/Jul/2023:06:23:16 +0200] "GET /node/8936?q=signupfornewsletter HTTP/1.1" 200 4719 "-" "Mozilla/5.0 (compatible; MJ12bot/v1.4.8; http://mj12bot.com/)"
65.108.0.71 - - [03/Jul/2023:06:23:27 +0200] "GET /node/8937 HTTP/1.1" 200 28574 "-" "Mozilla/5.0 (compatible; MJ12bot/v1.4.8; http://mj12bot.com/)"
65.108.0.71 - - [03/Jul/2023:06:23:38 +0200] "GET /node/8937?q=signupformailinglist HTTP/1.1" 404 4060 "-" "Mozilla/5.0 (compatible; MJ12bot/v1.4.8; http://mj12bot.com/)"
54.36.148.30 - - [03/Jul/2023:06:23:40 +0200] "GET /node/756 HTTP/1.1" 200 9051 "-" "Mozilla/5.0 (compatible; AhrefsBot/7.0; +http://ahrefs.com/robot/)"
65.108.0.71 - - [03/Jul/2023:06:23:48 +0200] "GET /node/8938 HTTP/1.1" 200 16069 "-" "Mozilla/5.0 (compatible; MJ12bot/v1.4.8; http://mj12bot.com/)"
65.108.0.71 - - [03/Jul/2023:06:23:59 +0200] "GET /node/8938?q=signupformailinglist HTTP/1.1" 404 4060 "-" "Mozilla/5.0 (compatible; MJ12bot/v1.4.8; http://mj12bot.com/)"
65.108.0.71 - - [03/Jul/2023:06:24:09 +0200] "GET /node/8938?q=signupfornewsletter HTTP/1.1" 200 4719 "-" "Mozilla/5.0 (compatible; MJ12bot/v1.4.8; http://mj12bot.com/)"
65.108.0.71 - - [03/Jul/2023:06:24:20 +0200] "GET /node/8939 HTTP/1.1" 200 14840 "-" "Mozilla/5.0 (compatible; MJ12bot/v1.4.8; http://mj12bot.com/)"
65.108.0.71 - - [03/Jul/2023:06:24:31 +0200] "GET /node/8939?q=signupformailinglist HTTP/1.1" 404 4060 "-" "Mozilla/5.0 (compatible; MJ12bot/v1.4.8; http://mj12bot.com/)"
65.108.0.71 - - [03/Jul/2023:06:24:42 +0200] "GET /node/8939?q=signupfornewsletter HTTP/1.1" 200 4719 "-" "Mozilla/5.0 (compatible; MJ12bot/v1.4.8; http://mj12bot.com/)"
65.108.0.71 - - [03/Jul/2023:06:24:52 +0200] "GET /node/893?q=signupfornewsletter HTTP/1.1" 200 4719 "-" "Mozilla/5.0 (compatible; MJ12bot/v1.4.8; http://mj12bot.com/)"
65.108.0.71 - - [03/Jul/2023:06:25:03 +0200] "GET /node/8940 HTTP/1.1" 200 22165 "-" "Mozilla/5.0 (compatible; MJ12bot/v1.4.8; http://mj12bot.com/)"
65.108.0.71 - - [03/Jul/2023:06:25:14 +0200] "GET /node/8940?q=signupformailinglist HTTP/1.1" 404 4060 "-" "Mozilla/5.0 (compatible; MJ12bot/v1.4.8; http://mj12bot.com/)"
65.108.0.71 - - [03/Jul/2023:06:25:24 +0200] "GET /node/8940?q=signupfornewsletter HTTP/1.1" 200 4719 "-" "Mozilla/5.0 (compatible; MJ12bot/v1.4.8; http://mj12bot.com/)"
65.108.0.71 - - [03/Jul/2023:06:25:35 +0200] "GET /node/8941 HTTP/1.1" 200 12596 "-" "Mozilla/5.0 (compatible; MJ12bot/v1.4.8; http://mj12bot.com/)"
65.108.0.71 - - [03/Jul/2023:06:25:46 +0200] "GET /node/8941?q=signupformailinglist HTTP/1.1" 404 4060 "-" "Mozilla/5.0 (compatible; MJ12bot/v1.4.8; http://mj12bot.com/)"
65.108.0.71 - - [03/Jul/2023:06:25:56 +0200] "GET /node/8941?q=signupfornewsletter HTTP/1.1" 200 4719 "-" "Mozilla/5.0 (compatible; MJ12bot/v1.4.8; http://mj12bot.com/)"
65.108.0.71 - - [03/Jul/2023:06:26:07 +0200] "GET /node/8942 HTTP/1.1" 200 16561 "-" "Mozilla/5.0 (compatible; MJ12bot/v1.4.8; http://mj12bot.com/)"
65.108.0.71 - - [03/Jul/2023:06:26:18 +0200] "GET /node/8942?q=signupformailinglist HTTP/1.1" 404 4060 "-" "Mozilla/5.0 (compatible; MJ12bot/v1.4.8; http://mj12bot.com/)"
65.108.0.71 - - [03/Jul/2023:06:26:28 +0200] "GET /node/8942?q=signupfornewsletter HTTP/1.1" 200 4719 "-" "Mozilla/5.0 (compatible; MJ12bot/v1.4.8; http://mj12bot.com/)"
66.102.6.34 - - [03/Jul/2023:06:26:34 +0200] "HEAD /blog/3/feed HTTP/1.1" 200 0 "-" "FeedBurner/1.0 (http://www.FeedBurner.com)"
65.108.0.71 - - [03/Jul/2023:06:26:39 +0200] "GET /node/8943 HTTP/1.1" 200 7301 "-" "Mozilla/5.0 (compatible; MJ12bot/v1.4.8; http://mj12bot.com/)"
65.108.0.71 - - [03/Jul/2023:06:26:50 +0200] "GET /node/8943?q=signupformailinglist HTTP/1.1" 404 4060 "-" "Mozilla/5.0 (compatible; MJ12bot/v1.4.8; http://mj12bot.com/)"
65.108.0.71 - - [03/Jul/2023:06:27:00 +0200] "GET /node/8943?q=signupfornewsletter HTTP/1.1" 200 4719 "-" "Mozilla/5.0 (compatible; MJ12bot/v1.4.8; http://mj12bot.com/)"
65.108.0.71 - - [03/Jul/2023:06:27:11 +0200] "GET /node/8944 HTTP/1.1" 200 11770 "-" "Mozilla/5.0 (compatible; MJ12bot/v1.4.8; http://mj12bot.com/)"
65.108.0.71 - - [03/Jul/2023:06:27:21 +0200] "GET /node/8944?q=signupformailinglist HTTP/1.1" 404 4060 "-" "Mozilla/5.0 (compatible; MJ12bot/v1.4.8; http://mj12bot.com/)"
65.108.0.71 - - [03/Jul/2023:06:27:32 +0200] "GET /node/8944?q=signupfornewsletter HTTP/1.1" 200 4719 "-" "Mozilla/5.0 (compatible; MJ12bot/v1.4.8; http://mj12bot.com/)"
65.108.0.71 - - [03/Jul/2023:06:27:43 +0200] "GET /node/895 HTTP/1.1" 200 19277 "-" "Mozilla/5.0 (compatible; MJ12bot/v1.4.8; http://mj12bot.com/)"
65.108.0.71 - - [03/Jul/2023:06:27:53 +0200] "GET /node/895?q=signupformailinglist HTTP/1.1" 404 4060 "-" "Mozilla/5.0 (compatible; MJ12bot/v1.4.8; http://mj12bot.com/)"
65.108.0.71 - - [03/Jul/2023:06:28:04 +0200] "GET /node/895?q=signupfornewsletter HTTP/1.1" 200 4719 "-" "Mozilla/5.0 (compatible; MJ12bot/v1.4.8; http://mj12bot.com/)"
65.108.0.71 - - [03/Jul/2023:06:28:15 +0200] "GET /node/896 HTTP/1.1" 200 10518 "-" "Mozilla/5.0 (compatible; MJ12bot/v1.4.8; http://mj12bot.com/)"
65.108.0.71 - - [03/Jul/2023:06:28:25 +0200] "GET /node/896?q=signupformailinglist HTTP/1.1" 404 4060 "-" "Mozilla/5.0 (compatible; MJ12bot/v1.4.8; http://mj12bot.com/)"
65.108.0.71 - - [03/Jul/2023:06:28:36 +0200] "GET /node/898 HTTP/1.1" 200 8394 "-" "Mozilla/5.0 (compatible; MJ12bot/v1.4.8; http://mj12bot.com/)"
65.108.0.71 - - [03/Jul/2023:06:28:47 +0200] "GET /node/8981 HTTP/1.1" 200 15274 "-" "Mozilla/5.0 (compatible; MJ12bot/v1.4.8; http://mj12bot.com/)"
65.108.0.71 - - [03/Jul/2023:06:28:57 +0200] "GET /node/8981?q=signupformailinglist HTTP/1.1" 404 4060 "-" "Mozilla/5.0 (compatible; MJ12bot/v1.4.8; http://mj12bot.com/)"
65.108.0.71 - - [03/Jul/2023:06:29:08 +0200] "GET /node/8986 HTTP/1.1" 200 8006 "-" "Mozilla/5.0 (compatible; MJ12bot/v1.4.8; http://mj12bot.com/)"
65.108.0.71 - - [03/Jul/2023:06:29:18 +0200] "GET /node/8986?q=signupformailinglist HTTP/1.1" 404 4060 "-" "Mozilla/5.0 (compatible; MJ12bot/v1.4.8; http://mj12bot.com/)"
65.108.0.71 - - [03/Jul/2023:06:29:29 +0200] "GET /node/899 HTTP/1.1" 200 8059 "-" "Mozilla/5.0 (compatible; MJ12bot/v1.4.8; http://mj12bot.com/)"
65.108.0.71 - - [03/Jul/2023:06:29:40 +0200] "GET /node/899?q=signupformailinglist HTTP/1.1" 404 4060 "-" "Mozilla/5.0 (compatible; MJ12bot/v1.4.8; http://mj12bot.com/)"
65.108.0.71 - - [03/Jul/2023:06:29:51 +0200] "GET /node/900 HTTP/1.1" 200 8058 "-" "Mozilla/5.0 (compatible; MJ12bot/v1.4.8; http://mj12bot.com/)"
185.25.35.12 - - [03/Jul/2023:06:29:58 +0200] "GET /robots.txt HTTP/1.1" 200 1590 "-" "magpie-crawler/1.1 (robots-txt-checker; +http://www.brandwatch.net)"
185.25.35.10 - - [03/Jul/2023:06:29:59 +0200] "GET /blog/3/feed HTTP/1.1" 200 11638 "-" "magpie-crawler/1.1 (U; Linux amd64; en-GB; +http://www.brandwatch.net)"
65.108.0.71 - - [03/Jul/2023:06:30:01 +0200] "GET /node/900?q=signupformailinglist HTTP/1.1" 404 4060 "-" "Mozilla/5.0 (compatible; MJ12bot/v1.4.8; http://mj12bot.com/)"
65.108.0.71 - - [03/Jul/2023:06:30:12 +0200] "GET /node/901 HTTP/1.1" 200 5694 "-" "Mozilla/5.0 (compatible; MJ12bot/v1.4.8; http://mj12bot.com/)"
65.108.0.71 - - [03/Jul/2023:06:30:23 +0200] "GET /node/9010 HTTP/1.1" 200 14986 "-" "Mozilla/5.0 (compatible; MJ12bot/v1.4.8; http://mj12bot.com/)"
65.108.0.71 - - [03/Jul/2023:06:30:33 +0200] "GET /node/9010?q=signupformailinglist HTTP/1.1" 404 4060 "-" "Mozilla/5.0 (compatible; MJ12bot/v1.4.8; http://mj12bot.com/)"
65.108.0.71 - - [03/Jul/2023:06:30:44 +0200] "GET /node/903 HTTP/1.1" 200 8271 "-" "Mozilla/5.0 (compatible; MJ12bot/v1.4.8; http://mj12bot.com/)"
65.108.0.71 - - [03/Jul/2023:06:30:55 +0200] "GET /node/903?q=signupformailinglist HTTP/1.1" 404 4060 "-" "Mozilla/5.0 (compatible; MJ12bot/v1.4.8; http://mj12bot.com/)"
65.108.0.71 - - [03/Jul/2023:06:31:05 +0200] "GET /node/911 HTTP/1.1" 200 8997 "-" "Mozilla/5.0 (compatible; MJ12bot/v1.4.8; http://mj12bot.com/)"
65.108.0.71 - - [03/Jul/2023:06:31:16 +0200] "GET /node/911?q=signupformailinglist HTTP/1.1" 404 4060 "-" "Mozilla/5.0 (compatible; MJ12bot/v1.4.8; http://mj12bot.com/)"
65.108.0.71 - - [03/Jul/2023:06:31:27 +0200] "GET /node/914 HTTP/1.1" 200 5898 "-" "Mozilla/5.0 (compatible; MJ12bot/v1.4.8; http://mj12bot.com/)"
65.108.0.71 - - [03/Jul/2023:06:31:37 +0200] "GET /node/914?q=signupformailinglist HTTP/1.1" 404 4060 "-" "Mozilla/5.0 (compatible; MJ12bot/v1.4.8; http://mj12bot.com/)"
65.108.0.71 - - [03/Jul/2023:06:31:48 +0200] "GET /node/915 HTTP/1.1" 200 11799 "-" "Mozilla/5.0 (compatible; MJ12bot/v1.4.8; http://mj12bot.com/)"
65.108.0.71 - - [03/Jul/2023:06:31:59 +0200] "GET /node/915?q=signupformailinglist HTTP/1.1" 404 4060 "-" "Mozilla/5.0 (compatible; MJ12bot/v1.4.8; http://mj12bot.com/)"
65.108.0.71 - - [03/Jul/2023:06:32:09 +0200] "GET /node/916 HTTP/1.1" 200 11981 "-" "Mozilla/5.0 (compatible; MJ12bot/v1.4.8; http://mj12bot.com/)"
65.108.0.71 - - [03/Jul/2023:06:32:20 +0200] "GET /node/916?q=signupformailinglist HTTP/1.1" 404 4060 "-" "Mozilla/5.0 (compatible; MJ12bot/v1.4.8; http://mj12bot.com/)"
66.102.6.34 - - [03/Jul/2023:06:32:30 +0200] "GET /blog/3/feed HTTP/1.1" 200 2701 "-" "FeedBurner/1.0 (http://www.FeedBurner.com)"
65.108.0.71 - - [03/Jul/2023:06:32:31 +0200] "GET /node/918 HTTP/1.1" 200 7129 "-" "Mozilla/5.0 (compatible; MJ12bot/v1.4.8; http://mj12bot.com/)"
66.102.6.32 - - [03/Jul/2023:06:32:34 +0200] "GET /blog/3/feed HTTP/1.1" 200 2701 "-" "FeedBurner/1.0 (http://www.FeedBurner.com)"
65.108.0.71 - - [03/Jul/2023:06:32:41 +0200] "GET /node/918?q=signupformailinglist HTTP/1.1" 404 4060 "-" "Mozilla/5.0 (compatible; MJ12bot/v1.4.8; http://mj12bot.com/)"
65.108.0.71 - - [03/Jul/2023:06:32:52 +0200] "GET /node/921 HTTP/1.1" 200 6102 "-" "Mozilla/5.0 (compatible; MJ12bot/v1.4.8; http://mj12bot.com/)"
65.108.0.71 - - [03/Jul/2023:06:33:03 +0200] "GET /node/921?q=signupformailinglist HTTP/1.1" 404 4060 "-" "Mozilla/5.0 (compatible; MJ12bot/v1.4.8; http://mj12bot.com/)"
65.108.0.71 - - [03/Jul/2023:06:33:13 +0200] "GET /node/922 HTTP/1.1" 200 8228 "-" "Mozilla/5.0 (compatible; MJ12bot/v1.4.8; http://mj12bot.com/)"
65.108.0.71 - - [03/Jul/2023:06:33:24 +0200] "GET /node/922?q=signupformailinglist HTTP/1.1" 404 4060 "-" "Mozilla/5.0 (compatible; MJ12bot/v1.4.8; http://mj12bot.com/)"
54.36.148.12 - - [03/Jul/2023:06:33:34 +0200] "GET /node/410 HTTP/1.1" 200 9531 "-" "Mozilla/5.0 (compatible; AhrefsBot/7.0; +http://ahrefs.com/robot/)"
65.108.0.71 - - [03/Jul/2023:06:33:35 +0200] "GET /node/925 HTTP/1.1" 200 6277 "-" "Mozilla/5.0 (compatible; MJ12bot/v1.4.8; http://mj12bot.com/)"
65.108.0.71 - - [03/Jul/2023:06:33:45 +0200] "GET /node/925?q=signupformailinglist HTTP/1.1" 404 4060 "-" "Mozilla/5.0 (compatible; MJ12bot/v1.4.8; http://mj12bot.com/)"
65.108.0.71 - - [03/Jul/2023:06:33:56 +0200] "GET /node/925?q=signupfornewsletter HTTP/1.1" 200 4719 "-" "Mozilla/5.0 (compatible; MJ12bot/v1.4.8; http://mj12bot.com/)"
65.108.0.71 - - [03/Jul/2023:06:34:07 +0200] "GET /node/926 HTTP/1.1" 200 8129 "-" "Mozilla/5.0 (compatible; MJ12bot/v1.4.8; http://mj12bot.com/)"
65.108.0.71 - - [03/Jul/2023:06:34:18 +0200] "GET /node/926?q=signupformailinglist HTTP/1.1" 404 4060 "-" "Mozilla/5.0 (compatible; MJ12bot/v1.4.8; http://mj12bot.com/)"
54.203.87.134 - - [03/Jul/2023:06:34:21 +0200] "GET /sites/default/files/images/bookstore3.thumbnail.jpg HTTP/1.1" 200 11232 "-" "Mozilla/5.0 (Windows NT 10.0; Win64; x64) AppleWebKit/537.36 (KHTML, like Gecko) Chrome/111.0.0.0 Safari/537.36"
65.108.0.71 - - [03/Jul/2023:06:34:28 +0200] "GET /node/926?q=signupfornewsletter HTTP/1.1" 200 4719 "-" "Mozilla/5.0 (compatible; MJ12bot/v1.4.8; http://mj12bot.com/)"
65.108.0.71 - - [03/Jul/2023:06:34:39 +0200] "GET /node/927 HTTP/1.1" 200 10164 "-" "Mozilla/5.0 (compatible; MJ12bot/v1.4.8; http://mj12bot.com/)"
65.108.0.71 - - [03/Jul/2023:06:34:50 +0200] "GET /node/927?q=signupformailinglist HTTP/1.1" 404 4060 "-" "Mozilla/5.0 (compatible; MJ12bot/v1.4.8; http://mj12bot.com/)"
65.108.0.71 - - [03/Jul/2023:06:35:00 +0200] "GET /node/927?q=signupfornewsletter HTTP/1.1" 200 4719 "-" "Mozilla/5.0 (compatible; MJ12bot/v1.4.8; http://mj12bot.com/)"
65.108.0.71 - - [03/Jul/2023:06:35:11 +0200] "GET /node/928 HTTP/1.1" 200 6027 "-" "Mozilla/5.0 (compatible; MJ12bot/v1.4.8; http://mj12bot.com/)"
65.108.0.71 - - [03/Jul/2023:06:35:22 +0200] "GET /node/928?q=signupformailinglist HTTP/1.1" 404 4060 "-" "Mozilla/5.0 (compatible; MJ12bot/v1.4.8; http://mj12bot.com/)"
65.108.0.71 - - [03/Jul/2023:06:35:33 +0200] "GET /node/928?q=signupfornewsletter HTTP/1.1" 200 4719 "-" "Mozilla/5.0 (compatible; MJ12bot/v1.4.8; http://mj12bot.com/)"
65.108.0.71 - - [03/Jul/2023:06:35:43 +0200] "GET /node/929 HTTP/1.1" 200 6312 "-" "Mozilla/5.0 (compatible; MJ12bot/v1.4.8; http://mj12bot.com/)"
40.77.167.169 - - [03/Jul/2023:06:35:53 +0200] "GET /eventscalendar/2022-09-05 HTTP/1.1" 200 5793 "-" "Mozilla/5.0 AppleWebKit/537.36 (KHTML, like Gecko; compatible; bingbot/2.0; +http://www.bing.com/bingbot.htm) Chrome/103.0.5060.134 Safari/537.36"
65.108.0.71 - - [03/Jul/2023:06:35:54 +0200] "GET /node/929?q=signupformailinglist HTTP/1.1" 404 4060 "-" "Mozilla/5.0 (compatible; MJ12bot/v1.4.8; http://mj12bot.com/)"
65.108.0.71 - - [03/Jul/2023:06:36:05 +0200] "GET /node/929?q=signupfornewsletter HTTP/1.1" 200 4719 "-" "Mozilla/5.0 (compatible; MJ12bot/v1.4.8; http://mj12bot.com/)"
65.108.0.71 - - [03/Jul/2023:06:36:15 +0200] "GET /node/930 HTTP/1.1" 200 5706 "-" "Mozilla/5.0 (compatible; MJ12bot/v1.4.8; http://mj12bot.com/)"
65.108.0.71 - - [03/Jul/2023:06:36:26 +0200] "GET /node/930?q=signupformailinglist HTTP/1.1" 404 4060 "-" "Mozilla/5.0 (compatible; MJ12bot/v1.4.8; http://mj12bot.com/)"
65.108.0.71 - - [03/Jul/2023:06:36:37 +0200] "GET /node/931 HTTP/1.1" 200 21480 "-" "Mozilla/5.0 (compatible; MJ12bot/v1.4.8; http://mj12bot.com/)"
65.108.0.71 - - [03/Jul/2023:06:36:48 +0200] "GET /node/931?q=signupformailinglist HTTP/1.1" 404 4060 "-" "Mozilla/5.0 (compatible; MJ12bot/v1.4.8; http://mj12bot.com/)"
65.108.0.71 - - [03/Jul/2023:06:36:58 +0200] "GET /node/931?q=signupfornewsletter HTTP/1.1" 200 4719 "-" "Mozilla/5.0 (compatible; MJ12bot/v1.4.8; http://mj12bot.com/)"
65.108.0.71 - - [03/Jul/2023:06:37:09 +0200] "GET /node/932 HTTP/1.1" 200 34966 "-" "Mozilla/5.0 (compatible; MJ12bot/v1.4.8; http://mj12bot.com/)"
65.108.0.71 - - [03/Jul/2023:06:37:20 +0200] "GET /node/932?q=signupformailinglist HTTP/1.1" 404 4060 "-" "Mozilla/5.0 (compatible; MJ12bot/v1.4.8; http://mj12bot.com/)"
65.108.0.71 - - [03/Jul/2023:06:37:31 +0200] "GET /node/932?q=signupfornewsletter HTTP/1.1" 200 4719 "-" "Mozilla/5.0 (compatible; MJ12bot/v1.4.8; http://mj12bot.com/)"
65.108.0.71 - - [03/Jul/2023:06:37:41 +0200] "GET /node/933 HTTP/1.1" 200 10970 "-" "Mozilla/5.0 (compatible; MJ12bot/v1.4.8; http://mj12bot.com/)"
65.108.0.71 - - [03/Jul/2023:06:37:52 +0200] "GET /node/933?q=signupformailinglist HTTP/1.1" 404 4060 "-" "Mozilla/5.0 (compatible; MJ12bot/v1.4.8; http://mj12bot.com/)"
65.108.0.71 - - [03/Jul/2023:06:38:03 +0200] "GET /node/933?q=signupfornewsletter HTTP/1.1" 200 4719 "-" "Mozilla/5.0 (compatible; MJ12bot/v1.4.8; http://mj12bot.com/)"
65.108.0.71 - - [03/Jul/2023:06:38:13 +0200] "GET /node/936 HTTP/1.1" 200 7162 "-" "Mozilla/5.0 (compatible; MJ12bot/v1.4.8; http://mj12bot.com/)"
65.108.0.71 - - [03/Jul/2023:06:38:24 +0200] "GET /node/936?q=signupformailinglist HTTP/1.1" 404 4060 "-" "Mozilla/5.0 (compatible; MJ12bot/v1.4.8; http://mj12bot.com/)"
65.108.0.71 - - [03/Jul/2023:06:38:35 +0200] "GET /node/936?q=signupfornewsletter HTTP/1.1" 200 4719 "-" "Mozilla/5.0 (compatible; MJ12bot/v1.4.8; http://mj12bot.com/)"
65.108.0.71 - - [03/Jul/2023:06:38:45 +0200] "GET /node/937 HTTP/1.1" 200 6598 "-" "Mozilla/5.0 (compatible; MJ12bot/v1.4.8; http://mj12bot.com/)"
65.108.0.71 - - [03/Jul/2023:06:38:56 +0200] "GET /node/937?q=signupformailinglist HTTP/1.1" 404 4060 "-" "Mozilla/5.0 (compatible; MJ12bot/v1.4.8; http://mj12bot.com/)"
65.108.0.71 - - [03/Jul/2023:06:39:07 +0200] "GET /node/937?q=signupfornewsletter HTTP/1.1" 200 4719 "-" "Mozilla/5.0 (compatible; MJ12bot/v1.4.8; http://mj12bot.com/)"
65.108.0.71 - - [03/Jul/2023:06:39:17 +0200] "GET /node/938 HTTP/1.1" 200 6044 "-" "Mozilla/5.0 (compatible; MJ12bot/v1.4.8; http://mj12bot.com/)"
65.108.0.71 - - [03/Jul/2023:06:39:28 +0200] "GET /node/938?q=signupformailinglist HTTP/1.1" 404 4060 "-" "Mozilla/5.0 (compatible; MJ12bot/v1.4.8; http://mj12bot.com/)"
65.108.0.71 - - [03/Jul/2023:06:39:39 +0200] "GET /node/938?q=signupfornewsletter HTTP/1.1" 200 4719 "-" "Mozilla/5.0 (compatible; MJ12bot/v1.4.8; http://mj12bot.com/)"
65.108.0.71 - - [03/Jul/2023:06:39:50 +0200] "GET /node/939 HTTP/1.1" 200 8376 "-" "Mozilla/5.0 (compatible; MJ12bot/v1.4.8; http://mj12bot.com/)"
65.108.0.71 - - [03/Jul/2023:06:40:00 +0200] "GET /node/939?q=signupformailinglist HTTP/1.1" 404 4060 "-" "Mozilla/5.0 (compatible; MJ12bot/v1.4.8; http://mj12bot.com/)"
65.108.0.71 - - [03/Jul/2023:06:40:11 +0200] "GET /node/939?q=signupfornewsletter HTTP/1.1" 200 4719 "-" "Mozilla/5.0 (compatible; MJ12bot/v1.4.8; http://mj12bot.com/)"
65.108.0.71 - - [03/Jul/2023:06:40:21 +0200] "GET /node/940 HTTP/1.1" 200 5661 "-" "Mozilla/5.0 (compatible; MJ12bot/v1.4.8; http://mj12bot.com/)"
65.108.0.71 - - [03/Jul/2023:06:40:32 +0200] "GET /node/940?q=signupformailinglist HTTP/1.1" 404 4060 "-" "Mozilla/5.0 (compatible; MJ12bot/v1.4.8; http://mj12bot.com/)"
65.108.0.71 - - [03/Jul/2023:06:40:42 +0200] "GET /node/940?q=signupfornewsletter HTTP/1.1" 200 4719 "-" "Mozilla/5.0 (compatible; MJ12bot/v1.4.8; http://mj12bot.com/)"
65.108.0.71 - - [03/Jul/2023:06:40:53 +0200] "GET /node/941 HTTP/1.1" 200 21370 "-" "Mozilla/5.0 (compatible; MJ12bot/v1.4.8; http://mj12bot.com/)"
65.108.0.71 - - [03/Jul/2023:06:41:04 +0200] "GET /node/941?q=signupformailinglist HTTP/1.1" 404 4060 "-" "Mozilla/5.0 (compatible; MJ12bot/v1.4.8; http://mj12bot.com/)"
65.108.0.71 - - [03/Jul/2023:06:41:14 +0200] "GET /node/941?q=signupfornewsletter HTTP/1.1" 200 4719 "-" "Mozilla/5.0 (compatible; MJ12bot/v1.4.8; http://mj12bot.com/)"
65.108.0.71 - - [03/Jul/2023:06:41:25 +0200] "GET /node/943 HTTP/1.1" 200 7854 "-" "Mozilla/5.0 (compatible; MJ12bot/v1.4.8; http://mj12bot.com/)"
65.108.0.71 - - [03/Jul/2023:06:41:36 +0200] "GET /node/943?q=signupformailinglist HTTP/1.1" 404 4060 "-" "Mozilla/5.0 (compatible; MJ12bot/v1.4.8; http://mj12bot.com/)"
65.108.0.71 - - [03/Jul/2023:06:41:46 +0200] "GET /node/943?q=signupfornewsletter HTTP/1.1" 200 4719 "-" "Mozilla/5.0 (compatible; MJ12bot/v1.4.8; http://mj12bot.com/)"
65.108.0.71 - - [03/Jul/2023:06:41:57 +0200] "GET /node/944 HTTP/1.1" 200 5386 "-" "Mozilla/5.0 (compatible; MJ12bot/v1.4.8; http://mj12bot.com/)"
65.108.0.71 - - [03/Jul/2023:06:42:08 +0200] "GET /node/944?q=signupformailinglist HTTP/1.1" 404 4060 "-" "Mozilla/5.0 (compatible; MJ12bot/v1.4.8; http://mj12bot.com/)"
65.108.0.71 - - [03/Jul/2023:06:42:18 +0200] "GET /node/945 HTTP/1.1" 200 6379 "-" "Mozilla/5.0 (compatible; MJ12bot/v1.4.8; http://mj12bot.com/)"
85.208.98.23 - - [03/Jul/2023:06:42:23 +0200] "GET /robots.txt HTTP/1.1" 200 1590 "-" "Mozilla/5.0 (compatible; SemrushBot-BA; +http://www.semrush.com/bot.html)"
85.208.98.23 - - [03/Jul/2023:06:42:24 +0200] "GET /robots.txt HTTP/1.1" 200 1590 "-" "Mozilla/5.0 (compatible; SemrushBot-BA; +http://www.semrush.com/bot.html)"
65.108.0.71 - - [03/Jul/2023:06:42:29 +0200] "GET /node/945?q=signupformailinglist HTTP/1.1" 404 4060 "-" "Mozilla/5.0 (compatible; MJ12bot/v1.4.8; http://mj12bot.com/)"
65.108.0.71 - - [03/Jul/2023:06:42:40 +0200] "GET /node/945?q=signupfornewsletter HTTP/1.1" 200 4719 "-" "Mozilla/5.0 (compatible; MJ12bot/v1.4.8; http://mj12bot.com/)"
85.208.98.19 - - [03/Jul/2023:06:42:48 +0200] "GET /node/932 HTTP/1.1" 200 9661 "-" "Mozilla/5.0 (compatible; SemrushBot-BA; +http://www.semrush.com/bot.html)"
65.108.0.71 - - [03/Jul/2023:06:42:50 +0200] "GET /node/946 HTTP/1.1" 200 6130 "-" "Mozilla/5.0 (compatible; MJ12bot/v1.4.8; http://mj12bot.com/)"
85.208.98.20 - - [03/Jul/2023:06:43:00 +0200] "GET /node/1092 HTTP/1.1" 200 10627 "-" "Mozilla/5.0 (compatible; SemrushBot-BA; +http://www.semrush.com/bot.html)"
65.108.0.71 - - [03/Jul/2023:06:43:01 +0200] "GET /node/946?q=signupformailinglist HTTP/1.1" 404 4060 "-" "Mozilla/5.0 (compatible; MJ12bot/v1.4.8; http://mj12bot.com/)"
85.208.98.22 - - [03/Jul/2023:06:43:10 +0200] "GET /node/798 HTTP/1.1" 200 34646 "-" "Mozilla/5.0 (compatible; SemrushBot-BA; +http://www.semrush.com/bot.html)"
65.108.0.71 - - [03/Jul/2023:06:43:12 +0200] "GET /node/947 HTTP/1.1" 200 5112 "-" "Mozilla/5.0 (compatible; MJ12bot/v1.4.8; http://mj12bot.com/)"
54.36.148.17 - - [03/Jul/2023:06:43:15 +0200] "GET /node/631?q=signupfornewsletter HTTP/1.1" 200 4719 "-" "Mozilla/5.0 (compatible; AhrefsBot/7.0; +http://ahrefs.com/robot/)"
85.208.98.19 - - [03/Jul/2023:06:43:19 +0200] "GET /node/798 HTTP/1.1" 200 34646 "-" "Mozilla/5.0 (compatible; SemrushBot-BA; +http://www.semrush.com/bot.html)"
65.108.0.71 - - [03/Jul/2023:06:43:23 +0200] "GET /node/947?q=signupformailinglist HTTP/1.1" 404 4060 "-" "Mozilla/5.0 (compatible; MJ12bot/v1.4.8; http://mj12bot.com/)"
85.208.98.31 - - [03/Jul/2023:06:43:23 +0200] "GET /node/158 HTTP/1.1" 200 14281 "-" "Mozilla/5.0 (compatible; SemrushBot-BA; +http://www.semrush.com/bot.html)"
85.208.98.20 - - [03/Jul/2023:06:43:26 +0200] "GET /node/1092 HTTP/1.1" 200 10627 "-" "Mozilla/5.0 (compatible; SemrushBot-BA; +http://www.semrush.com/bot.html)"
65.108.0.71 - - [03/Jul/2023:06:43:33 +0200] "GET /node/948 HTTP/1.1" 200 6592 "-" "Mozilla/5.0 (compatible; MJ12bot/v1.4.8; http://mj12bot.com/)"
65.108.0.71 - - [03/Jul/2023:06:43:44 +0200] "GET /node/9482 HTTP/1.1" 200 8844 "-" "Mozilla/5.0 (compatible; MJ12bot/v1.4.8; http://mj12bot.com/)"
65.108.0.71 - - [03/Jul/2023:06:43:55 +0200] "GET /node/9482?q=signupformailinglist HTTP/1.1" 404 4060 "-" "Mozilla/5.0 (compatible; MJ12bot/v1.4.8; http://mj12bot.com/)"
85.208.98.31 - - [03/Jul/2023:06:44:00 +0200] "GET /node/932 HTTP/1.1" 200 34966 "-" "Mozilla/5.0 (compatible; SemrushBot-BA; +http://www.semrush.com/bot.html)"
85.208.98.22 - - [03/Jul/2023:06:44:00 +0200] "GET /node/158 HTTP/1.1" 200 14281 "-" "Mozilla/5.0 (compatible; SemrushBot-BA; +http://www.semrush.com/bot.html)"
65.108.0.71 - - [03/Jul/2023:06:44:05 +0200] "GET /node/9482?q=signupfornewsletter HTTP/1.1" 200 4719 "-" "Mozilla/5.0 (compatible; MJ12bot/v1.4.8; http://mj12bot.com/)"
65.108.0.71 - - [03/Jul/2023:06:44:16 +0200] "GET /node/9483 HTTP/1.1" 200 11816 "-" "Mozilla/5.0 (compatible; MJ12bot/v1.4.8; http://mj12bot.com/)"
65.108.0.71 - - [03/Jul/2023:06:44:27 +0200] "GET /node/9483?q=signupformailinglist HTTP/1.1" 404 4060 "-" "Mozilla/5.0 (compatible; MJ12bot/v1.4.8; http://mj12bot.com/)"
65.108.0.71 - - [03/Jul/2023:06:44:37 +0200] "GET /node/9483?q=signupfornewsletter HTTP/1.1" 200 4719 "-" "Mozilla/5.0 (compatible; MJ12bot/v1.4.8; http://mj12bot.com/)"
65.108.0.71 - - [03/Jul/2023:06:44:48 +0200] "GET /node/948?q=signupfornewsletter HTTP/1.1" 200 4719 "-" "Mozilla/5.0 (compatible; MJ12bot/v1.4.8; http://mj12bot.com/)"
65.108.0.71 - - [03/Jul/2023:06:44:59 +0200] "GET /node/949 HTTP/1.1" 200 7789 "-" "Mozilla/5.0 (compatible; MJ12bot/v1.4.8; http://mj12bot.com/)"
65.108.0.71 - - [03/Jul/2023:06:45:09 +0200] "GET /node/949?q=signupformailinglist HTTP/1.1" 404 4060 "-" "Mozilla/5.0 (compatible; MJ12bot/v1.4.8; http://mj12bot.com/)"
65.108.0.71 - - [03/Jul/2023:06:45:20 +0200] "GET /node/949?q=signupfornewsletter HTTP/1.1" 200 4719 "-" "Mozilla/5.0 (compatible; MJ12bot/v1.4.8; http://mj12bot.com/)"
66.102.6.32 - - [03/Jul/2023:06:45:28 +0200] "GET /blog/3/feed HTTP/1.1" 200 2701 "-" "FeedBurner/1.0 (http://www.FeedBurner.com)"
65.108.0.71 - - [03/Jul/2023:06:45:31 +0200] "GET /node/950 HTTP/1.1" 200 6495 "-" "Mozilla/5.0 (compatible; MJ12bot/v1.4.8; http://mj12bot.com/)"
65.108.0.71 - - [03/Jul/2023:06:45:41 +0200] "GET /node/950?q=signupformailinglist HTTP/1.1" 404 4060 "-" "Mozilla/5.0 (compatible; MJ12bot/v1.4.8; http://mj12bot.com/)"
65.108.0.71 - - [03/Jul/2023:06:45:52 +0200] "GET /node/950?q=signupfornewsletter HTTP/1.1" 200 4719 "-" "Mozilla/5.0 (compatible; MJ12bot/v1.4.8; http://mj12bot.com/)"
65.108.0.71 - - [03/Jul/2023:06:46:03 +0200] "GET /node/951 HTTP/1.1" 200 7789 "-" "Mozilla/5.0 (compatible; MJ12bot/v1.4.8; http://mj12bot.com/)"
65.108.0.71 - - [03/Jul/2023:06:46:13 +0200] "GET /node/951?q=signupformailinglist HTTP/1.1" 404 4060 "-" "Mozilla/5.0 (compatible; MJ12bot/v1.4.8; http://mj12bot.com/)"
65.108.0.71 - - [03/Jul/2023:06:46:24 +0200] "GET /node/951?q=signupfornewsletter HTTP/1.1" 200 4719 "-" "Mozilla/5.0 (compatible; MJ12bot/v1.4.8; http://mj12bot.com/)"
65.108.0.71 - - [03/Jul/2023:06:46:35 +0200] "GET /node/952 HTTP/1.1" 200 6689 "-" "Mozilla/5.0 (compatible; MJ12bot/v1.4.8; http://mj12bot.com/)"
65.108.0.71 - - [03/Jul/2023:06:46:45 +0200] "GET /node/952?q=signupformailinglist HTTP/1.1" 404 4060 "-" "Mozilla/5.0 (compatible; MJ12bot/v1.4.8; http://mj12bot.com/)"
65.108.0.71 - - [03/Jul/2023:06:46:56 +0200] "GET /node/952?q=signupfornewsletter HTTP/1.1" 200 4719 "-" "Mozilla/5.0 (compatible; MJ12bot/v1.4.8; http://mj12bot.com/)"
65.108.0.71 - - [03/Jul/2023:06:47:07 +0200] "GET /node/956 HTTP/1.1" 200 9193 "-" "Mozilla/5.0 (compatible; MJ12bot/v1.4.8; http://mj12bot.com/)"
74.125.210.96 - - [03/Jul/2023:06:47:08 +0200] "GET /blog/3/feed HTTP/1.1" 200 2701 "-" "FeedFetcher-Google; (+http://www.google.com/feedfetcher.html)"
65.108.0.71 - - [03/Jul/2023:06:47:18 +0200] "GET /node/956?q=signupformailinglist HTTP/1.1" 404 4060 "-" "Mozilla/5.0 (compatible; MJ12bot/v1.4.8; http://mj12bot.com/)"
65.108.0.71 - - [03/Jul/2023:06:47:28 +0200] "GET /node/956?q=signupfornewsletter HTTP/1.1" 200 4719 "-" "Mozilla/5.0 (compatible; MJ12bot/v1.4.8; http://mj12bot.com/)"
65.108.0.71 - - [03/Jul/2023:06:47:39 +0200] "GET /node/957 HTTP/1.1" 200 7886 "-" "Mozilla/5.0 (compatible; MJ12bot/v1.4.8; http://mj12bot.com/)"
65.108.0.71 - - [03/Jul/2023:06:47:50 +0200] "GET /node/957?q=signupformailinglist HTTP/1.1" 404 4060 "-" "Mozilla/5.0 (compatible; MJ12bot/v1.4.8; http://mj12bot.com/)"
65.108.0.71 - - [03/Jul/2023:06:48:00 +0200] "GET /node/957?q=signupfornewsletter HTTP/1.1" 200 4719 "-" "Mozilla/5.0 (compatible; MJ12bot/v1.4.8; http://mj12bot.com/)"
65.108.0.71 - - [03/Jul/2023:06:48:11 +0200] "GET /node/958 HTTP/1.1" 200 5365 "-" "Mozilla/5.0 (compatible; MJ12bot/v1.4.8; http://mj12bot.com/)"
65.108.0.71 - - [03/Jul/2023:06:48:21 +0200] "GET /node/958?q=signupformailinglist HTTP/1.1" 404 4060 "-" "Mozilla/5.0 (compatible; MJ12bot/v1.4.8; http://mj12bot.com/)"
65.108.0.71 - - [03/Jul/2023:06:48:32 +0200] "GET /node/959 HTTP/1.1" 200 6790 "-" "Mozilla/5.0 (compatible; MJ12bot/v1.4.8; http://mj12bot.com/)"
65.108.0.71 - - [03/Jul/2023:06:48:43 +0200] "GET /node/959?q=signupformailinglist HTTP/1.1" 404 4060 "-" "Mozilla/5.0 (compatible; MJ12bot/v1.4.8; http://mj12bot.com/)"
65.108.0.71 - - [03/Jul/2023:06:48:53 +0200] "GET /node/959?q=signupfornewsletter HTTP/1.1" 200 4719 "-" "Mozilla/5.0 (compatible; MJ12bot/v1.4.8; http://mj12bot.com/)"
65.108.0.71 - - [03/Jul/2023:06:49:04 +0200] "GET /node/960 HTTP/1.1" 200 5905 "-" "Mozilla/5.0 (compatible; MJ12bot/v1.4.8; http://mj12bot.com/)"
66.249.75.65 - - [03/Jul/2023:06:49:11 +0200] "GET /node?from=6 HTTP/1.1" 200 17717 "-" "Mozilla/5.0 (Linux; Android 6.0.1; Nexus 5X Build/MMB29P) AppleWebKit/537.36 (KHTML, like Gecko) Chrome/114.0.5735.179 Mobile Safari/537.36 (compatible; Googlebot/2.1; +http://www.google.com/bot.html)"
65.108.0.71 - - [03/Jul/2023:06:49:15 +0200] "GET /node/960?q=signupformailinglist HTTP/1.1" 404 4060 "-" "Mozilla/5.0 (compatible; MJ12bot/v1.4.8; http://mj12bot.com/)"
65.108.0.71 - - [03/Jul/2023:06:49:25 +0200] "GET /node/960?q=signupfornewsletter HTTP/1.1" 200 4719 "-" "Mozilla/5.0 (compatible; MJ12bot/v1.4.8; http://mj12bot.com/)"
65.108.0.71 - - [03/Jul/2023:06:49:36 +0200] "GET /node/966 HTTP/1.1" 200 8203 "-" "Mozilla/5.0 (compatible; MJ12bot/v1.4.8; http://mj12bot.com/)"
65.108.0.71 - - [03/Jul/2023:06:49:47 +0200] "GET /node/966?q=signupformailinglist HTTP/1.1" 404 4060 "-" "Mozilla/5.0 (compatible; MJ12bot/v1.4.8; http://mj12bot.com/)"
65.108.0.71 - - [03/Jul/2023:06:49:57 +0200] "GET /node/966?q=signupfornewsletter HTTP/1.1" 200 4719 "-" "Mozilla/5.0 (compatible; MJ12bot/v1.4.8; http://mj12bot.com/)"
65.108.0.71 - - [03/Jul/2023:06:50:08 +0200] "GET /node/967 HTTP/1.1" 200 8316 "-" "Mozilla/5.0 (compatible; MJ12bot/v1.4.8; http://mj12bot.com/)"
65.108.0.71 - - [03/Jul/2023:06:50:19 +0200] "GET /node/967?q=signupformailinglist HTTP/1.1" 404 4060 "-" "Mozilla/5.0 (compatible; MJ12bot/v1.4.8; http://mj12bot.com/)"
216.244.66.232 - - [03/Jul/2023:06:50:19 +0200] "GET /robots.txt HTTP/1.1" 200 1590 "-" "Mozilla/5.0 (compatible; DotBot/1.2; +https://opensiteexplorer.org/dotbot; help@moz.com)"
216.244.66.232 - - [03/Jul/2023:06:50:19 +0200] "GET /robots.txt HTTP/1.1" 200 1590 "-" "Mozilla/5.0 (compatible; DotBot/1.2; +https://opensiteexplorer.org/dotbot; help@moz.com)"
65.108.0.71 - - [03/Jul/2023:06:50:29 +0200] "GET /node/968 HTTP/1.1" 200 6752 "-" "Mozilla/5.0 (compatible; MJ12bot/v1.4.8; http://mj12bot.com/)"
47.246.164.147 - - [03/Jul/2023:06:51:02 +0200] "GET /sites/default/files/LKQ%20outdoors.jpg HTTP/1.1" 200 33516 "-" "Mozilla/5.0 (X11; Ubuntu; Linux x86_64; rv:72.0) Gecko/20100101 Firefox/72.0"
54.36.148.198 - - [03/Jul/2023:06:53:18 +0200] "GET /node/417 HTTP/1.1" 200 9390 "-" "Mozilla/5.0 (compatible; AhrefsBot/7.0; +http://ahrefs.com/robot/)"
95.108.213.136 - - [03/Jul/2023:06:54:39 +0200] "GET /eventscalendar/2021-07-09 HTTP/1.1" 200 5788 "-" "Mozilla/5.0 (compatible; YandexBot/3.0; +http://yandex.com/bots)"
216.244.66.232 - - [03/Jul/2023:06:54:42 +0200] "GET /eventscalendar/2026-10 HTTP/1.1" 200 14976 "-" "Mozilla/5.0 (compatible; DotBot/1.2; +https://opensiteexplorer.org/dotbot; help@moz.com)"
216.244.66.232 - - [03/Jul/2023:06:56:21 +0200] "GET /node/299 HTTP/1.1" 200 6857 "-" "Mozilla/5.0 (compatible; DotBot/1.2; +https://opensiteexplorer.org/dotbot; help@moz.com)"
212.237.53.115 - - [03/Jul/2023:06:56:32 +0200] "HEAD / HTTP/1.1" 200 0 "-" "Alert_Alligator_webmonitoring_service_1.6.4_(alertalligator.com)"
216.244.66.232 - - [03/Jul/2023:06:57:50 +0200] "GET /eventscalendar/2020-12-30 HTTP/1.1" 200 5796 "-" "Mozilla/5.0 (compatible; DotBot/1.2; +https://opensiteexplorer.org/dotbot; help@moz.com)"
216.244.66.232 - - [03/Jul/2023:06:58:13 +0200] "GET /eventscalendar/2020-W01 HTTP/1.1" 200 7633 "-" "Mozilla/5.0 (compatible; DotBot/1.2; +https://opensiteexplorer.org/dotbot; help@moz.com)"
216.244.66.232 - - [03/Jul/2023:06:59:06 +0200] "GET /eventscalendar/2021-05-26 HTTP/1.1" 200 5791 "-" "Mozilla/5.0 (compatible; DotBot/1.2; +https://opensiteexplorer.org/dotbot; help@moz.com)"
216.244.66.232 - - [03/Jul/2023:07:00:10 +0200] "GET /node/883 HTTP/1.1" 200 7652 "-" "Mozilla/5.0 (compatible; DotBot/1.2; +https://opensiteexplorer.org/dotbot; help@moz.com)"
54.36.148.151 - - [03/Jul/2023:07:03:35 +0200] "GET /node/1138?q=signupfornewsletter HTTP/1.1" 200 4719 "-" "Mozilla/5.0 (compatible; AhrefsBot/7.0; +http://ahrefs.com/robot/)"
85.208.98.23 - - [03/Jul/2023:07:04:03 +0200] "GET /robots.txt HTTP/1.1" 200 1590 "-" "Mozilla/5.0 (compatible; SemrushBot-BA; +http://www.semrush.com/bot.html)"
85.208.98.23 - - [03/Jul/2023:07:04:05 +0200] "GET /robots.txt HTTP/1.1" 200 1590 "-" "Mozilla/5.0 (compatible; SemrushBot-BA; +http://www.semrush.com/bot.html)"
85.208.98.19 - - [03/Jul/2023:07:04:33 +0200] "GET /node/987 HTTP/1.1" 200 21484 "-" "Mozilla/5.0 (compatible; SemrushBot-BA; +http://www.semrush.com/bot.html)"
85.208.98.24 - - [03/Jul/2023:07:04:48 +0200] "GET /node/987 HTTP/1.1" 200 21484 "-" "Mozilla/5.0 (compatible; SemrushBot-BA; +http://www.semrush.com/bot.html)"
173.252.79.116 - - [03/Jul/2023:07:05:51 +0200] "GET / HTTP/1.1" 200 17647 "-" "facebookexternalhit/1.1 (+http://www.facebook.com/externalhit_uatext.php)"
173.252.87.117 - - [03/Jul/2023:07:05:54 +0200] "GET /?fbclid=IwAR1wZjGNjGQEhF7VIVhpIQjp4g_GgWTNCpYtwOvsFhQ2jkA-4j663n0_rBo HTTP/1.1" 200 18085 "-" "Mozilla/5.0 (X11; Linux x86_64) AppleWebKit/537.36 (KHTML, like Gecko) Chrome/114.0.0.0 Safari/537.36"
173.252.87.119 - - [03/Jul/2023:07:05:54 +0200] "GET /modules/system/defaults.css?N HTTP/1.1" 200 757 "http://treehugger.hu/?fbclid=IwAR1wZjGNjGQEhF7VIVhpIQjp4g_GgWTNCpYtwOvsFhQ2jkA-4j663n0_rBo" "Mozilla/5.0 (X11; Linux x86_64) AppleWebKit/537.36 (KHTML, like Gecko) Chrome/114.0.0.0 Safari/537.36"
173.252.87.10 - - [03/Jul/2023:07:05:54 +0200] "GET /modules/node/node.css?N HTTP/1.1" 200 740 "http://treehugger.hu/?fbclid=IwAR1wZjGNjGQEhF7VIVhpIQjp4g_GgWTNCpYtwOvsFhQ2jkA-4j663n0_rBo" "Mozilla/5.0 (X11; Linux x86_64) AppleWebKit/537.36 (KHTML, like Gecko) Chrome/114.0.0.0 Safari/537.36"
66.220.149.11 - - [03/Jul/2023:07:05:54 +0200] "GET /?fbclid=IwAR0hiYFS0Cvlxe2oI895_lBLE5LKbDs3plUC_YjgHn95cxPv8EtqwWRIpz8 HTTP/1.1" 200 18085 "-" "Mozilla/5.0 (X11; Linux x86_64) AppleWebKit/537.36 (KHTML, like Gecko) Chrome/114.0.0.0 Safari/537.36"
173.252.87.4 - - [03/Jul/2023:07:05:54 +0200] "GET /modules/system/system.css?N HTTP/1.1" 200 10020 "http://treehugger.hu/?fbclid=IwAR1wZjGNjGQEhF7VIVhpIQjp4g_GgWTNCpYtwOvsFhQ2jkA-4j663n0_rBo" "Mozilla/5.0 (X11; Linux x86_64) AppleWebKit/537.36 (KHTML, like Gecko) Chrome/114.0.0.0 Safari/537.36"
173.252.87.119 - - [03/Jul/2023:07:05:55 +0200] "GET /modules/user/user.css?N HTTP/1.1" 200 1127 "http://treehugger.hu/?fbclid=IwAR1wZjGNjGQEhF7VIVhpIQjp4g_GgWTNCpYtwOvsFhQ2jkA-4j663n0_rBo" "Mozilla/5.0 (X11; Linux x86_64) AppleWebKit/537.36 (KHTML, like Gecko) Chrome/114.0.0.0 Safari/537.36"
173.252.87.10 - - [03/Jul/2023:07:05:55 +0200] "GET /modules/system/system-menus.css?N HTTP/1.1" 200 935 "http://treehugger.hu/?fbclid=IwAR1wZjGNjGQEhF7VIVhpIQjp4g_GgWTNCpYtwOvsFhQ2jkA-4j663n0_rBo" "Mozilla/5.0 (X11; Linux x86_64) AppleWebKit/537.36 (KHTML, like Gecko) Chrome/114.0.0.0 Safari/537.36"
173.252.87.119 - - [03/Jul/2023:07:05:55 +0200] "GET /sites/all/modules/cck/theme/content-module.css?N HTTP/1.1" 200 2397 "http://treehugger.hu/?fbclid=IwAR1wZjGNjGQEhF7VIVhpIQjp4g_GgWTNCpYtwOvsFhQ2jkA-4j663n0_rBo" "Mozilla/5.0 (X11; Linux x86_64) AppleWebKit/537.36 (KHTML, like Gecko) Chrome/114.0.0.0 Safari/537.36"
173.252.87.10 - - [03/Jul/2023:07:05:55 +0200] "GET /sites/all/modules/date/date.css?N HTTP/1.1" 200 3087 "http://treehugger.hu/?fbclid=IwAR1wZjGNjGQEhF7VIVhpIQjp4g_GgWTNCpYtwOvsFhQ2jkA-4j663n0_rBo" "Mozilla/5.0 (X11; Linux x86_64) AppleWebKit/537.36 (KHTML, like Gecko) Chrome/114.0.0.0 Safari/537.36"
173.252.87.119 - - [03/Jul/2023:07:05:55 +0200] "GET /sites/all/modules/calendar/calendar.css?N HTTP/1.1" 200 7856 "http://treehugger.hu/?fbclid=IwAR1wZjGNjGQEhF7VIVhpIQjp4g_GgWTNCpYtwOvsFhQ2jkA-4j663n0_rBo" "Mozilla/5.0 (X11; Linux x86_64) AppleWebKit/537.36 (KHTML, like Gecko) Chrome/114.0.0.0 Safari/537.36"
173.252.87.4 - - [03/Jul/2023:07:05:55 +0200] "GET /misc/farbtastic/farbtastic.css?N HTTP/1.1" 200 640 "http://treehugger.hu/?fbclid=IwAR1wZjGNjGQEhF7VIVhpIQjp4g_GgWTNCpYtwOvsFhQ2jkA-4j663n0_rBo" "Mozilla/5.0 (X11; Linux x86_64) AppleWebKit/537.36 (KHTML, like Gecko) Chrome/114.0.0.0 Safari/537.36"
66.220.149.120 - - [03/Jul/2023:07:05:55 +0200] "GET /modules/node/node.css?N HTTP/1.1" 200 740 "http://treehugger.hu/?fbclid=IwAR0hiYFS0Cvlxe2oI895_lBLE5LKbDs3plUC_YjgHn95cxPv8EtqwWRIpz8" "Mozilla/5.0 (X11; Linux x86_64) AppleWebKit/537.36 (KHTML, like Gecko) Chrome/114.0.0.0 Safari/537.36"
66.220.149.119 - - [03/Jul/2023:07:05:55 +0200] "GET /modules/system/defaults.css?N HTTP/1.1" 200 757 "http://treehugger.hu/?fbclid=IwAR0hiYFS0Cvlxe2oI895_lBLE5LKbDs3plUC_YjgHn95cxPv8EtqwWRIpz8" "Mozilla/5.0 (X11; Linux x86_64) AppleWebKit/537.36 (KHTML, like Gecko) Chrome/114.0.0.0 Safari/537.36"
66.220.149.8 - - [03/Jul/2023:07:05:55 +0200] "GET /modules/system/system.css?N HTTP/1.1" 200 10020 "http://treehugger.hu/?fbclid=IwAR0hiYFS0Cvlxe2oI895_lBLE5LKbDs3plUC_YjgHn95cxPv8EtqwWRIpz8" "Mozilla/5.0 (X11; Linux x86_64) AppleWebKit/537.36 (KHTML, like Gecko) Chrome/114.0.0.0 Safari/537.36"
173.252.87.10 - - [03/Jul/2023:07:05:55 +0200] "GET /sites/all/themes/th/style.css?N HTTP/1.1" 200 5582 "http://treehugger.hu/?fbclid=IwAR1wZjGNjGQEhF7VIVhpIQjp4g_GgWTNCpYtwOvsFhQ2jkA-4j663n0_rBo" "Mozilla/5.0 (X11; Linux x86_64) AppleWebKit/537.36 (KHTML, like Gecko) Chrome/114.0.0.0 Safari/537.36"
173.252.87.4 - - [03/Jul/2023:07:05:55 +0200] "GET /sites/all/themes/th/reset.css?N HTTP/1.1" 200 1077 "http://treehugger.hu/?fbclid=IwAR1wZjGNjGQEhF7VIVhpIQjp4g_GgWTNCpYtwOvsFhQ2jkA-4j663n0_rBo" "Mozilla/5.0 (X11; Linux x86_64) AppleWebKit/537.36 (KHTML, like Gecko) Chrome/114.0.0.0 Safari/537.36"
66.220.149.120 - - [03/Jul/2023:07:05:55 +0200] "GET /modules/system/system-menus.css?N HTTP/1.1" 200 935 "http://treehugger.hu/?fbclid=IwAR0hiYFS0Cvlxe2oI895_lBLE5LKbDs3plUC_YjgHn95cxPv8EtqwWRIpz8" "Mozilla/5.0 (X11; Linux x86_64) AppleWebKit/537.36 (KHTML, like Gecko) Chrome/114.0.0.0 Safari/537.36"
66.220.149.119 - - [03/Jul/2023:07:05:55 +0200] "GET /modules/user/user.css?N HTTP/1.1" 200 1127 "http://treehugger.hu/?fbclid=IwAR0hiYFS0Cvlxe2oI895_lBLE5LKbDs3plUC_YjgHn95cxPv8EtqwWRIpz8" "Mozilla/5.0 (X11; Linux x86_64) AppleWebKit/537.36 (KHTML, like Gecko) Chrome/114.0.0.0 Safari/537.36"
173.252.87.119 - - [03/Jul/2023:07:05:55 +0200] "GET /sites/all/themes/th/typography.css?N HTTP/1.1" 200 3139 "http://treehugger.hu/?fbclid=IwAR1wZjGNjGQEhF7VIVhpIQjp4g_GgWTNCpYtwOvsFhQ2jkA-4j663n0_rBo" "Mozilla/5.0 (X11; Linux x86_64) AppleWebKit/537.36 (KHTML, like Gecko) Chrome/114.0.0.0 Safari/537.36"
66.220.149.120 - - [03/Jul/2023:07:05:56 +0200] "GET /sites/all/modules/cck/theme/content-module.css?N HTTP/1.1" 200 2397 "http://treehugger.hu/?fbclid=IwAR0hiYFS0Cvlxe2oI895_lBLE5LKbDs3plUC_YjgHn95cxPv8EtqwWRIpz8" "Mozilla/5.0 (X11; Linux x86_64) AppleWebKit/537.36 (KHTML, like Gecko) Chrome/114.0.0.0 Safari/537.36"
66.220.149.119 - - [03/Jul/2023:07:05:56 +0200] "GET /sites/all/modules/date/date.css?N HTTP/1.1" 200 3087 "http://treehugger.hu/?fbclid=IwAR0hiYFS0Cvlxe2oI895_lBLE5LKbDs3plUC_YjgHn95cxPv8EtqwWRIpz8" "Mozilla/5.0 (X11; Linux x86_64) AppleWebKit/537.36 (KHTML, like Gecko) Chrome/114.0.0.0 Safari/537.36"
66.220.149.120 - - [03/Jul/2023:07:05:56 +0200] "GET /misc/farbtastic/farbtastic.css?N HTTP/1.1" 200 640 "http://treehugger.hu/?fbclid=IwAR0hiYFS0Cvlxe2oI895_lBLE5LKbDs3plUC_YjgHn95cxPv8EtqwWRIpz8" "Mozilla/5.0 (X11; Linux x86_64) AppleWebKit/537.36 (KHTML, like Gecko) Chrome/114.0.0.0 Safari/537.36"
66.220.149.119 - - [03/Jul/2023:07:05:56 +0200] "GET /sites/all/modules/calendar/calendar.css?N HTTP/1.1" 200 7856 "http://treehugger.hu/?fbclid=IwAR0hiYFS0Cvlxe2oI895_lBLE5LKbDs3plUC_YjgHn95cxPv8EtqwWRIpz8" "Mozilla/5.0 (X11; Linux x86_64) AppleWebKit/537.36 (KHTML, like Gecko) Chrome/114.0.0.0 Safari/537.36"
66.220.149.8 - - [03/Jul/2023:07:05:56 +0200] "GET /sites/all/themes/th/style.css?N HTTP/1.1" 200 5582 "http://treehugger.hu/?fbclid=IwAR0hiYFS0Cvlxe2oI895_lBLE5LKbDs3plUC_YjgHn95cxPv8EtqwWRIpz8" "Mozilla/5.0 (X11; Linux x86_64) AppleWebKit/537.36 (KHTML, like Gecko) Chrome/114.0.0.0 Safari/537.36"
173.252.87.118 - - [03/Jul/2023:07:05:56 +0200] "GET /sites/all/themes/th/typography.css HTTP/1.1" 200 3139 "http://treehugger.hu/sites/all/themes/th/style.css?N" "Mozilla/5.0 (X11; Linux x86_64) AppleWebKit/537.36 (KHTML, like Gecko) Chrome/114.0.0.0 Safari/537.36"
66.220.149.120 - - [03/Jul/2023:07:05:56 +0200] "GET /sites/all/themes/th/reset.css?N HTTP/1.1" 200 1077 "http://treehugger.hu/?fbclid=IwAR0hiYFS0Cvlxe2oI895_lBLE5LKbDs3plUC_YjgHn95cxPv8EtqwWRIpz8" "Mozilla/5.0 (X11; Linux x86_64) AppleWebKit/537.36 (KHTML, like Gecko) Chrome/114.0.0.0 Safari/537.36"
66.220.149.8 - - [03/Jul/2023:07:05:56 +0200] "GET /sites/all/themes/th/typography.css?N HTTP/1.1" 200 3139 "http://treehugger.hu/?fbclid=IwAR0hiYFS0Cvlxe2oI895_lBLE5LKbDs3plUC_YjgHn95cxPv8EtqwWRIpz8" "Mozilla/5.0 (X11; Linux x86_64) AppleWebKit/537.36 (KHTML, like Gecko) Chrome/114.0.0.0 Safari/537.36"
173.252.87.6 - - [03/Jul/2023:07:05:56 +0200] "GET /sites/default/files/marcokati_3.jpg HTTP/1.1" 200 4856 "http://treehugger.hu/" "Mozilla/5.0 (X11; Linux x86_64) AppleWebKit/537.36 (KHTML, like Gecko) Chrome/114.0.0.0 Safari/537.36"
173.252.87.10 - - [03/Jul/2023:07:05:56 +0200] "GET /sites/all/themes/th/footer.jpg HTTP/1.1" 200 13784 "http://treehugger.hu/?fbclid=IwAR1wZjGNjGQEhF7VIVhpIQjp4g_GgWTNCpYtwOvsFhQ2jkA-4j663n0_rBo" "Mozilla/5.0 (X11; Linux x86_64) AppleWebKit/537.36 (KHTML, like Gecko) Chrome/114.0.0.0 Safari/537.36"
66.220.149.119 - - [03/Jul/2023:07:05:56 +0200] "GET /sites/all/themes/th/reset.css HTTP/1.1" 200 1077 "http://treehugger.hu/sites/all/themes/th/style.css?N" "Mozilla/5.0 (X11; Linux x86_64) AppleWebKit/537.36 (KHTML, like Gecko) Chrome/114.0.0.0 Safari/537.36"
173.252.87.9 - - [03/Jul/2023:07:05:56 +0200] "GET /sites/default/files/logo%20small.jpg HTTP/1.1" 200 5172 "http://treehugger.hu/" "Mozilla/5.0 (X11; Linux x86_64) AppleWebKit/537.36 (KHTML, like Gecko) Chrome/114.0.0.0 Safari/537.36"
66.220.149.120 - - [03/Jul/2023:07:05:56 +0200] "GET /sites/all/themes/th/typography.css HTTP/1.1" 200 3139 "http://treehugger.hu/sites/all/themes/th/style.css?N" "Mozilla/5.0 (X11; Linux x86_64) AppleWebKit/537.36 (KHTML, like Gecko) Chrome/114.0.0.0 Safari/537.36"
173.252.87.119 - - [03/Jul/2023:07:05:56 +0200] "GET /sites/all/themes/th/header1.jpg HTTP/1.1" 200 71424 "http://treehugger.hu/?fbclid=IwAR1wZjGNjGQEhF7VIVhpIQjp4g_GgWTNCpYtwOvsFhQ2jkA-4j663n0_rBo" "Mozilla/5.0 (X11; Linux x86_64) AppleWebKit/537.36 (KHTML, like Gecko) Chrome/114.0.0.0 Safari/537.36"
66.220.149.8 - - [03/Jul/2023:07:05:57 +0200] "GET /sites/all/themes/th/header1.jpg HTTP/1.1" 200 71424 "http://treehugger.hu/?fbclid=IwAR0hiYFS0Cvlxe2oI895_lBLE5LKbDs3plUC_YjgHn95cxPv8EtqwWRIpz8" "Mozilla/5.0 (X11; Linux x86_64) AppleWebKit/537.36 (KHTML, like Gecko) Chrome/114.0.0.0 Safari/537.36"
173.252.87.1 - - [03/Jul/2023:07:05:57 +0200] "GET /sites/all/themes/th/reset.css HTTP/1.1" 200 1077 "http://treehugger.hu/sites/all/themes/th/style.css?N" "Mozilla/5.0 (X11; Linux x86_64) AppleWebKit/537.36 (KHTML, like Gecko) Chrome/114.0.0.0 Safari/537.36"
66.220.149.13 - - [03/Jul/2023:07:05:57 +0200] "GET /sites/default/files/marcokati_3.jpg HTTP/1.1" 200 4856 "http://treehugger.hu/" "Mozilla/5.0 (X11; Linux x86_64) AppleWebKit/537.36 (KHTML, like Gecko) Chrome/114.0.0.0 Safari/537.36"
173.252.87.116 - - [03/Jul/2023:07:05:57 +0200] "GET /sites/default/files/Stu%20photo.jpg HTTP/1.1" 200 10560 "http://treehugger.hu/" "Mozilla/5.0 (X11; Linux x86_64) AppleWebKit/537.36 (KHTML, like Gecko) Chrome/114.0.0.0 Safari/537.36"
173.252.87.10 - - [03/Jul/2023:07:05:57 +0200] "GET /sites/all/themes/th/content_bg.jpg HTTP/1.1" 200 745 "http://treehugger.hu/sites/all/themes/th/style.css?N" "Mozilla/5.0 (X11; Linux x86_64) AppleWebKit/537.36 (KHTML, like Gecko) Chrome/114.0.0.0 Safari/537.36"
173.252.87.1 - - [03/Jul/2023:07:05:57 +0200] "GET /sites/all/themes/th/bg.jpg HTTP/1.1" 200 807 "http://treehugger.hu/sites/all/themes/th/style.css?N" "Mozilla/5.0 (X11; Linux x86_64) AppleWebKit/537.36 (KHTML, like Gecko) Chrome/114.0.0.0 Safari/537.36"
173.252.87.119 - - [03/Jul/2023:07:05:57 +0200] "GET /sites/all/themes/th/menu_bg.jpg HTTP/1.1" 200 911 "http://treehugger.hu/sites/all/themes/th/style.css?N" "Mozilla/5.0 (X11; Linux x86_64) AppleWebKit/537.36 (KHTML, like Gecko) Chrome/114.0.0.0 Safari/537.36"
66.220.149.3 - - [03/Jul/2023:07:05:58 +0200] "GET /sites/default/files/Stu%20photo.jpg HTTP/1.1" 200 10560 "http://treehugger.hu/" "Mozilla/5.0 (X11; Linux x86_64) AppleWebKit/537.36 (KHTML, like Gecko) Chrome/114.0.0.0 Safari/537.36"
66.220.149.16 - - [03/Jul/2023:07:05:58 +0200] "GET /sites/default/files/logo%20small.jpg HTTP/1.1" 200 5172 "http://treehugger.hu/" "Mozilla/5.0 (X11; Linux x86_64) AppleWebKit/537.36 (KHTML, like Gecko) Chrome/114.0.0.0 Safari/537.36"
173.252.87.1 - - [03/Jul/2023:07:05:58 +0200] "GET /sites/default/files/david%201.jpg HTTP/1.1" 200 184575 "http://treehugger.hu/" "Mozilla/5.0 (X11; Linux x86_64) AppleWebKit/537.36 (KHTML, like Gecko) Chrome/114.0.0.0 Safari/537.36"
173.252.87.1 - - [03/Jul/2023:07:05:58 +0200] "GET /sites/all/themes/th/index_bg_hu.jpg HTTP/1.1" 200 97729 "http://treehugger.hu/?fbclid=IwAR1wZjGNjGQEhF7VIVhpIQjp4g_GgWTNCpYtwOvsFhQ2jkA-4j663n0_rBo" "Mozilla/5.0 (X11; Linux x86_64) AppleWebKit/537.36 (KHTML, like Gecko) Chrome/114.0.0.0 Safari/537.36"
66.220.149.13 - - [03/Jul/2023:07:05:59 +0200] "GET /sites/default/files/david%201.jpg HTTP/1.1" 200 184575 "http://treehugger.hu/" "Mozilla/5.0 (X11; Linux x86_64) AppleWebKit/537.36 (KHTML, like Gecko) Chrome/114.0.0.0 Safari/537.36"
173.252.87.1 - - [03/Jul/2023:07:05:59 +0200] "GET /misc/favicon.ico HTTP/1.1" 200 3262 "http://treehugger.hu/?fbclid=IwAR1wZjGNjGQEhF7VIVhpIQjp4g_GgWTNCpYtwOvsFhQ2jkA-4j663n0_rBo" "Mozilla/5.0 (X11; Linux x86_64) AppleWebKit/537.36 (KHTML, like Gecko) Chrome/114.0.0.0 Safari/537.36"
66.220.149.12 - - [03/Jul/2023:07:05:59 +0200] "GET /sites/all/themes/th/footer.jpg HTTP/1.1" 200 13784 "http://treehugger.hu/?fbclid=IwAR0hiYFS0Cvlxe2oI895_lBLE5LKbDs3plUC_YjgHn95cxPv8EtqwWRIpz8" "Mozilla/5.0 (X11; Linux x86_64) AppleWebKit/537.36 (KHTML, like Gecko) Chrome/114.0.0.0 Safari/537.36"
66.220.149.11 - - [03/Jul/2023:07:06:00 +0200] "GET /sites/all/themes/th/index_bg_hu.jpg HTTP/1.1" 200 97729 "http://treehugger.hu/?fbclid=IwAR0hiYFS0Cvlxe2oI895_lBLE5LKbDs3plUC_YjgHn95cxPv8EtqwWRIpz8" "Mozilla/5.0 (X11; Linux x86_64) AppleWebKit/537.36 (KHTML, like Gecko) Chrome/114.0.0.0 Safari/537.36"
66.220.149.11 - - [03/Jul/2023:07:06:00 +0200] "GET /sites/all/themes/th/bg.jpg HTTP/1.1" 200 807 "http://treehugger.hu/sites/all/themes/th/style.css?N" "Mozilla/5.0 (X11; Linux x86_64) AppleWebKit/537.36 (KHTML, like Gecko) Chrome/114.0.0.0 Safari/537.36"
66.220.149.12 - - [03/Jul/2023:07:06:00 +0200] "GET /sites/all/themes/th/menu_bg.jpg HTTP/1.1" 200 911 "http://treehugger.hu/sites/all/themes/th/style.css?N" "Mozilla/5.0 (X11; Linux x86_64) AppleWebKit/537.36 (KHTML, like Gecko) Chrome/114.0.0.0 Safari/537.36"
66.220.149.11 - - [03/Jul/2023:07:06:00 +0200] "GET /misc/favicon.ico HTTP/1.1" 200 3262 "http://treehugger.hu/?fbclid=IwAR0hiYFS0Cvlxe2oI895_lBLE5LKbDs3plUC_YjgHn95cxPv8EtqwWRIpz8" "Mozilla/5.0 (X11; Linux x86_64) AppleWebKit/537.36 (KHTML, like Gecko) Chrome/114.0.0.0 Safari/537.36"
66.220.149.2 - - [03/Jul/2023:07:06:01 +0200] "GET /sites/all/themes/th/content_bg.jpg HTTP/1.1" 200 745 "http://treehugger.hu/sites/all/themes/th/style.css?N" "Mozilla/5.0 (X11; Linux x86_64) AppleWebKit/537.36 (KHTML, like Gecko) Chrome/114.0.0.0 Safari/537.36"
69.171.249.116 - - [03/Jul/2023:07:06:26 +0200] "GET / HTTP/1.1" 200 4123 "-" "facebookexternalhit/1.1 (+http://www.facebook.com/externalhit_uatext.php)"
69.171.249.117 - - [03/Jul/2023:07:06:29 +0200] "GET / HTTP/1.1" 200 4123 "-" "facebookexternalhit/1.1 (+http://www.facebook.com/externalhit_uatext.php)"
31.13.127.7 - - [03/Jul/2023:07:06:29 +0200] "GET /sites/default/files/marcokati_3.jpg HTTP/1.1" 200 4856 "-" "cortex/1.0"
31.13.127.6 - - [03/Jul/2023:07:06:29 +0200] "GET /sites/default/files/Stu%20photo.jpg HTTP/1.1" 200 10560 "-" "cortex/1.0"
31.13.127.19 - - [03/Jul/2023:07:06:29 +0200] "GET /sites/all/themes/th/header1.jpg HTTP/1.1" 200 71424 "-" "cortex/1.0"
173.252.95.3 - - [03/Jul/2023:07:06:29 +0200] "GET /sites/default/files/logo%20small.jpg HTTP/1.1" 200 5172 "-" "cortex/1.0"
31.13.127.118 - - [03/Jul/2023:07:06:29 +0200] "GET /sites/default/files/david%201.jpg HTTP/1.1" 200 184575 "-" "cortex/1.0"
173.252.79.5 - - [03/Jul/2023:07:06:30 +0200] "GET /sites/all/themes/th/footer.jpg HTTP/1.1" 200 13784 "-" "cortex/1.0"
69.171.249.118 - - [03/Jul/2023:07:06:30 +0200] "GET /sites/all/themes/th/footer.jpg HTTP/1.1" 200 13784 "-" "facebookexternalhit/1.1 (+http://www.facebook.com/externalhit_uatext.php)"
69.171.249.8 - - [03/Jul/2023:07:06:30 +0200] "GET /sites/default/files/marcokati_3.jpg HTTP/1.1" 200 4856 "-" "facebookexternalhit/1.1 (+http://www.facebook.com/externalhit_uatext.php)"
