114.119.153.247 - - [05/Jul/2023:05:03:20 +0200] "GET /eventscalendar/2021-W4 HTTP/1.1" 200 7715 "http://treehugger.hu/eventscalendar/2021-01" "Mozilla/5.0 (Linux; Android 7.0;) AppleWebKit/537.36 (KHTML, like Gecko) Mobile Safari/537.36 (compatible; PetalBot;+https://webmaster.petalsearch.com/site/petalbot)"
95.108.213.222 - - [05/Jul/2023:05:05:03 +0200] "GET /eventscalendar/2021-12-06 HTTP/1.1" 200 5792 "-" "Mozilla/5.0 (compatible; YandexBot/3.0; +http://yandex.com/bots)"
146.190.168.174 - - [05/Jul/2023:05:05:15 +0200] "GET /blog/3/feed HTTP/1.1" 200 2701 "-" "Mozilla/5.0 (Windows NT 6.1; WOW64) AppleWebKit/537.36 (KHTML, like Gecko) Chrome/43.0.2357.130 Safari/537.36"
54.36.148.70 - - [05/Jul/2023:05:06:30 +0200] "GET /node/1095 HTTP/1.1" 200 8527 "-" "Mozilla/5.0 (compatible; AhrefsBot/7.0; +http://ahrefs.com/robot/)"
95.108.213.238 - - [05/Jul/2023:05:06:36 +0200] "GET /eventscalendar/2021-09-12?q=signupformailinglist HTTP/1.1" 404 4060 "-" "Mozilla/5.0 (compatible; YandexBot/3.0; +http://yandex.com/bots)"
52.167.144.48 - - [05/Jul/2023:05:07:20 +0200] "GET /photos?page=1 HTTP/1.1" 200 7768 "-" "Mozilla/5.0 AppleWebKit/537.36 (KHTML, like Gecko; compatible; bingbot/2.0; +http://www.bing.com/bingbot.htm) Chrome/103.0.5060.134 Safari/537.36"
213.180.203.42 - - [05/Jul/2023:05:08:39 +0200] "GET /node/192 HTTP/1.1" 200 6530 "-" "Mozilla/5.0 (compatible; YandexBot/3.0; +http://yandex.com/bots)"
54.36.149.52 - - [05/Jul/2023:05:11:31 +0200] "GET /positiveblog?page=51 HTTP/1.1" 200 14377 "-" "Mozilla/5.0 (compatible; AhrefsBot/7.0; +http://ahrefs.com/robot/)"
212.237.53.115 - - [05/Jul/2023:05:13:59 +0200] "HEAD / HTTP/1.1" 200 0 "-" "Alert_Alligator_webmonitoring_service_1.6.4_(alertalligator.com)"
54.36.149.92 - - [05/Jul/2023:05:15:09 +0200] "GET / HTTP/1.1" 200 17647 "-" "Mozilla/5.0 (compatible; AhrefsBot/7.0; +http://ahrefs.com/robot/)"
5.255.231.197 - - [05/Jul/2023:05:16:08 +0200] "GET /node/81?q=signupformailinglist HTTP/1.1" 404 4060 "-" "Mozilla/5.0 (compatible; YandexBot/3.0; +http://yandex.com/bots)"
64.227.158.10 - - [05/Jul/2023:05:16:09 +0200] "GET / HTTP/1.1" 200 4123 "-" "Mozilla/5.0 (X11; Linux x86_64) AppleWebKit/537.36 (KHTML, like Gecko) Chrome/108.0.0.0 Safari/537.36"
195.56.55.225 - - [05/Jul/2023:05:17:02 +0200] "GET /cron.php HTTP/1.0" 200 0 "-" "Wget/1.10.2"
185.25.35.11 - - [05/Jul/2023:05:17:05 +0200] "GET /robots.txt HTTP/1.1" 200 1590 "-" "magpie-crawler/1.1 (robots-txt-checker; +http://www.brandwatch.net)"
185.25.35.9 - - [05/Jul/2023:05:17:06 +0200] "GET /blog/3/feed HTTP/1.1" 200 11638 "-" "magpie-crawler/1.1 (U; Linux amd64; en-GB; +http://www.brandwatch.net)"
54.36.148.120 - - [05/Jul/2023:05:18:41 +0200] "GET / HTTP/1.1" 200 17651 "-" "Mozilla/5.0 (compatible; AhrefsBot/7.0; +http://ahrefs.com/robot/)"
114.119.150.33 - - [05/Jul/2023:05:19:58 +0200] "GET /files/vareniki%203.jpg HTTP/1.1" 404 4060 "http://www.treehugger.hu/node/183" "Mozilla/5.0 (Linux; Android 7.0;) AppleWebKit/537.36 (KHTML, like Gecko) Mobile Safari/537.36 (compatible; PetalBot;+https://webmaster.petalsearch.com/site/petalbot)"
114.119.150.208 - - [05/Jul/2023:05:21:01 +0200] "GET /node/706 HTTP/1.1" 200 17566 "http://treehugger.hu/positiveblog?page=37" "Mozilla/5.0 (Linux; Android 7.0;) AppleWebKit/537.36 (KHTML, like Gecko) Mobile Safari/537.36 (compatible; PetalBot;+https://webmaster.petalsearch.com/site/petalbot)"
213.180.203.230 - - [05/Jul/2023:05:22:22 +0200] "GET /eventscalendar/2021-03-27?q=signupfornewsletter HTTP/1.1" 200 4719 "-" "Mozilla/5.0 (compatible; YandexBot/3.0; +http://yandex.com/bots)"
114.119.130.30 - - [05/Jul/2023:05:22:31 +0200] "GET /eventscalendar/2022-08-17 HTTP/1.1" 200 5794 "http://treehugger.hu/eventscalendar/2022-08" "Mozilla/5.0 (Linux; Android 7.0;) AppleWebKit/537.36 (KHTML, like Gecko) Mobile Safari/537.36 (compatible; PetalBot;+https://webmaster.petalsearch.com/site/petalbot)"
54.36.148.98 - - [05/Jul/2023:05:22:40 +0200] "GET /node/822?q=signupfornewsletter HTTP/1.1" 200 4719 "-" "Mozilla/5.0 (compatible; AhrefsBot/7.0; +http://ahrefs.com/robot/)"
114.119.152.139 - - [05/Jul/2023:05:24:39 +0200] "GET /eventscalendar/2020-W41 HTTP/1.1" 200 7733 "http://treehugger.hu/eventscalendar/2020-10" "Mozilla/5.0 (Linux; Android 7.0;) AppleWebKit/537.36 (KHTML, like Gecko) Mobile Safari/537.36 (compatible; PetalBot;+https://webmaster.petalsearch.com/site/petalbot)"
5.45.207.158 - - [05/Jul/2023:05:25:35 +0200] "GET /eventscalendar/2021-12-01 HTTP/1.1" 200 5795 "-" "Mozilla/5.0 (compatible; YandexBot/3.0; +http://yandex.com/bots)"
54.36.149.37 - - [05/Jul/2023:05:26:29 +0200] "GET /node/503?q=signupfornewsletter HTTP/1.1" 200 4719 "-" "Mozilla/5.0 (compatible; AhrefsBot/7.0; +http://ahrefs.com/robot/)"
121.30.179.30 - - [05/Jul/2023:05:27:34 +0200] "GET /sites/default/files/hucul1small.jpg HTTP/1.1" 200 102038 "-" "Mozilla/5.0 (X11; Ubuntu; Linux x86_64; rv:72.0) Gecko/20100101 Firefox/72.0"
5.255.231.144 - - [05/Jul/2023:05:27:53 +0200] "GET /eventscalendar/2023-W41 HTTP/1.1" 200 7731 "-" "Mozilla/5.0 (compatible; YandexBot/3.0; +http://yandex.com/bots)"
95.108.213.156 - - [05/Jul/2023:05:28:22 +0200] "GET /eventscalendar/2023-07-05 HTTP/1.1" 200 5791 "-" "Mozilla/5.0 (compatible; YandexBot/3.0; +http://yandex.com/bots)"
5.45.207.159 - - [05/Jul/2023:05:28:24 +0200] "GET /eventscalendar/2023-07 HTTP/1.1" 200 16240 "-" "Mozilla/5.0 (compatible; YandexBot/3.0; +http://yandex.com/bots)"
54.36.148.213 - - [05/Jul/2023:05:29:53 +0200] "GET /node/409?q=signupformailinglist HTTP/1.1" 404 4060 "-" "Mozilla/5.0 (compatible; AhrefsBot/7.0; +http://ahrefs.com/robot/)"
5.255.231.244 - - [05/Jul/2023:05:30:58 +0200] "GET /node/1005 HTTP/1.1" 200 6387 "-" "Mozilla/5.0 (compatible; YandexBot/3.0; +http://yandex.com/bots)"
5.45.207.76 - - [05/Jul/2023:05:31:51 +0200] "GET /eventscalendar/2022-10-09 HTTP/1.1" 200 5791 "-" "Mozilla/5.0 (compatible; YandexBot/3.0; +http://yandex.com/bots)"
213.180.203.254 - - [05/Jul/2023:05:32:24 +0200] "GET /eventscalendar/2020-W7 HTTP/1.1" 200 7716 "-" "Mozilla/5.0 (compatible; YandexBot/3.0; +http://yandex.com/bots)"
54.36.148.227 - - [05/Jul/2023:05:33:29 +0200] "GET /meltanyos_kereskedelem HTTP/1.1" 200 17628 "-" "Mozilla/5.0 (compatible; AhrefsBot/7.0; +http://ahrefs.com/robot/)"
66.249.92.129 - - [05/Jul/2023:05:34:58 +0200] "GET /blog/3/feed HTTP/1.1" 200 2701 "-" "FeedFetcher-Google; (+http://www.google.com/feedfetcher.html)"
66.249.92.162 - - [05/Jul/2023:05:35:00 +0200] "GET /rss.xml HTTP/1.1" 200 14405 "-" "FeedFetcher-Google; (+http://www.google.com/feedfetcher.html)"
5.255.231.161 - - [05/Jul/2023:05:35:06 +0200] "GET /eventscalendar/2020-06-16?q=signupfornewsletter HTTP/1.1" 200 4719 "-" "Mozilla/5.0 (compatible; YandexBot/3.0; +http://yandex.com/bots)"
74.125.214.103 - - [05/Jul/2023:05:35:48 +0200] "HEAD /blog/3/feed HTTP/1.1" 200 0 "-" "FeedBurner/1.0 (http://www.FeedBurner.com)"
54.36.148.26 - - [05/Jul/2023:05:36:46 +0200] "GET /node/705 HTTP/1.1" 200 27225 "-" "Mozilla/5.0 (compatible; AhrefsBot/7.0; +http://ahrefs.com/robot/)"
95.108.213.116 - - [05/Jul/2023:05:37:33 +0200] "GET /node/738?q=signupformailinglist HTTP/1.1" 404 4060 "-" "Mozilla/5.0 (compatible; YandexBot/3.0; +http://yandex.com/bots)"
74.125.214.101 - - [05/Jul/2023:05:39:27 +0200] "HEAD /blog/3/feed HTTP/1.1" 200 0 "-" "FeedBurner/1.0 (http://www.FeedBurner.com)"
114.119.128.10 - - [05/Jul/2023:05:39:40 +0200] "GET /node/344 HTTP/1.1" 200 6237 "http://www.treehugger.hu/blog?page=56" "Mozilla/5.0 (Linux; Android 7.0;) AppleWebKit/537.36 (KHTML, like Gecko) Mobile Safari/537.36 (compatible; PetalBot;+https://webmaster.petalsearch.com/site/petalbot)"
54.36.149.93 - - [05/Jul/2023:05:40:01 +0200] "GET /node/8935?q=signupfornewsletter HTTP/1.1" 200 4719 "-" "Mozilla/5.0 (compatible; AhrefsBot/7.0; +http://ahrefs.com/robot/)"
114.119.159.246 - - [05/Jul/2023:05:41:14 +0200] "GET /eventscalendar/2023-11-13 HTTP/1.1" 200 5793 "http://www.treehugger.hu/eventscalendar/2023-11" "Mozilla/5.0 (Linux; Android 7.0;) AppleWebKit/537.36 (KHTML, like Gecko) Mobile Safari/537.36 (compatible; PetalBot;+https://webmaster.petalsearch.com/site/petalbot)"
114.119.140.103 - - [05/Jul/2023:05:42:32 +0200] "GET /node/12670 HTTP/1.1" 200 32945 "http://treehugger.hu/positiveblog?page=4" "Mozilla/5.0 (Linux; Android 7.0;) AppleWebKit/537.36 (KHTML, like Gecko) Mobile Safari/537.36 (compatible; PetalBot;+https://webmaster.petalsearch.com/site/petalbot)"
54.36.149.34 - - [05/Jul/2023:05:43:03 +0200] "GET /node/81?q=signupfornewsletter HTTP/1.1" 200 4719 "-" "Mozilla/5.0 (compatible; AhrefsBot/7.0; +http://ahrefs.com/robot/)"
114.119.139.167 - - [05/Jul/2023:05:44:12 +0200] "GET /node/11439 HTTP/1.1" 200 30332 "http://treehugger.hu/positiveblog?page=5" "Mozilla/5.0 (Linux; Android 7.0;) AppleWebKit/537.36 (KHTML, like Gecko) Mobile Safari/537.36 (compatible; PetalBot;+https://webmaster.petalsearch.com/site/petalbot)"
54.36.148.1 - - [05/Jul/2023:05:46:12 +0200] "GET /eventscalendar/2023-06-01 HTTP/1.1" 200 5790 "-" "Mozilla/5.0 (compatible; AhrefsBot/7.0; +http://ahrefs.com/robot/)"
213.180.203.199 - - [05/Jul/2023:05:46:32 +0200] "GET /node/8922 HTTP/1.1" 200 22330 "-" "Mozilla/5.0 (compatible; YandexBot/3.0; +http://yandex.com/bots)"
66.102.6.34 - - [05/Jul/2023:05:47:38 +0200] "GET /blog/3/feed HTTP/1.1" 200 2701 "-" "FeedBurner/1.0 (http://www.FeedBurner.com)"
52.167.144.61 - - [05/Jul/2023:05:48:09 +0200] "GET /node/913 HTTP/1.1" 200 6181 "-" "Mozilla/5.0 AppleWebKit/537.36 (KHTML, like Gecko; compatible; bingbot/2.0; +http://www.bing.com/bingbot.htm) Chrome/103.0.5060.134 Safari/537.36"
95.108.213.222 - - [05/Jul/2023:05:49:44 +0200] "GET /eventscalendar/2022-03 HTTP/1.1" 200 14912 "-" "Mozilla/5.0 (compatible; YandexBot/3.0; +http://yandex.com/bots)"
54.36.149.23 - - [05/Jul/2023:05:49:48 +0200] "GET /node/587?q=signupformailinglist HTTP/1.1" 404 4060 "-" "Mozilla/5.0 (compatible; AhrefsBot/7.0; +http://ahrefs.com/robot/)"
66.102.6.34 - - [05/Jul/2023:05:50:50 +0200] "GET /blog/3/feed HTTP/1.1" 200 2701 "-" "FeedBurner/1.0 (http://www.FeedBurner.com)"
54.36.148.36 - - [05/Jul/2023:05:52:52 +0200] "GET /positiveblog?page=58 HTTP/1.1" 200 14140 "-" "Mozilla/5.0 (compatible; AhrefsBot/7.0; +http://ahrefs.com/robot/)"
95.108.213.238 - - [05/Jul/2023:05:53:13 +0200] "GET /eventscalendar/2021-W2 HTTP/1.1" 200 7709 "-" "Mozilla/5.0 (compatible; YandexBot/3.0; +http://yandex.com/bots)"
213.180.203.42 - - [05/Jul/2023:05:54:05 +0200] "GET /eventscalendar/2021-06-21 HTTP/1.1" 200 5789 "-" "Mozilla/5.0 (compatible; YandexBot/3.0; +http://yandex.com/bots)"
74.125.214.101 - - [05/Jul/2023:05:54:38 +0200] "HEAD /blog/3/feed HTTP/1.1" 200 0 "-" "FeedBurner/1.0 (http://www.FeedBurner.com)"
54.36.149.57 - - [05/Jul/2023:05:55:47 +0200] "GET /node/744?q=signupfornewsletter HTTP/1.1" 200 4719 "-" "Mozilla/5.0 (compatible; AhrefsBot/7.0; +http://ahrefs.com/robot/)"
5.255.231.197 - - [05/Jul/2023:05:56:20 +0200] "GET /eventscalendar/2023-10-24 HTTP/1.1" 200 5793 "-" "Mozilla/5.0 (compatible; YandexBot/3.0; +http://yandex.com/bots)"
213.180.203.230 - - [05/Jul/2023:05:58:31 +0200] "GET /node/948 HTTP/1.1" 200 6592 "-" "Mozilla/5.0 (compatible; YandexBot/3.0; +http://yandex.com/bots)"
159.203.32.233 - - [05/Jul/2023:05:58:59 +0200] "GET /rss.xml HTTP/1.1" 200 2358 "-" "Mozilla/5.0 (Windows NT 6.3; WOW64) AppleWebKit/537.36 (KHTML, like Gecko) Chrome/43.0.2357.130 Safari/537.36"
54.36.148.38 - - [05/Jul/2023:05:59:04 +0200] "GET /node/419?q=signupfornewsletter HTTP/1.1" 200 4719 "-" "Mozilla/5.0 (compatible; AhrefsBot/7.0; +http://ahrefs.com/robot/)"
5.45.207.158 - - [05/Jul/2023:05:59:52 +0200] "GET /eventscalendar/2023-06-08 HTTP/1.1" 200 5790 "-" "Mozilla/5.0 (compatible; YandexBot/3.0; +http://yandex.com/bots)"
5.255.231.144 - - [05/Jul/2023:06:00:18 +0200] "GET /node/18?q=signupfornewsletter HTTP/1.1" 200 4719 "-" "Mozilla/5.0 (compatible; YandexBot/3.0; +http://yandex.com/bots)"
66.249.66.7 - - [05/Jul/2023:06:00:26 +0200] "GET /eventscalendar/2023-03-05 HTTP/1.1" 200 5789 "-" "Mozilla/5.0 (Linux; Android 6.0.1; Nexus 5X Build/MMB29P) AppleWebKit/537.36 (KHTML, like Gecko) Chrome/114.0.5735.179 Mobile Safari/537.36 (compatible; Googlebot/2.1; +http://www.google.com/bot.html)"
114.119.131.52 - - [05/Jul/2023:06:00:51 +0200] "GET /eventscalendar/2020-09-11 HTTP/1.1" 200 5794 "http://www.treehugger.hu/eventscalendar/2020-09" "Mozilla/5.0 (Linux; Android 7.0;) AppleWebKit/537.36 (KHTML, like Gecko) Mobile Safari/537.36 (compatible; PetalBot;+https://webmaster.petalsearch.com/site/petalbot)"
54.36.149.66 - - [05/Jul/2023:06:02:25 +0200] "GET /node/729?q=signupfornewsletter HTTP/1.1" 200 4719 "-" "Mozilla/5.0 (compatible; AhrefsBot/7.0; +http://ahrefs.com/robot/)"
114.119.142.189 - - [05/Jul/2023:06:03:05 +0200] "GET /eventscalendar/2020-09-02 HTTP/1.1" 200 5796 "http://www.treehugger.hu/eventscalendar/2020-W36" "Mozilla/5.0 (Linux; Android 7.0;) AppleWebKit/537.36 (KHTML, like Gecko) Mobile Safari/537.36 (compatible; PetalBot;+https://webmaster.petalsearch.com/site/petalbot)"
54.36.149.55 - - [05/Jul/2023:06:05:03 +0200] "GET /node/409?q=signupfornewsletter HTTP/1.1" 200 4719 "-" "Mozilla/5.0 (compatible; AhrefsBot/7.0; +http://ahrefs.com/robot/)"
114.119.143.210 - - [05/Jul/2023:06:05:22 +0200] "GET /eventscalendar/2022-10-30 HTTP/1.1" 200 5792 "http://www.treehugger.hu/eventscalendar/2022-W44" "Mozilla/5.0 (Linux; Android 7.0;) AppleWebKit/537.36 (KHTML, like Gecko) Mobile Safari/537.36 (compatible; PetalBot;+https://webmaster.petalsearch.com/site/petalbot)"
66.102.6.33 - - [05/Jul/2023:06:05:51 +0200] "GET /blog/3/feed HTTP/1.1" 200 2701 "-" "FeedBurner/1.0 (http://www.FeedBurner.com)"
95.108.213.156 - - [05/Jul/2023:06:05:54 +0200] "GET /eventscalendar/2021-W52?q=signupfornewsletter HTTP/1.1" 200 4719 "-" "Mozilla/5.0 (compatible; YandexBot/3.0; +http://yandex.com/bots)"
114.119.148.208 - - [05/Jul/2023:06:06:49 +0200] "GET /eventscalendar/2021-01 HTTP/1.1" 200 14904 "http://www.treehugger.hu/eventscalendar/2021" "Mozilla/5.0 (Linux; Android 7.0;) AppleWebKit/537.36 (KHTML, like Gecko) Mobile Safari/537.36 (compatible; PetalBot;+https://webmaster.petalsearch.com/site/petalbot)"
54.36.148.68 - - [05/Jul/2023:06:08:00 +0200] "GET /node/23420 HTTP/1.1" 200 18431 "-" "Mozilla/5.0 (compatible; AhrefsBot/7.0; +http://ahrefs.com/robot/)"
54.36.148.80 - - [05/Jul/2023:06:08:01 +0200] "GET /node/%09%20http://treehugger.hu/sites/default/files/street%20view.jpg HTTP/1.1" 404 4060 "-" "Mozilla/5.0 (compatible; AhrefsBot/7.0; +http://ahrefs.com/robot/)"
54.36.149.7 - - [05/Jul/2023:06:08:01 +0200] "GET /node/%09%20http://treehugger.hu/sites/default/files/telikert.jpg HTTP/1.1" 404 4060 "-" "Mozilla/5.0 (compatible; AhrefsBot/7.0; +http://ahrefs.com/robot/)"
54.36.148.73 - - [05/Jul/2023:06:08:01 +0200] "GET /node/%09%20http://treehugger.hu/sites/default/files/kert%201.JPG HTTP/1.1" 404 4060 "-" "Mozilla/5.0 (compatible; AhrefsBot/7.0; +http://ahrefs.com/robot/)"
54.36.148.31 - - [05/Jul/2023:06:08:01 +0200] "GET /node/%09%20http://treehugger.hu/sites/default/files/bejarat.jpg HTTP/1.1" 404 4060 "-" "Mozilla/5.0 (compatible; AhrefsBot/7.0; +http://ahrefs.com/robot/)"
114.119.151.108 - - [05/Jul/2023:06:08:29 +0200] "GET /eventscalendar/2022-10-17 HTTP/1.1" 200 5792 "http://treehugger.hu/eventscalendar/2022-10" "Mozilla/5.0 (Linux; Android 7.0;) AppleWebKit/537.36 (KHTML, like Gecko) Mobile Safari/537.36 (compatible; PetalBot;+https://webmaster.petalsearch.com/site/petalbot)"
35.175.244.32 - - [05/Jul/2023:06:09:57 +0200] "GET / HTTP/1.1" 200 17647 "-" "Mozilla/5.0 (X11; Linux x86_64) AppleWebKit/537.36 (KHTML, like Gecko) Chrome/100.0.4889.0 Safari/537.36"
35.175.244.32 - - [05/Jul/2023:06:09:59 +0200] "GET /positiveblog HTTP/1.1" 200 15052 "-" "Mozilla/5.0 (X11; Linux x86_64) AppleWebKit/537.36 (KHTML, like Gecko) Chrome/100.0.4889.0 Safari/537.36"
35.175.244.32 - - [05/Jul/2023:06:10:00 +0200] "GET /eventscalendar HTTP/1.1" 200 16218 "-" "Mozilla/5.0 (X11; Linux x86_64) AppleWebKit/537.36 (KHTML, like Gecko) Chrome/100.0.4889.0 Safari/537.36"
35.175.244.32 - - [05/Jul/2023:06:10:02 +0200] "GET /productinformation HTTP/1.1" 200 8477 "-" "Mozilla/5.0 (X11; Linux x86_64) AppleWebKit/537.36 (KHTML, like Gecko) Chrome/100.0.4889.0 Safari/537.36"
35.175.244.32 - - [05/Jul/2023:06:10:03 +0200] "GET /photos HTTP/1.1" 200 8651 "-" "Mozilla/5.0 (X11; Linux x86_64) AppleWebKit/537.36 (KHTML, like Gecko) Chrome/100.0.4889.0 Safari/537.36"
35.175.244.32 - - [05/Jul/2023:06:10:07 +0200] "GET /misc/drupal.js?N HTTP/1.1" 200 9745 "http://treehugger.hu/links" "Mozilla/5.0 (X11; Linux x86_64) AppleWebKit/537.36 (KHTML, like Gecko) Chrome/100.0.4889.0 Safari/537.36"
35.175.244.32 - - [05/Jul/2023:06:10:07 +0200] "GET /misc/jquery.form.js?N HTTP/1.1" 200 6334 "http://treehugger.hu/links" "Mozilla/5.0 (X11; Linux x86_64) AppleWebKit/537.36 (KHTML, like Gecko) Chrome/100.0.4889.0 Safari/537.36"
35.175.244.32 - - [05/Jul/2023:06:10:07 +0200] "GET /sites/all/modules/views/js/base.js?N HTTP/1.1" 200 3493 "http://treehugger.hu/links" "Mozilla/5.0 (X11; Linux x86_64) AppleWebKit/537.36 (KHTML, like Gecko) Chrome/100.0.4889.0 Safari/537.36"
35.175.244.32 - - [05/Jul/2023:06:10:07 +0200] "GET /sites/all/modules/views/js/dependent.js?N HTTP/1.1" 200 6078 "http://treehugger.hu/links" "Mozilla/5.0 (X11; Linux x86_64) AppleWebKit/537.36 (KHTML, like Gecko) Chrome/100.0.4889.0 Safari/537.36"
35.175.244.32 - - [05/Jul/2023:06:10:07 +0200] "GET /misc/jquery.js?N HTTP/1.1" 200 31089 "http://treehugger.hu/links" "Mozilla/5.0 (X11; Linux x86_64) AppleWebKit/537.36 (KHTML, like Gecko) Chrome/100.0.4889.0 Safari/537.36"
35.175.244.32 - - [05/Jul/2023:06:10:07 +0200] "GET /links HTTP/1.1" 200 95106 "-" "Mozilla/5.0 (X11; Linux x86_64) AppleWebKit/537.36 (KHTML, like Gecko) Chrome/100.0.4889.0 Safari/537.36"
35.175.244.32 - - [05/Jul/2023:06:10:07 +0200] "GET /sites/all/modules/views/js/ajax_view.js?N HTTP/1.1" 200 6061 "http://treehugger.hu/links" "Mozilla/5.0 (X11; Linux x86_64) AppleWebKit/537.36 (KHTML, like Gecko) Chrome/100.0.4889.0 Safari/537.36"
35.175.244.32 - - [05/Jul/2023:06:10:09 +0200] "GET /createabooklist HTTP/1.1" 200 11239 "-" "Mozilla/5.0 (X11; Linux x86_64) AppleWebKit/537.36 (KHTML, like Gecko) Chrome/100.0.4889.0 Safari/537.36"
35.175.244.32 - - [05/Jul/2023:06:10:12 +0200] "GET /partners HTTP/1.1" 200 14556 "-" "Mozilla/5.0 (X11; Linux x86_64) AppleWebKit/537.36 (KHTML, like Gecko) Chrome/100.0.4889.0 Safari/537.36"
35.175.244.32 - - [05/Jul/2023:06:10:13 +0200] "GET /contact HTTP/1.1" 200 11051 "-" "Mozilla/5.0 (X11; Linux x86_64) AppleWebKit/537.36 (KHTML, like Gecko) Chrome/100.0.4889.0 Safari/537.36"
35.175.244.32 - - [05/Jul/2023:06:10:14 +0200] "GET /meltanyos_kereskedelem HTTP/1.1" 200 17628 "-" "Mozilla/5.0 (X11; Linux x86_64) AppleWebKit/537.36 (KHTML, like Gecko) Chrome/100.0.4889.0 Safari/537.36"
35.175.244.32 - - [05/Jul/2023:06:10:15 +0200] "GET /arak HTTP/1.1" 200 13431 "-" "Mozilla/5.0 (X11; Linux x86_64) AppleWebKit/537.36 (KHTML, like Gecko) Chrome/100.0.4889.0 Safari/537.36"
54.36.148.214 - - [05/Jul/2023:06:11:35 +0200] "GET /node/149?q=signupfornewsletter HTTP/1.1" 200 4719 "-" "Mozilla/5.0 (compatible; AhrefsBot/7.0; +http://ahrefs.com/robot/)"
5.45.207.159 - - [05/Jul/2023:06:12:08 +0200] "GET /node/1146 HTTP/1.1" 200 9639 "-" "Mozilla/5.0 (compatible; YandexBot/3.0; +http://yandex.com/bots)"
5.255.231.244 - - [05/Jul/2023:06:12:21 +0200] "GET /eventscalendar/2022-W23 HTTP/1.1" 200 7730 "-" "Mozilla/5.0 (compatible; YandexBot/3.0; +http://yandex.com/bots)"
49.12.13.109 - - [05/Jul/2023:06:13:01 +0200] "HEAD / HTTP/1.1" 200 0 "-" "Alert_Alligator_webmonitoring_service_1.6.3_(alertalligator.com)"
5.45.207.76 - - [05/Jul/2023:06:13:03 +0200] "GET /eventscalendar/2022-06-13 HTTP/1.1" 200 5789 "-" "Mozilla/5.0 (compatible; YandexBot/3.0; +http://yandex.com/bots)"
213.180.203.254 - - [05/Jul/2023:06:16:10 +0200] "GET /eventscalendar/2019-06-26?q=signupfornewsletter HTTP/1.1" 200 4719 "-" "Mozilla/5.0 (compatible; YandexBot/3.0; +http://yandex.com/bots)"
54.36.149.37 - - [05/Jul/2023:06:17:01 +0200] "GET /node/1057 HTTP/1.1" 200 8662 "-" "Mozilla/5.0 (compatible; AhrefsBot/7.0; +http://ahrefs.com/robot/)"
195.56.55.225 - - [05/Jul/2023:06:17:02 +0200] "GET /cron.php HTTP/1.0" 200 0 "-" "Wget/1.10.2"
5.255.231.161 - - [05/Jul/2023:06:18:20 +0200] "GET /eventscalendar/2018-05-27?q=signupfornewsletter HTTP/1.1" 200 4719 "-" "Mozilla/5.0 (compatible; YandexBot/3.0; +http://yandex.com/bots)"
149.202.87.176 - - [05/Jul/2023:06:18:35 +0200] "GET /robots.txt HTTP/1.1" 200 1590 "-" "Mozilla/5.0 (compatible; MJ12bot/v1.4.8; http://mj12bot.com/)"
149.202.87.176 - - [05/Jul/2023:06:18:45 +0200] "GET /node/621 HTTP/1.1" 200 7863 "-" "Mozilla/5.0 (compatible; MJ12bot/v1.4.8; http://mj12bot.com/)"
149.202.87.176 - - [05/Jul/2023:06:18:56 +0200] "GET /node/622 HTTP/1.1" 200 6966 "-" "Mozilla/5.0 (compatible; MJ12bot/v1.4.8; http://mj12bot.com/)"
114.119.143.177 - - [05/Jul/2023:06:19:05 +0200] "GET /node/382 HTTP/1.1" 200 8299 "http://www.treehugger.hu/positiveblog?page=54" "Mozilla/5.0 (Linux; Android 7.0;) AppleWebKit/537.36 (KHTML, like Gecko) Mobile Safari/537.36 (compatible; PetalBot;+https://webmaster.petalsearch.com/site/petalbot)"
149.202.87.176 - - [05/Jul/2023:06:19:07 +0200] "GET /node/624 HTTP/1.1" 200 7136 "-" "Mozilla/5.0 (compatible; MJ12bot/v1.4.8; http://mj12bot.com/)"
149.202.87.176 - - [05/Jul/2023:06:19:18 +0200] "GET /node/625 HTTP/1.1" 200 7467 "-" "Mozilla/5.0 (compatible; MJ12bot/v1.4.8; http://mj12bot.com/)"
149.202.87.176 - - [05/Jul/2023:06:19:28 +0200] "GET /node/627 HTTP/1.1" 200 11473 "-" "Mozilla/5.0 (compatible; MJ12bot/v1.4.8; http://mj12bot.com/)"
149.202.87.176 - - [05/Jul/2023:06:19:39 +0200] "GET /node/628 HTTP/1.1" 200 5985 "-" "Mozilla/5.0 (compatible; MJ12bot/v1.4.8; http://mj12bot.com/)"
95.108.213.116 - - [05/Jul/2023:06:19:46 +0200] "GET /node/178 HTTP/1.1" 200 5794 "-" "Mozilla/5.0 (compatible; YandexBot/3.0; +http://yandex.com/bots)"
149.202.87.176 - - [05/Jul/2023:06:19:50 +0200] "GET /node/629 HTTP/1.1" 200 7114 "-" "Mozilla/5.0 (compatible; MJ12bot/v1.4.8; http://mj12bot.com/)"
149.202.87.176 - - [05/Jul/2023:06:20:00 +0200] "GET /node/630 HTTP/1.1" 200 7332 "-" "Mozilla/5.0 (compatible; MJ12bot/v1.4.8; http://mj12bot.com/)"
149.202.87.176 - - [05/Jul/2023:06:20:11 +0200] "GET /node/631 HTTP/1.1" 200 7622 "-" "Mozilla/5.0 (compatible; MJ12bot/v1.4.8; http://mj12bot.com/)"
114.119.143.55 - - [05/Jul/2023:06:20:19 +0200] "GET /eventscalendar/2021-10-21 HTTP/1.1" 200 5794 "http://www.treehugger.hu/eventscalendar/2021" "Mozilla/5.0 (Linux; Android 7.0;) AppleWebKit/537.36 (KHTML, like Gecko) Mobile Safari/537.36 (compatible; PetalBot;+https://webmaster.petalsearch.com/site/petalbot)"
149.202.87.176 - - [05/Jul/2023:06:20:22 +0200] "GET /node/638 HTTP/1.1" 200 7175 "-" "Mozilla/5.0 (compatible; MJ12bot/v1.4.8; http://mj12bot.com/)"
149.202.87.176 - - [05/Jul/2023:06:20:32 +0200] "GET /node/640 HTTP/1.1" 200 7269 "-" "Mozilla/5.0 (compatible; MJ12bot/v1.4.8; http://mj12bot.com/)"
149.202.87.176 - - [05/Jul/2023:06:20:43 +0200] "GET /node/641 HTTP/1.1" 200 8650 "-" "Mozilla/5.0 (compatible; MJ12bot/v1.4.8; http://mj12bot.com/)"
54.36.148.232 - - [05/Jul/2023:06:20:50 +0200] "GET /node/1011?q=signupfornewsletter HTTP/1.1" 200 4719 "-" "Mozilla/5.0 (compatible; AhrefsBot/7.0; +http://ahrefs.com/robot/)"
149.202.87.176 - - [05/Jul/2023:06:20:54 +0200] "GET /node/645 HTTP/1.1" 200 7601 "-" "Mozilla/5.0 (compatible; MJ12bot/v1.4.8; http://mj12bot.com/)"
149.202.87.176 - - [05/Jul/2023:06:21:04 +0200] "GET /node/647 HTTP/1.1" 200 9307 "-" "Mozilla/5.0 (compatible; MJ12bot/v1.4.8; http://mj12bot.com/)"
149.202.87.176 - - [05/Jul/2023:06:21:15 +0200] "GET /node/648 HTTP/1.1" 200 6546 "-" "Mozilla/5.0 (compatible; MJ12bot/v1.4.8; http://mj12bot.com/)"
149.202.87.176 - - [05/Jul/2023:06:21:26 +0200] "GET /node/649 HTTP/1.1" 200 7697 "-" "Mozilla/5.0 (compatible; MJ12bot/v1.4.8; http://mj12bot.com/)"
149.202.87.176 - - [05/Jul/2023:06:21:37 +0200] "GET /node/654 HTTP/1.1" 200 10154 "-" "Mozilla/5.0 (compatible; MJ12bot/v1.4.8; http://mj12bot.com/)"
114.119.140.179 - - [05/Jul/2023:06:21:42 +0200] "GET /eventscalendar/2020-02-16 HTTP/1.1" 200 5793 "http://treehugger.hu/eventscalendar/2020" "Mozilla/5.0 (Linux; Android 7.0;) AppleWebKit/537.36 (KHTML, like Gecko) Mobile Safari/537.36 (compatible; PetalBot;+https://webmaster.petalsearch.com/site/petalbot)"
149.202.87.176 - - [05/Jul/2023:06:21:48 +0200] "GET /node/656 HTTP/1.1" 200 6839 "-" "Mozilla/5.0 (compatible; MJ12bot/v1.4.8; http://mj12bot.com/)"
149.202.87.176 - - [05/Jul/2023:06:21:58 +0200] "GET /node/657 HTTP/1.1" 200 10553 "-" "Mozilla/5.0 (compatible; MJ12bot/v1.4.8; http://mj12bot.com/)"
149.202.87.176 - - [05/Jul/2023:06:22:09 +0200] "GET /node/658 HTTP/1.1" 200 8462 "-" "Mozilla/5.0 (compatible; MJ12bot/v1.4.8; http://mj12bot.com/)"
149.202.87.176 - - [05/Jul/2023:06:22:20 +0200] "GET /node/659 HTTP/1.1" 200 6244 "-" "Mozilla/5.0 (compatible; MJ12bot/v1.4.8; http://mj12bot.com/)"
149.202.87.176 - - [05/Jul/2023:06:22:30 +0200] "GET /node/660 HTTP/1.1" 200 7426 "-" "Mozilla/5.0 (compatible; MJ12bot/v1.4.8; http://mj12bot.com/)"
149.202.87.176 - - [05/Jul/2023:06:22:41 +0200] "GET /node/661 HTTP/1.1" 200 10600 "-" "Mozilla/5.0 (compatible; MJ12bot/v1.4.8; http://mj12bot.com/)"
213.180.203.199 - - [05/Jul/2023:06:22:42 +0200] "GET /node/809 HTTP/1.1" 200 6644 "-" "Mozilla/5.0 (compatible; YandexBot/3.0; +http://yandex.com/bots)"
149.202.87.176 - - [05/Jul/2023:06:22:52 +0200] "GET /node/666 HTTP/1.1" 200 7216 "-" "Mozilla/5.0 (compatible; MJ12bot/v1.4.8; http://mj12bot.com/)"
149.202.87.176 - - [05/Jul/2023:06:23:03 +0200] "GET /node/667 HTTP/1.1" 200 6908 "-" "Mozilla/5.0 (compatible; MJ12bot/v1.4.8; http://mj12bot.com/)"
149.202.87.176 - - [05/Jul/2023:06:23:14 +0200] "GET /node/673 HTTP/1.1" 200 9675 "-" "Mozilla/5.0 (compatible; MJ12bot/v1.4.8; http://mj12bot.com/)"
149.202.87.176 - - [05/Jul/2023:06:23:25 +0200] "GET /node/692 HTTP/1.1" 200 8310 "-" "Mozilla/5.0 (compatible; MJ12bot/v1.4.8; http://mj12bot.com/)"
149.202.87.176 - - [05/Jul/2023:06:23:36 +0200] "GET /node/694 HTTP/1.1" 200 6409 "-" "Mozilla/5.0 (compatible; MJ12bot/v1.4.8; http://mj12bot.com/)"
149.202.87.176 - - [05/Jul/2023:06:23:47 +0200] "GET /node/702 HTTP/1.1" 200 5996 "-" "Mozilla/5.0 (compatible; MJ12bot/v1.4.8; http://mj12bot.com/)"
149.202.87.176 - - [05/Jul/2023:06:23:57 +0200] "GET /node/704 HTTP/1.1" 200 11626 "-" "Mozilla/5.0 (compatible; MJ12bot/v1.4.8; http://mj12bot.com/)"
149.202.87.176 - - [05/Jul/2023:06:24:08 +0200] "GET /node/707 HTTP/1.1" 200 6809 "-" "Mozilla/5.0 (compatible; MJ12bot/v1.4.8; http://mj12bot.com/)"
149.202.87.176 - - [05/Jul/2023:06:24:19 +0200] "GET /node/708 HTTP/1.1" 200 9737 "-" "Mozilla/5.0 (compatible; MJ12bot/v1.4.8; http://mj12bot.com/)"
149.202.87.176 - - [05/Jul/2023:06:24:30 +0200] "GET /node/709 HTTP/1.1" 200 8065 "-" "Mozilla/5.0 (compatible; MJ12bot/v1.4.8; http://mj12bot.com/)"
149.202.87.176 - - [05/Jul/2023:06:24:40 +0200] "GET /node/711 HTTP/1.1" 200 8878 "-" "Mozilla/5.0 (compatible; MJ12bot/v1.4.8; http://mj12bot.com/)"
149.202.87.176 - - [05/Jul/2023:06:24:51 +0200] "GET /node/713 HTTP/1.1" 200 9365 "-" "Mozilla/5.0 (compatible; MJ12bot/v1.4.8; http://mj12bot.com/)"
149.202.87.176 - - [05/Jul/2023:06:25:02 +0200] "GET /node/719 HTTP/1.1" 200 6739 "-" "Mozilla/5.0 (compatible; MJ12bot/v1.4.8; http://mj12bot.com/)"
149.202.87.176 - - [05/Jul/2023:06:25:13 +0200] "GET /node/720 HTTP/1.1" 200 6609 "-" "Mozilla/5.0 (compatible; MJ12bot/v1.4.8; http://mj12bot.com/)"
149.202.87.176 - - [05/Jul/2023:06:25:24 +0200] "GET /node/721 HTTP/1.1" 200 6853 "-" "Mozilla/5.0 (compatible; MJ12bot/v1.4.8; http://mj12bot.com/)"
95.108.213.222 - - [05/Jul/2023:06:26:25 +0200] "GET /eventscalendar/2020-W42 HTTP/1.1" 200 7739 "-" "Mozilla/5.0 (compatible; YandexBot/3.0; +http://yandex.com/bots)"
54.36.148.155 - - [05/Jul/2023:06:26:58 +0200] "GET /node/1027?q=signupfornewsletter HTTP/1.1" 200 4719 "-" "Mozilla/5.0 (compatible; AhrefsBot/7.0; +http://ahrefs.com/robot/)"
149.202.87.176 - - [05/Jul/2023:06:27:41 +0200] "GET /node/722 HTTP/1.1" 200 6429 "-" "Mozilla/5.0 (compatible; MJ12bot/v1.4.8; http://mj12bot.com/)"
149.202.87.176 - - [05/Jul/2023:06:27:51 +0200] "GET /node/724 HTTP/1.1" 200 6750 "-" "Mozilla/5.0 (compatible; MJ12bot/v1.4.8; http://mj12bot.com/)"
149.202.87.176 - - [05/Jul/2023:06:28:02 +0200] "GET /node/726 HTTP/1.1" 200 5971 "-" "Mozilla/5.0 (compatible; MJ12bot/v1.4.8; http://mj12bot.com/)"
149.202.87.176 - - [05/Jul/2023:06:28:13 +0200] "GET /node/730 HTTP/1.1" 200 6846 "-" "Mozilla/5.0 (compatible; MJ12bot/v1.4.8; http://mj12bot.com/)"
149.202.87.176 - - [05/Jul/2023:06:28:23 +0200] "GET /node/731 HTTP/1.1" 200 8208 "-" "Mozilla/5.0 (compatible; MJ12bot/v1.4.8; http://mj12bot.com/)"
149.202.87.176 - - [05/Jul/2023:06:28:34 +0200] "GET /node/732 HTTP/1.1" 200 20967 "-" "Mozilla/5.0 (compatible; MJ12bot/v1.4.8; http://mj12bot.com/)"
149.202.87.176 - - [05/Jul/2023:06:28:45 +0200] "GET /node/740 HTTP/1.1" 200 7758 "-" "Mozilla/5.0 (compatible; MJ12bot/v1.4.8; http://mj12bot.com/)"
149.202.87.176 - - [05/Jul/2023:06:28:55 +0200] "GET /node/741 HTTP/1.1" 200 8790 "-" "Mozilla/5.0 (compatible; MJ12bot/v1.4.8; http://mj12bot.com/)"
52.167.144.61 - - [05/Jul/2023:06:29:02 +0200] "GET /eventscalendar/2020-01-24 HTTP/1.1" 200 5792 "-" "Mozilla/5.0 AppleWebKit/537.36 (KHTML, like Gecko; compatible; bingbot/2.0; +http://www.bing.com/bingbot.htm) Chrome/103.0.5060.134 Safari/537.36"
149.202.87.176 - - [05/Jul/2023:06:29:06 +0200] "GET /node/744 HTTP/1.1" 200 7307 "-" "Mozilla/5.0 (compatible; MJ12bot/v1.4.8; http://mj12bot.com/)"
149.202.87.176 - - [05/Jul/2023:06:29:17 +0200] "GET /node/746 HTTP/1.1" 200 21159 "-" "Mozilla/5.0 (compatible; MJ12bot/v1.4.8; http://mj12bot.com/)"
149.202.87.176 - - [05/Jul/2023:06:29:29 +0200] "GET /node/754 HTTP/1.1" 200 7537 "-" "Mozilla/5.0 (compatible; MJ12bot/v1.4.8; http://mj12bot.com/)"
149.202.87.176 - - [05/Jul/2023:06:29:39 +0200] "GET /node/755 HTTP/1.1" 200 7914 "-" "Mozilla/5.0 (compatible; MJ12bot/v1.4.8; http://mj12bot.com/)"
149.202.87.176 - - [05/Jul/2023:06:29:50 +0200] "GET /node/756 HTTP/1.1" 200 9051 "-" "Mozilla/5.0 (compatible; MJ12bot/v1.4.8; http://mj12bot.com/)"
149.202.87.176 - - [05/Jul/2023:06:30:01 +0200] "GET /node/760 HTTP/1.1" 200 9639 "-" "Mozilla/5.0 (compatible; MJ12bot/v1.4.8; http://mj12bot.com/)"
52.167.144.48 - - [05/Jul/2023:06:30:08 +0200] "GET /eventscalendar/2022-W29 HTTP/1.1" 200 7736 "-" "Mozilla/5.0 AppleWebKit/537.36 (KHTML, like Gecko; compatible; bingbot/2.0; +http://www.bing.com/bingbot.htm) Chrome/103.0.5060.134 Safari/537.36"
149.202.87.176 - - [05/Jul/2023:06:30:12 +0200] "GET /node/761 HTTP/1.1" 200 10224 "-" "Mozilla/5.0 (compatible; MJ12bot/v1.4.8; http://mj12bot.com/)"
54.36.148.45 - - [05/Jul/2023:06:30:17 +0200] "GET /node/826 HTTP/1.1" 200 5941 "-" "Mozilla/5.0 (compatible; AhrefsBot/7.0; +http://ahrefs.com/robot/)"
185.25.35.8 - - [05/Jul/2023:06:30:18 +0200] "GET /robots.txt HTTP/1.1" 200 1590 "-" "magpie-crawler/1.1 (robots-txt-checker; +http://www.brandwatch.net)"
185.25.35.15 - - [05/Jul/2023:06:30:20 +0200] "GET /blog/3/feed HTTP/1.1" 200 11638 "-" "magpie-crawler/1.1 (U; Linux amd64; en-GB; +http://www.brandwatch.net)"
149.202.87.176 - - [05/Jul/2023:06:30:22 +0200] "GET /node/766 HTTP/1.1" 200 7419 "-" "Mozilla/5.0 (compatible; MJ12bot/v1.4.8; http://mj12bot.com/)"
149.202.87.176 - - [05/Jul/2023:06:30:33 +0200] "GET /node/768 HTTP/1.1" 200 10103 "-" "Mozilla/5.0 (compatible; MJ12bot/v1.4.8; http://mj12bot.com/)"
149.202.87.176 - - [05/Jul/2023:06:30:44 +0200] "GET /node/770 HTTP/1.1" 200 7355 "-" "Mozilla/5.0 (compatible; MJ12bot/v1.4.8; http://mj12bot.com/)"
95.108.213.238 - - [05/Jul/2023:06:30:52 +0200] "GET /robots.txt HTTP/1.1" 200 1590 "-" "Mozilla/5.0 (compatible; YandexBot/3.0; +http://yandex.com/bots)"
149.202.87.176 - - [05/Jul/2023:06:30:54 +0200] "GET /node/771 HTTP/1.1" 200 9859 "-" "Mozilla/5.0 (compatible; MJ12bot/v1.4.8; http://mj12bot.com/)"
74.125.214.103 - - [05/Jul/2023:06:30:58 +0200] "HEAD /blog/3/feed HTTP/1.1" 200 0 "-" "FeedBurner/1.0 (http://www.FeedBurner.com)"
149.202.87.176 - - [05/Jul/2023:06:31:05 +0200] "GET /node/773 HTTP/1.1" 200 7803 "-" "Mozilla/5.0 (compatible; MJ12bot/v1.4.8; http://mj12bot.com/)"
149.202.87.176 - - [05/Jul/2023:06:31:16 +0200] "GET /node/774 HTTP/1.1" 200 9750 "-" "Mozilla/5.0 (compatible; MJ12bot/v1.4.8; http://mj12bot.com/)"
149.202.87.176 - - [05/Jul/2023:06:31:27 +0200] "GET /node/775 HTTP/1.1" 200 9790 "-" "Mozilla/5.0 (compatible; MJ12bot/v1.4.8; http://mj12bot.com/)"
149.202.87.176 - - [05/Jul/2023:06:31:37 +0200] "GET /node/778 HTTP/1.1" 200 6105 "-" "Mozilla/5.0 (compatible; MJ12bot/v1.4.8; http://mj12bot.com/)"
142.93.188.96 - - [05/Jul/2023:06:31:48 +0200] "GET /blog/3/feed HTTP/1.1" 200 2701 "-" "Mozilla/5.0 (Macintosh; Intel Mac OS X 10_10_3) AppleWebKit/537.36 (KHTML, like Gecko) Chrome/43.0.2357.130 Safari/537.36"
149.202.87.176 - - [05/Jul/2023:06:31:48 +0200] "GET /node/779 HTTP/1.1" 200 7843 "-" "Mozilla/5.0 (compatible; MJ12bot/v1.4.8; http://mj12bot.com/)"
149.202.87.176 - - [05/Jul/2023:06:31:59 +0200] "GET /node/780 HTTP/1.1" 200 6727 "-" "Mozilla/5.0 (compatible; MJ12bot/v1.4.8; http://mj12bot.com/)"
149.202.87.176 - - [05/Jul/2023:06:33:08 +0200] "GET /node/781 HTTP/1.1" 200 6430 "-" "Mozilla/5.0 (compatible; MJ12bot/v1.4.8; http://mj12bot.com/)"
149.202.87.176 - - [05/Jul/2023:06:33:19 +0200] "GET /node/784 HTTP/1.1" 200 6636 "-" "Mozilla/5.0 (compatible; MJ12bot/v1.4.8; http://mj12bot.com/)"
149.202.87.176 - - [05/Jul/2023:06:33:30 +0200] "GET /node/787 HTTP/1.1" 200 8012 "-" "Mozilla/5.0 (compatible; MJ12bot/v1.4.8; http://mj12bot.com/)"
54.36.148.59 - - [05/Jul/2023:06:33:34 +0200] "GET /node/556?q=signupfornewsletter HTTP/1.1" 200 4719 "-" "Mozilla/5.0 (compatible; AhrefsBot/7.0; +http://ahrefs.com/robot/)"
149.202.87.176 - - [05/Jul/2023:06:33:40 +0200] "GET /node/789 HTTP/1.1" 200 6011 "-" "Mozilla/5.0 (compatible; MJ12bot/v1.4.8; http://mj12bot.com/)"
149.202.87.176 - - [05/Jul/2023:06:33:51 +0200] "GET /node/792 HTTP/1.1" 200 11790 "-" "Mozilla/5.0 (compatible; MJ12bot/v1.4.8; http://mj12bot.com/)"
149.202.87.176 - - [05/Jul/2023:06:34:02 +0200] "GET /node/794 HTTP/1.1" 200 7155 "-" "Mozilla/5.0 (compatible; MJ12bot/v1.4.8; http://mj12bot.com/)"
149.202.87.176 - - [05/Jul/2023:06:34:12 +0200] "GET /node/797 HTTP/1.1" 200 7437 "-" "Mozilla/5.0 (compatible; MJ12bot/v1.4.8; http://mj12bot.com/)"
149.202.87.176 - - [05/Jul/2023:06:34:23 +0200] "GET /node/798 HTTP/1.1" 200 34646 "-" "Mozilla/5.0 (compatible; MJ12bot/v1.4.8; http://mj12bot.com/)"
149.202.87.176 - - [05/Jul/2023:06:34:34 +0200] "GET /node/802 HTTP/1.1" 200 21016 "-" "Mozilla/5.0 (compatible; MJ12bot/v1.4.8; http://mj12bot.com/)"
149.202.87.176 - - [05/Jul/2023:06:34:44 +0200] "GET /node/803 HTTP/1.1" 200 9247 "-" "Mozilla/5.0 (compatible; MJ12bot/v1.4.8; http://mj12bot.com/)"
149.202.87.176 - - [05/Jul/2023:06:34:55 +0200] "GET /node/804 HTTP/1.1" 200 16618 "-" "Mozilla/5.0 (compatible; MJ12bot/v1.4.8; http://mj12bot.com/)"
149.202.87.176 - - [05/Jul/2023:06:35:06 +0200] "GET /node/805 HTTP/1.1" 200 6803 "-" "Mozilla/5.0 (compatible; MJ12bot/v1.4.8; http://mj12bot.com/)"
149.202.87.176 - - [05/Jul/2023:06:35:17 +0200] "GET /node/806 HTTP/1.1" 200 7590 "-" "Mozilla/5.0 (compatible; MJ12bot/v1.4.8; http://mj12bot.com/)"
149.202.87.176 - - [05/Jul/2023:06:35:27 +0200] "GET /node/809 HTTP/1.1" 200 6644 "-" "Mozilla/5.0 (compatible; MJ12bot/v1.4.8; http://mj12bot.com/)"
149.202.87.176 - - [05/Jul/2023:06:35:38 +0200] "GET /node/811 HTTP/1.1" 200 7007 "-" "Mozilla/5.0 (compatible; MJ12bot/v1.4.8; http://mj12bot.com/)"
149.202.87.176 - - [05/Jul/2023:06:35:49 +0200] "GET /node/816 HTTP/1.1" 200 6401 "-" "Mozilla/5.0 (compatible; MJ12bot/v1.4.8; http://mj12bot.com/)"
149.202.87.176 - - [05/Jul/2023:06:35:59 +0200] "GET /node/820 HTTP/1.1" 200 6534 "-" "Mozilla/5.0 (compatible; MJ12bot/v1.4.8; http://mj12bot.com/)"
149.202.87.176 - - [05/Jul/2023:06:36:10 +0200] "GET /node/824 HTTP/1.1" 200 8752 "-" "Mozilla/5.0 (compatible; MJ12bot/v1.4.8; http://mj12bot.com/)"
149.202.87.176 - - [05/Jul/2023:06:36:21 +0200] "GET /node/825 HTTP/1.1" 200 7340 "-" "Mozilla/5.0 (compatible; MJ12bot/v1.4.8; http://mj12bot.com/)"
149.202.87.176 - - [05/Jul/2023:06:36:31 +0200] "GET /node/837 HTTP/1.1" 200 7729 "-" "Mozilla/5.0 (compatible; MJ12bot/v1.4.8; http://mj12bot.com/)"
149.202.87.176 - - [05/Jul/2023:06:36:42 +0200] "GET /node/839 HTTP/1.1" 200 6284 "-" "Mozilla/5.0 (compatible; MJ12bot/v1.4.8; http://mj12bot.com/)"
149.202.87.176 - - [05/Jul/2023:06:36:52 +0200] "GET /node/843 HTTP/1.1" 200 7980 "-" "Mozilla/5.0 (compatible; MJ12bot/v1.4.8; http://mj12bot.com/)"
54.36.148.113 - - [05/Jul/2023:06:37:01 +0200] "GET /node/672 HTTP/1.1" 200 8761 "-" "Mozilla/5.0 (compatible; AhrefsBot/7.0; +http://ahrefs.com/robot/)"
149.202.87.176 - - [05/Jul/2023:06:37:03 +0200] "GET /node/850 HTTP/1.1" 200 6936 "-" "Mozilla/5.0 (compatible; MJ12bot/v1.4.8; http://mj12bot.com/)"
149.202.87.176 - - [05/Jul/2023:06:37:14 +0200] "GET /node/852 HTTP/1.1" 200 5813 "-" "Mozilla/5.0 (compatible; MJ12bot/v1.4.8; http://mj12bot.com/)"
149.202.87.176 - - [05/Jul/2023:06:37:24 +0200] "GET /node/853 HTTP/1.1" 200 10233 "-" "Mozilla/5.0 (compatible; MJ12bot/v1.4.8; http://mj12bot.com/)"
149.202.87.176 - - [05/Jul/2023:06:37:35 +0200] "GET /node/857 HTTP/1.1" 200 6641 "-" "Mozilla/5.0 (compatible; MJ12bot/v1.4.8; http://mj12bot.com/)"
149.202.87.176 - - [05/Jul/2023:06:37:46 +0200] "GET /node/858 HTTP/1.1" 200 8855 "-" "Mozilla/5.0 (compatible; MJ12bot/v1.4.8; http://mj12bot.com/)"
149.202.87.176 - - [05/Jul/2023:06:37:56 +0200] "GET /node/859 HTTP/1.1" 200 6558 "-" "Mozilla/5.0 (compatible; MJ12bot/v1.4.8; http://mj12bot.com/)"
149.202.87.176 - - [05/Jul/2023:06:38:07 +0200] "GET /node/860 HTTP/1.1" 200 7796 "-" "Mozilla/5.0 (compatible; MJ12bot/v1.4.8; http://mj12bot.com/)"
149.202.87.176 - - [05/Jul/2023:06:38:18 +0200] "GET /node/862 HTTP/1.1" 200 6893 "-" "Mozilla/5.0 (compatible; MJ12bot/v1.4.8; http://mj12bot.com/)"
149.202.87.176 - - [05/Jul/2023:06:38:28 +0200] "GET /node/863 HTTP/1.1" 200 8472 "-" "Mozilla/5.0 (compatible; MJ12bot/v1.4.8; http://mj12bot.com/)"
149.202.87.176 - - [05/Jul/2023:06:38:40 +0200] "GET /node/868 HTTP/1.1" 200 7399 "-" "Mozilla/5.0 (compatible; MJ12bot/v1.4.8; http://mj12bot.com/)"
149.202.87.176 - - [05/Jul/2023:06:38:50 +0200] "GET /node/869 HTTP/1.1" 200 7860 "-" "Mozilla/5.0 (compatible; MJ12bot/v1.4.8; http://mj12bot.com/)"
149.202.87.176 - - [05/Jul/2023:06:39:01 +0200] "GET /node/872 HTTP/1.1" 200 8038 "-" "Mozilla/5.0 (compatible; MJ12bot/v1.4.8; http://mj12bot.com/)"
149.202.87.176 - - [05/Jul/2023:06:39:12 +0200] "GET /node/874 HTTP/1.1" 200 6435 "-" "Mozilla/5.0 (compatible; MJ12bot/v1.4.8; http://mj12bot.com/)"
149.202.87.176 - - [05/Jul/2023:06:39:23 +0200] "GET /node/875 HTTP/1.1" 200 8422 "-" "Mozilla/5.0 (compatible; MJ12bot/v1.4.8; http://mj12bot.com/)"
149.202.87.176 - - [05/Jul/2023:06:39:33 +0200] "GET /node/882 HTTP/1.1" 200 8854 "-" "Mozilla/5.0 (compatible; MJ12bot/v1.4.8; http://mj12bot.com/)"
149.202.87.176 - - [05/Jul/2023:06:39:44 +0200] "GET /node/8986 HTTP/1.1" 200 8006 "-" "Mozilla/5.0 (compatible; MJ12bot/v1.4.8; http://mj12bot.com/)"
149.202.87.176 - - [05/Jul/2023:06:39:55 +0200] "GET /node/899 HTTP/1.1" 200 8059 "-" "Mozilla/5.0 (compatible; MJ12bot/v1.4.8; http://mj12bot.com/)"
149.202.87.176 - - [05/Jul/2023:06:40:05 +0200] "GET /node/900 HTTP/1.1" 200 8058 "-" "Mozilla/5.0 (compatible; MJ12bot/v1.4.8; http://mj12bot.com/)"
149.202.87.176 - - [05/Jul/2023:06:40:16 +0200] "GET /node/901 HTTP/1.1" 200 5694 "-" "Mozilla/5.0 (compatible; MJ12bot/v1.4.8; http://mj12bot.com/)"
149.202.87.176 - - [05/Jul/2023:06:40:26 +0200] "GET /node/903 HTTP/1.1" 200 8271 "-" "Mozilla/5.0 (compatible; MJ12bot/v1.4.8; http://mj12bot.com/)"
149.202.87.176 - - [05/Jul/2023:06:40:37 +0200] "GET /node/912 HTTP/1.1" 200 6064 "-" "Mozilla/5.0 (compatible; MJ12bot/v1.4.8; http://mj12bot.com/)"
54.36.148.205 - - [05/Jul/2023:06:40:41 +0200] "GET /node/860 HTTP/1.1" 200 7796 "-" "Mozilla/5.0 (compatible; AhrefsBot/7.0; +http://ahrefs.com/robot/)"
149.202.87.176 - - [05/Jul/2023:06:40:48 +0200] "GET /node/913 HTTP/1.1" 200 6181 "-" "Mozilla/5.0 (compatible; MJ12bot/v1.4.8; http://mj12bot.com/)"
114.119.130.147 - - [05/Jul/2023:06:40:57 +0200] "GET /node/1005 HTTP/1.1" 200 6387 "http://treehugger.hu/positiveblog?page=18" "Mozilla/5.0 (Linux; Android 7.0;) AppleWebKit/537.36 (KHTML, like Gecko) Mobile Safari/537.36 (compatible; PetalBot;+https://webmaster.petalsearch.com/site/petalbot)"
149.202.87.176 - - [05/Jul/2023:06:40:59 +0200] "GET /node/914 HTTP/1.1" 200 5898 "-" "Mozilla/5.0 (compatible; MJ12bot/v1.4.8; http://mj12bot.com/)"
213.180.203.42 - - [05/Jul/2023:06:41:09 +0200] "GET /eventscalendar/2023-W22 HTTP/1.1" 200 7735 "-" "Mozilla/5.0 (compatible; YandexBot/3.0; +http://yandex.com/bots)"
149.202.87.176 - - [05/Jul/2023:06:41:09 +0200] "GET /node/915 HTTP/1.1" 200 11799 "-" "Mozilla/5.0 (compatible; MJ12bot/v1.4.8; http://mj12bot.com/)"
149.202.87.176 - - [05/Jul/2023:06:41:20 +0200] "GET /node/918 HTTP/1.1" 200 7129 "-" "Mozilla/5.0 (compatible; MJ12bot/v1.4.8; http://mj12bot.com/)"
149.202.87.176 - - [05/Jul/2023:06:41:31 +0200] "GET /node/924 HTTP/1.1" 200 8384 "-" "Mozilla/5.0 (compatible; MJ12bot/v1.4.8; http://mj12bot.com/)"
149.202.87.176 - - [05/Jul/2023:06:41:42 +0200] "GET /node/926 HTTP/1.1" 200 8129 "-" "Mozilla/5.0 (compatible; MJ12bot/v1.4.8; http://mj12bot.com/)"
149.202.87.176 - - [05/Jul/2023:06:41:52 +0200] "GET /node/927 HTTP/1.1" 200 10164 "-" "Mozilla/5.0 (compatible; MJ12bot/v1.4.8; http://mj12bot.com/)"
149.202.87.176 - - [05/Jul/2023:06:42:03 +0200] "GET /node/928 HTTP/1.1" 200 6027 "-" "Mozilla/5.0 (compatible; MJ12bot/v1.4.8; http://mj12bot.com/)"
149.202.87.176 - - [05/Jul/2023:06:42:14 +0200] "GET /node/930 HTTP/1.1" 200 5706 "-" "Mozilla/5.0 (compatible; MJ12bot/v1.4.8; http://mj12bot.com/)"
149.202.87.176 - - [05/Jul/2023:06:42:25 +0200] "GET /node/931 HTTP/1.1" 200 21480 "-" "Mozilla/5.0 (compatible; MJ12bot/v1.4.8; http://mj12bot.com/)"
149.202.87.176 - - [05/Jul/2023:06:42:35 +0200] "GET /node/932 HTTP/1.1" 200 34966 "-" "Mozilla/5.0 (compatible; MJ12bot/v1.4.8; http://mj12bot.com/)"
149.202.87.176 - - [05/Jul/2023:06:42:46 +0200] "GET /node/933 HTTP/1.1" 200 10970 "-" "Mozilla/5.0 (compatible; MJ12bot/v1.4.8; http://mj12bot.com/)"
114.119.159.6 - - [05/Jul/2023:06:42:48 +0200] "GET /eventscalendar/2023-11-01 HTTP/1.1" 200 5795 "http://treehugger.hu/eventscalendar/2023-11" "Mozilla/5.0 (Linux; Android 7.0;) AppleWebKit/537.36 (KHTML, like Gecko) Mobile Safari/537.36 (compatible; PetalBot;+https://webmaster.petalsearch.com/site/petalbot)"
149.202.87.176 - - [05/Jul/2023:06:42:57 +0200] "GET /node/937 HTTP/1.1" 200 6598 "-" "Mozilla/5.0 (compatible; MJ12bot/v1.4.8; http://mj12bot.com/)"
149.202.87.176 - - [05/Jul/2023:06:43:07 +0200] "GET /node/939 HTTP/1.1" 200 8376 "-" "Mozilla/5.0 (compatible; MJ12bot/v1.4.8; http://mj12bot.com/)"
149.202.87.176 - - [05/Jul/2023:06:43:18 +0200] "GET /node/940 HTTP/1.1" 200 5661 "-" "Mozilla/5.0 (compatible; MJ12bot/v1.4.8; http://mj12bot.com/)"
149.202.87.176 - - [05/Jul/2023:06:43:29 +0200] "GET /node/943 HTTP/1.1" 200 7854 "-" "Mozilla/5.0 (compatible; MJ12bot/v1.4.8; http://mj12bot.com/)"
149.202.87.176 - - [05/Jul/2023:06:43:40 +0200] "GET /node/945 HTTP/1.1" 200 6379 "-" "Mozilla/5.0 (compatible; MJ12bot/v1.4.8; http://mj12bot.com/)"
114.119.137.54 - - [05/Jul/2023:06:43:48 +0200] "GET /eventscalendar/2023-04-18 HTTP/1.1" 200 5791 "http://treehugger.hu/eventscalendar/2023-W17" "Mozilla/5.0 (Linux; Android 7.0;) AppleWebKit/537.36 (KHTML, like Gecko) Mobile Safari/537.36 (compatible; PetalBot;+https://webmaster.petalsearch.com/site/petalbot)"
149.202.87.176 - - [05/Jul/2023:06:43:50 +0200] "GET /node/948 HTTP/1.1" 200 6592 "-" "Mozilla/5.0 (compatible; MJ12bot/v1.4.8; http://mj12bot.com/)"
149.202.87.176 - - [05/Jul/2023:06:44:01 +0200] "GET /node/9482 HTTP/1.1" 200 8844 "-" "Mozilla/5.0 (compatible; MJ12bot/v1.4.8; http://mj12bot.com/)"
54.36.148.58 - - [05/Jul/2023:06:44:04 +0200] "GET /node/728?q=signupfornewsletter HTTP/1.1" 200 4719 "-" "Mozilla/5.0 (compatible; AhrefsBot/7.0; +http://ahrefs.com/robot/)"
74.125.214.103 - - [05/Jul/2023:06:44:06 +0200] "HEAD /blog/3/feed HTTP/1.1" 200 0 "-" "FeedBurner/1.0 (http://www.FeedBurner.com)"
5.255.231.197 - - [05/Jul/2023:06:44:07 +0200] "GET /eventscalendar/2017-W45 HTTP/1.1" 404 4174 "-" "Mozilla/5.0 (compatible; YandexBot/3.0; +http://yandex.com/bots)"
149.202.87.176 - - [05/Jul/2023:06:44:12 +0200] "GET /node/9483 HTTP/1.1" 200 11816 "-" "Mozilla/5.0 (compatible; MJ12bot/v1.4.8; http://mj12bot.com/)"
149.202.87.176 - - [05/Jul/2023:06:44:23 +0200] "GET /node/950 HTTP/1.1" 200 6495 "-" "Mozilla/5.0 (compatible; MJ12bot/v1.4.8; http://mj12bot.com/)"
74.125.214.103 - - [05/Jul/2023:06:44:24 +0200] "HEAD /blog/3/feed HTTP/1.1" 200 0 "-" "FeedBurner/1.0 (http://www.FeedBurner.com)"
149.202.87.176 - - [05/Jul/2023:06:44:33 +0200] "GET /node/951 HTTP/1.1" 200 7789 "-" "Mozilla/5.0 (compatible; MJ12bot/v1.4.8; http://mj12bot.com/)"
149.202.87.176 - - [05/Jul/2023:06:44:44 +0200] "GET /node/952 HTTP/1.1" 200 6689 "-" "Mozilla/5.0 (compatible; MJ12bot/v1.4.8; http://mj12bot.com/)"
149.202.87.176 - - [05/Jul/2023:06:44:55 +0200] "GET /node/953 HTTP/1.1" 200 5318 "-" "Mozilla/5.0 (compatible; MJ12bot/v1.4.8; http://mj12bot.com/)"
149.202.87.176 - - [05/Jul/2023:06:45:06 +0200] "GET /node/954 HTTP/1.1" 200 5835 "-" "Mozilla/5.0 (compatible; MJ12bot/v1.4.8; http://mj12bot.com/)"
149.202.87.176 - - [05/Jul/2023:06:45:16 +0200] "GET /node/955 HTTP/1.1" 200 5647 "-" "Mozilla/5.0 (compatible; MJ12bot/v1.4.8; http://mj12bot.com/)"
149.202.87.176 - - [05/Jul/2023:06:45:27 +0200] "GET /node/956 HTTP/1.1" 200 9193 "-" "Mozilla/5.0 (compatible; MJ12bot/v1.4.8; http://mj12bot.com/)"
149.202.87.176 - - [05/Jul/2023:06:45:38 +0200] "GET /node/957 HTTP/1.1" 200 7886 "-" "Mozilla/5.0 (compatible; MJ12bot/v1.4.8; http://mj12bot.com/)"
149.202.87.176 - - [05/Jul/2023:06:45:49 +0200] "GET /node/959 HTTP/1.1" 200 6790 "-" "Mozilla/5.0 (compatible; MJ12bot/v1.4.8; http://mj12bot.com/)"
52.167.144.48 - - [05/Jul/2023:06:48:09 +0200] "GET /eventscalendar/2020-01-04 HTTP/1.1" 200 5793 "-" "Mozilla/5.0 AppleWebKit/537.36 (KHTML, like Gecko; compatible; bingbot/2.0; +http://www.bing.com/bingbot.htm) Chrome/103.0.5060.134 Safari/537.36"
54.36.148.172 - - [05/Jul/2023:06:48:15 +0200] "GET /node/1143 HTTP/1.1" 200 15249 "-" "Mozilla/5.0 (compatible; AhrefsBot/7.0; +http://ahrefs.com/robot/)"
213.180.203.230 - - [05/Jul/2023:06:48:50 +0200] "GET /eventscalendar/2020-W43?q=signupfornewsletter HTTP/1.1" 200 4719 "-" "Mozilla/5.0 (compatible; YandexBot/3.0; +http://yandex.com/bots)"
54.36.149.92 - - [05/Jul/2023:06:51:47 +0200] "GET /node/1112 HTTP/1.1" 200 11380 "-" "Mozilla/5.0 (compatible; AhrefsBot/7.0; +http://ahrefs.com/robot/)"
66.102.6.32 - - [05/Jul/2023:06:53:20 +0200] "GET /blog/3/feed HTTP/1.1" 200 2701 "-" "FeedBurner/1.0 (http://www.FeedBurner.com)"
212.129.24.76 - - [05/Jul/2023:06:53:22 +0200] "GET /node/8915 HTTP/1.1" 200 16834 "http://treehugger.hu/node/8915" "Mozilla/5.0 (Windows NT 10.0; Win64; x64) AppleWebKit/537.36 (KHTML, like Gecko) Chrome/106.0.0.0 Safari/537.36"
54.36.148.52 - - [05/Jul/2023:06:55:37 +0200] "GET /node/1015?q=signupfornewsletter HTTP/1.1" 200 4719 "-" "Mozilla/5.0 (compatible; AhrefsBot/7.0; +http://ahrefs.com/robot/)"
5.45.207.158 - - [05/Jul/2023:06:58:42 +0200] "GET /node/983?q=signupfornewsletter HTTP/1.1" 200 4719 "-" "Mozilla/5.0 (compatible; YandexBot/3.0; +http://yandex.com/bots)"
54.36.148.224 - - [05/Jul/2023:06:58:59 +0200] "GET /node/314 HTTP/1.1" 200 7672 "-" "Mozilla/5.0 (compatible; AhrefsBot/7.0; +http://ahrefs.com/robot/)"
5.255.231.144 - - [05/Jul/2023:07:01:28 +0200] "GET /eventscalendar/2021-09-09 HTTP/1.1" 200 5795 "-" "Mozilla/5.0 (compatible; YandexBot/3.0; +http://yandex.com/bots)"
54.36.148.44 - - [05/Jul/2023:07:03:29 +0200] "GET /node/1098 HTTP/1.1" 200 9599 "-" "Mozilla/5.0 (compatible; AhrefsBot/7.0; +http://ahrefs.com/robot/)"
95.108.213.156 - - [05/Jul/2023:07:05:00 +0200] "GET /eventscalendar/2020-03-28 HTTP/1.1" 200 5807 "-" "Mozilla/5.0 (compatible; YandexBot/3.0; +http://yandex.com/bots)"
66.102.6.34 - - [05/Jul/2023:07:07:09 +0200] "GET /blog/3/feed HTTP/1.1" 200 2701 "-" "FeedBurner/1.0 (http://www.FeedBurner.com)"
54.36.148.224 - - [05/Jul/2023:07:07:43 +0200] "GET /robots.txt HTTP/1.1" 200 1590 "-" "Mozilla/5.0 (compatible; AhrefsBot/7.0; +http://ahrefs.com/robot/)"
54.36.148.172 - - [05/Jul/2023:07:07:53 +0200] "GET /node/629?q=signupfornewsletter HTTP/1.1" 200 4719 "-" "Mozilla/5.0 (compatible; AhrefsBot/7.0; +http://ahrefs.com/robot/)"
66.102.6.33 - - [05/Jul/2023:07:07:55 +0200] "GET /blog/3/feed HTTP/1.1" 200 2701 "-" "FeedBurner/1.0 (http://www.FeedBurner.com)"
5.45.207.159 - - [05/Jul/2023:07:08:17 +0200] "GET /eventscalendar/2017-06-14?q=signupfornewsletter HTTP/1.1" 200 4719 "-" "Mozilla/5.0 (compatible; YandexBot/3.0; +http://yandex.com/bots)"
5.255.231.244 - - [05/Jul/2023:07:09:25 +0200] "GET /eventscalendar/2021-09-09?q=signupformailinglist HTTP/1.1" 404 4060 "-" "Mozilla/5.0 (compatible; YandexBot/3.0; +http://yandex.com/bots)"
5.45.207.76 - - [05/Jul/2023:07:09:26 +0200] "GET /eventscalendar/2021-09-09?q=signupfornewsletter HTTP/1.1" 200 4719 "-" "Mozilla/5.0 (compatible; YandexBot/3.0; +http://yandex.com/bots)"
5.255.231.161 - - [05/Jul/2023:07:09:27 +0200] "GET /eventscalendar/2021-09-10 HTTP/1.1" 200 5794 "-" "Mozilla/5.0 (compatible; YandexBot/3.0; +http://yandex.com/bots)"
213.180.203.254 - - [05/Jul/2023:07:09:27 +0200] "GET /eventscalendar/2021-W37 HTTP/1.1" 200 7736 "-" "Mozilla/5.0 (compatible; YandexBot/3.0; +http://yandex.com/bots)"
