162.55.85.219 - - [03/Jul/2023:05:57:49 +0200] "GET /node/431 HTTP/1.1" 200 6480 "-" "Mozilla/5.0 (compatible; BLEXBot/1.0; +http://webmeup-crawler.com/)"
65.108.0.71 - - [03/Jul/2023:05:57:49 +0200] "GET /node/147?q=signupformailinglist HTTP/1.1" 404 4060 "-" "Mozilla/5.0 (compatible; MJ12bot/v1.4.8; http://mj12bot.com/)"
135.181.180.59 - - [03/Jul/2023:05:57:55 +0200] "GET /node/967 HTTP/1.1" 200 8316 "-" "Mozilla/5.0 (compatible; MJ12bot/v1.4.8; http://mj12bot.com/)"
65.108.0.71 - - [03/Jul/2023:05:58:00 +0200] "GET /node/183 HTTP/1.1" 200 10147 "-" "Mozilla/5.0 (compatible; MJ12bot/v1.4.8; http://mj12bot.com/)"
162.55.85.219 - - [03/Jul/2023:05:58:03 +0200] "GET /node/433 HTTP/1.1" 200 6557 "-" "Mozilla/5.0 (compatible; BLEXBot/1.0; +http://webmeup-crawler.com/)"
135.181.180.59 - - [03/Jul/2023:05:58:06 +0200] "GET /node/967?q=signupformailinglist HTTP/1.1" 404 4060 "-" "Mozilla/5.0 (compatible; MJ12bot/v1.4.8; http://mj12bot.com/)"
65.108.0.71 - - [03/Jul/2023:05:58:11 +0200] "GET /node/183?q=signupformailinglist HTTP/1.1" 404 4060 "-" "Mozilla/5.0 (compatible; MJ12bot/v1.4.8; http://mj12bot.com/)"
162.55.85.219 - - [03/Jul/2023:05:58:16 +0200] "GET /node/435 HTTP/1.1" 200 5268 "-" "Mozilla/5.0 (compatible; BLEXBot/1.0; +http://webmeup-crawler.com/)"
135.181.180.59 - - [03/Jul/2023:05:58:16 +0200] "GET /node/967?q=signupfornewsletter HTTP/1.1" 200 4719 "-" "Mozilla/5.0 (compatible; MJ12bot/v1.4.8; http://mj12bot.com/)"
65.108.0.71 - - [03/Jul/2023:05:58:21 +0200] "GET /node/184 HTTP/1.1" 200 5294 "-" "Mozilla/5.0 (compatible; MJ12bot/v1.4.8; http://mj12bot.com/)"
135.181.180.59 - - [03/Jul/2023:05:58:27 +0200] "GET /node/968 HTTP/1.1" 200 6752 "-" "Mozilla/5.0 (compatible; MJ12bot/v1.4.8; http://mj12bot.com/)"
162.55.85.219 - - [03/Jul/2023:05:58:29 +0200] "GET /node/439 HTTP/1.1" 200 5543 "-" "Mozilla/5.0 (compatible; BLEXBot/1.0; +http://webmeup-crawler.com/)"
65.108.0.71 - - [03/Jul/2023:05:58:32 +0200] "GET /node/186 HTTP/1.1" 200 17085 "-" "Mozilla/5.0 (compatible; MJ12bot/v1.4.8; http://mj12bot.com/)"
135.181.180.59 - - [03/Jul/2023:05:58:38 +0200] "GET /node/968?q=signupformailinglist HTTP/1.1" 404 4060 "-" "Mozilla/5.0 (compatible; MJ12bot/v1.4.8; http://mj12bot.com/)"
65.108.0.71 - - [03/Jul/2023:05:58:42 +0200] "GET /node/197 HTTP/1.1" 200 5328 "-" "Mozilla/5.0 (compatible; MJ12bot/v1.4.8; http://mj12bot.com/)"
162.55.85.219 - - [03/Jul/2023:05:58:44 +0200] "GET /node/440 HTTP/1.1" 200 5643 "-" "Mozilla/5.0 (compatible; BLEXBot/1.0; +http://webmeup-crawler.com/)"
135.181.180.59 - - [03/Jul/2023:05:58:48 +0200] "GET /node/969 HTTP/1.1" 200 8515 "-" "Mozilla/5.0 (compatible; MJ12bot/v1.4.8; http://mj12bot.com/)"
65.108.0.71 - - [03/Jul/2023:05:58:53 +0200] "GET /node/197?q=signupfornewsletter HTTP/1.1" 200 4719 "-" "Mozilla/5.0 (compatible; MJ12bot/v1.4.8; http://mj12bot.com/)"
162.55.85.219 - - [03/Jul/2023:05:58:57 +0200] "GET /node/441 HTTP/1.1" 200 5344 "-" "Mozilla/5.0 (compatible; BLEXBot/1.0; +http://webmeup-crawler.com/)"
135.181.180.59 - - [03/Jul/2023:05:58:59 +0200] "GET /node/969?q=signupformailinglist HTTP/1.1" 404 4060 "-" "Mozilla/5.0 (compatible; MJ12bot/v1.4.8; http://mj12bot.com/)"
65.108.0.71 - - [03/Jul/2023:05:59:04 +0200] "GET /node/305 HTTP/1.1" 200 6253 "-" "Mozilla/5.0 (compatible; MJ12bot/v1.4.8; http://mj12bot.com/)"
135.181.180.59 - - [03/Jul/2023:05:59:09 +0200] "GET /node/969?q=signupfornewsletter HTTP/1.1" 200 4719 "-" "Mozilla/5.0 (compatible; MJ12bot/v1.4.8; http://mj12bot.com/)"
162.55.85.219 - - [03/Jul/2023:05:59:12 +0200] "GET /node/442 HTTP/1.1" 200 5321 "-" "Mozilla/5.0 (compatible; BLEXBot/1.0; +http://webmeup-crawler.com/)"
65.108.0.71 - - [03/Jul/2023:05:59:15 +0200] "GET /node/305?q=signupformailinglist HTTP/1.1" 404 4060 "-" "Mozilla/5.0 (compatible; MJ12bot/v1.4.8; http://mj12bot.com/)"
135.181.180.59 - - [03/Jul/2023:05:59:20 +0200] "GET /node/970 HTTP/1.1" 200 7334 "-" "Mozilla/5.0 (compatible; MJ12bot/v1.4.8; http://mj12bot.com/)"
65.108.0.71 - - [03/Jul/2023:05:59:25 +0200] "GET /node/305?q=signupfornewsletter HTTP/1.1" 200 4719 "-" "Mozilla/5.0 (compatible; MJ12bot/v1.4.8; http://mj12bot.com/)"
162.55.85.219 - - [03/Jul/2023:05:59:30 +0200] "GET /node/444 HTTP/1.1" 200 5184 "-" "Mozilla/5.0 (compatible; BLEXBot/1.0; +http://webmeup-crawler.com/)"
135.181.180.59 - - [03/Jul/2023:05:59:31 +0200] "GET /node/970?q=signupformailinglist HTTP/1.1" 404 4060 "-" "Mozilla/5.0 (compatible; MJ12bot/v1.4.8; http://mj12bot.com/)"
65.108.0.71 - - [03/Jul/2023:05:59:35 +0200] "GET /node/393 HTTP/1.1" 200 4796 "-" "Mozilla/5.0 (compatible; MJ12bot/v1.4.8; http://mj12bot.com/)"
135.181.180.59 - - [03/Jul/2023:05:59:41 +0200] "GET /node/971 HTTP/1.1" 200 7342 "-" "Mozilla/5.0 (compatible; MJ12bot/v1.4.8; http://mj12bot.com/)"
162.55.85.219 - - [03/Jul/2023:05:59:44 +0200] "GET /node/468 HTTP/1.1" 200 4955 "-" "Mozilla/5.0 (compatible; BLEXBot/1.0; +http://webmeup-crawler.com/)"
65.108.0.71 - - [03/Jul/2023:05:59:46 +0200] "GET /node/393?q=signupformailinglist HTTP/1.1" 404 4060 "-" "Mozilla/5.0 (compatible; MJ12bot/v1.4.8; http://mj12bot.com/)"
135.181.180.59 - - [03/Jul/2023:05:59:52 +0200] "GET /node/971?q=signupformailinglist HTTP/1.1" 404 4060 "-" "Mozilla/5.0 (compatible; MJ12bot/v1.4.8; http://mj12bot.com/)"
65.108.0.71 - - [03/Jul/2023:05:59:57 +0200] "GET /node/393?q=signupfornewsletter HTTP/1.1" 200 4719 "-" "Mozilla/5.0 (compatible; MJ12bot/v1.4.8; http://mj12bot.com/)"
162.55.85.219 - - [03/Jul/2023:05:59:57 +0200] "GET /node/469 HTTP/1.1" 200 5294 "-" "Mozilla/5.0 (compatible; BLEXBot/1.0; +http://webmeup-crawler.com/)"
135.181.180.59 - - [03/Jul/2023:06:00:03 +0200] "GET /node/972 HTTP/1.1" 200 7749 "-" "Mozilla/5.0 (compatible; MJ12bot/v1.4.8; http://mj12bot.com/)"
65.108.0.71 - - [03/Jul/2023:06:00:07 +0200] "GET /node/394 HTTP/1.1" 200 5112 "-" "Mozilla/5.0 (compatible; MJ12bot/v1.4.8; http://mj12bot.com/)"
135.181.180.59 - - [03/Jul/2023:06:00:13 +0200] "GET /node/972?q=signupformailinglist HTTP/1.1" 404 4060 "-" "Mozilla/5.0 (compatible; MJ12bot/v1.4.8; http://mj12bot.com/)"
65.108.0.71 - - [03/Jul/2023:06:00:18 +0200] "GET /node/394?q=signupformailinglist HTTP/1.1" 404 4060 "-" "Mozilla/5.0 (compatible; MJ12bot/v1.4.8; http://mj12bot.com/)"
162.55.85.219 - - [03/Jul/2023:06:00:20 +0200] "GET /node/470 HTTP/1.1" 200 5243 "-" "Mozilla/5.0 (compatible; BLEXBot/1.0; +http://webmeup-crawler.com/)"
135.181.180.59 - - [03/Jul/2023:06:00:24 +0200] "GET /node/972?q=signupfornewsletter HTTP/1.1" 200 4719 "-" "Mozilla/5.0 (compatible; MJ12bot/v1.4.8; http://mj12bot.com/)"
65.108.0.71 - - [03/Jul/2023:06:00:29 +0200] "GET /node/394?q=signupfornewsletter HTTP/1.1" 200 4719 "-" "Mozilla/5.0 (compatible; MJ12bot/v1.4.8; http://mj12bot.com/)"
162.55.85.219 - - [03/Jul/2023:06:00:34 +0200] "GET /node/491 HTTP/1.1" 200 5898 "-" "Mozilla/5.0 (compatible; BLEXBot/1.0; +http://webmeup-crawler.com/)"
135.181.180.59 - - [03/Jul/2023:06:00:35 +0200] "GET /node/974 HTTP/1.1" 200 14280 "-" "Mozilla/5.0 (compatible; MJ12bot/v1.4.8; http://mj12bot.com/)"
65.108.0.71 - - [03/Jul/2023:06:00:40 +0200] "GET /node/472 HTTP/1.1" 200 5545 "-" "Mozilla/5.0 (compatible; MJ12bot/v1.4.8; http://mj12bot.com/)"
135.181.180.59 - - [03/Jul/2023:06:00:45 +0200] "GET /node/974?q=signupformailinglist HTTP/1.1" 404 4060 "-" "Mozilla/5.0 (compatible; MJ12bot/v1.4.8; http://mj12bot.com/)"
162.55.85.219 - - [03/Jul/2023:06:00:47 +0200] "GET /node/525 HTTP/1.1" 200 5388 "-" "Mozilla/5.0 (compatible; BLEXBot/1.0; +http://webmeup-crawler.com/)"
65.108.0.71 - - [03/Jul/2023:06:00:50 +0200] "GET /node/472?q=signupformailinglist HTTP/1.1" 404 4060 "-" "Mozilla/5.0 (compatible; MJ12bot/v1.4.8; http://mj12bot.com/)"
135.181.180.59 - - [03/Jul/2023:06:00:56 +0200] "GET /node/974?q=signupfornewsletter HTTP/1.1" 200 4719 "-" "Mozilla/5.0 (compatible; MJ12bot/v1.4.8; http://mj12bot.com/)"
74.119.195.120 - - [03/Jul/2023:06:00:56 +0200] "GET / HTTP/1.1" 200 4123 "-" "Mozilla/5.0 (Windows NT 10.0; Win64; x64) AppleWebKit/537.36 (KHTML, like Gecko) Chrome/98.0.4758.102 Safari/537.36"
65.108.0.71 - - [03/Jul/2023:06:01:01 +0200] "GET /node/481 HTTP/1.1" 200 5779 "-" "Mozilla/5.0 (compatible; MJ12bot/v1.4.8; http://mj12bot.com/)"
135.181.180.59 - - [03/Jul/2023:06:01:06 +0200] "GET /node/975 HTTP/1.1" 200 8249 "-" "Mozilla/5.0 (compatible; MJ12bot/v1.4.8; http://mj12bot.com/)"
191.102.151.75 - - [03/Jul/2023:06:01:11 +0200] "GET /node/489 HTTP/1.1" 200 6403 "http://www.treehugger.hu/" "Mozilla/5.0 (X11; Linux i686) AppleWebKit/537.36 (KHTML, like Gecko) Chrome/103.0.0.0 Safari/537.36 Vivaldi/5.3.2679.68"
65.108.0.71 - - [03/Jul/2023:06:01:12 +0200] "GET /node/481?q=signupformailinglist HTTP/1.1" 404 4060 "-" "Mozilla/5.0 (compatible; MJ12bot/v1.4.8; http://mj12bot.com/)"
191.102.151.75 - - [03/Jul/2023:06:01:13 +0200] "GET /?q=user HTTP/1.1" 200 5465 "http://www.treehugger.hu/" "Mozilla/5.0 (X11; Linux i686) AppleWebKit/537.36 (KHTML, like Gecko) Chrome/103.0.0.0 Safari/537.36 Vivaldi/5.3.2679.68"
191.102.151.75 - - [03/Jul/2023:06:01:13 +0200] "POST /?q=user HTTP/1.1" 200 5490 "http://www.treehugger.hu/?q=user" "Mozilla/5.0 (X11; Linux i686) AppleWebKit/537.36 (KHTML, like Gecko) Chrome/103.0.0.0 Safari/537.36 Vivaldi/5.3.2679.68"
191.102.151.75 - - [03/Jul/2023:06:01:14 +0200] "POST /?q=user HTTP/1.1" 200 5490 "http://www.treehugger.hu/?q=user" "Mozilla/5.0 (X11; Linux i686) AppleWebKit/537.36 (KHTML, like Gecko) Chrome/103.0.0.0 Safari/537.36 Vivaldi/5.3.2679.68"
191.102.151.75 - - [03/Jul/2023:06:01:15 +0200] "GET /?q=node/add HTTP/1.1" 200 4284 "http://www.treehugger.hu/" "Mozilla/5.0 (X11; Linux i686) AppleWebKit/537.36 (KHTML, like Gecko) Chrome/103.0.0.0 Safari/537.36 Vivaldi/5.3.2679.68"
191.102.151.75 - - [03/Jul/2023:06:01:16 +0200] "GET /positiveblog HTTP/1.1" 200 15052 "http://www.treehugger.hu/?q=node/add" "Mozilla/5.0 (X11; Linux i686) AppleWebKit/537.36 (KHTML, like Gecko) Chrome/103.0.0.0 Safari/537.36 Vivaldi/5.3.2679.68"
191.102.151.75 - - [03/Jul/2023:06:01:17 +0200] "GET /?q=user HTTP/1.1" 200 1972 "http://www.treehugger.hu/" "Mozilla/5.0 (X11; Linux i686) AppleWebKit/537.36 (KHTML, like Gecko) Chrome/103.0.0.0 Safari/537.36 Vivaldi/5.3.2679.68"
135.181.180.59 - - [03/Jul/2023:06:01:17 +0200] "GET /node/975?q=signupformailinglist HTTP/1.1" 404 4060 "-" "Mozilla/5.0 (compatible; MJ12bot/v1.4.8; http://mj12bot.com/)"
65.108.0.71 - - [03/Jul/2023:06:01:22 +0200] "GET /node/481?q=signupfornewsletter HTTP/1.1" 200 4719 "-" "Mozilla/5.0 (compatible; MJ12bot/v1.4.8; http://mj12bot.com/)"
162.55.85.219 - - [03/Jul/2023:06:01:22 +0200] "GET /node/685 HTTP/1.1" 200 5345 "-" "Mozilla/5.0 (compatible; BLEXBot/1.0; +http://webmeup-crawler.com/)"
135.181.180.59 - - [03/Jul/2023:06:01:28 +0200] "GET /node/976 HTTP/1.1" 200 9731 "-" "Mozilla/5.0 (compatible; MJ12bot/v1.4.8; http://mj12bot.com/)"
65.108.0.71 - - [03/Jul/2023:06:01:33 +0200] "GET /node/488 HTTP/1.1" 200 5339 "-" "Mozilla/5.0 (compatible; MJ12bot/v1.4.8; http://mj12bot.com/)"
135.181.180.59 - - [03/Jul/2023:06:01:38 +0200] "GET /node/976?q=signupformailinglist HTTP/1.1" 404 4060 "-" "Mozilla/5.0 (compatible; MJ12bot/v1.4.8; http://mj12bot.com/)"
162.55.85.219 - - [03/Jul/2023:06:01:40 +0200] "GET /node/690 HTTP/1.1" 200 6987 "-" "Mozilla/5.0 (compatible; BLEXBot/1.0; +http://webmeup-crawler.com/)"
65.108.0.71 - - [03/Jul/2023:06:01:43 +0200] "GET /node/488?q=signupformailinglist HTTP/1.1" 404 4060 "-" "Mozilla/5.0 (compatible; MJ12bot/v1.4.8; http://mj12bot.com/)"
135.181.180.59 - - [03/Jul/2023:06:01:49 +0200] "GET /node/979 HTTP/1.1" 200 8748 "-" "Mozilla/5.0 (compatible; MJ12bot/v1.4.8; http://mj12bot.com/)"
65.108.0.71 - - [03/Jul/2023:06:01:54 +0200] "GET /node/488?q=signupfornewsletter HTTP/1.1" 200 4719 "-" "Mozilla/5.0 (compatible; MJ12bot/v1.4.8; http://mj12bot.com/)"
162.55.85.219 - - [03/Jul/2023:06:01:55 +0200] "GET /node/699 HTTP/1.1" 200 6468 "-" "Mozilla/5.0 (compatible; BLEXBot/1.0; +http://webmeup-crawler.com/)"
135.181.180.59 - - [03/Jul/2023:06:02:00 +0200] "GET /node/979?q=signupformailinglist HTTP/1.1" 404 4060 "-" "Mozilla/5.0 (compatible; MJ12bot/v1.4.8; http://mj12bot.com/)"
65.108.0.71 - - [03/Jul/2023:06:02:05 +0200] "GET /node/563 HTTP/1.1" 200 7393 "-" "Mozilla/5.0 (compatible; MJ12bot/v1.4.8; http://mj12bot.com/)"
162.55.85.219 - - [03/Jul/2023:06:02:09 +0200] "GET /node/714 HTTP/1.1" 200 6033 "-" "Mozilla/5.0 (compatible; BLEXBot/1.0; +http://webmeup-crawler.com/)"
135.181.180.59 - - [03/Jul/2023:06:02:11 +0200] "GET /node/980 HTTP/1.1" 200 7172 "-" "Mozilla/5.0 (compatible; MJ12bot/v1.4.8; http://mj12bot.com/)"
65.108.0.71 - - [03/Jul/2023:06:02:15 +0200] "GET /node/563?q=signupformailinglist HTTP/1.1" 404 4060 "-" "Mozilla/5.0 (compatible; MJ12bot/v1.4.8; http://mj12bot.com/)"
135.181.180.59 - - [03/Jul/2023:06:02:21 +0200] "GET /node/980?q=signupformailinglist HTTP/1.1" 404 4060 "-" "Mozilla/5.0 (compatible; MJ12bot/v1.4.8; http://mj12bot.com/)"
162.55.85.219 - - [03/Jul/2023:06:02:24 +0200] "GET /node/715 HTTP/1.1" 200 5971 "-" "Mozilla/5.0 (compatible; BLEXBot/1.0; +http://webmeup-crawler.com/)"
31.13.103.10 - - [03/Jul/2023:06:02:25 +0200] "GET /sites/default/files/house.jpg HTTP/1.1" 200 3361011 "-" "facebookexternalhit/1.1 (+http://www.facebook.com/externalhit_uatext.php)"
65.108.0.71 - - [03/Jul/2023:06:02:26 +0200] "GET /node/563?q=signupfornewsletter HTTP/1.1" 200 4719 "-" "Mozilla/5.0 (compatible; MJ12bot/v1.4.8; http://mj12bot.com/)"
135.181.180.59 - - [03/Jul/2023:06:02:32 +0200] "GET /node/982 HTTP/1.1" 200 8448 "-" "Mozilla/5.0 (compatible; MJ12bot/v1.4.8; http://mj12bot.com/)"
65.108.0.71 - - [03/Jul/2023:06:02:37 +0200] "GET /node/589 HTTP/1.1" 200 9109 "-" "Mozilla/5.0 (compatible; MJ12bot/v1.4.8; http://mj12bot.com/)"
162.55.85.219 - - [03/Jul/2023:06:02:39 +0200] "GET /node/716 HTTP/1.1" 200 5553 "-" "Mozilla/5.0 (compatible; BLEXBot/1.0; +http://webmeup-crawler.com/)"
135.181.180.59 - - [03/Jul/2023:06:02:42 +0200] "GET /node/982?q=signupformailinglist HTTP/1.1" 404 4060 "-" "Mozilla/5.0 (compatible; MJ12bot/v1.4.8; http://mj12bot.com/)"
65.108.0.71 - - [03/Jul/2023:06:02:48 +0200] "GET /node/643 HTTP/1.1" 200 5654 "-" "Mozilla/5.0 (compatible; MJ12bot/v1.4.8; http://mj12bot.com/)"
162.55.85.219 - - [03/Jul/2023:06:02:52 +0200] "GET /node/717 HTTP/1.1" 200 5874 "-" "Mozilla/5.0 (compatible; BLEXBot/1.0; +http://webmeup-crawler.com/)"
135.181.180.59 - - [03/Jul/2023:06:02:53 +0200] "GET /node/983 HTTP/1.1" 200 10512 "-" "Mozilla/5.0 (compatible; MJ12bot/v1.4.8; http://mj12bot.com/)"
65.108.0.71 - - [03/Jul/2023:06:02:58 +0200] "GET /node/643?q=signupformailinglist HTTP/1.1" 404 4060 "-" "Mozilla/5.0 (compatible; MJ12bot/v1.4.8; http://mj12bot.com/)"
135.181.180.59 - - [03/Jul/2023:06:03:04 +0200] "GET /node/983?q=signupformailinglist HTTP/1.1" 404 4060 "-" "Mozilla/5.0 (compatible; MJ12bot/v1.4.8; http://mj12bot.com/)"
162.55.85.219 - - [03/Jul/2023:06:03:05 +0200] "GET /node/736 HTTP/1.1" 200 5524 "-" "Mozilla/5.0 (compatible; BLEXBot/1.0; +http://webmeup-crawler.com/)"
65.108.0.71 - - [03/Jul/2023:06:03:09 +0200] "GET /node/643?q=signupfornewsletter HTTP/1.1" 200 4719 "-" "Mozilla/5.0 (compatible; MJ12bot/v1.4.8; http://mj12bot.com/)"
135.181.180.59 - - [03/Jul/2023:06:03:14 +0200] "GET /node/984 HTTP/1.1" 200 7513 "-" "Mozilla/5.0 (compatible; MJ12bot/v1.4.8; http://mj12bot.com/)"
162.55.85.219 - - [03/Jul/2023:06:03:17 +0200] "GET /node/737 HTTP/1.1" 200 6130 "-" "Mozilla/5.0 (compatible; BLEXBot/1.0; +http://webmeup-crawler.com/)"
65.108.0.71 - - [03/Jul/2023:06:03:20 +0200] "GET /node/665 HTTP/1.1" 200 6016 "-" "Mozilla/5.0 (compatible; MJ12bot/v1.4.8; http://mj12bot.com/)"
135.181.180.59 - - [03/Jul/2023:06:03:25 +0200] "GET /node/984?q=signupformailinglist HTTP/1.1" 404 4060 "-" "Mozilla/5.0 (compatible; MJ12bot/v1.4.8; http://mj12bot.com/)"
162.55.85.219 - - [03/Jul/2023:06:03:29 +0200] "GET /node/738 HTTP/1.1" 200 5601 "-" "Mozilla/5.0 (compatible; BLEXBot/1.0; +http://webmeup-crawler.com/)"
65.108.0.71 - - [03/Jul/2023:06:03:30 +0200] "GET /node/676 HTTP/1.1" 200 6958 "-" "Mozilla/5.0 (compatible; MJ12bot/v1.4.8; http://mj12bot.com/)"
135.181.180.59 - - [03/Jul/2023:06:03:35 +0200] "GET /node/984?q=signupfornewsletter HTTP/1.1" 200 4719 "-" "Mozilla/5.0 (compatible; MJ12bot/v1.4.8; http://mj12bot.com/)"
65.108.0.71 - - [03/Jul/2023:06:03:41 +0200] "GET /node/703 HTTP/1.1" 200 7190 "-" "Mozilla/5.0 (compatible; MJ12bot/v1.4.8; http://mj12bot.com/)"
162.55.85.219 - - [03/Jul/2023:06:03:42 +0200] "GET /node/747 HTTP/1.1" 200 5104 "-" "Mozilla/5.0 (compatible; BLEXBot/1.0; +http://webmeup-crawler.com/)"
135.181.180.59 - - [03/Jul/2023:06:03:46 +0200] "GET /node/985 HTTP/1.1" 200 7268 "-" "Mozilla/5.0 (compatible; MJ12bot/v1.4.8; http://mj12bot.com/)"
65.108.0.71 - - [03/Jul/2023:06:03:52 +0200] "GET /node/703?q=signupformailinglist HTTP/1.1" 404 4060 "-" "Mozilla/5.0 (compatible; MJ12bot/v1.4.8; http://mj12bot.com/)"
162.55.85.219 - - [03/Jul/2023:06:03:56 +0200] "GET /node/748 HTTP/1.1" 200 5223 "-" "Mozilla/5.0 (compatible; BLEXBot/1.0; +http://webmeup-crawler.com/)"
135.181.180.59 - - [03/Jul/2023:06:03:57 +0200] "GET /node/986 HTTP/1.1" 200 5958 "-" "Mozilla/5.0 (compatible; MJ12bot/v1.4.8; http://mj12bot.com/)"
65.108.0.71 - - [03/Jul/2023:06:04:03 +0200] "GET /node/703?q=signupfornewsletter HTTP/1.1" 200 4719 "-" "Mozilla/5.0 (compatible; MJ12bot/v1.4.8; http://mj12bot.com/)"
135.181.180.59 - - [03/Jul/2023:06:04:07 +0200] "GET /node/986?q=signupformailinglist HTTP/1.1" 404 4060 "-" "Mozilla/5.0 (compatible; MJ12bot/v1.4.8; http://mj12bot.com/)"
162.55.85.219 - - [03/Jul/2023:06:04:08 +0200] "GET /node/749 HTTP/1.1" 200 5431 "-" "Mozilla/5.0 (compatible; BLEXBot/1.0; +http://webmeup-crawler.com/)"
65.108.0.71 - - [03/Jul/2023:06:04:14 +0200] "GET /node/723 HTTP/1.1" 200 5449 "-" "Mozilla/5.0 (compatible; MJ12bot/v1.4.8; http://mj12bot.com/)"
66.249.75.64 - - [03/Jul/2023:06:04:15 +0200] "GET /links HTTP/1.1" 200 95106 "-" "Mozilla/5.0 (Linux; Android 6.0.1; Nexus 5X Build/MMB29P) AppleWebKit/537.36 (KHTML, like Gecko) Chrome/114.0.5735.179 Mobile Safari/537.36 (compatible; Googlebot/2.1; +http://www.google.com/bot.html)"
135.181.180.59 - - [03/Jul/2023:06:04:18 +0200] "GET /node/986?q=signupfornewsletter HTTP/1.1" 200 4719 "-" "Mozilla/5.0 (compatible; MJ12bot/v1.4.8; http://mj12bot.com/)"
162.55.85.219 - - [03/Jul/2023:06:04:23 +0200] "GET /node/751 HTTP/1.1" 200 5430 "-" "Mozilla/5.0 (compatible; BLEXBot/1.0; +http://webmeup-crawler.com/)"
65.108.0.71 - - [03/Jul/2023:06:04:24 +0200] "GET /node/723?q=signupformailinglist HTTP/1.1" 404 4060 "-" "Mozilla/5.0 (compatible; MJ12bot/v1.4.8; http://mj12bot.com/)"
135.181.180.59 - - [03/Jul/2023:06:04:29 +0200] "GET /node/988 HTTP/1.1" 200 6124 "-" "Mozilla/5.0 (compatible; MJ12bot/v1.4.8; http://mj12bot.com/)"
162.55.85.219 - - [03/Jul/2023:06:04:35 +0200] "GET /node/752 HTTP/1.1" 200 5363 "-" "Mozilla/5.0 (compatible; BLEXBot/1.0; +http://webmeup-crawler.com/)"
65.108.0.71 - - [03/Jul/2023:06:04:35 +0200] "GET /node/723?q=signupfornewsletter HTTP/1.1" 200 4719 "-" "Mozilla/5.0 (compatible; MJ12bot/v1.4.8; http://mj12bot.com/)"
54.36.148.105 - - [03/Jul/2023:06:04:37 +0200] "GET /node/939?q=signupfornewsletter HTTP/1.1" 200 4719 "-" "Mozilla/5.0 (compatible; AhrefsBot/7.0; +http://ahrefs.com/robot/)"
135.181.180.59 - - [03/Jul/2023:06:04:39 +0200] "GET /node/988?q=signupformailinglist HTTP/1.1" 404 4060 "-" "Mozilla/5.0 (compatible; MJ12bot/v1.4.8; http://mj12bot.com/)"
66.102.6.32 - - [03/Jul/2023:06:04:43 +0200] "GET /blog/3/feed HTTP/1.1" 200 2701 "-" "FeedBurner/1.0 (http://www.FeedBurner.com)"
65.108.0.71 - - [03/Jul/2023:06:04:45 +0200] "GET /node/733 HTTP/1.1" 200 5408 "-" "Mozilla/5.0 (compatible; MJ12bot/v1.4.8; http://mj12bot.com/)"
135.181.180.59 - - [03/Jul/2023:06:04:50 +0200] "GET /node/988?q=signupfornewsletter HTTP/1.1" 200 4719 "-" "Mozilla/5.0 (compatible; MJ12bot/v1.4.8; http://mj12bot.com/)"
162.55.85.219 - - [03/Jul/2023:06:04:51 +0200] "GET /node/788 HTTP/1.1" 200 5647 "-" "Mozilla/5.0 (compatible; BLEXBot/1.0; +http://webmeup-crawler.com/)"
65.108.0.71 - - [03/Jul/2023:06:04:56 +0200] "GET /node/733?q=signupformailinglist HTTP/1.1" 404 4060 "-" "Mozilla/5.0 (compatible; MJ12bot/v1.4.8; http://mj12bot.com/)"
135.181.180.59 - - [03/Jul/2023:06:05:01 +0200] "GET /node/989 HTTP/1.1" 200 29252 "-" "Mozilla/5.0 (compatible; MJ12bot/v1.4.8; http://mj12bot.com/)"
162.55.85.219 - - [03/Jul/2023:06:05:03 +0200] "GET /node/790 HTTP/1.1" 200 5844 "-" "Mozilla/5.0 (compatible; BLEXBot/1.0; +http://webmeup-crawler.com/)"
65.108.0.71 - - [03/Jul/2023:06:05:07 +0200] "GET /node/733?q=signupfornewsletter HTTP/1.1" 200 4719 "-" "Mozilla/5.0 (compatible; MJ12bot/v1.4.8; http://mj12bot.com/)"
135.181.180.59 - - [03/Jul/2023:06:05:11 +0200] "GET /node/989?q=signupformailinglist HTTP/1.1" 404 4060 "-" "Mozilla/5.0 (compatible; MJ12bot/v1.4.8; http://mj12bot.com/)"
65.108.0.71 - - [03/Jul/2023:06:05:18 +0200] "GET /node/775?q=signupfornewsletter HTTP/1.1" 200 4719 "-" "Mozilla/5.0 (compatible; MJ12bot/v1.4.8; http://mj12bot.com/)"
162.55.85.219 - - [03/Jul/2023:06:05:19 +0200] "GET /node/81 HTTP/1.1" 200 5661 "-" "Mozilla/5.0 (compatible; BLEXBot/1.0; +http://webmeup-crawler.com/)"
135.181.180.59 - - [03/Jul/2023:06:05:22 +0200] "GET /node/990 HTTP/1.1" 200 8771 "-" "Mozilla/5.0 (compatible; MJ12bot/v1.4.8; http://mj12bot.com/)"
65.108.0.71 - - [03/Jul/2023:06:05:28 +0200] "GET /node/776 HTTP/1.1" 200 14363 "-" "Mozilla/5.0 (compatible; MJ12bot/v1.4.8; http://mj12bot.com/)"
162.55.85.219 - - [03/Jul/2023:06:05:31 +0200] "GET /node/813 HTTP/1.1" 200 6144 "-" "Mozilla/5.0 (compatible; BLEXBot/1.0; +http://webmeup-crawler.com/)"
135.181.180.59 - - [03/Jul/2023:06:05:33 +0200] "GET /node/990?q=signupformailinglist HTTP/1.1" 404 4060 "-" "Mozilla/5.0 (compatible; MJ12bot/v1.4.8; http://mj12bot.com/)"
65.108.0.71 - - [03/Jul/2023:06:05:39 +0200] "GET /node/776?q=signupformailinglist HTTP/1.1" 404 4060 "-" "Mozilla/5.0 (compatible; MJ12bot/v1.4.8; http://mj12bot.com/)"
135.181.180.59 - - [03/Jul/2023:06:05:43 +0200] "GET /node/990?q=signupfornewsletter HTTP/1.1" 200 4719 "-" "Mozilla/5.0 (compatible; MJ12bot/v1.4.8; http://mj12bot.com/)"
162.55.85.219 - - [03/Jul/2023:06:05:45 +0200] "GET /node/817 HTTP/1.1" 200 8391 "-" "Mozilla/5.0 (compatible; BLEXBot/1.0; +http://webmeup-crawler.com/)"
65.108.0.71 - - [03/Jul/2023:06:05:50 +0200] "GET /node/776?q=signupfornewsletter HTTP/1.1" 200 4719 "-" "Mozilla/5.0 (compatible; MJ12bot/v1.4.8; http://mj12bot.com/)"
135.181.180.59 - - [03/Jul/2023:06:05:54 +0200] "GET /node/993 HTTP/1.1" 200 10547 "-" "Mozilla/5.0 (compatible; MJ12bot/v1.4.8; http://mj12bot.com/)"
162.55.85.219 - - [03/Jul/2023:06:05:57 +0200] "GET /node/819 HTTP/1.1" 200 5703 "-" "Mozilla/5.0 (compatible; BLEXBot/1.0; +http://webmeup-crawler.com/)"
65.108.0.71 - - [03/Jul/2023:06:06:00 +0200] "GET /node/782 HTTP/1.1" 200 5540 "-" "Mozilla/5.0 (compatible; MJ12bot/v1.4.8; http://mj12bot.com/)"
212.237.23.143 - - [03/Jul/2023:06:06:05 +0200] "HEAD / HTTP/1.1" 200 0 "-" "Alert_Alligator_webmonitoring_service_1.6.4_(alertalligator.com)"
135.181.180.59 - - [03/Jul/2023:06:06:05 +0200] "GET /node/993?q=signupformailinglist HTTP/1.1" 404 4060 "-" "Mozilla/5.0 (compatible; MJ12bot/v1.4.8; http://mj12bot.com/)"
162.55.85.219 - - [03/Jul/2023:06:06:09 +0200] "GET /node/821 HTTP/1.1" 200 6108 "-" "Mozilla/5.0 (compatible; BLEXBot/1.0; +http://webmeup-crawler.com/)"
65.108.0.71 - - [03/Jul/2023:06:06:11 +0200] "GET /node/782?q=signupformailinglist HTTP/1.1" 404 4060 "-" "Mozilla/5.0 (compatible; MJ12bot/v1.4.8; http://mj12bot.com/)"
135.181.180.59 - - [03/Jul/2023:06:06:15 +0200] "GET /node/993?q=signupfornewsletter HTTP/1.1" 200 4719 "-" "Mozilla/5.0 (compatible; MJ12bot/v1.4.8; http://mj12bot.com/)"
162.55.85.219 - - [03/Jul/2023:06:06:20 +0200] "GET /node/822 HTTP/1.1" 200 6961 "-" "Mozilla/5.0 (compatible; BLEXBot/1.0; +http://webmeup-crawler.com/)"
65.108.0.71 - - [03/Jul/2023:06:06:22 +0200] "GET /node/782?q=signupfornewsletter HTTP/1.1" 200 4719 "-" "Mozilla/5.0 (compatible; MJ12bot/v1.4.8; http://mj12bot.com/)"
135.181.180.59 - - [03/Jul/2023:06:06:26 +0200] "GET /node/994 HTTP/1.1" 200 6667 "-" "Mozilla/5.0 (compatible; MJ12bot/v1.4.8; http://mj12bot.com/)"
40.77.167.169 - - [03/Jul/2023:06:06:30 +0200] "GET /eventscalendar/2023-06-02 HTTP/1.1" 200 5788 "-" "Mozilla/5.0 AppleWebKit/537.36 (KHTML, like Gecko; compatible; bingbot/2.0; +http://www.bing.com/bingbot.htm) Chrome/103.0.5060.134 Safari/537.36"
65.108.0.71 - - [03/Jul/2023:06:06:32 +0200] "GET /node/785 HTTP/1.1" 200 6351 "-" "Mozilla/5.0 (compatible; MJ12bot/v1.4.8; http://mj12bot.com/)"
162.55.85.219 - - [03/Jul/2023:06:06:33 +0200] "GET /node/823 HTTP/1.1" 200 5774 "-" "Mozilla/5.0 (compatible; BLEXBot/1.0; +http://webmeup-crawler.com/)"
135.181.180.59 - - [03/Jul/2023:06:06:37 +0200] "GET /node/994?q=signupformailinglist HTTP/1.1" 404 4060 "-" "Mozilla/5.0 (compatible; MJ12bot/v1.4.8; http://mj12bot.com/)"
65.108.0.71 - - [03/Jul/2023:06:06:43 +0200] "GET /node/785?q=signupformailinglist HTTP/1.1" 404 4060 "-" "Mozilla/5.0 (compatible; MJ12bot/v1.4.8; http://mj12bot.com/)"
162.55.85.219 - - [03/Jul/2023:06:06:45 +0200] "GET /node/826 HTTP/1.1" 200 5941 "-" "Mozilla/5.0 (compatible; BLEXBot/1.0; +http://webmeup-crawler.com/)"
135.181.180.59 - - [03/Jul/2023:06:06:47 +0200] "GET /node/996?q=signupfornewsletter HTTP/1.1" 200 4719 "-" "Mozilla/5.0 (compatible; MJ12bot/v1.4.8; http://mj12bot.com/)"
65.108.0.71 - - [03/Jul/2023:06:06:54 +0200] "GET /node/785?q=signupfornewsletter HTTP/1.1" 200 4719 "-" "Mozilla/5.0 (compatible; MJ12bot/v1.4.8; http://mj12bot.com/)"
162.55.85.219 - - [03/Jul/2023:06:06:56 +0200] "GET /node/828 HTTP/1.1" 200 6088 "-" "Mozilla/5.0 (compatible; BLEXBot/1.0; +http://webmeup-crawler.com/)"
135.181.180.59 - - [03/Jul/2023:06:06:58 +0200] "GET /node/997 HTTP/1.1" 200 6721 "-" "Mozilla/5.0 (compatible; MJ12bot/v1.4.8; http://mj12bot.com/)"
65.108.0.71 - - [03/Jul/2023:06:07:04 +0200] "GET /node/796 HTTP/1.1" 200 6015 "-" "Mozilla/5.0 (compatible; MJ12bot/v1.4.8; http://mj12bot.com/)"
162.55.85.219 - - [03/Jul/2023:06:07:08 +0200] "GET /node/829 HTTP/1.1" 200 5395 "-" "Mozilla/5.0 (compatible; BLEXBot/1.0; +http://webmeup-crawler.com/)"
135.181.180.59 - - [03/Jul/2023:06:07:09 +0200] "GET /node/997?q=signupformailinglist HTTP/1.1" 404 4060 "-" "Mozilla/5.0 (compatible; MJ12bot/v1.4.8; http://mj12bot.com/)"
65.108.0.71 - - [03/Jul/2023:06:07:15 +0200] "GET /node/796?q=signupformailinglist HTTP/1.1" 404 4060 "-" "Mozilla/5.0 (compatible; MJ12bot/v1.4.8; http://mj12bot.com/)"
135.181.180.59 - - [03/Jul/2023:06:07:19 +0200] "GET /node/997?q=signupfornewsletter HTTP/1.1" 200 4719 "-" "Mozilla/5.0 (compatible; MJ12bot/v1.4.8; http://mj12bot.com/)"
162.55.85.219 - - [03/Jul/2023:06:07:20 +0200] "GET /node/83 HTTP/1.1" 200 5553 "-" "Mozilla/5.0 (compatible; BLEXBot/1.0; +http://webmeup-crawler.com/)"
65.108.0.71 - - [03/Jul/2023:06:07:25 +0200] "GET /node/796?q=signupfornewsletter HTTP/1.1" 200 4719 "-" "Mozilla/5.0 (compatible; MJ12bot/v1.4.8; http://mj12bot.com/)"
135.181.180.59 - - [03/Jul/2023:06:07:30 +0200] "GET /node/998 HTTP/1.1" 200 7552 "-" "Mozilla/5.0 (compatible; MJ12bot/v1.4.8; http://mj12bot.com/)"
162.55.85.219 - - [03/Jul/2023:06:07:32 +0200] "GET /node/830 HTTP/1.1" 200 5787 "-" "Mozilla/5.0 (compatible; BLEXBot/1.0; +http://webmeup-crawler.com/)"
65.108.0.71 - - [03/Jul/2023:06:07:36 +0200] "GET /node/799 HTTP/1.1" 200 6302 "-" "Mozilla/5.0 (compatible; MJ12bot/v1.4.8; http://mj12bot.com/)"
135.181.180.59 - - [03/Jul/2023:06:07:41 +0200] "GET /node/998?q=signupformailinglist HTTP/1.1" 404 4060 "-" "Mozilla/5.0 (compatible; MJ12bot/v1.4.8; http://mj12bot.com/)"
65.108.0.71 - - [03/Jul/2023:06:07:47 +0200] "GET /node/799?q=signupformailinglist HTTP/1.1" 404 4060 "-" "Mozilla/5.0 (compatible; MJ12bot/v1.4.8; http://mj12bot.com/)"
135.181.180.59 - - [03/Jul/2023:06:07:51 +0200] "GET /node/998?q=signupfornewsletter HTTP/1.1" 200 4719 "-" "Mozilla/5.0 (compatible; MJ12bot/v1.4.8; http://mj12bot.com/)"
162.55.85.219 - - [03/Jul/2023:06:07:56 +0200] "GET /node/831 HTTP/1.1" 200 5710 "-" "Mozilla/5.0 (compatible; BLEXBot/1.0; +http://webmeup-crawler.com/)"
65.108.0.71 - - [03/Jul/2023:06:07:57 +0200] "GET /node/799?q=signupfornewsletter HTTP/1.1" 200 4719 "-" "Mozilla/5.0 (compatible; MJ12bot/v1.4.8; http://mj12bot.com/)"
135.181.180.59 - - [03/Jul/2023:06:08:02 +0200] "GET /node/999 HTTP/1.1" 200 27880 "-" "Mozilla/5.0 (compatible; MJ12bot/v1.4.8; http://mj12bot.com/)"
65.108.0.71 - - [03/Jul/2023:06:08:08 +0200] "GET /node/800 HTTP/1.1" 200 6584 "-" "Mozilla/5.0 (compatible; MJ12bot/v1.4.8; http://mj12bot.com/)"
135.181.180.59 - - [03/Jul/2023:06:08:13 +0200] "GET /node/999?q=signupformailinglist HTTP/1.1" 404 4060 "-" "Mozilla/5.0 (compatible; MJ12bot/v1.4.8; http://mj12bot.com/)"
162.55.85.219 - - [03/Jul/2023:06:08:16 +0200] "GET /node/84 HTTP/1.1" 200 5219 "-" "Mozilla/5.0 (compatible; BLEXBot/1.0; +http://webmeup-crawler.com/)"
65.108.0.71 - - [03/Jul/2023:06:08:19 +0200] "GET /node/800?q=signupformailinglist HTTP/1.1" 404 4060 "-" "Mozilla/5.0 (compatible; MJ12bot/v1.4.8; http://mj12bot.com/)"
135.181.180.59 - - [03/Jul/2023:06:08:23 +0200] "GET /node/999?q=signupfornewsletter HTTP/1.1" 200 4719 "-" "Mozilla/5.0 (compatible; MJ12bot/v1.4.8; http://mj12bot.com/)"
65.108.0.71 - - [03/Jul/2023:06:08:29 +0200] "GET /node/800?q=signupfornewsletter HTTP/1.1" 200 4719 "-" "Mozilla/5.0 (compatible; MJ12bot/v1.4.8; http://mj12bot.com/)"
162.55.85.219 - - [03/Jul/2023:06:08:33 +0200] "GET /node/851 HTTP/1.1" 200 5926 "-" "Mozilla/5.0 (compatible; BLEXBot/1.0; +http://webmeup-crawler.com/)"
135.181.180.59 - - [03/Jul/2023:06:08:34 +0200] "GET /node?page=1 HTTP/1.1" 200 17840 "-" "Mozilla/5.0 (compatible; MJ12bot/v1.4.8; http://mj12bot.com/)"
65.108.0.71 - - [03/Jul/2023:06:08:40 +0200] "GET /node/807?q=signupfornewsletter HTTP/1.1" 200 4719 "-" "Mozilla/5.0 (compatible; MJ12bot/v1.4.8; http://mj12bot.com/)"
162.55.85.219 - - [03/Jul/2023:06:08:45 +0200] "GET /node/864 HTTP/1.1" 200 5054 "-" "Mozilla/5.0 (compatible; BLEXBot/1.0; +http://webmeup-crawler.com/)"
135.181.180.59 - - [03/Jul/2023:06:08:46 +0200] "GET /node?page=1&utm_source=wespeakenglish&utm_medium=banner&utm_campaign=wespeakenglish HTTP/1.1" 200 18500 "-" "Mozilla/5.0 (compatible; MJ12bot/v1.4.8; http://mj12bot.com/)"
65.108.0.71 - - [03/Jul/2023:06:08:51 +0200] "GET /node/827 HTTP/1.1" 200 5554 "-" "Mozilla/5.0 (compatible; MJ12bot/v1.4.8; http://mj12bot.com/)"
162.55.85.219 - - [03/Jul/2023:06:08:57 +0200] "GET /node/865 HTTP/1.1" 200 5067 "-" "Mozilla/5.0 (compatible; BLEXBot/1.0; +http://webmeup-crawler.com/)"
135.181.180.59 - - [03/Jul/2023:06:08:57 +0200] "GET /node?page=2&utm_source=wespeakenglish&utm_medium=banner&utm_campaign=wespeakenglish HTTP/1.1" 200 19329 "-" "Mozilla/5.0 (compatible; MJ12bot/v1.4.8; http://mj12bot.com/)"
65.108.0.71 - - [03/Jul/2023:06:09:01 +0200] "GET /node/827?q=signupformailinglist HTTP/1.1" 404 4060 "-" "Mozilla/5.0 (compatible; MJ12bot/v1.4.8; http://mj12bot.com/)"
135.181.180.59 - - [03/Jul/2023:06:09:08 +0200] "GET /node?page=3 HTTP/1.1" 200 17109 "-" "Mozilla/5.0 (compatible; MJ12bot/v1.4.8; http://mj12bot.com/)"
162.55.85.219 - - [03/Jul/2023:06:09:09 +0200] "GET /node/866 HTTP/1.1" 200 6089 "-" "Mozilla/5.0 (compatible; BLEXBot/1.0; +http://webmeup-crawler.com/)"
65.108.0.71 - - [03/Jul/2023:06:09:12 +0200] "GET /node/827?q=signupfornewsletter HTTP/1.1" 200 4719 "-" "Mozilla/5.0 (compatible; MJ12bot/v1.4.8; http://mj12bot.com/)"
135.181.180.59 - - [03/Jul/2023:06:09:19 +0200] "GET /node?page=3&utm_source=wespeakenglish&utm_medium=banner&utm_campaign=wespeakenglish HTTP/1.1" 200 17773 "-" "Mozilla/5.0 (compatible; MJ12bot/v1.4.8; http://mj12bot.com/)"
162.55.85.219 - - [03/Jul/2023:06:09:21 +0200] "GET /node/877 HTTP/1.1" 200 5665 "-" "Mozilla/5.0 (compatible; BLEXBot/1.0; +http://webmeup-crawler.com/)"
65.108.0.71 - - [03/Jul/2023:06:09:23 +0200] "GET /node/832 HTTP/1.1" 200 5816 "-" "Mozilla/5.0 (compatible; MJ12bot/v1.4.8; http://mj12bot.com/)"
135.181.180.59 - - [03/Jul/2023:06:09:30 +0200] "GET /node?page=4&utm_source=wespeakenglish&utm_medium=banner&utm_campaign=wespeakenglish HTTP/1.1" 200 7779 "-" "Mozilla/5.0 (compatible; MJ12bot/v1.4.8; http://mj12bot.com/)"
65.108.0.71 - - [03/Jul/2023:06:09:33 +0200] "GET /node/832?q=signupformailinglist HTTP/1.1" 404 4060 "-" "Mozilla/5.0 (compatible; MJ12bot/v1.4.8; http://mj12bot.com/)"
162.55.85.219 - - [03/Jul/2023:06:09:38 +0200] "GET /node/890 HTTP/1.1" 200 4818 "-" "Mozilla/5.0 (compatible; BLEXBot/1.0; +http://webmeup-crawler.com/)"
135.181.180.59 - - [03/Jul/2023:06:09:41 +0200] "GET /node?utm_source=wespeakenglish&utm_medium=banner&utm_campaign=wespeakenglish HTTP/1.1" 200 18155 "-" "Mozilla/5.0 (compatible; MJ12bot/v1.4.8; http://mj12bot.com/)"
213.180.203.32 - - [03/Jul/2023:06:09:42 +0200] "GET /robots.txt HTTP/1.1" 200 1590 "-" "Mozilla/5.0 (compatible; YandexBot/3.0; +http://yandex.com/bots)"
65.108.0.71 - - [03/Jul/2023:06:09:44 +0200] "GET /node/832?q=signupfornewsletter HTTP/1.1" 200 4719 "-" "Mozilla/5.0 (compatible; MJ12bot/v1.4.8; http://mj12bot.com/)"
162.55.85.219 - - [03/Jul/2023:06:09:49 +0200] "GET /node/897 HTTP/1.1" 200 5432 "-" "Mozilla/5.0 (compatible; BLEXBot/1.0; +http://webmeup-crawler.com/)"
135.181.180.59 - - [03/Jul/2023:06:09:52 +0200] "GET /positiveblog?page=1 HTTP/1.1" 200 15412 "-" "Mozilla/5.0 (compatible; MJ12bot/v1.4.8; http://mj12bot.com/)"
65.108.0.71 - - [03/Jul/2023:06:09:55 +0200] "GET /node/854 HTTP/1.1" 200 6357 "-" "Mozilla/5.0 (compatible; MJ12bot/v1.4.8; http://mj12bot.com/)"
135.181.180.59 - - [03/Jul/2023:06:10:03 +0200] "GET /positiveblog?page=10 HTTP/1.1" 200 14903 "-" "Mozilla/5.0 (compatible; MJ12bot/v1.4.8; http://mj12bot.com/)"
65.108.0.71 - - [03/Jul/2023:06:10:05 +0200] "GET /node/854?q=signupformailinglist HTTP/1.1" 404 4060 "-" "Mozilla/5.0 (compatible; MJ12bot/v1.4.8; http://mj12bot.com/)"
162.55.85.219 - - [03/Jul/2023:06:10:07 +0200] "GET /node/912 HTTP/1.1" 200 6064 "-" "Mozilla/5.0 (compatible; BLEXBot/1.0; +http://webmeup-crawler.com/)"
135.181.180.59 - - [03/Jul/2023:06:10:13 +0200] "GET /positiveblog?page=11 HTTP/1.1" 200 14804 "-" "Mozilla/5.0 (compatible; MJ12bot/v1.4.8; http://mj12bot.com/)"
65.108.0.71 - - [03/Jul/2023:06:10:16 +0200] "GET /node/854?q=signupfornewsletter HTTP/1.1" 200 4719 "-" "Mozilla/5.0 (compatible; MJ12bot/v1.4.8; http://mj12bot.com/)"
162.55.85.219 - - [03/Jul/2023:06:10:21 +0200] "GET /node/913 HTTP/1.1" 200 6181 "-" "Mozilla/5.0 (compatible; BLEXBot/1.0; +http://webmeup-crawler.com/)"
135.181.180.59 - - [03/Jul/2023:06:10:24 +0200] "GET /positiveblog?page=12 HTTP/1.1" 200 15087 "-" "Mozilla/5.0 (compatible; MJ12bot/v1.4.8; http://mj12bot.com/)"
65.108.0.71 - - [03/Jul/2023:06:10:26 +0200] "GET /node/855 HTTP/1.1" 200 7567 "-" "Mozilla/5.0 (compatible; MJ12bot/v1.4.8; http://mj12bot.com/)"
135.181.180.59 - - [03/Jul/2023:06:10:35 +0200] "GET /positiveblog?page=13 HTTP/1.1" 200 14194 "-" "Mozilla/5.0 (compatible; MJ12bot/v1.4.8; http://mj12bot.com/)"
65.108.0.71 - - [03/Jul/2023:06:10:37 +0200] "GET /node/855?q=signupformailinglist HTTP/1.1" 404 4060 "-" "Mozilla/5.0 (compatible; MJ12bot/v1.4.8; http://mj12bot.com/)"
162.55.85.219 - - [03/Jul/2023:06:10:42 +0200] "GET /node/924 HTTP/1.1" 200 8384 "-" "Mozilla/5.0 (compatible; BLEXBot/1.0; +http://webmeup-crawler.com/)"
135.181.180.59 - - [03/Jul/2023:06:10:46 +0200] "GET /positiveblog?page=15 HTTP/1.1" 200 14634 "-" "Mozilla/5.0 (compatible; MJ12bot/v1.4.8; http://mj12bot.com/)"
65.108.0.71 - - [03/Jul/2023:06:10:48 +0200] "GET /node/855?q=signupfornewsletter HTTP/1.1" 200 4719 "-" "Mozilla/5.0 (compatible; MJ12bot/v1.4.8; http://mj12bot.com/)"
162.55.85.219 - - [03/Jul/2023:06:10:55 +0200] "GET /node/953 HTTP/1.1" 200 5318 "-" "Mozilla/5.0 (compatible; BLEXBot/1.0; +http://webmeup-crawler.com/)"
135.181.180.59 - - [03/Jul/2023:06:10:57 +0200] "GET /positiveblog?page=16 HTTP/1.1" 200 15021 "-" "Mozilla/5.0 (compatible; MJ12bot/v1.4.8; http://mj12bot.com/)"
65.108.0.71 - - [03/Jul/2023:06:10:58 +0200] "GET /node/856 HTTP/1.1" 200 6027 "-" "Mozilla/5.0 (compatible; MJ12bot/v1.4.8; http://mj12bot.com/)"
162.55.85.219 - - [03/Jul/2023:06:11:06 +0200] "GET /node/954 HTTP/1.1" 200 5835 "-" "Mozilla/5.0 (compatible; BLEXBot/1.0; +http://webmeup-crawler.com/)"
135.181.180.59 - - [03/Jul/2023:06:11:08 +0200] "GET /positiveblog?page=18 HTTP/1.1" 200 14855 "-" "Mozilla/5.0 (compatible; MJ12bot/v1.4.8; http://mj12bot.com/)"
65.108.0.71 - - [03/Jul/2023:06:11:09 +0200] "GET /node/856?q=signupformailinglist HTTP/1.1" 404 4060 "-" "Mozilla/5.0 (compatible; MJ12bot/v1.4.8; http://mj12bot.com/)"
135.181.180.59 - - [03/Jul/2023:06:11:18 +0200] "GET /positiveblog?page=19 HTTP/1.1" 200 14964 "-" "Mozilla/5.0 (compatible; MJ12bot/v1.4.8; http://mj12bot.com/)"
162.55.85.219 - - [03/Jul/2023:06:11:18 +0200] "GET /node/955 HTTP/1.1" 200 5647 "-" "Mozilla/5.0 (compatible; BLEXBot/1.0; +http://webmeup-crawler.com/)"
65.108.0.71 - - [03/Jul/2023:06:11:20 +0200] "GET /node/856?q=signupfornewsletter HTTP/1.1" 200 4719 "-" "Mozilla/5.0 (compatible; MJ12bot/v1.4.8; http://mj12bot.com/)"
135.181.180.59 - - [03/Jul/2023:06:11:29 +0200] "GET /positiveblog?page=2 HTTP/1.1" 200 15786 "-" "Mozilla/5.0 (compatible; MJ12bot/v1.4.8; http://mj12bot.com/)"
65.108.0.71 - - [03/Jul/2023:06:11:30 +0200] "GET /node/860 HTTP/1.1" 200 7796 "-" "Mozilla/5.0 (compatible; MJ12bot/v1.4.8; http://mj12bot.com/)"
162.55.85.219 - - [03/Jul/2023:06:11:31 +0200] "GET /node/962 HTTP/1.1" 200 5107 "-" "Mozilla/5.0 (compatible; BLEXBot/1.0; +http://webmeup-crawler.com/)"
135.181.180.59 - - [03/Jul/2023:06:11:40 +0200] "GET /positiveblog?page=20 HTTP/1.1" 200 15048 "-" "Mozilla/5.0 (compatible; MJ12bot/v1.4.8; http://mj12bot.com/)"
65.108.0.71 - - [03/Jul/2023:06:11:41 +0200] "GET /node/860?q=signupformailinglist HTTP/1.1" 404 4060 "-" "Mozilla/5.0 (compatible; MJ12bot/v1.4.8; http://mj12bot.com/)"
162.55.85.219 - - [03/Jul/2023:06:11:44 +0200] "GET /node/963 HTTP/1.1" 200 5809 "-" "Mozilla/5.0 (compatible; BLEXBot/1.0; +http://webmeup-crawler.com/)"
135.181.180.59 - - [03/Jul/2023:06:11:51 +0200] "GET /positiveblog?page=21 HTTP/1.1" 200 15087 "-" "Mozilla/5.0 (compatible; MJ12bot/v1.4.8; http://mj12bot.com/)"
65.108.0.71 - - [03/Jul/2023:06:11:51 +0200] "GET /node/860?q=signupfornewsletter HTTP/1.1" 200 4719 "-" "Mozilla/5.0 (compatible; MJ12bot/v1.4.8; http://mj12bot.com/)"
162.55.85.219 - - [03/Jul/2023:06:12:00 +0200] "GET /photos?page=1 HTTP/1.1" 200 7768 "-" "Mozilla/5.0 (compatible; BLEXBot/1.0; +http://webmeup-crawler.com/)"
135.181.180.59 - - [03/Jul/2023:06:12:02 +0200] "GET /positiveblog?page=22 HTTP/1.1" 200 15208 "-" "Mozilla/5.0 (compatible; MJ12bot/v1.4.8; http://mj12bot.com/)"
65.108.0.71 - - [03/Jul/2023:06:12:02 +0200] "GET /node/871?q=signupfornewsletter HTTP/1.1" 200 4719 "-" "Mozilla/5.0 (compatible; MJ12bot/v1.4.8; http://mj12bot.com/)"
65.108.0.71 - - [03/Jul/2023:06:12:13 +0200] "GET /node/873 HTTP/1.1" 200 8085 "-" "Mozilla/5.0 (compatible; MJ12bot/v1.4.8; http://mj12bot.com/)"
135.181.180.59 - - [03/Jul/2023:06:12:13 +0200] "GET /positiveblog?page=23 HTTP/1.1" 200 15066 "-" "Mozilla/5.0 (compatible; MJ12bot/v1.4.8; http://mj12bot.com/)"
162.55.85.219 - - [03/Jul/2023:06:12:14 +0200] "GET /positiveblog?page=1 HTTP/1.1" 200 15412 "-" "Mozilla/5.0 (compatible; BLEXBot/1.0; +http://webmeup-crawler.com/)"
65.108.0.71 - - [03/Jul/2023:06:12:24 +0200] "GET /node/873?q=signupformailinglist HTTP/1.1" 404 4060 "-" "Mozilla/5.0 (compatible; MJ12bot/v1.4.8; http://mj12bot.com/)"
162.55.85.219 - - [03/Jul/2023:06:12:26 +0200] "GET /positiveblog?page=2 HTTP/1.1" 200 15786 "-" "Mozilla/5.0 (compatible; BLEXBot/1.0; +http://webmeup-crawler.com/)"
65.108.0.71 - - [03/Jul/2023:06:12:34 +0200] "GET /node/873?q=signupfornewsletter HTTP/1.1" 200 4719 "-" "Mozilla/5.0 (compatible; MJ12bot/v1.4.8; http://mj12bot.com/)"
162.55.85.219 - - [03/Jul/2023:06:12:40 +0200] "GET /positiveblog?page=3 HTTP/1.1" 200 15637 "-" "Mozilla/5.0 (compatible; BLEXBot/1.0; +http://webmeup-crawler.com/)"
65.108.0.71 - - [03/Jul/2023:06:12:45 +0200] "GET /node/874 HTTP/1.1" 200 6435 "-" "Mozilla/5.0 (compatible; MJ12bot/v1.4.8; http://mj12bot.com/)"
162.55.85.219 - - [03/Jul/2023:06:12:53 +0200] "GET /positiveblog?page=4 HTTP/1.1" 200 15772 "-" "Mozilla/5.0 (compatible; BLEXBot/1.0; +http://webmeup-crawler.com/)"
65.108.0.71 - - [03/Jul/2023:06:12:55 +0200] "GET /node/874?q=signupformailinglist HTTP/1.1" 404 4060 "-" "Mozilla/5.0 (compatible; MJ12bot/v1.4.8; http://mj12bot.com/)"
65.108.0.71 - - [03/Jul/2023:06:13:06 +0200] "GET /node/874?q=signupfornewsletter HTTP/1.1" 200 4719 "-" "Mozilla/5.0 (compatible; MJ12bot/v1.4.8; http://mj12bot.com/)"
162.55.85.219 - - [03/Jul/2023:06:13:08 +0200] "GET /positiveblog?page=5 HTTP/1.1" 200 15811 "-" "Mozilla/5.0 (compatible; BLEXBot/1.0; +http://webmeup-crawler.com/)"
65.108.0.71 - - [03/Jul/2023:06:13:17 +0200] "GET /node/876 HTTP/1.1" 200 11084 "-" "Mozilla/5.0 (compatible; MJ12bot/v1.4.8; http://mj12bot.com/)"
162.55.85.219 - - [03/Jul/2023:06:13:20 +0200] "GET /positiveblog?page=6 HTTP/1.1" 200 15869 "-" "Mozilla/5.0 (compatible; BLEXBot/1.0; +http://webmeup-crawler.com/)"
65.108.0.71 - - [03/Jul/2023:06:13:27 +0200] "GET /node/876?q=signupformailinglist HTTP/1.1" 404 4060 "-" "Mozilla/5.0 (compatible; MJ12bot/v1.4.8; http://mj12bot.com/)"
162.55.85.219 - - [03/Jul/2023:06:13:34 +0200] "GET /positiveblog?page=64 HTTP/1.1" 200 14061 "-" "Mozilla/5.0 (compatible; BLEXBot/1.0; +http://webmeup-crawler.com/)"
65.108.0.71 - - [03/Jul/2023:06:13:38 +0200] "GET /node/876?q=signupfornewsletter HTTP/1.1" 200 4719 "-" "Mozilla/5.0 (compatible; MJ12bot/v1.4.8; http://mj12bot.com/)"
162.55.85.219 - - [03/Jul/2023:06:13:48 +0200] "GET /positiveblog?page=7 HTTP/1.1" 200 13999 "-" "Mozilla/5.0 (compatible; BLEXBot/1.0; +http://webmeup-crawler.com/)"
65.108.0.71 - - [03/Jul/2023:06:13:48 +0200] "GET /node/880 HTTP/1.1" 200 5261 "-" "Mozilla/5.0 (compatible; MJ12bot/v1.4.8; http://mj12bot.com/)"
65.108.0.71 - - [03/Jul/2023:06:13:59 +0200] "GET /node/882 HTTP/1.1" 200 8854 "-" "Mozilla/5.0 (compatible; MJ12bot/v1.4.8; http://mj12bot.com/)"
54.36.149.1 - - [03/Jul/2023:06:13:59 +0200] "GET /node/11674?q=signupfornewsletter HTTP/1.1" 200 4719 "-" "Mozilla/5.0 (compatible; AhrefsBot/7.0; +http://ahrefs.com/robot/)"
162.55.85.219 - - [03/Jul/2023:06:14:02 +0200] "GET /positiveblog?page=8 HTTP/1.1" 200 13634 "-" "Mozilla/5.0 (compatible; BLEXBot/1.0; +http://webmeup-crawler.com/)"
65.108.0.71 - - [03/Jul/2023:06:14:10 +0200] "GET /node/882?q=signupformailinglist HTTP/1.1" 404 4060 "-" "Mozilla/5.0 (compatible; MJ12bot/v1.4.8; http://mj12bot.com/)"
162.55.85.219 - - [03/Jul/2023:06:14:14 +0200] "GET /productinformation HTTP/1.1" 200 8477 "-" "Mozilla/5.0 (compatible; BLEXBot/1.0; +http://webmeup-crawler.com/)"
65.108.0.71 - - [03/Jul/2023:06:14:20 +0200] "GET /node/882?q=signupfornewsletter HTTP/1.1" 200 4719 "-" "Mozilla/5.0 (compatible; MJ12bot/v1.4.8; http://mj12bot.com/)"
65.108.0.71 - - [03/Jul/2023:06:14:31 +0200] "GET /node/884 HTTP/1.1" 200 6473 "-" "Mozilla/5.0 (compatible; MJ12bot/v1.4.8; http://mj12bot.com/)"
65.108.0.71 - - [03/Jul/2023:06:14:42 +0200] "GET /node/884?q=signupformailinglist HTTP/1.1" 404 4060 "-" "Mozilla/5.0 (compatible; MJ12bot/v1.4.8; http://mj12bot.com/)"
65.108.0.71 - - [03/Jul/2023:06:14:52 +0200] "GET /node/887 HTTP/1.1" 200 6062 "-" "Mozilla/5.0 (compatible; MJ12bot/v1.4.8; http://mj12bot.com/)"
65.108.0.71 - - [03/Jul/2023:06:15:03 +0200] "GET /node/888 HTTP/1.1" 200 6935 "-" "Mozilla/5.0 (compatible; MJ12bot/v1.4.8; http://mj12bot.com/)"
65.108.0.71 - - [03/Jul/2023:06:15:14 +0200] "GET /node/888?q=signupformailinglist HTTP/1.1" 404 4060 "-" "Mozilla/5.0 (compatible; MJ12bot/v1.4.8; http://mj12bot.com/)"
65.108.0.71 - - [03/Jul/2023:06:15:24 +0200] "GET /node/888?q=signupfornewsletter HTTP/1.1" 200 4719 "-" "Mozilla/5.0 (compatible; MJ12bot/v1.4.8; http://mj12bot.com/)"
65.108.0.71 - - [03/Jul/2023:06:15:35 +0200] "GET /node/8914 HTTP/1.1" 200 6937 "-" "Mozilla/5.0 (compatible; MJ12bot/v1.4.8; http://mj12bot.com/)"
161.35.233.247 - - [03/Jul/2023:06:15:52 +0200] "GET /blog/3/feed HTTP/1.1" 200 2701 "-" "Mozilla/5.0 (Macintosh; Intel Mac OS X 10_10_3) AppleWebKit/537.36 (KHTML, like Gecko) Chrome/43.0.2357.130 Safari/537.36"
65.108.0.71 - - [03/Jul/2023:06:16:53 +0200] "GET /node/8914?q=signupformailinglist HTTP/1.1" 404 4060 "-" "Mozilla/5.0 (compatible; MJ12bot/v1.4.8; http://mj12bot.com/)"
195.56.55.225 - - [03/Jul/2023:06:17:03 +0200] "GET /cron.php HTTP/1.0" 200 0 "-" "Wget/1.10.2"
65.108.0.71 - - [03/Jul/2023:06:17:03 +0200] "GET /node/8914?q=signupfornewsletter HTTP/1.1" 200 4719 "-" "Mozilla/5.0 (compatible; MJ12bot/v1.4.8; http://mj12bot.com/)"
65.108.0.71 - - [03/Jul/2023:06:17:14 +0200] "GET /node/8915 HTTP/1.1" 200 16834 "-" "Mozilla/5.0 (compatible; MJ12bot/v1.4.8; http://mj12bot.com/)"
65.108.0.71 - - [03/Jul/2023:06:17:25 +0200] "GET /node/8915?q=signupformailinglist HTTP/1.1" 404 4060 "-" "Mozilla/5.0 (compatible; MJ12bot/v1.4.8; http://mj12bot.com/)"
65.108.0.71 - - [03/Jul/2023:06:17:35 +0200] "GET /node/8919 HTTP/1.1" 200 20078 "-" "Mozilla/5.0 (compatible; MJ12bot/v1.4.8; http://mj12bot.com/)"
24.108.106.119 - - [03/Jul/2023:06:17:44 +0200] "GET / HTTP/1.1" 200 17651 "http://www.treehugger.hu" "Mozilla/5.0 (Windows NT 10.0; WOW64) AppleWebKit/537.36 (KHTML, like Gecko) Chrome/103.0.0.0 Safari/537.36"
65.108.0.71 - - [03/Jul/2023:06:17:45 +0200] "GET /node/8919?q=signupformailinglist HTTP/1.1" 404 4060 "-" "Mozilla/5.0 (compatible; MJ12bot/v1.4.8; http://mj12bot.com/)"
24.108.106.119 - - [03/Jul/2023:06:17:50 +0200] "GET /?q=user HTTP/1.1" 200 5465 "http://www.treehugger.hu" "Mozilla/5.0 (Windows NT 10.0; WOW64) AppleWebKit/537.36 (KHTML, like Gecko) Chrome/103.0.0.0 Safari/537.36"
24.108.106.119 - - [03/Jul/2023:06:17:51 +0200] "POST /?q=user HTTP/1.1" 200 5486 "http://www.treehugger.hu/?q=user" "Mozilla/5.0 (Windows NT 10.0; WOW64) AppleWebKit/537.36 (KHTML, like Gecko) Chrome/103.0.0.0 Safari/537.36"
24.108.106.119 - - [03/Jul/2023:06:17:51 +0200] "POST /?q=user HTTP/1.1" 200 5486 "http://www.treehugger.hu/?q=user" "Mozilla/5.0 (Windows NT 10.0; WOW64) AppleWebKit/537.36 (KHTML, like Gecko) Chrome/103.0.0.0 Safari/537.36"
24.108.106.119 - - [03/Jul/2023:06:17:52 +0200] "GET /?q=node/add HTTP/1.1" 200 4284 "http://www.treehugger.hu/" "Mozilla/5.0 (Windows NT 10.0; WOW64) AppleWebKit/537.36 (KHTML, like Gecko) Chrome/103.0.0.0 Safari/537.36"
24.108.106.119 - - [03/Jul/2023:06:17:52 +0200] "GET /positiveblog HTTP/1.1" 200 15052 "http://www.treehugger.hu/?q=node/add" "Mozilla/5.0 (Windows NT 10.0; WOW64) AppleWebKit/537.36 (KHTML, like Gecko) Chrome/103.0.0.0 Safari/537.36"
24.108.106.119 - - [03/Jul/2023:06:17:53 +0200] "GET /?q=user HTTP/1.1" 200 1974 "http://www.treehugger.hu/" "Mozilla/5.0 (Windows NT 10.0; WOW64) AppleWebKit/537.36 (KHTML, like Gecko) Chrome/103.0.0.0 Safari/537.36"
65.108.0.71 - - [03/Jul/2023:06:17:56 +0200] "GET /node/8919?q=signupfornewsletter HTTP/1.1" 200 4719 "-" "Mozilla/5.0 (compatible; MJ12bot/v1.4.8; http://mj12bot.com/)"
65.108.0.71 - - [03/Jul/2023:06:18:07 +0200] "GET /node/8922 HTTP/1.1" 200 22330 "-" "Mozilla/5.0 (compatible; MJ12bot/v1.4.8; http://mj12bot.com/)"
65.108.0.71 - - [03/Jul/2023:06:18:18 +0200] "GET /node/8922?q=signupformailinglist HTTP/1.1" 404 4060 "-" "Mozilla/5.0 (compatible; MJ12bot/v1.4.8; http://mj12bot.com/)"
65.108.0.71 - - [03/Jul/2023:06:18:28 +0200] "GET /node/8922?q=signupfornewsletter HTTP/1.1" 200 4719 "-" "Mozilla/5.0 (compatible; MJ12bot/v1.4.8; http://mj12bot.com/)"
65.108.0.71 - - [03/Jul/2023:06:18:39 +0200] "GET /node/8926 HTTP/1.1" 200 10847 "-" "Mozilla/5.0 (compatible; MJ12bot/v1.4.8; http://mj12bot.com/)"
65.108.0.71 - - [03/Jul/2023:06:18:49 +0200] "GET /node/8926?q=signupformailinglist HTTP/1.1" 404 4060 "-" "Mozilla/5.0 (compatible; MJ12bot/v1.4.8; http://mj12bot.com/)"
65.108.0.71 - - [03/Jul/2023:06:19:00 +0200] "GET /node/8926?q=signupfornewsletter HTTP/1.1" 200 4719 "-" "Mozilla/5.0 (compatible; MJ12bot/v1.4.8; http://mj12bot.com/)"
65.108.0.71 - - [03/Jul/2023:06:19:11 +0200] "GET /node/8927 HTTP/1.1" 200 10907 "-" "Mozilla/5.0 (compatible; MJ12bot/v1.4.8; http://mj12bot.com/)"
65.108.0.71 - - [03/Jul/2023:06:19:22 +0200] "GET /node/8927?q=signupformailinglist HTTP/1.1" 404 4060 "-" "Mozilla/5.0 (compatible; MJ12bot/v1.4.8; http://mj12bot.com/)"
65.108.0.71 - - [03/Jul/2023:06:19:32 +0200] "GET /node/8927?q=signupfornewsletter HTTP/1.1" 200 4719 "-" "Mozilla/5.0 (compatible; MJ12bot/v1.4.8; http://mj12bot.com/)"
65.108.0.71 - - [03/Jul/2023:06:19:42 +0200] "GET /node/8928 HTTP/1.1" 200 12839 "-" "Mozilla/5.0 (compatible; MJ12bot/v1.4.8; http://mj12bot.com/)"
65.108.0.71 - - [03/Jul/2023:06:19:54 +0200] "GET /node/8928?q=signupformailinglist HTTP/1.1" 404 4060 "-" "Mozilla/5.0 (compatible; MJ12bot/v1.4.8; http://mj12bot.com/)"
65.108.0.71 - - [03/Jul/2023:06:20:04 +0200] "GET /node/8929 HTTP/1.1" 200 16251 "-" "Mozilla/5.0 (compatible; MJ12bot/v1.4.8; http://mj12bot.com/)"
65.108.0.71 - - [03/Jul/2023:06:20:15 +0200] "GET /node/8929?q=signupformailinglist HTTP/1.1" 404 4060 "-" "Mozilla/5.0 (compatible; MJ12bot/v1.4.8; http://mj12bot.com/)"
65.108.0.71 - - [03/Jul/2023:06:20:25 +0200] "GET /node/8929?q=signupfornewsletter HTTP/1.1" 200 4719 "-" "Mozilla/5.0 (compatible; MJ12bot/v1.4.8; http://mj12bot.com/)"
65.108.0.71 - - [03/Jul/2023:06:20:36 +0200] "GET /node/893 HTTP/1.1" 200 6636 "-" "Mozilla/5.0 (compatible; MJ12bot/v1.4.8; http://mj12bot.com/)"
65.108.0.71 - - [03/Jul/2023:06:20:47 +0200] "GET /node/8930 HTTP/1.1" 200 7821 "-" "Mozilla/5.0 (compatible; MJ12bot/v1.4.8; http://mj12bot.com/)"
66.102.6.32 - - [03/Jul/2023:06:20:53 +0200] "HEAD /blog/3/feed HTTP/1.1" 200 0 "-" "FeedBurner/1.0 (http://www.FeedBurner.com)"
65.108.0.71 - - [03/Jul/2023:06:20:57 +0200] "GET /node/8930?q=signupformailinglist HTTP/1.1" 404 4060 "-" "Mozilla/5.0 (compatible; MJ12bot/v1.4.8; http://mj12bot.com/)"
