114.119.146.37 - - [01/Jul/2023:10:13:50 +0200] "GET /node/427 HTTP/1.1" 200 7220 "http://treehugger.hu/positiveblog?page=52" "Mozilla/5.0 (Linux; Android 7.0;) AppleWebKit/537.36 (KHTML, like Gecko) Mobile Safari/537.36 (compatible; PetalBot;+https://webmaster.petalsearch.com/site/petalbot)"
40.77.167.169 - - [01/Jul/2023:10:15:53 +0200] "GET /eventscalendar/2022-01-21 HTTP/1.1" 200 5792 "-" "Mozilla/5.0 AppleWebKit/537.36 (KHTML, like Gecko; compatible; bingbot/2.0; +http://www.bing.com/bingbot.htm) Chrome/103.0.5060.134 Safari/537.36"
66.102.6.34 - - [01/Jul/2023:10:16:56 +0200] "GET /blog/3/feed HTTP/1.1" 200 2701 "-" "FeedBurner/1.0 (http://www.FeedBurner.com)"
195.56.55.225 - - [01/Jul/2023:10:17:02 +0200] "GET /cron.php HTTP/1.0" 200 0 "-" "Wget/1.10.2"
52.167.144.48 - - [01/Jul/2023:10:18:38 +0200] "GET /eventscalendar/2022-08-30 HTTP/1.1" 200 5792 "-" "Mozilla/5.0 AppleWebKit/537.36 (KHTML, like Gecko; compatible; bingbot/2.0; +http://www.bing.com/bingbot.htm) Chrome/103.0.5060.134 Safari/537.36"
66.102.6.33 - - [01/Jul/2023:10:18:46 +0200] "GET /blog/3/feed HTTP/1.1" 200 11638 "-" "FeedBurner/1.0 (http://www.FeedBurner.com)"
54.36.148.55 - - [01/Jul/2023:10:19:04 +0200] "GET /node/18957?q=signupfornewsletter HTTP/1.1" 200 4719 "-" "Mozilla/5.0 (compatible; AhrefsBot/7.0; +http://ahrefs.com/robot/)"
157.55.39.253 - - [01/Jul/2023:10:20:06 +0200] "GET /eventscalendar/2022-06-26 HTTP/1.1" 200 5789 "-" "Mozilla/5.0 AppleWebKit/537.36 (KHTML, like Gecko; compatible; bingbot/2.0; +http://www.bing.com/bingbot.htm) Chrome/103.0.5060.134 Safari/537.36"
114.119.128.58 - - [01/Jul/2023:10:20:23 +0200] "GET /eventscalendar/2023-07-07 HTTP/1.1" 200 5788 "http://www.treehugger.hu/eventscalendar/2023-W28" "Mozilla/5.0 (Linux; Android 7.0;) AppleWebKit/537.36 (KHTML, like Gecko) Mobile Safari/537.36 (compatible; PetalBot;+https://webmaster.petalsearch.com/site/petalbot)"
185.25.35.15 - - [01/Jul/2023:10:21:35 +0200] "GET /robots.txt HTTP/1.1" 200 1590 "-" "magpie-crawler/1.1 (robots-txt-checker; +http://www.brandwatch.net)"
185.25.35.11 - - [01/Jul/2023:10:21:35 +0200] "GET /blog/3/feed HTTP/1.1" 200 2701 "-" "magpie-crawler/1.1 (U; Linux amd64; en-GB; +http://www.brandwatch.net)"
114.119.144.36 - - [01/Jul/2023:10:22:58 +0200] "GET /eventscalendar/2023-09-04 HTTP/1.1" 200 5793 "http://treehugger.hu/eventscalendar/2023" "Mozilla/5.0 (Linux; Android 7.0;) AppleWebKit/537.36 (KHTML, like Gecko) Mobile Safari/537.36 (compatible; PetalBot;+https://webmaster.petalsearch.com/site/petalbot)"
114.119.150.15 - - [01/Jul/2023:10:25:14 +0200] "GET /eventscalendar/2020-W28 HTTP/1.1" 200 7731 "http://treehugger.hu/eventscalendar/2020-07" "Mozilla/5.0 (Linux; Android 7.0;) AppleWebKit/537.36 (KHTML, like Gecko) Mobile Safari/537.36 (compatible; PetalBot;+https://webmaster.petalsearch.com/site/petalbot)"
54.36.148.253 - - [01/Jul/2023:10:26:19 +0200] "GET /node/12402 HTTP/1.1" 200 20897 "-" "Mozilla/5.0 (compatible; AhrefsBot/7.0; +http://ahrefs.com/robot/)"
52.167.144.48 - - [01/Jul/2023:10:26:39 +0200] "GET /eventscalendar/2022-10-17 HTTP/1.1" 200 5792 "-" "Mozilla/5.0 AppleWebKit/537.36 (KHTML, like Gecko; compatible; bingbot/2.0; +http://www.bing.com/bingbot.htm) Chrome/103.0.5060.134 Safari/537.36"
157.55.39.253 - - [01/Jul/2023:10:27:17 +0200] "GET /eventscalendar/2021-07-23 HTTP/1.1" 200 5789 "-" "Mozilla/5.0 AppleWebKit/537.36 (KHTML, like Gecko; compatible; bingbot/2.0; +http://www.bing.com/bingbot.htm) Chrome/103.0.5060.134 Safari/537.36"
74.125.214.102 - - [01/Jul/2023:10:27:42 +0200] "HEAD /blog/3/feed HTTP/1.1" 200 0 "-" "FeedBurner/1.0 (http://www.FeedBurner.com)"
114.119.132.68 - - [01/Jul/2023:10:29:33 +0200] "GET /eventscalendar/2021-03-31 HTTP/1.1" 200 5793 "http://treehugger.hu/eventscalendar/2021-W14" "Mozilla/5.0 (Linux; Android 7.0;) AppleWebKit/537.36 (KHTML, like Gecko) Mobile Safari/537.36 (compatible; PetalBot;+https://webmaster.petalsearch.com/site/petalbot)"
159.203.47.205 - - [01/Jul/2023:10:33:12 +0200] "GET /rss.xml HTTP/1.1" 200 14405 "-" "Mozilla/5.0 (Windows NT 6.3; WOW64) AppleWebKit/537.36 (KHTML, like Gecko) Chrome/43.0.2357.130 Safari/537.36"
54.36.149.38 - - [01/Jul/2023:10:33:32 +0200] "GET /node/853 HTTP/1.1" 200 10233 "-" "Mozilla/5.0 (compatible; AhrefsBot/7.0; +http://ahrefs.com/robot/)"
216.244.66.232 - - [01/Jul/2023:10:35:11 +0200] "GET /robots.txt HTTP/1.1" 200 1590 "-" "Mozilla/5.0 (compatible; DotBot/1.2; +https://opensiteexplorer.org/dotbot; help@moz.com)"
157.55.39.253 - - [01/Jul/2023:10:36:58 +0200] "GET /eventscalendar/2022-10-26 HTTP/1.1" 200 5795 "-" "Mozilla/5.0 AppleWebKit/537.36 (KHTML, like Gecko; compatible; bingbot/2.0; +http://www.bing.com/bingbot.htm) Chrome/103.0.5060.134 Safari/537.36"
116.203.65.1 - - [01/Jul/2023:10:37:28 +0200] "GET / HTTP/1.1" 200 17651 "-" "Mozilla/5.0 (Macintosh; Intel Mac OS X 10_15_7) AppleWebKit/537.36 (KHTML, like Gecko) Chrome/110.0.0.0 Safari/537.36"
66.249.73.96 - - [01/Jul/2023:10:38:43 +0200] "GET /eventscalendar/2022-09-06 HTTP/1.1" 200 5794 "-" "Mozilla/5.0 (Linux; Android 6.0.1; Nexus 5X Build/MMB29P) AppleWebKit/537.36 (KHTML, like Gecko) Chrome/114.0.5735.179 Mobile Safari/537.36 (compatible; Googlebot/2.1; +http://www.google.com/bot.html)"
212.237.51.151 - - [01/Jul/2023:10:41:12 +0200] "HEAD / HTTP/1.1" 200 0 "-" "Alert_Alligator_webmonitoring_service_1.6.4_(alertalligator.com)"
66.102.6.33 - - [01/Jul/2023:10:42:41 +0200] "GET /blog/3/feed HTTP/1.1" 200 2701 "-" "FeedBurner/1.0 (http://www.FeedBurner.com)"
157.55.39.253 - - [01/Jul/2023:10:42:58 +0200] "GET /eventscalendar/2025-07-25 HTTP/1.1" 200 5789 "-" "Mozilla/5.0 AppleWebKit/537.36 (KHTML, like Gecko; compatible; bingbot/2.0; +http://www.bing.com/bingbot.htm) Chrome/103.0.5060.134 Safari/537.36"
216.244.66.232 - - [01/Jul/2023:10:43:27 +0200] "GET /eventscalendar/2026-08-12 HTTP/1.1" 200 5794 "-" "Mozilla/5.0 (compatible; DotBot/1.2; +https://opensiteexplorer.org/dotbot; help@moz.com)"
52.167.144.48 - - [01/Jul/2023:10:45:11 +0200] "GET /eventscalendar/2025-08-22 HTTP/1.1" 200 5791 "-" "Mozilla/5.0 AppleWebKit/537.36 (KHTML, like Gecko; compatible; bingbot/2.0; +http://www.bing.com/bingbot.htm) Chrome/103.0.5060.134 Safari/537.36"
52.167.144.48 - - [01/Jul/2023:10:48:00 +0200] "GET /eventscalendar/2022-01-02 HTTP/1.1" 200 5791 "-" "Mozilla/5.0 AppleWebKit/537.36 (KHTML, like Gecko; compatible; bingbot/2.0; +http://www.bing.com/bingbot.htm) Chrome/103.0.5060.134 Safari/537.36"
54.36.149.23 - - [01/Jul/2023:10:51:40 +0200] "GET /eventscalendar/2023-05-30?q=signupfornewsletter HTTP/1.1" 200 4719 "-" "Mozilla/5.0 (compatible; AhrefsBot/7.0; +http://ahrefs.com/robot/)"
54.36.148.13 - - [01/Jul/2023:10:58:34 +0200] "GET /node/915?q=signupfornewsletter HTTP/1.1" 200 4719 "-" "Mozilla/5.0 (compatible; AhrefsBot/7.0; +http://ahrefs.com/robot/)"
74.125.214.101 - - [01/Jul/2023:10:59:09 +0200] "HEAD /blog/3/feed HTTP/1.1" 200 0 "-" "FeedBurner/1.0 (http://www.FeedBurner.com)"
64.125.238.74 - - [01/Jul/2023:10:59:19 +0200] "GET /sites/default/files/elevenpark.jpg HTTP/1.1" 200 193843 "-" "Mozilla/5.0 (X11; Ubuntu; Linux x86_64; rv:72.0) Gecko/20100101 Firefox/72.0"
114.119.146.61 - - [01/Jul/2023:10:59:43 +0200] "GET /node/581 HTTP/1.1" 200 7368 "http://www.treehugger.hu/positiveblog?page=44" "Mozilla/5.0 (Linux; Android 7.0;) AppleWebKit/537.36 (KHTML, like Gecko) Mobile Safari/537.36 (compatible; PetalBot;+https://webmaster.petalsearch.com/site/petalbot)"
114.119.145.79 - - [01/Jul/2023:11:01:12 +0200] "GET /node/1046 HTTP/1.1" 200 6904 "http://www.treehugger.hu/blog?page=15" "Mozilla/5.0 (Linux; Android 7.0;) AppleWebKit/537.36 (KHTML, like Gecko) Mobile Safari/537.36 (compatible; PetalBot;+https://webmaster.petalsearch.com/site/petalbot)"
74.125.214.103 - - [01/Jul/2023:11:01:46 +0200] "HEAD /blog/3/feed HTTP/1.1" 200 0 "-" "FeedBurner/1.0 (http://www.FeedBurner.com)"
44.234.114.218 - - [01/Jul/2023:11:02:03 +0200] "GET / HTTP/1.1" 200 17647 "-" "Mozilla/4.0 (compatible; MSIE 6.0; Windows NT 5.1; FSL 7.0.6.01001)"
114.119.138.154 - - [01/Jul/2023:11:02:56 +0200] "GET /eventscalendar/2022-06-06 HTTP/1.1" 200 5788 "http://www.treehugger.hu/eventscalendar/2022" "Mozilla/5.0 (Linux; Android 7.0;) AppleWebKit/537.36 (KHTML, like Gecko) Mobile Safari/537.36 (compatible; PetalBot;+https://webmaster.petalsearch.com/site/petalbot)"
157.55.39.253 - - [01/Jul/2023:11:04:40 +0200] "GET /eventscalendar/2022-09-13 HTTP/1.1" 200 5795 "-" "Mozilla/5.0 AppleWebKit/537.36 (KHTML, like Gecko; compatible; bingbot/2.0; +http://www.bing.com/bingbot.htm) Chrome/103.0.5060.134 Safari/537.36"
185.231.205.31 - - [01/Jul/2023:11:05:04 +0200] "GET / HTTP/1.1" 200 4123 "http://www.treehugger.hu" "Mozilla/5.0 (Windows NT 10.0; Win64; x64) AppleWebKit/537.36 (KHTML, like Gecko) Chrome/103.0.0.0 YaBrowser/22.7.0 Yowser/2.5 Safari/537.36"
185.231.205.31 - - [01/Jul/2023:11:05:05 +0200] "GET /?q=user HTTP/1.1" 200 5465 "http://www.treehugger.hu" "Mozilla/5.0 (Windows NT 10.0; Win64; x64) AppleWebKit/537.36 (KHTML, like Gecko) Chrome/103.0.0.0 YaBrowser/22.7.0 Yowser/2.5 Safari/537.36"
185.231.205.31 - - [01/Jul/2023:11:05:05 +0200] "POST /?q=user HTTP/1.1" 200 5492 "http://www.treehugger.hu/?q=user" "Mozilla/5.0 (Windows NT 10.0; Win64; x64) AppleWebKit/537.36 (KHTML, like Gecko) Chrome/103.0.0.0 YaBrowser/22.7.0 Yowser/2.5 Safari/537.36"
185.231.205.31 - - [01/Jul/2023:11:05:06 +0200] "POST /?q=user HTTP/1.1" 200 5492 "http://www.treehugger.hu/?q=user" "Mozilla/5.0 (Windows NT 10.0; Win64; x64) AppleWebKit/537.36 (KHTML, like Gecko) Chrome/103.0.0.0 YaBrowser/22.7.0 Yowser/2.5 Safari/537.36"
185.231.205.31 - - [01/Jul/2023:11:05:06 +0200] "GET /?q=node/add HTTP/1.1" 200 4284 "http://www.treehugger.hu/" "Mozilla/5.0 (Windows NT 10.0; Win64; x64) AppleWebKit/537.36 (KHTML, like Gecko) Chrome/103.0.0.0 YaBrowser/22.7.0 Yowser/2.5 Safari/537.36"
185.231.205.31 - - [01/Jul/2023:11:05:06 +0200] "GET /positiveblog HTTP/1.1" 200 15052 "http://www.treehugger.hu/?q=node/add" "Mozilla/5.0 (Windows NT 10.0; Win64; x64) AppleWebKit/537.36 (KHTML, like Gecko) Chrome/103.0.0.0 YaBrowser/22.7.0 Yowser/2.5 Safari/537.36"
185.231.205.31 - - [01/Jul/2023:11:05:06 +0200] "GET /?q=user HTTP/1.1" 200 1974 "http://www.treehugger.hu/" "Mozilla/5.0 (Windows NT 10.0; Win64; x64) AppleWebKit/537.36 (KHTML, like Gecko) Chrome/103.0.0.0 YaBrowser/22.7.0 Yowser/2.5 Safari/537.36"
114.119.156.31 - - [01/Jul/2023:11:05:15 +0200] "GET /eventscalendar/2021-W48 HTTP/1.1" 200 7740 "http://www.treehugger.hu/eventscalendar/2021-11" "Mozilla/5.0 (Linux; Android 7.0;) AppleWebKit/537.36 (KHTML, like Gecko) Mobile Safari/537.36 (compatible; PetalBot;+https://webmaster.petalsearch.com/site/petalbot)"
114.119.148.127 - - [01/Jul/2023:11:07:05 +0200] "GET /eventscalendar/2020-07-22 HTTP/1.1" 200 5792 "http://www.treehugger.hu/eventscalendar/2020" "Mozilla/5.0 (Linux; Android 7.0;) AppleWebKit/537.36 (KHTML, like Gecko) Mobile Safari/537.36 (compatible; PetalBot;+https://webmaster.petalsearch.com/site/petalbot)"
66.102.6.32 - - [01/Jul/2023:11:07:41 +0200] "GET /blog/3/feed HTTP/1.1" 200 2701 "-" "FeedBurner/1.0 (http://www.FeedBurner.com)"
114.119.146.223 - - [01/Jul/2023:11:08:31 +0200] "GET /node/142 HTTP/1.1" 200 5770 "http://www.treehugger.hu/links?tid=8" "Mozilla/5.0 (Linux; Android 7.0;) AppleWebKit/537.36 (KHTML, like Gecko) Mobile Safari/537.36 (compatible; PetalBot;+https://webmaster.petalsearch.com/site/petalbot)"
114.119.140.206 - - [01/Jul/2023:11:10:54 +0200] "GET /node/887 HTTP/1.1" 200 6062 "http://www.treehugger.hu/blog?page=26" "Mozilla/5.0 (Linux; Android 7.0;) AppleWebKit/537.36 (KHTML, like Gecko) Mobile Safari/537.36 (compatible; PetalBot;+https://webmaster.petalsearch.com/site/petalbot)"
114.119.133.12 - - [01/Jul/2023:11:12:41 +0200] "GET /eventscalendar/2022-12-03 HTTP/1.1" 200 5794 "http://treehugger.hu/eventscalendar/2022-W49" "Mozilla/5.0 (Linux; Android 7.0;) AppleWebKit/537.36 (KHTML, like Gecko) Mobile Safari/537.36 (compatible; PetalBot;+https://webmaster.petalsearch.com/site/petalbot)"
114.119.151.107 - - [01/Jul/2023:11:14:24 +0200] "GET /eventscalendar/2022-11-12 HTTP/1.1" 200 5795 "http://treehugger.hu/eventscalendar/2022-W46" "Mozilla/5.0 (Linux; Android 7.0;) AppleWebKit/537.36 (KHTML, like Gecko) Mobile Safari/537.36 (compatible; PetalBot;+https://webmaster.petalsearch.com/site/petalbot)"
114.119.157.199 - - [01/Jul/2023:11:16:52 +0200] "GET /node/780 HTTP/1.1" 200 6727 "http://treehugger.hu/positiveblog?page=32" "Mozilla/5.0 (Linux; Android 7.0;) AppleWebKit/537.36 (KHTML, like Gecko) Mobile Safari/537.36 (compatible; PetalBot;+https://webmaster.petalsearch.com/site/petalbot)"
195.56.55.225 - - [01/Jul/2023:11:17:02 +0200] "GET /cron.php HTTP/1.0" 200 0 "-" "Wget/1.10.2"
85.208.98.17 - - [01/Jul/2023:11:17:41 +0200] "GET / HTTP/1.1" 200 17647 "-" "SEMrushBot"
85.208.98.17 - - [01/Jul/2023:11:17:43 +0200] "GET / HTTP/1.1" 200 17651 "-" "SEMrushBot"
114.119.141.51 - - [01/Jul/2023:11:18:23 +0200] "GET /eventscalendar/2020-10-26 HTTP/1.1" 200 5792 "http://treehugger.hu/eventscalendar/2020-10" "Mozilla/5.0 (Linux; Android 7.0;) AppleWebKit/537.36 (KHTML, like Gecko) Mobile Safari/537.36 (compatible; PetalBot;+https://webmaster.petalsearch.com/site/petalbot)"
66.102.6.32 - - [01/Jul/2023:11:20:02 +0200] "GET /blog/3/feed HTTP/1.1" 200 11638 "-" "FeedBurner/1.0 (http://www.FeedBurner.com)"
143.178.156.15 - - [01/Jul/2023:11:22:24 +0200] "GET / HTTP/1.1" 200 17647 "-" "Java/1.6.0_04"
143.178.156.15 - - [01/Jul/2023:11:22:25 +0200] "GET /rss.xml HTTP/1.1" 200 14317 "-" "Java/1.6.0_04"
143.178.156.15 - - [01/Jul/2023:11:22:26 +0200] "GET /?q=signupformailinglist HTTP/1.1" 404 4060 "-" "Java/1.6.0_04"
143.178.156.15 - - [01/Jul/2023:11:22:26 +0200] "GET /aboutus HTTP/1.1" 200 10591 "-" "Java/1.6.0_04"
143.178.156.15 - - [01/Jul/2023:11:22:26 +0200] "GET /arak HTTP/1.1" 200 13431 "-" "Java/1.6.0_04"
143.178.156.15 - - [01/Jul/2023:11:22:26 +0200] "GET /contact HTTP/1.1" 200 11051 "-" "Java/1.6.0_04"
143.178.156.15 - - [01/Jul/2023:11:22:27 +0200] "GET /createabooklist HTTP/1.1" 200 11239 "-" "Java/1.6.0_04"
143.178.156.15 - - [01/Jul/2023:11:22:28 +0200] "GET /eventscalendar HTTP/1.1" 200 16226 "-" "Java/1.6.0_04"
143.178.156.15 - - [01/Jul/2023:11:22:30 +0200] "GET /links HTTP/1.1" 200 95106 "-" "Java/1.6.0_04"
143.178.156.15 - - [01/Jul/2023:11:22:32 +0200] "GET /meltanyos HTTP/1.1" 404 4060 "-" "Java/1.6.0_04"
143.178.156.15 - - [01/Jul/2023:11:22:32 +0200] "GET /meltanyos_kereskedelem HTTP/1.1" 200 17628 "-" "Java/1.6.0_04"
143.178.156.15 - - [01/Jul/2023:11:22:33 +0200] "GET /node?page=1 HTTP/1.1" 200 17836 "-" "Java/1.6.0_04"
143.178.156.15 - - [01/Jul/2023:11:22:35 +0200] "GET /partners HTTP/1.1" 200 14556 "-" "Java/1.6.0_04"
143.178.156.15 - - [01/Jul/2023:11:22:36 +0200] "GET /photos HTTP/1.1" 200 8651 "-" "Java/1.6.0_04"
143.178.156.15 - - [01/Jul/2023:11:22:36 +0200] "GET /positiveblog HTTP/1.1" 200 15052 "-" "Java/1.6.0_04"
143.178.156.15 - - [01/Jul/2023:11:22:37 +0200] "GET /productinformation HTTP/1.1" 200 8477 "-" "Java/1.6.0_04"
143.178.156.15 - - [01/Jul/2023:11:22:37 +0200] "GET /misc/drupal.js?N HTTP/1.1" 200 9745 "-" "Java/1.6.0_04"
143.178.156.15 - - [01/Jul/2023:11:22:37 +0200] "GET /misc/jquery.form.js?N HTTP/1.1" 200 6334 "-" "Java/1.6.0_04"
143.178.156.15 - - [01/Jul/2023:11:22:37 +0200] "GET /misc/jquery.js?N HTTP/1.1" 200 31089 "-" "Java/1.6.0_04"
143.178.156.15 - - [01/Jul/2023:11:22:38 +0200] "GET /image HTTP/1.1" 200 5086 "-" "Java/1.6.0_04"
143.178.156.15 - - [01/Jul/2023:11:22:39 +0200] "GET /blog HTTP/1.1" 200 16710 "-" "Java/1.6.0_04"
143.178.156.15 - - [01/Jul/2023:11:22:39 +0200] "GET /node/1038 HTTP/1.1" 200 7600 "-" "Java/1.6.0_04"
143.178.156.15 - - [01/Jul/2023:11:22:39 +0200] "GET /node/757 HTTP/1.1" 200 5858 "-" "Java/1.6.0_04"
143.178.156.15 - - [01/Jul/2023:11:22:40 +0200] "GET /node/758 HTTP/1.1" 200 5855 "-" "Java/1.6.0_04"
143.178.156.15 - - [01/Jul/2023:11:22:40 +0200] "GET /node/759 HTTP/1.1" 200 5575 "-" "Java/1.6.0_04"
143.178.156.15 - - [01/Jul/2023:11:22:40 +0200] "GET /node/772 HTTP/1.1" 200 5867 "-" "Java/1.6.0_04"
143.178.156.15 - - [01/Jul/2023:11:22:41 +0200] "GET /node/812 HTTP/1.1" 200 5980 "-" "Java/1.6.0_04"
143.178.156.15 - - [01/Jul/2023:11:22:41 +0200] "GET /node/841 HTTP/1.1" 200 5519 "-" "Java/1.6.0_04"
143.178.156.15 - - [01/Jul/2023:11:22:41 +0200] "GET /node/861 HTTP/1.1" 200 7519 "-" "Java/1.6.0_04"
143.178.156.15 - - [01/Jul/2023:11:22:41 +0200] "GET /node/870 HTTP/1.1" 200 5881 "-" "Java/1.6.0_04"
143.178.156.15 - - [01/Jul/2023:11:22:42 +0200] "GET /node/879 HTTP/1.1" 200 6818 "-" "Java/1.6.0_04"
143.178.156.15 - - [01/Jul/2023:11:22:42 +0200] "GET /aboutus/?q=signupformailinglist HTTP/1.1" 404 4060 "-" "Java/1.6.0_04"
143.178.156.15 - - [01/Jul/2023:11:22:42 +0200] "GET /arak/?q=signupformailinglist HTTP/1.1" 404 4060 "-" "Java/1.6.0_04"
143.178.156.15 - - [01/Jul/2023:11:22:42 +0200] "GET /contact/?q=signupformailinglist HTTP/1.1" 404 4060 "-" "Java/1.6.0_04"
143.178.156.15 - - [01/Jul/2023:11:22:42 +0200] "GET /createabooklist/?q=signupformailinglist HTTP/1.1" 404 4060 "-" "Java/1.6.0_04"
143.178.156.15 - - [01/Jul/2023:11:22:42 +0200] "GET /node/1027 HTTP/1.1" 200 6124 "-" "Java/1.6.0_04"
143.178.156.15 - - [01/Jul/2023:11:22:43 +0200] "GET /node/22 HTTP/1.1" 200 5991 "-" "Java/1.6.0_04"
143.178.156.15 - - [01/Jul/2023:11:22:43 +0200] "GET /node/23 HTTP/1.1" 200 6843 "-" "Java/1.6.0_04"
143.178.156.15 - - [01/Jul/2023:11:22:43 +0200] "GET /node/269 HTTP/1.1" 200 5524 "-" "Java/1.6.0_04"
143.178.156.15 - - [01/Jul/2023:11:22:43 +0200] "GET /node/294 HTTP/1.1" 200 5690 "-" "Java/1.6.0_04"
143.178.156.15 - - [01/Jul/2023:11:22:57 +0200] "GET /eventscalendar/2023 HTTP/1.1" 200 113805 "-" "Java/1.6.0_04"
143.178.156.15 - - [01/Jul/2023:11:23:00 +0200] "GET /eventscalendar/2023-06 HTTP/1.1" 200 14824 "-" "Java/1.6.0_04"
143.178.156.15 - - [01/Jul/2023:11:23:01 +0200] "GET /eventscalendar/2023-07 HTTP/1.1" 200 16248 "-" "Java/1.6.0_04"
143.178.156.15 - - [01/Jul/2023:11:23:02 +0200] "GET /eventscalendar/2023-07-01 HTTP/1.1" 200 5790 "-" "Java/1.6.0_04"
143.178.156.15 - - [01/Jul/2023:11:23:02 +0200] "GET /eventscalendar/2023-07-02 HTTP/1.1" 200 5788 "-" "Java/1.6.0_04"
143.178.156.15 - - [01/Jul/2023:11:23:03 +0200] "GET /eventscalendar/2023-07-03 HTTP/1.1" 200 5788 "-" "Java/1.6.0_04"
143.178.156.15 - - [01/Jul/2023:11:23:03 +0200] "GET /eventscalendar/2023-07-04 HTTP/1.1" 200 5789 "-" "Java/1.6.0_04"
143.178.156.15 - - [01/Jul/2023:11:23:04 +0200] "GET /eventscalendar/2023-07-05 HTTP/1.1" 200 5791 "-" "Java/1.6.0_04"
143.178.156.15 - - [01/Jul/2023:11:23:04 +0200] "GET /eventscalendar/2023-07-06 HTTP/1.1" 200 5790 "-" "Java/1.6.0_04"
143.178.156.15 - - [01/Jul/2023:11:23:04 +0200] "GET /eventscalendar/2023-07-07 HTTP/1.1" 200 5788 "-" "Java/1.6.0_04"
143.178.156.15 - - [01/Jul/2023:11:23:05 +0200] "GET /eventscalendar/2023-07-08 HTTP/1.1" 200 5790 "-" "Java/1.6.0_04"
143.178.156.15 - - [01/Jul/2023:11:23:05 +0200] "GET /eventscalendar/2023-07-09 HTTP/1.1" 200 5788 "-" "Java/1.6.0_04"
143.178.156.15 - - [01/Jul/2023:11:23:06 +0200] "GET /eventscalendar/2023-07-10 HTTP/1.1" 200 5789 "-" "Java/1.6.0_04"
143.178.156.15 - - [01/Jul/2023:11:23:06 +0200] "GET /eventscalendar/2023-07-11 HTTP/1.1" 200 5790 "-" "Java/1.6.0_04"
143.178.156.15 - - [01/Jul/2023:11:23:06 +0200] "GET /eventscalendar/2023-07-12 HTTP/1.1" 200 5792 "-" "Java/1.6.0_04"
143.178.156.15 - - [01/Jul/2023:11:23:07 +0200] "GET /eventscalendar/2023-07-13 HTTP/1.1" 200 5791 "-" "Java/1.6.0_04"
143.178.156.15 - - [01/Jul/2023:11:23:07 +0200] "GET /eventscalendar/2023-07-14 HTTP/1.1" 200 5789 "-" "Java/1.6.0_04"
143.178.156.15 - - [01/Jul/2023:11:23:08 +0200] "GET /eventscalendar/2023-07-15 HTTP/1.1" 200 5791 "-" "Java/1.6.0_04"
143.178.156.15 - - [01/Jul/2023:11:23:08 +0200] "GET /eventscalendar/2023-07-16 HTTP/1.1" 200 5789 "-" "Java/1.6.0_04"
143.178.156.15 - - [01/Jul/2023:11:23:08 +0200] "GET /eventscalendar/2023-07-17 HTTP/1.1" 200 5789 "-" "Java/1.6.0_04"
143.178.156.15 - - [01/Jul/2023:11:23:09 +0200] "GET /eventscalendar/2023-07-18 HTTP/1.1" 200 5790 "-" "Java/1.6.0_04"
143.178.156.15 - - [01/Jul/2023:11:23:09 +0200] "GET /eventscalendar/2023-07-19 HTTP/1.1" 200 5792 "-" "Java/1.6.0_04"
143.178.156.15 - - [01/Jul/2023:11:23:10 +0200] "GET /eventscalendar/2023-07-20 HTTP/1.1" 200 5791 "-" "Java/1.6.0_04"
143.178.156.15 - - [01/Jul/2023:11:23:10 +0200] "GET /eventscalendar/2023-07-21 HTTP/1.1" 200 5789 "-" "Java/1.6.0_04"
143.178.156.15 - - [01/Jul/2023:11:23:10 +0200] "GET /eventscalendar/2023-07-22 HTTP/1.1" 200 5791 "-" "Java/1.6.0_04"
143.178.156.15 - - [01/Jul/2023:11:23:11 +0200] "GET /eventscalendar/2023-07-23 HTTP/1.1" 200 5789 "-" "Java/1.6.0_04"
143.178.156.15 - - [01/Jul/2023:11:23:11 +0200] "GET /eventscalendar/2023-07-24 HTTP/1.1" 200 5789 "-" "Java/1.6.0_04"
143.178.156.15 - - [01/Jul/2023:11:23:12 +0200] "GET /eventscalendar/2023-07-25 HTTP/1.1" 200 5790 "-" "Java/1.6.0_04"
143.178.156.15 - - [01/Jul/2023:11:23:12 +0200] "GET /eventscalendar/2023-07-26 HTTP/1.1" 200 5792 "-" "Java/1.6.0_04"
54.36.148.203 - - [01/Jul/2023:11:24:24 +0200] "GET /node/18642 HTTP/1.1" 200 15340 "-" "Mozilla/5.0 (compatible; AhrefsBot/7.0; +http://ahrefs.com/robot/)"
74.125.217.101 - - [01/Jul/2023:11:25:10 +0200] "GET /blog/3/feed HTTP/1.1" 200 2701 "-" "FeedFetcher-Google; (+http://www.google.com/feedfetcher.html)"
5.255.231.156 - - [01/Jul/2023:11:27:32 +0200] "GET /node/184?q=signupformailinglist HTTP/1.1" 404 4060 "-" "Mozilla/5.0 (compatible; YandexBot/3.0; +http://yandex.com/bots)"
212.237.53.115 - - [01/Jul/2023:11:27:40 +0200] "HEAD / HTTP/1.1" 200 0 "-" "Alert_Alligator_webmonitoring_service_1.6.4_(alertalligator.com)"
185.25.35.8 - - [01/Jul/2023:11:28:15 +0200] "GET /robots.txt HTTP/1.1" 200 1590 "-" "magpie-crawler/1.1 (robots-txt-checker; +http://www.brandwatch.net)"
185.25.35.8 - - [01/Jul/2023:11:28:16 +0200] "GET /blog/3/feed HTTP/1.1" 200 2701 "-" "magpie-crawler/1.1 (U; Linux amd64; en-GB; +http://www.brandwatch.net)"
216.244.66.232 - - [01/Jul/2023:11:32:12 +0200] "GET /robots.txt HTTP/1.1" 200 1590 "-" "Mozilla/5.0 (compatible; DotBot/1.2; +https://opensiteexplorer.org/dotbot; help@moz.com)"
216.244.66.232 - - [01/Jul/2023:11:32:12 +0200] "GET /robots.txt HTTP/1.1" 200 1590 "-" "Mozilla/5.0 (compatible; DotBot/1.2; +https://opensiteexplorer.org/dotbot; help@moz.com)"
54.36.148.202 - - [01/Jul/2023:11:32:32 +0200] "GET /eventscalendar/2023-05-25 HTTP/1.1" 200 5790 "-" "Mozilla/5.0 (compatible; AhrefsBot/7.0; +http://ahrefs.com/robot/)"
74.125.210.97 - - [01/Jul/2023:11:35:27 +0200] "GET /rss.xml HTTP/1.1" 200 14405 "-" "FeedFetcher-Google; (+http://www.google.com/feedfetcher.html)"
216.244.66.232 - - [01/Jul/2023:11:37:09 +0200] "GET /eventscalendar/2022-W10 HTTP/1.1" 200 7733 "-" "Mozilla/5.0 (compatible; DotBot/1.2; +https://opensiteexplorer.org/dotbot; help@moz.com)"
216.244.66.232 - - [01/Jul/2023:11:37:21 +0200] "GET /eventscalendar/2023-06-22 HTTP/1.1" 200 5791 "-" "Mozilla/5.0 (compatible; DotBot/1.2; +https://opensiteexplorer.org/dotbot; help@moz.com)"
216.244.66.232 - - [01/Jul/2023:11:37:36 +0200] "GET /eventscalendar/2022-04-27 HTTP/1.1" 200 5793 "-" "Mozilla/5.0 (compatible; DotBot/1.2; +https://opensiteexplorer.org/dotbot; help@moz.com)"
213.180.203.32 - - [01/Jul/2023:11:37:38 +0200] "GET / HTTP/1.1" 200 4123 "-" "Mozilla/5.0 (compatible; YandexBot/3.0; +http://yandex.com/bots)"
216.244.66.232 - - [01/Jul/2023:11:37:45 +0200] "GET /eventscalendar/2022-11-01 HTTP/1.1" 200 5793 "-" "Mozilla/5.0 (compatible; DotBot/1.2; +https://opensiteexplorer.org/dotbot; help@moz.com)"
216.244.66.232 - - [01/Jul/2023:11:37:55 +0200] "GET /eventscalendar/2023-08-26 HTTP/1.1" 200 5793 "-" "Mozilla/5.0 (compatible; DotBot/1.2; +https://opensiteexplorer.org/dotbot; help@moz.com)"
216.244.66.232 - - [01/Jul/2023:11:38:06 +0200] "GET /eventscalendar/2023-10-03 HTTP/1.1" 200 5792 "-" "Mozilla/5.0 (compatible; DotBot/1.2; +https://opensiteexplorer.org/dotbot; help@moz.com)"
85.185.85.194 - - [01/Jul/2023:11:38:10 +0200] "GET /wp-login.php HTTP/1.1" 404 4060 "-" "Mozilla/5.0 (X11; Fedora; Linux x86_64; rv:94.0) Gecko/20100101 Firefox/95.0"
216.244.66.232 - - [01/Jul/2023:11:38:17 +0200] "GET /eventscalendar/2023-11-28 HTTP/1.1" 200 5794 "-" "Mozilla/5.0 (compatible; DotBot/1.2; +https://opensiteexplorer.org/dotbot; help@moz.com)"
95.108.213.136 - - [01/Jul/2023:11:39:43 +0200] "GET / HTTP/1.1" 200 4123 "-" "Mozilla/5.0 (compatible; YandexBot/3.0; +http://yandex.com/bots)"
216.244.66.232 - - [01/Jul/2023:11:39:51 +0200] "GET /node/162 HTTP/1.1" 200 8167 "-" "Mozilla/5.0 (compatible; DotBot/1.2; +https://opensiteexplorer.org/dotbot; help@moz.com)"
54.36.148.184 - - [01/Jul/2023:11:40:41 +0200] "GET /node/1138 HTTP/1.1" 200 13752 "-" "Mozilla/5.0 (compatible; AhrefsBot/7.0; +http://ahrefs.com/robot/)"
216.244.66.232 - - [01/Jul/2023:11:41:26 +0200] "GET /eventscalendar/2021-W09 HTTP/1.1" 200 7739 "-" "Mozilla/5.0 (compatible; DotBot/1.2; +https://opensiteexplorer.org/dotbot; help@moz.com)"
94.23.207.193 - - [01/Jul/2023:11:41:36 +0200] "GET /robots.txt HTTP/1.1" 200 1590 "-" "Mozilla/5.0 (compatible; MJ12bot/v1.4.8; http://mj12bot.com/)"
216.244.66.232 - - [01/Jul/2023:11:41:37 +0200] "GET /eventscalendar/2023-W44 HTTP/1.1" 200 7739 "-" "Mozilla/5.0 (compatible; DotBot/1.2; +https://opensiteexplorer.org/dotbot; help@moz.com)"
51.222.8.230 - - [01/Jul/2023:11:41:44 +0200] "GET / HTTP/1.1" 200 4123 "http://www.treehugger.hu" "Mozilla/5.0 (Linux x86_64; rv:102.0) Gecko/20100101 Firefox/102.0"
94.23.207.193 - - [01/Jul/2023:11:41:46 +0200] "GET /node/824?q=signupfornewsletter HTTP/1.1" 200 4719 "-" "Mozilla/5.0 (compatible; MJ12bot/v1.4.8; http://mj12bot.com/)"
51.222.8.230 - - [01/Jul/2023:11:41:49 +0200] "GET /?q=user HTTP/1.1" 200 5465 "http://www.treehugger.hu" "Mozilla/5.0 (Linux x86_64; rv:102.0) Gecko/20100101 Firefox/102.0"
51.222.8.230 - - [01/Jul/2023:11:41:50 +0200] "POST /?q=user HTTP/1.1" 200 5487 "http://www.treehugger.hu/?q=user" "Mozilla/5.0 (Linux x86_64; rv:102.0) Gecko/20100101 Firefox/102.0"
51.222.8.230 - - [01/Jul/2023:11:41:50 +0200] "POST /?q=user HTTP/1.1" 200 5487 "http://www.treehugger.hu/?q=user" "Mozilla/5.0 (Linux x86_64; rv:102.0) Gecko/20100101 Firefox/102.0"
51.222.8.230 - - [01/Jul/2023:11:41:51 +0200] "GET /?q=node/add HTTP/1.1" 200 4284 "http://www.treehugger.hu/" "Mozilla/5.0 (Linux x86_64; rv:102.0) Gecko/20100101 Firefox/102.0"
51.222.8.230 - - [01/Jul/2023:11:41:51 +0200] "GET /positiveblog HTTP/1.1" 200 15052 "http://www.treehugger.hu/?q=node/add" "Mozilla/5.0 (Linux x86_64; rv:102.0) Gecko/20100101 Firefox/102.0"
51.222.8.230 - - [01/Jul/2023:11:41:52 +0200] "GET /?q=user HTTP/1.1" 200 1974 "http://www.treehugger.hu/" "Mozilla/5.0 (Linux x86_64; rv:102.0) Gecko/20100101 Firefox/102.0"
94.23.207.193 - - [01/Jul/2023:11:41:57 +0200] "GET /node/892?q=signupformailinglist HTTP/1.1" 404 4060 "-" "Mozilla/5.0 (compatible; MJ12bot/v1.4.8; http://mj12bot.com/)"
114.119.139.246 - - [01/Jul/2023:11:42:34 +0200] "GET /eventscalendar/2022-12-23 HTTP/1.1" 200 5793 "http://www.treehugger.hu/eventscalendar/2022" "Mozilla/5.0 (Linux; Android 7.0;) AppleWebKit/537.36 (KHTML, like Gecko) Mobile Safari/537.36 (compatible; PetalBot;+https://webmaster.petalsearch.com/site/petalbot)"
216.244.66.232 - - [01/Jul/2023:11:42:58 +0200] "GET /eventscalendar/2021-05-02 HTTP/1.1" 200 5787 "-" "Mozilla/5.0 (compatible; DotBot/1.2; +https://opensiteexplorer.org/dotbot; help@moz.com)"
216.244.66.232 - - [01/Jul/2023:11:43:09 +0200] "GET /eventscalendar/2021-05-30 HTTP/1.1" 200 5788 "-" "Mozilla/5.0 (compatible; DotBot/1.2; +https://opensiteexplorer.org/dotbot; help@moz.com)"
216.244.66.232 - - [01/Jul/2023:11:43:20 +0200] "GET /eventscalendar/2021-06-28 HTTP/1.1" 200 5789 "-" "Mozilla/5.0 (compatible; DotBot/1.2; +https://opensiteexplorer.org/dotbot; help@moz.com)"
114.119.130.29 - - [01/Jul/2023:11:45:10 +0200] "GET /node/990 HTTP/1.1" 200 8771 "http://treehugger.hu/positiveblog?page=19" "Mozilla/5.0 (Linux; Android 7.0;) AppleWebKit/537.36 (KHTML, like Gecko) Mobile Safari/537.36 (compatible; PetalBot;+https://webmaster.petalsearch.com/site/petalbot)"
216.244.66.232 - - [01/Jul/2023:11:45:35 +0200] "GET /node/631 HTTP/1.1" 200 7622 "-" "Mozilla/5.0 (compatible; DotBot/1.2; +https://opensiteexplorer.org/dotbot; help@moz.com)"
114.119.135.253 - - [01/Jul/2023:11:47:02 +0200] "GET /node/208 HTTP/1.1" 200 4952 "http://treehugger.hu/photos" "Mozilla/5.0 (Linux; Android 7.0;) AppleWebKit/537.36 (KHTML, like Gecko) Mobile Safari/537.36 (compatible; PetalBot;+https://webmaster.petalsearch.com/site/petalbot)"
54.36.148.100 - - [01/Jul/2023:11:48:53 +0200] "GET /aboutus?q=signupfornewsletter HTTP/1.1" 200 4719 "-" "Mozilla/5.0 (compatible; AhrefsBot/7.0; +http://ahrefs.com/robot/)"
66.249.74.101 - - [01/Jul/2023:11:49:02 +0200] "GET /node?page=4&from=6 HTTP/1.1" 200 7341 "-" "Mozilla/5.0 (Linux; Android 6.0.1; Nexus 5X Build/MMB29P) AppleWebKit/537.36 (KHTML, like Gecko) Chrome/114.0.5735.179 Mobile Safari/537.36 (compatible; Googlebot/2.1; +http://www.google.com/bot.html)"
40.77.167.169 - - [01/Jul/2023:11:49:32 +0200] "GET /eventscalendar/2021-03-12 HTTP/1.1" 200 5790 "-" "Mozilla/5.0 AppleWebKit/537.36 (KHTML, like Gecko; compatible; bingbot/2.0; +http://www.bing.com/bingbot.htm) Chrome/103.0.5060.134 Safari/537.36"
157.55.39.253 - - [01/Jul/2023:11:50:44 +0200] "GET /eventscalendar/2022-07-06 HTTP/1.1" 200 5791 "-" "Mozilla/5.0 AppleWebKit/537.36 (KHTML, like Gecko; compatible; bingbot/2.0; +http://www.bing.com/bingbot.htm) Chrome/103.0.5060.134 Safari/537.36"
209.126.151.118 - - [01/Jul/2023:11:53:53 +0200] "GET / HTTP/1.1" 200 4123 "-" "bitdiscovery"
74.125.214.101 - - [01/Jul/2023:11:54:20 +0200] "HEAD /blog/3/feed HTTP/1.1" 200 0 "-" "FeedBurner/1.0 (http://www.FeedBurner.com)"
213.180.203.204 - - [01/Jul/2023:11:55:01 +0200] "GET /eventscalendar/2017-10-13 HTTP/1.1" 404 4174 "-" "Mozilla/5.0 (compatible; YandexBot/3.0; +http://yandex.com/bots)"
74.125.214.102 - - [01/Jul/2023:12:00:57 +0200] "HEAD /blog/3/feed HTTP/1.1" 200 0 "-" "FeedBurner/1.0 (http://www.FeedBurner.com)"
185.208.118.106 - - [01/Jul/2023:12:02:20 +0200] "GET /?q=node/add HTTP/1.1" 200 1581 "http://www.treehugger.hu/" "Mozilla/5.0 (X11; Fedora; Linux x86_64; rv:102.0) Gecko/20100101 Firefox/102.0"
185.208.118.106 - - [01/Jul/2023:12:02:24 +0200] "GET /?q=user HTTP/1.1" 200 1974 "http://www.treehugger.hu/" "Mozilla/5.0 (X11; Fedora; Linux x86_64; rv:102.0) Gecko/20100101 Firefox/102.0"
185.208.118.106 - - [01/Jul/2023:12:02:25 +0200] "POST /?q=user HTTP/1.1" 200 5487 "http://www.treehugger.hu/?q=user" "Mozilla/5.0 (X11; Fedora; Linux x86_64; rv:102.0) Gecko/20100101 Firefox/102.0"
185.208.118.106 - - [01/Jul/2023:12:02:25 +0200] "POST /?q=user HTTP/1.1" 200 5487 "http://www.treehugger.hu/?q=user" "Mozilla/5.0 (X11; Fedora; Linux x86_64; rv:102.0) Gecko/20100101 Firefox/102.0"
185.208.118.106 - - [01/Jul/2023:12:02:25 +0200] "GET /?q=node/add HTTP/1.1" 200 1581 "http://www.treehugger.hu/" "Mozilla/5.0 (X11; Fedora; Linux x86_64; rv:102.0) Gecko/20100101 Firefox/102.0"
185.208.118.106 - - [01/Jul/2023:12:02:25 +0200] "GET /positiveblog HTTP/1.1" 200 4068 "http://www.treehugger.hu/?q=node/add" "Mozilla/5.0 (X11; Fedora; Linux x86_64; rv:102.0) Gecko/20100101 Firefox/102.0"
185.208.118.106 - - [01/Jul/2023:12:02:25 +0200] "GET /?q=user HTTP/1.1" 200 1974 "http://www.treehugger.hu/" "Mozilla/5.0 (X11; Fedora; Linux x86_64; rv:102.0) Gecko/20100101 Firefox/102.0"
185.189.13.86 - - [01/Jul/2023:12:03:14 +0200] "GET / HTTP/1.1" 200 4123 "http://www.treehugger.hu" "Mozilla/5.0 (Windows NT 10.0; Win64; x64) AppleWebKit/537.36 (KHTML, like Gecko) Chrome/103.0.0.0 Safari/537.36"
185.189.13.86 - - [01/Jul/2023:12:03:18 +0200] "GET /?q=user HTTP/1.1" 200 1974 "http://www.treehugger.hu" "Mozilla/5.0 (Windows NT 10.0; Win64; x64) AppleWebKit/537.36 (KHTML, like Gecko) Chrome/103.0.0.0 Safari/537.36"
185.189.13.86 - - [01/Jul/2023:12:03:18 +0200] "POST /?q=user HTTP/1.1" 200 5488 "http://www.treehugger.hu/?q=user" "Mozilla/5.0 (Windows NT 10.0; Win64; x64) AppleWebKit/537.36 (KHTML, like Gecko) Chrome/103.0.0.0 Safari/537.36"
185.189.13.86 - - [01/Jul/2023:12:03:18 +0200] "POST /?q=user HTTP/1.1" 200 5488 "http://www.treehugger.hu/?q=user" "Mozilla/5.0 (Windows NT 10.0; Win64; x64) AppleWebKit/537.36 (KHTML, like Gecko) Chrome/103.0.0.0 Safari/537.36"
185.189.13.86 - - [01/Jul/2023:12:03:18 +0200] "GET /?q=node/add HTTP/1.1" 200 1581 "http://www.treehugger.hu/" "Mozilla/5.0 (Windows NT 10.0; Win64; x64) AppleWebKit/537.36 (KHTML, like Gecko) Chrome/103.0.0.0 Safari/537.36"
185.189.13.86 - - [01/Jul/2023:12:03:18 +0200] "GET /positiveblog HTTP/1.1" 200 4068 "http://www.treehugger.hu/?q=node/add" "Mozilla/5.0 (Windows NT 10.0; Win64; x64) AppleWebKit/537.36 (KHTML, like Gecko) Chrome/103.0.0.0 Safari/537.36"
185.189.13.86 - - [01/Jul/2023:12:03:18 +0200] "GET /?q=user HTTP/1.1" 200 1974 "http://www.treehugger.hu/" "Mozilla/5.0 (Windows NT 10.0; Win64; x64) AppleWebKit/537.36 (KHTML, like Gecko) Chrome/103.0.0.0 Safari/537.36"
34.241.173.176 - - [01/Jul/2023:12:03:34 +0200] "GET /blog/3/feed HTTP/1.1" 200 2701 "-" "Mozilla/5.0 (Macintosh; Intel Mac OS X 10.15; rv:92.0) Gecko/20100101 Firefox/92.0"
77.75.79.72 - - [01/Jul/2023:12:03:36 +0200] "GET /node/1038 HTTP/1.1" 200 7600 "-" "Mozilla/5.0 (compatible; SeznamBot/4.0; +http://napoveda.seznam.cz/seznambot-intro/)"
66.102.6.32 - - [01/Jul/2023:12:06:18 +0200] "GET /blog/3/feed HTTP/1.1" 200 2701 "-" "FeedBurner/1.0 (http://www.FeedBurner.com)"
114.119.150.166 - - [01/Jul/2023:12:06:21 +0200] "GET /eventscalendar/2021-03-15 HTTP/1.1" 200 5790 "http://www.treehugger.hu/eventscalendar/2021" "Mozilla/5.0 (Linux; Android 7.0;) AppleWebKit/537.36 (KHTML, like Gecko) Mobile Safari/537.36 (compatible; PetalBot;+https://webmaster.petalsearch.com/site/petalbot)"
114.119.162.80 - - [01/Jul/2023:12:06:39 +0200] "GET /node/746 HTTP/1.1" 200 21159 "http://treehugger.hu/positiveblog?page=34" "Mozilla/5.0 (Linux; Android 7.0;) AppleWebKit/537.36 (KHTML, like Gecko) Mobile Safari/537.36 (compatible; PetalBot;+https://webmaster.petalsearch.com/site/petalbot)"
40.77.167.169 - - [01/Jul/2023:12:07:55 +0200] "GET /eventscalendar/2022-09-22 HTTP/1.1" 200 5796 "-" "Mozilla/5.0 AppleWebKit/537.36 (KHTML, like Gecko; compatible; bingbot/2.0; +http://www.bing.com/bingbot.htm) Chrome/103.0.5060.134 Safari/537.36"
114.119.157.241 - - [01/Jul/2023:12:08:06 +0200] "GET /node/172 HTTP/1.1" 200 7055 "http://treehugger.hu/positiveblog?page=62" "Mozilla/5.0 (Linux; Android 7.0;) AppleWebKit/537.36 (KHTML, like Gecko) Mobile Safari/537.36 (compatible; PetalBot;+https://webmaster.petalsearch.com/site/petalbot)"
212.237.51.151 - - [01/Jul/2023:12:08:39 +0200] "HEAD / HTTP/1.1" 200 0 "-" "Alert_Alligator_webmonitoring_service_1.6.4_(alertalligator.com)"
114.119.133.98 - - [01/Jul/2023:12:11:16 +0200] "GET /node/1049 HTTP/1.1" 200 7674 "http://treehugger.hu/positiveblog?page=15" "Mozilla/5.0 (Linux; Android 7.0;) AppleWebKit/537.36 (KHTML, like Gecko) Mobile Safari/537.36 (compatible; PetalBot;+https://webmaster.petalsearch.com/site/petalbot)"
52.167.144.48 - - [01/Jul/2023:12:11:40 +0200] "GET /eventscalendar/2022-04-29 HTTP/1.1" 200 5790 "-" "Mozilla/5.0 AppleWebKit/537.36 (KHTML, like Gecko; compatible; bingbot/2.0; +http://www.bing.com/bingbot.htm) Chrome/103.0.5060.134 Safari/537.36"
74.125.214.103 - - [01/Jul/2023:12:11:59 +0200] "HEAD /blog/3/feed HTTP/1.1" 200 0 "-" "FeedBurner/1.0 (http://www.FeedBurner.com)"
114.119.142.124 - - [01/Jul/2023:12:14:03 +0200] "GET /eventscalendar/2021-08-12 HTTP/1.1" 200 5793 "http://treehugger.hu/eventscalendar/2021-W33" "Mozilla/5.0 (Linux; Android 7.0;) AppleWebKit/537.36 (KHTML, like Gecko) Mobile Safari/537.36 (compatible; PetalBot;+https://webmaster.petalsearch.com/site/petalbot)"
114.119.157.103 - - [01/Jul/2023:12:16:28 +0200] "GET /eventscalendar/2020-01-30 HTTP/1.1" 200 5794 "http://treehugger.hu/eventscalendar/2020-W5" "Mozilla/5.0 (Linux; Android 7.0;) AppleWebKit/537.36 (KHTML, like Gecko) Mobile Safari/537.36 (compatible; PetalBot;+https://webmaster.petalsearch.com/site/petalbot)"
195.56.55.225 - - [01/Jul/2023:12:17:02 +0200] "GET /cron.php HTTP/1.0" 200 0 "-" "Wget/1.10.2"
157.55.39.253 - - [01/Jul/2023:12:19:57 +0200] "GET /eventscalendar/2022-03-31 HTTP/1.1" 200 5792 "-" "Mozilla/5.0 AppleWebKit/537.36 (KHTML, like Gecko; compatible; bingbot/2.0; +http://www.bing.com/bingbot.htm) Chrome/103.0.5060.134 Safari/537.36"
54.36.148.183 - - [01/Jul/2023:12:20:36 +0200] "GET / HTTP/1.1" 200 17647 "-" "Mozilla/5.0 (compatible; AhrefsBot/7.0; +http://ahrefs.com/robot/)"
66.102.6.34 - - [01/Jul/2023:12:26:54 +0200] "GET /blog/3/feed HTTP/1.1" 200 11638 "-" "FeedBurner/1.0 (http://www.FeedBurner.com)"
216.244.66.232 - - [01/Jul/2023:12:28:02 +0200] "GET /robots.txt HTTP/1.1" 200 1590 "-" "Mozilla/5.0 (compatible; DotBot/1.2; +https://opensiteexplorer.org/dotbot; help@moz.com)"
216.244.66.232 - - [01/Jul/2023:12:28:03 +0200] "GET /robots.txt HTTP/1.1" 200 1590 "-" "Mozilla/5.0 (compatible; DotBot/1.2; +https://opensiteexplorer.org/dotbot; help@moz.com)"
104.247.115.2 - - [01/Jul/2023:12:29:38 +0200] "GET /node/489 HTTP/1.1" 200 6403 "http://www.treehugger.hu/" "Mozilla/5.0 (X11; Ubuntu; Linux i686; rv:102.0) Gecko/20100101 Firefox/102.0"
104.247.115.2 - - [01/Jul/2023:12:29:40 +0200] "GET /?q=user HTTP/1.1" 200 5465 "http://www.treehugger.hu/" "Mozilla/5.0 (X11; Ubuntu; Linux i686; rv:102.0) Gecko/20100101 Firefox/102.0"
104.247.115.2 - - [01/Jul/2023:12:29:41 +0200] "POST /?q=user HTTP/1.1" 200 5488 "http://www.treehugger.hu/?q=user" "Mozilla/5.0 (X11; Ubuntu; Linux i686; rv:102.0) Gecko/20100101 Firefox/102.0"
104.247.115.2 - - [01/Jul/2023:12:29:42 +0200] "POST /?q=user HTTP/1.1" 200 5488 "http://www.treehugger.hu/?q=user" "Mozilla/5.0 (X11; Ubuntu; Linux i686; rv:102.0) Gecko/20100101 Firefox/102.0"
104.247.115.2 - - [01/Jul/2023:12:29:43 +0200] "GET /?q=node/add HTTP/1.1" 200 4284 "http://www.treehugger.hu/" "Mozilla/5.0 (X11; Ubuntu; Linux i686; rv:102.0) Gecko/20100101 Firefox/102.0"
104.247.115.2 - - [01/Jul/2023:12:29:44 +0200] "GET /positiveblog HTTP/1.1" 200 15052 "http://www.treehugger.hu/?q=node/add" "Mozilla/5.0 (X11; Ubuntu; Linux i686; rv:102.0) Gecko/20100101 Firefox/102.0"
104.247.115.2 - - [01/Jul/2023:12:29:45 +0200] "GET /?q=user HTTP/1.1" 200 1972 "http://www.treehugger.hu/" "Mozilla/5.0 (X11; Ubuntu; Linux i686; rv:102.0) Gecko/20100101 Firefox/102.0"
114.119.145.193 - - [01/Jul/2023:12:30:31 +0200] "GET /node/952 HTTP/1.1" 200 6689 "http://treehugger.hu/positiveblog?page=22" "Mozilla/5.0 (Linux; Android 7.0;) AppleWebKit/537.36 (KHTML, like Gecko) Mobile Safari/537.36 (compatible; PetalBot;+https://webmaster.petalsearch.com/site/petalbot)"
114.119.151.93 - - [01/Jul/2023:12:33:06 +0200] "GET /node/337 HTTP/1.1" 200 5445 "http://treehugger.hu/positiveblog?page=56" "Mozilla/5.0 (Linux; Android 7.0;) AppleWebKit/537.36 (KHTML, like Gecko) Mobile Safari/537.36 (compatible; PetalBot;+https://webmaster.petalsearch.com/site/petalbot)"
66.102.6.32 - - [01/Jul/2023:12:33:07 +0200] "GET /blog/3/feed HTTP/1.1" 200 2701 "-" "FeedBurner/1.0 (http://www.FeedBurner.com)"
216.244.66.232 - - [01/Jul/2023:12:33:14 +0200] "GET /eventscalendar/2023-05-29 HTTP/1.1" 200 5788 "-" "Mozilla/5.0 (compatible; DotBot/1.2; +https://opensiteexplorer.org/dotbot; help@moz.com)"
216.244.66.232 - - [01/Jul/2023:12:33:30 +0200] "GET /eventscalendar/2023-07-15 HTTP/1.1" 200 5791 "-" "Mozilla/5.0 (compatible; DotBot/1.2; +https://opensiteexplorer.org/dotbot; help@moz.com)"
216.244.66.232 - - [01/Jul/2023:12:33:41 +0200] "GET /eventscalendar/2023-09-09 HTTP/1.1" 200 5795 "-" "Mozilla/5.0 (compatible; DotBot/1.2; +https://opensiteexplorer.org/dotbot; help@moz.com)"
216.244.66.232 - - [01/Jul/2023:12:33:54 +0200] "GET /eventscalendar/2023-09-17 HTTP/1.1" 200 5794 "-" "Mozilla/5.0 (compatible; DotBot/1.2; +https://opensiteexplorer.org/dotbot; help@moz.com)"
216.244.66.232 - - [01/Jul/2023:12:34:05 +0200] "GET /eventscalendar/2023-11-02 HTTP/1.1" 200 5794 "-" "Mozilla/5.0 (compatible; DotBot/1.2; +https://opensiteexplorer.org/dotbot; help@moz.com)"
216.244.66.232 - - [01/Jul/2023:12:34:16 +0200] "GET /eventscalendar/2023-11-05 HTTP/1.1" 200 5792 "-" "Mozilla/5.0 (compatible; DotBot/1.2; +https://opensiteexplorer.org/dotbot; help@moz.com)"
216.244.66.232 - - [01/Jul/2023:12:34:28 +0200] "GET /eventscalendar/2023-11-27 HTTP/1.1" 200 5793 "-" "Mozilla/5.0 (compatible; DotBot/1.2; +https://opensiteexplorer.org/dotbot; help@moz.com)"
216.244.66.232 - - [01/Jul/2023:12:34:40 +0200] "GET /eventscalendar/2020-01 HTTP/1.1" 200 14806 "-" "Mozilla/5.0 (compatible; DotBot/1.2; +https://opensiteexplorer.org/dotbot; help@moz.com)"
114.119.152.54 - - [01/Jul/2023:12:35:00 +0200] "GET /eventscalendar/2020-W39 HTTP/1.1" 200 7741 "http://treehugger.hu/eventscalendar/2020-09" "Mozilla/5.0 (Linux; Android 7.0;) AppleWebKit/537.36 (KHTML, like Gecko) Mobile Safari/537.36 (compatible; PetalBot;+https://webmaster.petalsearch.com/site/petalbot)"
216.244.66.232 - - [01/Jul/2023:12:35:18 +0200] "GET /node/297 HTTP/1.1" 200 6300 "-" "Mozilla/5.0 (compatible; DotBot/1.2; +https://opensiteexplorer.org/dotbot; help@moz.com)"
216.244.66.232 - - [01/Jul/2023:12:36:14 +0200] "GET /eventscalendar/2020-W51 HTTP/1.1" 200 7740 "-" "Mozilla/5.0 (compatible; DotBot/1.2; +https://opensiteexplorer.org/dotbot; help@moz.com)"
74.125.214.102 - - [01/Jul/2023:12:36:15 +0200] "HEAD /blog/3/feed HTTP/1.1" 200 0 "-" "FeedBurner/1.0 (http://www.FeedBurner.com)"
216.244.66.232 - - [01/Jul/2023:12:36:24 +0200] "GET /eventscalendar/2023-W36 HTTP/1.1" 200 7735 "-" "Mozilla/5.0 (compatible; DotBot/1.2; +https://opensiteexplorer.org/dotbot; help@moz.com)"
80.70.109.228 - - [01/Jul/2023:12:36:52 +0200] "GET / HTTP/1.0" 200 17638 "http://www.treehugger.hu/" "Mozilla/5.0 (Windows NT 6.3; WOW64) AppleWebKit/537.36 (KHTML, like Gecko) Chrome/103.0.5060.114 Safari/537.36"
80.70.109.228 - - [01/Jul/2023:12:36:52 +0200] "GET /node/841 HTTP/1.0" 200 5506 "http://www.treehugger.hu/node/841" "Mozilla/5.0 (Windows NT 6.3; WOW64) AppleWebKit/537.36 (KHTML, like Gecko) Chrome/103.0.5060.114 Safari/537.36"
80.70.109.228 - - [01/Jul/2023:12:36:52 +0200] "GET /node/879 HTTP/1.0" 200 6805 "http://www.treehugger.hu/node/879" "Mozilla/5.0 (Windows NT 6.3; WOW64) AppleWebKit/537.36 (KHTML, like Gecko) Chrome/103.0.5060.114 Safari/537.36"
80.70.109.228 - - [01/Jul/2023:12:36:53 +0200] "GET /node/870 HTTP/1.0" 200 5868 "http://www.treehugger.hu/node/870" "Mozilla/5.0 (Windows NT 6.3; WOW64) AppleWebKit/537.36 (KHTML, like Gecko) Chrome/103.0.5060.114 Safari/537.36"
80.70.109.228 - - [01/Jul/2023:12:36:53 +0200] "GET /node/861 HTTP/1.0" 200 7506 "http://www.treehugger.hu/node/861" "Mozilla/5.0 (Windows NT 6.3; WOW64) AppleWebKit/537.36 (KHTML, like Gecko) Chrome/103.0.5060.114 Safari/537.36"
54.36.148.38 - - [01/Jul/2023:12:37:14 +0200] "GET /node/8921 HTTP/1.1" 200 16563 "-" "Mozilla/5.0 (compatible; AhrefsBot/7.0; +http://ahrefs.com/robot/)"
216.244.66.232 - - [01/Jul/2023:12:37:46 +0200] "GET /eventscalendar/2020-02-21 HTTP/1.1" 200 5793 "-" "Mozilla/5.0 (compatible; DotBot/1.2; +https://opensiteexplorer.org/dotbot; help@moz.com)"
216.244.66.232 - - [01/Jul/2023:12:38:13 +0200] "GET /eventscalendar/2026-09-17 HTTP/1.1" 200 5796 "-" "Mozilla/5.0 (compatible; DotBot/1.2; +https://opensiteexplorer.org/dotbot; help@moz.com)"
216.244.66.232 - - [01/Jul/2023:12:40:45 +0200] "GET /node/555 HTTP/1.1" 200 6002 "-" "Mozilla/5.0 (compatible; DotBot/1.2; +https://opensiteexplorer.org/dotbot; help@moz.com)"
216.244.66.232 - - [01/Jul/2023:12:40:55 +0200] "GET /node/721 HTTP/1.1" 200 6853 "-" "Mozilla/5.0 (compatible; DotBot/1.2; +https://opensiteexplorer.org/dotbot; help@moz.com)"
66.102.6.32 - - [01/Jul/2023:12:44:54 +0200] "GET /blog/3/feed HTTP/1.1" 200 2701 "-" "FeedBurner/1.0 (http://www.FeedBurner.com)"
114.119.139.217 - - [01/Jul/2023:12:47:30 +0200] "GET /eventscalendar/2023-04-10 HTTP/1.1" 200 5790 "http://www.treehugger.hu/eventscalendar/2023-04" "Mozilla/5.0 (Linux; Android 7.0;) AppleWebKit/537.36 (KHTML, like Gecko) Mobile Safari/537.36 (compatible; PetalBot;+https://webmaster.petalsearch.com/site/petalbot)"
185.25.35.12 - - [01/Jul/2023:12:47:50 +0200] "GET /robots.txt HTTP/1.1" 200 1590 "-" "magpie-crawler/1.1 (robots-txt-checker; +http://www.brandwatch.net)"
185.25.35.15 - - [01/Jul/2023:12:47:51 +0200] "GET /blog/3/feed HTTP/1.1" 200 2701 "-" "magpie-crawler/1.1 (U; Linux amd64; en-GB; +http://www.brandwatch.net)"
54.36.148.242 - - [01/Jul/2023:12:47:58 +0200] "GET /node/783 HTTP/1.1" 200 7060 "-" "Mozilla/5.0 (compatible; AhrefsBot/7.0; +http://ahrefs.com/robot/)"
114.119.147.81 - - [01/Jul/2023:12:48:53 +0200] "GET /eventscalendar/2020-11-05 HTTP/1.1" 200 5794 "http://www.treehugger.hu/eventscalendar/2020-W45" "Mozilla/5.0 (Linux; Android 7.0;) AppleWebKit/537.36 (KHTML, like Gecko) Mobile Safari/537.36 (compatible; PetalBot;+https://webmaster.petalsearch.com/site/petalbot)"
212.237.53.115 - - [01/Jul/2023:12:52:17 +0200] "HEAD / HTTP/1.1" 200 0 "-" "Alert_Alligator_webmonitoring_service_1.6.4_(alertalligator.com)"
157.55.39.253 - - [01/Jul/2023:12:52:51 +0200] "GET /eventscalendar/2022-09-28 HTTP/1.1" 200 5797 "-" "Mozilla/5.0 AppleWebKit/537.36 (KHTML, like Gecko; compatible; bingbot/2.0; +http://www.bing.com/bingbot.htm) Chrome/103.0.5060.134 Safari/537.36"
52.167.144.48 - - [01/Jul/2023:12:58:44 +0200] "GET /eventscalendar/2023-05-26 HTTP/1.1" 200 5788 "-" "Mozilla/5.0 AppleWebKit/537.36 (KHTML, like Gecko; compatible; bingbot/2.0; +http://www.bing.com/bingbot.htm) Chrome/103.0.5060.134 Safari/537.36"
54.36.148.23 - - [01/Jul/2023:13:00:13 +0200] "GET /node/11439 HTTP/1.1" 200 30332 "-" "Mozilla/5.0 (compatible; AhrefsBot/7.0; +http://ahrefs.com/robot/)"
185.189.13.86 - - [01/Jul/2023:13:01:05 +0200] "GET / HTTP/1.1" 200 4123 "http://www.treehugger.hu" "Mozilla/5.0 (Windows NT 10.0; Win64; x64) AppleWebKit/537.36 (KHTML, like Gecko) Chrome/103.0.0.0 Safari/537.36 Vivaldi/5.3.2679.68"
185.189.13.86 - - [01/Jul/2023:13:01:09 +0200] "GET /?q=user HTTP/1.1" 200 1972 "http://www.treehugger.hu" "Mozilla/5.0 (Windows NT 10.0; Win64; x64) AppleWebKit/537.36 (KHTML, like Gecko) Chrome/103.0.0.0 Safari/537.36 Vivaldi/5.3.2679.68"
185.189.13.86 - - [01/Jul/2023:13:01:10 +0200] "POST /?q=user HTTP/1.1" 200 5490 "http://www.treehugger.hu/?q=user" "Mozilla/5.0 (Windows NT 10.0; Win64; x64) AppleWebKit/537.36 (KHTML, like Gecko) Chrome/103.0.0.0 Safari/537.36 Vivaldi/5.3.2679.68"
185.189.13.86 - - [01/Jul/2023:13:01:10 +0200] "POST /?q=user HTTP/1.1" 200 5490 "http://www.treehugger.hu/?q=user" "Mozilla/5.0 (Windows NT 10.0; Win64; x64) AppleWebKit/537.36 (KHTML, like Gecko) Chrome/103.0.0.0 Safari/537.36 Vivaldi/5.3.2679.68"
185.189.13.86 - - [01/Jul/2023:13:01:10 +0200] "GET /?q=node/add HTTP/1.1" 200 1581 "http://www.treehugger.hu/" "Mozilla/5.0 (Windows NT 10.0; Win64; x64) AppleWebKit/537.36 (KHTML, like Gecko) Chrome/103.0.0.0 Safari/537.36 Vivaldi/5.3.2679.68"
185.189.13.86 - - [01/Jul/2023:13:01:10 +0200] "GET /positiveblog HTTP/1.1" 200 4068 "http://www.treehugger.hu/?q=node/add" "Mozilla/5.0 (Windows NT 10.0; Win64; x64) AppleWebKit/537.36 (KHTML, like Gecko) Chrome/103.0.0.0 Safari/537.36 Vivaldi/5.3.2679.68"
185.189.13.86 - - [01/Jul/2023:13:01:10 +0200] "GET /?q=user HTTP/1.1" 200 1972 "http://www.treehugger.hu/" "Mozilla/5.0 (Windows NT 10.0; Win64; x64) AppleWebKit/537.36 (KHTML, like Gecko) Chrome/103.0.0.0 Safari/537.36 Vivaldi/5.3.2679.68"
114.119.144.116 - - [01/Jul/2023:13:03:08 +0200] "GET /node/1025 HTTP/1.1" 200 8432 "http://www.treehugger.hu/positiveblog?page=16" "Mozilla/5.0 (Linux; Android 7.0;) AppleWebKit/537.36 (KHTML, like Gecko) Mobile Safari/537.36 (compatible; PetalBot;+https://webmaster.petalsearch.com/site/petalbot)"
114.119.140.85 - - [01/Jul/2023:13:03:53 +0200] "GET /eventscalendar/2021-03-09 HTTP/1.1" 200 5790 "http://www.treehugger.hu/eventscalendar/2021" "Mozilla/5.0 (Linux; Android 7.0;) AppleWebKit/537.36 (KHTML, like Gecko) Mobile Safari/537.36 (compatible; PetalBot;+https://webmaster.petalsearch.com/site/petalbot)"
114.119.141.83 - - [01/Jul/2023:13:06:23 +0200] "GET /node/549 HTTP/1.1" 200 6373 "http://treehugger.hu/positiveblog?page=46" "Mozilla/5.0 (Linux; Android 7.0;) AppleWebKit/537.36 (KHTML, like Gecko) Mobile Safari/537.36 (compatible; PetalBot;+https://webmaster.petalsearch.com/site/petalbot)"
114.119.138.185 - - [01/Jul/2023:13:08:26 +0200] "GET /eventscalendar/2021-12-13 HTTP/1.1" 200 5793 "http://www.treehugger.hu/eventscalendar/2021" "Mozilla/5.0 (Linux; Android 7.0;) AppleWebKit/537.36 (KHTML, like Gecko) Mobile Safari/537.36 (compatible; PetalBot;+https://webmaster.petalsearch.com/site/petalbot)"
54.36.148.203 - - [01/Jul/2023:13:09:10 +0200] "GET /node/1003 HTTP/1.1" 200 15162 "-" "Mozilla/5.0 (compatible; AhrefsBot/7.0; +http://ahrefs.com/robot/)"
114.119.138.27 - - [01/Jul/2023:13:10:18 +0200] "GET /node/683 HTTP/1.1" 200 14974 "http://treehugger.hu/positiveblog?page=38" "Mozilla/5.0 (Linux; Android 7.0;) AppleWebKit/537.36 (KHTML, like Gecko) Mobile Safari/537.36 (compatible; PetalBot;+https://webmaster.petalsearch.com/site/petalbot)"
157.55.39.253 - - [01/Jul/2023:13:16:12 +0200] "GET /eventscalendar/2020-06-05 HTTP/1.1" 200 5788 "-" "Mozilla/5.0 AppleWebKit/537.36 (KHTML, like Gecko; compatible; bingbot/2.0; +http://www.bing.com/bingbot.htm) Chrome/103.0.5060.134 Safari/537.36"
157.55.39.253 - - [01/Jul/2023:13:16:13 +0200] "GET /eventscalendar/2021-01-01 HTTP/1.1" 200 5791 "-" "Mozilla/5.0 AppleWebKit/537.36 (KHTML, like Gecko; compatible; bingbot/2.0; +http://www.bing.com/bingbot.htm) Chrome/103.0.5060.134 Safari/537.36"
157.55.39.253 - - [01/Jul/2023:13:16:22 +0200] "GET /eventscalendar/2022-09-27 HTTP/1.1" 200 5795 "-" "Mozilla/5.0 AppleWebKit/537.36 (KHTML, like Gecko; compatible; bingbot/2.0; +http://www.bing.com/bingbot.htm) Chrome/103.0.5060.134 Safari/537.36"
