65.108.78.33 - - [03/Jul/2023:04:51:51 +0200] "GET /node/183?q=signupfornewsletter HTTP/1.1" 200 4719 "-" "Mozilla/5.0 (compatible; MJ12bot/v1.4.8; http://mj12bot.com/)"
65.108.78.33 - - [03/Jul/2023:04:52:02 +0200] "GET /node/18942 HTTP/1.1" 200 14050 "-" "Mozilla/5.0 (compatible; MJ12bot/v1.4.8; http://mj12bot.com/)"
65.108.78.33 - - [03/Jul/2023:04:52:12 +0200] "GET /node/18942?q=signupformailinglist HTTP/1.1" 404 4060 "-" "Mozilla/5.0 (compatible; MJ12bot/v1.4.8; http://mj12bot.com/)"
65.108.78.33 - - [03/Jul/2023:04:52:23 +0200] "GET /node/18942?q=signupfornewsletter HTTP/1.1" 200 4719 "-" "Mozilla/5.0 (compatible; MJ12bot/v1.4.8; http://mj12bot.com/)"
65.108.78.33 - - [03/Jul/2023:04:52:34 +0200] "GET /node/18957 HTTP/1.1" 200 7313 "-" "Mozilla/5.0 (compatible; MJ12bot/v1.4.8; http://mj12bot.com/)"
65.108.78.33 - - [03/Jul/2023:04:52:44 +0200] "GET /node/18957?q=signupformailinglist HTTP/1.1" 404 4060 "-" "Mozilla/5.0 (compatible; MJ12bot/v1.4.8; http://mj12bot.com/)"
66.102.6.33 - - [03/Jul/2023:04:52:52 +0200] "GET /blog/3/feed HTTP/1.1" 200 2701 "-" "FeedBurner/1.0 (http://www.FeedBurner.com)"
65.108.78.33 - - [03/Jul/2023:04:52:55 +0200] "GET /node/18957?q=signupfornewsletter HTTP/1.1" 200 4719 "-" "Mozilla/5.0 (compatible; MJ12bot/v1.4.8; http://mj12bot.com/)"
65.108.78.33 - - [03/Jul/2023:04:53:06 +0200] "GET /node/18962 HTTP/1.1" 200 6827 "-" "Mozilla/5.0 (compatible; MJ12bot/v1.4.8; http://mj12bot.com/)"
65.108.78.33 - - [03/Jul/2023:04:53:16 +0200] "GET /node/18962?q=signupformailinglist HTTP/1.1" 404 4060 "-" "Mozilla/5.0 (compatible; MJ12bot/v1.4.8; http://mj12bot.com/)"
65.108.78.33 - - [03/Jul/2023:04:53:27 +0200] "GET /node/18962?q=signupfornewsletter HTTP/1.1" 200 4719 "-" "Mozilla/5.0 (compatible; MJ12bot/v1.4.8; http://mj12bot.com/)"
65.108.78.33 - - [03/Jul/2023:04:53:38 +0200] "GET /node/18970 HTTP/1.1" 200 9136 "-" "Mozilla/5.0 (compatible; MJ12bot/v1.4.8; http://mj12bot.com/)"
65.108.78.33 - - [03/Jul/2023:04:53:49 +0200] "GET /node/18970?q=signupformailinglist HTTP/1.1" 404 4060 "-" "Mozilla/5.0 (compatible; MJ12bot/v1.4.8; http://mj12bot.com/)"
65.108.78.33 - - [03/Jul/2023:04:53:59 +0200] "GET /node/18970?q=signupfornewsletter HTTP/1.1" 200 4719 "-" "Mozilla/5.0 (compatible; MJ12bot/v1.4.8; http://mj12bot.com/)"
65.108.78.33 - - [03/Jul/2023:04:54:10 +0200] "GET /node/18975 HTTP/1.1" 200 16830 "-" "Mozilla/5.0 (compatible; MJ12bot/v1.4.8; http://mj12bot.com/)"
66.102.6.34 - - [03/Jul/2023:04:54:15 +0200] "HEAD /blog/3/feed HTTP/1.1" 200 0 "-" "FeedBurner/1.0 (http://www.FeedBurner.com)"
65.108.78.33 - - [03/Jul/2023:04:54:20 +0200] "GET /node/18975?q=signupformailinglist HTTP/1.1" 404 4060 "-" "Mozilla/5.0 (compatible; MJ12bot/v1.4.8; http://mj12bot.com/)"
65.108.78.33 - - [03/Jul/2023:04:54:31 +0200] "GET /node/18975?q=signupfornewsletter HTTP/1.1" 200 4719 "-" "Mozilla/5.0 (compatible; MJ12bot/v1.4.8; http://mj12bot.com/)"
65.108.78.33 - - [03/Jul/2023:04:54:42 +0200] "GET /node/18982 HTTP/1.1" 200 13197 "-" "Mozilla/5.0 (compatible; MJ12bot/v1.4.8; http://mj12bot.com/)"
65.108.78.33 - - [03/Jul/2023:04:54:53 +0200] "GET /node/18982?q=signupformailinglist HTTP/1.1" 404 4060 "-" "Mozilla/5.0 (compatible; MJ12bot/v1.4.8; http://mj12bot.com/)"
65.108.78.33 - - [03/Jul/2023:04:55:03 +0200] "GET /node/18982?q=signupfornewsletter HTTP/1.1" 200 4719 "-" "Mozilla/5.0 (compatible; MJ12bot/v1.4.8; http://mj12bot.com/)"
65.108.78.33 - - [03/Jul/2023:04:55:14 +0200] "GET /node/19005 HTTP/1.1" 200 7459 "-" "Mozilla/5.0 (compatible; MJ12bot/v1.4.8; http://mj12bot.com/)"
65.108.78.33 - - [03/Jul/2023:04:55:24 +0200] "GET /node/19005?q=signupformailinglist HTTP/1.1" 404 4060 "-" "Mozilla/5.0 (compatible; MJ12bot/v1.4.8; http://mj12bot.com/)"
65.108.78.33 - - [03/Jul/2023:04:55:35 +0200] "GET /node/19005?q=signupfornewsletter HTTP/1.1" 200 4719 "-" "Mozilla/5.0 (compatible; MJ12bot/v1.4.8; http://mj12bot.com/)"
65.108.78.33 - - [03/Jul/2023:04:55:45 +0200] "GET /node/19022 HTTP/1.1" 200 11667 "-" "Mozilla/5.0 (compatible; MJ12bot/v1.4.8; http://mj12bot.com/)"
65.108.78.33 - - [03/Jul/2023:04:55:56 +0200] "GET /node/19022?q=signupformailinglist HTTP/1.1" 404 4060 "-" "Mozilla/5.0 (compatible; MJ12bot/v1.4.8; http://mj12bot.com/)"
65.108.78.33 - - [03/Jul/2023:04:56:07 +0200] "GET /node/19022?q=signupfornewsletter HTTP/1.1" 200 4719 "-" "Mozilla/5.0 (compatible; MJ12bot/v1.4.8; http://mj12bot.com/)"
65.108.78.33 - - [03/Jul/2023:04:56:17 +0200] "GET /node/19027 HTTP/1.1" 200 9798 "-" "Mozilla/5.0 (compatible; MJ12bot/v1.4.8; http://mj12bot.com/)"
65.108.78.33 - - [03/Jul/2023:04:56:28 +0200] "GET /node/19027?q=signupformailinglist HTTP/1.1" 404 4060 "-" "Mozilla/5.0 (compatible; MJ12bot/v1.4.8; http://mj12bot.com/)"
65.108.78.33 - - [03/Jul/2023:04:56:39 +0200] "GET /node/19027?q=signupfornewsletter HTTP/1.1" 200 4719 "-" "Mozilla/5.0 (compatible; MJ12bot/v1.4.8; http://mj12bot.com/)"
65.108.78.33 - - [03/Jul/2023:04:56:49 +0200] "GET /node/19103 HTTP/1.1" 200 12716 "-" "Mozilla/5.0 (compatible; MJ12bot/v1.4.8; http://mj12bot.com/)"
65.108.78.33 - - [03/Jul/2023:04:57:00 +0200] "GET /node/19103?q=signupformailinglist HTTP/1.1" 404 4060 "-" "Mozilla/5.0 (compatible; MJ12bot/v1.4.8; http://mj12bot.com/)"
3.83.230.158 - - [03/Jul/2023:04:57:08 +0200] "GET /blog/3/feed HTTP/1.1" 200 2701 "https://www.google.com/" "Mozilla/5.0 (Macintosh; Intel Mac OS X 10_15_3) AppleWebKit/537.36 (KHTML, like Gecko) Chrome/80.0.3987.122 Safari/537.36"
65.108.78.33 - - [03/Jul/2023:04:57:10 +0200] "GET /node/19103?q=signupfornewsletter HTTP/1.1" 200 4719 "-" "Mozilla/5.0 (compatible; MJ12bot/v1.4.8; http://mj12bot.com/)"
65.108.78.33 - - [03/Jul/2023:04:57:21 +0200] "GET /node/19139 HTTP/1.1" 200 11497 "-" "Mozilla/5.0 (compatible; MJ12bot/v1.4.8; http://mj12bot.com/)"
65.108.78.33 - - [03/Jul/2023:04:57:32 +0200] "GET /node/19139?q=signupformailinglist HTTP/1.1" 404 4060 "-" "Mozilla/5.0 (compatible; MJ12bot/v1.4.8; http://mj12bot.com/)"
213.180.203.246 - - [03/Jul/2023:05:01:23 +0200] "GET /node/1014 HTTP/1.1" 200 6259 "-" "Mozilla/5.0 (compatible; YandexBot/3.0; +http://yandex.com/bots)"
66.102.6.32 - - [03/Jul/2023:05:08:04 +0200] "GET /blog/3/feed HTTP/1.1" 200 2701 "-" "FeedBurner/1.0 (http://www.FeedBurner.com)"
74.125.210.96 - - [03/Jul/2023:05:10:36 +0200] "GET /rss.xml HTTP/1.1" 200 14405 "-" "FeedFetcher-Google; (+http://www.google.com/feedfetcher.html)"
212.237.23.143 - - [03/Jul/2023:05:10:46 +0200] "HEAD / HTTP/1.1" 200 0 "-" "Alert_Alligator_webmonitoring_service_1.6.4_(alertalligator.com)"
52.87.155.113 - - [03/Jul/2023:05:11:18 +0200] "GET /rss.xml HTTP/1.1" 200 2359 "https://www.google.com/" "Mozilla/5.0 (Windows NT 10.0; Win64; x64) AppleWebKit/537.36 (KHTML, like Gecko) Chrome/79.0.3945.130 Safari/537.36"
52.167.144.61 - - [03/Jul/2023:05:11:53 +0200] "GET /eventscalendar/2020-01-24 HTTP/1.1" 200 5792 "-" "Mozilla/5.0 AppleWebKit/537.36 (KHTML, like Gecko; compatible; bingbot/2.0; +http://www.bing.com/bingbot.htm) Chrome/103.0.5060.134 Safari/537.36"
54.36.149.41 - - [03/Jul/2023:05:13:00 +0200] "GET /positiveblog?page=41 HTTP/1.1" 200 14461 "-" "Mozilla/5.0 (compatible; AhrefsBot/7.0; +http://ahrefs.com/robot/)"
195.56.55.225 - - [03/Jul/2023:05:17:02 +0200] "GET /cron.php HTTP/1.0" 200 0 "-" "Wget/1.10.2"
20.252.53.28 - - [03/Jul/2023:05:19:03 +0200] "GET /sites/default/files/rudabanya%20to.jpg HTTP/1.1" 200 123701 "-" "Googlebot-Image/1.0"
20.252.53.28 - - [03/Jul/2023:05:19:16 +0200] "GET /sites/default/files/pannonbank%20freezer%202.jpg HTTP/1.1" 200 46283 "-" "Googlebot-Image/1.0"
54.36.148.160 - - [03/Jul/2023:05:22:22 +0200] "GET /node/649 HTTP/1.1" 200 7697 "-" "Mozilla/5.0 (compatible; AhrefsBot/7.0; +http://ahrefs.com/robot/)"
217.108.48.249 - - [03/Jul/2023:05:25:34 +0200] "GET /sites/default/files/IMG_1688%20small.jpg HTTP/1.1" 200 52235 "-" "Mozilla/5.0 (X11; Ubuntu; Linux x86_64; rv:72.0) Gecko/20100101 Firefox/72.0"
185.25.35.8 - - [03/Jul/2023:05:26:29 +0200] "GET /robots.txt HTTP/1.1" 200 1590 "-" "magpie-crawler/1.1 (robots-txt-checker; +http://www.brandwatch.net)"
185.25.35.8 - - [03/Jul/2023:05:26:29 +0200] "GET /blog/3/feed HTTP/1.1" 200 11638 "-" "magpie-crawler/1.1 (U; Linux amd64; en-GB; +http://www.brandwatch.net)"
54.36.148.185 - - [03/Jul/2023:05:31:27 +0200] "GET /node/656 HTTP/1.1" 200 6839 "-" "Mozilla/5.0 (compatible; AhrefsBot/7.0; +http://ahrefs.com/robot/)"
135.181.180.59 - - [03/Jul/2023:05:32:37 +0200] "GET /robots.txt HTTP/1.1" 200 1590 "-" "Mozilla/5.0 (compatible; MJ12bot/v1.4.8; http://mj12bot.com/)"
135.181.180.59 - - [03/Jul/2023:05:32:48 +0200] "GET /node/19139?q=signupfornewsletter HTTP/1.1" 200 4719 "-" "Mozilla/5.0 (compatible; MJ12bot/v1.4.8; http://mj12bot.com/)"
135.181.180.59 - - [03/Jul/2023:05:32:59 +0200] "GET /node/19150 HTTP/1.1" 200 7647 "-" "Mozilla/5.0 (compatible; MJ12bot/v1.4.8; http://mj12bot.com/)"
135.181.180.59 - - [03/Jul/2023:05:33:09 +0200] "GET /node/19150?q=signupfornewsletter HTTP/1.1" 200 4719 "-" "Mozilla/5.0 (compatible; MJ12bot/v1.4.8; http://mj12bot.com/)"
135.181.180.59 - - [03/Jul/2023:05:33:20 +0200] "GET /node/19163 HTTP/1.1" 200 6147 "-" "Mozilla/5.0 (compatible; MJ12bot/v1.4.8; http://mj12bot.com/)"
135.181.180.59 - - [03/Jul/2023:05:33:31 +0200] "GET /node/19163?q=signupformailinglist HTTP/1.1" 404 4060 "-" "Mozilla/5.0 (compatible; MJ12bot/v1.4.8; http://mj12bot.com/)"
135.181.180.59 - - [03/Jul/2023:05:33:41 +0200] "GET /node/19163?q=signupfornewsletter HTTP/1.1" 200 4719 "-" "Mozilla/5.0 (compatible; MJ12bot/v1.4.8; http://mj12bot.com/)"
135.181.180.59 - - [03/Jul/2023:05:33:52 +0200] "GET /node/19213 HTTP/1.1" 200 6229 "-" "Mozilla/5.0 (compatible; MJ12bot/v1.4.8; http://mj12bot.com/)"
135.181.180.59 - - [03/Jul/2023:05:34:03 +0200] "GET /node/19213?q=signupformailinglist HTTP/1.1" 404 4060 "-" "Mozilla/5.0 (compatible; MJ12bot/v1.4.8; http://mj12bot.com/)"
135.181.180.59 - - [03/Jul/2023:05:34:13 +0200] "GET /node/19213?q=signupfornewsletter HTTP/1.1" 200 4719 "-" "Mozilla/5.0 (compatible; MJ12bot/v1.4.8; http://mj12bot.com/)"
135.181.180.59 - - [03/Jul/2023:05:34:24 +0200] "GET /node/19216 HTTP/1.1" 200 13026 "-" "Mozilla/5.0 (compatible; MJ12bot/v1.4.8; http://mj12bot.com/)"
135.181.180.59 - - [03/Jul/2023:05:34:35 +0200] "GET /node/19216?q=signupformailinglist HTTP/1.1" 404 4060 "-" "Mozilla/5.0 (compatible; MJ12bot/v1.4.8; http://mj12bot.com/)"
135.181.180.59 - - [03/Jul/2023:05:34:45 +0200] "GET /node/19216?q=signupfornewsletter HTTP/1.1" 200 4719 "-" "Mozilla/5.0 (compatible; MJ12bot/v1.4.8; http://mj12bot.com/)"
135.181.180.59 - - [03/Jul/2023:05:34:56 +0200] "GET /node/19242 HTTP/1.1" 200 13304 "-" "Mozilla/5.0 (compatible; MJ12bot/v1.4.8; http://mj12bot.com/)"
135.181.180.59 - - [03/Jul/2023:05:35:07 +0200] "GET /node/19242?q=signupformailinglist HTTP/1.1" 404 4060 "-" "Mozilla/5.0 (compatible; MJ12bot/v1.4.8; http://mj12bot.com/)"
135.181.180.59 - - [03/Jul/2023:05:35:18 +0200] "GET /node/19242?q=signupfornewsletter HTTP/1.1" 200 4719 "-" "Mozilla/5.0 (compatible; MJ12bot/v1.4.8; http://mj12bot.com/)"
66.102.6.32 - - [03/Jul/2023:05:35:21 +0200] "HEAD /blog/3/feed HTTP/1.1" 200 0 "-" "FeedBurner/1.0 (http://www.FeedBurner.com)"
135.181.180.59 - - [03/Jul/2023:05:35:28 +0200] "GET /node/19300 HTTP/1.1" 200 10907 "-" "Mozilla/5.0 (compatible; MJ12bot/v1.4.8; http://mj12bot.com/)"
135.181.180.59 - - [03/Jul/2023:05:35:39 +0200] "GET /node/19300?q=signupformailinglist HTTP/1.1" 404 4060 "-" "Mozilla/5.0 (compatible; MJ12bot/v1.4.8; http://mj12bot.com/)"
162.55.85.219 - - [03/Jul/2023:05:35:42 +0200] "GET /robots.txt HTTP/1.1" 200 1590 "-" "Mozilla/5.0 (compatible; BLEXBot/1.0; +http://webmeup-crawler.com/)"
66.249.75.65 - - [03/Jul/2023:05:35:43 +0200] "GET /node?from=6 HTTP/1.1" 200 17717 "-" "Mozilla/5.0 (Linux; Android 6.0.1; Nexus 5X Build/MMB29P) AppleWebKit/537.36 (KHTML, like Gecko) Chrome/114.0.5735.179 Mobile Safari/537.36 (compatible; Googlebot/2.1; +http://www.google.com/bot.html)"
66.249.75.66 - - [03/Jul/2023:05:35:44 +0200] "GET / HTTP/1.1" 200 17651 "-" "Mozilla/5.0 (compatible; Googlebot/2.1; +http://www.google.com/bot.html)"
162.55.85.219 - - [03/Jul/2023:05:35:47 +0200] "GET /sitemap HTTP/1.1" 404 4060 "-" "Mozilla/5.0 (compatible; BLEXBot/1.0; +http://webmeup-crawler.com/)"
135.181.180.59 - - [03/Jul/2023:05:35:49 +0200] "GET /node/19300?q=signupfornewsletter HTTP/1.1" 200 4719 "-" "Mozilla/5.0 (compatible; MJ12bot/v1.4.8; http://mj12bot.com/)"
135.181.180.59 - - [03/Jul/2023:05:36:00 +0200] "GET /node/205?q=signupfornewsletter HTTP/1.1" 200 4719 "-" "Mozilla/5.0 (compatible; MJ12bot/v1.4.8; http://mj12bot.com/)"
162.55.85.219 - - [03/Jul/2023:05:36:03 +0200] "GET /sitemap.txt HTTP/1.1" 404 4060 "-" "Mozilla/5.0 (compatible; BLEXBot/1.0; +http://webmeup-crawler.com/)"
135.181.180.59 - - [03/Jul/2023:05:36:11 +0200] "GET /node/206?q=signupfornewsletter HTTP/1.1" 200 4719 "-" "Mozilla/5.0 (compatible; MJ12bot/v1.4.8; http://mj12bot.com/)"
5.255.231.156 - - [03/Jul/2023:05:36:14 +0200] "GET /eventscalendar/2019-06-07?q=signupfornewsletter HTTP/1.1" 200 4719 "-" "Mozilla/5.0 (compatible; YandexBot/3.0; +http://yandex.com/bots)"
162.55.85.219 - - [03/Jul/2023:05:36:16 +0200] "GET /robots.txt HTTP/1.1" 200 1590 "-" "Mozilla/5.0 (compatible; BLEXBot/1.0; +http://webmeup-crawler.com/)"
162.55.85.219 - - [03/Jul/2023:05:36:20 +0200] "GET / HTTP/1.1" 200 4123 "-" "Mozilla/5.0 (compatible; BLEXBot/1.0; +http://webmeup-crawler.com/)"
135.181.180.59 - - [03/Jul/2023:05:36:22 +0200] "GET /node/207?q=signupfornewsletter HTTP/1.1" 200 4719 "-" "Mozilla/5.0 (compatible; MJ12bot/v1.4.8; http://mj12bot.com/)"
135.181.180.59 - - [03/Jul/2023:05:36:32 +0200] "GET /node/208?q=signupfornewsletter HTTP/1.1" 200 4719 "-" "Mozilla/5.0 (compatible; MJ12bot/v1.4.8; http://mj12bot.com/)"
135.181.180.59 - - [03/Jul/2023:05:36:43 +0200] "GET /node/209?q=signupfornewsletter HTTP/1.1" 200 4719 "-" "Mozilla/5.0 (compatible; MJ12bot/v1.4.8; http://mj12bot.com/)"
162.55.85.219 - - [03/Jul/2023:05:36:45 +0200] "GET /eventscalendar/2023-07-01 HTTP/1.1" 200 5790 "-" "Mozilla/5.0 (compatible; BLEXBot/1.0; +http://webmeup-crawler.com/)"
135.181.180.59 - - [03/Jul/2023:05:36:54 +0200] "GET /node/264?q=signupfornewsletter HTTP/1.1" 200 4719 "-" "Mozilla/5.0 (compatible; MJ12bot/v1.4.8; http://mj12bot.com/)"
135.181.180.59 - - [03/Jul/2023:05:37:04 +0200] "GET /node/265?q=signupfornewsletter HTTP/1.1" 200 4719 "-" "Mozilla/5.0 (compatible; MJ12bot/v1.4.8; http://mj12bot.com/)"
162.55.85.219 - - [03/Jul/2023:05:37:12 +0200] "GET /eventscalendar/2023-07-02 HTTP/1.1" 200 5788 "-" "Mozilla/5.0 (compatible; BLEXBot/1.0; +http://webmeup-crawler.com/)"
135.181.180.59 - - [03/Jul/2023:05:37:15 +0200] "GET /node/298?q=signupfornewsletter HTTP/1.1" 200 4719 "-" "Mozilla/5.0 (compatible; MJ12bot/v1.4.8; http://mj12bot.com/)"
162.55.85.219 - - [03/Jul/2023:05:37:26 +0200] "GET /eventscalendar/2023-07-03 HTTP/1.1" 200 5788 "-" "Mozilla/5.0 (compatible; BLEXBot/1.0; +http://webmeup-crawler.com/)"
135.181.180.59 - - [03/Jul/2023:05:37:26 +0200] "GET /node/299?q=signupfornewsletter HTTP/1.1" 200 4719 "-" "Mozilla/5.0 (compatible; MJ12bot/v1.4.8; http://mj12bot.com/)"
135.181.180.59 - - [03/Jul/2023:05:37:36 +0200] "GET /node/300?q=signupfornewsletter HTTP/1.1" 200 4719 "-" "Mozilla/5.0 (compatible; MJ12bot/v1.4.8; http://mj12bot.com/)"
135.181.180.59 - - [03/Jul/2023:05:37:47 +0200] "GET /node/303 HTTP/1.1" 200 6852 "-" "Mozilla/5.0 (compatible; MJ12bot/v1.4.8; http://mj12bot.com/)"
135.181.180.59 - - [03/Jul/2023:05:37:58 +0200] "GET /node/303?q=signupformailinglist HTTP/1.1" 404 4060 "-" "Mozilla/5.0 (compatible; MJ12bot/v1.4.8; http://mj12bot.com/)"
162.55.85.219 - - [03/Jul/2023:05:38:04 +0200] "GET /eventscalendar/2023-07-04 HTTP/1.1" 200 5789 "-" "Mozilla/5.0 (compatible; BLEXBot/1.0; +http://webmeup-crawler.com/)"
135.181.180.59 - - [03/Jul/2023:05:38:08 +0200] "GET /node/303?q=signupfornewsletter HTTP/1.1" 200 4719 "-" "Mozilla/5.0 (compatible; MJ12bot/v1.4.8; http://mj12bot.com/)"
135.181.180.59 - - [03/Jul/2023:05:38:19 +0200] "GET /node/305?q=signupfornewsletter HTTP/1.1" 200 4719 "-" "Mozilla/5.0 (compatible; MJ12bot/v1.4.8; http://mj12bot.com/)"
135.181.180.59 - - [03/Jul/2023:05:38:30 +0200] "GET /node/306?q=signupfornewsletter HTTP/1.1" 200 4719 "-" "Mozilla/5.0 (compatible; MJ12bot/v1.4.8; http://mj12bot.com/)"
52.167.144.48 - - [03/Jul/2023:05:38:32 +0200] "GET /eventscalendar/2020-01-04 HTTP/1.1" 200 5793 "-" "Mozilla/5.0 AppleWebKit/537.36 (KHTML, like Gecko; compatible; bingbot/2.0; +http://www.bing.com/bingbot.htm) Chrome/103.0.5060.134 Safari/537.36"
162.55.85.219 - - [03/Jul/2023:05:38:38 +0200] "GET /eventscalendar/2023-07-05 HTTP/1.1" 200 5791 "-" "Mozilla/5.0 (compatible; BLEXBot/1.0; +http://webmeup-crawler.com/)"
135.181.180.59 - - [03/Jul/2023:05:38:40 +0200] "GET /node/309?q=signupfornewsletter HTTP/1.1" 200 4719 "-" "Mozilla/5.0 (compatible; MJ12bot/v1.4.8; http://mj12bot.com/)"
135.181.180.59 - - [03/Jul/2023:05:38:51 +0200] "GET /node/312?q=signupfornewsletter HTTP/1.1" 200 4719 "-" "Mozilla/5.0 (compatible; MJ12bot/v1.4.8; http://mj12bot.com/)"
162.55.85.219 - - [03/Jul/2023:05:38:54 +0200] "GET /eventscalendar/2023-07-06 HTTP/1.1" 200 5790 "-" "Mozilla/5.0 (compatible; BLEXBot/1.0; +http://webmeup-crawler.com/)"
135.181.180.59 - - [03/Jul/2023:05:39:02 +0200] "GET /node/314?q=signupfornewsletter HTTP/1.1" 200 4719 "-" "Mozilla/5.0 (compatible; MJ12bot/v1.4.8; http://mj12bot.com/)"
135.181.180.59 - - [03/Jul/2023:05:39:12 +0200] "GET /node/315?q=signupfornewsletter HTTP/1.1" 200 4719 "-" "Mozilla/5.0 (compatible; MJ12bot/v1.4.8; http://mj12bot.com/)"
54.36.148.188 - - [03/Jul/2023:05:39:13 +0200] "GET /robots.txt HTTP/1.1" 200 1590 "-" "Mozilla/5.0 (compatible; AhrefsBot/7.0; +http://ahrefs.com/robot/)"
162.55.85.219 - - [03/Jul/2023:05:39:18 +0200] "GET /eventscalendar/2023-07-07 HTTP/1.1" 200 5788 "-" "Mozilla/5.0 (compatible; BLEXBot/1.0; +http://webmeup-crawler.com/)"
135.181.180.59 - - [03/Jul/2023:05:39:23 +0200] "GET /node/375 HTTP/1.1" 200 5834 "-" "Mozilla/5.0 (compatible; MJ12bot/v1.4.8; http://mj12bot.com/)"
54.36.148.89 - - [03/Jul/2023:05:39:23 +0200] "GET /positiveblog?page=39 HTTP/1.1" 200 14884 "-" "Mozilla/5.0 (compatible; AhrefsBot/7.0; +http://ahrefs.com/robot/)"
162.55.85.219 - - [03/Jul/2023:05:39:33 +0200] "GET /eventscalendar/2023-07-08 HTTP/1.1" 200 5790 "-" "Mozilla/5.0 (compatible; BLEXBot/1.0; +http://webmeup-crawler.com/)"
135.181.180.59 - - [03/Jul/2023:05:39:34 +0200] "GET /node/375?q=signupformailinglist HTTP/1.1" 404 4060 "-" "Mozilla/5.0 (compatible; MJ12bot/v1.4.8; http://mj12bot.com/)"
135.181.180.59 - - [03/Jul/2023:05:39:44 +0200] "GET /node/375?q=signupfornewsletter HTTP/1.1" 200 4719 "-" "Mozilla/5.0 (compatible; MJ12bot/v1.4.8; http://mj12bot.com/)"
162.55.85.219 - - [03/Jul/2023:05:39:47 +0200] "GET /eventscalendar/2023-07-09 HTTP/1.1" 200 5788 "-" "Mozilla/5.0 (compatible; BLEXBot/1.0; +http://webmeup-crawler.com/)"
135.181.180.59 - - [03/Jul/2023:05:39:55 +0200] "GET /node/417?q=signupfornewsletter HTTP/1.1" 200 4719 "-" "Mozilla/5.0 (compatible; MJ12bot/v1.4.8; http://mj12bot.com/)"
66.102.6.34 - - [03/Jul/2023:05:39:59 +0200] "HEAD /blog/3/feed HTTP/1.1" 200 0 "-" "FeedBurner/1.0 (http://www.FeedBurner.com)"
162.55.85.219 - - [03/Jul/2023:05:40:00 +0200] "GET /eventscalendar/2023-07-10 HTTP/1.1" 200 5789 "-" "Mozilla/5.0 (compatible; BLEXBot/1.0; +http://webmeup-crawler.com/)"
135.181.180.59 - - [03/Jul/2023:05:40:06 +0200] "GET /node/420?q=signupfornewsletter HTTP/1.1" 200 4719 "-" "Mozilla/5.0 (compatible; MJ12bot/v1.4.8; http://mj12bot.com/)"
135.181.180.59 - - [03/Jul/2023:05:40:16 +0200] "GET /node/421?q=signupfornewsletter HTTP/1.1" 200 4719 "-" "Mozilla/5.0 (compatible; MJ12bot/v1.4.8; http://mj12bot.com/)"
162.55.85.219 - - [03/Jul/2023:05:40:23 +0200] "GET /eventscalendar/2023-07-11 HTTP/1.1" 200 5790 "-" "Mozilla/5.0 (compatible; BLEXBot/1.0; +http://webmeup-crawler.com/)"
135.181.180.59 - - [03/Jul/2023:05:40:27 +0200] "GET /node/422 HTTP/1.1" 200 6228 "-" "Mozilla/5.0 (compatible; MJ12bot/v1.4.8; http://mj12bot.com/)"
162.55.85.219 - - [03/Jul/2023:05:40:37 +0200] "GET /eventscalendar/2023-07-12 HTTP/1.1" 200 5792 "-" "Mozilla/5.0 (compatible; BLEXBot/1.0; +http://webmeup-crawler.com/)"
135.181.180.59 - - [03/Jul/2023:05:40:38 +0200] "GET /node/422?q=signupformailinglist HTTP/1.1" 404 4060 "-" "Mozilla/5.0 (compatible; MJ12bot/v1.4.8; http://mj12bot.com/)"
135.181.180.59 - - [03/Jul/2023:05:40:49 +0200] "GET /node/422?q=signupfornewsletter HTTP/1.1" 200 4719 "-" "Mozilla/5.0 (compatible; MJ12bot/v1.4.8; http://mj12bot.com/)"
162.55.85.219 - - [03/Jul/2023:05:40:52 +0200] "GET /eventscalendar/2023-07-13 HTTP/1.1" 200 5791 "-" "Mozilla/5.0 (compatible; BLEXBot/1.0; +http://webmeup-crawler.com/)"
135.181.180.59 - - [03/Jul/2023:05:40:59 +0200] "GET /node/423?q=signupfornewsletter HTTP/1.1" 200 4719 "-" "Mozilla/5.0 (compatible; MJ12bot/v1.4.8; http://mj12bot.com/)"
162.55.85.219 - - [03/Jul/2023:05:41:06 +0200] "GET /eventscalendar/2023-07-14 HTTP/1.1" 200 5789 "-" "Mozilla/5.0 (compatible; BLEXBot/1.0; +http://webmeup-crawler.com/)"
135.181.180.59 - - [03/Jul/2023:05:41:10 +0200] "GET /node/424?q=signupfornewsletter HTTP/1.1" 200 4719 "-" "Mozilla/5.0 (compatible; MJ12bot/v1.4.8; http://mj12bot.com/)"
162.55.85.219 - - [03/Jul/2023:05:41:20 +0200] "GET /eventscalendar/2023-07-15 HTTP/1.1" 200 5791 "-" "Mozilla/5.0 (compatible; BLEXBot/1.0; +http://webmeup-crawler.com/)"
135.181.180.59 - - [03/Jul/2023:05:41:20 +0200] "GET /node/426 HTTP/1.1" 200 4919 "-" "Mozilla/5.0 (compatible; MJ12bot/v1.4.8; http://mj12bot.com/)"
135.181.180.59 - - [03/Jul/2023:05:41:31 +0200] "GET /node/426?q=signupformailinglist HTTP/1.1" 404 4060 "-" "Mozilla/5.0 (compatible; MJ12bot/v1.4.8; http://mj12bot.com/)"
162.55.85.219 - - [03/Jul/2023:05:41:37 +0200] "GET /eventscalendar/2023-07-16 HTTP/1.1" 200 5789 "-" "Mozilla/5.0 (compatible; BLEXBot/1.0; +http://webmeup-crawler.com/)"
135.181.180.59 - - [03/Jul/2023:05:41:42 +0200] "GET /node/427?q=signupfornewsletter HTTP/1.1" 200 4719 "-" "Mozilla/5.0 (compatible; MJ12bot/v1.4.8; http://mj12bot.com/)"
135.181.180.59 - - [03/Jul/2023:05:41:52 +0200] "GET /node/445?q=signupfornewsletter HTTP/1.1" 200 4719 "-" "Mozilla/5.0 (compatible; MJ12bot/v1.4.8; http://mj12bot.com/)"
162.55.85.219 - - [03/Jul/2023:05:41:54 +0200] "GET /eventscalendar/2023-07-17 HTTP/1.1" 200 5789 "-" "Mozilla/5.0 (compatible; BLEXBot/1.0; +http://webmeup-crawler.com/)"
135.181.180.59 - - [03/Jul/2023:05:42:03 +0200] "GET /node/525 HTTP/1.1" 200 5388 "-" "Mozilla/5.0 (compatible; MJ12bot/v1.4.8; http://mj12bot.com/)"
162.55.85.219 - - [03/Jul/2023:05:42:07 +0200] "GET /eventscalendar/2023-07-18 HTTP/1.1" 200 5790 "-" "Mozilla/5.0 (compatible; BLEXBot/1.0; +http://webmeup-crawler.com/)"
135.181.180.59 - - [03/Jul/2023:05:42:14 +0200] "GET /node/525?q=signupformailinglist HTTP/1.1" 404 4060 "-" "Mozilla/5.0 (compatible; MJ12bot/v1.4.8; http://mj12bot.com/)"
135.181.180.59 - - [03/Jul/2023:05:42:24 +0200] "GET /node/525?q=signupfornewsletter HTTP/1.1" 200 4719 "-" "Mozilla/5.0 (compatible; MJ12bot/v1.4.8; http://mj12bot.com/)"
162.55.85.219 - - [03/Jul/2023:05:42:25 +0200] "GET /eventscalendar/2023-07-19 HTTP/1.1" 200 5792 "-" "Mozilla/5.0 (compatible; BLEXBot/1.0; +http://webmeup-crawler.com/)"
135.181.180.59 - - [03/Jul/2023:05:42:35 +0200] "GET /node/624?q=signupfornewsletter HTTP/1.1" 200 4719 "-" "Mozilla/5.0 (compatible; MJ12bot/v1.4.8; http://mj12bot.com/)"
162.55.85.219 - - [03/Jul/2023:05:42:39 +0200] "GET /eventscalendar/2023-07-20 HTTP/1.1" 200 5791 "-" "Mozilla/5.0 (compatible; BLEXBot/1.0; +http://webmeup-crawler.com/)"
135.181.180.59 - - [03/Jul/2023:05:42:46 +0200] "GET /node/673?q=signupfornewsletter HTTP/1.1" 200 4719 "-" "Mozilla/5.0 (compatible; MJ12bot/v1.4.8; http://mj12bot.com/)"
135.181.180.59 - - [03/Jul/2023:05:42:57 +0200] "GET /node/690 HTTP/1.1" 200 6987 "-" "Mozilla/5.0 (compatible; MJ12bot/v1.4.8; http://mj12bot.com/)"
20.252.53.28 - - [03/Jul/2023:05:43:00 +0200] "GET /sites/default/files/Stu%20photo.jpg HTTP/1.1" 200 10560 "-" "Googlebot-Image/1.0"
135.181.180.59 - - [03/Jul/2023:05:43:07 +0200] "GET /node/690?q=signupformailinglist HTTP/1.1" 404 4060 "-" "Mozilla/5.0 (compatible; MJ12bot/v1.4.8; http://mj12bot.com/)"
162.55.85.219 - - [03/Jul/2023:05:43:10 +0200] "GET /eventscalendar/2023-07-21 HTTP/1.1" 200 5789 "-" "Mozilla/5.0 (compatible; BLEXBot/1.0; +http://webmeup-crawler.com/)"
135.181.180.59 - - [03/Jul/2023:05:43:18 +0200] "GET /node/690?q=signupfornewsletter HTTP/1.1" 200 4719 "-" "Mozilla/5.0 (compatible; MJ12bot/v1.4.8; http://mj12bot.com/)"
162.55.85.219 - - [03/Jul/2023:05:43:27 +0200] "GET /eventscalendar/2023-07-22 HTTP/1.1" 200 5791 "-" "Mozilla/5.0 (compatible; BLEXBot/1.0; +http://webmeup-crawler.com/)"
135.181.180.59 - - [03/Jul/2023:05:43:28 +0200] "GET /node/717?q=signupfornewsletter HTTP/1.1" 200 4719 "-" "Mozilla/5.0 (compatible; MJ12bot/v1.4.8; http://mj12bot.com/)"
135.181.180.59 - - [03/Jul/2023:05:43:39 +0200] "GET /node/760?q=signupfornewsletter HTTP/1.1" 200 4719 "-" "Mozilla/5.0 (compatible; MJ12bot/v1.4.8; http://mj12bot.com/)"
162.55.85.219 - - [03/Jul/2023:05:43:44 +0200] "GET /eventscalendar/2023-07-23 HTTP/1.1" 200 5789 "-" "Mozilla/5.0 (compatible; BLEXBot/1.0; +http://webmeup-crawler.com/)"
135.181.180.59 - - [03/Jul/2023:05:43:50 +0200] "GET /node/765 HTTP/1.1" 200 5431 "-" "Mozilla/5.0 (compatible; MJ12bot/v1.4.8; http://mj12bot.com/)"
162.55.85.219 - - [03/Jul/2023:05:43:59 +0200] "GET /eventscalendar/2023-07-24 HTTP/1.1" 200 5789 "-" "Mozilla/5.0 (compatible; BLEXBot/1.0; +http://webmeup-crawler.com/)"
135.181.180.59 - - [03/Jul/2023:05:44:01 +0200] "GET /node/765?q=signupfornewsletter HTTP/1.1" 200 4719 "-" "Mozilla/5.0 (compatible; MJ12bot/v1.4.8; http://mj12bot.com/)"
135.181.180.59 - - [03/Jul/2023:05:44:11 +0200] "GET /node/766?q=signupfornewsletter HTTP/1.1" 200 4719 "-" "Mozilla/5.0 (compatible; MJ12bot/v1.4.8; http://mj12bot.com/)"
162.55.85.219 - - [03/Jul/2023:05:44:13 +0200] "GET /eventscalendar/2023-07-25 HTTP/1.1" 200 5790 "-" "Mozilla/5.0 (compatible; BLEXBot/1.0; +http://webmeup-crawler.com/)"
135.181.180.59 - - [03/Jul/2023:05:44:22 +0200] "GET /node/7687?q=signupfornewsletter HTTP/1.1" 200 4719 "-" "Mozilla/5.0 (compatible; MJ12bot/v1.4.8; http://mj12bot.com/)"
162.55.85.219 - - [03/Jul/2023:05:44:28 +0200] "GET /eventscalendar/2023-07-26 HTTP/1.1" 200 5792 "-" "Mozilla/5.0 (compatible; BLEXBot/1.0; +http://webmeup-crawler.com/)"
135.181.180.59 - - [03/Jul/2023:05:44:33 +0200] "GET /node/788 HTTP/1.1" 200 5647 "-" "Mozilla/5.0 (compatible; MJ12bot/v1.4.8; http://mj12bot.com/)"
135.181.180.59 - - [03/Jul/2023:05:44:44 +0200] "GET /node/788?q=signupformailinglist HTTP/1.1" 404 4060 "-" "Mozilla/5.0 (compatible; MJ12bot/v1.4.8; http://mj12bot.com/)"
162.55.85.219 - - [03/Jul/2023:05:44:45 +0200] "GET /eventscalendar/2023-07-27 HTTP/1.1" 200 5791 "-" "Mozilla/5.0 (compatible; BLEXBot/1.0; +http://webmeup-crawler.com/)"
135.181.180.59 - - [03/Jul/2023:05:44:54 +0200] "GET /node/788?q=signupfornewsletter HTTP/1.1" 200 4719 "-" "Mozilla/5.0 (compatible; MJ12bot/v1.4.8; http://mj12bot.com/)"
162.55.85.219 - - [03/Jul/2023:05:44:59 +0200] "GET /eventscalendar/2023-07-28 HTTP/1.1" 200 5789 "-" "Mozilla/5.0 (compatible; BLEXBot/1.0; +http://webmeup-crawler.com/)"
135.181.180.59 - - [03/Jul/2023:05:45:05 +0200] "GET /node/796?q=signupfornewsletter HTTP/1.1" 200 4719 "-" "Mozilla/5.0 (compatible; MJ12bot/v1.4.8; http://mj12bot.com/)"
162.55.85.219 - - [03/Jul/2023:05:45:15 +0200] "GET /eventscalendar/2023-07-29 HTTP/1.1" 200 5791 "-" "Mozilla/5.0 (compatible; BLEXBot/1.0; +http://webmeup-crawler.com/)"
135.181.180.59 - - [03/Jul/2023:05:45:16 +0200] "GET /node/799?q=signupfornewsletter HTTP/1.1" 200 4719 "-" "Mozilla/5.0 (compatible; MJ12bot/v1.4.8; http://mj12bot.com/)"
135.181.180.59 - - [03/Jul/2023:05:45:26 +0200] "GET /node/7?q=signupfornewsletter HTTP/1.1" 200 4719 "-" "Mozilla/5.0 (compatible; MJ12bot/v1.4.8; http://mj12bot.com/)"
162.55.85.219 - - [03/Jul/2023:05:45:28 +0200] "GET /eventscalendar/2023-07-30 HTTP/1.1" 200 5789 "-" "Mozilla/5.0 (compatible; BLEXBot/1.0; +http://webmeup-crawler.com/)"
135.181.180.59 - - [03/Jul/2023:05:45:37 +0200] "GET /node/8 HTTP/1.1" 200 4714 "-" "Mozilla/5.0 (compatible; MJ12bot/v1.4.8; http://mj12bot.com/)"
162.55.85.219 - - [03/Jul/2023:05:45:44 +0200] "GET /eventscalendar/2023-07-31 HTTP/1.1" 200 5789 "-" "Mozilla/5.0 (compatible; BLEXBot/1.0; +http://webmeup-crawler.com/)"
135.181.180.59 - - [03/Jul/2023:05:45:48 +0200] "GET /node/808 HTTP/1.1" 200 5703 "-" "Mozilla/5.0 (compatible; MJ12bot/v1.4.8; http://mj12bot.com/)"
135.181.180.59 - - [03/Jul/2023:05:45:58 +0200] "GET /node/808?q=signupformailinglist HTTP/1.1" 404 4060 "-" "Mozilla/5.0 (compatible; MJ12bot/v1.4.8; http://mj12bot.com/)"
162.55.85.219 - - [03/Jul/2023:05:46:05 +0200] "GET /eventscalendar/2023-W27 HTTP/1.1" 200 7734 "-" "Mozilla/5.0 (compatible; BLEXBot/1.0; +http://webmeup-crawler.com/)"
135.181.180.59 - - [03/Jul/2023:05:46:09 +0200] "GET /node/808?q=signupfornewsletter HTTP/1.1" 200 4719 "-" "Mozilla/5.0 (compatible; MJ12bot/v1.4.8; http://mj12bot.com/)"
135.181.180.59 - - [03/Jul/2023:05:46:20 +0200] "GET /node/81 HTTP/1.1" 200 5661 "-" "Mozilla/5.0 (compatible; MJ12bot/v1.4.8; http://mj12bot.com/)"
162.55.85.219 - - [03/Jul/2023:05:46:20 +0200] "GET /eventscalendar/2023-W28 HTTP/1.1" 200 7728 "-" "Mozilla/5.0 (compatible; BLEXBot/1.0; +http://webmeup-crawler.com/)"
135.181.180.59 - - [03/Jul/2023:05:46:31 +0200] "GET /node/813?q=signupfornewsletter HTTP/1.1" 200 4719 "-" "Mozilla/5.0 (compatible; MJ12bot/v1.4.8; http://mj12bot.com/)"
162.55.85.219 - - [03/Jul/2023:05:46:39 +0200] "GET /eventscalendar/2023-W29 HTTP/1.1" 200 7736 "-" "Mozilla/5.0 (compatible; BLEXBot/1.0; +http://webmeup-crawler.com/)"
135.181.180.59 - - [03/Jul/2023:05:46:41 +0200] "GET /node/817 HTTP/1.1" 200 8391 "-" "Mozilla/5.0 (compatible; MJ12bot/v1.4.8; http://mj12bot.com/)"
135.181.180.59 - - [03/Jul/2023:05:46:52 +0200] "GET /node/817?q=signupformailinglist HTTP/1.1" 404 4060 "-" "Mozilla/5.0 (compatible; MJ12bot/v1.4.8; http://mj12bot.com/)"
162.55.85.219 - - [03/Jul/2023:05:46:53 +0200] "GET /eventscalendar/2023-W30 HTTP/1.1" 200 7736 "-" "Mozilla/5.0 (compatible; BLEXBot/1.0; +http://webmeup-crawler.com/)"
135.181.180.59 - - [03/Jul/2023:05:47:03 +0200] "GET /node/817?q=signupfornewsletter HTTP/1.1" 200 4719 "-" "Mozilla/5.0 (compatible; MJ12bot/v1.4.8; http://mj12bot.com/)"
162.55.85.219 - - [03/Jul/2023:05:47:07 +0200] "GET /eventscalendar/2023-W31 HTTP/1.1" 200 7736 "-" "Mozilla/5.0 (compatible; BLEXBot/1.0; +http://webmeup-crawler.com/)"
135.181.180.59 - - [03/Jul/2023:05:47:13 +0200] "GET /node/819 HTTP/1.1" 200 5703 "-" "Mozilla/5.0 (compatible; MJ12bot/v1.4.8; http://mj12bot.com/)"
162.55.85.219 - - [03/Jul/2023:05:47:22 +0200] "GET /eventscalendar/2023-W32 HTTP/1.1" 200 7730 "-" "Mozilla/5.0 (compatible; BLEXBot/1.0; +http://webmeup-crawler.com/)"
135.181.180.59 - - [03/Jul/2023:05:47:24 +0200] "GET /node/819?q=signupformailinglist HTTP/1.1" 404 4060 "-" "Mozilla/5.0 (compatible; MJ12bot/v1.4.8; http://mj12bot.com/)"
135.181.180.59 - - [03/Jul/2023:05:47:34 +0200] "GET /node/819?q=signupfornewsletter HTTP/1.1" 200 4719 "-" "Mozilla/5.0 (compatible; MJ12bot/v1.4.8; http://mj12bot.com/)"
162.55.85.219 - - [03/Jul/2023:05:47:38 +0200] "GET /node HTTP/1.1" 200 17647 "-" "Mozilla/5.0 (compatible; BLEXBot/1.0; +http://webmeup-crawler.com/)"
135.181.180.59 - - [03/Jul/2023:05:47:45 +0200] "GET /node/81?q=signupfornewsletter HTTP/1.1" 200 4719 "-" "Mozilla/5.0 (compatible; MJ12bot/v1.4.8; http://mj12bot.com/)"
162.55.85.219 - - [03/Jul/2023:05:47:53 +0200] "GET /node/1007 HTTP/1.1" 200 10430 "-" "Mozilla/5.0 (compatible; BLEXBot/1.0; +http://webmeup-crawler.com/)"
135.181.180.59 - - [03/Jul/2023:05:47:56 +0200] "GET /node/821 HTTP/1.1" 200 6108 "-" "Mozilla/5.0 (compatible; MJ12bot/v1.4.8; http://mj12bot.com/)"
135.181.180.59 - - [03/Jul/2023:05:48:07 +0200] "GET /node/821?q=signupformailinglist HTTP/1.1" 404 4060 "-" "Mozilla/5.0 (compatible; MJ12bot/v1.4.8; http://mj12bot.com/)"
162.55.85.219 - - [03/Jul/2023:05:48:07 +0200] "GET /node/1027 HTTP/1.1" 200 6124 "-" "Mozilla/5.0 (compatible; BLEXBot/1.0; +http://webmeup-crawler.com/)"
135.181.180.59 - - [03/Jul/2023:05:48:17 +0200] "GET /node/821?q=signupfornewsletter HTTP/1.1" 200 4719 "-" "Mozilla/5.0 (compatible; MJ12bot/v1.4.8; http://mj12bot.com/)"
162.55.85.219 - - [03/Jul/2023:05:48:27 +0200] "GET /node/106 HTTP/1.1" 200 5604 "-" "Mozilla/5.0 (compatible; BLEXBot/1.0; +http://webmeup-crawler.com/)"
135.181.180.59 - - [03/Jul/2023:05:48:28 +0200] "GET /node/822?q=signupfornewsletter HTTP/1.1" 200 4719 "-" "Mozilla/5.0 (compatible; MJ12bot/v1.4.8; http://mj12bot.com/)"
135.181.180.59 - - [03/Jul/2023:05:48:39 +0200] "GET /node/823 HTTP/1.1" 200 5774 "-" "Mozilla/5.0 (compatible; MJ12bot/v1.4.8; http://mj12bot.com/)"
162.55.85.219 - - [03/Jul/2023:05:48:40 +0200] "GET /node/115 HTTP/1.1" 200 5598 "-" "Mozilla/5.0 (compatible; BLEXBot/1.0; +http://webmeup-crawler.com/)"
135.181.180.59 - - [03/Jul/2023:05:48:49 +0200] "GET /node/823?q=signupformailinglist HTTP/1.1" 404 4060 "-" "Mozilla/5.0 (compatible; MJ12bot/v1.4.8; http://mj12bot.com/)"
162.55.85.219 - - [03/Jul/2023:05:48:54 +0200] "GET /node/122 HTTP/1.1" 200 5283 "-" "Mozilla/5.0 (compatible; BLEXBot/1.0; +http://webmeup-crawler.com/)"
135.181.180.59 - - [03/Jul/2023:05:49:00 +0200] "GET /node/823?q=signupfornewsletter HTTP/1.1" 200 4719 "-" "Mozilla/5.0 (compatible; MJ12bot/v1.4.8; http://mj12bot.com/)"
162.55.85.219 - - [03/Jul/2023:05:49:10 +0200] "GET /node/128 HTTP/1.1" 200 5546 "-" "Mozilla/5.0 (compatible; BLEXBot/1.0; +http://webmeup-crawler.com/)"
135.181.180.59 - - [03/Jul/2023:05:49:11 +0200] "GET /node/828 HTTP/1.1" 200 6088 "-" "Mozilla/5.0 (compatible; MJ12bot/v1.4.8; http://mj12bot.com/)"
135.181.180.59 - - [03/Jul/2023:05:49:21 +0200] "GET /node/828?q=signupformailinglist HTTP/1.1" 404 4060 "-" "Mozilla/5.0 (compatible; MJ12bot/v1.4.8; http://mj12bot.com/)"
162.55.85.219 - - [03/Jul/2023:05:49:25 +0200] "GET /node/138 HTTP/1.1" 200 5623 "-" "Mozilla/5.0 (compatible; BLEXBot/1.0; +http://webmeup-crawler.com/)"
135.181.180.59 - - [03/Jul/2023:05:49:32 +0200] "GET /node/828?q=signupfornewsletter HTTP/1.1" 200 4719 "-" "Mozilla/5.0 (compatible; MJ12bot/v1.4.8; http://mj12bot.com/)"
162.55.85.219 - - [03/Jul/2023:05:49:38 +0200] "GET /node/139 HTTP/1.1" 200 5299 "-" "Mozilla/5.0 (compatible; BLEXBot/1.0; +http://webmeup-crawler.com/)"
135.181.180.59 - - [03/Jul/2023:05:49:43 +0200] "GET /node/829?q=signupfornewsletter HTTP/1.1" 200 4719 "-" "Mozilla/5.0 (compatible; MJ12bot/v1.4.8; http://mj12bot.com/)"
162.55.85.219 - - [03/Jul/2023:05:49:53 +0200] "GET /node/142 HTTP/1.1" 200 5770 "-" "Mozilla/5.0 (compatible; BLEXBot/1.0; +http://webmeup-crawler.com/)"
135.181.180.59 - - [03/Jul/2023:05:49:53 +0200] "GET /node/83 HTTP/1.1" 200 5553 "-" "Mozilla/5.0 (compatible; MJ12bot/v1.4.8; http://mj12bot.com/)"
135.181.180.59 - - [03/Jul/2023:05:50:04 +0200] "GET /node/83?q=signupfornewsletter HTTP/1.1" 200 4719 "-" "Mozilla/5.0 (compatible; MJ12bot/v1.4.8; http://mj12bot.com/)"
162.55.85.219 - - [03/Jul/2023:05:50:06 +0200] "GET /node/143 HTTP/1.1" 200 6103 "-" "Mozilla/5.0 (compatible; BLEXBot/1.0; +http://webmeup-crawler.com/)"
135.181.180.59 - - [03/Jul/2023:05:50:15 +0200] "GET /node/849?q=signupfornewsletter HTTP/1.1" 200 4719 "-" "Mozilla/5.0 (compatible; MJ12bot/v1.4.8; http://mj12bot.com/)"
162.55.85.219 - - [03/Jul/2023:05:50:18 +0200] "GET /node/18 HTTP/1.1" 200 5556 "-" "Mozilla/5.0 (compatible; BLEXBot/1.0; +http://webmeup-crawler.com/)"
135.181.180.59 - - [03/Jul/2023:05:50:26 +0200] "GET /node/84?q=signupfornewsletter HTTP/1.1" 200 4719 "-" "Mozilla/5.0 (compatible; MJ12bot/v1.4.8; http://mj12bot.com/)"
162.55.85.219 - - [03/Jul/2023:05:50:32 +0200] "GET /node/19 HTTP/1.1" 200 5569 "-" "Mozilla/5.0 (compatible; BLEXBot/1.0; +http://webmeup-crawler.com/)"
135.181.180.59 - - [03/Jul/2023:05:50:36 +0200] "GET /node/852?q=signupfornewsletter HTTP/1.1" 200 4719 "-" "Mozilla/5.0 (compatible; MJ12bot/v1.4.8; http://mj12bot.com/)"
162.55.85.219 - - [03/Jul/2023:05:50:45 +0200] "GET /node/19139 HTTP/1.1" 200 11497 "-" "Mozilla/5.0 (compatible; BLEXBot/1.0; +http://webmeup-crawler.com/)"
135.181.180.59 - - [03/Jul/2023:05:50:47 +0200] "GET /node/853?q=signupfornewsletter HTTP/1.1" 200 4719 "-" "Mozilla/5.0 (compatible; MJ12bot/v1.4.8; http://mj12bot.com/)"
135.181.180.59 - - [03/Jul/2023:05:50:57 +0200] "GET /node/854 HTTP/1.1" 200 6357 "-" "Mozilla/5.0 (compatible; MJ12bot/v1.4.8; http://mj12bot.com/)"
162.55.85.219 - - [03/Jul/2023:05:50:59 +0200] "GET /node/19150 HTTP/1.1" 200 7647 "-" "Mozilla/5.0 (compatible; BLEXBot/1.0; +http://webmeup-crawler.com/)"
135.181.180.59 - - [03/Jul/2023:05:51:08 +0200] "GET /node/854?q=signupformailinglist HTTP/1.1" 404 4060 "-" "Mozilla/5.0 (compatible; MJ12bot/v1.4.8; http://mj12bot.com/)"
162.55.85.219 - - [03/Jul/2023:05:51:12 +0200] "GET /node/19163 HTTP/1.1" 200 6147 "-" "Mozilla/5.0 (compatible; BLEXBot/1.0; +http://webmeup-crawler.com/)"
135.181.180.59 - - [03/Jul/2023:05:51:19 +0200] "GET /node/854?q=signupfornewsletter HTTP/1.1" 200 4719 "-" "Mozilla/5.0 (compatible; MJ12bot/v1.4.8; http://mj12bot.com/)"
162.55.85.219 - - [03/Jul/2023:05:51:23 +0200] "GET /node/19213 HTTP/1.1" 200 6229 "-" "Mozilla/5.0 (compatible; BLEXBot/1.0; +http://webmeup-crawler.com/)"
135.181.180.59 - - [03/Jul/2023:05:51:30 +0200] "GET /node/857?q=signupfornewsletter HTTP/1.1" 200 4719 "-" "Mozilla/5.0 (compatible; MJ12bot/v1.4.8; http://mj12bot.com/)"
66.102.6.33 - - [03/Jul/2023:05:51:34 +0200] "GET /blog/3/feed HTTP/1.1" 200 2701 "-" "FeedBurner/1.0 (http://www.FeedBurner.com)"
162.55.85.219 - - [03/Jul/2023:05:51:36 +0200] "GET /node/19216 HTTP/1.1" 200 13026 "-" "Mozilla/5.0 (compatible; BLEXBot/1.0; +http://webmeup-crawler.com/)"
135.181.180.59 - - [03/Jul/2023:05:51:40 +0200] "GET /node/858?q=signupfornewsletter HTTP/1.1" 200 4719 "-" "Mozilla/5.0 (compatible; MJ12bot/v1.4.8; http://mj12bot.com/)"
162.55.85.219 - - [03/Jul/2023:05:51:49 +0200] "GET /node/19242 HTTP/1.1" 200 13304 "-" "Mozilla/5.0 (compatible; BLEXBot/1.0; +http://webmeup-crawler.com/)"
135.181.180.59 - - [03/Jul/2023:05:51:51 +0200] "GET /node/859?q=signupfornewsletter HTTP/1.1" 200 4719 "-" "Mozilla/5.0 (compatible; MJ12bot/v1.4.8; http://mj12bot.com/)"
135.181.180.59 - - [03/Jul/2023:05:52:02 +0200] "GET /node/860?q=signupfornewsletter HTTP/1.1" 200 4719 "-" "Mozilla/5.0 (compatible; MJ12bot/v1.4.8; http://mj12bot.com/)"
162.55.85.219 - - [03/Jul/2023:05:52:03 +0200] "GET /node/19300 HTTP/1.1" 200 10907 "-" "Mozilla/5.0 (compatible; BLEXBot/1.0; +http://webmeup-crawler.com/)"
135.181.180.59 - - [03/Jul/2023:05:52:13 +0200] "GET /node/864 HTTP/1.1" 200 5054 "-" "Mozilla/5.0 (compatible; MJ12bot/v1.4.8; http://mj12bot.com/)"
194.38.21.45 - - [03/Jul/2023:05:52:15 +0200] "GET /admin/assets/global/plugins/uploadify/uploadify.css HTTP/1.1" 403 5179 "-" "ALittle Client"
162.55.85.219 - - [03/Jul/2023:05:52:16 +0200] "GET /node/205 HTTP/1.1" 200 4701 "-" "Mozilla/5.0 (compatible; BLEXBot/1.0; +http://webmeup-crawler.com/)"
66.102.6.33 - - [03/Jul/2023:05:52:16 +0200] "HEAD /blog/3/feed HTTP/1.1" 200 0 "-" "FeedBurner/1.0 (http://www.FeedBurner.com)"
157.55.39.225 - - [03/Jul/2023:05:52:22 +0200] "GET /robots.txt HTTP/1.1" 200 1590 "-" "Mozilla/5.0 AppleWebKit/537.36 (KHTML, like Gecko; compatible; bingbot/2.0; +http://www.bing.com/bingbot.htm) Chrome/103.0.5060.134 Safari/537.36"
135.181.180.59 - - [03/Jul/2023:05:52:23 +0200] "GET /node/864?q=signupformailinglist HTTP/1.1" 404 4060 "-" "Mozilla/5.0 (compatible; MJ12bot/v1.4.8; http://mj12bot.com/)"
162.55.85.219 - - [03/Jul/2023:05:52:29 +0200] "GET /node/206 HTTP/1.1" 200 4945 "-" "Mozilla/5.0 (compatible; BLEXBot/1.0; +http://webmeup-crawler.com/)"
135.181.180.59 - - [03/Jul/2023:05:52:34 +0200] "GET /node/865 HTTP/1.1" 200 5067 "-" "Mozilla/5.0 (compatible; MJ12bot/v1.4.8; http://mj12bot.com/)"
162.55.85.219 - - [03/Jul/2023:05:52:43 +0200] "GET /node/207 HTTP/1.1" 200 4945 "-" "Mozilla/5.0 (compatible; BLEXBot/1.0; +http://webmeup-crawler.com/)"
135.181.180.59 - - [03/Jul/2023:05:52:45 +0200] "GET /node/865?q=signupformailinglist HTTP/1.1" 404 4060 "-" "Mozilla/5.0 (compatible; MJ12bot/v1.4.8; http://mj12bot.com/)"
52.167.144.61 - - [03/Jul/2023:05:52:52 +0200] "GET /eventscalendar/2022-04-25 HTTP/1.1" 200 5790 "-" "Mozilla/5.0 AppleWebKit/537.36 (KHTML, like Gecko; compatible; bingbot/2.0; +http://www.bing.com/bingbot.htm) Chrome/103.0.5060.134 Safari/537.36"
135.181.180.59 - - [03/Jul/2023:05:52:55 +0200] "GET /node/866?q=signupfornewsletter HTTP/1.1" 200 4719 "-" "Mozilla/5.0 (compatible; MJ12bot/v1.4.8; http://mj12bot.com/)"
162.55.85.219 - - [03/Jul/2023:05:52:56 +0200] "GET /node/208 HTTP/1.1" 200 4952 "-" "Mozilla/5.0 (compatible; BLEXBot/1.0; +http://webmeup-crawler.com/)"
135.181.180.59 - - [03/Jul/2023:05:53:06 +0200] "GET /node/867 HTTP/1.1" 200 6726 "-" "Mozilla/5.0 (compatible; MJ12bot/v1.4.8; http://mj12bot.com/)"
162.55.85.219 - - [03/Jul/2023:05:53:11 +0200] "GET /node/209 HTTP/1.1" 200 4945 "-" "Mozilla/5.0 (compatible; BLEXBot/1.0; +http://webmeup-crawler.com/)"
135.181.180.59 - - [03/Jul/2023:05:53:17 +0200] "GET /node/867?q=signupformailinglist HTTP/1.1" 404 4060 "-" "Mozilla/5.0 (compatible; MJ12bot/v1.4.8; http://mj12bot.com/)"
162.55.85.219 - - [03/Jul/2023:05:53:25 +0200] "GET /node/210 HTTP/1.1" 200 4856 "-" "Mozilla/5.0 (compatible; BLEXBot/1.0; +http://webmeup-crawler.com/)"
66.102.6.34 - - [03/Jul/2023:05:53:27 +0200] "GET /blog/3/feed HTTP/1.1" 200 2701 "-" "FeedBurner/1.0 (http://www.FeedBurner.com)"
135.181.180.59 - - [03/Jul/2023:05:53:27 +0200] "GET /node/867?q=signupfornewsletter HTTP/1.1" 200 4719 "-" "Mozilla/5.0 (compatible; MJ12bot/v1.4.8; http://mj12bot.com/)"
162.55.85.219 - - [03/Jul/2023:05:53:37 +0200] "GET /node/211 HTTP/1.1" 200 4948 "-" "Mozilla/5.0 (compatible; BLEXBot/1.0; +http://webmeup-crawler.com/)"
135.181.180.59 - - [03/Jul/2023:05:53:38 +0200] "GET /node/876?q=signupfornewsletter HTTP/1.1" 200 4719 "-" "Mozilla/5.0 (compatible; MJ12bot/v1.4.8; http://mj12bot.com/)"
135.181.180.59 - - [03/Jul/2023:05:53:49 +0200] "GET /node/878?q=signupfornewsletter HTTP/1.1" 200 4719 "-" "Mozilla/5.0 (compatible; MJ12bot/v1.4.8; http://mj12bot.com/)"
162.55.85.219 - - [03/Jul/2023:05:53:52 +0200] "GET /node/212 HTTP/1.1" 200 4945 "-" "Mozilla/5.0 (compatible; BLEXBot/1.0; +http://webmeup-crawler.com/)"
135.181.180.59 - - [03/Jul/2023:05:54:00 +0200] "GET /node/890 HTTP/1.1" 200 4818 "-" "Mozilla/5.0 (compatible; MJ12bot/v1.4.8; http://mj12bot.com/)"
162.55.85.219 - - [03/Jul/2023:05:54:05 +0200] "GET /node/213 HTTP/1.1" 200 4669 "-" "Mozilla/5.0 (compatible; BLEXBot/1.0; +http://webmeup-crawler.com/)"
135.181.180.59 - - [03/Jul/2023:05:54:10 +0200] "GET /node/890?q=signupformailinglist HTTP/1.1" 404 4060 "-" "Mozilla/5.0 (compatible; MJ12bot/v1.4.8; http://mj12bot.com/)"
162.55.85.219 - - [03/Jul/2023:05:54:19 +0200] "GET /node/214 HTTP/1.1" 200 4936 "-" "Mozilla/5.0 (compatible; BLEXBot/1.0; +http://webmeup-crawler.com/)"
135.181.180.59 - - [03/Jul/2023:05:54:21 +0200] "GET /node/890?q=signupfornewsletter HTTP/1.1" 200 4719 "-" "Mozilla/5.0 (compatible; MJ12bot/v1.4.8; http://mj12bot.com/)"
162.55.85.219 - - [03/Jul/2023:05:54:31 +0200] "GET /node/215 HTTP/1.1" 200 4949 "-" "Mozilla/5.0 (compatible; BLEXBot/1.0; +http://webmeup-crawler.com/)"
135.181.180.59 - - [03/Jul/2023:05:54:32 +0200] "GET /node/8912?q=signupfornewsletter HTTP/1.1" 200 4719 "-" "Mozilla/5.0 (compatible; MJ12bot/v1.4.8; http://mj12bot.com/)"
135.181.180.59 - - [03/Jul/2023:05:54:43 +0200] "GET /node/8913?q=signupfornewsletter HTTP/1.1" 200 4719 "-" "Mozilla/5.0 (compatible; MJ12bot/v1.4.8; http://mj12bot.com/)"
162.55.85.219 - - [03/Jul/2023:05:54:44 +0200] "GET /node/216 HTTP/1.1" 200 4942 "-" "Mozilla/5.0 (compatible; BLEXBot/1.0; +http://webmeup-crawler.com/)"
135.181.180.59 - - [03/Jul/2023:05:54:53 +0200] "GET /node/8?q=signupfornewsletter HTTP/1.1" 200 4719 "-" "Mozilla/5.0 (compatible; MJ12bot/v1.4.8; http://mj12bot.com/)"
162.55.85.219 - - [03/Jul/2023:05:54:56 +0200] "GET /node/22 HTTP/1.1" 200 5991 "-" "Mozilla/5.0 (compatible; BLEXBot/1.0; +http://webmeup-crawler.com/)"
135.181.180.59 - - [03/Jul/2023:05:55:04 +0200] "GET /node/936 HTTP/1.1" 200 7162 "-" "Mozilla/5.0 (compatible; MJ12bot/v1.4.8; http://mj12bot.com/)"
162.55.85.219 - - [03/Jul/2023:05:55:09 +0200] "GET /node/23 HTTP/1.1" 200 6843 "-" "Mozilla/5.0 (compatible; BLEXBot/1.0; +http://webmeup-crawler.com/)"
135.181.180.59 - - [03/Jul/2023:05:55:15 +0200] "GET /node/936?q=signupformailinglist HTTP/1.1" 404 4060 "-" "Mozilla/5.0 (compatible; MJ12bot/v1.4.8; http://mj12bot.com/)"
162.55.85.219 - - [03/Jul/2023:05:55:24 +0200] "GET /node/23420 HTTP/1.1" 200 18431 "-" "Mozilla/5.0 (compatible; BLEXBot/1.0; +http://webmeup-crawler.com/)"
135.181.180.59 - - [03/Jul/2023:05:55:25 +0200] "GET /node/944 HTTP/1.1" 200 5386 "-" "Mozilla/5.0 (compatible; MJ12bot/v1.4.8; http://mj12bot.com/)"
135.181.180.59 - - [03/Jul/2023:05:55:36 +0200] "GET /node/944?q=signupformailinglist HTTP/1.1" 404 4060 "-" "Mozilla/5.0 (compatible; MJ12bot/v1.4.8; http://mj12bot.com/)"
135.181.180.59 - - [03/Jul/2023:05:55:47 +0200] "GET /node/947 HTTP/1.1" 200 5112 "-" "Mozilla/5.0 (compatible; MJ12bot/v1.4.8; http://mj12bot.com/)"
162.55.85.219 - - [03/Jul/2023:05:55:51 +0200] "GET /node/23421 HTTP/1.1" 200 15218 "-" "Mozilla/5.0 (compatible; BLEXBot/1.0; +http://webmeup-crawler.com/)"
135.181.180.59 - - [03/Jul/2023:05:55:57 +0200] "GET /node/947?q=signupformailinglist HTTP/1.1" 404 4060 "-" "Mozilla/5.0 (compatible; MJ12bot/v1.4.8; http://mj12bot.com/)"
65.108.0.71 - - [03/Jul/2023:05:56:02 +0200] "GET /robots.txt HTTP/1.1" 200 1590 "-" "Mozilla/5.0 (compatible; MJ12bot/v1.4.8; http://mj12bot.com/)"
135.181.180.59 - - [03/Jul/2023:05:56:08 +0200] "GET /node/947?q=signupfornewsletter HTTP/1.1" 200 4719 "-" "Mozilla/5.0 (compatible; MJ12bot/v1.4.8; http://mj12bot.com/)"
162.55.85.219 - - [03/Jul/2023:05:56:10 +0200] "GET /node/269 HTTP/1.1" 200 5524 "-" "Mozilla/5.0 (compatible; BLEXBot/1.0; +http://webmeup-crawler.com/)"
65.108.0.71 - - [03/Jul/2023:05:56:13 +0200] "GET /eventscalendar/2014-08-04?q=signupfornewsletter HTTP/1.1" 200 4719 "-" "Mozilla/5.0 (compatible; MJ12bot/v1.4.8; http://mj12bot.com/)"
135.181.180.59 - - [03/Jul/2023:05:56:18 +0200] "GET /node/949 HTTP/1.1" 200 7789 "-" "Mozilla/5.0 (compatible; MJ12bot/v1.4.8; http://mj12bot.com/)"
65.108.0.71 - - [03/Jul/2023:05:56:24 +0200] "GET /eventscalendar/2020-W10 HTTP/1.1" 200 7728 "-" "Mozilla/5.0 (compatible; MJ12bot/v1.4.8; http://mj12bot.com/)"
135.181.180.59 - - [03/Jul/2023:05:56:29 +0200] "GET /node/949?q=signupformailinglist HTTP/1.1" 404 4060 "-" "Mozilla/5.0 (compatible; MJ12bot/v1.4.8; http://mj12bot.com/)"
65.108.0.71 - - [03/Jul/2023:05:56:34 +0200] "GET /eventscalendar/2020-W10?q=signupformailinglist HTTP/1.1" 404 4060 "-" "Mozilla/5.0 (compatible; MJ12bot/v1.4.8; http://mj12bot.com/)"
162.55.85.219 - - [03/Jul/2023:05:56:35 +0200] "GET /node/294 HTTP/1.1" 200 5690 "-" "Mozilla/5.0 (compatible; BLEXBot/1.0; +http://webmeup-crawler.com/)"
135.181.180.59 - - [03/Jul/2023:05:56:40 +0200] "GET /node/949?q=signupfornewsletter HTTP/1.1" 200 4719 "-" "Mozilla/5.0 (compatible; MJ12bot/v1.4.8; http://mj12bot.com/)"
65.108.0.71 - - [03/Jul/2023:05:56:45 +0200] "GET /node/1002 HTTP/1.1" 200 5892 "-" "Mozilla/5.0 (compatible; MJ12bot/v1.4.8; http://mj12bot.com/)"
162.55.85.219 - - [03/Jul/2023:05:56:49 +0200] "GET /node/426 HTTP/1.1" 200 4919 "-" "Mozilla/5.0 (compatible; BLEXBot/1.0; +http://webmeup-crawler.com/)"
135.181.180.59 - - [03/Jul/2023:05:56:50 +0200] "GET /node/958 HTTP/1.1" 200 5365 "-" "Mozilla/5.0 (compatible; MJ12bot/v1.4.8; http://mj12bot.com/)"
65.108.0.71 - - [03/Jul/2023:05:56:56 +0200] "GET /node/1002?q=signupformailinglist HTTP/1.1" 404 4060 "-" "Mozilla/5.0 (compatible; MJ12bot/v1.4.8; http://mj12bot.com/)"
135.181.180.59 - - [03/Jul/2023:05:57:01 +0200] "GET /node/960 HTTP/1.1" 200 5905 "-" "Mozilla/5.0 (compatible; MJ12bot/v1.4.8; http://mj12bot.com/)"
162.55.85.219 - - [03/Jul/2023:05:57:03 +0200] "GET /node/428 HTTP/1.1" 200 5433 "-" "Mozilla/5.0 (compatible; BLEXBot/1.0; +http://webmeup-crawler.com/)"
65.108.0.71 - - [03/Jul/2023:05:57:07 +0200] "GET /node/1002?q=signupfornewsletter HTTP/1.1" 200 4719 "-" "Mozilla/5.0 (compatible; MJ12bot/v1.4.8; http://mj12bot.com/)"
135.181.180.59 - - [03/Jul/2023:05:57:12 +0200] "GET /node/963 HTTP/1.1" 200 5809 "-" "Mozilla/5.0 (compatible; MJ12bot/v1.4.8; http://mj12bot.com/)"
162.55.85.219 - - [03/Jul/2023:05:57:17 +0200] "GET /node/429 HTTP/1.1" 200 5634 "-" "Mozilla/5.0 (compatible; BLEXBot/1.0; +http://webmeup-crawler.com/)"
65.108.0.71 - - [03/Jul/2023:05:57:18 +0200] "GET /node/1015 HTTP/1.1" 200 7978 "-" "Mozilla/5.0 (compatible; MJ12bot/v1.4.8; http://mj12bot.com/)"
135.181.180.59 - - [03/Jul/2023:05:57:23 +0200] "GET /node/963?q=signupformailinglist HTTP/1.1" 404 4060 "-" "Mozilla/5.0 (compatible; MJ12bot/v1.4.8; http://mj12bot.com/)"
65.108.0.71 - - [03/Jul/2023:05:57:28 +0200] "GET /node/1015?q=signupformailinglist HTTP/1.1" 404 4060 "-" "Mozilla/5.0 (compatible; MJ12bot/v1.4.8; http://mj12bot.com/)"
135.181.180.59 - - [03/Jul/2023:05:57:34 +0200] "GET /node/966 HTTP/1.1" 200 8203 "-" "Mozilla/5.0 (compatible; MJ12bot/v1.4.8; http://mj12bot.com/)"
162.55.85.219 - - [03/Jul/2023:05:57:34 +0200] "GET /node/430 HTTP/1.1" 200 6411 "-" "Mozilla/5.0 (compatible; BLEXBot/1.0; +http://webmeup-crawler.com/)"
65.108.0.71 - - [03/Jul/2023:05:57:39 +0200] "GET /node/147 HTTP/1.1" 200 5150 "-" "Mozilla/5.0 (compatible; MJ12bot/v1.4.8; http://mj12bot.com/)"
135.181.180.59 - - [03/Jul/2023:05:57:44 +0200] "GET /node/966?q=signupformailinglist HTTP/1.1" 404 4060 "-" "Mozilla/5.0 (compatible; MJ12bot/v1.4.8; http://mj12bot.com/)"
