95.91.41.36 - - [01/Jul/2023:03:59:28 +0200] "GET /node/718 HTTP/1.1" 200 7642 "-" "Mozilla/5.0 (compatible; MJ12bot/v1.4.8; http://mj12bot.com/)"
164.132.203.193 - - [01/Jul/2023:03:59:37 +0200] "GET /node/8916 HTTP/1.1" 200 10607 "-" "Mozilla/5.0 (compatible; MJ12bot/v1.4.8; http://mj12bot.com/)"
95.91.41.36 - - [01/Jul/2023:03:59:38 +0200] "GET /node/718?q=signupformailinglist HTTP/1.1" 404 4060 "-" "Mozilla/5.0 (compatible; MJ12bot/v1.4.8; http://mj12bot.com/)"
164.132.203.193 - - [01/Jul/2023:03:59:48 +0200] "GET /node/8916?q=signupformailinglist HTTP/1.1" 404 4060 "-" "Mozilla/5.0 (compatible; MJ12bot/v1.4.8; http://mj12bot.com/)"
95.91.41.36 - - [01/Jul/2023:03:59:49 +0200] "GET /node/718?q=signupfornewsletter HTTP/1.1" 200 4719 "-" "Mozilla/5.0 (compatible; MJ12bot/v1.4.8; http://mj12bot.com/)"
164.132.203.193 - - [01/Jul/2023:03:59:59 +0200] "GET /node/8916?q=signupfornewsletter HTTP/1.1" 200 4719 "-" "Mozilla/5.0 (compatible; MJ12bot/v1.4.8; http://mj12bot.com/)"
95.91.41.36 - - [01/Jul/2023:03:59:59 +0200] "GET /node/719 HTTP/1.1" 200 6739 "-" "Mozilla/5.0 (compatible; MJ12bot/v1.4.8; http://mj12bot.com/)"
164.132.203.193 - - [01/Jul/2023:04:00:10 +0200] "GET /node/891?q=signupfornewsletter HTTP/1.1" 200 4719 "-" "Mozilla/5.0 (compatible; MJ12bot/v1.4.8; http://mj12bot.com/)"
95.91.41.36 - - [01/Jul/2023:04:00:10 +0200] "GET /node/719?q=signupformailinglist HTTP/1.1" 404 4060 "-" "Mozilla/5.0 (compatible; MJ12bot/v1.4.8; http://mj12bot.com/)"
164.132.203.193 - - [01/Jul/2023:04:00:21 +0200] "GET /node/892 HTTP/1.1" 200 12248 "-" "Mozilla/5.0 (compatible; MJ12bot/v1.4.8; http://mj12bot.com/)"
95.91.41.36 - - [01/Jul/2023:04:00:27 +0200] "GET /node/719?q=signupfornewsletter HTTP/1.1" 200 4719 "-" "Mozilla/5.0 (compatible; MJ12bot/v1.4.8; http://mj12bot.com/)"
164.132.203.193 - - [01/Jul/2023:04:00:32 +0200] "GET /node/8920 HTTP/1.1" 200 26803 "-" "Mozilla/5.0 (compatible; MJ12bot/v1.4.8; http://mj12bot.com/)"
164.132.203.193 - - [01/Jul/2023:04:00:43 +0200] "GET /node/8920?q=signupformailinglist HTTP/1.1" 404 4060 "-" "Mozilla/5.0 (compatible; MJ12bot/v1.4.8; http://mj12bot.com/)"
95.91.41.36 - - [01/Jul/2023:04:00:50 +0200] "GET /node/720 HTTP/1.1" 200 6609 "-" "Mozilla/5.0 (compatible; MJ12bot/v1.4.8; http://mj12bot.com/)"
164.132.203.193 - - [01/Jul/2023:04:00:54 +0200] "GET /node/8920?q=signupfornewsletter HTTP/1.1" 200 4719 "-" "Mozilla/5.0 (compatible; MJ12bot/v1.4.8; http://mj12bot.com/)"
95.91.41.36 - - [01/Jul/2023:04:01:00 +0200] "GET /node/720?q=signupformailinglist HTTP/1.1" 404 4060 "-" "Mozilla/5.0 (compatible; MJ12bot/v1.4.8; http://mj12bot.com/)"
164.132.203.193 - - [01/Jul/2023:04:01:04 +0200] "GET /node/8921 HTTP/1.1" 200 16563 "-" "Mozilla/5.0 (compatible; MJ12bot/v1.4.8; http://mj12bot.com/)"
95.91.41.36 - - [01/Jul/2023:04:01:11 +0200] "GET /node/720?q=signupfornewsletter HTTP/1.1" 200 4719 "-" "Mozilla/5.0 (compatible; MJ12bot/v1.4.8; http://mj12bot.com/)"
164.132.203.193 - - [01/Jul/2023:04:01:16 +0200] "GET /node/8921?q=signupformailinglist HTTP/1.1" 404 4060 "-" "Mozilla/5.0 (compatible; MJ12bot/v1.4.8; http://mj12bot.com/)"
95.91.41.36 - - [01/Jul/2023:04:01:22 +0200] "GET /node/721 HTTP/1.1" 200 6853 "-" "Mozilla/5.0 (compatible; MJ12bot/v1.4.8; http://mj12bot.com/)"
164.132.203.193 - - [01/Jul/2023:04:01:27 +0200] "GET /node/8921?q=signupfornewsletter HTTP/1.1" 200 4719 "-" "Mozilla/5.0 (compatible; MJ12bot/v1.4.8; http://mj12bot.com/)"
95.91.41.36 - - [01/Jul/2023:04:01:33 +0200] "GET /node/721?q=signupformailinglist HTTP/1.1" 404 4060 "-" "Mozilla/5.0 (compatible; MJ12bot/v1.4.8; http://mj12bot.com/)"
164.132.203.193 - - [01/Jul/2023:04:01:38 +0200] "GET /node/8923 HTTP/1.1" 200 8980 "-" "Mozilla/5.0 (compatible; MJ12bot/v1.4.8; http://mj12bot.com/)"
95.91.41.36 - - [01/Jul/2023:04:01:44 +0200] "GET /node/721?q=signupfornewsletter HTTP/1.1" 200 4719 "-" "Mozilla/5.0 (compatible; MJ12bot/v1.4.8; http://mj12bot.com/)"
164.132.203.193 - - [01/Jul/2023:04:01:48 +0200] "GET /node/8923?q=signupformailinglist HTTP/1.1" 404 4060 "-" "Mozilla/5.0 (compatible; MJ12bot/v1.4.8; http://mj12bot.com/)"
95.91.41.36 - - [01/Jul/2023:04:01:55 +0200] "GET /node/722 HTTP/1.1" 200 6429 "-" "Mozilla/5.0 (compatible; MJ12bot/v1.4.8; http://mj12bot.com/)"
164.132.203.193 - - [01/Jul/2023:04:01:59 +0200] "GET /node/8923?q=signupfornewsletter HTTP/1.1" 200 4719 "-" "Mozilla/5.0 (compatible; MJ12bot/v1.4.8; http://mj12bot.com/)"
95.91.41.36 - - [01/Jul/2023:04:02:05 +0200] "GET /node/722?q=signupformailinglist HTTP/1.1" 404 4060 "-" "Mozilla/5.0 (compatible; MJ12bot/v1.4.8; http://mj12bot.com/)"
164.132.203.193 - - [01/Jul/2023:04:02:11 +0200] "GET /node/8924 HTTP/1.1" 200 13549 "-" "Mozilla/5.0 (compatible; MJ12bot/v1.4.8; http://mj12bot.com/)"
95.91.41.36 - - [01/Jul/2023:04:02:16 +0200] "GET /node/722?q=signupfornewsletter HTTP/1.1" 200 4719 "-" "Mozilla/5.0 (compatible; MJ12bot/v1.4.8; http://mj12bot.com/)"
164.132.203.193 - - [01/Jul/2023:04:02:21 +0200] "GET /node/8924?q=signupformailinglist HTTP/1.1" 404 4060 "-" "Mozilla/5.0 (compatible; MJ12bot/v1.4.8; http://mj12bot.com/)"
95.91.41.36 - - [01/Jul/2023:04:02:27 +0200] "GET /node/724 HTTP/1.1" 200 6750 "-" "Mozilla/5.0 (compatible; MJ12bot/v1.4.8; http://mj12bot.com/)"
164.132.203.193 - - [01/Jul/2023:04:02:32 +0200] "GET /node/8924?q=signupfornewsletter HTTP/1.1" 200 4719 "-" "Mozilla/5.0 (compatible; MJ12bot/v1.4.8; http://mj12bot.com/)"
95.91.41.36 - - [01/Jul/2023:04:02:39 +0200] "GET /node/724?q=signupformailinglist HTTP/1.1" 404 4060 "-" "Mozilla/5.0 (compatible; MJ12bot/v1.4.8; http://mj12bot.com/)"
164.132.203.193 - - [01/Jul/2023:04:02:43 +0200] "GET /node/8925 HTTP/1.1" 200 10532 "-" "Mozilla/5.0 (compatible; MJ12bot/v1.4.8; http://mj12bot.com/)"
95.91.41.36 - - [01/Jul/2023:04:02:49 +0200] "GET /node/724?q=signupfornewsletter HTTP/1.1" 200 4719 "-" "Mozilla/5.0 (compatible; MJ12bot/v1.4.8; http://mj12bot.com/)"
185.25.35.14 - - [01/Jul/2023:04:02:50 +0200] "GET /robots.txt HTTP/1.1" 200 1590 "-" "magpie-crawler/1.1 (robots-txt-checker; +http://www.brandwatch.net)"
185.25.35.14 - - [01/Jul/2023:04:02:51 +0200] "GET /blog/3/feed HTTP/1.1" 200 2701 "-" "magpie-crawler/1.1 (U; Linux amd64; en-GB; +http://www.brandwatch.net)"
164.132.203.193 - - [01/Jul/2023:04:02:54 +0200] "GET /node/8925?q=signupformailinglist HTTP/1.1" 404 4060 "-" "Mozilla/5.0 (compatible; MJ12bot/v1.4.8; http://mj12bot.com/)"
95.91.41.36 - - [01/Jul/2023:04:03:00 +0200] "GET /node/725 HTTP/1.1" 200 17309 "-" "Mozilla/5.0 (compatible; MJ12bot/v1.4.8; http://mj12bot.com/)"
164.132.203.193 - - [01/Jul/2023:04:03:05 +0200] "GET /node/8925?q=signupfornewsletter HTTP/1.1" 200 4719 "-" "Mozilla/5.0 (compatible; MJ12bot/v1.4.8; http://mj12bot.com/)"
95.91.41.36 - - [01/Jul/2023:04:03:11 +0200] "GET /node/725?q=signupformailinglist HTTP/1.1" 404 4060 "-" "Mozilla/5.0 (compatible; MJ12bot/v1.4.8; http://mj12bot.com/)"
164.132.203.193 - - [01/Jul/2023:04:03:15 +0200] "GET /node/892?q=signupfornewsletter HTTP/1.1" 200 4719 "-" "Mozilla/5.0 (compatible; MJ12bot/v1.4.8; http://mj12bot.com/)"
164.132.203.193 - - [01/Jul/2023:04:03:16 +0200] "GET /robots.txt HTTP/1.1" 200 1590 "-" "Mozilla/5.0 (compatible; MJ12bot/v1.4.8; http://mj12bot.com/)"
95.91.41.36 - - [01/Jul/2023:04:03:21 +0200] "GET /node/725?q=signupfornewsletter HTTP/1.1" 200 4719 "-" "Mozilla/5.0 (compatible; MJ12bot/v1.4.8; http://mj12bot.com/)"
164.132.203.193 - - [01/Jul/2023:04:03:27 +0200] "GET /node/717 HTTP/1.1" 200 5874 "-" "Mozilla/5.0 (compatible; MJ12bot/v1.4.8; http://mj12bot.com/)"
95.91.41.36 - - [01/Jul/2023:04:03:32 +0200] "GET /node/726 HTTP/1.1" 200 5971 "-" "Mozilla/5.0 (compatible; MJ12bot/v1.4.8; http://mj12bot.com/)"
164.132.203.193 - - [01/Jul/2023:04:03:38 +0200] "GET /node/717?q=signupformailinglist HTTP/1.1" 404 4060 "-" "Mozilla/5.0 (compatible; MJ12bot/v1.4.8; http://mj12bot.com/)"
95.91.41.36 - - [01/Jul/2023:04:03:42 +0200] "GET /node/726?q=signupformailinglist HTTP/1.1" 404 4060 "-" "Mozilla/5.0 (compatible; MJ12bot/v1.4.8; http://mj12bot.com/)"
164.132.203.193 - - [01/Jul/2023:04:03:48 +0200] "GET /node/813 HTTP/1.1" 200 6144 "-" "Mozilla/5.0 (compatible; MJ12bot/v1.4.8; http://mj12bot.com/)"
95.91.41.36 - - [01/Jul/2023:04:03:53 +0200] "GET /node/726?q=signupfornewsletter HTTP/1.1" 200 4719 "-" "Mozilla/5.0 (compatible; MJ12bot/v1.4.8; http://mj12bot.com/)"
164.132.203.193 - - [01/Jul/2023:04:03:59 +0200] "GET /node/813?q=signupformailinglist HTTP/1.1" 404 4060 "-" "Mozilla/5.0 (compatible; MJ12bot/v1.4.8; http://mj12bot.com/)"
95.91.41.36 - - [01/Jul/2023:04:04:04 +0200] "GET /node/727 HTTP/1.1" 200 5792 "-" "Mozilla/5.0 (compatible; MJ12bot/v1.4.8; http://mj12bot.com/)"
164.132.203.193 - - [01/Jul/2023:04:04:10 +0200] "GET /node/8912 HTTP/1.1" 200 7301 "-" "Mozilla/5.0 (compatible; MJ12bot/v1.4.8; http://mj12bot.com/)"
95.91.41.36 - - [01/Jul/2023:04:04:14 +0200] "GET /node/727?q=signupformailinglist HTTP/1.1" 404 4060 "-" "Mozilla/5.0 (compatible; MJ12bot/v1.4.8; http://mj12bot.com/)"
164.132.203.193 - - [01/Jul/2023:04:04:21 +0200] "GET /node/8912?q=signupformailinglist HTTP/1.1" 404 4060 "-" "Mozilla/5.0 (compatible; MJ12bot/v1.4.8; http://mj12bot.com/)"
95.91.41.36 - - [01/Jul/2023:04:04:25 +0200] "GET /node/727?q=signupfornewsletter HTTP/1.1" 200 4719 "-" "Mozilla/5.0 (compatible; MJ12bot/v1.4.8; http://mj12bot.com/)"
95.91.41.36 - - [01/Jul/2023:04:04:36 +0200] "GET /node/728 HTTP/1.1" 200 7147 "-" "Mozilla/5.0 (compatible; MJ12bot/v1.4.8; http://mj12bot.com/)"
95.91.41.36 - - [01/Jul/2023:04:04:46 +0200] "GET /node/728?q=signupformailinglist HTTP/1.1" 404 4060 "-" "Mozilla/5.0 (compatible; MJ12bot/v1.4.8; http://mj12bot.com/)"
95.91.41.36 - - [01/Jul/2023:04:04:58 +0200] "GET /node/728?q=signupfornewsletter HTTP/1.1" 200 4719 "-" "Mozilla/5.0 (compatible; MJ12bot/v1.4.8; http://mj12bot.com/)"
95.91.41.36 - - [01/Jul/2023:04:05:09 +0200] "GET /node/729 HTTP/1.1" 200 8433 "-" "Mozilla/5.0 (compatible; MJ12bot/v1.4.8; http://mj12bot.com/)"
95.91.41.36 - - [01/Jul/2023:04:05:19 +0200] "GET /node/729?q=signupformailinglist HTTP/1.1" 404 4060 "-" "Mozilla/5.0 (compatible; MJ12bot/v1.4.8; http://mj12bot.com/)"
95.91.41.36 - - [01/Jul/2023:04:05:30 +0200] "GET /node/729?q=signupfornewsletter HTTP/1.1" 200 4719 "-" "Mozilla/5.0 (compatible; MJ12bot/v1.4.8; http://mj12bot.com/)"
95.91.41.36 - - [01/Jul/2023:04:05:41 +0200] "GET /node/730 HTTP/1.1" 200 6846 "-" "Mozilla/5.0 (compatible; MJ12bot/v1.4.8; http://mj12bot.com/)"
95.91.41.36 - - [01/Jul/2023:04:05:51 +0200] "GET /node/730?q=signupformailinglist HTTP/1.1" 404 4060 "-" "Mozilla/5.0 (compatible; MJ12bot/v1.4.8; http://mj12bot.com/)"
95.91.41.36 - - [01/Jul/2023:04:06:05 +0200] "GET /node/730?q=signupfornewsletter HTTP/1.1" 200 4719 "-" "Mozilla/5.0 (compatible; MJ12bot/v1.4.8; http://mj12bot.com/)"
66.102.6.33 - - [01/Jul/2023:04:06:14 +0200] "GET /blog/3/feed HTTP/1.1" 200 2701 "-" "FeedBurner/1.0 (http://www.FeedBurner.com)"
95.91.41.36 - - [01/Jul/2023:04:06:16 +0200] "GET /node/731 HTTP/1.1" 200 8208 "-" "Mozilla/5.0 (compatible; MJ12bot/v1.4.8; http://mj12bot.com/)"
95.91.41.36 - - [01/Jul/2023:04:06:26 +0200] "GET /node/731?q=signupformailinglist HTTP/1.1" 404 4060 "-" "Mozilla/5.0 (compatible; MJ12bot/v1.4.8; http://mj12bot.com/)"
95.91.41.36 - - [01/Jul/2023:04:06:37 +0200] "GET /node/731?q=signupfornewsletter HTTP/1.1" 200 4719 "-" "Mozilla/5.0 (compatible; MJ12bot/v1.4.8; http://mj12bot.com/)"
95.91.41.36 - - [01/Jul/2023:04:06:48 +0200] "GET /node/732 HTTP/1.1" 200 20967 "-" "Mozilla/5.0 (compatible; MJ12bot/v1.4.8; http://mj12bot.com/)"
95.91.41.36 - - [01/Jul/2023:04:06:58 +0200] "GET /node/732?q=signupformailinglist HTTP/1.1" 404 4060 "-" "Mozilla/5.0 (compatible; MJ12bot/v1.4.8; http://mj12bot.com/)"
95.91.41.36 - - [01/Jul/2023:04:07:10 +0200] "GET /node/732?q=signupfornewsletter HTTP/1.1" 200 4719 "-" "Mozilla/5.0 (compatible; MJ12bot/v1.4.8; http://mj12bot.com/)"
95.91.41.36 - - [01/Jul/2023:04:07:21 +0200] "GET /node/736?q=signupfornewsletter HTTP/1.1" 200 4719 "-" "Mozilla/5.0 (compatible; MJ12bot/v1.4.8; http://mj12bot.com/)"
195.188.181.2 - - [01/Jul/2023:04:07:22 +0200] "GET /sites/default/files/farrier%202%20small.jpg HTTP/1.1" 200 80433 "-" "Mozilla/5.0 (X11; Ubuntu; Linux x86_64; rv:72.0) Gecko/20100101 Firefox/72.0"
74.125.214.103 - - [01/Jul/2023:04:07:23 +0200] "HEAD /blog/3/feed HTTP/1.1" 200 0 "-" "FeedBurner/1.0 (http://www.FeedBurner.com)"
95.91.41.36 - - [01/Jul/2023:04:07:31 +0200] "GET /node/737?q=signupfornewsletter HTTP/1.1" 200 4719 "-" "Mozilla/5.0 (compatible; MJ12bot/v1.4.8; http://mj12bot.com/)"
95.91.41.36 - - [01/Jul/2023:04:07:42 +0200] "GET /node/740 HTTP/1.1" 200 7758 "-" "Mozilla/5.0 (compatible; MJ12bot/v1.4.8; http://mj12bot.com/)"
95.91.41.36 - - [01/Jul/2023:04:07:53 +0200] "GET /node/740?q=signupformailinglist HTTP/1.1" 404 4060 "-" "Mozilla/5.0 (compatible; MJ12bot/v1.4.8; http://mj12bot.com/)"
95.91.41.36 - - [01/Jul/2023:04:08:03 +0200] "GET /node/740?q=signupfornewsletter HTTP/1.1" 200 4719 "-" "Mozilla/5.0 (compatible; MJ12bot/v1.4.8; http://mj12bot.com/)"
95.91.41.36 - - [01/Jul/2023:04:08:14 +0200] "GET /node/741 HTTP/1.1" 200 8790 "-" "Mozilla/5.0 (compatible; MJ12bot/v1.4.8; http://mj12bot.com/)"
95.91.41.36 - - [01/Jul/2023:04:08:25 +0200] "GET /node/741?q=signupformailinglist HTTP/1.1" 404 4060 "-" "Mozilla/5.0 (compatible; MJ12bot/v1.4.8; http://mj12bot.com/)"
95.91.41.36 - - [01/Jul/2023:04:08:35 +0200] "GET /node/741?q=signupfornewsletter HTTP/1.1" 200 4719 "-" "Mozilla/5.0 (compatible; MJ12bot/v1.4.8; http://mj12bot.com/)"
66.249.74.101 - - [01/Jul/2023:04:08:41 +0200] "GET /node/879 HTTP/1.1" 200 6818 "-" "Mozilla/5.0 (Linux; Android 6.0.1; Nexus 5X Build/MMB29P) AppleWebKit/537.36 (KHTML, like Gecko) Chrome/114.0.5735.179 Mobile Safari/537.36 (compatible; Googlebot/2.1; +http://www.google.com/bot.html)"
95.91.41.36 - - [01/Jul/2023:04:08:46 +0200] "GET /node/744 HTTP/1.1" 200 7307 "-" "Mozilla/5.0 (compatible; MJ12bot/v1.4.8; http://mj12bot.com/)"
95.91.41.36 - - [01/Jul/2023:04:08:56 +0200] "GET /node/744?q=signupformailinglist HTTP/1.1" 404 4060 "-" "Mozilla/5.0 (compatible; MJ12bot/v1.4.8; http://mj12bot.com/)"
95.91.41.36 - - [01/Jul/2023:04:09:07 +0200] "GET /node/744?q=signupfornewsletter HTTP/1.1" 200 4719 "-" "Mozilla/5.0 (compatible; MJ12bot/v1.4.8; http://mj12bot.com/)"
95.91.41.36 - - [01/Jul/2023:04:09:18 +0200] "GET /node/746 HTTP/1.1" 200 21159 "-" "Mozilla/5.0 (compatible; MJ12bot/v1.4.8; http://mj12bot.com/)"
95.91.41.36 - - [01/Jul/2023:04:09:29 +0200] "GET /node/746?q=signupformailinglist HTTP/1.1" 404 4060 "-" "Mozilla/5.0 (compatible; MJ12bot/v1.4.8; http://mj12bot.com/)"
95.91.41.36 - - [01/Jul/2023:04:09:40 +0200] "GET /node/746?q=signupfornewsletter HTTP/1.1" 200 4719 "-" "Mozilla/5.0 (compatible; MJ12bot/v1.4.8; http://mj12bot.com/)"
95.91.41.36 - - [01/Jul/2023:04:09:50 +0200] "GET /node/747?q=signupfornewsletter HTTP/1.1" 200 4719 "-" "Mozilla/5.0 (compatible; MJ12bot/v1.4.8; http://mj12bot.com/)"
95.91.41.36 - - [01/Jul/2023:04:10:01 +0200] "GET /node/749?q=signupfornewsletter HTTP/1.1" 200 4719 "-" "Mozilla/5.0 (compatible; MJ12bot/v1.4.8; http://mj12bot.com/)"
95.91.41.36 - - [01/Jul/2023:04:10:12 +0200] "GET /node/754 HTTP/1.1" 200 7537 "-" "Mozilla/5.0 (compatible; MJ12bot/v1.4.8; http://mj12bot.com/)"
95.91.41.36 - - [01/Jul/2023:04:10:23 +0200] "GET /node/754?q=signupformailinglist HTTP/1.1" 404 4060 "-" "Mozilla/5.0 (compatible; MJ12bot/v1.4.8; http://mj12bot.com/)"
95.91.41.36 - - [01/Jul/2023:04:10:33 +0200] "GET /node/754?q=signupfornewsletter HTTP/1.1" 200 4719 "-" "Mozilla/5.0 (compatible; MJ12bot/v1.4.8; http://mj12bot.com/)"
95.91.41.36 - - [01/Jul/2023:04:10:44 +0200] "GET /node/755 HTTP/1.1" 200 7914 "-" "Mozilla/5.0 (compatible; MJ12bot/v1.4.8; http://mj12bot.com/)"
168.90.199.211 - - [01/Jul/2023:04:10:46 +0200] "GET /node/489 HTTP/1.1" 200 6403 "http://www.treehugger.hu/" "Mozilla/5.0 (X11; Linux i686; rv:102.0) Gecko/20100101 Firefox/102.0"
168.90.199.211 - - [01/Jul/2023:04:10:50 +0200] "GET /?q=node/add HTTP/1.1" 200 4284 "http://www.treehugger.hu/" "Mozilla/5.0 (X11; Linux i686; rv:102.0) Gecko/20100101 Firefox/102.0"
168.90.199.211 - - [01/Jul/2023:04:10:54 +0200] "GET /positiveblog HTTP/1.1" 200 15052 "http://www.treehugger.hu/" "Mozilla/5.0 (X11; Linux i686; rv:102.0) Gecko/20100101 Firefox/102.0"
95.91.41.36 - - [01/Jul/2023:04:10:55 +0200] "GET /node/755?q=signupformailinglist HTTP/1.1" 404 4060 "-" "Mozilla/5.0 (compatible; MJ12bot/v1.4.8; http://mj12bot.com/)"
168.90.199.211 - - [01/Jul/2023:04:10:55 +0200] "GET /?q=user HTTP/1.1" 200 5465 "http://www.treehugger.hu/" "Mozilla/5.0 (X11; Linux i686; rv:102.0) Gecko/20100101 Firefox/102.0"
54.36.149.51 - - [01/Jul/2023:04:10:57 +0200] "GET /node/325?q=signupfornewsletter HTTP/1.1" 200 4719 "-" "Mozilla/5.0 (compatible; AhrefsBot/7.0; +http://ahrefs.com/robot/)"
95.91.41.36 - - [01/Jul/2023:04:11:05 +0200] "GET /node/755?q=signupfornewsletter HTTP/1.1" 200 4719 "-" "Mozilla/5.0 (compatible; MJ12bot/v1.4.8; http://mj12bot.com/)"
95.91.41.36 - - [01/Jul/2023:04:11:16 +0200] "GET /node/756 HTTP/1.1" 200 9051 "-" "Mozilla/5.0 (compatible; MJ12bot/v1.4.8; http://mj12bot.com/)"
95.91.41.36 - - [01/Jul/2023:04:11:27 +0200] "GET /node/756?q=signupformailinglist HTTP/1.1" 404 4060 "-" "Mozilla/5.0 (compatible; MJ12bot/v1.4.8; http://mj12bot.com/)"
52.167.144.48 - - [01/Jul/2023:04:11:30 +0200] "GET /eventscalendar/2022-06-21 HTTP/1.1" 200 5790 "-" "Mozilla/5.0 AppleWebKit/537.36 (KHTML, like Gecko; compatible; bingbot/2.0; +http://www.bing.com/bingbot.htm) Chrome/103.0.5060.134 Safari/537.36"
95.91.41.36 - - [01/Jul/2023:04:11:37 +0200] "GET /node/756?q=signupfornewsletter HTTP/1.1" 200 4719 "-" "Mozilla/5.0 (compatible; MJ12bot/v1.4.8; http://mj12bot.com/)"
95.91.41.36 - - [01/Jul/2023:04:11:48 +0200] "GET /node/760 HTTP/1.1" 200 9639 "-" "Mozilla/5.0 (compatible; MJ12bot/v1.4.8; http://mj12bot.com/)"
95.91.41.36 - - [01/Jul/2023:04:11:59 +0200] "GET /node/760?q=signupformailinglist HTTP/1.1" 404 4060 "-" "Mozilla/5.0 (compatible; MJ12bot/v1.4.8; http://mj12bot.com/)"
95.91.41.36 - - [01/Jul/2023:04:12:09 +0200] "GET /node/761 HTTP/1.1" 200 10224 "-" "Mozilla/5.0 (compatible; MJ12bot/v1.4.8; http://mj12bot.com/)"
95.91.41.36 - - [01/Jul/2023:04:12:20 +0200] "GET /node/761?q=signupformailinglist HTTP/1.1" 404 4060 "-" "Mozilla/5.0 (compatible; MJ12bot/v1.4.8; http://mj12bot.com/)"
95.91.41.36 - - [01/Jul/2023:04:12:31 +0200] "GET /node/766 HTTP/1.1" 200 7419 "-" "Mozilla/5.0 (compatible; MJ12bot/v1.4.8; http://mj12bot.com/)"
95.91.41.36 - - [01/Jul/2023:04:12:41 +0200] "GET /node/766?q=signupformailinglist HTTP/1.1" 404 4060 "-" "Mozilla/5.0 (compatible; MJ12bot/v1.4.8; http://mj12bot.com/)"
95.91.41.36 - - [01/Jul/2023:04:12:55 +0200] "GET /node/767 HTTP/1.1" 200 12404 "-" "Mozilla/5.0 (compatible; MJ12bot/v1.4.8; http://mj12bot.com/)"
95.91.41.36 - - [01/Jul/2023:04:13:06 +0200] "GET /node/767?q=signupformailinglist HTTP/1.1" 404 4060 "-" "Mozilla/5.0 (compatible; MJ12bot/v1.4.8; http://mj12bot.com/)"
95.91.41.36 - - [01/Jul/2023:04:13:16 +0200] "GET /node/768 HTTP/1.1" 200 10103 "-" "Mozilla/5.0 (compatible; MJ12bot/v1.4.8; http://mj12bot.com/)"
95.91.41.36 - - [01/Jul/2023:04:13:27 +0200] "GET /node/7687 HTTP/1.1" 200 13437 "-" "Mozilla/5.0 (compatible; MJ12bot/v1.4.8; http://mj12bot.com/)"
95.91.41.36 - - [01/Jul/2023:04:13:37 +0200] "GET /node/7687?q=signupformailinglist HTTP/1.1" 404 4060 "-" "Mozilla/5.0 (compatible; MJ12bot/v1.4.8; http://mj12bot.com/)"
95.91.41.36 - - [01/Jul/2023:04:13:48 +0200] "GET /node/7687?q=signupfornewsletter HTTP/1.1" 200 4719 "-" "Mozilla/5.0 (compatible; MJ12bot/v1.4.8; http://mj12bot.com/)"
95.91.41.36 - - [01/Jul/2023:04:14:02 +0200] "GET /node/768?q=signupfornewsletter HTTP/1.1" 200 4719 "-" "Mozilla/5.0 (compatible; MJ12bot/v1.4.8; http://mj12bot.com/)"
95.91.41.36 - - [01/Jul/2023:04:14:12 +0200] "GET /node/769 HTTP/1.1" 200 6876 "-" "Mozilla/5.0 (compatible; MJ12bot/v1.4.8; http://mj12bot.com/)"
95.91.41.36 - - [01/Jul/2023:04:14:23 +0200] "GET /node/769?q=signupformailinglist HTTP/1.1" 404 4060 "-" "Mozilla/5.0 (compatible; MJ12bot/v1.4.8; http://mj12bot.com/)"
195.191.219.133 - - [01/Jul/2023:04:14:27 +0200] "GET /robots.txt HTTP/1.1" 200 1590 "-" "Mozilla/5.0 (compatible; MJ12bot/v1.4.8; http://mj12bot.com/)"
95.91.41.36 - - [01/Jul/2023:04:14:33 +0200] "GET /node/769?q=signupfornewsletter HTTP/1.1" 200 4719 "-" "Mozilla/5.0 (compatible; MJ12bot/v1.4.8; http://mj12bot.com/)"
195.191.219.133 - - [01/Jul/2023:04:14:39 +0200] "GET / HTTP/1.1" 200 17647 "-" "Mozilla/5.0 (compatible; MJ12bot/v1.4.8; http://mj12bot.com/)"
95.91.41.36 - - [01/Jul/2023:04:14:44 +0200] "GET /node/770 HTTP/1.1" 200 7355 "-" "Mozilla/5.0 (compatible; MJ12bot/v1.4.8; http://mj12bot.com/)"
195.191.219.133 - - [01/Jul/2023:04:14:47 +0200] "GET /robots.txt HTTP/1.1" 200 1590 "-" "Mozilla/5.0 (compatible; MJ12bot/v1.4.8; http://mj12bot.com/)"
95.91.41.36 - - [01/Jul/2023:04:14:55 +0200] "GET /node/770?q=signupformailinglist HTTP/1.1" 404 4060 "-" "Mozilla/5.0 (compatible; MJ12bot/v1.4.8; http://mj12bot.com/)"
195.191.219.133 - - [01/Jul/2023:04:14:58 +0200] "GET / HTTP/1.1" 200 4123 "-" "Mozilla/5.0 (compatible; MJ12bot/v1.4.8; http://mj12bot.com/)"
95.91.41.36 - - [01/Jul/2023:04:15:06 +0200] "GET /node/770?q=signupfornewsletter HTTP/1.1" 200 4719 "-" "Mozilla/5.0 (compatible; MJ12bot/v1.4.8; http://mj12bot.com/)"
95.91.41.36 - - [01/Jul/2023:04:15:16 +0200] "GET /node/771 HTTP/1.1" 200 9859 "-" "Mozilla/5.0 (compatible; MJ12bot/v1.4.8; http://mj12bot.com/)"
95.91.41.36 - - [01/Jul/2023:04:15:27 +0200] "GET /node/771?q=signupformailinglist HTTP/1.1" 404 4060 "-" "Mozilla/5.0 (compatible; MJ12bot/v1.4.8; http://mj12bot.com/)"
95.91.41.36 - - [01/Jul/2023:04:15:37 +0200] "GET /node/771?q=signupfornewsletter HTTP/1.1" 200 4719 "-" "Mozilla/5.0 (compatible; MJ12bot/v1.4.8; http://mj12bot.com/)"
95.91.41.36 - - [01/Jul/2023:04:15:48 +0200] "GET /node/773 HTTP/1.1" 200 7803 "-" "Mozilla/5.0 (compatible; MJ12bot/v1.4.8; http://mj12bot.com/)"
185.191.171.7 - - [01/Jul/2023:04:15:52 +0200] "GET /robots.txt HTTP/1.1" 200 1590 "-" "Mozilla/5.0 (compatible; SemrushBot/7~bl; +http://www.semrush.com/bot.html)"
185.191.171.38 - - [01/Jul/2023:04:15:53 +0200] "GET /node/309 HTTP/1.1" 200 5950 "-" "Mozilla/5.0 (compatible; SemrushBot/7~bl; +http://www.semrush.com/bot.html)"
95.91.41.36 - - [01/Jul/2023:04:15:59 +0200] "GET /node/773?q=signupformailinglist HTTP/1.1" 404 4060 "-" "Mozilla/5.0 (compatible; MJ12bot/v1.4.8; http://mj12bot.com/)"
52.167.144.48 - - [01/Jul/2023:04:15:59 +0200] "GET /eventscalendar/2020-03-05 HTTP/1.1" 200 5791 "-" "Mozilla/5.0 AppleWebKit/537.36 (KHTML, like Gecko; compatible; bingbot/2.0; +http://www.bing.com/bingbot.htm) Chrome/103.0.5060.134 Safari/537.36"
95.91.41.36 - - [01/Jul/2023:04:16:09 +0200] "GET /node/773?q=signupfornewsletter HTTP/1.1" 200 4719 "-" "Mozilla/5.0 (compatible; MJ12bot/v1.4.8; http://mj12bot.com/)"
40.77.167.169 - - [01/Jul/2023:04:16:20 +0200] "GET /eventscalendar/2021-W06 HTTP/1.1" 200 7730 "-" "Mozilla/5.0 AppleWebKit/537.36 (KHTML, like Gecko; compatible; bingbot/2.0; +http://www.bing.com/bingbot.htm) Chrome/103.0.5060.134 Safari/537.36"
95.91.41.36 - - [01/Jul/2023:04:16:21 +0200] "GET /node/774 HTTP/1.1" 200 9750 "-" "Mozilla/5.0 (compatible; MJ12bot/v1.4.8; http://mj12bot.com/)"
95.91.41.36 - - [01/Jul/2023:04:16:32 +0200] "GET /node/774?q=signupformailinglist HTTP/1.1" 404 4060 "-" "Mozilla/5.0 (compatible; MJ12bot/v1.4.8; http://mj12bot.com/)"
74.125.214.101 - - [01/Jul/2023:04:16:35 +0200] "HEAD /blog/3/feed HTTP/1.1" 200 0 "-" "FeedBurner/1.0 (http://www.FeedBurner.com)"
95.91.41.36 - - [01/Jul/2023:04:16:42 +0200] "GET /node/774?q=signupfornewsletter HTTP/1.1" 200 4719 "-" "Mozilla/5.0 (compatible; MJ12bot/v1.4.8; http://mj12bot.com/)"
64.226.92.102 - - [01/Jul/2023:04:16:52 +0200] "GET /blog/3/feed HTTP/1.1" 200 2701 "-" "Mozilla/5.0 (Windows NT 6.1; WOW64; rv:39.0) Gecko/20100101 Firefox/39.0"
95.91.41.36 - - [01/Jul/2023:04:16:53 +0200] "GET /node/775 HTTP/1.1" 200 9790 "-" "Mozilla/5.0 (compatible; MJ12bot/v1.4.8; http://mj12bot.com/)"
195.56.55.225 - - [01/Jul/2023:04:17:02 +0200] "GET /cron.php HTTP/1.0" 200 0 "-" "Wget/1.10.2"
95.91.41.36 - - [01/Jul/2023:04:17:03 +0200] "GET /node/775?q=signupformailinglist HTTP/1.1" 404 4060 "-" "Mozilla/5.0 (compatible; MJ12bot/v1.4.8; http://mj12bot.com/)"
40.77.167.169 - - [01/Jul/2023:04:17:09 +0200] "GET /eventscalendar/2021-04-09 HTTP/1.1" 200 5789 "-" "Mozilla/5.0 AppleWebKit/537.36 (KHTML, like Gecko; compatible; bingbot/2.0; +http://www.bing.com/bingbot.htm) Chrome/103.0.5060.134 Safari/537.36"
95.91.41.36 - - [01/Jul/2023:04:17:14 +0200] "GET /node/778 HTTP/1.1" 200 6105 "-" "Mozilla/5.0 (compatible; MJ12bot/v1.4.8; http://mj12bot.com/)"
95.91.41.36 - - [01/Jul/2023:04:17:25 +0200] "GET /node/778?q=signupformailinglist HTTP/1.1" 404 4060 "-" "Mozilla/5.0 (compatible; MJ12bot/v1.4.8; http://mj12bot.com/)"
95.91.41.36 - - [01/Jul/2023:04:17:36 +0200] "GET /node/778?q=signupfornewsletter HTTP/1.1" 200 4719 "-" "Mozilla/5.0 (compatible; MJ12bot/v1.4.8; http://mj12bot.com/)"
95.91.41.36 - - [01/Jul/2023:04:17:46 +0200] "GET /node/779 HTTP/1.1" 200 7843 "-" "Mozilla/5.0 (compatible; MJ12bot/v1.4.8; http://mj12bot.com/)"
95.91.41.36 - - [01/Jul/2023:04:17:57 +0200] "GET /node/779?q=signupformailinglist HTTP/1.1" 404 4060 "-" "Mozilla/5.0 (compatible; MJ12bot/v1.4.8; http://mj12bot.com/)"
95.91.41.36 - - [01/Jul/2023:04:18:08 +0200] "GET /node/779?q=signupfornewsletter HTTP/1.1" 200 4719 "-" "Mozilla/5.0 (compatible; MJ12bot/v1.4.8; http://mj12bot.com/)"
213.180.203.204 - - [01/Jul/2023:04:18:12 +0200] "GET /node/504 HTTP/1.1" 200 5942 "-" "Mozilla/5.0 (compatible; YandexBot/3.0; +http://yandex.com/bots)"
95.91.41.36 - - [01/Jul/2023:04:18:18 +0200] "GET /node/780 HTTP/1.1" 200 6727 "-" "Mozilla/5.0 (compatible; MJ12bot/v1.4.8; http://mj12bot.com/)"
95.91.41.36 - - [01/Jul/2023:04:18:29 +0200] "GET /node/780?q=signupformailinglist HTTP/1.1" 404 4060 "-" "Mozilla/5.0 (compatible; MJ12bot/v1.4.8; http://mj12bot.com/)"
95.91.41.36 - - [01/Jul/2023:04:18:39 +0200] "GET /node/780?q=signupfornewsletter HTTP/1.1" 200 4719 "-" "Mozilla/5.0 (compatible; MJ12bot/v1.4.8; http://mj12bot.com/)"
95.91.41.36 - - [01/Jul/2023:04:18:50 +0200] "GET /node/781 HTTP/1.1" 200 6430 "-" "Mozilla/5.0 (compatible; MJ12bot/v1.4.8; http://mj12bot.com/)"
95.91.41.36 - - [01/Jul/2023:04:19:01 +0200] "GET /node/781?q=signupformailinglist HTTP/1.1" 404 4060 "-" "Mozilla/5.0 (compatible; MJ12bot/v1.4.8; http://mj12bot.com/)"
95.91.41.36 - - [01/Jul/2023:04:19:11 +0200] "GET /node/781?q=signupfornewsletter HTTP/1.1" 200 4719 "-" "Mozilla/5.0 (compatible; MJ12bot/v1.4.8; http://mj12bot.com/)"
95.91.41.36 - - [01/Jul/2023:04:19:22 +0200] "GET /node/783 HTTP/1.1" 200 7060 "-" "Mozilla/5.0 (compatible; MJ12bot/v1.4.8; http://mj12bot.com/)"
95.91.41.36 - - [01/Jul/2023:04:19:32 +0200] "GET /node/783?q=signupformailinglist HTTP/1.1" 404 4060 "-" "Mozilla/5.0 (compatible; MJ12bot/v1.4.8; http://mj12bot.com/)"
95.91.41.36 - - [01/Jul/2023:04:19:47 +0200] "GET /node/783?q=signupfornewsletter HTTP/1.1" 200 4719 "-" "Mozilla/5.0 (compatible; MJ12bot/v1.4.8; http://mj12bot.com/)"
95.91.41.36 - - [01/Jul/2023:04:19:59 +0200] "GET /node/784 HTTP/1.1" 200 6636 "-" "Mozilla/5.0 (compatible; MJ12bot/v1.4.8; http://mj12bot.com/)"
95.91.41.36 - - [01/Jul/2023:04:20:09 +0200] "GET /node/784?q=signupformailinglist HTTP/1.1" 404 4060 "-" "Mozilla/5.0 (compatible; MJ12bot/v1.4.8; http://mj12bot.com/)"
66.102.6.33 - - [01/Jul/2023:04:20:12 +0200] "GET /blog/3/feed HTTP/1.1" 200 11638 "-" "FeedBurner/1.0 (http://www.FeedBurner.com)"
49.12.13.109 - - [01/Jul/2023:04:20:12 +0200] "HEAD / HTTP/1.1" 200 0 "-" "Alert_Alligator_webmonitoring_service_1.6.3_(alertalligator.com)"
95.91.41.36 - - [01/Jul/2023:04:20:20 +0200] "GET /node/784?q=signupfornewsletter HTTP/1.1" 200 4719 "-" "Mozilla/5.0 (compatible; MJ12bot/v1.4.8; http://mj12bot.com/)"
95.91.41.36 - - [01/Jul/2023:04:20:30 +0200] "GET /node/787 HTTP/1.1" 200 8012 "-" "Mozilla/5.0 (compatible; MJ12bot/v1.4.8; http://mj12bot.com/)"
95.91.41.36 - - [01/Jul/2023:04:20:41 +0200] "GET /node/787?q=signupformailinglist HTTP/1.1" 404 4060 "-" "Mozilla/5.0 (compatible; MJ12bot/v1.4.8; http://mj12bot.com/)"
95.91.41.36 - - [01/Jul/2023:04:20:52 +0200] "GET /node/787?q=signupfornewsletter HTTP/1.1" 200 4719 "-" "Mozilla/5.0 (compatible; MJ12bot/v1.4.8; http://mj12bot.com/)"
95.91.41.36 - - [01/Jul/2023:04:21:03 +0200] "GET /node/789 HTTP/1.1" 200 6011 "-" "Mozilla/5.0 (compatible; MJ12bot/v1.4.8; http://mj12bot.com/)"
95.91.41.36 - - [01/Jul/2023:04:21:13 +0200] "GET /node/789?q=signupformailinglist HTTP/1.1" 404 4060 "-" "Mozilla/5.0 (compatible; MJ12bot/v1.4.8; http://mj12bot.com/)"
95.91.41.36 - - [01/Jul/2023:04:21:24 +0200] "GET /node/789?q=signupfornewsletter HTTP/1.1" 200 4719 "-" "Mozilla/5.0 (compatible; MJ12bot/v1.4.8; http://mj12bot.com/)"
95.91.41.36 - - [01/Jul/2023:04:21:35 +0200] "GET /node/792 HTTP/1.1" 200 11790 "-" "Mozilla/5.0 (compatible; MJ12bot/v1.4.8; http://mj12bot.com/)"
95.91.41.36 - - [01/Jul/2023:04:21:45 +0200] "GET /node/792?q=signupformailinglist HTTP/1.1" 404 4060 "-" "Mozilla/5.0 (compatible; MJ12bot/v1.4.8; http://mj12bot.com/)"
206.189.52.98 - - [01/Jul/2023:04:21:57 +0200] "GET /rss.xml HTTP/1.1" 200 14405 "-" "Mozilla/5.0 (Windows NT 6.3; WOW64) AppleWebKit/537.36 (KHTML, like Gecko) Chrome/43.0.2357.132 Safari/537.36"
95.91.41.36 - - [01/Jul/2023:04:21:57 +0200] "GET /node/792?q=signupfornewsletter HTTP/1.1" 200 4719 "-" "Mozilla/5.0 (compatible; MJ12bot/v1.4.8; http://mj12bot.com/)"
95.91.41.36 - - [01/Jul/2023:04:22:08 +0200] "GET /node/794 HTTP/1.1" 200 7155 "-" "Mozilla/5.0 (compatible; MJ12bot/v1.4.8; http://mj12bot.com/)"
95.91.41.36 - - [01/Jul/2023:04:22:19 +0200] "GET /node/794?q=signupformailinglist HTTP/1.1" 404 4060 "-" "Mozilla/5.0 (compatible; MJ12bot/v1.4.8; http://mj12bot.com/)"
95.91.41.36 - - [01/Jul/2023:04:22:29 +0200] "GET /node/794?q=signupfornewsletter HTTP/1.1" 200 4719 "-" "Mozilla/5.0 (compatible; MJ12bot/v1.4.8; http://mj12bot.com/)"
95.91.41.36 - - [01/Jul/2023:04:22:40 +0200] "GET /node/797 HTTP/1.1" 200 7437 "-" "Mozilla/5.0 (compatible; MJ12bot/v1.4.8; http://mj12bot.com/)"
95.91.41.36 - - [01/Jul/2023:04:22:50 +0200] "GET /node/797?q=signupformailinglist HTTP/1.1" 404 4060 "-" "Mozilla/5.0 (compatible; MJ12bot/v1.4.8; http://mj12bot.com/)"
95.91.41.36 - - [01/Jul/2023:04:23:01 +0200] "GET /node/797?q=signupfornewsletter HTTP/1.1" 200 4719 "-" "Mozilla/5.0 (compatible; MJ12bot/v1.4.8; http://mj12bot.com/)"
54.36.149.36 - - [01/Jul/2023:04:23:02 +0200] "GET /robots.txt HTTP/1.1" 200 1590 "-" "Mozilla/5.0 (compatible; AhrefsBot/7.0; +http://ahrefs.com/robot/)"
95.91.41.36 - - [01/Jul/2023:04:23:12 +0200] "GET /node/798 HTTP/1.1" 200 34646 "-" "Mozilla/5.0 (compatible; MJ12bot/v1.4.8; http://mj12bot.com/)"
54.36.148.17 - - [01/Jul/2023:04:23:16 +0200] "GET /node/8912?q=signupfornewsletter HTTP/1.1" 200 4719 "-" "Mozilla/5.0 (compatible; AhrefsBot/7.0; +http://ahrefs.com/robot/)"
95.91.41.36 - - [01/Jul/2023:04:23:22 +0200] "GET /node/798?q=signupformailinglist HTTP/1.1" 404 4060 "-" "Mozilla/5.0 (compatible; MJ12bot/v1.4.8; http://mj12bot.com/)"
95.91.41.36 - - [01/Jul/2023:04:23:33 +0200] "GET /node/798?q=signupfornewsletter HTTP/1.1" 200 4719 "-" "Mozilla/5.0 (compatible; MJ12bot/v1.4.8; http://mj12bot.com/)"
95.91.41.36 - - [01/Jul/2023:04:23:44 +0200] "GET /node/801 HTTP/1.1" 200 7343 "-" "Mozilla/5.0 (compatible; MJ12bot/v1.4.8; http://mj12bot.com/)"
95.91.41.36 - - [01/Jul/2023:04:23:54 +0200] "GET /node/801?q=signupformailinglist HTTP/1.1" 404 4060 "-" "Mozilla/5.0 (compatible; MJ12bot/v1.4.8; http://mj12bot.com/)"
95.91.41.36 - - [01/Jul/2023:04:24:05 +0200] "GET /node/801?q=signupfornewsletter HTTP/1.1" 200 4719 "-" "Mozilla/5.0 (compatible; MJ12bot/v1.4.8; http://mj12bot.com/)"
95.91.41.36 - - [01/Jul/2023:04:24:18 +0200] "GET /node/802 HTTP/1.1" 200 21016 "-" "Mozilla/5.0 (compatible; MJ12bot/v1.4.8; http://mj12bot.com/)"
95.91.41.36 - - [01/Jul/2023:04:24:29 +0200] "GET /node/802?q=signupformailinglist HTTP/1.1" 404 4060 "-" "Mozilla/5.0 (compatible; MJ12bot/v1.4.8; http://mj12bot.com/)"
95.91.41.36 - - [01/Jul/2023:04:24:40 +0200] "GET /node/802?q=signupfornewsletter HTTP/1.1" 200 4719 "-" "Mozilla/5.0 (compatible; MJ12bot/v1.4.8; http://mj12bot.com/)"
95.91.41.36 - - [01/Jul/2023:04:24:50 +0200] "GET /node/803 HTTP/1.1" 200 9247 "-" "Mozilla/5.0 (compatible; MJ12bot/v1.4.8; http://mj12bot.com/)"
95.91.41.36 - - [01/Jul/2023:04:25:01 +0200] "GET /node/803?q=signupformailinglist HTTP/1.1" 404 4060 "-" "Mozilla/5.0 (compatible; MJ12bot/v1.4.8; http://mj12bot.com/)"
95.91.41.36 - - [01/Jul/2023:04:25:12 +0200] "GET /node/803?q=signupfornewsletter HTTP/1.1" 200 4719 "-" "Mozilla/5.0 (compatible; MJ12bot/v1.4.8; http://mj12bot.com/)"
95.91.41.36 - - [01/Jul/2023:04:25:32 +0200] "GET /node/804 HTTP/1.1" 200 16618 "-" "Mozilla/5.0 (compatible; MJ12bot/v1.4.8; http://mj12bot.com/)"
95.91.41.36 - - [01/Jul/2023:04:25:42 +0200] "GET /node/804?q=signupformailinglist HTTP/1.1" 404 4060 "-" "Mozilla/5.0 (compatible; MJ12bot/v1.4.8; http://mj12bot.com/)"
95.91.41.36 - - [01/Jul/2023:04:25:53 +0200] "GET /node/804?q=signupfornewsletter HTTP/1.1" 200 4719 "-" "Mozilla/5.0 (compatible; MJ12bot/v1.4.8; http://mj12bot.com/)"
5.255.231.91 - - [01/Jul/2023:04:25:58 +0200] "GET /photos?page=1 HTTP/1.1" 200 7768 "-" "Mozilla/5.0 (compatible; YandexBot/3.0; +http://yandex.com/bots)"
95.91.41.36 - - [01/Jul/2023:04:26:04 +0200] "GET /node/805 HTTP/1.1" 200 6803 "-" "Mozilla/5.0 (compatible; MJ12bot/v1.4.8; http://mj12bot.com/)"
95.91.41.36 - - [01/Jul/2023:04:26:15 +0200] "GET /node/805?q=signupformailinglist HTTP/1.1" 404 4060 "-" "Mozilla/5.0 (compatible; MJ12bot/v1.4.8; http://mj12bot.com/)"
95.91.41.36 - - [01/Jul/2023:04:26:25 +0200] "GET /node/805?q=signupfornewsletter HTTP/1.1" 200 4719 "-" "Mozilla/5.0 (compatible; MJ12bot/v1.4.8; http://mj12bot.com/)"
95.91.41.36 - - [01/Jul/2023:04:26:36 +0200] "GET /node/806 HTTP/1.1" 200 7590 "-" "Mozilla/5.0 (compatible; MJ12bot/v1.4.8; http://mj12bot.com/)"
95.91.41.36 - - [01/Jul/2023:04:26:46 +0200] "GET /node/806?q=signupformailinglist HTTP/1.1" 404 4060 "-" "Mozilla/5.0 (compatible; MJ12bot/v1.4.8; http://mj12bot.com/)"
95.91.41.36 - - [01/Jul/2023:04:26:57 +0200] "GET /node/806?q=signupfornewsletter HTTP/1.1" 200 4719 "-" "Mozilla/5.0 (compatible; MJ12bot/v1.4.8; http://mj12bot.com/)"
95.91.41.36 - - [01/Jul/2023:04:27:08 +0200] "GET /node/807 HTTP/1.1" 200 20997 "-" "Mozilla/5.0 (compatible; MJ12bot/v1.4.8; http://mj12bot.com/)"
95.91.41.36 - - [01/Jul/2023:04:27:19 +0200] "GET /node/807?q=signupformailinglist HTTP/1.1" 404 4060 "-" "Mozilla/5.0 (compatible; MJ12bot/v1.4.8; http://mj12bot.com/)"
95.91.41.36 - - [01/Jul/2023:04:27:29 +0200] "GET /node/808 HTTP/1.1" 200 5703 "-" "Mozilla/5.0 (compatible; MJ12bot/v1.4.8; http://mj12bot.com/)"
95.91.41.36 - - [01/Jul/2023:04:27:48 +0200] "GET /node/808?q=signupformailinglist HTTP/1.1" 404 4060 "-" "Mozilla/5.0 (compatible; MJ12bot/v1.4.8; http://mj12bot.com/)"
95.91.41.36 - - [01/Jul/2023:04:27:58 +0200] "GET /node/808?q=signupfornewsletter HTTP/1.1" 200 4719 "-" "Mozilla/5.0 (compatible; MJ12bot/v1.4.8; http://mj12bot.com/)"
95.91.41.36 - - [01/Jul/2023:04:28:09 +0200] "GET /node/809 HTTP/1.1" 200 6644 "-" "Mozilla/5.0 (compatible; MJ12bot/v1.4.8; http://mj12bot.com/)"
95.91.41.36 - - [01/Jul/2023:04:28:20 +0200] "GET /node/809?q=signupformailinglist HTTP/1.1" 404 4060 "-" "Mozilla/5.0 (compatible; MJ12bot/v1.4.8; http://mj12bot.com/)"
95.91.41.36 - - [01/Jul/2023:04:28:30 +0200] "GET /node/809?q=signupfornewsletter HTTP/1.1" 200 4719 "-" "Mozilla/5.0 (compatible; MJ12bot/v1.4.8; http://mj12bot.com/)"
95.91.41.36 - - [01/Jul/2023:04:28:41 +0200] "GET /node/811 HTTP/1.1" 200 7007 "-" "Mozilla/5.0 (compatible; MJ12bot/v1.4.8; http://mj12bot.com/)"
95.91.41.36 - - [01/Jul/2023:04:28:52 +0200] "GET /node/811?q=signupformailinglist HTTP/1.1" 404 4060 "-" "Mozilla/5.0 (compatible; MJ12bot/v1.4.8; http://mj12bot.com/)"
95.91.41.36 - - [01/Jul/2023:04:29:02 +0200] "GET /node/811?q=signupfornewsletter HTTP/1.1" 200 4719 "-" "Mozilla/5.0 (compatible; MJ12bot/v1.4.8; http://mj12bot.com/)"
95.91.41.36 - - [01/Jul/2023:04:29:13 +0200] "GET /node/813 HTTP/1.1" 200 6144 "-" "Mozilla/5.0 (compatible; MJ12bot/v1.4.8; http://mj12bot.com/)"
95.91.41.36 - - [01/Jul/2023:04:29:24 +0200] "GET /node/813?q=signupformailinglist HTTP/1.1" 404 4060 "-" "Mozilla/5.0 (compatible; MJ12bot/v1.4.8; http://mj12bot.com/)"
95.91.41.36 - - [01/Jul/2023:04:29:34 +0200] "GET /node/813?q=signupfornewsletter HTTP/1.1" 200 4719 "-" "Mozilla/5.0 (compatible; MJ12bot/v1.4.8; http://mj12bot.com/)"
95.91.41.36 - - [01/Jul/2023:04:29:45 +0200] "GET /node/816 HTTP/1.1" 200 6401 "-" "Mozilla/5.0 (compatible; MJ12bot/v1.4.8; http://mj12bot.com/)"
95.91.41.36 - - [01/Jul/2023:04:30:03 +0200] "GET /node/816?q=signupformailinglist HTTP/1.1" 404 4060 "-" "Mozilla/5.0 (compatible; MJ12bot/v1.4.8; http://mj12bot.com/)"
95.91.41.36 - - [01/Jul/2023:04:30:13 +0200] "GET /node/816?q=signupfornewsletter HTTP/1.1" 200 4719 "-" "Mozilla/5.0 (compatible; MJ12bot/v1.4.8; http://mj12bot.com/)"
95.91.41.36 - - [01/Jul/2023:04:30:24 +0200] "GET /node/817 HTTP/1.1" 200 8391 "-" "Mozilla/5.0 (compatible; MJ12bot/v1.4.8; http://mj12bot.com/)"
95.91.41.36 - - [01/Jul/2023:04:30:35 +0200] "GET /node/817?q=signupformailinglist HTTP/1.1" 404 4060 "-" "Mozilla/5.0 (compatible; MJ12bot/v1.4.8; http://mj12bot.com/)"
95.91.41.36 - - [01/Jul/2023:04:30:45 +0200] "GET /node/817?q=signupfornewsletter HTTP/1.1" 200 4719 "-" "Mozilla/5.0 (compatible; MJ12bot/v1.4.8; http://mj12bot.com/)"
95.91.41.36 - - [01/Jul/2023:04:30:56 +0200] "GET /node/819 HTTP/1.1" 200 5703 "-" "Mozilla/5.0 (compatible; MJ12bot/v1.4.8; http://mj12bot.com/)"
95.91.41.36 - - [01/Jul/2023:04:31:07 +0200] "GET /node/819?q=signupformailinglist HTTP/1.1" 404 4060 "-" "Mozilla/5.0 (compatible; MJ12bot/v1.4.8; http://mj12bot.com/)"
66.249.73.97 - - [01/Jul/2023:04:31:11 +0200] "GET /node/879?q=signupfornewsletter HTTP/1.1" 200 4719 "-" "Mozilla/5.0 (Linux; Android 6.0.1; Nexus 5X Build/MMB29P) AppleWebKit/537.36 (KHTML, like Gecko) Chrome/114.0.5735.179 Mobile Safari/537.36 (compatible; Googlebot/2.1; +http://www.google.com/bot.html)"
95.91.41.36 - - [01/Jul/2023:04:31:17 +0200] "GET /node/819?q=signupfornewsletter HTTP/1.1" 200 4719 "-" "Mozilla/5.0 (compatible; MJ12bot/v1.4.8; http://mj12bot.com/)"
95.91.41.36 - - [01/Jul/2023:04:31:28 +0200] "GET /node/820 HTTP/1.1" 200 6534 "-" "Mozilla/5.0 (compatible; MJ12bot/v1.4.8; http://mj12bot.com/)"
95.91.41.36 - - [01/Jul/2023:04:31:39 +0200] "GET /node/820?q=signupformailinglist HTTP/1.1" 404 4060 "-" "Mozilla/5.0 (compatible; MJ12bot/v1.4.8; http://mj12bot.com/)"
95.91.41.36 - - [01/Jul/2023:04:31:49 +0200] "GET /node/820?q=signupfornewsletter HTTP/1.1" 200 4719 "-" "Mozilla/5.0 (compatible; MJ12bot/v1.4.8; http://mj12bot.com/)"
95.91.41.36 - - [01/Jul/2023:04:32:00 +0200] "GET /node/821 HTTP/1.1" 200 6108 "-" "Mozilla/5.0 (compatible; MJ12bot/v1.4.8; http://mj12bot.com/)"
95.91.41.36 - - [01/Jul/2023:04:32:14 +0200] "GET /node/821?q=signupformailinglist HTTP/1.1" 404 4060 "-" "Mozilla/5.0 (compatible; MJ12bot/v1.4.8; http://mj12bot.com/)"
95.91.41.36 - - [01/Jul/2023:04:32:25 +0200] "GET /node/821?q=signupfornewsletter HTTP/1.1" 200 4719 "-" "Mozilla/5.0 (compatible; MJ12bot/v1.4.8; http://mj12bot.com/)"
95.91.41.36 - - [01/Jul/2023:04:32:35 +0200] "GET /node/822 HTTP/1.1" 200 6961 "-" "Mozilla/5.0 (compatible; MJ12bot/v1.4.8; http://mj12bot.com/)"
95.91.41.36 - - [01/Jul/2023:04:32:46 +0200] "GET /node/822?q=signupformailinglist HTTP/1.1" 404 4060 "-" "Mozilla/5.0 (compatible; MJ12bot/v1.4.8; http://mj12bot.com/)"
95.91.41.36 - - [01/Jul/2023:04:32:57 +0200] "GET /node/822?q=signupfornewsletter HTTP/1.1" 200 4719 "-" "Mozilla/5.0 (compatible; MJ12bot/v1.4.8; http://mj12bot.com/)"
54.36.148.232 - - [01/Jul/2023:04:33:05 +0200] "GET / HTTP/1.1" 200 17651 "-" "Mozilla/5.0 (compatible; AhrefsBot/7.0; +http://ahrefs.com/robot/)"
95.91.41.36 - - [01/Jul/2023:04:33:07 +0200] "GET /node/823 HTTP/1.1" 200 5774 "-" "Mozilla/5.0 (compatible; MJ12bot/v1.4.8; http://mj12bot.com/)"
95.91.41.36 - - [01/Jul/2023:04:33:18 +0200] "GET /node/823?q=signupformailinglist HTTP/1.1" 404 4060 "-" "Mozilla/5.0 (compatible; MJ12bot/v1.4.8; http://mj12bot.com/)"
95.91.41.36 - - [01/Jul/2023:04:33:29 +0200] "GET /node/823?q=signupfornewsletter HTTP/1.1" 200 4719 "-" "Mozilla/5.0 (compatible; MJ12bot/v1.4.8; http://mj12bot.com/)"
95.91.41.36 - - [01/Jul/2023:04:33:39 +0200] "GET /node/824 HTTP/1.1" 200 8752 "-" "Mozilla/5.0 (compatible; MJ12bot/v1.4.8; http://mj12bot.com/)"
95.91.41.36 - - [01/Jul/2023:04:33:50 +0200] "GET /node/824?q=signupformailinglist HTTP/1.1" 404 4060 "-" "Mozilla/5.0 (compatible; MJ12bot/v1.4.8; http://mj12bot.com/)"
52.167.144.48 - - [01/Jul/2023:04:33:50 +0200] "GET /eventscalendar/2025-01-31 HTTP/1.1" 200 5792 "-" "Mozilla/5.0 AppleWebKit/537.36 (KHTML, like Gecko; compatible; bingbot/2.0; +http://www.bing.com/bingbot.htm) Chrome/103.0.5060.134 Safari/537.36"
157.55.39.253 - - [01/Jul/2023:04:33:59 +0200] "GET /eventscalendar/2025-03-28 HTTP/1.1" 200 5790 "-" "Mozilla/5.0 AppleWebKit/537.36 (KHTML, like Gecko; compatible; bingbot/2.0; +http://www.bing.com/bingbot.htm) Chrome/103.0.5060.134 Safari/537.36"
95.91.41.36 - - [01/Jul/2023:04:34:01 +0200] "GET /node/825 HTTP/1.1" 200 7340 "-" "Mozilla/5.0 (compatible; MJ12bot/v1.4.8; http://mj12bot.com/)"
95.91.41.36 - - [01/Jul/2023:04:34:11 +0200] "GET /node/825?q=signupformailinglist HTTP/1.1" 404 4060 "-" "Mozilla/5.0 (compatible; MJ12bot/v1.4.8; http://mj12bot.com/)"
95.91.41.36 - - [01/Jul/2023:04:34:22 +0200] "GET /node/825?q=signupfornewsletter HTTP/1.1" 200 4719 "-" "Mozilla/5.0 (compatible; MJ12bot/v1.4.8; http://mj12bot.com/)"
95.91.41.36 - - [01/Jul/2023:04:34:33 +0200] "GET /node/826 HTTP/1.1" 200 5941 "-" "Mozilla/5.0 (compatible; MJ12bot/v1.4.8; http://mj12bot.com/)"
95.91.41.36 - - [01/Jul/2023:04:34:44 +0200] "GET /node/826?q=signupformailinglist HTTP/1.1" 404 4060 "-" "Mozilla/5.0 (compatible; MJ12bot/v1.4.8; http://mj12bot.com/)"
95.91.41.36 - - [01/Jul/2023:04:34:54 +0200] "GET /node/826?q=signupfornewsletter HTTP/1.1" 200 4719 "-" "Mozilla/5.0 (compatible; MJ12bot/v1.4.8; http://mj12bot.com/)"
95.91.41.36 - - [01/Jul/2023:04:35:05 +0200] "GET /node/828 HTTP/1.1" 200 6088 "-" "Mozilla/5.0 (compatible; MJ12bot/v1.4.8; http://mj12bot.com/)"
95.91.41.36 - - [01/Jul/2023:04:35:16 +0200] "GET /node/828?q=signupformailinglist HTTP/1.1" 404 4060 "-" "Mozilla/5.0 (compatible; MJ12bot/v1.4.8; http://mj12bot.com/)"
95.91.41.36 - - [01/Jul/2023:04:35:26 +0200] "GET /node/828?q=signupfornewsletter HTTP/1.1" 200 4719 "-" "Mozilla/5.0 (compatible; MJ12bot/v1.4.8; http://mj12bot.com/)"
95.91.41.36 - - [01/Jul/2023:04:35:43 +0200] "GET /node/830 HTTP/1.1" 200 5787 "-" "Mozilla/5.0 (compatible; MJ12bot/v1.4.8; http://mj12bot.com/)"
95.91.41.36 - - [01/Jul/2023:04:35:54 +0200] "GET /node/830?q=signupformailinglist HTTP/1.1" 404 4060 "-" "Mozilla/5.0 (compatible; MJ12bot/v1.4.8; http://mj12bot.com/)"
95.91.41.36 - - [01/Jul/2023:04:36:05 +0200] "GET /node/830?q=signupfornewsletter HTTP/1.1" 200 4719 "-" "Mozilla/5.0 (compatible; MJ12bot/v1.4.8; http://mj12bot.com/)"
95.91.41.36 - - [01/Jul/2023:04:36:15 +0200] "GET /node/831 HTTP/1.1" 200 5710 "-" "Mozilla/5.0 (compatible; MJ12bot/v1.4.8; http://mj12bot.com/)"
95.91.41.36 - - [01/Jul/2023:04:36:26 +0200] "GET /node/831?q=signupformailinglist HTTP/1.1" 404 4060 "-" "Mozilla/5.0 (compatible; MJ12bot/v1.4.8; http://mj12bot.com/)"
95.91.41.36 - - [01/Jul/2023:04:36:36 +0200] "GET /node/831?q=signupfornewsletter HTTP/1.1" 200 4719 "-" "Mozilla/5.0 (compatible; MJ12bot/v1.4.8; http://mj12bot.com/)"
95.91.41.36 - - [01/Jul/2023:04:36:54 +0200] "GET /node/837 HTTP/1.1" 200 7729 "-" "Mozilla/5.0 (compatible; MJ12bot/v1.4.8; http://mj12bot.com/)"
95.91.41.36 - - [01/Jul/2023:04:37:05 +0200] "GET /node/837?q=signupformailinglist HTTP/1.1" 404 4060 "-" "Mozilla/5.0 (compatible; MJ12bot/v1.4.8; http://mj12bot.com/)"
95.91.41.36 - - [01/Jul/2023:04:37:16 +0200] "GET /node/837?q=signupfornewsletter HTTP/1.1" 200 4719 "-" "Mozilla/5.0 (compatible; MJ12bot/v1.4.8; http://mj12bot.com/)"
95.91.41.36 - - [01/Jul/2023:04:37:28 +0200] "GET /node/843 HTTP/1.1" 200 7980 "-" "Mozilla/5.0 (compatible; MJ12bot/v1.4.8; http://mj12bot.com/)"
95.91.41.36 - - [01/Jul/2023:04:37:39 +0200] "GET /node/843?q=signupformailinglist HTTP/1.1" 404 4060 "-" "Mozilla/5.0 (compatible; MJ12bot/v1.4.8; http://mj12bot.com/)"
95.91.41.36 - - [01/Jul/2023:04:37:49 +0200] "GET /node/843?q=signupfornewsletter HTTP/1.1" 200 4719 "-" "Mozilla/5.0 (compatible; MJ12bot/v1.4.8; http://mj12bot.com/)"
95.91.41.36 - - [01/Jul/2023:04:38:01 +0200] "GET /node/850 HTTP/1.1" 200 6936 "-" "Mozilla/5.0 (compatible; MJ12bot/v1.4.8; http://mj12bot.com/)"
95.91.41.36 - - [01/Jul/2023:04:38:11 +0200] "GET /node/850?q=signupformailinglist HTTP/1.1" 404 4060 "-" "Mozilla/5.0 (compatible; MJ12bot/v1.4.8; http://mj12bot.com/)"
95.91.41.36 - - [01/Jul/2023:04:38:22 +0200] "GET /node/852 HTTP/1.1" 200 5813 "-" "Mozilla/5.0 (compatible; MJ12bot/v1.4.8; http://mj12bot.com/)"
95.91.41.36 - - [01/Jul/2023:04:38:32 +0200] "GET /node/852?q=signupformailinglist HTTP/1.1" 404 4060 "-" "Mozilla/5.0 (compatible; MJ12bot/v1.4.8; http://mj12bot.com/)"
95.91.41.36 - - [01/Jul/2023:04:38:43 +0200] "GET /node/852?q=signupfornewsletter HTTP/1.1" 200 4719 "-" "Mozilla/5.0 (compatible; MJ12bot/v1.4.8; http://mj12bot.com/)"
95.91.41.36 - - [01/Jul/2023:04:38:54 +0200] "GET /node/853 HTTP/1.1" 200 10233 "-" "Mozilla/5.0 (compatible; MJ12bot/v1.4.8; http://mj12bot.com/)"
95.91.41.36 - - [01/Jul/2023:04:39:07 +0200] "GET /node/853?q=signupformailinglist HTTP/1.1" 404 4060 "-" "Mozilla/5.0 (compatible; MJ12bot/v1.4.8; http://mj12bot.com/)"
106.11.73.196 - - [01/Jul/2023:04:39:11 +0200] "GET /sites/default/files/agancsos.JPG HTTP/1.1" 200 49565 "-" "python-requests/2.24.0"
66.102.6.33 - - [01/Jul/2023:04:39:15 +0200] "GET /blog/3/feed HTTP/1.1" 200 2701 "-" "FeedBurner/1.0 (http://www.FeedBurner.com)"
95.91.41.36 - - [01/Jul/2023:04:39:18 +0200] "GET /node/853?q=signupfornewsletter HTTP/1.1" 200 4719 "-" "Mozilla/5.0 (compatible; MJ12bot/v1.4.8; http://mj12bot.com/)"
95.91.41.36 - - [01/Jul/2023:04:39:29 +0200] "GET /node/857 HTTP/1.1" 200 6641 "-" "Mozilla/5.0 (compatible; MJ12bot/v1.4.8; http://mj12bot.com/)"
95.91.41.36 - - [01/Jul/2023:04:39:39 +0200] "GET /node/857?q=signupformailinglist HTTP/1.1" 404 4060 "-" "Mozilla/5.0 (compatible; MJ12bot/v1.4.8; http://mj12bot.com/)"
95.91.41.36 - - [01/Jul/2023:04:39:50 +0200] "GET /node/857?q=signupfornewsletter HTTP/1.1" 200 4719 "-" "Mozilla/5.0 (compatible; MJ12bot/v1.4.8; http://mj12bot.com/)"
95.91.41.36 - - [01/Jul/2023:04:40:01 +0200] "GET /node/858 HTTP/1.1" 200 8855 "-" "Mozilla/5.0 (compatible; MJ12bot/v1.4.8; http://mj12bot.com/)"
95.91.41.36 - - [01/Jul/2023:04:40:12 +0200] "GET /node/858?q=signupformailinglist HTTP/1.1" 404 4060 "-" "Mozilla/5.0 (compatible; MJ12bot/v1.4.8; http://mj12bot.com/)"
95.91.41.36 - - [01/Jul/2023:04:40:22 +0200] "GET /node/858?q=signupfornewsletter HTTP/1.1" 200 4719 "-" "Mozilla/5.0 (compatible; MJ12bot/v1.4.8; http://mj12bot.com/)"
95.91.41.36 - - [01/Jul/2023:04:40:33 +0200] "GET /node/859 HTTP/1.1" 200 6558 "-" "Mozilla/5.0 (compatible; MJ12bot/v1.4.8; http://mj12bot.com/)"
95.91.41.36 - - [01/Jul/2023:04:40:43 +0200] "GET /node/859?q=signupformailinglist HTTP/1.1" 404 4060 "-" "Mozilla/5.0 (compatible; MJ12bot/v1.4.8; http://mj12bot.com/)"
95.91.41.36 - - [01/Jul/2023:04:40:54 +0200] "GET /node/859?q=signupfornewsletter HTTP/1.1" 200 4719 "-" "Mozilla/5.0 (compatible; MJ12bot/v1.4.8; http://mj12bot.com/)"
157.55.39.253 - - [01/Jul/2023:04:41:02 +0200] "GET /eventscalendar/2022-11-30 HTTP/1.1" 200 5796 "-" "Mozilla/5.0 AppleWebKit/537.36 (KHTML, like Gecko; compatible; bingbot/2.0; +http://www.bing.com/bingbot.htm) Chrome/103.0.5060.134 Safari/537.36"
95.91.41.36 - - [01/Jul/2023:04:41:05 +0200] "GET /node/862 HTTP/1.1" 200 6893 "-" "Mozilla/5.0 (compatible; MJ12bot/v1.4.8; http://mj12bot.com/)"
95.91.41.36 - - [01/Jul/2023:04:41:15 +0200] "GET /node/862?q=signupformailinglist HTTP/1.1" 404 4060 "-" "Mozilla/5.0 (compatible; MJ12bot/v1.4.8; http://mj12bot.com/)"
95.91.41.36 - - [01/Jul/2023:04:41:26 +0200] "GET /node/862?q=signupfornewsletter HTTP/1.1" 200 4719 "-" "Mozilla/5.0 (compatible; MJ12bot/v1.4.8; http://mj12bot.com/)"
95.91.41.36 - - [01/Jul/2023:04:41:36 +0200] "GET /node/863 HTTP/1.1" 200 8472 "-" "Mozilla/5.0 (compatible; MJ12bot/v1.4.8; http://mj12bot.com/)"
54.36.148.147 - - [01/Jul/2023:04:41:40 +0200] "GET /eventscalendar/2023-06-30 HTTP/1.1" 200 5789 "-" "Mozilla/5.0 (compatible; AhrefsBot/7.0; +http://ahrefs.com/robot/)"
95.91.41.36 - - [01/Jul/2023:04:41:47 +0200] "GET /node/863?q=signupformailinglist HTTP/1.1" 404 4060 "-" "Mozilla/5.0 (compatible; MJ12bot/v1.4.8; http://mj12bot.com/)"
95.91.41.36 - - [01/Jul/2023:04:41:58 +0200] "GET /node/863?q=signupfornewsletter HTTP/1.1" 200 4719 "-" "Mozilla/5.0 (compatible; MJ12bot/v1.4.8; http://mj12bot.com/)"
95.91.41.36 - - [01/Jul/2023:04:42:08 +0200] "GET /node/868 HTTP/1.1" 200 7399 "-" "Mozilla/5.0 (compatible; MJ12bot/v1.4.8; http://mj12bot.com/)"
95.91.41.36 - - [01/Jul/2023:04:42:19 +0200] "GET /node/868?q=signupformailinglist HTTP/1.1" 404 4060 "-" "Mozilla/5.0 (compatible; MJ12bot/v1.4.8; http://mj12bot.com/)"
95.91.41.36 - - [01/Jul/2023:04:42:30 +0200] "GET /node/869 HTTP/1.1" 200 7860 "-" "Mozilla/5.0 (compatible; MJ12bot/v1.4.8; http://mj12bot.com/)"
95.91.41.36 - - [01/Jul/2023:04:42:40 +0200] "GET /node/869?q=signupformailinglist HTTP/1.1" 404 4060 "-" "Mozilla/5.0 (compatible; MJ12bot/v1.4.8; http://mj12bot.com/)"
