217.182.175.146 - - [02/Jul/2023:04:13:20 +0200] "GET /eventscalendar/2020-02-13?q=signupformailinglist HTTP/1.1" 404 4060 "-" "Mozilla/5.0 (compatible; MJ12bot/v1.4.8; http://mj12bot.com/)"
217.182.175.146 - - [02/Jul/2023:04:13:36 +0200] "GET /eventscalendar/2020-02-14 HTTP/1.1" 200 5793 "-" "Mozilla/5.0 (compatible; MJ12bot/v1.4.8; http://mj12bot.com/)"
217.182.175.146 - - [02/Jul/2023:04:13:50 +0200] "GET /eventscalendar/2020-02-14?q=signupformailinglist HTTP/1.1" 404 4060 "-" "Mozilla/5.0 (compatible; MJ12bot/v1.4.8; http://mj12bot.com/)"
217.182.175.146 - - [02/Jul/2023:04:14:06 +0200] "GET /eventscalendar/2020-02-15 HTTP/1.1" 200 5795 "-" "Mozilla/5.0 (compatible; MJ12bot/v1.4.8; http://mj12bot.com/)"
66.102.6.32 - - [02/Jul/2023:04:14:13 +0200] "HEAD /blog/3/feed HTTP/1.1" 200 0 "-" "FeedBurner/1.0 (http://www.FeedBurner.com)"
54.36.148.116 - - [02/Jul/2023:04:14:16 +0200] "GET /node/998?q=signupfornewsletter HTTP/1.1" 200 4719 "-" "Mozilla/5.0 (compatible; AhrefsBot/7.0; +http://ahrefs.com/robot/)"
217.182.175.146 - - [02/Jul/2023:04:14:22 +0200] "GET /eventscalendar/2020-02-15?q=signupformailinglist HTTP/1.1" 404 4060 "-" "Mozilla/5.0 (compatible; MJ12bot/v1.4.8; http://mj12bot.com/)"
217.182.175.146 - - [02/Jul/2023:04:14:35 +0200] "GET /eventscalendar/2020?q=signupfornewsletter HTTP/1.1" 200 4719 "-" "Mozilla/5.0 (compatible; MJ12bot/v1.4.8; http://mj12bot.com/)"
217.182.175.146 - - [02/Jul/2023:04:14:56 +0200] "GET /node/621 HTTP/1.1" 200 7863 "-" "Mozilla/5.0 (compatible; MJ12bot/v1.4.8; http://mj12bot.com/)"
217.182.175.146 - - [02/Jul/2023:04:15:19 +0200] "GET /node/621?q=signupformailinglist HTTP/1.1" 404 4060 "-" "Mozilla/5.0 (compatible; MJ12bot/v1.4.8; http://mj12bot.com/)"
217.182.175.146 - - [02/Jul/2023:04:15:42 +0200] "GET /node/621?q=signupfornewsletter HTTP/1.1" 200 4719 "-" "Mozilla/5.0 (compatible; MJ12bot/v1.4.8; http://mj12bot.com/)"
217.182.175.146 - - [02/Jul/2023:04:15:56 +0200] "GET /node/622 HTTP/1.1" 200 6966 "-" "Mozilla/5.0 (compatible; MJ12bot/v1.4.8; http://mj12bot.com/)"
217.182.175.146 - - [02/Jul/2023:04:16:14 +0200] "GET /node/622?q=signupformailinglist HTTP/1.1" 404 4060 "-" "Mozilla/5.0 (compatible; MJ12bot/v1.4.8; http://mj12bot.com/)"
157.55.39.253 - - [02/Jul/2023:04:16:28 +0200] "GET /eventscalendar/2020-01-10 HTTP/1.1" 200 5792 "-" "Mozilla/5.0 AppleWebKit/537.36 (KHTML, like Gecko; compatible; bingbot/2.0; +http://www.bing.com/bingbot.htm) Chrome/103.0.5060.134 Safari/537.36"
217.182.175.146 - - [02/Jul/2023:04:16:31 +0200] "GET /node/624 HTTP/1.1" 200 7136 "-" "Mozilla/5.0 (compatible; MJ12bot/v1.4.8; http://mj12bot.com/)"
54.36.149.78 - - [02/Jul/2023:04:16:33 +0200] "GET /node/798 HTTP/1.1" 200 34646 "-" "Mozilla/5.0 (compatible; AhrefsBot/7.0; +http://ahrefs.com/robot/)"
217.182.175.146 - - [02/Jul/2023:04:16:44 +0200] "GET /node/624?q=signupformailinglist HTTP/1.1" 404 4060 "-" "Mozilla/5.0 (compatible; MJ12bot/v1.4.8; http://mj12bot.com/)"
195.56.55.225 - - [02/Jul/2023:04:17:02 +0200] "GET /cron.php HTTP/1.0" 200 0 "-" "Wget/1.10.2"
217.182.175.146 - - [02/Jul/2023:04:17:02 +0200] "GET /node/625 HTTP/1.1" 200 7467 "-" "Mozilla/5.0 (compatible; MJ12bot/v1.4.8; http://mj12bot.com/)"
217.182.175.146 - - [02/Jul/2023:04:17:18 +0200] "GET /node/625?q=signupformailinglist HTTP/1.1" 404 4060 "-" "Mozilla/5.0 (compatible; MJ12bot/v1.4.8; http://mj12bot.com/)"
217.182.175.146 - - [02/Jul/2023:04:17:30 +0200] "GET /node/625?q=signupfornewsletter HTTP/1.1" 200 4719 "-" "Mozilla/5.0 (compatible; MJ12bot/v1.4.8; http://mj12bot.com/)"
217.182.175.146 - - [02/Jul/2023:04:17:47 +0200] "GET /node/627 HTTP/1.1" 200 11473 "-" "Mozilla/5.0 (compatible; MJ12bot/v1.4.8; http://mj12bot.com/)"
217.182.175.146 - - [02/Jul/2023:04:18:02 +0200] "GET /node/627?q=signupformailinglist HTTP/1.1" 404 4060 "-" "Mozilla/5.0 (compatible; MJ12bot/v1.4.8; http://mj12bot.com/)"
217.182.175.146 - - [02/Jul/2023:04:18:16 +0200] "GET /node/627?q=signupfornewsletter HTTP/1.1" 200 4719 "-" "Mozilla/5.0 (compatible; MJ12bot/v1.4.8; http://mj12bot.com/)"
217.182.175.146 - - [02/Jul/2023:04:18:31 +0200] "GET /node/628 HTTP/1.1" 200 5985 "-" "Mozilla/5.0 (compatible; MJ12bot/v1.4.8; http://mj12bot.com/)"
54.36.148.148 - - [02/Jul/2023:04:18:42 +0200] "GET /node/1088?q=signupfornewsletter HTTP/1.1" 200 4719 "-" "Mozilla/5.0 (compatible; AhrefsBot/7.0; +http://ahrefs.com/robot/)"
217.182.175.146 - - [02/Jul/2023:04:18:47 +0200] "GET /node/628?q=signupformailinglist HTTP/1.1" 404 4060 "-" "Mozilla/5.0 (compatible; MJ12bot/v1.4.8; http://mj12bot.com/)"
213.180.203.246 - - [02/Jul/2023:04:19:00 +0200] "GET /eventscalendar/2022-05-31 HTTP/1.1" 200 5789 "-" "Mozilla/5.0 (compatible; YandexBot/3.0; +http://yandex.com/bots)"
217.182.175.146 - - [02/Jul/2023:04:19:00 +0200] "GET /node/629 HTTP/1.1" 200 7114 "-" "Mozilla/5.0 (compatible; MJ12bot/v1.4.8; http://mj12bot.com/)"
217.182.175.146 - - [02/Jul/2023:04:19:13 +0200] "GET /node/629?q=signupformailinglist HTTP/1.1" 404 4060 "-" "Mozilla/5.0 (compatible; MJ12bot/v1.4.8; http://mj12bot.com/)"
217.182.175.146 - - [02/Jul/2023:04:19:27 +0200] "GET /node/629?q=signupfornewsletter HTTP/1.1" 200 4719 "-" "Mozilla/5.0 (compatible; MJ12bot/v1.4.8; http://mj12bot.com/)"
217.182.175.146 - - [02/Jul/2023:04:19:42 +0200] "GET /node/630 HTTP/1.1" 200 7332 "-" "Mozilla/5.0 (compatible; MJ12bot/v1.4.8; http://mj12bot.com/)"
66.249.92.6 - - [02/Jul/2023:04:19:57 +0200] "GET /rss.xml HTTP/1.1" 200 14405 "-" "FeedFetcher-Google; (+http://www.google.com/feedfetcher.html)"
217.182.175.146 - - [02/Jul/2023:04:19:58 +0200] "GET /node/630?q=signupformailinglist HTTP/1.1" 404 4060 "-" "Mozilla/5.0 (compatible; MJ12bot/v1.4.8; http://mj12bot.com/)"
66.102.6.33 - - [02/Jul/2023:04:20:04 +0200] "GET /blog/3/feed HTTP/1.1" 200 11638 "-" "FeedBurner/1.0 (http://www.FeedBurner.com)"
217.182.175.146 - - [02/Jul/2023:04:20:11 +0200] "GET /node/630?q=signupfornewsletter HTTP/1.1" 200 4719 "-" "Mozilla/5.0 (compatible; MJ12bot/v1.4.8; http://mj12bot.com/)"
217.182.175.146 - - [02/Jul/2023:04:20:30 +0200] "GET /node/631 HTTP/1.1" 200 7622 "-" "Mozilla/5.0 (compatible; MJ12bot/v1.4.8; http://mj12bot.com/)"
185.25.35.9 - - [02/Jul/2023:04:20:30 +0200] "GET /robots.txt HTTP/1.1" 200 1590 "-" "magpie-crawler/1.1 (robots-txt-checker; +http://www.brandwatch.net)"
185.25.35.11 - - [02/Jul/2023:04:20:30 +0200] "GET /blog/3/feed HTTP/1.1" 200 2701 "-" "magpie-crawler/1.1 (U; Linux amd64; en-GB; +http://www.brandwatch.net)"
217.182.175.146 - - [02/Jul/2023:04:20:42 +0200] "GET /node/631?q=signupformailinglist HTTP/1.1" 404 4060 "-" "Mozilla/5.0 (compatible; MJ12bot/v1.4.8; http://mj12bot.com/)"
54.36.148.97 - - [02/Jul/2023:04:20:50 +0200] "GET /eventscalendar?q=signupformailinglist HTTP/1.1" 404 4060 "-" "Mozilla/5.0 (compatible; AhrefsBot/7.0; +http://ahrefs.com/robot/)"
217.182.175.146 - - [02/Jul/2023:04:20:59 +0200] "GET /node/631?q=signupfornewsletter HTTP/1.1" 200 4719 "-" "Mozilla/5.0 (compatible; MJ12bot/v1.4.8; http://mj12bot.com/)"
217.182.175.146 - - [02/Jul/2023:04:21:14 +0200] "GET /node/638 HTTP/1.1" 200 7175 "-" "Mozilla/5.0 (compatible; MJ12bot/v1.4.8; http://mj12bot.com/)"
217.182.175.146 - - [02/Jul/2023:04:21:29 +0200] "GET /node/638?q=signupformailinglist HTTP/1.1" 404 4060 "-" "Mozilla/5.0 (compatible; MJ12bot/v1.4.8; http://mj12bot.com/)"
217.182.175.146 - - [02/Jul/2023:04:21:43 +0200] "GET /node/638?q=signupfornewsletter HTTP/1.1" 200 4719 "-" "Mozilla/5.0 (compatible; MJ12bot/v1.4.8; http://mj12bot.com/)"
217.182.175.146 - - [02/Jul/2023:04:21:57 +0200] "GET /node/640 HTTP/1.1" 200 7269 "-" "Mozilla/5.0 (compatible; MJ12bot/v1.4.8; http://mj12bot.com/)"
217.182.175.146 - - [02/Jul/2023:04:22:12 +0200] "GET /node/640?q=signupformailinglist HTTP/1.1" 404 4060 "-" "Mozilla/5.0 (compatible; MJ12bot/v1.4.8; http://mj12bot.com/)"
217.182.175.146 - - [02/Jul/2023:04:22:26 +0200] "GET /node/640?q=signupfornewsletter HTTP/1.1" 200 4719 "-" "Mozilla/5.0 (compatible; MJ12bot/v1.4.8; http://mj12bot.com/)"
158.69.22.93 - - [02/Jul/2023:04:22:28 +0200] "GET /robots.txt HTTP/1.1" 200 1590 "-" "Mozilla/5.0 (compatible; MJ12bot/v1.4.8; http://mj12bot.com/)"
217.182.175.146 - - [02/Jul/2023:04:22:39 +0200] "GET /node/641 HTTP/1.1" 200 8650 "-" "Mozilla/5.0 (compatible; MJ12bot/v1.4.8; http://mj12bot.com/)"
158.69.22.93 - - [02/Jul/2023:04:22:42 +0200] "GET /node/899?q=signupfornewsletter HTTP/1.1" 200 4719 "-" "Mozilla/5.0 (compatible; MJ12bot/v1.4.8; http://mj12bot.com/)"
54.36.148.100 - - [02/Jul/2023:04:22:48 +0200] "GET /eventscalendar/2023-07-01 HTTP/1.1" 200 5790 "-" "Mozilla/5.0 (compatible; AhrefsBot/7.0; +http://ahrefs.com/robot/)"
217.182.175.146 - - [02/Jul/2023:04:22:53 +0200] "GET /node/641?q=signupformailinglist HTTP/1.1" 404 4060 "-" "Mozilla/5.0 (compatible; MJ12bot/v1.4.8; http://mj12bot.com/)"
158.69.22.93 - - [02/Jul/2023:04:23:00 +0200] "GET /node/900 HTTP/1.1" 200 8058 "-" "Mozilla/5.0 (compatible; MJ12bot/v1.4.8; http://mj12bot.com/)"
217.182.175.146 - - [02/Jul/2023:04:23:07 +0200] "GET /node/641?q=signupfornewsletter HTTP/1.1" 200 4719 "-" "Mozilla/5.0 (compatible; MJ12bot/v1.4.8; http://mj12bot.com/)"
158.69.22.93 - - [02/Jul/2023:04:23:12 +0200] "GET /node/900?q=signupformailinglist HTTP/1.1" 404 4060 "-" "Mozilla/5.0 (compatible; MJ12bot/v1.4.8; http://mj12bot.com/)"
217.182.175.146 - - [02/Jul/2023:04:23:20 +0200] "GET /node/645 HTTP/1.1" 200 7601 "-" "Mozilla/5.0 (compatible; MJ12bot/v1.4.8; http://mj12bot.com/)"
158.69.22.93 - - [02/Jul/2023:04:23:26 +0200] "GET /node/900?q=signupfornewsletter HTTP/1.1" 200 4719 "-" "Mozilla/5.0 (compatible; MJ12bot/v1.4.8; http://mj12bot.com/)"
217.182.175.146 - - [02/Jul/2023:04:23:34 +0200] "GET /node/645?q=signupformailinglist HTTP/1.1" 404 4060 "-" "Mozilla/5.0 (compatible; MJ12bot/v1.4.8; http://mj12bot.com/)"
158.69.22.93 - - [02/Jul/2023:04:23:41 +0200] "GET /node/901 HTTP/1.1" 200 5694 "-" "Mozilla/5.0 (compatible; MJ12bot/v1.4.8; http://mj12bot.com/)"
217.182.175.146 - - [02/Jul/2023:04:23:46 +0200] "GET /node/645?q=signupfornewsletter HTTP/1.1" 200 4719 "-" "Mozilla/5.0 (compatible; MJ12bot/v1.4.8; http://mj12bot.com/)"
158.69.22.93 - - [02/Jul/2023:04:23:55 +0200] "GET /node/901?q=signupfornewsletter HTTP/1.1" 200 4719 "-" "Mozilla/5.0 (compatible; MJ12bot/v1.4.8; http://mj12bot.com/)"
217.182.175.146 - - [02/Jul/2023:04:24:01 +0200] "GET /node/647 HTTP/1.1" 200 9307 "-" "Mozilla/5.0 (compatible; MJ12bot/v1.4.8; http://mj12bot.com/)"
158.69.22.93 - - [02/Jul/2023:04:24:11 +0200] "GET /node/903 HTTP/1.1" 200 8271 "-" "Mozilla/5.0 (compatible; MJ12bot/v1.4.8; http://mj12bot.com/)"
217.182.175.146 - - [02/Jul/2023:04:24:14 +0200] "GET /node/647?q=signupformailinglist HTTP/1.1" 404 4060 "-" "Mozilla/5.0 (compatible; MJ12bot/v1.4.8; http://mj12bot.com/)"
158.69.22.93 - - [02/Jul/2023:04:24:23 +0200] "GET /node/903?q=signupformailinglist HTTP/1.1" 404 4060 "-" "Mozilla/5.0 (compatible; MJ12bot/v1.4.8; http://mj12bot.com/)"
217.182.175.146 - - [02/Jul/2023:04:24:30 +0200] "GET /node/647?q=signupfornewsletter HTTP/1.1" 200 4719 "-" "Mozilla/5.0 (compatible; MJ12bot/v1.4.8; http://mj12bot.com/)"
158.69.22.93 - - [02/Jul/2023:04:24:36 +0200] "GET /node/903?q=signupfornewsletter HTTP/1.1" 200 4719 "-" "Mozilla/5.0 (compatible; MJ12bot/v1.4.8; http://mj12bot.com/)"
217.182.175.146 - - [02/Jul/2023:04:24:42 +0200] "GET /node/648 HTTP/1.1" 200 6546 "-" "Mozilla/5.0 (compatible; MJ12bot/v1.4.8; http://mj12bot.com/)"
158.69.22.93 - - [02/Jul/2023:04:24:51 +0200] "GET /node/912 HTTP/1.1" 200 6064 "-" "Mozilla/5.0 (compatible; MJ12bot/v1.4.8; http://mj12bot.com/)"
54.36.149.80 - - [02/Jul/2023:04:24:51 +0200] "GET /node/685 HTTP/1.1" 200 5345 "-" "Mozilla/5.0 (compatible; AhrefsBot/7.0; +http://ahrefs.com/robot/)"
217.182.175.146 - - [02/Jul/2023:04:24:56 +0200] "GET /node/648?q=signupformailinglist HTTP/1.1" 404 4060 "-" "Mozilla/5.0 (compatible; MJ12bot/v1.4.8; http://mj12bot.com/)"
158.69.22.93 - - [02/Jul/2023:04:25:04 +0200] "GET /node/912?q=signupformailinglist HTTP/1.1" 404 4060 "-" "Mozilla/5.0 (compatible; MJ12bot/v1.4.8; http://mj12bot.com/)"
217.182.175.146 - - [02/Jul/2023:04:25:10 +0200] "GET /node/648?q=signupfornewsletter HTTP/1.1" 200 4719 "-" "Mozilla/5.0 (compatible; MJ12bot/v1.4.8; http://mj12bot.com/)"
158.69.22.93 - - [02/Jul/2023:04:25:21 +0200] "GET /node/913 HTTP/1.1" 200 6181 "-" "Mozilla/5.0 (compatible; MJ12bot/v1.4.8; http://mj12bot.com/)"
158.69.22.93 - - [02/Jul/2023:04:25:36 +0200] "GET /node/913?q=signupformailinglist HTTP/1.1" 404 4060 "-" "Mozilla/5.0 (compatible; MJ12bot/v1.4.8; http://mj12bot.com/)"
5.255.231.156 - - [02/Jul/2023:04:25:38 +0200] "GET /eventscalendar/2017-09-25 HTTP/1.1" 404 4174 "-" "Mozilla/5.0 (compatible; YandexBot/3.0; +http://yandex.com/bots)"
158.69.22.93 - - [02/Jul/2023:04:25:51 +0200] "GET /node/913?q=signupfornewsletter HTTP/1.1" 200 4719 "-" "Mozilla/5.0 (compatible; MJ12bot/v1.4.8; http://mj12bot.com/)"
158.69.22.93 - - [02/Jul/2023:04:26:04 +0200] "GET /node/914 HTTP/1.1" 200 5898 "-" "Mozilla/5.0 (compatible; MJ12bot/v1.4.8; http://mj12bot.com/)"
66.102.6.32 - - [02/Jul/2023:04:26:15 +0200] "HEAD /blog/3/feed HTTP/1.1" 200 0 "-" "FeedBurner/1.0 (http://www.FeedBurner.com)"
158.69.22.93 - - [02/Jul/2023:04:26:18 +0200] "GET /node/914?q=signupformailinglist HTTP/1.1" 404 4060 "-" "Mozilla/5.0 (compatible; MJ12bot/v1.4.8; http://mj12bot.com/)"
158.69.22.93 - - [02/Jul/2023:04:26:35 +0200] "GET /node/914?q=signupfornewsletter HTTP/1.1" 200 4719 "-" "Mozilla/5.0 (compatible; MJ12bot/v1.4.8; http://mj12bot.com/)"
158.69.22.93 - - [02/Jul/2023:04:26:50 +0200] "GET /node/915 HTTP/1.1" 200 11799 "-" "Mozilla/5.0 (compatible; MJ12bot/v1.4.8; http://mj12bot.com/)"
54.36.148.105 - - [02/Jul/2023:04:27:05 +0200] "GET /node/19216 HTTP/1.1" 200 13026 "-" "Mozilla/5.0 (compatible; AhrefsBot/7.0; +http://ahrefs.com/robot/)"
158.69.22.93 - - [02/Jul/2023:04:27:06 +0200] "GET /node/915?q=signupformailinglist HTTP/1.1" 404 4060 "-" "Mozilla/5.0 (compatible; MJ12bot/v1.4.8; http://mj12bot.com/)"
158.69.22.93 - - [02/Jul/2023:04:27:22 +0200] "GET /node/915?q=signupfornewsletter HTTP/1.1" 200 4719 "-" "Mozilla/5.0 (compatible; MJ12bot/v1.4.8; http://mj12bot.com/)"
158.69.22.93 - - [02/Jul/2023:04:27:36 +0200] "GET /node/918 HTTP/1.1" 200 7129 "-" "Mozilla/5.0 (compatible; MJ12bot/v1.4.8; http://mj12bot.com/)"
158.69.22.93 - - [02/Jul/2023:04:27:49 +0200] "GET /node/918?q=signupformailinglist HTTP/1.1" 404 4060 "-" "Mozilla/5.0 (compatible; MJ12bot/v1.4.8; http://mj12bot.com/)"
158.69.22.93 - - [02/Jul/2023:04:28:02 +0200] "GET /node/918?q=signupfornewsletter HTTP/1.1" 200 4719 "-" "Mozilla/5.0 (compatible; MJ12bot/v1.4.8; http://mj12bot.com/)"
158.69.22.93 - - [02/Jul/2023:04:28:15 +0200] "GET /node/924 HTTP/1.1" 200 8384 "-" "Mozilla/5.0 (compatible; MJ12bot/v1.4.8; http://mj12bot.com/)"
158.69.22.93 - - [02/Jul/2023:04:28:27 +0200] "GET /node/924?q=signupformailinglist HTTP/1.1" 404 4060 "-" "Mozilla/5.0 (compatible; MJ12bot/v1.4.8; http://mj12bot.com/)"
158.69.22.93 - - [02/Jul/2023:04:28:40 +0200] "GET /node/924?q=signupfornewsletter HTTP/1.1" 200 4719 "-" "Mozilla/5.0 (compatible; MJ12bot/v1.4.8; http://mj12bot.com/)"
158.69.22.93 - - [02/Jul/2023:04:28:55 +0200] "GET /node/926 HTTP/1.1" 200 8129 "-" "Mozilla/5.0 (compatible; MJ12bot/v1.4.8; http://mj12bot.com/)"
158.69.22.93 - - [02/Jul/2023:04:29:09 +0200] "GET /node/926?q=signupformailinglist HTTP/1.1" 404 4060 "-" "Mozilla/5.0 (compatible; MJ12bot/v1.4.8; http://mj12bot.com/)"
66.102.6.34 - - [02/Jul/2023:04:29:09 +0200] "GET /blog/3/feed HTTP/1.1" 200 2701 "-" "FeedBurner/1.0 (http://www.FeedBurner.com)"
54.36.148.204 - - [02/Jul/2023:04:29:19 +0200] "GET /node/208?q=signupfornewsletter HTTP/1.1" 200 4719 "-" "Mozilla/5.0 (compatible; AhrefsBot/7.0; +http://ahrefs.com/robot/)"
158.69.22.93 - - [02/Jul/2023:04:29:21 +0200] "GET /node/927 HTTP/1.1" 200 10164 "-" "Mozilla/5.0 (compatible; MJ12bot/v1.4.8; http://mj12bot.com/)"
54.36.148.160 - - [02/Jul/2023:04:31:27 +0200] "GET /node/206?q=signupfornewsletter HTTP/1.1" 200 4719 "-" "Mozilla/5.0 (compatible; AhrefsBot/7.0; +http://ahrefs.com/robot/)"
46.101.85.246 - - [02/Jul/2023:04:34:10 +0200] "GET /rss.xml HTTP/1.1" 200 2358 "-" "Mozilla/5.0 (Windows NT 6.1; WOW64) AppleWebKit/537.36 (KHTML, like Gecko) Chrome/43.0.2357.132 Safari/537.36"
54.36.148.132 - - [02/Jul/2023:04:38:25 +0200] "GET /eventscalendar/2023-07-04 HTTP/1.1" 200 5789 "-" "Mozilla/5.0 (compatible; AhrefsBot/7.0; +http://ahrefs.com/robot/)"
40.77.167.169 - - [02/Jul/2023:04:40:26 +0200] "GET /eventscalendar/2024-09-27 HTTP/1.1" 200 5794 "-" "Mozilla/5.0 AppleWebKit/537.36 (KHTML, like Gecko; compatible; bingbot/2.0; +http://www.bing.com/bingbot.htm) Chrome/103.0.5060.134 Safari/537.36"
66.102.6.33 - - [02/Jul/2023:04:41:42 +0200] "GET /blog/3/feed HTTP/1.1" 200 2701 "-" "FeedBurner/1.0 (http://www.FeedBurner.com)"
49.12.13.109 - - [02/Jul/2023:04:42:10 +0200] "HEAD / HTTP/1.1" 200 0 "-" "Alert_Alligator_webmonitoring_service_1.6.3_(alertalligator.com)"
34.77.176.45 - - [02/Jul/2023:04:42:54 +0200] "GET / HTTP/1.1" 200 17651 "-" "Mozilla/5.0 (Windows NT 10.0; Win64; x64) AppleWebKit/537.36 (KHTML, like Gecko) Chrome/84.0.4147.105 Safari/537.36"
178.128.42.92 - - [02/Jul/2023:04:45:28 +0200] "GET /blog/3/feed HTTP/1.1" 200 2701 "-" "Mozilla/5.0 (Windows NT 6.3; WOW64) AppleWebKit/537.36 (KHTML, like Gecko) Chrome/43.0.2357.130 Safari/537.36"
158.69.22.93 - - [02/Jul/2023:04:48:37 +0200] "GET /node/927?q=signupformailinglist HTTP/1.1" 404 4060 "-" "Mozilla/5.0 (compatible; MJ12bot/v1.4.8; http://mj12bot.com/)"
158.69.22.93 - - [02/Jul/2023:04:48:49 +0200] "GET /node/927?q=signupfornewsletter HTTP/1.1" 200 4719 "-" "Mozilla/5.0 (compatible; MJ12bot/v1.4.8; http://mj12bot.com/)"
158.69.22.93 - - [02/Jul/2023:04:49:00 +0200] "GET /node/928 HTTP/1.1" 200 6027 "-" "Mozilla/5.0 (compatible; MJ12bot/v1.4.8; http://mj12bot.com/)"
158.69.22.93 - - [02/Jul/2023:04:49:11 +0200] "GET /node/928?q=signupformailinglist HTTP/1.1" 404 4060 "-" "Mozilla/5.0 (compatible; MJ12bot/v1.4.8; http://mj12bot.com/)"
158.69.22.93 - - [02/Jul/2023:04:49:23 +0200] "GET /node/930 HTTP/1.1" 200 5706 "-" "Mozilla/5.0 (compatible; MJ12bot/v1.4.8; http://mj12bot.com/)"
213.180.203.32 - - [02/Jul/2023:04:49:29 +0200] "GET /eventscalendar/2017-03-25 HTTP/1.1" 404 4174 "-" "Mozilla/5.0 (compatible; YandexBot/3.0; +http://yandex.com/bots)"
158.69.22.93 - - [02/Jul/2023:04:49:35 +0200] "GET /node/930?q=signupformailinglist HTTP/1.1" 404 4060 "-" "Mozilla/5.0 (compatible; MJ12bot/v1.4.8; http://mj12bot.com/)"
158.69.22.93 - - [02/Jul/2023:04:49:46 +0200] "GET /node/931 HTTP/1.1" 200 21480 "-" "Mozilla/5.0 (compatible; MJ12bot/v1.4.8; http://mj12bot.com/)"
158.69.22.93 - - [02/Jul/2023:04:49:58 +0200] "GET /node/931?q=signupformailinglist HTTP/1.1" 404 4060 "-" "Mozilla/5.0 (compatible; MJ12bot/v1.4.8; http://mj12bot.com/)"
158.69.22.93 - - [02/Jul/2023:04:50:10 +0200] "GET /node/932 HTTP/1.1" 200 34966 "-" "Mozilla/5.0 (compatible; MJ12bot/v1.4.8; http://mj12bot.com/)"
52.167.144.48 - - [02/Jul/2023:04:50:33 +0200] "GET /eventscalendar/2022-01-18 HTTP/1.1" 200 5793 "-" "Mozilla/5.0 AppleWebKit/537.36 (KHTML, like Gecko; compatible; bingbot/2.0; +http://www.bing.com/bingbot.htm) Chrome/103.0.5060.134 Safari/537.36"
54.36.148.169 - - [02/Jul/2023:04:50:45 +0200] "GET /eventscalendar/2023-07-05 HTTP/1.1" 200 5791 "-" "Mozilla/5.0 (compatible; AhrefsBot/7.0; +http://ahrefs.com/robot/)"
54.36.148.87 - - [02/Jul/2023:04:52:48 +0200] "GET /eventscalendar/2023-07-06 HTTP/1.1" 200 5790 "-" "Mozilla/5.0 (compatible; AhrefsBot/7.0; +http://ahrefs.com/robot/)"
158.69.22.93 - - [02/Jul/2023:04:53:07 +0200] "GET /node/932?q=signupformailinglist HTTP/1.1" 404 4060 "-" "Mozilla/5.0 (compatible; MJ12bot/v1.4.8; http://mj12bot.com/)"
158.69.22.93 - - [02/Jul/2023:04:53:19 +0200] "GET /node/933 HTTP/1.1" 200 10970 "-" "Mozilla/5.0 (compatible; MJ12bot/v1.4.8; http://mj12bot.com/)"
158.69.22.93 - - [02/Jul/2023:04:53:30 +0200] "GET /node/933?q=signupformailinglist HTTP/1.1" 404 4060 "-" "Mozilla/5.0 (compatible; MJ12bot/v1.4.8; http://mj12bot.com/)"
158.69.22.93 - - [02/Jul/2023:04:53:41 +0200] "GET /node/937 HTTP/1.1" 200 6598 "-" "Mozilla/5.0 (compatible; MJ12bot/v1.4.8; http://mj12bot.com/)"
158.69.22.93 - - [02/Jul/2023:04:53:53 +0200] "GET /node/937?q=signupformailinglist HTTP/1.1" 404 4060 "-" "Mozilla/5.0 (compatible; MJ12bot/v1.4.8; http://mj12bot.com/)"
154.16.49.94 - - [02/Jul/2023:04:53:56 +0200] "GET /wp-login.php HTTP/1.1" 404 4060 "-" "Mozilla/5.0 (Windows NT 10.0; Win64; x64) AppleWebKit/537.36 (KHTML, like Gecko) Chrome/91.0.4472.124 Safari/537.36"
158.69.22.93 - - [02/Jul/2023:04:54:05 +0200] "GET /node/939 HTTP/1.1" 200 8376 "-" "Mozilla/5.0 (compatible; MJ12bot/v1.4.8; http://mj12bot.com/)"
158.69.22.93 - - [02/Jul/2023:04:54:17 +0200] "GET /node/939?q=signupformailinglist HTTP/1.1" 404 4060 "-" "Mozilla/5.0 (compatible; MJ12bot/v1.4.8; http://mj12bot.com/)"
158.69.22.93 - - [02/Jul/2023:04:54:28 +0200] "GET /node/940 HTTP/1.1" 200 5661 "-" "Mozilla/5.0 (compatible; MJ12bot/v1.4.8; http://mj12bot.com/)"
158.69.22.93 - - [02/Jul/2023:04:54:39 +0200] "GET /node/940?q=signupformailinglist HTTP/1.1" 404 4060 "-" "Mozilla/5.0 (compatible; MJ12bot/v1.4.8; http://mj12bot.com/)"
158.69.22.93 - - [02/Jul/2023:04:54:50 +0200] "GET /node/943 HTTP/1.1" 200 7854 "-" "Mozilla/5.0 (compatible; MJ12bot/v1.4.8; http://mj12bot.com/)"
54.36.148.195 - - [02/Jul/2023:04:54:53 +0200] "GET /eventscalendar/2023-07-07 HTTP/1.1" 200 5788 "-" "Mozilla/5.0 (compatible; AhrefsBot/7.0; +http://ahrefs.com/robot/)"
158.69.22.93 - - [02/Jul/2023:04:55:02 +0200] "GET /node/943?q=signupformailinglist HTTP/1.1" 404 4060 "-" "Mozilla/5.0 (compatible; MJ12bot/v1.4.8; http://mj12bot.com/)"
158.69.22.93 - - [02/Jul/2023:04:58:05 +0200] "GET /node/945 HTTP/1.1" 200 6379 "-" "Mozilla/5.0 (compatible; MJ12bot/v1.4.8; http://mj12bot.com/)"
158.69.22.93 - - [02/Jul/2023:04:58:16 +0200] "GET /node/945?q=signupformailinglist HTTP/1.1" 404 4060 "-" "Mozilla/5.0 (compatible; MJ12bot/v1.4.8; http://mj12bot.com/)"
158.69.22.93 - - [02/Jul/2023:04:58:27 +0200] "GET /node/948 HTTP/1.1" 200 6592 "-" "Mozilla/5.0 (compatible; MJ12bot/v1.4.8; http://mj12bot.com/)"
158.69.22.93 - - [02/Jul/2023:04:58:39 +0200] "GET /node/9482 HTTP/1.1" 200 8844 "-" "Mozilla/5.0 (compatible; MJ12bot/v1.4.8; http://mj12bot.com/)"
66.249.66.66 - - [02/Jul/2023:04:58:47 +0200] "GET / HTTP/1.1" 200 4123 "-" "Mozilla/5.0 (Linux; Android 6.0.1; Nexus 5X Build/MMB29P) AppleWebKit/537.36 (KHTML, like Gecko) Chrome/114.0.5735.179 Mobile Safari/537.36 (compatible; Googlebot/2.1; +http://www.google.com/bot.html)"
158.69.22.93 - - [02/Jul/2023:04:58:51 +0200] "GET /node/9482?q=signupformailinglist HTTP/1.1" 404 4060 "-" "Mozilla/5.0 (compatible; MJ12bot/v1.4.8; http://mj12bot.com/)"
158.69.22.93 - - [02/Jul/2023:04:59:02 +0200] "GET /node/9482?q=signupfornewsletter HTTP/1.1" 200 4719 "-" "Mozilla/5.0 (compatible; MJ12bot/v1.4.8; http://mj12bot.com/)"
158.69.22.93 - - [02/Jul/2023:04:59:13 +0200] "GET /node/9483 HTTP/1.1" 200 11816 "-" "Mozilla/5.0 (compatible; MJ12bot/v1.4.8; http://mj12bot.com/)"
158.69.22.93 - - [02/Jul/2023:04:59:24 +0200] "GET /node/9483?q=signupformailinglist HTTP/1.1" 404 4060 "-" "Mozilla/5.0 (compatible; MJ12bot/v1.4.8; http://mj12bot.com/)"
158.69.22.93 - - [02/Jul/2023:04:59:36 +0200] "GET /node/948?q=signupfornewsletter HTTP/1.1" 200 4719 "-" "Mozilla/5.0 (compatible; MJ12bot/v1.4.8; http://mj12bot.com/)"
54.36.148.196 - - [02/Jul/2023:04:59:38 +0200] "GET /eventscalendar/2023-07-09 HTTP/1.1" 200 5788 "-" "Mozilla/5.0 (compatible; AhrefsBot/7.0; +http://ahrefs.com/robot/)"
158.69.22.93 - - [02/Jul/2023:04:59:47 +0200] "GET /node/950 HTTP/1.1" 200 6495 "-" "Mozilla/5.0 (compatible; MJ12bot/v1.4.8; http://mj12bot.com/)"
158.69.22.93 - - [02/Jul/2023:05:01:47 +0200] "GET /node/950?q=signupformailinglist HTTP/1.1" 404 4060 "-" "Mozilla/5.0 (compatible; MJ12bot/v1.4.8; http://mj12bot.com/)"
158.69.22.93 - - [02/Jul/2023:05:01:58 +0200] "GET /node/950?q=signupfornewsletter HTTP/1.1" 200 4719 "-" "Mozilla/5.0 (compatible; MJ12bot/v1.4.8; http://mj12bot.com/)"
158.69.22.93 - - [02/Jul/2023:05:02:09 +0200] "GET /node/951 HTTP/1.1" 200 7789 "-" "Mozilla/5.0 (compatible; MJ12bot/v1.4.8; http://mj12bot.com/)"
54.36.149.34 - - [02/Jul/2023:05:02:15 +0200] "GET /eventscalendar/2023-07-10 HTTP/1.1" 200 5789 "-" "Mozilla/5.0 (compatible; AhrefsBot/7.0; +http://ahrefs.com/robot/)"
158.69.22.93 - - [02/Jul/2023:05:02:19 +0200] "GET /node/951?q=signupformailinglist HTTP/1.1" 404 4060 "-" "Mozilla/5.0 (compatible; MJ12bot/v1.4.8; http://mj12bot.com/)"
158.69.22.93 - - [02/Jul/2023:05:02:30 +0200] "GET /node/951?q=signupfornewsletter HTTP/1.1" 200 4719 "-" "Mozilla/5.0 (compatible; MJ12bot/v1.4.8; http://mj12bot.com/)"
158.69.22.93 - - [02/Jul/2023:05:02:41 +0200] "GET /node/952 HTTP/1.1" 200 6689 "-" "Mozilla/5.0 (compatible; MJ12bot/v1.4.8; http://mj12bot.com/)"
66.102.6.33 - - [02/Jul/2023:05:02:50 +0200] "HEAD /blog/3/feed HTTP/1.1" 200 0 "-" "FeedBurner/1.0 (http://www.FeedBurner.com)"
158.69.22.93 - - [02/Jul/2023:05:02:53 +0200] "GET /node/952?q=signupformailinglist HTTP/1.1" 404 4060 "-" "Mozilla/5.0 (compatible; MJ12bot/v1.4.8; http://mj12bot.com/)"
158.69.22.93 - - [02/Jul/2023:05:03:04 +0200] "GET /node/952?q=signupfornewsletter HTTP/1.1" 200 4719 "-" "Mozilla/5.0 (compatible; MJ12bot/v1.4.8; http://mj12bot.com/)"
158.69.22.93 - - [02/Jul/2023:05:03:15 +0200] "GET /node/953 HTTP/1.1" 200 5318 "-" "Mozilla/5.0 (compatible; MJ12bot/v1.4.8; http://mj12bot.com/)"
158.69.22.93 - - [02/Jul/2023:05:03:26 +0200] "GET /node/953?q=signupformailinglist HTTP/1.1" 404 4060 "-" "Mozilla/5.0 (compatible; MJ12bot/v1.4.8; http://mj12bot.com/)"
158.69.22.93 - - [02/Jul/2023:05:03:37 +0200] "GET /node/954 HTTP/1.1" 200 5835 "-" "Mozilla/5.0 (compatible; MJ12bot/v1.4.8; http://mj12bot.com/)"
158.69.22.93 - - [02/Jul/2023:05:03:48 +0200] "GET /node/954?q=signupformailinglist HTTP/1.1" 404 4060 "-" "Mozilla/5.0 (compatible; MJ12bot/v1.4.8; http://mj12bot.com/)"
158.69.22.93 - - [02/Jul/2023:05:03:59 +0200] "GET /node/955 HTTP/1.1" 200 5647 "-" "Mozilla/5.0 (compatible; MJ12bot/v1.4.8; http://mj12bot.com/)"
158.69.22.93 - - [02/Jul/2023:05:04:10 +0200] "GET /node/955?q=signupformailinglist HTTP/1.1" 404 4060 "-" "Mozilla/5.0 (compatible; MJ12bot/v1.4.8; http://mj12bot.com/)"
54.36.149.82 - - [02/Jul/2023:05:04:19 +0200] "GET /eventscalendar/2023-07-11 HTTP/1.1" 200 5790 "-" "Mozilla/5.0 (compatible; AhrefsBot/7.0; +http://ahrefs.com/robot/)"
158.69.22.93 - - [02/Jul/2023:05:04:21 +0200] "GET /node/956 HTTP/1.1" 200 9193 "-" "Mozilla/5.0 (compatible; MJ12bot/v1.4.8; http://mj12bot.com/)"
158.69.22.93 - - [02/Jul/2023:05:04:32 +0200] "GET /node/956?q=signupformailinglist HTTP/1.1" 404 4060 "-" "Mozilla/5.0 (compatible; MJ12bot/v1.4.8; http://mj12bot.com/)"
40.77.167.169 - - [02/Jul/2023:05:06:38 +0200] "GET /eventscalendar/2022-09-07 HTTP/1.1" 200 5796 "-" "Mozilla/5.0 AppleWebKit/537.36 (KHTML, like Gecko; compatible; bingbot/2.0; +http://www.bing.com/bingbot.htm) Chrome/103.0.5060.134 Safari/537.36"
158.69.22.93 - - [02/Jul/2023:05:06:42 +0200] "GET /node/956?q=signupfornewsletter HTTP/1.1" 200 4719 "-" "Mozilla/5.0 (compatible; MJ12bot/v1.4.8; http://mj12bot.com/)"
158.69.22.93 - - [02/Jul/2023:05:06:53 +0200] "GET /node/957 HTTP/1.1" 200 7886 "-" "Mozilla/5.0 (compatible; MJ12bot/v1.4.8; http://mj12bot.com/)"
158.69.22.93 - - [02/Jul/2023:05:07:04 +0200] "GET /node/957?q=signupformailinglist HTTP/1.1" 404 4060 "-" "Mozilla/5.0 (compatible; MJ12bot/v1.4.8; http://mj12bot.com/)"
54.36.148.220 - - [02/Jul/2023:05:07:14 +0200] "GET /robots.txt HTTP/1.1" 200 1590 "-" "Mozilla/5.0 (compatible; AhrefsBot/7.0; +http://ahrefs.com/robot/)"
158.69.22.93 - - [02/Jul/2023:05:07:15 +0200] "GET /node/959 HTTP/1.1" 200 6790 "-" "Mozilla/5.0 (compatible; MJ12bot/v1.4.8; http://mj12bot.com/)"
158.69.22.93 - - [02/Jul/2023:05:07:26 +0200] "GET /node/959?q=signupformailinglist HTTP/1.1" 404 4060 "-" "Mozilla/5.0 (compatible; MJ12bot/v1.4.8; http://mj12bot.com/)"
158.69.22.93 - - [02/Jul/2023:05:07:37 +0200] "GET /node/959?q=signupfornewsletter HTTP/1.1" 200 4719 "-" "Mozilla/5.0 (compatible; MJ12bot/v1.4.8; http://mj12bot.com/)"
158.69.22.93 - - [02/Jul/2023:05:07:48 +0200] "GET /productinformation?q=signupfornewsletter HTTP/1.1" 200 4719 "-" "Mozilla/5.0 (compatible; MJ12bot/v1.4.8; http://mj12bot.com/)"
66.102.6.34 - - [02/Jul/2023:05:08:04 +0200] "HEAD /blog/3/feed HTTP/1.1" 200 0 "-" "FeedBurner/1.0 (http://www.FeedBurner.com)"
54.36.148.116 - - [02/Jul/2023:05:09:39 +0200] "GET /eventscalendar/2023-07-13 HTTP/1.1" 200 5791 "-" "Mozilla/5.0 (compatible; AhrefsBot/7.0; +http://ahrefs.com/robot/)"
157.55.39.253 - - [02/Jul/2023:05:11:21 +0200] "GET /eventscalendar/2022-12-04 HTTP/1.1" 200 5792 "-" "Mozilla/5.0 AppleWebKit/537.36 (KHTML, like Gecko; compatible; bingbot/2.0; +http://www.bing.com/bingbot.htm) Chrome/103.0.5060.134 Safari/537.36"
54.36.148.5 - - [02/Jul/2023:05:11:44 +0200] "GET /eventscalendar/2023-07-14 HTTP/1.1" 200 5789 "-" "Mozilla/5.0 (compatible; AhrefsBot/7.0; +http://ahrefs.com/robot/)"
54.36.148.43 - - [02/Jul/2023:05:14:10 +0200] "GET /eventscalendar/2023-07-15 HTTP/1.1" 200 5791 "-" "Mozilla/5.0 (compatible; AhrefsBot/7.0; +http://ahrefs.com/robot/)"
95.108.213.136 - - [02/Jul/2023:05:15:04 +0200] "GET /node/345 HTTP/1.1" 200 14158 "-" "Mozilla/5.0 (compatible; YandexBot/3.0; +http://yandex.com/bots)"
66.102.6.34 - - [02/Jul/2023:05:15:09 +0200] "GET /blog/3/feed HTTP/1.1" 200 2701 "-" "FeedBurner/1.0 (http://www.FeedBurner.com)"
54.36.148.20 - - [02/Jul/2023:05:16:44 +0200] "GET /eventscalendar/2023-07-16 HTTP/1.1" 200 5789 "-" "Mozilla/5.0 (compatible; AhrefsBot/7.0; +http://ahrefs.com/robot/)"
66.102.6.32 - - [02/Jul/2023:05:16:55 +0200] "GET /blog/3/feed HTTP/1.1" 200 2701 "-" "FeedBurner/1.0 (http://www.FeedBurner.com)"
195.56.55.225 - - [02/Jul/2023:05:17:02 +0200] "GET /cron.php HTTP/1.0" 200 0 "-" "Wget/1.10.2"
54.36.148.170 - - [02/Jul/2023:05:18:58 +0200] "GET /eventscalendar/2023-07-17 HTTP/1.1" 200 5789 "-" "Mozilla/5.0 (compatible; AhrefsBot/7.0; +http://ahrefs.com/robot/)"
54.36.148.233 - - [02/Jul/2023:05:21:30 +0200] "GET /eventscalendar/2023-07-18 HTTP/1.1" 200 5790 "-" "Mozilla/5.0 (compatible; AhrefsBot/7.0; +http://ahrefs.com/robot/)"
185.25.35.15 - - [02/Jul/2023:05:21:34 +0200] "GET /robots.txt HTTP/1.1" 200 1590 "-" "magpie-crawler/1.1 (robots-txt-checker; +http://www.brandwatch.net)"
185.25.35.14 - - [02/Jul/2023:05:21:35 +0200] "GET /blog/3/feed HTTP/1.1" 200 11638 "-" "magpie-crawler/1.1 (U; Linux amd64; en-GB; +http://www.brandwatch.net)"
217.182.175.146 - - [02/Jul/2023:05:22:12 +0200] "GET /node/649 HTTP/1.1" 200 7697 "-" "Mozilla/5.0 (compatible; MJ12bot/v1.4.8; http://mj12bot.com/)"
217.182.175.146 - - [02/Jul/2023:05:22:22 +0200] "GET /node/649?q=signupformailinglist HTTP/1.1" 404 4060 "-" "Mozilla/5.0 (compatible; MJ12bot/v1.4.8; http://mj12bot.com/)"
217.182.175.146 - - [02/Jul/2023:05:22:33 +0200] "GET /node/649?q=signupfornewsletter HTTP/1.1" 200 4719 "-" "Mozilla/5.0 (compatible; MJ12bot/v1.4.8; http://mj12bot.com/)"
217.182.175.146 - - [02/Jul/2023:05:22:43 +0200] "GET /node/654 HTTP/1.1" 200 10154 "-" "Mozilla/5.0 (compatible; MJ12bot/v1.4.8; http://mj12bot.com/)"
217.182.175.146 - - [02/Jul/2023:05:22:54 +0200] "GET /node/654?q=signupformailinglist HTTP/1.1" 404 4060 "-" "Mozilla/5.0 (compatible; MJ12bot/v1.4.8; http://mj12bot.com/)"
217.182.175.146 - - [02/Jul/2023:05:23:05 +0200] "GET /node/654?q=signupfornewsletter HTTP/1.1" 200 4719 "-" "Mozilla/5.0 (compatible; MJ12bot/v1.4.8; http://mj12bot.com/)"
217.182.175.146 - - [02/Jul/2023:05:23:16 +0200] "GET /node/656 HTTP/1.1" 200 6839 "-" "Mozilla/5.0 (compatible; MJ12bot/v1.4.8; http://mj12bot.com/)"
217.182.175.146 - - [02/Jul/2023:05:23:27 +0200] "GET /node/656?q=signupformailinglist HTTP/1.1" 404 4060 "-" "Mozilla/5.0 (compatible; MJ12bot/v1.4.8; http://mj12bot.com/)"
217.182.175.146 - - [02/Jul/2023:05:23:38 +0200] "GET /node/656?q=signupfornewsletter HTTP/1.1" 200 4719 "-" "Mozilla/5.0 (compatible; MJ12bot/v1.4.8; http://mj12bot.com/)"
217.182.175.146 - - [02/Jul/2023:05:23:50 +0200] "GET /node/657 HTTP/1.1" 200 10553 "-" "Mozilla/5.0 (compatible; MJ12bot/v1.4.8; http://mj12bot.com/)"
217.182.175.146 - - [02/Jul/2023:05:24:02 +0200] "GET /node/657?q=signupformailinglist HTTP/1.1" 404 4060 "-" "Mozilla/5.0 (compatible; MJ12bot/v1.4.8; http://mj12bot.com/)"
217.182.175.146 - - [02/Jul/2023:05:24:13 +0200] "GET /node/657?q=signupfornewsletter HTTP/1.1" 200 4719 "-" "Mozilla/5.0 (compatible; MJ12bot/v1.4.8; http://mj12bot.com/)"
217.182.175.146 - - [02/Jul/2023:05:24:24 +0200] "GET /node/658 HTTP/1.1" 200 8462 "-" "Mozilla/5.0 (compatible; MJ12bot/v1.4.8; http://mj12bot.com/)"
3.145.104.37 - - [02/Jul/2023:05:26:57 +0200] "GET /ai.txt?t=1688259861.083691 HTTP/1.1" 404 4060 "-" "Spawning-AI"
3.145.104.37 - - [02/Jul/2023:05:26:57 +0200] "GET /.well-known/ai.txt?t=1688259861.083691 HTTP/1.1" 404 4060 "-" "Spawning-AI"
195.191.219.133 - - [02/Jul/2023:05:29:01 +0200] "GET /robots.txt HTTP/1.1" 200 1590 "-" "Mozilla/5.0 (compatible; MJ12bot/v1.4.8; http://mj12bot.com/)"
195.191.219.133 - - [02/Jul/2023:05:29:13 +0200] "GET / HTTP/1.1" 200 17651 "-" "Mozilla/5.0 (compatible; MJ12bot/v1.4.8; http://mj12bot.com/)"
54.36.148.12 - - [02/Jul/2023:05:29:30 +0200] "GET /eventscalendar/2023-07-21 HTTP/1.1" 200 5789 "-" "Mozilla/5.0 (compatible; AhrefsBot/7.0; +http://ahrefs.com/robot/)"
217.182.175.146 - - [02/Jul/2023:05:30:24 +0200] "GET /node/658?q=signupformailinglist HTTP/1.1" 404 4060 "-" "Mozilla/5.0 (compatible; MJ12bot/v1.4.8; http://mj12bot.com/)"
217.182.175.146 - - [02/Jul/2023:05:30:34 +0200] "GET /node/658?q=signupfornewsletter HTTP/1.1" 200 4719 "-" "Mozilla/5.0 (compatible; MJ12bot/v1.4.8; http://mj12bot.com/)"
217.182.175.146 - - [02/Jul/2023:05:30:45 +0200] "GET /node/659 HTTP/1.1" 200 6244 "-" "Mozilla/5.0 (compatible; MJ12bot/v1.4.8; http://mj12bot.com/)"
217.182.175.146 - - [02/Jul/2023:05:30:56 +0200] "GET /node/659?q=signupformailinglist HTTP/1.1" 404 4060 "-" "Mozilla/5.0 (compatible; MJ12bot/v1.4.8; http://mj12bot.com/)"
217.182.175.146 - - [02/Jul/2023:05:31:06 +0200] "GET /node/659?q=signupfornewsletter HTTP/1.1" 200 4719 "-" "Mozilla/5.0 (compatible; MJ12bot/v1.4.8; http://mj12bot.com/)"
217.182.175.146 - - [02/Jul/2023:05:31:17 +0200] "GET /node/660 HTTP/1.1" 200 7426 "-" "Mozilla/5.0 (compatible; MJ12bot/v1.4.8; http://mj12bot.com/)"
217.182.175.146 - - [02/Jul/2023:05:31:28 +0200] "GET /node/660?q=signupformailinglist HTTP/1.1" 404 4060 "-" "Mozilla/5.0 (compatible; MJ12bot/v1.4.8; http://mj12bot.com/)"
217.182.175.146 - - [02/Jul/2023:05:31:39 +0200] "GET /node/660?q=signupfornewsletter HTTP/1.1" 200 4719 "-" "Mozilla/5.0 (compatible; MJ12bot/v1.4.8; http://mj12bot.com/)"
217.182.175.146 - - [02/Jul/2023:05:31:50 +0200] "GET /node/661 HTTP/1.1" 200 10600 "-" "Mozilla/5.0 (compatible; MJ12bot/v1.4.8; http://mj12bot.com/)"
217.182.175.146 - - [02/Jul/2023:05:32:01 +0200] "GET /node/661?q=signupformailinglist HTTP/1.1" 404 4060 "-" "Mozilla/5.0 (compatible; MJ12bot/v1.4.8; http://mj12bot.com/)"
217.182.175.146 - - [02/Jul/2023:05:32:12 +0200] "GET /node/661?q=signupfornewsletter HTTP/1.1" 200 4719 "-" "Mozilla/5.0 (compatible; MJ12bot/v1.4.8; http://mj12bot.com/)"
217.182.175.146 - - [02/Jul/2023:05:32:23 +0200] "GET /node/666 HTTP/1.1" 200 7216 "-" "Mozilla/5.0 (compatible; MJ12bot/v1.4.8; http://mj12bot.com/)"
217.182.175.146 - - [02/Jul/2023:05:32:34 +0200] "GET /node/666?q=signupformailinglist HTTP/1.1" 404 4060 "-" "Mozilla/5.0 (compatible; MJ12bot/v1.4.8; http://mj12bot.com/)"
54.36.149.57 - - [02/Jul/2023:05:32:45 +0200] "GET /eventscalendar/2023-07-22 HTTP/1.1" 200 5791 "-" "Mozilla/5.0 (compatible; AhrefsBot/7.0; +http://ahrefs.com/robot/)"
217.182.175.146 - - [02/Jul/2023:05:32:46 +0200] "GET /node/666?q=signupfornewsletter HTTP/1.1" 200 4719 "-" "Mozilla/5.0 (compatible; MJ12bot/v1.4.8; http://mj12bot.com/)"
217.182.175.146 - - [02/Jul/2023:05:32:57 +0200] "GET /node/667 HTTP/1.1" 200 6908 "-" "Mozilla/5.0 (compatible; MJ12bot/v1.4.8; http://mj12bot.com/)"
217.182.175.146 - - [02/Jul/2023:05:33:08 +0200] "GET /node/667?q=signupformailinglist HTTP/1.1" 404 4060 "-" "Mozilla/5.0 (compatible; MJ12bot/v1.4.8; http://mj12bot.com/)"
217.182.175.146 - - [02/Jul/2023:05:33:19 +0200] "GET /node/667?q=signupfornewsletter HTTP/1.1" 200 4719 "-" "Mozilla/5.0 (compatible; MJ12bot/v1.4.8; http://mj12bot.com/)"
217.182.175.146 - - [02/Jul/2023:05:33:30 +0200] "GET /node/673 HTTP/1.1" 200 9675 "-" "Mozilla/5.0 (compatible; MJ12bot/v1.4.8; http://mj12bot.com/)"
217.182.175.146 - - [02/Jul/2023:05:33:41 +0200] "GET /node/673?q=signupformailinglist HTTP/1.1" 404 4060 "-" "Mozilla/5.0 (compatible; MJ12bot/v1.4.8; http://mj12bot.com/)"
217.182.175.146 - - [02/Jul/2023:05:33:53 +0200] "GET /node/692 HTTP/1.1" 200 8310 "-" "Mozilla/5.0 (compatible; MJ12bot/v1.4.8; http://mj12bot.com/)"
217.182.175.146 - - [02/Jul/2023:05:34:04 +0200] "GET /node/692?q=signupformailinglist HTTP/1.1" 404 4060 "-" "Mozilla/5.0 (compatible; MJ12bot/v1.4.8; http://mj12bot.com/)"
217.182.175.146 - - [02/Jul/2023:05:34:16 +0200] "GET /node/692?q=signupfornewsletter HTTP/1.1" 200 4719 "-" "Mozilla/5.0 (compatible; MJ12bot/v1.4.8; http://mj12bot.com/)"
217.182.175.146 - - [02/Jul/2023:05:34:27 +0200] "GET /node/694 HTTP/1.1" 200 6409 "-" "Mozilla/5.0 (compatible; MJ12bot/v1.4.8; http://mj12bot.com/)"
217.182.175.146 - - [02/Jul/2023:05:34:38 +0200] "GET /node/694?q=signupformailinglist HTTP/1.1" 404 4060 "-" "Mozilla/5.0 (compatible; MJ12bot/v1.4.8; http://mj12bot.com/)"
217.182.175.146 - - [02/Jul/2023:05:34:49 +0200] "GET /node/694?q=signupfornewsletter HTTP/1.1" 200 4719 "-" "Mozilla/5.0 (compatible; MJ12bot/v1.4.8; http://mj12bot.com/)"
52.167.144.48 - - [02/Jul/2023:05:34:56 +0200] "GET /eventscalendar/2022-04-09 HTTP/1.1" 200 5791 "-" "Mozilla/5.0 AppleWebKit/537.36 (KHTML, like Gecko; compatible; bingbot/2.0; +http://www.bing.com/bingbot.htm) Chrome/103.0.5060.134 Safari/537.36"
217.182.175.146 - - [02/Jul/2023:05:35:00 +0200] "GET /node/702 HTTP/1.1" 200 5996 "-" "Mozilla/5.0 (compatible; MJ12bot/v1.4.8; http://mj12bot.com/)"
217.182.175.146 - - [02/Jul/2023:05:35:12 +0200] "GET /node/702?q=signupformailinglist HTTP/1.1" 404 4060 "-" "Mozilla/5.0 (compatible; MJ12bot/v1.4.8; http://mj12bot.com/)"
217.182.175.146 - - [02/Jul/2023:05:35:23 +0200] "GET /node/702?q=signupfornewsletter HTTP/1.1" 200 4719 "-" "Mozilla/5.0 (compatible; MJ12bot/v1.4.8; http://mj12bot.com/)"
217.182.175.146 - - [02/Jul/2023:05:35:34 +0200] "GET /node/704 HTTP/1.1" 200 11626 "-" "Mozilla/5.0 (compatible; MJ12bot/v1.4.8; http://mj12bot.com/)"
54.36.148.205 - - [02/Jul/2023:05:35:36 +0200] "GET /eventscalendar/2023-07-23 HTTP/1.1" 200 5789 "-" "Mozilla/5.0 (compatible; AhrefsBot/7.0; +http://ahrefs.com/robot/)"
217.182.175.146 - - [02/Jul/2023:05:35:45 +0200] "GET /node/704?q=signupformailinglist HTTP/1.1" 404 4060 "-" "Mozilla/5.0 (compatible; MJ12bot/v1.4.8; http://mj12bot.com/)"
217.182.175.146 - - [02/Jul/2023:05:35:56 +0200] "GET /node/704?q=signupfornewsletter HTTP/1.1" 200 4719 "-" "Mozilla/5.0 (compatible; MJ12bot/v1.4.8; http://mj12bot.com/)"
52.167.144.48 - - [02/Jul/2023:05:36:06 +0200] "GET /eventscalendar/2022-05-28 HTTP/1.1" 200 5790 "-" "Mozilla/5.0 AppleWebKit/537.36 (KHTML, like Gecko; compatible; bingbot/2.0; +http://www.bing.com/bingbot.htm) Chrome/103.0.5060.134 Safari/537.36"
217.182.175.146 - - [02/Jul/2023:05:36:07 +0200] "GET /node/707 HTTP/1.1" 200 6809 "-" "Mozilla/5.0 (compatible; MJ12bot/v1.4.8; http://mj12bot.com/)"
217.182.175.146 - - [02/Jul/2023:05:36:18 +0200] "GET /node/707?q=signupformailinglist HTTP/1.1" 404 4060 "-" "Mozilla/5.0 (compatible; MJ12bot/v1.4.8; http://mj12bot.com/)"
40.77.167.169 - - [02/Jul/2023:05:36:21 +0200] "GET /eventscalendar/2024-11-22 HTTP/1.1" 200 5793 "-" "Mozilla/5.0 AppleWebKit/537.36 (KHTML, like Gecko; compatible; bingbot/2.0; +http://www.bing.com/bingbot.htm) Chrome/103.0.5060.134 Safari/537.36"
217.182.175.146 - - [02/Jul/2023:05:36:29 +0200] "GET /node/707?q=signupfornewsletter HTTP/1.1" 200 4719 "-" "Mozilla/5.0 (compatible; MJ12bot/v1.4.8; http://mj12bot.com/)"
217.182.175.146 - - [02/Jul/2023:05:36:40 +0200] "GET /node/708 HTTP/1.1" 200 9737 "-" "Mozilla/5.0 (compatible; MJ12bot/v1.4.8; http://mj12bot.com/)"
217.182.175.146 - - [02/Jul/2023:05:36:51 +0200] "GET /node/708?q=signupformailinglist HTTP/1.1" 404 4060 "-" "Mozilla/5.0 (compatible; MJ12bot/v1.4.8; http://mj12bot.com/)"
217.182.175.146 - - [02/Jul/2023:05:37:02 +0200] "GET /node/709 HTTP/1.1" 200 8065 "-" "Mozilla/5.0 (compatible; MJ12bot/v1.4.8; http://mj12bot.com/)"
54.36.149.72 - - [02/Jul/2023:05:38:07 +0200] "GET /eventscalendar/2023-07-24 HTTP/1.1" 200 5789 "-" "Mozilla/5.0 (compatible; AhrefsBot/7.0; +http://ahrefs.com/robot/)"
95.217.109.26 - - [02/Jul/2023:05:38:54 +0200] "GET /robots.txt HTTP/1.1" 200 1590 "-" "Mozilla/5.0 (compatible; MJ12bot/v1.4.8; http://mj12bot.com/)"
95.217.109.26 - - [02/Jul/2023:05:39:05 +0200] "GET /node/729 HTTP/1.1" 200 8433 "-" "Mozilla/5.0 (compatible; MJ12bot/v1.4.8; http://mj12bot.com/)"
217.182.175.146 - - [02/Jul/2023:05:39:48 +0200] "GET /node/709?q=signupformailinglist HTTP/1.1" 404 4060 "-" "Mozilla/5.0 (compatible; MJ12bot/v1.4.8; http://mj12bot.com/)"
217.182.175.146 - - [02/Jul/2023:05:39:59 +0200] "GET /node/709?q=signupfornewsletter HTTP/1.1" 200 4719 "-" "Mozilla/5.0 (compatible; MJ12bot/v1.4.8; http://mj12bot.com/)"
217.182.175.146 - - [02/Jul/2023:05:40:10 +0200] "GET /node/711 HTTP/1.1" 200 8878 "-" "Mozilla/5.0 (compatible; MJ12bot/v1.4.8; http://mj12bot.com/)"
217.182.175.146 - - [02/Jul/2023:05:40:21 +0200] "GET /node/711?q=signupformailinglist HTTP/1.1" 404 4060 "-" "Mozilla/5.0 (compatible; MJ12bot/v1.4.8; http://mj12bot.com/)"
217.182.175.146 - - [02/Jul/2023:05:40:31 +0200] "GET /node/711?q=signupfornewsletter HTTP/1.1" 200 4719 "-" "Mozilla/5.0 (compatible; MJ12bot/v1.4.8; http://mj12bot.com/)"
217.182.175.146 - - [02/Jul/2023:05:40:42 +0200] "GET /node/713 HTTP/1.1" 200 9365 "-" "Mozilla/5.0 (compatible; MJ12bot/v1.4.8; http://mj12bot.com/)"
217.182.175.146 - - [02/Jul/2023:05:40:53 +0200] "GET /node/713?q=signupformailinglist HTTP/1.1" 404 4060 "-" "Mozilla/5.0 (compatible; MJ12bot/v1.4.8; http://mj12bot.com/)"
54.36.148.127 - - [02/Jul/2023:05:41:02 +0200] "GET /eventscalendar/2023-07-25 HTTP/1.1" 200 5790 "-" "Mozilla/5.0 (compatible; AhrefsBot/7.0; +http://ahrefs.com/robot/)"
217.182.175.146 - - [02/Jul/2023:05:41:03 +0200] "GET /node/713?q=signupfornewsletter HTTP/1.1" 200 4719 "-" "Mozilla/5.0 (compatible; MJ12bot/v1.4.8; http://mj12bot.com/)"
217.182.175.146 - - [02/Jul/2023:05:41:14 +0200] "GET /node/719 HTTP/1.1" 200 6739 "-" "Mozilla/5.0 (compatible; MJ12bot/v1.4.8; http://mj12bot.com/)"
49.12.13.109 - - [02/Jul/2023:05:41:17 +0200] "HEAD / HTTP/1.1" 200 0 "-" "Alert_Alligator_webmonitoring_service_1.6.3_(alertalligator.com)"
18.191.101.136 - - [02/Jul/2023:05:41:19 +0200] "GET /ai.txt?t=1688259871.559207 HTTP/1.1" 404 4060 "-" "Spawning-AI"
18.191.101.136 - - [02/Jul/2023:05:41:19 +0200] "GET /.well-known/ai.txt?t=1688259871.559207 HTTP/1.1" 404 4060 "-" "Spawning-AI"
217.182.175.146 - - [02/Jul/2023:05:41:25 +0200] "GET /node/719?q=signupformailinglist HTTP/1.1" 404 4060 "-" "Mozilla/5.0 (compatible; MJ12bot/v1.4.8; http://mj12bot.com/)"
217.182.175.146 - - [02/Jul/2023:05:41:35 +0200] "GET /node/719?q=signupfornewsletter HTTP/1.1" 200 4719 "-" "Mozilla/5.0 (compatible; MJ12bot/v1.4.8; http://mj12bot.com/)"
217.182.175.146 - - [02/Jul/2023:05:41:46 +0200] "GET /node/720 HTTP/1.1" 200 6609 "-" "Mozilla/5.0 (compatible; MJ12bot/v1.4.8; http://mj12bot.com/)"
217.182.175.146 - - [02/Jul/2023:05:41:57 +0200] "GET /node/720?q=signupformailinglist HTTP/1.1" 404 4060 "-" "Mozilla/5.0 (compatible; MJ12bot/v1.4.8; http://mj12bot.com/)"
217.182.175.146 - - [02/Jul/2023:05:42:07 +0200] "GET /node/720?q=signupfornewsletter HTTP/1.1" 200 4719 "-" "Mozilla/5.0 (compatible; MJ12bot/v1.4.8; http://mj12bot.com/)"
217.182.175.146 - - [02/Jul/2023:05:42:18 +0200] "GET /node/721 HTTP/1.1" 200 6853 "-" "Mozilla/5.0 (compatible; MJ12bot/v1.4.8; http://mj12bot.com/)"
217.182.175.146 - - [02/Jul/2023:05:42:29 +0200] "GET /node/721?q=signupformailinglist HTTP/1.1" 404 4060 "-" "Mozilla/5.0 (compatible; MJ12bot/v1.4.8; http://mj12bot.com/)"
217.182.175.146 - - [02/Jul/2023:05:42:39 +0200] "GET /node/721?q=signupfornewsletter HTTP/1.1" 200 4719 "-" "Mozilla/5.0 (compatible; MJ12bot/v1.4.8; http://mj12bot.com/)"
217.182.175.146 - - [02/Jul/2023:05:42:50 +0200] "GET /node/722 HTTP/1.1" 200 6429 "-" "Mozilla/5.0 (compatible; MJ12bot/v1.4.8; http://mj12bot.com/)"
217.182.175.146 - - [02/Jul/2023:05:43:00 +0200] "GET /node/722?q=signupformailinglist HTTP/1.1" 404 4060 "-" "Mozilla/5.0 (compatible; MJ12bot/v1.4.8; http://mj12bot.com/)"
217.182.175.146 - - [02/Jul/2023:05:43:11 +0200] "GET /node/722?q=signupfornewsletter HTTP/1.1" 200 4719 "-" "Mozilla/5.0 (compatible; MJ12bot/v1.4.8; http://mj12bot.com/)"
217.182.175.146 - - [02/Jul/2023:05:43:22 +0200] "GET /node/724 HTTP/1.1" 200 6750 "-" "Mozilla/5.0 (compatible; MJ12bot/v1.4.8; http://mj12bot.com/)"
217.182.175.146 - - [02/Jul/2023:05:43:33 +0200] "GET /node/724?q=signupformailinglist HTTP/1.1" 404 4060 "-" "Mozilla/5.0 (compatible; MJ12bot/v1.4.8; http://mj12bot.com/)"
217.182.175.146 - - [02/Jul/2023:05:43:43 +0200] "GET /node/724?q=signupfornewsletter HTTP/1.1" 200 4719 "-" "Mozilla/5.0 (compatible; MJ12bot/v1.4.8; http://mj12bot.com/)"
66.249.66.66 - - [02/Jul/2023:05:43:47 +0200] "GET / HTTP/1.1" 200 4123 "-" "Mozilla/5.0 (compatible; Googlebot/2.1; +http://www.google.com/bot.html)"
217.182.175.146 - - [02/Jul/2023:05:43:54 +0200] "GET /node/726 HTTP/1.1" 200 5971 "-" "Mozilla/5.0 (compatible; MJ12bot/v1.4.8; http://mj12bot.com/)"
217.182.175.146 - - [02/Jul/2023:05:44:05 +0200] "GET /node/726?q=signupformailinglist HTTP/1.1" 404 4060 "-" "Mozilla/5.0 (compatible; MJ12bot/v1.4.8; http://mj12bot.com/)"
217.182.175.146 - - [02/Jul/2023:05:44:16 +0200] "GET /node/726?q=signupfornewsletter HTTP/1.1" 200 4719 "-" "Mozilla/5.0 (compatible; MJ12bot/v1.4.8; http://mj12bot.com/)"
217.182.175.146 - - [02/Jul/2023:05:44:27 +0200] "GET /node/729?q=signupformailinglist HTTP/1.1" 404 4060 "-" "Mozilla/5.0 (compatible; MJ12bot/v1.4.8; http://mj12bot.com/)"
54.36.148.68 - - [02/Jul/2023:05:44:30 +0200] "GET /eventscalendar/2023-07-26 HTTP/1.1" 200 5792 "-" "Mozilla/5.0 (compatible; AhrefsBot/7.0; +http://ahrefs.com/robot/)"
217.182.175.146 - - [02/Jul/2023:05:44:38 +0200] "GET /node/729?q=signupfornewsletter HTTP/1.1" 200 4719 "-" "Mozilla/5.0 (compatible; MJ12bot/v1.4.8; http://mj12bot.com/)"
217.182.175.146 - - [02/Jul/2023:05:44:48 +0200] "GET /node/730 HTTP/1.1" 200 6846 "-" "Mozilla/5.0 (compatible; MJ12bot/v1.4.8; http://mj12bot.com/)"
217.182.175.146 - - [02/Jul/2023:05:44:59 +0200] "GET /node/730?q=signupformailinglist HTTP/1.1" 404 4060 "-" "Mozilla/5.0 (compatible; MJ12bot/v1.4.8; http://mj12bot.com/)"
217.182.175.146 - - [02/Jul/2023:05:45:10 +0200] "GET /node/730?q=signupfornewsletter HTTP/1.1" 200 4719 "-" "Mozilla/5.0 (compatible; MJ12bot/v1.4.8; http://mj12bot.com/)"
66.102.6.34 - - [02/Jul/2023:05:45:11 +0200] "HEAD /blog/3/feed HTTP/1.1" 200 0 "-" "FeedBurner/1.0 (http://www.FeedBurner.com)"
217.182.175.146 - - [02/Jul/2023:05:45:21 +0200] "GET /node/731 HTTP/1.1" 200 8208 "-" "Mozilla/5.0 (compatible; MJ12bot/v1.4.8; http://mj12bot.com/)"
217.182.175.146 - - [02/Jul/2023:05:45:32 +0200] "GET /node/731?q=signupformailinglist HTTP/1.1" 404 4060 "-" "Mozilla/5.0 (compatible; MJ12bot/v1.4.8; http://mj12bot.com/)"
66.249.66.9 - - [02/Jul/2023:05:47:08 +0200] "GET /eventscalendar/2022-09-06 HTTP/1.1" 200 5794 "-" "Mozilla/5.0 (compatible; Googlebot/2.1; +http://www.google.com/bot.html)"
54.36.149.68 - - [02/Jul/2023:05:47:42 +0200] "GET /eventscalendar/2023-07-27 HTTP/1.1" 200 5791 "-" "Mozilla/5.0 (compatible; AhrefsBot/7.0; +http://ahrefs.com/robot/)"
213.180.203.204 - - [02/Jul/2023:05:48:13 +0200] "GET /node/1090 HTTP/1.1" 200 9448 "-" "Mozilla/5.0 (compatible; YandexBot/3.0; +http://yandex.com/bots)"
217.182.175.146 - - [02/Jul/2023:05:48:25 +0200] "GET /node/731?q=signupfornewsletter HTTP/1.1" 200 4719 "-" "Mozilla/5.0 (compatible; MJ12bot/v1.4.8; http://mj12bot.com/)"
217.182.175.146 - - [02/Jul/2023:05:48:36 +0200] "GET /node/732 HTTP/1.1" 200 20967 "-" "Mozilla/5.0 (compatible; MJ12bot/v1.4.8; http://mj12bot.com/)"
217.182.175.146 - - [02/Jul/2023:05:48:46 +0200] "GET /node/732?q=signupformailinglist HTTP/1.1" 404 4060 "-" "Mozilla/5.0 (compatible; MJ12bot/v1.4.8; http://mj12bot.com/)"
167.71.186.217 - - [02/Jul/2023:05:48:51 +0200] "GET /blog/3/feed HTTP/1.1" 200 2701 "-" "Mozilla/5.0 (Windows NT 6.1; WOW64; rv:39.0) Gecko/20100101 Firefox/39.0"
217.182.175.146 - - [02/Jul/2023:05:48:57 +0200] "GET /node/732?q=signupfornewsletter HTTP/1.1" 200 4719 "-" "Mozilla/5.0 (compatible; MJ12bot/v1.4.8; http://mj12bot.com/)"
217.182.175.146 - - [02/Jul/2023:05:49:08 +0200] "GET /node/740 HTTP/1.1" 200 7758 "-" "Mozilla/5.0 (compatible; MJ12bot/v1.4.8; http://mj12bot.com/)"
207.46.13.210 - - [02/Jul/2023:05:49:11 +0200] "GET /eventscalendar/2021-10-22 HTTP/1.1" 200 5792 "-" "Mozilla/5.0 AppleWebKit/537.36 (KHTML, like Gecko; compatible; bingbot/2.0; +http://www.bing.com/bingbot.htm) Chrome/103.0.5060.134 Safari/537.36"
217.182.175.146 - - [02/Jul/2023:05:49:18 +0200] "GET /node/740?q=signupformailinglist HTTP/1.1" 404 4060 "-" "Mozilla/5.0 (compatible; MJ12bot/v1.4.8; http://mj12bot.com/)"
217.182.175.146 - - [02/Jul/2023:05:49:29 +0200] "GET /node/740?q=signupfornewsletter HTTP/1.1" 200 4719 "-" "Mozilla/5.0 (compatible; MJ12bot/v1.4.8; http://mj12bot.com/)"
217.182.175.146 - - [02/Jul/2023:05:49:40 +0200] "GET /node/741 HTTP/1.1" 200 8790 "-" "Mozilla/5.0 (compatible; MJ12bot/v1.4.8; http://mj12bot.com/)"
