66.102.6.34 - - [02/Jul/2023:05:49:46 +0200] "GET /blog/3/feed HTTP/1.1" 200 2701 "-" "FeedBurner/1.0 (http://www.FeedBurner.com)"
217.182.175.146 - - [02/Jul/2023:05:49:51 +0200] "GET /node/741?q=signupformailinglist HTTP/1.1" 404 4060 "-" "Mozilla/5.0 (compatible; MJ12bot/v1.4.8; http://mj12bot.com/)"
217.182.175.146 - - [02/Jul/2023:05:50:01 +0200] "GET /node/741?q=signupfornewsletter HTTP/1.1" 200 4719 "-" "Mozilla/5.0 (compatible; MJ12bot/v1.4.8; http://mj12bot.com/)"
217.182.175.146 - - [02/Jul/2023:05:50:12 +0200] "GET /node/744 HTTP/1.1" 200 7307 "-" "Mozilla/5.0 (compatible; MJ12bot/v1.4.8; http://mj12bot.com/)"
217.182.175.146 - - [02/Jul/2023:05:50:23 +0200] "GET /node/744?q=signupformailinglist HTTP/1.1" 404 4060 "-" "Mozilla/5.0 (compatible; MJ12bot/v1.4.8; http://mj12bot.com/)"
217.182.175.146 - - [02/Jul/2023:05:50:34 +0200] "GET /node/744?q=signupfornewsletter HTTP/1.1" 200 4719 "-" "Mozilla/5.0 (compatible; MJ12bot/v1.4.8; http://mj12bot.com/)"
217.182.175.146 - - [02/Jul/2023:05:50:45 +0200] "GET /node/746 HTTP/1.1" 200 21159 "-" "Mozilla/5.0 (compatible; MJ12bot/v1.4.8; http://mj12bot.com/)"
217.182.175.146 - - [02/Jul/2023:05:50:55 +0200] "GET /node/746?q=signupformailinglist HTTP/1.1" 404 4060 "-" "Mozilla/5.0 (compatible; MJ12bot/v1.4.8; http://mj12bot.com/)"
217.182.175.146 - - [02/Jul/2023:05:51:06 +0200] "GET /node/746?q=signupfornewsletter HTTP/1.1" 200 4719 "-" "Mozilla/5.0 (compatible; MJ12bot/v1.4.8; http://mj12bot.com/)"
217.182.175.146 - - [02/Jul/2023:05:51:17 +0200] "GET /node/754 HTTP/1.1" 200 7537 "-" "Mozilla/5.0 (compatible; MJ12bot/v1.4.8; http://mj12bot.com/)"
217.182.175.146 - - [02/Jul/2023:05:51:28 +0200] "GET /node/754?q=signupformailinglist HTTP/1.1" 404 4060 "-" "Mozilla/5.0 (compatible; MJ12bot/v1.4.8; http://mj12bot.com/)"
217.182.175.146 - - [02/Jul/2023:05:51:38 +0200] "GET /node/754?q=signupfornewsletter HTTP/1.1" 200 4719 "-" "Mozilla/5.0 (compatible; MJ12bot/v1.4.8; http://mj12bot.com/)"
217.182.175.146 - - [02/Jul/2023:05:51:49 +0200] "GET /node/755 HTTP/1.1" 200 7914 "-" "Mozilla/5.0 (compatible; MJ12bot/v1.4.8; http://mj12bot.com/)"
40.77.167.169 - - [02/Jul/2023:05:51:54 +0200] "GET /eventscalendar/2022-08-02 HTTP/1.1" 200 5791 "-" "Mozilla/5.0 AppleWebKit/537.36 (KHTML, like Gecko; compatible; bingbot/2.0; +http://www.bing.com/bingbot.htm) Chrome/103.0.5060.134 Safari/537.36"
217.182.175.146 - - [02/Jul/2023:05:52:00 +0200] "GET /node/755?q=signupformailinglist HTTP/1.1" 404 4060 "-" "Mozilla/5.0 (compatible; MJ12bot/v1.4.8; http://mj12bot.com/)"
217.182.175.146 - - [02/Jul/2023:05:52:11 +0200] "GET /node/755?q=signupfornewsletter HTTP/1.1" 200 4719 "-" "Mozilla/5.0 (compatible; MJ12bot/v1.4.8; http://mj12bot.com/)"
217.182.175.146 - - [02/Jul/2023:05:52:22 +0200] "GET /node/756 HTTP/1.1" 200 9051 "-" "Mozilla/5.0 (compatible; MJ12bot/v1.4.8; http://mj12bot.com/)"
52.167.144.48 - - [02/Jul/2023:05:54:58 +0200] "GET /eventscalendar/2022-10-29 HTTP/1.1" 200 5794 "-" "Mozilla/5.0 AppleWebKit/537.36 (KHTML, like Gecko; compatible; bingbot/2.0; +http://www.bing.com/bingbot.htm) Chrome/103.0.5060.134 Safari/537.36"
217.182.175.146 - - [02/Jul/2023:05:55:07 +0200] "GET /node/756?q=signupformailinglist HTTP/1.1" 404 4060 "-" "Mozilla/5.0 (compatible; MJ12bot/v1.4.8; http://mj12bot.com/)"
217.182.175.146 - - [02/Jul/2023:05:55:18 +0200] "GET /node/756?q=signupfornewsletter HTTP/1.1" 200 4719 "-" "Mozilla/5.0 (compatible; MJ12bot/v1.4.8; http://mj12bot.com/)"
217.182.175.146 - - [02/Jul/2023:05:55:29 +0200] "GET /node/760 HTTP/1.1" 200 9639 "-" "Mozilla/5.0 (compatible; MJ12bot/v1.4.8; http://mj12bot.com/)"
217.182.175.146 - - [02/Jul/2023:05:55:39 +0200] "GET /node/760?q=signupformailinglist HTTP/1.1" 404 4060 "-" "Mozilla/5.0 (compatible; MJ12bot/v1.4.8; http://mj12bot.com/)"
217.182.175.146 - - [02/Jul/2023:05:55:50 +0200] "GET /node/761 HTTP/1.1" 200 10224 "-" "Mozilla/5.0 (compatible; MJ12bot/v1.4.8; http://mj12bot.com/)"
54.36.148.248 - - [02/Jul/2023:05:55:51 +0200] "GET /eventscalendar/2023-07-30 HTTP/1.1" 200 5789 "-" "Mozilla/5.0 (compatible; AhrefsBot/7.0; +http://ahrefs.com/robot/)"
217.182.175.146 - - [02/Jul/2023:05:56:01 +0200] "GET /node/761?q=signupformailinglist HTTP/1.1" 404 4060 "-" "Mozilla/5.0 (compatible; MJ12bot/v1.4.8; http://mj12bot.com/)"
217.182.175.146 - - [02/Jul/2023:05:56:11 +0200] "GET /node/761?q=signupfornewsletter HTTP/1.1" 200 4719 "-" "Mozilla/5.0 (compatible; MJ12bot/v1.4.8; http://mj12bot.com/)"
217.182.175.146 - - [02/Jul/2023:05:56:22 +0200] "GET /node/766 HTTP/1.1" 200 7419 "-" "Mozilla/5.0 (compatible; MJ12bot/v1.4.8; http://mj12bot.com/)"
217.182.175.146 - - [02/Jul/2023:05:56:32 +0200] "GET /node/766?q=signupformailinglist HTTP/1.1" 404 4060 "-" "Mozilla/5.0 (compatible; MJ12bot/v1.4.8; http://mj12bot.com/)"
217.182.175.146 - - [02/Jul/2023:05:56:43 +0200] "GET /node/768 HTTP/1.1" 200 10103 "-" "Mozilla/5.0 (compatible; MJ12bot/v1.4.8; http://mj12bot.com/)"
217.182.175.146 - - [02/Jul/2023:05:56:54 +0200] "GET /node/768?q=signupfornewsletter HTTP/1.1" 200 4719 "-" "Mozilla/5.0 (compatible; MJ12bot/v1.4.8; http://mj12bot.com/)"
217.182.175.146 - - [02/Jul/2023:05:57:04 +0200] "GET /node/770 HTTP/1.1" 200 7355 "-" "Mozilla/5.0 (compatible; MJ12bot/v1.4.8; http://mj12bot.com/)"
217.182.175.146 - - [02/Jul/2023:05:57:15 +0200] "GET /node/770?q=signupformailinglist HTTP/1.1" 404 4060 "-" "Mozilla/5.0 (compatible; MJ12bot/v1.4.8; http://mj12bot.com/)"
217.182.175.146 - - [02/Jul/2023:05:57:26 +0200] "GET /node/770?q=signupfornewsletter HTTP/1.1" 200 4719 "-" "Mozilla/5.0 (compatible; MJ12bot/v1.4.8; http://mj12bot.com/)"
217.182.175.146 - - [02/Jul/2023:05:57:36 +0200] "GET /node/771 HTTP/1.1" 200 9859 "-" "Mozilla/5.0 (compatible; MJ12bot/v1.4.8; http://mj12bot.com/)"
217.182.175.146 - - [02/Jul/2023:05:57:47 +0200] "GET /node/771?q=signupformailinglist HTTP/1.1" 404 4060 "-" "Mozilla/5.0 (compatible; MJ12bot/v1.4.8; http://mj12bot.com/)"
217.182.175.146 - - [02/Jul/2023:05:57:58 +0200] "GET /node/771?q=signupfornewsletter HTTP/1.1" 200 4719 "-" "Mozilla/5.0 (compatible; MJ12bot/v1.4.8; http://mj12bot.com/)"
217.182.175.146 - - [02/Jul/2023:05:58:08 +0200] "GET /node/773 HTTP/1.1" 200 7803 "-" "Mozilla/5.0 (compatible; MJ12bot/v1.4.8; http://mj12bot.com/)"
217.182.175.146 - - [02/Jul/2023:05:58:19 +0200] "GET /node/773?q=signupformailinglist HTTP/1.1" 404 4060 "-" "Mozilla/5.0 (compatible; MJ12bot/v1.4.8; http://mj12bot.com/)"
217.182.175.146 - - [02/Jul/2023:05:58:30 +0200] "GET /node/773?q=signupfornewsletter HTTP/1.1" 200 4719 "-" "Mozilla/5.0 (compatible; MJ12bot/v1.4.8; http://mj12bot.com/)"
54.36.149.64 - - [02/Jul/2023:05:58:36 +0200] "GET /eventscalendar/2023-07-31 HTTP/1.1" 200 5789 "-" "Mozilla/5.0 (compatible; AhrefsBot/7.0; +http://ahrefs.com/robot/)"
217.182.175.146 - - [02/Jul/2023:05:58:41 +0200] "GET /node/774 HTTP/1.1" 200 9750 "-" "Mozilla/5.0 (compatible; MJ12bot/v1.4.8; http://mj12bot.com/)"
217.182.175.146 - - [02/Jul/2023:05:58:51 +0200] "GET /node/774?q=signupformailinglist HTTP/1.1" 404 4060 "-" "Mozilla/5.0 (compatible; MJ12bot/v1.4.8; http://mj12bot.com/)"
217.182.175.146 - - [02/Jul/2023:05:59:02 +0200] "GET /node/774?q=signupfornewsletter HTTP/1.1" 200 4719 "-" "Mozilla/5.0 (compatible; MJ12bot/v1.4.8; http://mj12bot.com/)"
217.182.175.146 - - [02/Jul/2023:05:59:13 +0200] "GET /node/775 HTTP/1.1" 200 9790 "-" "Mozilla/5.0 (compatible; MJ12bot/v1.4.8; http://mj12bot.com/)"
217.182.175.146 - - [02/Jul/2023:05:59:24 +0200] "GET /node/775?q=signupformailinglist HTTP/1.1" 404 4060 "-" "Mozilla/5.0 (compatible; MJ12bot/v1.4.8; http://mj12bot.com/)"
217.182.175.146 - - [02/Jul/2023:05:59:34 +0200] "GET /node/778 HTTP/1.1" 200 6105 "-" "Mozilla/5.0 (compatible; MJ12bot/v1.4.8; http://mj12bot.com/)"
217.182.175.146 - - [02/Jul/2023:05:59:45 +0200] "GET /node/778?q=signupformailinglist HTTP/1.1" 404 4060 "-" "Mozilla/5.0 (compatible; MJ12bot/v1.4.8; http://mj12bot.com/)"
217.182.175.146 - - [02/Jul/2023:05:59:56 +0200] "GET /node/778?q=signupfornewsletter HTTP/1.1" 200 4719 "-" "Mozilla/5.0 (compatible; MJ12bot/v1.4.8; http://mj12bot.com/)"
217.182.175.146 - - [02/Jul/2023:06:00:07 +0200] "GET /node/779 HTTP/1.1" 200 7843 "-" "Mozilla/5.0 (compatible; MJ12bot/v1.4.8; http://mj12bot.com/)"
66.102.6.32 - - [02/Jul/2023:06:00:07 +0200] "HEAD /blog/3/feed HTTP/1.1" 200 0 "-" "FeedBurner/1.0 (http://www.FeedBurner.com)"
54.36.148.168 - - [02/Jul/2023:06:01:19 +0200] "GET /eventscalendar/2023-W29 HTTP/1.1" 200 7736 "-" "Mozilla/5.0 (compatible; AhrefsBot/7.0; +http://ahrefs.com/robot/)"
217.182.175.146 - - [02/Jul/2023:06:01:57 +0200] "GET /node/779?q=signupformailinglist HTTP/1.1" 404 4060 "-" "Mozilla/5.0 (compatible; MJ12bot/v1.4.8; http://mj12bot.com/)"
217.182.175.146 - - [02/Jul/2023:06:02:07 +0200] "GET /node/779?q=signupfornewsletter HTTP/1.1" 200 4719 "-" "Mozilla/5.0 (compatible; MJ12bot/v1.4.8; http://mj12bot.com/)"
217.182.175.146 - - [02/Jul/2023:06:02:18 +0200] "GET /node/780 HTTP/1.1" 200 6727 "-" "Mozilla/5.0 (compatible; MJ12bot/v1.4.8; http://mj12bot.com/)"
217.182.175.146 - - [02/Jul/2023:06:02:28 +0200] "GET /node/780?q=signupformailinglist HTTP/1.1" 404 4060 "-" "Mozilla/5.0 (compatible; MJ12bot/v1.4.8; http://mj12bot.com/)"
217.182.175.146 - - [02/Jul/2023:06:02:39 +0200] "GET /node/780?q=signupfornewsletter HTTP/1.1" 200 4719 "-" "Mozilla/5.0 (compatible; MJ12bot/v1.4.8; http://mj12bot.com/)"
217.182.175.146 - - [02/Jul/2023:06:02:50 +0200] "GET /node/781 HTTP/1.1" 200 6430 "-" "Mozilla/5.0 (compatible; MJ12bot/v1.4.8; http://mj12bot.com/)"
217.182.175.146 - - [02/Jul/2023:06:03:00 +0200] "GET /node/781?q=signupformailinglist HTTP/1.1" 404 4060 "-" "Mozilla/5.0 (compatible; MJ12bot/v1.4.8; http://mj12bot.com/)"
40.77.167.169 - - [02/Jul/2023:06:03:05 +0200] "GET /eventscalendar/2025-12-05 HTTP/1.1" 200 5792 "-" "Mozilla/5.0 AppleWebKit/537.36 (KHTML, like Gecko; compatible; bingbot/2.0; +http://www.bing.com/bingbot.htm) Chrome/103.0.5060.134 Safari/537.36"
217.182.175.146 - - [02/Jul/2023:06:03:11 +0200] "GET /node/781?q=signupfornewsletter HTTP/1.1" 200 4719 "-" "Mozilla/5.0 (compatible; MJ12bot/v1.4.8; http://mj12bot.com/)"
217.182.175.146 - - [02/Jul/2023:06:03:22 +0200] "GET /node/784 HTTP/1.1" 200 6636 "-" "Mozilla/5.0 (compatible; MJ12bot/v1.4.8; http://mj12bot.com/)"
217.182.175.146 - - [02/Jul/2023:06:03:32 +0200] "GET /node/784?q=signupformailinglist HTTP/1.1" 404 4060 "-" "Mozilla/5.0 (compatible; MJ12bot/v1.4.8; http://mj12bot.com/)"
217.182.175.146 - - [02/Jul/2023:06:03:43 +0200] "GET /node/784?q=signupfornewsletter HTTP/1.1" 200 4719 "-" "Mozilla/5.0 (compatible; MJ12bot/v1.4.8; http://mj12bot.com/)"
217.182.175.146 - - [02/Jul/2023:06:03:54 +0200] "GET /node/787 HTTP/1.1" 200 8012 "-" "Mozilla/5.0 (compatible; MJ12bot/v1.4.8; http://mj12bot.com/)"
217.182.175.146 - - [02/Jul/2023:06:04:05 +0200] "GET /node/787?q=signupformailinglist HTTP/1.1" 404 4060 "-" "Mozilla/5.0 (compatible; MJ12bot/v1.4.8; http://mj12bot.com/)"
54.36.148.211 - - [02/Jul/2023:06:04:08 +0200] "GET /eventscalendar/2023-W30 HTTP/1.1" 200 7736 "-" "Mozilla/5.0 (compatible; AhrefsBot/7.0; +http://ahrefs.com/robot/)"
217.182.175.146 - - [02/Jul/2023:06:04:15 +0200] "GET /node/789 HTTP/1.1" 200 6011 "-" "Mozilla/5.0 (compatible; MJ12bot/v1.4.8; http://mj12bot.com/)"
217.182.175.146 - - [02/Jul/2023:06:04:26 +0200] "GET /node/789?q=signupformailinglist HTTP/1.1" 404 4060 "-" "Mozilla/5.0 (compatible; MJ12bot/v1.4.8; http://mj12bot.com/)"
217.182.175.146 - - [02/Jul/2023:06:04:37 +0200] "GET /node/789?q=signupfornewsletter HTTP/1.1" 200 4719 "-" "Mozilla/5.0 (compatible; MJ12bot/v1.4.8; http://mj12bot.com/)"
217.182.175.146 - - [02/Jul/2023:06:04:48 +0200] "GET /node/792 HTTP/1.1" 200 11790 "-" "Mozilla/5.0 (compatible; MJ12bot/v1.4.8; http://mj12bot.com/)"
217.182.175.146 - - [02/Jul/2023:06:04:59 +0200] "GET /node/792?q=signupformailinglist HTTP/1.1" 404 4060 "-" "Mozilla/5.0 (compatible; MJ12bot/v1.4.8; http://mj12bot.com/)"
54.36.149.71 - - [02/Jul/2023:06:06:48 +0200] "GET /eventscalendar/2023-W31 HTTP/1.1" 200 7736 "-" "Mozilla/5.0 (compatible; AhrefsBot/7.0; +http://ahrefs.com/robot/)"
217.182.175.146 - - [02/Jul/2023:06:08:05 +0200] "GET /node/794 HTTP/1.1" 200 7155 "-" "Mozilla/5.0 (compatible; MJ12bot/v1.4.8; http://mj12bot.com/)"
217.182.175.146 - - [02/Jul/2023:06:08:16 +0200] "GET /node/794?q=signupformailinglist HTTP/1.1" 404 4060 "-" "Mozilla/5.0 (compatible; MJ12bot/v1.4.8; http://mj12bot.com/)"
217.182.175.146 - - [02/Jul/2023:06:08:27 +0200] "GET /node/797 HTTP/1.1" 200 7437 "-" "Mozilla/5.0 (compatible; MJ12bot/v1.4.8; http://mj12bot.com/)"
217.182.175.146 - - [02/Jul/2023:06:08:37 +0200] "GET /node/797?q=signupformailinglist HTTP/1.1" 404 4060 "-" "Mozilla/5.0 (compatible; MJ12bot/v1.4.8; http://mj12bot.com/)"
5.255.231.91 - - [02/Jul/2023:06:08:41 +0200] "GET /eventscalendar/2019-W51?q=signupformailinglist HTTP/1.1" 404 4060 "-" "Mozilla/5.0 (compatible; YandexBot/3.0; +http://yandex.com/bots)"
217.182.175.146 - - [02/Jul/2023:06:08:48 +0200] "GET /node/798 HTTP/1.1" 200 34646 "-" "Mozilla/5.0 (compatible; MJ12bot/v1.4.8; http://mj12bot.com/)"
217.182.175.146 - - [02/Jul/2023:06:08:58 +0200] "GET /node/798?q=signupformailinglist HTTP/1.1" 404 4060 "-" "Mozilla/5.0 (compatible; MJ12bot/v1.4.8; http://mj12bot.com/)"
217.182.175.146 - - [02/Jul/2023:06:09:09 +0200] "GET /node/802 HTTP/1.1" 200 21016 "-" "Mozilla/5.0 (compatible; MJ12bot/v1.4.8; http://mj12bot.com/)"
217.182.175.146 - - [02/Jul/2023:06:09:20 +0200] "GET /node/802?q=signupformailinglist HTTP/1.1" 404 4060 "-" "Mozilla/5.0 (compatible; MJ12bot/v1.4.8; http://mj12bot.com/)"
217.182.175.146 - - [02/Jul/2023:06:09:30 +0200] "GET /node/802?q=signupfornewsletter HTTP/1.1" 200 4719 "-" "Mozilla/5.0 (compatible; MJ12bot/v1.4.8; http://mj12bot.com/)"
66.102.6.32 - - [02/Jul/2023:06:09:33 +0200] "GET /blog/3/feed HTTP/1.1" 200 2701 "-" "FeedBurner/1.0 (http://www.FeedBurner.com)"
217.182.175.146 - - [02/Jul/2023:06:09:41 +0200] "GET /node/803 HTTP/1.1" 200 9247 "-" "Mozilla/5.0 (compatible; MJ12bot/v1.4.8; http://mj12bot.com/)"
54.36.149.30 - - [02/Jul/2023:06:09:42 +0200] "GET /eventscalendar/2023-W32 HTTP/1.1" 200 7730 "-" "Mozilla/5.0 (compatible; AhrefsBot/7.0; +http://ahrefs.com/robot/)"
213.180.203.15 - - [02/Jul/2023:06:09:42 +0200] "GET /robots.txt HTTP/1.1" 200 1590 "-" "Mozilla/5.0 (compatible; YandexBot/3.0; +http://yandex.com/bots)"
217.182.175.146 - - [02/Jul/2023:06:09:52 +0200] "GET /node/803?q=signupformailinglist HTTP/1.1" 404 4060 "-" "Mozilla/5.0 (compatible; MJ12bot/v1.4.8; http://mj12bot.com/)"
217.182.175.146 - - [02/Jul/2023:06:10:03 +0200] "GET /node/803?q=signupfornewsletter HTTP/1.1" 200 4719 "-" "Mozilla/5.0 (compatible; MJ12bot/v1.4.8; http://mj12bot.com/)"
217.182.175.146 - - [02/Jul/2023:06:10:13 +0200] "GET /node/804 HTTP/1.1" 200 16618 "-" "Mozilla/5.0 (compatible; MJ12bot/v1.4.8; http://mj12bot.com/)"
217.182.175.146 - - [02/Jul/2023:06:10:24 +0200] "GET /node/804?q=signupformailinglist HTTP/1.1" 404 4060 "-" "Mozilla/5.0 (compatible; MJ12bot/v1.4.8; http://mj12bot.com/)"
217.182.175.146 - - [02/Jul/2023:06:10:35 +0200] "GET /node/805 HTTP/1.1" 200 6803 "-" "Mozilla/5.0 (compatible; MJ12bot/v1.4.8; http://mj12bot.com/)"
217.182.175.146 - - [02/Jul/2023:06:10:45 +0200] "GET /node/805?q=signupformailinglist HTTP/1.1" 404 4060 "-" "Mozilla/5.0 (compatible; MJ12bot/v1.4.8; http://mj12bot.com/)"
217.182.175.146 - - [02/Jul/2023:06:10:56 +0200] "GET /node/806 HTTP/1.1" 200 7590 "-" "Mozilla/5.0 (compatible; MJ12bot/v1.4.8; http://mj12bot.com/)"
66.102.6.34 - - [02/Jul/2023:06:11:02 +0200] "HEAD /blog/3/feed HTTP/1.1" 200 0 "-" "FeedBurner/1.0 (http://www.FeedBurner.com)"
217.182.175.146 - - [02/Jul/2023:06:11:07 +0200] "GET /node/806?q=signupformailinglist HTTP/1.1" 404 4060 "-" "Mozilla/5.0 (compatible; MJ12bot/v1.4.8; http://mj12bot.com/)"
217.182.175.146 - - [02/Jul/2023:06:11:17 +0200] "GET /node/806?q=signupfornewsletter HTTP/1.1" 200 4719 "-" "Mozilla/5.0 (compatible; MJ12bot/v1.4.8; http://mj12bot.com/)"
217.182.175.146 - - [02/Jul/2023:06:11:28 +0200] "GET /node/809 HTTP/1.1" 200 6644 "-" "Mozilla/5.0 (compatible; MJ12bot/v1.4.8; http://mj12bot.com/)"
217.182.175.146 - - [02/Jul/2023:06:11:39 +0200] "GET /node/809?q=signupformailinglist HTTP/1.1" 404 4060 "-" "Mozilla/5.0 (compatible; MJ12bot/v1.4.8; http://mj12bot.com/)"
217.182.175.146 - - [02/Jul/2023:06:13:17 +0200] "GET /node/809?q=signupfornewsletter HTTP/1.1" 200 4719 "-" "Mozilla/5.0 (compatible; MJ12bot/v1.4.8; http://mj12bot.com/)"
217.182.175.146 - - [02/Jul/2023:06:13:28 +0200] "GET /node/811 HTTP/1.1" 200 7007 "-" "Mozilla/5.0 (compatible; MJ12bot/v1.4.8; http://mj12bot.com/)"
217.182.175.146 - - [02/Jul/2023:06:13:38 +0200] "GET /node/811?q=signupformailinglist HTTP/1.1" 404 4060 "-" "Mozilla/5.0 (compatible; MJ12bot/v1.4.8; http://mj12bot.com/)"
217.182.175.146 - - [02/Jul/2023:06:13:49 +0200] "GET /node/816 HTTP/1.1" 200 6401 "-" "Mozilla/5.0 (compatible; MJ12bot/v1.4.8; http://mj12bot.com/)"
217.182.175.146 - - [02/Jul/2023:06:13:59 +0200] "GET /node/816?q=signupformailinglist HTTP/1.1" 404 4060 "-" "Mozilla/5.0 (compatible; MJ12bot/v1.4.8; http://mj12bot.com/)"
217.182.175.146 - - [02/Jul/2023:06:14:10 +0200] "GET /node/820 HTTP/1.1" 200 6534 "-" "Mozilla/5.0 (compatible; MJ12bot/v1.4.8; http://mj12bot.com/)"
217.182.175.146 - - [02/Jul/2023:06:14:21 +0200] "GET /node/820?q=signupformailinglist HTTP/1.1" 404 4060 "-" "Mozilla/5.0 (compatible; MJ12bot/v1.4.8; http://mj12bot.com/)"
217.182.175.146 - - [02/Jul/2023:06:14:31 +0200] "GET /node/824 HTTP/1.1" 200 8752 "-" "Mozilla/5.0 (compatible; MJ12bot/v1.4.8; http://mj12bot.com/)"
217.182.175.146 - - [02/Jul/2023:06:14:42 +0200] "GET /node/824?q=signupformailinglist HTTP/1.1" 404 4060 "-" "Mozilla/5.0 (compatible; MJ12bot/v1.4.8; http://mj12bot.com/)"
217.182.175.146 - - [02/Jul/2023:06:14:53 +0200] "GET /node/825 HTTP/1.1" 200 7340 "-" "Mozilla/5.0 (compatible; MJ12bot/v1.4.8; http://mj12bot.com/)"
66.249.66.8 - - [02/Jul/2023:06:15:00 +0200] "GET /node?page=3&from=6 HTTP/1.1" 200 17189 "-" "Mozilla/5.0 (Linux; Android 6.0.1; Nexus 5X Build/MMB29P) AppleWebKit/537.36 (KHTML, like Gecko) Chrome/114.0.5735.179 Mobile Safari/537.36 (compatible; Googlebot/2.1; +http://www.google.com/bot.html)"
217.182.175.146 - - [02/Jul/2023:06:15:03 +0200] "GET /node/825?q=signupformailinglist HTTP/1.1" 404 4060 "-" "Mozilla/5.0 (compatible; MJ12bot/v1.4.8; http://mj12bot.com/)"
217.182.175.146 - - [02/Jul/2023:06:15:14 +0200] "GET /node/837 HTTP/1.1" 200 7729 "-" "Mozilla/5.0 (compatible; MJ12bot/v1.4.8; http://mj12bot.com/)"
217.182.175.146 - - [02/Jul/2023:06:15:25 +0200] "GET /node/837?q=signupformailinglist HTTP/1.1" 404 4060 "-" "Mozilla/5.0 (compatible; MJ12bot/v1.4.8; http://mj12bot.com/)"
217.182.175.146 - - [02/Jul/2023:06:15:35 +0200] "GET /node/837?q=signupfornewsletter HTTP/1.1" 200 4719 "-" "Mozilla/5.0 (compatible; MJ12bot/v1.4.8; http://mj12bot.com/)"
217.182.175.146 - - [02/Jul/2023:06:15:46 +0200] "GET /node/839 HTTP/1.1" 200 6284 "-" "Mozilla/5.0 (compatible; MJ12bot/v1.4.8; http://mj12bot.com/)"
217.182.175.146 - - [02/Jul/2023:06:15:57 +0200] "GET /node/839?q=signupformailinglist HTTP/1.1" 404 4060 "-" "Mozilla/5.0 (compatible; MJ12bot/v1.4.8; http://mj12bot.com/)"
217.182.175.146 - - [02/Jul/2023:06:16:08 +0200] "GET /node/839?q=signupfornewsletter HTTP/1.1" 200 4719 "-" "Mozilla/5.0 (compatible; MJ12bot/v1.4.8; http://mj12bot.com/)"
217.182.175.146 - - [02/Jul/2023:06:16:19 +0200] "GET /node/843 HTTP/1.1" 200 7980 "-" "Mozilla/5.0 (compatible; MJ12bot/v1.4.8; http://mj12bot.com/)"
217.182.175.146 - - [02/Jul/2023:06:16:29 +0200] "GET /node/843?q=signupformailinglist HTTP/1.1" 404 4060 "-" "Mozilla/5.0 (compatible; MJ12bot/v1.4.8; http://mj12bot.com/)"
217.182.175.146 - - [02/Jul/2023:06:16:40 +0200] "GET /node/850 HTTP/1.1" 200 6936 "-" "Mozilla/5.0 (compatible; MJ12bot/v1.4.8; http://mj12bot.com/)"
217.182.175.146 - - [02/Jul/2023:06:16:51 +0200] "GET /node/850?q=signupformailinglist HTTP/1.1" 404 4060 "-" "Mozilla/5.0 (compatible; MJ12bot/v1.4.8; http://mj12bot.com/)"
217.182.175.146 - - [02/Jul/2023:06:17:02 +0200] "GET /node/852 HTTP/1.1" 200 5813 "-" "Mozilla/5.0 (compatible; MJ12bot/v1.4.8; http://mj12bot.com/)"
195.56.55.225 - - [02/Jul/2023:06:17:02 +0200] "GET /cron.php HTTP/1.0" 200 0 "-" "Wget/1.10.2"
217.182.175.146 - - [02/Jul/2023:06:17:12 +0200] "GET /node/852?q=signupformailinglist HTTP/1.1" 404 4060 "-" "Mozilla/5.0 (compatible; MJ12bot/v1.4.8; http://mj12bot.com/)"
217.182.175.146 - - [02/Jul/2023:06:17:23 +0200] "GET /node/853 HTTP/1.1" 200 10233 "-" "Mozilla/5.0 (compatible; MJ12bot/v1.4.8; http://mj12bot.com/)"
217.182.175.146 - - [02/Jul/2023:06:17:33 +0200] "GET /node/853?q=signupformailinglist HTTP/1.1" 404 4060 "-" "Mozilla/5.0 (compatible; MJ12bot/v1.4.8; http://mj12bot.com/)"
217.182.175.146 - - [02/Jul/2023:06:17:43 +0200] "GET /node/857 HTTP/1.1" 200 6641 "-" "Mozilla/5.0 (compatible; MJ12bot/v1.4.8; http://mj12bot.com/)"
217.182.175.146 - - [02/Jul/2023:06:17:54 +0200] "GET /node/857?q=signupformailinglist HTTP/1.1" 404 4060 "-" "Mozilla/5.0 (compatible; MJ12bot/v1.4.8; http://mj12bot.com/)"
217.182.175.146 - - [02/Jul/2023:06:18:05 +0200] "GET /node/858 HTTP/1.1" 200 8855 "-" "Mozilla/5.0 (compatible; MJ12bot/v1.4.8; http://mj12bot.com/)"
217.182.175.146 - - [02/Jul/2023:06:18:16 +0200] "GET /node/858?q=signupformailinglist HTTP/1.1" 404 4060 "-" "Mozilla/5.0 (compatible; MJ12bot/v1.4.8; http://mj12bot.com/)"
217.182.175.146 - - [02/Jul/2023:06:18:27 +0200] "GET /node/859 HTTP/1.1" 200 6558 "-" "Mozilla/5.0 (compatible; MJ12bot/v1.4.8; http://mj12bot.com/)"
217.182.175.146 - - [02/Jul/2023:06:18:38 +0200] "GET /node/859?q=signupformailinglist HTTP/1.1" 404 4060 "-" "Mozilla/5.0 (compatible; MJ12bot/v1.4.8; http://mj12bot.com/)"
217.182.175.146 - - [02/Jul/2023:06:18:48 +0200] "GET /node/860 HTTP/1.1" 200 7796 "-" "Mozilla/5.0 (compatible; MJ12bot/v1.4.8; http://mj12bot.com/)"
217.182.175.146 - - [02/Jul/2023:06:18:58 +0200] "GET /node/860?q=signupformailinglist HTTP/1.1" 404 4060 "-" "Mozilla/5.0 (compatible; MJ12bot/v1.4.8; http://mj12bot.com/)"
94.130.158.157 - - [02/Jul/2023:06:19:09 +0200] "GET / HTTP/1.1" 200 17651 "http://www.treehugger.hu" "Mozilla/5.0 (X11; Ubuntu; Linux x86_64; rv:102.0) Gecko/20100101 Firefox/102.0"
94.130.158.157 - - [02/Jul/2023:06:19:09 +0200] "GET /?q=user HTTP/1.1" 200 5465 "http://www.treehugger.hu" "Mozilla/5.0 (X11; Ubuntu; Linux x86_64; rv:102.0) Gecko/20100101 Firefox/102.0"
94.130.158.157 - - [02/Jul/2023:06:19:09 +0200] "POST /?q=user HTTP/1.1" 200 5488 "http://www.treehugger.hu/?q=user" "Mozilla/5.0 (X11; Ubuntu; Linux x86_64; rv:102.0) Gecko/20100101 Firefox/102.0"
94.130.158.157 - - [02/Jul/2023:06:19:09 +0200] "POST /?q=user HTTP/1.1" 200 5488 "http://www.treehugger.hu/?q=user" "Mozilla/5.0 (X11; Ubuntu; Linux x86_64; rv:102.0) Gecko/20100101 Firefox/102.0"
217.182.175.146 - - [02/Jul/2023:06:19:10 +0200] "GET /node/862 HTTP/1.1" 200 6893 "-" "Mozilla/5.0 (compatible; MJ12bot/v1.4.8; http://mj12bot.com/)"
94.130.158.157 - - [02/Jul/2023:06:19:10 +0200] "GET /?q=node/add HTTP/1.1" 200 4284 "http://www.treehugger.hu/" "Mozilla/5.0 (X11; Ubuntu; Linux x86_64; rv:102.0) Gecko/20100101 Firefox/102.0"
94.130.158.157 - - [02/Jul/2023:06:19:10 +0200] "GET /positiveblog HTTP/1.1" 200 15052 "http://www.treehugger.hu/?q=node/add" "Mozilla/5.0 (X11; Ubuntu; Linux x86_64; rv:102.0) Gecko/20100101 Firefox/102.0"
94.130.158.157 - - [02/Jul/2023:06:19:10 +0200] "GET /?q=user HTTP/1.1" 200 1974 "http://www.treehugger.hu/" "Mozilla/5.0 (X11; Ubuntu; Linux x86_64; rv:102.0) Gecko/20100101 Firefox/102.0"
217.182.175.146 - - [02/Jul/2023:06:19:19 +0200] "GET /node/862?q=signupformailinglist HTTP/1.1" 404 4060 "-" "Mozilla/5.0 (compatible; MJ12bot/v1.4.8; http://mj12bot.com/)"
217.182.175.146 - - [02/Jul/2023:06:19:30 +0200] "GET /node/863 HTTP/1.1" 200 8472 "-" "Mozilla/5.0 (compatible; MJ12bot/v1.4.8; http://mj12bot.com/)"
217.182.175.146 - - [02/Jul/2023:06:19:40 +0200] "GET /node/863?q=signupformailinglist HTTP/1.1" 404 4060 "-" "Mozilla/5.0 (compatible; MJ12bot/v1.4.8; http://mj12bot.com/)"
217.182.175.146 - - [02/Jul/2023:06:19:52 +0200] "GET /node/868 HTTP/1.1" 200 7399 "-" "Mozilla/5.0 (compatible; MJ12bot/v1.4.8; http://mj12bot.com/)"
217.182.175.146 - - [02/Jul/2023:06:20:03 +0200] "GET /node/868?q=signupformailinglist HTTP/1.1" 404 4060 "-" "Mozilla/5.0 (compatible; MJ12bot/v1.4.8; http://mj12bot.com/)"
217.182.175.146 - - [02/Jul/2023:06:20:13 +0200] "GET /node/869 HTTP/1.1" 200 7860 "-" "Mozilla/5.0 (compatible; MJ12bot/v1.4.8; http://mj12bot.com/)"
217.182.175.146 - - [02/Jul/2023:06:20:24 +0200] "GET /node/869?q=signupformailinglist HTTP/1.1" 404 4060 "-" "Mozilla/5.0 (compatible; MJ12bot/v1.4.8; http://mj12bot.com/)"
217.182.175.146 - - [02/Jul/2023:06:20:34 +0200] "GET /node/872 HTTP/1.1" 200 8038 "-" "Mozilla/5.0 (compatible; MJ12bot/v1.4.8; http://mj12bot.com/)"
217.182.175.146 - - [02/Jul/2023:06:20:45 +0200] "GET /node/872?q=signupformailinglist HTTP/1.1" 404 4060 "-" "Mozilla/5.0 (compatible; MJ12bot/v1.4.8; http://mj12bot.com/)"
217.182.175.146 - - [02/Jul/2023:06:20:56 +0200] "GET /node/874 HTTP/1.1" 200 6435 "-" "Mozilla/5.0 (compatible; MJ12bot/v1.4.8; http://mj12bot.com/)"
217.182.175.146 - - [02/Jul/2023:06:21:07 +0200] "GET /node/874?q=signupformailinglist HTTP/1.1" 404 4060 "-" "Mozilla/5.0 (compatible; MJ12bot/v1.4.8; http://mj12bot.com/)"
66.102.6.34 - - [02/Jul/2023:06:24:06 +0200] "GET /blog/3/feed HTTP/1.1" 200 11638 "-" "FeedBurner/1.0 (http://www.FeedBurner.com)"
185.25.35.11 - - [02/Jul/2023:06:25:50 +0200] "GET /robots.txt HTTP/1.1" 200 1590 "-" "magpie-crawler/1.1 (robots-txt-checker; +http://www.brandwatch.net)"
185.25.35.12 - - [02/Jul/2023:06:25:50 +0200] "GET /blog/3/feed HTTP/1.1" 200 2701 "-" "magpie-crawler/1.1 (U; Linux amd64; en-GB; +http://www.brandwatch.net)"
66.249.66.32 - - [02/Jul/2023:06:30:01 +0200] "GET /eventscalendar/2023-W24 HTTP/1.1" 200 7730 "-" "Mozilla/5.0 (compatible; Googlebot/2.1; +http://www.google.com/bot.html)"
120.202.128.112 - - [02/Jul/2023:06:30:48 +0200] "GET / HTTP/1.0" 200 17638 "http://www.treehugger.hu" "Mozilla/5.0 (Windows NT 10.0) AppleWebKit/537.36 (KHTML, like Gecko) Chrome/103.0.0.0 Safari/537.36"
120.202.128.112 - - [02/Jul/2023:06:30:54 +0200] "GET /?q=user HTTP/1.0" 200 5452 "http://www.treehugger.hu" "Mozilla/5.0 (Windows NT 10.0) AppleWebKit/537.36 (KHTML, like Gecko) Chrome/103.0.0.0 Safari/537.36"
120.202.128.112 - - [02/Jul/2023:06:30:55 +0200] "POST /?q=user HTTP/1.0" 200 5476 "http://www.treehugger.hu/?q=user" "Mozilla/5.0 (Windows NT 10.0) AppleWebKit/537.36 (KHTML, like Gecko) Chrome/103.0.0.0 Safari/537.36"
120.202.128.112 - - [02/Jul/2023:06:30:57 +0200] "POST /?q=user HTTP/1.0" 200 5476 "http://www.treehugger.hu/?q=user" "Mozilla/5.0 (Windows NT 10.0) AppleWebKit/537.36 (KHTML, like Gecko) Chrome/103.0.0.0 Safari/537.36"
120.202.128.112 - - [02/Jul/2023:06:30:58 +0200] "GET /?q=node/add HTTP/1.0" 200 4271 "http://www.treehugger.hu/" "Mozilla/5.0 (Windows NT 10.0) AppleWebKit/537.36 (KHTML, like Gecko) Chrome/103.0.0.0 Safari/537.36"
120.202.128.112 - - [02/Jul/2023:06:31:15 +0200] "GET /positiveblog HTTP/1.0" 200 15039 "http://www.treehugger.hu/?q=node/add" "Mozilla/5.0 (Windows NT 10.0) AppleWebKit/537.36 (KHTML, like Gecko) Chrome/103.0.0.0 Safari/537.36"
120.202.128.112 - - [02/Jul/2023:06:31:16 +0200] "GET /?q=user HTTP/1.0" 200 5452 "http://www.treehugger.hu/" "Mozilla/5.0 (Windows NT 10.0) AppleWebKit/537.36 (KHTML, like Gecko) Chrome/103.0.0.0 Safari/537.36"
94.130.158.157 - - [02/Jul/2023:06:32:41 +0200] "GET / HTTP/1.1" 200 4123 "http://www.treehugger.hu" "Mozilla/5.0 (Windows NT 10.0; WOW64) AppleWebKit/537.36 (KHTML, like Gecko) Chrome/103.0.0.0 YaBrowser/22.7.0 Yowser/2.5 Safari/537.36"
94.130.158.157 - - [02/Jul/2023:06:32:42 +0200] "GET /?q=user HTTP/1.1" 200 1974 "http://www.treehugger.hu" "Mozilla/5.0 (Windows NT 10.0; WOW64) AppleWebKit/537.36 (KHTML, like Gecko) Chrome/103.0.0.0 YaBrowser/22.7.0 Yowser/2.5 Safari/537.36"
94.130.158.157 - - [02/Jul/2023:06:32:42 +0200] "POST /?q=user HTTP/1.1" 200 5489 "http://www.treehugger.hu/?q=user" "Mozilla/5.0 (Windows NT 10.0; WOW64) AppleWebKit/537.36 (KHTML, like Gecko) Chrome/103.0.0.0 YaBrowser/22.7.0 Yowser/2.5 Safari/537.36"
94.130.158.157 - - [02/Jul/2023:06:32:42 +0200] "POST /?q=user HTTP/1.1" 200 5489 "http://www.treehugger.hu/?q=user" "Mozilla/5.0 (Windows NT 10.0; WOW64) AppleWebKit/537.36 (KHTML, like Gecko) Chrome/103.0.0.0 YaBrowser/22.7.0 Yowser/2.5 Safari/537.36"
94.130.158.157 - - [02/Jul/2023:06:32:42 +0200] "GET /?q=node/add HTTP/1.1" 200 1581 "http://www.treehugger.hu/" "Mozilla/5.0 (Windows NT 10.0; WOW64) AppleWebKit/537.36 (KHTML, like Gecko) Chrome/103.0.0.0 YaBrowser/22.7.0 Yowser/2.5 Safari/537.36"
94.130.158.157 - - [02/Jul/2023:06:32:42 +0200] "GET /positiveblog HTTP/1.1" 200 4068 "http://www.treehugger.hu/?q=node/add" "Mozilla/5.0 (Windows NT 10.0; WOW64) AppleWebKit/537.36 (KHTML, like Gecko) Chrome/103.0.0.0 YaBrowser/22.7.0 Yowser/2.5 Safari/537.36"
94.130.158.157 - - [02/Jul/2023:06:32:42 +0200] "GET /?q=user HTTP/1.1" 200 1974 "http://www.treehugger.hu/" "Mozilla/5.0 (Windows NT 10.0; WOW64) AppleWebKit/537.36 (KHTML, like Gecko) Chrome/103.0.0.0 YaBrowser/22.7.0 Yowser/2.5 Safari/537.36"
216.244.66.232 - - [02/Jul/2023:06:38:16 +0200] "GET /robots.txt HTTP/1.1" 200 1590 "-" "Mozilla/5.0 (compatible; DotBot/1.2; +https://opensiteexplorer.org/dotbot; help@moz.com)"
52.167.144.48 - - [02/Jul/2023:06:38:43 +0200] "GET /node/106 HTTP/1.1" 200 5604 "-" "Mozilla/5.0 AppleWebKit/537.36 (KHTML, like Gecko; compatible; bingbot/2.0; +http://www.bing.com/bingbot.htm) Chrome/103.0.5060.134 Safari/537.36"
49.12.13.109 - - [02/Jul/2023:06:40:23 +0200] "HEAD / HTTP/1.1" 200 0 "-" "Alert_Alligator_webmonitoring_service_1.6.3_(alertalligator.com)"
216.244.66.232 - - [02/Jul/2023:06:42:21 +0200] "GET /eventscalendar/2026-09-13 HTTP/1.1" 200 5794 "-" "Mozilla/5.0 (compatible; DotBot/1.2; +https://opensiteexplorer.org/dotbot; help@moz.com)"
216.244.66.232 - - [02/Jul/2023:06:42:32 +0200] "GET /eventscalendar/2026-09-14 HTTP/1.1" 200 5794 "-" "Mozilla/5.0 (compatible; DotBot/1.2; +https://opensiteexplorer.org/dotbot; help@moz.com)"
216.244.66.232 - - [02/Jul/2023:06:42:43 +0200] "GET /eventscalendar/2026-09-20 HTTP/1.1" 200 5794 "-" "Mozilla/5.0 (compatible; DotBot/1.2; +https://opensiteexplorer.org/dotbot; help@moz.com)"
216.244.66.232 - - [02/Jul/2023:06:42:54 +0200] "GET /eventscalendar/2026-09-25 HTTP/1.1" 200 5794 "-" "Mozilla/5.0 (compatible; DotBot/1.2; +https://opensiteexplorer.org/dotbot; help@moz.com)"
207.46.13.210 - - [02/Jul/2023:06:46:28 +0200] "GET /eventscalendar/2024-03-22 HTTP/1.1" 200 5790 "-" "Mozilla/5.0 AppleWebKit/537.36 (KHTML, like Gecko; compatible; bingbot/2.0; +http://www.bing.com/bingbot.htm) Chrome/103.0.5060.134 Safari/537.36"
54.36.148.76 - - [02/Jul/2023:06:47:14 +0200] "GET / HTTP/1.1" 200 17647 "-" "Mozilla/5.0 (compatible; AhrefsBot/7.0; +http://ahrefs.com/robot/)"
211.130.63.227 - - [02/Jul/2023:06:48:31 +0200] "GET /sites/default/files/images/bianca2.jpg HTTP/1.1" 200 176781 "-" "Mozilla/5.0 (X11; Ubuntu; Linux x86_64; rv:72.0) Gecko/20100101 Firefox/72.0"
40.77.167.169 - - [02/Jul/2023:06:49:49 +0200] "GET /eventscalendar/2022-01-07 HTTP/1.1" 200 5791 "-" "Mozilla/5.0 AppleWebKit/537.36 (KHTML, like Gecko; compatible; bingbot/2.0; +http://www.bing.com/bingbot.htm) Chrome/103.0.5060.134 Safari/537.36"
54.36.148.20 - - [02/Jul/2023:06:49:58 +0200] "GET /node/870 HTTP/1.1" 200 5881 "-" "Mozilla/5.0 (compatible; AhrefsBot/7.0; +http://ahrefs.com/robot/)"
66.102.6.34 - - [02/Jul/2023:06:50:41 +0200] "HEAD /blog/3/feed HTTP/1.1" 200 0 "-" "FeedBurner/1.0 (http://www.FeedBurner.com)"
66.102.6.34 - - [02/Jul/2023:06:50:56 +0200] "HEAD /blog/3/feed HTTP/1.1" 200 0 "-" "FeedBurner/1.0 (http://www.FeedBurner.com)"
54.36.149.78 - - [02/Jul/2023:06:51:37 +0200] "GET /node/19216?q=signupformailinglist HTTP/1.1" 404 4060 "-" "Mozilla/5.0 (compatible; AhrefsBot/7.0; +http://ahrefs.com/robot/)"
54.36.149.93 - - [02/Jul/2023:06:53:21 +0200] "GET /eventscalendar/2023-07-02 HTTP/1.1" 200 5788 "-" "Mozilla/5.0 (compatible; AhrefsBot/7.0; +http://ahrefs.com/robot/)"
54.36.148.14 - - [02/Jul/2023:06:55:04 +0200] "GET /positiveblog?page=4 HTTP/1.1" 200 15772 "-" "Mozilla/5.0 (compatible; AhrefsBot/7.0; +http://ahrefs.com/robot/)"
54.36.149.44 - - [02/Jul/2023:06:56:50 +0200] "GET /positiveblog?page=6 HTTP/1.1" 200 15869 "-" "Mozilla/5.0 (compatible; AhrefsBot/7.0; +http://ahrefs.com/robot/)"
54.36.149.71 - - [02/Jul/2023:06:58:53 +0200] "GET /node/19242?q=signupfornewsletter HTTP/1.1" 200 4719 "-" "Mozilla/5.0 (compatible; AhrefsBot/7.0; +http://ahrefs.com/robot/)"
54.36.148.138 - - [02/Jul/2023:07:00:46 +0200] "GET /productinformation HTTP/1.1" 200 8477 "-" "Mozilla/5.0 (compatible; AhrefsBot/7.0; +http://ahrefs.com/robot/)"
40.77.167.169 - - [02/Jul/2023:07:00:51 +0200] "GET /eventscalendar/2022-04-04 HTTP/1.1" 200 5789 "-" "Mozilla/5.0 AppleWebKit/537.36 (KHTML, like Gecko; compatible; bingbot/2.0; +http://www.bing.com/bingbot.htm) Chrome/103.0.5060.134 Safari/537.36"
31.13.127.18 - - [02/Jul/2023:07:01:02 +0200] "GET /sites/default/files/house.jpg HTTP/1.1" 200 3361011 "-" "facebookexternalhit/1.1 (+http://www.facebook.com/externalhit_uatext.php)"
40.77.167.169 - - [02/Jul/2023:07:01:30 +0200] "GET /eventscalendar/2022-12-16 HTTP/1.1" 200 5793 "-" "Mozilla/5.0 AppleWebKit/537.36 (KHTML, like Gecko; compatible; bingbot/2.0; +http://www.bing.com/bingbot.htm) Chrome/103.0.5060.134 Safari/537.36"
185.220.102.247 - - [02/Jul/2023:07:02:25 +0200] "GET /wp-content/plugins/woocommerce/readme.txt HTTP/1.1" 404 4060 "-" "Mozilla/5.0 (X11; OpenBSD i386) AppleWebKit/537.36 (KHTML, like Gecko) Chrome/36.0.1985.125 Safari/537.36"
54.36.148.96 - - [02/Jul/2023:07:02:32 +0200] "GET /node/294?q=signupfornewsletter HTTP/1.1" 200 4719 "-" "Mozilla/5.0 (compatible; AhrefsBot/7.0; +http://ahrefs.com/robot/)"
54.36.148.234 - - [02/Jul/2023:07:04:22 +0200] "GET /node/802 HTTP/1.1" 200 21016 "-" "Mozilla/5.0 (compatible; AhrefsBot/7.0; +http://ahrefs.com/robot/)"
66.102.6.33 - - [02/Jul/2023:07:05:41 +0200] "HEAD /blog/3/feed HTTP/1.1" 200 0 "-" "FeedBurner/1.0 (http://www.FeedBurner.com)"
54.36.148.115 - - [02/Jul/2023:07:06:11 +0200] "GET /node/22?q=signupfornewsletter HTTP/1.1" 200 4719 "-" "Mozilla/5.0 (compatible; AhrefsBot/7.0; +http://ahrefs.com/robot/)"
66.102.6.33 - - [02/Jul/2023:07:06:43 +0200] "GET /blog/3/feed HTTP/1.1" 200 2701 "-" "FeedBurner/1.0 (http://www.FeedBurner.com)"
54.36.148.126 - - [02/Jul/2023:07:08:09 +0200] "GET /node/216?q=signupfornewsletter HTTP/1.1" 200 4719 "-" "Mozilla/5.0 (compatible; AhrefsBot/7.0; +http://ahrefs.com/robot/)"
66.102.6.32 - - [02/Jul/2023:07:09:03 +0200] "GET /blog/3/feed HTTP/1.1" 200 2701 "-" "FeedBurner/1.0 (http://www.FeedBurner.com)"
54.36.148.101 - - [02/Jul/2023:07:10:31 +0200] "GET /node/23?q=signupfornewsletter HTTP/1.1" 200 4719 "-" "Mozilla/5.0 (compatible; AhrefsBot/7.0; +http://ahrefs.com/robot/)"
217.182.175.146 - - [02/Jul/2023:07:12:15 +0200] "GET /node/874?q=signupfornewsletter HTTP/1.1" 200 4719 "-" "Mozilla/5.0 (compatible; MJ12bot/v1.4.8; http://mj12bot.com/)"
217.182.175.146 - - [02/Jul/2023:07:12:26 +0200] "GET /node/875 HTTP/1.1" 200 8422 "-" "Mozilla/5.0 (compatible; MJ12bot/v1.4.8; http://mj12bot.com/)"
217.182.175.146 - - [02/Jul/2023:07:12:36 +0200] "GET /node/875?q=signupformailinglist HTTP/1.1" 404 4060 "-" "Mozilla/5.0 (compatible; MJ12bot/v1.4.8; http://mj12bot.com/)"
217.182.175.146 - - [02/Jul/2023:07:12:47 +0200] "GET /node/875?q=signupfornewsletter HTTP/1.1" 200 4719 "-" "Mozilla/5.0 (compatible; MJ12bot/v1.4.8; http://mj12bot.com/)"
54.36.148.31 - - [02/Jul/2023:07:12:48 +0200] "GET /node/624 HTTP/1.1" 200 7136 "-" "Mozilla/5.0 (compatible; AhrefsBot/7.0; +http://ahrefs.com/robot/)"
217.182.175.146 - - [02/Jul/2023:07:12:58 +0200] "GET /node/882 HTTP/1.1" 200 8854 "-" "Mozilla/5.0 (compatible; MJ12bot/v1.4.8; http://mj12bot.com/)"
217.182.175.146 - - [02/Jul/2023:07:13:09 +0200] "GET /node/882?q=signupformailinglist HTTP/1.1" 404 4060 "-" "Mozilla/5.0 (compatible; MJ12bot/v1.4.8; http://mj12bot.com/)"
217.182.175.146 - - [02/Jul/2023:07:13:20 +0200] "GET /node/882?q=signupfornewsletter HTTP/1.1" 200 4719 "-" "Mozilla/5.0 (compatible; MJ12bot/v1.4.8; http://mj12bot.com/)"
217.182.175.146 - - [02/Jul/2023:07:13:31 +0200] "GET /node/8986 HTTP/1.1" 200 8006 "-" "Mozilla/5.0 (compatible; MJ12bot/v1.4.8; http://mj12bot.com/)"
217.182.175.146 - - [02/Jul/2023:07:13:42 +0200] "GET /node/8986?q=signupformailinglist HTTP/1.1" 404 4060 "-" "Mozilla/5.0 (compatible; MJ12bot/v1.4.8; http://mj12bot.com/)"
217.182.175.146 - - [02/Jul/2023:07:13:53 +0200] "GET /node/899 HTTP/1.1" 200 8059 "-" "Mozilla/5.0 (compatible; MJ12bot/v1.4.8; http://mj12bot.com/)"
217.182.175.146 - - [02/Jul/2023:07:14:04 +0200] "GET /node/899?q=signupformailinglist HTTP/1.1" 404 4060 "-" "Mozilla/5.0 (compatible; MJ12bot/v1.4.8; http://mj12bot.com/)"
54.36.148.77 - - [02/Jul/2023:07:14:58 +0200] "GET /contact?q=signupfornewsletter HTTP/1.1" 200 4719 "-" "Mozilla/5.0 (compatible; AhrefsBot/7.0; +http://ahrefs.com/robot/)"
213.180.203.117 - - [02/Jul/2023:07:15:31 +0200] "GET /eventscalendar/2021-W6 HTTP/1.1" 200 7708 "-" "Mozilla/5.0 (compatible; YandexBot/3.0; +http://yandex.com/bots)"
52.167.144.48 - - [02/Jul/2023:07:16:17 +0200] "GET /eventscalendar/2022-12-19 HTTP/1.1" 200 5793 "-" "Mozilla/5.0 AppleWebKit/537.36 (KHTML, like Gecko; compatible; bingbot/2.0; +http://www.bing.com/bingbot.htm) Chrome/103.0.5060.134 Safari/537.36"
54.36.148.104 - - [02/Jul/2023:07:16:39 +0200] "GET /eventscalendar/2023-08-01 HTTP/1.1" 200 5791 "-" "Mozilla/5.0 (compatible; AhrefsBot/7.0; +http://ahrefs.com/robot/)"
195.56.55.225 - - [02/Jul/2023:07:17:02 +0200] "GET /cron.php HTTP/1.0" 200 0 "-" "Wget/1.10.2"
114.119.134.110 - - [02/Jul/2023:07:17:22 +0200] "GET /node/517 HTTP/1.1" 200 6588 "http://www.treehugger.hu/blog?page=48" "Mozilla/5.0 (Linux; Android 7.0;) AppleWebKit/537.36 (KHTML, like Gecko) Mobile Safari/537.36 (compatible; PetalBot;+https://webmaster.petalsearch.com/site/petalbot)"
66.102.6.34 - - [02/Jul/2023:07:18:32 +0200] "GET /blog/3/feed HTTP/1.1" 200 11638 "-" "FeedBurner/1.0 (http://www.FeedBurner.com)"
54.36.148.175 - - [02/Jul/2023:07:18:45 +0200] "GET /eventscalendar/2023-07-03?q=signupformailinglist HTTP/1.1" 404 4060 "-" "Mozilla/5.0 (compatible; AhrefsBot/7.0; +http://ahrefs.com/robot/)"
114.119.152.235 - - [02/Jul/2023:07:18:46 +0200] "GET /eventscalendar/2023-W25 HTTP/1.1" 200 7736 "http://www.treehugger.hu/eventscalendar/2023-06" "Mozilla/5.0 (Linux; Android 7.0;) AppleWebKit/537.36 (KHTML, like Gecko) Mobile Safari/537.36 (compatible; PetalBot;+https://webmaster.petalsearch.com/site/petalbot)"
66.249.92.7 - - [02/Jul/2023:07:19:28 +0200] "GET /rss.xml HTTP/1.1" 200 14405 "-" "FeedFetcher-Google; (+http://www.google.com/feedfetcher.html)"
66.249.92.6 - - [02/Jul/2023:07:19:30 +0200] "GET /blog/3/feed HTTP/1.1" 200 2701 "-" "FeedFetcher-Google; (+http://www.google.com/feedfetcher.html)"
114.119.145.89 - - [02/Jul/2023:07:20:41 +0200] "GET /node/987 HTTP/1.1" 200 21484 "http://www.treehugger.hu/positiveblog?page=19" "Mozilla/5.0 (Linux; Android 7.0;) AppleWebKit/537.36 (KHTML, like Gecko) Mobile Safari/537.36 (compatible; PetalBot;+https://webmaster.petalsearch.com/site/petalbot)"
54.36.148.182 - - [02/Jul/2023:07:20:49 +0200] "GET /eventscalendar/2023-07-03?q=signupfornewsletter HTTP/1.1" 200 4719 "-" "Mozilla/5.0 (compatible; AhrefsBot/7.0; +http://ahrefs.com/robot/)"
114.119.155.210 - - [02/Jul/2023:07:22:45 +0200] "GET /node/775 HTTP/1.1" 200 9790 "http://www.treehugger.hu/positiveblog?page=33" "Mozilla/5.0 (Linux; Android 7.0;) AppleWebKit/537.36 (KHTML, like Gecko) Mobile Safari/537.36 (compatible; PetalBot;+https://webmaster.petalsearch.com/site/petalbot)"
54.36.148.83 - - [02/Jul/2023:07:22:48 +0200] "GET /eventscalendar/2023-07-04?q=signupformailinglist HTTP/1.1" 404 4060 "-" "Mozilla/5.0 (compatible; AhrefsBot/7.0; +http://ahrefs.com/robot/)"
114.119.147.45 - - [02/Jul/2023:07:23:57 +0200] "GET /node/769 HTTP/1.1" 200 6876 "http://www.treehugger.hu/positiveblog?page=33" "Mozilla/5.0 (Linux; Android 7.0;) AppleWebKit/537.36 (KHTML, like Gecko) Mobile Safari/537.36 (compatible; PetalBot;+https://webmaster.petalsearch.com/site/petalbot)"
54.36.148.150 - - [02/Jul/2023:07:24:27 +0200] "GET /eventscalendar/2023-07-04?q=signupfornewsletter HTTP/1.1" 200 4719 "-" "Mozilla/5.0 (compatible; AhrefsBot/7.0; +http://ahrefs.com/robot/)"
54.36.148.220 - - [02/Jul/2023:07:26:05 +0200] "GET /eventscalendar/2023-07-05?q=signupformailinglist HTTP/1.1" 404 4060 "-" "Mozilla/5.0 (compatible; AhrefsBot/7.0; +http://ahrefs.com/robot/)"
114.119.159.58 - - [02/Jul/2023:07:26:50 +0200] "GET /eventscalendar/2023-W09 HTTP/1.1" 200 7739 "http://www.treehugger.hu/eventscalendar/2023-02-24" "Mozilla/5.0 (Linux; Android 7.0;) AppleWebKit/537.36 (KHTML, like Gecko) Mobile Safari/537.36 (compatible; PetalBot;+https://webmaster.petalsearch.com/site/petalbot)"
185.25.35.12 - - [02/Jul/2023:07:27:20 +0200] "GET /robots.txt HTTP/1.1" 200 1590 "-" "magpie-crawler/1.1 (robots-txt-checker; +http://www.brandwatch.net)"
185.25.35.12 - - [02/Jul/2023:07:27:20 +0200] "GET /blog/3/feed HTTP/1.1" 200 2701 "-" "magpie-crawler/1.1 (U; Linux amd64; en-GB; +http://www.brandwatch.net)"
54.36.148.193 - - [02/Jul/2023:07:27:48 +0200] "GET /eventscalendar/2023-07-05?q=signupfornewsletter HTTP/1.1" 200 4719 "-" "Mozilla/5.0 (compatible; AhrefsBot/7.0; +http://ahrefs.com/robot/)"
110.244.95.189 - - [02/Jul/2023:07:29:03 +0200] "GET /links HTTP/1.1" 200 95106 "http://treehugger.hu/" "Mozilla/5.0 (Macintosh; Intel Mac OS X 12_5) AppleWebKit/537.36 (KHTML, like Gecko) Chrome/103.0.0.0 YaBrowser/22.7.0 Yowser/2.5 Safari/537.36"
110.244.95.189 - - [02/Jul/2023:07:29:04 +0200] "GET /?q=user HTTP/1.1" 200 5465 "http://treehugger.hu/" "Mozilla/5.0 (Macintosh; Intel Mac OS X 12_5) AppleWebKit/537.36 (KHTML, like Gecko) Chrome/103.0.0.0 YaBrowser/22.7.0 Yowser/2.5 Safari/537.36"
110.244.95.189 - - [02/Jul/2023:07:29:05 +0200] "POST /?q=user HTTP/1.1" 200 5491 "http://treehugger.hu/?q=user" "Mozilla/5.0 (Macintosh; Intel Mac OS X 12_5) AppleWebKit/537.36 (KHTML, like Gecko) Chrome/103.0.0.0 YaBrowser/22.7.0 Yowser/2.5 Safari/537.36"
110.244.95.189 - - [02/Jul/2023:07:29:05 +0200] "POST /?q=user HTTP/1.1" 200 5491 "http://treehugger.hu/?q=user" "Mozilla/5.0 (Macintosh; Intel Mac OS X 12_5) AppleWebKit/537.36 (KHTML, like Gecko) Chrome/103.0.0.0 YaBrowser/22.7.0 Yowser/2.5 Safari/537.36"
110.244.95.189 - - [02/Jul/2023:07:29:06 +0200] "GET /?q=node/add HTTP/1.1" 200 4284 "http://treehugger.hu/" "Mozilla/5.0 (Macintosh; Intel Mac OS X 12_5) AppleWebKit/537.36 (KHTML, like Gecko) Chrome/103.0.0.0 YaBrowser/22.7.0 Yowser/2.5 Safari/537.36"
110.244.95.189 - - [02/Jul/2023:07:29:07 +0200] "GET /positiveblog HTTP/1.1" 200 15052 "http://treehugger.hu/?q=node/add" "Mozilla/5.0 (Macintosh; Intel Mac OS X 12_5) AppleWebKit/537.36 (KHTML, like Gecko) Chrome/103.0.0.0 YaBrowser/22.7.0 Yowser/2.5 Safari/537.36"
110.244.95.189 - - [02/Jul/2023:07:29:08 +0200] "GET /?q=user HTTP/1.1" 200 1974 "http://treehugger.hu/" "Mozilla/5.0 (Macintosh; Intel Mac OS X 12_5) AppleWebKit/537.36 (KHTML, like Gecko) Chrome/103.0.0.0 YaBrowser/22.7.0 Yowser/2.5 Safari/537.36"
114.119.156.71 - - [02/Jul/2023:07:29:25 +0200] "GET /node/1083 HTTP/1.1" 200 7566 "http://www.treehugger.hu/positiveblog?page=14" "Mozilla/5.0 (Linux; Android 7.0;) AppleWebKit/537.36 (KHTML, like Gecko) Mobile Safari/537.36 (compatible; PetalBot;+https://webmaster.petalsearch.com/site/petalbot)"
54.36.149.72 - - [02/Jul/2023:07:29:32 +0200] "GET /eventscalendar/2023-07-06?q=signupformailinglist HTTP/1.1" 404 4060 "-" "Mozilla/5.0 (compatible; AhrefsBot/7.0; +http://ahrefs.com/robot/)"
114.119.157.56 - - [02/Jul/2023:07:30:19 +0200] "GET /eventscalendar/2022-04-06 HTTP/1.1" 200 5792 "http://www.treehugger.hu/eventscalendar/2022" "Mozilla/5.0 (Linux; Android 7.0;) AppleWebKit/537.36 (KHTML, like Gecko) Mobile Safari/537.36 (compatible; PetalBot;+https://webmaster.petalsearch.com/site/petalbot)"
54.36.148.139 - - [02/Jul/2023:07:31:24 +0200] "GET /eventscalendar/2023-07-06?q=signupfornewsletter HTTP/1.1" 200 4719 "-" "Mozilla/5.0 (compatible; AhrefsBot/7.0; +http://ahrefs.com/robot/)"
216.244.66.232 - - [02/Jul/2023:07:32:24 +0200] "GET /robots.txt HTTP/1.1" 200 1590 "-" "Mozilla/5.0 (compatible; DotBot/1.2; +https://opensiteexplorer.org/dotbot; help@moz.com)"
114.119.141.71 - - [02/Jul/2023:07:32:34 +0200] "GET /eventscalendar/2021-05-19 HTTP/1.1" 200 5791 "http://www.treehugger.hu/eventscalendar/2021" "Mozilla/5.0 (Linux; Android 7.0;) AppleWebKit/537.36 (KHTML, like Gecko) Mobile Safari/537.36 (compatible; PetalBot;+https://webmaster.petalsearch.com/site/petalbot)"
54.36.148.11 - - [02/Jul/2023:07:32:52 +0200] "GET /eventscalendar/2023-07-07?q=signupformailinglist HTTP/1.1" 404 4060 "-" "Mozilla/5.0 (compatible; AhrefsBot/7.0; +http://ahrefs.com/robot/)"
40.77.167.169 - - [02/Jul/2023:07:33:22 +0200] "GET /eventscalendar/2020-07-24 HTTP/1.1" 200 5789 "-" "Mozilla/5.0 AppleWebKit/537.36 (KHTML, like Gecko; compatible; bingbot/2.0; +http://www.bing.com/bingbot.htm) Chrome/103.0.5060.134 Safari/537.36"
114.119.132.42 - - [02/Jul/2023:07:33:57 +0200] "GET /node/675 HTTP/1.1" 200 7454 "http://treehugger.hu/positiveblog?page=38" "Mozilla/5.0 (Linux; Android 7.0;) AppleWebKit/537.36 (KHTML, like Gecko) Mobile Safari/537.36 (compatible; PetalBot;+https://webmaster.petalsearch.com/site/petalbot)"
40.77.167.169 - - [02/Jul/2023:07:34:23 +0200] "GET /eventscalendar/2022-09-04 HTTP/1.1" 200 5793 "-" "Mozilla/5.0 AppleWebKit/537.36 (KHTML, like Gecko; compatible; bingbot/2.0; +http://www.bing.com/bingbot.htm) Chrome/103.0.5060.134 Safari/537.36"
212.237.23.143 - - [02/Jul/2023:07:35:00 +0200] "HEAD / HTTP/1.1" 200 0 "-" "Alert_Alligator_webmonitoring_service_1.6.4_(alertalligator.com)"
114.119.157.241 - - [02/Jul/2023:07:35:50 +0200] "GET /eventscalendar/2023-12-25 HTTP/1.1" 200 5793 "http://www.treehugger.hu/eventscalendar/2023-W53" "Mozilla/5.0 (Linux; Android 7.0;) AppleWebKit/537.36 (KHTML, like Gecko) Mobile Safari/537.36 (compatible; PetalBot;+https://webmaster.petalsearch.com/site/petalbot)"
216.244.66.232 - - [02/Jul/2023:07:36:32 +0200] "GET /eventscalendar/2026-09-28 HTTP/1.1" 200 5794 "-" "Mozilla/5.0 (compatible; DotBot/1.2; +https://opensiteexplorer.org/dotbot; help@moz.com)"
38.32.70.140 - - [02/Jul/2023:07:36:33 +0200] "GET /sites/default/files/images/bookstore1.jpg.thumbnail.jpg HTTP/1.1" 200 9606 "-" "Mozilla/5.0 (X11; Ubuntu; Linux x86_64; rv:72.0) Gecko/20100101 Firefox/72.0"
114.119.157.3 - - [02/Jul/2023:07:36:40 +0200] "GET /eventscalendar/2023-06-12 HTTP/1.1" 200 5789 "http://www.treehugger.hu/eventscalendar/2023-06" "Mozilla/5.0 (Linux; Android 7.0;) AppleWebKit/537.36 (KHTML, like Gecko) Mobile Safari/537.36 (compatible; PetalBot;+https://webmaster.petalsearch.com/site/petalbot)"
54.36.148.156 - - [02/Jul/2023:07:36:41 +0200] "GET /eventscalendar/2023-07-09?q=signupformailinglist HTTP/1.1" 404 4060 "-" "Mozilla/5.0 (compatible; AhrefsBot/7.0; +http://ahrefs.com/robot/)"
54.36.148.197 - - [02/Jul/2023:07:38:43 +0200] "GET /eventscalendar/2023-07-09?q=signupfornewsletter HTTP/1.1" 200 4719 "-" "Mozilla/5.0 (compatible; AhrefsBot/7.0; +http://ahrefs.com/robot/)"
66.102.6.33 - - [02/Jul/2023:07:38:43 +0200] "HEAD /blog/3/feed HTTP/1.1" 200 0 "-" "FeedBurner/1.0 (http://www.FeedBurner.com)"
114.119.140.79 - - [02/Jul/2023:07:38:57 +0200] "GET /eventscalendar/2020-W09 HTTP/1.1" 200 7738 "http://www.treehugger.hu/eventscalendar/2020-03-01" "Mozilla/5.0 (Linux; Android 7.0;) AppleWebKit/537.36 (KHTML, like Gecko) Mobile Safari/537.36 (compatible; PetalBot;+https://webmaster.petalsearch.com/site/petalbot)"
114.119.143.158 - - [02/Jul/2023:07:40:26 +0200] "GET /node/548 HTTP/1.1" 200 6838 "http://treehugger.hu/positiveblog?page=46" "Mozilla/5.0 (Linux; Android 7.0;) AppleWebKit/537.36 (KHTML, like Gecko) Mobile Safari/537.36 (compatible; PetalBot;+https://webmaster.petalsearch.com/site/petalbot)"
54.36.149.19 - - [02/Jul/2023:07:40:33 +0200] "GET /eventscalendar/2023-07-10?q=signupformailinglist HTTP/1.1" 404 4060 "-" "Mozilla/5.0 (compatible; AhrefsBot/7.0; +http://ahrefs.com/robot/)"
114.119.140.64 - - [02/Jul/2023:07:41:21 +0200] "GET /node/517 HTTP/1.1" 200 6588 "http://treehugger.hu/positiveblog?page=48" "Mozilla/5.0 (Linux; Android 7.0;) AppleWebKit/537.36 (KHTML, like Gecko) Mobile Safari/537.36 (compatible; PetalBot;+https://webmaster.petalsearch.com/site/petalbot)"
66.249.66.7 - - [02/Jul/2023:07:41:22 +0200] "GET /links HTTP/1.1" 200 95106 "-" "Mozilla/5.0 (Linux; Android 6.0.1; Nexus 5X Build/MMB29P) AppleWebKit/537.36 (KHTML, like Gecko) Chrome/114.0.5735.179 Mobile Safari/537.36 (compatible; Googlebot/2.1; +http://www.google.com/bot.html)"
66.249.66.8 - - [02/Jul/2023:07:41:23 +0200] "GET /photos HTTP/1.1" 200 8699 "-" "Mozilla/5.0 (Linux; Android 6.0.1; Nexus 5X Build/MMB29P) AppleWebKit/537.36 (KHTML, like Gecko) Chrome/114.0.5735.179 Mobile Safari/537.36 (compatible; Googlebot/2.1; +http://www.google.com/bot.html)"
54.36.148.111 - - [02/Jul/2023:07:42:21 +0200] "GET /eventscalendar/2023-07-10?q=signupfornewsletter HTTP/1.1" 200 4719 "-" "Mozilla/5.0 (compatible; AhrefsBot/7.0; +http://ahrefs.com/robot/)"
114.119.148.49 - - [02/Jul/2023:07:43:13 +0200] "GET /node/1002 HTTP/1.1" 200 5892 "http://treehugger.hu/positiveblog?page=18" "Mozilla/5.0 (Linux; Android 7.0;) AppleWebKit/537.36 (KHTML, like Gecko) Mobile Safari/537.36 (compatible; PetalBot;+https://webmaster.petalsearch.com/site/petalbot)"
95.108.213.118 - - [02/Jul/2023:07:43:46 +0200] "GET /eventscalendar/2017-01-14 HTTP/1.1" 404 4174 "-" "Mozilla/5.0 (compatible; YandexBot/3.0; +http://yandex.com/bots)"
