185.189.13.86 - - [01/Jul/2023:15:27:21 +0200] "POST /?q=user HTTP/1.1" 200 5488 "http://www.treehugger.hu/?q=user" "Mozilla/5.0 (Windows NT 10.0; Win64; x64) AppleWebKit/537.36 (KHTML, like Gecko) Chrome/103.0.0.0 Safari/537.36"
185.189.13.86 - - [01/Jul/2023:15:27:22 +0200] "GET /?q=node/add HTTP/1.1" 200 4284 "http://www.treehugger.hu/" "Mozilla/5.0 (Windows NT 10.0; Win64; x64) AppleWebKit/537.36 (KHTML, like Gecko) Chrome/103.0.0.0 Safari/537.36"
185.189.13.86 - - [01/Jul/2023:15:27:22 +0200] "GET /positiveblog HTTP/1.1" 200 15052 "http://www.treehugger.hu/?q=node/add" "Mozilla/5.0 (Windows NT 10.0; Win64; x64) AppleWebKit/537.36 (KHTML, like Gecko) Chrome/103.0.0.0 Safari/537.36"
185.189.13.86 - - [01/Jul/2023:15:27:22 +0200] "GET /?q=user HTTP/1.1" 200 1975 "http://www.treehugger.hu/" "Mozilla/5.0 (Windows NT 10.0; Win64; x64) AppleWebKit/537.36 (KHTML, like Gecko) Chrome/103.0.0.0 Safari/537.36"
157.55.39.253 - - [01/Jul/2023:15:28:05 +0200] "GET /eventscalendar/2022-09-20 HTTP/1.1" 200 5795 "-" "Mozilla/5.0 AppleWebKit/537.36 (KHTML, like Gecko; compatible; bingbot/2.0; +http://www.bing.com/bingbot.htm) Chrome/103.0.5060.134 Safari/537.36"
114.119.131.200 - - [01/Jul/2023:15:28:10 +0200] "GET /eventscalendar/2021-02-04 HTTP/1.1" 200 5794 "http://www.treehugger.hu/eventscalendar/2021" "Mozilla/5.0 (Linux; Android 7.0;) AppleWebKit/537.36 (KHTML, like Gecko) Mobile Safari/537.36 (compatible; PetalBot;+https://webmaster.petalsearch.com/site/petalbot)"
216.244.66.232 - - [01/Jul/2023:15:29:34 +0200] "GET /node/980 HTTP/1.1" 200 7172 "-" "Mozilla/5.0 (compatible; DotBot/1.2; +https://opensiteexplorer.org/dotbot; help@moz.com)"
54.36.148.200 - - [01/Jul/2023:15:31:42 +0200] "GET /node/106?q=signupformailinglist HTTP/1.1" 404 4060 "-" "Mozilla/5.0 (compatible; AhrefsBot/7.0; +http://ahrefs.com/robot/)"
185.25.35.12 - - [01/Jul/2023:15:32:35 +0200] "GET /robots.txt HTTP/1.1" 200 1590 "-" "magpie-crawler/1.1 (robots-txt-checker; +http://www.brandwatch.net)"
185.25.35.9 - - [01/Jul/2023:15:32:36 +0200] "GET /blog/3/feed HTTP/1.1" 200 11638 "-" "magpie-crawler/1.1 (U; Linux amd64; en-GB; +http://www.brandwatch.net)"
66.102.6.34 - - [01/Jul/2023:15:33:22 +0200] "GET /blog/3/feed HTTP/1.1" 200 2701 "-" "FeedBurner/1.0 (http://www.FeedBurner.com)"
114.119.136.254 - - [01/Jul/2023:15:35:36 +0200] "GET /eventscalendar/2020-01-19 HTTP/1.1" 200 5792 "http://www.treehugger.hu/eventscalendar/2020-W3" "Mozilla/5.0 (Linux; Android 7.0;) AppleWebKit/537.36 (KHTML, like Gecko) Mobile Safari/537.36 (compatible; PetalBot;+https://webmaster.petalsearch.com/site/petalbot)"
114.119.131.71 - - [01/Jul/2023:15:37:28 +0200] "GET /eventscalendar/2022-W2 HTTP/1.1" 200 7708 "http://www.treehugger.hu/eventscalendar/2022-01" "Mozilla/5.0 (Linux; Android 7.0;) AppleWebKit/537.36 (KHTML, like Gecko) Mobile Safari/537.36 (compatible; PetalBot;+https://webmaster.petalsearch.com/site/petalbot)"
114.119.129.200 - - [01/Jul/2023:15:39:06 +0200] "GET /eventscalendar/2023-06-19 HTTP/1.1" 200 5789 "http://treehugger.hu/eventscalendar/2023-W26" "Mozilla/5.0 (Linux; Android 7.0;) AppleWebKit/537.36 (KHTML, like Gecko) Mobile Safari/537.36 (compatible; PetalBot;+https://webmaster.petalsearch.com/site/petalbot)"
54.36.148.109 - - [01/Jul/2023:15:40:52 +0200] "GET /node/11439 HTTP/1.1" 200 30332 "-" "Mozilla/5.0 (compatible; AhrefsBot/7.0; +http://ahrefs.com/robot/)"
18.237.93.14 - - [01/Jul/2023:15:42:36 +0200] "GET /sites/default/files/IMG_20141130_133609.jpg HTTP/1.1" 200 145720 "-" "Mozilla/5.0 (X11; Ubuntu; Linux x86_64; rv:72.0) Gecko/20100101 Firefox/72.0"
52.167.144.48 - - [01/Jul/2023:15:42:39 +0200] "GET /eventscalendar/2022-11-16 HTTP/1.1" 200 5796 "-" "Mozilla/5.0 AppleWebKit/537.36 (KHTML, like Gecko; compatible; bingbot/2.0; +http://www.bing.com/bingbot.htm) Chrome/103.0.5060.134 Safari/537.36"
40.77.167.169 - - [01/Jul/2023:15:43:05 +0200] "GET /eventscalendar/2022-01-03 HTTP/1.1" 200 5791 "-" "Mozilla/5.0 AppleWebKit/537.36 (KHTML, like Gecko; compatible; bingbot/2.0; +http://www.bing.com/bingbot.htm) Chrome/103.0.5060.134 Safari/537.36"
116.203.178.165 - - [01/Jul/2023:15:46:01 +0200] "GET / HTTP/1.1" 200 4123 "-" "Mozilla/5.0 (Macintosh; Intel Mac OS X 10_15_7) AppleWebKit/537.36 (KHTML, like Gecko) Chrome/110.0.0.0 Safari/537.36"
74.125.217.103 - - [01/Jul/2023:15:49:58 +0200] "GET /rss.xml HTTP/1.1" 200 14405 "-" "FeedFetcher-Google; (+http://www.google.com/feedfetcher.html)"
54.36.148.64 - - [01/Jul/2023:15:51:03 +0200] "GET /eventscalendar/2023-05-29 HTTP/1.1" 200 5788 "-" "Mozilla/5.0 (compatible; AhrefsBot/7.0; +http://ahrefs.com/robot/)"
157.55.39.253 - - [01/Jul/2023:15:52:18 +0200] "GET /eventscalendar/2023-08-09 HTTP/1.1" 200 5793 "-" "Mozilla/5.0 AppleWebKit/537.36 (KHTML, like Gecko; compatible; bingbot/2.0; +http://www.bing.com/bingbot.htm) Chrome/103.0.5060.134 Safari/537.36"
89.212.42.236 - - [01/Jul/2023:15:57:43 +0200] "GET / HTTP/1.1" 200 4123 "-" "Mozilla/5.0 (Windows NT 10.0; Win64; x64; rv:109.0) Gecko/20100101 Firefox/114.0"
89.212.42.236 - - [01/Jul/2023:15:57:43 +0200] "GET /modules/node/node.css?N HTTP/1.1" 200 740 "http://www.treehugger.hu/" "Mozilla/5.0 (Windows NT 10.0; Win64; x64; rv:109.0) Gecko/20100101 Firefox/114.0"
89.212.42.236 - - [01/Jul/2023:15:57:43 +0200] "GET /modules/system/system.css?N HTTP/1.1" 200 10020 "http://www.treehugger.hu/" "Mozilla/5.0 (Windows NT 10.0; Win64; x64; rv:109.0) Gecko/20100101 Firefox/114.0"
89.212.42.236 - - [01/Jul/2023:15:57:43 +0200] "GET /modules/system/system-menus.css?N HTTP/1.1" 200 935 "http://www.treehugger.hu/" "Mozilla/5.0 (Windows NT 10.0; Win64; x64; rv:109.0) Gecko/20100101 Firefox/114.0"
89.212.42.236 - - [01/Jul/2023:15:57:43 +0200] "GET /modules/user/user.css?N HTTP/1.1" 200 1127 "http://www.treehugger.hu/" "Mozilla/5.0 (Windows NT 10.0; Win64; x64; rv:109.0) Gecko/20100101 Firefox/114.0"
89.212.42.236 - - [01/Jul/2023:15:57:43 +0200] "GET /sites/all/modules/date/date.css?N HTTP/1.1" 200 3087 "http://www.treehugger.hu/" "Mozilla/5.0 (Windows NT 10.0; Win64; x64; rv:109.0) Gecko/20100101 Firefox/114.0"
89.212.42.236 - - [01/Jul/2023:15:57:43 +0200] "GET /modules/system/defaults.css?N HTTP/1.1" 200 757 "http://www.treehugger.hu/" "Mozilla/5.0 (Windows NT 10.0; Win64; x64; rv:109.0) Gecko/20100101 Firefox/114.0"
89.212.42.236 - - [01/Jul/2023:15:57:43 +0200] "GET /sites/all/modules/cck/theme/content-module.css?N HTTP/1.1" 200 2397 "http://www.treehugger.hu/" "Mozilla/5.0 (Windows NT 10.0; Win64; x64; rv:109.0) Gecko/20100101 Firefox/114.0"
89.212.42.236 - - [01/Jul/2023:15:57:43 +0200] "GET /sites/all/modules/calendar/calendar.css?N HTTP/1.1" 200 7856 "http://www.treehugger.hu/" "Mozilla/5.0 (Windows NT 10.0; Win64; x64; rv:109.0) Gecko/20100101 Firefox/114.0"
89.212.42.236 - - [01/Jul/2023:15:57:43 +0200] "GET /misc/farbtastic/farbtastic.css?N HTTP/1.1" 200 640 "http://www.treehugger.hu/" "Mozilla/5.0 (Windows NT 10.0; Win64; x64; rv:109.0) Gecko/20100101 Firefox/114.0"
89.212.42.236 - - [01/Jul/2023:15:57:43 +0200] "GET /sites/all/themes/th/style.css?N HTTP/1.1" 200 5582 "http://www.treehugger.hu/" "Mozilla/5.0 (Windows NT 10.0; Win64; x64; rv:109.0) Gecko/20100101 Firefox/114.0"
89.212.42.236 - - [01/Jul/2023:15:57:43 +0200] "GET /sites/all/themes/th/reset.css?N HTTP/1.1" 200 1077 "http://www.treehugger.hu/" "Mozilla/5.0 (Windows NT 10.0; Win64; x64; rv:109.0) Gecko/20100101 Firefox/114.0"
89.212.42.236 - - [01/Jul/2023:15:57:43 +0200] "GET /sites/all/themes/th/typography.css?N HTTP/1.1" 200 3139 "http://www.treehugger.hu/" "Mozilla/5.0 (Windows NT 10.0; Win64; x64; rv:109.0) Gecko/20100101 Firefox/114.0"
89.212.42.236 - - [01/Jul/2023:15:57:43 +0200] "GET /sites/all/themes/th/footer.jpg HTTP/1.1" 200 13784 "http://www.treehugger.hu/" "Mozilla/5.0 (Windows NT 10.0; Win64; x64; rv:109.0) Gecko/20100101 Firefox/114.0"
89.212.42.236 - - [01/Jul/2023:15:57:43 +0200] "GET /sites/default/files/marcokati_3.jpg HTTP/1.1" 200 4856 "http://www.treehugger.hu/" "Mozilla/5.0 (Windows NT 10.0; Win64; x64; rv:109.0) Gecko/20100101 Firefox/114.0"
89.212.42.236 - - [01/Jul/2023:15:57:43 +0200] "GET /sites/default/files/Stu%20photo.jpg HTTP/1.1" 200 10560 "http://www.treehugger.hu/" "Mozilla/5.0 (Windows NT 10.0; Win64; x64; rv:109.0) Gecko/20100101 Firefox/114.0"
89.212.42.236 - - [01/Jul/2023:15:57:43 +0200] "GET /sites/default/files/logo%20small.jpg HTTP/1.1" 200 5172 "http://www.treehugger.hu/" "Mozilla/5.0 (Windows NT 10.0; Win64; x64; rv:109.0) Gecko/20100101 Firefox/114.0"
89.212.42.236 - - [01/Jul/2023:15:57:43 +0200] "GET /sites/all/themes/th/reset.css HTTP/1.1" 200 1077 "http://www.treehugger.hu/sites/all/themes/th/style.css?N" "Mozilla/5.0 (Windows NT 10.0; Win64; x64; rv:109.0) Gecko/20100101 Firefox/114.0"
89.212.42.236 - - [01/Jul/2023:15:57:43 +0200] "GET /sites/all/themes/th/typography.css HTTP/1.1" 200 3139 "http://www.treehugger.hu/sites/all/themes/th/style.css?N" "Mozilla/5.0 (Windows NT 10.0; Win64; x64; rv:109.0) Gecko/20100101 Firefox/114.0"
89.212.42.236 - - [01/Jul/2023:15:57:43 +0200] "GET /sites/all/themes/th/header1.jpg HTTP/1.1" 200 71424 "http://www.treehugger.hu/" "Mozilla/5.0 (Windows NT 10.0; Win64; x64; rv:109.0) Gecko/20100101 Firefox/114.0"
89.212.42.236 - - [01/Jul/2023:15:57:43 +0200] "GET /sites/all/themes/th/bg.jpg HTTP/1.1" 200 807 "http://www.treehugger.hu/sites/all/themes/th/style.css?N" "Mozilla/5.0 (Windows NT 10.0; Win64; x64; rv:109.0) Gecko/20100101 Firefox/114.0"
89.212.42.236 - - [01/Jul/2023:15:57:43 +0200] "GET /sites/all/themes/th/menu_bg.jpg HTTP/1.1" 200 911 "http://www.treehugger.hu/sites/all/themes/th/style.css?N" "Mozilla/5.0 (Windows NT 10.0; Win64; x64; rv:109.0) Gecko/20100101 Firefox/114.0"
89.212.42.236 - - [01/Jul/2023:15:57:43 +0200] "GET /sites/all/themes/th/content_bg.jpg HTTP/1.1" 200 745 "http://www.treehugger.hu/sites/all/themes/th/style.css?N" "Mozilla/5.0 (Windows NT 10.0; Win64; x64; rv:109.0) Gecko/20100101 Firefox/114.0"
89.212.42.236 - - [01/Jul/2023:15:57:43 +0200] "GET /sites/all/themes/th/index_bg_hu.jpg HTTP/1.1" 200 97729 "http://www.treehugger.hu/" "Mozilla/5.0 (Windows NT 10.0; Win64; x64; rv:109.0) Gecko/20100101 Firefox/114.0"
89.212.42.236 - - [01/Jul/2023:15:57:43 +0200] "GET /sites/default/files/david%201.jpg HTTP/1.1" 200 184575 "http://www.treehugger.hu/" "Mozilla/5.0 (Windows NT 10.0; Win64; x64; rv:109.0) Gecko/20100101 Firefox/114.0"
89.212.42.236 - - [01/Jul/2023:15:57:44 +0200] "GET /misc/favicon.ico HTTP/1.1" 200 3262 "http://www.treehugger.hu/" "Mozilla/5.0 (Windows NT 10.0; Win64; x64; rv:109.0) Gecko/20100101 Firefox/114.0"
114.119.132.88 - - [01/Jul/2023:16:00:03 +0200] "GET /node/8943 HTTP/1.1" 200 7301 "http://www.treehugger.hu/blog?page=7" "Mozilla/5.0 (Linux; Android 7.0;) AppleWebKit/537.36 (KHTML, like Gecko) Mobile Safari/537.36 (compatible; PetalBot;+https://webmaster.petalsearch.com/site/petalbot)"
52.167.144.48 - - [01/Jul/2023:16:00:20 +0200] "GET /eventscalendar/2022-10-16 HTTP/1.1" 200 5792 "-" "Mozilla/5.0 AppleWebKit/537.36 (KHTML, like Gecko; compatible; bingbot/2.0; +http://www.bing.com/bingbot.htm) Chrome/103.0.5060.134 Safari/537.36"
54.36.149.72 - - [01/Jul/2023:16:00:46 +0200] "GET /node/19216?q=signupfornewsletter HTTP/1.1" 200 4719 "-" "Mozilla/5.0 (compatible; AhrefsBot/7.0; +http://ahrefs.com/robot/)"
114.119.128.67 - - [01/Jul/2023:16:03:00 +0200] "GET /node/851 HTTP/1.1" 200 5926 "http://www.treehugger.hu/node?page=1" "Mozilla/5.0 (Linux; Android 7.0;) AppleWebKit/537.36 (KHTML, like Gecko) Mobile Safari/537.36 (compatible; PetalBot;+https://webmaster.petalsearch.com/site/petalbot)"
185.189.13.86 - - [01/Jul/2023:16:04:58 +0200] "GET / HTTP/1.1" 200 4123 "http://www.treehugger.hu" "Mozilla/5.0 (Windows NT 10.0; Win64; x64) AppleWebKit/537.36 (KHTML, like Gecko) Chrome/103.0.0.0 Safari/537.36 Vivaldi/5.3.2679.68"
185.189.13.86 - - [01/Jul/2023:16:05:02 +0200] "GET /?q=user HTTP/1.1" 200 1975 "http://www.treehugger.hu" "Mozilla/5.0 (Windows NT 10.0; Win64; x64) AppleWebKit/537.36 (KHTML, like Gecko) Chrome/103.0.0.0 Safari/537.36 Vivaldi/5.3.2679.68"
185.189.13.86 - - [01/Jul/2023:16:05:02 +0200] "POST /?q=user HTTP/1.1" 200 5490 "http://www.treehugger.hu/?q=user" "Mozilla/5.0 (Windows NT 10.0; Win64; x64) AppleWebKit/537.36 (KHTML, like Gecko) Chrome/103.0.0.0 Safari/537.36 Vivaldi/5.3.2679.68"
185.189.13.86 - - [01/Jul/2023:16:05:02 +0200] "POST /?q=user HTTP/1.1" 200 5490 "http://www.treehugger.hu/?q=user" "Mozilla/5.0 (Windows NT 10.0; Win64; x64) AppleWebKit/537.36 (KHTML, like Gecko) Chrome/103.0.0.0 Safari/537.36 Vivaldi/5.3.2679.68"
185.189.13.86 - - [01/Jul/2023:16:05:03 +0200] "GET /?q=node/add HTTP/1.1" 200 1581 "http://www.treehugger.hu/" "Mozilla/5.0 (Windows NT 10.0; Win64; x64) AppleWebKit/537.36 (KHTML, like Gecko) Chrome/103.0.0.0 Safari/537.36 Vivaldi/5.3.2679.68"
185.189.13.86 - - [01/Jul/2023:16:05:03 +0200] "GET /positiveblog HTTP/1.1" 200 4068 "http://www.treehugger.hu/?q=node/add" "Mozilla/5.0 (Windows NT 10.0; Win64; x64) AppleWebKit/537.36 (KHTML, like Gecko) Chrome/103.0.0.0 Safari/537.36 Vivaldi/5.3.2679.68"
185.189.13.86 - - [01/Jul/2023:16:05:03 +0200] "GET /?q=user HTTP/1.1" 200 1975 "http://www.treehugger.hu/" "Mozilla/5.0 (Windows NT 10.0; Win64; x64) AppleWebKit/537.36 (KHTML, like Gecko) Chrome/103.0.0.0 Safari/537.36 Vivaldi/5.3.2679.68"
114.119.148.242 - - [01/Jul/2023:16:05:09 +0200] "GET /node/1088 HTTP/1.1" 200 8532 "http://www.treehugger.hu/positiveblog?page=13" "Mozilla/5.0 (Linux; Android 7.0;) AppleWebKit/537.36 (KHTML, like Gecko) Mobile Safari/537.36 (compatible; PetalBot;+https://webmaster.petalsearch.com/site/petalbot)"
114.119.148.49 - - [01/Jul/2023:16:06:25 +0200] "GET /eventscalendar/2020-04-09 HTTP/1.1" 200 5791 "http://www.treehugger.hu/eventscalendar/2020" "Mozilla/5.0 (Linux; Android 7.0;) AppleWebKit/537.36 (KHTML, like Gecko) Mobile Safari/537.36 (compatible; PetalBot;+https://webmaster.petalsearch.com/site/petalbot)"
114.119.147.97 - - [01/Jul/2023:16:08:55 +0200] "GET /node/995 HTTP/1.1" 200 7815 "http://treehugger.hu/positiveblog?page=19" "Mozilla/5.0 (Linux; Android 7.0;) AppleWebKit/537.36 (KHTML, like Gecko) Mobile Safari/537.36 (compatible; PetalBot;+https://webmaster.petalsearch.com/site/petalbot)"
40.77.167.169 - - [01/Jul/2023:16:09:37 +0200] "GET /eventscalendar/2022-08-15 HTTP/1.1" 200 5791 "-" "Mozilla/5.0 AppleWebKit/537.36 (KHTML, like Gecko; compatible; bingbot/2.0; +http://www.bing.com/bingbot.htm) Chrome/103.0.5060.134 Safari/537.36"
54.36.148.207 - - [01/Jul/2023:16:09:45 +0200] "GET /node/741?q=signupfornewsletter HTTP/1.1" 200 4719 "-" "Mozilla/5.0 (compatible; AhrefsBot/7.0; +http://ahrefs.com/robot/)"
216.244.66.232 - - [01/Jul/2023:16:10:13 +0200] "GET /robots.txt HTTP/1.1" 200 1590 "-" "Mozilla/5.0 (compatible; DotBot/1.2; +https://opensiteexplorer.org/dotbot; help@moz.com)"
216.244.66.232 - - [01/Jul/2023:16:10:13 +0200] "GET /robots.txt HTTP/1.1" 200 1590 "-" "Mozilla/5.0 (compatible; DotBot/1.2; +https://opensiteexplorer.org/dotbot; help@moz.com)"
114.119.151.174 - - [01/Jul/2023:16:11:04 +0200] "GET /eventscalendar/2023-11-28 HTTP/1.1" 200 5794 "http://treehugger.hu/eventscalendar/2023-11" "Mozilla/5.0 (Linux; Android 7.0;) AppleWebKit/537.36 (KHTML, like Gecko) Mobile Safari/537.36 (compatible; PetalBot;+https://webmaster.petalsearch.com/site/petalbot)"
114.119.146.70 - - [01/Jul/2023:16:13:05 +0200] "GET /eventscalendar/2022-02-12 HTTP/1.1" 200 5795 "http://treehugger.hu/eventscalendar/2022-W07" "Mozilla/5.0 (Linux; Android 7.0;) AppleWebKit/537.36 (KHTML, like Gecko) Mobile Safari/537.36 (compatible; PetalBot;+https://webmaster.petalsearch.com/site/petalbot)"
52.167.144.48 - - [01/Jul/2023:16:13:11 +0200] "GET /eventscalendar/2021-10-01 HTTP/1.1" 200 5791 "-" "Mozilla/5.0 AppleWebKit/537.36 (KHTML, like Gecko; compatible; bingbot/2.0; +http://www.bing.com/bingbot.htm) Chrome/103.0.5060.134 Safari/537.36"
208.100.26.244 - - [01/Jul/2023:16:14:22 +0200] "GET / HTTP/1.1" 200 17647 "-" "Mozilla/5.0 (Windows NT 6.1; Win64; x64) AppleWebKit/537.36 (KHTML, like Gecko) Chrome/84.0.4147.105 Safari/537.36 Edg/84.0.522.52"
216.244.66.232 - - [01/Jul/2023:16:14:51 +0200] "GET /eventscalendar/2022-06-13 HTTP/1.1" 200 5789 "-" "Mozilla/5.0 (compatible; DotBot/1.2; +https://opensiteexplorer.org/dotbot; help@moz.com)"
114.119.160.84 - - [01/Jul/2023:16:15:01 +0200] "GET /eventscalendar/2021-08-02 HTTP/1.1" 200 5790 "http://treehugger.hu/eventscalendar/2021" "Mozilla/5.0 (Linux; Android 7.0;) AppleWebKit/537.36 (KHTML, like Gecko) Mobile Safari/537.36 (compatible; PetalBot;+https://webmaster.petalsearch.com/site/petalbot)"
212.237.53.115 - - [01/Jul/2023:16:15:39 +0200] "HEAD / HTTP/1.1" 200 0 "-" "Alert_Alligator_webmonitoring_service_1.6.4_(alertalligator.com)"
216.244.66.232 - - [01/Jul/2023:16:15:57 +0200] "GET /eventscalendar/2023-W02 HTTP/1.1" 200 7730 "-" "Mozilla/5.0 (compatible; DotBot/1.2; +https://opensiteexplorer.org/dotbot; help@moz.com)"
216.244.66.232 - - [01/Jul/2023:16:16:09 +0200] "GET /eventscalendar/2023-W06 HTTP/1.1" 200 7732 "-" "Mozilla/5.0 (compatible; DotBot/1.2; +https://opensiteexplorer.org/dotbot; help@moz.com)"
216.244.66.232 - - [01/Jul/2023:16:16:20 +0200] "GET /eventscalendar/2022-04-21 HTTP/1.1" 200 5792 "-" "Mozilla/5.0 (compatible; DotBot/1.2; +https://opensiteexplorer.org/dotbot; help@moz.com)"
74.125.214.101 - - [01/Jul/2023:16:16:26 +0200] "HEAD /blog/3/feed HTTP/1.1" 200 0 "-" "FeedBurner/1.0 (http://www.FeedBurner.com)"
216.244.66.232 - - [01/Jul/2023:16:16:33 +0200] "GET /eventscalendar/2022-07-07 HTTP/1.1" 200 5790 "-" "Mozilla/5.0 (compatible; DotBot/1.2; +https://opensiteexplorer.org/dotbot; help@moz.com)"
195.56.55.225 - - [01/Jul/2023:16:17:02 +0200] "GET /cron.php HTTP/1.0" 200 0 "-" "Wget/1.10.2"
95.108.213.209 - - [01/Jul/2023:16:17:48 +0200] "GET /eventscalendar/2017-01-27 HTTP/1.1" 404 4174 "-" "Mozilla/5.0 (compatible; YandexBot/3.0; +http://yandex.com/bots)"
157.55.39.253 - - [01/Jul/2023:16:20:51 +0200] "GET /eventscalendar/2022-06-30 HTTP/1.1" 200 5791 "-" "Mozilla/5.0 AppleWebKit/537.36 (KHTML, like Gecko; compatible; bingbot/2.0; +http://www.bing.com/bingbot.htm) Chrome/103.0.5060.134 Safari/537.36"
216.244.66.232 - - [01/Jul/2023:16:22:21 +0200] "GET /eventscalendar/2021-W06 HTTP/1.1" 200 7730 "-" "Mozilla/5.0 (compatible; DotBot/1.2; +https://opensiteexplorer.org/dotbot; help@moz.com)"
52.167.144.48 - - [01/Jul/2023:16:22:22 +0200] "GET /eventscalendar/2022-10-01 HTTP/1.1" 200 5793 "-" "Mozilla/5.0 AppleWebKit/537.36 (KHTML, like Gecko; compatible; bingbot/2.0; +http://www.bing.com/bingbot.htm) Chrome/103.0.5060.134 Safari/537.36"
40.77.167.169 - - [01/Jul/2023:16:23:48 +0200] "GET /eventscalendar/2023-12-08 HTTP/1.1" 200 5792 "-" "Mozilla/5.0 AppleWebKit/537.36 (KHTML, like Gecko; compatible; bingbot/2.0; +http://www.bing.com/bingbot.htm) Chrome/103.0.5060.134 Safari/537.36"
216.244.66.232 - - [01/Jul/2023:16:23:49 +0200] "GET /eventscalendar/2020-07-09 HTTP/1.1" 200 5790 "-" "Mozilla/5.0 (compatible; DotBot/1.2; +https://opensiteexplorer.org/dotbot; help@moz.com)"
216.244.66.232 - - [01/Jul/2023:16:24:02 +0200] "GET /eventscalendar/2020-07-24 HTTP/1.1" 200 5789 "-" "Mozilla/5.0 (compatible; DotBot/1.2; +https://opensiteexplorer.org/dotbot; help@moz.com)"
216.244.66.232 - - [01/Jul/2023:16:24:13 +0200] "GET /eventscalendar/2021-10-13 HTTP/1.1" 200 5795 "-" "Mozilla/5.0 (compatible; DotBot/1.2; +https://opensiteexplorer.org/dotbot; help@moz.com)"
216.244.66.232 - - [01/Jul/2023:16:24:23 +0200] "GET /eventscalendar/2021-02-13 HTTP/1.1" 200 5795 "-" "Mozilla/5.0 (compatible; DotBot/1.2; +https://opensiteexplorer.org/dotbot; help@moz.com)"
157.55.39.253 - - [01/Jul/2023:16:27:01 +0200] "GET /eventscalendar/2020-07-31 HTTP/1.1" 200 5789 "-" "Mozilla/5.0 AppleWebKit/537.36 (KHTML, like Gecko; compatible; bingbot/2.0; +http://www.bing.com/bingbot.htm) Chrome/103.0.5060.134 Safari/537.36"
17.241.75.61 - - [01/Jul/2023:16:28:25 +0200] "GET /robots.txt HTTP/1.1" 200 1590 "-" "Mozilla/5.0 (Macintosh; Intel Mac OS X 10_15_5) AppleWebKit/605.1.15 (KHTML, like Gecko) Version/13.1.1 Safari/605.1.15 (Applebot/0.1; +http://www.apple.com/go/applebot)"
17.241.75.61 - - [01/Jul/2023:16:28:26 +0200] "GET /node/8922 HTTP/1.1" 200 22330 "-" "Mozilla/5.0 (Macintosh; Intel Mac OS X 10_15_5) AppleWebKit/605.1.15 (KHTML, like Gecko) Version/13.1.1 Safari/605.1.15 (Applebot/0.1; +http://www.apple.com/go/applebot)"
114.119.133.253 - - [01/Jul/2023:16:28:41 +0200] "GET /node/975 HTTP/1.1" 200 8249 "http://treehugger.hu/positiveblog?page=20" "Mozilla/5.0 (Linux; Android 7.0;) AppleWebKit/537.36 (KHTML, like Gecko) Mobile Safari/537.36 (compatible; PetalBot;+https://webmaster.petalsearch.com/site/petalbot)"
114.119.152.221 - - [01/Jul/2023:16:30:12 +0200] "GET /eventscalendar/2021-02-12 HTTP/1.1" 200 5793 "http://www.treehugger.hu/eventscalendar/2021-W07" "Mozilla/5.0 (Linux; Android 7.0;) AppleWebKit/537.36 (KHTML, like Gecko) Mobile Safari/537.36 (compatible; PetalBot;+https://webmaster.petalsearch.com/site/petalbot)"
66.102.6.33 - - [01/Jul/2023:16:31:21 +0200] "GET /blog/3/feed HTTP/1.1" 200 11638 "-" "FeedBurner/1.0 (http://www.FeedBurner.com)"
74.125.214.101 - - [01/Jul/2023:16:31:34 +0200] "HEAD /blog/3/feed HTTP/1.1" 200 0 "-" "FeedBurner/1.0 (http://www.FeedBurner.com)"
74.125.214.103 - - [01/Jul/2023:16:32:05 +0200] "HEAD /blog/3/feed HTTP/1.1" 200 0 "-" "FeedBurner/1.0 (http://www.FeedBurner.com)"
114.119.130.54 - - [01/Jul/2023:16:32:16 +0200] "GET /eventscalendar/2022-12-13 HTTP/1.1" 200 5794 "http://treehugger.hu/eventscalendar/2022-12" "Mozilla/5.0 (Linux; Android 7.0;) AppleWebKit/537.36 (KHTML, like Gecko) Mobile Safari/537.36 (compatible; PetalBot;+https://webmaster.petalsearch.com/site/petalbot)"
54.36.148.101 - - [01/Jul/2023:16:32:51 +0200] "GET /node/159?q=signupfornewsletter HTTP/1.1" 200 4719 "-" "Mozilla/5.0 (compatible; AhrefsBot/7.0; +http://ahrefs.com/robot/)"
216.244.66.232 - - [01/Jul/2023:16:33:59 +0200] "GET /node/509 HTTP/1.1" 200 6221 "-" "Mozilla/5.0 (compatible; DotBot/1.2; +https://opensiteexplorer.org/dotbot; help@moz.com)"
216.244.66.232 - - [01/Jul/2023:16:34:10 +0200] "GET /node/754 HTTP/1.1" 200 7537 "-" "Mozilla/5.0 (compatible; DotBot/1.2; +https://opensiteexplorer.org/dotbot; help@moz.com)"
95.108.213.127 - - [01/Jul/2023:16:34:36 +0200] "GET /node/161 HTTP/1.1" 200 7291 "-" "Mozilla/5.0 (compatible; YandexBot/3.0; +http://yandex.com/bots)"
52.167.144.48 - - [01/Jul/2023:16:36:03 +0200] "GET /eventscalendar/2024-07-20 HTTP/1.1" 200 5791 "-" "Mozilla/5.0 AppleWebKit/537.36 (KHTML, like Gecko; compatible; bingbot/2.0; +http://www.bing.com/bingbot.htm) Chrome/103.0.5060.134 Safari/537.36"
185.25.35.14 - - [01/Jul/2023:16:37:05 +0200] "GET /robots.txt HTTP/1.1" 200 1590 "-" "magpie-crawler/1.1 (robots-txt-checker; +http://www.brandwatch.net)"
185.25.35.8 - - [01/Jul/2023:16:37:06 +0200] "GET /blog/3/feed HTTP/1.1" 200 2701 "-" "magpie-crawler/1.1 (U; Linux amd64; en-GB; +http://www.brandwatch.net)"
104.247.115.150 - - [01/Jul/2023:16:38:09 +0200] "GET /node/489 HTTP/1.1" 200 6403 "http://www.treehugger.hu/" "Mozilla/5.0 (X11; Linux i686; rv:102.0) Gecko/20100101 Firefox/102.0"
104.247.115.150 - - [01/Jul/2023:16:38:12 +0200] "GET /?q=node/add HTTP/1.1" 200 4284 "http://www.treehugger.hu/" "Mozilla/5.0 (X11; Linux i686; rv:102.0) Gecko/20100101 Firefox/102.0"
104.247.115.150 - - [01/Jul/2023:16:38:13 +0200] "GET /positiveblog HTTP/1.1" 200 15052 "http://www.treehugger.hu/" "Mozilla/5.0 (X11; Linux i686; rv:102.0) Gecko/20100101 Firefox/102.0"
104.247.115.150 - - [01/Jul/2023:16:38:15 +0200] "GET /?q=user HTTP/1.1" 200 5465 "http://www.treehugger.hu/" "Mozilla/5.0 (X11; Linux i686; rv:102.0) Gecko/20100101 Firefox/102.0"
52.167.144.48 - - [01/Jul/2023:16:39:14 +0200] "GET /eventscalendar/2022-12-30 HTTP/1.1" 200 5793 "-" "Mozilla/5.0 AppleWebKit/537.36 (KHTML, like Gecko; compatible; bingbot/2.0; +http://www.bing.com/bingbot.htm) Chrome/103.0.5060.134 Safari/537.36"
52.167.144.48 - - [01/Jul/2023:16:40:53 +0200] "GET /eventscalendar/2022-01-19 HTTP/1.1" 200 5795 "-" "Mozilla/5.0 AppleWebKit/537.36 (KHTML, like Gecko; compatible; bingbot/2.0; +http://www.bing.com/bingbot.htm) Chrome/103.0.5060.134 Safari/537.36"
51.222.253.7 - - [01/Jul/2023:16:43:56 +0200] "GET /robots.txt HTTP/1.1" 200 1590 "-" "Mozilla/5.0 (compatible; AhrefsBot/7.0; +http://ahrefs.com/robot/)"
54.36.148.189 - - [01/Jul/2023:16:44:08 +0200] "GET /node/767 HTTP/1.1" 200 12404 "-" "Mozilla/5.0 (compatible; AhrefsBot/7.0; +http://ahrefs.com/robot/)"
114.119.139.1 - - [01/Jul/2023:16:44:17 +0200] "GET /node/sites/default/files/Lucy%20es%20a%20trubadors_0.jpg HTTP/1.1" 404 4060 "http://www.treehugger.hu/node/749" "Mozilla/5.0 (Linux; Android 7.0;) AppleWebKit/537.36 (KHTML, like Gecko) Mobile Safari/537.36 (compatible; PetalBot;+https://webmaster.petalsearch.com/site/petalbot)"
66.102.6.33 - - [01/Jul/2023:16:47:20 +0200] "GET /blog/3/feed HTTP/1.1" 200 2701 "-" "FeedBurner/1.0 (http://www.FeedBurner.com)"
114.119.132.57 - - [01/Jul/2023:16:47:22 +0200] "GET /eventscalendar/2023-12-20 HTTP/1.1" 200 5796 "http://www.treehugger.hu/eventscalendar/2023-W52" "Mozilla/5.0 (Linux; Android 7.0;) AppleWebKit/537.36 (KHTML, like Gecko) Mobile Safari/537.36 (compatible; PetalBot;+https://webmaster.petalsearch.com/site/petalbot)"
114.119.134.195 - - [01/Jul/2023:16:48:38 +0200] "GET /node?page=2 HTTP/1.1" 200 18661 "http://treehugger.hu/node?page=3" "Mozilla/5.0 (Linux; Android 7.0;) AppleWebKit/537.36 (KHTML, like Gecko) Mobile Safari/537.36 (compatible; PetalBot;+https://webmaster.petalsearch.com/site/petalbot)"
157.55.39.253 - - [01/Jul/2023:16:49:34 +0200] "GET /eventscalendar/2022-11-26 HTTP/1.1" 200 5795 "-" "Mozilla/5.0 AppleWebKit/537.36 (KHTML, like Gecko; compatible; bingbot/2.0; +http://www.bing.com/bingbot.htm) Chrome/103.0.5060.134 Safari/537.36"
114.119.133.201 - - [01/Jul/2023:16:51:35 +0200] "GET /eventscalendar/2021 HTTP/1.1" 200 111436 "http://www.treehugger.hu/eventscalendar/2021-W08" "Mozilla/5.0 (Linux; Android 7.0;) AppleWebKit/537.36 (KHTML, like Gecko) Mobile Safari/537.36 (compatible; PetalBot;+https://webmaster.petalsearch.com/site/petalbot)"
114.119.153.245 - - [01/Jul/2023:16:53:07 +0200] "GET /node/859 HTTP/1.1" 200 6558 "http://treehugger.hu/positiveblog?page=28" "Mozilla/5.0 (Linux; Android 7.0;) AppleWebKit/537.36 (KHTML, like Gecko) Mobile Safari/537.36 (compatible; PetalBot;+https://webmaster.petalsearch.com/site/petalbot)"
31.13.103.7 - - [01/Jul/2023:16:53:19 +0200] "GET /sites/default/files/house.jpg HTTP/1.1" 200 3361011 "-" "facebookexternalhit/1.1 (+http://www.facebook.com/externalhit_uatext.php)"
94.21.80.138 - - [01/Jul/2023:16:53:52 +0200] "GET /node/23420?fbclid=IwAR37YsHfQ2wnYe7A85GCpWsFKigEhJxF3rWRSgbe7PzFwG2Yn9XLjUx3g_A HTTP/1.1" 200 18431 "https://lm.facebook.com/" "Mozilla/5.0 (Linux; Android 13; SM-A045F Build/TP1A.220624.014; wv) AppleWebKit/537.36 (KHTML, like Gecko) Version/4.0 Chrome/114.0.5735.131 Mobile Safari/537.36 [FB_IAB/FB4A;FBAV/420.0.0.32.61;]"
94.21.80.138 - - [01/Jul/2023:16:53:52 +0200] "GET /modules/system/system-menus.css?N HTTP/1.1" 200 935 "http://treehugger.hu/node/23420?fbclid=IwAR37YsHfQ2wnYe7A85GCpWsFKigEhJxF3rWRSgbe7PzFwG2Yn9XLjUx3g_A" "Mozilla/5.0 (Linux; Android 13; SM-A045F Build/TP1A.220624.014; wv) AppleWebKit/537.36 (KHTML, like Gecko) Version/4.0 Chrome/114.0.5735.131 Mobile Safari/537.36 [FB_IAB/FB4A;FBAV/420.0.0.32.61;]"
94.21.80.138 - - [01/Jul/2023:16:53:52 +0200] "GET /modules/user/user.css?N HTTP/1.1" 200 1127 "http://treehugger.hu/node/23420?fbclid=IwAR37YsHfQ2wnYe7A85GCpWsFKigEhJxF3rWRSgbe7PzFwG2Yn9XLjUx3g_A" "Mozilla/5.0 (Linux; Android 13; SM-A045F Build/TP1A.220624.014; wv) AppleWebKit/537.36 (KHTML, like Gecko) Version/4.0 Chrome/114.0.5735.131 Mobile Safari/537.36 [FB_IAB/FB4A;FBAV/420.0.0.32.61;]"
94.21.80.138 - - [01/Jul/2023:16:53:52 +0200] "GET /modules/system/system.css?N HTTP/1.1" 200 10020 "http://treehugger.hu/node/23420?fbclid=IwAR37YsHfQ2wnYe7A85GCpWsFKigEhJxF3rWRSgbe7PzFwG2Yn9XLjUx3g_A" "Mozilla/5.0 (Linux; Android 13; SM-A045F Build/TP1A.220624.014; wv) AppleWebKit/537.36 (KHTML, like Gecko) Version/4.0 Chrome/114.0.5735.131 Mobile Safari/537.36 [FB_IAB/FB4A;FBAV/420.0.0.32.61;]"
94.21.80.138 - - [01/Jul/2023:16:53:52 +0200] "GET /modules/system/defaults.css?N HTTP/1.1" 200 757 "http://treehugger.hu/node/23420?fbclid=IwAR37YsHfQ2wnYe7A85GCpWsFKigEhJxF3rWRSgbe7PzFwG2Yn9XLjUx3g_A" "Mozilla/5.0 (Linux; Android 13; SM-A045F Build/TP1A.220624.014; wv) AppleWebKit/537.36 (KHTML, like Gecko) Version/4.0 Chrome/114.0.5735.131 Mobile Safari/537.36 [FB_IAB/FB4A;FBAV/420.0.0.32.61;]"
94.21.80.138 - - [01/Jul/2023:16:53:52 +0200] "GET /sites/all/modules/date/date.css?N HTTP/1.1" 200 3087 "http://treehugger.hu/node/23420?fbclid=IwAR37YsHfQ2wnYe7A85GCpWsFKigEhJxF3rWRSgbe7PzFwG2Yn9XLjUx3g_A" "Mozilla/5.0 (Linux; Android 13; SM-A045F Build/TP1A.220624.014; wv) AppleWebKit/537.36 (KHTML, like Gecko) Version/4.0 Chrome/114.0.5735.131 Mobile Safari/537.36 [FB_IAB/FB4A;FBAV/420.0.0.32.61;]"
94.21.80.138 - - [01/Jul/2023:16:53:52 +0200] "GET /modules/node/node.css?N HTTP/1.1" 200 740 "http://treehugger.hu/node/23420?fbclid=IwAR37YsHfQ2wnYe7A85GCpWsFKigEhJxF3rWRSgbe7PzFwG2Yn9XLjUx3g_A" "Mozilla/5.0 (Linux; Android 13; SM-A045F Build/TP1A.220624.014; wv) AppleWebKit/537.36 (KHTML, like Gecko) Version/4.0 Chrome/114.0.5735.131 Mobile Safari/537.36 [FB_IAB/FB4A;FBAV/420.0.0.32.61;]"
94.21.80.138 - - [01/Jul/2023:16:53:52 +0200] "GET /sites/all/modules/calendar/calendar.css?N HTTP/1.1" 200 7856 "http://treehugger.hu/node/23420?fbclid=IwAR37YsHfQ2wnYe7A85GCpWsFKigEhJxF3rWRSgbe7PzFwG2Yn9XLjUx3g_A" "Mozilla/5.0 (Linux; Android 13; SM-A045F Build/TP1A.220624.014; wv) AppleWebKit/537.36 (KHTML, like Gecko) Version/4.0 Chrome/114.0.5735.131 Mobile Safari/537.36 [FB_IAB/FB4A;FBAV/420.0.0.32.61;]"
94.21.80.138 - - [01/Jul/2023:16:53:52 +0200] "GET /misc/farbtastic/farbtastic.css?N HTTP/1.1" 200 640 "http://treehugger.hu/node/23420?fbclid=IwAR37YsHfQ2wnYe7A85GCpWsFKigEhJxF3rWRSgbe7PzFwG2Yn9XLjUx3g_A" "Mozilla/5.0 (Linux; Android 13; SM-A045F Build/TP1A.220624.014; wv) AppleWebKit/537.36 (KHTML, like Gecko) Version/4.0 Chrome/114.0.5735.131 Mobile Safari/537.36 [FB_IAB/FB4A;FBAV/420.0.0.32.61;]"
94.21.80.138 - - [01/Jul/2023:16:53:52 +0200] "GET /sites/all/themes/th/style.css?N HTTP/1.1" 200 5582 "http://treehugger.hu/node/23420?fbclid=IwAR37YsHfQ2wnYe7A85GCpWsFKigEhJxF3rWRSgbe7PzFwG2Yn9XLjUx3g_A" "Mozilla/5.0 (Linux; Android 13; SM-A045F Build/TP1A.220624.014; wv) AppleWebKit/537.36 (KHTML, like Gecko) Version/4.0 Chrome/114.0.5735.131 Mobile Safari/537.36 [FB_IAB/FB4A;FBAV/420.0.0.32.61;]"
94.21.80.138 - - [01/Jul/2023:16:53:52 +0200] "GET /sites/all/themes/th/typography.css?N HTTP/1.1" 200 3139 "http://treehugger.hu/node/23420?fbclid=IwAR37YsHfQ2wnYe7A85GCpWsFKigEhJxF3rWRSgbe7PzFwG2Yn9XLjUx3g_A" "Mozilla/5.0 (Linux; Android 13; SM-A045F Build/TP1A.220624.014; wv) AppleWebKit/537.36 (KHTML, like Gecko) Version/4.0 Chrome/114.0.5735.131 Mobile Safari/537.36 [FB_IAB/FB4A;FBAV/420.0.0.32.61;]"
94.21.80.138 - - [01/Jul/2023:16:53:52 +0200] "GET /sites/all/modules/cck/theme/content-module.css?N HTTP/1.1" 200 2397 "http://treehugger.hu/node/23420?fbclid=IwAR37YsHfQ2wnYe7A85GCpWsFKigEhJxF3rWRSgbe7PzFwG2Yn9XLjUx3g_A" "Mozilla/5.0 (Linux; Android 13; SM-A045F Build/TP1A.220624.014; wv) AppleWebKit/537.36 (KHTML, like Gecko) Version/4.0 Chrome/114.0.5735.131 Mobile Safari/537.36 [FB_IAB/FB4A;FBAV/420.0.0.32.61;]"
94.21.80.138 - - [01/Jul/2023:16:53:52 +0200] "GET /sites/all/themes/th/reset.css?N HTTP/1.1" 200 1077 "http://treehugger.hu/node/23420?fbclid=IwAR37YsHfQ2wnYe7A85GCpWsFKigEhJxF3rWRSgbe7PzFwG2Yn9XLjUx3g_A" "Mozilla/5.0 (Linux; Android 13; SM-A045F Build/TP1A.220624.014; wv) AppleWebKit/537.36 (KHTML, like Gecko) Version/4.0 Chrome/114.0.5735.131 Mobile Safari/537.36 [FB_IAB/FB4A;FBAV/420.0.0.32.61;]"
94.21.80.138 - - [01/Jul/2023:16:53:52 +0200] "GET /sites/all/themes/th/header1.jpg HTTP/1.1" 200 71424 "http://treehugger.hu/node/23420?fbclid=IwAR37YsHfQ2wnYe7A85GCpWsFKigEhJxF3rWRSgbe7PzFwG2Yn9XLjUx3g_A" "Mozilla/5.0 (Linux; Android 13; SM-A045F Build/TP1A.220624.014; wv) AppleWebKit/537.36 (KHTML, like Gecko) Version/4.0 Chrome/114.0.5735.131 Mobile Safari/537.36 [FB_IAB/FB4A;FBAV/420.0.0.32.61;]"
94.21.80.138 - - [01/Jul/2023:16:53:52 +0200] "GET /sites/all/themes/th/reset.css HTTP/1.1" 200 1077 "http://treehugger.hu/sites/all/themes/th/style.css?N" "Mozilla/5.0 (Linux; Android 13; SM-A045F Build/TP1A.220624.014; wv) AppleWebKit/537.36 (KHTML, like Gecko) Version/4.0 Chrome/114.0.5735.131 Mobile Safari/537.36 [FB_IAB/FB4A;FBAV/420.0.0.32.61;]"
94.21.80.138 - - [01/Jul/2023:16:53:52 +0200] "GET /sites/all/themes/th/typography.css HTTP/1.1" 200 3139 "http://treehugger.hu/sites/all/themes/th/style.css?N" "Mozilla/5.0 (Linux; Android 13; SM-A045F Build/TP1A.220624.014; wv) AppleWebKit/537.36 (KHTML, like Gecko) Version/4.0 Chrome/114.0.5735.131 Mobile Safari/537.36 [FB_IAB/FB4A;FBAV/420.0.0.32.61;]"
94.21.80.138 - - [01/Jul/2023:16:53:52 +0200] "GET /sites/default/files/konyha%201.jpg HTTP/1.1" 200 74516 "http://treehugger.hu/node/23420?fbclid=IwAR37YsHfQ2wnYe7A85GCpWsFKigEhJxF3rWRSgbe7PzFwG2Yn9XLjUx3g_A" "Mozilla/5.0 (Linux; Android 13; SM-A045F Build/TP1A.220624.014; wv) AppleWebKit/537.36 (KHTML, like Gecko) Version/4.0 Chrome/114.0.5735.131 Mobile Safari/537.36 [FB_IAB/FB4A;FBAV/420.0.0.32.61;]"
94.21.80.138 - - [01/Jul/2023:16:53:52 +0200] "GET /sites/default/files/double%20rainbow.jpg HTTP/1.1" 200 57519 "http://treehugger.hu/node/23420?fbclid=IwAR37YsHfQ2wnYe7A85GCpWsFKigEhJxF3rWRSgbe7PzFwG2Yn9XLjUx3g_A" "Mozilla/5.0 (Linux; Android 13; SM-A045F Build/TP1A.220624.014; wv) AppleWebKit/537.36 (KHTML, like Gecko) Version/4.0 Chrome/114.0.5735.131 Mobile Safari/537.36 [FB_IAB/FB4A;FBAV/420.0.0.32.61;]"
94.21.80.138 - - [01/Jul/2023:16:53:52 +0200] "GET /sites/default/files/kert%202.JPG HTTP/1.1" 200 144285 "http://treehugger.hu/node/23420?fbclid=IwAR37YsHfQ2wnYe7A85GCpWsFKigEhJxF3rWRSgbe7PzFwG2Yn9XLjUx3g_A" "Mozilla/5.0 (Linux; Android 13; SM-A045F Build/TP1A.220624.014; wv) AppleWebKit/537.36 (KHTML, like Gecko) Version/4.0 Chrome/114.0.5735.131 Mobile Safari/537.36 [FB_IAB/FB4A;FBAV/420.0.0.32.61;]"
94.21.80.138 - - [01/Jul/2023:16:53:52 +0200] "GET /sites/default/files/halo%202.jpg HTTP/1.1" 200 79069 "http://treehugger.hu/node/23420?fbclid=IwAR37YsHfQ2wnYe7A85GCpWsFKigEhJxF3rWRSgbe7PzFwG2Yn9XLjUx3g_A" "Mozilla/5.0 (Linux; Android 13; SM-A045F Build/TP1A.220624.014; wv) AppleWebKit/537.36 (KHTML, like Gecko) Version/4.0 Chrome/114.0.5735.131 Mobile Safari/537.36 [FB_IAB/FB4A;FBAV/420.0.0.32.61;]"
94.21.80.138 - - [01/Jul/2023:16:53:53 +0200] "GET /sites/default/files/buboskemence.jpg HTTP/1.1" 200 46935 "http://treehugger.hu/node/23420?fbclid=IwAR37YsHfQ2wnYe7A85GCpWsFKigEhJxF3rWRSgbe7PzFwG2Yn9XLjUx3g_A" "Mozilla/5.0 (Linux; Android 13; SM-A045F Build/TP1A.220624.014; wv) AppleWebKit/537.36 (KHTML, like Gecko) Version/4.0 Chrome/114.0.5735.131 Mobile Safari/537.36 [FB_IAB/FB4A;FBAV/420.0.0.32.61;]"
94.21.80.138 - - [01/Jul/2023:16:53:53 +0200] "GET /sites/all/themes/th/bg.jpg HTTP/1.1" 200 807 "http://treehugger.hu/sites/all/themes/th/style.css?N" "Mozilla/5.0 (Linux; Android 13; SM-A045F Build/TP1A.220624.014; wv) AppleWebKit/537.36 (KHTML, like Gecko) Version/4.0 Chrome/114.0.5735.131 Mobile Safari/537.36 [FB_IAB/FB4A;FBAV/420.0.0.32.61;]"
94.21.80.138 - - [01/Jul/2023:16:53:53 +0200] "GET /sites/all/themes/th/menu_bg.jpg HTTP/1.1" 200 911 "http://treehugger.hu/sites/all/themes/th/style.css?N" "Mozilla/5.0 (Linux; Android 13; SM-A045F Build/TP1A.220624.014; wv) AppleWebKit/537.36 (KHTML, like Gecko) Version/4.0 Chrome/114.0.5735.131 Mobile Safari/537.36 [FB_IAB/FB4A;FBAV/420.0.0.32.61;]"
94.21.80.138 - - [01/Jul/2023:16:53:53 +0200] "GET /sites/all/themes/th/content_bg.jpg HTTP/1.1" 200 745 "http://treehugger.hu/sites/all/themes/th/style.css?N" "Mozilla/5.0 (Linux; Android 13; SM-A045F Build/TP1A.220624.014; wv) AppleWebKit/537.36 (KHTML, like Gecko) Version/4.0 Chrome/114.0.5735.131 Mobile Safari/537.36 [FB_IAB/FB4A;FBAV/420.0.0.32.61;]"
94.21.80.138 - - [01/Jul/2023:16:53:53 +0200] "GET /sites/default/files/folyoso.jpg HTTP/1.1" 200 31357 "http://treehugger.hu/node/23420?fbclid=IwAR37YsHfQ2wnYe7A85GCpWsFKigEhJxF3rWRSgbe7PzFwG2Yn9XLjUx3g_A" "Mozilla/5.0 (Linux; Android 13; SM-A045F Build/TP1A.220624.014; wv) AppleWebKit/537.36 (KHTML, like Gecko) Version/4.0 Chrome/114.0.5735.131 Mobile Safari/537.36 [FB_IAB/FB4A;FBAV/420.0.0.32.61;]"
94.21.80.138 - - [01/Jul/2023:16:53:53 +0200] "GET /sites/default/files/halo%201.jpg HTTP/1.1" 200 50789 "http://treehugger.hu/node/23420?fbclid=IwAR37YsHfQ2wnYe7A85GCpWsFKigEhJxF3rWRSgbe7PzFwG2Yn9XLjUx3g_A" "Mozilla/5.0 (Linux; Android 13; SM-A045F Build/TP1A.220624.014; wv) AppleWebKit/537.36 (KHTML, like Gecko) Version/4.0 Chrome/114.0.5735.131 Mobile Safari/537.36 [FB_IAB/FB4A;FBAV/420.0.0.32.61;]"
94.21.80.138 - - [01/Jul/2023:16:53:53 +0200] "GET /sites/default/files/hills%20at%20sunset.jpg HTTP/1.1" 200 55860 "http://treehugger.hu/node/23420?fbclid=IwAR37YsHfQ2wnYe7A85GCpWsFKigEhJxF3rWRSgbe7PzFwG2Yn9XLjUx3g_A" "Mozilla/5.0 (Linux; Android 13; SM-A045F Build/TP1A.220624.014; wv) AppleWebKit/537.36 (KHTML, like Gecko) Version/4.0 Chrome/114.0.5735.131 Mobile Safari/537.36 [FB_IAB/FB4A;FBAV/420.0.0.32.61;]"
94.21.80.138 - - [01/Jul/2023:16:53:53 +0200] "GET /sites/default/files/bejarat.jpg HTTP/1.1" 200 460611 "http://treehugger.hu/node/23420?fbclid=IwAR37YsHfQ2wnYe7A85GCpWsFKigEhJxF3rWRSgbe7PzFwG2Yn9XLjUx3g_A" "Mozilla/5.0 (Linux; Android 13; SM-A045F Build/TP1A.220624.014; wv) AppleWebKit/537.36 (KHTML, like Gecko) Version/4.0 Chrome/114.0.5735.131 Mobile Safari/537.36 [FB_IAB/FB4A;FBAV/420.0.0.32.61;]"
94.21.80.138 - - [01/Jul/2023:16:53:53 +0200] "GET /sites/default/files/kert%201.JPG HTTP/1.1" 200 132511 "http://treehugger.hu/node/23420?fbclid=IwAR37YsHfQ2wnYe7A85GCpWsFKigEhJxF3rWRSgbe7PzFwG2Yn9XLjUx3g_A" "Mozilla/5.0 (Linux; Android 13; SM-A045F Build/TP1A.220624.014; wv) AppleWebKit/537.36 (KHTML, like Gecko) Version/4.0 Chrome/114.0.5735.131 Mobile Safari/537.36 [FB_IAB/FB4A;FBAV/420.0.0.32.61;]"
94.21.80.138 - - [01/Jul/2023:16:53:53 +0200] "GET /sites/default/files/nappali%203.jpg HTTP/1.1" 200 59464 "http://treehugger.hu/node/23420?fbclid=IwAR37YsHfQ2wnYe7A85GCpWsFKigEhJxF3rWRSgbe7PzFwG2Yn9XLjUx3g_A" "Mozilla/5.0 (Linux; Android 13; SM-A045F Build/TP1A.220624.014; wv) AppleWebKit/537.36 (KHTML, like Gecko) Version/4.0 Chrome/114.0.5735.131 Mobile Safari/537.36 [FB_IAB/FB4A;FBAV/420.0.0.32.61;]"
94.21.80.138 - - [01/Jul/2023:16:53:53 +0200] "GET /sites/default/files/lilac.jpg HTTP/1.1" 200 90612 "http://treehugger.hu/node/23420?fbclid=IwAR37YsHfQ2wnYe7A85GCpWsFKigEhJxF3rWRSgbe7PzFwG2Yn9XLjUx3g_A" "Mozilla/5.0 (Linux; Android 13; SM-A045F Build/TP1A.220624.014; wv) AppleWebKit/537.36 (KHTML, like Gecko) Version/4.0 Chrome/114.0.5735.131 Mobile Safari/537.36 [FB_IAB/FB4A;FBAV/420.0.0.32.61;]"
94.21.80.138 - - [01/Jul/2023:16:53:53 +0200] "GET /sites/default/files/onyha%202.jpg HTTP/1.1" 200 71913 "http://treehugger.hu/node/23420?fbclid=IwAR37YsHfQ2wnYe7A85GCpWsFKigEhJxF3rWRSgbe7PzFwG2Yn9XLjUx3g_A" "Mozilla/5.0 (Linux; Android 13; SM-A045F Build/TP1A.220624.014; wv) AppleWebKit/537.36 (KHTML, like Gecko) Version/4.0 Chrome/114.0.5735.131 Mobile Safari/537.36 [FB_IAB/FB4A;FBAV/420.0.0.32.61;]"
94.21.80.138 - - [01/Jul/2023:16:53:54 +0200] "GET /sites/default/files/rakaca%20to.jpg HTTP/1.1" 200 275150 "http://treehugger.hu/node/23420?fbclid=IwAR37YsHfQ2wnYe7A85GCpWsFKigEhJxF3rWRSgbe7PzFwG2Yn9XLjUx3g_A" "Mozilla/5.0 (Linux; Android 13; SM-A045F Build/TP1A.220624.014; wv) AppleWebKit/537.36 (KHTML, like Gecko) Version/4.0 Chrome/114.0.5735.131 Mobile Safari/537.36 [FB_IAB/FB4A;FBAV/420.0.0.32.61;]"
94.21.80.138 - - [01/Jul/2023:16:53:54 +0200] "GET /sites/default/files/sunset_1.jpg HTTP/1.1" 200 45604 "http://treehugger.hu/node/23420?fbclid=IwAR37YsHfQ2wnYe7A85GCpWsFKigEhJxF3rWRSgbe7PzFwG2Yn9XLjUx3g_A" "Mozilla/5.0 (Linux; Android 13; SM-A045F Build/TP1A.220624.014; wv) AppleWebKit/537.36 (KHTML, like Gecko) Version/4.0 Chrome/114.0.5735.131 Mobile Safari/537.36 [FB_IAB/FB4A;FBAV/420.0.0.32.61;]"
94.21.80.138 - - [01/Jul/2023:16:53:54 +0200] "GET /sites/default/files/street%20view.jpg HTTP/1.1" 200 102718 "http://treehugger.hu/node/23420?fbclid=IwAR37YsHfQ2wnYe7A85GCpWsFKigEhJxF3rWRSgbe7PzFwG2Yn9XLjUx3g_A" "Mozilla/5.0 (Linux; Android 13; SM-A045F Build/TP1A.220624.014; wv) AppleWebKit/537.36 (KHTML, like Gecko) Version/4.0 Chrome/114.0.5735.131 Mobile Safari/537.36 [FB_IAB/FB4A;FBAV/420.0.0.32.61;]"
94.21.80.138 - - [01/Jul/2023:16:53:54 +0200] "GET /sites/default/files/house.jpg HTTP/1.1" 200 3361011 "http://treehugger.hu/node/23420?fbclid=IwAR37YsHfQ2wnYe7A85GCpWsFKigEhJxF3rWRSgbe7PzFwG2Yn9XLjUx3g_A" "Mozilla/5.0 (Linux; Android 13; SM-A045F Build/TP1A.220624.014; wv) AppleWebKit/537.36 (KHTML, like Gecko) Version/4.0 Chrome/114.0.5735.131 Mobile Safari/537.36 [FB_IAB/FB4A;FBAV/420.0.0.32.61;]"
94.21.80.138 - - [01/Jul/2023:16:53:54 +0200] "GET /sites/default/files/wc.jpg HTTP/1.1" 200 38741 "http://treehugger.hu/node/23420?fbclid=IwAR37YsHfQ2wnYe7A85GCpWsFKigEhJxF3rWRSgbe7PzFwG2Yn9XLjUx3g_A" "Mozilla/5.0 (Linux; Android 13; SM-A045F Build/TP1A.220624.014; wv) AppleWebKit/537.36 (KHTML, like Gecko) Version/4.0 Chrome/114.0.5735.131 Mobile Safari/537.36 [FB_IAB/FB4A;FBAV/420.0.0.32.61;]"
94.21.80.138 - - [01/Jul/2023:16:53:54 +0200] "GET /sites/default/files/telikert.jpg HTTP/1.1" 200 77089 "http://treehugger.hu/node/23420?fbclid=IwAR37YsHfQ2wnYe7A85GCpWsFKigEhJxF3rWRSgbe7PzFwG2Yn9XLjUx3g_A" "Mozilla/5.0 (Linux; Android 13; SM-A045F Build/TP1A.220624.014; wv) AppleWebKit/537.36 (KHTML, like Gecko) Version/4.0 Chrome/114.0.5735.131 Mobile Safari/537.36 [FB_IAB/FB4A;FBAV/420.0.0.32.61;]"
94.21.80.138 - - [01/Jul/2023:16:53:54 +0200] "GET /sites/default/files/nappali%204.jpg HTTP/1.1" 200 2107386 "http://treehugger.hu/node/23420?fbclid=IwAR37YsHfQ2wnYe7A85GCpWsFKigEhJxF3rWRSgbe7PzFwG2Yn9XLjUx3g_A" "Mozilla/5.0 (Linux; Android 13; SM-A045F Build/TP1A.220624.014; wv) AppleWebKit/537.36 (KHTML, like Gecko) Version/4.0 Chrome/114.0.5735.131 Mobile Safari/537.36 [FB_IAB/FB4A;FBAV/420.0.0.32.61;]"
94.21.80.138 - - [01/Jul/2023:16:53:54 +0200] "GET /sites/default/files/tornac.jpg HTTP/1.1" 200 609767 "http://treehugger.hu/node/23420?fbclid=IwAR37YsHfQ2wnYe7A85GCpWsFKigEhJxF3rWRSgbe7PzFwG2Yn9XLjUx3g_A" "Mozilla/5.0 (Linux; Android 13; SM-A045F Build/TP1A.220624.014; wv) AppleWebKit/537.36 (KHTML, like Gecko) Version/4.0 Chrome/114.0.5735.131 Mobile Safari/537.36 [FB_IAB/FB4A;FBAV/420.0.0.32.61;]"
94.21.80.138 - - [01/Jul/2023:16:53:54 +0200] "GET /sites/default/files/tornac%20tel.jpg HTTP/1.1" 200 75820 "http://treehugger.hu/node/23420?fbclid=IwAR37YsHfQ2wnYe7A85GCpWsFKigEhJxF3rWRSgbe7PzFwG2Yn9XLjUx3g_A" "Mozilla/5.0 (Linux; Android 13; SM-A045F Build/TP1A.220624.014; wv) AppleWebKit/537.36 (KHTML, like Gecko) Version/4.0 Chrome/114.0.5735.131 Mobile Safari/537.36 [FB_IAB/FB4A;FBAV/420.0.0.32.61;]"
94.21.80.138 - - [01/Jul/2023:16:53:54 +0200] "GET /sites/all/themes/th/footer.jpg HTTP/1.1" 200 13784 "http://treehugger.hu/node/23420?fbclid=IwAR37YsHfQ2wnYe7A85GCpWsFKigEhJxF3rWRSgbe7PzFwG2Yn9XLjUx3g_A" "Mozilla/5.0 (Linux; Android 13; SM-A045F Build/TP1A.220624.014; wv) AppleWebKit/537.36 (KHTML, like Gecko) Version/4.0 Chrome/114.0.5735.131 Mobile Safari/537.36 [FB_IAB/FB4A;FBAV/420.0.0.32.61;]"
94.21.80.138 - - [01/Jul/2023:16:53:55 +0200] "GET /sites/default/files/fas%20kamara.jpg HTTP/1.1" 200 2811184 "http://treehugger.hu/node/23420?fbclid=IwAR37YsHfQ2wnYe7A85GCpWsFKigEhJxF3rWRSgbe7PzFwG2Yn9XLjUx3g_A" "Mozilla/5.0 (Linux; Android 13; SM-A045F Build/TP1A.220624.014; wv) AppleWebKit/537.36 (KHTML, like Gecko) Version/4.0 Chrome/114.0.5735.131 Mobile Safari/537.36 [FB_IAB/FB4A;FBAV/420.0.0.32.61;]"
94.21.80.138 - - [01/Jul/2023:16:53:55 +0200] "GET /sites/default/files/udvar%203.jpg HTTP/1.1" 200 2247480 "http://treehugger.hu/node/23420?fbclid=IwAR37YsHfQ2wnYe7A85GCpWsFKigEhJxF3rWRSgbe7PzFwG2Yn9XLjUx3g_A" "Mozilla/5.0 (Linux; Android 13; SM-A045F Build/TP1A.220624.014; wv) AppleWebKit/537.36 (KHTML, like Gecko) Version/4.0 Chrome/114.0.5735.131 Mobile Safari/537.36 [FB_IAB/FB4A;FBAV/420.0.0.32.61;]"
94.21.80.138 - - [01/Jul/2023:16:53:56 +0200] "GET /misc/favicon.ico HTTP/1.1" 200 3262 "http://treehugger.hu/node/23420?fbclid=IwAR37YsHfQ2wnYe7A85GCpWsFKigEhJxF3rWRSgbe7PzFwG2Yn9XLjUx3g_A" "Mozilla/5.0 (Linux; Android 13; SM-A045F Build/TP1A.220624.014; wv) AppleWebKit/537.36 (KHTML, like Gecko) Version/4.0 Chrome/114.0.5735.131 Mobile Safari/537.36 [FB_IAB/FB4A;FBAV/420.0.0.32.61;]"
185.51.134.116 - - [01/Jul/2023:16:53:57 +0200] "GET /contact HTTP/1.1" 200 11051 "-" "Mozilla/5.0 (Windows NT 10.0; Win64; x64) AppleWebKit/537.36 (KHTML, like Gecko) Chrome/103.0.0.0 Safari/537.36 Edg/103.0.1264.71"
185.51.134.116 - - [01/Jul/2023:16:53:58 +0200] "GET /productinformation HTTP/1.1" 200 8477 "http://www.treehugger.hu/contact" "Mozilla/5.0 (Windows NT 10.0; Win64; x64) AppleWebKit/537.36 (KHTML, like Gecko) Chrome/103.0.0.0 Safari/537.36 Edg/103.0.1264.71"
66.102.6.33 - - [01/Jul/2023:16:54:46 +0200] "GET /blog/3/feed HTTP/1.1" 200 2701 "-" "FeedBurner/1.0 (http://www.FeedBurner.com)"
5.255.231.27 - - [01/Jul/2023:16:59:04 +0200] "GET /eventscalendar/2021-12-27 HTTP/1.1" 200 5793 "-" "Mozilla/5.0 (compatible; YandexBot/3.0; +http://yandex.com/bots)"
74.125.214.102 - - [01/Jul/2023:17:01:35 +0200] "HEAD /blog/3/feed HTTP/1.1" 200 0 "-" "FeedBurner/1.0 (http://www.FeedBurner.com)"
216.244.66.232 - - [01/Jul/2023:17:04:53 +0200] "GET /robots.txt HTTP/1.1" 200 1590 "-" "Mozilla/5.0 (compatible; DotBot/1.2; +https://opensiteexplorer.org/dotbot; help@moz.com)"
216.244.66.232 - - [01/Jul/2023:17:04:53 +0200] "GET /robots.txt HTTP/1.1" 200 1590 "-" "Mozilla/5.0 (compatible; DotBot/1.2; +https://opensiteexplorer.org/dotbot; help@moz.com)"
63.117.215.74 - - [01/Jul/2023:17:06:06 +0200] "GET /node/760 HTTP/1.1" 200 9639 "https://www.google.com/" "Mozilla/5.0 (Windows NT 10.0; Win64; x64) AppleWebKit/537.36 (KHTML, like Gecko) Chrome/113.0.0.0 Safari/537.36"
63.117.215.74 - - [01/Jul/2023:17:06:07 +0200] "GET /modules/node/node.css?N HTTP/1.1" 200 740 "http://www.treehugger.hu/node/760" "Mozilla/5.0 (Windows NT 10.0; Win64; x64) AppleWebKit/537.36 (KHTML, like Gecko) Chrome/113.0.0.0 Safari/537.36"
63.117.215.74 - - [01/Jul/2023:17:06:07 +0200] "GET /modules/user/user.css?N HTTP/1.1" 200 1127 "http://www.treehugger.hu/node/760" "Mozilla/5.0 (Windows NT 10.0; Win64; x64) AppleWebKit/537.36 (KHTML, like Gecko) Chrome/113.0.0.0 Safari/537.36"
63.117.215.74 - - [01/Jul/2023:17:06:07 +0200] "GET /modules/system/defaults.css?N HTTP/1.1" 200 757 "http://www.treehugger.hu/node/760" "Mozilla/5.0 (Windows NT 10.0; Win64; x64) AppleWebKit/537.36 (KHTML, like Gecko) Chrome/113.0.0.0 Safari/537.36"
63.117.215.74 - - [01/Jul/2023:17:06:07 +0200] "GET /modules/system/system-menus.css?N HTTP/1.1" 200 935 "http://www.treehugger.hu/node/760" "Mozilla/5.0 (Windows NT 10.0; Win64; x64) AppleWebKit/537.36 (KHTML, like Gecko) Chrome/113.0.0.0 Safari/537.36"
63.117.215.74 - - [01/Jul/2023:17:06:07 +0200] "GET /modules/system/system.css?N HTTP/1.1" 200 10020 "http://www.treehugger.hu/node/760" "Mozilla/5.0 (Windows NT 10.0; Win64; x64) AppleWebKit/537.36 (KHTML, like Gecko) Chrome/113.0.0.0 Safari/537.36"
63.117.215.74 - - [01/Jul/2023:17:06:08 +0200] "GET /sites/all/modules/cck/theme/content-module.css?N HTTP/1.1" 200 2397 "http://www.treehugger.hu/node/760" "Mozilla/5.0 (Windows NT 10.0; Win64; x64) AppleWebKit/537.36 (KHTML, like Gecko) Chrome/113.0.0.0 Safari/537.36"
63.117.215.74 - - [01/Jul/2023:17:06:08 +0200] "GET /sites/all/modules/calendar/calendar.css?N HTTP/1.1" 200 7856 "http://www.treehugger.hu/node/760" "Mozilla/5.0 (Windows NT 10.0; Win64; x64) AppleWebKit/537.36 (KHTML, like Gecko) Chrome/113.0.0.0 Safari/537.36"
63.117.215.74 - - [01/Jul/2023:17:06:08 +0200] "GET /sites/all/modules/date/date.css?N HTTP/1.1" 200 3087 "http://www.treehugger.hu/node/760" "Mozilla/5.0 (Windows NT 10.0; Win64; x64) AppleWebKit/537.36 (KHTML, like Gecko) Chrome/113.0.0.0 Safari/537.36"
63.117.215.74 - - [01/Jul/2023:17:06:08 +0200] "GET /sites/all/themes/th/style.css?N HTTP/1.1" 200 5582 "http://www.treehugger.hu/node/760" "Mozilla/5.0 (Windows NT 10.0; Win64; x64) AppleWebKit/537.36 (KHTML, like Gecko) Chrome/113.0.0.0 Safari/537.36"
63.117.215.74 - - [01/Jul/2023:17:06:08 +0200] "GET /sites/all/themes/th/reset.css?N HTTP/1.1" 200 1077 "http://www.treehugger.hu/node/760" "Mozilla/5.0 (Windows NT 10.0; Win64; x64) AppleWebKit/537.36 (KHTML, like Gecko) Chrome/113.0.0.0 Safari/537.36"
63.117.215.74 - - [01/Jul/2023:17:06:08 +0200] "GET /misc/farbtastic/farbtastic.css?N HTTP/1.1" 200 640 "http://www.treehugger.hu/node/760" "Mozilla/5.0 (Windows NT 10.0; Win64; x64) AppleWebKit/537.36 (KHTML, like Gecko) Chrome/113.0.0.0 Safari/537.36"
63.117.215.74 - - [01/Jul/2023:17:06:08 +0200] "GET /sites/all/themes/th/typography.css?N HTTP/1.1" 200 3139 "http://www.treehugger.hu/node/760" "Mozilla/5.0 (Windows NT 10.0; Win64; x64) AppleWebKit/537.36 (KHTML, like Gecko) Chrome/113.0.0.0 Safari/537.36"
63.117.215.74 - - [01/Jul/2023:17:06:09 +0200] "GET /sites/all/themes/th/header1.jpg HTTP/1.1" 200 71424 "http://www.treehugger.hu/node/760" "Mozilla/5.0 (Windows NT 10.0; Win64; x64) AppleWebKit/537.36 (KHTML, like Gecko) Chrome/113.0.0.0 Safari/537.36"
63.117.215.74 - - [01/Jul/2023:17:06:10 +0200] "GET /sites/all/themes/th/footer.jpg HTTP/1.1" 200 13784 "http://www.treehugger.hu/node/760" "Mozilla/5.0 (Windows NT 10.0; Win64; x64) AppleWebKit/537.36 (KHTML, like Gecko) Chrome/113.0.0.0 Safari/537.36"
63.117.215.74 - - [01/Jul/2023:17:06:13 +0200] "GET /sites/default/files/compostlogo2.jpg HTTP/1.1" 200 824590 "http://www.treehugger.hu/node/760" "Mozilla/5.0 (Windows NT 10.0; Win64; x64) AppleWebKit/537.36 (KHTML, like Gecko) Chrome/113.0.0.0 Safari/537.36"
