85.208.98.23 - - [01/May/2025:09:31:03 +0200] "GET /robots.txt HTTP/1.1" 200 1590 "-" "Mozilla/5.0 (compatible; SemrushBot-BA; +http://www.semrush.com/bot.html)"
85.208.98.23 - - [01/May/2025:09:31:04 +0200] "GET /robots.txt HTTP/1.1" 200 1590 "-" "Mozilla/5.0 (compatible; SemrushBot-BA; +http://www.semrush.com/bot.html)"
199.47.82.18 - - [01/May/2025:09:31:05 +0200] "GET /eventscalendar/2023-09-14 HTTP/1.1" 200 5796 "-" "Turnitin (https://bit.ly/2UvnfoQ)"
199.47.82.18 - - [01/May/2025:09:31:15 +0200] "GET /eventscalendar/2023-09-15 HTTP/1.1" 200 5794 "-" "Turnitin (https://bit.ly/2UvnfoQ)"
199.47.82.18 - - [01/May/2025:09:31:25 +0200] "GET /eventscalendar/2023-09-16 HTTP/1.1" 200 5796 "-" "Turnitin (https://bit.ly/2UvnfoQ)"
199.47.82.18 - - [01/May/2025:09:31:35 +0200] "GET /eventscalendar/2023-09-17 HTTP/1.1" 200 5794 "-" "Turnitin (https://bit.ly/2UvnfoQ)"
199.47.82.18 - - [01/May/2025:09:31:45 +0200] "GET /eventscalendar/2024-01 HTTP/1.1" 200 14904 "-" "Turnitin (https://bit.ly/2UvnfoQ)"
199.47.82.18 - - [01/May/2025:09:31:55 +0200] "GET /eventscalendar/2024-01-01 HTTP/1.1" 200 5791 "-" "Turnitin (https://bit.ly/2UvnfoQ)"
18.191.37.17 - - [01/May/2025:09:31:55 +0200] "GET /eventscalendar/2025-W32 HTTP/1.1" 200 7731 "-" "Mozilla/5.0 AppleWebKit/537.36 (KHTML, like Gecko; compatible; ClaudeBot/1.0; +claudebot@anthropic.com)"
114.119.132.218 - - [01/May/2025:09:32:05 +0200] "GET /blog?page=29 HTTP/1.1" 200 16862 "http://www.treehugger.hu/blog?page=27" "Mozilla/5.0 (Linux; Android 7.0;) AppleWebKit/537.36 (KHTML, like Gecko) Mobile Safari/537.36 (compatible; PetalBot;+https://webmaster.petalsearch.com/site/petalbot)"
199.47.82.18 - - [01/May/2025:09:32:05 +0200] "GET /eventscalendar/2024-01-02 HTTP/1.1" 200 5792 "-" "Turnitin (https://bit.ly/2UvnfoQ)"
85.208.98.22 - - [01/May/2025:09:32:07 +0200] "GET /partners HTTP/1.1" 200 14556 "-" "Mozilla/5.0 (compatible; SemrushBot-BA; +http://www.semrush.com/bot.html)"
199.47.82.18 - - [01/May/2025:09:32:15 +0200] "GET /eventscalendar/2024-01-03 HTTP/1.1" 200 5794 "-" "Turnitin (https://bit.ly/2UvnfoQ)"
85.208.98.29 - - [01/May/2025:09:32:21 +0200] "GET /partners HTTP/1.1" 200 14556 "-" "Mozilla/5.0 (compatible; SemrushBot-BA; +http://www.semrush.com/bot.html)"
199.47.82.18 - - [01/May/2025:09:32:25 +0200] "GET /eventscalendar/2024-01-04 HTTP/1.1" 200 5793 "-" "Turnitin (https://bit.ly/2UvnfoQ)"
199.47.82.18 - - [01/May/2025:09:32:35 +0200] "GET /eventscalendar/2024-01-05 HTTP/1.1" 200 5791 "-" "Turnitin (https://bit.ly/2UvnfoQ)"
199.47.82.18 - - [01/May/2025:09:32:45 +0200] "GET /eventscalendar/2024-01-06 HTTP/1.1" 200 5793 "-" "Turnitin (https://bit.ly/2UvnfoQ)"
199.47.82.18 - - [01/May/2025:09:32:55 +0200] "GET /eventscalendar/2024-01-07 HTTP/1.1" 200 5791 "-" "Turnitin (https://bit.ly/2UvnfoQ)"
199.47.82.18 - - [01/May/2025:09:33:05 +0200] "GET /eventscalendar/2024-01-08 HTTP/1.1" 200 5791 "-" "Turnitin (https://bit.ly/2UvnfoQ)"
199.47.82.18 - - [01/May/2025:09:33:15 +0200] "GET /eventscalendar/2024-01-09 HTTP/1.1" 200 5792 "-" "Turnitin (https://bit.ly/2UvnfoQ)"
199.47.82.18 - - [01/May/2025:09:33:25 +0200] "GET /eventscalendar/2024-01-10 HTTP/1.1" 200 5795 "-" "Turnitin (https://bit.ly/2UvnfoQ)"
114.119.147.213 - - [01/May/2025:09:33:27 +0200] "GET /node/889 HTTP/1.1" 200 7186 "http://www.treehugger.hu/positiveblog?page=26" "Mozilla/5.0 (Linux; Android 7.0;) AppleWebKit/537.36 (KHTML, like Gecko) Mobile Safari/537.36 (compatible; PetalBot;+https://webmaster.petalsearch.com/site/petalbot)"
199.47.82.18 - - [01/May/2025:09:33:35 +0200] "GET /eventscalendar/2024-01-11 HTTP/1.1" 200 5794 "-" "Turnitin (https://bit.ly/2UvnfoQ)"
199.47.82.18 - - [01/May/2025:09:33:45 +0200] "GET /eventscalendar/2024-01-12 HTTP/1.1" 200 5792 "-" "Turnitin (https://bit.ly/2UvnfoQ)"
199.47.82.18 - - [01/May/2025:09:33:55 +0200] "GET /eventscalendar/2024-01-13 HTTP/1.1" 200 5794 "-" "Turnitin (https://bit.ly/2UvnfoQ)"
199.47.82.18 - - [01/May/2025:09:34:05 +0200] "GET /eventscalendar/2024-01-14 HTTP/1.1" 200 5792 "-" "Turnitin (https://bit.ly/2UvnfoQ)"
18.222.25.32 - - [01/May/2025:09:34:13 +0200] "GET /eventscalendar/2025-W33 HTTP/1.1" 200 7738 "-" "Mozilla/5.0 AppleWebKit/537.36 (KHTML, like Gecko; compatible; ClaudeBot/1.0; +claudebot@anthropic.com)"
199.47.82.18 - - [01/May/2025:09:34:15 +0200] "GET /eventscalendar/2024-01-15 HTTP/1.1" 200 5792 "-" "Turnitin (https://bit.ly/2UvnfoQ)"
199.47.82.18 - - [01/May/2025:09:34:25 +0200] "GET /eventscalendar/2024-01-16 HTTP/1.1" 200 5793 "-" "Turnitin (https://bit.ly/2UvnfoQ)"
199.47.82.18 - - [01/May/2025:09:34:35 +0200] "GET /eventscalendar/2024-01-17 HTTP/1.1" 200 5795 "-" "Turnitin (https://bit.ly/2UvnfoQ)"
40.77.167.254 - - [01/May/2025:09:34:39 +0200] "GET /eventscalendar/2026-W14 HTTP/1.1" 200 7732 "-" "Mozilla/5.0 AppleWebKit/537.36 (KHTML, like Gecko; compatible; bingbot/2.0; +http://www.bing.com/bingbot.htm) Chrome/116.0.1938.76 Safari/537.36"
199.47.82.18 - - [01/May/2025:09:34:45 +0200] "GET /eventscalendar/2024-01-18 HTTP/1.1" 200 5794 "-" "Turnitin (https://bit.ly/2UvnfoQ)"
66.102.9.129 - - [01/May/2025:09:34:49 +0200] "GET /blog/3/feed HTTP/1.1" 200 11638 "-" "FeedBurner/1.0 (http://www.FeedBurner.com)"
114.119.138.154 - - [01/May/2025:09:34:50 +0200] "GET /node/159 HTTP/1.1" 200 9160 "http://www.treehugger.hu/positiveblog?page=60" "Mozilla/5.0 (Linux; Android 7.0;) AppleWebKit/537.36 (KHTML, like Gecko) Mobile Safari/537.36 (compatible; PetalBot;+https://webmaster.petalsearch.com/site/petalbot)"
199.47.82.18 - - [01/May/2025:09:34:55 +0200] "GET /eventscalendar/2024-01-19 HTTP/1.1" 200 5792 "-" "Turnitin (https://bit.ly/2UvnfoQ)"
199.47.82.18 - - [01/May/2025:09:35:05 +0200] "GET /eventscalendar/2024-01-20 HTTP/1.1" 200 5794 "-" "Turnitin (https://bit.ly/2UvnfoQ)"
199.47.82.18 - - [01/May/2025:09:35:15 +0200] "GET /eventscalendar/2024-01-21 HTTP/1.1" 200 5792 "-" "Turnitin (https://bit.ly/2UvnfoQ)"
199.47.82.18 - - [01/May/2025:09:35:25 +0200] "GET /eventscalendar/2024-01-22 HTTP/1.1" 200 5792 "-" "Turnitin (https://bit.ly/2UvnfoQ)"
199.47.82.18 - - [01/May/2025:09:35:35 +0200] "GET /eventscalendar/2024-01-23 HTTP/1.1" 200 5793 "-" "Turnitin (https://bit.ly/2UvnfoQ)"
199.47.82.18 - - [01/May/2025:09:35:45 +0200] "GET /eventscalendar/2024-01-24 HTTP/1.1" 200 5795 "-" "Turnitin (https://bit.ly/2UvnfoQ)"
199.47.82.18 - - [01/May/2025:09:35:55 +0200] "GET /eventscalendar/2024-01-25 HTTP/1.1" 200 5794 "-" "Turnitin (https://bit.ly/2UvnfoQ)"
18.214.138.148 - - [01/May/2025:09:36:02 +0200] "GET /node/400 HTTP/1.1" 200 9473 "-" "Mozilla/5.0 AppleWebKit/537.36 (KHTML, like Gecko; compatible; Amazonbot/0.1; +https://developer.amazon.com/support/amazonbot) Chrome/119.0.6045.214 Safari/537.36"
199.47.82.18 - - [01/May/2025:09:36:05 +0200] "GET /eventscalendar/2024-01-26 HTTP/1.1" 200 5792 "-" "Turnitin (https://bit.ly/2UvnfoQ)"
195.191.219.130 - - [01/May/2025:09:36:06 +0200] "GET /robots.txt HTTP/1.1" 200 1590 "-" "Mozilla/5.0 (compatible; MJ12bot/v2.0.0; http://mj12bot.com/)"
195.191.219.130 - - [01/May/2025:09:36:06 +0200] "GET /positiveblog?q=signupfornewsletter HTTP/1.1" 200 4719 "-" "Mozilla/5.0 (compatible; MJ12bot/v2.0.0; http://mj12bot.com/)"
34.205.170.13 - - [01/May/2025:09:36:06 +0200] "GET /node/394 HTTP/1.1" 200 5112 "-" "Mozilla/5.0 AppleWebKit/537.36 (KHTML, like Gecko; compatible; Amazonbot/0.1; +https://developer.amazon.com/support/amazonbot) Chrome/119.0.6045.214 Safari/537.36"
54.147.238.89 - - [01/May/2025:09:36:10 +0200] "GET /node/614 HTTP/1.1" 200 6681 "-" "Mozilla/5.0 AppleWebKit/537.36 (KHTML, like Gecko; compatible; Amazonbot/0.1; +https://developer.amazon.com/support/amazonbot) Chrome/119.0.6045.214 Safari/537.36"
3.227.180.70 - - [01/May/2025:09:36:13 +0200] "GET /node/441 HTTP/1.1" 200 5344 "-" "Mozilla/5.0 AppleWebKit/537.36 (KHTML, like Gecko; compatible; Amazonbot/0.1; +https://developer.amazon.com/support/amazonbot) Chrome/119.0.6045.214 Safari/537.36"
114.119.147.213 - - [01/May/2025:09:36:15 +0200] "GET /eventscalendar/2028-10-21 HTTP/1.1" 200 5794 "http://www.treehugger.hu/eventscalendar/2028-10-20" "Mozilla/5.0 (Linux; Android 7.0;) AppleWebKit/537.36 (KHTML, like Gecko) Mobile Safari/537.36 (compatible; PetalBot;+https://webmaster.petalsearch.com/site/petalbot)"
199.47.82.18 - - [01/May/2025:09:36:15 +0200] "GET /eventscalendar/2024-01-27 HTTP/1.1" 200 5794 "-" "Turnitin (https://bit.ly/2UvnfoQ)"
44.208.193.63 - - [01/May/2025:09:36:17 +0200] "GET /node/778 HTTP/1.1" 200 6105 "-" "Mozilla/5.0 AppleWebKit/537.36 (KHTML, like Gecko; compatible; Amazonbot/0.1; +https://developer.amazon.com/support/amazonbot) Chrome/119.0.6045.214 Safari/537.36"
3.222.85.38 - - [01/May/2025:09:36:22 +0200] "GET /node/989 HTTP/1.1" 200 29252 "-" "Mozilla/5.0 AppleWebKit/537.36 (KHTML, like Gecko; compatible; Amazonbot/0.1; +https://developer.amazon.com/support/amazonbot) Chrome/119.0.6045.214 Safari/537.36"
199.47.82.18 - - [01/May/2025:09:36:25 +0200] "GET /eventscalendar/2024-01-28 HTTP/1.1" 200 5792 "-" "Turnitin (https://bit.ly/2UvnfoQ)"
54.204.62.163 - - [01/May/2025:09:36:25 +0200] "GET /node/8934 HTTP/1.1" 200 11561 "-" "Mozilla/5.0 AppleWebKit/537.36 (KHTML, like Gecko; compatible; Amazonbot/0.1; +https://developer.amazon.com/support/amazonbot) Chrome/119.0.6045.214 Safari/537.36"
3.221.156.96 - - [01/May/2025:09:36:29 +0200] "GET /node/806 HTTP/1.1" 200 7590 "-" "Mozilla/5.0 AppleWebKit/537.36 (KHTML, like Gecko; compatible; Amazonbot/0.1; +https://developer.amazon.com/support/amazonbot) Chrome/119.0.6045.214 Safari/537.36"
23.21.148.226 - - [01/May/2025:09:36:34 +0200] "GET /node/893 HTTP/1.1" 200 6636 "-" "Mozilla/5.0 AppleWebKit/537.36 (KHTML, like Gecko; compatible; Amazonbot/0.1; +https://developer.amazon.com/support/amazonbot) Chrome/119.0.6045.214 Safari/537.36"
199.47.82.18 - - [01/May/2025:09:36:35 +0200] "GET /eventscalendar/2024-01-29 HTTP/1.1" 200 5792 "-" "Turnitin (https://bit.ly/2UvnfoQ)"
54.197.114.76 - - [01/May/2025:09:36:38 +0200] "GET /node/948 HTTP/1.1" 200 6592 "-" "Mozilla/5.0 AppleWebKit/537.36 (KHTML, like Gecko; compatible; Amazonbot/0.1; +https://developer.amazon.com/support/amazonbot) Chrome/119.0.6045.214 Safari/537.36"
3.147.13.233 - - [01/May/2025:09:36:41 +0200] "GET /node/Sly%20and%20the%20Family%20Stone HTTP/1.1" 404 4060 "-" "Mozilla/5.0 AppleWebKit/537.36 (KHTML, like Gecko; compatible; ClaudeBot/1.0; +claudebot@anthropic.com)"
199.47.82.18 - - [01/May/2025:09:36:45 +0200] "GET /eventscalendar/2024-01-30 HTTP/1.1" 200 5793 "-" "Turnitin (https://bit.ly/2UvnfoQ)"
54.36.148.19 - - [01/May/2025:09:36:53 +0200] "GET /eventscalendar/2027-W18 HTTP/1.1" 200 7735 "-" "Mozilla/5.0 (compatible; AhrefsBot/7.0; +http://ahrefs.com/robot/)"
199.47.82.18 - - [01/May/2025:09:36:55 +0200] "GET /eventscalendar/2024-01-31 HTTP/1.1" 200 5795 "-" "Turnitin (https://bit.ly/2UvnfoQ)"
199.47.82.18 - - [01/May/2025:09:37:05 +0200] "GET /eventscalendar/2024-02 HTTP/1.1" 200 14731 "-" "Turnitin (https://bit.ly/2UvnfoQ)"
199.47.82.18 - - [01/May/2025:09:37:15 +0200] "GET /eventscalendar/2024-02-01 HTTP/1.1" 200 5794 "-" "Turnitin (https://bit.ly/2UvnfoQ)"
199.47.82.18 - - [01/May/2025:09:37:25 +0200] "GET /eventscalendar/2024-02-02 HTTP/1.1" 200 5792 "-" "Turnitin (https://bit.ly/2UvnfoQ)"
199.47.82.18 - - [01/May/2025:09:37:35 +0200] "GET /eventscalendar/2024-02-03 HTTP/1.1" 200 5794 "-" "Turnitin (https://bit.ly/2UvnfoQ)"
199.47.82.18 - - [01/May/2025:09:37:45 +0200] "GET /eventscalendar/2024-02-04 HTTP/1.1" 200 5792 "-" "Turnitin (https://bit.ly/2UvnfoQ)"
114.119.132.218 - - [01/May/2025:09:37:48 +0200] "GET /eventscalendar/2028-10-16 HTTP/1.1" 200 5792 "http://www.treehugger.hu/eventscalendar/2028-W43" "Mozilla/5.0 (Linux; Android 7.0;) AppleWebKit/537.36 (KHTML, like Gecko) Mobile Safari/537.36 (compatible; PetalBot;+https://webmaster.petalsearch.com/site/petalbot)"
18.224.212.19 - - [01/May/2025:09:37:53 +0200] "GET /%3C/span%3E%3C/span%3E%3Cspan%20class= HTTP/1.1" 404 4060 "-" "Mozilla/5.0 AppleWebKit/537.36 (KHTML, like Gecko; compatible; ClaudeBot/1.0; +claudebot@anthropic.com)"
199.47.82.18 - - [01/May/2025:09:37:55 +0200] "GET /eventscalendar/2024-02-05 HTTP/1.1" 200 5792 "-" "Turnitin (https://bit.ly/2UvnfoQ)"
199.47.82.18 - - [01/May/2025:09:38:05 +0200] "GET /eventscalendar/2024-02-06 HTTP/1.1" 200 5793 "-" "Turnitin (https://bit.ly/2UvnfoQ)"
199.47.82.18 - - [01/May/2025:09:38:15 +0200] "GET /eventscalendar/2024-02-07 HTTP/1.1" 200 5795 "-" "Turnitin (https://bit.ly/2UvnfoQ)"
199.47.82.18 - - [01/May/2025:09:38:25 +0200] "GET /eventscalendar/2024-02-08 HTTP/1.1" 200 5794 "-" "Turnitin (https://bit.ly/2UvnfoQ)"
199.47.82.18 - - [01/May/2025:09:38:35 +0200] "GET /eventscalendar/2024-02-09 HTTP/1.1" 200 5792 "-" "Turnitin (https://bit.ly/2UvnfoQ)"
199.47.82.18 - - [01/May/2025:09:38:45 +0200] "GET /eventscalendar/2024-02-10 HTTP/1.1" 200 5795 "-" "Turnitin (https://bit.ly/2UvnfoQ)"
199.47.82.18 - - [01/May/2025:09:38:55 +0200] "GET /eventscalendar/2024-02-11 HTTP/1.1" 200 5793 "-" "Turnitin (https://bit.ly/2UvnfoQ)"
114.119.138.154 - - [01/May/2025:09:39:01 +0200] "GET /eventscalendar/2028-05-29 HTTP/1.1" 200 5788 "http://www.treehugger.hu/eventscalendar/2028-W23" "Mozilla/5.0 (Linux; Android 7.0;) AppleWebKit/537.36 (KHTML, like Gecko) Mobile Safari/537.36 (compatible; PetalBot;+https://webmaster.petalsearch.com/site/petalbot)"
18.218.232.140 - - [01/May/2025:09:39:04 +0200] "GET /node/771 HTTP/1.1" 200 9859 "-" "Mozilla/5.0 AppleWebKit/537.36 (KHTML, like Gecko; compatible; ClaudeBot/1.0; +claudebot@anthropic.com)"
199.47.82.18 - - [01/May/2025:09:39:05 +0200] "GET /eventscalendar/2024-02-12 HTTP/1.1" 200 5793 "-" "Turnitin (https://bit.ly/2UvnfoQ)"
54.36.148.114 - - [01/May/2025:09:39:11 +0200] "GET /eventscalendar/2028-07-08 HTTP/1.1" 200 5790 "-" "Mozilla/5.0 (compatible; AhrefsBot/7.0; +http://ahrefs.com/robot/)"
199.47.82.18 - - [01/May/2025:09:39:15 +0200] "GET /eventscalendar/2024-02-13 HTTP/1.1" 200 5794 "-" "Turnitin (https://bit.ly/2UvnfoQ)"
199.47.82.18 - - [01/May/2025:09:39:25 +0200] "GET /eventscalendar/2024-02-14 HTTP/1.1" 200 5796 "-" "Turnitin (https://bit.ly/2UvnfoQ)"
199.47.82.18 - - [01/May/2025:09:39:35 +0200] "GET /eventscalendar/2024-02-15 HTTP/1.1" 200 5795 "-" "Turnitin (https://bit.ly/2UvnfoQ)"
199.47.82.18 - - [01/May/2025:09:39:45 +0200] "GET /eventscalendar/2024-02-16 HTTP/1.1" 200 5793 "-" "Turnitin (https://bit.ly/2UvnfoQ)"
199.47.82.18 - - [01/May/2025:09:39:55 +0200] "GET /eventscalendar/2024-02-17 HTTP/1.1" 200 5795 "-" "Turnitin (https://bit.ly/2UvnfoQ)"
199.47.82.18 - - [01/May/2025:09:40:05 +0200] "GET /eventscalendar/2024-02-18 HTTP/1.1" 200 5793 "-" "Turnitin (https://bit.ly/2UvnfoQ)"
199.47.82.18 - - [01/May/2025:09:40:15 +0200] "GET /eventscalendar/2024-02-19 HTTP/1.1" 200 5793 "-" "Turnitin (https://bit.ly/2UvnfoQ)"
18.118.140.120 - - [01/May/2025:09:40:16 +0200] "GET /node/811 HTTP/1.1" 200 7007 "-" "Mozilla/5.0 AppleWebKit/537.36 (KHTML, like Gecko; compatible; ClaudeBot/1.0; +claudebot@anthropic.com)"
199.47.82.18 - - [01/May/2025:09:40:25 +0200] "GET /eventscalendar/2024-02-20 HTTP/1.1" 200 5794 "-" "Turnitin (https://bit.ly/2UvnfoQ)"
114.119.136.176 - - [01/May/2025:09:40:25 +0200] "GET /eventscalendar/2026-12-14 HTTP/1.1" 200 5793 "http://www.treehugger.hu/eventscalendar/2026-12" "Mozilla/5.0 (Linux; Android 7.0;) AppleWebKit/537.36 (KHTML, like Gecko) Mobile Safari/537.36 (compatible; PetalBot;+https://webmaster.petalsearch.com/site/petalbot)"
199.47.82.18 - - [01/May/2025:09:40:35 +0200] "GET /eventscalendar/2024-02-21 HTTP/1.1" 200 5796 "-" "Turnitin (https://bit.ly/2UvnfoQ)"
199.47.82.18 - - [01/May/2025:09:40:45 +0200] "GET /eventscalendar/2024-02-22 HTTP/1.1" 200 5795 "-" "Turnitin (https://bit.ly/2UvnfoQ)"
199.47.82.18 - - [01/May/2025:09:40:55 +0200] "GET /eventscalendar/2024-02-23 HTTP/1.1" 200 5793 "-" "Turnitin (https://bit.ly/2UvnfoQ)"
199.47.82.18 - - [01/May/2025:09:41:05 +0200] "GET /eventscalendar/2024-02-24 HTTP/1.1" 200 5795 "-" "Turnitin (https://bit.ly/2UvnfoQ)"
199.47.82.18 - - [01/May/2025:09:41:15 +0200] "GET /eventscalendar/2024-02-25 HTTP/1.1" 200 5793 "-" "Turnitin (https://bit.ly/2UvnfoQ)"
199.47.82.18 - - [01/May/2025:09:41:25 +0200] "GET /eventscalendar/2024-02-26 HTTP/1.1" 200 5793 "-" "Turnitin (https://bit.ly/2UvnfoQ)"
3.138.37.184 - - [01/May/2025:09:41:35 +0200] "GET /node/622 HTTP/1.1" 200 6966 "-" "Mozilla/5.0 AppleWebKit/537.36 (KHTML, like Gecko; compatible; ClaudeBot/1.0; +claudebot@anthropic.com)"
199.47.82.18 - - [01/May/2025:09:41:35 +0200] "GET /eventscalendar/2024-02-27 HTTP/1.1" 200 5794 "-" "Turnitin (https://bit.ly/2UvnfoQ)"
199.47.82.18 - - [01/May/2025:09:41:45 +0200] "GET /eventscalendar/2024-02-28 HTTP/1.1" 200 5796 "-" "Turnitin (https://bit.ly/2UvnfoQ)"
114.119.136.176 - - [01/May/2025:09:41:48 +0200] "GET /eventscalendar/2026-10-07 HTTP/1.1" 200 5794 "http://www.treehugger.hu/eventscalendar/2026" "Mozilla/5.0 (Linux; Android 7.0;) AppleWebKit/537.36 (KHTML, like Gecko) Mobile Safari/537.36 (compatible; PetalBot;+https://webmaster.petalsearch.com/site/petalbot)"
199.47.82.18 - - [01/May/2025:09:41:55 +0200] "GET /eventscalendar/2024-02-29 HTTP/1.1" 200 5795 "-" "Turnitin (https://bit.ly/2UvnfoQ)"
199.47.82.18 - - [01/May/2025:09:42:05 +0200] "GET /eventscalendar/2024-03 HTTP/1.1" 200 14910 "-" "Turnitin (https://bit.ly/2UvnfoQ)"
199.47.82.18 - - [01/May/2025:09:42:15 +0200] "GET /eventscalendar/2024-03-01 HTTP/1.1" 200 5789 "-" "Turnitin (https://bit.ly/2UvnfoQ)"
199.47.82.18 - - [01/May/2025:09:42:25 +0200] "GET /eventscalendar/2024-03-02 HTTP/1.1" 200 5791 "-" "Turnitin (https://bit.ly/2UvnfoQ)"
3.230.69.161 - - [01/May/2025:09:42:34 +0200] "GET /node/507 HTTP/1.1" 200 6042 "-" "Mozilla/5.0 AppleWebKit/537.36 (KHTML, like Gecko; compatible; Amazonbot/0.1; +https://developer.amazon.com/support/amazonbot) Chrome/119.0.6045.214 Safari/537.36"
199.47.82.18 - - [01/May/2025:09:42:35 +0200] "GET /eventscalendar/2024-03-03 HTTP/1.1" 200 5789 "-" "Turnitin (https://bit.ly/2UvnfoQ)"
199.47.82.18 - - [01/May/2025:09:42:45 +0200] "GET /eventscalendar/2024-03-04 HTTP/1.1" 200 5789 "-" "Turnitin (https://bit.ly/2UvnfoQ)"
3.15.7.241 - - [01/May/2025:09:42:47 +0200] "GET /node/611 HTTP/1.1" 200 5802 "-" "Mozilla/5.0 AppleWebKit/537.36 (KHTML, like Gecko; compatible; ClaudeBot/1.0; +claudebot@anthropic.com)"
199.47.82.18 - - [01/May/2025:09:42:55 +0200] "GET /eventscalendar/2024-03-05 HTTP/1.1" 200 5790 "-" "Turnitin (https://bit.ly/2UvnfoQ)"
199.47.82.18 - - [01/May/2025:09:43:05 +0200] "GET /eventscalendar/2024-03-06 HTTP/1.1" 200 5792 "-" "Turnitin (https://bit.ly/2UvnfoQ)"
114.119.132.218 - - [01/May/2025:09:43:12 +0200] "GET /eventscalendar/2025-10-24 HTTP/1.1" 200 5792 "http://www.treehugger.hu/eventscalendar/2025-10-24" "Mozilla/5.0 (Linux; Android 7.0;) AppleWebKit/537.36 (KHTML, like Gecko) Mobile Safari/537.36 (compatible; PetalBot;+https://webmaster.petalsearch.com/site/petalbot)"
199.47.82.18 - - [01/May/2025:09:43:15 +0200] "GET /eventscalendar/2024-03-07 HTTP/1.1" 200 5791 "-" "Turnitin (https://bit.ly/2UvnfoQ)"
199.47.82.18 - - [01/May/2025:09:43:25 +0200] "GET /eventscalendar/2024-03-08 HTTP/1.1" 200 5789 "-" "Turnitin (https://bit.ly/2UvnfoQ)"
199.47.82.18 - - [01/May/2025:09:43:35 +0200] "GET /eventscalendar/2024-03-09 HTTP/1.1" 200 5791 "-" "Turnitin (https://bit.ly/2UvnfoQ)"
199.47.82.18 - - [01/May/2025:09:43:45 +0200] "GET /eventscalendar/2024-03-10 HTTP/1.1" 200 5790 "-" "Turnitin (https://bit.ly/2UvnfoQ)"
54.36.148.209 - - [01/May/2025:09:43:52 +0200] "GET /eventscalendar/2028-07-24 HTTP/1.1" 200 5789 "-" "Mozilla/5.0 (compatible; AhrefsBot/7.0; +http://ahrefs.com/robot/)"
199.47.82.18 - - [01/May/2025:09:43:55 +0200] "GET /eventscalendar/2024-03-11 HTTP/1.1" 200 5790 "-" "Turnitin (https://bit.ly/2UvnfoQ)"
199.47.82.18 - - [01/May/2025:09:44:05 +0200] "GET /eventscalendar/2024-03-12 HTTP/1.1" 200 5791 "-" "Turnitin (https://bit.ly/2UvnfoQ)"
3.144.240.141 - - [01/May/2025:09:44:10 +0200] "GET /node/594 HTTP/1.1" 200 6618 "-" "Mozilla/5.0 AppleWebKit/537.36 (KHTML, like Gecko; compatible; ClaudeBot/1.0; +claudebot@anthropic.com)"
199.47.82.18 - - [01/May/2025:09:44:15 +0200] "GET /eventscalendar/2024-03-13 HTTP/1.1" 200 5793 "-" "Turnitin (https://bit.ly/2UvnfoQ)"
199.47.82.18 - - [01/May/2025:09:44:25 +0200] "GET /eventscalendar/2024-03-14 HTTP/1.1" 200 5792 "-" "Turnitin (https://bit.ly/2UvnfoQ)"
199.47.82.18 - - [01/May/2025:09:44:35 +0200] "GET /eventscalendar/2024-03-15 HTTP/1.1" 200 5790 "-" "Turnitin (https://bit.ly/2UvnfoQ)"
199.47.82.18 - - [01/May/2025:09:44:45 +0200] "GET /eventscalendar/2024-03-16 HTTP/1.1" 200 5792 "-" "Turnitin (https://bit.ly/2UvnfoQ)"
199.47.82.18 - - [01/May/2025:09:44:55 +0200] "GET /eventscalendar/2024-03-17 HTTP/1.1" 200 5790 "-" "Turnitin (https://bit.ly/2UvnfoQ)"
199.47.82.18 - - [01/May/2025:09:45:05 +0200] "GET /eventscalendar/2024-03-18 HTTP/1.1" 200 5790 "-" "Turnitin (https://bit.ly/2UvnfoQ)"
199.47.82.18 - - [01/May/2025:09:45:15 +0200] "GET /eventscalendar/2024-03-19 HTTP/1.1" 200 5791 "-" "Turnitin (https://bit.ly/2UvnfoQ)"
114.119.136.176 - - [01/May/2025:09:45:21 +0200] "GET /eventscalendar/2023-W6 HTTP/1.1" 200 7710 "http://www.treehugger.hu/eventscalendar/2023-W5" "Mozilla/5.0 (Linux; Android 7.0;) AppleWebKit/537.36 (KHTML, like Gecko) Mobile Safari/537.36 (compatible; PetalBot;+https://webmaster.petalsearch.com/site/petalbot)"
199.47.82.18 - - [01/May/2025:09:45:25 +0200] "GET /eventscalendar/2024-03-20 HTTP/1.1" 200 5793 "-" "Turnitin (https://bit.ly/2UvnfoQ)"
3.17.65.43 - - [01/May/2025:09:45:30 +0200] "GET /node/624 HTTP/1.1" 200 7136 "-" "Mozilla/5.0 AppleWebKit/537.36 (KHTML, like Gecko; compatible; ClaudeBot/1.0; +claudebot@anthropic.com)"
66.102.8.167 - - [01/May/2025:09:45:31 +0200] "GET /blog/3/feed HTTP/1.1" 200 2701 "-" "FeedBurner/1.0 (http://www.FeedBurner.com)"
199.47.82.18 - - [01/May/2025:09:45:35 +0200] "GET /eventscalendar/2024-03-21 HTTP/1.1" 200 5792 "-" "Turnitin (https://bit.ly/2UvnfoQ)"
199.47.82.18 - - [01/May/2025:09:45:45 +0200] "GET /eventscalendar/2024-03-22 HTTP/1.1" 200 5790 "-" "Turnitin (https://bit.ly/2UvnfoQ)"
199.47.82.18 - - [01/May/2025:09:45:55 +0200] "GET /eventscalendar/2024-03-23 HTTP/1.1" 200 5792 "-" "Turnitin (https://bit.ly/2UvnfoQ)"
199.47.82.18 - - [01/May/2025:09:46:05 +0200] "GET /eventscalendar/2024-03-24 HTTP/1.1" 200 5790 "-" "Turnitin (https://bit.ly/2UvnfoQ)"
199.47.82.18 - - [01/May/2025:09:46:15 +0200] "GET /eventscalendar/2024-03-25 HTTP/1.1" 200 5790 "-" "Turnitin (https://bit.ly/2UvnfoQ)"
57.141.0.5 - - [01/May/2025:09:46:23 +0200] "GET /node/605 HTTP/1.1" 200 9942 "-" "meta-externalagent/1.1 (+https://developers.facebook.com/docs/sharing/webmasters/crawler)"
199.47.82.18 - - [01/May/2025:09:46:25 +0200] "GET /eventscalendar/2024-03-26 HTTP/1.1" 200 5791 "-" "Turnitin (https://bit.ly/2UvnfoQ)"
54.36.149.13 - - [01/May/2025:09:46:32 +0200] "GET /eventscalendar/2028-07-27 HTTP/1.1" 200 5791 "-" "Mozilla/5.0 (compatible; AhrefsBot/7.0; +http://ahrefs.com/robot/)"
199.47.82.18 - - [01/May/2025:09:46:35 +0200] "GET /eventscalendar/2024-03-27 HTTP/1.1" 200 5793 "-" "Turnitin (https://bit.ly/2UvnfoQ)"
18.223.122.53 - - [01/May/2025:09:46:45 +0200] "GET /node/629 HTTP/1.1" 200 7114 "-" "Mozilla/5.0 AppleWebKit/537.36 (KHTML, like Gecko; compatible; ClaudeBot/1.0; +claudebot@anthropic.com)"
199.47.82.18 - - [01/May/2025:09:46:45 +0200] "GET /eventscalendar/2024-03-28 HTTP/1.1" 200 5792 "-" "Turnitin (https://bit.ly/2UvnfoQ)"
199.47.82.18 - - [01/May/2025:09:46:55 +0200] "GET /eventscalendar/2024-03-29 HTTP/1.1" 200 5790 "-" "Turnitin (https://bit.ly/2UvnfoQ)"
199.47.82.18 - - [01/May/2025:09:47:05 +0200] "GET /eventscalendar/2024-03-30 HTTP/1.1" 200 5807 "-" "Turnitin (https://bit.ly/2UvnfoQ)"
199.47.82.18 - - [01/May/2025:09:47:15 +0200] "GET /eventscalendar/2024-04 HTTP/1.1" 200 14825 "-" "Turnitin (https://bit.ly/2UvnfoQ)"
199.47.82.18 - - [01/May/2025:09:47:25 +0200] "GET /eventscalendar/2024-04-01 HTTP/1.1" 200 5789 "-" "Turnitin (https://bit.ly/2UvnfoQ)"
199.47.82.18 - - [01/May/2025:09:47:35 +0200] "GET /eventscalendar/2024-04-02 HTTP/1.1" 200 5790 "-" "Turnitin (https://bit.ly/2UvnfoQ)"
199.47.82.18 - - [01/May/2025:09:47:45 +0200] "GET /eventscalendar/2024-04-03 HTTP/1.1" 200 5792 "-" "Turnitin (https://bit.ly/2UvnfoQ)"
13.58.212.163 - - [01/May/2025:09:47:53 +0200] "GET /node/589 HTTP/1.1" 200 9109 "-" "Mozilla/5.0 AppleWebKit/537.36 (KHTML, like Gecko; compatible; ClaudeBot/1.0; +claudebot@anthropic.com)"
199.47.82.18 - - [01/May/2025:09:47:55 +0200] "GET /eventscalendar/2024-04-04 HTTP/1.1" 200 5791 "-" "Turnitin (https://bit.ly/2UvnfoQ)"
199.47.82.18 - - [01/May/2025:09:48:05 +0200] "GET /eventscalendar/2024-04-05 HTTP/1.1" 200 5789 "-" "Turnitin (https://bit.ly/2UvnfoQ)"
199.47.82.18 - - [01/May/2025:09:48:15 +0200] "GET /eventscalendar/2024-04-06 HTTP/1.1" 200 5791 "-" "Turnitin (https://bit.ly/2UvnfoQ)"
199.47.82.18 - - [01/May/2025:09:48:25 +0200] "GET /eventscalendar/2024-04-07 HTTP/1.1" 200 5789 "-" "Turnitin (https://bit.ly/2UvnfoQ)"
199.47.82.18 - - [01/May/2025:09:48:35 +0200] "GET /eventscalendar/2024-04-08 HTTP/1.1" 200 5789 "-" "Turnitin (https://bit.ly/2UvnfoQ)"
199.47.82.18 - - [01/May/2025:09:48:45 +0200] "GET /eventscalendar/2024-04-09 HTTP/1.1" 200 5790 "-" "Turnitin (https://bit.ly/2UvnfoQ)"
199.47.82.18 - - [01/May/2025:09:48:55 +0200] "GET /eventscalendar/2024-04-10 HTTP/1.1" 200 5793 "-" "Turnitin (https://bit.ly/2UvnfoQ)"
114.119.146.198 - - [01/May/2025:09:48:59 +0200] "GET /blog?page=19 HTTP/1.1" 200 16606 "http://www.treehugger.hu/blog?page=21" "Mozilla/5.0 (Linux; Android 7.0;) AppleWebKit/537.36 (KHTML, like Gecko) Mobile Safari/537.36 (compatible; PetalBot;+https://webmaster.petalsearch.com/site/petalbot)"
5.255.99.5 - - [01/May/2025:09:49:05 +0200] "GET / HTTP/1.1" 200 17647 "treehugger.hu" "Mozilla/5.0 (Windows NT 6.1; WOW64) AppleWebKit/537.36 (KHTML, like Gecko) Chrome/29.0.1547.57 Safari/537.36 OPR/16.0.1196.73"
199.47.82.18 - - [01/May/2025:09:49:05 +0200] "GET /eventscalendar/2024-04-11 HTTP/1.1" 200 5792 "-" "Turnitin (https://bit.ly/2UvnfoQ)"
192.42.116.213 - - [01/May/2025:09:49:08 +0200] "GET / HTTP/1.1" 200 17647 "http://treehugger.hu" "Mozilla/5.0 (Windows NT 6.1; WOW64) AppleWebKit/537.36 (KHTML, like Gecko) Chrome/29.0.1547.57 Safari/537.36 OPR/16.0.1196.73"
18.188.132.192 - - [01/May/2025:09:49:08 +0200] "GET /positiveblog?page=34 HTTP/1.1" 200 14989 "-" "Mozilla/5.0 AppleWebKit/537.36 (KHTML, like Gecko; compatible; ClaudeBot/1.0; +claudebot@anthropic.com)"
192.42.116.213 - - [01/May/2025:09:49:08 +0200] "GET /?q=signupformailinglist HTTP/1.1" 404 4060 "http://treehugger.hu/?q=signupformailinglist" "Mozilla/5.0 (Windows NT 6.1; WOW64) AppleWebKit/537.36 (KHTML, like Gecko) Chrome/29.0.1547.57 Safari/537.36 OPR/16.0.1196.73"
192.42.116.213 - - [01/May/2025:09:49:09 +0200] "GET /?q=signupfornewsletter HTTP/1.1" 200 4719 "http://treehugger.hu/?q=signupfornewsletter" "Mozilla/5.0 (Windows NT 6.1; WOW64) AppleWebKit/537.36 (KHTML, like Gecko) Chrome/29.0.1547.57 Safari/537.36 OPR/16.0.1196.73"
192.42.116.213 - - [01/May/2025:09:49:10 +0200] "GET /aboutus HTTP/1.1" 200 10591 "http://treehugger.hu/aboutus" "Mozilla/5.0 (Windows NT 6.1; WOW64) AppleWebKit/537.36 (KHTML, like Gecko) Chrome/29.0.1547.57 Safari/537.36 OPR/16.0.1196.73"
192.42.116.213 - - [01/May/2025:09:49:10 +0200] "GET /arak HTTP/1.1" 200 13431 "http://treehugger.hu/arak" "Mozilla/5.0 (Windows NT 6.1; WOW64) AppleWebKit/537.36 (KHTML, like Gecko) Chrome/29.0.1547.57 Safari/537.36 OPR/16.0.1196.73"
192.42.116.213 - - [01/May/2025:09:49:11 +0200] "GET /contact HTTP/1.1" 200 11051 "http://treehugger.hu/contact" "Mozilla/5.0 (Windows NT 6.1; WOW64) AppleWebKit/537.36 (KHTML, like Gecko) Chrome/29.0.1547.57 Safari/537.36 OPR/16.0.1196.73"
192.42.116.213 - - [01/May/2025:09:49:12 +0200] "GET /createabooklist HTTP/1.1" 200 17258 "http://treehugger.hu/createabooklist" "Mozilla/5.0 (Windows NT 6.1; WOW64) AppleWebKit/537.36 (KHTML, like Gecko) Chrome/29.0.1547.57 Safari/537.36 OPR/16.0.1196.73"
192.42.116.213 - - [01/May/2025:09:49:13 +0200] "GET /eventscalendar HTTP/1.1" 200 14949 "http://treehugger.hu/eventscalendar" "Mozilla/5.0 (Windows NT 6.1; WOW64) AppleWebKit/537.36 (KHTML, like Gecko) Chrome/29.0.1547.57 Safari/537.36 OPR/16.0.1196.73"
199.47.82.18 - - [01/May/2025:09:49:15 +0200] "GET /eventscalendar/2024-04-12 HTTP/1.1" 200 5790 "-" "Turnitin (https://bit.ly/2UvnfoQ)"
192.42.116.213 - - [01/May/2025:09:49:16 +0200] "GET /links HTTP/1.1" 200 95106 "http://treehugger.hu/links" "Mozilla/5.0 (Windows NT 6.1; WOW64) AppleWebKit/537.36 (KHTML, like Gecko) Chrome/29.0.1547.57 Safari/537.36 OPR/16.0.1196.73"
185.220.101.4 - - [01/May/2025:09:49:16 +0200] "GET /meltanyos HTTP/1.1" 404 4060 "http://treehugger.hu/meltanyos" "Mozilla/5.0 (Windows NT 6.1; WOW64) AppleWebKit/537.36 (KHTML, like Gecko) Chrome/29.0.1547.57 Safari/537.36 OPR/16.0.1196.73"
185.220.101.4 - - [01/May/2025:09:49:17 +0200] "GET /meltanyos_kereskedelem HTTP/1.1" 200 17628 "http://treehugger.hu/meltanyos_kereskedelem" "Mozilla/5.0 (Windows NT 6.1; WOW64) AppleWebKit/537.36 (KHTML, like Gecko) Chrome/29.0.1547.57 Safari/537.36 OPR/16.0.1196.73"
185.220.101.4 - - [01/May/2025:09:49:17 +0200] "GET /node/1038 HTTP/1.1" 200 7600 "http://treehugger.hu/node/1038" "Mozilla/5.0 (Windows NT 6.1; WOW64) AppleWebKit/537.36 (KHTML, like Gecko) Chrome/29.0.1547.57 Safari/537.36 OPR/16.0.1196.73"
185.220.101.4 - - [01/May/2025:09:49:18 +0200] "GET /node/757 HTTP/1.1" 200 5858 "http://treehugger.hu/node/757" "Mozilla/5.0 (Windows NT 6.1; WOW64) AppleWebKit/537.36 (KHTML, like Gecko) Chrome/29.0.1547.57 Safari/537.36 OPR/16.0.1196.73"
185.220.101.4 - - [01/May/2025:09:49:18 +0200] "GET /node/758 HTTP/1.1" 200 5855 "http://treehugger.hu/node/758" "Mozilla/5.0 (Windows NT 6.1; WOW64) AppleWebKit/537.36 (KHTML, like Gecko) Chrome/29.0.1547.57 Safari/537.36 OPR/16.0.1196.73"
185.220.101.4 - - [01/May/2025:09:49:19 +0200] "GET /node/759 HTTP/1.1" 200 5575 "http://treehugger.hu/node/759" "Mozilla/5.0 (Windows NT 6.1; WOW64) AppleWebKit/537.36 (KHTML, like Gecko) Chrome/29.0.1547.57 Safari/537.36 OPR/16.0.1196.73"
185.220.101.4 - - [01/May/2025:09:49:20 +0200] "GET /node/772 HTTP/1.1" 200 5867 "http://treehugger.hu/node/772" "Mozilla/5.0 (Windows NT 6.1; WOW64) AppleWebKit/537.36 (KHTML, like Gecko) Chrome/29.0.1547.57 Safari/537.36 OPR/16.0.1196.73"
185.220.101.4 - - [01/May/2025:09:49:21 +0200] "GET /node/812 HTTP/1.1" 200 5980 "http://treehugger.hu/node/812" "Mozilla/5.0 (Windows NT 6.1; WOW64) AppleWebKit/537.36 (KHTML, like Gecko) Chrome/29.0.1547.57 Safari/537.36 OPR/16.0.1196.73"
185.220.101.4 - - [01/May/2025:09:49:22 +0200] "GET /node/841 HTTP/1.1" 200 5519 "http://treehugger.hu/node/841" "Mozilla/5.0 (Windows NT 6.1; WOW64) AppleWebKit/537.36 (KHTML, like Gecko) Chrome/29.0.1547.57 Safari/537.36 OPR/16.0.1196.73"
185.220.101.4 - - [01/May/2025:09:49:23 +0200] "GET /node/861 HTTP/1.1" 200 7519 "http://treehugger.hu/node/861" "Mozilla/5.0 (Windows NT 6.1; WOW64) AppleWebKit/537.36 (KHTML, like Gecko) Chrome/29.0.1547.57 Safari/537.36 OPR/16.0.1196.73"
185.220.101.4 - - [01/May/2025:09:49:23 +0200] "GET /node/870 HTTP/1.1" 200 5881 "http://treehugger.hu/node/870" "Mozilla/5.0 (Windows NT 6.1; WOW64) AppleWebKit/537.36 (KHTML, like Gecko) Chrome/29.0.1547.57 Safari/537.36 OPR/16.0.1196.73"
185.220.101.4 - - [01/May/2025:09:49:24 +0200] "GET /node/879 HTTP/1.1" 200 6818 "http://treehugger.hu/node/879" "Mozilla/5.0 (Windows NT 6.1; WOW64) AppleWebKit/537.36 (KHTML, like Gecko) Chrome/29.0.1547.57 Safari/537.36 OPR/16.0.1196.73"
199.47.82.18 - - [01/May/2025:09:49:25 +0200] "GET /eventscalendar/2024-04-13 HTTP/1.1" 200 5792 "-" "Turnitin (https://bit.ly/2UvnfoQ)"
185.220.101.4 - - [01/May/2025:09:49:25 +0200] "GET /node?page=1 HTTP/1.1" 200 17836 "http://treehugger.hu/node?page=1" "Mozilla/5.0 (Windows NT 6.1; WOW64) AppleWebKit/537.36 (KHTML, like Gecko) Chrome/29.0.1547.57 Safari/537.36 OPR/16.0.1196.73"
185.220.101.4 - - [01/May/2025:09:49:26 +0200] "GET /node?page=2 HTTP/1.1" 200 18661 "http://treehugger.hu/node?page=2" "Mozilla/5.0 (Windows NT 6.1; WOW64) AppleWebKit/537.36 (KHTML, like Gecko) Chrome/29.0.1547.57 Safari/537.36 OPR/16.0.1196.73"
104.244.77.208 - - [01/May/2025:09:49:28 +0200] "GET /node?page=3 HTTP/1.1" 200 17105 "http://treehugger.hu/node?page=3" "Mozilla/5.0 (Windows NT 6.1; WOW64) AppleWebKit/537.36 (KHTML, like Gecko) Chrome/29.0.1547.57 Safari/537.36 OPR/16.0.1196.73"
104.244.77.208 - - [01/May/2025:09:49:28 +0200] "GET /node?page=4 HTTP/1.1" 200 7279 "http://treehugger.hu/node?page=4" "Mozilla/5.0 (Windows NT 6.1; WOW64) AppleWebKit/537.36 (KHTML, like Gecko) Chrome/29.0.1547.57 Safari/537.36 OPR/16.0.1196.73"
104.244.77.208 - - [01/May/2025:09:49:29 +0200] "GET /partners HTTP/1.1" 200 14556 "http://treehugger.hu/partners" "Mozilla/5.0 (Windows NT 6.1; WOW64) AppleWebKit/537.36 (KHTML, like Gecko) Chrome/29.0.1547.57 Safari/537.36 OPR/16.0.1196.73"
104.244.77.208 - - [01/May/2025:09:49:29 +0200] "GET /photos HTTP/1.1" 200 8651 "http://treehugger.hu/photos" "Mozilla/5.0 (Windows NT 6.1; WOW64) AppleWebKit/537.36 (KHTML, like Gecko) Chrome/29.0.1547.57 Safari/537.36 OPR/16.0.1196.73"
104.244.77.208 - - [01/May/2025:09:49:30 +0200] "GET /positiveblog HTTP/1.1" 200 15052 "http://treehugger.hu/positiveblog" "Mozilla/5.0 (Windows NT 6.1; WOW64) AppleWebKit/537.36 (KHTML, like Gecko) Chrome/29.0.1547.57 Safari/537.36 OPR/16.0.1196.73"
104.244.77.208 - - [01/May/2025:09:49:30 +0200] "GET /productinformation HTTP/1.1" 200 8477 "http://treehugger.hu/productinformation" "Mozilla/5.0 (Windows NT 6.1; WOW64) AppleWebKit/537.36 (KHTML, like Gecko) Chrome/29.0.1547.57 Safari/537.36 OPR/16.0.1196.73"
54.36.148.92 - - [01/May/2025:09:49:32 +0200] "GET /eventscalendar/2028-10-02 HTTP/1.1" 200 5791 "-" "Mozilla/5.0 (compatible; AhrefsBot/7.0; +http://ahrefs.com/robot/)"
199.47.82.18 - - [01/May/2025:09:49:35 +0200] "GET /eventscalendar/2024-04-14 HTTP/1.1" 200 5790 "-" "Turnitin (https://bit.ly/2UvnfoQ)"
199.47.82.18 - - [01/May/2025:09:49:45 +0200] "GET /eventscalendar/2024-04-15 HTTP/1.1" 200 5790 "-" "Turnitin (https://bit.ly/2UvnfoQ)"
114.119.132.218 - - [01/May/2025:09:49:54 +0200] "GET /positiveblog?page=59 HTTP/1.1" 200 16181 "http://treehugger.hu/positiveblog?page=58" "Mozilla/5.0 (Linux; Android 7.0;) AppleWebKit/537.36 (KHTML, like Gecko) Mobile Safari/537.36 (compatible; PetalBot;+https://webmaster.petalsearch.com/site/petalbot)"
199.47.82.18 - - [01/May/2025:09:49:55 +0200] "GET /eventscalendar/2024-04-16 HTTP/1.1" 200 5791 "-" "Turnitin (https://bit.ly/2UvnfoQ)"
199.47.82.18 - - [01/May/2025:09:50:05 +0200] "GET /eventscalendar/2024-04-17 HTTP/1.1" 200 5793 "-" "Turnitin (https://bit.ly/2UvnfoQ)"
199.47.82.18 - - [01/May/2025:09:50:15 +0200] "GET /eventscalendar/2024-04-18 HTTP/1.1" 200 5792 "-" "Turnitin (https://bit.ly/2UvnfoQ)"
13.59.182.74 - - [01/May/2025:09:50:16 +0200] "GET /node/628 HTTP/1.1" 200 5985 "-" "Mozilla/5.0 AppleWebKit/537.36 (KHTML, like Gecko; compatible; ClaudeBot/1.0; +claudebot@anthropic.com)"
199.47.82.18 - - [01/May/2025:09:50:25 +0200] "GET /eventscalendar/2024-04-19 HTTP/1.1" 200 5790 "-" "Turnitin (https://bit.ly/2UvnfoQ)"
199.47.82.18 - - [01/May/2025:09:50:35 +0200] "GET /eventscalendar/2024-04-20 HTTP/1.1" 200 5792 "-" "Turnitin (https://bit.ly/2UvnfoQ)"
199.47.82.18 - - [01/May/2025:09:50:45 +0200] "GET /eventscalendar/2024-04-21 HTTP/1.1" 200 5790 "-" "Turnitin (https://bit.ly/2UvnfoQ)"
114.119.138.154 - - [01/May/2025:09:50:49 +0200] "GET /positiveblog?page=58 HTTP/1.1" 200 14140 "http://treehugger.hu/positiveblog?page=59" "Mozilla/5.0 (Linux; Android 7.0;) AppleWebKit/537.36 (KHTML, like Gecko) Mobile Safari/537.36 (compatible; PetalBot;+https://webmaster.petalsearch.com/site/petalbot)"
199.47.82.18 - - [01/May/2025:09:50:55 +0200] "GET /eventscalendar/2024-04-22 HTTP/1.1" 200 5790 "-" "Turnitin (https://bit.ly/2UvnfoQ)"
199.47.82.18 - - [01/May/2025:09:51:05 +0200] "GET /eventscalendar/2024-04-23 HTTP/1.1" 200 5791 "-" "Turnitin (https://bit.ly/2UvnfoQ)"
199.47.82.18 - - [01/May/2025:09:51:15 +0200] "GET /eventscalendar/2024-04-24 HTTP/1.1" 200 5793 "-" "Turnitin (https://bit.ly/2UvnfoQ)"
18.191.245.229 - - [01/May/2025:09:51:21 +0200] "GET /node/621 HTTP/1.1" 200 7863 "-" "Mozilla/5.0 AppleWebKit/537.36 (KHTML, like Gecko; compatible; ClaudeBot/1.0; +claudebot@anthropic.com)"
199.47.82.18 - - [01/May/2025:09:51:25 +0200] "GET /eventscalendar/2024-04-25 HTTP/1.1" 200 5792 "-" "Turnitin (https://bit.ly/2UvnfoQ)"
114.119.147.213 - - [01/May/2025:09:51:30 +0200] "GET /node/944 HTTP/1.1" 200 5386 "http://treehugger.hu/positiveblog?page=23" "Mozilla/5.0 (Linux; Android 7.0;) AppleWebKit/537.36 (KHTML, like Gecko) Mobile Safari/537.36 (compatible; PetalBot;+https://webmaster.petalsearch.com/site/petalbot)"
199.47.82.18 - - [01/May/2025:09:51:35 +0200] "GET /eventscalendar/2024-04-26 HTTP/1.1" 200 5790 "-" "Turnitin (https://bit.ly/2UvnfoQ)"
199.47.82.18 - - [01/May/2025:09:51:45 +0200] "GET /eventscalendar/2024-04-27 HTTP/1.1" 200 5792 "-" "Turnitin (https://bit.ly/2UvnfoQ)"
199.47.82.18 - - [01/May/2025:09:51:55 +0200] "GET /eventscalendar/2024-04-28 HTTP/1.1" 200 5790 "-" "Turnitin (https://bit.ly/2UvnfoQ)"
199.47.82.18 - - [01/May/2025:09:52:05 +0200] "GET /eventscalendar/2024-04-29 HTTP/1.1" 200 5790 "-" "Turnitin (https://bit.ly/2UvnfoQ)"
114.119.140.73 - - [01/May/2025:09:52:10 +0200] "GET /node/914 HTTP/1.1" 200 5898 "http://treehugger.hu/positiveblog?page=25" "Mozilla/5.0 (Linux; Android 7.0;) AppleWebKit/537.36 (KHTML, like Gecko) Mobile Safari/537.36 (compatible; PetalBot;+https://webmaster.petalsearch.com/site/petalbot)"
199.47.82.18 - - [01/May/2025:09:52:15 +0200] "GET /eventscalendar/2024-04-30 HTTP/1.1" 200 5791 "-" "Turnitin (https://bit.ly/2UvnfoQ)"
199.47.82.18 - - [01/May/2025:09:52:25 +0200] "GET /eventscalendar/2024-05 HTTP/1.1" 200 14910 "-" "Turnitin (https://bit.ly/2UvnfoQ)"
199.47.82.18 - - [01/May/2025:09:52:35 +0200] "GET /eventscalendar/2024-05-01 HTTP/1.1" 200 5790 "-" "Turnitin (https://bit.ly/2UvnfoQ)"
3.145.163.13 - - [01/May/2025:09:52:39 +0200] "GET /node/816 HTTP/1.1" 200 6401 "-" "Mozilla/5.0 AppleWebKit/537.36 (KHTML, like Gecko; compatible; ClaudeBot/1.0; +claudebot@anthropic.com)"
199.47.82.18 - - [01/May/2025:09:52:45 +0200] "GET /eventscalendar/2024-05-02 HTTP/1.1" 200 5789 "-" "Turnitin (https://bit.ly/2UvnfoQ)"
199.47.82.18 - - [01/May/2025:09:52:55 +0200] "GET /eventscalendar/2024-05-03 HTTP/1.1" 200 5787 "-" "Turnitin (https://bit.ly/2UvnfoQ)"
114.119.133.78 - - [01/May/2025:09:53:03 +0200] "GET /node/766 HTTP/1.1" 200 7419 "http://treehugger.hu/positiveblog?page=33" "Mozilla/5.0 (Linux; Android 7.0;) AppleWebKit/537.36 (KHTML, like Gecko) Mobile Safari/537.36 (compatible; PetalBot;+https://webmaster.petalsearch.com/site/petalbot)"
199.47.82.18 - - [01/May/2025:09:53:05 +0200] "GET /eventscalendar/2024-05-04 HTTP/1.1" 200 5789 "-" "Turnitin (https://bit.ly/2UvnfoQ)"
199.47.82.18 - - [01/May/2025:09:53:15 +0200] "GET /eventscalendar/2024-05-05 HTTP/1.1" 200 5787 "-" "Turnitin (https://bit.ly/2UvnfoQ)"
199.47.82.18 - - [01/May/2025:09:53:25 +0200] "GET /eventscalendar/2024-05-06 HTTP/1.1" 200 5787 "-" "Turnitin (https://bit.ly/2UvnfoQ)"
199.47.82.18 - - [01/May/2025:09:53:35 +0200] "GET /eventscalendar/2024-05-07 HTTP/1.1" 200 5788 "-" "Turnitin (https://bit.ly/2UvnfoQ)"
199.47.82.18 - - [01/May/2025:09:53:45 +0200] "GET /eventscalendar/2024-05-08 HTTP/1.1" 200 5790 "-" "Turnitin (https://bit.ly/2UvnfoQ)"
3.133.129.118 - - [01/May/2025:09:53:47 +0200] "GET /node/613 HTTP/1.1" 200 7987 "-" "Mozilla/5.0 AppleWebKit/537.36 (KHTML, like Gecko; compatible; ClaudeBot/1.0; +claudebot@anthropic.com)"
199.47.82.18 - - [01/May/2025:09:53:55 +0200] "GET /eventscalendar/2024-05-09 HTTP/1.1" 200 5789 "-" "Turnitin (https://bit.ly/2UvnfoQ)"
199.47.82.18 - - [01/May/2025:09:54:05 +0200] "GET /eventscalendar/2024-05-10 HTTP/1.1" 200 5788 "-" "Turnitin (https://bit.ly/2UvnfoQ)"
20.121.189.199 - - [01/May/2025:09:54:14 +0200] "GET /sites/default/files/batclimb.jpg HTTP/1.1" 200 88420 "-" "Mozilla/5.0 (Windows NT 10.0; Win64; x64) AppleWebKit/537.36 (KHTML, like Gecko) Chrome/109.0.0.0 Safari/537.36"
199.47.82.18 - - [01/May/2025:09:54:15 +0200] "GET /eventscalendar/2024-05-11 HTTP/1.1" 200 5790 "-" "Turnitin (https://bit.ly/2UvnfoQ)"
20.121.189.199 - - [01/May/2025:09:54:22 +0200] "GET /sites/default/files/folyoso_0.jpg HTTP/1.1" 200 31357 "-" "Mozilla/5.0 (Windows NT 10.0; Win64; x64) AppleWebKit/537.36 (KHTML, like Gecko) Chrome/109.0.0.0 Safari/537.36"
199.47.82.18 - - [01/May/2025:09:54:25 +0200] "GET /eventscalendar/2024-05-12 HTTP/1.1" 200 5788 "-" "Turnitin (https://bit.ly/2UvnfoQ)"
114.119.146.198 - - [01/May/2025:09:54:29 +0200] "GET /node/492 HTTP/1.1" 200 8110 "http://treehugger.hu/positiveblog?page=49" "Mozilla/5.0 (Linux; Android 7.0;) AppleWebKit/537.36 (KHTML, like Gecko) Mobile Safari/537.36 (compatible; PetalBot;+https://webmaster.petalsearch.com/site/petalbot)"
199.47.82.18 - - [01/May/2025:09:54:35 +0200] "GET /eventscalendar/2024-05-13 HTTP/1.1" 200 5788 "-" "Turnitin (https://bit.ly/2UvnfoQ)"
199.47.82.18 - - [01/May/2025:09:54:45 +0200] "GET /eventscalendar/2024-05-14 HTTP/1.1" 200 5789 "-" "Turnitin (https://bit.ly/2UvnfoQ)"
199.47.82.18 - - [01/May/2025:09:54:55 +0200] "GET /eventscalendar/2024-05-15 HTTP/1.1" 200 5791 "-" "Turnitin (https://bit.ly/2UvnfoQ)"
3.144.143.110 - - [01/May/2025:09:54:56 +0200] "GET /node/605 HTTP/1.1" 200 3882 "-" "Mozilla/5.0 AppleWebKit/537.36 (KHTML, like Gecko; compatible; ClaudeBot/1.0; +claudebot@anthropic.com)"
199.47.82.18 - - [01/May/2025:09:55:05 +0200] "GET /eventscalendar/2024-05-16 HTTP/1.1" 200 5790 "-" "Turnitin (https://bit.ly/2UvnfoQ)"
199.47.82.18 - - [01/May/2025:09:55:15 +0200] "GET /eventscalendar/2024-05-17 HTTP/1.1" 200 5788 "-" "Turnitin (https://bit.ly/2UvnfoQ)"
199.47.82.18 - - [01/May/2025:09:55:25 +0200] "GET /eventscalendar/2024-05-18 HTTP/1.1" 200 5790 "-" "Turnitin (https://bit.ly/2UvnfoQ)"
199.47.82.18 - - [01/May/2025:09:55:35 +0200] "GET /eventscalendar/2024-05-19 HTTP/1.1" 200 5788 "-" "Turnitin (https://bit.ly/2UvnfoQ)"
199.47.82.18 - - [01/May/2025:09:55:45 +0200] "GET /eventscalendar/2028-02-01 HTTP/1.1" 200 5793 "-" "Turnitin (https://bit.ly/2UvnfoQ)"
114.119.140.73 - - [01/May/2025:09:55:49 +0200] "GET /node/196 HTTP/1.1" 200 5074 "http://www.treehugger.hu/positiveblog?page=64" "Mozilla/5.0 (Linux; Android 7.0;) AppleWebKit/537.36 (KHTML, like Gecko) Mobile Safari/537.36 (compatible; PetalBot;+https://webmaster.petalsearch.com/site/petalbot)"
199.47.82.18 - - [01/May/2025:09:55:55 +0200] "GET /eventscalendar/2028-02-02 HTTP/1.1" 200 5795 "-" "Turnitin (https://bit.ly/2UvnfoQ)"
199.47.82.18 - - [01/May/2025:09:56:05 +0200] "GET /eventscalendar/2028-02-03 HTTP/1.1" 200 5794 "-" "Turnitin (https://bit.ly/2UvnfoQ)"
18.221.83.34 - - [01/May/2025:09:56:06 +0200] "GET /node/602 HTTP/1.1" 200 8371 "-" "Mozilla/5.0 AppleWebKit/537.36 (KHTML, like Gecko; compatible; ClaudeBot/1.0; +claudebot@anthropic.com)"
199.47.82.18 - - [01/May/2025:09:56:15 +0200] "GET /eventscalendar/2028-02-04 HTTP/1.1" 200 5792 "-" "Turnitin (https://bit.ly/2UvnfoQ)"
199.47.82.18 - - [01/May/2025:09:56:25 +0200] "GET /eventscalendar/2028-02-05 HTTP/1.1" 200 5794 "-" "Turnitin (https://bit.ly/2UvnfoQ)"
199.47.82.18 - - [01/May/2025:09:56:35 +0200] "GET /eventscalendar/2028-02-06 HTTP/1.1" 200 5792 "-" "Turnitin (https://bit.ly/2UvnfoQ)"
199.47.82.18 - - [01/May/2025:09:56:45 +0200] "GET /eventscalendar/2028-02-07 HTTP/1.1" 200 5792 "-" "Turnitin (https://bit.ly/2UvnfoQ)"
20.121.189.199 - - [01/May/2025:09:56:53 +0200] "GET /node/sites/default/files/jazzapps.jpg HTTP/1.1" 404 4060 "-" "Mozilla/5.0 (Windows NT 10.0; Win64; x64) AppleWebKit/537.36 (KHTML, like Gecko) Chrome/109.0.0.0 Safari/537.36"
20.121.189.199 - - [01/May/2025:09:56:54 +0200] "GET /node/sites/default/files/jazzapps.jpg HTTP/1.1" 404 4060 "-" "Mozilla/5.0 (Windows NT 10.0; Win64; x64) AppleWebKit/537.36 (KHTML, like Gecko) Chrome/109.0.0.0 Safari/537.36"
20.121.189.199 - - [01/May/2025:09:56:54 +0200] "GET /node/sites/default/files/jazzapps.jpg HTTP/1.1" 404 4060 "-" "Mozilla/5.0 (Windows NT 10.0; Win64; x64) AppleWebKit/537.36 (KHTML, like Gecko) Chrome/109.0.0.0 Safari/537.36"
199.47.82.18 - - [01/May/2025:09:56:55 +0200] "GET /eventscalendar/2028-02-08 HTTP/1.1" 200 5793 "-" "Turnitin (https://bit.ly/2UvnfoQ)"
20.121.189.199 - - [01/May/2025:09:56:58 +0200] "GET /sites/default/files/bejarat_0.jpg HTTP/1.1" 200 460611 "-" "Mozilla/5.0 (Windows NT 10.0; Win64; x64) AppleWebKit/537.36 (KHTML, like Gecko) Chrome/109.0.0.0 Safari/537.36"
199.47.82.18 - - [01/May/2025:09:57:05 +0200] "GET /eventscalendar/2028-02-09 HTTP/1.1" 200 5795 "-" "Turnitin (https://bit.ly/2UvnfoQ)"
20.121.189.199 - - [01/May/2025:09:57:06 +0200] "GET /sites/default/files/telikert_0.jpg HTTP/1.1" 200 113829 "-" "Mozilla/5.0 (Windows NT 10.0; Win64; x64) AppleWebKit/537.36 (KHTML, like Gecko) Chrome/109.0.0.0 Safari/537.36"
20.121.189.199 - - [01/May/2025:09:57:07 +0200] "GET /sites/default/files/luka10.jpg HTTP/1.1" 200 116198 "-" "Mozilla/5.0 (Windows NT 10.0; Win64; x64) AppleWebKit/537.36 (KHTML, like Gecko) Chrome/109.0.0.0 Safari/537.36"
20.121.189.199 - - [01/May/2025:09:57:09 +0200] "GET /sites/default/files/images/dan_nyka2.jpg HTTP/1.1" 200 23780 "-" "Mozilla/5.0 (Windows NT 10.0; Win64; x64) AppleWebKit/537.36 (KHTML, like Gecko) Chrome/109.0.0.0 Safari/537.36"
20.121.189.199 - - [01/May/2025:09:57:12 +0200] "GET /sites/default/files/roch.jpg HTTP/1.1" 200 74549 "-" "Mozilla/5.0 (Windows NT 10.0; Win64; x64) AppleWebKit/537.36 (KHTML, like Gecko) Chrome/109.0.0.0 Safari/537.36"
114.119.136.176 - - [01/May/2025:09:57:13 +0200] "GET /eventscalendar/2028-05-21 HTTP/1.1" 200 5788 "http://www.treehugger.hu/eventscalendar/2028-05-22" "Mozilla/5.0 (Linux; Android 7.0;) AppleWebKit/537.36 (KHTML, like Gecko) Mobile Safari/537.36 (compatible; PetalBot;+https://webmaster.petalsearch.com/site/petalbot)"
191.101.114.148 - - [01/May/2025:09:57:15 +0200] "GET / HTTP/1.1" 200 17651 "-" "Mozilla/5.0 (Windows NT 10.0) AppleWebKit/537.36 (KHTML, like Gecko) Chrome/114.0.0.0 Safari/537.36"
199.47.82.18 - - [01/May/2025:09:57:15 +0200] "GET /eventscalendar/2028-02-10 HTTP/1.1" 200 5795 "-" "Turnitin (https://bit.ly/2UvnfoQ)"
199.47.82.18 - - [01/May/2025:09:57:25 +0200] "GET /eventscalendar/2028-02-11 HTTP/1.1" 200 5793 "-" "Turnitin (https://bit.ly/2UvnfoQ)"
3.148.235.247 - - [01/May/2025:09:57:26 +0200] "GET /positiveblog?page=33 HTTP/1.1" 200 15210 "-" "Mozilla/5.0 AppleWebKit/537.36 (KHTML, like Gecko; compatible; ClaudeBot/1.0; +claudebot@anthropic.com)"
199.47.82.18 - - [01/May/2025:09:57:35 +0200] "GET /eventscalendar/2028-02-12 HTTP/1.1" 200 5795 "-" "Turnitin (https://bit.ly/2UvnfoQ)"
199.47.82.18 - - [01/May/2025:09:57:45 +0200] "GET /eventscalendar/2028-02-13 HTTP/1.1" 200 5793 "-" "Turnitin (https://bit.ly/2UvnfoQ)"
199.47.82.18 - - [01/May/2025:09:57:55 +0200] "GET /eventscalendar/2028-02-14 HTTP/1.1" 200 5793 "-" "Turnitin (https://bit.ly/2UvnfoQ)"
199.47.82.18 - - [01/May/2025:09:58:05 +0200] "GET /eventscalendar/2028-02-15 HTTP/1.1" 200 5794 "-" "Turnitin (https://bit.ly/2UvnfoQ)"
20.121.189.199 - - [01/May/2025:09:58:10 +0200] "GET /sites/default/files/P1010749.JPG HTTP/1.1" 200 54792 "-" "Mozilla/5.0 (Windows NT 10.0; Win64; x64) AppleWebKit/537.36 (KHTML, like Gecko) Chrome/109.0.0.0 Safari/537.36"
199.47.82.18 - - [01/May/2025:09:58:15 +0200] "GET /eventscalendar/2028-02-16 HTTP/1.1" 200 5796 "-" "Turnitin (https://bit.ly/2UvnfoQ)"
199.47.82.18 - - [01/May/2025:09:58:25 +0200] "GET /eventscalendar/2028-02-17 HTTP/1.1" 200 5795 "-" "Turnitin (https://bit.ly/2UvnfoQ)"
20.121.189.199 - - [01/May/2025:09:58:25 +0200] "GET /sites/default/files/house_0.jpg HTTP/1.1" 200 3361011 "-" "Mozilla/5.0 (Windows NT 10.0; Win64; x64) AppleWebKit/537.36 (KHTML, like Gecko) Chrome/109.0.0.0 Safari/537.36"
18.119.103.13 - - [01/May/2025:09:58:34 +0200] "GET /positiveblog?page=39 HTTP/1.1" 200 14884 "-" "Mozilla/5.0 AppleWebKit/537.36 (KHTML, like Gecko; compatible; ClaudeBot/1.0; +claudebot@anthropic.com)"
199.47.82.18 - - [01/May/2025:09:58:35 +0200] "GET /eventscalendar/2028-02-18 HTTP/1.1" 200 5793 "-" "Turnitin (https://bit.ly/2UvnfoQ)"
114.119.146.198 - - [01/May/2025:09:58:37 +0200] "GET /eventscalendar/2027-10-03 HTTP/1.1" 200 5791 "http://www.treehugger.hu/eventscalendar/2027-10" "Mozilla/5.0 (Linux; Android 7.0;) AppleWebKit/537.36 (KHTML, like Gecko) Mobile Safari/537.36 (compatible; PetalBot;+https://webmaster.petalsearch.com/site/petalbot)"
47.238.72.86 - - [01/May/2025:09:58:44 +0200] "HEAD /robots.txt HTTP/1.1" 200 0 "-" "Mozilla/5.0 (Windows NT 6.3; Win64; x64) AppleWebKit/537.36 (KHTML, like Gecko) Chrome/74.0.2713.24 Safari/537.36"
47.238.72.86 - - [01/May/2025:09:58:44 +0200] "GET /robots.txt HTTP/1.1" 200 1590 "-" "Mozilla/5.0 (Windows NT 6.3; Win64; x64) AppleWebKit/537.36 (KHTML, like Gecko) Chrome/74.0.2713.24 Safari/537.36"
199.47.82.18 - - [01/May/2025:09:58:45 +0200] "GET /eventscalendar/2028-02-19 HTTP/1.1" 200 5795 "-" "Turnitin (https://bit.ly/2UvnfoQ)"
199.47.82.18 - - [01/May/2025:09:58:55 +0200] "GET /eventscalendar/2028-02-20 HTTP/1.1" 200 5793 "-" "Turnitin (https://bit.ly/2UvnfoQ)"
20.121.189.199 - - [01/May/2025:09:58:58 +0200] "GET /sites/default/files/rakacai-to-viztarozo-018.jpg HTTP/1.1" 200 70827 "-" "Mozilla/5.0 (Windows NT 10.0; Win64; x64) AppleWebKit/537.36 (KHTML, like Gecko) Chrome/109.0.0.0 Safari/537.36"
199.47.82.18 - - [01/May/2025:09:59:05 +0200] "GET /eventscalendar/2028-02-21 HTTP/1.1" 200 5793 "-" "Turnitin (https://bit.ly/2UvnfoQ)"
199.47.82.18 - - [01/May/2025:09:59:15 +0200] "GET /eventscalendar/2028-02-22 HTTP/1.1" 200 5794 "-" "Turnitin (https://bit.ly/2UvnfoQ)"
199.47.82.18 - - [01/May/2025:09:59:25 +0200] "GET /eventscalendar/2028-02-23 HTTP/1.1" 200 5796 "-" "Turnitin (https://bit.ly/2UvnfoQ)"
