176.9.4.101 - - [05/Aug/2019:14:08:38 +0200] "GET /konferenciak/konferencia3/index.html HTTP/1.1" 200 25940 "-" "Mozilla/5.0 (compatible; BLEXBot/1.0; +http://webmeup-crawler.com/)"
176.9.4.101 - - [05/Aug/2019:14:08:40 +0200] "GET /konferenciak/regionalis/index.html HTTP/1.1" 200 13298 "-" "Mozilla/5.0 (compatible; BLEXBot/1.0; +http://webmeup-crawler.com/)"
46.229.168.142 - - [05/Aug/2019:14:14:28 +0200] "GET /robots.txt HTTP/1.1" 404 1181 "-" "Mozilla/5.0 (compatible; SemrushBot/3~bl; +http://www.semrush.com/bot.html)"
46.229.168.135 - - [05/Aug/2019:14:14:28 +0200] "GET /halozatok/JMCS/memo/01/index.html HTTP/1.1" 200 17697 "-" "Mozilla/5.0 (compatible; SemrushBot/3~bl; +http://www.semrush.com/bot.html)"
66.249.64.27 - - [05/Aug/2019:14:40:50 +0200] "GET /kutat/REVkutatas/3gazdalkodas/index.html HTTP/1.1" 200 88137 "-" "Mozilla/5.0 (Linux; Android 6.0.1; Nexus 5X Build/MMB29P) AppleWebKit/537.36 (KHTML, like Gecko) Chrome/41.0.2272.96 Mobile Safari/537.36 (compatible; Googlebot/2.1; +http://www.google.com/bot.html)"
207.46.13.65 - - [05/Aug/2019:14:42:31 +0200] "GET /aktualis/104eitv/index.html HTTP/1.1" 304 - "-" "Mozilla/5.0 (compatible; bingbot/2.0; +http://www.bing.com/bingbot.htm)"
66.249.64.26 - - [05/Aug/2019:14:44:15 +0200] "GET /favicon.ico HTTP/1.1" 404 1181 "-" "Googlebot-Image/1.0"
207.46.13.109 - - [05/Aug/2019:14:45:29 +0200] "GET /new/magunkrol/tagjaink HTTP/1.1" 200 16528 "-" "Mozilla/5.0 (iPhone; CPU iPhone OS 7_0 like Mac OS X) AppleWebKit/537.51.1 (KHTML, like Gecko) Version/7.0 Mobile/11A465 Safari/9537.53 (compatible; bingbot/2.0; +http://www.bing.com/bingbot.htm)"
207.46.13.65 - - [05/Aug/2019:14:46:18 +0200] "GET /new/hirek/2010?page=1 HTTP/1.1" 200 13285 "-" "Mozilla/5.0 (compatible; bingbot/2.0; +http://www.bing.com/bingbot.htm)"
66.249.64.28 - - [05/Aug/2019:14:47:14 +0200] "GET /nizakpeterfi.dbk.pdf HTTP/1.1" 404 1181 "-" "Mozilla/5.0 (Linux; Android 6.0.1; Nexus 5X Build/MMB29P) AppleWebKit/537.36 (KHTML, like Gecko) Chrome/41.0.2272.96 Mobile Safari/537.36 (compatible; Googlebot/2.1; +http://www.google.com/bot.html)"
77.75.77.109 - - [05/Aug/2019:14:50:44 +0200] "GET /robots.txt HTTP/1.1" 404 1181 "-" "Mozilla/5.0 (compatible; SeznamBot/3.2; +http://napoveda.seznam.cz/en/seznambot-intro/)"
77.75.77.109 - - [05/Aug/2019:14:50:45 +0200] "GET /new/en/news/association-laws-and-operation HTTP/1.1" 200 8093 "-" "Mozilla/5.0 (compatible; SeznamBot/3.2; +http://napoveda.seznam.cz/en/seznambot-intro/)"
66.249.64.26 - - [05/Aug/2019:15:03:19 +0200] "GET /aktualis/2jogalkotas/index.html HTTP/1.1" 304 - "-" "Mozilla/5.0 (Linux; Android 6.0.1; Nexus 5X Build/MMB29P) AppleWebKit/537.36 (KHTML, like Gecko) Chrome/41.0.2272.96 Mobile Safari/537.36 (compatible; Googlebot/2.1; +http://www.google.com/bot.html)"
207.46.13.220 - - [05/Aug/2019:15:06:17 +0200] "GET /kutat/REVkutatas/5PR/ HTTP/1.1" 304 - "-" "Mozilla/5.0 (compatible; bingbot/2.0; +http://www.bing.com/bingbot.htm)"
207.46.13.229 - - [05/Aug/2019:15:14:16 +0200] "GET /new/magunkrol HTTP/1.1" 200 9531 "-" "Mozilla/5.0 (compatible; bingbot/2.0; +http://www.bing.com/bingbot.htm)"
207.46.13.65 - - [05/Aug/2019:15:46:31 +0200] "GET /aktualis/104eitv/index.html HTTP/1.1" 200 94846 "-" "Mozilla/5.0 (compatible; bingbot/2.0; +http://www.bing.com/bingbot.htm)"
40.77.188.39 - - [05/Aug/2019:15:46:49 +0200] "GET /new/sites/default/themes/nosza/images/searchBg.png HTTP/1.1" 200 1443 "-" "Mozilla/5.0 (iPhone; CPU iPhone OS 7_0 like Mac OS X) AppleWebKit/537.51.1 (KHTML, like Gecko) Version/7.0 Mobile/11A465 Safari/9537.53 BingPreview/1.0b"
40.77.189.106 - - [05/Aug/2019:15:46:50 +0200] "GET /new/sites/default/themes/nosza/images/magyarBgInactive.png HTTP/1.1" 200 686 "-" "Mozilla/5.0 (iPhone; CPU iPhone OS 7_0 like Mac OS X) AppleWebKit/537.51.1 (KHTML, like Gecko) Version/7.0 Mobile/11A465 Safari/9537.53 BingPreview/1.0b"
40.77.188.17 - - [05/Aug/2019:15:46:51 +0200] "GET /new/sites/default/themes/nosza/images/englishBgInactive.png HTTP/1.1" 200 823 "-" "Mozilla/5.0 (iPhone; CPU iPhone OS 7_0 like Mac OS X) AppleWebKit/537.51.1 (KHTML, like Gecko) Version/7.0 Mobile/11A465 Safari/9537.53 BingPreview/1.0b"
40.77.191.85 - - [05/Aug/2019:15:46:51 +0200] "GET /new/sites/default/themes/nosza/images/feelingBgMagunkrol.jpg HTTP/1.1" 200 42475 "-" "Mozilla/5.0 (iPhone; CPU iPhone OS 7_0 like Mac OS X) AppleWebKit/537.51.1 (KHTML, like Gecko) Version/7.0 Mobile/11A465 Safari/9537.53 BingPreview/1.0b"
40.77.189.208 - - [05/Aug/2019:15:46:52 +0200] "GET /new/sites/default/themes/nosza/images/kettoIcon.jpg HTTP/1.1" 200 1039 "-" "Mozilla/5.0 (iPhone; CPU iPhone OS 7_0 like Mac OS X) AppleWebKit/537.51.1 (KHTML, like Gecko) Version/7.0 Mobile/11A465 Safari/9537.53 BingPreview/1.0b"
40.77.188.35 - - [05/Aug/2019:15:46:53 +0200] "GET /new/sites/default/themes/nosza/images/haromIcon.jpg HTTP/1.1" 200 764 "-" "Mozilla/5.0 (iPhone; CPU iPhone OS 7_0 like Mac OS X) AppleWebKit/537.51.1 (KHTML, like Gecko) Version/7.0 Mobile/11A465 Safari/9537.53 BingPreview/1.0b"
40.77.188.39 - - [05/Aug/2019:15:46:53 +0200] "GET /new/sites/default/themes/nosza/images/otIcon.jpg HTTP/1.1" 200 689 "-" "Mozilla/5.0 (iPhone; CPU iPhone OS 7_0 like Mac OS X) AppleWebKit/537.51.1 (KHTML, like Gecko) Version/7.0 Mobile/11A465 Safari/9537.53 BingPreview/1.0b"
40.77.190.82 - - [05/Aug/2019:15:46:54 +0200] "GET /new/sites/default/themes/nosza/images/negyIcon.jpg HTTP/1.1" 200 908 "-" "Mozilla/5.0 (iPhone; CPU iPhone OS 7_0 like Mac OS X) AppleWebKit/537.51.1 (KHTML, like Gecko) Version/7.0 Mobile/11A465 Safari/9537.53 BingPreview/1.0b"
40.77.191.85 - - [05/Aug/2019:15:46:54 +0200] "GET /new/sites/default/themes/nosza/images/hatIcon.jpg HTTP/1.1" 200 838 "-" "Mozilla/5.0 (iPhone; CPU iPhone OS 7_0 like Mac OS X) AppleWebKit/537.51.1 (KHTML, like Gecko) Version/7.0 Mobile/11A465 Safari/9537.53 BingPreview/1.0b"
40.77.191.85 - - [05/Aug/2019:15:46:54 +0200] "GET /new/sites/default/themes/nosza/images/subnavBg.jpg HTTP/1.1" 200 439 "-" "Mozilla/5.0 (iPhone; CPU iPhone OS 7_0 like Mac OS X) AppleWebKit/537.51.1 (KHTML, like Gecko) Version/7.0 Mobile/11A465 Safari/9537.53 BingPreview/1.0b"
40.77.188.205 - - [05/Aug/2019:15:46:55 +0200] "GET /new/sites/default/themes/nosza/images/subnavOver.jpg HTTP/1.1" 200 704 "-" "Mozilla/5.0 (iPhone; CPU iPhone OS 7_0 like Mac OS X) AppleWebKit/537.51.1 (KHTML, like Gecko) Version/7.0 Mobile/11A465 Safari/9537.53 BingPreview/1.0b"
40.77.191.85 - - [05/Aug/2019:15:46:55 +0200] "GET /new/sites/default/themes/nosza/images/breadNyil.jpg HTTP/1.1" 200 312 "-" "Mozilla/5.0 (iPhone; CPU iPhone OS 7_0 like Mac OS X) AppleWebKit/537.51.1 (KHTML, like Gecko) Version/7.0 Mobile/11A465 Safari/9537.53 BingPreview/1.0b"
40.77.189.178 - - [05/Aug/2019:15:46:56 +0200] "GET /new/sites/default/themes/nosza/images/footerBg.jpg HTTP/1.1" 200 1097 "-" "Mozilla/5.0 (iPhone; CPU iPhone OS 7_0 like Mac OS X) AppleWebKit/537.51.1 (KHTML, like Gecko) Version/7.0 Mobile/11A465 Safari/9537.53 BingPreview/1.0b"
77.75.79.17 - - [05/Aug/2019:15:52:14 +0200] "GET /robots.txt HTTP/1.1" 404 1181 "-" "Mozilla/5.0 (compatible; SeznamBot/3.2; +http://napoveda.seznam.cz/en/seznambot-intro/)"
77.75.79.17 - - [05/Aug/2019:15:52:14 +0200] "GET /new/sites/default/themes/nosza/images/kapcsolat_left.jpg HTTP/1.1" 304 - "-" "Mozilla/5.0 (compatible; SeznamBot/3.2; +http://napoveda.seznam.cz/en/seznambot-intro/)"
46.229.168.161 - - [05/Aug/2019:15:53:15 +0200] "GET /robots.txt HTTP/1.1" 404 1181 "-" "Mozilla/5.0 (compatible; SemrushBot/3~bl; +http://www.semrush.com/bot.html)"
46.229.168.129 - - [05/Aug/2019:15:53:17 +0200] "GET /new/hirek/szabads%C3%A1gjogok-%C3%A9s-sz%C3%A9ls%C5%91s%C3%A9ges-politikai-mozgalmak-k%C3%B6rnyez%C5%91-orsz%C3%A1gokban HTTP/1.1" 200 13721 "-" "Mozilla/5.0 (compatible; SemrushBot/3~bl; +http://www.semrush.com/bot.html)"
40.77.167.125 - - [05/Aug/2019:16:39:31 +0200] "GET /new/sites/default/files/onkentesseg.pdf HTTP/1.1" 404 7316 "-" "Mozilla/5.0 (iPhone; CPU iPhone OS 7_0 like Mac OS X) AppleWebKit/537.51.1 (KHTML, like Gecko) Version/7.0 Mobile/11A465 Safari/9537.53 (compatible; bingbot/2.0; +http://www.bing.com/bingbot.htm)"
77.75.77.17 - - [05/Aug/2019:16:42:52 +0200] "GET /robots.txt HTTP/1.1" 404 1181 "-" "Mozilla/5.0 (compatible; SeznamBot/3.2; +http://napoveda.seznam.cz/en/seznambot-intro/)"
77.75.77.17 - - [05/Aug/2019:16:42:53 +0200] "GET /new/sites/default/files/introduction.pdf HTTP/1.1" 304 - "-" "Mozilla/5.0 (compatible; SeznamBot/3.2; +http://napoveda.seznam.cz/en/seznambot-intro/)"
207.46.13.229 - - [05/Aug/2019:16:54:46 +0200] "GET /new/node/93 HTTP/1.1" 200 7795 "-" "Mozilla/5.0 (compatible; bingbot/2.0; +http://www.bing.com/bingbot.htm)"
46.229.168.136 - - [05/Aug/2019:16:55:53 +0200] "GET /robots.txt HTTP/1.1" 404 1181 "-" "Mozilla/5.0 (compatible; SemrushBot/3~bl; +http://www.semrush.com/bot.html)"
46.229.168.150 - - [05/Aug/2019:16:55:55 +0200] "GET /new/hirek/hirek?page=1 HTTP/1.1" 200 13353 "-" "Mozilla/5.0 (compatible; SemrushBot/3~bl; +http://www.semrush.com/bot.html)"
128.199.80.77 - - [05/Aug/2019:16:58:29 +0200] "GET // HTTP/1.1" 200 1010 "-" "Mozilla/5.0 (X11; Ubuntu; Linux x86_64; rv:62.0) Gecko/20100101 Firefox/62.0"
176.36.21.189 - - [05/Aug/2019:17:03:38 +0200] "GET /new/hirek/2014/ HTTP/1.0" 200 16500 "http://www.nosza.hu/new/hirek/2014/" "Mozilla/5.0 (Windows NT 6.0; Win64; rv:35.0) Gecko/20100101 Firefox/35.0"
54.36.150.134 - - [05/Aug/2019:17:10:26 +0200] "GET /new/content/civil-szervezet-%E2%80%93-t%C3%A1rsadalmi-szervezet-%E2%80%93-civil-t%C3%A1rsas%C3%A1g-az-%C3%BAj-civil-t%C3%B6rv%C3%A9ny-fogalmi-%C3%BAj%C3%ADt%C3%A1sai HTTP/1.1" 200 18377 "-" "Mozilla/5.0 (compatible; AhrefsBot/6.1; +http://ahrefs.com/robot/)"
66.249.64.26 - - [05/Aug/2019:17:10:49 +0200] "GET /new/sites/default/files/Onkentesseg.pdf HTTP/1.1" 304 - "-" "Mozilla/5.0 (Linux; Android 6.0.1; Nexus 5X Build/MMB29P) AppleWebKit/537.36 (KHTML, like Gecko) Chrome/41.0.2272.96 Mobile Safari/537.36 (compatible; Googlebot/2.1; +http://www.google.com/bot.html)"
62.210.215.112 - - [05/Aug/2019:17:21:29 +0200] "GET /new/rss.xml HTTP/1.1" 200 16077 "-" "Mozilla/5.0 (X11; Linux i686) AppleWebKit/537.36 (KHTML, like Gecko) Chrome/30.0.1599.66 Safari/537.36"
46.229.168.142 - - [05/Aug/2019:17:43:29 +0200] "GET /robots.txt HTTP/1.1" 404 1181 "-" "Mozilla/5.0 (compatible; SemrushBot/3~bl; +http://www.semrush.com/bot.html)"
46.229.168.151 - - [05/Aug/2019:17:43:30 +0200] "GET /konferenciak/index.html HTTP/1.1" 200 26837 "-" "Mozilla/5.0 (compatible; SemrushBot/3~bl; +http://www.semrush.com/bot.html)"
176.9.4.101 - - [05/Aug/2019:17:43:37 +0200] "GET /robots.txt HTTP/1.1" 404 1181 "-" "Mozilla/5.0 (compatible; BLEXBot/1.0; +http://webmeup-crawler.com/)"
176.9.4.101 - - [05/Aug/2019:17:43:37 +0200] "GET /3kutat/REVkutatas/1gazdasag/index.html HTTP/1.1" 200 89168 "-" "Mozilla/5.0 (compatible; BLEXBot/1.0; +http://webmeup-crawler.com/)"
176.9.4.101 - - [05/Aug/2019:17:43:41 +0200] "GET /3kutat/REVkutatas/2menedzsment/index.html HTTP/1.1" 200 146149 "-" "Mozilla/5.0 (compatible; BLEXBot/1.0; +http://webmeup-crawler.com/)"
176.9.4.101 - - [05/Aug/2019:17:43:44 +0200] "GET /3kutat/REVkutatas/3gazdalkodas/index.html HTTP/1.1" 200 88272 "-" "Mozilla/5.0 (compatible; BLEXBot/1.0; +http://webmeup-crawler.com/)"
176.9.4.101 - - [05/Aug/2019:17:43:50 +0200] "GET /3kutat/REVkutatas/4projektek/index.html HTTP/1.1" 200 69101 "-" "Mozilla/5.0 (compatible; BLEXBot/1.0; +http://webmeup-crawler.com/)"
176.9.4.101 - - [05/Aug/2019:17:43:53 +0200] "GET /3kutat/REVkutatas/5PR/index.html HTTP/1.1" 200 50021 "-" "Mozilla/5.0 (compatible; BLEXBot/1.0; +http://webmeup-crawler.com/)"
176.9.4.101 - - [05/Aug/2019:17:43:58 +0200] "GET /3kutat/REVkutatas/6level/index.html HTTP/1.1" 200 18798 "-" "Mozilla/5.0 (compatible; BLEXBot/1.0; +http://webmeup-crawler.com/)"
176.9.4.101 - - [05/Aug/2019:17:44:03 +0200] "GET /halozatok/JMCS/memo/index.html HTTP/1.1" 200 15271 "-" "Mozilla/5.0 (compatible; BLEXBot/1.0; +http://webmeup-crawler.com/)"
176.9.4.101 - - [05/Aug/2019:17:44:09 +0200] "GET /halozatok/JMCS/mukodes/index.html HTTP/1.1" 200 10352 "-" "Mozilla/5.0 (compatible; BLEXBot/1.0; +http://webmeup-crawler.com/)"
176.9.4.101 - - [05/Aug/2019:17:44:13 +0200] "GET /halozatok/JMCS/tagok/index.html HTTP/1.1" 200 65034 "-" "Mozilla/5.0 (compatible; BLEXBot/1.0; +http://webmeup-crawler.com/)"
176.9.4.101 - - [05/Aug/2019:17:44:18 +0200] "GET /halozatok/kerekasztal/memo1/index.html HTTP/1.1" 200 26344 "-" "Mozilla/5.0 (compatible; BLEXBot/1.0; +http://webmeup-crawler.com/)"
176.9.4.101 - - [05/Aug/2019:17:44:24 +0200] "GET /halozatok/kerekasztal/memo2/index.html HTTP/1.1" 200 12822 "-" "Mozilla/5.0 (compatible; BLEXBot/1.0; +http://webmeup-crawler.com/)"
176.9.4.101 - - [05/Aug/2019:17:44:29 +0200] "GET /halozatok/kerekasztal/memo3/index.html HTTP/1.1" 200 8909 "-" "Mozilla/5.0 (compatible; BLEXBot/1.0; +http://webmeup-crawler.com/)"
176.9.4.101 - - [05/Aug/2019:17:44:34 +0200] "GET /halozatok/kerekasztal/memo5/index.html HTTP/1.1" 200 11742 "-" "Mozilla/5.0 (compatible; BLEXBot/1.0; +http://webmeup-crawler.com/)"
176.9.4.101 - - [05/Aug/2019:17:44:39 +0200] "GET /halozatok/muhely/belepes/index.html HTTP/1.1" 200 4602 "-" "Mozilla/5.0 (compatible; BLEXBot/1.0; +http://webmeup-crawler.com/)"
176.9.4.101 - - [05/Aug/2019:17:44:43 +0200] "GET /halozatok/muhely/tagok/index.html HTTP/1.1" 200 25134 "-" "Mozilla/5.0 (compatible; BLEXBot/1.0; +http://webmeup-crawler.com/)"
176.9.4.101 - - [05/Aug/2019:17:44:49 +0200] "GET /konferenciak/06egszb/program/index.html HTTP/1.1" 200 10050 "-" "Mozilla/5.0 (compatible; BLEXBot/1.0; +http://webmeup-crawler.com/)"
176.9.4.101 - - [05/Aug/2019:17:44:54 +0200] "GET /konferenciak/06egszb/resztvevok/index.html HTTP/1.1" 200 88954 "-" "Mozilla/5.0 (compatible; BLEXBot/1.0; +http://webmeup-crawler.com/)"
176.9.4.101 - - [05/Aug/2019:17:44:59 +0200] "GET /konferenciak/07egszbbesz/07egszbpr/index.html HTTP/1.1" 200 13538 "-" "Mozilla/5.0 (compatible; BLEXBot/1.0; +http://webmeup-crawler.com/)"
176.9.4.101 - - [05/Aug/2019:17:45:04 +0200] "GET /konferenciak/2konferencia/1program/index.html HTTP/1.1" 200 23358 "-" "Mozilla/5.0 (compatible; BLEXBot/1.0; +http://webmeup-crawler.com/)"
176.9.4.101 - - [05/Aug/2019:17:45:08 +0200] "GET /konferenciak/2konferencia/2resztvevok/index.html HTTP/1.1" 200 150584 "-" "Mozilla/5.0 (compatible; BLEXBot/1.0; +http://webmeup-crawler.com/)"
66.249.64.28 - - [05/Aug/2019:17:50:52 +0200] "GET /aktualis/009GSZTcivil/index.html HTTP/1.1" 200 24603 "-" "Mozilla/5.0 (Linux; Android 6.0.1; Nexus 5X Build/MMB29P) AppleWebKit/537.36 (KHTML, like Gecko) Chrome/41.0.2272.96 Mobile Safari/537.36 (compatible; Googlebot/2.1; +http://www.google.com/bot.html)"
207.46.13.228 - - [05/Aug/2019:18:02:08 +0200] "GET /new/en/projects HTTP/1.1" 200 7671 "-" "Mozilla/5.0 (compatible; bingbot/2.0; +http://www.bing.com/bingbot.htm)"
40.77.167.18 - - [05/Aug/2019:18:02:22 +0200] "GET /new/publikaciok/2009 HTTP/1.1" 200 9028 "-" "Mozilla/5.0 (compatible; bingbot/2.0; +http://www.bing.com/bingbot.htm)"
46.229.168.147 - - [05/Aug/2019:18:27:41 +0200] "GET /robots.txt HTTP/1.1" 404 1181 "-" "Mozilla/5.0 (compatible; SemrushBot/3~bl; +http://www.semrush.com/bot.html)"
46.229.168.134 - - [05/Aug/2019:18:27:41 +0200] "GET /konferenciak/konferencia3/index.html HTTP/1.1" 200 25940 "-" "Mozilla/5.0 (compatible; SemrushBot/3~bl; +http://www.semrush.com/bot.html)"
157.55.39.200 - - [05/Aug/2019:18:46:07 +0200] "GET /aktualis/012autopalya/level/index.html HTTP/1.1" 200 61858 "-" "Mozilla/5.0 (compatible; bingbot/2.0; +http://www.bing.com/bingbot.htm)"
207.46.13.228 - - [05/Aug/2019:18:51:52 +0200] "GET /new/sites/default/files/polish%20final.doc HTTP/1.1" 200 1365504 "-" "Mozilla/5.0 (iPhone; CPU iPhone OS 7_0 like Mac OS X) AppleWebKit/537.51.1 (KHTML, like Gecko) Version/7.0 Mobile/11A465 Safari/9537.53 (compatible; bingbot/2.0; +http://www.bing.com/bingbot.htm)"
46.229.168.134 - - [05/Aug/2019:18:52:35 +0200] "GET /new/hirek/2014?page=1 HTTP/1.1" 200 13285 "-" "Mozilla/5.0 (compatible; SemrushBot/3~bl; +http://www.semrush.com/bot.html)"
207.46.13.228 - - [05/Aug/2019:18:55:27 +0200] "GET /3kutat/REVkutatas/ HTTP/1.1" 304 - "-" "Mozilla/5.0 (compatible; bingbot/2.0; +http://www.bing.com/bingbot.htm)"
207.46.13.228 - - [05/Aug/2019:19:07:20 +0200] "GET /3kutat/NOSZA2002/index.html HTTP/1.1" 304 - "-" "Mozilla/5.0 (compatible; bingbot/2.0; +http://www.bing.com/bingbot.htm)"
46.229.168.142 - - [05/Aug/2019:19:14:42 +0200] "GET /robots.txt HTTP/1.1" 404 1181 "-" "Mozilla/5.0 (compatible; SemrushBot/3~bl; +http://www.semrush.com/bot.html)"
46.229.168.148 - - [05/Aug/2019:19:14:43 +0200] "GET /halozatok/index.html HTTP/1.1" 200 5818 "-" "Mozilla/5.0 (compatible; SemrushBot/3~bl; +http://www.semrush.com/bot.html)"
46.229.168.146 - - [05/Aug/2019:19:33:32 +0200] "GET /robots.txt HTTP/1.1" 404 1181 "-" "Mozilla/5.0 (compatible; SemrushBot/3~bl; +http://www.semrush.com/bot.html)"
46.229.168.149 - - [05/Aug/2019:19:33:33 +0200] "GET /new/hirek?page=1 HTTP/1.1" 200 13301 "-" "Mozilla/5.0 (compatible; SemrushBot/3~bl; +http://www.semrush.com/bot.html)"
207.46.13.229 - - [05/Aug/2019:19:38:04 +0200] "GET /aktualis/108autopalya/level/index.html HTTP/1.1" 200 61871 "-" "Mozilla/5.0 (compatible; bingbot/2.0; +http://www.bing.com/bingbot.htm)"
180.76.15.28 - - [05/Aug/2019:19:43:26 +0200] "GET /new/sites/default/files/KCRdimenzio.pdf HTTP/1.1" 404 7316 "-" "Mozilla/5.0 (compatible; Baiduspider/2.0; +http://www.baidu.com/search/spider.html)"
207.46.13.229 - - [05/Aug/2019:19:49:13 +0200] "GET /new/magunkrol HTTP/1.1" 200 9531 "-" "Mozilla/5.0 (iPhone; CPU iPhone OS 7_0 like Mac OS X) AppleWebKit/537.51.1 (KHTML, like Gecko) Version/7.0 Mobile/11A465 Safari/9537.53 (compatible; bingbot/2.0; +http://www.bing.com/bingbot.htm)"
157.55.39.200 - - [05/Aug/2019:19:49:30 +0200] "GET /new/sites/default/themes/nosza/images/negyIcon.jpg HTTP/1.1" 200 908 "-" "Mozilla/5.0 (iPhone; CPU iPhone OS 7_0 like Mac OS X) AppleWebKit/537.51.1 (KHTML, like Gecko) Version/7.0 Mobile/11A465 Safari/9537.53 (compatible; bingbot/2.0; +http://www.bing.com/bingbot.htm)"
40.77.167.18 - - [05/Aug/2019:19:49:34 +0200] "GET /new/sites/default/themes/nosza/images/kettoIcon.jpg HTTP/1.1" 200 1039 "-" "Mozilla/5.0 (iPhone; CPU iPhone OS 7_0 like Mac OS X) AppleWebKit/537.51.1 (KHTML, like Gecko) Version/7.0 Mobile/11A465 Safari/9537.53 (compatible; bingbot/2.0; +http://www.bing.com/bingbot.htm)"
46.229.168.134 - - [05/Aug/2019:19:59:32 +0200] "GET /halozatok/JMCS/memo/06/index.html HTTP/1.1" 200 13841 "-" "Mozilla/5.0 (compatible; SemrushBot/3~bl; +http://www.semrush.com/bot.html)"
166.62.126.3 - - [05/Aug/2019:20:02:05 +0200] "GET / HTTP/1.1" 200 1010 "-" "Mozilla/5.0 (Macintosh; Intel Mac OS X 10_13_4) AppleWebKit/537.36 (KHTML, like Gecko) Chrome/67.0.3396.87 Safari/537.36"
46.229.168.163 - - [05/Aug/2019:20:16:12 +0200] "GET /robots.txt HTTP/1.1" 404 1181 "-" "Mozilla/5.0 (compatible; SemrushBot/3~bl; +http://www.semrush.com/bot.html)"
46.229.168.162 - - [05/Aug/2019:20:16:14 +0200] "GET /new/en/news/old-and-new-challenges-being-cso HTTP/1.1" 200 8071 "-" "Mozilla/5.0 (compatible; SemrushBot/3~bl; +http://www.semrush.com/bot.html)"
46.229.168.149 - - [05/Aug/2019:20:21:33 +0200] "GET /new/magunkrol/tagjaink HTTP/1.1" 200 16528 "-" "Mozilla/5.0 (compatible; SemrushBot/3~bl; +http://www.semrush.com/bot.html)"
157.55.39.28 - - [05/Aug/2019:20:24:09 +0200] "GET /robots.txt HTTP/1.1" 404 1181 "-" "Mozilla/5.0 (compatible; bingbot/2.0; +http://www.bing.com/bingbot.htm)"
40.77.167.18 - - [05/Aug/2019:20:24:17 +0200] "GET /new/projektek/Menedzsment%20tr%C3%A9ning HTTP/1.1" 200 9219 "-" "Mozilla/5.0 (compatible; bingbot/2.0; +http://www.bing.com/bingbot.htm)"
149.5.33.51 - - [05/Aug/2019:20:26:46 +0200] "GET /new/en/about_us/supporters HTTP/1.1" 200 11066 "-" "Mozilla/5.0 (compatible; Googlebot/2.1; +http://www.google.com/bot.html)"
157.55.39.200 - - [05/Aug/2019:20:28:09 +0200] "GET /kutat/REVkutatas/5PR/ HTTP/1.1" 304 - "-" "Mozilla/5.0 (compatible; bingbot/2.0; +http://www.bing.com/bingbot.htm)"
176.9.4.101 - - [05/Aug/2019:20:49:12 +0200] "GET /robots.txt HTTP/1.1" 404 1181 "-" "Mozilla/5.0 (compatible; BLEXBot/1.0; +http://webmeup-crawler.com/)"
176.9.4.101 - - [05/Aug/2019:20:49:12 +0200] "GET /halozatok/JMCS/memo/01/index.html HTTP/1.1" 200 17697 "-" "Mozilla/5.0 (compatible; BLEXBot/1.0; +http://webmeup-crawler.com/)"
176.9.4.101 - - [05/Aug/2019:20:49:13 +0200] "GET /halozatok/JMCS/memo/02/index.html HTTP/1.1" 200 51036 "-" "Mozilla/5.0 (compatible; BLEXBot/1.0; +http://webmeup-crawler.com/)"
176.9.4.101 - - [05/Aug/2019:20:49:17 +0200] "GET /halozatok/JMCS/memo/03/index.html HTTP/1.1" 200 45451 "-" "Mozilla/5.0 (compatible; BLEXBot/1.0; +http://webmeup-crawler.com/)"
176.9.4.101 - - [05/Aug/2019:20:49:23 +0200] "GET /halozatok/JMCS/memo/04/index.html HTTP/1.1" 200 15900 "-" "Mozilla/5.0 (compatible; BLEXBot/1.0; +http://webmeup-crawler.com/)"
176.9.4.101 - - [05/Aug/2019:20:49:24 +0200] "GET /halozatok/JMCS/memo/05/index.html HTTP/1.1" 200 15044 "-" "Mozilla/5.0 (compatible; BLEXBot/1.0; +http://webmeup-crawler.com/)"
176.9.4.101 - - [05/Aug/2019:20:49:27 +0200] "GET /halozatok/JMCS/memo/06/index.html HTTP/1.1" 200 13841 "-" "Mozilla/5.0 (compatible; BLEXBot/1.0; +http://webmeup-crawler.com/)"
176.9.4.101 - - [05/Aug/2019:20:49:30 +0200] "GET /halozatok/JMCS/memo/07/index.html HTTP/1.1" 200 16609 "-" "Mozilla/5.0 (compatible; BLEXBot/1.0; +http://webmeup-crawler.com/)"
176.9.4.101 - - [05/Aug/2019:20:49:31 +0200] "GET /halozatok/JMCS/memo/08/index.html HTTP/1.1" 200 13492 "-" "Mozilla/5.0 (compatible; BLEXBot/1.0; +http://webmeup-crawler.com/)"
176.9.4.101 - - [05/Aug/2019:20:49:34 +0200] "GET /halozatok/JMCS/memo/09/index.html HTTP/1.1" 200 42017 "-" "Mozilla/5.0 (compatible; BLEXBot/1.0; +http://webmeup-crawler.com/)"
176.9.4.101 - - [05/Aug/2019:20:49:36 +0200] "GET /halozatok/JMCS/memo/10/index.html HTTP/1.1" 200 48333 "-" "Mozilla/5.0 (compatible; BLEXBot/1.0; +http://webmeup-crawler.com/)"
176.9.4.101 - - [05/Aug/2019:20:49:38 +0200] "GET /konferenciak/07egszbbesz/07egszbpr/egszbreg/index.html HTTP/1.1" 200 181901 "-" "Mozilla/5.0 (compatible; BLEXBot/1.0; +http://webmeup-crawler.com/)"
46.229.168.147 - - [05/Aug/2019:20:54:18 +0200] "GET /robots.txt HTTP/1.1" 404 1181 "-" "Mozilla/5.0 (compatible; SemrushBot/3~bl; +http://www.semrush.com/bot.html)"
46.229.168.137 - - [05/Aug/2019:20:54:19 +0200] "GET /kutat/REVkutatas/5PR/index.html HTTP/1.1" 200 49876 "-" "Mozilla/5.0 (compatible; SemrushBot/6~bl; +http://www.semrush.com/bot.html)"
194.34.133.180 - - [05/Aug/2019:20:55:52 +0200] "GET /new/projektek/Civil%20%C3%BAjs%C3%A1g%C3%ADr%C3%A1s HTTP/1.1" 200 9092 "http://www.nosza.hu/" "Mozilla/5.0 (Macintosh; Intel Mac OS X 10_9_5) AppleWebKit/537.36 (KHTML, like Gecko) Chrome/67.0.3396.87 Safari/537.36"
194.34.133.180 - - [05/Aug/2019:20:55:52 +0200] "GET /?q=node/add HTTP/1.1" 200 1010 "http://www.nosza.hu/" "Mozilla/5.0 (Macintosh; Intel Mac OS X 10_9_5) AppleWebKit/537.36 (KHTML, like Gecko) Chrome/67.0.3396.87 Safari/537.36"
194.34.133.180 - - [05/Aug/2019:20:55:52 +0200] "GET /?q=user HTTP/1.1" 200 1010 "http://www.nosza.hu/" "Mozilla/5.0 (Macintosh; Intel Mac OS X 10_9_5) AppleWebKit/537.36 (KHTML, like Gecko) Chrome/67.0.3396.87 Safari/537.36"
194.34.133.180 - - [05/Aug/2019:20:55:54 +0200] "GET /new/projektek/Civil%20%C3%BAjs%C3%A1g%C3%ADr%C3%A1s HTTP/1.1" 200 9092 "http://www.nosza.hu/" "Mozilla/5.0 (Macintosh; Intel Mac OS X 10_9_5) AppleWebKit/537.36 (KHTML, like Gecko) Chrome/67.0.3396.87 Safari/537.36"
194.34.133.180 - - [05/Aug/2019:20:56:00 +0200] "GET /?q=user/register HTTP/1.1" 200 1010 "http://www.nosza.hu/" "Mozilla/5.0 (Macintosh; Intel Mac OS X 10_9_5) AppleWebKit/537.36 (KHTML, like Gecko) Chrome/67.0.3396.87 Safari/537.36"
194.34.133.180 - - [05/Aug/2019:20:56:01 +0200] "GET /new/ HTTP/1.1" 200 10100 "http://www.nosza.hu/" "Mozilla/5.0 (Macintosh; Intel Mac OS X 10_9_5) AppleWebKit/537.36 (KHTML, like Gecko) Chrome/67.0.3396.87 Safari/537.36"
194.34.133.180 - - [05/Aug/2019:20:56:02 +0200] "GET /?q=user/register HTTP/1.1" 200 1010 "http://www.nosza.hu/" "Mozilla/5.0 (Macintosh; Intel Mac OS X 10_9_5) AppleWebKit/537.36 (KHTML, like Gecko) Chrome/67.0.3396.87 Safari/537.36"
46.229.168.148 - - [05/Aug/2019:21:00:28 +0200] "GET /konferenciak/2konferencia/index.html HTTP/1.1" 200 7142 "-" "Mozilla/5.0 (compatible; SemrushBot/3~bl; +http://www.semrush.com/bot.html)"
213.181.208.13 - - [05/Aug/2019:21:09:47 +0200] "GET / HTTP/1.1" 200 1010 "-" "Mozilla/5.0 (Windows NT 10.0; WOW64) AppleWebKit/537.36 (KHTML, like Gecko) Chrome/47.0.2526.111 Safari/537.36"
213.181.208.13 - - [05/Aug/2019:21:09:47 +0200] "GET / HTTP/1.1" 200 1010 "-" "Mozilla/5.0 (Windows NT 10.0; WOW64) AppleWebKit/537.36 (KHTML, like Gecko) Chrome/47.0.2526.111 Safari/537.36"
213.181.208.13 - - [05/Aug/2019:21:09:47 +0200] "GET / HTTP/1.1" 200 1010 "-" "Mozilla/5.0 (Windows NT 10.0; WOW64) AppleWebKit/537.36 (KHTML, like Gecko) Chrome/47.0.2526.111 Safari/537.36"
213.181.208.13 - - [05/Aug/2019:21:09:49 +0200] "GET /new/ HTTP/1.1" 200 10100 "-" "Mozilla/5.0 (Windows NT 10.0; WOW64) AppleWebKit/537.36 (KHTML, like Gecko) Chrome/47.0.2526.111 Safari/537.36"
213.181.208.13 - - [05/Aug/2019:21:09:49 +0200] "GET /en/ HTTP/1.1" 404 1181 "-" "Mozilla/5.0 (Windows NT 10.0; WOW64) AppleWebKit/537.36 (KHTML, like Gecko) Chrome/47.0.2526.111 Safari/537.36"
213.181.208.13 - - [05/Aug/2019:21:09:50 +0200] "GET /new/magunkrol HTTP/1.1" 200 9531 "-" "Mozilla/5.0 (Windows NT 10.0; WOW64) AppleWebKit/537.36 (KHTML, like Gecko) Chrome/47.0.2526.111 Safari/537.36"
213.181.208.13 - - [05/Aug/2019:21:09:51 +0200] "GET /new/magunkrol/tagjaink HTTP/1.1" 200 16528 "-" "Mozilla/5.0 (Windows NT 10.0; WOW64) AppleWebKit/537.36 (KHTML, like Gecko) Chrome/47.0.2526.111 Safari/537.36"
213.181.208.13 - - [05/Aug/2019:21:09:53 +0200] "GET /new/magunkrol/partnereink HTTP/1.1" 200 11426 "-" "Mozilla/5.0 (Windows NT 10.0; WOW64) AppleWebKit/537.36 (KHTML, like Gecko) Chrome/47.0.2526.111 Safari/537.36"
213.181.208.13 - - [05/Aug/2019:21:09:54 +0200] "GET /new/magunkrol/tevekenysegunk HTTP/1.1" 200 10131 "-" "Mozilla/5.0 (Windows NT 10.0; WOW64) AppleWebKit/537.36 (KHTML, like Gecko) Chrome/47.0.2526.111 Safari/537.36"
213.181.208.13 - - [05/Aug/2019:21:09:55 +0200] "GET /new/magunkrol/tamogatoink HTTP/1.1" 200 11498 "-" "Mozilla/5.0 (Windows NT 10.0; WOW64) AppleWebKit/537.36 (KHTML, like Gecko) Chrome/47.0.2526.111 Safari/537.36"
213.181.208.13 - - [05/Aug/2019:21:09:56 +0200] "GET /new/magunkrol/beszamolok HTTP/1.1" 200 11066 "-" "Mozilla/5.0 (Windows NT 10.0; WOW64) AppleWebKit/537.36 (KHTML, like Gecko) Chrome/47.0.2526.111 Safari/537.36"
213.181.208.13 - - [05/Aug/2019:21:09:58 +0200] "GET /new/hirek HTTP/1.1" 200 16523 "-" "Mozilla/5.0 (Windows NT 10.0; WOW64) AppleWebKit/537.36 (KHTML, like Gecko) Chrome/47.0.2526.111 Safari/537.36"
213.181.208.13 - - [05/Aug/2019:21:09:59 +0200] "GET /new/hirek/2009 HTTP/1.1" 200 16535 "-" "Mozilla/5.0 (Windows NT 10.0; WOW64) AppleWebKit/537.36 (KHTML, like Gecko) Chrome/47.0.2526.111 Safari/537.36"
213.181.208.13 - - [05/Aug/2019:21:10:00 +0200] "GET /new/hirek/2010 HTTP/1.1" 200 16535 "-" "Mozilla/5.0 (Windows NT 10.0; WOW64) AppleWebKit/537.36 (KHTML, like Gecko) Chrome/47.0.2526.111 Safari/537.36"
213.181.208.13 - - [05/Aug/2019:21:10:02 +0200] "GET /new/hirek/2013 HTTP/1.1" 200 16535 "-" "Mozilla/5.0 (Windows NT 10.0; WOW64) AppleWebKit/537.36 (KHTML, like Gecko) Chrome/47.0.2526.111 Safari/537.36"
213.181.208.13 - - [05/Aug/2019:21:10:03 +0200] "GET /new/hirek/2014 HTTP/1.1" 200 16535 "-" "Mozilla/5.0 (Windows NT 10.0; WOW64) AppleWebKit/537.36 (KHTML, like Gecko) Chrome/47.0.2526.111 Safari/537.36"
213.181.208.13 - - [05/Aug/2019:21:10:05 +0200] "GET /new/hirek/2016 HTTP/1.1" 200 16535 "-" "Mozilla/5.0 (Windows NT 10.0; WOW64) AppleWebKit/537.36 (KHTML, like Gecko) Chrome/47.0.2526.111 Safari/537.36"
213.181.208.13 - - [05/Aug/2019:21:10:06 +0200] "GET /new/hirek/2018 HTTP/1.1" 200 16535 "-" "Mozilla/5.0 (Windows NT 10.0; WOW64) AppleWebKit/537.36 (KHTML, like Gecko) Chrome/47.0.2526.111 Safari/537.36"
213.181.208.13 - - [05/Aug/2019:21:10:07 +0200] "GET /new/dossziek HTTP/1.1" 200 9039 "-" "Mozilla/5.0 (Windows NT 10.0; WOW64) AppleWebKit/537.36 (KHTML, like Gecko) Chrome/47.0.2526.111 Safari/537.36"
213.181.208.13 - - [05/Aug/2019:21:10:09 +0200] "GET /new/publikaciok HTTP/1.1" 200 11634 "-" "Mozilla/5.0 (Windows NT 10.0; WOW64) AppleWebKit/537.36 (KHTML, like Gecko) Chrome/47.0.2526.111 Safari/537.36"
213.181.208.13 - - [05/Aug/2019:21:10:10 +0200] "GET /new/publikaciok/2009 HTTP/1.1" 200 9028 "-" "Mozilla/5.0 (Windows NT 10.0; WOW64) AppleWebKit/537.36 (KHTML, like Gecko) Chrome/47.0.2526.111 Safari/537.36"
213.181.208.13 - - [05/Aug/2019:21:10:11 +0200] "GET /new/publikaciok/2008 HTTP/1.1" 200 9251 "-" "Mozilla/5.0 (Windows NT 10.0; WOW64) AppleWebKit/537.36 (KHTML, like Gecko) Chrome/47.0.2526.111 Safari/537.36"
213.181.208.13 - - [05/Aug/2019:21:10:12 +0200] "GET /new/publikaciok/2007 HTTP/1.1" 200 9425 "-" "Mozilla/5.0 (Windows NT 10.0; WOW64) AppleWebKit/537.36 (KHTML, like Gecko) Chrome/47.0.2526.111 Safari/537.36"
213.181.208.13 - - [05/Aug/2019:21:10:14 +0200] "GET /new/projektek HTTP/1.1" 200 16526 "-" "Mozilla/5.0 (Windows NT 10.0; WOW64) AppleWebKit/537.36 (KHTML, like Gecko) Chrome/47.0.2526.111 Safari/537.36"
213.181.208.13 - - [05/Aug/2019:21:10:15 +0200] "GET /new/elerhetoseg HTTP/1.1" 200 7908 "-" "Mozilla/5.0 (Windows NT 10.0; WOW64) AppleWebKit/537.36 (KHTML, like Gecko) Chrome/47.0.2526.111 Safari/537.36"
213.181.208.13 - - [05/Aug/2019:21:10:15 +0200] "GET /hirek HTTP/1.1" 404 1181 "-" "Mozilla/5.0 (Windows NT 10.0; WOW64) AppleWebKit/537.36 (KHTML, like Gecko) Chrome/47.0.2526.111 Safari/537.36"
213.181.208.13 - - [05/Aug/2019:21:10:15 +0200] "GET /dossziek HTTP/1.1" 404 1181 "-" "Mozilla/5.0 (Windows NT 10.0; WOW64) AppleWebKit/537.36 (KHTML, like Gecko) Chrome/47.0.2526.111 Safari/537.36"
213.181.208.13 - - [05/Aug/2019:21:10:15 +0200] "GET /publikaciok HTTP/1.1" 404 1181 "-" "Mozilla/5.0 (Windows NT 10.0; WOW64) AppleWebKit/537.36 (KHTML, like Gecko) Chrome/47.0.2526.111 Safari/537.36"
213.181.208.13 - - [05/Aug/2019:21:10:16 +0200] "GET /new/en/ HTTP/1.1" 200 9252 "-" "Mozilla/5.0 (Windows NT 10.0; WOW64) AppleWebKit/537.36 (KHTML, like Gecko) Chrome/47.0.2526.111 Safari/537.36"
213.181.208.13 - - [05/Aug/2019:21:10:16 +0200] "GET /tagjaink HTTP/1.1" 404 1181 "-" "Mozilla/5.0 (Windows NT 10.0; WOW64) AppleWebKit/537.36 (KHTML, like Gecko) Chrome/47.0.2526.111 Safari/537.36"
213.181.208.13 - - [05/Aug/2019:21:10:17 +0200] "GET /new/hirek/civil-szervezeteket-%C3%A9rint%C5%91-legfontosabb-jogszab%C3%A1lyv%C3%A1ltoz%C3%A1sok-2017-ben HTTP/1.1" 200 13780 "-" "Mozilla/5.0 (Windows NT 10.0; WOW64) AppleWebKit/537.36 (KHTML, like Gecko) Chrome/47.0.2526.111 Safari/537.36"
213.181.208.13 - - [05/Aug/2019:21:10:18 +0200] "GET /new/content/gyakran-ism%C3%A9telt-k%C3%A9rd%C3%A9sek HTTP/1.1" 200 12303 "-" "Mozilla/5.0 (Windows NT 10.0; WOW64) AppleWebKit/537.36 (KHTML, like Gecko) Chrome/47.0.2526.111 Safari/537.36"
213.181.208.13 - - [05/Aug/2019:21:10:19 +0200] "GET /new/hirek/alap%C3%ADtv%C3%A1ny-alap%C3%ADt%C3%B3-okirata-%C3%A9s-m%C5%B1k%C3%B6d%C3%A9se HTTP/1.1" 200 9117 "-" "Mozilla/5.0 (Windows NT 10.0; WOW64) AppleWebKit/537.36 (KHTML, like Gecko) Chrome/47.0.2526.111 Safari/537.36"
213.181.208.13 - - [05/Aug/2019:21:10:20 +0200] "GET /new/content/egyes%C3%BCleti-alapszab%C3%A1ly-%C3%A9s-m%C5%B1k%C3%B6d%C3%A9s HTTP/1.1" 200 8508 "-" "Mozilla/5.0 (Windows NT 10.0; WOW64) AppleWebKit/537.36 (KHTML, like Gecko) Chrome/47.0.2526.111 Safari/537.36"
213.181.208.13 - - [05/Aug/2019:21:10:21 +0200] "GET /new/hirek/k%C3%A9pz%C3%A9si-anyag-civil-szerveztek-m%C5%B1k%C3%B6d%C3%A9s%C3%A9nek-t%C3%A1mogat%C3%A1s%C3%A1ra HTTP/1.1" 200 8882 "-" "Mozilla/5.0 (Windows NT 10.0; WOW64) AppleWebKit/537.36 (KHTML, like Gecko) Chrome/47.0.2526.111 Safari/537.36"
213.181.208.13 - - [05/Aug/2019:21:10:22 +0200] "GET /new/content/civil-szervezeti-l%C3%A9t-r%C3%A9gi-%C3%A9s-%C3%BAj-kih%C3%ADv%C3%A1sai HTTP/1.1" 200 9069 "-" "Mozilla/5.0 (Windows NT 10.0; WOW64) AppleWebKit/537.36 (KHTML, like Gecko) Chrome/47.0.2526.111 Safari/537.36"
213.181.208.13 - - [05/Aug/2019:21:10:24 +0200] "GET /new/content/civil-szervezet-%E2%80%93-t%C3%A1rsadalmi-szervezet-%E2%80%93-civil-t%C3%A1rsas%C3%A1g-az-%C3%BAj-civil-t%C3%B6rv%C3%A9ny-fogalmi-%C3%BAj%C3%ADt%C3%A1sai HTTP/1.1" 200 18377 "-" "Mozilla/5.0 (Windows NT 10.0; WOW64) AppleWebKit/537.36 (KHTML, like Gecko) Chrome/47.0.2526.111 Safari/537.36"
213.181.208.13 - - [05/Aug/2019:21:10:25 +0200] "GET /new/content/indul%C3%B3-projekt-magyar-nonprofit-szektor-t%C3%A1mogat%C3%A1s%C3%A1ra HTTP/1.1" 200 9627 "-" "Mozilla/5.0 (Windows NT 10.0; WOW64) AppleWebKit/537.36 (KHTML, like Gecko) Chrome/47.0.2526.111 Safari/537.36"
213.181.208.13 - - [05/Aug/2019:21:10:26 +0200] "GET /new/content/civil-%C3%BAjs%C3%A1g%C3%ADr%C3%A1ssal-az-%C3%B6nkorm%C3%A1nyzatok-%C3%A1tl%C3%A1that%C3%B3s%C3%A1g%C3%A1%C3%A9rt HTTP/1.1" 403 7340 "-" "Mozilla/5.0 (Windows NT 10.0; WOW64) AppleWebKit/537.36 (KHTML, like Gecko) Chrome/47.0.2526.111 Safari/537.36"
213.181.208.13 - - [05/Aug/2019:21:10:27 +0200] "GET /new/hirek/k%C3%A9rd%C5%91%C3%ADv-magyarorsz%C3%A1gi-non-profit-szervezetek-%C3%A1ltali-%C3%B6nk%C3%A9ntes-foglalkoztat%C3%A1sr%C3%B3l HTTP/1.1" 200 9456 "-" "Mozilla/5.0 (Windows NT 10.0; WOW64) AppleWebKit/537.36 (KHTML, like Gecko) Chrome/47.0.2526.111 Safari/537.36"
213.181.208.13 - - [05/Aug/2019:21:10:28 +0200] "GET /new/dossziek/szolg%C3%A1ltat%C3%B3-civilek HTTP/1.1" 200 9120 "-" "Mozilla/5.0 (Windows NT 10.0; WOW64) AppleWebKit/537.36 (KHTML, like Gecko) Chrome/47.0.2526.111 Safari/537.36"
213.181.208.13 - - [05/Aug/2019:21:10:29 +0200] "GET /new/publikaciok/dr-f%C3%BCl%C3%B6p-s%C3%A1ndor-egyes%C3%BCletek-b%C3%ADr%C3%B3s%C3%A1gi-nyilv%C3%A1ntart%C3%A1sba-v%C3%A9teli-gyakorlata-%C3%B6sszehasonl%C3%ADt%C3%B3-e-0 HTTP/1.1" 200 8737 "-" "Mozilla/5.0 (Windows NT 10.0; WOW64) AppleWebKit/537.36 (KHTML, like Gecko) Chrome/47.0.2526.111 Safari/537.36"
213.181.208.13 - - [05/Aug/2019:21:10:30 +0200] "GET /new/publikaciok/cnny-hetedik-jelent%C3%A9se-nemzeti-strat%C3%A9giai-anyagok-nyilv%C3%A1noss%C3%A1g%C3%A1r%C3%B3l HTTP/1.1" 200 8399 "-" "Mozilla/5.0 (Windows NT 10.0; WOW64) AppleWebKit/537.36 (KHTML, like Gecko) Chrome/47.0.2526.111 Safari/537.36"
213.181.208.13 - - [05/Aug/2019:21:10:31 +0200] "GET /new/publikaciok/szabads%C3%A1gjogok-%C3%A9s-radik%C3%A1lis-mozgalmak-k%C3%B6z%C3%A9p-kelet-eur%C3%B3p%C3%A1ban HTTP/1.1" 200 9130 "-" "Mozilla/5.0 (Windows NT 10.0; WOW64) AppleWebKit/537.36 (KHTML, like Gecko) Chrome/47.0.2526.111 Safari/537.36"
213.181.208.13 - - [05/Aug/2019:21:10:32 +0200] "GET /new/publikaciok/cseh-lengyel-%C3%A9s-magyar-ptk-nonprofit-szervezetekre-vonatkoz%C3%B3-r%C3%A9szeinek-%C3%B6sszehasonl%C3%ADt%C3%A1sa HTTP/1.1" 200 8377 "-" "Mozilla/5.0 (Windows NT 10.0; WOW64) AppleWebKit/537.36 (KHTML, like Gecko) Chrome/47.0.2526.111 Safari/537.36"
213.181.208.13 - - [05/Aug/2019:21:10:33 +0200] "GET /new/publikaciok/cnny-hatodik-jelent%C3%A9se-nemzeti-strat%C3%A9giai-anyagok-tervez%C3%A9s%C3%A9nek-nyilv%C3%A1noss%C3%A1g%C3%A1r%C3%B3l HTTP/1.1" 200 8750 "-" "Mozilla/5.0 (Windows NT 10.0; WOW64) AppleWebKit/537.36 (KHTML, like Gecko) Chrome/47.0.2526.111 Safari/537.36"
213.181.208.13 - - [05/Aug/2019:21:10:34 +0200] "GET /new/content/szolg%C3%A1ltat%C3%B3-civilek HTTP/1.1" 200 8780 "-" "Mozilla/5.0 (Windows NT 10.0; WOW64) AppleWebKit/537.36 (KHTML, like Gecko) Chrome/47.0.2526.111 Safari/537.36"
213.181.208.13 - - [05/Aug/2019:21:10:35 +0200] "GET /new/projektek/m%C5%B1k%C3%B6d%C3%A9si-p%C3%A1ly%C3%A1zat-2017-18 HTTP/1.1" 200 11776 "-" "Mozilla/5.0 (Windows NT 10.0; WOW64) AppleWebKit/537.36 (KHTML, like Gecko) Chrome/47.0.2526.111 Safari/537.36"
213.181.208.13 - - [05/Aug/2019:21:10:36 +0200] "GET /new/projektek/m%C5%B1k%C3%B6d%C3%A9si-p%C3%A1ly%C3%A1zat-2016-2017 HTTP/1.1" 200 11880 "-" "Mozilla/5.0 (Windows NT 10.0; WOW64) AppleWebKit/537.36 (KHTML, like Gecko) Chrome/47.0.2526.111 Safari/537.36"
213.181.208.13 - - [05/Aug/2019:21:10:37 +0200] "GET /new/projektek/m%C5%B1k%C3%B6d%C3%A9si-p%C3%A1ly%C3%A1zat-2015-2016 HTTP/1.1" 200 12118 "-" "Mozilla/5.0 (Windows NT 10.0; WOW64) AppleWebKit/537.36 (KHTML, like Gecko) Chrome/47.0.2526.111 Safari/537.36"
213.181.208.13 - - [05/Aug/2019:21:10:38 +0200] "GET /new/projektek/2013-2014-elmaradott-t%C3%A9rs%C3%A9gek-civil-szervezeteinek-r%C3%A9szv%C3%A9telre-k%C3%A9pes%C3%ADt%C3%A9se HTTP/1.1" 200 11988 "-" "Mozilla/5.0 (Windows NT 10.0; WOW64) AppleWebKit/537.36 (KHTML, like Gecko) Chrome/47.0.2526.111 Safari/537.36"
213.181.208.13 - - [05/Aug/2019:21:10:39 +0200] "GET /new/projektek/%C3%B6nk%C3%A9ntes-menedzsment-tr%C3%A9ning HTTP/1.1" 200 9570 "-" "Mozilla/5.0 (Windows NT 10.0; WOW64) AppleWebKit/537.36 (KHTML, like Gecko) Chrome/47.0.2526.111 Safari/537.36"
213.181.208.13 - - [05/Aug/2019:21:10:40 +0200] "GET /new/projektek/h%C3%A1l%C3%B3zat-nyitott-jogalkot%C3%A1s%C3%A9rt HTTP/1.1" 200 9747 "-" "Mozilla/5.0 (Windows NT 10.0; WOW64) AppleWebKit/537.36 (KHTML, like Gecko) Chrome/47.0.2526.111 Safari/537.36"
213.181.208.13 - - [05/Aug/2019:21:10:41 +0200] "GET /new/projektek/civil-%C3%BAjs%C3%A1g%C3%ADr%C3%A1ssal-az-%C3%B6nkorm%C3%A1nzatok-%C3%A1tl%C3%A1that%C3%B3s%C3%A1g%C3%A1%C3%A9rt HTTP/1.1" 200 10585 "-" "Mozilla/5.0 (Windows NT 10.0; WOW64) AppleWebKit/537.36 (KHTML, like Gecko) Chrome/47.0.2526.111 Safari/537.36"
66.249.69.97 - - [05/Aug/2019:22:01:05 +0200] "GET / HTTP/1.1" 200 1010 "-" "Mozilla/5.0 (Linux; Android 6.0.1; Nexus 5X Build/MMB29P) AppleWebKit/537.36 (KHTML, like Gecko) Chrome/41.0.2272.96 Mobile Safari/537.36 (compatible; Googlebot/2.1; +http://www.google.com/bot.html)"
46.229.168.153 - - [05/Aug/2019:22:16:58 +0200] "GET /robots.txt HTTP/1.1" 404 1181 "-" "Mozilla/5.0 (compatible; SemrushBot/3~bl; +http://www.semrush.com/bot.html)"
46.229.168.136 - - [05/Aug/2019:22:16:58 +0200] "GET /angol/index.html HTTP/1.1" 200 13458 "-" "Mozilla/5.0 (compatible; SemrushBot/3~bl; +http://www.semrush.com/bot.html)"
95.163.255.178 - - [05/Aug/2019:22:18:29 +0200] "GET /robots.txt HTTP/1.0" 404 1181 "-" "Mozilla/5.0 (compatible; Linux x86_64; Mail.RU_Bot/2.0; +http://go.mail.ru/help/robots)"
95.163.255.194 - - [05/Aug/2019:22:18:31 +0200] "GET /new/en/news/association-laws-and-operation HTTP/1.1" 200 8093 "-" "Mozilla/5.0 (compatible; Linux x86_64; Mail.RU_Bot/2.0; +http://go.mail.ru/help/robots)"
141.8.183.17 - - [05/Aug/2019:22:28:28 +0200] "GET /robots.txt HTTP/1.1" 404 1181 "-" "Mozilla/5.0 (compatible; YandexBot/3.0; +http://yandex.com/bots)"
141.8.183.17 - - [05/Aug/2019:22:28:34 +0200] "GET /new/publikaciok HTTP/1.1" 200 11634 "-" "Mozilla/5.0 (compatible; YandexBot/3.0; +http://yandex.com/bots)"
46.229.168.146 - - [05/Aug/2019:22:33:36 +0200] "GET /halozatok/JMCS/memo/03/index.html HTTP/1.1" 200 45451 "-" "Mozilla/5.0 (compatible; SemrushBot/3~bl; +http://www.semrush.com/bot.html)"
40.77.167.181 - - [05/Aug/2019:22:51:39 +0200] "GET /new/ HTTP/1.1" 200 10100 "-" "Mozilla/5.0 (compatible; bingbot/2.0; +http://www.bing.com/bingbot.htm)"
207.46.13.154 - - [05/Aug/2019:22:58:44 +0200] "GET /kutat/REVkutatas/3gazdalkodas/ HTTP/1.1" 200 88137 "-" "Mozilla/5.0 (compatible; bingbot/2.0; +http://www.bing.com/bingbot.htm)"
46.229.168.144 - - [05/Aug/2019:23:28:21 +0200] "GET /robots.txt HTTP/1.1" 404 1181 "-" "Mozilla/5.0 (compatible; SemrushBot/3~bl; +http://www.semrush.com/bot.html)"
46.229.168.139 - - [05/Aug/2019:23:28:21 +0200] "GET /aktualis/NCAvhmod/index.html HTTP/1.1" 200 18140 "-" "Mozilla/5.0 (compatible; SemrushBot/3~bl; +http://www.semrush.com/bot.html)"
54.36.149.15 - - [05/Aug/2019:23:36:42 +0200] "GET /robots.txt HTTP/1.1" 404 1181 "-" "Mozilla/5.0 (compatible; AhrefsBot/6.1; +http://ahrefs.com/robot/)"
54.36.150.22 - - [05/Aug/2019:23:36:42 +0200] "GET /aktualis/012autopalya/index.html HTTP/1.1" 200 7450 "-" "Mozilla/5.0 (compatible; AhrefsBot/6.1; +http://ahrefs.com/robot/)"
46.229.168.129 - - [06/Aug/2019:00:04:44 +0200] "GET /robots.txt HTTP/1.1" 404 1181 "-" "Mozilla/5.0 (compatible; SemrushBot/3~bl; +http://www.semrush.com/bot.html)"
46.229.168.142 - - [06/Aug/2019:00:04:48 +0200] "GET /new/hirek/2018?page=1 HTTP/1.1" 200 13285 "-" "Mozilla/5.0 (compatible; SemrushBot/3~bl; +http://www.semrush.com/bot.html)"
66.249.69.127 - - [06/Aug/2019:01:31:05 +0200] "GET /robots.txt HTTP/1.1" 404 1181 "-" "Mozilla/5.0 (compatible; Googlebot/2.1; +http://www.google.com/bot.html)"
66.249.69.97 - - [06/Aug/2019:01:31:06 +0200] "GET /kutat/REVkutatas/2menedzsment/index.html HTTP/1.1" 200 146014 "-" "Mozilla/5.0 (Linux; Android 6.0.1; Nexus 5X Build/MMB29P) AppleWebKit/537.36 (KHTML, like Gecko) Chrome/41.0.2272.96 Mobile Safari/537.36 (compatible; Googlebot/2.1; +http://www.google.com/bot.html)"
66.249.69.97 - - [06/Aug/2019:01:31:12 +0200] "GET /favicon.ico HTTP/1.1" 404 1181 "-" "Googlebot-Image/1.0"
207.46.13.196 - - [06/Aug/2019:01:53:30 +0200] "GET /new/content/civil-szervezet-%E2%80%93-t%C3%A1rsadalmi-szervezet-%E2%80%93-civil-t%C3%A1rsas%C3%A1g-az-%C3%BAj-civil-t%C3%B6rv%C3%A9ny-fogalmi-%C3%BAj%C3%ADt%C3%A1sai HTTP/1.1" 200 18377 "-" "Mozilla/5.0 (iPhone; CPU iPhone OS 7_0 like Mac OS X) AppleWebKit/537.51.1 (KHTML, like Gecko) Version/7.0 Mobile/11A465 Safari/9537.53 (compatible; bingbot/2.0; +http://www.bing.com/bingbot.htm)"
207.46.13.196 - - [06/Aug/2019:01:53:46 +0200] "GET /new/sites/default/themes/nosza/images/hatIcon.jpg HTTP/1.1" 200 838 "-" "Mozilla/5.0 (iPhone; CPU iPhone OS 7_0 like Mac OS X) AppleWebKit/537.51.1 (KHTML, like Gecko) Version/7.0 Mobile/11A465 Safari/9537.53 (compatible; bingbot/2.0; +http://www.bing.com/bingbot.htm)"
157.55.39.130 - - [06/Aug/2019:01:53:50 +0200] "GET /new/sites/default/themes/nosza/images/dateBg.jpg HTTP/1.1" 200 654 "-" "Mozilla/5.0 (iPhone; CPU iPhone OS 7_0 like Mac OS X) AppleWebKit/537.51.1 (KHTML, like Gecko) Version/7.0 Mobile/11A465 Safari/9537.53 (compatible; bingbot/2.0; +http://www.bing.com/bingbot.htm)"
157.55.39.130 - - [06/Aug/2019:01:53:50 +0200] "GET /new/sites/default/themes/nosza/images/englishBgInactive.png HTTP/1.1" 200 823 "-" "Mozilla/5.0 (iPhone; CPU iPhone OS 7_0 like Mac OS X) AppleWebKit/537.51.1 (KHTML, like Gecko) Version/7.0 Mobile/11A465 Safari/9537.53 (compatible; bingbot/2.0; +http://www.bing.com/bingbot.htm)"
207.46.13.13 - - [06/Aug/2019:01:53:55 +0200] "GET /new/sites/default/themes/nosza/images/haromIcon.jpg HTTP/1.1" 200 764 "-" "Mozilla/5.0 (iPhone; CPU iPhone OS 7_0 like Mac OS X) AppleWebKit/537.51.1 (KHTML, like Gecko) Version/7.0 Mobile/11A465 Safari/9537.53 (compatible; bingbot/2.0; +http://www.bing.com/bingbot.htm)"
42.236.10.116 - - [06/Aug/2019:02:17:29 +0200] "GET /new/ HTTP/1.1" 200 10100 "http://www.nosza.hu/new/" "Mozilla/5.0 (Windows NT 6.1; WOW64) AppleWebKit/537.36 (KHTML, like Gecko) Chrome/50.4.2661.102 Safari/537.36; 360Spider"
46.229.168.138 - - [06/Aug/2019:02:26:43 +0200] "GET /robots.txt HTTP/1.1" 404 1181 "-" "Mozilla/5.0 (compatible; SemrushBot/3~bl; +http://www.semrush.com/bot.html)"
46.229.168.131 - - [06/Aug/2019:02:26:45 +0200] "GET /new/publikaciok/dossziek HTTP/1.1" 200 8150 "-" "Mozilla/5.0 (compatible; SemrushBot/3~bl; +http://www.semrush.com/bot.html)"
46.229.168.136 - - [06/Aug/2019:03:22:05 +0200] "GET /robots.txt HTTP/1.1" 404 1181 "-" "Mozilla/5.0 (compatible; SemrushBot/3~bl; +http://www.semrush.com/bot.html)"
46.229.168.149 - - [06/Aug/2019:03:22:06 +0200] "GET /halozatok/kerekasztal/memo3/index.html HTTP/1.1" 200 8909 "-" "Mozilla/5.0 (compatible; SemrushBot/3~bl; +http://www.semrush.com/bot.html)"
54.165.90.203 - - [06/Aug/2019:03:39:20 +0200] "GET /robots.txt HTTP/1.0" 404 1181 "-" "ia_archiver"
54.165.90.203 - - [06/Aug/2019:03:39:20 +0200] "GET /kutat/REVkutatas/4projektek/index.html HTTP/1.0" 200 68956 "-" "ia_archiver"
178.154.171.90 - - [06/Aug/2019:03:47:27 +0200] "GET /robots.txt HTTP/1.1" 404 1181 "-" "Mozilla/5.0 (compatible; YandexBot/3.0; +http://yandex.com/bots)"
178.154.171.90 - - [06/Aug/2019:03:47:34 +0200] "GET /new/hirek/2009 HTTP/1.1" 200 16535 "-" "Mozilla/5.0 (compatible; YandexBot/3.0; +http://yandex.com/bots)"
46.229.168.135 - - [06/Aug/2019:03:47:38 +0200] "GET /aktualis/104eitv/index.html HTTP/1.1" 200 94846 "-" "Mozilla/5.0 (compatible; SemrushBot/3~bl; +http://www.semrush.com/bot.html)"
54.165.90.203 - - [06/Aug/2019:03:48:22 +0200] "GET /kutat/REVkutatas/5PR/index.html HTTP/1.0" 200 49876 "-" "ia_archiver"
54.165.90.203 - - [06/Aug/2019:03:49:58 +0200] "GET /kutat/REVkutatas/2menedzsment/index.html HTTP/1.0" 200 146014 "-" "ia_archiver"
66.249.69.97 - - [06/Aug/2019:03:55:59 +0200] "GET /favicon.ico HTTP/1.1" 404 1181 "-" "Googlebot-Image/1.0"
60.191.38.77 - - [06/Aug/2019:04:00:29 +0200] "GET / HTTP/1.1" 200 1010 "-" "Mozilla/5.0 (Macintosh; Intel Mac OS X 10.11; rv:47.0) Gecko/20100101 Firefox/47.0"
46.229.168.136 - - [06/Aug/2019:04:15:59 +0200] "GET /robots.txt HTTP/1.1" 404 1181 "-" "Mozilla/5.0 (compatible; SemrushBot/3~bl; +http://www.semrush.com/bot.html)"
46.229.168.142 - - [06/Aug/2019:04:16:00 +0200] "GET /new/en/news/founding-deeds-and-operation-foundations HTTP/1.1" 200 8139 "-" "Mozilla/5.0 (compatible; SemrushBot/3~bl; +http://www.semrush.com/bot.html)"
141.8.183.17 - - [06/Aug/2019:04:17:58 +0200] "GET /new/hirek HTTP/1.1" 200 16523 "-" "Mozilla/5.0 (compatible; YandexBot/3.0; +http://yandex.com/bots)"
173.208.200.154 - - [06/Aug/2019:04:47:42 +0200] "GET /robots.txt HTTP/1.1" 404 1181 "-" "Mozilla/5.0 (compatible; MJ12bot/v1.4.8; http://mj12bot.com/)"
173.208.200.154 - - [06/Aug/2019:04:47:47 +0200] "GET /new/content/civil-szervezet-%E2%80%93-t%C3%A1rsadalmi-szervezet-%E2%80%93-civil-t%C3%A1rsas%C3%A1g-az-%C3%BAj-civil-t%C3%B6rv%C3%A9ny-fogalmi-%C3%BAj%C3%ADt%C3%A1sai HTTP/1.1" 200 18377 "-" "Mozilla/5.0 (compatible; MJ12bot/v1.4.8; http://mj12bot.com/)"
173.208.200.154 - - [06/Aug/2019:04:47:53 +0200] "GET /new/content/civil-szervezeti-l%C3%A9t-r%C3%A9gi-%C3%A9s-%C3%BAj-kih%C3%ADv%C3%A1sai HTTP/1.1" 200 9069 "-" "Mozilla/5.0 (compatible; MJ12bot/v1.4.8; http://mj12bot.com/)"
173.208.200.154 - - [06/Aug/2019:04:47:56 +0200] "GET /new/content/egyes%C3%BCleti-alapszab%C3%A1ly-%C3%A9s-m%C5%B1k%C3%B6d%C3%A9s HTTP/1.1" 200 8508 "-" "Mozilla/5.0 (compatible; MJ12bot/v1.4.8; http://mj12bot.com/)"
173.208.200.154 - - [06/Aug/2019:04:48:01 +0200] "GET /new/content/gyakran-ism%C3%A9telt-k%C3%A9rd%C3%A9sek HTTP/1.1" 200 12303 "-" "Mozilla/5.0 (compatible; MJ12bot/v1.4.8; http://mj12bot.com/)"
173.208.200.154 - - [06/Aug/2019:04:48:06 +0200] "GET /new/content/indul%C3%B3-projekt-magyar-nonprofit-szektor-t%C3%A1mogat%C3%A1s%C3%A1ra HTTP/1.1" 200 9627 "-" "Mozilla/5.0 (compatible; MJ12bot/v1.4.8; http://mj12bot.com/)"
173.208.200.154 - - [06/Aug/2019:04:48:11 +0200] "GET /new/content/szolg%C3%A1ltat%C3%B3-civilek HTTP/1.1" 200 8780 "-" "Mozilla/5.0 (compatible; MJ12bot/v1.4.8; http://mj12bot.com/)"
173.208.200.154 - - [06/Aug/2019:04:48:17 +0200] "GET /new/dossziek/Teszt%20dosszi%C3%A9 HTTP/1.1" 200 7823 "-" "Mozilla/5.0 (compatible; MJ12bot/v1.4.8; http://mj12bot.com/)"
173.208.200.154 - - [06/Aug/2019:04:48:22 +0200] "GET /new/dossziek/dr-b%C3%ADr%C3%B3-endre-kcr-dimenzi%C3%B3-civil-r%C3%A9szv%C3%A9tel-jogi-akad%C3%A1lyai-k%C3%B6zfeladatok-ell%C3%A1t%C3%A1s%C3%A1ban HTTP/1.1" 200 7801 "-" "Mozilla/5.0 (compatible; MJ12bot/v1.4.8; http://mj12bot.com/)"
141.8.183.17 - - [06/Aug/2019:04:48:27 +0200] "GET /favicon.ico HTTP/1.1" 404 1181 "-" "Mozilla/5.0 (compatible; YandexBot/3.0; +http://yandex.com/bots)"
173.208.200.154 - - [06/Aug/2019:04:48:29 +0200] "GET /new/dossziek/dr-f%C3%BCl%C3%B6p-s%C3%A1ndor-egyes%C3%BCletek-b%C3%ADr%C3%B3s%C3%A1gi-nyilv%C3%A1ntart%C3%A1sba-v%C3%A9teli-gyakorlata-%C3%B6sszehasonl%C3%ADt%C3%B3-elemz HTTP/1.1" 200 7801 "-" "Mozilla/5.0 (compatible; MJ12bot/v1.4.8; http://mj12bot.com/)"
173.208.200.154 - - [06/Aug/2019:04:48:33 +0200] "GET /new/dossziek/szolg%C3%A1ltat%C3%B3-civilek HTTP/1.1" 200 9120 "-" "Mozilla/5.0 (compatible; MJ12bot/v1.4.8; http://mj12bot.com/)"
173.208.200.154 - - [06/Aug/2019:04:48:37 +0200] "GET /new/en/dossiers/szolg%C3%A1ltat%C3%B3-civilek HTTP/1.1" 200 8394 "-" "Mozilla/5.0 (compatible; MJ12bot/v1.4.8; http://mj12bot.com/)"
173.208.200.154 - - [06/Aug/2019:04:48:42 +0200] "GET /new/en/news/civil-society-organizations-%E2%80%93-social-organizations-%E2%80%93-civic-company-new-notions-introduced-new-c HTTP/1.1" 200 8329 "-" "Mozilla/5.0 (compatible; MJ12bot/v1.4.8; http://mj12bot.com/)"
173.208.200.154 - - [06/Aug/2019:04:48:48 +0200] "GET /new/hirek/alap%C3%ADtv%C3%A1ny-alap%C3%ADt%C3%B3-okirata-%C3%A9s-m%C5%B1k%C3%B6d%C3%A9se HTTP/1.1" 200 9117 "-" "Mozilla/5.0 (compatible; MJ12bot/v1.4.8; http://mj12bot.com/)"
173.208.200.154 - - [06/Aug/2019:04:48:53 +0200] "GET /new/hirek/civil-szervezeteket-%C3%A9rint%C5%91-legfontosabb-jogszab%C3%A1lyv%C3%A1ltoz%C3%A1sok-2017-ben HTTP/1.1" 200 13780 "-" "Mozilla/5.0 (compatible; MJ12bot/v1.4.8; http://mj12bot.com/)"
173.208.200.154 - - [06/Aug/2019:04:48:58 +0200] "GET /new/hirek/felh%C3%ADv%C3%A1s-v%C3%A9lem%C3%A9nyez%C3%A9sre HTTP/1.1" 200 9874 "-" "Mozilla/5.0 (compatible; MJ12bot/v1.4.8; http://mj12bot.com/)"
173.208.200.154 - - [06/Aug/2019:04:49:04 +0200] "GET /new/hirek/k%C3%A9pz%C3%A9si-anyag-civil-szerveztek-m%C5%B1k%C3%B6d%C3%A9s%C3%A9nek-t%C3%A1mogat%C3%A1s%C3%A1ra HTTP/1.1" 200 8882 "-" "Mozilla/5.0 (compatible; MJ12bot/v1.4.8; http://mj12bot.com/)"
173.208.200.154 - - [06/Aug/2019:04:49:10 +0200] "GET /new/hirek/k%C3%A9rd%C5%91%C3%ADv-magyarorsz%C3%A1gi-non-profit-szervezetek-%C3%A1ltali-%C3%B6nk%C3%A9ntes-foglalkoztat%C3%A1sr%C3%B3l HTTP/1.1" 200 9456 "-" "Mozilla/5.0 (compatible; MJ12bot/v1.4.8; http://mj12bot.com/)"
173.208.200.154 - - [06/Aug/2019:04:49:17 +0200] "GET /new/hirek/nosza-egyes%C3%BClet-m%C3%A1t%C3%B3l-hivatalosan-freedom-information-advocates-network-foianet-tagja HTTP/1.1" 200 8899 "-" "Mozilla/5.0 (compatible; MJ12bot/v1.4.8; http://mj12bot.com/)"
