207.46.13.55 - - [04/Aug/2019:09:31:37 +0200] "GET /aktualis/105onk/onkentes/index.html HTTP/1.1" 200 24562 "-" "Mozilla/5.0 (compatible; bingbot/2.0; +http://www.bing.com/bingbot.htm)"
46.229.168.147 - - [04/Aug/2019:09:33:19 +0200] "GET /robots.txt HTTP/1.1" 404 1181 "-" "Mozilla/5.0 (compatible; SemrushBot/3~bl; +http://www.semrush.com/bot.html)"
46.229.168.162 - - [04/Aug/2019:09:33:20 +0200] "GET /halozatok/kerekasztal/index.html HTTP/1.1" 200 13131 "-" "Mozilla/5.0 (compatible; SemrushBot/3~bl; +http://www.semrush.com/bot.html)"
66.249.64.26 - - [04/Aug/2019:09:36:19 +0200] "GET /kutat/REVkutatas/1gazdasag/ HTTP/1.1" 200 89032 "-" "Mozilla/5.0 (Linux; Android 6.0.1; Nexus 5X Build/MMB29P) AppleWebKit/537.36 (KHTML, like Gecko) Chrome/41.0.2272.96 Mobile Safari/537.36 (compatible; Googlebot/2.1; +http://www.google.com/bot.html)"
66.249.64.26 - - [04/Aug/2019:10:04:17 +0200] "GET /new/sites/default/files/k%C3%A9pz%C3%A9si%20anyag.pdf HTTP/1.1" 200 622249 "-" "Mozilla/5.0 (Linux; Android 6.0.1; Nexus 5X Build/MMB29P) AppleWebKit/537.36 (KHTML, like Gecko) Chrome/41.0.2272.96 Mobile Safari/537.36 (compatible; Googlebot/2.1; +http://www.google.com/bot.html)"
216.244.66.229 - - [04/Aug/2019:10:44:36 +0200] "GET /robots.txt HTTP/1.1" 404 1181 "-" "Mozilla/5.0 (compatible; DotBot/1.1; http://www.opensiteexplorer.org/dotbot, help@moz.com)"
216.244.66.229 - - [04/Aug/2019:10:54:48 +0200] "GET /aktualis/108autopalya/index.html HTTP/1.1" 200 7574 "-" "Mozilla/5.0 (compatible; DotBot/1.1; http://www.opensiteexplorer.org/dotbot, help@moz.com)"
66.249.64.26 - - [04/Aug/2019:11:00:12 +0200] "GET /robots.txt HTTP/1.1" 404 1181 "-" "Mozilla/5.0 (compatible; Googlebot/2.1; +http://www.google.com/bot.html)"
66.249.64.28 - - [04/Aug/2019:11:00:12 +0200] "GET / HTTP/1.1" 200 1010 "-" "Mozilla/5.0 (Linux; Android 6.0.1; Nexus 5X Build/MMB29P) AppleWebKit/537.36 (KHTML, like Gecko) Chrome/41.0.2272.96 Mobile Safari/537.36 (compatible; Googlebot/2.1; +http://www.google.com/bot.html)"
66.249.64.27 - - [04/Aug/2019:11:00:32 +0200] "GET /new/ HTTP/1.1" 200 10100 "http://www.nosza.hu/" "Mozilla/5.0 (Linux; Android 6.0.1; Nexus 5X Build/MMB29P) AppleWebKit/537.36 (KHTML, like Gecko) Chrome/41.0.2272.96 Mobile Safari/537.36 (compatible; Googlebot/2.1; +http://www.google.com/bot.html)"
40.77.167.198 - - [04/Aug/2019:11:24:53 +0200] "GET /aktualis/NCA/index.html HTTP/1.1" 200 50805 "-" "Mozilla/5.0 (iPhone; CPU iPhone OS 7_0 like Mac OS X) AppleWebKit/537.51.1 (KHTML, like Gecko) Version/7.0 Mobile/11A465 Safari/9537.53 (compatible; bingbot/2.0; +http://www.bing.com/bingbot.htm)"
157.55.39.17 - - [04/Aug/2019:11:53:25 +0200] "GET /robots.txt HTTP/1.1" 404 1181 "-" "Mozilla/5.0 (compatible; bingbot/2.0; +http://www.bing.com/bingbot.htm)"
40.77.167.198 - - [04/Aug/2019:11:53:31 +0200] "GET /new/content/indul%C3%B3-projekt-magyar-nonprofit-szektor-t%C3%A1mogat%C3%A1s%C3%A1ra HTTP/1.1" 200 9627 "-" "Mozilla/5.0 (compatible; bingbot/2.0; +http://www.bing.com/bingbot.htm)"
46.229.168.142 - - [04/Aug/2019:11:54:37 +0200] "GET /robots.txt HTTP/1.1" 404 1181 "-" "Mozilla/5.0 (compatible; SemrushBot/3~bl; +http://www.semrush.com/bot.html)"
46.229.168.133 - - [04/Aug/2019:11:54:39 +0200] "GET /new/publikaciok/2007 HTTP/1.1" 200 9425 "-" "Mozilla/5.0 (compatible; SemrushBot/3~bl; +http://www.semrush.com/bot.html)"
157.55.39.63 - - [04/Aug/2019:12:15:24 +0200] "GET /kutat/REVkutatas/2menedzsment/ HTTP/1.1" 200 146014 "-" "Mozilla/5.0 (compatible; bingbot/2.0; +http://www.bing.com/bingbot.htm)"
66.249.64.26 - - [04/Aug/2019:12:25:55 +0200] "GET /new/dossziek/2008 HTTP/1.1" 200 7801 "-" "Mozilla/5.0 (Linux; Android 6.0.1; Nexus 5X Build/MMB29P) AppleWebKit/537.36 (KHTML, like Gecko) Chrome/41.0.2272.96 Mobile Safari/537.36 (compatible; Googlebot/2.1; +http://www.google.com/bot.html)"
46.229.168.129 - - [04/Aug/2019:12:48:25 +0200] "GET /robots.txt HTTP/1.1" 404 1181 "-" "Mozilla/5.0 (compatible; SemrushBot/3~bl; +http://www.semrush.com/bot.html)"
46.229.168.130 - - [04/Aug/2019:12:48:27 +0200] "GET /new/publikaciok/2009 HTTP/1.1" 200 9028 "-" "Mozilla/5.0 (compatible; SemrushBot/3~bl; +http://www.semrush.com/bot.html)"
207.46.13.95 - - [04/Aug/2019:13:37:45 +0200] "GET /aktualis/2jogalkotas/index.html HTTP/1.1" 200 237725 "-" "Mozilla/5.0 (iPhone; CPU iPhone OS 7_0 like Mac OS X) AppleWebKit/537.51.1 (KHTML, like Gecko) Version/7.0 Mobile/11A465 Safari/9537.53 (compatible; bingbot/2.0; +http://www.bing.com/bingbot.htm)"
207.46.13.95 - - [04/Aug/2019:13:40:46 +0200] "GET /new/hirek/2010 HTTP/1.1" 200 16535 "-" "Mozilla/5.0 (compatible; bingbot/2.0; +http://www.bing.com/bingbot.htm)"
66.249.64.26 - - [04/Aug/2019:13:45:02 +0200] "GET /favicon.ico HTTP/1.1" 404 1181 "-" "Googlebot-Image/1.0"
157.55.39.58 - - [04/Aug/2019:14:22:37 +0200] "GET /aktualis/ajogisegitseg/index.html HTTP/1.1" 200 395762 "-" "Mozilla/5.0 (iPhone; CPU iPhone OS 7_0 like Mac OS X) AppleWebKit/537.51.1 (KHTML, like Gecko) Version/7.0 Mobile/11A465 Safari/9537.53 (compatible; bingbot/2.0; +http://www.bing.com/bingbot.htm)"
46.229.168.146 - - [04/Aug/2019:14:40:39 +0200] "GET /robots.txt HTTP/1.1" 404 1181 "-" "Mozilla/5.0 (compatible; SemrushBot/3~bl; +http://www.semrush.com/bot.html)"
46.229.168.135 - - [04/Aug/2019:14:40:39 +0200] "GET /konferenciak/07egszbbesz/07egszbpr/index.html HTTP/1.1" 200 13538 "-" "Mozilla/5.0 (compatible; SemrushBot/3~bl; +http://www.semrush.com/bot.html)"
180.76.15.140 - - [04/Aug/2019:14:50:39 +0200] "GET / HTTP/1.1" 200 1010 "-" "Mozilla/5.0 (compatible; Baiduspider/2.0; +http://www.baidu.com/search/spider.html)"
207.46.13.170 - - [04/Aug/2019:14:50:40 +0200] "GET /aktualis/105onk/index.html HTTP/1.1" 200 65506 "-" "Mozilla/5.0 (iPhone; CPU iPhone OS 7_0 like Mac OS X) AppleWebKit/537.51.1 (KHTML, like Gecko) Version/7.0 Mobile/11A465 Safari/9537.53 (compatible; bingbot/2.0; +http://www.bing.com/bingbot.htm)"
46.229.168.134 - - [04/Aug/2019:15:20:14 +0200] "GET /robots.txt HTTP/1.1" 404 1181 "-" "Mozilla/5.0 (compatible; SemrushBot/3~bl; +http://www.semrush.com/bot.html)"
46.229.168.131 - - [04/Aug/2019:15:20:17 +0200] "GET /new/dossiers HTTP/1.1" 200 8399 "-" "Mozilla/5.0 (compatible; SemrushBot/3~bl; +http://www.semrush.com/bot.html)"
207.46.13.170 - - [04/Aug/2019:15:24:33 +0200] "GET /new/magunkrol/tagjaink?page=1 HTTP/1.1" 200 16506 "-" "Mozilla/5.0 (compatible; bingbot/2.0; +http://www.bing.com/bingbot.htm)"
77.75.77.119 - - [04/Aug/2019:15:25:38 +0200] "GET /robots.txt HTTP/1.1" 404 1181 "-" "Mozilla/5.0 (compatible; SeznamBot/3.2; +http://napoveda.seznam.cz/en/seznambot-intro/)"
77.75.77.119 - - [04/Aug/2019:15:25:38 +0200] "GET /aktualis/ajogisegitseg/index.html HTTP/1.1" 200 395762 "-" "Mozilla/5.0 (compatible; SeznamBot/3.2; +http://napoveda.seznam.cz/en/seznambot-intro/)"
77.75.77.119 - - [04/Aug/2019:15:25:39 +0200] "GET /robots.txt HTTP/1.1" 404 1181 "-" "Mozilla/5.0 (compatible; SeznamBot/3.2; +http://napoveda.seznam.cz/en/seznambot-intro/)"
77.75.77.119 - - [04/Aug/2019:15:25:39 +0200] "GET /molnar.dbk.pdf HTTP/1.1" 304 - "-" "Mozilla/5.0 (compatible; SeznamBot/3.2; +http://napoveda.seznam.cz/en/seznambot-intro/)"
46.229.168.137 - - [04/Aug/2019:15:27:59 +0200] "GET /new/hirek/nosza-egyes%C3%BClet-%C3%A9s-f%C3%BCggetlen-m%C3%A9diak%C3%B6zpont-sikeres-p%C3%A1ly%C3%A1zatott-ny%C3%BAjtott-be-norv%C3%A9g-civil-t%C3%A1mogat HTTP/1.1" 200 9379 "-" "Mozilla/5.0 (compatible; SemrushBot/6~bl; +http://www.semrush.com/bot.html)"
207.46.13.170 - - [04/Aug/2019:15:53:05 +0200] "GET /kutat/REVkutatas/ HTTP/1.1" 200 13447 "-" "Mozilla/5.0 (compatible; bingbot/2.0; +http://www.bing.com/bingbot.htm)"
40.77.167.89 - - [04/Aug/2019:16:56:06 +0200] "GET /3kutat/REVkutatas/4projektek/index.html HTTP/1.1" 200 69101 "-" "Mozilla/5.0 (compatible; bingbot/2.0; +http://www.bing.com/bingbot.htm)"
207.46.13.95 - - [04/Aug/2019:17:01:40 +0200] "GET /kutat/REVkutatas/5PR/ HTTP/1.1" 200 49876 "-" "Mozilla/5.0 (compatible; bingbot/2.0; +http://www.bing.com/bingbot.htm)"
46.229.168.163 - - [04/Aug/2019:17:10:10 +0200] "GET /robots.txt HTTP/1.1" 404 1181 "-" "Mozilla/5.0 (compatible; SemrushBot/3~bl; +http://www.semrush.com/bot.html)"
46.229.168.133 - - [04/Aug/2019:17:10:12 +0200] "GET /new/projektek/civil-%C3%BAjs%C3%A1g%C3%ADr%C3%A1ssal-az-%C3%B6nkorm%C3%A1nzatok-%C3%A1tl%C3%A1that%C3%B3s%C3%A1g%C3%A1%C3%A9rt HTTP/1.1" 200 10585 "-" "Mozilla/5.0 (compatible; SemrushBot/3~bl; +http://www.semrush.com/bot.html)"
77.75.77.17 - - [04/Aug/2019:17:49:11 +0200] "GET /robots.txt HTTP/1.1" 404 1181 "-" "Mozilla/5.0 (compatible; SeznamBot/3.2; +http://napoveda.seznam.cz/en/seznambot-intro/)"
77.75.77.17 - - [04/Aug/2019:17:49:14 +0200] "GET /new/en/news/major-legal-developments-affecting-csos-2017-0 HTTP/1.1" 200 8277 "-" "Mozilla/5.0 (compatible; SeznamBot/3.2; +http://napoveda.seznam.cz/en/seznambot-intro/)"
77.75.77.17 - - [04/Aug/2019:17:49:19 +0200] "GET /kutat/NOSZA2002/index.html HTTP/1.1" 404 1181 "-" "Mozilla/5.0 (compatible; SeznamBot/3.2; +http://napoveda.seznam.cz/en/seznambot-intro/)"
77.75.77.17 - - [04/Aug/2019:17:49:19 +0200] "GET /halozatok/index.html HTTP/1.1" 304 - "-" "Mozilla/5.0 (compatible; SeznamBot/3.2; +http://napoveda.seznam.cz/en/seznambot-intro/)"
40.77.167.89 - - [04/Aug/2019:18:09:15 +0200] "GET /halozatok/JMCS/memo/01/index.html HTTP/1.1" 200 17697 "-" "Mozilla/5.0 (compatible; bingbot/2.0; +http://www.bing.com/bingbot.htm)"
207.46.13.95 - - [04/Aug/2019:18:19:29 +0200] "GET /new/dossziek/publikaciok HTTP/1.1" 200 8139 "-" "Mozilla/5.0 (compatible; bingbot/2.0; +http://www.bing.com/bingbot.htm)"
66.249.64.26 - - [04/Aug/2019:18:24:06 +0200] "GET /new/sites/default/files/slovakian%20final.pdf HTTP/1.1" 200 510961 "-" "Mozilla/5.0 (Linux; Android 6.0.1; Nexus 5X Build/MMB29P) AppleWebKit/537.36 (KHTML, like Gecko) Chrome/41.0.2272.96 Mobile Safari/537.36 (compatible; Googlebot/2.1; +http://www.google.com/bot.html)"
46.229.168.129 - - [04/Aug/2019:18:39:03 +0200] "GET /robots.txt HTTP/1.1" 404 1181 "-" "Mozilla/5.0 (compatible; SemrushBot/3~bl; +http://www.semrush.com/bot.html)"
46.229.168.134 - - [04/Aug/2019:18:39:05 +0200] "GET /new/hirek/hirek HTTP/1.1" 200 16587 "-" "Mozilla/5.0 (compatible; SemrushBot/3~bl; +http://www.semrush.com/bot.html)"
46.229.168.129 - - [04/Aug/2019:18:59:53 +0200] "GET /robots.txt HTTP/1.1" 404 1181 "-" "Mozilla/5.0 (compatible; SemrushBot/3~bl; +http://www.semrush.com/bot.html)"
46.229.168.147 - - [04/Aug/2019:18:59:57 +0200] "GET /konferenciak/07egszbbesz/index.html HTTP/1.1" 200 21734 "-" "Mozilla/5.0 (compatible; SemrushBot/3~bl; +http://www.semrush.com/bot.html)"
66.249.64.28 - - [04/Aug/2019:19:02:32 +0200] "GET /kutat/REVkutatas/1gazdasag/ HTTP/1.1" 200 89032 "-" "Mozilla/5.0 (Linux; Android 6.0.1; Nexus 5X Build/MMB29P) AppleWebKit/537.36 (KHTML, like Gecko) Chrome/41.0.2272.96 Mobile Safari/537.36 (compatible; Googlebot/2.1; +http://www.google.com/bot.html)"
66.249.64.27 - - [04/Aug/2019:19:16:31 +0200] "GET /new/content/major-legal-developments-affecting-csos-2017 HTTP/1.1" 200 7844 "-" "Mozilla/5.0 (Linux; Android 6.0.1; Nexus 5X Build/MMB29P) AppleWebKit/537.36 (KHTML, like Gecko) Chrome/41.0.2272.96 Mobile Safari/537.36 (compatible; Googlebot/2.1; +http://www.google.com/bot.html)"
40.77.167.67 - - [04/Aug/2019:19:48:20 +0200] "GET / HTTP/1.1" 200 1010 "-" "Mozilla/5.0 (compatible; bingbot/2.0; +http://www.bing.com/bingbot.htm)"
66.249.64.26 - - [04/Aug/2019:19:55:27 +0200] "GET /new/hirek/dossziek?page=1 HTTP/1.1" 200 13487 "-" "Mozilla/5.0 (Linux; Android 6.0.1; Nexus 5X Build/MMB29P) AppleWebKit/537.36 (KHTML, like Gecko) Chrome/41.0.2272.96 Mobile Safari/537.36 (compatible; Googlebot/2.1; +http://www.google.com/bot.html)"
66.249.64.26 - - [04/Aug/2019:20:05:27 +0200] "GET /new/magunkrol HTTP/1.1" 200 9531 "-" "Mozilla/5.0 (Linux; Android 6.0.1; Nexus 5X Build/MMB29P) AppleWebKit/537.36 (KHTML, like Gecko) Chrome/41.0.2272.96 Mobile Safari/537.36 (compatible; Googlebot/2.1; +http://www.google.com/bot.html)"
66.249.64.27 - - [04/Aug/2019:20:06:32 +0200] "GET /new/sites/default/files/andras_1_0.jpg HTTP/1.1" 200 62707 "-" "Googlebot-Image/1.0"
141.8.183.17 - - [04/Aug/2019:20:08:04 +0200] "GET /robots.txt HTTP/1.1" 404 1181 "-" "Mozilla/5.0 (compatible; YandexBot/3.0; +http://yandex.com/bots)"
141.8.183.17 - - [04/Aug/2019:20:08:09 +0200] "GET /new/en/about_us/links HTTP/1.1" 200 7851 "-" "Mozilla/5.0 (compatible; YandexBot/3.0; +http://yandex.com/bots)"
46.229.168.152 - - [04/Aug/2019:20:10:00 +0200] "GET /robots.txt HTTP/1.1" 404 1181 "-" "Mozilla/5.0 (compatible; SemrushBot/3~bl; +http://www.semrush.com/bot.html)"
46.229.168.152 - - [04/Aug/2019:20:10:02 +0200] "GET /new/en/publications/2008 HTTP/1.1" 200 7768 "-" "Mozilla/5.0 (compatible; SemrushBot/3~bl; +http://www.semrush.com/bot.html)"
66.249.64.27 - - [04/Aug/2019:20:12:25 +0200] "GET / HTTP/1.1" 200 1010 "-" "Mozilla/5.0 (Linux; Android 6.0.1; Nexus 5X Build/MMB29P) AppleWebKit/537.36 (KHTML, like Gecko) Chrome/41.0.2272.96 Mobile Safari/537.36 (compatible; Googlebot/2.1; +http://www.google.com/bot.html)"
31.46.136.54 - - [04/Aug/2019:20:18:09 +0200] "GET /new/sites/default/files/brigi.jpg HTTP/1.1" 200 48509 "https://www.google.hu/" "Mozilla/5.0 (Windows NT 10.0; Win64; x64) AppleWebKit/537.36 (KHTML, like Gecko) Chrome/64.0.3282.140 Safari/537.36 Edge/17.17134"
31.46.136.54 - - [04/Aug/2019:20:18:15 +0200] "GET /new/magunkrol/tagjaink HTTP/1.1" 200 16528 "https://www.google.hu/" "Mozilla/5.0 (Windows NT 10.0; Win64; x64) AppleWebKit/537.36 (KHTML, like Gecko) Chrome/64.0.3282.140 Safari/537.36 Edge/17.17134"
31.46.136.54 - - [04/Aug/2019:20:18:15 +0200] "GET /new/modules/user/user.css?l HTTP/1.1" 200 1127 "http://www.nosza.hu/new/magunkrol/tagjaink" "Mozilla/5.0 (Windows NT 10.0; Win64; x64) AppleWebKit/537.36 (KHTML, like Gecko) Chrome/64.0.3282.140 Safari/537.36 Edge/17.17134"
31.46.136.54 - - [04/Aug/2019:20:18:15 +0200] "GET /new/modules/node/node.css?l HTTP/1.1" 200 740 "http://www.nosza.hu/new/magunkrol/tagjaink" "Mozilla/5.0 (Windows NT 10.0; Win64; x64) AppleWebKit/537.36 (KHTML, like Gecko) Chrome/64.0.3282.140 Safari/537.36 Edge/17.17134"
31.46.136.54 - - [04/Aug/2019:20:18:15 +0200] "GET /new/modules/filefield/filefield.css?l HTTP/1.1" 200 1986 "http://www.nosza.hu/new/magunkrol/tagjaink" "Mozilla/5.0 (Windows NT 10.0; Win64; x64) AppleWebKit/537.36 (KHTML, like Gecko) Chrome/64.0.3282.140 Safari/537.36 Edge/17.17134"
31.46.136.54 - - [04/Aug/2019:20:18:15 +0200] "GET /new/modules/system/system-menus.css?l HTTP/1.1" 200 935 "http://www.nosza.hu/new/magunkrol/tagjaink" "Mozilla/5.0 (Windows NT 10.0; Win64; x64) AppleWebKit/537.36 (KHTML, like Gecko) Chrome/64.0.3282.140 Safari/537.36 Edge/17.17134"
31.46.136.54 - - [04/Aug/2019:20:18:15 +0200] "GET /new/modules/system/system.css?l HTTP/1.1" 200 10020 "http://www.nosza.hu/new/magunkrol/tagjaink" "Mozilla/5.0 (Windows NT 10.0; Win64; x64) AppleWebKit/537.36 (KHTML, like Gecko) Chrome/64.0.3282.140 Safari/537.36 Edge/17.17134"
31.46.136.54 - - [04/Aug/2019:20:18:15 +0200] "GET /new/modules/system/defaults.css?l HTTP/1.1" 200 757 "http://www.nosza.hu/new/magunkrol/tagjaink" "Mozilla/5.0 (Windows NT 10.0; Win64; x64) AppleWebKit/537.36 (KHTML, like Gecko) Chrome/64.0.3282.140 Safari/537.36 Edge/17.17134"
31.46.136.54 - - [04/Aug/2019:20:18:15 +0200] "GET /new/sites/default/themes/nosza/print.css?l HTTP/1.1" 200 1247 "http://www.nosza.hu/new/magunkrol/tagjaink" "Mozilla/5.0 (Windows NT 10.0; Win64; x64) AppleWebKit/537.36 (KHTML, like Gecko) Chrome/64.0.3282.140 Safari/537.36 Edge/17.17134"
31.46.136.54 - - [04/Aug/2019:20:18:15 +0200] "GET /new/sites/all/modules/cck/theme/content-module.css?l HTTP/1.1" 200 2397 "http://www.nosza.hu/new/magunkrol/tagjaink" "Mozilla/5.0 (Windows NT 10.0; Win64; x64) AppleWebKit/537.36 (KHTML, like Gecko) Chrome/64.0.3282.140 Safari/537.36 Edge/17.17134"
31.46.136.54 - - [04/Aug/2019:20:18:15 +0200] "GET /new/sites/default/themes/nosza/css/menu_style.css HTTP/1.1" 200 4749 "http://www.nosza.hu/new/magunkrol/tagjaink" "Mozilla/5.0 (Windows NT 10.0; Win64; x64) AppleWebKit/537.36 (KHTML, like Gecko) Chrome/64.0.3282.140 Safari/537.36 Edge/17.17134"
31.46.136.54 - - [04/Aug/2019:20:18:15 +0200] "GET /new/sites/default/themes/nosza/css/nosza.css?l HTTP/1.1" 200 10555 "http://www.nosza.hu/new/magunkrol/tagjaink" "Mozilla/5.0 (Windows NT 10.0; Win64; x64) AppleWebKit/537.36 (KHTML, like Gecko) Chrome/64.0.3282.140 Safari/537.36 Edge/17.17134"
31.46.136.54 - - [04/Aug/2019:20:18:15 +0200] "GET /new/sites/all/modules/cck/modules/fieldgroup/fieldgroup.css?l HTTP/1.1" 200 166 "http://www.nosza.hu/new/magunkrol/tagjaink" "Mozilla/5.0 (Windows NT 10.0; Win64; x64) AppleWebKit/537.36 (KHTML, like Gecko) Chrome/64.0.3282.140 Safari/537.36 Edge/17.17134"
31.46.136.54 - - [04/Aug/2019:20:18:15 +0200] "GET /new/sites/default/themes/nosza/images/logoMagunkrol.jpg HTTP/1.1" 200 4934 "http://www.nosza.hu/new/magunkrol/tagjaink" "Mozilla/5.0 (Windows NT 10.0; Win64; x64) AppleWebKit/537.36 (KHTML, like Gecko) Chrome/64.0.3282.140 Safari/537.36 Edge/17.17134"
31.46.136.54 - - [04/Aug/2019:20:18:15 +0200] "GET /new/sites/default/files/biroendre.jpg HTTP/1.1" 200 2336 "http://www.nosza.hu/new/magunkrol/tagjaink" "Mozilla/5.0 (Windows NT 10.0; Win64; x64) AppleWebKit/537.36 (KHTML, like Gecko) Chrome/64.0.3282.140 Safari/537.36 Edge/17.17134"
31.46.136.54 - - [04/Aug/2019:20:18:15 +0200] "GET /new/sites/default/files/fulop.jpg HTTP/1.1" 200 2514 "http://www.nosza.hu/new/magunkrol/tagjaink" "Mozilla/5.0 (Windows NT 10.0; Win64; x64) AppleWebKit/537.36 (KHTML, like Gecko) Chrome/64.0.3282.140 Safari/537.36 Edge/17.17134"
31.46.136.54 - - [04/Aug/2019:20:18:15 +0200] "GET /new/sites/default/themes/nosza/images/publikaciokSide.jpg HTTP/1.1" 200 7497 "http://www.nosza.hu/new/magunkrol/tagjaink" "Mozilla/5.0 (Windows NT 10.0; Win64; x64) AppleWebKit/537.36 (KHTML, like Gecko) Chrome/64.0.3282.140 Safari/537.36 Edge/17.17134"
31.46.136.54 - - [04/Aug/2019:20:18:15 +0200] "GET /new/sites/default/themes/nosza/scripts/search.js HTTP/1.1" 200 466 "http://www.nosza.hu/new/magunkrol/tagjaink" "Mozilla/5.0 (Windows NT 10.0; Win64; x64) AppleWebKit/537.36 (KHTML, like Gecko) Chrome/64.0.3282.140 Safari/537.36 Edge/17.17134"
31.46.136.54 - - [04/Aug/2019:20:18:15 +0200] "GET /new/sites/default/themes/nosza/images/dosszieSide.jpg HTTP/1.1" 200 7764 "http://www.nosza.hu/new/magunkrol/tagjaink" "Mozilla/5.0 (Windows NT 10.0; Win64; x64) AppleWebKit/537.36 (KHTML, like Gecko) Chrome/64.0.3282.140 Safari/537.36 Edge/17.17134"
31.46.136.54 - - [04/Aug/2019:20:18:15 +0200] "GET /new/sites/default/files/nilda_bullain.jpg HTTP/1.1" 200 2700 "http://www.nosza.hu/new/magunkrol/tagjaink" "Mozilla/5.0 (Windows NT 10.0; Win64; x64) AppleWebKit/537.36 (KHTML, like Gecko) Chrome/64.0.3282.140 Safari/537.36 Edge/17.17134"
31.46.136.54 - - [04/Aug/2019:20:18:15 +0200] "GET /new/sites/default/files/gargya_marietta.jpg HTTP/1.1" 200 2900 "http://www.nosza.hu/new/magunkrol/tagjaink" "Mozilla/5.0 (Windows NT 10.0; Win64; x64) AppleWebKit/537.36 (KHTML, like Gecko) Chrome/64.0.3282.140 Safari/537.36 Edge/17.17134"
31.46.136.54 - - [04/Aug/2019:20:18:15 +0200] "GET /new/sites/default/files/kisscsaba.jpg HTTP/1.1" 200 2409 "http://www.nosza.hu/new/magunkrol/tagjaink" "Mozilla/5.0 (Windows NT 10.0; Win64; x64) AppleWebKit/537.36 (KHTML, like Gecko) Chrome/64.0.3282.140 Safari/537.36 Edge/17.17134"
31.46.136.54 - - [04/Aug/2019:20:18:15 +0200] "GET /new/sites/default/themes/nosza/images/aktualisSide.jpg HTTP/1.1" 200 8821 "http://www.nosza.hu/new/magunkrol/tagjaink" "Mozilla/5.0 (Windows NT 10.0; Win64; x64) AppleWebKit/537.36 (KHTML, like Gecko) Chrome/64.0.3282.140 Safari/537.36 Edge/17.17134"
31.46.136.54 - - [04/Aug/2019:20:18:15 +0200] "GET /new/sites/default/files/nizak_peter.jpg HTTP/1.1" 200 2525 "http://www.nosza.hu/new/magunkrol/tagjaink" "Mozilla/5.0 (Windows NT 10.0; Win64; x64) AppleWebKit/537.36 (KHTML, like Gecko) Chrome/64.0.3282.140 Safari/537.36 Edge/17.17134"
31.46.136.54 - - [04/Aug/2019:20:18:15 +0200] "GET /new/sites/default/files/markus.jpg HTTP/1.1" 200 2866 "http://www.nosza.hu/new/magunkrol/tagjaink" "Mozilla/5.0 (Windows NT 10.0; Win64; x64) AppleWebKit/537.36 (KHTML, like Gecko) Chrome/64.0.3282.140 Safari/537.36 Edge/17.17134"
31.46.136.54 - - [04/Aug/2019:20:18:15 +0200] "GET /new/sites/default/files/sebestyen.jpg HTTP/1.1" 200 2222 "http://www.nosza.hu/new/magunkrol/tagjaink" "Mozilla/5.0 (Windows NT 10.0; Win64; x64) AppleWebKit/537.36 (KHTML, like Gecko) Chrome/64.0.3282.140 Safari/537.36 Edge/17.17134"
31.46.136.54 - - [04/Aug/2019:20:18:15 +0200] "GET /new/sites/default/files/scsaurszki.jpg HTTP/1.1" 200 2600 "http://www.nosza.hu/new/magunkrol/tagjaink" "Mozilla/5.0 (Windows NT 10.0; Win64; x64) AppleWebKit/537.36 (KHTML, like Gecko) Chrome/64.0.3282.140 Safari/537.36 Edge/17.17134"
31.46.136.54 - - [04/Aug/2019:20:18:15 +0200] "GET /new/sites/default/themes/nosza/images/headerBgMagunkrol.jpg HTTP/1.1" 200 22932 "http://www.nosza.hu/new/magunkrol/tagjaink" "Mozilla/5.0 (Windows NT 10.0; Win64; x64) AppleWebKit/537.36 (KHTML, like Gecko) Chrome/64.0.3282.140 Safari/537.36 Edge/17.17134"
31.46.136.54 - - [04/Aug/2019:20:18:15 +0200] "GET /new/sites/default/themes/nosza/images/searchBg.png HTTP/1.1" 200 1443 "http://www.nosza.hu/new/magunkrol/tagjaink" "Mozilla/5.0 (Windows NT 10.0; Win64; x64) AppleWebKit/537.36 (KHTML, like Gecko) Chrome/64.0.3282.140 Safari/537.36 Edge/17.17134"
31.46.136.54 - - [04/Aug/2019:20:18:15 +0200] "GET /new/sites/default/themes/nosza/images/rrs.jpg HTTP/1.1" 200 829 "http://www.nosza.hu/new/magunkrol/tagjaink" "Mozilla/5.0 (Windows NT 10.0; Win64; x64) AppleWebKit/537.36 (KHTML, like Gecko) Chrome/64.0.3282.140 Safari/537.36 Edge/17.17134"
31.46.136.54 - - [04/Aug/2019:20:18:15 +0200] "GET /new/sites/default/themes/nosza/images/feelingBgMagunkrol.jpg HTTP/1.1" 200 42475 "http://www.nosza.hu/new/magunkrol/tagjaink" "Mozilla/5.0 (Windows NT 10.0; Win64; x64) AppleWebKit/537.36 (KHTML, like Gecko) Chrome/64.0.3282.140 Safari/537.36 Edge/17.17134"
31.46.136.54 - - [04/Aug/2019:20:18:15 +0200] "GET /new/sites/default/themes/nosza/images/magyarBgOver.png HTTP/1.1" 200 893 "http://www.nosza.hu/new/magunkrol/tagjaink" "Mozilla/5.0 (Windows NT 10.0; Win64; x64) AppleWebKit/537.36 (KHTML, like Gecko) Chrome/64.0.3282.140 Safari/537.36 Edge/17.17134"
31.46.136.54 - - [04/Aug/2019:20:18:15 +0200] "GET /new/sites/default/themes/nosza/images/egyIcon.jpg HTTP/1.1" 200 860 "http://www.nosza.hu/new/magunkrol/tagjaink" "Mozilla/5.0 (Windows NT 10.0; Win64; x64) AppleWebKit/537.36 (KHTML, like Gecko) Chrome/64.0.3282.140 Safari/537.36 Edge/17.17134"
31.46.136.54 - - [04/Aug/2019:20:18:15 +0200] "GET /new/sites/default/themes/nosza/images/otIcon.jpg HTTP/1.1" 200 689 "http://www.nosza.hu/new/magunkrol/tagjaink" "Mozilla/5.0 (Windows NT 10.0; Win64; x64) AppleWebKit/537.36 (KHTML, like Gecko) Chrome/64.0.3282.140 Safari/537.36 Edge/17.17134"
31.46.136.54 - - [04/Aug/2019:20:18:15 +0200] "GET /new/sites/default/themes/nosza/images/hatIcon.jpg HTTP/1.1" 200 838 "http://www.nosza.hu/new/magunkrol/tagjaink" "Mozilla/5.0 (Windows NT 10.0; Win64; x64) AppleWebKit/537.36 (KHTML, like Gecko) Chrome/64.0.3282.140 Safari/537.36 Edge/17.17134"
31.46.136.54 - - [04/Aug/2019:20:18:15 +0200] "GET /favicon.ico HTTP/1.1" 404 1181 "-" "Mozilla/5.0 (Windows NT 10.0; Win64; x64) AppleWebKit/537.36 (KHTML, like Gecko) Chrome/64.0.3282.140 Safari/537.36 Edge/17.17134"
31.46.136.54 - - [04/Aug/2019:20:18:15 +0200] "GET /new/sites/default/themes/nosza/images/subnavBg.jpg HTTP/1.1" 200 439 "http://www.nosza.hu/new/magunkrol/tagjaink" "Mozilla/5.0 (Windows NT 10.0; Win64; x64) AppleWebKit/537.36 (KHTML, like Gecko) Chrome/64.0.3282.140 Safari/537.36 Edge/17.17134"
31.46.136.54 - - [04/Aug/2019:20:18:15 +0200] "GET /new/sites/default/themes/nosza/images/negyIcon.jpg HTTP/1.1" 200 908 "http://www.nosza.hu/new/magunkrol/tagjaink" "Mozilla/5.0 (Windows NT 10.0; Win64; x64) AppleWebKit/537.36 (KHTML, like Gecko) Chrome/64.0.3282.140 Safari/537.36 Edge/17.17134"
31.46.136.54 - - [04/Aug/2019:20:18:15 +0200] "GET /new/sites/default/themes/nosza/images/kettoIcon.jpg HTTP/1.1" 200 1039 "http://www.nosza.hu/new/magunkrol/tagjaink" "Mozilla/5.0 (Windows NT 10.0; Win64; x64) AppleWebKit/537.36 (KHTML, like Gecko) Chrome/64.0.3282.140 Safari/537.36 Edge/17.17134"
31.46.136.54 - - [04/Aug/2019:20:18:15 +0200] "GET /new/sites/default/themes/nosza/images/haromIcon.jpg HTTP/1.1" 200 764 "http://www.nosza.hu/new/magunkrol/tagjaink" "Mozilla/5.0 (Windows NT 10.0; Win64; x64) AppleWebKit/537.36 (KHTML, like Gecko) Chrome/64.0.3282.140 Safari/537.36 Edge/17.17134"
31.46.136.54 - - [04/Aug/2019:20:18:15 +0200] "GET /new/sites/default/themes/nosza/images/englishBgInactive.png HTTP/1.1" 200 823 "http://www.nosza.hu/new/magunkrol/tagjaink" "Mozilla/5.0 (Windows NT 10.0; Win64; x64) AppleWebKit/537.36 (KHTML, like Gecko) Chrome/64.0.3282.140 Safari/537.36 Edge/17.17134"
31.46.136.54 - - [04/Aug/2019:20:18:15 +0200] "GET /new/sites/default/themes/nosza/images/subnavOver.jpg HTTP/1.1" 200 704 "http://www.nosza.hu/new/magunkrol/tagjaink" "Mozilla/5.0 (Windows NT 10.0; Win64; x64) AppleWebKit/537.36 (KHTML, like Gecko) Chrome/64.0.3282.140 Safari/537.36 Edge/17.17134"
31.46.136.54 - - [04/Aug/2019:20:18:15 +0200] "GET /new/sites/default/themes/nosza/images/magyarBgInactive.png HTTP/1.1" 200 686 "http://www.nosza.hu/new/magunkrol/tagjaink" "Mozilla/5.0 (Windows NT 10.0; Win64; x64) AppleWebKit/537.36 (KHTML, like Gecko) Chrome/64.0.3282.140 Safari/537.36 Edge/17.17134"
31.46.136.54 - - [04/Aug/2019:20:18:15 +0200] "GET /new/sites/default/themes/nosza/images/breadNyil.jpg HTTP/1.1" 200 312 "http://www.nosza.hu/new/magunkrol/tagjaink" "Mozilla/5.0 (Windows NT 10.0; Win64; x64) AppleWebKit/537.36 (KHTML, like Gecko) Chrome/64.0.3282.140 Safari/537.36 Edge/17.17134"
31.46.136.54 - - [04/Aug/2019:20:18:15 +0200] "GET /new/sites/default/themes/nosza/images/footerBg.jpg HTTP/1.1" 200 1097 "http://www.nosza.hu/new/magunkrol/tagjaink" "Mozilla/5.0 (Windows NT 10.0; Win64; x64) AppleWebKit/537.36 (KHTML, like Gecko) Chrome/64.0.3282.140 Safari/537.36 Edge/17.17134"
31.46.136.54 - - [04/Aug/2019:20:18:18 +0200] "GET /new/sites/default/themes/nosza/images/haromOver.jpg HTTP/1.1" 200 678 "http://www.nosza.hu/new/magunkrol/tagjaink" "Mozilla/5.0 (Windows NT 10.0; Win64; x64) AppleWebKit/537.36 (KHTML, like Gecko) Chrome/64.0.3282.140 Safari/537.36 Edge/17.17134"
31.46.136.54 - - [04/Aug/2019:20:18:18 +0200] "GET /new/sites/default/themes/nosza/images/submenuBg.png HTTP/1.1" 200 875 "http://www.nosza.hu/new/magunkrol/tagjaink" "Mozilla/5.0 (Windows NT 10.0; Win64; x64) AppleWebKit/537.36 (KHTML, like Gecko) Chrome/64.0.3282.140 Safari/537.36 Edge/17.17134"
54.165.90.203 - - [04/Aug/2019:20:31:32 +0200] "GET /robots.txt HTTP/1.0" 404 1181 "-" "ia_archiver"
54.165.90.203 - - [04/Aug/2019:20:31:32 +0200] "GET /new HTTP/1.0" 301 297 "-" "ia_archiver"
54.165.90.203 - - [04/Aug/2019:20:31:34 +0200] "GET /new/ HTTP/1.0" 200 10087 "-" "ia_archiver"
46.229.168.154 - - [04/Aug/2019:20:37:11 +0200] "GET /konferenciak/07egszbbesz/index.html HTTP/1.1" 200 21734 "-" "Mozilla/5.0 (compatible; SemrushBot/3~bl; +http://www.semrush.com/bot.html)"
40.77.188.156 - - [04/Aug/2019:21:05:30 +0200] "GET /galateia.css HTTP/1.1" 200 1717 "http://www.nosza.hu/aktualis/ajogisegitseg/index.html" "Mozilla/5.0 (Windows NT 6.1; WOW64) AppleWebKit/534+ (KHTML, like Gecko) BingPreview/1.0b"
207.46.13.95 - - [04/Aug/2019:21:15:59 +0200] "GET /kutat/REVkutatas/5PR/ HTTP/1.1" 200 49876 "-" "Mozilla/5.0 (compatible; bingbot/2.0; +http://www.bing.com/bingbot.htm)"
157.55.39.77 - - [04/Aug/2019:21:39:31 +0200] "GET /3kutat/REVkutatas/1gazdasag/index.html HTTP/1.1" 200 89168 "-" "Mozilla/5.0 (compatible; bingbot/2.0; +http://www.bing.com/bingbot.htm)"
40.77.167.67 - - [04/Aug/2019:21:39:37 +0200] "GET /robots.txt HTTP/1.1" 404 1181 "-" "Mozilla/5.0 (compatible; bingbot/2.0; +http://www.bing.com/bingbot.htm)"
66.249.64.28 - - [04/Aug/2019:21:39:49 +0200] "GET /new/dossziek/szolg%C3%A1ltat%C3%B3-civilek HTTP/1.1" 200 9120 "-" "Mozilla/5.0 (Linux; Android 6.0.1; Nexus 5X Build/MMB29P) AppleWebKit/537.36 (KHTML, like Gecko) Chrome/41.0.2272.96 Mobile Safari/537.36 (compatible; Googlebot/2.1; +http://www.google.com/bot.html)"
40.77.167.67 - - [04/Aug/2019:21:40:58 +0200] "GET /3kutat/REVkutatas/2menedzsment/index.html HTTP/1.1" 200 146149 "-" "Mozilla/5.0 (compatible; bingbot/2.0; +http://www.bing.com/bingbot.htm)"
207.46.13.95 - - [04/Aug/2019:21:57:32 +0200] "GET /halozatok/kerekasztal/memo1/ HTTP/1.1" 200 26344 "-" "Mozilla/5.0 (compatible; bingbot/2.0; +http://www.bing.com/bingbot.htm)"
40.77.167.137 - - [04/Aug/2019:21:57:46 +0200] "GET /kutat/REVkutatas/2menedzsment/ HTTP/1.1" 200 146014 "-" "Mozilla/5.0 (compatible; bingbot/2.0; +http://www.bing.com/bingbot.htm)"
46.229.168.150 - - [04/Aug/2019:22:06:02 +0200] "GET /robots.txt HTTP/1.1" 404 1181 "-" "Mozilla/5.0 (compatible; SemrushBot/3~bl; +http://www.semrush.com/bot.html)"
46.229.168.142 - - [04/Aug/2019:22:06:03 +0200] "GET /aktualis/index.html HTTP/1.1" 200 63144 "-" "Mozilla/5.0 (compatible; SemrushBot/3~bl; +http://www.semrush.com/bot.html)"
46.229.168.139 - - [04/Aug/2019:22:16:05 +0200] "GET /robots.txt HTTP/1.1" 404 1181 "-" "Mozilla/5.0 (compatible; SemrushBot/3~bl; +http://www.semrush.com/bot.html)"
46.229.168.150 - - [04/Aug/2019:22:16:06 +0200] "GET /aktualis/2jogalkotas/index.html HTTP/1.1" 200 237725 "-" "Mozilla/5.0 (compatible; SemrushBot/3~bl; +http://www.semrush.com/bot.html)"
46.229.168.133 - - [04/Aug/2019:22:19:44 +0200] "GET /aktualis/105onk/index.html HTTP/1.1" 200 65506 "-" "Mozilla/5.0 (compatible; SemrushBot/3~bl; +http://www.semrush.com/bot.html)"
40.77.167.158 - - [04/Aug/2019:22:26:43 +0200] "GET /kutat/REVkutatas/4projektek/ HTTP/1.1" 200 68956 "-" "Mozilla/5.0 (compatible; bingbot/2.0; +http://www.bing.com/bingbot.htm)"
46.229.168.149 - - [04/Aug/2019:23:00:08 +0200] "GET /robots.txt HTTP/1.1" 404 1181 "-" "Mozilla/5.0 (compatible; SemrushBot/3~bl; +http://www.semrush.com/bot.html)"
46.229.168.144 - - [04/Aug/2019:23:00:08 +0200] "GET /konferenciak/06egszb/index.html HTTP/1.1" 200 15880 "-" "Mozilla/5.0 (compatible; SemrushBot/3~bl; +http://www.semrush.com/bot.html)"
54.36.149.44 - - [04/Aug/2019:23:13:16 +0200] "GET /robots.txt HTTP/1.1" 404 1181 "-" "Mozilla/5.0 (compatible; AhrefsBot/6.1; +http://ahrefs.com/robot/)"
54.36.150.105 - - [04/Aug/2019:23:13:17 +0200] "GET /halozatok/kerekasztal/memo5/index.html HTTP/1.1" 200 11742 "-" "Mozilla/5.0 (compatible; AhrefsBot/6.1; +http://ahrefs.com/robot/)"
176.9.4.101 - - [04/Aug/2019:23:15:51 +0200] "GET /robots.txt HTTP/1.1" 404 1181 "-" "Mozilla/5.0 (compatible; BLEXBot/1.0; +http://webmeup-crawler.com/)"
176.9.4.101 - - [04/Aug/2019:23:15:52 +0200] "GET /kutat/index.html HTTP/1.1" 200 18756 "-" "Mozilla/5.0 (compatible; BLEXBot/1.0; +http://webmeup-crawler.com/)"
46.229.168.144 - - [04/Aug/2019:23:16:40 +0200] "GET /aktualis/NCAvh/index.html HTTP/1.1" 200 67842 "-" "Mozilla/5.0 (compatible; SemrushBot/3~bl; +http://www.semrush.com/bot.html)"
40.77.167.78 - - [04/Aug/2019:23:21:45 +0200] "GET /new/ HTTP/1.1" 200 10100 "-" "Mozilla/5.0 (compatible; bingbot/2.0; +http://www.bing.com/bingbot.htm)"
42.236.10.90 - - [04/Aug/2019:23:27:15 +0200] "GET /new/ HTTP/1.1" 200 10100 "http://www.nosza.hu/new/" "Mozilla/5.0 (Windows NT 6.1; WOW64) AppleWebKit/537.36 (KHTML, like Gecko) Chrome/50.4.2661.102 Safari/537.36; 360Spider"
66.249.64.26 - - [04/Aug/2019:23:31:39 +0200] "GET /robots.txt HTTP/1.1" 404 1181 "-" "Mozilla/5.0 (compatible; Googlebot/2.1; +http://www.google.com/bot.html)"
66.249.64.26 - - [04/Aug/2019:23:31:39 +0200] "GET /angol/followup/index.html HTTP/1.1" 200 9852 "-" "Mozilla/5.0 (Linux; Android 6.0.1; Nexus 5X Build/MMB29P) AppleWebKit/537.36 (KHTML, like Gecko) Chrome/41.0.2272.96 Mobile Safari/537.36 (compatible; Googlebot/2.1; +http://www.google.com/bot.html)"
180.76.15.161 - - [04/Aug/2019:23:32:36 +0200] "GET /kerekes.dbk.pdf HTTP/1.1" 200 143599 "-" "Mozilla/5.0 (compatible; Baiduspider/2.0; +http://www.baidu.com/search/spider.html)"
46.229.168.140 - - [04/Aug/2019:23:39:41 +0200] "GET /robots.txt HTTP/1.1" 404 1181 "-" "Mozilla/5.0 (compatible; SemrushBot/3~bl; +http://www.semrush.com/bot.html)"
46.229.168.152 - - [04/Aug/2019:23:39:43 +0200] "GET /new/node/92 HTTP/1.1" 200 7787 "-" "Mozilla/5.0 (compatible; SemrushBot/3~bl; +http://www.semrush.com/bot.html)"
46.229.168.162 - - [04/Aug/2019:23:47:23 +0200] "GET /robots.txt HTTP/1.1" 404 1181 "-" "Mozilla/5.0 (compatible; SemrushBot/3~bl; +http://www.semrush.com/bot.html)"
46.229.168.144 - - [04/Aug/2019:23:47:24 +0200] "GET /aktualis/1gyikNCA/szervezet/index.html HTTP/1.1" 200 23952 "-" "Mozilla/5.0 (compatible; SemrushBot/3~bl; +http://www.semrush.com/bot.html)"
66.249.64.26 - - [04/Aug/2019:23:56:08 +0200] "GET /new/projektek/Nyitott%20jogalkot%C3%A1s HTTP/1.1" 200 9584 "-" "Mozilla/5.0 (Linux; Android 6.0.1; Nexus 5X Build/MMB29P) AppleWebKit/537.36 (KHTML, like Gecko) Chrome/41.0.2272.96 Mobile Safari/537.36 (compatible; Googlebot/2.1; +http://www.google.com/bot.html)"
40.77.167.158 - - [05/Aug/2019:00:01:49 +0200] "GET /konferenciak/07egszbbesz/07egszbpr/index.html HTTP/1.1" 200 13538 "-" "Mozilla/5.0 (compatible; bingbot/2.0; +http://www.bing.com/bingbot.htm)"
46.229.168.131 - - [05/Aug/2019:00:09:26 +0200] "GET /halozatok/muhely/index.html HTTP/1.1" 200 12478 "-" "Mozilla/5.0 (compatible; SemrushBot/3~bl; +http://www.semrush.com/bot.html)"
46.229.168.139 - - [05/Aug/2019:00:10:33 +0200] "GET /new/publikaciok HTTP/1.1" 200 11634 "-" "Mozilla/5.0 (compatible; SemrushBot/3~bl; +http://www.semrush.com/bot.html)"
46.229.168.142 - - [05/Aug/2019:00:24:26 +0200] "GET /robots.txt HTTP/1.1" 404 1181 "-" "Mozilla/5.0 (compatible; SemrushBot/3~bl; +http://www.semrush.com/bot.html)"
46.229.168.154 - - [05/Aug/2019:00:24:27 +0200] "GET /new/en/news/training-materials-support-csos HTTP/1.1" 200 8120 "-" "Mozilla/5.0 (compatible; SemrushBot/3~bl; +http://www.semrush.com/bot.html)"
77.75.79.54 - - [05/Aug/2019:00:25:37 +0200] "GET /robots.txt HTTP/1.1" 404 1181 "-" "Mozilla/5.0 (compatible; SeznamBot/3.2; +http://napoveda.seznam.cz/en/seznambot-intro/)"
77.75.79.54 - - [05/Aug/2019:00:25:42 +0200] "GET /new/en/publications/civil-liberties-versus-radical-movements HTTP/1.1" 200 8605 "-" "Mozilla/5.0 (compatible; SeznamBot/3.2; +http://napoveda.seznam.cz/en/seznambot-intro/)"
77.75.79.54 - - [05/Aug/2019:00:25:53 +0200] "GET /new/en/projects/description-our-projects-hungarian HTTP/1.1" 200 7312 "-" "Mozilla/5.0 (compatible; SeznamBot/3.2; +http://napoveda.seznam.cz/en/seznambot-intro/)"
77.75.79.54 - - [05/Aug/2019:00:25:55 +0200] "GET /robots.txt HTTP/1.1" 404 1181 "-" "Mozilla/5.0 (compatible; SeznamBot/3.2; +http://napoveda.seznam.cz/en/seznambot-intro/)"
77.75.79.54 - - [05/Aug/2019:00:25:55 +0200] "GET /aktualis/NCAvh/index.html HTTP/1.1" 200 67842 "-" "Mozilla/5.0 (compatible; SeznamBot/3.2; +http://napoveda.seznam.cz/en/seznambot-intro/)"
40.77.167.158 - - [05/Aug/2019:00:26:25 +0200] "GET /new/sites/default/files/Hatranyos%20regio.pdf HTTP/1.1" 200 2109596 "-" "Mozilla/5.0 (compatible; bingbot/2.0; +http://www.bing.com/bingbot.htm)"
66.249.64.26 - - [05/Aug/2019:00:27:35 +0200] "GET /new/hirek/k%C3%A9rd%C5%91%C3%ADv-magyarorsz%C3%A1gi-non-profit-szervezetek-%C3%A1ltali-%C3%B6nk%C3%A9ntes-foglalkoztat%C3%A1sr%C3%B3l HTTP/1.1" 200 9456 "-" "Mozilla/5.0 (Linux; Android 6.0.1; Nexus 5X Build/MMB29P) AppleWebKit/537.36 (KHTML, like Gecko) Chrome/41.0.2272.96 Mobile Safari/537.36 (compatible; Googlebot/2.1; +http://www.google.com/bot.html)"
40.77.167.158 - - [05/Aug/2019:00:36:30 +0200] "GET /new/en/news/2014 HTTP/1.1" 200 15657 "-" "Mozilla/5.0 (compatible; bingbot/2.0; +http://www.bing.com/bingbot.htm)"
40.77.167.78 - - [05/Aug/2019:00:42:18 +0200] "GET /kutat/REVkutatas/5PR/index.html HTTP/1.1" 200 49876 "-" "Mozilla/5.0 (compatible; bingbot/2.0; +http://www.bing.com/bingbot.htm)"
66.249.64.26 - - [05/Aug/2019:00:45:04 +0200] "GET /new/content/szolg%C3%A1ltat%C3%B3-civilek HTTP/1.1" 200 8780 "-" "Mozilla/5.0 (Linux; Android 6.0.1; Nexus 5X Build/MMB29P) AppleWebKit/537.36 (KHTML, like Gecko) Chrome/41.0.2272.96 Mobile Safari/537.36 (compatible; Googlebot/2.1; +http://www.google.com/bot.html)"
66.249.64.27 - - [05/Aug/2019:00:45:06 +0200] "GET /new/sites/all/modules/cck/theme/content-module.css?l HTTP/1.1" 200 2397 "http://www.nosza.hu/new/content/szolg%C3%A1ltat%C3%B3-civilek" "Mozilla/5.0 (Linux; Android 6.0.1; Nexus 5X Build/MMB29P) AppleWebKit/537.36 (KHTML, like Gecko) Chrome/41.0.2272.96 Mobile Safari/537.36 (compatible; Googlebot/2.1; +http://www.google.com/bot.html)"
66.249.64.28 - - [05/Aug/2019:00:45:07 +0200] "GET /new/sites/all/modules/cck/modules/fieldgroup/fieldgroup.css?l HTTP/1.1" 200 166 "http://www.nosza.hu/new/content/szolg%C3%A1ltat%C3%B3-civilek" "Mozilla/5.0 (Linux; Android 6.0.1; Nexus 5X Build/MMB29P) AppleWebKit/537.36 (KHTML, like Gecko) Chrome/41.0.2272.96 Mobile Safari/537.36 (compatible; Googlebot/2.1; +http://www.google.com/bot.html)"
66.249.64.27 - - [05/Aug/2019:00:45:08 +0200] "GET /new/modules/system/defaults.css?l HTTP/1.1" 200 757 "http://www.nosza.hu/new/content/szolg%C3%A1ltat%C3%B3-civilek" "Mozilla/5.0 (Linux; Android 6.0.1; Nexus 5X Build/MMB29P) AppleWebKit/537.36 (KHTML, like Gecko) Chrome/41.0.2272.96 Mobile Safari/537.36 (compatible; Googlebot/2.1; +http://www.google.com/bot.html)"
66.249.64.27 - - [05/Aug/2019:00:52:03 +0200] "GET /new/publikaciok/2007 HTTP/1.1" 200 9425 "-" "Mozilla/5.0 (Linux; Android 6.0.1; Nexus 5X Build/MMB29P) AppleWebKit/537.36 (KHTML, like Gecko) Chrome/41.0.2272.96 Mobile Safari/537.36 (compatible; Googlebot/2.1; +http://www.google.com/bot.html)"
178.255.215.87 - - [05/Aug/2019:00:53:37 +0200] "GET /robots.txt HTTP/1.1" 404 1181 "-" "Mozilla/5.0 (compatible; Exabot/3.0; +http://www.exabot.com/go/robot)"
178.255.215.87 - - [05/Aug/2019:00:53:37 +0200] "GET / HTTP/1.1" 304 - "-" "Mozilla/5.0 (compatible; Exabot/3.0; +http://www.exabot.com/go/robot)"
66.249.64.26 - - [05/Aug/2019:00:55:33 +0200] "GET /new/projektek HTTP/1.1" 200 16526 "-" "Mozilla/5.0 (Linux; Android 6.0.1; Nexus 5X Build/MMB29P) AppleWebKit/537.36 (KHTML, like Gecko) Chrome/41.0.2272.96 Mobile Safari/537.36 (compatible; Googlebot/2.1; +http://www.google.com/bot.html)"
66.249.64.26 - - [05/Aug/2019:01:02:31 +0200] "GET /nizak-peterfi.dbk.pdf HTTP/1.1" 304 - "-" "Mozilla/5.0 (Linux; Android 6.0.1; Nexus 5X Build/MMB29P) AppleWebKit/537.36 (KHTML, like Gecko) Chrome/41.0.2272.96 Mobile Safari/537.36 (compatible; Googlebot/2.1; +http://www.google.com/bot.html)"
40.77.167.148 - - [05/Aug/2019:01:15:37 +0200] "GET /kutat/index.html HTTP/1.1" 200 18756 "-" "Mozilla/5.0 (compatible; bingbot/2.0; +http://www.bing.com/bingbot.htm)"
66.240.192.138 - - [05/Aug/2019:01:38:19 +0200] "GET / HTTP/1.1" 200 1010 "-" "Mozilla/5.0 (Windows NT 6.1) AppleWebKit/537.36 (KHTML, like Gecko) Chrome/41.0.2228.0 Safari/537.36"
46.229.168.146 - - [05/Aug/2019:01:43:05 +0200] "GET /robots.txt HTTP/1.1" 404 1181 "-" "Mozilla/5.0 (compatible; SemrushBot/3~bl; +http://www.semrush.com/bot.html)"
46.229.168.136 - - [05/Aug/2019:01:43:07 +0200] "GET /new/en/news/starting-project-support-hungarian-non-profit-sector HTTP/1.1" 200 8080 "-" "Mozilla/5.0 (compatible; SemrushBot/3~bl; +http://www.semrush.com/bot.html)"
66.249.64.28 - - [05/Aug/2019:01:47:59 +0200] "GET /new/projektek/2013-2014-elmaradott-t%C3%A9rs%C3%A9gek-civil-szervezeteinek-r%C3%A9szv%C3%A9telre-k%C3%A9pes%C3%ADt%C3%A9se HTTP/1.1" 200 11988 "-" "Mozilla/5.0 (Linux; Android 6.0.1; Nexus 5X Build/MMB29P) AppleWebKit/537.36 (KHTML, like Gecko) Chrome/41.0.2272.96 Mobile Safari/537.36 (compatible; Googlebot/2.1; +http://www.google.com/bot.html)"
45.86.246.167 - - [05/Aug/2019:02:03:49 +0200] "GET / HTTP/1.1" 200 1010 "-" "Go-http-client/1.1"
54.36.150.147 - - [05/Aug/2019:02:04:54 +0200] "GET /index.html HTTP/1.1" 200 1010 "-" "Mozilla/5.0 (compatible; AhrefsBot/6.1; +http://ahrefs.com/robot/)"
46.229.168.137 - - [05/Aug/2019:02:18:48 +0200] "GET /robots.txt HTTP/1.1" 404 1181 "-" "Mozilla/5.0 (compatible; SemrushBot/6~bl; +http://www.semrush.com/bot.html)"
46.229.168.143 - - [05/Aug/2019:02:18:49 +0200] "GET /aktualis/109kozigazg/index.html HTTP/1.1" 200 7627 "-" "Mozilla/5.0 (compatible; SemrushBot/3~bl; +http://www.semrush.com/bot.html)"
77.75.76.169 - - [05/Aug/2019:02:23:15 +0200] "GET /robots.txt HTTP/1.1" 404 1181 "-" "Mozilla/5.0 (compatible; SeznamBot/3.2; +http://napoveda.seznam.cz/en/seznambot-intro/)"
77.75.76.169 - - [05/Aug/2019:02:23:15 +0200] "GET /aktualis/108autopalya/index.html HTTP/1.1" 200 7574 "-" "Mozilla/5.0 (compatible; SeznamBot/3.2; +http://napoveda.seznam.cz/en/seznambot-intro/)"
46.229.168.140 - - [05/Aug/2019:02:27:53 +0200] "GET /robots.txt HTTP/1.1" 404 1181 "-" "Mozilla/5.0 (compatible; SemrushBot/3~bl; +http://www.semrush.com/bot.html)"
46.229.168.150 - - [05/Aug/2019:02:27:53 +0200] "GET /angol/followup/index.html HTTP/1.1" 200 9852 "-" "Mozilla/5.0 (compatible; SemrushBot/3~bl; +http://www.semrush.com/bot.html)"
40.77.167.173 - - [05/Aug/2019:02:36:15 +0200] "GET /halozatok/JMCS/tagok/index.html HTTP/1.1" 200 65034 "-" "Mozilla/5.0 (compatible; bingbot/2.0; +http://www.bing.com/bingbot.htm)"
176.9.4.101 - - [05/Aug/2019:02:38:31 +0200] "GET /robots.txt HTTP/1.1" 404 1181 "-" "Mozilla/5.0 (compatible; BLEXBot/1.0; +http://webmeup-crawler.com/)"
176.9.4.101 - - [05/Aug/2019:02:38:31 +0200] "GET /aktualis/index.html HTTP/1.1" 200 63144 "-" "Mozilla/5.0 (compatible; BLEXBot/1.0; +http://webmeup-crawler.com/)"
176.9.4.101 - - [05/Aug/2019:02:38:36 +0200] "GET /angol/index.html HTTP/1.1" 200 13458 "-" "Mozilla/5.0 (compatible; BLEXBot/1.0; +http://webmeup-crawler.com/)"
176.9.4.101 - - [05/Aug/2019:02:38:37 +0200] "GET /halozatok/index.html HTTP/1.1" 200 5818 "-" "Mozilla/5.0 (compatible; BLEXBot/1.0; +http://webmeup-crawler.com/)"
176.9.4.101 - - [05/Aug/2019:02:38:39 +0200] "GET /index.html HTTP/1.1" 200 1010 "-" "Mozilla/5.0 (compatible; BLEXBot/1.0; +http://webmeup-crawler.com/)"
176.9.4.101 - - [05/Aug/2019:02:38:49 +0200] "GET /konferenciak/index.html HTTP/1.1" 200 26837 "-" "Mozilla/5.0 (compatible; BLEXBot/1.0; +http://webmeup-crawler.com/)"
176.9.4.101 - - [05/Aug/2019:02:38:51 +0200] "GET /kutat/NOSZA2002/index.html HTTP/1.1" 404 1181 "-" "Mozilla/5.0 (compatible; BLEXBot/1.0; +http://webmeup-crawler.com/)"
176.9.4.101 - - [05/Aug/2019:02:38:52 +0200] "GET /kutat/REVkutatas/index.html HTTP/1.1" 200 13447 "-" "Mozilla/5.0 (compatible; BLEXBot/1.0; +http://webmeup-crawler.com/)"
176.9.4.101 - - [05/Aug/2019:02:39:00 +0200] "GET /partnereink/index.html HTTP/1.1" 200 11929 "-" "Mozilla/5.0 (compatible; BLEXBot/1.0; +http://webmeup-crawler.com/)"
176.9.4.101 - - [05/Aug/2019:02:39:04 +0200] "GET /szervezet/index.html HTTP/1.1" 200 7605 "-" "Mozilla/5.0 (compatible; BLEXBot/1.0; +http://webmeup-crawler.com/)"
66.249.64.26 - - [05/Aug/2019:02:54:24 +0200] "GET /new/hirek/2014 HTTP/1.1" 200 16535 "-" "Mozilla/5.0 (Linux; Android 6.0.1; Nexus 5X Build/MMB29P) AppleWebKit/537.36 (KHTML, like Gecko) Chrome/41.0.2272.96 Mobile Safari/537.36 (compatible; Googlebot/2.1; +http://www.google.com/bot.html)"
40.77.167.148 - - [05/Aug/2019:02:59:42 +0200] "GET /new/sites/default/files/NOSZA%20K%C3%83%C2%B6zhaszn%C3%83%C2%BA%20Jelent%C3%83%C2%A9s%202016.pdf HTTP/1.1" 404 7316 "-" "Mozilla/5.0 (compatible; bingbot/2.0; +http://www.bing.com/bingbot.htm)"
66.249.64.26 - - [05/Aug/2019:03:01:21 +0200] "GET /kutat/REVkutatas/index.html HTTP/1.1" 304 - "-" "Mozilla/5.0 (Linux; Android 6.0.1; Nexus 5X Build/MMB29P) AppleWebKit/537.36 (KHTML, like Gecko) Chrome/41.0.2272.96 Mobile Safari/537.36 (compatible; Googlebot/2.1; +http://www.google.com/bot.html)"
46.229.168.137 - - [05/Aug/2019:03:07:24 +0200] "GET /robots.txt HTTP/1.1" 404 1181 "-" "Mozilla/5.0 (compatible; SemrushBot/6~bl; +http://www.semrush.com/bot.html)"
46.229.168.143 - - [05/Aug/2019:03:07:24 +0200] "GET /konferenciak/05emla/index.html HTTP/1.1" 200 22316 "-" "Mozilla/5.0 (compatible; SemrushBot/3~bl; +http://www.semrush.com/bot.html)"
46.229.168.152 - - [05/Aug/2019:03:20:38 +0200] "GET /new/magunkrol/publikaciok HTTP/1.1" 200 9827 "-" "Mozilla/5.0 (compatible; SemrushBot/3~bl; +http://www.semrush.com/bot.html)"
46.229.168.161 - - [05/Aug/2019:03:21:52 +0200] "GET /aktualis/105onk/onkentes/index.html HTTP/1.1" 200 24562 "-" "Mozilla/5.0 (compatible; SemrushBot/3~bl; +http://www.semrush.com/bot.html)"
66.249.64.28 - - [05/Aug/2019:03:29:20 +0200] "GET /new/publikaciok/2008 HTTP/1.1" 200 9251 "-" "Mozilla/5.0 (Linux; Android 6.0.1; Nexus 5X Build/MMB29P) AppleWebKit/537.36 (KHTML, like Gecko) Chrome/41.0.2272.96 Mobile Safari/537.36 (compatible; Googlebot/2.1; +http://www.google.com/bot.html)"
77.75.78.170 - - [05/Aug/2019:03:35:30 +0200] "GET /robots.txt HTTP/1.1" 404 1181 "-" "Mozilla/5.0 (compatible; SeznamBot/3.2; +http://napoveda.seznam.cz/en/seznambot-intro/)"
77.75.78.170 - - [05/Aug/2019:03:35:31 +0200] "GET /konferenciak/03konf/index.html HTTP/1.1" 200 13272 "-" "Mozilla/5.0 (compatible; SeznamBot/3.2; +http://napoveda.seznam.cz/en/seznambot-intro/)"
66.249.64.182 - - [05/Aug/2019:04:00:47 +0200] "GET /robots.txt HTTP/1.1" 404 1181 "-" "Mozilla/5.0 (compatible; Googlebot/2.1; +http://www.google.com/bot.html)"
66.249.64.180 - - [05/Aug/2019:04:00:47 +0200] "GET /partnereink/index.html HTTP/1.1" 200 11929 "-" "Mozilla/5.0 (Linux; Android 6.0.1; Nexus 5X Build/MMB29P) AppleWebKit/537.36 (KHTML, like Gecko) Chrome/41.0.2272.96 Mobile Safari/537.36 (compatible; Googlebot/2.1; +http://www.google.com/bot.html)"
66.249.64.182 - - [05/Aug/2019:04:02:26 +0200] "GET /partnereink/images/teszt_002.jpg HTTP/1.1" 200 8601 "-" "Googlebot-Image/1.0"
46.229.168.151 - - [05/Aug/2019:04:18:57 +0200] "GET /robots.txt HTTP/1.1" 404 1181 "-" "Mozilla/5.0 (compatible; SemrushBot/3~bl; +http://www.semrush.com/bot.html)"
46.229.168.132 - - [05/Aug/2019:04:18:58 +0200] "GET /aktualis/104eitv/index.html HTTP/1.1" 200 94846 "-" "Mozilla/5.0 (compatible; SemrushBot/3~bl; +http://www.semrush.com/bot.html)"
77.75.76.169 - - [05/Aug/2019:04:22:52 +0200] "GET /robots.txt HTTP/1.1" 404 1181 "-" "Mozilla/5.0 (compatible; SeznamBot/3.2; +http://napoveda.seznam.cz/en/seznambot-intro/)"
77.75.76.169 - - [05/Aug/2019:04:22:52 +0200] "GET /konferenciak/05emla/index.html HTTP/1.1" 200 22316 "-" "Mozilla/5.0 (compatible; SeznamBot/3.2; +http://napoveda.seznam.cz/en/seznambot-intro/)"
42.236.12.170 - - [05/Aug/2019:04:28:47 +0200] "GET / HTTP/1.1" 200 1010 "http://nosza.hu/" "Mozilla/5.0 (Windows NT 6.1; WOW64) AppleWebKit/537.36 (KHTML, like Gecko) Chrome/50.0.2661.102 Safari/537.36; 360Spider"
42.236.99.58 - - [05/Aug/2019:04:29:10 +0200] "GET / HTTP/1.1" 200 1010 "http://www.nosza.hu/" "Mozilla/5.0 (Windows NT 6.1; WOW64) AppleWebKit/537.36 (KHTML, like Gecko) Chrome/50.0.2661.102 Safari/537.36; 360Spider"
66.249.64.27 - - [05/Aug/2019:04:56:44 +0200] "GET /new/magunkrol/beszamolok HTTP/1.1" 200 11066 "-" "Mozilla/5.0 (Linux; Android 6.0.1; Nexus 5X Build/MMB29P) AppleWebKit/537.36 (KHTML, like Gecko) Chrome/41.0.2272.96 Mobile Safari/537.36 (compatible; Googlebot/2.1; +http://www.google.com/bot.html)"
54.36.150.164 - - [05/Aug/2019:05:01:02 +0200] "GET /new/node/95 HTTP/1.1" 200 7779 "-" "Mozilla/5.0 (compatible; AhrefsBot/6.1; +http://ahrefs.com/robot/)"
46.229.168.152 - - [05/Aug/2019:05:01:36 +0200] "GET /robots.txt HTTP/1.1" 404 1181 "-" "Mozilla/5.0 (compatible; SemrushBot/3~bl; +http://www.semrush.com/bot.html)"
46.229.168.144 - - [05/Aug/2019:05:01:37 +0200] "GET /new/en/news/henceforth-nosza-association-proud-member-freedom-information-advocates-network-foianet HTTP/1.1" 200 8544 "-" "Mozilla/5.0 (compatible; SemrushBot/3~bl; +http://www.semrush.com/bot.html)"
46.229.168.136 - - [05/Aug/2019:05:03:37 +0200] "GET /new/hirek/2009 HTTP/1.1" 200 16535 "-" "Mozilla/5.0 (compatible; SemrushBot/3~bl; +http://www.semrush.com/bot.html)"
66.249.64.26 - - [05/Aug/2019:05:07:12 +0200] "GET /new/sites/default/files/NOSZA%20K%C3%B6zhaszn%C3%BA%20Jelent%C3%A9s%202009.pdf HTTP/1.1" 200 559956 "-" "Mozilla/5.0 (Linux; Android 6.0.1; Nexus 5X Build/MMB29P) AppleWebKit/537.36 (KHTML, like Gecko) Chrome/41.0.2272.96 Mobile Safari/537.36 (compatible; Googlebot/2.1; +http://www.google.com/bot.html)"
46.229.168.143 - - [05/Aug/2019:05:34:49 +0200] "GET /robots.txt HTTP/1.1" 404 1181 "-" "Mozilla/5.0 (compatible; SemrushBot/3~bl; +http://www.semrush.com/bot.html)"
46.229.168.141 - - [05/Aug/2019:05:34:51 +0200] "GET /new/dossziek/dr-f%C3%BCl%C3%B6p-s%C3%A1ndor-egyes%C3%BCletek-b%C3%ADr%C3%B3s%C3%A1gi-nyilv%C3%A1ntart%C3%A1sba-v%C3%A9teli-gyakorlata-%C3%B6sszehasonl%C3%ADt%C3%B3-elemz HTTP/1.1" 200 7801 "-" "Mozilla/5.0 (compatible; SemrushBot/3~bl; +http://www.semrush.com/bot.html)"
157.55.39.59 - - [05/Aug/2019:05:52:53 +0200] "GET /aktualis/108autopalya/level/index.html HTTP/1.1" 200 61871 "-" "Mozilla/5.0 (compatible; bingbot/2.0; +http://www.bing.com/bingbot.htm)"
176.9.4.101 - - [05/Aug/2019:06:08:15 +0200] "GET /robots.txt HTTP/1.1" 404 1181 "-" "Mozilla/5.0 (compatible; BLEXBot/1.0; +http://webmeup-crawler.com/)"
176.9.4.101 - - [05/Aug/2019:06:08:15 +0200] "GET /3kutat/index.html HTTP/1.1" 200 26177 "-" "Mozilla/5.0 (compatible; BLEXBot/1.0; +http://webmeup-crawler.com/)"
176.9.4.101 - - [05/Aug/2019:06:08:16 +0200] "GET /aktu%C3%A1lis/009GSZTcivil/index.html HTTP/1.1" 404 1181 "-" "Mozilla/5.0 (compatible; BLEXBot/1.0; +http://webmeup-crawler.com/)"
176.9.4.101 - - [05/Aug/2019:06:08:19 +0200] "GET /aktualis/012autopalya/index.html HTTP/1.1" 200 7450 "-" "Mozilla/5.0 (compatible; BLEXBot/1.0; +http://webmeup-crawler.com/)"
176.9.4.101 - - [05/Aug/2019:06:08:20 +0200] "GET /aktualis/103jogalk/index.html HTTP/1.1" 200 10863 "-" "Mozilla/5.0 (compatible; BLEXBot/1.0; +http://webmeup-crawler.com/)"
