84.1.186.98 - - [06/May/2022:19:03:19 +0200] "GET /new/modules/filefield/filefield.css?l HTTP/1.1" 200 1986 "http://www.nosza.hu/new/magunkrol/tagjaink" "Mozilla/5.0 (Linux; Android 10; LM-X525) AppleWebKit/537.36 (KHTML, like Gecko) Chrome/101.0.4951.41 Mobile Safari/537.36"
84.1.186.98 - - [06/May/2022:19:03:19 +0200] "GET /new/modules/system/defaults.css?l HTTP/1.1" 200 757 "http://www.nosza.hu/new/magunkrol/tagjaink" "Mozilla/5.0 (Linux; Android 10; LM-X525) AppleWebKit/537.36 (KHTML, like Gecko) Chrome/101.0.4951.41 Mobile Safari/537.36"
84.1.186.98 - - [06/May/2022:19:03:19 +0200] "GET /new/modules/user/user.css?l HTTP/1.1" 200 1127 "http://www.nosza.hu/new/magunkrol/tagjaink" "Mozilla/5.0 (Linux; Android 10; LM-X525) AppleWebKit/537.36 (KHTML, like Gecko) Chrome/101.0.4951.41 Mobile Safari/537.36"
84.1.186.98 - - [06/May/2022:19:03:19 +0200] "GET /new/modules/system/system.css?l HTTP/1.1" 200 10020 "http://www.nosza.hu/new/magunkrol/tagjaink" "Mozilla/5.0 (Linux; Android 10; LM-X525) AppleWebKit/537.36 (KHTML, like Gecko) Chrome/101.0.4951.41 Mobile Safari/537.36"
84.1.186.98 - - [06/May/2022:19:03:19 +0200] "GET /new/modules/system/system-menus.css?l HTTP/1.1" 200 935 "http://www.nosza.hu/new/magunkrol/tagjaink" "Mozilla/5.0 (Linux; Android 10; LM-X525) AppleWebKit/537.36 (KHTML, like Gecko) Chrome/101.0.4951.41 Mobile Safari/537.36"
84.1.186.98 - - [06/May/2022:19:03:19 +0200] "GET /new/sites/default/themes/nosza/css/nosza.css?l HTTP/1.1" 200 10555 "http://www.nosza.hu/new/magunkrol/tagjaink" "Mozilla/5.0 (Linux; Android 10; LM-X525) AppleWebKit/537.36 (KHTML, like Gecko) Chrome/101.0.4951.41 Mobile Safari/537.36"
84.1.186.98 - - [06/May/2022:19:03:19 +0200] "GET /new/sites/all/modules/cck/modules/fieldgroup/fieldgroup.css?l HTTP/1.1" 200 166 "http://www.nosza.hu/new/magunkrol/tagjaink" "Mozilla/5.0 (Linux; Android 10; LM-X525) AppleWebKit/537.36 (KHTML, like Gecko) Chrome/101.0.4951.41 Mobile Safari/537.36"
84.1.186.98 - - [06/May/2022:19:03:19 +0200] "GET /new/sites/all/modules/cck/theme/content-module.css?l HTTP/1.1" 200 2397 "http://www.nosza.hu/new/magunkrol/tagjaink" "Mozilla/5.0 (Linux; Android 10; LM-X525) AppleWebKit/537.36 (KHTML, like Gecko) Chrome/101.0.4951.41 Mobile Safari/537.36"
84.1.186.98 - - [06/May/2022:19:03:19 +0200] "GET /new/sites/default/themes/nosza/css/menu_style.css HTTP/1.1" 200 4749 "http://www.nosza.hu/new/magunkrol/tagjaink" "Mozilla/5.0 (Linux; Android 10; LM-X525) AppleWebKit/537.36 (KHTML, like Gecko) Chrome/101.0.4951.41 Mobile Safari/537.36"
84.1.186.98 - - [06/May/2022:19:03:19 +0200] "GET /new/sites/default/themes/nosza/scripts/search.js HTTP/1.1" 200 466 "http://www.nosza.hu/new/magunkrol/tagjaink" "Mozilla/5.0 (Linux; Android 10; LM-X525) AppleWebKit/537.36 (KHTML, like Gecko) Chrome/101.0.4951.41 Mobile Safari/537.36"
84.1.186.98 - - [06/May/2022:19:03:19 +0200] "GET /new/sites/default/themes/nosza/images/logoMagunkrol.jpg HTTP/1.1" 200 4934 "http://www.nosza.hu/new/magunkrol/tagjaink" "Mozilla/5.0 (Linux; Android 10; LM-X525) AppleWebKit/537.36 (KHTML, like Gecko) Chrome/101.0.4951.41 Mobile Safari/537.36"
84.1.186.98 - - [06/May/2022:19:03:19 +0200] "GET /new/sites/default/themes/nosza/images/aktualisSide.jpg HTTP/1.1" 200 8821 "http://www.nosza.hu/new/magunkrol/tagjaink" "Mozilla/5.0 (Linux; Android 10; LM-X525) AppleWebKit/537.36 (KHTML, like Gecko) Chrome/101.0.4951.41 Mobile Safari/537.36"
84.1.186.98 - - [06/May/2022:19:03:19 +0200] "GET /new/sites/default/themes/nosza/images/dosszieSide.jpg HTTP/1.1" 200 7764 "http://www.nosza.hu/new/magunkrol/tagjaink" "Mozilla/5.0 (Linux; Android 10; LM-X525) AppleWebKit/537.36 (KHTML, like Gecko) Chrome/101.0.4951.41 Mobile Safari/537.36"
84.1.186.98 - - [06/May/2022:19:03:19 +0200] "GET /new/sites/default/themes/nosza/images/publikaciokSide.jpg HTTP/1.1" 200 7497 "http://www.nosza.hu/new/magunkrol/tagjaink" "Mozilla/5.0 (Linux; Android 10; LM-X525) AppleWebKit/537.36 (KHTML, like Gecko) Chrome/101.0.4951.41 Mobile Safari/537.36"
84.1.186.98 - - [06/May/2022:19:03:20 +0200] "GET /new/sites/default/files/biroendre.jpg HTTP/1.1" 200 2336 "http://www.nosza.hu/new/magunkrol/tagjaink" "Mozilla/5.0 (Linux; Android 10; LM-X525) AppleWebKit/537.36 (KHTML, like Gecko) Chrome/101.0.4951.41 Mobile Safari/537.36"
84.1.186.98 - - [06/May/2022:19:03:20 +0200] "GET /new/sites/default/files/brigi.jpg HTTP/1.1" 200 48509 "http://www.nosza.hu/new/magunkrol/tagjaink" "Mozilla/5.0 (Linux; Android 10; LM-X525) AppleWebKit/537.36 (KHTML, like Gecko) Chrome/101.0.4951.41 Mobile Safari/537.36"
84.1.186.98 - - [06/May/2022:19:03:20 +0200] "GET /new/sites/default/files/nilda_bullain.jpg HTTP/1.1" 200 2700 "http://www.nosza.hu/new/magunkrol/tagjaink" "Mozilla/5.0 (Linux; Android 10; LM-X525) AppleWebKit/537.36 (KHTML, like Gecko) Chrome/101.0.4951.41 Mobile Safari/537.36"
84.1.186.98 - - [06/May/2022:19:03:20 +0200] "GET /new/sites/default/files/fulop.jpg HTTP/1.1" 200 2514 "http://www.nosza.hu/new/magunkrol/tagjaink" "Mozilla/5.0 (Linux; Android 10; LM-X525) AppleWebKit/537.36 (KHTML, like Gecko) Chrome/101.0.4951.41 Mobile Safari/537.36"
84.1.186.98 - - [06/May/2022:19:03:20 +0200] "GET /new/sites/default/files/gargya_marietta.jpg HTTP/1.1" 200 2900 "http://www.nosza.hu/new/magunkrol/tagjaink" "Mozilla/5.0 (Linux; Android 10; LM-X525) AppleWebKit/537.36 (KHTML, like Gecko) Chrome/101.0.4951.41 Mobile Safari/537.36"
84.1.186.98 - - [06/May/2022:19:03:20 +0200] "GET /new/sites/default/themes/nosza/images/headerBgMagunkrol.jpg HTTP/1.1" 200 22932 "http://www.nosza.hu/new/sites/default/themes/nosza/css/nosza.css?l" "Mozilla/5.0 (Linux; Android 10; LM-X525) AppleWebKit/537.36 (KHTML, like Gecko) Chrome/101.0.4951.41 Mobile Safari/537.36"
84.1.186.98 - - [06/May/2022:19:03:20 +0200] "GET /new/sites/default/themes/nosza/images/feelingBgMagunkrol.jpg HTTP/1.1" 200 42475 "http://www.nosza.hu/new/sites/default/themes/nosza/css/nosza.css?l" "Mozilla/5.0 (Linux; Android 10; LM-X525) AppleWebKit/537.36 (KHTML, like Gecko) Chrome/101.0.4951.41 Mobile Safari/537.36"
84.1.186.98 - - [06/May/2022:19:03:20 +0200] "GET /new/sites/default/themes/nosza/images/magyarBgInactive.png HTTP/1.1" 200 686 "http://www.nosza.hu/new/sites/default/themes/nosza/css/nosza.css?l" "Mozilla/5.0 (Linux; Android 10; LM-X525) AppleWebKit/537.36 (KHTML, like Gecko) Chrome/101.0.4951.41 Mobile Safari/537.36"
84.1.186.98 - - [06/May/2022:19:03:20 +0200] "GET /new/sites/default/themes/nosza/images/englishBgInactive.png HTTP/1.1" 200 823 "http://www.nosza.hu/new/sites/default/themes/nosza/css/nosza.css?l" "Mozilla/5.0 (Linux; Android 10; LM-X525) AppleWebKit/537.36 (KHTML, like Gecko) Chrome/101.0.4951.41 Mobile Safari/537.36"
84.1.186.98 - - [06/May/2022:19:03:20 +0200] "GET /new/sites/default/themes/nosza/images/kettoIcon.jpg HTTP/1.1" 200 1039 "http://www.nosza.hu/new/sites/default/themes/nosza/css/menu_style.css" "Mozilla/5.0 (Linux; Android 10; LM-X525) AppleWebKit/537.36 (KHTML, like Gecko) Chrome/101.0.4951.41 Mobile Safari/537.36"
84.1.186.98 - - [06/May/2022:19:03:20 +0200] "GET /new/sites/default/themes/nosza/images/otIcon.jpg HTTP/1.1" 200 689 "http://www.nosza.hu/new/sites/default/themes/nosza/css/menu_style.css" "Mozilla/5.0 (Linux; Android 10; LM-X525) AppleWebKit/537.36 (KHTML, like Gecko) Chrome/101.0.4951.41 Mobile Safari/537.36"
84.1.186.98 - - [06/May/2022:19:03:20 +0200] "GET /new/sites/default/themes/nosza/images/magyarBgOver.png HTTP/1.1" 200 893 "http://www.nosza.hu/new/sites/default/themes/nosza/css/nosza.css?l" "Mozilla/5.0 (Linux; Android 10; LM-X525) AppleWebKit/537.36 (KHTML, like Gecko) Chrome/101.0.4951.41 Mobile Safari/537.36"
84.1.186.98 - - [06/May/2022:19:03:20 +0200] "GET /new/sites/default/themes/nosza/images/egyIcon.jpg HTTP/1.1" 200 860 "http://www.nosza.hu/new/sites/default/themes/nosza/css/menu_style.css" "Mozilla/5.0 (Linux; Android 10; LM-X525) AppleWebKit/537.36 (KHTML, like Gecko) Chrome/101.0.4951.41 Mobile Safari/537.36"
84.1.186.98 - - [06/May/2022:19:03:20 +0200] "GET /new/sites/default/themes/nosza/images/searchBg.png HTTP/1.1" 200 1443 "http://www.nosza.hu/new/sites/default/themes/nosza/css/nosza.css?l" "Mozilla/5.0 (Linux; Android 10; LM-X525) AppleWebKit/537.36 (KHTML, like Gecko) Chrome/101.0.4951.41 Mobile Safari/537.36"
84.1.186.98 - - [06/May/2022:19:03:20 +0200] "GET /new/sites/default/themes/nosza/images/haromIcon.jpg HTTP/1.1" 200 764 "http://www.nosza.hu/new/sites/default/themes/nosza/css/menu_style.css" "Mozilla/5.0 (Linux; Android 10; LM-X525) AppleWebKit/537.36 (KHTML, like Gecko) Chrome/101.0.4951.41 Mobile Safari/537.36"
84.1.186.98 - - [06/May/2022:19:03:20 +0200] "GET /new/sites/default/themes/nosza/images/subnavBg.jpg HTTP/1.1" 200 439 "http://www.nosza.hu/new/sites/default/themes/nosza/css/nosza.css?l" "Mozilla/5.0 (Linux; Android 10; LM-X525) AppleWebKit/537.36 (KHTML, like Gecko) Chrome/101.0.4951.41 Mobile Safari/537.36"
84.1.186.98 - - [06/May/2022:19:03:20 +0200] "GET /new/sites/default/themes/nosza/images/hatIcon.jpg HTTP/1.1" 200 838 "http://www.nosza.hu/new/sites/default/themes/nosza/css/menu_style.css" "Mozilla/5.0 (Linux; Android 10; LM-X525) AppleWebKit/537.36 (KHTML, like Gecko) Chrome/101.0.4951.41 Mobile Safari/537.36"
84.1.186.98 - - [06/May/2022:19:03:20 +0200] "GET /new/sites/default/themes/nosza/images/negyIcon.jpg HTTP/1.1" 200 908 "http://www.nosza.hu/new/sites/default/themes/nosza/css/menu_style.css" "Mozilla/5.0 (Linux; Android 10; LM-X525) AppleWebKit/537.36 (KHTML, like Gecko) Chrome/101.0.4951.41 Mobile Safari/537.36"
84.1.186.98 - - [06/May/2022:19:03:20 +0200] "GET /new/sites/default/themes/nosza/images/subnavOver.jpg HTTP/1.1" 200 704 "http://www.nosza.hu/new/sites/default/themes/nosza/css/nosza.css?l" "Mozilla/5.0 (Linux; Android 10; LM-X525) AppleWebKit/537.36 (KHTML, like Gecko) Chrome/101.0.4951.41 Mobile Safari/537.36"
84.1.186.98 - - [06/May/2022:19:03:20 +0200] "GET /new/sites/default/themes/nosza/images/breadNyil.jpg HTTP/1.1" 200 312 "http://www.nosza.hu/new/sites/default/themes/nosza/css/nosza.css?l" "Mozilla/5.0 (Linux; Android 10; LM-X525) AppleWebKit/537.36 (KHTML, like Gecko) Chrome/101.0.4951.41 Mobile Safari/537.36"
84.1.186.98 - - [06/May/2022:19:03:20 +0200] "GET /new/sites/default/files/markus.jpg HTTP/1.1" 200 2866 "http://www.nosza.hu/new/magunkrol/tagjaink" "Mozilla/5.0 (Linux; Android 10; LM-X525) AppleWebKit/537.36 (KHTML, like Gecko) Chrome/101.0.4951.41 Mobile Safari/537.36"
84.1.186.98 - - [06/May/2022:19:03:20 +0200] "GET /new/sites/default/files/nizak_peter.jpg HTTP/1.1" 200 2525 "http://www.nosza.hu/new/magunkrol/tagjaink" "Mozilla/5.0 (Linux; Android 10; LM-X525) AppleWebKit/537.36 (KHTML, like Gecko) Chrome/101.0.4951.41 Mobile Safari/537.36"
84.1.186.98 - - [06/May/2022:19:03:20 +0200] "GET /new/sites/default/files/scsaurszki.jpg HTTP/1.1" 200 2600 "http://www.nosza.hu/new/magunkrol/tagjaink" "Mozilla/5.0 (Linux; Android 10; LM-X525) AppleWebKit/537.36 (KHTML, like Gecko) Chrome/101.0.4951.41 Mobile Safari/537.36"
84.1.186.98 - - [06/May/2022:19:03:20 +0200] "GET /new/sites/default/files/kisscsaba.jpg HTTP/1.1" 200 2409 "http://www.nosza.hu/new/magunkrol/tagjaink" "Mozilla/5.0 (Linux; Android 10; LM-X525) AppleWebKit/537.36 (KHTML, like Gecko) Chrome/101.0.4951.41 Mobile Safari/537.36"
84.1.186.98 - - [06/May/2022:19:03:20 +0200] "GET /new/sites/default/files/sebestyen.jpg HTTP/1.1" 200 2222 "http://www.nosza.hu/new/magunkrol/tagjaink" "Mozilla/5.0 (Linux; Android 10; LM-X525) AppleWebKit/537.36 (KHTML, like Gecko) Chrome/101.0.4951.41 Mobile Safari/537.36"
84.1.186.98 - - [06/May/2022:19:03:20 +0200] "GET /new/sites/default/themes/nosza/images/rrs.jpg HTTP/1.1" 200 829 "http://www.nosza.hu/new/magunkrol/tagjaink" "Mozilla/5.0 (Linux; Android 10; LM-X525) AppleWebKit/537.36 (KHTML, like Gecko) Chrome/101.0.4951.41 Mobile Safari/537.36"
84.1.186.98 - - [06/May/2022:19:03:20 +0200] "GET /new/sites/default/themes/nosza/images/footerBg.jpg HTTP/1.1" 200 1097 "http://www.nosza.hu/new/sites/default/themes/nosza/css/nosza.css?l" "Mozilla/5.0 (Linux; Android 10; LM-X525) AppleWebKit/537.36 (KHTML, like Gecko) Chrome/101.0.4951.41 Mobile Safari/537.36"
84.1.186.98 - - [06/May/2022:19:03:20 +0200] "GET /new/sites/default/themes/nosza/print.css?l HTTP/1.1" 200 1247 "http://www.nosza.hu/new/magunkrol/tagjaink" "Mozilla/5.0 (Linux; Android 10; LM-X525) AppleWebKit/537.36 (KHTML, like Gecko) Chrome/101.0.4951.41 Mobile Safari/537.36"
84.1.186.98 - - [06/May/2022:19:03:20 +0200] "GET /favicon.ico HTTP/1.1" 404 1181 "http://www.nosza.hu/new/magunkrol/tagjaink" "Mozilla/5.0 (Linux; Android 10; LM-X525) AppleWebKit/537.36 (KHTML, like Gecko) Chrome/101.0.4951.41 Mobile Safari/537.36"
135.125.190.144 - - [06/May/2022:19:25:45 +0200] "GET / HTTP/1.1" 200 1010 "nosza.hu" "Mozilla/5.0 (Windows NT 10.0) AppleWebKit/537.36 (KHTML, like Gecko) Chrome/48.0.2564.82 Safari/537.36 OPR/35.0.2066.37"
212.237.53.115 - - [06/May/2022:19:27:37 +0200] "HEAD / HTTP/1.1" 200 0 "-" "Alert_Alligator_webmonitoring_service_1.6.4_(alertalligator.com)"
212.237.53.115 - - [06/May/2022:20:27:55 +0200] "HEAD / HTTP/1.1" 200 0 "-" "Alert_Alligator_webmonitoring_service_1.6.4_(alertalligator.com)"
209.127.126.47 - - [06/May/2022:20:35:50 +0200] "GET /radio.txt HTTP/1.1" 404 1181 "-" "Mozilla/5.0 (Windows NT 6.1; WOW64) AppleWebKit/537.36 (KHTML, like Gecko) Chrome/50.0.2661.75 Safari/537.36"
95.163.255.156 - - [06/May/2022:21:04:11 +0200] "GET /robots.txt HTTP/1.0" 404 1181 "-" "Mozilla/5.0 (compatible; Linux x86_64; Mail.RU_Bot/2.0; +https://help.mail.ru/webmaster/indexing/robots)"
95.163.255.155 - - [06/May/2022:21:04:17 +0200] "GET /new/sites/default/files/Onkentesseg.pdf HTTP/1.1" 200 634194 "-" "Mozilla/5.0 (compatible; Linux x86_64; Mail.RU_Bot/2.0; +https://help.mail.ru/webmaster/indexing/robots)"
185.191.171.7 - - [06/May/2022:21:07:00 +0200] "GET /robots.txt HTTP/1.1" 404 1181 "-" "Mozilla/5.0 (compatible; SemrushBot/7~bl; +http://www.semrush.com/bot.html)"
185.191.171.24 - - [06/May/2022:21:07:04 +0200] "GET /new/magunkrol/publikaciok HTTP/1.1" 200 9971 "-" "Mozilla/5.0 (compatible; SemrushBot/7~bl; +http://www.semrush.com/bot.html)"
212.237.51.151 - - [06/May/2022:21:09:41 +0200] "HEAD / HTTP/1.1" 200 0 "-" "Alert_Alligator_webmonitoring_service_1.6.4_(alertalligator.com)"
54.36.148.194 - - [06/May/2022:21:10:38 +0200] "GET /new/projektek/publikaciok HTTP/1.1" 200 8540 "-" "Mozilla/5.0 (compatible; AhrefsBot/7.0; +http://ahrefs.com/robot/)"
49.12.13.109 - - [06/May/2022:22:09:22 +0200] "HEAD / HTTP/1.1" 200 0 "-" "Alert_Alligator_webmonitoring_service_1.6.3_(alertalligator.com)"
185.191.171.2 - - [06/May/2022:22:19:41 +0200] "GET /robots.txt HTTP/1.1" 404 1181 "-" "Mozilla/5.0 (compatible; SemrushBot/7~bl; +http://www.semrush.com/bot.html)"
185.191.171.43 - - [06/May/2022:22:19:41 +0200] "GET /3kutat/index.html HTTP/1.1" 200 26177 "-" "Mozilla/5.0 (compatible; SemrushBot/7~bl; +http://www.semrush.com/bot.html)"
54.36.148.194 - - [06/May/2022:22:53:18 +0200] "GET /new/hirek/2010?page=1 HTTP/1.1" 200 14140 "-" "Mozilla/5.0 (compatible; AhrefsBot/7.0; +http://ahrefs.com/robot/)"
54.36.148.51 - - [06/May/2022:22:53:22 +0200] "GET /new/sites/all/modules/cck/theme/content-module.css?l HTTP/1.1" 200 2397 "-" "Mozilla/5.0 (compatible; AhrefsBot/7.0; +http://ahrefs.com/robot/)"
54.36.148.62 - - [06/May/2022:22:53:22 +0200] "GET /new/sites/default/themes/nosza/images/logoHirek.jpg HTTP/1.1" 200 4323 "-" "Mozilla/5.0 (compatible; AhrefsBot/7.0; +http://ahrefs.com/robot/)"
54.36.148.75 - - [06/May/2022:22:53:23 +0200] "GET /new/modules/system/system.css?l HTTP/1.1" 200 10020 "-" "Mozilla/5.0 (compatible; AhrefsBot/7.0; +http://ahrefs.com/robot/)"
54.36.148.12 - - [06/May/2022:22:53:23 +0200] "GET /new/sites/default/themes/nosza/scripts/search.js HTTP/1.1" 200 466 "-" "Mozilla/5.0 (compatible; AhrefsBot/7.0; +http://ahrefs.com/robot/)"
54.36.148.198 - - [06/May/2022:22:53:24 +0200] "GET /new/modules/system/defaults.css?l HTTP/1.1" 200 757 "-" "Mozilla/5.0 (compatible; AhrefsBot/7.0; +http://ahrefs.com/robot/)"
54.36.148.76 - - [06/May/2022:22:53:25 +0200] "GET /new/sites/default/themes/nosza/css/menu_style.css HTTP/1.1" 200 4749 "-" "Mozilla/5.0 (compatible; AhrefsBot/7.0; +http://ahrefs.com/robot/)"
54.36.148.118 - - [06/May/2022:22:53:25 +0200] "GET /new/modules/system/system-menus.css?l HTTP/1.1" 200 935 "-" "Mozilla/5.0 (compatible; AhrefsBot/7.0; +http://ahrefs.com/robot/)"
54.36.148.213 - - [06/May/2022:22:53:25 +0200] "GET /new/sites/all/modules/cck/modules/fieldgroup/fieldgroup.css?l HTTP/1.1" 200 166 "-" "Mozilla/5.0 (compatible; AhrefsBot/7.0; +http://ahrefs.com/robot/)"
54.36.149.20 - - [06/May/2022:22:53:26 +0200] "GET /new/modules/node/node.css?l HTTP/1.1" 200 740 "-" "Mozilla/5.0 (compatible; AhrefsBot/7.0; +http://ahrefs.com/robot/)"
54.36.149.31 - - [06/May/2022:22:53:26 +0200] "GET /new/sites/default/themes/nosza/images/publikaciokSide.jpg HTTP/1.1" 200 7497 "-" "Mozilla/5.0 (compatible; AhrefsBot/7.0; +http://ahrefs.com/robot/)"
54.36.149.8 - - [06/May/2022:22:53:26 +0200] "GET /new/modules/filefield/filefield.css?l HTTP/1.1" 200 1986 "-" "Mozilla/5.0 (compatible; AhrefsBot/7.0; +http://ahrefs.com/robot/)"
54.36.148.23 - - [06/May/2022:22:53:27 +0200] "GET /new/sites/default/themes/nosza/images/aktualisSide.jpg HTTP/1.1" 200 8821 "-" "Mozilla/5.0 (compatible; AhrefsBot/7.0; +http://ahrefs.com/robot/)"
54.36.148.33 - - [06/May/2022:22:53:27 +0200] "GET /new/sites/default/themes/nosza/css/nosza.css?l HTTP/1.1" 200 10555 "-" "Mozilla/5.0 (compatible; AhrefsBot/7.0; +http://ahrefs.com/robot/)"
54.36.149.6 - - [06/May/2022:22:53:29 +0200] "GET /new/sites/default/themes/nosza/images/rrs.jpg HTTP/1.1" 200 829 "-" "Mozilla/5.0 (compatible; AhrefsBot/7.0; +http://ahrefs.com/robot/)"
54.36.148.253 - - [06/May/2022:22:53:29 +0200] "GET /new/sites/default/themes/nosza/images/dosszieSide.jpg HTTP/1.1" 200 7764 "-" "Mozilla/5.0 (compatible; AhrefsBot/7.0; +http://ahrefs.com/robot/)"
54.36.148.60 - - [06/May/2022:22:53:30 +0200] "GET /new/sites/default/themes/nosza/print.css?l HTTP/1.1" 200 1247 "-" "Mozilla/5.0 (compatible; AhrefsBot/7.0; +http://ahrefs.com/robot/)"
212.237.53.115 - - [06/May/2022:23:12:47 +0200] "HEAD / HTTP/1.1" 200 0 "-" "Alert_Alligator_webmonitoring_service_1.6.4_(alertalligator.com)"
51.75.241.40 - - [06/May/2022:23:21:20 +0200] "GET /robots.txt HTTP/1.1" 404 1181 "-" "INETDEX-BOT/1.5 (Mozilla/5.0; https://inetdex.com/; info at inetdex dot com)"
51.75.241.40 - - [06/May/2022:23:21:22 +0200] "GET /new/ HTTP/1.1" 200 10256 "-" "INETDEX-BOT/1.5 (Mozilla/5.0; https://inetdex.com/; info at inetdex dot com)"
185.191.171.18 - - [06/May/2022:23:41:40 +0200] "GET /robots.txt HTTP/1.1" 404 1181 "-" "Mozilla/5.0 (compatible; SemrushBot/7~bl; +http://www.semrush.com/bot.html)"
185.191.171.40 - - [06/May/2022:23:41:41 +0200] "GET /3kutat/REVkutatas/5PR/index.html HTTP/1.1" 200 50021 "-" "Mozilla/5.0 (compatible; SemrushBot/7~bl; +http://www.semrush.com/bot.html)"
49.12.13.109 - - [07/May/2022:00:12:33 +0200] "HEAD / HTTP/1.1" 200 0 "-" "Alert_Alligator_webmonitoring_service_1.6.3_(alertalligator.com)"
51.222.253.17 - - [07/May/2022:00:26:11 +0200] "GET /robots.txt HTTP/1.1" 404 1181 "-" "Mozilla/5.0 (compatible; AhrefsBot/7.0; +http://ahrefs.com/robot/)"
54.36.148.194 - - [07/May/2022:00:26:11 +0200] "GET / HTTP/1.1" 200 1010 "-" "Mozilla/5.0 (compatible; AhrefsBot/7.0; +http://ahrefs.com/robot/)"
66.249.72.217 - - [07/May/2022:00:26:42 +0200] "HEAD /molnar.dbk.pdf HTTP/1.1" 200 0 "-" "Mozilla/5.0 (compatible; Googlebot/2.1; +http://www.google.com/bot.html)"
49.12.13.109 - - [07/May/2022:01:12:37 +0200] "HEAD / HTTP/1.1" 200 0 "-" "Alert_Alligator_webmonitoring_service_1.6.3_(alertalligator.com)"
40.77.167.43 - - [07/May/2022:01:24:45 +0200] "GET /new/sites/default/files/NOSZA%20K%C3%B6zhaszn%C3%BA%20Jelent%C3%A9s%202014_0.pdf HTTP/1.1" 200 1561935 "-" "Mozilla/5.0 (compatible; bingbot/2.0; +http://www.bing.com/bingbot.htm)"
88.99.238.79 - - [07/May/2022:01:36:28 +0200] "GET /ads.txt HTTP/1.0" 404 1181 "-" "Mozilla/5.0 (Windows NT 10.0; Win64; x64; rv:86.0) Gecko/20100101 Firefox/86.0"
66.249.72.215 - - [07/May/2022:01:44:31 +0200] "GET / HTTP/1.1" 200 1010 "-" "Mozilla/5.0 (Linux; Android 6.0.1; Nexus 5X Build/MMB29P) AppleWebKit/537.36 (KHTML, like Gecko) Chrome/99.0.4844.84 Mobile Safari/537.36 (compatible; Googlebot/2.1; +http://www.google.com/bot.html)"
66.249.72.217 - - [07/May/2022:01:44:32 +0200] "GET / HTTP/1.1" 200 1010 "-" "Mozilla/5.0 (compatible; Googlebot/2.1; +http://www.google.com/bot.html)"
66.249.72.217 - - [07/May/2022:01:44:36 +0200] "GET /new/ HTTP/1.1" 200 10256 "http://www.nosza.hu/" "Mozilla/5.0 (Linux; Android 6.0.1; Nexus 5X Build/MMB29P) AppleWebKit/537.36 (KHTML, like Gecko) Chrome/100.0.4896.127 Mobile Safari/537.36 (compatible; Googlebot/2.1; +http://www.google.com/bot.html)"
66.249.72.217 - - [07/May/2022:01:44:37 +0200] "GET /new/ HTTP/1.1" 200 10256 "http://www.nosza.hu/" "Mozilla/5.0 AppleWebKit/537.36 (KHTML, like Gecko; compatible; Googlebot/2.1; +http://www.google.com/bot.html) Chrome/100.0.4896.127 Safari/537.36"
66.249.72.215 - - [07/May/2022:01:44:40 +0200] "GET /new/sites/default/themes/nosza/css/menu_style.css HTTP/1.1" 200 4749 "http://www.nosza.hu/new/" "Mozilla/5.0 AppleWebKit/537.36 (KHTML, like Gecko; compatible; Googlebot/2.1; +http://www.google.com/bot.html) Chrome/100.0.4896.127 Safari/537.36"
66.249.72.215 - - [07/May/2022:01:44:40 +0200] "GET /favicon.ico HTTP/1.1" 404 1181 "-" "Googlebot-Image/1.0"
91.233.21.70 - - [07/May/2022:01:44:55 +0200] "GET /.well-known/pki-validation/34E93A9B7CBDE9A9EBFB916C448C7319.txt HTTP/1.1" 404 1181 "-" "COMODO DCV"
91.233.21.70 - - [07/May/2022:01:44:55 +0200] "GET /.well-known/pki-validation/82DB8E90CE99A095BFAC3F40E2E3FC71.txt HTTP/1.1" 404 1181 "-" "COMODO DCV"
95.163.255.165 - - [07/May/2022:02:11:26 +0200] "GET /robots.txt HTTP/1.0" 404 1181 "-" "Mozilla/5.0 (compatible; Linux x86_64; Mail.RU_Bot/2.0; +https://help.mail.ru/webmaster/indexing/robots)"
95.163.255.162 - - [07/May/2022:02:11:36 +0200] "GET /kutat/REVkutatas/3gazdalkodas/index.html HTTP/1.1" 200 88137 "-" "Mozilla/5.0 (compatible; Linux x86_64; Mail.RU_Bot/2.0; +https://help.mail.ru/webmaster/indexing/robots)"
216.244.66.229 - - [07/May/2022:02:15:56 +0200] "GET /robots.txt HTTP/1.1" 404 1181 "-" "Mozilla/5.0 (compatible; DotBot/1.2; +https://opensiteexplorer.org/dotbot; help@moz.com)"
212.237.53.115 - - [07/May/2022:02:16:41 +0200] "HEAD / HTTP/1.1" 200 0 "-" "Alert_Alligator_webmonitoring_service_1.6.4_(alertalligator.com)"
66.249.72.70 - - [07/May/2022:02:16:44 +0200] "GET /robots.txt HTTP/1.1" 404 1181 "-" "Mozilla/5.0 (compatible; Googlebot/2.1; +http://www.google.com/bot.html)"
66.249.72.70 - - [07/May/2022:02:16:44 +0200] "GET /halozatok/JMCS/index.html HTTP/1.1" 200 6511 "-" "Mozilla/5.0 (Linux; Android 6.0.1; Nexus 5X Build/MMB29P) AppleWebKit/537.36 (KHTML, like Gecko) Chrome/101.0.4951.54 Mobile Safari/537.36 (compatible; Googlebot/2.1; +http://www.google.com/bot.html)"
185.191.171.23 - - [07/May/2022:02:22:21 +0200] "GET /robots.txt HTTP/1.1" 404 1181 "-" "Mozilla/5.0 (compatible; SemrushBot/7~bl; +http://www.semrush.com/bot.html)"
185.191.171.15 - - [07/May/2022:02:22:24 +0200] "GET /new/publikaciok/2008 HTTP/1.1" 200 9395 "-" "Mozilla/5.0 (compatible; SemrushBot/7~bl; +http://www.semrush.com/bot.html)"
54.36.148.194 - - [07/May/2022:02:22:43 +0200] "GET /new/projektek/hirek HTTP/1.1" 200 8776 "-" "Mozilla/5.0 (compatible; AhrefsBot/7.0; +http://ahrefs.com/robot/)"
216.244.66.229 - - [07/May/2022:02:27:57 +0200] "GET /new/sites/default/files/NOSZA%20K%C3%B6zhaszn%C3%BA%20Jelent%C3%A9s%202014.pdf HTTP/1.1" 200 866946 "-" "Mozilla/5.0 (compatible; DotBot/1.2; +https://opensiteexplorer.org/dotbot; help@moz.com)"
35.160.140.202 - - [07/May/2022:02:36:59 +0200] "GET / HTTP/1.1" 200 1010 "-" "Mozilla/5.0 (X11; Linux x86_64) AppleWebKit/537.36 (KHTML, like Gecko) Chrome/83.0.4103.97 Safari/537.36"
34.214.8.124 - - [07/May/2022:02:37:18 +0200] "GET /favicon.ico HTTP/1.1" 404 1181 "-" "Mozilla/5.0 (X11; Linux x86_64) AppleWebKit/537.36 (KHTML, like Gecko) Chrome/83.0.4103.97 Safari/537.36"
34.214.8.124 - - [07/May/2022:02:37:21 +0200] "GET / HTTP/1.1" 200 1010 "-" "Mozilla/5.0 (X11; Linux x86_64) AppleWebKit/537.36 (KHTML, like Gecko) Chrome/83.0.4103.97 Safari/537.36"
207.46.13.114 - - [07/May/2022:03:00:49 +0200] "GET /galateia.css HTTP/1.1" 200 1717 "-" "Mozilla/5.0 (compatible; bingbot/2.0; +http://www.bing.com/bingbot.htm)"
49.12.13.109 - - [07/May/2022:03:09:54 +0200] "HEAD / HTTP/1.1" 200 0 "-" "Alert_Alligator_webmonitoring_service_1.6.4_(alertalligator.com)"
185.191.171.12 - - [07/May/2022:03:59:16 +0200] "GET /robots.txt HTTP/1.1" 404 1181 "-" "Mozilla/5.0 (compatible; SemrushBot/7~bl; +http://www.semrush.com/bot.html)"
185.191.171.43 - - [07/May/2022:03:59:20 +0200] "GET /new/hirek/2019?page=1 HTTP/1.1" 200 14140 "-" "Mozilla/5.0 (compatible; SemrushBot/7~bl; +http://www.semrush.com/bot.html)"
212.237.51.151 - - [07/May/2022:04:03:40 +0200] "HEAD / HTTP/1.1" 200 0 "-" "Alert_Alligator_webmonitoring_service_1.6.4_(alertalligator.com)"
178.63.87.197 - - [07/May/2022:04:15:32 +0200] "GET /robots.txt HTTP/1.1" 404 1181 "-" "Mozilla/5.0 (compatible; MJ12bot/v1.4.8; http://mj12bot.com/)"
178.63.87.197 - - [07/May/2022:04:15:33 +0200] "GET /aktualis/1gyikNCA/palyazat/index.html HTTP/1.1" 200 26866 "-" "Mozilla/5.0 (compatible; MJ12bot/v1.4.8; http://mj12bot.com/)"
178.63.87.197 - - [07/May/2022:04:15:35 +0200] "GET /aktualis/1gyikNCA/szervezet/index.html HTTP/1.1" 200 23952 "-" "Mozilla/5.0 (compatible; MJ12bot/v1.4.8; http://mj12bot.com/)"
178.63.87.197 - - [07/May/2022:04:15:37 +0200] "GET /halozatok/JMCS/memo/04/index.html HTTP/1.1" 200 15900 "-" "Mozilla/5.0 (compatible; MJ12bot/v1.4.8; http://mj12bot.com/)"
178.63.87.197 - - [07/May/2022:04:15:39 +0200] "GET /konferenciak/2konferencia/1program/index.html HTTP/1.1" 200 23358 "-" "Mozilla/5.0 (compatible; MJ12bot/v1.4.8; http://mj12bot.com/)"
54.36.149.70 - - [07/May/2022:04:20:43 +0200] "GET /robots.txt HTTP/1.1" 404 1181 "-" "Mozilla/5.0 (compatible; AhrefsBot/7.0; +http://ahrefs.com/robot/)"
54.36.148.194 - - [07/May/2022:04:20:45 +0200] "GET / HTTP/1.1" 200 1010 "-" "Mozilla/5.0 (compatible; AhrefsBot/7.0; +http://ahrefs.com/robot/)"
123.125.109.102 - - [07/May/2022:04:37:55 +0200] "GET / HTTP/1.1" 200 1010 "-" "Sogou web spider/4.0(+http://www.sogou.com/docs/help/webmasters.htm#07)"
178.150.14.250 - - [07/May/2022:04:43:16 +0200] "GET /robots.txt HTTP/1.1" 404 1181 "-" "Mozilla/5.0 (compatible; MJ12bot/v1.4.8; http://mj12bot.com/)"
178.150.14.250 - - [07/May/2022:04:43:25 +0200] "GET /3kutat/REVkutatas/2menedzsment/index.html HTTP/1.1" 200 146149 "-" "Mozilla/5.0 (compatible; MJ12bot/v1.4.8; http://mj12bot.com/)"
178.150.14.250 - - [07/May/2022:04:43:35 +0200] "GET /3kutat/REVkutatas/4projektek/index.html HTTP/1.1" 200 69101 "-" "Mozilla/5.0 (compatible; MJ12bot/v1.4.8; http://mj12bot.com/)"
178.150.14.250 - - [07/May/2022:04:43:44 +0200] "GET /3kutat/REVkutatas/5PR/index.html HTTP/1.1" 200 50021 "-" "Mozilla/5.0 (compatible; MJ12bot/v1.4.8; http://mj12bot.com/)"
178.150.14.250 - - [07/May/2022:04:43:53 +0200] "GET /aktualis/103jogalk/index.html HTTP/1.1" 200 10863 "-" "Mozilla/5.0 (compatible; MJ12bot/v1.4.8; http://mj12bot.com/)"
178.150.14.250 - - [07/May/2022:04:44:00 +0200] "GET /aktualis/105onk/index.html HTTP/1.1" 200 65506 "-" "Mozilla/5.0 (compatible; MJ12bot/v1.4.8; http://mj12bot.com/)"
178.150.14.250 - - [07/May/2022:04:44:10 +0200] "GET /aktualis/106GSZTcivil/GSZTinfo/index.html HTTP/1.1" 200 21761 "-" "Mozilla/5.0 (compatible; MJ12bot/v1.4.8; http://mj12bot.com/)"
178.150.14.250 - - [07/May/2022:04:44:20 +0200] "GET /aktualis/106GSZTcivil/index.html HTTP/1.1" 200 24702 "-" "Mozilla/5.0 (compatible; MJ12bot/v1.4.8; http://mj12bot.com/)"
178.150.14.250 - - [07/May/2022:04:44:23 +0200] "GET /aktualis/109kozigazg/index.html HTTP/1.1" 200 7627 "-" "Mozilla/5.0 (compatible; MJ12bot/v1.4.8; http://mj12bot.com/)"
178.150.14.250 - - [07/May/2022:04:44:30 +0200] "GET /aktualis/109kozigazg/nyilatkozat/index.html HTTP/1.1" 200 10379 "-" "Mozilla/5.0 (compatible; MJ12bot/v1.4.8; http://mj12bot.com/)"
178.150.14.250 - - [07/May/2022:04:44:35 +0200] "GET /aktualis/NCAvh/index.html HTTP/1.1" 200 67842 "-" "Mozilla/5.0 (compatible; MJ12bot/v1.4.8; http://mj12bot.com/)"
178.150.14.250 - - [07/May/2022:04:44:44 +0200] "GET /aktualis/NCAvhmod/index.html HTTP/1.1" 200 18140 "-" "Mozilla/5.0 (compatible; MJ12bot/v1.4.8; http://mj12bot.com/)"
178.150.14.250 - - [07/May/2022:04:44:49 +0200] "GET /halozatok/JMCS/mukodes/index.html HTTP/1.1" 200 10352 "-" "Mozilla/5.0 (compatible; MJ12bot/v1.4.8; http://mj12bot.com/)"
178.150.14.250 - - [07/May/2022:04:45:01 +0200] "GET /halozatok/JMCS/tagok/index.html HTTP/1.1" 200 65034 "-" "Mozilla/5.0 (compatible; MJ12bot/v1.4.8; http://mj12bot.com/)"
178.150.14.250 - - [07/May/2022:04:45:07 +0200] "GET /halozatok/index.html HTTP/1.1" 200 5818 "-" "Mozilla/5.0 (compatible; MJ12bot/v1.4.8; http://mj12bot.com/)"
178.150.14.250 - - [07/May/2022:04:45:15 +0200] "GET /halozatok/kerekasztal/memo3/index.html HTTP/1.1" 200 8909 "-" "Mozilla/5.0 (compatible; MJ12bot/v1.4.8; http://mj12bot.com/)"
178.150.14.250 - - [07/May/2022:04:45:20 +0200] "GET /halozatok/kerekasztal/memo5/index.html HTTP/1.1" 200 11742 "-" "Mozilla/5.0 (compatible; MJ12bot/v1.4.8; http://mj12bot.com/)"
178.150.14.250 - - [07/May/2022:04:45:29 +0200] "GET /halozatok/muhely/index.html HTTP/1.1" 200 12478 "-" "Mozilla/5.0 (compatible; MJ12bot/v1.4.8; http://mj12bot.com/)"
178.150.14.250 - - [07/May/2022:04:45:34 +0200] "GET /halozatok/muhely/tagok/index.html HTTP/1.1" 200 25134 "-" "Mozilla/5.0 (compatible; MJ12bot/v1.4.8; http://mj12bot.com/)"
178.150.14.250 - - [07/May/2022:04:45:41 +0200] "GET /konferenciak/040memo/index.html HTTP/1.1" 200 33575 "-" "Mozilla/5.0 (compatible; MJ12bot/v1.4.8; http://mj12bot.com/)"
178.150.14.250 - - [07/May/2022:04:45:48 +0200] "GET /konferenciak/041memo/index.html HTTP/1.1" 200 34889 "-" "Mozilla/5.0 (compatible; MJ12bot/v1.4.8; http://mj12bot.com/)"
178.150.14.250 - - [07/May/2022:04:45:55 +0200] "GET /konferenciak/042memo/index.html HTTP/1.1" 200 15379 "-" "Mozilla/5.0 (compatible; MJ12bot/v1.4.8; http://mj12bot.com/)"
178.150.14.250 - - [07/May/2022:04:46:05 +0200] "GET /konferenciak/05emla/index.html HTTP/1.1" 200 22316 "-" "Mozilla/5.0 (compatible; MJ12bot/v1.4.8; http://mj12bot.com/)"
178.150.14.250 - - [07/May/2022:04:46:16 +0200] "GET /konferenciak/06egszb/index.html HTTP/1.1" 200 15880 "-" "Mozilla/5.0 (compatible; MJ12bot/v1.4.8; http://mj12bot.com/)"
178.150.14.250 - - [07/May/2022:04:46:21 +0200] "GET /konferenciak/07egszbbesz/07egszbpr/index.html HTTP/1.1" 200 13538 "-" "Mozilla/5.0 (compatible; MJ12bot/v1.4.8; http://mj12bot.com/)"
178.150.14.250 - - [07/May/2022:04:46:29 +0200] "GET /konferenciak/2konferencia/index.html HTTP/1.1" 200 7142 "-" "Mozilla/5.0 (compatible; MJ12bot/v1.4.8; http://mj12bot.com/)"
178.150.14.250 - - [07/May/2022:04:46:34 +0200] "GET /konferenciak/konferencia3/index.html HTTP/1.1" 200 25940 "-" "Mozilla/5.0 (compatible; MJ12bot/v1.4.8; http://mj12bot.com/)"
178.150.14.250 - - [07/May/2022:04:46:42 +0200] "GET /szervezet/index.html HTTP/1.1" 200 7605 "-" "Mozilla/5.0 (compatible; MJ12bot/v1.4.8; http://mj12bot.com/)"
178.150.14.250 - - [07/May/2022:04:46:44 +0200] "GET /robots.txt HTTP/1.1" 404 1181 "-" "Mozilla/5.0 (compatible; MJ12bot/v1.4.8; http://mj12bot.com/)"
178.150.14.250 - - [07/May/2022:04:46:50 +0200] "GET /3kutat/REVkutatas/2menedzsment/index.html HTTP/1.1" 200 146149 "-" "Mozilla/5.0 (compatible; MJ12bot/v1.4.8; http://mj12bot.com/)"
178.150.14.250 - - [07/May/2022:04:46:57 +0200] "GET /3kutat/REVkutatas/5PR/index.html HTTP/1.1" 200 50021 "-" "Mozilla/5.0 (compatible; MJ12bot/v1.4.8; http://mj12bot.com/)"
178.150.14.250 - - [07/May/2022:04:47:07 +0200] "GET /aktualis/105onk/index.html HTTP/1.1" 200 65506 "-" "Mozilla/5.0 (compatible; MJ12bot/v1.4.8; http://mj12bot.com/)"
178.150.14.250 - - [07/May/2022:04:47:14 +0200] "GET /aktualis/106GSZTcivil/GSZTinfo/index.html HTTP/1.1" 200 21761 "-" "Mozilla/5.0 (compatible; MJ12bot/v1.4.8; http://mj12bot.com/)"
178.150.14.250 - - [07/May/2022:04:47:23 +0200] "GET /aktualis/108autopalya/level/index.html HTTP/1.1" 200 61871 "-" "Mozilla/5.0 (compatible; MJ12bot/v1.4.8; http://mj12bot.com/)"
178.150.14.250 - - [07/May/2022:04:47:29 +0200] "GET /angol/followup/index.html HTTP/1.1" 200 9852 "-" "Mozilla/5.0 (compatible; MJ12bot/v1.4.8; http://mj12bot.com/)"
178.150.14.250 - - [07/May/2022:04:47:36 +0200] "GET /halozatok/muhely/belepes/index.html HTTP/1.1" 200 4602 "-" "Mozilla/5.0 (compatible; MJ12bot/v1.4.8; http://mj12bot.com/)"
178.150.14.250 - - [07/May/2022:04:47:43 +0200] "GET /halozatok/muhely/tagok/index.html HTTP/1.1" 200 25134 "-" "Mozilla/5.0 (compatible; MJ12bot/v1.4.8; http://mj12bot.com/)"
178.150.14.250 - - [07/May/2022:04:47:50 +0200] "GET /konferenciak/042memo/index.html HTTP/1.1" 200 15379 "-" "Mozilla/5.0 (compatible; MJ12bot/v1.4.8; http://mj12bot.com/)"
178.150.14.250 - - [07/May/2022:04:47:57 +0200] "GET /konferenciak/05emla/index.html HTTP/1.1" 200 22316 "-" "Mozilla/5.0 (compatible; MJ12bot/v1.4.8; http://mj12bot.com/)"
178.150.14.250 - - [07/May/2022:04:48:02 +0200] "GET /konferenciak/06egszb/index.html HTTP/1.1" 200 15880 "-" "Mozilla/5.0 (compatible; MJ12bot/v1.4.8; http://mj12bot.com/)"
178.150.14.250 - - [07/May/2022:04:48:09 +0200] "GET /konferenciak/06egszb/program/index.html HTTP/1.1" 200 10050 "-" "Mozilla/5.0 (compatible; MJ12bot/v1.4.8; http://mj12bot.com/)"
178.150.14.250 - - [07/May/2022:04:48:16 +0200] "GET /konferenciak/2konferencia/2resztvevok/index.html HTTP/1.1" 200 150584 "-" "Mozilla/5.0 (compatible; MJ12bot/v1.4.8; http://mj12bot.com/)"
178.150.14.250 - - [07/May/2022:04:48:23 +0200] "GET /konferenciak/konferencia3/index.html HTTP/1.1" 200 25940 "-" "Mozilla/5.0 (compatible; MJ12bot/v1.4.8; http://mj12bot.com/)"
178.150.14.250 - - [07/May/2022:04:48:31 +0200] "GET /new/en/dossiers/sample-dossier-content HTTP/1.1" 200 6917 "-" "Mozilla/5.0 (compatible; MJ12bot/v1.4.8; http://mj12bot.com/)"
178.150.14.250 - - [07/May/2022:04:48:35 +0200] "GET /new/en/projects/sample-project HTTP/1.1" 200 7174 "-" "Mozilla/5.0 (compatible; MJ12bot/v1.4.8; http://mj12bot.com/)"
20.77.49.95 - - [07/May/2022:05:01:59 +0200] "HEAD / HTTP/1.1" 200 0 "-" "Mozilla/5.0 (Linux; U; Android 4.4.2; en-US; HM NOTE 1W Build/KOT49H) AppleWebKit/534.30 (KHTML, like Gecko) Version/4.0 UCBrowser/11.0.5.850 U3/0.8.0 Mobile Safari/534.30"
20.77.49.95 - - [07/May/2022:05:02:01 +0200] "GET /info.php HTTP/1.1" 404 1181 "-" "Mozilla/5.0 (Linux; U; Android 4.4.2; en-US; HM NOTE 1W Build/KOT49H) AppleWebKit/534.30 (KHTML, like Gecko) Version/4.0 UCBrowser/11.0.5.850 U3/0.8.0 Mobile Safari/534.30"
20.77.49.95 - - [07/May/2022:05:02:02 +0200] "GET /phpinfo.php HTTP/1.1" 404 1181 "-" "Mozilla/5.0 (Linux; U; Android 4.4.2; en-US; HM NOTE 1W Build/KOT49H) AppleWebKit/534.30 (KHTML, like Gecko) Version/4.0 UCBrowser/11.0.5.850 U3/0.8.0 Mobile Safari/534.30"
20.77.49.95 - - [07/May/2022:05:02:09 +0200] "GET /_profiler/phpinfo HTTP/1.1" 404 1181 "-" "Mozilla/5.0 (Linux; U; Android 4.4.2; en-US; HM NOTE 1W Build/KOT49H) AppleWebKit/534.30 (KHTML, like Gecko) Version/4.0 UCBrowser/11.0.5.850 U3/0.8.0 Mobile Safari/534.30"
20.77.49.95 - - [07/May/2022:05:02:09 +0200] "GET /debug/default/view?panel=config HTTP/1.1" 404 1181 "-" "Mozilla/5.0 (Linux; U; Android 4.4.2; en-US; HM NOTE 1W Build/KOT49H) AppleWebKit/534.30 (KHTML, like Gecko) Version/4.0 UCBrowser/11.0.5.850 U3/0.8.0 Mobile Safari/534.30"
212.237.53.115 - - [07/May/2022:05:05:27 +0200] "HEAD / HTTP/1.1" 200 0 "-" "Alert_Alligator_webmonitoring_service_1.6.4_(alertalligator.com)"
54.36.148.194 - - [07/May/2022:05:44:54 +0200] "GET /halozatok/JMCS/memo/04/index.html HTTP/1.1" 200 15900 "-" "Mozilla/5.0 (compatible; AhrefsBot/7.0; +http://ahrefs.com/robot/)"
185.191.171.7 - - [07/May/2022:05:46:49 +0200] "GET /robots.txt HTTP/1.1" 404 1181 "-" "Mozilla/5.0 (compatible; SemrushBot/7~bl; +http://www.semrush.com/bot.html)"
185.191.171.18 - - [07/May/2022:05:46:52 +0200] "GET /new/en/news/association-laws-and-operation HTTP/1.1" 200 8093 "-" "Mozilla/5.0 (compatible; SemrushBot/7~bl; +http://www.semrush.com/bot.html)"
66.249.72.217 - - [07/May/2022:06:01:29 +0200] "GET /robots.txt HTTP/1.1" 404 1181 "-" "Mozilla/5.0 (compatible; Googlebot/2.1; +http://www.google.com/bot.html)"
66.249.72.219 - - [07/May/2022:06:01:30 +0200] "GET /foldes.dbk.pdf HTTP/1.1" 200 160016 "-" "Mozilla/5.0 (Linux; Android 6.0.1; Nexus 5X Build/MMB29P) AppleWebKit/537.36 (KHTML, like Gecko) Chrome/101.0.4951.54 Mobile Safari/537.36 (compatible; Googlebot/2.1; +http://www.google.com/bot.html)"
212.237.53.115 - - [07/May/2022:06:03:35 +0200] "HEAD / HTTP/1.1" 200 0 "-" "Alert_Alligator_webmonitoring_service_1.6.4_(alertalligator.com)"
198.235.24.26 - - [07/May/2022:06:09:46 +0200] "GET / HTTP/1.1" 200 1010 "-" "Expanse, a Palo Alto Networks company, searches across the global IPv4 space multiple times per day to identify customers' presences on the Internet. If you would like to be excluded from our scans, please send IP addresses/domains to: scaninfo@paloaltonetworks.com"
66.249.72.215 - - [07/May/2022:06:13:18 +0200] "GET /aktualis/105onk/index.html HTTP/1.1" 200 65506 "-" "Mozilla/5.0 (Linux; Android 6.0.1; Nexus 5X Build/MMB29P) AppleWebKit/537.36 (KHTML, like Gecko) Chrome/101.0.4951.54 Mobile Safari/537.36 (compatible; Googlebot/2.1; +http://www.google.com/bot.html)"
135.181.180.59 - - [07/May/2022:06:44:49 +0200] "GET /robots.txt HTTP/1.1" 404 1181 "-" "Mozilla/5.0 (compatible; MJ12bot/v1.4.8; http://mj12bot.com/)"
135.181.180.59 - - [07/May/2022:06:44:51 +0200] "GET /index.html HTTP/1.1" 200 1010 "-" "Mozilla/5.0 (compatible; MJ12bot/v1.4.8; http://mj12bot.com/)"
216.244.66.229 - - [07/May/2022:06:46:30 +0200] "GET /robots.txt HTTP/1.1" 404 1181 "-" "Mozilla/5.0 (compatible; DotBot/1.2; +https://opensiteexplorer.org/dotbot; help@moz.com)"
216.244.66.229 - - [07/May/2022:06:49:54 +0200] "GET /angol/index.html HTTP/1.1" 200 13458 "-" "Mozilla/5.0 (compatible; DotBot/1.2; +https://opensiteexplorer.org/dotbot; help@moz.com)"
216.244.66.229 - - [07/May/2022:06:53:56 +0200] "GET /new/en/news/starting-project-support-hungarian-non-profit-sector HTTP/1.1" 200 8080 "-" "Mozilla/5.0 (compatible; DotBot/1.2; +https://opensiteexplorer.org/dotbot; help@moz.com)"
216.244.66.229 - - [07/May/2022:07:02:15 +0200] "GET /new/sites/default/files/NOSZA%20K%C3%B6zhaszn%C3%BA%20jelent%C3%A9s%202015.pdf HTTP/1.1" 200 2023694 "-" "Mozilla/5.0 (compatible; DotBot/1.2; +https://opensiteexplorer.org/dotbot; help@moz.com)"
49.12.13.109 - - [07/May/2022:07:02:48 +0200] "HEAD / HTTP/1.1" 200 0 "-" "Alert_Alligator_webmonitoring_service_1.6.3_(alertalligator.com)"
54.36.148.194 - - [07/May/2022:07:03:54 +0200] "GET /new/en/dossiers HTTP/1.1" 200 7967 "-" "Mozilla/5.0 (compatible; AhrefsBot/7.0; +http://ahrefs.com/robot/)"
66.249.72.215 - - [07/May/2022:07:12:31 +0200] "GET /new/en/about_us/our_staff HTTP/1.1" 200 8901 "-" "Mozilla/5.0 (Linux; Android 6.0.1; Nexus 5X Build/MMB29P) AppleWebKit/537.36 (KHTML, like Gecko) Chrome/101.0.4951.54 Mobile Safari/537.36 (compatible; Googlebot/2.1; +http://www.google.com/bot.html)"
185.191.171.41 - - [07/May/2022:07:27:30 +0200] "GET /robots.txt HTTP/1.1" 404 1181 "-" "Mozilla/5.0 (compatible; SemrushBot/7~bl; +http://www.semrush.com/bot.html)"
185.191.171.39 - - [07/May/2022:07:27:31 +0200] "GET / HTTP/1.1" 200 1010 "-" "Mozilla/5.0 (compatible; SemrushBot/7~bl; +http://www.semrush.com/bot.html)"
185.191.171.1 - - [07/May/2022:07:29:54 +0200] "GET /robots.txt HTTP/1.1" 404 1181 "-" "Mozilla/5.0 (compatible; SemrushBot/7~bl; +http://www.semrush.com/bot.html)"
185.191.171.22 - - [07/May/2022:07:29:55 +0200] "GET /angol/index.html HTTP/1.1" 200 13458 "-" "Mozilla/5.0 (compatible; SemrushBot/7~bl; +http://www.semrush.com/bot.html)"
216.244.66.229 - - [07/May/2022:07:39:42 +0200] "GET /robots.txt HTTP/1.1" 404 1181 "-" "Mozilla/5.0 (compatible; DotBot/1.2; +https://opensiteexplorer.org/dotbot; help@moz.com)"
216.244.66.229 - - [07/May/2022:07:43:14 +0200] "GET /konferenciak/index.html HTTP/1.1" 200 26837 "-" "Mozilla/5.0 (compatible; DotBot/1.2; +https://opensiteexplorer.org/dotbot; help@moz.com)"
212.237.51.151 - - [07/May/2022:07:49:22 +0200] "HEAD / HTTP/1.1" 200 0 "-" "Alert_Alligator_webmonitoring_service_1.6.4_(alertalligator.com)"
207.46.13.114 - - [07/May/2022:08:34:53 +0200] "GET / HTTP/1.1" 200 1010 "-" "Mozilla/5.0 (compatible; bingbot/2.0; +http://www.bing.com/bingbot.htm)"
207.46.13.52 - - [07/May/2022:08:42:18 +0200] "GET /new/projektek/m%C5%B1k%C3%B6d%C3%A9si-p%C3%A1ly%C3%A1zat-2017-18 HTTP/1.1" 200 11920 "-" "Mozilla/5.0 (compatible; bingbot/2.0; +http://www.bing.com/bingbot.htm)"
193.188.21.82 - - [07/May/2022:08:42:31 +0200] "GET / HTTP/1.1" 200 1010 "-" "Mozilla/4.0 (compatible; MSIE 6.0; Windows NT 5.1; SV1)"
49.12.13.109 - - [07/May/2022:08:48:26 +0200] "HEAD / HTTP/1.1" 200 0 "-" "Alert_Alligator_webmonitoring_service_1.6.3_(alertalligator.com)"
54.36.148.194 - - [07/May/2022:08:54:35 +0200] "GET /new/en/rss.xml HTTP/1.1" 200 10708 "-" "Mozilla/5.0 (compatible; AhrefsBot/7.0; +http://ahrefs.com/robot/)"
66.249.72.219 - - [07/May/2022:09:10:03 +0200] "GET /aktualis/109kozigazg/index.html HTTP/1.1" 200 7627 "-" "Mozilla/5.0 (Linux; Android 6.0.1; Nexus 5X Build/MMB29P) AppleWebKit/537.36 (KHTML, like Gecko) Chrome/101.0.4951.54 Mobile Safari/537.36 (compatible; Googlebot/2.1; +http://www.google.com/bot.html)"
65.108.195.215 - - [07/May/2022:09:17:58 +0200] "GET /robots.txt HTTP/1.1" 404 1181 "-" "Mozilla/5.0 (compatible; MJ12bot/v1.4.8; http://mj12bot.com/)"
65.108.195.215 - - [07/May/2022:09:18:00 +0200] "GET /aktualis/1gyikNCA/szervezet/index.html HTTP/1.1" 200 23952 "-" "Mozilla/5.0 (compatible; MJ12bot/v1.4.8; http://mj12bot.com/)"
216.244.66.229 - - [07/May/2022:09:27:21 +0200] "GET /robots.txt HTTP/1.1" 404 1181 "-" "Mozilla/5.0 (compatible; DotBot/1.2; +https://opensiteexplorer.org/dotbot; help@moz.com)"
216.244.66.229 - - [07/May/2022:09:30:54 +0200] "GET /new/publikaciok/2008 HTTP/1.1" 200 9395 "-" "Mozilla/5.0 (compatible; DotBot/1.2; +https://opensiteexplorer.org/dotbot; help@moz.com)"
212.237.51.151 - - [07/May/2022:09:31:27 +0200] "HEAD / HTTP/1.1" 200 0 "-" "Alert_Alligator_webmonitoring_service_1.6.4_(alertalligator.com)"
216.244.66.229 - - [07/May/2022:09:34:39 +0200] "GET /new/en/news/founding-deeds-and-operation-foundations HTTP/1.1" 200 8139 "-" "Mozilla/5.0 (compatible; DotBot/1.2; +https://opensiteexplorer.org/dotbot; help@moz.com)"
123.125.109.102 - - [07/May/2022:09:37:00 +0200] "GET / HTTP/1.1" 200 1010 "-" "Sogou web spider/4.0(+http://www.sogou.com/docs/help/webmasters.htm#07)"
207.46.13.114 - - [07/May/2022:10:00:21 +0200] "GET /JMCS/tagok/index.html HTTP/1.1" 200 64967 "-" "Mozilla/5.0 (compatible; bingbot/2.0; +http://www.bing.com/bingbot.htm)"
54.36.148.194 - - [07/May/2022:10:09:20 +0200] "GET /new/en/news/starting-project-support-hungarian-non-profit-sector HTTP/1.1" 200 8080 "-" "Mozilla/5.0 (compatible; AhrefsBot/7.0; +http://ahrefs.com/robot/)"
49.12.13.109 - - [07/May/2022:10:15:36 +0200] "HEAD / HTTP/1.1" 200 0 "-" "Alert_Alligator_webmonitoring_service_1.6.4_(alertalligator.com)"
216.244.66.229 - - [07/May/2022:10:21:40 +0200] "GET /robots.txt HTTP/1.1" 404 1181 "-" "Mozilla/5.0 (compatible; DotBot/1.2; +https://opensiteexplorer.org/dotbot; help@moz.com)"
185.191.171.22 - - [07/May/2022:10:24:29 +0200] "GET /robots.txt HTTP/1.1" 404 1181 "-" "Mozilla/5.0 (compatible; SemrushBot/7~bl; +http://www.semrush.com/bot.html)"
185.191.171.45 - - [07/May/2022:10:24:33 +0200] "GET /new/hirek/publikaciok HTTP/1.1" 200 17124 "-" "Mozilla/5.0 (compatible; SemrushBot/7~bl; +http://www.semrush.com/bot.html)"
216.244.66.229 - - [07/May/2022:10:25:41 +0200] "GET /new/en/news/2018 HTTP/1.1" 200 15657 "-" "Mozilla/5.0 (compatible; DotBot/1.2; +https://opensiteexplorer.org/dotbot; help@moz.com)"
51.75.241.40 - - [07/May/2022:10:26:05 +0200] "GET /robots.txt HTTP/1.1" 404 1181 "-" "INETDEX-BOT/1.5 (Mozilla/5.0; https://inetdex.com/; info at inetdex dot com)"
51.75.241.40 - - [07/May/2022:10:26:06 +0200] "GET /new/publikaciok HTTP/1.1" 200 11778 "-" "INETDEX-BOT/1.5 (Mozilla/5.0; https://inetdex.com/; info at inetdex dot com)"
124.223.196.50 - - [07/May/2022:10:28:56 +0200] "GET / HTTP/1.1" 200 1010 "-" "Mozilla/5.0 (Linux; Android 6.0; Nexus 5 Build/MRA58N) AppleWebKit/537.36 (KHTML, like Gecko) Chrome/81.0.4044.138 Mobile Safari/537.36"
216.244.66.229 - - [07/May/2022:10:36:08 +0200] "GET /new/sites/default/files/NOSZA%20K%C3%B6zhaszn%C3%BA%20Jelent%C3%A9s%202008.pdf HTTP/1.1" 200 105443 "-" "Mozilla/5.0 (compatible; DotBot/1.2; +https://opensiteexplorer.org/dotbot; help@moz.com)"
124.223.196.50 - - [07/May/2022:10:36:20 +0200] "GET / HTTP/1.1" 200 1010 "-" "Mozilla/5.0 (Linux; Android 6.0; Nexus 5 Build/MRA58N) AppleWebKit/537.36 (KHTML, like Gecko) Chrome/81.0.4044.138 Mobile Safari/537.36"
66.249.72.215 - - [07/May/2022:10:38:21 +0200] "GET /kutat/REVkutatas/3gazdalkodas/index.html HTTP/1.1" 304 - "-" "Mozilla/5.0 (Linux; Android 6.0.1; Nexus 5X Build/MMB29P) AppleWebKit/537.36 (KHTML, like Gecko) Chrome/101.0.4951.54 Mobile Safari/537.36 (compatible; Googlebot/2.1; +http://www.google.com/bot.html)"
51.140.246.111 - - [07/May/2022:10:49:31 +0200] "GET /.env HTTP/1.1" 404 1181 "-" "Mozilla/5.0 (Macintosh; Intel Mac OS X 10.15; rv:77.0) Gecko/20100101 Firefox/77.0"
51.75.241.40 - - [07/May/2022:10:59:15 +0200] "GET /new/dossziek HTTP/1.1" 200 9972 "-" "INETDEX-BOT/1.5 (Mozilla/5.0; https://inetdex.com/; info at inetdex dot com)"
212.237.53.115 - - [07/May/2022:11:17:25 +0200] "HEAD / HTTP/1.1" 200 0 "-" "Alert_Alligator_webmonitoring_service_1.6.4_(alertalligator.com)"
185.191.171.13 - - [07/May/2022:11:33:31 +0200] "GET /robots.txt HTTP/1.1" 404 1181 "-" "Mozilla/5.0 (compatible; SemrushBot/7~bl; +http://www.semrush.com/bot.html)"
185.191.171.33 - - [07/May/2022:11:33:31 +0200] "GET /konferenciak/06egszb/index.html HTTP/1.1" 200 15880 "-" "Mozilla/5.0 (compatible; SemrushBot/7~bl; +http://www.semrush.com/bot.html)"
207.46.13.114 - - [07/May/2022:11:42:43 +0200] "GET /new/magunkrol/tamogatoink HTTP/1.1" 200 11642 "-" "Mozilla/5.0 (compatible; bingbot/2.0; +http://www.bing.com/bingbot.htm)"
40.77.167.43 - - [07/May/2022:11:43:00 +0200] "GET /new/modules/node/node.css?l HTTP/1.1" 200 740 "-" "Mozilla/5.0 (compatible; bingbot/2.0; +http://www.bing.com/bingbot.htm)"
207.46.13.114 - - [07/May/2022:11:43:00 +0200] "GET /new/sites/all/modules/cck/theme/content-module.css?l HTTP/1.1" 200 2397 "-" "Mozilla/5.0 (compatible; bingbot/2.0; +http://www.bing.com/bingbot.htm)"
207.46.13.203 - - [07/May/2022:11:43:01 +0200] "GET /new/modules/filefield/filefield.css?l HTTP/1.1" 200 1986 "-" "Mozilla/5.0 (compatible; bingbot/2.0; +http://www.bing.com/bingbot.htm)"
40.77.167.43 - - [07/May/2022:11:43:02 +0200] "GET /new/sites/default/themes/nosza/scripts/search.js HTTP/1.1" 200 466 "-" "Mozilla/5.0 (compatible; bingbot/2.0; +http://www.bing.com/bingbot.htm)"
207.46.13.76 - - [07/May/2022:11:43:02 +0200] "GET /new/modules/user/user.css?l HTTP/1.1" 200 1127 "-" "Mozilla/5.0 (compatible; bingbot/2.0; +http://www.bing.com/bingbot.htm)"
207.46.13.114 - - [07/May/2022:11:43:02 +0200] "GET /new/sites/default/themes/nosza/css/menu_style.css HTTP/1.1" 200 4749 "-" "Mozilla/5.0 (compatible; bingbot/2.0; +http://www.bing.com/bingbot.htm)"
207.46.13.203 - - [07/May/2022:11:43:04 +0200] "GET /new/modules/system/system.css?l HTTP/1.1" 200 10020 "-" "Mozilla/5.0 (compatible; bingbot/2.0; +http://www.bing.com/bingbot.htm)"
207.46.13.76 - - [07/May/2022:11:43:04 +0200] "GET /new/sites/default/themes/nosza/print.css?l HTTP/1.1" 200 1247 "-" "Mozilla/5.0 AppleWebKit/537.36 (KHTML, like Gecko; compatible; bingbot/2.0; +http://www.bing.com/bingbot.htm) Chrome/100.0.4896.127 Safari/537.36"
157.55.39.88 - - [07/May/2022:11:43:05 +0200] "GET /new/modules/system/system-menus.css?l HTTP/1.1" 200 935 "-" "Mozilla/5.0 (compatible; bingbot/2.0; +http://www.bing.com/bingbot.htm)"
207.46.13.203 - - [07/May/2022:11:43:07 +0200] "GET /new/sites/all/modules/cck/modules/fieldgroup/fieldgroup.css?l HTTP/1.1" 200 166 "-" "Mozilla/5.0 (compatible; bingbot/2.0; +http://www.bing.com/bingbot.htm)"
207.46.13.203 - - [07/May/2022:11:43:10 +0200] "GET /new/sites/default/themes/nosza/css/nosza.css?l HTTP/1.1" 200 10555 "-" "Mozilla/5.0 (compatible; bingbot/2.0; +http://www.bing.com/bingbot.htm)"
51.75.241.40 - - [07/May/2022:11:59:35 +0200] "GET /robots.txt HTTP/1.1" 404 1181 "-" "INETDEX-BOT/1.5 (Mozilla/5.0; https://inetdex.com/; info at inetdex dot com)"
51.75.241.40 - - [07/May/2022:11:59:36 +0200] "GET /new/ HTTP/1.1" 200 10256 "-" "INETDEX-BOT/1.5 (Mozilla/5.0; https://inetdex.com/; info at inetdex dot com)"
185.83.146.154 - - [07/May/2022:12:07:48 +0200] "GET /.env HTTP/1.1" 404 1181 "-" "Mozilla/5.0 (X11; Linux x86_64) AppleWebKit/537.36 (KHTML, like Gecko) Chrome/81.0.4044.129 Safari/537.36"
212.237.23.143 - - [07/May/2022:12:13:39 +0200] "HEAD / HTTP/1.1" 200 0 "-" "Alert_Alligator_webmonitoring_service_1.6.4_(alertalligator.com)"
49.12.13.109 - - [07/May/2022:13:12:49 +0200] "HEAD / HTTP/1.1" 200 0 "-" "Alert_Alligator_webmonitoring_service_1.6.3_(alertalligator.com)"
212.237.53.115 - - [07/May/2022:14:09:34 +0200] "HEAD / HTTP/1.1" 200 0 "-" "Alert_Alligator_webmonitoring_service_1.6.4_(alertalligator.com)"
185.191.171.8 - - [07/May/2022:14:14:47 +0200] "GET /robots.txt HTTP/1.1" 404 1181 "-" "Mozilla/5.0 (compatible; SemrushBot/7~bl; +http://www.semrush.com/bot.html)"
