185.191.171.25 - - [16/May/2022:17:56:49 +0200] "GET /robots.txt HTTP/1.1" 404 1181 "-" "Mozilla/5.0 (compatible; SemrushBot/7~bl; +http://www.semrush.com/bot.html)"
185.191.171.34 - - [16/May/2022:17:56:50 +0200] "GET /aktualis/index.html HTTP/1.1" 200 63144 "-" "Mozilla/5.0 (compatible; SemrushBot/7~bl; +http://www.semrush.com/bot.html)"
54.36.148.194 - - [16/May/2022:18:29:52 +0200] "GET /halozatok/kerekasztal/memo5/index.html HTTP/1.1" 200 11742 "-" "Mozilla/5.0 (compatible; AhrefsBot/7.0; +http://ahrefs.com/robot/)"
212.237.53.115 - - [16/May/2022:18:37:39 +0200] "HEAD / HTTP/1.1" 200 0 "-" "Alert_Alligator_webmonitoring_service_1.6.4_(alertalligator.com)"
168.138.13.95 - - [16/May/2022:18:54:50 +0200] "GET / HTTP/1.1" 200 1010 "-" "Mozilla/5.0 (Windows NT 10.0; Win64; x64) AppleWebKit/537.36 (KHTML, like Gecko) Chrome/89.0.4389.114 Safari/537.36"
168.138.13.95 - - [16/May/2022:18:54:51 +0200] "GET / HTTP/1.1" 200 1010 "-" "Mozilla/5.0 (Windows NT 10.0; Win64; x64) AppleWebKit/537.36 (KHTML, like Gecko) Chrome/89.0.4389.114 Safari/537.36"
168.138.13.95 - - [16/May/2022:18:54:51 +0200] "GET /wp-includes/wlwmanifest.xml HTTP/1.1" 404 1181 "-" "Mozilla/5.0 (Windows NT 10.0; Win64; x64) AppleWebKit/537.36 (KHTML, like Gecko) Chrome/89.0.4389.114 Safari/537.36"
168.138.13.95 - - [16/May/2022:18:54:51 +0200] "GET /xmlrpc.php?rsd HTTP/1.1" 404 1181 "-" "Mozilla/5.0 (Windows NT 10.0; Win64; x64) AppleWebKit/537.36 (KHTML, like Gecko) Chrome/89.0.4389.114 Safari/537.36"
168.138.13.95 - - [16/May/2022:18:54:52 +0200] "GET / HTTP/1.1" 200 1010 "-" "Mozilla/5.0 (Windows NT 10.0; Win64; x64) AppleWebKit/537.36 (KHTML, like Gecko) Chrome/89.0.4389.114 Safari/537.36"
168.138.13.95 - - [16/May/2022:18:54:52 +0200] "GET /blog/wp-includes/wlwmanifest.xml HTTP/1.1" 404 1181 "-" "Mozilla/5.0 (Windows NT 10.0; Win64; x64) AppleWebKit/537.36 (KHTML, like Gecko) Chrome/89.0.4389.114 Safari/537.36"
168.138.13.95 - - [16/May/2022:18:54:52 +0200] "GET /web/wp-includes/wlwmanifest.xml HTTP/1.1" 404 1181 "-" "Mozilla/5.0 (Windows NT 10.0; Win64; x64) AppleWebKit/537.36 (KHTML, like Gecko) Chrome/89.0.4389.114 Safari/537.36"
168.138.13.95 - - [16/May/2022:18:54:53 +0200] "GET /wordpress/wp-includes/wlwmanifest.xml HTTP/1.1" 404 1181 "-" "Mozilla/5.0 (Windows NT 10.0; Win64; x64) AppleWebKit/537.36 (KHTML, like Gecko) Chrome/89.0.4389.114 Safari/537.36"
168.138.13.95 - - [16/May/2022:18:54:53 +0200] "GET /website/wp-includes/wlwmanifest.xml HTTP/1.1" 404 1181 "-" "Mozilla/5.0 (Windows NT 10.0; Win64; x64) AppleWebKit/537.36 (KHTML, like Gecko) Chrome/89.0.4389.114 Safari/537.36"
168.138.13.95 - - [16/May/2022:18:54:53 +0200] "GET /wp/wp-includes/wlwmanifest.xml HTTP/1.1" 404 1181 "-" "Mozilla/5.0 (Windows NT 10.0; Win64; x64) AppleWebKit/537.36 (KHTML, like Gecko) Chrome/89.0.4389.114 Safari/537.36"
168.138.13.95 - - [16/May/2022:18:54:54 +0200] "GET /news/wp-includes/wlwmanifest.xml HTTP/1.1" 404 1181 "-" "Mozilla/5.0 (Windows NT 10.0; Win64; x64) AppleWebKit/537.36 (KHTML, like Gecko) Chrome/89.0.4389.114 Safari/537.36"
168.138.13.95 - - [16/May/2022:18:54:54 +0200] "GET /2020/wp-includes/wlwmanifest.xml HTTP/1.1" 404 1181 "-" "Mozilla/5.0 (Windows NT 10.0; Win64; x64) AppleWebKit/537.36 (KHTML, like Gecko) Chrome/89.0.4389.114 Safari/537.36"
168.138.13.95 - - [16/May/2022:18:54:54 +0200] "GET /2019/wp-includes/wlwmanifest.xml HTTP/1.1" 404 1181 "-" "Mozilla/5.0 (Windows NT 10.0; Win64; x64) AppleWebKit/537.36 (KHTML, like Gecko) Chrome/89.0.4389.114 Safari/537.36"
168.138.13.95 - - [16/May/2022:18:54:55 +0200] "GET /shop/wp-includes/wlwmanifest.xml HTTP/1.1" 404 1181 "-" "Mozilla/5.0 (Windows NT 10.0; Win64; x64) AppleWebKit/537.36 (KHTML, like Gecko) Chrome/89.0.4389.114 Safari/537.36"
168.138.13.95 - - [16/May/2022:18:54:55 +0200] "GET /wp1/wp-includes/wlwmanifest.xml HTTP/1.1" 404 1181 "-" "Mozilla/5.0 (Windows NT 10.0; Win64; x64) AppleWebKit/537.36 (KHTML, like Gecko) Chrome/89.0.4389.114 Safari/537.36"
168.138.13.95 - - [16/May/2022:18:54:55 +0200] "GET /test/wp-includes/wlwmanifest.xml HTTP/1.1" 404 1181 "-" "Mozilla/5.0 (Windows NT 10.0; Win64; x64) AppleWebKit/537.36 (KHTML, like Gecko) Chrome/89.0.4389.114 Safari/537.36"
168.138.13.95 - - [16/May/2022:18:54:56 +0200] "GET /wp2/wp-includes/wlwmanifest.xml HTTP/1.1" 404 1181 "-" "Mozilla/5.0 (Windows NT 10.0; Win64; x64) AppleWebKit/537.36 (KHTML, like Gecko) Chrome/89.0.4389.114 Safari/537.36"
168.138.13.95 - - [16/May/2022:18:54:56 +0200] "GET /site/wp-includes/wlwmanifest.xml HTTP/1.1" 404 1181 "-" "Mozilla/5.0 (Windows NT 10.0; Win64; x64) AppleWebKit/537.36 (KHTML, like Gecko) Chrome/89.0.4389.114 Safari/537.36"
168.138.13.95 - - [16/May/2022:18:54:57 +0200] "GET /cms/wp-includes/wlwmanifest.xml HTTP/1.1" 404 1181 "-" "Mozilla/5.0 (Windows NT 10.0; Win64; x64) AppleWebKit/537.36 (KHTML, like Gecko) Chrome/89.0.4389.114 Safari/537.36"
168.138.13.95 - - [16/May/2022:18:54:57 +0200] "GET /sito/wp-includes/wlwmanifest.xml HTTP/1.1" 404 1181 "-" "Mozilla/5.0 (Windows NT 10.0; Win64; x64) AppleWebKit/537.36 (KHTML, like Gecko) Chrome/89.0.4389.114 Safari/537.36"
66.249.64.19 - - [16/May/2022:19:07:23 +0200] "GET /robots.txt HTTP/1.1" 404 1181 "-" "Mozilla/5.0 (compatible; Googlebot/2.1; +http://www.google.com/bot.html)"
66.249.64.18 - - [16/May/2022:19:07:23 +0200] "GET /3kutat/REVkutatas/index.html HTTP/1.1" 200 14896 "-" "Mozilla/5.0 (Linux; Android 6.0.1; Nexus 5X Build/MMB29P) AppleWebKit/537.36 (KHTML, like Gecko) Chrome/101.0.4951.64 Mobile Safari/537.36 (compatible; Googlebot/2.1; +http://www.google.com/bot.html)"
212.237.53.115 - - [16/May/2022:19:28:52 +0200] "HEAD / HTTP/1.1" 200 0 "-" "Alert_Alligator_webmonitoring_service_1.6.4_(alertalligator.com)"
185.191.171.43 - - [16/May/2022:20:20:26 +0200] "GET /robots.txt HTTP/1.1" 404 1181 "-" "Mozilla/5.0 (compatible; SemrushBot/7~bl; +http://www.semrush.com/bot.html)"
185.191.171.39 - - [16/May/2022:20:20:30 +0200] "GET /aktualis/012autopalya/index.html HTTP/1.1" 200 7450 "-" "Mozilla/5.0 (compatible; SemrushBot/7~bl; +http://www.semrush.com/bot.html)"
49.12.13.109 - - [16/May/2022:20:28:52 +0200] "HEAD / HTTP/1.1" 200 0 "-" "Alert_Alligator_webmonitoring_service_1.6.3_(alertalligator.com)"
40.77.167.11 - - [16/May/2022:20:42:18 +0200] "GET / HTTP/1.1" 200 1010 "-" "Mozilla/5.0 (compatible; bingbot/2.0; +http://www.bing.com/bingbot.htm)"
207.46.13.140 - - [16/May/2022:20:44:10 +0200] "GET /konferenciak/06egszbr/index.html HTTP/1.1" 304 - "-" "Mozilla/5.0 (compatible; bingbot/2.0; +http://www.bing.com/bingbot.htm)"
54.36.148.194 - - [16/May/2022:21:10:41 +0200] "GET / HTTP/1.1" 200 1010 "-" "Mozilla/5.0 (compatible; AhrefsBot/7.0; +http://ahrefs.com/robot/)"
1.192.195.8 - - [16/May/2022:21:21:36 +0200] "GET / HTTP/1.1" 200 1010 "http://nosza.hu/" "Mozilla/5.0(compatible;MSIE9.0;WindowsNT6.1;Trident/5.0)"
185.191.171.2 - - [16/May/2022:21:24:18 +0200] "GET /robots.txt HTTP/1.1" 404 1181 "-" "Mozilla/5.0 (compatible; SemrushBot/7~bl; +http://www.semrush.com/bot.html)"
185.191.171.36 - - [16/May/2022:21:24:18 +0200] "GET /halozatok/JMCS/memo/index.html HTTP/1.1" 200 15271 "-" "Mozilla/5.0 (compatible; SemrushBot/7~bl; +http://www.semrush.com/bot.html)"
212.237.23.143 - - [16/May/2022:21:27:54 +0200] "HEAD / HTTP/1.1" 200 0 "-" "Alert_Alligator_webmonitoring_service_1.6.4_(alertalligator.com)"
114.119.136.143 - - [16/May/2022:21:45:41 +0200] "GET / HTTP/1.1" 200 1010 "-" "Mozilla/5.0 (Linux; Android 7.0;) AppleWebKit/537.36 (KHTML, like Gecko) Mobile Safari/537.36 (compatible; PetalBot;+https://webmaster.petalsearch.com/site/petalbot)"
212.237.23.143 - - [16/May/2022:22:23:23 +0200] "HEAD / HTTP/1.1" 200 0 "-" "Alert_Alligator_webmonitoring_service_1.6.4_(alertalligator.com)"
45.129.18.77 - - [16/May/2022:22:34:36 +0200] "HEAD / HTTP/1.1" 200 0 "-" "Mozilla/5.0 (Macintosh; Intel Mac OS X 10_9_3) AppleWebKit/537.36 (KHTML, like Gecko) Chrome/35.0.1916.47 Safari/537.36"
95.163.255.160 - - [16/May/2022:23:00:04 +0200] "GET /robots.txt HTTP/1.0" 404 1181 "-" "Mozilla/5.0 (compatible; Linux x86_64; Mail.RU_Bot/2.0; +https://help.mail.ru/webmaster/indexing/robots)"
95.163.255.170 - - [16/May/2022:23:00:07 +0200] "GET /new/sites/default/themes/nosza/images/dossiers_eng.jpg HTTP/1.1" 304 - "-" "Mozilla/5.0 (compatible; Linux x86_64; Mail.RU_Bot/2.0; +https://help.mail.ru/webmaster/indexing/robots)"
212.237.51.151 - - [16/May/2022:23:05:08 +0200] "HEAD / HTTP/1.1" 200 0 "-" "Alert_Alligator_webmonitoring_service_1.6.4_(alertalligator.com)"
54.36.149.7 - - [16/May/2022:23:15:21 +0200] "GET /robots.txt HTTP/1.1" 404 1181 "-" "Mozilla/5.0 (compatible; AhrefsBot/7.0; +http://ahrefs.com/robot/)"
54.36.148.194 - - [16/May/2022:23:30:37 +0200] "GET /angol/EESCconf/index.html HTTP/1.1" 200 12425 "-" "Mozilla/5.0 (compatible; AhrefsBot/7.0; +http://ahrefs.com/robot/)"
185.191.171.26 - - [16/May/2022:23:43:04 +0200] "GET /robots.txt HTTP/1.1" 404 1181 "-" "Mozilla/5.0 (compatible; SemrushBot/7~bl; +http://www.semrush.com/bot.html)"
185.191.171.26 - - [16/May/2022:23:43:07 +0200] "GET /new/content/dossziek HTTP/1.1" 404 7629 "-" "Mozilla/5.0 (compatible; SemrushBot/7~bl; +http://www.semrush.com/bot.html)"
17.121.112.76 - - [16/May/2022:23:46:24 +0200] "GET /robots.txt HTTP/1.1" 404 1181 "-" "Mozilla/5.0 (Macintosh; Intel Mac OS X 10_15_5) AppleWebKit/605.1.15 (KHTML, like Gecko) Version/13.1.1 Safari/605.1.15 (Applebot/0.1; +http://www.apple.com/go/applebot)"
17.121.112.76 - - [16/May/2022:23:46:26 +0200] "GET /new/ HTTP/1.1" 200 10256 "-" "Mozilla/5.0 (Macintosh; Intel Mac OS X 10_15_5) AppleWebKit/605.1.15 (KHTML, like Gecko) Version/13.1.1 Safari/605.1.15 (Applebot/0.1; +http://www.apple.com/go/applebot)"
212.237.51.151 - - [16/May/2022:23:48:43 +0200] "HEAD / HTTP/1.1" 200 0 "-" "Alert_Alligator_webmonitoring_service_1.6.4_(alertalligator.com)"
212.237.51.151 - - [17/May/2022:00:32:12 +0200] "HEAD / HTTP/1.1" 200 0 "-" "Alert_Alligator_webmonitoring_service_1.6.4_(alertalligator.com)"
185.191.171.45 - - [17/May/2022:00:35:41 +0200] "GET /new/hirek/2016?page=1 HTTP/1.1" 200 14140 "-" "Mozilla/5.0 (compatible; SemrushBot/7~bl; +http://www.semrush.com/bot.html)"
54.36.148.194 - - [17/May/2022:00:39:38 +0200] "GET /aktualis/1gyikNCA/index.html HTTP/1.1" 200 22264 "-" "Mozilla/5.0 (compatible; AhrefsBot/7.0; +http://ahrefs.com/robot/)"
66.249.64.20 - - [17/May/2022:00:40:18 +0200] "GET /angol/EESCconf/index.html HTTP/1.1" 200 12425 "-" "Mozilla/5.0 (compatible; Googlebot/2.1; +http://www.google.com/bot.html)"
185.191.171.45 - - [17/May/2022:01:23:13 +0200] "GET /robots.txt HTTP/1.1" 404 1181 "-" "Mozilla/5.0 (compatible; SemrushBot/7~bl; +http://www.semrush.com/bot.html)"
185.191.171.7 - - [17/May/2022:01:23:16 +0200] "GET /new/hirek/civil-szervezeteket-%C3%A9rint%C5%91-legfontosabb-jogszab%C3%A1lyv%C3%A1ltoz%C3%A1sok-2017-ben HTTP/1.1" 200 13994 "-" "Mozilla/5.0 (compatible; SemrushBot/7~bl; +http://www.semrush.com/bot.html)"
114.119.145.115 - - [17/May/2022:01:24:18 +0200] "GET /robots.txt HTTP/1.1" 404 1181 "-" "Mozilla/5.0 (compatible;PetalBot;+https://webmaster.petalsearch.com/site/petalbot)"
88.99.238.79 - - [17/May/2022:01:33:46 +0200] "GET /ads.txt HTTP/1.0" 404 1181 "-" "Mozilla/5.0 (Windows NT 10.0; Win64; x64; rv:86.0) Gecko/20100101 Firefox/86.0"
212.237.23.143 - - [17/May/2022:01:35:31 +0200] "HEAD / HTTP/1.1" 200 0 "-" "Alert_Alligator_webmonitoring_service_1.6.4_(alertalligator.com)"
91.233.21.70 - - [17/May/2022:01:44:54 +0200] "GET /.well-known/pki-validation/4E45FB467FC7B09092EE651247628494.txt HTTP/1.1" 404 1181 "-" "COMODO DCV"
91.233.21.70 - - [17/May/2022:01:44:54 +0200] "GET /.well-known/pki-validation/A72AEB4FBE06441036FDE4416D34CF03.txt HTTP/1.1" 404 1181 "-" "COMODO DCV"
66.249.70.27 - - [17/May/2022:01:51:49 +0200] "GET /kutat/REVkutatas/2menedzsment/index.html HTTP/1.1" 304 - "-" "Mozilla/5.0 (Linux; Android 6.0.1; Nexus 5X Build/MMB29P) AppleWebKit/537.36 (KHTML, like Gecko) Chrome/101.0.4951.64 Mobile Safari/537.36 (compatible; Googlebot/2.1; +http://www.google.com/bot.html)"
54.36.148.194 - - [17/May/2022:01:53:14 +0200] "GET /new/hirek/szabads%C3%A1gjogok-%C3%A9s-sz%C3%A9ls%C5%91s%C3%A9ges-politikai-mozgalmak-k%C3%B6rnyez%C5%91-orsz%C3%A1gokban HTTP/1.1" 200 13935 "-" "Mozilla/5.0 (compatible; AhrefsBot/7.0; +http://ahrefs.com/robot/)"
66.249.70.23 - - [17/May/2022:02:14:19 +0200] "GET /new/content/indul%C3%B3-projekt-magyar-nonprofit-szektor-t%C3%A1mogat%C3%A1s%C3%A1ra HTTP/1.1" 200 9771 "-" "Mozilla/5.0 (Linux; Android 6.0.1; Nexus 5X Build/MMB29P) AppleWebKit/537.36 (KHTML, like Gecko) Chrome/101.0.4951.64 Mobile Safari/537.36 (compatible; Googlebot/2.1; +http://www.google.com/bot.html)"
35.164.255.139 - - [17/May/2022:02:29:00 +0200] "GET / HTTP/1.1" 200 1010 "-" "Mozilla/5.0 (X11; Linux x86_64) AppleWebKit/537.36 (KHTML, like Gecko) Chrome/83.0.4103.97 Safari/537.36"
35.88.63.198 - - [17/May/2022:02:29:20 +0200] "GET /favicon.ico HTTP/1.1" 404 1181 "-" "Mozilla/5.0 (X11; Linux x86_64) AppleWebKit/537.36 (KHTML, like Gecko) Chrome/83.0.4103.97 Safari/537.36"
35.88.63.198 - - [17/May/2022:02:29:22 +0200] "GET / HTTP/1.1" 200 1010 "-" "Mozilla/5.0 (X11; Linux x86_64) AppleWebKit/537.36 (KHTML, like Gecko) Chrome/83.0.4103.97 Safari/537.36"
212.237.53.115 - - [17/May/2022:02:30:16 +0200] "HEAD / HTTP/1.1" 200 0 "-" "Alert_Alligator_webmonitoring_service_1.6.4_(alertalligator.com)"
35.88.211.171 - - [17/May/2022:02:30:46 +0200] "GET / HTTP/1.1" 200 1010 "-" "Mozilla/5.0 (X11; Linux x86_64) AppleWebKit/537.36 (KHTML, like Gecko) Chrome/83.0.4103.97 Safari/537.36"
54.213.12.23 - - [17/May/2022:02:32:33 +0200] "GET /favicon.ico HTTP/1.1" 404 1181 "-" "Mozilla/5.0 (X11; Linux x86_64) AppleWebKit/537.36 (KHTML, like Gecko) Chrome/83.0.4103.97 Safari/537.36"
54.213.12.23 - - [17/May/2022:02:32:36 +0200] "GET / HTTP/1.1" 200 1010 "-" "Mozilla/5.0 (X11; Linux x86_64) AppleWebKit/537.36 (KHTML, like Gecko) Chrome/83.0.4103.97 Safari/537.36"
64.71.131.244 - - [17/May/2022:02:33:37 +0200] "GET /ads.txt HTTP/1.1" 404 1181 "-" "Mozilla/5.0 (compatible; ev-crawler/1.0; +https://headline.com/legal/crawler)"
185.191.171.7 - - [17/May/2022:02:39:32 +0200] "GET /robots.txt HTTP/1.1" 404 1181 "-" "Mozilla/5.0 (compatible; SemrushBot/7~bl; +http://www.semrush.com/bot.html)"
185.191.171.40 - - [17/May/2022:02:39:36 +0200] "GET /new/hirek/dossziek?page=1 HTTP/1.1" 200 14342 "-" "Mozilla/5.0 (compatible; SemrushBot/7~bl; +http://www.semrush.com/bot.html)"
185.191.171.44 - - [17/May/2022:02:40:02 +0200] "GET /new/dossziek/Teszt%20dosszi%C3%A9 HTTP/1.1" 200 8924 "-" "Mozilla/5.0 (compatible; SemrushBot/7~bl; +http://www.semrush.com/bot.html)"
94.250.201.221 - - [17/May/2022:02:42:57 +0200] "GET /robots.txt HTTP/1.1" 404 1181 "-" "Mozilla/5.0 (compatible; MJ12bot/v1.4.8; http://mj12bot.com/)"
94.250.201.221 - - [17/May/2022:02:43:16 +0200] "GET /new/en/rss.xml HTTP/1.1" 200 10708 "-" "Mozilla/5.0 (compatible; MJ12bot/v1.4.8; http://mj12bot.com/)"
150.158.135.240 - - [17/May/2022:02:45:34 +0200] "GET /xmlrpc.php HTTP/1.1" 404 1181 "-" "Mozilla/5.0 (Windows NT 6.1; WOW64; rv:45.0) Gecko/20100101 Firefox/45.0"
65.108.46.72 - - [17/May/2022:02:48:14 +0200] "GET /robots.txt HTTP/1.1" 404 1181 "-" "Mozilla/5.0 (compatible; MJ12bot/v1.4.8; http://mj12bot.com/)"
65.108.46.72 - - [17/May/2022:02:48:19 +0200] "GET / HTTP/1.1" 200 1010 "-" "Mozilla/5.0 (compatible; MJ12bot/v1.4.8; http://mj12bot.com/)"
54.36.148.194 - - [17/May/2022:02:58:38 +0200] "GET /halozatok/JMCS/mukodes/index.html HTTP/1.1" 200 10352 "-" "Mozilla/5.0 (compatible; AhrefsBot/7.0; +http://ahrefs.com/robot/)"
114.119.136.143 - - [17/May/2022:03:24:21 +0200] "GET / HTTP/1.1" 200 1010 "-" "Mozilla/5.0 (Linux; Android 7.0;) AppleWebKit/537.36 (KHTML, like Gecko) Mobile Safari/537.36 (compatible; PetalBot;+https://webmaster.petalsearch.com/site/petalbot)"
212.237.23.143 - - [17/May/2022:03:29:33 +0200] "HEAD / HTTP/1.1" 200 0 "-" "Alert_Alligator_webmonitoring_service_1.6.4_(alertalligator.com)"
194.38.20.161 - - [17/May/2022:03:40:28 +0200] "GET /sites/all/libraries/elfinder/src/connectors/php/connector.php HTTP/1.1" 404 1181 "-" "ALittle Client"
54.36.148.194 - - [17/May/2022:04:18:44 +0200] "GET /new/hirek/2009 HTTP/1.1" 200 16790 "-" "Mozilla/5.0 (compatible; AhrefsBot/7.0; +http://ahrefs.com/robot/)"
49.12.13.109 - - [17/May/2022:04:19:13 +0200] "HEAD / HTTP/1.1" 200 0 "-" "Alert_Alligator_webmonitoring_service_1.6.4_(alertalligator.com)"
185.191.171.39 - - [17/May/2022:04:20:32 +0200] "GET /robots.txt HTTP/1.1" 404 1181 "-" "Mozilla/5.0 (compatible; SemrushBot/7~bl; +http://www.semrush.com/bot.html)"
185.191.171.21 - - [17/May/2022:04:20:33 +0200] "GET /new/en/news/2014 HTTP/1.1" 200 15657 "-" "Mozilla/5.0 (compatible; SemrushBot/7~bl; +http://www.semrush.com/bot.html)"
40.77.167.11 - - [17/May/2022:04:27:10 +0200] "GET /kutat/REVkutatas/4projektek/ HTTP/1.1" 304 - "-" "Mozilla/5.0 (compatible; bingbot/2.0; +http://www.bing.com/bingbot.htm)"
157.55.39.77 - - [17/May/2022:04:53:33 +0200] "GET /new/news HTTP/1.1" 200 15233 "-" "Mozilla/5.0 (compatible; bingbot/2.0; +http://www.bing.com/bingbot.htm)"
49.12.13.109 - - [17/May/2022:05:18:18 +0200] "HEAD / HTTP/1.1" 200 0 "-" "Alert_Alligator_webmonitoring_service_1.6.3_(alertalligator.com)"
185.191.171.39 - - [17/May/2022:05:35:29 +0200] "GET /robots.txt HTTP/1.1" 404 1181 "-" "Mozilla/5.0 (compatible; SemrushBot/7~bl; +http://www.semrush.com/bot.html)"
185.191.171.36 - - [17/May/2022:05:35:29 +0200] "GET /angol/followup/index.html HTTP/1.1" 200 9852 "-" "Mozilla/5.0 (compatible; SemrushBot/7~bl; +http://www.semrush.com/bot.html)"
114.119.136.144 - - [17/May/2022:05:40:25 +0200] "GET /konferenciak/07egszbbesz/07egszbpr/egszbreg/index.html HTTP/1.1" 200 181901 "http://nosza.hu/konferenciak/07egszbbesz/07egszbpr/index.html" "Mozilla/5.0 (Linux; Android 7.0;) AppleWebKit/537.36 (KHTML, like Gecko) Mobile Safari/537.36 (compatible; PetalBot;+https://webmaster.petalsearch.com/site/petalbot)"
212.237.53.115 - - [17/May/2022:06:15:20 +0200] "HEAD / HTTP/1.1" 200 0 "-" "Alert_Alligator_webmonitoring_service_1.6.4_(alertalligator.com)"
185.191.171.14 - - [17/May/2022:06:27:40 +0200] "GET /robots.txt HTTP/1.1" 404 1181 "-" "Mozilla/5.0 (compatible; SemrushBot/7~bl; +http://www.semrush.com/bot.html)"
185.191.171.17 - - [17/May/2022:06:27:45 +0200] "GET /new/content/hirek HTTP/1.1" 404 7620 "-" "Mozilla/5.0 (compatible; SemrushBot/7~bl; +http://www.semrush.com/bot.html)"
66.249.64.4 - - [17/May/2022:06:56:29 +0200] "GET /kutat/REVkutatas/index.html HTTP/1.1" 304 - "-" "Mozilla/5.0 (Linux; Android 6.0.1; Nexus 5X Build/MMB29P) AppleWebKit/537.36 (KHTML, like Gecko) Chrome/101.0.4951.64 Mobile Safari/537.36 (compatible; Googlebot/2.1; +http://www.google.com/bot.html)"
176.63.78.1 - - [17/May/2022:06:57:27 +0200] "GET /galateia.css HTTP/1.1" 200 1717 "-" "Mozilla/5.0 (Linux; Android 9; SM-J415FN) AppleWebKit/537.36 (KHTML, like Gecko) Chrome/101.0.4951.61 Mobile Safari/537.36"
176.63.78.1 - - [17/May/2022:06:57:27 +0200] "GET /kutat/REVkutatas/3gazdalkodas/index.html HTTP/1.1" 200 88137 "https://www.google.com/" "Mozilla/5.0 (Linux; Android 9; SM-J415FN) AppleWebKit/537.36 (KHTML, like Gecko) Chrome/101.0.4951.61 Mobile Safari/537.36"
176.63.78.1 - - [17/May/2022:06:57:27 +0200] "GET /graphics/noszalogo.gif HTTP/1.1" 200 6797 "http://www.nosza.hu/kutat/REVkutatas/3gazdalkodas/index.html" "Mozilla/5.0 (Linux; Android 9; SM-J415FN) AppleWebKit/537.36 (KHTML, like Gecko) Chrome/101.0.4951.61 Mobile Safari/537.36"
176.63.78.1 - - [17/May/2022:06:57:28 +0200] "GET /graphics/galas.gif HTTP/1.1" 200 913 "http://www.nosza.hu/kutat/REVkutatas/3gazdalkodas/index.html" "Mozilla/5.0 (Linux; Android 9; SM-J415FN) AppleWebKit/537.36 (KHTML, like Gecko) Chrome/101.0.4951.61 Mobile Safari/537.36"
176.63.78.1 - - [17/May/2022:06:57:28 +0200] "GET /favicon.ico HTTP/1.1" 404 1181 "http://www.nosza.hu/kutat/REVkutatas/3gazdalkodas/index.html" "Mozilla/5.0 (Linux; Android 9; SM-J415FN) AppleWebKit/537.36 (KHTML, like Gecko) Chrome/101.0.4951.61 Mobile Safari/537.36"
54.36.148.228 - - [17/May/2022:06:58:16 +0200] "GET /robots.txt HTTP/1.1" 404 1181 "-" "Mozilla/5.0 (compatible; AhrefsBot/7.0; +http://ahrefs.com/robot/)"
54.36.148.194 - - [17/May/2022:06:58:17 +0200] "GET / HTTP/1.1" 200 1010 "-" "Mozilla/5.0 (compatible; AhrefsBot/7.0; +http://ahrefs.com/robot/)"
212.237.51.151 - - [17/May/2022:07:00:06 +0200] "HEAD / HTTP/1.1" 200 0 "-" "Alert_Alligator_webmonitoring_service_1.6.4_(alertalligator.com)"
157.55.39.102 - - [17/May/2022:07:11:42 +0200] "GET /konferenciak/1program/index.html HTTP/1.1" 304 - "-" "Mozilla/5.0 (compatible; bingbot/2.0; +http://www.bing.com/bingbot.htm)"
216.244.66.229 - - [17/May/2022:07:12:44 +0200] "GET /robots.txt HTTP/1.1" 404 1181 "-" "Mozilla/5.0 (compatible; DotBot/1.2; +https://opensiteexplorer.org/dotbot; help@moz.com)"
216.244.66.229 - - [17/May/2022:07:15:23 +0200] "GET /aktualis/onfoglalkoztatas/index.html HTTP/1.1" 200 77025 "-" "Mozilla/5.0 (compatible; DotBot/1.2; +https://opensiteexplorer.org/dotbot; help@moz.com)"
185.191.171.35 - - [17/May/2022:07:32:43 +0200] "GET /robots.txt HTTP/1.1" 404 1181 "-" "Mozilla/5.0 (compatible; SemrushBot/7~bl; +http://www.semrush.com/bot.html)"
185.191.171.3 - - [17/May/2022:07:32:44 +0200] "GET /halozatok/JMCS/memo/06/index.html HTTP/1.1" 200 13841 "-" "Mozilla/5.0 (compatible; SemrushBot/7~bl; +http://www.semrush.com/bot.html)"
185.191.171.40 - - [17/May/2022:07:33:57 +0200] "GET /robots.txt HTTP/1.1" 404 1181 "-" "Mozilla/5.0 (compatible; SemrushBot/7~bl; +http://www.semrush.com/bot.html)"
185.191.171.41 - - [17/May/2022:07:34:00 +0200] "GET /new/hirek/nyitott-jogalkot%C3%A1s-hogyan-lesz-az-elm%C3%A9letb%C5%91l-gyakorlat HTTP/1.1" 200 12430 "-" "Mozilla/5.0 (compatible; SemrushBot/7~bl; +http://www.semrush.com/bot.html)"
212.237.51.151 - - [17/May/2022:07:42:18 +0200] "HEAD / HTTP/1.1" 200 0 "-" "Alert_Alligator_webmonitoring_service_1.6.4_(alertalligator.com)"
66.249.64.30 - - [17/May/2022:07:43:31 +0200] "GET /robots.txt HTTP/1.1" 404 1181 "-" "Mozilla/5.0 (compatible; Googlebot/2.1; +http://www.google.com/bot.html)"
66.249.64.2 - - [17/May/2022:07:43:32 +0200] "GET /aktualis/105onk/onkentes/index.html HTTP/1.1" 200 24562 "-" "Mozilla/5.0 (compatible; Googlebot/2.1; +http://www.google.com/bot.html)"
37.220.136.137 - - [17/May/2022:08:01:42 +0200] "GET /new/content/gyakran-ism%C3%A9telt-k%C3%A9rd%C3%A9sek HTTP/1.1" 200 12447 "https://www.google.hu/" "Mozilla/5.0 (Windows NT 10.0; Win64; x64) AppleWebKit/537.36 (KHTML, like Gecko) Chrome/101.0.4951.54 Safari/537.36"
37.220.136.137 - - [17/May/2022:08:01:42 +0200] "GET /new/modules/filefield/filefield.css?l HTTP/1.1" 200 1986 "http://www.nosza.hu/new/content/gyakran-ism%C3%A9telt-k%C3%A9rd%C3%A9sek" "Mozilla/5.0 (Windows NT 10.0; Win64; x64) AppleWebKit/537.36 (KHTML, like Gecko) Chrome/101.0.4951.54 Safari/537.36"
37.220.136.137 - - [17/May/2022:08:01:42 +0200] "GET /new/modules/node/node.css?l HTTP/1.1" 200 740 "http://www.nosza.hu/new/content/gyakran-ism%C3%A9telt-k%C3%A9rd%C3%A9sek" "Mozilla/5.0 (Windows NT 10.0; Win64; x64) AppleWebKit/537.36 (KHTML, like Gecko) Chrome/101.0.4951.54 Safari/537.36"
37.220.136.137 - - [17/May/2022:08:01:42 +0200] "GET /new/modules/user/user.css?l HTTP/1.1" 200 1127 "http://www.nosza.hu/new/content/gyakran-ism%C3%A9telt-k%C3%A9rd%C3%A9sek" "Mozilla/5.0 (Windows NT 10.0; Win64; x64) AppleWebKit/537.36 (KHTML, like Gecko) Chrome/101.0.4951.54 Safari/537.36"
37.220.136.137 - - [17/May/2022:08:01:42 +0200] "GET /new/modules/system/defaults.css?l HTTP/1.1" 200 757 "http://www.nosza.hu/new/content/gyakran-ism%C3%A9telt-k%C3%A9rd%C3%A9sek" "Mozilla/5.0 (Windows NT 10.0; Win64; x64) AppleWebKit/537.36 (KHTML, like Gecko) Chrome/101.0.4951.54 Safari/537.36"
37.220.136.137 - - [17/May/2022:08:01:42 +0200] "GET /new/modules/system/system-menus.css?l HTTP/1.1" 200 935 "http://www.nosza.hu/new/content/gyakran-ism%C3%A9telt-k%C3%A9rd%C3%A9sek" "Mozilla/5.0 (Windows NT 10.0; Win64; x64) AppleWebKit/537.36 (KHTML, like Gecko) Chrome/101.0.4951.54 Safari/537.36"
37.220.136.137 - - [17/May/2022:08:01:42 +0200] "GET /new/modules/system/system.css?l HTTP/1.1" 200 10020 "http://www.nosza.hu/new/content/gyakran-ism%C3%A9telt-k%C3%A9rd%C3%A9sek" "Mozilla/5.0 (Windows NT 10.0; Win64; x64) AppleWebKit/537.36 (KHTML, like Gecko) Chrome/101.0.4951.54 Safari/537.36"
37.220.136.137 - - [17/May/2022:08:01:42 +0200] "GET /new/sites/all/modules/cck/modules/fieldgroup/fieldgroup.css?l HTTP/1.1" 200 166 "http://www.nosza.hu/new/content/gyakran-ism%C3%A9telt-k%C3%A9rd%C3%A9sek" "Mozilla/5.0 (Windows NT 10.0; Win64; x64) AppleWebKit/537.36 (KHTML, like Gecko) Chrome/101.0.4951.54 Safari/537.36"
37.220.136.137 - - [17/May/2022:08:01:42 +0200] "GET /new/sites/all/modules/cck/theme/content-module.css?l HTTP/1.1" 200 2397 "http://www.nosza.hu/new/content/gyakran-ism%C3%A9telt-k%C3%A9rd%C3%A9sek" "Mozilla/5.0 (Windows NT 10.0; Win64; x64) AppleWebKit/537.36 (KHTML, like Gecko) Chrome/101.0.4951.54 Safari/537.36"
37.220.136.137 - - [17/May/2022:08:01:42 +0200] "GET /new/sites/default/themes/nosza/css/menu_style.css HTTP/1.1" 200 4749 "http://www.nosza.hu/new/content/gyakran-ism%C3%A9telt-k%C3%A9rd%C3%A9sek" "Mozilla/5.0 (Windows NT 10.0; Win64; x64) AppleWebKit/537.36 (KHTML, like Gecko) Chrome/101.0.4951.54 Safari/537.36"
37.220.136.137 - - [17/May/2022:08:01:42 +0200] "GET /new/sites/default/themes/nosza/css/nosza.css?l HTTP/1.1" 200 10555 "http://www.nosza.hu/new/content/gyakran-ism%C3%A9telt-k%C3%A9rd%C3%A9sek" "Mozilla/5.0 (Windows NT 10.0; Win64; x64) AppleWebKit/537.36 (KHTML, like Gecko) Chrome/101.0.4951.54 Safari/537.36"
37.220.136.137 - - [17/May/2022:08:01:42 +0200] "GET /new/sites/default/themes/nosza/scripts/search.js HTTP/1.1" 200 466 "http://www.nosza.hu/new/content/gyakran-ism%C3%A9telt-k%C3%A9rd%C3%A9sek" "Mozilla/5.0 (Windows NT 10.0; Win64; x64) AppleWebKit/537.36 (KHTML, like Gecko) Chrome/101.0.4951.54 Safari/537.36"
37.220.136.137 - - [17/May/2022:08:01:42 +0200] "GET /new/sites/default/themes/nosza/print.css?l HTTP/1.1" 200 1247 "http://www.nosza.hu/new/content/gyakran-ism%C3%A9telt-k%C3%A9rd%C3%A9sek" "Mozilla/5.0 (Windows NT 10.0; Win64; x64) AppleWebKit/537.36 (KHTML, like Gecko) Chrome/101.0.4951.54 Safari/537.36"
37.220.136.137 - - [17/May/2022:08:01:42 +0200] "GET /new/sites/default/themes/nosza/images/logoMagunkrol.jpg HTTP/1.1" 200 4934 "http://www.nosza.hu/new/content/gyakran-ism%C3%A9telt-k%C3%A9rd%C3%A9sek" "Mozilla/5.0 (Windows NT 10.0; Win64; x64) AppleWebKit/537.36 (KHTML, like Gecko) Chrome/101.0.4951.54 Safari/537.36"
37.220.136.137 - - [17/May/2022:08:01:42 +0200] "GET /new/sites/default/themes/nosza/images/headerBgMagunkrol.jpg HTTP/1.1" 200 22932 "http://www.nosza.hu/new/sites/default/themes/nosza/css/nosza.css?l" "Mozilla/5.0 (Windows NT 10.0; Win64; x64) AppleWebKit/537.36 (KHTML, like Gecko) Chrome/101.0.4951.54 Safari/537.36"
37.220.136.137 - - [17/May/2022:08:01:42 +0200] "GET /new/sites/default/themes/nosza/images/publikaciokSide.jpg HTTP/1.1" 200 7497 "http://www.nosza.hu/new/content/gyakran-ism%C3%A9telt-k%C3%A9rd%C3%A9sek" "Mozilla/5.0 (Windows NT 10.0; Win64; x64) AppleWebKit/537.36 (KHTML, like Gecko) Chrome/101.0.4951.54 Safari/537.36"
37.220.136.137 - - [17/May/2022:08:01:42 +0200] "GET /new/sites/default/themes/nosza/images/aktualisSide.jpg HTTP/1.1" 200 8821 "http://www.nosza.hu/new/content/gyakran-ism%C3%A9telt-k%C3%A9rd%C3%A9sek" "Mozilla/5.0 (Windows NT 10.0; Win64; x64) AppleWebKit/537.36 (KHTML, like Gecko) Chrome/101.0.4951.54 Safari/537.36"
37.220.136.137 - - [17/May/2022:08:01:42 +0200] "GET /new/sites/default/themes/nosza/images/dosszieSide.jpg HTTP/1.1" 200 7764 "http://www.nosza.hu/new/content/gyakran-ism%C3%A9telt-k%C3%A9rd%C3%A9sek" "Mozilla/5.0 (Windows NT 10.0; Win64; x64) AppleWebKit/537.36 (KHTML, like Gecko) Chrome/101.0.4951.54 Safari/537.36"
37.220.136.137 - - [17/May/2022:08:01:42 +0200] "GET /new/sites/default/themes/nosza/images/rrs.jpg HTTP/1.1" 200 829 "http://www.nosza.hu/new/content/gyakran-ism%C3%A9telt-k%C3%A9rd%C3%A9sek" "Mozilla/5.0 (Windows NT 10.0; Win64; x64) AppleWebKit/537.36 (KHTML, like Gecko) Chrome/101.0.4951.54 Safari/537.36"
37.220.136.137 - - [17/May/2022:08:01:42 +0200] "GET /new/sites/default/themes/nosza/images/searchBg.png HTTP/1.1" 200 1443 "http://www.nosza.hu/new/sites/default/themes/nosza/css/nosza.css?l" "Mozilla/5.0 (Windows NT 10.0; Win64; x64) AppleWebKit/537.36 (KHTML, like Gecko) Chrome/101.0.4951.54 Safari/537.36"
37.220.136.137 - - [17/May/2022:08:01:42 +0200] "GET /new/sites/default/themes/nosza/images/magyarBgInactive.png HTTP/1.1" 200 686 "http://www.nosza.hu/new/sites/default/themes/nosza/css/nosza.css?l" "Mozilla/5.0 (Windows NT 10.0; Win64; x64) AppleWebKit/537.36 (KHTML, like Gecko) Chrome/101.0.4951.54 Safari/537.36"
37.220.136.137 - - [17/May/2022:08:01:42 +0200] "GET /new/sites/default/themes/nosza/images/egyIcon.jpg HTTP/1.1" 200 860 "http://www.nosza.hu/new/sites/default/themes/nosza/css/menu_style.css" "Mozilla/5.0 (Windows NT 10.0; Win64; x64) AppleWebKit/537.36 (KHTML, like Gecko) Chrome/101.0.4951.54 Safari/537.36"
37.220.136.137 - - [17/May/2022:08:01:42 +0200] "GET /new/sites/default/themes/nosza/images/englishBgInactive.png HTTP/1.1" 200 823 "http://www.nosza.hu/new/sites/default/themes/nosza/css/nosza.css?l" "Mozilla/5.0 (Windows NT 10.0; Win64; x64) AppleWebKit/537.36 (KHTML, like Gecko) Chrome/101.0.4951.54 Safari/537.36"
37.220.136.137 - - [17/May/2022:08:01:42 +0200] "GET /new/sites/default/themes/nosza/images/feelingBgMagunkrol.jpg HTTP/1.1" 200 42475 "http://www.nosza.hu/new/sites/default/themes/nosza/css/nosza.css?l" "Mozilla/5.0 (Windows NT 10.0; Win64; x64) AppleWebKit/537.36 (KHTML, like Gecko) Chrome/101.0.4951.54 Safari/537.36"
37.220.136.137 - - [17/May/2022:08:01:42 +0200] "GET /new/sites/default/themes/nosza/images/magyarBgOver.png HTTP/1.1" 200 893 "http://www.nosza.hu/new/sites/default/themes/nosza/css/nosza.css?l" "Mozilla/5.0 (Windows NT 10.0; Win64; x64) AppleWebKit/537.36 (KHTML, like Gecko) Chrome/101.0.4951.54 Safari/537.36"
37.220.136.137 - - [17/May/2022:08:01:42 +0200] "GET /new/sites/default/themes/nosza/images/kettoIcon.jpg HTTP/1.1" 200 1039 "http://www.nosza.hu/new/sites/default/themes/nosza/css/menu_style.css" "Mozilla/5.0 (Windows NT 10.0; Win64; x64) AppleWebKit/537.36 (KHTML, like Gecko) Chrome/101.0.4951.54 Safari/537.36"
37.220.136.137 - - [17/May/2022:08:01:42 +0200] "GET /new/sites/default/themes/nosza/images/haromIcon.jpg HTTP/1.1" 200 764 "http://www.nosza.hu/new/sites/default/themes/nosza/css/menu_style.css" "Mozilla/5.0 (Windows NT 10.0; Win64; x64) AppleWebKit/537.36 (KHTML, like Gecko) Chrome/101.0.4951.54 Safari/537.36"
37.220.136.137 - - [17/May/2022:08:01:42 +0200] "GET /new/sites/default/themes/nosza/images/otIcon.jpg HTTP/1.1" 200 689 "http://www.nosza.hu/new/sites/default/themes/nosza/css/menu_style.css" "Mozilla/5.0 (Windows NT 10.0; Win64; x64) AppleWebKit/537.36 (KHTML, like Gecko) Chrome/101.0.4951.54 Safari/537.36"
37.220.136.137 - - [17/May/2022:08:01:42 +0200] "GET /new/sites/default/themes/nosza/images/negyIcon.jpg HTTP/1.1" 200 908 "http://www.nosza.hu/new/sites/default/themes/nosza/css/menu_style.css" "Mozilla/5.0 (Windows NT 10.0; Win64; x64) AppleWebKit/537.36 (KHTML, like Gecko) Chrome/101.0.4951.54 Safari/537.36"
37.220.136.137 - - [17/May/2022:08:01:42 +0200] "GET /new/sites/default/themes/nosza/images/hatIcon.jpg HTTP/1.1" 200 838 "http://www.nosza.hu/new/sites/default/themes/nosza/css/menu_style.css" "Mozilla/5.0 (Windows NT 10.0; Win64; x64) AppleWebKit/537.36 (KHTML, like Gecko) Chrome/101.0.4951.54 Safari/537.36"
37.220.136.137 - - [17/May/2022:08:01:42 +0200] "GET /new/sites/default/themes/nosza/images/dateBg.jpg HTTP/1.1" 200 654 "http://www.nosza.hu/new/sites/default/themes/nosza/css/nosza.css?l" "Mozilla/5.0 (Windows NT 10.0; Win64; x64) AppleWebKit/537.36 (KHTML, like Gecko) Chrome/101.0.4951.54 Safari/537.36"
37.220.136.137 - - [17/May/2022:08:01:42 +0200] "GET /new/sites/default/themes/nosza/images/footerBg.jpg HTTP/1.1" 200 1097 "http://www.nosza.hu/new/sites/default/themes/nosza/css/nosza.css?l" "Mozilla/5.0 (Windows NT 10.0; Win64; x64) AppleWebKit/537.36 (KHTML, like Gecko) Chrome/101.0.4951.54 Safari/537.36"
37.220.136.137 - - [17/May/2022:08:01:43 +0200] "GET /favicon.ico HTTP/1.1" 404 1181 "http://www.nosza.hu/new/content/gyakran-ism%C3%A9telt-k%C3%A9rd%C3%A9sek" "Mozilla/5.0 (Windows NT 10.0; Win64; x64) AppleWebKit/537.36 (KHTML, like Gecko) Chrome/101.0.4951.54 Safari/537.36"
37.220.136.137 - - [17/May/2022:08:01:44 +0200] "GET /new/sites/default/themes/nosza/images/hatOver.jpg HTTP/1.1" 200 736 "http://www.nosza.hu/new/sites/default/themes/nosza/css/menu_style.css" "Mozilla/5.0 (Windows NT 10.0; Win64; x64) AppleWebKit/537.36 (KHTML, like Gecko) Chrome/101.0.4951.54 Safari/537.36"
185.191.171.36 - - [17/May/2022:08:18:20 +0200] "GET /halozatok/kerekasztal/memo2/index.html HTTP/1.1" 200 12822 "-" "Mozilla/5.0 (compatible; SemrushBot/7~bl; +http://www.semrush.com/bot.html)"
54.36.148.194 - - [17/May/2022:08:25:19 +0200] "GET /aktualis/108autopalya/level/index.html HTTP/1.1" 200 61871 "-" "Mozilla/5.0 (compatible; AhrefsBot/7.0; +http://ahrefs.com/robot/)"
54.36.148.3 - - [17/May/2022:08:25:20 +0200] "GET /galateia.css HTTP/1.1" 200 1717 "-" "Mozilla/5.0 (compatible; AhrefsBot/7.0; +http://ahrefs.com/robot/)"
54.36.148.170 - - [17/May/2022:08:25:21 +0200] "GET /graphics/galas.gif HTTP/1.1" 200 913 "-" "Mozilla/5.0 (compatible; AhrefsBot/7.0; +http://ahrefs.com/robot/)"
212.237.23.143 - - [17/May/2022:08:40:20 +0200] "HEAD / HTTP/1.1" 200 0 "-" "Alert_Alligator_webmonitoring_service_1.6.4_(alertalligator.com)"
188.6.131.125 - - [17/May/2022:08:46:15 +0200] "GET / HTTP/1.1" 200 1010 "-" "Mozilla/5.0 (Macintosh; Intel Mac OS X 10_15_7) AppleWebKit/605.1.15 (KHTML, like Gecko) Version/15.4 Safari/605.1.15"
188.6.131.125 - - [17/May/2022:08:46:15 +0200] "GET /apple-touch-icon-precomposed.png HTTP/1.1" 404 1181 "-" "Safari/17613.1.17.1.13 CFNetwork/1331.0.7 Darwin/21.4.0"
188.6.131.125 - - [17/May/2022:08:46:15 +0200] "GET /apple-touch-icon.png HTTP/1.1" 404 1181 "-" "Safari/17613.1.17.1.13 CFNetwork/1331.0.7 Darwin/21.4.0"
188.6.131.125 - - [17/May/2022:08:46:19 +0200] "GET /new/ HTTP/1.1" 200 10256 "http://www.nosza.hu/" "Mozilla/5.0 (Macintosh; Intel Mac OS X 10_15_7) AppleWebKit/605.1.15 (KHTML, like Gecko) Version/15.4 Safari/605.1.15"
95.163.255.153 - - [17/May/2022:08:59:25 +0200] "GET /robots.txt HTTP/1.0" 404 1181 "-" "Mozilla/5.0 (compatible; Linux x86_64; Mail.RU_Bot/2.0; +https://help.mail.ru/webmaster/indexing/robots)"
95.163.255.175 - - [17/May/2022:08:59:27 +0200] "GET /new/en/news/founding-deeds-and-operation-foundations HTTP/1.1" 200 8139 "-" "Mozilla/5.0 (compatible; Linux x86_64; Mail.RU_Bot/2.0; +https://help.mail.ru/webmaster/indexing/robots)"
49.7.20.155 - - [17/May/2022:09:36:37 +0200] "GET / HTTP/1.1" 200 1010 "-" "Sogou web spider/4.0(+http://www.sogou.com/docs/help/webmasters.htm#07)"
49.12.13.109 - - [17/May/2022:09:39:37 +0200] "HEAD / HTTP/1.1" 200 0 "-" "Alert_Alligator_webmonitoring_service_1.6.3_(alertalligator.com)"
18.203.98.42 - - [17/May/2022:09:51:48 +0200] "GET / HTTP/1.1" 200 1010 "-" "Mozilla/5.0 (Macintosh; Intel Mac OS X 10.15; rv:81.0) Gecko/20100101 Firefox/81.0"
40.77.167.11 - - [17/May/2022:10:04:48 +0200] "GET / HTTP/1.1" 200 1010 "-" "Mozilla/5.0 (compatible; bingbot/2.0; +http://www.bing.com/bingbot.htm)"
185.191.171.34 - - [17/May/2022:10:15:22 +0200] "GET /robots.txt HTTP/1.1" 404 1181 "-" "Mozilla/5.0 (compatible; SemrushBot/7~bl; +http://www.semrush.com/bot.html)"
185.191.171.8 - - [17/May/2022:10:15:23 +0200] "GET /aktualis/106GSZTcivil/GSZTinfo/index.html HTTP/1.1" 200 21761 "-" "Mozilla/5.0 (compatible; SemrushBot/7~bl; +http://www.semrush.com/bot.html)"
49.12.13.109 - - [17/May/2022:10:38:44 +0200] "HEAD / HTTP/1.1" 200 0 "-" "Alert_Alligator_webmonitoring_service_1.6.3_(alertalligator.com)"
20.191.45.212 - - [17/May/2022:10:48:51 +0200] "GET / HTTP/1.1" 200 1010 "http://www.nosza.hu/" "Mozilla/5.0 (compatible; DuckDuckGo-Favicons-Bot/1.0; +http://duckduckgo.com)"
20.191.45.212 - - [17/May/2022:10:48:51 +0200] "GET /favicon.ico HTTP/1.1" 404 1181 "http://www.nosza.hu/favicon.ico" "Mozilla/5.0 (compatible; DuckDuckGo-Favicons-Bot/1.0; +http://duckduckgo.com)"
66.249.64.20 - - [17/May/2022:11:05:24 +0200] "GET /aktualis/NCAvh/index.html HTTP/1.1" 200 67842 "-" "Mozilla/5.0 (Linux; Android 6.0.1; Nexus 5X Build/MMB29P) AppleWebKit/537.36 (KHTML, like Gecko) Chrome/101.0.4951.64 Mobile Safari/537.36 (compatible; Googlebot/2.1; +http://www.google.com/bot.html)"
212.237.53.115 - - [17/May/2022:11:31:56 +0200] "HEAD / HTTP/1.1" 200 0 "-" "Alert_Alligator_webmonitoring_service_1.6.4_(alertalligator.com)"
195.38.99.219 - - [17/May/2022:12:18:26 +0200] "GET /kutat/REVkutatas/3gazdalkodas/index.html HTTP/1.1" 200 88137 "https://www.google.com/" "Mozilla/5.0 (Windows NT 10.0; Win64; x64) AppleWebKit/537.36 (KHTML, like Gecko) Chrome/101.0.4951.67 Safari/537.36"
195.38.99.219 - - [17/May/2022:12:18:26 +0200] "GET /galateia.css HTTP/1.1" 200 1717 "http://www.nosza.hu/kutat/REVkutatas/3gazdalkodas/index.html" "Mozilla/5.0 (Windows NT 10.0; Win64; x64) AppleWebKit/537.36 (KHTML, like Gecko) Chrome/101.0.4951.67 Safari/537.36"
195.38.99.219 - - [17/May/2022:12:18:26 +0200] "GET /graphics/noszalogo.gif HTTP/1.1" 200 6797 "http://www.nosza.hu/kutat/REVkutatas/3gazdalkodas/index.html" "Mozilla/5.0 (Windows NT 10.0; Win64; x64) AppleWebKit/537.36 (KHTML, like Gecko) Chrome/101.0.4951.67 Safari/537.36"
195.38.99.219 - - [17/May/2022:12:18:26 +0200] "GET /graphics/galas.gif HTTP/1.1" 200 913 "http://www.nosza.hu/kutat/REVkutatas/3gazdalkodas/index.html" "Mozilla/5.0 (Windows NT 10.0; Win64; x64) AppleWebKit/537.36 (KHTML, like Gecko) Chrome/101.0.4951.67 Safari/537.36"
195.38.99.219 - - [17/May/2022:12:18:26 +0200] "GET /favicon.ico HTTP/1.1" 404 1181 "http://www.nosza.hu/kutat/REVkutatas/3gazdalkodas/index.html" "Mozilla/5.0 (Windows NT 10.0; Win64; x64) AppleWebKit/537.36 (KHTML, like Gecko) Chrome/101.0.4951.67 Safari/537.36"
49.12.13.109 - - [17/May/2022:12:31:11 +0200] "HEAD / HTTP/1.1" 200 0 "-" "Alert_Alligator_webmonitoring_service_1.6.3_(alertalligator.com)"
185.191.171.7 - - [17/May/2022:12:55:43 +0200] "GET /robots.txt HTTP/1.1" 404 1181 "-" "Mozilla/5.0 (compatible; SemrushBot/7~bl; +http://www.semrush.com/bot.html)"
185.191.171.39 - - [17/May/2022:12:55:48 +0200] "GET /new/publikaciok/2007 HTTP/1.1" 200 9569 "-" "Mozilla/5.0 (compatible; SemrushBot/7~bl; +http://www.semrush.com/bot.html)"
49.12.13.109 - - [17/May/2022:13:30:15 +0200] "HEAD / HTTP/1.1" 200 0 "-" "Alert_Alligator_webmonitoring_service_1.6.3_(alertalligator.com)"
79.120.133.170 - - [17/May/2022:13:48:26 +0200] "GET /new/magunkrol/tagjaink HTTP/1.1" 200 16672 "https://www.google.com/" "Mozilla/5.0 (Windows NT 10.0; Win64; x64) AppleWebKit/537.36 (KHTML, like Gecko) Chrome/101.0.4951.54 Safari/537.36"
79.120.133.170 - - [17/May/2022:13:48:27 +0200] "GET /new/magunkrol/tagjaink HTTP/1.1" 200 16672 "https://www.google.com/" "Mozilla/5.0 (Windows NT 10.0; Win64; x64) AppleWebKit/537.36 (KHTML, like Gecko) Chrome/101.0.4951.54 Safari/537.36"
79.120.133.170 - - [17/May/2022:13:48:27 +0200] "GET /new/modules/filefield/filefield.css?l HTTP/1.1" 200 1986 "http://www.nosza.hu/new/magunkrol/tagjaink" "Mozilla/5.0 (Windows NT 10.0; Win64; x64) AppleWebKit/537.36 (KHTML, like Gecko) Chrome/101.0.4951.54 Safari/537.36"
79.120.133.170 - - [17/May/2022:13:48:27 +0200] "GET /new/modules/user/user.css?l HTTP/1.1" 200 1127 "http://www.nosza.hu/new/magunkrol/tagjaink" "Mozilla/5.0 (Windows NT 10.0; Win64; x64) AppleWebKit/537.36 (KHTML, like Gecko) Chrome/101.0.4951.54 Safari/537.36"
79.120.133.170 - - [17/May/2022:13:48:27 +0200] "GET /new/modules/system/system-menus.css?l HTTP/1.1" 200 935 "http://www.nosza.hu/new/magunkrol/tagjaink" "Mozilla/5.0 (Windows NT 10.0; Win64; x64) AppleWebKit/537.36 (KHTML, like Gecko) Chrome/101.0.4951.54 Safari/537.36"
79.120.133.170 - - [17/May/2022:13:48:27 +0200] "GET /new/modules/system/system.css?l HTTP/1.1" 200 10020 "http://www.nosza.hu/new/magunkrol/tagjaink" "Mozilla/5.0 (Windows NT 10.0; Win64; x64) AppleWebKit/537.36 (KHTML, like Gecko) Chrome/101.0.4951.54 Safari/537.36"
79.120.133.170 - - [17/May/2022:13:48:27 +0200] "GET /new/modules/node/node.css?l HTTP/1.1" 200 740 "http://www.nosza.hu/new/magunkrol/tagjaink" "Mozilla/5.0 (Windows NT 10.0; Win64; x64) AppleWebKit/537.36 (KHTML, like Gecko) Chrome/101.0.4951.54 Safari/537.36"
79.120.133.170 - - [17/May/2022:13:48:27 +0200] "GET /new/modules/system/defaults.css?l HTTP/1.1" 200 757 "http://www.nosza.hu/new/magunkrol/tagjaink" "Mozilla/5.0 (Windows NT 10.0; Win64; x64) AppleWebKit/537.36 (KHTML, like Gecko) Chrome/101.0.4951.54 Safari/537.36"
79.120.133.170 - - [17/May/2022:13:48:27 +0200] "GET /new/sites/all/modules/cck/theme/content-module.css?l HTTP/1.1" 200 2397 "http://www.nosza.hu/new/magunkrol/tagjaink" "Mozilla/5.0 (Windows NT 10.0; Win64; x64) AppleWebKit/537.36 (KHTML, like Gecko) Chrome/101.0.4951.54 Safari/537.36"
79.120.133.170 - - [17/May/2022:13:48:27 +0200] "GET /new/sites/default/themes/nosza/css/nosza.css?l HTTP/1.1" 200 10555 "http://www.nosza.hu/new/magunkrol/tagjaink" "Mozilla/5.0 (Windows NT 10.0; Win64; x64) AppleWebKit/537.36 (KHTML, like Gecko) Chrome/101.0.4951.54 Safari/537.36"
79.120.133.170 - - [17/May/2022:13:48:27 +0200] "GET /new/sites/all/modules/cck/modules/fieldgroup/fieldgroup.css?l HTTP/1.1" 200 166 "http://www.nosza.hu/new/magunkrol/tagjaink" "Mozilla/5.0 (Windows NT 10.0; Win64; x64) AppleWebKit/537.36 (KHTML, like Gecko) Chrome/101.0.4951.54 Safari/537.36"
79.120.133.170 - - [17/May/2022:13:48:27 +0200] "GET /new/sites/default/themes/nosza/css/menu_style.css HTTP/1.1" 200 4749 "http://www.nosza.hu/new/magunkrol/tagjaink" "Mozilla/5.0 (Windows NT 10.0; Win64; x64) AppleWebKit/537.36 (KHTML, like Gecko) Chrome/101.0.4951.54 Safari/537.36"
79.120.133.170 - - [17/May/2022:13:48:27 +0200] "GET /new/sites/default/themes/nosza/scripts/search.js HTTP/1.1" 200 466 "http://www.nosza.hu/new/magunkrol/tagjaink" "Mozilla/5.0 (Windows NT 10.0; Win64; x64) AppleWebKit/537.36 (KHTML, like Gecko) Chrome/101.0.4951.54 Safari/537.36"
79.120.133.170 - - [17/May/2022:13:48:27 +0200] "GET /new/sites/default/themes/nosza/images/logoMagunkrol.jpg HTTP/1.1" 200 4934 "http://www.nosza.hu/new/magunkrol/tagjaink" "Mozilla/5.0 (Windows NT 10.0; Win64; x64) AppleWebKit/537.36 (KHTML, like Gecko) Chrome/101.0.4951.54 Safari/537.36"
79.120.133.170 - - [17/May/2022:13:48:27 +0200] "GET /new/sites/default/themes/nosza/images/aktualisSide.jpg HTTP/1.1" 200 8821 "http://www.nosza.hu/new/magunkrol/tagjaink" "Mozilla/5.0 (Windows NT 10.0; Win64; x64) AppleWebKit/537.36 (KHTML, like Gecko) Chrome/101.0.4951.54 Safari/537.36"
79.120.133.170 - - [17/May/2022:13:48:27 +0200] "GET /new/sites/default/files/brigi.jpg HTTP/1.1" 200 48509 "http://www.nosza.hu/new/magunkrol/tagjaink" "Mozilla/5.0 (Windows NT 10.0; Win64; x64) AppleWebKit/537.36 (KHTML, like Gecko) Chrome/101.0.4951.54 Safari/537.36"
79.120.133.170 - - [17/May/2022:13:48:27 +0200] "GET /new/sites/default/files/nilda_bullain.jpg HTTP/1.1" 200 2700 "http://www.nosza.hu/new/magunkrol/tagjaink" "Mozilla/5.0 (Windows NT 10.0; Win64; x64) AppleWebKit/537.36 (KHTML, like Gecko) Chrome/101.0.4951.54 Safari/537.36"
79.120.133.170 - - [17/May/2022:13:48:27 +0200] "GET /new/sites/default/files/fulop.jpg HTTP/1.1" 200 2514 "http://www.nosza.hu/new/magunkrol/tagjaink" "Mozilla/5.0 (Windows NT 10.0; Win64; x64) AppleWebKit/537.36 (KHTML, like Gecko) Chrome/101.0.4951.54 Safari/537.36"
79.120.133.170 - - [17/May/2022:13:48:27 +0200] "GET /new/sites/default/themes/nosza/images/dosszieSide.jpg HTTP/1.1" 200 7764 "http://www.nosza.hu/new/magunkrol/tagjaink" "Mozilla/5.0 (Windows NT 10.0; Win64; x64) AppleWebKit/537.36 (KHTML, like Gecko) Chrome/101.0.4951.54 Safari/537.36"
79.120.133.170 - - [17/May/2022:13:48:27 +0200] "GET /new/sites/default/files/biroendre.jpg HTTP/1.1" 200 2336 "http://www.nosza.hu/new/magunkrol/tagjaink" "Mozilla/5.0 (Windows NT 10.0; Win64; x64) AppleWebKit/537.36 (KHTML, like Gecko) Chrome/101.0.4951.54 Safari/537.36"
79.120.133.170 - - [17/May/2022:13:48:27 +0200] "GET /new/sites/default/themes/nosza/images/publikaciokSide.jpg HTTP/1.1" 200 7497 "http://www.nosza.hu/new/magunkrol/tagjaink" "Mozilla/5.0 (Windows NT 10.0; Win64; x64) AppleWebKit/537.36 (KHTML, like Gecko) Chrome/101.0.4951.54 Safari/537.36"
79.120.133.170 - - [17/May/2022:13:48:27 +0200] "GET /new/sites/default/themes/nosza/images/headerBgMagunkrol.jpg HTTP/1.1" 200 22932 "http://www.nosza.hu/new/sites/default/themes/nosza/css/nosza.css?l" "Mozilla/5.0 (Windows NT 10.0; Win64; x64) AppleWebKit/537.36 (KHTML, like Gecko) Chrome/101.0.4951.54 Safari/537.36"
79.120.133.170 - - [17/May/2022:13:48:27 +0200] "GET /new/sites/default/themes/nosza/images/otIcon.jpg HTTP/1.1" 200 689 "http://www.nosza.hu/new/sites/default/themes/nosza/css/menu_style.css" "Mozilla/5.0 (Windows NT 10.0; Win64; x64) AppleWebKit/537.36 (KHTML, like Gecko) Chrome/101.0.4951.54 Safari/537.36"
79.120.133.170 - - [17/May/2022:13:48:27 +0200] "GET /new/sites/default/themes/nosza/images/haromIcon.jpg HTTP/1.1" 200 764 "http://www.nosza.hu/new/sites/default/themes/nosza/css/menu_style.css" "Mozilla/5.0 (Windows NT 10.0; Win64; x64) AppleWebKit/537.36 (KHTML, like Gecko) Chrome/101.0.4951.54 Safari/537.36"
79.120.133.170 - - [17/May/2022:13:48:27 +0200] "GET /new/sites/default/themes/nosza/images/searchBg.png HTTP/1.1" 200 1443 "http://www.nosza.hu/new/sites/default/themes/nosza/css/nosza.css?l" "Mozilla/5.0 (Windows NT 10.0; Win64; x64) AppleWebKit/537.36 (KHTML, like Gecko) Chrome/101.0.4951.54 Safari/537.36"
79.120.133.170 - - [17/May/2022:13:48:27 +0200] "GET /new/sites/default/themes/nosza/images/feelingBgMagunkrol.jpg HTTP/1.1" 200 42475 "http://www.nosza.hu/new/sites/default/themes/nosza/css/nosza.css?l" "Mozilla/5.0 (Windows NT 10.0; Win64; x64) AppleWebKit/537.36 (KHTML, like Gecko) Chrome/101.0.4951.54 Safari/537.36"
79.120.133.170 - - [17/May/2022:13:48:27 +0200] "GET /new/sites/default/themes/nosza/images/egyIcon.jpg HTTP/1.1" 200 860 "http://www.nosza.hu/new/sites/default/themes/nosza/css/menu_style.css" "Mozilla/5.0 (Windows NT 10.0; Win64; x64) AppleWebKit/537.36 (KHTML, like Gecko) Chrome/101.0.4951.54 Safari/537.36"
79.120.133.170 - - [17/May/2022:13:48:27 +0200] "GET /new/sites/default/themes/nosza/images/kettoIcon.jpg HTTP/1.1" 200 1039 "http://www.nosza.hu/new/sites/default/themes/nosza/css/menu_style.css" "Mozilla/5.0 (Windows NT 10.0; Win64; x64) AppleWebKit/537.36 (KHTML, like Gecko) Chrome/101.0.4951.54 Safari/537.36"
79.120.133.170 - - [17/May/2022:13:48:27 +0200] "GET /new/sites/default/themes/nosza/images/magyarBgInactive.png HTTP/1.1" 200 686 "http://www.nosza.hu/new/sites/default/themes/nosza/css/nosza.css?l" "Mozilla/5.0 (Windows NT 10.0; Win64; x64) AppleWebKit/537.36 (KHTML, like Gecko) Chrome/101.0.4951.54 Safari/537.36"
79.120.133.170 - - [17/May/2022:13:48:27 +0200] "GET /new/sites/default/themes/nosza/images/englishBgInactive.png HTTP/1.1" 200 823 "http://www.nosza.hu/new/sites/default/themes/nosza/css/nosza.css?l" "Mozilla/5.0 (Windows NT 10.0; Win64; x64) AppleWebKit/537.36 (KHTML, like Gecko) Chrome/101.0.4951.54 Safari/537.36"
79.120.133.170 - - [17/May/2022:13:48:27 +0200] "GET /new/sites/default/themes/nosza/images/magyarBgOver.png HTTP/1.1" 200 893 "http://www.nosza.hu/new/sites/default/themes/nosza/css/nosza.css?l" "Mozilla/5.0 (Windows NT 10.0; Win64; x64) AppleWebKit/537.36 (KHTML, like Gecko) Chrome/101.0.4951.54 Safari/537.36"
79.120.133.170 - - [17/May/2022:13:48:27 +0200] "GET /new/sites/default/themes/nosza/images/negyIcon.jpg HTTP/1.1" 200 908 "http://www.nosza.hu/new/sites/default/themes/nosza/css/menu_style.css" "Mozilla/5.0 (Windows NT 10.0; Win64; x64) AppleWebKit/537.36 (KHTML, like Gecko) Chrome/101.0.4951.54 Safari/537.36"
79.120.133.170 - - [17/May/2022:13:48:27 +0200] "GET /new/sites/default/themes/nosza/images/hatIcon.jpg HTTP/1.1" 200 838 "http://www.nosza.hu/new/sites/default/themes/nosza/css/menu_style.css" "Mozilla/5.0 (Windows NT 10.0; Win64; x64) AppleWebKit/537.36 (KHTML, like Gecko) Chrome/101.0.4951.54 Safari/537.36"
79.120.133.170 - - [17/May/2022:13:48:28 +0200] "GET /new/sites/default/themes/nosza/images/subnavBg.jpg HTTP/1.1" 200 439 "http://www.nosza.hu/new/sites/default/themes/nosza/css/nosza.css?l" "Mozilla/5.0 (Windows NT 10.0; Win64; x64) AppleWebKit/537.36 (KHTML, like Gecko) Chrome/101.0.4951.54 Safari/537.36"
79.120.133.170 - - [17/May/2022:13:48:28 +0200] "GET /new/sites/default/themes/nosza/images/subnavOver.jpg HTTP/1.1" 200 704 "http://www.nosza.hu/new/sites/default/themes/nosza/css/nosza.css?l" "Mozilla/5.0 (Windows NT 10.0; Win64; x64) AppleWebKit/537.36 (KHTML, like Gecko) Chrome/101.0.4951.54 Safari/537.36"
79.120.133.170 - - [17/May/2022:13:48:28 +0200] "GET /new/sites/default/themes/nosza/images/breadNyil.jpg HTTP/1.1" 200 312 "http://www.nosza.hu/new/sites/default/themes/nosza/css/nosza.css?l" "Mozilla/5.0 (Windows NT 10.0; Win64; x64) AppleWebKit/537.36 (KHTML, like Gecko) Chrome/101.0.4951.54 Safari/537.36"
79.120.133.170 - - [17/May/2022:13:48:28 +0200] "GET /new/sites/default/files/kisscsaba.jpg HTTP/1.1" 200 2409 "http://www.nosza.hu/new/magunkrol/tagjaink" "Mozilla/5.0 (Windows NT 10.0; Win64; x64) AppleWebKit/537.36 (KHTML, like Gecko) Chrome/101.0.4951.54 Safari/537.36"
79.120.133.170 - - [17/May/2022:13:48:28 +0200] "GET /new/sites/default/files/markus.jpg HTTP/1.1" 200 2866 "http://www.nosza.hu/new/magunkrol/tagjaink" "Mozilla/5.0 (Windows NT 10.0; Win64; x64) AppleWebKit/537.36 (KHTML, like Gecko) Chrome/101.0.4951.54 Safari/537.36"
