194.209.25.110 - - [10/May/2022:14:35:52 +0200] "GET /new/hirek/2019 HTTP/1.1" 200 16790 "-" "Keybot Translation-Search-Machine"
194.209.25.110 - - [10/May/2022:14:35:54 +0200] "GET /new/publikaciok/2009 HTTP/1.1" 200 9172 "-" "Keybot Translation-Search-Machine"
194.209.25.110 - - [10/May/2022:14:35:55 +0200] "GET /new/publikaciok/2007 HTTP/1.1" 200 9569 "-" "Keybot Translation-Search-Machine"
194.209.25.110 - - [10/May/2022:14:35:56 +0200] "GET /new/dossziek/eloszt%C3%B3-projekt HTTP/1.1" 200 11554 "-" "Keybot Translation-Search-Machine"
194.209.25.110 - - [10/May/2022:14:35:58 +0200] "GET /new/en/rss.xml HTTP/1.1" 200 10708 "-" "Keybot Translation-Search-Machine"
194.209.25.110 - - [10/May/2022:14:35:59 +0200] "GET /new/en/about_us/our_staff HTTP/1.1" 200 8901 "-" "Keybot Translation-Search-Machine"
194.209.25.110 - - [10/May/2022:14:36:00 +0200] "GET /new/en/about_us/members HTTP/1.1" 200 8253 "-" "Keybot Translation-Search-Machine"
194.209.25.110 - - [10/May/2022:14:36:02 +0200] "GET /new/en/about_us/links HTTP/1.1" 200 7851 "-" "Keybot Translation-Search-Machine"
194.209.25.110 - - [10/May/2022:14:36:03 +0200] "GET /new/en/about_us/financial_reports HTTP/1.1" 200 9675 "-" "Keybot Translation-Search-Machine"
194.209.25.110 - - [10/May/2022:14:36:05 +0200] "GET /new/en/news/2013 HTTP/1.1" 200 15657 "-" "Keybot Translation-Search-Machine"
194.209.25.110 - - [10/May/2022:14:36:06 +0200] "GET /new/en/news/2014 HTTP/1.1" 200 15657 "-" "Keybot Translation-Search-Machine"
194.209.25.110 - - [10/May/2022:14:36:07 +0200] "GET /new/en/news/2016 HTTP/1.1" 200 15657 "-" "Keybot Translation-Search-Machine"
194.209.25.110 - - [10/May/2022:14:36:09 +0200] "GET /new/en/news/2017 HTTP/1.1" 200 15657 "-" "Keybot Translation-Search-Machine"
194.209.25.110 - - [10/May/2022:14:36:11 +0200] "GET /new/en/news/2018 HTTP/1.1" 200 15657 "-" "Keybot Translation-Search-Machine"
194.209.25.110 - - [10/May/2022:14:36:12 +0200] "GET /new/en/news/henceforth-nosza-association-proud-member-freedom-information-advocates-network-foianet HTTP/1.1" 200 8544 "-" "Keybot Translation-Search-Machine"
194.209.25.110 - - [10/May/2022:14:36:13 +0200] "GET /new/en/publications/civil-liberties-versus-radical-movements HTTP/1.1" 200 8605 "-" "Keybot Translation-Search-Machine"
194.209.25.110 - - [10/May/2022:14:36:14 +0200] "GET /new/magunkrol HTTP/1.1" 200 9675 "-" "Keybot Translation-Search-Machine"
194.209.25.110 - - [10/May/2022:14:36:15 +0200] "GET /new/hirek HTTP/1.1" 200 16778 "-" "Keybot Translation-Search-Machine"
194.209.25.110 - - [10/May/2022:14:36:16 +0200] "GET /new/magunkrol/tagjaink HTTP/1.1" 200 16672 "-" "Keybot Translation-Search-Machine"
194.209.25.110 - - [10/May/2022:14:36:18 +0200] "GET /new/magunkrol/beszamolok HTTP/1.1" 200 11210 "-" "Keybot Translation-Search-Machine"
194.209.25.110 - - [10/May/2022:14:36:20 +0200] "GET /new/hirek/2010 HTTP/1.1" 200 16790 "-" "Keybot Translation-Search-Machine"
194.209.25.110 - - [10/May/2022:14:36:21 +0200] "GET /new/hirek/2013 HTTP/1.1" 200 16790 "-" "Keybot Translation-Search-Machine"
194.209.25.110 - - [10/May/2022:14:36:22 +0200] "GET /new/hirek/2014 HTTP/1.1" 200 16790 "-" "Keybot Translation-Search-Machine"
194.209.25.110 - - [10/May/2022:14:36:24 +0200] "GET /new/hirek/2016 HTTP/1.1" 200 16790 "-" "Keybot Translation-Search-Machine"
194.209.25.110 - - [10/May/2022:14:36:26 +0200] "GET /new/hirek/2018 HTTP/1.1" 200 16790 "-" "Keybot Translation-Search-Machine"
194.209.25.110 - - [10/May/2022:14:36:27 +0200] "GET /new/hirek/2019 HTTP/1.1" 200 16790 "-" "Keybot Translation-Search-Machine"
194.209.25.110 - - [10/May/2022:14:36:28 +0200] "GET /new/publikaciok/2009 HTTP/1.1" 200 9172 "-" "Keybot Translation-Search-Machine"
194.209.25.110 - - [10/May/2022:14:36:29 +0200] "GET /new/publikaciok/2007 HTTP/1.1" 200 9569 "-" "Keybot Translation-Search-Machine"
194.209.25.110 - - [10/May/2022:14:36:31 +0200] "GET /new/dossziek/eloszt%C3%B3-projekt HTTP/1.1" 200 11554 "-" "Keybot Translation-Search-Machine"
194.209.25.110 - - [10/May/2022:14:36:31 +0200] "GET /new/en/rss.xml HTTP/1.1" 200 10708 "-" "Keybot Translation-Search-Machine"
194.209.25.110 - - [10/May/2022:14:36:32 +0200] "GET /new/en/about_us/our_staff HTTP/1.1" 200 8901 "-" "Keybot Translation-Search-Machine"
194.209.25.110 - - [10/May/2022:14:36:33 +0200] "GET /new/en/about_us/members HTTP/1.1" 200 8253 "-" "Keybot Translation-Search-Machine"
194.209.25.110 - - [10/May/2022:14:36:34 +0200] "GET /new/en/about_us/links HTTP/1.1" 200 7851 "-" "Keybot Translation-Search-Machine"
194.209.25.110 - - [10/May/2022:14:36:35 +0200] "GET /new/en/about_us/financial_reports HTTP/1.1" 200 9675 "-" "Keybot Translation-Search-Machine"
194.209.25.110 - - [10/May/2022:14:36:37 +0200] "GET /new/en/news/2013 HTTP/1.1" 200 15657 "-" "Keybot Translation-Search-Machine"
194.209.25.110 - - [10/May/2022:14:36:38 +0200] "GET /new/en/news/2014 HTTP/1.1" 200 15657 "-" "Keybot Translation-Search-Machine"
194.209.25.110 - - [10/May/2022:14:36:39 +0200] "GET /new/en/news/2016 HTTP/1.1" 200 15657 "-" "Keybot Translation-Search-Machine"
194.209.25.110 - - [10/May/2022:14:36:41 +0200] "GET /new/en/news/2017 HTTP/1.1" 200 15657 "-" "Keybot Translation-Search-Machine"
194.209.25.110 - - [10/May/2022:14:36:43 +0200] "GET /new/en/news/2018 HTTP/1.1" 200 15657 "-" "Keybot Translation-Search-Machine"
194.209.25.110 - - [10/May/2022:14:36:44 +0200] "GET /new/en/news/henceforth-nosza-association-proud-member-freedom-information-advocates-network-foianet HTTP/1.1" 200 8544 "-" "Keybot Translation-Search-Machine"
194.209.25.110 - - [10/May/2022:14:36:44 +0200] "GET /new/en/publications/civil-liberties-versus-radical-movements HTTP/1.1" 200 8605 "-" "Keybot Translation-Search-Machine"
194.209.25.110 - - [10/May/2022:14:36:45 +0200] "GET /new/magunkrol HTTP/1.1" 200 9675 "-" "Keybot Translation-Search-Machine"
194.209.25.110 - - [10/May/2022:14:36:46 +0200] "GET /new/hirek HTTP/1.1" 200 16778 "-" "Keybot Translation-Search-Machine"
194.209.25.110 - - [10/May/2022:14:36:47 +0200] "GET /new/magunkrol/tagjaink HTTP/1.1" 200 16672 "-" "Keybot Translation-Search-Machine"
194.209.25.110 - - [10/May/2022:14:36:48 +0200] "GET /new/magunkrol/beszamolok HTTP/1.1" 200 11210 "-" "Keybot Translation-Search-Machine"
194.209.25.110 - - [10/May/2022:14:36:49 +0200] "GET /new/hirek/2010 HTTP/1.1" 200 16790 "-" "Keybot Translation-Search-Machine"
194.209.25.110 - - [10/May/2022:14:36:51 +0200] "GET /new/hirek/2013 HTTP/1.1" 200 16790 "-" "Keybot Translation-Search-Machine"
194.209.25.110 - - [10/May/2022:14:36:52 +0200] "GET /new/hirek/2014 HTTP/1.1" 200 16790 "-" "Keybot Translation-Search-Machine"
194.209.25.110 - - [10/May/2022:14:36:53 +0200] "GET /new/hirek/2016 HTTP/1.1" 200 16790 "-" "Keybot Translation-Search-Machine"
194.209.25.110 - - [10/May/2022:14:36:54 +0200] "GET /new/hirek/2018 HTTP/1.1" 200 16790 "-" "Keybot Translation-Search-Machine"
194.209.25.110 - - [10/May/2022:14:36:55 +0200] "GET /new/hirek/2019 HTTP/1.1" 200 16790 "-" "Keybot Translation-Search-Machine"
194.209.25.110 - - [10/May/2022:14:36:56 +0200] "GET /new/publikaciok/2009 HTTP/1.1" 200 9172 "-" "Keybot Translation-Search-Machine"
194.209.25.110 - - [10/May/2022:14:36:57 +0200] "GET /new/publikaciok/2007 HTTP/1.1" 200 9569 "-" "Keybot Translation-Search-Machine"
194.209.25.110 - - [10/May/2022:14:36:58 +0200] "GET /new/dossziek/eloszt%C3%B3-projekt HTTP/1.1" 200 11554 "-" "Keybot Translation-Search-Machine"
194.209.25.110 - - [10/May/2022:14:36:59 +0200] "GET /new/en/rss.xml HTTP/1.1" 200 10708 "-" "Keybot Translation-Search-Machine"
194.209.25.110 - - [10/May/2022:14:37:00 +0200] "GET /new/en/about_us/our_staff HTTP/1.1" 200 8901 "-" "Keybot Translation-Search-Machine"
194.209.25.110 - - [10/May/2022:14:37:00 +0200] "GET /new/en/about_us/members HTTP/1.1" 200 8253 "-" "Keybot Translation-Search-Machine"
194.209.25.110 - - [10/May/2022:14:37:01 +0200] "GET /new/en/about_us/links HTTP/1.1" 200 7851 "-" "Keybot Translation-Search-Machine"
207.46.13.52 - - [10/May/2022:14:37:02 +0200] "GET /new/en/publications HTTP/1.1" 200 7784 "-" "Mozilla/5.0 (compatible; bingbot/2.0; +http://www.bing.com/bingbot.htm)"
194.209.25.110 - - [10/May/2022:14:37:03 +0200] "GET /new/en/about_us/financial_reports HTTP/1.1" 200 9675 "-" "Keybot Translation-Search-Machine"
194.209.25.110 - - [10/May/2022:14:37:04 +0200] "GET /new/en/news/2013 HTTP/1.1" 200 15657 "-" "Keybot Translation-Search-Machine"
194.209.25.110 - - [10/May/2022:14:37:05 +0200] "GET /new/en/news/2014 HTTP/1.1" 200 15657 "-" "Keybot Translation-Search-Machine"
194.209.25.110 - - [10/May/2022:14:37:06 +0200] "GET /new/en/news/2016 HTTP/1.1" 200 15657 "-" "Keybot Translation-Search-Machine"
194.209.25.110 - - [10/May/2022:14:37:08 +0200] "GET /new/en/news/2017 HTTP/1.1" 200 15657 "-" "Keybot Translation-Search-Machine"
194.209.25.110 - - [10/May/2022:14:37:09 +0200] "GET /new/en/news/2018 HTTP/1.1" 200 15657 "-" "Keybot Translation-Search-Machine"
194.209.25.110 - - [10/May/2022:14:37:09 +0200] "GET /new/en/news/henceforth-nosza-association-proud-member-freedom-information-advocates-network-foianet HTTP/1.1" 200 8544 "-" "Keybot Translation-Search-Machine"
194.209.25.110 - - [10/May/2022:14:37:10 +0200] "GET /new/en/publications/civil-liberties-versus-radical-movements HTTP/1.1" 200 8605 "-" "Keybot Translation-Search-Machine"
194.209.25.110 - - [10/May/2022:14:37:11 +0200] "GET /new/magunkrol HTTP/1.1" 200 9675 "-" "Keybot Translation-Search-Machine"
194.209.25.110 - - [10/May/2022:14:37:12 +0200] "GET /new/hirek HTTP/1.1" 200 16778 "-" "Keybot Translation-Search-Machine"
207.46.13.76 - - [10/May/2022:14:37:14 +0200] "GET /new/modules/user/user.css?l HTTP/1.1" 200 1127 "-" "Mozilla/5.0 (compatible; bingbot/2.0; +http://www.bing.com/bingbot.htm)"
194.209.25.110 - - [10/May/2022:14:37:14 +0200] "GET /new/magunkrol/tagjaink HTTP/1.1" 200 16672 "-" "Keybot Translation-Search-Machine"
207.46.13.203 - - [10/May/2022:14:37:15 +0200] "GET /new/modules/filefield/filefield.css?l HTTP/1.1" 200 1986 "-" "Mozilla/5.0 (compatible; bingbot/2.0; +http://www.bing.com/bingbot.htm)"
194.209.25.110 - - [10/May/2022:14:37:15 +0200] "GET /new/magunkrol/beszamolok HTTP/1.1" 200 11210 "-" "Keybot Translation-Search-Machine"
207.46.13.76 - - [10/May/2022:14:37:16 +0200] "GET /new/sites/default/themes/nosza/print.css?l HTTP/1.1" 200 1247 "-" "Mozilla/5.0 (compatible; bingbot/2.0; +http://www.bing.com/bingbot.htm)"
194.209.25.110 - - [10/May/2022:14:37:16 +0200] "GET /new/hirek/2010 HTTP/1.1" 200 16790 "-" "Keybot Translation-Search-Machine"
40.77.167.43 - - [10/May/2022:14:37:17 +0200] "GET /new/modules/node/node.css?l HTTP/1.1" 200 740 "-" "Mozilla/5.0 (compatible; bingbot/2.0; +http://www.bing.com/bingbot.htm)"
207.46.13.203 - - [10/May/2022:14:37:17 +0200] "GET /new/modules/system/defaults.css?l HTTP/1.1" 200 757 "-" "Mozilla/5.0 (compatible; bingbot/2.0; +http://www.bing.com/bingbot.htm)"
194.209.25.110 - - [10/May/2022:14:37:18 +0200] "GET /new/hirek/2013 HTTP/1.1" 200 16790 "-" "Keybot Translation-Search-Machine"
40.77.167.43 - - [10/May/2022:14:37:19 +0200] "GET /new/sites/default/themes/nosza/scripts/search.js HTTP/1.1" 200 466 "-" "Mozilla/5.0 (compatible; bingbot/2.0; +http://www.bing.com/bingbot.htm)"
194.209.25.110 - - [10/May/2022:14:37:20 +0200] "GET /new/hirek/2014 HTTP/1.1" 200 16790 "-" "Keybot Translation-Search-Machine"
207.46.13.203 - - [10/May/2022:14:37:20 +0200] "GET /new/modules/system/system.css?l HTTP/1.1" 200 10020 "-" "Mozilla/5.0 (compatible; bingbot/2.0; +http://www.bing.com/bingbot.htm)"
194.209.25.110 - - [10/May/2022:14:37:21 +0200] "GET /new/hirek/2016 HTTP/1.1" 200 16790 "-" "Keybot Translation-Search-Machine"
194.209.25.110 - - [10/May/2022:14:37:22 +0200] "GET /new/hirek/2018 HTTP/1.1" 200 16790 "-" "Keybot Translation-Search-Machine"
157.55.39.88 - - [10/May/2022:14:37:23 +0200] "GET /new/modules/system/system-menus.css?l HTTP/1.1" 200 935 "-" "Mozilla/5.0 (compatible; bingbot/2.0; +http://www.bing.com/bingbot.htm)"
207.46.13.203 - - [10/May/2022:14:37:23 +0200] "GET /new/sites/all/modules/cck/modules/fieldgroup/fieldgroup.css?l HTTP/1.1" 200 166 "-" "Mozilla/5.0 (compatible; bingbot/2.0; +http://www.bing.com/bingbot.htm)"
194.209.25.110 - - [10/May/2022:14:37:23 +0200] "GET /new/hirek/2019 HTTP/1.1" 200 16790 "-" "Keybot Translation-Search-Machine"
194.209.25.110 - - [10/May/2022:14:37:24 +0200] "GET /new/publikaciok/2009 HTTP/1.1" 200 9172 "-" "Keybot Translation-Search-Machine"
194.209.25.110 - - [10/May/2022:14:37:25 +0200] "GET /new/publikaciok/2007 HTTP/1.1" 200 9569 "-" "Keybot Translation-Search-Machine"
207.46.13.203 - - [10/May/2022:14:37:26 +0200] "GET /new/sites/default/themes/nosza/css/nosza.css?l HTTP/1.1" 200 10555 "-" "Mozilla/5.0 (compatible; bingbot/2.0; +http://www.bing.com/bingbot.htm)"
194.209.25.110 - - [10/May/2022:14:37:27 +0200] "GET /new/dossziek/eloszt%C3%B3-projekt HTTP/1.1" 200 11554 "-" "Keybot Translation-Search-Machine"
194.209.25.110 - - [10/May/2022:14:37:27 +0200] "GET /new/en/rss.xml HTTP/1.1" 200 10708 "-" "Keybot Translation-Search-Machine"
194.209.25.110 - - [10/May/2022:14:37:28 +0200] "GET /new/en/about_us/our_staff HTTP/1.1" 200 8901 "-" "Keybot Translation-Search-Machine"
194.209.25.110 - - [10/May/2022:14:37:29 +0200] "GET /new/en/about_us/members HTTP/1.1" 200 8253 "-" "Keybot Translation-Search-Machine"
194.209.25.110 - - [10/May/2022:14:37:29 +0200] "GET /new/en/about_us/links HTTP/1.1" 200 7851 "-" "Keybot Translation-Search-Machine"
194.209.25.110 - - [10/May/2022:14:37:30 +0200] "GET /new/en/about_us/financial_reports HTTP/1.1" 200 9675 "-" "Keybot Translation-Search-Machine"
194.209.25.110 - - [10/May/2022:14:37:31 +0200] "GET /new/en/news/2013 HTTP/1.1" 200 15657 "-" "Keybot Translation-Search-Machine"
194.209.25.110 - - [10/May/2022:14:37:32 +0200] "GET /new/en/news/2014 HTTP/1.1" 200 15657 "-" "Keybot Translation-Search-Machine"
194.209.25.110 - - [10/May/2022:14:37:33 +0200] "GET /new/en/news/2016 HTTP/1.1" 200 15657 "-" "Keybot Translation-Search-Machine"
194.209.25.110 - - [10/May/2022:14:37:34 +0200] "GET /new/en/news/2017 HTTP/1.1" 200 15657 "-" "Keybot Translation-Search-Machine"
194.209.25.110 - - [10/May/2022:14:37:36 +0200] "GET /new/en/news/2018 HTTP/1.1" 200 15657 "-" "Keybot Translation-Search-Machine"
207.46.13.114 - - [10/May/2022:14:37:36 +0200] "GET /new/sites/all/modules/cck/theme/content-module.css?l HTTP/1.1" 200 2397 "-" "Mozilla/5.0 (compatible; bingbot/2.0; +http://www.bing.com/bingbot.htm)"
194.209.25.110 - - [10/May/2022:14:37:37 +0200] "GET /new/en/news/henceforth-nosza-association-proud-member-freedom-information-advocates-network-foianet HTTP/1.1" 200 8544 "-" "Keybot Translation-Search-Machine"
194.209.25.110 - - [10/May/2022:14:37:37 +0200] "GET /new/en/publications/civil-liberties-versus-radical-movements HTTP/1.1" 200 8605 "-" "Keybot Translation-Search-Machine"
194.209.25.110 - - [10/May/2022:14:37:38 +0200] "GET /new/magunkrol HTTP/1.1" 200 9675 "-" "Keybot Translation-Search-Machine"
207.46.13.114 - - [10/May/2022:14:37:38 +0200] "GET /new/sites/default/themes/nosza/css/menu_style.css HTTP/1.1" 200 4749 "-" "Mozilla/5.0 (compatible; bingbot/2.0; +http://www.bing.com/bingbot.htm)"
194.209.25.110 - - [10/May/2022:14:37:40 +0200] "GET /new/hirek HTTP/1.1" 200 16778 "-" "Keybot Translation-Search-Machine"
194.209.25.110 - - [10/May/2022:14:37:41 +0200] "GET /new/magunkrol/tagjaink HTTP/1.1" 200 16672 "-" "Keybot Translation-Search-Machine"
194.209.25.110 - - [10/May/2022:14:37:42 +0200] "GET /new/magunkrol/beszamolok HTTP/1.1" 200 11210 "-" "Keybot Translation-Search-Machine"
66.249.64.20 - - [10/May/2022:14:43:06 +0200] "GET /aktualis/105onk/onkentes/index.html HTTP/1.1" 200 24562 "-" "Mozilla/5.0 (Linux; Android 6.0.1; Nexus 5X Build/MMB29P) AppleWebKit/537.36 (KHTML, like Gecko) Chrome/101.0.4951.54 Mobile Safari/537.36 (compatible; Googlebot/2.1; +http://www.google.com/bot.html)"
212.237.23.143 - - [10/May/2022:14:45:42 +0200] "HEAD / HTTP/1.1" 200 0 "-" "Alert_Alligator_webmonitoring_service_1.6.4_(alertalligator.com)"
40.77.167.43 - - [10/May/2022:14:48:10 +0200] "GET /new/sites/default/files/NOSZA%20K%C3%B6zhaszn%C3%BA%20Jelent%C3%A9s2017_0.pdf HTTP/1.1" 304 - "-" "Mozilla/5.0 (compatible; bingbot/2.0; +http://www.bing.com/bingbot.htm)"
207.46.13.114 - - [10/May/2022:15:01:21 +0200] "GET / HTTP/1.1" 200 1010 "-" "Mozilla/5.0 (compatible; bingbot/2.0; +http://www.bing.com/bingbot.htm)"
185.83.145.138 - - [10/May/2022:15:01:52 +0200] "GET /phpversion.php HTTP/1.1" 404 1181 "-" "Mozilla/5.0 (X11; Linux x86_64) AppleWebKit/537.36 (KHTML, like Gecko) Chrome/81.0.4044.129 Safari/537.36"
216.244.66.229 - - [10/May/2022:15:09:44 +0200] "GET /robots.txt HTTP/1.1" 404 1181 "-" "Mozilla/5.0 (compatible; DotBot/1.2; +https://opensiteexplorer.org/dotbot; help@moz.com)"
216.244.66.229 - - [10/May/2022:15:19:01 +0200] "GET /new/sites/default/files/NOSZA%20K%C3%B6zhaszn%C3%BA%20Jelent%C3%A9s%202011_0.pdf HTTP/1.1" 200 445634 "-" "Mozilla/5.0 (compatible; DotBot/1.2; +https://opensiteexplorer.org/dotbot; help@moz.com)"
157.55.39.149 - - [10/May/2022:15:31:16 +0200] "GET /robots.txt HTTP/1.1" 404 1181 "-" "Mozilla/5.0 (compatible; bingbot/2.0; +http://www.bing.com/bingbot.htm)"
157.55.39.88 - - [10/May/2022:15:31:22 +0200] "GET /new/projektek/Civil%20%C3%83%C2%BAjs%C3%83%C2%A1g%C3%83%C2%ADr%C3%83%C2%A1s HTTP/1.1" 200 8217 "-" "Mozilla/5.0 (compatible; bingbot/2.0; +http://www.bing.com/bingbot.htm)"
212.237.23.143 - - [10/May/2022:15:47:11 +0200] "HEAD / HTTP/1.1" 200 0 "-" "Alert_Alligator_webmonitoring_service_1.6.4_(alertalligator.com)"
216.244.66.229 - - [10/May/2022:15:55:07 +0200] "GET /robots.txt HTTP/1.1" 404 1181 "-" "Mozilla/5.0 (compatible; DotBot/1.2; +https://opensiteexplorer.org/dotbot; help@moz.com)"
216.244.66.229 - - [10/May/2022:15:57:52 +0200] "GET /new/en/news/2014 HTTP/1.1" 200 15657 "-" "Mozilla/5.0 (compatible; DotBot/1.2; +https://opensiteexplorer.org/dotbot; help@moz.com)"
185.220.100.253 - - [10/May/2022:16:06:34 +0200] "GET /data/owncloud.log HTTP/1.1" 404 1181 "-" "Mozilla/5.0 (X11; Ubuntu; Linux x86_64; rv:96.0) Gecko/20100101 Firefox/96.0"
212.237.51.151 - - [10/May/2022:16:32:33 +0200] "HEAD / HTTP/1.1" 200 0 "-" "Alert_Alligator_webmonitoring_service_1.6.4_(alertalligator.com)"
157.55.39.88 - - [10/May/2022:16:38:47 +0200] "GET /kutat/REVkutatas/3gazdalkodas/ HTTP/1.1" 200 88137 "-" "Mozilla/5.0 (compatible; bingbot/2.0; +http://www.bing.com/bingbot.htm)"
216.244.66.229 - - [10/May/2022:16:41:31 +0200] "GET /robots.txt HTTP/1.1" 404 1181 "-" "Mozilla/5.0 (compatible; DotBot/1.2; +https://opensiteexplorer.org/dotbot; help@moz.com)"
195.176.3.24 - - [10/May/2022:16:42:48 +0200] "GET /owncloud/data/owncloud.log HTTP/1.1" 404 1181 "-" "Mozilla/5.0 (X11; Ubuntu; Linux x86_64; rv:96.0) Gecko/20100101 Firefox/96.0"
216.244.66.229 - - [10/May/2022:16:52:15 +0200] "GET /new/sites/default/files/NOSZA%20K%C3%B6zhaszn%C3%BA%20Jelent%C3%A9s2017_0.pdf HTTP/1.1" 200 465850 "-" "Mozilla/5.0 (compatible; DotBot/1.2; +https://opensiteexplorer.org/dotbot; help@moz.com)"
207.46.13.114 - - [10/May/2022:17:12:33 +0200] "GET /aktualis/1gyikNCA/index.html HTTP/1.1" 200 22264 "-" "Mozilla/5.0 (compatible; bingbot/2.0; +http://www.bing.com/bingbot.htm)"
207.46.13.114 - - [10/May/2022:17:12:37 +0200] "GET /kutat/REVkutatas/4projektek/ HTTP/1.1" 200 68956 "-" "Mozilla/5.0 (compatible; bingbot/2.0; +http://www.bing.com/bingbot.htm)"
185.191.171.43 - - [10/May/2022:17:24:49 +0200] "GET /robots.txt HTTP/1.1" 404 1181 "-" "Mozilla/5.0 (compatible; SemrushBot/7~bl; +http://www.semrush.com/bot.html)"
185.191.171.44 - - [10/May/2022:17:24:53 +0200] "GET /new/publikaciok/cnny-hetedik-jelent%C3%A9se-nemzeti-strat%C3%A9giai-anyagok-nyilv%C3%A1noss%C3%A1g%C3%A1r%C3%B3l HTTP/1.1" 200 8543 "-" "Mozilla/5.0 (compatible; SemrushBot/7~bl; +http://www.semrush.com/bot.html)"
78.139.5.226 - - [10/May/2022:17:29:47 +0200] "GET /kutat/REVkutatas/3gazdalkodas/index.html HTTP/1.1" 200 88137 "https://www.google.com/" "Mozilla/5.0 (Windows NT 6.3; Win64; x64) AppleWebKit/537.36 (KHTML, like Gecko) Chrome/101.0.4951.54 Safari/537.36"
78.139.5.226 - - [10/May/2022:17:29:47 +0200] "GET /galateia.css HTTP/1.1" 200 1717 "http://www.nosza.hu/kutat/REVkutatas/3gazdalkodas/index.html" "Mozilla/5.0 (Windows NT 6.3; Win64; x64) AppleWebKit/537.36 (KHTML, like Gecko) Chrome/101.0.4951.54 Safari/537.36"
78.139.5.226 - - [10/May/2022:17:29:47 +0200] "GET /graphics/noszalogo.gif HTTP/1.1" 200 6797 "http://www.nosza.hu/kutat/REVkutatas/3gazdalkodas/index.html" "Mozilla/5.0 (Windows NT 6.3; Win64; x64) AppleWebKit/537.36 (KHTML, like Gecko) Chrome/101.0.4951.54 Safari/537.36"
78.139.5.226 - - [10/May/2022:17:29:47 +0200] "GET /graphics/galas.gif HTTP/1.1" 200 913 "http://www.nosza.hu/kutat/REVkutatas/3gazdalkodas/index.html" "Mozilla/5.0 (Windows NT 6.3; Win64; x64) AppleWebKit/537.36 (KHTML, like Gecko) Chrome/101.0.4951.54 Safari/537.36"
78.139.5.226 - - [10/May/2022:17:29:47 +0200] "GET /favicon.ico HTTP/1.1" 404 1181 "http://www.nosza.hu/kutat/REVkutatas/3gazdalkodas/index.html" "Mozilla/5.0 (Windows NT 6.3; Win64; x64) AppleWebKit/537.36 (KHTML, like Gecko) Chrome/101.0.4951.54 Safari/537.36"
49.12.13.109 - - [10/May/2022:17:31:36 +0200] "HEAD / HTTP/1.1" 200 0 "-" "Alert_Alligator_webmonitoring_service_1.6.3_(alertalligator.com)"
199.47.82.16 - - [10/May/2022:17:59:54 +0200] "GET /robots.txt HTTP/1.1" 404 1181 "-" "Turnitin (https://bit.ly/2UvnfoQ)"
199.47.82.16 - - [10/May/2022:17:59:55 +0200] "GET /robots.txt HTTP/1.1" 404 1181 "-" "Turnitin (https://bit.ly/2UvnfoQ)"
199.47.82.16 - - [10/May/2022:17:59:56 +0200] "GET /kutat/REVkutatas/1gazdasag/index.htm HTTP/1.1" 404 1181 "-" "Turnitin (https://bit.ly/2UvnfoQ)"
54.36.148.194 - - [10/May/2022:18:01:38 +0200] "GET /new/hirek/2019?page=1 HTTP/1.1" 200 14140 "-" "Mozilla/5.0 (compatible; AhrefsBot/7.0; +http://ahrefs.com/robot/)"
95.163.255.193 - - [10/May/2022:18:03:35 +0200] "GET /robots.txt HTTP/1.0" 404 1181 "-" "Mozilla/5.0 (compatible; Linux x86_64; Mail.RU_Bot/2.0; +https://help.mail.ru/webmaster/indexing/robots)"
95.163.255.194 - - [10/May/2022:18:03:36 +0200] "GET /aktualis/onfoglalkoztatas/index.html HTTP/1.1" 200 77025 "-" "Mozilla/5.0 (compatible; Linux x86_64; Mail.RU_Bot/2.0; +https://help.mail.ru/webmaster/indexing/robots)"
17.121.115.20 - - [10/May/2022:18:04:35 +0200] "GET /new/en/rss.xml HTTP/1.1" 200 10708 "-" "Mozilla/5.0 (Macintosh; Intel Mac OS X 10_15_5) AppleWebKit/605.1.15 (KHTML, like Gecko) Version/13.1.1 Safari/605.1.15 (Applebot/0.1; +http://www.apple.com/go/applebot)"
31.46.246.89 - - [10/May/2022:18:14:23 +0200] "GET /galateia.css HTTP/1.1" 200 1717 "http://www.nosza.hu/kutat/REVkutatas/3gazdalkodas/index.html" "Mozilla/5.0 (iPhone; CPU iPhone OS 15_4_1 like Mac OS X) AppleWebKit/605.1.15 (KHTML, like Gecko) Version/15.4 Mobile/15E148 Safari/604.1"
31.46.246.89 - - [10/May/2022:18:14:23 +0200] "GET /graphics/noszalogo.gif HTTP/1.1" 200 6797 "http://www.nosza.hu/kutat/REVkutatas/3gazdalkodas/index.html" "Mozilla/5.0 (iPhone; CPU iPhone OS 15_4_1 like Mac OS X) AppleWebKit/605.1.15 (KHTML, like Gecko) Version/15.4 Mobile/15E148 Safari/604.1"
31.46.246.89 - - [10/May/2022:18:14:23 +0200] "GET /kutat/REVkutatas/3gazdalkodas/index.html HTTP/1.1" 200 88137 "https://www.google.hu/" "Mozilla/5.0 (iPhone; CPU iPhone OS 15_4_1 like Mac OS X) AppleWebKit/605.1.15 (KHTML, like Gecko) Version/15.4 Mobile/15E148 Safari/604.1"
31.46.246.89 - - [10/May/2022:18:14:23 +0200] "GET /graphics/galas.gif HTTP/1.1" 200 913 "http://www.nosza.hu/kutat/REVkutatas/3gazdalkodas/index.html" "Mozilla/5.0 (iPhone; CPU iPhone OS 15_4_1 like Mac OS X) AppleWebKit/605.1.15 (KHTML, like Gecko) Version/15.4 Mobile/15E148 Safari/604.1"
31.46.246.89 - - [10/May/2022:18:14:23 +0200] "GET /favicon.ico HTTP/1.1" 404 1181 "http://www.nosza.hu/kutat/REVkutatas/3gazdalkodas/index.html" "Mozilla/5.0 (iPhone; CPU iPhone OS 15_4_1 like Mac OS X) AppleWebKit/605.1.15 (KHTML, like Gecko) Version/15.4 Mobile/15E148 Safari/604.1"
207.46.13.114 - - [10/May/2022:18:27:24 +0200] "GET /new/hirek/gdfg?page=1 HTTP/1.1" 200 14140 "-" "Mozilla/5.0 (compatible; bingbot/2.0; +http://www.bing.com/bingbot.htm)"
207.46.13.76 - - [10/May/2022:18:27:27 +0200] "GET /new/dossziek/dossziek HTTP/1.1" 200 8028 "-" "Mozilla/5.0 (compatible; bingbot/2.0; +http://www.bing.com/bingbot.htm)"
207.46.13.203 - - [10/May/2022:18:27:27 +0200] "GET /halozatok/kerekasztal/memo5/index.html HTTP/1.1" 200 11742 "-" "Mozilla/5.0 (compatible; bingbot/2.0; +http://www.bing.com/bingbot.htm)"
40.77.167.43 - - [10/May/2022:18:27:30 +0200] "GET /new/dossziek/hirek HTTP/1.1" 200 8525 "-" "Mozilla/5.0 (compatible; bingbot/2.0; +http://www.bing.com/bingbot.htm)"
212.237.23.143 - - [10/May/2022:18:30:01 +0200] "HEAD / HTTP/1.1" 200 0 "-" "Alert_Alligator_webmonitoring_service_1.6.4_(alertalligator.com)"
66.249.64.19 - - [10/May/2022:18:48:25 +0200] "GET /new/content/indul%C3%B3-projekt-magyar-nonprofit-szektor-t%C3%A1mogat%C3%A1s%C3%A1ra HTTP/1.1" 200 9771 "-" "Mozilla/5.0 (compatible; Googlebot/2.1; +http://www.google.com/bot.html)"
216.244.66.229 - - [10/May/2022:18:59:23 +0200] "GET /robots.txt HTTP/1.1" 404 1181 "-" "Mozilla/5.0 (compatible; DotBot/1.2; +https://opensiteexplorer.org/dotbot; help@moz.com)"
216.244.66.229 - - [10/May/2022:19:08:36 +0200] "GET /new/hirek/2018?page=1 HTTP/1.1" 200 14140 "-" "Mozilla/5.0 (compatible; DotBot/1.2; +https://opensiteexplorer.org/dotbot; help@moz.com)"
207.46.13.76 - - [10/May/2022:19:11:01 +0200] "GET /new/content/dossziek HTTP/1.1" 404 7629 "-" "Mozilla/5.0 (compatible; bingbot/2.0; +http://www.bing.com/bingbot.htm)"
185.191.171.3 - - [10/May/2022:19:12:18 +0200] "GET /robots.txt HTTP/1.1" 404 1181 "-" "Mozilla/5.0 (compatible; SemrushBot/7~bl; +http://www.semrush.com/bot.html)"
185.191.171.12 - - [10/May/2022:19:12:18 +0200] "GET /konferenciak/042memo/index.html HTTP/1.1" 200 15379 "-" "Mozilla/5.0 (compatible; SemrushBot/7~bl; +http://www.semrush.com/bot.html)"
78.99.34.97 - - [10/May/2022:19:24:35 +0200] "GET /nizak-peterfi.dbk.pdf HTTP/1.1" 200 156101 "https://www.google.com/" "Mozilla/5.0 (Windows NT 10.0; Win64; x64) AppleWebKit/537.36 (KHTML, like Gecko) Chrome/101.0.4951.54 Safari/537.36"
78.99.34.97 - - [10/May/2022:19:24:36 +0200] "GET /favicon.ico HTTP/1.1" 404 1181 "http://www.nosza.hu/nizak-peterfi.dbk.pdf" "Mozilla/5.0 (Windows NT 10.0; Win64; x64) AppleWebKit/537.36 (KHTML, like Gecko) Chrome/101.0.4951.54 Safari/537.36"
218.78.48.195 - - [10/May/2022:19:28:43 +0200] "GET /xmlrpc.php HTTP/1.1" 404 1181 "-" "Mozilla/5.0 (Windows NT 6.1; WOW64; rv:45.0) Gecko/20100101 Firefox/45.0"
212.237.23.143 - - [10/May/2022:19:29:32 +0200] "HEAD / HTTP/1.1" 200 0 "-" "Alert_Alligator_webmonitoring_service_1.6.4_(alertalligator.com)"
66.249.64.18 - - [10/May/2022:19:31:18 +0200] "GET /robots.txt HTTP/1.1" 404 1181 "-" "Mozilla/5.0 (compatible; Googlebot/2.1; +http://www.google.com/bot.html)"
66.249.64.20 - - [10/May/2022:19:31:18 +0200] "GET /kutat/REVkutatas/index.html HTTP/1.1" 304 - "-" "Mozilla/5.0 (Linux; Android 6.0.1; Nexus 5X Build/MMB29P) AppleWebKit/537.36 (KHTML, like Gecko) Chrome/101.0.4951.54 Mobile Safari/537.36 (compatible; Googlebot/2.1; +http://www.google.com/bot.html)"
78.99.34.97 - - [10/May/2022:19:44:16 +0200] "GET / HTTP/1.1" 200 1010 "-" "Mozilla/5.0 (Windows NT 10.0; Win64; x64) AppleWebKit/537.36 (KHTML, like Gecko) Chrome/101.0.4951.54 Safari/537.36"
78.99.34.97 - - [10/May/2022:19:44:20 +0200] "GET /new/ HTTP/1.1" 200 10256 "http://www.nosza.hu/" "Mozilla/5.0 (Windows NT 10.0; Win64; x64) AppleWebKit/537.36 (KHTML, like Gecko) Chrome/101.0.4951.54 Safari/537.36"
78.99.34.97 - - [10/May/2022:19:44:20 +0200] "GET /new/modules/filefield/filefield.css?l HTTP/1.1" 200 1986 "http://www.nosza.hu/new/" "Mozilla/5.0 (Windows NT 10.0; Win64; x64) AppleWebKit/537.36 (KHTML, like Gecko) Chrome/101.0.4951.54 Safari/537.36"
78.99.34.97 - - [10/May/2022:19:44:20 +0200] "GET /new/modules/node/node.css?l HTTP/1.1" 200 740 "http://www.nosza.hu/new/" "Mozilla/5.0 (Windows NT 10.0; Win64; x64) AppleWebKit/537.36 (KHTML, like Gecko) Chrome/101.0.4951.54 Safari/537.36"
78.99.34.97 - - [10/May/2022:19:44:20 +0200] "GET /new/modules/user/user.css?l HTTP/1.1" 200 1127 "http://www.nosza.hu/new/" "Mozilla/5.0 (Windows NT 10.0; Win64; x64) AppleWebKit/537.36 (KHTML, like Gecko) Chrome/101.0.4951.54 Safari/537.36"
78.99.34.97 - - [10/May/2022:19:44:20 +0200] "GET /new/modules/system/defaults.css?l HTTP/1.1" 200 757 "http://www.nosza.hu/new/" "Mozilla/5.0 (Windows NT 10.0; Win64; x64) AppleWebKit/537.36 (KHTML, like Gecko) Chrome/101.0.4951.54 Safari/537.36"
78.99.34.97 - - [10/May/2022:19:44:20 +0200] "GET /new/modules/system/system-menus.css?l HTTP/1.1" 200 935 "http://www.nosza.hu/new/" "Mozilla/5.0 (Windows NT 10.0; Win64; x64) AppleWebKit/537.36 (KHTML, like Gecko) Chrome/101.0.4951.54 Safari/537.36"
78.99.34.97 - - [10/May/2022:19:44:20 +0200] "GET /new/modules/system/system.css?l HTTP/1.1" 200 10020 "http://www.nosza.hu/new/" "Mozilla/5.0 (Windows NT 10.0; Win64; x64) AppleWebKit/537.36 (KHTML, like Gecko) Chrome/101.0.4951.54 Safari/537.36"
78.99.34.97 - - [10/May/2022:19:44:20 +0200] "GET /new/sites/all/modules/cck/theme/content-module.css?l HTTP/1.1" 200 2397 "http://www.nosza.hu/new/" "Mozilla/5.0 (Windows NT 10.0; Win64; x64) AppleWebKit/537.36 (KHTML, like Gecko) Chrome/101.0.4951.54 Safari/537.36"
78.99.34.97 - - [10/May/2022:19:44:20 +0200] "GET /new/sites/all/modules/cck/modules/fieldgroup/fieldgroup.css?l HTTP/1.1" 200 166 "http://www.nosza.hu/new/" "Mozilla/5.0 (Windows NT 10.0; Win64; x64) AppleWebKit/537.36 (KHTML, like Gecko) Chrome/101.0.4951.54 Safari/537.36"
78.99.34.97 - - [10/May/2022:19:44:20 +0200] "GET /new/sites/default/themes/nosza/css/menu_style.css HTTP/1.1" 200 4749 "http://www.nosza.hu/new/" "Mozilla/5.0 (Windows NT 10.0; Win64; x64) AppleWebKit/537.36 (KHTML, like Gecko) Chrome/101.0.4951.54 Safari/537.36"
78.99.34.97 - - [10/May/2022:19:44:20 +0200] "GET /new/sites/default/themes/nosza/css/nosza.css?l HTTP/1.1" 200 10555 "http://www.nosza.hu/new/" "Mozilla/5.0 (Windows NT 10.0; Win64; x64) AppleWebKit/537.36 (KHTML, like Gecko) Chrome/101.0.4951.54 Safari/537.36"
78.99.34.97 - - [10/May/2022:19:44:20 +0200] "GET /new/sites/default/themes/nosza/scripts/search.js HTTP/1.1" 200 466 "http://www.nosza.hu/new/" "Mozilla/5.0 (Windows NT 10.0; Win64; x64) AppleWebKit/537.36 (KHTML, like Gecko) Chrome/101.0.4951.54 Safari/537.36"
78.99.34.97 - - [10/May/2022:19:44:20 +0200] "GET /new/sites/default/themes/nosza/print.css?l HTTP/1.1" 200 1247 "http://www.nosza.hu/new/" "Mozilla/5.0 (Windows NT 10.0; Win64; x64) AppleWebKit/537.36 (KHTML, like Gecko) Chrome/101.0.4951.54 Safari/537.36"
78.99.34.97 - - [10/May/2022:19:44:20 +0200] "GET /new/sites/default/themes/nosza/images/logo.jpg HTTP/1.1" 200 5329 "http://www.nosza.hu/new/" "Mozilla/5.0 (Windows NT 10.0; Win64; x64) AppleWebKit/537.36 (KHTML, like Gecko) Chrome/101.0.4951.54 Safari/537.36"
78.99.34.97 - - [10/May/2022:19:44:20 +0200] "GET /new/sites/default/themes/nosza/images/rrs.jpg HTTP/1.1" 200 829 "http://www.nosza.hu/new/" "Mozilla/5.0 (Windows NT 10.0; Win64; x64) AppleWebKit/537.36 (KHTML, like Gecko) Chrome/101.0.4951.54 Safari/537.36"
78.99.34.97 - - [10/May/2022:19:44:20 +0200] "GET /new/sites/default/themes/nosza/images/headerBg.jpg HTTP/1.1" 200 11316 "http://www.nosza.hu/new/sites/default/themes/nosza/css/nosza.css?l" "Mozilla/5.0 (Windows NT 10.0; Win64; x64) AppleWebKit/537.36 (KHTML, like Gecko) Chrome/101.0.4951.54 Safari/537.36"
78.99.34.97 - - [10/May/2022:19:44:20 +0200] "GET /new/sites/default/themes/nosza/images/searchBg.png HTTP/1.1" 200 1443 "http://www.nosza.hu/new/sites/default/themes/nosza/css/nosza.css?l" "Mozilla/5.0 (Windows NT 10.0; Win64; x64) AppleWebKit/537.36 (KHTML, like Gecko) Chrome/101.0.4951.54 Safari/537.36"
78.99.34.97 - - [10/May/2022:19:44:20 +0200] "GET /new/sites/default/themes/nosza/images/magyarBgInactive.png HTTP/1.1" 200 686 "http://www.nosza.hu/new/sites/default/themes/nosza/css/nosza.css?l" "Mozilla/5.0 (Windows NT 10.0; Win64; x64) AppleWebKit/537.36 (KHTML, like Gecko) Chrome/101.0.4951.54 Safari/537.36"
78.99.34.97 - - [10/May/2022:19:44:20 +0200] "GET /new/sites/default/themes/nosza/images/magyarBgOver.png HTTP/1.1" 200 893 "http://www.nosza.hu/new/sites/default/themes/nosza/css/nosza.css?l" "Mozilla/5.0 (Windows NT 10.0; Win64; x64) AppleWebKit/537.36 (KHTML, like Gecko) Chrome/101.0.4951.54 Safari/537.36"
78.99.34.97 - - [10/May/2022:19:44:20 +0200] "GET /new/sites/default/themes/nosza/images/egyIcon.jpg HTTP/1.1" 200 860 "http://www.nosza.hu/new/sites/default/themes/nosza/css/menu_style.css" "Mozilla/5.0 (Windows NT 10.0; Win64; x64) AppleWebKit/537.36 (KHTML, like Gecko) Chrome/101.0.4951.54 Safari/537.36"
78.99.34.97 - - [10/May/2022:19:44:20 +0200] "GET /new/sites/default/themes/nosza/images/englishBgInactive.png HTTP/1.1" 200 823 "http://www.nosza.hu/new/sites/default/themes/nosza/css/nosza.css?l" "Mozilla/5.0 (Windows NT 10.0; Win64; x64) AppleWebKit/537.36 (KHTML, like Gecko) Chrome/101.0.4951.54 Safari/537.36"
78.99.34.97 - - [10/May/2022:19:44:20 +0200] "GET /new/sites/default/themes/nosza/images/feelingBg.jpg HTTP/1.1" 200 25836 "http://www.nosza.hu/new/sites/default/themes/nosza/css/nosza.css?l" "Mozilla/5.0 (Windows NT 10.0; Win64; x64) AppleWebKit/537.36 (KHTML, like Gecko) Chrome/101.0.4951.54 Safari/537.36"
78.99.34.97 - - [10/May/2022:19:44:20 +0200] "GET /new/sites/default/themes/nosza/images/kettoIcon.jpg HTTP/1.1" 200 1039 "http://www.nosza.hu/new/sites/default/themes/nosza/css/menu_style.css" "Mozilla/5.0 (Windows NT 10.0; Win64; x64) AppleWebKit/537.36 (KHTML, like Gecko) Chrome/101.0.4951.54 Safari/537.36"
78.99.34.97 - - [10/May/2022:19:44:20 +0200] "GET /new/sites/default/themes/nosza/images/haromIcon.jpg HTTP/1.1" 200 764 "http://www.nosza.hu/new/sites/default/themes/nosza/css/menu_style.css" "Mozilla/5.0 (Windows NT 10.0; Win64; x64) AppleWebKit/537.36 (KHTML, like Gecko) Chrome/101.0.4951.54 Safari/537.36"
78.99.34.97 - - [10/May/2022:19:44:20 +0200] "GET /new/sites/default/themes/nosza/images/otIcon.jpg HTTP/1.1" 200 689 "http://www.nosza.hu/new/sites/default/themes/nosza/css/menu_style.css" "Mozilla/5.0 (Windows NT 10.0; Win64; x64) AppleWebKit/537.36 (KHTML, like Gecko) Chrome/101.0.4951.54 Safari/537.36"
78.99.34.97 - - [10/May/2022:19:44:20 +0200] "GET /new/sites/default/themes/nosza/images/negyIcon.jpg HTTP/1.1" 200 908 "http://www.nosza.hu/new/sites/default/themes/nosza/css/menu_style.css" "Mozilla/5.0 (Windows NT 10.0; Win64; x64) AppleWebKit/537.36 (KHTML, like Gecko) Chrome/101.0.4951.54 Safari/537.36"
78.99.34.97 - - [10/May/2022:19:44:20 +0200] "GET /new/sites/default/themes/nosza/images/hatIcon.jpg HTTP/1.1" 200 838 "http://www.nosza.hu/new/sites/default/themes/nosza/css/menu_style.css" "Mozilla/5.0 (Windows NT 10.0; Win64; x64) AppleWebKit/537.36 (KHTML, like Gecko) Chrome/101.0.4951.54 Safari/537.36"
78.99.34.97 - - [10/May/2022:19:44:20 +0200] "GET /new/sites/default/themes/nosza/images/akualitasBg.jpg HTTP/1.1" 200 26955 "http://www.nosza.hu/new/sites/default/themes/nosza/css/nosza.css?l" "Mozilla/5.0 (Windows NT 10.0; Win64; x64) AppleWebKit/537.36 (KHTML, like Gecko) Chrome/101.0.4951.54 Safari/537.36"
78.99.34.97 - - [10/May/2022:19:44:20 +0200] "GET /new/sites/default/themes/nosza/images/dossziekBg.jpg HTTP/1.1" 200 25230 "http://www.nosza.hu/new/sites/default/themes/nosza/css/nosza.css?l" "Mozilla/5.0 (Windows NT 10.0; Win64; x64) AppleWebKit/537.36 (KHTML, like Gecko) Chrome/101.0.4951.54 Safari/537.36"
78.99.34.97 - - [10/May/2022:19:44:20 +0200] "GET /new/sites/default/themes/nosza/images/publikaciokBg.jpg HTTP/1.1" 200 21084 "http://www.nosza.hu/new/sites/default/themes/nosza/css/nosza.css?l" "Mozilla/5.0 (Windows NT 10.0; Win64; x64) AppleWebKit/537.36 (KHTML, like Gecko) Chrome/101.0.4951.54 Safari/537.36"
78.99.34.97 - - [10/May/2022:19:44:20 +0200] "GET /new/sites/default/themes/nosza/images/h3Bg.png HTTP/1.1" 200 323 "http://www.nosza.hu/new/sites/default/themes/nosza/css/nosza.css?l" "Mozilla/5.0 (Windows NT 10.0; Win64; x64) AppleWebKit/537.36 (KHTML, like Gecko) Chrome/101.0.4951.54 Safari/537.36"
78.99.34.97 - - [10/May/2022:19:44:20 +0200] "GET /new/sites/default/themes/nosza/images/datumBg.png HTTP/1.1" 200 561 "http://www.nosza.hu/new/sites/default/themes/nosza/css/nosza.css?l" "Mozilla/5.0 (Windows NT 10.0; Win64; x64) AppleWebKit/537.36 (KHTML, like Gecko) Chrome/101.0.4951.54 Safari/537.36"
78.99.34.97 - - [10/May/2022:19:44:20 +0200] "GET /new/sites/default/themes/nosza/images/footerBg.jpg HTTP/1.1" 200 1097 "http://www.nosza.hu/new/sites/default/themes/nosza/css/nosza.css?l" "Mozilla/5.0 (Windows NT 10.0; Win64; x64) AppleWebKit/537.36 (KHTML, like Gecko) Chrome/101.0.4951.54 Safari/537.36"
54.36.148.194 - - [10/May/2022:19:50:28 +0200] "GET / HTTP/1.1" 200 1010 "-" "Mozilla/5.0 (compatible; AhrefsBot/7.0; +http://ahrefs.com/robot/)"
212.237.23.143 - - [10/May/2022:20:33:42 +0200] "HEAD / HTTP/1.1" 200 0 "-" "Alert_Alligator_webmonitoring_service_1.6.4_(alertalligator.com)"
185.191.171.35 - - [10/May/2022:20:58:36 +0200] "GET /robots.txt HTTP/1.1" 404 1181 "-" "Mozilla/5.0 (compatible; SemrushBot/7~bl; +http://www.semrush.com/bot.html)"
185.191.171.37 - - [10/May/2022:20:58:37 +0200] "GET /aktualis/1gyikNCA/miniszter/index.html HTTP/1.1" 200 11200 "-" "Mozilla/5.0 (compatible; SemrushBot/7~bl; +http://www.semrush.com/bot.html)"
185.191.171.4 - - [10/May/2022:21:00:58 +0200] "GET /robots.txt HTTP/1.1" 404 1181 "-" "Mozilla/5.0 (compatible; SemrushBot/7~bl; +http://www.semrush.com/bot.html)"
185.191.171.44 - - [10/May/2022:21:01:02 +0200] "GET /new/magunkrol/hirek HTTP/1.1" 200 10213 "-" "Mozilla/5.0 (compatible; SemrushBot/7~bl; +http://www.semrush.com/bot.html)"
212.237.23.143 - - [10/May/2022:21:35:12 +0200] "HEAD / HTTP/1.1" 200 0 "-" "Alert_Alligator_webmonitoring_service_1.6.4_(alertalligator.com)"
185.191.34.215 - - [10/May/2022:21:39:46 +0200] "HEAD / HTTP/1.1" 200 0 "-" "Mozilla/5.0 (Windows NT 10.0; Win64; x64) AppleWebKit/537.36 (KHTML, like Gecko) Chrome/74.0.3729.157 Safari/537.36"
89.133.78.252 - - [10/May/2022:21:42:03 +0200] "GET /galateia.css HTTP/1.1" 200 1717 "http://www.nosza.hu/kutat/REVkutatas/3gazdalkodas/index.html" "Mozilla/5.0 (Windows NT 10.0; Win64; x64) AppleWebKit/537.36 (KHTML, like Gecko) Chrome/101.0.4951.54 Safari/537.36"
89.133.78.252 - - [10/May/2022:21:42:03 +0200] "GET /graphics/noszalogo.gif HTTP/1.1" 200 6797 "http://www.nosza.hu/kutat/REVkutatas/3gazdalkodas/index.html" "Mozilla/5.0 (Windows NT 10.0; Win64; x64) AppleWebKit/537.36 (KHTML, like Gecko) Chrome/101.0.4951.54 Safari/537.36"
89.133.78.252 - - [10/May/2022:21:42:03 +0200] "GET /kutat/REVkutatas/3gazdalkodas/index.html HTTP/1.1" 200 88137 "https://www.google.com/" "Mozilla/5.0 (Windows NT 10.0; Win64; x64) AppleWebKit/537.36 (KHTML, like Gecko) Chrome/101.0.4951.54 Safari/537.36"
89.133.78.252 - - [10/May/2022:21:42:03 +0200] "GET /graphics/galas.gif HTTP/1.1" 200 913 "http://www.nosza.hu/kutat/REVkutatas/3gazdalkodas/index.html" "Mozilla/5.0 (Windows NT 10.0; Win64; x64) AppleWebKit/537.36 (KHTML, like Gecko) Chrome/101.0.4951.54 Safari/537.36"
89.133.78.252 - - [10/May/2022:21:42:04 +0200] "GET /favicon.ico HTTP/1.1" 404 1181 "http://www.nosza.hu/kutat/REVkutatas/3gazdalkodas/index.html" "Mozilla/5.0 (Windows NT 10.0; Win64; x64) AppleWebKit/537.36 (KHTML, like Gecko) Chrome/101.0.4951.54 Safari/537.36"
95.102.48.77 - - [10/May/2022:21:47:40 +0200] "GET /favicon.ico HTTP/1.1" 404 1181 "http://www.nosza.hu/nizak-peterfi.dbk.pdf?msclkid=0a6bd16ed09a11ec9b5e45b18a4cf1e2" "Mozilla/5.0 (Windows NT 10.0; Win64; x64) AppleWebKit/537.36 (KHTML, like Gecko) Chrome/101.0.4951.54 Safari/537.36 Edg/101.0.1210.39"
95.102.48.77 - - [10/May/2022:21:47:40 +0200] "GET /nizak-peterfi.dbk.pdf?msclkid=0a6bd16ed09a11ec9b5e45b18a4cf1e2 HTTP/1.1" 200 156101 "https://www.bing.com/" "Mozilla/5.0 (Windows NT 10.0; Win64; x64) AppleWebKit/537.36 (KHTML, like Gecko) Chrome/101.0.4951.54 Safari/537.36 Edg/101.0.1210.39"
62.165.227.224 - - [10/May/2022:21:57:43 +0200] "GET /kutat/REVkutatas/3gazdalkodas/index.html HTTP/1.1" 200 88137 "-" "Mozilla/5.0 (Windows NT 10.0; Win64; x64) AppleWebKit/537.36 (KHTML, like Gecko) Chrome/101.0.4951.54 Safari/537.36 Edg/101.0.1210.39"
62.165.227.224 - - [10/May/2022:21:57:43 +0200] "GET /galateia.css HTTP/1.1" 200 1717 "http://www.nosza.hu/kutat/REVkutatas/3gazdalkodas/index.html" "Mozilla/5.0 (Windows NT 10.0; Win64; x64) AppleWebKit/537.36 (KHTML, like Gecko) Chrome/101.0.4951.54 Safari/537.36 Edg/101.0.1210.39"
62.165.227.224 - - [10/May/2022:21:57:43 +0200] "GET /graphics/noszalogo.gif HTTP/1.1" 200 6797 "http://www.nosza.hu/kutat/REVkutatas/3gazdalkodas/index.html" "Mozilla/5.0 (Windows NT 10.0; Win64; x64) AppleWebKit/537.36 (KHTML, like Gecko) Chrome/101.0.4951.54 Safari/537.36 Edg/101.0.1210.39"
62.165.227.224 - - [10/May/2022:21:57:43 +0200] "GET /graphics/galas.gif HTTP/1.1" 200 913 "http://www.nosza.hu/kutat/REVkutatas/3gazdalkodas/index.html" "Mozilla/5.0 (Windows NT 10.0; Win64; x64) AppleWebKit/537.36 (KHTML, like Gecko) Chrome/101.0.4951.54 Safari/537.36 Edg/101.0.1210.39"
62.165.227.224 - - [10/May/2022:21:57:43 +0200] "GET /favicon.ico HTTP/1.1" 404 1181 "http://www.nosza.hu/kutat/REVkutatas/3gazdalkodas/index.html" "Mozilla/5.0 (Windows NT 10.0; Win64; x64) AppleWebKit/537.36 (KHTML, like Gecko) Chrome/101.0.4951.54 Safari/537.36 Edg/101.0.1210.39"
54.36.148.194 - - [10/May/2022:22:01:10 +0200] "GET / HTTP/1.1" 200 1010 "-" "Mozilla/5.0 (compatible; AhrefsBot/7.0; +http://ahrefs.com/robot/)"
40.77.167.43 - - [10/May/2022:22:02:50 +0200] "GET /foldes.dbk.pdf HTTP/1.1" 304 - "-" "Mozilla/5.0 (compatible; bingbot/2.0; +http://www.bing.com/bingbot.htm)"
185.191.171.22 - - [10/May/2022:22:15:07 +0200] "GET /robots.txt HTTP/1.1" 404 1181 "-" "Mozilla/5.0 (compatible; SemrushBot/7~bl; +http://www.semrush.com/bot.html)"
185.191.171.12 - - [10/May/2022:22:15:08 +0200] "GET /kutat/REVkutatas/1gazdasag/index.html HTTP/1.1" 200 89032 "-" "Mozilla/5.0 (compatible; SemrushBot/7~bl; +http://www.semrush.com/bot.html)"
207.46.13.76 - - [10/May/2022:22:20:52 +0200] "GET /new/content/egyes%C3%BCleti-alapszab%C3%A1ly-%C3%A9s-m%C5%B1k%C3%B6d%C3%A9s HTTP/1.1" 200 8652 "-" "Mozilla/5.0 (compatible; bingbot/2.0; +http://www.bing.com/bingbot.htm)"
49.12.13.109 - - [10/May/2022:22:34:18 +0200] "HEAD / HTTP/1.1" 200 0 "-" "Alert_Alligator_webmonitoring_service_1.6.3_(alertalligator.com)"
216.244.66.229 - - [10/May/2022:22:50:35 +0200] "GET /robots.txt HTTP/1.1" 404 1181 "-" "Mozilla/5.0 (compatible; DotBot/1.2; +https://opensiteexplorer.org/dotbot; help@moz.com)"
216.244.66.229 - - [10/May/2022:22:57:50 +0200] "GET /3kutat/REVkutatas/4projektek/index.html HTTP/1.1" 200 69101 "-" "Mozilla/5.0 (compatible; DotBot/1.2; +https://opensiteexplorer.org/dotbot; help@moz.com)"
207.46.13.114 - - [10/May/2022:23:08:18 +0200] "GET /aktualis/1gyikNCA/index.html HTTP/1.1" 200 22264 "-" "Mozilla/5.0 (compatible; bingbot/2.0; +http://www.bing.com/bingbot.htm)"
207.46.13.114 - - [10/May/2022:23:08:22 +0200] "GET /kutat/REVkutatas/4projektek/ HTTP/1.1" 200 68956 "-" "Mozilla/5.0 (compatible; bingbot/2.0; +http://www.bing.com/bingbot.htm)"
157.55.39.88 - - [10/May/2022:23:12:46 +0200] "GET /kutat/REVkutatas/3gazdalkodas/ HTTP/1.1" 200 88137 "-" "Mozilla/5.0 (compatible; bingbot/2.0; +http://www.bing.com/bingbot.htm)"
185.191.171.37 - - [10/May/2022:23:15:06 +0200] "GET /3kutat/index.html HTTP/1.1" 200 26177 "-" "Mozilla/5.0 (compatible; SemrushBot/7~bl; +http://www.semrush.com/bot.html)"
185.158.115.77 - - [10/May/2022:23:30:32 +0200] "GET / HTTP/1.1" 200 1010 "http://nosza.hu/" "Mozilla/4.0 (compatible; MSIE 6.0; Windows NT 5.1; SV1)"
212.237.53.115 - - [10/May/2022:23:31:07 +0200] "HEAD / HTTP/1.1" 200 0 "-" "Alert_Alligator_webmonitoring_service_1.6.4_(alertalligator.com)"
216.244.66.229 - - [10/May/2022:23:38:31 +0200] "GET /robots.txt HTTP/1.1" 404 1181 "-" "Mozilla/5.0 (compatible; DotBot/1.2; +https://opensiteexplorer.org/dotbot; help@moz.com)"
20.77.49.95 - - [10/May/2022:23:40:18 +0200] "GET /wp-admin/css/ HTTP/1.1" 404 1181 "binance.com" "Mozilla/5.0 (Windows NT 10.0; Win64; x64) AppleWebKit/537.36 (KHTML, like Gecko) Chrome/90.0.4430.85 Safari/537.36"
20.77.49.95 - - [10/May/2022:23:40:27 +0200] "GET /.well-known/ HTTP/1.1" 404 1181 "binance.com" "Mozilla/5.0 (Windows NT 10.0; Win64; x64) AppleWebKit/537.36 (KHTML, like Gecko) Chrome/90.0.4430.85 Safari/537.36"
20.77.49.95 - - [10/May/2022:23:40:35 +0200] "GET /sites/default/files/ HTTP/1.1" 404 1181 "binance.com" "Mozilla/5.0 (Windows NT 10.0; Win64; x64) AppleWebKit/537.36 (KHTML, like Gecko) Chrome/90.0.4430.85 Safari/537.36"
20.77.49.95 - - [10/May/2022:23:40:39 +0200] "GET /admin/controller/extension/extension/ HTTP/1.1" 404 1181 "binance.com" "Mozilla/5.0 (Windows NT 10.0; Win64; x64) AppleWebKit/537.36 (KHTML, like Gecko) Chrome/90.0.4430.85 Safari/537.36"
20.77.49.95 - - [10/May/2022:23:40:46 +0200] "GET /uploads/ HTTP/1.1" 404 1181 "binance.com" "Mozilla/5.0 (Windows NT 10.0; Win64; x64) AppleWebKit/537.36 (KHTML, like Gecko) Chrome/90.0.4430.85 Safari/537.36"
20.77.49.95 - - [10/May/2022:23:40:49 +0200] "GET /images/ HTTP/1.1" 403 1172 "binance.com" "Mozilla/5.0 (Windows NT 10.0; Win64; x64) AppleWebKit/537.36 (KHTML, like Gecko) Chrome/90.0.4430.85 Safari/537.36"
216.244.66.229 - - [10/May/2022:23:46:25 +0200] "GET /3kutat/REVkutatas/1gazdasag/index.html HTTP/1.1" 200 89168 "-" "Mozilla/5.0 (compatible; DotBot/1.2; +https://opensiteexplorer.org/dotbot; help@moz.com)"
54.36.148.194 - - [10/May/2022:23:56:10 +0200] "GET /new/projektek/m%C5%B1k%C3%B6d%C3%A9si-p%C3%A1ly%C3%A1zat-2017-18 HTTP/1.1" 200 11920 "-" "Mozilla/5.0 (compatible; AhrefsBot/7.0; +http://ahrefs.com/robot/)"
49.12.13.109 - - [11/May/2022:00:30:34 +0200] "HEAD / HTTP/1.1" 200 0 "-" "Alert_Alligator_webmonitoring_service_1.6.3_(alertalligator.com)"
109.239.58.107 - - [11/May/2022:00:55:56 +0200] "GET / HTTP/1.1" 200 1010 "-" "Mozilla/5.0 (Windows NT 10.0; Win64; x64) AppleWebKit/537.36 (KHTML, like Gecko) Chrome/91.0.4472.114 Safari/537.36 Edg/91.0.864.54"
114.119.136.143 - - [11/May/2022:00:57:21 +0200] "GET /aktualis/1gyikNCA/szervezet/index.html HTTP/1.1" 200 23952 "http://www.nosza.hu/aktualis/1gyikNCA/elektor/index.html" "Mozilla/5.0 (Linux; Android 7.0;) AppleWebKit/537.36 (KHTML, like Gecko) Mobile Safari/537.36 (compatible; PetalBot;+https://webmaster.petalsearch.com/site/petalbot)"
66.249.64.20 - - [11/May/2022:01:13:29 +0200] "GET /new/sites/default/files/NOSZA%20K%C3%B6zhaszn%C3%BA%20Jelent%C3%A9s%202010.pdf HTTP/1.1" 200 263215 "-" "Mozilla/5.0 (Linux; Android 6.0.1; Nexus 5X Build/MMB29P) AppleWebKit/537.36 (KHTML, like Gecko) Chrome/101.0.4951.54 Mobile Safari/537.36 (compatible; Googlebot/2.1; +http://www.google.com/bot.html)"
35.245.82.188 - - [11/May/2022:01:22:00 +0200] "GET /3kutat/index.html HTTP/1.1" 200 26177 "-" "Mozilla/5.0 (Windows NT 6.1; WOW64; Trident/7.0; rv:11.0) like Gecko"
35.245.82.188 - - [11/May/2022:01:22:03 +0200] "GET /new/magunkrol HTTP/1.1" 200 9675 "-" "Mozilla/5.0 (Windows NT 6.1; WOW64; Trident/7.0; rv:11.0) like Gecko"
212.237.53.115 - - [11/May/2022:01:29:02 +0200] "HEAD / HTTP/1.1" 200 0 "-" "Alert_Alligator_webmonitoring_service_1.6.4_(alertalligator.com)"
88.99.238.79 - - [11/May/2022:01:44:42 +0200] "GET /ads.txt HTTP/1.0" 404 1181 "-" "Mozilla/5.0 (Windows NT 10.0; Win64; x64; rv:86.0) Gecko/20100101 Firefox/86.0"
91.233.21.70 - - [11/May/2022:01:44:46 +0200] "GET /.well-known/pki-validation/8D6D1CFA8CFAADD34CD0B475875CA734.txt HTTP/1.1" 404 1181 "-" "COMODO DCV"
91.233.21.70 - - [11/May/2022:01:44:46 +0200] "GET /.well-known/pki-validation/2CDF35E1BC875A192ACF52B6AA75BBEB.txt HTTP/1.1" 404 1181 "-" "COMODO DCV"
185.191.171.39 - - [11/May/2022:01:48:17 +0200] "GET /robots.txt HTTP/1.1" 404 1181 "-" "Mozilla/5.0 (compatible; SemrushBot/7~bl; +http://www.semrush.com/bot.html)"
185.191.171.1 - - [11/May/2022:01:48:19 +0200] "GET /new/publikaciok/publikaciok HTTP/1.1" 200 8189 "-" "Mozilla/5.0 (compatible; SemrushBot/7~bl; +http://www.semrush.com/bot.html)"
52.12.100.44 - - [11/May/2022:02:03:43 +0200] "GET / HTTP/1.1" 200 1010 "-" "Mozilla/5.0 (X11; Linux x86_64) AppleWebKit/537.36 (KHTML, like Gecko) Chrome/83.0.4103.97 Safari/537.36"
35.164.41.241 - - [11/May/2022:02:17:12 +0200] "GET /favicon.ico HTTP/1.1" 404 1181 "-" "Mozilla/5.0 (X11; Linux x86_64) AppleWebKit/537.36 (KHTML, like Gecko) Chrome/83.0.4103.97 Safari/537.36"
35.164.41.241 - - [11/May/2022:02:17:12 +0200] "GET / HTTP/1.1" 200 1010 "-" "Mozilla/5.0 (X11; Linux x86_64) AppleWebKit/537.36 (KHTML, like Gecko) Chrome/83.0.4103.97 Safari/537.36"
212.237.51.151 - - [11/May/2022:02:17:53 +0200] "HEAD / HTTP/1.1" 200 0 "-" "Alert_Alligator_webmonitoring_service_1.6.4_(alertalligator.com)"
52.42.180.106 - - [11/May/2022:02:18:38 +0200] "GET /favicon.ico HTTP/1.1" 404 1181 "-" "Mozilla/5.0 (X11; Linux x86_64) AppleWebKit/537.36 (KHTML, like Gecko) Chrome/83.0.4103.97 Safari/537.36"
52.42.180.106 - - [11/May/2022:02:18:41 +0200] "GET / HTTP/1.1" 200 1010 "-" "Mozilla/5.0 (X11; Linux x86_64) AppleWebKit/537.36 (KHTML, like Gecko) Chrome/83.0.4103.97 Safari/537.36"
193.235.141.170 - - [11/May/2022:02:28:41 +0200] "GET /new/en HTTP/1.1" 200 9252 "-" "Mozilla/5.0 (Windows NT 10.0; Win64; x64) AppleWebKit/537.36 (KHTML, like Gecko) Chrome/94.0.4606.81 Safari/537.36"
193.235.141.170 - - [11/May/2022:02:28:56 +0200] "GET /new/en/ HTTP/1.1" 200 9252 "-" "Mozilla/5.0 (Windows NT 10.0; Win64; x64) AppleWebKit/537.36 (KHTML, like Gecko) Chrome/94.0.4606.81 Safari/537.36"
193.235.141.170 - - [11/May/2022:02:29:05 +0200] "GET /new/en/about_us/links HTTP/1.1" 200 7851 "-" "Mozilla/5.0 (Windows NT 10.0; Win64; x64) AppleWebKit/537.36 (KHTML, like Gecko) Chrome/94.0.4606.81 Safari/537.36"
