202.189.6.223 - - [09/Jun/2024:07:52:27 +0200] "GET /d/js/acmsd/close_o.gif HTTP/1.1" 404 1181 "http://www.nosza.hu/d/js/acmsd/close_o.gif" "Mozilla/5.0 (Windows NT 10.0; Win64; x64) AppleWebKit/537.36 (KHTML, like Gecko) Chrome/83.0.4103.61 Safari/537.36"
202.189.6.223 - - [09/Jun/2024:07:52:28 +0200] "GET /e/DoInfo/AddInfo.php HTTP/1.1" 404 1181 "http://www.nosza.hu/e/DoInfo/AddInfo.php" "Mozilla/5.0 (Windows NT 10.0; Win64; x64) AppleWebKit/537.36 (KHTML, like Gecko) Chrome/83.0.4103.61 Safari/537.36"
54.203.13.229 - - [09/Jun/2024:07:52:30 +0200] "GET /new/dossiers HTTP/1.1" 200 8543 "-" "Mozilla/5.0 (Windows; U; Windows NT 6.3; x64; en-US) AppleWebKit/533.27 (KHTML, like Gecko) Chrome/53.0.1303.192 Safari/601"
54.203.13.229 - - [09/Jun/2024:07:53:51 +0200] "GET /new/publications HTTP/1.1" 200 8084 "-" "Mozilla/5.0 (Linux x86_64) Gecko/20100101 Firefox/57.0"
54.203.13.229 - - [09/Jun/2024:07:55:02 +0200] "GET /new/en/publications HTTP/1.1" 200 7784 "-" "Mozilla/5.0 (Windows; U; Windows NT 6.3; Win64; x64; en-US) AppleWebKit/533.25 (KHTML, like Gecko) Chrome/52.0.1909.382 Safari/600"
54.203.13.229 - - [09/Jun/2024:07:55:57 +0200] "GET /new/en/ HTTP/1.1" 200 9252 "-" "Mozilla/5.0 (Windows; U; Windows NT 6.0; x64) Gecko/20130401 Firefox/58.6"
182.44.10.67 - - [09/Jun/2024:08:30:01 +0200] "GET / HTTP/1.1" 200 1010 "-" "Mozilla/5.0 (iPhone; CPU iPhone OS 13_2_3 like Mac OS X) AppleWebKit/605.1.15 (KHTML, like Gecko) Version/13.0.3 Mobile/15E148 Safari/604.1"
37.59.21.100 - - [09/Jun/2024:08:52:04 +0200] "GET /new/rss.xml HTTP/1.1" 200 15715 "-" "Mozilla/5.0 (X11; Linux i686) AppleWebKit/537.36 (KHTML, like Gecko) Chrome/30.0.1599.66 Safari/537.36"
116.47.108.23 - - [09/Jun/2024:08:57:19 +0200] "GET /kerekes.dbk.pdf HTTP/1.1" 200 143599 "-" "Mozilla/5.0 (Windows NT 10.0; Win64; x64) AppleWebKit/537.36 (KHTML, like Gecko) Chrome/125.0.0.0 Safari/537.36"
54.36.148.203 - - [09/Jun/2024:09:23:56 +0200] "GET /kutat/REVkutatas/5PR/index.html HTTP/1.1" 200 49876 "-" "Mozilla/5.0 (compatible; AhrefsBot/7.0; +http://ahrefs.com/robot/)"
91.233.21.70 - - [09/Jun/2024:09:42:23 +0200] "GET /.well-known/acme-challenge/CGK9G6YTWBXG2BY5WNNONTJPV1QCNR77 HTTP/1.1" 404 1181 "-" "Cpanel-HTTP-Client/1.0"
91.233.21.70 - - [09/Jun/2024:09:42:23 +0200] "GET /.well-known/acme-challenge/UF3TNE1YXLX8DE-4YMECBGOF7G2N1JRX HTTP/1.1" 404 1181 "-" "Cpanel-HTTP-Client/1.0"
91.92.250.149 - - [09/Jun/2024:09:44:31 +0200] "GET / HTTP/1.1" 200 1010 "-" "-"
91.92.250.149 - - [09/Jun/2024:09:44:31 +0200] "GET /wordpress HTTP/1.1" 404 1181 "-" "-"
91.92.250.149 - - [09/Jun/2024:09:44:31 +0200] "GET /wp HTTP/1.1" 404 1181 "-" "-"
91.92.250.149 - - [09/Jun/2024:09:44:31 +0200] "GET /wp-admin/setup-config.php HTTP/1.1" 404 1181 "-" "-"
91.92.250.149 - - [09/Jun/2024:09:44:31 +0200] "GET /wp-admin/install.php HTTP/1.1" 404 1181 "-" "-"
91.92.250.149 - - [09/Jun/2024:09:44:31 +0200] "GET /blog HTTP/1.1" 404 1181 "-" "-"
91.92.250.149 - - [09/Jun/2024:09:44:31 +0200] "GET /new HTTP/1.1" 301 301 "-" "-"
91.92.250.149 - - [09/Jun/2024:09:44:34 +0200] "GET /new/ HTTP/1.1" 200 10252 "-" "-"
91.92.250.149 - - [09/Jun/2024:09:44:34 +0200] "GET /old HTTP/1.1" 404 1181 "-" "-"
91.92.250.149 - - [09/Jun/2024:09:44:35 +0200] "GET /newsite HTTP/1.1" 404 1181 "-" "-"
91.92.250.149 - - [09/Jun/2024:09:44:35 +0200] "GET /test HTTP/1.1" 301 302 "-" "-"
91.92.250.149 - - [09/Jun/2024:09:44:35 +0200] "GET /test/ HTTP/1.1" 200 7136 "-" "-"
91.92.250.149 - - [09/Jun/2024:09:44:35 +0200] "GET /core HTTP/1.1" 404 1181 "-" "-"
91.92.250.149 - - [09/Jun/2024:09:44:35 +0200] "GET /testing HTTP/1.1" 404 1181 "-" "-"
91.92.250.149 - - [09/Jun/2024:09:44:35 +0200] "GET /home HTTP/1.1" 404 1181 "-" "-"
37.59.21.100 - - [09/Jun/2024:10:16:51 +0200] "GET /new/en/rss.xml HTTP/1.1" 200 10708 "-" "Mozilla/5.0 (X11; Linux i686) AppleWebKit/537.36 (KHTML, like Gecko) Chrome/30.0.1599.66 Safari/537.36"
54.36.148.140 - - [09/Jun/2024:10:16:58 +0200] "GET /kutat/index.html HTTP/1.1" 200 18756 "-" "Mozilla/5.0 (compatible; AhrefsBot/7.0; +http://ahrefs.com/robot/)"
69.171.230.6 - - [09/Jun/2024:10:27:46 +0200] "GET /robots.txt HTTP/1.1" 404 1181 "-" "facebookexternalhit/1.1 (+http://www.facebook.com/externalhit_uatext.php)"
69.171.230.5 - - [09/Jun/2024:10:27:50 +0200] "GET /new/sites/default/files/introduction.pdf HTTP/1.1" 200 628960 "-" "facebookexternalhit/1.1 (+http://www.facebook.com/externalhit_uatext.php)"
5.188.62.26 - - [09/Jun/2024:10:28:42 +0200] "GET / HTTP/1.1" 200 1010 "-" "Mozilla/5.0 (Windows NT 10.0; Win64; x64) AppleWebKit/537.36 (KHTML, like Gecko) Chrome/101.0.4951.67 Safari/537.36"
66.249.64.5 - - [09/Jun/2024:10:38:48 +0200] "GET /robots.txt HTTP/1.1" 404 1181 "-" "Mozilla/5.0 (compatible; Googlebot/2.1; +http://www.google.com/bot.html)"
34.222.15.117 - - [09/Jun/2024:10:58:57 +0200] "GET /robots.txt HTTP/1.1" 404 1181 "-" "Mozilla/5.0 (Android; Android 5.0.1; SM-G420 Build/LRX22C) AppleWebKit/602.40 (KHTML, like Gecko) Chrome/52.0.3560.209 Mobile Safari/601.7"
34.222.15.117 - - [09/Jun/2024:10:58:58 +0200] "GET /aktualis/index.html HTTP/1.1" 304 - "-" "Mozilla/5.0 (iPad; CPU iPad OS 10_3_6 like Mac OS X) AppleWebKit/537.8 (KHTML, like Gecko) Chrome/49.0.1002.117 Mobile Safari/534.6"
54.36.148.165 - - [09/Jun/2024:11:07:45 +0200] "GET /kutat/REVkutatas/index.html HTTP/1.1" 200 13447 "-" "Mozilla/5.0 (compatible; AhrefsBot/7.0; +http://ahrefs.com/robot/)"
66.249.64.5 - - [09/Jun/2024:11:10:51 +0200] "GET /new/sites/default/files/NOSZA%20K%C3%B6zhaszn%C3%BA%20Jelent%C3%A9s%202008.pdf HTTP/1.1" 304 - "-" "Mozilla/5.0 (Linux; Android 6.0.1; Nexus 5X Build/MMB29P) AppleWebKit/537.36 (KHTML, like Gecko) Chrome/125.0.6422.168 Mobile Safari/537.36 (compatible; Googlebot/2.1; +http://www.google.com/bot.html)"
34.222.15.117 - - [09/Jun/2024:11:11:03 +0200] "GET /new/ HTTP/1.1" 200 10256 "-" "Mozilla/5.0 (iPhone; CPU iPhone OS 11_8_0; like Mac OS X) AppleWebKit/533.7 (KHTML, like Gecko) Chrome/53.0.1129.250 Mobile Safari/602.7"
34.222.15.117 - - [09/Jun/2024:11:13:23 +0200] "GET /kutat/REVkutatas/4projektek/index.html HTTP/1.1" 304 - "-" "Mozilla/5.0 (Windows; U; Windows NT 10.1;) Gecko/20100101 Firefox/66.3"
34.222.15.117 - - [09/Jun/2024:11:14:40 +0200] "GET /new/en/contact_us HTTP/1.1" 200 7267 "-" "Mozilla/5.0 (Windows; U; Windows NT 10.5; WOW64) AppleWebKit/534.40 (KHTML, like Gecko) Chrome/53.0.2190.175 Safari/537.5 Edge/13.71404"
34.222.15.117 - - [09/Jun/2024:11:15:52 +0200] "GET /halozatok/index.html HTTP/1.1" 304 - "-" "Mozilla/5.0 (Windows NT 6.2; Win64; x64; en-US) AppleWebKit/537.3 (KHTML, like Gecko) Chrome/55.0.1159.179 Safari/601.7 Edge/15.63657"
34.222.15.117 - - [09/Jun/2024:11:17:05 +0200] "GET /konferenciak/index.html HTTP/1.1" 304 - "-" "Mozilla/5.0 (Windows; U; Windows NT 10.3; WOW64; en-US) Gecko/20100101 Firefox/47.4"
34.222.15.117 - - [09/Jun/2024:11:18:06 +0200] "GET /%5Bhttp:/www.oecd.org/puma/citizens/%5D HTTP/1.1" 404 1181 "-" "Mozilla/5.0 (Linux; Linux i554 ) AppleWebKit/534.41 (KHTML, like Gecko) Chrome/49.0.3846.204 Safari/535"
34.222.15.117 - - [09/Jun/2024:11:19:11 +0200] "GET /new/en/about_us/members HTTP/1.1" 200 8253 "-" "Mozilla/5.0 (Linux; Android 4.4.4; IQ4504 Quad Build/KOT49H) AppleWebKit/600.44 (KHTML, like Gecko) Chrome/47.0.2433.298 Mobile Safari/536.0"
34.222.15.117 - - [09/Jun/2024:11:20:01 +0200] "GET /new/en/about_us/links HTTP/1.1" 200 7851 "-" "Mozilla/5.0 (Macintosh; U; Intel Mac OS X 9_6_0; en-US) Gecko/20100101 Firefox/46.2"
34.222.15.117 - - [09/Jun/2024:11:20:54 +0200] "GET /kutat/REVkutatas/5PR/index.html HTTP/1.1" 304 - "-" "Mozilla/5.0 (U; Linux i564 x86_64) AppleWebKit/603.40 (KHTML, like Gecko) Chrome/50.0.1542.390 Safari/534"
34.222.15.117 - - [09/Jun/2024:11:21:49 +0200] "GET /new/en/about_us/financial_reports HTTP/1.1" 200 9675 "-" "Mozilla/5.0 (compatible; MSIE 11.0; Windows; U; Windows NT 6.3; Win64; x64; en-US Trident/7.0)"
34.222.15.117 - - [09/Jun/2024:11:22:37 +0200] "GET /new/en/news/2013 HTTP/1.1" 200 15657 "-" "Mozilla/5.0 (Android; Android 5.0.2; SM-D907F Build/LMY47X) AppleWebKit/537.6 (KHTML, like Gecko) Chrome/54.0.3057.164 Mobile Safari/533.6"
34.222.15.117 - - [09/Jun/2024:11:23:21 +0200] "GET /new/en/news/2009 HTTP/1.1" 200 15657 "-" "Mozilla/5.0 (Windows NT 10.4; x64; en-US) AppleWebKit/534.37 (KHTML, like Gecko) Chrome/50.0.3608.351 Safari/537.5 Edge/12.48181"
34.222.15.117 - - [09/Jun/2024:11:24:03 +0200] "GET /kutat/REVkutatas/2menedzsment/index.html HTTP/1.1" 304 - "-" "Mozilla/5.0 (Linux; U; Android 5.0.1; SAMSUNG SM-P550 Build/LRX22G) AppleWebKit/533.50 (KHTML, like Gecko) Chrome/53.0.1724.137 Mobile Safari/600.6"
34.222.15.117 - - [09/Jun/2024:11:24:54 +0200] "GET /kutat/index.html HTTP/1.1" 304 - "-" "Mozilla/5.0 (Linux; Android 4.4.4; HTC Onemini 2 Build/KOT49H) AppleWebKit/602.39 (KHTML, like Gecko) Chrome/48.0.1309.237 Mobile Safari/602.1"
34.222.15.117 - - [09/Jun/2024:11:25:22 +0200] "GET /new/en/about_us/our_staff HTTP/1.1" 200 8901 "-" "Mozilla/5.0 (Linux; Linux x86_64) AppleWebKit/601.25 (KHTML, like Gecko) Chrome/49.0.3518.344 Safari/602"
34.222.15.117 - - [09/Jun/2024:11:26:08 +0200] "GET /new/en/publications/2008 HTTP/1.1" 200 7768 "-" "Mozilla/5.0 (Windows NT 6.2; x64) Gecko/20130401 Firefox/58.2"
34.222.15.117 - - [09/Jun/2024:11:26:52 +0200] "GET /%5Bhttp:/www.dzrs.si/si/aktualno/spremljanje_zakonodaje/sprejeti_zakoni/sprejeti_zakoni.html%5D HTTP/1.1" 404 1181 "-" "Mozilla/5.0 (iPhone; CPU iPhone OS 7_0_1; like Mac OS X) AppleWebKit/600.40 (KHTML, like Gecko) Chrome/52.0.2855.146 Mobile Safari/537.7"
34.222.15.117 - - [09/Jun/2024:11:27:33 +0200] "GET /new/en/news/2014 HTTP/1.1" 200 15657 "-" "Mozilla/5.0 (Macintosh; Intel Mac OS X 10_9_9; en-US) Gecko/20130401 Firefox/62.2"
34.222.15.117 - - [09/Jun/2024:11:28:07 +0200] "GET /angol/index.html HTTP/1.1" 304 - "-" "Mozilla/5.0 (iPhone; CPU iPhone OS 11_6_4; like Mac OS X) AppleWebKit/600.36 (KHTML, like Gecko) Chrome/48.0.2641.330 Mobile Safari/603.8"
34.222.15.117 - - [09/Jun/2024:11:28:38 +0200] "GET /index.html HTTP/1.1" 304 - "-" "Mozilla/5.0 (Macintosh; U; Intel Mac OS X 10_8_8) Gecko/20130401 Firefox/56.0"
34.222.15.117 - - [09/Jun/2024:11:29:05 +0200] "GET /kutat/REVkutatas/1gazdasag/index.html HTTP/1.1" 304 - "-" "Mozilla/5.0 (Windows NT 10.1; WOW64; en-US) AppleWebKit/533.14 (KHTML, like Gecko) Chrome/50.0.2192.291 Safari/534"
34.222.15.117 - - [09/Jun/2024:11:29:55 +0200] "GET /new/en/projects HTTP/1.1" 200 7671 "-" "Mozilla/5.0 (compatible; MSIE 11.0; Windows; U; Windows NT 6.1; Trident/7.0)"
34.222.15.117 - - [09/Jun/2024:11:30:39 +0200] "GET /new/en/news/2016 HTTP/1.1" 200 15657 "-" "Mozilla/5.0 (Linux; U; Android 4.3.1; HTC One max Build/JLS36C) AppleWebKit/536.17 (KHTML, like Gecko) Chrome/51.0.2515.293 Mobile Safari/534.8"
34.222.15.117 - - [09/Jun/2024:11:31:24 +0200] "GET /kutat/REVkutatas/3gazdalkodas/index.html HTTP/1.1" 304 - "-" "Mozilla/5.0 (iPhone; CPU iPhone OS 9_6_0; like Mac OS X) AppleWebKit/600.16 (KHTML, like Gecko) Chrome/50.0.2558.108 Mobile Safari/603.1"
34.222.15.117 - - [09/Jun/2024:11:31:50 +0200] "GET /new/en/about_us/activity HTTP/1.1" 200 9036 "-" "Mozilla/5.0 (compatible; MSIE 10.0; Windows NT 6.0; WOW64 Trident/6.0)"
34.222.15.117 - - [09/Jun/2024:11:32:15 +0200] "GET /new/en/news/2017 HTTP/1.1" 200 15657 "-" "Mozilla/5.0 (Macintosh; U; Intel Mac OS X 10_9_6) Gecko/20100101 Firefox/66.1"
34.222.15.117 - - [09/Jun/2024:11:32:40 +0200] "GET /halozatok/kerekasztal/index.html HTTP/1.1" 304 - "-" "Mozilla/5.0 (compatible; MSIE 11.0; Windows; U; Windows NT 6.2; Trident/7.0)"
34.222.15.117 - - [09/Jun/2024:11:33:08 +0200] "GET /partnereink/index.html HTTP/1.1" 304 - "-" "Mozilla/5.0 (Linux i656 x86_64; en-US) Gecko/20100101 Firefox/64.1"
34.222.15.117 - - [09/Jun/2024:11:33:33 +0200] "GET /szervezet/index.html HTTP/1.1" 304 - "-" "Mozilla/5.0 (compatible; MSIE 8.0; Windows; U; Windows NT 6.0; WOW64 Trident/4.0)"
34.222.15.117 - - [09/Jun/2024:11:34:05 +0200] "GET /new/en/news/2018 HTTP/1.1" 200 15657 "-" "Mozilla/5.0 (Windows NT 10.5;) AppleWebKit/602.30 (KHTML, like Gecko) Chrome/53.0.1313.216 Safari/602"
34.222.15.117 - - [09/Jun/2024:11:34:51 +0200] "GET /kutat/REVkutatas/index.html HTTP/1.1" 304 - "-" "Mozilla/5.0 (Windows; Windows NT 10.1; Win64; x64) AppleWebKit/602.44 (KHTML, like Gecko) Chrome/47.0.2129.240 Safari/537.5 Edge/10.27291"
34.222.15.117 - - [09/Jun/2024:11:35:09 +0200] "GET /new/en/about_us/supporters HTTP/1.1" 200 11066 "-" "Mozilla/5.0 (Windows NT 10.3;) AppleWebKit/534.2 (KHTML, like Gecko) Chrome/53.0.1888.111 Safari/537.3 Edge/16.80830"
34.222.15.117 - - [09/Jun/2024:11:35:39 +0200] "GET /new/en/projects/Test%20project HTTP/1.1" 200 7194 "-" "Mozilla/5.0 (Windows NT 10.3;) AppleWebKit/534.2 (KHTML, like Gecko) Chrome/53.0.1888.111 Safari/537.3 Edge/16.80830"
34.222.15.117 - - [09/Jun/2024:11:35:59 +0200] "GET /new/en/about_us HTTP/1.1" 200 8827 "-" "Mozilla/5.0 (Macintosh; Intel Mac OS X 7_8_2; en-US) AppleWebKit/536.32 (KHTML, like Gecko) Chrome/51.0.3094.124 Safari/603"
38.152.37.54 - - [09/Jun/2024:11:47:13 +0200] "GET /new/ HTTP/1.1" 200 10256 "http://www.nosza.hu/" "Mozilla/5.0 (Windows NT 10.0; Win64; x64) AppleWebKit/537.36 (KHTML, like Gecko) Chrome/114.0.0.0 Safari/537.36 OPR/89.0.4447.51"
38.152.37.54 - - [09/Jun/2024:11:47:19 +0200] "GET /?q=node/add HTTP/1.1" 200 1010 "http://www.nosza.hu/" "Mozilla/5.0 (Windows NT 10.0; Win64; x64) AppleWebKit/537.36 (KHTML, like Gecko) Chrome/114.0.0.0 Safari/537.36 OPR/89.0.4447.51"
38.152.37.54 - - [09/Jun/2024:11:47:19 +0200] "GET /?q=user HTTP/1.1" 200 1010 "http://www.nosza.hu/" "Mozilla/5.0 (Windows NT 10.0; Win64; x64) AppleWebKit/537.36 (KHTML, like Gecko) Chrome/114.0.0.0 Safari/537.36 OPR/89.0.4447.51"
66.249.70.168 - - [09/Jun/2024:11:50:15 +0200] "GET /robots.txt HTTP/1.1" 404 1181 "-" "Mozilla/5.0 (compatible; Googlebot/2.1; +http://www.google.com/bot.html)"
66.249.70.168 - - [09/Jun/2024:11:50:15 +0200] "GET /3kutat/REVkutatas/index.html HTTP/1.1" 200 14896 "-" "Mozilla/5.0 (Linux; Android 6.0.1; Nexus 5X Build/MMB29P) AppleWebKit/537.36 (KHTML, like Gecko) Chrome/125.0.6422.168 Mobile Safari/537.36 (compatible; Googlebot/2.1; +http://www.google.com/bot.html)"
51.222.253.12 - - [09/Jun/2024:11:58:29 +0200] "GET /robots.txt HTTP/1.1" 404 1181 "-" "Mozilla/5.0 (compatible; AhrefsBot/7.0; +http://ahrefs.com/robot/)"
54.36.148.6 - - [09/Jun/2024:11:58:30 +0200] "GET /kutat/REVkutatas/2menedzsment/index.html HTTP/1.1" 200 146014 "-" "Mozilla/5.0 (compatible; AhrefsBot/7.0; +http://ahrefs.com/robot/)"
94.23.247.18 - - [09/Jun/2024:11:59:44 +0200] "GET /new/en/dossiers HTTP/1.1" 200 7967 "http://www.nosza.hu/" "Mozilla/5.0 (Windows NT 10.0; Win64; x64) AppleWebKit/537.36 (KHTML, like Gecko) Chrome/121.0.0.0 Safari/537.36"
37.59.21.100 - - [09/Jun/2024:12:00:06 +0200] "GET /new/rss.xml HTTP/1.1" 200 15715 "-" "Mozilla/5.0 (X11; Linux i686) AppleWebKit/537.36 (KHTML, like Gecko) Chrome/30.0.1599.66 Safari/537.36"
91.233.21.70 - - [09/Jun/2024:12:42:01 +0200] "GET /.well-known/acme-challenge/ULM5WUUIW9S03XEYBJJ2OHET7KZMRP40 HTTP/1.1" 404 1181 "-" "Cpanel-HTTP-Client/1.0"
91.233.21.70 - - [09/Jun/2024:12:42:01 +0200] "GET /.well-known/acme-challenge/VC9KXYQPS1H2NRZN36EALJA6PU7VNWYV HTTP/1.1" 404 1181 "-" "Cpanel-HTTP-Client/1.0"
54.36.148.4 - - [09/Jun/2024:12:49:00 +0200] "GET /kutat/REVkutatas/1gazdasag/index.html HTTP/1.1" 200 89032 "-" "Mozilla/5.0 (compatible; AhrefsBot/7.0; +http://ahrefs.com/robot/)"
37.59.21.100 - - [09/Jun/2024:13:40:55 +0200] "GET /new/en/rss.xml HTTP/1.1" 200 10708 "-" "Mozilla/5.0 (X11; Linux i686) AppleWebKit/537.36 (KHTML, like Gecko) Chrome/30.0.1599.66 Safari/537.36"
35.161.221.235 - - [09/Jun/2024:13:46:16 +0200] "GET /robots.txt HTTP/1.1" 404 1181 "-" "Mozilla/5.0 (Windows; U; Windows NT 6.3; x64; en-US) Gecko/20100101 Firefox/57.7"
35.161.221.235 - - [09/Jun/2024:13:46:16 +0200] "GET /%5Bhttp:/www.iri-europe.org/rating.pdf%5D HTTP/1.1" 404 1181 "-" "Mozilla/5.0 (Linux; U; Linux i650 ) Gecko/20100101 Firefox/63.0"
27.75.103.97 - - [09/Jun/2024:13:49:18 +0200] "GET / HTTP/1.1" 200 1010 "-" "Mozilla/5.0 (Windows NT 10.0; Win64; x64) AppleWebKit/537.36 (KHTML, like Gecko) Chrome/120.0.0.0 Safari/537.36"
35.161.221.235 - - [09/Jun/2024:14:07:30 +0200] "GET /%5Bhttp:/www.hmso.gov.uk/%20acts/acts2000/20000036.htm%5D HTTP/1.1" 404 1181 "-" "Mozilla/5.0 (Android; Android 6.0.1; HTC One0P6B dual sim Build/MRA58K) AppleWebKit/602.10 (KHTML, like Gecko) Chrome/52.0.1364.349 Mobile Safari/533.7"
35.161.221.235 - - [09/Jun/2024:14:10:33 +0200] "GET /%5Bhttp:/www.om.fi/1184.htm%5D HTTP/1.1" 404 1181 "-" "Mozilla/5.0 (Linux; Linux i643 x86_64) AppleWebKit/535.29 (KHTML, like Gecko) Chrome/49.0.3769.271 Safari/533"
35.161.221.235 - - [09/Jun/2024:14:11:51 +0200] "GET /%5Bhttp:/www.vn.fi/vm/english/public%20management/guidelines.html HTTP/1.1" 404 1181 "-" "Mozilla/5.0 (iPhone; CPU iPhone OS 9_2_2; like Mac OS X) AppleWebKit/537.46 (KHTML, like Gecko) Chrome/55.0.1185.283 Mobile Safari/534.5"
35.161.221.235 - - [09/Jun/2024:14:13:00 +0200] "GET /%5Bhttp:/www.okatantaa.fi%5D HTTP/1.1" 404 1181 "-" "Mozilla/5.0 (Windows NT 6.0; x64) AppleWebKit/603.46 (KHTML, like Gecko) Chrome/48.0.1837.370 Safari/602.4 Edge/14.74120"
35.161.221.235 - - [09/Jun/2024:14:14:13 +0200] "GET /new/en/dossiers HTTP/1.1" 200 7967 "-" "Mozilla/5.0 (Linux; U; Android 5.0.1; SM-T350 Build/LRX22G) AppleWebKit/534.1 (KHTML, like Gecko) Chrome/47.0.2548.181 Mobile Safari/602.7"
35.161.221.235 - - [09/Jun/2024:14:15:09 +0200] "GET /%5Bhttp:/www.fm.dk/udgivelser/publikationer/citizens%20public%20sector%201998%5D HTTP/1.1" 404 1181 "-" "Mozilla/5.0 (Macintosh; Intel Mac OS X 9_3_2) AppleWebKit/601.31 (KHTML, like Gecko) Chrome/47.0.3805.263 Safari/600"
35.161.221.235 - - [09/Jun/2024:14:16:04 +0200] "GET /%5Bhttp:/www.aip-bg.org/apia.htm%5D HTTP/1.1" 404 1181 "-" "Mozilla/5.0 (Windows NT 10.4;) AppleWebKit/601.11 (KHTML, like Gecko) Chrome/52.0.3641.171 Safari/536"
35.161.221.235 - - [09/Jun/2024:14:16:47 +0200] "GET /%5Bhttp:/www.toolkitparticipation.com/%5D HTTP/1.1" 404 1181 "-" "Mozilla/5.0 (iPhone; CPU iPhone OS 7_7_1; like Mac OS X) AppleWebKit/533.40 (KHTML, like Gecko) Chrome/52.0.3503.268 Mobile Safari/601.5"
35.161.221.235 - - [09/Jun/2024:14:17:36 +0200] "GET /new/magunkrol HTTP/1.1" 200 9675 "-" "Mozilla/5.0 (Windows NT 6.0;; en-US) Gecko/20100101 Firefox/60.7"
35.161.221.235 - - [09/Jun/2024:14:18:17 +0200] "GET /%5Bhttp:/www.nn.hr/trgovina/pretplata/prijavak.asp%5D HTTP/1.1" 404 1181 "-" "Mozilla/5.0 (U; Linux i684 x86_64) Gecko/20130401 Firefox/61.3"
54.36.148.101 - - [09/Jun/2024:14:19:24 +0200] "GET /new/content/indul%C3%B3-projekt-magyar-nonprofit-szektor-t%C3%A1mogat%C3%A1s%C3%A1ra HTTP/1.1" 200 9771 "-" "Mozilla/5.0 (compatible; AhrefsBot/7.0; +http://ahrefs.com/robot/)"
87.242.8.212 - - [09/Jun/2024:14:19:57 +0200] "GET /nizak-peterfi.dbk.pdf HTTP/1.1" 200 156101 "-" "Mozilla/5.0 (Linux; Android 10; K) AppleWebKit/537.36 (KHTML, like Gecko) Chrome/125.0.0.0 Mobile Safari/537.36"
216.244.66.229 - - [09/Jun/2024:14:23:00 +0200] "GET /robots.txt HTTP/1.1" 404 1181 "-" "Mozilla/5.0 (compatible; DotBot/1.2; +https://opensiteexplorer.org/dotbot; help@moz.com)"
216.244.66.229 - - [09/Jun/2024:14:25:37 +0200] "GET /new/rss.xml HTTP/1.1" 200 15715 "-" "Mozilla/5.0 (compatible; DotBot/1.2; +https://opensiteexplorer.org/dotbot; help@moz.com)"
216.244.66.229 - - [09/Jun/2024:14:26:46 +0200] "GET /new/sites/default/files/NOSZA%20K%C3%B6zhaszn%C3%BA%20Jelent%C3%A9s2017.pdf HTTP/1.1" 200 2248816 "-" "Mozilla/5.0 (compatible; DotBot/1.2; +https://opensiteexplorer.org/dotbot; help@moz.com)"
37.59.21.100 - - [09/Jun/2024:14:36:07 +0200] "GET /new/rss.xml HTTP/1.1" 200 15715 "-" "Mozilla/5.0 (X11; Linux i686) AppleWebKit/537.36 (KHTML, like Gecko) Chrome/30.0.1599.66 Safari/537.36"
66.249.64.5 - - [09/Jun/2024:14:39:25 +0200] "GET /index.html HTTP/1.1" 304 - "-" "Mozilla/5.0 (Linux; Android 6.0.1; Nexus 5X Build/MMB29P) AppleWebKit/537.36 (KHTML, like Gecko) Chrome/125.0.6422.168 Mobile Safari/537.36 (compatible; Googlebot/2.1; +http://www.google.com/bot.html)"
69.171.249.23 - - [09/Jun/2024:15:15:46 +0200] "GET /new/taxonomy/term/6/0 HTTP/1.1" 200 8440 "-" "facebookexternalhit/1.1 (+http://www.facebook.com/externalhit_uatext.php)"
216.244.66.229 - - [09/Jun/2024:15:16:29 +0200] "GET /robots.txt HTTP/1.1" 404 1181 "-" "Mozilla/5.0 (compatible; DotBot/1.2; +https://opensiteexplorer.org/dotbot; help@moz.com)"
216.244.66.229 - - [09/Jun/2024:15:20:10 +0200] "GET /new/publikaciok/dr-f%C3%BCl%C3%B6p-s%C3%A1ndor-egyes%C3%BCletek-b%C3%ADr%C3%B3s%C3%A1gi-nyilv%C3%A1ntart%C3%A1sba-v%C3%A9teli-gyakorlata-%C3%B6sszehasonl%C3%ADt%C3%B3-e-0 HTTP/1.1" 200 8881 "-" "Mozilla/5.0 (compatible; DotBot/1.2; +https://opensiteexplorer.org/dotbot; help@moz.com)"
66.249.64.4 - - [09/Jun/2024:15:39:41 +0200] "GET /new/projektek/Menedzsment%20tr%C3%A9ning HTTP/1.1" 200 9363 "-" "Mozilla/5.0 (Linux; Android 6.0.1; Nexus 5X Build/MMB29P) AppleWebKit/537.36 (KHTML, like Gecko) Chrome/125.0.6422.168 Mobile Safari/537.36 (compatible; Googlebot/2.1; +http://www.google.com/bot.html)"
66.249.64.4 - - [09/Jun/2024:15:39:45 +0200] "GET /new/sites/default/themes/nosza/css/menu_style.css HTTP/1.1" 200 4749 "http://www.nosza.hu/new/projektek/Menedzsment%20tr%C3%A9ning" "Mozilla/5.0 (Linux; Android 6.0.1; Nexus 5X Build/MMB29P) AppleWebKit/537.36 (KHTML, like Gecko) Chrome/125.0.6422.154 Mobile Safari/537.36 (compatible; Googlebot/2.1; +http://www.google.com/bot.html)"
91.233.21.70 - - [09/Jun/2024:15:42:23 +0200] "GET /.well-known/acme-challenge/_ZZM7AZGQJT_B-S3BRKKNYBQQ287Z80E HTTP/1.1" 404 1181 "-" "Cpanel-HTTP-Client/1.0"
91.233.21.70 - - [09/Jun/2024:15:42:23 +0200] "GET /.well-known/acme-challenge/0D68SK-7ZN61O13BTX5K-J3W907Y6P0N HTTP/1.1" 404 1181 "-" "Cpanel-HTTP-Client/1.0"
54.36.149.58 - - [09/Jun/2024:15:49:49 +0200] "GET /kutat/NOSZA2002/index.html HTTP/1.1" 404 1181 "-" "Mozilla/5.0 (compatible; AhrefsBot/7.0; +http://ahrefs.com/robot/)"
176.113.70.186 - - [09/Jun/2024:15:59:20 +0200] "GET / HTTP/1.1" 200 1010 "-" "Mozilla/5.0 (Windows NT 10.0; Win64; x64) AppleWebKit/537.36 (KHTML, like Gecko) Chrome/87.0.4280.66 Safari/537.36"
216.244.66.229 - - [09/Jun/2024:16:11:17 +0200] "GET /robots.txt HTTP/1.1" 404 1181 "-" "Mozilla/5.0 (compatible; DotBot/1.2; +https://opensiteexplorer.org/dotbot; help@moz.com)"
216.244.66.229 - - [09/Jun/2024:16:16:55 +0200] "GET /new/sites/default/files/k%C3%A9pz%C3%A9si%20anyag.pdf HTTP/1.1" 200 622249 "-" "Mozilla/5.0 (compatible; DotBot/1.2; +https://opensiteexplorer.org/dotbot; help@moz.com)"
173.252.70.1 - - [09/Jun/2024:16:27:43 +0200] "GET /new/hirek/nyitott-jogalkot%C3%A1s-hogyan-lesz-az-elm%C3%A9letb%C5%91l-gyakorlat HTTP/1.1" 200 12430 "-" "facebookexternalhit/1.1 (+http://www.facebook.com/externalhit_uatext.php)"
37.59.21.100 - - [09/Jun/2024:16:32:56 +0200] "GET /new/en/rss.xml HTTP/1.1" 200 10708 "-" "Mozilla/5.0 (X11; Linux i686) AppleWebKit/537.36 (KHTML, like Gecko) Chrome/30.0.1599.66 Safari/537.36"
47.128.23.182 - - [09/Jun/2024:16:33:21 +0200] "GET /robots.txt HTTP/1.1" 404 1181 "-" "Mozilla/5.0 (Linux; Android 5.0) AppleWebKit/537.36 (KHTML, like Gecko) Mobile Safari/537.36 (compatible; Bytespider; spider-feedback@bytedance.com)"
35.91.159.79 - - [09/Jun/2024:16:33:51 +0200] "GET /robots.txt HTTP/1.1" 404 1181 "-" "Mozilla/5.0 (U; Linux x86_64; en-US) Gecko/20100101 Firefox/67.4"
35.91.159.79 - - [09/Jun/2024:16:33:51 +0200] "GET /new/en/news/founding-deeds-and-operation-foundations HTTP/1.1" 200 8139 "-" "Mozilla/5.0 (iPhone; CPU iPhone OS 11_2_4; like Mac OS X) AppleWebKit/534.23 (KHTML, like Gecko) Chrome/49.0.3339.382 Mobile Safari/536.3"
82.4.98.55 - - [09/Jun/2024:16:37:18 +0200] "GET /robots.txt HTTP/1.1" 404 1181 "-" "Mozilla/5.0 (iPhone; CPU iPhone OS 11_0 like Mac OS X) AppleWebKit/537.36 (KHTML, like Gecko) Chrome/54.0.4862.1271 Mobile Safari/537.36"
47.128.19.2 - - [09/Jun/2024:16:41:17 +0200] "GET /robots.txt HTTP/1.1" 404 1181 "-" "Mozilla/5.0 (Linux; Android 5.0) AppleWebKit/537.36 (KHTML, like Gecko) Mobile Safari/537.36 (compatible; Bytespider; spider-feedback@bytedance.com)"
211.30.59.120 - - [09/Jun/2024:16:45:24 +0200] "GET /robots.txt HTTP/1.1" 404 1181 "-" "Mozilla/5.0 (Linux; Android 6.0; Nexus 5 Build/MRA58N) AppleWebKit/537.36 (KHTML, like Gecko) Chrome/56.0.2561.1389 Mobile Safari/537.36"
66.249.64.5 - - [09/Jun/2024:16:54:24 +0200] "GET /kutat/REVkutatas/3gazdalkodas/index.html HTTP/1.1" 200 88137 "-" "Mozilla/5.0 (Linux; Android 6.0.1; Nexus 5X Build/MMB29P) AppleWebKit/537.36 (KHTML, like Gecko) Chrome/125.0.6422.168 Mobile Safari/537.36 (compatible; Googlebot/2.1; +http://www.google.com/bot.html)"
35.91.159.79 - - [09/Jun/2024:16:56:32 +0200] "GET /%5Bhttp:/www.publicinfo.ro/INITIAT/ENGL-Proiect%20Transparenta.pdf%5D HTTP/1.1" 404 1181 "-" "Mozilla/5.0 (Linux; Linux i664 x86_64; en-US) Gecko/20130401 Firefox/71.7"
173.252.127.11 - - [09/Jun/2024:16:56:50 +0200] "GET /kutat/REVkutatas/4projektek/index.html HTTP/1.1" 200 68956 "-" "facebookexternalhit/1.1 (+http://www.facebook.com/externalhit_uatext.php)"
35.91.159.79 - - [09/Jun/2024:16:59:21 +0200] "GET /new/en/news/frequently-asked-questions HTTP/1.1" 200 8128 "-" "Mozilla/5.0 (Windows NT 10.0; x64) AppleWebKit/537.14 (KHTML, like Gecko) Chrome/52.0.2585.260 Safari/600.4 Edge/10.88421"
35.91.159.79 - - [09/Jun/2024:17:00:32 +0200] "GET /new/en/news/starting-project-support-hungarian-non-profit-sector HTTP/1.1" 200 8080 "-" "Mozilla/5.0 (Windows NT 10.3; WOW64) Gecko/20130401 Firefox/70.1"
35.91.159.79 - - [09/Jun/2024:17:01:28 +0200] "GET /new/en/news/major-legal-developments-affecting-csos-2017-0 HTTP/1.1" 200 8277 "-" "Mozilla/5.0 (Macintosh; Intel Mac OS X 10_12_3) AppleWebKit/603.37 (KHTML, like Gecko) Chrome/54.0.2694.268 Safari/600"
35.91.159.79 - - [09/Jun/2024:17:02:23 +0200] "GET /new/en/news/civil-society-organizations-%E2%80%93-social-organizations-%E2%80%93-civic-company-new-notions-introduced-new-c HTTP/1.1" 200 8329 "-" "Mozilla/5.0 (compatible; MSIE 11.0; Windows; U; Windows NT 6.3; WOW64; en-US Trident/7.0)"
35.91.159.79 - - [09/Jun/2024:17:03:14 +0200] "GET /%5Bhttp:/www.unhchr.ch/udhr/lang/hng.htm%5D HTTP/1.1" 404 1181 "-" "Mozilla/5.0 (Windows NT 10.4; Win64; x64) AppleWebKit/534.15 (KHTML, like Gecko) Chrome/47.0.1055.225 Safari/535.5 Edge/17.81766"
35.91.159.79 - - [09/Jun/2024:17:03:56 +0200] "GET /%5Bhttp:/www.coe.org%5D HTTP/1.1" 404 1181 "-" "Mozilla/5.0 (iPad; CPU iPad OS 11_3_5 like Mac OS X) AppleWebKit/601.1 (KHTML, like Gecko) Chrome/54.0.2867.266 Mobile Safari/533.4"
35.91.159.79 - - [09/Jun/2024:17:04:40 +0200] "GET /%5Bhttp:/assembly.coe.int/Documents/AdoptedText/ta97/ERES1121.htm%5D HTTP/1.1" 404 1181 "-" "Mozilla/5.0 (Macintosh; Intel Mac OS X 10_1_9) Gecko/20100101 Firefox/71.3"
35.91.159.79 - - [09/Jun/2024:17:05:15 +0200] "GET /3kutat/index.html HTTP/1.1" 304 - "-" "Mozilla/5.0 (iPhone; CPU iPhone OS 11_6_7; like Mac OS X) AppleWebKit/600.39 (KHTML, like Gecko) Chrome/49.0.1704.152 Mobile Safari/602.1"
66.249.64.4 - - [09/Jun/2024:17:05:38 +0200] "GET /kutat/REVkutatas/3gazdalkodas/index.html HTTP/1.1" 200 88137 "-" "Mozilla/5.0 (compatible; Googlebot/2.1; +http://www.google.com/bot.html)"
176.113.70.186 - - [09/Jun/2024:17:05:48 +0200] "GET /EmpireCMS/upload/e/install/index.php?enews=path&f=3 HTTP/1.1" 404 1181 "http://www.baidu.com/" "Mozilla/5.0 (Windows NT 10.0; Win64; x64) AppleWebKit/537.36 (KHTML, like Gecko) Chrome/85.0.4183.121 Safari/537.36"
176.113.70.186 - - [09/Jun/2024:17:05:48 +0200] "GET /EmpireCMS_7.5/upload/e/install/index.php?enews=path&f=3 HTTP/1.1" 404 1181 "http://www.baidu.com/" "Mozilla/5.0 (Windows NT 10.0; Win64; x64) AppleWebKit/537.36 (KHTML, like Gecko) Chrome/85.0.4183.121 Safari/537.36"
176.113.70.186 - - [09/Jun/2024:17:05:48 +0200] "GET /e/install/index.php?enews=path&f=3 HTTP/1.1" 404 1181 "http://www.baidu.com/" "Mozilla/5.0 (Windows NT 10.0; Win64; x64) AppleWebKit/537.36 (KHTML, like Gecko) Chrome/85.0.4183.121 Safari/537.36"
176.113.70.186 - - [09/Jun/2024:17:05:48 +0200] "GET /upload/e/install/index.php?enews=path&f=3 HTTP/1.1" 404 1181 "http://www.baidu.com/" "Mozilla/5.0 (Windows NT 10.0; Win64; x64) AppleWebKit/537.36 (KHTML, like Gecko) Chrome/85.0.4183.121 Safari/537.36"
176.113.70.186 - - [09/Jun/2024:17:05:48 +0200] "GET /EmpireCMS_7.5_SC_UTF8/upload/e/install/index.php?enews=path&f=3 HTTP/1.1" 404 1181 "http://www.baidu.com/" "Mozilla/5.0 (Windows NT 10.0; Win64; x64) AppleWebKit/537.36 (KHTML, like Gecko) Chrome/85.0.4183.121 Safari/537.36"
176.113.70.186 - - [09/Jun/2024:17:05:48 +0200] "GET /EmpireCMS_7.5_SC_GBK/upload/e/install/index.php?enews=path&f=3 HTTP/1.1" 404 1181 "http://www.baidu.com/" "Mozilla/5.0 (Windows NT 10.0; Win64; x64) AppleWebKit/537.36 (KHTML, like Gecko) Chrome/85.0.4183.121 Safari/537.36"
35.91.159.79 - - [09/Jun/2024:17:05:49 +0200] "GET /new/hirek HTTP/1.1" 200 16778 "-" "Mozilla/5.0 (Linux; Android 5.0; LG-D715 Build/LRX22G) AppleWebKit/537.38 (KHTML, like Gecko) Chrome/52.0.1326.165 Mobile Safari/535.4"
216.244.66.229 - - [09/Jun/2024:17:06:15 +0200] "GET /robots.txt HTTP/1.1" 404 1181 "-" "Mozilla/5.0 (compatible; DotBot/1.2; +https://opensiteexplorer.org/dotbot; help@moz.com)"
35.91.159.79 - - [09/Jun/2024:17:06:25 +0200] "GET /%5Bhttp:/www.kuntaliitto.fi/english/law.htm%5D HTTP/1.1" 404 1181 "-" "Mozilla/5.0 (Macintosh; Intel Mac OS X 10_7_4) Gecko/20130401 Firefox/46.2"
35.91.159.79 - - [09/Jun/2024:17:06:58 +0200] "GET /new/publikaciok HTTP/1.1" 200 11778 "-" "Mozilla/5.0 (Linux; Android 4.4.4; HTC One801e dual sim Build/KTU84L) AppleWebKit/533.9 (KHTML, like Gecko) Chrome/51.0.1530.134 Mobile Safari/537.6"
35.91.159.79 - - [09/Jun/2024:17:07:26 +0200] "GET /%5Bhttp:/www.aip-bg.org/hnd%20intro.htm%5D HTTP/1.1" 404 1181 "-" "Mozilla/5.0 (Linux; Android 5.1; MOTOROLA XT1021 Build/LXB22) AppleWebKit/535.31 (KHTML, like Gecko) Chrome/48.0.3264.199 Mobile Safari/600.6"
35.91.159.79 - - [09/Jun/2024:17:07:53 +0200] "GET /%5Bhttp:/www.hare.vn.fi/%5D HTTP/1.1" 404 1181 "-" "Mozilla/5.0 (Linux; U; Linux i664 ; en-US) Gecko/20100101 Firefox/57.5"
35.91.159.79 - - [09/Jun/2024:17:08:26 +0200] "GET /%5Bhttp:/www.annualreport.gov.uk/%5D HTTP/1.1" 404 1181 "-" "Mozilla/5.0 (Windows; Windows NT 10.3; WOW64) AppleWebKit/602.16 (KHTML, like Gecko) Chrome/55.0.2970.122 Safari/537.6 Edge/8.78273"
35.91.159.79 - - [09/Jun/2024:17:08:50 +0200] "GET /%5Bhttp:/www.consultation.gov.uk/%5D HTTP/1.1" 404 1181 "-" "Mozilla/5.0 (Android; Android 5.0; LG-D333 Build/LRX22G) AppleWebKit/534.38 (KHTML, like Gecko) Chrome/48.0.1554.238 Mobile Safari/536.9"
35.91.159.79 - - [09/Jun/2024:17:09:24 +0200] "GET /%5Bhttp:/www.hmso.gov.uk/acts/%20acts1984/1984035.htm%5D HTTP/1.1" 404 1181 "-" "Mozilla/5.0 (Linux; Linux x86_64; en-US) Gecko/20130401 Firefox/74.6"
216.244.66.229 - - [09/Jun/2024:17:09:35 +0200] "GET /3kutat/index.html HTTP/1.1" 200 26177 "-" "Mozilla/5.0 (compatible; DotBot/1.2; +https://opensiteexplorer.org/dotbot; help@moz.com)"
35.91.159.79 - - [09/Jun/2024:17:09:36 +0200] "GET /%5Bhttp:/www.tekno.dk/engelsk/methods/index.htm%5D HTTP/1.1" 404 1181 "-" "Mozilla/5.0 (Windows; U; Windows NT 10.5; Win64; x64; en-US) AppleWebKit/603.15 (KHTML, like Gecko) Chrome/49.0.1814.283 Safari/537.7 Edge/10.33508"
35.91.159.79 - - [09/Jun/2024:17:09:59 +0200] "GET /%5Bhttp:/www.hmso.gov.uk/acts/acts2000/20000022.htm%5D HTTP/1.1" 404 1181 "-" "Mozilla/5.0 (Linux i676 ; en-US) AppleWebKit/533.36 (KHTML, like Gecko) Chrome/47.0.1615.324 Safari/603"
35.91.159.79 - - [09/Jun/2024:17:10:25 +0200] "GET /%5Bhttp:/www.usdoj.gov/04foia/%5D HTTP/1.1" 404 1181 "-" "Mozilla/5.0 (Macintosh; U; Intel Mac OS X 10_8_2) Gecko/20100101 Firefox/59.2"
35.91.159.79 - - [09/Jun/2024:17:10:52 +0200] "GET /%5Bhttp:/www.uni-wuerzburg.de/law/%5D HTTP/1.1" 404 1181 "-" "Mozilla/5.0 (U; Linux x86_64) Gecko/20130401 Firefox/45.2"
35.91.159.79 - - [09/Jun/2024:17:11:19 +0200] "GET /new/en/news/old-and-new-challenges-being-cso HTTP/1.1" 200 8071 "-" "Mozilla/5.0 (Linux; Linux x86_64) AppleWebKit/601.25 (KHTML, like Gecko) Chrome/49.0.3518.344 Safari/602"
35.91.159.79 - - [09/Jun/2024:17:11:59 +0200] "GET /new/en/news/training-materials-support-csos HTTP/1.1" 200 8120 "-" "Mozilla/5.0 (Windows NT 10.3;) AppleWebKit/534.2 (KHTML, like Gecko) Chrome/53.0.1888.111 Safari/537.3 Edge/16.80830"
35.91.159.79 - - [09/Jun/2024:17:12:10 +0200] "GET /new/dossziek HTTP/1.1" 200 9972 "-" "Mozilla/5.0 (iPhone; CPU iPhone OS 8_8_6; like Mac OS X) AppleWebKit/600.22 (KHTML, like Gecko) Chrome/53.0.1595.160 Mobile Safari/602.8"
35.91.159.79 - - [09/Jun/2024:17:12:26 +0200] "GET /%5Bhttp:/www.privacy.org/pi/countries/%20hungary/hungary_privacy_law_1992.html%5D HTTP/1.1" 404 1181 "-" "Mozilla/5.0 (Macintosh; Intel Mac OS X 10_5_3) Gecko/20130401 Firefox/60.8"
35.91.159.79 - - [09/Jun/2024:17:12:46 +0200] "GET /new/en/news/association-laws-and-operation HTTP/1.1" 200 8093 "-" "Mozilla/5.0 (Macintosh; Intel Mac OS X 9_9_3; en-US) Gecko/20100101 Firefox/66.5"
66.249.64.5 - - [09/Jun/2024:17:12:49 +0200] "GET /nizak-peterfi.dbk.pdf HTTP/1.1" 304 - "-" "Mozilla/5.0 (Linux; Android 6.0.1; Nexus 5X Build/MMB29P) AppleWebKit/537.36 (KHTML, like Gecko) Chrome/125.0.6422.168 Mobile Safari/537.36 (compatible; Googlebot/2.1; +http://www.google.com/bot.html)"
54.36.148.88 - - [09/Jun/2024:17:21:19 +0200] "GET /aktualis/1gyikNCA/index.html HTTP/1.1" 200 22264 "-" "Mozilla/5.0 (compatible; AhrefsBot/7.0; +http://ahrefs.com/robot/)"
37.59.21.100 - - [09/Jun/2024:17:26:10 +0200] "GET /new/rss.xml HTTP/1.1" 200 15715 "-" "Mozilla/5.0 (X11; Linux i686) AppleWebKit/537.36 (KHTML, like Gecko) Chrome/30.0.1599.66 Safari/537.36"
69.171.249.118 - - [09/Jun/2024:17:31:01 +0200] "GET /new/dossziek/hirek HTTP/1.1" 200 8525 "-" "facebookexternalhit/1.1 (+http://www.facebook.com/externalhit_uatext.php)"
66.249.64.4 - - [09/Jun/2024:17:37:18 +0200] "GET /new HTTP/1.1" 301 309 "-" "Mozilla/5.0 (Linux; Android 6.0.1; Nexus 5X Build/MMB29P) AppleWebKit/537.36 (KHTML, like Gecko) Chrome/125.0.6422.168 Mobile Safari/537.36 (compatible; Googlebot/2.1; +http://www.google.com/bot.html)"
66.249.64.4 - - [09/Jun/2024:17:37:33 +0200] "GET /new/modules/system/defaults.css?l HTTP/1.1" 200 757 "http://www.nosza.hu/new/" "Mozilla/5.0 (Linux; Android 6.0.1; Nexus 5X Build/MMB29P) AppleWebKit/537.36 (KHTML, like Gecko) Chrome/125.0.6422.154 Mobile Safari/537.36 (compatible; Googlebot/2.1; +http://www.google.com/bot.html)"
66.249.64.5 - - [09/Jun/2024:17:37:34 +0200] "GET /new/sites/default/themes/nosza/css/nosza.css?l HTTP/1.1" 200 10555 "http://www.nosza.hu/new/" "Mozilla/5.0 (Linux; Android 6.0.1; Nexus 5X Build/MMB29P) AppleWebKit/537.36 (KHTML, like Gecko) Chrome/125.0.6422.154 Mobile Safari/537.36 (compatible; Googlebot/2.1; +http://www.google.com/bot.html)"
66.249.64.6 - - [09/Jun/2024:17:57:05 +0200] "GET /3kutat/REVkutatas/3gazdalkodas/index.html HTTP/1.1" 200 88272 "-" "Mozilla/5.0 (Linux; Android 6.0.1; Nexus 5X Build/MMB29P) AppleWebKit/537.36 (KHTML, like Gecko) Chrome/125.0.6422.168 Mobile Safari/537.36 (compatible; Googlebot/2.1; +http://www.google.com/bot.html)"
64.91.240.211 - - [09/Jun/2024:18:03:17 +0200] "HEAD / HTTP/1.1" 200 0 "http://www.nosza.hu" "Mozilla/5.0 (Windows; U; Windows NT 6.1; en-US; rv:1.9.2.28) Gecko/20120306 Firefox/3.6.28"
47.128.110.230 - - [09/Jun/2024:18:07:56 +0200] "GET /robots.txt HTTP/1.1" 404 1181 "-" "Mozilla/5.0 (Linux; Android 5.0) AppleWebKit/537.36 (KHTML, like Gecko) Mobile Safari/537.36 (compatible; Bytespider; spider-feedback@bytedance.com)"
66.249.64.6 - - [09/Jun/2024:18:11:56 +0200] "GET /new/hirek/2010 HTTP/1.1" 200 16790 "-" "Mozilla/5.0 (Linux; Android 6.0.1; Nexus 5X Build/MMB29P) AppleWebKit/537.36 (KHTML, like Gecko) Chrome/125.0.6422.168 Mobile Safari/537.36 (compatible; Googlebot/2.1; +http://www.google.com/bot.html)"
75.132.161.10 - - [09/Jun/2024:18:12:02 +0200] "GET /robots.txt HTTP/1.1" 404 1181 "-" "Mozilla/5.0 (Linux; Android 5.0; SM-G900P Build/LRX21T) AppleWebKit/537.36 (KHTML, like Gecko) Chrome/57.0.2900.1523 Mobile Safari/537.36"
47.128.21.200 - - [09/Jun/2024:18:15:58 +0200] "GET /robots.txt HTTP/1.1" 404 1181 "-" "Mozilla/5.0 (Linux; Android 5.0) AppleWebKit/537.36 (KHTML, like Gecko) Mobile Safari/537.36 (compatible; Bytespider; spider-feedback@bytedance.com)"
184.145.12.43 - - [09/Jun/2024:18:20:08 +0200] "GET /robots.txt HTTP/1.1" 404 1181 "-" "Mozilla/5.0 (Linux; Android 5.0; SM-G900P Build/LRX21T) AppleWebKit/537.36 (KHTML, like Gecko) Chrome/56.0.1432.1358 Mobile Safari/537.36"
68.154.0.242 - - [09/Jun/2024:18:25:16 +0200] "GET /wp-login.php HTTP/1.1" 404 1181 "-" "Mozilla/5.0 (Windows NT 10.0; Win64; x64) AppleWebKit/537.36 (KHTML, like Gecko) Chrome/122.0.0.0 Safari/537.36"
47.128.23.102 - - [09/Jun/2024:18:29:39 +0200] "GET /halozatok/kerekasztal/memo5/index.html HTTP/1.1" 200 11742 "-" "Mozilla/5.0 (compatible; Bytespider; spider-feedback@bytedance.com) AppleWebKit/537.36 (KHTML, like Gecko) Chrome/70.0.0.0 Safari/537.36"
47.128.23.102 - - [09/Jun/2024:18:29:40 +0200] "GET /galateia.css HTTP/1.1" 200 1717 "http://www.nosza.hu/halozatok/kerekasztal/memo5/index.html" "Mozilla/5.0 (compatible; Bytespider; spider-feedback@bytedance.com) AppleWebKit/537.36 (KHTML, like Gecko) Chrome/70.0.0.0 Safari/537.36"
47.128.23.102 - - [09/Jun/2024:18:29:40 +0200] "GET /graphics/noszalogo.gif HTTP/1.1" 200 6797 "http://www.nosza.hu/halozatok/kerekasztal/memo5/index.html" "Mozilla/5.0 (compatible; Bytespider; spider-feedback@bytedance.com) AppleWebKit/537.36 (KHTML, like Gecko) Chrome/70.0.0.0 Safari/537.36"
47.128.23.102 - - [09/Jun/2024:18:29:41 +0200] "GET /graphics/galas.gif HTTP/1.1" 200 913 "http://www.nosza.hu/halozatok/kerekasztal/memo5/index.html" "Mozilla/5.0 (compatible; Bytespider; spider-feedback@bytedance.com) AppleWebKit/537.36 (KHTML, like Gecko) Chrome/70.0.0.0 Safari/537.36"
66.249.64.4 - - [09/Jun/2024:18:34:07 +0200] "GET /graphics/galas.gif HTTP/1.1" 304 - "-" "Googlebot-Image/1.0"
91.233.21.70 - - [09/Jun/2024:18:41:54 +0200] "GET /.well-known/acme-challenge/_GJ148ZW3GAOF29EHNPV29LDZNSSKL9S HTTP/1.1" 404 1181 "-" "Cpanel-HTTP-Client/1.0"
91.233.21.70 - - [09/Jun/2024:18:41:54 +0200] "GET /.well-known/acme-challenge/AAG6XZ7SHHQLKQDK840F4EGYJVWOC5AV HTTP/1.1" 404 1181 "-" "Cpanel-HTTP-Client/1.0"
216.244.66.229 - - [09/Jun/2024:18:54:18 +0200] "GET /robots.txt HTTP/1.1" 404 1181 "-" "Mozilla/5.0 (compatible; DotBot/1.2; +https://opensiteexplorer.org/dotbot; help@moz.com)"
216.244.66.229 - - [09/Jun/2024:18:57:40 +0200] "GET /new/en/news/2013 HTTP/1.1" 200 15657 "-" "Mozilla/5.0 (compatible; DotBot/1.2; +https://opensiteexplorer.org/dotbot; help@moz.com)"
54.214.191.122 - - [09/Jun/2024:19:02:39 +0200] "GET /robots.txt HTTP/1.1" 404 1181 "-" "Mozilla/5.0 (Linux; U; Android 4.4.4; XT1080 Build/SU6-7.3) AppleWebKit/534.28 (KHTML, like Gecko) Chrome/51.0.3782.274 Mobile Safari/536.1"
54.214.191.122 - - [09/Jun/2024:19:02:40 +0200] "GET /new/hirek/2009 HTTP/1.1" 200 16790 "-" "Mozilla/5.0 (Windows; U; Windows NT 10.1;) Gecko/20100101 Firefox/66.4"
47.128.35.132 - - [09/Jun/2024:19:11:08 +0200] "GET /halozatok/JMCS/memo/07/index.html HTTP/1.1" 200 16609 "-" "Mozilla/5.0 (compatible; Bytespider; spider-feedback@bytedance.com) AppleWebKit/537.36 (KHTML, like Gecko) Chrome/70.0.0.0 Safari/537.36"
47.128.35.132 - - [09/Jun/2024:19:11:09 +0200] "GET /galateia.css HTTP/1.1" 200 1717 "http://nosza.hu/halozatok/JMCS/memo/07/index.html" "Mozilla/5.0 (compatible; Bytespider; spider-feedback@bytedance.com) AppleWebKit/537.36 (KHTML, like Gecko) Chrome/70.0.0.0 Safari/537.36"
47.128.35.132 - - [09/Jun/2024:19:11:09 +0200] "GET /graphics/noszalogo.gif HTTP/1.1" 200 6797 "http://nosza.hu/halozatok/JMCS/memo/07/index.html" "Mozilla/5.0 (compatible; Bytespider; spider-feedback@bytedance.com) AppleWebKit/537.36 (KHTML, like Gecko) Chrome/70.0.0.0 Safari/537.36"
47.128.35.132 - - [09/Jun/2024:19:11:09 +0200] "GET /graphics/galas.gif HTTP/1.1" 200 913 "http://nosza.hu/halozatok/JMCS/memo/07/index.html" "Mozilla/5.0 (compatible; Bytespider; spider-feedback@bytedance.com) AppleWebKit/537.36 (KHTML, like Gecko) Chrome/70.0.0.0 Safari/537.36"
47.128.22.225 - - [09/Jun/2024:19:15:08 +0200] "GET /graphics/noszalogo.gif HTTP/1.1" 200 6797 "http://www.nosza.hu/3kutat/REVkutatas/2menedzsment/index.html" "Mozilla/5.0 (compatible; Bytespider; spider-feedback@bytedance.com) AppleWebKit/537.36 (KHTML, like Gecko) Chrome/70.0.0.0 Safari/537.36"
47.128.22.225 - - [09/Jun/2024:19:15:24 +0200] "GET /3kutat/REVkutatas/2menedzsment/index.html HTTP/1.1" 200 146149 "-" "Mozilla/5.0 (compatible; Bytespider; spider-feedback@bytedance.com) AppleWebKit/537.36 (KHTML, like Gecko) Chrome/70.0.0.0 Safari/537.36"
47.128.22.225 - - [09/Jun/2024:19:15:30 +0200] "GET /graphics/galas.gif HTTP/1.1" 200 913 "http://www.nosza.hu/3kutat/REVkutatas/2menedzsment/index.html" "Mozilla/5.0 (compatible; Bytespider; spider-feedback@bytedance.com) AppleWebKit/537.36 (KHTML, like Gecko) Chrome/70.0.0.0 Safari/537.36"
54.214.191.122 - - [09/Jun/2024:19:27:34 +0200] "GET /new/magunkrol/partnereink HTTP/1.1" 200 11570 "-" "Mozilla/5.0 (Windows; Windows NT 10.1; WOW64) AppleWebKit/533.20 (KHTML, like Gecko) Chrome/55.0.1421.368 Safari/537.1 Edge/17.37646"
54.214.191.122 - - [09/Jun/2024:19:29:43 +0200] "GET /new/projektek/Nyitott%20jogalkot%C3%A1s HTTP/1.1" 200 9728 "-" "Mozilla/5.0 (Windows; Windows NT 10.3; Win64; x64) AppleWebKit/535.8 (KHTML, like Gecko) Chrome/54.0.1784.294 Safari/602.6 Edge/9.78420"
54.214.191.122 - - [09/Jun/2024:19:30:44 +0200] "GET /new/hirek/civil-szervezeteket-%C3%A9rint%C5%91-legfontosabb-jogszab%C3%A1lyv%C3%A1ltoz%C3%A1sok-2017-ben HTTP/1.1" 200 13994 "-" "Mozilla/5.0 (Linux; U; Linux x86_64) AppleWebKit/603.36 (KHTML, like Gecko) Chrome/49.0.2473.332 Safari/536"
37.59.21.100 - - [09/Jun/2024:19:30:57 +0200] "GET /new/en/rss.xml HTTP/1.1" 200 10708 "-" "Mozilla/5.0 (X11; Linux i686) AppleWebKit/537.36 (KHTML, like Gecko) Chrome/30.0.1599.66 Safari/537.36"
54.214.191.122 - - [09/Jun/2024:19:31:33 +0200] "GET /new/hirek/2016 HTTP/1.1" 200 16790 "-" "Mozilla/5.0 (Linux; U; Linux x86_64; en-US) Gecko/20130401 Firefox/73.8"
54.214.191.122 - - [09/Jun/2024:19:32:22 +0200] "GET /new/content/gyakran-ism%C3%A9telt-k%C3%A9rd%C3%A9sek HTTP/1.1" 200 12447 "-" "Mozilla/5.0 (Macintosh; U; Intel Mac OS X 9_6_2; en-US) AppleWebKit/535.37 (KHTML, like Gecko) Chrome/54.0.3081.128 Safari/601"
54.214.191.122 - - [09/Jun/2024:19:33:06 +0200] "GET /new/elerhetoseg HTTP/1.1" 200 8052 "-" "Mozilla/5.0 (Android; Android 4.3.1; Ascend G310 Build/JLS36I) AppleWebKit/601.15 (KHTML, like Gecko) Chrome/48.0.1182.157 Mobile Safari/534.6"
54.214.191.122 - - [09/Jun/2024:19:33:51 +0200] "GET /new/publikaciok/2007 HTTP/1.1" 200 9569 "-" "Mozilla/5.0 (iPad; CPU iPad OS 8_4_2 like Mac OS X) AppleWebKit/537.33 (KHTML, like Gecko) Chrome/55.0.2087.220 Mobile Safari/601.1"
54.214.191.122 - - [09/Jun/2024:19:34:26 +0200] "GET /new/hirek/alap%C3%ADtv%C3%A1ny-alap%C3%ADt%C3%B3-okirata-%C3%A9s-m%C5%B1k%C3%B6d%C3%A9se HTTP/1.1" 200 9331 "-" "Mozilla/5.0 (Windows; Windows NT 6.0; Win64; x64; en-US) AppleWebKit/600.1 (KHTML, like Gecko) Chrome/55.0.1880.348 Safari/601"
54.214.191.122 - - [09/Jun/2024:19:34:55 +0200] "GET /new/en/content/major-legal-developments-affecting-csos-2017 HTTP/1.1" 200 7218 "-" "Mozilla/5.0 (Windows; Windows NT 10.5;) AppleWebKit/536.44 (KHTML, like Gecko) Chrome/54.0.1504.357 Safari/602.5 Edge/8.75048"
54.214.191.122 - - [09/Jun/2024:19:35:29 +0200] "GET /new/publikaciok/2009 HTTP/1.1" 200 9172 "-" "Mozilla/5.0 (Linux; U; Android 4.4.4; HTC One0P6B dual sim Build/KTU84L) AppleWebKit/603.2 (KHTML, like Gecko) Chrome/51.0.1170.135 Mobile Safari/534.8"
5.188.62.21 - - [09/Jun/2024:19:35:45 +0200] "GET / HTTP/1.1" 200 1010 "-" "Mozilla/5.0 (Windows NT 6.1; WOW64) AppleWebKit/537.36 (KHTML, like Gecko) Chrome/100.0.4895.86 Safari/537.36"
54.214.191.122 - - [09/Jun/2024:19:36:02 +0200] "GET /new/magunkrol/tagjaink HTTP/1.1" 200 16672 "-" "Mozilla/5.0 (Macintosh; Intel Mac OS X 7_7_9) AppleWebKit/536.41 (KHTML, like Gecko) Chrome/48.0.1468.393 Safari/534"
54.214.191.122 - - [09/Jun/2024:19:36:31 +0200] "GET /new/hirek/2014 HTTP/1.1" 200 16790 "-" "Mozilla/5.0 (iPhone; CPU iPhone OS 7_4_4; like Mac OS X) AppleWebKit/601.38 (KHTML, like Gecko) Chrome/48.0.1691.234 Mobile Safari/601.6"
54.214.191.122 - - [09/Jun/2024:19:37:01 +0200] "GET /new/hirek/2019 HTTP/1.1" 200 16790 "-" "Mozilla/5.0 (compatible; MSIE 9.0; Windows; U; Windows NT 6.1; Win64; x64; en-US Trident/5.0)"
54.214.191.122 - - [09/Jun/2024:19:37:21 +0200] "GET /new/projektek HTTP/1.1" 200 17515 "-" "Mozilla/5.0 (Windows; Windows NT 6.2; WOW64; en-US) AppleWebKit/603.43 (KHTML, like Gecko) Chrome/51.0.2385.145 Safari/536"
54.214.191.122 - - [09/Jun/2024:19:37:50 +0200] "GET /new/content/civil-szervezeti-l%C3%A9t-r%C3%A9gi-%C3%A9s-%C3%BAj-kih%C3%ADv%C3%A1sai HTTP/1.1" 200 9213 "-" "Mozilla/5.0 (Linux; Android 4.3.1; SM-N912T Build/JSS15J) AppleWebKit/535.22 (KHTML, like Gecko) Chrome/55.0.1215.370 Mobile Safari/533.3"
54.214.191.122 - - [09/Jun/2024:19:38:10 +0200] "GET /new/hirek/k%C3%A9pz%C3%A9si-anyag-civil-szerveztek-m%C5%B1k%C3%B6d%C3%A9s%C3%A9nek-t%C3%A1mogat%C3%A1s%C3%A1ra HTTP/1.1" 200 9096 "-" "Mozilla/5.0 (U; Linux x86_64) Gecko/20130401 Firefox/62.6"
54.214.191.122 - - [09/Jun/2024:19:38:39 +0200] "GET /new/rss.xml HTTP/1.1" 200 15715 "-" "Mozilla/5.0 (Windows NT 10.2; WOW64; en-US) AppleWebKit/600.3 (KHTML, like Gecko) Chrome/51.0.2685.337 Safari/601.0 Edge/16.65306"
54.214.191.122 - - [09/Jun/2024:19:38:58 +0200] "GET /new/magunkrol/tamogatoink HTTP/1.1" 200 11642 "-" "Mozilla/5.0 (Linux; U; Linux x86_64) AppleWebKit/535.50 (KHTML, like Gecko) Chrome/52.0.2281.129 Safari/600"
54.214.191.122 - - [09/Jun/2024:19:39:21 +0200] "GET /new/projektek/Civil%20%C3%BAjs%C3%A1g%C3%ADr%C3%A1s HTTP/1.1" 200 9236 "-" "Mozilla/5.0 (Linux; U; Android 6.0; HTC One M8 Build/MRA58K) AppleWebKit/533.17 (KHTML, like Gecko) Chrome/48.0.1801.336 Mobile Safari/602.2"
54.214.191.122 - - [09/Jun/2024:19:39:35 +0200] "GET /new/en/dossiers/szolg%C3%A1ltat%C3%B3-civilek HTTP/1.1" 200 8394 "-" "Mozilla/5.0 (Macintosh; Intel Mac OS X 9_4_7) Gecko/20100101 Firefox/51.6"
54.214.191.122 - - [09/Jun/2024:19:40:09 +0200] "GET /new/hirek/2010 HTTP/1.1" 200 16790 "-" "Mozilla/5.0 (U; Linux x86_64) Gecko/20130401 Firefox/51.6"
54.214.191.122 - - [09/Jun/2024:19:40:27 +0200] "GET /new/publikaciok/2008 HTTP/1.1" 200 9395 "-" "Mozilla/5.0 (compatible; MSIE 7.0; Windows NT 6.2; Win64; x64; en-US Trident/4.0)"
54.214.191.122 - - [09/Jun/2024:19:40:48 +0200] "GET /new/content/egyes%C3%BCleti-alapszab%C3%A1ly-%C3%A9s-m%C5%B1k%C3%B6d%C3%A9s HTTP/1.1" 200 8652 "-" "Mozilla/5.0 (Linux; U; Android 7.0; Xperia V Build/NDE63X) AppleWebKit/603.3 (KHTML, like Gecko) Chrome/52.0.1374.249 Mobile Safari/601.3"
54.214.191.122 - - [09/Jun/2024:19:41:17 +0200] "GET /new/content/civil-szervezet-%E2%80%93-t%C3%A1rsadalmi-szervezet-%E2%80%93-civil-t%C3%A1rsas%C3%A1g-az-%C3%BAj-civil-t%C3%B6rv%C3%A9ny-fogalmi-%C3%BAj%C3%ADt%C3%A1sai HTTP/1.1" 200 18521 "-" "Mozilla/5.0 (Macintosh; Intel Mac OS X 10_12_1; en-US) AppleWebKit/535.29 (KHTML, like Gecko) Chrome/55.0.2844.206 Safari/534"
54.214.191.122 - - [09/Jun/2024:19:41:46 +0200] "GET /new/magunkrol/beszamolok HTTP/1.1" 200 11210 "-" "Mozilla/5.0 (compatible; MSIE 9.0; Windows; U; Windows NT 6.0; Win64; x64 Trident/5.0)"
54.214.191.122 - - [09/Jun/2024:19:41:58 +0200] "GET /new/projektek/Menedzsment%20tr%C3%A9ning HTTP/1.1" 200 9363 "-" "Mozilla/5.0 (Android; Android 7.1; Nexus 5 Build/NPD90G) AppleWebKit/600.8 (KHTML, like Gecko) Chrome/50.0.3497.368 Mobile Safari/602.8"
54.214.191.122 - - [09/Jun/2024:19:42:21 +0200] "GET /new/magunkrol/tevekenysegunk HTTP/1.1" 200 10275 "-" "Mozilla/5.0 (iPhone; CPU iPhone OS 9_0_3; like Mac OS X) AppleWebKit/533.7 (KHTML, like Gecko) Chrome/50.0.2892.397 Mobile Safari/535.3"
54.214.191.122 - - [09/Jun/2024:19:42:42 +0200] "GET /new/dossziek/Teszt%20dosszi%C3%A9 HTTP/1.1" 200 8924 "-" "Mozilla/5.0 (Windows; Windows NT 10.2; WOW64) AppleWebKit/600.15 (KHTML, like Gecko) Chrome/55.0.3437.389 Safari/533.2 Edge/13.86314"
54.214.191.122 - - [09/Jun/2024:19:43:03 +0200] "GET /new/hirek/2013 HTTP/1.1" 200 16790 "-" "Mozilla/5.0 (Windows; Windows NT 10.2;; en-US) AppleWebKit/536.9 (KHTML, like Gecko) Chrome/48.0.2619.322 Safari/533"
54.214.191.122 - - [09/Jun/2024:19:43:30 +0200] "GET /new/hirek/2018 HTTP/1.1" 200 16790 "-" "Mozilla/5.0 (Linux; U; Android 4.3.1; HTC One max Build/JLS36C) AppleWebKit/536.17 (KHTML, like Gecko) Chrome/51.0.2515.293 Mobile Safari/534.8"
54.214.191.122 - - [09/Jun/2024:19:43:48 +0200] "GET /new/content/indul%C3%B3-projekt-magyar-nonprofit-szektor-t%C3%A1mogat%C3%A1s%C3%A1ra HTTP/1.1" 200 9771 "-" "Mozilla/5.0 (iPhone; CPU iPhone OS 10_3_3; like Mac OS X) AppleWebKit/534.41 (KHTML, like Gecko) Chrome/51.0.2726.265 Mobile Safari/533.3"
216.244.66.229 - - [09/Jun/2024:19:49:01 +0200] "GET /robots.txt HTTP/1.1" 404 1181 "-" "Mozilla/5.0 (compatible; DotBot/1.2; +https://opensiteexplorer.org/dotbot; help@moz.com)"
216.244.66.229 - - [09/Jun/2024:19:57:14 +0200] "GET /new/hirek/2016?page=1 HTTP/1.1" 200 14140 "-" "Mozilla/5.0 (compatible; DotBot/1.2; +https://opensiteexplorer.org/dotbot; help@moz.com)"
161.35.34.104 - - [09/Jun/2024:20:14:53 +0200] "GET / HTTP/1.1" 200 1010 "-" "Mozilla/5.0 (Macintosh; Intel Mac OS X 10_15_7) AppleWebKit/537.36 (KHTML, like Gecko) Chrome/121.0.0.0 Safari/537.36"
54.36.148.220 - - [09/Jun/2024:20:24:32 +0200] "GET /konferenciak/2konferencia/index.html HTTP/1.1" 200 7142 "-" "Mozilla/5.0 (compatible; AhrefsBot/7.0; +http://ahrefs.com/robot/)"
47.128.34.137 - - [09/Jun/2024:20:37:41 +0200] "GET /aktualis/108autopalya/index.html HTTP/1.1" 200 7574 "-" "Mozilla/5.0 (compatible; Bytespider; spider-feedback@bytedance.com) AppleWebKit/537.36 (KHTML, like Gecko) Chrome/70.0.0.0 Safari/537.36"
