34.229.131.116 - - [24/Jan/2020:10:04:01 +0100] "GET /robots.txt HTTP/1.1" 200 1590 "-" "CCBot/2.0 (https://commoncrawl.org/faq/)"
34.229.131.116 - - [24/Jan/2020:10:04:33 +0100] "GET /node/357 HTTP/1.1" 200 - "-" "CCBot/2.0 (https://commoncrawl.org/faq/)"
34.229.131.116 - - [24/Jan/2020:10:05:05 +0100] "GET /node/357 HTTP/1.1" 200 - "-" "CCBot/2.0 (https://commoncrawl.org/faq/)"
34.229.131.116 - - [24/Jan/2020:10:05:37 +0100] "GET /node/357 HTTP/1.1" 200 - "-" "CCBot/2.0 (https://commoncrawl.org/faq/)"
45.76.226.181 - - [24/Jan/2020:10:09:28 +0100] "GET / HTTP/1.1" 200 - "-" "Mozilla/5.0 (Macintosh; Intel Mac OS X 10_10_5) AppleWebKit/537.36 (KHTML, like Gecko) Chrome/45.0.2454.101 Safari/537.36"
3.219.31.255 - - [24/Jan/2020:10:10:55 +0100] "GET / HTTP/1.1" 200 - "-" "Mozilla/5.0 (Macintosh; Intel Mac OS X 10_15_0) AppleWebKit/537.36 (KHTML, like Gecko) Chrome/78.0.3904.87 Safari/537.36"
3.219.31.255 - - [24/Jan/2020:10:11:16 +0100] "GET / HTTP/1.1" 200 - "-" "Mozilla/5.0 (Macintosh; Intel Mac OS X 10_15_0) AppleWebKit/537.36 (KHTML, like Gecko) Chrome/78.0.3904.87 Safari/537.36"
216.244.66.200 - - [24/Jan/2020:10:19:36 +0100] "GET /filter/tips HTTP/1.1" 200 - "-" "Mozilla/5.0 (compatible; DotBot/1.1; http://www.opensiteexplorer.org/dotbot, help@moz.com)"
46.229.168.136 - - [24/Jan/2020:10:24:41 +0100] "GET /robots.txt HTTP/1.1" 200 1590 "-" "Mozilla/5.0 (compatible; SemrushBot/6~bl; +http://www.semrush.com/bot.html)"
46.229.168.145 - - [24/Jan/2020:10:25:13 +0100] "GET /drupal/node/26 HTTP/1.1" 200 - "-" "Mozilla/5.0 (compatible; SemrushBot/6~bl; +http://www.semrush.com/bot.html)"
46.229.168.145 - - [24/Jan/2020:10:25:46 +0100] "GET /drupal/node/26 HTTP/1.1" 200 - "-" "Mozilla/5.0 (compatible; SemrushBot/6~bl; +http://www.semrush.com/bot.html)"
84.206.47.34 - - [24/Jan/2020:10:29:32 +0100] "GET /files/3_mell_FAVI_ENG__ves.doc HTTP/1.1" 200 788480 "https://www.google.com/" "Mozilla/5.0 (Windows NT 10.0; Win64; x64; rv:72.0) Gecko/20100101 Firefox/72.0"
23.100.232.233 - - [24/Jan/2020:10:45:56 +0100] "GET /files/140-es_modositasa-2007__december_3__(8).doc HTTP/1.1" 200 253440 "-" "Mozilla/5.0 (compatible; MSIE 9.0; Windows NT 6.1; Trident/5.0; Trident/5.0)"
66.249.64.141 - - [24/Jan/2020:10:47:30 +0100] "GET /taxonomy/term/57/0 HTTP/1.1" 200 - "-" "Mozilla/5.0 (Linux; Android 6.0.1; Nexus 5X Build/MMB29P) AppleWebKit/537.36 (KHTML, like Gecko) Chrome/41.0.2272.96 Mobile Safari/537.36 (compatible; Googlebot/2.1; +http://www.google.com/bot.html)"
66.249.64.106 - - [24/Jan/2020:11:12:28 +0100] "GET /taxonomy/term/18%2023%2024%2026%2025%2027%2028%2029%2052%2041%2031%2032%2098%2033%2048%20106%20103%2099%20107%2034%2049%2035%2051%20100%2036%2050%20105?page=1 HTTP/1.1" 200 - "-" "Mozilla/5.0 (Linux; Android 6.0.1; Nexus 5X Build/MMB29P) AppleWebKit/537.36 (KHTML, like Gecko) Chrome/41.0.2272.96 Mobile Safari/537.36 (compatible; Googlebot/2.1; +http://www.google.com/bot.html)"
66.249.64.137 - - [24/Jan/2020:11:17:26 +0100] "GET /taxonomy/term/109 HTTP/1.1" 200 - "-" "Mozilla/5.0 (Linux; Android 6.0.1; Nexus 5X Build/MMB29P) AppleWebKit/537.36 (KHTML, like Gecko) Chrome/41.0.2272.96 Mobile Safari/537.36 (compatible; Googlebot/2.1; +http://www.google.com/bot.html)"
66.249.64.139 - - [24/Jan/2020:11:17:26 +0100] "GET /files/rendelet_szakmapolra.doc HTTP/1.1" 304 - "-" "Mozilla/5.0 (Linux; Android 6.0.1; Nexus 5X Build/MMB29P) AppleWebKit/537.36 (KHTML, like Gecko) Chrome/41.0.2272.96 Mobile Safari/537.36 (compatible; Googlebot/2.1; +http://www.google.com/bot.html)"
23.100.232.233 - - [24/Jan/2020:11:20:28 +0100] "GET /files/norma_09_11.doc HTTP/1.1" 200 244337 "-" "Mozilla/5.0 (compatible; MSIE 9.0; Windows NT 6.0; Trident/5.0; Trident/5.0)"
23.100.232.233 - - [24/Jan/2020:11:30:03 +0100] "GET /files/140-es_modositasa-2007__december_3__(8).doc HTTP/1.1" 200 244339 "-" "Mozilla/5.0 (compatible; MSIE 9.0; Windows NT 6.0; Trident/5.0; Trident/5.0)"
157.55.39.84 - - [24/Jan/2020:11:31:57 +0100] "GET /files/Az_anyakonyvi_eljarasrol_szolo_2010_evi_I_torveny_vegrehajtasarol_szolo_kormanyrendelet_tervezete.pdf HTTP/1.1" 304 - "-" "Mozilla/5.0 (compatible; bingbot/2.0; +http://www.bing.com/bingbot.htm)"
216.244.66.200 - - [24/Jan/2020:11:37:42 +0100] "GET /taxonomy/term/50 HTTP/1.1" 200 - "-" "Mozilla/5.0 (compatible; DotBot/1.1; http://www.opensiteexplorer.org/dotbot, help@moz.com)"
23.129.64.223 - - [24/Jan/2020:11:42:09 +0100] "GET /comment/reply/2619/ HTTP/1.0" 200 - "http://jogalkotas.hu/comment/reply/2619/" "Mozilla/5.0 (Windows NT 6.3; Win64; x64) AppleWebKit/537.36 (KHTML, like Gecko) Chrome/68.0.3440.84 Safari/537.36"
185.220.102.6 - - [24/Jan/2020:11:42:41 +0100] "GET /comment/reply/2619/ HTTP/1.0" 200 - "http://jogalkotas.hu/comment/reply/2619/" "Mozilla/5.0 (Windows NT 6.3; Win64; x64) AppleWebKit/537.36 (KHTML, like Gecko) Chrome/68.0.3440.84 Safari/537.36"
192.42.116.16 - - [24/Jan/2020:11:43:13 +0100] "GET /comment/reply/2619/ HTTP/1.0" 200 - "http://jogalkotas.hu/comment/reply/2619/" "Mozilla/5.0 (Windows NT 6.3; Win64; x64) AppleWebKit/537.36 (KHTML, like Gecko) Chrome/68.0.3440.84 Safari/537.36"
192.42.116.16 - - [24/Jan/2020:11:44:00 +0100] "GET /comment/reply/2619/ HTTP/1.0" 200 - "http://jogalkotas.hu/comment/reply/2619/" "Mozilla/5.0 (Windows NT 6.3; Win64; x64) AppleWebKit/537.36 (KHTML, like Gecko) Chrome/68.0.3440.84 Safari/537.36"
185.220.101.35 - - [24/Jan/2020:11:44:45 +0100] "GET / HTTP/1.0" 200 - "http://jogalkotas.hu/" "Mozilla/5.0 (Windows NT 6.3; Win64; x64) AppleWebKit/537.36 (KHTML, like Gecko) Chrome/68.0.3440.84 Safari/537.36"
66.249.64.108 - - [24/Jan/2020:11:47:38 +0100] "GET /files/okirattariterv.pdf HTTP/1.1" 304 - "-" "Mozilla/5.0 (Linux; Android 6.0.1; Nexus 5X Build/MMB29P) AppleWebKit/537.36 (KHTML, like Gecko) Chrome/41.0.2272.96 Mobile Safari/537.36 (compatible; Googlebot/2.1; +http://www.google.com/bot.html)"
216.244.66.200 - - [24/Jan/2020:11:48:19 +0100] "GET /taxonomy/term/34 HTTP/1.1" 200 - "-" "Mozilla/5.0 (compatible; DotBot/1.1; http://www.opensiteexplorer.org/dotbot, help@moz.com)"
23.100.232.233 - - [24/Jan/2020:11:55:01 +0100] "GET /files/norma_09_11.doc HTTP/1.1" 200 244337 "-" "Mozilla/5.0 (compatible; MSIE 9.0; Windows NT 6.0; Trident/5.0; Trident/5.0)"
66.249.64.108 - - [24/Jan/2020:11:55:01 +0100] "GET /files/Minta_irattariterv_onkormanyzatoknak.pdf HTTP/1.1" 304 - "-" "Mozilla/5.0 (Linux; Android 6.0.1; Nexus 5X Build/MMB29P) AppleWebKit/537.36 (KHTML, like Gecko) Chrome/41.0.2272.96 Mobile Safari/537.36 (compatible; Googlebot/2.1; +http://www.google.com/bot.html)"
155.56.68.214 - - [24/Jan/2020:12:01:08 +0100] "GET /sites/all/themes/jogalkotas/images/menu-right.png HTTP/1.1" 304 - "-" "Mozilla/4.0 (compatible;)"
66.249.64.108 - - [24/Jan/2020:12:01:40 +0100] "GET /files/pontrendszer.doc HTTP/1.1" 304 - "-" "Mozilla/5.0 (Linux; Android 6.0.1; Nexus 5X Build/MMB29P) AppleWebKit/537.36 (KHTML, like Gecko) Chrome/41.0.2272.96 Mobile Safari/537.36 (compatible; Googlebot/2.1; +http://www.google.com/bot.html)"
84.206.47.34 - - [24/Jan/2020:12:01:49 +0100] "GET /files/1_mell_FAVI_ENG_alap.doc HTTP/1.1" 200 1641984 "https://www.google.com/" "Mozilla/5.0 (Windows NT 10.0; Win64; x64; rv:72.0) Gecko/20100101 Firefox/72.0"
23.100.232.233 - - [24/Jan/2020:12:05:43 +0100] "GET /files/munkaanyag_25per2006_IM_rendelet_mod.10.28..doc HTTP/1.1" 200 142848 "-" "Mozilla/5.0 (compatible; MSIE 9.0; Windows NT 6.1; Trident/5.0; Trident/5.0)"
40.77.167.29 - - [24/Jan/2020:12:10:07 +0100] "GET /files/KHEM_2398norma.doc HTTP/1.1" 304 - "-" "Mozilla/5.0 (compatible; bingbot/2.0; +http://www.bing.com/bingbot.htm)"
66.249.64.137 - - [24/Jan/2020:12:11:45 +0100] "GET /files/szallashely_kormr_terv_090804.pdf HTTP/1.1" 304 - "-" "Mozilla/5.0 (Linux; Android 6.0.1; Nexus 5X Build/MMB29P) AppleWebKit/537.36 (KHTML, like Gecko) Chrome/41.0.2272.96 Mobile Safari/537.36 (compatible; Googlebot/2.1; +http://www.google.com/bot.html)"
80.98.7.71 - - [24/Jan/2020:12:26:00 +0100] "GET /files/gyamhatosag_eloterj_061204.pdf HTTP/1.1" 200 597742 "https://www.google.com/" "Mozilla/5.0 (Windows NT 6.1; WOW64; rv:68.0) Gecko/20100101 Firefox/68.0"
80.98.7.71 - - [24/Jan/2020:12:26:00 +0100] "GET /favicon.ico HTTP/1.1" 404 57 "-" "Mozilla/5.0 (Windows NT 6.1; WOW64; rv:68.0) Gecko/20100101 Firefox/68.0"
23.100.232.233 - - [24/Jan/2020:12:34:10 +0100] "GET /files/0306_tjf_110el_t..doc HTTP/1.1" 200 244339 "-" "Mozilla/5.0 (compatible; MSIE 9.0; Windows NT 6.0; Trident/5.0; Trident/5.0)"
66.249.64.141 - - [24/Jan/2020:12:41:57 +0100] "GET /taxonomy/term/87/0 HTTP/1.1" 200 - "-" "Mozilla/5.0 (Linux; Android 6.0.1; Nexus 5X Build/MMB29P) AppleWebKit/537.36 (KHTML, like Gecko) Chrome/41.0.2272.96 Mobile Safari/537.36 (compatible; Googlebot/2.1; +http://www.google.com/bot.html)"
209.133.111.211 - - [24/Jan/2020:12:42:10 +0100] "GET /robots.txt HTTP/1.1" 200 1590 "-" "rogerbot/1.0 (http://www.moz.com/dp/rogerbot, rogerbot-crawler@moz.com)"
209.133.111.211 - - [24/Jan/2020:12:42:42 +0100] "GET /node/feed HTTP/1.1" 200 - "-" "rogerbot/1.0 (http://www.moz.com/dp/rogerbot, rogerbot-crawler@moz.com)"
216.244.66.200 - - [24/Jan/2020:12:42:59 +0100] "GET /node?page=152 HTTP/1.1" 200 - "-" "Mozilla/5.0 (compatible; DotBot/1.1; http://www.opensiteexplorer.org/dotbot, help@moz.com)"
91.106.199.104 - - [24/Jan/2020:12:43:14 +0100] "GET /taxonomy/term/57 HTTP/1.1" 200 - "-" "Mozilla/5.0 (compatible; tracemyfile/1.0)"
91.106.199.104 - - [24/Jan/2020:12:43:24 +0100] "GET /taxonomy/term/57 HTTP/1.1" 200 - "-" "Mozilla/5.0 (compatible; tracemyfile/1.0)"
91.106.199.104 - - [24/Jan/2020:12:43:34 +0100] "GET /taxonomy/term/57 HTTP/1.1" 200 - "-" "Mozilla/5.0 (compatible; tracemyfile/1.0)"
91.106.199.104 - - [24/Jan/2020:12:43:45 +0100] "GET /taxonomy/term/57 HTTP/1.1" 200 - "-" "Mozilla/5.0 (compatible; tracemyfile/1.0)"
91.106.199.104 - - [24/Jan/2020:12:43:55 +0100] "GET /taxonomy/term/57 HTTP/1.1" 200 - "-" "Mozilla/5.0 (compatible; tracemyfile/1.0)"
66.249.64.139 - - [24/Jan/2020:12:52:03 +0100] "GET /taxonomy/term/24 HTTP/1.1" 200 - "-" "Mozilla/5.0 (Linux; Android 6.0.1; Nexus 5X Build/MMB29P) AppleWebKit/537.36 (KHTML, like Gecko) Chrome/41.0.2272.96 Mobile Safari/537.36 (compatible; Googlebot/2.1; +http://www.google.com/bot.html)"
66.249.64.106 - - [24/Jan/2020:13:01:33 +0100] "GET /files/22-1996-mod-kozigre.pdf HTTP/1.1" 304 - "-" "Mozilla/5.0 (Linux; Android 6.0.1; Nexus 5X Build/MMB29P) AppleWebKit/537.36 (KHTML, like Gecko) Chrome/41.0.2272.96 Mobile Safari/537.36 (compatible; Googlebot/2.1; +http://www.google.com/bot.html)"
54.36.148.139 - - [24/Jan/2020:13:10:20 +0100] "GET /robots.txt HTTP/1.1" 200 1590 "-" "Mozilla/5.0 (compatible; AhrefsBot/6.1; +http://ahrefs.com/robot/)"
23.100.232.233 - - [24/Jan/2020:13:12:33 +0100] "GET /files/jelentes_2006.doc HTTP/1.1" 200 244339 "-" "Mozilla/5.0 (compatible; MSIE 9.0; Windows NT 6.1; Trident/5.0; Trident/5.0)"
216.244.66.200 - - [24/Jan/2020:13:14:45 +0100] "GET /taxonomy/term/40?page=169 HTTP/1.1" 200 - "-" "Mozilla/5.0 (compatible; DotBot/1.1; http://www.opensiteexplorer.org/dotbot, help@moz.com)"
40.77.167.29 - - [24/Jan/2020:13:24:16 +0100] "GET /files/ptk-normaszoveg-tervezet_20071029.pdf HTTP/1.1" 304 - "-" "Mozilla/5.0 (compatible; bingbot/2.0; +http://www.bing.com/bingbot.htm)"
216.244.66.200 - - [24/Jan/2020:13:26:26 +0100] "GET /node?page=154 HTTP/1.1" 200 - "-" "Mozilla/5.0 (compatible; DotBot/1.1; http://www.opensiteexplorer.org/dotbot, help@moz.com)"
216.244.66.200 - - [24/Jan/2020:13:27:38 +0100] "GET /taxonomy/term/40?page=7 HTTP/1.1" 200 - "-" "Mozilla/5.0 (compatible; DotBot/1.1; http://www.opensiteexplorer.org/dotbot, help@moz.com)"
23.100.232.233 - - [24/Jan/2020:13:34:39 +0100] "GET /files/0306_tjf_110el_t..doc HTTP/1.1" 200 280699 "-" "Mozilla/5.0 (compatible; MSIE 9.0; Windows NT 6.1; Trident/5.0; Trident/5.0)"
109.74.55.251 - - [24/Jan/2020:13:36:59 +0100] "GET /files/Tuzszolszab..pdf HTTP/1.1" 200 424954 "https://www.google.com/" "Mozilla/5.0 (Windows NT 10.0; Win64; x64; rv:72.0) Gecko/20100101 Firefox/72.0"
109.74.55.251 - - [24/Jan/2020:13:36:59 +0100] "GET /favicon.ico HTTP/1.1" 404 57 "-" "Mozilla/5.0 (Windows NT 10.0; Win64; x64; rv:72.0) Gecko/20100101 Firefox/72.0"
195.206.180.131 - - [24/Jan/2020:13:48:54 +0100] "GET /node/add HTTP/1.0" 200 - "https://www.google.com/" "Mozilla/5.0 (Macintosh; Intel Mac OS X 10.11; rv:64.0) Gecko/20100101 Firefox/64.0"
195.206.180.131 - - [24/Jan/2020:13:49:32 +0100] "GET /comment/reply/node/add HTTP/1.0" 200 - "https://www.google.com/" "Mozilla/5.0 (Macintosh; Intel Mac OS X 10.11; rv:64.0) Gecko/20100101 Firefox/64.0"
216.244.66.200 - - [24/Jan/2020:13:51:46 +0100] "GET /taxonomy/term/18 HTTP/1.1" 200 - "-" "Mozilla/5.0 (compatible; DotBot/1.1; http://www.opensiteexplorer.org/dotbot, help@moz.com)"
23.100.232.233 - - [24/Jan/2020:13:53:44 +0100] "GET /files/jelentes_2006.doc HTTP/1.1" 200 244339 "-" "Mozilla/5.0 (compatible; MSIE 9.0; Windows NT 6.0; Trident/5.0; Trident/5.0)"
66.249.64.104 - - [24/Jan/2020:14:01:35 +0100] "GET /files/gyamhatosag_eloterj_061204.pdf HTTP/1.1" 304 - "-" "Mozilla/5.0 (Linux; Android 6.0.1; Nexus 5X Build/MMB29P) AppleWebKit/537.36 (KHTML, like Gecko) Chrome/41.0.2272.96 Mobile Safari/537.36 (compatible; Googlebot/2.1; +http://www.google.com/bot.html)"
176.77.159.71 - - [24/Jan/2020:14:01:48 +0100] "GET /files/14per2007_EuM_rend_mod_100415.doc HTTP/1.1" 206 45942 "https://www.google.com/" "Mozilla/5.0 (Linux; Android 9; Nokia 1 Plus) AppleWebKit/537.36 (KHTML, like Gecko) Chrome/74.0.3729.136 Mobile Safari/537.36"
176.77.159.71 - - [24/Jan/2020:14:02:12 +0100] "GET /files/14per2007_EuM_rend_mod_100415.doc HTTP/1.1" 206 45942 "https://www.google.com/" "Mozilla/5.0 (Linux; Android 9; Nokia 1 Plus) AppleWebKit/537.36 (KHTML, like Gecko) Chrome/74.0.3729.136 Mobile Safari/537.36"
176.77.159.71 - - [24/Jan/2020:14:02:12 +0100] "GET /files/14per2007_EuM_rend_mod_100415.doc HTTP/1.1" 206 45942 "https://www.google.com/" "Mozilla/5.0 (Linux; Android 9; Nokia 1 Plus) AppleWebKit/537.36 (KHTML, like Gecko) Chrome/74.0.3729.136 Mobile Safari/537.36"
176.77.159.71 - - [24/Jan/2020:14:02:15 +0100] "GET /files/14per2007_EuM_rend_mod_100415.doc HTTP/1.1" 200 46001 "https://www.google.com/" "Mozilla/5.0 (Linux; Android 9; Nokia 1 Plus) AppleWebKit/537.36 (KHTML, like Gecko) Chrome/74.0.3729.136 Mobile Safari/537.36"
176.77.159.71 - - [24/Jan/2020:14:02:15 +0100] "GET /files/14per2007_EuM_rend_mod_100415.doc HTTP/1.1" 206 45942 "https://www.google.com/" "Mozilla/5.0 (Linux; Android 9; Nokia 1 Plus) AppleWebKit/537.36 (KHTML, like Gecko) Chrome/74.0.3729.136 Mobile Safari/537.36"
176.77.159.71 - - [24/Jan/2020:14:03:20 +0100] "GET /files/14per2007_EuM_rend_mod_100415.doc HTTP/1.1" 200 250161 "https://www.google.com/" "Mozilla/5.0 (Linux; Android 9; Nokia 1 Plus) AppleWebKit/537.36 (KHTML, like Gecko) Chrome/74.0.3729.136 Mobile Safari/537.36"
176.77.159.71 - - [24/Jan/2020:14:04:47 +0100] "GET /files/14per2007_EuM_rend_mod_100415.doc HTTP/1.1" 206 47350 "https://www.google.com/" "Mozilla/5.0 (Linux; Android 9; Nokia 1 Plus) AppleWebKit/537.36 (KHTML, like Gecko) Chrome/74.0.3729.136 Mobile Safari/537.36"
176.77.159.71 - - [24/Jan/2020:14:05:46 +0100] "GET /files/14per2007_EuM_rend_mod_100415.doc HTTP/1.1" 206 159990 "https://www.google.com/" "Mozilla/5.0 (Linux; Android 9; Nokia 1 Plus) AppleWebKit/537.36 (KHTML, like Gecko) Chrome/74.0.3729.136 Mobile Safari/537.36"
176.77.159.71 - - [24/Jan/2020:14:06:01 +0100] "GET /files/14per2007_EuM_rend_mod_100415.doc HTTP/1.1" 206 216311 "https://www.google.com/" "Mozilla/5.0 (Linux; Android 9; Nokia 1 Plus) AppleWebKit/537.36 (KHTML, like Gecko) Chrome/74.0.3729.136 Mobile Safari/537.36"
176.77.159.71 - - [24/Jan/2020:14:06:15 +0100] "GET /files/14per2007_EuM_rend_mod_100415.doc HTTP/1.1" 206 47350 "https://www.google.com/" "Mozilla/5.0 (Linux; Android 9; Nokia 1 Plus) AppleWebKit/537.36 (KHTML, like Gecko) Chrome/74.0.3729.136 Mobile Safari/537.36"
176.77.159.71 - - [24/Jan/2020:14:06:31 +0100] "GET /files/14per2007_EuM_rend_mod_100415.doc HTTP/1.1" 206 103671 "https://www.google.com/" "Mozilla/5.0 (Linux; Android 9; Nokia 1 Plus) AppleWebKit/537.36 (KHTML, like Gecko) Chrome/74.0.3729.136 Mobile Safari/537.36"
176.77.159.71 - - [24/Jan/2020:14:07:04 +0100] "GET /files/14per2007_EuM_rend_mod_100415.doc HTTP/1.1" 206 161398 "https://www.google.com/" "Mozilla/5.0 (Linux; Android 9; Nokia 1 Plus) AppleWebKit/537.36 (KHTML, like Gecko) Chrome/74.0.3729.136 Mobile Safari/537.36"
176.77.159.71 - - [24/Jan/2020:14:07:13 +0100] "GET /files/14per2007_EuM_rend_mod_100415.doc HTTP/1.1" 206 47350 "https://www.google.com/" "Mozilla/5.0 (Linux; Android 9; Nokia 1 Plus) AppleWebKit/537.36 (KHTML, like Gecko) Chrome/74.0.3729.136 Mobile Safari/537.36"
176.77.159.71 - - [24/Jan/2020:14:07:29 +0100] "GET /files/14per2007_EuM_rend_mod_100415.doc HTTP/1.1" 206 103671 "https://www.google.com/" "Mozilla/5.0 (Linux; Android 9; Nokia 1 Plus) AppleWebKit/537.36 (KHTML, like Gecko) Chrome/74.0.3729.136 Mobile Safari/537.36"
176.77.159.71 - - [24/Jan/2020:14:07:40 +0100] "GET /files/14per2007_EuM_rend_mod_100415.doc HTTP/1.1" 206 103670 "https://www.google.com/" "Mozilla/5.0 (Linux; Android 9; Nokia 1 Plus) AppleWebKit/537.36 (KHTML, like Gecko) Chrome/74.0.3729.136 Mobile Safari/537.36"
176.77.159.71 - - [24/Jan/2020:14:08:05 +0100] "GET /files/14per2007_EuM_rend_mod_100415.doc HTTP/1.1" 206 47350 "https://www.google.com/" "Mozilla/5.0 (Linux; Android 9; Nokia 1 Plus) AppleWebKit/537.36 (KHTML, like Gecko) Chrome/74.0.3729.136 Mobile Safari/537.36"
176.77.159.71 - - [24/Jan/2020:14:08:05 +0100] "GET /files/14per2007_EuM_rend_mod_100415.doc HTTP/1.1" 206 47350 "https://www.google.com/" "Mozilla/5.0 (Linux; Android 9; Nokia 1 Plus) AppleWebKit/537.36 (KHTML, like Gecko) Chrome/74.0.3729.136 Mobile Safari/537.36"
176.77.159.71 - - [24/Jan/2020:14:08:37 +0100] "GET /files/14per2007_EuM_rend_mod_100415.doc HTTP/1.1" 206 161399 "https://www.google.com/" "Mozilla/5.0 (Linux; Android 9; Nokia 1 Plus) AppleWebKit/537.36 (KHTML, like Gecko) Chrome/74.0.3729.136 Mobile Safari/537.36"
176.77.159.71 - - [24/Jan/2020:14:08:54 +0100] "GET /files/14per2007_EuM_rend_mod_100415.doc HTTP/1.1" 206 47350 "https://www.google.com/" "Mozilla/5.0 (Linux; Android 9; Nokia 1 Plus) AppleWebKit/537.36 (KHTML, like Gecko) Chrome/74.0.3729.136 Mobile Safari/537.36"
176.77.159.71 - - [24/Jan/2020:14:08:54 +0100] "GET /files/14per2007_EuM_rend_mod_100415.doc HTTP/1.1" 206 47350 "https://www.google.com/" "Mozilla/5.0 (Linux; Android 9; Nokia 1 Plus) AppleWebKit/537.36 (KHTML, like Gecko) Chrome/74.0.3729.136 Mobile Safari/537.36"
176.77.159.71 - - [24/Jan/2020:14:09:14 +0100] "GET /files/14per2007_EuM_rend_mod_100415.doc HTTP/1.1" 206 103671 "https://www.google.com/" "Mozilla/5.0 (Linux; Android 9; Nokia 1 Plus) AppleWebKit/537.36 (KHTML, like Gecko) Chrome/74.0.3729.136 Mobile Safari/537.36"
74.125.208.9 - - [24/Jan/2020:14:11:16 +0100] "GET /files/hm_rendelet_tervezet_minositett_adat_vedelmerol.pdf HTTP/1.1" 200 146515 "https://www.google.com/" "Mozilla/5.0 (Linux; Android 9; MI 8) AppleWebKit/537.36 (KHTML, like Gecko) Chrome/79.0.3945.136 Mobile Safari/537.36"
216.244.66.200 - - [24/Jan/2020:14:11:47 +0100] "GET /taxonomy/term/32/0/feed HTTP/1.1" 200 - "-" "Mozilla/5.0 (compatible; DotBot/1.1; http://www.opensiteexplorer.org/dotbot, help@moz.com)"
216.244.66.200 - - [24/Jan/2020:14:15:07 +0100] "GET /taxonomy/term/28?page=8 HTTP/1.1" 200 - "-" "Mozilla/5.0 (compatible; DotBot/1.1; http://www.opensiteexplorer.org/dotbot, help@moz.com)"
23.100.232.233 - - [24/Jan/2020:14:16:25 +0100] "GET /files/0306_tjf_110el_t..doc HTTP/1.1" 200 274579 "-" "Mozilla/5.0 (compatible; MSIE 9.0; Windows NT 6.1; Trident/5.0; Trident/5.0)"
40.77.167.29 - - [24/Jan/2020:14:19:32 +0100] "GET /files/T3245.doc HTTP/1.1" 304 - "-" "Mozilla/5.0 (compatible; bingbot/2.0; +http://www.bing.com/bingbot.htm)"
66.249.64.106 - - [24/Jan/2020:14:22:04 +0100] "GET /files/253-1997-korm-rend.pdf HTTP/1.1" 200 363328 "-" "Mozilla/5.0 (compatible; Googlebot/2.1; +http://www.google.com/bot.html)"
66.249.64.106 - - [24/Jan/2020:14:32:06 +0100] "GET /files/253-1997-korm-rend.pdf HTTP/1.1" 200 363328 "-" "Mozilla/5.0 (Linux; Android 6.0.1; Nexus 5X Build/MMB29P) AppleWebKit/537.36 (KHTML, like Gecko) Chrome/41.0.2272.96 Mobile Safari/537.36 (compatible; Googlebot/2.1; +http://www.google.com/bot.html)"
23.100.232.233 - - [24/Jan/2020:14:34:20 +0100] "GET /files/jelentes_2006.doc HTTP/1.1" 200 274939 "-" "Mozilla/5.0 (compatible; MSIE 9.0; Windows NT 6.0; Trident/5.0; Trident/5.0)"
207.46.13.10 - - [24/Jan/2020:14:39:57 +0100] "GET /files/tanev_rendje_2007_08_061229.pdf HTTP/1.1" 304 - "-" "Mozilla/5.0 (compatible; bingbot/2.0; +http://www.bing.com/bingbot.htm)"
78.85.217.85 - - [24/Jan/2020:14:44:13 +0100] "GET / HTTP/1.1" 200 - "-" "Mozilla/5.0 (Windows; U; Windows NT 5.1; en-US; rv:1.9.1.6) Gecko/20091201 Firefox/3.5.6 (.NET CLR 2.0.50727; .NET CLR 3.0.4506.2152; .NET CLR 3.5.30729)"
54.36.148.45 - - [24/Jan/2020:14:46:59 +0100] "GET /files/radio.rtf.txt HTTP/1.1" 200 24218 "-" "Mozilla/5.0 (compatible; AhrefsBot/6.1; +http://ahrefs.com/robot/)"
66.249.64.108 - - [24/Jan/2020:14:52:10 +0100] "GET /files/KHEM_4090_3javitott.doc HTTP/1.1" 304 - "-" "Mozilla/5.0 (Linux; Android 6.0.1; Nexus 5X Build/MMB29P) AppleWebKit/537.36 (KHTML, like Gecko) Chrome/41.0.2272.96 Mobile Safari/537.36 (compatible; Googlebot/2.1; +http://www.google.com/bot.html)"
23.100.232.233 - - [24/Jan/2020:14:55:54 +0100] "GET /files/0306_tjf_110el_t..doc HTTP/1.1" 200 244339 "-" "Mozilla/5.0 (compatible; MSIE 9.0; Windows NT 6.0; Trident/5.0; Trident/5.0)"
5.45.207.30 - - [24/Jan/2020:15:03:32 +0100] "GET /robots.txt HTTP/1.1" 200 1590 "-" "Mozilla/5.0 (compatible; YandexBot/3.0; +http://yandex.com/bots)"
37.9.113.83 - - [24/Jan/2020:15:04:07 +0100] "GET /dru- HTTP/1.1" 200 - "-" "Mozilla/5.0 (compatible; YandexBot/3.0; +http://yandex.com/bots)"
178.154.171.118 - - [24/Jan/2020:15:04:39 +0100] "GET /dru- HTTP/1.1" 200 - "-" "Mozilla/5.0 (compatible; YandexBot/3.0; +http://yandex.com/bots)"
141.8.183.17 - - [24/Jan/2020:15:05:11 +0100] "GET /dru- HTTP/1.1" 200 - "-" "Mozilla/5.0 (compatible; YandexBot/3.0; +http://yandex.com/bots)"
66.249.64.139 - - [24/Jan/2020:15:12:51 +0100] "GET /taxonomy/term/18%2023%2024%2026%2025%2027%2028%2029%2052%2041%2031%2032%2098%2033%2048%2099%2034%2049%2035%2051%20100%2036%2050?page=1 HTTP/1.1" 200 - "-" "Mozilla/5.0 (Linux; Android 6.0.1; Nexus 5X Build/MMB29P) AppleWebKit/537.36 (KHTML, like Gecko) Chrome/41.0.2272.96 Mobile Safari/537.36 (compatible; Googlebot/2.1; +http://www.google.com/bot.html)"
216.244.66.200 - - [24/Jan/2020:15:12:51 +0100] "GET /node?page=115 HTTP/1.1" 200 - "-" "Mozilla/5.0 (compatible; DotBot/1.1; http://www.opensiteexplorer.org/dotbot, help@moz.com)"
23.100.232.233 - - [24/Jan/2020:15:13:41 +0100] "GET /files/jelentes_2006.doc HTTP/1.1" 200 274939 "-" "Mozilla/5.0 (compatible; MSIE 9.0; Windows NT 6.0; Trident/5.0; Trident/5.0)"
216.244.66.200 - - [24/Jan/2020:15:14:49 +0100] "GET /node/2218 HTTP/1.1" 200 - "-" "Mozilla/5.0 (compatible; DotBot/1.1; http://www.opensiteexplorer.org/dotbot, help@moz.com)"
216.244.66.200 - - [24/Jan/2020:15:16:41 +0100] "GET /node/1300 HTTP/1.1" 200 - "-" "Mozilla/5.0 (compatible; DotBot/1.1; http://www.opensiteexplorer.org/dotbot, help@moz.com)"
216.244.66.200 - - [24/Jan/2020:15:19:02 +0100] "GET /node/2603 HTTP/1.1" 200 - "-" "Mozilla/5.0 (compatible; DotBot/1.1; http://www.opensiteexplorer.org/dotbot, help@moz.com)"
144.76.96.236 - - [24/Jan/2020:15:32:31 +0100] "GET /robots.txt HTTP/1.1" 200 1590 "-" "Mozilla/5.0 (compatible; MJ12bot/v1.4.8; http://mj12bot.com/)"
66.249.64.137 - - [24/Jan/2020:15:33:04 +0100] "GET / HTTP/1.1" 200 - "-" "Mozilla/5.0 (Linux; Android 6.0.1; Nexus 5X Build/MMB29P) AppleWebKit/537.36 (KHTML, like Gecko) Chrome/41.0.2272.96 Mobile Safari/537.36 (compatible; Googlebot/2.1; +http://www.google.com/bot.html)"
144.76.96.236 - - [24/Jan/2020:15:33:22 +0100] "GET /files/19-2003-Mell%C3%83%C2%A9kletek.xls.txt HTTP/1.1" 200 - "-" "Mozilla/5.0 (compatible; MJ12bot/v1.4.8; http://mj12bot.com/)"
144.76.96.236 - - [24/Jan/2020:15:34:21 +0100] "GET /files/9-93.normasz%C3%83%C2%B6veg.m%C3%83%C2%B3d.2007.febr.T%C3%83?RCA.doc HTTP/1.1" 200 - "-" "Mozilla/5.0 (compatible; MJ12bot/v1.4.8; http://mj12bot.com/)"
40.77.167.29 - - [24/Jan/2020:15:34:51 +0100] "GET /files/NFGM__4790.pdf HTTP/1.1" 304 - "-" "Mozilla/5.0 (compatible; bingbot/2.0; +http://www.bing.com/bingbot.htm)"
144.76.96.236 - - [24/Jan/2020:15:35:11 +0100] "GET /files/A%20T%C3%83%E2%80%93RV%C3%83%E2%80%B0NYJAVASLAT%20MELL%C3%83%E2%80%B0KLETEI.htm.txt HTTP/1.1" 200 - "-" "Mozilla/5.0 (compatible; MJ12bot/v1.4.8; http://mj12bot.com/)"
144.76.96.236 - - [24/Jan/2020:15:36:10 +0100] "GET /files/AZ%20%C3%83?S%20MELL%C3%83%E2%80%B0KLETEI.htm.txt HTTP/1.1" 200 - "-" "Mozilla/5.0 (compatible; MJ12bot/v1.4.8; http://mj12bot.com/)"
144.76.96.236 - - [24/Jan/2020:15:37:11 +0100] "GET /files/Alap-%C3%83%C2%A9s%20m%C3%85%C2%B1k%C3%83%C2%B6d%C3%83%C2%A9si%20nyilv%C3%83%C2%A1ntart%C3%83%C2%A1s-T%C3%83?RCA03.20..doc HTTP/1.1" 200 - "-" "Mozilla/5.0 (compatible; MJ12bot/v1.4.8; http://mj12bot.com/)"
66.249.64.108 - - [24/Jan/2020:15:42:26 +0100] "GET /files/kem_bizt_vgr_jogharm_091208.doc HTTP/1.1" 200 147968 "-" "Mozilla/5.0 (Linux; Android 6.0.1; Nexus 5X Build/MMB29P) AppleWebKit/537.36 (KHTML, like Gecko) Chrome/41.0.2272.96 Mobile Safari/537.36 (compatible; Googlebot/2.1; +http://www.google.com/bot.html)"
66.249.64.104 - - [24/Jan/2020:15:57:34 +0100] "GET /taxonomy/term/52?page=5 HTTP/1.1" 200 - "-" "Mozilla/5.0 (Linux; Android 6.0.1; Nexus 5X Build/MMB29P) AppleWebKit/537.36 (KHTML, like Gecko) Chrome/41.0.2272.96 Mobile Safari/537.36 (compatible; Googlebot/2.1; +http://www.google.com/bot.html)"
23.100.232.233 - - [24/Jan/2020:16:09:28 +0100] "GET /files/Melleklet_kozossegi_jegyzek_090609.doc HTTP/1.1" 200 243648 "-" "Mozilla/5.0 (compatible; MSIE 9.0; Windows NT 6.1; Trident/5.0; Trident/5.0)"
216.244.66.200 - - [24/Jan/2020:16:11:34 +0100] "GET /taxonomy/term/24/0/feed HTTP/1.1" 200 - "-" "Mozilla/5.0 (compatible; DotBot/1.1; http://www.opensiteexplorer.org/dotbot, help@moz.com)"
216.244.66.200 - - [24/Jan/2020:16:18:41 +0100] "GET /taxonomy/term/51?page=5 HTTP/1.1" 200 - "-" "Mozilla/5.0 (compatible; DotBot/1.1; http://www.opensiteexplorer.org/dotbot, help@moz.com)"
216.244.66.200 - - [24/Jan/2020:16:19:16 +0100] "GET /node/1069 HTTP/1.1" 200 - "-" "Mozilla/5.0 (compatible; DotBot/1.1; http://www.opensiteexplorer.org/dotbot, help@moz.com)"
216.244.66.200 - - [24/Jan/2020:16:21:37 +0100] "GET /node/1131 HTTP/1.1" 200 - "-" "Mozilla/5.0 (compatible; DotBot/1.1; http://www.opensiteexplorer.org/dotbot, help@moz.com)"
66.249.64.104 - - [24/Jan/2020:16:32:51 +0100] "GET /files/normaszoveg_szakmapolra_01.27.doc HTTP/1.1" 304 - "-" "Mozilla/5.0 (Linux; Android 6.0.1; Nexus 5X Build/MMB29P) AppleWebKit/537.36 (KHTML, like Gecko) Chrome/41.0.2272.96 Mobile Safari/537.36 (compatible; Googlebot/2.1; +http://www.google.com/bot.html)"
141.8.183.57 - - [24/Jan/2020:16:39:01 +0100] "GET /drupal/node/26 HTTP/1.1" 200 - "-" "Mozilla/5.0 (compatible; YandexBot/3.0; +http://yandex.com/bots)"
141.8.132.36 - - [24/Jan/2020:16:39:33 +0100] "GET /drupal/node/26 HTTP/1.1" 200 - "-" "Mozilla/5.0 (compatible; YandexBot/3.0; +http://yandex.com/bots)"
37.9.113.15 - - [24/Jan/2020:16:40:05 +0100] "GET /drupal/node/26 HTTP/1.1" 200 - "-" "Mozilla/5.0 (compatible; YandexBot/3.0; +http://yandex.com/bots)"
66.249.64.104 - - [24/Jan/2020:16:42:47 +0100] "GET /files/cegbejegyzesi_eljaras_21_per_2006__02_12_fin.doc HTTP/1.1" 304 - "-" "Mozilla/5.0 (Linux; Android 6.0.1; Nexus 5X Build/MMB29P) AppleWebKit/537.36 (KHTML, like Gecko) Chrome/41.0.2272.96 Mobile Safari/537.36 (compatible; Googlebot/2.1; +http://www.google.com/bot.html)"
216.244.66.200 - - [24/Jan/2020:16:45:41 +0100] "GET /taxonomy/term/1?page=227 HTTP/1.1" 200 - "-" "Mozilla/5.0 (compatible; DotBot/1.1; http://www.opensiteexplorer.org/dotbot, help@moz.com)"
178.164.201.176 - - [24/Jan/2020:16:47:11 +0100] "GET /files/KHEm_1088.doc HTTP/1.1" 200 337408 "https://www.google.hu/" "Mozilla/5.0 (Windows NT 10.0; Win64; x64) AppleWebKit/537.36 (KHTML, like Gecko) Chrome/70.0.3538.102 Safari/537.36 Edge/18.18362"
66.249.64.139 - - [24/Jan/2020:16:53:10 +0100] "GET /taxonomy/term/25?page=11 HTTP/1.1" 200 - "-" "Mozilla/5.0 (Linux; Android 6.0.1; Nexus 5X Build/MMB29P) AppleWebKit/537.36 (KHTML, like Gecko) Chrome/41.0.2272.96 Mobile Safari/537.36 (compatible; Googlebot/2.1; +http://www.google.com/bot.html)"
216.244.66.200 - - [24/Jan/2020:16:56:54 +0100] "GET /node?page=172 HTTP/1.1" 200 - "-" "Mozilla/5.0 (compatible; DotBot/1.1; http://www.opensiteexplorer.org/dotbot, help@moz.com)"
216.244.66.200 - - [24/Jan/2020:17:00:39 +0100] "GET /taxonomy/term/1?page=225 HTTP/1.1" 200 - "-" "Mozilla/5.0 (compatible; DotBot/1.1; http://www.opensiteexplorer.org/dotbot, help@moz.com)"
209.133.111.211 - - [24/Jan/2020:17:00:49 +0100] "GET /robots.txt HTTP/1.1" 200 1590 "-" "rogerbot/1.0 (http://www.moz.com/dp/rogerbot, rogerbot-crawler@moz.com)"
209.133.111.211 - - [24/Jan/2020:17:01:20 +0100] "GET /node/feed HTTP/1.1" 200 - "-" "rogerbot/1.0 (http://www.moz.com/dp/rogerbot, rogerbot-crawler@moz.com)"
66.249.64.106 - - [24/Jan/2020:17:21:40 +0100] "GET /taxonomy/term/25?page=1 HTTP/1.1" 200 - "-" "Mozilla/5.0 (Linux; Android 6.0.1; Nexus 5X Build/MMB29P) AppleWebKit/537.36 (KHTML, like Gecko) Chrome/41.0.2272.96 Mobile Safari/537.36 (compatible; Googlebot/2.1; +http://www.google.com/bot.html)"
66.249.64.104 - - [24/Jan/2020:17:23:10 +0100] "GET /node/2395 HTTP/1.1" 200 - "-" "Mozilla/5.0 (Linux; Android 6.0.1; Nexus 5X Build/MMB29P) AppleWebKit/537.36 (KHTML, like Gecko) Chrome/41.0.2272.96 Mobile Safari/537.36 (compatible; Googlebot/2.1; +http://www.google.com/bot.html)"
66.249.64.104 - - [24/Jan/2020:17:31:07 +0100] "GET /taxonomy/term/52?page=7 HTTP/1.1" 200 - "-" "Mozilla/5.0 (Linux; Android 6.0.1; Nexus 5X Build/MMB29P) AppleWebKit/537.36 (KHTML, like Gecko) Chrome/41.0.2272.96 Mobile Safari/537.36 (compatible; Googlebot/2.1; +http://www.google.com/bot.html)"
66.249.64.108 - - [24/Jan/2020:17:40:36 +0100] "GET /taxonomy/term/25?page=4 HTTP/1.1" 200 - "-" "Mozilla/5.0 (Linux; Android 6.0.1; Nexus 5X Build/MMB29P) AppleWebKit/537.36 (KHTML, like Gecko) Chrome/41.0.2272.96 Mobile Safari/537.36 (compatible; Googlebot/2.1; +http://www.google.com/bot.html)"
216.244.66.200 - - [24/Jan/2020:17:42:05 +0100] "GET /node?page=95 HTTP/1.1" 200 - "-" "Mozilla/5.0 (compatible; DotBot/1.1; http://www.opensiteexplorer.org/dotbot, help@moz.com)"
66.249.64.137 - - [24/Jan/2020:17:43:17 +0100] "GET /node/355 HTTP/1.1" 200 - "-" "Mozilla/5.0 (Linux; Android 6.0.1; Nexus 5X Build/MMB29P) AppleWebKit/537.36 (KHTML, like Gecko) Chrome/41.0.2272.96 Mobile Safari/537.36 (compatible; Googlebot/2.1; +http://www.google.com/bot.html)"
216.244.66.200 - - [24/Jan/2020:17:44:43 +0100] "GET /taxonomy/term/98?page=6 HTTP/1.1" 200 - "-" "Mozilla/5.0 (compatible; DotBot/1.1; http://www.opensiteexplorer.org/dotbot, help@moz.com)"
216.244.66.200 - - [24/Jan/2020:17:45:21 +0100] "GET /node/525 HTTP/1.1" 200 - "-" "Mozilla/5.0 (compatible; DotBot/1.1; http://www.opensiteexplorer.org/dotbot, help@moz.com)"
31.46.95.111 - - [24/Jan/2020:17:46:38 +0100] "GET /files/hadkotelesek_hm_eum_rendelet_tervezet_melleklet.pdf HTTP/1.1" 200 294912 "-" "Mozilla/5.0 (Linux; Android 9; SAMSUNG SM-J600FN) AppleWebKit/537.36 (KHTML, like Gecko) SamsungBrowser/10.2 Chrome/71.0.3578.99 Mobile Safari/537.36"
31.46.95.111 - - [24/Jan/2020:17:46:45 +0100] "GET /files/hadkotelesek_hm_eum_rendelet_tervezet_melleklet.pdf HTTP/1.1" 200 713160 "-" "Dalvik/2.1.0 (Linux; U; Android 9; SM-J600FN Build/PPR1.180610.011)"
66.249.64.106 - - [24/Jan/2020:17:50:03 +0100] "GET /taxonomy/term/52?page=6 HTTP/1.1" 200 - "-" "Mozilla/5.0 (Linux; Android 6.0.1; Nexus 5X Build/MMB29P) AppleWebKit/537.36 (KHTML, like Gecko) Chrome/41.0.2272.96 Mobile Safari/537.36 (compatible; Googlebot/2.1; +http://www.google.com/bot.html)"
149.202.82.11 - - [24/Jan/2020:17:52:43 +0100] "GET /robots.txt HTTP/1.1" 200 1590 "-" "Mozilla/5.0 (compatible; MJ12bot/v1.4.8; http://mj12bot.com/)"
66.249.64.139 - - [24/Jan/2020:17:52:46 +0100] "GET /files/kedvesllat_elterjeszts_07_25.pdf HTTP/1.1" 304 - "-" "Mozilla/5.0 (Linux; Android 6.0.1; Nexus 5X Build/MMB29P) AppleWebKit/537.36 (KHTML, like Gecko) Chrome/41.0.2272.96 Mobile Safari/537.36 (compatible; Googlebot/2.1; +http://www.google.com/bot.html)"
149.202.82.11 - - [24/Jan/2020:17:53:24 +0100] "GET /files/FEJEZETI%20K%C3%83%E2%80%93TETEK.htm.txt HTTP/1.1" 200 - "-" "Mozilla/5.0 (compatible; MJ12bot/v1.4.8; http://mj12bot.com/)"
149.202.82.11 - - [24/Jan/2020:17:54:24 +0100] "GET /files/INDOKOL%C3%83?1.doc HTTP/1.1" 200 - "-" "Mozilla/5.0 (compatible; MJ12bot/v1.4.8; http://mj12bot.com/)"
149.202.82.11 - - [24/Jan/2020:17:57:55 +0100] "GET /files/INDOKOL%C3%83?S.doc HTTP/1.1" 200 - "-" "Mozilla/5.0 (compatible; MJ12bot/v1.4.8; http://mj12bot.com/)"
149.202.82.11 - - [24/Jan/2020:17:58:37 +0100] "GET /files/SzaboMate_hozz%C3%83%C2%A1f%C3%83%C2%A9r%C3%83%C2%A9s.pps HTTP/1.1" 200 - "-" "Mozilla/5.0 (compatible; MJ12bot/v1.4.8; http://mj12bot.com/)"
66.249.64.108 - - [24/Jan/2020:17:59:32 +0100] "GET /taxonomy/term/25?page=19 HTTP/1.1" 200 - "-" "Mozilla/5.0 (Linux; Android 6.0.1; Nexus 5X Build/MMB29P) AppleWebKit/537.36 (KHTML, like Gecko) Chrome/41.0.2272.96 Mobile Safari/537.36 (compatible; Googlebot/2.1; +http://www.google.com/bot.html)"
81.16.204.20 - - [24/Jan/2020:17:59:50 +0100] "GET /favicon.ico HTTP/1.1" 404 57 "http://www.jogalkotas.hu/files/14_4.pdf" "Mozilla/5.0 (Windows NT 10.0; Win64; x64) AppleWebKit/537.36 (KHTML, like Gecko) Chrome/79.0.3945.130 Safari/537.36"
81.16.204.20 - - [24/Jan/2020:17:59:50 +0100] "GET /files/14_4.pdf HTTP/1.1" 200 298509 "https://www.google.com/" "Mozilla/5.0 (Windows NT 10.0; Win64; x64) AppleWebKit/537.36 (KHTML, like Gecko) Chrome/79.0.3945.130 Safari/537.36"
149.202.82.11 - - [24/Jan/2020:17:59:56 +0100] "GET /files/VEZET%C3%85?I%20%C3%83%E2%80%93SSZEFOGLAL%C3%83%E2%80%9C.doc HTTP/1.1" 200 - "-" "Mozilla/5.0 (compatible; MJ12bot/v1.4.8; http://mj12bot.com/)"
149.202.82.11 - - [24/Jan/2020:18:00:38 +0100] "GET /files/%C3%83?NTSZ%20%20061214%20Kormr.doc HTTP/1.1" 200 - "-" "Mozilla/5.0 (compatible; MJ12bot/v1.4.8; http://mj12bot.com/)"
149.202.82.11 - - [24/Jan/2020:18:00:39 +0100] "GET /robots.txt HTTP/1.1" 200 1590 "-" "Mozilla/5.0 (compatible; MJ12bot/v1.4.8; http://mj12bot.com/)"
149.202.82.11 - - [24/Jan/2020:18:01:21 +0100] "GET /files/19-2003-Mell%C3%83%C2%A9kletek.xls.txt HTTP/1.1" 200 - "-" "Mozilla/5.0 (compatible; MJ12bot/v1.4.8; http://mj12bot.com/)"
149.202.82.11 - - [24/Jan/2020:18:02:03 +0100] "GET /files/9-93.normasz%C3%83%C2%B6veg.m%C3%83%C2%B3d.2007.febr.T%C3%83?RCA.doc HTTP/1.1" 200 - "-" "Mozilla/5.0 (compatible; MJ12bot/v1.4.8; http://mj12bot.com/)"
23.100.232.233 - - [24/Jan/2020:18:02:38 +0100] "GET /files/szakerto.doc HTTP/1.1" 200 244339 "http://www.bing.com/search?q=m%C3%A9diagazdas%C3%A1g+v%C3%A9delme&form=MSNH14&sc=8-4&sp=-1&qs=n&sk=" "Mozilla/5.0 (compatible; MSIE 9.0; Windows NT 6.0; Trident/5.0; Trident/5.0)"
149.202.82.11 - - [24/Jan/2020:18:02:45 +0100] "GET /files/A%20T%C3%83%E2%80%93RV%C3%83%E2%80%B0NYJAVASLAT%20MELL%C3%83%E2%80%B0KLETEI.htm.txt HTTP/1.1" 200 - "-" "Mozilla/5.0 (compatible; MJ12bot/v1.4.8; http://mj12bot.com/)"
149.202.82.11 - - [24/Jan/2020:18:03:27 +0100] "GET /files/AZ%20%C3%83?S%20MELL%C3%83%E2%80%B0KLETEI.htm.txt HTTP/1.1" 200 - "-" "Mozilla/5.0 (compatible; MJ12bot/v1.4.8; http://mj12bot.com/)"
149.202.82.11 - - [24/Jan/2020:18:04:09 +0100] "GET /files/Alap-%C3%83%C2%A9s%20m%C3%85%C2%B1k%C3%83%C2%B6d%C3%83%C2%A9si%20nyilv%C3%83%C2%A1ntart%C3%83%C2%A1s-T%C3%83?RCA03.20..doc HTTP/1.1" 200 - "-" "Mozilla/5.0 (compatible; MJ12bot/v1.4.8; http://mj12bot.com/)"
149.202.82.11 - - [24/Jan/2020:18:04:51 +0100] "GET /files/FEJEZETI%20K%C3%83%E2%80%93TETEK.htm.txt HTTP/1.1" 200 - "-" "Mozilla/5.0 (compatible; MJ12bot/v1.4.8; http://mj12bot.com/)"
149.202.82.11 - - [24/Jan/2020:18:05:33 +0100] "GET /files/INDOKOL%C3%83?1.doc HTTP/1.1" 200 - "-" "Mozilla/5.0 (compatible; MJ12bot/v1.4.8; http://mj12bot.com/)"
167.88.7.134 - - [24/Jan/2020:18:05:59 +0100] "GET /comment/reply/2619/ HTTP/1.0" 200 - "http://jogalkotas.hu/comment/reply/2619/" "Mozilla/5.0 (Windows NT 6.1; Win64; x64) AppleWebKit/537.36 (KHTML, like Gecko) Chrome/68.0.3440.106 Safari/537.36 OPR/55.0.2994.44"
149.202.82.11 - - [24/Jan/2020:18:06:15 +0100] "GET /files/INDOKOL%C3%83?S.doc HTTP/1.1" 200 - "-" "Mozilla/5.0 (compatible; MJ12bot/v1.4.8; http://mj12bot.com/)"
109.70.100.21 - - [24/Jan/2020:18:06:49 +0100] "GET /comment/reply/2619/ HTTP/1.0" 200 - "http://jogalkotas.hu/comment/reply/2619/" "Mozilla/5.0 (Windows NT 6.1; Win64; x64) AppleWebKit/537.36 (KHTML, like Gecko) Chrome/68.0.3440.106 Safari/537.36 OPR/55.0.2994.44"
149.202.82.11 - - [24/Jan/2020:18:06:57 +0100] "GET /files/SzaboMate_hozz%C3%83%C2%A1f%C3%83%C2%A9r%C3%83%C2%A9s.pps HTTP/1.1" 200 - "-" "Mozilla/5.0 (compatible; MJ12bot/v1.4.8; http://mj12bot.com/)"
199.249.230.89 - - [24/Jan/2020:18:07:22 +0100] "GET /comment/reply/2619/ HTTP/1.0" 200 - "http://jogalkotas.hu/comment/reply/2619/" "Mozilla/5.0 (Windows NT 6.1; Win64; x64) AppleWebKit/537.36 (KHTML, like Gecko) Chrome/68.0.3440.106 Safari/537.36 OPR/55.0.2994.44"
149.202.82.11 - - [24/Jan/2020:18:07:39 +0100] "GET /files/VEZET%C3%85?I%20%C3%83%E2%80%93SSZEFOGLAL%C3%83%E2%80%9C.doc HTTP/1.1" 200 - "-" "Mozilla/5.0 (compatible; MJ12bot/v1.4.8; http://mj12bot.com/)"
144.217.80.80 - - [24/Jan/2020:18:08:15 +0100] "GET /comment/reply/2619/ HTTP/1.0" 200 - "http://jogalkotas.hu/comment/reply/2619/" "Mozilla/5.0 (Windows NT 6.1; Win64; x64) AppleWebKit/537.36 (KHTML, like Gecko) Chrome/68.0.3440.106 Safari/537.36 OPR/55.0.2994.44"
149.202.82.11 - - [24/Jan/2020:18:08:21 +0100] "GET /files/%C3%83?NTSZ%20%20061214%20Kormr.doc HTTP/1.1" 200 - "-" "Mozilla/5.0 (compatible; MJ12bot/v1.4.8; http://mj12bot.com/)"
167.88.7.134 - - [24/Jan/2020:18:08:53 +0100] "GET / HTTP/1.0" 200 - "http://jogalkotas.hu/" "Mozilla/5.0 (Windows NT 6.1; Win64; x64) AppleWebKit/537.36 (KHTML, like Gecko) Chrome/68.0.3440.106 Safari/537.36 OPR/55.0.2994.44"
66.249.64.104 - - [24/Jan/2020:18:08:59 +0100] "GET /taxonomy/term/52?page=23 HTTP/1.1" 200 - "-" "Mozilla/5.0 (Linux; Android 6.0.1; Nexus 5X Build/MMB29P) AppleWebKit/537.36 (KHTML, like Gecko) Chrome/41.0.2272.96 Mobile Safari/537.36 (compatible; Googlebot/2.1; +http://www.google.com/bot.html)"
178.164.135.238 - - [24/Jan/2020:18:10:07 +0100] "GET / HTTP/1.1" 200 - "-" "Mozilla/5.0 (iPhone; CPU iPhone OS 12_4_4 like Mac OS X) AppleWebKit/605.1.15 (KHTML, like Gecko) Version/12.1.2 Mobile/15E148 Safari/604.1"
216.244.66.200 - - [24/Jan/2020:18:11:31 +0100] "GET /node/36 HTTP/1.1" 200 - "-" "Mozilla/5.0 (compatible; DotBot/1.1; http://www.opensiteexplorer.org/dotbot, help@moz.com)"
66.249.64.139 - - [24/Jan/2020:18:12:49 +0100] "GET /files/3_mell_FAVI_ENG__ves.doc HTTP/1.1" 304 - "-" "Mozilla/5.0 (Linux; Android 6.0.1; Nexus 5X Build/MMB29P) AppleWebKit/537.36 (KHTML, like Gecko) Chrome/41.0.2272.96 Mobile Safari/537.36 (compatible; Googlebot/2.1; +http://www.google.com/bot.html)"
23.100.232.233 - - [24/Jan/2020:18:14:35 +0100] "GET /files/Melleklet_kozossegi_jegyzek_090609.doc HTTP/1.1" 200 280697 "-" "Mozilla/5.0 (compatible; MSIE 9.0; Windows NT 6.0; Trident/5.0; Trident/5.0)"
23.100.232.233 - - [24/Jan/2020:18:19:55 +0100] "GET /files/muszaki_4melleklet.pdf HTTP/1.1" 200 159202 "-" "Mozilla/5.0 (compatible; MSIE 9.0; Windows NT 6.0; Trident/5.0; Trident/5.0)"
5.204.74.240 - - [24/Jan/2020:18:23:59 +0100] "GET /files/szakkepesites_rend_1001.doc HTTP/1.1" 200 160256 "-" "Mozilla/5.0 (Windows NT 6.3; Win64; x64) AppleWebKit/537.36 (KHTML, like Gecko) Chrome/79.0.3945.130 Safari/537.36"
216.244.66.200 - - [24/Jan/2020:18:27:09 +0100] "GET /taxonomy/term/1?page=7 HTTP/1.1" 200 - "-" "Mozilla/5.0 (compatible; DotBot/1.1; http://www.opensiteexplorer.org/dotbot, help@moz.com)"
216.244.66.200 - - [24/Jan/2020:18:28:58 +0100] "GET /node/1299 HTTP/1.1" 200 - "-" "Mozilla/5.0 (compatible; DotBot/1.1; http://www.opensiteexplorer.org/dotbot, help@moz.com)"
104.149.29.226 - - [24/Jan/2020:18:29:42 +0100] "GET /user/register HTTP/1.0" 200 - "https://www.google.com/" "Mozilla/5.0 (Windows NT 10.0; Win64; x64; rv:69.0) Gecko/20100101 Firefox/69.0"
104.149.29.226 - - [24/Jan/2020:18:30:22 +0100] "GET /?q=user/register HTTP/1.0" 200 - "https://www.google.com/" "Mozilla/5.0 (Windows NT 10.0; Win64; x64; rv:69.0) Gecko/20100101 Firefox/69.0"
104.149.29.226 - - [24/Jan/2020:18:31:23 +0100] "GET /node/add HTTP/1.0" 200 - "https://www.google.com/" "Mozilla/5.0 (Windows NT 10.0; Win64; x64; rv:69.0) Gecko/20100101 Firefox/69.0"
104.149.29.226 - - [24/Jan/2020:18:32:03 +0100] "GET /comment/reply/node/add HTTP/1.0" 200 - "https://www.google.com/" "Mozilla/5.0 (Windows NT 10.0; Win64; x64; rv:69.0) Gecko/20100101 Firefox/69.0"
66.249.64.106 - - [24/Jan/2020:18:37:28 +0100] "GET /moodle/calendar/view.php?loan=144 HTTP/1.1" 200 - "-" "Mozilla/5.0 (Linux; Android 6.0.1; Nexus 5X Build/MMB29P) AppleWebKit/537.36 (KHTML, like Gecko) Chrome/41.0.2272.96 Mobile Safari/537.36 (compatible; Googlebot/2.1; +http://www.google.com/bot.html)"
141.8.183.51 - - [24/Jan/2020:18:38:31 +0100] "GET /drupal/node/629 HTTP/1.1" 200 - "-" "Mozilla/5.0 (compatible; YandexBot/3.0; +http://yandex.com/bots)"
178.154.171.90 - - [24/Jan/2020:18:39:03 +0100] "GET /drupal/node/629 HTTP/1.1" 200 - "-" "Mozilla/5.0 (compatible; YandexBot/3.0; +http://yandex.com/bots)"
141.8.142.114 - - [24/Jan/2020:18:39:35 +0100] "GET /drupal/node/629 HTTP/1.1" 200 - "-" "Mozilla/5.0 (compatible; YandexBot/3.0; +http://yandex.com/bots)"
157.55.39.36 - - [24/Jan/2020:18:40:50 +0100] "GET /robots.txt HTTP/1.1" 200 1590 "-" "Mozilla/5.0 (compatible; bingbot/2.0; +http://www.bing.com/bingbot.htm)"
40.77.167.29 - - [24/Jan/2020:18:41:23 +0100] "GET /drupal/node/72 HTTP/1.1" 200 - "-" "Mozilla/5.0 (compatible; bingbot/2.0; +http://www.bing.com/bingbot.htm)"
54.36.148.153 - - [24/Jan/2020:18:48:40 +0100] "GET /robots.txt HTTP/1.1" 200 1590 "-" "Mozilla/5.0 (compatible; AhrefsBot/6.1; +http://ahrefs.com/robot/)"
54.36.149.9 - - [24/Jan/2020:18:48:50 +0100] "GET /files/megfelelesi_tablazat-juh_es_kecske_enar_modositas.rtf.txt HTTP/1.1" 200 24219 "-" "Mozilla/5.0 (compatible; AhrefsBot/6.1; +http://ahrefs.com/robot/)"
40.77.167.29 - - [24/Jan/2020:18:49:28 +0100] "GET /files/9273-3indokolas.doc HTTP/1.1" 304 - "-" "Mozilla/5.0 (compatible; bingbot/2.0; +http://www.bing.com/bingbot.htm)"
66.249.64.104 - - [24/Jan/2020:18:53:38 +0100] "GET /node/2404 HTTP/1.1" 200 - "-" "Mozilla/5.0 (Linux; Android 6.0.1; Nexus 5X Build/MMB29P) AppleWebKit/537.36 (KHTML, like Gecko) Chrome/41.0.2272.96 Mobile Safari/537.36 (compatible; Googlebot/2.1; +http://www.google.com/bot.html)"
66.249.64.137 - - [24/Jan/2020:19:03:05 +0100] "GET /files/kozalk_terv_070806-1.pdf HTTP/1.1" 304 - "-" "Mozilla/5.0 (Linux; Android 6.0.1; Nexus 5X Build/MMB29P) AppleWebKit/537.36 (KHTML, like Gecko) Chrome/41.0.2272.96 Mobile Safari/537.36 (compatible; Googlebot/2.1; +http://www.google.com/bot.html)"
130.185.250.76 - - [24/Jan/2020:19:03:26 +0100] "GET /comment/reply/2619/ HTTP/1.0" 200 - "http://jogalkotas.hu/comment/reply/2619/" "Mozilla/5.0 (Windows NT 10.0; Win64; x64) AppleWebKit/537.36 (KHTML, like Gecko) Chrome/67.0.3396.87 Safari/537.36 OPR/54.0.2952.51"
64.71.142.240 - - [24/Jan/2020:19:03:59 +0100] "GET /comment/reply/2619/ HTTP/1.0" 200 - "http://jogalkotas.hu/comment/reply/2619/" "Mozilla/5.0 (Windows NT 10.0; Win64; x64) AppleWebKit/537.36 (KHTML, like Gecko) Chrome/67.0.3396.87 Safari/537.36 OPR/54.0.2952.51"
185.220.101.33 - - [24/Jan/2020:19:04:33 +0100] "GET /comment/reply/2619/ HTTP/1.0" 200 - "http://jogalkotas.hu/comment/reply/2619/" "Mozilla/5.0 (Windows NT 10.0; Win64; x64) AppleWebKit/537.36 (KHTML, like Gecko) Chrome/67.0.3396.87 Safari/537.36 OPR/54.0.2952.51"
23.129.64.159 - - [24/Jan/2020:19:05:05 +0100] "GET /comment/reply/2619/ HTTP/1.0" 200 - "http://jogalkotas.hu/comment/reply/2619/" "Mozilla/5.0 (Windows NT 10.0; Win64; x64) AppleWebKit/537.36 (KHTML, like Gecko) Chrome/67.0.3396.87 Safari/537.36 OPR/54.0.2952.51"
23.129.64.225 - - [24/Jan/2020:19:05:38 +0100] "GET / HTTP/1.0" 200 - "http://jogalkotas.hu/" "Mozilla/5.0 (Windows NT 10.0; Win64; x64) AppleWebKit/537.36 (KHTML, like Gecko) Chrome/67.0.3396.87 Safari/537.36 OPR/54.0.2952.51"
66.249.64.139 - - [24/Jan/2020:19:09:36 +0100] "GET /files/ekozig_strategia.pdf HTTP/1.1" 200 731185 "-" "Googlebot/2.1 (+http://www.google.com/bot.html)"
66.249.64.108 - - [24/Jan/2020:19:13:31 +0100] "GET /files/rendelet_kozigre.doc HTTP/1.1" 304 - "-" "Mozilla/5.0 (Linux; Android 6.0.1; Nexus 5X Build/MMB29P) AppleWebKit/537.36 (KHTML, like Gecko) Chrome/41.0.2272.96 Mobile Safari/537.36 (compatible; Googlebot/2.1; +http://www.google.com/bot.html)"
66.249.64.108 - - [24/Jan/2020:19:23:35 +0100] "GET /files/keklampa.doc HTTP/1.1" 304 - "-" "Mozilla/5.0 (Linux; Android 6.0.1; Nexus 5X Build/MMB29P) AppleWebKit/537.36 (KHTML, like Gecko) Chrome/41.0.2272.96 Mobile Safari/537.36 (compatible; Googlebot/2.1; +http://www.google.com/bot.html)"
23.100.232.233 - - [24/Jan/2020:19:29:17 +0100] "GET /files/muszaki_4melleklet.pdf HTTP/1.1" 200 159202 "-" "Mozilla/5.0 (compatible; MSIE 9.0; Windows NT 6.0; Trident/5.0; Trident/5.0)"
141.8.183.17 - - [24/Jan/2020:19:34:30 +0100] "GET /robots.txt HTTP/1.1" 200 1590 "-" "Mozilla/5.0 (compatible; YandexBot/3.0; +http://yandex.com/bots)"
141.8.183.17 - - [24/Jan/2020:19:35:06 +0100] "GET /drupal/node/1273 HTTP/1.1" 200 - "-" "Mozilla/5.0 (compatible; YandexBot/3.0; +http://yandex.com/bots)"
141.8.183.17 - - [24/Jan/2020:19:35:38 +0100] "GET /drupal/node/1273 HTTP/1.1" 200 - "-" "Mozilla/5.0 (compatible; YandexBot/3.0; +http://yandex.com/bots)"
91.104.17.23 - - [24/Jan/2020:19:35:55 +0100] "GET /files/szakkepesites_rend_1001.doc HTTP/1.1" 200 160256 "https://www.google.com/" "Mozilla/5.0 (Windows NT 10.0; Win64; x64) AppleWebKit/537.36 (KHTML, like Gecko) Chrome/79.0.3945.130 Safari/537.36"
178.154.171.90 - - [24/Jan/2020:19:36:10 +0100] "GET /drupal/node/1273 HTTP/1.1" 200 - "-" "Mozilla/5.0 (compatible; YandexBot/3.0; +http://yandex.com/bots)"
141.8.142.171 - - [24/Jan/2020:19:36:42 +0100] "GET /drupal/node/1273 HTTP/1.1" 200 - "-" "Mozilla/5.0 (compatible; YandexBot/3.0; +http://yandex.com/bots)"
216.244.66.200 - - [24/Jan/2020:19:38:09 +0100] "GET /taxonomy/term/36?page=3 HTTP/1.1" 200 - "-" "Mozilla/5.0 (compatible; DotBot/1.1; http://www.opensiteexplorer.org/dotbot, help@moz.com)"
23.100.232.233 - - [24/Jan/2020:19:39:53 +0100] "GET /files/Melleklet_kozossegi_jegyzek_090609.doc HTTP/1.1" 200 243648 "-" "Mozilla/5.0 (compatible; MSIE 9.0; Windows NT 6.1; Trident/5.0; Trident/5.0)"
216.244.66.200 - - [24/Jan/2020:19:43:32 +0100] "GET /node/355 HTTP/1.1" 200 - "-" "Mozilla/5.0 (compatible; DotBot/1.1; http://www.opensiteexplorer.org/dotbot, help@moz.com)"
66.249.64.141 - - [24/Jan/2020:19:44:07 +0100] "GET /files/KHEM_1424_5normaszoveg.doc HTTP/1.1" 304 - "-" "Mozilla/5.0 (Linux; Android 6.0.1; Nexus 5X Build/MMB29P) AppleWebKit/537.36 (KHTML, like Gecko) Chrome/41.0.2272.96 Mobile Safari/537.36 (compatible; Googlebot/2.1; +http://www.google.com/bot.html)"
178.164.184.140 - - [24/Jan/2020:19:51:15 +0100] "GET /files/1.mell.(R.2.mell.).doc HTTP/1.1" 200 71680 "https://www.google.com/" "Mozilla/5.0 (Windows NT 6.1; Win64; x64; rv:72.0) Gecko/20100101 Firefox/72.0"
66.249.64.104 - - [24/Jan/2020:19:54:36 +0100] "GET /files/orszszi_terv_070530.pdf HTTP/1.1" 200 478463 "-" "Mozilla/5.0 (Linux; Android 6.0.1; Nexus 5X Build/MMB29P) AppleWebKit/537.36 (KHTML, like Gecko) Chrome/41.0.2272.96 Mobile Safari/537.36 (compatible; Googlebot/2.1; +http://www.google.com/bot.html)"
23.100.232.233 - - [24/Jan/2020:19:54:40 +0100] "GET /files/szakerto.doc HTTP/1.1" 200 244339 "http://www.bing.com/search?q=m%C3%A9diagazdas%C3%A1g+v%C3%A9delme&form=MSNH14&sc=8-4&sp=-1&qs=n&sk=" "Mozilla/5.0 (compatible; MSIE 9.0; Windows NT 6.0; Trident/5.0; Trident/5.0)"
78.85.217.85 - - [24/Jan/2020:19:58:09 +0100] "GET / HTTP/1.1" 200 - "-" "Mozilla/5.0 (Windows; U; Windows NT 5.1; en-US; rv:1.9.1.6) Gecko/20091201 Firefox/3.5.6 (.NET CLR 2.0.50727; .NET CLR 3.0.4506.2152; .NET CLR 3.5.30729)"
66.249.64.141 - - [24/Jan/2020:20:04:22 +0100] "GET /files/nem-konvencionalis_korm_rend_090202.doc HTTP/1.1" 304 - "-" "Mozilla/5.0 (Linux; Android 6.0.1; Nexus 5X Build/MMB29P) AppleWebKit/537.36 (KHTML, like Gecko) Chrome/41.0.2272.96 Mobile Safari/537.36 (compatible; Googlebot/2.1; +http://www.google.com/bot.html)"
176.63.16.204 - - [24/Jan/2020:20:16:02 +0100] "GET /files/hadkotelesek_hm_eum_rendelet_tervezet_melleklet.pdf HTTP/1.1" 200 713160 "https://www.google.com/" "Mozilla/5.0 (Linux; Android 9; EML-L29) AppleWebKit/537.36 (KHTML, like Gecko) Chrome/79.0.3945.136 Mobile Safari/537.36"
66.249.64.104 - - [24/Jan/2020:20:21:56 +0100] "GET /files/Lakhely_megismer_rendeletek_tervezet10.20._0.doc HTTP/1.1" 200 139776 "-" "Mozilla/5.0 (Linux; Android 6.0.1; Nexus 5X Build/MMB29P) AppleWebKit/537.36 (KHTML, like Gecko) Chrome/41.0.2272.96 Mobile Safari/537.36 (compatible; Googlebot/2.1; +http://www.google.com/bot.html)"
216.244.66.200 - - [24/Jan/2020:20:23:51 +0100] "GET /node/114 HTTP/1.1" 200 - "-" "Mozilla/5.0 (compatible; DotBot/1.1; http://www.opensiteexplorer.org/dotbot, help@moz.com)"
216.244.66.200 - - [24/Jan/2020:20:24:32 +0100] "GET /node/131 HTTP/1.1" 200 - "-" "Mozilla/5.0 (compatible; DotBot/1.1; http://www.opensiteexplorer.org/dotbot, help@moz.com)"
216.244.66.200 - - [24/Jan/2020:20:26:53 +0100] "GET /node/51 HTTP/1.1" 200 - "-" "Mozilla/5.0 (compatible; DotBot/1.1; http://www.opensiteexplorer.org/dotbot, help@moz.com)"
