216.244.66.200 - - [24/Jan/2020:20:30:46 +0100] "GET /node/1076 HTTP/1.1" 200 - "-" "Mozilla/5.0 (compatible; DotBot/1.1; http://www.opensiteexplorer.org/dotbot, help@moz.com)"
66.249.64.141 - - [24/Jan/2020:20:32:09 +0100] "GET /files/14390_10.pdf HTTP/1.1" 304 - "-" "Mozilla/5.0 (Linux; Android 6.0.1; Nexus 5X Build/MMB29P) AppleWebKit/537.36 (KHTML, like Gecko) Chrome/41.0.2272.96 Mobile Safari/537.36 (compatible; Googlebot/2.1; +http://www.google.com/bot.html)"
23.100.232.233 - - [24/Jan/2020:20:35:23 +0100] "GET /files/Melleklet_kozossegi_jegyzek_090609.doc HTTP/1.1" 200 243648 "-" "Mozilla/5.0 (compatible; MSIE 9.0; Windows NT 6.0; Trident/5.0; Trident/5.0)"
66.249.64.137 - - [24/Jan/2020:20:44:19 +0100] "GET /files/hm_rendelet_tervezet_minositett_adat_vedelmerol.pdf HTTP/1.1" 200 146515 "-" "Googlebot/2.1 (+http://www.google.com/bot.html)"
155.56.68.214 - - [24/Jan/2020:20:46:37 +0100] "GET /sites/all/themes/jogalkotas/images/menu-red-right.png HTTP/1.1" 304 - "-" "Mozilla/4.0 (compatible;)"
66.249.64.141 - - [24/Jan/2020:20:48:17 +0100] "GET /drupal/files/R61_2.pdf HTTP/1.1" 200 - "-" "Googlebot/2.1 (+http://www.google.com/bot.html)"
66.249.64.137 - - [24/Jan/2020:20:51:18 +0100] "GET /files/fejezeti_terv_080219.pdf HTTP/1.1" 200 384732 "-" "Googlebot/2.1 (+http://www.google.com/bot.html)"
66.249.64.137 - - [24/Jan/2020:20:54:34 +0100] "GET /files/alap_mester_terv_080415.pdf HTTP/1.1" 200 1172316 "-" "Googlebot/2.1 (+http://www.google.com/bot.html)"
66.249.64.104 - - [24/Jan/2020:20:58:40 +0100] "GET /files/mozgokep_szlaszam_070306.pdf HTTP/1.1" 200 120462 "-" "Googlebot/2.1 (+http://www.google.com/bot.html)"
13.66.139.0 - - [24/Jan/2020:20:59:16 +0100] "GET /taxonomy/term/60 HTTP/1.1" 200 - "-" "Mozilla/5.0 (compatible; bingbot/2.0; +http://www.bing.com/bingbot.htm)"
157.55.39.36 - - [24/Jan/2020:21:01:43 +0100] "GET /robots.txt HTTP/1.1" 200 1590 "-" "Mozilla/5.0 (compatible; bingbot/2.0; +http://www.bing.com/bingbot.htm)"
157.55.39.84 - - [24/Jan/2020:21:02:17 +0100] "GET /taxonomy/term/1?page=218 HTTP/1.1" 200 - "-" "Mozilla/5.0 (compatible; bingbot/2.0; +http://www.bing.com/bingbot.htm)"
40.77.167.29 - - [24/Jan/2020:21:02:56 +0100] "GET /files/134_2004_mod_mellekletek.pdf HTTP/1.1" 200 442733 "-" "Mozilla/5.0 (compatible; bingbot/2.0; +http://www.bing.com/bingbot.htm)"
40.77.167.29 - - [24/Jan/2020:21:03:28 +0100] "GET /files/1997_83_tv_mod_081003.doc HTTP/1.1" 304 - "-" "Mozilla/5.0 (compatible; bingbot/2.0; +http://www.bing.com/bingbot.htm)"
66.249.64.104 - - [24/Jan/2020:21:04:34 +0100] "GET /files/kulturalis_szakemberek_kepzese_070303.pdf HTTP/1.1" 200 195011 "-" "Googlebot/2.1 (+http://www.google.com/bot.html)"
23.100.232.233 - - [24/Jan/2020:21:10:58 +0100] "GET /files/muszaki_4melleklet.pdf HTTP/1.1" 200 159202 "-" "Mozilla/5.0 (compatible; MSIE 9.0; Windows NT 6.0; Trident/5.0; Trident/5.0)"
66.249.64.106 - - [24/Jan/2020:21:12:22 +0100] "GET /files/KHEM_3058_14.doc HTTP/1.1" 304 - "-" "Mozilla/5.0 (Linux; Android 6.0.1; Nexus 5X Build/MMB29P) AppleWebKit/537.36 (KHTML, like Gecko) Chrome/41.0.2272.96 Mobile Safari/537.36 (compatible; Googlebot/2.1; +http://www.google.com/bot.html)"
216.244.66.200 - - [24/Jan/2020:21:12:36 +0100] "GET /taxonomy/term/1?page=58 HTTP/1.1" 200 - "-" "Mozilla/5.0 (compatible; DotBot/1.1; http://www.opensiteexplorer.org/dotbot, help@moz.com)"
216.244.66.200 - - [24/Jan/2020:21:12:41 +0100] "GET /taxonomy/term/40?page=85 HTTP/1.1" 200 - "-" "Mozilla/5.0 (compatible; DotBot/1.1; http://www.opensiteexplorer.org/dotbot, help@moz.com)"
209.133.111.211 - - [24/Jan/2020:21:13:35 +0100] "GET /robots.txt HTTP/1.1" 200 1590 "-" "rogerbot/1.0 (http://www.moz.com/dp/rogerbot, rogerbot-crawler@moz.com)"
209.133.111.211 - - [24/Jan/2020:21:14:06 +0100] "GET /node/feed HTTP/1.1" 200 - "-" "rogerbot/1.0 (http://www.moz.com/dp/rogerbot, rogerbot-crawler@moz.com)"
216.244.66.200 - - [24/Jan/2020:21:14:57 +0100] "GET /taxonomy/term/50?page=3 HTTP/1.1" 200 - "-" "Mozilla/5.0 (compatible; DotBot/1.1; http://www.opensiteexplorer.org/dotbot, help@moz.com)"
216.244.66.200 - - [24/Jan/2020:21:16:52 +0100] "GET /taxonomy/term/49?page=2 HTTP/1.1" 200 - "-" "Mozilla/5.0 (compatible; DotBot/1.1; http://www.opensiteexplorer.org/dotbot, help@moz.com)"
216.244.66.200 - - [24/Jan/2020:21:18:57 +0100] "GET /node/2512 HTTP/1.1" 200 - "-" "Mozilla/5.0 (compatible; DotBot/1.1; http://www.opensiteexplorer.org/dotbot, help@moz.com)"
66.249.64.139 - - [24/Jan/2020:21:19:22 +0100] "GET /drupal/files/bizott_2006_j%C3%BAli.pdf HTTP/1.1" 200 - "-" "Googlebot/2.1 (+http://www.google.com/bot.html)"
216.244.66.200 - - [24/Jan/2020:21:21:17 +0100] "GET /node/550 HTTP/1.1" 200 - "-" "Mozilla/5.0 (compatible; DotBot/1.1; http://www.opensiteexplorer.org/dotbot, help@moz.com)"
66.249.64.139 - - [24/Jan/2020:21:22:47 +0100] "GET /files/kbt_modhonlapra.pdf HTTP/1.1" 200 1340868 "-" "Mozilla/5.0 (Linux; Android 6.0.1; Nexus 5X Build/MMB29P) AppleWebKit/537.36 (KHTML, like Gecko) Chrome/41.0.2272.96 Mobile Safari/537.36 (compatible; Googlebot/2.1; +http://www.google.com/bot.html)"
207.46.13.10 - - [24/Jan/2020:21:27:29 +0100] "GET /files/korengedmenyes_ped_honlapra_060220.pdf HTTP/1.1" 200 209066 "-" "Mozilla/5.0 (compatible; bingbot/2.0; +http://www.bing.com/bingbot.htm)"
66.249.64.141 - - [24/Jan/2020:21:32:20 +0100] "GET /files/NFGM735.pdf HTTP/1.1" 304 - "-" "Mozilla/5.0 (Linux; Android 6.0.1; Nexus 5X Build/MMB29P) AppleWebKit/537.36 (KHTML, like Gecko) Chrome/41.0.2272.96 Mobile Safari/537.36 (compatible; Googlebot/2.1; +http://www.google.com/bot.html)"
157.55.39.84 - - [24/Jan/2020:21:34:25 +0100] "GET /files/menedekjog.doc HTTP/1.1" 304 - "-" "Mozilla/5.0 (compatible; bingbot/2.0; +http://www.bing.com/bingbot.htm)"
66.249.64.141 - - [24/Jan/2020:21:35:09 +0100] "GET /drupal/files/ptk.csaladjog_0.pdf HTTP/1.1" 200 - "-" "Googlebot/2.1 (+http://www.google.com/bot.html)"
207.46.13.10 - - [24/Jan/2020:21:35:19 +0100] "GET /files/32per2008_eum_rend_mod_090330.doc HTTP/1.1" 304 - "-" "Mozilla/5.0 (compatible; bingbot/2.0; +http://www.bing.com/bingbot.htm)"
216.244.66.200 - - [24/Jan/2020:21:56:16 +0100] "GET /node?page=97 HTTP/1.1" 200 - "-" "Mozilla/5.0 (compatible; DotBot/1.1; http://www.opensiteexplorer.org/dotbot, help@moz.com)"
216.244.66.200 - - [24/Jan/2020:21:57:07 +0100] "GET /node/117 HTTP/1.1" 200 - "-" "Mozilla/5.0 (compatible; DotBot/1.1; http://www.opensiteexplorer.org/dotbot, help@moz.com)"
216.244.66.200 - - [24/Jan/2020:21:57:55 +0100] "GET /taxonomy/term/40?page=106 HTTP/1.1" 200 - "-" "Mozilla/5.0 (compatible; DotBot/1.1; http://www.opensiteexplorer.org/dotbot, help@moz.com)"
216.244.66.200 - - [24/Jan/2020:21:59:55 +0100] "GET /taxonomy/term/52?page=4 HTTP/1.1" 200 - "-" "Mozilla/5.0 (compatible; DotBot/1.1; http://www.opensiteexplorer.org/dotbot, help@moz.com)"
216.244.66.200 - - [24/Jan/2020:22:01:55 +0100] "GET /taxonomy/term/24?page=2 HTTP/1.1" 200 - "-" "Mozilla/5.0 (compatible; DotBot/1.1; http://www.opensiteexplorer.org/dotbot, help@moz.com)"
66.249.64.108 - - [24/Jan/2020:22:02:31 +0100] "GET /robots.txt HTTP/1.1" 200 1590 "-" "Mozilla/5.0 (compatible; Googlebot/2.1; +http://www.google.com/bot.html)"
66.249.64.104 - - [24/Jan/2020:22:02:32 +0100] "GET /files/e_beszamolo_rendelet-tervezet_03.12..doc HTTP/1.1" 304 - "-" "Mozilla/5.0 (Linux; Android 6.0.1; Nexus 5X Build/MMB29P) AppleWebKit/537.36 (KHTML, like Gecko) Chrome/41.0.2272.96 Mobile Safari/537.36 (compatible; Googlebot/2.1; +http://www.google.com/bot.html)"
66.249.64.104 - - [24/Jan/2020:22:02:33 +0100] "GET /files/egkar_terv_071109.pdf HTTP/1.1" 304 - "-" "Mozilla/5.0 (Linux; Android 6.0.1; Nexus 5X Build/MMB29P) AppleWebKit/537.36 (KHTML, like Gecko) Chrome/41.0.2272.96 Mobile Safari/537.36 (compatible; Googlebot/2.1; +http://www.google.com/bot.html)"
94.130.9.106 - - [24/Jan/2020:22:10:19 +0100] "GET /robots.txt HTTP/1.1" 200 1590 "-" "Mozilla/5.0 (compatible; BLEXBot/1.0; +http://webmeup-crawler.com/)"
23.100.232.233 - - [24/Jan/2020:22:10:35 +0100] "GET /files/szakerto.doc HTTP/1.1" 200 244339 "http://www.bing.com/search?q=m%C3%A9diagazdas%C3%A1g+v%C3%A9delme&form=MSNH14&sc=8-4&sp=-1&qs=n&sk=" "Mozilla/5.0 (compatible; MSIE 9.0; Windows NT 6.0; Trident/5.0; Trident/5.0)"
94.130.9.106 - - [24/Jan/2020:22:10:50 +0100] "GET /sitemap.xml HTTP/1.1" 200 - "-" "Mozilla/5.0 (compatible; BLEXBot/1.0; +http://webmeup-crawler.com/)"
94.130.9.106 - - [24/Jan/2020:22:11:41 +0100] "GET /sitemap.xml HTTP/1.1" 200 - "-" "Mozilla/5.0 (compatible; BLEXBot/1.0; +http://webmeup-crawler.com/)"
94.130.9.106 - - [24/Jan/2020:22:12:26 +0100] "GET /taxonomy/term/36 HTTP/1.1" 200 - "-" "Mozilla/5.0 (compatible; BLEXBot/1.0; +http://webmeup-crawler.com/)"
94.130.9.106 - - [24/Jan/2020:22:13:13 +0100] "GET / HTTP/1.1" 200 - "-" "Mozilla/5.0 (compatible; BLEXBot/1.0; +http://webmeup-crawler.com/)"
188.232.23.237 - - [24/Jan/2020:22:13:34 +0100] "GET /comment/reply/2619/ HTTP/1.0" 200 - "http://jogalkotas.hu/comment/reply/2619/" "Mozilla/5.0 (Windows NT 6.1) AppleWebKit/537.36 (KHTML, like Gecko) Chrome/67.0.3396.99 Safari/537.36"
94.130.9.106 - - [24/Jan/2020:22:13:59 +0100] "GET /taxonomy/term/29 HTTP/1.1" 200 - "-" "Mozilla/5.0 (compatible; BLEXBot/1.0; +http://webmeup-crawler.com/)"
188.232.23.237 - - [24/Jan/2020:22:14:06 +0100] "GET / HTTP/1.0" 200 - "http://jogalkotas.hu/" "Mozilla/5.0 (Windows NT 6.1) AppleWebKit/537.36 (KHTML, like Gecko) Chrome/67.0.3396.99 Safari/537.36"
74.125.208.11 - - [24/Jan/2020:22:18:07 +0100] "GET /files/KHEM_4090_3javitott.doc HTTP/1.1" 200 200704 "https://www.google.hu/" "Mozilla/5.0 (Linux; Android 8.1.0; SM-J710F) AppleWebKit/537.36 (KHTML, like Gecko) Chrome/70.0.3538.110 Mobile Safari/537.36"
216.244.66.200 - - [24/Jan/2020:22:42:30 +0100] "GET /node/105 HTTP/1.1" 200 - "-" "Mozilla/5.0 (compatible; DotBot/1.1; http://www.opensiteexplorer.org/dotbot, help@moz.com)"
216.244.66.200 - - [24/Jan/2020:22:43:28 +0100] "GET /node/199 HTTP/1.1" 200 - "-" "Mozilla/5.0 (compatible; DotBot/1.1; http://www.opensiteexplorer.org/dotbot, help@moz.com)"
216.244.66.200 - - [24/Jan/2020:22:45:49 +0100] "GET /node/2361 HTTP/1.1" 200 - "-" "Mozilla/5.0 (compatible; DotBot/1.1; http://www.opensiteexplorer.org/dotbot, help@moz.com)"
216.244.66.200 - - [24/Jan/2020:22:48:09 +0100] "GET /node/28 HTTP/1.1" 200 - "-" "Mozilla/5.0 (compatible; DotBot/1.1; http://www.opensiteexplorer.org/dotbot, help@moz.com)"
216.244.66.200 - - [24/Jan/2020:22:50:33 +0100] "GET /taxonomy/term/50?page=5 HTTP/1.1" 200 - "-" "Mozilla/5.0 (compatible; DotBot/1.1; http://www.opensiteexplorer.org/dotbot, help@moz.com)"
216.244.66.200 - - [24/Jan/2020:22:52:53 +0100] "GET /taxonomy/term/94 HTTP/1.1" 200 - "-" "Mozilla/5.0 (compatible; DotBot/1.1; http://www.opensiteexplorer.org/dotbot, help@moz.com)"
148.251.232.83 - - [24/Jan/2020:22:56:55 +0100] "GET /files/ovoda_terv_090922.pdf HTTP/1.1" 200 264809 "http://www.jogalkotas.hu/files/ovoda_terv_090922.pdf" "Mozilla/5.0 (Windows NT 10.0; Win64; x64) AppleWebKit/537.36 (KHTML, like Gecko) Chrome/60.0.3112.113 Safari/537.36"
90.248.15.43 - - [24/Jan/2020:23:08:59 +0100] "GET /files/KHEM_284_3_norma.doc HTTP/1.1" 200 261632 "https://www.google.com/" "Mozilla/5.0 (Windows NT 10.0; Win64; x64) AppleWebKit/537.36 (KHTML, like Gecko) Chrome/79.0.3945.130 Safari/537.36"
66.249.64.104 - - [24/Jan/2020:23:13:13 +0100] "GET /files/R83_2.pdf HTTP/1.1" 304 - "-" "Mozilla/5.0 (Linux; Android 6.0.1; Nexus 5X Build/MMB29P) AppleWebKit/537.36 (KHTML, like Gecko) Chrome/41.0.2272.96 Mobile Safari/537.36 (compatible; Googlebot/2.1; +http://www.google.com/bot.html)"
178.164.146.160 - - [24/Jan/2020:23:16:53 +0100] "GET /files/termofold_igenybevetel_eloterjesztes.pdf HTTP/1.1" 200 211330 "https://www.google.com/" "Mozilla/5.0 (Windows NT 6.1) AppleWebKit/537.36 (KHTML, like Gecko) Chrome/79.0.3945.88 Safari/537.36"
178.164.146.160 - - [24/Jan/2020:23:16:54 +0100] "GET /favicon.ico HTTP/1.1" 404 57 "http://www.jogalkotas.hu/files/termofold_igenybevetel_eloterjesztes.pdf" "Mozilla/5.0 (Windows NT 6.1) AppleWebKit/537.36 (KHTML, like Gecko) Chrome/79.0.3945.88 Safari/537.36"
157.55.39.84 - - [24/Jan/2020:23:21:23 +0100] "GET /files/tjsztnorma.doc HTTP/1.1" 200 32768 "-" "Mozilla/5.0 (compatible; bingbot/2.0; +http://www.bing.com/bingbot.htm)"
66.249.64.139 - - [24/Jan/2020:23:23:45 +0100] "GET /taxonomy/term/79 HTTP/1.1" 200 - "-" "Mozilla/5.0 (Linux; Android 6.0.1; Nexus 5X Build/MMB29P) AppleWebKit/537.36 (KHTML, like Gecko) Chrome/41.0.2272.96 Mobile Safari/537.36 (compatible; Googlebot/2.1; +http://www.google.com/bot.html)"
68.108.116.199 - - [24/Jan/2020:23:25:57 +0100] "GET / HTTP/1.1" 200 - "-" "-"
68.108.116.199 - - [24/Jan/2020:23:26:29 +0100] "GET / HTTP/1.1" 200 - "-" "-"
68.108.116.199 - - [24/Jan/2020:23:27:01 +0100] "GET / HTTP/1.1" 200 - "-" "Mozilla/5.0 (compatible; MSIE 9.0; Windows NT 6.1; WOW64; Trident/5.0)"
209.133.111.211 - - [24/Jan/2020:23:44:47 +0100] "GET /robots.txt HTTP/1.1" 200 1590 "-" "rogerbot/1.0 (http://www.moz.com/dp/rogerbot, rogerbot-crawler@moz.com)"
209.133.111.211 - - [24/Jan/2020:23:45:19 +0100] "GET /node/feed HTTP/1.1" 200 - "-" "rogerbot/1.0 (http://www.moz.com/dp/rogerbot, rogerbot-crawler@moz.com)"
23.100.232.233 - - [24/Jan/2020:23:46:57 +0100] "GET /files/muszaki_4melleklet.pdf HTTP/1.1" 200 159202 "-" "Mozilla/5.0 (compatible; MSIE 9.0; Windows NT 6.1; Trident/5.0; Trident/5.0)"
23.100.232.233 - - [24/Jan/2020:23:52:56 +0100] "GET /files/14per2007%20rendelet%20tervezet.doc HTTP/1.1" 200 144384 "-" "Mozilla/5.0 (compatible; MSIE 9.0; Windows NT 6.0; Trident/5.0; Trident/5.0)"
216.244.66.200 - - [25/Jan/2020:00:03:36 +0100] "GET /node?page=137 HTTP/1.1" 200 - "-" "Mozilla/5.0 (compatible; DotBot/1.1; http://www.opensiteexplorer.org/dotbot, help@moz.com)"
216.244.66.200 - - [25/Jan/2020:00:04:42 +0100] "GET /node?page=105 HTTP/1.1" 200 - "-" "Mozilla/5.0 (compatible; DotBot/1.1; http://www.opensiteexplorer.org/dotbot, help@moz.com)"
216.244.66.200 - - [25/Jan/2020:00:09:08 +0100] "GET /taxonomy/term/84 HTTP/1.1" 200 - "-" "Mozilla/5.0 (compatible; DotBot/1.1; http://www.opensiteexplorer.org/dotbot, help@moz.com)"
216.244.66.200 - - [25/Jan/2020:00:11:11 +0100] "GET /taxonomy/term/39?page=1 HTTP/1.1" 200 - "-" "Mozilla/5.0 (compatible; DotBot/1.1; http://www.opensiteexplorer.org/dotbot, help@moz.com)"
216.244.66.200 - - [25/Jan/2020:00:13:33 +0100] "GET /node/1038 HTTP/1.1" 200 - "-" "Mozilla/5.0 (compatible; DotBot/1.1; http://www.opensiteexplorer.org/dotbot, help@moz.com)"
157.55.39.84 - - [25/Jan/2020:00:25:20 +0100] "GET /files/13_97_mod_tervezet.pdf HTTP/1.1" 304 - "-" "Mozilla/5.0 (compatible; bingbot/2.0; +http://www.bing.com/bingbot.htm)"
66.249.64.106 - - [25/Jan/2020:00:33:33 +0100] "GET /files/ket__eloterjesztes.pdf HTTP/1.1" 304 - "-" "Mozilla/5.0 (Linux; Android 6.0.1; Nexus 5X Build/MMB29P) AppleWebKit/537.36 (KHTML, like Gecko) Chrome/41.0.2272.96 Mobile Safari/537.36 (compatible; Googlebot/2.1; +http://www.google.com/bot.html)"
141.8.183.17 - - [25/Jan/2020:00:41:46 +0100] "GET /robots.txt HTTP/1.1" 200 1590 "-" "Mozilla/5.0 (compatible; YandexBot/3.0; +http://yandex.com/bots)"
141.8.183.17 - - [25/Jan/2020:00:42:22 +0100] "GET /drupal/node/26 HTTP/1.1" 200 - "-" "Mozilla/5.0 (compatible; YandexBot/3.0; +http://yandex.com/bots)"
141.8.183.17 - - [25/Jan/2020:00:42:54 +0100] "GET /drupal/node/26 HTTP/1.1" 200 - "-" "Mozilla/5.0 (compatible; YandexBot/3.0; +http://yandex.com/bots)"
178.154.171.90 - - [25/Jan/2020:00:43:26 +0100] "GET /drupal/node/26 HTTP/1.1" 200 - "-" "Mozilla/5.0 (compatible; YandexBot/3.0; +http://yandex.com/bots)"
5.255.253.13 - - [25/Jan/2020:00:43:58 +0100] "GET /drupal/node/26 HTTP/1.1" 200 - "-" "Mozilla/5.0 (compatible; YandexBot/3.0; +http://yandex.com/bots)"
216.244.66.200 - - [25/Jan/2020:00:44:22 +0100] "GET /taxonomy/term/39?page=51 HTTP/1.1" 200 - "-" "Mozilla/5.0 (compatible; DotBot/1.1; http://www.opensiteexplorer.org/dotbot, help@moz.com)"
185.4.132.135 - - [25/Jan/2020:00:45:37 +0100] "GET /comment/reply/2619/ HTTP/1.0" 200 - "http://jogalkotas.hu/comment/reply/2619/" "Mozilla/5.0 (Windows NT 5.1) AppleWebKit/537.36 (KHTML, like Gecko) Chrome/49.0.2623.112 Safari/537.36"
176.10.104.240 - - [25/Jan/2020:00:46:09 +0100] "GET /comment/reply/2619/ HTTP/1.0" 200 - "http://jogalkotas.hu/comment/reply/2619/" "Mozilla/5.0 (Windows NT 5.1) AppleWebKit/537.36 (KHTML, like Gecko) Chrome/49.0.2623.112 Safari/537.36"
23.129.64.232 - - [25/Jan/2020:00:46:42 +0100] "GET /comment/reply/2619/ HTTP/1.0" 200 - "http://jogalkotas.hu/comment/reply/2619/" "Mozilla/5.0 (Windows NT 5.1) AppleWebKit/537.36 (KHTML, like Gecko) Chrome/49.0.2623.112 Safari/537.36"
109.70.100.25 - - [25/Jan/2020:00:47:14 +0100] "GET /comment/reply/2619/ HTTP/1.0" 200 - "http://jogalkotas.hu/comment/reply/2619/" "Mozilla/5.0 (Windows NT 5.1) AppleWebKit/537.36 (KHTML, like Gecko) Chrome/49.0.2623.112 Safari/537.36"
23.100.232.233 - - [25/Jan/2020:00:47:42 +0100] "GET /files/szakerto.doc HTTP/1.1" 200 244339 "http://www.bing.com/search?q=m%C3%A9diagazdas%C3%A1g+v%C3%A9delme&form=MSNH14&sc=8-4&sp=-1&qs=n&sk=" "Mozilla/5.0 (compatible; MSIE 9.0; Windows NT 6.1; Trident/5.0; Trident/5.0)"
109.70.100.20 - - [25/Jan/2020:00:47:47 +0100] "GET / HTTP/1.0" 200 - "http://jogalkotas.hu/" "Mozilla/5.0 (Windows NT 5.1) AppleWebKit/537.36 (KHTML, like Gecko) Chrome/49.0.2623.112 Safari/537.36"
37.1.194.129 - - [25/Jan/2020:00:49:02 +0100] "GET /files/ins_terv_090508.pdf HTTP/1.0" 200 2582050 "-" "Mozilla/5.0 (compatible; Googlebot/2.1; +http://www.google.com/bot.html)"
66.249.64.104 - - [25/Jan/2020:00:53:52 +0100] "GET /files/mikrobi%201130.doc HTTP/1.1" 304 - "-" "Mozilla/5.0 (Linux; Android 6.0.1; Nexus 5X Build/MMB29P) AppleWebKit/537.36 (KHTML, like Gecko) Chrome/41.0.2272.96 Mobile Safari/537.36 (compatible; Googlebot/2.1; +http://www.google.com/bot.html)"
167.172.63.229 - - [25/Jan/2020:00:57:47 +0100] "GET / HTTP/1.1" 200 - "-" "Mozilla/5.0 (Macintosh; Intel Mac OS X 10_10_5) AppleWebKit/537.36 (KHTML, like Gecko) Chrome/45.0.2454.101 Safari/537.36"
66.249.64.104 - - [25/Jan/2020:01:04:03 +0100] "GET /files/Kjt_euv_hr_20081212.doc HTTP/1.1" 304 - "-" "Mozilla/5.0 (Linux; Android 6.0.1; Nexus 5X Build/MMB29P) AppleWebKit/537.36 (KHTML, like Gecko) Chrome/41.0.2272.96 Mobile Safari/537.36 (compatible; Googlebot/2.1; +http://www.google.com/bot.html)"
66.249.64.106 - - [25/Jan/2020:01:14:33 +0100] "GET /files/ekeloterj.doc HTTP/1.1" 304 - "-" "Mozilla/5.0 (Linux; Android 6.0.1; Nexus 5X Build/MMB29P) AppleWebKit/537.36 (KHTML, like Gecko) Chrome/41.0.2272.96 Mobile Safari/537.36 (compatible; Googlebot/2.1; +http://www.google.com/bot.html)"
216.244.66.200 - - [25/Jan/2020:01:31:07 +0100] "GET /node?page=135 HTTP/1.1" 200 - "-" "Mozilla/5.0 (compatible; DotBot/1.1; http://www.opensiteexplorer.org/dotbot, help@moz.com)"
216.244.66.200 - - [25/Jan/2020:01:31:57 +0100] "GET /node?page=236 HTTP/1.1" 200 - "-" "Mozilla/5.0 (compatible; DotBot/1.1; http://www.opensiteexplorer.org/dotbot, help@moz.com)"
216.244.66.200 - - [25/Jan/2020:01:34:18 +0100] "GET /node?page=98 HTTP/1.1" 200 - "-" "Mozilla/5.0 (compatible; DotBot/1.1; http://www.opensiteexplorer.org/dotbot, help@moz.com)"
66.249.64.106 - - [25/Jan/2020:01:34:32 +0100] "GET /files/gyogysz_ker_gyak_ism_081215.doc HTTP/1.1" 304 - "-" "Mozilla/5.0 (Linux; Android 6.0.1; Nexus 5X Build/MMB29P) AppleWebKit/537.36 (KHTML, like Gecko) Chrome/41.0.2272.96 Mobile Safari/537.36 (compatible; Googlebot/2.1; +http://www.google.com/bot.html)"
216.244.66.200 - - [25/Jan/2020:01:36:39 +0100] "GET /node/81 HTTP/1.1" 200 - "-" "Mozilla/5.0 (compatible; DotBot/1.1; http://www.opensiteexplorer.org/dotbot, help@moz.com)"
216.244.66.200 - - [25/Jan/2020:01:38:59 +0100] "GET /node/1762 HTTP/1.1" 200 - "-" "Mozilla/5.0 (compatible; DotBot/1.1; http://www.opensiteexplorer.org/dotbot, help@moz.com)"
216.244.66.200 - - [25/Jan/2020:01:41:19 +0100] "GET /node/2550 HTTP/1.1" 200 - "-" "Mozilla/5.0 (compatible; DotBot/1.1; http://www.opensiteexplorer.org/dotbot, help@moz.com)"
66.249.64.141 - - [25/Jan/2020:01:54:36 +0100] "GET /files/im_rendelet_a_cstv_szerinti.pdf HTTP/1.1" 304 - "-" "Mozilla/5.0 (Linux; Android 6.0.1; Nexus 5X Build/MMB29P) AppleWebKit/537.36 (KHTML, like Gecko) Chrome/41.0.2272.96 Mobile Safari/537.36 (compatible; Googlebot/2.1; +http://www.google.com/bot.html)"
159.138.149.108 - - [25/Jan/2020:01:55:04 +0100] "GET / HTTP/1.1" 200 - "-" "Mozilla/5.0(Linux;U;Android 5.1.1;zh-CN;OPPO A33 Build/LMY47V) AppleWebKit/537.36(KHTML,like Gecko) Version/4.0 Chrome/40.0.2214.89 UCBrowser/11.7.0.953 Mobile Safari/537.36"
66.249.64.108 - - [25/Jan/2020:02:04:32 +0100] "GET /files/rendeszeti_startegia_kormanyra_2007_11_20_vegleges.doc HTTP/1.1" 304 - "-" "Mozilla/5.0 (Linux; Android 6.0.1; Nexus 5X Build/MMB29P) AppleWebKit/537.36 (KHTML, like Gecko) Chrome/41.0.2272.96 Mobile Safari/537.36 (compatible; Googlebot/2.1; +http://www.google.com/bot.html)"
23.100.232.233 - - [25/Jan/2020:02:06:21 +0100] "GET /files/14per2007%20rendelet%20tervezet.doc HTTP/1.1" 200 144384 "-" "Mozilla/5.0 (compatible; MSIE 9.0; Windows NT 6.0; Trident/5.0; Trident/5.0)"
216.244.66.200 - - [25/Jan/2020:02:18:58 +0100] "GET /node?page=141 HTTP/1.1" 200 - "-" "Mozilla/5.0 (compatible; DotBot/1.1; http://www.opensiteexplorer.org/dotbot, help@moz.com)"
216.244.66.200 - - [25/Jan/2020:02:19:20 +0100] "GET /node?page=93 HTTP/1.1" 200 - "-" "Mozilla/5.0 (compatible; DotBot/1.1; http://www.opensiteexplorer.org/dotbot, help@moz.com)"
216.244.66.200 - - [25/Jan/2020:02:23:41 +0100] "GET /node/715 HTTP/1.1" 200 - "-" "Mozilla/5.0 (compatible; DotBot/1.1; http://www.opensiteexplorer.org/dotbot, help@moz.com)"
216.244.66.200 - - [25/Jan/2020:02:25:42 +0100] "GET /taxonomy/term/67 HTTP/1.1" 200 - "-" "Mozilla/5.0 (compatible; DotBot/1.1; http://www.opensiteexplorer.org/dotbot, help@moz.com)"
216.244.66.200 - - [25/Jan/2020:02:28:02 +0100] "GET /taxonomy/term/68 HTTP/1.1" 200 - "-" "Mozilla/5.0 (compatible; DotBot/1.1; http://www.opensiteexplorer.org/dotbot, help@moz.com)"
23.100.232.233 - - [25/Jan/2020:02:30:00 +0100] "GET /files/hirk_epitm_eng_ell.doc HTTP/1.1" 200 145408 "-" "Mozilla/5.0 (compatible; MSIE 9.0; Windows NT 6.1; Trident/5.0; Trident/5.0)"
216.244.66.200 - - [25/Jan/2020:02:30:23 +0100] "GET /node/1260 HTTP/1.1" 200 - "-" "Mozilla/5.0 (compatible; DotBot/1.1; http://www.opensiteexplorer.org/dotbot, help@moz.com)"
216.244.66.200 - - [25/Jan/2020:02:32:43 +0100] "GET /node/2573 HTTP/1.1" 200 - "-" "Mozilla/5.0 (compatible; DotBot/1.1; http://www.opensiteexplorer.org/dotbot, help@moz.com)"
66.249.64.141 - - [25/Jan/2020:02:33:22 +0100] "GET /files/szvk_mell_terv_090804.pdf HTTP/1.1" 304 - "-" "Mozilla/5.0 (Linux; Android 6.0.1; Nexus 5X Build/MMB29P) AppleWebKit/537.36 (KHTML, like Gecko) Chrome/41.0.2272.96 Mobile Safari/537.36 (compatible; Googlebot/2.1; +http://www.google.com/bot.html)"
37.1.194.129 - - [25/Jan/2020:02:44:54 +0100] "GET /files/palermo_0.pdf HTTP/1.0" 200 790300 "-" "Mozilla/5.0 (compatible; Googlebot/2.1; +http://www.google.com/bot.html)"
66.249.64.106 - - [25/Jan/2020:02:56:12 +0100] "GET /files/253-1997-korm-rend.pdf HTTP/1.1" 200 363328 "-" "Mozilla/5.0 (Linux; Android 6.0.1; Nexus 5X Build/MMB29P) AppleWebKit/537.36 (KHTML, like Gecko) Chrome/41.0.2272.96 Mobile Safari/537.36 (compatible; Googlebot/2.1; +http://www.google.com/bot.html)"
216.244.66.200 - - [25/Jan/2020:02:58:42 +0100] "GET /node?page=228 HTTP/1.1" 200 - "-" "Mozilla/5.0 (compatible; DotBot/1.1; http://www.opensiteexplorer.org/dotbot, help@moz.com)"
54.37.67.60 - - [25/Jan/2020:02:59:30 +0100] "HEAD /taxonomy/term/18%2023%2024%2026%2025%2027%2028%2029%2052%2041%2031%2032%2098%2033%2048%20106%20103%2099%20107%2034%2049%2035%2051%20100%2036%2050%20105 HTTP/1.1" 200 - "-" "-"
66.249.64.106 - - [25/Jan/2020:03:13:20 +0100] "GET /files/ptk_kotelmi_jog.pdf HTTP/1.1" 304 - "-" "Mozilla/5.0 (Linux; Android 6.0.1; Nexus 5X Build/MMB29P) AppleWebKit/537.36 (KHTML, like Gecko) Chrome/41.0.2272.96 Mobile Safari/537.36 (compatible; Googlebot/2.1; +http://www.google.com/bot.html)"
66.249.64.137 - - [25/Jan/2020:03:16:43 +0100] "GET /files/szakertoirendelettervezet1.doc HTTP/1.1" 304 - "-" "Mozilla/5.0 (Linux; Android 6.0.1; Nexus 5X Build/MMB29P) AppleWebKit/537.36 (KHTML, like Gecko) Chrome/41.0.2272.96 Mobile Safari/537.36 (compatible; Googlebot/2.1; +http://www.google.com/bot.html)"
66.249.64.104 - - [25/Jan/2020:03:18:07 +0100] "GET /node/2608 HTTP/1.1" 200 - "-" "Mozilla/5.0 (Linux; Android 6.0.1; Nexus 5X Build/MMB29P) AppleWebKit/537.36 (KHTML, like Gecko) Chrome/41.0.2272.96 Mobile Safari/537.36 (compatible; Googlebot/2.1; +http://www.google.com/bot.html)"
66.249.64.141 - - [25/Jan/2020:03:18:29 +0100] "GET /files/me_1_3_51__1_080313.pdf HTTP/1.1" 200 243169 "-" "Mozilla/5.0 (Linux; Android 6.0.1; Nexus 5X Build/MMB29P) AppleWebKit/537.36 (KHTML, like Gecko) Chrome/41.0.2272.96 Mobile Safari/537.36 (compatible; Googlebot/2.1; +http://www.google.com/bot.html)"
37.1.194.129 - - [25/Jan/2020:03:19:14 +0100] "GET /files/palermo_0.pdf HTTP/1.0" 200 790300 "-" "Mozilla/5.0 (compatible; Googlebot/2.1; +http://www.google.com/bot.html)"
77.83.175.192 - - [25/Jan/2020:03:27:13 +0100] "GET /comment/reply/2619/ HTTP/1.0" 200 - "-" "Mozilla/5.0 (Windows NT 6.3; Win64; x64) AppleWebKit/537.36 (KHTML, like Gecko) Chrome/75.0.3770.100 Safari/537.36"
66.249.64.106 - - [25/Jan/2020:03:29:14 +0100] "GET /files/m60_boly_pecs.pdf HTTP/1.1" 304 - "-" "Mozilla/5.0 (Linux; Android 6.0.1; Nexus 5X Build/MMB29P) AppleWebKit/537.36 (KHTML, like Gecko) Chrome/41.0.2272.96 Mobile Safari/537.36 (compatible; Googlebot/2.1; +http://www.google.com/bot.html)"
66.249.64.137 - - [25/Jan/2020:03:33:33 +0100] "GET /files/1_mell_FAVI_ENG_alap.doc HTTP/1.1" 304 - "-" "Mozilla/5.0 (Linux; Android 6.0.1; Nexus 5X Build/MMB29P) AppleWebKit/537.36 (KHTML, like Gecko) Chrome/41.0.2272.96 Mobile Safari/537.36 (compatible; Googlebot/2.1; +http://www.google.com/bot.html)"
130.43.207.244 - - [25/Jan/2020:03:43:28 +0100] "GET /files/cartagena_kozigre_0519.pdf HTTP/1.1" 200 186055 "https://www.google.hu/" "Mozilla/5.0 (iPhone; CPU iPhone OS 11_4_1 like Mac OS X) AppleWebKit/605.1.15 (KHTML, like Gecko) Version/11.0 Mobile/15E148 Safari/604.1"
216.244.66.200 - - [25/Jan/2020:03:46:30 +0100] "GET /taxonomy/term/28?page=11 HTTP/1.1" 200 - "-" "Mozilla/5.0 (compatible; DotBot/1.1; http://www.opensiteexplorer.org/dotbot, help@moz.com)"
66.249.64.106 - - [25/Jan/2020:03:48:00 +0100] "GET /files/meghagyas_kormrend_tervezet.doc HTTP/1.1" 304 - "-" "Mozilla/5.0 (Linux; Android 6.0.1; Nexus 5X Build/MMB29P) AppleWebKit/537.36 (KHTML, like Gecko) Chrome/41.0.2272.96 Mobile Safari/537.36 (compatible; Googlebot/2.1; +http://www.google.com/bot.html)"
209.133.111.211 - - [25/Jan/2020:03:52:07 +0100] "GET /robots.txt HTTP/1.1" 200 1590 "-" "rogerbot/1.0 (http://www.moz.com/dp/rogerbot, rogerbot-crawler@moz.com)"
209.133.111.211 - - [25/Jan/2020:03:52:40 +0100] "GET /node/feed HTTP/1.1" 200 - "-" "rogerbot/1.0 (http://www.moz.com/dp/rogerbot, rogerbot-crawler@moz.com)"
66.249.64.106 - - [25/Jan/2020:03:54:01 +0100] "GET / HTTP/1.1" 200 - "-" "Mozilla/5.0 (compatible; Googlebot/2.1; +http://www.google.com/bot.html)"
66.249.64.106 - - [25/Jan/2020:03:54:55 +0100] "GET /files/IRM_kjolevelta_-kozig_09.11m.doc HTTP/1.1" 304 - "-" "Mozilla/5.0 (Linux; Android 6.0.1; Nexus 5X Build/MMB29P) AppleWebKit/537.36 (KHTML, like Gecko) Chrome/41.0.2272.96 Mobile Safari/537.36 (compatible; Googlebot/2.1; +http://www.google.com/bot.html)"
207.46.13.10 - - [25/Jan/2020:04:02:16 +0100] "GET /files/pontrendszer.doc HTTP/1.1" 304 - "-" "Mozilla/5.0 (compatible; bingbot/2.0; +http://www.bing.com/bingbot.htm)"
68.183.58.185 - - [25/Jan/2020:04:14:30 +0100] "GET / HTTP/1.1" 200 - "-" "Mozilla/5.0 (Macintosh; Intel Mac OS X 10_10_5) AppleWebKit/537.36 (KHTML, like Gecko) Chrome/45.0.2454.101 Safari/537.36"
216.244.66.200 - - [25/Jan/2020:04:27:00 +0100] "GET /node/50 HTTP/1.1" 200 - "-" "Mozilla/5.0 (compatible; DotBot/1.1; http://www.opensiteexplorer.org/dotbot, help@moz.com)"
216.244.66.200 - - [25/Jan/2020:04:29:32 +0100] "GET /node/1762 HTTP/1.1" 200 - "-" "Mozilla/5.0 (compatible; DotBot/1.1; http://www.opensiteexplorer.org/dotbot, help@moz.com)"
216.244.66.200 - - [25/Jan/2020:04:31:54 +0100] "GET /taxonomy/term/24?page=3 HTTP/1.1" 200 - "-" "Mozilla/5.0 (compatible; DotBot/1.1; http://www.opensiteexplorer.org/dotbot, help@moz.com)"
37.1.194.129 - - [25/Jan/2020:04:32:51 +0100] "GET /files/palermo_0.pdf HTTP/1.0" 200 790300 "-" "Mozilla/5.0 (compatible; Googlebot/2.1; +http://www.google.com/bot.html)"
66.249.64.106 - - [25/Jan/2020:04:33:22 +0100] "GET /files/13per1992_NM_rend_mod_100311.doc HTTP/1.1" 304 - "-" "Mozilla/5.0 (Linux; Android 6.0.1; Nexus 5X Build/MMB29P) AppleWebKit/537.36 (KHTML, like Gecko) Chrome/41.0.2272.96 Mobile Safari/537.36 (compatible; Googlebot/2.1; +http://www.google.com/bot.html)"
216.244.66.200 - - [25/Jan/2020:04:33:54 +0100] "GET /node/2540 HTTP/1.1" 200 - "-" "Mozilla/5.0 (compatible; DotBot/1.1; http://www.opensiteexplorer.org/dotbot, help@moz.com)"
23.100.232.233 - - [25/Jan/2020:04:35:20 +0100] "GET /files/14per2007%20rendelet%20tervezet.doc HTTP/1.1" 200 144384 "-" "Mozilla/5.0 (compatible; MSIE 9.0; Windows NT 6.1; Trident/5.0; Trident/5.0)"
66.249.64.139 - - [25/Jan/2020:04:37:01 +0100] "GET /files/szakerto.doc HTTP/1.1" 200 314368 "-" "Mozilla/5.0 (Linux; Android 6.0.1; Nexus 5X Build/MMB29P) AppleWebKit/537.36 (KHTML, like Gecko) Chrome/41.0.2272.96 Mobile Safari/537.36 (compatible; Googlebot/2.1; +http://www.google.com/bot.html)"
66.249.64.106 - - [25/Jan/2020:04:44:00 +0100] "GET / HTTP/1.1" 200 - "-" "Mozilla/5.0 (Linux; Android 6.0.1; Nexus 5X Build/MMB29P) AppleWebKit/537.36 (KHTML, like Gecko) Chrome/41.0.2272.96 Mobile Safari/537.36 (compatible; Googlebot/2.1; +http://www.google.com/bot.html)"
83.97.20.126 - - [25/Jan/2020:04:44:01 +0100] "GET /comment/reply/2619/ HTTP/1.0" 200 - "http://jogalkotas.hu/comment/reply/2619/" "Mozilla/5.0 (Windows NT 10.0; Win64; x64) AppleWebKit/537.36 (KHTML, like Gecko) Chrome/67.0.3396.87 Safari/537.36"
199.249.230.106 - - [25/Jan/2020:04:44:52 +0100] "GET /comment/reply/2619/ HTTP/1.0" 200 - "http://jogalkotas.hu/comment/reply/2619/" "Mozilla/5.0 (Windows NT 10.0; Win64; x64) AppleWebKit/537.36 (KHTML, like Gecko) Chrome/67.0.3396.87 Safari/537.36"
23.129.64.204 - - [25/Jan/2020:04:45:24 +0100] "GET /comment/reply/2619/ HTTP/1.0" 200 - "http://jogalkotas.hu/comment/reply/2619/" "Mozilla/5.0 (Windows NT 10.0; Win64; x64) AppleWebKit/537.36 (KHTML, like Gecko) Chrome/67.0.3396.87 Safari/537.36"
185.220.101.49 - - [25/Jan/2020:04:45:56 +0100] "GET /comment/reply/2619/ HTTP/1.0" 200 - "http://jogalkotas.hu/comment/reply/2619/" "Mozilla/5.0 (Windows NT 10.0; Win64; x64) AppleWebKit/537.36 (KHTML, like Gecko) Chrome/67.0.3396.87 Safari/537.36"
162.247.74.201 - - [25/Jan/2020:04:46:28 +0100] "GET / HTTP/1.0" 200 - "http://jogalkotas.hu/" "Mozilla/5.0 (Windows NT 10.0; Win64; x64) AppleWebKit/537.36 (KHTML, like Gecko) Chrome/67.0.3396.87 Safari/537.36"
66.249.64.141 - - [25/Jan/2020:04:48:15 +0100] "GET / HTTP/1.1" 200 - "-" "Mozilla/5.0 (Linux; Android 6.0.1; Nexus 5X Build/MMB29P) AppleWebKit/537.36 (KHTML, like Gecko) Chrome/41.0.2272.96 Mobile Safari/537.36 (compatible; Googlebot/2.1; +http://www.google.com/bot.html)"
23.100.232.233 - - [25/Jan/2020:04:54:36 +0100] "GET /files/hirk_epitm_eng_ell.doc HTTP/1.1" 200 145408 "-" "Mozilla/5.0 (compatible; MSIE 9.0; Windows NT 6.0; Trident/5.0; Trident/5.0)"
66.249.64.141 - - [25/Jan/2020:04:55:01 +0100] "GET /files/hadkotelesek_hm_eum_rendelet_tervezet_melleklet.pdf HTTP/1.1" 304 - "-" "Mozilla/5.0 (Linux; Android 6.0.1; Nexus 5X Build/MMB29P) AppleWebKit/537.36 (KHTML, like Gecko) Chrome/41.0.2272.96 Mobile Safari/537.36 (compatible; Googlebot/2.1; +http://www.google.com/bot.html)"
66.249.64.106 - - [25/Jan/2020:05:07:44 +0100] "GET /files/kozbeszerzesi_eljarasi_rend.doc HTTP/1.1" 304 - "-" "Mozilla/5.0 (Linux; Android 6.0.1; Nexus 5X Build/MMB29P) AppleWebKit/537.36 (KHTML, like Gecko) Chrome/41.0.2272.96 Mobile Safari/537.36 (compatible; Googlebot/2.1; +http://www.google.com/bot.html)"
23.100.232.233 - - [25/Jan/2020:05:14:14 +0100] "GET /files/T1297.doc HTTP/1.1" 200 244339 "-" "Mozilla/5.0 (compatible; MSIE 9.0; Windows NT 6.1; Trident/5.0; Trident/5.0)"
216.244.66.200 - - [25/Jan/2020:05:25:53 +0100] "GET /node?page=177 HTTP/1.1" 200 - "-" "Mozilla/5.0 (compatible; DotBot/1.1; http://www.opensiteexplorer.org/dotbot, help@moz.com)"
216.244.66.200 - - [25/Jan/2020:05:28:50 +0100] "GET /taxonomy/term/51?page=1 HTTP/1.1" 200 - "-" "Mozilla/5.0 (compatible; DotBot/1.1; http://www.opensiteexplorer.org/dotbot, help@moz.com)"
66.249.64.104 - - [25/Jan/2020:05:33:56 +0100] "GET /files/szakmaiindokolas.doc HTTP/1.1" 304 - "-" "Mozilla/5.0 (Linux; Android 6.0.1; Nexus 5X Build/MMB29P) AppleWebKit/537.36 (KHTML, like Gecko) Chrome/41.0.2272.96 Mobile Safari/537.36 (compatible; Googlebot/2.1; +http://www.google.com/bot.html)"
66.249.64.108 - - [25/Jan/2020:05:35:22 +0100] "GET /files/erdo_tv_velemenyezesre.pdf HTTP/1.1" 304 - "-" "Mozilla/5.0 (Linux; Android 6.0.1; Nexus 5X Build/MMB29P) AppleWebKit/537.36 (KHTML, like Gecko) Chrome/41.0.2272.96 Mobile Safari/537.36 (compatible; Googlebot/2.1; +http://www.google.com/bot.html)"
66.249.64.104 - - [25/Jan/2020:05:43:43 +0100] "GET /files/ptk-normaszoveg-tervezet_20071029.pdf HTTP/1.1" 304 - "-" "Mozilla/5.0 (Linux; Android 6.0.1; Nexus 5X Build/MMB29P) AppleWebKit/537.36 (KHTML, like Gecko) Chrome/41.0.2272.96 Mobile Safari/537.36 (compatible; Googlebot/2.1; +http://www.google.com/bot.html)"
40.77.167.29 - - [25/Jan/2020:05:50:22 +0100] "GET /files/erdekkepviselettv.pdf HTTP/1.1" 200 1025422 "-" "Mozilla/5.0 (compatible; bingbot/2.0; +http://www.bing.com/bingbot.htm)"
64.225.30.173 - - [25/Jan/2020:06:11:13 +0100] "GET / HTTP/1.1" 200 - "-" "Mozilla/5.0 (Macintosh; Intel Mac OS X 10_10_5) AppleWebKit/537.36 (KHTML, like Gecko) Chrome/45.0.2454.101 Safari/537.36"
74.125.208.11 - - [25/Jan/2020:06:16:30 +0100] "GET /files/licenc_EUM_rend_100202.doc HTTP/1.1" 200 290816 "http://www.google.com/" "Mozilla/5.0 (Linux; Android 7.0; Redmi Note 4) AppleWebKit/537.36 (KHTML, like Gecko) Chrome/79.0.3945.136 Mobile Safari/537.36"
66.249.64.104 - - [25/Jan/2020:06:17:59 +0100] "GET /taxonomy/term/47?page=3 HTTP/1.1" 200 - "-" "Mozilla/5.0 (Linux; Android 6.0.1; Nexus 5X Build/MMB29P) AppleWebKit/537.36 (KHTML, like Gecko) Chrome/41.0.2272.96 Mobile Safari/537.36 (compatible; Googlebot/2.1; +http://www.google.com/bot.html)"
66.249.64.106 - - [25/Jan/2020:06:27:26 +0100] "GET /taxonomy/term/47?page=5 HTTP/1.1" 200 - "-" "Mozilla/5.0 (Linux; Android 6.0.1; Nexus 5X Build/MMB29P) AppleWebKit/537.36 (KHTML, like Gecko) Chrome/41.0.2272.96 Mobile Safari/537.36 (compatible; Googlebot/2.1; +http://www.google.com/bot.html)"
216.244.66.200 - - [25/Jan/2020:06:28:46 +0100] "GET /node?page=153 HTTP/1.1" 200 - "-" "Mozilla/5.0 (compatible; DotBot/1.1; http://www.opensiteexplorer.org/dotbot, help@moz.com)"
216.244.66.200 - - [25/Jan/2020:06:30:05 +0100] "GET /node/180 HTTP/1.1" 200 - "-" "Mozilla/5.0 (compatible; DotBot/1.1; http://www.opensiteexplorer.org/dotbot, help@moz.com)"
193.36.116.152 - - [25/Jan/2020:06:31:01 +0100] "GET /user/register HTTP/1.0" 200 - "https://www.google.com/" "Mozilla/5.0 (Macintosh; Intel Mac OS X 10.9; rv:62.0) Gecko/20100101 Firefox/62.0"
103.82.235.2 - - [25/Jan/2020:06:32:08 +0100] "GET /sites/all/modules/elfinder_library/elfinder-1.2/src/elfinder-src.php.html HTTP/1.1" 200 - "http://www.google.com/" "Mozilla/5.0 (Windows NT 6.1; Win64; x64) AppleWebKit/537.36 (KHTML, like Gecko) Chrome/56.0.2896.3 Safari/537.36"
103.82.235.2 - - [25/Jan/2020:06:32:08 +0100] "GET /sites/all/modules/elfinder_library/elfinder-1.2/elfinder.php.html HTTP/1.1" 200 - "http://www.google.com/" "Mozilla/5.0 (Windows NT 6.1; Win64; x64) AppleWebKit/537.36 (KHTML, like Gecko) Chrome/56.0.2896.3 Safari/537.36"
193.36.116.152 - - [25/Jan/2020:06:32:09 +0100] "GET /?q=user/register HTTP/1.0" 200 - "https://www.google.com/" "Mozilla/5.0 (Macintosh; Intel Mac OS X 10.9; rv:62.0) Gecko/20100101 Firefox/62.0"
216.244.66.200 - - [25/Jan/2020:06:32:47 +0100] "GET /taxonomy/term/70 HTTP/1.1" 200 - "-" "Mozilla/5.0 (compatible; DotBot/1.1; http://www.opensiteexplorer.org/dotbot, help@moz.com)"
216.244.66.200 - - [25/Jan/2020:06:35:28 +0100] "GET /node/358 HTTP/1.1" 200 - "-" "Mozilla/5.0 (compatible; DotBot/1.1; http://www.opensiteexplorer.org/dotbot, help@moz.com)"
216.244.66.200 - - [25/Jan/2020:06:37:49 +0100] "GET /node/751 HTTP/1.1" 200 - "-" "Mozilla/5.0 (compatible; DotBot/1.1; http://www.opensiteexplorer.org/dotbot, help@moz.com)"
66.249.64.108 - - [25/Jan/2020:06:44:21 +0100] "GET /files/ingatlan_nyilvantartas_tervezet_060524.pdf HTTP/1.1" 200 256545 "-" "Mozilla/5.0 (Linux; Android 6.0.1; Nexus 5X Build/MMB29P) AppleWebKit/537.36 (KHTML, like Gecko) Chrome/41.0.2272.96 Mobile Safari/537.36 (compatible; Googlebot/2.1; +http://www.google.com/bot.html)"
66.249.64.137 - - [25/Jan/2020:06:44:28 +0100] "GET /files/1594_11.pdf HTTP/1.1" 304 - "-" "Mozilla/5.0 (Linux; Android 6.0.1; Nexus 5X Build/MMB29P) AppleWebKit/537.36 (KHTML, like Gecko) Chrome/41.0.2272.96 Mobile Safari/537.36 (compatible; Googlebot/2.1; +http://www.google.com/bot.html)"
66.249.64.108 - - [25/Jan/2020:06:47:45 +0100] "GET /files/A_Digitalis_Atallas_Strategiaja.pdf HTTP/1.1" 304 - "-" "Mozilla/5.0 (Linux; Android 6.0.1; Nexus 5X Build/MMB29P) AppleWebKit/537.36 (KHTML, like Gecko) Chrome/41.0.2272.96 Mobile Safari/537.36 (compatible; Googlebot/2.1; +http://www.google.com/bot.html)"
66.249.64.108 - - [25/Jan/2020:06:55:50 +0100] "GET /taxonomy/term/47?page=2 HTTP/1.1" 200 - "-" "Mozilla/5.0 (Linux; Android 6.0.1; Nexus 5X Build/MMB29P) AppleWebKit/537.36 (KHTML, like Gecko) Chrome/41.0.2272.96 Mobile Safari/537.36 (compatible; Googlebot/2.1; +http://www.google.com/bot.html)"
66.249.64.108 - - [25/Jan/2020:07:04:12 +0100] "GET /files/2_sz_melleklet_061031.pdf HTTP/1.1" 304 - "-" "Mozilla/5.0 (Linux; Android 6.0.1; Nexus 5X Build/MMB29P) AppleWebKit/537.36 (KHTML, like Gecko) Chrome/41.0.2272.96 Mobile Safari/537.36 (compatible; Googlebot/2.1; +http://www.google.com/bot.html)"
66.249.64.104 - - [25/Jan/2020:07:05:18 +0100] "GET /taxonomy/term/47?page=7 HTTP/1.1" 200 - "-" "Mozilla/5.0 (Linux; Android 6.0.1; Nexus 5X Build/MMB29P) AppleWebKit/537.36 (KHTML, like Gecko) Chrome/41.0.2272.96 Mobile Safari/537.36 (compatible; Googlebot/2.1; +http://www.google.com/bot.html)"
23.100.232.233 - - [25/Jan/2020:07:13:29 +0100] "GET /files/iuszolg-eloterjesztes_kozigre.doc HTTP/1.1" 200 240019 "-" "Mozilla/5.0 (compatible; MSIE 9.0; Windows NT 6.1; Trident/5.0; Trident/5.0)"
66.249.64.104 - - [25/Jan/2020:07:14:47 +0100] "GET /taxonomy/term/47?page=6 HTTP/1.1" 200 - "-" "Mozilla/5.0 (Linux; Android 6.0.1; Nexus 5X Build/MMB29P) AppleWebKit/537.36 (KHTML, like Gecko) Chrome/41.0.2272.96 Mobile Safari/537.36 (compatible; Googlebot/2.1; +http://www.google.com/bot.html)"
23.100.232.233 - - [25/Jan/2020:07:15:17 +0100] "GET /files/hirk_epitm_eng_ell.doc HTTP/1.1" 200 145408 "-" "Mozilla/5.0 (compatible; MSIE 9.0; Windows NT 6.0; Trident/5.0; Trident/5.0)"
141.8.132.36 - - [25/Jan/2020:07:16:28 +0100] "GET /robots.txt HTTP/1.1" 200 1590 "-" "Mozilla/5.0 (compatible; YandexBot/3.0; +http://yandex.com/bots)"
5.255.253.13 - - [25/Jan/2020:07:17:03 +0100] "GET /drupal/node/672 HTTP/1.1" 200 - "-" "Mozilla/5.0 (compatible; YandexBot/3.0; +http://yandex.com/bots)"
178.154.171.90 - - [25/Jan/2020:07:17:35 +0100] "GET /drupal/node/672 HTTP/1.1" 200 - "-" "Mozilla/5.0 (compatible; YandexBot/3.0; +http://yandex.com/bots)"
141.8.183.57 - - [25/Jan/2020:07:18:07 +0100] "GET /drupal/node/672 HTTP/1.1" 200 - "-" "Mozilla/5.0 (compatible; YandexBot/3.0; +http://yandex.com/bots)"
66.249.64.108 - - [25/Jan/2020:07:24:14 +0100] "GET /taxonomy/term/47?page=4 HTTP/1.1" 200 - "-" "Mozilla/5.0 (Linux; Android 6.0.1; Nexus 5X Build/MMB29P) AppleWebKit/537.36 (KHTML, like Gecko) Chrome/41.0.2272.96 Mobile Safari/537.36 (compatible; Googlebot/2.1; +http://www.google.com/bot.html)"
188.6.195.147 - - [25/Jan/2020:07:25:19 +0100] "GET /files/cegbejegyzesi_eljaras_21_per_2006__02_12_fin.doc HTTP/1.1" 200 54272 "https://www.google.com/" "Mozilla/5.0 (Windows NT 6.3; Win64; x64) AppleWebKit/537.36 (KHTML, like Gecko) Chrome/79.0.3945.130 Safari/537.36"
23.100.232.233 - - [25/Jan/2020:07:26:46 +0100] "GET /files/T1297.doc HTTP/1.1" 200 244339 "-" "Mozilla/5.0 (compatible; MSIE 9.0; Windows NT 6.0; Trident/5.0; Trident/5.0)"
216.244.66.200 - - [25/Jan/2020:07:28:23 +0100] "GET /node?page=28 HTTP/1.1" 200 - "-" "Mozilla/5.0 (compatible; DotBot/1.1; http://www.opensiteexplorer.org/dotbot, help@moz.com)"
216.244.66.200 - - [25/Jan/2020:07:29:50 +0100] "GET /taxonomy/term/21?page=55 HTTP/1.1" 200 - "-" "Mozilla/5.0 (compatible; DotBot/1.1; http://www.opensiteexplorer.org/dotbot, help@moz.com)"
216.244.66.200 - - [25/Jan/2020:07:32:11 +0100] "GET /taxonomy/term/1?page=5 HTTP/1.1" 200 - "-" "Mozilla/5.0 (compatible; DotBot/1.1; http://www.opensiteexplorer.org/dotbot, help@moz.com)"
216.244.66.200 - - [25/Jan/2020:07:34:47 +0100] "GET /node/1164 HTTP/1.1" 200 - "-" "Mozilla/5.0 (compatible; DotBot/1.1; http://www.opensiteexplorer.org/dotbot, help@moz.com)"
209.133.111.211 - - [25/Jan/2020:07:35:35 +0100] "GET /robots.txt HTTP/1.1" 200 1590 "-" "rogerbot/1.0 (http://www.moz.com/dp/rogerbot, rogerbot-crawler@moz.com)"
209.133.111.211 - - [25/Jan/2020:07:36:06 +0100] "GET /node/feed HTTP/1.1" 200 - "-" "rogerbot/1.0 (http://www.moz.com/dp/rogerbot, rogerbot-crawler@moz.com)"
66.249.64.104 - - [25/Jan/2020:07:36:29 +0100] "GET /files/orszszi_terv_070530.pdf HTTP/1.1" 304 - "-" "Mozilla/5.0 (Linux; Android 6.0.1; Nexus 5X Build/MMB29P) AppleWebKit/537.36 (KHTML, like Gecko) Chrome/41.0.2272.96 Mobile Safari/537.36 (compatible; Googlebot/2.1; +http://www.google.com/bot.html)"
216.244.66.200 - - [25/Jan/2020:07:37:07 +0100] "GET /node/2541 HTTP/1.1" 200 - "-" "Mozilla/5.0 (compatible; DotBot/1.1; http://www.opensiteexplorer.org/dotbot, help@moz.com)"
66.249.64.106 - - [25/Jan/2020:07:38:38 +0100] "GET /files/elemiszerkonyv122007.pdf HTTP/1.1" 304 - "-" "Mozilla/5.0 (Linux; Android 6.0.1; Nexus 5X Build/MMB29P) AppleWebKit/537.36 (KHTML, like Gecko) Chrome/41.0.2272.96 Mobile Safari/537.36 (compatible; Googlebot/2.1; +http://www.google.com/bot.html)"
216.244.66.200 - - [25/Jan/2020:07:39:28 +0100] "GET /node/31 HTTP/1.1" 200 - "-" "Mozilla/5.0 (compatible; DotBot/1.1; http://www.opensiteexplorer.org/dotbot, help@moz.com)"
66.249.64.108 - - [25/Jan/2020:07:44:33 +0100] "GET /files/nka_vhr_071206.pdf HTTP/1.1" 200 140355 "-" "Mozilla/5.0 (Linux; Android 6.0.1; Nexus 5X Build/MMB29P) AppleWebKit/537.36 (KHTML, like Gecko) Chrome/41.0.2272.96 Mobile Safari/537.36 (compatible; Googlebot/2.1; +http://www.google.com/bot.html)"
66.249.64.104 - - [25/Jan/2020:07:44:59 +0100] "GET /files/KHEM_3058_14.doc HTTP/1.1" 304 - "-" "Mozilla/5.0 (Linux; Android 6.0.1; Nexus 5X Build/MMB29P) AppleWebKit/537.36 (KHTML, like Gecko) Chrome/41.0.2272.96 Mobile Safari/537.36 (compatible; Googlebot/2.1; +http://www.google.com/bot.html)"
66.249.64.108 - - [25/Jan/2020:07:54:34 +0100] "GET /files/legi1mell0920.pdf HTTP/1.1" 200 134589 "-" "Mozilla/5.0 (Linux; Android 6.0.1; Nexus 5X Build/MMB29P) AppleWebKit/537.36 (KHTML, like Gecko) Chrome/41.0.2272.96 Mobile Safari/537.36 (compatible; Googlebot/2.1; +http://www.google.com/bot.html)"
209.208.78.177 - - [25/Jan/2020:07:54:45 +0100] "GET / HTTP/1.1" 200 - "-" "Mozilla/5.0 (Macintosh; Intel Mac OS X 10_10_5) AppleWebKit/537.36 (KHTML, like Gecko) Chrome/45.0.2454.101 Safari/537.36"
66.249.64.106 - - [25/Jan/2020:07:59:25 +0100] "GET /files/termofold_igenybevetel_eloterjesztes.pdf HTTP/1.1" 304 - "-" "Mozilla/5.0 (Linux; Android 6.0.1; Nexus 5X Build/MMB29P) AppleWebKit/537.36 (KHTML, like Gecko) Chrome/41.0.2272.96 Mobile Safari/537.36 (compatible; Googlebot/2.1; +http://www.google.com/bot.html)"
216.244.66.200 - - [25/Jan/2020:08:04:13 +0100] "GET /node/115 HTTP/1.1" 200 - "-" "Mozilla/5.0 (compatible; DotBot/1.1; http://www.opensiteexplorer.org/dotbot, help@moz.com)"
66.249.64.108 - - [25/Jan/2020:08:04:30 +0100] "GET /files/norma_0317_kozigre.doc HTTP/1.1" 200 337920 "-" "Mozilla/5.0 (Linux; Android 6.0.1; Nexus 5X Build/MMB29P) AppleWebKit/537.36 (KHTML, like Gecko) Chrome/41.0.2272.96 Mobile Safari/537.36 (compatible; Googlebot/2.1; +http://www.google.com/bot.html)"
216.244.66.200 - - [25/Jan/2020:08:05:06 +0100] "GET /node?page=158 HTTP/1.1" 200 - "-" "Mozilla/5.0 (compatible; DotBot/1.1; http://www.opensiteexplorer.org/dotbot, help@moz.com)"
66.249.64.104 - - [25/Jan/2020:08:06:13 +0100] "GET /files/brfk_fbi_bfb_tiszt_lakascelu_terv_09.03.09.doc HTTP/1.1" 200 53248 "-" "Mozilla/5.0 (Linux; Android 6.0.1; Nexus 5X Build/MMB29P) AppleWebKit/537.36 (KHTML, like Gecko) Chrome/41.0.2272.96 Mobile Safari/537.36 (compatible; Googlebot/2.1; +http://www.google.com/bot.html)"
216.244.66.200 - - [25/Jan/2020:08:07:27 +0100] "GET /node?page=162 HTTP/1.1" 200 - "-" "Mozilla/5.0 (compatible; DotBot/1.1; http://www.opensiteexplorer.org/dotbot, help@moz.com)"
216.244.66.200 - - [25/Jan/2020:08:09:48 +0100] "GET /taxonomy/term/36?page=6 HTTP/1.1" 200 - "-" "Mozilla/5.0 (compatible; DotBot/1.1; http://www.opensiteexplorer.org/dotbot, help@moz.com)"
23.100.232.233 - - [25/Jan/2020:08:17:23 +0100] "GET /files/14per2007%20rendelet%20tervezet.doc HTTP/1.1" 200 144384 "-" "Mozilla/5.0 (compatible; MSIE 9.0; Windows NT 6.1; Trident/5.0; Trident/5.0)"
66.249.64.137 - - [25/Jan/2020:08:26:27 +0100] "GET /files/tervezet_szocialis_juttatas.pdf HTTP/1.1" 304 - "-" "Mozilla/5.0 (Linux; Android 6.0.1; Nexus 5X Build/MMB29P) AppleWebKit/537.36 (KHTML, like Gecko) Chrome/41.0.2272.96 Mobile Safari/537.36 (compatible; Googlebot/2.1; +http://www.google.com/bot.html)"
66.249.64.108 - - [25/Jan/2020:08:34:44 +0100] "GET /files/23617_6.pdf HTTP/1.1" 304 - "-" "Mozilla/5.0 (Linux; Android 6.0.1; Nexus 5X Build/MMB29P) AppleWebKit/537.36 (KHTML, like Gecko) Chrome/41.0.2272.96 Mobile Safari/537.36 (compatible; Googlebot/2.1; +http://www.google.com/bot.html)"
66.249.64.106 - - [25/Jan/2020:08:38:21 +0100] "GET /files/alapf_muv_okt_kovet_060414.pdf HTTP/1.1" 304 - "-" "Mozilla/5.0 (Linux; Android 6.0.1; Nexus 5X Build/MMB29P) AppleWebKit/537.36 (KHTML, like Gecko) Chrome/41.0.2272.96 Mobile Safari/537.36 (compatible; Googlebot/2.1; +http://www.google.com/bot.html)"
66.249.64.139 - - [25/Jan/2020:08:44:16 +0100] "GET /drupal/files/ptk.csaladjog_0.pdf HTTP/1.1" 200 - "-" "Googlebot/2.1 (+http://www.google.com/bot.html)"
216.244.66.200 - - [25/Jan/2020:08:50:41 +0100] "GET /node?page=12 HTTP/1.1" 200 - "-" "Mozilla/5.0 (compatible; DotBot/1.1; http://www.opensiteexplorer.org/dotbot, help@moz.com)"
66.249.64.141 - - [25/Jan/2020:08:51:21 +0100] "GET /files/ptk.csaladjog_0.pdf HTTP/1.1" 304 - "-" "Mozilla/5.0 (Linux; Android 6.0.1; Nexus 5X Build/MMB29P) AppleWebKit/537.36 (KHTML, like Gecko) Chrome/41.0.2272.96 Mobile Safari/537.36 (compatible; Googlebot/2.1; +http://www.google.com/bot.html)"
54.36.149.5 - - [25/Jan/2020:08:56:36 +0100] "GET /moodle/calendar/view.php/?loan=5 HTTP/1.1" 200 - "-" "Mozilla/5.0 (compatible; AhrefsBot/6.1; +http://ahrefs.com/robot/)"
216.244.66.200 - - [25/Jan/2020:08:57:53 +0100] "GET /node/385 HTTP/1.1" 200 - "-" "Mozilla/5.0 (compatible; DotBot/1.1; http://www.opensiteexplorer.org/dotbot, help@moz.com)"
66.249.64.139 - - [25/Jan/2020:09:03:59 +0100] "GET /drupal/files/ptk.dologi_jog.pdf HTTP/1.1" 200 - "-" "Googlebot/2.1 (+http://www.google.com/bot.html)"
185.220.101.73 - - [25/Jan/2020:09:04:53 +0100] "GET /comment/reply/2619/ HTTP/1.0" 200 - "http://jogalkotas.hu/comment/reply/2619/" "Mozilla/5.0 (Windows NT 6.1; Win64; x64) AppleWebKit/537.36 (KHTML, like Gecko) Chrome/67.0.3396.79 Safari/537.36"
195.176.3.24 - - [25/Jan/2020:09:05:25 +0100] "GET /comment/reply/2619/ HTTP/1.0" 200 - "http://jogalkotas.hu/comment/reply/2619/" "Mozilla/5.0 (Windows NT 6.1; Win64; x64) AppleWebKit/537.36 (KHTML, like Gecko) Chrome/67.0.3396.79 Safari/537.36"
94.230.208.147 - - [25/Jan/2020:09:06:17 +0100] "GET /comment/reply/2619/ HTTP/1.0" 200 - "http://jogalkotas.hu/comment/reply/2619/" "Mozilla/5.0 (Windows NT 6.1; Win64; x64) AppleWebKit/537.36 (KHTML, like Gecko) Chrome/67.0.3396.79 Safari/537.36"
162.247.74.202 - - [25/Jan/2020:09:06:49 +0100] "GET /comment/reply/2619/ HTTP/1.0" 200 - "http://jogalkotas.hu/comment/reply/2619/" "Mozilla/5.0 (Windows NT 6.1; Win64; x64) AppleWebKit/537.36 (KHTML, like Gecko) Chrome/67.0.3396.79 Safari/537.36"
195.176.3.24 - - [25/Jan/2020:09:07:21 +0100] "GET / HTTP/1.0" 200 - "http://jogalkotas.hu/" "Mozilla/5.0 (Windows NT 6.1; Win64; x64) AppleWebKit/537.36 (KHTML, like Gecko) Chrome/67.0.3396.79 Safari/537.36"
66.249.64.137 - - [25/Jan/2020:09:20:08 +0100] "GET /files/hmrendelet_tervezet_honvedsegi_jarmuvek_fenntartasa.doc HTTP/1.1" 304 - "-" "Mozilla/5.0 (Linux; Android 6.0.1; Nexus 5X Build/MMB29P) AppleWebKit/537.36 (KHTML, like Gecko) Chrome/41.0.2272.96 Mobile Safari/537.36 (compatible; Googlebot/2.1; +http://www.google.com/bot.html)"
216.244.66.200 - - [25/Jan/2020:09:22:02 +0100] "GET /taxonomy/term/50/0/feed HTTP/1.1" 200 - "-" "Mozilla/5.0 (compatible; DotBot/1.1; http://www.opensiteexplorer.org/dotbot, help@moz.com)"
104.36.17.176 - - [25/Jan/2020:09:22:31 +0100] "GET / HTTP/1.1" 200 - "-" "Mozilla/5.0 (Macintosh; Intel Mac OS X 10_10_5) AppleWebKit/537.36 (KHTML, like Gecko) Chrome/45.0.2454.101 Safari/537.36"
66.249.64.108 - - [25/Jan/2020:09:26:54 +0100] "GET /files/NFGM2005.pdf HTTP/1.1" 304 - "-" "Mozilla/5.0 (Linux; Android 6.0.1; Nexus 5X Build/MMB29P) AppleWebKit/537.36 (KHTML, like Gecko) Chrome/41.0.2272.96 Mobile Safari/537.36 (compatible; Googlebot/2.1; +http://www.google.com/bot.html)"
