37.229.204.155 - - [01/Jun/2020:19:12:14 +0200] "GET /comment/reply/2619/ HTTP/1.0" 200 - "http://jogalkotas.hu/comment/reply/2619/" "Mozilla/5.0 (Windows NT 10.0; Win64; x64) AppleWebKit/537.36 (KHTML, like Gecko) Chrome/66.0.3359.170 Safari/537.36 OPR/53.0.2907.68"
216.244.66.200 - - [01/Jun/2020:19:12:30 +0200] "GET /files/14per2007_eum_rend_mod.doc HTTP/1.1" 200 293376 "-" "Mozilla/5.0 (compatible; DotBot/1.1; http://www.opensiteexplorer.org/dotbot, help@moz.com)"
37.229.204.155 - - [01/Jun/2020:19:12:34 +0200] "GET / HTTP/1.0" 200 - "http://jogalkotas.hu/" "Mozilla/5.0 (Windows NT 10.0; Win64; x64) AppleWebKit/537.36 (KHTML, like Gecko) Chrome/66.0.3359.170 Safari/537.36 OPR/53.0.2907.68"
216.244.66.200 - - [01/Jun/2020:19:13:00 +0200] "GET /files/22_2004_fmm_om_rendelet.pdf HTTP/1.1" 200 177009 "-" "Mozilla/5.0 (compatible; DotBot/1.1; http://www.opensiteexplorer.org/dotbot, help@moz.com)"
216.244.66.200 - - [01/Jun/2020:19:13:24 +0200] "GET /files/41per2000_EuM_KoM_rend_mod.doc HTTP/1.1" 200 39424 "-" "Mozilla/5.0 (compatible; DotBot/1.1; http://www.opensiteexplorer.org/dotbot, help@moz.com)"
216.244.66.200 - - [01/Jun/2020:19:13:48 +0200] "GET /files/Varpalota_tervezet.doc HTTP/1.1" 200 59392 "-" "Mozilla/5.0 (compatible; DotBot/1.1; http://www.opensiteexplorer.org/dotbot, help@moz.com)"
216.244.66.200 - - [01/Jun/2020:19:14:14 +0200] "GET /files/egysz_fogl_terv_090512.pdf HTTP/1.1" 200 336516 "-" "Mozilla/5.0 (compatible; DotBot/1.1; http://www.opensiteexplorer.org/dotbot, help@moz.com)"
216.244.66.200 - - [01/Jun/2020:19:14:45 +0200] "GET /files/norma_09_11.doc HTTP/1.1" 200 1317888 "-" "Mozilla/5.0 (compatible; DotBot/1.1; http://www.opensiteexplorer.org/dotbot, help@moz.com)"
216.244.66.200 - - [01/Jun/2020:19:15:19 +0200] "GET /files/1220_KAR_adatlapok_2006_12_08.doc HTTP/1.1" 200 311808 "-" "Mozilla/5.0 (compatible; DotBot/1.1; http://www.opensiteexplorer.org/dotbot, help@moz.com)"
216.244.66.200 - - [01/Jun/2020:19:16:10 +0200] "GET /files/14per2007_eum_rend_mod_081201.doc HTTP/1.1" 200 2261367 "-" "Mozilla/5.0 (compatible; DotBot/1.1; http://www.opensiteexplorer.org/dotbot, help@moz.com)"
216.244.66.200 - - [01/Jun/2020:19:16:42 +0200] "GET /files/_a9i178srqk1mm6sskddlmarjkg9pg_.pdf HTTP/1.1" 200 148867 "-" "Mozilla/5.0 (compatible; DotBot/1.1; http://www.opensiteexplorer.org/dotbot, help@moz.com)"
66.249.65.227 - - [01/Jun/2020:19:17:07 +0200] "GET /files/5.mell.(R.11.mell.).doc HTTP/1.1" 200 31232 "-" "Mozilla/5.0 (Linux; Android 6.0.1; Nexus 5X Build/MMB29P) AppleWebKit/537.36 (KHTML, like Gecko) Chrome/80.0.3987.92 Mobile Safari/537.36 (compatible; Googlebot/2.1; +http://www.google.com/bot.html)"
216.244.66.200 - - [01/Jun/2020:19:17:13 +0200] "GET /files/szakszo_legiforgalmi_iranyito_5mell.pdf HTTP/1.1" 200 113154 "-" "Mozilla/5.0 (compatible; DotBot/1.1; http://www.opensiteexplorer.org/dotbot, help@moz.com)"
216.244.66.200 - - [01/Jun/2020:19:17:42 +0200] "GET /files/torvenyjavaslat_szlovak_hatarokmanyok.doc HTTP/1.1" 200 62464 "-" "Mozilla/5.0 (compatible; DotBot/1.1; http://www.opensiteexplorer.org/dotbot, help@moz.com)"
66.249.65.225 - - [01/Jun/2020:19:31:18 +0200] "GET /files/ptk.csaladjog.pdf HTTP/1.1" 200 429444 "-" "Mozilla/5.0 (compatible; Googlebot/2.1; +http://www.google.com/bot.html)"
66.249.65.225 - - [01/Jun/2020:19:34:25 +0200] "GET /files/eg_birsag_Korm_rend_terv_100208.doc HTTP/1.1" 200 42496 "-" "Mozilla/5.0 (Linux; Android 6.0.1; Nexus 5X Build/MMB29P) AppleWebKit/537.36 (KHTML, like Gecko) Chrome/80.0.3987.92 Mobile Safari/537.36 (compatible; Googlebot/2.1; +http://www.google.com/bot.html)"
213.180.203.189 - - [01/Jun/2020:19:43:17 +0200] "GET /robots.txt HTTP/1.1" 200 1590 "-" "Mozilla/5.0 (compatible; YandexBot/3.0; +http://yandex.com/bots)"
213.180.203.189 - - [01/Jun/2020:19:43:52 +0200] "GET / HTTP/1.1" 200 - "-" "Mozilla/5.0 (compatible; YandexBot/3.0; +http://yandex.com/bots)"
213.180.203.189 - - [01/Jun/2020:19:44:24 +0200] "GET / HTTP/1.1" 200 - "-" "Mozilla/5.0 (compatible; YandexBot/3.0; +http://yandex.com/bots)"
178.154.200.224 - - [01/Jun/2020:19:44:56 +0200] "GET / HTTP/1.1" 200 - "-" "Mozilla/5.0 (compatible; YandexBot/3.0; +http://yandex.com/bots)"
178.154.200.192 - - [01/Jun/2020:19:45:34 +0200] "GET / HTTP/1.1" 200 - "-" "Mozilla/5.0 (compatible; YandexBot/3.0; +http://yandex.com/bots)"
178.154.200.192 - - [01/Jun/2020:19:45:47 +0200] "GET / HTTP/1.1" 200 - "-" "Mozilla/5.0 (compatible; YandexBot/3.0; +http://yandex.com/bots)"
213.180.203.71 - - [01/Jun/2020:19:46:19 +0200] "GET / HTTP/1.1" 200 - "-" "Mozilla/5.0 (compatible; YandexBot/3.0; +http://yandex.com/bots)"
213.180.203.158 - - [01/Jun/2020:19:48:28 +0200] "GET / HTTP/1.1" 200 - "-" "Mozilla/5.0 (compatible; YandexBot/3.0; +http://yandex.com/bots)"
178.154.200.24 - - [01/Jun/2020:19:49:00 +0200] "GET / HTTP/1.1" 200 - "-" "Mozilla/5.0 (compatible; YandexBot/3.0; +http://yandex.com/bots)"
178.154.200.112 - - [01/Jun/2020:19:49:32 +0200] "GET / HTTP/1.1" 200 - "-" "Mozilla/5.0 (compatible; YandexBot/3.0; +http://yandex.com/bots)"
213.180.203.23 - - [01/Jun/2020:19:50:04 +0200] "GET / HTTP/1.1" 200 - "-" "Mozilla/5.0 (compatible; YandexBot/3.0; +http://yandex.com/bots)"
178.154.200.66 - - [01/Jun/2020:19:50:36 +0200] "GET / HTTP/1.1" 200 - "-" "Mozilla/5.0 (compatible; YandexBot/3.0; +http://yandex.com/bots)"
213.180.203.121 - - [01/Jun/2020:19:51:08 +0200] "GET / HTTP/1.1" 200 - "-" "Mozilla/5.0 (compatible; YandexBot/3.0; +http://yandex.com/bots)"
178.154.200.102 - - [01/Jun/2020:19:51:40 +0200] "GET / HTTP/1.1" 200 - "-" "Mozilla/5.0 (compatible; YandexBot/3.0; +http://yandex.com/bots)"
178.154.200.201 - - [01/Jun/2020:19:52:12 +0200] "GET / HTTP/1.1" 200 - "-" "Mozilla/5.0 (compatible; YandexBot/3.0; +http://yandex.com/bots)"
213.180.203.66 - - [01/Jun/2020:19:52:44 +0200] "GET / HTTP/1.1" 200 - "-" "Mozilla/5.0 (compatible; YandexBot/3.0; +http://yandex.com/bots)"
178.154.200.224 - - [01/Jun/2020:19:53:42 +0200] "GET / HTTP/1.1" 200 - "-" "Mozilla/5.0 (compatible; YandexBot/3.0; +http://yandex.com/bots)"
213.180.203.53 - - [01/Jun/2020:19:54:14 +0200] "GET / HTTP/1.1" 200 - "-" "Mozilla/5.0 (compatible; YandexBot/3.0; +http://yandex.com/bots)"
213.180.203.53 - - [01/Jun/2020:19:54:47 +0200] "GET / HTTP/1.1" 200 - "-" "Mozilla/5.0 (compatible; YandexBot/3.0; +http://yandex.com/bots)"
213.180.203.189 - - [01/Jun/2020:19:55:19 +0200] "GET / HTTP/1.1" 200 - "-" "Mozilla/5.0 (compatible; YandexBot/3.0; +http://yandex.com/bots)"
178.154.200.39 - - [01/Jun/2020:19:55:51 +0200] "GET / HTTP/1.1" 200 - "-" "Mozilla/5.0 (compatible; YandexBot/3.0; +http://yandex.com/bots)"
213.180.203.71 - - [01/Jun/2020:19:56:24 +0200] "GET / HTTP/1.1" 200 - "-" "Mozilla/5.0 (compatible; YandexBot/3.0; +http://yandex.com/bots)"
23.100.232.233 - - [01/Jun/2020:20:03:09 +0200] "GET /files/8330-6.doc HTTP/1.1" 200 244337 "-" "Mozilla/5.0 (compatible; MSIE 9.0; Windows NT 6.0; Trident/5.0; Trident/5.0)"
79.113.3.230 - - [01/Jun/2020:20:06:28 +0200] "GET /favicon.ico HTTP/1.1" 404 57 "-" "Mozilla/5.0 (Windows NT 10.0; Win64; x64; rv:76.0) Gecko/20100101 Firefox/76.0"
79.113.3.230 - - [01/Jun/2020:20:06:28 +0200] "GET /files/NFGM3656.pdf HTTP/1.1" 206 65536 "https://www.google.com/" "Mozilla/5.0 (Windows NT 10.0; Win64; x64; rv:76.0) Gecko/20100101 Firefox/76.0"
79.113.3.230 - - [01/Jun/2020:20:06:28 +0200] "GET /files/NFGM3656.pdf HTTP/1.1" 200 154520 "https://www.google.com/" "Mozilla/5.0 (Windows NT 10.0; Win64; x64; rv:76.0) Gecko/20100101 Firefox/76.0"
79.113.3.230 - - [01/Jun/2020:20:06:28 +0200] "GET /files/NFGM3656.pdf HTTP/1.1" 206 23448 "https://www.google.com/" "Mozilla/5.0 (Windows NT 10.0; Win64; x64; rv:76.0) Gecko/20100101 Firefox/76.0"
213.180.203.189 - - [01/Jun/2020:20:08:44 +0200] "GET /robots.txt HTTP/1.1" 200 1590 "-" "Mozilla/5.0 (compatible; YandexBot/3.0; +http://yandex.com/bots)"
213.180.203.189 - - [01/Jun/2020:20:08:48 +0200] "GET /favicon.ico HTTP/1.1" 404 57 "-" "Mozilla/5.0 (compatible; YandexBot/3.0; +http://yandex.com/bots)"
40.77.167.138 - - [01/Jun/2020:20:10:52 +0200] "GET /node/2442 HTTP/1.1" 200 - "-" "Mozilla/5.0 (compatible; bingbot/2.0; +http://www.bing.com/bingbot.htm)"
66.249.65.225 - - [01/Jun/2020:20:14:17 +0200] "GET /files/2006.%20I.%20IM%20munkaterv.doc HTTP/1.1" 200 115200 "-" "Mozilla/5.0 (Linux; Android 6.0.1; Nexus 5X Build/MMB29P) AppleWebKit/537.36 (KHTML, like Gecko) Chrome/80.0.3987.92 Mobile Safari/537.36 (compatible; Googlebot/2.1; +http://www.google.com/bot.html)"
220.79.34.109 - - [01/Jun/2020:20:28:11 +0200] "GET /comment/reply/2619/ HTTP/1.0" 200 - "http://jogalkotas.hu/comment/reply/2619/" "Mozilla/5.0 (Windows NT 10.0; Win64; x64) AppleWebKit/537.36 (KHTML, like Gecko) Chrome/67.0.3396.87 Safari/537.36 OPR/54.0.2952.71"
110.49.101.58 - - [01/Jun/2020:20:28:44 +0200] "GET /comment/reply/2619/ HTTP/1.0" 200 - "http://jogalkotas.hu/comment/reply/2619/" "Mozilla/5.0 (Windows NT 10.0; Win64; x64) AppleWebKit/537.36 (KHTML, like Gecko) Chrome/67.0.3396.87 Safari/537.36 OPR/54.0.2952.71"
174.76.35.7 - - [01/Jun/2020:20:29:30 +0200] "GET /comment/reply/2619/ HTTP/1.0" 200 - "http://jogalkotas.hu/comment/reply/2619/" "Mozilla/5.0 (Windows NT 10.0; Win64; x64) AppleWebKit/537.36 (KHTML, like Gecko) Chrome/67.0.3396.87 Safari/537.36 OPR/54.0.2952.71"
209.133.111.211 - - [01/Jun/2020:20:29:40 +0200] "GET /robots.txt HTTP/1.1" 200 1590 "-" "rogerbot/1.0 (http://www.moz.com/dp/rogerbot, rogerbot-crawler@moz.com)"
112.16.5.62 - - [01/Jun/2020:20:30:03 +0200] "GET /comment/reply/2619/ HTTP/1.0" 200 - "http://jogalkotas.hu/comment/reply/2619/" "Mozilla/5.0 (Windows NT 10.0; Win64; x64) AppleWebKit/537.36 (KHTML, like Gecko) Chrome/67.0.3396.87 Safari/537.36 OPR/54.0.2952.71"
209.133.111.211 - - [01/Jun/2020:20:30:12 +0200] "GET /node/feed HTTP/1.1" 200 - "-" "rogerbot/1.0 (http://www.moz.com/dp/rogerbot, rogerbot-crawler@moz.com)"
178.154.200.224 - - [01/Jun/2020:20:30:15 +0200] "GET / HTTP/1.1" 200 - "-" "Mozilla/5.0 (compatible; YandexBot/3.0; +http://yandex.com/bots)"
112.16.5.62 - - [01/Jun/2020:20:30:36 +0200] "GET / HTTP/1.0" 200 - "http://jogalkotas.hu/" "Mozilla/5.0 (Windows NT 10.0; Win64; x64) AppleWebKit/537.36 (KHTML, like Gecko) Chrome/67.0.3396.87 Safari/537.36 OPR/54.0.2952.71"
213.180.203.53 - - [01/Jun/2020:20:30:47 +0200] "GET / HTTP/1.1" 200 - "-" "Mozilla/5.0 (compatible; YandexBot/3.0; +http://yandex.com/bots)"
40.77.167.133 - - [01/Jun/2020:20:31:14 +0200] "GET /node/326 HTTP/1.1" 200 - "-" "Mozilla/5.0 (compatible; bingbot/2.0; +http://www.bing.com/bingbot.htm)"
178.154.200.142 - - [01/Jun/2020:20:31:19 +0200] "GET / HTTP/1.1" 200 - "-" "Mozilla/5.0 (compatible; YandexBot/3.0; +http://yandex.com/bots)"
40.77.167.172 - - [01/Jun/2020:20:36:44 +0200] "GET / HTTP/1.1" 200 - "-" "Mozilla/5.0 (compatible; bingbot/2.0; +http://www.bing.com/bingbot.htm)"
66.249.73.83 - - [01/Jun/2020:20:51:52 +0200] "GET /files/dijrend20060503.doc HTTP/1.1" 200 28160 "-" "Mozilla/5.0 (Linux; Android 6.0.1; Nexus 5X Build/MMB29P) AppleWebKit/537.36 (KHTML, like Gecko) Chrome/80.0.3987.92 Mobile Safari/537.36 (compatible; Googlebot/2.1; +http://www.google.com/bot.html)"
66.249.65.253 - - [01/Jun/2020:20:54:17 +0200] "GET /files/fontos_es_bizalmas_munkakorok_060913.pdf HTTP/1.1" 200 114801 "-" "Mozilla/5.0 (Linux; Android 6.0.1; Nexus 5X Build/MMB29P) AppleWebKit/537.36 (KHTML, like Gecko) Chrome/80.0.3987.92 Mobile Safari/537.36 (compatible; Googlebot/2.1; +http://www.google.com/bot.html)"
66.249.65.225 - - [01/Jun/2020:20:59:10 +0200] "GET /files/2_1999_ism_rendelet_terv_071121.pdf HTTP/1.1" 200 164734 "-" "Googlebot/2.1 (+http://www.google.com/bot.html)"
23.237.4.26 - - [01/Jun/2020:21:01:15 +0200] "GET / HTTP/1.0" 200 - "-" "Mozilla/5.0 (compatible; AlphaBot/3.2; +http://alphaseobot.com/bot.html)"
23.237.4.26 - - [01/Jun/2020:21:01:37 +0200] "GET / HTTP/1.0" 200 - "-" "Mozilla/5.0 (compatible; AlphaBot/3.2; +http://alphaseobot.com/bot.html)"
23.237.4.26 - - [01/Jun/2020:21:01:50 +0200] "GET / HTTP/1.0" 200 - "-" "Mozilla/5.0 (compatible; AlphaBot/3.2; +http://alphaseobot.com/bot.html)"
23.237.4.26 - - [01/Jun/2020:21:02:01 +0200] "GET / HTTP/1.0" 200 - "-" "Mozilla/5.0 (compatible; AlphaBot/3.2; +http://alphaseobot.com/bot.html)"
23.237.4.26 - - [01/Jun/2020:21:02:11 +0200] "GET / HTTP/1.0" 200 - "-" "Mozilla/5.0 (compatible; AlphaBot/3.2; +http://alphaseobot.com/bot.html)"
23.237.4.26 - - [01/Jun/2020:21:02:22 +0200] "GET / HTTP/1.0" 200 - "-" "Mozilla/5.0 (compatible; AlphaBot/3.2; +http://alphaseobot.com/bot.html)"
66.249.65.225 - - [01/Jun/2020:21:10:48 +0200] "GET /files/alapf_muv_okt_kovet_060414.pdf HTTP/1.1" 304 - "-" "Mozilla/5.0 (Linux; Android 6.0.1; Nexus 5X Build/MMB29P) AppleWebKit/537.36 (KHTML, like Gecko) Chrome/80.0.3987.92 Mobile Safari/537.36 (compatible; Googlebot/2.1; +http://www.google.com/bot.html)"
66.249.65.225 - - [01/Jun/2020:21:13:54 +0200] "GET /moodle/calendar/view.php?loan=16 HTTP/1.1" 200 - "-" "Mozilla/5.0 (Linux; Android 6.0.1; Nexus 5X Build/MMB29P) AppleWebKit/537.36 (KHTML, like Gecko) Chrome/80.0.3987.92 Mobile Safari/537.36 (compatible; Googlebot/2.1; +http://www.google.com/bot.html)"
23.100.232.233 - - [01/Jun/2020:21:21:18 +0200] "GET /files/birosagi_vh-rendeletek.doc HTTP/1.1" 200 111616 "-" "Mozilla/5.0 (compatible; MSIE 9.0; Windows NT 6.1; Trident/5.0; Trident/5.0)"
40.77.167.138 - - [01/Jun/2020:21:24:27 +0200] "GET /files/$File/fu_k_meg.pdf HTTP/1.1" 200 - "-" "Mozilla/5.0 (compatible; bingbot/2.0; +http://www.bing.com/bingbot.htm)"
114.119.160.151 - - [01/Jun/2020:21:28:13 +0200] "GET /robots.txt HTTP/1.1" 200 1590 "-" "Mozilla/5.0 (Linux; Android 7.0;) AppleWebKit/537.36 (KHTML, like Gecko) Mobile Safari/537.36 (compatible; PetalBot;+https://aspiegel.com/petalbot)"
40.77.167.172 - - [01/Jun/2020:21:32:17 +0200] "GET /node/1320 HTTP/1.1" 200 - "-" "Mozilla/5.0 (compatible; bingbot/2.0; +http://www.bing.com/bingbot.htm)"
66.249.65.253 - - [01/Jun/2020:21:48:42 +0200] "GET /files/ajfo_1040_bnytv_kijelolo_honlap.doc HTTP/1.1" 200 43520 "-" "Mozilla/5.0 (Linux; Android 6.0.1; Nexus 5X Build/MMB29P) AppleWebKit/537.36 (KHTML, like Gecko) Chrome/80.0.3987.92 Mobile Safari/537.36 (compatible; Googlebot/2.1; +http://www.google.com/bot.html)"
23.100.232.233 - - [01/Jun/2020:22:03:36 +0200] "GET /files/8330-6.doc HTTP/1.1" 200 244337 "-" "Mozilla/5.0 (compatible; MSIE 9.0; Windows NT 6.0; Trident/5.0; Trident/5.0)"
23.100.232.233 - - [01/Jun/2020:22:05:00 +0200] "GET /files/birosagi_vh-rendeletek.doc HTTP/1.1" 200 111616 "-" "Mozilla/5.0 (compatible; MSIE 9.0; Windows NT 6.0; Trident/5.0; Trident/5.0)"
78.46.94.83 - - [01/Jun/2020:22:12:44 +0200] "GET /files/NFGM6063.pdf HTTP/1.1" 200 220042 "-" "Mozilla/5.0 (X11; Linux x86_64; rv:52.0) Gecko/20100101 Firefox/52.0"
88.198.36.62 - - [01/Jun/2020:22:12:49 +0200] "GET /files/NFGM9629.pdf HTTP/1.1" 200 226248 "-" "Mozilla/5.0 (Windows NT 10.0; Win64; x64; rv:57.0) Gecko/20100101 Firefox/57.0"
66.249.73.83 - - [01/Jun/2020:22:13:32 +0200] "GET /files/_meg3fmujmg9i6ar3dd5pnkobbg9p781kb_.pdf HTTP/1.1" 200 142903 "-" "Googlebot/2.1 (+http://www.google.com/bot.html)"
66.249.65.253 - - [01/Jun/2020:22:13:34 +0200] "GET /files/309p10turizmustv0913.pdf HTTP/1.1" 200 281272 "-" "Googlebot/2.1 (+http://www.google.com/bot.html)"
66.249.73.83 - - [01/Jun/2020:22:17:25 +0200] "GET /files/eloterj_ekozig.pdf HTTP/1.1" 200 384594 "-" "Googlebot/2.1 (+http://www.google.com/bot.html)"
66.249.73.83 - - [01/Jun/2020:22:17:27 +0200] "GET /files/mediacios_rendelkezesek_a_be_-ben_indokolas.pdf HTTP/1.1" 200 82373 "-" "Googlebot/2.1 (+http://www.google.com/bot.html)"
66.249.65.227 - - [01/Jun/2020:22:17:57 +0200] "GET /files/mediacios_rendelkezesek_a_be_-ben.pdf HTTP/1.1" 200 63402 "-" "Googlebot/2.1 (+http://www.google.com/bot.html)"
66.249.73.83 - - [01/Jun/2020:22:18:19 +0200] "GET /files/adomanyozhato_kituntetesek.pdf HTTP/1.1" 200 157740 "-" "Googlebot/2.1 (+http://www.google.com/bot.html)"
66.249.65.225 - - [01/Jun/2020:22:19:24 +0200] "GET /files/erettsegi_reszletes_szab_allig_egy_re_06_02_06.pdf HTTP/1.1" 200 144737 "-" "Googlebot/2.1 (+http://www.google.com/bot.html)"
66.249.65.253 - - [01/Jun/2020:22:19:55 +0200] "GET /files/091009_eht_eloterj.pdf HTTP/1.1" 200 153866 "-" "Googlebot/2.1 (+http://www.google.com/bot.html)"
66.249.65.253 - - [01/Jun/2020:22:20:25 +0200] "GET /files/NFGM3731__2_.pdf HTTP/1.1" 200 256734 "-" "Googlebot/2.1 (+http://www.google.com/bot.html)"
66.249.73.81 - - [01/Jun/2020:22:24:11 +0200] "GET /files/ptk.dologi_jog.pdf HTTP/1.1" 200 141671 "-" "Googlebot/2.1 (+http://www.google.com/bot.html)"
66.249.73.81 - - [01/Jun/2020:22:27:08 +0200] "GET /files/onk_hiv_zene_enekkarok_mell_090203.pdf HTTP/1.1" 200 166040 "-" "Googlebot/2.1 (+http://www.google.com/bot.html)"
66.249.65.225 - - [01/Jun/2020:22:39:06 +0200] "GET /moodle/calendar/view.php/?loan=96 HTTP/1.1" 200 - "-" "Mozilla/5.0 (Linux; Android 6.0.1; Nexus 5X Build/MMB29P) AppleWebKit/537.36 (KHTML, like Gecko) Chrome/80.0.3987.92 Mobile Safari/537.36 (compatible; Googlebot/2.1; +http://www.google.com/bot.html)"
66.249.73.81 - - [01/Jun/2020:22:39:06 +0200] "GET /files/BacskiskunIndokolas.pdf HTTP/1.1" 200 22395 "-" "Googlebot/2.1 (+http://www.google.com/bot.html)"
114.119.166.247 - - [01/Jun/2020:22:40:23 +0200] "GET /robots.txt HTTP/1.1" 200 1590 "-" "Mozilla/5.0 (Linux; Android 7.0;) AppleWebKit/537.36 (KHTML, like Gecko) Mobile Safari/537.36 (compatible; PetalBot;+https://aspiegel.com/petalbot)"
66.249.73.83 - - [01/Jun/2020:22:48:43 +0200] "GET /files/alapf_muv_okt_kovet_V_060414.pdf HTTP/1.1" 200 254858 "-" "Googlebot/2.1 (+http://www.google.com/bot.html)"
157.55.39.133 - - [01/Jun/2020:23:02:03 +0200] "GET /files/$File/fu_e_kon.pdf HTTP/1.1" 200 - "-" "Mozilla/5.0 (compatible; bingbot/2.0; +http://www.bing.com/bingbot.htm)"
66.249.65.227 - - [01/Jun/2020:23:07:30 +0200] "GET /taxonomy/term/23 HTTP/1.1" 200 - "-" "Mozilla/5.0 (Linux; Android 6.0.1; Nexus 5X Build/MMB29P) AppleWebKit/537.36 (KHTML, like Gecko) Chrome/80.0.3987.92 Mobile Safari/537.36 (compatible; Googlebot/2.1; +http://www.google.com/bot.html)"
23.100.232.233 - - [01/Jun/2020:23:09:09 +0200] "GET /files/8330-6.doc HTTP/1.1" 200 268817 "-" "Mozilla/5.0 (compatible; MSIE 9.0; Windows NT 6.0; Trident/5.0; Trident/5.0)"
66.249.73.83 - - [01/Jun/2020:23:23:27 +0200] "GET /files/KHEM_3316kozigre.doc HTTP/1.1" 200 131072 "-" "Mozilla/5.0 (Linux; Android 6.0.1; Nexus 5X Build/MMB29P) AppleWebKit/537.36 (KHTML, like Gecko) Chrome/80.0.3987.92 Mobile Safari/537.36 (compatible; Googlebot/2.1; +http://www.google.com/bot.html)"
66.249.73.81 - - [01/Jun/2020:23:43:16 +0200] "GET /files/hadkotelesek_hm_eum_rendelet_tervezet_melleklet.pdf HTTP/1.1" 200 713160 "-" "Mozilla/5.0 (Linux; Android 6.0.1; Nexus 5X Build/MMB29P) AppleWebKit/537.36 (KHTML, like Gecko) Chrome/80.0.3987.92 Mobile Safari/537.36 (compatible; Googlebot/2.1; +http://www.google.com/bot.html)"
66.249.73.83 - - [01/Jun/2020:23:43:32 +0200] "GET /favicon.ico HTTP/1.1" 404 57 "-" "Googlebot-Image/1.0"
40.77.167.197 - - [01/Jun/2020:23:56:55 +0200] "GET /node/2570 HTTP/1.1" 200 - "-" "Mozilla/5.0 (compatible; bingbot/2.0; +http://www.bing.com/bingbot.htm)"
178.154.200.224 - - [01/Jun/2020:23:59:42 +0200] "GET /robots.txt HTTP/1.1" 200 1590 "-" "Mozilla/5.0 (compatible; YandexBot/3.0; +http://yandex.com/bots)"
178.154.200.224 - - [02/Jun/2020:00:00:17 +0200] "GET /taxonomy/term/81 HTTP/1.1" 200 - "-" "Mozilla/5.0 (compatible; YandexBot/3.0; +http://yandex.com/bots)"
178.154.200.224 - - [02/Jun/2020:00:00:49 +0200] "GET /taxonomy/term/81 HTTP/1.1" 200 - "-" "Mozilla/5.0 (compatible; YandexBot/3.0; +http://yandex.com/bots)"
40.77.167.172 - - [02/Jun/2020:00:01:18 +0200] "GET /node/946 HTTP/1.1" 200 - "-" "Mozilla/5.0 (compatible; bingbot/2.0; +http://www.bing.com/bingbot.htm)"
213.180.203.189 - - [02/Jun/2020:00:01:21 +0200] "GET /taxonomy/term/81 HTTP/1.1" 200 - "-" "Mozilla/5.0 (compatible; YandexBot/3.0; +http://yandex.com/bots)"
40.77.167.197 - - [02/Jun/2020:00:03:36 +0200] "GET /files/Kozuti_kozlekedesi_szolgaltatasok_korm.rend..pdf HTTP/1.1" 304 - "-" "Mozilla/5.0 (compatible; bingbot/2.0; +http://www.bing.com/bingbot.htm)"
213.180.203.158 - - [02/Jun/2020:00:03:52 +0200] "GET /taxonomy/term/81 HTTP/1.1" 200 - "-" "Mozilla/5.0 (compatible; YandexBot/3.0; +http://yandex.com/bots)"
178.154.200.120 - - [02/Jun/2020:00:04:24 +0200] "GET /taxonomy/term/81 HTTP/1.1" 200 - "-" "Mozilla/5.0 (compatible; YandexBot/3.0; +http://yandex.com/bots)"
40.77.167.133 - - [02/Jun/2020:00:09:52 +0200] "GET /files/89_1995_mod_terv_080708.pdf HTTP/1.1" 304 - "-" "Mozilla/5.0 (compatible; bingbot/2.0; +http://www.bing.com/bingbot.htm)"
40.77.167.197 - - [02/Jun/2020:00:15:39 +0200] "GET /files/NFGM1713_0.pdf HTTP/1.1" 304 - "-" "Mozilla/5.0 (compatible; bingbot/2.0; +http://www.bing.com/bingbot.htm)"
157.55.39.133 - - [02/Jun/2020:00:17:47 +0200] "GET /node/113 HTTP/1.1" 200 - "-" "Mozilla/5.0 (compatible; bingbot/2.0; +http://www.bing.com/bingbot.htm)"
23.100.232.233 - - [02/Jun/2020:00:23:54 +0200] "GET /files/birosagi_vh-rendeletek.doc HTTP/1.1" 200 111616 "-" "Mozilla/5.0 (compatible; MSIE 9.0; Windows NT 6.0; Trident/5.0; Trident/5.0)"
157.55.39.133 - - [02/Jun/2020:00:29:35 +0200] "GET /files/drog_jelentes_terv_061211.pdf HTTP/1.1" 304 - "-" "Mozilla/5.0 (compatible; bingbot/2.0; +http://www.bing.com/bingbot.htm)"
209.133.111.211 - - [02/Jun/2020:00:34:47 +0200] "GET /robots.txt HTTP/1.1" 200 1590 "-" "rogerbot/1.0 (http://www.moz.com/dp/rogerbot, rogerbot-crawler@moz.com)"
209.133.111.211 - - [02/Jun/2020:00:35:19 +0200] "GET /node/feed HTTP/1.1" 200 - "-" "rogerbot/1.0 (http://www.moz.com/dp/rogerbot, rogerbot-crawler@moz.com)"
188.240.208.26 - - [02/Jun/2020:00:36:59 +0200] "GET /wp-login.php HTTP/1.1" 200 - "-" "Mozilla/5.0 (compatible; MSIE 9.0; Windows NT 6.1; Trident/5.0)"
188.240.208.26 - - [02/Jun/2020:00:37:19 +0200] "GET /files/wp-login.php HTTP/1.1" 200 - "-" "Mozilla/5.0 (compatible; MSIE 9.0; Windows NT 6.1; Trident/5.0)"
23.100.232.233 - - [02/Jun/2020:00:53:09 +0200] "GET /files/ehataloynkiv.doc HTTP/1.1" 200 244337 "-" "Mozilla/5.0 (compatible; MSIE 9.0; Windows NT 6.0; Trident/5.0; Trident/5.0)"
40.77.167.197 - - [02/Jun/2020:00:53:34 +0200] "GET /node/2452 HTTP/1.1" 200 - "-" "Mozilla/5.0 (compatible; bingbot/2.0; +http://www.bing.com/bingbot.htm)"
66.249.73.85 - - [02/Jun/2020:00:58:51 +0200] "GET /files/hadkotelesek_hm_eum_rendelet_tervezet_melleklet.pdf HTTP/1.1" 200 713160 "-" "Mozilla/5.0 (compatible; Googlebot/2.1; +http://www.google.com/bot.html)"
84.236.91.82 - - [02/Jun/2020:01:03:11 +0200] "GET /files/tankonyv_terv_071012.pdf HTTP/1.1" 200 325369 "https://www.google.hu/" "Mozilla/5.0 (Windows NT 6.1; rv:76.0) Gecko/20100101 Firefox/76.0"
84.236.91.82 - - [02/Jun/2020:01:03:11 +0200] "GET /favicon.ico HTTP/1.1" 404 57 "-" "Mozilla/5.0 (Windows NT 6.1; rv:76.0) Gecko/20100101 Firefox/76.0"
157.55.39.133 - - [02/Jun/2020:01:05:19 +0200] "GET /node/2189 HTTP/1.1" 200 - "-" "Mozilla/5.0 (compatible; bingbot/2.0; +http://www.bing.com/bingbot.htm)"
157.55.39.133 - - [02/Jun/2020:01:05:42 +0200] "GET /files/TK177_2.pdf HTTP/1.1" 304 - "-" "Mozilla/5.0 (compatible; bingbot/2.0; +http://www.bing.com/bingbot.htm)"
40.77.167.197 - - [02/Jun/2020:01:10:02 +0200] "GET /node/264 HTTP/1.1" 200 - "-" "Mozilla/5.0 (compatible; bingbot/2.0; +http://www.bing.com/bingbot.htm)"
157.55.39.133 - - [02/Jun/2020:01:14:52 +0200] "GET /node/311 HTTP/1.1" 200 - "-" "Mozilla/5.0 (compatible; bingbot/2.0; +http://www.bing.com/bingbot.htm)"
51.83.252.10 - - [02/Jun/2020:01:17:20 +0200] "GET / HTTP/1.1" 200 - "-" "Java/1.8.0_251"
51.83.252.10 - - [02/Jun/2020:01:17:52 +0200] "GET / HTTP/1.1" 200 - "-" "Java/1.8.0_251"
40.77.167.133 - - [02/Jun/2020:01:54:29 +0200] "GET /files/Kt_eloterjesztes_2009_08_12.pdf HTTP/1.1" 304 - "-" "Mozilla/5.0 (compatible; bingbot/2.0; +http://www.bing.com/bingbot.htm)"
213.180.203.189 - - [02/Jun/2020:01:56:13 +0200] "GET /robots.txt HTTP/1.1" 200 1590 "-" "Mozilla/5.0 (compatible; YandexBot/3.0; +http://yandex.com/bots)"
213.180.203.189 - - [02/Jun/2020:01:56:48 +0200] "GET /drupal/node/26 HTTP/1.1" 200 - "-" "Mozilla/5.0 (compatible; YandexBot/3.0; +http://yandex.com/bots)"
213.180.203.189 - - [02/Jun/2020:01:57:20 +0200] "GET /drupal/node/26 HTTP/1.1" 200 - "-" "Mozilla/5.0 (compatible; YandexBot/3.0; +http://yandex.com/bots)"
178.154.200.224 - - [02/Jun/2020:01:57:52 +0200] "GET /drupal/node/26 HTTP/1.1" 200 - "-" "Mozilla/5.0 (compatible; YandexBot/3.0; +http://yandex.com/bots)"
213.180.203.53 - - [02/Jun/2020:01:58:24 +0200] "GET /drupal/node/26 HTTP/1.1" 200 - "-" "Mozilla/5.0 (compatible; YandexBot/3.0; +http://yandex.com/bots)"
178.154.200.24 - - [02/Jun/2020:02:00:55 +0200] "GET /drupal/node/26 HTTP/1.1" 200 - "-" "Mozilla/5.0 (compatible; YandexBot/3.0; +http://yandex.com/bots)"
66.249.70.21 - - [02/Jun/2020:02:07:25 +0200] "GET /favicon.ico HTTP/1.1" 404 57 "-" "Googlebot-Image/1.0"
23.100.232.233 - - [02/Jun/2020:02:22:33 +0200] "GET /files/8330-6.doc HTTP/1.1" 200 274937 "-" "Mozilla/5.0 (compatible; MSIE 9.0; Windows NT 6.0; Trident/5.0; Trident/5.0)"
66.249.70.4 - - [02/Jun/2020:02:41:44 +0200] "GET /files/emva_allattartotelepek_velemenyezesre.pdf HTTP/1.1" 200 286950 "-" "Mozilla/5.0 (Linux; Android 6.0.1; Nexus 5X Build/MMB29P) AppleWebKit/537.36 (KHTML, like Gecko) Chrome/80.0.3987.92 Mobile Safari/537.36 (compatible; Googlebot/2.1; +http://www.google.com/bot.html)"
23.100.232.233 - - [02/Jun/2020:02:49:31 +0200] "GET /files/birosagi_vh-rendeletek.doc HTTP/1.1" 200 111616 "-" "Mozilla/5.0 (compatible; MSIE 9.0; Windows NT 6.0; Trident/5.0; Trident/5.0)"
40.77.167.133 - - [02/Jun/2020:02:58:48 +0200] "GET /files/xcv_modositas.pdf HTTP/1.1" 304 - "-" "Mozilla/5.0 (compatible; bingbot/2.0; +http://www.bing.com/bingbot.htm)"
40.77.167.172 - - [02/Jun/2020:03:10:05 +0200] "GET /files/$File/nk2.pdf HTTP/1.1" 200 - "-" "Mozilla/5.0 (compatible; bingbot/2.0; +http://www.bing.com/bingbot.htm)"
66.249.70.2 - - [02/Jun/2020:03:10:09 +0200] "GET /files/ltv.pdf HTTP/1.1" 200 134963 "-" "Mozilla/5.0 (Linux; Android 6.0.1; Nexus 5X Build/MMB29P) AppleWebKit/537.36 (KHTML, like Gecko) Chrome/80.0.3987.92 Mobile Safari/537.36 (compatible; Googlebot/2.1; +http://www.google.com/bot.html)"
178.154.200.112 - - [02/Jun/2020:03:11:24 +0200] "GET /drupal/node/1273 HTTP/1.1" 200 - "-" "Mozilla/5.0 (compatible; YandexBot/3.0; +http://yandex.com/bots)"
213.180.203.23 - - [02/Jun/2020:03:11:56 +0200] "GET /drupal/node/1273 HTTP/1.1" 200 - "-" "Mozilla/5.0 (compatible; YandexBot/3.0; +http://yandex.com/bots)"
178.154.200.66 - - [02/Jun/2020:03:12:28 +0200] "GET /drupal/node/1273 HTTP/1.1" 200 - "-" "Mozilla/5.0 (compatible; YandexBot/3.0; +http://yandex.com/bots)"
66.249.70.4 - - [02/Jun/2020:03:26:04 +0200] "GET /files/31-2004-mod-kozigre.pdf HTTP/1.1" 200 343047 "-" "Mozilla/5.0 (compatible; Googlebot/2.1; +http://www.google.com/bot.html)"
66.249.70.2 - - [02/Jun/2020:03:26:24 +0200] "GET /favicon.ico HTTP/1.1" 404 57 "-" "Googlebot-Image/1.0"
23.100.232.233 - - [02/Jun/2020:03:33:56 +0200] "GET /files/ehataloynkiv.doc HTTP/1.1" 200 244337 "-" "Mozilla/5.0 (compatible; MSIE 9.0; Windows NT 6.1; Trident/5.0; Trident/5.0)"
23.100.232.233 - - [02/Jun/2020:03:43:16 +0200] "GET /files/eu_szakellatas_tarsbizt_finansz_tervezet.doc HTTP/1.1" 200 278897 "-" "Mozilla/5.0 (compatible; MSIE 9.0; Windows NT 6.0; Trident/5.0; Trident/5.0)"
66.249.70.30 - - [02/Jun/2020:03:46:55 +0200] "GET /files/31-2004-mod-kozigre.pdf HTTP/1.1" 200 343047 "-" "Mozilla/5.0 (Linux; Android 6.0.1; Nexus 5X Build/MMB29P) AppleWebKit/537.36 (KHTML, like Gecko) Chrome/80.0.3987.92 Mobile Safari/537.36 (compatible; Googlebot/2.1; +http://www.google.com/bot.html)"
40.77.167.133 - - [02/Jun/2020:03:47:58 +0200] "GET /node/1003 HTTP/1.1" 200 - "-" "Mozilla/5.0 (compatible; bingbot/2.0; +http://www.bing.com/bingbot.htm)"
66.249.70.4 - - [02/Jun/2020:03:48:03 +0200] "GET /files/hm_rendelet_tervezet_kedvezmenyes_udultetes_rendjerol.pdf HTTP/1.1" 200 122649 "-" "Mozilla/5.0 (Linux; Android 6.0.1; Nexus 5X Build/MMB29P) AppleWebKit/537.36 (KHTML, like Gecko) Chrome/80.0.3987.92 Mobile Safari/537.36 (compatible; Googlebot/2.1; +http://www.google.com/bot.html)"
89.35.39.180 - - [02/Jun/2020:04:09:43 +0200] "GET /wp-login.php HTTP/1.1" 200 - "-" "Mozilla/5.0 (compatible; MSIE 9.0; Windows NT 6.1; Trident/5.0)"
157.55.39.133 - - [02/Jun/2020:04:25:10 +0200] "GET /node/1591 HTTP/1.1" 200 - "-" "Mozilla/5.0 (compatible; bingbot/2.0; +http://www.bing.com/bingbot.htm)"
173.239.232.121 - - [02/Jun/2020:04:25:47 +0200] "GET /comment/reply/2619/ HTTP/1.0" 200 - "https://www.google.com/" "Mozilla/5.0 (Windows NT 10.0; Win64; x64; rv:60.0) Gecko/20100101 Firefox/60.0"
66.249.70.4 - - [02/Jun/2020:04:25:57 +0200] "GET /files/kozraktar.pdf HTTP/1.1" 200 277489 "-" "Mozilla/5.0 (Linux; Android 6.0.1; Nexus 5X Build/MMB29P) AppleWebKit/537.36 (KHTML, like Gecko) Chrome/80.0.3987.92 Mobile Safari/537.36 (compatible; Googlebot/2.1; +http://www.google.com/bot.html)"
173.239.232.121 - - [02/Jun/2020:04:26:20 +0200] "GET /user/register HTTP/1.0" 200 - "https://www.google.com/" "Mozilla/5.0 (Windows NT 10.0; Win64; x64; rv:60.0) Gecko/20100101 Firefox/60.0"
173.239.232.121 - - [02/Jun/2020:04:26:53 +0200] "GET /?q=user/register HTTP/1.0" 200 - "https://www.google.com/" "Mozilla/5.0 (Windows NT 10.0; Win64; x64; rv:60.0) Gecko/20100101 Firefox/60.0"
173.239.232.121 - - [02/Jun/2020:04:27:25 +0200] "GET / HTTP/1.0" 200 - "https://www.google.com/" "Mozilla/5.0 (Windows NT 10.0; Win64; x64; rv:60.0) Gecko/20100101 Firefox/60.0"
144.76.14.54 - - [02/Jun/2020:04:31:38 +0200] "GET /robots.txt HTTP/1.1" 200 1590 "-" "Mozilla/5.0 (Windows NT 10.0; Win64; x64; trendictionbot0.5.0; trendiction search; http://www.trendiction.de/bot; please let us know of any problems; web at trendiction.com) Gecko/20170101 Firefox/67.0"
144.76.14.54 - - [02/Jun/2020:04:32:10 +0200] "GET / HTTP/1.1" 200 - "-" "Mozilla/5.0 (Windows NT 10.0; Win64; x64; trendictionbot0.5.0; trendiction search; http://www.trendiction.de/bot; please let us know of any problems; web at trendiction.com) Gecko/20170101 Firefox/67.0"
144.76.14.54 - - [02/Jun/2020:04:32:42 +0200] "GET / HTTP/1.1" 200 - "-" "Mozilla/5.0 (Windows NT 10.0; Win64; x64; trendictionbot0.5.0; trendiction search; http://www.trendiction.de/bot; please let us know of any problems; web at trendiction.com) Gecko/20170101 Firefox/67.0"
144.76.14.54 - - [02/Jun/2020:04:33:14 +0200] "GET / HTTP/1.1" 200 - "-" "Mozilla/5.0 (Windows NT 10.0; Win64; x64; trendictionbot0.5.0; trendiction search; http://www.trendiction.de/bot; please let us know of any problems; web at trendiction.com) Gecko/20170101 Firefox/67.0"
157.55.39.133 - - [02/Jun/2020:04:33:31 +0200] "GET /node/113 HTTP/1.1" 200 - "-" "Mozilla/5.0 (compatible; bingbot/2.0; +http://www.bing.com/bingbot.htm)"
144.76.14.54 - - [02/Jun/2020:04:33:46 +0200] "GET / HTTP/1.1" 200 - "-" "Mozilla/5.0 (Windows NT 10.0; Win64; x64; trendictionbot0.5.0; trendiction search; http://www.trendiction.de/bot; please let us know of any problems; web at trendiction.com) Gecko/20170101 Firefox/67.0"
157.55.39.133 - - [02/Jun/2020:04:34:20 +0200] "GET /files/forgrend_tervezet_.pdf HTTP/1.1" 304 - "-" "Mozilla/5.0 (compatible; bingbot/2.0; +http://www.bing.com/bingbot.htm)"
66.249.70.17 - - [02/Jun/2020:04:35:25 +0200] "GET /files/Ebergoci-lapret_tervezet.pdf HTTP/1.1" 304 - "-" "Mozilla/5.0 (Linux; Android 6.0.1; Nexus 5X Build/MMB29P) AppleWebKit/537.36 (KHTML, like Gecko) Chrome/80.0.3987.92 Mobile Safari/537.36 (compatible; Googlebot/2.1; +http://www.google.com/bot.html)"
209.133.111.211 - - [02/Jun/2020:04:36:13 +0200] "GET /robots.txt HTTP/1.1" 200 1590 "-" "rogerbot/1.0 (http://www.moz.com/dp/rogerbot, rogerbot-crawler@moz.com)"
209.133.111.211 - - [02/Jun/2020:04:36:45 +0200] "GET /node/feed HTTP/1.1" 200 - "-" "rogerbot/1.0 (http://www.moz.com/dp/rogerbot, rogerbot-crawler@moz.com)"
157.55.39.133 - - [02/Jun/2020:05:16:18 +0200] "GET /node/686 HTTP/1.1" 200 - "-" "Mozilla/5.0 (compatible; bingbot/2.0; +http://www.bing.com/bingbot.htm)"
85.25.177.139 - - [02/Jun/2020:05:17:23 +0200] "GET /robots.txt HTTP/1.1" 200 1590 "-" "Mozilla/5.0 (compatible; adscanner/)/1.0 (http://seocompany.store; spider@seocompany.store)"
85.25.177.139 - - [02/Jun/2020:05:18:02 +0200] "GET / HTTP/1.1" 200 - "-" "Mozilla/5.0 (compatible; adscanner/)/1.0 (http://seocompany.store; spider@seocompany.store)"
162.144.58.126 - - [02/Jun/2020:05:39:03 +0200] "GET /wordpress/wp-login.php HTTP/1.1" 200 - "http://jogalkotas.hu/wordpress/wp-login.php" "Mozilla/5.0 (Windows NT 10.0; Win64; x64; rv:75.0) Gecko/20100101 Firefox/75.0"
66.249.70.30 - - [02/Jun/2020:05:41:43 +0200] "GET /files/emva_allattartotelepek_velemenyezesre.pdf HTTP/1.1" 304 - "-" "Mozilla/5.0 (compatible; Googlebot/2.1; +http://www.google.com/bot.html)"
213.180.203.189 - - [02/Jun/2020:05:45:39 +0200] "GET /robots.txt HTTP/1.1" 200 1590 "-" "Mozilla/5.0 (compatible; YandexBot/3.0; +http://yandex.com/bots)"
213.180.203.189 - - [02/Jun/2020:05:46:14 +0200] "GET /drupal/ HTTP/1.1" 200 - "-" "Mozilla/5.0 (compatible; YandexBot/3.0; +http://yandex.com/bots)"
213.180.203.189 - - [02/Jun/2020:05:46:46 +0200] "GET /drupal/ HTTP/1.1" 200 - "-" "Mozilla/5.0 (compatible; YandexBot/3.0; +http://yandex.com/bots)"
178.154.200.224 - - [02/Jun/2020:05:47:18 +0200] "GET /drupal/ HTTP/1.1" 200 - "-" "Mozilla/5.0 (compatible; YandexBot/3.0; +http://yandex.com/bots)"
213.180.203.158 - - [02/Jun/2020:05:49:50 +0200] "GET /drupal/ HTTP/1.1" 200 - "-" "Mozilla/5.0 (compatible; YandexBot/3.0; +http://yandex.com/bots)"
178.154.200.24 - - [02/Jun/2020:05:50:22 +0200] "GET /drupal/ HTTP/1.1" 200 - "-" "Mozilla/5.0 (compatible; YandexBot/3.0; +http://yandex.com/bots)"
213.180.203.53 - - [02/Jun/2020:05:53:48 +0200] "GET /drupal/node/1448 HTTP/1.1" 200 - "-" "Mozilla/5.0 (compatible; YandexBot/3.0; +http://yandex.com/bots)"
178.154.200.224 - - [02/Jun/2020:05:54:20 +0200] "GET /drupal/node/1448 HTTP/1.1" 200 - "-" "Mozilla/5.0 (compatible; YandexBot/3.0; +http://yandex.com/bots)"
178.154.200.39 - - [02/Jun/2020:05:54:52 +0200] "GET /drupal/node/1448 HTTP/1.1" 200 - "-" "Mozilla/5.0 (compatible; YandexBot/3.0; +http://yandex.com/bots)"
66.249.70.2 - - [02/Jun/2020:06:10:10 +0200] "GET /files/0207_VBSz.rtf.txt HTTP/1.1" 200 910179 "-" "Mozilla/5.0 (Linux; Android 6.0.1; Nexus 5X Build/MMB29P) AppleWebKit/537.36 (KHTML, like Gecko) Chrome/80.0.3987.92 Mobile Safari/537.36 (compatible; Googlebot/2.1; +http://www.google.com/bot.html)"
40.77.167.133 - - [02/Jun/2020:06:28:48 +0200] "GET /node/2045 HTTP/1.1" 200 - "-" "Mozilla/5.0 (compatible; bingbot/2.0; +http://www.bing.com/bingbot.htm)"
40.77.167.197 - - [02/Jun/2020:06:35:36 +0200] "GET /node/1827 HTTP/1.1" 200 - "-" "Mozilla/5.0 (compatible; bingbot/2.0; +http://www.bing.com/bingbot.htm)"
31.220.0.41 - - [02/Jun/2020:06:39:40 +0200] "GET /comment/reply/2619/ HTTP/1.0" 200 - "http://jogalkotas.hu/comment/reply/2619/" "Mozilla/5.0 (Windows NT 10.0; Win64; x64) AppleWebKit/537.36 (KHTML, like Gecko) Chrome/66.0.3359.170 Safari/537.36 OPR/53.0.2907.99"
146.0.77.40 - - [02/Jun/2020:06:40:23 +0200] "GET /comment/reply/2619/ HTTP/1.0" 200 - "http://jogalkotas.hu/comment/reply/2619/" "Mozilla/5.0 (Windows NT 10.0; Win64; x64) AppleWebKit/537.36 (KHTML, like Gecko) Chrome/66.0.3359.170 Safari/537.36 OPR/53.0.2907.99"
167.114.92.50 - - [02/Jun/2020:06:40:57 +0200] "GET /comment/reply/2619/ HTTP/1.0" 200 - "http://jogalkotas.hu/comment/reply/2619/" "Mozilla/5.0 (Windows NT 10.0; Win64; x64) AppleWebKit/537.36 (KHTML, like Gecko) Chrome/66.0.3359.170 Safari/537.36 OPR/53.0.2907.99"
142.44.156.159 - - [02/Jun/2020:06:41:30 +0200] "GET /comment/reply/2619/ HTTP/1.0" 200 - "http://jogalkotas.hu/comment/reply/2619/" "Mozilla/5.0 (Windows NT 10.0; Win64; x64) AppleWebKit/537.36 (KHTML, like Gecko) Chrome/66.0.3359.170 Safari/537.36 OPR/53.0.2907.99"
142.44.156.159 - - [02/Jun/2020:06:42:02 +0200] "GET / HTTP/1.0" 200 - "http://jogalkotas.hu/" "Mozilla/5.0 (Windows NT 10.0; Win64; x64) AppleWebKit/537.36 (KHTML, like Gecko) Chrome/66.0.3359.170 Safari/537.36 OPR/53.0.2907.99"
216.244.66.200 - - [02/Jun/2020:06:46:21 +0200] "GET /robots.txt HTTP/1.1" 200 1590 "-" "Mozilla/5.0 (compatible; DotBot/1.1; http://www.opensiteexplorer.org/dotbot, help@moz.com)"
23.100.232.233 - - [02/Jun/2020:06:56:09 +0200] "GET /files/eu_szakellatas_tarsbizt_finansz_tervezet.doc HTTP/1.1" 200 244337 "-" "Mozilla/5.0 (compatible; MSIE 9.0; Windows NT 6.1; Trident/5.0; Trident/5.0)"
185.220.101.210 - - [02/Jun/2020:06:57:23 +0200] "GET /comment/reply/2619/ HTTP/1.0" 200 - "http://jogalkotas.hu/comment/reply/2619/" "Mozilla/5.0 (Windows NT 6.1; Win64; x64) AppleWebKit/537.36 (KHTML, like Gecko) Chrome/67.0.3396.87 Safari/537.36"
162.247.74.201 - - [02/Jun/2020:06:58:14 +0200] "GET /comment/reply/2619/ HTTP/1.0" 200 - "http://jogalkotas.hu/comment/reply/2619/" "Mozilla/5.0 (Windows NT 6.1; Win64; x64) AppleWebKit/537.36 (KHTML, like Gecko) Chrome/67.0.3396.87 Safari/537.36"
23.100.232.233 - - [02/Jun/2020:06:58:36 +0200] "GET /files/ehataloynkiv.doc HTTP/1.1" 200 244337 "-" "Mozilla/5.0 (compatible; MSIE 9.0; Windows NT 6.1; Trident/5.0; Trident/5.0)"
185.220.100.253 - - [02/Jun/2020:06:59:00 +0200] "GET /comment/reply/2619/ HTTP/1.0" 200 - "http://jogalkotas.hu/comment/reply/2619/" "Mozilla/5.0 (Windows NT 6.1; Win64; x64) AppleWebKit/537.36 (KHTML, like Gecko) Chrome/67.0.3396.87 Safari/537.36"
167.114.92.51 - - [02/Jun/2020:06:59:34 +0200] "GET /comment/reply/2619/ HTTP/1.0" 200 - "http://jogalkotas.hu/comment/reply/2619/" "Mozilla/5.0 (Windows NT 6.1; Win64; x64) AppleWebKit/537.36 (KHTML, like Gecko) Chrome/67.0.3396.87 Safari/537.36"
167.114.92.51 - - [02/Jun/2020:07:00:06 +0200] "GET / HTTP/1.0" 200 - "http://jogalkotas.hu/" "Mozilla/5.0 (Windows NT 6.1; Win64; x64) AppleWebKit/537.36 (KHTML, like Gecko) Chrome/67.0.3396.87 Safari/537.36"
216.244.66.200 - - [02/Jun/2020:07:00:44 +0200] "GET /taxonomy/term/18%2023%2024%2026%2025%2027%2028%2029%2052%2041%2031%2032%2098%2033%2048%20106%20103%2099%20107%2034%2049%2035%2051%20100%2036%2050%20105?page=2 HTTP/1.1" 200 - "-" "Mozilla/5.0 (compatible; DotBot/1.1; http://www.opensiteexplorer.org/dotbot, help@moz.com)"
213.180.203.189 - - [02/Jun/2020:07:06:51 +0200] "GET /robots.txt HTTP/1.1" 200 1590 "-" "Mozilla/5.0 (compatible; YandexBot/3.0; +http://yandex.com/bots)"
213.180.203.189 - - [02/Jun/2020:07:07:26 +0200] "GET /hasznos-informaciok HTTP/1.1" 200 - "-" "Mozilla/5.0 (compatible; YandexBot/3.0; +http://yandex.com/bots)"
213.180.203.189 - - [02/Jun/2020:07:07:58 +0200] "GET /hasznos-informaciok HTTP/1.1" 200 - "-" "Mozilla/5.0 (compatible; YandexBot/3.0; +http://yandex.com/bots)"
178.154.200.224 - - [02/Jun/2020:07:08:30 +0200] "GET /hasznos-informaciok HTTP/1.1" 200 - "-" "Mozilla/5.0 (compatible; YandexBot/3.0; +http://yandex.com/bots)"
213.180.203.138 - - [02/Jun/2020:07:09:02 +0200] "GET /hasznos-informaciok HTTP/1.1" 200 - "-" "Mozilla/5.0 (compatible; YandexBot/3.0; +http://yandex.com/bots)"
157.55.39.24 - - [02/Jun/2020:07:13:47 +0200] "GET /robots.txt HTTP/1.1" 200 1590 "-" "Mozilla/5.0 (compatible; bingbot/2.0; +http://www.bing.com/bingbot.htm)"
157.55.39.133 - - [02/Jun/2020:07:14:20 +0200] "GET /taxonomy/term/51/0/feed HTTP/1.1" 200 - "-" "Mozilla/5.0 (compatible; bingbot/2.0; +http://www.bing.com/bingbot.htm)"
66.249.70.19 - - [02/Jun/2020:07:16:23 +0200] "GET /files/szallashely_kormr_terv_090804.pdf HTTP/1.1" 200 161553 "-" "Mozilla/5.0 (Linux; Android 6.0.1; Nexus 5X Build/MMB29P) AppleWebKit/537.36 (KHTML, like Gecko) Chrome/80.0.3987.92 Mobile Safari/537.36 (compatible; Googlebot/2.1; +http://www.google.com/bot.html)"
66.249.70.19 - - [02/Jun/2020:07:16:50 +0200] "GET /favicon.ico HTTP/1.1" 404 57 "-" "Googlebot-Image/1.0"
66.249.70.4 - - [02/Jun/2020:07:21:47 +0200] "GET /moodle/calendar/view.php/?loan=38 HTTP/1.1" 200 - "-" "Mozilla/5.0 (Linux; Android 6.0.1; Nexus 5X Build/MMB29P) AppleWebKit/537.36 (KHTML, like Gecko) Chrome/80.0.3987.92 Mobile Safari/537.36 (compatible; Googlebot/2.1; +http://www.google.com/bot.html)"
157.55.39.133 - - [02/Jun/2020:07:22:41 +0200] "GET /files/KHEM_8735_(normasz__veg).doc HTTP/1.1" 304 - "-" "Mozilla/5.0 (compatible; bingbot/2.0; +http://www.bing.com/bingbot.htm)"
66.249.70.19 - - [02/Jun/2020:07:25:56 +0200] "GET /files/earveres-modszakpol1_(2).doc HTTP/1.1" 200 130560 "-" "Mozilla/5.0 (Linux; Android 6.0.1; Nexus 5X Build/MMB29P) AppleWebKit/537.36 (KHTML, like Gecko) Chrome/80.0.3987.92 Mobile Safari/537.36 (compatible; Googlebot/2.1; +http://www.google.com/bot.html)"
66.249.70.4 - - [02/Jun/2020:07:26:44 +0200] "GET /moodle/calendar/view.php/?loan=196 HTTP/1.1" 200 - "-" "Mozilla/5.0 (Linux; Android 6.0.1; Nexus 5X Build/MMB29P) AppleWebKit/537.36 (KHTML, like Gecko) Chrome/80.0.3987.92 Mobile Safari/537.36 (compatible; Googlebot/2.1; +http://www.google.com/bot.html)"
157.55.39.133 - - [02/Jun/2020:07:28:35 +0200] "GET /files/$File/fu_e_bru.pdf HTTP/1.1" 200 - "-" "Mozilla/5.0 (compatible; bingbot/2.0; +http://www.bing.com/bingbot.htm)"
66.249.70.30 - - [02/Jun/2020:07:35:34 +0200] "GET /moodle/calendar/view.php?loan=228 HTTP/1.1" 200 - "-" "Mozilla/5.0 (Linux; Android 6.0.1; Nexus 5X Build/MMB29P) AppleWebKit/537.36 (KHTML, like Gecko) Chrome/80.0.3987.92 Mobile Safari/537.36 (compatible; Googlebot/2.1; +http://www.google.com/bot.html)"
157.55.39.24 - - [02/Jun/2020:07:37:28 +0200] "GET /robots.txt HTTP/1.1" 200 1590 "-" "Mozilla/5.0 (compatible; bingbot/2.0; +http://www.bing.com/bingbot.htm)"
66.249.70.2 - - [02/Jun/2020:07:45:01 +0200] "GET /moodle/calendar/view.php?loan=128 HTTP/1.1" 200 - "-" "Mozilla/5.0 (Linux; Android 6.0.1; Nexus 5X Build/MMB29P) AppleWebKit/537.36 (KHTML, like Gecko) Chrome/80.0.3987.92 Mobile Safari/537.36 (compatible; Googlebot/2.1; +http://www.google.com/bot.html)"
40.77.167.172 - - [02/Jun/2020:07:51:09 +0200] "GET /files/$File/agrar.pdf HTTP/1.1" 200 - "-" "Mozilla/5.0 (compatible; bingbot/2.0; +http://www.bing.com/bingbot.htm)"
40.77.167.197 - - [02/Jun/2020:07:51:20 +0200] "GET /node/2567 HTTP/1.1" 200 - "-" "Mozilla/5.0 (compatible; bingbot/2.0; +http://www.bing.com/bingbot.htm)"
185.180.88.30 - - [02/Jun/2020:08:01:27 +0200] "GET /favicon.ico HTTP/1.1" 404 57 "http://www.jogalkotas.hu/files/elemiszerkonyv122007.pdf" "Mozilla/5.0 (Windows NT 6.1; ) AppleWebKit/537.36 (KHTML, like Gecko) Chrome/83.0.4103.61 Safari/537.36"
185.180.88.30 - - [02/Jun/2020:08:01:27 +0200] "GET /files/elemiszerkonyv122007.pdf HTTP/1.1" 200 152700 "https://www.google.com/" "Mozilla/5.0 (Windows NT 6.1; ) AppleWebKit/537.36 (KHTML, like Gecko) Chrome/83.0.4103.61 Safari/537.36"
40.77.167.197 - - [02/Jun/2020:08:02:02 +0200] "GET /node/27 HTTP/1.1" 200 - "-" "Mozilla/5.0 (compatible; bingbot/2.0; +http://www.bing.com/bingbot.htm)"
66.249.70.19 - - [02/Jun/2020:08:03:50 +0200] "GET /files/az__igazsagugy.doc HTTP/1.1" 200 37888 "-" "Mozilla/5.0 (compatible; Googlebot/2.1; +http://www.google.com/bot.html)"
185.180.72.10 - - [02/Jun/2020:08:06:11 +0200] "GET /files/3R106_2.pdf HTTP/1.1" 200 283007 "https://www.google.com/" "Mozilla/5.0 (Windows NT 10.0; Win64; x64) AppleWebKit/537.36 (KHTML, like Gecko) Chrome/58.0.3029.110 Safari/537.36 Edge/16.16299"
185.180.72.10 - - [02/Jun/2020:08:06:12 +0200] "GET /favicon.ico HTTP/1.1" 404 57 "-" "Mozilla/5.0 (Windows NT 10.0; Win64; x64) AppleWebKit/537.36 (KHTML, like Gecko) Chrome/58.0.3029.110 Safari/537.36 Edge/16.16299"
66.249.70.21 - - [02/Jun/2020:08:07:47 +0200] "GET /favicon.ico HTTP/1.1" 404 57 "-" "Googlebot-Image/1.0"
23.237.4.26 - - [02/Jun/2020:08:09:15 +0200] "GET / HTTP/1.0" 200 - "-" "Mozilla/5.0 (compatible; AlphaBot/3.2; +http://alphaseobot.com/bot.html)"
23.237.4.26 - - [02/Jun/2020:08:09:25 +0200] "GET / HTTP/1.0" 200 - "-" "Mozilla/5.0 (compatible; AlphaBot/3.2; +http://alphaseobot.com/bot.html)"
23.237.4.26 - - [02/Jun/2020:08:09:35 +0200] "GET / HTTP/1.0" 200 - "-" "Mozilla/5.0 (compatible; AlphaBot/3.2; +http://alphaseobot.com/bot.html)"
157.55.39.133 - - [02/Jun/2020:08:09:44 +0200] "GET /node/1715 HTTP/1.1" 200 - "-" "Mozilla/5.0 (compatible; bingbot/2.0; +http://www.bing.com/bingbot.htm)"
23.237.4.26 - - [02/Jun/2020:08:09:45 +0200] "GET / HTTP/1.0" 200 - "-" "Mozilla/5.0 (compatible; AlphaBot/3.2; +http://alphaseobot.com/bot.html)"
23.237.4.26 - - [02/Jun/2020:08:09:55 +0200] "GET / HTTP/1.0" 200 - "-" "Mozilla/5.0 (compatible; AlphaBot/3.2; +http://alphaseobot.com/bot.html)"
23.237.4.26 - - [02/Jun/2020:08:10:05 +0200] "GET / HTTP/1.0" 200 - "-" "Mozilla/5.0 (compatible; AlphaBot/3.2; +http://alphaseobot.com/bot.html)"
157.55.39.133 - - [02/Jun/2020:08:13:04 +0200] "GET /files/$File/fu_e_gdp.pdf HTTP/1.1" 200 - "-" "Mozilla/5.0 (compatible; bingbot/2.0; +http://www.bing.com/bingbot.htm)"
66.249.70.4 - - [02/Jun/2020:08:13:19 +0200] "GET /files/kormrendeletek_terv_070720.pdf HTTP/1.1" 200 383479 "-" "Mozilla/5.0 (Linux; Android 6.0.1; Nexus 5X Build/MMB29P) AppleWebKit/537.36 (KHTML, like Gecko) Chrome/80.0.3987.92 Mobile Safari/537.36 (compatible; Googlebot/2.1; +http://www.google.com/bot.html)"
40.77.167.133 - - [02/Jun/2020:08:25:37 +0200] "GET /node/1804 HTTP/1.1" 200 - "-" "Mozilla/5.0 (compatible; bingbot/2.0; +http://www.bing.com/bingbot.htm)"
40.77.167.172 - - [02/Jun/2020:08:29:50 +0200] "GET /files/$File/eu_6.pdf HTTP/1.1" 200 - "-" "Mozilla/5.0 (compatible; bingbot/2.0; +http://www.bing.com/bingbot.htm)"
66.249.70.17 - - [02/Jun/2020:08:30:12 +0200] "GET /files/szallashely_kormr_terv_090804.pdf HTTP/1.1" 200 161553 "-" "Mozilla/5.0 (compatible; Googlebot/2.1; +http://www.google.com/bot.html)"
23.100.232.233 - - [02/Jun/2020:08:31:23 +0200] "GET /files/14per2007%20rendelet%20tervezet.doc HTTP/1.1" 200 144384 "-" "Mozilla/5.0 (compatible; MSIE 9.0; Windows NT 6.1; Trident/5.0; Trident/5.0)"
209.133.111.211 - - [02/Jun/2020:08:35:51 +0200] "GET /robots.txt HTTP/1.1" 200 1590 "-" "rogerbot/1.0 (http://www.moz.com/dp/rogerbot, rogerbot-crawler@moz.com)"
209.133.111.211 - - [02/Jun/2020:08:36:22 +0200] "GET /node/feed HTTP/1.1" 200 - "-" "rogerbot/1.0 (http://www.moz.com/dp/rogerbot, rogerbot-crawler@moz.com)"
40.77.167.197 - - [02/Jun/2020:08:46:14 +0200] "GET /files/T3029.doc HTTP/1.1" 304 - "-" "Mozilla/5.0 (compatible; bingbot/2.0; +http://www.bing.com/bingbot.htm)"
66.249.70.4 - - [02/Jun/2020:08:49:37 +0200] "GET /files/okt_celu_humanszolg_monitoring_terv_100225.pdf HTTP/1.1" 200 191911 "-" "Googlebot/2.1 (+http://www.google.com/bot.html)"
66.249.70.17 - - [02/Jun/2020:08:50:54 +0200] "GET /files/alapf_muv_okt_kovet_II_060414.pdf HTTP/1.1" 200 584355 "-" "Googlebot/2.1 (+http://www.google.com/bot.html)"
66.249.70.2 - - [02/Jun/2020:08:54:04 +0200] "GET /files/mell1b.pdf HTTP/1.1" 200 80747 "-" "Googlebot/2.1 (+http://www.google.com/bot.html)"
23.100.232.233 - - [02/Jun/2020:08:56:11 +0200] "GET /files/ehataloynkiv.doc HTTP/1.1" 200 244337 "-" "Mozilla/5.0 (compatible; MSIE 9.0; Windows NT 6.1; Trident/5.0; Trident/5.0)"
66.249.70.21 - - [02/Jun/2020:08:59:33 +0200] "GET /files/KUM_kituntetesek.pdf HTTP/1.1" 200 220724 "-" "Googlebot/2.1 (+http://www.google.com/bot.html)"
66.249.70.21 - - [02/Jun/2020:09:02:19 +0200] "GET /files/ptk._eloszo.pdf HTTP/1.1" 200 28286 "-" "Googlebot/2.1 (+http://www.google.com/bot.html)"
66.249.70.19 - - [02/Jun/2020:09:02:27 +0200] "GET /files/jap_internetre.pdf HTTP/1.1" 200 70115 "-" "Googlebot/2.1 (+http://www.google.com/bot.html)"
66.249.70.30 - - [02/Jun/2020:09:06:39 +0200] "GET /files/martinsalak.pdf HTTP/1.1" 200 156911 "-" "Googlebot/2.1 (+http://www.google.com/bot.html)"
40.77.167.197 - - [02/Jun/2020:09:11:00 +0200] "GET /files/$File/fu__gdp.pdf HTTP/1.1" 200 - "-" "Mozilla/5.0 (compatible; bingbot/2.0; +http://www.bing.com/bingbot.htm)"
40.77.167.197 - - [02/Jun/2020:09:14:52 +0200] "GET /node/501 HTTP/1.1" 200 - "-" "Mozilla/5.0 (compatible; bingbot/2.0; +http://www.bing.com/bingbot.htm)"
66.249.70.17 - - [02/Jun/2020:09:15:38 +0200] "GET /files/ptk_kotelmi_jog.pdf HTTP/1.1" 200 706298 "-" "Googlebot/2.1 (+http://www.google.com/bot.html)"
23.100.232.233 - - [02/Jun/2020:09:18:02 +0200] "GET /files/eu_szakellatas_tarsbizt_finansz_tervezet.doc HTTP/1.1" 200 339737 "-" "Mozilla/5.0 (compatible; MSIE 9.0; Windows NT 6.1; Trident/5.0; Trident/5.0)"
66.249.70.30 - - [02/Jun/2020:09:19:38 +0200] "GET /files/_5d5jm2ujjk1jo2prpd4g76uj1de174t06hc_.pdf HTTP/1.1" 200 147202 "-" "Mozilla/5.0 (compatible; Googlebot/2.1; +http://www.google.com/bot.html)"
40.77.167.133 - - [02/Jun/2020:09:30:17 +0200] "GET /node/208 HTTP/1.1" 200 - "-" "Mozilla/5.0 (compatible; bingbot/2.0; +http://www.bing.com/bingbot.htm)"
40.77.167.133 - - [02/Jun/2020:09:31:12 +0200] "GET /files/NFGM_8810.pdf HTTP/1.1" 304 - "-" "Mozilla/5.0 (compatible; bingbot/2.0; +http://www.bing.com/bingbot.htm)"
40.77.167.197 - - [02/Jun/2020:09:33:07 +0200] "GET /node/2378 HTTP/1.1" 200 - "-" "Mozilla/5.0 (compatible; bingbot/2.0; +http://www.bing.com/bingbot.htm)"
40.77.167.172 - - [02/Jun/2020:09:35:13 +0200] "GET /files/3802_16.pdf HTTP/1.1" 304 - "-" "Mozilla/5.0 (compatible; bingbot/2.0; +http://www.bing.com/bingbot.htm)"
66.249.70.4 - - [02/Jun/2020:09:38:35 +0200] "GET /files/vony.szakpol.4822-1.doc HTTP/1.1" 200 162304 "-" "Mozilla/5.0 (Linux; Android 6.0.1; Nexus 5X Build/MMB29P) AppleWebKit/537.36 (KHTML, like Gecko) Chrome/80.0.3987.92 Mobile Safari/537.36 (compatible; Googlebot/2.1; +http://www.google.com/bot.html)"
66.249.70.4 - - [02/Jun/2020:09:40:15 +0200] "GET /files/jog2008tav2.pdf HTTP/1.1" 200 267376 "-" "Googlebot/2.1 (+http://www.google.com/bot.html)"
40.77.167.197 - - [02/Jun/2020:09:40:35 +0200] "GET /node/2273 HTTP/1.1" 200 - "-" "Mozilla/5.0 (compatible; bingbot/2.0; +http://www.bing.com/bingbot.htm)"
40.77.167.133 - - [02/Jun/2020:09:42:52 +0200] "GET /node/1975 HTTP/1.1" 200 - "-" "Mozilla/5.0 (compatible; bingbot/2.0; +http://www.bing.com/bingbot.htm)"
