216.244.66.200 - - [11/Jun/2020:11:55:47 +0200] "GET /files/katonai_szakkepesitesek_hm_rendelet.pdf HTTP/1.1" 200 672916 "-" "Mozilla/5.0 (compatible; DotBot/1.1; http://www.opensiteexplorer.org/dotbot, help@moz.com)"
216.244.66.200 - - [11/Jun/2020:11:56:19 +0200] "GET /files/kormeloterjesztes_parlagfu_velemenyezesre.pdf HTTP/1.1" 200 187147 "-" "Mozilla/5.0 (compatible; DotBot/1.1; http://www.opensiteexplorer.org/dotbot, help@moz.com)"
216.244.66.200 - - [11/Jun/2020:11:56:55 +0200] "GET /files/newcastle_rendelet_velemenyezesre.pdf HTTP/1.1" 200 188637 "-" "Mozilla/5.0 (compatible; DotBot/1.1; http://www.opensiteexplorer.org/dotbot, help@moz.com)"
216.244.66.200 - - [11/Jun/2020:11:57:31 +0200] "GET /files/rendelet_icsszem_fejezetikezeloiranyzat.pdf HTTP/1.1" 200 314661 "-" "Mozilla/5.0 (compatible; DotBot/1.1; http://www.opensiteexplorer.org/dotbot, help@moz.com)"
216.244.66.200 - - [11/Jun/2020:11:58:33 +0200] "GET /files/7.%20%20sz%C3%83%C2%A1m%C3%83%C2%BA%20mell%C3%83%C2%A9klet.doc HTTP/1.1" 200 - "-" "Mozilla/5.0 (compatible; DotBot/1.1; http://www.opensiteexplorer.org/dotbot, help@moz.com)"
207.46.13.100 - - [11/Jun/2020:12:09:52 +0200] "GET /robots.txt HTTP/1.1" 200 1590 "-" "Mozilla/5.0 (compatible; bingbot/2.0; +http://www.bing.com/bingbot.htm)"
66.249.66.90 - - [11/Jun/2020:12:11:34 +0200] "GET /files/szakertoirendelettervezet1.doc HTTP/1.1" 200 313344 "-" "Mozilla/5.0 (Linux; Android 6.0.1; Nexus 5X Build/MMB29P) AppleWebKit/537.36 (KHTML, like Gecko) Chrome/80.0.3987.92 Mobile Safari/537.36 (compatible; Googlebot/2.1; +http://www.google.com/bot.html)"
40.77.167.103 - - [11/Jun/2020:12:12:54 +0200] "GET /files/munkavedelemi_tervezet.pdf HTTP/1.1" 304 - "-" "Mozilla/5.0 (compatible; bingbot/2.0; +http://www.bing.com/bingbot.htm)"
40.77.202.173 - - [11/Jun/2020:12:15:08 +0200] "GET /files/katonai_szakkepesitesek_hm_rendelet.pdf HTTP/1.1" 200 67222 "-" "Mozilla/5.0 (iPhone; CPU iPhone OS 7_0 like Mac OS X) AppleWebKit/537.51.1 (KHTML, like Gecko) Version/7.0 Mobile/11A465 Safari/9537.53 BingPreview/1.0b"
23.100.232.233 - - [11/Jun/2020:12:15:36 +0200] "GET /files/penz_term_eloterj_061211.pdf HTTP/1.1" 200 397118 "-" "Mozilla/5.0 (compatible; MSIE 9.0; Windows NT 6.0; Trident/5.0; Trident/5.0)"
95.217.115.62 - - [11/Jun/2020:12:17:43 +0200] "GET / HTTP/1.1" 200 - "-" "python-requests/2.23.0"
66.249.66.88 - - [11/Jun/2020:12:18:05 +0200] "GET /taxonomy/term/46/0 HTTP/1.1" 200 - "-" "Mozilla/5.0 (Linux; Android 6.0.1; Nexus 5X Build/MMB29P) AppleWebKit/537.36 (KHTML, like Gecko) Chrome/80.0.3987.92 Mobile Safari/537.36 (compatible; Googlebot/2.1; +http://www.google.com/bot.html)"
95.217.115.62 - - [11/Jun/2020:12:21:45 +0200] "GET / HTTP/1.1" 200 - "-" "python-requests/2.23.0"
216.244.66.200 - - [11/Jun/2020:12:21:58 +0200] "GET /node/836 HTTP/1.1" 200 - "-" "Mozilla/5.0 (compatible; DotBot/1.1; http://www.opensiteexplorer.org/dotbot, help@moz.com)"
157.55.39.244 - - [11/Jun/2020:12:22:01 +0200] "GET /files/Bnytv.%20normaszoveg_terv_090930.doc HTTP/1.1" 304 - "-" "Mozilla/5.0 (compatible; bingbot/2.0; +http://www.bing.com/bingbot.htm)"
216.244.66.200 - - [11/Jun/2020:12:22:24 +0200] "GET /node/1225 HTTP/1.1" 200 - "-" "Mozilla/5.0 (compatible; DotBot/1.1; http://www.opensiteexplorer.org/dotbot, help@moz.com)"
14.203.144.211 - - [11/Jun/2020:12:22:27 +0200] "GET / HTTP/1.1" 200 - "-" "Mozilla/5.0 (Macintosh; Intel Mac OS X 10_13_4) AppleWebKit/537.36 (KHTML, like Gecko) Chrome/67.0.3396.87 Safari/537.36"
216.244.66.200 - - [11/Jun/2020:12:23:05 +0200] "GET /node/1310 HTTP/1.1" 200 - "-" "Mozilla/5.0 (compatible; DotBot/1.1; http://www.opensiteexplorer.org/dotbot, help@moz.com)"
216.244.66.200 - - [11/Jun/2020:12:23:56 +0200] "GET /node/1477 HTTP/1.1" 200 - "-" "Mozilla/5.0 (compatible; DotBot/1.1; http://www.opensiteexplorer.org/dotbot, help@moz.com)"
66.249.66.90 - - [11/Jun/2020:12:24:05 +0200] "GET / HTTP/1.1" 200 - "-" "Mozilla/5.0 (compatible; Googlebot/2.1; +http://www.google.com/bot.html)"
216.244.66.200 - - [11/Jun/2020:12:24:48 +0200] "GET /node/894 HTTP/1.1" 200 - "-" "Mozilla/5.0 (compatible; DotBot/1.1; http://www.opensiteexplorer.org/dotbot, help@moz.com)"
216.244.66.200 - - [11/Jun/2020:12:25:40 +0200] "GET /node/2032 HTTP/1.1" 200 - "-" "Mozilla/5.0 (compatible; DotBot/1.1; http://www.opensiteexplorer.org/dotbot, help@moz.com)"
68.68.32.104 - - [11/Jun/2020:12:26:19 +0200] "GET /node/1038 HTTP/1.1" 200 - "-" "Mozilla/5.0 (Windows NT 6.1; WOW64; rv:49.0) Gecko/20100101 Firefox/49.0"
216.244.66.200 - - [11/Jun/2020:12:26:31 +0200] "GET /node/53 HTTP/1.1" 200 - "-" "Mozilla/5.0 (compatible; DotBot/1.1; http://www.opensiteexplorer.org/dotbot, help@moz.com)"
216.244.66.200 - - [11/Jun/2020:12:29:20 +0200] "GET /files/Kt_eloterjesztes_2009_08_12.pdf HTTP/1.1" 200 255851 "-" "Mozilla/5.0 (compatible; DotBot/1.1; http://www.opensiteexplorer.org/dotbot, help@moz.com)"
216.244.66.200 - - [11/Jun/2020:12:29:55 +0200] "GET /files/epolgarokszemelyiadatai.doc HTTP/1.1" 200 125440 "-" "Mozilla/5.0 (compatible; DotBot/1.1; http://www.opensiteexplorer.org/dotbot, help@moz.com)"
216.244.66.200 - - [11/Jun/2020:12:30:33 +0200] "GET /files/licenc_EUM_rend_100202.doc HTTP/1.1" 200 290816 "-" "Mozilla/5.0 (compatible; DotBot/1.1; http://www.opensiteexplorer.org/dotbot, help@moz.com)"
216.244.66.200 - - [11/Jun/2020:12:31:24 +0200] "GET /files/8_2008_mod_melleklet_velemenyezesre.pdf HTTP/1.1" 200 434976 "-" "Mozilla/5.0 (compatible; DotBot/1.1; http://www.opensiteexplorer.org/dotbot, help@moz.com)"
216.244.66.200 - - [11/Jun/2020:12:32:01 +0200] "GET /files/cervantes_egyezmeny_eloterjesztes.doc HTTP/1.1" 200 66048 "-" "Mozilla/5.0 (compatible; DotBot/1.1; http://www.opensiteexplorer.org/dotbot, help@moz.com)"
66.249.66.88 - - [11/Jun/2020:12:32:08 +0200] "GET /taxonomy/term/50 HTTP/1.1" 200 - "-" "Mozilla/5.0 (Linux; Android 6.0.1; Nexus 5X Build/MMB29P) AppleWebKit/537.36 (KHTML, like Gecko) Chrome/80.0.3987.92 Mobile Safari/537.36 (compatible; Googlebot/2.1; +http://www.google.com/bot.html)"
216.244.66.200 - - [11/Jun/2020:12:32:48 +0200] "GET /files/korm_hat_terv_vedonoi_fejl_090722.doc HTTP/1.1" 200 273408 "-" "Mozilla/5.0 (compatible; DotBot/1.1; http://www.opensiteexplorer.org/dotbot, help@moz.com)"
216.244.66.200 - - [11/Jun/2020:12:33:25 +0200] "GET /files/kozalkalmazotti_jogviszonyl_rendelet_tervezet.pdf HTTP/1.1" 200 142726 "-" "Mozilla/5.0 (compatible; DotBot/1.1; http://www.opensiteexplorer.org/dotbot, help@moz.com)"
23.100.232.233 - - [11/Jun/2020:12:33:30 +0200] "GET /files/egyes_kormany-_es_miniszteri_rendeleti_szintu_jogszabalyok_es_jogszabalyi_rendelkezesek_technikai_deregulaciojarol_(3).doc HTTP/1.1" 200 244337 "-" "Mozilla/5.0 (compatible; MSIE 9.0; Windows NT 6.1; Trident/5.0; Trident/5.0)"
216.244.66.200 - - [11/Jun/2020:12:34:03 +0200] "GET /files/lakrendmod_javaslat_indokolas_200709251.pdf HTTP/1.1" 200 122804 "-" "Mozilla/5.0 (compatible; DotBot/1.1; http://www.opensiteexplorer.org/dotbot, help@moz.com)"
95.216.172.178 - - [11/Jun/2020:12:34:16 +0200] "GET / HTTP/1.1" 200 - "-" "Mozilla/5.0 (compatible; Seekport Crawler; http://seekport.com/)"
95.216.172.178 - - [11/Jun/2020:12:34:23 +0200] "GET / HTTP/1.1" 200 - "-" "Mozilla/5.0 (compatible; Seekport Crawler; http://seekport.com/)"
95.216.172.178 - - [11/Jun/2020:12:34:30 +0200] "GET / HTTP/1.1" 200 - "-" "Mozilla/5.0 (compatible; Seekport Crawler; http://seekport.com/)"
216.244.66.200 - - [11/Jun/2020:12:35:07 +0200] "GET /files/60_2004___vii__6___eszcsm_rendelet_m%C3%83%C2%B3dos%C3%83%C2%ADt%C3%83%C2%A1sa_6.doc HTTP/1.1" 200 - "-" "Mozilla/5.0 (compatible; DotBot/1.1; http://www.opensiteexplorer.org/dotbot, help@moz.com)"
68.68.32.104 - - [11/Jun/2020:12:38:39 +0200] "GET /node/64 HTTP/1.1" 200 - "-" "Mozilla/5.0 (Windows NT 10.0; WOW64; rv:56.0) Gecko/20100101 Firefox/56.0"
40.77.167.239 - - [11/Jun/2020:12:41:36 +0200] "GET /files/$File/im_e_bru.pdf HTTP/1.1" 200 - "-" "Mozilla/5.0 (compatible; bingbot/2.0; +http://www.bing.com/bingbot.htm)"
66.249.66.157 - - [11/Jun/2020:12:47:34 +0200] "GET /files/tkrendmodjav_alligra_060216.pdf HTTP/1.1" 304 - "-" "Mozilla/5.0 (Linux; Android 6.0.1; Nexus 5X Build/MMB29P) AppleWebKit/537.36 (KHTML, like Gecko) Chrome/80.0.3987.92 Mobile Safari/537.36 (compatible; Googlebot/2.1; +http://www.google.com/bot.html)"
66.249.66.157 - - [11/Jun/2020:12:52:30 +0200] "GET /files/fontos_es_bizalmas_munkakorok_060913.pdf HTTP/1.1" 304 - "-" "Mozilla/5.0 (Linux; Android 6.0.1; Nexus 5X Build/MMB29P) AppleWebKit/537.36 (KHTML, like Gecko) Chrome/80.0.3987.92 Mobile Safari/537.36 (compatible; Googlebot/2.1; +http://www.google.com/bot.html)"
207.46.13.6 - - [11/Jun/2020:12:56:40 +0200] "GET /node/1328 HTTP/1.1" 200 - "-" "Mozilla/5.0 (compatible; bingbot/2.0; +http://www.bing.com/bingbot.htm)"
40.77.167.239 - - [11/Jun/2020:12:58:23 +0200] "GET /robots.txt HTTP/1.1" 200 1590 "-" "Mozilla/5.0 (compatible; bingbot/2.0; +http://www.bing.com/bingbot.htm)"
40.77.202.43 - - [11/Jun/2020:12:58:26 +0200] "GET /files/szalmonellozis_rendelet_tervezet.pdf HTTP/1.1" 200 67222 "-" "Mozilla/5.0 (iPhone; CPU iPhone OS 7_0 like Mac OS X) AppleWebKit/537.51.1 (KHTML, like Gecko) Version/7.0 Mobile/11A465 Safari/9537.53 BingPreview/1.0b"
157.55.39.244 - - [11/Jun/2020:13:08:37 +0200] "GET /files/$File/fu_t_kon.pdf HTTP/1.1" 200 - "-" "Mozilla/5.0 (compatible; bingbot/2.0; +http://www.bing.com/bingbot.htm)"
193.224.39.254 - - [11/Jun/2020:13:10:06 +0200] "GET /favicon.ico HTTP/1.1" 404 57 "http://www.jogalkotas.hu/files/Tervezet_a_fizetesi_meghagyasos_eljarassal_kapcsolatos_rendeletekrol.pdf" "Mozilla/5.0 (Windows NT 10.0; Win64; x64) AppleWebKit/537.36 (KHTML, like Gecko) Chrome/83.0.4103.97 Safari/537.36"
193.224.39.254 - - [11/Jun/2020:13:10:06 +0200] "GET /files/Tervezet_a_fizetesi_meghagyasos_eljarassal_kapcsolatos_rendeletekrol.pdf HTTP/1.1" 200 772531 "https://www.google.com/" "Mozilla/5.0 (Windows NT 10.0; Win64; x64) AppleWebKit/537.36 (KHTML, like Gecko) Chrome/83.0.4103.97 Safari/537.36"
216.244.66.200 - - [11/Jun/2020:13:12:49 +0200] "GET /taxonomy/term/21?page=45 HTTP/1.1" 200 - "-" "Mozilla/5.0 (compatible; DotBot/1.1; http://www.opensiteexplorer.org/dotbot, help@moz.com)"
216.244.66.200 - - [11/Jun/2020:13:13:22 +0200] "GET /taxonomy/term/21?page=50 HTTP/1.1" 200 - "-" "Mozilla/5.0 (compatible; DotBot/1.1; http://www.opensiteexplorer.org/dotbot, help@moz.com)"
40.77.167.103 - - [11/Jun/2020:13:13:29 +0200] "GET /files/$File/im_k_bru.pdf HTTP/1.1" 200 - "-" "Mozilla/5.0 (compatible; bingbot/2.0; +http://www.bing.com/bingbot.htm)"
216.244.66.200 - - [11/Jun/2020:13:14:05 +0200] "GET /taxonomy/term/40?page=27 HTTP/1.1" 200 - "-" "Mozilla/5.0 (compatible; DotBot/1.1; http://www.opensiteexplorer.org/dotbot, help@moz.com)"
216.244.66.200 - - [11/Jun/2020:13:14:56 +0200] "GET /taxonomy/term/42 HTTP/1.1" 200 - "-" "Mozilla/5.0 (compatible; DotBot/1.1; http://www.opensiteexplorer.org/dotbot, help@moz.com)"
40.77.167.239 - - [11/Jun/2020:13:16:13 +0200] "GET /node/2588 HTTP/1.1" 200 - "-" "Mozilla/5.0 (compatible; bingbot/2.0; +http://www.bing.com/bingbot.htm)"
23.100.232.233 - - [11/Jun/2020:13:19:20 +0200] "GET /files/egyes_kormany-_es_miniszteri_rendeleti_szintu_jogszabalyok_es_jogszabalyi_rendelkezesek_technikai_deregulaciojarol_(3).doc HTTP/1.1" 200 244337 "-" "Mozilla/5.0 (compatible; MSIE 9.0; Windows NT 6.1; Trident/5.0; Trident/5.0)"
216.244.66.200 - - [11/Jun/2020:13:21:14 +0200] "GET /files/elelm_tap_ossz_allitas_rend_terv_090504.doc HTTP/1.1" 200 50176 "-" "Mozilla/5.0 (compatible; DotBot/1.1; http://www.opensiteexplorer.org/dotbot, help@moz.com)"
134.255.86.128 - - [11/Jun/2020:13:21:29 +0200] "GET /favicon.ico HTTP/1.1" 404 57 "http://www.jogalkotas.hu/files/090520_ekk_azonositogazdalkodas.pdf" "Mozilla/5.0 (Windows NT 10.0; Win64; x64) AppleWebKit/537.36 (KHTML, like Gecko) Chrome/83.0.4103.97 Safari/537.36"
134.255.86.128 - - [11/Jun/2020:13:21:29 +0200] "GET /files/090520_ekk_azonositogazdalkodas.pdf HTTP/1.1" 200 285190 "https://www.google.com/" "Mozilla/5.0 (Windows NT 10.0; Win64; x64) AppleWebKit/537.36 (KHTML, like Gecko) Chrome/83.0.4103.97 Safari/537.36"
216.244.66.200 - - [11/Jun/2020:13:21:49 +0200] "GET /files/hm_rendelet_tervezet_szolgalati_viszony_mod.pdf HTTP/1.1" 200 139827 "-" "Mozilla/5.0 (compatible; DotBot/1.1; http://www.opensiteexplorer.org/dotbot, help@moz.com)"
216.244.66.200 - - [11/Jun/2020:13:22:49 +0200] "GET /files/t%C3%85%C2%B1zv%C3%83%C2%A9delmi%20technika1.pdf HTTP/1.1" 200 - "-" "Mozilla/5.0 (compatible; DotBot/1.1; http://www.opensiteexplorer.org/dotbot, help@moz.com)"
216.244.66.200 - - [11/Jun/2020:13:23:07 +0200] "GET /files/305_2005_korm_rendelet_a_kozzetetelrol_kozadatkeresorol_reszletes_szabalyokrol_nem_hivatalos.rtf.txt HTTP/1.1" 200 210474 "-" "Mozilla/5.0 (compatible; DotBot/1.1; http://www.opensiteexplorer.org/dotbot, help@moz.com)"
40.77.167.239 - - [11/Jun/2020:13:31:50 +0200] "GET /robots.txt HTTP/1.1" 200 1590 "-" "Mozilla/5.0 (compatible; bingbot/2.0; +http://www.bing.com/bingbot.htm)"
157.55.39.244 - - [11/Jun/2020:13:37:24 +0200] "GET /files/tervezet_pirotechnikai_tevekenyseg.doc HTTP/1.1" 304 - "-" "Mozilla/5.0 (compatible; bingbot/2.0; +http://www.bing.com/bingbot.htm)"
157.55.39.244 - - [11/Jun/2020:13:39:30 +0200] "GET /node/35 HTTP/1.1" 200 - "-" "Mozilla/5.0 (compatible; bingbot/2.0; +http://www.bing.com/bingbot.htm)"
81.0.69.83 - - [11/Jun/2020:13:41:45 +0200] "GET /files/apolas_terv_070516.pdf HTTP/1.1" 200 480585 "https://www.google.com/" "Mozilla/5.0 (Windows NT 10.0; Win64; x64) AppleWebKit/537.36 (KHTML, like Gecko) Chrome/83.0.4103.97 Safari/537.36"
81.0.69.83 - - [11/Jun/2020:13:41:45 +0200] "GET /favicon.ico HTTP/1.1" 404 57 "http://www.jogalkotas.hu/files/apolas_terv_070516.pdf" "Mozilla/5.0 (Windows NT 10.0; Win64; x64) AppleWebKit/537.36 (KHTML, like Gecko) Chrome/83.0.4103.97 Safari/537.36"
195.199.250.230 - - [11/Jun/2020:13:45:22 +0200] "GET /files/alapf_muv_okt_kovet_060414.pdf HTTP/1.1" 200 86794 "https://www.google.com/" "Mozilla/5.0 (Windows NT 10.0; Win64; x64) AppleWebKit/537.36 (KHTML, like Gecko) Chrome/83.0.4103.97 Safari/537.36"
195.199.250.230 - - [11/Jun/2020:13:45:22 +0200] "GET /favicon.ico HTTP/1.1" 404 57 "http://www.jogalkotas.hu/files/alapf_muv_okt_kovet_060414.pdf" "Mozilla/5.0 (Windows NT 10.0; Win64; x64) AppleWebKit/537.36 (KHTML, like Gecko) Chrome/83.0.4103.97 Safari/537.36"
23.100.232.233 - - [11/Jun/2020:13:49:03 +0200] "GET /files/penz_term_eloterj_061211.pdf HTTP/1.1" 200 397118 "-" "Mozilla/5.0 (compatible; MSIE 9.0; Windows NT 6.0; Trident/5.0; Trident/5.0)"
40.77.167.239 - - [11/Jun/2020:13:50:03 +0200] "GET /files/1465_bmrendelet_modosito080829_(3).doc HTTP/1.1" 200 347136 "-" "Mozilla/5.0 (iPhone; CPU iPhone OS 7_0 like Mac OS X) AppleWebKit/537.51.1 (KHTML, like Gecko) Version/7.0 Mobile/11A465 Safari/9537.53 (compatible; bingbot/2.0; +http://www.bing.com/bingbot.htm)"
40.77.167.239 - - [11/Jun/2020:13:53:54 +0200] "GET /robots.txt HTTP/1.1" 200 1590 "-" "Mozilla/5.0 (compatible; bingbot/2.0; +http://www.bing.com/bingbot.htm)"
40.77.202.97 - - [11/Jun/2020:13:53:54 +0200] "GET /files/szakhatosag_normaszoveg.doc HTTP/1.1" 200 67217 "-" "Mozilla/5.0 (iPhone; CPU iPhone OS 7_0 like Mac OS X) AppleWebKit/537.51.1 (KHTML, like Gecko) Version/7.0 Mobile/11A465 Safari/9537.53 BingPreview/1.0b"
40.77.167.103 - - [11/Jun/2020:13:57:42 +0200] "GET /files/igazsagugyiszakertoalapvizsga.doc HTTP/1.1" 304 - "-" "Mozilla/5.0 (compatible; bingbot/2.0; +http://www.bing.com/bingbot.htm)"
207.46.13.6 - - [11/Jun/2020:14:00:11 +0200] "GET /node/313 HTTP/1.1" 200 - "-" "Mozilla/5.0 (compatible; bingbot/2.0; +http://www.bing.com/bingbot.htm)"
40.77.167.239 - - [11/Jun/2020:14:14:56 +0200] "GET /robots.txt HTTP/1.1" 200 1590 "-" "Mozilla/5.0 (compatible; bingbot/2.0; +http://www.bing.com/bingbot.htm)"
216.244.66.200 - - [11/Jun/2020:14:14:56 +0200] "GET /taxonomy/term/21?page=205 HTTP/1.1" 200 - "-" "Mozilla/5.0 (compatible; DotBot/1.1; http://www.opensiteexplorer.org/dotbot, help@moz.com)"
216.244.66.200 - - [11/Jun/2020:14:15:26 +0200] "GET /node/1214 HTTP/1.1" 200 - "-" "Mozilla/5.0 (compatible; DotBot/1.1; http://www.opensiteexplorer.org/dotbot, help@moz.com)"
207.46.13.6 - - [11/Jun/2020:14:16:05 +0200] "GET /files/szoc_fogl_terv_071127.pdf HTTP/1.1" 200 731507 "-" "Mozilla/5.0 (iPhone; CPU iPhone OS 7_0 like Mac OS X) AppleWebKit/537.51.1 (KHTML, like Gecko) Version/7.0 Mobile/11A465 Safari/9537.53 (compatible; bingbot/2.0; +http://www.bing.com/bingbot.htm)"
216.244.66.200 - - [11/Jun/2020:14:17:16 +0200] "GET /node/1871 HTTP/1.1" 200 - "-" "Mozilla/5.0 (compatible; DotBot/1.1; http://www.opensiteexplorer.org/dotbot, help@moz.com)"
216.244.66.200 - - [11/Jun/2020:14:18:06 +0200] "GET /node/481 HTTP/1.1" 200 - "-" "Mozilla/5.0 (compatible; DotBot/1.1; http://www.opensiteexplorer.org/dotbot, help@moz.com)"
40.77.167.103 - - [11/Jun/2020:14:21:33 +0200] "GET /files/emva_ekv_velemenyezesre.pdf HTTP/1.1" 304 - "-" "Mozilla/5.0 (compatible; bingbot/2.0; +http://www.bing.com/bingbot.htm)"
216.244.66.200 - - [11/Jun/2020:14:23:22 +0200] "GET /files/A%20p%C3%83%C2%A9nz%C3%83%C2%BCgyminiszter_0.doc HTTP/1.1" 200 - "-" "Mozilla/5.0 (compatible; DotBot/1.1; http://www.opensiteexplorer.org/dotbot, help@moz.com)"
216.169.131.254 - - [11/Jun/2020:14:23:36 +0200] "GET /node/2612 HTTP/1.1" 200 - "-" "Mozilla/5.0 (Windows NT 10.0; Win64; x64; rv:54.0) Gecko/20100101 Firefox/54.0"
216.244.66.200 - - [11/Jun/2020:14:24:03 +0200] "GET /files/Befekt_vallalk_arutozsde_szolg_terv_2007_08_09.doc HTTP/1.1" 200 599065 "-" "Mozilla/5.0 (compatible; DotBot/1.1; http://www.opensiteexplorer.org/dotbot, help@moz.com)"
216.244.66.200 - - [11/Jun/2020:14:24:35 +0200] "GET /files/hm_rendelet_terevezet_etkezesi_utalvany.pdf HTTP/1.1" 200 116684 "-" "Mozilla/5.0 (compatible; DotBot/1.1; http://www.opensiteexplorer.org/dotbot, help@moz.com)"
216.244.66.200 - - [11/Jun/2020:14:25:11 +0200] "GET /files/hm_rendelet_tervezet_kulszolgalat_jogallas.pdf HTTP/1.1" 200 168538 "-" "Mozilla/5.0 (compatible; DotBot/1.1; http://www.opensiteexplorer.org/dotbot, help@moz.com)"
216.244.66.200 - - [11/Jun/2020:14:26:13 +0200] "GET /files/8.%20%20sz%C3%83%C2%A1m%C3%83%C2%BA%20mell%C3%83%C2%A9klet.doc HTTP/1.1" 200 - "-" "Mozilla/5.0 (compatible; DotBot/1.1; http://www.opensiteexplorer.org/dotbot, help@moz.com)"
216.244.66.200 - - [11/Jun/2020:14:26:35 +0200] "GET /files/hm_rendelet_tervezet_hivatasos_es_szerzodeses_katonai_szolgalat.pdf HTTP/1.1" 200 98034 "-" "Mozilla/5.0 (compatible; DotBot/1.1; http://www.opensiteexplorer.org/dotbot, help@moz.com)"
216.244.66.200 - - [11/Jun/2020:14:27:16 +0200] "GET /files/hm_rendelet_tervezet_penzbeli_szocialis_juttatasok_modositasarol.pdf HTTP/1.1" 200 156577 "-" "Mozilla/5.0 (compatible; DotBot/1.1; http://www.opensiteexplorer.org/dotbot, help@moz.com)"
216.244.66.200 - - [11/Jun/2020:14:28:21 +0200] "GET /taxonomy/term/31/0/feed HTTP/1.1" 200 - "-" "Mozilla/5.0 (compatible; DotBot/1.1; http://www.opensiteexplorer.org/dotbot, help@moz.com)"
23.100.232.233 - - [11/Jun/2020:14:31:45 +0200] "GET /files/penz_term_eloterj_061211.pdf HTTP/1.1" 200 397118 "-" "Mozilla/5.0 (compatible; MSIE 9.0; Windows NT 6.0; Trident/5.0; Trident/5.0)"
157.55.39.244 - - [11/Jun/2020:14:36:14 +0200] "GET /node/1704 HTTP/1.1" 200 - "-" "Mozilla/5.0 (compatible; bingbot/2.0; +http://www.bing.com/bingbot.htm)"
40.77.167.239 - - [11/Jun/2020:14:38:06 +0200] "GET /files/14409_9.pdf HTTP/1.1" 200 298621 "-" "Mozilla/5.0 (iPhone; CPU iPhone OS 7_0 like Mac OS X) AppleWebKit/537.51.1 (KHTML, like Gecko) Version/7.0 Mobile/11A465 Safari/9537.53 (compatible; bingbot/2.0; +http://www.bing.com/bingbot.htm)"
66.249.66.158 - - [11/Jun/2020:14:39:30 +0200] "GET /files/fontos_es_bizalmas_munkakorok_060913.pdf HTTP/1.1" 200 114801 "-" "Mozilla/5.0 (Linux; Android 6.0.1; Nexus 5X Build/MMB29P) AppleWebKit/537.36 (KHTML, like Gecko) Chrome/80.0.3987.92 Mobile Safari/537.36 (compatible; Googlebot/2.1; +http://www.google.com/bot.html)"
40.77.167.239 - - [11/Jun/2020:14:40:06 +0200] "GET /robots.txt HTTP/1.1" 200 1590 "-" "Mozilla/5.0 (compatible; bingbot/2.0; +http://www.bing.com/bingbot.htm)"
40.77.167.103 - - [11/Jun/2020:14:44:16 +0200] "GET /files/ekozig_strategia.pdf HTTP/1.1" 304 - "-" "Mozilla/5.0 (compatible; bingbot/2.0; +http://www.bing.com/bingbot.htm)"
157.55.39.244 - - [11/Jun/2020:14:47:51 +0200] "GET / HTTP/1.1" 200 - "-" "Mozilla/5.0 (compatible; bingbot/2.0; +http://www.bing.com/bingbot.htm)"
193.91.81.99 - - [11/Jun/2020:14:54:51 +0200] "GET /files/14390_10.pdf HTTP/1.1" 200 866257 "-" "Mozilla/5.0 (Macintosh; Intel Mac OS X 10_15_5) AppleWebKit/537.36 (KHTML, like Gecko) Chrome/83.0.4103.61 Safari/537.36"
216.244.66.200 - - [11/Jun/2020:14:55:44 +0200] "GET /node/255 HTTP/1.1" 200 - "-" "Mozilla/5.0 (compatible; DotBot/1.1; http://www.opensiteexplorer.org/dotbot, help@moz.com)"
216.244.66.200 - - [11/Jun/2020:14:56:27 +0200] "GET /taxonomy/term/101?page=5 HTTP/1.1" 200 - "-" "Mozilla/5.0 (compatible; DotBot/1.1; http://www.opensiteexplorer.org/dotbot, help@moz.com)"
84.206.47.34 - - [11/Jun/2020:14:56:53 +0200] "GET /files/okirattariterv.pdf HTTP/1.1" 200 411997 "https://www.google.com/" "Mozilla/5.0 (Windows NT 6.1; Win64; x64) AppleWebKit/537.36 (KHTML, like Gecko) Chrome/83.0.4103.97 Safari/537.36"
84.206.47.34 - - [11/Jun/2020:14:56:53 +0200] "GET /favicon.ico HTTP/1.1" 404 57 "http://www.jogalkotas.hu/files/okirattariterv.pdf" "Mozilla/5.0 (Windows NT 6.1; Win64; x64) AppleWebKit/537.36 (KHTML, like Gecko) Chrome/83.0.4103.97 Safari/537.36"
216.244.66.200 - - [11/Jun/2020:14:57:59 +0200] "GET /node/897 HTTP/1.1" 200 - "-" "Mozilla/5.0 (compatible; DotBot/1.1; http://www.opensiteexplorer.org/dotbot, help@moz.com)"
40.77.167.239 - - [11/Jun/2020:14:58:17 +0200] "GET /robots.txt HTTP/1.1" 200 1590 "-" "Mozilla/5.0 (compatible; bingbot/2.0; +http://www.bing.com/bingbot.htm)"
157.55.39.244 - - [11/Jun/2020:14:58:21 +0200] "GET /files/huszas_060404.pdf HTTP/1.1" 200 199508 "-" "Mozilla/5.0 (compatible; bingbot/2.0; +http://www.bing.com/bingbot.htm)"
216.244.66.200 - - [11/Jun/2020:14:58:52 +0200] "GET /node/940 HTTP/1.1" 200 - "-" "Mozilla/5.0 (compatible; DotBot/1.1; http://www.opensiteexplorer.org/dotbot, help@moz.com)"
40.77.167.103 - - [11/Jun/2020:14:59:09 +0200] "GET /files/_3eg3fmuj5edin8pbbepknksr7k1m62t31_.pdf HTTP/1.1" 304 - "-" "Mozilla/5.0 (compatible; bingbot/2.0; +http://www.bing.com/bingbot.htm)"
216.244.66.200 - - [11/Jun/2020:14:59:42 +0200] "GET /node/996 HTTP/1.1" 200 - "-" "Mozilla/5.0 (compatible; DotBot/1.1; http://www.opensiteexplorer.org/dotbot, help@moz.com)"
216.244.66.200 - - [11/Jun/2020:15:00:32 +0200] "GET /taxonomy/term/39?page=36 HTTP/1.1" 200 - "-" "Mozilla/5.0 (compatible; DotBot/1.1; http://www.opensiteexplorer.org/dotbot, help@moz.com)"
216.244.66.200 - - [11/Jun/2020:15:01:23 +0200] "GET /taxonomy/term/40?page=26 HTTP/1.1" 200 - "-" "Mozilla/5.0 (compatible; DotBot/1.1; http://www.opensiteexplorer.org/dotbot, help@moz.com)"
216.244.66.200 - - [11/Jun/2020:15:02:13 +0200] "GET /taxonomy/term/40?page=97 HTTP/1.1" 200 - "-" "Mozilla/5.0 (compatible; DotBot/1.1; http://www.opensiteexplorer.org/dotbot, help@moz.com)"
216.244.66.200 - - [11/Jun/2020:15:03:03 +0200] "GET /node/947 HTTP/1.1" 200 - "-" "Mozilla/5.0 (compatible; DotBot/1.1; http://www.opensiteexplorer.org/dotbot, help@moz.com)"
216.244.66.200 - - [11/Jun/2020:15:05:51 +0200] "GET /files/25_2002-es_korm_rend.pdf HTTP/1.1" 200 244608 "-" "Mozilla/5.0 (compatible; DotBot/1.1; http://www.opensiteexplorer.org/dotbot, help@moz.com)"
216.244.66.200 - - [11/Jun/2020:15:06:26 +0200] "GET /files/KHEM_836_6normahonlapra.doc HTTP/1.1" 200 51200 "-" "Mozilla/5.0 (compatible; DotBot/1.1; http://www.opensiteexplorer.org/dotbot, help@moz.com)"
216.244.66.200 - - [11/Jun/2020:15:07:03 +0200] "GET /files/kem_bizt_vgr_jogharm_091208.doc HTTP/1.1" 200 147968 "-" "Mozilla/5.0 (compatible; DotBot/1.1; http://www.opensiteexplorer.org/dotbot, help@moz.com)"
216.244.66.200 - - [11/Jun/2020:15:07:39 +0200] "GET /files/legiforgalmi_1mellekletl.pdf HTTP/1.1" 200 188737 "-" "Mozilla/5.0 (compatible; DotBot/1.1; http://www.opensiteexplorer.org/dotbot, help@moz.com)"
216.244.66.200 - - [11/Jun/2020:15:08:17 +0200] "GET /files/megf_tabl_20080407.pdf HTTP/1.1" 200 125567 "-" "Mozilla/5.0 (compatible; DotBot/1.1; http://www.opensiteexplorer.org/dotbot, help@moz.com)"
216.244.66.200 - - [11/Jun/2020:15:08:55 +0200] "GET /files/35_2000_XI.30_rendelet_modositasarol.pdf HTTP/1.1" 200 97328 "-" "Mozilla/5.0 (compatible; DotBot/1.1; http://www.opensiteexplorer.org/dotbot, help@moz.com)"
216.244.66.200 - - [11/Jun/2020:15:09:26 +0200] "GET /files/4per2000_66per1999_EuM_rend_mod_090109.doc HTTP/1.1" 200 60416 "-" "Mozilla/5.0 (compatible; DotBot/1.1; http://www.opensiteexplorer.org/dotbot, help@moz.com)"
216.244.66.200 - - [11/Jun/2020:15:10:02 +0200] "GET /files/50_2004_fvm_modositas_velemenyezesre.pdf HTTP/1.1" 200 286188 "-" "Mozilla/5.0 (compatible; DotBot/1.1; http://www.opensiteexplorer.org/dotbot, help@moz.com)"
216.244.66.200 - - [11/Jun/2020:15:11:06 +0200] "GET /files/OEP-el%C3%85%E2%80%98terjeszt%C3%83%C2%A9s.doc HTTP/1.1" 200 - "-" "Mozilla/5.0 (compatible; DotBot/1.1; http://www.opensiteexplorer.org/dotbot, help@moz.com)"
216.244.66.200 - - [11/Jun/2020:15:11:33 +0200] "GET /files/agrarszakt_nevjegyz_eloterjesztes_velemenyezesre.pdf HTTP/1.1" 200 290842 "-" "Mozilla/5.0 (compatible; DotBot/1.1; http://www.opensiteexplorer.org/dotbot, help@moz.com)"
216.244.66.200 - - [11/Jun/2020:15:12:11 +0200] "GET /files/emva_mikrovallalkozasok_velemenyezesre.pdf HTTP/1.1" 200 269669 "-" "Mozilla/5.0 (compatible; DotBot/1.1; http://www.opensiteexplorer.org/dotbot, help@moz.com)"
84.206.41.100 - - [11/Jun/2020:15:12:36 +0200] "GET /favicon.ico HTTP/1.1" 404 57 "-" "Mozilla/5.0 (Windows NT 10.0; rv:77.0) Gecko/20100101 Firefox/77.0"
84.206.41.100 - - [11/Jun/2020:15:12:37 +0200] "GET /files/ptk.csaladjog_0.pdf HTTP/1.1" 206 65536 "https://www.google.com/" "Mozilla/5.0 (Windows NT 10.0; rv:77.0) Gecko/20100101 Firefox/77.0"
84.206.41.100 - - [11/Jun/2020:15:12:38 +0200] "GET /files/ptk.csaladjog_0.pdf HTTP/1.1" 200 429444 "https://www.google.com/" "Mozilla/5.0 (Windows NT 10.0; rv:77.0) Gecko/20100101 Firefox/77.0"
84.206.41.100 - - [11/Jun/2020:15:12:40 +0200] "GET /files/ptk.csaladjog_0.pdf HTTP/1.1" 206 36228 "https://www.google.com/" "Mozilla/5.0 (Windows NT 10.0; rv:77.0) Gecko/20100101 Firefox/77.0"
216.244.66.200 - - [11/Jun/2020:15:13:03 +0200] "GET /files/kabszer_jelentes_terv_071217.pdf HTTP/1.1" 200 566917 "-" "Mozilla/5.0 (compatible; DotBot/1.1; http://www.opensiteexplorer.org/dotbot, help@moz.com)"
216.244.66.200 - - [11/Jun/2020:15:13:42 +0200] "GET /files/kabszer_strategia_terv_071012.pdf HTTP/1.1" 200 450527 "-" "Mozilla/5.0 (compatible; DotBot/1.1; http://www.opensiteexplorer.org/dotbot, help@moz.com)"
40.77.167.239 - - [11/Jun/2020:15:14:42 +0200] "GET /robots.txt HTTP/1.1" 200 1590 "-" "Mozilla/5.0 (compatible; bingbot/2.0; +http://www.bing.com/bingbot.htm)"
216.244.66.200 - - [11/Jun/2020:15:14:44 +0200] "GET /files/normasz%C3%83%C2%B6veg-t%C3%83%C2%A1rc%C3%83%C2%A1ra.doc HTTP/1.1" 200 - "-" "Mozilla/5.0 (compatible; DotBot/1.1; http://www.opensiteexplorer.org/dotbot, help@moz.com)"
216.244.66.200 - - [11/Jun/2020:15:15:34 +0200] "GET /files/t%C3%83%C2%A1rc%C3%83%C2%A1ra.doc HTTP/1.1" 200 - "-" "Mozilla/5.0 (compatible; DotBot/1.1; http://www.opensiteexplorer.org/dotbot, help@moz.com)"
68.68.32.104 - - [11/Jun/2020:15:15:43 +0200] "GET /node/1145 HTTP/1.1" 200 - "-" "Mozilla/5.0 (Windows NT 6.1; WOW64; rv:52.9) Gecko/20100101 Goanna/3.4 Firefox/52.9 PaleMoon/27.9.3"
216.244.66.200 - - [11/Jun/2020:15:15:55 +0200] "GET /files/a_min_es_hatekony_gyogyszerrend_szab_min_rend_terv_090302.doc HTTP/1.1" 200 40448 "-" "Mozilla/5.0 (compatible; DotBot/1.1; http://www.opensiteexplorer.org/dotbot, help@moz.com)"
216.244.66.200 - - [11/Jun/2020:15:16:57 +0200] "GET /files/rekl%C3%83%C2%A1moz%C3%83%C2%A1s-indokol%C3%83%C2%A1s.doc HTTP/1.1" 200 - "-" "Mozilla/5.0 (compatible; DotBot/1.1; http://www.opensiteexplorer.org/dotbot, help@moz.com)"
23.100.232.233 - - [11/Jun/2020:15:17:29 +0200] "GET /files/penz_term_eloterj_061211.pdf HTTP/1.1" 200 397118 "-" "Mozilla/5.0 (compatible; MSIE 9.0; Windows NT 6.1; Trident/5.0; Trident/5.0)"
40.77.167.103 - - [11/Jun/2020:15:28:39 +0200] "GET /node/273 HTTP/1.1" 200 - "-" "Mozilla/5.0 (compatible; bingbot/2.0; +http://www.bing.com/bingbot.htm)"
40.77.167.103 - - [11/Jun/2020:15:31:56 +0200] "GET /files/$File/nk3.pdf HTTP/1.1" 200 - "-" "Mozilla/5.0 (compatible; bingbot/2.0; +http://www.bing.com/bingbot.htm)"
40.77.167.239 - - [11/Jun/2020:15:36:09 +0200] "GET /files/cstvmod-irm-honlapra.doc HTTP/1.1" 200 426496 "-" "Mozilla/5.0 (iPhone; CPU iPhone OS 7_0 like Mac OS X) AppleWebKit/537.51.1 (KHTML, like Gecko) Version/7.0 Mobile/11A465 Safari/9537.53 (compatible; bingbot/2.0; +http://www.bing.com/bingbot.htm)"
40.77.167.239 - - [11/Jun/2020:15:36:13 +0200] "GET /files/9per93_nm_rend_mod_090804.doc HTTP/1.1" 200 1833472 "-" "Mozilla/5.0 (iPhone; CPU iPhone OS 7_0 like Mac OS X) AppleWebKit/537.51.1 (KHTML, like Gecko) Version/7.0 Mobile/11A465 Safari/9537.53 (compatible; bingbot/2.0; +http://www.bing.com/bingbot.htm)"
216.244.66.200 - - [11/Jun/2020:15:38:38 +0200] "GET /taxonomy/term/21?page=172 HTTP/1.1" 200 - "-" "Mozilla/5.0 (compatible; DotBot/1.1; http://www.opensiteexplorer.org/dotbot, help@moz.com)"
216.244.66.200 - - [11/Jun/2020:15:39:09 +0200] "GET /taxonomy/term/40?page=122 HTTP/1.1" 200 - "-" "Mozilla/5.0 (compatible; DotBot/1.1; http://www.opensiteexplorer.org/dotbot, help@moz.com)"
216.244.66.200 - - [11/Jun/2020:15:39:50 +0200] "GET /taxonomy/term/40?page=64 HTTP/1.1" 200 - "-" "Mozilla/5.0 (compatible; DotBot/1.1; http://www.opensiteexplorer.org/dotbot, help@moz.com)"
216.244.66.200 - - [11/Jun/2020:15:40:42 +0200] "GET /taxonomy/term/1?page=96 HTTP/1.1" 200 - "-" "Mozilla/5.0 (compatible; DotBot/1.1; http://www.opensiteexplorer.org/dotbot, help@moz.com)"
216.244.66.200 - - [11/Jun/2020:15:41:33 +0200] "GET /node/1649 HTTP/1.1" 200 - "-" "Mozilla/5.0 (compatible; DotBot/1.1; http://www.opensiteexplorer.org/dotbot, help@moz.com)"
216.244.66.200 - - [11/Jun/2020:15:42:06 +0200] "GET /node/387 HTTP/1.1" 200 - "-" "Mozilla/5.0 (compatible; DotBot/1.1; http://www.opensiteexplorer.org/dotbot, help@moz.com)"
47.115.54.160 - - [11/Jun/2020:15:44:19 +0200] "GET /admin/themes/simplebootx/Public/assets/css/admin_login.css HTTP/1.1" 200 - "-" "Mozilla/5.0 (Windows NT 10.0; WOW64; rv:48.0) Gecko/20100101 Firefox/48.0"
207.46.13.6 - - [11/Jun/2020:15:44:55 +0200] "GET /node/1157 HTTP/1.1" 200 - "-" "Mozilla/5.0 (iPhone; CPU iPhone OS 7_0 like Mac OS X) AppleWebKit/537.51.1 (KHTML, like Gecko) Version/7.0 Mobile/11A465 Safari/9537.53 (compatible; bingbot/2.0; +http://www.bing.com/bingbot.htm)"
209.133.111.211 - - [11/Jun/2020:15:44:56 +0200] "GET /robots.txt HTTP/1.1" 200 1590 "-" "rogerbot/1.0 (http://www.moz.com/dp/rogerbot, rogerbot-crawler@moz.com)"
209.133.111.211 - - [11/Jun/2020:15:45:28 +0200] "GET /node/feed HTTP/1.1" 200 - "-" "rogerbot/1.0 (http://www.moz.com/dp/rogerbot, rogerbot-crawler@moz.com)"
40.77.167.103 - - [11/Jun/2020:15:45:38 +0200] "GET /node?page=5 HTTP/1.1" 200 - "-" "Mozilla/5.0 (compatible; bingbot/2.0; +http://www.bing.com/bingbot.htm)"
207.46.13.6 - - [11/Jun/2020:15:47:47 +0200] "GET /node/1654 HTTP/1.1" 200 - "-" "Mozilla/5.0 (compatible; bingbot/2.0; +http://www.bing.com/bingbot.htm)"
40.77.167.103 - - [11/Jun/2020:15:47:57 +0200] "GET /node/2107 HTTP/1.1" 200 - "-" "Mozilla/5.0 (compatible; bingbot/2.0; +http://www.bing.com/bingbot.htm)"
216.244.66.200 - - [11/Jun/2020:15:48:01 +0200] "GET /files/155_97_mod_terv_080811.pdf HTTP/1.1" 200 398685 "-" "Mozilla/5.0 (compatible; DotBot/1.1; http://www.opensiteexplorer.org/dotbot, help@moz.com)"
216.244.66.200 - - [11/Jun/2020:15:48:34 +0200] "GET /files/16_2004_mod_KOZIG.pdf HTTP/1.1" 200 53840 "-" "Mozilla/5.0 (compatible; DotBot/1.1; http://www.opensiteexplorer.org/dotbot, help@moz.com)"
23.100.232.233 - - [11/Jun/2020:15:48:34 +0200] "GET /files/egyes_kormany-_es_miniszteri_rendeleti_szintu_jogszabalyok_es_jogszabalyi_rendelkezesek_technikai_deregulaciojarol_(3).doc HTTP/1.1" 200 244337 "-" "Mozilla/5.0 (compatible; MSIE 9.0; Windows NT 6.0; Trident/5.0; Trident/5.0)"
216.244.66.200 - - [11/Jun/2020:15:49:04 +0200] "GET /files/23per2002_min_rend_mod.doc HTTP/1.1" 200 43008 "-" "Mozilla/5.0 (compatible; DotBot/1.1; http://www.opensiteexplorer.org/dotbot, help@moz.com)"
216.244.66.200 - - [11/Jun/2020:15:49:55 +0200] "GET /files/6_mell_FAVI_KARINFO_B2.doc HTTP/1.1" 200 471641 "-" "Mozilla/5.0 (compatible; DotBot/1.1; http://www.opensiteexplorer.org/dotbot, help@moz.com)"
216.244.66.200 - - [11/Jun/2020:15:50:46 +0200] "GET /files/drog_jelentes_terv_061211.pdf HTTP/1.1" 200 552730 "-" "Mozilla/5.0 (compatible; DotBot/1.1; http://www.opensiteexplorer.org/dotbot, help@moz.com)"
216.244.66.200 - - [11/Jun/2020:15:51:18 +0200] "GET /files/egyes_miniszteri_rendeletek.doc HTTP/1.1" 200 23552 "-" "Mozilla/5.0 (compatible; DotBot/1.1; http://www.opensiteexplorer.org/dotbot, help@moz.com)"
207.46.13.6 - - [11/Jun/2020:15:52:04 +0200] "GET /files/217per1997_es_102per1995kr_mod_2008_1210.doc HTTP/1.1" 200 97280 "-" "Mozilla/5.0 (iPhone; CPU iPhone OS 7_0 like Mac OS X) AppleWebKit/537.51.1 (KHTML, like Gecko) Version/7.0 Mobile/11A465 Safari/9537.53 (compatible; bingbot/2.0; +http://www.bing.com/bingbot.htm)"
216.244.66.200 - - [11/Jun/2020:15:52:20 +0200] "GET /files/indokol%C3%83%C2%A1s.doc HTTP/1.1" 200 - "-" "Mozilla/5.0 (compatible; DotBot/1.1; http://www.opensiteexplorer.org/dotbot, help@moz.com)"
216.244.66.200 - - [11/Jun/2020:15:52:46 +0200] "GET /files/rendelet_szakmapolra.doc HTTP/1.1" 200 175616 "-" "Mozilla/5.0 (compatible; DotBot/1.1; http://www.opensiteexplorer.org/dotbot, help@moz.com)"
216.244.66.200 - - [11/Jun/2020:15:53:38 +0200] "GET /files/szakhatosag_normaszoveg.doc HTTP/1.1" 200 651191 "-" "Mozilla/5.0 (compatible; DotBot/1.1; http://www.opensiteexplorer.org/dotbot, help@moz.com)"
216.244.66.200 - - [11/Jun/2020:15:54:10 +0200] "GET /files/vizsgahely_terv_071001.pdf HTTP/1.1" 200 122898 "-" "Mozilla/5.0 (compatible; DotBot/1.1; http://www.opensiteexplorer.org/dotbot, help@moz.com)"
216.244.66.200 - - [11/Jun/2020:15:54:46 +0200] "GET /files/080626_jogszabterv_digitvtam.pdf HTTP/1.1" 200 191378 "-" "Mozilla/5.0 (compatible; DotBot/1.1; http://www.opensiteexplorer.org/dotbot, help@moz.com)"
216.244.66.200 - - [11/Jun/2020:15:55:16 +0200] "GET /files/43_2003_mod_megfelelesi_tablazatok.zip HTTP/1.1" 200 15684 "-" "Mozilla/5.0 (compatible; DotBot/1.1; http://www.opensiteexplorer.org/dotbot, help@moz.com)"
40.77.167.239 - - [11/Jun/2020:15:55:30 +0200] "GET /robots.txt HTTP/1.1" 200 1590 "-" "Mozilla/5.0 (compatible; bingbot/2.0; +http://www.bing.com/bingbot.htm)"
216.244.66.200 - - [11/Jun/2020:15:55:58 +0200] "GET /files/alapf_muv_okt_kovet_III_060414.pdf HTTP/1.1" 200 252060 "-" "Mozilla/5.0 (compatible; DotBot/1.1; http://www.opensiteexplorer.org/dotbot, help@moz.com)"
216.244.66.200 - - [11/Jun/2020:15:56:42 +0200] "GET /files/karteritesi_feleloseg_terezet.pdf HTTP/1.1" 200 235277 "-" "Mozilla/5.0 (compatible; DotBot/1.1; http://www.opensiteexplorer.org/dotbot, help@moz.com)"
216.244.66.200 - - [11/Jun/2020:15:57:18 +0200] "GET /files/munkavedelmi_hatosag_eloterj.pdf HTTP/1.1" 200 182144 "-" "Mozilla/5.0 (compatible; DotBot/1.1; http://www.opensiteexplorer.org/dotbot, help@moz.com)"
40.77.167.239 - - [11/Jun/2020:16:00:06 +0200] "GET /files/fogyszabtv.doc HTTP/1.1" 304 - "-" "Mozilla/5.0 (compatible; bingbot/2.0; +http://www.bing.com/bingbot.htm)"
40.77.167.103 - - [11/Jun/2020:16:00:27 +0200] "GET /moodle/calendar/view.php?loan=3 HTTP/1.1" 200 - "-" "Mozilla/5.0 (iPhone; CPU iPhone OS 7_0 like Mac OS X) AppleWebKit/537.51.1 (KHTML, like Gecko) Version/7.0 Mobile/11A465 Safari/9537.53 (compatible; bingbot/2.0; +http://www.bing.com/bingbot.htm)"
40.77.167.239 - - [11/Jun/2020:16:06:21 +0200] "GET /node/2323 HTTP/1.1" 200 - "-" "Mozilla/5.0 (compatible; bingbot/2.0; +http://www.bing.com/bingbot.htm)"
40.77.167.239 - - [11/Jun/2020:16:07:46 +0200] "GET /user/register HTTP/1.1" 200 - "-" "Mozilla/5.0 (compatible; bingbot/2.0; +http://www.bing.com/bingbot.htm)"
66.249.66.89 - - [11/Jun/2020:16:11:34 +0200] "GET /files/szakke_terv_080411.pdf HTTP/1.1" 304 - "-" "Mozilla/5.0 (Linux; Android 6.0.1; Nexus 5X Build/MMB29P) AppleWebKit/537.36 (KHTML, like Gecko) Chrome/80.0.3987.92 Mobile Safari/537.36 (compatible; Googlebot/2.1; +http://www.google.com/bot.html)"
207.46.13.6 - - [11/Jun/2020:16:18:14 +0200] "GET /files/eitv.doc HTTP/1.1" 304 - "-" "Mozilla/5.0 (compatible; bingbot/2.0; +http://www.bing.com/bingbot.htm)"
216.244.66.200 - - [11/Jun/2020:16:19:22 +0200] "GET /taxonomy/term/25?page=9 HTTP/1.1" 200 - "-" "Mozilla/5.0 (compatible; DotBot/1.1; http://www.opensiteexplorer.org/dotbot, help@moz.com)"
216.244.66.200 - - [11/Jun/2020:16:19:52 +0200] "GET /taxonomy/term/27?page=21 HTTP/1.1" 200 - "-" "Mozilla/5.0 (compatible; DotBot/1.1; http://www.opensiteexplorer.org/dotbot, help@moz.com)"
216.244.66.200 - - [11/Jun/2020:16:20:33 +0200] "GET /taxonomy/term/21?page=116 HTTP/1.1" 200 - "-" "Mozilla/5.0 (compatible; DotBot/1.1; http://www.opensiteexplorer.org/dotbot, help@moz.com)"
216.244.66.200 - - [11/Jun/2020:16:21:23 +0200] "GET /taxonomy/term/40?page=67 HTTP/1.1" 200 - "-" "Mozilla/5.0 (compatible; DotBot/1.1; http://www.opensiteexplorer.org/dotbot, help@moz.com)"
199.244.88.132 - - [11/Jun/2020:16:22:12 +0200] "GET / HTTP/1.1" 200 - "-" "Mozilla/5.0 (Macintosh; Intel Mac OS X 10_9_3) AppleWebKit/537.36 (KHTML, like Gecko) Chrome/35.0.1916.47 Safari/537.36"
216.244.66.200 - - [11/Jun/2020:16:22:14 +0200] "GET /node/920 HTTP/1.1" 200 - "-" "Mozilla/5.0 (compatible; DotBot/1.1; http://www.opensiteexplorer.org/dotbot, help@moz.com)"
216.244.66.200 - - [11/Jun/2020:16:23:04 +0200] "GET /node/1444 HTTP/1.1" 200 - "-" "Mozilla/5.0 (compatible; DotBot/1.1; http://www.opensiteexplorer.org/dotbot, help@moz.com)"
216.244.66.200 - - [11/Jun/2020:16:23:37 +0200] "GET /node/1992 HTTP/1.1" 200 - "-" "Mozilla/5.0 (compatible; DotBot/1.1; http://www.opensiteexplorer.org/dotbot, help@moz.com)"
216.244.66.200 - - [11/Jun/2020:16:24:28 +0200] "GET /node/449 HTTP/1.1" 200 - "-" "Mozilla/5.0 (compatible; DotBot/1.1; http://www.opensiteexplorer.org/dotbot, help@moz.com)"
157.55.39.244 - - [11/Jun/2020:16:28:44 +0200] "GET /files/szocszolg_terv_091027.pdf HTTP/1.1" 304 - "-" "Mozilla/5.0 (compatible; bingbot/2.0; +http://www.bing.com/bingbot.htm)"
216.244.66.200 - - [11/Jun/2020:16:29:32 +0200] "GET /files/MinTerv-1-Ell-2007-02-14.doc HTTP/1.1" 200 239616 "-" "Mozilla/5.0 (compatible; DotBot/1.1; http://www.opensiteexplorer.org/dotbot, help@moz.com)"
216.244.66.200 - - [11/Jun/2020:16:30:17 +0200] "GET /files/eloterjesztes_0918_070919.pdf HTTP/1.1" 200 287052 "-" "Mozilla/5.0 (compatible; DotBot/1.1; http://www.opensiteexplorer.org/dotbot, help@moz.com)"
216.244.66.200 - - [11/Jun/2020:16:30:58 +0200] "GET /files/normativa_terv_070416.pdf HTTP/1.1" 200 289697 "-" "Mozilla/5.0 (compatible; DotBot/1.1; http://www.opensiteexplorer.org/dotbot, help@moz.com)"
216.244.66.200 - - [11/Jun/2020:16:31:35 +0200] "GET /files/szem_gond_terv_071119.pdf HTTP/1.1" 200 236697 "-" "Mozilla/5.0 (compatible; DotBot/1.1; http://www.opensiteexplorer.org/dotbot, help@moz.com)"
23.100.232.233 - - [11/Jun/2020:16:31:49 +0200] "GET /files/egyes_kormany-_es_miniszteri_rendeleti_szintu_jogszabalyok_es_jogszabalyi_rendelkezesek_technikai_deregulaciojarol_(3).doc HTTP/1.1" 200 244337 "-" "Mozilla/5.0 (compatible; MSIE 9.0; Windows NT 6.0; Trident/5.0; Trident/5.0)"
216.244.66.200 - - [11/Jun/2020:16:32:10 +0200] "GET /files/tervezet_kozig_08_01_31.pdf HTTP/1.1" 200 38589 "-" "Mozilla/5.0 (compatible; DotBot/1.1; http://www.opensiteexplorer.org/dotbot, help@moz.com)"
216.244.66.200 - - [11/Jun/2020:16:33:13 +0200] "GET /files/gy%C3%83%C2%B3gyszerforg_min_rend_terv.doc HTTP/1.1" 200 - "-" "Mozilla/5.0 (compatible; DotBot/1.1; http://www.opensiteexplorer.org/dotbot, help@moz.com)"
68.68.32.104 - - [11/Jun/2020:16:33:22 +0200] "GET /node/153 HTTP/1.1" 200 - "-" "Mozilla/5.0 (Windows NT 6.1; Win64; x64; rv:56.0) Gecko/20100101 Firefox/56.0 Waterfox/56.3"
216.244.66.200 - - [11/Jun/2020:16:33:52 +0200] "GET /files/hadkotelesek_hm_eum_rendelet_tervezet_melleklet.pdf HTTP/1.1" 200 436892 "-" "Mozilla/5.0 (compatible; DotBot/1.1; http://www.opensiteexplorer.org/dotbot, help@moz.com)"
216.244.66.200 - - [11/Jun/2020:16:34:55 +0200] "GET /files/hitelesites_kozig_20080818%20_2.pdf HTTP/1.1" 200 - "-" "Mozilla/5.0 (compatible; DotBot/1.1; http://www.opensiteexplorer.org/dotbot, help@moz.com)"
40.77.167.239 - - [11/Jun/2020:16:35:13 +0200] "GET /taxonomy/term/20/0/feed HTTP/1.1" 200 - "-" "Mozilla/5.0 (compatible; bingbot/2.0; +http://www.bing.com/bingbot.htm)"
216.244.66.200 - - [11/Jun/2020:16:35:13 +0200] "GET /files/kozossegi_jegyzek_rendelet_090609.doc HTTP/1.1" 200 47104 "-" "Mozilla/5.0 (compatible; DotBot/1.1; http://www.opensiteexplorer.org/dotbot, help@moz.com)"
66.249.66.158 - - [11/Jun/2020:16:35:35 +0200] "GET /files/xx_koltsegvetes_terv_090710.pdf HTTP/1.1" 200 170690 "-" "Mozilla/5.0 (Linux; Android 6.0.1; Nexus 5X Build/MMB29P) AppleWebKit/537.36 (KHTML, like Gecko) Chrome/80.0.3987.92 Mobile Safari/537.36 (compatible; Googlebot/2.1; +http://www.google.com/bot.html)"
216.244.66.200 - - [11/Jun/2020:16:35:45 +0200] "GET /files/nemz_teh_pr_csel_terv_081204.pdf HTTP/1.1" 200 167358 "-" "Mozilla/5.0 (compatible; DotBot/1.1; http://www.opensiteexplorer.org/dotbot, help@moz.com)"
216.244.66.200 - - [11/Jun/2020:16:36:17 +0200] "GET /files/torveny_tervezet_felsooktatas_jogallasarol.pdf HTTP/1.1" 200 86154 "-" "Mozilla/5.0 (compatible; DotBot/1.1; http://www.opensiteexplorer.org/dotbot, help@moz.com)"
216.244.66.200 - - [11/Jun/2020:16:36:53 +0200] "GET /files/Tervezet_a_vegrehajtoi_kezbesites_eljarasi_szabalyairol.pdf HTTP/1.1" 200 159770 "-" "Mozilla/5.0 (compatible; DotBot/1.1; http://www.opensiteexplorer.org/dotbot, help@moz.com)"
207.46.13.6 - - [11/Jun/2020:16:37:56 +0200] "GET /files/Gjz_rendelet_tervezete_090909.doc HTTP/1.1" 200 774144 "-" "Mozilla/5.0 (iPhone; CPU iPhone OS 7_0 like Mac OS X) AppleWebKit/537.51.1 (KHTML, like Gecko) Version/7.0 Mobile/11A465 Safari/9537.53 (compatible; bingbot/2.0; +http://www.bing.com/bingbot.htm)"
40.77.167.103 - - [11/Jun/2020:16:40:22 +0200] "GET /files/$File/fu__meg.pdf HTTP/1.1" 200 - "-" "Mozilla/5.0 (compatible; bingbot/2.0; +http://www.bing.com/bingbot.htm)"
40.77.167.239 - - [11/Jun/2020:16:47:53 +0200] "GET /taxonomy/term/27?page=21 HTTP/1.1" 200 - "-" "Mozilla/5.0 (compatible; bingbot/2.0; +http://www.bing.com/bingbot.htm)"
157.55.39.244 - - [11/Jun/2020:16:48:05 +0200] "GET /taxonomy/term/27?page=20 HTTP/1.1" 200 - "-" "Mozilla/5.0 (compatible; bingbot/2.0; +http://www.bing.com/bingbot.htm)"
118.190.53.55 - - [11/Jun/2020:16:53:54 +0200] "GET /data/admin/allowurl.txt HTTP/1.1" 200 - "-" "Mozilla/5.0 (Windows NT 10.0; WOW64; rv:48.0) Gecko/20100101 Firefox/48.0"
40.77.167.239 - - [11/Jun/2020:16:54:27 +0200] "GET /files/katonai_repules_tervezet.pdf HTTP/1.1" 200 140902 "-" "Mozilla/5.0 (iPhone; CPU iPhone OS 7_0 like Mac OS X) AppleWebKit/537.51.1 (KHTML, like Gecko) Version/7.0 Mobile/11A465 Safari/9537.53 (compatible; bingbot/2.0; +http://www.bing.com/bingbot.htm)"
40.77.167.239 - - [11/Jun/2020:16:56:51 +0200] "GET /robots.txt HTTP/1.1" 200 1590 "-" "Mozilla/5.0 (compatible; bingbot/2.0; +http://www.bing.com/bingbot.htm)"
40.77.202.66 - - [11/Jun/2020:16:56:53 +0200] "GET /files/ooszi.pdf HTTP/1.1" 200 67222 "-" "Mozilla/5.0 (iPhone; CPU iPhone OS 7_0 like Mac OS X) AppleWebKit/537.51.1 (KHTML, like Gecko) Version/7.0 Mobile/11A465 Safari/9537.53 BingPreview/1.0b"
178.154.200.224 - - [11/Jun/2020:16:57:03 +0200] "GET /robots.txt HTTP/1.1" 200 1590 "-" "Mozilla/5.0 (compatible; YandexBot/3.0; +http://yandex.com/bots)"
178.154.200.224 - - [11/Jun/2020:16:57:39 +0200] "GET /taxonomy/term/36 HTTP/1.1" 200 - "-" "Mozilla/5.0 (compatible; YandexBot/3.0; +http://yandex.com/bots)"
178.154.200.224 - - [11/Jun/2020:16:58:11 +0200] "GET /taxonomy/term/36 HTTP/1.1" 200 - "-" "Mozilla/5.0 (compatible; YandexBot/3.0; +http://yandex.com/bots)"
213.180.203.189 - - [11/Jun/2020:16:58:43 +0200] "GET /taxonomy/term/36 HTTP/1.1" 200 - "-" "Mozilla/5.0 (compatible; YandexBot/3.0; +http://yandex.com/bots)"
40.77.167.239 - - [11/Jun/2020:16:58:48 +0200] "GET /files/R303_2rendelet.doc HTTP/1.1" 200 63488 "-" "Mozilla/5.0 (compatible; bingbot/2.0; +http://www.bing.com/bingbot.htm)"
216.244.66.200 - - [11/Jun/2020:17:01:07 +0200] "GET /taxonomy/term/40?page=110 HTTP/1.1" 200 - "-" "Mozilla/5.0 (compatible; DotBot/1.1; http://www.opensiteexplorer.org/dotbot, help@moz.com)"
213.180.203.53 - - [11/Jun/2020:17:01:14 +0200] "GET /taxonomy/term/36 HTTP/1.1" 200 - "-" "Mozilla/5.0 (compatible; YandexBot/3.0; +http://yandex.com/bots)"
178.154.200.24 - - [11/Jun/2020:17:01:46 +0200] "GET /taxonomy/term/36 HTTP/1.1" 200 - "-" "Mozilla/5.0 (compatible; YandexBot/3.0; +http://yandex.com/bots)"
216.244.66.200 - - [11/Jun/2020:17:01:57 +0200] "GET /node/1160 HTTP/1.1" 200 - "-" "Mozilla/5.0 (compatible; DotBot/1.1; http://www.opensiteexplorer.org/dotbot, help@moz.com)"
216.244.66.200 - - [11/Jun/2020:17:02:39 +0200] "GET /node/1181 HTTP/1.1" 200 - "-" "Mozilla/5.0 (compatible; DotBot/1.1; http://www.opensiteexplorer.org/dotbot, help@moz.com)"
216.244.66.200 - - [11/Jun/2020:17:03:39 +0200] "GET /node/1841 HTTP/1.1" 200 - "-" "Mozilla/5.0 (compatible; DotBot/1.1; http://www.opensiteexplorer.org/dotbot, help@moz.com)"
216.244.66.200 - - [11/Jun/2020:17:04:29 +0200] "GET /taxonomy/term/40?page=71 HTTP/1.1" 200 - "-" "Mozilla/5.0 (compatible; DotBot/1.1; http://www.opensiteexplorer.org/dotbot, help@moz.com)"
216.169.131.254 - - [11/Jun/2020:17:09:30 +0200] "GET /node/1536 HTTP/1.1" 200 - "-" "Mozilla/5.0 (Windows NT 10.0; WOW64; rv:56.0) Gecko/20100101 Firefox/56.0"
216.244.66.200 - - [11/Jun/2020:17:09:46 +0200] "GET /files/284per1997korm_rend_mod.doc HTTP/1.1" 200 35328 "-" "Mozilla/5.0 (compatible; DotBot/1.1; http://www.opensiteexplorer.org/dotbot, help@moz.com)"
216.244.66.200 - - [11/Jun/2020:17:10:24 +0200] "GET /files/Csornoc_tervezet_kozig.pdf HTTP/1.1" 200 274235 "-" "Mozilla/5.0 (compatible; DotBot/1.1; http://www.opensiteexplorer.org/dotbot, help@moz.com)"
216.244.66.200 - - [11/Jun/2020:17:11:03 +0200] "GET /files/TK53-3hatastanulmany.doc HTTP/1.1" 200 101888 "-" "Mozilla/5.0 (compatible; DotBot/1.1; http://www.opensiteexplorer.org/dotbot, help@moz.com)"
216.244.66.200 - - [11/Jun/2020:17:11:35 +0200] "GET /files/pep_kormelterj_060727.pdf HTTP/1.1" 200 68592 "-" "Mozilla/5.0 (compatible; DotBot/1.1; http://www.opensiteexplorer.org/dotbot, help@moz.com)"
216.244.66.200 - - [11/Jun/2020:17:12:12 +0200] "GET /files/piro_korm_r_mod-terv_090928.doc HTTP/1.1" 200 171008 "-" "Mozilla/5.0 (compatible; DotBot/1.1; http://www.opensiteexplorer.org/dotbot, help@moz.com)"
207.46.13.6 - - [11/Jun/2020:17:12:38 +0200] "GET /files/1_mell_FAVI_ENG_alap.doc HTTP/1.1" 200 1641984 "-" "Mozilla/5.0 (iPhone; CPU iPhone OS 7_0 like Mac OS X) AppleWebKit/537.51.1 (KHTML, like Gecko) Version/7.0 Mobile/11A465 Safari/9537.53 (compatible; bingbot/2.0; +http://www.bing.com/bingbot.htm)"
216.244.66.200 - - [11/Jun/2020:17:12:51 +0200] "GET /files/szakkepesites_rend_1001.doc HTTP/1.1" 200 160256 "-" "Mozilla/5.0 (compatible; DotBot/1.1; http://www.opensiteexplorer.org/dotbot, help@moz.com)"
216.244.66.200 - - [11/Jun/2020:17:13:54 +0200] "GET /files/1.mell%C3%83%C2%A9klet%2007.24.doc HTTP/1.1" 200 - "-" "Mozilla/5.0 (compatible; DotBot/1.1; http://www.opensiteexplorer.org/dotbot, help@moz.com)"
216.244.66.200 - - [11/Jun/2020:17:14:13 +0200] "GET /files/44-2004-rendelet-modositas-indokolas.doc HTTP/1.1" 200 32256 "-" "Mozilla/5.0 (compatible; DotBot/1.1; http://www.opensiteexplorer.org/dotbot, help@moz.com)"
216.244.66.200 - - [11/Jun/2020:17:15:03 +0200] "GET /files/a_menedekjogrol_szolo_torveny_tervezete.doc HTTP/1.1" 200 481777 "-" "Mozilla/5.0 (compatible; DotBot/1.1; http://www.opensiteexplorer.org/dotbot, help@moz.com)"
216.244.66.200 - - [11/Jun/2020:17:15:39 +0200] "GET /files/allatbetegsegek_fvm_tervezet_velemenyezesre.pdf HTTP/1.1" 200 191970 "-" "Mozilla/5.0 (compatible; DotBot/1.1; http://www.opensiteexplorer.org/dotbot, help@moz.com)"
216.244.66.200 - - [11/Jun/2020:17:16:18 +0200] "GET /files/gyermekszegenyseg_tervezet_6_eloterj_070125.pdf HTTP/1.1" 200 193242 "-" "Mozilla/5.0 (compatible; DotBot/1.1; http://www.opensiteexplorer.org/dotbot, help@moz.com)"
216.244.66.200 - - [11/Jun/2020:17:17:09 +0200] "GET /files/hm_bm_pm_tervezet_2006_marcius_internetre.pdf HTTP/1.1" 200 410700 "-" "Mozilla/5.0 (compatible; DotBot/1.1; http://www.opensiteexplorer.org/dotbot, help@moz.com)"
216.244.66.200 - - [11/Jun/2020:17:17:58 +0200] "GET /files/kormeloterj_fogyeselykozalap.pdf HTTP/1.1" 200 358532 "-" "Mozilla/5.0 (compatible; DotBot/1.1; http://www.opensiteexplorer.org/dotbot, help@moz.com)"
68.68.32.104 - - [11/Jun/2020:17:18:19 +0200] "GET /node/2165 HTTP/1.1" 200 - "-" "Mozilla/5.0 (Windows NT 5.1; rv:46.0) Gecko/20100101 Firefox/46.0"
216.244.66.200 - - [11/Jun/2020:17:18:51 +0200] "GET /files/nyari_gyermetk_terv_090323-1.pdf HTTP/1.1" 200 523772 "-" "Mozilla/5.0 (compatible; DotBot/1.1; http://www.opensiteexplorer.org/dotbot, help@moz.com)"
216.244.66.200 - - [11/Jun/2020:17:19:33 +0200] "GET /files/tanev_rendje_0910_terv_090330.pdf HTTP/1.1" 200 406218 "-" "Mozilla/5.0 (compatible; DotBot/1.1; http://www.opensiteexplorer.org/dotbot, help@moz.com)"
216.244.66.200 - - [11/Jun/2020:17:20:14 +0200] "GET /files/tervezet_13-2001-mod_novenyfajok_kozig.pdf HTTP/1.1" 200 169563 "-" "Mozilla/5.0 (compatible; DotBot/1.1; http://www.opensiteexplorer.org/dotbot, help@moz.com)"
