216.244.66.200 - - [06/Jun/2020:03:29:38 +0200] "GET /taxonomy/term/40?page=23 HTTP/1.1" 200 - "-" "Mozilla/5.0 (compatible; DotBot/1.1; http://www.opensiteexplorer.org/dotbot, help@moz.com)"
216.244.66.200 - - [06/Jun/2020:03:30:31 +0200] "GET /node/1065 HTTP/1.1" 200 - "-" "Mozilla/5.0 (compatible; DotBot/1.1; http://www.opensiteexplorer.org/dotbot, help@moz.com)"
216.244.66.200 - - [06/Jun/2020:03:31:22 +0200] "GET /node/1078 HTTP/1.1" 200 - "-" "Mozilla/5.0 (compatible; DotBot/1.1; http://www.opensiteexplorer.org/dotbot, help@moz.com)"
216.244.66.200 - - [06/Jun/2020:03:31:56 +0200] "GET /files/080915_ekozszolg_tv_terv.pdf HTTP/1.1" 200 355804 "-" "Mozilla/5.0 (compatible; DotBot/1.1; http://www.opensiteexplorer.org/dotbot, help@moz.com)"
216.244.66.200 - - [06/Jun/2020:03:32:39 +0200] "GET /files/9per1993_min_rend_mod.doc HTTP/1.1" 200 436736 "-" "Mozilla/5.0 (compatible; DotBot/1.1; http://www.opensiteexplorer.org/dotbot, help@moz.com)"
216.244.66.200 - - [06/Jun/2020:03:33:24 +0200] "GET /files/Megyer-hegy_rendelet.pdf HTTP/1.1" 200 167911 "-" "Mozilla/5.0 (compatible; DotBot/1.1; http://www.opensiteexplorer.org/dotbot, help@moz.com)"
216.244.66.200 - - [06/Jun/2020:03:34:08 +0200] "GET /files/bbi_terv_090819.pdf HTTP/1.1" 200 191770 "-" "Mozilla/5.0 (compatible; DotBot/1.1; http://www.opensiteexplorer.org/dotbot, help@moz.com)"
66.249.75.97 - - [06/Jun/2020:03:34:42 +0200] "GET /node/2438 HTTP/1.1" 200 - "-" "Mozilla/5.0 (Linux; Android 6.0.1; Nexus 5X Build/MMB29P) AppleWebKit/537.36 (KHTML, like Gecko) Chrome/80.0.3987.92 Mobile Safari/537.36 (compatible; Googlebot/2.1; +http://www.google.com/bot.html)"
216.244.66.200 - - [06/Jun/2020:03:34:48 +0200] "GET /files/ihm_rend_szakkep_vizsga.doc HTTP/1.1" 200 159232 "-" "Mozilla/5.0 (compatible; DotBot/1.1; http://www.opensiteexplorer.org/dotbot, help@moz.com)"
216.244.66.200 - - [06/Jun/2020:03:35:23 +0200] "GET /files/szakmaiindokolas_0.doc HTTP/1.1" 200 58368 "-" "Mozilla/5.0 (compatible; DotBot/1.1; http://www.opensiteexplorer.org/dotbot, help@moz.com)"
216.244.66.200 - - [06/Jun/2020:03:36:14 +0200] "GET /files/szemelyugyi_igazgatas.pdf HTTP/1.1" 200 354356 "-" "Mozilla/5.0 (compatible; DotBot/1.1; http://www.opensiteexplorer.org/dotbot, help@moz.com)"
216.244.66.200 - - [06/Jun/2020:03:36:47 +0200] "GET /files/vendeglato_term.zip HTTP/1.1" 200 47122 "-" "Mozilla/5.0 (compatible; DotBot/1.1; http://www.opensiteexplorer.org/dotbot, help@moz.com)"
216.244.66.200 - - [06/Jun/2020:03:37:49 +0200] "GET /files/32-2004-indokol%C3%83%C2%A1s.doc HTTP/1.1" 200 - "-" "Mozilla/5.0 (compatible; DotBot/1.1; http://www.opensiteexplorer.org/dotbot, help@moz.com)"
216.244.66.200 - - [06/Jun/2020:03:38:17 +0200] "GET /files/korengedmenyes_ped_honlapra_060220.pdf HTTP/1.1" 200 209066 "-" "Mozilla/5.0 (compatible; DotBot/1.1; http://www.opensiteexplorer.org/dotbot, help@moz.com)"
216.244.66.200 - - [06/Jun/2020:03:38:56 +0200] "GET /files/kormeloterj_elelmiszerlanc_velemenyezesre.pdf HTTP/1.1" 200 178865 "-" "Mozilla/5.0 (compatible; DotBot/1.1; http://www.opensiteexplorer.org/dotbot, help@moz.com)"
216.244.66.200 - - [06/Jun/2020:03:39:33 +0200] "GET /files/nyugellatas_baleseti_jarulak_modositas.pdf HTTP/1.1" 200 102536 "-" "Mozilla/5.0 (compatible; DotBot/1.1; http://www.opensiteexplorer.org/dotbot, help@moz.com)"
216.244.66.200 - - [06/Jun/2020:03:40:25 +0200] "GET /files/ogyvszn_oszpszn_terv_090824.pdf HTTP/1.1" 200 441747 "-" "Mozilla/5.0 (compatible; DotBot/1.1; http://www.opensiteexplorer.org/dotbot, help@moz.com)"
216.244.66.200 - - [06/Jun/2020:03:41:08 +0200] "GET /files/rendelet_icsszem_fejkezelo_melleklet2.pdf HTTP/1.1" 200 197191 "-" "Mozilla/5.0 (compatible; DotBot/1.1; http://www.opensiteexplorer.org/dotbot, help@moz.com)"
216.244.66.200 - - [06/Jun/2020:03:41:43 +0200] "GET /files/rendelet_ugykezeles_nyilv_szakmapol.doc HTTP/1.1" 200 71680 "-" "Mozilla/5.0 (compatible; DotBot/1.1; http://www.opensiteexplorer.org/dotbot, help@moz.com)"
216.244.66.200 - - [06/Jun/2020:03:42:46 +0200] "GET /files/eg%C3%83%C2%BC_t%C3%83%C2%A1rgy%C3%83%C2%BA_korm_rend_mod.doc HTTP/1.1" 200 - "-" "Mozilla/5.0 (compatible; DotBot/1.1; http://www.opensiteexplorer.org/dotbot, help@moz.com)"
40.77.167.161 - - [06/Jun/2020:03:46:43 +0200] "GET /files/$File/eu_10.pdf HTTP/1.1" 200 - "-" "Mozilla/5.0 (compatible; bingbot/2.0; +http://www.bing.com/bingbot.htm)"
157.55.39.73 - - [06/Jun/2020:03:47:13 +0200] "GET /files/egy_eg_targy_korm_ren_torv_mod_091207.doc HTTP/1.1" 200 57344 "-" "Mozilla/5.0 (compatible; bingbot/2.0; +http://www.bing.com/bingbot.htm)"
66.249.75.100 - - [06/Jun/2020:03:47:31 +0200] "GET /node/2482 HTTP/1.1" 200 - "-" "Mozilla/5.0 (Linux; Android 6.0.1; Nexus 5X Build/MMB29P) AppleWebKit/537.36 (KHTML, like Gecko) Chrome/80.0.3987.92 Mobile Safari/537.36 (compatible; Googlebot/2.1; +http://www.google.com/bot.html)"
88.99.62.159 - - [06/Jun/2020:03:52:05 +0200] "GET /taxonomy/term/44/0/feed HTTP/1.1" 200 - "-" "AwarioRssBot/1.0 (+https://awario.com/bots.html; bots@awario.com)"
88.99.62.159 - - [06/Jun/2020:03:52:05 +0200] "GET /taxonomy/term/56/0/feed HTTP/1.1" 200 - "-" "AwarioRssBot/1.0 (+https://awario.com/bots.html; bots@awario.com)"
88.99.62.159 - - [06/Jun/2020:03:52:05 +0200] "GET /taxonomy/term/24/0/feed HTTP/1.1" 200 - "-" "AwarioRssBot/1.0 (+https://awario.com/bots.html; bots@awario.com)"
88.99.62.159 - - [06/Jun/2020:03:52:05 +0200] "GET /taxonomy/term/41/0/feed HTTP/1.1" 200 - "-" "AwarioRssBot/1.0 (+https://awario.com/bots.html; bots@awario.com)"
88.99.62.159 - - [06/Jun/2020:03:52:05 +0200] "GET /taxonomy/term/28/0/feed HTTP/1.1" 200 - "-" "AwarioRssBot/1.0 (+https://awario.com/bots.html; bots@awario.com)"
88.99.62.159 - - [06/Jun/2020:03:52:05 +0200] "GET /taxonomy/term/35/0/feed HTTP/1.1" 200 - "-" "AwarioRssBot/1.0 (+https://awario.com/bots.html; bots@awario.com)"
88.99.62.159 - - [06/Jun/2020:03:52:05 +0200] "GET /taxonomy/term/51/0/feed HTTP/1.1" 200 - "-" "AwarioRssBot/1.0 (+https://awario.com/bots.html; bots@awario.com)"
88.99.62.159 - - [06/Jun/2020:03:52:05 +0200] "GET /taxonomy/term/99/0/feed HTTP/1.1" 200 - "-" "AwarioRssBot/1.0 (+https://awario.com/bots.html; bots@awario.com)"
88.99.62.159 - - [06/Jun/2020:03:52:06 +0200] "GET /taxonomy/term/27/0/feed HTTP/1.1" 200 - "-" "AwarioRssBot/1.0 (+https://awario.com/bots.html; bots@awario.com)"
88.99.62.159 - - [06/Jun/2020:03:52:07 +0200] "GET /taxonomy/term/48/0/feed HTTP/1.1" 200 - "-" "AwarioRssBot/1.0 (+https://awario.com/bots.html; bots@awario.com)"
207.46.13.189 - - [06/Jun/2020:03:52:47 +0200] "GET /files/1214_5_mell.xls HTTP/1.1" 304 - "-" "Mozilla/5.0 (compatible; bingbot/2.0; +http://www.bing.com/bingbot.htm)"
66.249.75.97 - - [06/Jun/2020:03:53:37 +0200] "GET /node/2392 HTTP/1.1" 200 - "-" "Mozilla/5.0 (Linux; Android 6.0.1; Nexus 5X Build/MMB29P) AppleWebKit/537.36 (KHTML, like Gecko) Chrome/80.0.3987.92 Mobile Safari/537.36 (compatible; Googlebot/2.1; +http://www.google.com/bot.html)"
45.76.21.167 - - [06/Jun/2020:03:58:21 +0200] "GET / HTTP/1.1" 200 - "-" "Mozilla/5.0 (Macintosh; Intel Mac OS X 10_10_5) AppleWebKit/537.36 (KHTML, like Gecko) Chrome/45.0.2454.101 Safari/537.36"
216.244.66.200 - - [06/Jun/2020:04:05:46 +0200] "GET /files/madrid_abu_dhabi_080613.zip HTTP/1.1" 200 252505 "-" "Mozilla/5.0 (compatible; DotBot/1.1; http://www.opensiteexplorer.org/dotbot, help@moz.com)"
216.244.66.200 - - [06/Jun/2020:04:06:47 +0200] "GET /files/t%C3%85%E2%80%98kepiac.doc HTTP/1.1" 200 - "-" "Mozilla/5.0 (compatible; DotBot/1.1; http://www.opensiteexplorer.org/dotbot, help@moz.com)"
216.244.66.200 - - [06/Jun/2020:04:07:09 +0200] "GET /files/4per2000_66per1999_EuM_rend_mod_090109.doc HTTP/1.1" 200 60416 "-" "Mozilla/5.0 (compatible; DotBot/1.1; http://www.opensiteexplorer.org/dotbot, help@moz.com)"
216.244.66.200 - - [06/Jun/2020:04:07:50 +0200] "GET /files/57_2004_mod_velemenyezesre.pdf HTTP/1.1" 200 233513 "-" "Mozilla/5.0 (compatible; DotBot/1.1; http://www.opensiteexplorer.org/dotbot, help@moz.com)"
216.244.66.200 - - [06/Jun/2020:04:08:27 +0200] "GET /files/_gedgml83kcpnn4sl0edlmipb7__0.pdf HTTP/1.1" 200 203833 "-" "Mozilla/5.0 (compatible; DotBot/1.1; http://www.opensiteexplorer.org/dotbot, help@moz.com)"
216.244.66.200 - - [06/Jun/2020:04:09:32 +0200] "GET /files/gy%C3%83%C2%B3gyszerforg_min_rend_terv.doc HTTP/1.1" 200 - "-" "Mozilla/5.0 (compatible; DotBot/1.1; http://www.opensiteexplorer.org/dotbot, help@moz.com)"
216.244.66.200 - - [06/Jun/2020:04:09:57 +0200] "GET /files/szakmai_vizsgak_terv_080220.pdf HTTP/1.1" 200 157649 "-" "Mozilla/5.0 (compatible; DotBot/1.1; http://www.opensiteexplorer.org/dotbot, help@moz.com)"
66.249.75.100 - - [06/Jun/2020:04:12:34 +0200] "GET /node/2439 HTTP/1.1" 200 - "-" "Mozilla/5.0 (Linux; Android 6.0.1; Nexus 5X Build/MMB29P) AppleWebKit/537.36 (KHTML, like Gecko) Chrome/80.0.3987.92 Mobile Safari/537.36 (compatible; Googlebot/2.1; +http://www.google.com/bot.html)"
88.99.62.159 - - [06/Jun/2020:04:22:05 +0200] "GET /taxonomy/term/25/0/feed HTTP/1.1" 200 - "-" "AwarioRssBot/1.0 (+https://awario.com/bots.html; bots@awario.com)"
114.119.161.147 - - [06/Jun/2020:04:24:13 +0200] "GET /robots.txt HTTP/1.1" 200 1590 "-" "Mozilla/5.0 (Linux; Android 7.0;) AppleWebKit/537.36 (KHTML, like Gecko) Mobile Safari/537.36 (compatible; PetalBot;+https://aspiegel.com/petalbot)"
207.46.13.189 - - [06/Jun/2020:04:28:23 +0200] "GET /node/2189 HTTP/1.1" 200 - "-" "Mozilla/5.0 (compatible; bingbot/2.0; +http://www.bing.com/bingbot.htm)"
88.99.62.159 - - [06/Jun/2020:04:32:01 +0200] "GET /taxonomy/term/98/0/feed HTTP/1.1" 200 - "-" "AwarioRssBot/1.0 (+https://awario.com/bots.html; bots@awario.com)"
66.249.75.126 - - [06/Jun/2020:04:35:24 +0200] "GET /files/hadkotelesek_hm_eum_rendelet_tervezet_melleklet.pdf HTTP/1.1" 304 - "-" "Mozilla/5.0 (Linux; Android 6.0.1; Nexus 5X Build/MMB29P) AppleWebKit/537.36 (KHTML, like Gecko) Chrome/80.0.3987.92 Mobile Safari/537.36 (compatible; Googlebot/2.1; +http://www.google.com/bot.html)"
157.55.39.24 - - [06/Jun/2020:04:36:56 +0200] "GET /robots.txt HTTP/1.1" 200 1590 "-" "Mozilla/5.0 (compatible; bingbot/2.0; +http://www.bing.com/bingbot.htm)"
157.55.39.73 - - [06/Jun/2020:04:37:34 +0200] "GET /files/Irattariterv_onkormanyzatihivatalok_allig.pdf HTTP/1.1" 304 - "-" "Mozilla/5.0 (compatible; bingbot/2.0; +http://www.bing.com/bingbot.htm)"
207.46.13.89 - - [06/Jun/2020:04:37:46 +0200] "GET /node/2448 HTTP/1.1" 200 - "-" "Mozilla/5.0 (compatible; bingbot/2.0; +http://www.bing.com/bingbot.htm)"
66.249.75.97 - - [06/Jun/2020:04:40:57 +0200] "GET /node/2455 HTTP/1.1" 200 - "-" "Mozilla/5.0 (Linux; Android 6.0.1; Nexus 5X Build/MMB29P) AppleWebKit/537.36 (KHTML, like Gecko) Chrome/80.0.3987.92 Mobile Safari/537.36 (compatible; Googlebot/2.1; +http://www.google.com/bot.html)"
157.55.39.73 - - [06/Jun/2020:04:41:49 +0200] "GET /node/296 HTTP/1.1" 200 - "-" "Mozilla/5.0 (compatible; bingbot/2.0; +http://www.bing.com/bingbot.htm)"
209.133.111.211 - - [06/Jun/2020:04:42:40 +0200] "GET /robots.txt HTTP/1.1" 200 1590 "-" "rogerbot/1.0 (http://www.moz.com/dp/rogerbot, rogerbot-crawler@moz.com)"
207.46.13.189 - - [06/Jun/2020:04:42:44 +0200] "GET /node/228 HTTP/1.1" 200 - "-" "Mozilla/5.0 (compatible; bingbot/2.0; +http://www.bing.com/bingbot.htm)"
209.133.111.211 - - [06/Jun/2020:04:43:11 +0200] "GET /node/feed HTTP/1.1" 200 - "-" "rogerbot/1.0 (http://www.moz.com/dp/rogerbot, rogerbot-crawler@moz.com)"
207.46.13.89 - - [06/Jun/2020:04:44:45 +0200] "GET /node/2123 HTTP/1.1" 200 - "-" "Mozilla/5.0 (compatible; bingbot/2.0; +http://www.bing.com/bingbot.htm)"
216.244.66.200 - - [06/Jun/2020:04:47:49 +0200] "GET /files/0912_D_nesmajor_rendelet.doc HTTP/1.1" 200 35328 "-" "Mozilla/5.0 (compatible; DotBot/1.1; http://www.opensiteexplorer.org/dotbot, help@moz.com)"
216.244.66.200 - - [06/Jun/2020:04:48:20 +0200] "GET /files/jelentes_0918_070919.pdf HTTP/1.1" 200 390556 "-" "Mozilla/5.0 (compatible; DotBot/1.1; http://www.opensiteexplorer.org/dotbot, help@moz.com)"
216.244.66.200 - - [06/Jun/2020:04:48:40 +0200] "GET /files/rendelettervezet%2001-25.doc HTTP/1.1" 200 43008 "-" "Mozilla/5.0 (compatible; DotBot/1.1; http://www.opensiteexplorer.org/dotbot, help@moz.com)"
216.244.66.200 - - [06/Jun/2020:04:49:02 +0200] "GET /files/szakkepzes_hozzaj_060404.pdf HTTP/1.1" 200 132937 "-" "Mozilla/5.0 (compatible; DotBot/1.1; http://www.opensiteexplorer.org/dotbot, help@moz.com)"
216.244.66.200 - - [06/Jun/2020:04:49:23 +0200] "GET /files/17per2009min_rend_mod_091106.doc HTTP/1.1" 200 37888 "-" "Mozilla/5.0 (compatible; DotBot/1.1; http://www.opensiteexplorer.org/dotbot, help@moz.com)"
216.244.66.200 - - [06/Jun/2020:04:49:58 +0200] "GET /files/20per1996_nm_rend_mod_090522.doc HTTP/1.1" 200 279040 "-" "Mozilla/5.0 (compatible; DotBot/1.1; http://www.opensiteexplorer.org/dotbot, help@moz.com)"
216.244.66.200 - - [06/Jun/2020:04:50:38 +0200] "GET /files/22_2004_kormrend_mod_terv_100217.pdf HTTP/1.1" 200 224821 "-" "Mozilla/5.0 (compatible; DotBot/1.1; http://www.opensiteexplorer.org/dotbot, help@moz.com)"
88.99.62.159 - - [06/Jun/2020:04:51:00 +0200] "GET /taxonomy/term/23/0/feed HTTP/1.1" 200 - "-" "AwarioRssBot/1.0 (+https://awario.com/bots.html; bots@awario.com)"
216.244.66.200 - - [06/Jun/2020:04:51:17 +0200] "GET /files/26_2000_szmm_rend_mod_terv_090716.pdf HTTP/1.1" 200 226338 "-" "Mozilla/5.0 (compatible; DotBot/1.1; http://www.opensiteexplorer.org/dotbot, help@moz.com)"
157.55.39.73 - - [06/Jun/2020:04:51:26 +0200] "GET /files/egyesrend%C3%A9szeti.pdf HTTP/1.1" 200 473994 "-" "Mozilla/5.0 (compatible; bingbot/2.0; +http://www.bing.com/bingbot.htm)"
216.244.66.200 - - [06/Jun/2020:04:52:09 +0200] "GET /files/CITES_Fuggelekek_modositas_kozigre_0325.pdf HTTP/1.1" 200 618419 "-" "Mozilla/5.0 (compatible; DotBot/1.1; http://www.opensiteexplorer.org/dotbot, help@moz.com)"
216.244.66.200 - - [06/Jun/2020:04:52:46 +0200] "GET /files/TD_tv_kozigazgatasi_egyeztetes.pdf HTTP/1.1" 200 220061 "-" "Mozilla/5.0 (compatible; DotBot/1.1; http://www.opensiteexplorer.org/dotbot, help@moz.com)"
216.244.66.200 - - [06/Jun/2020:04:53:19 +0200] "GET /files/jogalkotas_nyilvanossaga_2006feb.pdf HTTP/1.1" 200 51472 "-" "Mozilla/5.0 (compatible; DotBot/1.1; http://www.opensiteexplorer.org/dotbot, help@moz.com)"
216.244.66.200 - - [06/Jun/2020:04:53:52 +0200] "GET /files/szallashely_kormr_terv_090804.pdf HTTP/1.1" 200 161553 "-" "Mozilla/5.0 (compatible; DotBot/1.1; http://www.opensiteexplorer.org/dotbot, help@moz.com)"
216.244.66.200 - - [06/Jun/2020:04:54:39 +0200] "GET /files/szoc_raszorultsag_terv_061211.pdf HTTP/1.1" 200 163844 "-" "Mozilla/5.0 (compatible; DotBot/1.1; http://www.opensiteexplorer.org/dotbot, help@moz.com)"
155.56.68.214 - - [06/Jun/2020:04:55:49 +0200] "GET /files/noszaLogo.jpg HTTP/1.1" 304 - "-" "Mozilla/4.0 (compatible;)"
40.77.167.161 - - [06/Jun/2020:05:02:25 +0200] "GET /node/1339 HTTP/1.1" 200 - "-" "Mozilla/5.0 (compatible; bingbot/2.0; +http://www.bing.com/bingbot.htm)"
207.46.13.189 - - [06/Jun/2020:05:06:08 +0200] "GET /node/2324 HTTP/1.1" 200 - "-" "Mozilla/5.0 (compatible; bingbot/2.0; +http://www.bing.com/bingbot.htm)"
40.77.167.161 - - [06/Jun/2020:05:13:18 +0200] "GET /node/2384 HTTP/1.1" 200 - "-" "Mozilla/5.0 (compatible; bingbot/2.0; +http://www.bing.com/bingbot.htm)"
40.77.167.161 - - [06/Jun/2020:05:16:42 +0200] "GET /node/1068 HTTP/1.1" 200 - "-" "Mozilla/5.0 (compatible; bingbot/2.0; +http://www.bing.com/bingbot.htm)"
207.46.13.189 - - [06/Jun/2020:05:23:04 +0200] "GET /node/2574 HTTP/1.1" 200 - "-" "Mozilla/5.0 (compatible; bingbot/2.0; +http://www.bing.com/bingbot.htm)"
40.77.167.161 - - [06/Jun/2020:05:25:21 +0200] "GET /files/$File/fu__kon.pdf HTTP/1.1" 200 - "-" "Mozilla/5.0 (compatible; bingbot/2.0; +http://www.bing.com/bingbot.htm)"
207.46.13.189 - - [06/Jun/2020:05:26:35 +0200] "GET /files/T6308.doc HTTP/1.1" 304 - "-" "Mozilla/5.0 (compatible; bingbot/2.0; +http://www.bing.com/bingbot.htm)"
66.249.75.100 - - [06/Jun/2020:05:28:18 +0200] "GET /taxonomy/term/25?page=6 HTTP/1.1" 200 - "-" "Mozilla/5.0 (Linux; Android 6.0.1; Nexus 5X Build/MMB29P) AppleWebKit/537.36 (KHTML, like Gecko) Chrome/80.0.3987.92 Mobile Safari/537.36 (compatible; Googlebot/2.1; +http://www.google.com/bot.html)"
216.244.66.200 - - [06/Jun/2020:05:30:29 +0200] "GET /files/1212_T_rc_ra_Kapszeg.doc HTTP/1.1" 200 69120 "-" "Mozilla/5.0 (compatible; DotBot/1.1; http://www.opensiteexplorer.org/dotbot, help@moz.com)"
216.244.66.200 - - [06/Jun/2020:05:30:45 +0200] "GET /files/2001_ci_terv_080731.pdf HTTP/1.1" 200 192777 "-" "Mozilla/5.0 (compatible; DotBot/1.1; http://www.opensiteexplorer.org/dotbot, help@moz.com)"
216.244.66.200 - - [06/Jun/2020:05:31:13 +0200] "GET /files/3669_terv_071008.pdf HTTP/1.1" 200 199566 "-" "Mozilla/5.0 (compatible; DotBot/1.1; http://www.opensiteexplorer.org/dotbot, help@moz.com)"
157.55.39.73 - - [06/Jun/2020:05:31:50 +0200] "GET /node/2232 HTTP/1.1" 200 - "-" "Mozilla/5.0 (compatible; bingbot/2.0; +http://www.bing.com/bingbot.htm)"
216.244.66.200 - - [06/Jun/2020:05:32:00 +0200] "GET /files/KHEM_3649_10_norma.doc HTTP/1.1" 200 320512 "-" "Mozilla/5.0 (compatible; DotBot/1.1; http://www.opensiteexplorer.org/dotbot, help@moz.com)"
40.77.167.161 - - [06/Jun/2020:05:32:26 +0200] "GET /files/NFGM2005_0.pdf HTTP/1.1" 304 - "-" "Mozilla/5.0 (compatible; bingbot/2.0; +http://www.bing.com/bingbot.htm)"
216.244.66.200 - - [06/Jun/2020:05:32:37 +0200] "GET /files/TK53-3hatastanulmany.doc HTTP/1.1" 200 101888 "-" "Mozilla/5.0 (compatible; DotBot/1.1; http://www.opensiteexplorer.org/dotbot, help@moz.com)"
216.244.66.200 - - [06/Jun/2020:05:33:11 +0200] "GET /files/elemiszerkonyv_melleklet.pdf HTTP/1.1" 200 19554 "-" "Mozilla/5.0 (compatible; DotBot/1.1; http://www.opensiteexplorer.org/dotbot, help@moz.com)"
216.244.66.200 - - [06/Jun/2020:05:34:01 +0200] "GET /files/ihm_rend_radio_amator.pdf HTTP/1.1" 200 416620 "-" "Mozilla/5.0 (compatible; DotBot/1.1; http://www.opensiteexplorer.org/dotbot, help@moz.com)"
216.244.66.200 - - [06/Jun/2020:05:34:34 +0200] "GET /files/ktt_terv_090212.pdf HTTP/1.1" 200 181948 "-" "Mozilla/5.0 (compatible; DotBot/1.1; http://www.opensiteexplorer.org/dotbot, help@moz.com)"
216.244.66.200 - - [06/Jun/2020:05:35:22 +0200] "GET /files/nemzetkozi_karterites.pdf HTTP/1.1" 200 423190 "-" "Mozilla/5.0 (compatible; DotBot/1.1; http://www.opensiteexplorer.org/dotbot, help@moz.com)"
216.244.66.200 - - [06/Jun/2020:05:35:58 +0200] "GET /files/vizsgahely_terv_071001.pdf HTTP/1.1" 200 122898 "-" "Mozilla/5.0 (compatible; DotBot/1.1; http://www.opensiteexplorer.org/dotbot, help@moz.com)"
216.244.66.200 - - [06/Jun/2020:05:36:37 +0200] "GET /files/13_2008_mod_xx_fejezetiterv_081001.pdf HTTP/1.1" 200 196838 "-" "Mozilla/5.0 (compatible; DotBot/1.1; http://www.opensiteexplorer.org/dotbot, help@moz.com)"
216.244.66.200 - - [06/Jun/2020:05:37:10 +0200] "GET /files/18per2007_eum_rind_mod_081212.doc HTTP/1.1" 200 72704 "-" "Mozilla/5.0 (compatible; DotBot/1.1; http://www.opensiteexplorer.org/dotbot, help@moz.com)"
40.77.167.161 - - [06/Jun/2020:05:37:41 +0200] "GET /node/2230 HTTP/1.1" 200 - "-" "Mozilla/5.0 (compatible; bingbot/2.0; +http://www.bing.com/bingbot.htm)"
216.244.66.200 - - [06/Jun/2020:05:37:43 +0200] "GET /files/bv__targyu_im_rendeletek_modositasa.doc HTTP/1.1" 200 53248 "-" "Mozilla/5.0 (compatible; DotBot/1.1; http://www.opensiteexplorer.org/dotbot, help@moz.com)"
66.249.75.126 - - [06/Jun/2020:05:37:46 +0200] "GET /taxonomy/term/25?page=3 HTTP/1.1" 200 - "-" "Mozilla/5.0 (Linux; Android 6.0.1; Nexus 5X Build/MMB29P) AppleWebKit/537.36 (KHTML, like Gecko) Chrome/80.0.3987.92 Mobile Safari/537.36 (compatible; Googlebot/2.1; +http://www.google.com/bot.html)"
216.244.66.200 - - [06/Jun/2020:05:38:27 +0200] "GET /files/felsooo_finanszterv_080124.pdf HTTP/1.1" 200 307884 "-" "Mozilla/5.0 (compatible; DotBot/1.1; http://www.opensiteexplorer.org/dotbot, help@moz.com)"
185.234.216.28 - - [06/Jun/2020:05:39:01 +0200] "GET /wp-login.php HTTP/1.1" 200 - "-" "Mozilla/5.0 (compatible; MSIE 9.0; Windows NT 6.1; Trident/5.0)"
216.244.66.200 - - [06/Jun/2020:05:39:01 +0200] "GET /files/mgexportkorm.elterjeszts20070710.pdf HTTP/1.1" 200 79382 "-" "Mozilla/5.0 (compatible; DotBot/1.1; http://www.opensiteexplorer.org/dotbot, help@moz.com)"
185.234.216.28 - - [06/Jun/2020:05:39:31 +0200] "GET //wp-login.php HTTP/1.1" 200 - "-" "Mozilla/5.0 (compatible; MSIE 9.0; Windows NT 6.1; Trident/5.0)"
216.244.66.200 - - [06/Jun/2020:05:39:35 +0200] "GET /files/takarmanykodex_modositas_0.pdf HTTP/1.1" 200 47813 "-" "Mozilla/5.0 (compatible; DotBot/1.1; http://www.opensiteexplorer.org/dotbot, help@moz.com)"
207.46.13.89 - - [06/Jun/2020:05:39:46 +0200] "GET /files/gyermved_kormrend_terv_081008.pdf HTTP/1.1" 304 - "-" "Mozilla/5.0 (compatible; bingbot/2.0; +http://www.bing.com/bingbot.htm)"
216.244.66.200 - - [06/Jun/2020:05:40:08 +0200] "GET /files/terv_2007_mszuneti_napok_munkarend-1.pdf HTTP/1.1" 200 107131 "-" "Mozilla/5.0 (compatible; DotBot/1.1; http://www.opensiteexplorer.org/dotbot, help@moz.com)"
148.251.41.239 - - [06/Jun/2020:05:45:59 +0200] "GET /robots.txt HTTP/1.1" 200 1590 "-" "Mozilla/5.0 (compatible; MJ12bot/v1.4.8; http://mj12bot.com/)"
148.251.41.239 - - [06/Jun/2020:05:46:48 +0200] "GET /files/19-2003-Mell%C3%83%C2%A9kletek.xls.txt HTTP/1.1" 200 - "-" "Mozilla/5.0 (compatible; MJ12bot/v1.4.8; http://mj12bot.com/)"
66.249.75.100 - - [06/Jun/2020:05:47:14 +0200] "GET /node/2440 HTTP/1.1" 200 - "-" "Mozilla/5.0 (Linux; Android 6.0.1; Nexus 5X Build/MMB29P) AppleWebKit/537.36 (KHTML, like Gecko) Chrome/80.0.3987.92 Mobile Safari/537.36 (compatible; Googlebot/2.1; +http://www.google.com/bot.html)"
148.251.41.239 - - [06/Jun/2020:05:47:30 +0200] "GET /files/9-93.normasz%C3%83%C2%B6veg.m%C3%83%C2%B3d.2007.febr.T%C3%83?RCA.doc HTTP/1.1" 200 - "-" "Mozilla/5.0 (compatible; MJ12bot/v1.4.8; http://mj12bot.com/)"
148.251.41.239 - - [06/Jun/2020:05:48:13 +0200] "GET /files/A%20T%C3%83%E2%80%93RV%C3%83%E2%80%B0NYJAVASLAT%20MELL%C3%83%E2%80%B0KLETEI.htm.txt HTTP/1.1" 200 - "-" "Mozilla/5.0 (compatible; MJ12bot/v1.4.8; http://mj12bot.com/)"
148.251.41.239 - - [06/Jun/2020:05:48:58 +0200] "GET /files/AZ%20%C3%83?S%20MELL%C3%83%E2%80%B0KLETEI.htm.txt HTTP/1.1" 200 - "-" "Mozilla/5.0 (compatible; MJ12bot/v1.4.8; http://mj12bot.com/)"
148.251.41.239 - - [06/Jun/2020:05:49:46 +0200] "GET /files/Alap-%C3%83%C2%A9s%20m%C3%85%C2%B1k%C3%83%C2%B6d%C3%83%C2%A9si%20nyilv%C3%83%C2%A1ntart%C3%83%C2%A1s-T%C3%83?RCA03.20..doc HTTP/1.1" 200 - "-" "Mozilla/5.0 (compatible; MJ12bot/v1.4.8; http://mj12bot.com/)"
148.251.41.239 - - [06/Jun/2020:05:50:32 +0200] "GET /files/FEJEZETI%20K%C3%83%E2%80%93TETEK.htm.txt HTTP/1.1" 200 - "-" "Mozilla/5.0 (compatible; MJ12bot/v1.4.8; http://mj12bot.com/)"
148.251.41.239 - - [06/Jun/2020:05:51:19 +0200] "GET /files/INDOKOL%C3%83?1.doc HTTP/1.1" 200 - "-" "Mozilla/5.0 (compatible; MJ12bot/v1.4.8; http://mj12bot.com/)"
148.251.41.239 - - [06/Jun/2020:05:52:06 +0200] "GET /files/INDOKOL%C3%83?S.doc HTTP/1.1" 200 - "-" "Mozilla/5.0 (compatible; MJ12bot/v1.4.8; http://mj12bot.com/)"
157.55.39.73 - - [06/Jun/2020:05:52:17 +0200] "GET /taxonomy/term/83/0/feed HTTP/1.1" 200 - "-" "Mozilla/5.0 (compatible; bingbot/2.0; +http://www.bing.com/bingbot.htm)"
148.251.41.239 - - [06/Jun/2020:05:52:51 +0200] "GET /files/SzaboMate_hozz%C3%83%C2%A1f%C3%83%C2%A9r%C3%83%C2%A9s.pps HTTP/1.1" 200 - "-" "Mozilla/5.0 (compatible; MJ12bot/v1.4.8; http://mj12bot.com/)"
148.251.41.239 - - [06/Jun/2020:05:53:35 +0200] "GET /files/VEZET%C3%85?I%20%C3%83%E2%80%93SSZEFOGLAL%C3%83%E2%80%9C.doc HTTP/1.1" 200 - "-" "Mozilla/5.0 (compatible; MJ12bot/v1.4.8; http://mj12bot.com/)"
148.251.41.239 - - [06/Jun/2020:05:54:21 +0200] "GET /files/%C3%83?NTSZ%20%20061214%20Kormr.doc HTTP/1.1" 200 - "-" "Mozilla/5.0 (compatible; MJ12bot/v1.4.8; http://mj12bot.com/)"
148.251.41.239 - - [06/Jun/2020:05:54:30 +0200] "GET /robots.txt HTTP/1.1" 200 1590 "-" "Mozilla/5.0 (compatible; MJ12bot/v1.4.8; http://mj12bot.com/)"
148.251.41.239 - - [06/Jun/2020:05:55:33 +0200] "GET /files/19-2003-Mell%C3%83%C2%A9kletek.xls.txt HTTP/1.1" 200 - "-" "Mozilla/5.0 (compatible; MJ12bot/v1.4.8; http://mj12bot.com/)"
148.251.41.239 - - [06/Jun/2020:05:56:21 +0200] "GET /files/9-93.normasz%C3%83%C2%B6veg.m%C3%83%C2%B3d.2007.febr.T%C3%83?RCA.doc HTTP/1.1" 200 - "-" "Mozilla/5.0 (compatible; MJ12bot/v1.4.8; http://mj12bot.com/)"
66.249.75.100 - - [06/Jun/2020:05:56:42 +0200] "GET /moodle/calendar/view.php?loan=117 HTTP/1.1" 200 - "-" "Mozilla/5.0 (Linux; Android 6.0.1; Nexus 5X Build/MMB29P) AppleWebKit/537.36 (KHTML, like Gecko) Chrome/80.0.3987.92 Mobile Safari/537.36 (compatible; Googlebot/2.1; +http://www.google.com/bot.html)"
148.251.41.239 - - [06/Jun/2020:05:57:16 +0200] "GET /files/A%20T%C3%83%E2%80%93RV%C3%83%E2%80%B0NYJAVASLAT%20MELL%C3%83%E2%80%B0KLETEI.htm.txt HTTP/1.1" 200 - "-" "Mozilla/5.0 (compatible; MJ12bot/v1.4.8; http://mj12bot.com/)"
148.251.41.239 - - [06/Jun/2020:05:58:03 +0200] "GET /files/AZ%20%C3%83?S%20MELL%C3%83%E2%80%B0KLETEI.htm.txt HTTP/1.1" 200 - "-" "Mozilla/5.0 (compatible; MJ12bot/v1.4.8; http://mj12bot.com/)"
148.251.41.239 - - [06/Jun/2020:05:58:53 +0200] "GET /files/Alap-%C3%83%C2%A9s%20m%C3%85%C2%B1k%C3%83%C2%B6d%C3%83%C2%A9si%20nyilv%C3%83%C2%A1ntart%C3%83%C2%A1s-T%C3%83?RCA03.20..doc HTTP/1.1" 200 - "-" "Mozilla/5.0 (compatible; MJ12bot/v1.4.8; http://mj12bot.com/)"
148.251.41.239 - - [06/Jun/2020:05:59:48 +0200] "GET /files/FEJEZETI%20K%C3%83%E2%80%93TETEK.htm.txt HTTP/1.1" 200 - "-" "Mozilla/5.0 (compatible; MJ12bot/v1.4.8; http://mj12bot.com/)"
148.251.41.239 - - [06/Jun/2020:06:00:36 +0200] "GET /files/INDOKOL%C3%83?1.doc HTTP/1.1" 200 - "-" "Mozilla/5.0 (compatible; MJ12bot/v1.4.8; http://mj12bot.com/)"
148.251.41.239 - - [06/Jun/2020:06:04:05 +0200] "GET /files/INDOKOL%C3%83?S.doc HTTP/1.1" 200 - "-" "Mozilla/5.0 (compatible; MJ12bot/v1.4.8; http://mj12bot.com/)"
148.251.41.239 - - [06/Jun/2020:06:04:50 +0200] "GET /files/SzaboMate_hozz%C3%83%C2%A1f%C3%83%C2%A9r%C3%83%C2%A9s.pps HTTP/1.1" 200 - "-" "Mozilla/5.0 (compatible; MJ12bot/v1.4.8; http://mj12bot.com/)"
148.251.41.239 - - [06/Jun/2020:06:05:38 +0200] "GET /files/VEZET%C3%85?I%20%C3%83%E2%80%93SSZEFOGLAL%C3%83%E2%80%9C.doc HTTP/1.1" 200 - "-" "Mozilla/5.0 (compatible; MJ12bot/v1.4.8; http://mj12bot.com/)"
66.249.75.126 - - [06/Jun/2020:06:06:10 +0200] "GET /taxonomy/term/18 HTTP/1.1" 200 - "-" "Mozilla/5.0 (Linux; Android 6.0.1; Nexus 5X Build/MMB29P) AppleWebKit/537.36 (KHTML, like Gecko) Chrome/80.0.3987.92 Mobile Safari/537.36 (compatible; Googlebot/2.1; +http://www.google.com/bot.html)"
148.251.41.239 - - [06/Jun/2020:06:06:26 +0200] "GET /files/%C3%83?NTSZ%20%20061214%20Kormr.doc HTTP/1.1" 200 - "-" "Mozilla/5.0 (compatible; MJ12bot/v1.4.8; http://mj12bot.com/)"
157.55.39.73 - - [06/Jun/2020:06:10:35 +0200] "GET /taxonomy/term/27?page=20 HTTP/1.1" 200 - "-" "Mozilla/5.0 (compatible; bingbot/2.0; +http://www.bing.com/bingbot.htm)"
216.244.66.200 - - [06/Jun/2020:06:11:38 +0200] "GET /files/haditech.zip HTTP/1.1" 200 115587 "-" "Mozilla/5.0 (compatible; DotBot/1.1; http://www.opensiteexplorer.org/dotbot, help@moz.com)"
216.244.66.200 - - [06/Jun/2020:06:12:02 +0200] "GET /files/refab.zip HTTP/1.1" 200 14224 "-" "Mozilla/5.0 (compatible; DotBot/1.1; http://www.opensiteexplorer.org/dotbot, help@moz.com)"
216.244.66.200 - - [06/Jun/2020:06:12:28 +0200] "GET /files/stv_modositas.pdf HTTP/1.1" 200 224726 "-" "Mozilla/5.0 (compatible; DotBot/1.1; http://www.opensiteexplorer.org/dotbot, help@moz.com)"
207.46.13.189 - - [06/Jun/2020:06:12:50 +0200] "GET /robots.txt HTTP/1.1" 200 1590 "-" "Mozilla/5.0 (compatible; bingbot/2.0; +http://www.bing.com/bingbot.htm)"
216.244.66.200 - - [06/Jun/2020:06:13:11 +0200] "GET /files/27_1995_mod_terv_080708.pdf HTTP/1.1" 200 401469 "-" "Mozilla/5.0 (compatible; DotBot/1.1; http://www.opensiteexplorer.org/dotbot, help@moz.com)"
216.244.66.200 - - [06/Jun/2020:06:13:54 +0200] "GET /files/Eloterjesztes_305.pdf HTTP/1.1" 200 214007 "-" "Mozilla/5.0 (compatible; DotBot/1.1; http://www.opensiteexplorer.org/dotbot, help@moz.com)"
216.244.66.200 - - [06/Jun/2020:06:14:35 +0200] "GET /files/MinTerv-1-Ell-2007-02-14.doc HTTP/1.1" 200 239616 "-" "Mozilla/5.0 (compatible; DotBot/1.1; http://www.opensiteexplorer.org/dotbot, help@moz.com)"
216.244.66.200 - - [06/Jun/2020:06:15:10 +0200] "GET /files/bm_im_egyuttes_rendelet.doc HTTP/1.1" 200 47616 "-" "Mozilla/5.0 (compatible; DotBot/1.1; http://www.opensiteexplorer.org/dotbot, help@moz.com)"
216.244.66.200 - - [06/Jun/2020:06:15:49 +0200] "GET /files/lakasrend_terv_070712.pdf HTTP/1.1" 200 235470 "-" "Mozilla/5.0 (compatible; DotBot/1.1; http://www.opensiteexplorer.org/dotbot, help@moz.com)"
216.244.66.200 - - [06/Jun/2020:06:16:41 +0200] "GET /files/ped_szax_terv_090626.pdf HTTP/1.1" 200 409379 "-" "Mozilla/5.0 (compatible; DotBot/1.1; http://www.opensiteexplorer.org/dotbot, help@moz.com)"
216.244.66.200 - - [06/Jun/2020:06:17:31 +0200] "GET /files/szoc_fogl_terv_071127.pdf HTTP/1.1" 200 360148 "-" "Mozilla/5.0 (compatible; DotBot/1.1; http://www.opensiteexplorer.org/dotbot, help@moz.com)"
216.244.66.200 - - [06/Jun/2020:06:18:16 +0200] "GET /files/szoctvk_modositasa_061031.pdf HTTP/1.1" 200 321828 "-" "Mozilla/5.0 (compatible; DotBot/1.1; http://www.opensiteexplorer.org/dotbot, help@moz.com)"
216.244.66.200 - - [06/Jun/2020:06:19:21 +0200] "GET /files/63-1997_t%C3%83%C2%A1rc%C3%83%C2%A1ra.doc HTTP/1.1" 200 - "-" "Mozilla/5.0 (compatible; DotBot/1.1; http://www.opensiteexplorer.org/dotbot, help@moz.com)"
216.244.66.200 - - [06/Jun/2020:06:20:00 +0200] "GET /files/Bnytv.%20normaszoveg_terv_090930.doc HTTP/1.1" 200 452817 "-" "Mozilla/5.0 (compatible; DotBot/1.1; http://www.opensiteexplorer.org/dotbot, help@moz.com)"
216.244.66.200 - - [06/Jun/2020:06:20:39 +0200] "GET /files/fogyatekos_szem_alap_080317.pdf HTTP/1.1" 200 244232 "-" "Mozilla/5.0 (compatible; DotBot/1.1; http://www.opensiteexplorer.org/dotbot, help@moz.com)"
216.244.66.200 - - [06/Jun/2020:06:21:23 +0200] "GET /files/szakkepesitesek_megszerv_vizsga_060413.pdf HTTP/1.1" 200 305958 "-" "Mozilla/5.0 (compatible; DotBot/1.1; http://www.opensiteexplorer.org/dotbot, help@moz.com)"
66.249.75.97 - - [06/Jun/2020:06:25:06 +0200] "GET /taxonomy/term/19 HTTP/1.1" 200 - "-" "Mozilla/5.0 (Linux; Android 6.0.1; Nexus 5X Build/MMB29P) AppleWebKit/537.36 (KHTML, like Gecko) Chrome/80.0.3987.92 Mobile Safari/537.36 (compatible; Googlebot/2.1; +http://www.google.com/bot.html)"
68.68.32.104 - - [06/Jun/2020:06:43:42 +0200] "GET /node/158 HTTP/1.1" 200 - "-" "Mozilla/5.0 (Windows NT 6.3; Win64; x64; rv:45.0) Gecko/20100101 Firefox/45.0"
40.77.167.161 - - [06/Jun/2020:06:48:49 +0200] "GET /files/$File/fu_o_meg.pdf HTTP/1.1" 200 - "-" "Mozilla/5.0 (compatible; bingbot/2.0; +http://www.bing.com/bingbot.htm)"
40.77.167.161 - - [06/Jun/2020:06:51:22 +0200] "GET /files/kozigre_bm_im_dereg_vegleges_(3).doc HTTP/1.1" 304 - "-" "Mozilla/5.0 (compatible; bingbot/2.0; +http://www.bing.com/bingbot.htm)"
216.244.66.200 - - [06/Jun/2020:06:54:38 +0200] "GET /files/213_01_mod_kozig.pdf HTTP/1.1" 200 198101 "-" "Mozilla/5.0 (compatible; DotBot/1.1; http://www.opensiteexplorer.org/dotbot, help@moz.com)"
207.46.13.189 - - [06/Jun/2020:06:54:59 +0200] "GET /files/IRM_rend_%20kozp_szabs_nyilv.tart_kez_szerv.090901.doc HTTP/1.1" 200 56320 "-" "Mozilla/5.0 (compatible; bingbot/2.0; +http://www.bing.com/bingbot.htm)"
216.244.66.200 - - [06/Jun/2020:06:55:17 +0200] "GET /files/KHEM_1917kozig.doc HTTP/1.1" 200 130048 "-" "Mozilla/5.0 (compatible; DotBot/1.1; http://www.opensiteexplorer.org/dotbot, help@moz.com)"
216.244.66.200 - - [06/Jun/2020:06:55:51 +0200] "GET /files/eizlandnvegorv2.doc HTTP/1.1" 200 77312 "-" "Mozilla/5.0 (compatible; DotBot/1.1; http://www.opensiteexplorer.org/dotbot, help@moz.com)"
157.55.39.73 - - [06/Jun/2020:06:55:59 +0200] "GET /node/193 HTTP/1.1" 200 - "-" "Mozilla/5.0 (compatible; bingbot/2.0; +http://www.bing.com/bingbot.htm)"
216.244.66.200 - - [06/Jun/2020:06:56:40 +0200] "GET /files/ekozig_strategia.pdf HTTP/1.1" 200 504948 "-" "Mozilla/5.0 (compatible; DotBot/1.1; http://www.opensiteexplorer.org/dotbot, help@moz.com)"
216.244.66.200 - - [06/Jun/2020:06:57:22 +0200] "GET /files/flt_2007_061006.pdf HTTP/1.1" 200 244329 "-" "Mozilla/5.0 (compatible; DotBot/1.1; http://www.opensiteexplorer.org/dotbot, help@moz.com)"
216.244.66.200 - - [06/Jun/2020:06:57:55 +0200] "GET /files/korm.%20rendelet.doc HTTP/1.1" 200 27136 "-" "Mozilla/5.0 (compatible; DotBot/1.1; http://www.opensiteexplorer.org/dotbot, help@moz.com)"
216.244.66.200 - - [06/Jun/2020:06:58:34 +0200] "GET /files/tvmod_eloterj_070126.pdf HTTP/1.1" 200 307588 "-" "Mozilla/5.0 (compatible; DotBot/1.1; http://www.opensiteexplorer.org/dotbot, help@moz.com)"
216.244.66.200 - - [06/Jun/2020:06:59:16 +0200] "GET /files/100_1997_mod_eloterj_szakmind_terv_090904.pdf HTTP/1.1" 200 156046 "-" "Mozilla/5.0 (compatible; DotBot/1.1; http://www.opensiteexplorer.org/dotbot, help@moz.com)"
216.244.66.200 - - [06/Jun/2020:07:00:08 +0200] "GET /files/10596_vizsgaszervezes_080609.pdf HTTP/1.1" 200 428204 "-" "Mozilla/5.0 (compatible; DotBot/1.1; http://www.opensiteexplorer.org/dotbot, help@moz.com)"
216.244.66.200 - - [06/Jun/2020:07:00:43 +0200] "GET /files/1_2006_mod_tervezet_20060815.pdf HTTP/1.1" 200 132783 "-" "Mozilla/5.0 (compatible; DotBot/1.1; http://www.opensiteexplorer.org/dotbot, help@moz.com)"
216.244.66.200 - - [06/Jun/2020:07:01:18 +0200] "GET /files/20-2001._bm_rend._mod._terv.doc HTTP/1.1" 200 38912 "-" "Mozilla/5.0 (compatible; DotBot/1.1; http://www.opensiteexplorer.org/dotbot, help@moz.com)"
216.244.66.200 - - [06/Jun/2020:07:02:03 +0200] "GET /files/Eloterjesztes_264_15_16_mod_KOZIG.pdf HTTP/1.1" 200 190086 "-" "Mozilla/5.0 (compatible; DotBot/1.1; http://www.opensiteexplorer.org/dotbot, help@moz.com)"
216.244.66.200 - - [06/Jun/2020:07:02:35 +0200] "GET /files/derivativrendeletterv_es_indoklas.doc HTTP/1.1" 200 41472 "-" "Mozilla/5.0 (compatible; DotBot/1.1; http://www.opensiteexplorer.org/dotbot, help@moz.com)"
66.249.75.100 - - [06/Jun/2020:07:02:58 +0200] "GET /taxonomy/term/25?page=5 HTTP/1.1" 200 - "-" "Mozilla/5.0 (Linux; Android 6.0.1; Nexus 5X Build/MMB29P) AppleWebKit/537.36 (KHTML, like Gecko) Chrome/80.0.3987.92 Mobile Safari/537.36 (compatible; Googlebot/2.1; +http://www.google.com/bot.html)"
216.244.66.200 - - [06/Jun/2020:07:03:17 +0200] "GET /files/gys_tars_bizt_tam_befog_eum_rendelet.doc HTTP/1.1" 200 149504 "-" "Mozilla/5.0 (compatible; DotBot/1.1; http://www.opensiteexplorer.org/dotbot, help@moz.com)"
216.244.66.200 - - [06/Jun/2020:07:03:56 +0200] "GET /files/kozeg_mell_jarvanyugyi_szolg.pdf HTTP/1.1" 200 160304 "-" "Mozilla/5.0 (compatible; DotBot/1.1; http://www.opensiteexplorer.org/dotbot, help@moz.com)"
216.244.66.200 - - [06/Jun/2020:07:04:51 +0200] "GET /files/nyari_gyermetk_terv_090323-1.pdf HTTP/1.1" 200 448476 "-" "Mozilla/5.0 (compatible; DotBot/1.1; http://www.opensiteexplorer.org/dotbot, help@moz.com)"
207.46.13.189 - - [06/Jun/2020:07:05:04 +0200] "GET /files/$File/65.pdf HTTP/1.1" 200 - "-" "Mozilla/5.0 (compatible; bingbot/2.0; +http://www.bing.com/bingbot.htm)"
216.244.66.200 - - [06/Jun/2020:07:05:22 +0200] "GET /files/rat2005vegimodrend_1_fuggelek.doc HTTP/1.1" 200 31744 "-" "Mozilla/5.0 (compatible; DotBot/1.1; http://www.opensiteexplorer.org/dotbot, help@moz.com)"
216.244.66.200 - - [06/Jun/2020:07:05:54 +0200] "GET /files/szakmai_kollegiumok_rend_tervezet.doc HTTP/1.1" 200 26112 "-" "Mozilla/5.0 (compatible; DotBot/1.1; http://www.opensiteexplorer.org/dotbot, help@moz.com)"
216.244.66.200 - - [06/Jun/2020:07:06:33 +0200] "GET /files/szakmai_tapasztalat_terv_071014.pdf HTTP/1.1" 200 259581 "-" "Mozilla/5.0 (compatible; DotBot/1.1; http://www.opensiteexplorer.org/dotbot, help@moz.com)"
40.77.167.161 - - [06/Jun/2020:07:08:15 +0200] "GET /node/1998 HTTP/1.1" 200 - "-" "Mozilla/5.0 (compatible; bingbot/2.0; +http://www.bing.com/bingbot.htm)"
207.46.13.89 - - [06/Jun/2020:07:08:25 +0200] "GET /drupal/node/1273 HTTP/1.1" 200 - "-" "Mozilla/5.0 (compatible; bingbot/2.0; +http://www.bing.com/bingbot.htm)"
66.249.75.97 - - [06/Jun/2020:07:12:26 +0200] "GET /taxonomy/term/25?page=7 HTTP/1.1" 200 - "-" "Mozilla/5.0 (Linux; Android 6.0.1; Nexus 5X Build/MMB29P) AppleWebKit/537.36 (KHTML, like Gecko) Chrome/80.0.3987.92 Mobile Safari/537.36 (compatible; Googlebot/2.1; +http://www.google.com/bot.html)"
23.100.232.233 - - [06/Jun/2020:07:12:35 +0200] "GET /files/2_1999_ism_rendelet_terv_071121.pdf HTTP/1.1" 200 164734 "-" "Mozilla/5.0 (compatible; MSIE 9.0; Windows NT 6.1; Trident/5.0; Trident/5.0)"
165.22.191.129 - - [06/Jun/2020:07:15:19 +0200] "GET /wp-login.php HTTP/1.1" 200 - "-" "Mozilla/5.0 (X11; Ubuntu; Linux x86_64; rv:62.0) Gecko/20100101 Firefox/62.0"
148.251.121.91 - - [06/Jun/2020:07:17:26 +0200] "GET /robots.txt HTTP/1.1" 200 1590 "-" "DomainStatsBot/1.0 (https://domainstats.com/pages/our-bot)"
207.46.13.189 - - [06/Jun/2020:07:17:44 +0200] "GET /files/szakmai_kollegiumok_rend_tervezet.doc HTTP/1.1" 200 26112 "-" "Mozilla/5.0 (compatible; bingbot/2.0; +http://www.bing.com/bingbot.htm)"
148.251.121.91 - - [06/Jun/2020:07:17:59 +0200] "HEAD / HTTP/1.1" 200 - "-" "DomainStatsBot/1.0 (https://domainstats.com/pages/our-bot)"
148.251.121.91 - - [06/Jun/2020:07:18:09 +0200] "GET / HTTP/1.1" 200 - "-" "DomainStatsBot/1.0 (https://domainstats.com/pages/our-bot)"
157.55.39.73 - - [06/Jun/2020:07:26:23 +0200] "GET /files/$File/fu_t_bru.pdf HTTP/1.1" 200 - "-" "Mozilla/5.0 (compatible; bingbot/2.0; +http://www.bing.com/bingbot.htm)"
157.55.39.24 - - [06/Jun/2020:07:31:01 +0200] "GET /robots.txt HTTP/1.1" 200 1590 "-" "Mozilla/5.0 (compatible; bingbot/2.0; +http://www.bing.com/bingbot.htm)"
207.46.13.89 - - [06/Jun/2020:07:31:28 +0200] "GET /files/nfgm9629.pdf HTTP/1.1" 200 - "-" "Mozilla/5.0 (iPhone; CPU iPhone OS 7_0 like Mac OS X) AppleWebKit/537.51.1 (KHTML, like Gecko) Version/7.0 Mobile/11A465 Safari/9537.53 (compatible; bingbot/2.0; +http://www.bing.com/bingbot.htm)"
40.77.167.161 - - [06/Jun/2020:07:31:37 +0200] "GET /node/2567 HTTP/1.1" 200 - "-" "Mozilla/5.0 (compatible; bingbot/2.0; +http://www.bing.com/bingbot.htm)"
207.46.13.189 - - [06/Jun/2020:07:32:22 +0200] "GET /robots.txt HTTP/1.1" 200 1590 "-" "Mozilla/5.0 (compatible; bingbot/2.0; +http://www.bing.com/bingbot.htm)"
207.46.13.189 - - [06/Jun/2020:07:34:49 +0200] "GET /node/2441 HTTP/1.1" 200 - "-" "Mozilla/5.0 (compatible; bingbot/2.0; +http://www.bing.com/bingbot.htm)"
185.220.101.130 - - [06/Jun/2020:07:38:05 +0200] "GET /comment/reply/2619/ HTTP/1.0" 200 - "http://jogalkotas.hu/comment/reply/2619/" "Mozilla/5.0 (Windows NT 6.1; Win64; x64) AppleWebKit/537.36 (KHTML, like Gecko) Chrome/67.0.3396.87 Safari/537.36"
207.46.13.89 - - [06/Jun/2020:07:38:35 +0200] "GET /node?page=4 HTTP/1.1" 200 - "-" "Mozilla/5.0 (iPhone; CPU iPhone OS 7_0 like Mac OS X) AppleWebKit/537.51.1 (KHTML, like Gecko) Version/7.0 Mobile/11A465 Safari/9537.53 (compatible; bingbot/2.0; +http://www.bing.com/bingbot.htm)"
163.172.143.1 - - [06/Jun/2020:07:38:38 +0200] "GET /comment/reply/2619/ HTTP/1.0" 200 - "http://jogalkotas.hu/comment/reply/2619/" "Mozilla/5.0 (Windows NT 6.1; Win64; x64) AppleWebKit/537.36 (KHTML, like Gecko) Chrome/67.0.3396.87 Safari/537.36"
216.244.66.200 - - [06/Jun/2020:07:39:22 +0200] "GET /files/0306_TOC_92_43_EKir_csiga.doc HTTP/1.1" 200 134144 "-" "Mozilla/5.0 (compatible; DotBot/1.1; http://www.opensiteexplorer.org/dotbot, help@moz.com)"
185.220.101.30 - - [06/Jun/2020:07:39:28 +0200] "GET /comment/reply/2619/ HTTP/1.0" 200 - "http://jogalkotas.hu/comment/reply/2619/" "Mozilla/5.0 (Windows NT 6.1; Win64; x64) AppleWebKit/537.36 (KHTML, like Gecko) Chrome/67.0.3396.87 Safari/537.36"
193.70.12.219 - - [06/Jun/2020:07:40:00 +0200] "GET /comment/reply/2619/ HTTP/1.0" 200 - "http://jogalkotas.hu/comment/reply/2619/" "Mozilla/5.0 (Windows NT 6.1; Win64; x64) AppleWebKit/537.36 (KHTML, like Gecko) Chrome/67.0.3396.87 Safari/537.36"
216.244.66.200 - - [06/Jun/2020:07:40:14 +0200] "GET /files/22-1996-mod-kozigre.pdf HTTP/1.1" 200 345668 "-" "Mozilla/5.0 (compatible; DotBot/1.1; http://www.opensiteexplorer.org/dotbot, help@moz.com)"
193.70.12.219 - - [06/Jun/2020:07:40:32 +0200] "GET / HTTP/1.0" 200 - "http://jogalkotas.hu/" "Mozilla/5.0 (Windows NT 6.1; Win64; x64) AppleWebKit/537.36 (KHTML, like Gecko) Chrome/67.0.3396.87 Safari/537.36"
66.249.75.100 - - [06/Jun/2020:07:40:50 +0200] "GET /taxonomy/term/25?page=8 HTTP/1.1" 200 - "-" "Mozilla/5.0 (Linux; Android 6.0.1; Nexus 5X Build/MMB29P) AppleWebKit/537.36 (KHTML, like Gecko) Chrome/80.0.3987.92 Mobile Safari/537.36 (compatible; Googlebot/2.1; +http://www.google.com/bot.html)"
216.244.66.200 - - [06/Jun/2020:07:41:04 +0200] "GET /files/erdo_tv_velemenyezesre.pdf HTTP/1.1" 200 355804 "-" "Mozilla/5.0 (compatible; DotBot/1.1; http://www.opensiteexplorer.org/dotbot, help@moz.com)"
216.244.66.200 - - [06/Jun/2020:07:41:34 +0200] "GET /files/korrel-2006-34_jav.doc HTTP/1.1" 200 35840 "-" "Mozilla/5.0 (compatible; DotBot/1.1; http://www.opensiteexplorer.org/dotbot, help@moz.com)"
216.244.66.200 - - [06/Jun/2020:07:42:06 +0200] "GET /files/0609_VTT_jegyzek_tervezet_05.22..doc HTTP/1.1" 200 62976 "-" "Mozilla/5.0 (compatible; DotBot/1.1; http://www.opensiteexplorer.org/dotbot, help@moz.com)"
216.244.66.200 - - [06/Jun/2020:07:42:43 +0200] "GET /files/090518_jogszabterv_ekk_piacelemzes.pdf HTTP/1.1" 200 177999 "-" "Mozilla/5.0 (compatible; DotBot/1.1; http://www.opensiteexplorer.org/dotbot, help@moz.com)"
216.244.66.200 - - [06/Jun/2020:07:43:19 +0200] "GET /files/96per2003korm_rend_mod_090904.doc HTTP/1.1" 200 136704 "-" "Mozilla/5.0 (compatible; DotBot/1.1; http://www.opensiteexplorer.org/dotbot, help@moz.com)"
157.55.39.73 - - [06/Jun/2020:07:44:10 +0200] "GET /files/eloterjesztes_29_1993kormrend_mod.pdf HTTP/1.1" 200 181958 "-" "Mozilla/5.0 (iPhone; CPU iPhone OS 7_0 like Mac OS X) AppleWebKit/537.51.1 (KHTML, like Gecko) Version/7.0 Mobile/11A465 Safari/9537.53 (compatible; bingbot/2.0; +http://www.bing.com/bingbot.htm)"
216.244.66.200 - - [06/Jun/2020:07:44:23 +0200] "GET /files/bizott_2006_j%C3%83%C2%BAli.pdf HTTP/1.1" 200 - "-" "Mozilla/5.0 (compatible; DotBot/1.1; http://www.opensiteexplorer.org/dotbot, help@moz.com)"
216.244.66.200 - - [06/Jun/2020:07:44:43 +0200] "GET /files/cervantes_egyezmeny_eloterjesztes.doc HTTP/1.1" 200 66048 "-" "Mozilla/5.0 (compatible; DotBot/1.1; http://www.opensiteexplorer.org/dotbot, help@moz.com)"
216.244.66.200 - - [06/Jun/2020:07:45:35 +0200] "GET /files/inkorporalas168_2006_jun_08.doc HTTP/1.1" 200 441233 "-" "Mozilla/5.0 (compatible; DotBot/1.1; http://www.opensiteexplorer.org/dotbot, help@moz.com)"
216.244.66.200 - - [06/Jun/2020:07:46:36 +0200] "GET /files/miniszt_2007_j%C3%83%C2%BAlius.pdf HTTP/1.1" 200 - "-" "Mozilla/5.0 (compatible; DotBot/1.1; http://www.opensiteexplorer.org/dotbot, help@moz.com)"
207.46.13.189 - - [06/Jun/2020:07:48:16 +0200] "GET /robots.txt HTTP/1.1" 200 1590 "-" "Mozilla/5.0 (compatible; bingbot/2.0; +http://www.bing.com/bingbot.htm)"
40.77.167.161 - - [06/Jun/2020:07:49:19 +0200] "GET /node/2273 HTTP/1.1" 200 - "-" "Mozilla/5.0 (compatible; bingbot/2.0; +http://www.bing.com/bingbot.htm)"
40.77.202.151 - - [06/Jun/2020:07:51:06 +0200] "GET /files/1_mell_FAVI_ENG_alap.doc HTTP/1.1" 200 67217 "-" "Mozilla/5.0 (iPhone; CPU iPhone OS 7_0 like Mac OS X) AppleWebKit/537.51.1 (KHTML, like Gecko) Version/7.0 Mobile/11A465 Safari/9537.53 BingPreview/1.0b"
23.100.232.233 - - [06/Jun/2020:07:55:34 +0200] "GET /files/2_1999_ism_rendelet_terv_071121.pdf HTTP/1.1" 200 164734 "-" "Mozilla/5.0 (compatible; MSIE 9.0; Windows NT 6.1; Trident/5.0; Trident/5.0)"
157.55.39.73 - - [06/Jun/2020:07:58:06 +0200] "GET /node/984 HTTP/1.1" 200 - "-" "Mozilla/5.0 (compatible; bingbot/2.0; +http://www.bing.com/bingbot.htm)"
66.249.75.126 - - [06/Jun/2020:07:59:46 +0200] "GET /taxonomy/term/25?page=1 HTTP/1.1" 200 - "-" "Mozilla/5.0 (Linux; Android 6.0.1; Nexus 5X Build/MMB29P) AppleWebKit/537.36 (KHTML, like Gecko) Chrome/80.0.3987.92 Mobile Safari/537.36 (compatible; Googlebot/2.1; +http://www.google.com/bot.html)"
207.46.13.189 - - [06/Jun/2020:08:02:19 +0200] "GET /files/KHEM_1224_5normaszoveg.doc HTTP/1.1" 200 723968 "-" "Mozilla/5.0 (iPhone; CPU iPhone OS 7_0 like Mac OS X) AppleWebKit/537.51.1 (KHTML, like Gecko) Version/7.0 Mobile/11A465 Safari/9537.53 (compatible; bingbot/2.0; +http://www.bing.com/bingbot.htm)"
40.77.167.161 - - [06/Jun/2020:08:03:28 +0200] "GET /files/nfgm2005.pdf HTTP/1.1" 200 - "-" "Mozilla/5.0 (iPhone; CPU iPhone OS 7_0 like Mac OS X) AppleWebKit/537.51.1 (KHTML, like Gecko) Version/7.0 Mobile/11A465 Safari/9537.53 (compatible; bingbot/2.0; +http://www.bing.com/bingbot.htm)"
40.77.167.161 - - [06/Jun/2020:08:05:06 +0200] "GET /node/929 HTTP/1.1" 200 - "-" "Mozilla/5.0 (compatible; bingbot/2.0; +http://www.bing.com/bingbot.htm)"
66.249.75.97 - - [06/Jun/2020:08:09:13 +0200] "GET /taxonomy/term/25?page=4 HTTP/1.1" 200 - "-" "Mozilla/5.0 (Linux; Android 6.0.1; Nexus 5X Build/MMB29P) AppleWebKit/537.36 (KHTML, like Gecko) Chrome/80.0.3987.92 Mobile Safari/537.36 (compatible; Googlebot/2.1; +http://www.google.com/bot.html)"
104.36.16.183 - - [06/Jun/2020:08:09:20 +0200] "GET / HTTP/1.1" 200 - "-" "Mozilla/5.0 (Macintosh; Intel Mac OS X 10_10_5) AppleWebKit/537.36 (KHTML, like Gecko) Chrome/45.0.2454.101 Safari/537.36"
157.55.39.73 - - [06/Jun/2020:08:12:55 +0200] "GET /node/1166 HTTP/1.1" 200 - "-" "Mozilla/5.0 (compatible; bingbot/2.0; +http://www.bing.com/bingbot.htm)"
207.46.13.189 - - [06/Jun/2020:08:13:07 +0200] "GET /files/fszh_070226.pdf HTTP/1.1" 200 266107 "-" "Mozilla/5.0 (iPhone; CPU iPhone OS 7_0 like Mac OS X) AppleWebKit/537.51.1 (KHTML, like Gecko) Version/7.0 Mobile/11A465 Safari/9537.53 (compatible; bingbot/2.0; +http://www.bing.com/bingbot.htm)"
66.249.75.100 - - [06/Jun/2020:08:18:41 +0200] "GET /taxonomy/term/25/0/feed HTTP/1.1" 200 - "-" "Mozilla/5.0 (Linux; Android 6.0.1; Nexus 5X Build/MMB29P) AppleWebKit/537.36 (KHTML, like Gecko) Chrome/80.0.3987.92 Mobile Safari/537.36 (compatible; Googlebot/2.1; +http://www.google.com/bot.html)"
40.77.202.143 - - [06/Jun/2020:08:20:09 +0200] "GET /files/ptke-eloterj-090629.doc HTTP/1.1" 200 67219 "-" "Mozilla/5.0 (iPhone; CPU iPhone OS 7_0 like Mac OS X) AppleWebKit/537.51.1 (KHTML, like Gecko) Version/7.0 Mobile/11A465 Safari/9537.53 BingPreview/1.0b"
207.46.13.189 - - [06/Jun/2020:08:20:13 +0200] "GET /robots.txt HTTP/1.1" 200 1590 "-" "Mozilla/5.0 (compatible; bingbot/2.0; +http://www.bing.com/bingbot.htm)"
216.244.66.200 - - [06/Jun/2020:08:22:52 +0200] "GET /files/143707F9699596340.doc HTTP/1.1" 200 288256 "-" "Mozilla/5.0 (compatible; DotBot/1.1; http://www.opensiteexplorer.org/dotbot, help@moz.com)"
216.244.66.200 - - [06/Jun/2020:08:23:44 +0200] "GET /files/201per2001_korm_rend_terv.doc HTTP/1.1" 200 386207 "-" "Mozilla/5.0 (compatible; DotBot/1.1; http://www.opensiteexplorer.org/dotbot, help@moz.com)"
216.244.66.200 - - [06/Jun/2020:08:24:17 +0200] "GET /files/53per2004_eszcsm_rend_mod.doc HTTP/1.1" 200 67072 "-" "Mozilla/5.0 (compatible; DotBot/1.1; http://www.opensiteexplorer.org/dotbot, help@moz.com)"
216.244.66.200 - - [06/Jun/2020:08:25:08 +0200] "GET /files/egkar_terv_071109.pdf HTTP/1.1" 200 368836 "-" "Mozilla/5.0 (compatible; DotBot/1.1; http://www.opensiteexplorer.org/dotbot, help@moz.com)"
216.244.66.200 - - [06/Jun/2020:08:25:53 +0200] "GET /files/eloterjschengen.doc HTTP/1.1" 200 282112 "-" "Mozilla/5.0 (compatible; DotBot/1.1; http://www.opensiteexplorer.org/dotbot, help@moz.com)"
216.244.66.200 - - [06/Jun/2020:08:26:36 +0200] "GET /files/nca_terv_071001.pdf HTTP/1.1" 200 220608 "-" "Mozilla/5.0 (compatible; DotBot/1.1; http://www.opensiteexplorer.org/dotbot, help@moz.com)"
216.244.66.200 - - [06/Jun/2020:08:27:10 +0200] "GET /files/szakmaiindokolas.doc HTTP/1.1" 200 58368 "-" "Mozilla/5.0 (compatible; DotBot/1.1; http://www.opensiteexplorer.org/dotbot, help@moz.com)"
216.244.66.200 - - [06/Jun/2020:08:28:01 +0200] "GET /files/090825_jogszabterv_bizt_rend.pdf HTTP/1.1" 200 425306 "-" "Mozilla/5.0 (compatible; DotBot/1.1; http://www.opensiteexplorer.org/dotbot, help@moz.com)"
216.244.66.200 - - [06/Jun/2020:08:28:32 +0200] "GET /files/17per2009_EuM_rend_mod_100208.doc HTTP/1.1" 200 36864 "-" "Mozilla/5.0 (compatible; DotBot/1.1; http://www.opensiteexplorer.org/dotbot, help@moz.com)"
216.244.66.200 - - [06/Jun/2020:08:29:23 +0200] "GET /files/8_mell_FAVI_MIR_k_rnyhaszn.pdf HTTP/1.1" 200 538252 "-" "Mozilla/5.0 (compatible; DotBot/1.1; http://www.opensiteexplorer.org/dotbot, help@moz.com)"
209.133.111.211 - - [06/Jun/2020:08:35:46 +0200] "GET /robots.txt HTTP/1.1" 200 1590 "-" "rogerbot/1.0 (http://www.moz.com/dp/rogerbot, rogerbot-crawler@moz.com)"
68.68.32.104 - - [06/Jun/2020:08:36:04 +0200] "GET /node/1536 HTTP/1.1" 200 - "-" "Mozilla/5.0 (Windows NT 5.1; rv:45.0) Gecko/20100101 Firefox/45.0"
209.133.111.211 - - [06/Jun/2020:08:36:17 +0200] "GET /node/feed HTTP/1.1" 200 - "-" "rogerbot/1.0 (http://www.moz.com/dp/rogerbot, rogerbot-crawler@moz.com)"
66.249.75.100 - - [06/Jun/2020:08:37:37 +0200] "GET /moodle/calendar/view.php/?loan=177 HTTP/1.1" 200 - "-" "Mozilla/5.0 (Linux; Android 6.0.1; Nexus 5X Build/MMB29P) AppleWebKit/537.36 (KHTML, like Gecko) Chrome/80.0.3987.92 Mobile Safari/537.36 (compatible; Googlebot/2.1; +http://www.google.com/bot.html)"
47.91.166.207 - - [06/Jun/2020:08:42:12 +0200] "GET /xmlrpc.php HTTP/1.1" 200 - "-" "Mozilla/5.0 (Windows NT 6.1; WOW64; rv:45.0) Gecko/20100101 Firefox/45.0"
66.249.75.145 - - [06/Jun/2020:08:43:19 +0200] "GET /files/ilo_c3_c18_c21_terv_090323.pdf HTTP/1.1" 200 106164 "-" "Googlebot/2.1 (+http://www.google.com/bot.html)"
207.46.13.189 - - [06/Jun/2020:08:46:07 +0200] "GET /robots.txt HTTP/1.1" 200 1590 "-" "Mozilla/5.0 (compatible; bingbot/2.0; +http://www.bing.com/bingbot.htm)"
207.46.13.89 - - [06/Jun/2020:08:47:14 +0200] "GET /node/208 HTTP/1.1" 200 - "-" "Mozilla/5.0 (compatible; bingbot/2.0; +http://www.bing.com/bingbot.htm)"
