34.216.114.198 - - [12/Jun/2020:08:08:00 +0200] "GET /files/mh_beosztasi_kategoriaba_besorolas_rendfokozat.pdf HTTP/1.1" 200 103785 "-" "Mozilla/5.0 (Windows NT 6.1; Win64; x64) AppleWebKit/537.36 (KHTML, like Gecko) Chrome/72.0.3626.109 Safari/537.36"
40.77.167.239 - - [12/Jun/2020:08:10:03 +0200] "GET /files/$File/makro.pdf HTTP/1.1" 200 - "-" "Mozilla/5.0 (compatible; bingbot/2.0; +http://www.bing.com/bingbot.htm)"
207.46.13.6 - - [12/Jun/2020:08:18:42 +0200] "GET /node/2443 HTTP/1.1" 200 - "-" "Mozilla/5.0 (compatible; bingbot/2.0; +http://www.bing.com/bingbot.htm)"
66.249.66.89 - - [12/Jun/2020:08:21:32 +0200] "GET /files/ellelmezesi_ellatas.pdf HTTP/1.1" 200 94842 "-" "Googlebot/2.1 (+http://www.google.com/bot.html)"
66.249.66.90 - - [12/Jun/2020:08:22:08 +0200] "GET /files/Tuzszolszab..pdf HTTP/1.1" 200 424954 "-" "Mozilla/5.0 (compatible; Googlebot/2.1; +http://www.google.com/bot.html)"
216.244.66.200 - - [12/Jun/2020:08:25:31 +0200] "GET /taxonomy/term/21?page=42 HTTP/1.1" 200 - "-" "Mozilla/5.0 (compatible; DotBot/1.1; http://www.opensiteexplorer.org/dotbot, help@moz.com)"
216.244.66.200 - - [12/Jun/2020:08:28:12 +0200] "GET /node/1064 HTTP/1.1" 200 - "-" "Mozilla/5.0 (compatible; DotBot/1.1; http://www.opensiteexplorer.org/dotbot, help@moz.com)"
23.100.232.233 - - [12/Jun/2020:08:28:36 +0200] "GET /files/szakszo_legiforgalmi_iranyito.pdf HTTP/1.1" 200 268122 "-" "Mozilla/5.0 (compatible; MSIE 9.0; Windows NT 6.1; Trident/5.0; Trident/5.0)"
216.244.66.200 - - [12/Jun/2020:08:28:52 +0200] "GET /node/1142 HTTP/1.1" 200 - "-" "Mozilla/5.0 (compatible; DotBot/1.1; http://www.opensiteexplorer.org/dotbot, help@moz.com)"
216.244.66.200 - - [12/Jun/2020:08:29:44 +0200] "GET /node/1830 HTTP/1.1" 200 - "-" "Mozilla/5.0 (compatible; DotBot/1.1; http://www.opensiteexplorer.org/dotbot, help@moz.com)"
216.244.66.200 - - [12/Jun/2020:08:30:35 +0200] "GET /node/736 HTTP/1.1" 200 - "-" "Mozilla/5.0 (compatible; DotBot/1.1; http://www.opensiteexplorer.org/dotbot, help@moz.com)"
157.55.39.244 - - [12/Jun/2020:08:31:08 +0200] "GET /node/2499 HTTP/1.1" 200 - "-" "Mozilla/5.0 (compatible; bingbot/2.0; +http://www.bing.com/bingbot.htm)"
216.244.66.200 - - [12/Jun/2020:08:31:25 +0200] "GET /node/941 HTTP/1.1" 200 - "-" "Mozilla/5.0 (compatible; DotBot/1.1; http://www.opensiteexplorer.org/dotbot, help@moz.com)"
216.244.66.200 - - [12/Jun/2020:08:32:19 +0200] "GET /node/75 HTTP/1.1" 200 - "-" "Mozilla/5.0 (compatible; DotBot/1.1; http://www.opensiteexplorer.org/dotbot, help@moz.com)"
40.77.167.103 - - [12/Jun/2020:08:33:06 +0200] "GET /node/1020 HTTP/1.1" 200 - "-" "Mozilla/5.0 (iPhone; CPU iPhone OS 7_0 like Mac OS X) AppleWebKit/537.51.1 (KHTML, like Gecko) Version/7.0 Mobile/11A465 Safari/9537.53 (compatible; bingbot/2.0; +http://www.bing.com/bingbot.htm)"
68.68.32.104 - - [12/Jun/2020:08:36:53 +0200] "GET /node/2347 HTTP/1.1" 200 - "-" "Mozilla/5.0 (Windows NT 6.3; Win64; x64; rv:50.0) Gecko/20100101 Firefox/50.0"
94.44.255.181 - - [12/Jun/2020:08:38:20 +0200] "GET /files/hadkotelesek_hm_eum_rendelet_tervezet_melleklet.pdf HTTP/1.1" 200 713160 "-" "Dalvik/2.1.0 (Linux; U; Android 9; LM-X525 Build/PKQ1.190223.001)"
216.244.66.200 - - [12/Jun/2020:08:39:51 +0200] "GET /files/zenekari_enekkari_tam_mell_kamarazenekarok_070131.pdf HTTP/1.1" 200 106691 "-" "Mozilla/5.0 (compatible; DotBot/1.1; http://www.opensiteexplorer.org/dotbot, help@moz.com)"
161.35.87.169 - - [12/Jun/2020:08:41:44 +0200] "GET / HTTP/1.1" 200 - "-" "Mozilla/5.0 (Macintosh; Intel Mac OS X 10_10_5) AppleWebKit/537.36 (KHTML, like Gecko) Chrome/45.0.2454.101 Safari/537.36"
40.77.167.103 - - [12/Jun/2020:08:42:06 +0200] "GET /node/1137 HTTP/1.1" 200 - "-" "Mozilla/5.0 (compatible; bingbot/2.0; +http://www.bing.com/bingbot.htm)"
216.244.66.200 - - [12/Jun/2020:08:42:17 +0200] "GET /files/4377.pdf HTTP/1.1" 200 200758 "-" "Mozilla/5.0 (compatible; DotBot/1.1; http://www.opensiteexplorer.org/dotbot, help@moz.com)"
216.244.66.200 - - [12/Jun/2020:08:42:51 +0200] "GET /files/azonosito.zip HTTP/1.1" 200 38699 "-" "Mozilla/5.0 (compatible; DotBot/1.1; http://www.opensiteexplorer.org/dotbot, help@moz.com)"
216.244.66.200 - - [12/Jun/2020:08:44:08 +0200] "GET /files/1123_tamogatas_terv.pdf HTTP/1.1" 200 425306 "-" "Mozilla/5.0 (compatible; DotBot/1.1; http://www.opensiteexplorer.org/dotbot, help@moz.com)"
216.244.66.200 - - [12/Jun/2020:08:44:44 +0200] "GET /files/93_2_tv_mod_kormeloterj.pdf HTTP/1.1" 200 179567 "-" "Mozilla/5.0 (compatible; DotBot/1.1; http://www.opensiteexplorer.org/dotbot, help@moz.com)"
216.244.66.200 - - [12/Jun/2020:08:45:17 +0200] "GET /files/KHEM_1371_3.doc HTTP/1.1" 200 113664 "-" "Mozilla/5.0 (compatible; DotBot/1.1; http://www.opensiteexplorer.org/dotbot, help@moz.com)"
216.244.66.200 - - [12/Jun/2020:08:45:52 +0200] "GET /files/KHEM_1424_5normaszoveg.doc HTTP/1.1" 200 365056 "-" "Mozilla/5.0 (compatible; DotBot/1.1; http://www.opensiteexplorer.org/dotbot, help@moz.com)"
216.244.66.200 - - [12/Jun/2020:08:46:23 +0200] "GET /files/KHEM_3649_10_norma.doc HTTP/1.1" 200 320512 "-" "Mozilla/5.0 (compatible; DotBot/1.1; http://www.opensiteexplorer.org/dotbot, help@moz.com)"
216.244.66.200 - - [12/Jun/2020:08:46:51 +0200] "GET /files/Konkordancia%2060.doc HTTP/1.1" 200 33792 "-" "Mozilla/5.0 (compatible; DotBot/1.1; http://www.opensiteexplorer.org/dotbot, help@moz.com)"
40.77.167.239 - - [12/Jun/2020:08:48:09 +0200] "GET /files/KHEm_1088.doc HTTP/1.1" 304 - "-" "Mozilla/5.0 (compatible; bingbot/2.0; +http://www.bing.com/bingbot.htm)"
40.77.167.239 - - [12/Jun/2020:08:49:07 +0200] "GET /files/egyes_kormany-_es_miniszteri_rendeleti_szintu_jogszabalyok_es_jogszabalyi_rendelkezesek_technikai_deregulaciojarol_(3).doc HTTP/1.1" 200 2368512 "-" "Mozilla/5.0 (iPhone; CPU iPhone OS 7_0 like Mac OS X) AppleWebKit/537.51.1 (KHTML, like Gecko) Version/7.0 Mobile/11A465 Safari/9537.53 (compatible; bingbot/2.0; +http://www.bing.com/bingbot.htm)"
40.77.167.103 - - [12/Jun/2020:08:49:13 +0200] "GET /files/3782007szakertoi_kozigegyeztetesre1124.pdf HTTP/1.1" 200 191162 "-" "Mozilla/5.0 (iPhone; CPU iPhone OS 7_0 like Mac OS X) AppleWebKit/537.51.1 (KHTML, like Gecko) Version/7.0 Mobile/11A465 Safari/9537.53 (compatible; bingbot/2.0; +http://www.bing.com/bingbot.htm)"
23.100.232.233 - - [12/Jun/2020:08:50:24 +0200] "GET /files/rendmod_.doc HTTP/1.1" 200 81408 "-" "Mozilla/5.0 (compatible; MSIE 9.0; Windows NT 6.1; Trident/5.0; Trident/5.0)"
209.17.96.122 - - [12/Jun/2020:08:50:45 +0200] "GET / HTTP/1.1" 200 - "-" "Mozilla/5.0 (compatible; Nimbostratus-Bot/v1.3.2; http://cloudsystemnetworks.com)"
40.77.202.49 - - [12/Jun/2020:08:52:33 +0200] "GET /files/Melleklet_kozossegi_jegyzek_090609.doc HTTP/1.1" 200 67217 "-" "Mozilla/5.0 (iPhone; CPU iPhone OS 7_0 like Mac OS X) AppleWebKit/537.51.1 (KHTML, like Gecko) Version/7.0 Mobile/11A465 Safari/9537.53 BingPreview/1.0b"
40.77.167.103 - - [12/Jun/2020:08:53:07 +0200] "GET /files/ptk_kotelmi_jog.pdf HTTP/1.1" 200 706298 "-" "Mozilla/5.0 (iPhone; CPU iPhone OS 7_0 like Mac OS X) AppleWebKit/537.51.1 (KHTML, like Gecko) Version/7.0 Mobile/11A465 Safari/9537.53 (compatible; bingbot/2.0; +http://www.bing.com/bingbot.htm)"
216.244.66.200 - - [12/Jun/2020:09:04:06 +0200] "GET /taxonomy/term/50?page=15 HTTP/1.1" 200 - "-" "Mozilla/5.0 (compatible; DotBot/1.1; http://www.opensiteexplorer.org/dotbot, help@moz.com)"
216.244.66.200 - - [12/Jun/2020:09:04:32 +0200] "GET /node?page=189 HTTP/1.1" 200 - "-" "Mozilla/5.0 (compatible; DotBot/1.1; http://www.opensiteexplorer.org/dotbot, help@moz.com)"
216.244.66.200 - - [12/Jun/2020:09:06:13 +0200] "GET /taxonomy/term/21?page=10 HTTP/1.1" 200 - "-" "Mozilla/5.0 (compatible; DotBot/1.1; http://www.opensiteexplorer.org/dotbot, help@moz.com)"
51.77.52.160 - - [12/Jun/2020:09:06:16 +0200] "GET / HTTP/1.1" 200 - "-" "Mozilla/5.0 (X11; Linux x86_64) AppleWebKit/537.36 (KHTML, like Gecko) Chrome/75.0.3770.100 Safari/537.36 OPR/62.0.3331.99"
216.244.66.200 - - [12/Jun/2020:09:06:48 +0200] "GET /node/589 HTTP/1.1" 200 - "-" "Mozilla/5.0 (compatible; DotBot/1.1; http://www.opensiteexplorer.org/dotbot, help@moz.com)"
40.77.167.103 - - [12/Jun/2020:09:07:06 +0200] "GET /node/1777 HTTP/1.1" 200 - "-" "Mozilla/5.0 (compatible; bingbot/2.0; +http://www.bing.com/bingbot.htm)"
216.244.66.200 - - [12/Jun/2020:09:07:53 +0200] "GET /taxonomy/term/40?page=95 HTTP/1.1" 200 - "-" "Mozilla/5.0 (compatible; DotBot/1.1; http://www.opensiteexplorer.org/dotbot, help@moz.com)"
216.244.66.200 - - [12/Jun/2020:09:08:52 +0200] "GET /node/1068 HTTP/1.1" 200 - "-" "Mozilla/5.0 (compatible; DotBot/1.1; http://www.opensiteexplorer.org/dotbot, help@moz.com)"
216.244.66.200 - - [12/Jun/2020:09:09:43 +0200] "GET /taxonomy/term/1?page=136 HTTP/1.1" 200 - "-" "Mozilla/5.0 (compatible; DotBot/1.1; http://www.opensiteexplorer.org/dotbot, help@moz.com)"
216.244.66.200 - - [12/Jun/2020:09:12:19 +0200] "GET /node/1701 HTTP/1.1" 200 - "-" "Mozilla/5.0 (compatible; DotBot/1.1; http://www.opensiteexplorer.org/dotbot, help@moz.com)"
216.244.66.200 - - [12/Jun/2020:09:13:09 +0200] "GET /node/2537 HTTP/1.1" 200 - "-" "Mozilla/5.0 (compatible; DotBot/1.1; http://www.opensiteexplorer.org/dotbot, help@moz.com)"
40.77.167.103 - - [12/Jun/2020:09:13:24 +0200] "GET /files/minimumfelt_normasz_090902.doc HTTP/1.1" 304 - "-" "Mozilla/5.0 (compatible; bingbot/2.0; +http://www.bing.com/bingbot.htm)"
216.244.66.200 - - [12/Jun/2020:09:13:59 +0200] "GET /node/2607 HTTP/1.1" 200 - "-" "Mozilla/5.0 (compatible; DotBot/1.1; http://www.opensiteexplorer.org/dotbot, help@moz.com)"
216.244.66.200 - - [12/Jun/2020:09:14:51 +0200] "GET /node/672 HTTP/1.1" 200 - "-" "Mozilla/5.0 (compatible; DotBot/1.1; http://www.opensiteexplorer.org/dotbot, help@moz.com)"
40.77.167.239 - - [12/Jun/2020:09:16:55 +0200] "GET /robots.txt HTTP/1.1" 200 1590 "-" "Mozilla/5.0 (compatible; bingbot/2.0; +http://www.bing.com/bingbot.htm)"
66.249.66.157 - - [12/Jun/2020:09:17:34 +0200] "GET /files/kormeloterjesztes_parlagfu_velemenyezesre.pdf HTTP/1.1" 200 187147 "-" "Mozilla/5.0 (compatible; Googlebot/2.1; +http://www.google.com/bot.html)"
216.244.66.200 - - [12/Jun/2020:09:19:09 +0200] "GET /files/szolo_mellekterek_velemenyezesre.pdf HTTP/1.1" 200 221396 "-" "Mozilla/5.0 (compatible; DotBot/1.1; http://www.opensiteexplorer.org/dotbot, help@moz.com)"
216.244.66.200 - - [12/Jun/2020:09:20:34 +0200] "GET /files/tenyesztett_viziall_rendelet_tervezet_velemenyezesre.pdf HTTP/1.1" 200 328013 "-" "Mozilla/5.0 (compatible; DotBot/1.1; http://www.opensiteexplorer.org/dotbot, help@moz.com)"
216.244.66.200 - - [12/Jun/2020:09:21:10 +0200] "GET /files/torveny_tervezet_felsooktatas_jogallasarol.pdf HTTP/1.1" 200 86154 "-" "Mozilla/5.0 (compatible; DotBot/1.1; http://www.opensiteexplorer.org/dotbot, help@moz.com)"
216.244.66.200 - - [12/Jun/2020:09:22:01 +0200] "GET /files/katonak_illetmenyerol_es_illetmenyjellegu_juttatasairol_tervezet.pdf HTTP/1.1" 200 166093 "-" "Mozilla/5.0 (compatible; DotBot/1.1; http://www.opensiteexplorer.org/dotbot, help@moz.com)"
216.244.66.200 - - [12/Jun/2020:09:22:47 +0200] "GET /files/NFGM230.pdf HTTP/1.1" 200 98933 "-" "Mozilla/5.0 (compatible; DotBot/1.1; http://www.opensiteexplorer.org/dotbot, help@moz.com)"
216.244.66.200 - - [12/Jun/2020:09:23:25 +0200] "GET /files/R268.doc HTTP/1.1" 200 129024 "-" "Mozilla/5.0 (compatible; DotBot/1.1; http://www.opensiteexplorer.org/dotbot, help@moz.com)"
66.249.66.158 - - [12/Jun/2020:09:23:30 +0200] "GET /files/NFGM3656.pdf HTTP/1.1" 200 154520 "-" "Googlebot/2.1 (+http://www.google.com/bot.html)"
216.244.66.200 - - [12/Jun/2020:09:24:00 +0200] "GET /files/mell1a.pdf HTTP/1.1" 200 105926 "-" "Mozilla/5.0 (compatible; DotBot/1.1; http://www.opensiteexplorer.org/dotbot, help@moz.com)"
216.244.66.200 - - [12/Jun/2020:09:24:41 +0200] "GET /files/regeszet.doc HTTP/1.1" 200 169984 "-" "Mozilla/5.0 (compatible; DotBot/1.1; http://www.opensiteexplorer.org/dotbot, help@moz.com)"
216.244.66.200 - - [12/Jun/2020:09:25:35 +0200] "GET /files/0227_fszankcel_t_kozig.doc HTTP/1.1" 200 425305 "-" "Mozilla/5.0 (compatible; DotBot/1.1; http://www.opensiteexplorer.org/dotbot, help@moz.com)"
66.249.66.90 - - [12/Jun/2020:09:25:51 +0200] "GET /files/35_2002_hm_rendelet_mod.pdf HTTP/1.1" 200 170374 "-" "Googlebot/2.1 (+http://www.google.com/bot.html)"
216.244.66.200 - - [12/Jun/2020:09:26:25 +0200] "GET /files/0427_Natura_1._mell_klet.zip HTTP/1.1" 200 419516 "-" "Mozilla/5.0 (compatible; DotBot/1.1; http://www.opensiteexplorer.org/dotbot, help@moz.com)"
157.55.39.244 - - [12/Jun/2020:09:26:45 +0200] "GET /files/jelentes_2005.doc HTTP/1.1" 200 796672 "-" "Mozilla/5.0 (iPhone; CPU iPhone OS 7_0 like Mac OS X) AppleWebKit/537.51.1 (KHTML, like Gecko) Version/7.0 Mobile/11A465 Safari/9537.53 (compatible; bingbot/2.0; +http://www.bing.com/bingbot.htm)"
207.46.13.6 - - [12/Jun/2020:09:26:56 +0200] "GET /files/bnyt_eloterjesztes._03.02.doc HTTP/1.1" 200 994816 "-" "Mozilla/5.0 (iPhone; CPU iPhone OS 7_0 like Mac OS X) AppleWebKit/537.51.1 (KHTML, like Gecko) Version/7.0 Mobile/11A465 Safari/9537.53 (compatible; bingbot/2.0; +http://www.bing.com/bingbot.htm)"
216.244.66.200 - - [12/Jun/2020:09:27:00 +0200] "GET /files/13_havi_terv_070319.pdf HTTP/1.1" 200 200690 "-" "Mozilla/5.0 (compatible; DotBot/1.1; http://www.opensiteexplorer.org/dotbot, help@moz.com)"
216.244.66.200 - - [12/Jun/2020:09:28:02 +0200] "GET /files/2009jan-%C3%83%C2%A1prilis.pdf HTTP/1.1" 200 - "-" "Mozilla/5.0 (compatible; DotBot/1.1; http://www.opensiteexplorer.org/dotbot, help@moz.com)"
216.244.66.200 - - [12/Jun/2020:09:28:22 +0200] "GET /files/Barlang_tervezet.pdf HTTP/1.1" 200 142948 "-" "Mozilla/5.0 (compatible; DotBot/1.1; http://www.opensiteexplorer.org/dotbot, help@moz.com)"
207.46.13.6 - - [12/Jun/2020:09:33:33 +0200] "GET /node/2525 HTTP/1.1" 200 - "-" "Mozilla/5.0 (compatible; bingbot/2.0; +http://www.bing.com/bingbot.htm)"
216.244.66.200 - - [12/Jun/2020:09:33:39 +0200] "GET /robots.txt HTTP/1.1" 200 1590 "-" "Mozilla/5.0 (compatible; DotBot/1.1; http://www.opensiteexplorer.org/dotbot, help@moz.com)"
207.46.13.128 - - [12/Jun/2020:09:35:03 +0200] "GET /node/33 HTTP/1.1" 200 - "-" "Mozilla/5.0 (compatible; bingbot/2.0; +http://www.bing.com/bingbot.htm)"
207.46.13.6 - - [12/Jun/2020:09:41:02 +0200] "GET /node/2453 HTTP/1.1" 200 - "-" "Mozilla/5.0 (compatible; bingbot/2.0; +http://www.bing.com/bingbot.htm)"
157.55.39.44 - - [12/Jun/2020:09:43:29 +0200] "GET /robots.txt HTTP/1.1" 200 1590 "-" "Mozilla/5.0 (compatible; bingbot/2.0; +http://www.bing.com/bingbot.htm)"
207.46.13.6 - - [12/Jun/2020:09:44:12 +0200] "GET /node/2539 HTTP/1.1" 200 - "-" "Mozilla/5.0 (compatible; bingbot/2.0; +http://www.bing.com/bingbot.htm)"
216.244.66.200 - - [12/Jun/2020:09:44:56 +0200] "GET /node?page=23 HTTP/1.1" 200 - "-" "Mozilla/5.0 (compatible; DotBot/1.1; http://www.opensiteexplorer.org/dotbot, help@moz.com)"
216.244.66.200 - - [12/Jun/2020:09:45:18 +0200] "GET /node?page=66 HTTP/1.1" 200 - "-" "Mozilla/5.0 (compatible; DotBot/1.1; http://www.opensiteexplorer.org/dotbot, help@moz.com)"
216.244.66.200 - - [12/Jun/2020:09:45:58 +0200] "GET /node?page=80 HTTP/1.1" 200 - "-" "Mozilla/5.0 (compatible; DotBot/1.1; http://www.opensiteexplorer.org/dotbot, help@moz.com)"
216.244.66.200 - - [12/Jun/2020:09:46:49 +0200] "GET /node?page=194 HTTP/1.1" 200 - "-" "Mozilla/5.0 (compatible; DotBot/1.1; http://www.opensiteexplorer.org/dotbot, help@moz.com)"
216.244.66.200 - - [12/Jun/2020:09:48:03 +0200] "GET /taxonomy/term/1?page=42 HTTP/1.1" 200 - "-" "Mozilla/5.0 (compatible; DotBot/1.1; http://www.opensiteexplorer.org/dotbot, help@moz.com)"
216.244.66.200 - - [12/Jun/2020:09:48:38 +0200] "GET /node/1888 HTTP/1.1" 200 - "-" "Mozilla/5.0 (compatible; DotBot/1.1; http://www.opensiteexplorer.org/dotbot, help@moz.com)"
207.46.13.6 - - [12/Jun/2020:09:48:52 +0200] "GET /files/1521_5.pdf HTTP/1.1" 200 643575 "-" "Mozilla/5.0 (iPhone; CPU iPhone OS 7_0 like Mac OS X) AppleWebKit/537.51.1 (KHTML, like Gecko) Version/7.0 Mobile/11A465 Safari/9537.53 (compatible; bingbot/2.0; +http://www.bing.com/bingbot.htm)"
216.244.66.200 - - [12/Jun/2020:09:49:29 +0200] "GET /node/1923 HTTP/1.1" 200 - "-" "Mozilla/5.0 (compatible; DotBot/1.1; http://www.opensiteexplorer.org/dotbot, help@moz.com)"
216.244.66.200 - - [12/Jun/2020:09:50:19 +0200] "GET /node/447 HTTP/1.1" 200 - "-" "Mozilla/5.0 (compatible; DotBot/1.1; http://www.opensiteexplorer.org/dotbot, help@moz.com)"
114.119.165.140 - - [12/Jun/2020:09:50:44 +0200] "GET /robots.txt HTTP/1.1" 200 1590 "-" "Mozilla/5.0 (Linux; Android 7.0;) AppleWebKit/537.36 (KHTML, like Gecko) Mobile Safari/537.36 (compatible; PetalBot;+https://aspiegel.com/petalbot)"
216.244.66.200 - - [12/Jun/2020:09:51:09 +0200] "GET /node/504 HTTP/1.1" 200 - "-" "Mozilla/5.0 (compatible; DotBot/1.1; http://www.opensiteexplorer.org/dotbot, help@moz.com)"
216.244.66.200 - - [12/Jun/2020:09:52:00 +0200] "GET /node/1079 HTTP/1.1" 200 - "-" "Mozilla/5.0 (compatible; DotBot/1.1; http://www.opensiteexplorer.org/dotbot, help@moz.com)"
216.244.66.200 - - [12/Jun/2020:09:52:50 +0200] "GET /node/1557 HTTP/1.1" 200 - "-" "Mozilla/5.0 (compatible; DotBot/1.1; http://www.opensiteexplorer.org/dotbot, help@moz.com)"
66.249.66.88 - - [12/Jun/2020:09:53:34 +0200] "GET /files/aujeszky_rendelet_velemenyezesre.pdf HTTP/1.1" 200 190404 "-" "Mozilla/5.0 (compatible; Googlebot/2.1; +http://www.google.com/bot.html)"
207.46.13.6 - - [12/Jun/2020:10:00:50 +0200] "GET /files/igszak.igszolg_rend.terv_090727.doc HTTP/1.1" 200 289792 "-" "Mozilla/5.0 (iPhone; CPU iPhone OS 7_0 like Mac OS X) AppleWebKit/537.51.1 (KHTML, like Gecko) Version/7.0 Mobile/11A465 Safari/9537.53 (compatible; bingbot/2.0; +http://www.bing.com/bingbot.htm)"
68.68.32.104 - - [12/Jun/2020:10:01:19 +0200] "GET /node/158 HTTP/1.1" 200 - "-" "Mozilla/5.0 (Windows NT 6.1; Win64; x64; rv:51.0) Gecko/20100101 Firefox/51.0"
193.6.184.106 - - [12/Jun/2020:10:05:24 +0200] "GET /favicon.ico HTTP/1.1" 404 57 "-" "Mozilla/5.0 (Windows NT 10.0; Win64; x64; rv:77.0) Gecko/20100101 Firefox/77.0"
193.6.184.106 - - [12/Jun/2020:10:05:25 +0200] "GET /files/28_2009_OM-rend.pdf HTTP/1.1" 200 143910 "https://www.google.com/" "Mozilla/5.0 (Windows NT 10.0; Win64; x64; rv:77.0) Gecko/20100101 Firefox/77.0"
95.216.1.46 - - [12/Jun/2020:10:06:17 +0200] "GET /robots.txt HTTP/1.1" 200 1590 "-" "Mozilla/5.0 (compatible; MJ12bot/v1.4.8; http://mj12bot.com/)"
95.216.1.46 - - [12/Jun/2020:10:07:00 +0200] "GET /files/19-2003-Mell%C3%83%C2%A9kletek.xls.txt HTTP/1.1" 200 - "-" "Mozilla/5.0 (compatible; MJ12bot/v1.4.8; http://mj12bot.com/)"
66.249.66.88 - - [12/Jun/2020:10:07:13 +0200] "GET /favicon.ico HTTP/1.1" 404 57 "-" "Googlebot-Image/1.0"
95.216.1.46 - - [12/Jun/2020:10:07:43 +0200] "GET /files/9-93.normasz%C3%83%C2%B6veg.m%C3%83%C2%B3d.2007.febr.T%C3%83?RCA.doc HTTP/1.1" 200 - "-" "Mozilla/5.0 (compatible; MJ12bot/v1.4.8; http://mj12bot.com/)"
95.216.1.46 - - [12/Jun/2020:10:08:25 +0200] "GET /files/A%20T%C3%83%E2%80%93RV%C3%83%E2%80%B0NYJAVASLAT%20MELL%C3%83%E2%80%B0KLETEI.htm.txt HTTP/1.1" 200 - "-" "Mozilla/5.0 (compatible; MJ12bot/v1.4.8; http://mj12bot.com/)"
95.216.1.46 - - [12/Jun/2020:10:09:07 +0200] "GET /files/AZ%20%C3%83?S%20MELL%C3%83%E2%80%B0KLETEI.htm.txt HTTP/1.1" 200 - "-" "Mozilla/5.0 (compatible; MJ12bot/v1.4.8; http://mj12bot.com/)"
95.216.1.46 - - [12/Jun/2020:10:09:49 +0200] "GET /files/Alap-%C3%83%C2%A9s%20m%C3%85%C2%B1k%C3%83%C2%B6d%C3%83%C2%A9si%20nyilv%C3%83%C2%A1ntart%C3%83%C2%A1s-T%C3%83?RCA03.20..doc HTTP/1.1" 200 - "-" "Mozilla/5.0 (compatible; MJ12bot/v1.4.8; http://mj12bot.com/)"
95.216.1.46 - - [12/Jun/2020:10:10:31 +0200] "GET /files/FEJEZETI%20K%C3%83%E2%80%93TETEK.htm.txt HTTP/1.1" 200 - "-" "Mozilla/5.0 (compatible; MJ12bot/v1.4.8; http://mj12bot.com/)"
95.216.1.46 - - [12/Jun/2020:10:11:13 +0200] "GET /files/INDOKOL%C3%83?1.doc HTTP/1.1" 200 - "-" "Mozilla/5.0 (compatible; MJ12bot/v1.4.8; http://mj12bot.com/)"
95.216.1.46 - - [12/Jun/2020:10:11:55 +0200] "GET /files/INDOKOL%C3%83?S.doc HTTP/1.1" 200 - "-" "Mozilla/5.0 (compatible; MJ12bot/v1.4.8; http://mj12bot.com/)"
95.216.1.46 - - [12/Jun/2020:10:12:37 +0200] "GET /files/SzaboMate_hozz%C3%83%C2%A1f%C3%83%C2%A9r%C3%83%C2%A9s.pps HTTP/1.1" 200 - "-" "Mozilla/5.0 (compatible; MJ12bot/v1.4.8; http://mj12bot.com/)"
95.216.1.46 - - [12/Jun/2020:10:13:19 +0200] "GET /files/VEZET%C3%85?I%20%C3%83%E2%80%93SSZEFOGLAL%C3%83%E2%80%9C.doc HTTP/1.1" 200 - "-" "Mozilla/5.0 (compatible; MJ12bot/v1.4.8; http://mj12bot.com/)"
95.216.1.46 - - [12/Jun/2020:10:14:01 +0200] "GET /files/%C3%83?NTSZ%20%20061214%20Kormr.doc HTTP/1.1" 200 - "-" "Mozilla/5.0 (compatible; MJ12bot/v1.4.8; http://mj12bot.com/)"
95.216.1.46 - - [12/Jun/2020:10:14:02 +0200] "GET /robots.txt HTTP/1.1" 200 1590 "-" "Mozilla/5.0 (compatible; MJ12bot/v1.4.8; http://mj12bot.com/)"
95.216.1.46 - - [12/Jun/2020:10:14:44 +0200] "GET /files/19-2003-Mell%C3%83%C2%A9kletek.xls.txt HTTP/1.1" 200 - "-" "Mozilla/5.0 (compatible; MJ12bot/v1.4.8; http://mj12bot.com/)"
207.46.13.6 - - [12/Jun/2020:10:14:48 +0200] "GET /files/tnm_fmm_rendelet_mod_indokolas.pdf HTTP/1.1" 304 - "-" "Mozilla/5.0 (compatible; bingbot/2.0; +http://www.bing.com/bingbot.htm)"
95.216.1.46 - - [12/Jun/2020:10:15:26 +0200] "GET /files/9-93.normasz%C3%83%C2%B6veg.m%C3%83%C2%B3d.2007.febr.T%C3%83?RCA.doc HTTP/1.1" 200 - "-" "Mozilla/5.0 (compatible; MJ12bot/v1.4.8; http://mj12bot.com/)"
95.216.1.46 - - [12/Jun/2020:10:16:08 +0200] "GET /files/A%20T%C3%83%E2%80%93RV%C3%83%E2%80%B0NYJAVASLAT%20MELL%C3%83%E2%80%B0KLETEI.htm.txt HTTP/1.1" 200 - "-" "Mozilla/5.0 (compatible; MJ12bot/v1.4.8; http://mj12bot.com/)"
95.216.1.46 - - [12/Jun/2020:10:16:50 +0200] "GET /files/AZ%20%C3%83?S%20MELL%C3%83%E2%80%B0KLETEI.htm.txt HTTP/1.1" 200 - "-" "Mozilla/5.0 (compatible; MJ12bot/v1.4.8; http://mj12bot.com/)"
95.216.1.46 - - [12/Jun/2020:10:17:32 +0200] "GET /files/Alap-%C3%83%C2%A9s%20m%C3%85%C2%B1k%C3%83%C2%B6d%C3%83%C2%A9si%20nyilv%C3%83%C2%A1ntart%C3%83%C2%A1s-T%C3%83?RCA03.20..doc HTTP/1.1" 200 - "-" "Mozilla/5.0 (compatible; MJ12bot/v1.4.8; http://mj12bot.com/)"
195.199.250.226 - - [12/Jun/2020:10:18:12 +0200] "GET /favicon.ico HTTP/1.1" 404 57 "-" "Mozilla/5.0 (Windows NT 10.0; rv:77.0) Gecko/20100101 Firefox/77.0"
95.216.1.46 - - [12/Jun/2020:10:18:14 +0200] "GET /files/FEJEZETI%20K%C3%83%E2%80%93TETEK.htm.txt HTTP/1.1" 200 - "-" "Mozilla/5.0 (compatible; MJ12bot/v1.4.8; http://mj12bot.com/)"
195.199.250.226 - - [12/Jun/2020:10:18:16 +0200] "GET /files/alapf_muv_okt_kovet_II_060414.pdf HTTP/1.1" 206 65536 "https://www.google.com/" "Mozilla/5.0 (Windows NT 10.0; rv:77.0) Gecko/20100101 Firefox/77.0"
195.199.250.226 - - [12/Jun/2020:10:18:18 +0200] "GET /files/alapf_muv_okt_kovet_II_060414.pdf HTTP/1.1" 206 60067 "https://www.google.com/" "Mozilla/5.0 (Windows NT 10.0; rv:77.0) Gecko/20100101 Firefox/77.0"
195.199.250.226 - - [12/Jun/2020:10:18:19 +0200] "GET /files/alapf_muv_okt_kovet_II_060414.pdf HTTP/1.1" 200 584355 "https://www.google.com/" "Mozilla/5.0 (Windows NT 10.0; rv:77.0) Gecko/20100101 Firefox/77.0"
195.199.250.226 - - [12/Jun/2020:10:18:19 +0200] "GET /files/alapf_muv_okt_kovet_II_060414.pdf HTTP/1.1" 206 65536 "https://www.google.com/" "Mozilla/5.0 (Windows NT 10.0; rv:77.0) Gecko/20100101 Firefox/77.0"
95.216.1.46 - - [12/Jun/2020:10:18:57 +0200] "GET /files/INDOKOL%C3%83?1.doc HTTP/1.1" 200 - "-" "Mozilla/5.0 (compatible; MJ12bot/v1.4.8; http://mj12bot.com/)"
95.216.1.46 - - [12/Jun/2020:10:19:38 +0200] "GET /files/INDOKOL%C3%83?S.doc HTTP/1.1" 200 - "-" "Mozilla/5.0 (compatible; MJ12bot/v1.4.8; http://mj12bot.com/)"
95.216.1.46 - - [12/Jun/2020:10:20:20 +0200] "GET /files/SzaboMate_hozz%C3%83%C2%A1f%C3%83%C2%A9r%C3%83%C2%A9s.pps HTTP/1.1" 200 - "-" "Mozilla/5.0 (compatible; MJ12bot/v1.4.8; http://mj12bot.com/)"
95.216.1.46 - - [12/Jun/2020:10:21:02 +0200] "GET /files/VEZET%C3%85?I%20%C3%83%E2%80%93SSZEFOGLAL%C3%83%E2%80%9C.doc HTTP/1.1" 200 - "-" "Mozilla/5.0 (compatible; MJ12bot/v1.4.8; http://mj12bot.com/)"
95.216.1.46 - - [12/Jun/2020:10:21:44 +0200] "GET /files/%C3%83?NTSZ%20%20061214%20Kormr.doc HTTP/1.1" 200 - "-" "Mozilla/5.0 (compatible; MJ12bot/v1.4.8; http://mj12bot.com/)"
157.55.39.244 - - [12/Jun/2020:10:22:11 +0200] "GET /files/rendelettervezet.doc HTTP/1.1" 200 321536 "-" "Mozilla/5.0 (iPhone; CPU iPhone OS 7_0 like Mac OS X) AppleWebKit/537.51.1 (KHTML, like Gecko) Version/7.0 Mobile/11A465 Safari/9537.53 (compatible; bingbot/2.0; +http://www.bing.com/bingbot.htm)"
157.55.39.244 - - [12/Jun/2020:10:25:46 +0200] "GET /files/$File/im_t_bru.pdf HTTP/1.1" 200 - "-" "Mozilla/5.0 (compatible; bingbot/2.0; +http://www.bing.com/bingbot.htm)"
216.244.66.200 - - [12/Jun/2020:10:27:54 +0200] "GET /node?page=188 HTTP/1.1" 200 - "-" "Mozilla/5.0 (compatible; DotBot/1.1; http://www.opensiteexplorer.org/dotbot, help@moz.com)"
216.244.66.200 - - [12/Jun/2020:10:28:58 +0200] "GET /taxonomy/term/39?page=43 HTTP/1.1" 200 - "-" "Mozilla/5.0 (compatible; DotBot/1.1; http://www.opensiteexplorer.org/dotbot, help@moz.com)"
216.244.66.200 - - [12/Jun/2020:10:30:11 +0200] "GET /node/1671 HTTP/1.1" 200 - "-" "Mozilla/5.0 (compatible; DotBot/1.1; http://www.opensiteexplorer.org/dotbot, help@moz.com)"
216.244.66.200 - - [12/Jun/2020:10:31:02 +0200] "GET /node/1744 HTTP/1.1" 200 - "-" "Mozilla/5.0 (compatible; DotBot/1.1; http://www.opensiteexplorer.org/dotbot, help@moz.com)"
216.244.66.200 - - [12/Jun/2020:10:31:52 +0200] "GET /node/1769 HTTP/1.1" 200 - "-" "Mozilla/5.0 (compatible; DotBot/1.1; http://www.opensiteexplorer.org/dotbot, help@moz.com)"
216.244.66.200 - - [12/Jun/2020:10:32:42 +0200] "GET /node/1898 HTTP/1.1" 200 - "-" "Mozilla/5.0 (compatible; DotBot/1.1; http://www.opensiteexplorer.org/dotbot, help@moz.com)"
157.55.39.244 - - [12/Jun/2020:10:33:01 +0200] "GET /files/magyarukranb.doc HTTP/1.1" 200 44544 "-" "Mozilla/5.0 (iPhone; CPU iPhone OS 7_0 like Mac OS X) AppleWebKit/537.51.1 (KHTML, like Gecko) Version/7.0 Mobile/11A465 Safari/9537.53 (compatible; bingbot/2.0; +http://www.bing.com/bingbot.htm)"
216.244.66.200 - - [12/Jun/2020:10:33:32 +0200] "GET /node/1932 HTTP/1.1" 200 - "-" "Mozilla/5.0 (compatible; DotBot/1.1; http://www.opensiteexplorer.org/dotbot, help@moz.com)"
216.244.66.200 - - [12/Jun/2020:10:34:23 +0200] "GET /node/2058 HTTP/1.1" 200 - "-" "Mozilla/5.0 (compatible; DotBot/1.1; http://www.opensiteexplorer.org/dotbot, help@moz.com)"
216.244.66.200 - - [12/Jun/2020:10:35:13 +0200] "GET /node/852 HTTP/1.1" 200 - "-" "Mozilla/5.0 (compatible; DotBot/1.1; http://www.opensiteexplorer.org/dotbot, help@moz.com)"
216.244.66.200 - - [12/Jun/2020:10:36:03 +0200] "GET /node/787 HTTP/1.1" 200 - "-" "Mozilla/5.0 (compatible; DotBot/1.1; http://www.opensiteexplorer.org/dotbot, help@moz.com)"
216.244.66.200 - - [12/Jun/2020:10:36:53 +0200] "GET /taxonomy/term/40?page=155 HTTP/1.1" 200 - "-" "Mozilla/5.0 (compatible; DotBot/1.1; http://www.opensiteexplorer.org/dotbot, help@moz.com)"
157.55.39.244 - - [12/Jun/2020:10:37:59 +0200] "GET /files/roman_bolgar_eloterj_061214.pdf HTTP/1.1" 200 226416 "-" "Mozilla/5.0 (iPhone; CPU iPhone OS 7_0 like Mac OS X) AppleWebKit/537.51.1 (KHTML, like Gecko) Version/7.0 Mobile/11A465 Safari/9537.53 (compatible; bingbot/2.0; +http://www.bing.com/bingbot.htm)"
207.46.13.6 - - [12/Jun/2020:10:39:05 +0200] "GET /files/_rag3fmujfdhqa4st0cs_.doc HTTP/1.1" 200 232960 "-" "Mozilla/5.0 (iPhone; CPU iPhone OS 7_0 like Mac OS X) AppleWebKit/537.51.1 (KHTML, like Gecko) Version/7.0 Mobile/11A465 Safari/9537.53 (compatible; bingbot/2.0; +http://www.bing.com/bingbot.htm)"
66.249.66.89 - - [12/Jun/2020:10:41:34 +0200] "GET /files/hadkotelesek_hm_eum_rendelet_tervezet_melleklet.pdf HTTP/1.1" 304 - "-" "Mozilla/5.0 (Linux; Android 6.0.1; Nexus 5X Build/MMB29P) AppleWebKit/537.36 (KHTML, like Gecko) Chrome/80.0.3987.92 Mobile Safari/537.36 (compatible; Googlebot/2.1; +http://www.google.com/bot.html)"
207.46.13.6 - - [12/Jun/2020:10:43:31 +0200] "GET /node?page=250 HTTP/1.1" 200 - "-" "Mozilla/5.0 (iPhone; CPU iPhone OS 7_0 like Mac OS X) AppleWebKit/537.51.1 (KHTML, like Gecko) Version/7.0 Mobile/11A465 Safari/9537.53 (compatible; bingbot/2.0; +http://www.bing.com/bingbot.htm)"
157.55.39.244 - - [12/Jun/2020:10:46:08 +0200] "GET /node/2413 HTTP/1.1" 200 - "-" "Mozilla/5.0 (compatible; bingbot/2.0; +http://www.bing.com/bingbot.htm)"
89.135.116.173 - - [12/Jun/2020:10:48:24 +0200] "GET /files/alapf_muv_okt_kovet_II_060414.pdf HTTP/1.1" 200 584355 "https://www.google.com/" "Mozilla/5.0 (iPhone; CPU iPhone OS 13_5 like Mac OS X) AppleWebKit/605.1.15 (KHTML, like Gecko) GSA/111.0.314264656 Mobile/15E148 Safari/604.1"
40.77.167.103 - - [12/Jun/2020:11:02:29 +0200] "GET /node/511 HTTP/1.1" 200 - "-" "Mozilla/5.0 (compatible; bingbot/2.0; +http://www.bing.com/bingbot.htm)"
207.46.13.6 - - [12/Jun/2020:11:02:33 +0200] "GET /taxonomy/term/18%2023%2024%2026%2025%2027%2028%2029%2052%2041%2031%2032%2098%2033%2048%20106%20103%2099%20107%2034%2049%2035%2051%20100%2036%2050%20105/0 HTTP/1.1" 200 - "-" "Mozilla/5.0 (compatible; bingbot/2.0; +http://www.bing.com/bingbot.htm)"
157.55.39.244 - - [12/Jun/2020:11:02:38 +0200] "GET /node/2325 HTTP/1.1" 200 - "-" "Mozilla/5.0 (compatible; bingbot/2.0; +http://www.bing.com/bingbot.htm)"
40.77.167.103 - - [12/Jun/2020:11:03:05 +0200] "GET /node/2312 HTTP/1.1" 200 - "-" "Mozilla/5.0 (compatible; bingbot/2.0; +http://www.bing.com/bingbot.htm)"
157.55.39.244 - - [12/Jun/2020:11:03:28 +0200] "GET /taxonomy/term/18%2023%2024%2026%2025%2027%2028%2029%2052%2041%2031%2032%2098%2033%2048%20106%20103%2099%20107%2034%2049%2035%2051%20100%2036%2050%20105?page=7 HTTP/1.1" 200 - "-" "Mozilla/5.0 (compatible; bingbot/2.0; +http://www.bing.com/bingbot.htm)"
40.77.167.103 - - [12/Jun/2020:11:03:48 +0200] "GET /node/2161 HTTP/1.1" 200 - "-" "Mozilla/5.0 (compatible; bingbot/2.0; +http://www.bing.com/bingbot.htm)"
176.10.99.200 - - [12/Jun/2020:11:03:54 +0200] "GET /comment/reply/2619/ HTTP/1.0" 200 - "http://jogalkotas.hu/comment/reply/2619/" "Mozilla/5.0 (Windows NT 6.3; Win64; x64) AppleWebKit/537.36 (KHTML, like Gecko) Chrome/68.0.3440.84 Safari/537.36"
207.46.13.6 - - [12/Jun/2020:11:03:58 +0200] "GET /taxonomy/term/27/0 HTTP/1.1" 200 - "-" "Mozilla/5.0 (compatible; bingbot/2.0; +http://www.bing.com/bingbot.htm)"
51.75.52.118 - - [12/Jun/2020:11:04:26 +0200] "GET /comment/reply/2619/ HTTP/1.0" 200 - "http://jogalkotas.hu/comment/reply/2619/" "Mozilla/5.0 (Windows NT 6.3; Win64; x64) AppleWebKit/537.36 (KHTML, like Gecko) Chrome/68.0.3440.84 Safari/537.36"
157.55.39.244 - - [12/Jun/2020:11:04:29 +0200] "GET /node/724 HTTP/1.1" 200 - "-" "Mozilla/5.0 (compatible; bingbot/2.0; +http://www.bing.com/bingbot.htm)"
207.46.13.6 - - [12/Jun/2020:11:04:38 +0200] "GET /taxonomy/term/18%2023%2024%2026%2025%2027%2028%2029%2052%2041%2031%2032%2098%2033%2048%20106%20103%2099%20107%2034%2049%2035%2051%20100%2036%2050%20105?page=8 HTTP/1.1" 200 - "-" "Mozilla/5.0 (compatible; bingbot/2.0; +http://www.bing.com/bingbot.htm)"
185.100.85.101 - - [12/Jun/2020:11:04:58 +0200] "GET /comment/reply/2619/ HTTP/1.0" 200 - "http://jogalkotas.hu/comment/reply/2619/" "Mozilla/5.0 (Windows NT 6.3; Win64; x64) AppleWebKit/537.36 (KHTML, like Gecko) Chrome/68.0.3440.84 Safari/537.36"
207.46.13.6 - - [12/Jun/2020:11:05:14 +0200] "GET /taxonomy/term/1/0?page=23 HTTP/1.1" 200 - "-" "Mozilla/5.0 (compatible; bingbot/2.0; +http://www.bing.com/bingbot.htm)"
18.27.197.252 - - [12/Jun/2020:11:05:30 +0200] "GET /comment/reply/2619/ HTTP/1.0" 200 - "http://jogalkotas.hu/comment/reply/2619/" "Mozilla/5.0 (Windows NT 6.3; Win64; x64) AppleWebKit/537.36 (KHTML, like Gecko) Chrome/68.0.3440.84 Safari/537.36"
185.220.101.200 - - [12/Jun/2020:11:06:02 +0200] "GET / HTTP/1.0" 200 - "http://jogalkotas.hu/" "Mozilla/5.0 (Windows NT 6.3; Win64; x64) AppleWebKit/537.36 (KHTML, like Gecko) Chrome/68.0.3440.84 Safari/537.36"
216.244.66.200 - - [12/Jun/2020:11:09:43 +0200] "GET /node?page=67 HTTP/1.1" 200 - "-" "Mozilla/5.0 (compatible; DotBot/1.1; http://www.opensiteexplorer.org/dotbot, help@moz.com)"
40.77.167.103 - - [12/Jun/2020:11:12:45 +0200] "GET /files/3782007szakertoi_kozigegyeztetesre1124.pdf HTTP/1.1" 200 191162 "-" "Mozilla/5.0 (iPhone; CPU iPhone OS 7_0 like Mac OS X) AppleWebKit/537.51.1 (KHTML, like Gecko) Version/7.0 Mobile/11A465 Safari/9537.53 (compatible; bingbot/2.0; +http://www.bing.com/bingbot.htm)"
157.55.39.244 - - [12/Jun/2020:11:12:58 +0200] "GET /files/allatbetegsegek_fvm_tervezet_velemenyezesre.pdf HTTP/1.1" 200 191970 "-" "Mozilla/5.0 (iPhone; CPU iPhone OS 7_0 like Mac OS X) AppleWebKit/537.51.1 (KHTML, like Gecko) Version/7.0 Mobile/11A465 Safari/9537.53 (compatible; bingbot/2.0; +http://www.bing.com/bingbot.htm)"
216.244.66.200 - - [12/Jun/2020:11:13:03 +0200] "GET /node/1681 HTTP/1.1" 200 - "-" "Mozilla/5.0 (compatible; DotBot/1.1; http://www.opensiteexplorer.org/dotbot, help@moz.com)"
216.244.66.200 - - [12/Jun/2020:11:13:45 +0200] "GET /node/2050 HTTP/1.1" 200 - "-" "Mozilla/5.0 (compatible; DotBot/1.1; http://www.opensiteexplorer.org/dotbot, help@moz.com)"
84.1.26.73 - - [12/Jun/2020:11:14:32 +0200] "GET /files/im_rendelet_a_cstv_szerinti.pdf HTTP/1.1" 200 66716 "https://www.google.com/" "Mozilla/5.0 (Windows NT 10.0; Win64; x64) AppleWebKit/537.36 (KHTML, like Gecko) Chrome/83.0.4103.97 Safari/537.36 Edg/83.0.478.45"
84.1.26.73 - - [12/Jun/2020:11:14:32 +0200] "GET /favicon.ico HTTP/1.1" 404 57 "http://jogalkotas.hu/files/im_rendelet_a_cstv_szerinti.pdf" "Mozilla/5.0 (Windows NT 10.0; Win64; x64) AppleWebKit/537.36 (KHTML, like Gecko) Chrome/83.0.4103.97 Safari/537.36 Edg/83.0.478.45"
216.244.66.200 - - [12/Jun/2020:11:14:37 +0200] "GET /node/2121 HTTP/1.1" 200 - "-" "Mozilla/5.0 (compatible; DotBot/1.1; http://www.opensiteexplorer.org/dotbot, help@moz.com)"
216.244.66.200 - - [12/Jun/2020:11:15:27 +0200] "GET /node/537 HTTP/1.1" 200 - "-" "Mozilla/5.0 (compatible; DotBot/1.1; http://www.opensiteexplorer.org/dotbot, help@moz.com)"
216.244.66.200 - - [12/Jun/2020:11:16:17 +0200] "GET /taxonomy/term/24?page=11 HTTP/1.1" 200 - "-" "Mozilla/5.0 (compatible; DotBot/1.1; http://www.opensiteexplorer.org/dotbot, help@moz.com)"
216.244.66.200 - - [12/Jun/2020:11:17:08 +0200] "GET /node/1162 HTTP/1.1" 200 - "-" "Mozilla/5.0 (compatible; DotBot/1.1; http://www.opensiteexplorer.org/dotbot, help@moz.com)"
216.244.66.200 - - [12/Jun/2020:11:17:57 +0200] "GET /node/1612 HTTP/1.1" 200 - "-" "Mozilla/5.0 (compatible; DotBot/1.1; http://www.opensiteexplorer.org/dotbot, help@moz.com)"
216.244.66.200 - - [12/Jun/2020:11:18:48 +0200] "GET /node/678 HTTP/1.1" 200 - "-" "Mozilla/5.0 (compatible; DotBot/1.1; http://www.opensiteexplorer.org/dotbot, help@moz.com)"
216.244.66.200 - - [12/Jun/2020:11:19:38 +0200] "GET /node/684 HTTP/1.1" 200 - "-" "Mozilla/5.0 (compatible; DotBot/1.1; http://www.opensiteexplorer.org/dotbot, help@moz.com)"
216.244.66.200 - - [12/Jun/2020:11:20:29 +0200] "GET /taxonomy/term/40?page=156 HTTP/1.1" 200 - "-" "Mozilla/5.0 (compatible; DotBot/1.1; http://www.opensiteexplorer.org/dotbot, help@moz.com)"
157.55.39.244 - - [12/Jun/2020:11:20:42 +0200] "GET /node/1769 HTTP/1.1" 200 - "-" "Mozilla/5.0 (compatible; bingbot/2.0; +http://www.bing.com/bingbot.htm)"
23.100.232.233 - - [12/Jun/2020:11:22:17 +0200] "GET /files/32008.I.%2016.IRM_tervezet_h.doc HTTP/1.1" 200 177664 "-" "Mozilla/5.0 (compatible; MSIE 9.0; Windows NT 6.0; Trident/5.0; Trident/5.0)"
207.46.13.6 - - [12/Jun/2020:11:24:53 +0200] "GET /files/89_2004_mod_velemenyezesre_1.pdf HTTP/1.1" 200 296365 "-" "Mozilla/5.0 (iPhone; CPU iPhone OS 7_0 like Mac OS X) AppleWebKit/537.51.1 (KHTML, like Gecko) Version/7.0 Mobile/11A465 Safari/9537.53 (compatible; bingbot/2.0; +http://www.bing.com/bingbot.htm)"
157.55.39.244 - - [12/Jun/2020:11:27:45 +0200] "GET /files/_0edo6usjkedq62sjkg9jmio8_.pdf HTTP/1.1" 304 - "-" "Mozilla/5.0 (compatible; bingbot/2.0; +http://www.bing.com/bingbot.htm)"
157.55.39.244 - - [12/Jun/2020:11:27:46 +0200] "GET /node?page=7 HTTP/1.1" 200 - "-" "Mozilla/5.0 (iPhone; CPU iPhone OS 7_0 like Mac OS X) AppleWebKit/537.51.1 (KHTML, like Gecko) Version/7.0 Mobile/11A465 Safari/9537.53 (compatible; bingbot/2.0; +http://www.bing.com/bingbot.htm)"
207.46.13.6 - - [12/Jun/2020:11:28:08 +0200] "GET /files/KHEM_8489_5_norma_0.doc HTTP/1.1" 304 - "-" "Mozilla/5.0 (compatible; bingbot/2.0; +http://www.bing.com/bingbot.htm)"
40.77.167.103 - - [12/Jun/2020:11:38:43 +0200] "GET /node/1677 HTTP/1.1" 200 - "-" "Mozilla/5.0 (compatible; bingbot/2.0; +http://www.bing.com/bingbot.htm)"
103.82.235.2 - - [12/Jun/2020:11:40:27 +0200] "GET /assets/plugins/jquery-file-upload/server/php/index.php HTTP/1.1" 200 - "http://www.google.com/" "Mozilla/5.0 (Windows NT 6.1; Win64; x64) AppleWebKit/537.36 (KHTML, like Gecko) Chrome/56.0.2896.3 Safari/537.36"
40.77.167.103 - - [12/Jun/2020:11:40:36 +0200] "GET /files/norma_09_11.doc HTTP/1.1" 200 1317888 "-" "Mozilla/5.0 (iPhone; CPU iPhone OS 7_0 like Mac OS X) AppleWebKit/537.51.1 (KHTML, like Gecko) Version/7.0 Mobile/11A465 Safari/9537.53 (compatible; bingbot/2.0; +http://www.bing.com/bingbot.htm)"
209.133.111.211 - - [12/Jun/2020:11:43:09 +0200] "GET /robots.txt HTTP/1.1" 200 1590 "-" "rogerbot/1.0 (http://www.moz.com/dp/rogerbot, rogerbot-crawler@moz.com)"
209.133.111.211 - - [12/Jun/2020:11:43:41 +0200] "GET /node/feed HTTP/1.1" 200 - "-" "rogerbot/1.0 (http://www.moz.com/dp/rogerbot, rogerbot-crawler@moz.com)"
66.249.66.88 - - [12/Jun/2020:11:47:35 +0200] "GET /files/madrid_abu_dhabi_080613.pdf HTTP/1.1" 200 236515 "-" "Mozilla/5.0 (Linux; Android 6.0.1; Nexus 5X Build/MMB29P) AppleWebKit/537.36 (KHTML, like Gecko) Chrome/80.0.3987.92 Mobile Safari/537.36 (compatible; Googlebot/2.1; +http://www.google.com/bot.html)"
3.235.251.228 - - [12/Jun/2020:11:48:33 +0200] "GET / HTTP/1.1" 200 - "-" "Mozilla/5.0 (Macintosh; Intel Mac OS X 10_15_0) AppleWebKit/537.36 (KHTML, like Gecko) Chrome/78.0.3904.87 Safari/537.36"
3.235.251.228 - - [12/Jun/2020:11:48:53 +0200] "GET / HTTP/1.1" 200 - "-" "Mozilla/5.0 (Macintosh; Intel Mac OS X 10_15_0) AppleWebKit/537.36 (KHTML, like Gecko) Chrome/78.0.3904.87 Safari/537.36"
40.77.167.103 - - [12/Jun/2020:11:50:23 +0200] "GET /files/tervezet_Kaszonyi-hegy.pdf HTTP/1.1" 200 186118 "-" "Mozilla/5.0 (iPhone; CPU iPhone OS 7_0 like Mac OS X) AppleWebKit/537.51.1 (KHTML, like Gecko) Version/7.0 Mobile/11A465 Safari/9537.53 (compatible; bingbot/2.0; +http://www.bing.com/bingbot.htm)"
40.77.167.103 - - [12/Jun/2020:11:51:32 +0200] "GET /files/hadkotelesek_hm_eum_rendelet_tervezet.pdf HTTP/1.1" 200 182181 "-" "Mozilla/5.0 (iPhone; CPU iPhone OS 7_0 like Mac OS X) AppleWebKit/537.51.1 (KHTML, like Gecko) Version/7.0 Mobile/11A465 Safari/9537.53 (compatible; bingbot/2.0; +http://www.bing.com/bingbot.htm)"
68.68.32.104 - - [12/Jun/2020:11:51:36 +0200] "GET /node/2612 HTTP/1.1" 200 - "-" "Mozilla/5.0 (Windows NT 10.0; Win64; x64; rv:46.0) Gecko/20100101 Firefox/46.0"
216.244.66.200 - - [12/Jun/2020:11:51:42 +0200] "GET /node?page=117 HTTP/1.1" 200 - "-" "Mozilla/5.0 (compatible; DotBot/1.1; http://www.opensiteexplorer.org/dotbot, help@moz.com)"
216.244.66.200 - - [12/Jun/2020:11:55:36 +0200] "GET /taxonomy/term/1?page=117 HTTP/1.1" 200 - "-" "Mozilla/5.0 (compatible; DotBot/1.1; http://www.opensiteexplorer.org/dotbot, help@moz.com)"
216.244.66.200 - - [12/Jun/2020:11:56:16 +0200] "GET /taxonomy/term/52?page=10 HTTP/1.1" 200 - "-" "Mozilla/5.0 (compatible; DotBot/1.1; http://www.opensiteexplorer.org/dotbot, help@moz.com)"
216.244.66.200 - - [12/Jun/2020:11:57:07 +0200] "GET /node/1642 HTTP/1.1" 200 - "-" "Mozilla/5.0 (compatible; DotBot/1.1; http://www.opensiteexplorer.org/dotbot, help@moz.com)"
216.244.66.200 - - [12/Jun/2020:11:57:57 +0200] "GET /node/1677 HTTP/1.1" 200 - "-" "Mozilla/5.0 (compatible; DotBot/1.1; http://www.opensiteexplorer.org/dotbot, help@moz.com)"
216.244.66.200 - - [12/Jun/2020:11:58:48 +0200] "GET /node/573 HTTP/1.1" 200 - "-" "Mozilla/5.0 (compatible; DotBot/1.1; http://www.opensiteexplorer.org/dotbot, help@moz.com)"
216.244.66.200 - - [12/Jun/2020:11:59:38 +0200] "GET /node/588 HTTP/1.1" 200 - "-" "Mozilla/5.0 (compatible; DotBot/1.1; http://www.opensiteexplorer.org/dotbot, help@moz.com)"
216.244.66.200 - - [12/Jun/2020:12:00:28 +0200] "GET /node/959 HTTP/1.1" 200 - "-" "Mozilla/5.0 (compatible; DotBot/1.1; http://www.opensiteexplorer.org/dotbot, help@moz.com)"
188.6.186.212 - - [12/Jun/2020:12:01:12 +0200] "GET /files/b_3327_muemlek_061129.pdf HTTP/1.1" 200 484555 "https://www.google.com/" "Mozilla/5.0 (Windows NT 10.0; Win64; x64) AppleWebKit/537.36 (KHTML, like Gecko) Chrome/83.0.4103.97 Safari/537.36"
188.6.186.212 - - [12/Jun/2020:12:01:12 +0200] "GET /favicon.ico HTTP/1.1" 404 57 "http://jogalkotas.hu/files/b_3327_muemlek_061129.pdf" "Mozilla/5.0 (Windows NT 10.0; Win64; x64) AppleWebKit/537.36 (KHTML, like Gecko) Chrome/83.0.4103.97 Safari/537.36"
216.244.66.200 - - [12/Jun/2020:12:01:18 +0200] "GET /node/1230 HTTP/1.1" 200 - "-" "Mozilla/5.0 (compatible; DotBot/1.1; http://www.opensiteexplorer.org/dotbot, help@moz.com)"
207.46.13.6 - - [12/Jun/2020:12:01:23 +0200] "GET /node?page=4 HTTP/1.1" 200 - "-" "Mozilla/5.0 (compatible; bingbot/2.0; +http://www.bing.com/bingbot.htm)"
216.244.66.200 - - [12/Jun/2020:12:02:09 +0200] "GET /node/708 HTTP/1.1" 200 - "-" "Mozilla/5.0 (compatible; DotBot/1.1; http://www.opensiteexplorer.org/dotbot, help@moz.com)"
207.46.13.6 - - [12/Jun/2020:12:02:41 +0200] "GET /node/2190 HTTP/1.1" 200 - "-" "Mozilla/5.0 (compatible; bingbot/2.0; +http://www.bing.com/bingbot.htm)"
216.244.66.200 - - [12/Jun/2020:12:02:59 +0200] "GET /node/786 HTTP/1.1" 200 - "-" "Mozilla/5.0 (compatible; DotBot/1.1; http://www.opensiteexplorer.org/dotbot, help@moz.com)"
40.77.167.103 - - [12/Jun/2020:12:05:09 +0200] "GET /files/KHEM4545_4norma.doc HTTP/1.1" 200 88064 "-" "Mozilla/5.0 (iPhone; CPU iPhone OS 7_0 like Mac OS X) AppleWebKit/537.51.1 (KHTML, like Gecko) Version/7.0 Mobile/11A465 Safari/9537.53 (compatible; bingbot/2.0; +http://www.bing.com/bingbot.htm)"
23.100.232.233 - - [12/Jun/2020:12:09:21 +0200] "GET /files/32008.I.%2016.IRM_tervezet_h.doc HTTP/1.1" 200 177664 "-" "Mozilla/5.0 (compatible; MSIE 9.0; Windows NT 6.0; Trident/5.0; Trident/5.0)"
216.244.66.200 - - [12/Jun/2020:12:13:34 +0200] "GET /files/0720_T_rc_ra_Cs_rnyeberek.doc HTTP/1.1" 200 37888 "-" "Mozilla/5.0 (compatible; DotBot/1.1; http://www.opensiteexplorer.org/dotbot, help@moz.com)"
216.244.66.200 - - [12/Jun/2020:12:14:04 +0200] "GET /files/1214_6_mell.xls HTTP/1.1" 200 28672 "-" "Mozilla/5.0 (compatible; DotBot/1.1; http://www.opensiteexplorer.org/dotbot, help@moz.com)"
216.244.66.200 - - [12/Jun/2020:12:14:42 +0200] "GET /files/Tervezet_05.30._0.doc HTTP/1.1" 200 192512 "-" "Mozilla/5.0 (compatible; DotBot/1.1; http://www.opensiteexplorer.org/dotbot, help@moz.com)"
40.77.167.103 - - [12/Jun/2020:12:15:05 +0200] "GET /files/T3893.doc HTTP/1.1" 304 - "-" "Mozilla/5.0 (compatible; bingbot/2.0; +http://www.bing.com/bingbot.htm)"
216.244.66.200 - - [12/Jun/2020:12:15:36 +0200] "GET /files/hatskritv%20060830.doc HTTP/1.1" 200 503495 "-" "Mozilla/5.0 (compatible; DotBot/1.1; http://www.opensiteexplorer.org/dotbot, help@moz.com)"
216.244.66.200 - - [12/Jun/2020:12:16:09 +0200] "GET /files/hmrendfejezetikezelesueloir.pdf HTTP/1.1" 200 131337 "-" "Mozilla/5.0 (compatible; DotBot/1.1; http://www.opensiteexplorer.org/dotbot, help@moz.com)"
216.244.66.200 - - [12/Jun/2020:12:16:43 +0200] "GET /files/takarmanykodex_modositas.pdf HTTP/1.1" 200 223378 "-" "Mozilla/5.0 (compatible; DotBot/1.1; http://www.opensiteexplorer.org/dotbot, help@moz.com)"
68.68.32.104 - - [12/Jun/2020:12:16:53 +0200] "GET /node/1536 HTTP/1.1" 200 - "-" "Mozilla/5.0 (Windows NT 5.1; rv:48.0) Gecko/20100101 Firefox/48.0"
207.46.13.6 - - [12/Jun/2020:12:22:10 +0200] "GET /node/756 HTTP/1.1" 200 - "-" "Mozilla/5.0 (compatible; bingbot/2.0; +http://www.bing.com/bingbot.htm)"
40.77.167.103 - - [12/Jun/2020:12:23:10 +0200] "GET /node/2246 HTTP/1.1" 200 - "-" "Mozilla/5.0 (compatible; bingbot/2.0; +http://www.bing.com/bingbot.htm)"
216.244.66.200 - - [12/Jun/2020:12:38:14 +0200] "GET /taxonomy/term/1?page=6 HTTP/1.1" 200 - "-" "Mozilla/5.0 (compatible; DotBot/1.1; http://www.opensiteexplorer.org/dotbot, help@moz.com)"
216.244.66.200 - - [12/Jun/2020:12:38:45 +0200] "GET /taxonomy/term/21?page=111 HTTP/1.1" 200 - "-" "Mozilla/5.0 (compatible; DotBot/1.1; http://www.opensiteexplorer.org/dotbot, help@moz.com)"
216.244.66.200 - - [12/Jun/2020:12:39:26 +0200] "GET /taxonomy/term/24?page=17 HTTP/1.1" 200 - "-" "Mozilla/5.0 (compatible; DotBot/1.1; http://www.opensiteexplorer.org/dotbot, help@moz.com)"
216.244.66.200 - - [12/Jun/2020:12:40:20 +0200] "GET /node/1655 HTTP/1.1" 200 - "-" "Mozilla/5.0 (compatible; DotBot/1.1; http://www.opensiteexplorer.org/dotbot, help@moz.com)"
40.77.167.103 - - [12/Jun/2020:12:40:36 +0200] "GET /node/704 HTTP/1.1" 200 - "-" "Mozilla/5.0 (compatible; bingbot/2.0; +http://www.bing.com/bingbot.htm)"
216.244.66.200 - - [12/Jun/2020:12:41:10 +0200] "GET /taxonomy/term/21?page=26 HTTP/1.1" 200 - "-" "Mozilla/5.0 (compatible; DotBot/1.1; http://www.opensiteexplorer.org/dotbot, help@moz.com)"
207.46.13.6 - - [12/Jun/2020:12:41:49 +0200] "GET /node/2269 HTTP/1.1" 200 - "-" "Mozilla/5.0 (compatible; bingbot/2.0; +http://www.bing.com/bingbot.htm)"
216.244.66.200 - - [12/Jun/2020:12:42:00 +0200] "GET /node/1002 HTTP/1.1" 200 - "-" "Mozilla/5.0 (compatible; DotBot/1.1; http://www.opensiteexplorer.org/dotbot, help@moz.com)"
216.244.66.200 - - [12/Jun/2020:12:42:50 +0200] "GET /node/1044 HTTP/1.1" 200 - "-" "Mozilla/5.0 (compatible; DotBot/1.1; http://www.opensiteexplorer.org/dotbot, help@moz.com)"
157.55.39.44 - - [12/Jun/2020:12:42:53 +0200] "GET /robots.txt HTTP/1.1" 200 1590 "-" "Mozilla/5.0 (compatible; bingbot/2.0; +http://www.bing.com/bingbot.htm)"
216.244.66.200 - - [12/Jun/2020:12:43:40 +0200] "GET /node/1063 HTTP/1.1" 200 - "-" "Mozilla/5.0 (compatible; DotBot/1.1; http://www.opensiteexplorer.org/dotbot, help@moz.com)"
40.77.167.103 - - [12/Jun/2020:12:44:14 +0200] "GET /files/$File/67.pdf HTTP/1.1" 200 - "-" "Mozilla/5.0 (compatible; bingbot/2.0; +http://www.bing.com/bingbot.htm)"
207.46.13.6 - - [12/Jun/2020:12:44:31 +0200] "GET /node/702 HTTP/1.1" 200 - "-" "Mozilla/5.0 (compatible; bingbot/2.0; +http://www.bing.com/bingbot.htm)"
216.244.66.200 - - [12/Jun/2020:12:44:31 +0200] "GET /node/693 HTTP/1.1" 200 - "-" "Mozilla/5.0 (compatible; DotBot/1.1; http://www.opensiteexplorer.org/dotbot, help@moz.com)"
40.77.167.103 - - [12/Jun/2020:12:45:10 +0200] "GET /taxonomy/term/81 HTTP/1.1" 200 - "-" "Mozilla/5.0 (iPhone; CPU iPhone OS 7_0 like Mac OS X) AppleWebKit/537.51.1 (KHTML, like Gecko) Version/7.0 Mobile/11A465 Safari/9537.53 (compatible; bingbot/2.0; +http://www.bing.com/bingbot.htm)"
216.244.66.200 - - [12/Jun/2020:12:45:21 +0200] "GET /node/699 HTTP/1.1" 200 - "-" "Mozilla/5.0 (compatible; DotBot/1.1; http://www.opensiteexplorer.org/dotbot, help@moz.com)"
216.244.66.200 - - [12/Jun/2020:12:46:11 +0200] "GET /node/746 HTTP/1.1" 200 - "-" "Mozilla/5.0 (compatible; DotBot/1.1; http://www.opensiteexplorer.org/dotbot, help@moz.com)"
207.46.13.6 - - [12/Jun/2020:12:47:39 +0200] "GET /node/2197 HTTP/1.1" 200 - "-" "Mozilla/5.0 (compatible; bingbot/2.0; +http://www.bing.com/bingbot.htm)"
80.98.242.158 - - [12/Jun/2020:12:52:07 +0200] "GET /files/orszszi_terv_070530.pdf HTTP/1.1" 200 478463 "http://www.google.com/search?q=%7C.foku+rehab+orvosi+szakertoi+bizotsag&oq=%7C.foku+rehab+orvosi+szakertoi+bizotsag&sourceid=chrome&ie=UTF-8" "Mozilla/5.0 (Linux; NetCast; U) AppleWebKit/537.31 (KHTML, like Gecko) Chrome/53.0.2785.34 Safari/537.31 SmartTV/6.0"
80.98.242.158 - - [12/Jun/2020:12:52:07 +0200] "GET /files/orszszi_terv_070530.pdf HTTP/1.1" 200 16438 "http://www.jogalkotas.hu/files/orszszi_terv_070530.pdf" "Mozilla/5.0 (Linux; NetCast; U) AppleWebKit/537.31 (KHTML, like Gecko) Chrome/53.0.2785.34 Safari/537.31 SmartTV/6.0"
80.98.242.158 - - [12/Jun/2020:12:52:07 +0200] "GET /favicon.ico HTTP/1.1" 404 57 "http://www.jogalkotas.hu/files/orszszi_terv_070530.pdf" "Mozilla/5.0 (Linux; NetCast; U) AppleWebKit/537.31 (KHTML, like Gecko) Chrome/53.0.2785.34 Safari/537.31 SmartTV/6.0"
157.55.39.244 - - [12/Jun/2020:12:52:21 +0200] "GET /files/etarsszev.doc HTTP/1.1" 200 378368 "-" "Mozilla/5.0 (iPhone; CPU iPhone OS 7_0 like Mac OS X) AppleWebKit/537.51.1 (KHTML, like Gecko) Version/7.0 Mobile/11A465 Safari/9537.53 (compatible; bingbot/2.0; +http://www.bing.com/bingbot.htm)"
207.46.13.6 - - [12/Jun/2020:12:53:15 +0200] "GET /files/khem_4136_6_norma.doc HTTP/1.1" 200 - "-" "Mozilla/5.0 (iPhone; CPU iPhone OS 7_0 like Mac OS X) AppleWebKit/537.51.1 (KHTML, like Gecko) Version/7.0 Mobile/11A465 Safari/9537.53 (compatible; bingbot/2.0; +http://www.bing.com/bingbot.htm)"
40.77.167.103 - - [12/Jun/2020:12:56:10 +0200] "GET /taxonomy/term/27?page=17 HTTP/1.1" 200 - "-" "Mozilla/5.0 (compatible; bingbot/2.0; +http://www.bing.com/bingbot.htm)"
66.249.66.89 - - [12/Jun/2020:12:59:34 +0200] "GET /files/kollegium_terv_090922.pdf HTTP/1.1" 304 - "-" "Mozilla/5.0 (Linux; Android 6.0.1; Nexus 5X Build/MMB29P) AppleWebKit/537.36 (KHTML, like Gecko) Chrome/80.0.3987.92 Mobile Safari/537.36 (compatible; Googlebot/2.1; +http://www.google.com/bot.html)"
40.77.167.103 - - [12/Jun/2020:12:59:35 +0200] "GET /node/125 HTTP/1.1" 200 - "-" "Mozilla/5.0 (compatible; bingbot/2.0; +http://www.bing.com/bingbot.htm)"
207.46.13.6 - - [12/Jun/2020:13:04:04 +0200] "GET /node/2432 HTTP/1.1" 200 - "-" "Mozilla/5.0 (compatible; bingbot/2.0; +http://www.bing.com/bingbot.htm)"
40.77.167.103 - - [12/Jun/2020:13:12:40 +0200] "GET /files/$File/eu_7.pdf HTTP/1.1" 200 - "-" "Mozilla/5.0 (compatible; bingbot/2.0; +http://www.bing.com/bingbot.htm)"
207.46.13.128 - - [12/Jun/2020:13:12:58 +0200] "GET /node/574 HTTP/1.1" 200 - "-" "Mozilla/5.0 (compatible; bingbot/2.0; +http://www.bing.com/bingbot.htm)"
207.46.13.128 - - [12/Jun/2020:13:13:49 +0200] "GET /files/$File/eu_3.pdf HTTP/1.1" 200 - "-" "Mozilla/5.0 (compatible; bingbot/2.0; +http://www.bing.com/bingbot.htm)"
