213.180.203.189 - - [13/Jun/2020:00:54:20 +0200] "GET /drupal/node/26 HTTP/1.1" 200 - "-" "Mozilla/5.0 (compatible; YandexBot/3.0; +http://yandex.com/bots)"
157.55.39.244 - - [13/Jun/2020:00:54:27 +0200] "GET /node/624 HTTP/1.1" 200 - "-" "Mozilla/5.0 (compatible; bingbot/2.0; +http://www.bing.com/bingbot.htm)"
178.154.200.224 - - [13/Jun/2020:00:54:52 +0200] "GET /drupal/node/26 HTTP/1.1" 200 - "-" "Mozilla/5.0 (compatible; YandexBot/3.0; +http://yandex.com/bots)"
213.180.203.158 - - [13/Jun/2020:00:55:24 +0200] "GET /drupal/node/26 HTTP/1.1" 200 - "-" "Mozilla/5.0 (compatible; YandexBot/3.0; +http://yandex.com/bots)"
23.100.232.233 - - [13/Jun/2020:01:01:38 +0200] "GET /files/ptk.csaladjog_0.pdf HTTP/1.1" 200 429444 "-" "Mozilla/5.0 (compatible; MSIE 9.0; Windows NT 6.1; Trident/5.0; Trident/5.0)"
66.249.73.164 - - [13/Jun/2020:01:05:34 +0200] "GET /files/3497.pdf HTTP/1.1" 200 153106 "-" "Mozilla/5.0 (Linux; Android 6.0.1; Nexus 5X Build/MMB29P) AppleWebKit/537.36 (KHTML, like Gecko) Chrome/80.0.3987.92 Mobile Safari/537.36 (compatible; Googlebot/2.1; +http://www.google.com/bot.html)"
216.244.66.200 - - [13/Jun/2020:01:06:54 +0200] "GET /node/1456 HTTP/1.1" 200 - "-" "Mozilla/5.0 (compatible; DotBot/1.1; http://www.opensiteexplorer.org/dotbot, help@moz.com)"
157.55.39.244 - - [13/Jun/2020:01:09:29 +0200] "GET /node/1800 HTTP/1.1" 200 - "-" "Mozilla/5.0 (compatible; bingbot/2.0; +http://www.bing.com/bingbot.htm)"
216.244.66.200 - - [13/Jun/2020:01:14:43 +0200] "GET /files/0808250_Apostille_vhr_munkapeldany.pdf HTTP/1.1" 200 239778 "-" "Mozilla/5.0 (compatible; DotBot/1.1; http://www.opensiteexplorer.org/dotbot, help@moz.com)"
216.244.66.200 - - [13/Jun/2020:01:15:18 +0200] "GET /files/75_2003_modositas_velemenyezesre.pdf HTTP/1.1" 200 160247 "-" "Mozilla/5.0 (compatible; DotBot/1.1; http://www.opensiteexplorer.org/dotbot, help@moz.com)"
35.201.250.90 - - [13/Jun/2020:01:15:41 +0200] "GET /2019/wp-login.php HTTP/1.1" 200 - "-" "Mozilla/5.0 (X11; Ubuntu; Linux x86_64; rv:62.0) Gecko/20100101 Firefox/62.0"
216.244.66.200 - - [13/Jun/2020:01:15:57 +0200] "GET /files/Eloterjesztes-Vedette_nyilv_fenntartasa_kozigre.pdf HTTP/1.1" 200 184434 "-" "Mozilla/5.0 (compatible; DotBot/1.1; http://www.opensiteexplorer.org/dotbot, help@moz.com)"
216.244.66.200 - - [13/Jun/2020:01:16:57 +0200] "GET /files/Nepeu_program_2007_elorehaladas_tervezet.doc HTTP/1.1" 200 474535 "-" "Mozilla/5.0 (compatible; DotBot/1.1; http://www.opensiteexplorer.org/dotbot, help@moz.com)"
216.244.66.200 - - [13/Jun/2020:01:17:59 +0200] "GET /files/felnottkepzes_normativ_terv_070426.pdf HTTP/1.1" 200 - "-" "Mozilla/5.0 (compatible; DotBot/1.1; http://www.opensiteexplorer.org/dotbot, help@moz.com)"
216.244.66.200 - - [13/Jun/2020:01:18:27 +0200] "GET /files/fogleloseg_munknelkell_terv_090818.pdf HTTP/1.1" 200 242548 "-" "Mozilla/5.0 (compatible; DotBot/1.1; http://www.opensiteexplorer.org/dotbot, help@moz.com)"
216.244.66.200 - - [13/Jun/2020:01:19:12 +0200] "GET /files/fogyasztokkal_kotott.szerzodesek_090218.doc HTTP/1.1" 200 197120 "-" "Mozilla/5.0 (compatible; DotBot/1.1; http://www.opensiteexplorer.org/dotbot, help@moz.com)"
216.244.66.200 - - [13/Jun/2020:01:19:50 +0200] "GET /files/hm_rend_terv_ms_kereso_foglalkozas.pdf HTTP/1.1" 200 103566 "-" "Mozilla/5.0 (compatible; DotBot/1.1; http://www.opensiteexplorer.org/dotbot, help@moz.com)"
216.244.66.200 - - [13/Jun/2020:01:20:31 +0200] "GET /files/kozigazgatasi_egyeztetesre_20100221.pdf HTTP/1.1" 200 218541 "-" "Mozilla/5.0 (compatible; DotBot/1.1; http://www.opensiteexplorer.org/dotbot, help@moz.com)"
216.244.66.200 - - [13/Jun/2020:01:21:11 +0200] "GET /files/mgexportkorm.elterjeszts20070710.pdf HTTP/1.1" 200 79382 "-" "Mozilla/5.0 (compatible; DotBot/1.1; http://www.opensiteexplorer.org/dotbot, help@moz.com)"
216.244.66.200 - - [13/Jun/2020:01:21:49 +0200] "GET /files/szakkepzes_megkezd_atdolg_valt_060210.pdf HTTP/1.1" 200 174561 "-" "Mozilla/5.0 (compatible; DotBot/1.1; http://www.opensiteexplorer.org/dotbot, help@moz.com)"
216.244.66.200 - - [13/Jun/2020:01:22:33 +0200] "GET /files/szolo_mellekterek_velemenyezesre.pdf HTTP/1.1" 200 221396 "-" "Mozilla/5.0 (compatible; DotBot/1.1; http://www.opensiteexplorer.org/dotbot, help@moz.com)"
216.244.66.200 - - [13/Jun/2020:01:23:39 +0200] "GET /taxonomy/term/37/0/feed HTTP/1.1" 200 - "-" "Mozilla/5.0 (compatible; DotBot/1.1; http://www.opensiteexplorer.org/dotbot, help@moz.com)"
216.244.66.200 - - [13/Jun/2020:01:24:29 +0200] "GET /taxonomy/term/66/0/feed HTTP/1.1" 200 - "-" "Mozilla/5.0 (compatible; DotBot/1.1; http://www.opensiteexplorer.org/dotbot, help@moz.com)"
66.249.73.164 - - [13/Jun/2020:01:29:34 +0200] "GET /files/ihm_rend_radio_amator.pdf HTTP/1.1" 304 - "-" "Mozilla/5.0 (Linux; Android 6.0.1; Nexus 5X Build/MMB29P) AppleWebKit/537.36 (KHTML, like Gecko) Chrome/80.0.3987.92 Mobile Safari/537.36 (compatible; Googlebot/2.1; +http://www.google.com/bot.html)"
5.204.75.91 - - [13/Jun/2020:01:34:26 +0200] "GET /files/tervezet_fas_szaru_novenyek.pdf HTTP/1.1" 200 94477 "-" "Mozilla/5.0 (Windows NT 10.0; Win64; x64) AppleWebKit/537.36 (KHTML, like Gecko) Chrome/83.0.4103.97 Safari/537.36"
216.244.66.200 - - [13/Jun/2020:01:53:14 +0200] "GET /files/TK56_3.pdf HTTP/1.1" 200 231252 "-" "Mozilla/5.0 (compatible; DotBot/1.1; http://www.opensiteexplorer.org/dotbot, help@moz.com)"
216.244.66.200 - - [13/Jun/2020:01:54:09 +0200] "GET /files/altind_0.pdf HTTP/1.1" 200 436990 "-" "Mozilla/5.0 (compatible; DotBot/1.1; http://www.opensiteexplorer.org/dotbot, help@moz.com)"
216.244.66.200 - - [13/Jun/2020:01:54:42 +0200] "GET /files/mell2.pdf HTTP/1.1" 200 128398 "-" "Mozilla/5.0 (compatible; DotBot/1.1; http://www.opensiteexplorer.org/dotbot, help@moz.com)"
216.244.66.200 - - [13/Jun/2020:01:55:36 +0200] "GET /files/riasztasr.pdf HTTP/1.1" 200 485994 "-" "Mozilla/5.0 (compatible; DotBot/1.1; http://www.opensiteexplorer.org/dotbot, help@moz.com)"
216.244.66.200 - - [13/Jun/2020:01:56:14 +0200] "GET /files/tk133.pdf HTTP/1.1" 200 135795 "-" "Mozilla/5.0 (compatible; DotBot/1.1; http://www.opensiteexplorer.org/dotbot, help@moz.com)"
216.244.66.200 - - [13/Jun/2020:01:56:55 +0200] "GET /files/tk19.pdf HTTP/1.1" 200 194017 "-" "Mozilla/5.0 (compatible; DotBot/1.1; http://www.opensiteexplorer.org/dotbot, help@moz.com)"
216.244.66.200 - - [13/Jun/2020:01:57:30 +0200] "GET /files/0215_azonos_t_s.pdf HTTP/1.1" 200 41730 "-" "Mozilla/5.0 (compatible; DotBot/1.1; http://www.opensiteexplorer.org/dotbot, help@moz.com)"
216.244.66.200 - - [13/Jun/2020:01:58:06 +0200] "GET /files/1108_4_2002_kozigegyeztetes.doc HTTP/1.1" 200 81408 "-" "Mozilla/5.0 (compatible; DotBot/1.1; http://www.opensiteexplorer.org/dotbot, help@moz.com)"
104.244.73.193 - - [13/Jun/2020:01:58:25 +0200] "GET /comment/reply/2619/ HTTP/1.0" 200 - "http://jogalkotas.hu/comment/reply/2619/" "Mozilla/5.0 (Windows NT 6.1) AppleWebKit/537.36 (KHTML, like Gecko) Chrome/67.0.3396.87 Safari/537.36"
216.244.66.200 - - [13/Jun/2020:01:58:45 +0200] "GET /files/150_mod_070817.pdf HTTP/1.1" 200 201326 "-" "Mozilla/5.0 (compatible; DotBot/1.1; http://www.opensiteexplorer.org/dotbot, help@moz.com)"
5.199.130.188 - - [13/Jun/2020:01:59:01 +0200] "GET /comment/reply/2619/ HTTP/1.0" 200 - "http://jogalkotas.hu/comment/reply/2619/" "Mozilla/5.0 (Windows NT 6.1) AppleWebKit/537.36 (KHTML, like Gecko) Chrome/67.0.3396.87 Safari/537.36"
216.244.66.200 - - [13/Jun/2020:01:59:36 +0200] "GET /files/1998_94_mod_terv_090807.pdf HTTP/1.1" 200 376438 "-" "Mozilla/5.0 (compatible; DotBot/1.1; http://www.opensiteexplorer.org/dotbot, help@moz.com)"
109.70.100.27 - - [13/Jun/2020:02:00:03 +0200] "GET /comment/reply/2619/ HTTP/1.0" 200 - "http://jogalkotas.hu/comment/reply/2619/" "Mozilla/5.0 (Windows NT 6.1) AppleWebKit/537.36 (KHTML, like Gecko) Chrome/67.0.3396.87 Safari/537.36"
216.244.66.200 - - [13/Jun/2020:02:00:09 +0200] "GET /files/HR_monitoring_20081121.doc HTTP/1.1" 200 69120 "-" "Mozilla/5.0 (compatible; DotBot/1.1; http://www.opensiteexplorer.org/dotbot, help@moz.com)"
195.176.3.19 - - [13/Jun/2020:02:00:39 +0200] "GET /comment/reply/2619/ HTTP/1.0" 200 - "http://jogalkotas.hu/comment/reply/2619/" "Mozilla/5.0 (Windows NT 6.1) AppleWebKit/537.36 (KHTML, like Gecko) Chrome/67.0.3396.87 Safari/537.36"
216.244.66.200 - - [13/Jun/2020:02:00:43 +0200] "GET /files/R218indoklas.pdf HTTP/1.1" 200 49922 "-" "Mozilla/5.0 (compatible; DotBot/1.1; http://www.opensiteexplorer.org/dotbot, help@moz.com)"
185.121.69.14 - - [13/Jun/2020:02:01:11 +0200] "GET / HTTP/1.0" 200 - "http://jogalkotas.hu/" "Mozilla/5.0 (Windows NT 6.1) AppleWebKit/537.36 (KHTML, like Gecko) Chrome/67.0.3396.87 Safari/537.36"
216.244.66.200 - - [13/Jun/2020:02:01:45 +0200] "GET /files/harmasmelleklet.doc HTTP/1.1" 200 - "-" "Mozilla/5.0 (compatible; DotBot/1.1; http://www.opensiteexplorer.org/dotbot, help@moz.com)"
216.244.66.200 - - [13/Jun/2020:02:02:06 +0200] "GET /files/iskolaszovetkezet.pdf HTTP/1.1" 200 134085 "-" "Mozilla/5.0 (compatible; DotBot/1.1; http://www.opensiteexplorer.org/dotbot, help@moz.com)"
216.244.66.200 - - [13/Jun/2020:02:02:59 +0200] "GET /files/kbt_modhonlapra.pdf HTTP/1.1" 200 420962 "-" "Mozilla/5.0 (compatible; DotBot/1.1; http://www.opensiteexplorer.org/dotbot, help@moz.com)"
216.244.66.200 - - [13/Jun/2020:02:03:32 +0200] "GET /files/koltsegmentes.doc HTTP/1.1" 200 70656 "-" "Mozilla/5.0 (compatible; DotBot/1.1; http://www.opensiteexplorer.org/dotbot, help@moz.com)"
216.244.66.200 - - [13/Jun/2020:02:04:15 +0200] "GET /files/kozokt_tam_terv_070727.pdf HTTP/1.1" 200 250253 "-" "Mozilla/5.0 (compatible; DotBot/1.1; http://www.opensiteexplorer.org/dotbot, help@moz.com)"
216.244.66.200 - - [13/Jun/2020:02:04:53 +0200] "GET /files/kul_ved_terv_070412.pdf HTTP/1.1" 200 124017 "-" "Mozilla/5.0 (compatible; DotBot/1.1; http://www.opensiteexplorer.org/dotbot, help@moz.com)"
216.244.66.200 - - [13/Jun/2020:02:05:47 +0200] "GET /files/ped_szax_terv_090626.pdf HTTP/1.1" 200 406483 "-" "Mozilla/5.0 (compatible; DotBot/1.1; http://www.opensiteexplorer.org/dotbot, help@moz.com)"
216.244.66.200 - - [13/Jun/2020:02:06:31 +0200] "GET /files/t_csomag_08_09_18_honlapra.doc HTTP/1.1" 200 327680 "-" "Mozilla/5.0 (compatible; DotBot/1.1; http://www.opensiteexplorer.org/dotbot, help@moz.com)"
66.249.73.117 - - [13/Jun/2020:02:07:20 +0200] "GET /favicon.ico HTTP/1.1" 404 57 "-" "Googlebot-Image/1.0"
216.244.66.200 - - [13/Jun/2020:02:07:37 +0200] "GET /files/10_1995_KTM%20rend_MOD__kozig.pdf HTTP/1.1" 200 - "-" "Mozilla/5.0 (compatible; DotBot/1.1; http://www.opensiteexplorer.org/dotbot, help@moz.com)"
216.244.66.200 - - [13/Jun/2020:02:07:56 +0200] "GET /files/2per2004_eum_rend_mod_080624.doc HTTP/1.1" 200 35840 "-" "Mozilla/5.0 (compatible; DotBot/1.1; http://www.opensiteexplorer.org/dotbot, help@moz.com)"
216.244.66.200 - - [13/Jun/2020:02:08:46 +0200] "GET /files/Gjz_rendelet_tervezete_090909.doc HTTP/1.1" 200 381865 "-" "Mozilla/5.0 (compatible; DotBot/1.1; http://www.opensiteexplorer.org/dotbot, help@moz.com)"
216.244.66.200 - - [13/Jun/2020:02:09:30 +0200] "GET /files/Szamos-Krasznakozi_szakmapol%202010_01_25_KOZIG.pdf HTTP/1.1" 200 248386 "-" "Mozilla/5.0 (compatible; DotBot/1.1; http://www.opensiteexplorer.org/dotbot, help@moz.com)"
216.244.66.200 - - [13/Jun/2020:02:10:18 +0200] "GET /files/alapf_muv_okt_kovet_IV_060414.pdf HTTP/1.1" 200 390304 "-" "Mozilla/5.0 (compatible; DotBot/1.1; http://www.opensiteexplorer.org/dotbot, help@moz.com)"
216.244.66.200 - - [13/Jun/2020:02:11:01 +0200] "GET /files/pp_eloterjesztes_0324_honlapra.doc HTTP/1.1" 200 382464 "-" "Mozilla/5.0 (compatible; DotBot/1.1; http://www.opensiteexplorer.org/dotbot, help@moz.com)"
216.244.66.200 - - [13/Jun/2020:02:12:03 +0200] "GET /files/2.%20%20sz%C3%83%C2%A1m%C3%83%C2%BA%20mell%C3%83%C2%A9klet.doc HTTP/1.1" 200 - "-" "Mozilla/5.0 (compatible; DotBot/1.1; http://www.opensiteexplorer.org/dotbot, help@moz.com)"
40.77.167.198 - - [13/Jun/2020:02:15:43 +0200] "GET /files/9_1999_min_rend_terv_061211.pdf HTTP/1.1" 200 394839 "-" "Mozilla/5.0 (iPhone; CPU iPhone OS 7_0 like Mac OS X) AppleWebKit/537.51.1 (KHTML, like Gecko) Version/7.0 Mobile/11A465 Safari/9537.53 (compatible; bingbot/2.0; +http://www.bing.com/bingbot.htm)"
66.249.73.190 - - [13/Jun/2020:02:17:35 +0200] "GET /files/KVVM_KJKF_747_hulladekszallitas.pdf HTTP/1.1" 200 798000 "-" "Mozilla/5.0 (compatible; Googlebot/2.1; +http://www.google.com/bot.html)"
23.100.232.233 - - [13/Jun/2020:02:22:14 +0200] "GET /files/ptk.csaladjog_0.pdf HTTP/1.1" 200 429444 "-" "Mozilla/5.0 (compatible; MSIE 9.0; Windows NT 6.0; Trident/5.0; Trident/5.0)"
40.77.167.103 - - [13/Jun/2020:02:22:36 +0200] "GET /files/madfarinfluenza_rendelet_egyeztetesre.pdf HTTP/1.1" 304 - "-" "Mozilla/5.0 (compatible; bingbot/2.0; +http://www.bing.com/bingbot.htm)"
216.244.66.200 - - [13/Jun/2020:02:26:56 +0200] "GET /files/NFGM2005.pdf HTTP/1.1" 200 201548 "-" "Mozilla/5.0 (compatible; DotBot/1.1; http://www.opensiteexplorer.org/dotbot, help@moz.com)"
216.244.66.200 - - [13/Jun/2020:02:29:03 +0200] "GET /node/1685 HTTP/1.1" 200 - "-" "Mozilla/5.0 (compatible; DotBot/1.1; http://www.opensiteexplorer.org/dotbot, help@moz.com)"
66.249.73.161 - - [13/Jun/2020:02:29:35 +0200] "GET /files/KVVM_KJKF_747_hulladekszallitas.pdf HTTP/1.1" 200 798000 "-" "Mozilla/5.0 (Linux; Android 6.0.1; Nexus 5X Build/MMB29P) AppleWebKit/537.36 (KHTML, like Gecko) Chrome/80.0.3987.92 Mobile Safari/537.36 (compatible; Googlebot/2.1; +http://www.google.com/bot.html)"
216.244.66.200 - - [13/Jun/2020:02:29:54 +0200] "GET /node/1708 HTTP/1.1" 200 - "-" "Mozilla/5.0 (compatible; DotBot/1.1; http://www.opensiteexplorer.org/dotbot, help@moz.com)"
23.100.232.233 - - [13/Jun/2020:02:34:34 +0200] "GET /files/14831_7.pdf HTTP/1.1" 200 501317 "-" "Mozilla/5.0 (compatible; MSIE 9.0; Windows NT 6.1; Trident/5.0; Trident/5.0)"
157.55.39.244 - - [13/Jun/2020:02:36:38 +0200] "GET /files/szakhatosag_normaszoveg.doc HTTP/1.1" 200 1705472 "-" "Mozilla/5.0 (iPhone; CPU iPhone OS 7_0 like Mac OS X) AppleWebKit/537.51.1 (KHTML, like Gecko) Version/7.0 Mobile/11A465 Safari/9537.53 (compatible; bingbot/2.0; +http://www.bing.com/bingbot.htm)"
216.244.66.200 - - [13/Jun/2020:02:36:57 +0200] "GET /files/19D8B89BD24C96C9C125721800386E5E.htm.txt HTTP/1.1" 200 6613 "-" "Mozilla/5.0 (compatible; DotBot/1.1; http://www.opensiteexplorer.org/dotbot, help@moz.com)"
216.244.66.200 - - [13/Jun/2020:02:37:58 +0200] "GET /files/25%202000%20megfelel%C3%85%E2%80%98s%C3%83%C2%A9gi.doc HTTP/1.1" 200 - "-" "Mozilla/5.0 (compatible; DotBot/1.1; http://www.opensiteexplorer.org/dotbot, help@moz.com)"
216.244.66.200 - - [13/Jun/2020:02:38:20 +0200] "GET /files/Boszia_Hercegovina_szoc_bizt_egy_081028.doc HTTP/1.1" 200 232448 "-" "Mozilla/5.0 (compatible; DotBot/1.1; http://www.opensiteexplorer.org/dotbot, help@moz.com)"
216.244.66.200 - - [13/Jun/2020:02:39:17 +0200] "GET /files/Melleklet_kozossegi_jegyzek_090609.doc HTTP/1.1" 200 451367 "-" "Mozilla/5.0 (compatible; DotBot/1.1; http://www.opensiteexplorer.org/dotbot, help@moz.com)"
216.244.66.200 - - [13/Jun/2020:02:39:48 +0200] "GET /files/novenyvedelmi_birsag_korm_rendelet_060525.pdf HTTP/1.1" 200 27972 "-" "Mozilla/5.0 (compatible; DotBot/1.1; http://www.opensiteexplorer.org/dotbot, help@moz.com)"
216.244.66.200 - - [13/Jun/2020:02:40:37 +0200] "GET /files/szjt_szakmai_egyeztetes_20080404.doc HTTP/1.1" 200 409377 "-" "Mozilla/5.0 (compatible; DotBot/1.1; http://www.opensiteexplorer.org/dotbot, help@moz.com)"
216.244.66.200 - - [13/Jun/2020:02:41:39 +0200] "GET /user/482/notify HTTP/1.1" 200 - "-" "Mozilla/5.0 (compatible; DotBot/1.1; http://www.opensiteexplorer.org/dotbot, help@moz.com)"
216.244.66.200 - - [13/Jun/2020:02:42:29 +0200] "GET /files/%C3%83%E2%80%93nkorm%C3%83%C2%A1nyzatok%202009%20November.doc HTTP/1.1" 200 - "-" "Mozilla/5.0 (compatible; DotBot/1.1; http://www.opensiteexplorer.org/dotbot, help@moz.com)"
216.244.66.200 - - [13/Jun/2020:02:42:57 +0200] "GET /files/0125_KvVM_rend.___hg.hiteles_t_si.tev_k.szab_lyai__J3.doc HTTP/1.1" 200 250880 "-" "Mozilla/5.0 (compatible; DotBot/1.1; http://www.opensiteexplorer.org/dotbot, help@moz.com)"
216.244.66.200 - - [13/Jun/2020:02:43:34 +0200] "GET /files/bevetelek_felhasznalasarol_es_elszamolasarol_tervezet.pdf HTTP/1.1" 200 103912 "-" "Mozilla/5.0 (compatible; DotBot/1.1; http://www.opensiteexplorer.org/dotbot, help@moz.com)"
213.180.203.158 - - [13/Jun/2020:02:43:51 +0200] "GET /robots.txt HTTP/1.1" 200 1590 "-" "Mozilla/5.0 (compatible; YandexBot/3.0; +http://yandex.com/bots)"
213.180.203.158 - - [13/Jun/2020:02:44:26 +0200] "GET / HTTP/1.1" 200 - "-" "Mozilla/5.0 (compatible; YandexBot/3.0; +http://yandex.com/bots)"
213.180.203.158 - - [13/Jun/2020:02:44:58 +0200] "GET / HTTP/1.1" 200 - "-" "Mozilla/5.0 (compatible; YandexBot/3.0; +http://yandex.com/bots)"
213.180.203.189 - - [13/Jun/2020:02:45:30 +0200] "GET / HTTP/1.1" 200 - "-" "Mozilla/5.0 (compatible; YandexBot/3.0; +http://yandex.com/bots)"
213.180.203.56 - - [13/Jun/2020:02:46:02 +0200] "GET / HTTP/1.1" 200 - "-" "Mozilla/5.0 (compatible; YandexBot/3.0; +http://yandex.com/bots)"
66.249.73.190 - - [13/Jun/2020:02:47:34 +0200] "GET /files/2008_korirat_1.pdf HTTP/1.1" 304 - "-" "Mozilla/5.0 (Linux; Android 6.0.1; Nexus 5X Build/MMB29P) AppleWebKit/537.36 (KHTML, like Gecko) Chrome/80.0.3987.92 Mobile Safari/537.36 (compatible; Googlebot/2.1; +http://www.google.com/bot.html)"
40.77.167.198 - - [13/Jun/2020:02:50:41 +0200] "GET /files/$File/eu_5.pdf HTTP/1.1" 200 - "-" "Mozilla/5.0 (compatible; bingbot/2.0; +http://www.bing.com/bingbot.htm)"
40.77.167.198 - - [13/Jun/2020:02:51:15 +0200] "GET /files/$File/eu_9.pdf HTTP/1.1" 200 - "-" "Mozilla/5.0 (compatible; bingbot/2.0; +http://www.bing.com/bingbot.htm)"
40.77.167.198 - - [13/Jun/2020:02:56:19 +0200] "GET /files/Cstv_1425-IRMr-felszamolo-dijelszamolas0716.doc HTTP/1.1" 304 - "-" "Mozilla/5.0 (compatible; bingbot/2.0; +http://www.bing.com/bingbot.htm)"
40.77.167.103 - - [13/Jun/2020:02:56:33 +0200] "GET /drupal/files/korkedv_minrend_terv_070626.pdf HTTP/1.1" 200 - "-" "Mozilla/5.0 (compatible; bingbot/2.0; +http://www.bing.com/bingbot.htm)"
207.46.13.6 - - [13/Jun/2020:02:58:56 +0200] "GET /files/T3807.doc HTTP/1.1" 200 514048 "-" "Mozilla/5.0 (iPhone; CPU iPhone OS 7_0 like Mac OS X) AppleWebKit/537.51.1 (KHTML, like Gecko) Version/7.0 Mobile/11A465 Safari/9537.53 (compatible; bingbot/2.0; +http://www.bing.com/bingbot.htm)"
207.46.13.6 - - [13/Jun/2020:03:00:06 +0200] "GET /files/$File/eu_2.pdf HTTP/1.1" 200 - "-" "Mozilla/5.0 (compatible; bingbot/2.0; +http://www.bing.com/bingbot.htm)"
23.100.232.233 - - [13/Jun/2020:03:01:00 +0200] "GET /files/Eftv_Vhr_081210.doc HTTP/1.1" 200 260179 "-" "Mozilla/5.0 (compatible; MSIE 9.0; Windows NT 6.1; Trident/5.0; Trident/5.0)"
85.25.210.23 - - [13/Jun/2020:03:13:24 +0200] "GET /robots.txt HTTP/1.1" 200 1590 "-" "Mozilla/5.0 (compatible; adscanner/)/1.0 (http://seocompany.store; spider@seocompany.store)"
85.25.210.23 - - [13/Jun/2020:03:13:55 +0200] "GET /drupal/files/konf_program.pdf HTTP/1.1" 200 - "-" "Mozilla/5.0 (compatible; adscanner/)/1.0 (http://seocompany.store; spider@seocompany.store)"
66.249.73.113 - - [13/Jun/2020:03:15:17 +0200] "GET /dm- HTTP/1.1" 200 - "-" "Mozilla/5.0 (Linux; Android 6.0.1; Nexus 5X Build/MMB29P) AppleWebKit/537.36 (KHTML, like Gecko) Chrome/80.0.3987.92 Mobile Safari/537.36 (compatible; Googlebot/2.1; +http://www.google.com/bot.html)"
216.244.66.200 - - [13/Jun/2020:03:17:35 +0200] "GET /files/090724_jszt_frekvencia_felhaszn.pdf HTTP/1.1" 200 146020 "-" "Mozilla/5.0 (compatible; DotBot/1.1; http://www.opensiteexplorer.org/dotbot, help@moz.com)"
216.244.66.200 - - [13/Jun/2020:03:18:46 +0200] "GET /files/polg%C3%A1riv%C3%A9delmijogszab%C3%A1lyokm%C3%B3dos%C3%ADt%C3%A1sa.pdf HTTP/1.1" 200 - "-" "Mozilla/5.0 (compatible; DotBot/1.1; http://www.opensiteexplorer.org/dotbot, help@moz.com)"
157.55.39.244 - - [13/Jun/2020:03:21:34 +0200] "GET /files/14per2007%20rendelet%20tervezet.doc HTTP/1.1" 304 - "-" "Mozilla/5.0 (compatible; bingbot/2.0; +http://www.bing.com/bingbot.htm)"
157.55.39.244 - - [13/Jun/2020:03:28:41 +0200] "GET /files/R225rendelet.doc HTTP/1.1" 200 452608 "-" "Mozilla/5.0 (iPhone; CPU iPhone OS 7_0 like Mac OS X) AppleWebKit/537.51.1 (KHTML, like Gecko) Version/7.0 Mobile/11A465 Safari/9537.53 (compatible; bingbot/2.0; +http://www.bing.com/bingbot.htm)"
8.210.77.199 - - [13/Jun/2020:03:37:30 +0200] "GET /xmlrpc.php HTTP/1.1" 200 - "-" "Mozilla/5.0 (Windows NT 6.1; WOW64; rv:45.0) Gecko/20100101 Firefox/45.0"
17.58.101.26 - - [13/Jun/2020:03:40:04 +0200] "GET /robots.txt HTTP/1.1" 200 1590 "-" "Mozilla/5.0 (Macintosh; Intel Mac OS X 10_15_5) AppleWebKit/605.1.15 (KHTML, like Gecko) Version/13.1.1 Safari/605.1.15 (Applebot/0.1; +http://www.apple.com/go/applebot)"
17.58.98.108 - - [13/Jun/2020:03:40:36 +0200] "GET /taxonomy/term/47 HTTP/1.1" 200 - "-" "Mozilla/5.0 (Macintosh; Intel Mac OS X 10_15_5) AppleWebKit/605.1.15 (KHTML, like Gecko) Version/13.1.1 Safari/605.1.15 (Applebot/0.1; +http://www.apple.com/go/applebot)"
209.133.111.211 - - [13/Jun/2020:03:43:33 +0200] "GET /robots.txt HTTP/1.1" 200 1590 "-" "rogerbot/1.0 (http://www.moz.com/dp/rogerbot, rogerbot-crawler@moz.com)"
85.25.210.23 - - [13/Jun/2020:03:43:41 +0200] "GET /drupal/files/konf_program.pdf HTTP/1.1" 200 - "-" "Mozilla/5.0 (compatible; adscanner/)/1.0 (http://seocompany.store; spider@seocompany.store)"
209.133.111.211 - - [13/Jun/2020:03:44:05 +0200] "GET /node/feed HTTP/1.1" 200 - "-" "rogerbot/1.0 (http://www.moz.com/dp/rogerbot, rogerbot-crawler@moz.com)"
178.154.200.192 - - [13/Jun/2020:03:48:19 +0200] "GET /drupal/ HTTP/1.1" 200 - "-" "Mozilla/5.0 (compatible; YandexBot/3.0; +http://yandex.com/bots)"
178.154.200.24 - - [13/Jun/2020:03:48:51 +0200] "GET /drupal/ HTTP/1.1" 200 - "-" "Mozilla/5.0 (compatible; YandexBot/3.0; +http://yandex.com/bots)"
178.154.200.66 - - [13/Jun/2020:03:49:23 +0200] "GET /drupal/ HTTP/1.1" 200 - "-" "Mozilla/5.0 (compatible; YandexBot/3.0; +http://yandex.com/bots)"
45.76.20.175 - - [13/Jun/2020:03:49:24 +0200] "GET / HTTP/1.1" 200 - "-" "Mozilla/5.0 (Macintosh; Intel Mac OS X 10_10_5) AppleWebKit/537.36 (KHTML, like Gecko) Chrome/45.0.2454.101 Safari/537.36"
85.25.210.23 - - [13/Jun/2020:03:53:04 +0200] "GET / HTTP/1.1" 200 - "-" "Mozilla/5.0 (compatible; adscanner/)/1.0 (http://seocompany.store; spider@seocompany.store)"
66.249.73.164 - - [13/Jun/2020:03:53:35 +0200] "GET /files/TK432.pdf HTTP/1.1" 200 221096 "-" "Mozilla/5.0 (Linux; Android 6.0.1; Nexus 5X Build/MMB29P) AppleWebKit/537.36 (KHTML, like Gecko) Chrome/80.0.3987.92 Mobile Safari/537.36 (compatible; Googlebot/2.1; +http://www.google.com/bot.html)"
216.244.66.200 - - [13/Jun/2020:03:54:31 +0200] "GET /node/1291 HTTP/1.1" 200 - "-" "Mozilla/5.0 (compatible; DotBot/1.1; http://www.opensiteexplorer.org/dotbot, help@moz.com)"
216.244.66.200 - - [13/Jun/2020:03:55:02 +0200] "GET /node/1611 HTTP/1.1" 200 - "-" "Mozilla/5.0 (compatible; DotBot/1.1; http://www.opensiteexplorer.org/dotbot, help@moz.com)"
216.244.66.200 - - [13/Jun/2020:03:55:44 +0200] "GET /node/638 HTTP/1.1" 200 - "-" "Mozilla/5.0 (compatible; DotBot/1.1; http://www.opensiteexplorer.org/dotbot, help@moz.com)"
216.244.66.200 - - [13/Jun/2020:03:56:34 +0200] "GET /node/837 HTTP/1.1" 200 - "-" "Mozilla/5.0 (compatible; DotBot/1.1; http://www.opensiteexplorer.org/dotbot, help@moz.com)"
216.244.66.200 - - [13/Jun/2020:03:57:25 +0200] "GET /taxonomy/term/1?page=185 HTTP/1.1" 200 - "-" "Mozilla/5.0 (compatible; DotBot/1.1; http://www.opensiteexplorer.org/dotbot, help@moz.com)"
216.244.66.200 - - [13/Jun/2020:03:58:15 +0200] "GET /node/1952 HTTP/1.1" 200 - "-" "Mozilla/5.0 (compatible; DotBot/1.1; http://www.opensiteexplorer.org/dotbot, help@moz.com)"
157.55.39.244 - - [13/Jun/2020:04:01:36 +0200] "GET /node/1861 HTTP/1.1" 200 - "-" "Mozilla/5.0 (compatible; bingbot/2.0; +http://www.bing.com/bingbot.htm)"
40.77.167.103 - - [13/Jun/2020:04:09:53 +0200] "GET /files/elismeres_terv_071015.pdf HTTP/1.1" 304 - "-" "Mozilla/5.0 (compatible; bingbot/2.0; +http://www.bing.com/bingbot.htm)"
85.25.210.23 - - [13/Jun/2020:04:10:49 +0200] "GET / HTTP/1.1" 200 - "-" "Mozilla/5.0 (compatible; adscanner/)/1.0 (http://seocompany.store; spider@seocompany.store)"
207.46.13.6 - - [13/Jun/2020:04:16:28 +0200] "GET /files/Gjz_rendelet_tervezete_090909.doc HTTP/1.1" 304 - "-" "Mozilla/5.0 (compatible; bingbot/2.0; +http://www.bing.com/bingbot.htm)"
85.25.210.23 - - [13/Jun/2020:04:17:07 +0200] "GET / HTTP/1.1" 200 - "-" "Mozilla/5.0 (compatible; adscanner/)/1.0 (http://seocompany.store; spider@seocompany.store)"
66.249.73.164 - - [13/Jun/2020:04:17:34 +0200] "GET /files/3TK442.pdf HTTP/1.1" 200 134045 "-" "Mozilla/5.0 (Linux; Android 6.0.1; Nexus 5X Build/MMB29P) AppleWebKit/537.36 (KHTML, like Gecko) Chrome/80.0.3987.92 Mobile Safari/537.36 (compatible; Googlebot/2.1; +http://www.google.com/bot.html)"
178.154.200.112 - - [13/Jun/2020:04:23:49 +0200] "GET /drupal/node/679 HTTP/1.1" 200 - "-" "Mozilla/5.0 (compatible; YandexBot/3.0; +http://yandex.com/bots)"
213.180.203.56 - - [13/Jun/2020:04:24:21 +0200] "GET /drupal/node/679 HTTP/1.1" 200 - "-" "Mozilla/5.0 (compatible; YandexBot/3.0; +http://yandex.com/bots)"
213.180.203.18 - - [13/Jun/2020:04:24:53 +0200] "GET /drupal/node/679 HTTP/1.1" 200 - "-" "Mozilla/5.0 (compatible; YandexBot/3.0; +http://yandex.com/bots)"
66.249.73.161 - - [13/Jun/2020:04:29:35 +0200] "GET /files/rendeszeti_startegia_kormanyra_2007_11_20_vegleges.doc HTTP/1.1" 200 723968 "-" "Mozilla/5.0 (Linux; Android 6.0.1; Nexus 5X Build/MMB29P) AppleWebKit/537.36 (KHTML, like Gecko) Chrome/80.0.3987.92 Mobile Safari/537.36 (compatible; Googlebot/2.1; +http://www.google.com/bot.html)"
40.77.167.103 - - [13/Jun/2020:04:33:34 +0200] "GET /node/273 HTTP/1.1" 200 - "-" "Mozilla/5.0 (compatible; bingbot/2.0; +http://www.bing.com/bingbot.htm)"
192.163.207.200 - - [13/Jun/2020:04:34:10 +0200] "GET /backup/wp-login.php HTTP/1.1" 200 - "-" "Mozilla/5.0 (X11; Ubuntu; Linux x86_64; rv:62.0) Gecko/20100101 Firefox/62.0"
216.244.66.200 - - [13/Jun/2020:04:36:35 +0200] "GET /node/1224 HTTP/1.1" 200 - "-" "Mozilla/5.0 (compatible; DotBot/1.1; http://www.opensiteexplorer.org/dotbot, help@moz.com)"
216.244.66.200 - - [13/Jun/2020:04:37:41 +0200] "GET /node/1467 HTTP/1.1" 200 - "-" "Mozilla/5.0 (compatible; DotBot/1.1; http://www.opensiteexplorer.org/dotbot, help@moz.com)"
216.244.66.200 - - [13/Jun/2020:04:38:21 +0200] "GET /node/1544 HTTP/1.1" 200 - "-" "Mozilla/5.0 (compatible; DotBot/1.1; http://www.opensiteexplorer.org/dotbot, help@moz.com)"
40.77.167.198 - - [13/Jun/2020:04:38:28 +0200] "GET /files/szakszo_legiforgalmi_iranyito.pdf HTTP/1.1" 200 268122 "-" "Mozilla/5.0 (iPhone; CPU iPhone OS 7_0 like Mac OS X) AppleWebKit/537.51.1 (KHTML, like Gecko) Version/7.0 Mobile/11A465 Safari/9537.53 (compatible; bingbot/2.0; +http://www.bing.com/bingbot.htm)"
40.77.167.198 - - [13/Jun/2020:04:45:07 +0200] "GET /robots.txt HTTP/1.1" 200 1590 "-" "Mozilla/5.0 (compatible; bingbot/2.0; +http://www.bing.com/bingbot.htm)"
54.36.148.198 - - [13/Jun/2020:04:49:08 +0200] "GET /robots.txt HTTP/1.1" 200 1590 "-" "Mozilla/5.0 (compatible; AhrefsBot/6.1; +http://ahrefs.com/robot/)"
23.100.232.233 - - [13/Jun/2020:04:52:18 +0200] "GET /files/Eftv_Vhr_081210.doc HTTP/1.1" 200 244339 "-" "Mozilla/5.0 (compatible; MSIE 9.0; Windows NT 6.1; Trident/5.0; Trident/5.0)"
40.77.167.103 - - [13/Jun/2020:04:54:08 +0200] "GET /files/peresnemperes-eloterj.doc HTTP/1.1" 200 1201664 "-" "Mozilla/5.0 (iPhone; CPU iPhone OS 7_0 like Mac OS X) AppleWebKit/537.51.1 (KHTML, like Gecko) Version/7.0 Mobile/11A465 Safari/9537.53 (compatible; bingbot/2.0; +http://www.bing.com/bingbot.htm)"
23.100.232.233 - - [13/Jun/2020:04:57:46 +0200] "GET /files/ptk.csaladjog_0.pdf HTTP/1.1" 200 429444 "-" "Mozilla/5.0 (compatible; MSIE 9.0; Windows NT 6.0; Trident/5.0; Trident/5.0)"
40.77.167.103 - - [13/Jun/2020:05:00:17 +0200] "GET /files/2006-86-korrel2_IRM_korr.doc HTTP/1.1" 304 - "-" "Mozilla/5.0 (compatible; bingbot/2.0; +http://www.bing.com/bingbot.htm)"
40.77.167.198 - - [13/Jun/2020:05:03:03 +0200] "GET /files/$File/eu02.pdf HTTP/1.1" 200 - "-" "Mozilla/5.0 (compatible; bingbot/2.0; +http://www.bing.com/bingbot.htm)"
157.55.39.244 - - [13/Jun/2020:05:03:26 +0200] "GET /node/2489 HTTP/1.1" 200 - "-" "Mozilla/5.0 (compatible; bingbot/2.0; +http://www.bing.com/bingbot.htm)"
66.249.73.113 - - [13/Jun/2020:05:05:35 +0200] "GET /files/Tuzszolszab..pdf HTTP/1.1" 200 424954 "-" "Mozilla/5.0 (Linux; Android 6.0.1; Nexus 5X Build/MMB29P) AppleWebKit/537.36 (KHTML, like Gecko) Chrome/80.0.3987.92 Mobile Safari/537.36 (compatible; Googlebot/2.1; +http://www.google.com/bot.html)"
213.180.203.189 - - [13/Jun/2020:05:08:24 +0200] "GET /robots.txt HTTP/1.1" 200 1590 "-" "Mozilla/5.0 (compatible; YandexBot/3.0; +http://yandex.com/bots)"
213.180.203.189 - - [13/Jun/2020:05:08:59 +0200] "GET /drupal/node/1273 HTTP/1.1" 200 - "-" "Mozilla/5.0 (compatible; YandexBot/3.0; +http://yandex.com/bots)"
213.180.203.189 - - [13/Jun/2020:05:09:32 +0200] "GET /drupal/node/1273 HTTP/1.1" 200 - "-" "Mozilla/5.0 (compatible; YandexBot/3.0; +http://yandex.com/bots)"
178.154.200.102 - - [13/Jun/2020:05:10:04 +0200] "GET /drupal/node/1273 HTTP/1.1" 200 - "-" "Mozilla/5.0 (compatible; YandexBot/3.0; +http://yandex.com/bots)"
178.154.200.61 - - [13/Jun/2020:05:10:36 +0200] "GET /drupal/node/1273 HTTP/1.1" 200 - "-" "Mozilla/5.0 (compatible; YandexBot/3.0; +http://yandex.com/bots)"
23.100.232.233 - - [13/Jun/2020:05:15:47 +0200] "GET /files/14831_7.pdf HTTP/1.1" 200 501317 "-" "Mozilla/5.0 (compatible; MSIE 9.0; Windows NT 6.1; Trident/5.0; Trident/5.0)"
216.244.66.200 - - [13/Jun/2020:05:17:23 +0200] "GET /node/1111 HTTP/1.1" 200 - "-" "Mozilla/5.0 (compatible; DotBot/1.1; http://www.opensiteexplorer.org/dotbot, help@moz.com)"
216.244.66.200 - - [13/Jun/2020:05:17:53 +0200] "GET /node/1288 HTTP/1.1" 200 - "-" "Mozilla/5.0 (compatible; DotBot/1.1; http://www.opensiteexplorer.org/dotbot, help@moz.com)"
216.244.66.200 - - [13/Jun/2020:05:18:35 +0200] "GET /node/1378 HTTP/1.1" 200 - "-" "Mozilla/5.0 (compatible; DotBot/1.1; http://www.opensiteexplorer.org/dotbot, help@moz.com)"
40.77.167.103 - - [13/Jun/2020:05:18:52 +0200] "GET /files/2_sz_melleklet_061031.pdf HTTP/1.1" 200 56446 "-" "Mozilla/5.0 (iPhone; CPU iPhone OS 7_0 like Mac OS X) AppleWebKit/537.51.1 (KHTML, like Gecko) Version/7.0 Mobile/11A465 Safari/9537.53 (compatible; bingbot/2.0; +http://www.bing.com/bingbot.htm)"
66.249.135.206 - - [13/Jun/2020:05:22:56 +0200] "GET / HTTP/1.1" 200 - "-" "User-Agent\" \"Mozilla/5.0 (Windows NT 6.1;) Gecko/20100101 Firefox/13.0.1, Mozilla/5.0 (Windows NT 10.0; Win64; x64) AppleWebKit/537.36 (KHTML, like Gecko) Chrome/76.0.3809.100 Safari/537.36"
23.100.232.233 - - [13/Jun/2020:05:22:57 +0200] "GET /files/ltv.pdf HTTP/1.1" 200 134963 "-" "Mozilla/5.0 (compatible; MSIE 9.0; Windows NT 6.0; Trident/5.0; Trident/5.0)"
216.244.66.200 - - [13/Jun/2020:05:24:55 +0200] "GET /files/a_szakmai_protokollok_k%C3%83%C2%A9sz%C3%83%C2%ADt%C3%83%C2%A9s%C3%83%C2%A9nek_elj%C3%83%C2%A1r%C3%83%C2%A1srendj%C3%83%C2%A9r%C3%85%E2%80%98l_sz%C3%83%C2%B3l%C3%83%C2%B3_e%C3%83%C2%BCm_rendelet_tervezet_8.doc HTTP/1.1" 200 - "-" "Mozilla/5.0 (compatible; DotBot/1.1; http://www.opensiteexplorer.org/dotbot, help@moz.com)"
157.55.39.244 - - [13/Jun/2020:05:26:31 +0200] "GET /files/eszcsm_rendelet_mod_indok_061102.pdf HTTP/1.1" 304 - "-" "Mozilla/5.0 (compatible; bingbot/2.0; +http://www.bing.com/bingbot.htm)"
40.77.167.198 - - [13/Jun/2020:05:46:09 +0200] "GET /files/9per93_nm_rend_mod_090804.doc HTTP/1.1" 304 - "-" "Mozilla/5.0 (compatible; bingbot/2.0; +http://www.bing.com/bingbot.htm)"
66.249.73.161 - - [13/Jun/2020:05:50:50 +0200] "GET /files/ptk.csaladjog.pdf HTTP/1.1" 200 429444 "-" "Mozilla/5.0 (Linux; Android 6.0.1; Nexus 5X Build/MMB29P) AppleWebKit/537.36 (KHTML, like Gecko) Chrome/80.0.3987.92 Mobile Safari/537.36 (compatible; Googlebot/2.1; +http://www.google.com/bot.html)"
66.249.73.190 - - [13/Jun/2020:05:53:34 +0200] "GET /files/szakkepesitesek_megszerv_vizsga_060413.pdf HTTP/1.1" 200 305958 "-" "Mozilla/5.0 (Linux; Android 6.0.1; Nexus 5X Build/MMB29P) AppleWebKit/537.36 (KHTML, like Gecko) Chrome/80.0.3987.92 Mobile Safari/537.36 (compatible; Googlebot/2.1; +http://www.google.com/bot.html)"
134.249.147.157 - - [13/Jun/2020:05:54:16 +0200] "GET /comment/reply/2619/ HTTP/1.0" 200 - "http://jogalkotas.hu/comment/reply/2619/" "Mozilla/5.0 (Windows NT 6.1; Win64; x64) AppleWebKit/537.36 (KHTML, like Gecko) Chrome/67.0.3396.99 Safari/537.36"
134.249.147.157 - - [13/Jun/2020:05:54:48 +0200] "GET / HTTP/1.0" 200 - "http://jogalkotas.hu/" "Mozilla/5.0 (Windows NT 6.1; Win64; x64) AppleWebKit/537.36 (KHTML, like Gecko) Chrome/67.0.3396.99 Safari/537.36"
40.77.167.198 - - [13/Jun/2020:05:56:45 +0200] "GET /taxonomy/term/55%2057%2058%2059%2060%2061%2062%2063%2064%2065%2066%2067%2068%2069%2070%2071%2072%2073%2074%2075?page=1 HTTP/1.1" 200 - "-" "Mozilla/5.0 (iPhone; CPU iPhone OS 7_0 like Mac OS X) AppleWebKit/537.51.1 (KHTML, like Gecko) Version/7.0 Mobile/11A465 Safari/9537.53 (compatible; bingbot/2.0; +http://www.bing.com/bingbot.htm)"
66.249.73.161 - - [13/Jun/2020:05:59:34 +0200] "GET /files/alapf_muv_okt_kovet_IV_060414.pdf HTTP/1.1" 304 - "-" "Mozilla/5.0 (Linux; Android 6.0.1; Nexus 5X Build/MMB29P) AppleWebKit/537.36 (KHTML, like Gecko) Chrome/80.0.3987.92 Mobile Safari/537.36 (compatible; Googlebot/2.1; +http://www.google.com/bot.html)"
216.244.66.200 - - [13/Jun/2020:05:59:38 +0200] "GET /node/1222 HTTP/1.1" 200 - "-" "Mozilla/5.0 (compatible; DotBot/1.1; http://www.opensiteexplorer.org/dotbot, help@moz.com)"
216.244.66.200 - - [13/Jun/2020:06:00:09 +0200] "GET /node/1235 HTTP/1.1" 200 - "-" "Mozilla/5.0 (compatible; DotBot/1.1; http://www.opensiteexplorer.org/dotbot, help@moz.com)"
82.137.13.90 - - [13/Jun/2020:06:07:13 +0200] "GET /files/alapf_muv_okt_kovet_II_060414.pdf HTTP/1.1" 200 584355 "https://www.google.com/" "Mozilla/5.0 (Linux; Android 10; SNE-LX1) AppleWebKit/537.36 (KHTML, like Gecko) Chrome/83.0.4103.96 Mobile Safari/537.36"
40.77.167.198 - - [13/Jun/2020:06:07:23 +0200] "GET /files/normaszoveg_szakmapolra_01.27.doc HTTP/1.1" 200 113664 "-" "Mozilla/5.0 (iPhone; CPU iPhone OS 7_0 like Mac OS X) AppleWebKit/537.51.1 (KHTML, like Gecko) Version/7.0 Mobile/11A465 Safari/9537.53 (compatible; bingbot/2.0; +http://www.bing.com/bingbot.htm)"
178.154.200.224 - - [13/Jun/2020:06:07:44 +0200] "GET /dru- HTTP/1.1" 200 - "-" "Mozilla/5.0 (compatible; YandexBot/3.0; +http://yandex.com/bots)"
40.77.167.198 - - [13/Jun/2020:06:07:55 +0200] "GET /node/16 HTTP/1.1" 200 - "-" "Mozilla/5.0 (compatible; bingbot/2.0; +http://www.bing.com/bingbot.htm)"
178.154.200.24 - - [13/Jun/2020:06:08:16 +0200] "GET /dru- HTTP/1.1" 200 - "-" "Mozilla/5.0 (compatible; YandexBot/3.0; +http://yandex.com/bots)"
213.180.203.23 - - [13/Jun/2020:06:08:48 +0200] "GET /dru- HTTP/1.1" 200 - "-" "Mozilla/5.0 (compatible; YandexBot/3.0; +http://yandex.com/bots)"
40.77.167.73 - - [13/Jun/2020:06:16:09 +0200] "GET /taxonomy/term/67 HTTP/1.1" 200 - "-" "Mozilla/5.0 (compatible; bingbot/2.0; +http://www.bing.com/bingbot.htm)"
69.16.145.247 - - [13/Jun/2020:06:16:13 +0200] "GET /node/1020 HTTP/1.1" 200 - "-" "Mozilla/5.0 (Windows NT 6.1; WOW64; rv:55.0) Gecko/20100101 Firefox/55.0"
40.77.167.103 - - [13/Jun/2020:06:22:02 +0200] "GET /files/$File/nk3.pdf HTTP/1.1" 200 - "-" "Mozilla/5.0 (compatible; bingbot/2.0; +http://www.bing.com/bingbot.htm)"
40.77.167.73 - - [13/Jun/2020:06:23:09 +0200] "GET /node/2453 HTTP/1.1" 200 - "-" "Mozilla/5.0 (compatible; bingbot/2.0; +http://www.bing.com/bingbot.htm)"
66.249.73.115 - - [13/Jun/2020:06:24:34 +0200] "GET /drupal/files/egyes_kozl_tv.pdf HTTP/1.1" 200 - "-" "Mozilla/5.0 (Linux; Android 6.0.1; Nexus 5X Build/MMB29P) AppleWebKit/537.36 (KHTML, like Gecko) Chrome/80.0.3987.92 Mobile Safari/537.36 (compatible; Googlebot/2.1; +http://www.google.com/bot.html)"
40.77.167.73 - - [13/Jun/2020:06:24:37 +0200] "GET /files/KAT_norma_06_24.pdf HTTP/1.1" 304 - "-" "Mozilla/5.0 (compatible; bingbot/2.0; +http://www.bing.com/bingbot.htm)"
40.77.167.73 - - [13/Jun/2020:06:29:10 +0200] "GET /node/1729 HTTP/1.1" 200 - "-" "Mozilla/5.0 (compatible; bingbot/2.0; +http://www.bing.com/bingbot.htm)"
40.77.167.198 - - [13/Jun/2020:06:32:09 +0200] "GET /robots.txt HTTP/1.1" 200 1590 "-" "Mozilla/5.0 (compatible; bingbot/2.0; +http://www.bing.com/bingbot.htm)"
157.55.39.244 - - [13/Jun/2020:06:33:58 +0200] "GET /node/32 HTTP/1.1" 200 - "-" "Mozilla/5.0 (iPhone; CPU iPhone OS 7_0 like Mac OS X) AppleWebKit/537.51.1 (KHTML, like Gecko) Version/7.0 Mobile/11A465 Safari/9537.53 (compatible; bingbot/2.0; +http://www.bing.com/bingbot.htm)"
114.119.164.230 - - [13/Jun/2020:06:40:28 +0200] "GET /robots.txt HTTP/1.1" 200 1590 "-" "Mozilla/5.0 (Linux; Android 7.0;) AppleWebKit/537.36 (KHTML, like Gecko) Mobile Safari/537.36 (compatible; PetalBot;+https://aspiegel.com/petalbot)"
216.244.66.200 - - [13/Jun/2020:06:41:14 +0200] "GET /taxonomy/term/21?page=77 HTTP/1.1" 200 - "-" "Mozilla/5.0 (compatible; DotBot/1.1; http://www.opensiteexplorer.org/dotbot, help@moz.com)"
216.244.66.200 - - [13/Jun/2020:06:41:45 +0200] "GET /taxonomy/term/39?page=48 HTTP/1.1" 200 - "-" "Mozilla/5.0 (compatible; DotBot/1.1; http://www.opensiteexplorer.org/dotbot, help@moz.com)"
216.244.66.200 - - [13/Jun/2020:06:42:25 +0200] "GET /node/1856 HTTP/1.1" 200 - "-" "Mozilla/5.0 (compatible; DotBot/1.1; http://www.opensiteexplorer.org/dotbot, help@moz.com)"
216.244.66.200 - - [13/Jun/2020:06:48:57 +0200] "GET /taxonomy/term/95/0/feed HTTP/1.1" 200 - "-" "Mozilla/5.0 (compatible; DotBot/1.1; http://www.opensiteexplorer.org/dotbot, help@moz.com)"
66.249.73.117 - - [13/Jun/2020:06:49:16 +0200] "GET /drupal/files/OHT_II_febr2.pdf HTTP/1.1" 200 - "-" "Mozilla/5.0 (Linux; Android 6.0.1; Nexus 5X Build/MMB29P) AppleWebKit/537.36 (KHTML, like Gecko) Chrome/80.0.3987.92 Mobile Safari/537.36 (compatible; Googlebot/2.1; +http://www.google.com/bot.html)"
157.55.39.244 - - [13/Jun/2020:06:52:26 +0200] "GET /files/T4010.doc HTTP/1.1" 200 497152 "-" "Mozilla/5.0 (iPhone; CPU iPhone OS 7_0 like Mac OS X) AppleWebKit/537.51.1 (KHTML, like Gecko) Version/7.0 Mobile/11A465 Safari/9537.53 (compatible; bingbot/2.0; +http://www.bing.com/bingbot.htm)"
23.100.232.233 - - [13/Jun/2020:07:02:50 +0200] "GET /files/Eftv_Vhr_081210.doc HTTP/1.1" 200 244339 "-" "Mozilla/5.0 (compatible; MSIE 9.0; Windows NT 6.0; Trident/5.0; Trident/5.0)"
40.77.167.73 - - [13/Jun/2020:07:03:49 +0200] "GET /taxonomy/term/52 HTTP/1.1" 200 - "-" "Mozilla/5.0 (iPhone; CPU iPhone OS 7_0 like Mac OS X) AppleWebKit/537.51.1 (KHTML, like Gecko) Version/7.0 Mobile/11A465 Safari/9537.53 (compatible; bingbot/2.0; +http://www.bing.com/bingbot.htm)"
40.77.167.103 - - [13/Jun/2020:07:05:38 +0200] "GET /files/1212_el_terjesztesterv1109jav.doc HTTP/1.1" 200 1646080 "-" "Mozilla/5.0 (iPhone; CPU iPhone OS 7_0 like Mac OS X) AppleWebKit/537.51.1 (KHTML, like Gecko) Version/7.0 Mobile/11A465 Safari/9537.53 (compatible; bingbot/2.0; +http://www.bing.com/bingbot.htm)"
66.249.73.161 - - [13/Jun/2020:07:11:34 +0200] "GET /robots.txt HTTP/1.1" 200 1590 "-" "Mozilla/5.0 (compatible; Googlebot/2.1; +http://www.google.com/bot.html)"
66.249.73.161 - - [13/Jun/2020:07:11:34 +0200] "GET /files/elemiszerkonyv_melleklet.pdf HTTP/1.1" 200 19554 "-" "Mozilla/5.0 (Linux; Android 6.0.1; Nexus 5X Build/MMB29P) AppleWebKit/537.36 (KHTML, like Gecko) Chrome/80.0.3987.92 Mobile Safari/537.36 (compatible; Googlebot/2.1; +http://www.google.com/bot.html)"
40.77.167.198 - - [13/Jun/2020:07:15:59 +0200] "GET /node/1152 HTTP/1.1" 200 - "-" "Mozilla/5.0 (compatible; bingbot/2.0; +http://www.bing.com/bingbot.htm)"
23.100.232.233 - - [13/Jun/2020:07:16:59 +0200] "GET /files/14390_10.pdf HTTP/1.1" 200 866257 "-" "Mozilla/5.0 (compatible; MSIE 9.0; Windows NT 6.1; Trident/5.0; Trident/5.0)"
216.244.66.200 - - [13/Jun/2020:07:22:16 +0200] "GET /node/1452 HTTP/1.1" 200 - "-" "Mozilla/5.0 (compatible; DotBot/1.1; http://www.opensiteexplorer.org/dotbot, help@moz.com)"
216.244.66.200 - - [13/Jun/2020:07:22:47 +0200] "GET /node/626 HTTP/1.1" 200 - "-" "Mozilla/5.0 (compatible; DotBot/1.1; http://www.opensiteexplorer.org/dotbot, help@moz.com)"
216.244.66.200 - - [13/Jun/2020:07:23:28 +0200] "GET /taxonomy/term/1?page=216 HTTP/1.1" 200 - "-" "Mozilla/5.0 (compatible; DotBot/1.1; http://www.opensiteexplorer.org/dotbot, help@moz.com)"
66.249.73.190 - - [13/Jun/2020:07:29:34 +0200] "GET /files/1521_5.pdf HTTP/1.1" 304 - "-" "Mozilla/5.0 (Linux; Android 6.0.1; Nexus 5X Build/MMB29P) AppleWebKit/537.36 (KHTML, like Gecko) Chrome/80.0.3987.92 Mobile Safari/537.36 (compatible; Googlebot/2.1; +http://www.google.com/bot.html)"
216.244.66.200 - - [13/Jun/2020:07:29:50 +0200] "GET /taxonomy/term/72/0/feed HTTP/1.1" 200 - "-" "Mozilla/5.0 (compatible; DotBot/1.1; http://www.opensiteexplorer.org/dotbot, help@moz.com)"
40.77.167.198 - - [13/Jun/2020:07:41:09 +0200] "GET /files/34_2007_hmrend_mositas.pdf HTTP/1.1" 304 - "-" "Mozilla/5.0 (compatible; bingbot/2.0; +http://www.bing.com/bingbot.htm)"
209.133.111.211 - - [13/Jun/2020:07:41:51 +0200] "GET /robots.txt HTTP/1.1" 200 1590 "-" "rogerbot/1.0 (http://www.moz.com/dp/rogerbot, rogerbot-crawler@moz.com)"
209.133.111.211 - - [13/Jun/2020:07:42:22 +0200] "GET /node/feed HTTP/1.1" 200 - "-" "rogerbot/1.0 (http://www.moz.com/dp/rogerbot, rogerbot-crawler@moz.com)"
178.154.200.224 - - [13/Jun/2020:07:43:03 +0200] "GET /robots.txt HTTP/1.1" 200 1590 "-" "Mozilla/5.0 (compatible; YandexBot/3.0; +http://yandex.com/bots)"
178.154.200.224 - - [13/Jun/2020:07:43:38 +0200] "GET /taxonomy/term/81 HTTP/1.1" 200 - "-" "Mozilla/5.0 (compatible; YandexBot/3.0; +http://yandex.com/bots)"
178.154.200.224 - - [13/Jun/2020:07:44:10 +0200] "GET /taxonomy/term/81 HTTP/1.1" 200 - "-" "Mozilla/5.0 (compatible; YandexBot/3.0; +http://yandex.com/bots)"
213.180.203.189 - - [13/Jun/2020:07:44:42 +0200] "GET /taxonomy/term/81 HTTP/1.1" 200 - "-" "Mozilla/5.0 (compatible; YandexBot/3.0; +http://yandex.com/bots)"
178.154.200.39 - - [13/Jun/2020:07:45:14 +0200] "GET /taxonomy/term/81 HTTP/1.1" 200 - "-" "Mozilla/5.0 (compatible; YandexBot/3.0; +http://yandex.com/bots)"
40.77.167.103 - - [13/Jun/2020:07:45:24 +0200] "GET /files/mtbgtvmod_eloterj_070126.pdf HTTP/1.1" 200 201907 "-" "Mozilla/5.0 (iPhone; CPU iPhone OS 7_0 like Mac OS X) AppleWebKit/537.51.1 (KHTML, like Gecko) Version/7.0 Mobile/11A465 Safari/9537.53 (compatible; bingbot/2.0; +http://www.bing.com/bingbot.htm)"
23.100.232.233 - - [13/Jun/2020:07:54:26 +0200] "GET /files/14831_7.pdf HTTP/1.1" 200 501317 "-" "Mozilla/5.0 (compatible; MSIE 9.0; Windows NT 6.1; Trident/5.0; Trident/5.0)"
40.77.167.73 - - [13/Jun/2020:08:03:03 +0200] "GET /taxonomy/term/36?page=2 HTTP/1.1" 200 - "-" "Mozilla/5.0 (compatible; bingbot/2.0; +http://www.bing.com/bingbot.htm)"
89.238.154.253 - - [13/Jun/2020:08:03:43 +0200] "GET /user/register/ HTTP/1.1" 200 - "-" "Mozilla/5.0"
23.100.232.233 - - [13/Jun/2020:08:04:44 +0200] "GET /files/14390_10.pdf HTTP/1.1" 200 866257 "-" "Mozilla/5.0 (compatible; MSIE 9.0; Windows NT 6.0; Trident/5.0; Trident/5.0)"
23.100.232.233 - - [13/Jun/2020:08:10:11 +0200] "GET /files/ltv.pdf HTTP/1.1" 200 134963 "-" "Mozilla/5.0 (compatible; MSIE 9.0; Windows NT 6.0; Trident/5.0; Trident/5.0)"
178.154.200.192 - - [13/Jun/2020:08:15:49 +0200] "GET / HTTP/1.1" 200 - "-" "Mozilla/5.0 (compatible; YandexBot/3.0; +http://yandex.com/bots)"
213.180.203.121 - - [13/Jun/2020:08:16:21 +0200] "GET / HTTP/1.1" 200 - "-" "Mozilla/5.0 (compatible; YandexBot/3.0; +http://yandex.com/bots)"
213.180.203.18 - - [13/Jun/2020:08:16:53 +0200] "GET / HTTP/1.1" 200 - "-" "Mozilla/5.0 (compatible; YandexBot/3.0; +http://yandex.com/bots)"
46.229.168.162 - - [13/Jun/2020:08:20:09 +0200] "GET /robots.txt HTTP/1.1" 200 1590 "-" "Mozilla/5.0 (compatible; SemrushBot/6~bl; +http://www.semrush.com/bot.html)"
46.229.168.142 - - [13/Jun/2020:08:20:41 +0200] "GET /taxonomy/term/89 HTTP/1.1" 200 - "-" "Mozilla/5.0 (compatible; SemrushBot/6~bl; +http://www.semrush.com/bot.html)"
46.229.168.142 - - [13/Jun/2020:08:21:13 +0200] "GET /taxonomy/term/89 HTTP/1.1" 200 - "-" "Mozilla/5.0 (compatible; SemrushBot/6~bl; +http://www.semrush.com/bot.html)"
40.77.167.198 - - [13/Jun/2020:08:37:12 +0200] "GET /robots.txt HTTP/1.1" 200 1590 "-" "Mozilla/5.0 (compatible; bingbot/2.0; +http://www.bing.com/bingbot.htm)"
66.249.73.117 - - [13/Jun/2020:08:39:46 +0200] "GET /files/ekozig2010strategia_0604.pdf HTTP/1.1" 200 820659 "-" "Googlebot/2.1 (+http://www.google.com/bot.html)"
40.77.167.73 - - [13/Jun/2020:08:42:35 +0200] "GET /files/szoc_fogl_terv_071127.pdf HTTP/1.1" 200 731507 "-" "Mozilla/5.0 (iPhone; CPU iPhone OS 7_0 like Mac OS X) AppleWebKit/537.51.1 (KHTML, like Gecko) Version/7.0 Mobile/11A465 Safari/9537.53 (compatible; bingbot/2.0; +http://www.bing.com/bingbot.htm)"
213.180.203.189 - - [13/Jun/2020:08:51:40 +0200] "GET /robots.txt HTTP/1.1" 200 1590 "-" "Mozilla/5.0 (compatible; YandexBot/3.0; +http://yandex.com/bots)"
213.180.203.189 - - [13/Jun/2020:08:52:15 +0200] "GET / HTTP/1.1" 200 - "-" "Mozilla/5.0 (compatible; YandexBot/3.0; +http://yandex.com/bots)"
66.249.73.190 - - [13/Jun/2020:08:52:20 +0200] "GET /moodle/calendar/view.php?loan=212 HTTP/1.1" 200 - "-" "Mozilla/5.0 (Linux; Android 6.0.1; Nexus 5X Build/MMB29P) AppleWebKit/537.36 (KHTML, like Gecko) Chrome/80.0.3987.92 Mobile Safari/537.36 (compatible; Googlebot/2.1; +http://www.google.com/bot.html)"
40.77.167.198 - - [13/Jun/2020:08:52:37 +0200] "GET /files/noved_birsag_eloterjesztes.pdf HTTP/1.1" 304 - "-" "Mozilla/5.0 (compatible; bingbot/2.0; +http://www.bing.com/bingbot.htm)"
213.180.203.189 - - [13/Jun/2020:08:52:47 +0200] "GET / HTTP/1.1" 200 - "-" "Mozilla/5.0 (compatible; YandexBot/3.0; +http://yandex.com/bots)"
178.154.200.224 - - [13/Jun/2020:08:53:19 +0200] "GET / HTTP/1.1" 200 - "-" "Mozilla/5.0 (compatible; YandexBot/3.0; +http://yandex.com/bots)"
66.249.73.164 - - [13/Jun/2020:08:53:36 +0200] "GET /files/NFGM4993.pdf HTTP/1.1" 200 175600 "-" "Googlebot/2.1 (+http://www.google.com/bot.html)"
213.180.203.158 - - [13/Jun/2020:08:53:51 +0200] "GET / HTTP/1.1" 200 - "-" "Mozilla/5.0 (compatible; YandexBot/3.0; +http://yandex.com/bots)"
178.154.200.39 - - [13/Jun/2020:08:54:11 +0200] "GET / HTTP/1.1" 200 - "-" "Mozilla/5.0 (compatible; YandexBot/3.0; +http://yandex.com/bots)"
178.154.200.212 - - [13/Jun/2020:08:54:43 +0200] "GET / HTTP/1.1" 200 - "-" "Mozilla/5.0 (compatible; YandexBot/3.0; +http://yandex.com/bots)"
178.154.200.226 - - [13/Jun/2020:08:55:24 +0200] "GET / HTTP/1.1" 200 - "-" "Mozilla/5.0 (compatible; YandexBot/3.0; +http://yandex.com/bots)"
66.249.73.113 - - [13/Jun/2020:08:59:36 +0200] "GET /files/1_mell_FAVI_ENG_alap.doc HTTP/1.1" 200 1641984 "-" "Mozilla/5.0 (Linux; Android 6.0.1; Nexus 5X Build/MMB29P) AppleWebKit/537.36 (KHTML, like Gecko) Chrome/80.0.3987.92 Mobile Safari/537.36 (compatible; Googlebot/2.1; +http://www.google.com/bot.html)"
66.249.73.161 - - [13/Jun/2020:09:02:01 +0200] "GET /files/ekozig2010strategia_0604.pdf HTTP/1.1" 200 820659 "-" "Googlebot/2.1 (+http://www.google.com/bot.html)"
40.77.167.198 - - [13/Jun/2020:09:05:01 +0200] "GET /files/14409_9.pdf HTTP/1.1" 200 298621 "-" "Mozilla/5.0 (iPhone; CPU iPhone OS 7_0 like Mac OS X) AppleWebKit/537.51.1 (KHTML, like Gecko) Version/7.0 Mobile/11A465 Safari/9537.53 (compatible; bingbot/2.0; +http://www.bing.com/bingbot.htm)"
66.249.73.161 - - [13/Jun/2020:09:12:09 +0200] "GET /files/Bejelentes_egybefoglalt_tervezet_kozig.pdf HTTP/1.1" 200 220113 "-" "Googlebot/2.1 (+http://www.google.com/bot.html)"
40.77.167.198 - - [13/Jun/2020:09:20:54 +0200] "GET /node/2498 HTTP/1.1" 200 - "-" "Mozilla/5.0 (compatible; bingbot/2.0; +http://www.bing.com/bingbot.htm)"
40.77.167.103 - - [13/Jun/2020:09:22:33 +0200] "GET /files/T4151.doc HTTP/1.1" 304 - "-" "Mozilla/5.0 (compatible; bingbot/2.0; +http://www.bing.com/bingbot.htm)"
40.77.167.103 - - [13/Jun/2020:09:22:53 +0200] "GET /files/$File/ta_kv_osszes.pdf HTTP/1.1" 200 - "-" "Mozilla/5.0 (compatible; bingbot/2.0; +http://www.bing.com/bingbot.htm)"
40.77.167.198 - - [13/Jun/2020:09:25:00 +0200] "GET /files/nemesfemes.pdf HTTP/1.1" 304 - "-" "Mozilla/5.0 (compatible; bingbot/2.0; +http://www.bing.com/bingbot.htm)"
66.42.116.237 - - [13/Jun/2020:09:28:56 +0200] "GET / HTTP/1.1" 200 - "-" "Mozilla/5.0 (Macintosh; Intel Mac OS X 10_10_5) AppleWebKit/537.36 (KHTML, like Gecko) Chrome/45.0.2454.101 Safari/537.36"
40.77.167.198 - - [13/Jun/2020:09:33:00 +0200] "GET /node/23 HTTP/1.1" 200 - "-" "Mozilla/5.0 (compatible; bingbot/2.0; +http://www.bing.com/bingbot.htm)"
66.249.73.164 - - [13/Jun/2020:09:35:35 +0200] "GET /files/NFGM_735.pdf HTTP/1.1" 200 161666 "-" "Mozilla/5.0 (Linux; Android 6.0.1; Nexus 5X Build/MMB29P) AppleWebKit/537.36 (KHTML, like Gecko) Chrome/80.0.3987.92 Mobile Safari/537.36 (compatible; Googlebot/2.1; +http://www.google.com/bot.html)"
177.92.9.10 - - [13/Jun/2020:09:36:52 +0200] "GET / HTTP/1.0" 200 - "http://jogalkotas.hu/" "Mozilla/5.0 (Windows NT 6.1; WOW64) AppleWebKit/537.36 (KHTML, like Gecko) Chrome/67.0.3396.87 Safari/537.36 OPR/54.0.2952.64 (Edition Yx)"
103.87.171.242 - - [13/Jun/2020:09:37:39 +0200] "GET / HTTP/1.0" 200 - "http://jogalkotas.hu/" "Mozilla/5.0 (Windows NT 6.1; WOW64) AppleWebKit/537.36 (KHTML, like Gecko) Chrome/67.0.3396.87 Safari/537.36 OPR/54.0.2952.64 (Edition Yx)"
181.119.112.188 - - [13/Jun/2020:09:38:11 +0200] "GET / HTTP/1.0" 200 - "http://jogalkotas.hu/" "Mozilla/5.0 (Windows NT 6.1; WOW64) AppleWebKit/537.36 (KHTML, like Gecko) Chrome/67.0.3396.87 Safari/537.36 OPR/54.0.2952.64 (Edition Yx)"
109.162.245.31 - - [13/Jun/2020:09:38:41 +0200] "GET / HTTP/1.0" 200 - "http://jogalkotas.hu/" "Mozilla/5.0 (Windows NT 6.1; WOW64) AppleWebKit/537.36 (KHTML, like Gecko) Chrome/67.0.3396.87 Safari/537.36 OPR/54.0.2952.64 (Edition Yx)"
