216.244.66.200 - - [03/Jun/2020:06:35:50 +0200] "GET /files/felsoo_rend_terv_080603.pdf HTTP/1.1" 200 341149 "-" "Mozilla/5.0 (compatible; DotBot/1.1; http://www.opensiteexplorer.org/dotbot, help@moz.com)"
216.244.66.200 - - [03/Jun/2020:06:36:23 +0200] "GET /files/igugyszakerto_terv_070717.pdf HTTP/1.1" 200 175746 "-" "Mozilla/5.0 (compatible; DotBot/1.1; http://www.opensiteexplorer.org/dotbot, help@moz.com)"
216.244.66.200 - - [03/Jun/2020:06:36:58 +0200] "GET /files/ljagy_terv_090831.pdf HTTP/1.1" 200 498045 "-" "Mozilla/5.0 (compatible; DotBot/1.1; http://www.opensiteexplorer.org/dotbot, help@moz.com)"
216.244.66.200 - - [03/Jun/2020:06:37:36 +0200] "GET /files/nm_terv_091130.pdf HTTP/1.1" 200 360556 "-" "Mozilla/5.0 (compatible; DotBot/1.1; http://www.opensiteexplorer.org/dotbot, help@moz.com)"
216.244.66.200 - - [03/Jun/2020:06:38:09 +0200] "GET /files/okirattariterv.pdf HTTP/1.1" 200 411997 "-" "Mozilla/5.0 (compatible; DotBot/1.1; http://www.opensiteexplorer.org/dotbot, help@moz.com)"
216.244.66.200 - - [03/Jun/2020:06:38:39 +0200] "GET /files/ptk.dologi_jog_0.pdf HTTP/1.1" 200 141671 "-" "Mozilla/5.0 (compatible; DotBot/1.1; http://www.opensiteexplorer.org/dotbot, help@moz.com)"
216.244.66.200 - - [03/Jun/2020:06:39:10 +0200] "GET /files/tervezet_kerka.pdf HTTP/1.1" 200 183299 "-" "Mozilla/5.0 (compatible; DotBot/1.1; http://www.opensiteexplorer.org/dotbot, help@moz.com)"
216.244.66.200 - - [03/Jun/2020:06:39:39 +0200] "GET /files/utravalohonlapra_02_14.pdf HTTP/1.1" 200 175291 "-" "Mozilla/5.0 (compatible; DotBot/1.1; http://www.opensiteexplorer.org/dotbot, help@moz.com)"
42.236.10.121 - - [03/Jun/2020:06:54:41 +0200] "GET / HTTP/1.1" 200 - "http://jogalkotas.hu/" "Mozilla/5.0 (Windows NT 6.1; WOW64) AppleWebKit/537.36 (KHTML, like Gecko) Chrome/50.4.2661.102 Safari/537.36; 360Spider"
42.236.10.73 - - [03/Jun/2020:06:55:13 +0200] "GET / HTTP/1.1" 200 - "http://www.jogalkotas.hu/" "Mozilla/5.0 (Windows NT 6.1; WOW64) AppleWebKit/537.36 (KHTML, like Gecko) Chrome/50.4.2661.102 Safari/537.36; 360Spider"
64.251.10.78 - - [03/Jun/2020:07:02:01 +0200] "GET /files/CSG-GA-jogalkotas_einfoszab_1120.ppt HTTP/1.1" 200 66688 "-" "-"
84.242.29.212 - - [03/Jun/2020:07:16:25 +0200] "GET /robots.txt HTTP/1.1" 200 1590 "-" "Mozilla/5.0 (compatible; MJ12bot/v1.4.8; http://mj12bot.com/)"
216.244.66.200 - - [03/Jun/2020:07:17:03 +0200] "GET /node/1340 HTTP/1.1" 200 - "-" "Mozilla/5.0 (compatible; DotBot/1.1; http://www.opensiteexplorer.org/dotbot, help@moz.com)"
84.242.29.212 - - [03/Jun/2020:07:17:08 +0200] "GET /files/19-2003-Mell%C3%83%C2%A9kletek.xls.txt HTTP/1.1" 200 - "-" "Mozilla/5.0 (compatible; MJ12bot/v1.4.8; http://mj12bot.com/)"
216.244.66.200 - - [03/Jun/2020:07:17:34 +0200] "GET /node/1371 HTTP/1.1" 200 - "-" "Mozilla/5.0 (compatible; DotBot/1.1; http://www.opensiteexplorer.org/dotbot, help@moz.com)"
84.242.29.212 - - [03/Jun/2020:07:17:50 +0200] "GET /files/9-93.normasz%C3%83%C2%B6veg.m%C3%83%C2%B3d.2007.febr.T%C3%83?RCA.doc HTTP/1.1" 200 - "-" "Mozilla/5.0 (compatible; MJ12bot/v1.4.8; http://mj12bot.com/)"
216.244.66.200 - - [03/Jun/2020:07:18:13 +0200] "GET /node/1802 HTTP/1.1" 200 - "-" "Mozilla/5.0 (compatible; DotBot/1.1; http://www.opensiteexplorer.org/dotbot, help@moz.com)"
84.242.29.212 - - [03/Jun/2020:07:18:32 +0200] "GET /files/A%20T%C3%83%E2%80%93RV%C3%83%E2%80%B0NYJAVASLAT%20MELL%C3%83%E2%80%B0KLETEI.htm.txt HTTP/1.1" 200 - "-" "Mozilla/5.0 (compatible; MJ12bot/v1.4.8; http://mj12bot.com/)"
216.244.66.200 - - [03/Jun/2020:07:19:02 +0200] "GET /node/803 HTTP/1.1" 200 - "-" "Mozilla/5.0 (compatible; DotBot/1.1; http://www.opensiteexplorer.org/dotbot, help@moz.com)"
84.242.29.212 - - [03/Jun/2020:07:19:13 +0200] "GET /files/AZ%20%C3%83?S%20MELL%C3%83%E2%80%B0KLETEI.htm.txt HTTP/1.1" 200 - "-" "Mozilla/5.0 (compatible; MJ12bot/v1.4.8; http://mj12bot.com/)"
216.244.66.200 - - [03/Jun/2020:07:19:54 +0200] "GET /node/955 HTTP/1.1" 200 - "-" "Mozilla/5.0 (compatible; DotBot/1.1; http://www.opensiteexplorer.org/dotbot, help@moz.com)"
84.242.29.212 - - [03/Jun/2020:07:19:55 +0200] "GET /files/Alap-%C3%83%C2%A9s%20m%C3%85%C2%B1k%C3%83%C2%B6d%C3%83%C2%A9si%20nyilv%C3%83%C2%A1ntart%C3%83%C2%A1s-T%C3%83?RCA03.20..doc HTTP/1.1" 200 - "-" "Mozilla/5.0 (compatible; MJ12bot/v1.4.8; http://mj12bot.com/)"
84.242.29.212 - - [03/Jun/2020:07:20:37 +0200] "GET /files/FEJEZETI%20K%C3%83%E2%80%93TETEK.htm.txt HTTP/1.1" 200 - "-" "Mozilla/5.0 (compatible; MJ12bot/v1.4.8; http://mj12bot.com/)"
216.244.66.200 - - [03/Jun/2020:07:20:45 +0200] "GET /node/268 HTTP/1.1" 200 - "-" "Mozilla/5.0 (compatible; DotBot/1.1; http://www.opensiteexplorer.org/dotbot, help@moz.com)"
84.242.29.212 - - [03/Jun/2020:07:21:19 +0200] "GET /files/INDOKOL%C3%83?1.doc HTTP/1.1" 200 - "-" "Mozilla/5.0 (compatible; MJ12bot/v1.4.8; http://mj12bot.com/)"
216.244.66.200 - - [03/Jun/2020:07:21:35 +0200] "GET /node/332 HTTP/1.1" 200 - "-" "Mozilla/5.0 (compatible; DotBot/1.1; http://www.opensiteexplorer.org/dotbot, help@moz.com)"
84.242.29.212 - - [03/Jun/2020:07:22:01 +0200] "GET /files/INDOKOL%C3%83?S.doc HTTP/1.1" 200 - "-" "Mozilla/5.0 (compatible; MJ12bot/v1.4.8; http://mj12bot.com/)"
216.244.66.200 - - [03/Jun/2020:07:22:26 +0200] "GET /node/1329 HTTP/1.1" 200 - "-" "Mozilla/5.0 (compatible; DotBot/1.1; http://www.opensiteexplorer.org/dotbot, help@moz.com)"
84.242.29.212 - - [03/Jun/2020:07:22:43 +0200] "GET /files/SzaboMate_hozz%C3%83%C2%A1f%C3%83%C2%A9r%C3%83%C2%A9s.pps HTTP/1.1" 200 - "-" "Mozilla/5.0 (compatible; MJ12bot/v1.4.8; http://mj12bot.com/)"
216.244.66.200 - - [03/Jun/2020:07:23:16 +0200] "GET /node/1629 HTTP/1.1" 200 - "-" "Mozilla/5.0 (compatible; DotBot/1.1; http://www.opensiteexplorer.org/dotbot, help@moz.com)"
84.242.29.212 - - [03/Jun/2020:07:23:25 +0200] "GET /files/VEZET%C3%85?I%20%C3%83%E2%80%93SSZEFOGLAL%C3%83%E2%80%9C.doc HTTP/1.1" 200 - "-" "Mozilla/5.0 (compatible; MJ12bot/v1.4.8; http://mj12bot.com/)"
216.244.66.200 - - [03/Jun/2020:07:24:06 +0200] "GET /taxonomy/term/1?page=225 HTTP/1.1" 200 - "-" "Mozilla/5.0 (compatible; DotBot/1.1; http://www.opensiteexplorer.org/dotbot, help@moz.com)"
84.242.29.212 - - [03/Jun/2020:07:24:07 +0200] "GET /files/%C3%83?NTSZ%20%20061214%20Kormr.doc HTTP/1.1" 200 - "-" "Mozilla/5.0 (compatible; MJ12bot/v1.4.8; http://mj12bot.com/)"
84.242.29.212 - - [03/Jun/2020:07:24:14 +0200] "GET /robots.txt HTTP/1.1" 200 1590 "-" "Mozilla/5.0 (compatible; MJ12bot/v1.4.8; http://mj12bot.com/)"
183.17.59.123 - - [03/Jun/2020:07:24:35 +0200] "HEAD / HTTP/1.1" 200 - "-" "Mozilla/5.0 (Windows NT 10.0; WOW64; Trident/7.0; rv:11.0) like Gecko"
40.77.167.16 - - [03/Jun/2020:07:24:40 +0200] "GET /node/2271 HTTP/1.1" 200 - "-" "Mozilla/5.0 (compatible; bingbot/2.0; +http://www.bing.com/bingbot.htm)"
216.244.66.200 - - [03/Jun/2020:07:24:56 +0200] "GET /taxonomy/term/39?page=1 HTTP/1.1" 200 - "-" "Mozilla/5.0 (compatible; DotBot/1.1; http://www.opensiteexplorer.org/dotbot, help@moz.com)"
84.242.29.212 - - [03/Jun/2020:07:24:58 +0200] "GET /files/19-2003-Mell%C3%83%C2%A9kletek.xls.txt HTTP/1.1" 200 - "-" "Mozilla/5.0 (compatible; MJ12bot/v1.4.8; http://mj12bot.com/)"
84.242.29.212 - - [03/Jun/2020:07:25:40 +0200] "GET /files/9-93.normasz%C3%83%C2%B6veg.m%C3%83%C2%B3d.2007.febr.T%C3%83?RCA.doc HTTP/1.1" 200 - "-" "Mozilla/5.0 (compatible; MJ12bot/v1.4.8; http://mj12bot.com/)"
84.242.29.212 - - [03/Jun/2020:07:26:22 +0200] "GET /files/A%20T%C3%83%E2%80%93RV%C3%83%E2%80%B0NYJAVASLAT%20MELL%C3%83%E2%80%B0KLETEI.htm.txt HTTP/1.1" 200 - "-" "Mozilla/5.0 (compatible; MJ12bot/v1.4.8; http://mj12bot.com/)"
84.242.29.212 - - [03/Jun/2020:07:27:04 +0200] "GET /files/AZ%20%C3%83?S%20MELL%C3%83%E2%80%B0KLETEI.htm.txt HTTP/1.1" 200 - "-" "Mozilla/5.0 (compatible; MJ12bot/v1.4.8; http://mj12bot.com/)"
84.242.29.212 - - [03/Jun/2020:07:27:46 +0200] "GET /files/Alap-%C3%83%C2%A9s%20m%C3%85%C2%B1k%C3%83%C2%B6d%C3%83%C2%A9si%20nyilv%C3%83%C2%A1ntart%C3%83%C2%A1s-T%C3%83?RCA03.20..doc HTTP/1.1" 200 - "-" "Mozilla/5.0 (compatible; MJ12bot/v1.4.8; http://mj12bot.com/)"
84.242.29.212 - - [03/Jun/2020:07:28:28 +0200] "GET /files/FEJEZETI%20K%C3%83%E2%80%93TETEK.htm.txt HTTP/1.1" 200 - "-" "Mozilla/5.0 (compatible; MJ12bot/v1.4.8; http://mj12bot.com/)"
207.46.13.145 - - [03/Jun/2020:07:28:38 +0200] "GET /files/szocialis_intezmenyek.pdf HTTP/1.1" 200 355814 "-" "Mozilla/5.0 (compatible; bingbot/2.0; +http://www.bing.com/bingbot.htm)"
84.242.29.212 - - [03/Jun/2020:07:29:10 +0200] "GET /files/INDOKOL%C3%83?1.doc HTTP/1.1" 200 - "-" "Mozilla/5.0 (compatible; MJ12bot/v1.4.8; http://mj12bot.com/)"
84.242.29.212 - - [03/Jun/2020:07:29:52 +0200] "GET /files/INDOKOL%C3%83?S.doc HTTP/1.1" 200 - "-" "Mozilla/5.0 (compatible; MJ12bot/v1.4.8; http://mj12bot.com/)"
84.242.29.212 - - [03/Jun/2020:07:30:34 +0200] "GET /files/SzaboMate_hozz%C3%83%C2%A1f%C3%83%C2%A9r%C3%83%C2%A9s.pps HTTP/1.1" 200 - "-" "Mozilla/5.0 (compatible; MJ12bot/v1.4.8; http://mj12bot.com/)"
84.242.29.212 - - [03/Jun/2020:07:31:16 +0200] "GET /files/VEZET%C3%85?I%20%C3%83%E2%80%93SSZEFOGLAL%C3%83%E2%80%9C.doc HTTP/1.1" 200 - "-" "Mozilla/5.0 (compatible; MJ12bot/v1.4.8; http://mj12bot.com/)"
84.242.29.212 - - [03/Jun/2020:07:31:58 +0200] "GET /files/%C3%83?NTSZ%20%20061214%20Kormr.doc HTTP/1.1" 200 - "-" "Mozilla/5.0 (compatible; MJ12bot/v1.4.8; http://mj12bot.com/)"
66.249.70.4 - - [03/Jun/2020:07:35:25 +0200] "GET /files/_mg9oa2t42edkmq1nredt62qr9_.pdf HTTP/1.1" 200 279800 "-" "Mozilla/5.0 (compatible; Googlebot/2.1; +http://www.google.com/bot.html)"
40.77.167.16 - - [03/Jun/2020:07:38:39 +0200] "GET /node/540 HTTP/1.1" 200 - "-" "Mozilla/5.0 (compatible; bingbot/2.0; +http://www.bing.com/bingbot.htm)"
157.55.39.133 - - [03/Jun/2020:07:49:16 +0200] "GET /files/$File/eu02.pdf HTTP/1.1" 200 - "-" "Mozilla/5.0 (compatible; bingbot/2.0; +http://www.bing.com/bingbot.htm)"
157.55.39.133 - - [03/Jun/2020:07:58:49 +0200] "GET /files/R178_3indoklas.pdf HTTP/1.1" 304 - "-" "Mozilla/5.0 (compatible; bingbot/2.0; +http://www.bing.com/bingbot.htm)"
23.237.4.26 - - [03/Jun/2020:08:00:27 +0200] "GET / HTTP/1.0" 200 - "-" "Mozilla/5.0 (compatible; AlphaBot/3.2; +http://alphaseobot.com/bot.html)"
23.237.4.26 - - [03/Jun/2020:08:00:47 +0200] "GET / HTTP/1.0" 200 - "-" "Mozilla/5.0 (compatible; AlphaBot/3.2; +http://alphaseobot.com/bot.html)"
23.237.4.26 - - [03/Jun/2020:08:01:20 +0200] "GET / HTTP/1.0" 200 - "-" "Mozilla/5.0 (compatible; AlphaBot/3.2; +http://alphaseobot.com/bot.html)"
23.237.4.26 - - [03/Jun/2020:08:01:55 +0200] "GET / HTTP/1.0" 200 - "-" "Mozilla/5.0 (compatible; AlphaBot/3.2; +http://alphaseobot.com/bot.html)"
23.237.4.26 - - [03/Jun/2020:08:02:39 +0200] "GET / HTTP/1.0" 200 - "-" "Mozilla/5.0 (compatible; AlphaBot/3.2; +http://alphaseobot.com/bot.html)"
23.237.4.26 - - [03/Jun/2020:08:03:00 +0200] "GET / HTTP/1.0" 200 - "-" "Mozilla/5.0 (compatible; AlphaBot/3.2; +http://alphaseobot.com/bot.html)"
66.249.70.2 - - [03/Jun/2020:08:03:51 +0200] "GET /files/KHEM_2616_10eloterj.doc HTTP/1.1" 200 257536 "-" "Mozilla/5.0 (Linux; Android 6.0.1; Nexus 5X Build/MMB29P) AppleWebKit/537.36 (KHTML, like Gecko) Chrome/80.0.3987.92 Mobile Safari/537.36 (compatible; Googlebot/2.1; +http://www.google.com/bot.html)"
216.244.66.200 - - [03/Jun/2020:08:06:12 +0200] "GET /node?page=181 HTTP/1.1" 200 - "-" "Mozilla/5.0 (compatible; DotBot/1.1; http://www.opensiteexplorer.org/dotbot, help@moz.com)"
216.244.66.200 - - [03/Jun/2020:08:07:57 +0200] "GET /node/391 HTTP/1.1" 200 - "-" "Mozilla/5.0 (compatible; DotBot/1.1; http://www.opensiteexplorer.org/dotbot, help@moz.com)"
216.244.66.200 - - [03/Jun/2020:08:08:43 +0200] "GET /taxonomy/term/52?page=12 HTTP/1.1" 200 - "-" "Mozilla/5.0 (compatible; DotBot/1.1; http://www.opensiteexplorer.org/dotbot, help@moz.com)"
207.46.13.145 - - [03/Jun/2020:08:10:24 +0200] "GET /taxonomy/term/101?page=6 HTTP/1.1" 200 - "-" "Mozilla/5.0 (compatible; bingbot/2.0; +http://www.bing.com/bingbot.htm)"
216.244.66.200 - - [03/Jun/2020:08:12:38 +0200] "GET /files/2006-86-korrel2_IRM_korr.doc HTTP/1.1" 200 94720 "-" "Mozilla/5.0 (compatible; DotBot/1.1; http://www.opensiteexplorer.org/dotbot, help@moz.com)"
216.244.66.200 - - [03/Jun/2020:08:13:12 +0200] "GET /files/253-1997-korm-rend.pdf HTTP/1.1" 200 363328 "-" "Mozilla/5.0 (compatible; DotBot/1.1; http://www.opensiteexplorer.org/dotbot, help@moz.com)"
216.244.66.200 - - [03/Jun/2020:08:13:42 +0200] "GET /files/INSPIRE_kozig_aprilis_27.pdf HTTP/1.1" 200 234273 "-" "Mozilla/5.0 (compatible; DotBot/1.1; http://www.opensiteexplorer.org/dotbot, help@moz.com)"
216.244.66.200 - - [03/Jun/2020:08:14:17 +0200] "GET /files/ekozig2010megvalterv_0604.pdf HTTP/1.1" 200 846849 "-" "Mozilla/5.0 (compatible; DotBot/1.1; http://www.opensiteexplorer.org/dotbot, help@moz.com)"
216.244.66.200 - - [03/Jun/2020:08:14:53 +0200] "GET /files/epiteskivitelezes.pdf HTTP/1.1" 200 715535 "-" "Mozilla/5.0 (compatible; DotBot/1.1; http://www.opensiteexplorer.org/dotbot, help@moz.com)"
216.244.66.200 - - [03/Jun/2020:08:15:26 +0200] "GET /files/fgaz_ozon_kozig_eloterj.doc HTTP/1.1" 200 365568 "-" "Mozilla/5.0 (compatible; DotBot/1.1; http://www.opensiteexplorer.org/dotbot, help@moz.com)"
216.244.66.200 - - [03/Jun/2020:08:15:59 +0200] "GET /files/igazsagugyiszakerto.pdf HTTP/1.1" 200 131284 "-" "Mozilla/5.0 (compatible; DotBot/1.1; http://www.opensiteexplorer.org/dotbot, help@moz.com)"
216.244.66.200 - - [03/Jun/2020:08:16:30 +0200] "GET /files/japan_onkent_terv_090204.pdf HTTP/1.1" 200 278063 "-" "Mozilla/5.0 (compatible; DotBot/1.1; http://www.opensiteexplorer.org/dotbot, help@moz.com)"
216.244.66.200 - - [03/Jun/2020:08:17:00 +0200] "GET /files/kjt_terv_081203.pdf HTTP/1.1" 200 351419 "-" "Mozilla/5.0 (compatible; DotBot/1.1; http://www.opensiteexplorer.org/dotbot, help@moz.com)"
66.249.70.19 - - [03/Jun/2020:08:38:32 +0200] "GET /files/kozmegrend_terv_080326.pdf HTTP/1.1" 200 334527 "-" "Googlebot/2.1 (+http://www.google.com/bot.html)"
66.249.70.2 - - [03/Jun/2020:08:39:20 +0200] "GET /files/ktgv_rdsz_megujitasa-fuggelek.pdf HTTP/1.1" 200 626013 "-" "Googlebot/2.1 (+http://www.google.com/bot.html)"
91.146.171.193 - - [03/Jun/2020:08:44:22 +0200] "GET /favicon.ico HTTP/1.1" 404 57 "-" "Mozilla/5.0 (Windows NT 10.0; Win64; x64; rv:76.0) Gecko/20100101 Firefox/76.0"
91.146.171.193 - - [03/Jun/2020:08:44:22 +0200] "GET /files/hadkotelesek_hm_eum_rendelet_tervezet_melleklet.pdf HTTP/1.1" 200 713160 "https://www.google.com/" "Mozilla/5.0 (Windows NT 10.0; Win64; x64; rv:76.0) Gecko/20100101 Firefox/76.0"
66.249.70.21 - - [03/Jun/2020:08:44:47 +0200] "GET /files/2409.pdf HTTP/1.1" 200 188554 "-" "Googlebot/2.1 (+http://www.google.com/bot.html)"
40.77.167.220 - - [03/Jun/2020:08:51:55 +0200] "GET /files/$File/eu_7.pdf HTTP/1.1" 200 - "-" "Mozilla/5.0 (compatible; bingbot/2.0; +http://www.bing.com/bingbot.htm)"
209.133.111.211 - - [03/Jun/2020:08:52:30 +0200] "GET /robots.txt HTTP/1.1" 200 1590 "-" "rogerbot/1.0 (http://www.moz.com/dp/rogerbot, rogerbot-crawler@moz.com)"
209.133.111.211 - - [03/Jun/2020:08:53:02 +0200] "GET /node/feed HTTP/1.1" 200 - "-" "rogerbot/1.0 (http://www.moz.com/dp/rogerbot, rogerbot-crawler@moz.com)"
216.244.66.200 - - [03/Jun/2020:08:56:28 +0200] "GET /node?page=94 HTTP/1.1" 200 - "-" "Mozilla/5.0 (compatible; DotBot/1.1; http://www.opensiteexplorer.org/dotbot, help@moz.com)"
216.244.66.200 - - [03/Jun/2020:08:59:12 +0200] "GET /taxonomy/term/40?page=168 HTTP/1.1" 200 - "-" "Mozilla/5.0 (compatible; DotBot/1.1; http://www.opensiteexplorer.org/dotbot, help@moz.com)"
66.249.70.2 - - [03/Jun/2020:09:00:08 +0200] "GET /files/2008_korirat_1.pdf HTTP/1.1" 200 302146 "-" "Googlebot/2.1 (+http://www.google.com/bot.html)"
66.249.70.19 - - [03/Jun/2020:09:00:31 +0200] "GET /files/mved_070108.pdf HTTP/1.1" 200 152439 "-" "Googlebot/2.1 (+http://www.google.com/bot.html)"
66.249.70.17 - - [03/Jun/2020:09:00:37 +0200] "GET /files/minosdij_es_cim_terv_090114.pdf HTTP/1.1" 200 335752 "-" "Googlebot/2.1 (+http://www.google.com/bot.html)"
66.249.70.21 - - [03/Jun/2020:09:01:35 +0200] "GET /files/deak_od_070323.pdf HTTP/1.1" 200 189551 "-" "Googlebot/2.1 (+http://www.google.com/bot.html)"
216.244.66.200 - - [03/Jun/2020:09:02:49 +0200] "GET /files/iskolaszovetkezet.pdf HTTP/1.1" 200 134085 "-" "Mozilla/5.0 (compatible; DotBot/1.1; http://www.opensiteexplorer.org/dotbot, help@moz.com)"
216.244.66.200 - - [03/Jun/2020:09:03:10 +0200] "GET /files/kozalk_terv_070806-1.pdf HTTP/1.1" 200 313855 "-" "Mozilla/5.0 (compatible; DotBot/1.1; http://www.opensiteexplorer.org/dotbot, help@moz.com)"
66.249.70.19 - - [03/Jun/2020:09:03:28 +0200] "GET /files/9_1999_min_rend_terv_061211.pdf HTTP/1.1" 200 394839 "-" "Googlebot/2.1 (+http://www.google.com/bot.html)"
216.244.66.200 - - [03/Jun/2020:09:03:34 +0200] "GET /files/mozgokep_terv_080426.pdf HTTP/1.1" 200 400607 "-" "Mozilla/5.0 (compatible; DotBot/1.1; http://www.opensiteexplorer.org/dotbot, help@moz.com)"
66.249.70.19 - - [03/Jun/2020:09:03:49 +0200] "GET /files/flt_2007_061006.pdf HTTP/1.1" 200 244329 "-" "Googlebot/2.1 (+http://www.google.com/bot.html)"
66.249.70.17 - - [03/Jun/2020:09:03:54 +0200] "GET /files/alapf_muv_okt_kovet_III_060414.pdf HTTP/1.1" 200 252060 "-" "Googlebot/2.1 (+http://www.google.com/bot.html)"
216.244.66.200 - - [03/Jun/2020:09:03:56 +0200] "GET /files/szakszo_muszaki_1mell.pdf HTTP/1.1" 200 86544 "-" "Mozilla/5.0 (compatible; DotBot/1.1; http://www.opensiteexplorer.org/dotbot, help@moz.com)"
216.244.66.200 - - [03/Jun/2020:09:04:18 +0200] "GET /files/tervezet_dunaszentgyorgy.pdf HTTP/1.1" 200 150401 "-" "Mozilla/5.0 (compatible; DotBot/1.1; http://www.opensiteexplorer.org/dotbot, help@moz.com)"
216.244.66.200 - - [03/Jun/2020:09:04:40 +0200] "GET /files/0223_2007adatlapok_tervezet_0122.xls HTTP/1.1" 200 108544 "-" "Mozilla/5.0 (compatible; DotBot/1.1; http://www.opensiteexplorer.org/dotbot, help@moz.com)"
216.244.66.200 - - [03/Jun/2020:09:05:00 +0200] "GET /files/2007Ramsar-tervezet2007.10.pdf HTTP/1.1" 200 152691 "-" "Mozilla/5.0 (compatible; DotBot/1.1; http://www.opensiteexplorer.org/dotbot, help@moz.com)"
216.244.66.200 - - [03/Jun/2020:09:05:21 +0200] "GET /files/219-2004_kozigazgatasi_egyeztetesre_0930.pdf HTTP/1.1" 200 296932 "-" "Mozilla/5.0 (compatible; DotBot/1.1; http://www.opensiteexplorer.org/dotbot, help@moz.com)"
66.249.70.17 - - [03/Jun/2020:09:06:37 +0200] "GET /files/alapf_muv_okt_kovet_060414.pdf HTTP/1.1" 200 86794 "-" "Googlebot/2.1 (+http://www.google.com/bot.html)"
66.249.70.30 - - [03/Jun/2020:09:11:52 +0200] "GET /files/35_2000_XI.30_rendelet_modositasarol.pdf HTTP/1.1" 200 97328 "-" "Googlebot/2.1 (+http://www.google.com/bot.html)"
40.77.167.220 - - [03/Jun/2020:09:31:00 +0200] "GET /node/1413 HTTP/1.1" 200 - "-" "Mozilla/5.0 (compatible; bingbot/2.0; +http://www.bing.com/bingbot.htm)"
157.55.39.133 - - [03/Jun/2020:09:35:07 +0200] "GET /node/228 HTTP/1.1" 200 - "-" "Mozilla/5.0 (compatible; bingbot/2.0; +http://www.bing.com/bingbot.htm)"
66.249.70.2 - - [03/Jun/2020:09:38:35 +0200] "GET /files/Tuzszolszab..pdf HTTP/1.1" 200 424954 "-" "Mozilla/5.0 (Linux; Android 6.0.1; Nexus 5X Build/MMB29P) AppleWebKit/537.36 (KHTML, like Gecko) Chrome/80.0.3987.92 Mobile Safari/537.36 (compatible; Googlebot/2.1; +http://www.google.com/bot.html)"
66.249.70.30 - - [03/Jun/2020:09:43:31 +0200] "GET /files/tervezet_kozig_Saghegy.pdf HTTP/1.1" 200 63041 "-" "Googlebot/2.1 (+http://www.google.com/bot.html)"
216.244.66.200 - - [03/Jun/2020:09:47:22 +0200] "GET /taxonomy/term/21?page=108 HTTP/1.1" 200 - "-" "Mozilla/5.0 (compatible; DotBot/1.1; http://www.opensiteexplorer.org/dotbot, help@moz.com)"
216.244.66.200 - - [03/Jun/2020:09:47:53 +0200] "GET /node/1941 HTTP/1.1" 200 - "-" "Mozilla/5.0 (compatible; DotBot/1.1; http://www.opensiteexplorer.org/dotbot, help@moz.com)"
157.55.39.133 - - [03/Jun/2020:09:47:58 +0200] "GET /node/2199 HTTP/1.1" 200 - "-" "Mozilla/5.0 (compatible; bingbot/2.0; +http://www.bing.com/bingbot.htm)"
216.244.66.200 - - [03/Jun/2020:09:48:34 +0200] "GET /node/1955 HTTP/1.1" 200 - "-" "Mozilla/5.0 (compatible; DotBot/1.1; http://www.opensiteexplorer.org/dotbot, help@moz.com)"
216.244.66.200 - - [03/Jun/2020:09:49:26 +0200] "GET /node/2062 HTTP/1.1" 200 - "-" "Mozilla/5.0 (compatible; DotBot/1.1; http://www.opensiteexplorer.org/dotbot, help@moz.com)"
216.244.66.200 - - [03/Jun/2020:09:50:16 +0200] "GET /node/581 HTTP/1.1" 200 - "-" "Mozilla/5.0 (compatible; DotBot/1.1; http://www.opensiteexplorer.org/dotbot, help@moz.com)"
216.244.66.200 - - [03/Jun/2020:09:51:45 +0200] "GET /files/111994_071024.pdf HTTP/1.1" 200 227019 "-" "Mozilla/5.0 (compatible; DotBot/1.1; http://www.opensiteexplorer.org/dotbot, help@moz.com)"
216.244.66.200 - - [03/Jun/2020:09:52:16 +0200] "GET /files/MIn2008szept.pdf HTTP/1.1" 200 80305 "-" "Mozilla/5.0 (compatible; DotBot/1.1; http://www.opensiteexplorer.org/dotbot, help@moz.com)"
216.244.66.200 - - [03/Jun/2020:09:52:45 +0200] "GET /files/min071005.pdf HTTP/1.1" 200 83622 "-" "Mozilla/5.0 (compatible; DotBot/1.1; http://www.opensiteexplorer.org/dotbot, help@moz.com)"
40.77.167.16 - - [03/Jun/2020:10:09:03 +0200] "GET /node/2232 HTTP/1.1" 200 - "-" "Mozilla/5.0 (compatible; bingbot/2.0; +http://www.bing.com/bingbot.htm)"
109.237.130.10 - - [03/Jun/2020:10:14:11 +0200] "GET /wordpress/ HTTP/1.1" 200 - "http://jogalkotas.hu/" "Mozilla/5.0 (Windows NT 10.0; Win64; x64) AppleWebKit/537.36 (KHTML, like Gecko) Chrome/78.0.3904.97 Safari/537.36"
40.77.167.220 - - [03/Jun/2020:10:16:33 +0200] "GET /node/2312 HTTP/1.1" 200 - "-" "Mozilla/5.0 (compatible; bingbot/2.0; +http://www.bing.com/bingbot.htm)"
40.77.167.220 - - [03/Jun/2020:10:16:43 +0200] "GET /node/1964 HTTP/1.1" 200 - "-" "Mozilla/5.0 (compatible; bingbot/2.0; +http://www.bing.com/bingbot.htm)"
207.46.13.145 - - [03/Jun/2020:10:16:52 +0200] "GET /taxonomy/term/18%2023%2024%2026%2025%2027%2028%2029%2052%2041%2031%2032%2098%2033%2048%20106%20103%2099%20107%2034%2049%2035%2051%20100%2036%2050%20105/0 HTTP/1.1" 200 - "-" "Mozilla/5.0 (compatible; bingbot/2.0; +http://www.bing.com/bingbot.htm)"
207.46.13.145 - - [03/Jun/2020:10:17:58 +0200] "GET /taxonomy/term/27/0 HTTP/1.1" 200 - "-" "Mozilla/5.0 (compatible; bingbot/2.0; +http://www.bing.com/bingbot.htm)"
40.77.167.16 - - [03/Jun/2020:10:18:35 +0200] "GET /taxonomy/term/18%2023%2024%2026%2025%2027%2028%2029%2052%2041%2031%2032%2098%2033%2048%20106%20103%2099%20107%2034%2049%2035%2051%20100%2036%2050%20105?page=7 HTTP/1.1" 200 - "-" "Mozilla/5.0 (compatible; bingbot/2.0; +http://www.bing.com/bingbot.htm)"
40.77.167.16 - - [03/Jun/2020:10:20:31 +0200] "GET /node/724 HTTP/1.1" 200 - "-" "Mozilla/5.0 (compatible; bingbot/2.0; +http://www.bing.com/bingbot.htm)"
40.77.167.220 - - [03/Jun/2020:10:31:59 +0200] "GET /node/1827 HTTP/1.1" 200 - "-" "Mozilla/5.0 (compatible; bingbot/2.0; +http://www.bing.com/bingbot.htm)"
216.244.66.200 - - [03/Jun/2020:10:35:23 +0200] "GET /node?page=106 HTTP/1.1" 200 - "-" "Mozilla/5.0 (compatible; DotBot/1.1; http://www.opensiteexplorer.org/dotbot, help@moz.com)"
216.244.66.200 - - [03/Jun/2020:10:35:56 +0200] "GET /node?page=91 HTTP/1.1" 200 - "-" "Mozilla/5.0 (compatible; DotBot/1.1; http://www.opensiteexplorer.org/dotbot, help@moz.com)"
216.244.66.200 - - [03/Jun/2020:10:36:36 +0200] "GET /node?page=60 HTTP/1.1" 200 - "-" "Mozilla/5.0 (compatible; DotBot/1.1; http://www.opensiteexplorer.org/dotbot, help@moz.com)"
216.244.66.200 - - [03/Jun/2020:10:37:12 +0200] "GET /node/516 HTTP/1.1" 200 - "-" "Mozilla/5.0 (compatible; DotBot/1.1; http://www.opensiteexplorer.org/dotbot, help@moz.com)"
216.244.66.200 - - [03/Jun/2020:10:41:17 +0200] "GET /files/11745_KHEM.zip HTTP/1.1" 200 302686 "-" "Mozilla/5.0 (compatible; DotBot/1.1; http://www.opensiteexplorer.org/dotbot, help@moz.com)"
40.77.167.220 - - [03/Jun/2020:10:41:37 +0200] "GET /node/2452 HTTP/1.1" 200 - "-" "Mozilla/5.0 (compatible; bingbot/2.0; +http://www.bing.com/bingbot.htm)"
216.244.66.200 - - [03/Jun/2020:10:41:49 +0200] "GET /files/NFGM27.pdf HTTP/1.1" 200 319963 "-" "Mozilla/5.0 (compatible; DotBot/1.1; http://www.opensiteexplorer.org/dotbot, help@moz.com)"
207.46.13.145 - - [03/Jun/2020:10:42:39 +0200] "GET /node/2045 HTTP/1.1" 200 - "-" "Mozilla/5.0 (compatible; bingbot/2.0; +http://www.bing.com/bingbot.htm)"
157.55.39.133 - - [03/Jun/2020:10:48:21 +0200] "GET /node/686 HTTP/1.1" 200 - "-" "Mozilla/5.0 (compatible; bingbot/2.0; +http://www.bing.com/bingbot.htm)"
40.77.167.220 - - [03/Jun/2020:10:55:06 +0200] "GET /node/264 HTTP/1.1" 200 - "-" "Mozilla/5.0 (compatible; bingbot/2.0; +http://www.bing.com/bingbot.htm)"
40.77.167.16 - - [03/Jun/2020:11:02:44 +0200] "GET /files/Cstv-vhr-felszamolas-ertekesitesKormr_090830.doc HTTP/1.1" 304 - "-" "Mozilla/5.0 (compatible; bingbot/2.0; +http://www.bing.com/bingbot.htm)"
157.55.39.133 - - [03/Jun/2020:11:08:20 +0200] "GET /node/2451 HTTP/1.1" 200 - "-" "Mozilla/5.0 (compatible; bingbot/2.0; +http://www.bing.com/bingbot.htm)"
3.127.81.133 - - [03/Jun/2020:11:16:30 +0200] "GET /robots.txt HTTP/1.1" 200 1590 "-" "Mozilla/5.0 (compatible; Cliqzbot/3.0; +http://cliqz.com/company/cliqzbot)"
3.127.81.133 - - [03/Jun/2020:11:16:31 +0200] "GET /files/hm_rendelet_tervezet_oltozkodesi_szabalyzat_modositas.pdf HTTP/1.1" 200 207416 "-" "Mozilla/5.0 (compatible; Cliqzbot/3.0; +http://cliqz.com/company/cliqzbot)"
167.71.176.20 - - [03/Jun/2020:11:18:47 +0200] "GET / HTTP/1.1" 200 - "-" "Mozilla/5.0 (Macintosh; Intel Mac OS X 10_10_5) AppleWebKit/537.36 (KHTML, like Gecko) Chrome/45.0.2454.101 Safari/537.36"
216.244.66.200 - - [03/Jun/2020:11:29:58 +0200] "GET /node/853 HTTP/1.1" 200 - "-" "Mozilla/5.0 (compatible; DotBot/1.1; http://www.opensiteexplorer.org/dotbot, help@moz.com)"
216.244.66.200 - - [03/Jun/2020:11:30:41 +0200] "GET /node/1740 HTTP/1.1" 200 - "-" "Mozilla/5.0 (compatible; DotBot/1.1; http://www.opensiteexplorer.org/dotbot, help@moz.com)"
216.244.66.200 - - [03/Jun/2020:11:31:21 +0200] "GET /node/922 HTTP/1.1" 200 - "-" "Mozilla/5.0 (compatible; DotBot/1.1; http://www.opensiteexplorer.org/dotbot, help@moz.com)"
216.244.66.200 - - [03/Jun/2020:11:32:11 +0200] "GET /taxonomy/term/40?page=21 HTTP/1.1" 200 - "-" "Mozilla/5.0 (compatible; DotBot/1.1; http://www.opensiteexplorer.org/dotbot, help@moz.com)"
66.249.70.30 - - [03/Jun/2020:11:32:15 +0200] "GET /files/cegbejegyzesi_eljaras_21_per_2006__02_12_fin.doc HTTP/1.1" 200 54272 "-" "Mozilla/5.0 (Linux; Android 6.0.1; Nexus 5X Build/MMB29P) AppleWebKit/537.36 (KHTML, like Gecko) Chrome/80.0.3987.92 Mobile Safari/537.36 (compatible; Googlebot/2.1; +http://www.google.com/bot.html)"
216.244.66.200 - - [03/Jun/2020:11:33:02 +0200] "GET /taxonomy/term/1?page=112 HTTP/1.1" 200 - "-" "Mozilla/5.0 (compatible; DotBot/1.1; http://www.opensiteexplorer.org/dotbot, help@moz.com)"
216.244.66.200 - - [03/Jun/2020:11:34:03 +0200] "GET /files/256_2000_febr.doc HTTP/1.1" 200 216576 "-" "Mozilla/5.0 (compatible; DotBot/1.1; http://www.opensiteexplorer.org/dotbot, help@moz.com)"
216.244.66.200 - - [03/Jun/2020:11:34:39 +0200] "GET /files/2583_6.pdf HTTP/1.1" 200 499381 "-" "Mozilla/5.0 (compatible; DotBot/1.1; http://www.opensiteexplorer.org/dotbot, help@moz.com)"
216.244.66.200 - - [03/Jun/2020:11:35:23 +0200] "GET /files/KHEM_4300-1.doc HTTP/1.1" 200 1080320 "-" "Mozilla/5.0 (compatible; DotBot/1.1; http://www.opensiteexplorer.org/dotbot, help@moz.com)"
216.244.66.200 - - [03/Jun/2020:11:35:56 +0200] "GET /files/NFGM9341.pdf HTTP/1.1" 200 218734 "-" "Mozilla/5.0 (compatible; DotBot/1.1; http://www.opensiteexplorer.org/dotbot, help@moz.com)"
18.219.37.192 - - [03/Jun/2020:11:36:00 +0200] "GET / HTTP/1.1" 200 - "-" "Mozilla/5.0 (Macintosh; Intel Mac OS X 10_15_0) AppleWebKit/537.36 (KHTML, like Gecko) Chrome/78.0.3904.87 Safari/537.36"
18.219.37.192 - - [03/Jun/2020:11:36:21 +0200] "GET / HTTP/1.1" 200 - "-" "Mozilla/5.0 (Macintosh; Intel Mac OS X 10_15_0) AppleWebKit/537.36 (KHTML, like Gecko) Chrome/78.0.3904.87 Safari/537.36"
77.221.39.110 - - [03/Jun/2020:11:40:17 +0200] "GET /files/alapf_muv_okt_kovet_II_060414.pdf HTTP/1.1" 200 584355 "-" "Mozilla/5.0 (Windows NT 10.0; WOW64) AppleWebKit/537.36 (KHTML, like Gecko) Chrome/83.0.4103.61 Safari/537.36"
157.55.39.133 - - [03/Jun/2020:11:44:32 +0200] "GET /files/1031_mell_klet.doc HTTP/1.1" 304 - "-" "Mozilla/5.0 (compatible; bingbot/2.0; +http://www.bing.com/bingbot.htm)"
40.77.167.16 - - [03/Jun/2020:11:55:16 +0200] "GET /node/984 HTTP/1.1" 200 - "-" "Mozilla/5.0 (compatible; bingbot/2.0; +http://www.bing.com/bingbot.htm)"
54.36.148.216 - - [03/Jun/2020:12:00:12 +0200] "GET /robots.txt HTTP/1.1" 200 1590 "-" "Mozilla/5.0 (compatible; AhrefsBot/6.1; +http://ahrefs.com/robot/)"
192.188.244.60 - - [03/Jun/2020:12:08:26 +0200] "GET /files/TK75.doc HTTP/1.1" 200 669184 "-" "Mozilla/5.0 (Macintosh; Intel Mac OS X 10_12_3) AppleWebKit/537.36 (KHTML, like Gecko) Chrome/57.0.2987.133 Safari/537.36"
51.83.252.10 - - [03/Jun/2020:12:08:27 +0200] "GET / HTTP/1.1" 200 - "-" "Java/1.8.0_251"
51.83.252.10 - - [03/Jun/2020:12:08:59 +0200] "GET / HTTP/1.1" 200 - "-" "Java/1.8.0_251"
157.55.39.133 - - [03/Jun/2020:12:27:06 +0200] "GET /files/$File/fu_e_bru.pdf HTTP/1.1" 200 - "-" "Mozilla/5.0 (compatible; bingbot/2.0; +http://www.bing.com/bingbot.htm)"
216.244.66.200 - - [03/Jun/2020:12:28:58 +0200] "GET /taxonomy/term/1?page=116 HTTP/1.1" 200 - "-" "Mozilla/5.0 (compatible; DotBot/1.1; http://www.opensiteexplorer.org/dotbot, help@moz.com)"
216.244.66.200 - - [03/Jun/2020:12:29:29 +0200] "GET /node/1937 HTTP/1.1" 200 - "-" "Mozilla/5.0 (compatible; DotBot/1.1; http://www.opensiteexplorer.org/dotbot, help@moz.com)"
216.244.66.200 - - [03/Jun/2020:12:30:09 +0200] "GET /node/2084 HTTP/1.1" 200 - "-" "Mozilla/5.0 (compatible; DotBot/1.1; http://www.opensiteexplorer.org/dotbot, help@moz.com)"
216.244.66.200 - - [03/Jun/2020:12:31:00 +0200] "GET /node/2118 HTTP/1.1" 200 - "-" "Mozilla/5.0 (compatible; DotBot/1.1; http://www.opensiteexplorer.org/dotbot, help@moz.com)"
216.244.66.200 - - [03/Jun/2020:12:31:50 +0200] "GET /node/405 HTTP/1.1" 200 - "-" "Mozilla/5.0 (compatible; DotBot/1.1; http://www.opensiteexplorer.org/dotbot, help@moz.com)"
216.244.66.200 - - [03/Jun/2020:12:32:42 +0200] "GET /node/442 HTTP/1.1" 200 - "-" "Mozilla/5.0 (compatible; DotBot/1.1; http://www.opensiteexplorer.org/dotbot, help@moz.com)"
216.244.66.200 - - [03/Jun/2020:12:33:44 +0200] "GET /files/4330_11.pdf HTTP/1.1" 200 202451 "-" "Mozilla/5.0 (compatible; DotBot/1.1; http://www.opensiteexplorer.org/dotbot, help@moz.com)"
216.244.66.200 - - [03/Jun/2020:12:34:22 +0200] "GET /files/onk_tu.pdf HTTP/1.1" 200 180737 "-" "Mozilla/5.0 (compatible; DotBot/1.1; http://www.opensiteexplorer.org/dotbot, help@moz.com)"
209.133.111.211 - - [03/Jun/2020:12:38:43 +0200] "GET /robots.txt HTTP/1.1" 200 1590 "-" "rogerbot/1.0 (http://www.moz.com/dp/rogerbot, rogerbot-crawler@moz.com)"
209.133.111.211 - - [03/Jun/2020:12:39:14 +0200] "GET /node/feed HTTP/1.1" 200 - "-" "rogerbot/1.0 (http://www.moz.com/dp/rogerbot, rogerbot-crawler@moz.com)"
40.77.167.220 - - [03/Jun/2020:12:43:30 +0200] "GET /files/$File/fu__kon.pdf HTTP/1.1" 200 - "-" "Mozilla/5.0 (compatible; bingbot/2.0; +http://www.bing.com/bingbot.htm)"
178.154.200.224 - - [03/Jun/2020:12:44:03 +0200] "GET /robots.txt HTTP/1.1" 200 1590 "-" "Mozilla/5.0 (compatible; YandexBot/3.0; +http://yandex.com/bots)"
157.55.39.133 - - [03/Jun/2020:12:44:08 +0200] "GET /node/1990 HTTP/1.1" 200 - "-" "Mozilla/5.0 (compatible; bingbot/2.0; +http://www.bing.com/bingbot.htm)"
178.154.200.224 - - [03/Jun/2020:12:44:38 +0200] "GET / HTTP/1.1" 200 - "-" "Mozilla/5.0 (compatible; YandexBot/3.0; +http://yandex.com/bots)"
178.154.200.224 - - [03/Jun/2020:12:45:10 +0200] "GET / HTTP/1.1" 200 - "-" "Mozilla/5.0 (compatible; YandexBot/3.0; +http://yandex.com/bots)"
46.229.168.138 - - [03/Jun/2020:12:45:31 +0200] "GET /robots.txt HTTP/1.1" 200 1590 "-" "Mozilla/5.0 (compatible; SemrushBot/6~bl; +http://www.semrush.com/bot.html)"
213.180.203.189 - - [03/Jun/2020:12:45:42 +0200] "GET / HTTP/1.1" 200 - "-" "Mozilla/5.0 (compatible; YandexBot/3.0; +http://yandex.com/bots) AppleWebKit/537.36 (KHTML, like Gecko) Chrome/51.0.2704.106"
46.229.168.134 - - [03/Jun/2020:12:46:03 +0200] "GET /node/357 HTTP/1.1" 200 - "-" "Mozilla/5.0 (compatible; SemrushBot/6~bl; +http://www.semrush.com/bot.html)"
213.180.203.158 - - [03/Jun/2020:12:46:14 +0200] "GET / HTTP/1.1" 200 - "-" "Mozilla/5.0 (compatible; YandexBot/3.0; +http://yandex.com/bots) AppleWebKit/537.36 (KHTML, like Gecko) Chrome/51.0.2704.106"
46.229.168.134 - - [03/Jun/2020:12:46:35 +0200] "GET /node/357 HTTP/1.1" 200 - "-" "Mozilla/5.0 (compatible; SemrushBot/6~bl; +http://www.semrush.com/bot.html)"
213.180.203.53 - - [03/Jun/2020:12:46:46 +0200] "GET / HTTP/1.1" 200 - "-" "Mozilla/5.0 (compatible; YandexBot/3.0; +http://yandex.com/bots) AppleWebKit/537.36 (KHTML, like Gecko) Chrome/51.0.2704.106"
178.154.200.39 - - [03/Jun/2020:12:47:18 +0200] "GET / HTTP/1.1" 200 - "-" "Mozilla/5.0 (compatible; YandexBot/3.0; +http://yandex.com/bots)"
213.180.203.71 - - [03/Jun/2020:12:47:50 +0200] "GET / HTTP/1.1" 200 - "-" "Mozilla/5.0 (compatible; YandexBot/3.0; +http://yandex.com/bots)"
40.77.167.16 - - [03/Jun/2020:13:06:16 +0200] "GET /node/946 HTTP/1.1" 200 - "-" "Mozilla/5.0 (compatible; bingbot/2.0; +http://www.bing.com/bingbot.htm)"
40.77.167.16 - - [03/Jun/2020:13:06:53 +0200] "GET /files/$File/eu_6.pdf HTTP/1.1" 200 - "-" "Mozilla/5.0 (compatible; bingbot/2.0; +http://www.bing.com/bingbot.htm)"
54.36.149.70 - - [03/Jun/2020:13:08:23 +0200] "GET /drupal/node/383 HTTP/1.1" 200 - "-" "Mozilla/5.0 (compatible; AhrefsBot/6.1; +http://ahrefs.com/robot/)"
157.55.39.133 - - [03/Jun/2020:13:11:29 +0200] "GET /files/$File/fu_e_kon.pdf HTTP/1.1" 200 - "-" "Mozilla/5.0 (compatible; bingbot/2.0; +http://www.bing.com/bingbot.htm)"
66.249.70.21 - - [03/Jun/2020:13:16:29 +0200] "GET /files/150_mod_070817.pdf HTTP/1.1" 200 201326 "-" "Mozilla/5.0 (compatible; Googlebot/2.1; +http://www.google.com/bot.html)"
216.244.66.200 - - [03/Jun/2020:13:16:37 +0200] "GET /taxonomy/term/32?page=16 HTTP/1.1" 200 - "-" "Mozilla/5.0 (compatible; DotBot/1.1; http://www.opensiteexplorer.org/dotbot, help@moz.com)"
216.244.66.200 - - [03/Jun/2020:13:18:56 +0200] "GET /taxonomy/term/21?page=219 HTTP/1.1" 200 - "-" "Mozilla/5.0 (compatible; DotBot/1.1; http://www.opensiteexplorer.org/dotbot, help@moz.com)"
157.55.39.133 - - [03/Jun/2020:13:19:52 +0200] "GET /node/1591 HTTP/1.1" 200 - "-" "Mozilla/5.0 (compatible; bingbot/2.0; +http://www.bing.com/bingbot.htm)"
66.249.70.4 - - [03/Jun/2020:13:22:10 +0200] "GET /moodle/calendar/view.php/?loan=98 HTTP/1.1" 200 - "-" "Mozilla/5.0 (Linux; Android 6.0.1; Nexus 5X Build/MMB29P) AppleWebKit/537.36 (KHTML, like Gecko) Chrome/80.0.3987.92 Mobile Safari/537.36 (compatible; Googlebot/2.1; +http://www.google.com/bot.html)"
216.244.66.200 - - [03/Jun/2020:13:22:41 +0200] "GET /files/3175_8.pdf HTTP/1.1" 200 238857 "-" "Mozilla/5.0 (compatible; DotBot/1.1; http://www.opensiteexplorer.org/dotbot, help@moz.com)"
216.244.66.200 - - [03/Jun/2020:13:23:15 +0200] "GET /files/R176-2-1.doc HTTP/1.1" 200 88064 "-" "Mozilla/5.0 (compatible; DotBot/1.1; http://www.opensiteexplorer.org/dotbot, help@moz.com)"
178.154.200.224 - - [03/Jun/2020:13:23:30 +0200] "GET /robots.txt HTTP/1.1" 200 1590 "-" "Mozilla/5.0 (compatible; YandexBot/3.0; +http://yandex.com/bots)"
216.244.66.200 - - [03/Jun/2020:13:23:47 +0200] "GET /files/T6308.doc HTTP/1.1" 200 114688 "-" "Mozilla/5.0 (compatible; DotBot/1.1; http://www.opensiteexplorer.org/dotbot, help@moz.com)"
213.180.203.189 - - [03/Jun/2020:13:24:06 +0200] "GET / HTTP/1.1" 200 - "-" "Mozilla/5.0 (compatible; YandexBot/3.0; +http://yandex.com/bots)"
216.244.66.200 - - [03/Jun/2020:13:24:18 +0200] "GET /files/eh_szolg.zip HTTP/1.1" 200 32041 "-" "Mozilla/5.0 (compatible; DotBot/1.1; http://www.opensiteexplorer.org/dotbot, help@moz.com)"
213.180.203.158 - - [03/Jun/2020:13:24:38 +0200] "GET / HTTP/1.1" 200 - "-" "Mozilla/5.0 (compatible; YandexBot/3.0; +http://yandex.com/bots)"
178.154.200.192 - - [03/Jun/2020:13:25:10 +0200] "GET / HTTP/1.1" 200 - "-" "Mozilla/5.0 (compatible; YandexBot/3.0; +http://yandex.com/bots)"
213.180.203.71 - - [03/Jun/2020:13:25:42 +0200] "GET / HTTP/1.1" 200 - "-" "Mozilla/5.0 (compatible; YandexBot/3.0; +http://yandex.com/bots)"
213.180.203.18 - - [03/Jun/2020:13:26:14 +0200] "GET / HTTP/1.1" 200 - "-" "Mozilla/5.0 (compatible; YandexBot/3.0; +http://yandex.com/bots)"
178.154.200.66 - - [03/Jun/2020:13:26:46 +0200] "GET / HTTP/1.1" 200 - "-" "Mozilla/5.0 (compatible; YandexBot/3.0; +http://yandex.com/bots)"
40.77.167.220 - - [03/Jun/2020:13:31:12 +0200] "GET /files/alapf_muv_okt_kovet_060414.pdf HTTP/1.1" 304 - "-" "Mozilla/5.0 (compatible; bingbot/2.0; +http://www.bing.com/bingbot.htm)"
207.46.13.145 - - [03/Jun/2020:13:37:14 +0200] "GET /node/1982 HTTP/1.1" 200 - "-" "Mozilla/5.0 (compatible; bingbot/2.0; +http://www.bing.com/bingbot.htm)"
157.55.39.133 - - [03/Jun/2020:13:39:23 +0200] "GET /files/NFGM_3352.pdf HTTP/1.1" 304 - "-" "Mozilla/5.0 (compatible; bingbot/2.0; +http://www.bing.com/bingbot.htm)"
40.77.167.16 - - [03/Jun/2020:13:41:28 +0200] "GET /files/hm_rendelet_tervezet_katonak_illetmenyerol_es_juttatasairol.pdf HTTP/1.1" 304 - "-" "Mozilla/5.0 (compatible; bingbot/2.0; +http://www.bing.com/bingbot.htm)"
40.77.167.220 - - [03/Jun/2020:13:44:40 +0200] "GET /files/$File/fu_o_bru.pdf HTTP/1.1" 200 - "-" "Mozilla/5.0 (compatible; bingbot/2.0; +http://www.bing.com/bingbot.htm)"
157.55.39.133 - - [03/Jun/2020:13:44:52 +0200] "GET /node/113 HTTP/1.1" 200 - "-" "Mozilla/5.0 (compatible; bingbot/2.0; +http://www.bing.com/bingbot.htm)"
40.77.167.16 - - [03/Jun/2020:13:47:08 +0200] "GET /taxonomy/term/47?page=6 HTTP/1.1" 200 - "-" "Mozilla/5.0 (compatible; bingbot/2.0; +http://www.bing.com/bingbot.htm)"
137.117.178.120 - - [03/Jun/2020:13:52:11 +0200] "POST /xmlrpc.php HTTP/1.1" 200 - "-" "Mozilla/5.0 (Macintosh; U; Intel Mac OS X 10.6; fr; rv:1.9.2.8) Gecko/20100722 Firefox/3.6.8"
137.117.178.120 - - [03/Jun/2020:13:52:11 +0200] "POST /blog/xmlrpc.php HTTP/1.1" 200 - "-" "Mozilla/5.0 (Macintosh; U; Intel Mac OS X 10.6; fr; rv:1.9.2.8) Gecko/20100722 Firefox/3.6.8"
216.244.66.200 - - [03/Jun/2020:14:03:45 +0200] "GET /node?page=169 HTTP/1.1" 200 - "-" "Mozilla/5.0 (compatible; DotBot/1.1; http://www.opensiteexplorer.org/dotbot, help@moz.com)"
66.249.70.4 - - [03/Jun/2020:14:03:50 +0200] "GET /files/5280_kult_int_070208.pdf HTTP/1.1" 304 - "-" "Mozilla/5.0 (Linux; Android 6.0.1; Nexus 5X Build/MMB29P) AppleWebKit/537.36 (KHTML, like Gecko) Chrome/80.0.3987.92 Mobile Safari/537.36 (compatible; Googlebot/2.1; +http://www.google.com/bot.html)"
216.244.66.200 - - [03/Jun/2020:14:04:16 +0200] "GET /node?page=172 HTTP/1.1" 200 - "-" "Mozilla/5.0 (compatible; DotBot/1.1; http://www.opensiteexplorer.org/dotbot, help@moz.com)"
216.244.66.200 - - [03/Jun/2020:14:05:49 +0200] "GET /node/2075 HTTP/1.1" 200 - "-" "Mozilla/5.0 (compatible; DotBot/1.1; http://www.opensiteexplorer.org/dotbot, help@moz.com)"
216.244.66.200 - - [03/Jun/2020:14:06:51 +0200] "GET /taxonomy/term/1?page=140 HTTP/1.1" 200 - "-" "Mozilla/5.0 (compatible; DotBot/1.1; http://www.opensiteexplorer.org/dotbot, help@moz.com)"
213.180.203.189 - - [03/Jun/2020:14:08:22 +0200] "GET /robots.txt HTTP/1.1" 200 1590 "-" "Mozilla/5.0 (compatible; YandexBot/3.0; +http://yandex.com/bots)"
213.180.203.189 - - [03/Jun/2020:14:08:57 +0200] "GET /drupal/ HTTP/1.1" 200 - "-" "Mozilla/5.0 (compatible; YandexBot/3.0; +http://yandex.com/bots)"
142.93.145.9 - - [03/Jun/2020:14:09:07 +0200] "HEAD / HTTP/1.1" 200 - "-" "Mozilla/5.0 (Windows NT 6.3; WOW64) AppleWebKit/537.36 (KHTML, like Gecko) Chrome/41.0.2226.0 Safari/537.36"
142.93.145.9 - - [03/Jun/2020:14:09:12 +0200] "HEAD / HTTP/1.1" 200 - "-" "Mozilla/5.0 (Windows NT 6.3; WOW64) AppleWebKit/537.36 (KHTML, like Gecko) Chrome/41.0.2226.0 Safari/537.36"
142.93.145.9 - - [03/Jun/2020:14:09:20 +0200] "HEAD / HTTP/1.1" 200 - "-" "Mozilla/5.0 (Windows NT 6.3; WOW64) AppleWebKit/537.36 (KHTML, like Gecko) Chrome/41.0.2226.0 Safari/537.36"
142.93.145.9 - - [03/Jun/2020:14:09:29 +0200] "HEAD / HTTP/1.1" 200 - "-" "Mozilla/5.0 (Windows NT 6.3; WOW64) AppleWebKit/537.36 (KHTML, like Gecko) Chrome/41.0.2226.0 Safari/537.36"
213.180.203.189 - - [03/Jun/2020:14:09:29 +0200] "GET /drupal/ HTTP/1.1" 200 - "-" "Mozilla/5.0 (compatible; YandexBot/3.0; +http://yandex.com/bots)"
138.197.170.220 - - [03/Jun/2020:14:09:34 +0200] "HEAD / HTTP/1.1" 200 - "-" "Mozilla/5.0 (Windows NT 6.1) AppleWebKit/537.36 (KHTML, like Gecko) Chrome/41.0.2228.0 Safari/537.36"
138.197.170.220 - - [03/Jun/2020:14:09:39 +0200] "HEAD / HTTP/1.1" 200 - "-" "Mozilla/5.0 (Windows NT 6.1) AppleWebKit/537.36 (KHTML, like Gecko) Chrome/41.0.2228.0 Safari/537.36"
138.197.170.220 - - [03/Jun/2020:14:09:46 +0200] "HEAD / HTTP/1.1" 200 - "-" "Mozilla/5.0 (Windows NT 6.1) AppleWebKit/537.36 (KHTML, like Gecko) Chrome/41.0.2228.0 Safari/537.36"
138.197.170.220 - - [03/Jun/2020:14:09:55 +0200] "HEAD / HTTP/1.1" 200 - "-" "Mozilla/5.0 (Windows NT 6.1) AppleWebKit/537.36 (KHTML, like Gecko) Chrome/41.0.2228.0 Safari/537.36"
178.154.200.224 - - [03/Jun/2020:14:10:01 +0200] "GET /drupal/ HTTP/1.1" 200 - "-" "Mozilla/5.0 (compatible; YandexBot/3.0; +http://yandex.com/bots)"
178.154.200.24 - - [03/Jun/2020:14:10:33 +0200] "GET /drupal/ HTTP/1.1" 200 - "-" "Mozilla/5.0 (compatible; YandexBot/3.0; +http://yandex.com/bots)"
178.154.200.24 - - [03/Jun/2020:14:10:39 +0200] "GET /drupal/taxonomy/term/46. HTTP/1.1" 200 - "-" "Mozilla/5.0 (compatible; YandexBot/3.0; +http://yandex.com/bots)"
157.55.39.133 - - [03/Jun/2020:14:10:57 +0200] "GET /taxonomy/term/99 HTTP/1.1" 200 - "-" "Mozilla/5.0 (compatible; bingbot/2.0; +http://www.bing.com/bingbot.htm)"
216.244.66.200 - - [03/Jun/2020:14:10:58 +0200] "GET /files/11_2005_mod.pdf HTTP/1.1" 200 184731 "-" "Mozilla/5.0 (compatible; DotBot/1.1; http://www.opensiteexplorer.org/dotbot, help@moz.com)"
213.180.203.56 - - [03/Jun/2020:14:11:11 +0200] "GET /drupal/taxonomy/term/46. HTTP/1.1" 200 - "-" "Mozilla/5.0 (compatible; YandexBot/3.0; +http://yandex.com/bots)"
216.244.66.200 - - [03/Jun/2020:14:11:32 +0200] "GET /files/17734_7.pdf HTTP/1.1" 200 108051 "-" "Mozilla/5.0 (compatible; DotBot/1.1; http://www.opensiteexplorer.org/dotbot, help@moz.com)"
178.154.200.209 - - [03/Jun/2020:14:11:43 +0200] "GET /drupal/taxonomy/term/46. HTTP/1.1" 200 - "-" "Mozilla/5.0 (compatible; YandexBot/3.0; +http://yandex.com/bots)"
216.244.66.200 - - [03/Jun/2020:14:12:08 +0200] "GET /files/2008Okt.pdf HTTP/1.1" 200 129599 "-" "Mozilla/5.0 (compatible; DotBot/1.1; http://www.opensiteexplorer.org/dotbot, help@moz.com)"
157.55.39.133 - - [03/Jun/2020:14:12:09 +0200] "GET /files/normaszoveg_szakmapolra_01.27.doc HTTP/1.1" 304 - "-" "Mozilla/5.0 (compatible; bingbot/2.0; +http://www.bing.com/bingbot.htm)"
216.244.66.200 - - [03/Jun/2020:14:12:39 +0200] "GET /files/2008felev.pdf HTTP/1.1" 200 73610 "-" "Mozilla/5.0 (compatible; DotBot/1.1; http://www.opensiteexplorer.org/dotbot, help@moz.com)"
216.244.66.200 - - [03/Jun/2020:14:13:08 +0200] "GET /files/R305-2vezetoi.doc HTTP/1.1" 200 104448 "-" "Mozilla/5.0 (compatible; DotBot/1.1; http://www.opensiteexplorer.org/dotbot, help@moz.com)"
66.249.70.19 - - [03/Jun/2020:14:13:18 +0200] "GET /files/150_mod_070817.pdf HTTP/1.1" 304 - "-" "Mozilla/5.0 (Linux; Android 6.0.1; Nexus 5X Build/MMB29P) AppleWebKit/537.36 (KHTML, like Gecko) Chrome/80.0.3987.92 Mobile Safari/537.36 (compatible; Googlebot/2.1; +http://www.google.com/bot.html)"
216.244.66.200 - - [03/Jun/2020:14:13:36 +0200] "GET /files/fvm10.05.doc HTTP/1.1" 200 69632 "-" "Mozilla/5.0 (compatible; DotBot/1.1; http://www.opensiteexplorer.org/dotbot, help@moz.com)"
216.244.66.200 - - [03/Jun/2020:14:14:21 +0200] "GET /files/rendeletek.zip HTTP/1.1" 200 584851 "-" "Mozilla/5.0 (compatible; DotBot/1.1; http://www.opensiteexplorer.org/dotbot, help@moz.com)"
40.77.167.16 - - [03/Jun/2020:14:16:10 +0200] "GET /node/2569 HTTP/1.1" 200 - "-" "Mozilla/5.0 (compatible; bingbot/2.0; +http://www.bing.com/bingbot.htm)"
157.55.39.133 - - [03/Jun/2020:14:16:49 +0200] "GET /node/2189 HTTP/1.1" 200 - "-" "Mozilla/5.0 (compatible; bingbot/2.0; +http://www.bing.com/bingbot.htm)"
144.76.14.54 - - [03/Jun/2020:14:31:16 +0200] "GET /robots.txt HTTP/1.1" 200 1590 "-" "Mozilla/5.0 (Windows NT 10.0; Win64; x64; trendictionbot0.5.0; trendiction search; http://www.trendiction.de/bot; please let us know of any problems; web at trendiction.com) Gecko/20170101 Firefox/67.0"
144.76.14.54 - - [03/Jun/2020:14:31:50 +0200] "GET / HTTP/1.1" 200 - "-" "Mozilla/5.0 (Windows NT 10.0; Win64; x64; trendictionbot0.5.0; trendiction search; http://www.trendiction.de/bot; please let us know of any problems; web at trendiction.com) Gecko/20170101 Firefox/67.0"
209.17.96.194 - - [03/Jun/2020:14:32:17 +0200] "GET / HTTP/1.1" 200 - "-" "Mozilla/5.0 (compatible; Nimbostratus-Bot/v1.3.2; http://cloudsystemnetworks.com)"
144.76.14.54 - - [03/Jun/2020:14:32:22 +0200] "GET / HTTP/1.1" 200 - "-" "Mozilla/5.0 (Windows NT 10.0; Win64; x64; trendictionbot0.5.0; trendiction search; http://www.trendiction.de/bot; please let us know of any problems; web at trendiction.com) Gecko/20170101 Firefox/67.0"
144.76.14.54 - - [03/Jun/2020:14:32:54 +0200] "GET / HTTP/1.1" 200 - "-" "Mozilla/5.0 (Windows NT 10.0; Win64; x64; trendictionbot0.5.0; trendiction search; http://www.trendiction.de/bot; please let us know of any problems; web at trendiction.com) Gecko/20170101 Firefox/67.0"
144.76.14.54 - - [03/Jun/2020:14:33:26 +0200] "GET / HTTP/1.1" 200 - "-" "Mozilla/5.0 (Windows NT 10.0; Win64; x64; trendictionbot0.5.0; trendiction search; http://www.trendiction.de/bot; please let us know of any problems; web at trendiction.com) Gecko/20170101 Firefox/67.0"
157.55.39.24 - - [03/Jun/2020:14:41:27 +0200] "GET /robots.txt HTTP/1.1" 200 1590 "-" "Mozilla/5.0 (compatible; bingbot/2.0; +http://www.bing.com/bingbot.htm)"
5.187.217.116 - - [03/Jun/2020:14:43:10 +0200] "GET /files/100209_eloterjesztes_integralt_pontok.pdf HTTP/1.1" 200 175370 "-" "Mozilla/5.0 (Windows NT 6.3; Trident/7.0; rv:11.0) like Gecko"
40.77.167.16 - - [03/Jun/2020:14:50:55 +0200] "GET /files/$File/kormber.pdf HTTP/1.1" 200 - "-" "Mozilla/5.0 (compatible; bingbot/2.0; +http://www.bing.com/bingbot.htm)"
66.249.70.30 - - [03/Jun/2020:14:51:12 +0200] "GET /files/keklampa.doc HTTP/1.1" 200 170496 "-" "Mozilla/5.0 (Linux; Android 6.0.1; Nexus 5X Build/MMB29P) AppleWebKit/537.36 (KHTML, like Gecko) Chrome/80.0.3987.92 Mobile Safari/537.36 (compatible; Googlebot/2.1; +http://www.google.com/bot.html)"
216.244.66.200 - - [03/Jun/2020:14:55:08 +0200] "GET /node?page=61 HTTP/1.1" 200 - "-" "Mozilla/5.0 (compatible; DotBot/1.1; http://www.opensiteexplorer.org/dotbot, help@moz.com)"
216.244.66.200 - - [03/Jun/2020:14:55:41 +0200] "GET /taxonomy/term/50?page=14 HTTP/1.1" 200 - "-" "Mozilla/5.0 (compatible; DotBot/1.1; http://www.opensiteexplorer.org/dotbot, help@moz.com)"
216.244.66.200 - - [03/Jun/2020:14:56:05 +0200] "GET /node/1687 HTTP/1.1" 200 - "-" "Mozilla/5.0 (compatible; DotBot/1.1; http://www.opensiteexplorer.org/dotbot, help@moz.com)"
216.244.66.200 - - [03/Jun/2020:14:56:36 +0200] "GET /node/1860 HTTP/1.1" 200 - "-" "Mozilla/5.0 (compatible; DotBot/1.1; http://www.opensiteexplorer.org/dotbot, help@moz.com)"
216.244.66.200 - - [03/Jun/2020:14:57:26 +0200] "GET /node/1902 HTTP/1.1" 200 - "-" "Mozilla/5.0 (compatible; DotBot/1.1; http://www.opensiteexplorer.org/dotbot, help@moz.com)"
216.244.66.200 - - [03/Jun/2020:14:58:17 +0200] "GET /node/1922 HTTP/1.1" 200 - "-" "Mozilla/5.0 (compatible; DotBot/1.1; http://www.opensiteexplorer.org/dotbot, help@moz.com)"
216.244.66.200 - - [03/Jun/2020:14:59:09 +0200] "GET /node/2068 HTTP/1.1" 200 - "-" "Mozilla/5.0 (compatible; DotBot/1.1; http://www.opensiteexplorer.org/dotbot, help@moz.com)"
216.244.66.200 - - [03/Jun/2020:14:59:59 +0200] "GET /node/2216 HTTP/1.1" 200 - "-" "Mozilla/5.0 (compatible; DotBot/1.1; http://www.opensiteexplorer.org/dotbot, help@moz.com)"
216.244.66.200 - - [03/Jun/2020:15:00:49 +0200] "GET /node/2259 HTTP/1.1" 200 - "-" "Mozilla/5.0 (compatible; DotBot/1.1; http://www.opensiteexplorer.org/dotbot, help@moz.com)"
216.244.66.200 - - [03/Jun/2020:15:01:39 +0200] "GET /node/431 HTTP/1.1" 200 - "-" "Mozilla/5.0 (compatible; DotBot/1.1; http://www.opensiteexplorer.org/dotbot, help@moz.com)"
216.244.66.200 - - [03/Jun/2020:15:01:42 +0200] "GET /files/jelentes_2006.doc HTTP/1.1" 200 792576 "-" "Mozilla/5.0 (compatible; DotBot/1.1; http://www.opensiteexplorer.org/dotbot, help@moz.com)"
216.244.66.200 - - [03/Jun/2020:15:02:16 +0200] "GET /files/kozl_szakkep.zip HTTP/1.1" 200 180971 "-" "Mozilla/5.0 (compatible; DotBot/1.1; http://www.opensiteexplorer.org/dotbot, help@moz.com)"
216.244.66.200 - - [03/Jun/2020:15:02:48 +0200] "GET /files/reszletes.pdf HTTP/1.1" 200 276067 "-" "Mozilla/5.0 (compatible; DotBot/1.1; http://www.opensiteexplorer.org/dotbot, help@moz.com)"
216.244.66.200 - - [03/Jun/2020:15:03:16 +0200] "GET /files/vtkzrt.zip HTTP/1.1" 200 20900 "-" "Mozilla/5.0 (compatible; DotBot/1.1; http://www.opensiteexplorer.org/dotbot, help@moz.com)"
157.55.39.24 - - [03/Jun/2020:15:03:22 +0200] "GET /robots.txt HTTP/1.1" 200 1590 "-" "Mozilla/5.0 (compatible; bingbot/2.0; +http://www.bing.com/bingbot.htm)"
40.77.167.220 - - [03/Jun/2020:15:03:57 +0200] "GET /node/1300 HTTP/1.1" 200 - "-" "Mozilla/5.0 (compatible; bingbot/2.0; +http://www.bing.com/bingbot.htm)"
178.154.200.192 - - [03/Jun/2020:15:13:03 +0200] "GET /drupal/node/720 HTTP/1.1" 200 - "-" "Mozilla/5.0 (compatible; YandexBot/3.0; +http://yandex.com/bots)"
178.154.200.17 - - [03/Jun/2020:15:13:35 +0200] "GET /drupal/node/720 HTTP/1.1" 200 - "-" "Mozilla/5.0 (compatible; YandexBot/3.0; +http://yandex.com/bots)"
213.180.203.80 - - [03/Jun/2020:15:14:07 +0200] "GET /drupal/node/720 HTTP/1.1" 200 - "-" "Mozilla/5.0 (compatible; YandexBot/3.0; +http://yandex.com/bots)"
