216.244.66.200 - - [07/Jun/2020:13:40:57 +0200] "GET /files/081117_kesz_jogszabterv.pdf HTTP/1.1" 200 179618 "-" "Mozilla/5.0 (compatible; DotBot/1.1; http://www.opensiteexplorer.org/dotbot, help@moz.com)"
216.244.66.200 - - [07/Jun/2020:13:41:27 +0200] "GET /files/18per1998nm_rend_mod_090223.doc HTTP/1.1" 200 36352 "-" "Mozilla/5.0 (compatible; DotBot/1.1; http://www.opensiteexplorer.org/dotbot, help@moz.com)"
216.244.66.200 - - [07/Jun/2020:13:42:00 +0200] "GET /files/297_tervezet_070104.pdf HTTP/1.1" 200 179666 "-" "Mozilla/5.0 (compatible; DotBot/1.1; http://www.opensiteexplorer.org/dotbot, help@moz.com)"
216.244.66.200 - - [07/Jun/2020:13:42:43 +0200] "GET /files/indoklas_20060508.pdf HTTP/1.1" 200 108108 "-" "Mozilla/5.0 (compatible; DotBot/1.1; http://www.opensiteexplorer.org/dotbot, help@moz.com)"
66.249.66.158 - - [07/Jun/2020:13:42:59 +0200] "GET / HTTP/1.1" 200 - "-" "Mozilla/5.0 (Linux; Android 6.0.1; Nexus 5X Build/MMB29P) AppleWebKit/537.36 (KHTML, like Gecko) Chrome/80.0.3987.92 Mobile Safari/537.36 (compatible; Googlebot/2.1; +http://www.google.com/bot.html)"
216.244.66.200 - - [07/Jun/2020:13:43:36 +0200] "GET /files/ins_terv_090508.pdf HTTP/1.1" 200 458610 "-" "Mozilla/5.0 (compatible; DotBot/1.1; http://www.opensiteexplorer.org/dotbot, help@moz.com)"
216.244.66.200 - - [07/Jun/2020:13:44:16 +0200] "GET /files/itkr_rendelet_061031.pdf HTTP/1.1" 200 153033 "-" "Mozilla/5.0 (compatible; DotBot/1.1; http://www.opensiteexplorer.org/dotbot, help@moz.com)"
216.244.66.200 - - [07/Jun/2020:13:45:02 +0200] "GET /files/ktt_terv_090512.pdf HTTP/1.1" 200 271595 "-" "Mozilla/5.0 (compatible; DotBot/1.1; http://www.opensiteexplorer.org/dotbot, help@moz.com)"
207.46.13.89 - - [07/Jun/2020:13:45:55 +0200] "GET /node/1047 HTTP/1.1" 200 - "-" "Mozilla/5.0 (compatible; bingbot/2.0; +http://www.bing.com/bingbot.htm)"
216.244.66.200 - - [07/Jun/2020:13:46:04 +0200] "GET /files/nca_tev_070511.pdf HTTP/1.1" 200 - "-" "Mozilla/5.0 (compatible; DotBot/1.1; http://www.opensiteexplorer.org/dotbot, help@moz.com)"
216.244.66.200 - - [07/Jun/2020:13:46:29 +0200] "GET /files/nevhasznalat_060404.pdf HTTP/1.1" 200 113708 "-" "Mozilla/5.0 (compatible; DotBot/1.1; http://www.opensiteexplorer.org/dotbot, help@moz.com)"
216.244.66.200 - - [07/Jun/2020:13:47:05 +0200] "GET /files/tervezet_20060427.pdf HTTP/1.1" 200 114982 "-" "Mozilla/5.0 (compatible; DotBot/1.1; http://www.opensiteexplorer.org/dotbot, help@moz.com)"
216.244.66.200 - - [07/Jun/2020:13:47:44 +0200] "GET /files/1106_omsz_merohalozat_KORMANY.rtf.txt HTTP/1.1" 200 136941 "-" "Mozilla/5.0 (compatible; DotBot/1.1; http://www.opensiteexplorer.org/dotbot, help@moz.com)"
216.244.66.200 - - [07/Jun/2020:13:48:51 +0200] "GET /files/19-2003-Mell%C3%83%C2%A9kletek.xls.txt HTTP/1.1" 200 - "-" "Mozilla/5.0 (compatible; DotBot/1.1; http://www.opensiteexplorer.org/dotbot, help@moz.com)"
216.244.66.200 - - [07/Jun/2020:13:49:17 +0200] "GET /files/1_szazalekos_szja_tv_modositasa_indoklassal.doc HTTP/1.1" 200 284160 "-" "Mozilla/5.0 (compatible; DotBot/1.1; http://www.opensiteexplorer.org/dotbot, help@moz.com)"
216.244.66.200 - - [07/Jun/2020:13:49:50 +0200] "GET /files/OM_9161_2009_ingatlankozvetites.pdf HTTP/1.1" 200 78374 "-" "Mozilla/5.0 (compatible; DotBot/1.1; http://www.opensiteexplorer.org/dotbot, help@moz.com)"
207.46.13.89 - - [07/Jun/2020:13:55:43 +0200] "GET /taxonomy/term/20?page=1 HTTP/1.1" 200 - "-" "Mozilla/5.0 (compatible; bingbot/2.0; +http://www.bing.com/bingbot.htm)"
178.154.200.224 - - [07/Jun/2020:14:02:44 +0200] "GET /robots.txt HTTP/1.1" 200 1590 "-" "Mozilla/5.0 (compatible; YandexBot/3.0; +http://yandex.com/bots)"
178.154.200.224 - - [07/Jun/2020:14:03:19 +0200] "GET /drupal/taxonomy/term/46. HTTP/1.1" 200 - "-" "Mozilla/5.0 (compatible; YandexBot/3.0; +http://yandex.com/bots)"
178.154.200.224 - - [07/Jun/2020:14:03:51 +0200] "GET /drupal/taxonomy/term/46. HTTP/1.1" 200 - "-" "Mozilla/5.0 (compatible; YandexBot/3.0; +http://yandex.com/bots)"
213.180.203.189 - - [07/Jun/2020:14:04:23 +0200] "GET /drupal/taxonomy/term/46. HTTP/1.1" 200 - "-" "Mozilla/5.0 (compatible; YandexBot/3.0; +http://yandex.com/bots)"
213.180.203.158 - - [07/Jun/2020:14:04:55 +0200] "GET /drupal/taxonomy/term/46. HTTP/1.1" 200 - "-" "Mozilla/5.0 (compatible; YandexBot/3.0; +http://yandex.com/bots)"
40.77.167.122 - - [07/Jun/2020:14:08:00 +0200] "GET /files/$File/eu_7.pdf HTTP/1.1" 200 - "-" "Mozilla/5.0 (compatible; bingbot/2.0; +http://www.bing.com/bingbot.htm)"
216.244.66.200 - - [07/Jun/2020:14:10:51 +0200] "GET /taxonomy/term/1?page=47 HTTP/1.1" 200 - "-" "Mozilla/5.0 (compatible; DotBot/1.1; http://www.opensiteexplorer.org/dotbot, help@moz.com)"
216.244.66.200 - - [07/Jun/2020:14:11:22 +0200] "GET /taxonomy/term/40?page=66 HTTP/1.1" 200 - "-" "Mozilla/5.0 (compatible; DotBot/1.1; http://www.opensiteexplorer.org/dotbot, help@moz.com)"
216.244.66.200 - - [07/Jun/2020:14:11:44 +0200] "GET /node/1405 HTTP/1.1" 200 - "-" "Mozilla/5.0 (compatible; DotBot/1.1; http://www.opensiteexplorer.org/dotbot, help@moz.com)"
216.244.66.200 - - [07/Jun/2020:14:12:35 +0200] "GET /node/726 HTTP/1.1" 200 - "-" "Mozilla/5.0 (compatible; DotBot/1.1; http://www.opensiteexplorer.org/dotbot, help@moz.com)"
216.244.66.200 - - [07/Jun/2020:14:13:25 +0200] "GET /taxonomy/term/1?page=99 HTTP/1.1" 200 - "-" "Mozilla/5.0 (compatible; DotBot/1.1; http://www.opensiteexplorer.org/dotbot, help@moz.com)"
216.244.66.200 - - [07/Jun/2020:14:15:29 +0200] "GET /files/ipr_csomag_2008november5kikuldendo.doc HTTP/1.1" 200 858255 "-" "Mozilla/5.0 (compatible; DotBot/1.1; http://www.opensiteexplorer.org/dotbot, help@moz.com)"
40.77.167.122 - - [07/Jun/2020:14:17:36 +0200] "GET /files/$File/eu_7.pdf HTTP/1.1" 200 - "-" "Mozilla/5.0 (compatible; bingbot/2.0; +http://www.bing.com/bingbot.htm)"
207.46.13.89 - - [07/Jun/2020:14:17:51 +0200] "GET /files/CSG-GA-jogalkotas_einfoszab_1120.ppt HTTP/1.1" 304 - "-" "Mozilla/5.0 (compatible; bingbot/2.0; +http://www.bing.com/bingbot.htm)"
216.244.66.200 - - [07/Jun/2020:14:17:59 +0200] "GET /files/1875_5.pdf HTTP/1.1" 200 266974 "-" "Mozilla/5.0 (compatible; DotBot/1.1; http://www.opensiteexplorer.org/dotbot, help@moz.com)"
216.244.66.200 - - [07/Jun/2020:14:19:27 +0200] "GET /files/1116_hgb_rs_gm_d_kozig.doc HTTP/1.1" 200 84480 "-" "Mozilla/5.0 (compatible; DotBot/1.1; http://www.opensiteexplorer.org/dotbot, help@moz.com)"
66.249.66.157 - - [07/Jun/2020:14:19:37 +0200] "GET /files/nem_uzleti_eloterj_6_2_szamu_melleklet_061129.pdf HTTP/1.1" 304 - "-" "Mozilla/5.0 (Linux; Android 6.0.1; Nexus 5X Build/MMB29P) AppleWebKit/537.36 (KHTML, like Gecko) Chrome/80.0.3987.92 Mobile Safari/537.36 (compatible; Googlebot/2.1; +http://www.google.com/bot.html)"
216.244.66.200 - - [07/Jun/2020:14:19:59 +0200] "GET /files/1437687F69F4F7ABC.doc HTTP/1.1" 200 77824 "-" "Mozilla/5.0 (compatible; DotBot/1.1; http://www.opensiteexplorer.org/dotbot, help@moz.com)"
216.244.66.200 - - [07/Jun/2020:14:20:50 +0200] "GET /files/40_2002_terv_090220.pdf HTTP/1.1" 200 319604 "-" "Mozilla/5.0 (compatible; DotBot/1.1; http://www.opensiteexplorer.org/dotbot, help@moz.com)"
216.244.66.200 - - [07/Jun/2020:14:21:23 +0200] "GET /files/MinTerv-4-DR-2007-02-13.doc HTTP/1.1" 200 59904 "-" "Mozilla/5.0 (compatible; DotBot/1.1; http://www.opensiteexplorer.org/dotbot, help@moz.com)"
216.244.66.200 - - [07/Jun/2020:14:21:54 +0200] "GET /files/enebekhonlapra.doc HTTP/1.1" 200 49152 "-" "Mozilla/5.0 (compatible; DotBot/1.1; http://www.opensiteexplorer.org/dotbot, help@moz.com)"
216.244.66.200 - - [07/Jun/2020:14:22:24 +0200] "GET /files/eszcsm_rendelet_mod_061102.pdf HTTP/1.1" 200 110284 "-" "Mozilla/5.0 (compatible; DotBot/1.1; http://www.opensiteexplorer.org/dotbot, help@moz.com)"
216.244.66.200 - - [07/Jun/2020:14:23:13 +0200] "GET /files/kkk_terv_100310.zip HTTP/1.1" 200 354354 "-" "Mozilla/5.0 (compatible; DotBot/1.1; http://www.opensiteexplorer.org/dotbot, help@moz.com)"
216.244.66.200 - - [07/Jun/2020:14:23:47 +0200] "GET /files/korm_eloterj_2008-07-08.pdf HTTP/1.1" 200 130313 "-" "Mozilla/5.0 (compatible; DotBot/1.1; http://www.opensiteexplorer.org/dotbot, help@moz.com)"
216.244.66.200 - - [07/Jun/2020:14:24:40 +0200] "GET /files/muemlek_terv_080130.pdf HTTP/1.1" 200 306570 "-" "Mozilla/5.0 (compatible; DotBot/1.1; http://www.opensiteexplorer.org/dotbot, help@moz.com)"
216.244.66.200 - - [07/Jun/2020:14:25:19 +0200] "GET /files/munkaugyi_kapcs_terv_080303.pdf HTTP/1.1" 200 234255 "-" "Mozilla/5.0 (compatible; DotBot/1.1; http://www.opensiteexplorer.org/dotbot, help@moz.com)"
216.244.66.200 - - [07/Jun/2020:14:26:10 +0200] "GET /files/muszaki_hmrend.pdf HTTP/1.1" 200 351492 "-" "Mozilla/5.0 (compatible; DotBot/1.1; http://www.opensiteexplorer.org/dotbot, help@moz.com)"
216.244.66.200 - - [07/Jun/2020:14:26:46 +0200] "GET /files/1108_21_2001_kozigegyeztetes.doc HTTP/1.1" 200 131072 "-" "Mozilla/5.0 (compatible; DotBot/1.1; http://www.opensiteexplorer.org/dotbot, help@moz.com)"
216.244.66.200 - - [07/Jun/2020:14:27:23 +0200] "GET /files/41per2007_korm_rend_mod_090323.doc HTTP/1.1" 200 53248 "-" "Mozilla/5.0 (compatible; DotBot/1.1; http://www.opensiteexplorer.org/dotbot, help@moz.com)"
216.244.66.200 - - [07/Jun/2020:14:27:58 +0200] "GET /files/GEO_eloterjesztes_kozig_01_14.pdf HTTP/1.1" 200 73014 "-" "Mozilla/5.0 (compatible; DotBot/1.1; http://www.opensiteexplorer.org/dotbot, help@moz.com)"
216.244.66.200 - - [07/Jun/2020:14:28:29 +0200] "GET /files/gyermek_gyamugy_hatjav_061102.pdf HTTP/1.1" 200 51785 "-" "Mozilla/5.0 (compatible; DotBot/1.1; http://www.opensiteexplorer.org/dotbot, help@moz.com)"
207.46.13.89 - - [07/Jun/2020:14:29:51 +0200] "GET /node/2571 HTTP/1.1" 200 - "-" "Mozilla/5.0 (compatible; bingbot/2.0; +http://www.bing.com/bingbot.htm)"
62.210.215.100 - - [07/Jun/2020:14:34:07 +0200] "GET /taxonomy/term/21/0/feed HTTP/1.1" 200 - "-" "Mozilla/5.0 (X11; Linux i686) AppleWebKit/537.36 (KHTML, like Gecko) Chrome/30.0.1599.66 Safari/537.36"
40.77.167.122 - - [07/Jun/2020:14:35:57 +0200] "GET /taxonomy/term/22 HTTP/1.1" 200 - "-" "Mozilla/5.0 (compatible; bingbot/2.0; +http://www.bing.com/bingbot.htm)"
40.77.167.122 - - [07/Jun/2020:14:37:37 +0200] "GET /files/nemzetisegi_tamogatas_honlapra_060228.pdf HTTP/1.1" 304 - "-" "Mozilla/5.0 (compatible; bingbot/2.0; +http://www.bing.com/bingbot.htm)"
157.55.39.34 - - [07/Jun/2020:14:48:10 +0200] "GET /robots.txt HTTP/1.1" 200 1590 "-" "Mozilla/5.0 (compatible; bingbot/2.0; +http://www.bing.com/bingbot.htm)"
216.244.66.200 - - [07/Jun/2020:14:52:58 +0200] "GET /node/1083 HTTP/1.1" 200 - "-" "Mozilla/5.0 (compatible; DotBot/1.1; http://www.opensiteexplorer.org/dotbot, help@moz.com)"
216.244.66.200 - - [07/Jun/2020:14:53:28 +0200] "GET /node/1464 HTTP/1.1" 200 - "-" "Mozilla/5.0 (compatible; DotBot/1.1; http://www.opensiteexplorer.org/dotbot, help@moz.com)"
216.244.66.200 - - [07/Jun/2020:14:54:09 +0200] "GET /node/1561 HTTP/1.1" 200 - "-" "Mozilla/5.0 (compatible; DotBot/1.1; http://www.opensiteexplorer.org/dotbot, help@moz.com)"
40.77.167.122 - - [07/Jun/2020:14:56:05 +0200] "GET /node/2007 HTTP/1.1" 200 - "-" "Mozilla/5.0 (compatible; bingbot/2.0; +http://www.bing.com/bingbot.htm)"
216.244.66.200 - - [07/Jun/2020:14:59:32 +0200] "GET /files/R61_2.pdf HTTP/1.1" 200 140775 "-" "Mozilla/5.0 (compatible; DotBot/1.1; http://www.opensiteexplorer.org/dotbot, help@moz.com)"
216.244.66.200 - - [07/Jun/2020:15:00:23 +0200] "GET /files/T11741.doc HTTP/1.1" 200 674361 "-" "Mozilla/5.0 (compatible; DotBot/1.1; http://www.opensiteexplorer.org/dotbot, help@moz.com)"
216.244.66.200 - - [07/Jun/2020:15:01:04 +0200] "GET /files/0328_celtart_eloterjesztes.doc HTTP/1.1" 200 73216 "-" "Mozilla/5.0 (compatible; DotBot/1.1; http://www.opensiteexplorer.org/dotbot, help@moz.com)"
216.244.66.200 - - [07/Jun/2020:15:01:39 +0200] "GET /files/4_sz_melleklet_061031.pdf HTTP/1.1" 200 102489 "-" "Mozilla/5.0 (compatible; DotBot/1.1; http://www.opensiteexplorer.org/dotbot, help@moz.com)"
216.244.66.200 - - [07/Jun/2020:15:02:32 +0200] "GET /files/KHEM_4139_8.doc HTTP/1.1" 200 610647 "-" "Mozilla/5.0 (compatible; DotBot/1.1; http://www.opensiteexplorer.org/dotbot, help@moz.com)"
216.244.66.200 - - [07/Jun/2020:15:03:25 +0200] "GET /files/NKPIII_1sz_mell.pdf HTTP/1.1" 200 328290 "-" "Mozilla/5.0 (compatible; DotBot/1.1; http://www.opensiteexplorer.org/dotbot, help@moz.com)"
216.244.66.200 - - [07/Jun/2020:15:04:15 +0200] "GET /files/alapfoku_muvokt_terv_090220.pdf HTTP/1.1" 200 310183 "-" "Mozilla/5.0 (compatible; DotBot/1.1; http://www.opensiteexplorer.org/dotbot, help@moz.com)"
216.244.66.200 - - [07/Jun/2020:15:04:57 +0200] "GET /files/deak_od_070323.pdf HTTP/1.1" 200 189551 "-" "Mozilla/5.0 (compatible; DotBot/1.1; http://www.opensiteexplorer.org/dotbot, help@moz.com)"
216.244.66.200 - - [07/Jun/2020:15:05:40 +0200] "GET /files/fejezeti_terv_080219.pdf HTTP/1.1" 200 384732 "-" "Mozilla/5.0 (compatible; DotBot/1.1; http://www.opensiteexplorer.org/dotbot, help@moz.com)"
216.244.66.200 - - [07/Jun/2020:15:06:27 +0200] "GET /files/felsooo_finanszterv_080124.pdf HTTP/1.1" 200 307884 "-" "Mozilla/5.0 (compatible; DotBot/1.1; http://www.opensiteexplorer.org/dotbot, help@moz.com)"
216.244.66.200 - - [07/Jun/2020:15:07:03 +0200] "GET /files/katasztrofarend.pdf HTTP/1.1" 200 125134 "-" "Mozilla/5.0 (compatible; DotBot/1.1; http://www.opensiteexplorer.org/dotbot, help@moz.com)"
216.244.66.200 - - [07/Jun/2020:15:07:48 +0200] "GET /files/munkaltato4.pdf HTTP/1.1" 200 337240 "-" "Mozilla/5.0 (compatible; DotBot/1.1; http://www.opensiteexplorer.org/dotbot, help@moz.com)"
216.244.66.200 - - [07/Jun/2020:15:08:32 +0200] "GET /files/okj_terv_090119.pdf HTTP/1.1" 200 231939 "-" "Mozilla/5.0 (compatible; DotBot/1.1; http://www.opensiteexplorer.org/dotbot, help@moz.com)"
216.244.66.200 - - [07/Jun/2020:15:09:08 +0200] "GET /files/7788_04_20_k_z_ss_gialap.rtf.txt HTTP/1.1" 200 59473 "-" "Mozilla/5.0 (compatible; DotBot/1.1; http://www.opensiteexplorer.org/dotbot, help@moz.com)"
216.244.66.200 - - [07/Jun/2020:15:09:41 +0200] "GET /files/Munkaanyag_ket_min_09.08._kozig.pdf HTTP/1.1" 200 88320 "-" "Mozilla/5.0 (compatible; DotBot/1.1; http://www.opensiteexplorer.org/dotbot, help@moz.com)"
216.244.66.200 - - [07/Jun/2020:15:10:13 +0200] "GET /files/hm_rendelet_tervezet_allomany.pdf HTTP/1.1" 200 126265 "-" "Mozilla/5.0 (compatible; DotBot/1.1; http://www.opensiteexplorer.org/dotbot, help@moz.com)"
66.249.66.90 - - [07/Jun/2020:15:10:29 +0200] "GET /files/tankonyv_terv_071012.pdf HTTP/1.1" 304 - "-" "Mozilla/5.0 (Linux; Android 6.0.1; Nexus 5X Build/MMB29P) AppleWebKit/537.36 (KHTML, like Gecko) Chrome/80.0.3987.92 Mobile Safari/537.36 (compatible; Googlebot/2.1; +http://www.google.com/bot.html)"
216.244.66.200 - - [07/Jun/2020:15:10:47 +0200] "GET /files/nnofnyktidrfeersz_terv_091105.pdf HTTP/1.1" 200 172971 "-" "Mozilla/5.0 (compatible; DotBot/1.1; http://www.opensiteexplorer.org/dotbot, help@moz.com)"
216.244.66.200 - - [07/Jun/2020:15:11:24 +0200] "GET /files/tervezet_Villanyi_Templom_hegy.pdf HTTP/1.1" 200 232956 "-" "Mozilla/5.0 (compatible; DotBot/1.1; http://www.opensiteexplorer.org/dotbot, help@moz.com)"
40.77.167.122 - - [07/Jun/2020:15:12:08 +0200] "GET /files/ket__eloterjesztes.pdf HTTP/1.1" 200 2440056 "-" "Mozilla/5.0 (iPhone; CPU iPhone OS 7_0 like Mac OS X) AppleWebKit/537.51.1 (KHTML, like Gecko) Version/7.0 Mobile/11A465 Safari/9537.53 (compatible; bingbot/2.0; +http://www.bing.com/bingbot.htm)"
216.244.66.200 - - [07/Jun/2020:15:34:20 +0200] "GET /taxonomy/term/1?page=166 HTTP/1.1" 200 - "-" "Mozilla/5.0 (compatible; DotBot/1.1; http://www.opensiteexplorer.org/dotbot, help@moz.com)"
216.244.66.200 - - [07/Jun/2020:15:34:49 +0200] "GET /node/549 HTTP/1.1" 200 - "-" "Mozilla/5.0 (compatible; DotBot/1.1; http://www.opensiteexplorer.org/dotbot, help@moz.com)"
216.244.66.200 - - [07/Jun/2020:15:35:30 +0200] "GET /node/677 HTTP/1.1" 200 - "-" "Mozilla/5.0 (compatible; DotBot/1.1; http://www.opensiteexplorer.org/dotbot, help@moz.com)"
216.244.66.200 - - [07/Jun/2020:15:36:22 +0200] "GET /node/772 HTTP/1.1" 200 - "-" "Mozilla/5.0 (compatible; DotBot/1.1; http://www.opensiteexplorer.org/dotbot, help@moz.com)"
216.244.66.200 - - [07/Jun/2020:15:37:13 +0200] "GET /node/1040 HTTP/1.1" 200 - "-" "Mozilla/5.0 (compatible; DotBot/1.1; http://www.opensiteexplorer.org/dotbot, help@moz.com)"
216.244.66.200 - - [07/Jun/2020:15:40:26 +0200] "GET /files/2007_1.doc HTTP/1.1" 200 33280 "-" "Mozilla/5.0 (compatible; DotBot/1.1; http://www.opensiteexplorer.org/dotbot, help@moz.com)"
216.244.66.200 - - [07/Jun/2020:15:40:59 +0200] "GET /files/2008felev.pdf HTTP/1.1" 200 73610 "-" "Mozilla/5.0 (compatible; DotBot/1.1; http://www.opensiteexplorer.org/dotbot, help@moz.com)"
209.133.111.211 - - [07/Jun/2020:15:41:03 +0200] "GET /robots.txt HTTP/1.1" 200 1590 "-" "rogerbot/1.0 (http://www.moz.com/dp/rogerbot, rogerbot-crawler@moz.com)"
209.133.111.211 - - [07/Jun/2020:15:41:35 +0200] "GET /node/feed HTTP/1.1" 200 - "-" "rogerbot/1.0 (http://www.moz.com/dp/rogerbot, rogerbot-crawler@moz.com)"
216.244.66.200 - - [07/Jun/2020:15:41:37 +0200] "GET /files/NFGM_735.pdf HTTP/1.1" 200 161666 "-" "Mozilla/5.0 (compatible; DotBot/1.1; http://www.opensiteexplorer.org/dotbot, help@moz.com)"
216.244.66.200 - - [07/Jun/2020:15:42:06 +0200] "GET /files/7_2001_fvm_mod.pdf HTTP/1.1" 200 164382 "-" "Mozilla/5.0 (compatible; DotBot/1.1; http://www.opensiteexplorer.org/dotbot, help@moz.com)"
216.244.66.200 - - [07/Jun/2020:15:42:50 +0200] "GET /files/alagutas_korm.pdf HTTP/1.1" 200 339935 "-" "Mozilla/5.0 (compatible; DotBot/1.1; http://www.opensiteexplorer.org/dotbot, help@moz.com)"
216.244.66.200 - - [07/Jun/2020:15:43:44 +0200] "GET /files/egkar_terv_071109.pdf HTTP/1.1" 200 449880 "-" "Mozilla/5.0 (compatible; DotBot/1.1; http://www.opensiteexplorer.org/dotbot, help@moz.com)"
216.244.66.200 - - [07/Jun/2020:15:44:35 +0200] "GET /files/erdekkepviselettv.pdf HTTP/1.1" 200 316707 "-" "Mozilla/5.0 (compatible; DotBot/1.1; http://www.opensiteexplorer.org/dotbot, help@moz.com)"
216.244.66.200 - - [07/Jun/2020:15:45:16 +0200] "GET /files/erdeszeti_vhr_mod.pdf HTTP/1.1" 200 232047 "-" "Mozilla/5.0 (compatible; DotBot/1.1; http://www.opensiteexplorer.org/dotbot, help@moz.com)"
216.244.66.200 - - [07/Jun/2020:15:45:56 +0200] "GET /files/hajozo_2melleklet.pdf HTTP/1.1" 200 262393 "-" "Mozilla/5.0 (compatible; DotBot/1.1; http://www.opensiteexplorer.org/dotbot, help@moz.com)"
212.96.34.83 - - [07/Jun/2020:15:46:12 +0200] "GET /files/2_sz_melleklet_061031.pdf HTTP/1.1" 200 56446 "https://www.google.hu/" "Mozilla/5.0 (iPhone; CPU iPhone OS 13_4_1 like Mac OS X) AppleWebKit/605.1.15 (KHTML, like Gecko) Version/13.1 Mobile/15E148 Safari/604.1"
212.96.34.83 - - [07/Jun/2020:15:46:13 +0200] "GET /favicon.ico HTTP/1.1" 404 57 "http://www.jogalkotas.hu/files/2_sz_melleklet_061031.pdf" "Mozilla/5.0 (iPhone; CPU iPhone OS 13_4_1 like Mac OS X) AppleWebKit/605.1.15 (KHTML, like Gecko) Version/13.1 Mobile/15E148 Safari/604.1"
216.244.66.200 - - [07/Jun/2020:15:46:31 +0200] "GET /files/kozig_20071217.pdf HTTP/1.1" 200 84015 "-" "Mozilla/5.0 (compatible; DotBot/1.1; http://www.opensiteexplorer.org/dotbot, help@moz.com)"
216.244.66.200 - - [07/Jun/2020:15:47:33 +0200] "GET /files/p%C3%83%C2%A9nz.doc HTTP/1.1" 200 - "-" "Mozilla/5.0 (compatible; DotBot/1.1; http://www.opensiteexplorer.org/dotbot, help@moz.com)"
216.244.66.200 - - [07/Jun/2020:15:47:54 +0200] "GET /files/tuzvedelmitanusitvany.pdf HTTP/1.1" 200 116534 "-" "Mozilla/5.0 (compatible; DotBot/1.1; http://www.opensiteexplorer.org/dotbot, help@moz.com)"
216.244.66.200 - - [07/Jun/2020:15:48:31 +0200] "GET /files/0714_T_rc_ra__r_Szolg_lati_Szab_lyzat.doc HTTP/1.1" 200 227840 "-" "Mozilla/5.0 (compatible; DotBot/1.1; http://www.opensiteexplorer.org/dotbot, help@moz.com)"
216.244.66.200 - - [07/Jun/2020:15:49:05 +0200] "GET /files/18per2007_eum_rind_mod_081212.doc HTTP/1.1" 200 72704 "-" "Mozilla/5.0 (compatible; DotBot/1.1; http://www.opensiteexplorer.org/dotbot, help@moz.com)"
216.244.66.200 - - [07/Jun/2020:15:49:56 +0200] "GET /files/CITES_Fuggelekek_modositas_kozigre_0325.pdf HTTP/1.1" 200 599068 "-" "Mozilla/5.0 (compatible; DotBot/1.1; http://www.opensiteexplorer.org/dotbot, help@moz.com)"
216.244.66.200 - - [07/Jun/2020:15:50:32 +0200] "GET /files/korm_rendelet_tervezet_egeszsegugyi_ellatas.pdf HTTP/1.1" 200 162983 "-" "Mozilla/5.0 (compatible; DotBot/1.1; http://www.opensiteexplorer.org/dotbot, help@moz.com)"
216.244.66.200 - - [07/Jun/2020:15:51:38 +0200] "GET /files/megyei%20jelent%C3%83%C2%A9s.pdf HTTP/1.1" 200 - "-" "Mozilla/5.0 (compatible; DotBot/1.1; http://www.opensiteexplorer.org/dotbot, help@moz.com)"
66.249.66.158 - - [07/Jun/2020:15:52:03 +0200] "GET /files/ptk.dolo- HTTP/1.1" 200 - "-" "Mozilla/5.0 (Linux; Android 6.0.1; Nexus 5X Build/MMB29P) AppleWebKit/537.36 (KHTML, like Gecko) Chrome/80.0.3987.92 Mobile Safari/537.36 (compatible; Googlebot/2.1; +http://www.google.com/bot.html)"
216.244.66.200 - - [07/Jun/2020:15:52:16 +0200] "GET /files/orvostech_eszk_min_rend_terv.doc HTTP/1.1" 200 597615 "-" "Mozilla/5.0 (compatible; DotBot/1.1; http://www.opensiteexplorer.org/dotbot, help@moz.com)"
216.244.66.200 - - [07/Jun/2020:15:52:52 +0200] "GET /files/tenyesztesszervezes_rendelettervezet.pdf HTTP/1.1" 200 236849 "-" "Mozilla/5.0 (compatible; DotBot/1.1; http://www.opensiteexplorer.org/dotbot, help@moz.com)"
213.180.203.53 - - [07/Jun/2020:16:08:22 +0200] "GET /dru- HTTP/1.1" 200 - "-" "Mozilla/5.0 (compatible; YandexBot/3.0; +http://yandex.com/bots)"
178.154.200.120 - - [07/Jun/2020:16:08:54 +0200] "GET /dru- HTTP/1.1" 200 - "-" "Mozilla/5.0 (compatible; YandexBot/3.0; +http://yandex.com/bots)"
213.180.203.71 - - [07/Jun/2020:16:09:26 +0200] "GET /dru- HTTP/1.1" 200 - "-" "Mozilla/5.0 (compatible; YandexBot/3.0; +http://yandex.com/bots)"
157.55.39.73 - - [07/Jun/2020:16:11:45 +0200] "GET /taxonomy/term/27?page=15 HTTP/1.1" 200 - "-" "Mozilla/5.0 (compatible; bingbot/2.0; +http://www.bing.com/bingbot.htm)"
216.244.66.200 - - [07/Jun/2020:16:16:05 +0200] "GET /node/748 HTTP/1.1" 200 - "-" "Mozilla/5.0 (compatible; DotBot/1.1; http://www.opensiteexplorer.org/dotbot, help@moz.com)"
216.244.66.200 - - [07/Jun/2020:16:16:35 +0200] "GET /node/753 HTTP/1.1" 200 - "-" "Mozilla/5.0 (compatible; DotBot/1.1; http://www.opensiteexplorer.org/dotbot, help@moz.com)"
216.244.66.200 - - [07/Jun/2020:16:17:15 +0200] "GET /node/764 HTTP/1.1" 200 - "-" "Mozilla/5.0 (compatible; DotBot/1.1; http://www.opensiteexplorer.org/dotbot, help@moz.com)"
216.244.66.200 - - [07/Jun/2020:16:18:06 +0200] "GET /node/448 HTTP/1.1" 200 - "-" "Mozilla/5.0 (compatible; DotBot/1.1; http://www.opensiteexplorer.org/dotbot, help@moz.com)"
40.77.202.117 - - [07/Jun/2020:16:18:17 +0200] "GET /files/NKP-III_tervezet_0324.pdf HTTP/1.1" 200 67222 "-" "Mozilla/5.0 (iPhone; CPU iPhone OS 7_0 like Mac OS X) AppleWebKit/537.51.1 (KHTML, like Gecko) Version/7.0 Mobile/11A465 Safari/9537.53 BingPreview/1.0b"
216.244.66.200 - - [07/Jun/2020:16:21:24 +0200] "GET /files/9273-3.doc HTTP/1.1" 200 144384 "-" "Mozilla/5.0 (compatible; DotBot/1.1; http://www.opensiteexplorer.org/dotbot, help@moz.com)"
207.46.13.89 - - [07/Jun/2020:16:21:50 +0200] "GET /node/2532 HTTP/1.1" 200 - "-" "Mozilla/5.0 (compatible; bingbot/2.0; +http://www.bing.com/bingbot.htm)"
216.244.66.200 - - [07/Jun/2020:16:21:57 +0200] "GET /files/indok_0.pdf HTTP/1.1" 200 89909 "-" "Mozilla/5.0 (compatible; DotBot/1.1; http://www.opensiteexplorer.org/dotbot, help@moz.com)"
216.244.66.200 - - [07/Jun/2020:16:22:35 +0200] "GET /files/r54.pdf HTTP/1.1" 200 154927 "-" "Mozilla/5.0 (compatible; DotBot/1.1; http://www.opensiteexplorer.org/dotbot, help@moz.com)"
216.244.66.200 - - [07/Jun/2020:16:23:39 +0200] "GET /user/482/notify HTTP/1.1" 200 - "-" "Mozilla/5.0 (compatible; DotBot/1.1; http://www.opensiteexplorer.org/dotbot, help@moz.com)"
216.244.66.200 - - [07/Jun/2020:16:24:00 +0200] "GET /files/1025_kozig_MME.doc HTTP/1.1" 200 83968 "-" "Mozilla/5.0 (compatible; DotBot/1.1; http://www.opensiteexplorer.org/dotbot, help@moz.com)"
216.244.66.200 - - [07/Jun/2020:16:24:45 +0200] "GET /files/33_1998_mod_terv_080708.pdf HTTP/1.1" 200 473260 "-" "Mozilla/5.0 (compatible; DotBot/1.1; http://www.opensiteexplorer.org/dotbot, help@moz.com)"
216.244.66.200 - - [07/Jun/2020:16:25:20 +0200] "GET /files/Magyar-Koreai.doc HTTP/1.1" 200 89600 "-" "Mozilla/5.0 (compatible; DotBot/1.1; http://www.opensiteexplorer.org/dotbot, help@moz.com)"
216.244.66.200 - - [07/Jun/2020:16:25:55 +0200] "GET /files/ega_min_terv_080422.pdf HTTP/1.1" 200 142408 "-" "Mozilla/5.0 (compatible; DotBot/1.1; http://www.opensiteexplorer.org/dotbot, help@moz.com)"
216.244.66.200 - - [07/Jun/2020:16:26:26 +0200] "GET /files/igazolvany_rendelet.doc HTTP/1.1" 200 85504 "-" "Mozilla/5.0 (compatible; DotBot/1.1; http://www.opensiteexplorer.org/dotbot, help@moz.com)"
23.100.232.233 - - [07/Jun/2020:16:26:38 +0200] "GET /files/8330-6.doc HTTP/1.1" 200 293657 "-" "Mozilla/5.0 (compatible; MSIE 9.0; Windows NT 6.0; Trident/5.0; Trident/5.0)"
207.46.13.89 - - [07/Jun/2020:16:26:53 +0200] "GET /node/2517 HTTP/1.1" 200 - "-" "Mozilla/5.0 (compatible; bingbot/2.0; +http://www.bing.com/bingbot.htm)"
216.244.66.200 - - [07/Jun/2020:16:27:03 +0200] "GET /files/kerettanterv_071107.pdf HTTP/1.1" 200 191671 "-" "Mozilla/5.0 (compatible; DotBot/1.1; http://www.opensiteexplorer.org/dotbot, help@moz.com)"
216.244.66.200 - - [07/Jun/2020:16:27:54 +0200] "GET /files/menedekjog.doc HTTP/1.1" 200 459264 "-" "Mozilla/5.0 (compatible; DotBot/1.1; http://www.opensiteexplorer.org/dotbot, help@moz.com)"
216.244.66.200 - - [07/Jun/2020:16:28:30 +0200] "GET /files/okj_terv_070803.pdf HTTP/1.1" 200 168861 "-" "Mozilla/5.0 (compatible; DotBot/1.1; http://www.opensiteexplorer.org/dotbot, help@moz.com)"
216.244.66.200 - - [07/Jun/2020:16:29:04 +0200] "GET /files/parlamenti%20bizottsagok8.pdf HTTP/1.1" 200 57222 "-" "Mozilla/5.0 (compatible; DotBot/1.1; http://www.opensiteexplorer.org/dotbot, help@moz.com)"
216.244.66.200 - - [07/Jun/2020:16:29:46 +0200] "GET /files/szmr_terv_090123.pdf HTTP/1.1" 200 277866 "-" "Mozilla/5.0 (compatible; DotBot/1.1; http://www.opensiteexplorer.org/dotbot, help@moz.com)"
216.244.66.200 - - [07/Jun/2020:16:30:21 +0200] "GET /files/tervezet_Kvt_kozig_0901.pdf HTTP/1.1" 200 108431 "-" "Mozilla/5.0 (compatible; DotBot/1.1; http://www.opensiteexplorer.org/dotbot, help@moz.com)"
216.244.66.200 - - [07/Jun/2020:16:30:53 +0200] "GET /files/362per2006_korm_rend_mod_090415.doc HTTP/1.1" 200 71168 "-" "Mozilla/5.0 (compatible; DotBot/1.1; http://www.opensiteexplorer.org/dotbot, help@moz.com)"
66.249.66.90 - - [07/Jun/2020:16:31:25 +0200] "GET / HTTP/1.1" 200 - "-" "Mozilla/5.0 (Linux; Android 6.0.1; Nexus 5X Build/MMB29P) AppleWebKit/537.36 (KHTML, like Gecko) Chrome/80.0.3987.92 Mobile Safari/537.36 (compatible; Googlebot/2.1; +http://www.google.com/bot.html)"
216.244.66.200 - - [07/Jun/2020:16:31:25 +0200] "GET /files/VHR_Mod+II_0814_tarcakorozes.doc HTTP/1.1" 200 39424 "-" "Mozilla/5.0 (compatible; DotBot/1.1; http://www.opensiteexplorer.org/dotbot, help@moz.com)"
216.244.66.200 - - [07/Jun/2020:16:32:09 +0200] "GET /files/kihirdetesi_anyag_20070912-1.doc HTTP/1.1" 200 424960 "-" "Mozilla/5.0 (compatible; DotBot/1.1; http://www.opensiteexplorer.org/dotbot, help@moz.com)"
216.244.66.200 - - [07/Jun/2020:16:32:56 +0200] "GET /files/kutatopedosztondij_terv_080812.pdf HTTP/1.1" 200 292342 "-" "Mozilla/5.0 (compatible; DotBot/1.1; http://www.opensiteexplorer.org/dotbot, help@moz.com)"
66.249.66.157 - - [07/Jun/2020:16:32:58 +0200] "GET /files/OHT_II_febr2.pdf HTTP/1.1" 200 994566 "-" "Mozilla/5.0 (Linux; Android 6.0.1; Nexus 5X Build/MMB29P) AppleWebKit/537.36 (KHTML, like Gecko) Chrome/80.0.3987.92 Mobile Safari/537.36 (compatible; Googlebot/2.1; +http://www.google.com/bot.html)"
216.244.66.200 - - [07/Jun/2020:16:33:59 +0200] "GET /files/polgari_v%E9delmi_besorolas1.pdf HTTP/1.1" 200 - "-" "Mozilla/5.0 (compatible; DotBot/1.1; http://www.opensiteexplorer.org/dotbot, help@moz.com)"
216.244.66.200 - - [07/Jun/2020:16:34:29 +0200] "GET /files/vegbizonyitvanyok_terv_080219.pdf HTTP/1.1" 200 446414 "-" "Mozilla/5.0 (compatible; DotBot/1.1; http://www.opensiteexplorer.org/dotbot, help@moz.com)"
207.46.13.89 - - [07/Jun/2020:16:36:24 +0200] "GET /node/2496 HTTP/1.1" 200 - "-" "Mozilla/5.0 (compatible; bingbot/2.0; +http://www.bing.com/bingbot.htm)"
40.77.167.168 - - [07/Jun/2020:16:40:14 +0200] "GET /node/280 HTTP/1.1" 200 - "-" "Mozilla/5.0 (compatible; bingbot/2.0; +http://www.bing.com/bingbot.htm)"
40.77.167.168 - - [07/Jun/2020:16:40:47 +0200] "GET /node/165 HTTP/1.1" 200 - "-" "Mozilla/5.0 (compatible; bingbot/2.0; +http://www.bing.com/bingbot.htm)"
157.55.39.73 - - [07/Jun/2020:16:47:32 +0200] "GET /taxonomy/term/94 HTTP/1.1" 200 - "-" "Mozilla/5.0 (compatible; bingbot/2.0; +http://www.bing.com/bingbot.htm)"
207.46.13.10 - - [07/Jun/2020:17:00:58 +0200] "GET /files/9per1993_min_rend_mod_081212.doc HTTP/1.1" 304 - "-" "Mozilla/5.0 (compatible; bingbot/2.0; +http://www.bing.com/bingbot.htm)"
207.46.13.10 - - [07/Jun/2020:17:00:59 +0200] "GET /files/18per2007_eum_rend_mod_090209.doc HTTP/1.1" 304 - "-" "Mozilla/5.0 (compatible; bingbot/2.0; +http://www.bing.com/bingbot.htm)"
40.77.167.122 - - [07/Jun/2020:17:06:20 +0200] "GET /node/2246 HTTP/1.1" 200 - "-" "Mozilla/5.0 (compatible; bingbot/2.0; +http://www.bing.com/bingbot.htm)"
209.133.111.211 - - [07/Jun/2020:17:18:27 +0200] "GET /robots.txt HTTP/1.1" 200 1590 "-" "rogerbot/1.0 (http://www.moz.com/dp/rogerbot, rogerbot-crawler@moz.com)"
209.133.111.211 - - [07/Jun/2020:17:19:00 +0200] "GET /node/feed HTTP/1.1" 200 - "-" "rogerbot/1.0 (http://www.moz.com/dp/rogerbot, rogerbot-crawler@moz.com)"
66.249.66.157 - - [07/Jun/2020:17:21:28 +0200] "GET /files/elelmezesi_rendelet_tervezet.pdf HTTP/1.1" 304 - "-" "Mozilla/5.0 (Linux; Android 6.0.1; Nexus 5X Build/MMB29P) AppleWebKit/537.36 (KHTML, like Gecko) Chrome/80.0.3987.92 Mobile Safari/537.36 (compatible; Googlebot/2.1; +http://www.google.com/bot.html)"
207.46.13.89 - - [07/Jun/2020:17:23:55 +0200] "GET /taxonomy/term/27?page=16 HTTP/1.1" 200 - "-" "Mozilla/5.0 (compatible; bingbot/2.0; +http://www.bing.com/bingbot.htm)"
157.55.39.73 - - [07/Jun/2020:17:24:11 +0200] "GET /taxonomy/term/27?page=12 HTTP/1.1" 200 - "-" "Mozilla/5.0 (compatible; bingbot/2.0; +http://www.bing.com/bingbot.htm)"
207.46.13.89 - - [07/Jun/2020:17:26:04 +0200] "GET /node/1676 HTTP/1.1" 200 - "-" "Mozilla/5.0 (compatible; bingbot/2.0; +http://www.bing.com/bingbot.htm)"
207.46.13.89 - - [07/Jun/2020:17:29:04 +0200] "GET /node/1328 HTTP/1.1" 200 - "-" "Mozilla/5.0 (compatible; bingbot/2.0; +http://www.bing.com/bingbot.htm)"
81.182.170.116 - - [07/Jun/2020:17:30:15 +0200] "GET /favicon.ico HTTP/1.1" 404 57 "http://jogalkotas.hu/files/alapf_muv_okt_kovet_II_060414.pdf" "Mozilla/5.0 (Windows NT 10.0; Win64; x64) AppleWebKit/537.36 (KHTML, like Gecko) Chrome/83.0.4103.97 Safari/537.36"
81.182.170.116 - - [07/Jun/2020:17:30:16 +0200] "GET /files/alapf_muv_okt_kovet_II_060414.pdf HTTP/1.1" 200 584355 "https://www.google.com/" "Mozilla/5.0 (Windows NT 10.0; Win64; x64) AppleWebKit/537.36 (KHTML, like Gecko) Chrome/83.0.4103.97 Safari/537.36"
66.249.66.158 - - [07/Jun/2020:17:31:32 +0200] "GET /files/ingatlan_ny_velemenyezesre.pdf HTTP/1.1" 200 180079 "-" "Mozilla/5.0 (Linux; Android 6.0.1; Nexus 5X Build/MMB29P) AppleWebKit/537.36 (KHTML, like Gecko) Chrome/80.0.3987.92 Mobile Safari/537.36 (compatible; Googlebot/2.1; +http://www.google.com/bot.html)"
40.77.167.122 - - [07/Jun/2020:17:43:36 +0200] "GET /node/2346 HTTP/1.1" 200 - "-" "Mozilla/5.0 (compatible; bingbot/2.0; +http://www.bing.com/bingbot.htm)"
23.100.232.233 - - [07/Jun/2020:18:05:10 +0200] "GET /files/8330-6.doc HTTP/1.1" 200 403457 "-" "Mozilla/5.0 (compatible; MSIE 9.0; Windows NT 6.1; Trident/5.0; Trident/5.0)"
23.100.232.233 - - [07/Jun/2020:18:09:31 +0200] "GET /files/1_mell_FAVI_ENG_alap.doc HTTP/1.1" 200 244337 "-" "Mozilla/5.0 (compatible; MSIE 9.0; Windows NT 6.1; Trident/5.0; Trident/5.0)"
157.55.39.73 - - [07/Jun/2020:18:11:28 +0200] "GET /node/1762 HTTP/1.1" 200 - "-" "Mozilla/5.0 (compatible; bingbot/2.0; +http://www.bing.com/bingbot.htm)"
23.100.232.233 - - [07/Jun/2020:18:13:46 +0200] "GET /files/ingyenes_ceginf_eloterjesztes_08.14.doc HTTP/1.1" 200 150016 "-" "Mozilla/5.0 (compatible; MSIE 9.0; Windows NT 6.1; Trident/5.0; Trident/5.0)"
157.55.39.73 - - [07/Jun/2020:18:19:58 +0200] "GET /node/2403 HTTP/1.1" 200 - "-" "Mozilla/5.0 (compatible; bingbot/2.0; +http://www.bing.com/bingbot.htm)"
157.55.39.39 - - [07/Jun/2020:18:27:02 +0200] "GET /robots.txt HTTP/1.1" 200 1590 "-" "Mozilla/5.0 (compatible; bingbot/2.0; +http://www.bing.com/bingbot.htm)"
157.55.39.39 - - [07/Jun/2020:18:27:11 +0200] "GET /robots.txt HTTP/1.1" 200 1590 "-" "Mozilla/5.0 (compatible; bingbot/2.0; +http://www.bing.com/bingbot.htm)"
40.77.167.122 - - [07/Jun/2020:18:27:33 +0200] "GET /taxonomy/term/18%2023%2024%2026%2025%2027%2028%2029%2052%2041%2031%2032%2098%2033%2048%20106%20103%2099%20107%2034%2049%2035%2051%20100%2036%2050%20105?page=2 HTTP/1.1" 200 - "-" "Mozilla/5.0 (compatible; bingbot/2.0; +http://www.bing.com/bingbot.htm)"
157.55.39.73 - - [07/Jun/2020:18:27:59 +0200] "GET / HTTP/1.1" 200 - "-" "Mozilla/5.0 (compatible; bingbot/2.0; +http://www.bing.com/bingbot.htm)"
157.55.39.73 - - [07/Jun/2020:18:31:27 +0200] "GET /files/$File/fu_t_bru.pdf HTTP/1.1" 200 - "-" "Mozilla/5.0 (compatible; bingbot/2.0; +http://www.bing.com/bingbot.htm)"
157.55.39.39 - - [07/Jun/2020:18:35:02 +0200] "GET /robots.txt HTTP/1.1" 200 1590 "-" "Mozilla/5.0 (compatible; bingbot/2.0; +http://www.bing.com/bingbot.htm)"
157.55.39.73 - - [07/Jun/2020:18:36:03 +0200] "GET /files/14377F567CFF9CA56.doc HTTP/1.1" 304 - "-" "Mozilla/5.0 (compatible; bingbot/2.0; +http://www.bing.com/bingbot.htm)"
157.55.39.73 - - [07/Jun/2020:18:36:34 +0200] "GET /node/130 HTTP/1.1" 200 - "-" "Mozilla/5.0 (compatible; bingbot/2.0; +http://www.bing.com/bingbot.htm)"
213.180.203.189 - - [07/Jun/2020:18:37:05 +0200] "GET /robots.txt HTTP/1.1" 200 1590 "-" "Mozilla/5.0 (compatible; YandexBot/3.0; +http://yandex.com/bots)"
213.180.203.189 - - [07/Jun/2020:18:37:39 +0200] "GET /drupal/node/720 HTTP/1.1" 200 - "-" "Mozilla/5.0 (compatible; YandexBot/3.0; +http://yandex.com/bots)"
213.180.203.189 - - [07/Jun/2020:18:38:11 +0200] "GET /drupal/node/720 HTTP/1.1" 200 - "-" "Mozilla/5.0 (compatible; YandexBot/3.0; +http://yandex.com/bots)"
178.154.200.224 - - [07/Jun/2020:18:38:43 +0200] "GET /drupal/node/720 HTTP/1.1" 200 - "-" "Mozilla/5.0 (compatible; YandexBot/3.0; +http://yandex.com/bots)"
213.180.203.158 - - [07/Jun/2020:18:39:15 +0200] "GET /drupal/node/720 HTTP/1.1" 200 - "-" "Mozilla/5.0 (compatible; YandexBot/3.0; +http://yandex.com/bots)"
35.178.200.64 - - [07/Jun/2020:18:43:41 +0200] "GET / HTTP/1.1" 200 - "-" "Mozilla/5.0 (Windows NT 10.0; Win64; x64) AppleWebKit/537.36 (KHTML, like Gecko) Chrome/79.0 Safari/537.36"
35.178.200.64 - - [07/Jun/2020:18:44:13 +0200] "GET / HTTP/1.1" 200 - "-" "Mozilla/5.0 (Windows NT 10.0; Win64; x64) AppleWebKit/537.36 (KHTML, like Gecko) Chrome/79.0 Safari/537.36"
35.178.200.64 - - [07/Jun/2020:18:44:45 +0200] "GET /wp-includes/wlwmanifest.xml HTTP/1.1" 200 - "-" "Mozilla/5.0 (Windows NT 10.0; Win64; x64) AppleWebKit/537.36 (KHTML, like Gecko) Chrome/79.0 Safari/537.36"
66.249.66.88 - - [07/Jun/2020:18:51:30 +0200] "GET /files/33_1998_mod_terv_080708.pdf HTTP/1.1" 304 - "-" "Mozilla/5.0 (Linux; Android 6.0.1; Nexus 5X Build/MMB29P) AppleWebKit/537.36 (KHTML, like Gecko) Chrome/80.0.3987.92 Mobile Safari/537.36 (compatible; Googlebot/2.1; +http://www.google.com/bot.html)"
23.100.232.233 - - [07/Jun/2020:18:52:37 +0200] "GET /files/ingyenes_ceginf_eloterjesztes_08.14.doc HTTP/1.1" 200 150016 "-" "Mozilla/5.0 (compatible; MSIE 9.0; Windows NT 6.1; Trident/5.0; Trident/5.0)"
23.100.232.233 - - [07/Jun/2020:18:57:16 +0200] "GET /files/1_mell_FAVI_ENG_alap.doc HTTP/1.1" 200 270257 "-" "Mozilla/5.0 (compatible; MSIE 9.0; Windows NT 6.0; Trident/5.0; Trident/5.0)"
157.55.39.39 - - [07/Jun/2020:18:59:03 +0200] "GET /robots.txt HTTP/1.1" 200 1590 "-" "Mozilla/5.0 (compatible; bingbot/2.0; +http://www.bing.com/bingbot.htm)"
207.46.13.89 - - [07/Jun/2020:19:14:05 +0200] "GET /node/2576 HTTP/1.1" 200 - "-" "Mozilla/5.0 (compatible; bingbot/2.0; +http://www.bing.com/bingbot.htm)"
157.55.39.73 - - [07/Jun/2020:19:14:47 +0200] "GET /node/261 HTTP/1.1" 200 - "-" "Mozilla/5.0 (compatible; bingbot/2.0; +http://www.bing.com/bingbot.htm)"
40.77.167.122 - - [07/Jun/2020:19:26:36 +0200] "GET /node/2467 HTTP/1.1" 200 - "-" "Mozilla/5.0 (compatible; bingbot/2.0; +http://www.bing.com/bingbot.htm)"
62.210.215.100 - - [07/Jun/2020:19:41:06 +0200] "GET /taxonomy/term/47/0/feed HTTP/1.1" 200 - "-" "Mozilla/5.0 (X11; Linux i686) AppleWebKit/537.36 (KHTML, like Gecko) Chrome/30.0.1599.66 Safari/537.36"
209.133.111.211 - - [07/Jun/2020:19:41:19 +0200] "GET /robots.txt HTTP/1.1" 200 1590 "-" "rogerbot/1.0 (http://www.moz.com/dp/rogerbot, rogerbot-crawler@moz.com)"
209.133.111.211 - - [07/Jun/2020:19:41:51 +0200] "GET /node/feed HTTP/1.1" 200 - "-" "rogerbot/1.0 (http://www.moz.com/dp/rogerbot, rogerbot-crawler@moz.com)"
40.77.167.122 - - [07/Jun/2020:19:46:47 +0200] "GET /node/132 HTTP/1.1" 200 - "-" "Mozilla/5.0 (compatible; bingbot/2.0; +http://www.bing.com/bingbot.htm)"
157.55.39.73 - - [07/Jun/2020:19:46:55 +0200] "GET /node/239 HTTP/1.1" 200 - "-" "Mozilla/5.0 (compatible; bingbot/2.0; +http://www.bing.com/bingbot.htm)"
23.100.232.233 - - [07/Jun/2020:19:47:42 +0200] "GET /files/8330-6.doc HTTP/1.1" 200 244337 "-" "Mozilla/5.0 (compatible; MSIE 9.0; Windows NT 6.0; Trident/5.0; Trident/5.0)"
40.77.167.122 - - [07/Jun/2020:20:07:46 +0200] "GET /node/132 HTTP/1.1" 200 - "-" "Mozilla/5.0 (compatible; bingbot/2.0; +http://www.bing.com/bingbot.htm)"
207.46.13.89 - - [07/Jun/2020:20:10:34 +0200] "GET /files/ptk_oroklesi_jog.pdf HTTP/1.1" 200 260717 "-" "Mozilla/5.0 (iPhone; CPU iPhone OS 7_0 like Mac OS X) AppleWebKit/537.51.1 (KHTML, like Gecko) Version/7.0 Mobile/11A465 Safari/9537.53 (compatible; bingbot/2.0; +http://www.bing.com/bingbot.htm)"
213.180.203.189 - - [07/Jun/2020:20:11:38 +0200] "GET /robots.txt HTTP/1.1" 200 1590 "-" "Mozilla/5.0 (compatible; YandexBot/3.0; +http://yandex.com/bots)"
207.46.13.89 - - [07/Jun/2020:20:12:07 +0200] "GET /files/utazasi_uj_korm_rend__0805.pdf HTTP/1.1" 304 - "-" "Mozilla/5.0 (compatible; bingbot/2.0; +http://www.bing.com/bingbot.htm)"
213.180.203.189 - - [07/Jun/2020:20:12:13 +0200] "GET /taxonomy/term/81 HTTP/1.1" 200 - "-" "Mozilla/5.0 (compatible; YandexBot/3.0; +http://yandex.com/bots)"
213.180.203.189 - - [07/Jun/2020:20:12:45 +0200] "GET /taxonomy/term/81 HTTP/1.1" 200 - "-" "Mozilla/5.0 (compatible; YandexBot/3.0; +http://yandex.com/bots)"
178.154.200.224 - - [07/Jun/2020:20:13:17 +0200] "GET /taxonomy/term/81 HTTP/1.1" 200 - "-" "Mozilla/5.0 (compatible; YandexBot/3.0; +http://yandex.com/bots)"
213.180.203.158 - - [07/Jun/2020:20:13:49 +0200] "GET /taxonomy/term/81 HTTP/1.1" 200 - "-" "Mozilla/5.0 (compatible; YandexBot/3.0; +http://yandex.com/bots)"
66.249.66.158 - - [07/Jun/2020:20:22:10 +0200] "GET /files/9066_16.pdf HTTP/1.1" 304 - "-" "Mozilla/5.0 (Linux; Android 6.0.1; Nexus 5X Build/MMB29P) AppleWebKit/537.36 (KHTML, like Gecko) Chrome/80.0.3987.92 Mobile Safari/537.36 (compatible; Googlebot/2.1; +http://www.google.com/bot.html)"
207.46.13.89 - - [07/Jun/2020:20:24:37 +0200] "GET /files/2007_II_tablazat_08.10.nyilvanosvaltozat.pdf HTTP/1.1" 304 - "-" "Mozilla/5.0 (compatible; bingbot/2.0; +http://www.bing.com/bingbot.htm)"
207.46.13.89 - - [07/Jun/2020:20:25:03 +0200] "GET /node/1654 HTTP/1.1" 200 - "-" "Mozilla/5.0 (compatible; bingbot/2.0; +http://www.bing.com/bingbot.htm)"
66.249.66.156 - - [07/Jun/2020:20:32:21 +0200] "GET /files/KHEM_4090_3javitott.doc HTTP/1.1" 200 200704 "-" "Mozilla/5.0 (Linux; Android 6.0.1; Nexus 5X Build/MMB29P) AppleWebKit/537.36 (KHTML, like Gecko) Chrome/80.0.3987.92 Mobile Safari/537.36 (compatible; Googlebot/2.1; +http://www.google.com/bot.html)"
207.46.13.89 - - [07/Jun/2020:20:37:56 +0200] "GET /files/1004_vedett_allatfajok__k_zigre__2_.doc HTTP/1.1" 304 - "-" "Mozilla/5.0 (compatible; bingbot/2.0; +http://www.bing.com/bingbot.htm)"
207.46.13.89 - - [07/Jun/2020:20:38:59 +0200] "GET /files/89_2004_mod_velemenyezesre_1.pdf HTTP/1.1" 304 - "-" "Mozilla/5.0 (compatible; bingbot/2.0; +http://www.bing.com/bingbot.htm)"
157.55.39.73 - - [07/Jun/2020:20:58:59 +0200] "GET /node/937 HTTP/1.1" 200 - "-" "Mozilla/5.0 (compatible; bingbot/2.0; +http://www.bing.com/bingbot.htm)"
54.153.62.208 - - [07/Jun/2020:20:59:53 +0200] "GET / HTTP/1.1" 200 - "-" "Mozilla/5.0 (Macintosh; Intel Mac OS X 10_14_4) AppleWebKit/537.36 (KHTML, like Gecko) Chrome/73.0.3683.86 Safari/537.36"
54.153.62.208 - - [07/Jun/2020:21:00:24 +0200] "GET / HTTP/1.1" 200 - "-" "Mozilla/5.0 (Macintosh; Intel Mac OS X 10_14_4) AppleWebKit/537.36 (KHTML, like Gecko) Chrome/73.0.3683.86 Safari/537.36"
66.249.66.156 - - [07/Jun/2020:21:01:49 +0200] "GET /files/89_2004_mod_velemenyezesre_0.pdf HTTP/1.1" 200 282471 "-" "Mozilla/5.0 (Linux; Android 6.0.1; Nexus 5X Build/MMB29P) AppleWebKit/537.36 (KHTML, like Gecko) Chrome/80.0.3987.92 Mobile Safari/537.36 (compatible; Googlebot/2.1; +http://www.google.com/bot.html)"
185.124.188.67 - - [07/Jun/2020:21:05:54 +0200] "GET /comment/reply/2619/ HTTP/1.0" 200 - "http://jogalkotas.hu/comment/reply/2619/" "Mozilla/5.0 (Windows NT 10.0; Win64; x64) AppleWebKit/537.36 (KHTML, like Gecko) Chrome/68.0.3440.84 Safari/537.36"
178.175.148.35 - - [07/Jun/2020:21:06:28 +0200] "GET /comment/reply/2619/ HTTP/1.0" 200 - "http://jogalkotas.hu/comment/reply/2619/" "Mozilla/5.0 (Windows NT 10.0; Win64; x64) AppleWebKit/537.36 (KHTML, like Gecko) Chrome/68.0.3440.84 Safari/537.36"
199.249.230.158 - - [07/Jun/2020:21:07:20 +0200] "GET /comment/reply/2619/ HTTP/1.0" 200 - "http://jogalkotas.hu/comment/reply/2619/" "Mozilla/5.0 (Windows NT 10.0; Win64; x64) AppleWebKit/537.36 (KHTML, like Gecko) Chrome/68.0.3440.84 Safari/537.36"
62.171.159.164 - - [07/Jun/2020:21:07:53 +0200] "GET /comment/reply/2619/ HTTP/1.0" 200 - "http://jogalkotas.hu/comment/reply/2619/" "Mozilla/5.0 (Windows NT 10.0; Win64; x64) AppleWebKit/537.36 (KHTML, like Gecko) Chrome/68.0.3440.84 Safari/537.36"
95.216.145.1 - - [07/Jun/2020:21:08:27 +0200] "GET / HTTP/1.0" 200 - "http://jogalkotas.hu/" "Mozilla/5.0 (Windows NT 10.0; Win64; x64) AppleWebKit/537.36 (KHTML, like Gecko) Chrome/68.0.3440.84 Safari/537.36"
23.100.232.233 - - [07/Jun/2020:21:15:03 +0200] "GET /files/ingyenes_ceginf_eloterjesztes_08.14.doc HTTP/1.1" 200 150016 "-" "Mozilla/5.0 (compatible; MSIE 9.0; Windows NT 6.0; Trident/5.0; Trident/5.0)"
66.249.66.156 - - [07/Jun/2020:21:21:45 +0200] "GET /files/miniszt_2006_nov.pdf HTTP/1.1" 200 79803 "-" "Mozilla/5.0 (Linux; Android 6.0.1; Nexus 5X Build/MMB29P) AppleWebKit/537.36 (KHTML, like Gecko) Chrome/80.0.3987.92 Mobile Safari/537.36 (compatible; Googlebot/2.1; +http://www.google.com/bot.html)"
178.154.200.24 - - [07/Jun/2020:21:22:36 +0200] "GET /drupal/ HTTP/1.1" 200 - "-" "Mozilla/5.0 (compatible; YandexBot/3.0; +http://yandex.com/bots)"
213.180.203.18 - - [07/Jun/2020:21:23:08 +0200] "GET /drupal/ HTTP/1.1" 200 - "-" "Mozilla/5.0 (compatible; YandexBot/3.0; +http://yandex.com/bots)"
213.180.203.53 - - [07/Jun/2020:21:23:40 +0200] "GET /drupal/ HTTP/1.1" 200 - "-" "Mozilla/5.0 (compatible; YandexBot/3.0; +http://yandex.com/bots)"
157.55.39.73 - - [07/Jun/2020:21:25:00 +0200] "GET /taxonomy/term/47?page=6 HTTP/1.1" 200 - "-" "Mozilla/5.0 (compatible; bingbot/2.0; +http://www.bing.com/bingbot.htm)"
157.55.39.73 - - [07/Jun/2020:21:25:41 +0200] "GET /node/1524 HTTP/1.1" 200 - "-" "Mozilla/5.0 (compatible; bingbot/2.0; +http://www.bing.com/bingbot.htm)"
23.100.232.233 - - [07/Jun/2020:21:29:11 +0200] "GET /files/2007_II_tablazat_08.10.nyilvanosvaltozat.pdf HTTP/1.1" 200 30195 "-" "Mozilla/5.0 (compatible; MSIE 9.0; Windows NT 6.0; Trident/5.0; Trident/5.0)"
23.100.232.233 - - [07/Jun/2020:21:31:08 +0200] "GET /files/1_mell_FAVI_ENG_alap.doc HTTP/1.1" 200 244337 "-" "Mozilla/5.0 (compatible; MSIE 9.0; Windows NT 6.0; Trident/5.0; Trident/5.0)"
157.55.39.73 - - [07/Jun/2020:22:01:12 +0200] "GET /node/2565 HTTP/1.1" 200 - "-" "Mozilla/5.0 (compatible; bingbot/2.0; +http://www.bing.com/bingbot.htm)"
66.249.75.149 - - [07/Jun/2020:22:04:40 +0200] "GET /files/hatar.pdf HTTP/1.1" 200 148826 "-" "Mozilla/5.0 (Linux; Android 6.0.1; Nexus 5X Build/MMB29P) AppleWebKit/537.36 (KHTML, like Gecko) Chrome/80.0.3987.92 Mobile Safari/537.36 (compatible; Googlebot/2.1; +http://www.google.com/bot.html)"
157.55.39.73 - - [07/Jun/2020:22:05:50 +0200] "GET /files/090825_jogszabterv_kijel_rend.pdf HTTP/1.1" 304 - "-" "Mozilla/5.0 (compatible; bingbot/2.0; +http://www.bing.com/bingbot.htm)"
157.55.39.73 - - [07/Jun/2020:22:06:02 +0200] "GET /files/2008_korirat_1.pdf HTTP/1.1" 200 302146 "-" "Mozilla/5.0 (iPhone; CPU iPhone OS 7_0 like Mac OS X) AppleWebKit/537.51.1 (KHTML, like Gecko) Version/7.0 Mobile/11A465 Safari/9537.53 (compatible; bingbot/2.0; +http://www.bing.com/bingbot.htm)"
40.77.167.122 - - [07/Jun/2020:22:11:54 +0200] "GET /node/2388 HTTP/1.1" 200 - "-" "Mozilla/5.0 (compatible; bingbot/2.0; +http://www.bing.com/bingbot.htm)"
207.46.13.89 - - [07/Jun/2020:22:12:35 +0200] "GET /files/$File/68.pdf HTTP/1.1" 200 - "-" "Mozilla/5.0 (compatible; bingbot/2.0; +http://www.bing.com/bingbot.htm)"
66.249.75.145 - - [07/Jun/2020:22:14:18 +0200] "GET /files/kollegium_terv_090922.pdf HTTP/1.1" 304 - "-" "Mozilla/5.0 (Linux; Android 6.0.1; Nexus 5X Build/MMB29P) AppleWebKit/537.36 (KHTML, like Gecko) Chrome/80.0.3987.92 Mobile Safari/537.36 (compatible; Googlebot/2.1; +http://www.google.com/bot.html)"
23.100.232.233 - - [07/Jun/2020:22:34:53 +0200] "GET /files/8330-6.doc HTTP/1.1" 200 240017 "-" "Mozilla/5.0 (compatible; MSIE 9.0; Windows NT 6.1; Trident/5.0; Trident/5.0)"
157.55.39.73 - - [07/Jun/2020:22:35:38 +0200] "GET /files/alapf_muv_okt_kovet_III_060414.pdf HTTP/1.1" 304 - "-" "Mozilla/5.0 (compatible; bingbot/2.0; +http://www.bing.com/bingbot.htm)"
195.54.167.190 - - [07/Jun/2020:22:36:12 +0200] "GET / HTTP/1.1" 200 - "-" "Mozilla/5.0 (Windows NT 10.0; Win64; x64) AppleWebKit/537.36 (KHTML, like Gecko) Chrome/78.0.3904.108 Safari/537.36"
195.54.167.190 - - [07/Jun/2020:22:36:44 +0200] "GET / HTTP/1.1" 200 - "-" "Mozilla/5.0 (Windows NT 10.0; Win64; x64) AppleWebKit/537.36 (KHTML, like Gecko) Chrome/78.0.3904.108 Safari/537.36"
195.54.167.190 - - [07/Jun/2020:22:37:16 +0200] "GET /wp-includes/wlwmanifest.xml HTTP/1.1" 200 - "-" "Mozilla/5.0 (Windows NT 10.0; Win64; x64) AppleWebKit/537.36 (KHTML, like Gecko) Chrome/78.0.3904.108 Safari/537.36"
157.55.39.39 - - [07/Jun/2020:22:41:22 +0200] "GET /robots.txt HTTP/1.1" 200 1590 "-" "Mozilla/5.0 (compatible; bingbot/2.0; +http://www.bing.com/bingbot.htm)"
66.249.75.100 - - [07/Jun/2020:23:01:49 +0200] "GET /files/okj_formai_eloirasai_060516.pdf HTTP/1.1" 304 - "-" "Mozilla/5.0 (compatible; Googlebot/2.1; +http://www.google.com/bot.html)"
66.249.75.126 - - [07/Jun/2020:23:11:38 +0200] "GET /files/elemiszerkonyv122007.pdf HTTP/1.1" 304 - "-" "Mozilla/5.0 (Linux; Android 6.0.1; Nexus 5X Build/MMB29P) AppleWebKit/537.36 (KHTML, like Gecko) Chrome/80.0.3987.92 Mobile Safari/537.36 (compatible; Googlebot/2.1; +http://www.google.com/bot.html)"
207.46.13.89 - - [07/Jun/2020:23:12:11 +0200] "GET /taxonomy/term/32?page=2 HTTP/1.1" 200 - "-" "Mozilla/5.0 (compatible; bingbot/2.0; +http://www.bing.com/bingbot.htm)"
23.100.232.233 - - [07/Jun/2020:23:32:58 +0200] "GET /files/ingyenes_ceginf_eloterjesztes_08.14.doc HTTP/1.1" 200 150016 "-" "Mozilla/5.0 (compatible; MSIE 9.0; Windows NT 6.1; Trident/5.0; Trident/5.0)"
157.55.39.39 - - [07/Jun/2020:23:33:20 +0200] "GET /robots.txt HTTP/1.1" 200 1590 "-" "Mozilla/5.0 (compatible; bingbot/2.0; +http://www.bing.com/bingbot.htm)"
40.77.167.122 - - [07/Jun/2020:23:35:20 +0200] "GET /node/1300 HTTP/1.1" 200 - "-" "Mozilla/5.0 (compatible; bingbot/2.0; +http://www.bing.com/bingbot.htm)"
209.133.111.211 - - [07/Jun/2020:23:41:13 +0200] "GET /robots.txt HTTP/1.1" 200 1590 "-" "rogerbot/1.0 (http://www.moz.com/dp/rogerbot, rogerbot-crawler@moz.com)"
209.133.111.211 - - [07/Jun/2020:23:41:45 +0200] "GET /node/feed HTTP/1.1" 200 - "-" "rogerbot/1.0 (http://www.moz.com/dp/rogerbot, rogerbot-crawler@moz.com)"
23.100.232.233 - - [07/Jun/2020:23:49:54 +0200] "GET /files/2007_II_tablazat_08.10.nyilvanosvaltozat.pdf HTTP/1.1" 200 30195 "-" "Mozilla/5.0 (compatible; MSIE 9.0; Windows NT 6.0; Trident/5.0; Trident/5.0)"
23.100.232.233 - - [07/Jun/2020:23:51:29 +0200] "GET /files/1_mell_FAVI_ENG_alap.doc HTTP/1.1" 200 244337 "-" "Mozilla/5.0 (compatible; MSIE 9.0; Windows NT 6.1; Trident/5.0; Trident/5.0)"
157.55.39.73 - - [07/Jun/2020:23:55:26 +0200] "GET /node/1971 HTTP/1.1" 200 - "-" "Mozilla/5.0 (compatible; bingbot/2.0; +http://www.bing.com/bingbot.htm)"
207.46.13.89 - - [07/Jun/2020:23:56:15 +0200] "GET /node/2269 HTTP/1.1" 200 - "-" "Mozilla/5.0 (compatible; bingbot/2.0; +http://www.bing.com/bingbot.htm)"
194.0.59.52 - - [08/Jun/2020:00:14:44 +0200] "GET /node/feed HTTP/1.1" 200 - "-" "Bloglovin/1.0 (http://www.bloglovin.com; 1 subscribers)"
157.55.39.73 - - [08/Jun/2020:00:24:36 +0200] "GET /node/2217 HTTP/1.1" 200 - "-" "Mozilla/5.0 (compatible; bingbot/2.0; +http://www.bing.com/bingbot.htm)"
216.244.66.200 - - [08/Jun/2020:00:24:46 +0200] "GET /node?page=161 HTTP/1.1" 200 - "-" "Mozilla/5.0 (compatible; DotBot/1.1; http://www.opensiteexplorer.org/dotbot, help@moz.com)"
216.244.66.200 - - [08/Jun/2020:00:28:28 +0200] "GET /node/1650 HTTP/1.1" 200 - "-" "Mozilla/5.0 (compatible; DotBot/1.1; http://www.opensiteexplorer.org/dotbot, help@moz.com)"
213.180.203.189 - - [08/Jun/2020:00:28:30 +0200] "GET /robots.txt HTTP/1.1" 200 1590 "-" "Mozilla/5.0 (compatible; YandexBot/3.0; +http://yandex.com/bots)"
