216.244.66.200 - - [10/Jun/2020:19:53:01 +0200] "GET /files/3TK442.pdf HTTP/1.1" 200 134045 "-" "Mozilla/5.0 (compatible; DotBot/1.1; http://www.opensiteexplorer.org/dotbot, help@moz.com)"
157.55.39.244 - - [10/Jun/2020:19:53:44 +0200] "GET /files/$File/eu01.pdf HTTP/1.1" 200 - "-" "Mozilla/5.0 (compatible; bingbot/2.0; +http://www.bing.com/bingbot.htm)"
216.244.66.200 - - [10/Jun/2020:19:53:53 +0200] "GET /files/T1296.doc HTTP/1.1" 200 483225 "-" "Mozilla/5.0 (compatible; DotBot/1.1; http://www.opensiteexplorer.org/dotbot, help@moz.com)"
216.244.66.200 - - [10/Jun/2020:19:54:28 +0200] "GET /files/TK51_2.pdf HTTP/1.1" 200 130836 "-" "Mozilla/5.0 (compatible; DotBot/1.1; http://www.opensiteexplorer.org/dotbot, help@moz.com)"
207.46.13.6 - - [10/Jun/2020:19:54:51 +0200] "GET /files/IRM_kjolevelta_-kozig_09.11m.doc HTTP/1.1" 304 - "-" "Mozilla/5.0 (compatible; bingbot/2.0; +http://www.bing.com/bingbot.htm)"
216.244.66.200 - - [10/Jun/2020:19:55:04 +0200] "GET /files/TK94.doc HTTP/1.1" 200 71168 "-" "Mozilla/5.0 (compatible; DotBot/1.1; http://www.opensiteexplorer.org/dotbot, help@moz.com)"
216.244.66.200 - - [10/Jun/2020:19:55:37 +0200] "GET /files/fel.doc HTTP/1.1" 200 136704 "-" "Mozilla/5.0 (compatible; DotBot/1.1; http://www.opensiteexplorer.org/dotbot, help@moz.com)"
216.244.66.200 - - [10/Jun/2020:19:56:20 +0200] "GET /files/ipar_.pdf HTTP/1.1" 200 165817 "-" "Mozilla/5.0 (compatible; DotBot/1.1; http://www.opensiteexplorer.org/dotbot, help@moz.com)"
216.244.66.200 - - [10/Jun/2020:19:56:53 +0200] "GET /files/vtkzrt.zip HTTP/1.1" 200 20900 "-" "Mozilla/5.0 (compatible; DotBot/1.1; http://www.opensiteexplorer.org/dotbot, help@moz.com)"
216.244.66.200 - - [10/Jun/2020:19:57:54 +0200] "GET /files/3-megfelel%C3%85%E2%80%98s%C3%83%C2%A9gi_t%C3%83%C2%A1bl_min%C3%85%E2%80%98s%C3%83%C2%A9g_2005-62-EK.doc HTTP/1.1" 200 - "-" "Mozilla/5.0 (compatible; DotBot/1.1; http://www.opensiteexplorer.org/dotbot, help@moz.com)"
216.244.66.200 - - [10/Jun/2020:19:58:44 +0200] "GET /user/394/notify HTTP/1.1" 200 - "-" "Mozilla/5.0 (compatible; DotBot/1.1; http://www.opensiteexplorer.org/dotbot, help@moz.com)"
216.244.66.200 - - [10/Jun/2020:19:59:12 +0200] "GET /files/118_2001_terv_091102.pdf HTTP/1.1" 200 189533 "-" "Mozilla/5.0 (compatible; DotBot/1.1; http://www.opensiteexplorer.org/dotbot, help@moz.com)"
216.244.66.200 - - [10/Jun/2020:20:00:00 +0200] "GET /files/13_2004_om_rend_mod_070220.pdf HTTP/1.1" 200 335815 "-" "Mozilla/5.0 (compatible; DotBot/1.1; http://www.opensiteexplorer.org/dotbot, help@moz.com)"
216.244.66.200 - - [10/Jun/2020:20:00:34 +0200] "GET /files/FVM%20rendelet.doc HTTP/1.1" 200 49152 "-" "Mozilla/5.0 (compatible; DotBot/1.1; http://www.opensiteexplorer.org/dotbot, help@moz.com)"
216.244.66.200 - - [10/Jun/2020:20:01:16 +0200] "GET /files/Pannonhalmi_tervezet.pdf HTTP/1.1" 200 248249 "-" "Mozilla/5.0 (compatible; DotBot/1.1; http://www.opensiteexplorer.org/dotbot, help@moz.com)"
68.68.32.104 - - [10/Jun/2020:20:11:42 +0200] "GET /node/1016 HTTP/1.1" 200 - "-" "Mozilla/5.0 (Windows NT 6.1; Win64; x64; rv:52.0) Gecko/20100101 Firefox/52.0"
207.46.13.100 - - [10/Jun/2020:20:17:18 +0200] "GET /files/R178_3indoklas.pdf HTTP/1.1" 200 92789 "-" "Mozilla/5.0 (iPhone; CPU iPhone OS 7_0 like Mac OS X) AppleWebKit/537.51.1 (KHTML, like Gecko) Version/7.0 Mobile/11A465 Safari/9537.53 (compatible; bingbot/2.0; +http://www.bing.com/bingbot.htm)"
207.46.13.100 - - [10/Jun/2020:20:28:05 +0200] "GET /files/$File/im_e_meg.pdf HTTP/1.1" 200 - "-" "Mozilla/5.0 (compatible; bingbot/2.0; +http://www.bing.com/bingbot.htm)"
207.46.13.100 - - [10/Jun/2020:20:30:17 +0200] "GET /node/2441 HTTP/1.1" 200 - "-" "Mozilla/5.0 (compatible; bingbot/2.0; +http://www.bing.com/bingbot.htm)"
216.244.66.200 - - [10/Jun/2020:20:32:56 +0200] "GET /node/869 HTTP/1.1" 200 - "-" "Mozilla/5.0 (compatible; DotBot/1.1; http://www.opensiteexplorer.org/dotbot, help@moz.com)"
216.244.66.200 - - [10/Jun/2020:20:33:26 +0200] "GET /taxonomy/term/1?page=82 HTTP/1.1" 200 - "-" "Mozilla/5.0 (compatible; DotBot/1.1; http://www.opensiteexplorer.org/dotbot, help@moz.com)"
216.244.66.200 - - [10/Jun/2020:20:34:07 +0200] "GET /node/1356 HTTP/1.1" 200 - "-" "Mozilla/5.0 (compatible; DotBot/1.1; http://www.opensiteexplorer.org/dotbot, help@moz.com)"
216.244.66.200 - - [10/Jun/2020:20:34:58 +0200] "GET /node/1088 HTTP/1.1" 200 - "-" "Mozilla/5.0 (compatible; DotBot/1.1; http://www.opensiteexplorer.org/dotbot, help@moz.com)"
216.244.66.200 - - [10/Jun/2020:20:35:48 +0200] "GET /node/1136 HTTP/1.1" 200 - "-" "Mozilla/5.0 (compatible; DotBot/1.1; http://www.opensiteexplorer.org/dotbot, help@moz.com)"
157.55.39.244 - - [10/Jun/2020:20:35:48 +0200] "GET /files/OVSZ-kozig1119.pdf HTTP/1.1" 200 415628 "-" "Mozilla/5.0 (compatible; bingbot/2.0; +http://www.bing.com/bingbot.htm)"
216.244.66.200 - - [10/Jun/2020:20:36:39 +0200] "GET /node/2533 HTTP/1.1" 200 - "-" "Mozilla/5.0 (compatible; DotBot/1.1; http://www.opensiteexplorer.org/dotbot, help@moz.com)"
216.244.66.200 - - [10/Jun/2020:20:38:31 +0200] "GET /files/TK48.pdf HTTP/1.1" 200 134627 "-" "Mozilla/5.0 (compatible; DotBot/1.1; http://www.opensiteexplorer.org/dotbot, help@moz.com)"
216.244.66.200 - - [10/Jun/2020:20:39:22 +0200] "GET /files/altind.pdf HTTP/1.1" 200 436990 "-" "Mozilla/5.0 (compatible; DotBot/1.1; http://www.opensiteexplorer.org/dotbot, help@moz.com)"
216.244.66.200 - - [10/Jun/2020:20:39:58 +0200] "GET /files/szili.pdf HTTP/1.1" 200 129969 "-" "Mozilla/5.0 (compatible; DotBot/1.1; http://www.opensiteexplorer.org/dotbot, help@moz.com)"
46.28.69.138 - - [10/Jun/2020:20:40:26 +0200] "GET /comment/reply/2619/ HTTP/1.0" 200 - "http://jogalkotas.hu/comment/reply/2619/" "Mozilla/5.0 (Windows NT 6.1; Win64; x64) AppleWebKit/537.36 (KHTML, like Gecko) Chrome/67.0.3396.87 Safari/537.36 OPR/54.0.2952.51"
216.244.66.200 - - [10/Jun/2020:20:40:48 +0200] "GET /files/uefa.doc HTTP/1.1" 200 321047 "-" "Mozilla/5.0 (compatible; DotBot/1.1; http://www.opensiteexplorer.org/dotbot, help@moz.com)"
109.70.100.30 - - [10/Jun/2020:20:40:58 +0200] "GET /comment/reply/2619/ HTTP/1.0" 200 - "http://jogalkotas.hu/comment/reply/2619/" "Mozilla/5.0 (Windows NT 6.1; Win64; x64) AppleWebKit/537.36 (KHTML, like Gecko) Chrome/67.0.3396.87 Safari/537.36 OPR/54.0.2952.51"
216.244.66.200 - - [10/Jun/2020:20:41:26 +0200] "GET /files/10_2002_modositas.pdf HTTP/1.1" 200 188602 "-" "Mozilla/5.0 (compatible; DotBot/1.1; http://www.opensiteexplorer.org/dotbot, help@moz.com)"
51.79.86.175 - - [10/Jun/2020:20:41:31 +0200] "GET /comment/reply/2619/ HTTP/1.0" 200 - "http://jogalkotas.hu/comment/reply/2619/" "Mozilla/5.0 (Windows NT 6.1; Win64; x64) AppleWebKit/537.36 (KHTML, like Gecko) Chrome/67.0.3396.87 Safari/537.36 OPR/54.0.2952.51"
185.220.101.166 - - [10/Jun/2020:20:42:03 +0200] "GET /comment/reply/2619/ HTTP/1.0" 200 - "http://jogalkotas.hu/comment/reply/2619/" "Mozilla/5.0 (Windows NT 6.1; Win64; x64) AppleWebKit/537.36 (KHTML, like Gecko) Chrome/67.0.3396.87 Safari/537.36 OPR/54.0.2952.51"
216.244.66.200 - - [10/Jun/2020:20:42:18 +0200] "GET /files/1_mell_FAVI_ENG_alap.doc HTTP/1.1" 200 545487 "-" "Mozilla/5.0 (compatible; DotBot/1.1; http://www.opensiteexplorer.org/dotbot, help@moz.com)"
185.232.52.99 - - [10/Jun/2020:20:42:36 +0200] "GET / HTTP/1.0" 200 - "http://jogalkotas.hu/" "Mozilla/5.0 (Windows NT 6.1; Win64; x64) AppleWebKit/537.36 (KHTML, like Gecko) Chrome/67.0.3396.87 Safari/537.36 OPR/54.0.2952.51"
216.244.66.200 - - [10/Jun/2020:20:42:57 +0200] "GET /files/2007_xvii_mod.pdf HTTP/1.1" 200 279864 "-" "Mozilla/5.0 (compatible; DotBot/1.1; http://www.opensiteexplorer.org/dotbot, help@moz.com)"
216.244.66.200 - - [10/Jun/2020:20:43:36 +0200] "GET /files/2008elsonegyedev.pdf HTTP/1.1" 200 57799 "-" "Mozilla/5.0 (compatible; DotBot/1.1; http://www.opensiteexplorer.org/dotbot, help@moz.com)"
216.244.66.200 - - [10/Jun/2020:20:44:21 +0200] "GET /files/7_2001_modositas.pdf HTTP/1.1" 200 263225 "-" "Mozilla/5.0 (compatible; DotBot/1.1; http://www.opensiteexplorer.org/dotbot, help@moz.com)"
216.244.66.200 - - [10/Jun/2020:20:45:12 +0200] "GET /files/KHEM_7392_5norma.doc HTTP/1.1" 200 419511 "-" "Mozilla/5.0 (compatible; DotBot/1.1; http://www.opensiteexplorer.org/dotbot, help@moz.com)"
216.244.66.200 - - [10/Jun/2020:20:45:45 +0200] "GET /files/_mc9nmopt0e9q6it3fdcmmgobk_.pdf HTTP/1.1" 200 100151 "-" "Mozilla/5.0 (compatible; DotBot/1.1; http://www.opensiteexplorer.org/dotbot, help@moz.com)"
216.244.66.200 - - [10/Jun/2020:20:46:46 +0200] "GET /files/bizotts%C3%83%C2%A1gok.pdf HTTP/1.1" 200 - "-" "Mozilla/5.0 (compatible; DotBot/1.1; http://www.opensiteexplorer.org/dotbot, help@moz.com)"
216.244.66.200 - - [10/Jun/2020:20:47:15 +0200] "GET /files/fsza_terv_090306.pdf HTTP/1.1" 200 248801 "-" "Mozilla/5.0 (compatible; DotBot/1.1; http://www.opensiteexplorer.org/dotbot, help@moz.com)"
216.244.66.200 - - [10/Jun/2020:20:48:12 +0200] "GET /files/kkk_mod_honlapra_070914.pdf HTTP/1.1" 200 367388 "-" "Mozilla/5.0 (compatible; DotBot/1.1; http://www.opensiteexplorer.org/dotbot, help@moz.com)"
216.244.66.200 - - [10/Jun/2020:20:48:44 +0200] "GET /files/kozellatas.doc HTTP/1.1" 200 64000 "-" "Mozilla/5.0 (compatible; DotBot/1.1; http://www.opensiteexplorer.org/dotbot, help@moz.com)"
216.244.66.200 - - [10/Jun/2020:20:49:21 +0200] "GET /files/madrid_abu_dhabi_080613.zip HTTP/1.1" 200 252505 "-" "Mozilla/5.0 (compatible; DotBot/1.1; http://www.opensiteexplorer.org/dotbot, help@moz.com)"
207.46.13.100 - - [10/Jun/2020:20:49:50 +0200] "GET /robots.txt HTTP/1.1" 200 1590 "-" "Mozilla/5.0 (compatible; bingbot/2.0; +http://www.bing.com/bingbot.htm)"
216.244.66.200 - - [10/Jun/2020:20:50:02 +0200] "GET /files/szmmf_090914.pdf HTTP/1.1" 200 222427 "-" "Mozilla/5.0 (compatible; DotBot/1.1; http://www.opensiteexplorer.org/dotbot, help@moz.com)"
216.244.66.200 - - [10/Jun/2020:20:50:47 +0200] "GET /files/Eloterjesztes_264_15_16_mod_KOZIG.pdf HTTP/1.1" 200 190086 "-" "Mozilla/5.0 (compatible; DotBot/1.1; http://www.opensiteexplorer.org/dotbot, help@moz.com)"
216.244.66.200 - - [10/Jun/2020:20:51:21 +0200] "GET /files/hadkotelesek_hm_rendelet_tervezet.pdf HTTP/1.1" 200 107684 "-" "Mozilla/5.0 (compatible; DotBot/1.1; http://www.opensiteexplorer.org/dotbot, help@moz.com)"
66.249.66.89 - - [10/Jun/2020:20:51:29 +0200] "GET /files/gyermved_gyamugy_tv_terv_090209.pdf HTTP/1.1" 200 506744 "-" "Googlebot/2.1 (+http://www.google.com/bot.html)"
216.244.66.200 - - [10/Jun/2020:20:52:24 +0200] "GET /files/megfelel%C3%83%C2%A9si%20t%C3%83%C2%A1bla.doc HTTP/1.1" 200 - "-" "Mozilla/5.0 (compatible; DotBot/1.1; http://www.opensiteexplorer.org/dotbot, help@moz.com)"
216.244.66.200 - - [10/Jun/2020:20:52:50 +0200] "GET /files/zenekari_enekkari_tam_070131.pdf HTTP/1.1" 200 131846 "-" "Mozilla/5.0 (compatible; DotBot/1.1; http://www.opensiteexplorer.org/dotbot, help@moz.com)"
207.46.13.100 - - [10/Jun/2020:20:53:17 +0200] "GET /node/1152 HTTP/1.1" 200 - "-" "Mozilla/5.0 (compatible; bingbot/2.0; +http://www.bing.com/bingbot.htm)"
207.46.13.100 - - [10/Jun/2020:20:54:34 +0200] "GET /files/kizarolagos.doc HTTP/1.1" 304 - "-" "Mozilla/5.0 (compatible; bingbot/2.0; +http://www.bing.com/bingbot.htm)"
40.77.167.122 - - [10/Jun/2020:20:55:03 +0200] "GET /files/szakszo_muszaki_1mell.pdf HTTP/1.1" 304 - "-" "Mozilla/5.0 (compatible; bingbot/2.0; +http://www.bing.com/bingbot.htm)"
207.46.13.100 - - [10/Jun/2020:21:02:11 +0200] "GET /robots.txt HTTP/1.1" 200 1590 "-" "Mozilla/5.0 (compatible; bingbot/2.0; +http://www.bing.com/bingbot.htm)"
216.244.66.200 - - [10/Jun/2020:21:14:25 +0200] "GET /node/1341 HTTP/1.1" 200 - "-" "Mozilla/5.0 (compatible; DotBot/1.1; http://www.opensiteexplorer.org/dotbot, help@moz.com)"
216.244.66.200 - - [10/Jun/2020:21:14:55 +0200] "GET /node/1502 HTTP/1.1" 200 - "-" "Mozilla/5.0 (compatible; DotBot/1.1; http://www.opensiteexplorer.org/dotbot, help@moz.com)"
94.248.214.27 - - [10/Jun/2020:21:16:38 +0200] "GET /files/R2422.pdf HTTP/1.1" 200 154270 "https://www.google.com/" "Mozilla/5.0 (Macintosh; Intel Mac OS X 10_13_6) AppleWebKit/605.1.15 (KHTML, like Gecko) Version/13.1.1 Safari/605.1.15"
94.248.214.27 - - [10/Jun/2020:21:16:38 +0200] "GET /favicon.ico HTTP/1.1" 404 57 "http://www.jogalkotas.hu/files/R2422.pdf" "Mozilla/5.0 (Macintosh; Intel Mac OS X 10_13_6) AppleWebKit/605.1.15 (KHTML, like Gecko) Version/13.1.1 Safari/605.1.15"
216.244.66.200 - - [10/Jun/2020:21:20:22 +0200] "GET /files/134_2004_mod_mellekletek.pdf HTTP/1.1" 200 442733 "-" "Mozilla/5.0 (compatible; DotBot/1.1; http://www.opensiteexplorer.org/dotbot, help@moz.com)"
216.244.66.200 - - [10/Jun/2020:21:21:05 +0200] "GET /files/348_vedett_allatfajos_kozig.pdf HTTP/1.1" 200 227118 "-" "Mozilla/5.0 (compatible; DotBot/1.1; http://www.opensiteexplorer.org/dotbot, help@moz.com)"
68.68.32.104 - - [10/Jun/2020:21:21:16 +0200] "GET /node/64 HTTP/1.1" 200 - "-" "Mozilla/5.0 (Windows NT 5.1; rv:50.0) Gecko/20100101 Firefox/50.0"
216.244.66.200 - - [10/Jun/2020:21:21:48 +0200] "GET /files/Eftv_Vhr_081210.doc HTTP/1.1" 200 287232 "-" "Mozilla/5.0 (compatible; DotBot/1.1; http://www.opensiteexplorer.org/dotbot, help@moz.com)"
216.244.66.200 - - [10/Jun/2020:21:22:22 +0200] "GET /files/KEHM_2135norma.doc HTTP/1.1" 200 39936 "-" "Mozilla/5.0 (compatible; DotBot/1.1; http://www.opensiteexplorer.org/dotbot, help@moz.com)"
216.244.66.200 - - [10/Jun/2020:21:22:54 +0200] "GET /files/KHEM_4860_6_norma.doc HTTP/1.1" 200 51200 "-" "Mozilla/5.0 (compatible; DotBot/1.1; http://www.opensiteexplorer.org/dotbot, help@moz.com)"
216.244.66.200 - - [10/Jun/2020:21:23:25 +0200] "GET /files/KHEM_8366_4norma.doc HTTP/1.1" 200 41984 "-" "Mozilla/5.0 (compatible; DotBot/1.1; http://www.opensiteexplorer.org/dotbot, help@moz.com)"
216.244.66.200 - - [10/Jun/2020:21:24:15 +0200] "GET /files/NER_veny_elterj20090428kn.doc HTTP/1.1" 200 571551 "-" "Mozilla/5.0 (compatible; DotBot/1.1; http://www.opensiteexplorer.org/dotbot, help@moz.com)"
207.46.13.6 - - [10/Jun/2020:21:24:35 +0200] "GET /files/_mg9oa2t42edkmq1nredt62qr9_.pdf HTTP/1.1" 304 - "-" "Mozilla/5.0 (compatible; bingbot/2.0; +http://www.bing.com/bingbot.htm)"
216.244.66.200 - - [10/Jun/2020:21:24:45 +0200] "GET /files/elemiszerkonyv_melleklet.pdf HTTP/1.1" 200 19554 "-" "Mozilla/5.0 (compatible; DotBot/1.1; http://www.opensiteexplorer.org/dotbot, help@moz.com)"
216.244.66.200 - - [10/Jun/2020:21:25:25 +0200] "GET /files/elismeres_terv_090818.pdf HTTP/1.1" 200 253555 "-" "Mozilla/5.0 (compatible; DotBot/1.1; http://www.opensiteexplorer.org/dotbot, help@moz.com)"
207.46.13.100 - - [10/Jun/2020:21:25:27 +0200] "GET /robots.txt HTTP/1.1" 200 1590 "-" "Mozilla/5.0 (compatible; bingbot/2.0; +http://www.bing.com/bingbot.htm)"
40.77.167.122 - - [10/Jun/2020:21:25:32 +0200] "GET /node/1536 HTTP/1.1" 200 - "-" "Mozilla/5.0 (iPhone; CPU iPhone OS 7_0 like Mac OS X) AppleWebKit/537.51.1 (KHTML, like Gecko) Version/7.0 Mobile/11A465 Safari/9537.53 (compatible; bingbot/2.0; +http://www.bing.com/bingbot.htm)"
66.249.66.157 - - [10/Jun/2020:21:25:44 +0200] "GET /files/22-1996-mod-kozigre.pdf HTTP/1.1" 200 966507 "-" "Googlebot/2.1 (+http://www.google.com/bot.html)"
216.244.66.200 - - [10/Jun/2020:21:26:18 +0200] "GET /files/kjofmh-kormelo-kozig.doc HTTP/1.1" 200 594721 "-" "Mozilla/5.0 (compatible; DotBot/1.1; http://www.opensiteexplorer.org/dotbot, help@moz.com)"
216.244.66.200 - - [10/Jun/2020:21:26:51 +0200] "GET /files/knb_objektumokba_belepes.pdf HTTP/1.1" 200 119527 "-" "Mozilla/5.0 (compatible; DotBot/1.1; http://www.opensiteexplorer.org/dotbot, help@moz.com)"
216.244.66.200 - - [10/Jun/2020:21:27:31 +0200] "GET /files/nev_okt_11_94_080319.pdf HTTP/1.1" 200 261041 "-" "Mozilla/5.0 (compatible; DotBot/1.1; http://www.opensiteexplorer.org/dotbot, help@moz.com)"
216.244.66.200 - - [10/Jun/2020:21:28:09 +0200] "GET /files/ptk_bevezetes.pdf HTTP/1.1" 200 129012 "-" "Mozilla/5.0 (compatible; DotBot/1.1; http://www.opensiteexplorer.org/dotbot, help@moz.com)"
216.244.66.200 - - [10/Jun/2020:21:28:46 +0200] "GET /files/rendelet_kozig2008.doc HTTP/1.1" 200 85504 "-" "Mozilla/5.0 (compatible; DotBot/1.1; http://www.opensiteexplorer.org/dotbot, help@moz.com)"
216.244.66.200 - - [10/Jun/2020:21:29:25 +0200] "GET /files/szell_tev_070418.pdf HTTP/1.1" 200 156668 "-" "Mozilla/5.0 (compatible; DotBot/1.1; http://www.opensiteexplorer.org/dotbot, help@moz.com)"
216.244.66.200 - - [10/Jun/2020:21:30:17 +0200] "GET /files/vizbazis0806_kozigre.pdf HTTP/1.1" 200 464404 "-" "Mozilla/5.0 (compatible; DotBot/1.1; http://www.opensiteexplorer.org/dotbot, help@moz.com)"
216.244.66.200 - - [10/Jun/2020:21:31:18 +0200] "GET /files/3-%20indokol%C3%83%C2%A1s%20-%20XII.%205..doc HTTP/1.1" 200 - "-" "Mozilla/5.0 (compatible; DotBot/1.1; http://www.opensiteexplorer.org/dotbot, help@moz.com)"
216.244.66.200 - - [10/Jun/2020:21:31:43 +0200] "GET /files/89_2004_modositas_velemenyezesre.pdf HTTP/1.1" 200 191842 "-" "Mozilla/5.0 (compatible; DotBot/1.1; http://www.opensiteexplorer.org/dotbot, help@moz.com)"
216.244.66.200 - - [10/Jun/2020:21:32:22 +0200] "GET /files/gyermek_gyamugy_rendterv_061102.pdf HTTP/1.1" 200 176528 "-" "Mozilla/5.0 (compatible; DotBot/1.1; http://www.opensiteexplorer.org/dotbot, help@moz.com)"
216.244.66.200 - - [10/Jun/2020:21:33:06 +0200] "GET /files/ifj_szoc_gyv_rend_terv_061211.pdf HTTP/1.1" 200 245506 "-" "Mozilla/5.0 (compatible; DotBot/1.1; http://www.opensiteexplorer.org/dotbot, help@moz.com)"
216.244.66.200 - - [10/Jun/2020:21:33:59 +0200] "GET /files/ipr_csomag_2008november5kikuldendo.doc HTTP/1.1" 200 623679 "-" "Mozilla/5.0 (compatible; DotBot/1.1; http://www.opensiteexplorer.org/dotbot, help@moz.com)"
216.244.66.200 - - [10/Jun/2020:21:34:35 +0200] "GET /files/kormeloterj_elelmiszerlanc_velemenyezesre.pdf HTTP/1.1" 200 178865 "-" "Mozilla/5.0 (compatible; DotBot/1.1; http://www.opensiteexplorer.org/dotbot, help@moz.com)"
157.55.39.244 - - [10/Jun/2020:21:37:12 +0200] "GET /files/11562.pdf HTTP/1.1" 200 219811 "-" "Mozilla/5.0 (iPhone; CPU iPhone OS 7_0 like Mac OS X) AppleWebKit/537.51.1 (KHTML, like Gecko) Version/7.0 Mobile/11A465 Safari/9537.53 (compatible; bingbot/2.0; +http://www.bing.com/bingbot.htm)"
157.55.39.244 - - [10/Jun/2020:21:50:57 +0200] "GET /files/KHEM_7556_8norma.doc HTTP/1.1" 200 140288 "-" "Mozilla/5.0 (iPhone; CPU iPhone OS 7_0 like Mac OS X) AppleWebKit/537.51.1 (KHTML, like Gecko) Version/7.0 Mobile/11A465 Safari/9537.53 (compatible; bingbot/2.0; +http://www.bing.com/bingbot.htm)"
66.249.66.156 - - [10/Jun/2020:21:54:48 +0200] "GET /files/katasztrofak_vedekezes.pdf HTTP/1.1" 200 180961 "-" "Googlebot/2.1 (+http://www.google.com/bot.html)"
216.244.66.200 - - [10/Jun/2020:21:55:46 +0200] "GET /node/719 HTTP/1.1" 200 - "-" "Mozilla/5.0 (compatible; DotBot/1.1; http://www.opensiteexplorer.org/dotbot, help@moz.com)"
216.244.66.200 - - [10/Jun/2020:21:56:16 +0200] "GET /node/1368 HTTP/1.1" 200 - "-" "Mozilla/5.0 (compatible; DotBot/1.1; http://www.opensiteexplorer.org/dotbot, help@moz.com)"
207.46.13.6 - - [10/Jun/2020:21:56:33 +0200] "GET /node/2336 HTTP/1.1" 200 - "-" "Mozilla/5.0 (compatible; bingbot/2.0; +http://www.bing.com/bingbot.htm)"
216.244.66.200 - - [10/Jun/2020:22:02:55 +0200] "GET /files/T%C3%83%C2%A1rc%C3%83%C2%A1ra%209per1993.doc HTTP/1.1" 200 - "-" "Mozilla/5.0 (compatible; DotBot/1.1; http://www.opensiteexplorer.org/dotbot, help@moz.com)"
216.244.66.200 - - [10/Jun/2020:22:03:27 +0200] "GET /files/gyermekszegenyseg_tervezet_5_melleklet_070125.pdf HTTP/1.1" 200 348864 "-" "Mozilla/5.0 (compatible; DotBot/1.1; http://www.opensiteexplorer.org/dotbot, help@moz.com)"
216.244.66.200 - - [10/Jun/2020:22:04:08 +0200] "GET /files/madfarinfluenza_rendelet_egyeztetesre.pdf HTTP/1.1" 200 356842 "-" "Mozilla/5.0 (compatible; DotBot/1.1; http://www.opensiteexplorer.org/dotbot, help@moz.com)"
216.244.66.200 - - [10/Jun/2020:22:05:14 +0200] "GET /files/t%C3%83%C2%A1rc%C3%83%C2%A1ra%2023.2002.E%C3%83%C2%BCM%20rendelet.doc HTTP/1.1" 200 - "-" "Mozilla/5.0 (compatible; DotBot/1.1; http://www.opensiteexplorer.org/dotbot, help@moz.com)"
40.77.167.122 - - [10/Jun/2020:22:15:38 +0200] "GET /files/fogyved_eloterj_061204.pdf HTTP/1.1" 304 - "-" "Mozilla/5.0 (compatible; bingbot/2.0; +http://www.bing.com/bingbot.htm)"
207.46.13.100 - - [10/Jun/2020:22:16:03 +0200] "GET /node/280 HTTP/1.1" 200 - "-" "Mozilla/5.0 (compatible; bingbot/2.0; +http://www.bing.com/bingbot.htm)"
157.55.39.244 - - [10/Jun/2020:22:23:27 +0200] "GET /files/mikrobi%201130.doc HTTP/1.1" 200 100352 "-" "Mozilla/5.0 (iPhone; CPU iPhone OS 7_0 like Mac OS X) AppleWebKit/537.51.1 (KHTML, like Gecko) Version/7.0 Mobile/11A465 Safari/9537.53 (compatible; bingbot/2.0; +http://www.bing.com/bingbot.htm)"
213.180.203.189 - - [10/Jun/2020:22:24:54 +0200] "GET /robots.txt HTTP/1.1" 200 1590 "-" "Mozilla/5.0 (compatible; YandexBot/3.0; +http://yandex.com/bots)"
213.180.203.189 - - [10/Jun/2020:22:25:29 +0200] "GET / HTTP/1.1" 200 - "-" "Mozilla/5.0 (compatible; YandexBot/3.0; +http://yandex.com/bots)"
213.180.203.189 - - [10/Jun/2020:22:26:01 +0200] "GET / HTTP/1.1" 200 - "-" "Mozilla/5.0 (compatible; YandexBot/3.0; +http://yandex.com/bots)"
213.180.203.158 - - [10/Jun/2020:22:26:33 +0200] "GET / HTTP/1.1" 200 - "-" "Mozilla/5.0 (compatible; YandexBot/3.0; +http://yandex.com/bots)"
213.180.203.53 - - [10/Jun/2020:22:27:05 +0200] "GET / HTTP/1.1" 200 - "-" "Mozilla/5.0 (compatible; YandexBot/3.0; +http://yandex.com/bots)"
216.244.66.200 - - [10/Jun/2020:22:37:23 +0200] "GET /node/740 HTTP/1.1" 200 - "-" "Mozilla/5.0 (compatible; DotBot/1.1; http://www.opensiteexplorer.org/dotbot, help@moz.com)"
216.244.66.200 - - [10/Jun/2020:22:37:53 +0200] "GET /taxonomy/term/1?page=28 HTTP/1.1" 200 - "-" "Mozilla/5.0 (compatible; DotBot/1.1; http://www.opensiteexplorer.org/dotbot, help@moz.com)"
216.244.66.200 - - [10/Jun/2020:22:38:33 +0200] "GET /taxonomy/term/1?page=80 HTTP/1.1" 200 - "-" "Mozilla/5.0 (compatible; DotBot/1.1; http://www.opensiteexplorer.org/dotbot, help@moz.com)"
207.46.13.100 - - [10/Jun/2020:22:38:35 +0200] "GET /taxonomy/term/1%2037%2042%2044%2045%2043%2019%2022%2021%2020%2038%2040%2039 HTTP/1.1" 200 - "-" "Mozilla/5.0 (iPhone; CPU iPhone OS 7_0 like Mac OS X) AppleWebKit/537.51.1 (KHTML, like Gecko) Version/7.0 Mobile/11A465 Safari/9537.53 (compatible; bingbot/2.0; +http://www.bing.com/bingbot.htm)"
157.55.39.244 - - [10/Jun/2020:22:38:44 +0200] "GET /node/358 HTTP/1.1" 200 - "-" "Mozilla/5.0 (iPhone; CPU iPhone OS 7_0 like Mac OS X) AppleWebKit/537.51.1 (KHTML, like Gecko) Version/7.0 Mobile/11A465 Safari/9537.53 (compatible; bingbot/2.0; +http://www.bing.com/bingbot.htm)"
216.244.66.200 - - [10/Jun/2020:22:39:23 +0200] "GET /taxonomy/term/40?page=153 HTTP/1.1" 200 - "-" "Mozilla/5.0 (compatible; DotBot/1.1; http://www.opensiteexplorer.org/dotbot, help@moz.com)"
178.154.200.224 - - [10/Jun/2020:22:39:44 +0200] "GET /robots.txt HTTP/1.1" 200 1590 "-" "Mozilla/5.0 (compatible; YandexBot/3.0; +http://yandex.com/bots)"
216.244.66.200 - - [10/Jun/2020:22:40:14 +0200] "GET /node/1186 HTTP/1.1" 200 - "-" "Mozilla/5.0 (compatible; DotBot/1.1; http://www.opensiteexplorer.org/dotbot, help@moz.com)"
213.180.203.189 - - [10/Jun/2020:22:40:20 +0200] "GET /hasznos-informaciok HTTP/1.1" 200 - "-" "Mozilla/5.0 (compatible; YandexBot/3.0; +http://yandex.com/bots)"
213.180.203.158 - - [10/Jun/2020:22:40:52 +0200] "GET /hasznos-informaciok HTTP/1.1" 200 - "-" "Mozilla/5.0 (compatible; YandexBot/3.0; +http://yandex.com/bots)"
178.154.200.192 - - [10/Jun/2020:22:41:24 +0200] "GET /hasznos-informaciok HTTP/1.1" 200 - "-" "Mozilla/5.0 (compatible; YandexBot/3.0; +http://yandex.com/bots)"
157.55.39.244 - - [10/Jun/2020:22:43:16 +0200] "GET /node/2418 HTTP/1.1" 200 - "-" "Mozilla/5.0 (compatible; bingbot/2.0; +http://www.bing.com/bingbot.htm)"
178.154.200.109 - - [10/Jun/2020:22:44:09 +0200] "GET /drupal/node/26 HTTP/1.1" 200 - "-" "Mozilla/5.0 (compatible; YandexBot/3.0; +http://yandex.com/bots)"
216.244.66.200 - - [10/Jun/2020:22:44:16 +0200] "GET /files/Eloterjesztes_KtKr_KTMr_KoordKr_KOZIG.pdf HTTP/1.1" 200 317567 "-" "Mozilla/5.0 (compatible; DotBot/1.1; http://www.opensiteexplorer.org/dotbot, help@moz.com)"
213.180.203.167 - - [10/Jun/2020:22:44:44 +0200] "GET /drupal/node/26 HTTP/1.1" 200 - "-" "Mozilla/5.0 (compatible; YandexBot/3.0; +http://yandex.com/bots)"
213.180.203.23 - - [10/Jun/2020:22:45:17 +0200] "GET /drupal/node/26 HTTP/1.1" 200 - "-" "Mozilla/5.0 (compatible; YandexBot/3.0; +http://yandex.com/bots)"
216.244.66.200 - - [10/Jun/2020:22:45:20 +0200] "GET /files/M%C3%83%C2%A1solat%20eredetije3_melleklet_Eftv1.xls HTTP/1.1" 200 - "-" "Mozilla/5.0 (compatible; DotBot/1.1; http://www.opensiteexplorer.org/dotbot, help@moz.com)"
216.244.66.200 - - [10/Jun/2020:22:45:40 +0200] "GET /files/_aedt62qrbg9o6ast1ei176gide9imsp1i60o3c_.pdf HTTP/1.1" 200 61992 "-" "Mozilla/5.0 (compatible; DotBot/1.1; http://www.opensiteexplorer.org/dotbot, help@moz.com)"
216.244.66.200 - - [10/Jun/2020:22:46:43 +0200] "GET /taxonomy/term/38/0/feed HTTP/1.1" 200 - "-" "Mozilla/5.0 (compatible; DotBot/1.1; http://www.opensiteexplorer.org/dotbot, help@moz.com)"
207.46.13.100 - - [10/Jun/2020:22:50:21 +0200] "GET /robots.txt HTTP/1.1" 200 1590 "-" "Mozilla/5.0 (compatible; bingbot/2.0; +http://www.bing.com/bingbot.htm)"
157.55.39.244 - - [10/Jun/2020:22:54:42 +0200] "GET /node/2569 HTTP/1.1" 200 - "-" "Mozilla/5.0 (compatible; bingbot/2.0; +http://www.bing.com/bingbot.htm)"
157.55.39.244 - - [10/Jun/2020:23:00:51 +0200] "GET /node/790 HTTP/1.1" 200 - "-" "Mozilla/5.0 (compatible; bingbot/2.0; +http://www.bing.com/bingbot.htm)"
207.46.13.100 - - [10/Jun/2020:23:05:41 +0200] "GET /robots.txt HTTP/1.1" 200 1590 "-" "Mozilla/5.0 (compatible; bingbot/2.0; +http://www.bing.com/bingbot.htm)"
216.244.66.200 - - [10/Jun/2020:23:14:20 +0200] "GET /node/2452 HTTP/1.1" 200 - "-" "Mozilla/5.0 (compatible; DotBot/1.1; http://www.opensiteexplorer.org/dotbot, help@moz.com)"
40.77.167.122 - - [10/Jun/2020:23:17:06 +0200] "GET /node/1137 HTTP/1.1" 200 - "-" "Mozilla/5.0 (compatible; bingbot/2.0; +http://www.bing.com/bingbot.htm)"
178.48.127.9 - - [10/Jun/2020:23:17:07 +0200] "GET /files/NFGM_735.pdf HTTP/1.1" 200 161666 "https://www.google.com/" "Mozilla/5.0 (Windows NT 10.0; Win64; x64) AppleWebKit/537.36 (KHTML, like Gecko) Chrome/83.0.4103.97 Safari/537.36"
178.48.127.9 - - [10/Jun/2020:23:17:07 +0200] "GET /favicon.ico HTTP/1.1" 404 57 "http://www.jogalkotas.hu/files/NFGM_735.pdf" "Mozilla/5.0 (Windows NT 10.0; Win64; x64) AppleWebKit/537.36 (KHTML, like Gecko) Chrome/83.0.4103.97 Safari/537.36"
216.244.66.200 - - [10/Jun/2020:23:19:05 +0200] "GET /node/951 HTTP/1.1" 200 - "-" "Mozilla/5.0 (compatible; DotBot/1.1; http://www.opensiteexplorer.org/dotbot, help@moz.com)"
207.46.13.100 - - [10/Jun/2020:23:20:04 +0200] "GET /files/$File/makro.pdf HTTP/1.1" 200 - "-" "Mozilla/5.0 (compatible; bingbot/2.0; +http://www.bing.com/bingbot.htm)"
40.77.167.122 - - [10/Jun/2020:23:20:21 +0200] "GET /files/norma_09_11.doc HTTP/1.1" 200 1317888 "-" "Mozilla/5.0 (iPhone; CPU iPhone OS 7_0 like Mac OS X) AppleWebKit/537.51.1 (KHTML, like Gecko) Version/7.0 Mobile/11A465 Safari/9537.53 (compatible; bingbot/2.0; +http://www.bing.com/bingbot.htm)"
216.244.66.200 - - [10/Jun/2020:23:20:43 +0200] "GET /node/1755 HTTP/1.1" 200 - "-" "Mozilla/5.0 (compatible; DotBot/1.1; http://www.opensiteexplorer.org/dotbot, help@moz.com)"
216.244.66.200 - - [10/Jun/2020:23:21:35 +0200] "GET /user/158 HTTP/1.1" 200 - "-" "Mozilla/5.0 (compatible; DotBot/1.1; http://www.opensiteexplorer.org/dotbot, help@moz.com)"
207.46.13.6 - - [10/Jun/2020:23:22:18 +0200] "GET /node/1233 HTTP/1.1" 200 - "-" "Mozilla/5.0 (compatible; bingbot/2.0; +http://www.bing.com/bingbot.htm)"
157.55.39.244 - - [10/Jun/2020:23:24:56 +0200] "GET /taxonomy/term/27 HTTP/1.1" 200 - "-" "Mozilla/5.0 (iPhone; CPU iPhone OS 7_0 like Mac OS X) AppleWebKit/537.51.1 (KHTML, like Gecko) Version/7.0 Mobile/11A465 Safari/9537.53 (compatible; bingbot/2.0; +http://www.bing.com/bingbot.htm)"
216.244.66.200 - - [10/Jun/2020:23:26:04 +0200] "GET /files/a%2017per2007_korm_rend_mod_terv.doc HTTP/1.1" 200 207872 "-" "Mozilla/5.0 (compatible; DotBot/1.1; http://www.opensiteexplorer.org/dotbot, help@moz.com)"
216.244.66.200 - - [10/Jun/2020:23:26:35 +0200] "GET /files/eloterjesztes_foldhasznalatiny_velemenyezesre_090914.pdf HTTP/1.1" 200 116288 "-" "Mozilla/5.0 (compatible; DotBot/1.1; http://www.opensiteexplorer.org/dotbot, help@moz.com)"
216.244.66.200 - - [10/Jun/2020:23:27:07 +0200] "GET /files/jogalkotas_nyilvanossaga_2006jan.pdf HTTP/1.1" 200 32102 "-" "Mozilla/5.0 (compatible; DotBot/1.1; http://www.opensiteexplorer.org/dotbot, help@moz.com)"
216.244.66.200 - - [10/Jun/2020:23:28:09 +0200] "GET /files/t%C3%83%C2%B6rv%C3%83%C2%A9nyjav081231.pdf HTTP/1.1" 200 - "-" "Mozilla/5.0 (compatible; DotBot/1.1; http://www.opensiteexplorer.org/dotbot, help@moz.com)"
216.244.66.200 - - [10/Jun/2020:23:28:33 +0200] "GET /files/hm_rendelet_tervezet_katonai_szolgalati_viszony_meltatlansag.pdf HTTP/1.1" 200 135073 "-" "Mozilla/5.0 (compatible; DotBot/1.1; http://www.opensiteexplorer.org/dotbot, help@moz.com)"
216.244.66.200 - - [10/Jun/2020:23:29:12 +0200] "GET /files/hm_rendelet_tervezet_katonak_illetmenyerol_es_juttatasairol.pdf HTTP/1.1" 200 171290 "-" "Mozilla/5.0 (compatible; DotBot/1.1; http://www.opensiteexplorer.org/dotbot, help@moz.com)"
216.244.66.200 - - [10/Jun/2020:23:30:14 +0200] "GET /files/A%20n%C3%83%C2%B6v%C3%83%C2%A9nyv%C3%83%C2%A9delemr%C3%85%E2%80%98l%20sz%C3%83%C2%B3l%C3%83%C2%B3%202000-1.doc HTTP/1.1" 200 - "-" "Mozilla/5.0 (compatible; DotBot/1.1; http://www.opensiteexplorer.org/dotbot, help@moz.com)"
84.236.120.219 - - [10/Jun/2020:23:37:38 +0200] "GET /files/R2422.pdf HTTP/1.1" 200 154270 "https://www.google.com/" "Mozilla/5.0 (Linux; Android 10; SM-A705FN) AppleWebKit/537.36 (KHTML, like Gecko) Chrome/83.0.4103.101 Mobile Safari/537.36"
40.77.167.122 - - [10/Jun/2020:23:39:39 +0200] "GET /taxonomy/term/18%2023%2024%2026%2025%2027%2028%2029%2052%2041%2031%2032%2098%2033%2048%2099%2034%2049%2035%2051%20100%2036%2050?page=196 HTTP/1.1" 200 - "-" "Mozilla/5.0 (compatible; bingbot/2.0; +http://www.bing.com/bingbot.htm)"
209.133.111.211 - - [10/Jun/2020:23:42:47 +0200] "GET /robots.txt HTTP/1.1" 200 1590 "-" "rogerbot/1.0 (http://www.moz.com/dp/rogerbot, rogerbot-crawler@moz.com)"
207.46.13.100 - - [10/Jun/2020:23:43:03 +0200] "GET /files/$File/eu_9.pdf HTTP/1.1" 200 - "-" "Mozilla/5.0 (compatible; bingbot/2.0; +http://www.bing.com/bingbot.htm)"
40.77.167.122 - - [10/Jun/2020:23:43:18 +0200] "GET /taxonomy/term/1/0?page=198 HTTP/1.1" 200 - "-" "Mozilla/5.0 (compatible; bingbot/2.0; +http://www.bing.com/bingbot.htm)"
209.133.111.211 - - [10/Jun/2020:23:43:19 +0200] "GET /node/feed HTTP/1.1" 200 - "-" "rogerbot/1.0 (http://www.moz.com/dp/rogerbot, rogerbot-crawler@moz.com)"
207.46.13.100 - - [10/Jun/2020:23:43:48 +0200] "GET /robots.txt HTTP/1.1" 200 1590 "-" "Mozilla/5.0 (compatible; bingbot/2.0; +http://www.bing.com/bingbot.htm)"
157.55.39.244 - - [10/Jun/2020:23:52:34 +0200] "GET /node/2051 HTTP/1.1" 200 - "-" "Mozilla/5.0 (compatible; bingbot/2.0; +http://www.bing.com/bingbot.htm)"
207.46.13.100 - - [10/Jun/2020:23:57:02 +0200] "GET /taxonomy/term/27?page=21 HTTP/1.1" 200 - "-" "Mozilla/5.0 (compatible; bingbot/2.0; +http://www.bing.com/bingbot.htm)"
216.244.66.200 - - [11/Jun/2020:00:01:31 +0200] "GET /taxonomy/term/1?page=79 HTTP/1.1" 200 - "-" "Mozilla/5.0 (compatible; DotBot/1.1; http://www.opensiteexplorer.org/dotbot, help@moz.com)"
216.244.66.200 - - [11/Jun/2020:00:03:12 +0200] "GET /user/482 HTTP/1.1" 200 - "-" "Mozilla/5.0 (compatible; DotBot/1.1; http://www.opensiteexplorer.org/dotbot, help@moz.com)"
178.154.200.24 - - [11/Jun/2020:00:03:13 +0200] "GET /robots.txt HTTP/1.1" 200 1590 "-" "Mozilla/5.0 (compatible; YandexBot/3.0; +http://yandex.com/bots)"
207.46.13.100 - - [11/Jun/2020:00:03:19 +0200] "GET /robots.txt HTTP/1.1" 200 1590 "-" "Mozilla/5.0 (compatible; bingbot/2.0; +http://www.bing.com/bingbot.htm)"
178.154.200.24 - - [11/Jun/2020:00:03:48 +0200] "GET /taxonomy/term/81 HTTP/1.1" 200 - "-" "Mozilla/5.0 (compatible; YandexBot/3.0; +http://yandex.com/bots)"
178.154.200.24 - - [11/Jun/2020:00:04:20 +0200] "GET /taxonomy/term/81 HTTP/1.1" 200 - "-" "Mozilla/5.0 (compatible; YandexBot/3.0; +http://yandex.com/bots)"
213.180.203.189 - - [11/Jun/2020:00:04:52 +0200] "GET /taxonomy/term/81 HTTP/1.1" 200 - "-" "Mozilla/5.0 (compatible; YandexBot/3.0; +http://yandex.com/bots)"
178.154.200.120 - - [11/Jun/2020:00:05:24 +0200] "GET /taxonomy/term/81 HTTP/1.1" 200 - "-" "Mozilla/5.0 (compatible; YandexBot/3.0; +http://yandex.com/bots)"
216.244.66.200 - - [11/Jun/2020:00:06:47 +0200] "GET /files/norma.pdf HTTP/1.1" 200 426954 "-" "Mozilla/5.0 (compatible; DotBot/1.1; http://www.opensiteexplorer.org/dotbot, help@moz.com)"
216.244.66.200 - - [11/Jun/2020:00:07:29 +0200] "GET /files/0502_T_rc_ra_Ramsari.doc HTTP/1.1" 200 48640 "-" "Mozilla/5.0 (compatible; DotBot/1.1; http://www.opensiteexplorer.org/dotbot, help@moz.com)"
216.244.66.200 - - [11/Jun/2020:00:08:04 +0200] "GET /files/80_2004_rendmod_070803_II.pdf HTTP/1.1" 200 103281 "-" "Mozilla/5.0 (compatible; DotBot/1.1; http://www.opensiteexplorer.org/dotbot, help@moz.com)"
216.244.66.200 - - [11/Jun/2020:00:08:34 +0200] "GET /files/Korrel-2007-9.doc HTTP/1.1" 200 33792 "-" "Mozilla/5.0 (compatible; DotBot/1.1; http://www.opensiteexplorer.org/dotbot, help@moz.com)"
216.244.66.200 - - [11/Jun/2020:00:09:03 +0200] "GET /files/PIC_tervezet_20090211.doc HTTP/1.1" 200 80896 "-" "Mozilla/5.0 (compatible; DotBot/1.1; http://www.opensiteexplorer.org/dotbot, help@moz.com)"
216.244.66.200 - - [11/Jun/2020:00:09:30 +0200] "GET /files/eloiranyzat.zip HTTP/1.1" 200 28035 "-" "Mozilla/5.0 (compatible; DotBot/1.1; http://www.opensiteexplorer.org/dotbot, help@moz.com)"
216.244.66.200 - - [11/Jun/2020:00:10:16 +0200] "GET /files/fogyved_koncepcio_070404.pdf HTTP/1.1" 200 517980 "-" "Mozilla/5.0 (compatible; DotBot/1.1; http://www.opensiteexplorer.org/dotbot, help@moz.com)"
216.244.66.200 - - [11/Jun/2020:00:10:49 +0200] "GET /files/hagyomanyos_szab_jav.pdf HTTP/1.1" 200 50007 "-" "Mozilla/5.0 (compatible; DotBot/1.1; http://www.opensiteexplorer.org/dotbot, help@moz.com)"
216.244.66.200 - - [11/Jun/2020:00:11:53 +0200] "GET /files/idegenvezet%C5%91.pdf HTTP/1.1" 200 - "-" "Mozilla/5.0 (compatible; DotBot/1.1; http://www.opensiteexplorer.org/dotbot, help@moz.com)"
216.244.66.200 - - [11/Jun/2020:00:12:19 +0200] "GET /files/kozigegyeztetesre0223.pdf HTTP/1.1" 200 173102 "-" "Mozilla/5.0 (compatible; DotBot/1.1; http://www.opensiteexplorer.org/dotbot, help@moz.com)"
216.244.66.200 - - [11/Jun/2020:00:12:56 +0200] "GET /files/kozuti_jarmuvek_modositas.pdf HTTP/1.1" 200 82183 "-" "Mozilla/5.0 (compatible; DotBot/1.1; http://www.opensiteexplorer.org/dotbot, help@moz.com)"
216.244.66.200 - - [11/Jun/2020:00:13:46 +0200] "GET /files/ktt_terv_080801.zip HTTP/1.1" 200 571554 "-" "Mozilla/5.0 (compatible; DotBot/1.1; http://www.opensiteexplorer.org/dotbot, help@moz.com)"
216.244.66.200 - - [11/Jun/2020:00:14:22 +0200] "GET /files/legi_modosit.pdf HTTP/1.1" 200 138399 "-" "Mozilla/5.0 (compatible; DotBot/1.1; http://www.opensiteexplorer.org/dotbot, help@moz.com)"
216.244.66.200 - - [11/Jun/2020:00:14:57 +0200] "GET /files/rmk_terv_090526.pdf HTTP/1.1" 200 215406 "-" "Mozilla/5.0 (compatible; DotBot/1.1; http://www.opensiteexplorer.org/dotbot, help@moz.com)"
216.244.66.200 - - [11/Jun/2020:00:15:30 +0200] "GET /files/0213_rendelet_tarcara_Sz_n_s.doc HTTP/1.1" 200 105984 "-" "Mozilla/5.0 (compatible; DotBot/1.1; http://www.opensiteexplorer.org/dotbot, help@moz.com)"
47.57.28.96 - - [11/Jun/2020:00:15:36 +0200] "GET /xmlrpc.php HTTP/1.1" 200 - "-" "Mozilla/5.0 (Windows NT 6.1; WOW64; rv:45.0) Gecko/20100101 Firefox/45.0"
216.244.66.200 - - [11/Jun/2020:00:16:10 +0200] "GET /files/0417_NY_Mecsek_tervezet_k_zig.doc HTTP/1.1" 200 188928 "-" "Mozilla/5.0 (compatible; DotBot/1.1; http://www.opensiteexplorer.org/dotbot, help@moz.com)"
216.244.66.200 - - [11/Jun/2020:00:16:44 +0200] "GET /files/eloterj_uht_vhr_mod_kozig_2007_12.pdf HTTP/1.1" 200 190284 "-" "Mozilla/5.0 (compatible; DotBot/1.1; http://www.opensiteexplorer.org/dotbot, help@moz.com)"
216.244.66.200 - - [11/Jun/2020:00:17:19 +0200] "GET /files/elterjsszakkepzes06.23.vgleges_jelentes0702.pdf HTTP/1.1" 200 173779 "-" "Mozilla/5.0 (compatible; DotBot/1.1; http://www.opensiteexplorer.org/dotbot, help@moz.com)"
216.244.66.200 - - [11/Jun/2020:00:17:55 +0200] "GET /files/frekvenciahaszn_jogosult_paly_szab.doc HTTP/1.1" 200 159232 "-" "Mozilla/5.0 (compatible; DotBot/1.1; http://www.opensiteexplorer.org/dotbot, help@moz.com)"
157.55.39.244 - - [11/Jun/2020:00:18:17 +0200] "GET /files/Minta_irattariterv_onkormanyzatoknak.pdf HTTP/1.1" 200 401745 "-" "Mozilla/5.0 (iPhone; CPU iPhone OS 7_0 like Mac OS X) AppleWebKit/537.51.1 (KHTML, like Gecko) Version/7.0 Mobile/11A465 Safari/9537.53 (compatible; bingbot/2.0; +http://www.bing.com/bingbot.htm)"
216.244.66.200 - - [11/Jun/2020:00:18:29 +0200] "GET /files/szakm_koll_min_rend_terv_081211.doc HTTP/1.1" 200 183296 "-" "Mozilla/5.0 (compatible; DotBot/1.1; http://www.opensiteexplorer.org/dotbot, help@moz.com)"
216.244.66.200 - - [11/Jun/2020:00:18:58 +0200] "GET /files/termeszet_vedelmi_orszolg_tervezet.pdf HTTP/1.1" 200 30701 "-" "Mozilla/5.0 (compatible; DotBot/1.1; http://www.opensiteexplorer.org/dotbot, help@moz.com)"
216.244.66.200 - - [11/Jun/2020:00:19:59 +0200] "GET /files/v%C3%83%C2%A1rosi%20jelent%C3%83%C2%A9s_0.pdf HTTP/1.1" 200 - "-" "Mozilla/5.0 (compatible; DotBot/1.1; http://www.opensiteexplorer.org/dotbot, help@moz.com)"
216.244.66.200 - - [11/Jun/2020:00:20:50 +0200] "GET /files/Igazgat%C3%83%C2%A1si%20szolg%C3%83%C2%A1ltat%C3%83%C2%A1si%20d%C3%83%C2%ADjak.doc HTTP/1.1" 200 - "-" "Mozilla/5.0 (compatible; DotBot/1.1; http://www.opensiteexplorer.org/dotbot, help@moz.com)"
216.244.66.200 - - [11/Jun/2020:00:21:09 +0200] "GET /files/ismeretlen_helyen_tartozkodo_korozes_szakmai_indokolas.doc HTTP/1.1" 200 32256 "-" "Mozilla/5.0 (compatible; DotBot/1.1; http://www.opensiteexplorer.org/dotbot, help@moz.com)"
40.77.167.122 - - [11/Jun/2020:00:23:37 +0200] "GET /node/1777 HTTP/1.1" 200 - "-" "Mozilla/5.0 (compatible; bingbot/2.0; +http://www.bing.com/bingbot.htm)"
66.249.66.158 - - [11/Jun/2020:00:38:09 +0200] "GET /files/orszszi_terv_070530.pdf HTTP/1.1" 200 478463 "-" "Mozilla/5.0 (Linux; Android 6.0.1; Nexus 5X Build/MMB29P) AppleWebKit/537.36 (KHTML, like Gecko) Chrome/80.0.3987.92 Mobile Safari/537.36 (compatible; Googlebot/2.1; +http://www.google.com/bot.html)"
216.244.66.200 - - [11/Jun/2020:00:43:30 +0200] "GET /node/700 HTTP/1.1" 200 - "-" "Mozilla/5.0 (compatible; DotBot/1.1; http://www.opensiteexplorer.org/dotbot, help@moz.com)"
216.244.66.200 - - [11/Jun/2020:00:44:02 +0200] "GET /node/705 HTTP/1.1" 200 - "-" "Mozilla/5.0 (compatible; DotBot/1.1; http://www.opensiteexplorer.org/dotbot, help@moz.com)"
216.244.66.200 - - [11/Jun/2020:00:44:43 +0200] "GET /node/982 HTTP/1.1" 200 - "-" "Mozilla/5.0 (compatible; DotBot/1.1; http://www.opensiteexplorer.org/dotbot, help@moz.com)"
216.244.66.200 - - [11/Jun/2020:00:45:33 +0200] "GET /node/1462 HTTP/1.1" 200 - "-" "Mozilla/5.0 (compatible; DotBot/1.1; http://www.opensiteexplorer.org/dotbot, help@moz.com)"
216.244.66.200 - - [11/Jun/2020:00:46:24 +0200] "GET /node/1512 HTTP/1.1" 200 - "-" "Mozilla/5.0 (compatible; DotBot/1.1; http://www.opensiteexplorer.org/dotbot, help@moz.com)"
216.244.66.200 - - [11/Jun/2020:00:47:14 +0200] "GET /node/1556 HTTP/1.1" 200 - "-" "Mozilla/5.0 (compatible; DotBot/1.1; http://www.opensiteexplorer.org/dotbot, help@moz.com)"
216.244.66.200 - - [11/Jun/2020:00:48:39 +0200] "GET /files/KHEM_827.doc HTTP/1.1" 200 70144 "-" "Mozilla/5.0 (compatible; DotBot/1.1; http://www.opensiteexplorer.org/dotbot, help@moz.com)"
216.244.66.200 - - [11/Jun/2020:00:48:40 +0200] "GET /files/megfelel%C3%83%C2%A9si%20t%C3%83%C2%A1bl%C3%83%C2%A1zat-2006-120-ek.doc HTTP/1.1" 200 - "-" "Mozilla/5.0 (compatible; DotBot/1.1; http://www.opensiteexplorer.org/dotbot, help@moz.com)"
117.80.166.168 - - [11/Jun/2020:00:49:02 +0200] "GET /files/KHEM_5310_9_norma.doc HTTP/1.1" 200 718848 "-" "Mozilla/5.0 (compatible; MSIE 9.0; Windows NT 6.1; WOW64; Trident/5.0)"
216.244.66.200 - - [11/Jun/2020:00:49:28 +0200] "GET /files/NFGM_1538.pdf HTTP/1.1" 200 474412 "-" "Mozilla/5.0 (compatible; DotBot/1.1; http://www.opensiteexplorer.org/dotbot, help@moz.com)"
216.244.66.200 - - [11/Jun/2020:00:50:19 +0200] "GET /files/otrt.pdf HTTP/1.1" 200 438338 "-" "Mozilla/5.0 (compatible; DotBot/1.1; http://www.opensiteexplorer.org/dotbot, help@moz.com)"
216.244.66.200 - - [11/Jun/2020:00:51:21 +0200] "GET /user/31/notify HTTP/1.1" 200 - "-" "Mozilla/5.0 (compatible; DotBot/1.1; http://www.opensiteexplorer.org/dotbot, help@moz.com)"
216.244.66.200 - - [11/Jun/2020:00:51:41 +0200] "GET /files/0427_Natura_2._mell_klet.doc HTTP/1.1" 200 179200 "-" "Mozilla/5.0 (compatible; DotBot/1.1; http://www.opensiteexplorer.org/dotbot, help@moz.com)"
216.244.66.200 - - [11/Jun/2020:00:52:19 +0200] "GET /files/11_12_evf_terv_090220.pdf HTTP/1.1" 200 320321 "-" "Mozilla/5.0 (compatible; DotBot/1.1; http://www.opensiteexplorer.org/dotbot, help@moz.com)"
216.244.66.200 - - [11/Jun/2020:00:53:10 +0200] "GET /files/14_1994_terv_080509.pdf HTTP/1.1" 200 270523 "-" "Mozilla/5.0 (compatible; DotBot/1.1; http://www.opensiteexplorer.org/dotbot, help@moz.com)"
216.244.66.200 - - [11/Jun/2020:00:53:48 +0200] "GET /files/2007.I._K%C3%9CM_.doc HTTP/1.1" 200 20480 "-" "Mozilla/5.0 (compatible; DotBot/1.1; http://www.opensiteexplorer.org/dotbot, help@moz.com)"
216.244.66.200 - - [11/Jun/2020:00:54:50 +0200] "GET /files/2009janj%C3%83%C2%BAn.pdf HTTP/1.1" 200 - "-" "Mozilla/5.0 (compatible; DotBot/1.1; http://www.opensiteexplorer.org/dotbot, help@moz.com)"
216.244.66.200 - - [11/Jun/2020:00:55:11 +0200] "GET /files/5280_kult_int_070208.pdf HTTP/1.1" 200 165464 "-" "Mozilla/5.0 (compatible; DotBot/1.1; http://www.opensiteexplorer.org/dotbot, help@moz.com)"
216.244.66.200 - - [11/Jun/2020:00:56:01 +0200] "GET /files/9298_terv_070410.pdf HTTP/1.1" 200 681602 "-" "Mozilla/5.0 (compatible; DotBot/1.1; http://www.opensiteexplorer.org/dotbot, help@moz.com)"
216.244.66.200 - - [11/Jun/2020:00:56:33 +0200] "GET /files/KIB_eloterjesztes.pdf HTTP/1.1" 200 162153 "-" "Mozilla/5.0 (compatible; DotBot/1.1; http://www.opensiteexplorer.org/dotbot, help@moz.com)"
216.244.66.200 - - [11/Jun/2020:00:57:13 +0200] "GET /files/alkalmi_terv_090122.pdf HTTP/1.1" 200 278937 "-" "Mozilla/5.0 (compatible; DotBot/1.1; http://www.opensiteexplorer.org/dotbot, help@moz.com)"
216.244.66.200 - - [11/Jun/2020:00:57:57 +0200] "GET /files/bunugyijogsegely.doc HTTP/1.1" 200 436224 "-" "Mozilla/5.0 (compatible; DotBot/1.1; http://www.opensiteexplorer.org/dotbot, help@moz.com)"
216.244.66.200 - - [11/Jun/2020:00:58:32 +0200] "GET /files/fontos-bizalmas.pdf HTTP/1.1" 200 270194 "-" "Mozilla/5.0 (compatible; DotBot/1.1; http://www.opensiteexplorer.org/dotbot, help@moz.com)"
216.244.66.200 - - [11/Jun/2020:00:59:05 +0200] "GET /files/hagyomanyos_megfelel.pdf HTTP/1.1" 200 128481 "-" "Mozilla/5.0 (compatible; DotBot/1.1; http://www.opensiteexplorer.org/dotbot, help@moz.com)"
216.244.66.200 - - [11/Jun/2020:00:59:35 +0200] "GET /files/vedelmi_kijeloles1.pdf HTTP/1.1" 200 76587 "-" "Mozilla/5.0 (compatible; DotBot/1.1; http://www.opensiteexplorer.org/dotbot, help@moz.com)"
216.244.66.200 - - [11/Jun/2020:01:00:09 +0200] "GET /files/xcv_modositas.pdf HTTP/1.1" 200 208675 "-" "Mozilla/5.0 (compatible; DotBot/1.1; http://www.opensiteexplorer.org/dotbot, help@moz.com)"
216.244.66.200 - - [11/Jun/2020:01:00:38 +0200] "GET /files/1004_vedett_allatfajok__k_zigre__2_.doc HTTP/1.1" 200 204800 "-" "Mozilla/5.0 (compatible; DotBot/1.1; http://www.opensiteexplorer.org/dotbot, help@moz.com)"
216.244.66.200 - - [11/Jun/2020:01:01:06 +0200] "GET /files/355_2007_korm_rendterv_080825.pdf HTTP/1.1" 200 185705 "-" "Mozilla/5.0 (compatible; DotBot/1.1; http://www.opensiteexplorer.org/dotbot, help@moz.com)"
216.244.66.200 - - [11/Jun/2020:01:02:02 +0200] "GET /files/Indokol%C3%83%C2%A1s.t%C3%83%C2%A1rc%C3%83%C2%A1ra.doc HTTP/1.1" 200 - "-" "Mozilla/5.0 (compatible; DotBot/1.1; http://www.opensiteexplorer.org/dotbot, help@moz.com)"
216.244.66.200 - - [11/Jun/2020:01:02:22 +0200] "GET /files/_meg3fmujmg9i6ar3dd5pnkobbg9p781kb_.pdf HTTP/1.1" 200 142903 "-" "Mozilla/5.0 (compatible; DotBot/1.1; http://www.opensiteexplorer.org/dotbot, help@moz.com)"
216.244.66.200 - - [11/Jun/2020:01:02:53 +0200] "GET /files/drogback_eloterj_2_vezetoi_061129.pdf HTTP/1.1" 200 155455 "-" "Mozilla/5.0 (compatible; DotBot/1.1; http://www.opensiteexplorer.org/dotbot, help@moz.com)"
216.244.66.200 - - [11/Jun/2020:01:03:22 +0200] "GET /files/tars.bunmeg_20090304_tars.vita.doc HTTP/1.1" 200 109056 "-" "Mozilla/5.0 (compatible; DotBot/1.1; http://www.opensiteexplorer.org/dotbot, help@moz.com)"
207.46.13.6 - - [11/Jun/2020:01:03:54 +0200] "GET /files/$File/eu_2.pdf HTTP/1.1" 200 - "-" "Mozilla/5.0 (compatible; bingbot/2.0; +http://www.bing.com/bingbot.htm)"
40.77.167.122 - - [11/Jun/2020:01:05:08 +0200] "GET /files/ptk_kotelmi_jog.pdf HTTP/1.1" 304 - "-" "Mozilla/5.0 (compatible; bingbot/2.0; +http://www.bing.com/bingbot.htm)"
216.169.131.254 - - [11/Jun/2020:01:11:31 +0200] "GET /node/158 HTTP/1.1" 200 - "-" "Mozilla/5.0 (Windows NT 6.2; WOW64; rv:48.0) Gecko/20100101 Firefox/48.0"
178.154.200.102 - - [11/Jun/2020:01:13:54 +0200] "GET /drupal/ HTTP/1.1" 200 - "-" "Mozilla/5.0 (compatible; YandexBot/3.0; +http://yandex.com/bots)"
178.154.200.212 - - [11/Jun/2020:01:14:26 +0200] "GET /drupal/ HTTP/1.1" 200 - "-" "Mozilla/5.0 (compatible; YandexBot/3.0; +http://yandex.com/bots)"
178.154.200.24 - - [11/Jun/2020:01:14:58 +0200] "GET /drupal/ HTTP/1.1" 200 - "-" "Mozilla/5.0 (compatible; YandexBot/3.0; +http://yandex.com/bots)"
207.46.13.6 - - [11/Jun/2020:01:18:54 +0200] "GET /node/2525 HTTP/1.1" 200 - "-" "Mozilla/5.0 (compatible; bingbot/2.0; +http://www.bing.com/bingbot.htm)"
23.237.4.26 - - [11/Jun/2020:01:21:23 +0200] "GET / HTTP/1.0" 200 - "-" "Mozilla/5.0 (compatible; AlphaBot/3.2; +http://alphaseobot.com/bot.html)"
23.237.4.26 - - [11/Jun/2020:01:21:34 +0200] "GET / HTTP/1.0" 200 - "-" "Mozilla/5.0 (compatible; AlphaBot/3.2; +http://alphaseobot.com/bot.html)"
23.237.4.26 - - [11/Jun/2020:01:21:44 +0200] "GET / HTTP/1.0" 200 - "-" "Mozilla/5.0 (compatible; AlphaBot/3.2; +http://alphaseobot.com/bot.html)"
23.237.4.26 - - [11/Jun/2020:01:21:55 +0200] "GET / HTTP/1.0" 200 - "-" "Mozilla/5.0 (compatible; AlphaBot/3.2; +http://alphaseobot.com/bot.html)"
23.237.4.26 - - [11/Jun/2020:01:22:06 +0200] "GET / HTTP/1.0" 200 - "-" "Mozilla/5.0 (compatible; AlphaBot/3.2; +http://alphaseobot.com/bot.html)"
23.237.4.26 - - [11/Jun/2020:01:22:17 +0200] "GET / HTTP/1.0" 200 - "-" "Mozilla/5.0 (compatible; AlphaBot/3.2; +http://alphaseobot.com/bot.html)"
40.77.167.122 - - [11/Jun/2020:01:28:36 +0200] "GET /files/e-tertiveveny_kozig_08-02-18_(3).doc HTTP/1.1" 304 - "-" "Mozilla/5.0 (compatible; bingbot/2.0; +http://www.bing.com/bingbot.htm)"
207.46.13.6 - - [11/Jun/2020:01:33:28 +0200] "GET /files/1_mell_favi_eng_alap.doc HTTP/1.1" 200 - "-" "Mozilla/5.0 (iPhone; CPU iPhone OS 7_0 like Mac OS X) AppleWebKit/537.51.1 (KHTML, like Gecko) Version/7.0 Mobile/11A465 Safari/9537.53 (compatible; bingbot/2.0; +http://www.bing.com/bingbot.htm)"
207.46.13.100 - - [11/Jun/2020:01:33:50 +0200] "GET /robots.txt HTTP/1.1" 200 1590 "-" "Mozilla/5.0 (compatible; bingbot/2.0; +http://www.bing.com/bingbot.htm)"
207.46.13.100 - - [11/Jun/2020:01:33:53 +0200] "GET /taxonomy/term/57 HTTP/1.1" 200 - "-" "Mozilla/5.0 (iPhone; CPU iPhone OS 7_0 like Mac OS X) AppleWebKit/537.51.1 (KHTML, like Gecko) Version/7.0 Mobile/11A465 Safari/9537.53 (compatible; bingbot/2.0; +http://www.bing.com/bingbot.htm)"
207.46.13.100 - - [11/Jun/2020:01:38:29 +0200] "GET /taxonomy/term/18%2023%2024%2026%2025%2027%2028%2029%2052%2041%2031%2032%2098%2033%2048%2099%2034%2049%2035%2051%20100%2036%2050 HTTP/1.1" 200 - "-" "Mozilla/5.0 (compatible; bingbot/2.0; +http://www.bing.com/bingbot.htm)"
207.46.13.100 - - [11/Jun/2020:01:42:08 +0200] "GET /files/$File/fu_e_meg.pdf HTTP/1.1" 200 - "-" "Mozilla/5.0 (compatible; bingbot/2.0; +http://www.bing.com/bingbot.htm)"
216.244.66.200 - - [11/Jun/2020:01:52:06 +0200] "GET /node/1169 HTTP/1.1" 200 - "-" "Mozilla/5.0 (compatible; DotBot/1.1; http://www.opensiteexplorer.org/dotbot, help@moz.com)"
216.244.66.200 - - [11/Jun/2020:01:53:10 +0200] "GET /node/2033 HTTP/1.1" 200 - "-" "Mozilla/5.0 (compatible; DotBot/1.1; http://www.opensiteexplorer.org/dotbot, help@moz.com)"
216.244.66.200 - - [11/Jun/2020:01:56:56 +0200] "GET /files/2009m%C3%83%C2%A1rciusjav.pdf HTTP/1.1" 200 - "-" "Mozilla/5.0 (compatible; DotBot/1.1; http://www.opensiteexplorer.org/dotbot, help@moz.com)"
216.244.66.200 - - [11/Jun/2020:01:57:20 +0200] "GET /files/38per2003_biocid_20081112.doc HTTP/1.1" 200 134144 "-" "Mozilla/5.0 (compatible; DotBot/1.1; http://www.opensiteexplorer.org/dotbot, help@moz.com)"
216.244.66.200 - - [11/Jun/2020:01:58:05 +0200] "GET /files/SKV_jegyzokonyv_KOZIG.pdf HTTP/1.1" 200 407778 "-" "Mozilla/5.0 (compatible; DotBot/1.1; http://www.opensiteexplorer.org/dotbot, help@moz.com)"
157.55.39.244 - - [11/Jun/2020:01:58:17 +0200] "GET /node/1158 HTTP/1.1" 200 - "-" "Mozilla/5.0 (iPhone; CPU iPhone OS 7_0 like Mac OS X) AppleWebKit/537.51.1 (KHTML, like Gecko) Version/7.0 Mobile/11A465 Safari/9537.53 (compatible; bingbot/2.0; +http://www.bing.com/bingbot.htm)"
216.244.66.200 - - [11/Jun/2020:01:58:44 +0200] "GET /files/_9ehin50bcclq74pbechinl0jj_.pdf HTTP/1.1" 200 145600 "-" "Mozilla/5.0 (compatible; DotBot/1.1; http://www.opensiteexplorer.org/dotbot, help@moz.com)"
207.46.13.100 - - [11/Jun/2020:01:59:10 +0200] "GET /taxonomy/term/24/0?page=7 HTTP/1.1" 200 - "-" "Mozilla/5.0 (compatible; bingbot/2.0; +http://www.bing.com/bingbot.htm)"
