66.249.64.196 - - [04/Jan/2023:21:07:33 +0100] "GET /files/orszszi_terv_070530.pdf HTTP/1.1" 304 - "-" "Mozilla/5.0 (Linux; Android 6.0.1; Nexus 5X Build/MMB29P) AppleWebKit/537.36 (KHTML, like Gecko) Chrome/107.0.5304.115 Mobile Safari/537.36 (compatible; Googlebot/2.1; +http://www.google.com/bot.html)"
114.119.156.233 - - [04/Jan/2023:21:08:28 +0100] "GET /robots.txt HTTP/1.1" 200 1590 "-" "Mozilla/5.0 (compatible;PetalBot;+https://webmaster.petalsearch.com/site/petalbot)"
40.77.167.21 - - [04/Jan/2023:21:09:38 +0100] "GET /node/1193 HTTP/1.1" 200 - "-" "Mozilla/5.0 AppleWebKit/537.36 (KHTML, like Gecko; compatible; bingbot/2.0; +http://www.bing.com/bingbot.htm) Chrome/103.0.5060.134 Safari/537.36"
66.249.64.196 - - [04/Jan/2023:21:13:58 +0100] "GET /files/OTSZ%20rendelet.pdf HTTP/1.1" 304 - "-" "Mozilla/5.0 (Linux; Android 6.0.1; Nexus 5X Build/MMB29P) AppleWebKit/537.36 (KHTML, like Gecko) Chrome/107.0.5304.115 Mobile Safari/537.36 (compatible; Googlebot/2.1; +http://www.google.com/bot.html)"
194.169.217.251 - - [04/Jan/2023:21:20:16 +0100] "GET /wp-includes/images/crystal/index.php HTTP/1.1" 200 - "-" "Mozilla/5.0 (Windows NT 10.0; Win64; x64) AppleWebKit/537.36 (KHTML, like Gecko) Chrome/87.0.4280.141 Safari/537.36"
66.249.64.222 - - [04/Jan/2023:21:20:24 +0100] "GET /files/elemiszerkonyv122007.pdf HTTP/1.1" 304 - "-" "Mozilla/5.0 (Linux; Android 6.0.1; Nexus 5X Build/MMB29P) AppleWebKit/537.36 (KHTML, like Gecko) Chrome/107.0.5304.115 Mobile Safari/537.36 (compatible; Googlebot/2.1; +http://www.google.com/bot.html)"
194.169.217.227 - - [04/Jan/2023:21:20:48 +0100] "GET /wp-includes/images/crystal/index.php HTTP/1.1" 200 - "-" "Mozilla/5.0 (Windows NT 10.0; Win64; x64) AppleWebKit/537.36 (KHTML, like Gecko) Chrome/87.0.4280.141 Safari/537.36"
157.55.39.80 - - [04/Jan/2023:21:24:19 +0100] "GET /taxonomy/term/94 HTTP/1.1" 200 - "-" "Mozilla/5.0 (compatible; bingbot/2.0; +http://www.bing.com/bingbot.htm)"
77.88.9.139 - - [04/Jan/2023:21:25:10 +0100] "GET /robots.txt HTTP/1.1" 200 1590 "-" "Mozilla/5.0 (compatible; YandexBot/3.0; +http://yandex.com/bots)"
77.88.9.138 - - [04/Jan/2023:21:25:46 +0100] "GET / HTTP/1.1" 200 - "-" "Mozilla/5.0 (compatible; YandexBot/3.0; +http://yandex.com/bots)"
77.88.9.131 - - [04/Jan/2023:21:26:18 +0100] "GET / HTTP/1.1" 200 - "-" "Mozilla/5.0 (compatible; YandexBot/3.0; +http://yandex.com/bots)"
77.88.9.140 - - [04/Jan/2023:21:26:50 +0100] "GET / HTTP/1.1" 200 - "-" "Mozilla/5.0 (compatible; YandexBot/3.0; +http://yandex.com/bots)"
77.88.9.130 - - [04/Jan/2023:21:27:22 +0100] "GET / HTTP/1.1" 200 - "-" "Mozilla/5.0 (compatible; YandexBot/3.0; +http://yandex.com/bots)"
77.88.9.137 - - [04/Jan/2023:21:27:54 +0100] "GET / HTTP/1.1" 200 - "-" "Mozilla/5.0 (compatible; YandexBot/3.0; +http://yandex.com/bots)"
77.88.9.137 - - [04/Jan/2023:21:28:26 +0100] "GET / HTTP/1.1" 200 - "-" "Mozilla/5.0 (compatible; YandexBot/3.0; +http://yandex.com/bots)"
66.249.64.222 - - [04/Jan/2023:21:28:56 +0100] "GET /files/A_Digitalis_Atallas_Strategiaja.pdf HTTP/1.1" 304 - "-" "Mozilla/5.0 (Linux; Android 6.0.1; Nexus 5X Build/MMB29P) AppleWebKit/537.36 (KHTML, like Gecko) Chrome/107.0.5304.115 Mobile Safari/537.36 (compatible; Googlebot/2.1; +http://www.google.com/bot.html)"
216.244.66.200 - - [04/Jan/2023:21:37:48 +0100] "GET /robots.txt HTTP/1.1" 200 1590 "-" "Mozilla/5.0 (compatible; DotBot/1.2; +https://opensiteexplorer.org/dotbot; help@moz.com)"
216.244.66.200 - - [04/Jan/2023:21:37:49 +0100] "GET /robots.txt HTTP/1.1" 200 1590 "-" "Mozilla/5.0 (compatible; DotBot/1.2; +https://opensiteexplorer.org/dotbot; help@moz.com)"
114.119.154.203 - - [04/Jan/2023:21:45:07 +0100] "GET /robots.txt HTTP/1.1" 200 1590 "-" "Mozilla/5.0 (compatible;PetalBot;+https://webmaster.petalsearch.com/site/petalbot)"
66.249.70.39 - - [04/Jan/2023:21:52:33 +0100] "GET /files/3_mell_FAVI_ENG__ves.doc HTTP/1.1" 304 - "-" "Mozilla/5.0 (Linux; Android 6.0.1; Nexus 5X Build/MMB29P) AppleWebKit/537.36 (KHTML, like Gecko) Chrome/107.0.5304.115 Mobile Safari/537.36 (compatible; Googlebot/2.1; +http://www.google.com/bot.html)"
66.249.64.222 - - [04/Jan/2023:21:54:39 +0100] "GET /files/OHT_II_febr2.pdf HTTP/1.1" 304 - "-" "Mozilla/5.0 (Linux; Android 6.0.1; Nexus 5X Build/MMB29P) AppleWebKit/537.36 (KHTML, like Gecko) Chrome/107.0.5304.115 Mobile Safari/537.36 (compatible; Googlebot/2.1; +http://www.google.com/bot.html)"
216.244.66.200 - - [04/Jan/2023:22:00:59 +0100] "GET /files/PM_Jogalkot%C3%A1si%20feladatok%20jegyz%C3%A9ke%202007.%20I.%20f%C3%A9l%C3%A9v.doc HTTP/1.1" 200 33792 "-" "Mozilla/5.0 (compatible; DotBot/1.2; +https://opensiteexplorer.org/dotbot; help@moz.com)"
216.244.66.200 - - [04/Jan/2023:22:01:58 +0100] "GET /files/11_1994_terv_090310.pdf HTTP/1.1" 200 227207 "-" "Mozilla/5.0 (compatible; DotBot/1.2; +https://opensiteexplorer.org/dotbot; help@moz.com)"
216.244.66.200 - - [04/Jan/2023:22:02:11 +0100] "GET /files/etrend_tervezet_37per2004_081028.doc HTTP/1.1" 200 239616 "-" "Mozilla/5.0 (compatible; DotBot/1.2; +https://opensiteexplorer.org/dotbot; help@moz.com)"
216.244.66.200 - - [04/Jan/2023:22:02:24 +0100] "GET /files/iuszolg-eloterjesztes_kozigre.doc HTTP/1.1" 200 788480 "-" "Mozilla/5.0 (compatible; DotBot/1.2; +https://opensiteexplorer.org/dotbot; help@moz.com)"
216.244.66.200 - - [04/Jan/2023:22:02:36 +0100] "GET /files/konzuli_tv_tervezet.pdf HTTP/1.1" 200 135094 "-" "Mozilla/5.0 (compatible; DotBot/1.2; +https://opensiteexplorer.org/dotbot; help@moz.com)"
216.244.66.200 - - [04/Jan/2023:22:02:48 +0100] "GET /files/munkaszuneti_napok_2008_070726.pdf HTTP/1.1" 200 114361 "-" "Mozilla/5.0 (compatible; DotBot/1.2; +https://opensiteexplorer.org/dotbot; help@moz.com)"
216.244.66.200 - - [04/Jan/2023:22:02:59 +0100] "GET /files/rat2005vegimodrend_4_melleklet_1222.doc HTTP/1.1" 200 31232 "-" "Mozilla/5.0 (compatible; DotBot/1.2; +https://opensiteexplorer.org/dotbot; help@moz.com)"
216.244.66.200 - - [04/Jan/2023:22:03:09 +0100] "GET /files/1-2003.doc HTTP/1.1" 200 35328 "-" "Mozilla/5.0 (compatible; DotBot/1.2; +https://opensiteexplorer.org/dotbot; help@moz.com)"
216.244.66.200 - - [04/Jan/2023:22:03:20 +0100] "GET /files/1796.pdf HTTP/1.1" 200 121937 "-" "Mozilla/5.0 (compatible; DotBot/1.2; +https://opensiteexplorer.org/dotbot; help@moz.com)"
216.244.66.200 - - [04/Jan/2023:22:03:33 +0100] "GET /files/20904_13.pdf HTTP/1.1" 200 314524 "-" "Mozilla/5.0 (compatible; DotBot/1.2; +https://opensiteexplorer.org/dotbot; help@moz.com)"
216.244.66.200 - - [04/Jan/2023:22:03:45 +0100] "GET /files/2198.pdf HTTP/1.1" 200 303517 "-" "Mozilla/5.0 (compatible; DotBot/1.2; +https://opensiteexplorer.org/dotbot; help@moz.com)"
216.244.66.200 - - [04/Jan/2023:22:03:57 +0100] "GET /files/TK118_3.doc HTTP/1.1" 200 178688 "-" "Mozilla/5.0 (compatible; DotBot/1.2; +https://opensiteexplorer.org/dotbot; help@moz.com)"
216.244.66.200 - - [04/Jan/2023:22:04:19 +0100] "GET /files/Alagutas_Korm_rend__Megfelel__si_t__bl__zat.pdf HTTP/1.1" 200 99255 "-" "Mozilla/5.0 (compatible; DotBot/1.2; +https://opensiteexplorer.org/dotbot; help@moz.com)"
216.244.66.200 - - [04/Jan/2023:22:04:30 +0100] "GET /files/egynapos_sebeszet_szakmai_feltetel_min_rend_terv.doc HTTP/1.1" 200 69632 "-" "Mozilla/5.0 (compatible; DotBot/1.2; +https://opensiteexplorer.org/dotbot; help@moz.com)"
216.244.66.200 - - [04/Jan/2023:22:04:41 +0100] "GET /files/fejezeti_kez_eloiramyz_min_rend_terv_090209.doc HTTP/1.1" 200 45568 "-" "Mozilla/5.0 (compatible; DotBot/1.2; +https://opensiteexplorer.org/dotbot; help@moz.com)"
216.244.66.200 - - [04/Jan/2023:22:04:53 +0100] "GET /files/hm_rendelet_tervezet_penzbeli_szocialis_juttatasok_modositasarol.pdf HTTP/1.1" 200 156577 "-" "Mozilla/5.0 (compatible; DotBot/1.2; +https://opensiteexplorer.org/dotbot; help@moz.com)"
216.244.66.200 - - [04/Jan/2023:22:05:05 +0100] "GET /files/torvenyjavaslat__osztrak_hatarokmanyok.doc HTTP/1.1" 200 56832 "-" "Mozilla/5.0 (compatible; DotBot/1.2; +https://opensiteexplorer.org/dotbot; help@moz.com)"
216.244.66.200 - - [04/Jan/2023:22:05:17 +0100] "GET /files/unicef_keretmegallapodas_tervezet_071114.pdf HTTP/1.1" 200 390378 "-" "Mozilla/5.0 (compatible; DotBot/1.2; +https://opensiteexplorer.org/dotbot; help@moz.com)"
216.244.66.200 - - [04/Jan/2023:22:05:40 +0100] "GET /files/KHEM_8777_3norma.doc HTTP/1.1" 200 93696 "-" "Mozilla/5.0 (compatible; DotBot/1.2; +https://opensiteexplorer.org/dotbot; help@moz.com)"
77.88.9.140 - - [04/Jan/2023:22:26:05 +0100] "GET /robots.txt HTTP/1.1" 200 1590 "-" "Mozilla/5.0 (compatible; YandexBot/3.0; +http://yandex.com/bots)"
77.88.9.140 - - [04/Jan/2023:22:26:40 +0100] "GET / HTTP/1.1" 200 - "-" "Mozilla/5.0 (compatible; YandexBot/3.0; +http://yandex.com/bots)"
77.88.9.140 - - [04/Jan/2023:22:27:12 +0100] "GET / HTTP/1.1" 200 - "-" "Mozilla/5.0 (compatible; YandexBot/3.0; +http://yandex.com/bots)"
77.88.9.130 - - [04/Jan/2023:22:27:44 +0100] "GET / HTTP/1.1" 200 - "-" "Mozilla/5.0 (compatible; YandexBot/3.0; +http://yandex.com/bots)"
77.88.9.138 - - [04/Jan/2023:22:28:16 +0100] "GET / HTTP/1.1" 200 - "-" "Mozilla/5.0 (compatible; YandexBot/3.0; +http://yandex.com/bots)"
77.88.9.131 - - [04/Jan/2023:22:28:35 +0100] "GET / HTTP/1.1" 200 - "-" "Mozilla/5.0 (compatible; YandexBot/3.0; +http://yandex.com/bots)"
77.88.9.140 - - [04/Jan/2023:22:29:07 +0100] "GET / HTTP/1.1" 200 - "-" "Mozilla/5.0 (compatible; YandexBot/3.0; +http://yandex.com/bots)"
77.88.9.131 - - [04/Jan/2023:22:29:39 +0100] "GET / HTTP/1.1" 200 - "-" "Mozilla/5.0 (compatible; YandexBot/3.0; +http://yandex.com/bots)"
66.249.64.196 - - [04/Jan/2023:22:33:14 +0100] "GET /files/ingatlan_nyilvantartas_tervezet_060524.pdf HTTP/1.1" 304 - "-" "Mozilla/5.0 (Linux; Android 6.0.1; Nexus 5X Build/MMB29P) AppleWebKit/537.36 (KHTML, like Gecko) Chrome/107.0.5304.115 Mobile Safari/537.36 (compatible; Googlebot/2.1; +http://www.google.com/bot.html)"
216.244.66.200 - - [04/Jan/2023:22:36:32 +0100] "GET /robots.txt HTTP/1.1" 200 1590 "-" "Mozilla/5.0 (compatible; DotBot/1.2; +https://opensiteexplorer.org/dotbot; help@moz.com)"
216.244.66.200 - - [04/Jan/2023:22:36:32 +0100] "GET /robots.txt HTTP/1.1" 200 1590 "-" "Mozilla/5.0 (compatible; DotBot/1.2; +https://opensiteexplorer.org/dotbot; help@moz.com)"
157.55.39.80 - - [04/Jan/2023:22:36:36 +0100] "GET /node/1039 HTTP/1.1" 200 - "-" "Mozilla/5.0 AppleWebKit/537.36 (KHTML, like Gecko; compatible; bingbot/2.0; +http://www.bing.com/bingbot.htm) Chrome/103.0.5060.134 Safari/537.36"
66.249.70.37 - - [04/Jan/2023:22:44:38 +0100] "GET /files/norma_1.pdf HTTP/1.1" 200 158204 "-" "Googlebot/2.1 (+http://www.google.com/bot.html)"
66.249.64.222 - - [04/Jan/2023:22:46:05 +0100] "GET /files/alapf_muv_okt_kovet_060414.pdf HTTP/1.1" 304 - "-" "Mozilla/5.0 (Linux; Android 6.0.1; Nexus 5X Build/MMB29P) AppleWebKit/537.36 (KHTML, like Gecko) Chrome/107.0.5304.115 Mobile Safari/537.36 (compatible; Googlebot/2.1; +http://www.google.com/bot.html)"
216.244.66.200 - - [04/Jan/2023:22:57:21 +0100] "GET /files/Korrel-2007-11.doc HTTP/1.1" 200 37888 "-" "Mozilla/5.0 (compatible; DotBot/1.2; +https://opensiteexplorer.org/dotbot; help@moz.com)"
216.244.66.200 - - [04/Jan/2023:22:59:09 +0100] "GET /files/KHEM_5310_9_norma.doc HTTP/1.1" 200 718848 "-" "Mozilla/5.0 (compatible; DotBot/1.2; +https://opensiteexplorer.org/dotbot; help@moz.com)"
216.244.66.200 - - [04/Jan/2023:22:59:41 +0100] "GET /files/ig.szak.muk_tervezet-1.doc HTTP/1.1" 200 175104 "-" "Mozilla/5.0 (compatible; DotBot/1.2; +https://opensiteexplorer.org/dotbot; help@moz.com)"
216.244.66.200 - - [04/Jan/2023:23:00:12 +0100] "GET /files/orsz_szak_rend_terv_080509.pdf HTTP/1.1" 200 249492 "-" "Mozilla/5.0 (compatible; DotBot/1.2; +https://opensiteexplorer.org/dotbot; help@moz.com)"
66.249.64.222 - - [04/Jan/2023:23:09:58 +0100] "GET /files/6_3_oraszagbeli_kutatok_KI_070404_.doc HTTP/1.1" 200 259584 "-" "Mozilla/5.0 (Linux; Android 6.0.1; Nexus 5X Build/MMB29P) AppleWebKit/537.36 (KHTML, like Gecko) Chrome/107.0.5304.115 Mobile Safari/537.36 (compatible; Googlebot/2.1; +http://www.google.com/bot.html)"
157.55.39.87 - - [04/Jan/2023:23:12:14 +0100] "GET / HTTP/1.1" 200 - "-" "Mozilla/5.0 AppleWebKit/537.36 (KHTML, like Gecko; compatible; bingbot/2.0; +http://www.bing.com/bingbot.htm) Chrome/103.0.5060.134 Safari/537.36"
66.249.70.37 - - [04/Jan/2023:23:15:19 +0100] "GET /files/szoc.szovetkezetek.pdf HTTP/1.1" 200 332984 "-" "Mozilla/5.0 (Linux; Android 6.0.1; Nexus 5X Build/MMB29P) AppleWebKit/537.36 (KHTML, like Gecko) Chrome/107.0.5304.115 Mobile Safari/537.36 (compatible; Googlebot/2.1; +http://www.google.com/bot.html)"
66.249.70.41 - - [04/Jan/2023:23:23:30 +0100] "GET /files/kozokt_diakig_terv_080807.pdf HTTP/1.1" 200 244341 "-" "Mozilla/5.0 (Linux; Android 6.0.1; Nexus 5X Build/MMB29P) AppleWebKit/537.36 (KHTML, like Gecko) Chrome/107.0.5304.115 Mobile Safari/537.36 (compatible; Googlebot/2.1; +http://www.google.com/bot.html)"
40.77.167.21 - - [04/Jan/2023:23:23:41 +0100] "GET /node/845 HTTP/1.1" 200 - "-" "Mozilla/5.0 (compatible; bingbot/2.0; +http://www.bing.com/bingbot.htm)"
77.88.9.137 - - [04/Jan/2023:23:27:31 +0100] "GET /robots.txt HTTP/1.1" 200 1590 "-" "Mozilla/5.0 (compatible; YandexBot/3.0; +http://yandex.com/bots)"
77.88.9.139 - - [04/Jan/2023:23:28:07 +0100] "GET / HTTP/1.1" 200 - "-" "Mozilla/5.0 (compatible; YandexBot/3.0; +http://yandex.com/bots)"
77.88.9.138 - - [04/Jan/2023:23:28:39 +0100] "GET / HTTP/1.1" 200 - "-" "Mozilla/5.0 (compatible; YandexBot/3.0; +http://yandex.com/bots)"
77.88.9.131 - - [04/Jan/2023:23:29:11 +0100] "GET / HTTP/1.1" 200 - "-" "Mozilla/5.0 (compatible; YandexBot/3.0; +http://yandex.com/bots)"
77.88.9.140 - - [04/Jan/2023:23:29:43 +0100] "GET / HTTP/1.1" 200 - "-" "Mozilla/5.0 (compatible; YandexBot/3.0; +http://yandex.com/bots)"
77.88.9.130 - - [04/Jan/2023:23:30:15 +0100] "GET / HTTP/1.1" 200 - "-" "Mozilla/5.0 (compatible; YandexBot/3.0; +http://yandex.com/bots)"
77.88.9.137 - - [04/Jan/2023:23:30:47 +0100] "GET / HTTP/1.1" 200 - "-" "Mozilla/5.0 (compatible; YandexBot/3.0; +http://yandex.com/bots)"
66.249.70.39 - - [04/Jan/2023:23:31:41 +0100] "GET /files/leveltari_rend_terv_081216.pdf HTTP/1.1" 200 185441 "-" "Mozilla/5.0 (Linux; Android 6.0.1; Nexus 5X Build/MMB29P) AppleWebKit/537.36 (KHTML, like Gecko) Chrome/107.0.5304.115 Mobile Safari/537.36 (compatible; Googlebot/2.1; +http://www.google.com/bot.html)"
216.244.66.200 - - [04/Jan/2023:23:33:14 +0100] "GET /robots.txt HTTP/1.1" 200 1590 "-" "Mozilla/5.0 (compatible; DotBot/1.2; +https://opensiteexplorer.org/dotbot; help@moz.com)"
216.244.66.200 - - [04/Jan/2023:23:33:14 +0100] "GET /robots.txt HTTP/1.1" 200 1590 "-" "Mozilla/5.0 (compatible; DotBot/1.2; +https://opensiteexplorer.org/dotbot; help@moz.com)"
66.249.70.39 - - [04/Jan/2023:23:39:51 +0100] "GET /files/nem-konvencionalis_korm_rend_090202.doc HTTP/1.1" 304 - "-" "Mozilla/5.0 (Linux; Android 6.0.1; Nexus 5X Build/MMB29P) AppleWebKit/537.36 (KHTML, like Gecko) Chrome/107.0.5304.115 Mobile Safari/537.36 (compatible; Googlebot/2.1; +http://www.google.com/bot.html)"
172.68.226.235 - - [04/Jan/2023:23:43:35 +0100] "GET /files/pirotechnika_(honlapra).doc HTTP/1.1" 200 1301504 "-" "Mozilla/5.0 (X11; Linux x86_64) AppleWebKit/537.36 (KHTML, like Gecko) Chrome/83.0.4103.7 Safari/537.36"
216.244.66.200 - - [04/Jan/2023:23:51:20 +0100] "GET /files/KHEM_2398norma.doc HTTP/1.1" 200 406016 "-" "Mozilla/5.0 (compatible; DotBot/1.2; +https://opensiteexplorer.org/dotbot; help@moz.com)"
216.244.66.200 - - [04/Jan/2023:23:51:22 +0100] "GET /user/92/notify HTTP/1.1" 200 - "-" "Mozilla/5.0 (compatible; DotBot/1.2; +https://opensiteexplorer.org/dotbot; help@moz.com)"
216.244.66.200 - - [04/Jan/2023:23:52:20 +0100] "GET /files/NAR_jogharmoniz%C3%83%C2%A1ci%C3%83%C2%B3_kozigazgatasi%20egyeztetesre.doc HTTP/1.1" 200 - "-" "Mozilla/5.0 (compatible; DotBot/1.2; +https://opensiteexplorer.org/dotbot; help@moz.com)"
216.244.66.200 - - [04/Jan/2023:23:52:21 +0100] "GET /files/madartani_kozigre0806.pdf HTTP/1.1" 200 230896 "-" "Mozilla/5.0 (compatible; DotBot/1.2; +https://opensiteexplorer.org/dotbot; help@moz.com)"
216.244.66.200 - - [04/Jan/2023:23:52:56 +0100] "GET /files/muszaki_3melleklet.pdf HTTP/1.1" 200 171106 "-" "Mozilla/5.0 (compatible; DotBot/1.2; +https://opensiteexplorer.org/dotbot; help@moz.com)"
216.244.66.200 - - [04/Jan/2023:23:53:25 +0100] "GET /files/normasz__veg_081027.doc HTTP/1.1" 200 39936 "-" "Mozilla/5.0 (compatible; DotBot/1.2; +https://opensiteexplorer.org/dotbot; help@moz.com)"
216.244.66.200 - - [04/Jan/2023:23:53:56 +0100] "GET /files/tervezet_megyaszo.pdf HTTP/1.1" 200 196207 "-" "Mozilla/5.0 (compatible; DotBot/1.2; +https://opensiteexplorer.org/dotbot; help@moz.com)"
66.249.70.39 - - [04/Jan/2023:23:56:14 +0100] "GET /files/kozut_kozl.35_2000_bmr_egt.doc HTTP/1.1" 200 608768 "-" "Mozilla/5.0 (Linux; Android 6.0.1; Nexus 5X Build/MMB29P) AppleWebKit/537.36 (KHTML, like Gecko) Chrome/107.0.5304.115 Mobile Safari/537.36 (compatible; Googlebot/2.1; +http://www.google.com/bot.html)"
66.249.64.193 - - [05/Jan/2023:00:04:24 +0100] "GET /files/rendelet_mukodes_kozig.doc HTTP/1.1" 200 92672 "-" "Mozilla/5.0 (Linux; Android 6.0.1; Nexus 5X Build/MMB29P) AppleWebKit/537.36 (KHTML, like Gecko) Chrome/107.0.5304.115 Mobile Safari/537.36 (compatible; Googlebot/2.1; +http://www.google.com/bot.html)"
66.249.64.222 - - [05/Jan/2023:00:12:34 +0100] "GET /files/0306_tjf_110el_t..doc HTTP/1.1" 304 - "-" "Mozilla/5.0 (Linux; Android 6.0.1; Nexus 5X Build/MMB29P) AppleWebKit/537.36 (KHTML, like Gecko) Chrome/107.0.5304.115 Mobile Safari/537.36 (compatible; Googlebot/2.1; +http://www.google.com/bot.html)"
157.55.39.209 - - [05/Jan/2023:00:18:20 +0100] "GET /files/indoklas_20060508.pdf HTTP/1.1" 200 108108 "-" "Mozilla/5.0 AppleWebKit/537.36 (KHTML, like Gecko; compatible; bingbot/2.0; +http://www.bing.com/bingbot.htm) Chrome/103.0.5060.134 Safari/537.36"
101.68.211.2 - - [05/Jan/2023:00:20:16 +0100] "GET / HTTP/1.1" 200 - "-" "Mozilla/5.0 (Macintosh; Intel Mac OS X 10.11; rv:47.0) Gecko/20100101 Firefox/47.0"
66.249.64.222 - - [05/Jan/2023:00:20:45 +0100] "GET /files/keklampa.doc HTTP/1.1" 304 - "-" "Mozilla/5.0 (Linux; Android 6.0.1; Nexus 5X Build/MMB29P) AppleWebKit/537.36 (KHTML, like Gecko) Chrome/107.0.5304.115 Mobile Safari/537.36 (compatible; Googlebot/2.1; +http://www.google.com/bot.html)"
216.244.66.200 - - [05/Jan/2023:00:27:51 +0100] "GET /robots.txt HTTP/1.1" 200 1590 "-" "Mozilla/5.0 (compatible; DotBot/1.2; +https://opensiteexplorer.org/dotbot; help@moz.com)"
77.88.9.131 - - [05/Jan/2023:00:28:45 +0100] "GET /robots.txt HTTP/1.1" 200 1590 "-" "Mozilla/5.0 (compatible; YandexBot/3.0; +http://yandex.com/bots)"
66.249.64.193 - - [05/Jan/2023:00:28:56 +0100] "GET /files/KHEm_1088.doc HTTP/1.1" 304 - "-" "Mozilla/5.0 (Linux; Android 6.0.1; Nexus 5X Build/MMB29P) AppleWebKit/537.36 (KHTML, like Gecko) Chrome/107.0.5304.115 Mobile Safari/537.36 (compatible; Googlebot/2.1; +http://www.google.com/bot.html)"
77.88.9.140 - - [05/Jan/2023:00:29:20 +0100] "GET / HTTP/1.1" 200 - "-" "Mozilla/5.0 (compatible; YandexBot/3.0; +http://yandex.com/bots)"
77.88.9.130 - - [05/Jan/2023:00:29:52 +0100] "GET / HTTP/1.1" 200 - "-" "Mozilla/5.0 (compatible; YandexBot/3.0; +http://yandex.com/bots)"
77.88.9.137 - - [05/Jan/2023:00:30:24 +0100] "GET / HTTP/1.1" 200 - "-" "Mozilla/5.0 (compatible; YandexBot/3.0; +http://yandex.com/bots)"
77.88.9.139 - - [05/Jan/2023:00:30:56 +0100] "GET / HTTP/1.1" 200 - "-" "Mozilla/5.0 (compatible; YandexBot/3.0; +http://yandex.com/bots)"
77.88.9.138 - - [05/Jan/2023:00:31:28 +0100] "GET / HTTP/1.1" 200 - "-" "Mozilla/5.0 (compatible; YandexBot/3.0; +http://yandex.com/bots)"
77.88.9.131 - - [05/Jan/2023:00:32:00 +0100] "GET / HTTP/1.1" 200 - "-" "Mozilla/5.0 (compatible; YandexBot/3.0; +http://yandex.com/bots)"
66.249.70.37 - - [05/Jan/2023:00:37:07 +0100] "GET /files/okj_formai_eloirasai_060516.pdf HTTP/1.1" 304 - "-" "Mozilla/5.0 (Linux; Android 6.0.1; Nexus 5X Build/MMB29P) AppleWebKit/537.36 (KHTML, like Gecko) Chrome/107.0.5304.115 Mobile Safari/537.36 (compatible; Googlebot/2.1; +http://www.google.com/bot.html)"
216.244.66.200 - - [05/Jan/2023:00:43:03 +0100] "GET /files/KHEM_801_9-1.doc HTTP/1.1" 200 76288 "-" "Mozilla/5.0 (compatible; DotBot/1.2; +https://opensiteexplorer.org/dotbot; help@moz.com)"
216.244.66.200 - - [05/Jan/2023:00:43:59 +0100] "GET /files/01_21_normarendelet_KSZF.doc HTTP/1.1" 200 991471 "-" "Mozilla/5.0 (compatible; DotBot/1.2; +https://opensiteexplorer.org/dotbot; help@moz.com)"
216.244.66.200 - - [05/Jan/2023:00:44:28 +0100] "GET /files/13per2005Eum_rend_mod.doc HTTP/1.1" 200 38400 "-" "Mozilla/5.0 (compatible; DotBot/1.2; +https://opensiteexplorer.org/dotbot; help@moz.com)"
216.244.66.200 - - [05/Jan/2023:00:45:05 +0100] "GET /files/2008_korirat_1-1.zip HTTP/1.1" 200 474918 "-" "Mozilla/5.0 (compatible; DotBot/1.2; +https://opensiteexplorer.org/dotbot; help@moz.com)"
216.244.66.200 - - [05/Jan/2023:00:45:37 +0100] "GET /files/Ebktv%20modositas%20060831.doc HTTP/1.1" 200 68608 "-" "Mozilla/5.0 (compatible; DotBot/1.2; +https://opensiteexplorer.org/dotbot; help@moz.com)"
216.244.66.200 - - [05/Jan/2023:00:46:10 +0100] "GET /files/Maconkai-ret_tervezet.pdf HTTP/1.1" 200 183314 "-" "Mozilla/5.0 (compatible; DotBot/1.2; +https://opensiteexplorer.org/dotbot; help@moz.com)"
216.244.66.200 - - [05/Jan/2023:00:46:46 +0100] "GET /files/szakszo_hajozo_1mell.pdf HTTP/1.1" 200 239410 "-" "Mozilla/5.0 (compatible; DotBot/1.2; +https://opensiteexplorer.org/dotbot; help@moz.com)"
216.244.66.200 - - [05/Jan/2023:00:47:19 +0100] "GET /files/szakszo_muszaki_3mell.pdf HTTP/1.1" 200 90463 "-" "Mozilla/5.0 (compatible; DotBot/1.2; +https://opensiteexplorer.org/dotbot; help@moz.com)"
88.99.238.79 - - [05/Jan/2023:00:50:45 +0100] "GET /ads.txt HTTP/1.0" 200 - "-" "Mozilla/5.0 (Windows NT 10.0; Win64; x64; rv:86.0) Gecko/20100101 Firefox/86.0"
66.249.64.222 - - [05/Jan/2023:01:17:47 +0100] "GET /files/20071_0.doc HTTP/1.1" 200 53760 "-" "Mozilla/5.0 (compatible; Googlebot/2.1; +http://www.google.com/bot.html)"
216.244.66.200 - - [05/Jan/2023:01:18:21 +0100] "GET /robots.txt HTTP/1.1" 200 1590 "-" "Mozilla/5.0 (compatible; DotBot/1.2; +https://opensiteexplorer.org/dotbot; help@moz.com)"
216.244.66.200 - - [05/Jan/2023:01:18:21 +0100] "GET /robots.txt HTTP/1.1" 200 1590 "-" "Mozilla/5.0 (compatible; DotBot/1.2; +https://opensiteexplorer.org/dotbot; help@moz.com)"
66.249.64.196 - - [05/Jan/2023:01:25:51 +0100] "GET /files/tk19.pdf HTTP/1.1" 304 - "-" "Mozilla/5.0 (Linux; Android 6.0.1; Nexus 5X Build/MMB29P) AppleWebKit/537.36 (KHTML, like Gecko) Chrome/107.0.5304.115 Mobile Safari/537.36 (compatible; Googlebot/2.1; +http://www.google.com/bot.html)"
77.88.9.131 - - [05/Jan/2023:01:29:49 +0100] "GET /robots.txt HTTP/1.1" 200 1590 "-" "Mozilla/5.0 (compatible; YandexBot/3.0; +http://yandex.com/bots)"
77.88.9.140 - - [05/Jan/2023:01:30:25 +0100] "GET / HTTP/1.1" 200 - "-" "Mozilla/5.0 (compatible; YandexBot/3.0; +http://yandex.com/bots)"
77.88.9.130 - - [05/Jan/2023:01:30:57 +0100] "GET / HTTP/1.1" 200 - "-" "Mozilla/5.0 (compatible; YandexBot/3.0; +http://yandex.com/bots)"
77.88.9.137 - - [05/Jan/2023:01:31:29 +0100] "GET / HTTP/1.1" 200 - "-" "Mozilla/5.0 (compatible; YandexBot/3.0; +http://yandex.com/bots)"
216.244.66.200 - - [05/Jan/2023:01:31:56 +0100] "GET /files/polgarivedelem.pdf HTTP/1.1" 200 211287 "-" "Mozilla/5.0 (compatible; DotBot/1.2; +https://opensiteexplorer.org/dotbot; help@moz.com)"
77.88.9.139 - - [05/Jan/2023:01:32:01 +0100] "GET / HTTP/1.1" 200 - "-" "Mozilla/5.0 (compatible; YandexBot/3.0; +http://yandex.com/bots)"
77.88.9.138 - - [05/Jan/2023:01:32:33 +0100] "GET / HTTP/1.1" 200 - "-" "Mozilla/5.0 (compatible; YandexBot/3.0; +http://yandex.com/bots)"
216.244.66.200 - - [05/Jan/2023:01:32:44 +0100] "GET /files/8_2008_mod_melleklet_velemenyezesre.pdf HTTP/1.1" 200 434976 "-" "Mozilla/5.0 (compatible; DotBot/1.2; +https://opensiteexplorer.org/dotbot; help@moz.com)"
77.88.9.139 - - [05/Jan/2023:01:33:05 +0100] "GET / HTTP/1.1" 200 - "-" "Mozilla/5.0 (compatible; YandexBot/3.0; +http://yandex.com/bots)"
216.244.66.200 - - [05/Jan/2023:01:33:18 +0100] "GET /files/Kt_eloterjesztes_2009_08_12.pdf HTTP/1.1" 200 255851 "-" "Mozilla/5.0 (compatible; DotBot/1.2; +https://opensiteexplorer.org/dotbot; help@moz.com)"
216.244.66.200 - - [05/Jan/2023:01:33:50 +0100] "GET /files/korm_hat_terv_vedonoi_fejl_090722.doc HTTP/1.1" 200 273408 "-" "Mozilla/5.0 (compatible; DotBot/1.2; +https://opensiteexplorer.org/dotbot; help@moz.com)"
216.244.66.200 - - [05/Jan/2023:01:34:22 +0100] "GET /files/palyaor_terv_090518.pdf HTTP/1.1" 200 575324 "-" "Mozilla/5.0 (compatible; DotBot/1.2; +https://opensiteexplorer.org/dotbot; help@moz.com)"
216.244.66.200 - - [05/Jan/2023:01:34:51 +0100] "GET /files/lakrendmod_javaslat_indokolas_200709251.pdf HTTP/1.1" 200 122804 "-" "Mozilla/5.0 (compatible; DotBot/1.2; +https://opensiteexplorer.org/dotbot; help@moz.com)"
207.46.13.186 - - [05/Jan/2023:01:51:16 +0100] "GET /files/3_mell_FAVI_ENG__ves.doc HTTP/1.1" 304 - "-" "Mozilla/5.0 AppleWebKit/537.36 (KHTML, like Gecko; compatible; bingbot/2.0; +http://www.bing.com/bingbot.htm) Chrome/103.0.5060.134 Safari/537.36"
114.119.155.96 - - [05/Jan/2023:01:55:42 +0100] "GET /files/Kjt_euv_hr_20081212.doc HTTP/1.1" 200 372224 "-" "Mozilla/5.0 (Linux; Android 7.0;) AppleWebKit/537.36 (KHTML, like Gecko) Mobile Safari/537.36 (compatible; PetalBot;+https://webmaster.petalsearch.com/site/petalbot)"
114.119.158.144 - - [05/Jan/2023:01:57:33 +0100] "GET /files/1371_2.pdf HTTP/1.1" 200 179655 "-" "Mozilla/5.0 (Linux; Android 7.0;) AppleWebKit/537.36 (KHTML, like Gecko) Mobile Safari/537.36 (compatible; PetalBot;+https://webmaster.petalsearch.com/site/petalbot)"
216.244.66.200 - - [05/Jan/2023:02:08:22 +0100] "GET /robots.txt HTTP/1.1" 200 1590 "-" "Mozilla/5.0 (compatible; DotBot/1.2; +https://opensiteexplorer.org/dotbot; help@moz.com)"
216.244.66.200 - - [05/Jan/2023:02:08:22 +0100] "GET /robots.txt HTTP/1.1" 200 1590 "-" "Mozilla/5.0 (compatible; DotBot/1.2; +https://opensiteexplorer.org/dotbot; help@moz.com)"
66.249.64.193 - - [05/Jan/2023:02:14:13 +0100] "GET /files/gyermekszegenyseg_tervezet_6_eloterj_070125.pdf HTTP/1.1" 200 193242 "-" "Mozilla/5.0 (Linux; Android 6.0.1; Nexus 5X Build/MMB29P) AppleWebKit/537.36 (KHTML, like Gecko) Chrome/107.0.5304.115 Mobile Safari/537.36 (compatible; Googlebot/2.1; +http://www.google.com/bot.html)"
216.244.66.200 - - [05/Jan/2023:02:21:23 +0100] "GET /files/28_2009_OM-rend.pdf HTTP/1.1" 200 143910 "-" "Mozilla/5.0 (compatible; DotBot/1.2; +https://opensiteexplorer.org/dotbot; help@moz.com)"
216.244.66.200 - - [05/Jan/2023:02:21:42 +0100] "GET /files/44_2003_fvm_mod.pdf HTTP/1.1" 200 117643 "-" "Mozilla/5.0 (compatible; DotBot/1.2; +https://opensiteexplorer.org/dotbot; help@moz.com)"
216.244.66.200 - - [05/Jan/2023:02:21:58 +0100] "GET /files/1220_16_2004_mod_rend.doc HTTP/1.1" 200 50688 "-" "Mozilla/5.0 (compatible; DotBot/1.2; +https://opensiteexplorer.org/dotbot; help@moz.com)"
216.244.66.200 - - [05/Jan/2023:02:22:45 +0100] "GET /files/Szakmai+indokl%C3%83%C2%A1s.doc HTTP/1.1" 200 - "-" "Mozilla/5.0 (compatible; DotBot/1.2; +https://opensiteexplorer.org/dotbot; help@moz.com)"
216.244.66.200 - - [05/Jan/2023:02:23:04 +0100] "GET /files/indokolas_devizarendelet.pdf HTTP/1.1" 200 83961 "-" "Mozilla/5.0 (compatible; DotBot/1.2; +https://opensiteexplorer.org/dotbot; help@moz.com)"
216.244.66.200 - - [05/Jan/2023:02:23:34 +0100] "GET /files/korrel-2006-34_jav.doc HTTP/1.1" 200 35840 "-" "Mozilla/5.0 (compatible; DotBot/1.2; +https://opensiteexplorer.org/dotbot; help@moz.com)"
216.244.66.200 - - [05/Jan/2023:02:24:08 +0100] "GET /files/vhr_modositas_060529.pdf HTTP/1.1" 200 416555 "-" "Mozilla/5.0 (compatible; DotBot/1.2; +https://opensiteexplorer.org/dotbot; help@moz.com)"
216.244.66.200 - - [05/Jan/2023:02:24:38 +0100] "GET /files/vhvegyes-rendelet.doc HTTP/1.1" 200 104448 "-" "Mozilla/5.0 (compatible; DotBot/1.2; +https://opensiteexplorer.org/dotbot; help@moz.com)"
66.249.64.193 - - [05/Jan/2023:02:30:20 +0100] "GET /files/ins_terv_090508.pdf HTTP/1.1" 304 - "-" "Mozilla/5.0 (Linux; Android 6.0.1; Nexus 5X Build/MMB29P) AppleWebKit/537.36 (KHTML, like Gecko) Chrome/107.0.5304.115 Mobile Safari/537.36 (compatible; Googlebot/2.1; +http://www.google.com/bot.html)"
77.88.9.140 - - [05/Jan/2023:02:31:18 +0100] "GET /robots.txt HTTP/1.1" 200 1590 "-" "Mozilla/5.0 (compatible; YandexBot/3.0; +http://yandex.com/bots)"
77.88.9.130 - - [05/Jan/2023:02:31:53 +0100] "GET / HTTP/1.1" 200 - "-" "Mozilla/5.0 (compatible; YandexBot/3.0; +http://yandex.com/bots)"
77.88.9.137 - - [05/Jan/2023:02:32:25 +0100] "GET / HTTP/1.1" 200 - "-" "Mozilla/5.0 (compatible; YandexBot/3.0; +http://yandex.com/bots)"
77.88.9.139 - - [05/Jan/2023:02:32:57 +0100] "GET / HTTP/1.1" 200 - "-" "Mozilla/5.0 (compatible; YandexBot/3.0; +http://yandex.com/bots)"
77.88.9.138 - - [05/Jan/2023:02:33:29 +0100] "GET / HTTP/1.1" 200 - "-" "Mozilla/5.0 (compatible; YandexBot/3.0; +http://yandex.com/bots)"
77.88.9.131 - - [05/Jan/2023:02:34:01 +0100] "GET / HTTP/1.1" 200 - "-" "Mozilla/5.0 (compatible; YandexBot/3.0; +http://yandex.com/bots)"
77.88.9.140 - - [05/Jan/2023:02:34:33 +0100] "GET / HTTP/1.1" 200 - "-" "Mozilla/5.0 (compatible; YandexBot/3.0; +http://yandex.com/bots)"
66.249.70.41 - - [05/Jan/2023:02:34:55 +0100] "GET /files/33_1998_mod_terv_080708.pdf HTTP/1.1" 304 - "-" "Mozilla/5.0 (Linux; Android 6.0.1; Nexus 5X Build/MMB29P) AppleWebKit/537.36 (KHTML, like Gecko) Chrome/107.0.5304.115 Mobile Safari/537.36 (compatible; Googlebot/2.1; +http://www.google.com/bot.html)"
66.249.64.193 - - [05/Jan/2023:02:38:24 +0100] "GET /files/vizsgahely_terv_071001.pdf HTTP/1.1" 200 122898 "-" "Mozilla/5.0 (Linux; Android 6.0.1; Nexus 5X Build/MMB29P) AppleWebKit/537.36 (KHTML, like Gecko) Chrome/107.0.5304.115 Mobile Safari/537.36 (compatible; Googlebot/2.1; +http://www.google.com/bot.html)"
157.90.182.23 - - [05/Jan/2023:02:49:25 +0100] "GET /robots.txt HTTP/1.1" 200 1590 "-" "Mozilla/5.0 (compatible; BLEXBot/1.0; +http://webmeup-crawler.com/)"
157.90.182.23 - - [05/Jan/2023:02:50:06 +0100] "GET /sitemap HTTP/1.1" 200 - "-" "Mozilla/5.0 (compatible; BLEXBot/1.0; +http://webmeup-crawler.com/)"
157.90.182.23 - - [05/Jan/2023:02:50:18 +0100] "GET /robots.txt HTTP/1.1" 200 1590 "-" "Mozilla/5.0 (compatible; BLEXBot/1.0; +http://webmeup-crawler.com/)"
157.90.182.23 - - [05/Jan/2023:02:51:00 +0100] "GET /sitemap HTTP/1.1" 200 - "-" "Mozilla/5.0 (compatible; BLEXBot/1.0; +http://webmeup-crawler.com/)"
157.90.182.23 - - [05/Jan/2023:02:51:45 +0100] "GET /sitemap.txt HTTP/1.1" 200 - "-" "Mozilla/5.0 (compatible; BLEXBot/1.0; +http://webmeup-crawler.com/)"
157.90.182.23 - - [05/Jan/2023:02:52:33 +0100] "GET /sitemap.txt HTTP/1.1" 200 - "-" "Mozilla/5.0 (compatible; BLEXBot/1.0; +http://webmeup-crawler.com/)"
157.90.182.23 - - [05/Jan/2023:02:53:17 +0100] "GET / HTTP/1.1" 200 - "-" "Mozilla/5.0 (compatible; BLEXBot/1.0; +http://webmeup-crawler.com/)"
66.249.64.193 - - [05/Jan/2023:02:54:31 +0100] "GET /files/szakmagyakorlas.pdf HTTP/1.1" 200 172957 "-" "Mozilla/5.0 (compatible; Googlebot/2.1; +http://www.google.com/bot.html)"
81.209.177.145 - - [05/Jan/2023:02:58:26 +0100] "GET /robots.txt HTTP/1.1" 200 1590 "-" "netEstate NE Crawler (+http://www.website-datenbank.de/)"
81.209.177.145 - - [05/Jan/2023:02:58:59 +0100] "GET / HTTP/1.1" 200 - "-" "netEstate NE Crawler (+http://www.website-datenbank.de/)"
216.244.66.200 - - [05/Jan/2023:03:00:04 +0100] "GET /robots.txt HTTP/1.1" 200 1590 "-" "Mozilla/5.0 (compatible; DotBot/1.2; +https://opensiteexplorer.org/dotbot; help@moz.com)"
216.244.66.200 - - [05/Jan/2023:03:00:05 +0100] "GET /robots.txt HTTP/1.1" 200 1590 "-" "Mozilla/5.0 (compatible; DotBot/1.2; +https://opensiteexplorer.org/dotbot; help@moz.com)"
66.249.64.193 - - [05/Jan/2023:03:02:34 +0100] "GET /files/szakmagyakorlas.pdf HTTP/1.1" 304 - "-" "Mozilla/5.0 (Linux; Android 6.0.1; Nexus 5X Build/MMB29P) AppleWebKit/537.36 (KHTML, like Gecko) Chrome/107.0.5304.115 Mobile Safari/537.36 (compatible; Googlebot/2.1; +http://www.google.com/bot.html)"
40.77.167.21 - - [05/Jan/2023:03:03:19 +0100] "GET /node/756 HTTP/1.1" 200 - "-" "Mozilla/5.0 (compatible; bingbot/2.0; +http://www.bing.com/bingbot.htm)"
216.244.66.200 - - [05/Jan/2023:03:12:36 +0100] "GET /files/sulyos_vasuti.pdf HTTP/1.1" 200 179442 "-" "Mozilla/5.0 (compatible; DotBot/1.2; +https://opensiteexplorer.org/dotbot; help@moz.com)"
216.244.66.200 - - [05/Jan/2023:03:13:27 +0100] "GET /files/2006_lxxxviii_mod_velemenyezesre.pdf HTTP/1.1" 200 237850 "-" "Mozilla/5.0 (compatible; DotBot/1.2; +https://opensiteexplorer.org/dotbot; help@moz.com)"
216.244.66.200 - - [05/Jan/2023:03:13:29 +0100] "GET /files/76_2004___viii__19___eszcsm_rendelet_m%C3%83%C2%B3dos%C3%83%C2%ADt%C3%83%C2%A1sa_10.doc HTTP/1.1" 200 - "-" "Mozilla/5.0 (compatible; DotBot/1.2; +https://opensiteexplorer.org/dotbot; help@moz.com)"
216.244.66.200 - - [05/Jan/2023:03:13:47 +0100] "GET /files/BacskiskunIMrendelet.pdf HTTP/1.1" 200 23691 "-" "Mozilla/5.0 (compatible; DotBot/1.2; +https://opensiteexplorer.org/dotbot; help@moz.com)"
216.244.66.200 - - [05/Jan/2023:03:14:06 +0100] "GET /files/eloterjesztes_20100302.pdf HTTP/1.1" 200 159138 "-" "Mozilla/5.0 (compatible; DotBot/1.2; +https://opensiteexplorer.org/dotbot; help@moz.com)"
216.244.66.200 - - [05/Jan/2023:03:14:28 +0100] "GET /files/miniszt_2006_marc.doc HTTP/1.1" 200 48128 "-" "Mozilla/5.0 (compatible; DotBot/1.2; +https://opensiteexplorer.org/dotbot; help@moz.com)"
216.244.66.200 - - [05/Jan/2023:03:14:50 +0100] "GET /files/tamop_rend_terv_091104.pdf HTTP/1.1" 200 239925 "-" "Mozilla/5.0 (compatible; DotBot/1.2; +https://opensiteexplorer.org/dotbot; help@moz.com)"
216.244.66.200 - - [05/Jan/2023:03:15:17 +0100] "GET /files/tankonyvpiac_terv_070321.pdf HTTP/1.1" 200 271612 "-" "Mozilla/5.0 (compatible; DotBot/1.2; +https://opensiteexplorer.org/dotbot; help@moz.com)"
216.244.66.200 - - [05/Jan/2023:03:15:43 +0100] "GET /files/hm_rendelet_tervezet_kulszolgalat_jogallas.pdf HTTP/1.1" 200 168538 "-" "Mozilla/5.0 (compatible; DotBot/1.2; +https://opensiteexplorer.org/dotbot; help@moz.com)"
88.198.65.172 - - [05/Jan/2023:03:51:06 +0100] "GET / HTTP/1.1" 200 - "-" "Mozilla/5.0 (Windows NT 10.0; Win64; x64) AppleWebKit/537.36 (KHTML, like Gecko)' Chrome/59.0.3071.115 Safari/537.36"
216.244.66.200 - - [05/Jan/2023:03:52:55 +0100] "GET /robots.txt HTTP/1.1" 200 1590 "-" "Mozilla/5.0 (compatible; DotBot/1.2; +https://opensiteexplorer.org/dotbot; help@moz.com)"
216.244.66.200 - - [05/Jan/2023:03:52:55 +0100] "GET /robots.txt HTTP/1.1" 200 1590 "-" "Mozilla/5.0 (compatible; DotBot/1.2; +https://opensiteexplorer.org/dotbot; help@moz.com)"
216.244.66.200 - - [05/Jan/2023:04:09:34 +0100] "GET /files/Soproni_TK_tervezet_.pdf HTTP/1.1" 200 178296 "-" "Mozilla/5.0 (compatible; DotBot/1.2; +https://opensiteexplorer.org/dotbot; help@moz.com)"
216.244.66.200 - - [05/Jan/2023:04:10:04 +0100] "GET /files/aujeszky_rendelet_velemenyezesre.pdf HTTP/1.1" 200 190404 "-" "Mozilla/5.0 (compatible; DotBot/1.2; +https://opensiteexplorer.org/dotbot; help@moz.com)"
216.244.66.200 - - [05/Jan/2023:04:10:30 +0100] "GET /files/elismereses_hm_rendelet_modositasa.pdf HTTP/1.1" 200 109153 "-" "Mozilla/5.0 (compatible; DotBot/1.2; +https://opensiteexplorer.org/dotbot; help@moz.com)"
216.244.66.200 - - [05/Jan/2023:04:10:56 +0100] "GET /files/kozmuv_minosegrend_terv_100114.pdf HTTP/1.1" 200 135458 "-" "Mozilla/5.0 (compatible; DotBot/1.2; +https://opensiteexplorer.org/dotbot; help@moz.com)"
216.244.66.200 - - [05/Jan/2023:04:11:36 +0100] "GET /files/penzbeli_terv_081209.pdf HTTP/1.1" 200 468369 "-" "Mozilla/5.0 (compatible; DotBot/1.2; +https://opensiteexplorer.org/dotbot; help@moz.com)"
216.244.66.200 - - [05/Jan/2023:04:12:08 +0100] "GET /files/rendorifaindokolasmarc.28.doc HTTP/1.1" 200 36352 "-" "Mozilla/5.0 (compatible; DotBot/1.2; +https://opensiteexplorer.org/dotbot; help@moz.com)"
216.244.66.200 - - [05/Jan/2023:04:12:41 +0100] "GET /files/1212_TOC_nitr_t.doc HTTP/1.1" 200 85504 "-" "Mozilla/5.0 (compatible; DotBot/1.2; +https://opensiteexplorer.org/dotbot; help@moz.com)"
216.244.66.200 - - [05/Jan/2023:04:13:11 +0100] "GET /files/eloterjesztes_0.doc HTTP/1.1" 200 68608 "-" "Mozilla/5.0 (compatible; DotBot/1.2; +https://opensiteexplorer.org/dotbot; help@moz.com)"
216.244.66.200 - - [05/Jan/2023:04:14:10 +0100] "GET /files/130_2004___iv__29___korm__rendelet_m%C3%83%C2%B3dos%C3%83%C2%ADt%C3%83%C2%A1sa_6-1.doc HTTP/1.1" 200 - "-" "Mozilla/5.0 (compatible; DotBot/1.2; +https://opensiteexplorer.org/dotbot; help@moz.com)"
216.244.66.200 - - [05/Jan/2023:04:15:00 +0100] "GET /files/14.%20sz%C3%83%C2%A1m%C3%83%C2%BA%20mell%C3%83%C2%A9klet.doc HTTP/1.1" 200 - "-" "Mozilla/5.0 (compatible; DotBot/1.2; +https://opensiteexplorer.org/dotbot; help@moz.com)"
216.244.66.200 - - [05/Jan/2023:04:15:20 +0100] "GET /files/kornyezetvedelmi_megbizott_modositas.pdf HTTP/1.1" 200 76547 "-" "Mozilla/5.0 (compatible; DotBot/1.2; +https://opensiteexplorer.org/dotbot; help@moz.com)"
216.244.66.200 - - [05/Jan/2023:04:15:58 +0100] "GET /files/kulturalis_szakemberek_kepzese_070303.pdf HTTP/1.1" 200 195011 "-" "Mozilla/5.0 (compatible; DotBot/1.2; +https://opensiteexplorer.org/dotbot; help@moz.com)"
216.244.66.200 - - [05/Jan/2023:04:16:34 +0100] "GET /files/kem_bizt_vgr_jogharm_091208.doc HTTP/1.1" 200 147968 "-" "Mozilla/5.0 (compatible; DotBot/1.2; +https://opensiteexplorer.org/dotbot; help@moz.com)"
216.244.66.200 - - [05/Jan/2023:04:17:08 +0100] "GET /files/legiforgalmi_1mellekletl.pdf HTTP/1.1" 200 188737 "-" "Mozilla/5.0 (compatible; DotBot/1.2; +https://opensiteexplorer.org/dotbot; help@moz.com)"
216.244.66.200 - - [05/Jan/2023:04:17:41 +0100] "GET /files/megf_tabl_20080407.pdf HTTP/1.1" 200 125567 "-" "Mozilla/5.0 (compatible; DotBot/1.2; +https://opensiteexplorer.org/dotbot; help@moz.com)"
104.168.204.38 - - [05/Jan/2023:04:26:22 +0100] "GET / HTTP/1.1" 200 - "-" "Mozilla/5.0 (X11; Linux x86_64) AppleWebKit/537.36 (KHTML, like Gecko) Chrome/75.0.3770.100 Safari/537.36"
103.131.71.58 - - [05/Jan/2023:04:27:46 +0100] "GET /robots.txt HTTP/1.1" 200 1590 "-" "Mozilla/5.0 (compatible; coccocbot-web/1.0; +http://help.coccoc.com/searchengine)"
103.131.71.165 - - [05/Jan/2023:04:27:54 +0100] "GET /robots.txt HTTP/1.1" 200 1590 "-" "Mozilla/5.0 (compatible; coccocbot-web/1.0; +http://help.coccoc.com/searchengine)"
103.131.71.86 - - [05/Jan/2023:04:28:04 +0100] "GET /files/egyes_kormany-_es_miniszteri_rendeleti_szintu_jogszabalyok_es_jogszabalyi_rendelkezesek_technikai_deregulaciojarol_(3).doc HTTP/1.1" 304 - "-" "Mozilla/5.0 (compatible; coccocbot-web/1.0; +http://help.coccoc.com/searchengine)"
77.88.9.130 - - [05/Jan/2023:04:32:35 +0100] "GET /robots.txt HTTP/1.1" 200 1590 "-" "Mozilla/5.0 (compatible; YandexBot/3.0; +http://yandex.com/bots)"
77.88.9.130 - - [05/Jan/2023:04:33:10 +0100] "GET / HTTP/1.1" 200 - "-" "Mozilla/5.0 (compatible; YandexBot/3.0; +http://yandex.com/bots)"
77.88.9.130 - - [05/Jan/2023:04:33:42 +0100] "GET / HTTP/1.1" 200 - "-" "Mozilla/5.0 (compatible; YandexBot/3.0; +http://yandex.com/bots)"
77.88.9.137 - - [05/Jan/2023:04:34:14 +0100] "GET / HTTP/1.1" 200 - "-" "Mozilla/5.0 (compatible; YandexBot/3.0; +http://yandex.com/bots)"
77.88.9.139 - - [05/Jan/2023:04:34:46 +0100] "GET / HTTP/1.1" 200 - "-" "Mozilla/5.0 (compatible; YandexBot/3.0; +http://yandex.com/bots)"
77.88.9.131 - - [05/Jan/2023:04:35:06 +0100] "GET / HTTP/1.1" 200 - "-" "Mozilla/5.0 (compatible; YandexBot/3.0; +http://yandex.com/bots)"
77.88.9.130 - - [05/Jan/2023:04:35:38 +0100] "GET / HTTP/1.1" 200 - "-" "Mozilla/5.0 (compatible; YandexBot/3.0; +http://yandex.com/bots)"
77.88.9.130 - - [05/Jan/2023:04:36:10 +0100] "GET / HTTP/1.1" 200 - "-" "Mozilla/5.0 (compatible; YandexBot/3.0; +http://yandex.com/bots)"
216.244.66.200 - - [05/Jan/2023:04:45:46 +0100] "GET /robots.txt HTTP/1.1" 200 1590 "-" "Mozilla/5.0 (compatible; DotBot/1.2; +https://opensiteexplorer.org/dotbot; help@moz.com)"
216.244.66.200 - - [05/Jan/2023:04:59:03 +0100] "GET /files/1123_tamogatas_terv.pdf HTTP/1.1" 200 429650 "-" "Mozilla/5.0 (compatible; DotBot/1.2; +https://opensiteexplorer.org/dotbot; help@moz.com)"
216.244.66.200 - - [05/Jan/2023:04:59:14 +0100] "GET /files/1_szamu_melleklet_celtartalek0321.xls HTTP/1.1" 200 32256 "-" "Mozilla/5.0 (compatible; DotBot/1.2; +https://opensiteexplorer.org/dotbot; help@moz.com)"
216.244.66.200 - - [05/Jan/2023:04:59:25 +0100] "GET /files/4_szamu_melleklet_cetartalek.xls HTTP/1.1" 200 22016 "-" "Mozilla/5.0 (compatible; DotBot/1.2; +https://opensiteexplorer.org/dotbot; help@moz.com)"
216.244.66.200 - - [05/Jan/2023:04:59:41 +0100] "GET /files/cartagena_kozigre_0519.pdf HTTP/1.1" 200 186055 "-" "Mozilla/5.0 (compatible; DotBot/1.2; +https://opensiteexplorer.org/dotbot; help@moz.com)"
216.244.66.200 - - [05/Jan/2023:05:00:22 +0100] "GET /files/egyes_min_rend_mod_terv_070118.pdf HTTP/1.1" 200 368623 "-" "Mozilla/5.0 (compatible; DotBot/1.2; +https://opensiteexplorer.org/dotbot; help@moz.com)"
216.244.66.200 - - [05/Jan/2023:05:01:11 +0100] "GET /files/eloterjesztes_0826_kozze.doc HTTP/1.1" 200 391168 "-" "Mozilla/5.0 (compatible; DotBot/1.2; +https://opensiteexplorer.org/dotbot; help@moz.com)"
216.244.66.200 - - [05/Jan/2023:05:01:46 +0100] "GET /files/igazsagugyi_hivatalok.doc HTTP/1.1" 200 287232 "-" "Mozilla/5.0 (compatible; DotBot/1.2; +https://opensiteexplorer.org/dotbot; help@moz.com)"
216.244.66.200 - - [05/Jan/2023:05:02:24 +0100] "GET /files/nev_okt_11_94_080319.pdf HTTP/1.1" 200 261041 "-" "Mozilla/5.0 (compatible; DotBot/1.2; +https://opensiteexplorer.org/dotbot; help@moz.com)"
216.244.66.200 - - [05/Jan/2023:05:03:03 +0100] "GET /files/penzmosas_eloterjesztes_kozzetetel.doc HTTP/1.1" 200 510464 "-" "Mozilla/5.0 (compatible; DotBot/1.2; +https://opensiteexplorer.org/dotbot; help@moz.com)"
157.55.39.87 - - [05/Jan/2023:05:13:18 +0100] "GET / HTTP/1.1" 200 - "-" "Mozilla/5.0 AppleWebKit/537.36 (KHTML, like Gecko; compatible; bingbot/2.0; +http://www.bing.com/bingbot.htm) Chrome/103.0.5060.134 Safari/537.36"
77.88.9.130 - - [05/Jan/2023:05:33:21 +0100] "GET /robots.txt HTTP/1.1" 200 1590 "-" "Mozilla/5.0 (compatible; YandexBot/3.0; +http://yandex.com/bots)"
77.88.9.130 - - [05/Jan/2023:05:33:56 +0100] "GET / HTTP/1.1" 200 - "-" "Mozilla/5.0 (compatible; YandexBot/3.0; +http://yandex.com/bots)"
77.88.9.130 - - [05/Jan/2023:05:34:28 +0100] "GET / HTTP/1.1" 200 - "-" "Mozilla/5.0 (compatible; YandexBot/3.0; +http://yandex.com/bots)"
66.249.64.196 - - [05/Jan/2023:05:34:42 +0100] "GET /files/ekozig_strategia.pdf HTTP/1.1" 304 - "-" "Mozilla/5.0 (Linux; Android 6.0.1; Nexus 5X Build/MMB29P) AppleWebKit/537.36 (KHTML, like Gecko) Chrome/107.0.5304.115 Mobile Safari/537.36 (compatible; Googlebot/2.1; +http://www.google.com/bot.html)"
77.88.9.137 - - [05/Jan/2023:05:35:00 +0100] "GET / HTTP/1.1" 200 - "-" "Mozilla/5.0 (compatible; YandexBot/3.0; +http://yandex.com/bots)"
77.88.9.138 - - [05/Jan/2023:05:35:32 +0100] "GET / HTTP/1.1" 200 - "-" "Mozilla/5.0 (compatible; YandexBot/3.0; +http://yandex.com/bots)"
77.88.9.138 - - [05/Jan/2023:05:35:52 +0100] "GET / HTTP/1.1" 200 - "-" "Mozilla/5.0 (compatible; YandexBot/3.0; +http://yandex.com/bots)"
77.88.9.139 - - [05/Jan/2023:05:36:24 +0100] "GET / HTTP/1.1" 200 - "-" "Mozilla/5.0 (compatible; YandexBot/3.0; +http://yandex.com/bots)"
77.88.9.130 - - [05/Jan/2023:05:36:56 +0100] "GET / HTTP/1.1" 200 - "-" "Mozilla/5.0 (compatible; YandexBot/3.0; +http://yandex.com/bots)"
216.244.66.200 - - [05/Jan/2023:05:39:36 +0100] "GET /robots.txt HTTP/1.1" 200 1590 "-" "Mozilla/5.0 (compatible; DotBot/1.2; +https://opensiteexplorer.org/dotbot; help@moz.com)"
40.77.167.21 - - [05/Jan/2023:05:48:05 +0100] "GET /node/1536 HTTP/1.1" 200 - "-" "Mozilla/5.0 (compatible; bingbot/2.0; +http://www.bing.com/bingbot.htm)"
216.244.66.200 - - [05/Jan/2023:05:52:40 +0100] "GET /files/0427_Natura_2._mell_klet.doc HTTP/1.1" 200 179200 "-" "Mozilla/5.0 (compatible; DotBot/1.2; +https://opensiteexplorer.org/dotbot; help@moz.com)"
216.244.66.200 - - [05/Jan/2023:05:53:13 +0100] "GET /files/Normaszg_1999.LXIX.doc HTTP/1.1" 200 61440 "-" "Mozilla/5.0 (compatible; DotBot/1.2; +https://opensiteexplorer.org/dotbot; help@moz.com)"
216.244.66.200 - - [05/Jan/2023:05:53:49 +0100] "GET /files/alkalmi_terv_090122.pdf HTTP/1.1" 200 278937 "-" "Mozilla/5.0 (compatible; DotBot/1.2; +https://opensiteexplorer.org/dotbot; help@moz.com)"
216.244.66.200 - - [05/Jan/2023:05:54:27 +0100] "GET /files/ecdl_alligra_honlap_060222.pdf HTTP/1.1" 200 208040 "-" "Mozilla/5.0 (compatible; DotBot/1.2; +https://opensiteexplorer.org/dotbot; help@moz.com)"
216.244.66.200 - - [05/Jan/2023:05:55:06 +0100] "GET /files/forgrend_tervezet_.pdf HTTP/1.1" 200 214187 "-" "Mozilla/5.0 (compatible; DotBot/1.2; +https://opensiteexplorer.org/dotbot; help@moz.com)"
216.244.66.200 - - [05/Jan/2023:05:55:39 +0100] "GET /files/kozfurdok_normaszoveg.doc HTTP/1.1" 200 68096 "-" "Mozilla/5.0 (compatible; DotBot/1.2; +https://opensiteexplorer.org/dotbot; help@moz.com)"
216.244.66.200 - - [05/Jan/2023:05:56:11 +0100] "GET /files/szakke_szakm_vizsgkov_terv_100219.pdf HTTP/1.1" 200 155837 "-" "Mozilla/5.0 (compatible; DotBot/1.2; +https://opensiteexplorer.org/dotbot; help@moz.com)"
216.244.66.200 - - [05/Jan/2023:05:56:40 +0100] "GET /files/szakszo_hajozo_5mell.pdf HTTP/1.1" 200 50877 "-" "Mozilla/5.0 (compatible; DotBot/1.2; +https://opensiteexplorer.org/dotbot; help@moz.com)"
216.244.66.200 - - [05/Jan/2023:05:57:39 +0100] "GET /files/t%C3%83%C2%A1rc%C3%83%C2%A1ra.doc HTTP/1.1" 200 - "-" "Mozilla/5.0 (compatible; DotBot/1.2; +https://opensiteexplorer.org/dotbot; help@moz.com)"
216.244.66.200 - - [05/Jan/2023:05:58:29 +0100] "GET /files/terv_nyari_gyermeketkeztetes_070507.pdf HTTP/1.1" 200 - "-" "Mozilla/5.0 (compatible; DotBot/1.2; +https://opensiteexplorer.org/dotbot; help@moz.com)"
216.244.66.200 - - [05/Jan/2023:05:59:20 +0100] "GET /files/0427_Eur_pai_T_j_Egyezm_ny_tervezet_k_zigre.doc HTTP/1.1" 200 - "-" "Mozilla/5.0 (compatible; DotBot/1.2; +https://opensiteexplorer.org/dotbot; help@moz.com)"
216.244.66.200 - - [05/Jan/2023:05:59:40 +0100] "GET /files/A82D9693EE7B8315C125711600575572.htm.txt HTTP/1.1" 200 136881 "-" "Mozilla/5.0 (compatible; DotBot/1.2; +https://opensiteexplorer.org/dotbot; help@moz.com)"
216.244.66.200 - - [05/Jan/2023:06:00:11 +0100] "GET /files/Irattariterv_onkormanyzatihivatalok_allig.pdf HTTP/1.1" 200 244631 "-" "Mozilla/5.0 (compatible; DotBot/1.2; +https://opensiteexplorer.org/dotbot; help@moz.com)"
216.244.66.200 - - [05/Jan/2023:06:00:51 +0100] "GET /files/kozoktatas_20_1997_korm_rend_mod_06_02_13.pdf HTTP/1.1" 200 284315 "-" "Mozilla/5.0 (compatible; DotBot/1.2; +https://opensiteexplorer.org/dotbot; help@moz.com)"
216.244.66.200 - - [05/Jan/2023:06:01:25 +0100] "GET /files/normaszoveg_tervezete_honlapra_060404.pdf HTTP/1.1" 200 189421 "-" "Mozilla/5.0 (compatible; DotBot/1.2; +https://opensiteexplorer.org/dotbot; help@moz.com)"
66.249.70.39 - - [05/Jan/2023:06:02:35 +0100] "GET /files/minosdij_es_cim_terv_090114.pdf HTTP/1.1" 200 335752 "-" "Mozilla/5.0 (compatible; Googlebot/2.1; +http://www.google.com/bot.html)"
77.88.9.130 - - [05/Jan/2023:06:03:46 +0100] "GET /robots.txt HTTP/1.1" 200 1590 "-" "Mozilla/5.0 (compatible; YandexBot/3.0; +http://yandex.com/bots)"
77.88.9.130 - - [05/Jan/2023:06:04:21 +0100] "GET /drupal/node/1401 HTTP/1.1" 200 - "-" "Mozilla/5.0 (compatible; YandexBot/3.0; +http://yandex.com/bots)"
77.88.9.130 - - [05/Jan/2023:06:04:53 +0100] "GET /drupal/node/1401 HTTP/1.1" 200 - "-" "Mozilla/5.0 (compatible; YandexBot/3.0; +http://yandex.com/bots)"
77.88.9.137 - - [05/Jan/2023:06:05:25 +0100] "GET /drupal/node/1401 HTTP/1.1" 200 - "-" "Mozilla/5.0 (compatible; YandexBot/3.0; +http://yandex.com/bots)"
77.88.9.137 - - [05/Jan/2023:06:05:57 +0100] "GET /drupal/node/1401 HTTP/1.1" 200 - "-" "Mozilla/5.0 (compatible; YandexBot/3.0; +http://yandex.com/bots)"
66.249.70.41 - - [05/Jan/2023:06:08:36 +0100] "GET /files/szakmagyakorlas.pdf HTTP/1.1" 304 - "-" "Mozilla/5.0 (Linux; Android 6.0.1; Nexus 5X Build/MMB29P) AppleWebKit/537.36 (KHTML, like Gecko) Chrome/107.0.5304.115 Mobile Safari/537.36 (compatible; Googlebot/2.1; +http://www.google.com/bot.html)"
157.55.39.87 - - [05/Jan/2023:06:08:43 +0100] "GET / HTTP/1.1" 200 - "-" "Mozilla/5.0 (compatible; bingbot/2.0; +http://www.bing.com/bingbot.htm)"
66.249.64.196 - - [05/Jan/2023:06:18:48 +0100] "GET /files/hm_bm_pm_tervezet_2006_marcius_internetre.pdf HTTP/1.1" 304 - "-" "Mozilla/5.0 (Linux; Android 6.0.1; Nexus 5X Build/MMB29P) AppleWebKit/537.36 (KHTML, like Gecko) Chrome/107.0.5304.115 Mobile Safari/537.36 (compatible; Googlebot/2.1; +http://www.google.com/bot.html)"
54.36.148.48 - - [05/Jan/2023:06:32:22 +0100] "GET /robots.txt HTTP/1.1" 200 1590 "-" "Mozilla/5.0 (compatible; AhrefsBot/7.0; +http://ahrefs.com/robot/)"
216.244.66.200 - - [05/Jan/2023:06:33:43 +0100] "GET /robots.txt HTTP/1.1" 200 1590 "-" "Mozilla/5.0 (compatible; DotBot/1.2; +https://opensiteexplorer.org/dotbot; help@moz.com)"
77.88.9.138 - - [05/Jan/2023:06:34:44 +0100] "GET /robots.txt HTTP/1.1" 200 1590 "-" "Mozilla/5.0 (compatible; YandexBot/3.0; +http://yandex.com/bots)"
77.88.9.130 - - [05/Jan/2023:06:35:19 +0100] "GET / HTTP/1.1" 200 - "-" "Mozilla/5.0 (compatible; YandexBot/3.0; +http://yandex.com/bots)"
77.88.9.130 - - [05/Jan/2023:06:35:51 +0100] "GET / HTTP/1.1" 200 - "-" "Mozilla/5.0 (compatible; YandexBot/3.0; +http://yandex.com/bots)"
77.88.9.137 - - [05/Jan/2023:06:36:23 +0100] "GET / HTTP/1.1" 200 - "-" "Mozilla/5.0 (compatible; YandexBot/3.0; +http://yandex.com/bots)"
77.88.9.130 - - [05/Jan/2023:06:36:55 +0100] "GET / HTTP/1.1" 200 - "-" "Mozilla/5.0 (compatible; YandexBot/3.0; +http://yandex.com/bots)"
77.88.9.130 - - [05/Jan/2023:06:37:27 +0100] "GET / HTTP/1.1" 200 - "-" "Mozilla/5.0 (compatible; YandexBot/3.0; +http://yandex.com/bots)"
77.88.9.130 - - [05/Jan/2023:06:37:59 +0100] "GET / HTTP/1.1" 200 - "-" "Mozilla/5.0 (compatible; YandexBot/3.0; +http://yandex.com/bots)"
