216.244.66.200 - - [07/Jan/2023:08:03:29 +0100] "GET /files/vezetoi_osszefoglalo.pdf HTTP/1.1" 200 93780 "-" "Mozilla/5.0 (compatible; DotBot/1.2; +https://opensiteexplorer.org/dotbot; help@moz.com)"
216.244.66.200 - - [07/Jan/2023:08:04:28 +0100] "GET /files/Ingatlanhat%C3%B3s%C3%A1gok%20kijel%C3%B6l%C3%A9se.pdf HTTP/1.1" 200 - "-" "Mozilla/5.0 (compatible; DotBot/1.2; +https://opensiteexplorer.org/dotbot; help@moz.com)"
216.244.66.200 - - [07/Jan/2023:08:04:49 +0100] "GET /files/boraszat_eredetmegjeloles_velemenyezesre.pdf HTTP/1.1" 200 70306 "-" "Mozilla/5.0 (compatible; DotBot/1.2; +https://opensiteexplorer.org/dotbot; help@moz.com)"
114.119.159.61 - - [07/Jan/2023:08:07:34 +0100] "GET /robots.txt HTTP/1.1" 200 1590 "-" "Mozilla/5.0 (compatible;PetalBot;+https://webmaster.petalsearch.com/site/petalbot)"
66.249.66.140 - - [07/Jan/2023:08:32:13 +0100] "GET /files/ekozig_strategia.pdf HTTP/1.1" 200 731185 "-" "Mozilla/5.0 (compatible; Googlebot/2.1; +http://www.google.com/bot.html)"
216.244.66.200 - - [07/Jan/2023:08:35:32 +0100] "GET /robots.txt HTTP/1.1" 200 1590 "-" "Mozilla/5.0 (compatible; DotBot/1.2; +https://opensiteexplorer.org/dotbot; help@moz.com)"
216.244.66.200 - - [07/Jan/2023:08:35:32 +0100] "GET /robots.txt HTTP/1.1" 200 1590 "-" "Mozilla/5.0 (compatible; DotBot/1.2; +https://opensiteexplorer.org/dotbot; help@moz.com)"
66.249.66.138 - - [07/Jan/2023:08:36:26 +0100] "GET /favicon.ico HTTP/1.1" 404 57 "-" "Googlebot-Image/1.0"
216.244.66.200 - - [07/Jan/2023:08:45:09 +0100] "GET /files/nat_terv_080521.pdf HTTP/1.1" 200 155548 "-" "Mozilla/5.0 (compatible; DotBot/1.2; +https://opensiteexplorer.org/dotbot; help@moz.com)"
216.244.66.200 - - [07/Jan/2023:08:46:09 +0100] "GET /files/40per2001_min_rend_mod_090310.doc HTTP/1.1" 200 93184 "-" "Mozilla/5.0 (compatible; DotBot/1.2; +https://opensiteexplorer.org/dotbot; help@moz.com)"
216.244.66.200 - - [07/Jan/2023:08:46:21 +0100] "GET /files/41per2007_Eum_min_rend_terv_090526.doc HTTP/1.1" 200 94720 "-" "Mozilla/5.0 (compatible; DotBot/1.2; +https://opensiteexplorer.org/dotbot; help@moz.com)"
216.244.66.200 - - [07/Jan/2023:08:46:34 +0100] "GET /files/itkr_2_sz_melleklet_061031.pdf HTTP/1.1" 200 102435 "-" "Mozilla/5.0 (compatible; DotBot/1.2; +https://opensiteexplorer.org/dotbot; help@moz.com)"
216.244.66.200 - - [07/Jan/2023:08:46:49 +0100] "GET /files/kozbeszerzesi_eljarasi_rend.doc HTTP/1.1" 200 644096 "-" "Mozilla/5.0 (compatible; DotBot/1.2; +https://opensiteexplorer.org/dotbot; help@moz.com)"
216.244.66.200 - - [07/Jan/2023:08:47:14 +0100] "GET /files/tervezet_kozig_egyeztetesre.pdf HTTP/1.1" 200 175636 "-" "Mozilla/5.0 (compatible; DotBot/1.2; +https://opensiteexplorer.org/dotbot; help@moz.com)"
216.244.66.200 - - [07/Jan/2023:08:47:36 +0100] "GET /files/OTSZ%20rendelet.pdf HTTP/1.1" 200 168000 "-" "Mozilla/5.0 (compatible; DotBot/1.2; +https://opensiteexplorer.org/dotbot; help@moz.com)"
216.244.66.200 - - [07/Jan/2023:08:48:01 +0100] "GET /files/epson.pdf HTTP/1.1" 200 262556 "-" "Mozilla/5.0 (compatible; DotBot/1.2; +https://opensiteexplorer.org/dotbot; help@moz.com)"
216.244.66.200 - - [07/Jan/2023:08:48:36 +0100] "GET /files/kozvetitoi.doc HTTP/1.1" 200 297472 "-" "Mozilla/5.0 (compatible; DotBot/1.2; +https://opensiteexplorer.org/dotbot; help@moz.com)"
216.244.66.200 - - [07/Jan/2023:08:49:11 +0100] "GET /files/kv_tv_vg_tv_szt.pdf HTTP/1.1" 200 286658 "-" "Mozilla/5.0 (compatible; DotBot/1.2; +https://opensiteexplorer.org/dotbot; help@moz.com)"
216.244.66.200 - - [07/Jan/2023:08:49:41 +0100] "GET /files/3782007szakertoi_kozigegyeztetesre1124.pdf HTTP/1.1" 200 191162 "-" "Mozilla/5.0 (compatible; DotBot/1.2; +https://opensiteexplorer.org/dotbot; help@moz.com)"
216.244.66.200 - - [07/Jan/2023:08:50:40 +0100] "GET /files/4.%20sz%C3%83%C2%A1m%C3%83%C2%BA%20mell%C3%83%C2%A9klet-t%C3%83%C2%A1rc%C3%83%C2%A1ra.doc HTTP/1.1" 200 - "-" "Mozilla/5.0 (compatible; DotBot/1.2; +https://opensiteexplorer.org/dotbot; help@moz.com)"
216.244.66.200 - - [07/Jan/2023:08:51:02 +0100] "GET /files/EUMETSAT_csatlakozas_Kozigazgatosi_egyeztetes.pdf HTTP/1.1" 200 438740 "-" "Mozilla/5.0 (compatible; DotBot/1.2; +https://opensiteexplorer.org/dotbot; help@moz.com)"
216.244.66.200 - - [07/Jan/2023:08:51:33 +0100] "GET /files/gyogysz_gyseszk_kisz_birs_felt_korm_rend_terv081208.doc HTTP/1.1" 200 43008 "-" "Mozilla/5.0 (compatible; DotBot/1.2; +https://opensiteexplorer.org/dotbot; help@moz.com)"
216.244.66.200 - - [07/Jan/2023:08:52:06 +0100] "GET /files/hm_elelmezesi_penznorma_modositas_2007.pdf HTTP/1.1" 200 117647 "-" "Mozilla/5.0 (compatible; DotBot/1.2; +https://opensiteexplorer.org/dotbot; help@moz.com)"
216.244.66.200 - - [07/Jan/2023:08:52:37 +0100] "GET /files/vizsgajogosult_int_eum_min_rend_terv_090609_0.doc HTTP/1.1" 200 97280 "-" "Mozilla/5.0 (compatible; DotBot/1.2; +https://opensiteexplorer.org/dotbot; help@moz.com)"
216.244.66.200 - - [07/Jan/2023:08:53:07 +0100] "GET /files/_kdtpnkt3ik1ln8tg_.pdf HTTP/1.1" 200 197986 "-" "Mozilla/5.0 (compatible; DotBot/1.2; +https://opensiteexplorer.org/dotbot; help@moz.com)"
216.244.66.200 - - [07/Jan/2023:08:53:35 +0100] "GET /files/_rag3fmujfdhqa4st0cs_.doc HTTP/1.1" 200 232960 "-" "Mozilla/5.0 (compatible; DotBot/1.2; +https://opensiteexplorer.org/dotbot; help@moz.com)"
216.244.66.200 - - [07/Jan/2023:08:54:04 +0100] "GET /files/egyes_szocrend_071203.pdf HTTP/1.1" 200 394589 "-" "Mozilla/5.0 (compatible; DotBot/1.2; +https://opensiteexplorer.org/dotbot; help@moz.com)"
216.244.66.200 - - [07/Jan/2023:08:54:28 +0100] "GET /files/eszcsm_rendelet_mod_indok_061102.pdf HTTP/1.1" 200 69078 "-" "Mozilla/5.0 (compatible; DotBot/1.2; +https://opensiteexplorer.org/dotbot; help@moz.com)"
216.244.66.200 - - [07/Jan/2023:08:54:58 +0100] "GET /files/igszakkam_mod_tervezet_080918_0.doc HTTP/1.1" 200 297984 "-" "Mozilla/5.0 (compatible; DotBot/1.2; +https://opensiteexplorer.org/dotbot; help@moz.com)"
216.244.66.200 - - [07/Jan/2023:08:55:31 +0100] "GET /files/khr_honlapra_08.10.27.doc HTTP/1.1" 200 214528 "-" "Mozilla/5.0 (compatible; DotBot/1.2; +https://opensiteexplorer.org/dotbot; help@moz.com)"
216.244.66.200 - - [07/Jan/2023:08:56:40 +0100] "GET /files/miniszt_2006_%C3%83%C2%A1pr2.doc HTTP/1.1" 200 - "-" "Mozilla/5.0 (compatible; DotBot/1.2; +https://opensiteexplorer.org/dotbot; help@moz.com)"
216.244.66.200 - - [07/Jan/2023:08:57:00 +0100] "GET /files/miniszt_2007_marc_0.pdf HTTP/1.1" 200 127235 "-" "Mozilla/5.0 (compatible; DotBot/1.2; +https://opensiteexplorer.org/dotbot; help@moz.com)"
216.244.66.200 - - [07/Jan/2023:08:57:34 +0100] "GET /files/szakmapol_090910.pdf HTTP/1.1" 200 1015943 "-" "Mozilla/5.0 (compatible; DotBot/1.2; +https://opensiteexplorer.org/dotbot; help@moz.com)"
216.244.66.200 - - [07/Jan/2023:08:58:05 +0100] "GET /files/szakszo_hajozo_3mell.pdf HTTP/1.1" 200 152586 "-" "Mozilla/5.0 (compatible; DotBot/1.2; +https://opensiteexplorer.org/dotbot; help@moz.com)"
216.244.66.200 - - [07/Jan/2023:08:58:35 +0100] "GET /files/szoc_terv_091117.pdf HTTP/1.1" 200 511160 "-" "Mozilla/5.0 (compatible; DotBot/1.2; +https://opensiteexplorer.org/dotbot; help@moz.com)"
216.244.66.200 - - [07/Jan/2023:08:59:04 +0100] "GET /files/szolo_szaporitoanyag_rendelet.pdf HTTP/1.1" 200 364389 "-" "Mozilla/5.0 (compatible; DotBot/1.2; +https://opensiteexplorer.org/dotbot; help@moz.com)"
216.244.66.200 - - [07/Jan/2023:08:59:31 +0100] "GET /files/xx_koltsegvetes_terv_090710.pdf HTTP/1.1" 200 170690 "-" "Mozilla/5.0 (compatible; DotBot/1.2; +https://opensiteexplorer.org/dotbot; help@moz.com)"
77.88.9.130 - - [07/Jan/2023:09:06:07 +0100] "GET /robots.txt HTTP/1.1" 200 1590 "-" "Mozilla/5.0 (compatible; YandexBot/3.0; +http://yandex.com/bots)"
77.88.9.130 - - [07/Jan/2023:09:06:42 +0100] "GET / HTTP/1.1" 200 - "-" "Mozilla/5.0 (compatible; YandexBot/3.0; +http://yandex.com/bots)"
77.88.9.130 - - [07/Jan/2023:09:07:14 +0100] "GET / HTTP/1.1" 200 - "-" "Mozilla/5.0 (compatible; YandexBot/3.0; +http://yandex.com/bots)"
91.83.216.239 - - [07/Jan/2023:09:08:00 +0100] "GET /files/hadkotelesek_hm_eum_rendelet_tervezet_melleklet.pdf HTTP/1.1" 200 66702 "https://www.google.com/" "Mozilla/5.0 (Windows NT 10.0; Win64; x64; rv:108.0) Gecko/20100101 Firefox/108.0"
91.83.216.239 - - [07/Jan/2023:09:08:07 +0100] "GET /files/hadkotelesek_hm_eum_rendelet_tervezet_melleklet.pdf HTTP/1.1" 200 713160 "https://www.google.com/" "Mozilla/5.0 (Windows NT 10.0; Win64; x64; rv:108.0) Gecko/20100101 Firefox/108.0"
77.88.9.130 - - [07/Jan/2023:09:10:26 +0100] "GET / HTTP/1.1" 200 - "-" "Mozilla/5.0 (compatible; YandexBot/3.0; +http://yandex.com/bots)"
77.88.9.137 - - [07/Jan/2023:09:10:58 +0100] "GET / HTTP/1.1" 200 - "-" "Mozilla/5.0 (compatible; YandexBot/3.0; +http://yandex.com/bots)"
77.88.9.131 - - [07/Jan/2023:09:11:30 +0100] "GET / HTTP/1.1" 200 - "-" "Mozilla/5.0 (compatible; YandexBot/3.0; +http://yandex.com/bots)"
66.249.66.75 - - [07/Jan/2023:09:13:25 +0100] "GET /files/Tuzszolszab..pdf HTTP/1.1" 304 - "-" "Mozilla/5.0 (Linux; Android 6.0.1; Nexus 5X Build/MMB29P) AppleWebKit/537.36 (KHTML, like Gecko) Chrome/107.0.5304.115 Mobile Safari/537.36 (compatible; Googlebot/2.1; +http://www.google.com/bot.html)"
114.119.142.132 - - [07/Jan/2023:09:17:53 +0100] "GET /robots.txt HTTP/1.1" 200 1590 "-" "Mozilla/5.0 (compatible;PetalBot;+https://webmaster.petalsearch.com/site/petalbot)"
66.249.66.76 - - [07/Jan/2023:09:34:06 +0100] "GET /files/kedvesllat_elterjeszts_07_25.pdf HTTP/1.1" 304 - "-" "Mozilla/5.0 (Linux; Android 6.0.1; Nexus 5X Build/MMB29P) AppleWebKit/537.36 (KHTML, like Gecko) Chrome/107.0.5304.115 Mobile Safari/537.36 (compatible; Googlebot/2.1; +http://www.google.com/bot.html)"
64.251.10.90 - - [07/Jan/2023:09:45:18 +0100] "GET /files/CSG-GA-jogalkotas_einfoszab_1120.ppt HTTP/1.0" 200 16939 "-" "-"
77.88.9.130 - - [07/Jan/2023:10:01:22 +0100] "GET /robots.txt HTTP/1.1" 200 1590 "-" "Mozilla/5.0 (compatible; YandexBot/3.0; +http://yandex.com/bots)"
77.88.9.130 - - [07/Jan/2023:10:01:44 +0100] "GET /robots.txt HTTP/1.1" 200 1590 "-" "Mozilla/5.0 (compatible; YandexBot/3.0; +http://yandex.com/bots)"
77.88.9.130 - - [07/Jan/2023:10:01:57 +0100] "GET / HTTP/1.1" 200 - "-" "Mozilla/5.0 (compatible; YandexBot/3.0; +http://yandex.com/bots)"
77.88.9.130 - - [07/Jan/2023:10:02:19 +0100] "GET / HTTP/1.1" 200 - "-" "Mozilla/5.0 (compatible; YandexBot/3.0; +http://yandex.com/bots)"
77.88.9.130 - - [07/Jan/2023:10:02:29 +0100] "GET / HTTP/1.1" 200 - "-" "Mozilla/5.0 (compatible; YandexBot/3.0; +http://yandex.com/bots)"
77.88.9.130 - - [07/Jan/2023:10:02:51 +0100] "GET / HTTP/1.1" 200 - "-" "Mozilla/5.0 (compatible; YandexBot/3.0; +http://yandex.com/bots)"
77.88.9.130 - - [07/Jan/2023:10:03:01 +0100] "GET / HTTP/1.1" 200 - "-" "Mozilla/5.0 (compatible; YandexBot/3.0; +http://yandex.com/bots)"
77.88.9.130 - - [07/Jan/2023:10:03:23 +0100] "GET / HTTP/1.1" 200 - "-" "Mozilla/5.0 (compatible; YandexBot/3.0; +http://yandex.com/bots)"
77.88.9.130 - - [07/Jan/2023:10:03:33 +0100] "GET / HTTP/1.1" 200 - "-" "Mozilla/5.0 (compatible; YandexBot/3.0; +http://yandex.com/bots)"
77.88.9.140 - - [07/Jan/2023:10:03:53 +0100] "GET / HTTP/1.1" 200 - "-" "Mozilla/5.0 (compatible; YandexBot/3.0; +http://yandex.com/bots)"
77.88.9.130 - - [07/Jan/2023:10:03:55 +0100] "GET / HTTP/1.1" 200 - "-" "Mozilla/5.0 (compatible; YandexBot/3.0; +http://yandex.com/bots)"
77.88.9.130 - - [07/Jan/2023:10:04:25 +0100] "GET / HTTP/1.1" 200 - "-" "Mozilla/5.0 (compatible; YandexBot/3.0; +http://yandex.com/bots)"
77.88.9.137 - - [07/Jan/2023:10:04:27 +0100] "GET / HTTP/1.1" 200 - "-" "Mozilla/5.0 (compatible; YandexBot/3.0; +http://yandex.com/bots)"
77.88.9.140 - - [07/Jan/2023:10:04:57 +0100] "GET / HTTP/1.1" 200 - "-" "Mozilla/5.0 (compatible; YandexBot/3.0; +http://yandex.com/bots)"
77.88.9.130 - - [07/Jan/2023:10:04:59 +0100] "GET / HTTP/1.1" 200 - "-" "Mozilla/5.0 (compatible; YandexBot/3.0; +http://yandex.com/bots)"
77.88.9.138 - - [07/Jan/2023:10:05:31 +0100] "GET / HTTP/1.1" 200 - "-" "Mozilla/5.0 (compatible; YandexBot/3.0; +http://yandex.com/bots)"
77.88.9.130 - - [07/Jan/2023:10:06:03 +0100] "GET / HTTP/1.1" 200 - "-" "Mozilla/5.0 (compatible; YandexBot/3.0; +http://yandex.com/bots)"
77.88.9.131 - - [07/Jan/2023:10:06:40 +0100] "GET / HTTP/1.1" 200 - "-" "Mozilla/5.0 (compatible; YandexBot/3.0; +http://yandex.com/bots)"
77.88.9.139 - - [07/Jan/2023:10:07:12 +0100] "GET / HTTP/1.1" 200 - "-" "Mozilla/5.0 (compatible; YandexBot/3.0; +http://yandex.com/bots)"
77.88.9.139 - - [07/Jan/2023:10:07:21 +0100] "GET / HTTP/1.1" 200 - "-" "Mozilla/5.0 (compatible; YandexBot/3.0; +http://yandex.com/bots)"
77.88.9.130 - - [07/Jan/2023:10:07:44 +0100] "GET / HTTP/1.1" 200 - "-" "Mozilla/5.0 (compatible; YandexBot/3.0; +http://yandex.com/bots)"
77.88.9.137 - - [07/Jan/2023:10:07:53 +0100] "GET / HTTP/1.1" 200 - "-" "Mozilla/5.0 (compatible; YandexBot/3.0; +http://yandex.com/bots)"
77.88.9.130 - - [07/Jan/2023:10:08:16 +0100] "GET / HTTP/1.1" 200 - "-" "Mozilla/5.0 (compatible; YandexBot/3.0; +http://yandex.com/bots)"
77.88.9.130 - - [07/Jan/2023:10:08:25 +0100] "GET / HTTP/1.1" 200 - "-" "Mozilla/5.0 (compatible; YandexBot/3.0; +http://yandex.com/bots)"
77.88.9.130 - - [07/Jan/2023:10:08:48 +0100] "GET / HTTP/1.1" 200 - "-" "Mozilla/5.0 (compatible; YandexBot/3.0; +http://yandex.com/bots)"
77.88.9.130 - - [07/Jan/2023:10:08:57 +0100] "GET / HTTP/1.1" 200 - "-" "Mozilla/5.0 (compatible; YandexBot/3.0; +http://yandex.com/bots)"
77.88.9.130 - - [07/Jan/2023:10:09:20 +0100] "GET / HTTP/1.1" 200 - "-" "Mozilla/5.0 (compatible; YandexBot/3.0; +http://yandex.com/bots)"
77.88.9.130 - - [07/Jan/2023:10:09:29 +0100] "GET / HTTP/1.1" 200 - "-" "Mozilla/5.0 (compatible; YandexBot/3.0; +http://yandex.com/bots)"
77.88.9.130 - - [07/Jan/2023:10:10:01 +0100] "GET / HTTP/1.1" 200 - "-" "Mozilla/5.0 (compatible; YandexBot/3.0; +http://yandex.com/bots)"
188.166.238.38 - - [07/Jan/2023:10:11:06 +0100] "GET /wp-load.php HTTP/1.1" 200 - "www.bing.com" "wp_is_mobile"
20.220.25.65 - - [07/Jan/2023:10:22:51 +0100] "GET /moodle/calendar/view.%3Cem%3Ephp%3C/em%3E?loan=52 HTTP/1.1" 200 - "-" "Mozilla/5.0 (X11; Linux x86_64) AppleWebKit/597.51 (KHTML, like Gecko) Chrome/43.0.1464 Safari/537.36"
20.220.25.65 - - [07/Jan/2023:10:23:19 +0100] "GET /moodle/calendar/view.%3Cem%3Ephp%3C/em%3E?loan=52 HTTP/1.1" 200 - "-" "Mozilla/5.0 (X11; Linux x86_64) AppleWebKit/597.51 (KHTML, like Gecko) Chrome/43.0.1464 Safari/537.36"
20.220.25.65 - - [07/Jan/2023:10:23:49 +0100] "GET /moodle/calendar/view.%3Cem%3Ephp%3C/em%3E?loan=52 HTTP/1.1" 200 - "-" "Mozilla/5.0 (X11; Linux x86_64) AppleWebKit/597.51 (KHTML, like Gecko) Chrome/43.0.1464 Safari/537.36"
51.222.253.4 - - [07/Jan/2023:10:24:21 +0100] "GET /robots.txt HTTP/1.1" 200 1590 "-" "Mozilla/5.0 (compatible; AhrefsBot/7.0; +http://ahrefs.com/robot/)"
216.244.66.200 - - [07/Jan/2023:10:24:52 +0100] "GET /robots.txt HTTP/1.1" 200 1590 "-" "Mozilla/5.0 (compatible; DotBot/1.2; +https://opensiteexplorer.org/dotbot; help@moz.com)"
216.244.66.200 - - [07/Jan/2023:10:24:52 +0100] "GET /robots.txt HTTP/1.1" 200 1590 "-" "Mozilla/5.0 (compatible; DotBot/1.2; +https://opensiteexplorer.org/dotbot; help@moz.com)"
216.244.66.200 - - [07/Jan/2023:10:36:10 +0100] "GET /files/orsz_szak_rend_terv_080509.pdf HTTP/1.1" 200 249492 "-" "Mozilla/5.0 (compatible; DotBot/1.2; +https://opensiteexplorer.org/dotbot; help@moz.com)"
216.244.66.200 - - [07/Jan/2023:10:36:29 +0100] "GET /files/5melleklet.pdf HTTP/1.1" 200 54355 "-" "Mozilla/5.0 (compatible; DotBot/1.2; +https://opensiteexplorer.org/dotbot; help@moz.com)"
216.244.66.200 - - [07/Jan/2023:10:36:40 +0100] "GET /files/86_2009_ME-hat.pdf HTTP/1.1" 200 65969 "-" "Mozilla/5.0 (compatible; DotBot/1.2; +https://opensiteexplorer.org/dotbot; help@moz.com)"
216.244.66.200 - - [07/Jan/2023:10:36:52 +0100] "GET /files/TK45_2.pdf HTTP/1.1" 200 153680 "-" "Mozilla/5.0 (compatible; DotBot/1.2; +https://opensiteexplorer.org/dotbot; help@moz.com)"
216.244.66.200 - - [07/Jan/2023:10:37:03 +0100] "GET /files/konf_program_0.pdf HTTP/1.1" 200 53751 "-" "Mozilla/5.0 (compatible; DotBot/1.2; +https://opensiteexplorer.org/dotbot; help@moz.com)"
216.244.66.200 - - [07/Jan/2023:10:37:23 +0100] "GET /files/korm_vet_epit.pdf HTTP/1.1" 200 427539 "-" "Mozilla/5.0 (compatible; DotBot/1.2; +https://opensiteexplorer.org/dotbot; help@moz.com)"
216.244.66.200 - - [07/Jan/2023:10:37:55 +0100] "GET /files/okt_celu_humanszolg_monitoring_terv_100225.pdf HTTP/1.1" 200 191911 "-" "Mozilla/5.0 (compatible; DotBot/1.2; +https://opensiteexplorer.org/dotbot; help@moz.com)"
216.244.66.200 - - [07/Jan/2023:10:38:28 +0100] "GET /files/7_2001_fvm_mod_velemenyezesre.pdf HTTP/1.1" 200 248568 "-" "Mozilla/5.0 (compatible; DotBot/1.2; +https://opensiteexplorer.org/dotbot; help@moz.com)"
216.244.66.200 - - [07/Jan/2023:10:39:00 +0100] "GET /files/_bde0mopkkdhi74pblehgnl83j_.pdf HTTP/1.1" 200 182982 "-" "Mozilla/5.0 (compatible; DotBot/1.2; +https://opensiteexplorer.org/dotbot; help@moz.com)"
216.244.66.200 - - [07/Jan/2023:10:39:35 +0100] "GET /files/m6_dunaujv_szekszard.pdf HTTP/1.1" 200 472588 "-" "Mozilla/5.0 (compatible; DotBot/1.2; +https://opensiteexplorer.org/dotbot; help@moz.com)"
216.244.66.200 - - [07/Jan/2023:10:40:06 +0100] "GET /files/regesz_tervezet_070221.pdf HTTP/1.1" 200 563638 "-" "Mozilla/5.0 (compatible; DotBot/1.2; +https://opensiteexplorer.org/dotbot; help@moz.com)"
66.249.66.142 - - [07/Jan/2023:10:46:04 +0100] "GET /files/NFGM_8810.pdf HTTP/1.1" 304 - "-" "Mozilla/5.0 (Linux; Android 6.0.1; Nexus 5X Build/MMB29P) AppleWebKit/537.36 (KHTML, like Gecko) Chrome/107.0.5304.115 Mobile Safari/537.36 (compatible; Googlebot/2.1; +http://www.google.com/bot.html)"
77.88.9.130 - - [07/Jan/2023:11:09:20 +0100] "GET / HTTP/1.1" 200 - "-" "Mozilla/5.0 (compatible; YandexBot/3.0; +http://yandex.com/bots)"
77.88.9.130 - - [07/Jan/2023:11:09:52 +0100] "GET / HTTP/1.1" 200 - "-" "Mozilla/5.0 (compatible; YandexBot/3.0; +http://yandex.com/bots)"
77.88.9.130 - - [07/Jan/2023:11:10:24 +0100] "GET / HTTP/1.1" 200 - "-" "Mozilla/5.0 (compatible; YandexBot/3.0; +http://yandex.com/bots)"
77.88.9.130 - - [07/Jan/2023:11:10:56 +0100] "GET / HTTP/1.1" 200 - "-" "Mozilla/5.0 (compatible; YandexBot/3.0; +http://yandex.com/bots)"
77.88.9.130 - - [07/Jan/2023:11:11:28 +0100] "GET / HTTP/1.1" 200 - "-" "Mozilla/5.0 (compatible; YandexBot/3.0; +http://yandex.com/bots)"
77.88.9.130 - - [07/Jan/2023:11:12:00 +0100] "GET / HTTP/1.1" 200 - "-" "Mozilla/5.0 (compatible; YandexBot/3.0; +http://yandex.com/bots)"
216.244.66.200 - - [07/Jan/2023:11:18:15 +0100] "GET /robots.txt HTTP/1.1" 200 1590 "-" "Mozilla/5.0 (compatible; DotBot/1.2; +https://opensiteexplorer.org/dotbot; help@moz.com)"
216.244.66.200 - - [07/Jan/2023:11:18:15 +0100] "GET /robots.txt HTTP/1.1" 200 1590 "-" "Mozilla/5.0 (compatible; DotBot/1.2; +https://opensiteexplorer.org/dotbot; help@moz.com)"
216.244.66.200 - - [07/Jan/2023:11:27:52 +0100] "GET /files/TK148.doc HTTP/1.1" 200 72192 "-" "Mozilla/5.0 (compatible; DotBot/1.2; +https://opensiteexplorer.org/dotbot; help@moz.com)"
216.244.66.200 - - [07/Jan/2023:11:29:55 +0100] "GET /files/138_1992mod_terv_081127.pdf HTTP/1.1" 200 287224 "-" "Mozilla/5.0 (compatible; DotBot/1.2; +https://opensiteexplorer.org/dotbot; help@moz.com)"
216.244.66.200 - - [07/Jan/2023:11:30:48 +0100] "GET /files/32-2004-normasz%C3%83%C2%B6veg.doc HTTP/1.1" 200 - "-" "Mozilla/5.0 (compatible; DotBot/1.2; +https://opensiteexplorer.org/dotbot; help@moz.com)"
216.244.66.200 - - [07/Jan/2023:11:31:08 +0100] "GET /files/4082_muzeum_tam_070131.pdf HTTP/1.1" 200 101017 "-" "Mozilla/5.0 (compatible; DotBot/1.2; +https://opensiteexplorer.org/dotbot; help@moz.com)"
216.244.66.200 - - [07/Jan/2023:11:31:46 +0100] "GET /files/cseh_magyar_terv_070523.pdf HTTP/1.1" 200 210579 "-" "Mozilla/5.0 (compatible; DotBot/1.2; +https://opensiteexplorer.org/dotbot; help@moz.com)"
216.244.66.200 - - [07/Jan/2023:11:32:19 +0100] "GET /files/hallgatoi_juttatasok_090806.pdf HTTP/1.1" 200 219022 "-" "Mozilla/5.0 (compatible; DotBot/1.2; +https://opensiteexplorer.org/dotbot; help@moz.com)"
216.244.66.200 - - [07/Jan/2023:11:32:54 +0100] "GET /files/szinhazi_tam_terv_090114.pdf HTTP/1.1" 200 171435 "-" "Mozilla/5.0 (compatible; DotBot/1.2; +https://opensiteexplorer.org/dotbot; help@moz.com)"
216.244.66.200 - - [07/Jan/2023:11:33:24 +0100] "GET /files/Korrel-2007-7.doc HTTP/1.1" 200 36352 "-" "Mozilla/5.0 (compatible; DotBot/1.2; +https://opensiteexplorer.org/dotbot; help@moz.com)"
103.131.71.184 - - [07/Jan/2023:11:33:45 +0100] "GET /robots.txt HTTP/1.1" 200 1590 "-" "Mozilla/5.0 (compatible; coccocbot-web/1.0; +http://help.coccoc.com/searchengine)"
103.131.71.235 - - [07/Jan/2023:11:33:49 +0100] "GET /robots.txt HTTP/1.1" 200 1590 "-" "Mozilla/5.0 (compatible; coccocbot-web/1.0; +http://help.coccoc.com/searchengine)"
216.244.66.200 - - [07/Jan/2023:11:33:56 +0100] "GET /files/NFGM12722.pdf HTTP/1.1" 200 268846 "-" "Mozilla/5.0 (compatible; DotBot/1.2; +https://opensiteexplorer.org/dotbot; help@moz.com)"
103.131.71.84 - - [07/Jan/2023:11:33:59 +0100] "GET /files/egyes_kormany-_es_miniszteri_rendeleti_szintu_jogszabalyok_es_jogszabalyi_rendelkezesek_technikai_deregulaciojarol_(3).doc HTTP/1.1" 304 - "-" "Mozilla/5.0 (compatible; coccocbot-web/1.0; +http://help.coccoc.com/searchengine)"
216.244.66.200 - - [07/Jan/2023:11:34:24 +0100] "GET /files/R205indokolas.doc HTTP/1.1" 200 26112 "-" "Mozilla/5.0 (compatible; DotBot/1.2; +https://opensiteexplorer.org/dotbot; help@moz.com)"
216.244.66.200 - - [07/Jan/2023:11:34:55 +0100] "GET /files/eam_terv_080930.pdf HTTP/1.1" 200 557391 "-" "Mozilla/5.0 (compatible; DotBot/1.2; +https://opensiteexplorer.org/dotbot; help@moz.com)"
216.244.66.200 - - [07/Jan/2023:11:35:26 +0100] "GET /files/eizlandnvegorv2.doc HTTP/1.1" 200 77312 "-" "Mozilla/5.0 (compatible; DotBot/1.2; +https://opensiteexplorer.org/dotbot; help@moz.com)"
216.244.66.200 - - [07/Jan/2023:11:35:55 +0100] "GET /files/korm_eloterj.pdf HTTP/1.1" 200 36364 "-" "Mozilla/5.0 (compatible; DotBot/1.2; +https://opensiteexplorer.org/dotbot; help@moz.com)"
216.244.66.200 - - [07/Jan/2023:11:36:24 +0100] "GET /files/nka_vhr_071206.pdf HTTP/1.1" 200 140355 "-" "Mozilla/5.0 (compatible; DotBot/1.2; +https://opensiteexplorer.org/dotbot; help@moz.com)"
216.244.66.200 - - [07/Jan/2023:11:36:51 +0100] "GET /files/vendeg.zip HTTP/1.1" 200 22346 "-" "Mozilla/5.0 (compatible; DotBot/1.2; +https://opensiteexplorer.org/dotbot; help@moz.com)"
216.244.66.200 - - [07/Jan/2023:11:37:18 +0100] "GET /files/1212_nitrat_kitoltesiutmutato1103_2.v_ltozat.doc HTTP/1.1" 200 126464 "-" "Mozilla/5.0 (compatible; DotBot/1.2; +https://opensiteexplorer.org/dotbot; help@moz.com)"
216.244.66.200 - - [07/Jan/2023:11:37:47 +0100] "GET /files/2004.CLX.tv.mod_2008.CXI.tv.hat.lep.mod_terv_090817.doc HTTP/1.1" 200 209408 "-" "Mozilla/5.0 (compatible; DotBot/1.2; +https://opensiteexplorer.org/dotbot; help@moz.com)"
216.244.66.200 - - [07/Jan/2023:11:38:12 +0100] "GET /files/4_2006_KvVM_rend_lecserelese_2009_10_28.doc HTTP/1.1" 200 53248 "-" "Mozilla/5.0 (compatible; DotBot/1.2; +https://opensiteexplorer.org/dotbot; help@moz.com)"
216.244.66.200 - - [07/Jan/2023:11:39:07 +0100] "GET /files/t%C3%83%C2%A1rc%C3%83%C2%A1ra%2023.2002.E%C3%83%C2%BCM%20rendelet.doc HTTP/1.1" 200 - "-" "Mozilla/5.0 (compatible; DotBot/1.2; +https://opensiteexplorer.org/dotbot; help@moz.com)"
216.244.66.200 - - [07/Jan/2023:11:39:57 +0100] "GET /files/32-2004-indokol%C3%83%C2%A1s.doc HTTP/1.1" 200 - "-" "Mozilla/5.0 (compatible; DotBot/1.2; +https://opensiteexplorer.org/dotbot; help@moz.com)"
216.244.66.200 - - [07/Jan/2023:11:40:18 +0100] "GET /files/NKP-II_jelentes_tervezet_0326.pdf HTTP/1.1" 200 158212 "-" "Mozilla/5.0 (compatible; DotBot/1.2; +https://opensiteexplorer.org/dotbot; help@moz.com)"
216.244.66.200 - - [07/Jan/2023:11:40:50 +0100] "GET /files/_3edt62qrdc5ki0qr1dlgn583b_.pdf HTTP/1.1" 200 226104 "-" "Mozilla/5.0 (compatible; DotBot/1.2; +https://opensiteexplorer.org/dotbot; help@moz.com)"
216.244.66.200 - - [07/Jan/2023:11:41:20 +0100] "GET /files/_lehin4tjkc5na0orjdtlg_.pdf HTTP/1.1" 200 165650 "-" "Mozilla/5.0 (compatible; DotBot/1.2; +https://opensiteexplorer.org/dotbot; help@moz.com)"
216.244.66.200 - - [07/Jan/2023:11:41:57 +0100] "GET /files/a_14per2007_min_rend_terv_mod.doc HTTP/1.1" 200 1907712 "-" "Mozilla/5.0 (compatible; DotBot/1.2; +https://opensiteexplorer.org/dotbot; help@moz.com)"
216.244.66.200 - - [07/Jan/2023:11:42:58 +0100] "GET /files/bizotts%C3%83%C2%A1gok10.pdf HTTP/1.1" 200 - "-" "Mozilla/5.0 (compatible; DotBot/1.2; +https://opensiteexplorer.org/dotbot; help@moz.com)"
216.244.66.200 - - [07/Jan/2023:11:43:20 +0100] "GET /files/licenc_EUM_rend_100202_0.doc HTTP/1.1" 200 290816 "-" "Mozilla/5.0 (compatible; DotBot/1.2; +https://opensiteexplorer.org/dotbot; help@moz.com)"
216.244.66.200 - - [07/Jan/2023:11:43:52 +0100] "GET /files/takarmanykodex_modositas_0.pdf HTTP/1.1" 200 47813 "-" "Mozilla/5.0 (compatible; DotBot/1.2; +https://opensiteexplorer.org/dotbot; help@moz.com)"
216.244.66.200 - - [07/Jan/2023:11:44:21 +0100] "GET /files/tervezet_fas_szaru_novenyek.pdf HTTP/1.1" 200 94477 "-" "Mozilla/5.0 (compatible; DotBot/1.2; +https://opensiteexplorer.org/dotbot; help@moz.com)"
66.249.66.142 - - [07/Jan/2023:11:51:06 +0100] "GET /files/ptk.csaladjog.pdf HTTP/1.1" 200 429444 "-" "Mozilla/5.0 (Linux; Android 6.0.1; Nexus 5X Build/MMB29P) AppleWebKit/537.36 (KHTML, like Gecko) Chrome/107.0.5304.115 Mobile Safari/537.36 (compatible; Googlebot/2.1; +http://www.google.com/bot.html)"
77.88.9.130 - - [07/Jan/2023:12:09:58 +0100] "GET / HTTP/1.1" 200 - "-" "Mozilla/5.0 (compatible; YandexBot/3.0; +http://yandex.com/bots)"
77.88.9.130 - - [07/Jan/2023:12:10:30 +0100] "GET /robots.txt HTTP/1.1" 200 1590 "-" "Mozilla/5.0 (compatible; YandexBot/3.0; +http://yandex.com/bots)"
77.88.9.130 - - [07/Jan/2023:12:10:30 +0100] "GET / HTTP/1.1" 200 - "-" "Mozilla/5.0 (compatible; YandexBot/3.0; +http://yandex.com/bots)"
216.244.66.200 - - [07/Jan/2023:12:10:36 +0100] "GET /robots.txt HTTP/1.1" 200 1590 "-" "Mozilla/5.0 (compatible; DotBot/1.2; +https://opensiteexplorer.org/dotbot; help@moz.com)"
216.244.66.200 - - [07/Jan/2023:12:10:36 +0100] "GET /robots.txt HTTP/1.1" 200 1590 "-" "Mozilla/5.0 (compatible; DotBot/1.2; +https://opensiteexplorer.org/dotbot; help@moz.com)"
77.88.9.130 - - [07/Jan/2023:12:11:02 +0100] "GET / HTTP/1.1" 200 - "-" "Mozilla/5.0 (compatible; YandexBot/3.0; +http://yandex.com/bots)"
77.88.9.130 - - [07/Jan/2023:12:11:05 +0100] "GET / HTTP/1.1" 200 - "-" "Mozilla/5.0 (compatible; YandexBot/3.0; +http://yandex.com/bots)"
77.88.9.130 - - [07/Jan/2023:12:11:34 +0100] "GET / HTTP/1.1" 200 - "-" "Mozilla/5.0 (compatible; YandexBot/3.0; +http://yandex.com/bots)"
77.88.9.137 - - [07/Jan/2023:12:11:37 +0100] "GET / HTTP/1.1" 200 - "-" "Mozilla/5.0 (compatible; YandexBot/3.0; +http://yandex.com/bots)"
77.88.9.130 - - [07/Jan/2023:12:11:57 +0100] "GET / HTTP/1.1" 200 - "-" "Mozilla/5.0 (compatible; YandexBot/3.0; +http://yandex.com/bots)"
77.88.9.131 - - [07/Jan/2023:12:12:09 +0100] "GET / HTTP/1.1" 200 - "-" "Mozilla/5.0 (compatible; YandexBot/3.0; +http://yandex.com/bots)"
77.88.9.137 - - [07/Jan/2023:12:12:29 +0100] "GET / HTTP/1.1" 200 - "-" "Mozilla/5.0 (compatible; YandexBot/3.0; +http://yandex.com/bots)"
77.88.9.138 - - [07/Jan/2023:12:12:41 +0100] "GET / HTTP/1.1" 200 - "-" "Mozilla/5.0 (compatible; YandexBot/3.0; +http://yandex.com/bots)"
77.88.9.140 - - [07/Jan/2023:12:13:01 +0100] "GET / HTTP/1.1" 200 - "-" "Mozilla/5.0 (compatible; YandexBot/3.0; +http://yandex.com/bots)"
77.88.9.130 - - [07/Jan/2023:12:13:13 +0100] "GET / HTTP/1.1" 200 - "-" "Mozilla/5.0 (compatible; YandexBot/3.0; +http://yandex.com/bots)"
77.88.9.130 - - [07/Jan/2023:12:13:45 +0100] "GET / HTTP/1.1" 200 - "-" "Mozilla/5.0 (compatible; YandexBot/3.0; +http://yandex.com/bots)"
216.244.66.200 - - [07/Jan/2023:12:21:02 +0100] "GET /files/tartas.pdf HTTP/1.1" 200 514811 "-" "Mozilla/5.0 (compatible; DotBot/1.2; +https://opensiteexplorer.org/dotbot; help@moz.com)"
216.244.66.200 - - [07/Jan/2023:12:22:34 +0100] "GET /files/0208__vegh_z.doc HTTP/1.1" 200 111104 "-" "Mozilla/5.0 (compatible; DotBot/1.2; +https://opensiteexplorer.org/dotbot; help@moz.com)"
216.244.66.200 - - [07/Jan/2023:12:22:46 +0100] "GET /files/1e_indokolas.doc HTTP/1.1" 200 25600 "-" "Mozilla/5.0 (compatible; DotBot/1.2; +https://opensiteexplorer.org/dotbot; help@moz.com)"
216.244.66.200 - - [07/Jan/2023:12:23:00 +0100] "GET /files/2006_5_25_ken.pdf HTTP/1.1" 200 209314 "-" "Mozilla/5.0 (compatible; DotBot/1.2; +https://opensiteexplorer.org/dotbot; help@moz.com)"
216.244.66.200 - - [07/Jan/2023:12:23:16 +0100] "GET /files/20904_13.pdf HTTP/1.1" 200 314524 "-" "Mozilla/5.0 (compatible; DotBot/1.2; +https://opensiteexplorer.org/dotbot; help@moz.com)"
216.244.66.200 - - [07/Jan/2023:12:23:37 +0100] "GET /files/eloiranyzat.zip HTTP/1.1" 200 28035 "-" "Mozilla/5.0 (compatible; DotBot/1.2; +https://opensiteexplorer.org/dotbot; help@moz.com)"
216.244.66.200 - - [07/Jan/2023:12:23:55 +0100] "GET /files/magyarukranb.doc HTTP/1.1" 200 44544 "-" "Mozilla/5.0 (compatible; DotBot/1.2; +https://opensiteexplorer.org/dotbot; help@moz.com)"
216.244.66.200 - - [07/Jan/2023:12:24:29 +0100] "GET /files/0215_technol_gi_k.pdf HTTP/1.1" 200 23230 "-" "Mozilla/5.0 (compatible; DotBot/1.2; +https://opensiteexplorer.org/dotbot; help@moz.com)"
216.244.66.200 - - [07/Jan/2023:12:24:47 +0100] "GET /files/118_2001_terv_091102.pdf HTTP/1.1" 200 189533 "-" "Mozilla/5.0 (compatible; DotBot/1.2; +https://opensiteexplorer.org/dotbot; help@moz.com)"
66.249.66.73 - - [07/Jan/2023:12:24:49 +0100] "GET /files/hm_rendelet_terevezet_etkezesi_utalvany.pdf HTTP/1.1" 200 116684 "-" "Mozilla/5.0 (Linux; Android 6.0.1; Nexus 5X Build/MMB29P) AppleWebKit/537.36 (KHTML, like Gecko) Chrome/107.0.5304.115 Mobile Safari/537.36 (compatible; Googlebot/2.1; +http://www.google.com/bot.html)"
216.244.66.200 - - [07/Jan/2023:12:25:05 +0100] "GET /files/hallepcso_kozigre.pdf HTTP/1.1" 200 221476 "-" "Mozilla/5.0 (compatible; DotBot/1.2; +https://opensiteexplorer.org/dotbot; help@moz.com)"
216.244.66.200 - - [07/Jan/2023:12:25:33 +0100] "GET /files/kabszer_strategia_terv_071012.pdf HTTP/1.1" 200 450527 "-" "Mozilla/5.0 (compatible; DotBot/1.2; +https://opensiteexplorer.org/dotbot; help@moz.com)"
1.192.192.4 - - [07/Jan/2023:12:26:02 +0100] "GET / HTTP/1.1" 200 - "http://www.jogalkotas.hu/" "Mozilla/5.0(compatible;MSIE9.0;WindowsNT6.1;Trident/5.0)"
216.244.66.200 - - [07/Jan/2023:12:26:07 +0100] "GET /files/kem_terh_birs_min_ut_090302.doc HTTP/1.1" 200 48128 "-" "Mozilla/5.0 (compatible; DotBot/1.2; +https://opensiteexplorer.org/dotbot; help@moz.com)"
216.244.66.200 - - [07/Jan/2023:12:26:38 +0100] "GET /files/szakszo_legiforgalmi_iranyito_1mell.pdf HTTP/1.1" 200 100859 "-" "Mozilla/5.0 (compatible; DotBot/1.2; +https://opensiteexplorer.org/dotbot; help@moz.com)"
216.244.66.200 - - [07/Jan/2023:12:27:10 +0100] "GET /files/tamszolg_terv_080630.pdf HTTP/1.1" 200 245872 "-" "Mozilla/5.0 (compatible; DotBot/1.2; +https://opensiteexplorer.org/dotbot; help@moz.com)"
216.244.66.200 - - [07/Jan/2023:12:28:08 +0100] "GET /user/1/notify HTTP/1.1" 200 - "-" "Mozilla/5.0 (compatible; DotBot/1.2; +https://opensiteexplorer.org/dotbot; help@moz.com)"
216.244.66.200 - - [07/Jan/2023:12:28:29 +0100] "GET /files/12009_25.pdf HTTP/1.1" 200 206545 "-" "Mozilla/5.0 (compatible; DotBot/1.2; +https://opensiteexplorer.org/dotbot; help@moz.com)"
216.244.66.200 - - [07/Jan/2023:12:29:00 +0100] "GET /files/R178_3indoklas.pdf HTTP/1.1" 200 92789 "-" "Mozilla/5.0 (compatible; DotBot/1.2; +https://opensiteexplorer.org/dotbot; help@moz.com)"
216.244.66.200 - - [07/Jan/2023:12:29:31 +0100] "GET /files/R55_2.pdf HTTP/1.1" 200 179659 "-" "Mozilla/5.0 (compatible; DotBot/1.2; +https://opensiteexplorer.org/dotbot; help@moz.com)"
216.244.66.200 - - [07/Jan/2023:12:29:59 +0100] "GET /files/TK57.pdf HTTP/1.1" 200 133358 "-" "Mozilla/5.0 (compatible; DotBot/1.2; +https://opensiteexplorer.org/dotbot; help@moz.com)"
216.244.66.200 - - [07/Jan/2023:12:30:27 +0100] "GET /files/eh_szolg.zip HTTP/1.1" 200 32041 "-" "Mozilla/5.0 (compatible; DotBot/1.2; +https://opensiteexplorer.org/dotbot; help@moz.com)"
216.244.66.200 - - [07/Jan/2023:12:30:53 +0100] "GET /files/esztergom2.doc HTTP/1.1" 200 38912 "-" "Mozilla/5.0 (compatible; DotBot/1.2; +https://opensiteexplorer.org/dotbot; help@moz.com)"
216.244.66.200 - - [07/Jan/2023:12:31:21 +0100] "GET /files/honlapra.pdf HTTP/1.1" 200 103429 "-" "Mozilla/5.0 (compatible; DotBot/1.2; +https://opensiteexplorer.org/dotbot; help@moz.com)"
216.244.66.200 - - [07/Jan/2023:12:31:46 +0100] "GET /files/mikrobi%201130.doc HTTP/1.1" 200 100352 "-" "Mozilla/5.0 (compatible; DotBot/1.2; +https://opensiteexplorer.org/dotbot; help@moz.com)"
216.244.66.200 - - [07/Jan/2023:12:32:11 +0100] "GET /files/szakk_090909.pdf HTTP/1.1" 200 183415 "-" "Mozilla/5.0 (compatible; DotBot/1.2; +https://opensiteexplorer.org/dotbot; help@moz.com)"
216.244.66.200 - - [07/Jan/2023:12:33:05 +0100] "GET /files/AE+TPT+modositas+2007-08-09_k%C3%83%C2%B6zz%C3%83%C2%A9t%C3%83%C2%A9telhez.doc HTTP/1.1" 200 - "-" "Mozilla/5.0 (compatible; DotBot/1.2; +https://opensiteexplorer.org/dotbot; help@moz.com)"
216.244.66.200 - - [07/Jan/2023:12:33:28 +0100] "GET /files/hm_rendelet_tervezet_minositett_adat_vedelmerol.pdf HTTP/1.1" 200 146515 "-" "Mozilla/5.0 (compatible; DotBot/1.2; +https://opensiteexplorer.org/dotbot; help@moz.com)"
216.244.66.200 - - [07/Jan/2023:12:33:58 +0100] "GET /files/novenyvedelmi_birsag_korm_rendelet_060525.pdf HTTP/1.1" 200 27972 "-" "Mozilla/5.0 (compatible; DotBot/1.2; +https://opensiteexplorer.org/dotbot; help@moz.com)"
216.244.66.200 - - [07/Jan/2023:12:34:58 +0100] "GET /files/otthonsz%C3%83%C2%BCl%C3%83%C2%A9s%20Korm_%20E%C3%83%C2%BCM_rend_terv.doc HTTP/1.1" 200 - "-" "Mozilla/5.0 (compatible; DotBot/1.2; +https://opensiteexplorer.org/dotbot; help@moz.com)"
216.244.66.200 - - [07/Jan/2023:12:35:48 +0100] "GET /files/t%C3%83%C2%B6rv%C3%83%C2%A9nyjav_2007_06.pdf HTTP/1.1" 200 - "-" "Mozilla/5.0 (compatible; DotBot/1.2; +https://opensiteexplorer.org/dotbot; help@moz.com)"
216.244.66.200 - - [07/Jan/2023:12:36:10 +0100] "GET /files/cseh_magyar_terv_070523.pdf HTTP/1.1" 200 210579 "-" "Mozilla/5.0 (compatible; DotBot/1.2; +https://opensiteexplorer.org/dotbot; help@moz.com)"
216.244.66.200 - - [07/Jan/2023:12:36:43 +0100] "GET /files/gyamhatosag_eloterj_061204.pdf HTTP/1.1" 200 597742 "-" "Mozilla/5.0 (compatible; DotBot/1.2; +https://opensiteexplorer.org/dotbot; help@moz.com)"
216.244.66.200 - - [07/Jan/2023:12:37:15 +0100] "GET /files/hallgatoi_juttatasok_090806.pdf HTTP/1.1" 200 219022 "-" "Mozilla/5.0 (compatible; DotBot/1.2; +https://opensiteexplorer.org/dotbot; help@moz.com)"
216.244.66.200 - - [07/Jan/2023:12:37:45 +0100] "GET /files/integracio_081212.pdf HTTP/1.1" 200 254788 "-" "Mozilla/5.0 (compatible; DotBot/1.2; +https://opensiteexplorer.org/dotbot; help@moz.com)"
216.244.66.200 - - [07/Jan/2023:12:38:19 +0100] "GET /files/khv_eloterjesztes_dec13.doc HTTP/1.1" 200 1150976 "-" "Mozilla/5.0 (compatible; DotBot/1.2; +https://opensiteexplorer.org/dotbot; help@moz.com)"
216.244.66.200 - - [07/Jan/2023:12:38:52 +0100] "GET /files/regeszet_terv_080604.pdf HTTP/1.1" 200 299748 "-" "Mozilla/5.0 (compatible; DotBot/1.2; +https://opensiteexplorer.org/dotbot; help@moz.com)"
216.244.66.200 - - [07/Jan/2023:13:04:50 +0100] "GET /robots.txt HTTP/1.1" 200 1590 "-" "Mozilla/5.0 (compatible; DotBot/1.2; +https://opensiteexplorer.org/dotbot; help@moz.com)"
216.244.66.200 - - [07/Jan/2023:13:04:50 +0100] "GET /robots.txt HTTP/1.1" 200 1590 "-" "Mozilla/5.0 (compatible; DotBot/1.2; +https://opensiteexplorer.org/dotbot; help@moz.com)"
40.77.167.41 - - [07/Jan/2023:13:10:16 +0100] "GET /robots.txt HTTP/1.1" 200 1590 "-" "Mozilla/5.0 AppleWebKit/537.36 (KHTML, like Gecko; compatible; bingbot/2.0; +http://www.bing.com/bingbot.htm) Chrome/103.0.5060.134 Safari/537.36"
207.46.13.140 - - [07/Jan/2023:13:10:52 +0100] "GET /node/2123 HTTP/1.1" 200 - "-" "Mozilla/5.0 AppleWebKit/537.36 (KHTML, like Gecko; compatible; bingbot/2.0; +http://www.bing.com/bingbot.htm) Chrome/103.0.5060.134 Safari/537.36"
77.88.9.130 - - [07/Jan/2023:13:13:05 +0100] "GET / HTTP/1.1" 200 - "-" "Mozilla/5.0 (compatible; YandexBot/3.0; +http://yandex.com/bots)"
77.88.9.130 - - [07/Jan/2023:13:13:37 +0100] "GET / HTTP/1.1" 200 - "-" "Mozilla/5.0 (compatible; YandexBot/3.0; +http://yandex.com/bots)"
77.88.9.130 - - [07/Jan/2023:13:14:09 +0100] "GET / HTTP/1.1" 200 - "-" "Mozilla/5.0 (compatible; YandexBot/3.0; +http://yandex.com/bots)"
77.88.9.130 - - [07/Jan/2023:13:14:41 +0100] "GET / HTTP/1.1" 200 - "-" "Mozilla/5.0 (compatible; YandexBot/3.0; +http://yandex.com/bots)"
77.88.9.130 - - [07/Jan/2023:13:15:13 +0100] "GET / HTTP/1.1" 200 - "-" "Mozilla/5.0 (compatible; YandexBot/3.0; +http://yandex.com/bots)"
77.88.9.130 - - [07/Jan/2023:13:15:45 +0100] "GET / HTTP/1.1" 200 - "-" "Mozilla/5.0 (compatible; YandexBot/3.0; +http://yandex.com/bots)"
216.244.66.200 - - [07/Jan/2023:13:15:46 +0100] "GET /files/0314_15_es_16_2004_mod_tarcara_2.doc HTTP/1.1" 200 64512 "-" "Mozilla/5.0 (compatible; DotBot/1.2; +https://opensiteexplorer.org/dotbot; help@moz.com)"
216.244.66.200 - - [07/Jan/2023:13:15:57 +0100] "GET /files/100113_empa_eloterjesztes.pdf HTTP/1.1" 200 126914 "-" "Mozilla/5.0 (compatible; DotBot/1.2; +https://opensiteexplorer.org/dotbot; help@moz.com)"
216.244.66.200 - - [07/Jan/2023:13:16:09 +0100] "GET /files/22_2004_fmm_om_rendelet.pdf HTTP/1.1" 200 177009 "-" "Mozilla/5.0 (compatible; DotBot/1.2; +https://opensiteexplorer.org/dotbot; help@moz.com)"
216.244.66.200 - - [07/Jan/2023:13:16:25 +0100] "GET /files/2_mell_FAVI_ENG_r_szletes.doc HTTP/1.1" 200 282112 "-" "Mozilla/5.0 (compatible; DotBot/1.2; +https://opensiteexplorer.org/dotbot; help@moz.com)"
216.244.66.200 - - [07/Jan/2023:13:16:47 +0100] "GET /files/33_1998_mod_terv_080708.pdf HTTP/1.1" 200 473260 "-" "Mozilla/5.0 (compatible; DotBot/1.2; +https://opensiteexplorer.org/dotbot; help@moz.com)"
216.244.66.200 - - [07/Jan/2023:13:17:20 +0100] "GET /files/_2g9oa2t42ee0meub9cagn4st0cs_.pdf HTTP/1.1" 200 204703 "-" "Mozilla/5.0 (compatible; DotBot/1.2; +https://opensiteexplorer.org/dotbot; help@moz.com)"
216.244.66.200 - - [07/Jan/2023:13:17:50 +0100] "GET /files/egyes_korm_rend_mod_terv_090615.doc HTTP/1.1" 200 38912 "-" "Mozilla/5.0 (compatible; DotBot/1.2; +https://opensiteexplorer.org/dotbot; help@moz.com)"
216.244.66.200 - - [07/Jan/2023:13:18:23 +0100] "GET /files/epitesi_beruhazasok_koranyrendelet_.pdf HTTP/1.1" 200 230668 "-" "Mozilla/5.0 (compatible; DotBot/1.2; +https://opensiteexplorer.org/dotbot; help@moz.com)"
216.244.66.200 - - [07/Jan/2023:13:18:58 +0100] "GET /files/felsoo_finance_terv_07321.pdf HTTP/1.1" 200 247498 "-" "Mozilla/5.0 (compatible; DotBot/1.2; +https://opensiteexplorer.org/dotbot; help@moz.com)"
216.244.66.200 - - [07/Jan/2023:13:19:34 +0100] "GET /files/kabszer_jelentes_terv_071217.pdf HTTP/1.1" 200 566917 "-" "Mozilla/5.0 (compatible; DotBot/1.2; +https://opensiteexplorer.org/dotbot; help@moz.com)"
216.244.66.200 - - [07/Jan/2023:13:20:12 +0100] "GET /files/nemzetisegi_terv_090128.pdf HTTP/1.1" 200 419112 "-" "Mozilla/5.0 (compatible; DotBot/1.2; +https://opensiteexplorer.org/dotbot; help@moz.com)"
216.244.66.200 - - [07/Jan/2023:13:20:44 +0100] "GET /files/tervezet_kozigre_Balata_to.pdf HTTP/1.1" 200 71664 "-" "Mozilla/5.0 (compatible; DotBot/1.2; +https://opensiteexplorer.org/dotbot; help@moz.com)"
216.244.66.200 - - [07/Jan/2023:13:21:16 +0100] "GET /files/2533_2.pdf HTTP/1.1" 200 156609 "-" "Mozilla/5.0 (compatible; DotBot/1.2; +https://opensiteexplorer.org/dotbot; help@moz.com)"
216.244.66.200 - - [07/Jan/2023:13:21:46 +0100] "GET /files/NFGM326.pdf HTTP/1.1" 200 146508 "-" "Mozilla/5.0 (compatible; DotBot/1.2; +https://opensiteexplorer.org/dotbot; help@moz.com)"
216.244.66.200 - - [07/Jan/2023:13:22:14 +0100] "GET /files/R199_4_indoklas.doc HTTP/1.1" 200 35840 "-" "Mozilla/5.0 (compatible; DotBot/1.2; +https://opensiteexplorer.org/dotbot; help@moz.com)"
216.244.66.200 - - [07/Jan/2023:13:22:42 +0100] "GET /files/bizottsagok6.pdf HTTP/1.1" 200 80011 "-" "Mozilla/5.0 (compatible; DotBot/1.2; +https://opensiteexplorer.org/dotbot; help@moz.com)"
216.244.66.200 - - [07/Jan/2023:13:23:11 +0100] "GET /files/katonaiszabvany.pdf HTTP/1.1" 200 168237 "-" "Mozilla/5.0 (compatible; DotBot/1.2; +https://opensiteexplorer.org/dotbot; help@moz.com)"
216.244.66.200 - - [07/Jan/2023:13:24:07 +0100] "GET /files/O%C3%83%E2%80%B0TI_t%C3%83%C2%A1rca071203.doc HTTP/1.1" 200 - "-" "Mozilla/5.0 (compatible; DotBot/1.2; +https://opensiteexplorer.org/dotbot; help@moz.com)"
216.244.66.200 - - [07/Jan/2023:13:24:27 +0100] "GET /files/2007ugyvedidij_kozigre.doc HTTP/1.1" 200 59392 "-" "Mozilla/5.0 (compatible; DotBot/1.2; +https://opensiteexplorer.org/dotbot; help@moz.com)"
216.244.66.200 - - [07/Jan/2023:13:25:04 +0100] "GET /files/275_2005_mod_RO_BG_tarcara.pdf HTTP/1.1" 200 971323 "-" "Mozilla/5.0 (compatible; DotBot/1.2; +https://opensiteexplorer.org/dotbot; help@moz.com)"
216.244.66.200 - - [07/Jan/2023:13:25:35 +0100] "GET /files/2_melleklet_20060508.xls HTTP/1.1" 200 40960 "-" "Mozilla/5.0 (compatible; DotBot/1.2; +https://opensiteexplorer.org/dotbot; help@moz.com)"
216.244.66.200 - - [07/Jan/2023:13:26:05 +0100] "GET /files/331-2005-tervezet.doc HTTP/1.1" 200 72704 "-" "Mozilla/5.0 (compatible; DotBot/1.2; +https://opensiteexplorer.org/dotbot; help@moz.com)"
216.244.66.200 - - [07/Jan/2023:13:26:35 +0100] "GET /files/KHEM_4090_3javitott.doc HTTP/1.1" 200 200704 "-" "Mozilla/5.0 (compatible; DotBot/1.2; +https://opensiteexplorer.org/dotbot; help@moz.com)"
216.244.66.200 - - [07/Jan/2023:13:27:04 +0100] "GET /files/Korrel-2007-11_0.doc HTTP/1.1" 200 39424 "-" "Mozilla/5.0 (compatible; DotBot/1.2; +https://opensiteexplorer.org/dotbot; help@moz.com)"
216.244.66.200 - - [07/Jan/2023:13:27:33 +0100] "GET /files/_gedgml83kcpnn4sl0edlmipb7__0.pdf HTTP/1.1" 200 203833 "-" "Mozilla/5.0 (compatible; DotBot/1.2; +https://opensiteexplorer.org/dotbot; help@moz.com)"
216.244.66.200 - - [07/Jan/2023:13:27:59 +0100] "GET /files/dijrendelet_kozig.doc HTTP/1.1" 200 60928 "-" "Mozilla/5.0 (compatible; DotBot/1.2; +https://opensiteexplorer.org/dotbot; help@moz.com)"
216.244.66.200 - - [07/Jan/2023:13:28:26 +0100] "GET /files/eu_jogerv_strategia.doc HTTP/1.1" 200 435712 "-" "Mozilla/5.0 (compatible; DotBot/1.2; +https://opensiteexplorer.org/dotbot; help@moz.com)"
216.244.66.200 - - [07/Jan/2023:13:28:51 +0100] "GET /files/igugyszakerto_terv_070717.pdf HTTP/1.1" 200 175746 "-" "Mozilla/5.0 (compatible; DotBot/1.2; +https://opensiteexplorer.org/dotbot; help@moz.com)"
216.244.66.200 - - [07/Jan/2023:13:29:15 +0100] "GET /files/kedvezm_kisters_kormrend.pdf HTTP/1.1" 200 230664 "-" "Mozilla/5.0 (compatible; DotBot/1.2; +https://opensiteexplorer.org/dotbot; help@moz.com)"
207.46.13.87 - - [07/Jan/2023:13:29:21 +0100] "GET /node/1654 HTTP/1.1" 200 - "-" "Mozilla/5.0 AppleWebKit/537.36 (KHTML, like Gecko; compatible; bingbot/2.0; +http://www.bing.com/bingbot.htm) Chrome/103.0.5060.134 Safari/537.36"
216.244.66.200 - - [07/Jan/2023:13:29:38 +0100] "GET /files/munkved_terv_071003.pdf HTTP/1.1" 200 253823 "-" "Mozilla/5.0 (compatible; DotBot/1.2; +https://opensiteexplorer.org/dotbot; help@moz.com)"
216.244.66.200 - - [07/Jan/2023:13:30:00 +0100] "GET /files/szakertoirendelettervezet1.doc HTTP/1.1" 200 313344 "-" "Mozilla/5.0 (compatible; DotBot/1.2; +https://opensiteexplorer.org/dotbot; help@moz.com)"
216.244.66.200 - - [07/Jan/2023:13:30:22 +0100] "GET /files/szakszo_hajozo_5mell.pdf HTTP/1.1" 200 50877 "-" "Mozilla/5.0 (compatible; DotBot/1.2; +https://opensiteexplorer.org/dotbot; help@moz.com)"
157.55.39.87 - - [07/Jan/2023:13:33:12 +0100] "GET / HTTP/1.1" 200 - "-" "Mozilla/5.0 (compatible; bingbot/2.0; +http://www.bing.com/bingbot.htm)"
94.44.126.41 - - [07/Jan/2023:13:57:44 +0100] "GET /files/hadkotelesek_hm_eum_rendelet_tervezet_melleklet.pdf HTTP/1.1" 200 713160 "-" "Dalvik/2.1.0 (Linux; U; Android 11; SM-A505FN Build/RP1A.200720.012)"
216.244.66.200 - - [07/Jan/2023:13:58:12 +0100] "GET /robots.txt HTTP/1.1" 200 1590 "-" "Mozilla/5.0 (compatible; DotBot/1.2; +https://opensiteexplorer.org/dotbot; help@moz.com)"
216.244.66.200 - - [07/Jan/2023:13:58:12 +0100] "GET /robots.txt HTTP/1.1" 200 1590 "-" "Mozilla/5.0 (compatible; DotBot/1.2; +https://opensiteexplorer.org/dotbot; help@moz.com)"
216.244.66.200 - - [07/Jan/2023:14:07:08 +0100] "GET /files/_2ehqn4qbjf9q6iqr1d5ho4r0_.pdf HTTP/1.1" 200 196057 "-" "Mozilla/5.0 (compatible; DotBot/1.2; +https://opensiteexplorer.org/dotbot; help@moz.com)"
216.244.66.200 - - [07/Jan/2023:14:07:20 +0100] "GET /files/_hedt6orrmk1lmmrridlk62t0_.pdf HTTP/1.1" 200 101958 "-" "Mozilla/5.0 (compatible; DotBot/1.2; +https://opensiteexplorer.org/dotbot; help@moz.com)"
216.244.66.200 - - [07/Jan/2023:14:07:32 +0100] "GET /files/digit_irastudas_terv_100217.pdf HTTP/1.1" 200 298823 "-" "Mozilla/5.0 (compatible; DotBot/1.2; +https://opensiteexplorer.org/dotbot; help@moz.com)"
216.244.66.200 - - [07/Jan/2023:14:07:44 +0100] "GET /files/frekvenciahaszn_jogosult_paly_szab.doc HTTP/1.1" 200 159232 "-" "Mozilla/5.0 (compatible; DotBot/1.2; +https://opensiteexplorer.org/dotbot; help@moz.com)"
216.244.66.200 - - [07/Jan/2023:14:07:58 +0100] "GET /files/ig.szak.muk_tervezet-1.doc HTTP/1.1" 200 175104 "-" "Mozilla/5.0 (compatible; DotBot/1.2; +https://opensiteexplorer.org/dotbot; help@moz.com)"
66.249.79.140 - - [07/Jan/2023:14:08:14 +0100] "GET /favicon.ico HTTP/1.1" 404 57 "-" "Googlebot-Image/1.0"
216.244.66.200 - - [07/Jan/2023:14:08:40 +0100] "GET /files/megyei%20jelent%C3%83%C2%A9s.pdf HTTP/1.1" 200 - "-" "Mozilla/5.0 (compatible; DotBot/1.2; +https://opensiteexplorer.org/dotbot; help@moz.com)"
216.244.66.200 - - [07/Jan/2023:14:08:50 +0100] "GET /files/nem_uzleti_eloterj_1_fedlap_061129.pdf HTTP/1.1" 200 55321 "-" "Mozilla/5.0 (compatible; DotBot/1.2; +https://opensiteexplorer.org/dotbot; help@moz.com)"
216.244.66.200 - - [07/Jan/2023:14:09:28 +0100] "GET /files/szakhatosag_normaszoveg.doc HTTP/1.1" 200 1705472 "-" "Mozilla/5.0 (compatible; DotBot/1.2; +https://opensiteexplorer.org/dotbot; help@moz.com)"
216.244.66.200 - - [07/Jan/2023:14:10:01 +0100] "GET /files/2006_0.doc HTTP/1.1" 200 59392 "-" "Mozilla/5.0 (compatible; DotBot/1.2; +https://opensiteexplorer.org/dotbot; help@moz.com)"
216.244.66.200 - - [07/Jan/2023:14:10:34 +0100] "GET /files/TK1052.pdf HTTP/1.1" 200 166334 "-" "Mozilla/5.0 (compatible; DotBot/1.2; +https://opensiteexplorer.org/dotbot; help@moz.com)"
216.244.66.200 - - [07/Jan/2023:14:11:06 +0100] "GET /files/szakmagyakorlas.pdf HTTP/1.1" 200 172957 "-" "Mozilla/5.0 (compatible; DotBot/1.2; +https://opensiteexplorer.org/dotbot; help@moz.com)"
216.244.66.200 - - [07/Jan/2023:14:12:07 +0100] "GET /files/47%20tervezet%20t%C3%83%C2%A1rc%C3%83%C2%A1ra.doc HTTP/1.1" 200 - "-" "Mozilla/5.0 (compatible; DotBot/1.2; +https://opensiteexplorer.org/dotbot; help@moz.com)"
216.244.66.200 - - [07/Jan/2023:14:12:57 +0100] "GET /files/MAGYAR%20K%C3%83%E2%80%93ZT%C3%83%C2%81RSAS%C3%83%C2%81G%20KORM%C3%83%C2%81NYA.doc HTTP/1.1" 200 - "-" "Mozilla/5.0 (compatible; DotBot/1.2; +https://opensiteexplorer.org/dotbot; help@moz.com)"
216.244.66.200 - - [07/Jan/2023:14:13:19 +0100] "GET /files/_vdlgmeub1e8mn6ujcdtr84rh0dlimf83cdhgn0rr4k1pj2_.pdf HTTP/1.1" 200 193425 "-" "Mozilla/5.0 (compatible; DotBot/1.2; +https://opensiteexplorer.org/dotbot; help@moz.com)"
77.88.9.130 - - [07/Jan/2023:14:13:29 +0100] "GET /robots.txt HTTP/1.1" 200 1590 "-" "Mozilla/5.0 (compatible; YandexBot/3.0; +http://yandex.com/bots)"
77.88.9.130 - - [07/Jan/2023:14:13:49 +0100] "GET /robots.txt HTTP/1.1" 200 1590 "-" "Mozilla/5.0 (compatible; YandexBot/3.0; +http://yandex.com/bots)"
216.244.66.200 - - [07/Jan/2023:14:13:59 +0100] "GET /files/allatgyogyaszat_rendelet_velemenyezesre.pdf HTTP/1.1" 200 939209 "-" "Mozilla/5.0 (compatible; DotBot/1.2; +https://opensiteexplorer.org/dotbot; help@moz.com)"
77.88.9.130 - - [07/Jan/2023:14:14:05 +0100] "GET / HTTP/1.1" 200 - "-" "Mozilla/5.0 (compatible; YandexBot/3.0; +http://yandex.com/bots)"
77.88.9.130 - - [07/Jan/2023:14:14:25 +0100] "GET / HTTP/1.1" 200 - "-" "Mozilla/5.0 (compatible; YandexBot/3.0; +http://yandex.com/bots)"
77.88.9.130 - - [07/Jan/2023:14:14:37 +0100] "GET / HTTP/1.1" 200 - "-" "Mozilla/5.0 (compatible; YandexBot/3.0; +http://yandex.com/bots)"
216.244.66.200 - - [07/Jan/2023:14:14:55 +0100] "GET /files/eu_szakellatas_tarsbizt_finansz_tervezet.doc HTTP/1.1" 200 2217927 "-" "Mozilla/5.0 (compatible; DotBot/1.2; +https://opensiteexplorer.org/dotbot; help@moz.com)"
77.88.9.130 - - [07/Jan/2023:14:14:57 +0100] "GET / HTTP/1.1" 200 - "-" "Mozilla/5.0 (compatible; YandexBot/3.0; +http://yandex.com/bots)"
77.88.9.137 - - [07/Jan/2023:14:15:09 +0100] "GET / HTTP/1.1" 200 - "-" "Mozilla/5.0 (compatible; YandexBot/3.0; +http://yandex.com/bots)"
77.88.9.137 - - [07/Jan/2023:14:15:29 +0100] "GET / HTTP/1.1" 200 - "-" "Mozilla/5.0 (compatible; YandexBot/3.0; +http://yandex.com/bots)"
77.88.9.138 - - [07/Jan/2023:14:15:41 +0100] "GET / HTTP/1.1" 200 - "-" "Mozilla/5.0 (compatible; YandexBot/3.0; +http://yandex.com/bots)"
216.244.66.200 - - [07/Jan/2023:14:15:57 +0100] "GET /files/rendelet-t%C3%83%C2%A1rc%C3%83%C2%A1ra_47-2003.m%C3%83%C2%B3d..doc HTTP/1.1" 200 - "-" "Mozilla/5.0 (compatible; DotBot/1.2; +https://opensiteexplorer.org/dotbot; help@moz.com)"
77.88.9.138 - - [07/Jan/2023:14:16:00 +0100] "GET / HTTP/1.1" 200 - "-" "Mozilla/5.0 (compatible; YandexBot/3.0; +http://yandex.com/bots)"
77.88.9.131 - - [07/Jan/2023:14:16:01 +0100] "GET / HTTP/1.1" 200 - "-" "Mozilla/5.0 (compatible; YandexBot/3.0; +http://yandex.com/bots)"
216.244.66.200 - - [07/Jan/2023:14:16:17 +0100] "GET /files/1214_T_j_koztat_.doc HTTP/1.1" 200 97792 "-" "Mozilla/5.0 (compatible; DotBot/1.2; +https://opensiteexplorer.org/dotbot; help@moz.com)"
