52.167.144.174 - - [28/Mar/2023:08:32:46 +0200] "GET /node/317 HTTP/1.1" 200 - "-" "Mozilla/5.0 AppleWebKit/537.36 (KHTML, like Gecko; compatible; bingbot/2.0; +http://www.bing.com/bingbot.htm) Chrome/103.0.5060.134 Safari/537.36"
216.244.66.200 - - [28/Mar/2023:08:37:13 +0200] "GET /robots.txt HTTP/1.1" 200 1590 "-" "Mozilla/5.0 (compatible; DotBot/1.2; +https://opensiteexplorer.org/dotbot; help@moz.com)"
216.244.66.200 - - [28/Mar/2023:08:49:01 +0200] "GET /files/11340_2.pdf HTTP/1.1" 200 109543 "-" "Mozilla/5.0 (compatible; DotBot/1.2; +https://opensiteexplorer.org/dotbot; help@moz.com)"
216.244.66.200 - - [28/Mar/2023:08:49:20 +0200] "GET /files/2006btk.doc HTTP/1.1" 200 320000 "-" "Mozilla/5.0 (compatible; DotBot/1.2; +https://opensiteexplorer.org/dotbot; help@moz.com)"
216.244.66.200 - - [28/Mar/2023:08:49:52 +0200] "GET /files/20071_0.doc HTTP/1.1" 200 53760 "-" "Mozilla/5.0 (compatible; DotBot/1.2; +https://opensiteexplorer.org/dotbot; help@moz.com)"
216.244.66.200 - - [28/Mar/2023:08:50:22 +0200] "GET /files/2007_2.doc HTTP/1.1" 200 41984 "-" "Mozilla/5.0 (compatible; DotBot/1.2; +https://opensiteexplorer.org/dotbot; help@moz.com)"
216.244.66.200 - - [28/Mar/2023:08:50:52 +0200] "GET /files/693_mkk_070105.pdf HTTP/1.1" 200 106831 "-" "Mozilla/5.0 (compatible; DotBot/1.2; +https://opensiteexplorer.org/dotbot; help@moz.com)"
216.244.66.200 - - [28/Mar/2023:08:51:30 +0200] "GET /files/T2757.doc HTTP/1.1" 200 500736 "-" "Mozilla/5.0 (compatible; DotBot/1.2; +https://opensiteexplorer.org/dotbot; help@moz.com)"
216.244.66.200 - - [28/Mar/2023:08:52:03 +0200] "GET /files/hatar.pdf HTTP/1.1" 200 148826 "-" "Mozilla/5.0 (compatible; DotBot/1.2; +https://opensiteexplorer.org/dotbot; help@moz.com)"
216.244.66.200 - - [28/Mar/2023:08:52:36 +0200] "GET /files/1214_T_j_koztat_.doc HTTP/1.1" 200 97792 "-" "Mozilla/5.0 (compatible; DotBot/1.2; +https://opensiteexplorer.org/dotbot; help@moz.com)"
216.244.66.200 - - [28/Mar/2023:08:53:06 +0200] "GET /files/2008_kovijavaslat_kozigre-01-16.pdf HTTP/1.1" 200 107088 "-" "Mozilla/5.0 (compatible; DotBot/1.2; +https://opensiteexplorer.org/dotbot; help@moz.com)"
216.244.66.200 - - [28/Mar/2023:08:53:35 +0200] "GET /files/41per2000_EuM_KoM_rend_mod.doc HTTP/1.1" 200 39424 "-" "Mozilla/5.0 (compatible; DotBot/1.2; +https://opensiteexplorer.org/dotbot; help@moz.com)"
216.244.66.200 - - [28/Mar/2023:08:54:02 +0200] "GET /files/Karancs_Medves_tervezet.doc HTTP/1.1" 200 86016 "-" "Mozilla/5.0 (compatible; DotBot/1.2; +https://opensiteexplorer.org/dotbot; help@moz.com)"
216.244.66.200 - - [28/Mar/2023:08:54:29 +0200] "GET /files/jogalkotas_nyilvanossaga_2006jan.pdf HTTP/1.1" 200 32102 "-" "Mozilla/5.0 (compatible; DotBot/1.2; +https://opensiteexplorer.org/dotbot; help@moz.com)"
216.244.66.200 - - [28/Mar/2023:08:54:58 +0200] "GET /files/korbetartozas_2007_03_27.doc HTTP/1.1" 200 369664 "-" "Mozilla/5.0 (compatible; DotBot/1.2; +https://opensiteexplorer.org/dotbot; help@moz.com)"
40.77.167.107 - - [28/Mar/2023:08:55:01 +0200] "GET / HTTP/1.1" 200 - "-" "Mozilla/5.0 AppleWebKit/537.36 (KHTML, like Gecko; compatible; bingbot/2.0; +http://www.bing.com/bingbot.htm) Chrome/103.0.5060.134 Safari/537.36"
216.244.66.200 - - [28/Mar/2023:08:55:26 +0200] "GET /files/kozuti_jarmuvek_modositas.pdf HTTP/1.1" 200 82183 "-" "Mozilla/5.0 (compatible; DotBot/1.2; +https://opensiteexplorer.org/dotbot; help@moz.com)"
216.244.66.200 - - [28/Mar/2023:08:55:49 +0200] "GET /files/megf_tabl_091120.doc HTTP/1.1" 200 39936 "-" "Mozilla/5.0 (compatible; DotBot/1.2; +https://opensiteexplorer.org/dotbot; help@moz.com)"
79.209.38.102 - - [28/Mar/2023:08:56:12 +0200] "GET /files/szakertoidijazas.doc HTTP/1.1" 200 59392 "-" "Mozilla/5.0 (Windows NT 10.0; WOW64; Trident/7.0; rv:11.0) like Gecko"
216.244.66.200 - - [28/Mar/2023:08:56:12 +0200] "GET /files/miniszt_2006_nov.pdf HTTP/1.1" 200 79803 "-" "Mozilla/5.0 (compatible; DotBot/1.2; +https://opensiteexplorer.org/dotbot; help@moz.com)"
216.244.66.200 - - [28/Mar/2023:08:56:37 +0200] "GET /files/miniszt_2006_oktober.pdf HTTP/1.1" 200 84552 "-" "Mozilla/5.0 (compatible; DotBot/1.2; +https://opensiteexplorer.org/dotbot; help@moz.com)"
216.244.66.200 - - [28/Mar/2023:08:56:59 +0200] "GET /files/muzszakfelugy_terv_081103.pdf HTTP/1.1" 200 216510 "-" "Mozilla/5.0 (compatible; DotBot/1.2; +https://opensiteexplorer.org/dotbot; help@moz.com)"
216.244.66.200 - - [28/Mar/2023:08:57:28 +0200] "GET /files/nfh_terv_070730.pdf HTTP/1.1" 200 347830 "-" "Mozilla/5.0 (compatible; DotBot/1.2; +https://opensiteexplorer.org/dotbot; help@moz.com)"
216.244.66.200 - - [28/Mar/2023:08:58:06 +0200] "GET /files/tervezet_Szarvasi.pdf HTTP/1.1" 200 171068 "-" "Mozilla/5.0 (compatible; DotBot/1.2; +https://opensiteexplorer.org/dotbot; help@moz.com)"
84.206.48.251 - - [28/Mar/2023:09:03:47 +0200] "GET /files/az_uj_ptk_koncepcioja.pdf HTTP/1.1" 200 169125 "https://www.google.com/" "Mozilla/5.0 (Windows NT 10.0; Win64; x64) AppleWebKit/537.36 (KHTML, like Gecko) Chrome/111.0.0.0 Safari/537.36"
84.206.48.251 - - [28/Mar/2023:09:03:49 +0200] "GET /favicon.ico HTTP/1.1" 404 57 "http://www.jogalkotas.hu/files/az_uj_ptk_koncepcioja.pdf" "Mozilla/5.0 (Windows NT 10.0; Win64; x64) AppleWebKit/537.36 (KHTML, like Gecko) Chrome/111.0.0.0 Safari/537.36"
52.167.144.47 - - [28/Mar/2023:09:22:35 +0200] "GET /files/KUM_kituntetesek.pdf HTTP/1.1" 200 220724 "-" "Mozilla/5.0 AppleWebKit/537.36 (KHTML, like Gecko; compatible; bingbot/2.0; +http://www.bing.com/bingbot.htm) Chrome/103.0.5060.134 Safari/537.36"
216.244.66.200 - - [28/Mar/2023:09:29:56 +0200] "GET /robots.txt HTTP/1.1" 200 1590 "-" "Mozilla/5.0 (compatible; DotBot/1.2; +https://opensiteexplorer.org/dotbot; help@moz.com)"
52.167.144.123 - - [28/Mar/2023:09:34:46 +0200] "GET /files/elelmezesi_norma_rendelet_0108.pdf HTTP/1.1" 200 63606 "-" "Mozilla/5.0 AppleWebKit/537.36 (KHTML, like Gecko; compatible; bingbot/2.0; +http://www.bing.com/bingbot.htm) Chrome/103.0.5060.134 Safari/537.36"
216.244.66.200 - - [28/Mar/2023:09:41:53 +0200] "GET /files/1214_9_mell.xls HTTP/1.1" 200 21504 "-" "Mozilla/5.0 (compatible; DotBot/1.2; +https://opensiteexplorer.org/dotbot; help@moz.com)"
216.244.66.200 - - [28/Mar/2023:09:42:04 +0200] "GET /files/eloterjesztes.doc HTTP/1.1" 200 35840 "-" "Mozilla/5.0 (compatible; DotBot/1.2; +https://opensiteexplorer.org/dotbot; help@moz.com)"
216.244.66.200 - - [28/Mar/2023:09:42:21 +0200] "GET /files/ertvelot.doc HTTP/1.1" 200 320000 "-" "Mozilla/5.0 (compatible; DotBot/1.2; +https://opensiteexplorer.org/dotbot; help@moz.com)"
216.244.66.200 - - [28/Mar/2023:09:44:12 +0200] "GET /files/1998_94_mod_terv_090807.pdf HTTP/1.1" 200 376438 "-" "Mozilla/5.0 (compatible; DotBot/1.2; +https://opensiteexplorer.org/dotbot; help@moz.com)"
216.244.66.200 - - [28/Mar/2023:09:44:42 +0200] "GET /files/2_melleklet_20060508.xls HTTP/1.1" 200 40960 "-" "Mozilla/5.0 (compatible; DotBot/1.2; +https://opensiteexplorer.org/dotbot; help@moz.com)"
216.244.66.200 - - [28/Mar/2023:09:45:13 +0200] "GET /files/40per2001_min_rend_mod.doc HTTP/1.1" 200 315392 "-" "Mozilla/5.0 (compatible; DotBot/1.2; +https://opensiteexplorer.org/dotbot; help@moz.com)"
216.244.66.200 - - [28/Mar/2023:09:45:42 +0200] "GET /files/roman_bolgar_eloterj_061214.pdf HTTP/1.1" 200 226416 "-" "Mozilla/5.0 (compatible; DotBot/1.2; +https://opensiteexplorer.org/dotbot; help@moz.com)"
37.76.30.47 - - [28/Mar/2023:09:45:45 +0200] "GET /files/CITES_tervezet_0729_kozig.pdf HTTP/1.1" 200 271903 "https://www.google.hu/" "Mozilla/5.0 (Macintosh; Intel Mac OS X 10_15_7) AppleWebKit/605.1.15 (KHTML, like Gecko) Version/16.3 Safari/605.1.15"
37.76.30.47 - - [28/Mar/2023:09:45:45 +0200] "GET /favicon.ico HTTP/1.1" 404 57 "http://www.jogalkotas.hu/files/CITES_tervezet_0729_kozig.pdf" "Mozilla/5.0 (Macintosh; Intel Mac OS X 10_15_7) AppleWebKit/605.1.15 (KHTML, like Gecko) Version/16.3 Safari/605.1.15"
89.134.204.170 - - [28/Mar/2023:09:54:12 +0200] "GET /favicon.ico HTTP/1.1" 404 57 "http://jogalkotas.hu/files/neveles_oktatas_int_terv_080804.pdf" "Mozilla/5.0 (Windows NT 10.0; Win64; x64) AppleWebKit/537.36 (KHTML, like Gecko) Chrome/111.0.0.0 Safari/537.36"
89.134.204.170 - - [28/Mar/2023:09:54:12 +0200] "GET /files/neveles_oktatas_int_terv_080804.pdf HTTP/1.1" 200 242534 "https://www.google.com/" "Mozilla/5.0 (Windows NT 10.0; Win64; x64) AppleWebKit/537.36 (KHTML, like Gecko) Chrome/111.0.0.0 Safari/537.36"
66.249.70.100 - - [28/Mar/2023:09:55:58 +0200] "GET /files/tamop_rend_terv_091104.pdf HTTP/1.1" 200 239925 "-" "Mozilla/5.0 (compatible; Googlebot/2.1; +http://www.google.com/bot.html)"
62.210.215.100 - - [28/Mar/2023:09:58:12 +0200] "GET /taxonomy/term/89/0/feed HTTP/1.1" 200 - "-" "Mozilla/5.0 (X11; Linux i686) AppleWebKit/537.36 (KHTML, like Gecko) Chrome/30.0.1599.66 Safari/537.36"
52.167.144.174 - - [28/Mar/2023:10:22:46 +0200] "GET /files/hm_rendelet_tervezet_oltozkodesi_szabalyzat_modositas.pdf HTTP/1.1" 304 - "-" "Mozilla/5.0 AppleWebKit/537.36 (KHTML, like Gecko; compatible; bingbot/2.0; +http://www.bing.com/bingbot.htm) Chrome/103.0.5060.134 Safari/537.36"
216.244.66.200 - - [28/Mar/2023:10:22:57 +0200] "GET /robots.txt HTTP/1.1" 200 1590 "-" "Mozilla/5.0 (compatible; DotBot/1.2; +https://opensiteexplorer.org/dotbot; help@moz.com)"
66.249.70.97 - - [28/Mar/2023:10:33:28 +0200] "GET /files/tartas.pdf HTTP/1.1" 304 - "-" "Mozilla/5.0 (Linux; Android 6.0.1; Nexus 5X Build/MMB29P) AppleWebKit/537.36 (KHTML, like Gecko) Chrome/111.0.5563.110 Mobile Safari/537.36 (compatible; Googlebot/2.1; +http://www.google.com/bot.html)"
216.244.66.200 - - [28/Mar/2023:10:45:38 +0200] "GET /files/TK75.doc HTTP/1.1" 200 669184 "-" "Mozilla/5.0 (compatible; DotBot/1.2; +https://opensiteexplorer.org/dotbot; help@moz.com)"
216.244.66.200 - - [28/Mar/2023:10:47:06 +0200] "GET /files/20071.doc HTTP/1.1" 200 39424 "-" "Mozilla/5.0 (compatible; DotBot/1.2; +https://opensiteexplorer.org/dotbot; help@moz.com)"
216.244.66.200 - - [28/Mar/2023:10:47:36 +0200] "GET /files/2394_20_1.doc HTTP/1.1" 200 79872 "-" "Mozilla/5.0 (compatible; DotBot/1.2; +https://opensiteexplorer.org/dotbot; help@moz.com)"
216.244.66.200 - - [28/Mar/2023:10:48:06 +0200] "GET /files/bizott_2007_05.pdf HTTP/1.1" 200 60990 "-" "Mozilla/5.0 (compatible; DotBot/1.2; +https://opensiteexplorer.org/dotbot; help@moz.com)"
216.244.66.200 - - [28/Mar/2023:10:48:35 +0200] "GET /files/hatarterulet.doc HTTP/1.1" 200 140288 "-" "Mozilla/5.0 (compatible; DotBot/1.2; +https://opensiteexplorer.org/dotbot; help@moz.com)"
216.244.66.200 - - [28/Mar/2023:10:49:02 +0200] "GET /files/jogh_90.doc HTTP/1.1" 200 80384 "-" "Mozilla/5.0 (compatible; DotBot/1.2; +https://opensiteexplorer.org/dotbot; help@moz.com)"
216.244.66.200 - - [28/Mar/2023:10:49:32 +0200] "GET /files/turizmus.pdf HTTP/1.1" 200 216384 "-" "Mozilla/5.0 (compatible; DotBot/1.2; +https://opensiteexplorer.org/dotbot; help@moz.com)"
216.244.66.200 - - [28/Mar/2023:10:49:58 +0200] "GET /files/3130_kepz_kot_070124.pdf HTTP/1.1" 200 145786 "-" "Mozilla/5.0 (compatible; DotBot/1.2; +https://opensiteexplorer.org/dotbot; help@moz.com)"
216.244.66.200 - - [28/Mar/2023:10:50:22 +0200] "GET /files/8330-6indokolas.doc HTTP/1.1" 200 32256 "-" "Mozilla/5.0 (compatible; DotBot/1.2; +https://opensiteexplorer.org/dotbot; help@moz.com)"
216.244.66.200 - - [28/Mar/2023:10:50:46 +0200] "GET /files/Tervezet_05.30..doc HTTP/1.1" 200 46080 "-" "Mozilla/5.0 (compatible; DotBot/1.2; +https://opensiteexplorer.org/dotbot; help@moz.com)"
216.244.66.200 - - [28/Mar/2023:10:51:39 +0200] "GET /files/adatszolg_kozig%20_2_.pdf HTTP/1.1" 200 - "-" "Mozilla/5.0 (compatible; DotBot/1.2; +https://opensiteexplorer.org/dotbot; help@moz.com)"
216.244.66.200 - - [28/Mar/2023:10:51:59 +0200] "GET /files/allhaz_terv_mell_080627.pdf HTTP/1.1" 200 120894 "-" "Mozilla/5.0 (compatible; DotBot/1.2; +https://opensiteexplorer.org/dotbot; help@moz.com)"
216.244.66.200 - - [28/Mar/2023:10:52:32 +0200] "GET /files/kormeloterjesztes_060426.pdf HTTP/1.1" 200 199536 "-" "Mozilla/5.0 (compatible; DotBot/1.2; +https://opensiteexplorer.org/dotbot; help@moz.com)"
216.244.66.200 - - [28/Mar/2023:10:53:03 +0200] "GET /files/ktt_terv_090324.pdf HTTP/1.1" 200 256613 "-" "Mozilla/5.0 (compatible; DotBot/1.2; +https://opensiteexplorer.org/dotbot; help@moz.com)"
216.244.66.200 - - [28/Mar/2023:10:53:33 +0200] "GET /files/ktv_mod_terv_070322.pdf HTTP/1.1" 200 400216 "-" "Mozilla/5.0 (compatible; DotBot/1.2; +https://opensiteexplorer.org/dotbot; help@moz.com)"
216.244.66.200 - - [28/Mar/2023:10:54:02 +0200] "GET /files/tervezet_kozig_ivoviz_tam.pdf HTTP/1.1" 200 212998 "-" "Mozilla/5.0 (compatible; DotBot/1.2; +https://opensiteexplorer.org/dotbot; help@moz.com)"
216.244.66.200 - - [28/Mar/2023:10:54:29 +0200] "GET /files/torvenyjavaslat_szlovak_hatarokmanyok.doc HTTP/1.1" 200 62464 "-" "Mozilla/5.0 (compatible; DotBot/1.2; +https://opensiteexplorer.org/dotbot; help@moz.com)"
84.206.11.56 - - [28/Mar/2023:10:59:03 +0200] "GET /files/NFGM_8810.pdf HTTP/1.1" 200 1128259 "https://www.google.com/" "Mozilla/5.0 (Windows NT 10.0; Win64; x64; rv:109.0) Gecko/20100101 Firefox/111.0"
84.206.11.56 - - [28/Mar/2023:10:59:08 +0200] "GET /files/NFGM_8810.pdf HTTP/1.1" 200 1128259 "https://www.google.com/" "Mozilla/5.0 (Windows NT 10.0; Win64; x64; rv:109.0) Gecko/20100101 Firefox/111.0"
40.77.167.197 - - [28/Mar/2023:10:59:31 +0200] "GET /files/1220_KAR_adatlapok_kit_lt_si__tmutat_ja_2006_12_08.doc HTTP/1.1" 304 - "-" "Mozilla/5.0 AppleWebKit/537.36 (KHTML, like Gecko; compatible; bingbot/2.0; +http://www.bing.com/bingbot.htm) Chrome/103.0.5060.134 Safari/537.36"
216.244.66.200 - - [28/Mar/2023:11:17:15 +0200] "GET /robots.txt HTTP/1.1" 200 1590 "-" "Mozilla/5.0 (compatible; DotBot/1.2; +https://opensiteexplorer.org/dotbot; help@moz.com)"
66.249.64.75 - - [28/Mar/2023:11:18:29 +0200] "GET /files/szvk_terv_090804.pdf HTTP/1.1" 304 - "-" "Mozilla/5.0 (Linux; Android 6.0.1; Nexus 5X Build/MMB29P) AppleWebKit/537.36 (KHTML, like Gecko) Chrome/111.0.5563.110 Mobile Safari/537.36 (compatible; Googlebot/2.1; +http://www.google.com/bot.html)"
51.222.253.20 - - [28/Mar/2023:11:30:57 +0200] "GET /robots.txt HTTP/1.1" 200 1590 "-" "Mozilla/5.0 (compatible; AhrefsBot/7.0; +http://ahrefs.com/robot/)"
216.244.66.200 - - [28/Mar/2023:11:38:31 +0200] "GET /files/adr.zip HTTP/1.1" 200 430581 "-" "Mozilla/5.0 (compatible; DotBot/1.2; +https://opensiteexplorer.org/dotbot; help@moz.com)"
216.244.66.200 - - [28/Mar/2023:11:39:50 +0200] "GET /files/Korrel-2007-27.doc HTTP/1.1" 200 41984 "-" "Mozilla/5.0 (compatible; DotBot/1.2; +https://opensiteexplorer.org/dotbot; help@moz.com)"
216.244.66.200 - - [28/Mar/2023:11:40:02 +0200] "GET /files/Korrel-2007-28.doc HTTP/1.1" 200 39936 "-" "Mozilla/5.0 (compatible; DotBot/1.2; +https://opensiteexplorer.org/dotbot; help@moz.com)"
216.244.66.200 - - [28/Mar/2023:11:40:17 +0200] "GET /files/NFGM7978.doc HTTP/1.1" 200 285696 "-" "Mozilla/5.0 (compatible; DotBot/1.2; +https://opensiteexplorer.org/dotbot; help@moz.com)"
213.163.37.38 - - [28/Mar/2023:11:40:32 +0200] "GET /favicon.ico HTTP/1.1" 404 57 "http://www.jogalkotas.hu/files/3802_16.pdf" "Mozilla/5.0 (Windows NT 10.0; Win64; x64) AppleWebKit/537.36 (KHTML, like Gecko) Chrome/111.0.0.0 Safari/537.36"
216.244.66.200 - - [28/Mar/2023:11:40:54 +0200] "GET /files/NFGM_6325.pdf HTTP/1.1" 200 106670 "-" "Mozilla/5.0 (compatible; DotBot/1.2; +https://opensiteexplorer.org/dotbot; help@moz.com)"
216.244.66.200 - - [28/Mar/2023:11:41:34 +0200] "GET /files/OVSZ-kozig1119.pdf HTTP/1.1" 200 415628 "-" "Mozilla/5.0 (compatible; DotBot/1.2; +https://opensiteexplorer.org/dotbot; help@moz.com)"
216.244.66.200 - - [28/Mar/2023:11:42:10 +0200] "GET /files/TK1113.pdf HTTP/1.1" 200 368332 "-" "Mozilla/5.0 (compatible; DotBot/1.2; +https://opensiteexplorer.org/dotbot; help@moz.com)"
168.138.211.255 - - [28/Mar/2023:11:42:15 +0200] "GET /style.php?sig=update&domain=51.79.124.111 HTTP/1.1" 200 - "www.google.com" "Mozlila/5.0 (Linux; Android 7.0; SM-G892A Bulid/NRD90M; wv) AppleWebKit/537.36 (KHTML, like Gecko) Version/4.0 Chrome/60.0.3112.107 Moblie Safari/537.36"
216.244.66.200 - - [28/Mar/2023:11:42:40 +0200] "GET /files/tervezet0721.doc HTTP/1.1" 200 65536 "-" "Mozilla/5.0 (compatible; DotBot/1.2; +https://opensiteexplorer.org/dotbot; help@moz.com)"
114.119.145.237 - - [28/Mar/2023:11:43:01 +0200] "GET /robots.txt HTTP/1.1" 200 1590 "-" "Mozilla/5.0 (compatible;PetalBot;+https://webmaster.petalsearch.com/site/petalbot)"
216.244.66.200 - - [28/Mar/2023:11:43:09 +0200] "GET /files/0328_celtart_eloterjesztes.doc HTTP/1.1" 200 73216 "-" "Mozilla/5.0 (compatible; DotBot/1.2; +https://opensiteexplorer.org/dotbot; help@moz.com)"
216.244.66.200 - - [28/Mar/2023:11:43:39 +0200] "GET /files/egyes_szocrend_terv_070124.pdf HTTP/1.1" 200 336579 "-" "Mozilla/5.0 (compatible; DotBot/1.2; +https://opensiteexplorer.org/dotbot; help@moz.com)"
216.244.66.200 - - [28/Mar/2023:11:44:08 +0200] "GET /files/legiforgalmi_2melleklet.pdf HTTP/1.1" 200 191217 "-" "Mozilla/5.0 (compatible; DotBot/1.2; +https://opensiteexplorer.org/dotbot; help@moz.com)"
216.244.66.200 - - [28/Mar/2023:11:44:36 +0200] "GET /files/regeszet_070111.pdf HTTP/1.1" 200 173642 "-" "Mozilla/5.0 (compatible; DotBot/1.2; +https://opensiteexplorer.org/dotbot; help@moz.com)"
216.244.66.200 - - [28/Mar/2023:11:45:05 +0200] "GET /files/regmunkkozp_terv_090108.pdf HTTP/1.1" 200 232384 "-" "Mozilla/5.0 (compatible; DotBot/1.2; +https://opensiteexplorer.org/dotbot; help@moz.com)"
216.244.66.200 - - [28/Mar/2023:11:45:30 +0200] "GET /files/tervezet_0702_kozigre.doc HTTP/1.1" 200 106496 "-" "Mozilla/5.0 (compatible; DotBot/1.2; +https://opensiteexplorer.org/dotbot; help@moz.com)"
168.138.211.255 - - [28/Mar/2023:11:51:58 +0200] "GET /style.php?sig=update&domain=51.79.124.111 HTTP/1.1" 200 - "www.google.com" "Mozlila/5.0 (Linux; Android 7.0; SM-G892A Bulid/NRD90M; wv) AppleWebKit/537.36 (KHTML, like Gecko) Version/4.0 Chrome/60.0.3112.107 Moblie Safari/537.36"
66.249.70.126 - - [28/Mar/2023:12:03:28 +0200] "GET /robots.txt HTTP/1.1" 200 1590 "-" "Mozilla/5.0 (compatible; Googlebot/2.1; +http://www.google.com/bot.html)"
66.249.70.100 - - [28/Mar/2023:12:03:29 +0200] "GET /files/cegbejegyzesi_eljaras_21_per_2006__02_12_fin.doc HTTP/1.1" 304 - "-" "Mozilla/5.0 (Linux; Android 6.0.1; Nexus 5X Build/MMB29P) AppleWebKit/537.36 (KHTML, like Gecko) Chrome/111.0.5563.110 Mobile Safari/537.36 (compatible; Googlebot/2.1; +http://www.google.com/bot.html)"
216.244.66.200 - - [28/Mar/2023:12:09:13 +0200] "GET /robots.txt HTTP/1.1" 200 1590 "-" "Mozilla/5.0 (compatible; DotBot/1.2; +https://opensiteexplorer.org/dotbot; help@moz.com)"
216.244.66.200 - - [28/Mar/2023:12:09:13 +0200] "GET /robots.txt HTTP/1.1" 200 1590 "-" "Mozilla/5.0 (compatible; DotBot/1.2; +https://opensiteexplorer.org/dotbot; help@moz.com)"
216.244.66.200 - - [28/Mar/2023:12:15:30 +0200] "GET /taxonomy/term/85 HTTP/1.1" 200 - "-" "Mozilla/5.0 (compatible; DotBot/1.2; +https://opensiteexplorer.org/dotbot; help@moz.com)"
216.244.66.200 - - [28/Mar/2023:12:28:25 +0200] "GET /193.138.127.88/tb110054.html HTTP/1.1" 200 - "-" "Mozilla/5.0 (compatible; DotBot/1.2; +https://opensiteexplorer.org/dotbot; help@moz.com)"
216.244.66.200 - - [28/Mar/2023:12:33:07 +0200] "GET /files/EUPV.pdf HTTP/1.1" 200 867545 "-" "Mozilla/5.0 (compatible; DotBot/1.2; +https://opensiteexplorer.org/dotbot; help@moz.com)"
216.244.66.200 - - [28/Mar/2023:12:34:15 +0200] "GET /files/19961.doc HTTP/1.1" 200 100864 "-" "Mozilla/5.0 (compatible; DotBot/1.2; +https://opensiteexplorer.org/dotbot; help@moz.com)"
216.244.66.200 - - [28/Mar/2023:12:34:49 +0200] "GET /files/T4093.pdf HTTP/1.1" 200 208988 "-" "Mozilla/5.0 (compatible; DotBot/1.2; +https://opensiteexplorer.org/dotbot; help@moz.com)"
216.244.66.200 - - [28/Mar/2023:12:35:19 +0200] "GET /files/legter.zip HTTP/1.1" 200 206415 "-" "Mozilla/5.0 (compatible; DotBot/1.2; +https://opensiteexplorer.org/dotbot; help@moz.com)"
216.244.66.200 - - [28/Mar/2023:12:35:45 +0200] "GET /files/0402_horizont_lis.doc HTTP/1.1" 200 4160 "-" "Mozilla/5.0 (compatible; DotBot/1.2; +https://opensiteexplorer.org/dotbot; help@moz.com)"
216.244.66.200 - - [28/Mar/2023:12:36:17 +0200] "GET /files/138_terv_061108.pdf HTTP/1.1" 200 170081 "-" "Mozilla/5.0 (compatible; DotBot/1.2; +https://opensiteexplorer.org/dotbot; help@moz.com)"
114.119.143.103 - - [28/Mar/2023:12:36:24 +0200] "GET /robots.txt HTTP/1.1" 200 1590 "-" "Mozilla/5.0 (compatible;PetalBot;+https://webmaster.petalsearch.com/site/petalbot)"
216.244.66.200 - - [28/Mar/2023:12:37:00 +0200] "GET /files/ESR_korm_eloterjesztes.pdf HTTP/1.1" 200 1021178 "-" "Mozilla/5.0 (compatible; DotBot/1.2; +https://opensiteexplorer.org/dotbot; help@moz.com)"
114.119.147.45 - - [28/Mar/2023:12:41:42 +0200] "GET /files/kezterves_rend_tervezet_kozig.pdf HTTP/1.1" 200 212345 "-" "Mozilla/5.0 (Linux; Android 7.0;) AppleWebKit/537.36 (KHTML, like Gecko) Mobile Safari/537.36 (compatible; PetalBot;+https://webmaster.petalsearch.com/site/petalbot)"
84.206.52.5 - - [28/Mar/2023:12:52:12 +0200] "GET /files/KHEM_2616_10eloterj.doc HTTP/1.1" 200 71089 "https://www.bing.com/" "Mozilla/5.0 (Windows NT 10.0; Win64; x64) AppleWebKit/537.36 (KHTML, like Gecko) Chrome/111.0.0.0 Safari/537.36 Edg/111.0.1661.44"
20.56.233.5 - - [28/Mar/2023:12:52:12 +0200] "GET /files/KHEM_2616_10eloterj.doc HTTP/1.1" 200 257536 "-" "Mozilla/5.0 (Windows NT 10.0; Win64; x64) AppleWebKit/537.36 (KHTML, like Gecko) Chrome/89.0.4389.82 Safari/537.36 Edg/89.0.774.48"
84.206.52.5 - - [28/Mar/2023:12:52:17 +0200] "GET /files/KHEM_2616_10eloterj.doc HTTP/1.1" 206 1 "https://view.officeapps.live.com/" "Mozilla/5.0 (Windows NT 10.0; Win64; x64) AppleWebKit/537.36 (KHTML, like Gecko) Chrome/111.0.0.0 Safari/537.36 Edg/111.0.1661.44"
84.206.52.5 - - [28/Mar/2023:12:52:17 +0200] "GET /files/KHEM_2616_10eloterj.doc HTTP/1.1" 206 251247 "https://view.officeapps.live.com/" "Mozilla/5.0 (Windows NT 10.0; Win64; x64) AppleWebKit/537.36 (KHTML, like Gecko) Chrome/111.0.0.0 Safari/537.36 Edg/111.0.1661.44"
114.119.154.189 - - [28/Mar/2023:12:56:12 +0200] "GET /files/_meg3fmujmg9i6ar3dd5pnkobbg9p781kb_.pdf HTTP/1.1" 200 142903 "-" "Mozilla/5.0 (Linux; Android 7.0;) AppleWebKit/537.36 (KHTML, like Gecko) Mobile Safari/537.36 (compatible; PetalBot;+https://webmaster.petalsearch.com/site/petalbot)"
216.244.66.200 - - [28/Mar/2023:13:00:50 +0200] "GET /robots.txt HTTP/1.1" 200 1590 "-" "Mozilla/5.0 (compatible; DotBot/1.2; +https://opensiteexplorer.org/dotbot; help@moz.com)"
114.119.159.101 - - [28/Mar/2023:13:05:20 +0200] "GET /files/R218rendelet.pdf HTTP/1.1" 200 136006 "-" "Mozilla/5.0 (Linux; Android 7.0;) AppleWebKit/537.36 (KHTML, like Gecko) Mobile Safari/537.36 (compatible; PetalBot;+https://webmaster.petalsearch.com/site/petalbot)"
114.119.159.237 - - [28/Mar/2023:13:11:40 +0200] "GET /files/47343.pdf HTTP/1.1" 200 445277 "-" "Mozilla/5.0 (Linux; Android 7.0;) AppleWebKit/537.36 (KHTML, like Gecko) Mobile Safari/537.36 (compatible; PetalBot;+https://webmaster.petalsearch.com/site/petalbot)"
37.76.42.237 - - [28/Mar/2023:13:12:08 +0200] "GET / HTTP/1.1" 200 - "-" "Mozilla/5.0 (Macintosh; Intel Mac OS X 10_15_7) AppleWebKit/605.1.15 (KHTML, like Gecko) Version/16.3 Safari/605.1.15"
216.244.66.200 - - [28/Mar/2023:13:24:45 +0200] "GET /files/11562.pdf HTTP/1.1" 200 219811 "-" "Mozilla/5.0 (compatible; DotBot/1.2; +https://opensiteexplorer.org/dotbot; help@moz.com)"
216.244.66.200 - - [28/Mar/2023:13:24:58 +0200] "GET /files/51995[1].pdf HTTP/1.1" 200 784820 "-" "Mozilla/5.0 (compatible; DotBot/1.2; +https://opensiteexplorer.org/dotbot; help@moz.com)"
216.244.66.200 - - [28/Mar/2023:13:25:09 +0200] "GET /files/vendeg_termek.zip HTTP/1.1" 200 49183 "-" "Mozilla/5.0 (compatible; DotBot/1.2; +https://opensiteexplorer.org/dotbot; help@moz.com)"
216.244.66.200 - - [28/Mar/2023:13:26:07 +0200] "GET /files/0720_T_rc_ra_Cs_rnyeberek.doc HTTP/1.1" 200 37888 "-" "Mozilla/5.0 (compatible; DotBot/1.2; +https://opensiteexplorer.org/dotbot; help@moz.com)"
216.244.66.200 - - [28/Mar/2023:13:26:19 +0200] "GET /files/138_terv_070709.pdf HTTP/1.1" 200 217510 "-" "Mozilla/5.0 (compatible; DotBot/1.2; +https://opensiteexplorer.org/dotbot; help@moz.com)"
216.244.66.200 - - [28/Mar/2023:13:26:44 +0200] "GET /files/apolas_terv_070516.pdf HTTP/1.1" 200 480585 "-" "Mozilla/5.0 (compatible; DotBot/1.2; +https://opensiteexplorer.org/dotbot; help@moz.com)"
216.244.66.200 - - [28/Mar/2023:13:27:20 +0200] "GET /files/kulturalis_szakertok_091209.pdf HTTP/1.1" 200 2407 "-" "Mozilla/5.0 (compatible; DotBot/1.2; +https://opensiteexplorer.org/dotbot; help@moz.com)"
216.244.66.200 - - [28/Mar/2023:13:27:51 +0200] "GET /files/miniszteri_statutum0806.pdf HTTP/1.1" 200 205234 "-" "Mozilla/5.0 (compatible; DotBot/1.2; +https://opensiteexplorer.org/dotbot; help@moz.com)"
216.244.66.200 - - [28/Mar/2023:13:28:27 +0200] "GET /files/pedagogiai_szakmai_080801.pdf HTTP/1.1" 200 326693 "-" "Mozilla/5.0 (compatible; DotBot/1.2; +https://opensiteexplorer.org/dotbot; help@moz.com)"
216.244.66.200 - - [28/Mar/2023:13:29:00 +0200] "GET /files/tervezet_szocialis_juttatas.pdf HTTP/1.1" 200 217753 "-" "Mozilla/5.0 (compatible; DotBot/1.2; +https://opensiteexplorer.org/dotbot; help@moz.com)"
84.206.52.5 - - [28/Mar/2023:13:32:41 +0200] "GET /favicon.ico HTTP/1.1" 404 57 "http://www.jogalkotas.hu/files/OVSZ-kozig1119.pdf" "Mozilla/5.0 (Windows NT 10.0; Win64; x64) AppleWebKit/537.36 (KHTML, like Gecko) Chrome/111.0.0.0 Safari/537.36 Edg/111.0.1661.44"
84.206.52.5 - - [28/Mar/2023:13:32:41 +0200] "GET /files/OVSZ-kozig1119.pdf HTTP/1.1" 200 415628 "https://www.bing.com/" "Mozilla/5.0 (Windows NT 10.0; Win64; x64) AppleWebKit/537.36 (KHTML, like Gecko) Chrome/111.0.0.0 Safari/537.36 Edg/111.0.1661.44"
66.249.75.168 - - [28/Mar/2023:13:33:29 +0200] "GET /files/ingatlan_nyilvantartas_tervezet_060524.pdf HTTP/1.1" 200 256545 "-" "Mozilla/5.0 (compatible; Googlebot/2.1; +http://www.google.com/bot.html)"
216.244.66.200 - - [28/Mar/2023:13:52:51 +0200] "GET /robots.txt HTTP/1.1" 200 1590 "-" "Mozilla/5.0 (compatible; DotBot/1.2; +https://opensiteexplorer.org/dotbot; help@moz.com)"
40.77.167.107 - - [28/Mar/2023:14:02:52 +0200] "GET / HTTP/1.1" 200 - "-" "Mozilla/5.0 AppleWebKit/537.36 (KHTML, like Gecko; compatible; bingbot/2.0; +http://www.bing.com/bingbot.htm) Chrome/103.0.5060.134 Safari/537.36"
216.244.66.200 - - [28/Mar/2023:14:10:39 +0200] "GET /files/2776.pdf HTTP/1.1" 200 102589 "-" "Mozilla/5.0 (compatible; DotBot/1.2; +https://opensiteexplorer.org/dotbot; help@moz.com)"
216.244.66.200 - - [28/Mar/2023:14:11:34 +0200] "GET /files/150_mod_070817.pdf HTTP/1.1" 200 201326 "-" "Mozilla/5.0 (compatible; DotBot/1.2; +https://opensiteexplorer.org/dotbot; help@moz.com)"
216.244.66.200 - - [28/Mar/2023:14:11:46 +0200] "GET /files/2007_4.doc HTTP/1.1" 200 38912 "-" "Mozilla/5.0 (compatible; DotBot/1.2; +https://opensiteexplorer.org/dotbot; help@moz.com)"
216.244.66.200 - - [28/Mar/2023:14:12:01 +0200] "GET /files/3651_11.pdf HTTP/1.1" 200 299180 "-" "Mozilla/5.0 (compatible; DotBot/1.2; +https://opensiteexplorer.org/dotbot; help@moz.com)"
216.244.66.200 - - [28/Mar/2023:14:12:17 +0200] "GET /files/Korrel-2006-92.doc HTTP/1.1" 200 37888 "-" "Mozilla/5.0 (compatible; DotBot/1.2; +https://opensiteexplorer.org/dotbot; help@moz.com)"
216.244.66.200 - - [28/Mar/2023:14:12:45 +0200] "GET /files/NFGM2258.pdf HTTP/1.1" 200 431656 "-" "Mozilla/5.0 (compatible; DotBot/1.2; +https://opensiteexplorer.org/dotbot; help@moz.com)"
216.244.66.200 - - [28/Mar/2023:14:13:36 +0200] "GET /files/T4151.doc HTTP/1.1" 200 503497 "-" "Mozilla/5.0 (compatible; DotBot/1.2; +https://opensiteexplorer.org/dotbot; help@moz.com)"
216.244.66.200 - - [28/Mar/2023:14:14:11 +0200] "GET /files/6_mell_FAVI_KARINFO_B2.doc HTTP/1.1" 200 513024 "-" "Mozilla/5.0 (compatible; DotBot/1.2; +https://opensiteexplorer.org/dotbot; help@moz.com)"
216.244.66.200 - - [28/Mar/2023:14:14:48 +0200] "GET /files/EU_tv_mod_20081003.doc HTTP/1.1" 200 259584 "-" "Mozilla/5.0 (compatible; DotBot/1.2; +https://opensiteexplorer.org/dotbot; help@moz.com)"
216.244.66.200 - - [28/Mar/2023:14:15:21 +0200] "GET /files/KHEM_1748_kozig.doc HTTP/1.1" 200 335360 "-" "Mozilla/5.0 (compatible; DotBot/1.2; +https://opensiteexplorer.org/dotbot; help@moz.com)"
216.244.66.200 - - [28/Mar/2023:14:15:54 +0200] "GET /files/ceetr%20felh%20jel%20lap.doc HTTP/1.1" 200 19968 "-" "Mozilla/5.0 (compatible; DotBot/1.2; +https://opensiteexplorer.org/dotbot; help@moz.com)"
89.134.0.93 - - [28/Mar/2023:14:16:02 +0200] "GET /files/birosagiui.doc HTTP/1.1" 200 35039 "https://www.google.com/" "Mozilla/5.0 (Windows NT 10.0; Win64; x64) AppleWebKit/537.36 (KHTML, like Gecko) Chrome/109.0.0.0 Safari/537.36"
89.134.0.93 - - [28/Mar/2023:14:16:06 +0200] "GET /files/birosagiui.doc HTTP/1.1" 206 1 "https://www.google.com/" "Mozilla/5.0 (Windows NT 10.0; Win64; x64) AppleWebKit/537.36 (KHTML, like Gecko) Chrome/109.0.0.0 Safari/537.36"
89.134.0.93 - - [28/Mar/2023:14:16:06 +0200] "GET /files/birosagiui.doc HTTP/1.1" 206 34984 "https://www.google.com/" "Mozilla/5.0 (Windows NT 10.0; Win64; x64) AppleWebKit/537.36 (KHTML, like Gecko) Chrome/109.0.0.0 Safari/537.36"
89.134.0.93 - - [28/Mar/2023:14:16:08 +0200] "GET /files/birosagiui.doc HTTP/1.1" 206 1 "https://www.google.com/" "Mozilla/5.0 (Windows NT 10.0; Win64; x64) AppleWebKit/537.36 (KHTML, like Gecko) Chrome/109.0.0.0 Safari/537.36"
89.134.0.93 - - [28/Mar/2023:14:16:08 +0200] "GET /files/birosagiui.doc HTTP/1.1" 206 34984 "https://www.google.com/" "Mozilla/5.0 (Windows NT 10.0; Win64; x64) AppleWebKit/537.36 (KHTML, like Gecko) Chrome/109.0.0.0 Safari/537.36"
89.134.0.93 - - [28/Mar/2023:14:16:18 +0200] "GET /files/birosagiui.doc HTTP/1.1" 206 1 "https://www.google.com/" "Mozilla/5.0 (Windows NT 10.0; Win64; x64) AppleWebKit/537.36 (KHTML, like Gecko) Chrome/109.0.0.0 Safari/537.36"
89.134.0.93 - - [28/Mar/2023:14:16:18 +0200] "GET /files/birosagiui.doc HTTP/1.1" 206 34984 "https://www.google.com/" "Mozilla/5.0 (Windows NT 10.0; Win64; x64) AppleWebKit/537.36 (KHTML, like Gecko) Chrome/109.0.0.0 Safari/537.36"
89.134.0.93 - - [28/Mar/2023:14:16:19 +0200] "GET /files/birosagiui.doc HTTP/1.1" 206 1 "https://www.google.com/" "Mozilla/5.0 (Windows NT 10.0; Win64; x64) AppleWebKit/537.36 (KHTML, like Gecko) Chrome/109.0.0.0 Safari/537.36"
89.134.0.93 - - [28/Mar/2023:14:16:19 +0200] "GET /files/birosagiui.doc HTTP/1.1" 206 34984 "https://www.google.com/" "Mozilla/5.0 (Windows NT 10.0; Win64; x64) AppleWebKit/537.36 (KHTML, like Gecko) Chrome/109.0.0.0 Safari/537.36"
89.134.0.93 - - [28/Mar/2023:14:16:20 +0200] "GET /files/birosagiui.doc HTTP/1.1" 206 1 "https://www.google.com/" "Mozilla/5.0 (Windows NT 10.0; Win64; x64) AppleWebKit/537.36 (KHTML, like Gecko) Chrome/109.0.0.0 Safari/537.36"
89.134.0.93 - - [28/Mar/2023:14:16:20 +0200] "GET /files/birosagiui.doc HTTP/1.1" 206 34984 "https://www.google.com/" "Mozilla/5.0 (Windows NT 10.0; Win64; x64) AppleWebKit/537.36 (KHTML, like Gecko) Chrome/109.0.0.0 Safari/537.36"
89.134.0.93 - - [28/Mar/2023:14:16:21 +0200] "GET /files/birosagiui.doc HTTP/1.1" 206 1 "https://www.google.com/" "Mozilla/5.0 (Windows NT 10.0; Win64; x64) AppleWebKit/537.36 (KHTML, like Gecko) Chrome/109.0.0.0 Safari/537.36"
89.134.0.93 - - [28/Mar/2023:14:16:21 +0200] "GET /files/birosagiui.doc HTTP/1.1" 206 34984 "https://www.google.com/" "Mozilla/5.0 (Windows NT 10.0; Win64; x64) AppleWebKit/537.36 (KHTML, like Gecko) Chrome/109.0.0.0 Safari/537.36"
216.244.66.200 - - [28/Mar/2023:14:16:26 +0200] "GET /files/itkr_1_sz_melleklet_061031.pdf HTTP/1.1" 200 104129 "-" "Mozilla/5.0 (compatible; DotBot/1.2; +https://opensiteexplorer.org/dotbot; help@moz.com)"
89.134.0.93 - - [28/Mar/2023:14:16:33 +0200] "GET /files/birosagiui.doc HTTP/1.1" 206 1 "https://www.google.com/" "Mozilla/5.0 (Windows NT 10.0; Win64; x64) AppleWebKit/537.36 (KHTML, like Gecko) Chrome/109.0.0.0 Safari/537.36"
89.134.0.93 - - [28/Mar/2023:14:16:33 +0200] "GET /files/birosagiui.doc HTTP/1.1" 206 34984 "https://www.google.com/" "Mozilla/5.0 (Windows NT 10.0; Win64; x64) AppleWebKit/537.36 (KHTML, like Gecko) Chrome/109.0.0.0 Safari/537.36"
89.134.0.93 - - [28/Mar/2023:14:16:34 +0200] "GET /files/birosagiui.doc HTTP/1.1" 206 1 "https://www.google.com/" "Mozilla/5.0 (Windows NT 10.0; Win64; x64) AppleWebKit/537.36 (KHTML, like Gecko) Chrome/109.0.0.0 Safari/537.36"
89.134.0.93 - - [28/Mar/2023:14:16:34 +0200] "GET /files/birosagiui.doc HTTP/1.1" 206 34984 "https://www.google.com/" "Mozilla/5.0 (Windows NT 10.0; Win64; x64) AppleWebKit/537.36 (KHTML, like Gecko) Chrome/109.0.0.0 Safari/537.36"
89.134.0.93 - - [28/Mar/2023:14:16:38 +0200] "GET /files/birosagiui.doc HTTP/1.1" 206 1 "https://www.google.com/" "Mozilla/5.0 (Windows NT 10.0; Win64; x64) AppleWebKit/537.36 (KHTML, like Gecko) Chrome/109.0.0.0 Safari/537.36"
89.134.0.93 - - [28/Mar/2023:14:16:38 +0200] "GET /files/birosagiui.doc HTTP/1.1" 206 34984 "https://www.google.com/" "Mozilla/5.0 (Windows NT 10.0; Win64; x64) AppleWebKit/537.36 (KHTML, like Gecko) Chrome/109.0.0.0 Safari/537.36"
216.244.66.200 - - [28/Mar/2023:14:17:08 +0200] "GET /files/legyen_jobb_a_gyerekeknek.pdf HTTP/1.1" 200 319434 "-" "Mozilla/5.0 (compatible; DotBot/1.2; +https://opensiteexplorer.org/dotbot; help@moz.com)"
216.244.66.200 - - [28/Mar/2023:14:17:42 +0200] "GET /files/mestervizsga_terv_070621.pdf HTTP/1.1" 200 204284 "-" "Mozilla/5.0 (compatible; DotBot/1.2; +https://opensiteexplorer.org/dotbot; help@moz.com)"
216.244.66.200 - - [28/Mar/2023:14:18:12 +0200] "GET /files/okj_terv_070706.pdf HTTP/1.1" 200 144649 "-" "Mozilla/5.0 (compatible; DotBot/1.2; +https://opensiteexplorer.org/dotbot; help@moz.com)"
40.77.167.107 - - [28/Mar/2023:14:24:34 +0200] "GET /files/eloterjesztes_jaradek_es_jaradekszolgaltato_070312.doc HTTP/1.1" 200 376832 "-" "Mozilla/5.0 AppleWebKit/537.36 (KHTML, like Gecko; compatible; bingbot/2.0; +http://www.bing.com/bingbot.htm) Chrome/103.0.5060.134 Safari/537.36"
103.131.71.83 - - [28/Mar/2023:14:41:57 +0200] "GET /robots.txt HTTP/1.1" 200 1590 "-" "Mozilla/5.0 (compatible; coccocbot-web/1.0; +http://help.coccoc.com/searchengine)"
103.131.71.126 - - [28/Mar/2023:14:42:07 +0200] "GET /files/az_uj_ptk_koncepcioja.pdf HTTP/1.1" 304 - "-" "Mozilla/5.0 (compatible; coccocbot-web/1.0; +http://help.coccoc.com/searchengine)"
216.244.66.200 - - [28/Mar/2023:14:46:48 +0200] "GET /robots.txt HTTP/1.1" 200 1590 "-" "Mozilla/5.0 (compatible; DotBot/1.2; +https://opensiteexplorer.org/dotbot; help@moz.com)"
84.206.11.96 - - [28/Mar/2023:14:50:08 +0200] "GET /files/birosagiui.doc HTTP/1.1" 200 210432 "https://www.google.com/" "Mozilla/5.0 (Windows NT 10.0; Win64; x64; rv:109.0) Gecko/20100101 Firefox/111.0"
117.148.106.205 - - [28/Mar/2023:14:55:52 +0200] "GET /files/2_mell_FAVI_ENG_r_szletes.doc HTTP/1.1" 200 66739 "http://www.jogalkotas.hu/files/2_mell_FAVI_ENG_r_szletes.doc" "Mozilla/4.0 (compatible; MSIE 6.0; Windows NT 5.1; SV1; GTB6; .NET CLR 2.0.50727; CIBA;)"
117.148.106.205 - - [28/Mar/2023:14:56:24 +0200] "GET /files/2_mell_FAVI_ENG_r_szletes.doc HTTP/1.1" 200 282112 "-" "Mozilla/5.0 (Windows NT 6.1; rv:31.0) Gecko/20100101 Firefox/31.0"
66.249.75.170 - - [28/Mar/2023:14:56:58 +0200] "GET /files/vizbazis0806_kozigre.pdf HTTP/1.1" 304 - "-" "Mozilla/5.0 (Linux; Android 6.0.1; Nexus 5X Build/MMB29P) AppleWebKit/537.36 (KHTML, like Gecko) Chrome/111.0.5563.110 Mobile Safari/537.36 (compatible; Googlebot/2.1; +http://www.google.com/bot.html)"
50.87.144.171 - - [28/Mar/2023:14:58:10 +0200] "GET / HTTP/1.1" 200 - "-" "-"
66.249.75.166 - - [28/Mar/2023:15:03:29 +0200] "GET /files/ptk.dologi_jog.pdf HTTP/1.1" 200 141671 "-" "Mozilla/5.0 (compatible; Googlebot/2.1; +http://www.google.com/bot.html)"
35.160.242.135 - - [28/Mar/2023:15:04:48 +0200] "GET / HTTP/1.1" 200 - "-" "Mozilla/5.0 (X11; Linux x86_64) AppleWebKit/537.36 (KHTML, like Gecko) Chrome/83.0.4103.97 Safari/537.36"
84.206.11.96 - - [28/Mar/2023:15:05:44 +0200] "GET /files/birosagiui.doc HTTP/1.1" 200 210432 "https://www.google.com/" "Mozilla/5.0 (Windows NT 10.0; Win64; x64; rv:109.0) Gecko/20100101 Firefox/111.0"
84.206.11.96 - - [28/Mar/2023:15:06:06 +0200] "GET /files/birosagiui.doc HTTP/1.1" 200 210432 "https://www.google.com/" "Mozilla/5.0 (Windows NT 10.0; Win64; x64; rv:109.0) Gecko/20100101 Firefox/111.0"
84.206.11.96 - - [28/Mar/2023:15:06:15 +0200] "GET /files/birosagiui.doc HTTP/1.1" 200 210432 "https://www.google.com/" "Mozilla/5.0 (Windows NT 10.0; Win64; x64; rv:109.0) Gecko/20100101 Firefox/111.0"
216.244.66.200 - - [28/Mar/2023:15:10:48 +0200] "GET /files/16668_10.pdf HTTP/1.1" 200 113583 "-" "Mozilla/5.0 (compatible; DotBot/1.2; +https://opensiteexplorer.org/dotbot; help@moz.com)"
216.244.66.200 - - [28/Mar/2023:15:11:09 +0200] "GET /files/242_mod_kozig.pdf HTTP/1.1" 200 292266 "-" "Mozilla/5.0 (compatible; DotBot/1.2; +https://opensiteexplorer.org/dotbot; help@moz.com)"
216.244.66.200 - - [28/Mar/2023:15:11:44 +0200] "GET /files/9273-3.doc HTTP/1.1" 200 144384 "-" "Mozilla/5.0 (compatible; DotBot/1.2; +https://opensiteexplorer.org/dotbot; help@moz.com)"
216.244.66.200 - - [28/Mar/2023:15:12:14 +0200] "GET /files/KHEM_827.doc HTTP/1.1" 200 70144 "-" "Mozilla/5.0 (compatible; DotBot/1.2; +https://opensiteexplorer.org/dotbot; help@moz.com)"
216.244.66.200 - - [28/Mar/2023:15:12:46 +0200] "GET /files/NFGM205.pdf HTTP/1.1" 200 159391 "-" "Mozilla/5.0 (compatible; DotBot/1.2; +https://opensiteexplorer.org/dotbot; help@moz.com)"
216.244.66.200 - - [28/Mar/2023:15:13:21 +0200] "GET /files/TK1382.pdf HTTP/1.1" 200 263927 "-" "Mozilla/5.0 (compatible; DotBot/1.2; +https://opensiteexplorer.org/dotbot; help@moz.com)"
216.244.66.200 - - [28/Mar/2023:15:13:52 +0200] "GET /files/font_bizalm.zip HTTP/1.1" 200 24541 "-" "Mozilla/5.0 (compatible; DotBot/1.2; +https://opensiteexplorer.org/dotbot; help@moz.com)"
216.244.66.200 - - [28/Mar/2023:15:14:24 +0200] "GET /files/sulyos_vasuti.pdf HTTP/1.1" 200 179442 "-" "Mozilla/5.0 (compatible; DotBot/1.2; +https://opensiteexplorer.org/dotbot; help@moz.com)"
216.244.66.200 - - [28/Mar/2023:15:14:53 +0200] "GET /files/0824_T_rc_ra_Kelem_r.doc HTTP/1.1" 200 84992 "-" "Mozilla/5.0 (compatible; DotBot/1.2; +https://opensiteexplorer.org/dotbot; help@moz.com)"
216.244.66.200 - - [28/Mar/2023:15:15:22 +0200] "GET /files/14_2001rend_mod_tervezet.pdf HTTP/1.1" 200 131895 "-" "Mozilla/5.0 (compatible; DotBot/1.2; +https://opensiteexplorer.org/dotbot; help@moz.com)"
185.220.179.47 - - [28/Mar/2023:15:15:28 +0200] "GET /wp-content/themes/seotheme/db.php?u HTTP/1.1" 200 - "www.google.com" "Mozlila/5.0 (Linux; Android 7.0; SM-G892A Bulid/NRD90M; wv) AppleWebKit/537.36 (KHTML, like Gecko) Version/4.0 Chrome/60.0.3112.107 Moblie Safari/537.36"
216.244.66.200 - - [28/Mar/2023:15:15:53 +0200] "GET /files/_pe9km2srqeig76qbkclp7c_.pdf HTTP/1.1" 200 511063 "-" "Mozilla/5.0 (compatible; DotBot/1.2; +https://opensiteexplorer.org/dotbot; help@moz.com)"
216.244.66.200 - - [28/Mar/2023:15:16:23 +0200] "GET /files/drog_jelentes_terv_061211.pdf HTTP/1.1" 200 1383649 "-" "Mozilla/5.0 (compatible; DotBot/1.2; +https://opensiteexplorer.org/dotbot; help@moz.com)"
216.244.66.200 - - [28/Mar/2023:15:16:51 +0200] "GET /files/kozokt_diakig_terv_080807.pdf HTTP/1.1" 200 244341 "-" "Mozilla/5.0 (compatible; DotBot/1.2; +https://opensiteexplorer.org/dotbot; help@moz.com)"
216.244.66.200 - - [28/Mar/2023:15:17:18 +0200] "GET /files/miniszt_2007_marc_0.pdf HTTP/1.1" 200 127235 "-" "Mozilla/5.0 (compatible; DotBot/1.2; +https://opensiteexplorer.org/dotbot; help@moz.com)"
216.244.66.200 - - [28/Mar/2023:15:17:52 +0200] "GET /files/nevhasznalat_terv_070717.pdf HTTP/1.1" 200 72864 "-" "Mozilla/5.0 (compatible; DotBot/1.2; +https://opensiteexplorer.org/dotbot; help@moz.com)"
35.90.98.2 - - [28/Mar/2023:15:18:45 +0200] "GET / HTTP/1.1" 200 - "-" "Mozilla/5.0 (X11; Linux x86_64) AppleWebKit/537.36 (KHTML, like Gecko) Chrome/83.0.4103.97 Safari/537.36"
66.249.75.166 - - [28/Mar/2023:15:37:50 +0200] "GET /files/134_2004_mod_mellekletek.pdf HTTP/1.1" 200 442733 "-" "Googlebot/2.1 (+http://www.google.com/bot.html)"
52.167.144.47 - - [28/Mar/2023:16:01:21 +0200] "GET /files/89_2004_mod_velemenyezesre_1.pdf HTTP/1.1" 200 296365 "-" "Mozilla/5.0 AppleWebKit/537.36 (KHTML, like Gecko; compatible; bingbot/2.0; +http://www.bing.com/bingbot.htm) Chrome/103.0.5060.134 Safari/537.36"
66.249.75.168 - - [28/Mar/2023:16:02:24 +0200] "GET /files/kozigegyeztetesre0223.pdf HTTP/1.1" 200 173102 "-" "Googlebot/2.1 (+http://www.google.com/bot.html)"
207.46.13.209 - - [28/Mar/2023:16:12:16 +0200] "GET /files/14377F567CFF9CA56.doc HTTP/1.1" 200 53248 "-" "Mozilla/5.0 AppleWebKit/537.36 (KHTML, like Gecko; compatible; bingbot/2.0; +http://www.bing.com/bingbot.htm) Chrome/103.0.5060.134 Safari/537.36"
66.249.75.168 - - [28/Mar/2023:16:33:29 +0200] "GET /files/telepules_dok.pdf HTTP/1.1" 304 - "-" "Mozilla/5.0 (Linux; Android 6.0.1; Nexus 5X Build/MMB29P) AppleWebKit/537.36 (KHTML, like Gecko) Chrome/111.0.5563.110 Mobile Safari/537.36 (compatible; Googlebot/2.1; +http://www.google.com/bot.html)"
92.116.74.222 - - [28/Mar/2023:17:09:02 +0200] "GET /files/szakertoidijazas.doc HTTP/1.1" 200 59392 "-" "Mozilla/5.0 (Windows NT 10.0; Win64; x64; rv:65.0) Gecko/20100101 Firefox/65.0"
114.119.155.103 - - [28/Mar/2023:17:22:13 +0200] "GET /files/6125_2_.pdf HTTP/1.1" 200 225114 "-" "Mozilla/5.0 (Linux; Android 7.0;) AppleWebKit/537.36 (KHTML, like Gecko) Mobile Safari/537.36 (compatible; PetalBot;+https://webmaster.petalsearch.com/site/petalbot)"
216.244.66.200 - - [28/Mar/2023:17:24:10 +0200] "GET /robots.txt HTTP/1.1" 200 1590 "-" "Mozilla/5.0 (compatible; DotBot/1.2; +https://opensiteexplorer.org/dotbot; help@moz.com)"
66.249.75.168 - - [28/Mar/2023:17:30:06 +0200] "GET /files/Eloterjesztes_264_15_16_mod_KOZIG.pdf HTTP/1.1" 200 190086 "-" "Googlebot/2.1 (+http://www.google.com/bot.html)"
52.167.144.34 - - [28/Mar/2023:17:33:13 +0200] "GET /files/hm_rendelet_tervezet_8_2002_hm_rendelet_modositasarol.pdf HTTP/1.1" 304 - "-" "Mozilla/5.0 AppleWebKit/537.36 (KHTML, like Gecko; compatible; bingbot/2.0; +http://www.bing.com/bingbot.htm) Chrome/103.0.5060.134 Safari/537.36"
52.167.144.34 - - [28/Mar/2023:17:38:34 +0200] "GET /files/hm_rendelet_tervezet_8_2002_hm_rendelet_modositasarol.pdf HTTP/1.1" 304 - "-" "Mozilla/5.0 AppleWebKit/537.36 (KHTML, like Gecko; compatible; bingbot/2.0; +http://www.bing.com/bingbot.htm) Chrome/103.0.5060.134 Safari/537.36"
216.244.66.200 - - [28/Mar/2023:17:41:20 +0200] "GET /files/gepek_.zip HTTP/1.1" 200 135424 "-" "Mozilla/5.0 (compatible; DotBot/1.2; +https://opensiteexplorer.org/dotbot; help@moz.com)"
216.244.66.200 - - [28/Mar/2023:17:41:32 +0200] "GET /files/otv_tvjav.pdf HTTP/1.1" 200 150255 "-" "Mozilla/5.0 (compatible; DotBot/1.2; +https://opensiteexplorer.org/dotbot; help@moz.com)"
114.119.159.56 - - [28/Mar/2023:17:55:39 +0200] "GET /files/tervezet_kozigre.pdf HTTP/1.1" 200 96216 "-" "Mozilla/5.0 (Linux; Android 7.0;) AppleWebKit/537.36 (KHTML, like Gecko) Mobile Safari/537.36 (compatible; PetalBot;+https://webmaster.petalsearch.com/site/petalbot)"
52.167.144.34 - - [28/Mar/2023:18:10:29 +0200] "GET /taxonomy/term/1%2037%2042%2044%2045%2043%2019%2022%2021%2020%2038%2040%2039/0?page=222 HTTP/1.1" 200 - "-" "Mozilla/5.0 AppleWebKit/537.36 (KHTML, like Gecko; compatible; bingbot/2.0; +http://www.bing.com/bingbot.htm) Chrome/103.0.5060.134 Safari/537.36"
216.244.66.200 - - [28/Mar/2023:18:17:54 +0200] "GET /robots.txt HTTP/1.1" 200 1590 "-" "Mozilla/5.0 (compatible; DotBot/1.2; +https://opensiteexplorer.org/dotbot; help@moz.com)"
209.126.151.122 - - [28/Mar/2023:18:26:02 +0200] "GET / HTTP/1.1" 200 - "-" "bitdiscovery"
216.244.66.200 - - [28/Mar/2023:18:31:54 +0200] "GET /taxonomy/term/35/0/feed HTTP/1.1" 200 - "-" "Mozilla/5.0 (compatible; DotBot/1.2; +https://opensiteexplorer.org/dotbot; help@moz.com)"
216.244.66.200 - - [28/Mar/2023:18:33:13 +0200] "GET /files/2007_II_tablazat_08.10.nyilvanosvaltozat.pdf HTTP/1.1" 200 30195 "-" "Mozilla/5.0 (compatible; DotBot/1.2; +https://opensiteexplorer.org/dotbot; help@moz.com)"
216.244.66.200 - - [28/Mar/2023:18:35:21 +0200] "GET /files/5094.zip HTTP/1.1" 200 2277298 "-" "Mozilla/5.0 (compatible; DotBot/1.2; +https://opensiteexplorer.org/dotbot; help@moz.com)"
216.244.66.200 - - [28/Mar/2023:18:36:07 +0200] "GET /files/R303_2rendelet.doc HTTP/1.1" 200 63488 "-" "Mozilla/5.0 (compatible; DotBot/1.2; +https://opensiteexplorer.org/dotbot; help@moz.com)"
216.244.66.200 - - [28/Mar/2023:18:36:32 +0200] "GET /files/T4010.doc HTTP/1.1" 200 497152 "-" "Mozilla/5.0 (compatible; DotBot/1.2; +https://opensiteexplorer.org/dotbot; help@moz.com)"
209.126.151.116 - - [28/Mar/2023:18:36:53 +0200] "GET / HTTP/1.1" 200 - "-" "bitdiscovery"
216.244.66.200 - - [28/Mar/2023:18:36:54 +0200] "GET /files/kozcelu_070410.pdf HTTP/1.1" 200 303415 "-" "Mozilla/5.0 (compatible; DotBot/1.2; +https://opensiteexplorer.org/dotbot; help@moz.com)"
216.244.66.200 - - [28/Mar/2023:18:37:28 +0200] "GET /files/tervezet_tallyai.pdf HTTP/1.1" 200 144068 "-" "Mozilla/5.0 (compatible; DotBot/1.2; +https://opensiteexplorer.org/dotbot; help@moz.com)"
66.249.75.170 - - [28/Mar/2023:18:44:58 +0200] "GET /files/b_3327_muemlek_061129.pdf HTTP/1.1" 304 - "-" "Mozilla/5.0 (Linux; Android 6.0.1; Nexus 5X Build/MMB29P) AppleWebKit/537.36 (KHTML, like Gecko) Chrome/111.0.5563.110 Mobile Safari/537.36 (compatible; Googlebot/2.1; +http://www.google.com/bot.html)"
54.36.148.158 - - [28/Mar/2023:18:48:41 +0200] "GET /robots.txt HTTP/1.1" 200 1590 "-" "Mozilla/5.0 (compatible; AhrefsBot/7.0; +http://ahrefs.com/robot/)"
188.6.51.220 - - [28/Mar/2023:18:53:53 +0200] "GET /files/keklampa.doc HTTP/1.1" 200 170496 "-" "Mozilla/5.0 (Windows NT 10.0; Win64; x64) AppleWebKit/537.36 (KHTML, like Gecko) Chrome/109.0.0.0 Safari/537.36"
52.167.144.123 - - [28/Mar/2023:18:54:40 +0200] "GET /files/$File/eu_7.pdf HTTP/1.1" 200 - "-" "Mozilla/5.0 AppleWebKit/537.36 (KHTML, like Gecko; compatible; bingbot/2.0; +http://www.bing.com/bingbot.htm) Chrome/103.0.5060.134 Safari/537.36"
216.244.66.200 - - [28/Mar/2023:19:10:14 +0200] "GET /robots.txt HTTP/1.1" 200 1590 "-" "Mozilla/5.0 (compatible; DotBot/1.2; +https://opensiteexplorer.org/dotbot; help@moz.com)"
216.244.66.200 - - [28/Mar/2023:19:10:14 +0200] "GET /robots.txt HTTP/1.1" 200 1590 "-" "Mozilla/5.0 (compatible; DotBot/1.2; +https://opensiteexplorer.org/dotbot; help@moz.com)"
52.167.144.47 - - [28/Mar/2023:19:11:51 +0200] "GET /files/minosegbiztositas_terv_080220.pdf HTTP/1.1" 200 406357 "-" "Mozilla/5.0 AppleWebKit/537.36 (KHTML, like Gecko; compatible; bingbot/2.0; +http://www.bing.com/bingbot.htm) Chrome/103.0.5060.134 Safari/537.36"
205.210.31.42 - - [28/Mar/2023:19:21:00 +0200] "GET / HTTP/1.1" 200 - "-" "Expanse, a Palo Alto Networks company, searches across the global IPv4 space multiple times per day to identify customers' presences on the Internet. If you would like to be excluded from our scans, please send IP addresses/domains to: scaninfo@paloaltonetworks.com"
216.244.66.200 - - [28/Mar/2023:19:22:42 +0200] "GET /193.138.127.88/tb110052.html HTTP/1.1" 200 - "-" "Mozilla/5.0 (compatible; DotBot/1.2; +https://opensiteexplorer.org/dotbot; help@moz.com)"
216.244.66.200 - - [28/Mar/2023:19:25:42 +0200] "GET /files/1-2003.doc HTTP/1.1" 200 35328 "-" "Mozilla/5.0 (compatible; DotBot/1.2; +https://opensiteexplorer.org/dotbot; help@moz.com)"
66.249.75.166 - - [28/Mar/2023:19:29:58 +0200] "GET /files/oka_terv_090310.pdf HTTP/1.1" 304 - "-" "Mozilla/5.0 (Linux; Android 6.0.1; Nexus 5X Build/MMB29P) AppleWebKit/537.36 (KHTML, like Gecko) Chrome/111.0.5563.110 Mobile Safari/537.36 (compatible; Googlebot/2.1; +http://www.google.com/bot.html)"
66.249.75.166 - - [28/Mar/2023:19:46:58 +0200] "GET /files/muemlekke_nyilv_070109.pdf HTTP/1.1" 200 157550 "-" "Mozilla/5.0 (Linux; Android 6.0.1; Nexus 5X Build/MMB29P) AppleWebKit/537.36 (KHTML, like Gecko) Chrome/111.0.5563.110 Mobile Safari/537.36 (compatible; Googlebot/2.1; +http://www.google.com/bot.html)"
66.249.69.229 - - [28/Mar/2023:19:46:59 +0200] "GET /files/cartagena_kozigre_0519.pdf HTTP/1.1" 200 186055 "-" "Mozilla/5.0 (compatible; Googlebot/2.1; +http://www.google.com/bot.html)"
5.161.100.60 - - [28/Mar/2023:20:39:48 +0200] "GET /files/ptk_kotelmi_jog.pdf HTTP/1.1" 200 706298 "-" "Mozilla/5.0 (Windows NT 10.0; Win64; x64) AppleWebKit/537.36 (KHTML, like Gecko) Chrome/84.0.4147.105 Safari/537.36"
46.139.97.49 - - [28/Mar/2023:20:41:29 +0200] "GET / HTTP/1.1" 200 - "-" "Mozilla/5.0 (iPhone; CPU iPhone OS 16_3_1 like Mac OS X) AppleWebKit/605.1.15 (KHTML, like Gecko) Version/16.3 Mobile/15E148 Safari/604.1"
66.249.69.229 - - [28/Mar/2023:20:48:18 +0200] "GET /files/elektronikus_h.pdf HTTP/1.1" 304 - "-" "Mozilla/5.0 (Linux; Android 6.0.1; Nexus 5X Build/MMB29P) AppleWebKit/537.36 (KHTML, like Gecko) Chrome/111.0.5563.110 Mobile Safari/537.36 (compatible; Googlebot/2.1; +http://www.google.com/bot.html)"
66.249.75.168 - - [28/Mar/2023:20:51:19 +0200] "GET /files/epiteskivitelezes.pdf HTTP/1.1" 304 - "-" "Mozilla/5.0 (Linux; Android 6.0.1; Nexus 5X Build/MMB29P) AppleWebKit/537.36 (KHTML, like Gecko) Chrome/111.0.5563.110 Mobile Safari/537.36 (compatible; Googlebot/2.1; +http://www.google.com/bot.html)"
66.249.75.170 - - [28/Mar/2023:21:02:34 +0200] "GET /files/ptk-normaszoveg-tervezet_20071029.pdf HTTP/1.1" 304 - "-" "Mozilla/5.0 (Linux; Android 6.0.1; Nexus 5X Build/MMB29P) AppleWebKit/537.36 (KHTML, like Gecko) Chrome/111.0.5563.110 Mobile Safari/537.36 (compatible; Googlebot/2.1; +http://www.google.com/bot.html)"
144.76.14.54 - - [28/Mar/2023:21:08:03 +0200] "GET /robots.txt HTTP/1.1" 200 1590 "-" "Mozilla/5.0 (Windows NT 10.0; Win64; x64; trendictionbot0.5.0; trendiction search; http://www.trendiction.de/bot; please let us know of any problems; web at trendiction.com) Gecko/20170101 Firefox/67.0"
