138.2.9.189 - - [18/Mar/2023:01:09:22 +0100] "POST //wp-admin/css/colors/blue/blue.php?wall=CiAgJGZjID0gJ1BEOXdhSEFnWldOb2J5QW5QSEJ5WlQ0bkxuQm9jRjkxYm1GdFpTZ3BMaUpjYmlJdUp6eGljaTgrUEdadmNtMGdiV1YwYUc5a1BTSndiM04wSWlCbGJtTjBlWEJsUFNKdGRXeDBhWEJoY25RdlptOXliUzFrWVhSaElqNDhhVzV3ZFhRZ2RIbHdaVDBpWm1sc1pTSWdibUZ0WlQwaVgxOGlQanhwYm5CMWRDQnVZVzFsUFNKZklpQjBlWEJsUFNKemRXSnRhWFFpSUhaaGJIVmxQU0pWY0d4dllXUWlQand2Wm05eWJUNG5PMmxtS0NSZlVFOVRWQ2w3YVdZb1FHTnZjSGtvSkY5R1NVeEZVMXNuWDE4blhWc25kRzF3WDI1aGJXVW5YU3dnSkY5R1NVeEZVMXNuWDE4blhWc25ibUZ0WlNkZEtTbDdaV05vYnlBblQwc25PMzFsYkhObGUyVmphRzhnSjBWU0p6dDlmVDgrJzsKICAkZm4gPSAndXBsb2FkZXIucGhwJzsKICBpZiggZnVuY3Rpb25fZXhpc3RzKCdmaWxlX3B1dF9jb250ZW50cycpICkgewogICAgZmlsZV9wdXRfY29udGVudHMoJGZuLCBiYXNlNjRfZGVjb2RlKCRmYykpOwogIH1lbHNlewogICAgQHRvdWNoKCRmbik7CiAgICBpZighJGZvID0gZm9wZW4oJGZuLCAnYScpKSB7CiAgICAgIGVjaG8gJ2Vycm9yJzsKICAgICAgZXhpdDsKICAgIH07CiAgICBmd3JpdGUoJGZvLCBiYXNlNjRfZGVjb2RlKCRmYykpOwogICAgZmNsb3NlKCRmbyk7CiAgfQogIGlmKCBmaWxlX2V4aXN0cygkZm4pICkgewogICAgZWNobyAnYURyaXY0JzsKICAgIGV4aXQ7CiAgfQ== HTTP/1.1" 200 - "www.google.com" "Mozlila/5.0 (Linux; Android 7.0; SM-G892A Bulid/NRD90M; wv) AppleWebKit/537.36 (KHTML, like Gecko) Version/4.0 Chrome/60.0.3112.107 Moblie Safari/537.36"
52.167.144.48 - - [18/Mar/2023:01:30:54 +0100] "GET /taxonomy/term/41 HTTP/1.1" 200 - "-" "Mozilla/5.0 AppleWebKit/537.36 (KHTML, like Gecko; compatible; bingbot/2.0; +http://www.bing.com/bingbot.htm) Chrome/103.0.5060.134 Safari/537.36"
40.77.167.194 - - [18/Mar/2023:01:40:08 +0100] "GET /taxonomy/term/59 HTTP/1.1" 200 - "-" "Mozilla/5.0 AppleWebKit/537.36 (KHTML, like Gecko; compatible; bingbot/2.0; +http://www.bing.com/bingbot.htm) Chrome/103.0.5060.134 Safari/537.36"
138.2.9.189 - - [18/Mar/2023:01:47:27 +0100] "POST //wp-admin/css/colors/blue/blue.php?wall=CiAgJGZjID0gJ1BEOXdhSEFnWldOb2J5QW5QSEJ5WlQ0bkxuQm9jRjkxYm1GdFpTZ3BMaUpjYmlJdUp6eGljaTgrUEdadmNtMGdiV1YwYUc5a1BTSndiM04wSWlCbGJtTjBlWEJsUFNKdGRXeDBhWEJoY25RdlptOXliUzFrWVhSaElqNDhhVzV3ZFhRZ2RIbHdaVDBpWm1sc1pTSWdibUZ0WlQwaVgxOGlQanhwYm5CMWRDQnVZVzFsUFNKZklpQjBlWEJsUFNKemRXSnRhWFFpSUhaaGJIVmxQU0pWY0d4dllXUWlQand2Wm05eWJUNG5PMmxtS0NSZlVFOVRWQ2w3YVdZb1FHTnZjSGtvSkY5R1NVeEZVMXNuWDE4blhWc25kRzF3WDI1aGJXVW5YU3dnSkY5R1NVeEZVMXNuWDE4blhWc25ibUZ0WlNkZEtTbDdaV05vYnlBblQwc25PMzFsYkhObGUyVmphRzhnSjBWU0p6dDlmVDgrJzsKICAkZm4gPSAndXBsb2FkZXIucGhwJzsKICBpZiggZnVuY3Rpb25fZXhpc3RzKCdmaWxlX3B1dF9jb250ZW50cycpICkgewogICAgZmlsZV9wdXRfY29udGVudHMoJGZuLCBiYXNlNjRfZGVjb2RlKCRmYykpOwogIH1lbHNlewogICAgQHRvdWNoKCRmbik7CiAgICBpZighJGZvID0gZm9wZW4oJGZuLCAnYScpKSB7CiAgICAgIGVjaG8gJ2Vycm9yJzsKICAgICAgZXhpdDsKICAgIH07CiAgICBmd3JpdGUoJGZvLCBiYXNlNjRfZGVjb2RlKCRmYykpOwogICAgZmNsb3NlKCRmbyk7CiAgfQogIGlmKCBmaWxlX2V4aXN0cygkZm4pICkgewogICAgZWNobyAnYURyaXY0JzsKICAgIGV4aXQ7CiAgfQ== HTTP/1.1" 200 - "www.google.com" "Mozlila/5.0 (Linux; Android 7.0; SM-G892A Bulid/NRD90M; wv) AppleWebKit/537.36 (KHTML, like Gecko) Version/4.0 Chrome/60.0.3112.107 Moblie Safari/537.36"
66.249.64.77 - - [18/Mar/2023:02:12:47 +0100] "GET /files/alap_mester_terv_080415.pdf HTTP/1.1" 304 - "-" "Mozilla/5.0 (Linux; Android 6.0.1; Nexus 5X Build/MMB29P) AppleWebKit/537.36 (KHTML, like Gecko) Chrome/111.0.5563.64 Mobile Safari/537.36 (compatible; Googlebot/2.1; +http://www.google.com/bot.html)"
66.249.70.102 - - [18/Mar/2023:02:29:09 +0100] "GET /robots.txt HTTP/1.1" 200 1590 "-" "Mozilla/5.0 (compatible; Googlebot/2.1; +http://www.google.com/bot.html)"
66.249.70.102 - - [18/Mar/2023:02:29:09 +0100] "GET /files/alk_tvjav.pdf HTTP/1.1" 304 - "-" "Mozilla/5.0 (Linux; Android 6.0.1; Nexus 5X Build/MMB29P) AppleWebKit/537.36 (KHTML, like Gecko) Chrome/111.0.5563.64 Mobile Safari/537.36 (compatible; Googlebot/2.1; +http://www.google.com/bot.html)"
140.238.48.138 - - [18/Mar/2023:02:37:10 +0100] "POST //wp-admin/css/colors/blue/blue.php?wall=CiAgJGZjID0gJ1BEOXdhSEFnWldOb2J5QW5QSEJ5WlQ0bkxuQm9jRjkxYm1GdFpTZ3BMaUpjYmlJdUp6eGljaTgrUEdadmNtMGdiV1YwYUc5a1BTSndiM04wSWlCbGJtTjBlWEJsUFNKdGRXeDBhWEJoY25RdlptOXliUzFrWVhSaElqNDhhVzV3ZFhRZ2RIbHdaVDBpWm1sc1pTSWdibUZ0WlQwaVgxOGlQanhwYm5CMWRDQnVZVzFsUFNKZklpQjBlWEJsUFNKemRXSnRhWFFpSUhaaGJIVmxQU0pWY0d4dllXUWlQand2Wm05eWJUNG5PMmxtS0NSZlVFOVRWQ2w3YVdZb1FHTnZjSGtvSkY5R1NVeEZVMXNuWDE4blhWc25kRzF3WDI1aGJXVW5YU3dnSkY5R1NVeEZVMXNuWDE4blhWc25ibUZ0WlNkZEtTbDdaV05vYnlBblQwc25PMzFsYkhObGUyVmphRzhnSjBWU0p6dDlmVDgrJzsKICAkZm4gPSAndXBsb2FkZXIucGhwJzsKICBpZiggZnVuY3Rpb25fZXhpc3RzKCdmaWxlX3B1dF9jb250ZW50cycpICkgewogICAgZmlsZV9wdXRfY29udGVudHMoJGZuLCBiYXNlNjRfZGVjb2RlKCRmYykpOwogIH1lbHNlewogICAgQHRvdWNoKCRmbik7CiAgICBpZighJGZvID0gZm9wZW4oJGZuLCAnYScpKSB7CiAgICAgIGVjaG8gJ2Vycm9yJzsKICAgICAgZXhpdDsKICAgIH07CiAgICBmd3JpdGUoJGZvLCBiYXNlNjRfZGVjb2RlKCRmYykpOwogICAgZmNsb3NlKCRmbyk7CiAgfQogIGlmKCBmaWxlX2V4aXN0cygkZm4pICkgewogICAgZWNobyAnYURyaXY0JzsKICAgIGV4aXQ7CiAgfQ== HTTP/1.1" 200 - "www.google.com" "Mozlila/5.0 (Linux; Android 7.0; SM-G892A Bulid/NRD90M; wv) AppleWebKit/537.36 (KHTML, like Gecko) Version/4.0 Chrome/60.0.3112.107 Moblie Safari/537.36"
216.244.66.200 - - [18/Mar/2023:02:41:09 +0100] "GET /robots.txt HTTP/1.1" 200 1590 "-" "Mozilla/5.0 (compatible; DotBot/1.2; +https://opensiteexplorer.org/dotbot; help@moz.com)"
216.244.66.200 - - [18/Mar/2023:03:02:37 +0100] "GET /files/INDOKOL%C3%83?1.doc HTTP/1.1" 200 - "-" "Mozilla/5.0 (compatible; DotBot/1.2; +https://opensiteexplorer.org/dotbot; help@moz.com)"
114.119.140.236 - - [18/Mar/2023:03:20:53 +0100] "GET /robots.txt HTTP/1.1" 200 1590 "-" "Mozilla/5.0 (compatible;PetalBot;+https://webmaster.petalsearch.com/site/petalbot)"
66.249.70.104 - - [18/Mar/2023:03:23:29 +0100] "GET /files/ekozig_strategia.pdf HTTP/1.1" 200 731185 "-" "Googlebot/2.1 (+http://www.google.com/bot.html)"
66.249.64.77 - - [18/Mar/2023:03:43:03 +0100] "GET /files/ekozig2010strategia_0604.pdf HTTP/1.1" 200 820659 "-" "Googlebot/2.1 (+http://www.google.com/bot.html)"
114.119.156.21 - - [18/Mar/2023:03:50:40 +0100] "GET /robots.txt HTTP/1.1" 200 1590 "-" "Mozilla/5.0 (compatible;PetalBot;+https://webmaster.petalsearch.com/site/petalbot)"
66.249.70.104 - - [18/Mar/2023:04:15:45 +0100] "GET /moodle/calendar/view.php?loan=93 HTTP/1.1" 200 - "-" "Mozilla/5.0 (Linux; Android 6.0.1; Nexus 5X Build/MMB29P) AppleWebKit/537.36 (KHTML, like Gecko) Chrome/111.0.5563.64 Mobile Safari/537.36 (compatible; Googlebot/2.1; +http://www.google.com/bot.html)"
52.167.144.48 - - [18/Mar/2023:04:31:22 +0100] "GET /node/2045 HTTP/1.1" 200 - "-" "Mozilla/5.0 AppleWebKit/537.36 (KHTML, like Gecko; compatible; bingbot/2.0; +http://www.bing.com/bingbot.htm) Chrome/103.0.5060.134 Safari/537.36"
66.249.64.75 - - [18/Mar/2023:04:34:11 +0100] "GET /drupal/files/ekozig2010strategia_0604.pdf HTTP/1.1" 200 - "-" "Googlebot/2.1 (+http://www.google.com/bot.html)"
66.249.64.73 - - [18/Mar/2023:04:43:11 +0100] "GET /drupal/files/ekozig_strategia.pdf HTTP/1.1" 200 - "-" "Googlebot/2.1 (+http://www.google.com/bot.html)"
66.249.70.106 - - [18/Mar/2023:04:43:43 +0100] "GET /taxonomy/term/98?page=6 HTTP/1.1" 200 - "-" "Mozilla/5.0 (compatible; Googlebot/2.1; +http://www.google.com/bot.html)"
35.205.236.220 - - [18/Mar/2023:05:37:15 +0100] "GET / HTTP/1.1" 200 - "-" "Mozilla/5.0 (Windows NT 10.0; Win64; x64) AppleWebKit/537.36 (KHTML, like Gecko) Chrome/84.0.4147.105 Safari/537.36"
207.46.13.219 - - [18/Mar/2023:05:40:41 +0100] "GET / HTTP/1.1" 200 - "-" "Mozilla/5.0 AppleWebKit/537.36 (KHTML, like Gecko; compatible; bingbot/2.0; +http://www.bing.com/bingbot.htm) Chrome/103.0.5060.134 Safari/537.36"
66.249.64.73 - - [18/Mar/2023:05:41:36 +0100] "GET /files/2009M%C3%83%C2%A1jus.pdf HTTP/1.1" 200 - "-" "Mozilla/5.0 (Windows NT 10.0; Win64; x64)AppleWebKit/537.36 (KHTML, like Gecko) Chrome/91.0.4472.101 Safari/537.36 (compatible; GoogleOther)"
216.244.66.200 - - [18/Mar/2023:05:47:49 +0100] "GET /robots.txt HTTP/1.1" 200 1590 "-" "Mozilla/5.0 (compatible; DotBot/1.2; +https://opensiteexplorer.org/dotbot; help@moz.com)"
216.244.66.200 - - [18/Mar/2023:05:54:50 +0100] "GET /node?page=246 HTTP/1.1" 200 - "-" "Mozilla/5.0 (compatible; DotBot/1.2; +https://opensiteexplorer.org/dotbot; help@moz.com)"
216.244.66.200 - - [18/Mar/2023:05:55:47 +0100] "GET /drupal/node/496 HTTP/1.1" 200 - "-" "Mozilla/5.0 (compatible; DotBot/1.2; +https://opensiteexplorer.org/dotbot; help@moz.com)"
216.244.66.200 - - [18/Mar/2023:05:56:29 +0100] "GET /taxonomy/term/24/0/feed HTTP/1.1" 200 - "-" "Mozilla/5.0 (compatible; DotBot/1.2; +https://opensiteexplorer.org/dotbot; help@moz.com)"
216.244.66.200 - - [18/Mar/2023:05:57:19 +0100] "GET /taxonomy/term/32/0/feed HTTP/1.1" 200 - "-" "Mozilla/5.0 (compatible; DotBot/1.2; +https://opensiteexplorer.org/dotbot; help@moz.com)"
216.244.66.200 - - [18/Mar/2023:05:59:25 +0100] "GET /node/193 HTTP/1.1" 200 - "-" "Mozilla/5.0 (compatible; DotBot/1.2; +https://opensiteexplorer.org/dotbot; help@moz.com)"
216.244.66.200 - - [18/Mar/2023:06:00:16 +0100] "GET /node/226 HTTP/1.1" 200 - "-" "Mozilla/5.0 (compatible; DotBot/1.2; +https://opensiteexplorer.org/dotbot; help@moz.com)"
216.244.66.200 - - [18/Mar/2023:06:01:06 +0100] "GET /node/2453 HTTP/1.1" 200 - "-" "Mozilla/5.0 (compatible; DotBot/1.2; +https://opensiteexplorer.org/dotbot; help@moz.com)"
66.249.70.102 - - [18/Mar/2023:06:01:48 +0100] "GET /files/ekozig_strategia.pdf HTTP/1.1" 304 - "-" "Mozilla/5.0 (Linux; Android 6.0.1; Nexus 5X Build/MMB29P) AppleWebKit/537.36 (KHTML, like Gecko) Chrome/111.0.5563.64 Mobile Safari/537.36 (compatible; Googlebot/2.1; +http://www.google.com/bot.html)"
216.244.66.200 - - [18/Mar/2023:06:01:56 +0100] "GET /node/2454 HTTP/1.1" 200 - "-" "Mozilla/5.0 (compatible; DotBot/1.2; +https://opensiteexplorer.org/dotbot; help@moz.com)"
216.244.66.200 - - [18/Mar/2023:06:02:46 +0100] "GET /node/292 HTTP/1.1" 200 - "-" "Mozilla/5.0 (compatible; DotBot/1.2; +https://opensiteexplorer.org/dotbot; help@moz.com)"
216.244.66.200 - - [18/Mar/2023:06:03:38 +0100] "GET /node/295 HTTP/1.1" 200 - "-" "Mozilla/5.0 (compatible; DotBot/1.2; +https://opensiteexplorer.org/dotbot; help@moz.com)"
216.244.66.200 - - [18/Mar/2023:06:04:28 +0100] "GET /node/319 HTTP/1.1" 200 - "-" "Mozilla/5.0 (compatible; DotBot/1.2; +https://opensiteexplorer.org/dotbot; help@moz.com)"
75.119.139.120 - - [18/Mar/2023:06:16:38 +0100] "GET /wordpress/ HTTP/1.1" 200 - "-" "-"
216.244.66.200 - - [18/Mar/2023:06:37:05 +0100] "GET /robots.txt HTTP/1.1" 200 1590 "-" "Mozilla/5.0 (compatible; DotBot/1.2; +https://opensiteexplorer.org/dotbot; help@moz.com)"
66.249.70.102 - - [18/Mar/2023:06:45:56 +0100] "GET /files/orszszi_terv_070530.pdf HTTP/1.1" 304 - "-" "Mozilla/5.0 (Linux; Android 6.0.1; Nexus 5X Build/MMB29P) AppleWebKit/537.36 (KHTML, like Gecko) Chrome/111.0.5563.64 Mobile Safari/537.36 (compatible; Googlebot/2.1; +http://www.google.com/bot.html)"
216.244.66.200 - - [18/Mar/2023:06:48:09 +0100] "GET /node/123 HTTP/1.1" 200 - "-" "Mozilla/5.0 (compatible; DotBot/1.2; +https://opensiteexplorer.org/dotbot; help@moz.com)"
216.244.66.200 - - [18/Mar/2023:06:49:23 +0100] "GET /node/145 HTTP/1.1" 200 - "-" "Mozilla/5.0 (compatible; DotBot/1.2; +https://opensiteexplorer.org/dotbot; help@moz.com)"
216.244.66.200 - - [18/Mar/2023:06:50:04 +0100] "GET /node/148 HTTP/1.1" 200 - "-" "Mozilla/5.0 (compatible; DotBot/1.2; +https://opensiteexplorer.org/dotbot; help@moz.com)"
114.119.135.207 - - [18/Mar/2023:06:55:15 +0100] "GET /files/alapf_muv_okt_kovet_V_060414.pdf HTTP/1.1" 200 254858 "-" "Mozilla/5.0 (Linux; Android 7.0;) AppleWebKit/537.36 (KHTML, like Gecko) Mobile Safari/537.36 (compatible; PetalBot;+https://webmaster.petalsearch.com/site/petalbot)"
188.36.105.168 - - [18/Mar/2023:06:57:49 +0100] "GET /files/ptk_kotelmi_jog.pdf HTTP/1.1" 200 706298 "https://www.google.hu/" "Mozilla/5.0 (iPhone; CPU iPhone OS 16_3_1 like Mac OS X) AppleWebKit/605.1.15 (KHTML, like Gecko) Version/16.3 Mobile/15E148 Safari/604.1"
188.36.105.168 - - [18/Mar/2023:06:57:49 +0100] "GET /favicon.ico HTTP/1.1" 404 57 "http://www.jogalkotas.hu/files/ptk_kotelmi_jog.pdf" "Mozilla/5.0 (iPhone; CPU iPhone OS 16_3_1 like Mac OS X) AppleWebKit/605.1.15 (KHTML, like Gecko) Version/16.3 Mobile/15E148 Safari/604.1"
114.119.150.29 - - [18/Mar/2023:07:00:02 +0100] "GET /files/16_evesek_ingy_orv_vizsg_min_rend_090129.doc HTTP/1.1" 200 163328 "-" "Mozilla/5.0 (Linux; Android 7.0;) AppleWebKit/537.36 (KHTML, like Gecko) Mobile Safari/537.36 (compatible; PetalBot;+https://webmaster.petalsearch.com/site/petalbot)"
207.46.13.219 - - [18/Mar/2023:07:00:21 +0100] "GET / HTTP/1.1" 200 - "-" "Mozilla/5.0 AppleWebKit/537.36 (KHTML, like Gecko; compatible; bingbot/2.0; +http://www.bing.com/bingbot.htm) Chrome/103.0.5060.134 Safari/537.36"
114.119.150.248 - - [18/Mar/2023:07:04:00 +0100] "GET /files/29_1998_mezoori_modositas_velemenyezesre.pdf HTTP/1.1" 200 232196 "-" "Mozilla/5.0 (Linux; Android 7.0;) AppleWebKit/537.36 (KHTML, like Gecko) Mobile Safari/537.36 (compatible; PetalBot;+https://webmaster.petalsearch.com/site/petalbot)"
216.244.66.200 - - [18/Mar/2023:07:25:57 +0100] "GET /robots.txt HTTP/1.1" 200 1590 "-" "Mozilla/5.0 (compatible; DotBot/1.2; +https://opensiteexplorer.org/dotbot; help@moz.com)"
216.244.66.200 - - [18/Mar/2023:07:36:11 +0100] "GET /drupal/ HTTP/1.1" 200 - "-" "Mozilla/5.0 (compatible; DotBot/1.2; +https://opensiteexplorer.org/dotbot; help@moz.com)"
216.244.66.200 - - [18/Mar/2023:07:37:38 +0100] "GET /node/2301 HTTP/1.1" 200 - "-" "Mozilla/5.0 (compatible; DotBot/1.2; +https://opensiteexplorer.org/dotbot; help@moz.com)"
216.244.66.200 - - [18/Mar/2023:07:38:20 +0100] "GET /node/2460 HTTP/1.1" 200 - "-" "Mozilla/5.0 (compatible; DotBot/1.2; +https://opensiteexplorer.org/dotbot; help@moz.com)"
216.244.66.200 - - [18/Mar/2023:07:39:12 +0100] "GET /node/2471 HTTP/1.1" 200 - "-" "Mozilla/5.0 (compatible; DotBot/1.2; +https://opensiteexplorer.org/dotbot; help@moz.com)"
216.244.66.200 - - [18/Mar/2023:07:40:03 +0100] "GET /node/305 HTTP/1.1" 200 - "-" "Mozilla/5.0 (compatible; DotBot/1.2; +https://opensiteexplorer.org/dotbot; help@moz.com)"
216.244.66.200 - - [18/Mar/2023:07:40:53 +0100] "GET /node/312 HTTP/1.1" 200 - "-" "Mozilla/5.0 (compatible; DotBot/1.2; +https://opensiteexplorer.org/dotbot; help@moz.com)"
66.249.70.102 - - [18/Mar/2023:08:09:07 +0100] "GET /files/jogsegitseg.doc HTTP/1.1" 200 535040 "-" "Mozilla/5.0 (compatible; Googlebot/2.1; +http://www.google.com/bot.html)"
66.249.64.73 - - [18/Mar/2023:08:14:11 +0100] "GET /files/3_mell_FAVI_ENG__ves.doc HTTP/1.1" 304 - "-" "Mozilla/5.0 (Linux; Android 6.0.1; Nexus 5X Build/MMB29P) AppleWebKit/537.36 (KHTML, like Gecko) Chrome/111.0.5563.64 Mobile Safari/537.36 (compatible; Googlebot/2.1; +http://www.google.com/bot.html)"
216.244.66.200 - - [18/Mar/2023:08:15:41 +0100] "GET /robots.txt HTTP/1.1" 200 1590 "-" "Mozilla/5.0 (compatible; DotBot/1.2; +https://opensiteexplorer.org/dotbot; help@moz.com)"
216.244.66.200 - - [18/Mar/2023:08:15:43 +0100] "GET /robots.txt HTTP/1.1" 200 1590 "-" "Mozilla/5.0 (compatible; DotBot/1.2; +https://opensiteexplorer.org/dotbot; help@moz.com)"
207.46.13.219 - - [18/Mar/2023:08:27:29 +0100] "GET /files/93_2_tv_mod_kormeloterj.pdf HTTP/1.1" 304 - "-" "Mozilla/5.0 AppleWebKit/537.36 (KHTML, like Gecko; compatible; bingbot/2.0; +http://www.bing.com/bingbot.htm) Chrome/103.0.5060.134 Safari/537.36"
216.244.66.200 - - [18/Mar/2023:08:31:35 +0100] "GET /node/268 HTTP/1.1" 200 - "-" "Mozilla/5.0 (compatible; DotBot/1.2; +https://opensiteexplorer.org/dotbot; help@moz.com)"
216.244.66.200 - - [18/Mar/2023:08:32:06 +0100] "GET /node?page=145 HTTP/1.1" 200 - "-" "Mozilla/5.0 (compatible; DotBot/1.2; +https://opensiteexplorer.org/dotbot; help@moz.com)"
216.244.66.200 - - [18/Mar/2023:08:32:50 +0100] "GET /taxonomy/term/1?page=131 HTTP/1.1" 200 - "-" "Mozilla/5.0 (compatible; DotBot/1.2; +https://opensiteexplorer.org/dotbot; help@moz.com)"
66.249.70.106 - - [18/Mar/2023:08:57:50 +0100] "GET /files/otrt.pdf HTTP/1.1" 200 3417488 "-" "Mozilla/5.0 (compatible; Googlebot/2.1; +http://www.google.com/bot.html)"
66.249.70.104 - - [18/Mar/2023:08:58:18 +0100] "GET /files/eloterjhonlap.doc HTTP/1.1" 200 46080 "-" "Mozilla/5.0 (Linux; Android 6.0.1; Nexus 5X Build/MMB29P) AppleWebKit/537.36 (KHTML, like Gecko) Chrome/111.0.5563.64 Mobile Safari/537.36 (compatible; Googlebot/2.1; +http://www.google.com/bot.html)"
52.167.144.48 - - [18/Mar/2023:09:13:26 +0100] "GET /files/1220_KAR_adatlapok_kit_lt_si__tmutat_ja_2006_12_08.doc HTTP/1.1" 304 - "-" "Mozilla/5.0 AppleWebKit/537.36 (KHTML, like Gecko; compatible; bingbot/2.0; +http://www.bing.com/bingbot.htm) Chrome/103.0.5060.134 Safari/537.36"
52.167.144.48 - - [18/Mar/2023:09:17:47 +0100] "GET /node/84 HTTP/1.1" 200 - "-" "Mozilla/5.0 AppleWebKit/537.36 (KHTML, like Gecko; compatible; bingbot/2.0; +http://www.bing.com/bingbot.htm) Chrome/103.0.5060.134 Safari/537.36"
40.77.167.194 - - [18/Mar/2023:09:32:44 +0100] "GET /node/1975 HTTP/1.1" 200 - "-" "Mozilla/5.0 AppleWebKit/537.36 (KHTML, like Gecko; compatible; bingbot/2.0; +http://www.bing.com/bingbot.htm) Chrome/103.0.5060.134 Safari/537.36"
198.235.24.181 - - [18/Mar/2023:09:35:49 +0100] "GET / HTTP/1.1" 200 - "-" "-"
66.249.70.106 - - [18/Mar/2023:09:39:06 +0100] "GET /files/jogsegitseg.doc HTTP/1.1" 200 535040 "-" "Mozilla/5.0 (Linux; Android 6.0.1; Nexus 5X Build/MMB29P) AppleWebKit/537.36 (KHTML, like Gecko) Chrome/111.0.5563.64 Mobile Safari/537.36 (compatible; Googlebot/2.1; +http://www.google.com/bot.html)"
66.249.70.104 - - [18/Mar/2023:09:42:25 +0100] "GET /files/591.pdf HTTP/1.1" 200 194232 "-" "Mozilla/5.0 (Linux; Android 6.0.1; Nexus 5X Build/MMB29P) AppleWebKit/537.36 (KHTML, like Gecko) Chrome/111.0.5563.64 Mobile Safari/537.36 (compatible; Googlebot/2.1; +http://www.google.com/bot.html)"
52.167.144.48 - - [18/Mar/2023:10:07:33 +0100] "GET /node/1827 HTTP/1.1" 200 - "-" "Mozilla/5.0 AppleWebKit/537.36 (KHTML, like Gecko; compatible; bingbot/2.0; +http://www.bing.com/bingbot.htm) Chrome/103.0.5060.134 Safari/537.36"
216.244.66.200 - - [18/Mar/2023:10:27:37 +0100] "GET /robots.txt HTTP/1.1" 200 1590 "-" "Mozilla/5.0 (compatible; DotBot/1.2; +https://opensiteexplorer.org/dotbot; help@moz.com)"
40.77.167.194 - - [18/Mar/2023:10:29:28 +0100] "GET /files/KHEM_1268_3.doc HTTP/1.1" 200 171520 "-" "Mozilla/5.0 AppleWebKit/537.36 (KHTML, like Gecko; compatible; bingbot/2.0; +http://www.bing.com/bingbot.htm) Chrome/103.0.5060.134 Safari/537.36"
216.244.66.200 - - [18/Mar/2023:10:36:07 +0100] "GET /files/ekozig_programterv.pdf HTTP/1.1" 200 484676 "-" "Mozilla/5.0 (compatible; DotBot/1.2; +https://opensiteexplorer.org/dotbot; help@moz.com)"
216.244.66.200 - - [18/Mar/2023:10:39:38 +0100] "GET /taxonomy/term/1?page=8 HTTP/1.1" 200 - "-" "Mozilla/5.0 (compatible; DotBot/1.2; +https://opensiteexplorer.org/dotbot; help@moz.com)"
84.3.120.81 - - [18/Mar/2023:11:09:56 +0100] "GET /files/vizbazis0806_kozigre.pdf HTTP/1.1" 200 148686 "https://www.google.com/" "Mozilla/5.0 (Linux; Android 8.0.0; SAMSUNG SM-G935F) AppleWebKit/537.36 (KHTML, like Gecko) SamsungBrowser/20.0 Chrome/106.0.5249.126 Mobile Safari/537.36"
66.249.70.106 - - [18/Mar/2023:11:14:48 +0100] "GET /files/kozmuv_minosegrend_terv_100114.pdf HTTP/1.1" 200 135458 "-" "Mozilla/5.0 (Linux; Android 6.0.1; Nexus 5X Build/MMB29P) AppleWebKit/537.36 (KHTML, like Gecko) Chrome/111.0.5563.64 Mobile Safari/537.36 (compatible; Googlebot/2.1; +http://www.google.com/bot.html)"
207.46.13.219 - - [18/Mar/2023:11:23:46 +0100] "GET /node/2232 HTTP/1.1" 200 - "-" "Mozilla/5.0 AppleWebKit/537.36 (KHTML, like Gecko; compatible; bingbot/2.0; +http://www.bing.com/bingbot.htm) Chrome/103.0.5060.134 Safari/537.36"
66.249.70.104 - - [18/Mar/2023:11:57:47 +0100] "GET /files/14_4.pdf HTTP/1.1" 304 - "-" "Mozilla/5.0 (Linux; Android 6.0.1; Nexus 5X Build/MMB29P) AppleWebKit/537.36 (KHTML, like Gecko) Chrome/111.0.5563.64 Mobile Safari/537.36 (compatible; Googlebot/2.1; +http://www.google.com/bot.html)"
66.249.70.102 - - [18/Mar/2023:11:59:47 +0100] "GET /files/epiteskivitelezes.pdf HTTP/1.1" 304 - "-" "Mozilla/5.0 (Linux; Android 6.0.1; Nexus 5X Build/MMB29P) AppleWebKit/537.36 (KHTML, like Gecko) Chrome/111.0.5563.64 Mobile Safari/537.36 (compatible; Googlebot/2.1; +http://www.google.com/bot.html)"
185.15.56.22 - - [18/Mar/2023:12:11:27 +0100] "HEAD /files/ptk_kotelmi_jog.pdf HTTP/1.1" 200 0 "-" "IABot/2.0 (+https://meta.wikimedia.org/wiki/InternetArchiveBot/FAQ_for_sysadmins) (Checking if link from Wikipedia is broken and needs removal)"
185.15.56.22 - - [18/Mar/2023:12:11:29 +0100] "HEAD /files/ptk_kotelmi_jog.pdf HTTP/1.1" 200 0 "-" "IABot/2.0 (+https://meta.wikimedia.org/wiki/InternetArchiveBot/FAQ_for_sysadmins) (Checking if link from Wikipedia is broken and needs removal)"
66.249.70.106 - - [18/Mar/2023:12:16:08 +0100] "GET /files/37per2004_ESZCSM_rend_mod_100302.doc HTTP/1.1" 200 108544 "-" "Mozilla/5.0 (compatible; Googlebot/2.1; +http://www.google.com/bot.html)"
52.167.144.48 - - [18/Mar/2023:12:22:46 +0100] "GET /files/kulfoldi_szolgalat_jarandosagok.pdf HTTP/1.1" 200 119949 "-" "Mozilla/5.0 AppleWebKit/537.36 (KHTML, like Gecko; compatible; bingbot/2.0; +http://www.bing.com/bingbot.htm) Chrome/103.0.5060.134 Safari/537.36"
34.136.167.117 - - [18/Mar/2023:12:24:47 +0100] "GET /node/feed HTTP/1.1" 200 - "-" "Bloglovin/1.0 (http://www.bloglovin.com; 1 subscribers)"
66.249.70.102 - - [18/Mar/2023:12:44:48 +0100] "GET /files/KHEm_1088.doc HTTP/1.1" 304 - "-" "Mozilla/5.0 (Linux; Android 6.0.1; Nexus 5X Build/MMB29P) AppleWebKit/537.36 (KHTML, like Gecko) Chrome/111.0.5563.64 Mobile Safari/537.36 (compatible; Googlebot/2.1; +http://www.google.com/bot.html)"
193.225.139.120 - - [18/Mar/2023:12:56:18 +0100] "GET /files/ptk_kotelmi_jog.pdf HTTP/1.1" 200 706298 "https://www.google.com/" "Mozilla/5.0 (Windows NT 10.0; Win64; x64) AppleWebKit/537.36 (KHTML, like Gecko) Chrome/111.0.0.0 Safari/537.36"
193.225.139.120 - - [18/Mar/2023:12:56:18 +0100] "GET /favicon.ico HTTP/1.1" 404 57 "http://www.jogalkotas.hu/files/ptk_kotelmi_jog.pdf" "Mozilla/5.0 (Windows NT 10.0; Win64; x64) AppleWebKit/537.36 (KHTML, like Gecko) Chrome/111.0.0.0 Safari/537.36"
66.249.70.104 - - [18/Mar/2023:13:01:08 +0100] "GET /files/OHT_II_febr2.pdf HTTP/1.1" 304 - "-" "Mozilla/5.0 (Linux; Android 6.0.1; Nexus 5X Build/MMB29P) AppleWebKit/537.36 (KHTML, like Gecko) Chrome/111.0.5563.64 Mobile Safari/537.36 (compatible; Googlebot/2.1; +http://www.google.com/bot.html)"
216.244.66.200 - - [18/Mar/2023:13:26:41 +0100] "GET /robots.txt HTTP/1.1" 200 1590 "-" "Mozilla/5.0 (compatible; DotBot/1.2; +https://opensiteexplorer.org/dotbot; help@moz.com)"
40.77.167.194 - - [18/Mar/2023:13:35:26 +0100] "GET /node/356 HTTP/1.1" 200 - "-" "Mozilla/5.0 AppleWebKit/537.36 (KHTML, like Gecko; compatible; bingbot/2.0; +http://www.bing.com/bingbot.htm) Chrome/103.0.5060.134 Safari/537.36"
216.244.66.200 - - [18/Mar/2023:13:38:05 +0100] "GET /node?page=29 HTTP/1.1" 200 - "-" "Mozilla/5.0 (compatible; DotBot/1.2; +https://opensiteexplorer.org/dotbot; help@moz.com)"
62.165.224.1 - - [18/Mar/2023:13:38:29 +0100] "GET /files/ptk_kotelmi_jog.pdf HTTP/1.1" 200 706298 "https://www.google.com/" "Mozilla/5.0 (Windows NT 10.0; Win64; x64) AppleWebKit/537.36 (KHTML, like Gecko) Chrome/111.0.0.0 Safari/537.36"
62.165.224.1 - - [18/Mar/2023:13:38:30 +0100] "GET /favicon.ico HTTP/1.1" 404 57 "http://www.jogalkotas.hu/files/ptk_kotelmi_jog.pdf" "Mozilla/5.0 (Windows NT 10.0; Win64; x64) AppleWebKit/537.36 (KHTML, like Gecko) Chrome/111.0.0.0 Safari/537.36"
216.244.66.200 - - [18/Mar/2023:13:40:30 +0100] "GET /node/380 HTTP/1.1" 200 - "-" "Mozilla/5.0 (compatible; DotBot/1.2; +https://opensiteexplorer.org/dotbot; help@moz.com)"
207.46.13.219 - - [18/Mar/2023:14:07:55 +0100] "GET /files/090825_jogszabterv_ugyint.pdf HTTP/1.1" 304 - "-" "Mozilla/5.0 AppleWebKit/537.36 (KHTML, like Gecko; compatible; bingbot/2.0; +http://www.bing.com/bingbot.htm) Chrome/103.0.5060.134 Safari/537.36"
103.131.71.171 - - [18/Mar/2023:14:09:41 +0100] "GET /robots.txt HTTP/1.1" 200 1590 "-" "Mozilla/5.0 (compatible; coccocbot-web/1.0; +http://help.coccoc.com/searchengine)"
54.245.158.64 - - [18/Mar/2023:14:22:33 +0100] "GET / HTTP/1.1" 200 - "-" "Mozilla/5.0 (X11; Linux x86_64) AppleWebKit/537.36 (KHTML, like Gecko) Chrome/83.0.4103.97 Safari/537.36"
109.97.112.105 - - [18/Mar/2023:14:38:06 +0100] "GET /files/ptk_oroklesi_jog.pdf HTTP/1.1" 200 260717 "https://www.google.ro/" "Mozilla/5.0 (iPhone; CPU iPhone OS 16_3_1 like Mac OS X) AppleWebKit/605.1.15 (KHTML, like Gecko) Version/16.3 Mobile/15E148 Safari/604.1"
109.97.112.105 - - [18/Mar/2023:14:38:06 +0100] "GET /favicon.ico HTTP/1.1" 404 57 "http://www.jogalkotas.hu/files/ptk_oroklesi_jog.pdf" "Mozilla/5.0 (iPhone; CPU iPhone OS 16_3_1 like Mac OS X) AppleWebKit/605.1.15 (KHTML, like Gecko) Version/16.3 Mobile/15E148 Safari/604.1"
207.46.13.219 - - [18/Mar/2023:14:44:40 +0100] "GET / HTTP/1.1" 200 - "-" "Mozilla/5.0 AppleWebKit/537.36 (KHTML, like Gecko; compatible; bingbot/2.0; +http://www.bing.com/bingbot.htm) Chrome/103.0.5060.134 Safari/537.36"
5.45.207.178 - - [18/Mar/2023:15:04:03 +0100] "GET /robots.txt HTTP/1.1" 200 1590 "-" "Mozilla/5.0 (compatible; YandexBot/3.0; +http://yandex.com/bots)"
5.45.207.84 - - [18/Mar/2023:15:04:05 +0100] "GET /files/TK86_2.doc HTTP/1.1" 200 905216 "-" "Mozilla/5.0 (compatible; YandexBot/3.0; +http://yandex.com/bots)"
51.222.253.12 - - [18/Mar/2023:15:04:54 +0100] "GET /robots.txt HTTP/1.1" 200 1590 "-" "Mozilla/5.0 (compatible; AhrefsBot/7.0; +http://ahrefs.com/robot/)"
188.6.73.49 - - [18/Mar/2023:15:06:00 +0100] "GET /files/hadkotelesek_hm_eum_rendelet_tervezet_melleklet.pdf HTTP/1.1" 200 45622 "https://www.google.com/" "Mozilla/5.0 (Linux; Android 12; SM-G973F) AppleWebKit/537.36 (KHTML, like Gecko) Chrome/111.0.0.0 Mobile Safari/537.36"
188.6.73.49 - - [18/Mar/2023:15:06:22 +0100] "GET /files/hadkotelesek_hm_eum_rendelet_tervezet_melleklet.pdf HTTP/1.1" 206 1 "https://www.google.com/" "Mozilla/5.0 (Linux; Android 12; SM-G973F) AppleWebKit/537.36 (KHTML, like Gecko) Chrome/111.0.0.0 Mobile Safari/537.36"
188.6.73.49 - - [18/Mar/2023:15:06:22 +0100] "GET /files/hadkotelesek_hm_eum_rendelet_tervezet_melleklet.pdf HTTP/1.1" 206 45568 "https://www.google.com/" "Mozilla/5.0 (Linux; Android 12; SM-G973F) AppleWebKit/537.36 (KHTML, like Gecko) Chrome/111.0.0.0 Mobile Safari/537.36"
216.244.66.200 - - [18/Mar/2023:15:07:17 +0100] "GET /robots.txt HTTP/1.1" 200 1590 "-" "Mozilla/5.0 (compatible; DotBot/1.2; +https://opensiteexplorer.org/dotbot; help@moz.com)"
114.119.141.186 - - [18/Mar/2023:15:07:26 +0100] "GET /drupal/node/26 HTTP/1.1" 200 - "http://csaladmediator.gportal.hu/gindex.php?pg=23430819&nid=5343229" "Mozilla/5.0 (Linux; Android 7.0;) AppleWebKit/537.36 (KHTML, like Gecko) Mobile Safari/537.36 (compatible; PetalBot;+https://webmaster.petalsearch.com/site/petalbot)"
216.244.66.200 - - [18/Mar/2023:15:15:00 +0100] "GET /taxonomy/term/101?page=8 HTTP/1.1" 200 - "-" "Mozilla/5.0 (compatible; DotBot/1.2; +https://opensiteexplorer.org/dotbot; help@moz.com)"
157.55.39.212 - - [18/Mar/2023:15:28:51 +0100] "GET /node/1010 HTTP/1.1" 200 - "-" "Mozilla/5.0 AppleWebKit/537.36 (KHTML, like Gecko; compatible; bingbot/2.0; +http://www.bing.com/bingbot.htm) Chrome/103.0.5060.134 Safari/537.36"
62.165.210.110 - - [18/Mar/2023:15:48:52 +0100] "GET /files/regeszet_070111.pdf HTTP/1.1" 200 173642 "https://www.google.com/" "Mozilla/5.0 (Windows NT 10.0; Win64; x64) AppleWebKit/537.36 (KHTML, like Gecko) Chrome/110.0.0.0 Safari/537.36 Edg/110.0.1587.69"
62.165.210.110 - - [18/Mar/2023:15:48:52 +0100] "GET /favicon.ico HTTP/1.1" 404 57 "http://www.jogalkotas.hu/files/regeszet_070111.pdf" "Mozilla/5.0 (Windows NT 10.0; Win64; x64) AppleWebKit/537.36 (KHTML, like Gecko) Chrome/110.0.0.0 Safari/537.36 Edg/110.0.1587.69"
216.244.66.200 - - [18/Mar/2023:15:58:48 +0100] "GET /robots.txt HTTP/1.1" 200 1590 "-" "Mozilla/5.0 (compatible; DotBot/1.2; +https://opensiteexplorer.org/dotbot; help@moz.com)"
66.249.64.77 - - [18/Mar/2023:16:01:08 +0100] "GET /robots.txt HTTP/1.1" 200 1590 "-" "Mozilla/5.0 (compatible; Googlebot/2.1; +http://www.google.com/bot.html)"
66.249.64.75 - - [18/Mar/2023:16:01:40 +0100] "GET / HTTP/1.1" 200 - "-" "Mozilla/5.0 (Linux; Android 6.0.1; Nexus 5X Build/MMB29P) AppleWebKit/537.36 (KHTML, like Gecko) Chrome/111.0.5563.64 Mobile Safari/537.36 (compatible; Googlebot/2.1; +http://www.google.com/bot.html)"
66.249.70.106 - - [18/Mar/2023:16:04:19 +0100] "GET /files/ptk_oroklesi_jog.pdf HTTP/1.1" 200 260717 "-" "Googlebot/2.1 (+http://www.google.com/bot.html)"
207.46.13.219 - - [18/Mar/2023:16:10:43 +0100] "GET /node/1542 HTTP/1.1" 200 - "-" "Mozilla/5.0 AppleWebKit/537.36 (KHTML, like Gecko; compatible; bingbot/2.0; +http://www.bing.com/bingbot.htm) Chrome/103.0.5060.134 Safari/537.36"
216.244.66.200 - - [18/Mar/2023:16:13:33 +0100] "GET /files/jap_internetre.pdf HTTP/1.1" 200 70115 "-" "Mozilla/5.0 (compatible; DotBot/1.2; +https://opensiteexplorer.org/dotbot; help@moz.com)"
66.249.70.102 - - [18/Mar/2023:16:57:37 +0100] "GET /files/Melleklet_kozossegi_jegyzek_090609.doc HTTP/1.1" 200 7046144 "-" "Mozilla/5.0 (compatible; Googlebot/2.1; +http://www.google.com/bot.html)"
84.0.243.103 - - [18/Mar/2023:17:13:12 +0100] "GET /files/nem-konvencionalis_korm_rend_090202.doc HTTP/1.1" 200 873472 "-" "Mozilla/5.0 (Linux; Android 13; SM-A326B) AppleWebKit/537.36 (KHTML, like Gecko) Chrome/111.0.0.0 Mobile Safari/537.36"
216.244.66.200 - - [18/Mar/2023:17:14:06 +0100] "GET /robots.txt HTTP/1.1" 200 1590 "-" "Mozilla/5.0 (compatible; DotBot/1.2; +https://opensiteexplorer.org/dotbot; help@moz.com)"
5.255.253.80 - - [18/Mar/2023:17:23:04 +0100] "GET /robots.txt HTTP/1.1" 200 1590 "-" "Mozilla/5.0 (compatible; YandexBot/3.0; +http://yandex.com/bots)"
213.180.203.107 - - [18/Mar/2023:17:23:05 +0100] "GET /files/magancsod_tars_velem_09.03.06.doc HTTP/1.1" 200 652800 "-" "Mozilla/5.0 (compatible; YandexBot/3.0; +http://yandex.com/bots)"
216.244.66.200 - - [18/Mar/2023:17:32:44 +0100] "GET /taxonomy/term/40?page=68 HTTP/1.1" 200 - "-" "Mozilla/5.0 (compatible; DotBot/1.2; +https://opensiteexplorer.org/dotbot; help@moz.com)"
157.90.181.145 - - [18/Mar/2023:17:37:47 +0100] "GET /robots.txt HTTP/1.1" 200 1590 "-" "Mozilla/5.0 (compatible; BLEXBot/1.0; +http://webmeup-crawler.com/)"
157.90.181.145 - - [18/Mar/2023:17:38:23 +0100] "GET /sitemap HTTP/1.1" 200 - "-" "Mozilla/5.0 (compatible; BLEXBot/1.0; +http://webmeup-crawler.com/)"
157.90.181.145 - - [18/Mar/2023:17:39:07 +0100] "GET /sitemap.txt HTTP/1.1" 200 - "-" "Mozilla/5.0 (compatible; BLEXBot/1.0; +http://webmeup-crawler.com/)"
157.90.181.145 - - [18/Mar/2023:17:39:17 +0100] "GET /robots.txt HTTP/1.1" 200 1590 "-" "Mozilla/5.0 (compatible; BLEXBot/1.0; +http://webmeup-crawler.com/)"
157.90.181.145 - - [18/Mar/2023:17:39:53 +0100] "GET / HTTP/1.1" 200 - "-" "Mozilla/5.0 (compatible; BLEXBot/1.0; +http://webmeup-crawler.com/)"
66.249.64.75 - - [18/Mar/2023:17:41:42 +0100] "GET / HTTP/1.1" 200 - "-" "Mozilla/5.0 (compatible; Googlebot/2.1; +http://www.google.com/bot.html)"
207.46.13.219 - - [18/Mar/2023:17:44:51 +0100] "GET / HTTP/1.1" 200 - "-" "Mozilla/5.0 AppleWebKit/537.36 (KHTML, like Gecko; compatible; bingbot/2.0; +http://www.bing.com/bingbot.htm) Chrome/103.0.5060.134 Safari/537.36"
103.131.71.73 - - [18/Mar/2023:17:59:16 +0100] "GET /robots.txt HTTP/1.1" 200 1590 "-" "Mozilla/5.0 (compatible; coccocbot-web/1.0; +http://help.coccoc.com/searchengine)"
103.131.71.136 - - [18/Mar/2023:17:59:20 +0100] "GET /robots.txt HTTP/1.1" 200 1590 "-" "Mozilla/5.0 (compatible; coccocbot-web/1.0; +http://help.coccoc.com/searchengine)"
103.131.71.177 - - [18/Mar/2023:18:00:07 +0100] "GET /files/az_uj_ptk_koncepcioja.pdf HTTP/1.1" 200 169125 "-" "Mozilla/5.0 (compatible; coccocbot-web/1.0; +http://help.coccoc.com/searchengine)"
198.235.24.146 - - [18/Mar/2023:18:34:21 +0100] "GET / HTTP/1.1" 200 - "-" "-"
40.77.167.194 - - [18/Mar/2023:18:50:23 +0100] "GET /files/R178_3rendelet.pdf HTTP/1.1" 304 - "-" "Mozilla/5.0 AppleWebKit/537.36 (KHTML, like Gecko; compatible; bingbot/2.0; +http://www.bing.com/bingbot.htm) Chrome/103.0.5060.134 Safari/537.36"
5.255.253.82 - - [18/Mar/2023:19:35:10 +0100] "GET /robots.txt HTTP/1.1" 200 1590 "-" "Mozilla/5.0 (compatible; YandexBot/3.0; +http://yandex.com/bots)"
95.108.213.168 - - [18/Mar/2023:19:35:11 +0100] "GET /files/ptk_oroklesi_jog.pdf HTTP/1.1" 200 260717 "-" "Mozilla/5.0 (compatible; YandexBot/3.0; +http://yandex.com/bots)"
66.249.70.102 - - [18/Mar/2023:19:41:11 +0100] "GET /files/hajozo_hmrend.pdf HTTP/1.1" 200 339236 "-" "Mozilla/5.0 (Windows NT 10.0; Win64; x64)AppleWebKit/537.36 (KHTML, like Gecko) Chrome/91.0.4472.101 Safari/537.36 (compatible; GoogleOther)"
5.45.207.169 - - [18/Mar/2023:20:00:20 +0100] "GET /files/NFGM1713.pdf HTTP/1.1" 200 203993 "-" "Mozilla/5.0 (compatible; YandexBot/3.0; +http://yandex.com/bots)"
216.244.66.200 - - [18/Mar/2023:20:07:16 +0100] "GET /robots.txt HTTP/1.1" 200 1590 "-" "Mozilla/5.0 (compatible; DotBot/1.2; +https://opensiteexplorer.org/dotbot; help@moz.com)"
216.244.66.200 - - [18/Mar/2023:20:07:16 +0100] "GET /robots.txt HTTP/1.1" 200 1590 "-" "Mozilla/5.0 (compatible; DotBot/1.2; +https://opensiteexplorer.org/dotbot; help@moz.com)"
216.244.66.200 - - [18/Mar/2023:20:18:16 +0100] "GET /taxonomy/term/28?page=11 HTTP/1.1" 200 - "-" "Mozilla/5.0 (compatible; DotBot/1.2; +https://opensiteexplorer.org/dotbot; help@moz.com)"
216.244.66.200 - - [18/Mar/2023:20:22:51 +0100] "GET /taxonomy/term/1?page=65 HTTP/1.1" 200 - "-" "Mozilla/5.0 (compatible; DotBot/1.2; +https://opensiteexplorer.org/dotbot; help@moz.com)"
40.77.167.101 - - [18/Mar/2023:20:23:51 +0100] "GET /robots.txt HTTP/1.1" 200 1590 "-" "Mozilla/5.0 AppleWebKit/537.36 (KHTML, like Gecko; compatible; bingbot/2.0; +http://www.bing.com/bingbot.htm) Chrome/103.0.5060.134 Safari/537.36"
40.77.167.239 - - [18/Mar/2023:20:23:54 +0100] "GET /files/_4eg3fmujfdhqa4st0ctlmipb7g9pnl8bk0q5n983ddtjm2t50edgg_.pdf HTTP/1.1" 200 120136 "-" "Mozilla/5.0 AppleWebKit/537.36 (KHTML, like Gecko; compatible; bingbot/2.0; +http://www.bing.com/bingbot.htm) Chrome/103.0.5060.134 Safari/537.36"
94.21.68.216 - - [18/Mar/2023:20:28:03 +0100] "GET /files/hadkotelesek_hm_eum_rendelet_tervezet_melleklet.pdf HTTP/1.1" 200 713160 "-" "Mozilla/5.0 (Linux; Android 12; SM-N970F) AppleWebKit/537.36 (KHTML, like Gecko) Chrome/110.0.0.0 Mobile Safari/537.36"
5.255.231.38 - - [18/Mar/2023:20:35:40 +0100] "GET /robots.txt HTTP/1.1" 200 1590 "-" "Mozilla/5.0 (compatible; YandexBot/3.0; +http://yandex.com/bots)"
87.250.224.77 - - [18/Mar/2023:20:36:12 +0100] "GET /drupal/files/ptk-normaszoveg-tervezet_20071029.pdf HTTP/1.1" 200 - "-" "Mozilla/5.0 (compatible; YandexBot/3.0; +http://yandex.com/bots)"
66.249.70.104 - - [18/Mar/2023:20:45:11 +0100] "GET /files/3802_16.pdf HTTP/1.1" 304 - "-" "Mozilla/5.0 (Linux; Android 6.0.1; Nexus 5X Build/MMB29P) AppleWebKit/537.36 (KHTML, like Gecko) Chrome/111.0.5563.64 Mobile Safari/537.36 (compatible; Googlebot/2.1; +http://www.google.com/bot.html)"
80.98.3.110 - - [18/Mar/2023:22:05:52 +0100] "GET /files/ptk_kotelmi_jog.pdf HTTP/1.1" 200 706298 "https://www.google.com/url?q=http://www.jogalkotas.hu/files/ptk_kotelmi_jog.pdf&sa=U&sqi=2&ved=2ahUKEwjA_NTZr-b9AhXMhf0HHaGHDPgQFnoECAwQAQ&usg=AOvVaw3yMtbkNx1xB2-JDR31dyaD" "Mozilla/5.0 (iPhone; CPU iPhone OS 16_3 like Mac OS X) AppleWebKit/605.1.15 (KHTML, like Gecko) GSA/241.0.491530414 Mobile/15E148 Safari/604.1"
207.46.13.219 - - [18/Mar/2023:22:11:05 +0100] "GET / HTTP/1.1" 200 - "-" "Mozilla/5.0 AppleWebKit/537.36 (KHTML, like Gecko; compatible; bingbot/2.0; +http://www.bing.com/bingbot.htm) Chrome/103.0.5060.134 Safari/537.36"
188.36.105.168 - - [18/Mar/2023:22:15:23 +0100] "GET / HTTP/1.1" 200 - "-" "Mozilla/5.0 (iPhone; CPU iPhone OS 16_3_1 like Mac OS X) AppleWebKit/605.1.15 (KHTML, like Gecko) Version/16.3 Mobile/15E148 Safari/604.1"
188.36.105.168 - - [18/Mar/2023:22:15:24 +0100] "GET / HTTP/1.1" 200 - "-" "Mozilla/5.0 (iPhone; CPU iPhone OS 16_3_1 like Mac OS X) AppleWebKit/605.1.15 (KHTML, like Gecko) Version/16.3 Mobile/15E148 Safari/604.1"
52.167.144.48 - - [18/Mar/2023:22:30:56 +0100] "GET /node/1012 HTTP/1.1" 200 - "-" "Mozilla/5.0 AppleWebKit/537.36 (KHTML, like Gecko; compatible; bingbot/2.0; +http://www.bing.com/bingbot.htm) Chrome/103.0.5060.134 Safari/537.36"
165.225.202.192 - - [18/Mar/2023:22:45:39 +0100] "GET /files/ptk_kotelmi_jog.pdf HTTP/1.1" 200 706298 "https://www.google.com/" "Mozilla/5.0 (Windows NT 10.0; Win64; x64) AppleWebKit/537.36 (KHTML, like Gecko) Chrome/111.0.0.0 Safari/537.36"
165.225.202.192 - - [18/Mar/2023:22:45:41 +0100] "GET /favicon.ico HTTP/1.1" 404 57 "http://www.jogalkotas.hu/files/ptk_kotelmi_jog.pdf" "Mozilla/5.0 (Windows NT 10.0; Win64; x64) AppleWebKit/537.36 (KHTML, like Gecko) Chrome/111.0.0.0 Safari/537.36"
66.249.70.102 - - [18/Mar/2023:22:52:40 +0100] "GET /files/ingatlan_nyilvantartas_tervezet_060524.pdf HTTP/1.1" 304 - "-" "Mozilla/5.0 (Linux; Android 6.0.1; Nexus 5X Build/MMB29P) AppleWebKit/537.36 (KHTML, like Gecko) Chrome/111.0.5563.64 Mobile Safari/537.36 (compatible; Googlebot/2.1; +http://www.google.com/bot.html)"
157.55.39.212 - - [18/Mar/2023:22:57:06 +0100] "GET /files/TK1322.pdf HTTP/1.1" 200 174385 "-" "Mozilla/5.0 AppleWebKit/537.36 (KHTML, like Gecko; compatible; bingbot/2.0; +http://www.bing.com/bingbot.htm) Chrome/103.0.5060.134 Safari/537.36"
216.244.66.200 - - [18/Mar/2023:23:19:22 +0100] "GET /robots.txt HTTP/1.1" 200 1590 "-" "Mozilla/5.0 (compatible; DotBot/1.2; +https://opensiteexplorer.org/dotbot; help@moz.com)"
66.249.70.100 - - [18/Mar/2023:23:20:28 +0100] "GET /moodle/calendar/view.php?loan=244 HTTP/1.1" 200 - "-" "Mozilla/5.0 (Linux; Android 6.0.1; Nexus 5X Build/MMB29P) AppleWebKit/537.36 (KHTML, like Gecko) Chrome/111.0.5563.64 Mobile Safari/537.36 (compatible; Googlebot/2.1; +http://www.google.com/bot.html)"
157.55.39.212 - - [18/Mar/2023:23:27:36 +0100] "GET /files/0207_KSZF_MeHVM_rend_terv.pdf HTTP/1.1" 304 - "-" "Mozilla/5.0 AppleWebKit/537.36 (KHTML, like Gecko; compatible; bingbot/2.0; +http://www.bing.com/bingbot.htm) Chrome/103.0.5060.134 Safari/537.36"
216.244.66.200 - - [18/Mar/2023:23:28:32 +0100] "GET /node/2370 HTTP/1.1" 200 - "-" "Mozilla/5.0 (compatible; DotBot/1.2; +https://opensiteexplorer.org/dotbot; help@moz.com)"
216.244.66.200 - - [18/Mar/2023:23:29:07 +0100] "GET /node/2416 HTTP/1.1" 200 - "-" "Mozilla/5.0 (compatible; DotBot/1.2; +https://opensiteexplorer.org/dotbot; help@moz.com)"
157.55.39.212 - - [18/Mar/2023:23:43:09 +0100] "GET /files/TK1052.pdf HTTP/1.1" 200 166334 "-" "Mozilla/5.0 AppleWebKit/537.36 (KHTML, like Gecko; compatible; bingbot/2.0; +http://www.bing.com/bingbot.htm) Chrome/103.0.5060.134 Safari/537.36"
66.249.70.97 - - [18/Mar/2023:23:47:13 +0100] "GET /files/szemelyugyi_igazgatas.pdf HTTP/1.1" 304 - "-" "Mozilla/5.0 (Linux; Android 6.0.1; Nexus 5X Build/MMB29P) AppleWebKit/537.36 (KHTML, like Gecko) Chrome/111.0.5563.64 Mobile Safari/537.36 (compatible; Googlebot/2.1; +http://www.google.com/bot.html)"
216.244.66.200 - - [19/Mar/2023:00:08:31 +0100] "GET /robots.txt HTTP/1.1" 200 1590 "-" "Mozilla/5.0 (compatible; DotBot/1.2; +https://opensiteexplorer.org/dotbot; help@moz.com)"
40.77.167.194 - - [19/Mar/2023:00:11:54 +0100] "GET /files/szakkepesites_rendelettervezet_080421.pdf HTTP/1.1" 200 142479 "-" "Mozilla/5.0 AppleWebKit/537.36 (KHTML, like Gecko; compatible; bingbot/2.0; +http://www.bing.com/bingbot.htm) Chrome/103.0.5060.134 Safari/537.36"
216.244.66.200 - - [19/Mar/2023:00:13:40 +0100] "GET /node/29 HTTP/1.1" 200 - "-" "Mozilla/5.0 (compatible; DotBot/1.2; +https://opensiteexplorer.org/dotbot; help@moz.com)"
18.205.67.89 - - [19/Mar/2023:00:14:38 +0100] "GET /robots.txt HTTP/1.1" 200 1590 "-" "CCBot/2.0 (https://commoncrawl.org/faq/)"
18.205.67.89 - - [19/Mar/2023:00:15:09 +0100] "GET / HTTP/1.1" 200 - "-" "CCBot/2.0 (https://commoncrawl.org/faq/)"
18.205.67.89 - - [19/Mar/2023:00:15:41 +0100] "GET / HTTP/1.1" 200 - "-" "CCBot/2.0 (https://commoncrawl.org/faq/)"
216.244.66.200 - - [19/Mar/2023:00:17:10 +0100] "GET /node/2369 HTTP/1.1" 200 - "-" "Mozilla/5.0 (compatible; DotBot/1.2; +https://opensiteexplorer.org/dotbot; help@moz.com)"
216.244.66.200 - - [19/Mar/2023:00:17:48 +0100] "GET /node/2441 HTTP/1.1" 200 - "-" "Mozilla/5.0 (compatible; DotBot/1.2; +https://opensiteexplorer.org/dotbot; help@moz.com)"
40.77.167.194 - - [19/Mar/2023:00:36:27 +0100] "GET /node/2542 HTTP/1.1" 200 - "-" "Mozilla/5.0 AppleWebKit/537.36 (KHTML, like Gecko; compatible; bingbot/2.0; +http://www.bing.com/bingbot.htm) Chrome/103.0.5060.134 Safari/537.36"
66.249.64.75 - - [19/Mar/2023:00:41:45 +0100] "GET /files/47343.pdf HTTP/1.1" 304 - "-" "Mozilla/5.0 (Linux; Android 6.0.1; Nexus 5X Build/MMB29P) AppleWebKit/537.36 (KHTML, like Gecko) Chrome/111.0.5563.64 Mobile Safari/537.36 (compatible; Googlebot/2.1; +http://www.google.com/bot.html)"
64.124.8.46 - - [19/Mar/2023:00:51:48 +0100] "GET /robots.txt HTTP/1.1" 200 1590 "-" "Mozilla/5.0 (X11; Linux x86_64) AppleWebKit/537.36 (KHTML, like Gecko) Chrome/61.0.3163.79 Safari/537.36"
216.244.66.200 - - [19/Mar/2023:00:58:35 +0100] "GET /robots.txt HTTP/1.1" 200 1590 "-" "Mozilla/5.0 (compatible; DotBot/1.2; +https://opensiteexplorer.org/dotbot; help@moz.com)"
216.244.66.200 - - [19/Mar/2023:01:05:51 +0100] "GET /node/112 HTTP/1.1" 200 - "-" "Mozilla/5.0 (compatible; DotBot/1.2; +https://opensiteexplorer.org/dotbot; help@moz.com)"
216.244.66.200 - - [19/Mar/2023:01:06:23 +0100] "GET /node/221 HTTP/1.1" 200 - "-" "Mozilla/5.0 (compatible; DotBot/1.2; +https://opensiteexplorer.org/dotbot; help@moz.com)"
216.244.66.200 - - [19/Mar/2023:01:07:04 +0100] "GET /node/243 HTTP/1.1" 200 - "-" "Mozilla/5.0 (compatible; DotBot/1.2; +https://opensiteexplorer.org/dotbot; help@moz.com)"
216.244.66.200 - - [19/Mar/2023:01:07:54 +0100] "GET /node/2457 HTTP/1.1" 200 - "-" "Mozilla/5.0 (compatible; DotBot/1.2; +https://opensiteexplorer.org/dotbot; help@moz.com)"
216.244.66.200 - - [19/Mar/2023:01:08:46 +0100] "GET /node/320 HTTP/1.1" 200 - "-" "Mozilla/5.0 (compatible; DotBot/1.2; +https://opensiteexplorer.org/dotbot; help@moz.com)"
216.244.66.200 - - [19/Mar/2023:01:09:37 +0100] "GET /node/381 HTTP/1.1" 200 - "-" "Mozilla/5.0 (compatible; DotBot/1.2; +https://opensiteexplorer.org/dotbot; help@moz.com)"
216.244.66.200 - - [19/Mar/2023:01:10:30 +0100] "GET /taxonomy/term/1?page=9 HTTP/1.1" 200 - "-" "Mozilla/5.0 (compatible; DotBot/1.2; +https://opensiteexplorer.org/dotbot; help@moz.com)"
66.249.70.100 - - [19/Mar/2023:01:11:13 +0100] "GET /files/R178_3rendelet.pdf HTTP/1.1" 200 149874 "-" "Mozilla/5.0 (Windows NT 10.0; Win64; x64)AppleWebKit/537.36 (KHTML, like Gecko) Chrome/91.0.4472.101 Safari/537.36 (compatible; GoogleOther)"
216.244.66.200 - - [19/Mar/2023:01:11:22 +0100] "GET /taxonomy/term/21?page=81 HTTP/1.1" 200 - "-" "Mozilla/5.0 (compatible; DotBot/1.2; +https://opensiteexplorer.org/dotbot; help@moz.com)"
216.244.66.200 - - [19/Mar/2023:01:25:07 +0100] "GET /taxonomy/term/56?page=1 HTTP/1.1" 200 - "-" "Mozilla/5.0 (compatible; DotBot/1.2; +https://opensiteexplorer.org/dotbot; help@moz.com)"
52.167.144.48 - - [19/Mar/2023:01:32:22 +0100] "GET /taxonomy/term/73 HTTP/1.1" 200 - "-" "Mozilla/5.0 AppleWebKit/537.36 (KHTML, like Gecko; compatible; bingbot/2.0; +http://www.bing.com/bingbot.htm) Chrome/103.0.5060.134 Safari/537.36"
65.21.237.125 - - [19/Mar/2023:02:03:01 +0100] "GET /robots.txt HTTP/1.1" 200 1590 "-" "Mozilla/5.0 (compatible; SEOkicks; +https://www.seokicks.de/robot.html)"
65.21.237.125 - - [19/Mar/2023:02:03:01 +0100] "GET /robots.txt HTTP/1.1" 200 1590 "-" "Mozilla/5.0 (compatible; SEOkicks; +https://www.seokicks.de/robot.html)"
65.21.237.125 - - [19/Mar/2023:02:03:35 +0100] "GET / HTTP/1.1" 200 - "-" "Mozilla/5.0 (compatible; SEOkicks; +https://www.seokicks.de/robot.html)"
65.21.237.125 - - [19/Mar/2023:02:03:35 +0100] "GET / HTTP/1.1" 200 - "-" "Mozilla/5.0 (compatible; SEOkicks; +https://www.seokicks.de/robot.html)"
216.244.66.200 - - [19/Mar/2023:02:09:07 +0100] "GET /robots.txt HTTP/1.1" 200 1590 "-" "Mozilla/5.0 (compatible; DotBot/1.2; +https://opensiteexplorer.org/dotbot; help@moz.com)"
216.244.66.200 - - [19/Mar/2023:02:09:08 +0100] "GET /robots.txt HTTP/1.1" 200 1590 "-" "Mozilla/5.0 (compatible; DotBot/1.2; +https://opensiteexplorer.org/dotbot; help@moz.com)"
216.244.66.200 - - [19/Mar/2023:02:14:55 +0100] "GET /drupal/node/383 HTTP/1.1" 200 - "-" "Mozilla/5.0 (compatible; DotBot/1.2; +https://opensiteexplorer.org/dotbot; help@moz.com)"
216.244.66.200 - - [19/Mar/2023:02:22:09 +0100] "GET /node/2297 HTTP/1.1" 200 - "-" "Mozilla/5.0 (compatible; DotBot/1.2; +https://opensiteexplorer.org/dotbot; help@moz.com)"
216.244.66.200 - - [19/Mar/2023:02:24:10 +0100] "GET /taxonomy/term/1?page=157 HTTP/1.1" 200 - "-" "Mozilla/5.0 (compatible; DotBot/1.2; +https://opensiteexplorer.org/dotbot; help@moz.com)"
87.236.176.153 - - [19/Mar/2023:02:33:28 +0100] "GET / HTTP/1.1" 200 - "-" "Mozilla/5.0 (compatible; InternetMeasurement/1.0; +https://internet-measurement.com/)"
64.124.8.41 - - [19/Mar/2023:02:40:38 +0100] "GET /robots.txt HTTP/1.1" 200 1590 "-" "Mozilla/5.0 (X11; Linux x86_64) AppleWebKit/537.36 (KHTML, like Gecko) Chrome/61.0.3163.79 Safari/537.36"
40.77.167.194 - - [19/Mar/2023:02:41:59 +0100] "GET /files/53per2004_eszcsm_rend_mod.doc HTTP/1.1" 200 67072 "-" "Mozilla/5.0 AppleWebKit/537.36 (KHTML, like Gecko; compatible; bingbot/2.0; +http://www.bing.com/bingbot.htm) Chrome/103.0.5060.134 Safari/537.36"
77.245.149.146 - - [19/Mar/2023:02:52:24 +0100] "GET / HTTP/1.1" 200 - "-" "-"
216.244.66.200 - - [19/Mar/2023:03:00:26 +0100] "GET /robots.txt HTTP/1.1" 200 1590 "-" "Mozilla/5.0 (compatible; DotBot/1.2; +https://opensiteexplorer.org/dotbot; help@moz.com)"
216.244.66.200 - - [19/Mar/2023:03:05:31 +0100] "GET /node/2613 HTTP/1.1" 200 - "-" "Mozilla/5.0 (compatible; DotBot/1.2; +https://opensiteexplorer.org/dotbot; help@moz.com)"
94.44.244.4 - - [19/Mar/2023:03:05:47 +0100] "GET /files/KHEM_4090_3javitott.doc HTTP/1.1" 200 200704 "-" "Mozilla/5.0 (Linux; Android 9; VTR-L09) AppleWebKit/537.36 (KHTML, like Gecko) Chrome/111.0.0.0 Mobile Safari/537.36"
216.244.66.200 - - [19/Mar/2023:03:09:56 +0100] "GET /drupal/node/91 HTTP/1.1" 200 - "-" "Mozilla/5.0 (compatible; DotBot/1.2; +https://opensiteexplorer.org/dotbot; help@moz.com)"
216.244.66.200 - - [19/Mar/2023:03:10:37 +0100] "GET /node/2450 HTTP/1.1" 200 - "-" "Mozilla/5.0 (compatible; DotBot/1.2; +https://opensiteexplorer.org/dotbot; help@moz.com)"
216.244.66.200 - - [19/Mar/2023:03:11:27 +0100] "GET /node/2455 HTTP/1.1" 200 - "-" "Mozilla/5.0 (compatible; DotBot/1.2; +https://opensiteexplorer.org/dotbot; help@moz.com)"
64.124.8.32 - - [19/Mar/2023:03:11:48 +0100] "GET /robots.txt HTTP/1.1" 200 1590 "-" "Mozilla/5.0 (X11; Linux x86_64) AppleWebKit/537.36 (KHTML, like Gecko) Chrome/61.0.3163.79 Safari/537.36"
216.244.66.200 - - [19/Mar/2023:03:12:17 +0100] "GET /node/2461 HTTP/1.1" 200 - "-" "Mozilla/5.0 (compatible; DotBot/1.2; +https://opensiteexplorer.org/dotbot; help@moz.com)"
216.244.66.200 - - [19/Mar/2023:03:13:08 +0100] "GET /node/2489 HTTP/1.1" 200 - "-" "Mozilla/5.0 (compatible; DotBot/1.2; +https://opensiteexplorer.org/dotbot; help@moz.com)"
216.244.66.200 - - [19/Mar/2023:03:13:58 +0100] "GET /node/316 HTTP/1.1" 200 - "-" "Mozilla/5.0 (compatible; DotBot/1.2; +https://opensiteexplorer.org/dotbot; help@moz.com)"
216.244.66.200 - - [19/Mar/2023:03:14:49 +0100] "GET /node/32 HTTP/1.1" 200 - "-" "Mozilla/5.0 (compatible; DotBot/1.2; +https://opensiteexplorer.org/dotbot; help@moz.com)"
216.244.66.200 - - [19/Mar/2023:03:15:39 +0100] "GET /node/2309 HTTP/1.1" 200 - "-" "Mozilla/5.0 (compatible; DotBot/1.2; +https://opensiteexplorer.org/dotbot; help@moz.com)"
216.244.66.200 - - [19/Mar/2023:03:16:29 +0100] "GET /node/2499 HTTP/1.1" 200 - "-" "Mozilla/5.0 (compatible; DotBot/1.2; +https://opensiteexplorer.org/dotbot; help@moz.com)"
216.244.66.200 - - [19/Mar/2023:03:17:20 +0100] "GET /node/2515 HTTP/1.1" 200 - "-" "Mozilla/5.0 (compatible; DotBot/1.2; +https://opensiteexplorer.org/dotbot; help@moz.com)"
207.46.13.219 - - [19/Mar/2023:03:22:34 +0100] "GET / HTTP/1.1" 200 - "-" "Mozilla/5.0 AppleWebKit/537.36 (KHTML, like Gecko; compatible; bingbot/2.0; +http://www.bing.com/bingbot.htm) Chrome/103.0.5060.134 Safari/537.36"
66.249.70.97 - - [19/Mar/2023:03:30:11 +0100] "GET /files/b_3327_muemlek_061129.pdf HTTP/1.1" 304 - "-" "Mozilla/5.0 (Linux; Android 6.0.1; Nexus 5X Build/MMB29P) AppleWebKit/537.36 (KHTML, like Gecko) Chrome/111.0.5563.64 Mobile Safari/537.36 (compatible; Googlebot/2.1; +http://www.google.com/bot.html)"
114.119.140.136 - - [19/Mar/2023:03:31:12 +0100] "GET /files/KHEM_8735_(normasz__veg).doc HTTP/1.1" 200 136192 "-" "Mozilla/5.0 (Linux; Android 7.0;) AppleWebKit/537.36 (KHTML, like Gecko) Mobile Safari/537.36 (compatible; PetalBot;+https://webmaster.petalsearch.com/site/petalbot)"
114.119.152.59 - - [19/Mar/2023:03:45:08 +0100] "GET /files/hatar.pdf HTTP/1.1" 200 148826 "-" "Mozilla/5.0 (Linux; Android 7.0;) AppleWebKit/537.36 (KHTML, like Gecko) Mobile Safari/537.36 (compatible; PetalBot;+https://webmaster.petalsearch.com/site/petalbot)"
216.244.66.200 - - [19/Mar/2023:03:49:32 +0100] "GET /robots.txt HTTP/1.1" 200 1590 "-" "Mozilla/5.0 (compatible; DotBot/1.2; +https://opensiteexplorer.org/dotbot; help@moz.com)"
216.244.66.200 - - [19/Mar/2023:03:55:30 +0100] "GET /taxonomy/term/46/0/feed HTTP/1.1" 200 - "-" "Mozilla/5.0 (compatible; DotBot/1.2; +https://opensiteexplorer.org/dotbot; help@moz.com)"
66.249.70.106 - - [19/Mar/2023:04:08:42 +0100] "GET /files/tamszolg_terv_080630.pdf HTTP/1.1" 304 - "-" "Mozilla/5.0 (Linux; Android 6.0.1; Nexus 5X Build/MMB29P) AppleWebKit/537.36 (KHTML, like Gecko) Chrome/111.0.5563.64 Mobile Safari/537.36 (compatible; Googlebot/2.1; +http://www.google.com/bot.html)"
66.249.70.106 - - [19/Mar/2023:04:11:14 +0100] "GET /files/hm_rend_elelmezes.pdf HTTP/1.1" 200 378647 "-" "Mozilla/5.0 (Windows NT 10.0; Win64; x64)AppleWebKit/537.36 (KHTML, like Gecko) Chrome/91.0.4472.101 Safari/537.36 (compatible; GoogleOther)"
