103.131.71.196 - - [14/Mar/2023:14:12:32 +0100] "GET /robots.txt HTTP/1.1" 200 1590 "-" "Mozilla/5.0 (compatible; coccocbot-web/1.0; +http://help.coccoc.com/searchengine)"
103.131.71.182 - - [14/Mar/2023:14:12:42 +0100] "GET /files/az_uj_ptk_koncepcioja.pdf HTTP/1.1" 304 - "-" "Mozilla/5.0 (compatible; coccocbot-web/1.0; +http://help.coccoc.com/searchengine)"
94.21.240.247 - - [14/Mar/2023:14:17:00 +0100] "GET /files/hadkotelesek_hm_eum_rendelet_tervezet_melleklet.pdf HTTP/1.1" 200 131142 "https://www.google.com/" "Mozilla/5.0 (Linux; Android 11; SM-A202F) AppleWebKit/537.36 (KHTML, like Gecko) Chrome/109.0.0.0 Mobile Safari/537.36"
94.21.240.247 - - [14/Mar/2023:14:17:01 +0100] "GET /files/hadkotelesek_hm_eum_rendelet_tervezet_melleklet.pdf HTTP/1.1" 206 1 "https://www.google.com/" "Mozilla/5.0 (Linux; Android 11; SM-A202F) AppleWebKit/537.36 (KHTML, like Gecko) Chrome/109.0.0.0 Mobile Safari/537.36"
94.21.240.247 - - [14/Mar/2023:14:17:01 +0100] "GET /files/hadkotelesek_hm_eum_rendelet_tervezet_melleklet.pdf HTTP/1.1" 206 45687 "https://www.google.com/" "Mozilla/5.0 (Linux; Android 11; SM-A202F) AppleWebKit/537.36 (KHTML, like Gecko) Chrome/109.0.0.0 Mobile Safari/537.36"
94.21.240.247 - - [14/Mar/2023:14:17:02 +0100] "GET /files/hadkotelesek_hm_eum_rendelet_tervezet_melleklet.pdf HTTP/1.1" 206 1 "https://www.google.com/" "Mozilla/5.0 (Linux; Android 11; SM-A202F) AppleWebKit/537.36 (KHTML, like Gecko) Chrome/109.0.0.0 Mobile Safari/537.36"
94.21.240.247 - - [14/Mar/2023:14:17:02 +0100] "GET /files/hadkotelesek_hm_eum_rendelet_tervezet_melleklet.pdf HTTP/1.1" 206 45687 "https://www.google.com/" "Mozilla/5.0 (Linux; Android 11; SM-A202F) AppleWebKit/537.36 (KHTML, like Gecko) Chrome/109.0.0.0 Mobile Safari/537.36"
94.21.240.247 - - [14/Mar/2023:14:17:02 +0100] "GET /files/hadkotelesek_hm_eum_rendelet_tervezet_melleklet.pdf HTTP/1.1" 206 1 "https://www.google.com/" "Mozilla/5.0 (Linux; Android 11; SM-A202F) AppleWebKit/537.36 (KHTML, like Gecko) Chrome/109.0.0.0 Mobile Safari/537.36"
94.21.240.247 - - [14/Mar/2023:14:17:02 +0100] "GET /files/hadkotelesek_hm_eum_rendelet_tervezet_melleklet.pdf HTTP/1.1" 206 45687 "https://www.google.com/" "Mozilla/5.0 (Linux; Android 11; SM-A202F) AppleWebKit/537.36 (KHTML, like Gecko) Chrome/109.0.0.0 Mobile Safari/537.36"
94.21.240.247 - - [14/Mar/2023:14:17:02 +0100] "GET /files/hadkotelesek_hm_eum_rendelet_tervezet_melleklet.pdf HTTP/1.1" 206 1 "https://www.google.com/" "Mozilla/5.0 (Linux; Android 11; SM-A202F) AppleWebKit/537.36 (KHTML, like Gecko) Chrome/109.0.0.0 Mobile Safari/537.36"
94.21.240.247 - - [14/Mar/2023:14:17:02 +0100] "GET /files/hadkotelesek_hm_eum_rendelet_tervezet_melleklet.pdf HTTP/1.1" 206 45687 "https://www.google.com/" "Mozilla/5.0 (Linux; Android 11; SM-A202F) AppleWebKit/537.36 (KHTML, like Gecko) Chrome/109.0.0.0 Mobile Safari/537.36"
94.21.240.247 - - [14/Mar/2023:14:17:02 +0100] "GET /files/hadkotelesek_hm_eum_rendelet_tervezet_melleklet.pdf HTTP/1.1" 206 1 "https://www.google.com/" "Mozilla/5.0 (Linux; Android 11; SM-A202F) AppleWebKit/537.36 (KHTML, like Gecko) Chrome/109.0.0.0 Mobile Safari/537.36"
94.21.240.247 - - [14/Mar/2023:14:17:02 +0100] "GET /files/hadkotelesek_hm_eum_rendelet_tervezet_melleklet.pdf HTTP/1.1" 206 45687 "https://www.google.com/" "Mozilla/5.0 (Linux; Android 11; SM-A202F) AppleWebKit/537.36 (KHTML, like Gecko) Chrome/109.0.0.0 Mobile Safari/537.36"
94.21.240.247 - - [14/Mar/2023:14:17:06 +0100] "GET /files/hadkotelesek_hm_eum_rendelet_tervezet_melleklet.pdf HTTP/1.1" 206 1 "https://www.google.com/" "Mozilla/5.0 (Linux; Android 11; SM-A202F) AppleWebKit/537.36 (KHTML, like Gecko) Chrome/109.0.0.0 Mobile Safari/537.36"
94.21.240.247 - - [14/Mar/2023:14:17:06 +0100] "GET /files/hadkotelesek_hm_eum_rendelet_tervezet_melleklet.pdf HTTP/1.1" 206 45687 "https://www.google.com/" "Mozilla/5.0 (Linux; Android 11; SM-A202F) AppleWebKit/537.36 (KHTML, like Gecko) Chrome/109.0.0.0 Mobile Safari/537.36"
34.217.14.217 - - [14/Mar/2023:14:46:15 +0100] "GET / HTTP/1.1" 200 - "-" "Mozilla/5.0 (X11; Linux x86_64) AppleWebKit/537.36 (KHTML, like Gecko) Chrome/83.0.4103.97 Safari/537.36"
52.25.225.39 - - [14/Mar/2023:14:48:05 +0100] "GET / HTTP/1.1" 200 - "-" "Mozilla/5.0 (X11; Linux x86_64) AppleWebKit/537.36 (KHTML, like Gecko) Chrome/83.0.4103.97 Safari/537.36"
84.3.99.97 - - [14/Mar/2023:15:20:16 +0100] "GET /files/elemiszerkonyv122007.pdf HTTP/1.1" 200 152700 "https://www.google.com/" "Mozilla/5.0 (Windows NT 10.0; Win64; x64; rv:109.0) Gecko/20100101 Firefox/110.0"
84.3.99.97 - - [14/Mar/2023:15:20:16 +0100] "GET /favicon.ico HTTP/1.1" 404 57 "http://www.jogalkotas.hu/" "Mozilla/5.0 (Windows NT 10.0; Win64; x64; rv:109.0) Gecko/20100101 Firefox/110.0"
65.108.73.115 - - [14/Mar/2023:15:40:15 +0100] "GET /robots.txt HTTP/1.1" 200 1590 "-" "Mozilla/5.0 (compatible; SEOkicks; +https://www.seokicks.de/robot.html)"
65.108.73.115 - - [14/Mar/2023:15:40:15 +0100] "GET /robots.txt HTTP/1.1" 200 1590 "-" "Mozilla/5.0 (compatible; SEOkicks; +https://www.seokicks.de/robot.html)"
65.108.73.115 - - [14/Mar/2023:15:40:51 +0100] "GET / HTTP/1.1" 200 - "-" "Mozilla/5.0 (compatible; SEOkicks; +https://www.seokicks.de/robot.html)"
65.108.73.115 - - [14/Mar/2023:15:40:51 +0100] "GET / HTTP/1.1" 200 - "-" "Mozilla/5.0 (compatible; SEOkicks; +https://www.seokicks.de/robot.html)"
65.108.73.115 - - [14/Mar/2023:15:41:02 +0100] "GET /sitemap.xml HTTP/1.1" 200 - "-" "Mozilla/5.0 (compatible; SEOkicks; +https://www.seokicks.de/robot.html)"
65.108.73.115 - - [14/Mar/2023:15:41:02 +0100] "GET /sitemap.xml HTTP/1.1" 200 - "-" "Mozilla/5.0 (compatible; SEOkicks; +https://www.seokicks.de/robot.html)"
65.108.73.115 - - [14/Mar/2023:15:41:22 +0100] "GET /sitemap.xml HTTP/1.1" 200 - "-" "Mozilla/5.0 (compatible; SEOkicks; +https://www.seokicks.de/robot.html)"
65.108.73.115 - - [14/Mar/2023:15:41:22 +0100] "GET /sitemap.xml HTTP/1.1" 200 - "-" "Mozilla/5.0 (compatible; SEOkicks; +https://www.seokicks.de/robot.html)"
65.108.73.115 - - [14/Mar/2023:15:41:42 +0100] "GET /sitemap.xml HTTP/1.1" 200 - "-" "Mozilla/5.0 (compatible; SEOkicks; +https://www.seokicks.de/robot.html)"
65.108.73.115 - - [14/Mar/2023:15:41:42 +0100] "GET /sitemap.xml HTTP/1.1" 200 - "-" "Mozilla/5.0 (compatible; SEOkicks; +https://www.seokicks.de/robot.html)"
65.108.73.115 - - [14/Mar/2023:15:41:52 +0100] "GET /drupal/ HTTP/1.1" 200 - "-" "Mozilla/5.0 (compatible; SEOkicks; +https://www.seokicks.de/robot.html)"
65.108.73.115 - - [14/Mar/2023:15:41:52 +0100] "GET /drupal/files/konf_program.pdf HTTP/1.1" 200 - "-" "Mozilla/5.0 (compatible; SEOkicks; +https://www.seokicks.de/robot.html)"
65.108.73.115 - - [14/Mar/2023:15:42:12 +0100] "GET /drupal/ HTTP/1.1" 200 - "-" "Mozilla/5.0 (compatible; SEOkicks; +https://www.seokicks.de/robot.html)"
65.108.73.115 - - [14/Mar/2023:15:42:12 +0100] "GET /drupal/files/konf_program.pdf HTTP/1.1" 200 - "-" "Mozilla/5.0 (compatible; SEOkicks; +https://www.seokicks.de/robot.html)"
65.108.73.115 - - [14/Mar/2023:15:42:32 +0100] "GET /drupal/files/konf_program.pdf HTTP/1.1" 200 - "-" "Mozilla/5.0 (compatible; SEOkicks; +https://www.seokicks.de/robot.html)"
65.108.73.115 - - [14/Mar/2023:15:42:32 +0100] "GET /drupal/ HTTP/1.1" 200 - "-" "Mozilla/5.0 (compatible; SEOkicks; +https://www.seokicks.de/robot.html)"
65.108.73.115 - - [14/Mar/2023:15:42:43 +0100] "GET /drupal/files/bizott__2006_szept.pdf HTTP/1.1" 200 - "-" "Mozilla/5.0 (compatible; SEOkicks; +https://www.seokicks.de/robot.html)"
65.108.73.115 - - [14/Mar/2023:15:43:03 +0100] "GET /drupal/files/bizott__2006_szept.pdf HTTP/1.1" 200 - "-" "Mozilla/5.0 (compatible; SEOkicks; +https://www.seokicks.de/robot.html)"
37.76.48.149 - - [14/Mar/2023:15:54:12 +0100] "GET /files/tamszolg_terv_080630.pdf HTTP/1.1" 200 245872 "-" "Mozilla/5.0 (Linux; Android 13; SM-A715F) AppleWebKit/537.36 (KHTML, like Gecko) Chrome/109.0.0.0 Mobile Safari/537.36"
66.249.73.71 - - [14/Mar/2023:16:12:01 +0100] "GET /files/nem-konvencionalis_korm_rend_090202.doc HTTP/1.1" 200 873472 "-" "Mozilla/5.0 (compatible; Googlebot/2.1; +http://www.google.com/bot.html)"
40.77.167.181 - - [14/Mar/2023:16:46:11 +0100] "GET /robots.txt HTTP/1.1" 200 1590 "-" "Mozilla/5.0 AppleWebKit/537.36 (KHTML, like Gecko; compatible; bingbot/2.0; +http://www.bing.com/bingbot.htm) Chrome/103.0.5060.134 Safari/537.36"
40.77.167.239 - - [14/Mar/2023:16:46:51 +0100] "GET /files/$File/im_o_meg.pdf HTTP/1.1" 200 - "-" "Mozilla/5.0 AppleWebKit/537.36 (KHTML, like Gecko; compatible; bingbot/2.0; +http://www.bing.com/bingbot.htm) Chrome/103.0.5060.134 Safari/537.36"
66.249.65.199 - - [14/Mar/2023:17:09:57 +0100] "GET /files/szakkepesitesek_megszerv_vizsga_060413.pdf HTTP/1.1" 200 305958 "-" "Googlebot/2.1 (+http://www.google.com/bot.html)"
144.76.14.54 - - [14/Mar/2023:17:14:44 +0100] "GET /robots.txt HTTP/1.1" 200 1590 "-" "Mozilla/5.0 (Windows NT 10.0; Win64; x64; trendictionbot0.5.0; trendiction search; http://www.trendiction.de/bot; please let us know of any problems; web at trendiction.com) Gecko/20170101 Firefox/67.0"
144.76.14.54 - - [14/Mar/2023:17:15:17 +0100] "GET / HTTP/1.1" 200 - "-" "Mozilla/5.0 (Windows NT 10.0; Win64; x64; trendictionbot0.5.0; trendiction search; http://www.trendiction.de/bot; please let us know of any problems; web at trendiction.com) Gecko/20170101 Firefox/67.0"
144.76.14.54 - - [14/Mar/2023:17:15:49 +0100] "GET / HTTP/1.1" 200 - "-" "Mozilla/5.0 (Windows NT 10.0; Win64; x64; trendictionbot0.5.0; trendiction search; http://www.trendiction.de/bot; please let us know of any problems; web at trendiction.com) Gecko/20170101 Firefox/67.0"
144.76.14.54 - - [14/Mar/2023:17:16:21 +0100] "GET / HTTP/1.1" 200 - "-" "Mozilla/5.0 (Windows NT 10.0; Win64; x64; trendictionbot0.5.0; trendiction search; http://www.trendiction.de/bot; please let us know of any problems; web at trendiction.com) Gecko/20170101 Firefox/67.0"
144.76.14.54 - - [14/Mar/2023:17:16:53 +0100] "GET / HTTP/1.1" 200 - "-" "Mozilla/5.0 (Windows NT 10.0; Win64; x64; trendictionbot0.5.0; trendiction search; http://www.trendiction.de/bot; please let us know of any problems; web at trendiction.com) Gecko/20170101 Firefox/67.0"
114.119.129.14 - - [14/Mar/2023:17:22:01 +0100] "GET /robots.txt HTTP/1.1" 200 1590 "-" "Mozilla/5.0 (compatible;PetalBot;+https://webmaster.petalsearch.com/site/petalbot)"
62.67.185.130 - - [14/Mar/2023:17:25:32 +0100] "GET /files/igszak_ingatlan_tervezet3.0.doc HTTP/1.1" 200 64000 "https://www.google.com/" "Mozilla/5.0 (Windows NT 10.0; Win64; x64) AppleWebKit/537.36 (KHTML, like Gecko) Chrome/110.0.0.0 Safari/537.36 Edg/110.0.1587.69"
66.249.65.202 - - [14/Mar/2023:17:50:09 +0100] "GET /files/_0edo6usjkedq62sjkg9jmio8_.pdf HTTP/1.1" 200 1758022 "-" "Mozilla/5.0 (Linux; Android 6.0.1; Nexus 5X Build/MMB29P) AppleWebKit/537.36 (KHTML, like Gecko) Chrome/111.0.5563.64 Mobile Safari/537.36 (compatible; Googlebot/2.1; +http://www.google.com/bot.html)"
40.77.167.181 - - [14/Mar/2023:17:56:44 +0100] "GET /robots.txt HTTP/1.1" 200 1590 "-" "Mozilla/5.0 AppleWebKit/537.36 (KHTML, like Gecko; compatible; bingbot/2.0; +http://www.bing.com/bingbot.htm) Chrome/103.0.5060.134 Safari/537.36"
40.77.167.239 - - [14/Mar/2023:17:56:55 +0100] "GET /files/a_magyar-ukran_kishatarforgalom_szabalyozasarol_szolo_megallapodas_kihirdeteserol_szolo_torvenyrol_keszult_kormany-eloterjesztes.doc HTTP/1.1" 304 - "-" "Mozilla/5.0 AppleWebKit/537.36 (KHTML, like Gecko; compatible; bingbot/2.0; +http://www.bing.com/bingbot.htm) Chrome/103.0.5060.134 Safari/537.36"
34.237.53.103 - - [14/Mar/2023:17:58:31 +0100] "GET /node/feed HTTP/1.1" 200 - "-" "okhttp/4.10.0"
34.237.53.103 - - [14/Mar/2023:17:58:41 +0100] "GET /rss.xml HTTP/1.1" 200 - "-" "okhttp/4.10.0"
34.237.53.103 - - [14/Mar/2023:17:58:51 +0100] "GET /taxonomy/term/1/0/feed HTTP/1.1" 200 - "-" "okhttp/4.10.0"
34.237.53.103 - - [14/Mar/2023:17:59:01 +0100] "GET /taxonomy/term/100/0/feed HTTP/1.1" 200 - "-" "okhttp/4.10.0"
34.237.53.103 - - [14/Mar/2023:17:59:12 +0100] "GET /taxonomy/term/101/0/feed HTTP/1.1" 200 - "-" "okhttp/4.10.0"
34.237.53.103 - - [14/Mar/2023:17:59:22 +0100] "GET /taxonomy/term/107/0/feed HTTP/1.1" 200 - "-" "okhttp/4.10.0"
34.237.53.103 - - [14/Mar/2023:17:59:32 +0100] "GET /taxonomy/term/109/0/feed HTTP/1.1" 200 - "-" "okhttp/4.10.0"
34.237.53.103 - - [14/Mar/2023:17:59:42 +0100] "GET /taxonomy/term/18/0/feed HTTP/1.1" 200 - "-" "okhttp/4.10.0"
34.237.53.103 - - [14/Mar/2023:17:59:52 +0100] "GET /taxonomy/term/20/0/feed HTTP/1.1" 200 - "-" "okhttp/4.10.0"
34.237.53.103 - - [14/Mar/2023:18:00:02 +0100] "GET /taxonomy/term/21/0/feed HTTP/1.1" 200 - "-" "okhttp/4.10.0"
114.119.145.174 - - [14/Mar/2023:18:00:03 +0100] "GET /robots.txt HTTP/1.1" 200 1590 "-" "Mozilla/5.0 (compatible;PetalBot;+https://webmaster.petalsearch.com/site/petalbot)"
34.237.53.103 - - [14/Mar/2023:18:00:12 +0100] "GET /taxonomy/term/23/0/feed HTTP/1.1" 200 - "-" "okhttp/4.10.0"
34.237.53.103 - - [14/Mar/2023:18:00:22 +0100] "GET /taxonomy/term/24/0/feed HTTP/1.1" 200 - "-" "okhttp/4.10.0"
34.237.53.103 - - [14/Mar/2023:18:00:33 +0100] "GET /taxonomy/term/25/0/feed HTTP/1.1" 200 - "-" "okhttp/4.10.0"
34.237.53.103 - - [14/Mar/2023:18:00:43 +0100] "GET /taxonomy/term/26/0/feed HTTP/1.1" 200 - "-" "okhttp/4.10.0"
34.237.53.103 - - [14/Mar/2023:18:00:53 +0100] "GET /taxonomy/term/27/0/feed HTTP/1.1" 200 - "-" "okhttp/4.10.0"
34.237.53.103 - - [14/Mar/2023:18:01:03 +0100] "GET /taxonomy/term/28/0/feed HTTP/1.1" 200 - "-" "okhttp/4.10.0"
34.237.53.103 - - [14/Mar/2023:18:01:13 +0100] "GET /taxonomy/term/29/0/feed HTTP/1.1" 200 - "-" "okhttp/4.10.0"
34.237.53.103 - - [14/Mar/2023:18:01:23 +0100] "GET /taxonomy/term/31/0/feed HTTP/1.1" 200 - "-" "okhttp/4.10.0"
34.237.53.103 - - [14/Mar/2023:18:01:33 +0100] "GET /taxonomy/term/32/0/feed HTTP/1.1" 200 - "-" "okhttp/4.10.0"
34.237.53.103 - - [14/Mar/2023:18:01:43 +0100] "GET /taxonomy/term/33/0/feed HTTP/1.1" 200 - "-" "okhttp/4.10.0"
34.237.53.103 - - [14/Mar/2023:18:01:54 +0100] "GET /taxonomy/term/34/0/feed HTTP/1.1" 200 - "-" "okhttp/4.10.0"
34.237.53.103 - - [14/Mar/2023:18:02:04 +0100] "GET /taxonomy/term/35/0/feed HTTP/1.1" 200 - "-" "okhttp/4.10.0"
34.237.53.103 - - [14/Mar/2023:18:02:14 +0100] "GET /taxonomy/term/36/0/feed HTTP/1.1" 200 - "-" "okhttp/4.10.0"
34.237.53.103 - - [14/Mar/2023:18:02:24 +0100] "GET /taxonomy/term/37/0/feed HTTP/1.1" 200 - "-" "okhttp/4.10.0"
34.237.53.103 - - [14/Mar/2023:18:02:34 +0100] "GET /taxonomy/term/39/0/feed HTTP/1.1" 200 - "-" "okhttp/4.10.0"
34.237.53.103 - - [14/Mar/2023:18:02:44 +0100] "GET /taxonomy/term/40/0/feed HTTP/1.1" 200 - "-" "okhttp/4.10.0"
34.237.53.103 - - [14/Mar/2023:18:02:54 +0100] "GET /taxonomy/term/41/0/feed HTTP/1.1" 200 - "-" "okhttp/4.10.0"
34.237.53.103 - - [14/Mar/2023:18:03:04 +0100] "GET /taxonomy/term/46/0/feed HTTP/1.1" 200 - "-" "okhttp/4.10.0"
34.237.53.103 - - [14/Mar/2023:18:03:14 +0100] "GET /taxonomy/term/47/0/feed HTTP/1.1" 200 - "-" "okhttp/4.10.0"
34.237.53.103 - - [14/Mar/2023:18:03:25 +0100] "GET /taxonomy/term/48/0/feed HTTP/1.1" 200 - "-" "okhttp/4.10.0"
34.237.53.103 - - [14/Mar/2023:18:03:35 +0100] "GET /taxonomy/term/49/0/feed HTTP/1.1" 200 - "-" "okhttp/4.10.0"
34.237.53.103 - - [14/Mar/2023:18:03:45 +0100] "GET /taxonomy/term/50/0/feed HTTP/1.1" 200 - "-" "okhttp/4.10.0"
34.237.53.103 - - [14/Mar/2023:18:03:55 +0100] "GET /taxonomy/term/51/0/feed HTTP/1.1" 200 - "-" "okhttp/4.10.0"
34.237.53.103 - - [14/Mar/2023:18:04:05 +0100] "GET /taxonomy/term/52/0/feed HTTP/1.1" 200 - "-" "okhttp/4.10.0"
34.237.53.103 - - [14/Mar/2023:18:04:15 +0100] "GET /taxonomy/term/55/0/feed HTTP/1.1" 200 - "-" "okhttp/4.10.0"
34.237.53.103 - - [14/Mar/2023:18:04:25 +0100] "GET /taxonomy/term/56/0/feed HTTP/1.1" 200 - "-" "okhttp/4.10.0"
34.237.53.103 - - [14/Mar/2023:18:04:35 +0100] "GET /taxonomy/term/57/0/feed HTTP/1.1" 200 - "-" "okhttp/4.10.0"
34.237.53.103 - - [14/Mar/2023:18:04:45 +0100] "GET /taxonomy/term/58/0/feed HTTP/1.1" 200 - "-" "okhttp/4.10.0"
34.237.53.103 - - [14/Mar/2023:18:04:56 +0100] "GET /taxonomy/term/59/0/feed HTTP/1.1" 200 - "-" "okhttp/4.10.0"
34.237.53.103 - - [14/Mar/2023:18:05:06 +0100] "GET /taxonomy/term/60/0/feed HTTP/1.1" 200 - "-" "okhttp/4.10.0"
34.237.53.103 - - [14/Mar/2023:18:05:16 +0100] "GET /taxonomy/term/61/0/feed HTTP/1.1" 200 - "-" "okhttp/4.10.0"
34.237.53.103 - - [14/Mar/2023:18:05:26 +0100] "GET /taxonomy/term/62/0/feed HTTP/1.1" 200 - "-" "okhttp/4.10.0"
34.237.53.103 - - [14/Mar/2023:18:05:36 +0100] "GET /taxonomy/term/63/0/feed HTTP/1.1" 200 - "-" "okhttp/4.10.0"
34.237.53.103 - - [14/Mar/2023:18:05:46 +0100] "GET /taxonomy/term/64/0/feed HTTP/1.1" 200 - "-" "okhttp/4.10.0"
34.237.53.103 - - [14/Mar/2023:18:05:56 +0100] "GET /taxonomy/term/65/0/feed HTTP/1.1" 200 - "-" "okhttp/4.10.0"
34.237.53.103 - - [14/Mar/2023:18:06:06 +0100] "GET /taxonomy/term/66/0/feed HTTP/1.1" 200 - "-" "okhttp/4.10.0"
34.237.53.103 - - [14/Mar/2023:18:06:17 +0100] "GET /taxonomy/term/67/0/feed HTTP/1.1" 200 - "-" "okhttp/4.10.0"
34.237.53.103 - - [14/Mar/2023:18:06:27 +0100] "GET /taxonomy/term/68/0/feed HTTP/1.1" 200 - "-" "okhttp/4.10.0"
34.237.53.103 - - [14/Mar/2023:18:06:37 +0100] "GET /taxonomy/term/69/0/feed HTTP/1.1" 200 - "-" "okhttp/4.10.0"
34.237.53.103 - - [14/Mar/2023:18:06:47 +0100] "GET /taxonomy/term/70/0/feed HTTP/1.1" 200 - "-" "okhttp/4.10.0"
34.237.53.103 - - [14/Mar/2023:18:06:57 +0100] "GET /taxonomy/term/71/0/feed HTTP/1.1" 200 - "-" "okhttp/4.10.0"
34.237.53.103 - - [14/Mar/2023:18:07:07 +0100] "GET /taxonomy/term/72/0/feed HTTP/1.1" 200 - "-" "okhttp/4.10.0"
34.237.53.103 - - [14/Mar/2023:18:07:17 +0100] "GET /taxonomy/term/73/0/feed HTTP/1.1" 200 - "-" "okhttp/4.10.0"
34.237.53.103 - - [14/Mar/2023:18:07:27 +0100] "GET /taxonomy/term/74/0/feed HTTP/1.1" 200 - "-" "okhttp/4.10.0"
34.237.53.103 - - [14/Mar/2023:18:07:37 +0100] "GET /taxonomy/term/75/0/feed HTTP/1.1" 200 - "-" "okhttp/4.10.0"
34.237.53.103 - - [14/Mar/2023:18:07:48 +0100] "GET /taxonomy/term/76/0/feed HTTP/1.1" 200 - "-" "okhttp/4.10.0"
34.237.53.103 - - [14/Mar/2023:18:07:58 +0100] "GET /taxonomy/term/77/0/feed HTTP/1.1" 200 - "-" "okhttp/4.10.0"
34.237.53.103 - - [14/Mar/2023:18:08:08 +0100] "GET /taxonomy/term/78/0/feed HTTP/1.1" 200 - "-" "okhttp/4.10.0"
34.237.53.103 - - [14/Mar/2023:18:08:18 +0100] "GET /taxonomy/term/79/0/feed HTTP/1.1" 200 - "-" "okhttp/4.10.0"
34.237.53.103 - - [14/Mar/2023:18:08:28 +0100] "GET /taxonomy/term/80/0/feed HTTP/1.1" 200 - "-" "okhttp/4.10.0"
34.237.53.103 - - [14/Mar/2023:18:08:38 +0100] "GET /taxonomy/term/81/0/feed HTTP/1.1" 200 - "-" "okhttp/4.10.0"
34.237.53.103 - - [14/Mar/2023:18:08:48 +0100] "GET /taxonomy/term/82/0/feed HTTP/1.1" 200 - "-" "okhttp/4.10.0"
34.237.53.103 - - [14/Mar/2023:18:08:58 +0100] "GET /taxonomy/term/83/0/feed HTTP/1.1" 200 - "-" "okhttp/4.10.0"
34.237.53.103 - - [14/Mar/2023:18:09:09 +0100] "GET /taxonomy/term/84/0/feed HTTP/1.1" 200 - "-" "okhttp/4.10.0"
66.249.65.199 - - [14/Mar/2023:18:35:08 +0100] "GET /files/eu_jogerv_strategia.doc HTTP/1.1" 200 435712 "-" "Mozilla/5.0 (Linux; Android 6.0.1; Nexus 5X Build/MMB29P) AppleWebKit/537.36 (KHTML, like Gecko) Chrome/111.0.5563.64 Mobile Safari/537.36 (compatible; Googlebot/2.1; +http://www.google.com/bot.html)"
65.108.73.115 - - [14/Mar/2023:18:45:06 +0100] "GET /drupal/files/bizott__2006_szept.pdf HTTP/1.1" 200 - "-" "Mozilla/5.0 (compatible; SEOkicks; +https://www.seokicks.de/robot.html)"
65.108.73.115 - - [14/Mar/2023:18:45:16 +0100] "GET /drupal/node/383 HTTP/1.1" 200 - "-" "Mozilla/5.0 (compatible; SEOkicks; +https://www.seokicks.de/robot.html)"
65.108.73.115 - - [14/Mar/2023:18:45:36 +0100] "GET /drupal/node/383 HTTP/1.1" 200 - "-" "Mozilla/5.0 (compatible; SEOkicks; +https://www.seokicks.de/robot.html)"
65.108.73.115 - - [14/Mar/2023:18:45:56 +0100] "GET /drupal/node/383 HTTP/1.1" 200 - "-" "Mozilla/5.0 (compatible; SEOkicks; +https://www.seokicks.de/robot.html)"
65.108.73.115 - - [14/Mar/2023:18:46:06 +0100] "GET /drupal/node/385 HTTP/1.1" 200 - "-" "Mozilla/5.0 (compatible; SEOkicks; +https://www.seokicks.de/robot.html)"
65.108.73.115 - - [14/Mar/2023:18:46:26 +0100] "GET /drupal/node/385 HTTP/1.1" 200 - "-" "Mozilla/5.0 (compatible; SEOkicks; +https://www.seokicks.de/robot.html)"
65.108.73.115 - - [14/Mar/2023:18:46:46 +0100] "GET /drupal/node/385 HTTP/1.1" 200 - "-" "Mozilla/5.0 (compatible; SEOkicks; +https://www.seokicks.de/robot.html)"
103.131.71.87 - - [14/Mar/2023:18:46:53 +0100] "GET /robots.txt HTTP/1.1" 200 1590 "-" "Mozilla/5.0 (compatible; coccocbot-web/1.0; +http://help.coccoc.com/searchengine)"
65.108.73.115 - - [14/Mar/2023:18:46:57 +0100] "GET /drupal/node/629 HTTP/1.1" 200 - "-" "Mozilla/5.0 (compatible; SEOkicks; +https://www.seokicks.de/robot.html)"
84.0.227.131 - - [14/Mar/2023:18:47:07 +0100] "GET /files/cegbejegyz_cegnyilv_08.12.doc HTTP/1.1" 200 51200 "https://www.google.com/" "Mozilla/5.0 (Windows NT 10.0; Win64; x64; rv:109.0) Gecko/20100101 Firefox/110.0"
84.0.227.131 - - [14/Mar/2023:18:47:13 +0100] "GET /files/cegbejegyz_cegnyilv_08.12.doc HTTP/1.1" 200 51200 "https://www.google.com/" "Mozilla/5.0 (Windows NT 10.0; Win64; x64; rv:109.0) Gecko/20100101 Firefox/110.0"
65.108.73.115 - - [14/Mar/2023:18:47:17 +0100] "GET /drupal/node/629 HTTP/1.1" 200 - "-" "Mozilla/5.0 (compatible; SEOkicks; +https://www.seokicks.de/robot.html)"
65.108.73.115 - - [14/Mar/2023:18:47:37 +0100] "GET /drupal/node/629 HTTP/1.1" 200 - "-" "Mozilla/5.0 (compatible; SEOkicks; +https://www.seokicks.de/robot.html)"
79.120.175.70 - - [14/Mar/2023:18:50:47 +0100] "GET /favicon.ico HTTP/1.1" 404 57 "http://www.jogalkotas.hu/files/93_2_tv_mod_kormeloterj.pdf" "Mozilla/5.0 (Windows NT 10.0; Win64; x64) AppleWebKit/537.36 (KHTML, like Gecko) Chrome/110.0.5481.178 Safari/537.36"
79.120.175.70 - - [14/Mar/2023:18:50:47 +0100] "GET /files/93_2_tv_mod_kormeloterj.pdf HTTP/1.1" 200 179567 "https://www.google.com/" "Mozilla/5.0 (Windows NT 10.0; Win64; x64) AppleWebKit/537.36 (KHTML, like Gecko) Chrome/110.0.5481.178 Safari/537.36"
66.249.65.205 - - [14/Mar/2023:18:55:08 +0100] "GET /files/ooszi.pdf HTTP/1.1" 200 429252 "-" "Mozilla/5.0 (compatible; Googlebot/2.1; +http://www.google.com/bot.html)"
66.249.73.73 - - [14/Mar/2023:19:07:58 +0100] "GET /files/47343.pdf HTTP/1.1" 304 - "-" "Mozilla/5.0 (Linux; Android 6.0.1; Nexus 5X Build/MMB29P) AppleWebKit/537.36 (KHTML, like Gecko) Chrome/111.0.5563.64 Mobile Safari/537.36 (compatible; Googlebot/2.1; +http://www.google.com/bot.html)"
144.76.14.54 - - [14/Mar/2023:19:10:05 +0100] "GET /robots.txt HTTP/1.1" 200 1590 "-" "Mozilla/5.0 (Windows NT 10.0; Win64; x64; trendictionbot0.5.0; trendiction search; http://www.trendiction.de/bot; please let us know of any problems; web at trendiction.com) Gecko/20170101 Firefox/67.0"
144.76.14.54 - - [14/Mar/2023:19:10:38 +0100] "GET / HTTP/1.1" 200 - "-" "Mozilla/5.0 (Windows NT 10.0; Win64; x64; trendictionbot0.5.0; trendiction search; http://www.trendiction.de/bot; please let us know of any problems; web at trendiction.com) Gecko/20170101 Firefox/67.0"
40.77.167.250 - - [14/Mar/2023:19:10:43 +0100] "GET /taxonomy/term/79 HTTP/1.1" 200 - "-" "Mozilla/5.0 AppleWebKit/537.36 (KHTML, like Gecko; compatible; bingbot/2.0; +http://www.bing.com/bingbot.htm) Chrome/103.0.5060.134 Safari/537.36"
144.76.14.54 - - [14/Mar/2023:19:11:10 +0100] "GET / HTTP/1.1" 200 - "-" "Mozilla/5.0 (Windows NT 10.0; Win64; x64; trendictionbot0.5.0; trendiction search; http://www.trendiction.de/bot; please let us know of any problems; web at trendiction.com) Gecko/20170101 Firefox/67.0"
144.76.14.54 - - [14/Mar/2023:19:11:42 +0100] "GET / HTTP/1.1" 200 - "-" "Mozilla/5.0 (Windows NT 10.0; Win64; x64; trendictionbot0.5.0; trendiction search; http://www.trendiction.de/bot; please let us know of any problems; web at trendiction.com) Gecko/20170101 Firefox/67.0"
144.76.14.54 - - [14/Mar/2023:19:12:14 +0100] "GET / HTTP/1.1" 200 - "-" "Mozilla/5.0 (Windows NT 10.0; Win64; x64; trendictionbot0.5.0; trendiction search; http://www.trendiction.de/bot; please let us know of any problems; web at trendiction.com) Gecko/20170101 Firefox/67.0"
207.46.13.219 - - [14/Mar/2023:19:12:34 +0100] "GET / HTTP/1.1" 200 - "-" "Mozilla/5.0 AppleWebKit/537.36 (KHTML, like Gecko; compatible; bingbot/2.0; +http://www.bing.com/bingbot.htm) Chrome/103.0.5060.134 Safari/537.36"
40.77.167.194 - - [14/Mar/2023:19:16:19 +0100] "GET /node/603 HTTP/1.1" 200 - "-" "Mozilla/5.0 AppleWebKit/537.36 (KHTML, like Gecko; compatible; bingbot/2.0; +http://www.bing.com/bingbot.htm) Chrome/103.0.5060.134 Safari/537.36"
40.77.167.250 - - [14/Mar/2023:19:18:02 +0100] "GET /files/nemz_kieg_tam_terv_081111.pdf HTTP/1.1" 200 134762 "-" "Mozilla/5.0 AppleWebKit/537.36 (KHTML, like Gecko; compatible; bingbot/2.0; +http://www.bing.com/bingbot.htm) Chrome/103.0.5060.134 Safari/537.36"
114.119.139.35 - - [14/Mar/2023:19:27:41 +0100] "GET /files/okirattariterv.pdf HTTP/1.1" 200 411997 "-" "Mozilla/5.0 (Linux; Android 7.0;) AppleWebKit/537.36 (KHTML, like Gecko) Mobile Safari/537.36 (compatible; PetalBot;+https://webmaster.petalsearch.com/site/petalbot)"
66.249.65.205 - - [14/Mar/2023:19:37:35 +0100] "GET /files/KHEM_4929norma.doc HTTP/1.1" 200 1641984 "-" "Mozilla/5.0 (compatible; Googlebot/2.1; +http://www.google.com/bot.html)"
40.77.167.194 - - [14/Mar/2023:19:40:32 +0100] "GET /files/T1296.doc HTTP/1.1" 200 567808 "-" "Mozilla/5.0 AppleWebKit/537.36 (KHTML, like Gecko; compatible; bingbot/2.0; +http://www.bing.com/bingbot.htm) Chrome/103.0.5060.134 Safari/537.36"
54.36.149.73 - - [14/Mar/2023:19:50:55 +0100] "GET /robots.txt HTTP/1.1" 200 1590 "-" "Mozilla/5.0 (compatible; AhrefsBot/7.0; +http://ahrefs.com/robot/)"
66.249.73.69 - - [14/Mar/2023:20:00:27 +0100] "GET /files/14_2001rend_mod_tervezet.pdf HTTP/1.1" 200 131895 "-" "Mozilla/5.0 (compatible; Googlebot/2.1; +http://www.google.com/bot.html)"
216.244.66.200 - - [14/Mar/2023:20:50:16 +0100] "GET /robots.txt HTTP/1.1" 200 1590 "-" "Mozilla/5.0 (compatible; DotBot/1.2; +https://opensiteexplorer.org/dotbot; help@moz.com)"
40.77.167.250 - - [14/Mar/2023:20:59:04 +0100] "GET /files/1998_94_mod_terv_090807.pdf HTTP/1.1" 200 376438 "-" "Mozilla/5.0 AppleWebKit/537.36 (KHTML, like Gecko; compatible; bingbot/2.0; +http://www.bing.com/bingbot.htm) Chrome/103.0.5060.134 Safari/537.36"
216.244.66.200 - - [14/Mar/2023:21:01:27 +0100] "GET /taxonomy/term/52/0/feed HTTP/1.1" 200 - "-" "Mozilla/5.0 (compatible; DotBot/1.2; +https://opensiteexplorer.org/dotbot; help@moz.com)"
216.244.66.200 - - [14/Mar/2023:21:02:07 +0100] "GET /taxonomy/term/49/0/feed HTTP/1.1" 200 - "-" "Mozilla/5.0 (compatible; DotBot/1.2; +https://opensiteexplorer.org/dotbot; help@moz.com)"
216.244.66.200 - - [14/Mar/2023:21:12:38 +0100] "GET /taxonomy/term/49?page=5 HTTP/1.1" 200 - "-" "Mozilla/5.0 (compatible; DotBot/1.2; +https://opensiteexplorer.org/dotbot; help@moz.com)"
216.244.66.200 - - [14/Mar/2023:21:16:47 +0100] "GET /taxonomy/term/21?page=87 HTTP/1.1" 200 - "-" "Mozilla/5.0 (compatible; DotBot/1.2; +https://opensiteexplorer.org/dotbot; help@moz.com)"
65.108.73.115 - - [14/Mar/2023:21:19:14 +0100] "GET /drupal/node/672 HTTP/1.1" 200 - "-" "Mozilla/5.0 (compatible; SEOkicks; +https://www.seokicks.de/robot.html)"
65.108.73.115 - - [14/Mar/2023:21:19:35 +0100] "GET /drupal/node/672 HTTP/1.1" 200 - "-" "Mozilla/5.0 (compatible; SEOkicks; +https://www.seokicks.de/robot.html)"
65.108.73.115 - - [14/Mar/2023:21:19:55 +0100] "GET /drupal/node/672 HTTP/1.1" 200 - "-" "Mozilla/5.0 (compatible; SEOkicks; +https://www.seokicks.de/robot.html)"
65.108.73.115 - - [14/Mar/2023:21:20:06 +0100] "GET /drupal/node/91 HTTP/1.1" 200 - "-" "Mozilla/5.0 (compatible; SEOkicks; +https://www.seokicks.de/robot.html)"
65.108.73.115 - - [14/Mar/2023:21:20:26 +0100] "GET /drupal/node/91 HTTP/1.1" 200 - "-" "Mozilla/5.0 (compatible; SEOkicks; +https://www.seokicks.de/robot.html)"
65.108.73.115 - - [14/Mar/2023:21:20:46 +0100] "GET /drupal/node/91 HTTP/1.1" 200 - "-" "Mozilla/5.0 (compatible; SEOkicks; +https://www.seokicks.de/robot.html)"
40.77.167.239 - - [14/Mar/2023:22:10:41 +0100] "GET /files/komplex_rehab_terv_071008.pdf HTTP/1.1" 200 334787 "-" "Mozilla/5.0 AppleWebKit/537.36 (KHTML, like Gecko; compatible; bingbot/2.0; +http://www.bing.com/bingbot.htm) Chrome/103.0.5060.134 Safari/537.36"
85.66.244.206 - - [14/Mar/2023:22:13:37 +0100] "GET /files/rendelet_szakmapolra.doc HTTP/1.1" 200 72139 "https://www.google.hu/" "Mozilla/5.0 (Windows NT 10.0; Win64; x64; rv:109.0) Gecko/20100101 Firefox/110.0"
85.66.244.206 - - [14/Mar/2023:22:13:42 +0100] "GET /files/rendelet_szakmapolra.doc HTTP/1.1" 200 175616 "https://www.google.hu/" "Mozilla/5.0 (Windows NT 10.0; Win64; x64; rv:109.0) Gecko/20100101 Firefox/110.0"
66.249.65.205 - - [14/Mar/2023:22:40:08 +0100] "GET /files/1220_KAR_adatlapok_2006_12_08.doc HTTP/1.1" 200 311808 "-" "Mozilla/5.0 (Linux; Android 6.0.1; Nexus 5X Build/MMB29P) AppleWebKit/537.36 (KHTML, like Gecko) Chrome/111.0.5563.64 Mobile Safari/537.36 (compatible; Googlebot/2.1; +http://www.google.com/bot.html)"
89.134.14.240 - - [14/Mar/2023:23:26:01 +0100] "GET / HTTP/1.1" 200 - "-" "Mozilla/5.0 (iPhone; CPU iPhone OS 16_1_1 like Mac OS X) AppleWebKit/605.1.15 (KHTML, like Gecko) Version/16.1 Mobile/15E148 Safari/604.1"
5.135.142.46 - - [14/Mar/2023:23:28:09 +0100] "GET /files/TK79-1.doc HTTP/1.1" 200 72704 "-" "Mozilla/5.0 (Windows; U; Windows NT 6.1; nl; rv:1.9.2.13) Gecko/20101203 Firefox/3.6.13"
40.77.167.194 - - [14/Mar/2023:23:53:22 +0100] "GET /files/_0dhgmn83jca174r35eh14qsj5dpi0_.pdf HTTP/1.1" 304 - "-" "Mozilla/5.0 AppleWebKit/537.36 (KHTML, like Gecko; compatible; bingbot/2.0; +http://www.bing.com/bingbot.htm) Chrome/103.0.5060.134 Safari/537.36"
40.77.167.194 - - [15/Mar/2023:00:15:16 +0100] "GET /taxonomy/term/71 HTTP/1.1" 200 - "-" "Mozilla/5.0 AppleWebKit/537.36 (KHTML, like Gecko; compatible; bingbot/2.0; +http://www.bing.com/bingbot.htm) Chrome/103.0.5060.134 Safari/537.36"
66.249.65.205 - - [15/Mar/2023:02:25:08 +0100] "GET /files/hjt_2008_tervezet.pdf HTTP/1.1" 200 182668 "-" "Mozilla/5.0 (compatible; Googlebot/2.1; +http://www.google.com/bot.html)"
40.77.167.239 - - [15/Mar/2023:02:33:56 +0100] "GET /files/jogugyletek.doc HTTP/1.1" 304 - "-" "Mozilla/5.0 AppleWebKit/537.36 (KHTML, like Gecko; compatible; bingbot/2.0; +http://www.bing.com/bingbot.htm) Chrome/103.0.5060.134 Safari/537.36"
40.77.167.250 - - [15/Mar/2023:02:52:48 +0100] "GET /files/Kormanyrendelet_Jegyzokonyv.pdf HTTP/1.1" 200 115060 "-" "Mozilla/5.0 AppleWebKit/537.36 (KHTML, like Gecko; compatible; bingbot/2.0; +http://www.bing.com/bingbot.htm) Chrome/103.0.5060.134 Safari/537.36"
40.77.167.181 - - [15/Mar/2023:02:56:02 +0100] "GET /robots.txt HTTP/1.1" 200 1590 "-" "Mozilla/5.0 AppleWebKit/537.36 (KHTML, like Gecko; compatible; bingbot/2.0; +http://www.bing.com/bingbot.htm) Chrome/103.0.5060.134 Safari/537.36"
40.77.167.250 - - [15/Mar/2023:02:56:38 +0100] "GET /node/2423 HTTP/1.1" 200 - "-" "Mozilla/5.0 AppleWebKit/537.36 (KHTML, like Gecko; compatible; bingbot/2.0; +http://www.bing.com/bingbot.htm) Chrome/103.0.5060.134 Safari/537.36"
40.77.167.181 - - [15/Mar/2023:03:01:56 +0100] "GET /robots.txt HTTP/1.1" 200 1590 "-" "Mozilla/5.0 AppleWebKit/537.36 (KHTML, like Gecko; compatible; bingbot/2.0; +http://www.bing.com/bingbot.htm) Chrome/103.0.5060.134 Safari/537.36"
114.119.144.55 - - [15/Mar/2023:03:02:05 +0100] "GET /files/nem-konvencionalis_korm_rend_090202.doc HTTP/1.1" 200 873472 "-" "Mozilla/5.0 (Linux; Android 7.0;) AppleWebKit/537.36 (KHTML, like Gecko) Mobile Safari/537.36 (compatible; PetalBot;+https://webmaster.petalsearch.com/site/petalbot)"
207.46.13.219 - - [15/Mar/2023:03:02:38 +0100] "GET /node/2413 HTTP/1.1" 200 - "-" "Mozilla/5.0 AppleWebKit/537.36 (KHTML, like Gecko; compatible; bingbot/2.0; +http://www.bing.com/bingbot.htm) Chrome/103.0.5060.134 Safari/537.36"
216.244.66.200 - - [15/Mar/2023:03:05:21 +0100] "GET /robots.txt HTTP/1.1" 200 1590 "-" "Mozilla/5.0 (compatible; DotBot/1.2; +https://opensiteexplorer.org/dotbot; help@moz.com)"
216.244.66.200 - - [15/Mar/2023:03:20:16 +0100] "GET /taxonomy/term/40?page=67 HTTP/1.1" 200 - "-" "Mozilla/5.0 (compatible; DotBot/1.2; +https://opensiteexplorer.org/dotbot; help@moz.com)"
216.244.66.200 - - [15/Mar/2023:03:52:05 +0100] "GET /taxonomy/term/40?page=67 HTTP/1.1" 200 - "-" "Mozilla/5.0 (compatible; DotBot/1.2; +https://opensiteexplorer.org/dotbot; help@moz.com)"
66.249.73.69 - - [15/Mar/2023:03:52:15 +0100] "GET /files/bluetongue_08.01.pdf HTTP/1.1" 200 165832 "-" "Googlebot/2.1 (+http://www.google.com/bot.html)"
103.131.71.193 - - [15/Mar/2023:04:05:22 +0100] "GET /robots.txt HTTP/1.1" 200 1590 "-" "Mozilla/5.0 (compatible; coccocbot-web/1.0; +http://help.coccoc.com/searchengine)"
40.77.167.239 - - [15/Mar/2023:04:08:37 +0100] "GET /node/1729 HTTP/1.1" 200 - "-" "Mozilla/5.0 AppleWebKit/537.36 (KHTML, like Gecko; compatible; bingbot/2.0; +http://www.bing.com/bingbot.htm) Chrome/103.0.5060.134 Safari/537.36"
40.77.167.250 - - [15/Mar/2023:04:08:52 +0100] "GET /node/2564 HTTP/1.1" 200 - "-" "Mozilla/5.0 AppleWebKit/537.36 (KHTML, like Gecko; compatible; bingbot/2.0; +http://www.bing.com/bingbot.htm) Chrome/103.0.5060.134 Safari/537.36"
114.119.136.176 - - [15/Mar/2023:04:23:53 +0100] "GET /files/9369_8.pdf HTTP/1.1" 200 328584 "-" "Mozilla/5.0 (Linux; Android 7.0;) AppleWebKit/537.36 (KHTML, like Gecko) Mobile Safari/537.36 (compatible; PetalBot;+https://webmaster.petalsearch.com/site/petalbot)"
34.91.80.234 - - [15/Mar/2023:04:25:44 +0100] "GET / HTTP/1.1" 200 - "-" "Mozilla/5.0 (Windows NT 10.0; Win64; x64) AppleWebKit/537.36 (KHTML, like Gecko) Chrome/78.0.3904.108 Safari/537.36"
34.91.80.234 - - [15/Mar/2023:04:26:16 +0100] "GET / HTTP/1.1" 200 - "-" "Mozilla/5.0 (Windows NT 10.0; Win64; x64) AppleWebKit/537.36 (KHTML, like Gecko) Chrome/78.0.3904.108 Safari/537.36"
34.91.80.234 - - [15/Mar/2023:04:26:48 +0100] "GET /wp-includes/wlwmanifest.xml HTTP/1.1" 200 - "-" "Mozilla/5.0 (Windows NT 10.0; Win64; x64) AppleWebKit/537.36 (KHTML, like Gecko) Chrome/78.0.3904.108 Safari/537.36"
66.249.73.73 - - [15/Mar/2023:04:49:32 +0100] "GET /files/33_1998_mod_terv_080708.pdf HTTP/1.1" 200 473260 "-" "Googlebot/2.1 (+http://www.google.com/bot.html)"
66.249.73.73 - - [15/Mar/2023:04:52:05 +0100] "GET /files/560KJF.pdf HTTP/1.1" 200 172034 "-" "Googlebot/2.1 (+http://www.google.com/bot.html)"
58.146.9.233 - - [15/Mar/2023:05:08:59 +0100] "GET /favicon.ico HTTP/1.1" 404 57 "http://www.jogalkotas.hu/files/NFGM_5051.pdf" "Mozilla/5.0 (Windows NT 10.0; Win64; x64) AppleWebKit/537.36 (KHTML, like Gecko) Chrome/111.0.0.0 Safari/537.36"
58.146.9.233 - - [15/Mar/2023:05:09:01 +0100] "GET /files/NFGM_5051.pdf HTTP/1.1" 200 287794 "https://www.google.com/" "Mozilla/5.0 (Windows NT 10.0; Win64; x64) AppleWebKit/537.36 (KHTML, like Gecko) Chrome/111.0.0.0 Safari/537.36"
216.244.66.200 - - [15/Mar/2023:05:21:18 +0100] "GET /robots.txt HTTP/1.1" 200 1590 "-" "Mozilla/5.0 (compatible; DotBot/1.2; +https://opensiteexplorer.org/dotbot; help@moz.com)"
216.244.66.200 - - [15/Mar/2023:05:28:16 +0100] "GET /files/hm-bmrend.modositasa_honlapra_0110.pdf HTTP/1.1" 200 113999 "-" "Mozilla/5.0 (compatible; DotBot/1.2; +https://opensiteexplorer.org/dotbot; help@moz.com)"
216.244.66.200 - - [15/Mar/2023:05:33:53 +0100] "GET /node/2280 HTTP/1.1" 200 - "-" "Mozilla/5.0 (compatible; DotBot/1.2; +https://opensiteexplorer.org/dotbot; help@moz.com)"
40.77.167.239 - - [15/Mar/2023:05:46:44 +0100] "GET /files/nyari_gyermetk_terv_090323-1.pdf HTTP/1.1" 304 - "-" "Mozilla/5.0 AppleWebKit/537.36 (KHTML, like Gecko; compatible; bingbot/2.0; +http://www.bing.com/bingbot.htm) Chrome/103.0.5060.134 Safari/537.36"
66.249.65.199 - - [15/Mar/2023:05:48:29 +0100] "GET /files/0306_tjf_110el_t..doc HTTP/1.1" 304 - "-" "Mozilla/5.0 (Linux; Android 6.0.1; Nexus 5X Build/MMB29P) AppleWebKit/537.36 (KHTML, like Gecko) Chrome/111.0.5563.64 Mobile Safari/537.36 (compatible; Googlebot/2.1; +http://www.google.com/bot.html)"
66.249.73.69 - - [15/Mar/2023:05:55:51 +0100] "GET /files/ekozig_strategia.pdf HTTP/1.1" 200 731185 "-" "Googlebot/2.1 (+http://www.google.com/bot.html)"
40.77.167.250 - - [15/Mar/2023:06:22:05 +0100] "GET /files/Befekt_vallalk_arutozsde_szolg_terv_2007_08_09.doc HTTP/1.1" 304 - "-" "Mozilla/5.0 AppleWebKit/537.36 (KHTML, like Gecko; compatible; bingbot/2.0; +http://www.bing.com/bingbot.htm) Chrome/103.0.5060.134 Safari/537.36"
64.124.8.32 - - [15/Mar/2023:06:55:14 +0100] "GET /robots.txt HTTP/1.1" 200 1590 "-" "Mozilla/5.0 (X11; Linux x86_64) AppleWebKit/537.36 (KHTML, like Gecko) Chrome/61.0.3163.79 Safari/537.36"
217.65.125.137 - - [15/Mar/2023:06:55:42 +0100] "GET /files/rendelet_szakmapolra.doc HTTP/1.1" 200 175616 "-" "Mozilla/5.0 (Linux; Android 7.0; SM-A310F) AppleWebKit/537.36 (KHTML, like Gecko) Chrome/111.0.0.0 Mobile Safari/537.36"
66.249.65.202 - - [15/Mar/2023:07:03:29 +0100] "GET /files/keklampa.doc HTTP/1.1" 304 - "-" "Mozilla/5.0 (Linux; Android 6.0.1; Nexus 5X Build/MMB29P) AppleWebKit/537.36 (KHTML, like Gecko) Chrome/111.0.5563.64 Mobile Safari/537.36 (compatible; Googlebot/2.1; +http://www.google.com/bot.html)"
114.119.141.127 - - [15/Mar/2023:07:06:07 +0100] "GET /files/ptk.dologi_jog.pdf HTTP/1.1" 200 141671 "http://ingatlan.termekmania.hu/kozos-tulajdon-megszuntetese" "Mozilla/5.0 (Linux; Android 7.0;) AppleWebKit/537.36 (KHTML, like Gecko) Mobile Safari/537.36 (compatible; PetalBot;+https://webmaster.petalsearch.com/site/petalbot)"
114.119.128.162 - - [15/Mar/2023:07:07:26 +0100] "GET /files/NFGM4993.pdf HTTP/1.1" 200 175600 "-" "Mozilla/5.0 (Linux; Android 7.0;) AppleWebKit/537.36 (KHTML, like Gecko) Mobile Safari/537.36 (compatible; PetalBot;+https://webmaster.petalsearch.com/site/petalbot)"
54.36.148.66 - - [15/Mar/2023:07:29:02 +0100] "GET /robots.txt HTTP/1.1" 200 1590 "-" "Mozilla/5.0 (compatible; AhrefsBot/7.0; +http://ahrefs.com/robot/)"
40.77.167.250 - - [15/Mar/2023:07:31:44 +0100] "GET /node/1958 HTTP/1.1" 200 - "-" "Mozilla/5.0 AppleWebKit/537.36 (KHTML, like Gecko; compatible; bingbot/2.0; +http://www.bing.com/bingbot.htm) Chrome/103.0.5060.134 Safari/537.36"
207.46.13.219 - - [15/Mar/2023:07:42:18 +0100] "GET / HTTP/1.1" 200 - "-" "Mozilla/5.0 AppleWebKit/537.36 (KHTML, like Gecko; compatible; bingbot/2.0; +http://www.bing.com/bingbot.htm) Chrome/103.0.5060.134 Safari/537.36"
114.119.146.171 - - [15/Mar/2023:08:09:13 +0100] "GET /files/mozgokep_szlaszam_070306.pdf HTTP/1.1" 200 120462 "-" "Mozilla/5.0 (Linux; Android 7.0;) AppleWebKit/537.36 (KHTML, like Gecko) Mobile Safari/537.36 (compatible; PetalBot;+https://webmaster.petalsearch.com/site/petalbot)"
66.249.65.205 - - [15/Mar/2023:08:20:55 +0100] "GET /files/b_3327_muemlek_061129.pdf HTTP/1.1" 200 484555 "-" "Mozilla/5.0 (compatible; Googlebot/2.1; +http://www.google.com/bot.html)"
147.78.47.249 - - [15/Mar/2023:08:43:52 +0100] "GET /_ignition/health-check/ HTTP/1.1" 200 - "-" "Mozilla/5.0 (Windows NT 10.0; Win64; x64) AppleWebKit/537.36 (KHTML, like Gecko) Chrome/109.0.0.0 Safari/537.36"
147.78.47.249 - - [15/Mar/2023:08:44:04 +0100] "GET /public/_ignition/health-check/ HTTP/1.1" 200 - "-" "Mozilla/5.0 (Windows NT 10.0; Win64; x64) AppleWebKit/537.36 (KHTML, like Gecko) Chrome/109.0.0.0 Safari/537.36"
147.78.47.249 - - [15/Mar/2023:08:44:16 +0100] "GET /wp-includes/wlwmanifest.xml HTTP/1.1" 200 - "-" "Mozilla/5.0 (Windows NT 10.0; Win64; x64) AppleWebKit/537.36 (KHTML, like Gecko) Chrome/109.0.0.0 Safari/537.36"
66.249.73.73 - - [15/Mar/2023:09:01:39 +0100] "GET /files/kkv_koncepcio.pdf HTTP/1.1" 200 497733 "-" "Mozilla/5.0 (Linux; Android 6.0.1; Nexus 5X Build/MMB29P) AppleWebKit/537.36 (KHTML, like Gecko) Chrome/111.0.5563.64 Mobile Safari/537.36 (compatible; Googlebot/2.1; +http://www.google.com/bot.html)"
216.244.66.200 - - [15/Mar/2023:09:11:07 +0100] "GET /robots.txt HTTP/1.1" 200 1590 "-" "Mozilla/5.0 (compatible; DotBot/1.2; +https://opensiteexplorer.org/dotbot; help@moz.com)"
103.21.59.132 - - [15/Mar/2023:09:11:52 +0100] "GET /wordpress/ HTTP/1.1" 200 - "-" "-"
86.101.112.194 - - [15/Mar/2023:09:16:00 +0100] "GET /files/cegbejegyz_cegnyilv_08.12.doc HTTP/1.1" 200 51200 "https://www.google.com/" "Mozilla/5.0 (Windows NT 10.0; Win64; x64) AppleWebKit/537.36 (KHTML, like Gecko) Chrome/111.0.0.0 Safari/537.36"
86.101.112.194 - - [15/Mar/2023:09:16:03 +0100] "GET /files/cegbejegyz_cegnyilv_08.12.doc HTTP/1.1" 206 1 "https://www.google.com/" "Mozilla/5.0 (Windows NT 10.0; Win64; x64) AppleWebKit/537.36 (KHTML, like Gecko) Chrome/111.0.0.0 Safari/537.36"
86.101.112.194 - - [15/Mar/2023:09:16:03 +0100] "GET /files/cegbejegyz_cegnyilv_08.12.doc HTTP/1.1" 206 40299 "https://www.google.com/" "Mozilla/5.0 (Windows NT 10.0; Win64; x64) AppleWebKit/537.36 (KHTML, like Gecko) Chrome/111.0.0.0 Safari/537.36"
86.101.112.194 - - [15/Mar/2023:09:16:05 +0100] "GET /files/cegbejegyz_cegnyilv_08.12.doc HTTP/1.1" 206 1 "https://www.google.com/" "Mozilla/5.0 (Windows NT 10.0; Win64; x64) AppleWebKit/537.36 (KHTML, like Gecko) Chrome/111.0.0.0 Safari/537.36"
86.101.112.194 - - [15/Mar/2023:09:16:05 +0100] "GET /files/cegbejegyz_cegnyilv_08.12.doc HTTP/1.1" 206 36551 "https://www.google.com/" "Mozilla/5.0 (Windows NT 10.0; Win64; x64) AppleWebKit/537.36 (KHTML, like Gecko) Chrome/111.0.0.0 Safari/537.36"
86.101.112.194 - - [15/Mar/2023:09:16:05 +0100] "GET /files/cegbejegyz_cegnyilv_08.12.doc HTTP/1.1" 206 1 "https://www.google.com/" "Mozilla/5.0 (Windows NT 10.0; Win64; x64) AppleWebKit/537.36 (KHTML, like Gecko) Chrome/111.0.0.0 Safari/537.36"
86.101.112.194 - - [15/Mar/2023:09:16:05 +0100] "GET /files/cegbejegyz_cegnyilv_08.12.doc HTTP/1.1" 206 35643 "https://www.google.com/" "Mozilla/5.0 (Windows NT 10.0; Win64; x64) AppleWebKit/537.36 (KHTML, like Gecko) Chrome/111.0.0.0 Safari/537.36"
216.244.66.200 - - [15/Mar/2023:09:16:09 +0100] "GET /files/090825_jogszabterv_bizt_rend.pdf HTTP/1.1" 200 1743045 "-" "Mozilla/5.0 (compatible; DotBot/1.2; +https://opensiteexplorer.org/dotbot; help@moz.com)"
86.101.112.194 - - [15/Mar/2023:09:16:10 +0100] "GET /files/cegbejegyz_cegnyilv_08.12.doc HTTP/1.1" 206 1 "https://www.google.com/" "Mozilla/5.0 (Windows NT 10.0; Win64; x64) AppleWebKit/537.36 (KHTML, like Gecko) Chrome/111.0.0.0 Safari/537.36"
86.101.112.194 - - [15/Mar/2023:09:16:10 +0100] "GET /files/cegbejegyz_cegnyilv_08.12.doc HTTP/1.1" 206 34735 "https://www.google.com/" "Mozilla/5.0 (Windows NT 10.0; Win64; x64) AppleWebKit/537.36 (KHTML, like Gecko) Chrome/111.0.0.0 Safari/537.36"
86.101.112.194 - - [15/Mar/2023:09:16:16 +0100] "GET /files/cegbejegyz_cegnyilv_08.12.doc HTTP/1.1" 206 1 "https://www.google.com/" "Mozilla/5.0 (Windows NT 10.0; Win64; x64) AppleWebKit/537.36 (KHTML, like Gecko) Chrome/111.0.0.0 Safari/537.36"
86.101.112.194 - - [15/Mar/2023:09:16:16 +0100] "GET /files/cegbejegyz_cegnyilv_08.12.doc HTTP/1.1" 206 32407 "https://www.google.com/" "Mozilla/5.0 (Windows NT 10.0; Win64; x64) AppleWebKit/537.36 (KHTML, like Gecko) Chrome/111.0.0.0 Safari/537.36"
86.101.112.194 - - [15/Mar/2023:09:16:18 +0100] "GET /files/cegbejegyz_cegnyilv_08.12.doc HTTP/1.1" 206 1 "https://www.google.com/" "Mozilla/5.0 (Windows NT 10.0; Win64; x64) AppleWebKit/537.36 (KHTML, like Gecko) Chrome/111.0.0.0 Safari/537.36"
86.101.112.194 - - [15/Mar/2023:09:16:18 +0100] "GET /files/cegbejegyz_cegnyilv_08.12.doc HTTP/1.1" 206 30079 "https://www.google.com/" "Mozilla/5.0 (Windows NT 10.0; Win64; x64) AppleWebKit/537.36 (KHTML, like Gecko) Chrome/111.0.0.0 Safari/537.36"
86.101.112.194 - - [15/Mar/2023:09:16:18 +0100] "GET /files/cegbejegyz_cegnyilv_08.12.doc HTTP/1.1" 206 1 "https://www.google.com/" "Mozilla/5.0 (Windows NT 10.0; Win64; x64) AppleWebKit/537.36 (KHTML, like Gecko) Chrome/111.0.0.0 Safari/537.36"
86.101.112.194 - - [15/Mar/2023:09:16:20 +0100] "GET /files/cegbejegyz_cegnyilv_08.12.doc HTTP/1.1" 200 51200 "https://www.google.com/" "Mozilla/5.0 (Windows NT 10.0; Win64; x64) AppleWebKit/537.36 (KHTML, like Gecko) Chrome/111.0.0.0 Safari/537.36"
86.101.112.194 - - [15/Mar/2023:09:16:20 +0100] "GET /files/cegbejegyz_cegnyilv_08.12.doc HTTP/1.1" 206 1 "https://www.google.com/" "Mozilla/5.0 (Windows NT 10.0; Win64; x64) AppleWebKit/537.36 (KHTML, like Gecko) Chrome/111.0.0.0 Safari/537.36"
86.101.112.194 - - [15/Mar/2023:09:16:20 +0100] "GET /files/cegbejegyz_cegnyilv_08.12.doc HTTP/1.1" 206 31779 "https://www.google.com/" "Mozilla/5.0 (Windows NT 10.0; Win64; x64) AppleWebKit/537.36 (KHTML, like Gecko) Chrome/111.0.0.0 Safari/537.36"
86.101.112.194 - - [15/Mar/2023:09:16:21 +0100] "GET /files/cegbejegyz_cegnyilv_08.12.doc HTTP/1.1" 206 1 "https://www.google.com/" "Mozilla/5.0 (Windows NT 10.0; Win64; x64) AppleWebKit/537.36 (KHTML, like Gecko) Chrome/111.0.0.0 Safari/537.36"
86.101.112.194 - - [15/Mar/2023:09:16:21 +0100] "GET /files/cegbejegyz_cegnyilv_08.12.doc HTTP/1.1" 206 28031 "https://www.google.com/" "Mozilla/5.0 (Windows NT 10.0; Win64; x64) AppleWebKit/537.36 (KHTML, like Gecko) Chrome/111.0.0.0 Safari/537.36"
86.101.112.194 - - [15/Mar/2023:09:16:25 +0100] "GET /files/cegbejegyz_cegnyilv_08.12.doc HTTP/1.1" 206 1 "https://www.google.com/" "Mozilla/5.0 (Windows NT 10.0; Win64; x64) AppleWebKit/537.36 (KHTML, like Gecko) Chrome/111.0.0.0 Safari/537.36"
86.101.112.194 - - [15/Mar/2023:09:16:25 +0100] "GET /files/cegbejegyz_cegnyilv_08.12.doc HTTP/1.1" 206 25703 "https://www.google.com/" "Mozilla/5.0 (Windows NT 10.0; Win64; x64) AppleWebKit/537.36 (KHTML, like Gecko) Chrome/111.0.0.0 Safari/537.36"
103.131.71.87 - - [15/Mar/2023:09:30:23 +0100] "GET /robots.txt HTTP/1.1" 200 1590 "-" "Mozilla/5.0 (compatible; coccocbot-web/1.0; +http://help.coccoc.com/searchengine)"
103.131.71.103 - - [15/Mar/2023:09:30:27 +0100] "GET /robots.txt HTTP/1.1" 200 1590 "-" "Mozilla/5.0 (compatible; coccocbot-web/1.0; +http://help.coccoc.com/searchengine)"
103.131.71.89 - - [15/Mar/2023:09:30:37 +0100] "GET /files/az_uj_ptk_koncepcioja.pdf HTTP/1.1" 304 - "-" "Mozilla/5.0 (compatible; coccocbot-web/1.0; +http://help.coccoc.com/searchengine)"
66.249.73.91 - - [15/Mar/2023:10:53:21 +0100] "GET /files/hadkotelesek_hm_eum_rendelet_tervezet_melleklet.pdf HTTP/1.1" 304 - "-" "Mozilla/5.0 (Linux; Android 6.0.1; Nexus 5X Build/MMB29P) AppleWebKit/537.36 (KHTML, like Gecko) Chrome/111.0.5563.64 Mobile Safari/537.36 (compatible; Googlebot/2.1; +http://www.google.com/bot.html)"
64.124.8.29 - - [15/Mar/2023:11:18:11 +0100] "GET /robots.txt HTTP/1.1" 200 1590 "-" "Mozilla/5.0 (X11; Linux x86_64) AppleWebKit/537.36 (KHTML, like Gecko) Chrome/61.0.3163.79 Safari/537.36"
37.191.60.225 - - [15/Mar/2023:11:34:27 +0100] "GET /files/im_rendelet_a_cstv_szerinti.pdf HTTP/1.1" 200 66716 "https://www.google.hu/" "Mozilla/5.0 (Windows NT 10.0; Win64; x64; rv:109.0) Gecko/20100101 Firefox/110.0"
37.191.60.225 - - [15/Mar/2023:11:34:41 +0100] "GET /files/im_rendelet_a_cstv_szerinti.pdf HTTP/1.1" 200 66716 "https://www.google.hu/" "Mozilla/5.0 (Windows NT 10.0; Win64; x64; rv:109.0) Gecko/20100101 Firefox/110.0"
66.249.65.202 - - [15/Mar/2023:11:38:20 +0100] "GET /files/elismeres_terv_071015.pdf HTTP/1.1" 200 212388 "-" "Mozilla/5.0 (Linux; Android 6.0.1; Nexus 5X Build/MMB29P) AppleWebKit/537.36 (KHTML, like Gecko) Chrome/111.0.5563.64 Mobile Safari/537.36 (compatible; Googlebot/2.1; +http://www.google.com/bot.html)"
66.249.65.202 - - [15/Mar/2023:11:39:37 +0100] "GET /files/KHEM_4090_3javitott.doc HTTP/1.1" 304 - "-" "Mozilla/5.0 (Linux; Android 6.0.1; Nexus 5X Build/MMB29P) AppleWebKit/537.36 (KHTML, like Gecko) Chrome/111.0.5563.64 Mobile Safari/537.36 (compatible; Googlebot/2.1; +http://www.google.com/bot.html)"
89.134.11.26 - - [15/Mar/2023:12:08:07 +0100] "GET /files/KHEm_1088.doc HTTP/1.1" 200 109363 "https://www.google.com/" "Mozilla/5.0 (Linux; Android 13; SAMSUNG SM-A536B) AppleWebKit/537.36 (KHTML, like Gecko) SamsungBrowser/20.0 Chrome/106.0.5249.126 Mobile Safari/537.36"
89.134.11.26 - - [15/Mar/2023:12:09:22 +0100] "GET /files/KHEm_1088.doc HTTP/1.1" 206 1 "https://www.google.com/" "Mozilla/5.0 (Linux; Android 13; SAMSUNG SM-A536B) AppleWebKit/537.36 (KHTML, like Gecko) SamsungBrowser/20.0 Chrome/106.0.5249.126 Mobile Safari/537.36"
89.134.11.26 - - [15/Mar/2023:12:09:22 +0100] "GET /files/KHEm_1088.doc HTTP/1.1" 206 92412 "https://www.google.com/" "Mozilla/5.0 (Linux; Android 13; SAMSUNG SM-A536B) AppleWebKit/537.36 (KHTML, like Gecko) SamsungBrowser/20.0 Chrome/106.0.5249.126 Mobile Safari/537.36"
89.134.11.26 - - [15/Mar/2023:12:09:24 +0100] "GET /files/KHEm_1088.doc HTTP/1.1" 206 1 "https://www.google.com/" "Mozilla/5.0 (Linux; Android 13; SAMSUNG SM-A536B) AppleWebKit/537.36 (KHTML, like Gecko) SamsungBrowser/20.0 Chrome/106.0.5249.126 Mobile Safari/537.36"
89.134.11.26 - - [15/Mar/2023:12:09:24 +0100] "GET /files/KHEm_1088.doc HTTP/1.1" 206 37500 "https://www.google.com/" "Mozilla/5.0 (Linux; Android 13; SAMSUNG SM-A536B) AppleWebKit/537.36 (KHTML, like Gecko) SamsungBrowser/20.0 Chrome/106.0.5249.126 Mobile Safari/537.36"
89.134.11.26 - - [15/Mar/2023:12:09:25 +0100] "GET /files/KHEm_1088.doc HTTP/1.1" 206 1 "https://www.google.com/" "Mozilla/5.0 (Linux; Android 13; SAMSUNG SM-A536B) AppleWebKit/537.36 (KHTML, like Gecko) SamsungBrowser/20.0 Chrome/106.0.5249.126 Mobile Safari/537.36"
89.134.11.26 - - [15/Mar/2023:12:09:25 +0100] "GET /files/KHEm_1088.doc HTTP/1.1" 206 85372 "https://www.google.com/" "Mozilla/5.0 (Linux; Android 13; SAMSUNG SM-A536B) AppleWebKit/537.36 (KHTML, like Gecko) SamsungBrowser/20.0 Chrome/106.0.5249.126 Mobile Safari/537.36"
89.134.11.26 - - [15/Mar/2023:12:09:30 +0100] "GET /files/KHEm_1088.doc HTTP/1.1" 206 1 "https://www.google.com/" "Mozilla/5.0 (Linux; Android 13; SAMSUNG SM-A536B) AppleWebKit/537.36 (KHTML, like Gecko) SamsungBrowser/20.0 Chrome/106.0.5249.126 Mobile Safari/537.36"
89.134.11.26 - - [15/Mar/2023:12:10:01 +0100] "GET /files/KHEm_1088.doc HTTP/1.1" 206 69884 "https://www.google.com/" "Mozilla/5.0 (Linux; Android 13; SAMSUNG SM-A536B) AppleWebKit/537.36 (KHTML, like Gecko) SamsungBrowser/20.0 Chrome/106.0.5249.126 Mobile Safari/537.36"
