193.225.139.136 - - [19/Mar/2023:23:27:47 +0100] "GET /files/Kormanyrendelet_Jegyzokonyv.pdf HTTP/1.1" 200 115060 "https://www.google.com/" "Mozilla/5.0 (Windows NT 10.0; Win64; x64) AppleWebKit/537.36 (KHTML, like Gecko) Chrome/111.0.0.0 Safari/537.36"
193.225.139.136 - - [19/Mar/2023:23:27:48 +0100] "GET /favicon.ico HTTP/1.1" 404 57 "http://jogalkotas.hu/files/Kormanyrendelet_Jegyzokonyv.pdf" "Mozilla/5.0 (Windows NT 10.0; Win64; x64) AppleWebKit/537.36 (KHTML, like Gecko) Chrome/111.0.0.0 Safari/537.36"
66.249.64.73 - - [19/Mar/2023:23:47:12 +0100] "GET /favicon.ico HTTP/1.1" 404 57 "-" "Googlebot-Image/1.0"
66.249.70.106 - - [19/Mar/2023:23:48:15 +0100] "GET /files/tartas.pdf HTTP/1.1" 304 - "-" "Mozilla/5.0 (Linux; Android 6.0.1; Nexus 5X Build/MMB29P) AppleWebKit/537.36 (KHTML, like Gecko) Chrome/111.0.5563.64 Mobile Safari/537.36 (compatible; Googlebot/2.1; +http://www.google.com/bot.html)"
216.244.66.200 - - [20/Mar/2023:00:07:50 +0100] "GET /robots.txt HTTP/1.1" 200 1590 "-" "Mozilla/5.0 (compatible; DotBot/1.2; +https://opensiteexplorer.org/dotbot; help@moz.com)"
51.222.253.16 - - [20/Mar/2023:00:18:20 +0100] "GET /robots.txt HTTP/1.1" 200 1590 "-" "Mozilla/5.0 (compatible; AhrefsBot/7.0; +http://ahrefs.com/robot/)"
40.77.167.190 - - [20/Mar/2023:00:19:37 +0100] "GET /files/az_uj_ptk_koncepcioja_0.pdf HTTP/1.1" 200 169125 "-" "Mozilla/5.0 AppleWebKit/537.36 (KHTML, like Gecko; compatible; bingbot/2.0; +http://www.bing.com/bingbot.htm) Chrome/103.0.5060.134 Safari/537.36"
216.244.66.200 - - [20/Mar/2023:00:21:50 +0100] "GET /node/2343 HTTP/1.1" 200 - "-" "Mozilla/5.0 (compatible; DotBot/1.2; +https://opensiteexplorer.org/dotbot; help@moz.com)"
216.244.66.200 - - [20/Mar/2023:00:22:20 +0100] "GET /node/258 HTTP/1.1" 200 - "-" "Mozilla/5.0 (compatible; DotBot/1.2; +https://opensiteexplorer.org/dotbot; help@moz.com)"
193.6.201.128 - - [20/Mar/2023:01:03:14 +0100] "HEAD /node/357 HTTP/1.0" 200 - "-" "w3m/0.5.3+git20190105"
193.6.201.128 - - [20/Mar/2023:01:03:46 +0100] "HEAD /node/357 HTTP/1.0" 200 - "-" "w3m/0.5.3+git20190105"
66.249.70.106 - - [20/Mar/2023:01:05:58 +0100] "GET /files/cegbejegyz_cegnyilv_08.12.doc HTTP/1.1" 304 - "-" "Mozilla/5.0 (Linux; Android 6.0.1; Nexus 5X Build/MMB29P) AppleWebKit/537.36 (KHTML, like Gecko) Chrome/111.0.5563.64 Mobile Safari/537.36 (compatible; Googlebot/2.1; +http://www.google.com/bot.html)"
216.244.66.200 - - [20/Mar/2023:01:06:30 +0100] "GET /robots.txt HTTP/1.1" 200 1590 "-" "Mozilla/5.0 (compatible; DotBot/1.2; +https://opensiteexplorer.org/dotbot; help@moz.com)"
216.244.66.200 - - [20/Mar/2023:01:06:30 +0100] "GET /robots.txt HTTP/1.1" 200 1590 "-" "Mozilla/5.0 (compatible; DotBot/1.2; +https://opensiteexplorer.org/dotbot; help@moz.com)"
216.244.66.200 - - [20/Mar/2023:01:18:44 +0100] "GET /taxonomy/term/98/0/feed HTTP/1.1" 200 - "-" "Mozilla/5.0 (compatible; DotBot/1.2; +https://opensiteexplorer.org/dotbot; help@moz.com)"
216.244.66.200 - - [20/Mar/2023:01:19:17 +0100] "GET /node/2452 HTTP/1.1" 200 - "-" "Mozilla/5.0 (compatible; DotBot/1.2; +https://opensiteexplorer.org/dotbot; help@moz.com)"
216.244.66.200 - - [20/Mar/2023:01:20:07 +0100] "GET /node/2411 HTTP/1.1" 200 - "-" "Mozilla/5.0 (compatible; DotBot/1.2; +https://opensiteexplorer.org/dotbot; help@moz.com)"
216.244.66.200 - - [20/Mar/2023:01:20:59 +0100] "GET /taxonomy/term/1?page=12 HTTP/1.1" 200 - "-" "Mozilla/5.0 (compatible; DotBot/1.2; +https://opensiteexplorer.org/dotbot; help@moz.com)"
193.6.201.253 - - [20/Mar/2023:01:28:03 +0100] "HEAD /node/357 HTTP/1.0" 200 - "-" "w3m/0.5.3+git20190105"
193.6.201.253 - - [20/Mar/2023:01:28:35 +0100] "HEAD /node/357 HTTP/1.0" 200 - "-" "w3m/0.5.3+git20190105"
216.244.66.200 - - [20/Mar/2023:01:56:33 +0100] "GET /robots.txt HTTP/1.1" 200 1590 "-" "Mozilla/5.0 (compatible; DotBot/1.2; +https://opensiteexplorer.org/dotbot; help@moz.com)"
216.244.66.200 - - [20/Mar/2023:01:56:33 +0100] "GET /robots.txt HTTP/1.1" 200 1590 "-" "Mozilla/5.0 (compatible; DotBot/1.2; +https://opensiteexplorer.org/dotbot; help@moz.com)"
66.249.70.104 - - [20/Mar/2023:02:00:43 +0100] "GET /moodle/calendar/view.php/?loan=107 HTTP/1.1" 200 - "-" "Mozilla/5.0 (Linux; Android 6.0.1; Nexus 5X Build/MMB29P) AppleWebKit/537.36 (KHTML, like Gecko) Chrome/111.0.5563.64 Mobile Safari/537.36 (compatible; Googlebot/2.1; +http://www.google.com/bot.html)"
66.249.64.75 - - [20/Mar/2023:02:05:47 +0100] "GET /files/fejezet_2010_felh_100312.doc HTTP/1.1" 200 111616 "-" "Mozilla/5.0 (compatible; Googlebot/2.1; +http://www.google.com/bot.html)"
66.249.70.106 - - [20/Mar/2023:02:05:50 +0100] "GET /files/vizbazis0806_kozigre.pdf HTTP/1.1" 304 - "-" "Mozilla/5.0 (Linux; Android 6.0.1; Nexus 5X Build/MMB29P) AppleWebKit/537.36 (KHTML, like Gecko) Chrome/111.0.5563.64 Mobile Safari/537.36 (compatible; Googlebot/2.1; +http://www.google.com/bot.html)"
66.249.64.75 - - [20/Mar/2023:02:05:51 +0100] "GET /files/szakmagyakorlas.pdf HTTP/1.1" 304 - "-" "Mozilla/5.0 (Linux; Android 6.0.1; Nexus 5X Build/MMB29P) AppleWebKit/537.36 (KHTML, like Gecko) Chrome/111.0.5563.64 Mobile Safari/537.36 (compatible; Googlebot/2.1; +http://www.google.com/bot.html)"
66.249.70.106 - - [20/Mar/2023:02:05:54 +0100] "GET /files/IRM_munkaterv_2007.I.f%C3%A9l%C3%A9v.doc HTTP/1.1" 200 204288 "-" "Mozilla/5.0 (Linux; Android 6.0.1; Nexus 5X Build/MMB29P) AppleWebKit/537.36 (KHTML, like Gecko) Chrome/111.0.5563.64 Mobile Safari/537.36 (compatible; Googlebot/2.1; +http://www.google.com/bot.html)"
66.249.64.77 - - [20/Mar/2023:02:06:20 +0100] "GET /files/im_rendelet_a_cstv_szerinti.pdf HTTP/1.1" 304 - "-" "Mozilla/5.0 (Linux; Android 6.0.1; Nexus 5X Build/MMB29P) AppleWebKit/537.36 (KHTML, like Gecko) Chrome/111.0.5563.64 Mobile Safari/537.36 (compatible; Googlebot/2.1; +http://www.google.com/bot.html)"
216.244.66.200 - - [20/Mar/2023:02:09:50 +0100] "GET /node/170 HTTP/1.1" 200 - "-" "Mozilla/5.0 (compatible; DotBot/1.2; +https://opensiteexplorer.org/dotbot; help@moz.com)"
216.244.66.200 - - [20/Mar/2023:02:10:21 +0100] "GET /node/264 HTTP/1.1" 200 - "-" "Mozilla/5.0 (compatible; DotBot/1.2; +https://opensiteexplorer.org/dotbot; help@moz.com)"
216.244.66.200 - - [20/Mar/2023:02:11:04 +0100] "GET /node/309 HTTP/1.1" 200 - "-" "Mozilla/5.0 (compatible; DotBot/1.2; +https://opensiteexplorer.org/dotbot; help@moz.com)"
216.244.66.200 - - [20/Mar/2023:02:11:57 +0100] "GET /node/2424 HTTP/1.1" 200 - "-" "Mozilla/5.0 (compatible; DotBot/1.2; +https://opensiteexplorer.org/dotbot; help@moz.com)"
40.77.167.239 - - [20/Mar/2023:02:12:32 +0100] "GET /files/gyermekszegenyseg_tervezet_6_eloterj_070125.pdf HTTP/1.1" 200 193242 "-" "Mozilla/5.0 AppleWebKit/537.36 (KHTML, like Gecko; compatible; bingbot/2.0; +http://www.bing.com/bingbot.htm) Chrome/103.0.5060.134 Safari/537.36"
135.181.213.219 - - [20/Mar/2023:02:18:23 +0100] "GET /robots.txt HTTP/1.1" 200 1590 "-" "Mozilla/5.0 (compatible; MJ12bot/v1.4.8; http://mj12bot.com/)"
135.181.213.219 - - [20/Mar/2023:02:19:07 +0100] "GET /files/AZ%20%C3%83?S%20MELL%C3%83%E2%80%B0KLETEI.htm.txt HTTP/1.1" 200 - "-" "Mozilla/5.0 (compatible; MJ12bot/v1.4.8; http://mj12bot.com/)"
114.119.154.5 - - [20/Mar/2023:02:32:28 +0100] "GET /files/3R106_2.pdf HTTP/1.1" 200 283007 "-" "Mozilla/5.0 (Linux; Android 7.0;) AppleWebKit/537.36 (KHTML, like Gecko) Mobile Safari/537.36 (compatible; PetalBot;+https://webmaster.petalsearch.com/site/petalbot)"
216.244.66.200 - - [20/Mar/2023:02:45:05 +0100] "GET /robots.txt HTTP/1.1" 200 1590 "-" "Mozilla/5.0 (compatible; DotBot/1.2; +https://opensiteexplorer.org/dotbot; help@moz.com)"
216.244.66.200 - - [20/Mar/2023:02:51:50 +0100] "GET /node/2562 HTTP/1.1" 200 - "-" "Mozilla/5.0 (compatible; DotBot/1.2; +https://opensiteexplorer.org/dotbot; help@moz.com)"
216.244.66.200 - - [20/Mar/2023:02:56:46 +0100] "GET /node/2446 HTTP/1.1" 200 - "-" "Mozilla/5.0 (compatible; DotBot/1.2; +https://opensiteexplorer.org/dotbot; help@moz.com)"
128.14.209.242 - - [20/Mar/2023:03:01:34 +0100] "GET / HTTP/1.1" 200 - "-" "Mozilla/5.0 (Windows NT 10.0; WOW64) AppleWebKit/537.36 (KHTML, like Gecko) Chrome/66.0.3359.117 Safari/537.36"
40.77.167.190 - - [20/Mar/2023:03:37:47 +0100] "GET / HTTP/1.1" 200 - "-" "Mozilla/5.0 AppleWebKit/537.36 (KHTML, like Gecko; compatible; bingbot/2.0; +http://www.bing.com/bingbot.htm) Chrome/103.0.5060.134 Safari/537.36"
216.244.66.200 - - [20/Mar/2023:03:50:30 +0100] "GET /robots.txt HTTP/1.1" 200 1590 "-" "Mozilla/5.0 (compatible; DotBot/1.2; +https://opensiteexplorer.org/dotbot; help@moz.com)"
216.244.66.200 - - [20/Mar/2023:03:59:01 +0100] "GET /node?page=27 HTTP/1.1" 200 - "-" "Mozilla/5.0 (compatible; DotBot/1.2; +https://opensiteexplorer.org/dotbot; help@moz.com)"
216.244.66.200 - - [20/Mar/2023:04:01:57 +0100] "GET /node/230 HTTP/1.1" 200 - "-" "Mozilla/5.0 (compatible; DotBot/1.2; +https://opensiteexplorer.org/dotbot; help@moz.com)"
216.244.66.200 - - [20/Mar/2023:04:02:37 +0100] "GET /node/307 HTTP/1.1" 200 - "-" "Mozilla/5.0 (compatible; DotBot/1.2; +https://opensiteexplorer.org/dotbot; help@moz.com)"
216.244.66.200 - - [20/Mar/2023:04:03:04 +0100] "GET /node/2311 HTTP/1.1" 200 - "-" "Mozilla/5.0 (compatible; DotBot/1.2; +https://opensiteexplorer.org/dotbot; help@moz.com)"
216.244.66.200 - - [20/Mar/2023:04:50:05 +0100] "GET /robots.txt HTTP/1.1" 200 1590 "-" "Mozilla/5.0 (compatible; DotBot/1.2; +https://opensiteexplorer.org/dotbot; help@moz.com)"
216.244.66.200 - - [20/Mar/2023:05:00:26 +0100] "GET /node/182 HTTP/1.1" 200 - "-" "Mozilla/5.0 (compatible; DotBot/1.2; +https://opensiteexplorer.org/dotbot; help@moz.com)"
216.244.66.200 - - [20/Mar/2023:05:00:57 +0100] "GET /node/2345 HTTP/1.1" 200 - "-" "Mozilla/5.0 (compatible; DotBot/1.2; +https://opensiteexplorer.org/dotbot; help@moz.com)"
216.244.66.200 - - [20/Mar/2023:05:01:40 +0100] "GET /node/2390 HTTP/1.1" 200 - "-" "Mozilla/5.0 (compatible; DotBot/1.2; +https://opensiteexplorer.org/dotbot; help@moz.com)"
216.244.66.200 - - [20/Mar/2023:05:02:31 +0100] "GET /node/2451 HTTP/1.1" 200 - "-" "Mozilla/5.0 (compatible; DotBot/1.2; +https://opensiteexplorer.org/dotbot; help@moz.com)"
216.244.66.200 - - [20/Mar/2023:05:03:22 +0100] "GET /node/299 HTTP/1.1" 200 - "-" "Mozilla/5.0 (compatible; DotBot/1.2; +https://opensiteexplorer.org/dotbot; help@moz.com)"
216.244.66.200 - - [20/Mar/2023:05:04:13 +0100] "GET /taxonomy/term/44/0/feed HTTP/1.1" 200 - "-" "Mozilla/5.0 (compatible; DotBot/1.2; +https://opensiteexplorer.org/dotbot; help@moz.com)"
157.55.39.212 - - [20/Mar/2023:05:06:09 +0100] "GET /files/jelentes_0918_070919.pdf HTTP/1.1" 200 890103 "-" "Mozilla/5.0 AppleWebKit/537.36 (KHTML, like Gecko; compatible; bingbot/2.0; +http://www.bing.com/bingbot.htm) Chrome/103.0.5060.134 Safari/537.36"
40.77.167.194 - - [20/Mar/2023:05:08:17 +0100] "GET /node/2586 HTTP/1.1" 200 - "-" "Mozilla/5.0 AppleWebKit/537.36 (KHTML, like Gecko; compatible; bingbot/2.0; +http://www.bing.com/bingbot.htm) Chrome/103.0.5060.134 Safari/537.36"
216.244.66.200 - - [20/Mar/2023:05:40:56 +0100] "GET /robots.txt HTTP/1.1" 200 1590 "-" "Mozilla/5.0 (compatible; DotBot/1.2; +https://opensiteexplorer.org/dotbot; help@moz.com)"
216.244.66.200 - - [20/Mar/2023:05:51:04 +0100] "GET /node/2367 HTTP/1.1" 200 - "-" "Mozilla/5.0 (compatible; DotBot/1.2; +https://opensiteexplorer.org/dotbot; help@moz.com)"
216.244.66.200 - - [20/Mar/2023:05:51:35 +0100] "GET /node/2442 HTTP/1.1" 200 - "-" "Mozilla/5.0 (compatible; DotBot/1.2; +https://opensiteexplorer.org/dotbot; help@moz.com)"
216.244.66.200 - - [20/Mar/2023:05:52:15 +0100] "GET /node/2497 HTTP/1.1" 200 - "-" "Mozilla/5.0 (compatible; DotBot/1.2; +https://opensiteexplorer.org/dotbot; help@moz.com)"
216.244.66.200 - - [20/Mar/2023:05:53:06 +0100] "GET /node/330 HTTP/1.1" 200 - "-" "Mozilla/5.0 (compatible; DotBot/1.2; +https://opensiteexplorer.org/dotbot; help@moz.com)"
216.244.66.200 - - [20/Mar/2023:05:53:57 +0100] "GET /taxonomy/term/21?page=132 HTTP/1.1" 200 - "-" "Mozilla/5.0 (compatible; DotBot/1.2; +https://opensiteexplorer.org/dotbot; help@moz.com)"
84.0.235.120 - - [20/Mar/2023:06:15:09 +0100] "GET /files/regeszet_terv_080604.pdf HTTP/1.1" 200 299748 "https://www.google.com/" "Mozilla/5.0 (Windows NT 10.0; Win64; x64; rv:109.0) Gecko/20100101 Firefox/111.0"
84.0.235.120 - - [20/Mar/2023:06:15:09 +0100] "GET /favicon.ico HTTP/1.1" 404 57 "http://www.jogalkotas.hu/" "Mozilla/5.0 (Windows NT 10.0; Win64; x64; rv:109.0) Gecko/20100101 Firefox/111.0"
103.131.71.225 - - [20/Mar/2023:06:24:52 +0100] "GET /robots.txt HTTP/1.1" 200 1590 "-" "Mozilla/5.0 (compatible; coccocbot-web/1.0; +http://help.coccoc.com/searchengine)"
216.244.66.200 - - [20/Mar/2023:06:27:32 +0100] "GET /node/2367 HTTP/1.1" 200 - "-" "Mozilla/5.0 (compatible; DotBot/1.2; +https://opensiteexplorer.org/dotbot; help@moz.com)"
216.244.66.200 - - [20/Mar/2023:06:28:02 +0100] "GET /node/2442 HTTP/1.1" 200 - "-" "Mozilla/5.0 (compatible; DotBot/1.2; +https://opensiteexplorer.org/dotbot; help@moz.com)"
216.244.66.200 - - [20/Mar/2023:06:28:42 +0100] "GET /node/2497 HTTP/1.1" 200 - "-" "Mozilla/5.0 (compatible; DotBot/1.2; +https://opensiteexplorer.org/dotbot; help@moz.com)"
216.244.66.200 - - [20/Mar/2023:06:29:33 +0100] "GET /node/330 HTTP/1.1" 200 - "-" "Mozilla/5.0 (compatible; DotBot/1.2; +https://opensiteexplorer.org/dotbot; help@moz.com)"
216.244.66.200 - - [20/Mar/2023:06:30:23 +0100] "GET /taxonomy/term/21?page=132 HTTP/1.1" 200 - "-" "Mozilla/5.0 (compatible; DotBot/1.2; +https://opensiteexplorer.org/dotbot; help@moz.com)"
157.55.39.212 - - [20/Mar/2023:06:30:42 +0100] "GET /files/1027_rendelettervezet_Bels_b_r_ndi_t_torj_nos.doc HTTP/1.1" 200 46592 "-" "Mozilla/5.0 AppleWebKit/537.36 (KHTML, like Gecko; compatible; bingbot/2.0; +http://www.bing.com/bingbot.htm) Chrome/103.0.5060.134 Safari/537.36"
66.249.70.106 - - [20/Mar/2023:06:52:25 +0100] "GET /robots.txt HTTP/1.1" 200 1590 "-" "Mozilla/5.0 (compatible; Googlebot/2.1; +http://www.google.com/bot.html)"
66.249.70.106 - - [20/Mar/2023:06:52:26 +0100] "GET /files/ekozig_strategia.pdf HTTP/1.1" 304 - "-" "Mozilla/5.0 (Linux; Android 6.0.1; Nexus 5X Build/MMB29P) AppleWebKit/537.36 (KHTML, like Gecko) Chrome/111.0.5563.64 Mobile Safari/537.36 (compatible; Googlebot/2.1; +http://www.google.com/bot.html)"
66.249.70.102 - - [20/Mar/2023:07:00:42 +0100] "GET /taxonomy/term/98?page=6 HTTP/1.1" 200 - "-" "Mozilla/5.0 (compatible; Googlebot/2.1; +http://www.google.com/bot.html)"
216.244.66.200 - - [20/Mar/2023:07:07:26 +0100] "GET /robots.txt HTTP/1.1" 200 1590 "-" "Mozilla/5.0 (compatible; DotBot/1.2; +https://opensiteexplorer.org/dotbot; help@moz.com)"
216.244.66.200 - - [20/Mar/2023:07:17:55 +0100] "GET /node/2328 HTTP/1.1" 200 - "-" "Mozilla/5.0 (compatible; DotBot/1.2; +https://opensiteexplorer.org/dotbot; help@moz.com)"
216.244.66.200 - - [20/Mar/2023:07:19:04 +0100] "GET /node/66 HTTP/1.1" 200 - "-" "Mozilla/5.0 (compatible; DotBot/1.2; +https://opensiteexplorer.org/dotbot; help@moz.com)"
207.154.233.206 - - [20/Mar/2023:07:31:45 +0100] "GET /wp-admin/style.php?sig=rename HTTP/1.1" 200 - "-" "Mozilla/5.0 (iPhone; CPU iPhone OS 14_1 like Mac OS X) AppleWebKit/605.1.15 (KHTML, like Gecko) Version/14.0 Mobile/15E148 Safari/604.1"
207.154.233.206 - - [20/Mar/2023:07:31:45 +0100] "GET /style.php?sig=rename HTTP/1.1" 200 - "-" "Mozilla/5.0 (Linux; Android 10; Redmi Note 8 Pro) AppleWebKit/537.36 (KHTML, like Gecko) Chrome/91.0.4472.120 Mobile Safari/537.36"
66.249.64.75 - - [20/Mar/2023:07:44:59 +0100] "GET /drupal/node/450 HTTP/1.1" 200 - "-" "Mozilla/5.0 (Linux; Android 6.0.1; Nexus 5X Build/MMB29P) AppleWebKit/537.36 (KHTML, like Gecko) Chrome/111.0.5563.64 Mobile Safari/537.36 (compatible; Googlebot/2.1; +http://www.google.com/bot.html)"
216.244.66.200 - - [20/Mar/2023:07:55:44 +0100] "GET /robots.txt HTTP/1.1" 200 1590 "-" "Mozilla/5.0 (compatible; DotBot/1.2; +https://opensiteexplorer.org/dotbot; help@moz.com)"
216.244.66.200 - - [20/Mar/2023:07:55:44 +0100] "GET /robots.txt HTTP/1.1" 200 1590 "-" "Mozilla/5.0 (compatible; DotBot/1.2; +https://opensiteexplorer.org/dotbot; help@moz.com)"
216.244.66.200 - - [20/Mar/2023:08:04:10 +0100] "GET /node/214 HTTP/1.1" 200 - "-" "Mozilla/5.0 (compatible; DotBot/1.2; +https://opensiteexplorer.org/dotbot; help@moz.com)"
216.244.66.200 - - [20/Mar/2023:08:05:46 +0100] "GET /taxonomy/term/21?page=10 HTTP/1.1" 200 - "-" "Mozilla/5.0 (compatible; DotBot/1.2; +https://opensiteexplorer.org/dotbot; help@moz.com)"
157.55.39.212 - - [20/Mar/2023:08:10:13 +0100] "GET /node/1145 HTTP/1.1" 200 - "-" "Mozilla/5.0 AppleWebKit/537.36 (KHTML, like Gecko; compatible; bingbot/2.0; +http://www.bing.com/bingbot.htm) Chrome/103.0.5060.134 Safari/537.36"
216.244.66.200 - - [20/Mar/2023:08:43:05 +0100] "GET /robots.txt HTTP/1.1" 200 1590 "-" "Mozilla/5.0 (compatible; DotBot/1.2; +https://opensiteexplorer.org/dotbot; help@moz.com)"
62.159.242.114 - - [20/Mar/2023:08:47:21 +0100] "GET /files/KHEM_1748_kozig.doc HTTP/1.1" 304 - "-" "Mozilla/4.0 (compatible;)"
216.244.66.200 - - [20/Mar/2023:08:48:22 +0100] "GET /node/25 HTTP/1.1" 200 - "-" "Mozilla/5.0 (compatible; DotBot/1.2; +https://opensiteexplorer.org/dotbot; help@moz.com)"
193.225.234.1 - - [20/Mar/2023:08:48:31 +0100] "GET /files/ptk_kotelmi_jog.pdf HTTP/1.1" 200 706298 "https://www.google.com/" "Mozilla/5.0 (Windows NT 10.0; Win64; x64) AppleWebKit/537.36 (KHTML, like Gecko) Chrome/111.0.0.0 Safari/537.36"
193.225.234.1 - - [20/Mar/2023:08:48:31 +0100] "GET /favicon.ico HTTP/1.1" 404 57 "http://www.jogalkotas.hu/files/ptk_kotelmi_jog.pdf" "Mozilla/5.0 (Windows NT 10.0; Win64; x64) AppleWebKit/537.36 (KHTML, like Gecko) Chrome/111.0.0.0 Safari/537.36"
216.244.66.200 - - [20/Mar/2023:08:52:45 +0100] "GET /node/219 HTTP/1.1" 200 - "-" "Mozilla/5.0 (compatible; DotBot/1.2; +https://opensiteexplorer.org/dotbot; help@moz.com)"
216.244.66.200 - - [20/Mar/2023:08:53:28 +0100] "GET /node/2299 HTTP/1.1" 200 - "-" "Mozilla/5.0 (compatible; DotBot/1.2; +https://opensiteexplorer.org/dotbot; help@moz.com)"
216.244.66.200 - - [20/Mar/2023:08:54:20 +0100] "GET /node/2352 HTTP/1.1" 200 - "-" "Mozilla/5.0 (compatible; DotBot/1.2; +https://opensiteexplorer.org/dotbot; help@moz.com)"
216.244.66.200 - - [20/Mar/2023:08:55:11 +0100] "GET /node/2486 HTTP/1.1" 200 - "-" "Mozilla/5.0 (compatible; DotBot/1.2; +https://opensiteexplorer.org/dotbot; help@moz.com)"
216.244.66.200 - - [20/Mar/2023:08:56:03 +0100] "GET /node/2409 HTTP/1.1" 200 - "-" "Mozilla/5.0 (compatible; DotBot/1.2; +https://opensiteexplorer.org/dotbot; help@moz.com)"
40.77.167.190 - - [20/Mar/2023:09:07:25 +0100] "GET /files/torveny_tervezet_felsooktatas_jogallasarol.pdf HTTP/1.1" 304 - "-" "Mozilla/5.0 AppleWebKit/537.36 (KHTML, like Gecko; compatible; bingbot/2.0; +http://www.bing.com/bingbot.htm) Chrome/103.0.5060.134 Safari/537.36"
66.249.70.104 - - [20/Mar/2023:09:12:42 +0100] "GET /files/orszszi_terv_070530.pdf HTTP/1.1" 304 - "-" "Mozilla/5.0 (Linux; Android 6.0.1; Nexus 5X Build/MMB29P) AppleWebKit/537.36 (KHTML, like Gecko) Chrome/111.0.5563.64 Mobile Safari/537.36 (compatible; Googlebot/2.1; +http://www.google.com/bot.html)"
85.66.228.35 - - [20/Mar/2023:09:44:32 +0100] "GET /files/vizbazis0806_kozigre.pdf HTTP/1.1" 200 552509 "https://www.google.com/" "Mozilla/5.0 (Windows NT 10.0; Win64; x64) AppleWebKit/537.36 (KHTML, like Gecko) Chrome/111.0.0.0 Safari/537.36"
85.66.228.35 - - [20/Mar/2023:09:44:32 +0100] "GET /favicon.ico HTTP/1.1" 404 57 "http://www.jogalkotas.hu/files/vizbazis0806_kozigre.pdf" "Mozilla/5.0 (Windows NT 10.0; Win64; x64) AppleWebKit/537.36 (KHTML, like Gecko) Chrome/111.0.0.0 Safari/537.36"
66.249.70.104 - - [20/Mar/2023:09:56:49 +0100] "GET /files/menedekjog.doc HTTP/1.1" 200 459264 "-" "Mozilla/5.0 (Linux; Android 6.0.1; Nexus 5X Build/MMB29P) AppleWebKit/537.36 (KHTML, like Gecko) Chrome/111.0.5563.64 Mobile Safari/537.36 (compatible; Googlebot/2.1; +http://www.google.com/bot.html)"
66.249.70.102 - - [20/Mar/2023:10:40:57 +0100] "GET /files/4_mell_FAVI_KARINFO_BA.doc HTTP/1.1" 200 391168 "-" "Mozilla/5.0 (Linux; Android 6.0.1; Nexus 5X Build/MMB29P) AppleWebKit/537.36 (KHTML, like Gecko) Chrome/111.0.5563.64 Mobile Safari/537.36 (compatible; Googlebot/2.1; +http://www.google.com/bot.html)"
176.99.2.205 - - [20/Mar/2023:10:57:15 +0100] "GET /wp-content/themes/houzez/style.css HTTP/1.1" 200 - "-" "Mozilla/5.0 (iPhone; CPU iPhone OS 13_3_1 like Mac OS X) AppleWebKit/605.1.15 (KHTML, like Gecko) Version/13.0.5 Mobile/15E148 Safari/604.1"
66.249.70.104 - - [20/Mar/2023:11:25:03 +0100] "GET /files/1437262416D9749FC.doc HTTP/1.1" 200 63488 "-" "Mozilla/5.0 (Linux; Android 6.0.1; Nexus 5X Build/MMB29P) AppleWebKit/537.36 (KHTML, like Gecko) Chrome/111.0.5563.64 Mobile Safari/537.36 (compatible; Googlebot/2.1; +http://www.google.com/bot.html)"
213.163.37.38 - - [20/Mar/2023:11:25:22 +0100] "GET /favicon.ico HTTP/1.1" 404 57 "http://www.jogalkotas.hu/files/3802_16.pdf" "Mozilla/5.0 (Windows NT 10.0; Win64; x64) AppleWebKit/537.36 (KHTML, like Gecko) Chrome/111.0.0.0 Safari/537.36"
213.163.37.38 - - [20/Mar/2023:11:25:23 +0100] "GET /files/3802_16.pdf HTTP/1.1" 200 571634 "https://www.google.com/" "Mozilla/5.0 (Windows NT 10.0; Win64; x64) AppleWebKit/537.36 (KHTML, like Gecko) Chrome/111.0.0.0 Safari/537.36"
66.249.70.104 - - [20/Mar/2023:11:44:27 +0100] "GET /files/epiteskivitelezes.pdf HTTP/1.1" 304 - "-" "Mozilla/5.0 (Linux; Android 6.0.1; Nexus 5X Build/MMB29P) AppleWebKit/537.36 (KHTML, like Gecko) Chrome/111.0.5563.64 Mobile Safari/537.36 (compatible; Googlebot/2.1; +http://www.google.com/bot.html)"
185.144.83.51 - - [20/Mar/2023:11:46:57 +0100] "GET / HTTP/1.1" 200 - "-" "Mozilla/5.0 (Windows NT 10.0; Win64; x64) AppleWebKit/537.36 (KHTML, like Gecko) Chrome/84.0.4147.105 Safari/537.36"
114.119.159.243 - - [20/Mar/2023:11:49:45 +0100] "GET /robots.txt HTTP/1.1" 200 1590 "-" "Mozilla/5.0 (compatible;PetalBot;+https://webmaster.petalsearch.com/site/petalbot)"
52.167.144.48 - - [20/Mar/2023:11:49:54 +0100] "GET /files/18_1998-30_1998%20tervezet.doc HTTP/1.1" 200 131072 "-" "Mozilla/5.0 AppleWebKit/537.36 (KHTML, like Gecko; compatible; bingbot/2.0; +http://www.bing.com/bingbot.htm) Chrome/103.0.5060.134 Safari/537.36"
37.234.81.227 - - [20/Mar/2023:11:52:47 +0100] "GET /files/KHEM_272_6_norma.doc HTTP/1.1" 200 35039 "https://www.google.com/" "Mozilla/5.0 (Windows NT 6.1; rv:109.0) Gecko/20100101 Firefox/111.0"
37.234.81.227 - - [20/Mar/2023:11:54:50 +0100] "GET /files/KHEM_272_6_norma.doc HTTP/1.1" 200 160768 "https://www.google.com/" "Mozilla/5.0 (Windows NT 6.1; rv:109.0) Gecko/20100101 Firefox/111.0"
54.161.41.102 - - [20/Mar/2023:12:05:04 +0100] "GET /robots.txt HTTP/1.1" 200 1590 "-" "Mozilla/5.0 (compatible; Neevabot/1.0; +https://neeva.com/neevabot)"
54.161.41.102 - - [20/Mar/2023:12:05:28 +0100] "GET /files/fogyved_061114.pdf HTTP/1.1" 200 498783 "-" "Mozilla/5.0 (compatible; Neevabot/1.0; +https://neeva.com/neevabot)"
66.249.64.77 - - [20/Mar/2023:12:15:11 +0100] "GET /files/alap_mester_terv_080415.pdf HTTP/1.1" 304 - "-" "Mozilla/5.0 (Linux; Android 6.0.1; Nexus 5X Build/MMB29P) AppleWebKit/537.36 (KHTML, like Gecko) Chrome/111.0.5563.64 Mobile Safari/537.36 (compatible; Googlebot/2.1; +http://www.google.com/bot.html)"
114.119.135.36 - - [20/Mar/2023:12:20:02 +0100] "GET /robots.txt HTTP/1.1" 200 1590 "-" "Mozilla/5.0 (compatible;PetalBot;+https://webmaster.petalsearch.com/site/petalbot)"
89.134.17.171 - - [20/Mar/2023:12:27:09 +0100] "GET /files/dijrendelet_kozig.doc HTTP/1.1" 200 60928 "https://www.google.com/" "Mozilla/5.0 (Windows NT 10.0; Win64; x64) AppleWebKit/537.36 (KHTML, like Gecko) Chrome/111.0.0.0 Safari/537.36"
89.134.17.171 - - [20/Mar/2023:12:27:19 +0100] "GET /files/dijrendelet_kozig.doc HTTP/1.1" 206 1 "https://www.google.com/" "Mozilla/5.0 (Windows NT 10.0; Win64; x64) AppleWebKit/537.36 (KHTML, like Gecko) Chrome/111.0.0.0 Safari/537.36"
89.134.17.171 - - [20/Mar/2023:12:27:19 +0100] "GET /files/dijrendelet_kozig.doc HTTP/1.1" 206 48607 "https://www.google.com/" "Mozilla/5.0 (Windows NT 10.0; Win64; x64) AppleWebKit/537.36 (KHTML, like Gecko) Chrome/111.0.0.0 Safari/537.36"
89.134.17.171 - - [20/Mar/2023:12:27:39 +0100] "GET /files/dijrendelet_kozig.doc HTTP/1.1" 206 1 "https://www.google.com/" "Mozilla/5.0 (Windows NT 10.0; Win64; x64) AppleWebKit/537.36 (KHTML, like Gecko) Chrome/111.0.0.0 Safari/537.36"
89.134.17.171 - - [20/Mar/2023:12:27:39 +0100] "GET /files/dijrendelet_kozig.doc HTTP/1.1" 206 48607 "https://www.google.com/" "Mozilla/5.0 (Windows NT 10.0; Win64; x64) AppleWebKit/537.36 (KHTML, like Gecko) Chrome/111.0.0.0 Safari/537.36"
89.134.17.171 - - [20/Mar/2023:12:27:40 +0100] "GET /files/dijrendelet_kozig.doc HTTP/1.1" 206 1 "https://www.google.com/" "Mozilla/5.0 (Windows NT 10.0; Win64; x64) AppleWebKit/537.36 (KHTML, like Gecko) Chrome/111.0.0.0 Safari/537.36"
89.134.17.171 - - [20/Mar/2023:12:27:41 +0100] "GET /files/dijrendelet_kozig.doc HTTP/1.1" 206 48607 "https://www.google.com/" "Mozilla/5.0 (Windows NT 10.0; Win64; x64) AppleWebKit/537.36 (KHTML, like Gecko) Chrome/111.0.0.0 Safari/537.36"
89.134.17.171 - - [20/Mar/2023:12:27:55 +0100] "GET /files/dijrendelet_kozig.doc HTTP/1.1" 206 1 "https://www.google.com/" "Mozilla/5.0 (Windows NT 10.0; Win64; x64) AppleWebKit/537.36 (KHTML, like Gecko) Chrome/111.0.0.0 Safari/537.36"
89.134.17.171 - - [20/Mar/2023:12:27:55 +0100] "GET /files/dijrendelet_kozig.doc HTTP/1.1" 206 48607 "https://www.google.com/" "Mozilla/5.0 (Windows NT 10.0; Win64; x64) AppleWebKit/537.36 (KHTML, like Gecko) Chrome/111.0.0.0 Safari/537.36"
89.134.17.171 - - [20/Mar/2023:12:28:00 +0100] "GET /files/dijrendelet_kozig.doc HTTP/1.1" 206 1 "https://www.google.com/" "Mozilla/5.0 (Windows NT 10.0; Win64; x64) AppleWebKit/537.36 (KHTML, like Gecko) Chrome/111.0.0.0 Safari/537.36"
89.134.17.171 - - [20/Mar/2023:12:28:00 +0100] "GET /files/dijrendelet_kozig.doc HTTP/1.1" 206 48607 "https://www.google.com/" "Mozilla/5.0 (Windows NT 10.0; Win64; x64) AppleWebKit/537.36 (KHTML, like Gecko) Chrome/111.0.0.0 Safari/537.36"
216.244.66.200 - - [20/Mar/2023:12:28:20 +0100] "GET /robots.txt HTTP/1.1" 200 1590 "-" "Mozilla/5.0 (compatible; DotBot/1.2; +https://opensiteexplorer.org/dotbot; help@moz.com)"
216.244.66.200 - - [20/Mar/2023:12:39:14 +0100] "GET /node/362 HTTP/1.1" 200 - "-" "Mozilla/5.0 (compatible; DotBot/1.2; +https://opensiteexplorer.org/dotbot; help@moz.com)"
34.239.173.144 - - [20/Mar/2023:12:46:38 +0100] "GET /robots.txt HTTP/1.1" 200 1590 "-" "CCBot/2.0 (https://commoncrawl.org/faq/)"
84.0.201.176 - - [20/Mar/2023:12:46:51 +0100] "GET /files/gyamhatosag_eloterj_061204.pdf HTTP/1.1" 200 597742 "-" "Dalvik/2.1.0 (Linux; U; Android 10; MAR-LX1A Build/HUAWEIMAR-L21A)"
34.239.173.144 - - [20/Mar/2023:12:47:10 +0100] "GET / HTTP/1.1" 200 - "-" "CCBot/2.0 (https://commoncrawl.org/faq/)"
34.239.173.144 - - [20/Mar/2023:12:47:42 +0100] "GET / HTTP/1.1" 200 - "-" "CCBot/2.0 (https://commoncrawl.org/faq/)"
40.77.167.190 - - [20/Mar/2023:13:04:09 +0100] "GET / HTTP/1.1" 200 - "-" "Mozilla/5.0 AppleWebKit/537.36 (KHTML, like Gecko; compatible; bingbot/2.0; +http://www.bing.com/bingbot.htm) Chrome/103.0.5060.134 Safari/537.36"
216.226.131.116 - - [20/Mar/2023:13:08:35 +0100] "GET /style.php?sig=rename HTTP/1.1" 200 - "-" "Mozilla/5.0 (Windows; U; Windows NT 6.1; en-US; rv:1.9.1.5) Gecko/20091102 Firefox/3.5.5 (.NET CLR 3.5.30729)"
89.134.9.3 - - [20/Mar/2023:13:09:10 +0100] "GET /files/ptk_kotelmi_jog.pdf HTTP/1.1" 200 706298 "https://www.google.com/" "Mozilla/5.0 (Windows NT 10.0; Win64; x64) AppleWebKit/537.36 (KHTML, like Gecko) Chrome/111.0.0.0 Safari/537.36"
66.249.70.104 - - [20/Mar/2023:13:14:27 +0100] "GET /files/KHEm_1088.doc HTTP/1.1" 304 - "-" "Mozilla/5.0 (Linux; Android 6.0.1; Nexus 5X Build/MMB29P) AppleWebKit/537.36 (KHTML, like Gecko) Chrome/111.0.5563.64 Mobile Safari/537.36 (compatible; Googlebot/2.1; +http://www.google.com/bot.html)"
216.244.66.200 - - [20/Mar/2023:13:18:02 +0100] "GET /robots.txt HTTP/1.1" 200 1590 "-" "Mozilla/5.0 (compatible; DotBot/1.2; +https://opensiteexplorer.org/dotbot; help@moz.com)"
66.249.70.104 - - [20/Mar/2023:13:30:11 +0100] "GET /files/14_4.pdf HTTP/1.1" 304 - "-" "Mozilla/5.0 (Linux; Android 6.0.1; Nexus 5X Build/MMB29P) AppleWebKit/537.36 (KHTML, like Gecko) Chrome/111.0.5563.64 Mobile Safari/537.36 (compatible; Googlebot/2.1; +http://www.google.com/bot.html)"
216.244.66.200 - - [20/Mar/2023:13:37:37 +0100] "GET /taxonomy/term/46/0/feed HTTP/1.1" 200 - "-" "Mozilla/5.0 (compatible; DotBot/1.2; +https://opensiteexplorer.org/dotbot; help@moz.com)"
79.143.187.185 - - [20/Mar/2023:13:43:01 +0100] "GET / HTTP/1.1" 200 - "-" "Mozilla/5.0"
66.249.64.73 - - [20/Mar/2023:13:48:46 +0100] "GET /files/Kormanyrendelet_Jegyzokonyv.pdf HTTP/1.1" 200 115060 "-" "Mozilla/5.0 (Linux; Android 6.0.1; Nexus 5X Build/MMB29P) AppleWebKit/537.36 (KHTML, like Gecko) Chrome/99.0.4844.84 Mobile Safari/537.36 (compatible; Googlebot/2.1; +http://www.google.com/bot.html)"
66.249.64.73 - - [20/Mar/2023:13:48:47 +0100] "GET /files/Kormanyrendelet_Jegyzokonyv.pdf HTTP/1.1" 200 115060 "-" "Mozilla/5.0 (compatible; Googlebot/2.1; +http://www.google.com/bot.html)"
216.244.66.200 - - [20/Mar/2023:14:06:22 +0100] "GET /robots.txt HTTP/1.1" 200 1590 "-" "Mozilla/5.0 (compatible; DotBot/1.2; +https://opensiteexplorer.org/dotbot; help@moz.com)"
5.135.142.46 - - [20/Mar/2023:14:08:54 +0100] "GET /files/TK79-1.doc HTTP/1.1" 200 72704 "-" "Mozilla/5.0 (Windows; U; Windows NT 6.1; nl; rv:1.9.2.13) Gecko/20101203 Firefox/3.6.13"
52.167.144.48 - - [20/Mar/2023:14:09:26 +0100] "GET /files/8330-6.doc HTTP/1.1" 304 - "-" "Mozilla/5.0 AppleWebKit/537.36 (KHTML, like Gecko; compatible; bingbot/2.0; +http://www.bing.com/bingbot.htm) Chrome/103.0.5060.134 Safari/537.36"
35.93.41.169 - - [20/Mar/2023:14:19:10 +0100] "GET / HTTP/1.1" 200 - "-" "Mozilla/5.0 (X11; Linux x86_64) AppleWebKit/537.36 (KHTML, like Gecko) Chrome/83.0.4103.97 Safari/537.36"
216.244.66.200 - - [20/Mar/2023:14:25:42 +0100] "GET /taxonomy/term/99/0/feed HTTP/1.1" 200 - "-" "Mozilla/5.0 (compatible; DotBot/1.2; +https://opensiteexplorer.org/dotbot; help@moz.com)"
209.126.151.124 - - [20/Mar/2023:14:27:02 +0100] "HEAD / HTTP/1.1" 200 - "-" "bitdiscovery"
209.126.151.124 - - [20/Mar/2023:14:27:18 +0100] "GET / HTTP/1.1" 200 - "-" "bitdiscovery"
209.126.151.116 - - [20/Mar/2023:14:27:19 +0100] "HEAD / HTTP/1.1" 200 - "-" "bitdiscovery"
209.126.151.116 - - [20/Mar/2023:14:27:35 +0100] "GET / HTTP/1.1" 200 - "-" "bitdiscovery"
209.126.151.120 - - [20/Mar/2023:14:27:49 +0100] "HEAD / HTTP/1.1" 200 - "-" "bitdiscovery"
209.126.151.120 - - [20/Mar/2023:14:27:51 +0100] "HEAD / HTTP/1.1" 200 - "-" "bitdiscovery"
209.126.151.121 - - [20/Mar/2023:14:27:55 +0100] "HEAD / HTTP/1.1" 200 - "-" "bitdiscovery"
209.126.151.120 - - [20/Mar/2023:14:27:57 +0100] "GET / HTTP/1.1" 200 - "-" "bitdiscovery"
209.126.151.125 - - [20/Mar/2023:14:28:05 +0100] "HEAD / HTTP/1.1" 200 - "-" "bitdiscovery"
209.126.151.120 - - [20/Mar/2023:14:28:06 +0100] "GET / HTTP/1.1" 200 - "-" "bitdiscovery"
209.126.151.120 - - [20/Mar/2023:14:28:08 +0100] "GET / HTTP/1.1" 200 - "-" "bitdiscovery"
50.18.94.17 - - [20/Mar/2023:14:28:09 +0100] "HEAD / HTTP/1.1" 200 - "-" "bitdiscovery"
209.126.151.121 - - [20/Mar/2023:14:28:11 +0100] "HEAD / HTTP/1.1" 200 - "-" "bitdiscovery"
209.126.151.121 - - [20/Mar/2023:14:28:12 +0100] "GET / HTTP/1.1" 200 - "-" "bitdiscovery"
50.18.94.17 - - [20/Mar/2023:14:28:25 +0100] "GET / HTTP/1.1" 200 - "-" "bitdiscovery"
209.126.151.121 - - [20/Mar/2023:14:28:28 +0100] "HEAD / HTTP/1.1" 200 - "-" "bitdiscovery"
209.126.151.124 - - [20/Mar/2023:14:28:29 +0100] "HEAD / HTTP/1.1" 200 - "-" "bitdiscovery"
209.126.151.121 - - [20/Mar/2023:14:28:29 +0100] "GET / HTTP/1.1" 200 - "-" "bitdiscovery"
209.126.151.116 - - [20/Mar/2023:14:28:44 +0100] "HEAD / HTTP/1.1" 200 - "-" "bitdiscovery"
209.126.151.121 - - [20/Mar/2023:14:28:45 +0100] "GET / HTTP/1.1" 200 - "-" "bitdiscovery"
209.126.151.124 - - [20/Mar/2023:14:28:45 +0100] "GET / HTTP/1.1" 200 - "-" "bitdiscovery"
209.126.151.116 - - [20/Mar/2023:14:29:01 +0100] "GET / HTTP/1.1" 200 - "-" "bitdiscovery"
209.126.151.124 - - [20/Mar/2023:14:29:30 +0100] "HEAD / HTTP/1.1" 200 - "-" "bitdiscovery"
209.126.151.124 - - [20/Mar/2023:14:29:46 +0100] "GET / HTTP/1.1" 200 - "-" "bitdiscovery"
209.126.151.120 - - [20/Mar/2023:14:30:07 +0100] "HEAD / HTTP/1.1" 200 - "-" "bitdiscovery"
209.126.151.118 - - [20/Mar/2023:14:30:09 +0100] "HEAD / HTTP/1.1" 200 - "-" "bitdiscovery"
209.126.151.120 - - [20/Mar/2023:14:30:24 +0100] "GET / HTTP/1.1" 200 - "-" "bitdiscovery"
209.126.151.118 - - [20/Mar/2023:14:30:26 +0100] "GET / HTTP/1.1" 200 - "-" "bitdiscovery"
209.126.151.122 - - [20/Mar/2023:14:30:37 +0100] "HEAD / HTTP/1.1" 200 - "-" "bitdiscovery"
209.126.151.122 - - [20/Mar/2023:14:30:53 +0100] "GET / HTTP/1.1" 200 - "-" "bitdiscovery"
209.126.151.117 - - [20/Mar/2023:14:31:48 +0100] "HEAD / HTTP/1.1" 200 - "-" "bitdiscovery"
209.126.151.117 - - [20/Mar/2023:14:32:04 +0100] "GET / HTTP/1.1" 200 - "-" "bitdiscovery"
34.78.102.4 - - [20/Mar/2023:14:35:52 +0100] "GET / HTTP/1.1" 200 - "-" "Mozilla/5.0 (Windows NT 10.0; Win64; x64) AppleWebKit/537.36 (KHTML, like Gecko) Chrome/84.0.4147.105 Safari/537.36"
52.167.144.48 - - [20/Mar/2023:14:36:50 +0100] "GET /files/eloterjesztes_0826_kozze.doc HTTP/1.1" 200 391168 "-" "Mozilla/5.0 AppleWebKit/537.36 (KHTML, like Gecko; compatible; bingbot/2.0; +http://www.bing.com/bingbot.htm) Chrome/103.0.5060.134 Safari/537.36"
84.206.48.249 - - [20/Mar/2023:14:48:08 +0100] "GET /files/ekeloterj.doc HTTP/1.1" 200 100864 "https://www.google.hu/" "Mozilla/5.0 (Windows NT 6.1; Win64; x64; rv:109.0) Gecko/20100101 Firefox/111.0"
66.249.70.102 - - [20/Mar/2023:15:02:54 +0100] "GET /files/kollegium_terv_090922.pdf HTTP/1.1" 200 191630 "-" "Googlebot/2.1 (+http://www.google.com/bot.html)"
40.77.167.194 - - [20/Mar/2023:15:08:05 +0100] "GET /files/32per2004_eszcsm_rend_mod_090603.doc HTTP/1.1" 200 49664 "-" "Mozilla/5.0 AppleWebKit/537.36 (KHTML, like Gecko; compatible; bingbot/2.0; +http://www.bing.com/bingbot.htm) Chrome/103.0.5060.134 Safari/537.36"
54.36.148.199 - - [20/Mar/2023:15:29:01 +0100] "GET /robots.txt HTTP/1.1" 200 1590 "-" "Mozilla/5.0 (compatible; AhrefsBot/7.0; +http://ahrefs.com/robot/)"
91.82.199.181 - - [20/Mar/2023:15:41:31 +0100] "GET /files/ptk_kotelmi_jog.pdf HTTP/1.1" 206 50938 "https://www.google.com/" "Mozilla/5.0 (Windows NT 10.0; Win64; x64; rv:109.0) Gecko/20100101 Firefox/110.0"
91.82.199.181 - - [20/Mar/2023:15:41:31 +0100] "GET /favicon.ico HTTP/1.1" 404 57 "http://www.jogalkotas.hu/" "Mozilla/5.0 (Windows NT 10.0; Win64; x64; rv:109.0) Gecko/20100101 Firefox/110.0"
91.82.199.181 - - [20/Mar/2023:15:41:31 +0100] "GET /files/ptk_kotelmi_jog.pdf HTTP/1.1" 200 706298 "https://www.google.com/" "Mozilla/5.0 (Windows NT 10.0; Win64; x64; rv:109.0) Gecko/20100101 Firefox/110.0"
66.249.70.102 - - [20/Mar/2023:15:45:38 +0100] "GET /files/felsooktatasi_felveteli_terezet.pdf HTTP/1.1" 200 132407 "-" "Googlebot/2.1 (+http://www.google.com/bot.html)"
66.249.70.106 - - [20/Mar/2023:15:47:21 +0100] "GET /files/Maconkai-ret_tervezet.pdf HTTP/1.1" 200 183314 "-" "Googlebot/2.1 (+http://www.google.com/bot.html)"
5.38.173.103 - - [20/Mar/2023:16:14:16 +0100] "GET /files/ptk_kotelmi_jog.pdf HTTP/1.1" 200 706298 "https://www.google.com/" "Mozilla/5.0 (Windows NT 10.0; Win64; x64) AppleWebKit/537.36 (KHTML, like Gecko) Chrome/111.0.0.0 Safari/537.36"
5.38.173.103 - - [20/Mar/2023:16:14:16 +0100] "GET /favicon.ico HTTP/1.1" 404 57 "http://www.jogalkotas.hu/files/ptk_kotelmi_jog.pdf" "Mozilla/5.0 (Windows NT 10.0; Win64; x64) AppleWebKit/537.36 (KHTML, like Gecko) Chrome/111.0.0.0 Safari/537.36"
216.244.66.200 - - [20/Mar/2023:16:33:22 +0100] "GET /robots.txt HTTP/1.1" 200 1590 "-" "Mozilla/5.0 (compatible; DotBot/1.2; +https://opensiteexplorer.org/dotbot; help@moz.com)"
114.119.138.140 - - [20/Mar/2023:16:36:58 +0100] "GET /files/eloterjszabsert.doc HTTP/1.1" 200 307200 "-" "Mozilla/5.0 (Linux; Android 7.0;) AppleWebKit/537.36 (KHTML, like Gecko) Mobile Safari/537.36 (compatible; PetalBot;+https://webmaster.petalsearch.com/site/petalbot)"
114.119.136.160 - - [20/Mar/2023:16:38:15 +0100] "GET /files/93_2_tv_mod_kormeloterj.pdf HTTP/1.1" 200 179567 "-" "Mozilla/5.0 (Linux; Android 7.0;) AppleWebKit/537.36 (KHTML, like Gecko) Mobile Safari/537.36 (compatible; PetalBot;+https://webmaster.petalsearch.com/site/petalbot)"
103.131.71.95 - - [20/Mar/2023:16:42:55 +0100] "GET /robots.txt HTTP/1.1" 200 1590 "-" "Mozilla/5.0 (compatible; coccocbot-web/1.0; +http://help.coccoc.com/searchengine)"
216.244.66.200 - - [20/Mar/2023:16:44:03 +0100] "GET /taxonomy/term/47/0/feed HTTP/1.1" 200 - "-" "Mozilla/5.0 (compatible; DotBot/1.2; +https://opensiteexplorer.org/dotbot; help@moz.com)"
103.131.71.233 - - [20/Mar/2023:16:44:41 +0100] "GET /files/47343.pdf HTTP/1.1" 200 445277 "-" "Mozilla/5.0 (compatible; coccocbot-web/1.0; +http://help.coccoc.com/searchengine)"
66.249.70.104 - - [20/Mar/2023:16:46:30 +0100] "GET /files/OHT_II_febr2.pdf HTTP/1.1" 304 - "-" "Mozilla/5.0 (Linux; Android 6.0.1; Nexus 5X Build/MMB29P) AppleWebKit/537.36 (KHTML, like Gecko) Chrome/111.0.5563.64 Mobile Safari/537.36 (compatible; Googlebot/2.1; +http://www.google.com/bot.html)"
176.63.13.180 - - [20/Mar/2023:17:17:31 +0100] "GET /files/szakkepesites_rendelettervezet_080421.pdf HTTP/1.1" 200 142479 "https://www.google.com/" "Mozilla/5.0 (Windows NT 10.0; Win64; x64) AppleWebKit/537.36 (KHTML, like Gecko) Chrome/111.0.0.0 Safari/537.36 Edg/111.0.1661.44"
176.63.13.180 - - [20/Mar/2023:17:17:31 +0100] "GET /favicon.ico HTTP/1.1" 404 57 "http://jogalkotas.hu/files/szakkepesites_rendelettervezet_080421.pdf" "Mozilla/5.0 (Windows NT 10.0; Win64; x64) AppleWebKit/537.36 (KHTML, like Gecko) Chrome/111.0.0.0 Safari/537.36 Edg/111.0.1661.44"
66.249.70.106 - - [20/Mar/2023:17:28:00 +0100] "GET /files/az_uj_ptk_koncepcioja.pdf HTTP/1.1" 200 169125 "-" "Googlebot/2.1 (+http://www.google.com/bot.html)"
66.249.64.75 - - [20/Mar/2023:17:31:31 +0100] "GET /robots.txt HTTP/1.1" 200 1590 "-" "Mozilla/5.0 (compatible; Googlebot/2.1; +http://www.google.com/bot.html)"
66.249.64.75 - - [20/Mar/2023:17:31:31 +0100] "GET /files/kollegium_terv_090922.pdf HTTP/1.1" 200 191630 "-" "Mozilla/5.0 (compatible; Googlebot/2.1; +http://www.google.com/bot.html)"
66.249.70.106 - - [20/Mar/2023:17:36:27 +0100] "GET /files/ptk._szemelyek.pdf HTTP/1.1" 200 180749 "-" "Googlebot/2.1 (+http://www.google.com/bot.html)"
66.249.70.104 - - [20/Mar/2023:17:44:28 +0100] "GET /files/aflatoxinrendelet_1.pdf HTTP/1.1" 200 752547 "-" "Mozilla/5.0 (compatible; Googlebot/2.1; +http://www.google.com/bot.html)"
40.77.167.190 - - [20/Mar/2023:17:46:04 +0100] "GET / HTTP/1.1" 200 - "-" "Mozilla/5.0 AppleWebKit/537.36 (KHTML, like Gecko; compatible; bingbot/2.0; +http://www.bing.com/bingbot.htm) Chrome/103.0.5060.134 Safari/537.36"
88.160.142.224 - - [20/Mar/2023:18:02:30 +0100] "HEAD / HTTP/1.1" 200 - "https://www.bing.com" "Mozilla/5.0 (Windows NT 5.1) AppleWebKit/537.36 (KHTML, like Gecko) Chrome/41.0.2224.3 Safari/537.36"
40.77.167.190 - - [20/Mar/2023:18:29:19 +0100] "GET /files/R199_4_indoklas.doc HTTP/1.1" 200 35840 "-" "Mozilla/5.0 AppleWebKit/537.36 (KHTML, like Gecko; compatible; bingbot/2.0; +http://www.bing.com/bingbot.htm) Chrome/103.0.5060.134 Safari/537.36"
178.48.215.229 - - [20/Mar/2023:18:42:32 +0100] "GET /files/rendelet_szakmapolra.doc HTTP/1.1" 200 175616 "-" "Mozilla/5.0 (Windows NT 10.0; Win64; x64) AppleWebKit/537.36 (KHTML, like Gecko) Chrome/111.0.0.0 Safari/537.36"
5.187.152.106 - - [20/Mar/2023:18:44:25 +0100] "GET /files/elemiszerkonyv122007.pdf HTTP/1.1" 200 152700 "-" "Mozilla/5.0 (Windows NT 10.0; Win64; x64) AppleWebKit/537.36 (KHTML, like Gecko) Chrome/111.0.0.0 Safari/537.36"
5.187.152.106 - - [20/Mar/2023:18:44:26 +0100] "GET /favicon.ico HTTP/1.1" 404 57 "http://www.jogalkotas.hu/files/elemiszerkonyv122007.pdf" "Mozilla/5.0 (Windows NT 10.0; Win64; x64) AppleWebKit/537.36 (KHTML, like Gecko) Chrome/111.0.0.0 Safari/537.36"
188.36.31.230 - - [20/Mar/2023:18:47:35 +0100] "GET /files/im_rendelet_a_cstv_szerinti.pdf HTTP/1.1" 200 66716 "https://www.google.com/" "Mozilla/5.0 (Windows NT 10.0; Win64; x64) AppleWebKit/537.36 (KHTML, like Gecko) Chrome/111.0.0.0 Safari/537.36"
188.36.31.230 - - [20/Mar/2023:18:47:37 +0100] "GET /favicon.ico HTTP/1.1" 404 57 "http://jogalkotas.hu/files/im_rendelet_a_cstv_szerinti.pdf" "Mozilla/5.0 (Windows NT 10.0; Win64; x64) AppleWebKit/537.36 (KHTML, like Gecko) Chrome/111.0.0.0 Safari/537.36"
188.157.253.128 - - [20/Mar/2023:18:50:26 +0100] "GET /favicon.ico HTTP/1.1" 404 57 "http://www.jogalkotas.hu/" "Mozilla/5.0 (Windows NT 6.1; Win64; x64; rv:109.0) Gecko/20100101 Firefox/111.0"
188.157.253.128 - - [20/Mar/2023:18:50:26 +0100] "GET /files/ptk_kotelmi_jog.pdf HTTP/1.1" 200 706298 "https://www.google.com/" "Mozilla/5.0 (Windows NT 6.1; Win64; x64; rv:109.0) Gecko/20100101 Firefox/111.0"
188.157.253.128 - - [20/Mar/2023:18:50:27 +0100] "GET /files/ptk_kotelmi_jog.pdf HTTP/1.1" 206 50938 "https://www.google.com/" "Mozilla/5.0 (Windows NT 6.1; Win64; x64; rv:109.0) Gecko/20100101 Firefox/111.0"
89.223.137.229 - - [20/Mar/2023:19:14:19 +0100] "GET /files/ptk_kotelmi_jog.pdf HTTP/1.1" 200 706298 "https://www.google.com/" "Mozilla/5.0 (Windows NT 10.0; Win64; x64; rv:109.0) Gecko/20100101 Firefox/111.0"
89.223.137.229 - - [20/Mar/2023:19:14:19 +0100] "GET /favicon.ico HTTP/1.1" 404 57 "http://www.jogalkotas.hu/" "Mozilla/5.0 (Windows NT 10.0; Win64; x64; rv:109.0) Gecko/20100101 Firefox/111.0"
89.133.114.212 - - [20/Mar/2023:19:17:45 +0100] "GET /files/kedvesllat_elterjeszts_07_25.pdf HTTP/1.1" 200 128292 "https://www.google.com/" "Mozilla/5.0 (Windows NT 10.0; Win64; x64) AppleWebKit/537.36 (KHTML, like Gecko) Chrome/111.0.0.0 Safari/537.36"
89.133.114.212 - - [20/Mar/2023:19:17:45 +0100] "GET /favicon.ico HTTP/1.1" 404 57 "http://jogalkotas.hu/files/kedvesllat_elterjeszts_07_25.pdf" "Mozilla/5.0 (Windows NT 10.0; Win64; x64) AppleWebKit/537.36 (KHTML, like Gecko) Chrome/111.0.0.0 Safari/537.36"
78.131.20.208 - - [20/Mar/2023:20:12:00 +0100] "GET /files/gyamhatosag_eloterj_061204.pdf HTTP/1.1" 200 202318 "https://www.google.com/" "Mozilla/5.0 (Linux; Android 12; M2103K19G) AppleWebKit/537.36 (KHTML, like Gecko) Chrome/111.0.0.0 Mobile Safari/537.36"
78.131.20.208 - - [20/Mar/2023:20:12:05 +0100] "GET /files/gyamhatosag_eloterj_061204.pdf HTTP/1.1" 206 1 "https://www.google.com/" "Mozilla/5.0 (Linux; Android 12; M2103K19G) AppleWebKit/537.36 (KHTML, like Gecko) Chrome/111.0.0.0 Mobile Safari/537.36"
78.131.20.208 - - [20/Mar/2023:20:12:05 +0100] "GET /files/gyamhatosag_eloterj_061204.pdf HTTP/1.1" 206 46611 "https://www.google.com/" "Mozilla/5.0 (Linux; Android 12; M2103K19G) AppleWebKit/537.36 (KHTML, like Gecko) Chrome/111.0.0.0 Mobile Safari/537.36"
78.131.20.208 - - [20/Mar/2023:20:12:08 +0100] "GET /files/gyamhatosag_eloterj_061204.pdf HTTP/1.1" 206 1 "https://www.google.com/" "Mozilla/5.0 (Linux; Android 12; M2103K19G) AppleWebKit/537.36 (KHTML, like Gecko) Chrome/111.0.0.0 Mobile Safari/537.36"
78.131.20.208 - - [20/Mar/2023:20:12:08 +0100] "GET /files/gyamhatosag_eloterj_061204.pdf HTTP/1.1" 206 46611 "https://www.google.com/" "Mozilla/5.0 (Linux; Android 12; M2103K19G) AppleWebKit/537.36 (KHTML, like Gecko) Chrome/111.0.0.0 Mobile Safari/537.36"
66.249.70.104 - - [20/Mar/2023:20:41:33 +0100] "GET /files/hajozo_hmrend.pdf HTTP/1.1" 200 339236 "-" "Mozilla/5.0 (Windows NT 10.0; Win64; x64)AppleWebKit/537.36 (KHTML, like Gecko) Chrome/91.0.4472.101 Safari/537.36 (compatible; GoogleOther)"
195.38.111.38 - - [20/Mar/2023:20:43:06 +0100] "GET /favicon.ico HTTP/1.1" 404 57 "http://jogalkotas.hu/files/47343.pdf" "Mozilla/5.0 (Windows NT 10.0; Win64; x64) AppleWebKit/537.36 (KHTML, like Gecko) Chrome/111.0.0.0 Safari/537.36"
195.38.111.38 - - [20/Mar/2023:20:43:06 +0100] "GET /files/47343.pdf HTTP/1.1" 200 445277 "https://www.google.com/" "Mozilla/5.0 (Windows NT 10.0; Win64; x64) AppleWebKit/537.36 (KHTML, like Gecko) Chrome/111.0.0.0 Safari/537.36"
91.120.178.228 - - [20/Mar/2023:20:56:56 +0100] "GET /files/gyamhatosag_eloterj_061204.pdf HTTP/1.1" 200 597742 "-" "Dalvik/2.1.0 (Linux; U; Android 10; ELE-L29 Build/HUAWEIELE-L29)"
40.77.167.101 - - [20/Mar/2023:20:59:28 +0100] "GET /robots.txt HTTP/1.1" 200 1590 "-" "Mozilla/5.0 AppleWebKit/537.36 (KHTML, like Gecko; compatible; bingbot/2.0; +http://www.bing.com/bingbot.htm) Chrome/103.0.5060.134 Safari/537.36"
52.167.144.40 - - [20/Mar/2023:20:59:40 +0100] "GET /files/alapfoku_muvokt_terv_090220.pdf HTTP/1.1" 200 310183 "-" "Mozilla/5.0 AppleWebKit/537.36 (KHTML, like Gecko; compatible; bingbot/2.0; +http://www.bing.com/bingbot.htm) Chrome/103.0.5060.134 Safari/537.36"
89.134.31.233 - - [20/Mar/2023:21:48:49 +0100] "GET /files/newcastle_rendelet_velemenyezesre.pdf HTTP/1.1" 200 188637 "https://www.google.com/" "Mozilla/5.0 (Windows NT 10.0; Win64; x64) AppleWebKit/537.36 (KHTML, like Gecko) Chrome/111.0.0.0 Safari/537.36"
89.134.31.233 - - [20/Mar/2023:21:48:49 +0100] "GET /favicon.ico HTTP/1.1" 404 57 "http://www.jogalkotas.hu/files/newcastle_rendelet_velemenyezesre.pdf" "Mozilla/5.0 (Windows NT 10.0; Win64; x64) AppleWebKit/537.36 (KHTML, like Gecko) Chrome/111.0.0.0 Safari/537.36"
40.77.167.190 - - [20/Mar/2023:21:59:52 +0100] "GET /files/karbantart___szem__lyzet_szakmaira.doc HTTP/1.1" 200 1932288 "-" "Mozilla/5.0 AppleWebKit/537.36 (KHTML, like Gecko; compatible; bingbot/2.0; +http://www.bing.com/bingbot.htm) Chrome/103.0.5060.134 Safari/537.36"
198.235.24.186 - - [20/Mar/2023:22:20:10 +0100] "GET / HTTP/1.1" 200 - "-" "Expanse, a Palo Alto Networks company, searches across the global IPv4 space multiple times per day to identify customers' presences on the Internet. If you would like to be excluded from our scans, please send IP addresses/domains to: scaninfo@paloaltonetworks.com"
66.249.70.106 - - [20/Mar/2023:22:20:55 +0100] "GET /files/tk19.pdf HTTP/1.1" 200 194017 "-" "Mozilla/5.0 (compatible; Googlebot/2.1; +http://www.google.com/bot.html)"
52.167.144.34 - - [20/Mar/2023:23:08:06 +0100] "GET /files/talajvedelem_fvm_velemenyezesre.pdf HTTP/1.1" 200 379774 "-" "Mozilla/5.0 AppleWebKit/537.36 (KHTML, like Gecko; compatible; bingbot/2.0; +http://www.bing.com/bingbot.htm) Chrome/103.0.5060.134 Safari/537.36"
66.249.70.102 - - [20/Mar/2023:23:11:38 +0100] "GET /files/ingatlan_nyilvantartas_tervezet_060524.pdf HTTP/1.1" 304 - "-" "Mozilla/5.0 (Linux; Android 6.0.1; Nexus 5X Build/MMB29P) AppleWebKit/537.36 (KHTML, like Gecko) Chrome/111.0.5563.64 Mobile Safari/537.36 (compatible; Googlebot/2.1; +http://www.google.com/bot.html)"
13.38.69.223 - - [20/Mar/2023:23:34:26 +0100] "GET / HTTP/1.1" 200 - "-" "Java/1.6.0_04"
13.38.69.223 - - [20/Mar/2023:23:34:58 +0100] "GET / HTTP/1.1" 200 - "-" "Java/1.6.0_04"
66.249.70.102 - - [20/Mar/2023:23:46:12 +0100] "GET /files/Lakhely_megismer_rendeletek_tervezet10.20._0.doc HTTP/1.1" 200 139776 "-" "Mozilla/5.0 (Linux; Android 6.0.1; Nexus 5X Build/MMB29P) AppleWebKit/537.36 (KHTML, like Gecko) Chrome/111.0.5563.64 Mobile Safari/537.36 (compatible; Googlebot/2.1; +http://www.google.com/bot.html)"
66.249.70.104 - - [21/Mar/2023:00:31:57 +0100] "GET /files/szemelyugyi_igazgatas.pdf HTTP/1.1" 304 - "-" "Mozilla/5.0 (Linux; Android 6.0.1; Nexus 5X Build/MMB29P) AppleWebKit/537.36 (KHTML, like Gecko) Chrome/111.0.5563.64 Mobile Safari/537.36 (compatible; Googlebot/2.1; +http://www.google.com/bot.html)"
20.7.173.73 - - [21/Mar/2023:00:37:27 +0100] "GET /.env HTTP/1.1" 200 - "-" "Python/3.11 aiohttp/3.8.3"
157.55.39.212 - - [21/Mar/2023:00:56:05 +0100] "GET /node/2569 HTTP/1.1" 200 - "-" "Mozilla/5.0 AppleWebKit/537.36 (KHTML, like Gecko; compatible; bingbot/2.0; +http://www.bing.com/bingbot.htm) Chrome/103.0.5060.134 Safari/537.36"
35.235.124.99 - - [21/Mar/2023:01:00:38 +0100] "GET / HTTP/1.1" 200 - "-" "Mozilla/5.0 (Windows NT 10.0; Win64; x64) AppleWebKit/537.36 (KHTML, like Gecko) Chrome/78.0.3904.108 Safari/537.36"
35.235.124.99 - - [21/Mar/2023:01:01:10 +0100] "GET / HTTP/1.1" 200 - "-" "Mozilla/5.0 (Windows NT 10.0; Win64; x64) AppleWebKit/537.36 (KHTML, like Gecko) Chrome/78.0.3904.108 Safari/537.36"
216.244.66.200 - - [21/Mar/2023:01:01:42 +0100] "GET /robots.txt HTTP/1.1" 200 1590 "-" "Mozilla/5.0 (compatible; DotBot/1.2; +https://opensiteexplorer.org/dotbot; help@moz.com)"
35.235.124.99 - - [21/Mar/2023:01:01:42 +0100] "GET /wp-includes/wlwmanifest.xml HTTP/1.1" 200 - "-" "Mozilla/5.0 (Windows NT 10.0; Win64; x64) AppleWebKit/537.36 (KHTML, like Gecko) Chrome/78.0.3904.108 Safari/537.36"
216.244.66.200 - - [21/Mar/2023:01:09:35 +0100] "GET /node/2396 HTTP/1.1" 200 - "-" "Mozilla/5.0 (compatible; DotBot/1.2; +https://opensiteexplorer.org/dotbot; help@moz.com)"
216.244.66.200 - - [21/Mar/2023:01:10:05 +0100] "GET /node/2468 HTTP/1.1" 200 - "-" "Mozilla/5.0 (compatible; DotBot/1.2; +https://opensiteexplorer.org/dotbot; help@moz.com)"
20.7.173.73 - - [21/Mar/2023:01:12:33 +0100] "POST / HTTP/1.1" 200 - "-" "Python/3.11 aiohttp/3.8.3"
13.38.69.223 - - [21/Mar/2023:01:25:39 +0100] "GET / HTTP/1.1" 200 - "-" "Java/1.6.0_04"
13.38.69.223 - - [21/Mar/2023:01:26:11 +0100] "GET / HTTP/1.1" 200 - "-" "Java/1.6.0_04"
216.244.66.200 - - [21/Mar/2023:01:51:58 +0100] "GET /robots.txt HTTP/1.1" 200 1590 "-" "Mozilla/5.0 (compatible; DotBot/1.2; +https://opensiteexplorer.org/dotbot; help@moz.com)"
216.244.66.200 - - [21/Mar/2023:02:00:15 +0100] "GET /taxonomy/term/55%2057%2058%2059%2060%2061%2062%2063%2064%2065%2066%2067%2068%2069%2070%2071%2072%2073%2074%2075?page=1 HTTP/1.1" 200 - "-" "Mozilla/5.0 (compatible; DotBot/1.2; +https://opensiteexplorer.org/dotbot; help@moz.com)"
66.249.70.104 - - [21/Mar/2023:02:09:17 +0100] "GET /files/igszak.igszolg_rend.terv_090727.doc HTTP/1.1" 200 289792 "-" "Mozilla/5.0 (compatible; Googlebot/2.1; +http://www.google.com/bot.html)"
54.36.149.19 - - [21/Mar/2023:02:09:56 +0100] "GET / HTTP/1.1" 200 - "-" "Mozilla/5.0 (compatible; AhrefsBot/7.0; +http://ahrefs.com/robot/)"
