40.77.167.189 - - [03/May/2023:19:53:40 +0200] "GET /node/530 HTTP/1.1" 200 - "-" "Mozilla/5.0 AppleWebKit/537.36 (KHTML, like Gecko; compatible; bingbot/2.0; +http://www.bing.com/bingbot.htm) Chrome/103.0.5060.134 Safari/537.36"
66.249.70.110 - - [03/May/2023:20:41:25 +0200] "GET /files/ptk-normaszoveg-tervezet_20071029.pdf HTTP/1.1" 304 - "-" "Mozilla/5.0 (Linux; Android 6.0.1; Nexus 5X Build/MMB29P) AppleWebKit/537.36 (KHTML, like Gecko) Chrome/112.0.5615.142 Mobile Safari/537.36 (compatible; Googlebot/2.1; +http://www.google.com/bot.html)"
40.77.167.101 - - [03/May/2023:21:13:49 +0200] "GET /robots.txt HTTP/1.1" 200 1590 "-" "Mozilla/5.0 AppleWebKit/537.36 (KHTML, like Gecko; compatible; bingbot/2.0; +http://www.bing.com/bingbot.htm) Chrome/103.0.5060.134 Safari/537.36"
40.77.167.189 - - [03/May/2023:21:14:28 +0200] "GET / HTTP/1.1" 200 - "-" "Mozilla/5.0 AppleWebKit/537.36 (KHTML, like Gecko; compatible; bingbot/2.0; +http://www.bing.com/bingbot.htm) Chrome/103.0.5060.134 Safari/537.36"
40.77.167.189 - - [03/May/2023:21:37:10 +0200] "GET / HTTP/1.1" 200 - "-" "Mozilla/5.0 AppleWebKit/537.36 (KHTML, like Gecko; compatible; bingbot/2.0; +http://www.bing.com/bingbot.htm) Chrome/103.0.5060.134 Safari/537.36"
66.249.64.75 - - [03/May/2023:21:46:25 +0200] "GET /files/rendelet_szakmapolra.doc HTTP/1.1" 304 - "-" "Mozilla/5.0 (Linux; Android 6.0.1; Nexus 5X Build/MMB29P) AppleWebKit/537.36 (KHTML, like Gecko) Chrome/112.0.5615.142 Mobile Safari/537.36 (compatible; Googlebot/2.1; +http://www.google.com/bot.html)"
66.249.70.112 - - [03/May/2023:21:46:26 +0200] "GET /files/norma_0317_kozigre.doc HTTP/1.1" 304 - "-" "Mozilla/5.0 (Linux; Android 6.0.1; Nexus 5X Build/MMB29P) AppleWebKit/537.36 (KHTML, like Gecko) Chrome/112.0.5615.142 Mobile Safari/537.36 (compatible; Googlebot/2.1; +http://www.google.com/bot.html)"
207.46.13.217 - - [03/May/2023:22:17:57 +0200] "GET /node/2110 HTTP/1.1" 200 - "-" "Mozilla/5.0 AppleWebKit/537.36 (KHTML, like Gecko; compatible; bingbot/2.0; +http://www.bing.com/bingbot.htm) Chrome/103.0.5060.134 Safari/537.36"
78.92.118.71 - - [03/May/2023:22:25:25 +0200] "GET /files/ptk_kotelmi_jog.pdf HTTP/1.1" 200 706298 "https://www.google.com/" "Mozilla/5.0 (Windows NT 10.0; Win64; x64) AppleWebKit/537.36 (KHTML, like Gecko) Chrome/112.0.0.0 Safari/537.36"
78.92.118.71 - - [03/May/2023:22:25:25 +0200] "GET /favicon.ico HTTP/1.1" 404 57 "http://www.jogalkotas.hu/files/ptk_kotelmi_jog.pdf" "Mozilla/5.0 (Windows NT 10.0; Win64; x64) AppleWebKit/537.36 (KHTML, like Gecko) Chrome/112.0.0.0 Safari/537.36"
40.77.167.189 - - [03/May/2023:22:29:54 +0200] "GET /files/_veg3fmujfdhqa4st0cs_.pdf HTTP/1.1" 304 - "-" "Mozilla/5.0 AppleWebKit/537.36 (KHTML, like Gecko; compatible; bingbot/2.0; +http://www.bing.com/bingbot.htm) Chrome/103.0.5060.134 Safari/537.36"
66.249.70.114 - - [03/May/2023:22:48:40 +0200] "GET /files/ekozig2010strategia_0604.pdf HTTP/1.1" 200 820659 "-" "Googlebot/2.1 (+http://www.google.com/bot.html)"
54.154.19.112 - - [03/May/2023:23:20:09 +0200] "GET / HTTP/1.0" 200 - "-" "Mozilla/5.0 (compatible; NetcraftSurveyAgent/1.0; +info@netcraft.com)"
144.76.14.54 - - [03/May/2023:23:20:28 +0200] "GET /robots.txt HTTP/1.1" 200 1590 "-" "Mozilla/5.0 (Windows NT 10.0; Win64; x64; trendictionbot0.5.0; trendiction search; http://www.trendiction.de/bot; please let us know of any problems; web at trendiction.com) Gecko/20170101 Firefox/67.0"
144.76.14.54 - - [03/May/2023:23:21:02 +0200] "GET / HTTP/1.1" 200 - "-" "Mozilla/5.0 (Windows NT 10.0; Win64; x64; trendictionbot0.5.0; trendiction search; http://www.trendiction.de/bot; please let us know of any problems; web at trendiction.com) Gecko/20170101 Firefox/67.0"
144.76.14.54 - - [03/May/2023:23:21:34 +0200] "GET / HTTP/1.1" 200 - "-" "Mozilla/5.0 (Windows NT 10.0; Win64; x64; trendictionbot0.5.0; trendiction search; http://www.trendiction.de/bot; please let us know of any problems; web at trendiction.com) Gecko/20170101 Firefox/67.0"
144.76.14.54 - - [03/May/2023:23:22:06 +0200] "GET / HTTP/1.1" 200 - "-" "Mozilla/5.0 (Windows NT 10.0; Win64; x64; trendictionbot0.5.0; trendiction search; http://www.trendiction.de/bot; please let us know of any problems; web at trendiction.com) Gecko/20170101 Firefox/67.0"
144.76.14.54 - - [03/May/2023:23:22:38 +0200] "GET / HTTP/1.1" 200 - "-" "Mozilla/5.0 (Windows NT 10.0; Win64; x64; trendictionbot0.5.0; trendiction search; http://www.trendiction.de/bot; please let us know of any problems; web at trendiction.com) Gecko/20170101 Firefox/67.0"
157.55.39.211 - - [03/May/2023:23:27:21 +0200] "GET /drupal/node/672 HTTP/1.1" 200 - "-" "Mozilla/5.0 AppleWebKit/537.36 (KHTML, like Gecko; compatible; bingbot/2.0; +http://www.bing.com/bingbot.htm) Chrome/103.0.5060.134 Safari/537.36"
132.226.13.15 - - [03/May/2023:23:44:44 +0200] "GET /style.php?sig=update&domain=51.79.124.111 HTTP/1.1" 200 - "www.google.com" "Mozlila/5.0 (Linux; Android 7.0; SM-G892A Bulid/NRD90M; wv) AppleWebKit/537.36 (KHTML, like Gecko) Version/4.0 Chrome/60.0.3112.107 Moblie Safari/537.36"
37.76.8.20 - - [03/May/2023:23:56:26 +0200] "GET /files/6125_2_.pdf HTTP/1.1" 200 45346 "https://www.google.com/" "Mozilla/5.0 (Linux; Android 10; K) AppleWebKit/537.36 (KHTML, like Gecko) Chrome/112.0.0.0 Mobile Safari/537.36"
37.76.8.20 - - [03/May/2023:23:56:32 +0200] "GET /files/6125_2_.pdf HTTP/1.1" 206 1 "https://www.google.com/" "Mozilla/5.0 (Linux; Android 10; K) AppleWebKit/537.36 (KHTML, like Gecko) Chrome/112.0.0.0 Mobile Safari/537.36"
37.76.8.20 - - [03/May/2023:23:56:32 +0200] "GET /files/6125_2_.pdf HTTP/1.1" 206 45292 "https://www.google.com/" "Mozilla/5.0 (Linux; Android 10; K) AppleWebKit/537.36 (KHTML, like Gecko) Chrome/112.0.0.0 Mobile Safari/537.36"
37.76.8.20 - - [03/May/2023:23:56:34 +0200] "GET /files/6125_2_.pdf HTTP/1.1" 206 1 "https://www.google.com/" "Mozilla/5.0 (Linux; Android 10; K) AppleWebKit/537.36 (KHTML, like Gecko) Chrome/112.0.0.0 Mobile Safari/537.36"
37.76.8.20 - - [03/May/2023:23:56:34 +0200] "GET /files/6125_2_.pdf HTTP/1.1" 206 45292 "https://www.google.com/" "Mozilla/5.0 (Linux; Android 10; K) AppleWebKit/537.36 (KHTML, like Gecko) Chrome/112.0.0.0 Mobile Safari/537.36"
157.55.39.211 - - [04/May/2023:00:01:02 +0200] "GET /files/4411_20.pdf HTTP/1.1" 304 - "-" "Mozilla/5.0 AppleWebKit/537.36 (KHTML, like Gecko; compatible; bingbot/2.0; +http://www.bing.com/bingbot.htm) Chrome/103.0.5060.134 Safari/537.36"
66.249.70.110 - - [04/May/2023:00:26:25 +0200] "GET /files/ptk.dologi_jog_0.pdf HTTP/1.1" 200 141671 "-" "Mozilla/5.0 (Linux; Android 6.0.1; Nexus 5X Build/MMB29P) AppleWebKit/537.36 (KHTML, like Gecko) Chrome/112.0.5615.142 Mobile Safari/537.36 (compatible; Googlebot/2.1; +http://www.google.com/bot.html)"
66.249.70.112 - - [04/May/2023:00:47:27 +0200] "GET /files/ooszi.pdf HTTP/1.1" 304 - "-" "Mozilla/5.0 (Linux; Android 6.0.1; Nexus 5X Build/MMB29P) AppleWebKit/537.36 (KHTML, like Gecko) Chrome/112.0.5615.142 Mobile Safari/537.36 (compatible; Googlebot/2.1; +http://www.google.com/bot.html)"
88.99.238.79 - - [04/May/2023:00:49:38 +0200] "GET /ads.txt HTTP/1.0" 200 - "-" "Mozilla/5.0 (Windows NT 10.0; Win64; x64; rv:86.0) Gecko/20100101 Firefox/86.0"
40.77.167.189 - - [04/May/2023:00:51:08 +0200] "GET /files/nov_ved_velemenyezesre.pdf HTTP/1.1" 200 300982 "-" "Mozilla/5.0 AppleWebKit/537.36 (KHTML, like Gecko; compatible; bingbot/2.0; +http://www.bing.com/bingbot.htm) Chrome/103.0.5060.134 Safari/537.36"
46.246.122.214 - - [04/May/2023:00:56:18 +0200] "GET / HTTP/1.1" 200 - "-" "Mozilla/5.0 (compatible; Googlebot/2.1; +http://www.google.com/bot.html)"
46.246.122.214 - - [04/May/2023:00:56:50 +0200] "GET / HTTP/1.1" 200 - "-" "Mozilla/5.0 (compatible; Googlebot/2.1; +http://www.google.com/bot.html)"
46.246.122.214 - - [04/May/2023:00:57:22 +0200] "GET / HTTP/1.1" 200 - "-" "Mozilla/5.0 (compatible; Googlebot/2.1; +http://www.google.com/bot.html)"
46.246.122.214 - - [04/May/2023:00:57:48 +0200] "GET / HTTP/1.1" 200 - "-" "Mozilla/5.0 (Macintosh; Intel Mac OS X 10.8; rv:21.0) Gecko/20100101 Firefox/21.0"
46.246.122.214 - - [04/May/2023:00:58:20 +0200] "GET / HTTP/1.1" 200 - "-" "Mozilla/5.0 (Macintosh; Intel Mac OS X 10.8; rv:21.0) Gecko/20100101 Firefox/21.0"
46.246.122.214 - - [04/May/2023:00:58:52 +0200] "GET / HTTP/1.1" 200 - "-" "Mozilla/5.0 (Macintosh; Intel Mac OS X 10.8; rv:21.0) Gecko/20100101 Firefox/21.0"
5.135.142.46 - - [04/May/2023:01:01:48 +0200] "GET /files/TK79-1.doc HTTP/1.1" 200 72704 "-" "Mozilla/5.0 (Windows; U; Windows NT 6.1; nl; rv:1.9.2.13) Gecko/20101203 Firefox/3.6.13"
216.244.66.200 - - [04/May/2023:01:03:11 +0200] "GET /robots.txt HTTP/1.1" 200 1590 "-" "Mozilla/5.0 (compatible; DotBot/1.2; +https://opensiteexplorer.org/dotbot; help@moz.com)"
216.244.66.200 - - [04/May/2023:01:03:11 +0200] "GET /robots.txt HTTP/1.1" 200 1590 "-" "Mozilla/5.0 (compatible; DotBot/1.2; +https://opensiteexplorer.org/dotbot; help@moz.com)"
114.119.150.254 - - [04/May/2023:01:19:25 +0200] "GET /robots.txt HTTP/1.1" 200 1590 "-" "Mozilla/5.0 (compatible;PetalBot;+https://webmaster.petalsearch.com/site/petalbot)"
216.244.66.200 - - [04/May/2023:01:27:32 +0200] "GET /files/19_2003___iv__29___eszcsm_rendelet_m%C3%83%C2%B3dos%C3%83%C2%ADt%C3%83%C2%A1sa_8.doc HTTP/1.1" 200 - "-" "Mozilla/5.0 (compatible; DotBot/1.2; +https://opensiteexplorer.org/dotbot; help@moz.com)"
216.244.66.200 - - [04/May/2023:01:28:23 +0200] "GET /taxonomy/term/67/0/feed HTTP/1.1" 200 - "-" "Mozilla/5.0 (compatible; DotBot/1.2; +https://opensiteexplorer.org/dotbot; help@moz.com)"
103.131.71.82 - - [04/May/2023:01:50:25 +0200] "GET /robots.txt HTTP/1.1" 200 1590 "-" "Mozilla/5.0 (compatible; coccocbot-web/1.0; +http://help.coccoc.com/searchengine)"
103.131.71.228 - - [04/May/2023:01:50:35 +0200] "GET /files/47343.pdf HTTP/1.1" 304 - "-" "Mozilla/5.0 (compatible; coccocbot-web/1.0; +http://help.coccoc.com/searchengine)"
66.249.64.75 - - [04/May/2023:01:56:25 +0200] "GET /files/NFGM9341.pdf HTTP/1.1" 304 - "-" "Mozilla/5.0 (Linux; Android 6.0.1; Nexus 5X Build/MMB29P) AppleWebKit/537.36 (KHTML, like Gecko) Chrome/112.0.5615.142 Mobile Safari/537.36 (compatible; Googlebot/2.1; +http://www.google.com/bot.html)"
216.244.66.200 - - [04/May/2023:01:57:02 +0200] "GET /robots.txt HTTP/1.1" 200 1590 "-" "Mozilla/5.0 (compatible; DotBot/1.2; +https://opensiteexplorer.org/dotbot; help@moz.com)"
114.119.156.17 - - [04/May/2023:01:58:56 +0200] "GET /robots.txt HTTP/1.1" 200 1590 "-" "Mozilla/5.0 (compatible;PetalBot;+https://webmaster.petalsearch.com/site/petalbot)"
40.77.167.189 - - [04/May/2023:02:11:55 +0200] "GET /files/kormeloterjesztes_parlagfu_velemenyezesre.pdf HTTP/1.1" 304 - "-" "Mozilla/5.0 AppleWebKit/537.36 (KHTML, like Gecko; compatible; bingbot/2.0; +http://www.bing.com/bingbot.htm) Chrome/103.0.5060.134 Safari/537.36"
216.244.66.200 - - [04/May/2023:02:28:23 +0200] "GET /files/89_2004_modositas_velemenyezesre.pdf HTTP/1.1" 200 191842 "-" "Mozilla/5.0 (compatible; DotBot/1.2; +https://opensiteexplorer.org/dotbot; help@moz.com)"
216.244.66.200 - - [04/May/2023:02:28:35 +0200] "GET /files/gyermek_gyamugy_rendterv_061102.pdf HTTP/1.1" 200 176528 "-" "Mozilla/5.0 (compatible; DotBot/1.2; +https://opensiteexplorer.org/dotbot; help@moz.com)"
216.244.66.200 - - [04/May/2023:02:29:04 +0200] "GET /files/ipr_csomag_2008november5kikuldendo.doc HTTP/1.1" 200 1072640 "-" "Mozilla/5.0 (compatible; DotBot/1.2; +https://opensiteexplorer.org/dotbot; help@moz.com)"
216.244.66.200 - - [04/May/2023:02:29:53 +0200] "GET /files/El%C3%85%E2%80%98terjeszt%C3%83%C2%A9s%20v%C3%83%C2%A9grehajt%C3%83%C2%A1si%20rendelet.doc HTTP/1.1" 200 - "-" "Mozilla/5.0 (compatible; DotBot/1.2; +https://opensiteexplorer.org/dotbot; help@moz.com)"
216.244.66.200 - - [04/May/2023:02:50:42 +0200] "GET /robots.txt HTTP/1.1" 200 1590 "-" "Mozilla/5.0 (compatible; DotBot/1.2; +https://opensiteexplorer.org/dotbot; help@moz.com)"
40.77.167.189 - - [04/May/2023:02:54:51 +0200] "GET /node/1224 HTTP/1.1" 200 - "-" "Mozilla/5.0 AppleWebKit/537.36 (KHTML, like Gecko; compatible; bingbot/2.0; +http://www.bing.com/bingbot.htm) Chrome/103.0.5060.134 Safari/537.36"
207.46.13.217 - - [04/May/2023:03:03:04 +0200] "GET /files/kezterves_rend_tervezet_kozig.pdf HTTP/1.1" 304 - "-" "Mozilla/5.0 AppleWebKit/537.36 (KHTML, like Gecko; compatible; bingbot/2.0; +http://www.bing.com/bingbot.htm) Chrome/103.0.5060.134 Safari/537.36"
216.244.66.200 - - [04/May/2023:03:22:45 +0200] "GET /files/t%C3%83%C2%A1rc%C3%83%C2%A1ra%2023.2002.E%C3%83%C2%BCM%20rendelet.doc HTTP/1.1" 200 - "-" "Mozilla/5.0 (compatible; DotBot/1.2; +https://opensiteexplorer.org/dotbot; help@moz.com)"
40.77.167.189 - - [04/May/2023:03:34:24 +0200] "GET /node/1495 HTTP/1.1" 200 - "-" "Mozilla/5.0 AppleWebKit/537.36 (KHTML, like Gecko; compatible; bingbot/2.0; +http://www.bing.com/bingbot.htm) Chrome/103.0.5060.134 Safari/537.36"
216.244.66.200 - - [04/May/2023:03:44:25 +0200] "GET /robots.txt HTTP/1.1" 200 1590 "-" "Mozilla/5.0 (compatible; DotBot/1.2; +https://opensiteexplorer.org/dotbot; help@moz.com)"
216.244.66.200 - - [04/May/2023:03:44:25 +0200] "GET /robots.txt HTTP/1.1" 200 1590 "-" "Mozilla/5.0 (compatible; DotBot/1.2; +https://opensiteexplorer.org/dotbot; help@moz.com)"
66.249.70.110 - - [04/May/2023:03:49:25 +0200] "GET /files/4330_11.pdf HTTP/1.1" 200 202451 "-" "Mozilla/5.0 (Windows NT 10.0; Win64; x64)AppleWebKit/537.36 (KHTML, like Gecko) Chrome/91.0.4472.101 Safari/537.36 (compatible; GoogleOther)"
54.36.148.6 - - [04/May/2023:03:56:50 +0200] "GET /robots.txt HTTP/1.1" 200 1590 "-" "Mozilla/5.0 (compatible; AhrefsBot/7.0; +http://ahrefs.com/robot/)"
207.46.13.217 - - [04/May/2023:04:00:32 +0200] "GET /node/472 HTTP/1.1" 200 - "-" "Mozilla/5.0 AppleWebKit/537.36 (KHTML, like Gecko; compatible; bingbot/2.0; +http://www.bing.com/bingbot.htm) Chrome/103.0.5060.134 Safari/537.36"
216.244.66.200 - - [04/May/2023:04:16:46 +0200] "GET /files/t%C3%83%C2%B6rvjav09els%C3%85%E2%80%98f%C3%83%C2%A9l%C3%83%C2%A9v.pdf HTTP/1.1" 200 - "-" "Mozilla/5.0 (compatible; DotBot/1.2; +https://opensiteexplorer.org/dotbot; help@moz.com)"
216.244.66.200 - - [04/May/2023:04:17:07 +0200] "GET /taxonomy/term/38/0/feed HTTP/1.1" 200 - "-" "Mozilla/5.0 (compatible; DotBot/1.2; +https://opensiteexplorer.org/dotbot; help@moz.com)"
216.244.66.200 - - [04/May/2023:04:40:07 +0200] "GET /robots.txt HTTP/1.1" 200 1590 "-" "Mozilla/5.0 (compatible; DotBot/1.2; +https://opensiteexplorer.org/dotbot; help@moz.com)"
157.55.39.211 - - [04/May/2023:04:50:02 +0200] "GET /files/kozfurdok_normaszoveg.doc HTTP/1.1" 200 68096 "-" "Mozilla/5.0 AppleWebKit/537.36 (KHTML, like Gecko; compatible; bingbot/2.0; +http://www.bing.com/bingbot.htm) Chrome/103.0.5060.134 Safari/537.36"
209.126.151.117 - - [04/May/2023:04:50:18 +0200] "GET / HTTP/1.1" 200 - "-" "axios/0.19.2"
216.244.66.200 - - [04/May/2023:05:01:32 +0200] "GET /files/hm_rendelet_tervezet_katonai_szolgalati_viszony_meltatlansag.pdf HTTP/1.1" 200 135073 "-" "Mozilla/5.0 (compatible; DotBot/1.2; +https://opensiteexplorer.org/dotbot; help@moz.com)"
216.244.66.200 - - [04/May/2023:05:03:20 +0200] "GET /files/A%20n%C3%83%C2%B6v%C3%83%C2%A9nyv%C3%83%C2%A9delemr%C3%85%E2%80%98l%20sz%C3%83%C2%B3l%C3%83%C2%B3%202000-1.doc HTTP/1.1" 200 - "-" "Mozilla/5.0 (compatible; DotBot/1.2; +https://opensiteexplorer.org/dotbot; help@moz.com)"
54.36.149.41 - - [04/May/2023:05:21:16 +0200] "GET / HTTP/1.1" 200 - "-" "Mozilla/5.0 (compatible; AhrefsBot/7.0; +http://ahrefs.com/robot/)"
5.188.62.21 - - [04/May/2023:05:36:07 +0200] "GET / HTTP/1.1" 200 - "-" "Mozilla/5.0 (Windows NT 10.0; Win64; x64) AppleWebKit/537.36 (KHTML, like Gecko) Chrome/100.0.4896.127 Safari/537.36"
5.188.62.21 - - [04/May/2023:05:36:22 +0200] "GET / HTTP/1.1" 200 - "-" "Mozilla/5.0 (Windows NT 10.0; Win64; x64) AppleWebKit/537.36 (KHTML, like Gecko) Chrome/100.0.4896.127 Safari/537.36"
207.46.13.217 - - [04/May/2023:05:39:48 +0200] "GET /files/me_1_3_51__1_080313.pdf HTTP/1.1" 304 - "-" "Mozilla/5.0 AppleWebKit/537.36 (KHTML, like Gecko; compatible; bingbot/2.0; +http://www.bing.com/bingbot.htm) Chrome/103.0.5060.134 Safari/537.36"
216.244.66.200 - - [04/May/2023:06:26:31 +0200] "GET /robots.txt HTTP/1.1" 200 1590 "-" "Mozilla/5.0 (compatible; DotBot/1.2; +https://opensiteexplorer.org/dotbot; help@moz.com)"
216.244.66.200 - - [04/May/2023:06:26:31 +0200] "GET /robots.txt HTTP/1.1" 200 1590 "-" "Mozilla/5.0 (compatible; DotBot/1.2; +https://opensiteexplorer.org/dotbot; help@moz.com)"
207.46.13.217 - - [04/May/2023:06:31:23 +0200] "GET /node/182 HTTP/1.1" 200 - "-" "Mozilla/5.0 AppleWebKit/537.36 (KHTML, like Gecko; compatible; bingbot/2.0; +http://www.bing.com/bingbot.htm) Chrome/103.0.5060.134 Safari/537.36"
216.244.66.200 - - [04/May/2023:06:52:37 +0200] "GET /files/31_2004m%C3%83%C2%B3dos%C3%83%C2%ADt%C3%83%C2%A1s%20t%C3%83%C2%A1rc%C3%83%C2%A1ra.doc HTTP/1.1" 200 - "-" "Mozilla/5.0 (compatible; DotBot/1.2; +https://opensiteexplorer.org/dotbot; help@moz.com)"
216.244.66.200 - - [04/May/2023:06:53:10 +0200] "GET /taxonomy/term/68/0/feed HTTP/1.1" 200 - "-" "Mozilla/5.0 (compatible; DotBot/1.2; +https://opensiteexplorer.org/dotbot; help@moz.com)"
216.244.66.200 - - [04/May/2023:06:53:50 +0200] "GET /taxonomy/term/94/0/feed HTTP/1.1" 200 - "-" "Mozilla/5.0 (compatible; DotBot/1.2; +https://opensiteexplorer.org/dotbot; help@moz.com)"
216.244.66.200 - - [04/May/2023:06:54:40 +0200] "GET /files/30_1998___vi__24___nm__34_2003___vi__7___eszcsm__valamint_32_1992___xii__23___nm_rendeletek_m%C3%83%C2%B3dos%C3%83%C2%ADt%C3%83%C2%A1sa_6.doc HTTP/1.1" 200 - "-" "Mozilla/5.0 (compatible; DotBot/1.2; +https://opensiteexplorer.org/dotbot; help@moz.com)"
216.244.66.200 - - [04/May/2023:06:55:31 +0200] "GET /files/t%C3%83%C2%A1rc%C3%83%C2%A1ra-_sz%C3%83%C2%A1ll%C3%83%C2%A1shelyek_eg%C3%83%C2%BCgyi_felt%C3%83%C2%A9tele.doc HTTP/1.1" 200 - "-" "Mozilla/5.0 (compatible; DotBot/1.2; +https://opensiteexplorer.org/dotbot; help@moz.com)"
66.249.70.112 - - [04/May/2023:07:13:58 +0200] "GET /files/katonai_szakkepesitesek_hm_rendelet.pdf HTTP/1.1" 200 779797 "-" "Mozilla/5.0 (compatible; Googlebot/2.1; +http://www.google.com/bot.html)"
216.244.66.200 - - [04/May/2023:07:20:30 +0200] "GET /robots.txt HTTP/1.1" 200 1590 "-" "Mozilla/5.0 (compatible; DotBot/1.2; +https://opensiteexplorer.org/dotbot; help@moz.com)"
216.244.66.200 - - [04/May/2023:07:20:30 +0200] "GET /robots.txt HTTP/1.1" 200 1590 "-" "Mozilla/5.0 (compatible; DotBot/1.2; +https://opensiteexplorer.org/dotbot; help@moz.com)"
66.249.70.110 - - [04/May/2023:07:33:34 +0200] "GET /files/katonai_szakkepesitesek_hm_rendelet.pdf HTTP/1.1" 200 779797 "-" "Mozilla/5.0 (Linux; Android 6.0.1; Nexus 5X Build/MMB29P) AppleWebKit/537.36 (KHTML, like Gecko) Chrome/112.0.5615.142 Mobile Safari/537.36 (compatible; Googlebot/2.1; +http://www.google.com/bot.html)"
66.249.64.73 - - [04/May/2023:07:39:25 +0200] "GET /files/alap_mester_terv_080415.pdf HTTP/1.1" 304 - "-" "Mozilla/5.0 (Linux; Android 6.0.1; Nexus 5X Build/MMB29P) AppleWebKit/537.36 (KHTML, like Gecko) Chrome/112.0.5615.142 Mobile Safari/537.36 (compatible; Googlebot/2.1; +http://www.google.com/bot.html)"
192.64.117.80 - - [04/May/2023:07:45:34 +0200] "GET /wordpress/ HTTP/1.1" 200 - "-" "-"
66.249.64.75 - - [04/May/2023:07:48:26 +0200] "GET /files/muemlek_terv_081124.pdf HTTP/1.1" 304 - "-" "Mozilla/5.0 (Linux; Android 6.0.1; Nexus 5X Build/MMB29P) AppleWebKit/537.36 (KHTML, like Gecko) Chrome/112.0.5615.142 Mobile Safari/537.36 (compatible; Googlebot/2.1; +http://www.google.com/bot.html)"
216.244.66.200 - - [04/May/2023:07:49:09 +0200] "GET /files/katonak_illetmenyerol_es_illetmenyjellegu_juttatasairol_tervezet.pdf HTTP/1.1" 200 166093 "-" "Mozilla/5.0 (compatible; DotBot/1.2; +https://opensiteexplorer.org/dotbot; help@moz.com)"
216.244.66.200 - - [04/May/2023:07:50:07 +0200] "GET /taxonomy/term/109/0/feed HTTP/1.1" 200 - "-" "Mozilla/5.0 (compatible; DotBot/1.2; +https://opensiteexplorer.org/dotbot; help@moz.com)"
114.119.154.203 - - [04/May/2023:08:10:12 +0200] "GET /files/talajvedelem_fvm_velemenyezesre.pdf HTTP/1.1" 200 379774 "-" "Mozilla/5.0 (Linux; Android 7.0;) AppleWebKit/537.36 (KHTML, like Gecko) Mobile Safari/537.36 (compatible; PetalBot;+https://webmaster.petalsearch.com/site/petalbot)"
114.119.159.19 - - [04/May/2023:08:11:44 +0200] "GET /files/12477.pdf HTTP/1.1" 200 231506 "-" "Mozilla/5.0 (Linux; Android 7.0;) AppleWebKit/537.36 (KHTML, like Gecko) Mobile Safari/537.36 (compatible; PetalBot;+https://webmaster.petalsearch.com/site/petalbot)"
171.19.10.79 - - [04/May/2023:08:12:59 +0200] "GET /files/_0dhgmn83jca174r35eh14qsj5dpi0_.pdf HTTP/1.1" 200 99492 "https://www.google.com/" "Mozilla/5.0 (Windows NT 6.2; Win64; x64) AppleWebKit/537.36 (KHTML, like Gecko) Chrome/100.0.4896.88 Safari/537.36"
171.19.10.79 - - [04/May/2023:08:12:59 +0200] "GET /files/_0dhgmn83jca174r35eh14qsj5dpi0_.pdf HTTP/1.1" 304 - "-" "Mozilla/5.0 (Windows NT 6.2; Win64; x64) AppleWebKit/537.36 (KHTML, like Gecko) Chrome/100.0.4896.88 Safari/537.36"
66.249.70.114 - - [04/May/2023:08:32:15 +0200] "GET /files/ltv.pdf HTTP/1.1" 200 134963 "-" "Mozilla/5.0 (Linux; Android 6.0.1; Nexus 5X Build/MMB29P) AppleWebKit/537.36 (KHTML, like Gecko) Chrome/112.0.5615.142 Mobile Safari/537.36 (compatible; Googlebot/2.1; +http://www.google.com/bot.html)"
114.119.159.155 - - [04/May/2023:08:43:13 +0200] "GET /files/buntetojogimodos-1.doc HTTP/1.1" 200 110592 "-" "Mozilla/5.0 (Linux; Android 7.0;) AppleWebKit/537.36 (KHTML, like Gecko) Mobile Safari/537.36 (compatible; PetalBot;+https://webmaster.petalsearch.com/site/petalbot)"
114.119.138.48 - - [04/May/2023:08:44:13 +0200] "GET /files/31-2004-mod-kozigre.pdf HTTP/1.1" 200 343047 "-" "Mozilla/5.0 (Linux; Android 7.0;) AppleWebKit/537.36 (KHTML, like Gecko) Mobile Safari/537.36 (compatible; PetalBot;+https://webmaster.petalsearch.com/site/petalbot)"
66.249.64.75 - - [04/May/2023:08:51:48 +0200] "GET /files/kozalk_terv_070806-1.pdf HTTP/1.1" 304 - "-" "Mozilla/5.0 (Linux; Android 6.0.1; Nexus 5X Build/MMB29P) AppleWebKit/537.36 (KHTML, like Gecko) Chrome/112.0.5615.142 Mobile Safari/537.36 (compatible; Googlebot/2.1; +http://www.google.com/bot.html)"
207.46.13.217 - - [04/May/2023:09:03:58 +0200] "GET /files/kollszerz_terv_20071129.pdf HTTP/1.1" 304 - "-" "Mozilla/5.0 AppleWebKit/537.36 (KHTML, like Gecko; compatible; bingbot/2.0; +http://www.bing.com/bingbot.htm) Chrome/103.0.5060.134 Safari/537.36"
114.119.131.68 - - [04/May/2023:09:05:19 +0200] "GET /files/buntetojogimodos-1.doc HTTP/1.1" 200 110592 "-" "Mozilla/5.0 (Linux; Android 7.0;) AppleWebKit/537.36 (KHTML, like Gecko) Mobile Safari/537.36 (compatible; PetalBot;+https://webmaster.petalsearch.com/site/petalbot)"
114.119.152.155 - - [04/May/2023:09:07:28 +0200] "GET /files/NFGM9761.pdf HTTP/1.1" 200 204582 "-" "Mozilla/5.0 (Linux; Android 7.0;) AppleWebKit/537.36 (KHTML, like Gecko) Mobile Safari/537.36 (compatible; PetalBot;+https://webmaster.petalsearch.com/site/petalbot)"
51.222.253.4 - - [04/May/2023:09:07:41 +0200] "GET /robots.txt HTTP/1.1" 200 1590 "-" "Mozilla/5.0 (compatible; AhrefsBot/7.0; +http://ahrefs.com/robot/)"
216.244.66.200 - - [04/May/2023:09:08:01 +0200] "GET /robots.txt HTTP/1.1" 200 1590 "-" "Mozilla/5.0 (compatible; DotBot/1.2; +https://opensiteexplorer.org/dotbot; help@moz.com)"
54.36.149.90 - - [04/May/2023:09:08:23 +0200] "GET / HTTP/1.1" 200 - "-" "Mozilla/5.0 (compatible; AhrefsBot/7.0; +http://ahrefs.com/robot/)"
114.119.139.43 - - [04/May/2023:09:09:08 +0200] "GET /files/31-2004-mod-kozigre.pdf HTTP/1.1" 200 343047 "-" "Mozilla/5.0 (Linux; Android 7.0;) AppleWebKit/537.36 (KHTML, like Gecko) Mobile Safari/537.36 (compatible; PetalBot;+https://webmaster.petalsearch.com/site/petalbot)"
66.249.70.114 - - [04/May/2023:09:17:11 +0200] "GET /moodle/calendar/view.php?loan=11 HTTP/1.1" 200 - "-" "Mozilla/5.0 (Linux; Android 6.0.1; Nexus 5X Build/MMB29P) AppleWebKit/537.36 (KHTML, like Gecko) Chrome/112.0.5615.142 Mobile Safari/537.36 (compatible; Googlebot/2.1; +http://www.google.com/bot.html)"
213.253.195.10 - - [04/May/2023:09:26:15 +0200] "GET /files/szvk_mell_terv_090804.pdf HTTP/1.1" 200 3057361 "-" "Mozilla/5.0 (Windows NT 10.0; Win64; x64) AppleWebKit/537.36 (KHTML, like Gecko) Chrome/112.0.0.0 Safari/537.36"
114.119.131.206 - - [04/May/2023:09:27:43 +0200] "GET /files/ekeloterj.doc HTTP/1.1" 200 100864 "-" "Mozilla/5.0 (Linux; Android 7.0;) AppleWebKit/537.36 (KHTML, like Gecko) Mobile Safari/537.36 (compatible; PetalBot;+https://webmaster.petalsearch.com/site/petalbot)"
87.250.224.78 - - [04/May/2023:09:29:42 +0200] "GET /robots.txt HTTP/1.1" 200 1590 "-" "Mozilla/5.0 (compatible; YandexBot/3.0; +http://yandex.com/bots)"
213.180.203.38 - - [04/May/2023:09:30:14 +0200] "GET /files/ptk.csaladjog.pdf. HTTP/1.1" 200 - "-" "Mozilla/5.0 (compatible; YandexBot/3.0; +http://yandex.com/bots)"
84.206.45.194 - - [04/May/2023:09:30:53 +0200] "GET /favicon.ico HTTP/1.1" 404 57 "http://www.jogalkotas.hu/files/2008_korirat_1.pdf" "Mozilla/5.0 (Windows NT 10.0; Win64; x64) AppleWebKit/537.36 (KHTML, like Gecko) Chrome/112.0.0.0 Safari/537.36"
84.206.45.194 - - [04/May/2023:09:30:54 +0200] "GET /files/2008_korirat_1.pdf HTTP/1.1" 200 302146 "https://www.google.com/" "Mozilla/5.0 (Windows NT 10.0; Win64; x64) AppleWebKit/537.36 (KHTML, like Gecko) Chrome/112.0.0.0 Safari/537.36"
216.244.66.200 - - [04/May/2023:09:33:45 +0200] "GET /files/a_szakmai_protokollok_k%C3%83%C2%A9sz%C3%83%C2%ADt%C3%83%C2%A9s%C3%83%C2%A9nek_elj%C3%83%C2%A1r%C3%83%C2%A1srendj%C3%83%C2%A9r%C3%85%E2%80%98l_sz%C3%83%C2%B3l%C3%83%C2%B3_e%C3%83%C2%BCm_rendelet_tervezet_12.doc HTTP/1.1" 200 - "-" "Mozilla/5.0 (compatible; DotBot/1.2; +https://opensiteexplorer.org/dotbot; help@moz.com)"
209.126.151.119 - - [04/May/2023:09:46:54 +0200] "GET / HTTP/1.1" 200 - "-" "axios/0.19.2"
185.246.220.114 - - [04/May/2023:09:52:39 +0200] "GET /.env HTTP/1.1" 200 - "-" "Mozilla/5.0 (Linux; U; Android 4.4.2; en-US; HM NOTE 1W Build/KOT49H) AppleWebKit/534.30 (KHTML, like Gecko) Version/4.0 UCBrowser/11.0.5.850 U3/0.8.0 Mobile Safari/534.30"
52.167.144.93 - - [04/May/2023:10:00:43 +0200] "GET /node/1080 HTTP/1.1" 200 - "-" "Mozilla/5.0 AppleWebKit/537.36 (KHTML, like Gecko; compatible; bingbot/2.0; +http://www.bing.com/bingbot.htm) Chrome/103.0.5060.134 Safari/537.36"
216.244.66.200 - - [04/May/2023:10:02:05 +0200] "GET /robots.txt HTTP/1.1" 200 1590 "-" "Mozilla/5.0 (compatible; DotBot/1.2; +https://opensiteexplorer.org/dotbot; help@moz.com)"
216.244.66.200 - - [04/May/2023:10:04:55 +0200] "GET /drupal/node/26 HTTP/1.1" 200 - "-" "Mozilla/5.0 (compatible; DotBot/1.2; +https://opensiteexplorer.org/dotbot; help@moz.com)"
165.225.201.154 - - [04/May/2023:10:13:01 +0200] "GET /files/egyes_kormany-_es_miniszteri_rendeleti_szintu_jogszabalyok_es_jogszabalyi_rendelkezesek_technikai_deregulaciojarol_(3).doc HTTP/1.1" 200 2368512 "https://www.google.com/" "Mozilla/5.0 (Windows NT 10.0; Win64; x64; rv:109.0) Gecko/20100101 Firefox/112.0"
165.225.201.154 - - [04/May/2023:10:13:12 +0200] "GET /files/egyes_kormany-_es_miniszteri_rendeleti_szintu_jogszabalyok_es_jogszabalyi_rendelkezesek_technikai_deregulaciojarol_(3).doc HTTP/1.1" 200 2368512 "https://www.google.com/" "Mozilla/5.0 (Windows NT 10.0; Win64; x64; rv:109.0) Gecko/20100101 Firefox/112.0"
216.244.66.200 - - [04/May/2023:10:26:52 +0200] "GET /files/FVM%20rendelete%20a%20Magyar%20%C3%83%E2%80%B0lelmiszerk%C3%83%C2%B6nyv%20k%C3%83%C2%B6z%C3%83%C2%B6ss%C3%83%C2%A9gi%20el%C3%85%E2%80%98%C3%83%C2%ADr%C3%83%C2%A1sok%20%C3%83%C2%A1tv%C3%83%C2%A9tel%C3%83%C2%A9t%20megval%C3%83%C2%B3s%C3%83%C2%ADt%C3%83%C2%B3%20k%C3%83%C2%B6telez%C3%85%E2%80%98%20el%C3%85%E2%80%98%C3%83%C2%ADr%C3%83%C2%A1sair%C3%83%C2%B3l%20sz%C3%83%C2%B3l%C3%83%C2%B3%2056.doc HTTP/1.1" 200 - "-" "Mozilla/5.0 (compatible; DotBot/1.2; +https://opensiteexplorer.org/dotbot; help@moz.com)"
216.244.66.200 - - [04/May/2023:10:27:32 +0200] "GET /taxonomy/term/22/0/feed HTTP/1.1" 200 - "-" "Mozilla/5.0 (compatible; DotBot/1.2; +https://opensiteexplorer.org/dotbot; help@moz.com)"
40.77.167.189 - - [04/May/2023:10:35:54 +0200] "GET / HTTP/1.1" 200 - "-" "Mozilla/5.0 AppleWebKit/537.36 (KHTML, like Gecko; compatible; bingbot/2.0; +http://www.bing.com/bingbot.htm) Chrome/103.0.5060.134 Safari/537.36"
207.46.13.217 - - [04/May/2023:10:38:39 +0200] "GET /node/260 HTTP/1.1" 200 - "-" "Mozilla/5.0 AppleWebKit/537.36 (KHTML, like Gecko; compatible; bingbot/2.0; +http://www.bing.com/bingbot.htm) Chrome/103.0.5060.134 Safari/537.36"
216.244.66.200 - - [04/May/2023:10:55:47 +0200] "GET /robots.txt HTTP/1.1" 200 1590 "-" "Mozilla/5.0 (compatible; DotBot/1.2; +https://opensiteexplorer.org/dotbot; help@moz.com)"
91.120.72.209 - - [04/May/2023:11:01:42 +0200] "GET /files/47343.pdf HTTP/1.1" 200 445277 "https://www.google.com/" "Mozilla/5.0 (Linux; Android 10; K) AppleWebKit/537.36 (KHTML, like Gecko) Chrome/112.0.0.0 Mobile Safari/537.36"
216.244.66.200 - - [04/May/2023:11:23:03 +0200] "GET /files/a_szakmai_protokollok_k%C3%83%C2%A9sz%C3%83%C2%ADt%C3%83%C2%A9s%C3%83%C2%A9nek_elj%C3%83%C2%A1r%C3%83%C2%A1srendj%C3%83%C2%A9r%C3%85%E2%80%98l_sz%C3%83%C2%B3l%C3%83%C2%B3_e%C3%83%C2%BCm_rendelet_tervezet_14.doc HTTP/1.1" 200 - "-" "Mozilla/5.0 (compatible; DotBot/1.2; +https://opensiteexplorer.org/dotbot; help@moz.com)"
216.244.66.200 - - [04/May/2023:11:23:33 +0200] "GET /taxonomy/term/79/0/feed HTTP/1.1" 200 - "-" "Mozilla/5.0 (compatible; DotBot/1.2; +https://opensiteexplorer.org/dotbot; help@moz.com)"
46.107.22.30 - - [04/May/2023:11:23:48 +0200] "GET /files/me_1_3_51__1_080313.pdf HTTP/1.1" 200 243169 "https://www.bing.com/" "Mozilla/5.0 (Windows NT 10.0; Win64; x64) AppleWebKit/537.36 (KHTML, like Gecko) Chrome/112.0.0.0 Safari/537.36 Edg/112.0.1722.68"
46.107.22.30 - - [04/May/2023:11:23:48 +0200] "GET /favicon.ico HTTP/1.1" 404 57 "http://www.jogalkotas.hu/files/me_1_3_51__1_080313.pdf" "Mozilla/5.0 (Windows NT 10.0; Win64; x64) AppleWebKit/537.36 (KHTML, like Gecko) Chrome/112.0.0.0 Safari/537.36 Edg/112.0.1722.68"
66.249.70.110 - - [04/May/2023:11:34:35 +0200] "GET /files/az_uj_ptk_koncepcioja.pdf HTTP/1.1" 304 - "-" "Mozilla/5.0 (Linux; Android 6.0.1; Nexus 5X Build/MMB29P) AppleWebKit/537.36 (KHTML, like Gecko) Chrome/112.0.5615.142 Mobile Safari/537.36 (compatible; Googlebot/2.1; +http://www.google.com/bot.html)"
52.167.144.93 - - [04/May/2023:11:42:38 +0200] "GET /files/362per2006_korm_rend_mod_090415.doc HTTP/1.1" 304 - "-" "Mozilla/5.0 AppleWebKit/537.36 (KHTML, like Gecko; compatible; bingbot/2.0; +http://www.bing.com/bingbot.htm) Chrome/103.0.5060.134 Safari/537.36"
207.46.13.217 - - [04/May/2023:11:46:14 +0200] "GET /files/novenyvedelmi_birsag_korm_rendelet_060525.pdf HTTP/1.1" 200 27972 "-" "Mozilla/5.0 AppleWebKit/537.36 (KHTML, like Gecko; compatible; bingbot/2.0; +http://www.bing.com/bingbot.htm) Chrome/103.0.5060.134 Safari/537.36"
52.167.144.93 - - [04/May/2023:11:48:42 +0200] "GET /node/2560 HTTP/1.1" 200 - "-" "Mozilla/5.0 AppleWebKit/537.36 (KHTML, like Gecko; compatible; bingbot/2.0; +http://www.bing.com/bingbot.htm) Chrome/103.0.5060.134 Safari/537.36"
216.244.66.200 - - [04/May/2023:11:49:38 +0200] "GET /robots.txt HTTP/1.1" 200 1590 "-" "Mozilla/5.0 (compatible; DotBot/1.2; +https://opensiteexplorer.org/dotbot; help@moz.com)"
216.244.66.200 - - [04/May/2023:12:02:14 +0200] "GET /files/Az_ir_betegell_rend_megsz_korm_rend_081204.doc HTTP/1.1" 200 52224 "-" "Mozilla/5.0 (compatible; DotBot/1.2; +https://opensiteexplorer.org/dotbot; help@moz.com)"
216.244.66.200 - - [04/May/2023:12:02:26 +0200] "GET /files/Bejelentes_egybefoglalt_tervezet_kozig.pdf HTTP/1.1" 200 220113 "-" "Mozilla/5.0 (compatible; DotBot/1.2; +https://opensiteexplorer.org/dotbot; help@moz.com)"
216.244.66.200 - - [04/May/2023:12:02:37 +0200] "GET /files/ajfo_1154_dijrendelet_honlapra.doc HTTP/1.1" 200 36352 "-" "Mozilla/5.0 (compatible; DotBot/1.2; +https://opensiteexplorer.org/dotbot; help@moz.com)"
216.244.66.200 - - [04/May/2023:12:03:10 +0200] "GET /files/eu_szakellatas_tarsbizt_finansz_tervezet.doc HTTP/1.1" 200 2258471 "-" "Mozilla/5.0 (compatible; DotBot/1.2; +https://opensiteexplorer.org/dotbot; help@moz.com)"
216.244.66.200 - - [04/May/2023:12:03:32 +0200] "GET /files/fels_szak_kepz_r_szab_eum_rend_terv_091207.doc HTTP/1.1" 200 110080 "-" "Mozilla/5.0 (compatible; DotBot/1.2; +https://opensiteexplorer.org/dotbot; help@moz.com)"
216.244.66.200 - - [04/May/2023:12:03:52 +0200] "GET /files/ittas_rkfo_59__2007__12__03__honlapra.doc HTTP/1.1" 200 52224 "-" "Mozilla/5.0 (compatible; DotBot/1.2; +https://opensiteexplorer.org/dotbot; help@moz.com)"
216.244.66.200 - - [04/May/2023:12:04:43 +0200] "GET /files/megyei%20jelent%C3%83%C2%A9s_1.pdf HTTP/1.1" 200 - "-" "Mozilla/5.0 (compatible; DotBot/1.2; +https://opensiteexplorer.org/dotbot; help@moz.com)"
216.244.66.200 - - [04/May/2023:12:05:33 +0200] "GET /user/1/notify HTTP/1.1" 200 - "-" "Mozilla/5.0 (compatible; DotBot/1.2; +https://opensiteexplorer.org/dotbot; help@moz.com)"
216.244.66.200 - - [04/May/2023:12:06:23 +0200] "GET /files/31_2004___iv__26___eszcsm_rendelet_m%C3%83%C2%B3dos%C3%83%C2%ADt%C3%83%C2%A1sa_6.doc HTTP/1.1" 200 - "-" "Mozilla/5.0 (compatible; DotBot/1.2; +https://opensiteexplorer.org/dotbot; help@moz.com)"
216.244.66.200 - - [04/May/2023:12:06:43 +0200] "GET /files/tenyesztett_viziall_rendelet_tervezet_velemenyezesre.pdf HTTP/1.1" 200 328013 "-" "Mozilla/5.0 (compatible; DotBot/1.2; +https://opensiteexplorer.org/dotbot; help@moz.com)"
46.249.157.190 - - [04/May/2023:12:07:06 +0200] "GET /files/KHEM_8735_(normasz__veg).doc HTTP/1.1" 200 136192 "https://www.google.com/" "Mozilla/5.0 (Windows NT 10.0; Win64; x64) AppleWebKit/537.36 (KHTML, like Gecko) Chrome/112.0.0.0 Safari/537.36"
89.134.30.10 - - [04/May/2023:12:14:23 +0200] "GET /files/buntetojogimodos-1.doc HTTP/1.1" 200 110592 "https://www.google.com/" "Mozilla/5.0 (iPhone; CPU iPhone OS 16_4_1 like Mac OS X) AppleWebKit/605.1.15 (KHTML, like Gecko) Version/16.4 Mobile/15E148 Safari/604.1"
66.249.64.71 - - [04/May/2023:12:18:43 +0200] "GET /files/tnyr_eloterj_061204.pdf HTTP/1.1" 200 463625 "-" "Mozilla/5.0 (Linux; Android 6.0.1; Nexus 5X Build/MMB29P) AppleWebKit/537.36 (KHTML, like Gecko) Chrome/112.0.5615.142 Mobile Safari/537.36 (compatible; Googlebot/2.1; +http://www.google.com/bot.html)"
207.46.13.217 - - [04/May/2023:12:33:09 +0200] "GET /node/2575 HTTP/1.1" 200 - "-" "Mozilla/5.0 AppleWebKit/537.36 (KHTML, like Gecko; compatible; bingbot/2.0; +http://www.bing.com/bingbot.htm) Chrome/103.0.5060.134 Safari/537.36"
216.244.66.200 - - [04/May/2023:12:43:19 +0200] "GET /robots.txt HTTP/1.1" 200 1590 "-" "Mozilla/5.0 (compatible; DotBot/1.2; +https://opensiteexplorer.org/dotbot; help@moz.com)"
216.244.66.200 - - [04/May/2023:12:43:19 +0200] "GET /robots.txt HTTP/1.1" 200 1590 "-" "Mozilla/5.0 (compatible; DotBot/1.2; +https://opensiteexplorer.org/dotbot; help@moz.com)"
40.77.167.189 - - [04/May/2023:12:47:48 +0200] "GET /files/TK103_2.pdf HTTP/1.1" 200 110654 "-" "Mozilla/5.0 AppleWebKit/537.36 (KHTML, like Gecko; compatible; bingbot/2.0; +http://www.bing.com/bingbot.htm) Chrome/103.0.5060.134 Safari/537.36"
91.33.163.36 - - [04/May/2023:12:48:31 +0200] "GET /files/szakertoidijazas.doc HTTP/1.1" 200 59392 "-" "Mozilla/5.0 (Windows NT 10.0; Win64; x64) AppleWebKit/537.36 (KHTML, like Gecko) Chrome/60.0.3112.113 Safari/537.36"
35.210.215.110 - - [04/May/2023:12:51:13 +0200] "GET /robots.txt HTTP/1.1" 200 1590 "-" "Go-http-client/1.1"
35.210.215.110 - - [04/May/2023:12:51:45 +0200] "GET /node/1018 HTTP/1.1" 200 - "-" "Mozilla/5.0 (compatible; VelenPublicWebCrawler/1.0; +https://velen.io)"
35.210.215.110 - - [04/May/2023:12:52:15 +0200] "GET /node/1018 HTTP/1.1" 200 - "-" "Mozilla/5.0 (compatible; VelenPublicWebCrawler/1.0; +https://velen.io)"
35.210.215.110 - - [04/May/2023:12:52:46 +0200] "GET /node/1018 HTTP/1.1" 200 - "-" "Mozilla/5.0 (compatible; VelenPublicWebCrawler/1.0; +https://velen.io)"
35.210.215.110 - - [04/May/2023:12:53:18 +0200] "GET /node/1018 HTTP/1.1" 200 - "-" "Mozilla/5.0 (compatible; VelenPublicWebCrawler/1.0; +https://velen.io)"
35.210.215.110 - - [04/May/2023:12:53:52 +0200] "GET /node/1018 HTTP/1.1" 200 - "-" "Mozilla/5.0 (compatible; VelenPublicWebCrawler/1.0; +https://velen.io)"
207.46.13.217 - - [04/May/2023:12:55:13 +0200] "GET /files/info_terv_080612.pdf HTTP/1.1" 200 323635 "-" "Mozilla/5.0 AppleWebKit/537.36 (KHTML, like Gecko; compatible; bingbot/2.0; +http://www.bing.com/bingbot.htm) Chrome/103.0.5060.134 Safari/537.36"
40.77.167.189 - - [04/May/2023:12:56:15 +0200] "GET /files/energ_cselekv_.pdf HTTP/1.1" 304 - "-" "Mozilla/5.0 AppleWebKit/537.36 (KHTML, like Gecko; compatible; bingbot/2.0; +http://www.bing.com/bingbot.htm) Chrome/103.0.5060.134 Safari/537.36"
216.244.66.200 - - [04/May/2023:12:58:08 +0200] "GET /files/0611_allami_vez_udul_MeHVM_rend_terv.pdf.txt HTTP/1.1" 200 249 "-" "Mozilla/5.0 (compatible; DotBot/1.2; +https://opensiteexplorer.org/dotbot; help@moz.com)"
216.244.66.200 - - [04/May/2023:12:58:24 +0200] "GET /files/allatgyogyaszat_rendelet_velemenyezesre.pdf HTTP/1.1" 200 939209 "-" "Mozilla/5.0 (compatible; DotBot/1.2; +https://opensiteexplorer.org/dotbot; help@moz.com)"
216.244.66.200 - - [04/May/2023:12:58:49 +0200] "GET /files/bnyt._vegrehajtasi_rendelet0090518.doc HTTP/1.1" 200 410624 "-" "Mozilla/5.0 (compatible; DotBot/1.2; +https://opensiteexplorer.org/dotbot; help@moz.com)"
216.244.66.200 - - [04/May/2023:12:59:11 +0200] "GET /files/elelmiszer_utalvany_modositas.pdf HTTP/1.1" 200 75067 "-" "Mozilla/5.0 (compatible; DotBot/1.2; +https://opensiteexplorer.org/dotbot; help@moz.com)"
216.244.66.200 - - [04/May/2023:12:59:34 +0200] "GET /files/mentes_gyogyszerrendeles_min_rend_terv_0909011.doc HTTP/1.1" 200 388096 "-" "Mozilla/5.0 (compatible; DotBot/1.2; +https://opensiteexplorer.org/dotbot; help@moz.com)"
216.244.66.200 - - [04/May/2023:13:00:26 +0200] "GET /files/parlamenti%20bizotts%C3%83%C2%A1gok9.pdf HTTP/1.1" 200 - "-" "Mozilla/5.0 (compatible; DotBot/1.2; +https://opensiteexplorer.org/dotbot; help@moz.com)"
216.244.66.200 - - [04/May/2023:13:00:46 +0200] "GET /files/repulesek_hmrendelet_tervezet.pdf HTTP/1.1" 200 181437 "-" "Mozilla/5.0 (compatible; DotBot/1.2; +https://opensiteexplorer.org/dotbot; help@moz.com)"
216.244.66.200 - - [04/May/2023:13:01:48 +0200] "GET /files/t%C3%83%C2%A1rc%C3%83%C2%A1ra-_sz%C3%83%C2%A1ll%C3%83%C2%A1shelyek_eg%C3%83%C2%BCgyi_felt%C3%83%C2%A9tele.doc HTTP/1.1" 200 - "-" "Mozilla/5.0 (compatible; DotBot/1.2; +https://opensiteexplorer.org/dotbot; help@moz.com)"
216.244.66.200 - - [04/May/2023:13:02:53 +0200] "GET /taxonomy/term/92/0/feed HTTP/1.1" 200 - "-" "Mozilla/5.0 (compatible; DotBot/1.2; +https://opensiteexplorer.org/dotbot; help@moz.com)"
207.46.13.217 - - [04/May/2023:13:12:53 +0200] "GET /files/start_terv_090128.pdf HTTP/1.1" 200 231961 "-" "Mozilla/5.0 AppleWebKit/537.36 (KHTML, like Gecko; compatible; bingbot/2.0; +http://www.bing.com/bingbot.htm) Chrome/103.0.5060.134 Safari/537.36"
176.63.204.44 - - [04/May/2023:13:30:39 +0200] "GET /favicon.ico HTTP/1.1" 404 57 "http://www.jogalkotas.hu/files/okirattariterv.pdf" "Mozilla/5.0 (Windows NT 10.0; Win64; x64) AppleWebKit/537.36 (KHTML, like Gecko) Chrome/112.0.0.0 Safari/537.36"
176.63.204.44 - - [04/May/2023:13:30:39 +0200] "GET /files/okirattariterv.pdf HTTP/1.1" 200 411997 "https://www.google.com/" "Mozilla/5.0 (Windows NT 10.0; Win64; x64) AppleWebKit/537.36 (KHTML, like Gecko) Chrome/112.0.0.0 Safari/537.36"
216.244.66.200 - - [04/May/2023:13:35:57 +0200] "GET /robots.txt HTTP/1.1" 200 1590 "-" "Mozilla/5.0 (compatible; DotBot/1.2; +https://opensiteexplorer.org/dotbot; help@moz.com)"
216.244.66.200 - - [04/May/2023:13:35:57 +0200] "GET /robots.txt HTTP/1.1" 200 1590 "-" "Mozilla/5.0 (compatible; DotBot/1.2; +https://opensiteexplorer.org/dotbot; help@moz.com)"
117.179.162.163 - - [04/May/2023:13:38:13 +0200] "GET / HTTP/1.1" 200 - "http://jogalkotas.hu/" "Mozilla/5.0(compatible;MSIE9.0;WindowsNT6.1;Trident/5.0)"
216.244.66.200 - - [04/May/2023:13:53:12 +0200] "GET /files/31_2004m%C3%83%C2%B3dos%C3%83%C2%ADt%C3%83%C2%A1s%20t%C3%83%C2%A1rc%C3%83%C2%A1ra.doc HTTP/1.1" 200 - "-" "Mozilla/5.0 (compatible; DotBot/1.2; +https://opensiteexplorer.org/dotbot; help@moz.com)"
216.244.66.200 - - [04/May/2023:13:53:19 +0200] "GET /files/1220_KAR_adatlapok_2006_12_08.doc HTTP/1.1" 200 311808 "-" "Mozilla/5.0 (compatible; DotBot/1.2; +https://opensiteexplorer.org/dotbot; help@moz.com)"
216.244.66.200 - - [04/May/2023:13:53:57 +0200] "GET /files/14per2007_eum_rend_mod_081201.doc HTTP/1.1" 200 2201999 "-" "Mozilla/5.0 (compatible; DotBot/1.2; +https://opensiteexplorer.org/dotbot; help@moz.com)"
216.244.66.200 - - [04/May/2023:13:54:28 +0200] "GET /files/_a9i178srqk1mm6sskddlmarjkg9pg_.pdf HTTP/1.1" 200 148867 "-" "Mozilla/5.0 (compatible; DotBot/1.2; +https://opensiteexplorer.org/dotbot; help@moz.com)"
216.244.66.200 - - [04/May/2023:13:55:04 +0200] "GET /files/ihm_rendelet_a_kozzeteteli_mintakrol_2005_12_27.rtf.txt HTTP/1.1" 200 243768 "-" "Mozilla/5.0 (compatible; DotBot/1.2; +https://opensiteexplorer.org/dotbot; help@moz.com)"
216.244.66.200 - - [04/May/2023:13:55:35 +0200] "GET /files/szakszo_legiforgalmi_iranyito_5mell.pdf HTTP/1.1" 200 113154 "-" "Mozilla/5.0 (compatible; DotBot/1.2; +https://opensiteexplorer.org/dotbot; help@moz.com)"
216.244.66.200 - - [04/May/2023:13:56:04 +0200] "GET /files/torvenyjavaslat_szlovak_hatarokmanyok.doc HTTP/1.1" 200 62464 "-" "Mozilla/5.0 (compatible; DotBot/1.2; +https://opensiteexplorer.org/dotbot; help@moz.com)"
216.244.66.200 - - [04/May/2023:13:56:33 +0200] "GET /files/zenekari_enekkari_tam_mell_kamarazenekarok_070131.pdf HTTP/1.1" 200 106691 "-" "Mozilla/5.0 (compatible; DotBot/1.2; +https://opensiteexplorer.org/dotbot; help@moz.com)"
216.244.66.200 - - [04/May/2023:13:57:30 +0200] "GET /files/19-2003-normasz%C3%83%C2%B6veg%20%C3%83%C2%A9s%20indokol%C3%83%C2%A1s.doc HTTP/1.1" 200 - "-" "Mozilla/5.0 (compatible; DotBot/1.2; +https://opensiteexplorer.org/dotbot; help@moz.com)"
216.244.66.200 - - [04/May/2023:14:28:44 +0200] "GET /robots.txt HTTP/1.1" 200 1590 "-" "Mozilla/5.0 (compatible; DotBot/1.2; +https://opensiteexplorer.org/dotbot; help@moz.com)"
216.244.66.200 - - [04/May/2023:14:28:44 +0200] "GET /robots.txt HTTP/1.1" 200 1590 "-" "Mozilla/5.0 (compatible; DotBot/1.2; +https://opensiteexplorer.org/dotbot; help@moz.com)"
51.83.238.159 - - [04/May/2023:14:34:43 +0200] "GET / HTTP/1.1" 200 - "-" "cpp-httplib/0.10.9"
216.244.66.200 - - [04/May/2023:14:45:59 +0200] "GET /files/MagyarK%C3%83%C2%BCl%C3%83%C2%BCgyekSzolg%C3%83%C2%A1lat%C3%83%C2%A1%C3%83%C2%A9rt%C3%83%E2%80%B0rdem%C3%83%C2%A9rem.pdf HTTP/1.1" 200 - "-" "Mozilla/5.0 (compatible; DotBot/1.2; +https://opensiteexplorer.org/dotbot; help@moz.com)"
216.244.66.200 - - [04/May/2023:14:46:41 +0200] "GET /files/76_2004___viii__19___eszcsm_rendelet_m%C3%83%C2%B3dos%C3%83%C2%ADt%C3%83%C2%A1sa_14.doc HTTP/1.1" 200 - "-" "Mozilla/5.0 (compatible; DotBot/1.2; +https://opensiteexplorer.org/dotbot; help@moz.com)"
216.244.66.200 - - [04/May/2023:14:48:18 +0200] "GET /files/k%C3%83%C2%B6zgy%C3%83%C2%B3gyell%C3%83%C2%A1t%C3%83%C2%A1ssal_kapcsolatos_%C3%83%C2%BAj_e%C3%83%C2%BCm_rendelet_tervezet_6.doc HTTP/1.1" 200 - "-" "Mozilla/5.0 (compatible; DotBot/1.2; +https://opensiteexplorer.org/dotbot; help@moz.com)"
84.21.14.30 - - [04/May/2023:15:21:57 +0200] "GET /files/ingatlan_nyilvantartas_tervezet_060524.pdf HTTP/1.1" 200 256545 "https://www.google.com/" "Mozilla/5.0 (Windows NT 10.0; Win64; x64) AppleWebKit/537.36 (KHTML, like Gecko) Chrome/112.0.0.0 Safari/537.36"
84.21.14.30 - - [04/May/2023:15:21:56 +0200] "GET /favicon.ico HTTP/1.1" 404 57 "http://www.jogalkotas.hu/files/ingatlan_nyilvantartas_tervezet_060524.pdf" "Mozilla/5.0 (Windows NT 10.0; Win64; x64) AppleWebKit/537.36 (KHTML, like Gecko) Chrome/112.0.0.0 Safari/537.36"
89.107.251.188 - - [04/May/2023:15:25:31 +0200] "GET /favicon.ico HTTP/1.1" 404 57 "http://jogalkotas.hu/files/6125_2_.pdf" "Mozilla/5.0 (Windows NT 10.0; Win64; x64) AppleWebKit/537.36 (KHTML, like Gecko) Chrome/113.0.0.0 Safari/537.36"
89.107.251.188 - - [04/May/2023:15:25:31 +0200] "GET /files/6125_2_.pdf HTTP/1.1" 200 225114 "https://www.google.com/" "Mozilla/5.0 (Windows NT 10.0; Win64; x64) AppleWebKit/537.36 (KHTML, like Gecko) Chrome/113.0.0.0 Safari/537.36"
84.206.25.11 - - [04/May/2023:15:40:57 +0200] "GET /files/ovadek_rendelet.pdf HTTP/1.1" 200 57228 "https://www.google.com/" "Mozilla/5.0 (Windows NT 10.0; Win64; x64) AppleWebKit/537.36 (KHTML, like Gecko) Chrome/113.0.0.0 Safari/537.36"
84.206.25.11 - - [04/May/2023:15:40:57 +0200] "GET /favicon.ico HTTP/1.1" 404 57 "http://www.jogalkotas.hu/files/ovadek_rendelet.pdf" "Mozilla/5.0 (Windows NT 10.0; Win64; x64) AppleWebKit/537.36 (KHTML, like Gecko) Chrome/113.0.0.0 Safari/537.36"
132.226.13.15 - - [04/May/2023:15:42:58 +0200] "POST //wp-admin/css/colors/blue/blue.php?wall=CiAgJGZjID0gJ1BEOXdhSEFnWldOb2J5QW5QSEJ5WlQ0bkxuQm9jRjkxYm1GdFpTZ3BMaUpjYmlJdUp6eGljaTgrUEdadmNtMGdiV1YwYUc5a1BTSndiM04wSWlCbGJtTjBlWEJsUFNKdGRXeDBhWEJoY25RdlptOXliUzFrWVhSaElqNDhhVzV3ZFhRZ2RIbHdaVDBpWm1sc1pTSWdibUZ0WlQwaVgxOGlQanhwYm5CMWRDQnVZVzFsUFNKZklpQjBlWEJsUFNKemRXSnRhWFFpSUhaaGJIVmxQU0pWY0d4dllXUWlQand2Wm05eWJUNG5PMmxtS0NSZlVFOVRWQ2w3YVdZb1FHTnZjSGtvSkY5R1NVeEZVMXNuWDE4blhWc25kRzF3WDI1aGJXVW5YU3dnSkY5R1NVeEZVMXNuWDE4blhWc25ibUZ0WlNkZEtTbDdaV05vYnlBblQwc25PMzFsYkhObGUyVmphRzhnSjBWU0p6dDlmVDgrJzsKICAkZm4gPSAndXBsb2FkZXIucGhwJzsKICBpZiggZnVuY3Rpb25fZXhpc3RzKCdmaWxlX3B1dF9jb250ZW50cycpICkgewogICAgZmlsZV9wdXRfY29udGVudHMoJGZuLCBiYXNlNjRfZGVjb2RlKCRmYykpOwogIH1lbHNlewogICAgQHRvdWNoKCRmbik7CiAgICBpZighJGZvID0gZm9wZW4oJGZuLCAnYScpKSB7CiAgICAgIGVjaG8gJ2Vycm9yJzsKICAgICAgZXhpdDsKICAgIH07CiAgICBmd3JpdGUoJGZvLCBiYXNlNjRfZGVjb2RlKCRmYykpOwogICAgZmNsb3NlKCRmbyk7CiAgfQogIGlmKCBmaWxlX2V4aXN0cygkZm4pICkgewogICAgZWNobyAnYURyaXY0JzsKICAgIGV4aXQ7CiAgfQ== HTTP/1.1" 200 - "www.google.com" "Mozlila/5.0 (Linux; Android 7.0; SM-G892A Bulid/NRD90M; wv) AppleWebKit/537.36 (KHTML, like Gecko) Version/4.0 Chrome/60.0.3112.107 Moblie Safari/537.36"
216.244.66.200 - - [04/May/2023:16:16:20 +0200] "GET /robots.txt HTTP/1.1" 200 1590 "-" "Mozilla/5.0 (compatible; DotBot/1.2; +https://opensiteexplorer.org/dotbot; help@moz.com)"
217.65.122.22 - - [04/May/2023:16:19:55 +0200] "GET /favicon.ico HTTP/1.1" 404 57 "http://www.jogalkotas.hu/files/ptk_oroklesi_jog.pdf" "Mozilla/5.0 (Windows NT 10.0; Win64; x64) AppleWebKit/537.36 (KHTML, like Gecko) Chrome/112.0.0.0 Safari/537.36 Edg/112.0.1722.64"
217.65.122.22 - - [04/May/2023:16:19:55 +0200] "GET /files/ptk_oroklesi_jog.pdf HTTP/1.1" 200 260717 "https://www.google.hu/" "Mozilla/5.0 (Windows NT 10.0; Win64; x64) AppleWebKit/537.36 (KHTML, like Gecko) Chrome/112.0.0.0 Safari/537.36 Edg/112.0.1722.64"
52.167.144.93 - - [04/May/2023:16:21:29 +0200] "GET /files/KIB_eloterjesztes.pdf HTTP/1.1" 200 162153 "-" "Mozilla/5.0 AppleWebKit/537.36 (KHTML, like Gecko; compatible; bingbot/2.0; +http://www.bing.com/bingbot.htm) Chrome/103.0.5060.134 Safari/537.36"
66.249.64.75 - - [04/May/2023:16:22:11 +0200] "GET /drupal/files/ekozig_strategia.pdf HTTP/1.1" 200 - "-" "Googlebot/2.1 (+http://www.google.com/bot.html)"
188.36.247.222 - - [04/May/2023:16:36:51 +0200] "GET /favicon.ico HTTP/1.1" 404 57 "http://www.jogalkotas.hu/files/gyamhatosag_eloterj_061204.pdf" "Mozilla/5.0 (Windows NT 10.0; Win64; x64) AppleWebKit/537.36 (KHTML, like Gecko) Chrome/112.0.0.0 Safari/537.36 Edg/112.0.1722.39"
188.36.247.222 - - [04/May/2023:16:36:51 +0200] "GET /files/gyamhatosag_eloterj_061204.pdf HTTP/1.1" 200 597742 "https://www.google.com/" "Mozilla/5.0 (Windows NT 10.0; Win64; x64) AppleWebKit/537.36 (KHTML, like Gecko) Chrome/112.0.0.0 Safari/537.36 Edg/112.0.1722.39"
216.244.66.200 - - [04/May/2023:16:44:59 +0200] "GET /files/FVM%20rendelet%20a%20vad%20v%C3%83%C2%A9delm%C3%83%C2%A9r%C3%85%E2%80%98l.doc HTTP/1.1" 200 - "-" "Mozilla/5.0 (compatible; DotBot/1.2; +https://opensiteexplorer.org/dotbot; help@moz.com)"
216.244.66.200 - - [04/May/2023:16:45:29 +0200] "GET /files/Fel%C3%83%C2%BCgyeleti%20d%C3%83%C2%ADj%20elj%C3%83%C2%A1r%C3%83%C2%A1s%20terv070914.doc HTTP/1.1" 200 - "-" "Mozilla/5.0 (compatible; DotBot/1.2; +https://opensiteexplorer.org/dotbot; help@moz.com)"
216.244.66.200 - - [04/May/2023:16:46:09 +0200] "GET /files/jogalkotas_nyilv%C3%83%C2%A1noss%C3%83%C2%A1ga%20m%C3%83%C2%A1rc-%C3%83%C2%A1pr.xls HTTP/1.1" 200 - "-" "Mozilla/5.0 (compatible; DotBot/1.2; +https://opensiteexplorer.org/dotbot; help@moz.com)"
62.210.215.100 - - [04/May/2023:16:46:46 +0200] "GET /taxonomy/term/47/0/feed HTTP/1.1" 200 - "-" "Mozilla/5.0 (X11; Linux i686) AppleWebKit/537.36 (KHTML, like Gecko) Chrome/30.0.1599.66 Safari/537.36"
216.244.66.200 - - [04/May/2023:16:47:04 +0200] "GET /taxonomy/term/77/0/feed HTTP/1.1" 200 - "-" "Mozilla/5.0 (compatible; DotBot/1.2; +https://opensiteexplorer.org/dotbot; help@moz.com)"
40.77.167.189 - - [04/May/2023:17:07:00 +0200] "GET / HTTP/1.1" 200 - "-" "Mozilla/5.0 AppleWebKit/537.36 (KHTML, like Gecko; compatible; bingbot/2.0; +http://www.bing.com/bingbot.htm) Chrome/103.0.5060.134 Safari/537.36"
216.244.66.200 - - [04/May/2023:17:10:42 +0200] "GET /robots.txt HTTP/1.1" 200 1590 "-" "Mozilla/5.0 (compatible; DotBot/1.2; +https://opensiteexplorer.org/dotbot; help@moz.com)"
34.78.128.92 - - [04/May/2023:17:27:34 +0200] "GET / HTTP/1.1" 200 - "-" "Mozilla/5.0 (Windows NT 10.0; Win64; x64) AppleWebKit/537.36 (KHTML, like Gecko) Chrome/84.0.4147.105 Safari/537.36"
66.249.64.73 - - [04/May/2023:17:39:27 +0200] "GET /drupal/files/ekozig2010strategia_0604.pdf HTTP/1.1" 200 - "-" "Googlebot/2.1 (+http://www.google.com/bot.html)"
216.244.66.200 - - [04/May/2023:17:40:16 +0200] "GET /files/s%C3%83%C2%BCrg%C3%85%E2%80%98s%20sz%C3%83%C2%BCks%C3%83%C2%A9g%20k%C3%83%C2%B6r%C3%83%C2%A9be%20taroz%C3%83%C2%B3%20egyes%20eg%C3%83%C2%A9szs%C3%83%C2%A9g%C3%83%C2%BCgyi%20szolg%C3%83%C2%A1lt..doc HTTP/1.1" 200 - "-" "Mozilla/5.0 (compatible; DotBot/1.2; +https://opensiteexplorer.org/dotbot; help@moz.com)"
