66.249.79.148 - - [18/May/2023:02:09:48 +0200] "GET /files/t_csomag_08_09_18_honlapra.doc HTTP/1.1" 200 327680 "-" "Mozilla/5.0 (compatible; Googlebot/2.1; +http://www.google.com/bot.html)"
66.249.79.139 - - [18/May/2023:02:10:18 +0200] "GET /files/rendelet_szakmapolra.doc HTTP/1.1" 304 - "-" "Mozilla/5.0 (Linux; Android 6.0.1; Nexus 5X Build/MMB29P) AppleWebKit/537.36 (KHTML, like Gecko) Chrome/113.0.5672.92 Mobile Safari/537.36 (compatible; Googlebot/2.1; +http://www.google.com/bot.html)"
94.21.115.137 - - [18/May/2023:02:15:51 +0200] "GET /files/0306_T_rc_ra__ti_csiga.doc HTTP/1.1" 200 150016 "-" "Mozilla/5.0 (Linux; Android 10; K) AppleWebKit/537.36 (KHTML, like Gecko) Chrome/113.0.0.0 Mobile Safari/537.36"
66.249.79.142 - - [18/May/2023:02:29:02 +0200] "GET /moodle/calendar/view.php?loan=237 HTTP/1.1" 200 - "-" "Mozilla/5.0 (Linux; Android 6.0.1; Nexus 5X Build/MMB29P) AppleWebKit/537.36 (KHTML, like Gecko) Chrome/113.0.5672.92 Mobile Safari/537.36 (compatible; Googlebot/2.1; +http://www.google.com/bot.html)"
157.55.39.213 - - [18/May/2023:02:45:46 +0200] "GET /node/878 HTTP/1.1" 200 - "-" "Mozilla/5.0 AppleWebKit/537.36 (KHTML, like Gecko; compatible; bingbot/2.0; +http://www.bing.com/bingbot.htm) Chrome/103.0.5060.134 Safari/537.36"
52.167.144.49 - - [18/May/2023:02:50:28 +0200] "GET / HTTP/1.1" 200 - "-" "Mozilla/5.0 AppleWebKit/537.36 (KHTML, like Gecko; compatible; bingbot/2.0; +http://www.bing.com/bingbot.htm) Chrome/103.0.5060.134 Safari/537.36"
66.249.79.146 - - [18/May/2023:02:54:40 +0200] "GET /files/elismeres_terv_071015.pdf HTTP/1.1" 200 212388 "-" "Mozilla/5.0 (Linux; Android 6.0.1; Nexus 5X Build/MMB29P) AppleWebKit/537.36 (KHTML, like Gecko) Chrome/113.0.5672.92 Mobile Safari/537.36 (compatible; Googlebot/2.1; +http://www.google.com/bot.html)"
138.2.9.189 - - [18/May/2023:03:00:46 +0200] "GET /wp-content/uploads/2020/11/images/index.php HTTP/1.1" 200 - "www.google.com" "Mozlila/5.0 (Linux; Android 7.0; SM-G892A Bulid/NRD90M; wv) AppleWebKit/537.36 (KHTML, like Gecko) Version/4.0 Chrome/60.0.3112.107 Moblie Safari/537.36"
66.249.79.139 - - [18/May/2023:03:39:37 +0200] "GET /files/alap_es_mesterkepzesterv_060918.pdf HTTP/1.1" 304 - "-" "Mozilla/5.0 (Linux; Android 6.0.1; Nexus 5X Build/MMB29P) AppleWebKit/537.36 (KHTML, like Gecko) Chrome/113.0.5672.92 Mobile Safari/537.36 (compatible; Googlebot/2.1; +http://www.google.com/bot.html)"
66.249.79.139 - - [18/May/2023:03:39:39 +0200] "GET /files/kedvesllat_elterjeszts_07_25.pdf HTTP/1.1" 200 128292 "-" "Mozilla/5.0 (compatible; Googlebot/2.1; +http://www.google.com/bot.html)"
66.249.79.150 - - [18/May/2023:03:39:39 +0200] "GET /files/iranyelvek_060426.pdf HTTP/1.1" 304 - "-" "Mozilla/5.0 (Linux; Android 6.0.1; Nexus 5X Build/MMB29P) AppleWebKit/537.36 (KHTML, like Gecko) Chrome/113.0.5672.92 Mobile Safari/537.36 (compatible; Googlebot/2.1; +http://www.google.com/bot.html)"
66.249.79.146 - - [18/May/2023:03:40:03 +0200] "GET /files/2_kozzetetel_koltsegterites.doc HTTP/1.1" 304 - "-" "Mozilla/5.0 (compatible; Googlebot/2.1; +http://www.google.com/bot.html)"
52.167.144.166 - - [18/May/2023:03:48:18 +0200] "GET /files/hm_rendelet_tervezet_oltozkodesi_szabalyzat_modositas.pdf HTTP/1.1" 304 - "-" "Mozilla/5.0 AppleWebKit/537.36 (KHTML, like Gecko; compatible; bingbot/2.0; +http://www.bing.com/bingbot.htm) Chrome/103.0.5060.134 Safari/537.36"
216.244.66.200 - - [18/May/2023:03:57:58 +0200] "GET /robots.txt HTTP/1.1" 200 1590 "-" "Mozilla/5.0 (compatible; DotBot/1.2; +https://opensiteexplorer.org/dotbot; help@moz.com)"
183.136.225.44 - - [18/May/2023:04:03:33 +0200] "GET / HTTP/1.1" 200 - "-" "Mozilla/5.0 (Macintosh; Intel Mac OS X 10.11; rv:47.0) Gecko/20100101 Firefox/47.0"
216.244.66.200 - - [18/May/2023:04:08:57 +0200] "GET /files/R225rendelet.doc HTTP/1.1" 200 371729 "-" "Mozilla/5.0 (compatible; DotBot/1.2; +https://opensiteexplorer.org/dotbot; help@moz.com)"
216.244.66.200 - - [18/May/2023:04:09:14 +0200] "GET /files/fels_szak_kepz_r_szab_eum_rend_terv_091207.doc HTTP/1.1" 200 110080 "-" "Mozilla/5.0 (compatible; DotBot/1.2; +https://opensiteexplorer.org/dotbot; help@moz.com)"
216.244.66.200 - - [18/May/2023:04:10:04 +0200] "GET /files/tanev_rendje_10_11_terv_100302.pdf HTTP/1.1" 200 367388 "-" "Mozilla/5.0 (compatible; DotBot/1.2; +https://opensiteexplorer.org/dotbot; help@moz.com)"
216.244.66.200 - - [18/May/2023:04:11:06 +0200] "GET /files/FVM%20bor%C3%83%C2%A1szati%20%C3%83%C2%BCzemek%20m%C3%85%C2%B1k%C3%83%C2%B6d%C3%83%C2%A9se.doc HTTP/1.1" 200 - "-" "Mozilla/5.0 (compatible; DotBot/1.2; +https://opensiteexplorer.org/dotbot; help@moz.com)"
66.249.79.148 - - [18/May/2023:04:25:03 +0200] "GET /files/TK50.pdf HTTP/1.1" 304 - "-" "Mozilla/5.0 (compatible; Googlebot/2.1; +http://www.google.com/bot.html)"
216.244.66.200 - - [18/May/2023:04:49:00 +0200] "GET /robots.txt HTTP/1.1" 200 1590 "-" "Mozilla/5.0 (compatible; DotBot/1.2; +https://opensiteexplorer.org/dotbot; help@moz.com)"
66.249.79.141 - - [18/May/2023:05:00:06 +0200] "GET /files/8330-6.doc HTTP/1.1" 304 - "-" "Mozilla/5.0 (Linux; Android 6.0.1; Nexus 5X Build/MMB29P) AppleWebKit/537.36 (KHTML, like Gecko) Chrome/113.0.5672.92 Mobile Safari/537.36 (compatible; Googlebot/2.1; +http://www.google.com/bot.html)"
216.244.66.200 - - [18/May/2023:05:00:39 +0200] "GET /files/1205_T_rc_ra_Szendr_l_d.doc HTTP/1.1" 200 73728 "-" "Mozilla/5.0 (compatible; DotBot/1.2; +https://opensiteexplorer.org/dotbot; help@moz.com)"
216.244.66.200 - - [18/May/2023:05:01:06 +0200] "GET /files/ptk_bevezetes.pdf HTTP/1.1" 200 129012 "-" "Mozilla/5.0 (compatible; DotBot/1.2; +https://opensiteexplorer.org/dotbot; help@moz.com)"
216.244.66.200 - - [18/May/2023:05:02:18 +0200] "GET /files/iratkezel%C3%83%C2%A9si_kormrend_m%C3%83%C2%B3dos%C3%83%C2%ADt%C3%83%C2%A1sa.pdf HTTP/1.1" 200 - "-" "Mozilla/5.0 (compatible; DotBot/1.2; +https://opensiteexplorer.org/dotbot; help@moz.com)"
216.244.66.200 - - [18/May/2023:05:03:28 +0200] "GET /taxonomy/term/40/0/feed HTTP/1.1" 200 - "-" "Mozilla/5.0 (compatible; DotBot/1.2; +https://opensiteexplorer.org/dotbot; help@moz.com)"
66.249.79.150 - - [18/May/2023:05:04:50 +0200] "GET /files/kozeg_mell_jarvanyugyi_szolg.pdf HTTP/1.1" 304 - "-" "Mozilla/5.0 (Linux; Android 6.0.1; Nexus 5X Build/MMB29P) AppleWebKit/537.36 (KHTML, like Gecko) Chrome/113.0.5672.92 Mobile Safari/537.36 (compatible; Googlebot/2.1; +http://www.google.com/bot.html)"
66.249.79.146 - - [18/May/2023:05:09:34 +0200] "GET /files/kozeg_mell_jarvanyugyi_szolg.pdf HTTP/1.1" 304 - "-" "Mozilla/5.0 (compatible; Googlebot/2.1; +http://www.google.com/bot.html)"
66.249.79.148 - - [18/May/2023:05:09:36 +0200] "GET /files/fvm_szalmonellozis_velemenyezesre.pdf HTTP/1.1" 200 156900 "-" "Mozilla/5.0 (Linux; Android 6.0.1; Nexus 5X Build/MMB29P) AppleWebKit/537.36 (KHTML, like Gecko) Chrome/113.0.5672.92 Mobile Safari/537.36 (compatible; Googlebot/2.1; +http://www.google.com/bot.html)"
66.249.79.141 - - [18/May/2023:05:09:38 +0200] "GET /files/1998_94_mod_terv_090807.pdf HTTP/1.1" 200 376438 "-" "Mozilla/5.0 (compatible; Googlebot/2.1; +http://www.google.com/bot.html)"
66.249.79.148 - - [18/May/2023:05:09:40 +0200] "GET /files/statutum.doc HTTP/1.1" 200 166912 "-" "Mozilla/5.0 (compatible; Googlebot/2.1; +http://www.google.com/bot.html)"
66.249.79.139 - - [18/May/2023:05:10:18 +0200] "GET /files/rendelet_szakmapolra.doc HTTP/1.1" 304 - "-" "Mozilla/5.0 (compatible; Googlebot/2.1; +http://www.google.com/bot.html)"
66.249.79.141 - - [18/May/2023:05:21:46 +0200] "GET /files/legikozlvedszabkormelo.pdf HTTP/1.1" 304 - "-" "Mozilla/5.0 (compatible; Googlebot/2.1; +http://www.google.com/bot.html)"
66.249.79.141 - - [18/May/2023:05:21:46 +0200] "GET /robots.txt HTTP/1.1" 200 1590 "-" "Mozilla/5.0 (compatible; Googlebot/2.1; +http://www.google.com/bot.html)"
66.249.79.148 - - [18/May/2023:05:23:47 +0200] "GET /files/NFGM_8810.pdf HTTP/1.1" 304 - "-" "Mozilla/5.0 (Linux; Android 6.0.1; Nexus 5X Build/MMB29P) AppleWebKit/537.36 (KHTML, like Gecko) Chrome/113.0.5672.92 Mobile Safari/537.36 (compatible; Googlebot/2.1; +http://www.google.com/bot.html)"
66.249.79.141 - - [18/May/2023:05:33:15 +0200] "GET /files/8330-6.doc HTTP/1.1" 304 - "-" "Mozilla/5.0 (compatible; Googlebot/2.1; +http://www.google.com/bot.html)"
66.249.79.150 - - [18/May/2023:05:37:59 +0200] "GET /files/keklampa.doc HTTP/1.1" 304 - "-" "Mozilla/5.0 (compatible; Googlebot/2.1; +http://www.google.com/bot.html)"
216.244.66.200 - - [18/May/2023:05:40:27 +0200] "GET /robots.txt HTTP/1.1" 200 1590 "-" "Mozilla/5.0 (compatible; DotBot/1.2; +https://opensiteexplorer.org/dotbot; help@moz.com)"
216.244.66.200 - - [18/May/2023:05:40:29 +0200] "GET /robots.txt HTTP/1.1" 200 1590 "-" "Mozilla/5.0 (compatible; DotBot/1.2; +https://opensiteexplorer.org/dotbot; help@moz.com)"
216.244.66.200 - - [18/May/2023:05:51:56 +0200] "GET /files/Tervezet_a_vegrehajtoi_kezbesites_eljarasi_szabalyairol.pdf HTTP/1.1" 200 159770 "-" "Mozilla/5.0 (compatible; DotBot/1.2; +https://opensiteexplorer.org/dotbot; help@moz.com)"
66.249.79.139 - - [18/May/2023:05:52:12 +0200] "GET /files/nanhokifmktimfeer_terv_100225.pdf HTTP/1.1" 304 - "-" "Mozilla/5.0 (Linux; Android 6.0.1; Nexus 5X Build/MMB29P) AppleWebKit/537.36 (KHTML, like Gecko) Chrome/113.0.5672.92 Mobile Safari/537.36 (compatible; Googlebot/2.1; +http://www.google.com/bot.html)"
216.244.66.200 - - [18/May/2023:05:52:50 +0200] "GET /files/hatskritv%20060830.doc HTTP/1.1" 200 432543 "-" "Mozilla/5.0 (compatible; DotBot/1.2; +https://opensiteexplorer.org/dotbot; help@moz.com)"
216.244.66.200 - - [18/May/2023:05:53:51 +0200] "GET /taxonomy/term/21/0/feed HTTP/1.1" 200 - "-" "Mozilla/5.0 (compatible; DotBot/1.2; +https://opensiteexplorer.org/dotbot; help@moz.com)"
66.249.79.146 - - [18/May/2023:05:54:36 +0200] "GET /files/fvm_szalmonellozis_velemenyezesre.pdf HTTP/1.1" 200 156900 "-" "Mozilla/5.0 (compatible; Googlebot/2.1; +http://www.google.com/bot.html)"
216.244.66.200 - - [18/May/2023:05:54:43 +0200] "GET /files/epitesi_beruhazasok_torveny_.pdf HTTP/1.1" 200 269131 "-" "Mozilla/5.0 (compatible; DotBot/1.2; +https://opensiteexplorer.org/dotbot; help@moz.com)"
66.249.79.139 - - [18/May/2023:05:56:57 +0200] "GET /files/0227_fszankcel_t_kozig.doc HTTP/1.1" 200 803840 "-" "Mozilla/5.0 (compatible; Googlebot/2.1; +http://www.google.com/bot.html)"
66.249.79.139 - - [18/May/2023:06:00:34 +0200] "GET /files/13_ho_terv_080430.pdf HTTP/1.1" 200 272954 "-" "Mozilla/5.0 (compatible; Googlebot/2.1; +http://www.google.com/bot.html)"
52.167.144.49 - - [18/May/2023:06:01:15 +0200] "GET /node/1878 HTTP/1.1" 200 - "-" "Mozilla/5.0 AppleWebKit/537.36 (KHTML, like Gecko; compatible; bingbot/2.0; +http://www.bing.com/bingbot.htm) Chrome/103.0.5060.134 Safari/537.36"
66.249.79.148 - - [18/May/2023:06:02:16 +0200] "GET /files/155244.pdf HTTP/1.1" 304 - "-" "Mozilla/5.0 (Linux; Android 6.0.1; Nexus 5X Build/MMB29P) AppleWebKit/537.36 (KHTML, like Gecko) Chrome/113.0.5672.92 Mobile Safari/537.36 (compatible; Googlebot/2.1; +http://www.google.com/bot.html)"
66.249.79.148 - - [18/May/2023:06:02:49 +0200] "GET /files/repulesek_hmrendelet_tervezet.pdf HTTP/1.1" 200 181437 "-" "Mozilla/5.0 (compatible; Googlebot/2.1; +http://www.google.com/bot.html)"
66.249.79.139 - - [18/May/2023:06:05:04 +0200] "GET /files/1179_2009_Korm-hat.pdf HTTP/1.1" 200 71431 "-" "Mozilla/5.0 (Linux; Android 6.0.1; Nexus 5X Build/MMB29P) AppleWebKit/537.36 (KHTML, like Gecko) Chrome/113.0.5672.92 Mobile Safari/537.36 (compatible; Googlebot/2.1; +http://www.google.com/bot.html)"
66.249.79.143 - - [18/May/2023:06:06:24 +0200] "GET /files/Tuzszolszab..pdf HTTP/1.1" 304 - "-" "Mozilla/5.0 (Linux; Android 6.0.1; Nexus 5X Build/MMB29P) AppleWebKit/537.36 (KHTML, like Gecko) Chrome/113.0.5672.92 Mobile Safari/537.36 (compatible; Googlebot/2.1; +http://www.google.com/bot.html)"
52.167.144.49 - - [18/May/2023:06:06:26 +0200] "GET / HTTP/1.1" 200 - "-" "Mozilla/5.0 AppleWebKit/537.36 (KHTML, like Gecko; compatible; bingbot/2.0; +http://www.bing.com/bingbot.htm) Chrome/103.0.5060.134 Safari/537.36"
66.249.79.148 - - [18/May/2023:06:06:34 +0200] "GET /files/erettsegi_reszletes_061209.pdf HTTP/1.1" 304 - "-" "Mozilla/5.0 (Linux; Android 6.0.1; Nexus 5X Build/MMB29P) AppleWebKit/537.36 (KHTML, like Gecko) Chrome/113.0.5672.92 Mobile Safari/537.36 (compatible; Googlebot/2.1; +http://www.google.com/bot.html)"
66.249.79.143 - - [18/May/2023:06:11:08 +0200] "GET /files/kkv_koncepcio.pdf HTTP/1.1" 304 - "-" "Mozilla/5.0 (Linux; Android 6.0.1; Nexus 5X Build/MMB29P) AppleWebKit/537.36 (KHTML, like Gecko) Chrome/113.0.5672.92 Mobile Safari/537.36 (compatible; Googlebot/2.1; +http://www.google.com/bot.html)"
66.249.79.150 - - [18/May/2023:06:14:04 +0200] "GET /files/KHEM_8735_(normasz__veg).doc HTTP/1.1" 304 - "-" "Mozilla/5.0 (Linux; Android 6.0.1; Nexus 5X Build/MMB29P) AppleWebKit/537.36 (KHTML, like Gecko) Chrome/113.0.5672.92 Mobile Safari/537.36 (compatible; Googlebot/2.1; +http://www.google.com/bot.html)"
66.249.79.146 - - [18/May/2023:06:15:53 +0200] "GET /files/51995[1].pdf HTTP/1.1" 304 - "-" "Mozilla/5.0 (Linux; Android 6.0.1; Nexus 5X Build/MMB29P) AppleWebKit/537.36 (KHTML, like Gecko) Chrome/113.0.5672.92 Mobile Safari/537.36 (compatible; Googlebot/2.1; +http://www.google.com/bot.html)"
66.249.79.150 - - [18/May/2023:06:17:15 +0200] "GET /files/R305-2vezetoi.doc HTTP/1.1" 304 - "-" "Mozilla/5.0 (Linux; Android 6.0.1; Nexus 5X Build/MMB29P) AppleWebKit/537.36 (KHTML, like Gecko) Chrome/113.0.5672.92 Mobile Safari/537.36 (compatible; Googlebot/2.1; +http://www.google.com/bot.html)"
66.249.79.155 - - [18/May/2023:06:21:34 +0200] "GET /files/korrel-2006-34_jav.doc HTTP/1.1" 304 - "-" "Mozilla/5.0 (compatible; Googlebot/2.1; +http://www.google.com/bot.html)"
66.249.79.146 - - [18/May/2023:06:25:22 +0200] "GET /files/uj_OVSZ_KvVM_rend_kozigazgatasi_egyeztetes.pdf HTTP/1.1" 200 208836 "-" "Mozilla/5.0 (Linux; Android 6.0.1; Nexus 5X Build/MMB29P) AppleWebKit/537.36 (KHTML, like Gecko) Chrome/113.0.5672.92 Mobile Safari/537.36 (compatible; Googlebot/2.1; +http://www.google.com/bot.html)"
66.249.79.142 - - [18/May/2023:06:27:34 +0200] "GET /files/szakmagyakorlas.pdf HTTP/1.1" 304 - "-" "Mozilla/5.0 (compatible; Googlebot/2.1; +http://www.google.com/bot.html)"
66.249.79.139 - - [18/May/2023:06:34:50 +0200] "GET /files/NFGM205.pdf HTTP/1.1" 200 159391 "-" "Mozilla/5.0 (Linux; Android 6.0.1; Nexus 5X Build/MMB29P) AppleWebKit/537.36 (KHTML, like Gecko) Chrome/113.0.5672.92 Mobile Safari/537.36 (compatible; Googlebot/2.1; +http://www.google.com/bot.html)"
52.167.144.49 - - [18/May/2023:06:36:19 +0200] "GET / HTTP/1.1" 200 - "-" "Mozilla/5.0 AppleWebKit/537.36 (KHTML, like Gecko; compatible; bingbot/2.0; +http://www.bing.com/bingbot.htm) Chrome/103.0.5060.134 Safari/537.36"
66.249.79.148 - - [18/May/2023:06:36:34 +0200] "GET /files/1220_KAR_adatlapok_2006_12_08.doc HTTP/1.1" 200 311808 "-" "Mozilla/5.0 (Linux; Android 6.0.1; Nexus 5X Build/MMB29P) AppleWebKit/537.36 (KHTML, like Gecko) Chrome/113.0.5672.92 Mobile Safari/537.36 (compatible; Googlebot/2.1; +http://www.google.com/bot.html)"
66.249.79.150 - - [18/May/2023:06:36:35 +0200] "GET /files/nekika_terv_080826.pdf HTTP/1.1" 304 - "-" "Mozilla/5.0 (compatible; Googlebot/2.1; +http://www.google.com/bot.html)"
66.249.79.148 - - [18/May/2023:06:36:35 +0200] "GET /files/erettsegi_reszletes_061209.pdf HTTP/1.1" 304 - "-" "Mozilla/5.0 (compatible; Googlebot/2.1; +http://www.google.com/bot.html)"
66.249.79.146 - - [18/May/2023:06:39:35 +0200] "GET /files/szakkepesites_rend_1001.doc HTTP/1.1" 200 160256 "-" "Mozilla/5.0 (compatible; Googlebot/2.1; +http://www.google.com/bot.html)"
66.249.79.141 - - [18/May/2023:06:39:40 +0200] "GET /files/szakmagyakorlas.pdf HTTP/1.1" 200 172957 "-" "Mozilla/5.0 (compatible; Googlebot/2.1; +http://www.google.com/bot.html)"
66.249.79.150 - - [18/May/2023:06:41:04 +0200] "GET /files/hjt_2008_tervezet.pdf HTTP/1.1" 200 182668 "-" "Mozilla/5.0 (compatible; Googlebot/2.1; +http://www.google.com/bot.html)"
66.249.79.143 - - [18/May/2023:06:45:35 +0200] "GET /files/kkk_mod_honlapra_070914.pdf HTTP/1.1" 200 809046 "-" "Mozilla/5.0 (compatible; Googlebot/2.1; +http://www.google.com/bot.html)"
66.249.79.148 - - [18/May/2023:06:50:04 +0200] "GET /files/szoc_bizt_tv_terv_100218.doc HTTP/1.1" 200 52224 "-" "Mozilla/5.0 (Linux; Android 6.0.1; Nexus 5X Build/MMB29P) AppleWebKit/537.36 (KHTML, like Gecko) Chrome/113.0.5672.92 Mobile Safari/537.36 (compatible; Googlebot/2.1; +http://www.google.com/bot.html)"
66.249.79.141 - - [18/May/2023:06:51:33 +0200] "GET /files/egyes_kozl_tv.pdf HTTP/1.1" 304 - "-" "Mozilla/5.0 (compatible; Googlebot/2.1; +http://www.google.com/bot.html)"
66.249.79.143 - - [18/May/2023:06:51:33 +0200] "GET /files/35_2002_hm_rendelet_mod.pdf HTTP/1.1" 304 - "-" "Mozilla/5.0 (Linux; Android 6.0.1; Nexus 5X Build/MMB29P) AppleWebKit/537.36 (KHTML, like Gecko) Chrome/113.0.5672.92 Mobile Safari/537.36 (compatible; Googlebot/2.1; +http://www.google.com/bot.html)"
216.244.66.200 - - [18/May/2023:06:52:49 +0200] "GET /robots.txt HTTP/1.1" 200 1590 "-" "Mozilla/5.0 (compatible; DotBot/1.2; +https://opensiteexplorer.org/dotbot; help@moz.com)"
66.249.79.146 - - [18/May/2023:06:54:34 +0200] "GET /files/Szamos-Krasznakozi_szakmapol%202010_01_25_KOZIG.pdf HTTP/1.1" 200 248386 "-" "Mozilla/5.0 (compatible; Googlebot/2.1; +http://www.google.com/bot.html)"
66.249.79.148 - - [18/May/2023:06:55:50 +0200] "GET /files/szakertoidijazas.doc HTTP/1.1" 304 - "-" "Mozilla/5.0 (Linux; Android 6.0.1; Nexus 5X Build/MMB29P) AppleWebKit/537.36 (KHTML, like Gecko) Chrome/113.0.5672.92 Mobile Safari/537.36 (compatible; Googlebot/2.1; +http://www.google.com/bot.html)"
66.249.79.148 - - [18/May/2023:06:59:03 +0200] "GET /files/rendeszeti_startegia_kormanyra_2007_11_20_vegleges.doc HTTP/1.1" 304 - "-" "Mozilla/5.0 (Linux; Android 6.0.1; Nexus 5X Build/MMB29P) AppleWebKit/537.36 (KHTML, like Gecko) Chrome/113.0.5672.92 Mobile Safari/537.36 (compatible; Googlebot/2.1; +http://www.google.com/bot.html)"
216.244.66.200 - - [18/May/2023:07:02:29 +0200] "GET /files/ptk._szemelyek.pdf HTTP/1.1" 200 180749 "-" "Mozilla/5.0 (compatible; DotBot/1.2; +https://opensiteexplorer.org/dotbot; help@moz.com)"
66.249.79.150 - - [18/May/2023:07:03:16 +0200] "GET /files/Cstv_1433-1346-EK-40C-17-2006-IRMVhrmod0717.doc HTTP/1.1" 200 434176 "-" "Mozilla/5.0 (Linux; Android 6.0.1; Nexus 5X Build/MMB29P) AppleWebKit/537.36 (KHTML, like Gecko) Chrome/113.0.5672.92 Mobile Safari/537.36 (compatible; Googlebot/2.1; +http://www.google.com/bot.html)"
66.249.79.142 - - [18/May/2023:07:08:00 +0200] "GET /files/tartas.pdf HTTP/1.1" 200 514811 "-" "Mozilla/5.0 (Linux; Android 6.0.1; Nexus 5X Build/MMB29P) AppleWebKit/537.36 (KHTML, like Gecko) Chrome/113.0.5672.92 Mobile Safari/537.36 (compatible; Googlebot/2.1; +http://www.google.com/bot.html)"
66.249.79.142 - - [18/May/2023:07:08:08 +0200] "GET /files/otrt.pdf HTTP/1.1" 200 3417488 "-" "Mozilla/5.0 (compatible; Googlebot/2.1; +http://www.google.com/bot.html)"
66.249.79.142 - - [18/May/2023:07:12:33 +0200] "GET /files/MinTerv-1-Ell-2007-02-14.doc HTTP/1.1" 304 - "-" "Mozilla/5.0 (Linux; Android 6.0.1; Nexus 5X Build/MMB29P) AppleWebKit/537.36 (KHTML, like Gecko) Chrome/113.0.5672.92 Mobile Safari/537.36 (compatible; Googlebot/2.1; +http://www.google.com/bot.html)"
66.249.79.144 - - [18/May/2023:07:12:44 +0200] "GET /files/telepules_dok.pdf HTTP/1.1" 200 390907 "-" "Mozilla/5.0 (Linux; Android 6.0.1; Nexus 5X Build/MMB29P) AppleWebKit/537.36 (KHTML, like Gecko) Chrome/113.0.5672.92 Mobile Safari/537.36 (compatible; Googlebot/2.1; +http://www.google.com/bot.html)"
66.249.79.146 - - [18/May/2023:07:22:13 +0200] "GET /files/KHEm_1088.doc HTTP/1.1" 200 337408 "-" "Mozilla/5.0 (Linux; Android 6.0.1; Nexus 5X Build/MMB29P) AppleWebKit/537.36 (KHTML, like Gecko) Chrome/113.0.5672.92 Mobile Safari/537.36 (compatible; Googlebot/2.1; +http://www.google.com/bot.html)"
185.144.83.49 - - [18/May/2023:07:26:08 +0200] "GET / HTTP/1.1" 200 - "-" "Mozilla/5.0 (Windows NT 10.0; Win64; x64) AppleWebKit/537.36 (KHTML, like Gecko) Chrome/84.0.4147.105 Safari/537.36"
66.249.79.150 - - [18/May/2023:07:26:26 +0200] "GET /files/szakkepesites_rend_1001.doc HTTP/1.1" 200 160256 "-" "Mozilla/5.0 (Linux; Android 6.0.1; Nexus 5X Build/MMB29P) AppleWebKit/537.36 (KHTML, like Gecko) Chrome/113.0.5672.92 Mobile Safari/537.36 (compatible; Googlebot/2.1; +http://www.google.com/bot.html)"
66.249.79.148 - - [18/May/2023:07:26:30 +0200] "GET /files/ESR_korm_eloterjesztes.pdf HTTP/1.1" 200 1021178 "-" "Mozilla/5.0 (compatible; Googlebot/2.1; +http://www.google.com/bot.html)"
66.249.79.148 - - [18/May/2023:07:26:30 +0200] "GET /files/besopiacuzletivallalk.doc HTTP/1.1" 304 - "-" "Mozilla/5.0 (Linux; Android 6.0.1; Nexus 5X Build/MMB29P) AppleWebKit/537.36 (KHTML, like Gecko) Chrome/113.0.5672.92 Mobile Safari/537.36 (compatible; Googlebot/2.1; +http://www.google.com/bot.html)"
66.249.79.150 - - [18/May/2023:07:30:07 +0200] "GET /files/hm_rendelet_tervezet_katonak_illetmenyerol_es_juttatasairol.pdf HTTP/1.1" 304 - "-" "Mozilla/5.0 (Linux; Android 6.0.1; Nexus 5X Build/MMB29P) AppleWebKit/537.36 (KHTML, like Gecko) Chrome/113.0.5672.92 Mobile Safari/537.36 (compatible; Googlebot/2.1; +http://www.google.com/bot.html)"
46.139.67.180 - - [18/May/2023:07:31:11 +0200] "GET /files/ptk_kotelmi_jog.pdf HTTP/1.1" 200 706298 "https://www.google.com/" "Mozilla/5.0 (Macintosh; Intel Mac OS X 10_15_7) AppleWebKit/605.1.15 (KHTML, like Gecko) Version/15.6.1 Safari/605.1.15"
66.249.79.139 - - [18/May/2023:07:31:41 +0200] "GET /files/Kovi_rendelet_2009_kozig.pdf HTTP/1.1" 200 262245 "-" "Mozilla/5.0 (Linux; Android 6.0.1; Nexus 5X Build/MMB29P) AppleWebKit/537.36 (KHTML, like Gecko) Chrome/113.0.5672.92 Mobile Safari/537.36 (compatible; Googlebot/2.1; +http://www.google.com/bot.html)"
46.139.67.180 - - [18/May/2023:07:31:43 +0200] "GET /apple-touch-icon-precomposed.png HTTP/1.1" 200 - "-" "Safari/17613.3.9.1.16 CFNetwork/1335.0.3.1 Darwin/21.6.0"
46.139.67.180 - - [18/May/2023:07:32:15 +0200] "GET /apple-touch-icon-precomposed.png HTTP/1.1" 200 - "-" "Safari/17613.3.9.1.16 CFNetwork/1335.0.3.1 Darwin/21.6.0"
46.139.67.180 - - [18/May/2023:07:32:47 +0200] "GET /apple-touch-icon-precomposed.png HTTP/1.1" 200 - "-" "Safari/17613.3.9.1.16 CFNetwork/1335.0.3.1 Darwin/21.6.0"
46.139.67.180 - - [18/May/2023:07:33:19 +0200] "GET /apple-touch-icon.png HTTP/1.1" 200 - "-" "Safari/17613.3.9.1.16 CFNetwork/1335.0.3.1 Darwin/21.6.0"
46.139.67.180 - - [18/May/2023:07:33:51 +0200] "GET /apple-touch-icon.png HTTP/1.1" 200 - "-" "Safari/17613.3.9.1.16 CFNetwork/1335.0.3.1 Darwin/21.6.0"
46.139.67.180 - - [18/May/2023:07:34:23 +0200] "GET /apple-touch-icon.png HTTP/1.1" 200 - "-" "Safari/17613.3.9.1.16 CFNetwork/1335.0.3.1 Darwin/21.6.0"
66.249.79.141 - - [18/May/2023:07:34:56 +0200] "GET / HTTP/1.1" 200 - "-" "Mozilla/5.0 (compatible; Googlebot/2.1; +http://www.google.com/bot.html)"
66.249.79.148 - - [18/May/2023:07:36:26 +0200] "GET /files/22-1996-mod-kozigre.pdf HTTP/1.1" 200 966507 "-" "Mozilla/5.0 (Linux; Android 6.0.1; Nexus 5X Build/MMB29P) AppleWebKit/537.36 (KHTML, like Gecko) Chrome/113.0.5672.92 Mobile Safari/537.36 (compatible; Googlebot/2.1; +http://www.google.com/bot.html)"
66.249.79.143 - - [18/May/2023:07:39:13 +0200] "GET / HTTP/1.1" 200 - "-" "Mozilla/5.0 (Linux; Android 6.0.1; Nexus 5X Build/MMB29P) AppleWebKit/537.36 (KHTML, like Gecko) Chrome/113.0.5672.92 Mobile Safari/537.36 (compatible; Googlebot/2.1; +http://www.google.com/bot.html)"
66.249.79.146 - - [18/May/2023:07:44:03 +0200] "GET /files/KHEM_8735_(normasz__veg).doc HTTP/1.1" 304 - "-" "Mozilla/5.0 (compatible; Googlebot/2.1; +http://www.google.com/bot.html)"
66.249.79.146 - - [18/May/2023:07:45:53 +0200] "GET /files/4735.pdf HTTP/1.1" 200 190675 "-" "Mozilla/5.0 (Linux; Android 6.0.1; Nexus 5X Build/MMB29P) AppleWebKit/537.36 (KHTML, like Gecko) Chrome/113.0.5672.92 Mobile Safari/537.36 (compatible; Googlebot/2.1; +http://www.google.com/bot.html)"
216.244.66.200 - - [18/May/2023:07:52:49 +0200] "GET /robots.txt HTTP/1.1" 200 1590 "-" "Mozilla/5.0 (compatible; DotBot/1.2; +https://opensiteexplorer.org/dotbot; help@moz.com)"
216.244.66.200 - - [18/May/2023:07:52:49 +0200] "GET /robots.txt HTTP/1.1" 200 1590 "-" "Mozilla/5.0 (compatible; DotBot/1.2; +https://opensiteexplorer.org/dotbot; help@moz.com)"
66.249.79.146 - - [18/May/2023:07:55:21 +0200] "GET /files/NFGM326.pdf HTTP/1.1" 304 - "-" "Mozilla/5.0 (Linux; Android 6.0.1; Nexus 5X Build/MMB29P) AppleWebKit/537.36 (KHTML, like Gecko) Chrome/113.0.5672.92 Mobile Safari/537.36 (compatible; Googlebot/2.1; +http://www.google.com/bot.html)"
216.244.66.200 - - [18/May/2023:07:59:44 +0200] "GET /files/314-es_mod_kozig.pdf HTTP/1.1" 200 221547 "-" "Mozilla/5.0 (compatible; DotBot/1.2; +https://opensiteexplorer.org/dotbot; help@moz.com)"
216.244.66.200 - - [18/May/2023:08:00:21 +0200] "GET /files/R148-2.doc HTTP/1.1" 200 36352 "-" "Mozilla/5.0 (compatible; DotBot/1.2; +https://opensiteexplorer.org/dotbot; help@moz.com)"
216.244.66.200 - - [18/May/2023:08:01:01 +0200] "GET /files/TK56_3.pdf HTTP/1.1" 200 231252 "-" "Mozilla/5.0 (compatible; DotBot/1.2; +https://opensiteexplorer.org/dotbot; help@moz.com)"
216.244.66.200 - - [18/May/2023:08:01:57 +0200] "GET /files/Tervezet_a_fizetesi_meghagyasos_eljarassal_kapcsolatos_rendeletekrol.pdf HTTP/1.1" 200 551284 "-" "Mozilla/5.0 (compatible; DotBot/1.2; +https://opensiteexplorer.org/dotbot; help@moz.com)"
216.244.66.200 - - [18/May/2023:08:02:38 +0200] "GET /files/regeszet.doc HTTP/1.1" 200 169984 "-" "Mozilla/5.0 (compatible; DotBot/1.2; +https://opensiteexplorer.org/dotbot; help@moz.com)"
216.244.66.200 - - [18/May/2023:08:03:24 +0200] "GET /files/tamop_rend_terv_091104.pdf HTTP/1.1" 200 239925 "-" "Mozilla/5.0 (compatible; DotBot/1.2; +https://opensiteexplorer.org/dotbot; help@moz.com)"
216.244.66.200 - - [18/May/2023:08:04:08 +0200] "GET /files/Nemzetkozi_szerzodesekkel_kapcsolatos_eljarasrol_szolo_2005.evi_L.torveny_modositasarol.pdf HTTP/1.1" 200 155881 "-" "Mozilla/5.0 (compatible; DotBot/1.2; +https://opensiteexplorer.org/dotbot; help@moz.com)"
157.55.39.213 - - [18/May/2023:08:04:21 +0200] "GET /files/89_2004_mod_velemenyezesre_1.pdf HTTP/1.1" 200 296365 "-" "Mozilla/5.0 AppleWebKit/537.36 (KHTML, like Gecko; compatible; bingbot/2.0; +http://www.bing.com/bingbot.htm) Chrome/103.0.5060.134 Safari/537.36"
216.244.66.200 - - [18/May/2023:08:04:50 +0200] "GET /files/fejezeti_kum_rend_mod_2_2007.pdf HTTP/1.1" 200 184859 "-" "Mozilla/5.0 (compatible; DotBot/1.2; +https://opensiteexplorer.org/dotbot; help@moz.com)"
66.249.79.145 - - [18/May/2023:08:04:51 +0200] "GET /files/0227_fszankcel_t_kozig.doc HTTP/1.1" 200 803840 "-" "Mozilla/5.0 (Linux; Android 6.0.1; Nexus 5X Build/MMB29P) AppleWebKit/537.36 (KHTML, like Gecko) Chrome/113.0.5672.92 Mobile Safari/537.36 (compatible; Googlebot/2.1; +http://www.google.com/bot.html)"
66.249.79.144 - - [18/May/2023:08:06:34 +0200] "GET /files/IRM_munkaterv_2007.I.f%C3%A9l%C3%A9v.doc HTTP/1.1" 304 - "-" "Mozilla/5.0 (compatible; Googlebot/2.1; +http://www.google.com/bot.html)"
66.249.79.149 - - [18/May/2023:08:06:35 +0200] "GET /files/korm_hat_terv_vedonoi_fejl_090722.doc HTTP/1.1" 304 - "-" "Mozilla/5.0 (compatible; Googlebot/2.1; +http://www.google.com/bot.html)"
66.249.79.143 - - [18/May/2023:08:09:34 +0200] "GET /files/NFGM205.pdf HTTP/1.1" 200 159391 "-" "Mozilla/5.0 (compatible; Googlebot/2.1; +http://www.google.com/bot.html)"
66.249.79.150 - - [18/May/2023:08:09:35 +0200] "GET /files/normaszoveg_szakmapolra_01.27.doc HTTP/1.1" 304 - "-" "Mozilla/5.0 (compatible; Googlebot/2.1; +http://www.google.com/bot.html)"
66.249.79.150 - - [18/May/2023:08:09:40 +0200] "GET /files/esely_terv_081223.pdf HTTP/1.1" 200 204785 "-" "Mozilla/5.0 (Linux; Android 6.0.1; Nexus 5X Build/MMB29P) AppleWebKit/537.36 (KHTML, like Gecko) Chrome/113.0.5672.92 Mobile Safari/537.36 (compatible; Googlebot/2.1; +http://www.google.com/bot.html)"
66.249.79.148 - - [18/May/2023:08:10:02 +0200] "GET /files/2per2004_Eum_rend_mod_terv_090908.doc HTTP/1.1" 304 - "-" "Mozilla/5.0 (Linux; Android 6.0.1; Nexus 5X Build/MMB29P) AppleWebKit/537.36 (KHTML, like Gecko) Chrome/113.0.5672.92 Mobile Safari/537.36 (compatible; Googlebot/2.1; +http://www.google.com/bot.html)"
66.249.79.143 - - [18/May/2023:08:10:18 +0200] "GET /files/14390_10.pdf HTTP/1.1" 304 - "-" "Mozilla/5.0 (compatible; Googlebot/2.1; +http://www.google.com/bot.html)"
66.249.79.141 - - [18/May/2023:08:14:18 +0200] "GET /files/Kovi_rendelet_2009_kozig.pdf HTTP/1.1" 200 262245 "-" "Mozilla/5.0 (compatible; Googlebot/2.1; +http://www.google.com/bot.html)"
66.249.79.141 - - [18/May/2023:08:19:03 +0200] "GET /files/kkv_koncepcio.pdf HTTP/1.1" 200 497733 "-" "Mozilla/5.0 (compatible; Googlebot/2.1; +http://www.google.com/bot.html)"
52.167.144.49 - - [18/May/2023:08:24:26 +0200] "GET /files/NFGM2005.pdf HTTP/1.1" 304 - "-" "Mozilla/5.0 AppleWebKit/537.36 (KHTML, like Gecko; compatible; bingbot/2.0; +http://www.bing.com/bingbot.htm) Chrome/103.0.5060.134 Safari/537.36"
66.249.79.150 - - [18/May/2023:08:29:04 +0200] "GET /files/100_1997_korm_r_mod_061012.pdf HTTP/1.1" 304 - "-" "Mozilla/5.0 (compatible; Googlebot/2.1; +http://www.google.com/bot.html)"
66.249.79.148 - - [18/May/2023:08:34:25 +0200] "GET /files/pontrendszer.doc HTTP/1.1" 304 - "-" "Mozilla/5.0 (Linux; Android 6.0.1; Nexus 5X Build/MMB29P) AppleWebKit/537.36 (KHTML, like Gecko) Chrome/113.0.5672.92 Mobile Safari/537.36 (compatible; Googlebot/2.1; +http://www.google.com/bot.html)"
66.249.79.146 - - [18/May/2023:08:38:01 +0200] "GET /files/51995[1].pdf HTTP/1.1" 200 784820 "-" "Mozilla/5.0 (compatible; Googlebot/2.1; +http://www.google.com/bot.html)"
216.244.66.200 - - [18/May/2023:08:43:41 +0200] "GET /robots.txt HTTP/1.1" 200 1590 "-" "Mozilla/5.0 (compatible; DotBot/1.2; +https://opensiteexplorer.org/dotbot; help@moz.com)"
84.206.48.251 - - [18/May/2023:08:49:55 +0200] "GET /favicon.ico HTTP/1.1" 404 57 "http://www.jogalkotas.hu/files/ptk_kotelmi_jog.pdf" "Mozilla/5.0 (Windows NT 10.0; Win64; x64) AppleWebKit/537.36 (KHTML, like Gecko) Chrome/113.0.0.0 Safari/537.36"
84.206.48.251 - - [18/May/2023:08:49:55 +0200] "GET /files/ptk_kotelmi_jog.pdf HTTP/1.1" 200 706298 "https://www.google.com/" "Mozilla/5.0 (Windows NT 10.0; Win64; x64) AppleWebKit/537.36 (KHTML, like Gecko) Chrome/113.0.0.0 Safari/537.36"
216.244.66.200 - - [18/May/2023:08:51:21 +0200] "GET /files/Munkaanyag_ket_min_09.08._kozig.pdf HTTP/1.1" 200 88320 "-" "Mozilla/5.0 (compatible; DotBot/1.2; +https://opensiteexplorer.org/dotbot; help@moz.com)"
66.249.79.148 - - [18/May/2023:08:51:35 +0200] "GET /files/alapitvanyok_terv_090415.pdf HTTP/1.1" 304 - "-" "Mozilla/5.0 (Linux; Android 6.0.1; Nexus 5X Build/MMB29P) AppleWebKit/537.36 (KHTML, like Gecko) Chrome/113.0.5672.92 Mobile Safari/537.36 (compatible; Googlebot/2.1; +http://www.google.com/bot.html)"
66.249.79.146 - - [18/May/2023:08:51:36 +0200] "GET /files/orszszi_terv_070530.pdf HTTP/1.1" 304 - "-" "Mozilla/5.0 (compatible; Googlebot/2.1; +http://www.google.com/bot.html)"
216.244.66.200 - - [18/May/2023:08:52:04 +0200] "GET /files/alapf_muv_okt_kovet_II_060414.pdf HTTP/1.1" 200 487572 "-" "Mozilla/5.0 (compatible; DotBot/1.2; +https://opensiteexplorer.org/dotbot; help@moz.com)"
66.249.79.148 - - [18/May/2023:08:52:12 +0200] "GET /files/4735.pdf HTTP/1.1" 200 190675 "-" "Mozilla/5.0 (compatible; Googlebot/2.1; +http://www.google.com/bot.html)"
216.244.66.200 - - [18/May/2023:08:52:37 +0200] "GET /files/r34_2.pdf HTTP/1.1" 200 109321 "-" "Mozilla/5.0 (compatible; DotBot/1.2; +https://opensiteexplorer.org/dotbot; help@moz.com)"
66.249.79.146 - - [18/May/2023:08:54:36 +0200] "GET /files/vizsgajogosult_int_eum_min_rend_terv_090609_0.doc HTTP/1.1" 304 - "-" "Mozilla/5.0 (compatible; Googlebot/2.1; +http://www.google.com/bot.html)"
66.249.79.148 - - [18/May/2023:08:55:50 +0200] "GET /files/pontrendszer.doc HTTP/1.1" 304 - "-" "Mozilla/5.0 (compatible; Googlebot/2.1; +http://www.google.com/bot.html)"
66.249.79.150 - - [18/May/2023:09:00:07 +0200] "GET /files/alapitvanyok_terv_090415.pdf HTTP/1.1" 304 - "-" "Mozilla/5.0 (compatible; Googlebot/2.1; +http://www.google.com/bot.html)"
66.249.79.148 - - [18/May/2023:09:01:42 +0200] "GET /files/22-1996-mod-kozigre.pdf HTTP/1.1" 200 966507 "-" "Mozilla/5.0 (compatible; Googlebot/2.1; +http://www.google.com/bot.html)"
52.167.144.49 - - [18/May/2023:09:05:02 +0200] "GET /files/hm_rendelet_tervezet_8_2002_hm_rendelet_modositasarol.pdf HTTP/1.1" 304 - "-" "Mozilla/5.0 AppleWebKit/537.36 (KHTML, like Gecko; compatible; bingbot/2.0; +http://www.bing.com/bingbot.htm) Chrome/103.0.5060.134 Safari/537.36"
66.249.79.148 - - [18/May/2023:09:06:25 +0200] "GET /files/Cstv_1433-1346-EK-40C-17-2006-IRMVhrmod0717.doc HTTP/1.1" 200 434176 "-" "Mozilla/5.0 (compatible; Googlebot/2.1; +http://www.google.com/bot.html)"
66.249.79.139 - - [18/May/2023:09:11:10 +0200] "GET /files/Tuzszolszab..pdf HTTP/1.1" 200 424954 "-" "Mozilla/5.0 (compatible; Googlebot/2.1; +http://www.google.com/bot.html)"
66.249.79.148 - - [18/May/2023:09:12:59 +0200] "GET /files/mentes_gyogyszerrendeles_min_rend_terv_0909011.doc HTTP/1.1" 304 - "-" "Mozilla/5.0 (compatible; Googlebot/2.1; +http://www.google.com/bot.html)"
20.15.133.188 - - [18/May/2023:09:15:12 +0200] "GET /robots.txt HTTP/1.1" 200 1590 "-" "Mozilla/5.0 AppleWebKit/537.36 (KHTML, like Gecko; compatible; bingbot/2.0; +http://www.bing.com/bingbot.htm) Chrome/103.0.5060.134 Safari/537.36"
20.15.133.173 - - [18/May/2023:09:15:52 +0200] "GET /drupal/taxonomy/term/56 HTTP/1.1" 200 - "-" "Mozilla/5.0 AppleWebKit/537.36 (KHTML, like Gecko; compatible; bingbot/2.0; +http://www.bing.com/bingbot.htm) Chrome/103.0.5060.134 Safari/537.36"
66.249.79.150 - - [18/May/2023:09:15:53 +0200] "GET /files/telepules_dok.pdf HTTP/1.1" 304 - "-" "Mozilla/5.0 (compatible; Googlebot/2.1; +http://www.google.com/bot.html)"
66.249.79.150 - - [18/May/2023:09:17:16 +0200] "GET /files/ekeloterj.doc HTTP/1.1" 304 - "-" "Mozilla/5.0 (compatible; Googlebot/2.1; +http://www.google.com/bot.html)"
66.249.79.150 - - [18/May/2023:09:20:36 +0200] "GET /files/KHEm_1088.doc HTTP/1.1" 304 - "-" "Mozilla/5.0 (compatible; Googlebot/2.1; +http://www.google.com/bot.html)"
17.241.227.175 - - [18/May/2023:09:26:18 +0200] "GET /robots.txt HTTP/1.1" 200 1590 "-" "Mozilla/5.0 (Macintosh; Intel Mac OS X 10_15_5) AppleWebKit/605.1.15 (KHTML, like Gecko) Version/13.1.1 Safari/605.1.15 (Applebot/0.1; +http://www.apple.com/go/applebot)"
17.241.227.175 - - [18/May/2023:09:26:50 +0200] "GET /drupal/files/ptk-normaszoveg-tervezet_20071029.pdf HTTP/1.1" 200 - "-" "Mozilla/5.0 (Macintosh; Intel Mac OS X 10_15_5) AppleWebKit/605.1.15 (KHTML, like Gecko) Version/13.1.1 Safari/605.1.15 (Applebot/0.1; +http://www.apple.com/go/applebot)"
94.247.172.129 - - [18/May/2023:09:30:28 +0200] "GET / HTTP/1.1" 200 - "-" "Mozilla/5.0 (Macintosh; Intel Mac OS X 10_9_2)"
66.249.79.146 - - [18/May/2023:09:34:25 +0200] "GET /files/kozigazgatasi,_szakmai-erdekkepviseleti_egyeztetesre_bocsatott_tervezet_honlap.doc HTTP/1.1" 304 - "-" "Mozilla/5.0 (Linux; Android 6.0.1; Nexus 5X Build/MMB29P) AppleWebKit/537.36 (KHTML, like Gecko) Chrome/113.0.5672.92 Mobile Safari/537.36 (compatible; Googlebot/2.1; +http://www.google.com/bot.html)"
216.244.66.200 - - [18/May/2023:09:34:43 +0200] "GET /robots.txt HTTP/1.1" 200 1590 "-" "Mozilla/5.0 (compatible; DotBot/1.2; +https://opensiteexplorer.org/dotbot; help@moz.com)"
66.249.79.146 - - [18/May/2023:09:34:51 +0200] "GET /files/tartas.pdf HTTP/1.1" 200 514811 "-" "Mozilla/5.0 (compatible; Googlebot/2.1; +http://www.google.com/bot.html)"
66.249.79.139 - - [18/May/2023:09:39:34 +0200] "GET /files/Tuzszolszab..pdf HTTP/1.1" 304 - "-" "Mozilla/5.0 (compatible; Googlebot/2.1; +http://www.google.com/bot.html)"
66.249.79.148 - - [18/May/2023:09:39:35 +0200] "GET /files/KHEM_1371_3.doc HTTP/1.1" 304 - "-" "Mozilla/5.0 (Linux; Android 6.0.1; Nexus 5X Build/MMB29P) AppleWebKit/537.36 (KHTML, like Gecko) Chrome/113.0.5672.92 Mobile Safari/537.36 (compatible; Googlebot/2.1; +http://www.google.com/bot.html)"
66.249.79.150 - - [18/May/2023:09:39:36 +0200] "GET /files/14per2007_mod_terv.doc HTTP/1.1" 304 - "-" "Mozilla/5.0 (Linux; Android 6.0.1; Nexus 5X Build/MMB29P) AppleWebKit/537.36 (KHTML, like Gecko) Chrome/113.0.5672.92 Mobile Safari/537.36 (compatible; Googlebot/2.1; +http://www.google.com/bot.html)"
66.249.79.148 - - [18/May/2023:09:39:37 +0200] "GET /files/norma_0317_kozigre.doc HTTP/1.1" 304 - "-" "Mozilla/5.0 (Linux; Android 6.0.1; Nexus 5X Build/MMB29P) AppleWebKit/537.36 (KHTML, like Gecko) Chrome/113.0.5672.92 Mobile Safari/537.36 (compatible; Googlebot/2.1; +http://www.google.com/bot.html)"
66.249.79.141 - - [18/May/2023:09:39:40 +0200] "GET /files/nem_uzleti_eloterj_4_rendelet_szovege_061129.pdf HTTP/1.1" 200 170409 "-" "Mozilla/5.0 (Linux; Android 6.0.1; Nexus 5X Build/MMB29P) AppleWebKit/537.36 (KHTML, like Gecko) Chrome/113.0.5672.92 Mobile Safari/537.36 (compatible; Googlebot/2.1; +http://www.google.com/bot.html)"
66.249.79.139 - - [18/May/2023:09:40:03 +0200] "GET /files/KHEM_1424_5normaszoveg.doc HTTP/1.1" 304 - "-" "Mozilla/5.0 (Linux; Android 6.0.1; Nexus 5X Build/MMB29P) AppleWebKit/537.36 (KHTML, like Gecko) Chrome/113.0.5672.92 Mobile Safari/537.36 (compatible; Googlebot/2.1; +http://www.google.com/bot.html)"
216.244.66.200 - - [18/May/2023:09:42:19 +0200] "GET /files/7769_04_06_web_kozzetetel_kszf.rtf.txt HTTP/1.1" 200 32155 "-" "Mozilla/5.0 (compatible; DotBot/1.2; +https://opensiteexplorer.org/dotbot; help@moz.com)"
188.230.135.55 - - [18/May/2023:09:43:58 +0200] "GET /files/epiteskivitelezes.pdf HTTP/1.1" 206 16384 "https://www.google.com/" "Mozilla/5.0 (Macintosh; Intel Mac OS X 10_15_7) AppleWebKit/605.1.15 (KHTML, like Gecko) Version/16.4 Safari/605.1.15"
188.230.135.55 - - [18/May/2023:09:43:58 +0200] "GET /files/epiteskivitelezes.pdf HTTP/1.1" 206 1023 "https://www.google.com/" "Mozilla/5.0 (Macintosh; Intel Mac OS X 10_15_7) AppleWebKit/605.1.15 (KHTML, like Gecko) Version/16.4 Safari/605.1.15"
188.230.135.55 - - [18/May/2023:09:43:59 +0200] "GET /files/epiteskivitelezes.pdf HTTP/1.1" 416 0 "https://www.google.com/" "Mozilla/5.0 (Macintosh; Intel Mac OS X 10_15_7) AppleWebKit/605.1.15 (KHTML, like Gecko) Version/16.4 Safari/605.1.15"
188.230.135.55 - - [18/May/2023:09:43:59 +0200] "GET /files/epiteskivitelezes.pdf HTTP/1.1" 206 16384 "https://www.google.com/" "Mozilla/5.0 (Macintosh; Intel Mac OS X 10_15_7) AppleWebKit/605.1.15 (KHTML, like Gecko) Version/16.4 Safari/605.1.15"
188.230.135.55 - - [18/May/2023:09:43:59 +0200] "GET /files/epiteskivitelezes.pdf HTTP/1.1" 206 16384 "https://www.google.com/" "Mozilla/5.0 (Macintosh; Intel Mac OS X 10_15_7) AppleWebKit/605.1.15 (KHTML, like Gecko) Version/16.4 Safari/605.1.15"
188.230.135.55 - - [18/May/2023:09:43:59 +0200] "GET /files/epiteskivitelezes.pdf HTTP/1.1" 206 193198 "https://www.google.com/" "Mozilla/5.0 (Macintosh; Intel Mac OS X 10_15_7) AppleWebKit/605.1.15 (KHTML, like Gecko) Version/16.4 Safari/605.1.15"
188.230.135.55 - - [18/May/2023:09:43:59 +0200] "GET /files/epiteskivitelezes.pdf HTTP/1.1" 200 715535 "https://www.google.com/" "Mozilla/5.0 (Macintosh; Intel Mac OS X 10_15_7) AppleWebKit/605.1.15 (KHTML, like Gecko) Version/16.4 Safari/605.1.15"
188.230.135.55 - - [18/May/2023:09:44:00 +0200] "GET /files/epiteskivitelezes.pdf HTTP/1.1" 206 101360 "https://www.google.com/" "Mozilla/5.0 (Macintosh; Intel Mac OS X 10_15_7) AppleWebKit/605.1.15 (KHTML, like Gecko) Version/16.4 Safari/605.1.15"
188.230.135.55 - - [18/May/2023:09:44:00 +0200] "GET /favicon.ico HTTP/1.1" 404 57 "http://www.jogalkotas.hu/files/epiteskivitelezes.pdf" "Mozilla/5.0 (Macintosh; Intel Mac OS X 10_15_7) AppleWebKit/605.1.15 (KHTML, like Gecko) Version/16.4 Safari/605.1.15"
188.230.135.55 - - [18/May/2023:09:44:22 +0200] "GET /files/epiteskivitelezes.pdf HTTP/1.1" 200 715535 "-" "Mozilla/5.0 (Macintosh; Intel Mac OS X 10_15_7) AppleWebKit/605.1.15 (KHTML, like Gecko)"
188.230.135.55 - - [18/May/2023:09:44:24 +0200] "GET /files/epiteskivitelezes.pdf HTTP/1.1" 200 715535 "-" "Mozilla/5.0 (Macintosh; Intel Mac OS X 10_15_7) AppleWebKit/605.1.15 (KHTML, like Gecko)"
188.230.135.55 - - [18/May/2023:09:44:54 +0200] "GET /apple-touch-icon-precomposed.png HTTP/1.1" 200 - "-" "Safari/18615.1.26.110.1 CFNetwork/1406.0.4 Darwin/22.4.0"
188.230.135.55 - - [18/May/2023:09:44:56 +0200] "GET /apple-touch-icon-precomposed.png HTTP/1.1" 200 - "-" "Safari/18615.1.26.110.1 CFNetwork/1406.0.4 Darwin/22.4.0"
188.230.135.55 - - [18/May/2023:09:45:26 +0200] "GET /apple-touch-icon-precomposed.png HTTP/1.1" 200 - "-" "Safari/18615.1.26.110.1 CFNetwork/1406.0.4 Darwin/22.4.0"
188.230.135.55 - - [18/May/2023:09:45:28 +0200] "GET /apple-touch-icon-precomposed.png HTTP/1.1" 200 - "-" "Safari/18615.1.26.110.1 CFNetwork/1406.0.4 Darwin/22.4.0"
188.230.135.55 - - [18/May/2023:09:45:58 +0200] "GET /apple-touch-icon-precomposed.png HTTP/1.1" 200 - "-" "Safari/18615.1.26.110.1 CFNetwork/1406.0.4 Darwin/22.4.0"
188.230.135.55 - - [18/May/2023:09:46:00 +0200] "GET /apple-touch-icon-precomposed.png HTTP/1.1" 200 - "-" "Safari/18615.1.26.110.1 CFNetwork/1406.0.4 Darwin/22.4.0"
188.230.135.55 - - [18/May/2023:09:46:30 +0200] "GET /apple-touch-icon.png HTTP/1.1" 200 - "-" "Safari/18615.1.26.110.1 CFNetwork/1406.0.4 Darwin/22.4.0"
188.230.135.55 - - [18/May/2023:09:46:32 +0200] "GET /apple-touch-icon.png HTTP/1.1" 200 - "-" "Safari/18615.1.26.110.1 CFNetwork/1406.0.4 Darwin/22.4.0"
188.230.135.55 - - [18/May/2023:09:47:02 +0200] "GET /apple-touch-icon.png HTTP/1.1" 200 - "-" "Safari/18615.1.26.110.1 CFNetwork/1406.0.4 Darwin/22.4.0"
188.230.135.55 - - [18/May/2023:09:47:04 +0200] "GET /apple-touch-icon.png HTTP/1.1" 200 - "-" "Safari/18615.1.26.110.1 CFNetwork/1406.0.4 Darwin/22.4.0"
188.230.135.55 - - [18/May/2023:09:47:34 +0200] "GET /apple-touch-icon.png HTTP/1.1" 200 - "-" "Safari/18615.1.26.110.1 CFNetwork/1406.0.4 Darwin/22.4.0"
188.230.135.55 - - [18/May/2023:09:47:34 +0200] "GET /favicon.ico HTTP/1.1" 404 57 "-" "Safari/18615.1.26.110.1 CFNetwork/1406.0.4 Darwin/22.4.0"
188.230.135.55 - - [18/May/2023:09:47:36 +0200] "GET /apple-touch-icon.png HTTP/1.1" 200 - "-" "Safari/18615.1.26.110.1 CFNetwork/1406.0.4 Darwin/22.4.0"
188.230.135.55 - - [18/May/2023:09:47:37 +0200] "GET /favicon.ico HTTP/1.1" 404 57 "-" "Safari/18615.1.26.110.1 CFNetwork/1406.0.4 Darwin/22.4.0"
188.230.135.55 - - [18/May/2023:09:48:06 +0200] "GET /apple-touch-icon-precomposed.png HTTP/1.1" 200 - "-" "Safari/18615.1.26.110.1 CFNetwork/1406.0.4 Darwin/22.4.0"
188.230.135.55 - - [18/May/2023:09:48:08 +0200] "GET /apple-touch-icon-precomposed.png HTTP/1.1" 200 - "-" "Safari/18615.1.26.110.1 CFNetwork/1406.0.4 Darwin/22.4.0"
188.230.135.55 - - [18/May/2023:09:48:38 +0200] "GET /apple-touch-icon-precomposed.png HTTP/1.1" 200 - "-" "Safari/18615.1.26.110.1 CFNetwork/1406.0.4 Darwin/22.4.0"
188.230.135.55 - - [18/May/2023:09:48:40 +0200] "GET /apple-touch-icon-precomposed.png HTTP/1.1" 200 - "-" "Safari/18615.1.26.110.1 CFNetwork/1406.0.4 Darwin/22.4.0"
188.230.135.55 - - [18/May/2023:09:49:10 +0200] "GET /apple-touch-icon-precomposed.png HTTP/1.1" 200 - "-" "Safari/18615.1.26.110.1 CFNetwork/1406.0.4 Darwin/22.4.0"
188.230.135.55 - - [18/May/2023:09:49:12 +0200] "GET /apple-touch-icon-precomposed.png HTTP/1.1" 200 - "-" "Safari/18615.1.26.110.1 CFNetwork/1406.0.4 Darwin/22.4.0"
188.230.135.55 - - [18/May/2023:09:49:42 +0200] "GET /apple-touch-icon.png HTTP/1.1" 200 - "-" "Safari/18615.1.26.110.1 CFNetwork/1406.0.4 Darwin/22.4.0"
188.230.135.55 - - [18/May/2023:09:49:44 +0200] "GET /apple-touch-icon.png HTTP/1.1" 200 - "-" "Safari/18615.1.26.110.1 CFNetwork/1406.0.4 Darwin/22.4.0"
66.249.79.150 - - [18/May/2023:09:50:03 +0200] "GET /files/3802_16.pdf HTTP/1.1" 304 - "-" "Mozilla/5.0 (Linux; Android 6.0.1; Nexus 5X Build/MMB29P) AppleWebKit/537.36 (KHTML, like Gecko) Chrome/113.0.5672.92 Mobile Safari/537.36 (compatible; Googlebot/2.1; +http://www.google.com/bot.html)"
188.230.135.55 - - [18/May/2023:09:50:14 +0200] "GET /apple-touch-icon.png HTTP/1.1" 200 - "-" "Safari/18615.1.26.110.1 CFNetwork/1406.0.4 Darwin/22.4.0"
188.230.135.55 - - [18/May/2023:09:50:16 +0200] "GET /apple-touch-icon.png HTTP/1.1" 200 - "-" "Safari/18615.1.26.110.1 CFNetwork/1406.0.4 Darwin/22.4.0"
188.230.135.55 - - [18/May/2023:09:50:46 +0200] "GET /apple-touch-icon.png HTTP/1.1" 200 - "-" "Safari/18615.1.26.110.1 CFNetwork/1406.0.4 Darwin/22.4.0"
188.230.135.55 - - [18/May/2023:09:50:46 +0200] "GET /favicon.ico HTTP/1.1" 404 57 "-" "Safari/18615.1.26.110.1 CFNetwork/1406.0.4 Darwin/22.4.0"
188.230.135.55 - - [18/May/2023:09:50:47 +0200] "GET /files/epiteskivitelezes.pdf HTTP/1.1" 200 715535 "-" "Mozilla/5.0 (iPhone; CPU iPhone OS 16_4 like Mac OS X) AppleWebKit/605.1.15 (KHTML, like Gecko) Version/16.4 Mobile/15E148 Safari/604.1"
188.230.135.55 - - [18/May/2023:09:50:48 +0200] "GET /apple-touch-icon.png HTTP/1.1" 200 - "-" "Safari/18615.1.26.110.1 CFNetwork/1406.0.4 Darwin/22.4.0"
188.230.135.55 - - [18/May/2023:09:50:48 +0200] "GET /favicon.ico HTTP/1.1" 404 57 "-" "Safari/18615.1.26.110.1 CFNetwork/1406.0.4 Darwin/22.4.0"
188.230.135.55 - - [18/May/2023:09:50:49 +0200] "GET /files/epiteskivitelezes.pdf HTTP/1.1" 200 715535 "-" "Mozilla/5.0 (iPhone; CPU iPhone OS 16_4 like Mac OS X) AppleWebKit/605.1.15 (KHTML, like Gecko) Version/16.4 Mobile/15E148 Safari/604.1"
188.230.135.55 - - [18/May/2023:09:51:19 +0200] "GET /apple-touch-icon-precomposed.png HTTP/1.1" 200 - "-" "Safari/18615.1.26.110.1 CFNetwork/1406.0.4 Darwin/22.4.0"
188.230.135.55 - - [18/May/2023:09:51:20 +0200] "GET /apple-touch-icon-precomposed.png HTTP/1.1" 200 - "-" "Safari/18615.1.26.110.1 CFNetwork/1406.0.4 Darwin/22.4.0"
188.230.135.55 - - [18/May/2023:09:51:51 +0200] "GET /apple-touch-icon-precomposed.png HTTP/1.1" 200 - "-" "Safari/18615.1.26.110.1 CFNetwork/1406.0.4 Darwin/22.4.0"
188.230.135.55 - - [18/May/2023:09:51:52 +0200] "GET /apple-touch-icon-precomposed.png HTTP/1.1" 200 - "-" "Safari/18615.1.26.110.1 CFNetwork/1406.0.4 Darwin/22.4.0"
188.230.135.55 - - [18/May/2023:09:52:23 +0200] "GET /apple-touch-icon-precomposed.png HTTP/1.1" 200 - "-" "Safari/18615.1.26.110.1 CFNetwork/1406.0.4 Darwin/22.4.0"
188.230.135.55 - - [18/May/2023:09:52:24 +0200] "GET /apple-touch-icon-precomposed.png HTTP/1.1" 200 - "-" "Safari/18615.1.26.110.1 CFNetwork/1406.0.4 Darwin/22.4.0"
188.230.135.55 - - [18/May/2023:09:52:55 +0200] "GET /apple-touch-icon.png HTTP/1.1" 200 - "-" "Safari/18615.1.26.110.1 CFNetwork/1406.0.4 Darwin/22.4.0"
188.230.135.55 - - [18/May/2023:09:52:56 +0200] "GET /apple-touch-icon.png HTTP/1.1" 200 - "-" "Safari/18615.1.26.110.1 CFNetwork/1406.0.4 Darwin/22.4.0"
188.230.135.55 - - [18/May/2023:09:53:27 +0200] "GET /apple-touch-icon.png HTTP/1.1" 200 - "-" "Safari/18615.1.26.110.1 CFNetwork/1406.0.4 Darwin/22.4.0"
188.230.135.55 - - [18/May/2023:09:53:28 +0200] "GET /apple-touch-icon.png HTTP/1.1" 200 - "-" "Safari/18615.1.26.110.1 CFNetwork/1406.0.4 Darwin/22.4.0"
66.249.79.150 - - [18/May/2023:09:53:48 +0200] "GET /files/ofp_1062_091126.pdf HTTP/1.1" 200 606577 "-" "Mozilla/5.0 (Linux; Android 6.0.1; Nexus 5X Build/MMB29P) AppleWebKit/537.36 (KHTML, like Gecko) Chrome/113.0.5672.92 Mobile Safari/537.36 (compatible; Googlebot/2.1; +http://www.google.com/bot.html)"
188.230.135.55 - - [18/May/2023:09:53:59 +0200] "GET /apple-touch-icon.png HTTP/1.1" 200 - "-" "Safari/18615.1.26.110.1 CFNetwork/1406.0.4 Darwin/22.4.0"
188.230.135.55 - - [18/May/2023:09:53:59 +0200] "GET /favicon.ico HTTP/1.1" 404 57 "-" "Safari/18615.1.26.110.1 CFNetwork/1406.0.4 Darwin/22.4.0"
188.230.135.55 - - [18/May/2023:09:54:00 +0200] "GET /apple-touch-icon.png HTTP/1.1" 200 - "-" "Safari/18615.1.26.110.1 CFNetwork/1406.0.4 Darwin/22.4.0"
188.230.135.55 - - [18/May/2023:09:54:00 +0200] "GET /favicon.ico HTTP/1.1" 404 57 "-" "Safari/18615.1.26.110.1 CFNetwork/1406.0.4 Darwin/22.4.0"
188.230.135.55 - - [18/May/2023:09:54:31 +0200] "GET /apple-touch-icon-precomposed.png HTTP/1.1" 200 - "-" "Safari/18615.1.26.110.1 CFNetwork/1406.0.4 Darwin/22.4.0"
188.230.135.55 - - [18/May/2023:09:54:32 +0200] "GET /apple-touch-icon-precomposed.png HTTP/1.1" 200 - "-" "Safari/18615.1.26.110.1 CFNetwork/1406.0.4 Darwin/22.4.0"
188.230.135.55 - - [18/May/2023:09:55:03 +0200] "GET /apple-touch-icon-precomposed.png HTTP/1.1" 200 - "-" "Safari/18615.1.26.110.1 CFNetwork/1406.0.4 Darwin/22.4.0"
188.230.135.55 - - [18/May/2023:09:55:04 +0200] "GET /apple-touch-icon-precomposed.png HTTP/1.1" 200 - "-" "Safari/18615.1.26.110.1 CFNetwork/1406.0.4 Darwin/22.4.0"
188.230.135.55 - - [18/May/2023:09:55:35 +0200] "GET /apple-touch-icon-precomposed.png HTTP/1.1" 200 - "-" "Safari/18615.1.26.110.1 CFNetwork/1406.0.4 Darwin/22.4.0"
188.230.135.55 - - [18/May/2023:09:55:36 +0200] "GET /apple-touch-icon-precomposed.png HTTP/1.1" 200 - "-" "Safari/18615.1.26.110.1 CFNetwork/1406.0.4 Darwin/22.4.0"
188.230.135.55 - - [18/May/2023:09:56:07 +0200] "GET /apple-touch-icon.png HTTP/1.1" 200 - "-" "Safari/18615.1.26.110.1 CFNetwork/1406.0.4 Darwin/22.4.0"
188.230.135.55 - - [18/May/2023:09:56:08 +0200] "GET /apple-touch-icon.png HTTP/1.1" 200 - "-" "Safari/18615.1.26.110.1 CFNetwork/1406.0.4 Darwin/22.4.0"
188.230.135.55 - - [18/May/2023:09:56:39 +0200] "GET /apple-touch-icon.png HTTP/1.1" 200 - "-" "Safari/18615.1.26.110.1 CFNetwork/1406.0.4 Darwin/22.4.0"
188.230.135.55 - - [18/May/2023:09:56:40 +0200] "GET /apple-touch-icon.png HTTP/1.1" 200 - "-" "Safari/18615.1.26.110.1 CFNetwork/1406.0.4 Darwin/22.4.0"
188.230.135.55 - - [18/May/2023:09:57:11 +0200] "GET /apple-touch-icon.png HTTP/1.1" 200 - "-" "Safari/18615.1.26.110.1 CFNetwork/1406.0.4 Darwin/22.4.0"
188.230.135.55 - - [18/May/2023:09:57:11 +0200] "GET /favicon.ico HTTP/1.1" 404 57 "-" "Safari/18615.1.26.110.1 CFNetwork/1406.0.4 Darwin/22.4.0"
188.230.135.55 - - [18/May/2023:09:57:12 +0200] "GET /apple-touch-icon.png HTTP/1.1" 200 - "-" "Safari/18615.1.26.110.1 CFNetwork/1406.0.4 Darwin/22.4.0"
