157.90.209.77 - - [02/May/2023:19:08:35 +0200] "GET / HTTP/1.1" 200 - "-" "Mozilla/5.0 (compatible; BLEXBot/1.0; +http://webmeup-crawler.com/)"
40.77.167.189 - - [02/May/2023:19:14:42 +0200] "GET / HTTP/1.1" 200 - "-" "Mozilla/5.0 AppleWebKit/537.36 (KHTML, like Gecko; compatible; bingbot/2.0; +http://www.bing.com/bingbot.htm) Chrome/103.0.5060.134 Safari/537.36"
157.55.39.211 - - [02/May/2023:19:17:30 +0200] "GET /node/2613 HTTP/1.1" 200 - "-" "Mozilla/5.0 AppleWebKit/537.36 (KHTML, like Gecko; compatible; bingbot/2.0; +http://www.bing.com/bingbot.htm) Chrome/103.0.5060.134 Safari/537.36"
40.77.167.189 - - [02/May/2023:19:19:33 +0200] "GET /files/tervezet_Szarvasi.pdf HTTP/1.1" 200 171068 "-" "Mozilla/5.0 AppleWebKit/537.36 (KHTML, like Gecko; compatible; bingbot/2.0; +http://www.bing.com/bingbot.htm) Chrome/103.0.5060.134 Safari/537.36"
207.46.13.217 - - [02/May/2023:19:21:37 +0200] "GET /node/705 HTTP/1.1" 200 - "-" "Mozilla/5.0 AppleWebKit/537.36 (KHTML, like Gecko; compatible; bingbot/2.0; +http://www.bing.com/bingbot.htm) Chrome/103.0.5060.134 Safari/537.36"
66.249.64.74 - - [02/May/2023:19:37:57 +0200] "GET /files/digit_irastudas_terv_100217.pdf HTTP/1.1" 200 298823 "-" "Mozilla/5.0 (Linux; Android 6.0.1; Nexus 5X Build/MMB29P) AppleWebKit/537.36 (KHTML, like Gecko) Chrome/112.0.5615.142 Mobile Safari/537.36 (compatible; Googlebot/2.1; +http://www.google.com/bot.html)"
207.46.13.217 - - [02/May/2023:19:39:20 +0200] "GET /node/316 HTTP/1.1" 200 - "-" "Mozilla/5.0 AppleWebKit/537.36 (KHTML, like Gecko; compatible; bingbot/2.0; +http://www.bing.com/bingbot.htm) Chrome/103.0.5060.134 Safari/537.36"
157.55.39.211 - - [02/May/2023:20:09:54 +0200] "GET /taxonomy/term/98/0/feed HTTP/1.1" 200 - "-" "Mozilla/5.0 AppleWebKit/537.36 (KHTML, like Gecko; compatible; bingbot/2.0; +http://www.bing.com/bingbot.htm) Chrome/103.0.5060.134 Safari/537.36"
162.241.148.21 - - [02/May/2023:20:13:17 +0200] "GET / HTTP/1.1" 200 - "-" "-"
66.249.70.110 - - [02/May/2023:20:22:57 +0200] "GET /files/hm_lakhatas_modositas.pdf HTTP/1.1" 200 76702 "-" "Mozilla/5.0 (Linux; Android 6.0.1; Nexus 5X Build/MMB29P) AppleWebKit/537.36 (KHTML, like Gecko) Chrome/112.0.5615.142 Mobile Safari/537.36 (compatible; Googlebot/2.1; +http://www.google.com/bot.html)"
84.0.118.62 - - [02/May/2023:20:33:26 +0200] "GET /favicon.ico HTTP/1.1" 404 57 "http://www.jogalkotas.hu/files/gyermekszegenyseg_tervezet_5_melleklet_070125.pdf" "Mozilla/5.0 (Windows NT 10.0; Win64; x64) AppleWebKit/537.36 (KHTML, like Gecko) Chrome/112.0.0.0 Safari/537.36 Edg/112.0.1722.64"
84.0.118.62 - - [02/May/2023:20:33:26 +0200] "GET /files/gyermekszegenyseg_tervezet_5_melleklet_070125.pdf HTTP/1.1" 200 348864 "https://www.bing.com/" "Mozilla/5.0 (Windows NT 10.0; Win64; x64) AppleWebKit/537.36 (KHTML, like Gecko) Chrome/112.0.0.0 Safari/537.36 Edg/112.0.1722.64"
40.77.167.189 - - [02/May/2023:20:36:38 +0200] "GET /files/bvjarmu-1.doc HTTP/1.1" 200 50688 "-" "Mozilla/5.0 AppleWebKit/537.36 (KHTML, like Gecko; compatible; bingbot/2.0; +http://www.bing.com/bingbot.htm) Chrome/103.0.5060.134 Safari/537.36"
43.228.124.80 - - [02/May/2023:21:00:25 +0200] "GET /index.php/admin HTTP/1.1" 200 - "-" "Mozilla/5.0 (Windows NT 10.0; WOW64; rv:48.0) Gecko/20100101 Firefox/48.0"
121.4.238.122 - - [02/May/2023:21:01:19 +0200] "HEAD / HTTP/1.1" 200 - "https://www.bing.com" "Mozilla/5.0 (Windows NT 6.1; WOW64) AppleWebKit/537.36 (KHTML, like Gecko) Chrome/29.0.1547.62 Safari/537.36"
80.98.237.96 - - [02/May/2023:21:11:22 +0200] "GET /files/6125_2_.pdf HTTP/1.1" 200 103734 "https://www.google.com/" "Mozilla/5.0 (Linux; Android 10; K) AppleWebKit/537.36 (KHTML, like Gecko) Chrome/112.0.0.0 Mobile Safari/537.36"
80.98.237.96 - - [02/May/2023:21:11:29 +0200] "GET /files/6125_2_.pdf HTTP/1.1" 206 1 "https://www.google.com/" "Mozilla/5.0 (Linux; Android 10; K) AppleWebKit/537.36 (KHTML, like Gecko) Chrome/112.0.0.0 Mobile Safari/537.36"
80.98.237.96 - - [02/May/2023:21:11:29 +0200] "GET /files/6125_2_.pdf HTTP/1.1" 206 45951 "https://www.google.com/" "Mozilla/5.0 (Linux; Android 10; K) AppleWebKit/537.36 (KHTML, like Gecko) Chrome/112.0.0.0 Mobile Safari/537.36"
80.98.237.96 - - [02/May/2023:21:11:34 +0200] "GET /files/6125_2_.pdf HTTP/1.1" 206 1 "https://www.google.com/" "Mozilla/5.0 (Linux; Android 10; K) AppleWebKit/537.36 (KHTML, like Gecko) Chrome/112.0.0.0 Mobile Safari/537.36"
80.98.237.96 - - [02/May/2023:21:11:34 +0200] "GET /files/6125_2_.pdf HTTP/1.1" 206 45951 "https://www.google.com/" "Mozilla/5.0 (Linux; Android 10; K) AppleWebKit/537.36 (KHTML, like Gecko) Chrome/112.0.0.0 Mobile Safari/537.36"
80.98.237.96 - - [02/May/2023:21:11:38 +0200] "GET /files/6125_2_.pdf HTTP/1.1" 206 1 "https://www.google.com/" "Mozilla/5.0 (Linux; Android 10; K) AppleWebKit/537.36 (KHTML, like Gecko) Chrome/112.0.0.0 Mobile Safari/537.36"
80.98.237.96 - - [02/May/2023:21:11:38 +0200] "GET /files/6125_2_.pdf HTTP/1.1" 206 45951 "https://www.google.com/" "Mozilla/5.0 (Linux; Android 10; K) AppleWebKit/537.36 (KHTML, like Gecko) Chrome/112.0.0.0 Mobile Safari/537.36"
80.98.237.96 - - [02/May/2023:21:11:51 +0200] "GET /files/6125_2_.pdf HTTP/1.1" 206 1 "https://www.google.com/" "Mozilla/5.0 (Linux; Android 10; K) AppleWebKit/537.36 (KHTML, like Gecko) Chrome/112.0.0.0 Mobile Safari/537.36"
80.98.237.96 - - [02/May/2023:21:11:51 +0200] "GET /files/6125_2_.pdf HTTP/1.1" 206 195622 "https://www.google.com/" "Mozilla/5.0 (Linux; Android 10; K) AppleWebKit/537.36 (KHTML, like Gecko) Chrome/112.0.0.0 Mobile Safari/537.36"
62.210.215.100 - - [02/May/2023:21:28:13 +0200] "GET /taxonomy/term/46/0/feed HTTP/1.1" 200 - "-" "Mozilla/5.0 (X11; Linux i686) AppleWebKit/537.36 (KHTML, like Gecko) Chrome/30.0.1599.66 Safari/537.36"
20.191.45.212 - - [02/May/2023:21:59:57 +0200] "GET / HTTP/1.1" 200 - "http://jogalkotas.hu/" "Mozilla/5.0 (compatible; DuckDuckGo-Favicons-Bot/1.0; +http://duckduckgo.com)"
146.70.120.214 - - [02/May/2023:22:00:59 +0200] "GET /files/6125_2_.pdf HTTP/1.1" 200 225114 "-" "Mozilla/5.0 (Android 13; Mobile; rv:109.0) Gecko/111.0 Firefox/111.0"
34.221.168.53 - - [02/May/2023:22:08:09 +0200] "GET /robots.txt HTTP/1.1" 200 1590 "-" "Mozilla/5.0 (Windows NT 10.0; Win64; x64) AppleWebKit/537.36 (KHTML, like Gecko) Chrome/106.0.0.0 Safari/537.36 Edg/106.0.1370.52"
34.221.168.53 - - [02/May/2023:22:08:09 +0200] "GET /robots.txt HTTP/1.1" 200 1590 "-" "Mozilla/5.0 (Windows NT 10.0; Win64; x64) AppleWebKit/537.36 (KHTML, like Gecko) Chrome/106.0.0.0 Safari/537.36 Edg/106.0.1370.52"
34.221.168.53 - - [02/May/2023:22:08:40 +0200] "GET / HTTP/1.1" 200 - "-" "Mozilla/5.0 (Windows NT 10.0; Win64; x64) AppleWebKit/537.36 (KHTML, like Gecko) Chrome/106.0.0.0 Safari/537.36 Edg/106.0.1370.52"
5.255.231.159 - - [02/May/2023:22:23:35 +0200] "GET /robots.txt HTTP/1.1" 200 1590 "-" "Mozilla/5.0 (compatible; YandexBot/3.0; +http://yandex.com/bots)"
5.255.231.75 - - [02/May/2023:22:24:07 +0200] "GET /drupal/ HTTP/1.1" 200 - "-" "Mozilla/5.0 (compatible; YandexBot/3.0; +http://yandex.com/bots)"
207.46.13.217 - - [02/May/2023:22:56:28 +0200] "GET /node/1320 HTTP/1.1" 200 - "-" "Mozilla/5.0 AppleWebKit/537.36 (KHTML, like Gecko; compatible; bingbot/2.0; +http://www.bing.com/bingbot.htm) Chrome/103.0.5060.134 Safari/537.36"
77.111.247.46 - - [02/May/2023:23:07:40 +0200] "GET /files/6125_2_.pdf HTTP/1.1" 200 225114 "https://www.google.com/" "Mozilla/5.0 (Windows NT 10.0; Win64; x64) AppleWebKit/537.36 (KHTML, like Gecko) Chrome/112.0.0.0 Safari/537.36 OPR/98.0.0.0"
77.111.247.46 - - [02/May/2023:23:07:40 +0200] "GET /favicon.ico HTTP/1.1" 404 57 "http://jogalkotas.hu/files/6125_2_.pdf" "Mozilla/5.0 (Windows NT 10.0; Win64; x64) AppleWebKit/537.36 (KHTML, like Gecko) Chrome/112.0.0.0 Safari/537.36 OPR/98.0.0.0"
188.156.237.58 - - [02/May/2023:23:09:05 +0200] "GET /files/birosagiui.doc HTTP/1.1" 200 210432 "https://www.google.hu/" "Mozilla/5.0 (Macintosh; Intel Mac OS X 10_15_7) AppleWebKit/605.1.15 (KHTML, like Gecko) Version/16.4 Safari/605.1.15"
66.249.70.114 - - [02/May/2023:23:16:22 +0200] "GET /files/155244.pdf HTTP/1.1" 304 - "-" "Mozilla/5.0 (Linux; Android 6.0.1; Nexus 5X Build/MMB29P) AppleWebKit/537.36 (KHTML, like Gecko) Chrome/112.0.5615.142 Mobile Safari/537.36 (compatible; Googlebot/2.1; +http://www.google.com/bot.html)"
183.136.225.44 - - [02/May/2023:23:52:32 +0200] "GET / HTTP/1.1" 200 - "-" "Mozilla/5.0 (Macintosh; Intel Mac OS X 10.11; rv:47.0) Gecko/20100101 Firefox/47.0"
157.55.39.211 - - [02/May/2023:23:55:38 +0200] "GET /node/2596 HTTP/1.1" 200 - "-" "Mozilla/5.0 AppleWebKit/537.36 (KHTML, like Gecko; compatible; bingbot/2.0; +http://www.bing.com/bingbot.htm) Chrome/103.0.5060.134 Safari/537.36"
216.244.66.200 - - [03/May/2023:00:14:39 +0200] "GET /robots.txt HTTP/1.1" 200 1590 "-" "Mozilla/5.0 (compatible; DotBot/1.2; +https://opensiteexplorer.org/dotbot; help@moz.com)"
216.244.66.200 - - [03/May/2023:00:14:39 +0200] "GET /robots.txt HTTP/1.1" 200 1590 "-" "Mozilla/5.0 (compatible; DotBot/1.2; +https://opensiteexplorer.org/dotbot; help@moz.com)"
216.244.66.200 - - [03/May/2023:00:21:18 +0200] "GET /taxonomy/term/28 HTTP/1.1" 200 - "-" "Mozilla/5.0 (compatible; DotBot/1.2; +https://opensiteexplorer.org/dotbot; help@moz.com)"
216.244.66.200 - - [03/May/2023:00:33:25 +0200] "GET /node?page=120 HTTP/1.1" 200 - "-" "Mozilla/5.0 (compatible; DotBot/1.2; +https://opensiteexplorer.org/dotbot; help@moz.com)"
216.244.66.200 - - [03/May/2023:00:34:05 +0200] "GET /node?page=225 HTTP/1.1" 200 - "-" "Mozilla/5.0 (compatible; DotBot/1.2; +https://opensiteexplorer.org/dotbot; help@moz.com)"
216.244.66.200 - - [03/May/2023:00:34:55 +0200] "GET /node?page=239 HTTP/1.1" 200 - "-" "Mozilla/5.0 (compatible; DotBot/1.2; +https://opensiteexplorer.org/dotbot; help@moz.com)"
216.244.66.200 - - [03/May/2023:00:35:58 +0200] "GET /node?page=168 HTTP/1.1" 200 - "-" "Mozilla/5.0 (compatible; DotBot/1.2; +https://opensiteexplorer.org/dotbot; help@moz.com)"
216.244.66.200 - - [03/May/2023:00:36:48 +0200] "GET /node?page=183 HTTP/1.1" 200 - "-" "Mozilla/5.0 (compatible; DotBot/1.2; +https://opensiteexplorer.org/dotbot; help@moz.com)"
216.244.66.200 - - [03/May/2023:00:37:38 +0200] "GET /node?page=190 HTTP/1.1" 200 - "-" "Mozilla/5.0 (compatible; DotBot/1.2; +https://opensiteexplorer.org/dotbot; help@moz.com)"
216.244.66.200 - - [03/May/2023:00:38:28 +0200] "GET /node/674 HTTP/1.1" 200 - "-" "Mozilla/5.0 (compatible; DotBot/1.2; +https://opensiteexplorer.org/dotbot; help@moz.com)"
216.244.66.200 - - [03/May/2023:00:39:18 +0200] "GET /node/800 HTTP/1.1" 200 - "-" "Mozilla/5.0 (compatible; DotBot/1.2; +https://opensiteexplorer.org/dotbot; help@moz.com)"
216.244.66.200 - - [03/May/2023:00:40:09 +0200] "GET /node/881 HTTP/1.1" 200 - "-" "Mozilla/5.0 (compatible; DotBot/1.2; +https://opensiteexplorer.org/dotbot; help@moz.com)"
216.244.66.200 - - [03/May/2023:00:40:59 +0200] "GET /node/929 HTTP/1.1" 200 - "-" "Mozilla/5.0 (compatible; DotBot/1.2; +https://opensiteexplorer.org/dotbot; help@moz.com)"
216.244.66.200 - - [03/May/2023:01:09:50 +0200] "GET /robots.txt HTTP/1.1" 200 1590 "-" "Mozilla/5.0 (compatible; DotBot/1.2; +https://opensiteexplorer.org/dotbot; help@moz.com)"
216.244.66.200 - - [03/May/2023:01:09:50 +0200] "GET /robots.txt HTTP/1.1" 200 1590 "-" "Mozilla/5.0 (compatible; DotBot/1.2; +https://opensiteexplorer.org/dotbot; help@moz.com)"
216.244.66.200 - - [03/May/2023:01:14:07 +0200] "GET /taxonomy/term/25 HTTP/1.1" 200 - "-" "Mozilla/5.0 (compatible; DotBot/1.2; +https://opensiteexplorer.org/dotbot; help@moz.com)"
66.249.70.110 - - [03/May/2023:01:19:15 +0200] "GET /files/regesz_tervezet_070221.pdf HTTP/1.1" 200 563638 "-" "Mozilla/5.0 (Windows NT 10.0; Win64; x64)AppleWebKit/537.36 (KHTML, like Gecko) Chrome/91.0.4472.101 Safari/537.36 (compatible; GoogleOther)"
216.244.66.200 - - [03/May/2023:01:26:38 +0200] "GET /taxonomy/term/46?page=1 HTTP/1.1" 200 - "-" "Mozilla/5.0 (compatible; DotBot/1.2; +https://opensiteexplorer.org/dotbot; help@moz.com)"
157.55.39.211 - - [03/May/2023:01:28:46 +0200] "GET /node/2378 HTTP/1.1" 200 - "-" "Mozilla/5.0 AppleWebKit/537.36 (KHTML, like Gecko; compatible; bingbot/2.0; +http://www.bing.com/bingbot.htm) Chrome/103.0.5060.134 Safari/537.36"
216.244.66.200 - - [03/May/2023:01:30:53 +0200] "GET /node?page=21 HTTP/1.1" 200 - "-" "Mozilla/5.0 (compatible; DotBot/1.2; +https://opensiteexplorer.org/dotbot; help@moz.com)"
216.244.66.200 - - [03/May/2023:01:31:19 +0200] "GET /taxonomy/term/39?page=5 HTTP/1.1" 200 - "-" "Mozilla/5.0 (compatible; DotBot/1.2; +https://opensiteexplorer.org/dotbot; help@moz.com)"
216.244.66.200 - - [03/May/2023:01:32:25 +0200] "GET /node/302 HTTP/1.1" 200 - "-" "Mozilla/5.0 (compatible; DotBot/1.2; +https://opensiteexplorer.org/dotbot; help@moz.com)"
216.244.66.200 - - [03/May/2023:01:33:15 +0200] "GET /node/538 HTTP/1.1" 200 - "-" "Mozilla/5.0 (compatible; DotBot/1.2; +https://opensiteexplorer.org/dotbot; help@moz.com)"
216.244.66.200 - - [03/May/2023:01:34:05 +0200] "GET /node/574 HTTP/1.1" 200 - "-" "Mozilla/5.0 (compatible; DotBot/1.2; +https://opensiteexplorer.org/dotbot; help@moz.com)"
216.244.66.200 - - [03/May/2023:01:34:56 +0200] "GET /node/668 HTTP/1.1" 200 - "-" "Mozilla/5.0 (compatible; DotBot/1.2; +https://opensiteexplorer.org/dotbot; help@moz.com)"
216.244.66.200 - - [03/May/2023:01:35:46 +0200] "GET /node/72 HTTP/1.1" 200 - "-" "Mozilla/5.0 (compatible; DotBot/1.2; +https://opensiteexplorer.org/dotbot; help@moz.com)"
216.244.66.200 - - [03/May/2023:01:36:36 +0200] "GET /node/788 HTTP/1.1" 200 - "-" "Mozilla/5.0 (compatible; DotBot/1.2; +https://opensiteexplorer.org/dotbot; help@moz.com)"
216.244.66.200 - - [03/May/2023:01:37:27 +0200] "GET /node/808 HTTP/1.1" 200 - "-" "Mozilla/5.0 (compatible; DotBot/1.2; +https://opensiteexplorer.org/dotbot; help@moz.com)"
66.249.70.114 - - [03/May/2023:01:47:14 +0200] "GET /files/statutum.doc HTTP/1.1" 304 - "-" "Mozilla/5.0 (Linux; Android 6.0.1; Nexus 5X Build/MMB29P) AppleWebKit/537.36 (KHTML, like Gecko) Chrome/112.0.5615.142 Mobile Safari/537.36 (compatible; Googlebot/2.1; +http://www.google.com/bot.html)"
103.131.71.180 - - [03/May/2023:01:55:21 +0200] "GET /robots.txt HTTP/1.1" 200 1590 "-" "Mozilla/5.0 (compatible; coccocbot-web/1.0; +http://help.coccoc.com/searchengine)"
103.131.71.166 - - [03/May/2023:01:55:31 +0200] "GET /files/47343.pdf HTTP/1.1" 304 - "-" "Mozilla/5.0 (compatible; coccocbot-web/1.0; +http://help.coccoc.com/searchengine)"
216.244.66.200 - - [03/May/2023:02:04:01 +0200] "GET /robots.txt HTTP/1.1" 200 1590 "-" "Mozilla/5.0 (compatible; DotBot/1.2; +https://opensiteexplorer.org/dotbot; help@moz.com)"
216.244.66.200 - - [03/May/2023:02:04:01 +0200] "GET /robots.txt HTTP/1.1" 200 1590 "-" "Mozilla/5.0 (compatible; DotBot/1.2; +https://opensiteexplorer.org/dotbot; help@moz.com)"
216.244.66.200 - - [03/May/2023:02:08:24 +0200] "GET /taxonomy/term/23 HTTP/1.1" 200 - "-" "Mozilla/5.0 (compatible; DotBot/1.2; +https://opensiteexplorer.org/dotbot; help@moz.com)"
216.244.66.200 - - [03/May/2023:02:15:25 +0200] "GET /taxonomy/term/94 HTTP/1.1" 200 - "-" "Mozilla/5.0 (compatible; DotBot/1.2; +https://opensiteexplorer.org/dotbot; help@moz.com)"
216.244.66.200 - - [03/May/2023:02:18:42 +0200] "GET /taxonomy/term/46?page=4 HTTP/1.1" 200 - "-" "Mozilla/5.0 (compatible; DotBot/1.2; +https://opensiteexplorer.org/dotbot; help@moz.com)"
216.244.66.200 - - [03/May/2023:02:20:10 +0200] "GET /node?page=132 HTTP/1.1" 200 - "-" "Mozilla/5.0 (compatible; DotBot/1.2; +https://opensiteexplorer.org/dotbot; help@moz.com)"
216.244.66.200 - - [03/May/2023:02:21:00 +0200] "GET /node?page=230 HTTP/1.1" 200 - "-" "Mozilla/5.0 (compatible; DotBot/1.2; +https://opensiteexplorer.org/dotbot; help@moz.com)"
216.244.66.200 - - [03/May/2023:02:21:50 +0200] "GET /node?page=41 HTTP/1.1" 200 - "-" "Mozilla/5.0 (compatible; DotBot/1.2; +https://opensiteexplorer.org/dotbot; help@moz.com)"
216.244.66.200 - - [03/May/2023:02:22:40 +0200] "GET /node?page=65 HTTP/1.1" 200 - "-" "Mozilla/5.0 (compatible; DotBot/1.2; +https://opensiteexplorer.org/dotbot; help@moz.com)"
216.244.66.200 - - [03/May/2023:02:23:31 +0200] "GET /node?page=242 HTTP/1.1" 200 - "-" "Mozilla/5.0 (compatible; DotBot/1.2; +https://opensiteexplorer.org/dotbot; help@moz.com)"
216.244.66.200 - - [03/May/2023:02:24:21 +0200] "GET /taxonomy/term/25?page=8 HTTP/1.1" 200 - "-" "Mozilla/5.0 (compatible; DotBot/1.2; +https://opensiteexplorer.org/dotbot; help@moz.com)"
216.244.66.200 - - [03/May/2023:02:25:11 +0200] "GET /node/102 HTTP/1.1" 200 - "-" "Mozilla/5.0 (compatible; DotBot/1.2; +https://opensiteexplorer.org/dotbot; help@moz.com)"
216.244.66.200 - - [03/May/2023:02:26:02 +0200] "GET /taxonomy/term/27?page=6 HTTP/1.1" 200 - "-" "Mozilla/5.0 (compatible; DotBot/1.2; +https://opensiteexplorer.org/dotbot; help@moz.com)"
66.249.64.71 - - [03/May/2023:02:49:47 +0200] "GET /files/miniszt_2007_j%C3%83%C2%BAlius.pdf HTTP/1.1" 200 - "-" "Mozilla/5.0 (Windows NT 10.0; Win64; x64)AppleWebKit/537.36 (KHTML, like Gecko) Chrome/91.0.4472.101 Safari/537.36 (compatible; GoogleOther)"
216.244.66.200 - - [03/May/2023:02:58:37 +0200] "GET /robots.txt HTTP/1.1" 200 1590 "-" "Mozilla/5.0 (compatible; DotBot/1.2; +https://opensiteexplorer.org/dotbot; help@moz.com)"
216.244.66.200 - - [03/May/2023:02:58:37 +0200] "GET /robots.txt HTTP/1.1" 200 1590 "-" "Mozilla/5.0 (compatible; DotBot/1.2; +https://opensiteexplorer.org/dotbot; help@moz.com)"
216.244.66.200 - - [03/May/2023:03:03:00 +0200] "GET /taxonomy/term/40 HTTP/1.1" 200 - "-" "Mozilla/5.0 (compatible; DotBot/1.2; +https://opensiteexplorer.org/dotbot; help@moz.com)"
54.187.127.158 - - [03/May/2023:03:07:24 +0200] "GET /robots.txt HTTP/1.1" 200 1590 "-" "Mozilla/5.0 (Windows NT 10.0; Win64; x64) AppleWebKit/537.36 (KHTML, like Gecko) Chrome/106.0.0.0 Safari/537.36 Edg/106.0.1370.52"
54.187.127.158 - - [03/May/2023:03:07:24 +0200] "GET /robots.txt HTTP/1.1" 200 1590 "-" "Mozilla/5.0 (Windows NT 10.0; Win64; x64) AppleWebKit/537.36 (KHTML, like Gecko) Chrome/106.0.0.0 Safari/537.36 Edg/106.0.1370.52"
54.187.127.158 - - [03/May/2023:03:07:56 +0200] "GET / HTTP/1.1" 200 - "-" "Mozilla/5.0 (Windows NT 10.0; Win64; x64) AppleWebKit/537.36 (KHTML, like Gecko) Chrome/106.0.0.0 Safari/537.36 Edg/106.0.1370.52"
40.77.167.189 - - [03/May/2023:03:12:54 +0200] "GET /files/Tervezet_a_fizetesi_meghagyasos_eljarassal_kapcsolatos_rendeletekrol.pdf HTTP/1.1" 304 - "-" "Mozilla/5.0 AppleWebKit/537.36 (KHTML, like Gecko; compatible; bingbot/2.0; +http://www.bing.com/bingbot.htm) Chrome/103.0.5060.134 Safari/537.36"
216.244.66.200 - - [03/May/2023:03:16:16 +0200] "GET /taxonomy/term/27?page=26 HTTP/1.1" 200 - "-" "Mozilla/5.0 (compatible; DotBot/1.2; +https://opensiteexplorer.org/dotbot; help@moz.com)"
216.244.66.200 - - [03/May/2023:03:17:20 +0200] "GET /node?page=177 HTTP/1.1" 200 - "-" "Mozilla/5.0 (compatible; DotBot/1.2; +https://opensiteexplorer.org/dotbot; help@moz.com)"
216.244.66.200 - - [03/May/2023:03:18:10 +0200] "GET /node?page=207 HTTP/1.1" 200 - "-" "Mozilla/5.0 (compatible; DotBot/1.2; +https://opensiteexplorer.org/dotbot; help@moz.com)"
216.244.66.200 - - [03/May/2023:03:19:00 +0200] "GET /node?page=233 HTTP/1.1" 200 - "-" "Mozilla/5.0 (compatible; DotBot/1.2; +https://opensiteexplorer.org/dotbot; help@moz.com)"
216.244.66.200 - - [03/May/2023:03:19:39 +0200] "GET /node?page=195 HTTP/1.1" 200 - "-" "Mozilla/5.0 (compatible; DotBot/1.2; +https://opensiteexplorer.org/dotbot; help@moz.com)"
216.244.66.200 - - [03/May/2023:03:20:29 +0200] "GET /node?page=20 HTTP/1.1" 200 - "-" "Mozilla/5.0 (compatible; DotBot/1.2; +https://opensiteexplorer.org/dotbot; help@moz.com)"
216.244.66.200 - - [03/May/2023:03:21:19 +0200] "GET /node?page=68 HTTP/1.1" 200 - "-" "Mozilla/5.0 (compatible; DotBot/1.2; +https://opensiteexplorer.org/dotbot; help@moz.com)"
216.244.66.200 - - [03/May/2023:03:22:10 +0200] "GET /node/277 HTTP/1.1" 200 - "-" "Mozilla/5.0 (compatible; DotBot/1.2; +https://opensiteexplorer.org/dotbot; help@moz.com)"
216.244.66.200 - - [03/May/2023:03:23:00 +0200] "GET /node/347 HTTP/1.1" 200 - "-" "Mozilla/5.0 (compatible; DotBot/1.2; +https://opensiteexplorer.org/dotbot; help@moz.com)"
216.244.66.200 - - [03/May/2023:03:23:50 +0200] "GET /node/379 HTTP/1.1" 200 - "-" "Mozilla/5.0 (compatible; DotBot/1.2; +https://opensiteexplorer.org/dotbot; help@moz.com)"
207.46.13.217 - - [03/May/2023:03:29:11 +0200] "GET /files/im_rendelet_a_cstv_szerinti.pdf HTTP/1.1" 304 - "-" "Mozilla/5.0 AppleWebKit/537.36 (KHTML, like Gecko; compatible; bingbot/2.0; +http://www.bing.com/bingbot.htm) Chrome/103.0.5060.134 Safari/537.36"
207.46.13.217 - - [03/May/2023:03:29:25 +0200] "GET /files/szoctvk_modositasa_061031.pdf HTTP/1.1" 200 321828 "-" "Mozilla/5.0 AppleWebKit/537.36 (KHTML, like Gecko; compatible; bingbot/2.0; +http://www.bing.com/bingbot.htm) Chrome/103.0.5060.134 Safari/537.36"
66.249.64.73 - - [03/May/2023:03:36:36 +0200] "GET /files/neveles_oktatas_int_terv_080804.pdf HTTP/1.1" 200 242534 "-" "Mozilla/5.0 (Linux; Android 6.0.1; Nexus 5X Build/MMB29P) AppleWebKit/537.36 (KHTML, like Gecko) Chrome/112.0.5615.142 Mobile Safari/537.36 (compatible; Googlebot/2.1; +http://www.google.com/bot.html)"
144.76.14.54 - - [03/May/2023:03:38:49 +0200] "GET /robots.txt HTTP/1.1" 200 1590 "-" "Mozilla/5.0 (Windows NT 10.0; Win64; x64; trendictionbot0.5.0; trendiction search; http://www.trendiction.de/bot; please let us know of any problems; web at trendiction.com) Gecko/20170101 Firefox/67.0"
144.76.14.54 - - [03/May/2023:03:39:22 +0200] "GET / HTTP/1.1" 200 - "-" "Mozilla/5.0 (Windows NT 10.0; Win64; x64; trendictionbot0.5.0; trendiction search; http://www.trendiction.de/bot; please let us know of any problems; web at trendiction.com) Gecko/20170101 Firefox/67.0"
144.76.14.54 - - [03/May/2023:03:39:54 +0200] "GET / HTTP/1.1" 200 - "-" "Mozilla/5.0 (Windows NT 10.0; Win64; x64; trendictionbot0.5.0; trendiction search; http://www.trendiction.de/bot; please let us know of any problems; web at trendiction.com) Gecko/20170101 Firefox/67.0"
144.76.14.54 - - [03/May/2023:03:40:26 +0200] "GET / HTTP/1.1" 200 - "-" "Mozilla/5.0 (Windows NT 10.0; Win64; x64; trendictionbot0.5.0; trendiction search; http://www.trendiction.de/bot; please let us know of any problems; web at trendiction.com) Gecko/20170101 Firefox/67.0"
144.76.14.54 - - [03/May/2023:03:40:58 +0200] "GET / HTTP/1.1" 200 - "-" "Mozilla/5.0 (Windows NT 10.0; Win64; x64; trendictionbot0.5.0; trendiction search; http://www.trendiction.de/bot; please let us know of any problems; web at trendiction.com) Gecko/20170101 Firefox/67.0"
66.249.70.112 - - [03/May/2023:03:48:44 +0200] "GET /files/munkszunnap_2010_terv_090807.pdf HTTP/1.1" 200 140788 "-" "Googlebot/2.1 (+http://www.google.com/bot.html)"
66.249.70.114 - - [03/May/2023:03:51:58 +0200] "GET /files/nca_terv_071001.pdf HTTP/1.1" 200 220608 "-" "Googlebot/2.1 (+http://www.google.com/bot.html)"
66.249.70.114 - - [03/May/2023:03:52:16 +0200] "GET /files/egyh_nemall_norm_terv_090807.pdf HTTP/1.1" 200 492543 "-" "Googlebot/2.1 (+http://www.google.com/bot.html)"
216.244.66.200 - - [03/May/2023:03:52:46 +0200] "GET /robots.txt HTTP/1.1" 200 1590 "-" "Mozilla/5.0 (compatible; DotBot/1.2; +https://opensiteexplorer.org/dotbot; help@moz.com)"
216.244.66.200 - - [03/May/2023:03:52:47 +0200] "GET /robots.txt HTTP/1.1" 200 1590 "-" "Mozilla/5.0 (compatible; DotBot/1.2; +https://opensiteexplorer.org/dotbot; help@moz.com)"
66.249.70.112 - - [03/May/2023:03:56:11 +0200] "GET /files/okj_terv_070803.pdf HTTP/1.1" 200 168861 "-" "Googlebot/2.1 (+http://www.google.com/bot.html)"
216.244.66.200 - - [03/May/2023:03:56:53 +0200] "GET /taxonomy/term/47 HTTP/1.1" 200 - "-" "Mozilla/5.0 (compatible; DotBot/1.2; +https://opensiteexplorer.org/dotbot; help@moz.com)"
66.249.70.110 - - [03/May/2023:04:00:50 +0200] "GET /files/katonai_szakkepesitesek_hm_rendelet.pdf HTTP/1.1" 200 779797 "-" "Googlebot/2.1 (+http://www.google.com/bot.html)"
66.249.70.112 - - [03/May/2023:04:03:24 +0200] "GET /files/fszh_070226.pdf HTTP/1.1" 200 266107 "-" "Googlebot/2.1 (+http://www.google.com/bot.html)"
66.249.70.110 - - [03/May/2023:04:03:26 +0200] "GET /files/szakmai_vizsg_vezetoi_070228.pdf HTTP/1.1" 200 218141 "-" "Googlebot/2.1 (+http://www.google.com/bot.html)"
216.244.66.200 - - [03/May/2023:04:06:47 +0200] "GET /taxonomy/term/58 HTTP/1.1" 200 - "-" "Mozilla/5.0 (compatible; DotBot/1.2; +https://opensiteexplorer.org/dotbot; help@moz.com)"
66.249.70.114 - - [03/May/2023:04:07:53 +0200] "GET /files/gyermved_kormrend_terv_081008.pdf HTTP/1.1" 200 352276 "-" "Googlebot/2.1 (+http://www.google.com/bot.html)"
216.244.66.200 - - [03/May/2023:04:10:02 +0200] "GET /node?page=100 HTTP/1.1" 200 - "-" "Mozilla/5.0 (compatible; DotBot/1.2; +https://opensiteexplorer.org/dotbot; help@moz.com)"
216.244.66.200 - - [03/May/2023:04:11:02 +0200] "GET /taxonomy/term/32?page=8 HTTP/1.1" 200 - "-" "Mozilla/5.0 (compatible; DotBot/1.2; +https://opensiteexplorer.org/dotbot; help@moz.com)"
216.244.66.200 - - [03/May/2023:04:11:37 +0200] "GET /taxonomy/term/49?page=15 HTTP/1.1" 200 - "-" "Mozilla/5.0 (compatible; DotBot/1.2; +https://opensiteexplorer.org/dotbot; help@moz.com)"
207.46.13.217 - - [03/May/2023:04:11:38 +0200] "GET /taxonomy/term/21 HTTP/1.1" 200 - "-" "Mozilla/5.0 AppleWebKit/537.36 (KHTML, like Gecko; compatible; bingbot/2.0; +http://www.bing.com/bingbot.htm) Chrome/103.0.5060.134 Safari/537.36"
216.244.66.200 - - [03/May/2023:04:12:16 +0200] "GET /taxonomy/term/32?page=6 HTTP/1.1" 200 - "-" "Mozilla/5.0 (compatible; DotBot/1.2; +https://opensiteexplorer.org/dotbot; help@moz.com)"
216.244.66.200 - - [03/May/2023:04:12:50 +0200] "GET /node/397 HTTP/1.1" 200 - "-" "Mozilla/5.0 (compatible; DotBot/1.2; +https://opensiteexplorer.org/dotbot; help@moz.com)"
216.244.66.200 - - [03/May/2023:04:13:40 +0200] "GET /node/457 HTTP/1.1" 200 - "-" "Mozilla/5.0 (compatible; DotBot/1.2; +https://opensiteexplorer.org/dotbot; help@moz.com)"
216.244.66.200 - - [03/May/2023:04:14:30 +0200] "GET /node/591 HTTP/1.1" 200 - "-" "Mozilla/5.0 (compatible; DotBot/1.2; +https://opensiteexplorer.org/dotbot; help@moz.com)"
216.244.66.200 - - [03/May/2023:04:15:21 +0200] "GET /node/719 HTTP/1.1" 200 - "-" "Mozilla/5.0 (compatible; DotBot/1.2; +https://opensiteexplorer.org/dotbot; help@moz.com)"
216.244.66.200 - - [03/May/2023:04:16:11 +0200] "GET /node/725 HTTP/1.1" 200 - "-" "Mozilla/5.0 (compatible; DotBot/1.2; +https://opensiteexplorer.org/dotbot; help@moz.com)"
157.55.39.211 - - [03/May/2023:04:30:22 +0200] "GET /web/home.nsf/51aad2b5d20c0da2c1256c84003b0d36/516a2bb0e46cac07c12572180036e855/$FILE/fu_t_kon.pdf HTTP/1.1" 200 - "-" "Mozilla/5.0 AppleWebKit/537.36 (KHTML, like Gecko; compatible; bingbot/2.0; +http://www.bing.com/bingbot.htm) Chrome/103.0.5060.134 Safari/537.36"
66.249.70.110 - - [03/May/2023:05:00:22 +0200] "GET /files/ega_min_terv_080422.pdf HTTP/1.1" 200 142408 "-" "Googlebot/2.1 (+http://www.google.com/bot.html)"
66.249.70.114 - - [03/May/2023:05:02:30 +0200] "GET /files/fogleloseg_munknelkell_terv_090818.pdf HTTP/1.1" 200 242548 "-" "Googlebot/2.1 (+http://www.google.com/bot.html)"
157.55.39.211 - - [03/May/2023:05:04:16 +0200] "GET /files/TK66_4rendelet.pdf HTTP/1.1" 200 122904 "-" "Mozilla/5.0 AppleWebKit/537.36 (KHTML, like Gecko; compatible; bingbot/2.0; +http://www.bing.com/bingbot.htm) Chrome/103.0.5060.134 Safari/537.36"
66.249.64.75 - - [03/May/2023:05:08:39 +0200] "GET /files/3762_1_nemz_fel_070129.pdf HTTP/1.1" 200 346040 "-" "Googlebot/2.1 (+http://www.google.com/bot.html)"
66.249.70.110 - - [03/May/2023:05:09:18 +0200] "GET /files/33_1998_mod_terv_080708.pdf HTTP/1.1" 200 473260 "-" "Googlebot/2.1 (+http://www.google.com/bot.html)"
66.249.70.110 - - [03/May/2023:05:10:41 +0200] "GET /files/drogback_eloterj_1_fedlap_061129.pdf HTTP/1.1" 200 87970 "-" "Googlebot/2.1 (+http://www.google.com/bot.html)"
66.249.64.73 - - [03/May/2023:05:14:26 +0200] "GET /files/szvk_mell_terv_090804.pdf HTTP/1.1" 200 3057361 "-" "Googlebot/2.1 (+http://www.google.com/bot.html)"
66.249.70.110 - - [03/May/2023:05:15:44 +0200] "GET /files/nem_uzleti_eloterj_5_1_szamu_melleklet_061129.pdf HTTP/1.1" 200 90654 "-" "Googlebot/2.1 (+http://www.google.com/bot.html)"
157.55.39.211 - - [03/May/2023:05:24:06 +0200] "GET /files/gyermekszegenyseg_tervezet_5_melleklet_070125.pdf HTTP/1.1" 200 348864 "-" "Mozilla/5.0 AppleWebKit/537.36 (KHTML, like Gecko; compatible; bingbot/2.0; +http://www.bing.com/bingbot.htm) Chrome/103.0.5060.134 Safari/537.36"
66.249.70.110 - - [03/May/2023:05:43:56 +0200] "GET /files/szoctvk_modositasa_061031.pdf HTTP/1.1" 200 321828 "-" "Googlebot/2.1 (+http://www.google.com/bot.html)"
199.47.82.16 - - [03/May/2023:05:49:35 +0200] "GET /robots.txt HTTP/1.1" 200 1590 "-" "Turnitin (https://bit.ly/2UvnfoQ)"
199.47.82.16 - - [03/May/2023:05:49:35 +0200] "GET /robots.txt HTTP/1.1" 200 1590 "-" "Turnitin (https://bit.ly/2UvnfoQ)"
199.47.82.16 - - [03/May/2023:05:49:38 +0200] "GET /files/fitness.pdf HTTP/1.1" 200 608967 "-" "Turnitin (https://bit.ly/2UvnfoQ)"
107.155.105.218 - - [03/May/2023:06:05:16 +0200] "GET / HTTP/1.1" 200 - "-" "Mozilla/5.0 (compatible; MSIE 9.0; Windows NT 6.1; Trident/5.0"
66.249.64.75 - - [03/May/2023:06:05:37 +0200] "GET /files/mszn_terv_080806.pdf HTTP/1.1" 200 120921 "-" "Googlebot/2.1 (+http://www.google.com/bot.html)"
66.249.70.112 - - [03/May/2023:06:15:50 +0200] "GET /files/elemiszerkonyv122007.pdf HTTP/1.1" 200 152700 "-" "Mozilla/5.0 (Linux; Android 6.0.1; Nexus 5X Build/MMB29P) AppleWebKit/537.36 (KHTML, like Gecko) Chrome/112.0.5615.142 Mobile Safari/537.36 (compatible; Googlebot/2.1; +http://www.google.com/bot.html)"
114.119.157.128 - - [03/May/2023:06:18:50 +0200] "GET /files/NFGM4993.pdf HTTP/1.1" 200 175600 "-" "Mozilla/5.0 (Linux; Android 7.0;) AppleWebKit/537.36 (KHTML, like Gecko) Mobile Safari/537.36 (compatible; PetalBot;+https://webmaster.petalsearch.com/site/petalbot)"
114.119.135.166 - - [03/May/2023:06:20:15 +0200] "GET /files/4_mell_FAVI_KARINFO_BA.doc HTTP/1.1" 200 391168 "-" "Mozilla/5.0 (Linux; Android 7.0;) AppleWebKit/537.36 (KHTML, like Gecko) Mobile Safari/537.36 (compatible; PetalBot;+https://webmaster.petalsearch.com/site/petalbot)"
66.249.70.114 - - [03/May/2023:06:46:16 +0200] "GET /files/27_2009_OM-rend.pdf HTTP/1.1" 304 - "-" "Mozilla/5.0 (Linux; Android 6.0.1; Nexus 5X Build/MMB29P) AppleWebKit/537.36 (KHTML, like Gecko) Chrome/112.0.5615.142 Mobile Safari/537.36 (compatible; Googlebot/2.1; +http://www.google.com/bot.html)"
66.249.70.112 - - [03/May/2023:07:01:21 +0200] "GET /taxonomy/term/21?page=215 HTTP/1.1" 200 - "-" "Mozilla/5.0 (compatible; Googlebot/2.1; +http://www.google.com/bot.html)"
207.46.13.217 - - [03/May/2023:07:14:37 +0200] "GET /node/2471 HTTP/1.1" 200 - "-" "Mozilla/5.0 AppleWebKit/537.36 (KHTML, like Gecko; compatible; bingbot/2.0; +http://www.bing.com/bingbot.htm) Chrome/103.0.5060.134 Safari/537.36"
40.77.167.189 - - [03/May/2023:07:24:41 +0200] "GET / HTTP/1.1" 200 - "-" "Mozilla/5.0 AppleWebKit/537.36 (KHTML, like Gecko; compatible; bingbot/2.0; +http://www.bing.com/bingbot.htm) Chrome/103.0.5060.134 Safari/537.36"
40.77.167.189 - - [03/May/2023:07:51:22 +0200] "GET /node/2276 HTTP/1.1" 200 - "-" "Mozilla/5.0 AppleWebKit/537.36 (KHTML, like Gecko; compatible; bingbot/2.0; +http://www.bing.com/bingbot.htm) Chrome/103.0.5060.134 Safari/537.36"
40.77.167.189 - - [03/May/2023:08:32:47 +0200] "GET / HTTP/1.1" 200 - "-" "Mozilla/5.0 AppleWebKit/537.36 (KHTML, like Gecko; compatible; bingbot/2.0; +http://www.bing.com/bingbot.htm) Chrome/103.0.5060.134 Safari/537.36"
34.219.123.195 - - [03/May/2023:08:45:51 +0200] "GET /robots.txt HTTP/1.1" 200 1590 "-" "Mozilla/5.0 (Windows NT 10.0; Win64; x64) AppleWebKit/537.36 (KHTML, like Gecko) Chrome/106.0.0.0 Safari/537.36 Edg/106.0.1370.52"
34.219.123.195 - - [03/May/2023:08:45:51 +0200] "GET /robots.txt HTTP/1.1" 200 1590 "-" "Mozilla/5.0 (Windows NT 10.0; Win64; x64) AppleWebKit/537.36 (KHTML, like Gecko) Chrome/106.0.0.0 Safari/537.36 Edg/106.0.1370.52"
34.219.123.195 - - [03/May/2023:08:46:23 +0200] "GET / HTTP/1.1" 200 - "-" "Mozilla/5.0 (Windows NT 10.0; Win64; x64) AppleWebKit/537.36 (KHTML, like Gecko) Chrome/106.0.0.0 Safari/537.36 Edg/106.0.1370.52"
37.76.33.20 - - [03/May/2023:08:50:01 +0200] "GET / HTTP/1.1" 200 - "-" "Mozilla/5.0 (iPhone; CPU iPhone OS 16_0_3 like Mac OS X) AppleWebKit/605.1.15 (KHTML, like Gecko) Version/16.0 Mobile/15E148 Safari/604.1"
66.249.64.75 - - [03/May/2023:08:53:54 +0200] "GET /robots.txt HTTP/1.1" 200 1590 "-" "Mozilla/5.0 (compatible; Googlebot/2.1; +http://www.google.com/bot.html)"
66.249.64.75 - - [03/May/2023:08:53:55 +0200] "GET /files/elektronikus_h.pdf HTTP/1.1" 200 79752 "-" "Mozilla/5.0 (Linux; Android 6.0.1; Nexus 5X Build/MMB29P) AppleWebKit/537.36 (KHTML, like Gecko) Chrome/112.0.5615.142 Mobile Safari/537.36 (compatible; Googlebot/2.1; +http://www.google.com/bot.html)"
193.224.239.1 - - [03/May/2023:08:55:48 +0200] "GET /files/okj_formai_eloirasai_060516.pdf HTTP/1.1" 200 234446 "https://www.google.com/" "Mozilla/5.0 (Windows NT 10.0; Win64; x64) AppleWebKit/537.36 (KHTML, like Gecko) Chrome/112.0.0.0 Safari/537.36 Edg/112.0.1722.68"
207.46.13.217 - - [03/May/2023:09:07:56 +0200] "GET /files/alkalmi_terv_090122.pdf HTTP/1.1" 200 278937 "-" "Mozilla/5.0 AppleWebKit/537.36 (KHTML, like Gecko; compatible; bingbot/2.0; +http://www.bing.com/bingbot.htm) Chrome/103.0.5060.134 Safari/537.36"
84.3.78.22 - - [03/May/2023:09:10:19 +0200] "GET /files/buntetojogimodos-1.doc HTTP/1.1" 200 66699 "https://www.google.com/" "Mozilla/5.0 (Windows NT 10.0; Win64; x64) AppleWebKit/537.36 (KHTML, like Gecko) Chrome/112.0.0.0 Safari/537.36"
84.3.78.22 - - [03/May/2023:09:10:23 +0200] "GET /files/buntetojogimodos-1.doc HTTP/1.1" 206 1 "https://www.google.com/" "Mozilla/5.0 (Windows NT 10.0; Win64; x64) AppleWebKit/537.36 (KHTML, like Gecko) Chrome/112.0.0.0 Safari/537.36"
84.3.78.22 - - [03/May/2023:09:10:23 +0200] "GET /files/buntetojogimodos-1.doc HTTP/1.1" 206 66645 "https://www.google.com/" "Mozilla/5.0 (Windows NT 10.0; Win64; x64) AppleWebKit/537.36 (KHTML, like Gecko) Chrome/112.0.0.0 Safari/537.36"
84.3.78.22 - - [03/May/2023:09:10:24 +0200] "GET /files/buntetojogimodos-1.doc HTTP/1.1" 206 1 "https://www.google.com/" "Mozilla/5.0 (Windows NT 10.0; Win64; x64) AppleWebKit/537.36 (KHTML, like Gecko) Chrome/112.0.0.0 Safari/537.36"
84.3.78.22 - - [03/May/2023:09:10:24 +0200] "GET /files/buntetojogimodos-1.doc HTTP/1.1" 206 66645 "https://www.google.com/" "Mozilla/5.0 (Windows NT 10.0; Win64; x64) AppleWebKit/537.36 (KHTML, like Gecko) Chrome/112.0.0.0 Safari/537.36"
84.3.78.22 - - [03/May/2023:09:10:25 +0200] "GET /files/buntetojogimodos-1.doc HTTP/1.1" 206 1 "https://www.google.com/" "Mozilla/5.0 (Windows NT 10.0; Win64; x64) AppleWebKit/537.36 (KHTML, like Gecko) Chrome/112.0.0.0 Safari/537.36"
84.3.78.22 - - [03/May/2023:09:10:25 +0200] "GET /files/buntetojogimodos-1.doc HTTP/1.1" 206 66645 "https://www.google.com/" "Mozilla/5.0 (Windows NT 10.0; Win64; x64) AppleWebKit/537.36 (KHTML, like Gecko) Chrome/112.0.0.0 Safari/537.36"
84.3.78.22 - - [03/May/2023:09:10:25 +0200] "GET /files/buntetojogimodos-1.doc HTTP/1.1" 206 1 "https://www.google.com/" "Mozilla/5.0 (Windows NT 10.0; Win64; x64) AppleWebKit/537.36 (KHTML, like Gecko) Chrome/112.0.0.0 Safari/537.36"
84.3.78.22 - - [03/May/2023:09:10:25 +0200] "GET /files/buntetojogimodos-1.doc HTTP/1.1" 206 66645 "https://www.google.com/" "Mozilla/5.0 (Windows NT 10.0; Win64; x64) AppleWebKit/537.36 (KHTML, like Gecko) Chrome/112.0.0.0 Safari/537.36"
84.3.78.22 - - [03/May/2023:09:10:25 +0200] "GET /files/buntetojogimodos-1.doc HTTP/1.1" 206 1 "https://www.google.com/" "Mozilla/5.0 (Windows NT 10.0; Win64; x64) AppleWebKit/537.36 (KHTML, like Gecko) Chrome/112.0.0.0 Safari/537.36"
84.3.78.22 - - [03/May/2023:09:10:25 +0200] "GET /files/buntetojogimodos-1.doc HTTP/1.1" 206 66645 "https://www.google.com/" "Mozilla/5.0 (Windows NT 10.0; Win64; x64) AppleWebKit/537.36 (KHTML, like Gecko) Chrome/112.0.0.0 Safari/537.36"
84.3.78.22 - - [03/May/2023:09:10:25 +0200] "GET /files/buntetojogimodos-1.doc HTTP/1.1" 206 1 "https://www.google.com/" "Mozilla/5.0 (Windows NT 10.0; Win64; x64) AppleWebKit/537.36 (KHTML, like Gecko) Chrome/112.0.0.0 Safari/537.36"
84.3.78.22 - - [03/May/2023:09:10:25 +0200] "GET /files/buntetojogimodos-1.doc HTTP/1.1" 206 66645 "https://www.google.com/" "Mozilla/5.0 (Windows NT 10.0; Win64; x64) AppleWebKit/537.36 (KHTML, like Gecko) Chrome/112.0.0.0 Safari/537.36"
84.3.78.22 - - [03/May/2023:09:10:31 +0200] "GET /files/buntetojogimodos-1.doc HTTP/1.1" 206 1 "https://www.google.com/" "Mozilla/5.0 (Windows NT 10.0; Win64; x64) AppleWebKit/537.36 (KHTML, like Gecko) Chrome/112.0.0.0 Safari/537.36"
84.3.78.22 - - [03/May/2023:09:10:31 +0200] "GET /files/buntetojogimodos-1.doc HTTP/1.1" 206 66645 "https://www.google.com/" "Mozilla/5.0 (Windows NT 10.0; Win64; x64) AppleWebKit/537.36 (KHTML, like Gecko) Chrome/112.0.0.0 Safari/537.36"
84.3.78.22 - - [03/May/2023:09:10:32 +0200] "GET /files/buntetojogimodos-1.doc HTTP/1.1" 206 1 "https://www.google.com/" "Mozilla/5.0 (Windows NT 10.0; Win64; x64) AppleWebKit/537.36 (KHTML, like Gecko) Chrome/112.0.0.0 Safari/537.36"
84.3.78.22 - - [03/May/2023:09:10:32 +0200] "GET /files/buntetojogimodos-1.doc HTTP/1.1" 206 66645 "https://www.google.com/" "Mozilla/5.0 (Windows NT 10.0; Win64; x64) AppleWebKit/537.36 (KHTML, like Gecko) Chrome/112.0.0.0 Safari/537.36"
207.46.13.217 - - [03/May/2023:09:30:58 +0200] "GET /files/KHEM_3649_6.doc HTTP/1.1" 200 196096 "-" "Mozilla/5.0 AppleWebKit/537.36 (KHTML, like Gecko; compatible; bingbot/2.0; +http://www.bing.com/bingbot.htm) Chrome/103.0.5060.134 Safari/537.36"
94.44.237.208 - - [03/May/2023:09:33:52 +0200] "GET /files/gyamhatosag_eloterj_061204.pdf HTTP/1.1" 200 597742 "-" "Mozilla/5.0 (Linux; Android 13; SM-G990B) AppleWebKit/537.36 (KHTML, like Gecko) Chrome/112.0.0.0 Mobile Safari/537.36"
66.249.70.114 - - [03/May/2023:10:00:50 +0200] "GET /files/gyermekszegenyseg_tervezet_5_melleklet_070125.pdf HTTP/1.1" 200 348864 "-" "Mozilla/5.0 (compatible; Googlebot/2.1; +http://www.google.com/bot.html)"
66.249.70.114 - - [03/May/2023:10:08:54 +0200] "GET /files/meghagyas_kormrend_tervezet.doc HTTP/1.1" 200 126976 "-" "Mozilla/5.0 (Linux; Android 6.0.1; Nexus 5X Build/MMB29P) AppleWebKit/537.36 (KHTML, like Gecko) Chrome/112.0.5615.142 Mobile Safari/537.36 (compatible; Googlebot/2.1; +http://www.google.com/bot.html)"
5.179.12.136 - - [03/May/2023:10:10:47 +0200] "GET /favicon.ico HTTP/1.1" 404 57 "http://www.jogalkotas.hu/files/ekozig2010strategia_0604.pdf" "Mozilla/5.0 (Windows NT 10.0; Win64; x64) AppleWebKit/537.36 (KHTML, like Gecko) Chrome/112.0.0.0 Safari/537.36"
5.179.12.136 - - [03/May/2023:10:10:47 +0200] "GET /files/ekozig2010strategia_0604.pdf HTTP/1.1" 200 820659 "https://scholar.google.com/" "Mozilla/5.0 (Windows NT 10.0; Win64; x64) AppleWebKit/537.36 (KHTML, like Gecko) Chrome/112.0.0.0 Safari/537.36"
89.133.251.108 - - [03/May/2023:10:21:43 +0200] "GET /files/birosagiui.doc HTTP/1.1" 200 210432 "https://www.google.com/" "Mozilla/5.0 (Windows NT 10.0; Win64; x64) AppleWebKit/537.36 (KHTML, like Gecko) Chrome/109.0.0.0 Safari/537.36"
51.222.253.20 - - [03/May/2023:10:55:14 +0200] "GET /robots.txt HTTP/1.1" 200 1590 "-" "Mozilla/5.0 (compatible; AhrefsBot/7.0; +http://ahrefs.com/robot/)"
176.9.150.124 - - [03/May/2023:11:10:03 +0200] "GET / HTTP/1.1" 200 - "-" "BSbot 1.1 (monthly copyright check - html/js/css)"
40.77.167.189 - - [03/May/2023:11:40:24 +0200] "GET / HTTP/1.1" 200 - "-" "Mozilla/5.0 AppleWebKit/537.36 (KHTML, like Gecko; compatible; bingbot/2.0; +http://www.bing.com/bingbot.htm) Chrome/103.0.5060.134 Safari/537.36"
157.55.39.211 - - [03/May/2023:11:57:56 +0200] "GET /node/2440 HTTP/1.1" 200 - "-" "Mozilla/5.0 AppleWebKit/537.36 (KHTML, like Gecko; compatible; bingbot/2.0; +http://www.bing.com/bingbot.htm) Chrome/103.0.5060.134 Safari/537.36"
178.164.199.235 - - [03/May/2023:12:15:19 +0200] "GET /files/hadkotelesek_hm_eum_rendelet_tervezet_melleklet.pdf HTTP/1.1" 200 713160 "https://www.google.hu/" "Mozilla/5.0 (Windows NT 10.0; Win64; x64) AppleWebKit/537.36 (KHTML, like Gecko) Chrome/112.0.0.0 Safari/537.36 Edg/112.0.1722.64"
178.164.199.235 - - [03/May/2023:12:15:19 +0200] "GET /favicon.ico HTTP/1.1" 404 57 "http://jogalkotas.hu/files/hadkotelesek_hm_eum_rendelet_tervezet_melleklet.pdf" "Mozilla/5.0 (Windows NT 10.0; Win64; x64) AppleWebKit/537.36 (KHTML, like Gecko) Chrome/112.0.0.0 Safari/537.36 Edg/112.0.1722.64"
157.55.39.211 - - [03/May/2023:12:38:52 +0200] "GET /files/bitrokvedelem_kormr_terv_090814.doc HTTP/1.1" 304 - "-" "Mozilla/5.0 AppleWebKit/537.36 (KHTML, like Gecko; compatible; bingbot/2.0; +http://www.bing.com/bingbot.htm) Chrome/103.0.5060.134 Safari/537.36"
54.36.148.175 - - [03/May/2023:12:41:27 +0200] "GET /robots.txt HTTP/1.1" 200 1590 "-" "Mozilla/5.0 (compatible; AhrefsBot/7.0; +http://ahrefs.com/robot/)"
157.55.39.211 - - [03/May/2023:12:56:01 +0200] "GET /files/nat_terv_080521.pdf HTTP/1.1" 200 155548 "-" "Mozilla/5.0 AppleWebKit/537.36 (KHTML, like Gecko; compatible; bingbot/2.0; +http://www.bing.com/bingbot.htm) Chrome/103.0.5060.134 Safari/537.36"
207.46.13.217 - - [03/May/2023:13:15:39 +0200] "GET /node/2426 HTTP/1.1" 200 - "-" "Mozilla/5.0 AppleWebKit/537.36 (KHTML, like Gecko; compatible; bingbot/2.0; +http://www.bing.com/bingbot.htm) Chrome/103.0.5060.134 Safari/537.36"
66.249.64.75 - - [03/May/2023:13:19:20 +0200] "GET /files/tankonyv_terv_071012.pdf HTTP/1.1" 200 325369 "-" "Mozilla/5.0 (Windows NT 10.0; Win64; x64)AppleWebKit/537.36 (KHTML, like Gecko) Chrome/91.0.4472.101 Safari/537.36 (compatible; GoogleOther)"
136.243.228.195 - - [03/May/2023:13:26:04 +0200] "GET /sitemap.xml HTTP/1.1" 200 - "-" "Mozilla/5.0 (compatible; DataForSeoBot/1.0; +https://dataforseo.com/dataforseo-bot)"
193.6.63.109 - - [03/May/2023:13:42:34 +0200] "GET /files/6125_2_.pdf HTTP/1.1" 200 225114 "https://www.google.com/" "Mozilla/5.0 (Windows NT 10.0; Win64; x64) AppleWebKit/537.36 (KHTML, like Gecko) Chrome/112.0.0.0 Safari/537.36"
193.6.63.109 - - [03/May/2023:13:42:34 +0200] "GET /favicon.ico HTTP/1.1" 404 57 "http://jogalkotas.hu/files/6125_2_.pdf" "Mozilla/5.0 (Windows NT 10.0; Win64; x64) AppleWebKit/537.36 (KHTML, like Gecko) Chrome/112.0.0.0 Safari/537.36"
23.94.242.141 - - [03/May/2023:14:06:18 +0200] "GET /taxonomy/term/20/0/feed HTTP/1.1" 200 - "-" "-"
207.46.13.217 - - [03/May/2023:14:13:33 +0200] "GET /files/28_2009_OM-rend.pdf HTTP/1.1" 304 - "-" "Mozilla/5.0 AppleWebKit/537.36 (KHTML, like Gecko; compatible; bingbot/2.0; +http://www.bing.com/bingbot.htm) Chrome/103.0.5060.134 Safari/537.36"
114.119.130.147 - - [03/May/2023:14:23:59 +0200] "GET /files/5_sz_melleklet_061031.pdf HTTP/1.1" 200 165675 "-" "Mozilla/5.0 (Linux; Android 7.0;) AppleWebKit/537.36 (KHTML, like Gecko) Mobile Safari/537.36 (compatible; PetalBot;+https://webmaster.petalsearch.com/site/petalbot)"
84.206.25.11 - - [03/May/2023:14:42:06 +0200] "GET /files/rendelet_szakmapolra.doc HTTP/1.1" 200 175616 "https://www.google.hu/" "Mozilla/5.0 (Windows NT 10.0; Win64; x64) AppleWebKit/537.36 (KHTML, like Gecko) Chrome/112.0.0.0 Safari/537.36"
84.206.25.11 - - [03/May/2023:14:42:09 +0200] "GET /files/rendelet_szakmapolra.doc HTTP/1.1" 206 1 "https://www.google.hu/" "Mozilla/5.0 (Windows NT 10.0; Win64; x64) AppleWebKit/537.36 (KHTML, like Gecko) Chrome/112.0.0.0 Safari/537.36"
84.206.25.11 - - [03/May/2023:14:42:09 +0200] "GET /files/rendelet_szakmapolra.doc HTTP/1.1" 206 55839 "https://www.google.hu/" "Mozilla/5.0 (Windows NT 10.0; Win64; x64) AppleWebKit/537.36 (KHTML, like Gecko) Chrome/112.0.0.0 Safari/537.36"
84.206.25.11 - - [03/May/2023:14:42:10 +0200] "GET /files/rendelet_szakmapolra.doc HTTP/1.1" 206 1 "https://www.google.hu/" "Mozilla/5.0 (Windows NT 10.0; Win64; x64) AppleWebKit/537.36 (KHTML, like Gecko) Chrome/112.0.0.0 Safari/537.36"
40.77.167.189 - - [03/May/2023:15:02:22 +0200] "GET /files/mozgokep_szlaszam_070306.pdf HTTP/1.1" 200 120462 "-" "Mozilla/5.0 AppleWebKit/537.36 (KHTML, like Gecko; compatible; bingbot/2.0; +http://www.bing.com/bingbot.htm) Chrome/103.0.5060.134 Safari/537.36"
84.206.8.253 - - [03/May/2023:15:03:16 +0200] "GET /favicon.ico HTTP/1.1" 404 57 "http://www.jogalkotas.hu/files/tervezesi_eloirasok_om_r_allig_egy_060310.pdf" "Mozilla/5.0 (Windows NT 10.0; Win64; x64) AppleWebKit/537.36 (KHTML, like Gecko) Chrome/112.0.0.0 Safari/537.36"
84.206.8.253 - - [03/May/2023:15:03:16 +0200] "GET /files/tervezesi_eloirasok_om_r_allig_egy_060310.pdf HTTP/1.1" 200 113494 "https://www.google.com/" "Mozilla/5.0 (Windows NT 10.0; Win64; x64) AppleWebKit/537.36 (KHTML, like Gecko) Chrome/112.0.0.0 Safari/537.36"
40.77.167.189 - - [03/May/2023:15:29:45 +0200] "GET /node/1648 HTTP/1.1" 200 - "-" "Mozilla/5.0 AppleWebKit/537.36 (KHTML, like Gecko; compatible; bingbot/2.0; +http://www.bing.com/bingbot.htm) Chrome/103.0.5060.134 Safari/537.36"
66.249.70.110 - - [03/May/2023:15:41:27 +0200] "GET /files/elismeres_terv_071015.pdf HTTP/1.1" 200 212388 "-" "Googlebot/2.1 (+http://www.google.com/bot.html)"
91.33.170.33 - - [03/May/2023:15:50:24 +0200] "GET /files/szakertoidijazas.doc HTTP/1.1" 200 59392 "-" "Mozilla/5.0 (Windows NT 10.0; Win64; x64; rv:65.0) Gecko/20100101 Firefox/65.0"
66.249.70.112 - - [03/May/2023:15:52:53 +0200] "GET /files/jelentes_0918_070919.pdf HTTP/1.1" 200 890103 "-" "Googlebot/2.1 (+http://www.google.com/bot.html)"
66.249.70.114 - - [03/May/2023:15:57:42 +0200] "GET /files/eloterjesztes_0918_070919.pdf HTTP/1.1" 200 287052 "-" "Googlebot/2.1 (+http://www.google.com/bot.html)"
40.77.167.189 - - [03/May/2023:16:06:30 +0200] "GET /node/2408 HTTP/1.1" 200 - "-" "Mozilla/5.0 AppleWebKit/537.36 (KHTML, like Gecko; compatible; bingbot/2.0; +http://www.bing.com/bingbot.htm) Chrome/103.0.5060.134 Safari/537.36"
114.119.142.125 - - [03/May/2023:16:28:24 +0200] "GET /files/elterjsszakkepzes06.23.vgleges_jelentes0702.pdf HTTP/1.1" 200 173779 "-" "Mozilla/5.0 (Linux; Android 7.0;) AppleWebKit/537.36 (KHTML, like Gecko) Mobile Safari/537.36 (compatible; PetalBot;+https://webmaster.petalsearch.com/site/petalbot)"
66.249.64.71 - - [03/May/2023:17:13:24 +0200] "GET /files/kozraktar.pdf HTTP/1.1" 200 277489 "-" "Googlebot/2.1 (+http://www.google.com/bot.html)"
66.249.64.75 - - [03/May/2023:17:14:04 +0200] "GET /files/fogleloseg_munknelkell_terv_090818.pdf HTTP/1.1" 200 242548 "-" "Googlebot/2.1 (+http://www.google.com/bot.html)"
40.77.167.101 - - [03/May/2023:18:04:55 +0200] "GET /robots.txt HTTP/1.1" 200 1590 "-" "Mozilla/5.0 AppleWebKit/537.36 (KHTML, like Gecko; compatible; bingbot/2.0; +http://www.bing.com/bingbot.htm) Chrome/103.0.5060.134 Safari/537.36"
40.77.167.189 - - [03/May/2023:18:05:31 +0200] "GET / HTTP/1.1" 200 - "-" "Mozilla/5.0 AppleWebKit/537.36 (KHTML, like Gecko; compatible; bingbot/2.0; +http://www.bing.com/bingbot.htm) Chrome/103.0.5060.134 Safari/537.36"
20.15.133.168 - - [03/May/2023:18:49:28 +0200] "GET /files/3782007szakertoi_kozigegyeztetesre1124.pdf HTTP/1.1" 200 191162 "-" "Mozilla/5.0 AppleWebKit/537.36 (KHTML, like Gecko; compatible; bingbot/2.0; +http://www.bing.com/bingbot.htm) Chrome/103.0.5060.134 Safari/537.36"
82.145.211.213 - - [03/May/2023:18:54:14 +0200] "GET /files/6125_2_.pdf HTTP/1.1" 200 225114 "https://www.google.com/search?q=Svastics%20andrea&client=ms-opera-mini&channel=new" "Opera/9.80 (MAUI Runtime; Opera Mini/4.4.39016/191.304; U; hu) Presto/2.12.423 Version/12.16"
78.92.173.95 - - [03/May/2023:18:56:39 +0200] "GET /favicon.ico HTTP/1.1" 404 57 "http://www.jogalkotas.hu/files/OTSZ%20rendelet.pdf" "Mozilla/5.0 (Windows NT 10.0; Win64; x64) AppleWebKit/537.36 (KHTML, like Gecko) Chrome/112.0.0.0 Safari/537.36 Edg/112.0.1722.64"
78.92.173.95 - - [03/May/2023:18:56:39 +0200] "GET /files/OTSZ%20rendelet.pdf HTTP/1.1" 200 168000 "https://www.google.hu/" "Mozilla/5.0 (Windows NT 10.0; Win64; x64) AppleWebKit/537.36 (KHTML, like Gecko) Chrome/112.0.0.0 Safari/537.36 Edg/112.0.1722.64"
66.249.70.110 - - [03/May/2023:19:05:24 +0200] "GET /files/erdok_tuz_elleni_vedelme.pdf HTTP/1.1" 200 161948 "-" "Mozilla/5.0 (compatible; Googlebot/2.1; +http://www.google.com/bot.html)"
136.243.220.210 - - [03/May/2023:19:13:16 +0200] "GET /robots.txt HTTP/1.1" 200 1590 "-" "Mozilla/5.0 (compatible; DataForSeoBot/1.0; +https://dataforseo.com/dataforseo-bot)"
136.243.220.210 - - [03/May/2023:19:13:48 +0200] "GET /sitemap.xml HTTP/1.1" 200 - "-" "Mozilla/5.0 (compatible; DataForSeoBot/1.0; +https://dataforseo.com/dataforseo-bot)"
136.243.220.210 - - [03/May/2023:19:13:48 +0200] "GET /taxonomy/term/29 HTTP/1.1" 200 - "-" "Mozilla/5.0 (compatible; DataForSeoBot/1.0; +https://dataforseo.com/dataforseo-bot)"
78.92.168.190 - - [03/May/2023:19:35:08 +0200] "GET /favicon.ico HTTP/1.1" 404 57 "http://www.jogalkotas.hu/files/elelmezesi_rendelet_tervezet.pdf" "Mozilla/5.0 (Windows NT 10.0; Win64; x64) AppleWebKit/537.36 (KHTML, like Gecko) Chrome/112.0.0.0 Safari/537.36"
78.92.168.190 - - [03/May/2023:19:35:08 +0200] "GET /files/elelmezesi_rendelet_tervezet.pdf HTTP/1.1" 200 118824 "https://www.google.com/" "Mozilla/5.0 (Windows NT 10.0; Win64; x64) AppleWebKit/537.36 (KHTML, like Gecko) Chrome/112.0.0.0 Safari/537.36"
157.55.39.211 - - [03/May/2023:19:40:18 +0200] "GET /files/EUMETSAT_csatlakozas_Kozigazgatosi_egyeztetes.pdf HTTP/1.1" 304 - "-" "Mozilla/5.0 AppleWebKit/537.36 (KHTML, like Gecko; compatible; bingbot/2.0; +http://www.bing.com/bingbot.htm) Chrome/103.0.5060.134 Safari/537.36"
176.77.144.169 - - [03/May/2023:19:48:05 +0200] "GET /files/buntetojogimodos-1.doc HTTP/1.1" 200 110592 "-" "Mozilla/5.0 (Linux; Android 11; 2201117TY) AppleWebKit/537.36 (KHTML, like Gecko) Chrome/108.0.0.0 Mobile Safari/537.36"
66.249.64.73 - - [03/May/2023:19:50:23 +0200] "GET /files/kozig-egyezt-eloterj.pdf HTTP/1.1" 304 - "-" "Mozilla/5.0 (Linux; Android 6.0.1; Nexus 5X Build/MMB29P) AppleWebKit/537.36 (KHTML, like Gecko) Chrome/112.0.5615.142 Mobile Safari/537.36 (compatible; Googlebot/2.1; +http://www.google.com/bot.html)"
