114.119.157.196 - - [26/May/2023:17:29:58 +0200] "GET /files/ihm_rend_radio_amator.pdf HTTP/1.1" 200 573791 "-" "Mozilla/5.0 (Linux; Android 7.0;) AppleWebKit/537.36 (KHTML, like Gecko) Mobile Safari/537.36 (compatible; PetalBot;+https://webmaster.petalsearch.com/site/petalbot)"
167.86.71.242 - - [26/May/2023:17:39:40 +0200] "GET /robots.txt HTTP/1.1" 200 1590 "-" "Mozilla/5.0 (compatible; MJ12bot/v1.4.8; http://mj12bot.com/)"
167.86.71.242 - - [26/May/2023:17:40:22 +0200] "GET /files/19-2003-Mell%C3%83%C2%A9kletek.xls.txt HTTP/1.1" 200 - "-" "Mozilla/5.0 (compatible; MJ12bot/v1.4.8; http://mj12bot.com/)"
167.86.71.242 - - [26/May/2023:17:41:04 +0200] "GET /files/9-93.normasz%C3%83%C2%B6veg.m%C3%83%C2%B3d.2007.febr.T%C3%83?RCA.doc HTTP/1.1" 200 - "-" "Mozilla/5.0 (compatible; MJ12bot/v1.4.8; http://mj12bot.com/)"
167.86.71.242 - - [26/May/2023:17:41:46 +0200] "GET /files/A%20T%C3%83%E2%80%93RV%C3%83%E2%80%B0NYJAVASLAT%20MELL%C3%83%E2%80%B0KLETEI.htm.txt HTTP/1.1" 200 - "-" "Mozilla/5.0 (compatible; MJ12bot/v1.4.8; http://mj12bot.com/)"
167.86.71.242 - - [26/May/2023:17:42:28 +0200] "GET /files/AZ%20%C3%83?S%20MELL%C3%83%E2%80%B0KLETEI.htm.txt HTTP/1.1" 200 - "-" "Mozilla/5.0 (compatible; MJ12bot/v1.4.8; http://mj12bot.com/)"
167.86.71.242 - - [26/May/2023:17:43:10 +0200] "GET /files/Alap-%C3%83%C2%A9s%20m%C3%85%C2%B1k%C3%83%C2%B6d%C3%83%C2%A9si%20nyilv%C3%83%C2%A1ntart%C3%83%C2%A1s-T%C3%83?RCA03.20..doc HTTP/1.1" 200 - "-" "Mozilla/5.0 (compatible; MJ12bot/v1.4.8; http://mj12bot.com/)"
167.86.71.242 - - [26/May/2023:17:43:52 +0200] "GET /files/FEJEZETI%20K%C3%83%E2%80%93TETEK.htm.txt HTTP/1.1" 200 - "-" "Mozilla/5.0 (compatible; MJ12bot/v1.4.8; http://mj12bot.com/)"
167.86.71.242 - - [26/May/2023:17:44:34 +0200] "GET /files/INDOKOL%C3%83?1.doc HTTP/1.1" 200 - "-" "Mozilla/5.0 (compatible; MJ12bot/v1.4.8; http://mj12bot.com/)"
167.86.71.242 - - [26/May/2023:17:45:16 +0200] "GET /files/INDOKOL%C3%83?S.doc HTTP/1.1" 200 - "-" "Mozilla/5.0 (compatible; MJ12bot/v1.4.8; http://mj12bot.com/)"
167.86.71.242 - - [26/May/2023:17:45:58 +0200] "GET /files/SzaboMate_hozz%C3%83%C2%A1f%C3%83%C2%A9r%C3%83%C2%A9s.pps HTTP/1.1" 200 - "-" "Mozilla/5.0 (compatible; MJ12bot/v1.4.8; http://mj12bot.com/)"
167.86.71.242 - - [26/May/2023:17:46:40 +0200] "GET /files/VEZET%C3%85?I%20%C3%83%E2%80%93SSZEFOGLAL%C3%83%E2%80%9C.doc HTTP/1.1" 200 - "-" "Mozilla/5.0 (compatible; MJ12bot/v1.4.8; http://mj12bot.com/)"
114.119.148.155 - - [26/May/2023:17:47:19 +0200] "GET /robots.txt HTTP/1.1" 200 1590 "-" "Mozilla/5.0 (compatible;PetalBot;+https://webmaster.petalsearch.com/site/petalbot)"
167.86.71.242 - - [26/May/2023:17:47:22 +0200] "GET /files/%C3%83?NTSZ%20%20061214%20Kormr.doc HTTP/1.1" 200 - "-" "Mozilla/5.0 (compatible; MJ12bot/v1.4.8; http://mj12bot.com/)"
167.86.71.242 - - [26/May/2023:17:47:27 +0200] "GET /robots.txt HTTP/1.1" 200 1590 "-" "Mozilla/5.0 (compatible; MJ12bot/v1.4.8; http://mj12bot.com/)"
167.86.71.242 - - [26/May/2023:17:48:09 +0200] "GET /files/19-2003-Mell%C3%83%C2%A9kletek.xls.txt HTTP/1.1" 200 - "-" "Mozilla/5.0 (compatible; MJ12bot/v1.4.8; http://mj12bot.com/)"
167.86.71.242 - - [26/May/2023:17:48:51 +0200] "GET /files/9-93.normasz%C3%83%C2%B6veg.m%C3%83%C2%B3d.2007.febr.T%C3%83?RCA.doc HTTP/1.1" 200 - "-" "Mozilla/5.0 (compatible; MJ12bot/v1.4.8; http://mj12bot.com/)"
167.86.71.242 - - [26/May/2023:17:49:33 +0200] "GET /files/A%20T%C3%83%E2%80%93RV%C3%83%E2%80%B0NYJAVASLAT%20MELL%C3%83%E2%80%B0KLETEI.htm.txt HTTP/1.1" 200 - "-" "Mozilla/5.0 (compatible; MJ12bot/v1.4.8; http://mj12bot.com/)"
167.86.71.242 - - [26/May/2023:17:50:15 +0200] "GET /files/AZ%20%C3%83?S%20MELL%C3%83%E2%80%B0KLETEI.htm.txt HTTP/1.1" 200 - "-" "Mozilla/5.0 (compatible; MJ12bot/v1.4.8; http://mj12bot.com/)"
66.249.64.75 - - [26/May/2023:17:50:40 +0200] "GET /files/fogyved_061114.pdf HTTP/1.1" 200 498783 "-" "Googlebot/2.1 (+http://www.google.com/bot.html)"
167.86.71.242 - - [26/May/2023:17:50:57 +0200] "GET /files/Alap-%C3%83%C2%A9s%20m%C3%85%C2%B1k%C3%83%C2%B6d%C3%83%C2%A9si%20nyilv%C3%83%C2%A1ntart%C3%83%C2%A1s-T%C3%83?RCA03.20..doc HTTP/1.1" 200 - "-" "Mozilla/5.0 (compatible; MJ12bot/v1.4.8; http://mj12bot.com/)"
167.86.71.242 - - [26/May/2023:17:51:39 +0200] "GET /files/FEJEZETI%20K%C3%83%E2%80%93TETEK.htm.txt HTTP/1.1" 200 - "-" "Mozilla/5.0 (compatible; MJ12bot/v1.4.8; http://mj12bot.com/)"
167.86.71.242 - - [26/May/2023:17:52:21 +0200] "GET /files/INDOKOL%C3%83?1.doc HTTP/1.1" 200 - "-" "Mozilla/5.0 (compatible; MJ12bot/v1.4.8; http://mj12bot.com/)"
167.86.71.242 - - [26/May/2023:17:53:03 +0200] "GET /files/INDOKOL%C3%83?S.doc HTTP/1.1" 200 - "-" "Mozilla/5.0 (compatible; MJ12bot/v1.4.8; http://mj12bot.com/)"
167.86.71.242 - - [26/May/2023:17:53:45 +0200] "GET /files/SzaboMate_hozz%C3%83%C2%A1f%C3%83%C2%A9r%C3%83%C2%A9s.pps HTTP/1.1" 200 - "-" "Mozilla/5.0 (compatible; MJ12bot/v1.4.8; http://mj12bot.com/)"
167.86.71.242 - - [26/May/2023:17:54:27 +0200] "GET /files/VEZET%C3%85?I%20%C3%83%E2%80%93SSZEFOGLAL%C3%83%E2%80%9C.doc HTTP/1.1" 200 - "-" "Mozilla/5.0 (compatible; MJ12bot/v1.4.8; http://mj12bot.com/)"
167.86.71.242 - - [26/May/2023:17:55:09 +0200] "GET /files/%C3%83?NTSZ%20%20061214%20Kormr.doc HTTP/1.1" 200 - "-" "Mozilla/5.0 (compatible; MJ12bot/v1.4.8; http://mj12bot.com/)"
66.249.70.114 - - [26/May/2023:17:55:15 +0200] "GET /files/tamszolg_terv_080630.pdf HTTP/1.1" 304 - "-" "Mozilla/5.0 (Linux; Android 6.0.1; Nexus 5X Build/MMB29P) AppleWebKit/537.36 (KHTML, like Gecko) Chrome/113.0.5672.126 Mobile Safari/537.36 (compatible; Googlebot/2.1; +http://www.google.com/bot.html)"
51.210.214.160 - - [26/May/2023:18:06:43 +0200] "GET /taxonomy/term/99/0/feed HTTP/1.1" 200 - "-" "Mozilla/5.0 (X11; Linux i686) AppleWebKit/537.36 (KHTML, like Gecko) Chrome/30.0.1599.66 Safari/537.36"
3.84.82.166 - - [26/May/2023:18:14:05 +0200] "GET /robots.txt HTTP/1.1" 200 1590 "-" "anthropic-ai"
3.84.82.166 - - [26/May/2023:18:14:06 +0200] "GET /files/2198.pdf HTTP/1.1" 200 303517 "-" "anthropic-ai"
3.84.82.166 - - [26/May/2023:18:14:08 +0200] "GET /files/3802_16.pdf HTTP/1.1" 200 571634 "-" "anthropic-ai"
3.84.82.166 - - [26/May/2023:18:14:08 +0200] "GET /files/NFGM1713.pdf HTTP/1.1" 200 203993 "-" "anthropic-ai"
3.84.82.166 - - [26/May/2023:18:14:10 +0200] "GET /files/OHT_II_febr2.pdf HTTP/1.1" 200 994566 "-" "anthropic-ai"
3.84.82.166 - - [26/May/2023:18:14:11 +0200] "GET /files/ptk.dologi_jog.pdf HTTP/1.1" 200 141671 "-" "anthropic-ai"
3.84.82.166 - - [26/May/2023:18:14:12 +0200] "GET /files/ptk_kotelmi_jog.pdf HTTP/1.1" 200 706298 "-" "anthropic-ai"
3.84.82.166 - - [26/May/2023:18:14:14 +0200] "GET /files/ptk_oroklesi_jog.pdf HTTP/1.1" 200 260717 "-" "anthropic-ai"
114.119.144.62 - - [26/May/2023:18:26:14 +0200] "GET /files/szvk_mell_terv_090804.pdf HTTP/1.1" 200 3057361 "-" "Mozilla/5.0 (Linux; Android 7.0;) AppleWebKit/537.36 (KHTML, like Gecko) Mobile Safari/537.36 (compatible; PetalBot;+https://webmaster.petalsearch.com/site/petalbot)"
148.251.70.130 - - [26/May/2023:18:40:11 +0200] "GET /wordpress/ HTTP/1.1" 200 - "-" "-"
93.158.91.254 - - [26/May/2023:19:03:38 +0200] "GET /robots.txt HTTP/1.1" 200 1590 "-" "Mozilla/5.0 (Linux; Android 8.1.0; jhs561 Build/GIADA.eng.zc.20200922.153858; wv) AppleWebKit/537.36 (KHTML, like Gecko) Version/4.0 Chrome/81.0.4044.138 Safari/537.36"
93.158.91.254 - - [26/May/2023:19:04:09 +0200] "GET /humans.txt HTTP/1.1" 200 - "-" "Mozilla/5.0 (Linux; Android 8.1.0; jhs561 Build/GIADA.eng.zc.20200922.153858; wv) AppleWebKit/537.36 (KHTML, like Gecko) Version/4.0 Chrome/81.0.4044.138 Safari/537.36"
93.158.91.251 - - [26/May/2023:19:04:19 +0200] "GET /ads.txt HTTP/1.1" 200 - "-" "Mozilla/5.0 (Linux; Android 8.1.0; jhs561 Build/GIADA.eng.zc.20200922.153858; wv) AppleWebKit/537.36 (KHTML, like Gecko) Version/4.0 Chrome/81.0.4044.138 Safari/537.36"
93.158.91.251 - - [26/May/2023:19:04:30 +0200] "GET / HTTP/1.1" 200 - "-" "Mozilla/5.0 (Linux; Android 8.1.0; jhs561 Build/GIADA.eng.zc.20200922.153858; wv) AppleWebKit/537.36 (KHTML, like Gecko) Version/4.0 Chrome/81.0.4044.138 Safari/537.36"
66.249.70.110 - - [26/May/2023:19:19:31 +0200] "GET /taxonomy/term/24?page=20 HTTP/1.1" 200 - "-" "Mozilla/5.0 (compatible; Googlebot/2.1; +http://www.google.com/bot.html)"
52.167.144.49 - - [26/May/2023:19:28:00 +0200] "GET /files/eu_szakellatas_tarsbizt_finansz_tervezet.doc HTTP/1.1" 304 - "-" "Mozilla/5.0 AppleWebKit/537.36 (KHTML, like Gecko; compatible; bingbot/2.0; +http://www.bing.com/bingbot.htm) Chrome/103.0.5060.134 Safari/537.36"
176.63.15.150 - - [26/May/2023:19:56:45 +0200] "GET /files/ptk.dologi_jog.pdf HTTP/1.1" 200 141671 "https://www.google.com/" "Mozilla/5.0 (Windows NT 10.0; Win64; x64; rv:109.0) Gecko/20100101 Firefox/113.0"
176.63.15.150 - - [26/May/2023:19:56:45 +0200] "GET /favicon.ico HTTP/1.1" 404 57 "http://www.jogalkotas.hu/" "Mozilla/5.0 (Windows NT 10.0; Win64; x64; rv:109.0) Gecko/20100101 Firefox/113.0"
34.222.83.58 - - [26/May/2023:20:19:11 +0200] "GET / HTTP/1.1" 200 - "-" "Mozilla/5.0 (X11; Linux x86_64) AppleWebKit/537.36 (KHTML, like Gecko) Chrome/83.0.4103.97 Safari/537.36"
18.237.56.219 - - [26/May/2023:20:20:18 +0200] "GET / HTTP/1.1" 200 - "-" "Mozilla/5.0 (X11; Linux x86_64) AppleWebKit/537.36 (KHTML, like Gecko) Chrome/83.0.4103.97 Safari/537.36"
52.167.144.160 - - [26/May/2023:20:26:50 +0200] "GET /files/szemelyugyi_igazgatas.pdf HTTP/1.1" 304 - "-" "Mozilla/5.0 AppleWebKit/537.36 (KHTML, like Gecko; compatible; bingbot/2.0; +http://www.bing.com/bingbot.htm) Chrome/103.0.5060.134 Safari/537.36"
157.55.39.213 - - [26/May/2023:20:34:16 +0200] "GET /files/sajatos_nevelesi_igenyu_gyerekek_060413.pdf HTTP/1.1" 304 - "-" "Mozilla/5.0 AppleWebKit/537.36 (KHTML, like Gecko; compatible; bingbot/2.0; +http://www.bing.com/bingbot.htm) Chrome/103.0.5060.134 Safari/537.36"
89.135.137.63 - - [26/May/2023:20:43:42 +0200] "GET /favicon.ico HTTP/1.1" 404 57 "http://www.jogalkotas.hu/files/A_Digitalis_Atallas_Strategiaja.pdf" "Mozilla/5.0 (Windows NT 10.0; Win64; x64) AppleWebKit/537.36 (KHTML, like Gecko) Chrome/113.0.0.0 Safari/537.36"
89.135.137.63 - - [26/May/2023:20:43:42 +0200] "GET /files/A_Digitalis_Atallas_Strategiaja.pdf HTTP/1.1" 200 1129550 "https://www.google.com/" "Mozilla/5.0 (Windows NT 10.0; Win64; x64) AppleWebKit/537.36 (KHTML, like Gecko) Chrome/113.0.0.0 Safari/537.36"
172.225.104.247 - - [26/May/2023:20:47:52 +0200] "GET /files/ptk.csaladjog_0.pdf HTTP/1.1" 200 429444 "https://www.google.com/url?q=http://jogalkotas.hu/files/ptk.csaladjog_0.pdf&sa=U&ved=2ahUKEwjrr83N0pP_AhXVg_0HHc6CBno4HhAWegQIERAB&usg=AOvVaw2gQWZGyOgothyI_OzLe7Xl" "Mozilla/5.0 (iPhone; CPU iPhone OS 15_7 like Mac OS X) AppleWebKit/605.1.15 (KHTML, like Gecko) GSA/265.0.533000180 Mobile/15E148 Safari/604.1"
52.167.144.49 - - [26/May/2023:21:29:32 +0200] "GET /files/turizmus.pdf HTTP/1.1" 304 - "-" "Mozilla/5.0 AppleWebKit/537.36 (KHTML, like Gecko; compatible; bingbot/2.0; +http://www.bing.com/bingbot.htm) Chrome/103.0.5060.134 Safari/537.36"
114.119.139.217 - - [26/May/2023:21:36:32 +0200] "GET /files/szakkepesites_rend_1001.doc HTTP/1.1" 200 160256 "-" "Mozilla/5.0 (Linux; Android 7.0;) AppleWebKit/537.36 (KHTML, like Gecko) Mobile Safari/537.36 (compatible; PetalBot;+https://webmaster.petalsearch.com/site/petalbot)"
216.244.66.200 - - [26/May/2023:21:39:04 +0200] "GET /robots.txt HTTP/1.1" 200 1590 "-" "Mozilla/5.0 (compatible; DotBot/1.2; +https://opensiteexplorer.org/dotbot; help@moz.com)"
216.244.66.200 - - [26/May/2023:21:52:31 +0200] "GET /taxonomy/term/21?page=83 HTTP/1.1" 200 - "-" "Mozilla/5.0 (compatible; DotBot/1.2; +https://opensiteexplorer.org/dotbot; help@moz.com)"
176.63.2.88 - - [26/May/2023:22:09:07 +0200] "GET /files/kedvesllat_elterjeszts_07_25.pdf HTTP/1.1" 206 1 "https://www.google.com/" "Mozilla/5.0 (Linux; Android 13; SAMSUNG SM-S901B) AppleWebKit/537.36 (KHTML, like Gecko) SamsungBrowser/21.0 Chrome/110.0.5481.154 Mobile Safari/537.36"
176.63.2.88 - - [26/May/2023:22:09:08 +0200] "GET /files/kedvesllat_elterjeszts_07_25.pdf HTTP/1.1" 206 36096 "https://www.google.com/" "Mozilla/5.0 (Linux; Android 13; SAMSUNG SM-S901B) AppleWebKit/537.36 (KHTML, like Gecko) SamsungBrowser/21.0 Chrome/110.0.5481.154 Mobile Safari/537.36"
176.63.2.88 - - [26/May/2023:22:09:35 +0200] "GET /files/kedvesllat_elterjeszts_07_25.pdf HTTP/1.1" 200 58678 "https://www.google.com/" "Mozilla/5.0 (Linux; Android 13; SAMSUNG SM-S901B) AppleWebKit/537.36 (KHTML, like Gecko) SamsungBrowser/21.0 Chrome/110.0.5481.154 Mobile Safari/537.36"
94.21.243.149 - - [26/May/2023:22:13:00 +0200] "GET /files/keklampa.doc HTTP/1.1" 200 170496 "-" "Mozilla/5.0 (Linux; Android 10; K) AppleWebKit/537.36 (KHTML, like Gecko) Chrome/113.0.0.0 Mobile Safari/537.36"
52.167.144.160 - - [26/May/2023:23:09:15 +0200] "GET /files/uj_OVSZ_KvVM_rend_kozigazgatasi_egyeztetes.pdf HTTP/1.1" 200 208836 "-" "Mozilla/5.0 AppleWebKit/537.36 (KHTML, like Gecko; compatible; bingbot/2.0; +http://www.bing.com/bingbot.htm) Chrome/103.0.5060.134 Safari/537.36"
157.55.39.213 - - [26/May/2023:23:48:49 +0200] "GET /files/$File/im_e_bru.pdf HTTP/1.1" 200 - "-" "Mozilla/5.0 AppleWebKit/537.36 (KHTML, like Gecko; compatible; bingbot/2.0; +http://www.bing.com/bingbot.htm) Chrome/103.0.5060.134 Safari/537.36"
52.167.144.160 - - [26/May/2023:23:51:09 +0200] "GET /files/$File/fu_k_bru.pdf HTTP/1.1" 200 - "-" "Mozilla/5.0 AppleWebKit/537.36 (KHTML, like Gecko; compatible; bingbot/2.0; +http://www.bing.com/bingbot.htm) Chrome/103.0.5060.134 Safari/537.36"
66.249.70.112 - - [26/May/2023:23:52:52 +0200] "GET /files/szakszo_legiforgalmi_iranyito.pdf HTTP/1.1" 200 268122 "-" "Mozilla/5.0 (Windows NT 10.0; Win64; x64)AppleWebKit/537.36 (KHTML, like Gecko) Chrome/91.0.4472.101 Safari/537.36 (compatible; GoogleOther)"
66.249.70.112 - - [27/May/2023:00:00:51 +0200] "GET /files/R714.pdf HTTP/1.1" 304 - "-" "Mozilla/5.0 (Linux; Android 6.0.1; Nexus 5X Build/MMB29P) AppleWebKit/537.36 (KHTML, like Gecko) Chrome/113.0.5672.126 Mobile Safari/537.36 (compatible; Googlebot/2.1; +http://www.google.com/bot.html)"
216.244.66.200 - - [27/May/2023:00:03:20 +0200] "GET /robots.txt HTTP/1.1" 200 1590 "-" "Mozilla/5.0 (compatible; DotBot/1.2; +https://opensiteexplorer.org/dotbot; help@moz.com)"
51.222.253.11 - - [27/May/2023:00:08:25 +0200] "GET /robots.txt HTTP/1.1" 200 1590 "-" "Mozilla/5.0 (compatible; AhrefsBot/7.0; +http://ahrefs.com/robot/)"
23.154.177.13 - - [27/May/2023:00:09:04 +0200] "GET /wp-content/plugins/woocommerce/readme.txt HTTP/1.1" 200 - "-" "Mozilla/5.0 (Macintosh; Intel Mac OS X 10_10_1) AppleWebKit/537.36 (KHTML, like Gecko) Chrome/37.0.2062.124 Safari/537.36"
216.244.66.200 - - [27/May/2023:00:12:36 +0200] "GET /taxonomy/term/22/0/feed HTTP/1.1" 200 - "-" "Mozilla/5.0 (compatible; DotBot/1.2; +https://opensiteexplorer.org/dotbot; help@moz.com)"
176.63.13.127 - - [27/May/2023:00:23:07 +0200] "GET /files/KHEM_5013_3norma.doc HTTP/1.1" 200 689664 "https://www.google.com/" "Mozilla/5.0 (iPhone; CPU iPhone OS 15_7 like Mac OS X) AppleWebKit/605.1.15 (KHTML, like Gecko) CriOS/113.0.5672.121 Mobile/15E148 Safari/604.1"
176.63.13.127 - - [27/May/2023:00:23:09 +0200] "GET /favicon.ico HTTP/1.1" 404 57 "-" "Mozilla/5.0 (iPhone; CPU iPhone OS 15_7 like Mac OS X) AppleWebKit/605.1.15 (KHTML, like Gecko) CriOS/113.0.5672.121 Mobile/15E148 Safari/604.1"
216.244.66.200 - - [27/May/2023:00:51:28 +0200] "GET /robots.txt HTTP/1.1" 200 1590 "-" "Mozilla/5.0 (compatible; DotBot/1.2; +https://opensiteexplorer.org/dotbot; help@moz.com)"
88.99.238.79 - - [27/May/2023:00:54:19 +0200] "GET /ads.txt HTTP/1.0" 200 - "-" "Mozilla/5.0 (Windows NT 10.0; Win64; x64; rv:86.0) Gecko/20100101 Firefox/86.0"
157.55.39.213 - - [27/May/2023:01:02:16 +0200] "GET /files/miniszt_2006_nov.pdf HTTP/1.1" 200 79803 "-" "Mozilla/5.0 AppleWebKit/537.36 (KHTML, like Gecko; compatible; bingbot/2.0; +http://www.bing.com/bingbot.htm) Chrome/103.0.5060.134 Safari/537.36"
185.181.60.12 - - [27/May/2023:01:07:39 +0200] "GET / HTTP/1.1" 200 - "-" "Mozilla/5.0 (Windows NT 10.0; Win64; x64) AppleWebKit/537.36 (KHTML, like Gecko) Chrome/91.0.4472.114 Safari/537.36 Edg/91.0.864.54"
216.244.66.200 - - [27/May/2023:01:14:37 +0200] "GET /taxonomy/term/18%2023%2024%2026%2025%2027%2028%2029%2052%2041%2031%2032%2098%2033%2048%2099%2034%2049%2035%2051%20100%2036%2050?page=1 HTTP/1.1" 200 - "-" "Mozilla/5.0 (compatible; DotBot/1.2; +https://opensiteexplorer.org/dotbot; help@moz.com)"
52.167.144.49 - - [27/May/2023:01:20:52 +0200] "GET /files/3782007szakertoi_kozigegyeztetesre1124.pdf HTTP/1.1" 304 - "-" "Mozilla/5.0 AppleWebKit/537.36 (KHTML, like Gecko; compatible; bingbot/2.0; +http://www.bing.com/bingbot.htm) Chrome/103.0.5060.134 Safari/537.36"
157.55.39.213 - - [27/May/2023:01:21:56 +0200] "GET /node/2204 HTTP/1.1" 200 - "-" "Mozilla/5.0 AppleWebKit/537.36 (KHTML, like Gecko; compatible; bingbot/2.0; +http://www.bing.com/bingbot.htm) Chrome/103.0.5060.134 Safari/537.36"
66.249.64.73 - - [27/May/2023:01:30:51 +0200] "GET /files/abaujkeri_aranyosvolgy_tervezet_kozig.pdf HTTP/1.1" 304 - "-" "Mozilla/5.0 (Linux; Android 6.0.1; Nexus 5X Build/MMB29P) AppleWebKit/537.36 (KHTML, like Gecko) Chrome/113.0.5672.126 Mobile Safari/537.36 (compatible; Googlebot/2.1; +http://www.google.com/bot.html)"
114.119.142.72 - - [27/May/2023:02:34:02 +0200] "GET /robots.txt HTTP/1.1" 200 1590 "-" "Mozilla/5.0 (compatible;PetalBot;+https://webmaster.petalsearch.com/site/petalbot)"
52.167.144.160 - - [27/May/2023:02:55:48 +0200] "GET /files/$File/nk3.pdf HTTP/1.1" 200 - "-" "Mozilla/5.0 AppleWebKit/537.36 (KHTML, like Gecko; compatible; bingbot/2.0; +http://www.bing.com/bingbot.htm) Chrome/103.0.5060.134 Safari/537.36"
66.249.64.71 - - [27/May/2023:03:14:20 +0200] "GET /files/kozalk_terv_070806-1.pdf HTTP/1.1" 200 313855 "-" "Googlebot/2.1 (+http://www.google.com/bot.html)"
66.249.70.110 - - [27/May/2023:03:22:27 +0200] "GET /files/mediacios_rendelkezesek_a_be_-ben_indokolas.pdf HTTP/1.1" 200 82373 "-" "Googlebot/2.1 (+http://www.google.com/bot.html)"
66.249.70.112 - - [27/May/2023:04:20:41 +0200] "GET /files/ekozig2010strategia_0604.pdf HTTP/1.1" 200 820659 "-" "Googlebot/2.1 (+http://www.google.com/bot.html)"
66.249.70.114 - - [27/May/2023:04:55:03 +0200] "GET /files/NFGM230.pdf HTTP/1.1" 200 98933 "-" "Googlebot/2.1 (+http://www.google.com/bot.html)"
52.167.144.160 - - [27/May/2023:05:06:38 +0200] "GET /files/mtbgtvmod_eloterj_070126.pdf HTTP/1.1" 304 - "-" "Mozilla/5.0 AppleWebKit/537.36 (KHTML, like Gecko; compatible; bingbot/2.0; +http://www.bing.com/bingbot.htm) Chrome/103.0.5060.134 Safari/537.36"
114.119.159.197 - - [27/May/2023:05:28:44 +0200] "GET /files/tervezet_kozig_egyeztetesre.pdf HTTP/1.1" 200 175636 "-" "Mozilla/5.0 (Linux; Android 7.0;) AppleWebKit/537.36 (KHTML, like Gecko) Mobile Safari/537.36 (compatible; PetalBot;+https://webmaster.petalsearch.com/site/petalbot)"
216.244.66.200 - - [27/May/2023:06:14:57 +0200] "GET /robots.txt HTTP/1.1" 200 1590 "-" "Mozilla/5.0 (compatible; DotBot/1.2; +https://opensiteexplorer.org/dotbot; help@moz.com)"
216.244.66.200 - - [27/May/2023:06:14:57 +0200] "GET /robots.txt HTTP/1.1" 200 1590 "-" "Mozilla/5.0 (compatible; DotBot/1.2; +https://opensiteexplorer.org/dotbot; help@moz.com)"
216.244.66.200 - - [27/May/2023:06:27:42 +0200] "GET /taxonomy/term/3?page=1 HTTP/1.1" 200 - "-" "Mozilla/5.0 (compatible; DotBot/1.2; +https://opensiteexplorer.org/dotbot; help@moz.com)"
216.244.66.200 - - [27/May/2023:06:41:08 +0200] "GET /taxonomy/term/3?page=1 HTTP/1.1" 200 - "-" "Mozilla/5.0 (compatible; DotBot/1.2; +https://opensiteexplorer.org/dotbot; help@moz.com)"
66.249.70.114 - - [27/May/2023:06:55:19 +0200] "GET /files/3802_16.pdf HTTP/1.1" 304 - "-" "Mozilla/5.0 (Linux; Android 6.0.1; Nexus 5X Build/MMB29P) AppleWebKit/537.36 (KHTML, like Gecko) Chrome/113.0.5672.126 Mobile Safari/537.36 (compatible; Googlebot/2.1; +http://www.google.com/bot.html)"
54.36.149.6 - - [27/May/2023:06:58:20 +0200] "GET /robots.txt HTTP/1.1" 200 1590 "-" "Mozilla/5.0 (compatible; AhrefsBot/7.0; +http://ahrefs.com/robot/)"
66.249.70.112 - - [27/May/2023:07:02:21 +0200] "GET /files/E%C3%BCM%202006.%20I.%20f%C3%A9l%C3%A9vi%20munkaterve%20(2006.02.09.)%20-%20v%C3%A9gleges.doc HTTP/1.1" 304 - "-" "Mozilla/5.0 (Linux; Android 6.0.1; Nexus 5X Build/MMB29P) AppleWebKit/537.36 (KHTML, like Gecko) Chrome/113.0.5672.126 Mobile Safari/537.36 (compatible; Googlebot/2.1; +http://www.google.com/bot.html)"
66.249.64.71 - - [27/May/2023:08:11:59 +0200] "GET /files/kozig-egyezt-eloterj.pdf HTTP/1.1" 304 - "-" "Mozilla/5.0 (Linux; Android 6.0.1; Nexus 5X Build/MMB29P) AppleWebKit/537.36 (KHTML, like Gecko) Chrome/113.0.5672.126 Mobile Safari/537.36 (compatible; Googlebot/2.1; +http://www.google.com/bot.html)"
52.167.144.49 - - [27/May/2023:08:35:44 +0200] "GET / HTTP/1.1" 200 - "-" "Mozilla/5.0 AppleWebKit/537.36 (KHTML, like Gecko; compatible; bingbot/2.0; +http://www.bing.com/bingbot.htm) Chrome/103.0.5060.134 Safari/537.36"
52.167.144.160 - - [27/May/2023:09:15:33 +0200] "GET /files/hallepcso_kozigre.pdf HTTP/1.1" 200 221476 "-" "Mozilla/5.0 AppleWebKit/537.36 (KHTML, like Gecko; compatible; bingbot/2.0; +http://www.bing.com/bingbot.htm) Chrome/103.0.5060.134 Safari/537.36"
213.180.203.47 - - [27/May/2023:09:22:56 +0200] "GET /robots.txt HTTP/1.1" 200 1590 "-" "Mozilla/5.0 (compatible; YandexBot/3.0; +http://yandex.com/bots)"
213.180.203.179 - - [27/May/2023:09:23:28 +0200] "GET / HTTP/1.1" 200 - "-" "Mozilla/5.0 (compatible; YandexBot/3.0; +http://yandex.com/bots)"
40.77.167.241 - - [27/May/2023:09:30:11 +0200] "GET /taxonomy/term/54 HTTP/1.1" 200 - "-" "Mozilla/5.0 AppleWebKit/537.36 (KHTML, like Gecko; compatible; bingbot/2.0; +http://www.bing.com/bingbot.htm) Chrome/103.0.5060.134 Safari/537.36"
40.77.167.241 - - [27/May/2023:09:30:43 +0200] "GET /taxonomy/term/54 HTTP/1.1" 200 - "-" "Mozilla/5.0 AppleWebKit/537.36 (KHTML, like Gecko; compatible; bingbot/2.0; +http://www.bing.com/bingbot.htm) Chrome/103.0.5060.134 Safari/537.36"
52.167.144.160 - - [27/May/2023:09:49:35 +0200] "GET /files/KHEM_5013_3norma.doc HTTP/1.1" 304 - "-" "Mozilla/5.0 AppleWebKit/537.36 (KHTML, like Gecko; compatible; bingbot/2.0; +http://www.bing.com/bingbot.htm) Chrome/103.0.5060.134 Safari/537.36"
66.249.64.75 - - [27/May/2023:09:56:52 +0200] "GET /files/hadkotelesek_hm_eum_rendelet_tervezet_melleklet.pdf HTTP/1.1" 304 - "-" "Mozilla/5.0 (Linux; Android 6.0.1; Nexus 5X Build/MMB29P) AppleWebKit/537.36 (KHTML, like Gecko) Chrome/113.0.5672.126 Mobile Safari/537.36 (compatible; Googlebot/2.1; +http://www.google.com/bot.html)"
157.55.39.213 - - [27/May/2023:10:39:22 +0200] "GET /files/$File/im_e_kon.pdf HTTP/1.1" 200 - "-" "Mozilla/5.0 AppleWebKit/537.36 (KHTML, like Gecko; compatible; bingbot/2.0; +http://www.bing.com/bingbot.htm) Chrome/103.0.5060.134 Safari/537.36"
66.249.64.71 - - [27/May/2023:11:16:17 +0200] "GET /files/164_2002_korm._rendelet_modositasa_1121.pdf HTTP/1.1" 200 175417 "-" "Googlebot/2.1 (+http://www.google.com/bot.html)"
81.182.4.216 - - [27/May/2023:11:34:38 +0200] "GET /files/KHEm_1088.doc HTTP/1.1" 200 337408 "-" "Mozilla/5.0 (Macintosh; Intel Mac OS X 10_15_7) AppleWebKit/537.36 (KHTML, like Gecko) Chrome/113.0.0.0 Safari/537.36"
192.42.116.15 - - [27/May/2023:12:00:50 +0200] "GET / HTTP/1.1" 200 - "http://jogalkotas.hu" "Mozilla/5.0 (Windows NT 10.0; Win64; x64) AppleWebKit/537.36 (KHTML, like Gecko) Chrome/87.0.4280.141 Safari/537.36 Edg/87.0.664.75"
52.167.144.49 - - [27/May/2023:12:02:13 +0200] "GET /files/66per1999_EuM_rend_mod_100414.doc HTTP/1.1" 200 511488 "-" "Mozilla/5.0 AppleWebKit/537.36 (KHTML, like Gecko; compatible; bingbot/2.0; +http://www.bing.com/bingbot.htm) Chrome/103.0.5060.134 Safari/537.36"
52.167.144.160 - - [27/May/2023:12:17:20 +0200] "GET /node/357 HTTP/1.1" 200 - "-" "Mozilla/5.0 AppleWebKit/537.36 (KHTML, like Gecko; compatible; bingbot/2.0; +http://www.bing.com/bingbot.htm) Chrome/103.0.5060.134 Safari/537.36"
23.94.242.141 - - [27/May/2023:12:35:09 +0200] "GET /taxonomy/term/20/0/feed HTTP/1.1" 200 - "-" "-"
52.167.144.49 - - [27/May/2023:12:37:17 +0200] "GET / HTTP/1.1" 200 - "-" "Mozilla/5.0 AppleWebKit/537.36 (KHTML, like Gecko; compatible; bingbot/2.0; +http://www.bing.com/bingbot.htm) Chrome/103.0.5060.134 Safari/537.36"
46.139.195.9 - - [27/May/2023:12:39:25 +0200] "GET /files/KHEM_272_6_norma.doc HTTP/1.1" 200 45875 "-" "Mozilla/5.0 (Linux; Android 8.0.0; SM-A320FL) AppleWebKit/537.36 (KHTML, like Gecko) Chrome/73.0.3683.90 Mobile Safari/537.36"
176.77.150.97 - - [27/May/2023:12:43:57 +0200] "GET /files/alapf_muv_okt_kovet_II_060414.pdf HTTP/1.1" 200 73642 "https://www.google.com/" "Mozilla/5.0 (Linux; Android 13; SAMSUNG SM-G998B) AppleWebKit/537.36 (KHTML, like Gecko) SamsungBrowser/21.0 Chrome/110.0.5481.154 Mobile Safari/537.36"
84.225.169.94 - - [27/May/2023:12:44:11 +0200] "GET /files/alapf_muv_okt_kovet_II_060414.pdf HTTP/1.1" 206 1 "https://www.google.com/" "Mozilla/5.0 (Linux; Android 13; SAMSUNG SM-G998B) AppleWebKit/537.36 (KHTML, like Gecko) SamsungBrowser/21.0 Chrome/110.0.5481.154 Mobile Safari/537.36"
84.225.169.94 - - [27/May/2023:12:44:11 +0200] "GET /files/alapf_muv_okt_kovet_II_060414.pdf HTTP/1.1" 206 34588 "https://www.google.com/" "Mozilla/5.0 (Linux; Android 13; SAMSUNG SM-G998B) AppleWebKit/537.36 (KHTML, like Gecko) SamsungBrowser/21.0 Chrome/110.0.5481.154 Mobile Safari/537.36"
52.167.144.160 - - [27/May/2023:13:08:04 +0200] "GET /files/R225rendelet.doc HTTP/1.1" 304 - "-" "Mozilla/5.0 AppleWebKit/537.36 (KHTML, like Gecko; compatible; bingbot/2.0; +http://www.bing.com/bingbot.htm) Chrome/103.0.5060.134 Safari/537.36"
52.167.144.49 - - [27/May/2023:13:46:33 +0200] "GET /files/2_sz_melleklet_061031.pdf HTTP/1.1" 200 56446 "-" "Mozilla/5.0 AppleWebKit/537.36 (KHTML, like Gecko; compatible; bingbot/2.0; +http://www.bing.com/bingbot.htm) Chrome/103.0.5060.134 Safari/537.36"
66.249.64.71 - - [27/May/2023:15:09:31 +0200] "GET /files/35_2002_hm_rendelet_mod.pdf HTTP/1.1" 304 - "-" "Mozilla/5.0 (Linux; Android 6.0.1; Nexus 5X Build/MMB29P) AppleWebKit/537.36 (KHTML, like Gecko) Chrome/113.0.5672.126 Mobile Safari/537.36 (compatible; Googlebot/2.1; +http://www.google.com/bot.html)"
66.249.64.75 - - [27/May/2023:15:11:28 +0200] "GET /files/apolas_terv_070516.pdf HTTP/1.1" 200 480585 "-" "Googlebot/2.1 (+http://www.google.com/bot.html)"
129.226.203.198 - - [27/May/2023:15:28:24 +0200] "GET /repeater.php HTTP/1.1" 200 - "-" "Go-http-client/1.1"
54.36.149.1 - - [27/May/2023:15:55:56 +0200] "GET /robots.txt HTTP/1.1" 200 1590 "-" "Mozilla/5.0 (compatible; AhrefsBot/7.0; +http://ahrefs.com/robot/)"
52.167.144.25 - - [27/May/2023:16:07:43 +0200] "GET /node/264 HTTP/1.1" 200 - "-" "Mozilla/5.0 AppleWebKit/537.36 (KHTML, like Gecko; compatible; bingbot/2.0; +http://www.bing.com/bingbot.htm) Chrome/103.0.5060.134 Safari/537.36"
52.167.144.25 - - [27/May/2023:16:08:15 +0200] "GET /node/264 HTTP/1.1" 200 - "-" "Mozilla/5.0 AppleWebKit/537.36 (KHTML, like Gecko; compatible; bingbot/2.0; +http://www.bing.com/bingbot.htm) Chrome/103.0.5060.134 Safari/537.36"
52.167.144.56 - - [27/May/2023:16:32:00 +0200] "GET /robots.txt HTTP/1.1" 200 1590 "-" "Mozilla/5.0 AppleWebKit/537.36 (KHTML, like Gecko; compatible; bingbot/2.0; +http://www.bing.com/bingbot.htm) Chrome/103.0.5060.134 Safari/537.36"
52.167.144.49 - - [27/May/2023:16:32:08 +0200] "GET /files/6125_2_.pdf HTTP/1.1" 200 225114 "-" "Mozilla/5.0 AppleWebKit/537.36 (KHTML, like Gecko; compatible; bingbot/2.0; +http://www.bing.com/bingbot.htm) Chrome/103.0.5060.134 Safari/537.36"
51.210.214.160 - - [27/May/2023:17:05:05 +0200] "GET /taxonomy/term/20/0/feed HTTP/1.1" 200 - "-" "Mozilla/5.0 (X11; Linux i686) AppleWebKit/537.36 (KHTML, like Gecko) Chrome/30.0.1599.66 Safari/537.36"
89.132.2.128 - - [27/May/2023:17:07:15 +0200] "GET /files/gyamhatosag_eloterj_061204.pdf HTTP/1.1" 200 597742 "-" "Mozilla/5.0 (Linux; Android 10; K) AppleWebKit/537.36 (KHTML, like Gecko) Chrome/113.0.0.0 Mobile Safari/537.36"
66.249.64.71 - - [27/May/2023:17:08:06 +0200] "GET /files/ipari_muszaki.pdf HTTP/1.1" 200 140749 "-" "Googlebot/2.1 (+http://www.google.com/bot.html)"
54.161.41.102 - - [27/May/2023:17:13:06 +0200] "GET /robots.txt HTTP/1.1" 200 1590 "-" "Mozilla/5.0 (compatible; Neevabot/1.0; +https://neeva.com/neevabot)"
54.161.41.102 - - [27/May/2023:17:13:46 +0200] "GET /files/NFGM_8810.pdf HTTP/1.1" 200 1128259 "-" "Mozilla/5.0 (compatible; Neevabot/1.0; +https://neeva.com/neevabot)"
66.249.70.110 - - [27/May/2023:17:23:04 +0200] "GET /robots.txt HTTP/1.1" 200 1590 "-" "Mozilla/5.0 (compatible; Googlebot/2.1; +http://www.google.com/bot.html)"
66.249.70.114 - - [27/May/2023:17:23:05 +0200] "GET /files/szakszo_legiforgalmi_iranyito.pdf HTTP/1.1" 200 268122 "-" "Mozilla/5.0 (Windows NT 10.0; Win64; x64)AppleWebKit/537.36 (KHTML, like Gecko) Chrome/91.0.4472.101 Safari/537.36 (compatible; GoogleOther)"
66.249.70.110 - - [27/May/2023:17:25:01 +0200] "GET /files/ptk_oroklesi_jog.pdf HTTP/1.1" 200 260717 "-" "Mozilla/5.0 (compatible; Googlebot/2.1; +http://www.google.com/bot.html)"
66.249.64.73 - - [27/May/2023:17:44:40 +0200] "GET /files/kozig-egyezt-eloterj.pdf HTTP/1.1" 304 - "-" "Mozilla/5.0 (Linux; Android 6.0.1; Nexus 5X Build/MMB29P) AppleWebKit/537.36 (KHTML, like Gecko) Chrome/113.0.5672.126 Mobile Safari/537.36 (compatible; Googlebot/2.1; +http://www.google.com/bot.html)"
52.167.144.49 - - [27/May/2023:17:48:14 +0200] "GET /files/gyamhatosag_eloterj_061204.pdf HTTP/1.1" 304 - "-" "Mozilla/5.0 AppleWebKit/537.36 (KHTML, like Gecko; compatible; bingbot/2.0; +http://www.bing.com/bingbot.htm) Chrome/103.0.5060.134 Safari/537.36"
104.238.141.198 - - [27/May/2023:18:18:44 +0200] "GET /robots.txt HTTP/1.1" 200 1590 "-" "Mozilla/5.0 (compatible; SeekportBot; +https://bot.seekport.com)"
104.238.141.198 - - [27/May/2023:18:18:43 +0200] "GET /robots.txt HTTP/1.1" 200 1590 "-" "Mozilla/5.0 (compatible; SeekportBot; +https://bot.seekport.com)"
104.238.141.198 - - [27/May/2023:18:19:15 +0200] "GET / HTTP/1.1" 200 - "-" "Mozilla/5.0 (compatible; SeekportBot; +https://bot.seekport.com)"
66.249.70.110 - - [27/May/2023:18:22:39 +0200] "GET /files/ptk_oroklesi_jog.pdf HTTP/1.1" 200 260717 "-" "Mozilla/5.0 (Linux; Android 6.0.1; Nexus 5X Build/MMB29P) AppleWebKit/537.36 (KHTML, like Gecko) Chrome/113.0.5672.126 Mobile Safari/537.36 (compatible; Googlebot/2.1; +http://www.google.com/bot.html)"
157.55.39.213 - - [27/May/2023:18:25:27 +0200] "GET /files/TeIR_.doc HTTP/1.1" 200 322560 "-" "Mozilla/5.0 AppleWebKit/537.36 (KHTML, like Gecko; compatible; bingbot/2.0; +http://www.bing.com/bingbot.htm) Chrome/103.0.5060.134 Safari/537.36"
66.249.70.110 - - [27/May/2023:18:57:53 +0200] "GET /files/E%C3%BCM%202006.%20I.%20f%C3%A9l%C3%A9vi%20munkaterve%20(2006.02.09.)%20-%20v%C3%A9gleges.doc HTTP/1.1" 304 - "-" "Mozilla/5.0 (compatible; Googlebot/2.1; +http://www.google.com/bot.html)"
89.134.1.187 - - [27/May/2023:19:08:12 +0200] "GET /files/rendeszeti_startegia_kormanyra_2007_11_20_vegleges.doc HTTP/1.1" 200 67699 "https://www.google.com/" "Mozilla/5.0 (Windows NT 10.0; Win64; x64) AppleWebKit/537.36 (KHTML, like Gecko) Chrome/111.0.0.0 Safari/537.36"
89.134.1.187 - - [27/May/2023:19:08:17 +0200] "GET /files/rendeszeti_startegia_kormanyra_2007_11_20_vegleges.doc HTTP/1.1" 206 1 "https://www.google.com/" "Mozilla/5.0 (Windows NT 10.0; Win64; x64) AppleWebKit/537.36 (KHTML, like Gecko) Chrome/111.0.0.0 Safari/537.36"
89.134.1.187 - - [27/May/2023:19:08:17 +0200] "GET /files/rendeszeti_startegia_kormanyra_2007_11_20_vegleges.doc HTTP/1.1" 206 67645 "https://www.google.com/" "Mozilla/5.0 (Windows NT 10.0; Win64; x64) AppleWebKit/537.36 (KHTML, like Gecko) Chrome/111.0.0.0 Safari/537.36"
89.134.1.187 - - [27/May/2023:19:08:21 +0200] "GET /files/rendeszeti_startegia_kormanyra_2007_11_20_vegleges.doc HTTP/1.1" 206 1 "https://www.google.com/" "Mozilla/5.0 (Windows NT 10.0; Win64; x64) AppleWebKit/537.36 (KHTML, like Gecko) Chrome/111.0.0.0 Safari/537.36"
89.134.1.187 - - [27/May/2023:19:08:21 +0200] "GET /files/rendeszeti_startegia_kormanyra_2007_11_20_vegleges.doc HTTP/1.1" 206 67645 "https://www.google.com/" "Mozilla/5.0 (Windows NT 10.0; Win64; x64) AppleWebKit/537.36 (KHTML, like Gecko) Chrome/111.0.0.0 Safari/537.36"
66.249.64.73 - - [27/May/2023:19:34:33 +0200] "GET /files/kozig-egyezt-eloterj.pdf HTTP/1.1" 304 - "-" "Mozilla/5.0 (compatible; Googlebot/2.1; +http://www.google.com/bot.html)"
66.249.70.114 - - [27/May/2023:19:41:23 +0200] "GET /files/tervezesi_eloirasok_om_r_allig_egy_060310.pdf HTTP/1.1" 304 - "-" "Mozilla/5.0 (Linux; Android 6.0.1; Nexus 5X Build/MMB29P) AppleWebKit/537.36 (KHTML, like Gecko) Chrome/113.0.5672.126 Mobile Safari/537.36 (compatible; Googlebot/2.1; +http://www.google.com/bot.html)"
66.249.64.73 - - [27/May/2023:20:11:06 +0200] "GET /files/KHEM_1424_5normaszoveg.doc HTTP/1.1" 200 365056 "-" "Mozilla/5.0 (compatible; Googlebot/2.1; +http://www.google.com/bot.html)"
216.244.66.200 - - [27/May/2023:20:17:33 +0200] "GET /robots.txt HTTP/1.1" 200 1590 "-" "Mozilla/5.0 (compatible; DotBot/1.2; +https://opensiteexplorer.org/dotbot; help@moz.com)"
216.244.66.200 - - [27/May/2023:20:24:28 +0200] "GET /files/magancsod_tars_velem_09.03.06.doc HTTP/1.1" 200 350009 "-" "Mozilla/5.0 (compatible; DotBot/1.2; +https://opensiteexplorer.org/dotbot; help@moz.com)"
66.249.70.114 - - [27/May/2023:20:41:24 +0200] "GET /files/b_3327_muemlek_061129.pdf HTTP/1.1" 304 - "-" "Mozilla/5.0 (Linux; Android 6.0.1; Nexus 5X Build/MMB29P) AppleWebKit/537.36 (KHTML, like Gecko) Chrome/113.0.5672.126 Mobile Safari/537.36 (compatible; Googlebot/2.1; +http://www.google.com/bot.html)"
5.45.207.167 - - [27/May/2023:21:07:38 +0200] "GET /robots.txt HTTP/1.1" 200 1590 "-" "Mozilla/5.0 (compatible; YandexBot/3.0; +http://yandex.com/bots)"
213.180.203.144 - - [27/May/2023:21:08:10 +0200] "GET /files/ptk.csaladjog.pdf. HTTP/1.1" 200 - "-" "Mozilla/5.0 (compatible; YandexBot/3.0; +http://yandex.com/bots)"
66.249.70.112 - - [27/May/2023:21:28:55 +0200] "GET /files/TK79-1.doc HTTP/1.1" 304 - "-" "Mozilla/5.0 (Linux; Android 6.0.1; Nexus 5X Build/MMB29P) AppleWebKit/537.36 (KHTML, like Gecko) Chrome/113.0.5672.126 Mobile Safari/537.36 (compatible; Googlebot/2.1; +http://www.google.com/bot.html)"
157.55.39.213 - - [27/May/2023:21:31:05 +0200] "GET /drupal/taxonomy/term/40 HTTP/1.1" 200 - "-" "Mozilla/5.0 AppleWebKit/537.36 (KHTML, like Gecko; compatible; bingbot/2.0; +http://www.bing.com/bingbot.htm) Chrome/103.0.5060.134 Safari/537.36"
66.249.70.114 - - [27/May/2023:21:31:52 +0200] "GET /files/NFGM_8810.pdf HTTP/1.1" 304 - "-" "Mozilla/5.0 (Linux; Android 6.0.1; Nexus 5X Build/MMB29P) AppleWebKit/537.36 (KHTML, like Gecko) Chrome/113.0.5672.126 Mobile Safari/537.36 (compatible; Googlebot/2.1; +http://www.google.com/bot.html)"
31.46.255.99 - - [27/May/2023:21:32:08 +0200] "GET /files/elemiszerkonyv122007.pdf HTTP/1.1" 200 152700 "https://www.google.com/" "Mozilla/5.0 (Windows NT 10.0; Win64; x64) AppleWebKit/537.36 (KHTML, like Gecko) Chrome/113.0.0.0 Safari/537.36"
31.46.255.99 - - [27/May/2023:21:32:09 +0200] "GET /favicon.ico HTTP/1.1" 404 57 "http://www.jogalkotas.hu/files/elemiszerkonyv122007.pdf" "Mozilla/5.0 (Windows NT 10.0; Win64; x64) AppleWebKit/537.36 (KHTML, like Gecko) Chrome/113.0.0.0 Safari/537.36"
52.167.144.160 - - [27/May/2023:21:33:21 +0200] "GET /files/eloterjesztes_29_1993kormrend_mod.pdf HTTP/1.1" 304 - "-" "Mozilla/5.0 AppleWebKit/537.36 (KHTML, like Gecko; compatible; bingbot/2.0; +http://www.bing.com/bingbot.htm) Chrome/103.0.5060.134 Safari/537.36"
52.167.144.56 - - [27/May/2023:21:48:20 +0200] "GET /robots.txt HTTP/1.1" 200 1590 "-" "Mozilla/5.0 AppleWebKit/537.36 (KHTML, like Gecko; compatible; bingbot/2.0; +http://www.bing.com/bingbot.htm) Chrome/103.0.5060.134 Safari/537.36"
52.167.144.160 - - [27/May/2023:21:48:59 +0200] "GET /node/2536 HTTP/1.1" 200 - "-" "Mozilla/5.0 AppleWebKit/537.36 (KHTML, like Gecko; compatible; bingbot/2.0; +http://www.bing.com/bingbot.htm) Chrome/103.0.5060.134 Safari/537.36"
50.87.144.194 - - [27/May/2023:22:32:11 +0200] "GET / HTTP/1.1" 200 - "-" "-"
52.167.144.49 - - [27/May/2023:23:07:55 +0200] "GET / HTTP/1.1" 200 - "-" "Mozilla/5.0 AppleWebKit/537.36 (KHTML, like Gecko; compatible; bingbot/2.0; +http://www.bing.com/bingbot.htm) Chrome/103.0.5060.134 Safari/537.36"
66.249.64.73 - - [27/May/2023:23:15:59 +0200] "GET /files/ekozig2010strategia_0604.pdf HTTP/1.1" 200 820659 "-" "Googlebot/2.1 (+http://www.google.com/bot.html)"
66.249.64.75 - - [27/May/2023:23:20:05 +0200] "GET /drupal/files/ekozig2010strategia_0604.pdf HTTP/1.1" 200 - "-" "Googlebot/2.1 (+http://www.google.com/bot.html)"
66.249.64.71 - - [27/May/2023:23:24:24 +0200] "GET /drupal/files/ekozig_strategia.pdf HTTP/1.1" 200 - "-" "Googlebot/2.1 (+http://www.google.com/bot.html)"
66.249.70.110 - - [27/May/2023:23:25:40 +0200] "GET /files/ekozig_strategia.pdf HTTP/1.1" 200 731185 "-" "Googlebot/2.1 (+http://www.google.com/bot.html)"
157.55.39.213 - - [27/May/2023:23:42:16 +0200] "GET /files/MinTerv-1-Ell-2007-02-14.doc HTTP/1.1" 200 239616 "-" "Mozilla/5.0 AppleWebKit/537.36 (KHTML, like Gecko; compatible; bingbot/2.0; +http://www.bing.com/bingbot.htm) Chrome/103.0.5060.134 Safari/537.36"
66.249.64.71 - - [28/May/2023:00:31:53 +0200] "GET /files/cartagena_kozigre_0519.pdf HTTP/1.1" 200 186055 "-" "Mozilla/5.0 (Linux; Android 6.0.1; Nexus 5X Build/MMB29P) AppleWebKit/537.36 (KHTML, like Gecko) Chrome/113.0.5672.126 Mobile Safari/537.36 (compatible; Googlebot/2.1; +http://www.google.com/bot.html)"
52.167.144.49 - - [28/May/2023:00:37:15 +0200] "GET / HTTP/1.1" 200 - "-" "Mozilla/5.0 AppleWebKit/537.36 (KHTML, like Gecko; compatible; bingbot/2.0; +http://www.bing.com/bingbot.htm) Chrome/103.0.5060.134 Safari/537.36"
88.99.238.79 - - [28/May/2023:00:52:23 +0200] "GET /ads.txt HTTP/1.0" 200 - "-" "Mozilla/5.0 (Windows NT 10.0; Win64; x64; rv:86.0) Gecko/20100101 Firefox/86.0"
114.119.145.237 - - [28/May/2023:01:05:07 +0200] "GET /files/5_sz_melleklet_061031.pdf HTTP/1.1" 200 165675 "-" "Mozilla/5.0 (Linux; Android 7.0;) AppleWebKit/537.36 (KHTML, like Gecko) Mobile Safari/537.36 (compatible; PetalBot;+https://webmaster.petalsearch.com/site/petalbot)"
52.167.144.160 - - [28/May/2023:01:33:49 +0200] "GET /files/T3026.doc HTTP/1.1" 200 91136 "-" "Mozilla/5.0 AppleWebKit/537.36 (KHTML, like Gecko; compatible; bingbot/2.0; +http://www.bing.com/bingbot.htm) Chrome/103.0.5060.134 Safari/537.36"
136.243.220.210 - - [28/May/2023:01:53:15 +0200] "GET /drupal/ HTTP/1.1" 200 - "-" "Mozilla/5.0 (compatible; DataForSeoBot/1.0; +https://dataforseo.com/dataforseo-bot)"
66.249.76.83 - - [28/May/2023:02:04:53 +0200] "GET /files/alap_mester_terv_080415.pdf HTTP/1.1" 304 - "-" "Mozilla/5.0 (Linux; Android 6.0.1; Nexus 5X Build/MMB29P) AppleWebKit/537.36 (KHTML, like Gecko) Chrome/113.0.5672.126 Mobile Safari/537.36 (compatible; Googlebot/2.1; +http://www.google.com/bot.html)"
66.249.70.114 - - [28/May/2023:02:27:23 +0200] "GET /files/tankonyvrend_terv_090721.pdf HTTP/1.1" 304 - "-" "Mozilla/5.0 (Linux; Android 6.0.1; Nexus 5X Build/MMB29P) AppleWebKit/537.36 (KHTML, like Gecko) Chrome/113.0.5672.126 Mobile Safari/537.36 (compatible; Googlebot/2.1; +http://www.google.com/bot.html)"
92.116.74.37 - - [28/May/2023:02:32:05 +0200] "GET /files/szakertoidijazas.doc HTTP/1.1" 200 59392 "-" "Mozilla/5.0 (Windows NT 10.0; Win64; x64; rv:65.0) Gecko/20100101 Firefox/65.0"
114.119.142.14 - - [28/May/2023:02:36:25 +0200] "GET /files/14per2007_EuM_rend_mod_100415.doc HTTP/1.1" 200 4353536 "-" "Mozilla/5.0 (Linux; Android 7.0;) AppleWebKit/537.36 (KHTML, like Gecko) Mobile Safari/537.36 (compatible; PetalBot;+https://webmaster.petalsearch.com/site/petalbot)"
69.167.12.25 - - [28/May/2023:02:38:07 +0200] "HEAD /wordpress HTTP/1.1" 200 - "-" "Mozilla/5.0 (Windows NT 10.0; Win64; x64) AppleWebKit/537.36 (KHTML, like Gecko) Chrome/74.0.3729.169 Safari/537.36"
52.167.144.25 - - [28/May/2023:02:43:07 +0200] "GET /files/menedekjog1.doc HTTP/1.1" 304 - "-" "Mozilla/5.0 AppleWebKit/537.36 (KHTML, like Gecko; compatible; bingbot/2.0; +http://www.bing.com/bingbot.htm) Chrome/103.0.5060.134 Safari/537.36"
66.249.70.112 - - [28/May/2023:02:49:53 +0200] "GET /files/2_sz_melleklet_061031.pdf HTTP/1.1" 304 - "-" "Mozilla/5.0 (Linux; Android 6.0.1; Nexus 5X Build/MMB29P) AppleWebKit/537.36 (KHTML, like Gecko) Chrome/113.0.5672.126 Mobile Safari/537.36 (compatible; Googlebot/2.1; +http://www.google.com/bot.html)"
52.167.144.160 - - [28/May/2023:03:15:30 +0200] "GET /files/NFGM1713.pdf HTTP/1.1" 200 203993 "-" "Mozilla/5.0 AppleWebKit/537.36 (KHTML, like Gecko; compatible; bingbot/2.0; +http://www.bing.com/bingbot.htm) Chrome/103.0.5060.134 Safari/537.36"
5.45.207.156 - - [28/May/2023:03:47:41 +0200] "GET /robots.txt HTTP/1.1" 200 1590 "-" "Mozilla/5.0 (compatible; YandexBot/3.0; +http://yandex.com/bots)"
183.136.225.46 - - [28/May/2023:03:48:13 +0200] "GET / HTTP/1.1" 200 - "-" "Mozilla/5.0 (Macintosh; Intel Mac OS X 10.11; rv:47.0) Gecko/20100101 Firefox/47.0"
95.108.213.101 - - [28/May/2023:03:48:13 +0200] "GET /drupal/node/629 HTTP/1.1" 200 - "-" "Mozilla/5.0 (compatible; YandexBot/3.0; +http://yandex.com/bots)"
66.249.70.112 - - [28/May/2023:03:57:23 +0200] "GET /files/indoklas.pdf HTTP/1.1" 304 - "-" "Mozilla/5.0 (Linux; Android 6.0.1; Nexus 5X Build/MMB29P) AppleWebKit/537.36 (KHTML, like Gecko) Chrome/113.0.5672.126 Mobile Safari/537.36 (compatible; Googlebot/2.1; +http://www.google.com/bot.html)"
66.249.70.110 - - [28/May/2023:04:23:13 +0200] "GET /files/emva_geptamogatas_velemenyezesre.pdf HTTP/1.1" 200 164875 "-" "Mozilla/5.0 (Windows NT 10.0; Win64; x64)AppleWebKit/537.36 (KHTML, like Gecko) Chrome/91.0.4472.101 Safari/537.36 (compatible; GoogleOther)"
216.244.66.200 - - [28/May/2023:04:45:14 +0200] "GET /robots.txt HTTP/1.1" 200 1590 "-" "Mozilla/5.0 (compatible; DotBot/1.2; +https://opensiteexplorer.org/dotbot; help@moz.com)"
52.167.144.160 - - [28/May/2023:04:45:28 +0200] "GET /files/138_1992_mod_terv_080814.pdf HTTP/1.1" 200 201965 "-" "Mozilla/5.0 AppleWebKit/537.36 (KHTML, like Gecko; compatible; bingbot/2.0; +http://www.bing.com/bingbot.htm) Chrome/103.0.5060.134 Safari/537.36"
216.244.66.200 - - [28/May/2023:04:48:35 +0200] "GET /files/5_felugyelobiztos_dija.doc HTTP/1.1" 200 43008 "-" "Mozilla/5.0 (compatible; DotBot/1.2; +https://opensiteexplorer.org/dotbot; help@moz.com)"
216.244.66.200 - - [28/May/2023:04:48:54 +0200] "GET /files/felsooktatasrol_79_2006_IV_5_060413.pdf HTTP/1.1" 200 111635 "-" "Mozilla/5.0 (compatible; DotBot/1.2; +https://opensiteexplorer.org/dotbot; help@moz.com)"
213.180.203.94 - - [28/May/2023:05:44:38 +0200] "GET /robots.txt HTTP/1.1" 200 1590 "-" "Mozilla/5.0 (compatible; YandexBot/3.0; +http://yandex.com/bots)"
5.45.207.162 - - [28/May/2023:05:45:11 +0200] "GET /dm- HTTP/1.1" 200 - "-" "Mozilla/5.0 (compatible; YandexBot/3.0; +http://yandex.com/bots)"
40.77.167.224 - - [28/May/2023:05:53:02 +0200] "GET /node/938 HTTP/1.1" 200 - "-" "Mozilla/5.0 AppleWebKit/537.36 (KHTML, like Gecko; compatible; bingbot/2.0; +http://www.bing.com/bingbot.htm) Chrome/103.0.5060.134 Safari/537.36"
40.77.167.224 - - [28/May/2023:05:53:34 +0200] "GET /node/938 HTTP/1.1" 200 - "-" "Mozilla/5.0 AppleWebKit/537.36 (KHTML, like Gecko; compatible; bingbot/2.0; +http://www.bing.com/bingbot.htm) Chrome/103.0.5060.134 Safari/537.36"
40.77.167.254 - - [28/May/2023:06:06:34 +0200] "GET /files/T2757.doc HTTP/1.1" 200 500736 "-" "Mozilla/5.0 AppleWebKit/537.36 (KHTML, like Gecko; compatible; bingbot/2.0; +http://www.bing.com/bingbot.htm) Chrome/103.0.5060.134 Safari/537.36"
95.163.255.111 - - [28/May/2023:06:16:52 +0200] "GET /robots.txt HTTP/1.0" 200 1590 "-" "Mozilla/5.0 (compatible; Linux x86_64; Mail.RU_Bot/Robots/2.0; +https://help.mail.ru/webmaster/indexing/robots)"
95.163.255.198 - - [28/May/2023:06:17:26 +0200] "GET / HTTP/1.1" 200 - "-" "Mozilla/5.0 (compatible; Linux x86_64; Mail.RU_Bot/Robots/2.0; +https://help.mail.ru/webmaster/indexing/robots)"
52.167.144.160 - - [28/May/2023:06:33:37 +0200] "GET /files/NFGM_735.pdf HTTP/1.1" 304 - "-" "Mozilla/5.0 AppleWebKit/537.36 (KHTML, like Gecko; compatible; bingbot/2.0; +http://www.bing.com/bingbot.htm) Chrome/103.0.5060.134 Safari/537.36"
52.167.144.49 - - [28/May/2023:06:46:09 +0200] "GET /files/Tervezet_a_fizetesi_meghagyasos_eljarassal_kapcsolatos_rendeletekrol.pdf HTTP/1.1" 304 - "-" "Mozilla/5.0 AppleWebKit/537.36 (KHTML, like Gecko; compatible; bingbot/2.0; +http://www.bing.com/bingbot.htm) Chrome/103.0.5060.134 Safari/537.36"
216.244.66.200 - - [28/May/2023:06:52:58 +0200] "GET /robots.txt HTTP/1.1" 200 1590 "-" "Mozilla/5.0 (compatible; DotBot/1.2; +https://opensiteexplorer.org/dotbot; help@moz.com)"
216.244.66.200 - - [28/May/2023:06:52:58 +0200] "GET /robots.txt HTTP/1.1" 200 1590 "-" "Mozilla/5.0 (compatible; DotBot/1.2; +https://opensiteexplorer.org/dotbot; help@moz.com)"
216.244.66.200 - - [28/May/2023:07:00:53 +0200] "GET /node/1964 HTTP/1.1" 200 - "-" "Mozilla/5.0 (compatible; DotBot/1.2; +https://opensiteexplorer.org/dotbot; help@moz.com)"
216.244.66.200 - - [28/May/2023:07:01:23 +0200] "GET /node/2023 HTTP/1.1" 200 - "-" "Mozilla/5.0 (compatible; DotBot/1.2; +https://opensiteexplorer.org/dotbot; help@moz.com)"
216.244.66.200 - - [28/May/2023:07:02:05 +0200] "GET /node/2104 HTTP/1.1" 200 - "-" "Mozilla/5.0 (compatible; DotBot/1.2; +https://opensiteexplorer.org/dotbot; help@moz.com)"
216.244.66.200 - - [28/May/2023:07:02:54 +0200] "GET /node/2253 HTTP/1.1" 200 - "-" "Mozilla/5.0 (compatible; DotBot/1.2; +https://opensiteexplorer.org/dotbot; help@moz.com)"
216.244.66.200 - - [28/May/2023:07:03:44 +0200] "GET /node/2412 HTTP/1.1" 200 - "-" "Mozilla/5.0 (compatible; DotBot/1.2; +https://opensiteexplorer.org/dotbot; help@moz.com)"
216.244.66.200 - - [28/May/2023:07:04:35 +0200] "GET /node/2486 HTTP/1.1" 200 - "-" "Mozilla/5.0 (compatible; DotBot/1.2; +https://opensiteexplorer.org/dotbot; help@moz.com)"
216.244.66.200 - - [28/May/2023:07:05:26 +0200] "GET /taxonomy/term/1?page=130 HTTP/1.1" 200 - "-" "Mozilla/5.0 (compatible; DotBot/1.2; +https://opensiteexplorer.org/dotbot; help@moz.com)"
216.244.66.200 - - [28/May/2023:07:06:16 +0200] "GET /taxonomy/term/19 HTTP/1.1" 200 - "-" "Mozilla/5.0 (compatible; DotBot/1.2; +https://opensiteexplorer.org/dotbot; help@moz.com)"
216.244.66.200 - - [28/May/2023:07:07:06 +0200] "GET /node/1099 HTTP/1.1" 200 - "-" "Mozilla/5.0 (compatible; DotBot/1.2; +https://opensiteexplorer.org/dotbot; help@moz.com)"
216.244.66.200 - - [28/May/2023:07:07:57 +0200] "GET /node/1286 HTTP/1.1" 200 - "-" "Mozilla/5.0 (compatible; DotBot/1.2; +https://opensiteexplorer.org/dotbot; help@moz.com)"
216.244.66.200 - - [28/May/2023:07:08:48 +0200] "GET /node/898 HTTP/1.1" 200 - "-" "Mozilla/5.0 (compatible; DotBot/1.2; +https://opensiteexplorer.org/dotbot; help@moz.com)"
66.249.70.114 - - [28/May/2023:07:09:30 +0200] "GET /files/katasztrofak_vedekezes.pdf HTTP/1.1" 200 180961 "-" "Googlebot/2.1 (+http://www.google.com/bot.html)"
34.76.146.130 - - [28/May/2023:07:29:53 +0200] "GET / HTTP/1.1" 200 - "-" "Mozilla/5.0 (Windows NT 10.0; Win64; x64) AppleWebKit/537.36 (KHTML, like Gecko) Chrome/84.0.4147.105 Safari/537.36"
216.244.66.200 - - [28/May/2023:07:43:17 +0200] "GET /robots.txt HTTP/1.1" 200 1590 "-" "Mozilla/5.0 (compatible; DotBot/1.2; +https://opensiteexplorer.org/dotbot; help@moz.com)"
216.244.66.200 - - [28/May/2023:07:43:17 +0200] "GET /robots.txt HTTP/1.1" 200 1590 "-" "Mozilla/5.0 (compatible; DotBot/1.2; +https://opensiteexplorer.org/dotbot; help@moz.com)"
66.249.64.73 - - [28/May/2023:07:46:32 +0200] "GET /files/nanhokifmktimfeer_terv_100225.pdf HTTP/1.1" 304 - "-" "Mozilla/5.0 (Linux; Android 6.0.1; Nexus 5X Build/MMB29P) AppleWebKit/537.36 (KHTML, like Gecko) Chrome/113.0.5672.126 Mobile Safari/537.36 (compatible; Googlebot/2.1; +http://www.google.com/bot.html)"
216.244.66.200 - - [28/May/2023:07:49:36 +0200] "GET /taxonomy/term/49?page=16 HTTP/1.1" 200 - "-" "Mozilla/5.0 (compatible; DotBot/1.2; +https://opensiteexplorer.org/dotbot; help@moz.com)"
216.244.66.200 - - [28/May/2023:07:50:51 +0200] "GET /node/1957 HTTP/1.1" 200 - "-" "Mozilla/5.0 (compatible; DotBot/1.2; +https://opensiteexplorer.org/dotbot; help@moz.com)"
216.244.66.200 - - [28/May/2023:07:51:32 +0200] "GET /taxonomy/term/21?page=131 HTTP/1.1" 200 - "-" "Mozilla/5.0 (compatible; DotBot/1.2; +https://opensiteexplorer.org/dotbot; help@moz.com)"
216.244.66.200 - - [28/May/2023:07:52:22 +0200] "GET /taxonomy/term/28?page=2 HTTP/1.1" 200 - "-" "Mozilla/5.0 (compatible; DotBot/1.2; +https://opensiteexplorer.org/dotbot; help@moz.com)"
216.244.66.200 - - [28/May/2023:07:53:12 +0200] "GET /node/1188 HTTP/1.1" 200 - "-" "Mozilla/5.0 (compatible; DotBot/1.2; +https://opensiteexplorer.org/dotbot; help@moz.com)"
216.244.66.200 - - [28/May/2023:07:54:03 +0200] "GET /node/1267 HTTP/1.1" 200 - "-" "Mozilla/5.0 (compatible; DotBot/1.2; +https://opensiteexplorer.org/dotbot; help@moz.com)"
216.244.66.200 - - [28/May/2023:07:54:53 +0200] "GET /node/1317 HTTP/1.1" 200 - "-" "Mozilla/5.0 (compatible; DotBot/1.2; +https://opensiteexplorer.org/dotbot; help@moz.com)"
216.244.66.200 - - [28/May/2023:07:55:43 +0200] "GET /node/2133 HTTP/1.1" 200 - "-" "Mozilla/5.0 (compatible; DotBot/1.2; +https://opensiteexplorer.org/dotbot; help@moz.com)"
216.244.66.200 - - [28/May/2023:07:56:33 +0200] "GET /node/659 HTTP/1.1" 200 - "-" "Mozilla/5.0 (compatible; DotBot/1.2; +https://opensiteexplorer.org/dotbot; help@moz.com)"
216.244.66.200 - - [28/May/2023:07:57:23 +0200] "GET /taxonomy/term/21?page=209 HTTP/1.1" 200 - "-" "Mozilla/5.0 (compatible; DotBot/1.2; +https://opensiteexplorer.org/dotbot; help@moz.com)"
216.244.66.200 - - [28/May/2023:07:58:15 +0200] "GET /taxonomy/term/27?page=10 HTTP/1.1" 200 - "-" "Mozilla/5.0 (compatible; DotBot/1.2; +https://opensiteexplorer.org/dotbot; help@moz.com)"
89.223.242.46 - - [28/May/2023:08:00:01 +0200] "GET /files/Tuzszolszab..pdf HTTP/1.1" 200 424954 "https://www.google.hu/" "Mozilla/5.0 (Macintosh; Intel Mac OS X 10_15_6) AppleWebKit/605.1.15 (KHTML, like Gecko) Version/15.6,2 Safari/605.1.15"
