114.119.154.155 - - [02/May/2023:01:09:48 +0200] "GET /files/9-2002_im_rend__szakami_indokolas.doc HTTP/1.1" 200 101376 "-" "Mozilla/5.0 (Linux; Android 7.0;) AppleWebKit/537.36 (KHTML, like Gecko) Mobile Safari/537.36 (compatible; PetalBot;+https://webmaster.petalsearch.com/site/petalbot)"
66.249.75.115 - - [02/May/2023:01:12:04 +0200] "GET /files/NFGM9341.pdf HTTP/1.1" 304 - "-" "Mozilla/5.0 (Linux; Android 6.0.1; Nexus 5X Build/MMB29P) AppleWebKit/537.36 (KHTML, like Gecko) Chrome/112.0.5615.142 Mobile Safari/537.36 (compatible; Googlebot/2.1; +http://www.google.com/bot.html)"
114.119.148.161 - - [02/May/2023:01:33:39 +0200] "GET /files/1_mell_FAVI_ENG_alap.doc HTTP/1.1" 200 1641984 "-" "Mozilla/5.0 (Linux; Android 7.0;) AppleWebKit/537.36 (KHTML, like Gecko) Mobile Safari/537.36 (compatible; PetalBot;+https://webmaster.petalsearch.com/site/petalbot)"
66.249.69.242 - - [02/May/2023:01:42:05 +0200] "GET /files/magancsod_tars_velem_09.03.06.doc HTTP/1.1" 200 652800 "-" "Mozilla/5.0 (Linux; Android 6.0.1; Nexus 5X Build/MMB29P) AppleWebKit/537.36 (KHTML, like Gecko) Chrome/112.0.5615.142 Mobile Safari/537.36 (compatible; Googlebot/2.1; +http://www.google.com/bot.html)"
40.77.167.189 - - [02/May/2023:01:44:53 +0200] "GET / HTTP/1.1" 200 - "-" "Mozilla/5.0 AppleWebKit/537.36 (KHTML, like Gecko; compatible; bingbot/2.0; +http://www.bing.com/bingbot.htm) Chrome/103.0.5060.134 Safari/537.36"
40.77.167.189 - - [02/May/2023:01:45:02 +0200] "GET / HTTP/1.1" 200 - "-" "Mozilla/5.0 AppleWebKit/537.36 (KHTML, like Gecko; compatible; bingbot/2.0; +http://www.bing.com/bingbot.htm) Chrome/103.0.5060.134 Safari/537.36"
207.46.13.217 - - [02/May/2023:01:51:35 +0200] "GET /files/EA_eloterjesztes_Kozig.pdf HTTP/1.1" 200 383288 "-" "Mozilla/5.0 AppleWebKit/537.36 (KHTML, like Gecko; compatible; bingbot/2.0; +http://www.bing.com/bingbot.htm) Chrome/103.0.5060.134 Safari/537.36"
62.210.215.100 - - [02/May/2023:01:54:01 +0200] "GET /taxonomy/term/101/0/feed HTTP/1.1" 200 - "-" "Mozilla/5.0 (X11; Linux i686) AppleWebKit/537.36 (KHTML, like Gecko) Chrome/30.0.1599.66 Safari/537.36"
157.55.39.211 - - [02/May/2023:01:56:40 +0200] "GET /node/2516 HTTP/1.1" 200 - "-" "Mozilla/5.0 AppleWebKit/537.36 (KHTML, like Gecko; compatible; bingbot/2.0; +http://www.bing.com/bingbot.htm) Chrome/103.0.5060.134 Safari/537.36"
114.119.146.94 - - [02/May/2023:02:00:27 +0200] "GET /files/ESR_korm_eloterjesztes.pdf HTTP/1.1" 200 1021178 "-" "Mozilla/5.0 (Linux; Android 7.0;) AppleWebKit/537.36 (KHTML, like Gecko) Mobile Safari/537.36 (compatible; PetalBot;+https://webmaster.petalsearch.com/site/petalbot)"
114.119.155.83 - - [02/May/2023:02:01:58 +0200] "GET /files/9369_8.pdf HTTP/1.1" 200 328584 "-" "Mozilla/5.0 (Linux; Android 7.0;) AppleWebKit/537.36 (KHTML, like Gecko) Mobile Safari/537.36 (compatible; PetalBot;+https://webmaster.petalsearch.com/site/petalbot)"
66.249.69.238 - - [02/May/2023:02:12:04 +0200] "GET /files/KHEM_7556_8norma.doc HTTP/1.1" 304 - "-" "Mozilla/5.0 (Linux; Android 6.0.1; Nexus 5X Build/MMB29P) AppleWebKit/537.36 (KHTML, like Gecko) Chrome/112.0.5615.142 Mobile Safari/537.36 (compatible; Googlebot/2.1; +http://www.google.com/bot.html)"
40.77.167.189 - - [02/May/2023:02:29:16 +0200] "GET / HTTP/1.1" 200 - "-" "Mozilla/5.0 AppleWebKit/537.36 (KHTML, like Gecko; compatible; bingbot/2.0; +http://www.bing.com/bingbot.htm) Chrome/103.0.5060.134 Safari/537.36"
216.244.66.200 - - [02/May/2023:02:31:06 +0200] "GET /robots.txt HTTP/1.1" 200 1590 "-" "Mozilla/5.0 (compatible; DotBot/1.2; +https://opensiteexplorer.org/dotbot; help@moz.com)"
216.244.66.200 - - [02/May/2023:02:55:36 +0200] "GET /taxonomy/term/83/0/feed HTTP/1.1" 200 - "-" "Mozilla/5.0 (compatible; DotBot/1.2; +https://opensiteexplorer.org/dotbot; help@moz.com)"
66.249.69.242 - - [02/May/2023:03:14:12 +0200] "GET /files/kozraktar.pdf HTTP/1.1" 200 277489 "-" "Mozilla/5.0 (Linux; Android 6.0.1; Nexus 5X Build/MMB29P) AppleWebKit/537.36 (KHTML, like Gecko) Chrome/112.0.5615.142 Mobile Safari/537.36 (compatible; Googlebot/2.1; +http://www.google.com/bot.html)"
216.244.66.200 - - [02/May/2023:03:20:48 +0200] "GET /robots.txt HTTP/1.1" 200 1590 "-" "Mozilla/5.0 (compatible; DotBot/1.2; +https://opensiteexplorer.org/dotbot; help@moz.com)"
66.249.69.240 - - [02/May/2023:03:34:30 +0200] "GET /files/szoc_raszorultsag_terv_061211.pdf HTTP/1.1" 200 163844 "-" "Googlebot/2.1 (+http://www.google.com/bot.html)"
66.249.69.240 - - [02/May/2023:03:34:36 +0200] "GET /files/150_mod_070817.pdf HTTP/1.1" 200 201326 "-" "Googlebot/2.1 (+http://www.google.com/bot.html)"
207.46.13.217 - - [02/May/2023:03:35:18 +0200] "GET /files/szjt_szakmai_egyeztetes_20080404.doc HTTP/1.1" 304 - "-" "Mozilla/5.0 AppleWebKit/537.36 (KHTML, like Gecko; compatible; bingbot/2.0; +http://www.bing.com/bingbot.htm) Chrome/103.0.5060.134 Safari/537.36"
66.249.69.238 - - [02/May/2023:03:35:31 +0200] "GET /files/9_1999_min_rend_terv_061211.pdf HTTP/1.1" 200 394839 "-" "Googlebot/2.1 (+http://www.google.com/bot.html)"
66.249.69.240 - - [02/May/2023:03:36:13 +0200] "GET /files/onyf_eloterj_061204.pdf HTTP/1.1" 200 218058 "-" "Googlebot/2.1 (+http://www.google.com/bot.html)"
207.46.13.217 - - [02/May/2023:03:39:46 +0200] "GET /files/mtbgtvmod_eloterj_070126.pdf HTTP/1.1" 304 - "-" "Mozilla/5.0 AppleWebKit/537.36 (KHTML, like Gecko; compatible; bingbot/2.0; +http://www.bing.com/bingbot.htm) Chrome/103.0.5060.134 Safari/537.36"
216.244.66.200 - - [02/May/2023:03:44:45 +0200] "GET /files/1027_rendelettervezet_Bels_b_r_ndi_t_torj_nos.doc HTTP/1.1" 200 46592 "-" "Mozilla/5.0 (compatible; DotBot/1.2; +https://opensiteexplorer.org/dotbot; help@moz.com)"
66.249.75.115 - - [02/May/2023:03:44:53 +0200] "GET /files/alap_mester_terv_080415.pdf HTTP/1.1" 304 - "-" "Mozilla/5.0 (Linux; Android 6.0.1; Nexus 5X Build/MMB29P) AppleWebKit/537.36 (KHTML, like Gecko) Chrome/112.0.5615.142 Mobile Safari/537.36 (compatible; Googlebot/2.1; +http://www.google.com/bot.html)"
66.249.69.242 - - [02/May/2023:03:44:55 +0200] "GET /files/ljagy_terv_090831.pdf HTTP/1.1" 200 498045 "-" "Googlebot/2.1 (+http://www.google.com/bot.html)"
216.244.66.200 - - [02/May/2023:03:44:58 +0200] "GET /files/164_2002_korm._rendelet_modositasa_1121.pdf HTTP/1.1" 200 175417 "-" "Mozilla/5.0 (compatible; DotBot/1.2; +https://opensiteexplorer.org/dotbot; help@moz.com)"
216.244.66.200 - - [02/May/2023:03:45:09 +0200] "GET /files/38per2003_ESZCSM_FVM_KVVM_rend_mod.doc HTTP/1.1" 200 42496 "-" "Mozilla/5.0 (compatible; DotBot/1.2; +https://opensiteexplorer.org/dotbot; help@moz.com)"
216.244.66.200 - - [02/May/2023:03:45:21 +0200] "GET /files/80_2004_rendmod_vez_osszefogl_070803.pdf HTTP/1.1" 200 94585 "-" "Mozilla/5.0 (compatible; DotBot/1.2; +https://opensiteexplorer.org/dotbot; help@moz.com)"
216.244.66.200 - - [02/May/2023:03:45:33 +0200] "GET /files/_5d5jm2ujjk1jo2prpd4g76uj1de174t06hc_.pdf HTTP/1.1" 200 147202 "-" "Mozilla/5.0 (compatible; DotBot/1.2; +https://opensiteexplorer.org/dotbot; help@moz.com)"
216.244.66.200 - - [02/May/2023:03:46:15 +0200] "GET /taxonomy/term/21?page=167 HTTP/1.1" 200 - "-" "Mozilla/5.0 (compatible; DotBot/1.2; +https://opensiteexplorer.org/dotbot; help@moz.com)"
207.46.13.217 - - [02/May/2023:03:48:58 +0200] "GET /node/2540 HTTP/1.1" 200 - "-" "Mozilla/5.0 AppleWebKit/537.36 (KHTML, like Gecko; compatible; bingbot/2.0; +http://www.bing.com/bingbot.htm) Chrome/103.0.5060.134 Safari/537.36"
66.249.69.242 - - [02/May/2023:03:54:39 +0200] "GET /files/nyari_gyermetk_terv_090323-1.pdf HTTP/1.1" 200 771694 "-" "Googlebot/2.1 (+http://www.google.com/bot.html)"
207.46.13.217 - - [02/May/2023:04:01:10 +0200] "GET /node/2607 HTTP/1.1" 200 - "-" "Mozilla/5.0 AppleWebKit/537.36 (KHTML, like Gecko; compatible; bingbot/2.0; +http://www.bing.com/bingbot.htm) Chrome/103.0.5060.134 Safari/537.36"
54.36.148.129 - - [02/May/2023:04:10:43 +0200] "GET /robots.txt HTTP/1.1" 200 1590 "-" "Mozilla/5.0 (compatible; AhrefsBot/7.0; +http://ahrefs.com/robot/)"
66.249.69.240 - - [02/May/2023:04:12:04 +0200] "GET /files/lakrendmod_javaslat_indokolas_200709251.pdf HTTP/1.1" 304 - "-" "Mozilla/5.0 (Linux; Android 6.0.1; Nexus 5X Build/MMB29P) AppleWebKit/537.36 (KHTML, like Gecko) Chrome/112.0.5615.142 Mobile Safari/537.36 (compatible; Googlebot/2.1; +http://www.google.com/bot.html)"
216.244.66.200 - - [02/May/2023:04:12:44 +0200] "GET /robots.txt HTTP/1.1" 200 1590 "-" "Mozilla/5.0 (compatible; DotBot/1.2; +https://opensiteexplorer.org/dotbot; help@moz.com)"
66.249.69.240 - - [02/May/2023:04:21:06 +0200] "GET /files/korkedv_minrend_terv_070626.pdf HTTP/1.1" 200 264293 "-" "Googlebot/2.1 (+http://www.google.com/bot.html)"
40.77.167.189 - - [02/May/2023:04:23:47 +0200] "GET /node/1736 HTTP/1.1" 200 - "-" "Mozilla/5.0 AppleWebKit/537.36 (KHTML, like Gecko; compatible; bingbot/2.0; +http://www.bing.com/bingbot.htm) Chrome/103.0.5060.134 Safari/537.36"
62.210.215.100 - - [02/May/2023:04:39:33 +0200] "GET /taxonomy/term/20/0/feed HTTP/1.1" 200 - "-" "Mozilla/5.0 (X11; Linux i686) AppleWebKit/537.36 (KHTML, like Gecko) Chrome/30.0.1599.66 Safari/537.36"
216.244.66.200 - - [02/May/2023:04:42:12 +0200] "GET /files/220_2004_Korm_rend_mod_vizszennyezettsegi_hataertek_KvVM_rend_2010_04_13_KOZIG.pdf HTTP/1.1" 200 315484 "-" "Mozilla/5.0 (compatible; DotBot/1.2; +https://opensiteexplorer.org/dotbot; help@moz.com)"
216.244.66.200 - - [02/May/2023:04:42:54 +0200] "GET /files/76_2004___viii__19___eszcsm_rendelet_m%C3%83%C2%B3dos%C3%83%C2%ADt%C3%83%C2%A1sa_10.doc HTTP/1.1" 200 - "-" "Mozilla/5.0 (compatible; DotBot/1.2; +https://opensiteexplorer.org/dotbot; help@moz.com)"
66.249.69.242 - - [02/May/2023:04:59:57 +0200] "GET /files/1_sz_melleklet_061031.pdf HTTP/1.1" 200 58244 "-" "Googlebot/2.1 (+http://www.google.com/bot.html)"
66.249.69.242 - - [02/May/2023:05:00:36 +0200] "GET /files/illetmeny_juttasok.pdf HTTP/1.1" 200 136464 "-" "Googlebot/2.1 (+http://www.google.com/bot.html)"
35.206.165.90 - - [02/May/2023:05:00:47 +0200] "GET /robots.txt HTTP/1.1" 200 1590 "-" "Go-http-client/1.1"
66.249.75.119 - - [02/May/2023:05:01:08 +0200] "GET /files/jog2008tav2.pdf HTTP/1.1" 200 267376 "-" "Googlebot/2.1 (+http://www.google.com/bot.html)"
35.206.165.90 - - [02/May/2023:05:01:18 +0200] "GET /node/1599 HTTP/1.1" 200 - "-" "Mozilla/5.0 (compatible; VelenPublicWebCrawler/1.0; +https://velen.io)"
35.206.165.90 - - [02/May/2023:05:01:49 +0200] "GET /node/1599 HTTP/1.1" 200 - "-" "Mozilla/5.0 (compatible; VelenPublicWebCrawler/1.0; +https://velen.io)"
35.206.165.90 - - [02/May/2023:05:02:20 +0200] "GET /node/1599 HTTP/1.1" 200 - "-" "Mozilla/5.0 (compatible; VelenPublicWebCrawler/1.0; +https://velen.io)"
103.131.71.62 - - [02/May/2023:05:02:50 +0200] "GET /robots.txt HTTP/1.1" 200 1590 "-" "Mozilla/5.0 (compatible; coccocbot-web/1.0; +http://help.coccoc.com/searchengine)"
35.206.165.90 - - [02/May/2023:05:02:53 +0200] "GET /node/1599 HTTP/1.1" 200 - "-" "Mozilla/5.0 (compatible; VelenPublicWebCrawler/1.0; +https://velen.io)"
103.131.71.192 - - [02/May/2023:05:03:02 +0200] "GET /files/47343.pdf HTTP/1.1" 304 - "-" "Mozilla/5.0 (compatible; coccocbot-web/1.0; +http://help.coccoc.com/searchengine)"
35.206.165.90 - - [02/May/2023:05:03:26 +0200] "GET /node/1599 HTTP/1.1" 200 - "-" "Mozilla/5.0 (compatible; VelenPublicWebCrawler/1.0; +https://velen.io)"
66.249.69.242 - - [02/May/2023:05:03:45 +0200] "GET /files/11_1994_terv_090310.pdf HTTP/1.1" 200 227207 "-" "Googlebot/2.1 (+http://www.google.com/bot.html)"
66.249.69.238 - - [02/May/2023:05:05:54 +0200] "GET /files/gyermekek_helyzete_2005_terv_061211.pdf HTTP/1.1" 200 1027608 "-" "Googlebot/2.1 (+http://www.google.com/bot.html)"
66.249.69.240 - - [02/May/2023:05:06:00 +0200] "GET /files/mtbgtvmod_eloterj_070126.pdf HTTP/1.1" 200 201907 "-" "Googlebot/2.1 (+http://www.google.com/bot.html)"
66.249.69.242 - - [02/May/2023:05:08:27 +0200] "GET /files/drogback_eloterj_2_vezetoi_061129.pdf HTTP/1.1" 200 155455 "-" "Googlebot/2.1 (+http://www.google.com/bot.html)"
66.249.69.242 - - [02/May/2023:05:12:59 +0200] "GET /files/roma_tervezet_070124.pdf HTTP/1.1" 200 780549 "-" "Googlebot/2.1 (+http://www.google.com/bot.html)"
66.249.69.242 - - [02/May/2023:05:16:03 +0200] "GET /files/modszertan_080325.pdf HTTP/1.1" 200 231304 "-" "Googlebot/2.1 (+http://www.google.com/bot.html)"
66.249.69.240 - - [02/May/2023:05:16:05 +0200] "GET /files/gyermekszegenyseg_tervezet_2_vezossz_070125.pdf HTTP/1.1" 200 194621 "-" "Googlebot/2.1 (+http://www.google.com/bot.html)"
66.249.69.242 - - [02/May/2023:05:17:05 +0200] "GET /files/kozalk_terv_070806-1.pdf HTTP/1.1" 200 313855 "-" "Googlebot/2.1 (+http://www.google.com/bot.html)"
66.249.69.240 - - [02/May/2023:05:17:34 +0200] "GET /files/kollszerz_terv_20071129.pdf HTTP/1.1" 200 159755 "-" "Googlebot/2.1 (+http://www.google.com/bot.html)"
66.249.69.238 - - [02/May/2023:05:18:38 +0200] "GET /files/egyes_szocrend_071203.pdf HTTP/1.1" 200 394589 "-" "Googlebot/2.1 (+http://www.google.com/bot.html)"
66.249.69.242 - - [02/May/2023:05:19:42 +0200] "GET /files/drogback_eloterj_3_hatarozati_javaslat_061129.pdf HTTP/1.1" 200 58445 "-" "Googlebot/2.1 (+http://www.google.com/bot.html)"
66.249.69.238 - - [02/May/2023:05:21:38 +0200] "GET /files/ensz_eloterj_070227.pdf HTTP/1.1" 200 730264 "-" "Googlebot/2.1 (+http://www.google.com/bot.html)"
66.249.69.240 - - [02/May/2023:05:21:53 +0200] "GET /files/ilo_c3_c18_c21_terv_090323.pdf HTTP/1.1" 200 106164 "-" "Googlebot/2.1 (+http://www.google.com/bot.html)"
66.249.69.238 - - [02/May/2023:05:24:35 +0200] "GET /files/nem_uzleti_eloterj_7_3_szamu_melleklet_061129.pdf HTTP/1.1" 200 69504 "-" "Googlebot/2.1 (+http://www.google.com/bot.html)"
66.249.69.242 - - [02/May/2023:05:25:50 +0200] "GET /files/felnottkepzesi_akkreditacio_terv_090804.pdf HTTP/1.1" 200 208953 "-" "Googlebot/2.1 (+http://www.google.com/bot.html)"
207.46.13.217 - - [02/May/2023:05:43:19 +0200] "GET /files/0306_T_rc_ra__ti_csiga.doc HTTP/1.1" 200 150016 "-" "Mozilla/5.0 AppleWebKit/537.36 (KHTML, like Gecko; compatible; bingbot/2.0; +http://www.bing.com/bingbot.htm) Chrome/103.0.5060.134 Safari/537.36"
40.77.167.189 - - [02/May/2023:06:12:49 +0200] "GET /drupal/files/33_1998_mod_terv_080708.pdf HTTP/1.1" 200 - "-" "Mozilla/5.0 AppleWebKit/537.36 (KHTML, like Gecko; compatible; bingbot/2.0; +http://www.bing.com/bingbot.htm) Chrome/103.0.5060.134 Safari/537.36"
20.15.133.172 - - [02/May/2023:06:26:03 +0200] "GET /robots.txt HTTP/1.1" 200 1590 "-" "Mozilla/5.0 AppleWebKit/537.36 (KHTML, like Gecko; compatible; bingbot/2.0; +http://www.bing.com/bingbot.htm) Chrome/103.0.5060.134 Safari/537.36"
20.15.133.168 - - [02/May/2023:06:26:09 +0200] "GET /files/3782007szakertoi_kozigegyeztetesre1124.pdf HTTP/1.1" 200 191162 "-" "Mozilla/5.0 AppleWebKit/537.36 (KHTML, like Gecko; compatible; bingbot/2.0; +http://www.bing.com/bingbot.htm) Chrome/103.0.5060.134 Safari/537.36"
66.249.75.119 - - [02/May/2023:06:44:53 +0200] "GET /files/muemlek_terv_081124.pdf HTTP/1.1" 304 - "-" "Mozilla/5.0 (Linux; Android 6.0.1; Nexus 5X Build/MMB29P) AppleWebKit/537.36 (KHTML, like Gecko) Chrome/112.0.5615.142 Mobile Safari/537.36 (compatible; Googlebot/2.1; +http://www.google.com/bot.html)"
207.46.13.217 - - [02/May/2023:06:50:35 +0200] "GET /files/hallepcso_kozigre.pdf HTTP/1.1" 200 221476 "-" "Mozilla/5.0 AppleWebKit/537.36 (KHTML, like Gecko; compatible; bingbot/2.0; +http://www.bing.com/bingbot.htm) Chrome/103.0.5060.134 Safari/537.36"
216.244.66.200 - - [02/May/2023:07:00:29 +0200] "GET /robots.txt HTTP/1.1" 200 1590 "-" "Mozilla/5.0 (compatible; DotBot/1.2; +https://opensiteexplorer.org/dotbot; help@moz.com)"
216.244.66.200 - - [02/May/2023:07:00:29 +0200] "GET /robots.txt HTTP/1.1" 200 1590 "-" "Mozilla/5.0 (compatible; DotBot/1.2; +https://opensiteexplorer.org/dotbot; help@moz.com)"
157.55.39.211 - - [02/May/2023:07:07:42 +0200] "GET /files/mod_eszk_terv_080421.pdf HTTP/1.1" 200 965773 "-" "Mozilla/5.0 AppleWebKit/537.36 (KHTML, like Gecko; compatible; bingbot/2.0; +http://www.bing.com/bingbot.htm) Chrome/103.0.5060.134 Safari/537.36"
40.77.167.189 - - [02/May/2023:07:20:34 +0200] "GET / HTTP/1.1" 200 - "-" "Mozilla/5.0 AppleWebKit/537.36 (KHTML, like Gecko; compatible; bingbot/2.0; +http://www.bing.com/bingbot.htm) Chrome/103.0.5060.134 Safari/537.36"
216.244.66.200 - - [02/May/2023:07:26:18 +0200] "GET /taxonomy/term/100/0/feed HTTP/1.1" 200 - "-" "Mozilla/5.0 (compatible; DotBot/1.2; +https://opensiteexplorer.org/dotbot; help@moz.com)"
216.244.66.200 - - [02/May/2023:07:26:48 +0200] "GET /taxonomy/term/103/0/feed HTTP/1.1" 200 - "-" "Mozilla/5.0 (compatible; DotBot/1.2; +https://opensiteexplorer.org/dotbot; help@moz.com)"
40.77.167.189 - - [02/May/2023:07:28:46 +0200] "GET /taxonomy/term/70 HTTP/1.1" 200 - "-" "Mozilla/5.0 AppleWebKit/537.36 (KHTML, like Gecko; compatible; bingbot/2.0; +http://www.bing.com/bingbot.htm) Chrome/103.0.5060.134 Safari/537.36"
216.244.66.200 - - [02/May/2023:07:29:27 +0200] "GET /files/t%C3%83%C2%A1j%C3%83%C2%A9koztat%C3%83%C2%B3_a_2005__%C3%83%C2%A9vre_sz%C3%83%C2%B3l%C3%83%C2%B3_k%C3%83%C2%B6telez%C3%85%E2%80%98_adatgy%C3%85%C2%B1jt%C3%83%C2%A9sr%C3%85%E2%80%98l_8-1.doc HTTP/1.1" 200 - "-" "Mozilla/5.0 (compatible; DotBot/1.2; +https://opensiteexplorer.org/dotbot; help@moz.com)"
157.55.39.211 - - [02/May/2023:07:29:43 +0200] "GET /node/2039 HTTP/1.1" 200 - "-" "Mozilla/5.0 AppleWebKit/537.36 (KHTML, like Gecko; compatible; bingbot/2.0; +http://www.bing.com/bingbot.htm) Chrome/103.0.5060.134 Safari/537.36"
51.222.240.217 - - [02/May/2023:07:29:50 +0200] "GET /wp-login.php HTTP/1.1" 200 - "-" "Mozilla/5.0 (Windows NT 10.0; Win64; x64; rv:96.0) Gecko/20100101 Firefox/96"
89.135.3.198 - - [02/May/2023:07:32:25 +0200] "GET /files/6125_2_.pdf HTTP/1.1" 200 225114 "https://www.google.hu/" "Mozilla/5.0 (Windows NT 10.0; Win64; x64) AppleWebKit/537.36 (KHTML, like Gecko) Chrome/112.0.0.0 Safari/537.36 Edg/112.0.1722.68"
89.135.3.198 - - [02/May/2023:07:32:26 +0200] "GET /favicon.ico HTTP/1.1" 404 57 "http://jogalkotas.hu/files/6125_2_.pdf" "Mozilla/5.0 (Windows NT 10.0; Win64; x64) AppleWebKit/537.36 (KHTML, like Gecko) Chrome/112.0.0.0 Safari/537.36 Edg/112.0.1722.68"
66.249.75.115 - - [02/May/2023:07:42:04 +0200] "GET /files/kozalk_terv_070806-1.pdf HTTP/1.1" 304 - "-" "Mozilla/5.0 (Linux; Android 6.0.1; Nexus 5X Build/MMB29P) AppleWebKit/537.36 (KHTML, like Gecko) Chrome/112.0.5615.142 Mobile Safari/537.36 (compatible; Googlebot/2.1; +http://www.google.com/bot.html)"
66.249.69.242 - - [02/May/2023:08:13:37 +0200] "GET /moodle/calendar/view.php?loan=11 HTTP/1.1" 200 - "-" "Mozilla/5.0 (Linux; Android 6.0.1; Nexus 5X Build/MMB29P) AppleWebKit/537.36 (KHTML, like Gecko) Chrome/112.0.5615.142 Mobile Safari/537.36 (compatible; Googlebot/2.1; +http://www.google.com/bot.html)"
66.249.69.238 - - [02/May/2023:08:14:51 +0200] "GET /files/ekozig2010strategia_0604.pdf HTTP/1.1" 304 - "-" "Mozilla/5.0 (Linux; Android 6.0.1; Nexus 5X Build/MMB29P) AppleWebKit/537.36 (KHTML, like Gecko) Chrome/112.0.5615.142 Mobile Safari/537.36 (compatible; Googlebot/2.1; +http://www.google.com/bot.html)"
66.249.75.115 - - [02/May/2023:08:15:25 +0200] "GET /drupal/files/TK52-3.doc HTTP/1.1" 200 - "-" "Mozilla/5.0 (Linux; Android 6.0.1; Nexus 5X Build/MMB29P) AppleWebKit/537.36 (KHTML, like Gecko) Chrome/112.0.5615.142 Mobile Safari/537.36 (compatible; Googlebot/2.1; +http://www.google.com/bot.html)"
207.46.13.217 - - [02/May/2023:08:23:38 +0200] "GET /node/2493 HTTP/1.1" 200 - "-" "Mozilla/5.0 AppleWebKit/537.36 (KHTML, like Gecko; compatible; bingbot/2.0; +http://www.bing.com/bingbot.htm) Chrome/103.0.5060.134 Safari/537.36"
66.249.69.238 - - [02/May/2023:08:42:04 +0200] "GET /files/TK84.doc HTTP/1.1" 200 81920 "-" "Mozilla/5.0 (compatible; Googlebot/2.1; +http://www.google.com/bot.html)"
207.46.13.217 - - [02/May/2023:08:44:06 +0200] "GET /node/702 HTTP/1.1" 200 - "-" "Mozilla/5.0 AppleWebKit/537.36 (KHTML, like Gecko; compatible; bingbot/2.0; +http://www.bing.com/bingbot.htm) Chrome/103.0.5060.134 Safari/537.36"
86.59.196.254 - - [02/May/2023:09:12:03 +0200] "GET / HTTP/1.1" 200 - "-" "Mozilla/5.0 (Macintosh; Intel Mac OS X 10_15_7) AppleWebKit/605.1.15 (KHTML, like Gecko) Version/16.4 Safari/605.1.15"
86.59.196.254 - - [02/May/2023:09:12:04 +0200] "GET / HTTP/1.1" 200 - "-" "Mozilla/5.0 (Macintosh; Intel Mac OS X 10_15_7) AppleWebKit/605.1.15 (KHTML, like Gecko) Version/16.4 Safari/605.1.15"
66.249.69.240 - - [02/May/2023:09:12:04 +0200] "GET /files/KHEM1889.doc HTTP/1.1" 200 165888 "-" "Mozilla/5.0 (Linux; Android 6.0.1; Nexus 5X Build/MMB29P) AppleWebKit/537.36 (KHTML, like Gecko) Chrome/112.0.5615.142 Mobile Safari/537.36 (compatible; Googlebot/2.1; +http://www.google.com/bot.html)"
207.46.13.217 - - [02/May/2023:09:19:55 +0200] "GET /files/kozbesz.doc HTTP/1.1" 200 184320 "-" "Mozilla/5.0 AppleWebKit/537.36 (KHTML, like Gecko; compatible; bingbot/2.0; +http://www.bing.com/bingbot.htm) Chrome/103.0.5060.134 Safari/537.36"
66.249.69.240 - - [02/May/2023:09:27:12 +0200] "GET /files/az_uj_ptk_koncepcioja.pdf HTTP/1.1" 304 - "-" "Mozilla/5.0 (Linux; Android 6.0.1; Nexus 5X Build/MMB29P) AppleWebKit/537.36 (KHTML, like Gecko) Chrome/112.0.5615.142 Mobile Safari/537.36 (compatible; Googlebot/2.1; +http://www.google.com/bot.html)"
84.206.41.23 - - [02/May/2023:09:36:47 +0200] "GET /files/vizbazis0806_kozigre.pdf HTTP/1.1" 200 552509 "https://www.google.com/" "Mozilla/5.0 (Windows NT 10.0; Win64; x64; rv:109.0) Gecko/20100101 Firefox/112.0"
84.206.41.23 - - [02/May/2023:09:36:48 +0200] "GET /favicon.ico HTTP/1.1" 404 57 "http://www.jogalkotas.hu/" "Mozilla/5.0 (Windows NT 10.0; Win64; x64; rv:109.0) Gecko/20100101 Firefox/112.0"
40.77.167.189 - - [02/May/2023:09:37:37 +0200] "GET / HTTP/1.1" 200 - "-" "Mozilla/5.0 AppleWebKit/537.36 (KHTML, like Gecko; compatible; bingbot/2.0; +http://www.bing.com/bingbot.htm) Chrome/103.0.5060.134 Safari/537.36"
66.249.75.117 - - [02/May/2023:09:41:20 +0200] "GET /files/szakmagyakorlas.pdf HTTP/1.1" 200 172957 "-" "Mozilla/5.0 (Linux; Android 6.0.1; Nexus 5X Build/MMB29P) AppleWebKit/537.36 (KHTML, like Gecko) Chrome/112.0.5615.142 Mobile Safari/537.36 (compatible; Googlebot/2.1; +http://www.google.com/bot.html)"
66.249.69.242 - - [02/May/2023:09:42:04 +0200] "GET /files/KHEM1889.doc HTTP/1.1" 200 165888 "-" "Mozilla/5.0 (compatible; Googlebot/2.1; +http://www.google.com/bot.html)"
40.77.167.189 - - [02/May/2023:09:52:57 +0200] "GET /node/623 HTTP/1.1" 200 - "-" "Mozilla/5.0 AppleWebKit/537.36 (KHTML, like Gecko; compatible; bingbot/2.0; +http://www.bing.com/bingbot.htm) Chrome/103.0.5060.134 Safari/537.36"
216.244.66.200 - - [02/May/2023:09:55:59 +0200] "GET /robots.txt HTTP/1.1" 200 1590 "-" "Mozilla/5.0 (compatible; DotBot/1.2; +https://opensiteexplorer.org/dotbot; help@moz.com)"
66.249.69.240 - - [02/May/2023:10:11:20 +0200] "GET /files/takarmanykodex_modositas.pdf HTTP/1.1" 200 223378 "-" "Mozilla/5.0 (Linux; Android 6.0.1; Nexus 5X Build/MMB29P) AppleWebKit/537.36 (KHTML, like Gecko) Chrome/112.0.5615.142 Mobile Safari/537.36 (compatible; Googlebot/2.1; +http://www.google.com/bot.html)"
216.244.66.200 - - [02/May/2023:10:18:15 +0200] "GET /files/Egyes%20rend%C3%83%C2%A9szeti%20%C3%83%C2%A9s%20migr%C3%83%C2%A1ci%C3%83%C2%B3s%20t%C3%83%C2%A1rgy%C3%83%C2%BA%20t%C3%83%C2%B6rv%C3%83%C2%A9nyek%20m%C3%83%C2%B3dos%C3%83%C2%ADt%C3%83%C2%A1s%C3%83%C2%A1r%C3%83%C2%B3l.doc HTTP/1.1" 200 - "-" "Mozilla/5.0 (compatible; DotBot/1.2; +https://opensiteexplorer.org/dotbot; help@moz.com)"
207.46.13.217 - - [02/May/2023:10:22:57 +0200] "GET /node/357 HTTP/1.1" 200 - "-" "Mozilla/5.0 AppleWebKit/537.36 (KHTML, like Gecko; compatible; bingbot/2.0; +http://www.bing.com/bingbot.htm) Chrome/103.0.5060.134 Safari/537.36"
193.224.49.25 - - [02/May/2023:10:27:49 +0200] "GET /files/2_sz_melleklet_061031.pdf HTTP/1.1" 200 56446 "https://www.google.com/" "Mozilla/5.0 (Windows NT 10.0; Win64; x64) AppleWebKit/537.36 (KHTML, like Gecko) Chrome/112.0.0.0 Safari/537.36"
193.224.49.25 - - [02/May/2023:10:27:49 +0200] "GET /favicon.ico HTTP/1.1" 404 57 "http://www.jogalkotas.hu/files/2_sz_melleklet_061031.pdf" "Mozilla/5.0 (Windows NT 10.0; Win64; x64) AppleWebKit/537.36 (KHTML, like Gecko) Chrome/112.0.0.0 Safari/537.36"
40.77.167.189 - - [02/May/2023:10:30:53 +0200] "GET /node/984 HTTP/1.1" 200 - "-" "Mozilla/5.0 AppleWebKit/537.36 (KHTML, like Gecko; compatible; bingbot/2.0; +http://www.bing.com/bingbot.htm) Chrome/103.0.5060.134 Safari/537.36"
114.119.145.239 - - [02/May/2023:10:32:31 +0200] "GET /files/tervezet_Bodrogszeg.pdf HTTP/1.1" 200 187638 "-" "Mozilla/5.0 (Linux; Android 7.0;) AppleWebKit/537.36 (KHTML, like Gecko) Mobile Safari/537.36 (compatible; PetalBot;+https://webmaster.petalsearch.com/site/petalbot)"
207.46.13.217 - - [02/May/2023:10:39:57 +0200] "GET /node/624 HTTP/1.1" 200 - "-" "Mozilla/5.0 AppleWebKit/537.36 (KHTML, like Gecko; compatible; bingbot/2.0; +http://www.bing.com/bingbot.htm) Chrome/103.0.5060.134 Safari/537.36"
66.249.69.240 - - [02/May/2023:10:42:52 +0200] "GET /files/szszital_foldrajzi_arujelzo_korm_tervezet.pdf HTTP/1.1" 200 74219 "-" "Googlebot/2.1 (+http://www.google.com/bot.html)"
66.249.75.119 - - [02/May/2023:10:46:57 +0200] "GET /files/szvk_mell_terv_090804.pdf HTTP/1.1" 200 3057361 "-" "Mozilla/5.0 (compatible; Googlebot/2.1; +http://www.google.com/bot.html)"
66.249.69.240 - - [02/May/2023:10:48:55 +0200] "GET /files/tervezet_4_2008_mod.pdf HTTP/1.1" 200 118701 "-" "Mozilla/5.0 (Windows NT 10.0; Win64; x64)AppleWebKit/537.36 (KHTML, like Gecko) Chrome/91.0.4472.101 Safari/537.36 (compatible; GoogleOther)"
84.206.11.16 - - [02/May/2023:10:58:54 +0200] "GET /files/meghagyas_kormrend_tervezet.doc HTTP/1.1" 200 71039 "https://www.google.com/" "Mozilla/5.0 (Windows NT 10.0; Win64; x64) AppleWebKit/537.36 (KHTML, like Gecko) Chrome/112.0.0.0 Safari/537.36"
84.206.11.16 - - [02/May/2023:10:59:01 +0200] "GET /files/meghagyas_kormrend_tervezet.doc HTTP/1.1" 206 1 "https://www.google.com/" "Mozilla/5.0 (Windows NT 10.0; Win64; x64) AppleWebKit/537.36 (KHTML, like Gecko) Chrome/112.0.0.0 Safari/537.36"
84.206.11.16 - - [02/May/2023:10:59:01 +0200] "GET /files/meghagyas_kormrend_tervezet.doc HTTP/1.1" 206 67085 "https://www.google.com/" "Mozilla/5.0 (Windows NT 10.0; Win64; x64) AppleWebKit/537.36 (KHTML, like Gecko) Chrome/112.0.0.0 Safari/537.36"
84.206.11.16 - - [02/May/2023:10:59:03 +0200] "GET /files/meghagyas_kormrend_tervezet.doc HTTP/1.1" 206 1 "https://www.google.com/" "Mozilla/5.0 (Windows NT 10.0; Win64; x64) AppleWebKit/537.36 (KHTML, like Gecko) Chrome/112.0.0.0 Safari/537.36"
84.206.11.16 - - [02/May/2023:10:59:03 +0200] "GET /files/meghagyas_kormrend_tervezet.doc HTTP/1.1" 206 67085 "https://www.google.com/" "Mozilla/5.0 (Windows NT 10.0; Win64; x64) AppleWebKit/537.36 (KHTML, like Gecko) Chrome/112.0.0.0 Safari/537.36"
84.206.11.16 - - [02/May/2023:10:59:03 +0200] "GET /files/meghagyas_kormrend_tervezet.doc HTTP/1.1" 206 1 "https://www.google.com/" "Mozilla/5.0 (Windows NT 10.0; Win64; x64) AppleWebKit/537.36 (KHTML, like Gecko) Chrome/112.0.0.0 Safari/537.36"
84.206.11.16 - - [02/May/2023:10:59:03 +0200] "GET /files/meghagyas_kormrend_tervezet.doc HTTP/1.1" 206 67085 "https://www.google.com/" "Mozilla/5.0 (Windows NT 10.0; Win64; x64) AppleWebKit/537.36 (KHTML, like Gecko) Chrome/112.0.0.0 Safari/537.36"
109.105.19.24 - - [02/May/2023:11:11:55 +0200] "GET /favicon.ico HTTP/1.1" 404 57 "http://www.jogalkotas.hu/files/roma_tervezet_070124.pdf" "Mozilla/5.0 (Windows NT 10.0; Win64; x64) AppleWebKit/537.36 (KHTML, like Gecko) Chrome/112.0.0.0 Safari/537.36"
109.105.19.24 - - [02/May/2023:11:11:58 +0200] "GET /files/roma_tervezet_070124.pdf HTTP/1.1" 200 780549 "https://search.yahoo.com/" "Mozilla/5.0 (Windows NT 10.0; Win64; x64) AppleWebKit/537.36 (KHTML, like Gecko) Chrome/112.0.0.0 Safari/537.36"
66.249.69.240 - - [02/May/2023:11:14:53 +0200] "GET /files/ekozig2010strategia_0604.pdf HTTP/1.1" 200 820659 "-" "Mozilla/5.0 (compatible; Googlebot/2.1; +http://www.google.com/bot.html)"
40.77.167.189 - - [02/May/2023:11:33:16 +0200] "GET /files/2_sz_melleklet_061031.pdf HTTP/1.1" 304 - "-" "Mozilla/5.0 AppleWebKit/537.36 (KHTML, like Gecko; compatible; bingbot/2.0; +http://www.bing.com/bingbot.htm) Chrome/103.0.5060.134 Safari/537.36"
157.55.39.211 - - [02/May/2023:11:42:26 +0200] "GET /node/753 HTTP/1.1" 200 - "-" "Mozilla/5.0 AppleWebKit/537.36 (KHTML, like Gecko; compatible; bingbot/2.0; +http://www.bing.com/bingbot.htm) Chrome/103.0.5060.134 Safari/537.36"
176.77.130.133 - - [02/May/2023:11:57:43 +0200] "GET /files/ptk_oroklesi_jog.pdf HTTP/1.1" 200 260717 "https://www.google.hu/" "Mozilla/5.0 (Macintosh; Intel Mac OS X 10_15_6) AppleWebKit/605.1.15 (KHTML, like Gecko) Version/15.4 Safari/605.1.15"
176.77.130.133 - - [02/May/2023:11:57:43 +0200] "GET /favicon.ico HTTP/1.1" 404 57 "http://www.jogalkotas.hu/files/ptk_oroklesi_jog.pdf" "Mozilla/5.0 (Macintosh; Intel Mac OS X 10_15_6) AppleWebKit/605.1.15 (KHTML, like Gecko) Version/15.4 Safari/605.1.15"
40.77.167.189 - - [02/May/2023:12:18:52 +0200] "GET /node/2194 HTTP/1.1" 200 - "-" "Mozilla/5.0 AppleWebKit/537.36 (KHTML, like Gecko; compatible; bingbot/2.0; +http://www.bing.com/bingbot.htm) Chrome/103.0.5060.134 Safari/537.36"
216.244.66.200 - - [02/May/2023:12:37:02 +0200] "GET /robots.txt HTTP/1.1" 200 1590 "-" "Mozilla/5.0 (compatible; DotBot/1.2; +https://opensiteexplorer.org/dotbot; help@moz.com)"
216.244.66.200 - - [02/May/2023:12:37:02 +0200] "GET /robots.txt HTTP/1.1" 200 1590 "-" "Mozilla/5.0 (compatible; DotBot/1.2; +https://opensiteexplorer.org/dotbot; help@moz.com)"
216.244.66.200 - - [02/May/2023:12:42:28 +0200] "GET /taxonomy/term/37 HTTP/1.1" 200 - "-" "Mozilla/5.0 (compatible; DotBot/1.2; +https://opensiteexplorer.org/dotbot; help@moz.com)"
89.134.142.214 - - [02/May/2023:12:44:49 +0200] "GET /files/birosagiui.doc HTTP/1.1" 200 67699 "https://www.google.com/" "Mozilla/5.0 (Windows NT 10.0; Win64; x64) AppleWebKit/537.36 (KHTML, like Gecko) Chrome/112.0.0.0 Safari/537.36"
89.134.142.214 - - [02/May/2023:12:44:55 +0200] "GET /files/birosagiui.doc HTTP/1.1" 206 1 "https://www.google.com/" "Mozilla/5.0 (Windows NT 10.0; Win64; x64) AppleWebKit/537.36 (KHTML, like Gecko) Chrome/112.0.0.0 Safari/537.36"
89.134.142.214 - - [02/May/2023:12:44:55 +0200] "GET /files/birosagiui.doc HTTP/1.1" 206 67644 "https://www.google.com/" "Mozilla/5.0 (Windows NT 10.0; Win64; x64) AppleWebKit/537.36 (KHTML, like Gecko) Chrome/112.0.0.0 Safari/537.36"
89.134.142.214 - - [02/May/2023:12:44:56 +0200] "GET /files/birosagiui.doc HTTP/1.1" 206 1 "https://www.google.com/" "Mozilla/5.0 (Windows NT 10.0; Win64; x64) AppleWebKit/537.36 (KHTML, like Gecko) Chrome/112.0.0.0 Safari/537.36"
89.134.142.214 - - [02/May/2023:12:44:56 +0200] "GET /files/birosagiui.doc HTTP/1.1" 206 67644 "https://www.google.com/" "Mozilla/5.0 (Windows NT 10.0; Win64; x64) AppleWebKit/537.36 (KHTML, like Gecko) Chrome/112.0.0.0 Safari/537.36"
216.244.66.200 - - [02/May/2023:12:51:34 +0200] "GET /node/24 HTTP/1.1" 200 - "-" "Mozilla/5.0 (compatible; DotBot/1.2; +https://opensiteexplorer.org/dotbot; help@moz.com)"
114.119.145.236 - - [02/May/2023:12:52:42 +0200] "GET /files/alapf_muv_okt_kovet_III_060414.pdf HTTP/1.1" 200 252060 "-" "Mozilla/5.0 (Linux; Android 7.0;) AppleWebKit/537.36 (KHTML, like Gecko) Mobile Safari/537.36 (compatible; PetalBot;+https://webmaster.petalsearch.com/site/petalbot)"
216.244.66.200 - - [02/May/2023:12:53:44 +0200] "GET /node/2536 HTTP/1.1" 200 - "-" "Mozilla/5.0 (compatible; DotBot/1.2; +https://opensiteexplorer.org/dotbot; help@moz.com)"
216.244.66.200 - - [02/May/2023:12:57:35 +0200] "GET /node?page=181 HTTP/1.1" 200 - "-" "Mozilla/5.0 (compatible; DotBot/1.2; +https://opensiteexplorer.org/dotbot; help@moz.com)"
37.76.40.174 - - [02/May/2023:12:58:21 +0200] "GET /files/elelmezesi_rendelet_tervezet.pdf HTTP/1.1" 200 118824 "https://www.google.hu/" "Mozilla/5.0 (iPhone; CPU iPhone OS 16_0_3 like Mac OS X) AppleWebKit/605.1.15 (KHTML, like Gecko) Version/16.0 Mobile/15E148 Safari/604.1"
37.76.40.174 - - [02/May/2023:12:58:22 +0200] "GET /favicon.ico HTTP/1.1" 404 57 "http://www.jogalkotas.hu/files/elelmezesi_rendelet_tervezet.pdf" "Mozilla/5.0 (iPhone; CPU iPhone OS 16_0_3 like Mac OS X) AppleWebKit/605.1.15 (KHTML, like Gecko) Version/16.0 Mobile/15E148 Safari/604.1"
216.244.66.200 - - [02/May/2023:12:58:29 +0200] "GET /node?page=220 HTTP/1.1" 200 - "-" "Mozilla/5.0 (compatible; DotBot/1.2; +https://opensiteexplorer.org/dotbot; help@moz.com)"
216.244.66.200 - - [02/May/2023:12:59:19 +0200] "GET /node?page=227 HTTP/1.1" 200 - "-" "Mozilla/5.0 (compatible; DotBot/1.2; +https://opensiteexplorer.org/dotbot; help@moz.com)"
216.244.66.200 - - [02/May/2023:13:00:10 +0200] "GET /taxonomy/term/39?page=43 HTTP/1.1" 200 - "-" "Mozilla/5.0 (compatible; DotBot/1.2; +https://opensiteexplorer.org/dotbot; help@moz.com)"
216.244.66.200 - - [02/May/2023:13:01:02 +0200] "GET /node?page=102 HTTP/1.1" 200 - "-" "Mozilla/5.0 (compatible; DotBot/1.2; +https://opensiteexplorer.org/dotbot; help@moz.com)"
216.244.66.200 - - [02/May/2023:13:01:53 +0200] "GET /node?page=200 HTTP/1.1" 200 - "-" "Mozilla/5.0 (compatible; DotBot/1.2; +https://opensiteexplorer.org/dotbot; help@moz.com)"
216.244.66.200 - - [02/May/2023:13:02:43 +0200] "GET /node?page=33 HTTP/1.1" 200 - "-" "Mozilla/5.0 (compatible; DotBot/1.2; +https://opensiteexplorer.org/dotbot; help@moz.com)"
216.244.66.200 - - [02/May/2023:13:03:33 +0200] "GET /node?page=92 HTTP/1.1" 200 - "-" "Mozilla/5.0 (compatible; DotBot/1.2; +https://opensiteexplorer.org/dotbot; help@moz.com)"
158.169.40.17 - - [02/May/2023:13:08:03 +0200] "HEAD /files/5820_17.pdf HTTP/1.1" 200 0 "-" "Mozilla/5.0 (X11; Ubuntu; Linux x86_64) AppleWebKit/537.36 (KHTML, like Gecko) Chrome/55.0.2919.83 Safari/537.36"
216.244.66.200 - - [02/May/2023:13:29:00 +0200] "GET /robots.txt HTTP/1.1" 200 1590 "-" "Mozilla/5.0 (compatible; DotBot/1.2; +https://opensiteexplorer.org/dotbot; help@moz.com)"
216.244.66.200 - - [02/May/2023:13:29:00 +0200] "GET /robots.txt HTTP/1.1" 200 1590 "-" "Mozilla/5.0 (compatible; DotBot/1.2; +https://opensiteexplorer.org/dotbot; help@moz.com)"
216.244.66.200 - - [02/May/2023:13:34:02 +0200] "GET /taxonomy/term/49 HTTP/1.1" 200 - "-" "Mozilla/5.0 (compatible; DotBot/1.2; +https://opensiteexplorer.org/dotbot; help@moz.com)"
216.244.66.200 - - [02/May/2023:13:35:42 +0200] "GET /taxonomy/term/33 HTTP/1.1" 200 - "-" "Mozilla/5.0 (compatible; DotBot/1.2; +https://opensiteexplorer.org/dotbot; help@moz.com)"
216.244.66.200 - - [02/May/2023:13:44:40 +0200] "GET /node/2615 HTTP/1.1" 200 - "-" "Mozilla/5.0 (compatible; DotBot/1.2; +https://opensiteexplorer.org/dotbot; help@moz.com)"
216.244.66.200 - - [02/May/2023:13:46:09 +0200] "GET /node/2572 HTTP/1.1" 200 - "-" "Mozilla/5.0 (compatible; DotBot/1.2; +https://opensiteexplorer.org/dotbot; help@moz.com)"
216.244.66.200 - - [02/May/2023:13:51:38 +0200] "GET /node?page=17 HTTP/1.1" 200 - "-" "Mozilla/5.0 (compatible; DotBot/1.2; +https://opensiteexplorer.org/dotbot; help@moz.com)"
216.244.66.200 - - [02/May/2023:13:52:28 +0200] "GET /node?page=231 HTTP/1.1" 200 - "-" "Mozilla/5.0 (compatible; DotBot/1.2; +https://opensiteexplorer.org/dotbot; help@moz.com)"
216.244.66.200 - - [02/May/2023:13:53:18 +0200] "GET /node?page=94 HTTP/1.1" 200 - "-" "Mozilla/5.0 (compatible; DotBot/1.2; +https://opensiteexplorer.org/dotbot; help@moz.com)"
216.244.66.200 - - [02/May/2023:13:54:09 +0200] "GET /taxonomy/term/49?page=22 HTTP/1.1" 200 - "-" "Mozilla/5.0 (compatible; DotBot/1.2; +https://opensiteexplorer.org/dotbot; help@moz.com)"
216.244.66.200 - - [02/May/2023:13:54:59 +0200] "GET /taxonomy/term/50?page=22 HTTP/1.1" 200 - "-" "Mozilla/5.0 (compatible; DotBot/1.2; +https://opensiteexplorer.org/dotbot; help@moz.com)"
216.244.66.200 - - [02/May/2023:13:55:50 +0200] "GET /taxonomy/term/27?page=20 HTTP/1.1" 200 - "-" "Mozilla/5.0 (compatible; DotBot/1.2; +https://opensiteexplorer.org/dotbot; help@moz.com)"
216.244.66.200 - - [02/May/2023:13:56:40 +0200] "GET /node/208 HTTP/1.1" 200 - "-" "Mozilla/5.0 (compatible; DotBot/1.2; +https://opensiteexplorer.org/dotbot; help@moz.com)"
114.119.139.185 - - [02/May/2023:13:59:37 +0200] "GET /files/szakmai_tapasztalat_terv_071014.pdf HTTP/1.1" 200 259581 "-" "Mozilla/5.0 (Linux; Android 7.0;) AppleWebKit/537.36 (KHTML, like Gecko) Mobile Safari/537.36 (compatible; PetalBot;+https://webmaster.petalsearch.com/site/petalbot)"
34.78.171.236 - - [02/May/2023:14:06:31 +0200] "GET / HTTP/1.1" 200 - "-" "Mozilla/5.0 (Windows NT 10.0; Win64; x64) AppleWebKit/537.36 (KHTML, like Gecko) Chrome/84.0.4147.105 Safari/537.36"
212.48.249.177 - - [02/May/2023:14:06:49 +0200] "GET /files/tk19.pdf HTTP/1.1" 200 194017 "https://www.google.com/" "Mozilla/5.0 (Macintosh; Intel Mac OS X 10_15_7) AppleWebKit/605.1.15 (KHTML, like Gecko) Version/16.4 Safari/605.1.15"
212.48.249.177 - - [02/May/2023:14:06:49 +0200] "GET /files/tk19.pdf HTTP/1.1" 206 1023 "https://www.google.com/" "Mozilla/5.0 (Macintosh; Intel Mac OS X 10_15_7) AppleWebKit/605.1.15 (KHTML, like Gecko) Version/16.4 Safari/605.1.15"
212.48.249.177 - - [02/May/2023:14:06:49 +0200] "GET /files/tk19.pdf HTTP/1.1" 416 0 "https://www.google.com/" "Mozilla/5.0 (Macintosh; Intel Mac OS X 10_15_7) AppleWebKit/605.1.15 (KHTML, like Gecko) Version/16.4 Safari/605.1.15"
212.48.249.177 - - [02/May/2023:14:06:49 +0200] "GET /favicon.ico HTTP/1.1" 404 57 "http://www.jogalkotas.hu/files/tk19.pdf" "Mozilla/5.0 (Macintosh; Intel Mac OS X 10_15_7) AppleWebKit/605.1.15 (KHTML, like Gecko) Version/16.4 Safari/605.1.15"
82.145.211.55 - - [02/May/2023:14:08:55 +0200] "GET /files/6125_2_.pdf HTTP/1.1" 200 225114 "https://www.google.com/search?q=Svastics%20andrea&client=ms-opera-mini&channel=new" "Opera/9.80 (MAUI Runtime; Opera Mini/4.4.39016/191.304; U; hu) Presto/2.12.423 Version/12.16"
82.145.211.55 - - [02/May/2023:14:09:16 +0200] "GET /files/6125_2_.pdf HTTP/1.1" 200 225114 "https://www.google.com/search?q=Svastics%20andrea&client=ms-opera-mini&channel=new" "Opera/9.80 (MAUI Runtime; Opera Mini/4.4.39016/191.304; U; hu) Presto/2.12.423 Version/12.16"
212.48.249.177 - - [02/May/2023:14:16:24 +0200] "GET / HTTP/1.1" 200 - "-" "Mozilla/5.0 (Macintosh; Intel Mac OS X 10_15_7) AppleWebKit/605.1.15 (KHTML, like Gecko) Version/16.4 Safari/605.1.15"
66.249.64.71 - - [02/May/2023:14:18:59 +0200] "GET /files/ucp_fgytv_080229.pdf HTTP/1.1" 200 480844 "-" "Mozilla/5.0 (Windows NT 10.0; Win64; x64)AppleWebKit/537.36 (KHTML, like Gecko) Chrome/91.0.4472.101 Safari/537.36 (compatible; GoogleOther)"
82.118.67.5 - - [02/May/2023:14:33:16 +0200] "GET /files/ptk_kotelmi_jog.pdf HTTP/1.1" 200 67423 "https://www.google.com/" "Mozilla/5.0 (Windows NT 10.0; Win64; x64) AppleWebKit/537.36 (KHTML, like Gecko) Chrome/112.0.0.0 Safari/537.36"
147.161.131.81 - - [02/May/2023:14:33:18 +0200] "GET /files/ptk_kotelmi_jog.pdf HTTP/1.1" 200 706298 "https://www.google.com/" "Mozilla/5.0 (Windows NT 10.0; Win64; x64) AppleWebKit/537.36 (KHTML, like Gecko) Chrome/112.0.0.0 Safari/537.36"
147.161.131.81 - - [02/May/2023:14:33:19 +0200] "GET /favicon.ico HTTP/1.1" 404 57 "http://www.jogalkotas.hu/files/ptk_kotelmi_jog.pdf" "Mozilla/5.0 (Windows NT 10.0; Win64; x64) AppleWebKit/537.36 (KHTML, like Gecko) Chrome/112.0.0.0 Safari/537.36"
42.236.10.100 - - [02/May/2023:14:50:24 +0200] "GET / HTTP/1.1" 200 - "http://jogalkotas.hu/" "Mozilla/5.0 (Windows NT 6.1; WOW64) AppleWebKit/537.36 (KHTML, like Gecko) Chrome/50.0.2661.102 Safari/537.36; 360Spider"
89.107.251.226 - - [02/May/2023:14:51:58 +0200] "GET /favicon.ico HTTP/1.1" 404 57 "http://jogalkotas.hu/files/6125_2_.pdf" "Mozilla/5.0 (Windows NT 10.0; Win64; x64) AppleWebKit/537.36 (KHTML, like Gecko) Chrome/112.0.0.0 Safari/537.36"
89.107.251.226 - - [02/May/2023:14:51:58 +0200] "GET /files/6125_2_.pdf HTTP/1.1" 200 225114 "https://www.google.com/" "Mozilla/5.0 (Windows NT 10.0; Win64; x64) AppleWebKit/537.36 (KHTML, like Gecko) Chrome/112.0.0.0 Safari/537.36"
157.55.39.211 - - [02/May/2023:14:52:36 +0200] "GET /files/14409_9.pdf HTTP/1.1" 304 - "-" "Mozilla/5.0 AppleWebKit/537.36 (KHTML, like Gecko; compatible; bingbot/2.0; +http://www.bing.com/bingbot.htm) Chrome/103.0.5060.134 Safari/537.36"
42.236.10.89 - - [02/May/2023:14:53:33 +0200] "GET / HTTP/1.1" 200 - "http://www.jogalkotas.hu/" "Mozilla/5.0 (Windows NT 6.1; WOW64) AppleWebKit/537.36 (KHTML, like Gecko) Chrome/50.0.2661.102 Safari/537.36; 360Spider"
212.48.249.177 - - [02/May/2023:14:56:48 +0200] "GET / HTTP/1.1" 200 - "-" "Mozilla/5.0 (Macintosh; Intel Mac OS X 10_15_7) AppleWebKit/605.1.15 (KHTML, like Gecko) Version/16.4 Safari/605.1.15"
5.45.207.163 - - [02/May/2023:14:57:21 +0200] "GET /robots.txt HTTP/1.1" 200 1590 "-" "Mozilla/5.0 (compatible; YandexBot/3.0; +http://yandex.com/bots)"
213.180.203.40 - - [02/May/2023:14:57:53 +0200] "GET / HTTP/1.1" 200 - "-" "Mozilla/5.0 (compatible; YandexBot/3.0; +http://yandex.com/bots)"
207.46.13.217 - - [02/May/2023:15:00:32 +0200] "GET /taxonomy/term/64 HTTP/1.1" 200 - "-" "Mozilla/5.0 AppleWebKit/537.36 (KHTML, like Gecko; compatible; bingbot/2.0; +http://www.bing.com/bingbot.htm) Chrome/103.0.5060.134 Safari/537.36"
209.126.151.118 - - [02/May/2023:15:02:46 +0200] "GET / HTTP/1.1" 200 - "-" "axios/0.19.2"
157.55.39.211 - - [02/May/2023:15:04:04 +0200] "GET /node/1824 HTTP/1.1" 200 - "-" "Mozilla/5.0 AppleWebKit/537.36 (KHTML, like Gecko; compatible; bingbot/2.0; +http://www.bing.com/bingbot.htm) Chrome/103.0.5060.134 Safari/537.36"
157.55.39.211 - - [02/May/2023:15:07:48 +0200] "GET /taxonomy/term/68 HTTP/1.1" 200 - "-" "Mozilla/5.0 AppleWebKit/537.36 (KHTML, like Gecko; compatible; bingbot/2.0; +http://www.bing.com/bingbot.htm) Chrome/103.0.5060.134 Safari/537.36"
157.55.39.211 - - [02/May/2023:15:10:25 +0200] "GET /files/indokolas.doc HTTP/1.1" 200 47616 "-" "Mozilla/5.0 AppleWebKit/537.36 (KHTML, like Gecko; compatible; bingbot/2.0; +http://www.bing.com/bingbot.htm) Chrome/103.0.5060.134 Safari/537.36"
84.206.11.16 - - [02/May/2023:15:13:59 +0200] "GET /files/6125_2_.pdf HTTP/1.1" 200 225114 "https://www.google.com/" "Mozilla/5.0 (Windows NT 10.0; Win64; x64) AppleWebKit/537.36 (KHTML, like Gecko) Chrome/112.0.0.0 Safari/537.36"
84.206.11.16 - - [02/May/2023:15:13:59 +0200] "GET /favicon.ico HTTP/1.1" 404 57 "http://jogalkotas.hu/files/6125_2_.pdf" "Mozilla/5.0 (Windows NT 10.0; Win64; x64) AppleWebKit/537.36 (KHTML, like Gecko) Chrome/112.0.0.0 Safari/537.36"
66.249.70.112 - - [02/May/2023:15:18:59 +0200] "GET /robots.txt HTTP/1.1" 200 1590 "-" "Mozilla/5.0 (compatible; Googlebot/2.1; +http://www.google.com/bot.html)"
66.249.70.110 - - [02/May/2023:15:19:01 +0200] "GET /files/m60_boly_pecs.pdf HTTP/1.1" 200 461664 "-" "Mozilla/5.0 (Windows NT 10.0; Win64; x64)AppleWebKit/537.36 (KHTML, like Gecko) Chrome/91.0.4472.101 Safari/537.36 (compatible; GoogleOther)"
114.119.150.209 - - [02/May/2023:15:32:11 +0200] "GET /files/szakertoirendelettervezet1.doc HTTP/1.1" 200 313344 "-" "Mozilla/5.0 (Linux; Android 7.0;) AppleWebKit/537.36 (KHTML, like Gecko) Mobile Safari/537.36 (compatible; PetalBot;+https://webmaster.petalsearch.com/site/petalbot)"
66.249.70.114 - - [02/May/2023:15:32:19 +0200] "GET /files/nca_50_terv_080414.pdf HTTP/1.1" 200 306001 "-" "Googlebot/2.1 (+http://www.google.com/bot.html)"
66.249.70.110 - - [02/May/2023:15:36:56 +0200] "GET /files/korkedv_korm_terv_070626.pdf HTTP/1.1" 200 321965 "-" "Googlebot/2.1 (+http://www.google.com/bot.html)"
66.249.70.114 - - [02/May/2023:15:38:08 +0200] "HEAD /files/OHT_II_febr2.pdf HTTP/1.1" 200 0 "-" "Mozilla/5.0 (compatible; Googlebot/2.1; +http://www.google.com/bot.html)"
66.249.70.114 - - [02/May/2023:15:43:42 +0200] "GET /files/nem_uzleti_eloterj_2_vezetoi_osszefoglalo_061129.pdf HTTP/1.1" 200 147163 "-" "Googlebot/2.1 (+http://www.google.com/bot.html)"
66.249.70.112 - - [02/May/2023:15:43:45 +0200] "GET /files/nfh_terv_070730.pdf HTTP/1.1" 200 347830 "-" "Mozilla/5.0 (Linux; Android 6.0.1; Nexus 5X Build/MMB29P) AppleWebKit/537.36 (KHTML, like Gecko) Chrome/112.0.5615.142 Mobile Safari/537.36 (compatible; Googlebot/2.1; +http://www.google.com/bot.html)"
176.63.20.222 - - [02/May/2023:15:47:48 +0200] "GET /favicon.ico HTTP/1.1" 404 57 "http://www.jogalkotas.hu/files/tervezesi_eloirasok_om_r_allig_egy_060310.pdf" "Mozilla/5.0 (Windows NT 10.0; Win64; x64) AppleWebKit/537.36 (KHTML, like Gecko) Chrome/112.0.0.0 Safari/537.36"
176.63.20.222 - - [02/May/2023:15:47:48 +0200] "GET /files/tervezesi_eloirasok_om_r_allig_egy_060310.pdf HTTP/1.1" 200 113494 "https://www.google.com/" "Mozilla/5.0 (Windows NT 10.0; Win64; x64) AppleWebKit/537.36 (KHTML, like Gecko) Chrome/112.0.0.0 Safari/537.36"
66.249.70.112 - - [02/May/2023:15:59:38 +0200] "GET /files/ega_korm_terv_080422.pdf HTTP/1.1" 200 188511 "-" "Googlebot/2.1 (+http://www.google.com/bot.html)"
66.249.70.114 - - [02/May/2023:16:03:21 +0200] "GET /files/japan_onkent_terv_090204.pdf HTTP/1.1" 200 278063 "-" "Googlebot/2.1 (+http://www.google.com/bot.html)"
114.119.149.51 - - [02/May/2023:16:04:43 +0200] "GET /files/_gde16r0jef5pmas3ig9pg_.pdf HTTP/1.1" 200 227880 "-" "Mozilla/5.0 (Linux; Android 7.0;) AppleWebKit/537.36 (KHTML, like Gecko) Mobile Safari/537.36 (compatible; PetalBot;+https://webmaster.petalsearch.com/site/petalbot)"
66.249.70.112 - - [02/May/2023:16:16:13 +0200] "GET /files/nfh_terv_070730.pdf HTTP/1.1" 200 347830 "-" "Googlebot/2.1 (+http://www.google.com/bot.html)"
66.249.70.110 - - [02/May/2023:16:45:33 +0200] "GET /files/mod_eszk_terv_080421.pdf HTTP/1.1" 200 965773 "-" "Googlebot/2.1 (+http://www.google.com/bot.html)"
66.249.70.114 - - [02/May/2023:16:49:11 +0200] "GET /files/vezetoi_osszefoglalo_061031.pdf HTTP/1.1" 200 147148 "-" "Googlebot/2.1 (+http://www.google.com/bot.html)"
66.249.70.114 - - [02/May/2023:16:56:58 +0200] "GET /files/vizsgahely_terv_071001.pdf HTTP/1.1" 200 122898 "-" "Googlebot/2.1 (+http://www.google.com/bot.html)"
157.55.39.211 - - [02/May/2023:16:57:58 +0200] "GET /files/megalapozo.pdf HTTP/1.1" 200 359133 "-" "Mozilla/5.0 AppleWebKit/537.36 (KHTML, like Gecko; compatible; bingbot/2.0; +http://www.bing.com/bingbot.htm) Chrome/103.0.5060.134 Safari/537.36"
66.249.70.110 - - [02/May/2023:17:13:35 +0200] "GET /files/kjt_terv_080213.pdf HTTP/1.1" 200 390013 "-" "Googlebot/2.1 (+http://www.google.com/bot.html)"
66.249.70.114 - - [02/May/2023:17:18:48 +0200] "GET /files/szvk_terv_090804.pdf HTTP/1.1" 200 1803870 "-" "Googlebot/2.1 (+http://www.google.com/bot.html)"
66.249.70.112 - - [02/May/2023:17:25:07 +0200] "GET /files/nem_uzleti_eloterj_3_hatjav_061129.pdf HTTP/1.1" 200 55061 "-" "Googlebot/2.1 (+http://www.google.com/bot.html)"
66.249.70.114 - - [02/May/2023:17:27:29 +0200] "GET /files/2_sz_melleklet_061031.pdf HTTP/1.1" 304 - "-" "Mozilla/5.0 (Linux; Android 6.0.1; Nexus 5X Build/MMB29P) AppleWebKit/537.36 (KHTML, like Gecko) Chrome/112.0.5615.142 Mobile Safari/537.36 (compatible; Googlebot/2.1; +http://www.google.com/bot.html)"
66.249.70.112 - - [02/May/2023:17:28:43 +0200] "GET /files/drog_jelentes_terv_061211.pdf HTTP/1.1" 200 1383649 "-" "Googlebot/2.1 (+http://www.google.com/bot.html)"
66.249.70.112 - - [02/May/2023:17:30:27 +0200] "GET /files/kjt53terv_070814.pdf HTTP/1.1" 200 187825 "-" "Googlebot/2.1 (+http://www.google.com/bot.html)"
66.249.70.114 - - [02/May/2023:17:31:11 +0200] "GET /files/gyermekszegenyseg_tervezet_6_eloterj_070125.pdf HTTP/1.1" 200 193242 "-" "Googlebot/2.1 (+http://www.google.com/bot.html)"
66.249.70.110 - - [02/May/2023:17:34:59 +0200] "GET /files/kabszer_strategia_terv_071012.pdf HTTP/1.1" 200 450527 "-" "Googlebot/2.1 (+http://www.google.com/bot.html)"
66.249.70.110 - - [02/May/2023:17:39:06 +0200] "GET /files/eszk_terv_090831.pdf HTTP/1.1" 200 2349990 "-" "Googlebot/2.1 (+http://www.google.com/bot.html)"
66.249.70.110 - - [02/May/2023:17:45:45 +0200] "GET /files/komplex_rehab_terv_071008.pdf HTTP/1.1" 200 334787 "-" "Googlebot/2.1 (+http://www.google.com/bot.html)"
66.249.70.110 - - [02/May/2023:17:48:21 +0200] "GET /files/nem_uzleti_eloterj_4_rendelet_szovege_061129.pdf HTTP/1.1" 200 170409 "-" "Googlebot/2.1 (+http://www.google.com/bot.html)"
114.119.141.200 - - [02/May/2023:18:00:22 +0200] "GET /robots.txt HTTP/1.1" 200 1590 "-" "Mozilla/5.0 (compatible;PetalBot;+https://webmaster.petalsearch.com/site/petalbot)"
40.77.167.189 - - [02/May/2023:18:15:35 +0200] "GET /node/1777 HTTP/1.1" 200 - "-" "Mozilla/5.0 AppleWebKit/537.36 (KHTML, like Gecko; compatible; bingbot/2.0; +http://www.bing.com/bingbot.htm) Chrome/103.0.5060.134 Safari/537.36"
207.46.13.217 - - [02/May/2023:18:22:13 +0200] "GET /node/2536 HTTP/1.1" 200 - "-" "Mozilla/5.0 AppleWebKit/537.36 (KHTML, like Gecko; compatible; bingbot/2.0; +http://www.bing.com/bingbot.htm) Chrome/103.0.5060.134 Safari/537.36"
157.55.39.211 - - [02/May/2023:18:24:25 +0200] "GET /node/2522 HTTP/1.1" 200 - "-" "Mozilla/5.0 AppleWebKit/537.36 (KHTML, like Gecko; compatible; bingbot/2.0; +http://www.bing.com/bingbot.htm) Chrome/103.0.5060.134 Safari/537.36"
157.55.39.211 - - [02/May/2023:18:47:16 +0200] "GET /node/2191 HTTP/1.1" 200 - "-" "Mozilla/5.0 AppleWebKit/537.36 (KHTML, like Gecko; compatible; bingbot/2.0; +http://www.bing.com/bingbot.htm) Chrome/103.0.5060.134 Safari/537.36"
114.119.154.207 - - [02/May/2023:18:59:12 +0200] "GET /robots.txt HTTP/1.1" 200 1590 "-" "Mozilla/5.0 (compatible;PetalBot;+https://webmaster.petalsearch.com/site/petalbot)"
40.77.167.189 - - [02/May/2023:19:01:09 +0200] "GET /node/1549 HTTP/1.1" 200 - "-" "Mozilla/5.0 AppleWebKit/537.36 (KHTML, like Gecko; compatible; bingbot/2.0; +http://www.bing.com/bingbot.htm) Chrome/103.0.5060.134 Safari/537.36"
66.249.64.76 - - [02/May/2023:19:03:21 +0200] "GET /files/gyermekszegenyseg_tervezet_5_melleklet_070125.pdf HTTP/1.1" 304 - "-" "Mozilla/5.0 (Linux; Android 6.0.1; Nexus 5X Build/MMB29P) AppleWebKit/537.36 (KHTML, like Gecko) Chrome/112.0.5615.142 Mobile Safari/537.36 (compatible; Googlebot/2.1; +http://www.google.com/bot.html)"
157.90.209.77 - - [02/May/2023:19:08:03 +0200] "GET /robots.txt HTTP/1.1" 200 1590 "-" "Mozilla/5.0 (compatible; BLEXBot/1.0; +http://webmeup-crawler.com/)"
