109.61.117.225 - - [08/Feb/2024:12:01:11 +0100] "GET /files/3_mell_FAVI_ENG__ves.doc HTTP/1.1" 206 1 "https://www.google.com/" "Mozilla/5.0 (Windows NT 10.0; Win64; x64) AppleWebKit/537.36 (KHTML, like Gecko) Chrome/121.0.0.0 Safari/537.36"
109.61.117.225 - - [08/Feb/2024:12:01:11 +0100] "GET /files/3_mell_FAVI_ENG__ves.doc HTTP/1.1" 206 66645 "https://www.google.com/" "Mozilla/5.0 (Windows NT 10.0; Win64; x64) AppleWebKit/537.36 (KHTML, like Gecko) Chrome/121.0.0.0 Safari/537.36"
109.61.117.225 - - [08/Feb/2024:12:01:11 +0100] "GET /files/3_mell_FAVI_ENG__ves.doc HTTP/1.1" 206 1 "https://www.google.com/" "Mozilla/5.0 (Windows NT 10.0; Win64; x64) AppleWebKit/537.36 (KHTML, like Gecko) Chrome/121.0.0.0 Safari/537.36"
109.61.117.225 - - [08/Feb/2024:12:01:11 +0100] "GET /files/3_mell_FAVI_ENG__ves.doc HTTP/1.1" 206 66645 "https://www.google.com/" "Mozilla/5.0 (Windows NT 10.0; Win64; x64) AppleWebKit/537.36 (KHTML, like Gecko) Chrome/121.0.0.0 Safari/537.36"
31.46.250.240 - - [08/Feb/2024:12:10:01 +0100] "GET /files/ptk_oroklesi_jog.pdf HTTP/1.1" 200 67786 "https://www.google.com/" "Mozilla/5.0 (Windows NT 10.0; Win64; x64; rv:122.0) Gecko/20100101 Firefox/122.0"
79.121.8.9 - - [08/Feb/2024:12:34:22 +0100] "GET /files/korm_vet_epit.pdf HTTP/1.1" 206 1025 "-" "Mozilla/5.0 (Windows NT 10.0; Win64; x64) AppleWebKit/537.36 (KHTML, like Gecko) Chrome/121.0.0.0 Safari/537.36"
79.121.8.9 - - [08/Feb/2024:12:34:22 +0100] "GET /files/korm_vet_epit.pdf HTTP/1.1" 200 427539 "-" "Mozilla/5.0 (Windows NT 10.0; Win64; x64) AppleWebKit/537.36 (KHTML, like Gecko) Chrome/121.0.0.0 Safari/537.36"
207.46.13.125 - - [08/Feb/2024:13:04:24 +0100] "GET /files/pedag_szax_tam_070228.pdf HTTP/1.1" 304 - "-" "Mozilla/5.0 AppleWebKit/537.36 (KHTML, like Gecko; compatible; bingbot/2.0; +http://www.bing.com/bingbot.htm) Chrome/116.0.1938.76 Safari/537.36"
46.107.55.212 - - [08/Feb/2024:14:12:15 +0100] "GET /files/OTSZ%20rendelet.pdf HTTP/1.1" 200 168000 "https://www.google.com/" "Mozilla/5.0 (Windows NT 10.0; Win64; x64; rv:122.0) Gecko/20100101 Firefox/122.0"
46.107.55.212 - - [08/Feb/2024:14:12:15 +0100] "GET /files/OTSZ%20rendelet.pdf HTTP/1.1" 206 36928 "https://www.google.com/" "Mozilla/5.0 (Windows NT 10.0; Win64; x64; rv:122.0) Gecko/20100101 Firefox/122.0"
46.107.55.212 - - [08/Feb/2024:14:12:15 +0100] "GET /favicon.ico HTTP/1.1" 404 57 "http://www.jogalkotas.hu/files/OTSZ%20rendelet.pdf" "Mozilla/5.0 (Windows NT 10.0; Win64; x64; rv:122.0) Gecko/20100101 Firefox/122.0"
89.134.23.14 - - [08/Feb/2024:14:50:24 +0100] "GET /favicon.ico HTTP/1.1" 404 57 "http://www.jogalkotas.hu/files/tk19.pdf" "Mozilla/5.0 (Windows NT 10.0; Win64; x64) AppleWebKit/537.36 (KHTML, like Gecko) Chrome/120.0.0.0 Safari/537.36"
89.134.23.14 - - [08/Feb/2024:14:50:24 +0100] "GET /files/tk19.pdf HTTP/1.1" 200 194017 "https://www.google.com/" "Mozilla/5.0 (Windows NT 10.0; Win64; x64) AppleWebKit/537.36 (KHTML, like Gecko) Chrome/120.0.0.0 Safari/537.36"
66.249.70.103 - - [08/Feb/2024:15:26:19 +0100] "GET / HTTP/1.1" 200 - "-" "Mozilla/5.0 (Linux; Android 6.0.1; Nexus 5X Build/MMB29P) AppleWebKit/537.36 (KHTML, like Gecko) Chrome/99.0.4844.84 Mobile Safari/537.36 (compatible; Googlebot/2.1; +http://www.google.com/bot.html)"
66.249.70.103 - - [08/Feb/2024:15:26:51 +0100] "GET / HTTP/1.1" 200 - "-" "Mozilla/5.0 (compatible; Googlebot/2.1; +http://www.google.com/bot.html)"
66.249.70.102 - - [08/Feb/2024:15:27:23 +0100] "GET / HTTP/1.1" 200 - "-" "Mozilla/5.0 (Linux; Android 6.0.1; Nexus 5X Build/MMB29P) AppleWebKit/537.36 (KHTML, like Gecko) Chrome/121.0.6167.85 Mobile Safari/537.36 (compatible; Googlebot/2.1; +http://www.google.com/bot.html)"
52.167.144.230 - - [08/Feb/2024:15:52:38 +0100] "GET /files/19961.doc HTTP/1.1" 200 100864 "-" "Mozilla/5.0 AppleWebKit/537.36 (KHTML, like Gecko; compatible; bingbot/2.0; +http://www.bing.com/bingbot.htm) Chrome/116.0.1938.76 Safari/537.36"
89.135.29.68 - - [08/Feb/2024:16:06:37 +0100] "GET /files/ptk-normaszoveg-tervezet_20071029.pdf HTTP/1.1" 200 1425629 "https://www.google.com/" "Mozilla/5.0 (Windows NT 10.0; Win64; x64) AppleWebKit/537.36 (KHTML, like Gecko) Chrome/121.0.0.0 Safari/537.36"
89.135.29.68 - - [08/Feb/2024:16:06:58 +0100] "GET /favicon.ico HTTP/1.1" 404 57 "http://www.jogalkotas.hu/files/ptk-normaszoveg-tervezet_20071029.pdf" "Mozilla/5.0 (Windows NT 10.0; Win64; x64) AppleWebKit/537.36 (KHTML, like Gecko) Chrome/121.0.0.0 Safari/537.36"
114.119.133.138 - - [08/Feb/2024:17:14:53 +0100] "GET /robots.txt HTTP/1.1" 200 1590 "-" "Mozilla/5.0 (compatible;PetalBot;+https://webmaster.petalsearch.com/site/petalbot)"
52.167.144.166 - - [08/Feb/2024:17:48:33 +0100] "GET /files/egyes_szocrend_071203.pdf HTTP/1.1" 200 394589 "-" "Mozilla/5.0 AppleWebKit/537.36 (KHTML, like Gecko; compatible; bingbot/2.0; +http://www.bing.com/bingbot.htm) Chrome/116.0.1938.76 Safari/537.36"
52.167.144.187 - - [08/Feb/2024:17:59:47 +0100] "GET /web/home.nsf/51aad2b5d20c0da2c1256c84003b0d36/516a2bb0e46cac07c12572180036e855/$FILE/eu_10.pdf HTTP/1.1" 200 - "-" "Mozilla/5.0 AppleWebKit/537.36 (KHTML, like Gecko; compatible; bingbot/2.0; +http://www.bing.com/bingbot.htm) Chrome/116.0.1938.76 Safari/537.36"
40.77.167.108 - - [08/Feb/2024:17:59:49 +0100] "GET /robots.txt HTTP/1.1" 200 1590 "-" "Mozilla/5.0 AppleWebKit/537.36 (KHTML, like Gecko; compatible; bingbot/2.0; +http://www.bing.com/bingbot.htm) Chrome/116.0.1938.76 Safari/537.36"
52.167.144.187 - - [08/Feb/2024:18:00:19 +0100] "GET /web/home.nsf/51aad2b5d20c0da2c1256c84003b0d36/516a2bb0e46cac07c12572180036e855/$FILE/eu_10.pdf HTTP/1.1" 200 - "-" "Mozilla/5.0 AppleWebKit/537.36 (KHTML, like Gecko; compatible; bingbot/2.0; +http://www.bing.com/bingbot.htm) Chrome/116.0.1938.76 Safari/537.36"
66.249.70.102 - - [08/Feb/2024:18:40:11 +0100] "GET /files/epiteskivitelezes.pdf HTTP/1.1" 304 - "-" "Mozilla/5.0 (Linux; Android 6.0.1; Nexus 5X Build/MMB29P) AppleWebKit/537.36 (KHTML, like Gecko) Chrome/121.0.6167.85 Mobile Safari/537.36 (compatible; Googlebot/2.1; +http://www.google.com/bot.html)"
216.244.66.200 - - [08/Feb/2024:19:13:02 +0100] "GET /robots.txt HTTP/1.1" 200 1590 "-" "Mozilla/5.0 (compatible; DotBot/1.2; +https://opensiteexplorer.org/dotbot; help@moz.com)"
66.249.70.102 - - [08/Feb/2024:19:27:11 +0100] "GET /favicon.ico HTTP/1.1" 404 57 "-" "Googlebot-Image/1.0"
66.249.70.102 - - [08/Feb/2024:19:30:03 +0100] "GET /files/NFGM326.pdf HTTP/1.1" 304 - "-" "Mozilla/5.0 (Linux; Android 6.0.1; Nexus 5X Build/MMB29P) AppleWebKit/537.36 (KHTML, like Gecko) Chrome/121.0.6167.85 Mobile Safari/537.36 (compatible; Googlebot/2.1; +http://www.google.com/bot.html)"
216.244.66.200 - - [08/Feb/2024:19:42:38 +0100] "GET /files/a_szakmai_protokollok_k%C3%83%C2%A9sz%C3%83%C2%ADt%C3%83%C2%A9s%C3%83%C2%A9nek_elj%C3%83%C2%A1r%C3%83%C2%A1srendj%C3%83%C2%A9r%C3%85%E2%80%98l_sz%C3%83%C2%B3l%C3%83%C2%B3_e%C3%83%C2%BCm_rendelet_tervezet_12.doc HTTP/1.1" 200 - "-" "Mozilla/5.0 (compatible; DotBot/1.2; +https://opensiteexplorer.org/dotbot; help@moz.com)"
78.131.30.171 - - [08/Feb/2024:19:46:14 +0100] "GET /files/47343.pdf HTTP/1.1" 200 151582 "https://www.google.com/" "Mozilla/5.0 (Linux; Android 10; VOG-L29) AppleWebKit/537.36 (KHTML, like Gecko) Chrome/102.0.0.0 Mobile Safari/537.36"
78.131.30.171 - - [08/Feb/2024:19:46:23 +0100] "GET /files/47343.pdf HTTP/1.1" 206 1 "https://www.google.com/" "Mozilla/5.0 (Linux; Android 10; VOG-L29) AppleWebKit/537.36 (KHTML, like Gecko) Chrome/102.0.0.0 Mobile Safari/537.36"
78.131.30.171 - - [08/Feb/2024:19:46:23 +0100] "GET /files/47343.pdf HTTP/1.1" 206 45823 "https://www.google.com/" "Mozilla/5.0 (Linux; Android 10; VOG-L29) AppleWebKit/537.36 (KHTML, like Gecko) Chrome/102.0.0.0 Mobile Safari/537.36"
78.131.30.171 - - [08/Feb/2024:19:46:24 +0100] "GET /files/47343.pdf HTTP/1.1" 206 1 "https://www.google.com/" "Mozilla/5.0 (Linux; Android 10; VOG-L29) AppleWebKit/537.36 (KHTML, like Gecko) Chrome/102.0.0.0 Mobile Safari/537.36"
78.131.30.171 - - [08/Feb/2024:19:46:24 +0100] "GET /files/47343.pdf HTTP/1.1" 206 45823 "https://www.google.com/" "Mozilla/5.0 (Linux; Android 10; VOG-L29) AppleWebKit/537.36 (KHTML, like Gecko) Chrome/102.0.0.0 Mobile Safari/537.36"
78.131.30.171 - - [08/Feb/2024:19:46:31 +0100] "GET /files/47343.pdf HTTP/1.1" 206 1 "https://www.google.com/" "Mozilla/5.0 (Linux; Android 10; VOG-L29) AppleWebKit/537.36 (KHTML, like Gecko) Chrome/102.0.0.0 Mobile Safari/537.36"
78.131.30.171 - - [08/Feb/2024:19:46:31 +0100] "GET /files/47343.pdf HTTP/1.1" 206 45823 "https://www.google.com/" "Mozilla/5.0 (Linux; Android 10; VOG-L29) AppleWebKit/537.36 (KHTML, like Gecko) Chrome/102.0.0.0 Mobile Safari/537.36"
78.131.30.171 - - [08/Feb/2024:19:46:35 +0100] "GET /files/47343.pdf HTTP/1.1" 206 1 "https://www.google.com/" "Mozilla/5.0 (Linux; Android 10; VOG-L29) AppleWebKit/537.36 (KHTML, like Gecko) Chrome/102.0.0.0 Mobile Safari/537.36"
78.131.30.171 - - [08/Feb/2024:19:46:36 +0100] "GET /files/47343.pdf HTTP/1.1" 206 45823 "https://www.google.com/" "Mozilla/5.0 (Linux; Android 10; VOG-L29) AppleWebKit/537.36 (KHTML, like Gecko) Chrome/102.0.0.0 Mobile Safari/537.36"
78.131.30.171 - - [08/Feb/2024:19:46:51 +0100] "GET /files/47343.pdf HTTP/1.1" 206 1 "https://www.google.com/" "Mozilla/5.0 (Linux; Android 10; VOG-L29) AppleWebKit/537.36 (KHTML, like Gecko) Chrome/102.0.0.0 Mobile Safari/537.36"
78.131.30.171 - - [08/Feb/2024:19:46:51 +0100] "GET /files/47343.pdf HTTP/1.1" 206 45823 "https://www.google.com/" "Mozilla/5.0 (Linux; Android 10; VOG-L29) AppleWebKit/537.36 (KHTML, like Gecko) Chrome/102.0.0.0 Mobile Safari/537.36"
207.46.13.14 - - [08/Feb/2024:19:48:13 +0100] "GET /files/alap_mester_061229.pdf HTTP/1.1" 304 - "-" "Mozilla/5.0 AppleWebKit/537.36 (KHTML, like Gecko; compatible; bingbot/2.0; +http://www.bing.com/bingbot.htm) Chrome/116.0.1938.76 Safari/537.36"
66.249.70.103 - - [08/Feb/2024:20:08:33 +0100] "GET /files/43per2005_eum_rendelet__mod.doc HTTP/1.1" 304 - "-" "Mozilla/5.0 (Linux; Android 6.0.1; Nexus 5X Build/MMB29P) AppleWebKit/537.36 (KHTML, like Gecko) Chrome/121.0.6167.85 Mobile Safari/537.36 (compatible; Googlebot/2.1; +http://www.google.com/bot.html)"
95.108.213.206 - - [08/Feb/2024:20:11:34 +0100] "GET /robots.txt HTTP/1.1" 200 1590 "-" "Mozilla/5.0 (compatible; YandexBot/3.0; +http://yandex.com/bots)"
95.108.213.87 - - [08/Feb/2024:20:12:06 +0100] "GET /drupal/taxonomy/term/46. HTTP/1.1" 200 - "-" "Mozilla/5.0 (compatible; YandexBot/3.0; +http://yandex.com/bots)"
216.244.66.200 - - [08/Feb/2024:20:12:46 +0100] "GET /robots.txt HTTP/1.1" 200 1590 "-" "Mozilla/5.0 (compatible; DotBot/1.2; +https://opensiteexplorer.org/dotbot; help@moz.com)"
216.244.66.200 - - [08/Feb/2024:20:16:55 +0100] "GET /drupal/node/26 HTTP/1.1" 200 - "-" "Mozilla/5.0 (compatible; DotBot/1.2; +https://opensiteexplorer.org/dotbot; help@moz.com)"
37.76.38.151 - - [08/Feb/2024:20:18:26 +0100] "GET /files/MinTerv-1-Ell-1_mell-2007-02-20.doc HTTP/1.1" 200 258048 "https://www.google.com/" "Mozilla/5.0 (iPhone; CPU iPhone OS 17_2 like Mac OS X) AppleWebKit/605.1.15 (KHTML, like Gecko) CriOS/121.0.6167.138 Mobile/15E148 Safari/604.1"
37.76.38.151 - - [08/Feb/2024:20:18:27 +0100] "GET /favicon.ico HTTP/1.1" 404 57 "-" "Mozilla/5.0 (iPhone; CPU iPhone OS 17_2 like Mac OS X) AppleWebKit/605.1.15 (KHTML, like Gecko) CriOS/121.0.6167.138 Mobile/15E148 Safari/604.1"
40.77.167.108 - - [08/Feb/2024:20:35:31 +0100] "GET /robots.txt HTTP/1.1" 200 1590 "-" "Mozilla/5.0 AppleWebKit/537.36 (KHTML, like Gecko; compatible; bingbot/2.0; +http://www.bing.com/bingbot.htm) Chrome/116.0.1938.76 Safari/537.36"
157.55.39.51 - - [08/Feb/2024:20:35:38 +0100] "GET /files/korengedmenyes_ped_honlapra_060220.pdf HTTP/1.1" 200 209066 "-" "Mozilla/5.0 AppleWebKit/537.36 (KHTML, like Gecko; compatible; bingbot/2.0; +http://www.bing.com/bingbot.htm) Chrome/116.0.1938.76 Safari/537.36"
216.244.66.200 - - [08/Feb/2024:20:36:04 +0100] "GET /files/FVM%20rendelete%20a%20Magyar%20%C3%83%E2%80%B0lelmiszerk%C3%83%C2%B6nyv%20k%C3%83%C2%B6z%C3%83%C2%B6ss%C3%83%C2%A9gi%20el%C3%85%E2%80%98%C3%83%C2%ADr%C3%83%C2%A1sok%20%C3%83%C2%A1tv%C3%83%C2%A9tel%C3%83%C2%A9t%20megval%C3%83%C2%B3s%C3%83%C2%ADt%C3%83%C2%B3%20k%C3%83%C2%B6telez%C3%85%E2%80%98%20el%C3%85%E2%80%98%C3%83%C2%ADr%C3%83%C2%A1sair%C3%83%C2%B3l%20sz%C3%83%C2%B3l%C3%83%C2%B3%2056.doc HTTP/1.1" 200 - "-" "Mozilla/5.0 (compatible; DotBot/1.2; +https://opensiteexplorer.org/dotbot; help@moz.com)"
216.244.66.200 - - [08/Feb/2024:20:38:10 +0100] "GET /taxonomy/term/22/0/feed HTTP/1.1" 200 - "-" "Mozilla/5.0 (compatible; DotBot/1.2; +https://opensiteexplorer.org/dotbot; help@moz.com)"
103.212.99.162 - - [08/Feb/2024:20:57:11 +0100] "GET / HTTP/1.1" 200 - "-" "Mozilla/5.0 (Windows NT 10.0; Win64; x64) AppleWebKit/537.36 (KHTML, like Gecko) Chrome/97.0.4280.67 Safari/537.36 Edg/97.0.664.52"
52.167.144.182 - - [08/Feb/2024:21:09:36 +0100] "GET /files/europaijogaszok.doc HTTP/1.1" 304 - "-" "Mozilla/5.0 AppleWebKit/537.36 (KHTML, like Gecko; compatible; bingbot/2.0; +http://www.bing.com/bingbot.htm) Chrome/116.0.1938.76 Safari/537.36"
216.244.66.200 - - [08/Feb/2024:21:10:26 +0100] "GET /robots.txt HTTP/1.1" 200 1590 "-" "Mozilla/5.0 (compatible; DotBot/1.2; +https://opensiteexplorer.org/dotbot; help@moz.com)"
162.55.85.229 - - [08/Feb/2024:21:19:29 +0100] "GET /robots.txt HTTP/1.1" 200 1590 "-" "Mozilla/5.0 (compatible; BLEXBot/1.0; +http://webmeup-crawler.com/)"
162.55.85.229 - - [08/Feb/2024:21:20:01 +0100] "GET / HTTP/1.1" 200 - "-" "Mozilla/5.0 (compatible; BLEXBot/1.0; +http://webmeup-crawler.com/)"
66.249.70.102 - - [08/Feb/2024:21:31:48 +0100] "GET /files/02-05-A(DAS)-eloterj-terv.pdf HTTP/1.1" 200 308676 "-" "Googlebot/2.1 (+http://www.google.com/bot.html)"
66.249.70.104 - - [08/Feb/2024:21:32:12 +0100] "GET /files/081117_kesz_jogszabterv.pdf HTTP/1.1" 200 179618 "-" "Googlebot/2.1 (+http://www.google.com/bot.html)"
114.119.136.146 - - [08/Feb/2024:21:32:39 +0100] "GET /robots.txt HTTP/1.1" 200 1590 "-" "Mozilla/5.0 (compatible;PetalBot;+https://webmaster.petalsearch.com/site/petalbot)"
216.244.66.200 - - [08/Feb/2024:21:35:53 +0100] "GET /files/a_szakmai_protokollok_k%C3%83%C2%A9sz%C3%83%C2%ADt%C3%83%C2%A9s%C3%83%C2%A9nek_elj%C3%83%C2%A1r%C3%83%C2%A1srendj%C3%83%C2%A9r%C3%85%E2%80%98l_sz%C3%83%C2%B3l%C3%83%C2%B3_e%C3%83%C2%BCm_rendelet_tervezet_14.doc HTTP/1.1" 200 - "-" "Mozilla/5.0 (compatible; DotBot/1.2; +https://opensiteexplorer.org/dotbot; help@moz.com)"
216.244.66.200 - - [08/Feb/2024:21:36:23 +0100] "GET /taxonomy/term/79/0/feed HTTP/1.1" 200 - "-" "Mozilla/5.0 (compatible; DotBot/1.2; +https://opensiteexplorer.org/dotbot; help@moz.com)"
66.249.70.104 - - [08/Feb/2024:21:58:08 +0100] "GET /files/NFGM1351.pdf HTTP/1.1" 200 194273 "-" "Googlebot/2.1 (+http://www.google.com/bot.html)"
216.244.66.200 - - [08/Feb/2024:22:08:01 +0100] "GET /robots.txt HTTP/1.1" 200 1590 "-" "Mozilla/5.0 (compatible; DotBot/1.2; +https://opensiteexplorer.org/dotbot; help@moz.com)"
216.244.66.200 - - [08/Feb/2024:22:29:28 +0100] "GET /files/Az_ir_betegell_rend_megsz_korm_rend_081204.doc HTTP/1.1" 200 52224 "-" "Mozilla/5.0 (compatible; DotBot/1.2; +https://opensiteexplorer.org/dotbot; help@moz.com)"
216.244.66.200 - - [08/Feb/2024:22:29:42 +0100] "GET /files/Bejelentes_egybefoglalt_tervezet_kozig.pdf HTTP/1.1" 200 220113 "-" "Mozilla/5.0 (compatible; DotBot/1.2; +https://opensiteexplorer.org/dotbot; help@moz.com)"
216.244.66.200 - - [08/Feb/2024:22:29:53 +0100] "GET /files/ajfo_1154_dijrendelet_honlapra.doc HTTP/1.1" 200 36352 "-" "Mozilla/5.0 (compatible; DotBot/1.2; +https://opensiteexplorer.org/dotbot; help@moz.com)"
216.244.66.200 - - [08/Feb/2024:22:30:21 +0100] "GET /files/eu_szakellatas_tarsbizt_finansz_tervezet.doc HTTP/1.1" 200 2252679 "-" "Mozilla/5.0 (compatible; DotBot/1.2; +https://opensiteexplorer.org/dotbot; help@moz.com)"
216.244.66.200 - - [08/Feb/2024:22:30:42 +0100] "GET /files/fels_szak_kepz_r_szab_eum_rend_terv_091207.doc HTTP/1.1" 200 110080 "-" "Mozilla/5.0 (compatible; DotBot/1.2; +https://opensiteexplorer.org/dotbot; help@moz.com)"
216.244.66.200 - - [08/Feb/2024:22:31:03 +0100] "GET /files/ittas_rkfo_59__2007__12__03__honlapra.doc HTTP/1.1" 200 52224 "-" "Mozilla/5.0 (compatible; DotBot/1.2; +https://opensiteexplorer.org/dotbot; help@moz.com)"
216.244.66.200 - - [08/Feb/2024:22:31:53 +0100] "GET /files/megyei%20jelent%C3%83%C2%A9s_1.pdf HTTP/1.1" 200 - "-" "Mozilla/5.0 (compatible; DotBot/1.2; +https://opensiteexplorer.org/dotbot; help@moz.com)"
216.244.66.200 - - [08/Feb/2024:22:32:15 +0100] "GET /files/tenyesztett_viziall_rendelet_tervezet_velemenyezesre.pdf HTTP/1.1" 200 328013 "-" "Mozilla/5.0 (compatible; DotBot/1.2; +https://opensiteexplorer.org/dotbot; help@moz.com)"
216.244.66.200 - - [08/Feb/2024:22:33:17 +0100] "GET /user/1/notify HTTP/1.1" 200 - "-" "Mozilla/5.0 (compatible; DotBot/1.2; +https://opensiteexplorer.org/dotbot; help@moz.com)"
216.244.66.200 - - [08/Feb/2024:22:34:07 +0100] "GET /files/31_2004___iv__26___eszcsm_rendelet_m%C3%83%C2%B3dos%C3%83%C2%ADt%C3%83%C2%A1sa_6.doc HTTP/1.1" 200 - "-" "Mozilla/5.0 (compatible; DotBot/1.2; +https://opensiteexplorer.org/dotbot; help@moz.com)"
207.46.13.141 - - [08/Feb/2024:22:34:28 +0100] "GET /files/EU_KiNA_ELOTERJESZTES_KOZIGAZGATASI_EGYEZTETESRE_0112.doc HTTP/1.1" 304 - "-" "Mozilla/5.0 AppleWebKit/537.36 (KHTML, like Gecko; compatible; bingbot/2.0; +http://www.bing.com/bingbot.htm) Chrome/116.0.1938.76 Safari/537.36"
66.249.64.64 - - [08/Feb/2024:22:41:34 +0100] "GET / HTTP/1.1" 200 - "-" "Mozilla/5.0 (Linux; Android 6.0.1; Nexus 5X Build/MMB29P) AppleWebKit/537.36 (KHTML, like Gecko) Chrome/121.0.6167.85 Mobile Safari/537.36 (compatible; Googlebot/2.1; +http://www.google.com/bot.html)"
66.249.64.76 - - [08/Feb/2024:22:42:06 +0100] "GET / HTTP/1.1" 200 - "-" "Mozilla/5.0 (compatible; Googlebot/2.1; +http://www.google.com/bot.html)"
66.249.64.75 - - [08/Feb/2024:22:42:38 +0100] "GET / HTTP/1.1" 200 - "-" "Mozilla/5.0 (compatible; Googlebot/2.1; +http://www.google.com/bot.html)"
216.244.66.200 - - [08/Feb/2024:23:01:45 +0100] "GET /robots.txt HTTP/1.1" 200 1590 "-" "Mozilla/5.0 (compatible; DotBot/1.2; +https://opensiteexplorer.org/dotbot; help@moz.com)"
216.244.66.200 - - [08/Feb/2024:23:01:46 +0100] "GET /robots.txt HTTP/1.1" 200 1590 "-" "Mozilla/5.0 (compatible; DotBot/1.2; +https://opensiteexplorer.org/dotbot; help@moz.com)"
66.249.70.103 - - [08/Feb/2024:23:01:57 +0100] "GET /files/szszital_foldrajzi_arujelzo_korm_tervezet.pdf HTTP/1.1" 200 74219 "-" "Googlebot/2.1 (+http://www.google.com/bot.html)"
66.249.70.102 - - [08/Feb/2024:23:03:02 +0100] "GET /files/nsip_kormrend_tervezet.pdf HTTP/1.1" 200 111201 "-" "Googlebot/2.1 (+http://www.google.com/bot.html)"
176.77.131.9 - - [08/Feb/2024:23:05:33 +0100] "GET /files/Tuzszolszab..pdf HTTP/1.1" 200 424954 "-" "Mozilla/5.0 (Linux; Android 10; K) AppleWebKit/537.36 (KHTML, like Gecko) Chrome/121.0.0.0 Mobile Safari/537.36"
66.249.70.104 - - [08/Feb/2024:23:12:27 +0100] "GET /files/090724_jszt_frekvencia_felhaszn.pdf HTTP/1.1" 200 146020 "-" "Googlebot/2.1 (+http://www.google.com/bot.html)"
216.244.66.200 - - [08/Feb/2024:23:19:42 +0100] "GET /files/t%C3%83%C2%A1rc%C3%83%C2%A1ra-_sz%C3%83%C2%A1ll%C3%83%C2%A1shelyek_eg%C3%83%C2%BCgyi_felt%C3%83%C2%A9tele.doc HTTP/1.1" 200 - "-" "Mozilla/5.0 (compatible; DotBot/1.2; +https://opensiteexplorer.org/dotbot; help@moz.com)"
66.249.70.103 - - [08/Feb/2024:23:21:56 +0100] "GET /files/t_csomag_08_09_18_honlapra.doc HTTP/1.1" 200 327680 "-" "Mozilla/5.0 (Linux; Android 6.0.1; Nexus 5X Build/MMB29P) AppleWebKit/537.36 (KHTML, like Gecko) Chrome/121.0.6167.85 Mobile Safari/537.36 (compatible; Googlebot/2.1; +http://www.google.com/bot.html)"
216.244.66.200 - - [08/Feb/2024:23:22:46 +0100] "GET /files/0611_allami_vez_udul_MeHVM_rend_terv.pdf.txt HTTP/1.1" 200 249 "-" "Mozilla/5.0 (compatible; DotBot/1.2; +https://opensiteexplorer.org/dotbot; help@moz.com)"
216.244.66.200 - - [08/Feb/2024:23:23:02 +0100] "GET /files/allatgyogyaszat_rendelet_velemenyezesre.pdf HTTP/1.1" 200 939209 "-" "Mozilla/5.0 (compatible; DotBot/1.2; +https://opensiteexplorer.org/dotbot; help@moz.com)"
216.244.66.200 - - [08/Feb/2024:23:23:34 +0100] "GET /files/bnyt._vegrehajtasi_rendelet0090518.doc HTTP/1.1" 200 410624 "-" "Mozilla/5.0 (compatible; DotBot/1.2; +https://opensiteexplorer.org/dotbot; help@moz.com)"
216.244.66.200 - - [08/Feb/2024:23:24:09 +0100] "GET /files/elelmiszer_utalvany_modositas.pdf HTTP/1.1" 200 75067 "-" "Mozilla/5.0 (compatible; DotBot/1.2; +https://opensiteexplorer.org/dotbot; help@moz.com)"
66.249.70.102 - - [08/Feb/2024:23:24:16 +0100] "GET /files/hm_rendelet_tervezet_elelmezesi_ellatas_.pdf HTTP/1.1" 200 183027 "-" "Googlebot/2.1 (+http://www.google.com/bot.html)"
216.244.66.200 - - [08/Feb/2024:23:24:45 +0100] "GET /files/mentes_gyogyszerrendeles_min_rend_terv_0909011.doc HTTP/1.1" 200 388096 "-" "Mozilla/5.0 (compatible; DotBot/1.2; +https://opensiteexplorer.org/dotbot; help@moz.com)"
216.244.66.200 - - [08/Feb/2024:23:25:46 +0100] "GET /files/parlamenti%20bizotts%C3%83%C2%A1gok9.pdf HTTP/1.1" 200 - "-" "Mozilla/5.0 (compatible; DotBot/1.2; +https://opensiteexplorer.org/dotbot; help@moz.com)"
216.244.66.200 - - [08/Feb/2024:23:26:06 +0100] "GET /files/repulesek_hmrendelet_tervezet.pdf HTTP/1.1" 200 181437 "-" "Mozilla/5.0 (compatible; DotBot/1.2; +https://opensiteexplorer.org/dotbot; help@moz.com)"
216.244.66.200 - - [08/Feb/2024:23:28:22 +0100] "GET /taxonomy/term/92/0/feed HTTP/1.1" 200 - "-" "Mozilla/5.0 (compatible; DotBot/1.2; +https://opensiteexplorer.org/dotbot; help@moz.com)"
216.244.66.200 - - [08/Feb/2024:23:53:57 +0100] "GET /robots.txt HTTP/1.1" 200 1590 "-" "Mozilla/5.0 (compatible; DotBot/1.2; +https://opensiteexplorer.org/dotbot; help@moz.com)"
216.244.66.200 - - [08/Feb/2024:23:53:58 +0100] "GET /robots.txt HTTP/1.1" 200 1590 "-" "Mozilla/5.0 (compatible; DotBot/1.2; +https://opensiteexplorer.org/dotbot; help@moz.com)"
66.249.70.103 - - [08/Feb/2024:23:56:27 +0100] "GET /files/R178_3indoklas.pdf HTTP/1.1" 304 - "-" "Mozilla/5.0 (Linux; Android 6.0.1; Nexus 5X Build/MMB29P) AppleWebKit/537.36 (KHTML, like Gecko) Chrome/121.0.6167.85 Mobile Safari/537.36 (compatible; Googlebot/2.1; +http://www.google.com/bot.html)"
148.113.182.209 - - [09/Feb/2024:00:12:05 +0100] "GET /ads.txt HTTP/1.1" 200 - "-" "Mozilla/5.0 (Macintosh; Intel Mac OS X 10_15_7) AppleWebKit/537.36 (KHTML, like Gecko) Chrome/119.0.0.0 Safari/537.36"
148.113.182.209 - - [09/Feb/2024:00:12:12 +0100] "GET /ads.txt HTTP/1.1" 200 - "-" "Mozilla/5.0 (Macintosh; Intel Mac OS X 10_15_7) AppleWebKit/537.36 (KHTML, like Gecko) Chrome/119.0.0.0 Safari/537.36"
216.244.66.200 - - [09/Feb/2024:00:12:15 +0100] "GET /files/31_2004m%C3%83%C2%B3dos%C3%83%C2%ADt%C3%83%C2%A1s%20t%C3%83%C2%A1rc%C3%83%C2%A1ra.doc HTTP/1.1" 200 - "-" "Mozilla/5.0 (compatible; DotBot/1.2; +https://opensiteexplorer.org/dotbot; help@moz.com)"
148.113.182.209 - - [09/Feb/2024:00:12:22 +0100] "GET /app-ads.txt HTTP/1.1" 200 - "-" "Mozilla/5.0 (Macintosh; Intel Mac OS X 10_15_7) AppleWebKit/537.36 (KHTML, like Gecko) Chrome/119.0.0.0 Safari/537.36"
148.113.182.209 - - [09/Feb/2024:00:12:27 +0100] "GET /app-ads.txt HTTP/1.1" 200 - "-" "Mozilla/5.0 (Macintosh; Intel Mac OS X 10_15_7) AppleWebKit/537.36 (KHTML, like Gecko) Chrome/119.0.0.0 Safari/537.36"
216.244.66.200 - - [09/Feb/2024:00:15:17 +0100] "GET /files/1220_KAR_adatlapok_2006_12_08.doc HTTP/1.1" 200 311808 "-" "Mozilla/5.0 (compatible; DotBot/1.2; +https://opensiteexplorer.org/dotbot; help@moz.com)"
216.244.66.200 - - [09/Feb/2024:00:16:01 +0100] "GET /files/14per2007_eum_rend_mod_081201.doc HTTP/1.1" 200 2260992 "-" "Mozilla/5.0 (compatible; DotBot/1.2; +https://opensiteexplorer.org/dotbot; help@moz.com)"
216.244.66.200 - - [09/Feb/2024:00:16:33 +0100] "GET /files/_a9i178srqk1mm6sskddlmarjkg9pg_.pdf HTTP/1.1" 200 148867 "-" "Mozilla/5.0 (compatible; DotBot/1.2; +https://opensiteexplorer.org/dotbot; help@moz.com)"
216.244.66.200 - - [09/Feb/2024:00:17:09 +0100] "GET /files/ihm_rendelet_a_kozzeteteli_mintakrol_2005_12_27.rtf.txt HTTP/1.1" 200 243768 "-" "Mozilla/5.0 (compatible; DotBot/1.2; +https://opensiteexplorer.org/dotbot; help@moz.com)"
216.244.66.200 - - [09/Feb/2024:00:17:39 +0100] "GET /files/szakszo_legiforgalmi_iranyito_5mell.pdf HTTP/1.1" 200 113154 "-" "Mozilla/5.0 (compatible; DotBot/1.2; +https://opensiteexplorer.org/dotbot; help@moz.com)"
216.244.66.200 - - [09/Feb/2024:00:18:07 +0100] "GET /files/torvenyjavaslat_szlovak_hatarokmanyok.doc HTTP/1.1" 200 62464 "-" "Mozilla/5.0 (compatible; DotBot/1.2; +https://opensiteexplorer.org/dotbot; help@moz.com)"
216.244.66.200 - - [09/Feb/2024:00:18:36 +0100] "GET /files/zenekari_enekkari_tam_mell_kamarazenekarok_070131.pdf HTTP/1.1" 200 106691 "-" "Mozilla/5.0 (compatible; DotBot/1.2; +https://opensiteexplorer.org/dotbot; help@moz.com)"
216.244.66.200 - - [09/Feb/2024:00:19:33 +0100] "GET /files/19-2003-normasz%C3%83%C2%B6veg%20%C3%83%C2%A9s%20indokol%C3%83%C2%A1s.doc HTTP/1.1" 200 - "-" "Mozilla/5.0 (compatible; DotBot/1.2; +https://opensiteexplorer.org/dotbot; help@moz.com)"
95.108.213.181 - - [09/Feb/2024:00:27:05 +0100] "GET /robots.txt HTTP/1.1" 200 1590 "-" "Mozilla/5.0 (compatible; YandexBot/3.0; +http://yandex.com/bots)"
5.255.231.56 - - [09/Feb/2024:00:27:37 +0100] "GET /taxonomy/term/29 HTTP/1.1" 200 - "-" "Mozilla/5.0 (compatible; YandexBot/3.0; +http://yandex.com/bots)"
88.99.238.79 - - [09/Feb/2024:00:47:50 +0100] "GET /ads.txt HTTP/1.0" 200 - "-" "Mozilla/5.0 (Windows NT 10.0; Win64; x64; rv:86.0) Gecko/20100101 Firefox/86.0"
216.244.66.200 - - [09/Feb/2024:00:50:40 +0100] "GET /robots.txt HTTP/1.1" 200 1590 "-" "Mozilla/5.0 (compatible; DotBot/1.2; +https://opensiteexplorer.org/dotbot; help@moz.com)"
216.244.66.200 - - [09/Feb/2024:00:50:40 +0100] "GET /robots.txt HTTP/1.1" 200 1590 "-" "Mozilla/5.0 (compatible; DotBot/1.2; +https://opensiteexplorer.org/dotbot; help@moz.com)"
216.244.66.200 - - [09/Feb/2024:01:09:16 +0100] "GET /files/MagyarK%C3%83%C2%BCl%C3%83%C2%BCgyekSzolg%C3%83%C2%A1lat%C3%83%C2%A1%C3%83%C2%A9rt%C3%83%E2%80%B0rdem%C3%83%C2%A9rem.pdf HTTP/1.1" 200 - "-" "Mozilla/5.0 (compatible; DotBot/1.2; +https://opensiteexplorer.org/dotbot; help@moz.com)"
66.249.70.104 - - [09/Feb/2024:01:11:56 +0100] "GET /files/ofp_1062_091126.pdf HTTP/1.1" 200 606577 "-" "Googlebot/2.1 (+http://www.google.com/bot.html)"
216.244.66.200 - - [09/Feb/2024:01:13:19 +0100] "GET /files/76_2004___viii__19___eszcsm_rendelet_m%C3%83%C2%B3dos%C3%83%C2%ADt%C3%83%C2%A1sa_14.doc HTTP/1.1" 200 - "-" "Mozilla/5.0 (compatible; DotBot/1.2; +https://opensiteexplorer.org/dotbot; help@moz.com)"
216.244.66.200 - - [09/Feb/2024:01:14:41 +0100] "GET /files/k%C3%83%C2%B6zgy%C3%83%C2%B3gyell%C3%83%C2%A1t%C3%83%C2%A1ssal_kapcsolatos_%C3%83%C2%BAj_e%C3%83%C2%BCm_rendelet_tervezet_6.doc HTTP/1.1" 200 - "-" "Mozilla/5.0 (compatible; DotBot/1.2; +https://opensiteexplorer.org/dotbot; help@moz.com)"
66.249.70.103 - - [09/Feb/2024:01:19:02 +0100] "GET /files/korm_rend_terv_hm_eltero_allamhaztartas.pdf HTTP/1.1" 200 105829 "-" "Googlebot/2.1 (+http://www.google.com/bot.html)"
66.249.70.104 - - [09/Feb/2024:01:33:27 +0100] "GET /files/ESR_korm_eloterjesztes.pdf HTTP/1.1" 304 - "-" "Mozilla/5.0 (Linux; Android 6.0.1; Nexus 5X Build/MMB29P) AppleWebKit/537.36 (KHTML, like Gecko) Chrome/121.0.6167.85 Mobile Safari/537.36 (compatible; Googlebot/2.1; +http://www.google.com/bot.html)"
66.249.64.75 - - [09/Feb/2024:01:34:28 +0100] "GET /robots.txt HTTP/1.1" 200 1590 "-" "Mozilla/5.0 (compatible; Googlebot/2.1; +http://www.google.com/bot.html)"
66.249.64.76 - - [09/Feb/2024:01:34:29 +0100] "GET /files/korm_hat_terv_vedonoi_fejl_090722.doc HTTP/1.1" 200 273408 "-" "Mozilla/5.0 (Linux; Android 6.0.1; Nexus 5X Build/MMB29P) AppleWebKit/537.36 (KHTML, like Gecko) Chrome/121.0.6167.85 Mobile Safari/537.36 (compatible; Googlebot/2.1; +http://www.google.com/bot.html)"
216.244.66.200 - - [09/Feb/2024:01:46:16 +0100] "GET /robots.txt HTTP/1.1" 200 1590 "-" "Mozilla/5.0 (compatible; DotBot/1.2; +https://opensiteexplorer.org/dotbot; help@moz.com)"
52.167.144.189 - - [09/Feb/2024:01:57:14 +0100] "GET /files/ukran_hatar_rendelet.tervezet_090928.doc HTTP/1.1" 200 65536 "-" "Mozilla/5.0 AppleWebKit/537.36 (KHTML, like Gecko; compatible; bingbot/2.0; +http://www.bing.com/bingbot.htm) Chrome/116.0.1938.76 Safari/537.36"
66.249.70.104 - - [09/Feb/2024:02:20:15 +0100] "GET /files/alk_tvjav.pdf HTTP/1.1" 304 - "-" "Mozilla/5.0 (Linux; Android 6.0.1; Nexus 5X Build/MMB29P) AppleWebKit/537.36 (KHTML, like Gecko) Chrome/121.0.6167.85 Mobile Safari/537.36 (compatible; Googlebot/2.1; +http://www.google.com/bot.html)"
185.220.100.253 - - [09/Feb/2024:02:26:16 +0100] "GET / HTTP/1.1" 200 - "http://jogalkotas.hu" "Mozilla/5.0 (Macintosh; Intel Mac OS X 10_15_7) AppleWebKit/605.1.15 (KHTML, like Gecko) Version/14.0.3 Safari/605.1.15"
216.244.66.200 - - [09/Feb/2024:02:43:06 +0100] "GET /robots.txt HTTP/1.1" 200 1590 "-" "Mozilla/5.0 (compatible; DotBot/1.2; +https://opensiteexplorer.org/dotbot; help@moz.com)"
66.249.70.103 - - [09/Feb/2024:03:05:15 +0100] "GET /files/kjofmh-kormelo-kozig.doc HTTP/1.1" 304 - "-" "Mozilla/5.0 (Linux; Android 6.0.1; Nexus 5X Build/MMB29P) AppleWebKit/537.36 (KHTML, like Gecko) Chrome/121.0.6167.85 Mobile Safari/537.36 (compatible; Googlebot/2.1; +http://www.google.com/bot.html)"
216.244.66.200 - - [09/Feb/2024:03:13:57 +0100] "GET /files/FVM%20rendelet%20a%20vad%20v%C3%83%C2%A9delm%C3%83%C2%A9r%C3%85%E2%80%98l.doc HTTP/1.1" 200 - "-" "Mozilla/5.0 (compatible; DotBot/1.2; +https://opensiteexplorer.org/dotbot; help@moz.com)"
216.244.66.200 - - [09/Feb/2024:03:14:27 +0100] "GET /files/Fel%C3%83%C2%BCgyeleti%20d%C3%83%C2%ADj%20elj%C3%83%C2%A1r%C3%83%C2%A1s%20terv070914.doc HTTP/1.1" 200 - "-" "Mozilla/5.0 (compatible; DotBot/1.2; +https://opensiteexplorer.org/dotbot; help@moz.com)"
216.244.66.200 - - [09/Feb/2024:03:15:07 +0100] "GET /files/jogalkotas_nyilv%C3%83%C2%A1noss%C3%83%C2%A1ga%20m%C3%83%C2%A1rc-%C3%83%C2%A1pr.xls HTTP/1.1" 200 - "-" "Mozilla/5.0 (compatible; DotBot/1.2; +https://opensiteexplorer.org/dotbot; help@moz.com)"
216.244.66.200 - - [09/Feb/2024:03:18:03 +0100] "GET /taxonomy/term/77/0/feed HTTP/1.1" 200 - "-" "Mozilla/5.0 (compatible; DotBot/1.2; +https://opensiteexplorer.org/dotbot; help@moz.com)"
216.244.66.200 - - [09/Feb/2024:03:36:15 +0100] "GET /robots.txt HTTP/1.1" 200 1590 "-" "Mozilla/5.0 (compatible; DotBot/1.2; +https://opensiteexplorer.org/dotbot; help@moz.com)"
216.244.66.200 - - [09/Feb/2024:04:01:02 +0100] "GET /files/s%C3%83%C2%BCrg%C3%85%E2%80%98s%20sz%C3%83%C2%BCks%C3%83%C2%A9g%20k%C3%83%C2%B6r%C3%83%C2%A9be%20taroz%C3%83%C2%B3%20egyes%20eg%C3%83%C2%A9szs%C3%83%C2%A9g%C3%83%C2%BCgyi%20szolg%C3%83%C2%A1lt..doc HTTP/1.1" 200 - "-" "Mozilla/5.0 (compatible; DotBot/1.2; +https://opensiteexplorer.org/dotbot; help@moz.com)"
216.244.66.200 - - [09/Feb/2024:04:02:28 +0100] "GET /files/igazs%C3%83%C2%A1g%C3%83%C2%BCgyi_szak%C3%83%C2%A9rt%C3%85%E2%80%98i_tev%C3%83%C2%A9kenys%C3%83%C2%A9g_folytat%C3%83%C2%A1s%C3%83%C2%A1hoz_sz%C3%83%C2%BCks%C3%83%C2%A9ges_szakmai_gyakorlat_igazol%C3%83%C2%A1s%C3%83%C2%A1nak_rendj%C3%83%C2%A9r%C3%85%E2%80%98l_sz%C3%83%C2%B3l%C3%83%C2%B3_e%C3%83%C2%BCm_rendelet_tervezet_8.doc HTTP/1.1" 200 - "-" "Mozilla/5.0 (compatible; DotBot/1.2; +https://opensiteexplorer.org/dotbot; help@moz.com)"
51.89.233.171 - - [09/Feb/2024:04:23:56 +0100] "GET /wordpress/ HTTP/1.1" 200 - "-" "-"
216.244.66.200 - - [09/Feb/2024:04:29:19 +0100] "GET /robots.txt HTTP/1.1" 200 1590 "-" "Mozilla/5.0 (compatible; DotBot/1.2; +https://opensiteexplorer.org/dotbot; help@moz.com)"
216.244.66.200 - - [09/Feb/2024:04:29:19 +0100] "GET /robots.txt HTTP/1.1" 200 1590 "-" "Mozilla/5.0 (compatible; DotBot/1.2; +https://opensiteexplorer.org/dotbot; help@moz.com)"
216.244.66.200 - - [09/Feb/2024:04:55:08 +0100] "GET /taxonomy/term/96/0/feed HTTP/1.1" 200 - "-" "Mozilla/5.0 (compatible; DotBot/1.2; +https://opensiteexplorer.org/dotbot; help@moz.com)"
216.244.66.200 - - [09/Feb/2024:04:57:13 +0100] "GET /taxonomy/term/84/0/feed HTTP/1.1" 200 - "-" "Mozilla/5.0 (compatible; DotBot/1.2; +https://opensiteexplorer.org/dotbot; help@moz.com)"
66.249.70.102 - - [09/Feb/2024:05:22:48 +0100] "GET /files/ptk.dolo- HTTP/1.1" 200 - "-" "Mozilla/5.0 (Linux; Android 6.0.1; Nexus 5X Build/MMB29P) AppleWebKit/537.36 (KHTML, like Gecko) Chrome/121.0.6167.85 Mobile Safari/537.36 (compatible; Googlebot/2.1; +http://www.google.com/bot.html)"
216.244.66.200 - - [09/Feb/2024:05:23:52 +0100] "GET /robots.txt HTTP/1.1" 200 1590 "-" "Mozilla/5.0 (compatible; DotBot/1.2; +https://opensiteexplorer.org/dotbot; help@moz.com)"
84.0.122.45 - - [09/Feb/2024:05:34:14 +0100] "GET /files/eloterjesztes_ekozig2010_0604.pdf HTTP/1.1" 200 231429 "https://www.google.com/" "Mozilla/5.0 (Linux; Android 10; K) AppleWebKit/537.36 (KHTML, like Gecko) Chrome/121.0.0.0 Mobile Safari/537.36"
84.0.122.45 - - [09/Feb/2024:05:35:57 +0100] "GET /files/eloterjesztes_ekozig2010_0604.pdf HTTP/1.1" 206 1 "https://www.google.com/" "Mozilla/5.0 (Linux; Android 10; K) AppleWebKit/537.36 (KHTML, like Gecko) Chrome/121.0.0.0 Mobile Safari/537.36"
84.0.122.45 - - [09/Feb/2024:05:35:57 +0100] "GET /files/eloterjesztes_ekozig2010_0604.pdf HTTP/1.1" 206 35486 "https://www.google.com/" "Mozilla/5.0 (Linux; Android 10; K) AppleWebKit/537.36 (KHTML, like Gecko) Chrome/121.0.0.0 Mobile Safari/537.36"
216.244.66.200 - - [09/Feb/2024:05:46:32 +0100] "GET /taxonomy/term/108/0/feed HTTP/1.1" 200 - "-" "Mozilla/5.0 (compatible; DotBot/1.2; +https://opensiteexplorer.org/dotbot; help@moz.com)"
66.249.64.76 - - [09/Feb/2024:06:07:16 +0100] "GET /files/oksz_terv_100302.pdf HTTP/1.1" 304 - "-" "Mozilla/5.0 (Linux; Android 6.0.1; Nexus 5X Build/MMB29P) AppleWebKit/537.36 (KHTML, like Gecko) Chrome/121.0.6167.85 Mobile Safari/537.36 (compatible; Googlebot/2.1; +http://www.google.com/bot.html)"
216.244.66.200 - - [09/Feb/2024:06:20:52 +0100] "GET /robots.txt HTTP/1.1" 200 1590 "-" "Mozilla/5.0 (compatible; DotBot/1.2; +https://opensiteexplorer.org/dotbot; help@moz.com)"
52.167.144.236 - - [09/Feb/2024:06:24:18 +0100] "GET /taxonomy/term/18%2023%2024%2026%2025%2027%2028%2029%2052%2041%2031%2032%2098%2033%2048%20106%20103%2099%20107%2034%2049%2035%2051%20100%2036%2050%20105?page=8 HTTP/1.1" 200 - "-" "Mozilla/5.0 AppleWebKit/537.36 (KHTML, like Gecko; compatible; bingbot/2.0; +http://www.bing.com/bingbot.htm) Chrome/116.0.1938.76 Safari/537.36"
52.167.144.236 - - [09/Feb/2024:06:24:50 +0100] "GET /taxonomy/term/18%2023%2024%2026%2025%2027%2028%2029%2052%2041%2031%2032%2098%2033%2048%20106%20103%2099%20107%2034%2049%2035%2051%20100%2036%2050%20105?page=8 HTTP/1.1" 200 - "-" "Mozilla/5.0 AppleWebKit/537.36 (KHTML, like Gecko; compatible; bingbot/2.0; +http://www.bing.com/bingbot.htm) Chrome/116.0.1938.76 Safari/537.36"
216.244.66.200 - - [09/Feb/2024:06:40:15 +0100] "GET /taxonomy/term/66/0/feed HTTP/1.1" 200 - "-" "Mozilla/5.0 (compatible; DotBot/1.2; +https://opensiteexplorer.org/dotbot; help@moz.com)"
93.124.96.33 - - [09/Feb/2024:06:43:35 +0100] "GET / HTTP/1.0" 200 - "-" "Mozilla/5.0 (Windows NT 6.3; Win64; x64) AppleWebKit/537.36 (KHTML, like Gecko) Chrome/75.0.3770.100 Safari/537.36"
66.249.64.76 - - [09/Feb/2024:06:52:16 +0100] "GET /files/6125_2_.pdf HTTP/1.1" 304 - "-" "Mozilla/5.0 (Linux; Android 6.0.1; Nexus 5X Build/MMB29P) AppleWebKit/537.36 (KHTML, like Gecko) Chrome/121.0.6167.85 Mobile Safari/537.36 (compatible; Googlebot/2.1; +http://www.google.com/bot.html)"
66.249.70.102 - - [09/Feb/2024:06:57:18 +0100] "GET /files/martinsalak.pdf HTTP/1.1" 304 - "-" "Mozilla/5.0 (Linux; Android 6.0.1; Nexus 5X Build/MMB29P) AppleWebKit/537.36 (KHTML, like Gecko) Chrome/121.0.6167.85 Mobile Safari/537.36 (compatible; Googlebot/2.1; +http://www.google.com/bot.html)"
66.249.64.64 - - [09/Feb/2024:07:09:20 +0100] "GET /files/szakkepzes_isk_9_evftam_060303.pdf HTTP/1.1" 200 184517 "-" "Googlebot/2.1 (+http://www.google.com/bot.html)"
66.249.64.75 - - [09/Feb/2024:07:14:19 +0100] "GET /files/kollegium_terv_090922.pdf HTTP/1.1" 304 - "-" "Mozilla/5.0 (Linux; Android 6.0.1; Nexus 5X Build/MMB29P) AppleWebKit/537.36 (KHTML, like Gecko) Chrome/121.0.6167.85 Mobile Safari/537.36 (compatible; Googlebot/2.1; +http://www.google.com/bot.html)"
66.249.70.103 - - [09/Feb/2024:07:14:21 +0100] "GET /files/hm_rendelet_tervezet_minositett_adat_vedelmerol.pdf HTTP/1.1" 200 146515 "-" "Mozilla/5.0 (Linux; Android 6.0.1; Nexus 5X Build/MMB29P) AppleWebKit/537.36 (KHTML, like Gecko) Chrome/121.0.6167.85 Mobile Safari/537.36 (compatible; Googlebot/2.1; +http://www.google.com/bot.html)"
216.244.66.200 - - [09/Feb/2024:07:21:50 +0100] "GET /robots.txt HTTP/1.1" 200 1590 "-" "Mozilla/5.0 (compatible; DotBot/1.2; +https://opensiteexplorer.org/dotbot; help@moz.com)"
216.244.66.200 - - [09/Feb/2024:07:21:50 +0100] "GET /robots.txt HTTP/1.1" 200 1590 "-" "Mozilla/5.0 (compatible; DotBot/1.2; +https://opensiteexplorer.org/dotbot; help@moz.com)"
216.244.66.200 - - [09/Feb/2024:07:48:39 +0100] "GET /files/11340_2.pdf HTTP/1.1" 200 109543 "-" "Mozilla/5.0 (compatible; DotBot/1.2; +https://opensiteexplorer.org/dotbot; help@moz.com)"
216.244.66.200 - - [09/Feb/2024:07:49:37 +0100] "GET /files/menet%C3%83%C2%ADr%C3%83%C2%B3%20k%C3%83%C2%A9sz%C3%83%C2%BCl%C3%83%C2%A9k-k%C3%83%C2%B6zig_egyzetet%C3%83%C2%A9sre_GKM_tervezet.doc HTTP/1.1" 200 - "-" "Mozilla/5.0 (compatible; DotBot/1.2; +https://opensiteexplorer.org/dotbot; help@moz.com)"
216.244.66.200 - - [09/Feb/2024:07:50:20 +0100] "GET /files/%C3%83%C2%A1fatv._0912.doc HTTP/1.1" 200 - "-" "Mozilla/5.0 (compatible; DotBot/1.2; +https://opensiteexplorer.org/dotbot; help@moz.com)"
216.244.66.200 - - [09/Feb/2024:07:50:40 +0100] "GET /files/43_2003_fvm_mod.pdf HTTP/1.1" 200 44617 "-" "Mozilla/5.0 (compatible; DotBot/1.2; +https://opensiteexplorer.org/dotbot; help@moz.com)"
216.244.66.200 - - [09/Feb/2024:07:51:11 +0100] "GET /files/KHEM_3506_9.doc HTTP/1.1" 200 359936 "-" "Mozilla/5.0 (compatible; DotBot/1.2; +https://opensiteexplorer.org/dotbot; help@moz.com)"
216.244.66.200 - - [09/Feb/2024:07:51:41 +0100] "GET /files/epolgarokszemelyiadatai.doc HTTP/1.1" 200 125440 "-" "Mozilla/5.0 (compatible; DotBot/1.2; +https://opensiteexplorer.org/dotbot; help@moz.com)"
216.244.66.200 - - [09/Feb/2024:07:52:15 +0100] "GET /files/kjt_terv_080213.pdf HTTP/1.1" 200 390013 "-" "Mozilla/5.0 (compatible; DotBot/1.2; +https://opensiteexplorer.org/dotbot; help@moz.com)"
216.244.66.200 - - [09/Feb/2024:07:52:48 +0100] "GET /files/licenc_EUM_rend_100202.doc HTTP/1.1" 200 290816 "-" "Mozilla/5.0 (compatible; DotBot/1.2; +https://opensiteexplorer.org/dotbot; help@moz.com)"
216.244.66.200 - - [09/Feb/2024:07:53:19 +0100] "GET /files/szakszo_muszaki.pdf HTTP/1.1" 200 232020 "-" "Mozilla/5.0 (compatible; DotBot/1.2; +https://opensiteexplorer.org/dotbot; help@moz.com)"
216.244.66.200 - - [09/Feb/2024:07:53:51 +0100] "GET /files/cervantes_egyezmeny_eloterjesztes.doc HTTP/1.1" 200 66048 "-" "Mozilla/5.0 (compatible; DotBot/1.2; +https://opensiteexplorer.org/dotbot; help@moz.com)"
216.244.66.200 - - [09/Feb/2024:07:54:19 +0100] "GET /files/kozalkalmazotti_jogviszonyl_rendelet_tervezet.pdf HTTP/1.1" 200 142726 "-" "Mozilla/5.0 (compatible; DotBot/1.2; +https://opensiteexplorer.org/dotbot; help@moz.com)"
216.244.66.200 - - [09/Feb/2024:07:55:17 +0100] "GET /files/60_2004___vii__6___eszcsm_rendelet_m%C3%83%C2%B3dos%C3%83%C2%ADt%C3%83%C2%A1sa_6.doc HTTP/1.1" 200 - "-" "Mozilla/5.0 (compatible; DotBot/1.2; +https://opensiteexplorer.org/dotbot; help@moz.com)"
144.76.14.54 - - [09/Feb/2024:07:55:40 +0100] "GET /robots.txt HTTP/1.1" 200 1590 "-" "Mozilla/5.0 (Windows NT 10.0; Win64; x64; trendictionbot0.5.0; trendiction search; http://www.trendiction.de/bot; please let us know of any problems; web at trendiction.com) Gecko/20170101 Firefox/67.0"
216.244.66.200 - - [09/Feb/2024:07:56:08 +0100] "GET /files/e%C3%83%C2%BC.i%20oklevelek%20%20bizony%C3%83%C2%ADtv%C3%83%C2%A1nyok%20megnevez%C3%83%C2%A9se-t%C3%83%C2%A1rc%C3%83%C2%A1ra.doc HTTP/1.1" 200 - "-" "Mozilla/5.0 (compatible; DotBot/1.2; +https://opensiteexplorer.org/dotbot; help@moz.com)"
144.76.14.54 - - [09/Feb/2024:07:56:14 +0100] "GET / HTTP/1.1" 200 - "-" "Mozilla/5.0 (Windows NT 10.0; Win64; x64; trendictionbot0.5.0; trendiction search; http://www.trendiction.de/bot; please let us know of any problems; web at trendiction.com) Gecko/20170101 Firefox/67.0"
144.76.14.54 - - [09/Feb/2024:07:56:46 +0100] "GET / HTTP/1.1" 200 - "-" "Mozilla/5.0 (Windows NT 10.0; Win64; x64; trendictionbot0.5.0; trendiction search; http://www.trendiction.de/bot; please let us know of any problems; web at trendiction.com) Gecko/20170101 Firefox/67.0"
216.244.66.200 - - [09/Feb/2024:07:56:58 +0100] "GET /taxonomy/term/107/0/feed HTTP/1.1" 200 - "-" "Mozilla/5.0 (compatible; DotBot/1.2; +https://opensiteexplorer.org/dotbot; help@moz.com)"
66.249.64.75 - - [09/Feb/2024:07:57:16 +0100] "GET /files/Tuzszolszab..pdf HTTP/1.1" 304 - "-" "Mozilla/5.0 (Linux; Android 6.0.1; Nexus 5X Build/MMB29P) AppleWebKit/537.36 (KHTML, like Gecko) Chrome/121.0.6167.85 Mobile Safari/537.36 (compatible; Googlebot/2.1; +http://www.google.com/bot.html)"
144.76.14.54 - - [09/Feb/2024:07:57:18 +0100] "GET / HTTP/1.1" 200 - "-" "Mozilla/5.0 (Windows NT 10.0; Win64; x64; trendictionbot0.5.0; trendiction search; http://www.trendiction.de/bot; please let us know of any problems; web at trendiction.com) Gecko/20170101 Firefox/67.0"
216.244.66.200 - - [09/Feb/2024:07:57:48 +0100] "GET /taxonomy/term/38/0/feed HTTP/1.1" 200 - "-" "Mozilla/5.0 (compatible; DotBot/1.2; +https://opensiteexplorer.org/dotbot; help@moz.com)"
144.76.14.54 - - [09/Feb/2024:07:57:50 +0100] "GET / HTTP/1.1" 200 - "-" "Mozilla/5.0 (Windows NT 10.0; Win64; x64; trendictionbot0.5.0; trendiction search; http://www.trendiction.de/bot; please let us know of any problems; web at trendiction.com) Gecko/20170101 Firefox/67.0"
52.167.144.229 - - [09/Feb/2024:08:06:26 +0100] "GET /files/_fg9oa2t42ee0meub5ctsmaso_.pdf HTTP/1.1" 200 215475 "-" "Mozilla/5.0 AppleWebKit/537.36 (KHTML, like Gecko; compatible; bingbot/2.0; +http://www.bing.com/bingbot.htm) Chrome/116.0.1938.76 Safari/537.36"
216.244.66.200 - - [09/Feb/2024:08:25:19 +0100] "GET /robots.txt HTTP/1.1" 200 1590 "-" "Mozilla/5.0 (compatible; DotBot/1.2; +https://opensiteexplorer.org/dotbot; help@moz.com)"
216.244.66.200 - - [09/Feb/2024:08:25:20 +0100] "GET /robots.txt HTTP/1.1" 200 1590 "-" "Mozilla/5.0 (compatible; DotBot/1.2; +https://opensiteexplorer.org/dotbot; help@moz.com)"
66.249.64.64 - - [09/Feb/2024:08:27:17 +0100] "GET /files/szakke_terv_080411.pdf HTTP/1.1" 200 332232 "-" "Mozilla/5.0 (Linux; Android 6.0.1; Nexus 5X Build/MMB29P) AppleWebKit/537.36 (KHTML, like Gecko) Chrome/121.0.6167.85 Mobile Safari/537.36 (compatible; Googlebot/2.1; +http://www.google.com/bot.html)"
216.244.66.200 - - [09/Feb/2024:08:57:43 +0100] "GET /files/TK50.pdf HTTP/1.1" 200 134264 "-" "Mozilla/5.0 (compatible; DotBot/1.2; +https://opensiteexplorer.org/dotbot; help@moz.com)"
216.244.66.200 - - [09/Feb/2024:08:59:28 +0100] "GET /files/3921_eloiranyzatok.pdf HTTP/1.1" 200 177458 "-" "Mozilla/5.0 (compatible; DotBot/1.2; +https://opensiteexplorer.org/dotbot; help@moz.com)"
216.244.66.200 - - [09/Feb/2024:08:59:39 +0100] "GET /files/etulajdonviszonyok.xls HTTP/1.1" 200 27136 "-" "Mozilla/5.0 (compatible; DotBot/1.2; +https://opensiteexplorer.org/dotbot; help@moz.com)"
216.244.66.200 - - [09/Feb/2024:08:59:52 +0100] "GET /files/kozzetetel.doc HTTP/1.1" 200 34304 "-" "Mozilla/5.0 (compatible; DotBot/1.2; +https://opensiteexplorer.org/dotbot; help@moz.com)"
216.244.66.200 - - [09/Feb/2024:09:00:16 +0100] "GET /files/szakke_terv_080411.pdf HTTP/1.1" 200 332232 "-" "Mozilla/5.0 (compatible; DotBot/1.2; +https://opensiteexplorer.org/dotbot; help@moz.com)"
216.244.66.200 - - [09/Feb/2024:09:01:09 +0100] "GET /files/szmr_eloterj_061204.pdf HTTP/1.1" 200 529564 "-" "Mozilla/5.0 (compatible; DotBot/1.2; +https://opensiteexplorer.org/dotbot; help@moz.com)"
216.244.66.200 - - [09/Feb/2024:09:02:10 +0100] "GET /files/szoc_tvk_070503.pdf HTTP/1.1" 200 - "-" "Mozilla/5.0 (compatible; DotBot/1.2; +https://opensiteexplorer.org/dotbot; help@moz.com)"
216.244.66.200 - - [09/Feb/2024:09:02:36 +0100] "GET /files/090311kumrendelet_fejezetikezeles.pdf HTTP/1.1" 200 205554 "-" "Mozilla/5.0 (compatible; DotBot/1.2; +https://opensiteexplorer.org/dotbot; help@moz.com)"
216.244.66.200 - - [09/Feb/2024:09:03:14 +0100] "GET /files/KuM_rendelet_tervezet_080226.pdf HTTP/1.1" 200 288113 "-" "Mozilla/5.0 (compatible; DotBot/1.2; +https://opensiteexplorer.org/dotbot; help@moz.com)"
216.244.66.200 - - [09/Feb/2024:09:03:46 +0100] "GET /files/elelm_tap_ossz_allitas_rend_terv_090504.doc HTTP/1.1" 200 50176 "-" "Mozilla/5.0 (compatible; DotBot/1.2; +https://opensiteexplorer.org/dotbot; help@moz.com)"
216.244.66.200 - - [09/Feb/2024:09:26:43 +0100] "GET /robots.txt HTTP/1.1" 200 1590 "-" "Mozilla/5.0 (compatible; DotBot/1.2; +https://opensiteexplorer.org/dotbot; help@moz.com)"
216.244.66.200 - - [09/Feb/2024:09:26:43 +0100] "GET /robots.txt HTTP/1.1" 200 1590 "-" "Mozilla/5.0 (compatible; DotBot/1.2; +https://opensiteexplorer.org/dotbot; help@moz.com)"
185.191.171.9 - - [09/Feb/2024:09:27:52 +0100] "GET /robots.txt HTTP/1.1" 200 1590 "-" "Mozilla/5.0 (compatible; SemrushBot/7~bl; +http://www.semrush.com/bot.html)"
85.208.96.212 - - [09/Feb/2024:09:28:24 +0100] "GET / HTTP/1.1" 200 - "-" "Mozilla/5.0 (compatible; SemrushBot/7~bl; +http://www.semrush.com/bot.html)"
85.208.96.195 - - [09/Feb/2024:09:28:32 +0100] "GET /sitemap.xml HTTP/1.1" 200 - "-" "Mozilla/5.0 (compatible; SemrushBot/7~bl; +http://www.semrush.com/bot.html)"
85.208.96.195 - - [09/Feb/2024:09:28:47 +0100] "GET /sitemap.xml HTTP/1.1" 200 - "-" "Mozilla/5.0 (compatible; SemrushBot/7~bl; +http://www.semrush.com/bot.html)"
85.208.96.212 - - [09/Feb/2024:09:28:56 +0100] "GET / HTTP/1.1" 200 - "-" "Mozilla/5.0 (compatible; SemrushBot/7~bl; +http://www.semrush.com/bot.html)"
216.244.66.200 - - [09/Feb/2024:09:54:23 +0100] "GET /files/SzaboMate_hozz%C3%83%C2%A1f%C3%83%C2%A9r%C3%83%C2%A9s.pps HTTP/1.1" 200 - "-" "Mozilla/5.0 (compatible; DotBot/1.2; +https://opensiteexplorer.org/dotbot; help@moz.com)"
216.244.66.200 - - [09/Feb/2024:09:55:54 +0100] "GET /files/NFGM4660.pdf HTTP/1.1" 200 478452 "-" "Mozilla/5.0 (compatible; DotBot/1.2; +https://opensiteexplorer.org/dotbot; help@moz.com)"
216.244.66.200 - - [09/Feb/2024:09:56:10 +0100] "GET /files/R3322.pdf HTTP/1.1" 200 176510 "-" "Mozilla/5.0 (compatible; DotBot/1.2; +https://opensiteexplorer.org/dotbot; help@moz.com)"
216.244.66.200 - - [09/Feb/2024:10:00:29 +0100] "GET /files/hm_rendelet_tervezet_penzbeli_szocialis_juttatasok_modositasarol.pdf HTTP/1.1" 200 156577 "-" "Mozilla/5.0 (compatible; DotBot/1.2; +https://opensiteexplorer.org/dotbot; help@moz.com)"
217.65.122.13 - - [09/Feb/2024:10:01:20 +0100] "GET /files/2_sz_melleklet_061031.pdf HTTP/1.1" 200 56446 "https://www.kapu.hu/" "Mozilla/5.0 (Windows NT 10.0; Win64; x64) AppleWebKit/537.36 (KHTML, like Gecko) Chrome/121.0.0.0 Safari/537.36 Edg/121.0.0.0"
217.65.122.13 - - [09/Feb/2024:10:01:20 +0100] "GET /favicon.ico HTTP/1.1" 404 57 "http://www.jogalkotas.hu/files/2_sz_melleklet_061031.pdf" "Mozilla/5.0 (Windows NT 10.0; Win64; x64) AppleWebKit/537.36 (KHTML, like Gecko) Chrome/121.0.0.0 Safari/537.36 Edg/121.0.0.0"
216.244.66.200 - - [09/Feb/2024:10:01:33 +0100] "GET /taxonomy/term/31/0/feed HTTP/1.1" 200 - "-" "Mozilla/5.0 (compatible; DotBot/1.2; +https://opensiteexplorer.org/dotbot; help@moz.com)"
216.244.66.200 - - [09/Feb/2024:10:03:13 +0100] "GET /taxonomy/term/60/0/feed HTTP/1.1" 200 - "-" "Mozilla/5.0 (compatible; DotBot/1.2; +https://opensiteexplorer.org/dotbot; help@moz.com)"
216.244.66.200 - - [09/Feb/2024:10:04:03 +0100] "GET /taxonomy/term/94/0/feed HTTP/1.1" 200 - "-" "Mozilla/5.0 (compatible; DotBot/1.2; +https://opensiteexplorer.org/dotbot; help@moz.com)"
216.244.66.200 - - [09/Feb/2024:10:05:20 +0100] "GET /files/a_finansz%C3%83%C2%ADroz%C3%83%C2%A1si_protokollok_k%C3%83%C2%A9sz%C3%83%C2%ADt%C3%83%C2%A9s%C3%83%C2%A9nek_elj%C3%83%C2%A1r%C3%83%C2%A1srendj%C3%83%C2%A9r%C3%85%E2%80%98l_sz%C3%83%C2%B3l%C3%83%C2%B3_e%C3%83%C2%BCm_rendelet_tervezet_8.doc HTTP/1.1" 200 - "-" "Mozilla/5.0 (compatible; DotBot/1.2; +https://opensiteexplorer.org/dotbot; help@moz.com)"
84.3.22.201 - - [09/Feb/2024:10:08:12 +0100] "GET /files/Tuzszolszab..pdf HTTP/1.1" 200 424954 "https://www.google.com/" "Mozilla/5.0 (Linux; Android 10; K) AppleWebKit/537.36 (KHTML, like Gecko) Chrome/121.0.0.0 Mobile Safari/537.36"
84.3.22.201 - - [09/Feb/2024:10:08:16 +0100] "GET /files/Tuzszolszab..pdf HTTP/1.1" 206 1 "https://www.google.com/" "Mozilla/5.0 (Linux; Android 10; K) AppleWebKit/537.36 (KHTML, like Gecko) Chrome/121.0.0.0 Mobile Safari/537.36"
84.3.22.201 - - [09/Feb/2024:10:08:16 +0100] "GET /files/Tuzszolszab..pdf HTTP/1.1" 206 17076 "https://www.google.com/" "Mozilla/5.0 (Linux; Android 10; K) AppleWebKit/537.36 (KHTML, like Gecko) Chrome/121.0.0.0 Mobile Safari/537.36"
216.244.66.200 - - [09/Feb/2024:10:25:26 +0100] "GET /robots.txt HTTP/1.1" 200 1590 "-" "Mozilla/5.0 (compatible; DotBot/1.2; +https://opensiteexplorer.org/dotbot; help@moz.com)"
194.250.98.243 - - [09/Feb/2024:10:44:36 +0100] "GET /files/statutum.doc HTTP/1.1" 200 166912 "https://www.google.com/" "Mozilla/5.0 (Windows NT 10.0; Win64; x64) AppleWebKit/537.36 (KHTML, like Gecko) Chrome/120.0.0.0 Safari/537.36 Edg/120.0.0.0"
65.154.226.169 - - [09/Feb/2024:10:45:16 +0100] "GET / HTTP/1.1" 200 - "-" "Mozilla/5.0 (Windows NT 10.0) AppleWebKit/537.36 (KHTML, like Gecko) Chrome/106.0.0.0 Safari/537.36"
65.108.64.210 - - [09/Feb/2024:10:45:57 +0100] "GET /robots.txt HTTP/1.1" 200 1590 "-" "Mozilla/5.0 (compatible; MJ12bot/v1.4.8; http://mj12bot.com/)"
40.77.167.46 - - [09/Feb/2024:10:46:35 +0100] "GET /files/rendelet_szakmapolra.doc HTTP/1.1" 304 - "-" "Mozilla/5.0 AppleWebKit/537.36 (KHTML, like Gecko; compatible; bingbot/2.0; +http://www.bing.com/bingbot.htm) Chrome/116.0.1938.76 Safari/537.36"
