216.244.66.200 - - [13/Feb/2024:15:29:27 +0100] "GET /files/NAR_jogharmoniz%C3%83%C2%A1ci%C3%83%C2%B3_kozigazgatasi%20egyeztetesre.doc HTTP/1.1" 200 - "-" "Mozilla/5.0 (compatible; DotBot/1.2; +https://opensiteexplorer.org/dotbot; help@moz.com)"
216.244.66.200 - - [13/Feb/2024:15:30:18 +0100] "GET /files/megfelel%C3%83%C2%A9si_t%C3%83%C2%A1bl%C3%83%C2%A1zat-561-2006-ek.doc HTTP/1.1" 200 - "-" "Mozilla/5.0 (compatible; DotBot/1.2; +https://opensiteexplorer.org/dotbot; help@moz.com)"
216.244.66.200 - - [13/Feb/2024:15:49:44 +0100] "GET /robots.txt HTTP/1.1" 200 1590 "-" "Mozilla/5.0 (compatible; DotBot/1.2; +https://opensiteexplorer.org/dotbot; help@moz.com)"
216.244.66.200 - - [13/Feb/2024:16:00:44 +0100] "GET /files/tervezet_0702_kozigre.doc HTTP/1.1" 200 106496 "-" "Mozilla/5.0 (compatible; DotBot/1.2; +https://opensiteexplorer.org/dotbot; help@moz.com)"
216.244.66.200 - - [13/Feb/2024:16:01:12 +0100] "GET /files/0322_140_2001_korm._rendelet_m_dos_t_s_el_terjeszt_s.doc HTTP/1.1" 200 141312 "-" "Mozilla/5.0 (compatible; DotBot/1.2; +https://opensiteexplorer.org/dotbot; help@moz.com)"
216.244.66.200 - - [13/Feb/2024:16:01:50 +0100] "GET /files/0502_43_1999._m_d_terv._04.20..doc HTTP/1.1" 200 44544 "-" "Mozilla/5.0 (compatible; DotBot/1.2; +https://opensiteexplorer.org/dotbot; help@moz.com)"
216.244.66.200 - - [13/Feb/2024:16:02:28 +0100] "GET /files/13per1992_NM_rend_mod_100311.doc HTTP/1.1" 200 130048 "-" "Mozilla/5.0 (compatible; DotBot/1.2; +https://opensiteexplorer.org/dotbot; help@moz.com)"
216.244.66.200 - - [13/Feb/2024:16:03:05 +0100] "GET /files/49_1999_korm_rendelet_080610.pdf HTTP/1.1" 200 138709 "-" "Mozilla/5.0 (compatible; DotBot/1.2; +https://opensiteexplorer.org/dotbot; help@moz.com)"
216.244.66.200 - - [13/Feb/2024:16:03:54 +0100] "GET /files/50per1996_MN_rend_mod_081210.doc HTTP/1.1" 200 323072 "-" "Mozilla/5.0 (compatible; DotBot/1.2; +https://opensiteexplorer.org/dotbot; help@moz.com)"
216.244.66.200 - - [13/Feb/2024:16:04:29 +0100] "GET /files/bet_csop_finansz_elj_szer_min_rend_090317.doc HTTP/1.1" 200 53248 "-" "Mozilla/5.0 (compatible; DotBot/1.2; +https://opensiteexplorer.org/dotbot; help@moz.com)"
216.244.66.200 - - [13/Feb/2024:16:05:02 +0100] "GET /files/gyogysz_gyseszk_kisz_birs_felt_korm_rend_terv081208.doc HTTP/1.1" 200 43008 "-" "Mozilla/5.0 (compatible; DotBot/1.2; +https://opensiteexplorer.org/dotbot; help@moz.com)"
216.244.66.200 - - [13/Feb/2024:16:05:42 +0100] "GET /files/hm_rendelet_tervezet_fontos_bizalmas_munkakorokrol.pdf HTTP/1.1" 200 187722 "-" "Mozilla/5.0 (compatible; DotBot/1.2; +https://opensiteexplorer.org/dotbot; help@moz.com)"
216.244.66.200 - - [13/Feb/2024:16:06:49 +0100] "GET /files/34_2003___vi__7___eszcsm_rendelet_m%C3%83%C2%B3dos%C3%83%C2%ADt%C3%83%C2%A1sa_8.doc HTTP/1.1" 200 - "-" "Mozilla/5.0 (compatible; DotBot/1.2; +https://opensiteexplorer.org/dotbot; help@moz.com)"
216.244.66.200 - - [13/Feb/2024:16:07:39 +0100] "GET /files/BaloghGy_infszab.%20jogi%20h%C3%83%C2%A1ttere%20%C3%83%C2%A9s%20jelent%C3%85%E2%80%98s%C3%83%C2%A9ge.ppt HTTP/1.1" 200 - "-" "Mozilla/5.0 (compatible; DotBot/1.2; +https://opensiteexplorer.org/dotbot; help@moz.com)"
79.209.37.229 - - [13/Feb/2024:16:16:02 +0100] "GET /files/szakertoidijazas.doc HTTP/1.1" 200 59392 "-" "Mozilla/5.0 (Windows NT 10.0; WOW64; Trident/7.0; rv:11.0) like Gecko"
192.99.15.17 - - [13/Feb/2024:16:34:11 +0100] "GET /robots.txt HTTP/1.1" 200 1590 "-" "Mozilla/5.0 (compatible; MJ12bot/v1.4.8; http://mj12bot.com/)"
192.99.15.17 - - [13/Feb/2024:16:34:54 +0100] "GET /files/AZ%20%C3%83?S%20MELL%C3%83%E2%80%B0KLETEI.htm.txt HTTP/1.1" 200 - "-" "Mozilla/5.0 (compatible; MJ12bot/v1.4.8; http://mj12bot.com/)"
216.244.66.200 - - [13/Feb/2024:16:39:02 +0100] "GET /robots.txt HTTP/1.1" 200 1590 "-" "Mozilla/5.0 (compatible; DotBot/1.2; +https://opensiteexplorer.org/dotbot; help@moz.com)"
95.217.109.26 - - [13/Feb/2024:16:50:45 +0100] "GET /robots.txt HTTP/1.1" 200 1590 "-" "Mozilla/5.0 (compatible; MJ12bot/v1.4.8; http://mj12bot.com/)"
216.244.66.200 - - [13/Feb/2024:16:51:20 +0100] "GET /files/beosztsasi_kategoria_rendfokozat_tervezet.pdf HTTP/1.1" 200 218999 "-" "Mozilla/5.0 (compatible; DotBot/1.2; +https://opensiteexplorer.org/dotbot; help@moz.com)"
95.217.109.26 - - [13/Feb/2024:16:51:28 +0100] "GET /files/9-93.normasz%C3%83%C2%B6veg.m%C3%83%C2%B3d.2007.febr.T%C3%83?RCA.doc HTTP/1.1" 200 - "-" "Mozilla/5.0 (compatible; MJ12bot/v1.4.8; http://mj12bot.com/)"
216.244.66.200 - - [13/Feb/2024:16:51:52 +0100] "GET /files/egyes_kemiai_min_rend_terv_20090603.doc HTTP/1.1" 200 41472 "-" "Mozilla/5.0 (compatible; DotBot/1.2; +https://opensiteexplorer.org/dotbot; help@moz.com)"
163.172.139.246 - - [13/Feb/2024:16:52:33 +0100] "HEAD / HTTP/1.1" 200 - "-" "Mozilla/5.0 (Windows NT 10.0; Win64; x64) AppleWebKit/537.36 (KHTML, like Gecko) Chrome/117.0.0.0 Safari/537.36"
163.172.139.246 - - [13/Feb/2024:16:52:33 +0100] "HEAD / HTTP/1.1" 200 - "-" "Mozilla/5.0 (Windows NT 10.0; Win64; x64) AppleWebKit/537.36 (KHTML, like Gecko) Chrome/116.0.0.0 Safari/537.36"
216.244.66.200 - - [13/Feb/2024:16:52:47 +0100] "GET /files/erettsegi_szakmai_terv_090220.pdf HTTP/1.1" 200 368189 "-" "Mozilla/5.0 (compatible; DotBot/1.2; +https://opensiteexplorer.org/dotbot; help@moz.com)"
163.172.139.246 - - [13/Feb/2024:16:53:05 +0100] "GET / HTTP/1.1" 200 - "-" "Mozilla/5.0 (Windows NT 10.0; Win64; x64) AppleWebKit/537.36 (KHTML, like Gecko) Chrome/117.0.0.0 Safari/537.36 Edg/117.0.2045.43"
163.172.139.246 - - [13/Feb/2024:16:53:05 +0100] "GET / HTTP/1.1" 200 - "-" "Mozilla/5.0 (iPhone; CPU iPhone OS 16_6 like Mac OS X) AppleWebKit/605.1.15 (KHTML, like Gecko) CriOS/117.0.5938.117 Mobile/15E148 Safari/604.1"
216.244.66.200 - - [13/Feb/2024:16:53:34 +0100] "GET /files/gyermved_kormrend_terv_081008.pdf HTTP/1.1" 200 352276 "-" "Mozilla/5.0 (compatible; DotBot/1.2; +https://opensiteexplorer.org/dotbot; help@moz.com)"
216.244.66.200 - - [13/Feb/2024:16:54:28 +0100] "GET /files/penzmosas_eloterjesztes_kozzetetel.doc HTTP/1.1" 200 313809 "-" "Mozilla/5.0 (compatible; DotBot/1.2; +https://opensiteexplorer.org/dotbot; help@moz.com)"
216.244.66.200 - - [13/Feb/2024:16:55:03 +0100] "GET /files/rat2005vegimodrend_3_melleklet.doc HTTP/1.1" 200 50688 "-" "Mozilla/5.0 (compatible; DotBot/1.2; +https://opensiteexplorer.org/dotbot; help@moz.com)"
216.244.66.200 - - [13/Feb/2024:16:55:36 +0100] "GET /files/vizsgajogosult_int_eum_min_rend_terv_090609_0.doc HTTP/1.1" 200 97280 "-" "Mozilla/5.0 (compatible; DotBot/1.2; +https://opensiteexplorer.org/dotbot; help@moz.com)"
216.244.66.200 - - [13/Feb/2024:16:56:40 +0100] "GET /user/501/notify HTTP/1.1" 200 - "-" "Mozilla/5.0 (compatible; DotBot/1.2; +https://opensiteexplorer.org/dotbot; help@moz.com)"
216.244.66.200 - - [13/Feb/2024:16:57:32 +0100] "GET /files/5.%20sz%C3%83%C2%A1m%C3%83%C2%BA%20mell%C3%83%C2%A9klet.doc HTTP/1.1" 200 - "-" "Mozilla/5.0 (compatible; DotBot/1.2; +https://opensiteexplorer.org/dotbot; help@moz.com)"
199.244.88.230 - - [13/Feb/2024:17:20:21 +0100] "GET / HTTP/1.1" 200 - "-" "Mozilla/5.0 (X11; Linux x86_64) AppleWebKit/537.36 (KHTML, like Gecko) Chrome/105.0.0.0 Safari/537.36"
66.249.64.64 - - [13/Feb/2024:17:23:41 +0100] "GET /files/m6_szekszard_boly.pdf HTTP/1.1" 200 376705 "-" "Googlebot/2.1 (+http://www.google.com/bot.html)"
66.249.70.104 - - [13/Feb/2024:17:26:38 +0100] "GET /files/vil_en.pdf HTTP/1.1" 200 364251 "-" "Googlebot/2.1 (+http://www.google.com/bot.html)"
66.249.64.76 - - [13/Feb/2024:17:28:23 +0100] "GET /files/hadkotelesek_hm_eum_rendelet_tervezet_melleklet.pdf HTTP/1.1" 200 713160 "-" "Mozilla/5.0 (Linux; Android 6.0.1; Nexus 5X Build/MMB29P) AppleWebKit/537.36 (KHTML, like Gecko) Chrome/121.0.6167.139 Mobile Safari/537.36 (compatible; Googlebot/2.1; +http://www.google.com/bot.html)"
216.244.66.200 - - [13/Feb/2024:17:28:58 +0100] "GET /robots.txt HTTP/1.1" 200 1590 "-" "Mozilla/5.0 (compatible; DotBot/1.2; +https://opensiteexplorer.org/dotbot; help@moz.com)"
216.244.66.200 - - [13/Feb/2024:17:28:58 +0100] "GET /robots.txt HTTP/1.1" 200 1590 "-" "Mozilla/5.0 (compatible; DotBot/1.2; +https://opensiteexplorer.org/dotbot; help@moz.com)"
216.244.66.200 - - [13/Feb/2024:17:40:17 +0100] "GET /files/NFGM6063.pdf HTTP/1.1" 200 220042 "-" "Mozilla/5.0 (compatible; DotBot/1.2; +https://opensiteexplorer.org/dotbot; help@moz.com)"
216.244.66.200 - - [13/Feb/2024:17:40:57 +0100] "GET /files/jogh_89.doc HTTP/1.1" 200 80384 "-" "Mozilla/5.0 (compatible; DotBot/1.2; +https://opensiteexplorer.org/dotbot; help@moz.com)"
216.244.66.200 - - [13/Feb/2024:17:41:48 +0100] "GET /files/reszletes.pdf HTTP/1.1" 200 248652 "-" "Mozilla/5.0 (compatible; DotBot/1.2; +https://opensiteexplorer.org/dotbot; help@moz.com)"
216.244.66.200 - - [13/Feb/2024:17:42:20 +0100] "GET /files/0209_T_rc_ra_Pint_r_kert_TT.doc HTTP/1.1" 200 49152 "-" "Mozilla/5.0 (compatible; DotBot/1.2; +https://opensiteexplorer.org/dotbot; help@moz.com)"
216.244.66.200 - - [13/Feb/2024:17:42:51 +0100] "GET /files/0320_T_rc_ra_DDNPI.doc HTTP/1.1" 200 23040 "-" "Mozilla/5.0 (compatible; DotBot/1.2; +https://opensiteexplorer.org/dotbot; help@moz.com)"
216.244.66.200 - - [13/Feb/2024:17:43:20 +0100] "GET /files/17per2007_korm_rend_mod.doc HTTP/1.1" 200 26624 "-" "Mozilla/5.0 (compatible; DotBot/1.2; +https://opensiteexplorer.org/dotbot; help@moz.com)"
216.244.66.200 - - [13/Feb/2024:17:43:51 +0100] "GET /files/3_ecegeljaras.doc HTTP/1.1" 200 52224 "-" "Mozilla/5.0 (compatible; DotBot/1.2; +https://opensiteexplorer.org/dotbot; help@moz.com)"
216.244.66.200 - - [13/Feb/2024:17:44:27 +0100] "GET /files/KHEM_3136_4.doc HTTP/1.1" 200 174592 "-" "Mozilla/5.0 (compatible; DotBot/1.2; +https://opensiteexplorer.org/dotbot; help@moz.com)"
216.244.66.200 - - [13/Feb/2024:17:45:32 +0100] "GET /files/atomenergia.pdf HTTP/1.1" 200 - "-" "Mozilla/5.0 (compatible; DotBot/1.2; +https://opensiteexplorer.org/dotbot; help@moz.com)"
216.244.66.200 - - [13/Feb/2024:17:45:51 +0100] "GET /files/magyarosztrak1.doc HTTP/1.1" 200 64000 "-" "Mozilla/5.0 (compatible; DotBot/1.2; +https://opensiteexplorer.org/dotbot; help@moz.com)"
216.244.66.200 - - [13/Feb/2024:17:46:27 +0100] "GET /files/miniszt_2006_nov.pdf HTTP/1.1" 200 79803 "-" "Mozilla/5.0 (compatible; DotBot/1.2; +https://opensiteexplorer.org/dotbot; help@moz.com)"
216.244.66.200 - - [13/Feb/2024:17:47:14 +0100] "GET /files/ntt_terv_080612.pdf HTTP/1.1" 200 274640 "-" "Mozilla/5.0 (compatible; DotBot/1.2; +https://opensiteexplorer.org/dotbot; help@moz.com)"
216.244.66.200 - - [13/Feb/2024:17:48:06 +0100] "GET /files/spstvkormelterj.pdf HTTP/1.1" 200 358700 "-" "Mozilla/5.0 (compatible; DotBot/1.2; +https://opensiteexplorer.org/dotbot; help@moz.com)"
216.244.66.200 - - [13/Feb/2024:17:48:46 +0100] "GET /files/070614_kum_rend_idegenrendeszet_terv.pdf HTTP/1.1" 200 199889 "-" "Mozilla/5.0 (compatible; DotBot/1.2; +https://opensiteexplorer.org/dotbot; help@moz.com)"
216.244.66.200 - - [13/Feb/2024:17:49:24 +0100] "GET /files/16_evesek_ingy_orv_vizsg_min_rend_090129.doc HTTP/1.1" 200 163328 "-" "Mozilla/5.0 (compatible; DotBot/1.2; +https://opensiteexplorer.org/dotbot; help@moz.com)"
216.244.66.200 - - [13/Feb/2024:17:49:58 +0100] "GET /files/1_2_forintos_bev_szukseges_kerekites_szab.doc HTTP/1.1" 200 48128 "-" "Mozilla/5.0 (compatible; DotBot/1.2; +https://opensiteexplorer.org/dotbot; help@moz.com)"
216.244.66.200 - - [13/Feb/2024:17:50:46 +0100] "GET /files/9per1993_min_rend_mod_081212.doc HTTP/1.1" 200 220672 "-" "Mozilla/5.0 (compatible; DotBot/1.2; +https://opensiteexplorer.org/dotbot; help@moz.com)"
216.244.66.200 - - [13/Feb/2024:17:51:40 +0100] "GET /files/_2g9oa2t42edj6ar41ctsmar35eg_.pdf HTTP/1.1" 200 318156 "-" "Mozilla/5.0 (compatible; DotBot/1.2; +https://opensiteexplorer.org/dotbot; help@moz.com)"
216.244.66.200 - - [13/Feb/2024:17:52:30 +0100] "GET /files/alapf_muv_okt_kovet_II_060414.pdf HTTP/1.1" 200 325396 "-" "Mozilla/5.0 (compatible; DotBot/1.2; +https://opensiteexplorer.org/dotbot; help@moz.com)"
216.244.66.200 - - [13/Feb/2024:17:53:06 +0100] "GET /files/kozmetika_jogharm_tervezet_090610.doc HTTP/1.1" 200 128512 "-" "Mozilla/5.0 (compatible; DotBot/1.2; +https://opensiteexplorer.org/dotbot; help@moz.com)"
216.244.66.200 - - [13/Feb/2024:17:54:15 +0100] "GET /files/megfelel%C3%83%C2%A9sit%C3%83%C2%A1bla2005_35.doc HTTP/1.1" 200 - "-" "Mozilla/5.0 (compatible; DotBot/1.2; +https://opensiteexplorer.org/dotbot; help@moz.com)"
216.244.66.200 - - [13/Feb/2024:17:54:36 +0100] "GET /files/megfelelesi_tablazat_08_11_21.doc HTTP/1.1" 200 52736 "-" "Mozilla/5.0 (compatible; DotBot/1.2; +https://opensiteexplorer.org/dotbot; help@moz.com)"
216.244.66.200 - - [13/Feb/2024:17:55:09 +0100] "GET /files/nagytomegu_jarmuvek_modositas.pdf HTTP/1.1" 200 81586 "-" "Mozilla/5.0 (compatible; DotBot/1.2; +https://opensiteexplorer.org/dotbot; help@moz.com)"
216.244.66.200 - - [13/Feb/2024:17:56:00 +0100] "GET /files/a_jogszabalyok_elokesziteseben_valo_tarsadalmi_reszvetelrol.pdf HTTP/1.1" 200 276710 "-" "Mozilla/5.0 (compatible; DotBot/1.2; +https://opensiteexplorer.org/dotbot; help@moz.com)"
216.244.66.200 - - [13/Feb/2024:17:56:52 +0100] "GET /files/agrar_kornyezetgazdalkodas_150_2004_modositas_20060831.rtf.txt HTTP/1.1" 200 264621 "-" "Mozilla/5.0 (compatible; DotBot/1.2; +https://opensiteexplorer.org/dotbot; help@moz.com)"
216.244.66.200 - - [13/Feb/2024:17:57:54 +0100] "GET /taxonomy/term/87/0/feed HTTP/1.1" 200 - "-" "Mozilla/5.0 (compatible; DotBot/1.2; +https://opensiteexplorer.org/dotbot; help@moz.com)"
216.244.66.200 - - [13/Feb/2024:17:58:44 +0100] "GET /taxonomy/term/95/0/feed HTTP/1.1" 200 - "-" "Mozilla/5.0 (compatible; DotBot/1.2; +https://opensiteexplorer.org/dotbot; help@moz.com)"
216.244.66.200 - - [13/Feb/2024:17:59:35 +0100] "GET /taxonomy/term/18/0/feed HTTP/1.1" 200 - "-" "Mozilla/5.0 (compatible; DotBot/1.2; +https://opensiteexplorer.org/dotbot; help@moz.com)"
216.244.66.200 - - [13/Feb/2024:18:00:25 +0100] "GET /taxonomy/term/69/0/feed HTTP/1.1" 200 - "-" "Mozilla/5.0 (compatible; DotBot/1.2; +https://opensiteexplorer.org/dotbot; help@moz.com)"
216.244.66.200 - - [13/Feb/2024:18:17:29 +0100] "GET /robots.txt HTTP/1.1" 200 1590 "-" "Mozilla/5.0 (compatible; DotBot/1.2; +https://opensiteexplorer.org/dotbot; help@moz.com)"
216.244.66.200 - - [13/Feb/2024:18:17:29 +0100] "GET /robots.txt HTTP/1.1" 200 1590 "-" "Mozilla/5.0 (compatible; DotBot/1.2; +https://opensiteexplorer.org/dotbot; help@moz.com)"
216.244.66.200 - - [13/Feb/2024:18:30:56 +0100] "GET /files/unesco_terv_080415.pdf HTTP/1.1" 200 254057 "-" "Mozilla/5.0 (compatible; DotBot/1.2; +https://opensiteexplorer.org/dotbot; help@moz.com)"
216.244.66.200 - - [13/Feb/2024:18:31:45 +0100] "GET /files/1212_nitrat_kitoltesiutmutato1103_2.v_ltozat.doc HTTP/1.1" 200 126464 "-" "Mozilla/5.0 (compatible; DotBot/1.2; +https://opensiteexplorer.org/dotbot; help@moz.com)"
216.244.66.200 - - [13/Feb/2024:18:32:37 +0100] "GET /files/134_2004_mod_2.mell.egyestett.xls HTTP/1.1" 200 324608 "-" "Mozilla/5.0 (compatible; DotBot/1.2; +https://opensiteexplorer.org/dotbot; help@moz.com)"
216.244.66.200 - - [13/Feb/2024:18:33:41 +0100] "GET /files/PM%20t%C3%83%C2%B6rv%C3%83%C2%A9nyjavaslat2.doc HTTP/1.1" 200 - "-" "Mozilla/5.0 (compatible; DotBot/1.2; +https://opensiteexplorer.org/dotbot; help@moz.com)"
216.244.66.200 - - [13/Feb/2024:18:34:02 +0100] "GET /files/birosagi_ugyintezo_szakmai_indokolas.doc HTTP/1.1" 200 26112 "-" "Mozilla/5.0 (compatible; DotBot/1.2; +https://opensiteexplorer.org/dotbot; help@moz.com)"
216.244.66.200 - - [13/Feb/2024:18:35:05 +0100] "GET /files/miniszt_2006_j%C3%83%C2%BAlius.pdf HTTP/1.1" 200 - "-" "Mozilla/5.0 (compatible; DotBot/1.2; +https://opensiteexplorer.org/dotbot; help@moz.com)"
216.244.66.200 - - [13/Feb/2024:18:35:55 +0100] "GET /files/igazs%C3%83%C2%A1g%C3%83%C2%BCgyi_szak%C3%83%C2%A9rt%C3%85%E2%80%98i_tev%C3%83%C2%A9kenys%C3%83%C2%A9g_folytat%C3%83%C2%A1s%C3%83%C2%A1hoz_sz%C3%83%C2%BCks%C3%83%C2%A9ges_szakmai_gyakorlat_igazol%C3%83%C2%A1s%C3%83%C2%A1nak_rendj%C3%83%C2%A9r%C3%85%E2%80%98l_sz%C3%83%C2%B3l%C3%83%C2%B3_e%C3%83%C2%BCm_rendelet_tervezet_6.doc HTTP/1.1" 200 - "-" "Mozilla/5.0 (compatible; DotBot/1.2; +https://opensiteexplorer.org/dotbot; help@moz.com)"
216.244.66.200 - - [13/Feb/2024:18:36:46 +0100] "GET /files/10.%20sz%C3%83%C2%A1m%C3%83%C2%BA%20mell%C3%83%C2%A9klet.xls HTTP/1.1" 200 - "-" "Mozilla/5.0 (compatible; DotBot/1.2; +https://opensiteexplorer.org/dotbot; help@moz.com)"
216.244.66.200 - - [13/Feb/2024:18:37:36 +0100] "GET /taxonomy/term/19/0/feed HTTP/1.1" 200 - "-" "Mozilla/5.0 (compatible; DotBot/1.2; +https://opensiteexplorer.org/dotbot; help@moz.com)"
216.244.66.200 - - [13/Feb/2024:18:38:26 +0100] "GET /taxonomy/term/93/0/feed HTTP/1.1" 200 - "-" "Mozilla/5.0 (compatible; DotBot/1.2; +https://opensiteexplorer.org/dotbot; help@moz.com)"
37.115.216.33 - - [13/Feb/2024:18:42:34 +0100] "GET /comment/reply/2619/ HTTP/1.0" 200 - "http://jogalkotas.hu/comment/reply/2619/" "Mozilla/5.0 (Windows NT 10.0; Win64; x64) AppleWebKit/537.36 (KHTML, like Gecko) Chrome/120.0.6099.71 Safari/537.36"
37.115.216.33 - - [13/Feb/2024:18:43:06 +0100] "GET / HTTP/1.0" 200 - "http://jogalkotas.hu/" "Mozilla/5.0 (Windows NT 10.0; Win64; x64) AppleWebKit/537.36 (KHTML, like Gecko) Chrome/120.0.6099.71 Safari/537.36"
66.249.70.102 - - [13/Feb/2024:18:58:18 +0100] "GET /files/_0edo6usjkedq62sjkg9jmio8_.pdf HTTP/1.1" 304 - "-" "Mozilla/5.0 (Linux; Android 6.0.1; Nexus 5X Build/MMB29P) AppleWebKit/537.36 (KHTML, like Gecko) Chrome/121.0.6167.139 Mobile Safari/537.36 (compatible; Googlebot/2.1; +http://www.google.com/bot.html)"
216.244.66.200 - - [13/Feb/2024:19:06:09 +0100] "GET /robots.txt HTTP/1.1" 200 1590 "-" "Mozilla/5.0 (compatible; DotBot/1.2; +https://opensiteexplorer.org/dotbot; help@moz.com)"
216.244.66.200 - - [13/Feb/2024:19:06:09 +0100] "GET /robots.txt HTTP/1.1" 200 1590 "-" "Mozilla/5.0 (compatible; DotBot/1.2; +https://opensiteexplorer.org/dotbot; help@moz.com)"
40.77.167.7 - - [13/Feb/2024:19:08:35 +0100] "GET /files/norma_0317_kozigre.doc HTTP/1.1" 304 - "-" "Mozilla/5.0 AppleWebKit/537.36 (KHTML, like Gecko; compatible; bingbot/2.0; +http://www.bing.com/bingbot.htm) Chrome/116.0.1938.76 Safari/537.36"
185.53.251.31 - - [13/Feb/2024:19:17:45 +0100] "GET /comment/reply/2619/ HTTP/1.0" 200 - "http://jogalkotas.hu/comment/reply/2619/" "Mozilla/5.0 (Windows NT 10.0; Win64; x64) AppleWebKit/537.36 (KHTML, like Gecko) Chrome/103.0.5060.66 Safari/537.36"
185.53.251.31 - - [13/Feb/2024:19:18:17 +0100] "GET / HTTP/1.0" 200 - "http://jogalkotas.hu/" "Mozilla/5.0 (Windows NT 10.0; Win64; x64) AppleWebKit/537.36 (KHTML, like Gecko) Chrome/103.0.5060.66 Safari/537.36"
216.244.66.200 - - [13/Feb/2024:19:19:24 +0100] "GET /files/ekozbesz.doc HTTP/1.1" 200 339456 "-" "Mozilla/5.0 (compatible; DotBot/1.2; +https://opensiteexplorer.org/dotbot; help@moz.com)"
216.244.66.200 - - [13/Feb/2024:19:20:59 +0100] "GET /files/0207_KSZF_MeHVM_rend_terv.pdf HTTP/1.1" 200 183759 "-" "Mozilla/5.0 (compatible; DotBot/1.2; +https://opensiteexplorer.org/dotbot; help@moz.com)"
216.244.66.200 - - [13/Feb/2024:19:21:55 +0100] "GET /files/Natura_tervezet_kozig.pdf HTTP/1.1" 200 183492 "-" "Mozilla/5.0 (compatible; DotBot/1.2; +https://opensiteexplorer.org/dotbot; help@moz.com)"
216.244.66.200 - - [13/Feb/2024:19:22:45 +0100] "GET /files/aflatoxinrendelet_1.pdf HTTP/1.1" 200 281956 "-" "Mozilla/5.0 (compatible; DotBot/1.2; +https://opensiteexplorer.org/dotbot; help@moz.com)"
216.244.66.200 - - [13/Feb/2024:19:23:25 +0100] "GET /files/hagyomanyos_rend.pdf HTTP/1.1" 200 189328 "-" "Mozilla/5.0 (compatible; DotBot/1.2; +https://opensiteexplorer.org/dotbot; help@moz.com)"
216.244.66.200 - - [13/Feb/2024:19:24:14 +0100] "GET /files/hallepcso_kozigre.pdf HTTP/1.1" 200 221476 "-" "Mozilla/5.0 (compatible; DotBot/1.2; +https://opensiteexplorer.org/dotbot; help@moz.com)"
216.244.66.200 - - [13/Feb/2024:19:24:48 +0100] "GET /files/imrendelet..doc HTTP/1.1" 200 53760 "-" "Mozilla/5.0 (compatible; DotBot/1.2; +https://opensiteexplorer.org/dotbot; help@moz.com)"
216.244.66.200 - - [13/Feb/2024:19:25:24 +0100] "GET /files/nat_terv_080521.pdf HTTP/1.1" 200 155548 "-" "Mozilla/5.0 (compatible; DotBot/1.2; +https://opensiteexplorer.org/dotbot; help@moz.com)"
216.244.66.200 - - [13/Feb/2024:19:26:20 +0100] "GET /files/ped_szakszolg_090220.pdf HTTP/1.1" 200 316708 "-" "Mozilla/5.0 (compatible; DotBot/1.2; +https://opensiteexplorer.org/dotbot; help@moz.com)"
216.244.66.200 - - [13/Feb/2024:19:27:00 +0100] "GET /files/stv_modositas.pdf HTTP/1.1" 200 224726 "-" "Mozilla/5.0 (compatible; DotBot/1.2; +https://opensiteexplorer.org/dotbot; help@moz.com)"
216.244.66.200 - - [13/Feb/2024:19:27:36 +0100] "GET /files/17per2007_korm_rend_mod_081211.doc HTTP/1.1" 200 40448 "-" "Mozilla/5.0 (compatible; DotBot/1.2; +https://opensiteexplorer.org/dotbot; help@moz.com)"
216.244.66.200 - - [13/Feb/2024:19:28:08 +0100] "GET /files/17per2009min_rend_mod_091106.doc HTTP/1.1" 200 37888 "-" "Mozilla/5.0 (compatible; DotBot/1.2; +https://opensiteexplorer.org/dotbot; help@moz.com)"
216.244.66.200 - - [13/Feb/2024:19:29:12 +0100] "GET /files/50_2002___iii__26___korm__rendelet_m%C3%83%C2%B3dos%C3%83%C2%ADt%C3%83%C2%A1sa_6-1.doc HTTP/1.1" 200 - "-" "Mozilla/5.0 (compatible; DotBot/1.2; +https://opensiteexplorer.org/dotbot; help@moz.com)"
216.244.66.200 - - [13/Feb/2024:19:30:05 +0100] "GET /files/el%C3%85%E2%80%98terjeszt%C3%83%C2%A9s_07%2010%2017%20Korm%C3%83%C2%A1ny_b.pdf HTTP/1.1" 200 - "-" "Mozilla/5.0 (compatible; DotBot/1.2; +https://opensiteexplorer.org/dotbot; help@moz.com)"
216.244.66.200 - - [13/Feb/2024:19:30:57 +0100] "GET /taxonomy/term/79/0/feed HTTP/1.1" 200 - "-" "Mozilla/5.0 (compatible; DotBot/1.2; +https://opensiteexplorer.org/dotbot; help@moz.com)"
66.249.64.75 - - [13/Feb/2024:19:32:28 +0100] "GET /files/ekozig_strategia.pdf HTTP/1.1" 200 731185 "-" "Googlebot/2.1 (+http://www.google.com/bot.html)"
216.244.66.200 - - [13/Feb/2024:19:34:16 +0100] "GET /taxonomy/term/55%2057%2058%2059%2060%2061%2062%2063%2064%2065%2066%2067%2068%2069%2070%2071%2072%2073%2074%2075/0/feed HTTP/1.1" 200 - "-" "Mozilla/5.0 (compatible; DotBot/1.2; +https://opensiteexplorer.org/dotbot; help@moz.com)"
66.249.70.103 - - [13/Feb/2024:19:46:53 +0100] "GET /files/2008_korirat_1.pdf HTTP/1.1" 200 302146 "-" "Mozilla/5.0 (Linux; Android 6.0.1; Nexus 5X Build/MMB29P) AppleWebKit/537.36 (KHTML, like Gecko) Chrome/121.0.6167.139 Mobile Safari/537.36 (compatible; Googlebot/2.1; +http://www.google.com/bot.html)"
216.244.66.200 - - [13/Feb/2024:19:54:32 +0100] "GET /robots.txt HTTP/1.1" 200 1590 "-" "Mozilla/5.0 (compatible; DotBot/1.2; +https://opensiteexplorer.org/dotbot; help@moz.com)"
162.55.85.229 - - [13/Feb/2024:19:56:16 +0100] "GET /robots.txt HTTP/1.1" 200 1590 "-" "Mozilla/5.0 (compatible; BLEXBot/1.0; +http://webmeup-crawler.com/)"
162.55.85.229 - - [13/Feb/2024:19:56:48 +0100] "GET /sitemap HTTP/1.1" 200 - "-" "Mozilla/5.0 (compatible; BLEXBot/1.0; +http://webmeup-crawler.com/)"
162.55.85.229 - - [13/Feb/2024:19:57:46 +0100] "GET /sitemap.ashx HTTP/1.1" 200 - "-" "Mozilla/5.0 (compatible; BLEXBot/1.0; +http://webmeup-crawler.com/)"
162.55.85.229 - - [13/Feb/2024:19:58:31 +0100] "GET /sitemap.txt HTTP/1.1" 200 - "-" "Mozilla/5.0 (compatible; BLEXBot/1.0; +http://webmeup-crawler.com/)"
114.119.128.20 - - [13/Feb/2024:19:58:41 +0100] "GET /robots.txt HTTP/1.1" 200 1590 "-" "Mozilla/5.0 (compatible;PetalBot;+https://webmaster.petalsearch.com/site/petalbot)"
162.55.85.229 - - [13/Feb/2024:19:59:11 +0100] "GET /sitemap.xml HTTP/1.1" 200 - "-" "Mozilla/5.0 (compatible; BLEXBot/1.0; +http://webmeup-crawler.com/)"
162.55.85.229 - - [13/Feb/2024:19:59:54 +0100] "GET /sitemap.xml.gz HTTP/1.1" 200 - "-" "Mozilla/5.0 (compatible; BLEXBot/1.0; +http://webmeup-crawler.com/)"
162.55.85.229 - - [13/Feb/2024:20:00:35 +0100] "GET /sitemap_index.xml HTTP/1.1" 200 - "-" "Mozilla/5.0 (compatible; BLEXBot/1.0; +http://webmeup-crawler.com/)"
162.55.85.229 - - [13/Feb/2024:20:01:29 +0100] "GET /sitemap_index.xml.gz HTTP/1.1" 200 - "-" "Mozilla/5.0 (compatible; BLEXBot/1.0; +http://webmeup-crawler.com/)"
162.55.85.229 - - [13/Feb/2024:20:02:29 +0100] "GET / HTTP/1.1" 200 - "-" "Mozilla/5.0 (compatible; BLEXBot/1.0; +http://webmeup-crawler.com/)"
51.222.253.9 - - [13/Feb/2024:20:04:00 +0100] "GET /robots.txt HTTP/1.1" 200 1590 "-" "Mozilla/5.0 (compatible; AhrefsBot/7.0; +http://ahrefs.com/robot/)"
216.244.66.200 - - [13/Feb/2024:20:10:13 +0100] "GET /files/18-1998_t%C3%83%C2%A1rc%C3%83%C2%A1ra.doc HTTP/1.1" 200 - "-" "Mozilla/5.0 (compatible; DotBot/1.2; +https://opensiteexplorer.org/dotbot; help@moz.com)"
216.244.66.200 - - [13/Feb/2024:20:10:24 +0100] "GET /files/26_2000_szmm_rend_mod_terv_090716.pdf HTTP/1.1" 200 226338 "-" "Mozilla/5.0 (compatible; DotBot/1.2; +https://opensiteexplorer.org/dotbot; help@moz.com)"
216.244.66.200 - - [13/Feb/2024:20:11:19 +0100] "GET /files/TD_tv_kozigazgatasi_egyeztetes.pdf HTTP/1.1" 200 220061 "-" "Mozilla/5.0 (compatible; DotBot/1.2; +https://opensiteexplorer.org/dotbot; help@moz.com)"
216.244.66.200 - - [13/Feb/2024:20:11:57 +0100] "GET /files/fontos_es_bizalmas_munkakorok_060913.pdf HTTP/1.1" 200 114801 "-" "Mozilla/5.0 (compatible; DotBot/1.2; +https://opensiteexplorer.org/dotbot; help@moz.com)"
216.244.66.200 - - [13/Feb/2024:20:12:53 +0100] "GET /files/gygyszerrendeletterv_2008_07_31.pdf HTTP/1.1" 200 341323 "-" "Mozilla/5.0 (compatible; DotBot/1.2; +https://opensiteexplorer.org/dotbot; help@moz.com)"
216.244.66.200 - - [13/Feb/2024:20:13:26 +0100] "GET /files/szjt_megfelelesi_tablazat_20080331.doc HTTP/1.1" 200 111616 "-" "Mozilla/5.0 (compatible; DotBot/1.2; +https://opensiteexplorer.org/dotbot; help@moz.com)"
216.244.66.200 - - [13/Feb/2024:20:14:35 +0100] "GET /files/rezidensk%C3%83%C2%A9pz%C3%83%C2%A9s%20t%C3%83%C2%A1rc%C3%83%C2%A1ra.doc HTTP/1.1" 200 - "-" "Mozilla/5.0 (compatible; DotBot/1.2; +https://opensiteexplorer.org/dotbot; help@moz.com)"
52.167.144.189 - - [13/Feb/2024:20:29:40 +0100] "GET /files/Eloterjesztes_264_15_16_mod_KOZIG.pdf HTTP/1.1" 304 - "-" "Mozilla/5.0 AppleWebKit/537.36 (KHTML, like Gecko; compatible; bingbot/2.0; +http://www.bing.com/bingbot.htm) Chrome/116.0.1938.76 Safari/537.36"
216.244.66.200 - - [13/Feb/2024:20:43:42 +0100] "GET /robots.txt HTTP/1.1" 200 1590 "-" "Mozilla/5.0 (compatible; DotBot/1.2; +https://opensiteexplorer.org/dotbot; help@moz.com)"
216.244.66.200 - - [13/Feb/2024:20:43:42 +0100] "GET /robots.txt HTTP/1.1" 200 1590 "-" "Mozilla/5.0 (compatible; DotBot/1.2; +https://opensiteexplorer.org/dotbot; help@moz.com)"
216.244.66.200 - - [13/Feb/2024:20:56:43 +0100] "GET /files/19_2003___iv__29___eszcsm_rendelet_m%C3%83%C2%B3dos%C3%83%C2%ADt%C3%83%C2%A1sa_6.doc HTTP/1.1" 200 - "-" "Mozilla/5.0 (compatible; DotBot/1.2; +https://opensiteexplorer.org/dotbot; help@moz.com)"
216.244.66.200 - - [13/Feb/2024:20:57:12 +0100] "GET /files/NFGM_4626.pdf HTTP/1.1" 200 351806 "-" "Mozilla/5.0 (compatible; DotBot/1.2; +https://opensiteexplorer.org/dotbot; help@moz.com)"
216.244.66.200 - - [13/Feb/2024:20:57:43 +0100] "GET /files/R140-9.doc HTTP/1.1" 200 61952 "-" "Mozilla/5.0 (compatible; DotBot/1.2; +https://opensiteexplorer.org/dotbot; help@moz.com)"
216.244.66.200 - - [13/Feb/2024:20:58:35 +0100] "GET /files/norma_2.pdf HTTP/1.1" 200 311625 "-" "Mozilla/5.0 (compatible; DotBot/1.2; +https://opensiteexplorer.org/dotbot; help@moz.com)"
216.244.66.200 - - [13/Feb/2024:20:59:19 +0100] "GET /files/tervezet.pdf HTTP/1.1" 200 224036 "-" "Mozilla/5.0 (compatible; DotBot/1.2; +https://opensiteexplorer.org/dotbot; help@moz.com)"
216.244.66.200 - - [13/Feb/2024:21:00:05 +0100] "GET /files/2117_2131_terv.pdf HTTP/1.1" 200 269693 "-" "Mozilla/5.0 (compatible; DotBot/1.2; +https://opensiteexplorer.org/dotbot; help@moz.com)"
216.244.66.200 - - [13/Feb/2024:21:00:38 +0100] "GET /files/doktori_eloterj_061107.pdf.txt HTTP/1.1" 200 2407 "-" "Mozilla/5.0 (compatible; DotBot/1.2; +https://opensiteexplorer.org/dotbot; help@moz.com)"
216.244.66.200 - - [13/Feb/2024:21:01:23 +0100] "GET /files/egyes_szocrend_terv_070124.pdf HTTP/1.1" 200 336579 "-" "Mozilla/5.0 (compatible; DotBot/1.2; +https://opensiteexplorer.org/dotbot; help@moz.com)"
216.244.66.200 - - [13/Feb/2024:21:01:59 +0100] "GET /files/hataratkelohely.doc HTTP/1.1" 200 107520 "-" "Mozilla/5.0 (compatible; DotBot/1.2; +https://opensiteexplorer.org/dotbot; help@moz.com)"
216.244.66.200 - - [13/Feb/2024:21:02:35 +0100] "GET /files/koll_szerz_terv_090206.pdf HTTP/1.1" 200 129599 "-" "Mozilla/5.0 (compatible; DotBot/1.2; +https://opensiteexplorer.org/dotbot; help@moz.com)"
216.244.66.200 - - [13/Feb/2024:21:03:26 +0100] "GET /files/ped_tov_terv_080924.pdf HTTP/1.1" 200 258788 "-" "Mozilla/5.0 (compatible; DotBot/1.2; +https://opensiteexplorer.org/dotbot; help@moz.com)"
216.244.66.200 - - [13/Feb/2024:21:04:14 +0100] "GET /files/start_terv_090128.pdf HTTP/1.1" 200 231961 "-" "Mozilla/5.0 (compatible; DotBot/1.2; +https://opensiteexplorer.org/dotbot; help@moz.com)"
51.15.253.205 - - [13/Feb/2024:21:04:40 +0100] "GET / HTTP/1.1" 200 - "-" "Mozilla/5.0 (Linux; Android 5.0; SM-G900P Build/LRX21T) AppleWebKit/537.36 (KHTML, like Gecko) Chrome/88.0.4324.96 Mobile Safari/537.36"
51.15.253.205 - - [13/Feb/2024:21:04:44 +0100] "GET / HTTP/1.1" 200 - "-" "Mozilla/5.0 (Macintosh; Intel Mac OS X 10_15_7) AppleWebKit/537.36 (KHTML, like Gecko) Chrome/114.0.0.0 Safari/537.36"
216.244.66.200 - - [13/Feb/2024:21:05:04 +0100] "GET /files/tanev_rendje_2007_08_061229.pdf HTTP/1.1" 200 215910 "-" "Mozilla/5.0 (compatible; DotBot/1.2; +https://opensiteexplorer.org/dotbot; help@moz.com)"
216.244.66.200 - - [13/Feb/2024:21:05:56 +0100] "GET /files/torvenytervezet_xcvtorveny.pdf HTTP/1.1" 200 326175 "-" "Mozilla/5.0 (compatible; DotBot/1.2; +https://opensiteexplorer.org/dotbot; help@moz.com)"
216.244.66.200 - - [13/Feb/2024:21:06:30 +0100] "GET /files/vendeglato_term.zip HTTP/1.1" 200 47122 "-" "Mozilla/5.0 (compatible; DotBot/1.2; +https://opensiteexplorer.org/dotbot; help@moz.com)"
216.244.66.200 - - [13/Feb/2024:21:07:03 +0100] "GET /files/0705_T_rc_ra1_Botanikus_kert.doc HTTP/1.1" 200 56832 "-" "Mozilla/5.0 (compatible; DotBot/1.2; +https://opensiteexplorer.org/dotbot; help@moz.com)"
216.244.66.200 - - [13/Feb/2024:21:07:54 +0100] "GET /files/100_1997_mod_eloterj_terv_090904.pdf HTTP/1.1" 200 302228 "-" "Mozilla/5.0 (compatible; DotBot/1.2; +https://opensiteexplorer.org/dotbot; help@moz.com)"
216.244.66.200 - - [13/Feb/2024:21:08:39 +0100] "GET /files/Ma_Ukr_szoc_bizt_egy_terv_090618.doc HTTP/1.1" 200 223744 "-" "Mozilla/5.0 (compatible; DotBot/1.2; +https://opensiteexplorer.org/dotbot; help@moz.com)"
216.244.66.200 - - [13/Feb/2024:21:09:21 +0100] "GET /files/aeui_biocid_termekekrol_2006_08_14.pdf HTTP/1.1" 200 180346 "-" "Mozilla/5.0 (compatible; DotBot/1.2; +https://opensiteexplorer.org/dotbot; help@moz.com)"
216.244.66.200 - - [13/Feb/2024:21:10:03 +0100] "GET /files/munkaszuneti_napok_2008_070726.pdf HTTP/1.1" 200 114361 "-" "Mozilla/5.0 (compatible; DotBot/1.2; +https://opensiteexplorer.org/dotbot; help@moz.com)"
216.244.66.200 - - [13/Feb/2024:21:11:10 +0100] "GET /files/%C3%83%E2%80%93sszefogl%C3%83%C2%A1ll%C3%83%C2%A1sf_vegl.doc HTTP/1.1" 200 - "-" "Mozilla/5.0 (compatible; DotBot/1.2; +https://opensiteexplorer.org/dotbot; help@moz.com)"
216.244.66.200 - - [13/Feb/2024:21:12:02 +0100] "GET /files/k%C3%83%C2%B6z%C3%83%C2%BAti_j%C3%83%C2%A1rm%C3%85%C2%B1vez_eg_alk_min_rend_mod.doc HTTP/1.1" 200 - "-" "Mozilla/5.0 (compatible; DotBot/1.2; +https://opensiteexplorer.org/dotbot; help@moz.com)"
216.244.66.200 - - [13/Feb/2024:21:12:54 +0100] "GET /taxonomy/term/80/0/feed HTTP/1.1" 200 - "-" "Mozilla/5.0 (compatible; DotBot/1.2; +https://opensiteexplorer.org/dotbot; help@moz.com)"
216.244.66.200 - - [13/Feb/2024:21:13:44 +0100] "GET /files/38_2003___vii__7___eszcsm_fvm_kvvm_egy%C3%83%C2%BCttes_rendelet_m%C3%83%C2%B3dos%C3%83%C2%ADt%C3%83%C2%A1sa_8.doc HTTP/1.1" 200 - "-" "Mozilla/5.0 (compatible; DotBot/1.2; +https://opensiteexplorer.org/dotbot; help@moz.com)"
216.244.66.200 - - [13/Feb/2024:21:34:46 +0100] "GET /robots.txt HTTP/1.1" 200 1590 "-" "Mozilla/5.0 (compatible; DotBot/1.2; +https://opensiteexplorer.org/dotbot; help@moz.com)"
216.244.66.200 - - [13/Feb/2024:21:34:46 +0100] "GET /robots.txt HTTP/1.1" 200 1590 "-" "Mozilla/5.0 (compatible; DotBot/1.2; +https://opensiteexplorer.org/dotbot; help@moz.com)"
51.15.245.139 - - [13/Feb/2024:21:51:32 +0100] "GET / HTTP/1.1" 200 - "-" "Mozilla/5.0 (Windows NT 10.0; Win64; x64) AppleWebKit/537.36 (KHTML, like Gecko) Chrome/114.0.0.0 Safari/537.36"
51.15.245.139 - - [13/Feb/2024:21:52:03 +0100] "GET / HTTP/1.1" 200 - "-" "Mozilla/5.0 (Windows NT 10.0; Win64; x64) AppleWebKit/537.36 (KHTML, like Gecko) Chrome/114.0.0.0 Safari/537.36"
216.244.66.200 - - [13/Feb/2024:22:05:32 +0100] "GET /files/1031_jelent_s.doc HTTP/1.1" 200 244736 "-" "Mozilla/5.0 (compatible; DotBot/1.2; +https://opensiteexplorer.org/dotbot; help@moz.com)"
216.244.66.200 - - [13/Feb/2024:22:05:52 +0100] "GET /files/pontrendszer.doc HTTP/1.1" 200 146944 "-" "Mozilla/5.0 (compatible; DotBot/1.2; +https://opensiteexplorer.org/dotbot; help@moz.com)"
216.244.66.200 - - [13/Feb/2024:22:06:23 +0100] "GET /files/0417__sv_nyok_tervezet_k_zig.doc HTTP/1.1" 200 66048 "-" "Mozilla/5.0 (compatible; DotBot/1.2; +https://opensiteexplorer.org/dotbot; help@moz.com)"
216.244.66.200 - - [13/Feb/2024:22:07:11 +0100] "GET /files/50_2004_fvm_modositas_velemenyezesre.pdf HTTP/1.1" 200 286188 "-" "Mozilla/5.0 (compatible; DotBot/1.2; +https://opensiteexplorer.org/dotbot; help@moz.com)"
216.244.66.200 - - [13/Feb/2024:22:07:46 +0100] "GET /files/Eg_ell_ftv_mod_0810031.doc HTTP/1.1" 200 103936 "-" "Mozilla/5.0 (compatible; DotBot/1.2; +https://opensiteexplorer.org/dotbot; help@moz.com)"
216.244.66.200 - - [13/Feb/2024:22:08:20 +0100] "GET /files/NES_eloterjesztes_kozig.pdf HTTP/1.1" 200 53717 "-" "Mozilla/5.0 (compatible; DotBot/1.2; +https://opensiteexplorer.org/dotbot; help@moz.com)"
216.244.66.200 - - [13/Feb/2024:22:08:51 +0100] "GET /files/PM_Jogalkot%C3%A1si%20feladatok%20jegyz%C3%A9ke%202007.%20I.%20f%C3%A9l%C3%A9v.doc HTTP/1.1" 200 33792 "-" "Mozilla/5.0 (compatible; DotBot/1.2; +https://opensiteexplorer.org/dotbot; help@moz.com)"
216.244.66.200 - - [13/Feb/2024:22:09:51 +0100] "GET /files/SZMSZ_Szombathely_r%C3%A9szlet[1].doc HTTP/1.1" 200 - "-" "Mozilla/5.0 (compatible; DotBot/1.2; +https://opensiteexplorer.org/dotbot; help@moz.com)"
216.244.66.200 - - [13/Feb/2024:22:10:16 +0100] "GET /files/eloterjesztes_20100302.pdf HTTP/1.1" 200 159138 "-" "Mozilla/5.0 (compatible; DotBot/1.2; +https://opensiteexplorer.org/dotbot; help@moz.com)"
216.244.66.200 - - [13/Feb/2024:22:10:50 +0100] "GET /files/fontos_es_bizalmas_munkakorok_060913.pdf HTTP/1.1" 200 114801 "-" "Mozilla/5.0 (compatible; DotBot/1.2; +https://opensiteexplorer.org/dotbot; help@moz.com)"
216.244.66.200 - - [13/Feb/2024:22:11:23 +0100] "GET /files/gtv_internetes_kozzetetelre_2009-07-15.pdf HTTP/1.1" 200 159172 "-" "Mozilla/5.0 (compatible; DotBot/1.2; +https://opensiteexplorer.org/dotbot; help@moz.com)"
216.244.66.200 - - [13/Feb/2024:22:11:53 +0100] "GET /files/kozigre_tervezet_4_2006_mod.pdf HTTP/1.1" 200 106568 "-" "Mozilla/5.0 (compatible; DotBot/1.2; +https://opensiteexplorer.org/dotbot; help@moz.com)"
216.244.66.200 - - [13/Feb/2024:22:12:21 +0100] "GET /files/parlamenti%20bizottsagok8.pdf HTTP/1.1" 200 57222 "-" "Mozilla/5.0 (compatible; DotBot/1.2; +https://opensiteexplorer.org/dotbot; help@moz.com)"
216.244.66.200 - - [13/Feb/2024:22:12:48 +0100] "GET /files/tervezet_kozigre_lazberci_bov.pdf HTTP/1.1" 200 40351 "-" "Mozilla/5.0 (compatible; DotBot/1.2; +https://opensiteexplorer.org/dotbot; help@moz.com)"
66.249.70.102 - - [13/Feb/2024:22:19:26 +0100] "GET /robots.txt HTTP/1.1" 200 1590 "-" "Mozilla/5.0 (compatible; Googlebot/2.1; +http://www.google.com/bot.html)"
66.249.70.104 - - [13/Feb/2024:22:19:28 +0100] "GET /files/_veg3fmujfdhqa4st0cs_.pdf HTTP/1.1" 200 208061 "-" "Mozilla/5.0 (Linux; Android 6.0.1; Nexus 5X Build/MMB29P) AppleWebKit/537.36 (KHTML, like Gecko) Chrome/121.0.6167.139 Mobile Safari/537.36 (compatible; Googlebot/2.1; +http://www.google.com/bot.html)"
205.210.31.215 - - [13/Feb/2024:22:20:43 +0100] "GET / HTTP/1.1" 200 - "-" "Expanse, a Palo Alto Networks company, searches across the global IPv4 space multiple times per day to identify customers' presences on the Internet. If you would like to be excluded from our scans, please send IP addresses/domains to: scaninfo@paloaltonetworks.com"
216.244.66.200 - - [13/Feb/2024:22:24:41 +0100] "GET /robots.txt HTTP/1.1" 200 1590 "-" "Mozilla/5.0 (compatible; DotBot/1.2; +https://opensiteexplorer.org/dotbot; help@moz.com)"
216.244.66.200 - - [13/Feb/2024:22:24:42 +0100] "GET /robots.txt HTTP/1.1" 200 1590 "-" "Mozilla/5.0 (compatible; DotBot/1.2; +https://opensiteexplorer.org/dotbot; help@moz.com)"
3.101.230.253 - - [13/Feb/2024:22:31:02 +0100] "HEAD / HTTP/1.1" 200 - "-" "bitdiscovery"
3.101.230.253 - - [13/Feb/2024:22:31:21 +0100] "GET / HTTP/1.1" 200 - "-" "bitdiscovery"
216.244.66.200 - - [13/Feb/2024:22:53:42 +0100] "GET /files/2409.pdf HTTP/1.1" 200 188554 "-" "Mozilla/5.0 (compatible; DotBot/1.2; +https://opensiteexplorer.org/dotbot; help@moz.com)"
216.244.66.200 - - [13/Feb/2024:22:54:23 +0100] "GET /files/T.2756.doc HTTP/1.1" 200 182784 "-" "Mozilla/5.0 (compatible; DotBot/1.2; +https://opensiteexplorer.org/dotbot; help@moz.com)"
216.244.66.200 - - [13/Feb/2024:22:54:53 +0100] "GET /files/R199_4_indoklas.doc HTTP/1.1" 200 35840 "-" "Mozilla/5.0 (compatible; DotBot/1.2; +https://opensiteexplorer.org/dotbot; help@moz.com)"
157.55.39.48 - - [13/Feb/2024:22:55:27 +0100] "GET /files/filmrend_terv_070713.pdf HTTP/1.1" 304 - "-" "Mozilla/5.0 AppleWebKit/537.36 (KHTML, like Gecko; compatible; bingbot/2.0; +http://www.bing.com/bingbot.htm) Chrome/116.0.1938.76 Safari/537.36"
216.244.66.200 - - [13/Feb/2024:22:55:45 +0100] "GET /files/filmrend_terv_070713.pdf HTTP/1.1" 200 373180 "-" "Mozilla/5.0 (compatible; DotBot/1.2; +https://opensiteexplorer.org/dotbot; help@moz.com)"
216.244.66.200 - - [13/Feb/2024:22:56:20 +0100] "GET /files/szakszo_hajozo.pdf HTTP/1.1" 200 183291 "-" "Mozilla/5.0 (compatible; DotBot/1.2; +https://opensiteexplorer.org/dotbot; help@moz.com)"
216.244.66.200 - - [13/Feb/2024:22:57:10 +0100] "GET /files/telepules_dok.pdf HTTP/1.1" 200 390907 "-" "Mozilla/5.0 (compatible; DotBot/1.2; +https://opensiteexplorer.org/dotbot; help@moz.com)"
216.244.66.200 - - [13/Feb/2024:22:58:00 +0100] "GET /files/ucp_fgytv_080229.pdf HTTP/1.1" 200 480844 "-" "Mozilla/5.0 (compatible; DotBot/1.2; +https://opensiteexplorer.org/dotbot; help@moz.com)"
216.244.66.200 - - [13/Feb/2024:22:58:32 +0100] "GET /files/0817_T_rc_ra_szeghalmi.doc HTTP/1.1" 200 55296 "-" "Mozilla/5.0 (compatible; DotBot/1.2; +https://opensiteexplorer.org/dotbot; help@moz.com)"
216.244.66.200 - - [13/Feb/2024:22:59:09 +0100] "GET /files/112_eloterjesztes_tarcara_070201.pdf HTTP/1.1" 200 255879 "-" "Mozilla/5.0 (compatible; DotBot/1.2; +https://opensiteexplorer.org/dotbot; help@moz.com)"
216.244.66.200 - - [13/Feb/2024:22:59:42 +0100] "GET /files/41-2000-korrel-32005L0090.doc HTTP/1.1" 200 36864 "-" "Mozilla/5.0 (compatible; DotBot/1.2; +https://opensiteexplorer.org/dotbot; help@moz.com)"
216.244.66.200 - - [13/Feb/2024:23:00:16 +0100] "GET /files/89_2004_fvm_mod_egyeztetesre.pdf HTTP/1.1" 200 252995 "-" "Mozilla/5.0 (compatible; DotBot/1.2; +https://opensiteexplorer.org/dotbot; help@moz.com)"
216.244.66.200 - - [13/Feb/2024:23:00:47 +0100] "GET /files/fejezeti_eloiranyzatok_2006.pdf HTTP/1.1" 200 178668 "-" "Mozilla/5.0 (compatible; DotBot/1.2; +https://opensiteexplorer.org/dotbot; help@moz.com)"
216.244.66.200 - - [13/Feb/2024:23:01:15 +0100] "GET /files/gepjarmu_zalogjog-honlapra-080929-2.doc HTTP/1.1" 200 61952 "-" "Mozilla/5.0 (compatible; DotBot/1.2; +https://opensiteexplorer.org/dotbot; help@moz.com)"
216.244.66.200 - - [13/Feb/2024:23:01:43 +0100] "GET /files/rat2005vegimodrend_2_fuggelek_1222.doc HTTP/1.1" 200 65024 "-" "Mozilla/5.0 (compatible; DotBot/1.2; +https://opensiteexplorer.org/dotbot; help@moz.com)"
216.244.66.200 - - [13/Feb/2024:23:02:40 +0100] "GET /files/szakmai_%20inf_okm_rend_terv_090617.pdf HTTP/1.1" 200 - "-" "Mozilla/5.0 (compatible; DotBot/1.2; +https://opensiteexplorer.org/dotbot; help@moz.com)"
216.244.66.200 - - [13/Feb/2024:23:02:59 +0100] "GET /files/Cstv_1433-1346-EK-40C-17-2006-IRMVhrmod0717.doc HTTP/1.1" 200 48825 "-" "Mozilla/5.0 (compatible; DotBot/1.2; +https://opensiteexplorer.org/dotbot; help@moz.com)"
66.249.70.103 - - [13/Feb/2024:23:04:08 +0100] "GET /files/alapf_muv_okt_kovet_II_060414.pdf HTTP/1.1" 304 - "-" "Mozilla/5.0 (Linux; Android 6.0.1; Nexus 5X Build/MMB29P) AppleWebKit/537.36 (KHTML, like Gecko) Chrome/121.0.6167.139 Mobile Safari/537.36 (compatible; Googlebot/2.1; +http://www.google.com/bot.html)"
216.244.66.200 - - [13/Feb/2024:23:14:37 +0100] "GET /robots.txt HTTP/1.1" 200 1590 "-" "Mozilla/5.0 (compatible; DotBot/1.2; +https://opensiteexplorer.org/dotbot; help@moz.com)"
216.244.66.200 - - [13/Feb/2024:23:14:38 +0100] "GET /robots.txt HTTP/1.1" 200 1590 "-" "Mozilla/5.0 (compatible; DotBot/1.2; +https://opensiteexplorer.org/dotbot; help@moz.com)"
216.244.66.200 - - [13/Feb/2024:23:20:48 +0100] "GET /files/ptk_kotelmi_jog.pdf HTTP/1.1" 200 331188 "-" "Mozilla/5.0 (compatible; DotBot/1.2; +https://opensiteexplorer.org/dotbot; help@moz.com)"
207.46.13.92 - - [13/Feb/2024:23:37:52 +0100] "GET /node/261 HTTP/1.1" 200 - "-" "Mozilla/5.0 AppleWebKit/537.36 (KHTML, like Gecko; compatible; bingbot/2.0; +http://www.bing.com/bingbot.htm) Chrome/116.0.1938.76 Safari/537.36"
207.46.13.92 - - [13/Feb/2024:23:38:24 +0100] "GET /node/261 HTTP/1.1" 200 - "-" "Mozilla/5.0 AppleWebKit/537.36 (KHTML, like Gecko; compatible; bingbot/2.0; +http://www.bing.com/bingbot.htm) Chrome/116.0.1938.76 Safari/537.36"
54.175.161.244 - - [13/Feb/2024:23:40:42 +0100] "GET /robots.txt HTTP/1.1" 200 1590 "-" "ClaudeBot"
54.175.161.244 - - [13/Feb/2024:23:41:14 +0100] "GET /user/register HTTP/1.1" 200 - "-" "ClaudeBot"
216.244.66.200 - - [13/Feb/2024:23:45:29 +0100] "GET /files/_2eg3fmuj5edt6m_.pdf HTTP/1.1" 200 242860 "-" "Mozilla/5.0 (compatible; DotBot/1.2; +https://opensiteexplorer.org/dotbot; help@moz.com)"
216.244.66.200 - - [13/Feb/2024:23:46:30 +0100] "GET /files/080626_jogszabterv_digitvtam.pdf HTTP/1.1" 200 191378 "-" "Mozilla/5.0 (compatible; DotBot/1.2; +https://opensiteexplorer.org/dotbot; help@moz.com)"
216.244.66.200 - - [13/Feb/2024:23:47:28 +0100] "GET /files/NKP_II_2007_VT_eloterjesztes1_2.pdf HTTP/1.1" 200 399244 "-" "Mozilla/5.0 (compatible; DotBot/1.2; +https://opensiteexplorer.org/dotbot; help@moz.com)"
216.244.66.200 - - [13/Feb/2024:23:48:02 +0100] "GET /files/ftv_mod2_honlapra_070919.pdf HTTP/1.1" 200 157934 "-" "Mozilla/5.0 (compatible; DotBot/1.2; +https://opensiteexplorer.org/dotbot; help@moz.com)"
216.244.66.200 - - [13/Feb/2024:23:48:40 +0100] "GET /files/magancsod_tars_velem_09.03.06.doc HTTP/1.1" 200 652800 "-" "Mozilla/5.0 (compatible; DotBot/1.2; +https://opensiteexplorer.org/dotbot; help@moz.com)"
216.244.66.200 - - [13/Feb/2024:23:49:43 +0100] "GET /files/magyar_bosny%C3%83%C2%A1k_SzB.doc HTTP/1.1" 200 - "-" "Mozilla/5.0 (compatible; DotBot/1.2; +https://opensiteexplorer.org/dotbot; help@moz.com)"
216.244.66.200 - - [13/Feb/2024:23:50:02 +0100] "GET /files/megfelelesi_tablazat_08_11_21.doc HTTP/1.1" 200 52736 "-" "Mozilla/5.0 (compatible; DotBot/1.2; +https://opensiteexplorer.org/dotbot; help@moz.com)"
216.244.66.200 - - [13/Feb/2024:23:50:35 +0100] "GET /files/vegbizonyitvanyok_terv_080219.pdf HTTP/1.1" 200 446414 "-" "Mozilla/5.0 (compatible; DotBot/1.2; +https://opensiteexplorer.org/dotbot; help@moz.com)"
3.226.238.215 - - [13/Feb/2024:23:55:30 +0100] "GET /taxonomy/term/101 HTTP/1.1" 200 - "-" "ClaudeBot"
66.249.64.76 - - [13/Feb/2024:23:55:41 +0100] "GET / HTTP/1.1" 200 - "-" "Mozilla/5.0 (compatible; Googlebot/2.1; +http://www.google.com/bot.html)"
66.249.64.75 - - [13/Feb/2024:23:56:13 +0100] "GET / HTTP/1.1" 200 - "-" "Mozilla/5.0 (Linux; Android 6.0.1; Nexus 5X Build/MMB29P) AppleWebKit/537.36 (KHTML, like Gecko) Chrome/99.0.4844.84 Mobile Safari/537.36 (compatible; Googlebot/2.1; +http://www.google.com/bot.html)"
66.249.64.75 - - [13/Feb/2024:23:56:45 +0100] "GET / HTTP/1.1" 200 - "-" "Mozilla/5.0 (compatible; Googlebot/2.1; +http://www.google.com/bot.html)"
66.249.64.75 - - [13/Feb/2024:23:57:17 +0100] "GET / HTTP/1.1" 200 - "-" "Mozilla/5.0 (Linux; Android 6.0.1; Nexus 5X Build/MMB29P) AppleWebKit/537.36 (KHTML, like Gecko) Chrome/121.0.6167.139 Mobile Safari/537.36 (compatible; Googlebot/2.1; +http://www.google.com/bot.html)"
161.35.228.38 - - [14/Feb/2024:00:04:33 +0100] "HEAD / HTTP/1.1" 200 - "-" "Mozilla/5.0 (Linux; Android 10; TECNO KE5) AppleWebKit/537.36 (KHTML, like Gecko) Chrome/80.0.3987.99 Mobile Safari/537.36"
161.35.228.38 - - [14/Feb/2024:00:04:33 +0100] "HEAD / HTTP/1.1" 200 - "-" "Mozilla/5.0 (Windows NT 10.0; Win64; x64) AppleWebKit/537.36 (KHTML, like Gecko) Chrome/117.0.0.0 Safari/537.36"
216.244.66.200 - - [14/Feb/2024:00:04:53 +0100] "GET /robots.txt HTTP/1.1" 200 1590 "-" "Mozilla/5.0 (compatible; DotBot/1.2; +https://opensiteexplorer.org/dotbot; help@moz.com)"
216.244.66.200 - - [14/Feb/2024:00:04:54 +0100] "GET /robots.txt HTTP/1.1" 200 1590 "-" "Mozilla/5.0 (compatible; DotBot/1.2; +https://opensiteexplorer.org/dotbot; help@moz.com)"
161.35.228.38 - - [14/Feb/2024:00:05:05 +0100] "GET / HTTP/1.1" 200 - "-" "Mozilla/5.0 (Windows NT 10.0; Win64; x64) AppleWebKit/537.36 (KHTML, like Gecko) Chrome/116.0.0.0 Safari/537.36"
161.35.228.38 - - [14/Feb/2024:00:05:05 +0100] "GET / HTTP/1.1" 200 - "-" "Mozilla/5.0 (Macintosh; Intel Mac OS X 10_15_7) AppleWebKit/537.36 (KHTML, like Gecko) Chrome/115.0.0.0 Safari/537.36"
52.90.199.200 - - [14/Feb/2024:00:16:47 +0100] "GET /node/1157 HTTP/1.1" 200 - "-" "ClaudeBot"
216.244.66.200 - - [14/Feb/2024:00:33:48 +0100] "GET /files/1128_neh_zf_mes_11.14.doc HTTP/1.1" 200 350009 "-" "Mozilla/5.0 (compatible; DotBot/1.2; +https://opensiteexplorer.org/dotbot; help@moz.com)"
216.244.66.200 - - [14/Feb/2024:00:34:19 +0100] "GET /files/kbszrprbl_100324.zip HTTP/1.1" 200 416618 "-" "Mozilla/5.0 (compatible; DotBot/1.2; +https://opensiteexplorer.org/dotbot; help@moz.com)"
44.192.38.228 - - [14/Feb/2024:00:34:27 +0100] "GET /user/password HTTP/1.1" 200 - "-" "ClaudeBot"
216.244.66.200 - - [14/Feb/2024:00:34:46 +0100] "GET /files/100209_eloterjesztes_integralt_pontok.pdf HTTP/1.1" 200 175370 "-" "Mozilla/5.0 (compatible; DotBot/1.2; +https://opensiteexplorer.org/dotbot; help@moz.com)"
216.244.66.200 - - [14/Feb/2024:00:35:36 +0100] "GET /files/felsookt_int_felv_eljaras_060913.pdf HTTP/1.1" 200 302793 "-" "Mozilla/5.0 (compatible; DotBot/1.2; +https://opensiteexplorer.org/dotbot; help@moz.com)"
64.23.182.213 - - [14/Feb/2024:00:36:02 +0100] "GET / HTTP/1.1" 200 - "-" "Mozilla/5.0 (Macintosh; Intel Mac OS X 10_15_7) AppleWebKit/537.36 (KHTML, like Gecko) Chrome/114.0.0.0 Safari/537.36"
64.23.182.213 - - [14/Feb/2024:00:36:07 +0100] "GET / HTTP/1.1" 200 - "-" "Mozilla/5.0 (Macintosh; Intel Mac OS X 10_15_7) AppleWebKit/605.1.15 (KHTML, like Gecko) Version/15.6.1 Safari/605.1.15"
216.244.66.200 - - [14/Feb/2024:00:36:24 +0100] "GET /files/nepi_iparmuveszet_terv_090629.pdf HTTP/1.1" 200 389468 "-" "Mozilla/5.0 (compatible; DotBot/1.2; +https://opensiteexplorer.org/dotbot; help@moz.com)"
216.244.66.200 - - [14/Feb/2024:00:36:58 +0100] "GET /files/rat2005vegimodrend_3_melleklet.doc HTTP/1.1" 200 50688 "-" "Mozilla/5.0 (compatible; DotBot/1.2; +https://opensiteexplorer.org/dotbot; help@moz.com)"
216.244.66.200 - - [14/Feb/2024:00:37:33 +0100] "GET /files/0502_KvVM_rend.___imisszi_s.2006_k_zigre_.doc HTTP/1.1" 200 83968 "-" "Mozilla/5.0 (compatible; DotBot/1.2; +https://opensiteexplorer.org/dotbot; help@moz.com)"
216.244.66.200 - - [14/Feb/2024:00:41:59 +0100] "GET /files/1745_10.pdf HTTP/1.1" 200 159484 "-" "Mozilla/5.0 (compatible; DotBot/1.2; +https://opensiteexplorer.org/dotbot; help@moz.com)"
216.244.66.200 - - [14/Feb/2024:00:42:28 +0100] "GET /files/TK103_2.pdf HTTP/1.1" 200 110654 "-" "Mozilla/5.0 (compatible; DotBot/1.2; +https://opensiteexplorer.org/dotbot; help@moz.com)"
216.244.66.200 - - [14/Feb/2024:00:42:56 +0100] "GET /files/hatar.pdf HTTP/1.1" 200 148826 "-" "Mozilla/5.0 (compatible; DotBot/1.2; +https://opensiteexplorer.org/dotbot; help@moz.com)"
114.119.129.97 - - [14/Feb/2024:00:45:40 +0100] "GET /robots.txt HTTP/1.1" 200 1590 "-" "Mozilla/5.0 (compatible;PetalBot;+https://webmaster.petalsearch.com/site/petalbot)"
88.99.238.79 - - [14/Feb/2024:00:49:55 +0100] "GET /ads.txt HTTP/1.0" 200 - "-" "Mozilla/5.0 (Windows NT 10.0; Win64; x64; rv:86.0) Gecko/20100101 Firefox/86.0"
216.244.66.200 - - [14/Feb/2024:00:54:34 +0100] "GET /robots.txt HTTP/1.1" 200 1590 "-" "Mozilla/5.0 (compatible; DotBot/1.2; +https://opensiteexplorer.org/dotbot; help@moz.com)"
216.244.66.200 - - [14/Feb/2024:00:54:34 +0100] "GET /robots.txt HTTP/1.1" 200 1590 "-" "Mozilla/5.0 (compatible; DotBot/1.2; +https://opensiteexplorer.org/dotbot; help@moz.com)"
40.77.167.22 - - [14/Feb/2024:01:08:11 +0100] "GET /files/fogyved_061114.pdf HTTP/1.1" 304 - "-" "Mozilla/5.0 AppleWebKit/537.36 (KHTML, like Gecko; compatible; bingbot/2.0; +http://www.bing.com/bingbot.htm) Chrome/116.0.1938.76 Safari/537.36"
216.244.66.200 - - [14/Feb/2024:01:13:54 +0100] "GET /files/2009janaug.pdf HTTP/1.1" 200 81829 "-" "Mozilla/5.0 (compatible; DotBot/1.2; +https://opensiteexplorer.org/dotbot; help@moz.com)"
216.244.66.200 - - [14/Feb/2024:01:25:16 +0100] "GET /files/090311kumrendelet_fejezetikezeles.pdf HTTP/1.1" 200 205554 "-" "Mozilla/5.0 (compatible; DotBot/1.2; +https://opensiteexplorer.org/dotbot; help@moz.com)"
216.244.66.200 - - [14/Feb/2024:01:25:52 +0100] "GET /files/drogback_eloterj_1_fedlap_061129.pdf HTTP/1.1" 200 87970 "-" "Mozilla/5.0 (compatible; DotBot/1.2; +https://opensiteexplorer.org/dotbot; help@moz.com)"
