66.249.70.104 - - [25/Feb/2024:11:02:55 +0100] "GET /files/ebh_2006_jelentes_070619.pdf HTTP/1.1" 200 742359 "-" "Mozilla/5.0 AppleWebKit/537.36 (KHTML, like Gecko; compatible; GoogleOther) Chrome/121.0.6167.139 Safari/537.36"
80.98.18.223 - - [25/Feb/2024:11:27:14 +0100] "GET /files/ptk_oroklesi_jog.pdf HTTP/1.1" 200 260717 "https://www.google.com/" "Mozilla/5.0 (Windows NT 10.0; Win64; x64) AppleWebKit/537.36 (KHTML, like Gecko) Chrome/121.0.0.0 Safari/537.36"
80.98.18.223 - - [25/Feb/2024:11:27:14 +0100] "GET /favicon.ico HTTP/1.1" 404 57 "http://www.jogalkotas.hu/files/ptk_oroklesi_jog.pdf" "Mozilla/5.0 (Windows NT 10.0; Win64; x64) AppleWebKit/537.36 (KHTML, like Gecko) Chrome/121.0.0.0 Safari/537.36"
52.167.144.163 - - [25/Feb/2024:11:45:51 +0100] "GET /taxonomy/term/37%2042%2044%2045%2043%2019%2022%2021%2020/0?page=6 HTTP/1.1" 200 - "-" "Mozilla/5.0 AppleWebKit/537.36 (KHTML, like Gecko; compatible; bingbot/2.0; +http://www.bing.com/bingbot.htm) Chrome/116.0.1938.76 Safari/537.36"
52.167.144.163 - - [25/Feb/2024:11:46:23 +0100] "GET /taxonomy/term/37%2042%2044%2045%2043%2019%2022%2021%2020/0?page=6 HTTP/1.1" 200 - "-" "Mozilla/5.0 AppleWebKit/537.36 (KHTML, like Gecko; compatible; bingbot/2.0; +http://www.bing.com/bingbot.htm) Chrome/116.0.1938.76 Safari/537.36"
66.249.70.104 - - [25/Feb/2024:12:02:54 +0100] "GET /files/100_1997_korm_r_mod_061012.pdf HTTP/1.1" 200 233167 "-" "Mozilla/5.0 AppleWebKit/537.36 (KHTML, like Gecko; compatible; GoogleOther) Chrome/121.0.6167.139 Safari/537.36"
40.77.167.8 - - [25/Feb/2024:12:20:43 +0100] "GET /files/esely_felzark_070302.pdf HTTP/1.1" 304 - "-" "Mozilla/5.0 AppleWebKit/537.36 (KHTML, like Gecko; compatible; bingbot/2.0; +http://www.bing.com/bingbot.htm) Chrome/116.0.1938.76 Safari/537.36"
66.249.64.64 - - [25/Feb/2024:12:26:17 +0100] "GET /drupal/files/ekozig_strategia.pdf HTTP/1.1" 200 - "-" "Googlebot/2.1 (+http://www.google.com/bot.html)"
66.249.64.75 - - [25/Feb/2024:12:33:09 +0100] "GET /favicon.ico HTTP/1.1" 404 57 "-" "Googlebot-Image/1.0"
66.249.64.75 - - [25/Feb/2024:12:54:54 +0100] "GET /files/muemlek_terv_081124.pdf HTTP/1.1" 304 - "-" "Mozilla/5.0 (Linux; Android 6.0.1; Nexus 5X Build/MMB29P) AppleWebKit/537.36 (KHTML, like Gecko) Chrome/121.0.6167.139 Mobile Safari/537.36 (compatible; Googlebot/2.1; +http://www.google.com/bot.html)"
128.199.216.0 - - [25/Feb/2024:13:37:52 +0100] "GET /wp-admin/install.php HTTP/1.1" 200 - "-" "Mozilla/5.0 (Macintosh; Intel Mac OS X 10_10_1) AppleWebKit/537.36 (KHTML, like Gecko) Chrome/39.0.2171.95 Safari/537.36"
128.199.216.0 - - [25/Feb/2024:13:38:21 +0100] "GET /wp/wp-admin/install.php HTTP/1.1" 200 - "-" "Mozilla/5.0 (Macintosh; Intel Mac OS X 10_10_1) AppleWebKit/537.36 (KHTML, like Gecko) Chrome/39.0.2171.95 Safari/537.36"
128.199.216.0 - - [25/Feb/2024:13:38:52 +0100] "GET /new/wp-admin/install.php HTTP/1.1" 200 - "-" "Mozilla/5.0 (Macintosh; Intel Mac OS X 10_10_1) AppleWebKit/537.36 (KHTML, like Gecko) Chrome/39.0.2171.95 Safari/537.36"
128.199.216.0 - - [25/Feb/2024:13:39:24 +0100] "GET /old/wp-admin/install.php HTTP/1.1" 200 - "-" "Mozilla/5.0 (Macintosh; Intel Mac OS X 10_10_1) AppleWebKit/537.36 (KHTML, like Gecko) Chrome/39.0.2171.95 Safari/537.36"
128.199.216.0 - - [25/Feb/2024:13:39:52 +0100] "GET /wordpress/wp-admin/install.php HTTP/1.1" 200 - "-" "Mozilla/5.0 (Macintosh; Intel Mac OS X 10_10_1) AppleWebKit/537.36 (KHTML, like Gecko) Chrome/39.0.2171.95 Safari/537.36"
66.249.64.76 - - [25/Feb/2024:13:39:53 +0100] "GET /robots.txt HTTP/1.1" 200 1590 "-" "Mozilla/5.0 (compatible; Googlebot/2.1; +http://www.google.com/bot.html)"
66.249.64.75 - - [25/Feb/2024:13:39:54 +0100] "GET /files/kedvesllat_elterjeszts_07_25.pdf HTTP/1.1" 304 - "-" "Mozilla/5.0 (Linux; Android 6.0.1; Nexus 5X Build/MMB29P) AppleWebKit/537.36 (KHTML, like Gecko) Chrome/121.0.6167.139 Mobile Safari/537.36 (compatible; Googlebot/2.1; +http://www.google.com/bot.html)"
104.28.130.41 - - [25/Feb/2024:13:40:20 +0100] "GET /files/birosagiui.doc HTTP/1.1" 200 210432 "https://www.google.com/" "Mozilla/5.0 (iPhone; CPU iPhone OS 17_3_1 like Mac OS X) AppleWebKit/605.1.15 (KHTML, like Gecko) Version/17.3.1 Mobile/15E148 Safari/604.1"
128.199.216.0 - - [25/Feb/2024:13:40:21 +0100] "GET /test/wp-admin/install.php HTTP/1.1" 200 - "-" "Mozilla/5.0 (Macintosh; Intel Mac OS X 10_10_1) AppleWebKit/537.36 (KHTML, like Gecko) Chrome/39.0.2171.95 Safari/537.36"
128.199.216.0 - - [25/Feb/2024:13:40:50 +0100] "GET /blog/wp-admin/install.php HTTP/1.1" 200 - "-" "Mozilla/5.0 (Macintosh; Intel Mac OS X 10_10_1) AppleWebKit/537.36 (KHTML, like Gecko) Chrome/39.0.2171.95 Safari/537.36"
128.199.216.0 - - [25/Feb/2024:13:41:18 +0100] "GET /cms/wp-admin/install.php HTTP/1.1" 200 - "-" "Mozilla/5.0 (Macintosh; Intel Mac OS X 10_10_1) AppleWebKit/537.36 (KHTML, like Gecko) Chrome/39.0.2171.95 Safari/537.36"
128.199.216.0 - - [25/Feb/2024:13:41:47 +0100] "GET /web/wp-admin/install.php HTTP/1.1" 200 - "-" "Mozilla/5.0 (Macintosh; Intel Mac OS X 10_10_1) AppleWebKit/537.36 (KHTML, like Gecko) Chrome/39.0.2171.95 Safari/537.36"
128.199.216.0 - - [25/Feb/2024:13:42:18 +0100] "GET /backup/wp-admin/install.php HTTP/1.1" 200 - "-" "Mozilla/5.0 (Macintosh; Intel Mac OS X 10_10_1) AppleWebKit/537.36 (KHTML, like Gecko) Chrome/39.0.2171.95 Safari/537.36"
128.199.216.0 - - [25/Feb/2024:13:42:51 +0100] "GET /site/wp-admin/install.php HTTP/1.1" 200 - "-" "Mozilla/5.0 (Macintosh; Intel Mac OS X 10_10_1) AppleWebKit/537.36 (KHTML, like Gecko) Chrome/39.0.2171.95 Safari/537.36"
128.199.216.0 - - [25/Feb/2024:13:43:21 +0100] "GET /oldsite/wp-admin/install.php HTTP/1.1" 200 - "-" "Mozilla/5.0 (Macintosh; Intel Mac OS X 10_10_1) AppleWebKit/537.36 (KHTML, like Gecko) Chrome/39.0.2171.95 Safari/537.36"
66.249.70.102 - - [25/Feb/2024:14:02:56 +0100] "GET /files/eloterjesztes_ekozig2010_0604.pdf HTTP/1.1" 200 231429 "-" "Mozilla/5.0 AppleWebKit/537.36 (KHTML, like Gecko; compatible; GoogleOther) Chrome/121.0.6167.139 Safari/537.36"
66.249.64.64 - - [25/Feb/2024:14:24:54 +0100] "GET /files/gyermekek_helyzete_2005_terv_061211.pdf HTTP/1.1" 304 - "-" "Mozilla/5.0 (Linux; Android 6.0.1; Nexus 5X Build/MMB29P) AppleWebKit/537.36 (KHTML, like Gecko) Chrome/121.0.6167.139 Mobile Safari/537.36 (compatible; Googlebot/2.1; +http://www.google.com/bot.html)"
51.222.253.3 - - [25/Feb/2024:14:33:19 +0100] "GET /robots.txt HTTP/1.1" 200 1590 "-" "Mozilla/5.0 (compatible; AhrefsBot/7.0; +http://ahrefs.com/robot/)"
66.249.70.102 - - [25/Feb/2024:15:09:53 +0100] "GET /files/9066_16.pdf HTTP/1.1" 304 - "-" "Mozilla/5.0 (Linux; Android 6.0.1; Nexus 5X Build/MMB29P) AppleWebKit/537.36 (KHTML, like Gecko) Chrome/121.0.6167.139 Mobile Safari/537.36 (compatible; Googlebot/2.1; +http://www.google.com/bot.html)"
173.249.52.101 - - [25/Feb/2024:15:29:34 +0100] "GET /simple.php HTTP/1.1" 200 - "www.google.com" "Mozlila/5.0 (Linux; Android 7.0; SM-G892A Bulid/NRD90M; wv) AppleWebKit/537.36 (KHTML, like Gecko) Version/4.0 Chrome/60.0.3112.107 Moblie Safari/537.36"
18.144.126.144 - - [25/Feb/2024:15:42:46 +0100] "GET / HTTP/1.1" 200 - "-" "bitdiscovery-suggestions"
207.46.13.6 - - [25/Feb/2024:15:45:26 +0100] "GET /files/kozmuv_minosegrend_terv_100114.pdf HTTP/1.1" 304 - "-" "Mozilla/5.0 AppleWebKit/537.36 (KHTML, like Gecko; compatible; bingbot/2.0; +http://www.bing.com/bingbot.htm) Chrome/116.0.1938.76 Safari/537.36"
87.250.224.29 - - [25/Feb/2024:16:18:24 +0100] "GET /robots.txt HTTP/1.1" 200 1590 "-" "Mozilla/5.0 (compatible; YandexBot/3.0; +http://yandex.com/bots)"
5.255.231.46 - - [25/Feb/2024:16:18:58 +0100] "GET /drupal/node/1273 HTTP/1.1" 200 - "-" "Mozilla/5.0 (compatible; YandexBot/3.0; +http://yandex.com/bots)"
84.3.49.210 - - [25/Feb/2024:16:25:22 +0100] "GET /favicon.ico HTTP/1.1" 404 57 "http://www.jogalkotas.hu/files/ptk_kotelmi_jog.pdf" "Mozilla/5.0 (Windows NT 10.0; Win64; x64) AppleWebKit/537.36 (KHTML, like Gecko) Chrome/121.0.0.0 Safari/537.36 Edg/121.0.0.0"
84.3.49.210 - - [25/Feb/2024:16:25:22 +0100] "GET /files/ptk_kotelmi_jog.pdf HTTP/1.1" 200 706298 "https://www.google.hu/" "Mozilla/5.0 (Windows NT 10.0; Win64; x64) AppleWebKit/537.36 (KHTML, like Gecko) Chrome/121.0.0.0 Safari/537.36 Edg/121.0.0.0"
5.255.231.59 - - [25/Feb/2024:16:30:37 +0100] "GET /robots.txt HTTP/1.1" 200 1590 "-" "Mozilla/5.0 (compatible; YandexBot/3.0; +http://yandex.com/bots)"
87.250.224.72 - - [25/Feb/2024:16:31:23 +0100] "GET /files/ptk.dolo- HTTP/1.1" 200 - "-" "Mozilla/5.0 (compatible; YandexBot/3.0; +http://yandex.com/bots)"
66.249.70.104 - - [25/Feb/2024:17:00:55 +0100] "GET /files/TK45_2.pdf HTTP/1.1" 304 - "-" "Mozilla/5.0 (Linux; Android 6.0.1; Nexus 5X Build/MMB29P) AppleWebKit/537.36 (KHTML, like Gecko) Chrome/121.0.6167.139 Mobile Safari/537.36 (compatible; Googlebot/2.1; +http://www.google.com/bot.html)"
66.249.70.103 - - [25/Feb/2024:17:45:55 +0100] "GET /files/eloterjesztes_ekozig2010_0604.pdf HTTP/1.1" 304 - "-" "Mozilla/5.0 (Linux; Android 6.0.1; Nexus 5X Build/MMB29P) AppleWebKit/537.36 (KHTML, like Gecko) Chrome/121.0.6167.139 Mobile Safari/537.36 (compatible; Googlebot/2.1; +http://www.google.com/bot.html)"
40.77.167.65 - - [25/Feb/2024:17:52:04 +0100] "GET /node/2521 HTTP/1.1" 200 - "-" "Mozilla/5.0 AppleWebKit/537.36 (KHTML, like Gecko; compatible; bingbot/2.0; +http://www.bing.com/bingbot.htm) Chrome/116.0.1938.76 Safari/537.36"
40.77.167.65 - - [25/Feb/2024:17:52:36 +0100] "GET /node/2521 HTTP/1.1" 200 - "-" "Mozilla/5.0 AppleWebKit/537.36 (KHTML, like Gecko; compatible; bingbot/2.0; +http://www.bing.com/bingbot.htm) Chrome/116.0.1938.76 Safari/537.36"
66.249.70.104 - - [25/Feb/2024:18:02:57 +0100] "GET /files/A_Digitalis_Atallas_Strategiaja.pdf HTTP/1.1" 200 1129550 "-" "Mozilla/5.0 AppleWebKit/537.36 (KHTML, like Gecko; compatible; GoogleOther) Chrome/121.0.6167.139 Safari/537.36"
66.249.70.103 - - [25/Feb/2024:18:04:29 +0100] "GET / HTTP/1.1" 200 - "-" "Mozilla/5.0 (Linux; Android 6.0.1; Nexus 5X Build/MMB29P) AppleWebKit/537.36 (KHTML, like Gecko) Chrome/99.0.4844.84 Mobile Safari/537.36 (compatible; Googlebot/2.1; +http://www.google.com/bot.html)"
66.249.70.102 - - [25/Feb/2024:18:05:01 +0100] "GET / HTTP/1.1" 200 - "-" "Mozilla/5.0 (compatible; Googlebot/2.1; +http://www.google.com/bot.html)"
66.249.70.104 - - [25/Feb/2024:18:05:33 +0100] "GET / HTTP/1.1" 200 - "-" "Mozilla/5.0 (Linux; Android 6.0.1; Nexus 5X Build/MMB29P) AppleWebKit/537.36 (KHTML, like Gecko) Chrome/121.0.6167.139 Mobile Safari/537.36 (compatible; Googlebot/2.1; +http://www.google.com/bot.html)"
66.249.70.103 - - [25/Feb/2024:18:06:05 +0100] "GET / HTTP/1.1" 200 - "-" "Mozilla/5.0 (compatible; Googlebot/2.1; +http://www.google.com/bot.html)"
66.249.70.102 - - [25/Feb/2024:18:14:56 +0100] "GET /files/alapf_muv_okt_kovet_060414.pdf HTTP/1.1" 200 86794 "-" "Mozilla/5.0 (Linux; Android 6.0.1; Nexus 5X Build/MMB29P) AppleWebKit/537.36 (KHTML, like Gecko) Chrome/121.0.6167.139 Mobile Safari/537.36 (compatible; Googlebot/2.1; +http://www.google.com/bot.html)"
162.55.85.229 - - [25/Feb/2024:18:29:06 +0100] "GET /robots.txt HTTP/1.1" 200 1590 "-" "Mozilla/5.0 (compatible; BLEXBot/1.0; +http://webmeup-crawler.com/)"
162.55.85.229 - - [25/Feb/2024:18:29:37 +0100] "GET /drupal/node/1273 HTTP/1.1" 200 - "-" "Mozilla/5.0 (compatible; BLEXBot/1.0; +http://webmeup-crawler.com/)"
162.55.85.229 - - [25/Feb/2024:18:29:51 +0100] "GET /robots.txt HTTP/1.1" 200 1590 "-" "Mozilla/5.0 (compatible; BLEXBot/1.0; +http://webmeup-crawler.com/)"
162.55.85.229 - - [25/Feb/2024:18:30:22 +0100] "GET / HTTP/1.1" 200 - "-" "Mozilla/5.0 (compatible; BLEXBot/1.0; +http://webmeup-crawler.com/)"
66.249.70.102 - - [25/Feb/2024:19:02:56 +0100] "GET /files/NFGM3656.pdf HTTP/1.1" 200 154520 "-" "Mozilla/5.0 AppleWebKit/537.36 (KHTML, like Gecko; compatible; GoogleOther) Chrome/121.0.6167.139 Safari/537.36"
66.249.70.104 - - [25/Feb/2024:19:02:57 +0100] "GET /files/nekika_terv_080826.pdf HTTP/1.1" 200 248367 "-" "Mozilla/5.0 AppleWebKit/537.36 (KHTML, like Gecko; compatible; GoogleOther) Chrome/121.0.6167.139 Safari/537.36"
84.0.93.91 - - [25/Feb/2024:19:04:08 +0100] "GET /files/gyamhatosag_eloterj_061204.pdf HTTP/1.1" 200 597742 "-" "Mozilla/5.0 (Linux; Android 10; K) AppleWebKit/537.36 (KHTML, like Gecko) Chrome/122.0.0.0 Mobile Safari/537.36"
213.180.203.12 - - [25/Feb/2024:19:16:50 +0100] "GET /robots.txt HTTP/1.1" 200 1590 "-" "Mozilla/5.0 (compatible; YandexBot/3.0; +http://yandex.com/bots)"
95.108.213.144 - - [25/Feb/2024:19:17:22 +0100] "GET /node/357 HTTP/1.1" 200 - "-" "Mozilla/5.0 (compatible; YandexBot/3.0; +http://yandex.com/bots)"
3.231.65.233 - - [25/Feb/2024:20:32:22 +0100] "GET /files/Tervezet_a_vegrehajtoi_kezbesites_eljarasi_szabalyairol.pdf HTTP/1.1" 200 159770 "-" "Mozilla/5.0 (X11; Ubuntu; Linux x86_64; rv:72.0) Gecko/20100101 Firefox/72.0"
65.154.226.167 - - [25/Feb/2024:20:33:53 +0100] "GET /files/Tervezet%5fa%5fvegrehajtoi%5fkezbesites%5feljarasi%5fszabalyairol.pdf HTTP/1.1" 200 159770 "-" "Mozilla/5.0 (Windows NT 10.0) AppleWebKit/537.36 (KHTML, like Gecko) Chrome/106.0.0.0 Safari/537.36"
84.236.107.171 - - [25/Feb/2024:20:38:33 +0100] "GET /files/tk19.pdf HTTP/1.1" 200 194017 "-" "Mozilla/5.0 (Windows NT 10.0; Win64; x64) AppleWebKit/537.36 (KHTML, like Gecko) Chrome/121.0.0.0 Safari/537.36 Edg/121.0.0.0"
84.236.107.171 - - [25/Feb/2024:20:38:34 +0100] "GET /favicon.ico HTTP/1.1" 404 57 "http://www.jogalkotas.hu/files/tk19.pdf" "Mozilla/5.0 (Windows NT 10.0; Win64; x64) AppleWebKit/537.36 (KHTML, like Gecko) Chrome/121.0.0.0 Safari/537.36 Edg/121.0.0.0"
92.249.130.195 - - [25/Feb/2024:20:44:52 +0100] "GET /files/tk19.pdf HTTP/1.1" 200 194017 "https://l.facebook.com/" "Mozilla/5.0 (Windows NT 10.0; Win64; x64) AppleWebKit/537.36 (KHTML, like Gecko) Chrome/121.0.0.0 Safari/537.36"
92.249.130.195 - - [25/Feb/2024:20:44:53 +0100] "GET /favicon.ico HTTP/1.1" 404 57 "http://www.jogalkotas.hu/files/tk19.pdf" "Mozilla/5.0 (Windows NT 10.0; Win64; x64) AppleWebKit/537.36 (KHTML, like Gecko) Chrome/121.0.0.0 Safari/537.36"
155.133.132.66 - - [25/Feb/2024:21:45:55 +0100] "GET /wordpress/ HTTP/1.1" 200 - "-" "-"
54.36.148.102 - - [25/Feb/2024:21:53:27 +0100] "GET /robots.txt HTTP/1.1" 200 1590 "-" "Mozilla/5.0 (compatible; AhrefsBot/7.0; +http://ahrefs.com/robot/)"
103.230.14.250 - - [25/Feb/2024:22:19:11 +0100] "GET /index.php?c=api&m=data2&auth=d41d8cd98f00b204e9800998ecf8427e¶m=upload HTTP/1.1" 200 - "-" "Mozilla/5.0 (Windows NT 10.0; WOW64; rv:48.0) Gecko/20100101 Firefox/48.0"
66.249.70.103 - - [25/Feb/2024:22:37:20 +0100] "GET /moodle/calendar/view.php?loan=288 HTTP/1.1" 200 - "-" "Mozilla/5.0 (Linux; Android 6.0.1; Nexus 5X Build/MMB29P) AppleWebKit/537.36 (KHTML, like Gecko) Chrome/121.0.6167.139 Mobile Safari/537.36 (compatible; Googlebot/2.1; +http://www.google.com/bot.html)"
207.46.13.230 - - [25/Feb/2024:22:53:09 +0100] "GET /robots.txt HTTP/1.1" 200 1590 "-" "Mozilla/5.0 AppleWebKit/537.36 (KHTML, like Gecko; compatible; bingbot/2.0; +http://www.bing.com/bingbot.htm) Chrome/116.0.1938.76 Safari/537.36"
40.77.167.7 - - [25/Feb/2024:22:53:21 +0100] "GET /files/Bejelentes_egybefoglalt_tervezet_kozig.pdf HTTP/1.1" 200 220113 "-" "Mozilla/5.0 AppleWebKit/537.36 (KHTML, like Gecko; compatible; bingbot/2.0; +http://www.bing.com/bingbot.htm) Chrome/116.0.1938.76 Safari/537.36"
52.167.144.216 - - [25/Feb/2024:23:03:47 +0100] "GET /files/UCP_070827.pdf HTTP/1.1" 304 - "-" "Mozilla/5.0 AppleWebKit/537.36 (KHTML, like Gecko; compatible; bingbot/2.0; +http://www.bing.com/bingbot.htm) Chrome/116.0.1938.76 Safari/537.36"
66.249.70.104 - - [25/Feb/2024:23:06:22 +0100] "GET /files/_0edo6usjkedq62sjkg9jmio8_.pdf HTTP/1.1" 304 - "-" "Mozilla/5.0 (Linux; Android 6.0.1; Nexus 5X Build/MMB29P) AppleWebKit/537.36 (KHTML, like Gecko) Chrome/121.0.6167.139 Mobile Safari/537.36 (compatible; Googlebot/2.1; +http://www.google.com/bot.html)"
52.167.144.238 - - [25/Feb/2024:23:28:55 +0100] "GET /files/ABI_Eitv.doc HTTP/1.1" 304 - "-" "Mozilla/5.0 AppleWebKit/537.36 (KHTML, like Gecko; compatible; bingbot/2.0; +http://www.bing.com/bingbot.htm) Chrome/116.0.1938.76 Safari/537.36"
46.251.20.20 - - [25/Feb/2024:23:41:12 +0100] "GET /favicon.ico HTTP/1.1" 404 57 "http://jogalkotas.hu/files/ptk.csaladjog_0.pdf" "Mozilla/5.0 (Windows NT 10.0; Win64; x64) AppleWebKit/537.36 (KHTML, like Gecko) Chrome/121.0.0.0 Safari/537.36 Edg/121.0.0.0"
46.251.20.20 - - [25/Feb/2024:23:41:12 +0100] "GET /files/ptk.csaladjog_0.pdf HTTP/1.1" 200 429444 "https://www.google.com/" "Mozilla/5.0 (Windows NT 10.0; Win64; x64) AppleWebKit/537.36 (KHTML, like Gecko) Chrome/121.0.0.0 Safari/537.36 Edg/121.0.0.0"
216.244.66.200 - - [25/Feb/2024:23:47:50 +0100] "GET /robots.txt HTTP/1.1" 200 1590 "-" "Mozilla/5.0 (compatible; DotBot/1.2; +https://opensiteexplorer.org/dotbot; help@moz.com)"
216.244.66.200 - - [25/Feb/2024:23:47:50 +0100] "GET /robots.txt HTTP/1.1" 200 1590 "-" "Mozilla/5.0 (compatible; DotBot/1.2; +https://opensiteexplorer.org/dotbot; help@moz.com)"
216.244.66.200 - - [25/Feb/2024:23:52:59 +0100] "GET /files/Tervezet_a_vegrehajtoi_kezbesites_eljarasi_szabalyairol.pdf HTTP/1.1" 200 159770 "-" "Mozilla/5.0 (compatible; DotBot/1.2; +https://opensiteexplorer.org/dotbot; help@moz.com)"
216.244.66.200 - - [25/Feb/2024:23:53:30 +0100] "GET /files/hatskritv%20060830.doc HTTP/1.1" 200 418063 "-" "Mozilla/5.0 (compatible; DotBot/1.2; +https://opensiteexplorer.org/dotbot; help@moz.com)"
216.244.66.200 - - [25/Feb/2024:23:54:22 +0100] "GET /taxonomy/term/21/0/feed HTTP/1.1" 200 - "-" "Mozilla/5.0 (compatible; DotBot/1.2; +https://opensiteexplorer.org/dotbot; help@moz.com)"
216.244.66.200 - - [25/Feb/2024:23:54:49 +0100] "GET /files/epitesi_beruhazasok_torveny_.pdf HTTP/1.1" 200 269131 "-" "Mozilla/5.0 (compatible; DotBot/1.2; +https://opensiteexplorer.org/dotbot; help@moz.com)"
216.244.66.200 - - [25/Feb/2024:23:55:53 +0100] "GET /node?page=5 HTTP/1.1" 200 - "-" "Mozilla/5.0 (compatible; DotBot/1.2; +https://opensiteexplorer.org/dotbot; help@moz.com)"
216.244.66.200 - - [25/Feb/2024:23:56:44 +0100] "GET /taxonomy/term/77 HTTP/1.1" 200 - "-" "Mozilla/5.0 (compatible; DotBot/1.2; +https://opensiteexplorer.org/dotbot; help@moz.com)"
216.244.66.200 - - [25/Feb/2024:23:57:34 +0100] "GET /node/2546 HTTP/1.1" 200 - "-" "Mozilla/5.0 (compatible; DotBot/1.2; +https://opensiteexplorer.org/dotbot; help@moz.com)"
216.244.66.200 - - [25/Feb/2024:23:59:51 +0100] "GET /node?page=163 HTTP/1.1" 200 - "-" "Mozilla/5.0 (compatible; DotBot/1.2; +https://opensiteexplorer.org/dotbot; help@moz.com)"
216.244.66.200 - - [26/Feb/2024:00:00:41 +0100] "GET /node?page=169 HTTP/1.1" 200 - "-" "Mozilla/5.0 (compatible; DotBot/1.2; +https://opensiteexplorer.org/dotbot; help@moz.com)"
216.244.66.200 - - [26/Feb/2024:00:01:32 +0100] "GET /node?page=172 HTTP/1.1" 200 - "-" "Mozilla/5.0 (compatible; DotBot/1.2; +https://opensiteexplorer.org/dotbot; help@moz.com)"
216.244.66.200 - - [26/Feb/2024:00:02:23 +0100] "GET /node/100 HTTP/1.1" 200 - "-" "Mozilla/5.0 (compatible; DotBot/1.2; +https://opensiteexplorer.org/dotbot; help@moz.com)"
216.244.66.200 - - [26/Feb/2024:00:03:13 +0100] "GET /taxonomy/term/24?page=20 HTTP/1.1" 200 - "-" "Mozilla/5.0 (compatible; DotBot/1.2; +https://opensiteexplorer.org/dotbot; help@moz.com)"
216.244.66.200 - - [26/Feb/2024:00:04:03 +0100] "GET /node/1049 HTTP/1.1" 200 - "-" "Mozilla/5.0 (compatible; DotBot/1.2; +https://opensiteexplorer.org/dotbot; help@moz.com)"
216.244.66.200 - - [26/Feb/2024:00:04:54 +0100] "GET /node/1101 HTTP/1.1" 200 - "-" "Mozilla/5.0 (compatible; DotBot/1.2; +https://opensiteexplorer.org/dotbot; help@moz.com)"
216.244.66.200 - - [26/Feb/2024:00:05:45 +0100] "GET /node/1206 HTTP/1.1" 200 - "-" "Mozilla/5.0 (compatible; DotBot/1.2; +https://opensiteexplorer.org/dotbot; help@moz.com)"
37.60.232.99 - - [26/Feb/2024:00:07:46 +0100] "GET / HTTP/1.1" 200 - "-" "Mozilla/5.0 (Windows NT 10.0; Win64; x64) AppleWebKit/537.36 (KHTML, like Gecko) Chrome/88.0.4240.193 Safari/537.36"
37.60.232.99 - - [26/Feb/2024:00:08:18 +0100] "GET / HTTP/1.1" 200 - "-" "Mozilla/5.0 (Windows NT 10.0; Win64; x64) AppleWebKit/537.36 (KHTML, like Gecko) Chrome/88.0.4240.193 Safari/537.36"
37.60.232.99 - - [26/Feb/2024:00:08:50 +0100] "GET /wp-includes/wlwmanifest.xml HTTP/1.1" 200 - "-" "Mozilla/5.0 (Windows NT 10.0; Win64; x64) AppleWebKit/537.36 (KHTML, like Gecko) Chrome/88.0.4240.193 Safari/537.36"
14.137.139.217 - - [26/Feb/2024:00:11:58 +0100] "GET /sites/all/modules/filefield/icons/protocons/16x16/mimetypes/application-octet-stream.png HTTP/1.1" 200 205 "-" "Mozilla/5.0 (X11; Ubuntu; Linux x86_64; rv:72.0) Gecko/20100101 Firefox/72.0"
216.244.66.200 - - [26/Feb/2024:00:37:34 +0100] "GET /robots.txt HTTP/1.1" 200 1590 "-" "Mozilla/5.0 (compatible; DotBot/1.2; +https://opensiteexplorer.org/dotbot; help@moz.com)"
216.244.66.200 - - [26/Feb/2024:00:37:35 +0100] "GET /robots.txt HTTP/1.1" 200 1590 "-" "Mozilla/5.0 (compatible; DotBot/1.2; +https://opensiteexplorer.org/dotbot; help@moz.com)"
216.244.66.200 - - [26/Feb/2024:00:49:09 +0100] "GET /files/ptk._szemelyek.pdf HTTP/1.1" 200 180749 "-" "Mozilla/5.0 (compatible; DotBot/1.2; +https://opensiteexplorer.org/dotbot; help@moz.com)"
207.46.13.150 - - [26/Feb/2024:00:51:51 +0100] "GET /files/fulbrighteloterjesztes20060327.pdf HTTP/1.1" 200 141899 "-" "Mozilla/5.0 AppleWebKit/537.36 (KHTML, like Gecko; compatible; bingbot/2.0; +http://www.bing.com/bingbot.htm) Chrome/116.0.1938.76 Safari/537.36"
216.244.66.200 - - [26/Feb/2024:00:58:25 +0100] "GET /node/21 HTTP/1.1" 200 - "-" "Mozilla/5.0 (compatible; DotBot/1.2; +https://opensiteexplorer.org/dotbot; help@moz.com)"
216.244.66.200 - - [26/Feb/2024:00:59:17 +0100] "GET /node/2541 HTTP/1.1" 200 - "-" "Mozilla/5.0 (compatible; DotBot/1.2; +https://opensiteexplorer.org/dotbot; help@moz.com)"
66.249.70.102 - - [26/Feb/2024:01:02:58 +0100] "GET /files/KAT_norma_06_24.pdf HTTP/1.1" 200 200161 "-" "Mozilla/5.0 AppleWebKit/537.36 (KHTML, like Gecko; compatible; GoogleOther) Chrome/121.0.6167.139 Safari/537.36"
193.6.201.253 - - [26/Feb/2024:01:06:03 +0100] "HEAD /node/357 HTTP/1.0" 200 - "-" "w3m/0.5.3+git20190105"
193.6.201.253 - - [26/Feb/2024:01:06:35 +0100] "HEAD /node/357 HTTP/1.0" 200 - "-" "w3m/0.5.3+git20190105"
216.244.66.200 - - [26/Feb/2024:01:06:36 +0100] "GET /node?page=66 HTTP/1.1" 200 - "-" "Mozilla/5.0 (compatible; DotBot/1.2; +https://opensiteexplorer.org/dotbot; help@moz.com)"
216.244.66.200 - - [26/Feb/2024:01:07:30 +0100] "GET /node?page=69 HTTP/1.1" 200 - "-" "Mozilla/5.0 (compatible; DotBot/1.2; +https://opensiteexplorer.org/dotbot; help@moz.com)"
216.244.66.200 - - [26/Feb/2024:01:08:20 +0100] "GET /node?page=76 HTTP/1.1" 200 - "-" "Mozilla/5.0 (compatible; DotBot/1.2; +https://opensiteexplorer.org/dotbot; help@moz.com)"
216.244.66.200 - - [26/Feb/2024:01:09:11 +0100] "GET /node/113 HTTP/1.1" 200 - "-" "Mozilla/5.0 (compatible; DotBot/1.2; +https://opensiteexplorer.org/dotbot; help@moz.com)"
216.244.66.200 - - [26/Feb/2024:01:10:01 +0100] "GET /taxonomy/term/24?page=8 HTTP/1.1" 200 - "-" "Mozilla/5.0 (compatible; DotBot/1.2; +https://opensiteexplorer.org/dotbot; help@moz.com)"
216.244.66.200 - - [26/Feb/2024:01:10:51 +0100] "GET /taxonomy/term/50?page=14 HTTP/1.1" 200 - "-" "Mozilla/5.0 (compatible; DotBot/1.2; +https://opensiteexplorer.org/dotbot; help@moz.com)"
216.244.66.200 - - [26/Feb/2024:01:11:42 +0100] "GET /node?page=244 HTTP/1.1" 200 - "-" "Mozilla/5.0 (compatible; DotBot/1.2; +https://opensiteexplorer.org/dotbot; help@moz.com)"
216.244.66.200 - - [26/Feb/2024:01:12:32 +0100] "GET /node?page=36 HTTP/1.1" 200 - "-" "Mozilla/5.0 (compatible; DotBot/1.2; +https://opensiteexplorer.org/dotbot; help@moz.com)"
216.244.66.200 - - [26/Feb/2024:01:13:22 +0100] "GET /node?page=61 HTTP/1.1" 200 - "-" "Mozilla/5.0 (compatible; DotBot/1.2; +https://opensiteexplorer.org/dotbot; help@moz.com)"
64.251.10.90 - - [26/Feb/2024:01:13:49 +0100] "GET /files/CSG-GA-jogalkotas_einfoszab_1120.ppt HTTP/1.0" 200 24179 "-" "-"
216.244.66.200 - - [26/Feb/2024:01:26:03 +0100] "GET /robots.txt HTTP/1.1" 200 1590 "-" "Mozilla/5.0 (compatible; DotBot/1.2; +https://opensiteexplorer.org/dotbot; help@moz.com)"
216.244.66.200 - - [26/Feb/2024:01:26:03 +0100] "GET /robots.txt HTTP/1.1" 200 1590 "-" "Mozilla/5.0 (compatible; DotBot/1.2; +https://opensiteexplorer.org/dotbot; help@moz.com)"
216.244.66.200 - - [26/Feb/2024:01:31:13 +0100] "GET /files/314-es_mod_kozig.pdf HTTP/1.1" 200 221547 "-" "Mozilla/5.0 (compatible; DotBot/1.2; +https://opensiteexplorer.org/dotbot; help@moz.com)"
216.244.66.200 - - [26/Feb/2024:01:31:55 +0100] "GET /files/Nemzetkozi_szerzodesekkel_kapcsolatos_eljarasrol_szolo_2005.evi_L.torveny_modositasarol.pdf HTTP/1.1" 200 155881 "-" "Mozilla/5.0 (compatible; DotBot/1.2; +https://opensiteexplorer.org/dotbot; help@moz.com)"
216.244.66.200 - - [26/Feb/2024:01:32:27 +0100] "GET /files/R148-2.doc HTTP/1.1" 200 36352 "-" "Mozilla/5.0 (compatible; DotBot/1.2; +https://opensiteexplorer.org/dotbot; help@moz.com)"
216.244.66.200 - - [26/Feb/2024:01:33:08 +0100] "GET /files/TK56_3.pdf HTTP/1.1" 200 231252 "-" "Mozilla/5.0 (compatible; DotBot/1.2; +https://opensiteexplorer.org/dotbot; help@moz.com)"
216.244.66.200 - - [26/Feb/2024:01:34:03 +0100] "GET /files/Tervezet_a_fizetesi_meghagyasos_eljarassal_kapcsolatos_rendeletekrol.pdf HTTP/1.1" 200 348564 "-" "Mozilla/5.0 (compatible; DotBot/1.2; +https://opensiteexplorer.org/dotbot; help@moz.com)"
216.244.66.200 - - [26/Feb/2024:01:34:40 +0100] "GET /files/regeszet.doc HTTP/1.1" 200 169984 "-" "Mozilla/5.0 (compatible; DotBot/1.2; +https://opensiteexplorer.org/dotbot; help@moz.com)"
216.244.66.200 - - [26/Feb/2024:01:35:27 +0100] "GET /files/tamop_rend_terv_091104.pdf HTTP/1.1" 200 239925 "-" "Mozilla/5.0 (compatible; DotBot/1.2; +https://opensiteexplorer.org/dotbot; help@moz.com)"
216.244.66.200 - - [26/Feb/2024:01:36:10 +0100] "GET /files/fejezeti_kum_rend_mod_2_2007.pdf HTTP/1.1" 200 184859 "-" "Mozilla/5.0 (compatible; DotBot/1.2; +https://opensiteexplorer.org/dotbot; help@moz.com)"
216.244.66.200 - - [26/Feb/2024:01:37:18 +0100] "GET /node/2564 HTTP/1.1" 200 - "-" "Mozilla/5.0 (compatible; DotBot/1.2; +https://opensiteexplorer.org/dotbot; help@moz.com)"
216.244.66.200 - - [26/Feb/2024:01:38:08 +0100] "GET /node?page=155 HTTP/1.1" 200 - "-" "Mozilla/5.0 (compatible; DotBot/1.2; +https://opensiteexplorer.org/dotbot; help@moz.com)"
216.244.66.200 - - [26/Feb/2024:01:38:58 +0100] "GET /node?page=212 HTTP/1.1" 200 - "-" "Mozilla/5.0 (compatible; DotBot/1.2; +https://opensiteexplorer.org/dotbot; help@moz.com)"
216.244.66.200 - - [26/Feb/2024:01:39:49 +0100] "GET /node?page=23 HTTP/1.1" 200 - "-" "Mozilla/5.0 (compatible; DotBot/1.2; +https://opensiteexplorer.org/dotbot; help@moz.com)"
216.244.66.200 - - [26/Feb/2024:01:40:39 +0100] "GET /node?page=99 HTTP/1.1" 200 - "-" "Mozilla/5.0 (compatible; DotBot/1.2; +https://opensiteexplorer.org/dotbot; help@moz.com)"
216.244.66.200 - - [26/Feb/2024:01:41:29 +0100] "GET /node/1103 HTTP/1.1" 200 - "-" "Mozilla/5.0 (compatible; DotBot/1.2; +https://opensiteexplorer.org/dotbot; help@moz.com)"
216.244.66.200 - - [26/Feb/2024:01:42:19 +0100] "GET /node/1502 HTTP/1.1" 200 - "-" "Mozilla/5.0 (compatible; DotBot/1.2; +https://opensiteexplorer.org/dotbot; help@moz.com)"
216.244.66.200 - - [26/Feb/2024:01:43:09 +0100] "GET /node/1779 HTTP/1.1" 200 - "-" "Mozilla/5.0 (compatible; DotBot/1.2; +https://opensiteexplorer.org/dotbot; help@moz.com)"
216.244.66.200 - - [26/Feb/2024:01:44:02 +0100] "GET /node/1796 HTTP/1.1" 200 - "-" "Mozilla/5.0 (compatible; DotBot/1.2; +https://opensiteexplorer.org/dotbot; help@moz.com)"
216.244.66.200 - - [26/Feb/2024:01:44:52 +0100] "GET /node/188 HTTP/1.1" 200 - "-" "Mozilla/5.0 (compatible; DotBot/1.2; +https://opensiteexplorer.org/dotbot; help@moz.com)"
216.244.66.200 - - [26/Feb/2024:01:45:42 +0100] "GET /node/1920 HTTP/1.1" 200 - "-" "Mozilla/5.0 (compatible; DotBot/1.2; +https://opensiteexplorer.org/dotbot; help@moz.com)"
66.249.70.104 - - [26/Feb/2024:01:46:52 +0100] "GET /files/3802_16.pdf HTTP/1.1" 304 - "-" "Mozilla/5.0 (Linux; Android 6.0.1; Nexus 5X Build/MMB29P) AppleWebKit/537.36 (KHTML, like Gecko) Chrome/121.0.6167.139 Mobile Safari/537.36 (compatible; Googlebot/2.1; +http://www.google.com/bot.html)"
85.190.246.84 - - [26/Feb/2024:01:52:20 +0100] "GET /robots.txt HTTP/1.1" 200 1590 "-" "Mozilla/5.0 (compatible; MJ12bot/v1.4.8; http://mj12bot.com/)"
85.190.246.84 - - [26/Feb/2024:01:53:09 +0100] "GET /files/19-2003-Mell%C3%83%C2%A9kletek.xls.txt HTTP/1.1" 200 - "-" "Mozilla/5.0 (compatible; MJ12bot/v1.4.8; http://mj12bot.com/)"
85.190.246.84 - - [26/Feb/2024:01:54:08 +0100] "GET /files/9-93.normasz%C3%83%C2%B6veg.m%C3%83%C2%B3d.2007.febr.T%C3%83?RCA.doc HTTP/1.1" 200 - "-" "Mozilla/5.0 (compatible; MJ12bot/v1.4.8; http://mj12bot.com/)"
85.190.246.84 - - [26/Feb/2024:01:55:10 +0100] "GET /files/A%20T%C3%83%E2%80%93RV%C3%83%E2%80%B0NYJAVASLAT%20MELL%C3%83%E2%80%B0KLETEI.htm.txt HTTP/1.1" 200 - "-" "Mozilla/5.0 (compatible; MJ12bot/v1.4.8; http://mj12bot.com/)"
85.190.246.84 - - [26/Feb/2024:01:56:06 +0100] "GET /files/AZ%20%C3%83?S%20MELL%C3%83%E2%80%B0KLETEI.htm.txt HTTP/1.1" 200 - "-" "Mozilla/5.0 (compatible; MJ12bot/v1.4.8; http://mj12bot.com/)"
85.190.246.84 - - [26/Feb/2024:01:57:00 +0100] "GET /files/Alap-%C3%83%C2%A9s%20m%C3%85%C2%B1k%C3%83%C2%B6d%C3%83%C2%A9si%20nyilv%C3%83%C2%A1ntart%C3%83%C2%A1s-T%C3%83?RCA03.20..doc HTTP/1.1" 200 - "-" "Mozilla/5.0 (compatible; MJ12bot/v1.4.8; http://mj12bot.com/)"
85.190.246.84 - - [26/Feb/2024:01:57:56 +0100] "GET /files/FEJEZETI%20K%C3%83%E2%80%93TETEK.htm.txt HTTP/1.1" 200 - "-" "Mozilla/5.0 (compatible; MJ12bot/v1.4.8; http://mj12bot.com/)"
85.190.246.84 - - [26/Feb/2024:01:58:56 +0100] "GET /files/INDOKOL%C3%83?1.doc HTTP/1.1" 200 - "-" "Mozilla/5.0 (compatible; MJ12bot/v1.4.8; http://mj12bot.com/)"
85.190.246.84 - - [26/Feb/2024:01:59:48 +0100] "GET /files/INDOKOL%C3%83?S.doc HTTP/1.1" 200 - "-" "Mozilla/5.0 (compatible; MJ12bot/v1.4.8; http://mj12bot.com/)"
85.190.246.84 - - [26/Feb/2024:02:00:46 +0100] "GET /files/SzaboMate_hozz%C3%83%C2%A1f%C3%83%C2%A9r%C3%83%C2%A9s.pps HTTP/1.1" 200 - "-" "Mozilla/5.0 (compatible; MJ12bot/v1.4.8; http://mj12bot.com/)"
85.190.246.84 - - [26/Feb/2024:02:01:38 +0100] "GET /files/VEZET%C3%85?I%20%C3%83%E2%80%93SSZEFOGLAL%C3%83%E2%80%9C.doc HTTP/1.1" 200 - "-" "Mozilla/5.0 (compatible; MJ12bot/v1.4.8; http://mj12bot.com/)"
85.190.246.84 - - [26/Feb/2024:02:02:28 +0100] "GET /files/%C3%83?NTSZ%20%20061214%20Kormr.doc HTTP/1.1" 200 - "-" "Mozilla/5.0 (compatible; MJ12bot/v1.4.8; http://mj12bot.com/)"
85.190.246.84 - - [26/Feb/2024:02:02:36 +0100] "GET /robots.txt HTTP/1.1" 200 1590 "-" "Mozilla/5.0 (compatible; MJ12bot/v1.4.8; http://mj12bot.com/)"
66.249.70.104 - - [26/Feb/2024:02:02:59 +0100] "GET /files/fitness.pdf HTTP/1.1" 200 608967 "-" "Mozilla/5.0 AppleWebKit/537.36 (KHTML, like Gecko; compatible; GoogleOther) Chrome/121.0.6167.139 Safari/537.36"
85.190.246.84 - - [26/Feb/2024:02:03:24 +0100] "GET /files/19-2003-Mell%C3%83%C2%A9kletek.xls.txt HTTP/1.1" 200 - "-" "Mozilla/5.0 (compatible; MJ12bot/v1.4.8; http://mj12bot.com/)"
85.190.246.84 - - [26/Feb/2024:02:04:10 +0100] "GET /files/9-93.normasz%C3%83%C2%B6veg.m%C3%83%C2%B3d.2007.febr.T%C3%83?RCA.doc HTTP/1.1" 200 - "-" "Mozilla/5.0 (compatible; MJ12bot/v1.4.8; http://mj12bot.com/)"
85.190.246.84 - - [26/Feb/2024:02:05:00 +0100] "GET /files/A%20T%C3%83%E2%80%93RV%C3%83%E2%80%B0NYJAVASLAT%20MELL%C3%83%E2%80%B0KLETEI.htm.txt HTTP/1.1" 200 - "-" "Mozilla/5.0 (compatible; MJ12bot/v1.4.8; http://mj12bot.com/)"
85.190.246.84 - - [26/Feb/2024:02:05:48 +0100] "GET /files/AZ%20%C3%83?S%20MELL%C3%83%E2%80%B0KLETEI.htm.txt HTTP/1.1" 200 - "-" "Mozilla/5.0 (compatible; MJ12bot/v1.4.8; http://mj12bot.com/)"
85.190.246.84 - - [26/Feb/2024:02:06:33 +0100] "GET /files/Alap-%C3%83%C2%A9s%20m%C3%85%C2%B1k%C3%83%C2%B6d%C3%83%C2%A9si%20nyilv%C3%83%C2%A1ntart%C3%83%C2%A1s-T%C3%83?RCA03.20..doc HTTP/1.1" 200 - "-" "Mozilla/5.0 (compatible; MJ12bot/v1.4.8; http://mj12bot.com/)"
85.190.246.84 - - [26/Feb/2024:02:07:19 +0100] "GET /files/FEJEZETI%20K%C3%83%E2%80%93TETEK.htm.txt HTTP/1.1" 200 - "-" "Mozilla/5.0 (compatible; MJ12bot/v1.4.8; http://mj12bot.com/)"
85.190.246.84 - - [26/Feb/2024:02:08:04 +0100] "GET /files/INDOKOL%C3%83?1.doc HTTP/1.1" 200 - "-" "Mozilla/5.0 (compatible; MJ12bot/v1.4.8; http://mj12bot.com/)"
85.190.246.84 - - [26/Feb/2024:02:08:52 +0100] "GET /files/INDOKOL%C3%83?S.doc HTTP/1.1" 200 - "-" "Mozilla/5.0 (compatible; MJ12bot/v1.4.8; http://mj12bot.com/)"
85.190.246.84 - - [26/Feb/2024:02:09:38 +0100] "GET /files/SzaboMate_hozz%C3%83%C2%A1f%C3%83%C2%A9r%C3%83%C2%A9s.pps HTTP/1.1" 200 - "-" "Mozilla/5.0 (compatible; MJ12bot/v1.4.8; http://mj12bot.com/)"
85.190.246.84 - - [26/Feb/2024:02:10:25 +0100] "GET /files/VEZET%C3%85?I%20%C3%83%E2%80%93SSZEFOGLAL%C3%83%E2%80%9C.doc HTTP/1.1" 200 - "-" "Mozilla/5.0 (compatible; MJ12bot/v1.4.8; http://mj12bot.com/)"
216.244.66.200 - - [26/Feb/2024:02:13:19 +0100] "GET /robots.txt HTTP/1.1" 200 1590 "-" "Mozilla/5.0 (compatible; DotBot/1.2; +https://opensiteexplorer.org/dotbot; help@moz.com)"
85.190.246.84 - - [26/Feb/2024:02:13:58 +0100] "GET /files/%C3%83?NTSZ%20%20061214%20Kormr.doc HTTP/1.1" 200 - "-" "Mozilla/5.0 (compatible; MJ12bot/v1.4.8; http://mj12bot.com/)"
216.244.66.200 - - [26/Feb/2024:02:18:22 +0100] "GET /files/Munkaanyag_ket_min_09.08._kozig.pdf HTTP/1.1" 200 88320 "-" "Mozilla/5.0 (compatible; DotBot/1.2; +https://opensiteexplorer.org/dotbot; help@moz.com)"
216.244.66.200 - - [26/Feb/2024:02:19:18 +0100] "GET /files/alapf_muv_okt_kovet_II_060414.pdf HTTP/1.1" 200 475988 "-" "Mozilla/5.0 (compatible; DotBot/1.2; +https://opensiteexplorer.org/dotbot; help@moz.com)"
216.244.66.200 - - [26/Feb/2024:02:19:54 +0100] "GET /files/r34_2.pdf HTTP/1.1" 200 109321 "-" "Mozilla/5.0 (compatible; DotBot/1.2; +https://opensiteexplorer.org/dotbot; help@moz.com)"
66.249.70.102 - - [26/Feb/2024:02:26:58 +0100] "GET /files/alapf_muv_okt_kovet_II_060414.pdf HTTP/1.1" 304 - "-" "Mozilla/5.0 (Linux; Android 6.0.1; Nexus 5X Build/MMB29P) AppleWebKit/537.36 (KHTML, like Gecko) Chrome/121.0.6167.139 Mobile Safari/537.36 (compatible; Googlebot/2.1; +http://www.google.com/bot.html)"
34.140.155.177 - - [26/Feb/2024:02:40:12 +0100] "GET /robots.txt HTTP/1.1" 200 1590 "-" "Mozilla/5.0 (compatible; VelenPublicWebCrawler/1.0; +https://velen.io)"
34.140.155.177 - - [26/Feb/2024:02:40:44 +0100] "GET /node/1026 HTTP/1.1" 200 - "-" "Mozilla/5.0 (compatible; VelenPublicWebCrawler/1.0; +https://velen.io)"
34.140.155.177 - - [26/Feb/2024:02:41:14 +0100] "GET /node/1026 HTTP/1.1" 200 - "-" "Mozilla/5.0 (compatible; VelenPublicWebCrawler/1.0; +https://velen.io)"
34.140.155.177 - - [26/Feb/2024:02:41:45 +0100] "GET /node/1026 HTTP/1.1" 200 - "-" "Mozilla/5.0 (compatible; VelenPublicWebCrawler/1.0; +https://velen.io)"
34.140.155.177 - - [26/Feb/2024:02:42:18 +0100] "GET /node/1026 HTTP/1.1" 200 - "-" "Mozilla/5.0 (compatible; VelenPublicWebCrawler/1.0; +https://velen.io)"
34.140.155.177 - - [26/Feb/2024:02:42:51 +0100] "GET /node/1026 HTTP/1.1" 200 - "-" "Mozilla/5.0 (compatible; VelenPublicWebCrawler/1.0; +https://velen.io)"
195.43.7.205 - - [26/Feb/2024:03:01:18 +0100] "GET /wp-includes/SimplePie/about.php HTTP/1.1" 200 - "-" "Mozlila/5.0 (Linux; Android 7.0; SM-G892A Bulid/NRD90M; wv) AppleWebKit/537.36 (KHTML, like Gecko) Version/4.0 Chrome/60.0.3112.107 Moblie Safari/537.36"
216.244.66.200 - - [26/Feb/2024:03:01:42 +0100] "GET /robots.txt HTTP/1.1" 200 1590 "-" "Mozilla/5.0 (compatible; DotBot/1.2; +https://opensiteexplorer.org/dotbot; help@moz.com)"
216.244.66.200 - - [26/Feb/2024:03:06:48 +0100] "GET /files/7769_04_06_web_kozzetetel_kszf.rtf.txt HTTP/1.1" 200 32155 "-" "Mozilla/5.0 (compatible; DotBot/1.2; +https://opensiteexplorer.org/dotbot; help@moz.com)"
20.193.147.61 - - [26/Feb/2024:03:25:19 +0100] "GET //cronlab/.env HTTP/1.1" 200 - "-" "Mozilla/5.0 (X11; Linux x86_64) AppleWebKit/537.36 (KHTML, like Gecko) Chrome/81.0.4044.129 Safari/537.36"
66.249.70.103 - - [26/Feb/2024:03:32:58 +0100] "GET /files/hm_lakhatas_modositas.pdf HTTP/1.1" 200 76702 "-" "Mozilla/5.0 AppleWebKit/537.36 (KHTML, like Gecko; compatible; GoogleOther) Chrome/121.0.6167.139 Safari/537.36"
216.244.66.200 - - [26/Feb/2024:03:50:45 +0100] "GET /robots.txt HTTP/1.1" 200 1590 "-" "Mozilla/5.0 (compatible; DotBot/1.2; +https://opensiteexplorer.org/dotbot; help@moz.com)"
216.244.66.200 - - [26/Feb/2024:03:56:12 +0100] "GET /files/Egyes%20rend%C3%83%C2%A9szeti%20%C3%83%C2%A9s%20migr%C3%83%C2%A1ci%C3%83%C2%B3s%20t%C3%83%C2%A1rgy%C3%83%C2%BA%20t%C3%83%C2%B6rv%C3%83%C2%A9nyek%20m%C3%83%C2%B3dos%C3%83%C2%ADt%C3%83%C2%A1s%C3%83%C2%A1r%C3%83%C2%B3l.doc HTTP/1.1" 200 - "-" "Mozilla/5.0 (compatible; DotBot/1.2; +https://opensiteexplorer.org/dotbot; help@moz.com)"
216.244.66.200 - - [26/Feb/2024:03:56:16 +0100] "GET /files/felsooktatasi_hatosagi_eljarasi_dijak_060413.pdf HTTP/1.1" 200 99563 "-" "Mozilla/5.0 (compatible; DotBot/1.2; +https://opensiteexplorer.org/dotbot; help@moz.com)"
216.244.66.200 - - [26/Feb/2024:03:56:51 +0100] "GET /files/kormeloterj_fogyeselykozalap.pdf HTTP/1.1" 200 358532 "-" "Mozilla/5.0 (compatible; DotBot/1.2; +https://opensiteexplorer.org/dotbot; help@moz.com)"
66.249.64.64 - - [26/Feb/2024:04:03:00 +0100] "GET /files/ptk.csaladjog_0.pdf HTTP/1.1" 200 429444 "-" "Mozilla/5.0 AppleWebKit/537.36 (KHTML, like Gecko; compatible; GoogleOther) Chrome/121.0.6167.139 Safari/537.36"
66.249.70.102 - - [26/Feb/2024:04:03:02 +0100] "GET /files/szemelyugyi_igazgatas.pdf HTTP/1.1" 200 379679 "-" "Mozilla/5.0 AppleWebKit/537.36 (KHTML, like Gecko; compatible; GoogleOther) Chrome/121.0.6167.139 Safari/537.36"
216.244.66.200 - - [26/Feb/2024:04:40:21 +0100] "GET /robots.txt HTTP/1.1" 200 1590 "-" "Mozilla/5.0 (compatible; DotBot/1.2; +https://opensiteexplorer.org/dotbot; help@moz.com)"
216.244.66.200 - - [26/Feb/2024:04:40:21 +0100] "GET /robots.txt HTTP/1.1" 200 1590 "-" "Mozilla/5.0 (compatible; DotBot/1.2; +https://opensiteexplorer.org/dotbot; help@moz.com)"
216.244.66.200 - - [26/Feb/2024:04:44:54 +0100] "GET /files/_ee1nmopt0e9ki0tk2chimorb941h6asrfe9nmoobj_.pdf HTTP/1.1" 200 392120 "-" "Mozilla/5.0 (compatible; DotBot/1.2; +https://opensiteexplorer.org/dotbot; help@moz.com)"
216.244.66.200 - - [26/Feb/2024:04:45:16 +0100] "GET /files/nanhokifmktimfeer_terv_100225.pdf HTTP/1.1" 200 158106 "-" "Mozilla/5.0 (compatible; DotBot/1.2; +https://opensiteexplorer.org/dotbot; help@moz.com)"
216.244.66.200 - - [26/Feb/2024:04:45:58 +0100] "GET /files/eloterjesztes_ekozig2010_0604.pdf HTTP/1.1" 200 231429 "-" "Mozilla/5.0 (compatible; DotBot/1.2; +https://opensiteexplorer.org/dotbot; help@moz.com)"
47.128.35.212 - - [26/Feb/2024:04:54:52 +0100] "GET /drupal/node/26 HTTP/1.1" 200 - "-" "Mozilla/5.0 (Linux; Android 5.0) AppleWebKit/537.36 (KHTML, like Gecko) Mobile Safari/537.36 (compatible; Bytespider; spider-feedback@bytedance.com)"
47.128.113.119 - - [26/Feb/2024:04:58:52 +0100] "GET /drupal/ HTTP/1.1" 200 - "-" "Mozilla/5.0 (Linux; Android 5.0) AppleWebKit/537.36 (KHTML, like Gecko) Mobile Safari/537.36 (compatible; Bytespider; spider-feedback@bytedance.com)"
47.128.122.200 - - [26/Feb/2024:05:02:52 +0100] "GET /drupal/node/496 HTTP/1.1" 200 - "-" "Mozilla/5.0 (Linux; Android 5.0) AppleWebKit/537.36 (KHTML, like Gecko) Mobile Safari/537.36 (compatible; Bytespider; spider-feedback@bytedance.com)"
66.249.64.64 - - [26/Feb/2024:05:02:58 +0100] "GET /files/bevetelek_felhasznalasarol_es_elszamolasarol_tervezet.pdf HTTP/1.1" 200 103912 "-" "Mozilla/5.0 AppleWebKit/537.36 (KHTML, like Gecko; compatible; GoogleOther) Chrome/121.0.6167.139 Safari/537.36"
47.128.113.103 - - [26/Feb/2024:05:06:53 +0100] "GET /drupal/node/672 HTTP/1.1" 200 - "-" "Mozilla/5.0 (Linux; Android 5.0) AppleWebKit/537.36 (KHTML, like Gecko) Mobile Safari/537.36 (compatible; Bytespider; spider-feedback@bytedance.com)"
47.128.32.164 - - [26/Feb/2024:05:10:53 +0100] "GET /drupal/node/383 HTTP/1.1" 200 - "-" "Mozilla/5.0 (Linux; Android 5.0) AppleWebKit/537.36 (KHTML, like Gecko) Mobile Safari/537.36 (compatible; Bytespider; spider-feedback@bytedance.com)"
47.128.48.153 - - [26/Feb/2024:05:14:54 +0100] "GET /drupal/node/1273 HTTP/1.1" 200 - "-" "Mozilla/5.0 (Linux; Android 5.0) AppleWebKit/537.36 (KHTML, like Gecko) Mobile Safari/537.36 (compatible; Bytespider; spider-feedback@bytedance.com)"
47.128.37.150 - - [26/Feb/2024:05:18:51 +0100] "GET /drupal/node/385 HTTP/1.1" 200 - "-" "Mozilla/5.0 (Linux; Android 5.0) AppleWebKit/537.36 (KHTML, like Gecko) Mobile Safari/537.36 (compatible; Bytespider; spider-feedback@bytedance.com)"
47.128.63.25 - - [26/Feb/2024:05:22:52 +0100] "GET / HTTP/1.1" 200 - "-" "Mozilla/5.0 (Linux; Android 5.0) AppleWebKit/537.36 (KHTML, like Gecko) Mobile Safari/537.36 (compatible; Bytespider; spider-feedback@bytedance.com)"
47.128.63.42 - - [26/Feb/2024:05:26:52 +0100] "GET /drupal/node/629 HTTP/1.1" 200 - "-" "Mozilla/5.0 (Linux; Android 5.0) AppleWebKit/537.36 (KHTML, like Gecko) Mobile Safari/537.36 (compatible; Bytespider; spider-feedback@bytedance.com)"
216.244.66.200 - - [26/Feb/2024:05:28:50 +0100] "GET /robots.txt HTTP/1.1" 200 1590 "-" "Mozilla/5.0 (compatible; DotBot/1.2; +https://opensiteexplorer.org/dotbot; help@moz.com)"
216.244.66.200 - - [26/Feb/2024:05:28:50 +0100] "GET /robots.txt HTTP/1.1" 200 1590 "-" "Mozilla/5.0 (compatible; DotBot/1.2; +https://opensiteexplorer.org/dotbot; help@moz.com)"
47.128.48.121 - - [26/Feb/2024:05:30:52 +0100] "GET /drupal/node/720 HTTP/1.1" 200 - "-" "Mozilla/5.0 (Linux; Android 5.0) AppleWebKit/537.36 (KHTML, like Gecko) Mobile Safari/537.36 (compatible; Bytespider; spider-feedback@bytedance.com)"
66.249.70.104 - - [26/Feb/2024:05:32:58 +0100] "GET /robots.txt HTTP/1.1" 200 1590 "-" "Mozilla/5.0 (compatible; Googlebot/2.1; +http://www.google.com/bot.html)"
66.249.70.103 - - [26/Feb/2024:05:33:00 +0100] "GET /files/knb_objektumokba_belepes.pdf HTTP/1.1" 200 119527 "-" "Mozilla/5.0 AppleWebKit/537.36 (KHTML, like Gecko; compatible; GoogleOther) Chrome/121.0.6167.139 Safari/537.36"
216.244.66.200 - - [26/Feb/2024:05:33:11 +0100] "GET /files/TK57.pdf HTTP/1.1" 200 133358 "-" "Mozilla/5.0 (compatible; DotBot/1.2; +https://opensiteexplorer.org/dotbot; help@moz.com)"
216.244.66.200 - - [26/Feb/2024:05:33:48 +0100] "GET /files/TK58.pdf HTTP/1.1" 200 166197 "-" "Mozilla/5.0 (compatible; DotBot/1.2; +https://opensiteexplorer.org/dotbot; help@moz.com)"
47.128.40.202 - - [26/Feb/2024:05:34:34 +0100] "GET /robots.txt HTTP/1.1" 200 1590 "-" "Mozilla/5.0 (Linux; Android 5.0) AppleWebKit/537.36 (KHTML, like Gecko) Mobile Safari/537.36 (compatible; Bytespider; spider-feedback@bytedance.com)"
216.244.66.200 - - [26/Feb/2024:05:34:37 +0100] "GET /files/szoftverrendelet.pdf HTTP/1.1" 200 262870 "-" "Mozilla/5.0 (compatible; DotBot/1.2; +https://opensiteexplorer.org/dotbot; help@moz.com)"
216.244.66.200 - - [26/Feb/2024:05:40:56 +0100] "GET /taxonomy/term/35?page=3 HTTP/1.1" 200 - "-" "Mozilla/5.0 (compatible; DotBot/1.2; +https://opensiteexplorer.org/dotbot; help@moz.com)"
216.244.66.200 - - [26/Feb/2024:05:42:18 +0100] "GET /node/2205 HTTP/1.1" 200 - "-" "Mozilla/5.0 (compatible; DotBot/1.2; +https://opensiteexplorer.org/dotbot; help@moz.com)"
66.249.64.76 - - [26/Feb/2024:06:11:58 +0100] "GET /files/nem-konvencionalis_korm_rend_090202.doc HTTP/1.1" 304 - "-" "Mozilla/5.0 (Linux; Android 6.0.1; Nexus 5X Build/MMB29P) AppleWebKit/537.36 (KHTML, like Gecko) Chrome/121.0.6167.139 Mobile Safari/537.36 (compatible; Googlebot/2.1; +http://www.google.com/bot.html)"
216.244.66.200 - - [26/Feb/2024:06:18:54 +0100] "GET /robots.txt HTTP/1.1" 200 1590 "-" "Mozilla/5.0 (compatible; DotBot/1.2; +https://opensiteexplorer.org/dotbot; help@moz.com)"
66.249.70.104 - - [26/Feb/2024:06:23:58 +0100] "GET /files/cegbejegyz_cegnyilv_08.12.doc HTTP/1.1" 304 - "-" "Mozilla/5.0 (Linux; Android 6.0.1; Nexus 5X Build/MMB29P) AppleWebKit/537.36 (KHTML, like Gecko) Chrome/121.0.6167.139 Mobile Safari/537.36 (compatible; Googlebot/2.1; +http://www.google.com/bot.html)"
216.244.66.200 - - [26/Feb/2024:06:26:06 +0100] "GET /files/86_2009_ME-hat.pdf HTTP/1.1" 200 65969 "-" "Mozilla/5.0 (compatible; DotBot/1.2; +https://opensiteexplorer.org/dotbot; help@moz.com)"
216.244.66.200 - - [26/Feb/2024:06:26:31 +0100] "GET /files/NFGM326.pdf HTTP/1.1" 200 146508 "-" "Mozilla/5.0 (compatible; DotBot/1.2; +https://opensiteexplorer.org/dotbot; help@moz.com)"
216.244.66.200 - - [26/Feb/2024:06:27:05 +0100] "GET /files/R225szabalyozasi.doc HTTP/1.1" 200 34304 "-" "Mozilla/5.0 (compatible; DotBot/1.2; +https://opensiteexplorer.org/dotbot; help@moz.com)"
95.108.213.193 - - [26/Feb/2024:06:49:40 +0100] "GET /robots.txt HTTP/1.1" 200 1590 "-" "Mozilla/5.0 (compatible; YandexBot/3.0; +http://yandex.com/bots)"
213.180.203.138 - - [26/Feb/2024:06:50:12 +0100] "GET /files/ptk.csaladjog.pdf. HTTP/1.1" 200 - "-" "Mozilla/5.0 (compatible; YandexBot/3.0; +http://yandex.com/bots)"
216.244.66.200 - - [26/Feb/2024:07:07:46 +0100] "GET /robots.txt HTTP/1.1" 200 1590 "-" "Mozilla/5.0 (compatible; DotBot/1.2; +https://opensiteexplorer.org/dotbot; help@moz.com)"
216.244.66.200 - - [26/Feb/2024:07:07:46 +0100] "GET /robots.txt HTTP/1.1" 200 1590 "-" "Mozilla/5.0 (compatible; DotBot/1.2; +https://opensiteexplorer.org/dotbot; help@moz.com)"
216.244.66.200 - - [26/Feb/2024:07:13:52 +0100] "GET /files/birosagi_ugyintezo.doc HTTP/1.1" 200 31744 "-" "Mozilla/5.0 (compatible; DotBot/1.2; +https://opensiteexplorer.org/dotbot; help@moz.com)"
216.244.66.200 - - [26/Feb/2024:07:14:08 +0100] "GET /files/oksz_terv_100302.pdf HTTP/1.1" 200 176795 "-" "Mozilla/5.0 (compatible; DotBot/1.2; +https://opensiteexplorer.org/dotbot; help@moz.com)"
66.249.70.104 - - [26/Feb/2024:07:32:59 +0100] "GET /files/nat_terv_080521.pdf HTTP/1.1" 200 155548 "-" "Mozilla/5.0 AppleWebKit/537.36 (KHTML, like Gecko; compatible; GoogleOther) Chrome/121.0.6167.139 Safari/537.36"
216.244.66.200 - - [26/Feb/2024:07:38:25 +0100] "GET /taxonomy/term/67/0/feed HTTP/1.1" 200 - "-" "Mozilla/5.0 (compatible; DotBot/1.2; +https://opensiteexplorer.org/dotbot; help@moz.com)"
216.244.66.200 - - [26/Feb/2024:07:57:17 +0100] "GET /robots.txt HTTP/1.1" 200 1590 "-" "Mozilla/5.0 (compatible; DotBot/1.2; +https://opensiteexplorer.org/dotbot; help@moz.com)"
216.244.66.200 - - [26/Feb/2024:08:02:37 +0100] "GET /files/hm_rendelet_terevezet_etkezesi_utalvany.pdf HTTP/1.1" 200 116684 "-" "Mozilla/5.0 (compatible; DotBot/1.2; +https://opensiteexplorer.org/dotbot; help@moz.com)"
66.249.70.103 - - [26/Feb/2024:08:07:49 +0100] "GET /files/hm_lakhatas_modositas.pdf HTTP/1.1" 200 76702 "-" "Mozilla/5.0 (Linux; Android 6.0.1; Nexus 5X Build/MMB29P) AppleWebKit/537.36 (KHTML, like Gecko) Chrome/121.0.6167.139 Mobile Safari/537.36 (compatible; Googlebot/2.1; +http://www.google.com/bot.html)"
35.205.15.217 - - [26/Feb/2024:08:41:13 +0100] "GET /robots.txt HTTP/1.1" 200 1590 "-" "Mozilla/5.0 (compatible; VelenPublicWebCrawler/1.0; +https://velen.io)"
35.205.15.217 - - [26/Feb/2024:08:41:45 +0100] "GET /node/1598 HTTP/1.1" 200 - "-" "Mozilla/5.0 (compatible; VelenPublicWebCrawler/1.0; +https://velen.io)"
35.205.15.217 - - [26/Feb/2024:08:42:15 +0100] "GET /node/1598 HTTP/1.1" 200 - "-" "Mozilla/5.0 (compatible; VelenPublicWebCrawler/1.0; +https://velen.io)"
35.205.15.217 - - [26/Feb/2024:08:42:46 +0100] "GET /node/1598 HTTP/1.1" 200 - "-" "Mozilla/5.0 (compatible; VelenPublicWebCrawler/1.0; +https://velen.io)"
113.165.162.35 - - [26/Feb/2024:08:42:49 +0100] "HEAD / HTTP/1.1" 200 - "http://jogalkotas.hu" "Mozilla/5.0 (Windows NT 10.0; Win64; x64) AppleWebKit/537.36 (KHTML, like Gecko) Chrome/100.0.4896.127 Safari/537.36"
35.205.15.217 - - [26/Feb/2024:08:43:18 +0100] "GET /node/1598 HTTP/1.1" 200 - "-" "Mozilla/5.0 (compatible; VelenPublicWebCrawler/1.0; +https://velen.io)"
35.205.15.217 - - [26/Feb/2024:08:43:51 +0100] "GET /node/1598 HTTP/1.1" 200 - "-" "Mozilla/5.0 (compatible; VelenPublicWebCrawler/1.0; +https://velen.io)"
216.244.66.200 - - [26/Feb/2024:08:45:34 +0100] "GET /robots.txt HTTP/1.1" 200 1590 "-" "Mozilla/5.0 (compatible; DotBot/1.2; +https://opensiteexplorer.org/dotbot; help@moz.com)"
216.244.66.200 - - [26/Feb/2024:08:50:36 +0100] "GET /files/0207__vegh_z_hitelesk_zigegyeztet_s.doc HTTP/1.1" 200 139264 "-" "Mozilla/5.0 (compatible; DotBot/1.2; +https://opensiteexplorer.org/dotbot; help@moz.com)"
216.244.66.200 - - [26/Feb/2024:08:51:19 +0100] "GET /files/181_2008_mod_KOZIG.pdf HTTP/1.1" 200 345421 "-" "Mozilla/5.0 (compatible; DotBot/1.2; +https://opensiteexplorer.org/dotbot; help@moz.com)"
216.244.66.200 - - [26/Feb/2024:08:51:56 +0100] "GET /files/alapf_muv_okt_kovet_060414.pdf HTTP/1.1" 200 86794 "-" "Mozilla/5.0 (compatible; DotBot/1.2; +https://opensiteexplorer.org/dotbot; help@moz.com)"
216.244.66.200 - - [26/Feb/2024:08:52:47 +0100] "GET /files/kormeloterj_mnekk_alapokmod-1.pdf HTTP/1.1" 200 334084 "-" "Mozilla/5.0 (compatible; DotBot/1.2; +https://opensiteexplorer.org/dotbot; help@moz.com)"
66.249.70.102 - - [26/Feb/2024:08:52:49 +0100] "GET /files/fitness.pdf HTTP/1.1" 304 - "-" "Mozilla/5.0 (Linux; Android 6.0.1; Nexus 5X Build/MMB29P) AppleWebKit/537.36 (KHTML, like Gecko) Chrome/121.0.6167.139 Mobile Safari/537.36 (compatible; Googlebot/2.1; +http://www.google.com/bot.html)"
193.225.139.152 - - [26/Feb/2024:08:54:55 +0100] "GET /files/tk19.pdf HTTP/1.1" 206 1023 "https://www.google.com/" "Mozilla/5.0 (Macintosh; Intel Mac OS X 10_15_7) AppleWebKit/605.1.15 (KHTML, like Gecko) Version/17.3.1 Safari/605.1.15"
193.225.139.152 - - [26/Feb/2024:08:54:55 +0100] "GET /files/tk19.pdf HTTP/1.1" 416 0 "https://www.google.com/" "Mozilla/5.0 (Macintosh; Intel Mac OS X 10_15_7) AppleWebKit/605.1.15 (KHTML, like Gecko) Version/17.3.1 Safari/605.1.15"
193.225.139.152 - - [26/Feb/2024:08:54:55 +0100] "GET /files/tk19.pdf HTTP/1.1" 200 194017 "https://www.google.com/" "Mozilla/5.0 (Macintosh; Intel Mac OS X 10_15_7) AppleWebKit/605.1.15 (KHTML, like Gecko) Version/17.3.1 Safari/605.1.15"
