216.244.66.200 - - [03/Feb/2024:00:30:08 +0100] "GET /files/090518_jogszabterv_ekk_frekvencia.pdf HTTP/1.1" 200 266955 "-" "Mozilla/5.0 (compatible; DotBot/1.2; +https://opensiteexplorer.org/dotbot; help@moz.com)"
216.244.66.200 - - [03/Feb/2024:00:30:46 +0100] "GET /files/gyermved_gyamugy_tv_terv_090209.pdf HTTP/1.1" 200 506744 "-" "Mozilla/5.0 (compatible; DotBot/1.2; +https://opensiteexplorer.org/dotbot; help@moz.com)"
5.135.142.46 - - [03/Feb/2024:00:31:15 +0100] "GET /files/ekeloterj.doc HTTP/1.1" 200 100864 "-" "Mozilla/5.0 (Windows; U; Windows NT 6.1; nl; rv:1.9.2.13) Gecko/20101203 Firefox/3.6.13"
216.244.66.200 - - [03/Feb/2024:00:31:19 +0100] "GET /files/munkaugyi_kapcsolatok_terv_090217.pdf HTTP/1.1" 200 236916 "-" "Mozilla/5.0 (compatible; DotBot/1.2; +https://opensiteexplorer.org/dotbot; help@moz.com)"
88.99.238.79 - - [03/Feb/2024:00:46:00 +0100] "GET /ads.txt HTTP/1.0" 200 - "-" "Mozilla/5.0 (Windows NT 10.0; Win64; x64; rv:86.0) Gecko/20100101 Firefox/86.0"
216.244.66.200 - - [03/Feb/2024:01:00:20 +0100] "GET /robots.txt HTTP/1.1" 200 1590 "-" "Mozilla/5.0 (compatible; DotBot/1.2; +https://opensiteexplorer.org/dotbot; help@moz.com)"
216.244.66.200 - - [03/Feb/2024:01:00:20 +0100] "GET /robots.txt HTTP/1.1" 200 1590 "-" "Mozilla/5.0 (compatible; DotBot/1.2; +https://opensiteexplorer.org/dotbot; help@moz.com)"
198.23.227.198 - - [03/Feb/2024:01:00:49 +0100] "GET /taxonomy/term/101/0/feed HTTP/1.1" 200 - "-" "-"
66.220.149.117 - - [03/Feb/2024:01:09:09 +0100] "GET /robots.txt HTTP/1.1" 200 1590 "-" "facebookexternalhit/1.1 (+http://www.facebook.com/externalhit_uatext.php)"
216.244.66.200 - - [03/Feb/2024:01:13:45 +0100] "GET /files/ptk.dologi_jog_0.pdf HTTP/1.1" 200 141671 "-" "Mozilla/5.0 (compatible; DotBot/1.2; +https://opensiteexplorer.org/dotbot; help@moz.com)"
216.244.66.200 - - [03/Feb/2024:01:13:59 +0100] "GET /files/tervezet_kerka.pdf HTTP/1.1" 200 183299 "-" "Mozilla/5.0 (compatible; DotBot/1.2; +https://opensiteexplorer.org/dotbot; help@moz.com)"
216.244.66.200 - - [03/Feb/2024:01:14:33 +0100] "GET /files/091106_hitelesites_eloterjesztes.pdf HTTP/1.1" 200 206354 "-" "Mozilla/5.0 (compatible; DotBot/1.2; +https://opensiteexplorer.org/dotbot; help@moz.com)"
216.244.66.200 - - [03/Feb/2024:01:14:47 +0100] "GET /files/27_2002hm_rend_honlapra.pdf HTTP/1.1" 200 91754 "-" "Mozilla/5.0 (compatible; DotBot/1.2; +https://opensiteexplorer.org/dotbot; help@moz.com)"
216.244.66.200 - - [03/Feb/2024:01:14:58 +0100] "GET /files/36per2009_EuM_rend_mod_100408.doc HTTP/1.1" 200 43008 "-" "Mozilla/5.0 (compatible; DotBot/1.2; +https://opensiteexplorer.org/dotbot; help@moz.com)"
216.244.66.200 - - [03/Feb/2024:01:15:09 +0100] "GET /files/74per1999eum_rend_mod_090317.doc HTTP/1.1" 200 31744 "-" "Mozilla/5.0 (compatible; DotBot/1.2; +https://opensiteexplorer.org/dotbot; help@moz.com)"
216.244.66.200 - - [03/Feb/2024:01:15:21 +0100] "GET /files/bny_adatszolgaltatas_honlapra.doc HTTP/1.1" 200 140288 "-" "Mozilla/5.0 (compatible; DotBot/1.2; +https://opensiteexplorer.org/dotbot; help@moz.com)"
216.244.66.200 - - [03/Feb/2024:01:15:34 +0100] "GET /files/felsoo_rend_terv_080603.pdf HTTP/1.1" 200 341149 "-" "Mozilla/5.0 (compatible; DotBot/1.2; +https://opensiteexplorer.org/dotbot; help@moz.com)"
66.249.72.202 - - [03/Feb/2024:01:15:46 +0100] "GET /files/etrend_tervezet_37per2004_081028.doc HTTP/1.1" 304 - "-" "Mozilla/5.0 (Linux; Android 6.0.1; Nexus 5X Build/MMB29P) AppleWebKit/537.36 (KHTML, like Gecko) Chrome/121.0.6167.85 Mobile Safari/537.36 (compatible; Googlebot/2.1; +http://www.google.com/bot.html)"
216.244.66.200 - - [03/Feb/2024:01:15:47 +0100] "GET /files/igugyszakerto_terv_070717.pdf HTTP/1.1" 200 175746 "-" "Mozilla/5.0 (compatible; DotBot/1.2; +https://opensiteexplorer.org/dotbot; help@moz.com)"
216.244.66.200 - - [03/Feb/2024:01:16:01 +0100] "GET /files/ktgv_rdsz_megujitasa-fuggelek.pdf HTTP/1.1" 200 626013 "-" "Mozilla/5.0 (compatible; DotBot/1.2; +https://opensiteexplorer.org/dotbot; help@moz.com)"
216.244.66.200 - - [03/Feb/2024:01:16:14 +0100] "GET /files/talajvedelem_fvm_velemenyezesre.pdf HTTP/1.1" 200 379774 "-" "Mozilla/5.0 (compatible; DotBot/1.2; +https://opensiteexplorer.org/dotbot; help@moz.com)"
216.244.66.200 - - [03/Feb/2024:01:16:28 +0100] "GET /files/tervezet_13-2001-mod_kozig.pdf HTTP/1.1" 200 202464 "-" "Mozilla/5.0 (compatible; DotBot/1.2; +https://opensiteexplorer.org/dotbot; help@moz.com)"
216.244.66.200 - - [03/Feb/2024:01:16:40 +0100] "GET /files/utravalohonlapra_02_14.pdf HTTP/1.1" 200 175291 "-" "Mozilla/5.0 (compatible; DotBot/1.2; +https://opensiteexplorer.org/dotbot; help@moz.com)"
216.244.66.200 - - [03/Feb/2024:01:16:54 +0100] "GET /files/a_jogszabalyok_elokesziteseben_valo_tarsadalmi_reszvetelrol.pdf HTTP/1.1" 200 276710 "-" "Mozilla/5.0 (compatible; DotBot/1.2; +https://opensiteexplorer.org/dotbot; help@moz.com)"
216.244.66.200 - - [03/Feb/2024:01:17:07 +0100] "GET /files/hm_rendelet_tervezet_oltozkodesi_szabalyzat_modositas.pdf HTTP/1.1" 200 207416 "-" "Mozilla/5.0 (compatible; DotBot/1.2; +https://opensiteexplorer.org/dotbot; help@moz.com)"
216.244.66.200 - - [03/Feb/2024:01:17:49 +0100] "GET /files/normasz%C3%83%C2%B6veg%20%C3%83%C2%A9s%20indokol%C3%83%C2%A1s.doc HTTP/1.1" 200 - "-" "Mozilla/5.0 (compatible; DotBot/1.2; +https://opensiteexplorer.org/dotbot; help@moz.com)"
216.244.66.200 - - [03/Feb/2024:01:18:30 +0100] "GET /files/k%C3%83%C2%B6zforgalm%C3%83%C2%BA_patika_t%C3%83%C2%A1rc%C3%83%C2%A1ra.doc HTTP/1.1" 200 - "-" "Mozilla/5.0 (compatible; DotBot/1.2; +https://opensiteexplorer.org/dotbot; help@moz.com)"
216.244.66.200 - - [03/Feb/2024:01:19:20 +0100] "GET /files/v%C3%83%C2%A1r%C3%83%C2%B3lista_rend_terv_t%C3%83%C2%A1rc%C3%83%C2%A1ra.doc HTTP/1.1" 200 - "-" "Mozilla/5.0 (compatible; DotBot/1.2; +https://opensiteexplorer.org/dotbot; help@moz.com)"
216.244.66.200 - - [03/Feb/2024:01:19:43 +0100] "GET /files/NFGM9521.pdf HTTP/1.1" 200 216447 "-" "Mozilla/5.0 (compatible; DotBot/1.2; +https://opensiteexplorer.org/dotbot; help@moz.com)"
216.244.66.200 - - [03/Feb/2024:01:20:15 +0100] "GET /files/TK1132.pdf HTTP/1.1" 200 164836 "-" "Mozilla/5.0 (compatible; DotBot/1.2; +https://opensiteexplorer.org/dotbot; help@moz.com)"
216.244.66.200 - - [03/Feb/2024:01:20:47 +0100] "GET /files/0223_T_rc_ra_H_v_z_rendelet.doc HTTP/1.1" 200 62464 "-" "Mozilla/5.0 (compatible; DotBot/1.2; +https://opensiteexplorer.org/dotbot; help@moz.com)"
51.222.253.7 - - [03/Feb/2024:01:21:10 +0100] "GET /robots.txt HTTP/1.1" 200 1590 "-" "Mozilla/5.0 (compatible; AhrefsBot/7.0; +http://ahrefs.com/robot/)"
216.244.66.200 - - [03/Feb/2024:01:21:21 +0100] "GET /files/0223_igszolg_md_rendelet.doc HTTP/1.1" 200 299520 "-" "Mozilla/5.0 (compatible; DotBot/1.2; +https://opensiteexplorer.org/dotbot; help@moz.com)"
216.244.66.200 - - [03/Feb/2024:01:21:48 +0100] "GET /files/5116_hrsz_indokolas.rtf.txt HTTP/1.1" 200 13931 "-" "Mozilla/5.0 (compatible; DotBot/1.2; +https://opensiteexplorer.org/dotbot; help@moz.com)"
216.244.66.200 - - [03/Feb/2024:01:22:14 +0100] "GET /files/KHEM_3827_7norma.doc HTTP/1.1" 200 65024 "-" "Mozilla/5.0 (compatible; DotBot/1.2; +https://opensiteexplorer.org/dotbot; help@moz.com)"
216.244.66.200 - - [03/Feb/2024:01:22:41 +0100] "GET /files/Uhg_mod_kr_kozig.pdf HTTP/1.1" 200 197927 "-" "Mozilla/5.0 (compatible; DotBot/1.2; +https://opensiteexplorer.org/dotbot; help@moz.com)"
216.244.66.200 - - [03/Feb/2024:01:23:11 +0100] "GET /files/digitalis_musorterjesztes.doc HTTP/1.1" 200 588800 "-" "Mozilla/5.0 (compatible; DotBot/1.2; +https://opensiteexplorer.org/dotbot; help@moz.com)"
216.244.66.200 - - [03/Feb/2024:01:23:41 +0100] "GET /files/egyes_szocialis_terv_071119.pdf HTTP/1.1" 200 574187 "-" "Mozilla/5.0 (compatible; DotBot/1.2; +https://opensiteexplorer.org/dotbot; help@moz.com)"
216.244.66.200 - - [03/Feb/2024:01:24:08 +0100] "GET /files/ellelmezesi_ellatas.pdf HTTP/1.1" 200 94842 "-" "Mozilla/5.0 (compatible; DotBot/1.2; +https://opensiteexplorer.org/dotbot; help@moz.com)"
216.244.66.200 - - [03/Feb/2024:01:24:36 +0100] "GET /files/jogugyletek.doc HTTP/1.1" 200 511488 "-" "Mozilla/5.0 (compatible; DotBot/1.2; +https://opensiteexplorer.org/dotbot; help@moz.com)"
216.244.66.200 - - [03/Feb/2024:01:25:02 +0100] "GET /files/tankonyvrend_terv_090721.pdf HTTP/1.1" 200 317759 "-" "Mozilla/5.0 (compatible; DotBot/1.2; +https://opensiteexplorer.org/dotbot; help@moz.com)"
216.244.66.200 - - [03/Feb/2024:01:25:26 +0100] "GET /files/titkosszolgalat.doc HTTP/1.1" 200 261632 "-" "Mozilla/5.0 (compatible; DotBot/1.2; +https://opensiteexplorer.org/dotbot; help@moz.com)"
216.244.66.200 - - [03/Feb/2024:01:25:51 +0100] "GET /files/uam_terv_080929.pdf HTTP/1.1" 200 431151 "-" "Mozilla/5.0 (compatible; DotBot/1.2; +https://opensiteexplorer.org/dotbot; help@moz.com)"
216.244.66.200 - - [03/Feb/2024:01:26:12 +0100] "GET /files/0323_T_rc_ra_T_t_nyi_fenns_k.doc HTTP/1.1" 200 60928 "-" "Mozilla/5.0 (compatible; DotBot/1.2; +https://opensiteexplorer.org/dotbot; help@moz.com)"
216.244.66.200 - - [03/Feb/2024:01:26:33 +0100] "GET /files/epitesi_beruhazasok_koranyrendelet_.pdf HTTP/1.1" 200 230668 "-" "Mozilla/5.0 (compatible; DotBot/1.2; +https://opensiteexplorer.org/dotbot; help@moz.com)"
216.244.66.200 - - [03/Feb/2024:01:26:52 +0100] "GET /files/rendelet_ugykezeles_nyilv_szakmapol.doc HTTP/1.1" 200 71680 "-" "Mozilla/5.0 (compatible; DotBot/1.2; +https://opensiteexplorer.org/dotbot; help@moz.com)"
66.249.72.200 - - [03/Feb/2024:01:36:03 +0100] "GET /files/vedelmi_kijeloles1.pdf HTTP/1.1" 200 76587 "-" "Googlebot/2.1 (+http://www.google.com/bot.html)"
216.244.66.200 - - [03/Feb/2024:01:55:13 +0100] "GET /robots.txt HTTP/1.1" 200 1590 "-" "Mozilla/5.0 (compatible; DotBot/1.2; +https://opensiteexplorer.org/dotbot; help@moz.com)"
216.244.66.200 - - [03/Feb/2024:01:55:13 +0100] "GET /robots.txt HTTP/1.1" 200 1590 "-" "Mozilla/5.0 (compatible; DotBot/1.2; +https://opensiteexplorer.org/dotbot; help@moz.com)"
216.244.66.200 - - [03/Feb/2024:02:05:24 +0100] "GET /files/villamos_halo.pdf HTTP/1.1" 200 171297 "-" "Mozilla/5.0 (compatible; DotBot/1.2; +https://opensiteexplorer.org/dotbot; help@moz.com)"
216.244.66.200 - - [03/Feb/2024:02:06:13 +0100] "GET /files/090825_jogszabterv_kijel_rend.pdf HTTP/1.1" 200 1028718 "-" "Mozilla/5.0 (compatible; DotBot/1.2; +https://opensiteexplorer.org/dotbot; help@moz.com)"
216.244.66.200 - - [03/Feb/2024:02:06:54 +0100] "GET /files/KHEM_1224_5normaszoveg.doc HTTP/1.1" 200 723968 "-" "Mozilla/5.0 (compatible; DotBot/1.2; +https://opensiteexplorer.org/dotbot; help@moz.com)"
216.244.66.200 - - [03/Feb/2024:02:07:27 +0100] "GET /files/gyermek_gyamugy_rendterv_061102.pdf HTTP/1.1" 200 176528 "-" "Mozilla/5.0 (compatible; DotBot/1.2; +https://opensiteexplorer.org/dotbot; help@moz.com)"
216.244.66.200 - - [03/Feb/2024:02:08:08 +0100] "GET /files/kozokt_kozalk_terv_090416.pdf HTTP/1.1" 200 698308 "-" "Mozilla/5.0 (compatible; DotBot/1.2; +https://opensiteexplorer.org/dotbot; help@moz.com)"
216.244.66.200 - - [03/Feb/2024:02:08:40 +0100] "GET /files/okm_alapitvanyok_terv_080620.pdf HTTP/1.1" 200 129358 "-" "Mozilla/5.0 (compatible; DotBot/1.2; +https://opensiteexplorer.org/dotbot; help@moz.com)"
216.244.66.200 - - [03/Feb/2024:02:09:10 +0100] "GET /files/rendorifairmrend_2007_marc.doc HTTP/1.1" 200 57344 "-" "Mozilla/5.0 (compatible; DotBot/1.2; +https://opensiteexplorer.org/dotbot; help@moz.com)"
216.244.66.200 - - [03/Feb/2024:02:09:39 +0100] "GET /files/termeszet_vedelmi_orszolg_tervezet.pdf HTTP/1.1" 200 30701 "-" "Mozilla/5.0 (compatible; DotBot/1.2; +https://opensiteexplorer.org/dotbot; help@moz.com)"
216.244.66.200 - - [03/Feb/2024:02:10:09 +0100] "GET /files/1025_2_K_z_s_Korm_ny_l_s_KVB_Jkv_kormel__061010.doc HTTP/1.1" 200 188416 "-" "Mozilla/5.0 (compatible; DotBot/1.2; +https://opensiteexplorer.org/dotbot; help@moz.com)"
216.244.66.200 - - [03/Feb/2024:02:11:07 +0100] "GET /files/50_2002___iii__26___korm__rendelet_m%C3%83%C2%B3dos%C3%83%C2%ADt%C3%83%C2%A1sa_6-1.doc HTTP/1.1" 200 - "-" "Mozilla/5.0 (compatible; DotBot/1.2; +https://opensiteexplorer.org/dotbot; help@moz.com)"
216.244.66.200 - - [03/Feb/2024:02:11:57 +0100] "GET /files/jogviszony-ellen%C3%85%E2%80%98rz%C3%83%C2%A9s%20korm.%20el%C3%85%E2%80%98terjeszt%C3%83%C2%A9s.doc HTTP/1.1" 200 - "-" "Mozilla/5.0 (compatible; DotBot/1.2; +https://opensiteexplorer.org/dotbot; help@moz.com)"
216.244.66.200 - - [03/Feb/2024:02:12:18 +0100] "GET /files/11134.pdf HTTP/1.1" 200 170109 "-" "Mozilla/5.0 (compatible; DotBot/1.2; +https://opensiteexplorer.org/dotbot; help@moz.com)"
216.244.66.200 - - [03/Feb/2024:02:12:50 +0100] "GET /files/1mell0125.pdf HTTP/1.1" 200 127751 "-" "Mozilla/5.0 (compatible; DotBot/1.2; +https://opensiteexplorer.org/dotbot; help@moz.com)"
216.244.66.200 - - [03/Feb/2024:02:13:20 +0100] "GET /files/22188-5.zip HTTP/1.1" 200 226667 "-" "Mozilla/5.0 (compatible; DotBot/1.2; +https://opensiteexplorer.org/dotbot; help@moz.com)"
216.244.66.200 - - [03/Feb/2024:02:13:49 +0100] "GET /files/T5125.doc HTTP/1.1" 200 152576 "-" "Mozilla/5.0 (compatible; DotBot/1.2; +https://opensiteexplorer.org/dotbot; help@moz.com)"
216.244.66.200 - - [03/Feb/2024:02:14:20 +0100] "GET /files/tartas.pdf HTTP/1.1" 200 514811 "-" "Mozilla/5.0 (compatible; DotBot/1.2; +https://opensiteexplorer.org/dotbot; help@moz.com)"
216.244.66.200 - - [03/Feb/2024:02:14:47 +0100] "GET /files/090724_jszterv_frekvencia.pdf HTTP/1.1" 200 110477 "-" "Mozilla/5.0 (compatible; DotBot/1.2; +https://opensiteexplorer.org/dotbot; help@moz.com)"
216.244.66.200 - - [03/Feb/2024:02:15:13 +0100] "GET /files/13919_5__2_Mexiko.pdf HTTP/1.1" 200 195789 "-" "Mozilla/5.0 (compatible; DotBot/1.2; +https://opensiteexplorer.org/dotbot; help@moz.com)"
216.244.66.200 - - [03/Feb/2024:02:15:42 +0100] "GET /files/89_1995_mod_terv_080708.pdf HTTP/1.1" 200 890322 "-" "Mozilla/5.0 (compatible; DotBot/1.2; +https://opensiteexplorer.org/dotbot; help@moz.com)"
216.244.66.200 - - [03/Feb/2024:02:16:13 +0100] "GET /files/KHEM_178_8_norma.doc HTTP/1.1" 200 93184 "-" "Mozilla/5.0 (compatible; DotBot/1.2; +https://opensiteexplorer.org/dotbot; help@moz.com)"
216.244.66.200 - - [03/Feb/2024:02:16:42 +0100] "GET /files/_rdlgmeub1e8mn6ujcdtr84rhi_.doc HTTP/1.1" 200 54272 "-" "Mozilla/5.0 (compatible; DotBot/1.2; +https://opensiteexplorer.org/dotbot; help@moz.com)"
216.244.66.200 - - [03/Feb/2024:02:17:10 +0100] "GET /files/diakig_terv_080606.pdf HTTP/1.1" 200 225018 "-" "Mozilla/5.0 (compatible; DotBot/1.2; +https://opensiteexplorer.org/dotbot; help@moz.com)"
216.244.66.200 - - [03/Feb/2024:02:17:37 +0100] "GET /files/ecdl_alligra_honlap_060222.pdf HTTP/1.1" 200 208040 "-" "Mozilla/5.0 (compatible; DotBot/1.2; +https://opensiteexplorer.org/dotbot; help@moz.com)"
216.244.66.200 - - [03/Feb/2024:02:18:04 +0100] "GET /files/im_rendelet_a_cstv_szerinti.pdf HTTP/1.1" 200 66716 "-" "Mozilla/5.0 (compatible; DotBot/1.2; +https://opensiteexplorer.org/dotbot; help@moz.com)"
216.244.66.200 - - [03/Feb/2024:02:18:30 +0100] "GET /files/indokolas_mutragya2.pdf HTTP/1.1" 200 81408 "-" "Mozilla/5.0 (compatible; DotBot/1.2; +https://opensiteexplorer.org/dotbot; help@moz.com)"
216.244.66.200 - - [03/Feb/2024:02:19:12 +0100] "GET /files/kbszrprbl_100324.zip HTTP/1.1" 200 2101821 "-" "Mozilla/5.0 (compatible; DotBot/1.2; +https://opensiteexplorer.org/dotbot; help@moz.com)"
216.244.66.200 - - [03/Feb/2024:02:19:44 +0100] "GET /files/nca_50_terv_080414.pdf HTTP/1.1" 200 306001 "-" "Mozilla/5.0 (compatible; DotBot/1.2; +https://opensiteexplorer.org/dotbot; help@moz.com)"
216.244.66.200 - - [03/Feb/2024:02:20:15 +0100] "GET /files/normasz__veg.doc HTTP/1.1" 200 71168 "-" "Mozilla/5.0 (compatible; DotBot/1.2; +https://opensiteexplorer.org/dotbot; help@moz.com)"
216.244.66.200 - - [03/Feb/2024:02:20:45 +0100] "GET /files/regeszet_070111.pdf HTTP/1.1" 200 173642 "-" "Mozilla/5.0 (compatible; DotBot/1.2; +https://opensiteexplorer.org/dotbot; help@moz.com)"
216.244.66.200 - - [03/Feb/2024:02:21:15 +0100] "GET /files/utazasi_uj_korm_rend__0805.pdf HTTP/1.1" 200 237669 "-" "Mozilla/5.0 (compatible; DotBot/1.2; +https://opensiteexplorer.org/dotbot; help@moz.com)"
216.244.66.200 - - [03/Feb/2024:02:22:13 +0100] "GET /files/O%C3%83%E2%80%B0TI_t%C3%83%C2%A1rca071203.doc HTTP/1.1" 200 - "-" "Mozilla/5.0 (compatible; DotBot/1.2; +https://opensiteexplorer.org/dotbot; help@moz.com)"
216.244.66.200 - - [03/Feb/2024:02:22:35 +0100] "GET /files/eloterj_nkt2_kr_kozig_2007_12.pdf HTTP/1.1" 200 311781 "-" "Mozilla/5.0 (compatible; DotBot/1.2; +https://opensiteexplorer.org/dotbot; help@moz.com)"
216.244.66.200 - - [03/Feb/2024:02:23:06 +0100] "GET /files/munkaanyag_25per2006_IM_rendelet_mod.10.28..doc HTTP/1.1" 200 142848 "-" "Mozilla/5.0 (compatible; DotBot/1.2; +https://opensiteexplorer.org/dotbot; help@moz.com)"
216.244.66.200 - - [03/Feb/2024:02:24:06 +0100] "GET /files/Korm-eloterjesztes-IH-rend-mod_k%C3%83%C2%B6zigre_090723.doc HTTP/1.1" 200 - "-" "Mozilla/5.0 (compatible; DotBot/1.2; +https://opensiteexplorer.org/dotbot; help@moz.com)"
216.244.66.200 - - [03/Feb/2024:02:24:56 +0100] "GET /files/k%C3%83%C2%BCls%20%C3%83%C2%A9lelmiszer%20t%C3%83%C2%A1rc%C3%83%C2%A1ra%202007_07_18.doc HTTP/1.1" 200 - "-" "Mozilla/5.0 (compatible; DotBot/1.2; +https://opensiteexplorer.org/dotbot; help@moz.com)"
216.244.66.200 - - [03/Feb/2024:02:25:15 +0100] "GET /files/megfelelesi_tablazat-juh_es_kecske_enar_modositas.rtf.txt HTTP/1.1" 200 61955 "-" "Mozilla/5.0 (compatible; DotBot/1.2; +https://opensiteexplorer.org/dotbot; help@moz.com)"
146.148.12.228 - - [03/Feb/2024:02:35:12 +0100] "GET / HTTP/1.1" 200 - "-" "Mozilla/5.0 (Windows NT 10.0; Win64; x64) AppleWebKit/537.36 (KHTML, like Gecko) Chrome/84.0.4147.105 Safari/537.36"
34.134.139.46 - - [03/Feb/2024:02:39:12 +0100] "GET /drupal/files/korkedv_minrend_terv_070626.pdf HTTP/1.1" 200 - "-" "Mozilla/5.0 (X11; Ubuntu; Linux x86_64; rv:72.0) Gecko/20100101 Firefox/72.0"
134.122.101.37 - - [03/Feb/2024:03:35:07 +0100] "GET / HTTP/1.1" 200 - "-" "Mozilla/5.0 (X11; Linux x86_64) AppleWebKit/537.36 (KHTML, like Gecko) Chrome/108.0.0.0 Safari/537.36"
216.244.66.200 - - [03/Feb/2024:03:45:40 +0100] "GET /robots.txt HTTP/1.1" 200 1590 "-" "Mozilla/5.0 (compatible; DotBot/1.2; +https://opensiteexplorer.org/dotbot; help@moz.com)"
52.167.144.236 - - [03/Feb/2024:03:46:06 +0100] "GET /files/4per2008_min_rend_mod_100226.doc HTTP/1.1" 200 125952 "-" "Mozilla/5.0 AppleWebKit/537.36 (KHTML, like Gecko; compatible; bingbot/2.0; +http://www.bing.com/bingbot.htm) Chrome/116.0.1938.76 Safari/537.36"
192.185.4.102 - - [03/Feb/2024:03:57:24 +0100] "GET /wordpress/ HTTP/1.1" 200 - "-" "-"
216.244.66.200 - - [03/Feb/2024:04:07:37 +0100] "GET /files/tervezet_Szoloskei-erdo.pdf HTTP/1.1" 200 221297 "-" "Mozilla/5.0 (compatible; DotBot/1.2; +https://opensiteexplorer.org/dotbot; help@moz.com)"
216.244.66.200 - - [03/Feb/2024:04:08:41 +0100] "GET /files/40per2001_min_rend_mod_090310.doc HTTP/1.1" 200 93184 "-" "Mozilla/5.0 (compatible; DotBot/1.2; +https://opensiteexplorer.org/dotbot; help@moz.com)"
216.244.66.200 - - [03/Feb/2024:04:08:55 +0100] "GET /files/MinTerv-1-Ell-1_mell-2007-02-20.doc HTTP/1.1" 200 258048 "-" "Mozilla/5.0 (compatible; DotBot/1.2; +https://opensiteexplorer.org/dotbot; help@moz.com)"
192.44.68.139 - - [03/Feb/2024:04:09:12 +0100] "GET /sites/all/modules/filefield/icons/protocons/16x16/mimetypes/application-octet-stream.png HTTP/1.1" 200 205 "-" "Mozilla/5.0 (X11; Ubuntu; Linux x86_64; rv:72.0) Gecko/20100101 Firefox/72.0"
216.244.66.200 - - [03/Feb/2024:04:09:38 +0100] "GET /files/belvizreform%20_tarcara_2008_01.pdf HTTP/1.1" 200 - "-" "Mozilla/5.0 (compatible; DotBot/1.2; +https://opensiteexplorer.org/dotbot; help@moz.com)"
216.244.66.200 - - [03/Feb/2024:04:09:51 +0100] "GET /files/fagykarrendelet_eusegyeztetes.pdf HTTP/1.1" 200 172638 "-" "Mozilla/5.0 (compatible; DotBot/1.2; +https://opensiteexplorer.org/dotbot; help@moz.com)"
216.244.66.200 - - [03/Feb/2024:04:10:14 +0100] "GET /files/gyermekszegenyseg_tervezet_3_hatjav_070125.pdf HTTP/1.1" 200 57245 "-" "Mozilla/5.0 (compatible; DotBot/1.2; +https://opensiteexplorer.org/dotbot; help@moz.com)"
216.244.66.200 - - [03/Feb/2024:04:10:36 +0100] "GET /files/hm_rendelet_tervezet_minositett_adat_vedelmerol.pdf HTTP/1.1" 200 146515 "-" "Mozilla/5.0 (compatible; DotBot/1.2; +https://opensiteexplorer.org/dotbot; help@moz.com)"
216.244.66.200 - - [03/Feb/2024:04:10:56 +0100] "GET /files/hum_rep_elj_korm_rend_081201.doc HTTP/1.1" 200 64000 "-" "Mozilla/5.0 (compatible; DotBot/1.2; +https://opensiteexplorer.org/dotbot; help@moz.com)"
216.244.66.200 - - [03/Feb/2024:04:11:17 +0100] "GET /files/kormeloterj_novenyv_vedekezes.pdf HTTP/1.1" 200 127278 "-" "Mozilla/5.0 (compatible; DotBot/1.2; +https://opensiteexplorer.org/dotbot; help@moz.com)"
216.244.66.200 - - [03/Feb/2024:04:12:06 +0100] "GET /files/normasz%C3%83%C2%B6veg.t%C3%83%C2%A1rc%C3%83%C2%A1ra.doc HTTP/1.1" 200 - "-" "Mozilla/5.0 (compatible; DotBot/1.2; +https://opensiteexplorer.org/dotbot; help@moz.com)"
216.244.66.200 - - [03/Feb/2024:04:12:27 +0100] "GET /files/okev_korm_rend_terv_02_13_honlapra.pdf HTTP/1.1" 200 187787 "-" "Mozilla/5.0 (compatible; DotBot/1.2; +https://opensiteexplorer.org/dotbot; help@moz.com)"
216.244.66.200 - - [03/Feb/2024:04:13:28 +0100] "GET /user/2/notify HTTP/1.1" 200 - "-" "Mozilla/5.0 (compatible; DotBot/1.2; +https://opensiteexplorer.org/dotbot; help@moz.com)"
216.244.66.200 - - [03/Feb/2024:04:14:18 +0100] "GET /files/Sal%C3%83%C2%A1ta%202%20K%C3%83%C2%B6zigre%20k%C3%83%C2%BCldend%C3%85%E2%80%98_11_28.doc HTTP/1.1" 200 - "-" "Mozilla/5.0 (compatible; DotBot/1.2; +https://opensiteexplorer.org/dotbot; help@moz.com)"
216.244.66.200 - - [03/Feb/2024:04:15:08 +0100] "GET /files/41_2000___xii__20___e%C3%83%C2%BCm_k%C3%83%C2%B6m_egy%C3%83%C2%BCttes_rendelet_m%C3%83%C2%B3dos%C3%83%C2%ADt%C3%83%C2%A1sa_6.doc HTTP/1.1" 200 - "-" "Mozilla/5.0 (compatible; DotBot/1.2; +https://opensiteexplorer.org/dotbot; help@moz.com)"
216.244.66.200 - - [03/Feb/2024:04:40:35 +0100] "GET /robots.txt HTTP/1.1" 200 1590 "-" "Mozilla/5.0 (compatible; DotBot/1.2; +https://opensiteexplorer.org/dotbot; help@moz.com)"
216.244.66.200 - - [03/Feb/2024:04:40:36 +0100] "GET /robots.txt HTTP/1.1" 200 1590 "-" "Mozilla/5.0 (compatible; DotBot/1.2; +https://opensiteexplorer.org/dotbot; help@moz.com)"
216.244.66.200 - - [03/Feb/2024:04:44:57 +0100] "GET /files/29_1998_mezoori_modositas_velemenyezesre.pdf HTTP/1.1" 200 232196 "-" "Mozilla/5.0 (compatible; DotBot/1.2; +https://opensiteexplorer.org/dotbot; help@moz.com)"
216.244.66.200 - - [03/Feb/2024:05:02:00 +0100] "GET /files/okirattariterv.pdf HTTP/1.1" 200 411997 "-" "Mozilla/5.0 (compatible; DotBot/1.2; +https://opensiteexplorer.org/dotbot; help@moz.com)"
216.244.66.200 - - [03/Feb/2024:05:02:34 +0100] "GET /files/riepst_terv_100412.pdf HTTP/1.1" 200 883438 "-" "Mozilla/5.0 (compatible; DotBot/1.2; +https://opensiteexplorer.org/dotbot; help@moz.com)"
216.244.66.200 - - [03/Feb/2024:05:05:15 +0100] "GET /files/%C3%83%C2%A1rr%C3%83%C2%A9s-normasz%C3%83%C2%B6veg-indokol%C3%83%C2%A1s.doc HTTP/1.1" 200 - "-" "Mozilla/5.0 (compatible; DotBot/1.2; +https://opensiteexplorer.org/dotbot; help@moz.com)"
216.244.66.200 - - [03/Feb/2024:05:06:06 +0100] "GET /files/Alapitvanyok_nyilvantartasanak_%C3%83%C2%BCgyviteli_szabalyairol.pdf HTTP/1.1" 200 - "-" "Mozilla/5.0 (compatible; DotBot/1.2; +https://opensiteexplorer.org/dotbot; help@moz.com)"
216.244.66.200 - - [03/Feb/2024:05:06:43 +0100] "GET /files/ETV%20m%C3%83%C2%B3dos%C3%83%C2%ADt%C3%83%C2%A1s%20v%C3%83%C2%A9gleges%20v%C3%83%C2%A9lem%C3%83%C2%A9ny.doc HTTP/1.1" 200 - "-" "Mozilla/5.0 (compatible; DotBot/1.2; +https://opensiteexplorer.org/dotbot; help@moz.com)"
52.167.144.11 - - [03/Feb/2024:05:11:43 +0100] "GET /files/audiovizualis_egyezmeny_070808.pdf HTTP/1.1" 304 - "-" "Mozilla/5.0 AppleWebKit/537.36 (KHTML, like Gecko; compatible; bingbot/2.0; +http://www.bing.com/bingbot.htm) Chrome/116.0.1938.76 Safari/537.36"
216.244.66.200 - - [03/Feb/2024:05:35:18 +0100] "GET /robots.txt HTTP/1.1" 200 1590 "-" "Mozilla/5.0 (compatible; DotBot/1.2; +https://opensiteexplorer.org/dotbot; help@moz.com)"
216.244.66.200 - - [03/Feb/2024:05:35:18 +0100] "GET /robots.txt HTTP/1.1" 200 1590 "-" "Mozilla/5.0 (compatible; DotBot/1.2; +https://opensiteexplorer.org/dotbot; help@moz.com)"
216.244.66.200 - - [03/Feb/2024:05:53:46 +0100] "GET /files/217per1997_korm_rend_mod_090713.doc HTTP/1.1" 200 70144 "-" "Mozilla/5.0 (compatible; DotBot/1.2; +https://opensiteexplorer.org/dotbot; help@moz.com)"
216.244.66.200 - - [03/Feb/2024:05:53:47 +0100] "GET /files/19-1998%20betegsz%C3%83%C2%A1ll2.doc HTTP/1.1" 200 - "-" "Mozilla/5.0 (compatible; DotBot/1.2; +https://opensiteexplorer.org/dotbot; help@moz.com)"
216.244.66.200 - - [03/Feb/2024:05:54:07 +0100] "GET /files/_ddlgmeub1e8mn6ujcdtra0qqvdlimf83cdhgn0rr4k1pg_.pdf HTTP/1.1" 200 230772 "-" "Mozilla/5.0 (compatible; DotBot/1.2; +https://opensiteexplorer.org/dotbot; help@moz.com)"
216.244.66.200 - - [03/Feb/2024:05:57:08 +0100] "GET /files/27_2002hm_rend_honlapra.pdf HTTP/1.1" 200 91754 "-" "Mozilla/5.0 (compatible; DotBot/1.2; +https://opensiteexplorer.org/dotbot; help@moz.com)"
216.244.66.200 - - [03/Feb/2024:05:57:12 +0100] "GET /files/gy%C3%83%C2%B3gyszerek%20gy%C3%83%C2%B3gy%C3%83%C2%A1szati%20seg%C3%83%C2%A9deszk%C3%83%C2%B6z%C3%83%C2%B6k%20normasz%C3%83%C2%B6veg.doc HTTP/1.1" 200 - "-" "Mozilla/5.0 (compatible; DotBot/1.2; +https://opensiteexplorer.org/dotbot; help@moz.com)"
216.244.66.200 - - [03/Feb/2024:05:57:29 +0100] "GET /files/3_2004_om_fmm_mod_061214.pdf HTTP/1.1" 200 257074 "-" "Mozilla/5.0 (compatible; DotBot/1.2; +https://opensiteexplorer.org/dotbot; help@moz.com)"
216.244.66.200 - - [03/Feb/2024:05:57:50 +0100] "GET /files/fgaz_ozon_kozig_eloterj.doc HTTP/1.1" 200 365568 "-" "Mozilla/5.0 (compatible; DotBot/1.2; +https://opensiteexplorer.org/dotbot; help@moz.com)"
216.244.66.200 - - [03/Feb/2024:05:58:09 +0100] "GET /files/startplusz_terv_060919.pdf HTTP/1.1" 200 250189 "-" "Mozilla/5.0 (compatible; DotBot/1.2; +https://opensiteexplorer.org/dotbot; help@moz.com)"
216.244.66.200 - - [03/Feb/2024:05:58:28 +0100] "GET /files/32per2004_ESzCsM_rend_mod_100322.doc HTTP/1.1" 200 148480 "-" "Mozilla/5.0 (compatible; DotBot/1.2; +https://opensiteexplorer.org/dotbot; help@moz.com)"
216.244.66.200 - - [03/Feb/2024:05:58:46 +0100] "GET /files/Cstv_1433-1346-EK-40C-17-2006-IRMVhrmod0717.doc HTTP/1.1" 200 434176 "-" "Mozilla/5.0 (compatible; DotBot/1.2; +https://opensiteexplorer.org/dotbot; help@moz.com)"
216.244.66.200 - - [03/Feb/2024:05:59:01 +0100] "GET /files/drogback_eloterj_1_fedlap_061129.pdf HTTP/1.1" 200 87970 "-" "Mozilla/5.0 (compatible; DotBot/1.2; +https://opensiteexplorer.org/dotbot; help@moz.com)"
216.244.66.200 - - [03/Feb/2024:05:59:16 +0100] "GET /files/hm_katasztrofavedelmi_rendelet_tervezet.pdf HTTP/1.1" 200 139665 "-" "Mozilla/5.0 (compatible; DotBot/1.2; +https://opensiteexplorer.org/dotbot; help@moz.com)"
216.244.66.200 - - [03/Feb/2024:06:00:01 +0100] "GET /user/64/notify HTTP/1.1" 200 - "-" "Mozilla/5.0 (compatible; DotBot/1.2; +https://opensiteexplorer.org/dotbot; help@moz.com)"
216.244.66.200 - - [03/Feb/2024:06:00:45 +0100] "GET /files/21_2005___vi__16___e%C3%83%C2%BCm_rendelet_m%C3%83%C2%B3dos%C3%83%C2%ADt%C3%83%C2%A1sa_6.doc HTTP/1.1" 200 - "-" "Mozilla/5.0 (compatible; DotBot/1.2; +https://opensiteexplorer.org/dotbot; help@moz.com)"
216.244.66.200 - - [03/Feb/2024:06:01:05 +0100] "GET /files/Nemzetkozi_szerzodesekkel_kapcsolatos_eljarasrol_szolo_2005.evi_L.torveny_modositasarol.pdf HTTP/1.1" 200 155881 "-" "Mozilla/5.0 (compatible; DotBot/1.2; +https://opensiteexplorer.org/dotbot; help@moz.com)"
216.244.66.200 - - [03/Feb/2024:06:02:06 +0100] "GET /files/VHR_Mod+III_1204_T%C3%83%C2%A1rcak%C3%83%C2%B6r%C3%83%C2%B6z%C3%83%C2%A9s.doc HTTP/1.1" 200 - "-" "Mozilla/5.0 (compatible; DotBot/1.2; +https://opensiteexplorer.org/dotbot; help@moz.com)"
216.244.66.200 - - [03/Feb/2024:06:02:56 +0100] "GET /files/megfelel%C3%83%C2%A9si%20t%C3%83%C2%A1bl%C3%83%C2%A1zat-2006-22-ek.doc HTTP/1.1" 200 - "-" "Mozilla/5.0 (compatible; DotBot/1.2; +https://opensiteexplorer.org/dotbot; help@moz.com)"
217.113.194.252 - - [03/Feb/2024:06:13:52 +0100] "GET /robots.txt HTTP/1.1" 200 1590 "-" "Mozilla/5.0 (compatible; Barkrowler/0.9; +https://babbar.tech/crawler)"
217.113.194.248 - - [03/Feb/2024:06:14:35 +0100] "GET /taxonomy/term/55%2057%2058%2059%2060%2061%2062%2063%2064%2065%2066%2067%2068%2069%2070%2071%2072%2073%2074%2075?page=1 HTTP/1.1" 200 - "-" "Mozilla/5.0 (compatible; Barkrowler/0.9; +https://babbar.tech/crawler)"
216.244.66.200 - - [03/Feb/2024:06:29:59 +0100] "GET /robots.txt HTTP/1.1" 200 1590 "-" "Mozilla/5.0 (compatible; DotBot/1.2; +https://opensiteexplorer.org/dotbot; help@moz.com)"
216.244.66.200 - - [03/Feb/2024:06:29:59 +0100] "GET /robots.txt HTTP/1.1" 200 1590 "-" "Mozilla/5.0 (compatible; DotBot/1.2; +https://opensiteexplorer.org/dotbot; help@moz.com)"
66.249.77.226 - - [03/Feb/2024:06:30:22 +0100] "GET /files/ingatlan_nyilvantartas_tervezet_060524.pdf HTTP/1.1" 304 - "-" "Mozilla/5.0 (Linux; Android 6.0.1; Nexus 5X Build/MMB29P) AppleWebKit/537.36 (KHTML, like Gecko) Chrome/121.0.6167.85 Mobile Safari/537.36 (compatible; Googlebot/2.1; +http://www.google.com/bot.html)"
216.244.66.200 - - [03/Feb/2024:06:47:08 +0100] "GET /files/9_1993___iv__2___nm_rendelet_m%C3%83%C2%B3dos%C3%83%C2%ADt%C3%83%C2%A1sa_6.doc HTTP/1.1" 200 - "-" "Mozilla/5.0 (compatible; DotBot/1.2; +https://opensiteexplorer.org/dotbot; help@moz.com)"
66.249.77.227 - - [03/Feb/2024:06:47:10 +0100] "GET /files/ekozig_strategia.pdf HTTP/1.1" 200 731185 "-" "Googlebot/2.1 (+http://www.google.com/bot.html)"
216.244.66.200 - - [03/Feb/2024:06:47:38 +0100] "GET /files/A%20mened%C3%83%C2%A9kjogr%C3%83%C2%B3l%20sz%C3%83%C2%B3l%C3%83%C2%B3%202007.%20%C3%83%C2%A9vi%20LXXX.doc HTTP/1.1" 200 - "-" "Mozilla/5.0 (compatible; DotBot/1.2; +https://opensiteexplorer.org/dotbot; help@moz.com)"
216.244.66.200 - - [03/Feb/2024:06:48:18 +0100] "GET /files/rezidensk%C3%83%C2%A9pz%C3%83%C2%A9s%20t%C3%83%C2%A1rc%C3%83%C2%A1ra.doc HTTP/1.1" 200 - "-" "Mozilla/5.0 (compatible; DotBot/1.2; +https://opensiteexplorer.org/dotbot; help@moz.com)"
216.244.66.200 - - [03/Feb/2024:06:48:39 +0100] "GET /files/17734_7.pdf HTTP/1.1" 200 108051 "-" "Mozilla/5.0 (compatible; DotBot/1.2; +https://opensiteexplorer.org/dotbot; help@moz.com)"
216.244.66.200 - - [03/Feb/2024:06:49:11 +0100] "GET /files/18226_8.pdf HTTP/1.1" 200 271600 "-" "Mozilla/5.0 (compatible; DotBot/1.2; +https://opensiteexplorer.org/dotbot; help@moz.com)"
40.77.167.132 - - [03/Feb/2024:06:49:13 +0100] "GET /files/Irattariterv_onkormanyzatihivatalok_allig.pdf HTTP/1.1" 304 - "-" "Mozilla/5.0 AppleWebKit/537.36 (KHTML, like Gecko; compatible; bingbot/2.0; +http://www.bing.com/bingbot.htm) Chrome/116.0.1938.76 Safari/537.36"
216.244.66.200 - - [03/Feb/2024:06:50:11 +0100] "GET /user/158/notify HTTP/1.1" 200 - "-" "Mozilla/5.0 (compatible; DotBot/1.2; +https://opensiteexplorer.org/dotbot; help@moz.com)"
216.244.66.200 - - [03/Feb/2024:06:50:31 +0100] "GET /files/1214_5_mell.xls HTTP/1.1" 200 22528 "-" "Mozilla/5.0 (compatible; DotBot/1.2; +https://opensiteexplorer.org/dotbot; help@moz.com)"
216.244.66.200 - - [03/Feb/2024:06:51:02 +0100] "GET /files/223visszamutatas.pdf HTTP/1.1" 200 189463 "-" "Mozilla/5.0 (compatible; DotBot/1.2; +https://opensiteexplorer.org/dotbot; help@moz.com)"
216.244.66.200 - - [03/Feb/2024:06:51:33 +0100] "GET /files/4265_szamhordozhatosag.doc HTTP/1.1" 200 135680 "-" "Mozilla/5.0 (compatible; DotBot/1.2; +https://opensiteexplorer.org/dotbot; help@moz.com)"
66.249.77.227 - - [03/Feb/2024:06:51:57 +0100] "GET / HTTP/1.1" 200 - "-" "Mozilla/5.0 (Linux; Android 6.0.1; Nexus 5X Build/MMB29P) AppleWebKit/537.36 (KHTML, like Gecko) Chrome/99.0.4844.84 Mobile Safari/537.36 (compatible; Googlebot/2.1; +http://www.google.com/bot.html)"
216.244.66.200 - - [03/Feb/2024:06:52:03 +0100] "GET /files/KHEM_2858_norma.doc HTTP/1.1" 200 186368 "-" "Mozilla/5.0 (compatible; DotBot/1.2; +https://opensiteexplorer.org/dotbot; help@moz.com)"
66.249.77.226 - - [03/Feb/2024:06:52:29 +0100] "GET / HTTP/1.1" 200 - "-" "Mozilla/5.0 (compatible; Googlebot/2.1; +http://www.google.com/bot.html)"
216.244.66.200 - - [03/Feb/2024:06:52:32 +0100] "GET /files/NKP-III_tervezet_0324.pdf HTTP/1.1" 200 122086 "-" "Mozilla/5.0 (compatible; DotBot/1.2; +https://opensiteexplorer.org/dotbot; help@moz.com)"
216.244.66.200 - - [03/Feb/2024:06:53:00 +0100] "GET /files/dijfizetes.pdf HTTP/1.1" 200 117582 "-" "Mozilla/5.0 (compatible; DotBot/1.2; +https://opensiteexplorer.org/dotbot; help@moz.com)"
66.249.77.226 - - [03/Feb/2024:06:53:01 +0100] "GET / HTTP/1.1" 200 - "-" "Mozilla/5.0 (Linux; Android 6.0.1; Nexus 5X Build/MMB29P) AppleWebKit/537.36 (KHTML, like Gecko) Chrome/121.0.6167.85 Mobile Safari/537.36 (compatible; Googlebot/2.1; +http://www.google.com/bot.html)"
216.244.66.200 - - [03/Feb/2024:06:53:28 +0100] "GET /files/eloterjesztes_be.doc HTTP/1.1" 200 393216 "-" "Mozilla/5.0 (compatible; DotBot/1.2; +https://opensiteexplorer.org/dotbot; help@moz.com)"
66.249.77.225 - - [03/Feb/2024:06:53:33 +0100] "GET / HTTP/1.1" 200 - "-" "Mozilla/5.0 (compatible; Googlebot/2.1; +http://www.google.com/bot.html)"
216.244.66.200 - - [03/Feb/2024:06:53:53 +0100] "GET /files/forgrend_tervezet_.pdf HTTP/1.1" 200 214187 "-" "Mozilla/5.0 (compatible; DotBot/1.2; +https://opensiteexplorer.org/dotbot; help@moz.com)"
216.244.66.200 - - [03/Feb/2024:06:54:19 +0100] "GET /files/ljagy_terv_090831.pdf HTTP/1.1" 200 498045 "-" "Mozilla/5.0 (compatible; DotBot/1.2; +https://opensiteexplorer.org/dotbot; help@moz.com)"
216.244.66.200 - - [03/Feb/2024:06:54:44 +0100] "GET /files/nca_terv_080115.pdf HTTP/1.1" 200 219132 "-" "Mozilla/5.0 (compatible; DotBot/1.2; +https://opensiteexplorer.org/dotbot; help@moz.com)"
216.244.66.200 - - [03/Feb/2024:06:55:05 +0100] "GET /files/parancsnokinyomozas.doc HTTP/1.1" 200 47104 "-" "Mozilla/5.0 (compatible; DotBot/1.2; +https://opensiteexplorer.org/dotbot; help@moz.com)"
216.244.66.200 - - [03/Feb/2024:06:55:26 +0100] "GET /files/tervezet_kozig_ivoviz_tam.pdf HTTP/1.1" 200 212998 "-" "Mozilla/5.0 (compatible; DotBot/1.2; +https://opensiteexplorer.org/dotbot; help@moz.com)"
216.244.66.200 - - [03/Feb/2024:06:55:46 +0100] "GET /files/ved_elektr.zip HTTP/1.1" 200 18467 "-" "Mozilla/5.0 (compatible; DotBot/1.2; +https://opensiteexplorer.org/dotbot; help@moz.com)"
216.244.66.200 - - [03/Feb/2024:06:56:05 +0100] "GET /files/20per1996_nm_rend_mod_090522.doc HTTP/1.1" 200 279040 "-" "Mozilla/5.0 (compatible; DotBot/1.2; +https://opensiteexplorer.org/dotbot; help@moz.com)"
216.244.66.200 - - [03/Feb/2024:06:56:22 +0100] "GET /files/4_efizetes_illetek_es_koltseg.doc HTTP/1.1" 200 59904 "-" "Mozilla/5.0 (compatible; DotBot/1.2; +https://opensiteexplorer.org/dotbot; help@moz.com)"
216.244.66.200 - - [03/Feb/2024:06:56:38 +0100] "GET /files/516A2BB0E46CAC07C12572180036E855.htm.txt HTTP/1.1" 200 21152 "-" "Mozilla/5.0 (compatible; DotBot/1.2; +https://opensiteexplorer.org/dotbot; help@moz.com)"
216.244.66.200 - - [03/Feb/2024:06:56:55 +0100] "GET /files/Minta_irattariterv_onkormanyzatoknak.pdf HTTP/1.1" 200 401745 "-" "Mozilla/5.0 (compatible; DotBot/1.2; +https://opensiteexplorer.org/dotbot; help@moz.com)"
216.244.66.200 - - [03/Feb/2024:06:57:10 +0100] "GET /files/alapf_muv_okt_korm_rend_060214.pdf HTTP/1.1" 200 158587 "-" "Mozilla/5.0 (compatible; DotBot/1.2; +https://opensiteexplorer.org/dotbot; help@moz.com)"
216.244.66.200 - - [03/Feb/2024:06:57:24 +0100] "GET /files/hm_rendelet_tervezet_elelmezesi_ellatas_.pdf HTTP/1.1" 200 183027 "-" "Mozilla/5.0 (compatible; DotBot/1.2; +https://opensiteexplorer.org/dotbot; help@moz.com)"
216.244.66.200 - - [03/Feb/2024:06:57:41 +0100] "GET /files/szegregalt_lakokornyezet_terv_090421.pdf HTTP/1.1" 200 861412 "-" "Mozilla/5.0 (compatible; DotBot/1.2; +https://opensiteexplorer.org/dotbot; help@moz.com)"
5.135.142.46 - - [03/Feb/2024:07:20:46 +0100] "GET /files/ekeloterj.doc HTTP/1.1" 200 100864 "-" "Mozilla/5.0 (Windows; U; Windows NT 6.1; nl; rv:1.9.2.13) Gecko/20101203 Firefox/3.6.13"
5.135.142.46 - - [03/Feb/2024:08:01:06 +0100] "GET /files/ekeloterj.doc HTTP/1.1" 200 100864 "-" "Mozilla/5.0 (Windows; U; Windows NT 6.1; nl; rv:1.9.2.13) Gecko/20101203 Firefox/3.6.13"
40.77.167.53 - - [03/Feb/2024:08:04:00 +0100] "GET /files/ng_terv_100217.pdf HTTP/1.1" 304 - "-" "Mozilla/5.0 AppleWebKit/537.36 (KHTML, like Gecko; compatible; bingbot/2.0; +http://www.bing.com/bingbot.htm) Chrome/116.0.1938.76 Safari/537.36"
216.244.66.200 - - [03/Feb/2024:08:20:22 +0100] "GET /robots.txt HTTP/1.1" 200 1590 "-" "Mozilla/5.0 (compatible; DotBot/1.2; +https://opensiteexplorer.org/dotbot; help@moz.com)"
216.244.66.200 - - [03/Feb/2024:08:44:09 +0100] "GET /taxonomy/term/74/0/feed HTTP/1.1" 200 - "-" "Mozilla/5.0 (compatible; DotBot/1.2; +https://opensiteexplorer.org/dotbot; help@moz.com)"
93.158.90.32 - - [03/Feb/2024:08:59:23 +0100] "GET /robots.txt HTTP/1.1" 200 1590 "-" "Mozilla/5.0 (Windows NT 10.0; Win64; x64) AppleWebKit/537.36 (KHTML, like Gecko) Chrome/98.0.4758.82 Safari/537.36 OPR/84.0.4316.14"
93.158.90.33 - - [03/Feb/2024:08:59:54 +0100] "GET /humans.txt HTTP/1.1" 200 - "-" "Mozilla/5.0 (Windows NT 10.0; Win64; x64) AppleWebKit/537.36 (KHTML, like Gecko) Chrome/98.0.4758.82 Safari/537.36 OPR/84.0.4316.14"
93.158.90.17 - - [03/Feb/2024:09:00:04 +0100] "GET /ads.txt HTTP/1.1" 200 - "-" "Mozilla/5.0 (Windows NT 10.0; Win64; x64) AppleWebKit/537.36 (KHTML, like Gecko) Chrome/98.0.4758.82 Safari/537.36 OPR/84.0.4316.14"
93.158.90.32 - - [03/Feb/2024:09:00:14 +0100] "GET / HTTP/1.1" 200 - "-" "Mozilla/5.0 (Windows NT 10.0; Win64; x64) AppleWebKit/537.36 (KHTML, like Gecko) Chrome/98.0.4758.82 Safari/537.36 OPR/84.0.4316.14"
205.210.31.181 - - [03/Feb/2024:09:14:21 +0100] "GET / HTTP/1.1" 200 - "-" "-"
216.244.66.200 - - [03/Feb/2024:10:09:06 +0100] "GET /robots.txt HTTP/1.1" 200 1590 "-" "Mozilla/5.0 (compatible; DotBot/1.2; +https://opensiteexplorer.org/dotbot; help@moz.com)"
72.167.225.69 - - [03/Feb/2024:10:24:45 +0100] "GET /wp-content/plugins/wp-gdpr-compliance/Assets/js/front.min.js.LICENSE.txt HTTP/1.1" 200 - "-" "Mozilla/5.0 (Linux; Android 9.0; Pixel 2 XL Build/PPP4.180612.004; Windows 10 Mobile) AppleWebKit/537.36 (KHTML, like Gecko) Chrome/71.0.3552.0 Mobile Safari/537.36"
72.167.225.69 - - [03/Feb/2024:10:24:45 +0100] "GET /wp-content/plugins/wp-gdpr-compliance/Assets/js/front.min.js.LICENSE.txt HTTP/1.1" 200 - "-" "Mozilla/5.0 (Windows NT 10.0; Win64; x64) AppleWebKit/537.36 (KHTML, like Gecko) Chrome/84.0.4147.89 Safari/537.36"
72.167.225.69 - - [03/Feb/2024:10:24:45 +0100] "GET /wp-content/plugins/wp-gdpr-compliance/Assets/js/front.min.js.LICENSE.txt HTTP/1.1" 200 - "-" "Mozilla/5.0 (Windows NT 10.0; Win64; x64) AppleWebKit/537.36 (KHTML, like Gecko) Chrome/90.0.4430.212 Safari/537.36"
216.244.66.200 - - [03/Feb/2024:10:30:37 +0100] "GET /taxonomy/term/93/0/feed HTTP/1.1" 200 - "-" "Mozilla/5.0 (compatible; DotBot/1.2; +https://opensiteexplorer.org/dotbot; help@moz.com)"
173.236.210.94 - - [03/Feb/2024:10:31:15 +0100] "GET / HTTP/1.1" 200 - "-" "-"
52.167.144.204 - - [03/Feb/2024:10:32:02 +0100] "GET /files/2409.pdf HTTP/1.1" 200 188554 "-" "Mozilla/5.0 AppleWebKit/537.36 (KHTML, like Gecko; compatible; bingbot/2.0; +http://www.bing.com/bingbot.htm) Chrome/116.0.1938.76 Safari/537.36"
95.168.173.143 - - [03/Feb/2024:10:53:00 +0100] "GET / HTTP/1.1" 200 - "http://jogalkotas.hu" "Mozilla/5.0 (iPhone; CPU iPhone OS 14_4 like Mac OS X) AppleWebKit/605.1.15 (KHTML, like Gecko) Mobile/15E148"
35.88.72.58 - - [03/Feb/2024:10:56:28 +0100] "GET / HTTP/1.1" 200 - "-" "Mozilla/5.0 (X11; Linux x86_64) AppleWebKit/537.36 (KHTML, like Gecko) Chrome/83.0.4103.97 Safari/537.36"
216.244.66.200 - - [03/Feb/2024:11:03:51 +0100] "GET /robots.txt HTTP/1.1" 200 1590 "-" "Mozilla/5.0 (compatible; DotBot/1.2; +https://opensiteexplorer.org/dotbot; help@moz.com)"
149.202.248.212 - - [03/Feb/2024:11:09:52 +0100] "GET /about.php?520=1 HTTP/1.1" 200 - "jogalkotas.hu" "Mozilla/5.0 (Windows NT 6.1; Win64; x64) AppleWebKit/537.36 (KHTML, like Gecko) Chrome/242.02.8301.120 Safari/537.36"
149.202.248.212 - - [03/Feb/2024:11:10:47 +0100] "GET /admin.php?520=1 HTTP/1.1" 200 - "jogalkotas.hu" "Mozilla/5.0 (Windows NT 6.1; Win64; x64) AppleWebKit/537.36 (KHTML, like Gecko) Chrome/242.02.8301.120 Safari/537.36"
94.44.119.250 - - [03/Feb/2024:11:14:46 +0100] "GET /files/MinTerv-1-Ell-1_mell-2007-02-20.doc HTTP/1.1" 200 34239 "https://www.google.com/" "Mozilla/5.0 (Linux; Android 10; K) AppleWebKit/537.36 (KHTML, like Gecko) Chrome/121.0.0.0 Mobile Safari/537.36"
94.44.119.250 - - [03/Feb/2024:11:14:51 +0100] "GET /files/MinTerv-1-Ell-1_mell-2007-02-20.doc HTTP/1.1" 206 1 "https://www.google.com/" "Mozilla/5.0 (Linux; Android 10; K) AppleWebKit/537.36 (KHTML, like Gecko) Chrome/121.0.0.0 Mobile Safari/537.36"
94.44.119.250 - - [03/Feb/2024:11:14:52 +0100] "GET /files/MinTerv-1-Ell-1_mell-2007-02-20.doc HTTP/1.1" 206 1 "https://www.google.com/" "Mozilla/5.0 (Linux; Android 10; K) AppleWebKit/537.36 (KHTML, like Gecko) Chrome/121.0.0.0 Mobile Safari/537.36"
94.44.119.250 - - [03/Feb/2024:11:14:52 +0100] "GET /files/MinTerv-1-Ell-1_mell-2007-02-20.doc HTTP/1.1" 206 35573 "https://www.google.com/" "Mozilla/5.0 (Linux; Android 10; K) AppleWebKit/537.36 (KHTML, like Gecko) Chrome/121.0.0.0 Mobile Safari/537.36"
94.44.119.250 - - [03/Feb/2024:11:15:22 +0100] "GET /files/MinTerv-1-Ell-1_mell-2007-02-20.doc HTTP/1.1" 206 35573 "https://www.google.com/" "Mozilla/5.0 (Linux; Android 10; K) AppleWebKit/537.36 (KHTML, like Gecko) Chrome/121.0.0.0 Mobile Safari/537.36"
216.244.66.200 - - [03/Feb/2024:11:23:04 +0100] "GET /taxonomy/term/57/0/feed HTTP/1.1" 200 - "-" "Mozilla/5.0 (compatible; DotBot/1.2; +https://opensiteexplorer.org/dotbot; help@moz.com)"
66.249.72.201 - - [03/Feb/2024:11:29:40 +0100] "GET /files/tempus_terv_080808.pdf HTTP/1.1" 304 - "-" "Mozilla/5.0 (Linux; Android 6.0.1; Nexus 5X Build/MMB29P) AppleWebKit/537.36 (KHTML, like Gecko) Chrome/121.0.6167.85 Mobile Safari/537.36 (compatible; Googlebot/2.1; +http://www.google.com/bot.html)"
40.77.167.13 - - [03/Feb/2024:11:41:28 +0100] "GET /files/070614_kum_rend_idegenrendeszet_terv.pdf HTTP/1.1" 304 - "-" "Mozilla/5.0 AppleWebKit/537.36 (KHTML, like Gecko; compatible; bingbot/2.0; +http://www.bing.com/bingbot.htm) Chrome/116.0.1938.76 Safari/537.36"
198.235.24.151 - - [03/Feb/2024:11:59:34 +0100] "GET / HTTP/1.1" 200 - "-" "-"
66.249.77.225 - - [03/Feb/2024:12:14:42 +0100] "GET /files/KHEM_8489_5_norma_0.doc HTTP/1.1" 304 - "-" "Mozilla/5.0 (Linux; Android 6.0.1; Nexus 5X Build/MMB29P) AppleWebKit/537.36 (KHTML, like Gecko) Chrome/121.0.6167.85 Mobile Safari/537.36 (compatible; Googlebot/2.1; +http://www.google.com/bot.html)"
66.249.72.200 - - [03/Feb/2024:12:16:27 +0100] "GET /drupal/files/ekozig2010strategia_0604.pdf HTTP/1.1" 200 - "-" "Googlebot/2.1 (+http://www.google.com/bot.html)"
52.167.144.188 - - [03/Feb/2024:12:21:27 +0100] "GET /files/NFGM205.pdf HTTP/1.1" 304 - "-" "Mozilla/5.0 AppleWebKit/537.36 (KHTML, like Gecko; compatible; bingbot/2.0; +http://www.bing.com/bingbot.htm) Chrome/116.0.1938.76 Safari/537.36"
188.156.105.79 - - [03/Feb/2024:12:50:59 +0100] "GET /files/ptk.dologi_jog.pdf HTTP/1.1" 200 141671 "https://www.google.com/" "Mozilla/5.0 (Windows NT 10.0; Win64; x64; rv:122.0) Gecko/20100101 Firefox/122.0"
188.156.105.79 - - [03/Feb/2024:12:50:59 +0100] "GET /favicon.ico HTTP/1.1" 404 57 "http://www.jogalkotas.hu/files/ptk.dologi_jog.pdf" "Mozilla/5.0 (Windows NT 10.0; Win64; x64; rv:122.0) Gecko/20100101 Firefox/122.0"
188.156.105.79 - - [03/Feb/2024:12:50:59 +0100] "GET /files/ptk.dologi_jog.pdf HTTP/1.1" 206 65536 "https://www.google.com/" "Mozilla/5.0 (Windows NT 10.0; Win64; x64; rv:122.0) Gecko/20100101 Firefox/122.0"
66.249.77.226 - - [03/Feb/2024:12:59:39 +0100] "GET /files/KHEM_8735_(normasz__veg).doc HTTP/1.1" 304 - "-" "Mozilla/5.0 (Linux; Android 6.0.1; Nexus 5X Build/MMB29P) AppleWebKit/537.36 (KHTML, like Gecko) Chrome/121.0.6167.85 Mobile Safari/537.36 (compatible; Googlebot/2.1; +http://www.google.com/bot.html)"
66.249.77.225 - - [03/Feb/2024:12:59:43 +0100] "GET /files/jogsegitseg.doc HTTP/1.1" 200 535040 "-" "Mozilla/5.0 (Linux; Android 6.0.1; Nexus 5X Build/MMB29P) AppleWebKit/537.36 (KHTML, like Gecko) Chrome/121.0.6167.85 Mobile Safari/537.36 (compatible; Googlebot/2.1; +http://www.google.com/bot.html)"
91.33.165.108 - - [03/Feb/2024:13:21:02 +0100] "GET /files/szakertoidijazas.doc HTTP/1.1" 200 59392 "-" "Mozilla/5.0 (Windows NT 10.0; WOW64; Trident/7.0; rv:11.0) like Gecko"
66.249.64.76 - - [03/Feb/2024:13:28:17 +0100] "GET /drupal/files/NFGM2005_0.pdf HTTP/1.1" 200 - "-" "Mozilla/5.0 (Linux; Android 6.0.1; Nexus 5X Build/MMB29P) AppleWebKit/537.36 (KHTML, like Gecko) Chrome/121.0.6167.85 Mobile Safari/537.36 (compatible; Googlebot/2.1; +http://www.google.com/bot.html)"
216.244.66.200 - - [03/Feb/2024:13:49:30 +0100] "GET /robots.txt HTTP/1.1" 200 1590 "-" "Mozilla/5.0 (compatible; DotBot/1.2; +https://opensiteexplorer.org/dotbot; help@moz.com)"
66.249.70.102 - - [03/Feb/2024:14:12:38 +0100] "GET /files/R178_3indoklas.pdf HTTP/1.1" 304 - "-" "Mozilla/5.0 (Linux; Android 6.0.1; Nexus 5X Build/MMB29P) AppleWebKit/537.36 (KHTML, like Gecko) Chrome/121.0.6167.85 Mobile Safari/537.36 (compatible; Googlebot/2.1; +http://www.google.com/bot.html)"
66.249.70.102 - - [03/Feb/2024:14:12:39 +0100] "GET /files/kjofmh-kormelo-kozig.doc HTTP/1.1" 304 - "-" "Mozilla/5.0 (Linux; Android 6.0.1; Nexus 5X Build/MMB29P) AppleWebKit/537.36 (KHTML, like Gecko) Chrome/121.0.6167.85 Mobile Safari/537.36 (compatible; Googlebot/2.1; +http://www.google.com/bot.html)"
216.244.66.200 - - [03/Feb/2024:14:14:33 +0100] "GET /taxonomy/term/96/0/feed HTTP/1.1" 200 - "-" "Mozilla/5.0 (compatible; DotBot/1.2; +https://opensiteexplorer.org/dotbot; help@moz.com)"
216.244.66.200 - - [03/Feb/2024:14:44:59 +0100] "GET /robots.txt HTTP/1.1" 200 1590 "-" "Mozilla/5.0 (compatible; DotBot/1.2; +https://opensiteexplorer.org/dotbot; help@moz.com)"
66.249.64.64 - - [03/Feb/2024:14:47:12 +0100] "GET /files/oksz_terv_100302.pdf HTTP/1.1" 304 - "-" "Mozilla/5.0 (Linux; Android 6.0.1; Nexus 5X Build/MMB29P) AppleWebKit/537.36 (KHTML, like Gecko) Chrome/121.0.6167.85 Mobile Safari/537.36 (compatible; Googlebot/2.1; +http://www.google.com/bot.html)"
147.182.197.229 - - [03/Feb/2024:14:53:51 +0100] "GET / HTTP/1.1" 200 - "-" "Mozilla/5.0 (X11; Linux x86_64) AppleWebKit/537.36 (KHTML, like Gecko) Chrome/108.0.0.0 Safari/537.36"
66.249.70.102 - - [03/Feb/2024:14:57:39 +0100] "GET /files/ESR_korm_eloterjesztes.pdf HTTP/1.1" 200 1021178 "-" "Mozilla/5.0 (Linux; Android 6.0.1; Nexus 5X Build/MMB29P) AppleWebKit/537.36 (KHTML, like Gecko) Chrome/121.0.6167.85 Mobile Safari/537.36 (compatible; Googlebot/2.1; +http://www.google.com/bot.html)"
81.181.55.53 - - [03/Feb/2024:14:59:31 +0100] "GET /robots.txt HTTP/1.1" 200 1590 "-" "Mozilla/5.0 (Windows; U; Windows NT 6.1; en-US; rv:1.9.1.5) Gecko/20091102 Firefox/3.5.5 (.NET CLR 3.5.30729)"
216.244.66.200 - - [03/Feb/2024:15:10:13 +0100] "GET /taxonomy/term/80/0/feed HTTP/1.1" 200 - "-" "Mozilla/5.0 (compatible; DotBot/1.2; +https://opensiteexplorer.org/dotbot; help@moz.com)"
66.249.64.75 - - [03/Feb/2024:15:27:06 +0100] "GET /files/6125_2_.pdf HTTP/1.1" 304 - "-" "Mozilla/5.0 (Linux; Android 6.0.1; Nexus 5X Build/MMB29P) AppleWebKit/537.36 (KHTML, like Gecko) Chrome/121.0.6167.85 Mobile Safari/537.36 (compatible; Googlebot/2.1; +http://www.google.com/bot.html)"
40.77.167.65 - - [03/Feb/2024:15:44:33 +0100] "GET /taxonomy/term/89 HTTP/1.1" 200 - "-" "Mozilla/5.0 AppleWebKit/537.36 (KHTML, like Gecko; compatible; bingbot/2.0; +http://www.bing.com/bingbot.htm) Chrome/116.0.1938.76 Safari/537.36"
40.77.167.65 - - [03/Feb/2024:15:45:05 +0100] "GET /taxonomy/term/89 HTTP/1.1" 200 - "-" "Mozilla/5.0 AppleWebKit/537.36 (KHTML, like Gecko; compatible; bingbot/2.0; +http://www.bing.com/bingbot.htm) Chrome/116.0.1938.76 Safari/537.36"
52.167.144.199 - - [03/Feb/2024:15:48:46 +0100] "GET /files/OM_9161_2009_ingatlankozvetites.pdf HTTP/1.1" 304 - "-" "Mozilla/5.0 AppleWebKit/537.36 (KHTML, like Gecko; compatible; bingbot/2.0; +http://www.bing.com/bingbot.htm) Chrome/116.0.1938.76 Safari/537.36"
40.77.167.53 - - [03/Feb/2024:15:53:58 +0100] "GET /files/$File/eu_8.pdf HTTP/1.1" 200 - "-" "Mozilla/5.0 AppleWebKit/537.36 (KHTML, like Gecko; compatible; bingbot/2.0; +http://www.bing.com/bingbot.htm) Chrome/116.0.1938.76 Safari/537.36"
40.77.167.53 - - [03/Feb/2024:15:54:30 +0100] "GET /files/$File/eu_8.pdf HTTP/1.1" 200 - "-" "Mozilla/5.0 AppleWebKit/537.36 (KHTML, like Gecko; compatible; bingbot/2.0; +http://www.bing.com/bingbot.htm) Chrome/116.0.1938.76 Safari/537.36"
66.249.70.102 - - [03/Feb/2024:16:12:06 +0100] "GET /files/7978.pdf HTTP/1.1" 304 - "-" "Mozilla/5.0 (Linux; Android 6.0.1; Nexus 5X Build/MMB29P) AppleWebKit/537.36 (KHTML, like Gecko) Chrome/121.0.6167.85 Mobile Safari/537.36 (compatible; Googlebot/2.1; +http://www.google.com/bot.html)"
40.77.167.41 - - [03/Feb/2024:16:12:41 +0100] "GET /files/ HTTP/1.1" 403 1172 "-" "Mozilla/5.0 AppleWebKit/537.36 (KHTML, like Gecko; compatible; bingbot/2.0; +http://www.bing.com/bingbot.htm) Chrome/116.0.1938.76 Safari/537.36"
89.134.21.148 - - [03/Feb/2024:16:18:40 +0100] "GET /favicon.ico HTTP/1.1" 404 57 "http://www.jogalkotas.hu/files/3802_16.pdf" "Mozilla/5.0 (Windows NT 10.0; Win64; x64) AppleWebKit/537.36 (KHTML, like Gecko) Chrome/121.0.0.0 Safari/537.36"
89.134.21.148 - - [03/Feb/2024:16:18:40 +0100] "GET /files/3802_16.pdf HTTP/1.1" 200 571634 "https://www.google.com/" "Mozilla/5.0 (Windows NT 10.0; Win64; x64) AppleWebKit/537.36 (KHTML, like Gecko) Chrome/121.0.0.0 Safari/537.36"
