216.244.66.200 - - [05/Feb/2024:09:01:44 +0100] "GET /taxonomy/term/55/0/feed HTTP/1.1" 200 - "-" "Mozilla/5.0 (compatible; DotBot/1.2; +https://opensiteexplorer.org/dotbot; help@moz.com)"
72.167.225.69 - - [05/Feb/2024:09:08:01 +0100] "GET /wp-content/plugins/wp-gdpr-compliance/Assets/js/front.min.js.LICENSE.txt HTTP/1.1" 200 - "-" "Mozilla/5.0 (Windows NT 10.0; Win64; x64) AppleWebKit/537.36 (KHTML, like Gecko) Chrome/87.0.4280.141 Safari/537.36"
216.244.66.200 - - [05/Feb/2024:09:28:33 +0100] "GET /robots.txt HTTP/1.1" 200 1590 "-" "Mozilla/5.0 (compatible; DotBot/1.2; +https://opensiteexplorer.org/dotbot; help@moz.com)"
216.244.66.200 - - [05/Feb/2024:09:28:33 +0100] "GET /robots.txt HTTP/1.1" 200 1590 "-" "Mozilla/5.0 (compatible; DotBot/1.2; +https://opensiteexplorer.org/dotbot; help@moz.com)"
216.244.66.200 - - [05/Feb/2024:09:51:53 +0100] "GET /files/nem_uzleti_eloterj_7_3_szamu_melleklet_061129.pdf HTTP/1.1" 200 69504 "-" "Mozilla/5.0 (compatible; DotBot/1.2; +https://opensiteexplorer.org/dotbot; help@moz.com)"
216.244.66.200 - - [05/Feb/2024:09:53:24 +0100] "GET /files/bvjarmu-1.doc HTTP/1.1" 200 50688 "-" "Mozilla/5.0 (compatible; DotBot/1.2; +https://opensiteexplorer.org/dotbot; help@moz.com)"
216.244.66.200 - - [05/Feb/2024:09:54:44 +0100] "GET /files/43per2005_eum_rendelet__mod.doc HTTP/1.1" 200 73728 "-" "Mozilla/5.0 (compatible; DotBot/1.2; +https://opensiteexplorer.org/dotbot; help@moz.com)"
216.244.66.200 - - [05/Feb/2024:09:55:03 +0100] "GET /files/KHEM_6922_4_norma.doc HTTP/1.1" 200 113664 "-" "Mozilla/5.0 (compatible; DotBot/1.2; +https://opensiteexplorer.org/dotbot; help@moz.com)"
216.244.66.200 - - [05/Feb/2024:09:55:23 +0100] "GET /files/TK53-3megfelelesi.doc HTTP/1.1" 200 94720 "-" "Mozilla/5.0 (compatible; DotBot/1.2; +https://opensiteexplorer.org/dotbot; help@moz.com)"
216.244.66.200 - - [05/Feb/2024:09:55:40 +0100] "GET /files/_4e216suj8c5mmist1eig76_.pdf HTTP/1.1" 200 129990 "-" "Mozilla/5.0 (compatible; DotBot/1.2; +https://opensiteexplorer.org/dotbot; help@moz.com)"
216.244.66.200 - - [05/Feb/2024:09:56:11 +0100] "GET /files/menedekjog1.doc HTTP/1.1" 200 1113600 "-" "Mozilla/5.0 (compatible; DotBot/1.2; +https://opensiteexplorer.org/dotbot; help@moz.com)"
216.244.66.200 - - [05/Feb/2024:09:56:50 +0100] "GET /files/22_2004_kormrend_mod_terv_100217.pdf HTTP/1.1" 200 224821 "-" "Mozilla/5.0 (compatible; DotBot/1.2; +https://opensiteexplorer.org/dotbot; help@moz.com)"
216.244.66.200 - - [05/Feb/2024:09:57:21 +0100] "GET /files/44per2004_eum_min_rend_terv_090604.doc HTTP/1.1" 200 44544 "-" "Mozilla/5.0 (compatible; DotBot/1.2; +https://opensiteexplorer.org/dotbot; help@moz.com)"
216.244.66.200 - - [05/Feb/2024:09:58:22 +0100] "GET /files/63-1997_t%C3%83%C2%A1rc%C3%83%C2%A1ra.doc HTTP/1.1" 200 - "-" "Mozilla/5.0 (compatible; DotBot/1.2; +https://opensiteexplorer.org/dotbot; help@moz.com)"
216.244.66.200 - - [05/Feb/2024:09:58:43 +0100] "GET /files/e-tertiveveny_tervezet0918_kozig_honlapra.doc HTTP/1.1" 200 163328 "-" "Mozilla/5.0 (compatible; DotBot/1.2; +https://opensiteexplorer.org/dotbot; help@moz.com)"
216.244.66.200 - - [05/Feb/2024:09:59:14 +0100] "GET /files/gepjarmu_zalogjog-honlapra-080929-2.doc HTTP/1.1" 200 61952 "-" "Mozilla/5.0 (compatible; DotBot/1.2; +https://opensiteexplorer.org/dotbot; help@moz.com)"
216.244.66.200 - - [05/Feb/2024:10:00:14 +0100] "GET /files/gy%C3%83%C2%B3gyszerrend%20normasz%C3%83%C2%B6veg.doc HTTP/1.1" 200 - "-" "Mozilla/5.0 (compatible; DotBot/1.2; +https://opensiteexplorer.org/dotbot; help@moz.com)"
216.244.66.200 - - [05/Feb/2024:10:00:35 +0100] "GET /files/indoklas_karteritesi_terezet.pdf HTTP/1.1" 200 118467 "-" "Mozilla/5.0 (compatible; DotBot/1.2; +https://opensiteexplorer.org/dotbot; help@moz.com)"
216.244.66.200 - - [05/Feb/2024:10:01:05 +0100] "GET /files/jogalkotas_nyilvanossaga_2006feb.pdf HTTP/1.1" 200 51472 "-" "Mozilla/5.0 (compatible; DotBot/1.2; +https://opensiteexplorer.org/dotbot; help@moz.com)"
216.244.66.200 - - [05/Feb/2024:10:01:52 +0100] "GET /files/katonai_szakkepesitesek_hm_rendelet.pdf HTTP/1.1" 200 779797 "-" "Mozilla/5.0 (compatible; DotBot/1.2; +https://opensiteexplorer.org/dotbot; help@moz.com)"
216.244.66.200 - - [05/Feb/2024:10:02:27 +0100] "GET /files/kormeloterjesztes_parlagfu_velemenyezesre.pdf HTTP/1.1" 200 187147 "-" "Mozilla/5.0 (compatible; DotBot/1.2; +https://opensiteexplorer.org/dotbot; help@moz.com)"
216.244.66.200 - - [05/Feb/2024:10:02:59 +0100] "GET /files/newcastle_rendelet_velemenyezesre.pdf HTTP/1.1" 200 188637 "-" "Mozilla/5.0 (compatible; DotBot/1.2; +https://opensiteexplorer.org/dotbot; help@moz.com)"
216.244.66.200 - - [05/Feb/2024:10:03:35 +0100] "GET /files/rendelet_icsszem_fejezetikezeloiranyzat.pdf HTTP/1.1" 200 314661 "-" "Mozilla/5.0 (compatible; DotBot/1.2; +https://opensiteexplorer.org/dotbot; help@moz.com)"
216.244.66.200 - - [05/Feb/2024:10:04:34 +0100] "GET /files/7.%20%20sz%C3%83%C2%A1m%C3%83%C2%BA%20mell%C3%83%C2%A9klet.doc HTTP/1.1" 200 - "-" "Mozilla/5.0 (compatible; DotBot/1.2; +https://opensiteexplorer.org/dotbot; help@moz.com)"
216.244.66.200 - - [05/Feb/2024:10:05:24 +0100] "GET /taxonomy/term/64/0/feed HTTP/1.1" 200 - "-" "Mozilla/5.0 (compatible; DotBot/1.2; +https://opensiteexplorer.org/dotbot; help@moz.com)"
168.138.41.19 - - [05/Feb/2024:10:12:14 +0100] "GET /wp-admin/images/themes.php HTTP/1.1" 200 - "-" "Mozlila/5.0 (Linux; Android 7.0; SM-G892A Bulid/NRD90M; wv) AppleWebKit/537.36 (KHTML, like Gecko) Version/4.0 Chrome/60.0.3112.107 Moblie Safari/537.36"
195.228.229.132 - - [05/Feb/2024:10:29:24 +0100] "GET /files/tk19.pdf HTTP/1.1" 200 194017 "https://www.google.hu/" "Mozilla/5.0 (Windows NT 10.0; Win64; x64) AppleWebKit/537.36 (KHTML, like Gecko) Chrome/121.0.0.0 Safari/537.36"
195.228.229.132 - - [05/Feb/2024:10:29:24 +0100] "GET /favicon.ico HTTP/1.1" 404 57 "http://www.jogalkotas.hu/files/tk19.pdf" "Mozilla/5.0 (Windows NT 10.0; Win64; x64) AppleWebKit/537.36 (KHTML, like Gecko) Chrome/121.0.0.0 Safari/537.36"
195.228.229.132 - - [05/Feb/2024:10:30:42 +0100] "GET / HTTP/1.1" 200 - "-" "Mozilla/5.0 (Windows NT 10.0; Win64; x64) AppleWebKit/537.36 (KHTML, like Gecko) Chrome/121.0.0.0 Safari/537.36"
195.228.229.132 - - [05/Feb/2024:10:30:59 +0100] "GET / HTTP/1.1" 200 - "-" "Mozilla/5.0 (Windows NT 10.0; Win64; x64) AppleWebKit/537.36 (KHTML, like Gecko) Chrome/121.0.0.0 Safari/537.36"
207.46.13.87 - - [05/Feb/2024:11:42:02 +0100] "GET /files/2583_6.pdf HTTP/1.1" 304 - "-" "Mozilla/5.0 AppleWebKit/537.36 (KHTML, like Gecko; compatible; bingbot/2.0; +http://www.bing.com/bingbot.htm) Chrome/116.0.1938.76 Safari/537.36"
40.77.167.68 - - [05/Feb/2024:12:16:00 +0100] "GET /files/R89_3.pdf HTTP/1.1" 304 - "-" "Mozilla/5.0 AppleWebKit/537.36 (KHTML, like Gecko; compatible; bingbot/2.0; +http://www.bing.com/bingbot.htm) Chrome/116.0.1938.76 Safari/537.36"
176.63.1.208 - - [05/Feb/2024:12:18:54 +0100] "GET /files/ooszi.pdf HTTP/1.1" 200 429252 "-" "Mozilla/5.0 (Linux; Android 14; SAMSUNG SM-A546B) AppleWebKit/537.36 (KHTML, like Gecko) SamsungBrowser/23.0 Chrome/115.0.0.0 Mobile Safari/537.36"
176.63.1.208 - - [05/Feb/2024:12:19:01 +0100] "GET /files/ooszi.pdf HTTP/1.1" 200 429252 "-" "Dalvik/2.1.0 (Linux; U; Android 14; SM-A546B Build/UP1A.231005.007)"
37.220.218.206 - - [05/Feb/2024:12:36:07 +0100] "GET /files/MinTerv-1-Ell-1_mell-2007-02-20.doc HTTP/1.1" 200 258048 "https://www.google.com/" "Mozilla/5.0 (Windows NT 10.0; Win64; x64) AppleWebKit/537.36 (KHTML, like Gecko) Chrome/121.0.0.0 Safari/537.36 Edg/121.0.0.0"
52.108.80.15 - - [05/Feb/2024:12:36:08 +0100] "GET /files/MinTerv-1-Ell-1_mell-2007-02-20.doc HTTP/1.1" 200 258048 "-" "Mozilla/5.0 (Windows NT 10.0; Win64; x64) AppleWebKit/537.36 (KHTML, like Gecko) Chrome/89.0.4389.82 Safari/537.36 Edg/89.0.774.48"
91.92.253.89 - - [05/Feb/2024:13:04:44 +0100] "GET /nf_tracking.php HTTP/1.1" 200 - "www.google.com" "Mozlila/5.0 (Linux; Android 7.0; SM-G892A Bulid/NRD90M; wv) AppleWebKit/537.36 (KHTML, like Gecko) Version/4.0 Chrome/60.0.3112.107 Moblie Safari/537.36"
185.144.83.51 - - [05/Feb/2024:13:06:29 +0100] "GET / HTTP/1.1" 200 - "-" "Mozilla/5.0 (Windows NT 10.0; Win64; x64) AppleWebKit/537.36 (KHTML, like Gecko) Chrome/84.0.4147.105 Safari/537.36"
79.221.109.51 - - [05/Feb/2024:13:21:08 +0100] "GET /files/szakertoidijazas.doc HTTP/1.1" 200 59392 "-" "Mozilla/5.0 (Windows NT 10.0; WOW64; Trident/7.0; rv:11.0) like Gecko"
66.249.70.102 - - [05/Feb/2024:13:37:14 +0100] "GET / HTTP/1.1" 200 - "-" "Mozilla/5.0 (compatible; Googlebot/2.1; +http://www.google.com/bot.html)"
66.249.70.103 - - [05/Feb/2024:13:37:46 +0100] "GET / HTTP/1.1" 200 - "-" "Mozilla/5.0 (Linux; Android 6.0.1; Nexus 5X Build/MMB29P) AppleWebKit/537.36 (KHTML, like Gecko) Chrome/99.0.4844.84 Mobile Safari/537.36 (compatible; Googlebot/2.1; +http://www.google.com/bot.html)"
66.249.70.102 - - [05/Feb/2024:13:38:18 +0100] "GET / HTTP/1.1" 200 - "-" "Mozilla/5.0 (compatible; Googlebot/2.1; +http://www.google.com/bot.html)"
66.249.70.104 - - [05/Feb/2024:13:38:50 +0100] "GET / HTTP/1.1" 200 - "-" "Mozilla/5.0 (Linux; Android 6.0.1; Nexus 5X Build/MMB29P) AppleWebKit/537.36 (KHTML, like Gecko) Chrome/121.0.6167.85 Mobile Safari/537.36 (compatible; Googlebot/2.1; +http://www.google.com/bot.html)"
35.241.131.154 - - [05/Feb/2024:13:40:12 +0100] "GET /robots.txt HTTP/1.1" 200 1590 "-" "Mozilla/5.0 (compatible; VelenPublicWebCrawler/1.0; +https://velen.io)"
35.241.131.154 - - [05/Feb/2024:13:40:44 +0100] "GET /node/358 HTTP/1.1" 200 - "-" "Mozilla/5.0 (compatible; VelenPublicWebCrawler/1.0; +https://velen.io)"
35.241.131.154 - - [05/Feb/2024:13:41:14 +0100] "GET /node/358 HTTP/1.1" 200 - "-" "Mozilla/5.0 (compatible; VelenPublicWebCrawler/1.0; +https://velen.io)"
35.241.131.154 - - [05/Feb/2024:13:41:45 +0100] "GET /node/358 HTTP/1.1" 200 - "-" "Mozilla/5.0 (compatible; VelenPublicWebCrawler/1.0; +https://velen.io)"
35.241.131.154 - - [05/Feb/2024:13:42:17 +0100] "GET /node/358 HTTP/1.1" 200 - "-" "Mozilla/5.0 (compatible; VelenPublicWebCrawler/1.0; +https://velen.io)"
35.241.131.154 - - [05/Feb/2024:13:42:50 +0100] "GET /node/358 HTTP/1.1" 200 - "-" "Mozilla/5.0 (compatible; VelenPublicWebCrawler/1.0; +https://velen.io)"
40.77.167.25 - - [05/Feb/2024:13:49:12 +0100] "GET /files/vizbazis0806_kozigre.pdf HTTP/1.1" 304 - "-" "Mozilla/5.0 AppleWebKit/537.36 (KHTML, like Gecko; compatible; bingbot/2.0; +http://www.bing.com/bingbot.htm) Chrome/116.0.1938.76 Safari/537.36"
66.249.64.64 - - [05/Feb/2024:14:34:09 +0100] "GET /files/korm_hat_terv_vedonoi_fejl_090722.doc HTTP/1.1" 304 - "-" "Mozilla/5.0 (Linux; Android 6.0.1; Nexus 5X Build/MMB29P) AppleWebKit/537.36 (KHTML, like Gecko) Chrome/121.0.6167.85 Mobile Safari/537.36 (compatible; Googlebot/2.1; +http://www.google.com/bot.html)"
66.249.70.102 - - [05/Feb/2024:14:36:03 +0100] "GET /files/KHEM_8735_(normasz__veg).doc HTTP/1.1" 304 - "-" "Mozilla/5.0 (Linux; Android 6.0.1; Nexus 5X Build/MMB29P) AppleWebKit/537.36 (KHTML, like Gecko) Chrome/121.0.6167.85 Mobile Safari/537.36 (compatible; Googlebot/2.1; +http://www.google.com/bot.html)"
66.249.64.76 - - [05/Feb/2024:14:37:53 +0100] "GET /files/tempus_terv_080808.pdf HTTP/1.1" 304 - "-" "Mozilla/5.0 (Linux; Android 6.0.1; Nexus 5X Build/MMB29P) AppleWebKit/537.36 (KHTML, like Gecko) Chrome/121.0.6167.85 Mobile Safari/537.36 (compatible; Googlebot/2.1; +http://www.google.com/bot.html)"
166.62.45.103 - - [05/Feb/2024:15:13:30 +0100] "GET /manager/assets/modext/license.txt HTTP/1.1" 200 - "-" "Mozilla/5.0 (Android 10; Mobile; rv:81.0) Gecko/81.0 Firefox/81.0"
66.249.70.103 - - [05/Feb/2024:15:19:08 +0100] "GET /files/kjofmh-kormelo-kozig.doc HTTP/1.1" 304 - "-" "Mozilla/5.0 (Linux; Android 6.0.1; Nexus 5X Build/MMB29P) AppleWebKit/537.36 (KHTML, like Gecko) Chrome/121.0.6167.85 Mobile Safari/537.36 (compatible; Googlebot/2.1; +http://www.google.com/bot.html)"
54.36.148.190 - - [05/Feb/2024:15:22:32 +0100] "GET /robots.txt HTTP/1.1" 200 1590 "-" "Mozilla/5.0 (compatible; AhrefsBot/7.0; +http://ahrefs.com/robot/)"
52.167.144.206 - - [05/Feb/2024:15:53:53 +0100] "GET /drupal/taxonomy/term/32?from=10 HTTP/1.1" 200 - "-" "Mozilla/5.0 AppleWebKit/537.36 (KHTML, like Gecko; compatible; bingbot/2.0; +http://www.bing.com/bingbot.htm) Chrome/116.0.1938.76 Safari/537.36"
52.167.144.206 - - [05/Feb/2024:15:54:25 +0100] "GET /drupal/taxonomy/term/32?from=10 HTTP/1.1" 200 - "-" "Mozilla/5.0 AppleWebKit/537.36 (KHTML, like Gecko; compatible; bingbot/2.0; +http://www.bing.com/bingbot.htm) Chrome/116.0.1938.76 Safari/537.36"
37.76.27.170 - - [05/Feb/2024:15:55:47 +0100] "GET /files/MinTerv-1-Ell-1_mell-2007-02-20.doc HTTP/1.1" 200 258048 "-" "Mozilla/5.0 (Linux; Android 10; K) AppleWebKit/537.36 (KHTML, like Gecko) Chrome/121.0.0.0 Mobile Safari/537.36"
66.249.70.102 - - [05/Feb/2024:16:23:56 +0100] "GET /files/martinsalak.pdf HTTP/1.1" 304 - "-" "Mozilla/5.0 (Linux; Android 6.0.1; Nexus 5X Build/MMB29P) AppleWebKit/537.36 (KHTML, like Gecko) Chrome/121.0.6167.85 Mobile Safari/537.36 (compatible; Googlebot/2.1; +http://www.google.com/bot.html)"
51.210.214.160 - - [05/Feb/2024:16:46:43 +0100] "GET /taxonomy/term/21/0/feed HTTP/1.1" 200 - "-" "Mozilla/5.0 (X11; Linux i686) AppleWebKit/537.36 (KHTML, like Gecko) Chrome/30.0.1599.66 Safari/537.36"
46.229.237.101 - - [05/Feb/2024:16:48:39 +0100] "HEAD /.ftpconfig HTTP/1.1" 200 - "-" "Mozilla/5.0 (Windows NT 10.0; Win64; x64) AppleWebKit/537.36 (KHTML, like Gecko) Chrome/114.0.0.0 Safari/537.36"
66.249.70.103 - - [05/Feb/2024:16:52:53 +0100] "GET /files/orv_techn_eszkozok_min_rend_tervm.doc HTTP/1.1" 304 - "-" "Mozilla/5.0 (Linux; Android 6.0.1; Nexus 5X Build/MMB29P) AppleWebKit/537.36 (KHTML, like Gecko) Chrome/121.0.6167.85 Mobile Safari/537.36 (compatible; Googlebot/2.1; +http://www.google.com/bot.html)"
192.3.232.19 - - [05/Feb/2024:16:53:05 +0100] "GET /taxonomy/term/46/0/feed HTTP/1.1" 200 - "-" "-"
66.249.64.75 - - [05/Feb/2024:17:08:56 +0100] "GET /files/oksz_terv_100302.pdf HTTP/1.1" 304 - "-" "Mozilla/5.0 (Linux; Android 6.0.1; Nexus 5X Build/MMB29P) AppleWebKit/537.36 (KHTML, like Gecko) Chrome/121.0.6167.85 Mobile Safari/537.36 (compatible; Googlebot/2.1; +http://www.google.com/bot.html)"
52.167.144.17 - - [05/Feb/2024:17:43:14 +0100] "GET /taxonomy/term/18%2023%2024%2026%2025%2027%2028%2029%2052%2041%2031%2032%2098%2033%2048%20106%20103%2099%20107%2034%2049%2035%2051%20100%2036%2050%20105?page=8 HTTP/1.1" 200 - "-" "Mozilla/5.0 AppleWebKit/537.36 (KHTML, like Gecko; compatible; bingbot/2.0; +http://www.bing.com/bingbot.htm) Chrome/116.0.1938.76 Safari/537.36"
45.84.124.12 - - [05/Feb/2024:17:43:46 +0100] "GET /files/gyamhatosag_eloterj_061204.pdf HTTP/1.1" 200 597742 "-" "Mozilla/5.0 (Linux; Android 10; K) AppleWebKit/537.36 (KHTML, like Gecko) Chrome/121.0.0.0 Mobile Safari/537.36"
52.167.144.17 - - [05/Feb/2024:17:43:46 +0100] "GET /taxonomy/term/18%2023%2024%2026%2025%2027%2028%2029%2052%2041%2031%2032%2098%2033%2048%20106%20103%2099%20107%2034%2049%2035%2051%20100%2036%2050%20105?page=8 HTTP/1.1" 200 - "-" "Mozilla/5.0 AppleWebKit/537.36 (KHTML, like Gecko; compatible; bingbot/2.0; +http://www.bing.com/bingbot.htm) Chrome/116.0.1938.76 Safari/537.36"
66.249.64.76 - - [05/Feb/2024:17:45:29 +0100] "GET /files/6125_2_.pdf HTTP/1.1" 304 - "-" "Mozilla/5.0 (Linux; Android 6.0.1; Nexus 5X Build/MMB29P) AppleWebKit/537.36 (KHTML, like Gecko) Chrome/121.0.6167.85 Mobile Safari/537.36 (compatible; Googlebot/2.1; +http://www.google.com/bot.html)"
81.183.98.113 - - [05/Feb/2024:17:46:12 +0100] "GET /favicon.ico HTTP/1.1" 404 57 "http://www.jogalkotas.hu/files/ptk-normaszoveg-tervezet_20071029.pdf" "Mozilla/5.0 (Windows NT 10.0; Win64; x64; rv:122.0) Gecko/20100101 Firefox/122.0"
81.183.98.113 - - [05/Feb/2024:17:46:12 +0100] "GET /files/ptk-normaszoveg-tervezet_20071029.pdf HTTP/1.1" 206 65536 "https://www.google.hu/" "Mozilla/5.0 (Windows NT 10.0; Win64; x64; rv:122.0) Gecko/20100101 Firefox/122.0"
81.183.98.113 - - [05/Feb/2024:17:46:12 +0100] "GET /files/ptk-normaszoveg-tervezet_20071029.pdf HTTP/1.1" 206 49373 "https://www.google.hu/" "Mozilla/5.0 (Windows NT 10.0; Win64; x64; rv:122.0) Gecko/20100101 Firefox/122.0"
81.183.98.113 - - [05/Feb/2024:17:46:12 +0100] "GET /files/ptk-normaszoveg-tervezet_20071029.pdf HTTP/1.1" 206 65536 "https://www.google.hu/" "Mozilla/5.0 (Windows NT 10.0; Win64; x64; rv:122.0) Gecko/20100101 Firefox/122.0"
81.183.98.113 - - [05/Feb/2024:17:46:13 +0100] "GET /files/ptk-normaszoveg-tervezet_20071029.pdf HTTP/1.1" 200 1425629 "https://www.google.hu/" "Mozilla/5.0 (Windows NT 10.0; Win64; x64; rv:122.0) Gecko/20100101 Firefox/122.0"
81.183.98.113 - - [05/Feb/2024:17:46:25 +0100] "GET /favicon.ico HTTP/1.1" 404 57 "http://www.jogalkotas.hu/files/ptk-normaszoveg-tervezet_20071029.pdf" "Mozilla/5.0 (Windows NT 10.0; Win64; x64; rv:122.0) Gecko/20100101 Firefox/122.0"
81.183.98.113 - - [05/Feb/2024:17:46:28 +0100] "GET /favicon.ico HTTP/1.1" 404 57 "http://www.jogalkotas.hu/files/ptk-normaszoveg-tervezet_20071029.pdf" "Mozilla/5.0 (Windows NT 10.0; Win64; x64; rv:122.0) Gecko/20100101 Firefox/122.0"
66.249.70.103 - - [05/Feb/2024:18:19:08 +0100] "GET /files/kozvetitoi.doc HTTP/1.1" 304 - "-" "Mozilla/5.0 (Linux; Android 6.0.1; Nexus 5X Build/MMB29P) AppleWebKit/537.36 (KHTML, like Gecko) Chrome/121.0.6167.85 Mobile Safari/537.36 (compatible; Googlebot/2.1; +http://www.google.com/bot.html)"
168.138.41.19 - - [05/Feb/2024:18:30:46 +0100] "GET /wp-admin/images/themes.php HTTP/1.1" 200 - "-" "Mozlila/5.0 (Linux; Android 7.0; SM-G892A Bulid/NRD90M; wv) AppleWebKit/537.36 (KHTML, like Gecko) Version/4.0 Chrome/60.0.3112.107 Moblie Safari/537.36"
40.77.167.132 - - [05/Feb/2024:18:35:55 +0100] "GET /files/1106_omsz_merohalozat_KORMANY.rtf.txt HTTP/1.1" 200 136941 "-" "Mozilla/5.0 AppleWebKit/537.36 (KHTML, like Gecko; compatible; bingbot/2.0; +http://www.bing.com/bingbot.htm) Chrome/116.0.1938.76 Safari/537.36"
66.249.70.104 - - [05/Feb/2024:18:38:33 +0100] "GET /files/43per2005_eum_rendelet__mod.doc HTTP/1.1" 304 - "-" "Mozilla/5.0 (Linux; Android 6.0.1; Nexus 5X Build/MMB29P) AppleWebKit/537.36 (KHTML, like Gecko) Chrome/121.0.6167.85 Mobile Safari/537.36 (compatible; Googlebot/2.1; +http://www.google.com/bot.html)"
66.249.70.102 - - [05/Feb/2024:19:05:09 +0100] "GET /files/tenyesztett_viziall_rendelet_tervezet_velemenyezesre.pdf HTTP/1.1" 200 328013 "-" "Mozilla/5.0 (Linux; Android 6.0.1; Nexus 5X Build/MMB29P) AppleWebKit/537.36 (KHTML, like Gecko) Chrome/121.0.6167.85 Mobile Safari/537.36 (compatible; Googlebot/2.1; +http://www.google.com/bot.html)"
66.249.70.104 - - [05/Feb/2024:19:07:53 +0100] "GET /files/KHEM_8489_5_norma_0.doc HTTP/1.1" 304 - "-" "Mozilla/5.0 (Linux; Android 6.0.1; Nexus 5X Build/MMB29P) AppleWebKit/537.36 (KHTML, like Gecko) Chrome/121.0.6167.85 Mobile Safari/537.36 (compatible; Googlebot/2.1; +http://www.google.com/bot.html)"
91.83.72.131 - - [05/Feb/2024:19:17:41 +0100] "GET /files/nem-konvencionalis_korm_rend_090202.doc HTTP/1.1" 200 873472 "https://www.google.com/" "Mozilla/5.0 (Windows NT 10.0; Win64; x64) AppleWebKit/537.36 (KHTML, like Gecko) Chrome/120.0.0.0 Safari/537.36 OPR/106.0.0.0"
179.43.191.18 - - [05/Feb/2024:19:23:45 +0100] "GET / HTTP/1.1" 200 - "https://jogalkotas.hu" "Searcherweb"
66.249.70.102 - - [05/Feb/2024:19:39:47 +0100] "GET /robots.txt HTTP/1.1" 200 1590 "-" "Mozilla/5.0 (compatible; Googlebot/2.1; +http://www.google.com/bot.html)"
52.167.144.219 - - [05/Feb/2024:19:59:39 +0100] "GET /taxonomy/term/60 HTTP/1.1" 200 - "-" "Mozilla/5.0 AppleWebKit/537.36 (KHTML, like Gecko; compatible; bingbot/2.0; +http://www.bing.com/bingbot.htm) Chrome/116.0.1938.76 Safari/537.36"
52.167.144.219 - - [05/Feb/2024:20:00:11 +0100] "GET /taxonomy/term/60 HTTP/1.1" 200 - "-" "Mozilla/5.0 AppleWebKit/537.36 (KHTML, like Gecko; compatible; bingbot/2.0; +http://www.bing.com/bingbot.htm) Chrome/116.0.1938.76 Safari/537.36"
66.249.64.64 - - [05/Feb/2024:20:02:18 +0100] "GET / HTTP/1.1" 200 - "-" "Mozilla/5.0 (Linux; Android 6.0.1; Nexus 5X Build/MMB29P) AppleWebKit/537.36 (KHTML, like Gecko) Chrome/99.0.4844.84 Mobile Safari/537.36 (compatible; Googlebot/2.1; +http://www.google.com/bot.html)"
66.249.64.75 - - [05/Feb/2024:20:02:50 +0100] "GET / HTTP/1.1" 200 - "-" "Mozilla/5.0 (compatible; Googlebot/2.1; +http://www.google.com/bot.html)"
66.249.64.75 - - [05/Feb/2024:20:03:22 +0100] "GET / HTTP/1.1" 200 - "-" "Mozilla/5.0 (Linux; Android 6.0.1; Nexus 5X Build/MMB29P) AppleWebKit/537.36 (KHTML, like Gecko) Chrome/121.0.6167.85 Mobile Safari/537.36 (compatible; Googlebot/2.1; +http://www.google.com/bot.html)"
66.249.64.75 - - [05/Feb/2024:20:03:23 +0100] "GET /files/magyar_szerb_hatarat_torvenyjavaslat.pdf HTTP/1.1" 200 235352 "-" "Googlebot/2.1 (+http://www.google.com/bot.html)"
66.249.64.76 - - [05/Feb/2024:20:03:55 +0100] "GET / HTTP/1.1" 200 - "-" "Mozilla/5.0 (compatible; Googlebot/2.1; +http://www.google.com/bot.html)"
45.156.128.27 - - [05/Feb/2024:20:06:17 +0100] "GET / HTTP/1.1" 200 - "-" "Mozilla/5.0 (Windows NT 10.0; WOW64) AppleWebKit/537.36 (KHTML, like Gecko) Chrome/66.0.3359.117 Safari/537.36"
217.65.127.95 - - [05/Feb/2024:20:14:52 +0100] "GET /files/gyamhatosag_eloterj_061204.pdf HTTP/1.1" 200 597742 "-" "Mozilla/5.0 (Linux; Android 13; SAMSUNG SM-A137F) AppleWebKit/537.36 (KHTML, like Gecko) SamsungBrowser/23.0 Chrome/115.0.0.0 Mobile Safari/537.36"
40.77.167.25 - - [05/Feb/2024:20:18:52 +0100] "GET /taxonomy/term/24 HTTP/1.1" 200 - "-" "Mozilla/5.0 AppleWebKit/537.36 (KHTML, like Gecko; compatible; bingbot/2.0; +http://www.bing.com/bingbot.htm) Chrome/116.0.1938.76 Safari/537.36"
40.77.167.25 - - [05/Feb/2024:20:19:24 +0100] "GET /taxonomy/term/24 HTTP/1.1" 200 - "-" "Mozilla/5.0 AppleWebKit/537.36 (KHTML, like Gecko; compatible; bingbot/2.0; +http://www.bing.com/bingbot.htm) Chrome/116.0.1938.76 Safari/537.36"
216.244.66.200 - - [05/Feb/2024:20:36:45 +0100] "GET /robots.txt HTTP/1.1" 200 1590 "-" "Mozilla/5.0 (compatible; DotBot/1.2; +https://opensiteexplorer.org/dotbot; help@moz.com)"
66.249.70.103 - - [05/Feb/2024:20:38:56 +0100] "GET /files/bnyt._vegrehajtasi_rendelet0090518.doc HTTP/1.1" 200 410624 "-" "Mozilla/5.0 (Linux; Android 6.0.1; Nexus 5X Build/MMB29P) AppleWebKit/537.36 (KHTML, like Gecko) Chrome/121.0.6167.85 Mobile Safari/537.36 (compatible; Googlebot/2.1; +http://www.google.com/bot.html)"
66.249.70.103 - - [05/Feb/2024:20:38:56 +0100] "GET /files/ptk-normaszoveg-tervezet_20071029.pdf HTTP/1.1" 304 - "-" "Mozilla/5.0 (Linux; Android 6.0.1; Nexus 5X Build/MMB29P) AppleWebKit/537.36 (KHTML, like Gecko) Chrome/121.0.6167.85 Mobile Safari/537.36 (compatible; Googlebot/2.1; +http://www.google.com/bot.html)"
40.77.167.27 - - [05/Feb/2024:20:42:01 +0100] "GET /files/minosegbiztositas_terv_080220.pdf HTTP/1.1" 304 - "-" "Mozilla/5.0 AppleWebKit/537.36 (KHTML, like Gecko; compatible; bingbot/2.0; +http://www.bing.com/bingbot.htm) Chrome/116.0.1938.76 Safari/537.36"
66.249.70.103 - - [05/Feb/2024:20:47:54 +0100] "GET /files/_0edo6usjkedq62sjkg9jmio8_.pdf HTTP/1.1" 304 - "-" "Mozilla/5.0 (Linux; Android 6.0.1; Nexus 5X Build/MMB29P) AppleWebKit/537.36 (KHTML, like Gecko) Chrome/121.0.6167.85 Mobile Safari/537.36 (compatible; Googlebot/2.1; +http://www.google.com/bot.html)"
79.209.44.102 - - [05/Feb/2024:20:59:08 +0100] "GET /files/szakertoidijazas.doc HTTP/1.1" 200 59392 "-" "Mozilla/5.0 (Windows NT 10.0; Win64; x64) AppleWebKit/537.36 (KHTML, like Gecko) Chrome/60.0.3112.113 Safari/537.36"
66.249.64.64 - - [05/Feb/2024:21:01:07 +0100] "GET / HTTP/1.1" 200 - "-" "Mozilla/5.0 (Linux; Android 6.0.1; Nexus 5X Build/MMB29P) AppleWebKit/537.36 (KHTML, like Gecko) Chrome/99.0.4844.84 Mobile Safari/537.36 (compatible; Googlebot/2.1; +http://www.google.com/bot.html)"
66.249.64.64 - - [05/Feb/2024:21:01:39 +0100] "GET / HTTP/1.1" 200 - "-" "Mozilla/5.0 (compatible; Googlebot/2.1; +http://www.google.com/bot.html)"
216.244.66.200 - - [05/Feb/2024:21:02:08 +0100] "GET /taxonomy/term/18%2023%2024%2026%2025%2027%2028%2029%2052%2041%2031%2032%2098%2033%2048%2099%2034%2049%2035%2051%20100%2036%2050?page=5 HTTP/1.1" 200 - "-" "Mozilla/5.0 (compatible; DotBot/1.2; +https://opensiteexplorer.org/dotbot; help@moz.com)"
66.249.64.75 - - [05/Feb/2024:21:02:11 +0100] "GET / HTTP/1.1" 200 - "-" "Mozilla/5.0 (Linux; Android 6.0.1; Nexus 5X Build/MMB29P) AppleWebKit/537.36 (KHTML, like Gecko) Chrome/121.0.6167.85 Mobile Safari/537.36 (compatible; Googlebot/2.1; +http://www.google.com/bot.html)"
66.249.64.75 - - [05/Feb/2024:21:02:43 +0100] "GET / HTTP/1.1" 200 - "-" "Mozilla/5.0 (compatible; Googlebot/2.1; +http://www.google.com/bot.html)"
207.46.13.17 - - [05/Feb/2024:21:03:48 +0100] "GET /files/takarmanykodex_modositas.pdf HTTP/1.1" 304 - "-" "Mozilla/5.0 AppleWebKit/537.36 (KHTML, like Gecko; compatible; bingbot/2.0; +http://www.bing.com/bingbot.htm) Chrome/116.0.1938.76 Safari/537.36"
66.249.70.104 - - [05/Feb/2024:21:16:25 +0100] "GET /files/b_3327_muemlek_061129.pdf HTTP/1.1" 304 - "-" "Mozilla/5.0 (Linux; Android 6.0.1; Nexus 5X Build/MMB29P) AppleWebKit/537.36 (KHTML, like Gecko) Chrome/121.0.6167.85 Mobile Safari/537.36 (compatible; Googlebot/2.1; +http://www.google.com/bot.html)"
216.244.66.200 - - [05/Feb/2024:21:32:01 +0100] "GET /robots.txt HTTP/1.1" 200 1590 "-" "Mozilla/5.0 (compatible; DotBot/1.2; +https://opensiteexplorer.org/dotbot; help@moz.com)"
62.165.213.2 - - [05/Feb/2024:21:50:56 +0100] "GET /files/epiteskivitelezes.pdf HTTP/1.1" 200 715535 "https://www.google.com/" "Mozilla/5.0 (Windows NT 10.0; Win64; x64) AppleWebKit/537.36 (KHTML, like Gecko) Chrome/121.0.0.0 Safari/537.36"
62.165.213.2 - - [05/Feb/2024:21:50:56 +0100] "GET /favicon.ico HTTP/1.1" 404 57 "http://www.jogalkotas.hu/files/epiteskivitelezes.pdf" "Mozilla/5.0 (Windows NT 10.0; Win64; x64) AppleWebKit/537.36 (KHTML, like Gecko) Chrome/121.0.0.0 Safari/537.36"
52.167.144.221 - - [05/Feb/2024:21:53:34 +0100] "GET /taxonomy/term/24 HTTP/1.1" 200 - "-" "Mozilla/5.0 AppleWebKit/537.36 (KHTML, like Gecko; compatible; bingbot/2.0; +http://www.bing.com/bingbot.htm) Chrome/116.0.1938.76 Safari/537.36"
66.249.70.104 - - [05/Feb/2024:21:53:55 +0100] "GET /files/NFGM1713.pdf HTTP/1.1" 304 - "-" "Mozilla/5.0 (Linux; Android 6.0.1; Nexus 5X Build/MMB29P) AppleWebKit/537.36 (KHTML, like Gecko) Chrome/121.0.6167.85 Mobile Safari/537.36 (compatible; Googlebot/2.1; +http://www.google.com/bot.html)"
52.167.144.221 - - [05/Feb/2024:21:54:06 +0100] "GET /taxonomy/term/24 HTTP/1.1" 200 - "-" "Mozilla/5.0 AppleWebKit/537.36 (KHTML, like Gecko; compatible; bingbot/2.0; +http://www.bing.com/bingbot.htm) Chrome/116.0.1938.76 Safari/537.36"
216.244.66.200 - - [05/Feb/2024:22:03:01 +0100] "GET /taxonomy/term/18%2023%2024%2026%2025%2027%2028%2029%2052%2041%2031%2032%2098%2033%2048%2099%2034%2049%2035%2051%20100%2036%2050?page=2 HTTP/1.1" 200 - "-" "Mozilla/5.0 (compatible; DotBot/1.2; +https://opensiteexplorer.org/dotbot; help@moz.com)"
109.70.100.70 - - [05/Feb/2024:22:31:27 +0100] "GET / HTTP/1.1" 200 - "http://jogalkotas.hu" "Mozilla/5.0 (Windows NT 6.1; Win64; x64) AppleWebKit/537.36 (KHTML, like Gecko) Chrome/79.0.3945.130 Safari/537.36"
52.167.144.217 - - [05/Feb/2024:22:33:41 +0100] "GET /web/home.nsf/51aad2b5d20c0da2c1256c84003b0d36/516a2bb0e46cac07c12572180036e855/$FILE/eu_7.pdf HTTP/1.1" 200 - "-" "Mozilla/5.0 AppleWebKit/537.36 (KHTML, like Gecko; compatible; bingbot/2.0; +http://www.bing.com/bingbot.htm) Chrome/116.0.1938.76 Safari/537.36"
52.167.144.217 - - [05/Feb/2024:22:34:13 +0100] "GET /web/home.nsf/51aad2b5d20c0da2c1256c84003b0d36/516a2bb0e46cac07c12572180036e855/$FILE/eu_7.pdf HTTP/1.1" 200 - "-" "Mozilla/5.0 AppleWebKit/537.36 (KHTML, like Gecko; compatible; bingbot/2.0; +http://www.bing.com/bingbot.htm) Chrome/116.0.1938.76 Safari/537.36"
66.249.64.75 - - [05/Feb/2024:22:51:16 +0100] "GET /files/ekozig_strategia.pdf HTTP/1.1" 200 731185 "-" "Googlebot/2.1 (+http://www.google.com/bot.html)"
52.167.144.220 - - [05/Feb/2024:23:17:27 +0100] "GET /files/alapf_muv_okt_kovet_III_060414.pdf HTTP/1.1" 200 252060 "-" "Mozilla/5.0 AppleWebKit/537.36 (KHTML, like Gecko; compatible; bingbot/2.0; +http://www.bing.com/bingbot.htm) Chrome/116.0.1938.76 Safari/537.36"
5.135.142.46 - - [06/Feb/2024:00:31:49 +0100] "GET /files/rendeszeti_startegia_kormanyra_2007_11_20_vegleges.doc HTTP/1.1" 200 723968 "-" "Mozilla/5.0 (Windows; U; Windows NT 6.1; nl; rv:1.9.2.13) Gecko/20101203 Firefox/3.6.13"
5.135.142.46 - - [06/Feb/2024:00:36:48 +0100] "GET /files/rendeszeti_startegia_kormanyra_2007_11_20_vegleges.doc HTTP/1.1" 200 723968 "-" "Mozilla/5.0 (Windows; U; Windows NT 6.1; nl; rv:1.9.2.13) Gecko/20101203 Firefox/3.6.13"
88.99.238.79 - - [06/Feb/2024:00:44:59 +0100] "GET /ads.txt HTTP/1.0" 200 - "-" "Mozilla/5.0 (Windows NT 10.0; Win64; x64; rv:86.0) Gecko/20100101 Firefox/86.0"
20.15.133.190 - - [06/Feb/2024:01:53:45 +0100] "GET /robots.txt HTTP/1.1" 200 1590 "-" "Mozilla/5.0 AppleWebKit/537.36 (KHTML, like Gecko; compatible; bingbot/2.0; +http://www.bing.com/bingbot.htm) Chrome/116.0.1938.76 Safari/537.36"
20.15.133.185 - - [06/Feb/2024:01:53:51 +0100] "GET /files/szab_javaslat.pdf HTTP/1.1" 200 115217 "-" "Mozilla/5.0 AppleWebKit/537.36 (KHTML, like Gecko; compatible; bingbot/2.0; +http://www.bing.com/bingbot.htm) Chrome/116.0.1938.76 Safari/537.36"
216.244.66.200 - - [06/Feb/2024:02:09:43 +0100] "GET /robots.txt HTTP/1.1" 200 1590 "-" "Mozilla/5.0 (compatible; DotBot/1.2; +https://opensiteexplorer.org/dotbot; help@moz.com)"
40.77.167.73 - - [06/Feb/2024:02:10:33 +0100] "GET /taxonomy/term/18%2023%2024%2026%2025%2027%2028%2029%2052%2041%2031%2032%2098%2033%2048%20106%20103%2099%20107%2034%2049%2035%2051%20100%2036%2050%20105?page=176 HTTP/1.1" 200 - "-" "Mozilla/5.0 AppleWebKit/537.36 (KHTML, like Gecko; compatible; bingbot/2.0; +http://www.bing.com/bingbot.htm) Chrome/116.0.1938.76 Safari/537.36"
40.77.167.73 - - [06/Feb/2024:02:11:05 +0100] "GET /taxonomy/term/18%2023%2024%2026%2025%2027%2028%2029%2052%2041%2031%2032%2098%2033%2048%20106%20103%2099%20107%2034%2049%2035%2051%20100%2036%2050%20105?page=176 HTTP/1.1" 200 - "-" "Mozilla/5.0 AppleWebKit/537.36 (KHTML, like Gecko; compatible; bingbot/2.0; +http://www.bing.com/bingbot.htm) Chrome/116.0.1938.76 Safari/537.36"
5.135.142.46 - - [06/Feb/2024:02:12:26 +0100] "GET /files/rendeszeti_startegia_kormanyra_2007_11_20_vegleges.doc HTTP/1.1" 200 723968 "-" "Mozilla/5.0 (Windows; U; Windows NT 6.1; nl; rv:1.9.2.13) Gecko/20101203 Firefox/3.6.13"
5.135.142.46 - - [06/Feb/2024:02:13:29 +0100] "GET /files/rendeszeti_startegia_kormanyra_2007_11_20_vegleges.doc HTTP/1.1" 200 723968 "-" "Mozilla/5.0 (Windows; U; Windows NT 6.1; nl; rv:1.9.2.13) Gecko/20101203 Firefox/3.6.13"
216.244.66.200 - - [06/Feb/2024:02:18:34 +0100] "GET /files/Igazgat%C3%83%C2%A1si%20szolg%C3%83%C2%A1ltat%C3%83%C2%A1si%20d%C3%83%C2%ADjak.doc HTTP/1.1" 200 - "-" "Mozilla/5.0 (compatible; DotBot/1.2; +https://opensiteexplorer.org/dotbot; help@moz.com)"
216.244.66.200 - - [06/Feb/2024:03:05:54 +0100] "GET /robots.txt HTTP/1.1" 200 1590 "-" "Mozilla/5.0 (compatible; DotBot/1.2; +https://opensiteexplorer.org/dotbot; help@moz.com)"
216.244.66.200 - - [06/Feb/2024:03:12:55 +0100] "GET /files/erettsegi_reszletes_061209.pdf HTTP/1.1" 200 641635 "-" "Mozilla/5.0 (compatible; DotBot/1.2; +https://opensiteexplorer.org/dotbot; help@moz.com)"
216.244.66.200 - - [06/Feb/2024:03:13:49 +0100] "GET /files/gygyszerrendeletterv_2008_07_31.pdf HTTP/1.1" 200 616443 "-" "Mozilla/5.0 (compatible; DotBot/1.2; +https://opensiteexplorer.org/dotbot; help@moz.com)"
40.77.167.76 - - [06/Feb/2024:04:09:30 +0100] "GET /files/hmrendelet_tervezet_katonak_illetmenyerol.pdf HTTP/1.1" 200 127528 "-" "Mozilla/5.0 AppleWebKit/537.36 (KHTML, like Gecko; compatible; bingbot/2.0; +http://www.bing.com/bingbot.htm) Chrome/116.0.1938.76 Safari/537.36"
45.131.192.207 - - [06/Feb/2024:04:11:32 +0100] "GET / HTTP/1.1" 200 - "http://jogalkotas.hu" "Mozilla/5.0 (Macintosh; Intel Mac OS X 10_15_7) AppleWebKit/605.1.15 (KHTML, like Gecko) Version/15.0 Safari/605.1.15"
52.167.144.139 - - [06/Feb/2024:04:26:03 +0100] "GET /drupal/taxonomy/term/32?from=10 HTTP/1.1" 200 - "-" "Mozilla/5.0 AppleWebKit/537.36 (KHTML, like Gecko; compatible; bingbot/2.0; +http://www.bing.com/bingbot.htm) Chrome/116.0.1938.76 Safari/537.36"
52.167.144.139 - - [06/Feb/2024:04:26:35 +0100] "GET /drupal/taxonomy/term/32?from=10 HTTP/1.1" 200 - "-" "Mozilla/5.0 AppleWebKit/537.36 (KHTML, like Gecko; compatible; bingbot/2.0; +http://www.bing.com/bingbot.htm) Chrome/116.0.1938.76 Safari/537.36"
47.128.120.238 - - [06/Feb/2024:04:47:05 +0100] "GET /drupal/node/26 HTTP/1.1" 200 - "-" "Mozilla/5.0 (Linux; Android 5.0) AppleWebKit/537.36 (KHTML, like Gecko) Mobile Safari/537.36 (compatible; Bytespider; spider-feedback@bytedance.com)"
47.128.48.176 - - [06/Feb/2024:04:51:06 +0100] "GET /drupal/ HTTP/1.1" 200 - "-" "Mozilla/5.0 (Linux; Android 5.0) AppleWebKit/537.36 (KHTML, like Gecko) Mobile Safari/537.36 (compatible; Bytespider; spider-feedback@bytedance.com)"
52.167.144.212 - - [06/Feb/2024:04:53:52 +0100] "GET /files/hm_rendelet_tervezet_hivatasos_es_szerzodeses_katonai_szolgalat.pdf HTTP/1.1" 304 - "-" "Mozilla/5.0 AppleWebKit/537.36 (KHTML, like Gecko; compatible; bingbot/2.0; +http://www.bing.com/bingbot.htm) Chrome/116.0.1938.76 Safari/537.36"
47.128.52.125 - - [06/Feb/2024:04:55:14 +0100] "GET /drupal/node/496 HTTP/1.1" 200 - "-" "Mozilla/5.0 (Linux; Android 5.0) AppleWebKit/537.36 (KHTML, like Gecko) Mobile Safari/537.36 (compatible; Bytespider; spider-feedback@bytedance.com)"
47.128.52.143 - - [06/Feb/2024:04:59:04 +0100] "GET /drupal/node/672 HTTP/1.1" 200 - "-" "Mozilla/5.0 (Linux; Android 5.0) AppleWebKit/537.36 (KHTML, like Gecko) Mobile Safari/537.36 (compatible; Bytespider; spider-feedback@bytedance.com)"
40.77.167.16 - - [06/Feb/2024:04:59:46 +0100] "GET /files/KHEM_1917kozig.doc HTTP/1.1" 200 130048 "-" "Mozilla/5.0 AppleWebKit/537.36 (KHTML, like Gecko; compatible; bingbot/2.0; +http://www.bing.com/bingbot.htm) Chrome/116.0.1938.76 Safari/537.36"
47.128.52.107 - - [06/Feb/2024:05:03:02 +0100] "GET /drupal/node/383 HTTP/1.1" 200 - "-" "Mozilla/5.0 (Linux; Android 5.0) AppleWebKit/537.36 (KHTML, like Gecko) Mobile Safari/537.36 (compatible; Bytespider; spider-feedback@bytedance.com)"
47.128.61.52 - - [06/Feb/2024:05:07:03 +0100] "GET /drupal/node/1273 HTTP/1.1" 200 - "-" "Mozilla/5.0 (Linux; Android 5.0) AppleWebKit/537.36 (KHTML, like Gecko) Mobile Safari/537.36 (compatible; Bytespider; spider-feedback@bytedance.com)"
47.128.29.166 - - [06/Feb/2024:05:11:03 +0100] "GET /drupal/node/385 HTTP/1.1" 200 - "-" "Mozilla/5.0 (Linux; Android 5.0) AppleWebKit/537.36 (KHTML, like Gecko) Mobile Safari/537.36 (compatible; Bytespider; spider-feedback@bytedance.com)"
47.128.50.218 - - [06/Feb/2024:05:15:02 +0100] "GET / HTTP/1.1" 200 - "-" "Mozilla/5.0 (Linux; Android 5.0) AppleWebKit/537.36 (KHTML, like Gecko) Mobile Safari/537.36 (compatible; Bytespider; spider-feedback@bytedance.com)"
47.128.29.193 - - [06/Feb/2024:05:19:03 +0100] "GET /drupal/node/629 HTTP/1.1" 200 - "-" "Mozilla/5.0 (Linux; Android 5.0) AppleWebKit/537.36 (KHTML, like Gecko) Mobile Safari/537.36 (compatible; Bytespider; spider-feedback@bytedance.com)"
47.128.50.182 - - [06/Feb/2024:05:23:03 +0100] "GET /drupal/node/720 HTTP/1.1" 200 - "-" "Mozilla/5.0 (Linux; Android 5.0) AppleWebKit/537.36 (KHTML, like Gecko) Mobile Safari/537.36 (compatible; Bytespider; spider-feedback@bytedance.com)"
103.230.14.250 - - [06/Feb/2024:05:39:25 +0100] "GET /statics/ueditor/php/controller.php?action=remove HTTP/1.1" 200 - "-" "Mozilla/5.0 (Windows NT 10.0; WOW64; rv:48.0) Gecko/20100101 Firefox/48.0"
216.244.66.200 - - [06/Feb/2024:05:52:31 +0100] "GET /robots.txt HTTP/1.1" 200 1590 "-" "Mozilla/5.0 (compatible; DotBot/1.2; +https://opensiteexplorer.org/dotbot; help@moz.com)"
216.244.66.200 - - [06/Feb/2024:06:01:43 +0100] "GET /files/ag_hum_mon_szab_min_rend_terv_090720.doc HTTP/1.1" 200 70144 "-" "Mozilla/5.0 (compatible; DotBot/1.2; +https://opensiteexplorer.org/dotbot; help@moz.com)"
91.33.162.60 - - [06/Feb/2024:06:26:56 +0100] "GET /files/szakertoidijazas.doc HTTP/1.1" 200 59392 "-" "Mozilla/5.0 (Windows NT 10.0; Microsoft Windows 10.0.15063; en-US) PowerShell/6.0.0"
199.188.200.92 - - [06/Feb/2024:06:53:55 +0100] "GET /wordpress/ HTTP/1.1" 200 - "-" "-"
216.244.66.200 - - [06/Feb/2024:07:45:11 +0100] "GET /robots.txt HTTP/1.1" 200 1590 "-" "Mozilla/5.0 (compatible; DotBot/1.2; +https://opensiteexplorer.org/dotbot; help@moz.com)"
216.244.66.200 - - [06/Feb/2024:07:45:11 +0100] "GET /robots.txt HTTP/1.1" 200 1590 "-" "Mozilla/5.0 (compatible; DotBot/1.2; +https://opensiteexplorer.org/dotbot; help@moz.com)"
216.244.66.200 - - [06/Feb/2024:07:55:16 +0100] "GET /taxonomy/term/21?page=82 HTTP/1.1" 200 - "-" "Mozilla/5.0 (compatible; DotBot/1.2; +https://opensiteexplorer.org/dotbot; help@moz.com)"
216.244.66.200 - - [06/Feb/2024:07:55:18 +0100] "GET /files/0302_28_as_miniszteri_07_02_27.doc HTTP/1.1" 200 250880 "-" "Mozilla/5.0 (compatible; DotBot/1.2; +https://opensiteexplorer.org/dotbot; help@moz.com)"
216.244.66.200 - - [06/Feb/2024:07:55:52 +0100] "GET /files/0817_Mell_kletek_bioszf_ra.zip HTTP/1.1" 200 1226880 "-" "Mozilla/5.0 (compatible; DotBot/1.2; +https://opensiteexplorer.org/dotbot; help@moz.com)"
216.244.66.200 - - [06/Feb/2024:07:56:34 +0100] "GET /files/100_1997_mod_eloterj_terv_090904.pdf HTTP/1.1" 200 411342 "-" "Mozilla/5.0 (compatible; DotBot/1.2; +https://opensiteexplorer.org/dotbot; help@moz.com)"
216.244.66.200 - - [06/Feb/2024:07:57:10 +0100] "GET /files/13_2004_om_rend_mod_070220.pdf HTTP/1.1" 200 335815 "-" "Mozilla/5.0 (compatible; DotBot/1.2; +https://opensiteexplorer.org/dotbot; help@moz.com)"
216.244.66.200 - - [06/Feb/2024:07:58:11 +0100] "GET /files/el%C3%85%E2%80%98terjeszt%C3%83%C2%A9s.doc HTTP/1.1" 200 - "-" "Mozilla/5.0 (compatible; DotBot/1.2; +https://opensiteexplorer.org/dotbot; help@moz.com)"
216.244.66.200 - - [06/Feb/2024:07:58:47 +0100] "GET /files/karbantart___szem__lyzet_szakmaira.doc HTTP/1.1" 200 1932288 "-" "Mozilla/5.0 (compatible; DotBot/1.2; +https://opensiteexplorer.org/dotbot; help@moz.com)"
216.244.66.200 - - [06/Feb/2024:07:59:19 +0100] "GET /files/rendelet_veszettseg_velemenyezesre.pdf HTTP/1.1" 200 189850 "-" "Mozilla/5.0 (compatible; DotBot/1.2; +https://opensiteexplorer.org/dotbot; help@moz.com)"
216.244.66.200 - - [06/Feb/2024:07:59:50 +0100] "GET /files/tervezet_kozig_debreceni_nagyerdo.pdf HTTP/1.1" 200 123903 "-" "Mozilla/5.0 (compatible; DotBot/1.2; +https://opensiteexplorer.org/dotbot; help@moz.com)"
216.244.66.200 - - [06/Feb/2024:08:00:21 +0100] "GET /files/6125_2_.pdf HTTP/1.1" 200 225114 "-" "Mozilla/5.0 (compatible; DotBot/1.2; +https://opensiteexplorer.org/dotbot; help@moz.com)"
216.244.66.200 - - [06/Feb/2024:08:00:51 +0100] "GET /files/eszabsert.doc HTTP/1.1" 200 120832 "-" "Mozilla/5.0 (compatible; DotBot/1.2; +https://opensiteexplorer.org/dotbot; help@moz.com)"
216.244.66.200 - - [06/Feb/2024:08:01:33 +0100] "GET /files/fitness.pdf HTTP/1.1" 200 608967 "-" "Mozilla/5.0 (compatible; DotBot/1.2; +https://opensiteexplorer.org/dotbot; help@moz.com)"
216.244.66.200 - - [06/Feb/2024:08:02:06 +0100] "GET /files/2007Ramsar-tervezet2007.10.pdf HTTP/1.1" 200 152691 "-" "Mozilla/5.0 (compatible; DotBot/1.2; +https://opensiteexplorer.org/dotbot; help@moz.com)"
216.244.66.200 - - [06/Feb/2024:08:02:37 +0100] "GET /files/91_2003_mod_velemenyezesre.pdf HTTP/1.1" 200 139824 "-" "Mozilla/5.0 (compatible; DotBot/1.2; +https://opensiteexplorer.org/dotbot; help@moz.com)"
216.244.66.200 - - [06/Feb/2024:08:03:08 +0100] "GET /files/KHEM_8297norma.doc HTTP/1.1" 200 44544 "-" "Mozilla/5.0 (compatible; DotBot/1.2; +https://opensiteexplorer.org/dotbot; help@moz.com)"
216.244.66.200 - - [06/Feb/2024:08:03:39 +0100] "GET /files/eizlandnorveg.doc HTTP/1.1" 200 262144 "-" "Mozilla/5.0 (compatible; DotBot/1.2; +https://opensiteexplorer.org/dotbot; help@moz.com)"
216.244.66.200 - - [06/Feb/2024:08:04:10 +0100] "GET /files/0106_Nemzeti_ETAP_k_zigre.v_gleges.doc HTTP/1.1" 200 270336 "-" "Mozilla/5.0 (compatible; DotBot/1.2; +https://opensiteexplorer.org/dotbot; help@moz.com)"
216.244.66.200 - - [06/Feb/2024:08:04:40 +0100] "GET /files/4per2008_min_rend_mod_100226.doc HTTP/1.1" 200 125952 "-" "Mozilla/5.0 (compatible; DotBot/1.2; +https://opensiteexplorer.org/dotbot; help@moz.com)"
216.244.66.200 - - [06/Feb/2024:08:05:08 +0100] "GET /files/IRM_kjolevelta_-kozig_09.11m.doc HTTP/1.1" 200 320512 "-" "Mozilla/5.0 (compatible; DotBot/1.2; +https://opensiteexplorer.org/dotbot; help@moz.com)"
78.92.127.197 - - [06/Feb/2024:08:13:16 +0100] "GET /files/cegbejegyz_cegnyilv_08.12.doc HTTP/1.1" 200 51200 "https://www.google.com/" "Mozilla/5.0 (Windows NT 10.0; Win64; x64; rv:122.0) Gecko/20100101 Firefox/122.0"
100.27.12.252 - - [06/Feb/2024:08:29:35 +0100] "GET / HTTP/1.1" 200 - "-" "Mozilla/5.0 (Windows NT 10.0; Win64; x64) AppleWebKit/537.36 (KHTML, like Gecko) Chrome/75.0.3770.100 Safari/537.36 OPR/62.0.3331.99"
66.249.70.104 - - [06/Feb/2024:08:34:33 +0100] "GET /files/ingatlan_nyilvantartas_tervezet_060524.pdf HTTP/1.1" 200 256545 "-" "Mozilla/5.0 (Linux; Android 6.0.1; Nexus 5X Build/MMB29P) AppleWebKit/537.36 (KHTML, like Gecko) Chrome/121.0.6167.85 Mobile Safari/537.36 (compatible; Googlebot/2.1; +http://www.google.com/bot.html)"
216.244.66.200 - - [06/Feb/2024:08:42:21 +0100] "GET /robots.txt HTTP/1.1" 200 1590 "-" "Mozilla/5.0 (compatible; DotBot/1.2; +https://opensiteexplorer.org/dotbot; help@moz.com)"
216.244.66.200 - - [06/Feb/2024:08:42:21 +0100] "GET /robots.txt HTTP/1.1" 200 1590 "-" "Mozilla/5.0 (compatible; DotBot/1.2; +https://opensiteexplorer.org/dotbot; help@moz.com)"
66.249.70.103 - - [06/Feb/2024:08:49:33 +0100] "GET /files/14_4.pdf HTTP/1.1" 200 298509 "-" "Mozilla/5.0 (Linux; Android 6.0.1; Nexus 5X Build/MMB29P) AppleWebKit/537.36 (KHTML, like Gecko) Chrome/121.0.6167.85 Mobile Safari/537.36 (compatible; Googlebot/2.1; +http://www.google.com/bot.html)"
216.244.66.200 - - [06/Feb/2024:08:55:27 +0100] "GET /files/gyermekek_helyzete_2005_terv_061211.pdf HTTP/1.1" 200 1027608 "-" "Mozilla/5.0 (compatible; DotBot/1.2; +https://opensiteexplorer.org/dotbot; help@moz.com)"
216.244.66.200 - - [06/Feb/2024:08:55:59 +0100] "GET /files/kulfoldi_szolgalat_jarandosagok.pdf HTTP/1.1" 200 119949 "-" "Mozilla/5.0 (compatible; DotBot/1.2; +https://opensiteexplorer.org/dotbot; help@moz.com)"
216.244.66.200 - - [06/Feb/2024:08:56:48 +0100] "GET /files/Nemzeti_Jelent__s_3_t__rcaegy_szakmapolra_0709.doc HTTP/1.1" 200 1147855 "-" "Mozilla/5.0 (compatible; DotBot/1.2; +https://opensiteexplorer.org/dotbot; help@moz.com)"
216.244.66.200 - - [06/Feb/2024:08:57:20 +0100] "GET /files/allatbetegsegek_fvm_tervezet_velemenyezesre.pdf HTTP/1.1" 200 191970 "-" "Mozilla/5.0 (compatible; DotBot/1.2; +https://opensiteexplorer.org/dotbot; help@moz.com)"
216.244.66.200 - - [06/Feb/2024:08:57:51 +0100] "GET /files/fejezeti_kezelesu_eloiranyzatok_felh_min_rend_terv.doc HTTP/1.1" 200 50176 "-" "Mozilla/5.0 (compatible; DotBot/1.2; +https://opensiteexplorer.org/dotbot; help@moz.com)"
216.244.66.200 - - [06/Feb/2024:08:58:23 +0100] "GET /files/305_2005_korm_rendelet_a_kozzetetelrol_kozadatkeresorol_reszletes_szabalyokrol_nem_hivatalos.rtf.txt HTTP/1.1" 200 210474 "-" "Mozilla/5.0 (compatible; DotBot/1.2; +https://opensiteexplorer.org/dotbot; help@moz.com)"
216.244.66.200 - - [06/Feb/2024:08:59:22 +0100] "GET /files/Veszteseg_Mod_1204+T%C3%83%C2%A1rcak%C3%83%C2%B6r%C3%83%C2%B6z%C3%83%C2%A9s.doc HTTP/1.1" 200 - "-" "Mozilla/5.0 (compatible; DotBot/1.2; +https://opensiteexplorer.org/dotbot; help@moz.com)"
216.244.66.200 - - [06/Feb/2024:08:59:42 +0100] "GET /files/KHEM17_4.doc HTTP/1.1" 200 78336 "-" "Mozilla/5.0 (compatible; DotBot/1.2; +https://opensiteexplorer.org/dotbot; help@moz.com)"
216.244.66.200 - - [06/Feb/2024:09:00:18 +0100] "GET /files/8347_terv_070411.pdf HTTP/1.1" 200 499915 "-" "Mozilla/5.0 (compatible; DotBot/1.2; +https://opensiteexplorer.org/dotbot; help@moz.com)"
216.244.66.200 - - [06/Feb/2024:09:00:49 +0100] "GET /files/9per1993%20NM%20rendelet.doc HTTP/1.1" 200 357888 "-" "Mozilla/5.0 (compatible; DotBot/1.2; +https://opensiteexplorer.org/dotbot; help@moz.com)"
216.244.66.200 - - [06/Feb/2024:09:01:23 +0100] "GET /files/egyesrend%C3%A9szeti.pdf HTTP/1.1" 200 473994 "-" "Mozilla/5.0 (compatible; DotBot/1.2; +https://opensiteexplorer.org/dotbot; help@moz.com)"
216.244.66.200 - - [06/Feb/2024:09:01:56 +0100] "GET /files/hatarterulet.doc HTTP/1.1" 200 140288 "-" "Mozilla/5.0 (compatible; DotBot/1.2; +https://opensiteexplorer.org/dotbot; help@moz.com)"
216.244.66.200 - - [06/Feb/2024:09:02:28 +0100] "GET /files/kollegium_terv_090922.pdf HTTP/1.1" 200 191630 "-" "Mozilla/5.0 (compatible; DotBot/1.2; +https://opensiteexplorer.org/dotbot; help@moz.com)"
216.244.66.200 - - [06/Feb/2024:09:03:00 +0100] "GET /files/nm_terv_091130.pdf HTTP/1.1" 200 360556 "-" "Mozilla/5.0 (compatible; DotBot/1.2; +https://opensiteexplorer.org/dotbot; help@moz.com)"
216.244.66.200 - - [06/Feb/2024:09:03:29 +0100] "GET /files/tjsztnorma.doc HTTP/1.1" 200 32768 "-" "Mozilla/5.0 (compatible; DotBot/1.2; +https://opensiteexplorer.org/dotbot; help@moz.com)"
216.244.66.200 - - [06/Feb/2024:09:03:57 +0100] "GET /files/vezetoi_osszefoglalo_061031.pdf HTTP/1.1" 200 147148 "-" "Mozilla/5.0 (compatible; DotBot/1.2; +https://opensiteexplorer.org/dotbot; help@moz.com)"
216.244.66.200 - - [06/Feb/2024:09:04:25 +0100] "GET /files/6_3_oraszagbeli_kutatok_KI_070404_.doc HTTP/1.1" 200 259584 "-" "Mozilla/5.0 (compatible; DotBot/1.2; +https://opensiteexplorer.org/dotbot; help@moz.com)"
216.244.66.200 - - [06/Feb/2024:09:04:52 +0100] "GET /files/89_2004_mod_velemenyezesre_0.pdf HTTP/1.1" 200 282471 "-" "Mozilla/5.0 (compatible; DotBot/1.2; +https://opensiteexplorer.org/dotbot; help@moz.com)"
216.244.66.200 - - [06/Feb/2024:09:05:17 +0100] "GET /files/EU_KiNA_ELOTERJESZTES_KOZIGAZGATASI_EGYEZTETESRE_0112.doc HTTP/1.1" 200 323584 "-" "Mozilla/5.0 (compatible; DotBot/1.2; +https://opensiteexplorer.org/dotbot; help@moz.com)"
193.225.193.216 - - [06/Feb/2024:09:10:12 +0100] "GET /files/kedvesllat_elterjeszts_07_25.pdf HTTP/1.1" 200 128292 "https://www.google.com/" "Mozilla/5.0 (Linux; Android 10; K) AppleWebKit/537.36 (KHTML, like Gecko) Chrome/121.0.0.0 Mobile Safari/537.36"
193.225.193.216 - - [06/Feb/2024:09:10:53 +0100] "GET /files/kedvesllat_elterjeszts_07_25.pdf HTTP/1.1" 206 1 "https://www.google.com/" "Mozilla/5.0 (Linux; Android 10; K) AppleWebKit/537.36 (KHTML, like Gecko) Chrome/121.0.0.0 Mobile Safari/537.36"
193.225.193.216 - - [06/Feb/2024:09:10:53 +0100] "GET /files/kedvesllat_elterjeszts_07_25.pdf HTTP/1.1" 206 36014 "https://www.google.com/" "Mozilla/5.0 (Linux; Android 10; K) AppleWebKit/537.36 (KHTML, like Gecko) Chrome/121.0.0.0 Mobile Safari/537.36"
65.154.226.167 - - [06/Feb/2024:09:12:48 +0100] "GET / HTTP/1.1" 200 - "-" "Mozilla/5.0 (Windows NT 10.0) AppleWebKit/537.36 (KHTML, like Gecko) Chrome/106.0.0.0 Safari/537.36"
216.244.66.200 - - [06/Feb/2024:09:39:15 +0100] "GET /robots.txt HTTP/1.1" 200 1590 "-" "Mozilla/5.0 (compatible; DotBot/1.2; +https://opensiteexplorer.org/dotbot; help@moz.com)"
216.244.66.200 - - [06/Feb/2024:09:39:15 +0100] "GET /robots.txt HTTP/1.1" 200 1590 "-" "Mozilla/5.0 (compatible; DotBot/1.2; +https://opensiteexplorer.org/dotbot; help@moz.com)"
216.244.66.200 - - [06/Feb/2024:09:52:58 +0100] "GET /files/rendelet_ugykezeles_nyilv_szakmapol.doc HTTP/1.1" 200 71680 "-" "Mozilla/5.0 (compatible; DotBot/1.2; +https://opensiteexplorer.org/dotbot; help@moz.com)"
216.244.66.200 - - [06/Feb/2024:09:54:07 +0100] "GET /files/eg%C3%83%C2%BC_t%C3%83%C2%A1rgy%C3%83%C2%BA_korm_rend_mod.doc HTTP/1.1" 200 - "-" "Mozilla/5.0 (compatible; DotBot/1.2; +https://opensiteexplorer.org/dotbot; help@moz.com)"
216.244.66.200 - - [06/Feb/2024:09:55:00 +0100] "GET /files/NAD_jogharmoniz%C3%83%C2%A1ci%C3%83%C2%B3_k%C3%83%C2%B6zigazgat%C3%83%C2%A1si%20egyeztet%C3%83%C2%A9sre.doc HTTP/1.1" 200 - "-" "Mozilla/5.0 (compatible; DotBot/1.2; +https://opensiteexplorer.org/dotbot; help@moz.com)"
216.244.66.200 - - [06/Feb/2024:09:55:21 +0100] "GET /files/TK3_2.pdf HTTP/1.1" 200 133892 "-" "Mozilla/5.0 (compatible; DotBot/1.2; +https://opensiteexplorer.org/dotbot; help@moz.com)"
216.244.66.200 - - [06/Feb/2024:09:55:52 +0100] "GET /files/epiteszek.pdf HTTP/1.1" 200 128105 "-" "Mozilla/5.0 (compatible; DotBot/1.2; +https://opensiteexplorer.org/dotbot; help@moz.com)"
216.244.66.200 - - [06/Feb/2024:09:56:22 +0100] "GET /files/14377F567CFF9CA56.doc HTTP/1.1" 200 53248 "-" "Mozilla/5.0 (compatible; DotBot/1.2; +https://opensiteexplorer.org/dotbot; help@moz.com)"
216.244.66.200 - - [06/Feb/2024:09:57:20 +0100] "GET /files/Indokol%C3%83%C2%A1s.doc HTTP/1.1" 200 - "-" "Mozilla/5.0 (compatible; DotBot/1.2; +https://opensiteexplorer.org/dotbot; help@moz.com)"
216.244.66.200 - - [06/Feb/2024:09:57:41 +0100] "GET /files/KAT_norma_06_24.pdf HTTP/1.1" 200 200161 "-" "Mozilla/5.0 (compatible; DotBot/1.2; +https://opensiteexplorer.org/dotbot; help@moz.com)"
216.244.66.200 - - [06/Feb/2024:09:58:19 +0100] "GET /files/KHEM_5013_3norma.doc HTTP/1.1" 200 689664 "-" "Mozilla/5.0 (compatible; DotBot/1.2; +https://opensiteexplorer.org/dotbot; help@moz.com)"
216.244.66.200 - - [06/Feb/2024:09:58:55 +0100] "GET /files/oktatasi_biztos_070716.pdf HTTP/1.1" 200 194726 "-" "Mozilla/5.0 (compatible; DotBot/1.2; +https://opensiteexplorer.org/dotbot; help@moz.com)"
216.244.66.200 - - [06/Feb/2024:09:59:31 +0100] "GET /files/ptk.csaladjog.pdf HTTP/1.1" 200 429444 "-" "Mozilla/5.0 (compatible; DotBot/1.2; +https://opensiteexplorer.org/dotbot; help@moz.com)"
216.244.66.200 - - [06/Feb/2024:10:00:09 +0100] "GET /files/rendeletek.zip HTTP/1.1" 200 584851 "-" "Mozilla/5.0 (compatible; DotBot/1.2; +https://opensiteexplorer.org/dotbot; help@moz.com)"
216.244.66.200 - - [06/Feb/2024:10:00:45 +0100] "GET /files/szakmagyakorlas_1.pdf HTTP/1.1" 200 340381 "-" "Mozilla/5.0 (compatible; DotBot/1.2; +https://opensiteexplorer.org/dotbot; help@moz.com)"
