216.244.66.200 - - [02/Feb/2024:14:17:15 +0100] "GET /files/ptk.csaladjog.pdf HTTP/1.1" 200 429444 "-" "Mozilla/5.0 (compatible; DotBot/1.2; +https://opensiteexplorer.org/dotbot; help@moz.com)"
216.244.66.200 - - [02/Feb/2024:14:17:47 +0100] "GET /files/rendeletek.zip HTTP/1.1" 200 584851 "-" "Mozilla/5.0 (compatible; DotBot/1.2; +https://opensiteexplorer.org/dotbot; help@moz.com)"
216.244.66.200 - - [02/Feb/2024:14:18:28 +0100] "GET /files/szakmagyakorlas_1.pdf HTTP/1.1" 200 340381 "-" "Mozilla/5.0 (compatible; DotBot/1.2; +https://opensiteexplorer.org/dotbot; help@moz.com)"
216.244.66.200 - - [02/Feb/2024:14:19:00 +0100] "GET /files/szoc_kormrend_terv_100125.pdf HTTP/1.1" 200 218292 "-" "Mozilla/5.0 (compatible; DotBot/1.2; +https://opensiteexplorer.org/dotbot; help@moz.com)"
216.244.66.200 - - [02/Feb/2024:14:19:30 +0100] "GET /files/10_2000tervezet_kozigre_1013.pdf HTTP/1.1" 200 140906 "-" "Mozilla/5.0 (compatible; DotBot/1.2; +https://opensiteexplorer.org/dotbot; help@moz.com)"
216.244.66.200 - - [02/Feb/2024:14:19:59 +0100] "GET /files/1220_Tervezet_2006.12.12._SZAKMAPOL.RA.doc HTTP/1.1" 200 131584 "-" "Mozilla/5.0 (compatible; DotBot/1.2; +https://opensiteexplorer.org/dotbot; help@moz.com)"
216.244.66.200 - - [02/Feb/2024:14:20:57 +0100] "GET /files/18_1998-30_1998%20mell%C3%83%C2%A9klet.doc HTTP/1.1" 200 - "-" "Mozilla/5.0 (compatible; DotBot/1.2; +https://opensiteexplorer.org/dotbot; help@moz.com)"
216.244.66.200 - - [02/Feb/2024:14:21:47 +0100] "GET /files/25_2000_megfelel%C3%85%E2%80%98s%C3%83%C2%A9gi.doc HTTP/1.1" 200 - "-" "Mozilla/5.0 (compatible; DotBot/1.2; +https://opensiteexplorer.org/dotbot; help@moz.com)"
216.244.66.200 - - [02/Feb/2024:14:22:09 +0100] "GET /files/32per2004_eszcsm_rend_mod_2008_11_24.doc HTTP/1.1" 200 352768 "-" "Mozilla/5.0 (compatible; DotBot/1.2; +https://opensiteexplorer.org/dotbot; help@moz.com)"
216.244.66.200 - - [02/Feb/2024:14:22:42 +0100] "GET /files/a_jogalkotasrol_szolo_2010_evi_torveny.pdf HTTP/1.1" 200 397683 "-" "Mozilla/5.0 (compatible; DotBot/1.2; +https://opensiteexplorer.org/dotbot; help@moz.com)"
216.244.66.200 - - [02/Feb/2024:14:23:12 +0100] "GET /files/allamhaztartas_mukodesi_rendjetol_eltero.pdf HTTP/1.1" 200 77939 "-" "Mozilla/5.0 (compatible; DotBot/1.2; +https://opensiteexplorer.org/dotbot; help@moz.com)"
216.244.66.200 - - [02/Feb/2024:14:23:40 +0100] "GET /files/katonai_beosztasok_rendelet_tervezet.pdf HTTP/1.1" 200 44120 "-" "Mozilla/5.0 (compatible; DotBot/1.2; +https://opensiteexplorer.org/dotbot; help@moz.com)"
216.244.66.200 - - [02/Feb/2024:14:24:07 +0100] "GET /files/masolat_adasa_a_buntetoeljaras_irataibol.doc HTTP/1.1" 200 27136 "-" "Mozilla/5.0 (compatible; DotBot/1.2; +https://opensiteexplorer.org/dotbot; help@moz.com)"
216.244.66.200 - - [02/Feb/2024:14:24:35 +0100] "GET /files/minrendelet_szocigenybevetel.pdf HTTP/1.1" 200 341710 "-" "Mozilla/5.0 (compatible; DotBot/1.2; +https://opensiteexplorer.org/dotbot; help@moz.com)"
216.244.66.200 - - [02/Feb/2024:14:25:06 +0100] "GET /files/szakkepesitesek_megszerv_vizsga_060413.pdf HTTP/1.1" 200 305958 "-" "Mozilla/5.0 (compatible; DotBot/1.2; +https://opensiteexplorer.org/dotbot; help@moz.com)"
216.244.66.200 - - [02/Feb/2024:14:25:33 +0100] "GET /files/torvenyjavaslat__osztrak_hatarokmanyok.doc HTTP/1.1" 200 56832 "-" "Mozilla/5.0 (compatible; DotBot/1.2; +https://opensiteexplorer.org/dotbot; help@moz.com)"
52.167.144.22 - - [02/Feb/2024:14:38:26 +0100] "GET /taxonomy/term/32 HTTP/1.1" 200 - "-" "Mozilla/5.0 AppleWebKit/537.36 (KHTML, like Gecko; compatible; bingbot/2.0; +http://www.bing.com/bingbot.htm) Chrome/116.0.1938.76 Safari/537.36"
52.167.144.22 - - [02/Feb/2024:14:38:58 +0100] "GET /taxonomy/term/32 HTTP/1.1" 200 - "-" "Mozilla/5.0 AppleWebKit/537.36 (KHTML, like Gecko; compatible; bingbot/2.0; +http://www.bing.com/bingbot.htm) Chrome/116.0.1938.76 Safari/537.36"
216.244.66.200 - - [02/Feb/2024:14:50:26 +0100] "GET /robots.txt HTTP/1.1" 200 1590 "-" "Mozilla/5.0 (compatible; DotBot/1.2; +https://opensiteexplorer.org/dotbot; help@moz.com)"
216.244.66.200 - - [02/Feb/2024:14:50:26 +0100] "GET /robots.txt HTTP/1.1" 200 1590 "-" "Mozilla/5.0 (compatible; DotBot/1.2; +https://opensiteexplorer.org/dotbot; help@moz.com)"
216.244.66.200 - - [02/Feb/2024:15:04:38 +0100] "GET /files/_bclm6opbe0q5n4uk2ec_.pdf HTTP/1.1" 200 118728 "-" "Mozilla/5.0 (compatible; DotBot/1.2; +https://opensiteexplorer.org/dotbot; help@moz.com)"
216.244.66.200 - - [02/Feb/2024:15:06:00 +0100] "GET /files/t%C3%85%E2%80%98kepiac.doc HTTP/1.1" 200 - "-" "Mozilla/5.0 (compatible; DotBot/1.2; +https://opensiteexplorer.org/dotbot; help@moz.com)"
216.244.66.200 - - [02/Feb/2024:15:06:33 +0100] "GET /files/Befekt_vallalk_arutozsde_szolg_terv_2007_08_09.doc HTTP/1.1" 200 922624 "-" "Mozilla/5.0 (compatible; DotBot/1.2; +https://opensiteexplorer.org/dotbot; help@moz.com)"
216.244.66.200 - - [02/Feb/2024:15:08:16 +0100] "GET /files/1371_2.pdf HTTP/1.1" 200 179655 "-" "Mozilla/5.0 (compatible; DotBot/1.2; +https://opensiteexplorer.org/dotbot; help@moz.com)"
216.244.66.200 - - [02/Feb/2024:15:08:49 +0100] "GET /files/17329_16.pdf HTTP/1.1" 200 306672 "-" "Mozilla/5.0 (compatible; DotBot/1.2; +https://opensiteexplorer.org/dotbot; help@moz.com)"
216.244.66.200 - - [02/Feb/2024:15:09:21 +0100] "GET /files/4411_20.pdf HTTP/1.1" 200 327866 "-" "Mozilla/5.0 (compatible; DotBot/1.2; +https://opensiteexplorer.org/dotbot; help@moz.com)"
3.230.169.220 - - [02/Feb/2024:15:09:45 +0100] "GET /robots.txt HTTP/1.1" 200 1590 "-" "ClaudeBot"
216.244.66.200 - - [02/Feb/2024:15:09:49 +0100] "GET /files/FVM_0.doc HTTP/1.1" 200 46592 "-" "Mozilla/5.0 (compatible; DotBot/1.2; +https://opensiteexplorer.org/dotbot; help@moz.com)"
3.230.169.220 - - [02/Feb/2024:15:10:19 +0100] "GET /taxonomy/term/101 HTTP/1.1" 200 - "-" "ClaudeBot"
216.244.66.200 - - [02/Feb/2024:15:10:22 +0100] "GET /files/T2757.doc HTTP/1.1" 200 500736 "-" "Mozilla/5.0 (compatible; DotBot/1.2; +https://opensiteexplorer.org/dotbot; help@moz.com)"
216.244.66.200 - - [02/Feb/2024:15:10:55 +0100] "GET /files/13_ho_terv_080430.pdf HTTP/1.1" 200 272954 "-" "Mozilla/5.0 (compatible; DotBot/1.2; +https://opensiteexplorer.org/dotbot; help@moz.com)"
216.244.66.200 - - [02/Feb/2024:15:11:26 +0100] "GET /files/1_melleklet_20060508.xls HTTP/1.1" 200 41472 "-" "Mozilla/5.0 (compatible; DotBot/1.2; +https://opensiteexplorer.org/dotbot; help@moz.com)"
216.244.66.200 - - [02/Feb/2024:15:11:57 +0100] "GET /files/2001_ci_terv_080731.pdf HTTP/1.1" 200 192777 "-" "Mozilla/5.0 (compatible; DotBot/1.2; +https://opensiteexplorer.org/dotbot; help@moz.com)"
216.244.66.200 - - [02/Feb/2024:15:12:25 +0100] "GET /files/Korrel-2007-28.doc HTTP/1.1" 200 39936 "-" "Mozilla/5.0 (compatible; DotBot/1.2; +https://opensiteexplorer.org/dotbot; help@moz.com)"
216.244.66.200 - - [02/Feb/2024:15:12:54 +0100] "GET /files/_fg9oa2t42ee0meub5ctsmaso_.pdf HTTP/1.1" 200 215475 "-" "Mozilla/5.0 (compatible; DotBot/1.2; +https://opensiteexplorer.org/dotbot; help@moz.com)"
216.244.66.200 - - [02/Feb/2024:15:13:22 +0100] "GET /files/deregulacio.doc HTTP/1.1" 200 203264 "-" "Mozilla/5.0 (compatible; DotBot/1.2; +https://opensiteexplorer.org/dotbot; help@moz.com)"
66.249.75.43 - - [02/Feb/2024:15:13:33 +0100] "GET /files/kerettantervek_szakisk_inf_alligra_060516.pdf HTTP/1.1" 304 - "-" "Mozilla/5.0 (Linux; Android 6.0.1; Nexus 5X Build/MMB29P) AppleWebKit/537.36 (KHTML, like Gecko) Chrome/121.0.6167.85 Mobile Safari/537.36 (compatible; Googlebot/2.1; +http://www.google.com/bot.html)"
3.91.67.56 - - [02/Feb/2024:15:13:33 +0100] "GET /robots.txt HTTP/1.1" 200 1590 "-" "ClaudeBot"
3.91.67.56 - - [02/Feb/2024:15:14:06 +0100] "GET /taxonomy/term/20 HTTP/1.1" 200 - "-" "ClaudeBot"
216.244.66.200 - - [02/Feb/2024:15:14:21 +0100] "GET /files/egyesmelleklet.doc HTTP/1.1" 200 - "-" "Mozilla/5.0 (compatible; DotBot/1.2; +https://opensiteexplorer.org/dotbot; help@moz.com)"
216.244.66.200 - - [02/Feb/2024:15:14:42 +0100] "GET /files/fot_061114.pdf HTTP/1.1" 200 345413 "-" "Mozilla/5.0 (compatible; DotBot/1.2; +https://opensiteexplorer.org/dotbot; help@moz.com)"
216.244.66.200 - - [02/Feb/2024:15:15:13 +0100] "GET /files/gyogysz_ker_gyak_ism_081215.doc HTTP/1.1" 200 85504 "-" "Mozilla/5.0 (compatible; DotBot/1.2; +https://opensiteexplorer.org/dotbot; help@moz.com)"
34.207.75.88 - - [02/Feb/2024:15:15:31 +0100] "GET /hasznos-informaciok HTTP/1.1" 200 - "-" "ClaudeBot"
216.244.66.200 - - [02/Feb/2024:15:15:42 +0100] "GET /files/igszak_ingatlan_tervezet3.0.doc HTTP/1.1" 200 64000 "-" "Mozilla/5.0 (compatible; DotBot/1.2; +https://opensiteexplorer.org/dotbot; help@moz.com)"
216.244.66.200 - - [02/Feb/2024:15:16:10 +0100] "GET /files/0314_15_es_16_2004_mod_tarcara_2.doc HTTP/1.1" 200 64512 "-" "Mozilla/5.0 (compatible; DotBot/1.2; +https://opensiteexplorer.org/dotbot; help@moz.com)"
5.161.224.68 - - [02/Feb/2024:15:16:14 +0100] "GET /files/jogszabszerk.pdf HTTP/1.1" 200 206549 "-" "Mozilla/5.0 (Windows NT 10.0; Win64; x64) AppleWebKit/537.36 (KHTML, like Gecko) Chrome/84.0.4147.105 Safari/537.36"
54.158.57.215 - - [02/Feb/2024:15:16:29 +0100] "GET /taxonomy/term/47 HTTP/1.1" 200 - "-" "ClaudeBot"
216.244.66.200 - - [02/Feb/2024:15:16:39 +0100] "GET /files/_rihn6n0jeehin6t06vdt6ur3kk9pq0po_.pdf HTTP/1.1" 200 328929 "-" "Mozilla/5.0 (compatible; DotBot/1.2; +https://opensiteexplorer.org/dotbot; help@moz.com)"
44.197.108.91 - - [02/Feb/2024:15:16:45 +0100] "GET / HTTP/1.1" 200 - "-" "ClaudeBot"
216.244.66.200 - - [02/Feb/2024:15:17:06 +0100] "GET /files/alapf_muv_okt_kovet_V_060414.pdf HTTP/1.1" 200 254858 "-" "Mozilla/5.0 (compatible; DotBot/1.2; +https://opensiteexplorer.org/dotbot; help@moz.com)"
44.205.10.76 - - [02/Feb/2024:15:17:13 +0100] "GET /robots.txt HTTP/1.1" 200 1590 "-" "ClaudeBot"
44.205.10.76 - - [02/Feb/2024:15:17:47 +0100] "GET /user/password HTTP/1.1" 200 - "-" "ClaudeBot"
5.255.231.146 - - [02/Feb/2024:15:17:53 +0100] "GET /robots.txt HTTP/1.1" 200 1590 "-" "Mozilla/5.0 (compatible; YandexBot/3.0; +http://yandex.com/bots)"
44.200.114.190 - - [02/Feb/2024:15:18:00 +0100] "GET /taxonomy/term/46 HTTP/1.1" 200 - "-" "ClaudeBot"
216.244.66.200 - - [02/Feb/2024:15:18:03 +0100] "GET /files/hataskoriindokol%C3%83%C2%A1s%20060830.doc HTTP/1.1" 200 - "-" "Mozilla/5.0 (compatible; DotBot/1.2; +https://opensiteexplorer.org/dotbot; help@moz.com)"
54.242.28.213 - - [02/Feb/2024:15:18:20 +0100] "GET / HTTP/1.1" 200 - "-" "ClaudeBot"
216.244.66.200 - - [02/Feb/2024:15:18:24 +0100] "GET /files/kozeg_mell_jarvanyugyi_szolg.pdf HTTP/1.1" 200 160304 "-" "Mozilla/5.0 (compatible; DotBot/1.2; +https://opensiteexplorer.org/dotbot; help@moz.com)"
5.255.231.138 - - [02/Feb/2024:15:18:25 +0100] "GET /drupal/ HTTP/1.1" 200 - "-" "Mozilla/5.0 (compatible; YandexBot/3.0; +http://yandex.com/bots)"
43.139.54.253 - - [02/Feb/2024:15:18:32 +0100] "GET /xmlrpc.php HTTP/1.1" 200 - "-" "Mozilla/5.0 (Windows NT 6.1; WOW64; rv:45.0) Gecko/20100101 Firefox/45.0"
216.244.66.200 - - [02/Feb/2024:15:18:54 +0100] "GET /files/tnm_fmm_rendelet_mod_indokolas.pdf HTTP/1.1" 200 156771 "-" "Mozilla/5.0 (compatible; DotBot/1.2; +https://opensiteexplorer.org/dotbot; help@moz.com)"
44.202.218.147 - - [02/Feb/2024:15:19:12 +0100] "GET /user/register HTTP/1.1" 200 - "-" "ClaudeBot"
216.244.66.200 - - [02/Feb/2024:15:19:55 +0100] "GET /files/6.%20%20sz%C3%83%C2%A1m%C3%83%C2%BA%20mell%C3%83%C2%A9klet.doc HTTP/1.1" 200 - "-" "Mozilla/5.0 (compatible; DotBot/1.2; +https://opensiteexplorer.org/dotbot; help@moz.com)"
3.235.173.212 - - [02/Feb/2024:15:20:36 +0100] "GET /robots.txt HTTP/1.1" 200 1590 "-" "ClaudeBot"
216.244.66.200 - - [02/Feb/2024:15:20:45 +0100] "GET /files/M%C3%83%C2%A1solat%20eredetijeptke_-_2._melleklet_a_kormanyhatarozathoz_-_090629.xls HTTP/1.1" 200 - "-" "Mozilla/5.0 (compatible; DotBot/1.2; +https://opensiteexplorer.org/dotbot; help@moz.com)"
3.235.173.212 - - [02/Feb/2024:15:21:09 +0100] "GET /node/1157 HTTP/1.1" 200 - "-" "ClaudeBot"
216.244.66.200 - - [02/Feb/2024:15:21:35 +0100] "GET /taxonomy/term/33/0/feed HTTP/1.1" 200 - "-" "Mozilla/5.0 (compatible; DotBot/1.2; +https://opensiteexplorer.org/dotbot; help@moz.com)"
54.198.21.203 - - [02/Feb/2024:15:24:08 +0100] "GET /node/feed HTTP/1.1" 200 - "-" "ClaudeBot"
3.86.10.79 - - [02/Feb/2024:15:24:13 +0100] "GET /robots.txt HTTP/1.1" 200 1590 "-" "ClaudeBot"
3.86.10.79 - - [02/Feb/2024:15:24:46 +0100] "GET /node/26 HTTP/1.1" 200 - "-" "ClaudeBot"
3.86.101.161 - - [02/Feb/2024:15:25:07 +0100] "GET /node/1158 HTTP/1.1" 200 - "-" "ClaudeBot"
54.167.155.197 - - [02/Feb/2024:15:26:16 +0100] "GET /node/2509 HTTP/1.1" 200 - "-" "ClaudeBot"
66.249.69.136 - - [02/Feb/2024:15:45:11 +0100] "GET / HTTP/1.1" 200 - "-" "Mozilla/5.0 (compatible; Googlebot/2.1; +http://www.google.com/bot.html)"
66.249.69.137 - - [02/Feb/2024:15:45:43 +0100] "GET / HTTP/1.1" 200 - "-" "Mozilla/5.0 (Linux; Android 6.0.1; Nexus 5X Build/MMB29P) AppleWebKit/537.36 (KHTML, like Gecko) Chrome/99.0.4844.84 Mobile Safari/537.36 (compatible; Googlebot/2.1; +http://www.google.com/bot.html)"
66.249.69.136 - - [02/Feb/2024:15:46:15 +0100] "GET / HTTP/1.1" 200 - "-" "Mozilla/5.0 (compatible; Googlebot/2.1; +http://www.google.com/bot.html)"
66.249.69.138 - - [02/Feb/2024:15:46:47 +0100] "GET / HTTP/1.1" 200 - "-" "Mozilla/5.0 (Linux; Android 6.0.1; Nexus 5X Build/MMB29P) AppleWebKit/537.36 (KHTML, like Gecko) Chrome/121.0.6167.85 Mobile Safari/537.36 (compatible; Googlebot/2.1; +http://www.google.com/bot.html)"
216.244.66.200 - - [02/Feb/2024:15:47:36 +0100] "GET /robots.txt HTTP/1.1" 200 1590 "-" "Mozilla/5.0 (compatible; DotBot/1.2; +https://opensiteexplorer.org/dotbot; help@moz.com)"
216.244.66.200 - - [02/Feb/2024:15:47:37 +0100] "GET /robots.txt HTTP/1.1" 200 1590 "-" "Mozilla/5.0 (compatible; DotBot/1.2; +https://opensiteexplorer.org/dotbot; help@moz.com)"
198.235.24.92 - - [02/Feb/2024:15:51:24 +0100] "GET / HTTP/1.1" 200 - "-" "Expanse, a Palo Alto Networks company, searches across the global IPv4 space multiple times per day to identify customers' presences on the Internet. If you would like to be excluded from our scans, please send IP addresses/domains to: scaninfo@paloaltonetworks.com"
216.244.66.200 - - [02/Feb/2024:16:02:45 +0100] "GET /files/3.%20%20sz%C3%83%C2%A1m%C3%83%C2%BA%20mell%C3%83%C2%A9klet.doc HTTP/1.1" 200 - "-" "Mozilla/5.0 (compatible; DotBot/1.2; +https://opensiteexplorer.org/dotbot; help@moz.com)"
216.244.66.200 - - [02/Feb/2024:16:03:15 +0100] "GET /files/4.%20sz%C3%83%C2%A1m%C3%83%C2%BA%20mell%C3%83%C2%A9klet.doc HTTP/1.1" 200 - "-" "Mozilla/5.0 (compatible; DotBot/1.2; +https://opensiteexplorer.org/dotbot; help@moz.com)"
216.244.66.200 - - [02/Feb/2024:16:03:55 +0100] "GET /files/igszak.kam.szolg_rendterv.d%C3%83%C2%ADj_09.0727.doc HTTP/1.1" 200 - "-" "Mozilla/5.0 (compatible; DotBot/1.2; +https://opensiteexplorer.org/dotbot; help@moz.com)"
216.244.66.200 - - [02/Feb/2024:16:04:45 +0100] "GET /files/Fel%C3%83%C2%BCgyeleti%20d%C3%83%C2%ADj%20elj%C3%83%C2%A1r%C3%83%C2%A1s%20terv070914.doc HTTP/1.1" 200 - "-" "Mozilla/5.0 (compatible; DotBot/1.2; +https://opensiteexplorer.org/dotbot; help@moz.com)"
216.244.66.200 - - [02/Feb/2024:16:05:06 +0100] "GET /files/R2422.pdf HTTP/1.1" 200 154270 "-" "Mozilla/5.0 (compatible; DotBot/1.2; +https://opensiteexplorer.org/dotbot; help@moz.com)"
216.244.66.200 - - [02/Feb/2024:16:05:42 +0100] "GET /files/T4010.doc HTTP/1.1" 200 497152 "-" "Mozilla/5.0 (compatible; DotBot/1.2; +https://opensiteexplorer.org/dotbot; help@moz.com)"
216.244.66.200 - - [02/Feb/2024:16:06:12 +0100] "GET /files/091009_eht_eloterj.pdf HTTP/1.1" 200 153866 "-" "Mozilla/5.0 (compatible; DotBot/1.2; +https://opensiteexplorer.org/dotbot; help@moz.com)"
216.244.66.200 - - [02/Feb/2024:16:06:42 +0100] "GET /files/26_2005_fmm_rendterv_090127.pdf HTTP/1.1" 200 148623 "-" "Mozilla/5.0 (compatible; DotBot/1.2; +https://opensiteexplorer.org/dotbot; help@moz.com)"
216.244.66.200 - - [02/Feb/2024:16:07:13 +0100] "GET /files/2_sz_melleklet_061031.pdf HTTP/1.1" 200 56446 "-" "Mozilla/5.0 (compatible; DotBot/1.2; +https://opensiteexplorer.org/dotbot; help@moz.com)"
216.244.66.200 - - [02/Feb/2024:16:07:55 +0100] "GET /files/30_2009_OM-rend.pdf HTTP/1.1" 200 86189 "-" "Mozilla/5.0 (compatible; DotBot/1.2; +https://opensiteexplorer.org/dotbot; help@moz.com)"
216.244.66.200 - - [02/Feb/2024:16:08:29 +0100] "GET /files/314-es_mod_kozig.pdf HTTP/1.1" 200 221547 "-" "Mozilla/5.0 (compatible; DotBot/1.2; +https://opensiteexplorer.org/dotbot; help@moz.com)"
216.244.66.200 - - [02/Feb/2024:16:08:59 +0100] "GET /files/NKPIII_2sz_mell_kormhat.pdf HTTP/1.1" 200 83490 "-" "Mozilla/5.0 (compatible; DotBot/1.2; +https://opensiteexplorer.org/dotbot; help@moz.com)"
216.244.66.200 - - [02/Feb/2024:16:09:31 +0100] "GET /files/_2ehqn4qbjf9q6iqr1d5ho4r0_.pdf HTTP/1.1" 200 196057 "-" "Mozilla/5.0 (compatible; DotBot/1.2; +https://opensiteexplorer.org/dotbot; help@moz.com)"
216.244.66.200 - - [02/Feb/2024:16:09:59 +0100] "GET /files/_bclm6opbe0q5n4uk2ec_.pdf HTTP/1.1" 200 118728 "-" "Mozilla/5.0 (compatible; DotBot/1.2; +https://opensiteexplorer.org/dotbot; help@moz.com)"
216.244.66.200 - - [02/Feb/2024:16:10:31 +0100] "GET /files/akg_rendelet.pdf HTTP/1.1" 200 725933 "-" "Mozilla/5.0 (compatible; DotBot/1.2; +https://opensiteexplorer.org/dotbot; help@moz.com)"
216.244.66.200 - - [02/Feb/2024:16:11:14 +0100] "GET /files/harmashatar.doc HTTP/1.1" 200 1566208 "-" "Mozilla/5.0 (compatible; DotBot/1.2; +https://opensiteexplorer.org/dotbot; help@moz.com)"
216.244.66.200 - - [02/Feb/2024:16:11:46 +0100] "GET /files/kozl_szakkep.zip HTTP/1.1" 200 180971 "-" "Mozilla/5.0 (compatible; DotBot/1.2; +https://opensiteexplorer.org/dotbot; help@moz.com)"
216.244.66.200 - - [02/Feb/2024:16:12:19 +0100] "GET /files/legyen_jobb_a_gyerekeknek.pdf HTTP/1.1" 200 319434 "-" "Mozilla/5.0 (compatible; DotBot/1.2; +https://opensiteexplorer.org/dotbot; help@moz.com)"
216.244.66.200 - - [02/Feb/2024:16:12:50 +0100] "GET /files/megfelelesi.pdf HTTP/1.1" 200 91717 "-" "Mozilla/5.0 (compatible; DotBot/1.2; +https://opensiteexplorer.org/dotbot; help@moz.com)"
216.244.66.200 - - [02/Feb/2024:16:13:20 +0100] "GET /files/miniszteri_statutum0806.pdf HTTP/1.1" 200 205234 "-" "Mozilla/5.0 (compatible; DotBot/1.2; +https://opensiteexplorer.org/dotbot; help@moz.com)"
216.244.66.200 - - [02/Feb/2024:16:13:49 +0100] "GET /files/oft_terv_080714.pdf HTTP/1.1" 200 185996 "-" "Mozilla/5.0 (compatible; DotBot/1.2; +https://opensiteexplorer.org/dotbot; help@moz.com)"
216.244.66.200 - - [02/Feb/2024:16:14:16 +0100] "GET /files/rendtervezet_20060508.pdf HTTP/1.1" 200 109603 "-" "Mozilla/5.0 (compatible; DotBot/1.2; +https://opensiteexplorer.org/dotbot; help@moz.com)"
216.244.66.200 - - [02/Feb/2024:16:14:46 +0100] "GET /files/tvmod_eloterj_070126.pdf HTTP/1.1" 200 307588 "-" "Mozilla/5.0 (compatible; DotBot/1.2; +https://opensiteexplorer.org/dotbot; help@moz.com)"
216.244.66.200 - - [02/Feb/2024:16:15:15 +0100] "GET /files/xx_fejkez_terv_080220.pdf HTTP/1.1" 200 321754 "-" "Mozilla/5.0 (compatible; DotBot/1.2; +https://opensiteexplorer.org/dotbot; help@moz.com)"
216.244.66.200 - - [02/Feb/2024:16:15:38 +0100] "GET /files/4_szamu_melleklet_cetartalek.xls HTTP/1.1" 200 22016 "-" "Mozilla/5.0 (compatible; DotBot/1.2; +https://opensiteexplorer.org/dotbot; help@moz.com)"
216.244.66.200 - - [02/Feb/2024:16:16:01 +0100] "GET /files/IRM%20Felszamolo_nevjegyzek_terv_090928_0.doc HTTP/1.1" 200 77824 "-" "Mozilla/5.0 (compatible; DotBot/1.2; +https://opensiteexplorer.org/dotbot; help@moz.com)"
216.244.66.200 - - [02/Feb/2024:16:16:22 +0100] "GET /files/elelmezesi_norma_rendelet_0108.pdf HTTP/1.1" 200 63606 "-" "Mozilla/5.0 (compatible; DotBot/1.2; +https://opensiteexplorer.org/dotbot; help@moz.com)"
216.244.66.200 - - [02/Feb/2024:16:16:43 +0100] "GET /files/gondozasi_szukseglet_terv_071203.pdf HTTP/1.1" 200 218327 "-" "Mozilla/5.0 (compatible; DotBot/1.2; +https://opensiteexplorer.org/dotbot; help@moz.com)"
216.244.66.200 - - [02/Feb/2024:16:17:03 +0100] "GET /files/illetmenyen_kivuli_juttatasokrol_tervezet.pdf HTTP/1.1" 200 111658 "-" "Mozilla/5.0 (compatible; DotBot/1.2; +https://opensiteexplorer.org/dotbot; help@moz.com)"
216.244.66.200 - - [02/Feb/2024:16:17:22 +0100] "GET /files/kulturalis_szakemberek_kepzese_070303.pdf HTTP/1.1" 200 195011 "-" "Mozilla/5.0 (compatible; DotBot/1.2; +https://opensiteexplorer.org/dotbot; help@moz.com)"
216.244.66.200 - - [02/Feb/2024:16:17:40 +0100] "GET /files/nanhokifmktimfeer_terv_100225.pdf HTTP/1.1" 200 158106 "-" "Mozilla/5.0 (compatible; DotBot/1.2; +https://opensiteexplorer.org/dotbot; help@moz.com)"
216.244.66.200 - - [02/Feb/2024:16:43:51 +0100] "GET /robots.txt HTTP/1.1" 200 1590 "-" "Mozilla/5.0 (compatible; DotBot/1.2; +https://opensiteexplorer.org/dotbot; help@moz.com)"
216.244.66.200 - - [02/Feb/2024:16:43:51 +0100] "GET /robots.txt HTTP/1.1" 200 1590 "-" "Mozilla/5.0 (compatible; DotBot/1.2; +https://opensiteexplorer.org/dotbot; help@moz.com)"
216.244.66.200 - - [02/Feb/2024:16:56:06 +0100] "GET /files/ihm_rend_radio_amator.pdf HTTP/1.1" 200 573791 "-" "Mozilla/5.0 (compatible; DotBot/1.2; +https://opensiteexplorer.org/dotbot; help@moz.com)"
216.244.66.200 - - [02/Feb/2024:16:56:41 +0100] "GET /files/nemzetkozi_karterites.pdf HTTP/1.1" 200 423190 "-" "Mozilla/5.0 (compatible; DotBot/1.2; +https://opensiteexplorer.org/dotbot; help@moz.com)"
216.244.66.200 - - [02/Feb/2024:16:57:13 +0100] "GET /files/18per2007_eum_rind_mod_081212.doc HTTP/1.1" 200 72704 "-" "Mozilla/5.0 (compatible; DotBot/1.2; +https://opensiteexplorer.org/dotbot; help@moz.com)"
216.244.66.200 - - [02/Feb/2024:16:57:42 +0100] "GET /files/bv__targyu_im_rendeletek_modositasa.doc HTTP/1.1" 200 53248 "-" "Mozilla/5.0 (compatible; DotBot/1.2; +https://opensiteexplorer.org/dotbot; help@moz.com)"
216.244.66.200 - - [02/Feb/2024:16:58:11 +0100] "GET /files/elemiszerkonyv_melleklet.pdf HTTP/1.1" 200 19554 "-" "Mozilla/5.0 (compatible; DotBot/1.2; +https://opensiteexplorer.org/dotbot; help@moz.com)"
216.244.66.200 - - [02/Feb/2024:16:58:40 +0100] "GET /files/felsooo_finanszterv_080124.pdf HTTP/1.1" 200 307884 "-" "Mozilla/5.0 (compatible; DotBot/1.2; +https://opensiteexplorer.org/dotbot; help@moz.com)"
216.244.66.200 - - [02/Feb/2024:16:59:07 +0100] "GET /files/mgexportkorm.elterjeszts20070710.pdf HTTP/1.1" 200 79382 "-" "Mozilla/5.0 (compatible; DotBot/1.2; +https://opensiteexplorer.org/dotbot; help@moz.com)"
216.244.66.200 - - [02/Feb/2024:16:59:33 +0100] "GET /files/takarmanykodex_modositas_0.pdf HTTP/1.1" 200 47813 "-" "Mozilla/5.0 (compatible; DotBot/1.2; +https://opensiteexplorer.org/dotbot; help@moz.com)"
216.244.66.200 - - [02/Feb/2024:17:00:00 +0100] "GET /files/terv_2007_mszuneti_napok_munkarend-1.pdf HTTP/1.1" 200 107131 "-" "Mozilla/5.0 (compatible; DotBot/1.2; +https://opensiteexplorer.org/dotbot; help@moz.com)"
216.244.66.200 - - [02/Feb/2024:17:00:25 +0100] "GET /files/vizsgahely_terv_071001.pdf HTTP/1.1" 200 122898 "-" "Mozilla/5.0 (compatible; DotBot/1.2; +https://opensiteexplorer.org/dotbot; help@moz.com)"
216.244.66.200 - - [02/Feb/2024:17:00:48 +0100] "GET /files/zenekari_enekkari_tam_mell_kamarazenekarok_070131.pdf HTTP/1.1" 200 106691 "-" "Mozilla/5.0 (compatible; DotBot/1.2; +https://opensiteexplorer.org/dotbot; help@moz.com)"
216.244.66.200 - - [02/Feb/2024:17:01:11 +0100] "GET /files/azonosito.zip HTTP/1.1" 200 38699 "-" "Mozilla/5.0 (compatible; DotBot/1.2; +https://opensiteexplorer.org/dotbot; help@moz.com)"
216.244.66.200 - - [02/Feb/2024:17:01:45 +0100] "GET /files/1123_tamogatas_terv.pdf HTTP/1.1" 200 2215034 "-" "Mozilla/5.0 (compatible; DotBot/1.2; +https://opensiteexplorer.org/dotbot; help@moz.com)"
216.244.66.200 - - [02/Feb/2024:17:02:17 +0100] "GET /files/93_2_tv_mod_kormeloterj.pdf HTTP/1.1" 200 179567 "-" "Mozilla/5.0 (compatible; DotBot/1.2; +https://opensiteexplorer.org/dotbot; help@moz.com)"
216.244.66.200 - - [02/Feb/2024:17:02:49 +0100] "GET /files/KHEM_1371_3.doc HTTP/1.1" 200 113664 "-" "Mozilla/5.0 (compatible; DotBot/1.2; +https://opensiteexplorer.org/dotbot; help@moz.com)"
216.244.66.200 - - [02/Feb/2024:17:03:21 +0100] "GET /files/KHEM_1424_5normaszoveg.doc HTTP/1.1" 200 365056 "-" "Mozilla/5.0 (compatible; DotBot/1.2; +https://opensiteexplorer.org/dotbot; help@moz.com)"
216.244.66.200 - - [02/Feb/2024:17:03:52 +0100] "GET /files/KHEM_3649_10_norma.doc HTTP/1.1" 200 320512 "-" "Mozilla/5.0 (compatible; DotBot/1.2; +https://opensiteexplorer.org/dotbot; help@moz.com)"
216.244.66.200 - - [02/Feb/2024:17:04:20 +0100] "GET /files/Konkordancia%2060.doc HTTP/1.1" 200 33792 "-" "Mozilla/5.0 (compatible; DotBot/1.2; +https://opensiteexplorer.org/dotbot; help@moz.com)"
216.244.66.200 - - [02/Feb/2024:17:04:48 +0100] "GET /files/energetika.pdf HTTP/1.1" 200 306301 "-" "Mozilla/5.0 (compatible; DotBot/1.2; +https://opensiteexplorer.org/dotbot; help@moz.com)"
216.244.66.200 - - [02/Feb/2024:17:05:18 +0100] "GET /files/h_8835_terv_090225.pdf HTTP/1.1" 200 571258 "-" "Mozilla/5.0 (compatible; DotBot/1.2; +https://opensiteexplorer.org/dotbot; help@moz.com)"
216.244.66.200 - - [02/Feb/2024:17:05:47 +0100] "GET /files/japan_onkent_terv_090204.pdf HTTP/1.1" 200 278063 "-" "Mozilla/5.0 (compatible; DotBot/1.2; +https://opensiteexplorer.org/dotbot; help@moz.com)"
216.244.66.200 - - [02/Feb/2024:17:06:14 +0100] "GET /files/magyarosztrak.doc HTTP/1.1" 200 65024 "-" "Mozilla/5.0 (compatible; DotBot/1.2; +https://opensiteexplorer.org/dotbot; help@moz.com)"
216.244.66.200 - - [02/Feb/2024:17:06:51 +0100] "GET /files/megfeleles.zip HTTP/1.1" 200 2185176 "-" "Mozilla/5.0 (compatible; DotBot/1.2; +https://opensiteexplorer.org/dotbot; help@moz.com)"
216.244.66.200 - - [02/Feb/2024:17:07:22 +0100] "GET /files/rendelet_kozigre.doc HTTP/1.1" 200 126976 "-" "Mozilla/5.0 (compatible; DotBot/1.2; +https://opensiteexplorer.org/dotbot; help@moz.com)"
216.244.66.200 - - [02/Feb/2024:17:07:53 +0100] "GET /files/tervezet_devizarendelet.pdf HTTP/1.1" 200 155877 "-" "Mozilla/5.0 (compatible; DotBot/1.2; +https://opensiteexplorer.org/dotbot; help@moz.com)"
216.244.66.200 - - [02/Feb/2024:17:08:24 +0100] "GET /files/tervezet_kozig_Saghegy.pdf HTTP/1.1" 200 63041 "-" "Mozilla/5.0 (compatible; DotBot/1.2; +https://opensiteexplorer.org/dotbot; help@moz.com)"
216.244.66.200 - - [02/Feb/2024:17:08:52 +0100] "GET /files/337per2008_korm_rend_terv_091127.doc HTTP/1.1" 200 126976 "-" "Mozilla/5.0 (compatible; DotBot/1.2; +https://opensiteexplorer.org/dotbot; help@moz.com)"
40.77.167.53 - - [02/Feb/2024:17:09:09 +0100] "GET /files/R61_2.pdf HTTP/1.1" 200 140775 "-" "Mozilla/5.0 AppleWebKit/537.36 (KHTML, like Gecko; compatible; bingbot/2.0; +http://www.bing.com/bingbot.htm) Chrome/116.0.1938.76 Safari/537.36"
216.244.66.200 - - [02/Feb/2024:17:09:50 +0100] "GET /files/Telep%C3%83%C2%BCl%C3%83%C2%A9s2008szept.pdf HTTP/1.1" 200 - "-" "Mozilla/5.0 (compatible; DotBot/1.2; +https://opensiteexplorer.org/dotbot; help@moz.com)"
216.244.66.200 - - [02/Feb/2024:17:10:20 +0100] "GET /files/eloterjesztes_szakmapol_utan_atdolgozott_090410.doc HTTP/1.1" 200 753152 "-" "Mozilla/5.0 (compatible; DotBot/1.2; +https://opensiteexplorer.org/dotbot; help@moz.com)"
216.244.66.200 - - [02/Feb/2024:17:10:52 +0100] "GET /files/gyermek_gyamugy_vezetoi_osszefoglalo_061102.pdf HTTP/1.1" 200 148139 "-" "Mozilla/5.0 (compatible; DotBot/1.2; +https://opensiteexplorer.org/dotbot; help@moz.com)"
216.244.66.200 - - [02/Feb/2024:17:11:54 +0100] "GET /files/igszak.kam.szolg_rendterv.d%C3%83%C2%ADj_09.0727.doc HTTP/1.1" 200 - "-" "Mozilla/5.0 (compatible; DotBot/1.2; +https://opensiteexplorer.org/dotbot; help@moz.com)"
216.244.66.200 - - [02/Feb/2024:17:12:14 +0100] "GET /files/tervezesi_eloirasok_om_r_allig_egy_060310.pdf HTTP/1.1" 200 113494 "-" "Mozilla/5.0 (compatible; DotBot/1.2; +https://opensiteexplorer.org/dotbot; help@moz.com)"
216.244.66.200 - - [02/Feb/2024:17:13:15 +0100] "GET /files/12.%20sz%C3%83%C2%A1m%C3%83%C2%BA%20mell%C3%83%C2%A9klet.doc HTTP/1.1" 200 - "-" "Mozilla/5.0 (compatible; DotBot/1.2; +https://opensiteexplorer.org/dotbot; help@moz.com)"
216.244.66.200 - - [02/Feb/2024:17:14:05 +0100] "GET /files/normasz%C3%83%C2%B6veg%20%C3%83%C2%A9s%20indokol%C3%83%C2%A1s.doc HTTP/1.1" 200 - "-" "Mozilla/5.0 (compatible; DotBot/1.2; +https://opensiteexplorer.org/dotbot; help@moz.com)"
216.244.66.200 - - [02/Feb/2024:17:14:56 +0100] "GET /taxonomy/term/92/0/feed HTTP/1.1" 200 - "-" "Mozilla/5.0 (compatible; DotBot/1.2; +https://opensiteexplorer.org/dotbot; help@moz.com)"
216.244.66.200 - - [02/Feb/2024:17:40:27 +0100] "GET /robots.txt HTTP/1.1" 200 1590 "-" "Mozilla/5.0 (compatible; DotBot/1.2; +https://opensiteexplorer.org/dotbot; help@moz.com)"
216.244.66.200 - - [02/Feb/2024:17:40:27 +0100] "GET /robots.txt HTTP/1.1" 200 1590 "-" "Mozilla/5.0 (compatible; DotBot/1.2; +https://opensiteexplorer.org/dotbot; help@moz.com)"
5.135.142.46 - - [02/Feb/2024:17:40:36 +0100] "GET /files/ekeloterj.doc HTTP/1.1" 200 100864 "-" "Mozilla/5.0 (Windows; U; Windows NT 6.1; nl; rv:1.9.2.13) Gecko/20101203 Firefox/3.6.13"
216.244.66.200 - - [02/Feb/2024:17:53:37 +0100] "GET /files/lakasrend_terv_070712.pdf HTTP/1.1" 200 235470 "-" "Mozilla/5.0 (compatible; DotBot/1.2; +https://opensiteexplorer.org/dotbot; help@moz.com)"
216.244.66.200 - - [02/Feb/2024:17:53:58 +0100] "GET /files/szoc_fogl_terv_071127.pdf HTTP/1.1" 200 731507 "-" "Mozilla/5.0 (compatible; DotBot/1.2; +https://opensiteexplorer.org/dotbot; help@moz.com)"
168.138.41.19 - - [02/Feb/2024:17:54:02 +0100] "GET /defaul1.php HTTP/1.1" 200 - "-" "Mozlila/5.0 (Linux; Android 7.0; SM-G892A Bulid/NRD90M; wv) AppleWebKit/537.36 (KHTML, like Gecko) Version/4.0 Chrome/60.0.3112.107 Moblie Safari/537.36"
216.244.66.200 - - [02/Feb/2024:17:54:40 +0100] "GET /files/fogyatekos_szem_alap_080317.pdf HTTP/1.1" 200 244232 "-" "Mozilla/5.0 (compatible; DotBot/1.2; +https://opensiteexplorer.org/dotbot; help@moz.com)"
216.244.66.200 - - [02/Feb/2024:17:55:13 +0100] "GET /files/szakkepesitesek_megszerv_vizsga_060413.pdf HTTP/1.1" 200 305958 "-" "Mozilla/5.0 (compatible; DotBot/1.2; +https://opensiteexplorer.org/dotbot; help@moz.com)"
66.249.77.225 - - [02/Feb/2024:17:55:31 +0100] "GET /files/2_sz_melleklet_061031.pdf HTTP/1.1" 200 56446 "-" "Mozilla/5.0 (Linux; Android 6.0.1; Nexus 5X Build/MMB29P) AppleWebKit/537.36 (KHTML, like Gecko) Chrome/121.0.6167.85 Mobile Safari/537.36 (compatible; Googlebot/2.1; +http://www.google.com/bot.html)"
216.244.66.200 - - [02/Feb/2024:17:55:44 +0100] "GET /files/szoctvk_modositasa_061031.pdf HTTP/1.1" 200 321828 "-" "Mozilla/5.0 (compatible; DotBot/1.2; +https://opensiteexplorer.org/dotbot; help@moz.com)"
216.244.66.200 - - [02/Feb/2024:17:56:15 +0100] "GET /files/szolo_mellekterek_velemenyezesre.pdf HTTP/1.1" 200 221396 "-" "Mozilla/5.0 (compatible; DotBot/1.2; +https://opensiteexplorer.org/dotbot; help@moz.com)"
216.244.66.200 - - [02/Feb/2024:17:56:44 +0100] "GET /files/tenyesztett_viziall_rendelet_tervezet_velemenyezesre.pdf HTTP/1.1" 200 328013 "-" "Mozilla/5.0 (compatible; DotBot/1.2; +https://opensiteexplorer.org/dotbot; help@moz.com)"
216.244.66.200 - - [02/Feb/2024:17:57:12 +0100] "GET /files/torveny_tervezet_felsooktatas_jogallasarol.pdf HTTP/1.1" 200 86154 "-" "Mozilla/5.0 (compatible; DotBot/1.2; +https://opensiteexplorer.org/dotbot; help@moz.com)"
216.244.66.200 - - [02/Feb/2024:17:57:40 +0100] "GET /files/katonak_illetmenyerol_es_illetmenyjellegu_juttatasairol_tervezet.pdf HTTP/1.1" 200 166093 "-" "Mozilla/5.0 (compatible; DotBot/1.2; +https://opensiteexplorer.org/dotbot; help@moz.com)"
216.244.66.200 - - [02/Feb/2024:17:58:12 +0100] "GET /files/NFGM230.pdf HTTP/1.1" 200 98933 "-" "Mozilla/5.0 (compatible; DotBot/1.2; +https://opensiteexplorer.org/dotbot; help@moz.com)"
216.244.66.200 - - [02/Feb/2024:17:58:36 +0100] "GET /files/mell1a.pdf HTTP/1.1" 200 105926 "-" "Mozilla/5.0 (compatible; DotBot/1.2; +https://opensiteexplorer.org/dotbot; help@moz.com)"
3.85.160.50 - - [02/Feb/2024:17:58:50 +0100] "GET /robots.txt HTTP/1.1" 200 1590 "-" "ClaudeBot"
216.244.66.200 - - [02/Feb/2024:17:59:00 +0100] "GET /files/regeszet.doc HTTP/1.1" 200 169984 "-" "Mozilla/5.0 (compatible; DotBot/1.2; +https://opensiteexplorer.org/dotbot; help@moz.com)"
3.85.160.50 - - [02/Feb/2024:17:59:23 +0100] "GET /user/register HTTP/1.1" 200 - "-" "ClaudeBot"
216.244.66.200 - - [02/Feb/2024:18:00:09 +0100] "GET /files/0227_fszankcel_t_kozig.doc HTTP/1.1" 200 803840 "-" "Mozilla/5.0 (compatible; DotBot/1.2; +https://opensiteexplorer.org/dotbot; help@moz.com)"
216.244.66.200 - - [02/Feb/2024:18:00:44 +0100] "GET /files/0427_Natura_1._mell_klet.zip HTTP/1.1" 200 632785 "-" "Mozilla/5.0 (compatible; DotBot/1.2; +https://opensiteexplorer.org/dotbot; help@moz.com)"
54.242.88.52 - - [02/Feb/2024:18:00:47 +0100] "GET / HTTP/1.1" 200 - "-" "ClaudeBot"
216.244.66.200 - - [02/Feb/2024:18:01:16 +0100] "GET /files/13_havi_terv_070319.pdf HTTP/1.1" 200 200690 "-" "Mozilla/5.0 (compatible; DotBot/1.2; +https://opensiteexplorer.org/dotbot; help@moz.com)"
3.92.228.112 - - [02/Feb/2024:18:02:09 +0100] "GET /taxonomy/term/47 HTTP/1.1" 200 - "-" "ClaudeBot"
216.244.66.200 - - [02/Feb/2024:18:02:16 +0100] "GET /files/2009jan-%C3%83%C2%A1prilis.pdf HTTP/1.1" 200 - "-" "Mozilla/5.0 (compatible; DotBot/1.2; +https://opensiteexplorer.org/dotbot; help@moz.com)"
216.244.66.200 - - [02/Feb/2024:18:02:37 +0100] "GET /files/Barlang_tervezet.pdf HTTP/1.1" 200 172428 "-" "Mozilla/5.0 (compatible; DotBot/1.2; +https://opensiteexplorer.org/dotbot; help@moz.com)"
216.244.66.200 - - [02/Feb/2024:18:03:09 +0100] "GET /files/EDR_vegleges_0215.pdf HTTP/1.1" 200 254253 "-" "Mozilla/5.0 (compatible; DotBot/1.2; +https://opensiteexplorer.org/dotbot; help@moz.com)"
216.244.66.200 - - [02/Feb/2024:18:03:40 +0100] "GET /files/KHEM_1268_3.doc HTTP/1.1" 200 171520 "-" "Mozilla/5.0 (compatible; DotBot/1.2; +https://opensiteexplorer.org/dotbot; help@moz.com)"
216.244.66.200 - - [02/Feb/2024:18:04:09 +0100] "GET /files/bizottsagok7.pdf HTTP/1.1" 200 79294 "-" "Mozilla/5.0 (compatible; DotBot/1.2; +https://opensiteexplorer.org/dotbot; help@moz.com)"
216.244.66.200 - - [02/Feb/2024:18:04:40 +0100] "GET /files/ebh_2006_jelentes_070619.pdf HTTP/1.1" 200 742359 "-" "Mozilla/5.0 (compatible; DotBot/1.2; +https://opensiteexplorer.org/dotbot; help@moz.com)"
216.244.66.200 - - [02/Feb/2024:18:05:06 +0100] "GET /files/esomoskoujfalu.doc HTTP/1.1" 200 36864 "-" "Mozilla/5.0 (compatible; DotBot/1.2; +https://opensiteexplorer.org/dotbot; help@moz.com)"
216.244.66.200 - - [02/Feb/2024:18:05:32 +0100] "GET /files/felsoo_diakig_terv_080606.pdf HTTP/1.1" 200 254293 "-" "Mozilla/5.0 (compatible; DotBot/1.2; +https://opensiteexplorer.org/dotbot; help@moz.com)"
216.244.66.200 - - [02/Feb/2024:18:05:57 +0100] "GET /files/harmadikfugg.doc HTTP/1.1" 200 118272 "-" "Mozilla/5.0 (compatible; DotBot/1.2; +https://opensiteexplorer.org/dotbot; help@moz.com)"
216.244.66.200 - - [02/Feb/2024:18:06:22 +0100] "GET /files/hm_rend_elelmezes.pdf HTTP/1.1" 200 378647 "-" "Mozilla/5.0 (compatible; DotBot/1.2; +https://opensiteexplorer.org/dotbot; help@moz.com)"
216.244.66.200 - - [02/Feb/2024:18:06:48 +0100] "GET /files/ihm_rend_radio_amator.pdf HTTP/1.1" 200 573791 "-" "Mozilla/5.0 (compatible; DotBot/1.2; +https://opensiteexplorer.org/dotbot; help@moz.com)"
216.244.66.200 - - [02/Feb/2024:18:07:13 +0100] "GET /files/szennyviz_eloterjesztes.pdf HTTP/1.1" 200 211797 "-" "Mozilla/5.0 (compatible; DotBot/1.2; +https://opensiteexplorer.org/dotbot; help@moz.com)"
216.244.66.200 - - [02/Feb/2024:18:07:34 +0100] "GET /files/tervezet_dunaszentgyorgy.pdf HTTP/1.1" 200 150401 "-" "Mozilla/5.0 (compatible; DotBot/1.2; +https://opensiteexplorer.org/dotbot; help@moz.com)"
216.244.66.200 - - [02/Feb/2024:18:07:56 +0100] "GET /files/tervezet_final_2009.03.04..pdf HTTP/1.1" 200 114964 "-" "Mozilla/5.0 (compatible; DotBot/1.2; +https://opensiteexplorer.org/dotbot; help@moz.com)"
216.244.66.200 - - [02/Feb/2024:18:08:19 +0100] "GET /files/vizsgadij_terv_080801.pdf HTTP/1.1" 200 191525 "-" "Mozilla/5.0 (compatible; DotBot/1.2; +https://opensiteexplorer.org/dotbot; help@moz.com)"
216.244.66.200 - - [02/Feb/2024:18:08:38 +0100] "GET /files/1_szamu_melleklet_celtartalek0321.xls HTTP/1.1" 200 32256 "-" "Mozilla/5.0 (compatible; DotBot/1.2; +https://opensiteexplorer.org/dotbot; help@moz.com)"
216.244.66.200 - - [02/Feb/2024:18:09:01 +0100] "GET /files/32per2008_eum_rend_mod_090330.doc HTTP/1.1" 200 338432 "-" "Mozilla/5.0 (compatible; DotBot/1.2; +https://opensiteexplorer.org/dotbot; help@moz.com)"
216.244.66.200 - - [02/Feb/2024:18:09:23 +0100] "GET /files/80_2004_rendmod_Indoklas_070814.pdf HTTP/1.1" 200 51565 "-" "Mozilla/5.0 (compatible; DotBot/1.2; +https://opensiteexplorer.org/dotbot; help@moz.com)"
216.244.66.200 - - [02/Feb/2024:18:09:45 +0100] "GET /files/allatgyogyaszat_velemenyezesre.pdf HTTP/1.1" 200 204868 "-" "Mozilla/5.0 (compatible; DotBot/1.2; +https://opensiteexplorer.org/dotbot; help@moz.com)"
144.76.14.54 - - [02/Feb/2024:18:25:32 +0100] "GET /robots.txt HTTP/1.1" 200 1590 "-" "Mozilla/5.0 (Windows NT 10.0; Win64; x64; trendictionbot0.5.0; trendiction search; http://www.trendiction.de/bot; please let us know of any problems; web at trendiction.com) Gecko/20170101 Firefox/67.0"
66.249.77.226 - - [02/Feb/2024:18:25:34 +0100] "GET /files/fvm_szalmonellozis_velemenyezesre.pdf HTTP/1.1" 200 156900 "-" "Mozilla/5.0 (Linux; Android 6.0.1; Nexus 5X Build/MMB29P) AppleWebKit/537.36 (KHTML, like Gecko) Chrome/121.0.6167.85 Mobile Safari/537.36 (compatible; Googlebot/2.1; +http://www.google.com/bot.html)"
31.46.241.184 - - [02/Feb/2024:18:25:53 +0100] "GET /files/nem-konvencionalis_korm_rend_090202.doc HTTP/1.1" 200 45619 "https://www.google.com/" "Mozilla/5.0 (Linux; Android 10; K) AppleWebKit/537.36 (KHTML, like Gecko) Chrome/120.0.0.0 Mobile Safari/537.36"
144.76.14.54 - - [02/Feb/2024:18:26:05 +0100] "GET / HTTP/1.1" 200 - "-" "Mozilla/5.0 (Windows NT 10.0; Win64; x64; trendictionbot0.5.0; trendiction search; http://www.trendiction.de/bot; please let us know of any problems; web at trendiction.com) Gecko/20170101 Firefox/67.0"
144.76.14.54 - - [02/Feb/2024:18:26:37 +0100] "GET / HTTP/1.1" 200 - "-" "Mozilla/5.0 (Windows NT 10.0; Win64; x64; trendictionbot0.5.0; trendiction search; http://www.trendiction.de/bot; please let us know of any problems; web at trendiction.com) Gecko/20170101 Firefox/67.0"
31.46.241.184 - - [02/Feb/2024:18:27:00 +0100] "GET /files/nem-konvencionalis_korm_rend_090202.doc HTTP/1.1" 206 1 "https://www.google.com/" "Mozilla/5.0 (Linux; Android 10; K) AppleWebKit/537.36 (KHTML, like Gecko) Chrome/120.0.0.0 Mobile Safari/537.36"
31.46.241.184 - - [02/Feb/2024:18:27:00 +0100] "GET /files/nem-konvencionalis_korm_rend_090202.doc HTTP/1.1" 206 131072 "https://www.google.com/" "Mozilla/5.0 (Linux; Android 10; K) AppleWebKit/537.36 (KHTML, like Gecko) Chrome/120.0.0.0 Mobile Safari/537.36"
144.76.14.54 - - [02/Feb/2024:18:27:09 +0100] "GET / HTTP/1.1" 200 - "-" "Mozilla/5.0 (Windows NT 10.0; Win64; x64; trendictionbot0.5.0; trendiction search; http://www.trendiction.de/bot; please let us know of any problems; web at trendiction.com) Gecko/20170101 Firefox/67.0"
31.46.241.184 - - [02/Feb/2024:18:27:11 +0100] "GET /files/nem-konvencionalis_korm_rend_090202.doc HTTP/1.1" 206 1 "https://www.google.com/" "Mozilla/5.0 (Linux; Android 10; K) AppleWebKit/537.36 (KHTML, like Gecko) Chrome/120.0.0.0 Mobile Safari/537.36"
31.46.241.184 - - [02/Feb/2024:18:27:11 +0100] "GET /files/nem-konvencionalis_korm_rend_090202.doc HTTP/1.1" 206 47004 "https://www.google.com/" "Mozilla/5.0 (Linux; Android 10; K) AppleWebKit/537.36 (KHTML, like Gecko) Chrome/120.0.0.0 Mobile Safari/537.36"
31.46.241.184 - - [02/Feb/2024:18:27:18 +0100] "GET /files/nem-konvencionalis_korm_rend_090202.doc HTTP/1.1" 206 1 "https://www.google.com/" "Mozilla/5.0 (Linux; Android 10; K) AppleWebKit/537.36 (KHTML, like Gecko) Chrome/120.0.0.0 Mobile Safari/537.36"
31.46.241.184 - - [02/Feb/2024:18:27:18 +0100] "GET /files/nem-konvencionalis_korm_rend_090202.doc HTTP/1.1" 206 103164 "https://www.google.com/" "Mozilla/5.0 (Linux; Android 10; K) AppleWebKit/537.36 (KHTML, like Gecko) Chrome/120.0.0.0 Mobile Safari/537.36"
31.46.241.184 - - [02/Feb/2024:18:27:25 +0100] "GET /files/nem-konvencionalis_korm_rend_090202.doc HTTP/1.1" 206 1 "https://www.google.com/" "Mozilla/5.0 (Linux; Android 10; K) AppleWebKit/537.36 (KHTML, like Gecko) Chrome/120.0.0.0 Mobile Safari/537.36"
31.46.241.184 - - [02/Feb/2024:18:27:25 +0100] "GET /files/nem-konvencionalis_korm_rend_090202.doc HTTP/1.1" 206 47004 "https://www.google.com/" "Mozilla/5.0 (Linux; Android 10; K) AppleWebKit/537.36 (KHTML, like Gecko) Chrome/120.0.0.0 Mobile Safari/537.36"
31.46.241.184 - - [02/Feb/2024:18:27:27 +0100] "GET /files/nem-konvencionalis_korm_rend_090202.doc HTTP/1.1" 206 1 "https://www.google.com/" "Mozilla/5.0 (Linux; Android 10; K) AppleWebKit/537.36 (KHTML, like Gecko) Chrome/120.0.0.0 Mobile Safari/537.36"
31.46.241.184 - - [02/Feb/2024:18:27:27 +0100] "GET /files/nem-konvencionalis_korm_rend_090202.doc HTTP/1.1" 206 98304 "https://www.google.com/" "Mozilla/5.0 (Linux; Android 10; K) AppleWebKit/537.36 (KHTML, like Gecko) Chrome/120.0.0.0 Mobile Safari/537.36"
31.46.241.184 - - [02/Feb/2024:18:27:29 +0100] "GET /files/nem-konvencionalis_korm_rend_090202.doc HTTP/1.1" 206 1 "https://www.google.com/" "Mozilla/5.0 (Linux; Android 10; K) AppleWebKit/537.36 (KHTML, like Gecko) Chrome/120.0.0.0 Mobile Safari/537.36"
31.46.241.184 - - [02/Feb/2024:18:27:29 +0100] "GET /files/nem-konvencionalis_korm_rend_090202.doc HTTP/1.1" 206 47003 "https://www.google.com/" "Mozilla/5.0 (Linux; Android 10; K) AppleWebKit/537.36 (KHTML, like Gecko) Chrome/120.0.0.0 Mobile Safari/537.36"
31.46.241.184 - - [02/Feb/2024:18:27:35 +0100] "GET /files/nem-konvencionalis_korm_rend_090202.doc HTTP/1.1" 206 1 "https://www.google.com/" "Mozilla/5.0 (Linux; Android 10; K) AppleWebKit/537.36 (KHTML, like Gecko) Chrome/120.0.0.0 Mobile Safari/537.36"
31.46.241.184 - - [02/Feb/2024:18:27:35 +0100] "GET /files/nem-konvencionalis_korm_rend_090202.doc HTTP/1.1" 206 103163 "https://www.google.com/" "Mozilla/5.0 (Linux; Android 10; K) AppleWebKit/537.36 (KHTML, like Gecko) Chrome/120.0.0.0 Mobile Safari/537.36"
144.76.14.54 - - [02/Feb/2024:18:27:41 +0100] "GET / HTTP/1.1" 200 - "-" "Mozilla/5.0 (Windows NT 10.0; Win64; x64; trendictionbot0.5.0; trendiction search; http://www.trendiction.de/bot; please let us know of any problems; web at trendiction.com) Gecko/20170101 Firefox/67.0"
31.46.241.184 - - [02/Feb/2024:18:27:42 +0100] "GET /files/nem-konvencionalis_korm_rend_090202.doc HTTP/1.1" 206 1 "https://www.google.com/" "Mozilla/5.0 (Linux; Android 10; K) AppleWebKit/537.36 (KHTML, like Gecko) Chrome/120.0.0.0 Mobile Safari/537.36"
31.46.241.184 - - [02/Feb/2024:18:27:42 +0100] "GET /files/nem-konvencionalis_korm_rend_090202.doc HTTP/1.1" 206 47003 "https://www.google.com/" "Mozilla/5.0 (Linux; Android 10; K) AppleWebKit/537.36 (KHTML, like Gecko) Chrome/120.0.0.0 Mobile Safari/537.36"
31.46.241.184 - - [02/Feb/2024:18:27:48 +0100] "GET /files/nem-konvencionalis_korm_rend_090202.doc HTTP/1.1" 206 1 "https://www.google.com/" "Mozilla/5.0 (Linux; Android 10; K) AppleWebKit/537.36 (KHTML, like Gecko) Chrome/120.0.0.0 Mobile Safari/537.36"
31.46.241.184 - - [02/Feb/2024:18:27:48 +0100] "GET /files/nem-konvencionalis_korm_rend_090202.doc HTTP/1.1" 206 111803 "https://www.google.com/" "Mozilla/5.0 (Linux; Android 10; K) AppleWebKit/537.36 (KHTML, like Gecko) Chrome/120.0.0.0 Mobile Safari/537.36"
31.46.241.184 - - [02/Feb/2024:18:28:24 +0100] "GET /files/nem-konvencionalis_korm_rend_090202.doc HTTP/1.1" 206 1 "https://www.google.com/" "Mozilla/5.0 (Linux; Android 10; K) AppleWebKit/537.36 (KHTML, like Gecko) Chrome/120.0.0.0 Mobile Safari/537.36"
31.46.241.184 - - [02/Feb/2024:18:28:24 +0100] "GET /files/nem-konvencionalis_korm_rend_090202.doc HTTP/1.1" 206 47003 "https://www.google.com/" "Mozilla/5.0 (Linux; Android 10; K) AppleWebKit/537.36 (KHTML, like Gecko) Chrome/120.0.0.0 Mobile Safari/537.36"
31.46.241.184 - - [02/Feb/2024:18:28:31 +0100] "GET /files/nem-konvencionalis_korm_rend_090202.doc HTTP/1.1" 206 1 "https://www.google.com/" "Mozilla/5.0 (Linux; Android 10; K) AppleWebKit/537.36 (KHTML, like Gecko) Chrome/120.0.0.0 Mobile Safari/537.36"
31.46.241.184 - - [02/Feb/2024:18:28:31 +0100] "GET /files/nem-konvencionalis_korm_rend_090202.doc HTTP/1.1" 206 103163 "https://www.google.com/" "Mozilla/5.0 (Linux; Android 10; K) AppleWebKit/537.36 (KHTML, like Gecko) Chrome/120.0.0.0 Mobile Safari/537.36"
31.46.241.184 - - [02/Feb/2024:18:29:04 +0100] "GET /files/nem-konvencionalis_korm_rend_090202.doc HTTP/1.1" 206 1 "https://www.google.com/" "Mozilla/5.0 (Linux; Android 10; K) AppleWebKit/537.36 (KHTML, like Gecko) Chrome/120.0.0.0 Mobile Safari/537.36"
31.46.241.184 - - [02/Feb/2024:18:29:04 +0100] "GET /files/nem-konvencionalis_korm_rend_090202.doc HTTP/1.1" 206 47003 "https://www.google.com/" "Mozilla/5.0 (Linux; Android 10; K) AppleWebKit/537.36 (KHTML, like Gecko) Chrome/120.0.0.0 Mobile Safari/537.36"
52.167.144.191 - - [02/Feb/2024:18:33:16 +0100] "GET /files/ptk_oroklesi_jog.pdf HTTP/1.1" 200 260717 "-" "Mozilla/5.0 AppleWebKit/537.36 (KHTML, like Gecko; compatible; bingbot/2.0; +http://www.bing.com/bingbot.htm) Chrome/116.0.1938.76 Safari/537.36"
111.207.155.211 - - [02/Feb/2024:18:35:57 +0100] "GET / HTTP/1.1" 200 - "-" "Mozilla/5.0 Firefox/35.0"
216.244.66.200 - - [02/Feb/2024:18:36:44 +0100] "GET /robots.txt HTTP/1.1" 200 1590 "-" "Mozilla/5.0 (compatible; DotBot/1.2; +https://opensiteexplorer.org/dotbot; help@moz.com)"
216.244.66.200 - - [02/Feb/2024:18:36:46 +0100] "GET /robots.txt HTTP/1.1" 200 1590 "-" "Mozilla/5.0 (compatible; DotBot/1.2; +https://opensiteexplorer.org/dotbot; help@moz.com)"
216.244.66.200 - - [02/Feb/2024:18:45:40 +0100] "GET /files/10596_vizsgaszervezes_080609.pdf HTTP/1.1" 200 836302 "-" "Mozilla/5.0 (compatible; DotBot/1.2; +https://opensiteexplorer.org/dotbot; help@moz.com)"
216.244.66.200 - - [02/Feb/2024:18:46:12 +0100] "GET /files/1_2006_mod_tervezet_20060815.pdf HTTP/1.1" 200 132783 "-" "Mozilla/5.0 (compatible; DotBot/1.2; +https://opensiteexplorer.org/dotbot; help@moz.com)"
216.244.66.200 - - [02/Feb/2024:18:46:43 +0100] "GET /files/20-2001._bm_rend._mod._terv.doc HTTP/1.1" 200 38912 "-" "Mozilla/5.0 (compatible; DotBot/1.2; +https://opensiteexplorer.org/dotbot; help@moz.com)"
216.244.66.200 - - [02/Feb/2024:18:47:15 +0100] "GET /files/Eloterjesztes_264_15_16_mod_KOZIG.pdf HTTP/1.1" 200 190086 "-" "Mozilla/5.0 (compatible; DotBot/1.2; +https://opensiteexplorer.org/dotbot; help@moz.com)"
216.244.66.200 - - [02/Feb/2024:18:47:44 +0100] "GET /files/derivativrendeletterv_es_indoklas.doc HTTP/1.1" 200 41472 "-" "Mozilla/5.0 (compatible; DotBot/1.2; +https://opensiteexplorer.org/dotbot; help@moz.com)"
216.244.66.200 - - [02/Feb/2024:18:48:14 +0100] "GET /files/gys_tars_bizt_tam_befog_eum_rendelet.doc HTTP/1.1" 200 149504 "-" "Mozilla/5.0 (compatible; DotBot/1.2; +https://opensiteexplorer.org/dotbot; help@moz.com)"
216.244.66.200 - - [02/Feb/2024:18:48:41 +0100] "GET /files/kozeg_mell_jarvanyugyi_szolg.pdf HTTP/1.1" 200 160304 "-" "Mozilla/5.0 (compatible; DotBot/1.2; +https://opensiteexplorer.org/dotbot; help@moz.com)"
216.244.66.200 - - [02/Feb/2024:18:49:20 +0100] "GET /files/nyari_gyermetk_terv_090323-1.pdf HTTP/1.1" 200 771694 "-" "Mozilla/5.0 (compatible; DotBot/1.2; +https://opensiteexplorer.org/dotbot; help@moz.com)"
216.244.66.200 - - [02/Feb/2024:18:49:51 +0100] "GET /files/rat2005vegimodrend_1_fuggelek.doc HTTP/1.1" 200 31744 "-" "Mozilla/5.0 (compatible; DotBot/1.2; +https://opensiteexplorer.org/dotbot; help@moz.com)"
216.244.66.200 - - [02/Feb/2024:18:50:21 +0100] "GET /files/szakmai_kollegiumok_rend_tervezet.doc HTTP/1.1" 200 26112 "-" "Mozilla/5.0 (compatible; DotBot/1.2; +https://opensiteexplorer.org/dotbot; help@moz.com)"
216.244.66.200 - - [02/Feb/2024:18:50:55 +0100] "GET /files/szakmai_tapasztalat_terv_071014.pdf HTTP/1.1" 200 259581 "-" "Mozilla/5.0 (compatible; DotBot/1.2; +https://opensiteexplorer.org/dotbot; help@moz.com)"
216.244.66.200 - - [02/Feb/2024:18:51:54 +0100] "GET /files/Indokol%C3%83%C2%A1s.t%C3%83%C2%A1rc%C3%83%C2%A1ra.doc HTTP/1.1" 200 - "-" "Mozilla/5.0 (compatible; DotBot/1.2; +https://opensiteexplorer.org/dotbot; help@moz.com)"
216.244.66.200 - - [02/Feb/2024:18:52:15 +0100] "GET /files/bevetelek_felhasznalasarol_es_elszamolasarol_tervezet.pdf HTTP/1.1" 200 103912 "-" "Mozilla/5.0 (compatible; DotBot/1.2; +https://opensiteexplorer.org/dotbot; help@moz.com)"
85.235.94.239 - - [02/Feb/2024:18:52:24 +0100] "GET /files/2_sz_melleklet_061031.pdf HTTP/1.1" 200 56446 "https://www.google.com/" "Mozilla/5.0 (Linux; Android 10; K) AppleWebKit/537.36 (KHTML, like Gecko) Chrome/121.0.0.0 Mobile Safari/537.36"
85.235.94.239 - - [02/Feb/2024:18:52:28 +0100] "GET /files/2_sz_melleklet_061031.pdf HTTP/1.1" 206 1 "https://www.google.com/" "Mozilla/5.0 (Linux; Android 10; K) AppleWebKit/537.36 (KHTML, like Gecko) Chrome/121.0.0.0 Mobile Safari/537.36"
85.235.94.239 - - [02/Feb/2024:18:52:28 +0100] "GET /files/2_sz_melleklet_061031.pdf HTTP/1.1" 206 34244 "https://www.google.com/" "Mozilla/5.0 (Linux; Android 10; K) AppleWebKit/537.36 (KHTML, like Gecko) Chrome/121.0.0.0 Mobile Safari/537.36"
85.235.94.239 - - [02/Feb/2024:18:52:31 +0100] "GET /files/2_sz_melleklet_061031.pdf HTTP/1.1" 206 1 "https://www.google.com/" "Mozilla/5.0 (Linux; Android 10; K) AppleWebKit/537.36 (KHTML, like Gecko) Chrome/121.0.0.0 Mobile Safari/537.36"
85.235.94.239 - - [02/Feb/2024:18:52:31 +0100] "GET /files/2_sz_melleklet_061031.pdf HTTP/1.1" 206 35692 "https://www.google.com/" "Mozilla/5.0 (Linux; Android 10; K) AppleWebKit/537.36 (KHTML, like Gecko) Chrome/121.0.0.0 Mobile Safari/537.36"
216.244.66.200 - - [02/Feb/2024:18:52:45 +0100] "GET /files/cegbejegyzesi_eljaras_21_per_2006__02_12_fin.doc HTTP/1.1" 200 54272 "-" "Mozilla/5.0 (compatible; DotBot/1.2; +https://opensiteexplorer.org/dotbot; help@moz.com)"
