216.244.66.200 - - [15/May/2024:21:26:28 +0200] "GET /files/17per2009min_rend_mod_091106.doc HTTP/1.1" 200 37888 "-" "Mozilla/5.0 (compatible; DotBot/1.2; +https://opensiteexplorer.org/dotbot; help@moz.com)"
216.244.66.200 - - [15/May/2024:21:27:29 +0200] "GET /files/50_2002___iii__26___korm__rendelet_m%C3%83%C2%B3dos%C3%83%C2%ADt%C3%83%C2%A1sa_6-1.doc HTTP/1.1" 200 - "-" "Mozilla/5.0 (compatible; DotBot/1.2; +https://opensiteexplorer.org/dotbot; help@moz.com)"
216.244.66.200 - - [15/May/2024:21:28:19 +0200] "GET /files/el%C3%85%E2%80%98terjeszt%C3%83%C2%A9s_07%2010%2017%20Korm%C3%83%C2%A1ny_b.pdf HTTP/1.1" 200 - "-" "Mozilla/5.0 (compatible; DotBot/1.2; +https://opensiteexplorer.org/dotbot; help@moz.com)"
216.244.66.200 - - [15/May/2024:21:29:09 +0200] "GET /taxonomy/term/79/0/feed HTTP/1.1" 200 - "-" "Mozilla/5.0 (compatible; DotBot/1.2; +https://opensiteexplorer.org/dotbot; help@moz.com)"
216.244.66.200 - - [15/May/2024:21:31:36 +0200] "GET /taxonomy/term/55%2057%2058%2059%2060%2061%2062%2063%2064%2065%2066%2067%2068%2069%2070%2071%2072%2073%2074%2075/0/feed HTTP/1.1" 200 - "-" "Mozilla/5.0 (compatible; DotBot/1.2; +https://opensiteexplorer.org/dotbot; help@moz.com)"
176.63.21.93 - - [15/May/2024:21:51:49 +0200] "GET /files/hadkotelesek_hm_eum_rendelet_tervezet_melleklet.pdf HTTP/1.1" 200 238902 "https://www.google.com/" "Mozilla/5.0 (Linux; Android 10; K) AppleWebKit/537.36 (KHTML, like Gecko) Chrome/124.0.0.0 Mobile Safari/537.36"
176.63.21.93 - - [15/May/2024:21:51:52 +0200] "GET /files/hadkotelesek_hm_eum_rendelet_tervezet_melleklet.pdf HTTP/1.1" 206 1 "https://www.google.com/" "Mozilla/5.0 (Linux; Android 10; K) AppleWebKit/537.36 (KHTML, like Gecko) Chrome/124.0.0.0 Mobile Safari/537.36"
176.63.21.93 - - [15/May/2024:21:51:52 +0200] "GET /files/hadkotelesek_hm_eum_rendelet_tervezet_melleklet.pdf HTTP/1.1" 206 34687 "https://www.google.com/" "Mozilla/5.0 (Linux; Android 10; K) AppleWebKit/537.36 (KHTML, like Gecko) Chrome/124.0.0.0 Mobile Safari/537.36"
176.63.21.93 - - [15/May/2024:21:52:01 +0200] "GET /files/hadkotelesek_hm_eum_rendelet_tervezet_melleklet.pdf HTTP/1.1" 206 1 "https://www.google.com/" "Mozilla/5.0 (Linux; Android 10; K) AppleWebKit/537.36 (KHTML, like Gecko) Chrome/124.0.0.0 Mobile Safari/537.36"
176.63.21.93 - - [15/May/2024:21:52:01 +0200] "GET /files/hadkotelesek_hm_eum_rendelet_tervezet_melleklet.pdf HTTP/1.1" 206 34687 "https://www.google.com/" "Mozilla/5.0 (Linux; Android 10; K) AppleWebKit/537.36 (KHTML, like Gecko) Chrome/124.0.0.0 Mobile Safari/537.36"
216.244.66.200 - - [15/May/2024:21:53:54 +0200] "GET /robots.txt HTTP/1.1" 200 1590 "-" "Mozilla/5.0 (compatible; DotBot/1.2; +https://opensiteexplorer.org/dotbot; help@moz.com)"
50.62.144.122 - - [15/May/2024:22:02:45 +0200] "GET /wp-login.php HTTP/1.1" 200 - "-" "Mozilla/5.0 (X11; Fedora; Linux x86_64; rv:94.0) Gecko/20100101 Firefox/95.0"
216.244.66.200 - - [15/May/2024:22:09:39 +0200] "GET /files/18-1998_t%C3%83%C2%A1rc%C3%83%C2%A1ra.doc HTTP/1.1" 200 - "-" "Mozilla/5.0 (compatible; DotBot/1.2; +https://opensiteexplorer.org/dotbot; help@moz.com)"
216.244.66.200 - - [15/May/2024:22:09:45 +0200] "GET /files/26_2000_szmm_rend_mod_terv_090716.pdf HTTP/1.1" 200 226338 "-" "Mozilla/5.0 (compatible; DotBot/1.2; +https://opensiteexplorer.org/dotbot; help@moz.com)"
216.244.66.200 - - [15/May/2024:22:10:27 +0200] "GET /files/TD_tv_kozigazgatasi_egyeztetes.pdf HTTP/1.1" 200 220061 "-" "Mozilla/5.0 (compatible; DotBot/1.2; +https://opensiteexplorer.org/dotbot; help@moz.com)"
216.244.66.200 - - [15/May/2024:22:11:03 +0200] "GET /files/fontos_es_bizalmas_munkakorok_060913.pdf HTTP/1.1" 200 114801 "-" "Mozilla/5.0 (compatible; DotBot/1.2; +https://opensiteexplorer.org/dotbot; help@moz.com)"
216.244.66.200 - - [15/May/2024:22:11:57 +0200] "GET /files/gygyszerrendeletterv_2008_07_31.pdf HTTP/1.1" 200 455715 "-" "Mozilla/5.0 (compatible; DotBot/1.2; +https://opensiteexplorer.org/dotbot; help@moz.com)"
216.244.66.200 - - [15/May/2024:22:12:31 +0200] "GET /files/szjt_megfelelesi_tablazat_20080331.doc HTTP/1.1" 200 111616 "-" "Mozilla/5.0 (compatible; DotBot/1.2; +https://opensiteexplorer.org/dotbot; help@moz.com)"
66.249.70.102 - - [15/May/2024:22:13:32 +0200] "GET / HTTP/1.1" 200 - "-" "Mozilla/5.0 (compatible; Googlebot/2.1; +http://www.google.com/bot.html)"
216.244.66.200 - - [15/May/2024:22:13:38 +0200] "GET /files/rezidensk%C3%83%C2%A9pz%C3%83%C2%A9s%20t%C3%83%C2%A1rc%C3%83%C2%A1ra.doc HTTP/1.1" 200 - "-" "Mozilla/5.0 (compatible; DotBot/1.2; +https://opensiteexplorer.org/dotbot; help@moz.com)"
66.249.70.104 - - [15/May/2024:22:14:04 +0200] "GET / HTTP/1.1" 200 - "-" "Mozilla/5.0 (Linux; Android 6.0.1; Nexus 5X Build/MMB29P) AppleWebKit/537.36 (KHTML, like Gecko) Chrome/99.0.4844.84 Mobile Safari/537.36 (compatible; Googlebot/2.1; +http://www.google.com/bot.html)"
66.249.70.102 - - [15/May/2024:22:14:36 +0200] "GET / HTTP/1.1" 200 - "-" "Mozilla/5.0 (compatible; Googlebot/2.1; +http://www.google.com/bot.html)"
66.249.70.102 - - [15/May/2024:22:15:08 +0200] "GET / HTTP/1.1" 200 - "-" "Mozilla/5.0 (Linux; Android 6.0.1; Nexus 5X Build/MMB29P) AppleWebKit/537.36 (KHTML, like Gecko) Chrome/124.0.6367.155 Mobile Safari/537.36 (compatible; Googlebot/2.1; +http://www.google.com/bot.html)"
216.244.66.200 - - [15/May/2024:22:41:57 +0200] "GET /robots.txt HTTP/1.1" 200 1590 "-" "Mozilla/5.0 (compatible; DotBot/1.2; +https://opensiteexplorer.org/dotbot; help@moz.com)"
216.244.66.200 - - [15/May/2024:22:41:57 +0200] "GET /robots.txt HTTP/1.1" 200 1590 "-" "Mozilla/5.0 (compatible; DotBot/1.2; +https://opensiteexplorer.org/dotbot; help@moz.com)"
216.244.66.200 - - [15/May/2024:22:54:11 +0200] "GET /files/19_2003___iv__29___eszcsm_rendelet_m%C3%83%C2%B3dos%C3%83%C2%ADt%C3%83%C2%A1sa_6.doc HTTP/1.1" 200 - "-" "Mozilla/5.0 (compatible; DotBot/1.2; +https://opensiteexplorer.org/dotbot; help@moz.com)"
216.244.66.200 - - [15/May/2024:22:54:27 +0200] "GET /files/NFGM_4626.pdf HTTP/1.1" 200 351806 "-" "Mozilla/5.0 (compatible; DotBot/1.2; +https://opensiteexplorer.org/dotbot; help@moz.com)"
216.244.66.200 - - [15/May/2024:22:55:01 +0200] "GET /files/R140-9.doc HTTP/1.1" 200 61952 "-" "Mozilla/5.0 (compatible; DotBot/1.2; +https://opensiteexplorer.org/dotbot; help@moz.com)"
216.244.66.200 - - [15/May/2024:22:55:47 +0200] "GET /files/norma_2.pdf HTTP/1.1" 200 311625 "-" "Mozilla/5.0 (compatible; DotBot/1.2; +https://opensiteexplorer.org/dotbot; help@moz.com)"
216.244.66.200 - - [15/May/2024:22:56:29 +0200] "GET /files/tervezet.pdf HTTP/1.1" 200 224036 "-" "Mozilla/5.0 (compatible; DotBot/1.2; +https://opensiteexplorer.org/dotbot; help@moz.com)"
216.244.66.200 - - [15/May/2024:22:57:12 +0200] "GET /files/2117_2131_terv.pdf HTTP/1.1" 200 269693 "-" "Mozilla/5.0 (compatible; DotBot/1.2; +https://opensiteexplorer.org/dotbot; help@moz.com)"
216.244.66.200 - - [15/May/2024:22:57:45 +0200] "GET /files/doktori_eloterj_061107.pdf.txt HTTP/1.1" 200 2407 "-" "Mozilla/5.0 (compatible; DotBot/1.2; +https://opensiteexplorer.org/dotbot; help@moz.com)"
216.244.66.200 - - [15/May/2024:22:58:34 +0200] "GET /files/egyes_szocrend_terv_070124.pdf HTTP/1.1" 200 336579 "-" "Mozilla/5.0 (compatible; DotBot/1.2; +https://opensiteexplorer.org/dotbot; help@moz.com)"
216.244.66.200 - - [15/May/2024:22:59:06 +0200] "GET /files/hataratkelohely.doc HTTP/1.1" 200 107520 "-" "Mozilla/5.0 (compatible; DotBot/1.2; +https://opensiteexplorer.org/dotbot; help@moz.com)"
216.244.66.200 - - [15/May/2024:22:59:40 +0200] "GET /files/koll_szerz_terv_090206.pdf HTTP/1.1" 200 129599 "-" "Mozilla/5.0 (compatible; DotBot/1.2; +https://opensiteexplorer.org/dotbot; help@moz.com)"
216.244.66.200 - - [15/May/2024:23:00:24 +0200] "GET /files/ped_tov_terv_080924.pdf HTTP/1.1" 200 564660 "-" "Mozilla/5.0 (compatible; DotBot/1.2; +https://opensiteexplorer.org/dotbot; help@moz.com)"
216.244.66.200 - - [15/May/2024:23:01:01 +0200] "GET /files/start_terv_090128.pdf HTTP/1.1" 200 231961 "-" "Mozilla/5.0 (compatible; DotBot/1.2; +https://opensiteexplorer.org/dotbot; help@moz.com)"
216.244.66.200 - - [15/May/2024:23:01:34 +0200] "GET /files/tanev_rendje_2007_08_061229.pdf HTTP/1.1" 200 215910 "-" "Mozilla/5.0 (compatible; DotBot/1.2; +https://opensiteexplorer.org/dotbot; help@moz.com)"
216.244.66.200 - - [15/May/2024:23:02:11 +0200] "GET /files/torvenytervezet_xcvtorveny.pdf HTTP/1.1" 200 326175 "-" "Mozilla/5.0 (compatible; DotBot/1.2; +https://opensiteexplorer.org/dotbot; help@moz.com)"
216.244.66.200 - - [15/May/2024:23:02:43 +0200] "GET /files/vendeglato_term.zip HTTP/1.1" 200 47122 "-" "Mozilla/5.0 (compatible; DotBot/1.2; +https://opensiteexplorer.org/dotbot; help@moz.com)"
216.244.66.200 - - [15/May/2024:23:03:13 +0200] "GET /files/0705_T_rc_ra1_Botanikus_kert.doc HTTP/1.1" 200 56832 "-" "Mozilla/5.0 (compatible; DotBot/1.2; +https://opensiteexplorer.org/dotbot; help@moz.com)"
216.244.66.200 - - [15/May/2024:23:03:52 +0200] "GET /files/100_1997_mod_eloterj_terv_090904.pdf HTTP/1.1" 200 411342 "-" "Mozilla/5.0 (compatible; DotBot/1.2; +https://opensiteexplorer.org/dotbot; help@moz.com)"
216.244.66.200 - - [15/May/2024:23:04:27 +0200] "GET /files/Ma_Ukr_szoc_bizt_egy_terv_090618.doc HTTP/1.1" 200 223744 "-" "Mozilla/5.0 (compatible; DotBot/1.2; +https://opensiteexplorer.org/dotbot; help@moz.com)"
216.244.66.200 - - [15/May/2024:23:05:01 +0200] "GET /files/aeui_biocid_termekekrol_2006_08_14.pdf HTTP/1.1" 200 180346 "-" "Mozilla/5.0 (compatible; DotBot/1.2; +https://opensiteexplorer.org/dotbot; help@moz.com)"
216.244.66.200 - - [15/May/2024:23:05:32 +0200] "GET /files/munkaszuneti_napok_2008_070726.pdf HTTP/1.1" 200 114361 "-" "Mozilla/5.0 (compatible; DotBot/1.2; +https://opensiteexplorer.org/dotbot; help@moz.com)"
216.244.66.200 - - [15/May/2024:23:06:31 +0200] "GET /files/%C3%83%E2%80%93sszefogl%C3%83%C2%A1ll%C3%83%C2%A1sf_vegl.doc HTTP/1.1" 200 - "-" "Mozilla/5.0 (compatible; DotBot/1.2; +https://opensiteexplorer.org/dotbot; help@moz.com)"
216.244.66.200 - - [15/May/2024:23:07:21 +0200] "GET /files/k%C3%83%C2%B6z%C3%83%C2%BAti_j%C3%83%C2%A1rm%C3%85%C2%B1vez_eg_alk_min_rend_mod.doc HTTP/1.1" 200 - "-" "Mozilla/5.0 (compatible; DotBot/1.2; +https://opensiteexplorer.org/dotbot; help@moz.com)"
216.244.66.200 - - [15/May/2024:23:08:12 +0200] "GET /taxonomy/term/80/0/feed HTTP/1.1" 200 - "-" "Mozilla/5.0 (compatible; DotBot/1.2; +https://opensiteexplorer.org/dotbot; help@moz.com)"
216.244.66.200 - - [15/May/2024:23:09:02 +0200] "GET /files/38_2003___vii__7___eszcsm_fvm_kvvm_egy%C3%83%C2%BCttes_rendelet_m%C3%83%C2%B3dos%C3%83%C2%ADt%C3%83%C2%A1sa_8.doc HTTP/1.1" 200 - "-" "Mozilla/5.0 (compatible; DotBot/1.2; +https://opensiteexplorer.org/dotbot; help@moz.com)"
216.244.66.200 - - [15/May/2024:23:31:23 +0200] "GET /robots.txt HTTP/1.1" 200 1590 "-" "Mozilla/5.0 (compatible; DotBot/1.2; +https://opensiteexplorer.org/dotbot; help@moz.com)"
66.249.64.64 - - [15/May/2024:23:45:02 +0200] "GET /files/Kovi_rendelet_2009_kozig.pdf HTTP/1.1" 304 - "-" "Mozilla/5.0 (Linux; Android 6.0.1; Nexus 5X Build/MMB29P) AppleWebKit/537.36 (KHTML, like Gecko) Chrome/124.0.6367.201 Mobile Safari/537.36 (compatible; Googlebot/2.1; +http://www.google.com/bot.html)"
66.249.70.103 - - [15/May/2024:23:49:49 +0200] "GET /files/ekozig_strategia.pdf HTTP/1.1" 200 731185 "-" "Googlebot/2.1 (+http://www.google.com/bot.html)"
207.46.13.230 - - [15/May/2024:23:50:08 +0200] "GET /robots.txt HTTP/1.1" 200 1590 "-" "Mozilla/5.0 AppleWebKit/537.36 (KHTML, like Gecko; compatible; bingbot/2.0; +http://www.bing.com/bingbot.htm) Chrome/116.0.1938.76 Safari/537.36"
40.77.167.33 - - [15/May/2024:23:50:14 +0200] "GET /files/ptk_oroklesi_jog.pdf HTTP/1.1" 304 - "-" "Mozilla/5.0 AppleWebKit/537.36 (KHTML, like Gecko; compatible; bingbot/2.0; +http://www.bing.com/bingbot.htm) Chrome/116.0.1938.76 Safari/537.36"
216.244.66.200 - - [15/May/2024:23:58:07 +0200] "GET /files/1031_jelent_s.doc HTTP/1.1" 200 244736 "-" "Mozilla/5.0 (compatible; DotBot/1.2; +https://opensiteexplorer.org/dotbot; help@moz.com)"
216.244.66.200 - - [15/May/2024:23:58:39 +0200] "GET /files/pontrendszer.doc HTTP/1.1" 200 146944 "-" "Mozilla/5.0 (compatible; DotBot/1.2; +https://opensiteexplorer.org/dotbot; help@moz.com)"
216.244.66.200 - - [15/May/2024:23:59:10 +0200] "GET /files/0417__sv_nyok_tervezet_k_zig.doc HTTP/1.1" 200 66048 "-" "Mozilla/5.0 (compatible; DotBot/1.2; +https://opensiteexplorer.org/dotbot; help@moz.com)"
216.244.66.200 - - [15/May/2024:23:59:44 +0200] "GET /files/50_2004_fvm_modositas_velemenyezesre.pdf HTTP/1.1" 200 286188 "-" "Mozilla/5.0 (compatible; DotBot/1.2; +https://opensiteexplorer.org/dotbot; help@moz.com)"
66.249.70.104 - - [16/May/2024:00:00:03 +0200] "GET /files/digit_irastudas_terv_100217.pdf HTTP/1.1" 200 298823 "-" "Mozilla/5.0 (Linux; Android 6.0.1; Nexus 5X Build/MMB29P) AppleWebKit/537.36 (KHTML, like Gecko) Chrome/124.0.6367.201 Mobile Safari/537.36 (compatible; Googlebot/2.1; +http://www.google.com/bot.html)"
216.244.66.200 - - [16/May/2024:00:00:13 +0200] "GET /files/Eg_ell_ftv_mod_0810031.doc HTTP/1.1" 200 103936 "-" "Mozilla/5.0 (compatible; DotBot/1.2; +https://opensiteexplorer.org/dotbot; help@moz.com)"
216.244.66.200 - - [16/May/2024:00:00:42 +0200] "GET /files/NES_eloterjesztes_kozig.pdf HTTP/1.1" 200 53717 "-" "Mozilla/5.0 (compatible; DotBot/1.2; +https://opensiteexplorer.org/dotbot; help@moz.com)"
216.244.66.200 - - [16/May/2024:00:01:08 +0200] "GET /files/PM_Jogalkot%C3%A1si%20feladatok%20jegyz%C3%A9ke%202007.%20I.%20f%C3%A9l%C3%A9v.doc HTTP/1.1" 200 33792 "-" "Mozilla/5.0 (compatible; DotBot/1.2; +https://opensiteexplorer.org/dotbot; help@moz.com)"
216.244.66.200 - - [16/May/2024:00:02:05 +0200] "GET /files/SZMSZ_Szombathely_r%C3%A9szlet[1].doc HTTP/1.1" 200 - "-" "Mozilla/5.0 (compatible; DotBot/1.2; +https://opensiteexplorer.org/dotbot; help@moz.com)"
216.244.66.200 - - [16/May/2024:00:02:26 +0200] "GET /files/eloterjesztes_20100302.pdf HTTP/1.1" 200 159138 "-" "Mozilla/5.0 (compatible; DotBot/1.2; +https://opensiteexplorer.org/dotbot; help@moz.com)"
216.244.66.200 - - [16/May/2024:00:02:56 +0200] "GET /files/fontos_es_bizalmas_munkakorok_060913.pdf HTTP/1.1" 200 114801 "-" "Mozilla/5.0 (compatible; DotBot/1.2; +https://opensiteexplorer.org/dotbot; help@moz.com)"
66.249.64.76 - - [16/May/2024:00:07:32 +0200] "GET /files/NFGM9341.pdf HTTP/1.1" 304 - "-" "Mozilla/5.0 (Linux; Android 6.0.1; Nexus 5X Build/MMB29P) AppleWebKit/537.36 (KHTML, like Gecko) Chrome/124.0.6367.201 Mobile Safari/537.36 (compatible; Googlebot/2.1; +http://www.google.com/bot.html)"
66.249.64.75 - - [16/May/2024:00:16:20 +0200] "GET /files/szvk_mell_terv_090804.pdf HTTP/1.1" 200 3057361 "-" "Mozilla/5.0 (Linux; Android 6.0.1; Nexus 5X Build/MMB29P) AppleWebKit/537.36 (KHTML, like Gecko) Chrome/124.0.6367.201 Mobile Safari/537.36 (compatible; GoogleOther)"
216.244.66.200 - - [16/May/2024:00:20:31 +0200] "GET /robots.txt HTTP/1.1" 200 1590 "-" "Mozilla/5.0 (compatible; DotBot/1.2; +https://opensiteexplorer.org/dotbot; help@moz.com)"
66.249.64.76 - - [16/May/2024:00:27:33 +0200] "GET /files/NFGM9341.pdf HTTP/1.1" 200 218734 "-" "Mozilla/5.0 (Linux; Android 6.0.1; Nexus 5X Build/MMB29P) AppleWebKit/537.36 (KHTML, like Gecko) Chrome/124.0.6367.201 Mobile Safari/537.36 (compatible; GoogleOther)"
91.33.162.220 - - [16/May/2024:00:29:33 +0200] "GET /files/szakertoidijazas.doc HTTP/1.1" 200 59392 "-" "Mozilla/5.0 (Windows NT 10.0; WOW64; Trident/7.0; rv:11.0) like Gecko"
216.244.66.200 - - [16/May/2024:00:47:24 +0200] "GET /files/2409.pdf HTTP/1.1" 200 188554 "-" "Mozilla/5.0 (compatible; DotBot/1.2; +https://opensiteexplorer.org/dotbot; help@moz.com)"
216.244.66.200 - - [16/May/2024:00:47:36 +0200] "GET /files/T.2756.doc HTTP/1.1" 200 182784 "-" "Mozilla/5.0 (compatible; DotBot/1.2; +https://opensiteexplorer.org/dotbot; help@moz.com)"
216.244.66.200 - - [16/May/2024:00:48:11 +0200] "GET /files/R199_4_indoklas.doc HTTP/1.1" 200 35840 "-" "Mozilla/5.0 (compatible; DotBot/1.2; +https://opensiteexplorer.org/dotbot; help@moz.com)"
216.244.66.200 - - [16/May/2024:00:48:26 +0200] "GET /files/filmrend_terv_070713.pdf HTTP/1.1" 200 467476 "-" "Mozilla/5.0 (compatible; DotBot/1.2; +https://opensiteexplorer.org/dotbot; help@moz.com)"
216.244.66.200 - - [16/May/2024:00:49:01 +0200] "GET /files/szakszo_hajozo.pdf HTTP/1.1" 200 183291 "-" "Mozilla/5.0 (compatible; DotBot/1.2; +https://opensiteexplorer.org/dotbot; help@moz.com)"
216.244.66.200 - - [16/May/2024:00:49:41 +0200] "GET /files/telepules_dok.pdf HTTP/1.1" 200 390907 "-" "Mozilla/5.0 (compatible; DotBot/1.2; +https://opensiteexplorer.org/dotbot; help@moz.com)"
66.249.70.104 - - [16/May/2024:00:50:03 +0200] "GET /files/digit_irastudas_terv_100217.pdf HTTP/1.1" 200 298823 "-" "Mozilla/5.0 (Linux; Android 6.0.1; Nexus 5X Build/MMB29P) AppleWebKit/537.36 (KHTML, like Gecko) Chrome/124.0.6367.201 Mobile Safari/537.36 (compatible; GoogleOther)"
216.244.66.200 - - [16/May/2024:00:50:17 +0200] "GET /files/ucp_fgytv_080229.pdf HTTP/1.1" 200 480844 "-" "Mozilla/5.0 (compatible; DotBot/1.2; +https://opensiteexplorer.org/dotbot; help@moz.com)"
216.244.66.200 - - [16/May/2024:00:50:47 +0200] "GET /files/0817_T_rc_ra_szeghalmi.doc HTTP/1.1" 200 55296 "-" "Mozilla/5.0 (compatible; DotBot/1.2; +https://opensiteexplorer.org/dotbot; help@moz.com)"
216.244.66.200 - - [16/May/2024:00:51:21 +0200] "GET /files/112_eloterjesztes_tarcara_070201.pdf HTTP/1.1" 200 255879 "-" "Mozilla/5.0 (compatible; DotBot/1.2; +https://opensiteexplorer.org/dotbot; help@moz.com)"
40.77.167.18 - - [16/May/2024:00:56:25 +0200] "GET /files/gyermekszegenyseg_tervezet_5_melleklet_070125.pdf HTTP/1.1" 304 - "-" "Mozilla/5.0 AppleWebKit/537.36 (KHTML, like Gecko; compatible; bingbot/2.0; +http://www.bing.com/bingbot.htm) Chrome/116.0.1938.76 Safari/537.36"
66.249.64.64 - - [16/May/2024:01:12:33 +0200] "GET /files/filmrendelet_terv_080708.pdf HTTP/1.1" 200 270638 "-" "Mozilla/5.0 (Linux; Android 6.0.1; Nexus 5X Build/MMB29P) AppleWebKit/537.36 (KHTML, like Gecko) Chrome/124.0.6367.201 Mobile Safari/537.36 (compatible; GoogleOther)"
216.244.66.200 - - [16/May/2024:01:12:53 +0200] "GET /robots.txt HTTP/1.1" 200 1590 "-" "Mozilla/5.0 (compatible; DotBot/1.2; +https://opensiteexplorer.org/dotbot; help@moz.com)"
216.244.66.200 - - [16/May/2024:01:12:53 +0200] "GET /robots.txt HTTP/1.1" 200 1590 "-" "Mozilla/5.0 (compatible; DotBot/1.2; +https://opensiteexplorer.org/dotbot; help@moz.com)"
216.244.66.200 - - [16/May/2024:01:18:23 +0200] "GET /files/ptk_kotelmi_jog.pdf HTTP/1.1" 200 559972 "-" "Mozilla/5.0 (compatible; DotBot/1.2; +https://opensiteexplorer.org/dotbot; help@moz.com)"
66.249.64.75 - - [16/May/2024:01:35:03 +0200] "GET /files/Kovi_rendelet_2009_kozig.pdf HTTP/1.1" 200 262245 "-" "Mozilla/5.0 (Linux; Android 6.0.1; Nexus 5X Build/MMB29P) AppleWebKit/537.36 (KHTML, like Gecko) Chrome/124.0.6367.201 Mobile Safari/537.36 (compatible; GoogleOther)"
40.77.167.25 - - [16/May/2024:01:37:30 +0200] "GET /files/me_1_3_51__1_080313.pdf HTTP/1.1" 200 243169 "-" "Mozilla/5.0 AppleWebKit/537.36 (KHTML, like Gecko; compatible; bingbot/2.0; +http://www.bing.com/bingbot.htm) Chrome/116.0.1938.76 Safari/537.36"
216.244.66.200 - - [16/May/2024:01:39:52 +0200] "GET /files/_2eg3fmuj5edt6m_.pdf HTTP/1.1" 200 314007 "-" "Mozilla/5.0 (compatible; DotBot/1.2; +https://opensiteexplorer.org/dotbot; help@moz.com)"
216.244.66.200 - - [16/May/2024:01:40:42 +0200] "GET /files/080626_jogszabterv_digitvtam.pdf HTTP/1.1" 200 191378 "-" "Mozilla/5.0 (compatible; DotBot/1.2; +https://opensiteexplorer.org/dotbot; help@moz.com)"
216.244.66.200 - - [16/May/2024:01:41:00 +0200] "GET /files/NKP_II_2007_VT_eloterjesztes1_2.pdf HTTP/1.1" 200 497548 "-" "Mozilla/5.0 (compatible; DotBot/1.2; +https://opensiteexplorer.org/dotbot; help@moz.com)"
216.244.66.200 - - [16/May/2024:01:41:26 +0200] "GET /files/ftv_mod2_honlapra_070919.pdf HTTP/1.1" 200 157934 "-" "Mozilla/5.0 (compatible; DotBot/1.2; +https://opensiteexplorer.org/dotbot; help@moz.com)"
216.244.66.200 - - [16/May/2024:02:23:27 +0200] "GET /robots.txt HTTP/1.1" 200 1590 "-" "Mozilla/5.0 (compatible; DotBot/1.2; +https://opensiteexplorer.org/dotbot; help@moz.com)"
216.244.66.200 - - [16/May/2024:02:23:27 +0200] "GET /robots.txt HTTP/1.1" 200 1590 "-" "Mozilla/5.0 (compatible; DotBot/1.2; +https://opensiteexplorer.org/dotbot; help@moz.com)"
51.210.214.160 - - [16/May/2024:02:43:44 +0200] "GET /taxonomy/term/89/0/feed HTTP/1.1" 200 - "-" "Mozilla/5.0 (X11; Linux i686) AppleWebKit/537.36 (KHTML, like Gecko) Chrome/30.0.1599.66 Safari/537.36"
216.244.66.200 - - [16/May/2024:02:47:36 +0200] "GET /files/1128_neh_zf_mes_11.14.doc HTTP/1.1" 200 433993 "-" "Mozilla/5.0 (compatible; DotBot/1.2; +https://opensiteexplorer.org/dotbot; help@moz.com)"
216.244.66.200 - - [16/May/2024:02:48:06 +0200] "GET /files/kbszrprbl_100324.zip HTTP/1.1" 200 454266 "-" "Mozilla/5.0 (compatible; DotBot/1.2; +https://opensiteexplorer.org/dotbot; help@moz.com)"
216.244.66.200 - - [16/May/2024:02:48:31 +0200] "GET /files/100209_eloterjesztes_integralt_pontok.pdf HTTP/1.1" 200 175370 "-" "Mozilla/5.0 (compatible; DotBot/1.2; +https://opensiteexplorer.org/dotbot; help@moz.com)"
216.244.66.200 - - [16/May/2024:02:49:07 +0200] "GET /files/felsookt_int_felv_eljaras_060913.pdf HTTP/1.1" 200 302793 "-" "Mozilla/5.0 (compatible; DotBot/1.2; +https://opensiteexplorer.org/dotbot; help@moz.com)"
216.244.66.200 - - [16/May/2024:02:49:58 +0200] "GET /files/nepi_iparmuveszet_terv_090629.pdf HTTP/1.1" 200 389468 "-" "Mozilla/5.0 (compatible; DotBot/1.2; +https://opensiteexplorer.org/dotbot; help@moz.com)"
216.244.66.200 - - [16/May/2024:02:50:31 +0200] "GET /files/rat2005vegimodrend_3_melleklet.doc HTTP/1.1" 200 50688 "-" "Mozilla/5.0 (compatible; DotBot/1.2; +https://opensiteexplorer.org/dotbot; help@moz.com)"
216.244.66.200 - - [16/May/2024:02:51:04 +0200] "GET /files/0502_KvVM_rend.___imisszi_s.2006_k_zigre_.doc HTTP/1.1" 200 83968 "-" "Mozilla/5.0 (compatible; DotBot/1.2; +https://opensiteexplorer.org/dotbot; help@moz.com)"
216.244.66.200 - - [16/May/2024:02:51:41 +0200] "GET /files/1745_10.pdf HTTP/1.1" 200 159484 "-" "Mozilla/5.0 (compatible; DotBot/1.2; +https://opensiteexplorer.org/dotbot; help@moz.com)"
52.167.144.137 - - [16/May/2024:03:07:48 +0200] "GET /files/hallepcso_kozigre.pdf HTTP/1.1" 200 221476 "-" "Mozilla/5.0 AppleWebKit/537.36 (KHTML, like Gecko; compatible; bingbot/2.0; +http://www.bing.com/bingbot.htm) Chrome/116.0.1938.76 Safari/537.36"
216.244.66.200 - - [16/May/2024:03:20:17 +0200] "GET /robots.txt HTTP/1.1" 200 1590 "-" "Mozilla/5.0 (compatible; DotBot/1.2; +https://opensiteexplorer.org/dotbot; help@moz.com)"
216.244.66.200 - - [16/May/2024:03:34:17 +0200] "GET /files/2009janaug.pdf HTTP/1.1" 200 81829 "-" "Mozilla/5.0 (compatible; DotBot/1.2; +https://opensiteexplorer.org/dotbot; help@moz.com)"
44.214.187.82 - - [16/May/2024:03:35:35 +0200] "GET /robots.txt HTTP/1.1" 200 1590 "-" "-"
44.214.187.82 - - [16/May/2024:03:35:46 +0200] "GET /files/NFGM2005.pdf HTTP/1.1" 200 201548 "-" "Mozilla/5.0 (Windows NT 10.0; Win64; x64) AppleWebKit/605.1.15 (KHTML, like Gecko; compatible; FriendlyCrawler/1.0) Chrome/120.0.6099.216 Safari/605.1.15"
216.244.66.200 - - [16/May/2024:03:41:32 +0200] "GET /files/090311kumrendelet_fejezetikezeles.pdf HTTP/1.1" 200 205554 "-" "Mozilla/5.0 (compatible; DotBot/1.2; +https://opensiteexplorer.org/dotbot; help@moz.com)"
5.255.231.18 - - [16/May/2024:03:41:46 +0200] "GET /robots.txt HTTP/1.1" 200 1590 "-" "Mozilla/5.0 (compatible; YandexBot/3.0; +http://yandex.com/bots)"
216.244.66.200 - - [16/May/2024:03:42:07 +0200] "GET /files/drogback_eloterj_1_fedlap_061129.pdf HTTP/1.1" 200 87970 "-" "Mozilla/5.0 (compatible; DotBot/1.2; +https://opensiteexplorer.org/dotbot; help@moz.com)"
95.108.213.232 - - [16/May/2024:03:42:18 +0200] "GET /drupal/files/jogugyletek.doc HTTP/1.1" 200 - "-" "Mozilla/5.0 (compatible; YandexBot/3.0; +http://yandex.com/bots)"
216.244.66.200 - - [16/May/2024:03:42:38 +0200] "GET /files/Eg_ell_ossz_fert_megel_tev_fel_min_rend_terv_090309.doc HTTP/1.1" 200 253440 "-" "Mozilla/5.0 (compatible; DotBot/1.2; +https://opensiteexplorer.org/dotbot; help@moz.com)"
216.244.66.200 - - [16/May/2024:03:43:40 +0200] "GET /files/Telep%C3%83%C2%BCl%C3%83%C2%A9s2009szeptember.pdf HTTP/1.1" 200 - "-" "Mozilla/5.0 (compatible; DotBot/1.2; +https://opensiteexplorer.org/dotbot; help@moz.com)"
66.249.70.104 - - [16/May/2024:03:57:38 +0200] "GET /files/az_uj_ptk_koncepcioja.pdf HTTP/1.1" 304 - "-" "Mozilla/5.0 (Linux; Android 6.0.1; Nexus 5X Build/MMB29P) AppleWebKit/537.36 (KHTML, like Gecko) Chrome/124.0.6367.201 Mobile Safari/537.36 (compatible; Googlebot/2.1; +http://www.google.com/bot.html)"
87.250.224.42 - - [16/May/2024:04:58:50 +0200] "GET /robots.txt HTTP/1.1" 200 1590 "-" "Mozilla/5.0 (compatible; YandexBot/3.0; +http://yandex.com/bots)"
213.180.203.251 - - [16/May/2024:04:59:23 +0200] "GET /files/ptk.csaladjog.pdf. HTTP/1.1" 200 - "-" "Mozilla/5.0 (compatible; YandexBot/3.0; +http://yandex.com/bots)"
66.249.70.102 - - [16/May/2024:05:21:08 +0200] "GET /files/ovadek_rendelet.pdf HTTP/1.1" 200 57228 "-" "Mozilla/5.0 (Linux; Android 6.0.1; Nexus 5X Build/MMB29P) AppleWebKit/537.36 (KHTML, like Gecko) Chrome/124.0.6367.201 Mobile Safari/537.36 (compatible; GoogleOther)"
40.77.167.1 - - [16/May/2024:05:27:10 +0200] "GET /web/home.nsf/51aad2b5d20c0da2c1256c84003b0d36/19d8b89bd24c96c9c125721800386e5e/$FILE/13_mell.pdf HTTP/1.1" 200 - "-" "Mozilla/5.0 AppleWebKit/537.36 (KHTML, like Gecko; compatible; bingbot/2.0; +http://www.bing.com/bingbot.htm) Chrome/116.0.1938.76 Safari/537.36"
66.249.64.75 - - [16/May/2024:05:27:38 +0200] "GET /files/rendelet_szakmapolra.doc HTTP/1.1" 304 - "-" "Mozilla/5.0 (Linux; Android 6.0.1; Nexus 5X Build/MMB29P) AppleWebKit/537.36 (KHTML, like Gecko) Chrome/124.0.6367.201 Mobile Safari/537.36 (compatible; Googlebot/2.1; +http://www.google.com/bot.html)"
40.77.167.1 - - [16/May/2024:05:27:42 +0200] "GET /web/home.nsf/51aad2b5d20c0da2c1256c84003b0d36/19d8b89bd24c96c9c125721800386e5e/$FILE/13_mell.pdf HTTP/1.1" 200 - "-" "Mozilla/5.0 AppleWebKit/537.36 (KHTML, like Gecko; compatible; bingbot/2.0; +http://www.bing.com/bingbot.htm) Chrome/116.0.1938.76 Safari/537.36"
66.249.64.75 - - [16/May/2024:05:36:39 +0200] "GET / HTTP/1.1" 200 - "-" "Mozilla/5.0 (Linux; Android 6.0.1; Nexus 5X Build/MMB29P) AppleWebKit/537.36 (KHTML, like Gecko) Chrome/124.0.6367.201 Mobile Safari/537.36 (compatible; Googlebot/2.1; +http://www.google.com/bot.html)"
207.46.13.36 - - [16/May/2024:05:43:49 +0200] "GET /web/home.nsf/51aad2b5d20c0da2c1256c84003b0d36/516a2bb0e46cac07c12572180036e855/$FILE/im_o_meg.pdf HTTP/1.1" 200 - "-" "Mozilla/5.0 AppleWebKit/537.36 (KHTML, like Gecko; compatible; bingbot/2.0; +http://www.bing.com/bingbot.htm) Chrome/116.0.1938.76 Safari/537.36"
207.46.13.36 - - [16/May/2024:05:44:21 +0200] "GET /web/home.nsf/51aad2b5d20c0da2c1256c84003b0d36/516a2bb0e46cac07c12572180036e855/$FILE/im_o_meg.pdf HTTP/1.1" 200 - "-" "Mozilla/5.0 AppleWebKit/537.36 (KHTML, like Gecko; compatible; bingbot/2.0; +http://www.bing.com/bingbot.htm) Chrome/116.0.1938.76 Safari/537.36"
40.77.167.76 - - [16/May/2024:05:45:20 +0200] "GET /files/egysz_fogl_terv_090512.pdf HTTP/1.1" 200 336516 "-" "Mozilla/5.0 AppleWebKit/537.36 (KHTML, like Gecko; compatible; bingbot/2.0; +http://www.bing.com/bingbot.htm) Chrome/116.0.1938.76 Safari/537.36"
213.180.203.57 - - [16/May/2024:07:06:08 +0200] "GET /robots.txt HTTP/1.1" 200 1590 "-" "Mozilla/5.0 (compatible; YandexBot/3.0; +http://yandex.com/bots)"
5.255.231.246 - - [16/May/2024:07:06:40 +0200] "GET /drupal/taxonomy/term/46. HTTP/1.1" 200 - "-" "Mozilla/5.0 (compatible; YandexBot/3.0; +http://yandex.com/bots)"
66.249.64.75 - - [16/May/2024:07:08:40 +0200] "GET /drupal/node/871 HTTP/1.1" 200 - "-" "Mozilla/5.0 (Linux; Android 6.0.1; Nexus 5X Build/MMB29P) AppleWebKit/537.36 (KHTML, like Gecko) Chrome/124.0.6367.201 Mobile Safari/537.36 (compatible; GoogleOther)"
207.46.13.14 - - [16/May/2024:07:13:39 +0200] "GET /web/home.nsf/51aad2b5d20c0da2c1256c84003b0d36/516a2bb0e46cac07c12572180036e855/$FILE/eu_2.pdf HTTP/1.1" 200 - "-" "Mozilla/5.0 AppleWebKit/537.36 (KHTML, like Gecko; compatible; bingbot/2.0; +http://www.bing.com/bingbot.htm) Chrome/116.0.1938.76 Safari/537.36"
207.46.13.14 - - [16/May/2024:07:14:12 +0200] "GET /web/home.nsf/51aad2b5d20c0da2c1256c84003b0d36/516a2bb0e46cac07c12572180036e855/$FILE/eu_2.pdf HTTP/1.1" 200 - "-" "Mozilla/5.0 AppleWebKit/537.36 (KHTML, like Gecko; compatible; bingbot/2.0; +http://www.bing.com/bingbot.htm) Chrome/116.0.1938.76 Safari/537.36"
23.22.35.162 - - [16/May/2024:07:25:52 +0200] "GET /robots.txt HTTP/1.1" 200 1590 "-" "Mozilla/5.0 (Macintosh; Intel Mac OS X 10_10_1) AppleWebKit/600.2.5 (KHTML, like Gecko) Version/8.0.2 Safari/600.2.5 (Amazonbot/0.1; +https://developer.amazon.com/support/amazonbot)"
23.22.35.162 - - [16/May/2024:07:26:25 +0200] "GET /node/1599 HTTP/1.1" 200 - "-" "Mozilla/5.0 (Macintosh; Intel Mac OS X 10_10_1) AppleWebKit/600.2.5 (KHTML, like Gecko) Version/8.0.2 Safari/600.2.5 (Amazonbot/0.1; +https://developer.amazon.com/support/amazonbot)"
51.222.253.14 - - [16/May/2024:08:04:01 +0200] "GET /robots.txt HTTP/1.1" 200 1590 "-" "Mozilla/5.0 (compatible; AhrefsBot/7.0; +http://ahrefs.com/robot/)"
66.249.64.76 - - [16/May/2024:08:37:07 +0200] "GET /files/oksz_terv_100302.pdf HTTP/1.1" 304 - "-" "Mozilla/5.0 (Linux; Android 6.0.1; Nexus 5X Build/MMB29P) AppleWebKit/537.36 (KHTML, like Gecko) Chrome/124.0.6367.201 Mobile Safari/537.36 (compatible; Googlebot/2.1; +http://www.google.com/bot.html)"
66.249.64.76 - - [16/May/2024:09:08:55 +0200] "GET /drupal/node/383 HTTP/1.1" 200 - "-" "Mozilla/5.0 (Linux; Android 6.0.1; Nexus 5X Build/MMB29P) AppleWebKit/537.36 (KHTML, like Gecko) Chrome/124.0.6367.201 Mobile Safari/537.36 (compatible; GoogleOther)"
20.191.45.212 - - [16/May/2024:09:33:28 +0200] "GET /favicon.ico HTTP/1.1" 404 57 "http://www.jogalkotas.hu/favicon.ico" "DuckDuckBot/1.1; (+http://duckduckgo.com/duckduckbot.html)"
20.191.45.212 - - [16/May/2024:09:33:50 +0200] "GET / HTTP/1.1" 200 - "http://www.jogalkotas.hu/" "DuckDuckBot/1.1; (+http://duckduckgo.com/duckduckbot.html)"
66.249.64.76 - - [16/May/2024:09:42:02 +0200] "GET /files/kkv_koncepcio.pdf HTTP/1.1" 200 497733 "-" "Mozilla/5.0 (Linux; Android 6.0.1; Nexus 5X Build/MMB29P) AppleWebKit/537.36 (KHTML, like Gecko) Chrome/124.0.6367.201 Mobile Safari/537.36 (compatible; Googlebot/2.1; +http://www.google.com/bot.html)"
66.249.64.76 - - [16/May/2024:09:57:31 +0200] "GET / HTTP/1.1" 200 - "-" "Mozilla/5.0 (compatible; Googlebot/2.1; +http://www.google.com/bot.html)"
66.249.64.75 - - [16/May/2024:09:58:03 +0200] "GET / HTTP/1.1" 200 - "-" "Mozilla/5.0 (Linux; Android 6.0.1; Nexus 5X Build/MMB29P) AppleWebKit/537.36 (KHTML, like Gecko) Chrome/99.0.4844.84 Mobile Safari/537.36 (compatible; Googlebot/2.1; +http://www.google.com/bot.html)"
66.249.64.75 - - [16/May/2024:09:58:35 +0200] "GET / HTTP/1.1" 200 - "-" "Mozilla/5.0 (compatible; Googlebot/2.1; +http://www.google.com/bot.html)"
66.249.64.75 - - [16/May/2024:09:59:07 +0200] "GET / HTTP/1.1" 200 - "-" "Mozilla/5.0 (Linux; Android 6.0.1; Nexus 5X Build/MMB29P) AppleWebKit/537.36 (KHTML, like Gecko) Chrome/124.0.6367.201 Mobile Safari/537.36 (compatible; Googlebot/2.1; +http://www.google.com/bot.html)"
66.249.64.76 - - [16/May/2024:10:04:09 +0200] "GET /drupal/files/egyes_kozl_tv.pdf HTTP/1.1" 200 - "-" "Mozilla/5.0 (Linux; Android 6.0.1; Nexus 5X Build/MMB29P) AppleWebKit/537.36 (KHTML, like Gecko) Chrome/124.0.6367.201 Mobile Safari/537.36 (compatible; GoogleOther)"
66.249.64.76 - - [16/May/2024:10:16:25 +0200] "GET / HTTP/1.1" 200 - "-" "Mozilla/5.0 (Linux; Android 6.0.1; Nexus 5X Build/MMB29P) AppleWebKit/537.36 (KHTML, like Gecko) Chrome/124.0.6367.201 Mobile Safari/537.36 (compatible; GoogleOther)"
66.249.64.64 - - [16/May/2024:10:18:26 +0200] "GET /files/14390_10.pdf HTTP/1.1" 304 - "-" "Mozilla/5.0 (Linux; Android 6.0.1; Nexus 5X Build/MMB29P) AppleWebKit/537.36 (KHTML, like Gecko) Chrome/124.0.6367.201 Mobile Safari/537.36 (compatible; Googlebot/2.1; +http://www.google.com/bot.html)"
179.43.191.18 - - [16/May/2024:10:33:48 +0200] "GET /wp-content/plugins/litespeed-cache/readme.txt HTTP/1.1" 200 - "http://jogalkotas.hu" "Searcherweb"
66.249.70.104 - - [16/May/2024:10:51:22 +0200] "GET /files/vizbazis0806_kozigre.pdf HTTP/1.1" 200 552509 "-" "Mozilla/5.0 AppleWebKit/537.36 (KHTML, like Gecko; compatible; GoogleOther) Chrome/124.0.6367.201 Safari/537.36"
162.0.209.167 - - [16/May/2024:11:08:12 +0200] "GET / HTTP/1.1" 200 - "-" "-"
34.76.0.250 - - [16/May/2024:11:20:22 +0200] "GET /robots.txt HTTP/1.1" 200 1590 "-" "Mozilla/5.0 (compatible; VelenPublicWebCrawler/1.0; +https://velen.io)"
34.76.0.250 - - [16/May/2024:11:20:54 +0200] "GET /taxonomy/term/55 HTTP/1.1" 200 - "-" "Mozilla/5.0 (compatible; VelenPublicWebCrawler/1.0; +https://velen.io)"
34.76.0.250 - - [16/May/2024:11:21:24 +0200] "GET /taxonomy/term/55 HTTP/1.1" 200 - "-" "Mozilla/5.0 (compatible; VelenPublicWebCrawler/1.0; +https://velen.io)"
34.76.0.250 - - [16/May/2024:11:21:55 +0200] "GET /taxonomy/term/55 HTTP/1.1" 200 - "-" "Mozilla/5.0 (compatible; VelenPublicWebCrawler/1.0; +https://velen.io)"
34.76.0.250 - - [16/May/2024:11:22:27 +0200] "GET /taxonomy/term/55 HTTP/1.1" 200 - "-" "Mozilla/5.0 (compatible; VelenPublicWebCrawler/1.0; +https://velen.io)"
34.76.0.250 - - [16/May/2024:11:23:00 +0200] "GET /taxonomy/term/55 HTTP/1.1" 200 - "-" "Mozilla/5.0 (compatible; VelenPublicWebCrawler/1.0; +https://velen.io)"
150.230.58.58 - - [16/May/2024:11:24:50 +0200] "GET /nf_tracking.php HTTP/1.1" 200 - "-" "Mozlila/5.0 (Linux; Android 7.0; SM-G892A Bulid/NRD90M; wv) AppleWebKit/537.36 (KHTML, like Gecko) Version/4.0 Chrome/60.0.3112.107 Moblie Safari/537.36"
158.69.124.96 - - [16/May/2024:11:29:01 +0200] "GET /db/phpmyadmin3/index.php?lang=en HTTP/1.1" 200 - "-" "Mozilla/5.0 (Windows NT 10.0; Win64; x64) AppleWebKit/537.36 (KHTML, like Gecko) Chrome/106.0.0.0 Safari/537.36 PageSpeedPlus/1.0.0"
158.69.124.96 - - [16/May/2024:11:29:06 +0200] "GET /sql/php-myadmin/index.php?lang=en HTTP/1.1" 200 - "-" "Mozilla/5.0 (Windows NT 10.0; Win64; x64) AppleWebKit/537.36 (KHTML, like Gecko) Chrome/106.0.0.0 Safari/537.36 PageSpeedPlus/1.0.0"
158.69.124.96 - - [16/May/2024:11:29:11 +0200] "GET /program/index.php?lang=en HTTP/1.1" 200 - "-" "Mozilla/5.0 (Windows NT 10.0; Win64; x64) AppleWebKit/537.36 (KHTML, like Gecko) Chrome/106.0.0.0 Safari/537.36 PageSpeedPlus/1.0.0"
158.69.124.96 - - [16/May/2024:11:29:16 +0200] "GET /mysql/pma/index.php?lang=en HTTP/1.1" 200 - "-" "Mozilla/5.0 (Windows NT 10.0; Win64; x64) AppleWebKit/537.36 (KHTML, like Gecko) Chrome/106.0.0.0 Safari/537.36 PageSpeedPlus/1.0.0"
158.69.124.96 - - [16/May/2024:11:29:21 +0200] "GET /phpMyadmin/index.php?lang=en HTTP/1.1" 200 - "-" "Mozilla/5.0 (Windows NT 10.0; Win64; x64) AppleWebKit/537.36 (KHTML, like Gecko) Chrome/106.0.0.0 Safari/537.36 PageSpeedPlus/1.0.0"
158.69.124.96 - - [16/May/2024:11:29:25 +0200] "GET /phpMyAdmin-5.1.3/index.php?lang=en HTTP/1.1" 200 - "-" "Mozilla/5.0 (Windows NT 10.0; Win64; x64) AppleWebKit/537.36 (KHTML, like Gecko) Chrome/106.0.0.0 Safari/537.36 PageSpeedPlus/1.0.0"
158.69.124.96 - - [16/May/2024:11:29:31 +0200] "GET /mysql/dbadmin/index.php?lang=en HTTP/1.1" 200 - "-" "Mozilla/5.0 (Windows NT 10.0; Win64; x64) AppleWebKit/537.36 (KHTML, like Gecko) Chrome/106.0.0.0 Safari/537.36 PageSpeedPlus/1.0.0"
158.69.124.96 - - [16/May/2024:11:29:36 +0200] "GET /wp-content/plugins/portable-phpmyadmin/wp-pma-mod/index.php?lang=en HTTP/1.1" 200 - "-" "Mozilla/5.0 (Windows NT 10.0; Win64; x64) AppleWebKit/537.36 (KHTML, like Gecko) Chrome/106.0.0.0 Safari/537.36 PageSpeedPlus/1.0.0"
158.69.124.96 - - [16/May/2024:11:29:40 +0200] "GET /phpMyAdmin-latest-english/index.php?lang=en HTTP/1.1" 200 - "-" "Mozilla/5.0 (Windows NT 10.0; Win64; x64) AppleWebKit/537.36 (KHTML, like Gecko) Chrome/106.0.0.0 Safari/537.36 PageSpeedPlus/1.0.0"
158.69.124.96 - - [16/May/2024:11:29:45 +0200] "GET /phpmyAdmin/index.php?lang=en HTTP/1.1" 200 - "-" "Mozilla/5.0 (Windows NT 10.0; Win64; x64) AppleWebKit/537.36 (KHTML, like Gecko) Chrome/106.0.0.0 Safari/537.36 PageSpeedPlus/1.0.0"
158.69.124.96 - - [16/May/2024:11:29:50 +0200] "GET /phpmyadmin2021/index.php?lang=en HTTP/1.1" 200 - "-" "Mozilla/5.0 (Windows NT 10.0; Win64; x64) AppleWebKit/537.36 (KHTML, like Gecko) Chrome/106.0.0.0 Safari/537.36 PageSpeedPlus/1.0.0"
158.69.124.96 - - [16/May/2024:11:29:56 +0200] "GET /admin/phpmyadmin/index.php?lang=en HTTP/1.1" 200 - "-" "Mozilla/5.0 (Windows NT 10.0; Win64; x64) AppleWebKit/537.36 (KHTML, like Gecko) Chrome/106.0.0.0 Safari/537.36 PageSpeedPlus/1.0.0"
158.69.124.96 - - [16/May/2024:11:30:01 +0200] "GET /admin/web/index.php?lang=en HTTP/1.1" 200 - "-" "Mozilla/5.0 (Windows NT 10.0; Win64; x64) AppleWebKit/537.36 (KHTML, like Gecko) Chrome/106.0.0.0 Safari/537.36 PageSpeedPlus/1.0.0"
158.69.124.96 - - [16/May/2024:11:30:05 +0200] "GET /sql/sqladmin/index.php?lang=en HTTP/1.1" 200 - "-" "Mozilla/5.0 (Windows NT 10.0; Win64; x64) AppleWebKit/537.36 (KHTML, like Gecko) Chrome/106.0.0.0 Safari/537.36 PageSpeedPlus/1.0.0"
158.69.124.96 - - [16/May/2024:11:30:10 +0200] "GET /phpMyAdmin3/index.php?lang=en HTTP/1.1" 200 - "-" "Mozilla/5.0 (Windows NT 10.0; Win64; x64) AppleWebKit/537.36 (KHTML, like Gecko) Chrome/106.0.0.0 Safari/537.36 PageSpeedPlus/1.0.0"
158.69.124.96 - - [16/May/2024:11:30:15 +0200] "GET /mysql/db/index.php?lang=en HTTP/1.1" 200 - "-" "Mozilla/5.0 (Windows NT 10.0; Win64; x64) AppleWebKit/537.36 (KHTML, like Gecko) Chrome/106.0.0.0 Safari/537.36 PageSpeedPlus/1.0.0"
158.69.124.96 - - [16/May/2024:11:30:20 +0200] "GET /phpMyAdmin2/index.php?lang=en HTTP/1.1" 200 - "-" "Mozilla/5.0 (Windows NT 10.0; Win64; x64) AppleWebKit/537.36 (KHTML, like Gecko) Chrome/106.0.0.0 Safari/537.36 PageSpeedPlus/1.0.0"
158.69.124.96 - - [16/May/2024:11:30:25 +0200] "GET /sql/sqlweb/index.php?lang=en HTTP/1.1" 200 - "-" "Mozilla/5.0 (Windows NT 10.0; Win64; x64) AppleWebKit/537.36 (KHTML, like Gecko) Chrome/106.0.0.0 Safari/537.36 PageSpeedPlus/1.0.0"
158.69.124.96 - - [16/May/2024:11:30:30 +0200] "GET /phpMyAdmin-4/index.php?lang=en HTTP/1.1" 200 - "-" "Mozilla/5.0 (Windows NT 10.0; Win64; x64) AppleWebKit/537.36 (KHTML, like Gecko) Chrome/106.0.0.0 Safari/537.36 PageSpeedPlus/1.0.0"
158.69.124.96 - - [16/May/2024:11:30:35 +0200] "GET /phpmyadmin2018/index.php?lang=en HTTP/1.1" 200 - "-" "Mozilla/5.0 (Windows NT 10.0; Win64; x64) AppleWebKit/537.36 (KHTML, like Gecko) Chrome/106.0.0.0 Safari/537.36 PageSpeedPlus/1.0.0"
158.69.124.96 - - [16/May/2024:11:30:40 +0200] "GET /mysqladmin/index.php?lang=en HTTP/1.1" 200 - "-" "Mozilla/5.0 (Windows NT 10.0; Win64; x64) AppleWebKit/537.36 (KHTML, like Gecko) Chrome/106.0.0.0 Safari/537.36 PageSpeedPlus/1.0.0"
158.69.124.96 - - [16/May/2024:11:30:45 +0200] "GET /db/myadmin/index.php?lang=en HTTP/1.1" 200 - "-" "Mozilla/5.0 (Windows NT 10.0; Win64; x64) AppleWebKit/537.36 (KHTML, like Gecko) Chrome/106.0.0.0 Safari/537.36 PageSpeedPlus/1.0.0"
158.69.124.96 - - [16/May/2024:11:30:50 +0200] "GET /administrator/pma/index.php?lang=en HTTP/1.1" 200 - "-" "Mozilla/5.0 (Windows NT 10.0; Win64; x64) AppleWebKit/537.36 (KHTML, like Gecko) Chrome/106.0.0.0 Safari/537.36 PageSpeedPlus/1.0.0"
158.69.124.96 - - [16/May/2024:11:30:55 +0200] "GET /phpMyAdmin5/index.php?lang=en HTTP/1.1" 200 - "-" "Mozilla/5.0 (Windows NT 10.0; Win64; x64) AppleWebKit/537.36 (KHTML, like Gecko) Chrome/106.0.0.0 Safari/537.36 PageSpeedPlus/1.0.0"
158.69.124.96 - - [16/May/2024:11:31:00 +0200] "GET /mysql/sqlmanager/index.php?lang=en HTTP/1.1" 200 - "-" "Mozilla/5.0 (Windows NT 10.0; Win64; x64) AppleWebKit/537.36 (KHTML, like Gecko) Chrome/106.0.0.0 Safari/537.36 PageSpeedPlus/1.0.0"
158.69.124.96 - - [16/May/2024:11:31:05 +0200] "GET /shopdb/index.php?lang=en HTTP/1.1" 200 - "-" "Mozilla/5.0 (Windows NT 10.0; Win64; x64) AppleWebKit/537.36 (KHTML, like Gecko) Chrome/106.0.0.0 Safari/537.36 PageSpeedPlus/1.0.0"
158.69.124.96 - - [16/May/2024:11:31:10 +0200] "GET /sql/websql/index.php?lang=en HTTP/1.1" 200 - "-" "Mozilla/5.0 (Windows NT 10.0; Win64; x64) AppleWebKit/537.36 (KHTML, like Gecko) Chrome/106.0.0.0 Safari/537.36 PageSpeedPlus/1.0.0"
158.69.124.96 - - [16/May/2024:11:31:16 +0200] "GET /phpmyadmin2/index.php?lang=en HTTP/1.1" 200 - "-" "Mozilla/5.0 (Windows NT 10.0; Win64; x64) AppleWebKit/537.36 (KHTML, like Gecko) Chrome/106.0.0.0 Safari/537.36 PageSpeedPlus/1.0.0"
158.69.124.96 - - [16/May/2024:11:31:20 +0200] "GET /phpMyAdmin-5.2.1-all-languages/index.php?lang=en HTTP/1.1" 200 - "-" "Mozilla/5.0 (Windows NT 10.0; Win64; x64) AppleWebKit/537.36 (KHTML, like Gecko) Chrome/106.0.0.0 Safari/537.36 PageSpeedPlus/1.0.0"
158.69.124.96 - - [16/May/2024:11:31:25 +0200] "GET /myadmin/index.php?lang=en HTTP/1.1" 200 - "-" "Mozilla/5.0 (Windows NT 10.0; Win64; x64) AppleWebKit/537.36 (KHTML, like Gecko) Chrome/106.0.0.0 Safari/537.36 PageSpeedPlus/1.0.0"
158.69.124.96 - - [16/May/2024:11:31:31 +0200] "GET /phpmyadmin5/index.php?lang=en HTTP/1.1" 200 - "-" "Mozilla/5.0 (Windows NT 10.0; Win64; x64) AppleWebKit/537.36 (KHTML, like Gecko) Chrome/106.0.0.0 Safari/537.36 PageSpeedPlus/1.0.0"
158.69.124.96 - - [16/May/2024:11:31:35 +0200] "GET /db/phpMyAdmin-3/index.php?lang=en HTTP/1.1" 200 - "-" "Mozilla/5.0 (Windows NT 10.0; Win64; x64) AppleWebKit/537.36 (KHTML, like Gecko) Chrome/106.0.0.0 Safari/537.36 PageSpeedPlus/1.0.0"
158.69.124.96 - - [16/May/2024:11:31:41 +0200] "GET /db/phpmyadmin4/index.php?lang=en HTTP/1.1" 200 - "-" "Mozilla/5.0 (Windows NT 10.0; Win64; x64) AppleWebKit/537.36 (KHTML, like Gecko) Chrome/106.0.0.0 Safari/537.36 PageSpeedPlus/1.0.0"
158.69.124.96 - - [16/May/2024:11:31:45 +0200] "GET /sql/sql-admin/index.php?lang=en HTTP/1.1" 200 - "-" "Mozilla/5.0 (Windows NT 10.0; Win64; x64) AppleWebKit/537.36 (KHTML, like Gecko) Chrome/106.0.0.0 Safari/537.36 PageSpeedPlus/1.0.0"
158.69.124.96 - - [16/May/2024:11:31:50 +0200] "GET /sqlmanager/index.php?lang=en HTTP/1.1" 200 - "-" "Mozilla/5.0 (Windows NT 10.0; Win64; x64) AppleWebKit/537.36 (KHTML, like Gecko) Chrome/106.0.0.0 Safari/537.36 PageSpeedPlus/1.0.0"
158.69.124.96 - - [16/May/2024:11:31:55 +0200] "GET /phpMyAdmin5.1/index.php?lang=en HTTP/1.1" 200 - "-" "Mozilla/5.0 (Windows NT 10.0; Win64; x64) AppleWebKit/537.36 (KHTML, like Gecko) Chrome/106.0.0.0 Safari/537.36 PageSpeedPlus/1.0.0"
158.69.124.96 - - [16/May/2024:11:32:01 +0200] "GET /phpmy/index.php?lang=en HTTP/1.1" 200 - "-" "Mozilla/5.0 (Windows NT 10.0; Win64; x64) AppleWebKit/537.36 (KHTML, like Gecko) Chrome/106.0.0.0 Safari/537.36 PageSpeedPlus/1.0.0"
158.69.124.96 - - [16/May/2024:11:32:05 +0200] "GET /phpMyAdmin5.2/index.php?lang=en HTTP/1.1" 200 - "-" "Mozilla/5.0 (Windows NT 10.0; Win64; x64) AppleWebKit/537.36 (KHTML, like Gecko) Chrome/106.0.0.0 Safari/537.36 PageSpeedPlus/1.0.0"
158.69.124.96 - - [16/May/2024:11:32:11 +0200] "GET /phppma/index.php?lang=en HTTP/1.1" 200 - "-" "Mozilla/5.0 (Windows NT 10.0; Win64; x64) AppleWebKit/537.36 (KHTML, like Gecko) Chrome/106.0.0.0 Safari/537.36 PageSpeedPlus/1.0.0"
158.69.124.96 - - [16/May/2024:11:32:16 +0200] "GET /sql/sql/index.php?lang=en HTTP/1.1" 200 - "-" "Mozilla/5.0 (Windows NT 10.0; Win64; x64) AppleWebKit/537.36 (KHTML, like Gecko) Chrome/106.0.0.0 Safari/537.36 PageSpeedPlus/1.0.0"
158.69.124.96 - - [16/May/2024:11:32:20 +0200] "GET /admin/db/index.php?lang=en HTTP/1.1" 200 - "-" "Mozilla/5.0 (Windows NT 10.0; Win64; x64) AppleWebKit/537.36 (KHTML, like Gecko) Chrome/106.0.0.0 Safari/537.36 PageSpeedPlus/1.0.0"
158.69.124.96 - - [16/May/2024:11:32:26 +0200] "GET /mysql-admin/index.php?lang=en HTTP/1.1" 200 - "-" "Mozilla/5.0 (Windows NT 10.0; Win64; x64) AppleWebKit/537.36 (KHTML, like Gecko) Chrome/106.0.0.0 Safari/537.36 PageSpeedPlus/1.0.0"
158.69.124.96 - - [16/May/2024:11:32:30 +0200] "GET /phpmyadmin2020/index.php?lang=en HTTP/1.1" 200 - "-" "Mozilla/5.0 (Windows NT 10.0; Win64; x64) AppleWebKit/537.36 (KHTML, like Gecko) Chrome/106.0.0.0 Safari/537.36 PageSpeedPlus/1.0.0"
158.69.124.96 - - [16/May/2024:11:32:35 +0200] "GET /administrator/PMA/index.php?lang=en HTTP/1.1" 200 - "-" "Mozilla/5.0 (Windows NT 10.0; Win64; x64) AppleWebKit/537.36 (KHTML, like Gecko) Chrome/106.0.0.0 Safari/537.36 PageSpeedPlus/1.0.0"
158.69.124.96 - - [16/May/2024:11:32:40 +0200] "GET /administrator/db/index.php?lang=en HTTP/1.1" 200 - "-" "Mozilla/5.0 (Windows NT 10.0; Win64; x64) AppleWebKit/537.36 (KHTML, like Gecko) Chrome/106.0.0.0 Safari/537.36 PageSpeedPlus/1.0.0"
158.69.124.96 - - [16/May/2024:11:32:45 +0200] "GET /sql/phpmyadmin4/index.php?lang=en HTTP/1.1" 200 - "-" "Mozilla/5.0 (Windows NT 10.0; Win64; x64) AppleWebKit/537.36 (KHTML, like Gecko) Chrome/106.0.0.0 Safari/537.36 PageSpeedPlus/1.0.0"
158.69.124.96 - - [16/May/2024:11:32:50 +0200] "GET /phpMyAdmin-latest/index.php?lang=en HTTP/1.1" 200 - "-" "Mozilla/5.0 (Windows NT 10.0; Win64; x64) AppleWebKit/537.36 (KHTML, like Gecko) Chrome/106.0.0.0 Safari/537.36 PageSpeedPlus/1.0.0"
158.69.124.96 - - [16/May/2024:11:32:55 +0200] "GET /phpMyAdmin-3/index.php?lang=en HTTP/1.1" 200 - "-" "Mozilla/5.0 (Windows NT 10.0; Win64; x64) AppleWebKit/537.36 (KHTML, like Gecko) Chrome/106.0.0.0 Safari/537.36 PageSpeedPlus/1.0.0"
158.69.124.96 - - [16/May/2024:11:33:00 +0200] "GET /phpmy-admin/index.php?lang=en HTTP/1.1" 200 - "-" "Mozilla/5.0 (Windows NT 10.0; Win64; x64) AppleWebKit/537.36 (KHTML, like Gecko) Chrome/106.0.0.0 Safari/537.36 PageSpeedPlus/1.0.0"
158.69.124.96 - - [16/May/2024:11:33:05 +0200] "GET /phpMyAdmin-5.1.1/index.php?lang=en HTTP/1.1" 200 - "-" "Mozilla/5.0 (Windows NT 10.0; Win64; x64) AppleWebKit/537.36 (KHTML, like Gecko) Chrome/106.0.0.0 Safari/537.36 PageSpeedPlus/1.0.0"
158.69.124.96 - - [16/May/2024:11:33:10 +0200] "GET /sql/webdb/index.php?lang=en HTTP/1.1" 200 - "-" "Mozilla/5.0 (Windows NT 10.0; Win64; x64) AppleWebKit/537.36 (KHTML, like Gecko) Chrome/106.0.0.0 Safari/537.36 PageSpeedPlus/1.0.0"
158.69.124.96 - - [16/May/2024:11:33:15 +0200] "GET /sql/webadmin/index.php?lang=en HTTP/1.1" 200 - "-" "Mozilla/5.0 (Windows NT 10.0; Win64; x64) AppleWebKit/537.36 (KHTML, like Gecko) Chrome/106.0.0.0 Safari/537.36 PageSpeedPlus/1.0.0"
158.69.124.96 - - [16/May/2024:11:33:20 +0200] "GET /db/dbweb/index.php?lang=en HTTP/1.1" 200 - "-" "Mozilla/5.0 (Windows NT 10.0; Win64; x64) AppleWebKit/537.36 (KHTML, like Gecko) Chrome/106.0.0.0 Safari/537.36 PageSpeedPlus/1.0.0"
158.69.124.96 - - [16/May/2024:11:33:25 +0200] "GET /phpmyadmin/index.php?lang=en HTTP/1.1" 200 - "-" "Mozilla/5.0 (Windows NT 10.0; Win64; x64) AppleWebKit/537.36 (KHTML, like Gecko) Chrome/106.0.0.0 Safari/537.36 PageSpeedPlus/1.0.0"
158.69.124.96 - - [16/May/2024:11:33:30 +0200] "GET /db/index.php?lang=en HTTP/1.1" 200 - "-" "Mozilla/5.0 (Windows NT 10.0; Win64; x64) AppleWebKit/537.36 (KHTML, like Gecko) Chrome/106.0.0.0 Safari/537.36 PageSpeedPlus/1.0.0"
158.69.124.96 - - [16/May/2024:11:33:35 +0200] "GET /phpMyAdmin-5.2/index.php?lang=en HTTP/1.1" 200 - "-" "Mozilla/5.0 (Windows NT 10.0; Win64; x64) AppleWebKit/537.36 (KHTML, like Gecko) Chrome/106.0.0.0 Safari/537.36 PageSpeedPlus/1.0.0"
158.69.124.96 - - [16/May/2024:11:33:40 +0200] "GET /phpMyAdmin/index.php?lang=en HTTP/1.1" 200 - "-" "Mozilla/5.0 (Windows NT 10.0; Win64; x64) AppleWebKit/537.36 (KHTML, like Gecko) Chrome/106.0.0.0 Safari/537.36 PageSpeedPlus/1.0.0"
158.69.124.96 - - [16/May/2024:11:33:45 +0200] "GET /_phpmyadmin_/index.php?lang=en HTTP/1.1" 200 - "-" "Mozilla/5.0 (Windows NT 10.0; Win64; x64) AppleWebKit/537.36 (KHTML, like Gecko) Chrome/106.0.0.0 Safari/537.36 PageSpeedPlus/1.0.0"
158.69.124.96 - - [16/May/2024:11:33:50 +0200] "GET /PMA/index.php?lang=en HTTP/1.1" 200 - "-" "Mozilla/5.0 (Windows NT 10.0; Win64; x64) AppleWebKit/537.36 (KHTML, like Gecko) Chrome/106.0.0.0 Safari/537.36 PageSpeedPlus/1.0.0"
158.69.124.96 - - [16/May/2024:11:33:55 +0200] "GET /db/phpMyAdmin/index.php?lang=en HTTP/1.1" 200 - "-" "Mozilla/5.0 (Windows NT 10.0; Win64; x64) AppleWebKit/537.36 (KHTML, like Gecko) Chrome/106.0.0.0 Safari/537.36 PageSpeedPlus/1.0.0"
158.69.124.96 - - [16/May/2024:11:34:00 +0200] "GET /phpMyAdmin-5.2.1/index.php?lang=en HTTP/1.1" 200 - "-" "Mozilla/5.0 (Windows NT 10.0; Win64; x64) AppleWebKit/537.36 (KHTML, like Gecko) Chrome/106.0.0.0 Safari/537.36 PageSpeedPlus/1.0.0"
158.69.124.96 - - [16/May/2024:11:34:05 +0200] "GET /phpMyAdmin1/index.php?lang=en HTTP/1.1" 200 - "-" "Mozilla/5.0 (Windows NT 10.0; Win64; x64) AppleWebKit/537.36 (KHTML, like Gecko) Chrome/106.0.0.0 Safari/537.36 PageSpeedPlus/1.0.0"
158.69.124.96 - - [16/May/2024:11:34:10 +0200] "GET /phpMyAdmin-5.2.1-english/index.php?lang=en HTTP/1.1" 200 - "-" "Mozilla/5.0 (Windows NT 10.0; Win64; x64) AppleWebKit/537.36 (KHTML, like Gecko) Chrome/106.0.0.0 Safari/537.36 PageSpeedPlus/1.0.0"
158.69.124.96 - - [16/May/2024:11:34:15 +0200] "GET /phpMyAdmin-5.1.2/index.php?lang=en HTTP/1.1" 200 - "-" "Mozilla/5.0 (Windows NT 10.0; Win64; x64) AppleWebKit/537.36 (KHTML, like Gecko) Chrome/106.0.0.0 Safari/537.36 PageSpeedPlus/1.0.0"
158.69.124.96 - - [16/May/2024:11:34:20 +0200] "GET /phpMyAdmin-4.9.7/index.php?lang=en HTTP/1.1" 200 - "-" "Mozilla/5.0 (Windows NT 10.0; Win64; x64) AppleWebKit/537.36 (KHTML, like Gecko) Chrome/106.0.0.0 Safari/537.36 PageSpeedPlus/1.0.0"
158.69.124.96 - - [16/May/2024:11:34:25 +0200] "GET /admin/sysadmin/index.php?lang=en HTTP/1.1" 200 - "-" "Mozilla/5.0 (Windows NT 10.0; Win64; x64) AppleWebKit/537.36 (KHTML, like Gecko) Chrome/106.0.0.0 Safari/537.36 PageSpeedPlus/1.0.0"
158.69.124.96 - - [16/May/2024:11:34:30 +0200] "GET /administrator/phpMyAdmin/index.php?lang=en HTTP/1.1" 200 - "-" "Mozilla/5.0 (Windows NT 10.0; Win64; x64) AppleWebKit/537.36 (KHTML, like Gecko) Chrome/106.0.0.0 Safari/537.36 PageSpeedPlus/1.0.0"
158.69.124.96 - - [16/May/2024:11:34:35 +0200] "GET /phpmyadmin6/index.php?lang=en HTTP/1.1" 200 - "-" "Mozilla/5.0 (Windows NT 10.0; Win64; x64) AppleWebKit/537.36 (KHTML, like Gecko) Chrome/106.0.0.0 Safari/537.36 PageSpeedPlus/1.0.0"
