216.244.66.200 - - [11/May/2024:04:01:31 +0200] "GET /files/mentes_gyogyszerrendeles_min_rend_terv_0909011.doc HTTP/1.1" 200 388096 "-" "Mozilla/5.0 (compatible; DotBot/1.2; +https://opensiteexplorer.org/dotbot; help@moz.com)"
216.244.66.200 - - [11/May/2024:04:02:01 +0200] "GET /files/nem-konvencionalis_korm_rend_090202.doc HTTP/1.1" 200 873472 "-" "Mozilla/5.0 (compatible; DotBot/1.2; +https://opensiteexplorer.org/dotbot; help@moz.com)"
216.244.66.200 - - [11/May/2024:04:03:01 +0200] "GET /files/parlamenti%20bizotts%C3%83%C2%A1gok9.pdf HTTP/1.1" 200 - "-" "Mozilla/5.0 (compatible; DotBot/1.2; +https://opensiteexplorer.org/dotbot; help@moz.com)"
66.249.64.76 - - [11/May/2024:04:03:50 +0200] "GET /files/Biztositek_tervezet_10.pdf HTTP/1.1" 200 377641 "-" "Mozilla/5.0 (Linux; Android 6.0.1; Nexus 5X Build/MMB29P) AppleWebKit/537.36 (KHTML, like Gecko) Chrome/124.0.6367.155 Mobile Safari/537.36 (compatible; GoogleOther)"
94.156.65.8 - - [11/May/2024:04:15:20 +0200] "GET /wp-content/plugins/wp-catcher/front/front.jpeg HTTP/1.1" 200 - "www.google.com" "Mozlila/5.0 (Linux; Android 7.0; SM-G892A Bulid/NRD90M; wv) AppleWebKit/537.36 (KHTML, like Gecko) Version/4.0 Chrome/60.0.3112.107 Moblie Safari/537.36"
216.244.66.200 - - [11/May/2024:04:16:44 +0200] "GET /robots.txt HTTP/1.1" 200 1590 "-" "Mozilla/5.0 (compatible; DotBot/1.2; +https://opensiteexplorer.org/dotbot; help@moz.com)"
216.244.66.200 - - [11/May/2024:04:16:45 +0200] "GET /robots.txt HTTP/1.1" 200 1590 "-" "Mozilla/5.0 (compatible; DotBot/1.2; +https://opensiteexplorer.org/dotbot; help@moz.com)"
51.222.253.11 - - [11/May/2024:04:19:54 +0200] "GET /robots.txt HTTP/1.1" 200 1590 "-" "Mozilla/5.0 (compatible; AhrefsBot/7.0; +http://ahrefs.com/robot/)"
18.226.150.175 - - [11/May/2024:04:20:42 +0200] "GET /robots.txt HTTP/1.1" 200 1590 "-" "Mozilla/5.0 AppleWebKit/537.36 (KHTML, like Gecko; compatible; ClaudeBot/1.0; +claudebot@anthropic.com)"
18.117.186.92 - - [11/May/2024:04:27:28 +0200] "GET /node/2597 HTTP/1.1" 200 - "-" "Mozilla/5.0 AppleWebKit/537.36 (KHTML, like Gecko; compatible; ClaudeBot/1.0; +claudebot@anthropic.com)"
216.244.66.200 - - [11/May/2024:04:40:46 +0200] "GET /files/kozalkalmazotti_jogviszonyl_rendelet_tervezet.pdf HTTP/1.1" 200 142726 "-" "Mozilla/5.0 (compatible; DotBot/1.2; +https://opensiteexplorer.org/dotbot; help@moz.com)"
216.244.66.200 - - [11/May/2024:04:42:40 +0200] "GET /files/31_2004m%C3%83%C2%B3dos%C3%83%C2%ADt%C3%83%C2%A1s%20t%C3%83%C2%A1rc%C3%83%C2%A1ra.doc HTTP/1.1" 200 - "-" "Mozilla/5.0 (compatible; DotBot/1.2; +https://opensiteexplorer.org/dotbot; help@moz.com)"
216.244.66.200 - - [11/May/2024:04:43:14 +0200] "GET /files/KHEM_834.doc HTTP/1.1" 200 146944 "-" "Mozilla/5.0 (compatible; DotBot/1.2; +https://opensiteexplorer.org/dotbot; help@moz.com)"
216.244.66.200 - - [11/May/2024:04:43:40 +0200] "GET /files/ltv.pdf HTTP/1.1" 200 134963 "-" "Mozilla/5.0 (compatible; DotBot/1.2; +https://opensiteexplorer.org/dotbot; help@moz.com)"
216.244.66.200 - - [11/May/2024:04:44:54 +0200] "GET /files/14per2007_eum_rend_mod.doc HTTP/1.1" 200 293376 "-" "Mozilla/5.0 (compatible; DotBot/1.2; +https://opensiteexplorer.org/dotbot; help@moz.com)"
216.244.66.200 - - [11/May/2024:04:45:15 +0200] "GET /files/22_2004_fmm_om_rendelet.pdf HTTP/1.1" 200 177009 "-" "Mozilla/5.0 (compatible; DotBot/1.2; +https://opensiteexplorer.org/dotbot; help@moz.com)"
216.244.66.200 - - [11/May/2024:04:45:36 +0200] "GET /files/41per2000_EuM_KoM_rend_mod.doc HTTP/1.1" 200 39424 "-" "Mozilla/5.0 (compatible; DotBot/1.2; +https://opensiteexplorer.org/dotbot; help@moz.com)"
216.244.66.200 - - [11/May/2024:04:45:54 +0200] "GET /files/Varpalota_tervezet.doc HTTP/1.1" 200 59392 "-" "Mozilla/5.0 (compatible; DotBot/1.2; +https://opensiteexplorer.org/dotbot; help@moz.com)"
216.244.66.200 - - [11/May/2024:04:46:14 +0200] "GET /files/egysz_fogl_terv_090512.pdf HTTP/1.1" 200 336516 "-" "Mozilla/5.0 (compatible; DotBot/1.2; +https://opensiteexplorer.org/dotbot; help@moz.com)"
216.244.66.200 - - [11/May/2024:04:47:02 +0200] "GET /files/1220_KAR_adatlapok_2006_12_08.doc HTTP/1.1" 200 311808 "-" "Mozilla/5.0 (compatible; DotBot/1.2; +https://opensiteexplorer.org/dotbot; help@moz.com)"
3.142.200.226 - - [11/May/2024:04:47:07 +0200] "GET /taxonomy/term/77 HTTP/1.1" 200 - "-" "Mozilla/5.0 AppleWebKit/537.36 (KHTML, like Gecko; compatible; ClaudeBot/1.0; +claudebot@anthropic.com)"
216.244.66.200 - - [11/May/2024:04:48:04 +0200] "GET /files/14per2007_eum_rend_mod_081201.doc HTTP/1.1" 200 1386775 "-" "Mozilla/5.0 (compatible; DotBot/1.2; +https://opensiteexplorer.org/dotbot; help@moz.com)"
216.244.66.200 - - [11/May/2024:04:48:36 +0200] "GET /files/_a9i178srqk1mm6sskddlmarjkg9pg_.pdf HTTP/1.1" 200 148867 "-" "Mozilla/5.0 (compatible; DotBot/1.2; +https://opensiteexplorer.org/dotbot; help@moz.com)"
216.244.66.200 - - [11/May/2024:04:49:07 +0200] "GET /files/ihm_rendelet_a_kozzeteteli_mintakrol_2005_12_27.rtf.txt HTTP/1.1" 200 243768 "-" "Mozilla/5.0 (compatible; DotBot/1.2; +https://opensiteexplorer.org/dotbot; help@moz.com)"
216.244.66.200 - - [11/May/2024:04:49:37 +0200] "GET /files/szakszo_legiforgalmi_iranyito_5mell.pdf HTTP/1.1" 200 113154 "-" "Mozilla/5.0 (compatible; DotBot/1.2; +https://opensiteexplorer.org/dotbot; help@moz.com)"
216.244.66.200 - - [11/May/2024:04:50:05 +0200] "GET /files/torvenyjavaslat_szlovak_hatarokmanyok.doc HTTP/1.1" 200 62464 "-" "Mozilla/5.0 (compatible; DotBot/1.2; +https://opensiteexplorer.org/dotbot; help@moz.com)"
216.244.66.200 - - [11/May/2024:04:50:32 +0200] "GET /files/zenekari_enekkari_tam_mell_kamarazenekarok_070131.pdf HTTP/1.1" 200 106691 "-" "Mozilla/5.0 (compatible; DotBot/1.2; +https://opensiteexplorer.org/dotbot; help@moz.com)"
216.244.66.200 - - [11/May/2024:04:51:33 +0200] "GET /files/19-2003-normasz%C3%83%C2%B6veg%20%C3%83%C2%A9s%20indokol%C3%83%C2%A1s.doc HTTP/1.1" 200 - "-" "Mozilla/5.0 (compatible; DotBot/1.2; +https://opensiteexplorer.org/dotbot; help@moz.com)"
18.117.196.217 - - [11/May/2024:05:03:42 +0200] "GET /node/2425 HTTP/1.1" 200 - "-" "Mozilla/5.0 AppleWebKit/537.36 (KHTML, like Gecko; compatible; ClaudeBot/1.0; +claudebot@anthropic.com)"
216.244.66.200 - - [11/May/2024:05:07:51 +0200] "GET /robots.txt HTTP/1.1" 200 1590 "-" "Mozilla/5.0 (compatible; DotBot/1.2; +https://opensiteexplorer.org/dotbot; help@moz.com)"
216.244.66.200 - - [11/May/2024:05:07:51 +0200] "GET /robots.txt HTTP/1.1" 200 1590 "-" "Mozilla/5.0 (compatible; DotBot/1.2; +https://opensiteexplorer.org/dotbot; help@moz.com)"
216.244.66.200 - - [11/May/2024:05:35:14 +0200] "GET /files/MagyarK%C3%83%C2%BCl%C3%83%C2%BCgyekSzolg%C3%83%C2%A1lat%C3%83%C2%A1%C3%83%C2%A9rt%C3%83%E2%80%B0rdem%C3%83%C2%A9rem.pdf HTTP/1.1" 200 - "-" "Mozilla/5.0 (compatible; DotBot/1.2; +https://opensiteexplorer.org/dotbot; help@moz.com)"
216.244.66.200 - - [11/May/2024:05:35:44 +0200] "GET /user/501/notify HTTP/1.1" 200 - "-" "Mozilla/5.0 (compatible; DotBot/1.2; +https://opensiteexplorer.org/dotbot; help@moz.com)"
216.244.66.200 - - [11/May/2024:05:35:55 +0200] "GET /files/0821_tervezet_08.17..doc HTTP/1.1" 200 73728 "-" "Mozilla/5.0 (compatible; DotBot/1.2; +https://opensiteexplorer.org/dotbot; help@moz.com)"
216.244.66.200 - - [11/May/2024:05:36:23 +0200] "GET /files/9-2002_im_rend__melleklet.doc HTTP/1.1" 200 712192 "-" "Mozilla/5.0 (compatible; DotBot/1.2; +https://opensiteexplorer.org/dotbot; help@moz.com)"
216.244.66.200 - - [11/May/2024:05:36:57 +0200] "GET /files/Tk53-3eloterjesztes.doc HTTP/1.1" 200 124928 "-" "Mozilla/5.0 (compatible; DotBot/1.2; +https://opensiteexplorer.org/dotbot; help@moz.com)"
216.244.66.200 - - [11/May/2024:05:37:28 +0200] "GET /files/cortabl32006R1924.doc HTTP/1.1" 200 47616 "-" "Mozilla/5.0 (compatible; DotBot/1.2; +https://opensiteexplorer.org/dotbot; help@moz.com)"
216.244.66.200 - - [11/May/2024:05:37:58 +0200] "GET /files/hm_lakhatas_modositas.pdf HTTP/1.1" 200 76702 "-" "Mozilla/5.0 (compatible; DotBot/1.2; +https://opensiteexplorer.org/dotbot; help@moz.com)"
216.244.66.200 - - [11/May/2024:05:38:29 +0200] "GET /files/m6_szekszard_boly.pdf HTTP/1.1" 200 376705 "-" "Mozilla/5.0 (compatible; DotBot/1.2; +https://opensiteexplorer.org/dotbot; help@moz.com)"
216.244.66.200 - - [11/May/2024:05:39:02 +0200] "GET /files/nis_terv_081204.pdf HTTP/1.1" 200 839899 "-" "Mozilla/5.0 (compatible; DotBot/1.2; +https://opensiteexplorer.org/dotbot; help@moz.com)"
216.244.66.200 - - [11/May/2024:05:39:28 +0200] "GET /files/rendelettervezet%2001-25.doc HTTP/1.1" 200 43008 "-" "Mozilla/5.0 (compatible; DotBot/1.2; +https://opensiteexplorer.org/dotbot; help@moz.com)"
216.244.66.200 - - [11/May/2024:05:39:54 +0200] "GET /files/14per2007%20rendelet%20tervezet.doc HTTP/1.1" 200 144384 "-" "Mozilla/5.0 (compatible; DotBot/1.2; +https://opensiteexplorer.org/dotbot; help@moz.com)"
216.244.66.200 - - [11/May/2024:05:40:20 +0200] "GET /files/igszak.igszolg_rend.terv_090727.doc HTTP/1.1" 200 289792 "-" "Mozilla/5.0 (compatible; DotBot/1.2; +https://opensiteexplorer.org/dotbot; help@moz.com)"
216.244.66.200 - - [11/May/2024:05:40:43 +0200] "GET /files/kornyezetvedelmi_megbizott_modositas.pdf HTTP/1.1" 200 76547 "-" "Mozilla/5.0 (compatible; DotBot/1.2; +https://opensiteexplorer.org/dotbot; help@moz.com)"
216.244.66.200 - - [11/May/2024:05:41:05 +0200] "GET /files/szlovak_hatar_rendelet.tervezet_090928.doc HTTP/1.1" 200 102400 "-" "Mozilla/5.0 (compatible; DotBot/1.2; +https://opensiteexplorer.org/dotbot; help@moz.com)"
216.244.66.200 - - [11/May/2024:05:41:57 +0200] "GET /files/76_2004___viii__19___eszcsm_rendelet_m%C3%83%C2%B3dos%C3%83%C2%ADt%C3%83%C2%A1sa_14.doc HTTP/1.1" 200 - "-" "Mozilla/5.0 (compatible; DotBot/1.2; +https://opensiteexplorer.org/dotbot; help@moz.com)"
216.244.66.200 - - [11/May/2024:05:42:49 +0200] "GET /files/k%C3%83%C2%B6zgy%C3%83%C2%B3gyell%C3%83%C2%A1t%C3%83%C2%A1ssal_kapcsolatos_%C3%83%C2%BAj_e%C3%83%C2%BCm_rendelet_tervezet_6.doc HTTP/1.1" 200 - "-" "Mozilla/5.0 (compatible; DotBot/1.2; +https://opensiteexplorer.org/dotbot; help@moz.com)"
51.222.253.3 - - [11/May/2024:05:56:30 +0200] "GET /robots.txt HTTP/1.1" 200 1590 "-" "Mozilla/5.0 (compatible; AhrefsBot/7.0; +http://ahrefs.com/robot/)"
217.113.194.119 - - [11/May/2024:06:05:40 +0200] "GET /robots.txt HTTP/1.1" 200 1590 "-" "Mozilla/5.0 (compatible; Barkrowler/0.9; +https://babbar.tech/crawler)"
217.113.194.117 - - [11/May/2024:06:06:21 +0200] "GET /robots.txt HTTP/1.1" 200 1590 "-" "Mozilla/5.0 (compatible; Barkrowler/0.9; +https://babbar.tech/crawler)"
217.113.194.122 - - [11/May/2024:06:07:30 +0200] "GET /taxonomy/term/55%2057%2058%2059%2060%2061%2062%2063%2064%2065%2066%2067%2068%2069%2070%2071%2072%2073%2074%2075?page=1 HTTP/1.1" 200 - "-" "Mozilla/5.0 (compatible; Barkrowler/0.9; +https://babbar.tech/crawler)"
217.113.194.115 - - [11/May/2024:06:08:30 +0200] "GET /drupal/ HTTP/1.1" 200 - "-" "Mozilla/5.0 (compatible; Barkrowler/0.9; +https://babbar.tech/crawler)"
66.249.64.75 - - [11/May/2024:06:22:20 +0200] "GET / HTTP/1.1" 200 - "-" "Mozilla/5.0 (compatible; Googlebot/2.1; +http://www.google.com/bot.html)"
66.249.64.64 - - [11/May/2024:06:22:52 +0200] "GET / HTTP/1.1" 200 - "-" "Mozilla/5.0 (Linux; Android 6.0.1; Nexus 5X Build/MMB29P) AppleWebKit/537.36 (KHTML, like Gecko) Chrome/99.0.4844.84 Mobile Safari/537.36 (compatible; Googlebot/2.1; +http://www.google.com/bot.html)"
66.249.64.75 - - [11/May/2024:06:23:24 +0200] "GET / HTTP/1.1" 200 - "-" "Mozilla/5.0 (compatible; Googlebot/2.1; +http://www.google.com/bot.html)"
66.249.64.75 - - [11/May/2024:06:23:56 +0200] "GET / HTTP/1.1" 200 - "-" "Mozilla/5.0 (Linux; Android 6.0.1; Nexus 5X Build/MMB29P) AppleWebKit/537.36 (KHTML, like Gecko) Chrome/124.0.6367.155 Mobile Safari/537.36 (compatible; Googlebot/2.1; +http://www.google.com/bot.html)"
5.9.155.216 - - [11/May/2024:06:39:09 +0200] "GET / HTTP/1.1" 200 - "-" "Mozilla/5.0 (Windows NT 10.0; Win64; x64) AppleWebKit/537.36 (KHTML, like Gecko) Chrome/84.0.4147.105 Safari/537.36"
217.113.194.119 - - [11/May/2024:06:45:11 +0200] "GET /node/1835 HTTP/1.1" 200 - "-" "Mozilla/5.0 (compatible; Barkrowler/0.9; +https://babbar.tech/crawler)"
66.249.70.103 - - [11/May/2024:06:48:56 +0200] "GET /files/fontos_es_bizalmas_munkakorok_060913.pdf HTTP/1.1" 200 114801 "-" "Mozilla/5.0 (Linux; Android 6.0.1; Nexus 5X Build/MMB29P) AppleWebKit/537.36 (KHTML, like Gecko) Chrome/124.0.6367.155 Mobile Safari/537.36 (compatible; GoogleOther)"
216.244.66.200 - - [11/May/2024:06:49:14 +0200] "GET /robots.txt HTTP/1.1" 200 1590 "-" "Mozilla/5.0 (compatible; DotBot/1.2; +https://opensiteexplorer.org/dotbot; help@moz.com)"
52.167.144.188 - - [11/May/2024:07:14:19 +0200] "GET /web/home.nsf/51aad2b5d20c0da2c1256c84003b0d36/19d8b89bd24c96c9c125721800386e5e/$FILE/10_mell.pdf HTTP/1.1" 200 - "-" "Mozilla/5.0 AppleWebKit/537.36 (KHTML, like Gecko; compatible; bingbot/2.0; +http://www.bing.com/bingbot.htm) Chrome/116.0.1938.76 Safari/537.36"
52.167.144.188 - - [11/May/2024:07:14:51 +0200] "GET /web/home.nsf/51aad2b5d20c0da2c1256c84003b0d36/19d8b89bd24c96c9c125721800386e5e/$FILE/10_mell.pdf HTTP/1.1" 200 - "-" "Mozilla/5.0 AppleWebKit/537.36 (KHTML, like Gecko; compatible; bingbot/2.0; +http://www.bing.com/bingbot.htm) Chrome/116.0.1938.76 Safari/537.36"
216.244.66.200 - - [11/May/2024:07:26:22 +0200] "GET /files/FVM%20rendelet%20a%20vad%20v%C3%83%C2%A9delm%C3%83%C2%A9r%C3%85%E2%80%98l.doc HTTP/1.1" 200 - "-" "Mozilla/5.0 (compatible; DotBot/1.2; +https://opensiteexplorer.org/dotbot; help@moz.com)"
216.244.66.200 - - [11/May/2024:07:26:52 +0200] "GET /files/Fel%C3%83%C2%BCgyeleti%20d%C3%83%C2%ADj%20elj%C3%83%C2%A1r%C3%83%C2%A1s%20terv070914.doc HTTP/1.1" 200 - "-" "Mozilla/5.0 (compatible; DotBot/1.2; +https://opensiteexplorer.org/dotbot; help@moz.com)"
216.244.66.200 - - [11/May/2024:07:27:33 +0200] "GET /files/jogalkotas_nyilv%C3%83%C2%A1noss%C3%83%C2%A1ga%20m%C3%83%C2%A1rc-%C3%83%C2%A1pr.xls HTTP/1.1" 200 - "-" "Mozilla/5.0 (compatible; DotBot/1.2; +https://opensiteexplorer.org/dotbot; help@moz.com)"
216.244.66.200 - - [11/May/2024:07:55:11 +0200] "GET /robots.txt HTTP/1.1" 200 1590 "-" "Mozilla/5.0 (compatible; DotBot/1.2; +https://opensiteexplorer.org/dotbot; help@moz.com)"
217.113.194.113 - - [11/May/2024:07:58:09 +0200] "GET /node/254 HTTP/1.1" 200 - "-" "Mozilla/5.0 (compatible; Barkrowler/0.9; +https://babbar.tech/crawler)"
40.77.167.30 - - [11/May/2024:08:23:21 +0200] "GET /node/193 HTTP/1.1" 200 - "-" "Mozilla/5.0 AppleWebKit/537.36 (KHTML, like Gecko; compatible; bingbot/2.0; +http://www.bing.com/bingbot.htm) Chrome/116.0.1938.76 Safari/537.36"
40.77.167.30 - - [11/May/2024:08:23:53 +0200] "GET /node/193 HTTP/1.1" 200 - "-" "Mozilla/5.0 AppleWebKit/537.36 (KHTML, like Gecko; compatible; bingbot/2.0; +http://www.bing.com/bingbot.htm) Chrome/116.0.1938.76 Safari/537.36"
66.249.70.103 - - [11/May/2024:09:02:18 +0200] "GET /files/informatikai_rend_terv_100408.pdf HTTP/1.1" 200 434553 "-" "Mozilla/5.0 (Linux; Android 6.0.1; Nexus 5X Build/MMB29P) AppleWebKit/537.36 (KHTML, like Gecko) Chrome/124.0.6367.155 Mobile Safari/537.36 (compatible; GoogleOther)"
216.244.66.200 - - [11/May/2024:09:03:08 +0200] "GET /robots.txt HTTP/1.1" 200 1590 "-" "Mozilla/5.0 (compatible; DotBot/1.2; +https://opensiteexplorer.org/dotbot; help@moz.com)"
216.244.66.200 - - [11/May/2024:09:03:08 +0200] "GET /robots.txt HTTP/1.1" 200 1590 "-" "Mozilla/5.0 (compatible; DotBot/1.2; +https://opensiteexplorer.org/dotbot; help@moz.com)"
66.249.64.76 - - [11/May/2024:09:25:04 +0200] "GET /files/az_uj_ptk_koncepcioja.pdf HTTP/1.1" 200 169125 "-" "Googlebot/2.1 (+http://www.google.com/bot.html)"
66.249.64.75 - - [11/May/2024:09:32:17 +0200] "GET /files/regesz_tervezet_070221.pdf HTTP/1.1" 200 563638 "-" "Mozilla/5.0 (Linux; Android 6.0.1; Nexus 5X Build/MMB29P) AppleWebKit/537.36 (KHTML, like Gecko) Chrome/124.0.6367.155 Mobile Safari/537.36 (compatible; GoogleOther)"
66.249.70.104 - - [11/May/2024:09:48:59 +0200] "GET /files/fontos_es_bizalmas_munkakorok_060913.pdf HTTP/1.1" 304 - "-" "Mozilla/5.0 (Linux; Android 6.0.1; Nexus 5X Build/MMB29P) AppleWebKit/537.36 (KHTML, like Gecko) Chrome/124.0.6367.155 Mobile Safari/537.36 (compatible; Googlebot/2.1; +http://www.google.com/bot.html)"
216.244.66.200 - - [11/May/2024:09:56:05 +0200] "GET /robots.txt HTTP/1.1" 200 1590 "-" "Mozilla/5.0 (compatible; DotBot/1.2; +https://opensiteexplorer.org/dotbot; help@moz.com)"
216.244.66.200 - - [11/May/2024:09:56:06 +0200] "GET /robots.txt HTTP/1.1" 200 1590 "-" "Mozilla/5.0 (compatible; DotBot/1.2; +https://opensiteexplorer.org/dotbot; help@moz.com)"
167.71.110.172 - - [11/May/2024:09:56:24 +0200] "GET / HTTP/1.1" 200 - "-" "Mozilla/5.0 (Macintosh; Intel Mac OS X 10_15_7) AppleWebKit/537.36 (KHTML, like Gecko) Chrome/121.0.0.0 Safari/537.36"
66.249.70.104 - - [11/May/2024:10:02:19 +0200] "GET /files/_0edo6usjkedq62sjkg9jmio8_.pdf HTTP/1.1" 200 1758022 "-" "Mozilla/5.0 (Linux; Android 6.0.1; Nexus 5X Build/MMB29P) AppleWebKit/537.36 (KHTML, like Gecko) Chrome/124.0.6367.155 Mobile Safari/537.36 (compatible; GoogleOther)"
66.249.70.104 - - [11/May/2024:10:13:01 +0200] "GET /files/2009janfebr.pdf HTTP/1.1" 200 78336 "-" "Googlebot/2.1 (+http://www.google.com/bot.html)"
217.113.194.113 - - [11/May/2024:10:22:36 +0200] "GET /taxonomy/term/29 HTTP/1.1" 200 - "-" "Mozilla/5.0 (compatible; Barkrowler/0.9; +https://babbar.tech/crawler)"
216.244.66.200 - - [11/May/2024:10:24:03 +0200] "GET /files/rendorifairmrend_2007_marc.doc HTTP/1.1" 200 57344 "-" "Mozilla/5.0 (compatible; DotBot/1.2; +https://opensiteexplorer.org/dotbot; help@moz.com)"
216.244.66.200 - - [11/May/2024:10:26:38 +0200] "GET /files/IRM_rend_%20kozp_szabs_nyilv.tart_kez_szerv.090901.doc HTTP/1.1" 200 56320 "-" "Mozilla/5.0 (compatible; DotBot/1.2; +https://opensiteexplorer.org/dotbot; help@moz.com)"
216.244.66.200 - - [11/May/2024:10:26:50 +0200] "GET /files/humangenetika_torv_terv_0802121.doc HTTP/1.1" 200 115200 "-" "Mozilla/5.0 (compatible; DotBot/1.2; +https://opensiteexplorer.org/dotbot; help@moz.com)"
216.244.66.200 - - [11/May/2024:10:27:03 +0200] "GET /files/magyar_elelmiszerkonyv_rendelet_velemenyezesre.pdf HTTP/1.1" 200 74377 "-" "Mozilla/5.0 (compatible; DotBot/1.2; +https://opensiteexplorer.org/dotbot; help@moz.com)"
216.244.66.200 - - [11/May/2024:10:30:00 +0200] "GET /files/2-megfelel%C3%85%E2%80%98s%C3%83%C2%A9gi_t%C3%83%C2%A1bl_nyomon_2005-61-EK.doc HTTP/1.1" 200 - "-" "Mozilla/5.0 (compatible; DotBot/1.2; +https://opensiteexplorer.org/dotbot; help@moz.com)"
216.244.66.200 - - [11/May/2024:10:30:40 +0200] "GET /files/T%C3%83%C2%A1rc%C3%83%C2%A1ra%20k%C3%83%C2%BCldend%C3%85%E2%80%98%20anyag.zip HTTP/1.1" 200 - "-" "Mozilla/5.0 (compatible; DotBot/1.2; +https://opensiteexplorer.org/dotbot; help@moz.com)"
216.244.66.200 - - [11/May/2024:10:31:05 +0200] "GET /taxonomy/term/108/0/feed HTTP/1.1" 200 - "-" "Mozilla/5.0 (compatible; DotBot/1.2; +https://opensiteexplorer.org/dotbot; help@moz.com)"
66.249.70.102 - - [11/May/2024:10:31:08 +0200] "GET /files/m60_boly_pecs.pdf HTTP/1.1" 200 461664 "-" "Googlebot/2.1 (+http://www.google.com/bot.html)"
216.244.66.200 - - [11/May/2024:10:31:56 +0200] "GET /taxonomy/term/55/0/feed HTTP/1.1" 200 - "-" "Mozilla/5.0 (compatible; DotBot/1.2; +https://opensiteexplorer.org/dotbot; help@moz.com)"
216.244.66.200 - - [11/May/2024:10:46:36 +0200] "GET /robots.txt HTTP/1.1" 200 1590 "-" "Mozilla/5.0 (compatible; DotBot/1.2; +https://opensiteexplorer.org/dotbot; help@moz.com)"
216.244.66.200 - - [11/May/2024:10:46:36 +0200] "GET /robots.txt HTTP/1.1" 200 1590 "-" "Mozilla/5.0 (compatible; DotBot/1.2; +https://opensiteexplorer.org/dotbot; help@moz.com)"
35.94.209.75 - - [11/May/2024:10:48:16 +0200] "GET / HTTP/1.1" 200 - "-" "Mozilla/5.0 (Macintosh; Intel Mac OS X 10_15_7) AppleWebKit/537.36 (KHTML, like Gecko) Chrome/122.0.0.0 Safari/537.36"
66.249.64.75 - - [11/May/2024:10:48:59 +0200] "GET /files/NFGM205.pdf HTTP/1.1" 200 159391 "-" "Mozilla/5.0 (Linux; Android 6.0.1; Nexus 5X Build/MMB29P) AppleWebKit/537.36 (KHTML, like Gecko) Chrome/124.0.6367.155 Mobile Safari/537.36 (compatible; GoogleOther)"
66.249.70.103 - - [11/May/2024:11:03:59 +0200] "GET /files/katasztrofarend.pdf HTTP/1.1" 200 125134 "-" "Mozilla/5.0 (Linux; Android 6.0.1; Nexus 5X Build/MMB29P) AppleWebKit/537.36 (KHTML, like Gecko) Chrome/124.0.6367.155 Mobile Safari/537.36 (compatible; GoogleOther)"
216.244.66.200 - - [11/May/2024:11:18:34 +0200] "GET /files/nem_uzleti_eloterj_7_3_szamu_melleklet_061129.pdf HTTP/1.1" 200 69504 "-" "Mozilla/5.0 (compatible; DotBot/1.2; +https://opensiteexplorer.org/dotbot; help@moz.com)"
216.244.66.200 - - [11/May/2024:11:21:26 +0200] "GET /files/bvjarmu-1.doc HTTP/1.1" 200 50688 "-" "Mozilla/5.0 (compatible; DotBot/1.2; +https://opensiteexplorer.org/dotbot; help@moz.com)"
44.234.72.36 - - [11/May/2024:11:23:03 +0200] "GET /robots.txt HTTP/1.1" 200 1590 "-" "Mozilla/5.0 (compatible; wpbot/1.1; +https://forms.gle/ajBaxygz9jSR8p8G9)"
216.244.66.200 - - [11/May/2024:11:23:19 +0200] "GET /files/43per2005_eum_rendelet__mod.doc HTTP/1.1" 200 73728 "-" "Mozilla/5.0 (compatible; DotBot/1.2; +https://opensiteexplorer.org/dotbot; help@moz.com)"
216.244.66.200 - - [11/May/2024:11:23:31 +0200] "GET /files/KHEM_6922_4_norma.doc HTTP/1.1" 200 113664 "-" "Mozilla/5.0 (compatible; DotBot/1.2; +https://opensiteexplorer.org/dotbot; help@moz.com)"
44.234.72.36 - - [11/May/2024:11:23:35 +0200] "GET / HTTP/1.1" 200 - "-" "Mozilla/5.0 (compatible; wpbot/1.1; +https://forms.gle/ajBaxygz9jSR8p8G9)"
216.244.66.200 - - [11/May/2024:11:23:42 +0200] "GET /files/TK53-3megfelelesi.doc HTTP/1.1" 200 94720 "-" "Mozilla/5.0 (compatible; DotBot/1.2; +https://opensiteexplorer.org/dotbot; help@moz.com)"
216.244.66.200 - - [11/May/2024:11:23:54 +0200] "GET /files/_4e216suj8c5mmist1eig76_.pdf HTTP/1.1" 200 129990 "-" "Mozilla/5.0 (compatible; DotBot/1.2; +https://opensiteexplorer.org/dotbot; help@moz.com)"
216.244.66.200 - - [11/May/2024:11:24:13 +0200] "GET /files/menedekjog1.doc HTTP/1.1" 200 1113600 "-" "Mozilla/5.0 (compatible; DotBot/1.2; +https://opensiteexplorer.org/dotbot; help@moz.com)"
66.249.70.102 - - [11/May/2024:11:27:26 +0200] "GET /files/szemelyugyi_igazgatas.pdf HTTP/1.1" 200 379679 "-" "Mozilla/5.0 (Linux; Android 6.0.1; Nexus 5X Build/MMB29P) AppleWebKit/537.36 (KHTML, like Gecko) Chrome/124.0.6367.155 Mobile Safari/537.36 (compatible; Googlebot/2.1; +http://www.google.com/bot.html)"
66.249.70.103 - - [11/May/2024:11:32:17 +0200] "GET /files/indoklas_karteritesi_terezet.pdf HTTP/1.1" 200 118467 "-" "Mozilla/5.0 (Linux; Android 6.0.1; Nexus 5X Build/MMB29P) AppleWebKit/537.36 (KHTML, like Gecko) Chrome/124.0.6367.155 Mobile Safari/537.36 (compatible; GoogleOther)"
216.244.66.200 - - [11/May/2024:11:38:31 +0200] "GET /robots.txt HTTP/1.1" 200 1590 "-" "Mozilla/5.0 (compatible; DotBot/1.2; +https://opensiteexplorer.org/dotbot; help@moz.com)"
216.244.66.200 - - [11/May/2024:11:38:31 +0200] "GET /robots.txt HTTP/1.1" 200 1590 "-" "Mozilla/5.0 (compatible; DotBot/1.2; +https://opensiteexplorer.org/dotbot; help@moz.com)"
66.249.64.64 - - [11/May/2024:11:41:29 +0200] "GET /files/NFGM205.pdf HTTP/1.1" 304 - "-" "Mozilla/5.0 (Linux; Android 6.0.1; Nexus 5X Build/MMB29P) AppleWebKit/537.36 (KHTML, like Gecko) Chrome/124.0.6367.155 Mobile Safari/537.36 (compatible; Googlebot/2.1; +http://www.google.com/bot.html)"
216.244.66.200 - - [11/May/2024:12:02:32 +0200] "GET /files/11340_2.pdf HTTP/1.1" 200 109543 "-" "Mozilla/5.0 (compatible; DotBot/1.2; +https://opensiteexplorer.org/dotbot; help@moz.com)"
216.244.66.200 - - [11/May/2024:12:03:55 +0200] "GET /files/menet%C3%83%C2%ADr%C3%83%C2%B3%20k%C3%83%C2%A9sz%C3%83%C2%BCl%C3%83%C2%A9k-k%C3%83%C2%B6zig_egyzetet%C3%83%C2%A9sre_GKM_tervezet.doc HTTP/1.1" 200 - "-" "Mozilla/5.0 (compatible; DotBot/1.2; +https://opensiteexplorer.org/dotbot; help@moz.com)"
66.249.70.104 - - [11/May/2024:12:03:59 +0200] "GET /files/katasztrofarend.pdf HTTP/1.1" 304 - "-" "Mozilla/5.0 (Linux; Android 6.0.1; Nexus 5X Build/MMB29P) AppleWebKit/537.36 (KHTML, like Gecko) Chrome/124.0.6367.155 Mobile Safari/537.36 (compatible; Googlebot/2.1; +http://www.google.com/bot.html)"
216.244.66.200 - - [11/May/2024:12:04:52 +0200] "GET /files/%C3%83%C2%A1fatv._0912.doc HTTP/1.1" 200 - "-" "Mozilla/5.0 (compatible; DotBot/1.2; +https://opensiteexplorer.org/dotbot; help@moz.com)"
216.244.66.200 - - [11/May/2024:12:05:12 +0200] "GET /files/43_2003_fvm_mod.pdf HTTP/1.1" 200 44617 "-" "Mozilla/5.0 (compatible; DotBot/1.2; +https://opensiteexplorer.org/dotbot; help@moz.com)"
216.244.66.200 - - [11/May/2024:12:05:46 +0200] "GET /files/KHEM_3506_9.doc HTTP/1.1" 200 359936 "-" "Mozilla/5.0 (compatible; DotBot/1.2; +https://opensiteexplorer.org/dotbot; help@moz.com)"
216.244.66.200 - - [11/May/2024:12:06:24 +0200] "GET /files/epolgarokszemelyiadatai.doc HTTP/1.1" 200 125440 "-" "Mozilla/5.0 (compatible; DotBot/1.2; +https://opensiteexplorer.org/dotbot; help@moz.com)"
216.244.66.200 - - [11/May/2024:12:06:59 +0200] "GET /files/kjt_terv_080213.pdf HTTP/1.1" 200 390013 "-" "Mozilla/5.0 (compatible; DotBot/1.2; +https://opensiteexplorer.org/dotbot; help@moz.com)"
216.244.66.200 - - [11/May/2024:12:07:34 +0200] "GET /files/licenc_EUM_rend_100202.doc HTTP/1.1" 200 290816 "-" "Mozilla/5.0 (compatible; DotBot/1.2; +https://opensiteexplorer.org/dotbot; help@moz.com)"
216.244.66.200 - - [11/May/2024:12:08:04 +0200] "GET /files/szakszo_muszaki.pdf HTTP/1.1" 200 232020 "-" "Mozilla/5.0 (compatible; DotBot/1.2; +https://opensiteexplorer.org/dotbot; help@moz.com)"
216.244.66.200 - - [11/May/2024:12:08:31 +0200] "GET /files/cervantes_egyezmeny_eloterjesztes.doc HTTP/1.1" 200 66048 "-" "Mozilla/5.0 (compatible; DotBot/1.2; +https://opensiteexplorer.org/dotbot; help@moz.com)"
216.244.66.200 - - [11/May/2024:12:08:58 +0200] "GET /files/kozalkalmazotti_jogviszonyl_rendelet_tervezet.pdf HTTP/1.1" 200 142726 "-" "Mozilla/5.0 (compatible; DotBot/1.2; +https://opensiteexplorer.org/dotbot; help@moz.com)"
216.244.66.200 - - [11/May/2024:12:09:54 +0200] "GET /files/60_2004___vii__6___eszcsm_rendelet_m%C3%83%C2%B3dos%C3%83%C2%ADt%C3%83%C2%A1sa_6.doc HTTP/1.1" 200 - "-" "Mozilla/5.0 (compatible; DotBot/1.2; +https://opensiteexplorer.org/dotbot; help@moz.com)"
216.244.66.200 - - [11/May/2024:12:10:26 +0200] "GET /files/e%C3%83%C2%BC.i%20oklevelek%20%20bizony%C3%83%C2%ADtv%C3%83%C2%A1nyok%20megnevez%C3%83%C2%A9se-t%C3%83%C2%A1rc%C3%83%C2%A1ra.doc HTTP/1.1" 200 - "-" "Mozilla/5.0 (compatible; DotBot/1.2; +https://opensiteexplorer.org/dotbot; help@moz.com)"
216.244.66.200 - - [11/May/2024:12:12:28 +0200] "GET /taxonomy/term/107/0/feed HTTP/1.1" 200 - "-" "Mozilla/5.0 (compatible; DotBot/1.2; +https://opensiteexplorer.org/dotbot; help@moz.com)"
216.244.66.200 - - [11/May/2024:12:13:18 +0200] "GET /taxonomy/term/38/0/feed HTTP/1.1" 200 - "-" "Mozilla/5.0 (compatible; DotBot/1.2; +https://opensiteexplorer.org/dotbot; help@moz.com)"
40.77.167.18 - - [11/May/2024:12:18:56 +0200] "GET /files/0328_celtart_eloterjesztes.doc HTTP/1.1" 304 - "-" "Mozilla/5.0 AppleWebKit/537.36 (KHTML, like Gecko; compatible; bingbot/2.0; +http://www.bing.com/bingbot.htm) Chrome/116.0.1938.76 Safari/537.36"
216.244.66.200 - - [11/May/2024:12:31:26 +0200] "GET /robots.txt HTTP/1.1" 200 1590 "-" "Mozilla/5.0 (compatible; DotBot/1.2; +https://opensiteexplorer.org/dotbot; help@moz.com)"
216.244.66.200 - - [11/May/2024:12:31:26 +0200] "GET /robots.txt HTTP/1.1" 200 1590 "-" "Mozilla/5.0 (compatible; DotBot/1.2; +https://opensiteexplorer.org/dotbot; help@moz.com)"
66.249.70.102 - - [11/May/2024:12:33:36 +0200] "GET /files/NFGM1713.pdf HTTP/1.1" 200 203993 "-" "Googlebot/2.1 (+http://www.google.com/bot.html)"
89.134.11.235 - - [11/May/2024:12:51:58 +0200] "GET /files/nfh_terv_070730.pdf HTTP/1.1" 200 67702 "https://www.google.com/" "Mozilla/5.0 (Windows NT 10.0; Win64; x64; rv:125.0) Gecko/20100101 Firefox/125.0"
216.244.66.200 - - [11/May/2024:13:07:09 +0200] "GET /files/TK50.pdf HTTP/1.1" 200 134264 "-" "Mozilla/5.0 (compatible; DotBot/1.2; +https://opensiteexplorer.org/dotbot; help@moz.com)"
66.249.73.232 - - [11/May/2024:13:07:18 +0200] "GET / HTTP/1.1" 200 - "-" "Mozilla/5.0 (Linux; Android 6.0.1; Nexus 5X Build/MMB29P) AppleWebKit/537.36 (KHTML, like Gecko) Chrome/99.0.4844.84 Mobile Safari/537.36 (compatible; Googlebot/2.1; +http://www.google.com/bot.html)"
216.244.66.200 - - [11/May/2024:13:07:21 +0200] "GET /files/kozzetetel.doc HTTP/1.1" 200 34304 "-" "Mozilla/5.0 (compatible; DotBot/1.2; +https://opensiteexplorer.org/dotbot; help@moz.com)"
66.249.73.231 - - [11/May/2024:13:07:50 +0200] "GET / HTTP/1.1" 200 - "-" "Mozilla/5.0 (compatible; Googlebot/2.1; +http://www.google.com/bot.html)"
66.249.73.230 - - [11/May/2024:13:08:22 +0200] "GET / HTTP/1.1" 200 - "-" "Mozilla/5.0 (Linux; Android 6.0.1; Nexus 5X Build/MMB29P) AppleWebKit/537.36 (KHTML, like Gecko) Chrome/124.0.6367.155 Mobile Safari/537.36 (compatible; Googlebot/2.1; +http://www.google.com/bot.html)"
216.244.66.200 - - [11/May/2024:13:08:35 +0200] "GET /files/3921_eloiranyzatok.pdf HTTP/1.1" 200 177458 "-" "Mozilla/5.0 (compatible; DotBot/1.2; +https://opensiteexplorer.org/dotbot; help@moz.com)"
216.244.66.200 - - [11/May/2024:13:08:47 +0200] "GET /files/etulajdonviszonyok.xls HTTP/1.1" 200 27136 "-" "Mozilla/5.0 (compatible; DotBot/1.2; +https://opensiteexplorer.org/dotbot; help@moz.com)"
66.249.73.230 - - [11/May/2024:13:08:54 +0200] "GET / HTTP/1.1" 200 - "-" "Mozilla/5.0 (compatible; Googlebot/2.1; +http://www.google.com/bot.html)"
216.244.66.200 - - [11/May/2024:13:08:59 +0200] "GET /files/szakke_terv_080411.pdf HTTP/1.1" 200 332232 "-" "Mozilla/5.0 (compatible; DotBot/1.2; +https://opensiteexplorer.org/dotbot; help@moz.com)"
216.244.66.200 - - [11/May/2024:13:09:13 +0200] "GET /files/szmr_eloterj_061204.pdf HTTP/1.1" 200 885273 "-" "Mozilla/5.0 (compatible; DotBot/1.2; +https://opensiteexplorer.org/dotbot; help@moz.com)"
216.244.66.200 - - [11/May/2024:13:09:54 +0200] "GET /files/szoc_tvk_070503.pdf HTTP/1.1" 200 - "-" "Mozilla/5.0 (compatible; DotBot/1.2; +https://opensiteexplorer.org/dotbot; help@moz.com)"
216.244.66.200 - - [11/May/2024:13:43:27 +0200] "GET /robots.txt HTTP/1.1" 200 1590 "-" "Mozilla/5.0 (compatible; DotBot/1.2; +https://opensiteexplorer.org/dotbot; help@moz.com)"
216.244.66.200 - - [11/May/2024:13:43:27 +0200] "GET /robots.txt HTTP/1.1" 200 1590 "-" "Mozilla/5.0 (compatible; DotBot/1.2; +https://opensiteexplorer.org/dotbot; help@moz.com)"
74.208.59.140 - - [11/May/2024:13:47:59 +0200] "GET /wordpress/ HTTP/1.1" 200 - "-" "-"
212.227.175.149 - - [11/May/2024:14:11:15 +0200] "GET / HTTP/1.1" 200 - "-" "Mozilla/5.0 (Macintosh; Intel Mac OS X 10.15; rv:109.0) Gecko/20100101 Firefox/117.0"
216.244.66.200 - - [11/May/2024:14:17:11 +0200] "GET /files/SzaboMate_hozz%C3%83%C2%A1f%C3%83%C2%A9r%C3%83%C2%A9s.pps HTTP/1.1" 200 - "-" "Mozilla/5.0 (compatible; DotBot/1.2; +https://opensiteexplorer.org/dotbot; help@moz.com)"
216.244.66.200 - - [11/May/2024:14:18:31 +0200] "GET /files/NFGM4660.pdf HTTP/1.1" 200 397796 "-" "Mozilla/5.0 (compatible; DotBot/1.2; +https://opensiteexplorer.org/dotbot; help@moz.com)"
216.244.66.200 - - [11/May/2024:14:18:52 +0200] "GET /files/R3322.pdf HTTP/1.1" 200 176510 "-" "Mozilla/5.0 (compatible; DotBot/1.2; +https://opensiteexplorer.org/dotbot; help@moz.com)"
66.249.65.238 - - [11/May/2024:14:27:34 +0200] "GET /files/szvk_mell_terv_090804.pdf HTTP/1.1" 304 - "-" "Mozilla/5.0 (Linux; Android 6.0.1; Nexus 5X Build/MMB29P) AppleWebKit/537.36 (KHTML, like Gecko) Chrome/124.0.6367.155 Mobile Safari/537.36 (compatible; Googlebot/2.1; +http://www.google.com/bot.html)"
216.244.66.200 - - [11/May/2024:14:46:45 +0200] "GET /robots.txt HTTP/1.1" 200 1590 "-" "Mozilla/5.0 (compatible; DotBot/1.2; +https://opensiteexplorer.org/dotbot; help@moz.com)"
188.157.253.16 - - [11/May/2024:14:48:02 +0200] "GET /files/OTSZ%20rendelet.pdf HTTP/1.1" 200 168000 "https://www.google.com/" "Mozilla/5.0 (Windows NT 10.0; Win64; x64; rv:125.0) Gecko/20100101 Firefox/125.0"
188.157.253.16 - - [11/May/2024:14:48:02 +0200] "GET /favicon.ico HTTP/1.1" 404 57 "http://www.jogalkotas.hu/files/OTSZ%20rendelet.pdf" "Mozilla/5.0 (Windows NT 10.0; Win64; x64; rv:125.0) Gecko/20100101 Firefox/125.0"
188.157.253.16 - - [11/May/2024:14:50:10 +0200] "GET /favicon.ico HTTP/1.1" 404 57 "http://www.jogalkotas.hu/files/OTSZ%20rendelet.pdf" "Mozilla/5.0 (Windows NT 10.0; Win64; x64; rv:125.0) Gecko/20100101 Firefox/125.0"
54.39.104.60 - - [11/May/2024:14:57:38 +0200] "GET / HTTP/1.1" 200 - "-" "Mozilla/5.0 (Windows NT 10.0; rv:73.0) Gecko/20100101 Firefox/73.0"
54.39.104.60 - - [11/May/2024:14:58:37 +0200] "GET / HTTP/1.1" 200 - "-" "Mozilla/5.0 (Windows NT 6.1; Win64; x64; +http://url-classification.io/wiki/index.php?title=URL_server_crawler) KStandBot/1.0"
217.113.194.116 - - [11/May/2024:15:10:56 +0200] "GET /taxonomy/term/89 HTTP/1.1" 200 - "-" "Mozilla/5.0 (compatible; Barkrowler/0.9; +https://babbar.tech/crawler)"
66.249.65.238 - - [11/May/2024:15:13:02 +0200] "GET /files/hadkotelesek_hm_eum_rendelet_tervezet_melleklet.pdf HTTP/1.1" 200 713160 "-" "Mozilla/5.0 (Linux; Android 6.0.1; Nexus 5X Build/MMB29P) AppleWebKit/537.36 (KHTML, like Gecko) Chrome/124.0.6367.155 Mobile Safari/537.36 (compatible; Googlebot/2.1; +http://www.google.com/bot.html)"
20.25.168.122 - - [11/May/2024:15:18:16 +0200] "GET /files/7_2001_modositas.pdf HTTP/1.1" 200 33814 "-" "Mozilla/5.0 (Windows NT 10.0; Win64; x64) AppleWebKit/537.36 (KHTML, like Gecko) Chrome/121.0.6167.57 Safari/537.36 Edg/121.0.6167.57"
216.244.66.200 - - [11/May/2024:15:39:59 +0200] "GET /robots.txt HTTP/1.1" 200 1590 "-" "Mozilla/5.0 (compatible; DotBot/1.2; +https://opensiteexplorer.org/dotbot; help@moz.com)"
216.244.66.200 - - [11/May/2024:15:39:59 +0200] "GET /robots.txt HTTP/1.1" 200 1590 "-" "Mozilla/5.0 (compatible; DotBot/1.2; +https://opensiteexplorer.org/dotbot; help@moz.com)"
216.244.66.200 - - [11/May/2024:15:43:33 +0200] "GET / HTTP/1.1" 200 - "-" "Mozilla/5.0 (compatible; DotBot/1.2; +https://opensiteexplorer.org/dotbot; help@moz.com)"
216.244.66.200 - - [11/May/2024:16:16:22 +0200] "GET /files/P%C3%83%C5%93M%20lak%C3%83%C2%A1sc%C3%83%C2%A9l%C3%83%C2%BA%20k%C3%83%C2%B6lcs%C3%83%C2%B6n%C3%83%C2%B6k.doc HTTP/1.1" 200 - "-" "Mozilla/5.0 (compatible; DotBot/1.2; +https://opensiteexplorer.org/dotbot; help@moz.com)"
216.244.66.200 - - [11/May/2024:16:18:08 +0200] "GET /files/SM+48-as+honlapon+t%C3%83%C2%B6rt%C3%83%C2%A9n%C3%85%E2%80%98+k%C3%83%C2%B6zz%C3%83%C2%A9t%C3%83%C2%A9tel+07.08.doc HTTP/1.1" 200 - "-" "Mozilla/5.0 (compatible; DotBot/1.2; +https://opensiteexplorer.org/dotbot; help@moz.com)"
216.244.66.200 - - [11/May/2024:16:31:56 +0200] "GET /robots.txt HTTP/1.1" 200 1590 "-" "Mozilla/5.0 (compatible; DotBot/1.2; +https://opensiteexplorer.org/dotbot; help@moz.com)"
216.244.66.200 - - [11/May/2024:16:31:56 +0200] "GET /robots.txt HTTP/1.1" 200 1590 "-" "Mozilla/5.0 (compatible; DotBot/1.2; +https://opensiteexplorer.org/dotbot; help@moz.com)"
88.216.2.82 - - [11/May/2024:17:24:29 +0200] "GET /robots.txt HTTP/1.0" 200 1590 "-" "Mozilla/4.0 (compatible; fluid/0.0; +http://www.leak.info/bot.html)"
216.244.66.200 - - [11/May/2024:17:25:45 +0200] "GET /robots.txt HTTP/1.1" 200 1590 "-" "Mozilla/5.0 (compatible; DotBot/1.2; +https://opensiteexplorer.org/dotbot; help@moz.com)"
216.244.66.200 - - [11/May/2024:18:01:25 +0200] "GET /files/Csornoc_tervezet_kozig.pdf HTTP/1.1" 200 274235 "-" "Mozilla/5.0 (compatible; DotBot/1.2; +https://opensiteexplorer.org/dotbot; help@moz.com)"
216.244.66.200 - - [11/May/2024:18:01:36 +0200] "GET /files/pep_kormelterj_060727.pdf HTTP/1.1" 200 68592 "-" "Mozilla/5.0 (compatible; DotBot/1.2; +https://opensiteexplorer.org/dotbot; help@moz.com)"
216.244.66.200 - - [11/May/2024:18:01:48 +0200] "GET /files/szakkepesites_rend_1001.doc HTTP/1.1" 200 160256 "-" "Mozilla/5.0 (compatible; DotBot/1.2; +https://opensiteexplorer.org/dotbot; help@moz.com)"
216.244.66.200 - - [11/May/2024:18:02:55 +0200] "GET /files/1.mell%C3%83%C2%A9klet%2007.24.doc HTTP/1.1" 200 - "-" "Mozilla/5.0 (compatible; DotBot/1.2; +https://opensiteexplorer.org/dotbot; help@moz.com)"
216.244.66.200 - - [11/May/2024:18:03:04 +0200] "GET /files/44-2004-rendelet-modositas-indokolas.doc HTTP/1.1" 200 32256 "-" "Mozilla/5.0 (compatible; DotBot/1.2; +https://opensiteexplorer.org/dotbot; help@moz.com)"
216.244.66.200 - - [11/May/2024:18:03:26 +0200] "GET /files/a_menedekjogrol_szolo_torveny_tervezete.doc HTTP/1.1" 200 502784 "-" "Mozilla/5.0 (compatible; DotBot/1.2; +https://opensiteexplorer.org/dotbot; help@moz.com)"
216.244.66.200 - - [11/May/2024:18:03:47 +0200] "GET /files/allatbetegsegek_fvm_tervezet_velemenyezesre.pdf HTTP/1.1" 200 191970 "-" "Mozilla/5.0 (compatible; DotBot/1.2; +https://opensiteexplorer.org/dotbot; help@moz.com)"
216.244.66.200 - - [11/May/2024:18:04:06 +0200] "GET /files/gyermekszegenyseg_tervezet_6_eloterj_070125.pdf HTTP/1.1" 200 193242 "-" "Mozilla/5.0 (compatible; DotBot/1.2; +https://opensiteexplorer.org/dotbot; help@moz.com)"
66.249.73.231 - - [11/May/2024:18:12:00 +0200] "GET /files/ptk.csaladjog.pdf HTTP/1.1" 304 - "-" "Mozilla/5.0 (Linux; Android 6.0.1; Nexus 5X Build/MMB29P) AppleWebKit/537.36 (KHTML, like Gecko) Chrome/124.0.6367.155 Mobile Safari/537.36 (compatible; Googlebot/2.1; +http://www.google.com/bot.html)"
35.94.102.233 - - [11/May/2024:18:26:22 +0200] "GET /robots.txt HTTP/1.1" 200 1590 "-" "Mozilla/5.0 (compatible; wpbot/1.1; +https://forms.gle/ajBaxygz9jSR8p8G9)"
35.94.102.233 - - [11/May/2024:18:26:54 +0200] "GET / HTTP/1.1" 200 - "-" "Mozilla/5.0 (compatible; wpbot/1.1; +https://forms.gle/ajBaxygz9jSR8p8G9)"
66.249.65.238 - - [11/May/2024:18:27:00 +0200] "GET /files/alapf_muv_okt_kovet_II_060414.pdf HTTP/1.1" 304 - "-" "Mozilla/5.0 (Linux; Android 6.0.1; Nexus 5X Build/MMB29P) AppleWebKit/537.36 (KHTML, like Gecko) Chrome/124.0.6367.155 Mobile Safari/537.36 (compatible; Googlebot/2.1; +http://www.google.com/bot.html)"
66.249.65.237 - - [11/May/2024:18:27:01 +0200] "GET /files/33_1998_mod_terv_080708.pdf HTTP/1.1" 304 - "-" "Mozilla/5.0 (Linux; Android 6.0.1; Nexus 5X Build/MMB29P) AppleWebKit/537.36 (KHTML, like Gecko) Chrome/124.0.6367.155 Mobile Safari/537.36 (compatible; Googlebot/2.1; +http://www.google.com/bot.html)"
54.36.148.113 - - [11/May/2024:18:38:41 +0200] "GET /robots.txt HTTP/1.1" 200 1590 "-" "Mozilla/5.0 (compatible; AhrefsBot/7.0; +http://ahrefs.com/robot/)"
66.249.73.232 - - [11/May/2024:18:42:00 +0200] "GET /files/ptk.dologi_jog_0.pdf HTTP/1.1" 304 - "-" "Mozilla/5.0 (Linux; Android 6.0.1; Nexus 5X Build/MMB29P) AppleWebKit/537.36 (KHTML, like Gecko) Chrome/124.0.6367.155 Mobile Safari/537.36 (compatible; Googlebot/2.1; +http://www.google.com/bot.html)"
216.244.66.200 - - [11/May/2024:18:42:31 +0200] "GET /robots.txt HTTP/1.1" 200 1590 "-" "Mozilla/5.0 (compatible; DotBot/1.2; +https://opensiteexplorer.org/dotbot; help@moz.com)"
216.244.66.200 - - [11/May/2024:18:42:31 +0200] "GET /robots.txt HTTP/1.1" 200 1590 "-" "Mozilla/5.0 (compatible; DotBot/1.2; +https://opensiteexplorer.org/dotbot; help@moz.com)"
216.244.66.200 - - [11/May/2024:19:20:38 +0200] "GET /files/1025_2_K_z_s_Korm_ny_l_s_KVB_Jkv_kormel__061010.doc HTTP/1.1" 200 41585 "-" "Mozilla/5.0 (compatible; DotBot/1.2; +https://opensiteexplorer.org/dotbot; help@moz.com)"
216.244.66.200 - - [11/May/2024:19:43:23 +0200] "GET /robots.txt HTTP/1.1" 200 1590 "-" "Mozilla/5.0 (compatible; DotBot/1.2; +https://opensiteexplorer.org/dotbot; help@moz.com)"
216.244.66.200 - - [11/May/2024:19:43:23 +0200] "GET /robots.txt HTTP/1.1" 200 1590 "-" "Mozilla/5.0 (compatible; DotBot/1.2; +https://opensiteexplorer.org/dotbot; help@moz.com)"
66.249.73.232 - - [11/May/2024:20:12:26 +0200] "GET /files/alapf_muv_okt_kovet_060414.pdf HTTP/1.1" 304 - "-" "Mozilla/5.0 (Linux; Android 6.0.1; Nexus 5X Build/MMB29P) AppleWebKit/537.36 (KHTML, like Gecko) Chrome/124.0.6367.155 Mobile Safari/537.36 (compatible; Googlebot/2.1; +http://www.google.com/bot.html)"
216.244.66.200 - - [11/May/2024:21:26:31 +0200] "GET /robots.txt HTTP/1.1" 200 1590 "-" "Mozilla/5.0 (compatible; DotBot/1.2; +https://opensiteexplorer.org/dotbot; help@moz.com)"
216.244.66.200 - - [11/May/2024:21:26:32 +0200] "GET /robots.txt HTTP/1.1" 200 1590 "-" "Mozilla/5.0 (compatible; DotBot/1.2; +https://opensiteexplorer.org/dotbot; help@moz.com)"
66.249.65.238 - - [11/May/2024:21:26:48 +0200] "GET /files/eloterjesztes_ekozig2010_0604.pdf HTTP/1.1" 200 231429 "-" "Googlebot/2.1 (+http://www.google.com/bot.html)"
66.249.65.238 - - [11/May/2024:21:26:58 +0200] "GET /files/ihm_rend_radio_amator.pdf HTTP/1.1" 200 573791 "-" "Googlebot/2.1 (+http://www.google.com/bot.html)"
66.249.65.238 - - [11/May/2024:21:28:38 +0200] "GET /files/einfo_080310.pdf HTTP/1.1" 200 84163 "-" "Googlebot/2.1 (+http://www.google.com/bot.html)"
66.249.65.239 - - [11/May/2024:21:33:06 +0200] "GET /files/filmrend_terv_070713.pdf HTTP/1.1" 200 467476 "-" "Googlebot/2.1 (+http://www.google.com/bot.html)"
188.157.253.16 - - [11/May/2024:21:35:17 +0200] "GET /favicon.ico HTTP/1.1" 404 57 "http://www.jogalkotas.hu/files/OTSZ%20rendelet.pdf" "Mozilla/5.0 (Windows NT 10.0; Win64; x64; rv:125.0) Gecko/20100101 Firefox/125.0"
216.244.66.200 - - [11/May/2024:22:04:04 +0200] "GET /files/meh_dij.zip HTTP/1.1" 200 110156 "-" "Mozilla/5.0 (compatible; DotBot/1.2; +https://opensiteexplorer.org/dotbot; help@moz.com)"
216.244.66.200 - - [11/May/2024:22:04:15 +0200] "GET /files/oklevelek.pdf HTTP/1.1" 200 260379 "-" "Mozilla/5.0 (compatible; DotBot/1.2; +https://opensiteexplorer.org/dotbot; help@moz.com)"
20.15.133.173 - - [11/May/2024:22:08:41 +0200] "GET /robots.txt HTTP/1.1" 200 1590 "-" "Mozilla/5.0 AppleWebKit/537.36 (KHTML, like Gecko; compatible; bingbot/2.0; +http://www.bing.com/bingbot.htm) Chrome/116.0.1938.76 Safari/537.36"
20.15.133.170 - - [11/May/2024:22:08:50 +0200] "GET /files/hm_rendelet_tervezet_allomany_melleklet.pdf HTTP/1.1" 200 150110 "-" "Mozilla/5.0 AppleWebKit/537.36 (KHTML, like Gecko; compatible; bingbot/2.0; +http://www.bing.com/bingbot.htm) Chrome/116.0.1938.76 Safari/537.36"
216.244.66.200 - - [11/May/2024:22:33:50 +0200] "GET /robots.txt HTTP/1.1" 200 1590 "-" "Mozilla/5.0 (compatible; DotBot/1.2; +https://opensiteexplorer.org/dotbot; help@moz.com)"
66.249.73.231 - - [11/May/2024:22:44:21 +0200] "GET /files/ekozig2010strategia_0604.pdf HTTP/1.1" 200 820659 "-" "Googlebot/2.1 (+http://www.google.com/bot.html)"
216.244.66.200 - - [11/May/2024:23:34:03 +0200] "GET /robots.txt HTTP/1.1" 200 1590 "-" "Mozilla/5.0 (compatible; DotBot/1.2; +https://opensiteexplorer.org/dotbot; help@moz.com)"
216.244.66.200 - - [11/May/2024:23:43:31 +0200] "GET /node/357 HTTP/1.1" 200 - "-" "Mozilla/5.0 (compatible; DotBot/1.2; +https://opensiteexplorer.org/dotbot; help@moz.com)"
216.244.66.200 - - [11/May/2024:23:58:37 +0200] "GET /files/23617_6.pdf HTTP/1.1" 200 103315 "-" "Mozilla/5.0 (compatible; DotBot/1.2; +https://opensiteexplorer.org/dotbot; help@moz.com)"
216.244.66.200 - - [11/May/2024:23:59:12 +0200] "GET /files/2394_20_1.doc HTTP/1.1" 200 79872 "-" "Mozilla/5.0 (compatible; DotBot/1.2; +https://opensiteexplorer.org/dotbot; help@moz.com)"
216.244.66.200 - - [12/May/2024:00:25:57 +0200] "GET /robots.txt HTTP/1.1" 200 1590 "-" "Mozilla/5.0 (compatible; DotBot/1.2; +https://opensiteexplorer.org/dotbot; help@moz.com)"
216.244.66.200 - - [12/May/2024:00:25:57 +0200] "GET /robots.txt HTTP/1.1" 200 1590 "-" "Mozilla/5.0 (compatible; DotBot/1.2; +https://opensiteexplorer.org/dotbot; help@moz.com)"
66.249.65.239 - - [12/May/2024:00:26:46 +0200] "GET /favicon.ico HTTP/1.1" 404 57 "-" "Googlebot-Image/1.0"
5.255.231.160 - - [12/May/2024:00:41:29 +0200] "GET /robots.txt HTTP/1.1" 200 1590 "-" "Mozilla/5.0 (compatible; YandexBot/3.0; +http://yandex.com/bots)"
213.180.203.16 - - [12/May/2024:00:42:01 +0200] "GET /drupal/files/rendeszeti_startegia_kormanyra_2007_11_20_vegleges.doc HTTP/1.1" 200 - "-" "Mozilla/5.0 (compatible; YandexBot/3.0; +http://yandex.com/bots)"
66.249.65.239 - - [12/May/2024:00:43:07 +0200] "GET /files/kormany_rendelet_terevezet_a_a_befogado_nemzeti_tamogatas_reszletes_kormanyzati_feladatairol.pdf HTTP/1.1" 200 152511 "-" "Googlebot/2.1 (+http://www.google.com/bot.html)"
66.249.73.232 - - [12/May/2024:00:44:30 +0200] "GET /files/JAP_080423_1.pdf HTTP/1.1" 200 93011 "-" "Googlebot/2.1 (+http://www.google.com/bot.html)"
66.249.65.237 - - [12/May/2024:00:45:09 +0200] "GET /files/2_1999_ism_rendelet_terv_071121.pdf HTTP/1.1" 200 164734 "-" "Googlebot/2.1 (+http://www.google.com/bot.html)"
216.244.66.200 - - [12/May/2024:00:50:38 +0200] "GET /files/9.%20sz%C3%83%C2%A1m%C3%83%C2%BA%20mell%C3%83%C2%A9klet.doc HTTP/1.1" 200 - "-" "Mozilla/5.0 (compatible; DotBot/1.2; +https://opensiteexplorer.org/dotbot; help@moz.com)"
216.244.66.200 - - [12/May/2024:00:52:11 +0200] "GET /files/150es_kozigre_081209.pdf HTTP/1.1" 200 431390 "-" "Mozilla/5.0 (compatible; DotBot/1.2; +https://opensiteexplorer.org/dotbot; help@moz.com)"
216.244.66.200 - - [12/May/2024:00:52:11 +0200] "GET /files/41_2000___xii__20___e%C3%83%C2%BCm_k%C3%83%C2%B6m_egy%C3%83%C2%BCttes_rendelet_m%C3%83%C2%B3dos%C3%83%C2%ADt%C3%83%C2%A1sa_6.doc HTTP/1.1" 200 - "-" "Mozilla/5.0 (compatible; DotBot/1.2; +https://opensiteexplorer.org/dotbot; help@moz.com)"
216.244.66.200 - - [12/May/2024:00:52:43 +0200] "GET /files/KHEM1436_5normaszoveg.doc HTTP/1.1" 200 43520 "-" "Mozilla/5.0 (compatible; DotBot/1.2; +https://opensiteexplorer.org/dotbot; help@moz.com)"
216.244.66.200 - - [12/May/2024:00:53:15 +0200] "GET /files/R178_3rendelet.pdf HTTP/1.1" 200 149874 "-" "Mozilla/5.0 (compatible; DotBot/1.2; +https://opensiteexplorer.org/dotbot; help@moz.com)"
216.244.66.200 - - [12/May/2024:00:53:47 +0200] "GET /files/eloterjesztes_0826_kozze.doc HTTP/1.1" 200 391168 "-" "Mozilla/5.0 (compatible; DotBot/1.2; +https://opensiteexplorer.org/dotbot; help@moz.com)"
66.249.65.237 - - [12/May/2024:00:54:01 +0200] "GET /files/071106_kpi_kozbesz_eloterj.pdf HTTP/1.1" 200 166529 "-" "Googlebot/2.1 (+http://www.google.com/bot.html)"
216.244.66.200 - - [12/May/2024:00:54:16 +0200] "GET /files/nca_tiszteletdij_090422.pdf HTTP/1.1" 200 246298 "-" "Mozilla/5.0 (compatible; DotBot/1.2; +https://opensiteexplorer.org/dotbot; help@moz.com)"
216.244.66.200 - - [12/May/2024:00:54:49 +0200] "GET /files/pontrendszer.doc HTTP/1.1" 200 146944 "-" "Mozilla/5.0 (compatible; DotBot/1.2; +https://opensiteexplorer.org/dotbot; help@moz.com)"
216.244.66.200 - - [12/May/2024:00:55:18 +0200] "GET /files/szemelyugyi_igazgatas.pdf HTTP/1.1" 200 379679 "-" "Mozilla/5.0 (compatible; DotBot/1.2; +https://opensiteexplorer.org/dotbot; help@moz.com)"
216.244.66.200 - - [12/May/2024:01:17:41 +0200] "GET /robots.txt HTTP/1.1" 200 1590 "-" "Mozilla/5.0 (compatible; DotBot/1.2; +https://opensiteexplorer.org/dotbot; help@moz.com)"
87.250.224.17 - - [12/May/2024:01:18:59 +0200] "GET /robots.txt HTTP/1.1" 200 1590 "-" "Mozilla/5.0 (compatible; YandexBot/3.0; +http://yandex.com/bots)"
213.180.203.208 - - [12/May/2024:01:19:33 +0200] "GET /drupal/files/korkedv_minrend_terv_070626.pdf HTTP/1.1" 200 - "-" "Mozilla/5.0 (compatible; YandexBot/3.0; +http://yandex.com/bots)"
66.249.73.230 - - [12/May/2024:01:35:44 +0200] "GET /files/fontos_es_bizalmas_munkakorok_060913.pdf HTTP/1.1" 200 114801 "-" "Mozilla/5.0 (Linux; Android 6.0.1; Nexus 5X Build/MMB29P) AppleWebKit/537.36 (KHTML, like Gecko) Chrome/124.0.6367.201 Mobile Safari/537.36 (compatible; Googlebot/2.1; +http://www.google.com/bot.html)"
216.244.66.200 - - [12/May/2024:01:46:48 +0200] "GET /files/szakmai_vizsga_tam_1_mell_070307.pdf HTTP/1.1" 200 163672 "-" "Mozilla/5.0 (compatible; DotBot/1.2; +https://opensiteexplorer.org/dotbot; help@moz.com)"
114.119.128.26 - - [12/May/2024:03:14:16 +0200] "GET /robots.txt HTTP/1.1" 200 1590 "-" "Mozilla/5.0 (compatible;PetalBot;+https://webmaster.petalsearch.com/site/petalbot)"
51.210.214.160 - - [12/May/2024:03:22:39 +0200] "GET /taxonomy/term/109/0/feed HTTP/1.1" 200 - "-" "Mozilla/5.0 (X11; Linux i686) AppleWebKit/537.36 (KHTML, like Gecko) Chrome/30.0.1599.66 Safari/537.36"
216.244.66.200 - - [12/May/2024:03:25:58 +0200] "GET /robots.txt HTTP/1.1" 200 1590 "-" "Mozilla/5.0 (compatible; DotBot/1.2; +https://opensiteexplorer.org/dotbot; help@moz.com)"
216.244.66.200 - - [12/May/2024:03:54:07 +0200] "GET /files/NKP-III_tervezet_0324.pdf HTTP/1.1" 200 122086 "-" "Mozilla/5.0 (compatible; DotBot/1.2; +https://opensiteexplorer.org/dotbot; help@moz.com)"
216.244.66.200 - - [12/May/2024:03:54:43 +0200] "GET /files/hirk_epitm_eng_ell.doc HTTP/1.1" 200 145408 "-" "Mozilla/5.0 (compatible; DotBot/1.2; +https://opensiteexplorer.org/dotbot; help@moz.com)"
216.244.66.200 - - [12/May/2024:03:55:10 +0200] "GET /files/0815_ketoldalu_hatarvizi_t_rc_ra.doc HTTP/1.1" 200 88064 "-" "Mozilla/5.0 (compatible; DotBot/1.2; +https://opensiteexplorer.org/dotbot; help@moz.com)"
216.244.66.200 - - [12/May/2024:03:56:15 +0200] "GET /files/9per93_Normasz%C3%83%C2%B6veg.doc HTTP/1.1" 200 - "-" "Mozilla/5.0 (compatible; DotBot/1.2; +https://opensiteexplorer.org/dotbot; help@moz.com)"
216.244.66.200 - - [12/May/2024:03:56:52 +0200] "GET /files/a_jogalkotasrol_szolo_2010_evi_torveny.pdf HTTP/1.1" 200 397683 "-" "Mozilla/5.0 (compatible; DotBot/1.2; +https://opensiteexplorer.org/dotbot; help@moz.com)"
216.244.66.200 - - [12/May/2024:03:57:44 +0200] "GET /files/egyes_szocrend_terv_090730.pdf HTTP/1.1" 200 302228 "-" "Mozilla/5.0 (compatible; DotBot/1.2; +https://opensiteexplorer.org/dotbot; help@moz.com)"
216.244.66.200 - - [12/May/2024:03:58:21 +0200] "GET /files/newcastle_rendelet_velemenyezesre.pdf HTTP/1.1" 200 188637 "-" "Mozilla/5.0 (compatible; DotBot/1.2; +https://opensiteexplorer.org/dotbot; help@moz.com)"
216.244.66.200 - - [12/May/2024:04:20:33 +0200] "GET /robots.txt HTTP/1.1" 200 1590 "-" "Mozilla/5.0 (compatible; DotBot/1.2; +https://opensiteexplorer.org/dotbot; help@moz.com)"
216.244.66.200 - - [12/May/2024:04:27:18 +0200] "GET /files/gtv_internetes_kozzetetelre_2009-07-15.pdf HTTP/1.1" 200 159172 "-" "Mozilla/5.0 (compatible; DotBot/1.2; +https://opensiteexplorer.org/dotbot; help@moz.com)"
