52.167.144.237 - - [09/May/2024:23:32:21 +0200] "GET /files/NFGM_5051.pdf HTTP/1.1" 304 - "-" "Mozilla/5.0 AppleWebKit/537.36 (KHTML, like Gecko; compatible; bingbot/2.0; +http://www.bing.com/bingbot.htm) Chrome/116.0.1938.76 Safari/537.36"
140.83.49.168 - - [09/May/2024:23:48:33 +0200] "GET /ioxi002.PhP7 HTTP/1.1" 200 - "-" "Mozlila/5.0 (Linux; Android 7.0; SM-G892A Bulid/NRD90M; wv) AppleWebKit/537.36 (KHTML, like Gecko) Version/4.0 Chrome/60.0.3112.107 Moblie Safari/537.36"
216.244.66.200 - - [09/May/2024:23:50:08 +0200] "GET /files/2.%20sz%C3%83%C2%A1m%C3%83%C2%BA%20mell%C3%83%C2%A9klet-t%C3%83%C2%A1rc%C3%83%C2%A1ra.doc HTTP/1.1" 200 - "-" "Mozilla/5.0 (compatible; DotBot/1.2; +https://opensiteexplorer.org/dotbot; help@moz.com)"
66.249.64.64 - - [09/May/2024:23:50:39 +0200] "GET / HTTP/1.1" 200 - "-" "Mozilla/5.0 (Linux; Android 6.0.1; Nexus 5X Build/MMB29P) AppleWebKit/537.36 (KHTML, like Gecko) Chrome/99.0.4844.84 Mobile Safari/537.36 (compatible; Googlebot/2.1; +http://www.google.com/bot.html)"
66.249.64.64 - - [09/May/2024:23:54:31 +0200] "GET / HTTP/1.1" 200 - "-" "Mozilla/5.0 (compatible; Googlebot/2.1; +http://www.google.com/bot.html)"
66.249.64.64 - - [09/May/2024:23:55:03 +0200] "GET / HTTP/1.1" 200 - "-" "Mozilla/5.0 (Linux; Android 6.0.1; Nexus 5X Build/MMB29P) AppleWebKit/537.36 (KHTML, like Gecko) Chrome/124.0.6367.118 Mobile Safari/537.36 (compatible; Googlebot/2.1; +http://www.google.com/bot.html)"
66.249.70.102 - - [09/May/2024:23:55:18 +0200] "GET /files/ptk.dologi_jog_0.pdf HTTP/1.1" 200 141671 "-" "Googlebot/2.1 (+http://www.google.com/bot.html)"
66.249.70.104 - - [10/May/2024:00:07:45 +0200] "GET /files/telepules_dok.pdf HTTP/1.1" 304 - "-" "Mozilla/5.0 (Linux; Android 6.0.1; Nexus 5X Build/MMB29P) AppleWebKit/537.36 (KHTML, like Gecko) Chrome/124.0.6367.118 Mobile Safari/537.36 (compatible; Googlebot/2.1; +http://www.google.com/bot.html)"
34.222.239.207 - - [10/May/2024:00:29:57 +0200] "GET /robots.txt HTTP/1.1" 200 1590 "-" "-"
34.222.239.207 - - [10/May/2024:00:30:39 +0200] "GET /node/357 HTTP/1.1" 200 - "-" "Mozilla/5.0 (Windows NT 10.0; Win64; x64) AppleWebKit/605.1.15 (KHTML, like Gecko; compatible; FriendlyCrawler/1.0) Chrome/120.0.6099.216 Safari/605.1.15"
66.249.64.64 - - [10/May/2024:00:35:28 +0200] "GET /files/felsoo_terv_071105.pdf HTTP/1.1" 200 805124 "-" "Googlebot/2.1 (+http://www.google.com/bot.html)"
66.249.70.102 - - [10/May/2024:00:50:31 +0200] "GET /files/tervezesi_eloirasok_om_r_allig_egy_060310.pdf HTTP/1.1" 304 - "-" "Mozilla/5.0 (Linux; Android 6.0.1; Nexus 5X Build/MMB29P) AppleWebKit/537.36 (KHTML, like Gecko) Chrome/124.0.6367.118 Mobile Safari/537.36 (compatible; Googlebot/2.1; +http://www.google.com/bot.html)"
40.77.167.108 - - [10/May/2024:00:59:16 +0200] "GET /robots.txt HTTP/1.1" 200 1590 "-" "Mozilla/5.0 AppleWebKit/537.36 (KHTML, like Gecko; compatible; bingbot/2.0; +http://www.bing.com/bingbot.htm) Chrome/116.0.1938.76 Safari/537.36"
52.167.144.186 - - [10/May/2024:00:59:53 +0200] "GET /files/$File/fu_e_kon.pdf HTTP/1.1" 200 - "-" "Mozilla/5.0 AppleWebKit/537.36 (KHTML, like Gecko; compatible; bingbot/2.0; +http://www.bing.com/bingbot.htm) Chrome/116.0.1938.76 Safari/537.36"
52.167.144.186 - - [10/May/2024:01:00:25 +0200] "GET /files/$File/fu_e_kon.pdf HTTP/1.1" 200 - "-" "Mozilla/5.0 AppleWebKit/537.36 (KHTML, like Gecko; compatible; bingbot/2.0; +http://www.bing.com/bingbot.htm) Chrome/116.0.1938.76 Safari/537.36"
66.249.70.102 - - [10/May/2024:01:03:08 +0200] "GET /files/muemlekke_nyilv_070109.pdf HTTP/1.1" 200 157550 "-" "Mozilla/5.0 (Linux; Android 6.0.1; Nexus 5X Build/MMB29P) AppleWebKit/537.36 (KHTML, like Gecko) Chrome/124.0.6367.118 Mobile Safari/537.36 (compatible; Googlebot/2.1; +http://www.google.com/bot.html)"
66.249.64.75 - - [10/May/2024:01:07:15 +0200] "GET /files/uam_terv_080407.pdf HTTP/1.1" 200 439633 "-" "Googlebot/2.1 (+http://www.google.com/bot.html)"
216.244.66.200 - - [10/May/2024:01:22:02 +0200] "GET /robots.txt HTTP/1.1" 200 1590 "-" "Mozilla/5.0 (compatible; DotBot/1.2; +https://opensiteexplorer.org/dotbot; help@moz.com)"
216.244.66.200 - - [10/May/2024:01:22:02 +0200] "GET /robots.txt HTTP/1.1" 200 1590 "-" "Mozilla/5.0 (compatible; DotBot/1.2; +https://opensiteexplorer.org/dotbot; help@moz.com)"
66.249.70.104 - - [10/May/2024:01:37:46 +0200] "GET /files/KHEM_8489_5_norma_0.doc HTTP/1.1" 200 144384 "-" "Mozilla/5.0 (Linux; Android 6.0.1; Nexus 5X Build/MMB29P) AppleWebKit/537.36 (KHTML, like Gecko) Chrome/124.0.6367.118 Mobile Safari/537.36 (compatible; Googlebot/2.1; +http://www.google.com/bot.html)"
216.244.66.200 - - [10/May/2024:01:40:48 +0200] "GET /files/t%C3%83%C2%A1rc%C3%83%C2%A1ra%20szermarad%C3%83%C2%A9k.doc HTTP/1.1" 200 - "-" "Mozilla/5.0 (compatible; DotBot/1.2; +https://opensiteexplorer.org/dotbot; help@moz.com)"
216.244.66.200 - - [10/May/2024:01:41:41 +0200] "GET /taxonomy/term/57/0/feed HTTP/1.1" 200 - "-" "Mozilla/5.0 (compatible; DotBot/1.2; +https://opensiteexplorer.org/dotbot; help@moz.com)"
216.244.66.200 - - [10/May/2024:01:42:21 +0200] "GET /taxonomy/term/76/0/feed HTTP/1.1" 200 - "-" "Mozilla/5.0 (compatible; DotBot/1.2; +https://opensiteexplorer.org/dotbot; help@moz.com)"
216.244.66.200 - - [10/May/2024:01:44:10 +0200] "GET /taxonomy/term/3/0/feed HTTP/1.1" 200 - "-" "Mozilla/5.0 (compatible; DotBot/1.2; +https://opensiteexplorer.org/dotbot; help@moz.com)"
66.249.70.104 - - [10/May/2024:02:14:46 +0200] "GET /files/fontos_es_bizalmas_munkakorok_060913.pdf HTTP/1.1" 304 - "-" "Mozilla/5.0 (Linux; Android 6.0.1; Nexus 5X Build/MMB29P) AppleWebKit/537.36 (KHTML, like Gecko) Chrome/124.0.6367.155 Mobile Safari/537.36 (compatible; Googlebot/2.1; +http://www.google.com/bot.html)"
216.244.66.200 - - [10/May/2024:02:19:23 +0200] "GET /robots.txt HTTP/1.1" 200 1590 "-" "Mozilla/5.0 (compatible; DotBot/1.2; +https://opensiteexplorer.org/dotbot; help@moz.com)"
216.244.66.200 - - [10/May/2024:02:41:50 +0200] "GET /files/Eloterjesztes_kozigazgatasi_egyeztetesre_20091209.pdf HTTP/1.1" 200 263035 "-" "Mozilla/5.0 (compatible; DotBot/1.2; +https://opensiteexplorer.org/dotbot; help@moz.com)"
216.244.66.200 - - [10/May/2024:02:42:02 +0200] "GET /files/drogback_eloterj_4_ogy_hatarozat_061129.pdf HTTP/1.1" 200 161887 "-" "Mozilla/5.0 (compatible; DotBot/1.2; +https://opensiteexplorer.org/dotbot; help@moz.com)"
216.244.66.200 - - [10/May/2024:02:42:13 +0200] "GET /files/min_hatekony_gyogyszerrend_taj_081203.doc HTTP/1.1" 200 45568 "-" "Mozilla/5.0 (compatible; DotBot/1.2; +https://opensiteexplorer.org/dotbot; help@moz.com)"
216.244.66.200 - - [10/May/2024:02:44:03 +0200] "GET /files/16_2000%20m%C3%83%C2%B3dos%C3%83%C2%ADt%C3%83%C2%A1sa%20k%C3%83%C2%B6zigre.doc HTTP/1.1" 200 - "-" "Mozilla/5.0 (compatible; DotBot/1.2; +https://opensiteexplorer.org/dotbot; help@moz.com)"
66.249.70.103 - - [10/May/2024:02:44:38 +0200] "GET /files/cegbejegyz_cegnyilv_08.12.doc HTTP/1.1" 304 - "-" "Mozilla/5.0 (Linux; Android 6.0.1; Nexus 5X Build/MMB29P) AppleWebKit/537.36 (KHTML, like Gecko) Chrome/124.0.6367.155 Mobile Safari/537.36 (compatible; Googlebot/2.1; +http://www.google.com/bot.html)"
216.244.66.200 - - [10/May/2024:02:47:01 +0200] "GET /files/NAD_jogharmoniz%C3%83%C2%A1ci%C3%83%C2%B3_k%C3%83%C2%B6zigazgat%C3%83%C2%A1si%20egyeztet%C3%83%C2%A9sre.doc HTTP/1.1" 200 - "-" "Mozilla/5.0 (compatible; DotBot/1.2; +https://opensiteexplorer.org/dotbot; help@moz.com)"
35.246.82.171 - - [10/May/2024:03:09:09 +0200] "GET / HTTP/1.1" 200 - "-" "Java/1.6.0_04"
35.246.82.171 - - [10/May/2024:03:09:41 +0200] "GET / HTTP/1.1" 200 - "-" "Java/1.6.0_04"
66.249.64.76 - - [10/May/2024:03:29:36 +0200] "GET /files/nem-konvencionalis_korm_rend_090202.doc HTTP/1.1" 304 - "-" "Mozilla/5.0 (Linux; Android 6.0.1; Nexus 5X Build/MMB29P) AppleWebKit/537.36 (KHTML, like Gecko) Chrome/124.0.6367.155 Mobile Safari/537.36 (compatible; Googlebot/2.1; +http://www.google.com/bot.html)"
52.70.240.171 - - [10/May/2024:03:43:55 +0200] "GET /robots.txt HTTP/1.1" 200 1590 "-" "Mozilla/5.0 (Macintosh; Intel Mac OS X 10_10_1) AppleWebKit/600.2.5 (KHTML, like Gecko) Version/8.0.2 Safari/600.2.5 (Amazonbot/0.1; +https://developer.amazon.com/support/amazonbot)"
3.224.220.101 - - [10/May/2024:03:44:31 +0200] "GET /drupal/files/NFGM2005_0.pdf HTTP/1.1" 200 - "-" "Mozilla/5.0 (Macintosh; Intel Mac OS X 10_10_1) AppleWebKit/600.2.5 (KHTML, like Gecko) Version/8.0.2 Safari/600.2.5 (Amazonbot/0.1; +https://developer.amazon.com/support/amazonbot)"
66.249.70.104 - - [10/May/2024:04:14:34 +0200] "GET /files/9369_8.pdf HTTP/1.1" 304 - "-" "Mozilla/5.0 (Linux; Android 6.0.1; Nexus 5X Build/MMB29P) AppleWebKit/537.36 (KHTML, like Gecko) Chrome/124.0.6367.155 Mobile Safari/537.36 (compatible; Googlebot/2.1; +http://www.google.com/bot.html)"
35.246.82.171 - - [10/May/2024:04:56:45 +0200] "GET / HTTP/1.1" 200 - "-" "Java/1.6.0_04"
35.246.82.171 - - [10/May/2024:04:57:17 +0200] "GET / HTTP/1.1" 200 - "-" "Java/1.6.0_04"
216.244.66.200 - - [10/May/2024:05:06:18 +0200] "GET /robots.txt HTTP/1.1" 200 1590 "-" "Mozilla/5.0 (compatible; DotBot/1.2; +https://opensiteexplorer.org/dotbot; help@moz.com)"
216.244.66.200 - - [10/May/2024:05:06:18 +0200] "GET /robots.txt HTTP/1.1" 200 1590 "-" "Mozilla/5.0 (compatible; DotBot/1.2; +https://opensiteexplorer.org/dotbot; help@moz.com)"
216.244.66.200 - - [10/May/2024:05:20:13 +0200] "GET /files/cegnyilvanossag.doc HTTP/1.1" 200 649216 "-" "Mozilla/5.0 (compatible; DotBot/1.2; +https://opensiteexplorer.org/dotbot; help@moz.com)"
216.244.66.200 - - [10/May/2024:05:21:05 +0200] "GET /files/jelentes_2005.doc HTTP/1.1" 200 796672 "-" "Mozilla/5.0 (compatible; DotBot/1.2; +https://opensiteexplorer.org/dotbot; help@moz.com)"
216.244.66.200 - - [10/May/2024:05:21:46 +0200] "GET /files/nemzetisegi_terv_080130.pdf HTTP/1.1" 200 350721 "-" "Mozilla/5.0 (compatible; DotBot/1.2; +https://opensiteexplorer.org/dotbot; help@moz.com)"
216.244.66.200 - - [10/May/2024:05:22:21 +0200] "GET /files/96per2003_korm_rend_muk_eng_mod.doc HTTP/1.1" 200 40960 "-" "Mozilla/5.0 (compatible; DotBot/1.2; +https://opensiteexplorer.org/dotbot; help@moz.com)"
216.244.66.200 - - [10/May/2024:05:22:52 +0200] "GET /files/kezterves_rend_tervezet_kozig.pdf HTTP/1.1" 200 212345 "-" "Mozilla/5.0 (compatible; DotBot/1.2; +https://opensiteexplorer.org/dotbot; help@moz.com)"
216.244.66.200 - - [10/May/2024:05:23:24 +0200] "GET /files/korm_rendelet_tervezet_vezetoi_juttatasokrol.pdf HTTP/1.1" 200 93651 "-" "Mozilla/5.0 (compatible; DotBot/1.2; +https://opensiteexplorer.org/dotbot; help@moz.com)"
216.244.66.200 - - [10/May/2024:05:23:59 +0200] "GET /files/szakszo_legiforgalmi_iranyito_3mell.pdf HTTP/1.1" 200 383563 "-" "Mozilla/5.0 (compatible; DotBot/1.2; +https://opensiteexplorer.org/dotbot; help@moz.com)"
216.244.66.200 - - [10/May/2024:05:25:01 +0200] "GET /files/14.%20sz%C3%83%C2%A1m%C3%83%C2%BA%20mell%C3%83%C2%A9klet.doc HTTP/1.1" 200 - "-" "Mozilla/5.0 (compatible; DotBot/1.2; +https://opensiteexplorer.org/dotbot; help@moz.com)"
216.244.66.200 - - [10/May/2024:05:25:51 +0200] "GET /files/otthonsz%C3%83%C2%BCl%C3%83%C2%A9s%20Korm_%20E%C3%83%C2%BCM_rend_terv.doc HTTP/1.1" 200 - "-" "Mozilla/5.0 (compatible; DotBot/1.2; +https://opensiteexplorer.org/dotbot; help@moz.com)"
216.244.66.200 - - [10/May/2024:05:26:42 +0200] "GET /taxonomy/term/77/0/feed HTTP/1.1" 200 - "-" "Mozilla/5.0 (compatible; DotBot/1.2; +https://opensiteexplorer.org/dotbot; help@moz.com)"
216.244.66.200 - - [10/May/2024:05:27:33 +0200] "GET /files/SM+48-as+honlapon+t%C3%83%C2%B6rt%C3%83%C2%A9n%C3%85%E2%80%98+k%C3%83%C2%B6zz%C3%83%C2%A9t%C3%83%C2%A9tel+07.08.doc HTTP/1.1" 200 - "-" "Mozilla/5.0 (compatible; DotBot/1.2; +https://opensiteexplorer.org/dotbot; help@moz.com)"
66.249.64.75 - - [10/May/2024:05:59:30 +0200] "GET /files/hm_rend_tervezet_szuperbrutto.pdf HTTP/1.1" 200 122216 "-" "Mozilla/5.0 (Linux; Android 6.0.1; Nexus 5X Build/MMB29P) AppleWebKit/537.36 (KHTML, like Gecko) Chrome/124.0.6367.155 Mobile Safari/537.36 (compatible; Googlebot/2.1; +http://www.google.com/bot.html)"
216.244.66.200 - - [10/May/2024:06:04:06 +0200] "GET /robots.txt HTTP/1.1" 200 1590 "-" "Mozilla/5.0 (compatible; DotBot/1.2; +https://opensiteexplorer.org/dotbot; help@moz.com)"
216.244.66.200 - - [10/May/2024:06:04:06 +0200] "GET /robots.txt HTTP/1.1" 200 1590 "-" "Mozilla/5.0 (compatible; DotBot/1.2; +https://opensiteexplorer.org/dotbot; help@moz.com)"
66.249.70.102 - - [10/May/2024:06:14:34 +0200] "GET /files/E%C3%BCM%202006.%20I.%20f%C3%A9l%C3%A9vi%20munkaterve%20(2006.02.09.)%20-%20v%C3%A9gleges.doc HTTP/1.1" 304 - "-" "Mozilla/5.0 (Linux; Android 6.0.1; Nexus 5X Build/MMB29P) AppleWebKit/537.36 (KHTML, like Gecko) Chrome/124.0.6367.155 Mobile Safari/537.36 (compatible; Googlebot/2.1; +http://www.google.com/bot.html)"
216.244.66.200 - - [10/May/2024:06:18:11 +0200] "GET /files/ketvh_elekt_ert_terv.090817.doc HTTP/1.1" 200 96768 "-" "Mozilla/5.0 (compatible; DotBot/1.2; +https://opensiteexplorer.org/dotbot; help@moz.com)"
216.244.66.200 - - [10/May/2024:06:18:41 +0200] "GET /files/kioto_vhr_mod_kozig.pdf HTTP/1.1" 200 264624 "-" "Mozilla/5.0 (compatible; DotBot/1.2; +https://opensiteexplorer.org/dotbot; help@moz.com)"
54.36.148.240 - - [10/May/2024:06:18:55 +0200] "GET /robots.txt HTTP/1.1" 200 1590 "-" "Mozilla/5.0 (compatible; AhrefsBot/7.0; +http://ahrefs.com/robot/)"
216.244.66.200 - - [10/May/2024:06:19:18 +0200] "GET /files/kormeloterj_novved_birsag.pdf HTTP/1.1" 200 161913 "-" "Mozilla/5.0 (compatible; DotBot/1.2; +https://opensiteexplorer.org/dotbot; help@moz.com)"
216.244.66.200 - - [10/May/2024:06:19:48 +0200] "GET /files/szekhelyszolg.doc HTTP/1.1" 200 31232 "-" "Mozilla/5.0 (compatible; DotBot/1.2; +https://opensiteexplorer.org/dotbot; help@moz.com)"
216.244.66.200 - - [10/May/2024:06:20:20 +0200] "GET /files/tervezet_Szarvasi.pdf HTTP/1.1" 200 171068 "-" "Mozilla/5.0 (compatible; DotBot/1.2; +https://opensiteexplorer.org/dotbot; help@moz.com)"
216.244.66.200 - - [10/May/2024:06:20:52 +0200] "GET /files/tnyr_eloterj_061204.pdf HTTP/1.1" 200 463625 "-" "Mozilla/5.0 (compatible; DotBot/1.2; +https://opensiteexplorer.org/dotbot; help@moz.com)"
216.244.66.200 - - [10/May/2024:06:21:21 +0200] "GET /files/vendeg_termek.zip HTTP/1.1" 200 49183 "-" "Mozilla/5.0 (compatible; DotBot/1.2; +https://opensiteexplorer.org/dotbot; help@moz.com)"
216.244.66.200 - - [10/May/2024:06:21:52 +0200] "GET /files/14_2005_fmm_rend_mod_terv_090622.pdf HTTP/1.1" 200 200878 "-" "Mozilla/5.0 (compatible; DotBot/1.2; +https://opensiteexplorer.org/dotbot; help@moz.com)"
216.244.66.200 - - [10/May/2024:06:22:18 +0200] "GET /files/32_99_fvm_mod_velemenyezesre.pdf HTTP/1.1" 200 193037 "-" "Mozilla/5.0 (compatible; DotBot/1.2; +https://opensiteexplorer.org/dotbot; help@moz.com)"
216.244.66.200 - - [10/May/2024:06:23:15 +0200] "GET /files/Idtv%20szakmapolitik%C3%83%C2%A1ra.doc HTTP/1.1" 200 - "-" "Mozilla/5.0 (compatible; DotBot/1.2; +https://opensiteexplorer.org/dotbot; help@moz.com)"
216.244.66.200 - - [10/May/2024:06:23:34 +0200] "GET /files/hmrend_tervezet_mh_legvedelmi_keszenleti_repuleseirol.pdf HTTP/1.1" 200 114953 "-" "Mozilla/5.0 (compatible; DotBot/1.2; +https://opensiteexplorer.org/dotbot; help@moz.com)"
216.244.66.200 - - [10/May/2024:06:24:08 +0200] "GET /files/magyar_szerb_hatarat_torvenyjavaslat.pdf HTTP/1.1" 200 235352 "-" "Mozilla/5.0 (compatible; DotBot/1.2; +https://opensiteexplorer.org/dotbot; help@moz.com)"
216.244.66.200 - - [10/May/2024:06:24:37 +0200] "GET /files/megfelel__si_t__bl__zat_561_2006_ek__KKt_b__rs__ghoz.doc HTTP/1.1" 200 77824 "-" "Mozilla/5.0 (compatible; DotBot/1.2; +https://opensiteexplorer.org/dotbot; help@moz.com)"
216.244.66.200 - - [10/May/2024:06:25:36 +0200] "GET /user/31/notify HTTP/1.1" 200 - "-" "Mozilla/5.0 (compatible; DotBot/1.2; +https://opensiteexplorer.org/dotbot; help@moz.com)"
216.244.66.200 - - [10/May/2024:06:26:27 +0200] "GET /files/Erd%C3%85%E2%80%98t%C3%83%C2%B6rv%C3%83%C2%A9ny%202005.dec.22.-1.doc HTTP/1.1" 200 - "-" "Mozilla/5.0 (compatible; DotBot/1.2; +https://opensiteexplorer.org/dotbot; help@moz.com)"
216.244.66.200 - - [10/May/2024:06:27:17 +0200] "GET /taxonomy/term/64/0/feed HTTP/1.1" 200 - "-" "Mozilla/5.0 (compatible; DotBot/1.2; +https://opensiteexplorer.org/dotbot; help@moz.com)"
66.249.64.76 - - [10/May/2024:07:30:00 +0200] "GET /files/ekozig_strategia.pdf HTTP/1.1" 200 731185 "-" "Googlebot/2.1 (+http://www.google.com/bot.html)"
66.249.70.104 - - [10/May/2024:08:14:33 +0200] "GET /files/51995[1].pdf HTTP/1.1" 304 - "-" "Mozilla/5.0 (Linux; Android 6.0.1; Nexus 5X Build/MMB29P) AppleWebKit/537.36 (KHTML, like Gecko) Chrome/124.0.6367.155 Mobile Safari/537.36 (compatible; Googlebot/2.1; +http://www.google.com/bot.html)"
66.249.70.103 - - [10/May/2024:08:44:35 +0200] "GET /files/kozraktar.pdf HTTP/1.1" 304 - "-" "Mozilla/5.0 (Linux; Android 6.0.1; Nexus 5X Build/MMB29P) AppleWebKit/537.36 (KHTML, like Gecko) Chrome/124.0.6367.155 Mobile Safari/537.36 (compatible; Googlebot/2.1; +http://www.google.com/bot.html)"
216.244.66.200 - - [10/May/2024:08:52:14 +0200] "GET /robots.txt HTTP/1.1" 200 1590 "-" "Mozilla/5.0 (compatible; DotBot/1.2; +https://opensiteexplorer.org/dotbot; help@moz.com)"
216.244.66.200 - - [10/May/2024:08:52:14 +0200] "GET /robots.txt HTTP/1.1" 200 1590 "-" "Mozilla/5.0 (compatible; DotBot/1.2; +https://opensiteexplorer.org/dotbot; help@moz.com)"
216.244.66.200 - - [10/May/2024:08:58:39 +0200] "GET /files/1_szazalekos_szja_tv_modositasa_indoklassal.doc HTTP/1.1" 200 284160 "-" "Mozilla/5.0 (compatible; DotBot/1.2; +https://opensiteexplorer.org/dotbot; help@moz.com)"
216.244.66.200 - - [10/May/2024:08:58:50 +0200] "GET /files/OM_9161_2009_ingatlankozvetites.pdf HTTP/1.1" 200 78374 "-" "Mozilla/5.0 (compatible; DotBot/1.2; +https://opensiteexplorer.org/dotbot; help@moz.com)"
216.244.66.200 - - [10/May/2024:08:59:35 +0200] "GET /files/Telep%C3%83%C2%BCl%C3%83%C2%A9s2009szeptember.pdf HTTP/1.1" 200 - "-" "Mozilla/5.0 (compatible; DotBot/1.2; +https://opensiteexplorer.org/dotbot; help@moz.com)"
216.244.66.200 - - [10/May/2024:09:00:16 +0200] "GET /taxonomy/term/89/0/feed HTTP/1.1" 200 - "-" "Mozilla/5.0 (compatible; DotBot/1.2; +https://opensiteexplorer.org/dotbot; help@moz.com)"
213.180.203.56 - - [10/May/2024:09:02:09 +0200] "GET /robots.txt HTTP/1.1" 200 1590 "-" "Mozilla/5.0 (compatible; YandexBot/3.0; +http://yandex.com/bots)"
95.108.213.88 - - [10/May/2024:09:02:41 +0200] "GET /drupal/node/91 HTTP/1.1" 200 - "-" "Mozilla/5.0 (compatible; YandexBot/3.0; +http://yandex.com/bots)"
34.222.239.207 - - [10/May/2024:09:49:58 +0200] "GET /robots.txt HTTP/1.1" 200 1590 "-" "-"
34.222.239.207 - - [10/May/2024:09:50:10 +0200] "GET /files/NFGM1713.pdf HTTP/1.1" 200 203993 "-" "Mozilla/5.0 (Windows NT 10.0; Win64; x64) AppleWebKit/605.1.15 (KHTML, like Gecko; compatible; FriendlyCrawler/1.0) Chrome/120.0.6099.216 Safari/605.1.15"
34.77.248.236 - - [10/May/2024:09:59:07 +0200] "GET / HTTP/1.1" 200 - "-" "Mozilla/5.0 (Windows NT 10.0; Win64; x64) AppleWebKit/537.36 (KHTML, like Gecko) Chrome/84.0.4147.105 Safari/537.36"
66.249.70.104 - - [10/May/2024:10:00:24 +0200] "GET /files/IRM_munkaterv_2007.I.f%C3%A9l%C3%A9v.doc HTTP/1.1" 200 204288 "-" "Mozilla/5.0 (Linux; Android 6.0.1; Nexus 5X Build/MMB29P) AppleWebKit/537.36 (KHTML, like Gecko) Chrome/124.0.6367.155 Mobile Safari/537.36 (compatible; Googlebot/2.1; +http://www.google.com/bot.html)"
66.249.64.76 - - [10/May/2024:10:11:18 +0200] "GET /files/szvk_terv_090804.pdf HTTP/1.1" 200 1803870 "-" "Mozilla/5.0 (Linux; Android 6.0.1; Nexus 5X Build/MMB29P) AppleWebKit/537.36 (KHTML, like Gecko) Chrome/124.0.6367.155 Mobile Safari/537.36 (compatible; Googlebot/2.1; +http://www.google.com/bot.html)"
37.76.94.164 - - [10/May/2024:10:34:16 +0200] "GET /files/keklampa.doc HTTP/1.1" 200 66699 "https://www.google.com/" "Mozilla/5.0 (Windows NT 10.0; Win64; x64; rv:125.0) Gecko/20100101 Firefox/125.0"
37.76.94.164 - - [10/May/2024:10:34:21 +0200] "GET /files/keklampa.doc HTTP/1.1" 200 170496 "https://www.google.com/" "Mozilla/5.0 (Windows NT 10.0; Win64; x64; rv:125.0) Gecko/20100101 Firefox/125.0"
40.77.167.108 - - [10/May/2024:10:51:12 +0200] "GET /robots.txt HTTP/1.1" 200 1590 "-" "Mozilla/5.0 AppleWebKit/537.36 (KHTML, like Gecko; compatible; bingbot/2.0; +http://www.bing.com/bingbot.htm) Chrome/116.0.1938.76 Safari/537.36"
52.167.144.140 - - [10/May/2024:10:51:14 +0200] "GET /files/fitness.pdf HTTP/1.1" 304 - "-" "Mozilla/5.0 AppleWebKit/537.36 (KHTML, like Gecko; compatible; bingbot/2.0; +http://www.bing.com/bingbot.htm) Chrome/116.0.1938.76 Safari/537.36"
66.249.70.102 - - [10/May/2024:10:58:39 +0200] "GET / HTTP/1.1" 200 - "-" "Mozilla/5.0 (Linux; Android 6.0.1; Nexus 5X Build/MMB29P) AppleWebKit/537.36 (KHTML, like Gecko) Chrome/99.0.4844.84 Mobile Safari/537.36 (compatible; Googlebot/2.1; +http://www.google.com/bot.html)"
66.249.70.103 - - [10/May/2024:10:59:11 +0200] "GET / HTTP/1.1" 200 - "-" "Mozilla/5.0 (compatible; Googlebot/2.1; +http://www.google.com/bot.html)"
66.249.70.102 - - [10/May/2024:10:59:43 +0200] "GET / HTTP/1.1" 200 - "-" "Mozilla/5.0 (Linux; Android 6.0.1; Nexus 5X Build/MMB29P) AppleWebKit/537.36 (KHTML, like Gecko) Chrome/124.0.6367.155 Mobile Safari/537.36 (compatible; Googlebot/2.1; +http://www.google.com/bot.html)"
66.249.70.103 - - [10/May/2024:10:59:44 +0200] "GET /files/NFGM2172.pdf HTTP/1.1" 200 254751 "-" "Mozilla/5.0 (Linux; Android 6.0.1; Nexus 5X Build/MMB29P) AppleWebKit/537.36 (KHTML, like Gecko) Chrome/124.0.6367.155 Mobile Safari/537.36 (compatible; GoogleOther)"
66.249.70.103 - - [10/May/2024:11:00:16 +0200] "GET / HTTP/1.1" 200 - "-" "Mozilla/5.0 (compatible; Googlebot/2.1; +http://www.google.com/bot.html)"
66.249.70.102 - - [10/May/2024:11:00:48 +0200] "GET / HTTP/1.1" 200 - "-" "Mozilla/5.0 (Linux; Android 6.0.1; Nexus 5X Build/MMB29P) AppleWebKit/537.36 (KHTML, like Gecko) Chrome/99.0.4844.84 Mobile Safari/537.36 (compatible; Googlebot/2.1; +http://www.google.com/bot.html)"
66.249.70.102 - - [10/May/2024:11:01:20 +0200] "GET / HTTP/1.1" 200 - "-" "Mozilla/5.0 (compatible; Googlebot/2.1; +http://www.google.com/bot.html)"
66.249.70.102 - - [10/May/2024:11:01:52 +0200] "GET / HTTP/1.1" 200 - "-" "Mozilla/5.0 (Linux; Android 6.0.1; Nexus 5X Build/MMB29P) AppleWebKit/537.36 (KHTML, like Gecko) Chrome/124.0.6367.155 Mobile Safari/537.36 (compatible; Googlebot/2.1; +http://www.google.com/bot.html)"
52.167.144.20 - - [10/May/2024:11:12:02 +0200] "GET /files/2198.pdf HTTP/1.1" 304 - "-" "Mozilla/5.0 AppleWebKit/537.36 (KHTML, like Gecko; compatible; bingbot/2.0; +http://www.bing.com/bingbot.htm) Chrome/116.0.1938.76 Safari/537.36"
66.249.64.75 - - [10/May/2024:11:46:02 +0200] "GET /files/unicef_keretmegallapodas_tervezet_071114.pdf HTTP/1.1" 200 390378 "-" "Googlebot/2.1 (+http://www.google.com/bot.html)"
114.119.153.247 - - [10/May/2024:11:55:09 +0200] "GET /robots.txt HTTP/1.1" 200 1590 "-" "Mozilla/5.0 (compatible;PetalBot;+https://webmaster.petalsearch.com/site/petalbot)"
216.244.66.200 - - [10/May/2024:12:34:33 +0200] "GET /robots.txt HTTP/1.1" 200 1590 "-" "Mozilla/5.0 (compatible; DotBot/1.2; +https://opensiteexplorer.org/dotbot; help@moz.com)"
165.225.200.207 - - [10/May/2024:12:35:35 +0200] "GET /files/OHT_II_febr2.pdf HTTP/1.1" 200 994566 "https://www.google.com/" "Mozilla/5.0 (Windows NT 10.0; Win64; x64) AppleWebKit/537.36 (KHTML, like Gecko) Chrome/119.0.0.0 Safari/537.36"
165.225.200.207 - - [10/May/2024:12:35:39 +0200] "GET /files/OHT_II_febr2.pdf HTTP/1.1" 200 994566 "https://www.google.com/" "Mozilla/5.0 (Windows NT 10.0; Win64; x64) AppleWebKit/537.36 (KHTML, like Gecko) Chrome/119.0.0.0 Safari/537.36"
165.225.200.207 - - [10/May/2024:12:35:39 +0200] "GET /favicon.ico HTTP/1.1" 404 57 "http://www.jogalkotas.hu/files/OHT_II_febr2.pdf" "Mozilla/5.0 (Windows NT 10.0; Win64; x64) AppleWebKit/537.36 (KHTML, like Gecko) Chrome/119.0.0.0 Safari/537.36"
216.244.66.200 - - [10/May/2024:12:43:02 +0200] "GET /taxonomy/term/18%2023%2024%2026%2025%2027%2028%2029%2052%2041%2031%2032%2098%2033%2048%2099%2034%2049%2035%2051%20100%2036%2050?page=1 HTTP/1.1" 200 - "-" "Mozilla/5.0 (compatible; DotBot/1.2; +https://opensiteexplorer.org/dotbot; help@moz.com)"
107.175.69.10 - - [10/May/2024:12:44:02 +0200] "GET / HTTP/1.1" 200 - "" "Mozilla/5.0 (compatible; version/1.0; Windows NT 5.1"
40.77.167.247 - - [10/May/2024:12:51:32 +0200] "GET /taxonomy/term/70 HTTP/1.1" 200 - "-" "Mozilla/5.0 AppleWebKit/537.36 (KHTML, like Gecko; compatible; bingbot/2.0; +http://www.bing.com/bingbot.htm) Chrome/116.0.1938.76 Safari/537.36"
40.77.167.247 - - [10/May/2024:12:52:04 +0200] "GET /taxonomy/term/70 HTTP/1.1" 200 - "-" "Mozilla/5.0 AppleWebKit/537.36 (KHTML, like Gecko; compatible; bingbot/2.0; +http://www.bing.com/bingbot.htm) Chrome/116.0.1938.76 Safari/537.36"
66.249.64.75 - - [10/May/2024:13:27:14 +0200] "GET /files/szszital_foldrajzi_arujelzo_korm_tervezet.pdf HTTP/1.1" 200 74219 "-" "Googlebot/2.1 (+http://www.google.com/bot.html)"
20.191.45.212 - - [10/May/2024:13:42:19 +0200] "GET /favicon.ico HTTP/1.1" 404 57 "http://www.jogalkotas.hu/favicon.ico" "DuckDuckBot/1.1; (+http://duckduckgo.com/duckduckbot.html)"
20.191.45.212 - - [10/May/2024:13:42:41 +0200] "GET / HTTP/1.1" 200 - "http://www.jogalkotas.hu/" "DuckDuckBot/1.1; (+http://duckduckgo.com/duckduckbot.html)"
66.249.70.102 - - [10/May/2024:13:46:21 +0200] "GET /files/KHEM_8489_5_norma_0.doc HTTP/1.1" 304 - "-" "Mozilla/5.0 (Linux; Android 6.0.1; Nexus 5X Build/MMB29P) AppleWebKit/537.36 (KHTML, like Gecko) Chrome/124.0.6367.155 Mobile Safari/537.36 (compatible; Googlebot/2.1; +http://www.google.com/bot.html)"
198.235.24.88 - - [10/May/2024:14:01:21 +0200] "GET / HTTP/1.1" 200 - "-" "Expanse, a Palo Alto Networks company, searches across the global IPv4 space multiple times per day to identify customers' presences on the Internet. If you would like to be excluded from our scans, please send IP addresses/domains to: scaninfo@paloaltonetworks.com"
114.119.133.220 - - [10/May/2024:14:15:01 +0200] "GET /robots.txt HTTP/1.1" 200 1590 "-" "Mozilla/5.0 (compatible;PetalBot;+https://webmaster.petalsearch.com/site/petalbot)"
216.244.66.200 - - [10/May/2024:14:25:25 +0200] "GET /robots.txt HTTP/1.1" 200 1590 "-" "Mozilla/5.0 (compatible; DotBot/1.2; +https://opensiteexplorer.org/dotbot; help@moz.com)"
216.244.66.200 - - [10/May/2024:14:25:26 +0200] "GET /robots.txt HTTP/1.1" 200 1590 "-" "Mozilla/5.0 (compatible; DotBot/1.2; +https://opensiteexplorer.org/dotbot; help@moz.com)"
216.244.66.200 - - [10/May/2024:14:31:21 +0200] "GET /files/kozzeteteli_1114.doc HTTP/1.1" 200 264704 "-" "Mozilla/5.0 (compatible; DotBot/1.2; +https://opensiteexplorer.org/dotbot; help@moz.com)"
216.244.66.200 - - [10/May/2024:14:31:41 +0200] "GET /files/muemlekke_nyilv_070109.pdf HTTP/1.1" 200 157550 "-" "Mozilla/5.0 (compatible; DotBot/1.2; +https://opensiteexplorer.org/dotbot; help@moz.com)"
216.244.66.200 - - [10/May/2024:14:32:01 +0200] "GET /files/felnottkepzesi_akkreditacio_terv_090804.pdf HTTP/1.1" 200 208953 "-" "Mozilla/5.0 (compatible; DotBot/1.2; +https://opensiteexplorer.org/dotbot; help@moz.com)"
216.244.66.200 - - [10/May/2024:14:32:36 +0200] "GET /files/felsookt_nemzeti_palyatars_060329.pdf HTTP/1.1" 200 156150 "-" "Mozilla/5.0 (compatible; DotBot/1.2; +https://opensiteexplorer.org/dotbot; help@moz.com)"
216.244.66.200 - - [10/May/2024:14:33:39 +0200] "GET /taxonomy/term/33?page=1 HTTP/1.1" 200 - "-" "Mozilla/5.0 (compatible; DotBot/1.2; +https://opensiteexplorer.org/dotbot; help@moz.com)"
84.224.200.2 - - [10/May/2024:15:31:34 +0200] "GET /files/cegbejegyz_cegnyilv_08.12.doc HTTP/1.1" 200 34901 "https://www.google.com/" "Mozilla/5.0 (Windows NT 6.1; Win64; x64; rv:109.0) Gecko/20100101 Firefox/115.0"
213.180.203.21 - - [10/May/2024:15:31:43 +0200] "GET /robots.txt HTTP/1.1" 200 1590 "-" "Mozilla/5.0 (compatible; YandexBot/3.0; +http://yandex.com/bots)"
84.224.200.2 - - [10/May/2024:15:31:52 +0200] "GET /files/cegbejegyz_cegnyilv_08.12.doc HTTP/1.1" 200 51200 "https://www.google.com/" "Mozilla/5.0 (Windows NT 6.1; Win64; x64; rv:109.0) Gecko/20100101 Firefox/115.0"
5.255.231.125 - - [10/May/2024:15:32:16 +0200] "GET / HTTP/1.1" 200 - "-" "Mozilla/5.0 (compatible; YandexBot/3.0; +http://yandex.com/bots)"
95.108.213.1 - - [10/May/2024:15:32:44 +0200] "GET /robots.txt HTTP/1.1" 200 1590 "-" "Mozilla/5.0 (compatible; YandexBot/3.0; +http://yandex.com/bots)"
213.180.203.129 - - [10/May/2024:15:33:16 +0200] "GET / HTTP/1.1" 200 - "-" "Mozilla/5.0 (compatible; YandexBot/3.0; +http://yandex.com/bots)"
95.108.213.3 - - [10/May/2024:15:33:17 +0200] "GET / HTTP/1.1" 200 - "-" "Mozilla/5.0 (compatible; YandexBot/3.0; +http://yandex.com/bots)"
94.23.209.55 - - [10/May/2024:16:05:25 +0200] "GET /robots.txt HTTP/1.1" 200 1590 "-" "Mozilla/5.0 (compatible; MJ12bot/v1.4.8; http://mj12bot.com/)"
94.23.209.55 - - [10/May/2024:16:06:08 +0200] "GET /files/19-2003-Mell%C3%83%C2%A9kletek.xls.txt HTTP/1.1" 200 - "-" "Mozilla/5.0 (compatible; MJ12bot/v1.4.8; http://mj12bot.com/)"
94.23.209.55 - - [10/May/2024:16:06:52 +0200] "GET /files/9-93.normasz%C3%83%C2%B6veg.m%C3%83%C2%B3d.2007.febr.T%C3%83?RCA.doc HTTP/1.1" 200 - "-" "Mozilla/5.0 (compatible; MJ12bot/v1.4.8; http://mj12bot.com/)"
94.23.209.55 - - [10/May/2024:16:07:34 +0200] "GET /files/AZ%20%C3%83?S%20MELL%C3%83%E2%80%B0KLETEI.htm.txt HTTP/1.1" 200 - "-" "Mozilla/5.0 (compatible; MJ12bot/v1.4.8; http://mj12bot.com/)"
94.23.209.55 - - [10/May/2024:16:08:17 +0200] "GET /files/Alap-%C3%83%C2%A9s%20m%C3%85%C2%B1k%C3%83%C2%B6d%C3%83%C2%A9si%20nyilv%C3%83%C2%A1ntart%C3%83%C2%A1s-T%C3%83?RCA03.20..doc HTTP/1.1" 200 - "-" "Mozilla/5.0 (compatible; MJ12bot/v1.4.8; http://mj12bot.com/)"
94.23.209.55 - - [10/May/2024:16:08:59 +0200] "GET /files/FEJEZETI%20K%C3%83%E2%80%93TETEK.htm.txt HTTP/1.1" 200 - "-" "Mozilla/5.0 (compatible; MJ12bot/v1.4.8; http://mj12bot.com/)"
94.23.209.55 - - [10/May/2024:16:09:42 +0200] "GET /files/INDOKOL%C3%83?1.doc HTTP/1.1" 200 - "-" "Mozilla/5.0 (compatible; MJ12bot/v1.4.8; http://mj12bot.com/)"
94.23.209.55 - - [10/May/2024:16:10:26 +0200] "GET /files/INDOKOL%C3%83?S.doc HTTP/1.1" 200 - "-" "Mozilla/5.0 (compatible; MJ12bot/v1.4.8; http://mj12bot.com/)"
94.23.209.55 - - [10/May/2024:16:11:12 +0200] "GET /files/SzaboMate_hozz%C3%83%C2%A1f%C3%83%C2%A9r%C3%83%C2%A9s.pps HTTP/1.1" 200 - "-" "Mozilla/5.0 (compatible; MJ12bot/v1.4.8; http://mj12bot.com/)"
94.23.209.55 - - [10/May/2024:16:11:56 +0200] "GET /files/VEZET%C3%85?I%20%C3%83%E2%80%93SSZEFOGLAL%C3%83%E2%80%9C.doc HTTP/1.1" 200 - "-" "Mozilla/5.0 (compatible; MJ12bot/v1.4.8; http://mj12bot.com/)"
94.23.209.55 - - [10/May/2024:16:12:39 +0200] "GET /files/%C3%83?NTSZ%20%20061214%20Kormr.doc HTTP/1.1" 200 - "-" "Mozilla/5.0 (compatible; MJ12bot/v1.4.8; http://mj12bot.com/)"
94.23.209.55 - - [10/May/2024:16:12:41 +0200] "GET /robots.txt HTTP/1.1" 200 1590 "-" "Mozilla/5.0 (compatible; MJ12bot/v1.4.8; http://mj12bot.com/)"
94.23.209.55 - - [10/May/2024:16:13:24 +0200] "GET /files/19-2003-Mell%C3%83%C2%A9kletek.xls.txt HTTP/1.1" 200 - "-" "Mozilla/5.0 (compatible; MJ12bot/v1.4.8; http://mj12bot.com/)"
94.23.209.55 - - [10/May/2024:16:14:09 +0200] "GET /files/9-93.normasz%C3%83%C2%B6veg.m%C3%83%C2%B3d.2007.febr.T%C3%83?RCA.doc HTTP/1.1" 200 - "-" "Mozilla/5.0 (compatible; MJ12bot/v1.4.8; http://mj12bot.com/)"
94.23.209.55 - - [10/May/2024:16:14:55 +0200] "GET /files/A%20T%C3%83%E2%80%93RV%C3%83%E2%80%B0NYJAVASLAT%20MELL%C3%83%E2%80%B0KLETEI.htm.txt HTTP/1.1" 200 - "-" "Mozilla/5.0 (compatible; MJ12bot/v1.4.8; http://mj12bot.com/)"
94.23.209.55 - - [10/May/2024:16:15:39 +0200] "GET /files/AZ%20%C3%83?S%20MELL%C3%83%E2%80%B0KLETEI.htm.txt HTTP/1.1" 200 - "-" "Mozilla/5.0 (compatible; MJ12bot/v1.4.8; http://mj12bot.com/)"
94.23.209.55 - - [10/May/2024:16:16:22 +0200] "GET /files/Alap-%C3%83%C2%A9s%20m%C3%85%C2%B1k%C3%83%C2%B6d%C3%83%C2%A9si%20nyilv%C3%83%C2%A1ntart%C3%83%C2%A1s-T%C3%83?RCA03.20..doc HTTP/1.1" 200 - "-" "Mozilla/5.0 (compatible; MJ12bot/v1.4.8; http://mj12bot.com/)"
94.23.209.55 - - [10/May/2024:16:17:05 +0200] "GET /files/FEJEZETI%20K%C3%83%E2%80%93TETEK.htm.txt HTTP/1.1" 200 - "-" "Mozilla/5.0 (compatible; MJ12bot/v1.4.8; http://mj12bot.com/)"
216.244.66.200 - - [10/May/2024:16:17:30 +0200] "GET /robots.txt HTTP/1.1" 200 1590 "-" "Mozilla/5.0 (compatible; DotBot/1.2; +https://opensiteexplorer.org/dotbot; help@moz.com)"
94.23.209.55 - - [10/May/2024:16:17:46 +0200] "GET /files/INDOKOL%C3%83?1.doc HTTP/1.1" 200 - "-" "Mozilla/5.0 (compatible; MJ12bot/v1.4.8; http://mj12bot.com/)"
94.23.209.55 - - [10/May/2024:16:18:29 +0200] "GET /files/INDOKOL%C3%83?S.doc HTTP/1.1" 200 - "-" "Mozilla/5.0 (compatible; MJ12bot/v1.4.8; http://mj12bot.com/)"
94.23.209.55 - - [10/May/2024:16:19:11 +0200] "GET /files/SzaboMate_hozz%C3%83%C2%A1f%C3%83%C2%A9r%C3%83%C2%A9s.pps HTTP/1.1" 200 - "-" "Mozilla/5.0 (compatible; MJ12bot/v1.4.8; http://mj12bot.com/)"
94.23.209.55 - - [10/May/2024:16:19:54 +0200] "GET /files/VEZET%C3%85?I%20%C3%83%E2%80%93SSZEFOGLAL%C3%83%E2%80%9C.doc HTTP/1.1" 200 - "-" "Mozilla/5.0 (compatible; MJ12bot/v1.4.8; http://mj12bot.com/)"
94.23.209.55 - - [10/May/2024:16:20:36 +0200] "GET /files/%C3%83?NTSZ%20%20061214%20Kormr.doc HTTP/1.1" 200 - "-" "Mozilla/5.0 (compatible; MJ12bot/v1.4.8; http://mj12bot.com/)"
65.108.46.72 - - [10/May/2024:16:23:03 +0200] "GET /robots.txt HTTP/1.1" 200 1590 "-" "Mozilla/5.0 (compatible; MJ12bot/v1.4.8; http://mj12bot.com/)"
216.244.66.200 - - [10/May/2024:16:23:04 +0200] "GET /files/nem_uzleti_eloterj_3_hatjav_061129.pdf HTTP/1.1" 200 55061 "-" "Mozilla/5.0 (compatible; DotBot/1.2; +https://opensiteexplorer.org/dotbot; help@moz.com)"
65.108.46.72 - - [10/May/2024:16:23:45 +0200] "GET /files/A%20T%C3%83%E2%80%93RV%C3%83%E2%80%B0NYJAVASLAT%20MELL%C3%83%E2%80%B0KLETEI.htm.txt HTTP/1.1" 200 - "-" "Mozilla/5.0 (compatible; MJ12bot/v1.4.8; http://mj12bot.com/)"
94.44.233.92 - - [10/May/2024:16:29:45 +0200] "GET /files/hadkotelesek_hm_eum_rendelet_tervezet_melleklet.pdf HTTP/1.1" 200 713160 "-" "Mozilla/5.0 (Linux; Android 10; K) AppleWebKit/537.36 (KHTML, like Gecko) Chrome/116.0.0.0 Mobile Safari/537.36"
13.52.212.214 - - [10/May/2024:17:12:16 +0200] "GET / HTTP/1.1" 200 - "-" "bitdiscovery-suggestions"
47.128.34.74 - - [10/May/2024:17:46:21 +0200] "GET /drupal/node/481 HTTP/1.1" 200 - "-" "Mozilla/5.0 (Linux; Android 5.0) AppleWebKit/537.36 (KHTML, like Gecko) Mobile Safari/537.36 (compatible; Bytespider; spider-feedback@bytedance.com)"
66.249.70.102 - - [10/May/2024:18:04:48 +0200] "GET /files/epiteskivitelezes.pdf HTTP/1.1" 200 715535 "-" "Mozilla/5.0 (Linux; Android 6.0.1; Nexus 5X Build/MMB29P) AppleWebKit/537.36 (KHTML, like Gecko) Chrome/124.0.6367.155 Mobile Safari/537.36 (compatible; Googlebot/2.1; +http://www.google.com/bot.html)"
150.230.58.58 - - [10/May/2024:18:40:47 +0200] "GET /wp-content/plugins/core/include.php HTTP/1.1" 200 - "-" "Mozlila/5.0 (Linux; Android 7.0; SM-G892A Bulid/NRD90M; wv) AppleWebKit/537.36 (KHTML, like Gecko) Version/4.0 Chrome/60.0.3112.107 Moblie Safari/537.36"
52.167.144.203 - - [10/May/2024:19:52:02 +0200] "GET /files/jogsz_hatalyon_kiv_nk_egyezm_terv_080306.pdf HTTP/1.1" 200 558066 "-" "Mozilla/5.0 AppleWebKit/537.36 (KHTML, like Gecko; compatible; bingbot/2.0; +http://www.bing.com/bingbot.htm) Chrome/116.0.1938.76 Safari/537.36"
40.77.167.40 - - [10/May/2024:20:38:39 +0200] "GET /files/magancsod_tars_velem_09.03.06.doc HTTP/1.1" 304 - "-" "Mozilla/5.0 AppleWebKit/537.36 (KHTML, like Gecko; compatible; bingbot/2.0; +http://www.bing.com/bingbot.htm) Chrome/116.0.1938.76 Safari/537.36"
66.249.70.104 - - [10/May/2024:20:41:02 +0200] "GET /files/IRM_munkaterv_2007.I.f%C3%A9l%C3%A9v.doc HTTP/1.1" 304 - "-" "Mozilla/5.0 (Linux; Android 6.0.1; Nexus 5X Build/MMB29P) AppleWebKit/537.36 (KHTML, like Gecko) Chrome/124.0.6367.155 Mobile Safari/537.36 (compatible; Googlebot/2.1; +http://www.google.com/bot.html)"
66.249.70.103 - - [10/May/2024:20:46:06 +0200] "GET /files/lakrendmod_javaslat_20071024.pdf HTTP/1.1" 200 242799 "-" "Mozilla/5.0 (Linux; Android 6.0.1; Nexus 5X Build/MMB29P) AppleWebKit/537.36 (KHTML, like Gecko) Chrome/124.0.6367.155 Mobile Safari/537.36 (compatible; Googlebot/2.1; +http://www.google.com/bot.html)"
103.39.209.14 - - [10/May/2024:20:51:40 +0200] "GET /e/data/html/postinfo.js HTTP/1.1" 200 - "http://www.jogalkotas.hu/e/data/html/postinfo.js" "Mozilla/5.0 (compatible; MSIE 9.0; Windows NT 6.1; Win64; x64; Trident/5.0)"
97.74.211.129 - - [10/May/2024:21:02:37 +0200] "GET /wp-login.php HTTP/1.1" 200 - "-" "Mozilla/5.0 (X11; Fedora; Linux x86_64; rv:94.0) Gecko/20100101 Firefox/95.0"
150.230.58.58 - - [10/May/2024:21:27:22 +0200] "GET /wp-content/plugins/core/include.php HTTP/1.1" 200 - "-" "Mozlila/5.0 (Linux; Android 7.0; SM-G892A Bulid/NRD90M; wv) AppleWebKit/537.36 (KHTML, like Gecko) Version/4.0 Chrome/60.0.3112.107 Moblie Safari/537.36"
52.167.144.166 - - [10/May/2024:21:31:21 +0200] "GET /node?page=7 HTTP/1.1" 200 - "-" "Mozilla/5.0 AppleWebKit/537.36 (KHTML, like Gecko; compatible; bingbot/2.0; +http://www.bing.com/bingbot.htm) Chrome/116.0.1938.76 Safari/537.36"
52.167.144.166 - - [10/May/2024:21:31:53 +0200] "GET /node?page=7 HTTP/1.1" 200 - "-" "Mozilla/5.0 AppleWebKit/537.36 (KHTML, like Gecko; compatible; bingbot/2.0; +http://www.bing.com/bingbot.htm) Chrome/116.0.1938.76 Safari/537.36"
66.249.70.104 - - [10/May/2024:21:42:21 +0200] "GET /robots.txt HTTP/1.1" 200 1590 "-" "Mozilla/5.0 (compatible; Googlebot/2.1; +http://www.google.com/bot.html)"
66.249.70.102 - - [10/May/2024:21:46:46 +0200] "GET /files/szakkepzes_megkezd_atdolg_valt_060210.pdf HTTP/1.1" 200 174561 "-" "Googlebot/2.1 (+http://www.google.com/bot.html)"
66.249.64.76 - - [10/May/2024:21:54:07 +0200] "GET /files/tervezet_varbalogi.pdf HTTP/1.1" 200 152622 "-" "Googlebot/2.1 (+http://www.google.com/bot.html)"
136.243.228.181 - - [10/May/2024:22:05:56 +0200] "GET /robots.txt HTTP/1.1" 200 1590 "-" "Mozilla/5.0 (compatible; DataForSeoBot/1.0; +https://dataforseo.com/dataforseo-bot)"
136.243.228.181 - - [10/May/2024:22:05:56 +0200] "GET /robots.txt HTTP/1.1" 200 1590 "-" "Mozilla/5.0 (compatible; DataForSeoBot/1.0; +https://dataforseo.com/dataforseo-bot)"
136.243.228.181 - - [10/May/2024:22:06:28 +0200] "GET / HTTP/1.1" 200 - "-" "Mozilla/5.0 (compatible; DataForSeoBot/1.0; +https://dataforseo.com/dataforseo-bot)"
136.243.228.181 - - [10/May/2024:22:06:28 +0200] "GET /sitemap.xml HTTP/1.1" 200 - "-" "Mozilla/5.0 (compatible; DataForSeoBot/1.0; +https://dataforseo.com/dataforseo-bot)"
216.244.66.200 - - [10/May/2024:22:50:46 +0200] "GET /robots.txt HTTP/1.1" 200 1590 "-" "Mozilla/5.0 (compatible; DotBot/1.2; +https://opensiteexplorer.org/dotbot; help@moz.com)"
40.77.167.22 - - [10/May/2024:22:53:16 +0200] "GET /files/iranyelvek_060426.pdf HTTP/1.1" 304 - "-" "Mozilla/5.0 AppleWebKit/537.36 (KHTML, like Gecko; compatible; bingbot/2.0; +http://www.bing.com/bingbot.htm) Chrome/116.0.1938.76 Safari/537.36"
216.244.66.200 - - [10/May/2024:23:08:46 +0200] "GET /taxonomy/term/21?page=84 HTTP/1.1" 200 - "-" "Mozilla/5.0 (compatible; DotBot/1.2; +https://opensiteexplorer.org/dotbot; help@moz.com)"
66.249.64.75 - - [10/May/2024:23:27:21 +0200] "GET /robots.txt HTTP/1.1" 200 1590 "-" "Mozilla/5.0 (compatible; Googlebot/2.1; +http://www.google.com/bot.html)"
66.249.64.64 - - [10/May/2024:23:27:21 +0200] "GET /files/szvk_terv_090804.pdf HTTP/1.1" 304 - "-" "Mozilla/5.0 (Linux; Android 6.0.1; Nexus 5X Build/MMB29P) AppleWebKit/537.36 (KHTML, like Gecko) Chrome/124.0.6367.155 Mobile Safari/537.36 (compatible; Googlebot/2.1; +http://www.google.com/bot.html)"
216.244.66.200 - - [10/May/2024:23:47:43 +0200] "GET /robots.txt HTTP/1.1" 200 1590 "-" "Mozilla/5.0 (compatible; DotBot/1.2; +https://opensiteexplorer.org/dotbot; help@moz.com)"
216.244.66.200 - - [10/May/2024:23:47:43 +0200] "GET /robots.txt HTTP/1.1" 200 1590 "-" "Mozilla/5.0 (compatible; DotBot/1.2; +https://opensiteexplorer.org/dotbot; help@moz.com)"
216.244.66.200 - - [11/May/2024:00:10:54 +0200] "GET /taxonomy/term/18%2023%2024%2026%2025%2027%2028%2029%2052%2041%2031%2032%2098%2033%2048%20106%20103%2099%20107%2034%2049%2035%2051%20100%2036%2050%20105 HTTP/1.1" 200 - "-" "Mozilla/5.0 (compatible; DotBot/1.2; +https://opensiteexplorer.org/dotbot; help@moz.com)"
216.244.66.200 - - [11/May/2024:00:17:50 +0200] "GET /files/Balaton.pdf HTTP/1.1" 200 483365 "-" "Mozilla/5.0 (compatible; DotBot/1.2; +https://opensiteexplorer.org/dotbot; help@moz.com)"
216.244.66.200 - - [11/May/2024:00:19:21 +0200] "GET /files/8_mell_FAVI_MIR_k_rnyhaszn.pdf HTTP/1.1" 200 752092 "-" "Mozilla/5.0 (compatible; DotBot/1.2; +https://opensiteexplorer.org/dotbot; help@moz.com)"
216.244.66.200 - - [11/May/2024:00:19:47 +0200] "GET /files/egyesigazgatasihatosagi.doc HTTP/1.1" 200 168448 "-" "Mozilla/5.0 (compatible; DotBot/1.2; +https://opensiteexplorer.org/dotbot; help@moz.com)"
216.244.66.200 - - [11/May/2024:00:20:13 +0200] "GET /files/fogyved_eloterj_061204.pdf HTTP/1.1" 200 299286 "-" "Mozilla/5.0 (compatible; DotBot/1.2; +https://opensiteexplorer.org/dotbot; help@moz.com)"
216.244.66.200 - - [11/May/2024:00:20:36 +0200] "GET /files/rendelet_mukodes_kozig.doc HTTP/1.1" 200 92672 "-" "Mozilla/5.0 (compatible; DotBot/1.2; +https://opensiteexplorer.org/dotbot; help@moz.com)"
216.244.66.200 - - [11/May/2024:00:20:59 +0200] "GET /files/tanev_rendje_2006_07_061116.pdf HTTP/1.1" 200 129177 "-" "Mozilla/5.0 (compatible; DotBot/1.2; +https://opensiteexplorer.org/dotbot; help@moz.com)"
216.244.66.200 - - [11/May/2024:00:45:17 +0200] "GET /robots.txt HTTP/1.1" 200 1590 "-" "Mozilla/5.0 (compatible; DotBot/1.2; +https://opensiteexplorer.org/dotbot; help@moz.com)"
216.244.66.200 - - [11/May/2024:00:48:33 +0200] "GET /drupal/node/26 HTTP/1.1" 200 - "-" "Mozilla/5.0 (compatible; DotBot/1.2; +https://opensiteexplorer.org/dotbot; help@moz.com)"
216.244.66.200 - - [11/May/2024:01:11:59 +0200] "GET /files/FVM%20rendelete%20a%20Magyar%20%C3%83%E2%80%B0lelmiszerk%C3%83%C2%B6nyv%20k%C3%83%C2%B6z%C3%83%C2%B6ss%C3%83%C2%A9gi%20el%C3%85%E2%80%98%C3%83%C2%ADr%C3%83%C2%A1sok%20%C3%83%C2%A1tv%C3%83%C2%A9tel%C3%83%C2%A9t%20megval%C3%83%C2%B3s%C3%83%C2%ADt%C3%83%C2%B3%20k%C3%83%C2%B6telez%C3%85%E2%80%98%20el%C3%85%E2%80%98%C3%83%C2%ADr%C3%83%C2%A1sair%C3%83%C2%B3l%20sz%C3%83%C2%B3l%C3%83%C2%B3%2056.doc HTTP/1.1" 200 - "-" "Mozilla/5.0 (compatible; DotBot/1.2; +https://opensiteexplorer.org/dotbot; help@moz.com)"
216.244.66.200 - - [11/May/2024:01:13:24 +0200] "GET /taxonomy/term/22/0/feed HTTP/1.1" 200 - "-" "Mozilla/5.0 (compatible; DotBot/1.2; +https://opensiteexplorer.org/dotbot; help@moz.com)"
216.244.66.200 - - [11/May/2024:01:38:41 +0200] "GET /robots.txt HTTP/1.1" 200 1590 "-" "Mozilla/5.0 (compatible; DotBot/1.2; +https://opensiteexplorer.org/dotbot; help@moz.com)"
52.70.240.171 - - [11/May/2024:01:41:14 +0200] "GET /node/1157 HTTP/1.1" 200 - "-" "Mozilla/5.0 (Macintosh; Intel Mac OS X 10_10_1) AppleWebKit/600.2.5 (KHTML, like Gecko) Version/8.0.2 Safari/600.2.5 (Amazonbot/0.1; +https://developer.amazon.com/support/amazonbot)"
216.244.66.200 - - [11/May/2024:02:08:14 +0200] "GET /files/a_szakmai_protokollok_k%C3%83%C2%A9sz%C3%83%C2%ADt%C3%83%C2%A9s%C3%83%C2%A9nek_elj%C3%83%C2%A1r%C3%83%C2%A1srendj%C3%83%C2%A9r%C3%85%E2%80%98l_sz%C3%83%C2%B3l%C3%83%C2%B3_e%C3%83%C2%BCm_rendelet_tervezet_14.doc HTTP/1.1" 200 - "-" "Mozilla/5.0 (compatible; DotBot/1.2; +https://opensiteexplorer.org/dotbot; help@moz.com)"
216.244.66.200 - - [11/May/2024:02:08:44 +0200] "GET /taxonomy/term/79/0/feed HTTP/1.1" 200 - "-" "Mozilla/5.0 (compatible; DotBot/1.2; +https://opensiteexplorer.org/dotbot; help@moz.com)"
93.158.90.65 - - [11/May/2024:02:31:13 +0200] "GET /robots.txt HTTP/1.1" 200 1590 "-" "Mozilla/5.0 (Windows NT 10.0; Win64; x64) AppleWebKit/537.36 (KHTML, like Gecko) Chrome/122.0.0.0 Safari/537.3"
93.158.90.72 - - [11/May/2024:02:31:44 +0200] "GET / HTTP/1.1" 200 - "-" "Mozilla/5.0 (Windows NT 10.0; Win64; x64) AppleWebKit/537.36 (KHTML, like Gecko) Chrome/122.0.0.0 Safari/537.3"
216.244.66.200 - - [11/May/2024:02:32:24 +0200] "GET /robots.txt HTTP/1.1" 200 1590 "-" "Mozilla/5.0 (compatible; DotBot/1.2; +https://opensiteexplorer.org/dotbot; help@moz.com)"
216.244.66.200 - - [11/May/2024:02:48:49 +0200] "GET /files/Az_ir_betegell_rend_megsz_korm_rend_081204.doc HTTP/1.1" 200 52224 "-" "Mozilla/5.0 (compatible; DotBot/1.2; +https://opensiteexplorer.org/dotbot; help@moz.com)"
216.244.66.200 - - [11/May/2024:02:49:13 +0200] "GET /files/Bejelentes_egybefoglalt_tervezet_kozig.pdf HTTP/1.1" 200 220113 "-" "Mozilla/5.0 (compatible; DotBot/1.2; +https://opensiteexplorer.org/dotbot; help@moz.com)"
216.244.66.200 - - [11/May/2024:02:49:46 +0200] "GET /files/ajfo_1154_dijrendelet_honlapra.doc HTTP/1.1" 200 36352 "-" "Mozilla/5.0 (compatible; DotBot/1.2; +https://opensiteexplorer.org/dotbot; help@moz.com)"
216.244.66.200 - - [11/May/2024:02:50:36 +0200] "GET /files/eu_szakellatas_tarsbizt_finansz_tervezet.doc HTTP/1.1" 200 468743 "-" "Mozilla/5.0 (compatible; DotBot/1.2; +https://opensiteexplorer.org/dotbot; help@moz.com)"
216.244.66.200 - - [11/May/2024:02:51:08 +0200] "GET /files/fels_szak_kepz_r_szab_eum_rend_terv_091207.doc HTTP/1.1" 200 110080 "-" "Mozilla/5.0 (compatible; DotBot/1.2; +https://opensiteexplorer.org/dotbot; help@moz.com)"
216.244.66.200 - - [11/May/2024:02:51:44 +0200] "GET /files/ittas_rkfo_59__2007__12__03__honlapra.doc HTTP/1.1" 200 52224 "-" "Mozilla/5.0 (compatible; DotBot/1.2; +https://opensiteexplorer.org/dotbot; help@moz.com)"
216.244.66.200 - - [11/May/2024:02:52:45 +0200] "GET /files/megyei%20jelent%C3%83%C2%A9s_1.pdf HTTP/1.1" 200 - "-" "Mozilla/5.0 (compatible; DotBot/1.2; +https://opensiteexplorer.org/dotbot; help@moz.com)"
216.244.66.200 - - [11/May/2024:02:53:16 +0200] "GET /files/tenyesztett_viziall_rendelet_tervezet_velemenyezesre.pdf HTTP/1.1" 200 328013 "-" "Mozilla/5.0 (compatible; DotBot/1.2; +https://opensiteexplorer.org/dotbot; help@moz.com)"
216.244.66.200 - - [11/May/2024:02:54:19 +0200] "GET /user/1/notify HTTP/1.1" 200 - "-" "Mozilla/5.0 (compatible; DotBot/1.2; +https://opensiteexplorer.org/dotbot; help@moz.com)"
216.244.66.200 - - [11/May/2024:02:55:09 +0200] "GET /files/31_2004___iv__26___eszcsm_rendelet_m%C3%83%C2%B3dos%C3%83%C2%ADt%C3%83%C2%A1sa_6.doc HTTP/1.1" 200 - "-" "Mozilla/5.0 (compatible; DotBot/1.2; +https://opensiteexplorer.org/dotbot; help@moz.com)"
216.244.66.200 - - [11/May/2024:03:25:26 +0200] "GET /robots.txt HTTP/1.1" 200 1590 "-" "Mozilla/5.0 (compatible; DotBot/1.2; +https://opensiteexplorer.org/dotbot; help@moz.com)"
216.244.66.200 - - [11/May/2024:03:25:26 +0200] "GET /robots.txt HTTP/1.1" 200 1590 "-" "Mozilla/5.0 (compatible; DotBot/1.2; +https://opensiteexplorer.org/dotbot; help@moz.com)"
216.244.66.200 - - [11/May/2024:03:52:44 +0200] "GET /files/meroeszk.zip HTTP/1.1" 200 20243 "-" "Mozilla/5.0 (compatible; DotBot/1.2; +https://opensiteexplorer.org/dotbot; help@moz.com)"
216.244.66.200 - - [11/May/2024:03:54:15 +0200] "GET /files/t%C3%83%C2%A1rc%C3%83%C2%A1ra-_sz%C3%83%C2%A1ll%C3%83%C2%A1shelyek_eg%C3%83%C2%BCgyi_felt%C3%83%C2%A9tele.doc HTTP/1.1" 200 - "-" "Mozilla/5.0 (compatible; DotBot/1.2; +https://opensiteexplorer.org/dotbot; help@moz.com)"
216.244.66.200 - - [11/May/2024:03:54:53 +0200] "GET /files/Ivani_szikesek_tervezet.doc HTTP/1.1" 200 75264 "-" "Mozilla/5.0 (compatible; DotBot/1.2; +https://opensiteexplorer.org/dotbot; help@moz.com)"
216.244.66.200 - - [11/May/2024:03:55:16 +0200] "GET /files/KUM_kituntetesek.pdf HTTP/1.1" 200 220724 "-" "Mozilla/5.0 (compatible; DotBot/1.2; +https://opensiteexplorer.org/dotbot; help@moz.com)"
216.244.66.200 - - [11/May/2024:03:55:37 +0200] "GET /files/jelnyelv_090525.pdf HTTP/1.1" 200 273064 "-" "Mozilla/5.0 (compatible; DotBot/1.2; +https://opensiteexplorer.org/dotbot; help@moz.com)"
216.244.66.200 - - [11/May/2024:03:55:57 +0200] "GET /files/kem_terh_birs_min_ut_090302.doc HTTP/1.1" 200 48128 "-" "Mozilla/5.0 (compatible; DotBot/1.2; +https://opensiteexplorer.org/dotbot; help@moz.com)"
216.244.66.200 - - [11/May/2024:03:56:32 +0200] "GET /files/kozig-egyezt-eloterj.pdf HTTP/1.1" 200 2260992 "-" "Mozilla/5.0 (compatible; DotBot/1.2; +https://opensiteexplorer.org/dotbot; help@moz.com)"
216.244.66.200 - - [11/May/2024:03:57:33 +0200] "GET /files/normasz%C3%83%C2%B6veg.doc HTTP/1.1" 200 - "-" "Mozilla/5.0 (compatible; DotBot/1.2; +https://opensiteexplorer.org/dotbot; help@moz.com)"
216.244.66.200 - - [11/May/2024:03:58:01 +0200] "GET /files/penzbeli_terv_071203-1.pdf HTTP/1.1" 200 732101 "-" "Mozilla/5.0 (compatible; DotBot/1.2; +https://opensiteexplorer.org/dotbot; help@moz.com)"
216.244.66.200 - - [11/May/2024:03:58:32 +0200] "GET /files/0611_allami_vez_udul_MeHVM_rend_terv.pdf.txt HTTP/1.1" 200 249 "-" "Mozilla/5.0 (compatible; DotBot/1.2; +https://opensiteexplorer.org/dotbot; help@moz.com)"
216.244.66.200 - - [11/May/2024:03:59:07 +0200] "GET /files/allatgyogyaszat_rendelet_velemenyezesre.pdf HTTP/1.1" 200 939209 "-" "Mozilla/5.0 (compatible; DotBot/1.2; +https://opensiteexplorer.org/dotbot; help@moz.com)"
216.244.66.200 - - [11/May/2024:03:59:39 +0200] "GET /files/bnyt._vegrehajtasi_rendelet0090518.doc HTTP/1.1" 200 410624 "-" "Mozilla/5.0 (compatible; DotBot/1.2; +https://opensiteexplorer.org/dotbot; help@moz.com)"
216.244.66.200 - - [11/May/2024:04:00:08 +0200] "GET /files/elelmiszer_utalvany_modositas.pdf HTTP/1.1" 200 75067 "-" "Mozilla/5.0 (compatible; DotBot/1.2; +https://opensiteexplorer.org/dotbot; help@moz.com)"
216.244.66.200 - - [11/May/2024:04:00:36 +0200] "GET /files/fvm_szalmonellozis_velemenyezesre.pdf HTTP/1.1" 200 156900 "-" "Mozilla/5.0 (compatible; DotBot/1.2; +https://opensiteexplorer.org/dotbot; help@moz.com)"
216.244.66.200 - - [11/May/2024:04:01:04 +0200] "GET /files/hmrendelet_tervezet_honvedsegi_jarmuvek_fenntartasa.doc HTTP/1.1" 200 206848 "-" "Mozilla/5.0 (compatible; DotBot/1.2; +https://opensiteexplorer.org/dotbot; help@moz.com)"
