216.244.66.200 - - [09/May/2024:01:26:40 +0200] "GET /files/im_rendelet_a_cstv_szerinti.pdf HTTP/1.1" 200 66716 "-" "Mozilla/5.0 (compatible; DotBot/1.2; +https://opensiteexplorer.org/dotbot; help@moz.com)"
216.244.66.200 - - [09/May/2024:01:27:06 +0200] "GET /files/indokolas_mutragya2.pdf HTTP/1.1" 200 81408 "-" "Mozilla/5.0 (compatible; DotBot/1.2; +https://opensiteexplorer.org/dotbot; help@moz.com)"
216.244.66.200 - - [09/May/2024:01:27:42 +0200] "GET /files/kbszrprbl_100324.zip HTTP/1.1" 200 2101821 "-" "Mozilla/5.0 (compatible; DotBot/1.2; +https://opensiteexplorer.org/dotbot; help@moz.com)"
216.244.66.200 - - [09/May/2024:01:28:23 +0200] "GET /files/nca_50_terv_080414.pdf HTTP/1.1" 200 306001 "-" "Mozilla/5.0 (compatible; DotBot/1.2; +https://opensiteexplorer.org/dotbot; help@moz.com)"
216.244.66.200 - - [09/May/2024:01:28:54 +0200] "GET /files/normasz__veg.doc HTTP/1.1" 200 71168 "-" "Mozilla/5.0 (compatible; DotBot/1.2; +https://opensiteexplorer.org/dotbot; help@moz.com)"
216.244.66.200 - - [09/May/2024:01:29:25 +0200] "GET /files/regeszet_070111.pdf HTTP/1.1" 200 173642 "-" "Mozilla/5.0 (compatible; DotBot/1.2; +https://opensiteexplorer.org/dotbot; help@moz.com)"
216.244.66.200 - - [09/May/2024:01:29:57 +0200] "GET /files/utazasi_uj_korm_rend__0805.pdf HTTP/1.1" 200 237669 "-" "Mozilla/5.0 (compatible; DotBot/1.2; +https://opensiteexplorer.org/dotbot; help@moz.com)"
216.244.66.200 - - [09/May/2024:01:30:59 +0200] "GET /files/O%C3%83%E2%80%B0TI_t%C3%83%C2%A1rca071203.doc HTTP/1.1" 200 - "-" "Mozilla/5.0 (compatible; DotBot/1.2; +https://opensiteexplorer.org/dotbot; help@moz.com)"
216.244.66.200 - - [09/May/2024:01:31:22 +0200] "GET /files/eloterj_nkt2_kr_kozig_2007_12.pdf HTTP/1.1" 200 311781 "-" "Mozilla/5.0 (compatible; DotBot/1.2; +https://opensiteexplorer.org/dotbot; help@moz.com)"
216.244.66.200 - - [09/May/2024:01:31:54 +0200] "GET /files/megfelelesi_tablazat-juh_es_kecske_enar_modositas.rtf.txt HTTP/1.1" 200 61955 "-" "Mozilla/5.0 (compatible; DotBot/1.2; +https://opensiteexplorer.org/dotbot; help@moz.com)"
216.244.66.200 - - [09/May/2024:01:32:24 +0200] "GET /files/munkaanyag_25per2006_IM_rendelet_mod.10.28..doc HTTP/1.1" 200 142848 "-" "Mozilla/5.0 (compatible; DotBot/1.2; +https://opensiteexplorer.org/dotbot; help@moz.com)"
216.244.66.200 - - [09/May/2024:01:33:24 +0200] "GET /files/Korm-eloterjesztes-IH-rend-mod_k%C3%83%C2%B6zigre_090723.doc HTTP/1.1" 200 - "-" "Mozilla/5.0 (compatible; DotBot/1.2; +https://opensiteexplorer.org/dotbot; help@moz.com)"
216.244.66.200 - - [09/May/2024:01:34:14 +0200] "GET /files/k%C3%83%C2%BCls%20%C3%83%C2%A9lelmiszer%20t%C3%83%C2%A1rc%C3%83%C2%A1ra%202007_07_18.doc HTTP/1.1" 200 - "-" "Mozilla/5.0 (compatible; DotBot/1.2; +https://opensiteexplorer.org/dotbot; help@moz.com)"
66.249.64.76 - - [09/May/2024:01:44:05 +0200] "GET /files/regesz_tervezet_070221.pdf HTTP/1.1" 200 563638 "-" "Mozilla/5.0 (Linux; Android 6.0.1; Nexus 5X Build/MMB29P) AppleWebKit/537.36 (KHTML, like Gecko) Chrome/124.0.6367.118 Mobile Safari/537.36 (compatible; Googlebot/2.1; +http://www.google.com/bot.html)"
51.222.253.10 - - [09/May/2024:01:58:27 +0200] "GET /robots.txt HTTP/1.1" 200 1590 "-" "Mozilla/5.0 (compatible; AhrefsBot/7.0; +http://ahrefs.com/robot/)"
66.249.70.103 - - [09/May/2024:02:21:35 +0200] "GET /files/KHEm_1088.doc HTTP/1.1" 200 337408 "-" "Mozilla/5.0 (Linux; Android 6.0.1; Nexus 5X Build/MMB29P) AppleWebKit/537.36 (KHTML, like Gecko) Chrome/124.0.6367.118 Mobile Safari/537.36 (compatible; Googlebot/2.1; +http://www.google.com/bot.html)"
18.117.158.47 - - [09/May/2024:02:35:04 +0200] "GET /robots.txt HTTP/1.1" 200 1590 "-" "Mozilla/5.0 AppleWebKit/537.36 (KHTML, like Gecko; compatible; ClaudeBot/1.0; +claudebot@anthropic.com)"
18.117.158.47 - - [09/May/2024:02:35:07 +0200] "GET /files/2006min_tajekoztato_tabla1.doc HTTP/1.1" 200 592896 "-" "Mozilla/5.0 AppleWebKit/537.36 (KHTML, like Gecko; compatible; ClaudeBot/1.0; +claudebot@anthropic.com)"
129.226.209.155 - - [09/May/2024:02:52:01 +0200] "GET / HTTP/1.1" 200 - "-" "Mozilla/5.0 (Macintosh; Intel Mac OS X 10_15_7) AppleWebKit/537.36 (KHTML, like Gecko) Chrome/88.0.4324.192 Safari/537.36"
216.244.66.200 - - [09/May/2024:02:56:39 +0200] "GET /robots.txt HTTP/1.1" 200 1590 "-" "Mozilla/5.0 (compatible; DotBot/1.2; +https://opensiteexplorer.org/dotbot; help@moz.com)"
95.108.213.242 - - [09/May/2024:03:08:52 +0200] "GET /robots.txt HTTP/1.1" 200 1590 "-" "Mozilla/5.0 (compatible; YandexBot/3.0; +http://yandex.com/bots)"
87.250.224.11 - - [09/May/2024:03:09:24 +0200] "GET /%20drupal/node/27 HTTP/1.1" 200 - "-" "Mozilla/5.0 (compatible; YandexBot/3.0; +http://yandex.com/bots)"
216.244.66.200 - - [09/May/2024:03:18:55 +0200] "GET /files/tervezet_Szoloskei-erdo.pdf HTTP/1.1" 200 221297 "-" "Mozilla/5.0 (compatible; DotBot/1.2; +https://opensiteexplorer.org/dotbot; help@moz.com)"
216.244.66.200 - - [09/May/2024:03:20:03 +0200] "GET /files/40per2001_min_rend_mod_090310.doc HTTP/1.1" 200 93184 "-" "Mozilla/5.0 (compatible; DotBot/1.2; +https://opensiteexplorer.org/dotbot; help@moz.com)"
216.244.66.200 - - [09/May/2024:03:20:24 +0200] "GET /files/MinTerv-1-Ell-1_mell-2007-02-20.doc HTTP/1.1" 200 258048 "-" "Mozilla/5.0 (compatible; DotBot/1.2; +https://opensiteexplorer.org/dotbot; help@moz.com)"
216.244.66.200 - - [09/May/2024:03:21:27 +0200] "GET /files/belvizreform%20_tarcara_2008_01.pdf HTTP/1.1" 200 - "-" "Mozilla/5.0 (compatible; DotBot/1.2; +https://opensiteexplorer.org/dotbot; help@moz.com)"
40.77.167.3 - - [09/May/2024:03:21:34 +0200] "GET /files/1212_T_rc_ra_Kapszeg.doc HTTP/1.1" 200 69120 "-" "Mozilla/5.0 AppleWebKit/537.36 (KHTML, like Gecko; compatible; bingbot/2.0; +http://www.bing.com/bingbot.htm) Chrome/116.0.1938.76 Safari/537.36"
216.244.66.200 - - [09/May/2024:03:21:49 +0200] "GET /files/fagykarrendelet_eusegyeztetes.pdf HTTP/1.1" 200 172638 "-" "Mozilla/5.0 (compatible; DotBot/1.2; +https://opensiteexplorer.org/dotbot; help@moz.com)"
216.244.66.200 - - [09/May/2024:03:22:22 +0200] "GET /files/gyermekszegenyseg_tervezet_3_hatjav_070125.pdf HTTP/1.1" 200 57245 "-" "Mozilla/5.0 (compatible; DotBot/1.2; +https://opensiteexplorer.org/dotbot; help@moz.com)"
66.249.70.102 - - [09/May/2024:03:22:44 +0200] "GET /files/KHEM_8489_5_norma_0.doc HTTP/1.1" 200 144384 "-" "Mozilla/5.0 (Linux; Android 6.0.1; Nexus 5X Build/MMB29P) AppleWebKit/537.36 (KHTML, like Gecko) Chrome/124.0.6367.118 Mobile Safari/537.36 (compatible; Googlebot/2.1; +http://www.google.com/bot.html)"
216.244.66.200 - - [09/May/2024:03:22:54 +0200] "GET /files/hm_rendelet_tervezet_minositett_adat_vedelmerol.pdf HTTP/1.1" 200 146515 "-" "Mozilla/5.0 (compatible; DotBot/1.2; +https://opensiteexplorer.org/dotbot; help@moz.com)"
216.244.66.200 - - [09/May/2024:03:23:23 +0200] "GET /files/hum_rep_elj_korm_rend_081201.doc HTTP/1.1" 200 64000 "-" "Mozilla/5.0 (compatible; DotBot/1.2; +https://opensiteexplorer.org/dotbot; help@moz.com)"
216.244.66.200 - - [09/May/2024:03:23:55 +0200] "GET /files/kormeloterj_novenyv_vedekezes.pdf HTTP/1.1" 200 127278 "-" "Mozilla/5.0 (compatible; DotBot/1.2; +https://opensiteexplorer.org/dotbot; help@moz.com)"
216.244.66.200 - - [09/May/2024:03:24:54 +0200] "GET /files/normasz%C3%83%C2%B6veg.t%C3%83%C2%A1rc%C3%83%C2%A1ra.doc HTTP/1.1" 200 - "-" "Mozilla/5.0 (compatible; DotBot/1.2; +https://opensiteexplorer.org/dotbot; help@moz.com)"
216.244.66.200 - - [09/May/2024:03:25:15 +0200] "GET /files/okev_korm_rend_terv_02_13_honlapra.pdf HTTP/1.1" 200 187787 "-" "Mozilla/5.0 (compatible; DotBot/1.2; +https://opensiteexplorer.org/dotbot; help@moz.com)"
216.244.66.200 - - [09/May/2024:03:26:17 +0200] "GET /user/2/notify HTTP/1.1" 200 - "-" "Mozilla/5.0 (compatible; DotBot/1.2; +https://opensiteexplorer.org/dotbot; help@moz.com)"
216.244.66.200 - - [09/May/2024:03:27:08 +0200] "GET /files/Sal%C3%83%C2%A1ta%202%20K%C3%83%C2%B6zigre%20k%C3%83%C2%BCldend%C3%85%E2%80%98_11_28.doc HTTP/1.1" 200 - "-" "Mozilla/5.0 (compatible; DotBot/1.2; +https://opensiteexplorer.org/dotbot; help@moz.com)"
216.244.66.200 - - [09/May/2024:03:27:58 +0200] "GET /files/41_2000___xii__20___e%C3%83%C2%BCm_k%C3%83%C2%B6m_egy%C3%83%C2%BCttes_rendelet_m%C3%83%C2%B3dos%C3%83%C2%ADt%C3%83%C2%A1sa_6.doc HTTP/1.1" 200 - "-" "Mozilla/5.0 (compatible; DotBot/1.2; +https://opensiteexplorer.org/dotbot; help@moz.com)"
216.244.66.200 - - [09/May/2024:03:54:36 +0200] "GET /robots.txt HTTP/1.1" 200 1590 "-" "Mozilla/5.0 (compatible; DotBot/1.2; +https://opensiteexplorer.org/dotbot; help@moz.com)"
216.244.66.200 - - [09/May/2024:03:54:36 +0200] "GET /robots.txt HTTP/1.1" 200 1590 "-" "Mozilla/5.0 (compatible; DotBot/1.2; +https://opensiteexplorer.org/dotbot; help@moz.com)"
216.244.66.200 - - [09/May/2024:03:59:16 +0200] "GET /files/29_1998_mezoori_modositas_velemenyezesre.pdf HTTP/1.1" 200 232196 "-" "Mozilla/5.0 (compatible; DotBot/1.2; +https://opensiteexplorer.org/dotbot; help@moz.com)"
66.249.70.102 - - [09/May/2024:04:05:05 +0200] "GET /files/epiteskivitelezes.pdf HTTP/1.1" 200 715535 "-" "Mozilla/5.0 (Linux; Android 6.0.1; Nexus 5X Build/MMB29P) AppleWebKit/537.36 (KHTML, like Gecko) Chrome/124.0.6367.118 Mobile Safari/537.36 (compatible; Googlebot/2.1; +http://www.google.com/bot.html)"
85.209.11.117 - - [09/May/2024:04:16:26 +0200] "GET / HTTP/1.0" 200 - "http://jogalkotas.hu/" "Mozilla/5.0 (Windows NT 10.0; Win64; x64) AppleWebKit/537.36 (KHTML, like Gecko) Chrome/117.0.0.0 Safari/537.36"
216.244.66.200 - - [09/May/2024:04:16:51 +0200] "GET /files/okirattariterv.pdf HTTP/1.1" 200 411997 "-" "Mozilla/5.0 (compatible; DotBot/1.2; +https://opensiteexplorer.org/dotbot; help@moz.com)"
216.244.66.200 - - [09/May/2024:04:17:16 +0200] "GET /files/riepst_terv_100412.pdf HTTP/1.1" 200 883438 "-" "Mozilla/5.0 (compatible; DotBot/1.2; +https://opensiteexplorer.org/dotbot; help@moz.com)"
216.244.66.200 - - [09/May/2024:04:19:31 +0200] "GET /files/%C3%83%C2%A1rr%C3%83%C2%A9s-normasz%C3%83%C2%B6veg-indokol%C3%83%C2%A1s.doc HTTP/1.1" 200 - "-" "Mozilla/5.0 (compatible; DotBot/1.2; +https://opensiteexplorer.org/dotbot; help@moz.com)"
216.244.66.200 - - [09/May/2024:04:20:23 +0200] "GET /files/Alapitvanyok_nyilvantartasanak_%C3%83%C2%BCgyviteli_szabalyairol.pdf HTTP/1.1" 200 - "-" "Mozilla/5.0 (compatible; DotBot/1.2; +https://opensiteexplorer.org/dotbot; help@moz.com)"
216.244.66.200 - - [09/May/2024:04:21:04 +0200] "GET /files/ETV%20m%C3%83%C2%B3dos%C3%83%C2%ADt%C3%83%C2%A1s%20v%C3%83%C2%A9gleges%20v%C3%83%C2%A9lem%C3%83%C2%A9ny.doc HTTP/1.1" 200 - "-" "Mozilla/5.0 (compatible; DotBot/1.2; +https://opensiteexplorer.org/dotbot; help@moz.com)"
216.244.66.200 - - [09/May/2024:04:51:03 +0200] "GET /robots.txt HTTP/1.1" 200 1590 "-" "Mozilla/5.0 (compatible; DotBot/1.2; +https://opensiteexplorer.org/dotbot; help@moz.com)"
216.244.66.200 - - [09/May/2024:04:51:03 +0200] "GET /robots.txt HTTP/1.1" 200 1590 "-" "Mozilla/5.0 (compatible; DotBot/1.2; +https://opensiteexplorer.org/dotbot; help@moz.com)"
216.244.66.200 - - [09/May/2024:05:06:29 +0200] "GET /files/19-1998%20betegsz%C3%83%C2%A1ll2.doc HTTP/1.1" 200 - "-" "Mozilla/5.0 (compatible; DotBot/1.2; +https://opensiteexplorer.org/dotbot; help@moz.com)"
216.244.66.200 - - [09/May/2024:05:06:29 +0200] "GET /files/217per1997_korm_rend_mod_090713.doc HTTP/1.1" 200 70144 "-" "Mozilla/5.0 (compatible; DotBot/1.2; +https://opensiteexplorer.org/dotbot; help@moz.com)"
216.244.66.200 - - [09/May/2024:05:06:56 +0200] "GET /files/_ddlgmeub1e8mn6ujcdtra0qqvdlimf83cdhgn0rr4k1pg_.pdf HTTP/1.1" 200 230772 "-" "Mozilla/5.0 (compatible; DotBot/1.2; +https://opensiteexplorer.org/dotbot; help@moz.com)"
216.244.66.200 - - [09/May/2024:05:09:39 +0200] "GET /files/gy%C3%83%C2%B3gyszerek%20gy%C3%83%C2%B3gy%C3%83%C2%A1szati%20seg%C3%83%C2%A9deszk%C3%83%C2%B6z%C3%83%C2%B6k%20normasz%C3%83%C2%B6veg.doc HTTP/1.1" 200 - "-" "Mozilla/5.0 (compatible; DotBot/1.2; +https://opensiteexplorer.org/dotbot; help@moz.com)"
216.244.66.200 - - [09/May/2024:05:09:48 +0200] "GET /files/27_2002hm_rend_honlapra.pdf HTTP/1.1" 200 91754 "-" "Mozilla/5.0 (compatible; DotBot/1.2; +https://opensiteexplorer.org/dotbot; help@moz.com)"
216.244.66.200 - - [09/May/2024:05:10:10 +0200] "GET /files/3_2004_om_fmm_mod_061214.pdf HTTP/1.1" 200 257074 "-" "Mozilla/5.0 (compatible; DotBot/1.2; +https://opensiteexplorer.org/dotbot; help@moz.com)"
216.244.66.200 - - [09/May/2024:05:10:33 +0200] "GET /files/fgaz_ozon_kozig_eloterj.doc HTTP/1.1" 200 365568 "-" "Mozilla/5.0 (compatible; DotBot/1.2; +https://opensiteexplorer.org/dotbot; help@moz.com)"
216.244.66.200 - - [09/May/2024:05:10:53 +0200] "GET /files/startplusz_terv_060919.pdf HTTP/1.1" 200 250189 "-" "Mozilla/5.0 (compatible; DotBot/1.2; +https://opensiteexplorer.org/dotbot; help@moz.com)"
216.244.66.200 - - [09/May/2024:05:11:12 +0200] "GET /files/32per2004_ESzCsM_rend_mod_100322.doc HTTP/1.1" 200 148480 "-" "Mozilla/5.0 (compatible; DotBot/1.2; +https://opensiteexplorer.org/dotbot; help@moz.com)"
216.244.66.200 - - [09/May/2024:05:11:31 +0200] "GET /files/Cstv_1433-1346-EK-40C-17-2006-IRMVhrmod0717.doc HTTP/1.1" 200 434176 "-" "Mozilla/5.0 (compatible; DotBot/1.2; +https://opensiteexplorer.org/dotbot; help@moz.com)"
216.244.66.200 - - [09/May/2024:05:11:46 +0200] "GET /files/drogback_eloterj_1_fedlap_061129.pdf HTTP/1.1" 200 87970 "-" "Mozilla/5.0 (compatible; DotBot/1.2; +https://opensiteexplorer.org/dotbot; help@moz.com)"
216.244.66.200 - - [09/May/2024:05:12:01 +0200] "GET /files/hm_katasztrofavedelmi_rendelet_tervezet.pdf HTTP/1.1" 200 139665 "-" "Mozilla/5.0 (compatible; DotBot/1.2; +https://opensiteexplorer.org/dotbot; help@moz.com)"
216.244.66.200 - - [09/May/2024:05:12:45 +0200] "GET /user/64/notify HTTP/1.1" 200 - "-" "Mozilla/5.0 (compatible; DotBot/1.2; +https://opensiteexplorer.org/dotbot; help@moz.com)"
216.244.66.200 - - [09/May/2024:05:13:30 +0200] "GET /files/21_2005___vi__16___e%C3%83%C2%BCm_rendelet_m%C3%83%C2%B3dos%C3%83%C2%ADt%C3%83%C2%A1sa_6.doc HTTP/1.1" 200 - "-" "Mozilla/5.0 (compatible; DotBot/1.2; +https://opensiteexplorer.org/dotbot; help@moz.com)"
216.244.66.200 - - [09/May/2024:05:13:50 +0200] "GET /files/Nemzetkozi_szerzodesekkel_kapcsolatos_eljarasrol_szolo_2005.evi_L.torveny_modositasarol.pdf HTTP/1.1" 200 155881 "-" "Mozilla/5.0 (compatible; DotBot/1.2; +https://opensiteexplorer.org/dotbot; help@moz.com)"
216.244.66.200 - - [09/May/2024:05:14:52 +0200] "GET /files/VHR_Mod+III_1204_T%C3%83%C2%A1rcak%C3%83%C2%B6r%C3%83%C2%B6z%C3%83%C2%A9s.doc HTTP/1.1" 200 - "-" "Mozilla/5.0 (compatible; DotBot/1.2; +https://opensiteexplorer.org/dotbot; help@moz.com)"
216.244.66.200 - - [09/May/2024:05:15:42 +0200] "GET /files/megfelel%C3%83%C2%A9si%20t%C3%83%C2%A1bl%C3%83%C2%A1zat-2006-22-ek.doc HTTP/1.1" 200 - "-" "Mozilla/5.0 (compatible; DotBot/1.2; +https://opensiteexplorer.org/dotbot; help@moz.com)"
66.249.64.75 - - [09/May/2024:05:18:03 +0200] "GET /files/legyenjobb_080602.pdf HTTP/1.1" 200 176901 "-" "Mozilla/5.0 (Linux; Android 6.0.1; Nexus 5X Build/MMB29P) AppleWebKit/537.36 (KHTML, like Gecko) Chrome/124.0.6367.118 Mobile Safari/537.36 (compatible; GoogleOther)"
216.244.66.200 - - [09/May/2024:05:47:20 +0200] "GET /robots.txt HTTP/1.1" 200 1590 "-" "Mozilla/5.0 (compatible; DotBot/1.2; +https://opensiteexplorer.org/dotbot; help@moz.com)"
216.244.66.200 - - [09/May/2024:05:47:20 +0200] "GET /robots.txt HTTP/1.1" 200 1590 "-" "Mozilla/5.0 (compatible; DotBot/1.2; +https://opensiteexplorer.org/dotbot; help@moz.com)"
35.246.82.171 - - [09/May/2024:05:57:19 +0200] "GET / HTTP/1.1" 200 - "-" "Java/1.6.0_04"
35.246.82.171 - - [09/May/2024:05:57:51 +0200] "GET / HTTP/1.1" 200 - "-" "Java/1.6.0_04"
216.244.66.200 - - [09/May/2024:06:06:47 +0200] "GET /files/9_1993___iv__2___nm_rendelet_m%C3%83%C2%B3dos%C3%83%C2%ADt%C3%83%C2%A1sa_6.doc HTTP/1.1" 200 - "-" "Mozilla/5.0 (compatible; DotBot/1.2; +https://opensiteexplorer.org/dotbot; help@moz.com)"
216.244.66.200 - - [09/May/2024:06:07:17 +0200] "GET /files/A%20mened%C3%83%C2%A9kjogr%C3%83%C2%B3l%20sz%C3%83%C2%B3l%C3%83%C2%B3%202007.%20%C3%83%C2%A9vi%20LXXX.doc HTTP/1.1" 200 - "-" "Mozilla/5.0 (compatible; DotBot/1.2; +https://opensiteexplorer.org/dotbot; help@moz.com)"
216.244.66.200 - - [09/May/2024:06:07:57 +0200] "GET /files/rezidensk%C3%83%C2%A9pz%C3%83%C2%A9s%20t%C3%83%C2%A1rc%C3%83%C2%A1ra.doc HTTP/1.1" 200 - "-" "Mozilla/5.0 (compatible; DotBot/1.2; +https://opensiteexplorer.org/dotbot; help@moz.com)"
216.244.66.200 - - [09/May/2024:06:08:16 +0200] "GET /files/17734_7.pdf HTTP/1.1" 200 108051 "-" "Mozilla/5.0 (compatible; DotBot/1.2; +https://opensiteexplorer.org/dotbot; help@moz.com)"
216.244.66.200 - - [09/May/2024:06:08:47 +0200] "GET /files/18226_8.pdf HTTP/1.1" 200 271600 "-" "Mozilla/5.0 (compatible; DotBot/1.2; +https://opensiteexplorer.org/dotbot; help@moz.com)"
216.244.66.200 - - [09/May/2024:06:09:17 +0200] "GET /files/dijfizetes.pdf HTTP/1.1" 200 117582 "-" "Mozilla/5.0 (compatible; DotBot/1.2; +https://opensiteexplorer.org/dotbot; help@moz.com)"
216.244.66.200 - - [09/May/2024:06:09:45 +0200] "GET /files/ved_elektr.zip HTTP/1.1" 200 18467 "-" "Mozilla/5.0 (compatible; DotBot/1.2; +https://opensiteexplorer.org/dotbot; help@moz.com)"
216.244.66.200 - - [09/May/2024:06:10:43 +0200] "GET /user/158/notify HTTP/1.1" 200 - "-" "Mozilla/5.0 (compatible; DotBot/1.2; +https://opensiteexplorer.org/dotbot; help@moz.com)"
216.244.66.200 - - [09/May/2024:06:11:02 +0200] "GET /files/1214_5_mell.xls HTTP/1.1" 200 22528 "-" "Mozilla/5.0 (compatible; DotBot/1.2; +https://opensiteexplorer.org/dotbot; help@moz.com)"
216.244.66.200 - - [09/May/2024:06:11:32 +0200] "GET /files/223visszamutatas.pdf HTTP/1.1" 200 189463 "-" "Mozilla/5.0 (compatible; DotBot/1.2; +https://opensiteexplorer.org/dotbot; help@moz.com)"
216.244.66.200 - - [09/May/2024:06:12:02 +0200] "GET /files/4265_szamhordozhatosag.doc HTTP/1.1" 200 135680 "-" "Mozilla/5.0 (compatible; DotBot/1.2; +https://opensiteexplorer.org/dotbot; help@moz.com)"
216.244.66.200 - - [09/May/2024:06:12:31 +0200] "GET /files/KHEM_2858_norma.doc HTTP/1.1" 200 186368 "-" "Mozilla/5.0 (compatible; DotBot/1.2; +https://opensiteexplorer.org/dotbot; help@moz.com)"
216.244.66.200 - - [09/May/2024:06:13:00 +0200] "GET /files/NKP-III_tervezet_0324.pdf HTTP/1.1" 200 122086 "-" "Mozilla/5.0 (compatible; DotBot/1.2; +https://opensiteexplorer.org/dotbot; help@moz.com)"
216.244.66.200 - - [09/May/2024:06:13:27 +0200] "GET /files/eloterjesztes_be.doc HTTP/1.1" 200 393216 "-" "Mozilla/5.0 (compatible; DotBot/1.2; +https://opensiteexplorer.org/dotbot; help@moz.com)"
216.244.66.200 - - [09/May/2024:06:13:53 +0200] "GET /files/forgrend_tervezet_.pdf HTTP/1.1" 200 214187 "-" "Mozilla/5.0 (compatible; DotBot/1.2; +https://opensiteexplorer.org/dotbot; help@moz.com)"
216.244.66.200 - - [09/May/2024:06:14:22 +0200] "GET /files/ljagy_terv_090831.pdf HTTP/1.1" 200 498045 "-" "Mozilla/5.0 (compatible; DotBot/1.2; +https://opensiteexplorer.org/dotbot; help@moz.com)"
216.244.66.200 - - [09/May/2024:06:14:47 +0200] "GET /files/nca_terv_080115.pdf HTTP/1.1" 200 219132 "-" "Mozilla/5.0 (compatible; DotBot/1.2; +https://opensiteexplorer.org/dotbot; help@moz.com)"
216.244.66.200 - - [09/May/2024:06:15:10 +0200] "GET /files/parancsnokinyomozas.doc HTTP/1.1" 200 47104 "-" "Mozilla/5.0 (compatible; DotBot/1.2; +https://opensiteexplorer.org/dotbot; help@moz.com)"
216.244.66.200 - - [09/May/2024:06:15:32 +0200] "GET /files/tervezet_kozig_ivoviz_tam.pdf HTTP/1.1" 200 212998 "-" "Mozilla/5.0 (compatible; DotBot/1.2; +https://opensiteexplorer.org/dotbot; help@moz.com)"
216.244.66.200 - - [09/May/2024:06:15:53 +0200] "GET /files/20per1996_nm_rend_mod_090522.doc HTTP/1.1" 200 279040 "-" "Mozilla/5.0 (compatible; DotBot/1.2; +https://opensiteexplorer.org/dotbot; help@moz.com)"
216.244.66.200 - - [09/May/2024:06:16:13 +0200] "GET /files/4_efizetes_illetek_es_koltseg.doc HTTP/1.1" 200 59904 "-" "Mozilla/5.0 (compatible; DotBot/1.2; +https://opensiteexplorer.org/dotbot; help@moz.com)"
216.244.66.200 - - [09/May/2024:06:16:31 +0200] "GET /files/516A2BB0E46CAC07C12572180036E855.htm.txt HTTP/1.1" 200 21152 "-" "Mozilla/5.0 (compatible; DotBot/1.2; +https://opensiteexplorer.org/dotbot; help@moz.com)"
216.244.66.200 - - [09/May/2024:06:16:50 +0200] "GET /files/Minta_irattariterv_onkormanyzatoknak.pdf HTTP/1.1" 200 401745 "-" "Mozilla/5.0 (compatible; DotBot/1.2; +https://opensiteexplorer.org/dotbot; help@moz.com)"
216.244.66.200 - - [09/May/2024:06:17:07 +0200] "GET /files/alapf_muv_okt_korm_rend_060214.pdf HTTP/1.1" 200 158587 "-" "Mozilla/5.0 (compatible; DotBot/1.2; +https://opensiteexplorer.org/dotbot; help@moz.com)"
216.244.66.200 - - [09/May/2024:06:17:24 +0200] "GET /files/hm_rendelet_tervezet_elelmezesi_ellatas_.pdf HTTP/1.1" 200 183027 "-" "Mozilla/5.0 (compatible; DotBot/1.2; +https://opensiteexplorer.org/dotbot; help@moz.com)"
216.244.66.200 - - [09/May/2024:06:17:45 +0200] "GET /files/szegregalt_lakokornyezet_terv_090421.pdf HTTP/1.1" 200 861412 "-" "Mozilla/5.0 (compatible; DotBot/1.2; +https://opensiteexplorer.org/dotbot; help@moz.com)"
66.249.70.102 - - [09/May/2024:06:48:10 +0200] "GET /files/kozraktar.pdf HTTP/1.1" 200 277489 "-" "Mozilla/5.0 (Linux; Android 6.0.1; Nexus 5X Build/MMB29P) AppleWebKit/537.36 (KHTML, like Gecko) Chrome/124.0.6367.118 Mobile Safari/537.36 (compatible; GoogleOther)"
35.93.198.201 - - [09/May/2024:07:01:19 +0200] "GET /robots.txt HTTP/1.1" 200 1590 "-" "-"
35.93.198.201 - - [09/May/2024:07:02:01 +0200] "GET / HTTP/1.1" 200 - "-" "Mozilla/5.0 (Windows NT 10.0; Win64; x64) AppleWebKit/605.1.15 (KHTML, like Gecko; compatible; FriendlyCrawler/1.0) Chrome/120.0.6099.216 Safari/605.1.15"
156.146.41.72 - - [09/May/2024:07:09:33 +0200] "GET / HTTP/1.0" 200 - "http://jogalkotas.hu/" "Mozilla/5.0 (Windows NT 10.0; Win64; x64) AppleWebKit/537.36 (KHTML, like Gecko) Chrome/103.0.0.0 Safari/537.36 OpenWave/97.4.2043.44"
216.244.66.200 - - [09/May/2024:07:37:55 +0200] "GET /robots.txt HTTP/1.1" 200 1590 "-" "Mozilla/5.0 (compatible; DotBot/1.2; +https://opensiteexplorer.org/dotbot; help@moz.com)"
35.91.22.218 - - [09/May/2024:07:41:44 +0200] "GET /robots.txt HTTP/1.1" 200 1590 "-" "-"
35.91.22.218 - - [09/May/2024:07:42:26 +0200] "GET /drupal/node/26 HTTP/1.1" 200 - "-" "Mozilla/5.0 (Windows NT 10.0; Win64; x64) AppleWebKit/605.1.15 (KHTML, like Gecko; compatible; FriendlyCrawler/1.0) Chrome/120.0.6099.216 Safari/605.1.15"
216.244.66.200 - - [09/May/2024:07:57:00 +0200] "GET /taxonomy/term/74/0/feed HTTP/1.1" 200 - "-" "Mozilla/5.0 (compatible; DotBot/1.2; +https://opensiteexplorer.org/dotbot; help@moz.com)"
35.246.82.171 - - [09/May/2024:08:06:43 +0200] "GET / HTTP/1.1" 200 - "-" "Java/1.6.0_04"
35.246.82.171 - - [09/May/2024:08:07:15 +0200] "GET / HTTP/1.1" 200 - "-" "Java/1.6.0_04"
52.167.144.19 - - [09/May/2024:08:29:29 +0200] "GET /files/33_1998_mod_terv_080708.pdf HTTP/1.1" 304 - "-" "Mozilla/5.0 AppleWebKit/537.36 (KHTML, like Gecko; compatible; bingbot/2.0; +http://www.bing.com/bingbot.htm) Chrome/116.0.1938.76 Safari/537.36"
40.77.167.54 - - [09/May/2024:08:35:01 +0200] "GET /files/Kormanyrendelet_Jegyzokonyv.pdf HTTP/1.1" 304 - "-" "Mozilla/5.0 AppleWebKit/537.36 (KHTML, like Gecko; compatible; bingbot/2.0; +http://www.bing.com/bingbot.htm) Chrome/116.0.1938.76 Safari/537.36"
66.249.70.103 - - [09/May/2024:08:39:44 +0200] "GET / HTTP/1.1" 200 - "-" "Mozilla/5.0 (compatible; Googlebot/2.1; +http://www.google.com/bot.html)"
66.249.70.103 - - [09/May/2024:08:40:16 +0200] "GET / HTTP/1.1" 200 - "-" "Mozilla/5.0 (Linux; Android 6.0.1; Nexus 5X Build/MMB29P) AppleWebKit/537.36 (KHTML, like Gecko) Chrome/124.0.6367.118 Mobile Safari/537.36 (compatible; Googlebot/2.1; +http://www.google.com/bot.html)"
5.161.214.122 - - [09/May/2024:08:47:02 +0200] "GET /files/mikrobi%201130.doc HTTP/1.1" 200 100352 "-" "Mozilla/5.0 (Windows NT 10.0; Win64; x64) AppleWebKit/537.36 (KHTML, like Gecko) Chrome/84.0.4147.105 Safari/537.36"
140.248.34.119 - - [09/May/2024:09:30:24 +0200] "GET /drupal/node/76 HTTP/1.1" 200 - "-" "Mozilla/5.0 (iPhone; CPU iPhone OS 17_4_1 like Mac OS X) AppleWebKit/605.1.15 (KHTML, like Gecko) Version/17.4.1 Mobile/15E148 Safari/604.1"
216.244.66.200 - - [09/May/2024:09:34:42 +0200] "GET /robots.txt HTTP/1.1" 200 1590 "-" "Mozilla/5.0 (compatible; DotBot/1.2; +https://opensiteexplorer.org/dotbot; help@moz.com)"
66.249.70.103 - - [09/May/2024:09:45:34 +0200] "GET /files/R2422.pdf HTTP/1.1" 200 154270 "-" "Mozilla/5.0 (Linux; Android 6.0.1; Nexus 5X Build/MMB29P) AppleWebKit/537.36 (KHTML, like Gecko) Chrome/124.0.6367.118 Mobile Safari/537.36 (compatible; Googlebot/2.1; +http://www.google.com/bot.html)"
216.244.66.200 - - [09/May/2024:09:58:53 +0200] "GET /taxonomy/term/93/0/feed HTTP/1.1" 200 - "-" "Mozilla/5.0 (compatible; DotBot/1.2; +https://opensiteexplorer.org/dotbot; help@moz.com)"
185.196.220.26 - - [09/May/2024:10:12:26 +0200] "GET /proxy.php?link=https://www.mqrjvwam4pfn.com/ HTTP/1.1" 200 - "-" "Mozilla/5.0 (Windows NT 10.0; Win64; x64) AppleWebKit/537.36 (KHTML, like Gecko) Chrome/124.0.0.0 Safari/537.36"
216.244.66.200 - - [09/May/2024:10:32:54 +0200] "GET /robots.txt HTTP/1.1" 200 1590 "-" "Mozilla/5.0 (compatible; DotBot/1.2; +https://opensiteexplorer.org/dotbot; help@moz.com)"
95.108.213.82 - - [09/May/2024:10:45:48 +0200] "GET /robots.txt HTTP/1.1" 200 1590 "-" "Mozilla/5.0 (compatible; YandexBot/3.0; +http://yandex.com/bots)"
5.255.231.46 - - [09/May/2024:10:46:20 +0200] "GET /drupal/taxonomy/term/46. HTTP/1.1" 200 - "-" "Mozilla/5.0 (compatible; YandexBot/3.0; +http://yandex.com/bots)"
216.244.66.200 - - [09/May/2024:10:56:13 +0200] "GET /taxonomy/term/57/0/feed HTTP/1.1" 200 - "-" "Mozilla/5.0 (compatible; DotBot/1.2; +https://opensiteexplorer.org/dotbot; help@moz.com)"
84.206.11.24 - - [09/May/2024:11:08:29 +0200] "GET /files/gyamhatosag_eloterj_061204.pdf HTTP/1.1" 200 597742 "https://www.google.com/" "Mozilla/5.0 (Windows NT 10.0; Win64; x64; rv:109.0) Gecko/20100101 Firefox/115.0"
84.206.11.24 - - [09/May/2024:11:08:36 +0200] "GET /files/gyamhatosag_eloterj_061204.pdf HTTP/1.1" 200 597742 "https://www.google.com/" "Mozilla/5.0 (Windows NT 10.0; Win64; x64; rv:109.0) Gecko/20100101 Firefox/115.0"
84.206.11.24 - - [09/May/2024:11:08:56 +0200] "GET /files/gyamhatosag_eloterj_061204.pdf HTTP/1.1" 200 597742 "https://www.google.com/" "Mozilla/5.0 (Windows NT 10.0; Win64; x64; rv:109.0) Gecko/20100101 Firefox/115.0"
66.249.64.76 - - [09/May/2024:11:21:56 +0200] "GET /files/legyenjobb_080602.pdf HTTP/1.1" 200 176901 "-" "Mozilla/5.0 (Linux; Android 6.0.1; Nexus 5X Build/MMB29P) AppleWebKit/537.36 (KHTML, like Gecko) Chrome/124.0.6367.118 Mobile Safari/537.36 (compatible; Googlebot/2.1; +http://www.google.com/bot.html)"
216.244.66.200 - - [09/May/2024:11:26:58 +0200] "GET /taxonomy/term/57/0/feed HTTP/1.1" 200 - "-" "Mozilla/5.0 (compatible; DotBot/1.2; +https://opensiteexplorer.org/dotbot; help@moz.com)"
66.249.70.103 - - [09/May/2024:11:34:51 +0200] "GET /files/14_1994_terv_080509.pdf HTTP/1.1" 200 270523 "-" "Mozilla/5.0 (Linux; Android 6.0.1; Nexus 5X Build/MMB29P) AppleWebKit/537.36 (KHTML, like Gecko) Chrome/124.0.6367.118 Mobile Safari/537.36 (compatible; GoogleOther)"
66.249.70.104 - - [09/May/2024:11:43:03 +0200] "GET /files/KHEM_2616_10eloterj.doc HTTP/1.1" 200 257536 "-" "Mozilla/5.0 (Linux; Android 6.0.1; Nexus 5X Build/MMB29P) AppleWebKit/537.36 (KHTML, like Gecko) Chrome/124.0.6367.118 Mobile Safari/537.36 (compatible; Googlebot/2.1; +http://www.google.com/bot.html)"
89.135.46.225 - - [09/May/2024:12:13:23 +0200] "GET /files/2_sz_melleklet_061031.pdf HTTP/1.1" 200 56446 "https://www.google.com/" "Mozilla/5.0 (Windows NT 10.0; Win64; x64) AppleWebKit/537.36 (KHTML, like Gecko) Chrome/124.0.0.0 Safari/537.36"
89.135.46.225 - - [09/May/2024:12:13:23 +0200] "GET /favicon.ico HTTP/1.1" 404 57 "http://www.jogalkotas.hu/files/2_sz_melleklet_061031.pdf" "Mozilla/5.0 (Windows NT 10.0; Win64; x64) AppleWebKit/537.36 (KHTML, like Gecko) Chrome/124.0.0.0 Safari/537.36"
5.255.231.167 - - [09/May/2024:12:17:43 +0200] "GET /robots.txt HTTP/1.1" 200 1590 "-" "Mozilla/5.0 (compatible; YandexBot/3.0; +http://yandex.com/bots)"
87.250.224.250 - - [09/May/2024:12:18:14 +0200] "GET /drupal/files/ptk.csaladjog.pdf HTTP/1.1" 200 - "-" "Mozilla/5.0 (compatible; YandexBot/3.0; +http://yandex.com/bots)"
40.77.167.143 - - [09/May/2024:12:39:58 +0200] "GET /files/362per2006_korm_rend_mod_090415.doc HTTP/1.1" 304 - "-" "Mozilla/5.0 AppleWebKit/537.36 (KHTML, like Gecko; compatible; bingbot/2.0; +http://www.bing.com/bingbot.htm) Chrome/116.0.1938.76 Safari/537.36"
216.244.66.200 - - [09/May/2024:12:55:14 +0200] "GET /robots.txt HTTP/1.1" 200 1590 "-" "Mozilla/5.0 (compatible; DotBot/1.2; +https://opensiteexplorer.org/dotbot; help@moz.com)"
87.250.224.221 - - [09/May/2024:13:04:39 +0200] "GET /robots.txt HTTP/1.1" 200 1590 "-" "Mozilla/5.0 (compatible; YandexBot/3.0; +http://yandex.com/bots)"
213.180.203.50 - - [09/May/2024:13:05:11 +0200] "GET /drupal/node/629 HTTP/1.1" 200 - "-" "Mozilla/5.0 (compatible; YandexBot/3.0; +http://yandex.com/bots)"
216.244.66.200 - - [09/May/2024:13:25:41 +0200] "GET /taxonomy/term/18%2023%2024%2026%2025%2027%2028%2029%2052%2041%2031%2032%2098%2033%2048%20106%20103%2099%20107%2034%2049%2035%2051%20100%2036%2050%20105/0/feed HTTP/1.1" 200 - "-" "Mozilla/5.0 (compatible; DotBot/1.2; +https://opensiteexplorer.org/dotbot; help@moz.com)"
77.221.42.173 - - [09/May/2024:13:48:03 +0200] "GET /files/kozig-egyezt-eloterj.pdf HTTP/1.1" 200 34100 "https://www.google.com/" "Mozilla/5.0 (Windows NT 10.0; Win64; x64) AppleWebKit/537.36 (KHTML, like Gecko) Chrome/124.0.0.0 Safari/537.36"
77.221.42.173 - - [09/May/2024:13:48:03 +0200] "GET /files/kozig-egyezt-eloterj.pdf HTTP/1.1" 206 1025 "-" "Mozilla/5.0 (Windows NT 10.0; Win64; x64) AppleWebKit/537.36 (KHTML, like Gecko) Chrome/124.0.0.0 Safari/537.36"
77.221.42.173 - - [09/May/2024:13:48:05 +0200] "GET /files/kozig-egyezt-eloterj.pdf HTTP/1.1" 206 64512 "-" "Mozilla/5.0 (Windows NT 10.0; Win64; x64) AppleWebKit/537.36 (KHTML, like Gecko) Chrome/124.0.0.0 Safari/537.36"
195.111.111.68 - - [09/May/2024:13:48:05 +0200] "GET /files/kozig-egyezt-eloterj.pdf HTTP/1.1" 200 3811976 "https://www.google.com/" "Mozilla/5.0 (Windows NT 6.1) AppleWebKit/537.36 (KHTML, like Gecko) Chrome/109.0.0.0 Safari/537.36"
77.221.42.173 - - [09/May/2024:13:48:06 +0200] "GET /files/kozig-egyezt-eloterj.pdf HTTP/1.1" 200 3811976 "-" "Mozilla/5.0 (Windows NT 10.0; Win64; x64) AppleWebKit/537.36 (KHTML, like Gecko) Chrome/124.0.0.0 Safari/537.36"
216.244.66.200 - - [09/May/2024:13:53:04 +0200] "GET /robots.txt HTTP/1.1" 200 1590 "-" "Mozilla/5.0 (compatible; DotBot/1.2; +https://opensiteexplorer.org/dotbot; help@moz.com)"
216.244.66.200 - - [09/May/2024:13:53:04 +0200] "GET /robots.txt HTTP/1.1" 200 1590 "-" "Mozilla/5.0 (compatible; DotBot/1.2; +https://opensiteexplorer.org/dotbot; help@moz.com)"
216.244.66.200 - - [09/May/2024:14:08:28 +0200] "GET /files/BaloghGy_infszab.%20jogi%20h%C3%83%C2%A1ttere%20%C3%83%C2%A9s%20jelent%C3%85%E2%80%98s%C3%83%C2%A9ge.ppt HTTP/1.1" 200 - "-" "Mozilla/5.0 (compatible; DotBot/1.2; +https://opensiteexplorer.org/dotbot; help@moz.com)"
216.244.66.200 - - [09/May/2024:14:11:38 +0200] "GET /files/30_1999___vii__16___e%C3%83%C2%BCm_rendelet_m%C3%83%C2%B3dos%C3%83%C2%ADt%C3%83%C2%A1sa_8.doc HTTP/1.1" 200 - "-" "Mozilla/5.0 (compatible; DotBot/1.2; +https://opensiteexplorer.org/dotbot; help@moz.com)"
216.244.66.200 - - [09/May/2024:14:13:39 +0200] "GET /taxonomy/term/96/0/feed HTTP/1.1" 200 - "-" "Mozilla/5.0 (compatible; DotBot/1.2; +https://opensiteexplorer.org/dotbot; help@moz.com)"
66.249.70.103 - - [09/May/2024:14:22:28 +0200] "GET /files/R714.pdf HTTP/1.1" 304 - "-" "Mozilla/5.0 (Linux; Android 6.0.1; Nexus 5X Build/MMB29P) AppleWebKit/537.36 (KHTML, like Gecko) Chrome/124.0.6367.118 Mobile Safari/537.36 (compatible; Googlebot/2.1; +http://www.google.com/bot.html)"
184.72.2.154 - - [09/May/2024:14:26:50 +0200] "GET / HTTP/1.1" 200 - "-" "bitdiscovery-suggestions"
84.206.48.246 - - [09/May/2024:14:49:09 +0200] "GET /files/ptk.csaladjog_0.pdf HTTP/1.1" 200 429444 "https://www.google.com/" "Mozilla/5.0 (Windows NT 10.0; Win64; x64) AppleWebKit/537.36 (KHTML, like Gecko) Chrome/124.0.0.0 Safari/537.36"
84.206.48.246 - - [09/May/2024:14:49:09 +0200] "GET /favicon.ico HTTP/1.1" 404 57 "http://jogalkotas.hu/files/ptk.csaladjog_0.pdf" "Mozilla/5.0 (Windows NT 10.0; Win64; x64) AppleWebKit/537.36 (KHTML, like Gecko) Chrome/124.0.0.0 Safari/537.36"
216.244.66.200 - - [09/May/2024:14:51:21 +0200] "GET /robots.txt HTTP/1.1" 200 1590 "-" "Mozilla/5.0 (compatible; DotBot/1.2; +https://opensiteexplorer.org/dotbot; help@moz.com)"
216.244.66.200 - - [09/May/2024:14:51:21 +0200] "GET /robots.txt HTTP/1.1" 200 1590 "-" "Mozilla/5.0 (compatible; DotBot/1.2; +https://opensiteexplorer.org/dotbot; help@moz.com)"
216.244.66.200 - - [09/May/2024:15:09:27 +0200] "GET /files/38_2003___vii__7___eszcsm_fvm_kvvm_egy%C3%83%C2%BCttes_rendelet_m%C3%83%C2%B3dos%C3%83%C2%ADt%C3%83%C2%A1sa_8.doc HTTP/1.1" 200 - "-" "Mozilla/5.0 (compatible; DotBot/1.2; +https://opensiteexplorer.org/dotbot; help@moz.com)"
216.244.66.200 - - [09/May/2024:15:10:23 +0200] "GET /files/hm_rend_terv_ms_kereso_foglalkozas.pdf HTTP/1.1" 200 103566 "-" "Mozilla/5.0 (compatible; DotBot/1.2; +https://opensiteexplorer.org/dotbot; help@moz.com)"
216.244.66.200 - - [09/May/2024:15:10:35 +0200] "GET /files/kozigazgatasi_egyeztetesre_20100221.pdf HTTP/1.1" 200 218541 "-" "Mozilla/5.0 (compatible; DotBot/1.2; +https://opensiteexplorer.org/dotbot; help@moz.com)"
216.244.66.200 - - [09/May/2024:15:12:04 +0200] "GET /files/34_2004___iv__26___eszcsm_rendelet_m%C3%83%C2%B3dos%C3%83%C2%ADt%C3%83%C2%A1sa_6.doc HTTP/1.1" 200 - "-" "Mozilla/5.0 (compatible; DotBot/1.2; +https://opensiteexplorer.org/dotbot; help@moz.com)"
216.244.66.200 - - [09/May/2024:15:12:44 +0200] "GET /files/Ad%C3%83%C2%B3t%C3%83%C2%B6rv%C3%83%C2%A9ny_normasz%C3%83%C2%B6veg_0912.doc HTTP/1.1" 200 - "-" "Mozilla/5.0 (compatible; DotBot/1.2; +https://opensiteexplorer.org/dotbot; help@moz.com)"
216.244.66.200 - - [09/May/2024:15:13:34 +0200] "GET /files/FVM%20bor%C3%83%C2%A1szati%20%C3%83%C2%BCzemek%20m%C3%85%C2%B1k%C3%83%C2%B6d%C3%83%C2%A9se.doc HTTP/1.1" 200 - "-" "Mozilla/5.0 (compatible; DotBot/1.2; +https://opensiteexplorer.org/dotbot; help@moz.com)"
216.244.66.200 - - [09/May/2024:15:14:24 +0200] "GET /taxonomy/term/37/0/feed HTTP/1.1" 200 - "-" "Mozilla/5.0 (compatible; DotBot/1.2; +https://opensiteexplorer.org/dotbot; help@moz.com)"
216.244.66.200 - - [09/May/2024:15:15:15 +0200] "GET /taxonomy/term/66/0/feed HTTP/1.1" 200 - "-" "Mozilla/5.0 (compatible; DotBot/1.2; +https://opensiteexplorer.org/dotbot; help@moz.com)"
216.244.66.200 - - [09/May/2024:15:16:06 +0200] "GET /taxonomy/term/72/0/feed HTTP/1.1" 200 - "-" "Mozilla/5.0 (compatible; DotBot/1.2; +https://opensiteexplorer.org/dotbot; help@moz.com)"
216.244.66.200 - - [09/May/2024:15:16:56 +0200] "GET /taxonomy/term/80/0/feed HTTP/1.1" 200 - "-" "Mozilla/5.0 (compatible; DotBot/1.2; +https://opensiteexplorer.org/dotbot; help@moz.com)"
91.144.107.208 - - [09/May/2024:15:18:21 +0200] "GET /files/2_sz_melleklet_061031.pdf HTTP/1.1" 200 56446 "https://kereso.startlap.hu/index.html?q=%C3%A1gazati+azonos%C3%ADt%C3%B3+b%C3%B6lcs%C5%91de&sise=a&search=google&inpage=1&sticky=0" "Mozilla/5.0 (Windows NT 6.1; Win64; x64; rv:109.0) Gecko/20100101 Firefox/115.0"
91.144.107.208 - - [09/May/2024:15:18:21 +0200] "GET /favicon.ico HTTP/1.1" 404 57 "http://www.jogalkotas.hu/" "Mozilla/5.0 (Windows NT 6.1; Win64; x64; rv:109.0) Gecko/20100101 Firefox/115.0"
91.144.107.208 - - [09/May/2024:15:19:47 +0200] "GET /files/2_sz_melleklet_061031.pdf HTTP/1.1" 200 56446 "-" "Mozilla/5.0 (Windows NT 6.1; Win64; x64; rv:109.0) Gecko/20100101 Firefox/115.0"
45.94.7.211 - - [09/May/2024:15:57:58 +0200] "GET /files/tervezet_kvt_kozig_0901.pdf HTTP/1.1" 200 - "-" "Mozilla/5.0 (Windows NT 10.0; Win64; x64; rv:109.0) Gecko/20100101 Firefox/111.0"
45.94.7.211 - - [09/May/2024:15:58:38 +0200] "GET /files/eloterjesztes_20100302.pdf HTTP/1.1" 200 159138 "-" "Mozilla/5.0 (Windows NT 10.0; Win64; x64; rv:109.0) Gecko/20100101 Firefox/111.0"
45.94.7.211 - - [09/May/2024:15:59:35 +0200] "GET /files/szamos-krasznakozi_szakmapol%202010_01_25_kozig.pdf HTTP/1.1" 200 - "-" "Mozilla/5.0 (Windows NT 10.0; Win64; x64; rv:109.0) Gecko/20100101 Firefox/111.0"
45.94.7.211 - - [09/May/2024:16:01:13 +0200] "GET /files/eloterjesztes_kozigazgatasi_egyeztetesre_20091209.pdf HTTP/1.1" 200 - "-" "Mozilla/5.0 (Windows NT 10.0; Win64; x64; rv:109.0) Gecko/20100101 Firefox/111.0"
20.191.45.212 - - [09/May/2024:16:01:18 +0200] "GET /favicon.ico HTTP/1.1" 404 57 "http://www.jogalkotas.hu/favicon.ico" "DuckDuckBot/1.1; (+http://duckduckgo.com/duckduckbot.html)"
20.191.45.212 - - [09/May/2024:16:01:40 +0200] "GET / HTTP/1.1" 200 - "http://www.jogalkotas.hu/" "DuckDuckBot/1.1; (+http://duckduckgo.com/duckduckbot.html)"
45.94.7.211 - - [09/May/2024:16:17:01 +0200] "GET /files/kv_tv_vg_tv_szt.pdf HTTP/1.1" 200 286658 "-" "Mozilla/5.0 (Windows NT 10.0; Win64; x64; rv:109.0) Gecko/20100101 Firefox/111.0"
45.94.7.211 - - [09/May/2024:16:20:33 +0200] "GET /files/181_2008_mod_kozig.pdf HTTP/1.1" 200 - "-" "Mozilla/5.0 (Windows NT 10.0; Win64; x64; rv:109.0) Gecko/20100101 Firefox/111.0"
45.94.7.211 - - [09/May/2024:16:21:38 +0200] "GET /files/kozigazgatasi_egyeztetesre_20100221.pdf HTTP/1.1" 200 218541 "-" "Mozilla/5.0 (Windows NT 10.0; Win64; x64; rv:109.0) Gecko/20100101 Firefox/111.0"
45.94.7.211 - - [09/May/2024:16:24:47 +0200] "GET /files/12_2008_kvvm_rend_mod_kozig_2010_04_12.pdf HTTP/1.1" 200 - "-" "Mozilla/5.0 (Windows NT 10.0; Win64; x64; rv:109.0) Gecko/20100101 Firefox/111.0"
66.249.70.104 - - [09/May/2024:16:38:50 +0200] "GET /files/ptk.csaladjog.pdf HTTP/1.1" 304 - "-" "Mozilla/5.0 (Linux; Android 6.0.1; Nexus 5X Build/MMB29P) AppleWebKit/537.36 (KHTML, like Gecko) Chrome/124.0.6367.118 Mobile Safari/537.36 (compatible; Googlebot/2.1; +http://www.google.com/bot.html)"
216.244.66.200 - - [09/May/2024:16:45:25 +0200] "GET /robots.txt HTTP/1.1" 200 1590 "-" "Mozilla/5.0 (compatible; DotBot/1.2; +https://opensiteexplorer.org/dotbot; help@moz.com)"
89.147.67.105 - - [09/May/2024:16:46:13 +0200] "GET /files/ptk.csaladjog_0.pdf HTTP/1.1" 200 429444 "https://www.google.com/" "Mozilla/5.0 (iPhone; CPU iPhone OS 17_2_1 like Mac OS X) AppleWebKit/605.1.15 (KHTML, like Gecko) Version/17.2 Mobile/15E148 Safari/604.1"
89.147.67.105 - - [09/May/2024:16:46:14 +0200] "GET /favicon.ico HTTP/1.1" 404 57 "http://jogalkotas.hu/files/ptk.csaladjog_0.pdf" "Mozilla/5.0 (iPhone; CPU iPhone OS 17_2_1 like Mac OS X) AppleWebKit/605.1.15 (KHTML, like Gecko) Version/17.2 Mobile/15E148 Safari/604.1"
54.36.148.200 - - [09/May/2024:16:50:37 +0200] "GET /robots.txt HTTP/1.1" 200 1590 "-" "Mozilla/5.0 (compatible; AhrefsBot/7.0; +http://ahrefs.com/robot/)"
178.128.234.112 - - [09/May/2024:16:53:12 +0200] "GET / HTTP/1.1" 200 - "-" "Mozilla/5.0 (Macintosh; Intel Mac OS X 10_15_7) AppleWebKit/537.36 (KHTML, like Gecko) Chrome/121.0.0.0 Safari/537.36"
216.244.66.200 - - [09/May/2024:17:05:48 +0200] "GET /files/%C3%83%E2%80%93nkorm%C3%83%C2%A1nyzatok%202009%20November.doc HTTP/1.1" 200 - "-" "Mozilla/5.0 (compatible; DotBot/1.2; +https://opensiteexplorer.org/dotbot; help@moz.com)"
101.251.238.172 - - [09/May/2024:17:12:51 +0200] "GET / HTTP/1.1" 200 - "-" "Mozilla/5.0 (Windows NT 10.0; Win64; x64) AppleWebKit/537.36 (KHTML, like Gecko) Chrome/114.0.0.0 Safari/537.36"
66.249.64.64 - - [09/May/2024:17:14:40 +0200] "GET /files/alapf_muv_okt_kovet_II_060414.pdf HTTP/1.1" 304 - "-" "Mozilla/5.0 (Linux; Android 6.0.1; Nexus 5X Build/MMB29P) AppleWebKit/537.36 (KHTML, like Gecko) Chrome/124.0.6367.118 Mobile Safari/537.36 (compatible; Googlebot/2.1; +http://www.google.com/bot.html)"
3.232.48.103 - - [09/May/2024:17:16:06 +0200] "HEAD /drupal/ HTTP/1.0" 200 - "-" "Drupal (+http://drupal.org/)"
66.249.70.104 - - [09/May/2024:17:33:23 +0200] "GET /files/ptk.dologi_jog_0.pdf HTTP/1.1" 304 - "-" "Mozilla/5.0 (Linux; Android 6.0.1; Nexus 5X Build/MMB29P) AppleWebKit/537.36 (KHTML, like Gecko) Chrome/124.0.6367.118 Mobile Safari/537.36 (compatible; Googlebot/2.1; +http://www.google.com/bot.html)"
216.244.66.200 - - [09/May/2024:17:42:52 +0200] "GET /robots.txt HTTP/1.1" 200 1590 "-" "Mozilla/5.0 (compatible; DotBot/1.2; +https://opensiteexplorer.org/dotbot; help@moz.com)"
45.94.7.211 - - [09/May/2024:17:47:08 +0200] "GET /files/kt_eloterjesztes_2009_08_12.pdf HTTP/1.1" 200 - "-" "Mozilla/5.0 (Windows NT 10.0; Win64; x64; rv:109.0) Gecko/20100101 Firefox/111.0"
66.249.70.104 - - [09/May/2024:18:09:46 +0200] "GET /files/keklampa.doc HTTP/1.1" 200 170496 "-" "Mozilla/5.0 (Linux; Android 6.0.1; Nexus 5X Build/MMB29P) AppleWebKit/537.36 (KHTML, like Gecko) Chrome/124.0.6367.118 Mobile Safari/537.36 (compatible; Googlebot/2.1; +http://www.google.com/bot.html)"
66.249.64.76 - - [09/May/2024:18:10:46 +0200] "GET /files/szakkepesites_rendelettervezet_080421.pdf HTTP/1.1" 200 142479 "-" "Mozilla/5.0 (compatible; Googlebot/2.1; +http://www.google.com/bot.html)"
34.233.154.61 - - [09/May/2024:18:15:56 +0200] "HEAD /drupal/ HTTP/1.0" 200 - "-" "Drupal (+http://drupal.org/)"
66.249.64.75 - - [09/May/2024:18:28:02 +0200] "GET /files/szakkepesites_rendelettervezet_080421.pdf HTTP/1.1" 200 142479 "-" "Mozilla/5.0 (Linux; Android 6.0.1; Nexus 5X Build/MMB29P) AppleWebKit/537.36 (KHTML, like Gecko) Chrome/124.0.6367.118 Mobile Safari/537.36 (compatible; Googlebot/2.1; +http://www.google.com/bot.html)"
91.82.35.63 - - [09/May/2024:18:29:44 +0200] "GET /files/ptk-normaszoveg-tervezet_20071029.pdf HTTP/1.1" 200 1425629 "-" "Mozilla/5.0 (Linux; Android 10; K) AppleWebKit/537.36 (KHTML, like Gecko) Chrome/124.0.0.0 Mobile Safari/537.36"
85.208.96.204 - - [09/May/2024:18:50:09 +0200] "GET /robots.txt HTTP/1.1" 200 1590 "-" "Mozilla/5.0 (compatible; SemrushBot/7~bl; +http://www.semrush.com/bot.html)"
85.208.96.205 - - [09/May/2024:18:50:41 +0200] "GET /taxonomy/term/65 HTTP/1.1" 200 - "-" "Mozilla/5.0 (compatible; SemrushBot/7~bl; +http://www.semrush.com/bot.html)"
185.191.171.16 - - [09/May/2024:18:50:48 +0200] "GET /sitemap.xml HTTP/1.1" 200 - "-" "Mozilla/5.0 (compatible; SemrushBot/7~bl; +http://www.semrush.com/bot.html)"
185.191.171.16 - - [09/May/2024:18:51:03 +0200] "GET /sitemap.xml HTTP/1.1" 200 - "-" "Mozilla/5.0 (compatible; SemrushBot/7~bl; +http://www.semrush.com/bot.html)"
85.208.96.205 - - [09/May/2024:18:51:13 +0200] "GET /taxonomy/term/65 HTTP/1.1" 200 - "-" "Mozilla/5.0 (compatible; SemrushBot/7~bl; +http://www.semrush.com/bot.html)"
66.249.64.75 - - [09/May/2024:19:22:28 +0200] "GET /files/esely_felzark_070302.pdf HTTP/1.1" 304 - "-" "Mozilla/5.0 (Linux; Android 6.0.1; Nexus 5X Build/MMB29P) AppleWebKit/537.36 (KHTML, like Gecko) Chrome/124.0.6367.118 Mobile Safari/537.36 (compatible; Googlebot/2.1; +http://www.google.com/bot.html)"
195.90.221.76 - - [09/May/2024:19:22:32 +0200] "GET / HTTP/1.1" 200 - "-" "Mozilla/5.0 (Windows NT 10.0; Win64; x64) AppleWebKit/537.36 (KHTML, like Gecko) Chrome/91.0.4472.114 Safari/537.36 Edg/91.0.864.54"
20.169.138.117 - - [09/May/2024:19:23:40 +0200] "GET /files/otrt.pdf HTTP/1.1" 200 3417488 "-" "python-requests/2.24.0"
216.244.66.200 - - [09/May/2024:19:37:21 +0200] "GET /robots.txt HTTP/1.1" 200 1590 "-" "Mozilla/5.0 (compatible; DotBot/1.2; +https://opensiteexplorer.org/dotbot; help@moz.com)"
66.249.70.103 - - [09/May/2024:19:47:56 +0200] "GET /node/2276 HTTP/1.1" 200 - "-" "Mozilla/5.0 (Linux; Android 6.0.1; Nexus 5X Build/MMB29P) AppleWebKit/537.36 (KHTML, like Gecko) Chrome/124.0.6367.118 Mobile Safari/537.36 (compatible; Googlebot/2.1; +http://www.google.com/bot.html)"
216.244.66.200 - - [09/May/2024:19:58:00 +0200] "GET /taxonomy/term/75/0/feed HTTP/1.1" 200 - "-" "Mozilla/5.0 (compatible; DotBot/1.2; +https://opensiteexplorer.org/dotbot; help@moz.com)"
185.191.171.6 - - [09/May/2024:20:05:31 +0200] "GET /robots.txt HTTP/1.1" 200 1590 "-" "Mozilla/5.0 (compatible; SemrushBot/7~bl; +http://www.semrush.com/bot.html)"
85.208.96.211 - - [09/May/2024:20:06:03 +0200] "GET /drupal/node/629 HTTP/1.1" 200 - "-" "Mozilla/5.0 (compatible; SemrushBot/7~bl; +http://www.semrush.com/bot.html)"
85.208.96.211 - - [09/May/2024:20:06:36 +0200] "GET /drupal/node/629 HTTP/1.1" 200 - "-" "Mozilla/5.0 (compatible; SemrushBot/7~bl; +http://www.semrush.com/bot.html)"
216.244.66.200 - - [09/May/2024:20:35:20 +0200] "GET /robots.txt HTTP/1.1" 200 1590 "-" "Mozilla/5.0 (compatible; DotBot/1.2; +https://opensiteexplorer.org/dotbot; help@moz.com)"
216.244.66.200 - - [09/May/2024:20:56:38 +0200] "GET /files/elj%C3%83%C2%A1r%C3%83%C2%A1srend%20hat%C3%83%C2%A1ron%20t%C3%83%C2%BAliak%20t%C3%83%C2%A1rc%C3%83%C2%A1ra%2012.11..doc HTTP/1.1" 200 - "-" "Mozilla/5.0 (compatible; DotBot/1.2; +https://opensiteexplorer.org/dotbot; help@moz.com)"
144.76.14.54 - - [09/May/2024:20:56:43 +0200] "GET /robots.txt HTTP/1.1" 200 1590 "-" "Mozilla/5.0 (Windows NT 10.0; Win64; x64; trendictionbot0.5.0; trendiction search; http://www.trendiction.de/bot; please let us know of any problems; web at trendiction.com) Gecko/20100101 Firefox/125.0"
216.244.66.200 - - [09/May/2024:20:57:08 +0200] "GET /files/menet%C3%83%C2%ADr%C3%83%C2%B3%20k%C3%83%C2%A9sz%C3%83%C2%BCl%C3%83%C2%A9k-k%C3%83%C2%B6zig_egyzetet%C3%83%C2%A9sre_GKM_tervezet.doc HTTP/1.1" 200 - "-" "Mozilla/5.0 (compatible; DotBot/1.2; +https://opensiteexplorer.org/dotbot; help@moz.com)"
144.76.14.54 - - [09/May/2024:20:57:16 +0200] "GET / HTTP/1.1" 200 - "-" "Mozilla/5.0 (Windows NT 10.0; Win64; x64; trendictionbot0.5.0; trendiction search; http://www.trendiction.de/bot; please let us know of any problems; web at trendiction.com) Gecko/20100101 Firefox/125.0"
144.76.14.54 - - [09/May/2024:20:57:48 +0200] "GET / HTTP/1.1" 200 - "-" "Mozilla/5.0 (Windows NT 10.0; Win64; x64; trendictionbot0.5.0; trendiction search; http://www.trendiction.de/bot; please let us know of any problems; web at trendiction.com) Gecko/20100101 Firefox/125.0"
144.76.14.54 - - [09/May/2024:20:58:20 +0200] "GET / HTTP/1.1" 200 - "-" "Mozilla/5.0 (Windows NT 10.0; Win64; x64; trendictionbot0.5.0; trendiction search; http://www.trendiction.de/bot; please let us know of any problems; web at trendiction.com) Gecko/20100101 Firefox/125.0"
144.76.14.54 - - [09/May/2024:20:58:52 +0200] "GET / HTTP/1.1" 200 - "-" "Mozilla/5.0 (Windows NT 10.0; Win64; x64; trendictionbot0.5.0; trendiction search; http://www.trendiction.de/bot; please let us know of any problems; web at trendiction.com) Gecko/20100101 Firefox/125.0"
66.249.64.75 - - [09/May/2024:21:30:39 +0200] "GET /files/20_1997_terv_071018.pdf HTTP/1.1" 200 277568 "-" "Googlebot/2.1 (+http://www.google.com/bot.html)"
216.244.66.200 - - [09/May/2024:21:33:46 +0200] "GET /robots.txt HTTP/1.1" 200 1590 "-" "Mozilla/5.0 (compatible; DotBot/1.2; +https://opensiteexplorer.org/dotbot; help@moz.com)"
66.249.70.104 - - [09/May/2024:21:51:02 +0200] "GET /taxonomy/term/36 HTTP/1.1" 200 - "-" "Mozilla/5.0 (Linux; Android 6.0.1; Nexus 5X Build/MMB29P) AppleWebKit/537.36 (KHTML, like Gecko) Chrome/124.0.6367.118 Mobile Safari/537.36 (compatible; Googlebot/2.1; +http://www.google.com/bot.html)"
216.244.66.200 - - [09/May/2024:21:52:40 +0200] "GET /files/k%C3%83%C2%B6zforgalm%C3%83%C2%BA%20patika%20t%C3%83%C2%A1rc%C3%83%C2%A1ra.doc HTTP/1.1" 200 - "-" "Mozilla/5.0 (compatible; DotBot/1.2; +https://opensiteexplorer.org/dotbot; help@moz.com)"
216.244.66.200 - - [09/May/2024:21:53:51 +0200] "GET /files/A%20mened%C3%83%C2%A9kjogr%C3%83%C2%B3l%20sz%C3%83%C2%B3l%C3%83%C2%B3%202007.%20%C3%83%C2%A9vi%20LXXX.doc HTTP/1.1" 200 - "-" "Mozilla/5.0 (compatible; DotBot/1.2; +https://opensiteexplorer.org/dotbot; help@moz.com)"
216.244.66.200 - - [09/May/2024:22:31:54 +0200] "GET /robots.txt HTTP/1.1" 200 1590 "-" "Mozilla/5.0 (compatible; DotBot/1.2; +https://opensiteexplorer.org/dotbot; help@moz.com)"
216.244.66.200 - - [09/May/2024:22:31:54 +0200] "GET /robots.txt HTTP/1.1" 200 1590 "-" "Mozilla/5.0 (compatible; DotBot/1.2; +https://opensiteexplorer.org/dotbot; help@moz.com)"
35.91.169.96 - - [09/May/2024:22:47:35 +0200] "GET /robots.txt HTTP/1.1" 200 1590 "-" "-"
35.91.169.96 - - [09/May/2024:22:47:47 +0200] "GET /files/NFGM2005.pdf HTTP/1.1" 200 201548 "-" "Mozilla/5.0 (Windows NT 10.0; Win64; x64) AppleWebKit/605.1.15 (KHTML, like Gecko; compatible; FriendlyCrawler/1.0) Chrome/120.0.6099.216 Safari/605.1.15"
216.244.66.200 - - [09/May/2024:22:54:27 +0200] "GET /taxonomy/term/18/0/feed HTTP/1.1" 200 - "-" "Mozilla/5.0 (compatible; DotBot/1.2; +https://opensiteexplorer.org/dotbot; help@moz.com)"
216.244.66.200 - - [09/May/2024:22:55:07 +0200] "GET /files/38_2003___vii__7___eszcsm_fvm_kvvm_egy%C3%83%C2%BCttes_rendelet_m%C3%83%C2%B3dos%C3%83%C2%ADt%C3%83%C2%A1sa_6.doc HTTP/1.1" 200 - "-" "Mozilla/5.0 (compatible; DotBot/1.2; +https://opensiteexplorer.org/dotbot; help@moz.com)"
216.244.66.200 - - [09/May/2024:22:55:47 +0200] "GET /files/jogviszony-ellen%C3%85%E2%80%98rz%C3%83%C2%A9s%20korm.%20el%C3%85%E2%80%98terjeszt%C3%83%C2%A9s.doc HTTP/1.1" 200 - "-" "Mozilla/5.0 (compatible; DotBot/1.2; +https://opensiteexplorer.org/dotbot; help@moz.com)"
40.77.167.22 - - [09/May/2024:23:01:51 +0200] "GET /files/jelentos_vg_kerdesek_vegleges_1222.pdf HTTP/1.1" 200 1190830 "-" "Mozilla/5.0 AppleWebKit/537.36 (KHTML, like Gecko; compatible; bingbot/2.0; +http://www.bing.com/bingbot.htm) Chrome/116.0.1938.76 Safari/537.36"
34.85.180.57 - - [09/May/2024:23:24:56 +0200] "GET / HTTP/1.1" 200 - "-" "Mozilla/5.0 (Macintosh; Intel Mac OS X 10_15_7) AppleWebKit/605.1.15 (KHTML, like Gecko) Version/15.0 Safari/605.1.15"
34.85.180.57 - - [09/May/2024:23:25:30 +0200] "GET / HTTP/1.1" 200 - "-" "Mozilla/5.0 (Macintosh; Intel Mac OS X 10_15_7) AppleWebKit/605.1.15 (KHTML, like Gecko) Version/15.0 Safari/605.1.15"
216.244.66.200 - - [09/May/2024:23:27:51 +0200] "GET /robots.txt HTTP/1.1" 200 1590 "-" "Mozilla/5.0 (compatible; DotBot/1.2; +https://opensiteexplorer.org/dotbot; help@moz.com)"
