216.244.66.200 - - [12/May/2024:22:30:20 +0200] "GET /files/Telep%C3%83%C2%BCl%C3%83%C2%A9s2009j%C3%83%C2%BAlius.pdf HTTP/1.1" 200 - "-" "Mozilla/5.0 (compatible; DotBot/1.2; +https://opensiteexplorer.org/dotbot; help@moz.com)"
216.244.66.200 - - [12/May/2024:22:31:02 +0200] "GET /files/KHEM_2691.doc HTTP/1.1" 200 150528 "-" "Mozilla/5.0 (compatible; DotBot/1.2; +https://opensiteexplorer.org/dotbot; help@moz.com)"
216.244.66.200 - - [12/May/2024:22:31:56 +0200] "GET /files/tervezet_Bodrogszeg.pdf HTTP/1.1" 200 187638 "-" "Mozilla/5.0 (compatible; DotBot/1.2; +https://opensiteexplorer.org/dotbot; help@moz.com)"
216.244.66.200 - - [12/May/2024:22:33:19 +0200] "GET /files/Indokol%C3%83%C2%A1s-63-1997.m%C3%83%C2%B3d..doc HTTP/1.1" 200 - "-" "Mozilla/5.0 (compatible; DotBot/1.2; +https://opensiteexplorer.org/dotbot; help@moz.com)"
216.244.66.200 - - [12/May/2024:22:33:38 +0200] "GET /files/mediacios_rendelkezesek_a_be_-ben.pdf HTTP/1.1" 200 63402 "-" "Mozilla/5.0 (compatible; DotBot/1.2; +https://opensiteexplorer.org/dotbot; help@moz.com)"
216.244.66.200 - - [12/May/2024:22:34:10 +0200] "GET /files/rkf_09.04.22._tervezet_honlapra.doc HTTP/1.1" 200 80384 "-" "Mozilla/5.0 (compatible; DotBot/1.2; +https://opensiteexplorer.org/dotbot; help@moz.com)"
216.244.66.200 - - [12/May/2024:22:35:10 +0200] "GET /files/eg%C3%83%C2%BC_t%C3%83%C2%A1rgy%C3%83%C2%BA_korm_rend_mod.doc HTTP/1.1" 200 - "-" "Mozilla/5.0 (compatible; DotBot/1.2; +https://opensiteexplorer.org/dotbot; help@moz.com)"
216.244.66.200 - - [12/May/2024:22:36:09 +0200] "GET /files/Egyes%20rend%C3%83%C2%A9szeti%20%C3%83%C2%A9s%20migr%C3%83%C2%A1ci%C3%83%C2%B3s%20t%C3%83%C2%A1rgy%C3%83%C2%BA%20t%C3%83%C2%B6rv%C3%83%C2%A9nyek%20m%C3%83%C2%B3dos%C3%83%C2%ADt%C3%83%C2%A1s%C3%83%C2%A1r%C3%83%C2%B3l.doc HTTP/1.1" 200 - "-" "Mozilla/5.0 (compatible; DotBot/1.2; +https://opensiteexplorer.org/dotbot; help@moz.com)"
216.244.66.200 - - [12/May/2024:22:36:59 +0200] "GET /files/INDOKOL%C3%83?S.doc HTTP/1.1" 200 - "-" "Mozilla/5.0 (compatible; DotBot/1.2; +https://opensiteexplorer.org/dotbot; help@moz.com)"
66.249.70.102 - - [12/May/2024:23:02:09 +0200] "GET /robots.txt HTTP/1.1" 200 1590 "-" "Mozilla/5.0 (compatible; Googlebot/2.1; +http://www.google.com/bot.html)"
66.249.70.104 - - [12/May/2024:23:02:09 +0200] "GET /files/b_3327_muemlek_061129.pdf HTTP/1.1" 304 - "-" "Mozilla/5.0 (Linux; Android 6.0.1; Nexus 5X Build/MMB29P) AppleWebKit/537.36 (KHTML, like Gecko) Chrome/124.0.6367.155 Mobile Safari/537.36 (compatible; Googlebot/2.1; +http://www.google.com/bot.html)"
216.244.66.200 - - [12/May/2024:23:17:06 +0200] "GET /robots.txt HTTP/1.1" 200 1590 "-" "Mozilla/5.0 (compatible; DotBot/1.2; +https://opensiteexplorer.org/dotbot; help@moz.com)"
216.244.66.200 - - [12/May/2024:23:30:02 +0200] "GET /user/432/notify HTTP/1.1" 200 - "-" "Mozilla/5.0 (compatible; DotBot/1.2; +https://opensiteexplorer.org/dotbot; help@moz.com)"
216.244.66.200 - - [12/May/2024:23:30:58 +0200] "GET /files/A%20T%C3%83%E2%80%93RV%C3%83%E2%80%B0NYJAVASLAT%20MELL%C3%83%E2%80%B0KLETEI.htm.txt HTTP/1.1" 200 - "-" "Mozilla/5.0 (compatible; DotBot/1.2; +https://opensiteexplorer.org/dotbot; help@moz.com)"
66.249.70.103 - - [13/May/2024:00:35:34 +0200] "GET /files/vizbazis0806_kozigre.pdf HTTP/1.1" 200 552509 "-" "Mozilla/5.0 (Linux; Android 6.0.1; Nexus 5X Build/MMB29P) AppleWebKit/537.36 (KHTML, like Gecko) Chrome/124.0.6367.155 Mobile Safari/537.36 (compatible; Googlebot/2.1; +http://www.google.com/bot.html)"
66.249.70.104 - - [13/May/2024:00:43:04 +0200] "GET /files/az_uj_ptk_koncepcioja.pdf HTTP/1.1" 200 169125 "-" "Mozilla/5.0 (Linux; Android 6.0.1; Nexus 5X Build/MMB29P) AppleWebKit/537.36 (KHTML, like Gecko) Chrome/124.0.6367.155 Mobile Safari/537.36 (compatible; Googlebot/2.1; +http://www.google.com/bot.html)"
193.6.201.128 - - [13/May/2024:01:03:08 +0200] "HEAD /node/357 HTTP/1.0" 200 - "-" "w3m/0.5.3+git20190105"
193.6.201.128 - - [13/May/2024:01:03:40 +0200] "HEAD /node/357 HTTP/1.0" 200 - "-" "w3m/0.5.3+git20190105"
66.249.70.102 - - [13/May/2024:01:09:35 +0200] "GET /files/IRM_munkaterv_2007.I.f%C3%A9l%C3%A9v.doc HTTP/1.1" 304 - "-" "Mozilla/5.0 (Linux; Android 6.0.1; Nexus 5X Build/MMB29P) AppleWebKit/537.36 (KHTML, like Gecko) Chrome/124.0.6367.155 Mobile Safari/537.36 (compatible; Googlebot/2.1; +http://www.google.com/bot.html)"
216.244.66.200 - - [13/May/2024:01:15:09 +0200] "GET /robots.txt HTTP/1.1" 200 1590 "-" "Mozilla/5.0 (compatible; DotBot/1.2; +https://opensiteexplorer.org/dotbot; help@moz.com)"
216.244.66.200 - - [13/May/2024:01:15:09 +0200] "GET /robots.txt HTTP/1.1" 200 1590 "-" "Mozilla/5.0 (compatible; DotBot/1.2; +https://opensiteexplorer.org/dotbot; help@moz.com)"
216.244.66.200 - - [13/May/2024:01:20:21 +0200] "GET /taxonomy/term/37 HTTP/1.1" 200 - "-" "Mozilla/5.0 (compatible; DotBot/1.2; +https://opensiteexplorer.org/dotbot; help@moz.com)"
193.6.201.253 - - [13/May/2024:01:23:12 +0200] "HEAD /node/357 HTTP/1.0" 200 - "-" "w3m/0.5.3+git20190105"
193.6.201.253 - - [13/May/2024:01:23:44 +0200] "HEAD /node/357 HTTP/1.0" 200 - "-" "w3m/0.5.3+git20190105"
216.244.66.200 - - [13/May/2024:01:29:57 +0200] "GET /node/24 HTTP/1.1" 200 - "-" "Mozilla/5.0 (compatible; DotBot/1.2; +https://opensiteexplorer.org/dotbot; help@moz.com)"
216.244.66.200 - - [13/May/2024:01:31:18 +0200] "GET /node/2536 HTTP/1.1" 200 - "-" "Mozilla/5.0 (compatible; DotBot/1.2; +https://opensiteexplorer.org/dotbot; help@moz.com)"
216.244.66.200 - - [13/May/2024:01:37:16 +0200] "GET /node?page=181 HTTP/1.1" 200 - "-" "Mozilla/5.0 (compatible; DotBot/1.2; +https://opensiteexplorer.org/dotbot; help@moz.com)"
216.244.66.200 - - [13/May/2024:01:38:07 +0200] "GET /node?page=220 HTTP/1.1" 200 - "-" "Mozilla/5.0 (compatible; DotBot/1.2; +https://opensiteexplorer.org/dotbot; help@moz.com)"
216.244.66.200 - - [13/May/2024:01:38:57 +0200] "GET /node?page=227 HTTP/1.1" 200 - "-" "Mozilla/5.0 (compatible; DotBot/1.2; +https://opensiteexplorer.org/dotbot; help@moz.com)"
216.244.66.200 - - [13/May/2024:01:39:47 +0200] "GET /taxonomy/term/39?page=43 HTTP/1.1" 200 - "-" "Mozilla/5.0 (compatible; DotBot/1.2; +https://opensiteexplorer.org/dotbot; help@moz.com)"
216.244.66.200 - - [13/May/2024:01:40:37 +0200] "GET /node?page=33 HTTP/1.1" 200 - "-" "Mozilla/5.0 (compatible; DotBot/1.2; +https://opensiteexplorer.org/dotbot; help@moz.com)"
216.244.66.200 - - [13/May/2024:01:41:28 +0200] "GET /node?page=92 HTTP/1.1" 200 - "-" "Mozilla/5.0 (compatible; DotBot/1.2; +https://opensiteexplorer.org/dotbot; help@moz.com)"
216.244.66.200 - - [13/May/2024:01:42:18 +0200] "GET /node/1198 HTTP/1.1" 200 - "-" "Mozilla/5.0 (compatible; DotBot/1.2; +https://opensiteexplorer.org/dotbot; help@moz.com)"
216.244.66.200 - - [13/May/2024:01:43:08 +0200] "GET /node/1226 HTTP/1.1" 200 - "-" "Mozilla/5.0 (compatible; DotBot/1.2; +https://opensiteexplorer.org/dotbot; help@moz.com)"
216.244.66.200 - - [13/May/2024:02:10:52 +0200] "GET /robots.txt HTTP/1.1" 200 1590 "-" "Mozilla/5.0 (compatible; DotBot/1.2; +https://opensiteexplorer.org/dotbot; help@moz.com)"
216.244.66.200 - - [13/May/2024:02:10:52 +0200] "GET /robots.txt HTTP/1.1" 200 1590 "-" "Mozilla/5.0 (compatible; DotBot/1.2; +https://opensiteexplorer.org/dotbot; help@moz.com)"
216.244.66.200 - - [13/May/2024:02:15:43 +0200] "GET /taxonomy/term/49 HTTP/1.1" 200 - "-" "Mozilla/5.0 (compatible; DotBot/1.2; +https://opensiteexplorer.org/dotbot; help@moz.com)"
216.244.66.200 - - [13/May/2024:02:17:14 +0200] "GET /taxonomy/term/33 HTTP/1.1" 200 - "-" "Mozilla/5.0 (compatible; DotBot/1.2; +https://opensiteexplorer.org/dotbot; help@moz.com)"
216.244.66.200 - - [13/May/2024:02:22:39 +0200] "GET /node/2615 HTTP/1.1" 200 - "-" "Mozilla/5.0 (compatible; DotBot/1.2; +https://opensiteexplorer.org/dotbot; help@moz.com)"
216.244.66.200 - - [13/May/2024:02:24:08 +0200] "GET /node/2572 HTTP/1.1" 200 - "-" "Mozilla/5.0 (compatible; DotBot/1.2; +https://opensiteexplorer.org/dotbot; help@moz.com)"
216.244.66.200 - - [13/May/2024:02:30:09 +0200] "GET /node?page=17 HTTP/1.1" 200 - "-" "Mozilla/5.0 (compatible; DotBot/1.2; +https://opensiteexplorer.org/dotbot; help@moz.com)"
216.244.66.200 - - [13/May/2024:02:30:59 +0200] "GET /node?page=231 HTTP/1.1" 200 - "-" "Mozilla/5.0 (compatible; DotBot/1.2; +https://opensiteexplorer.org/dotbot; help@moz.com)"
216.244.66.200 - - [13/May/2024:02:31:49 +0200] "GET /node?page=94 HTTP/1.1" 200 - "-" "Mozilla/5.0 (compatible; DotBot/1.2; +https://opensiteexplorer.org/dotbot; help@moz.com)"
216.244.66.200 - - [13/May/2024:02:32:40 +0200] "GET /taxonomy/term/49?page=22 HTTP/1.1" 200 - "-" "Mozilla/5.0 (compatible; DotBot/1.2; +https://opensiteexplorer.org/dotbot; help@moz.com)"
216.244.66.200 - - [13/May/2024:02:33:30 +0200] "GET /taxonomy/term/50?page=22 HTTP/1.1" 200 - "-" "Mozilla/5.0 (compatible; DotBot/1.2; +https://opensiteexplorer.org/dotbot; help@moz.com)"
216.244.66.200 - - [13/May/2024:02:34:20 +0200] "GET /node/1079 HTTP/1.1" 200 - "-" "Mozilla/5.0 (compatible; DotBot/1.2; +https://opensiteexplorer.org/dotbot; help@moz.com)"
216.244.66.200 - - [13/May/2024:02:35:11 +0200] "GET /node/1091 HTTP/1.1" 200 - "-" "Mozilla/5.0 (compatible; DotBot/1.2; +https://opensiteexplorer.org/dotbot; help@moz.com)"
216.244.66.200 - - [13/May/2024:03:04:58 +0200] "GET /robots.txt HTTP/1.1" 200 1590 "-" "Mozilla/5.0 (compatible; DotBot/1.2; +https://opensiteexplorer.org/dotbot; help@moz.com)"
216.244.66.200 - - [13/May/2024:03:04:59 +0200] "GET /robots.txt HTTP/1.1" 200 1590 "-" "Mozilla/5.0 (compatible; DotBot/1.2; +https://opensiteexplorer.org/dotbot; help@moz.com)"
66.249.64.64 - - [13/May/2024:03:07:57 +0200] "GET /robots.txt HTTP/1.1" 200 1590 "-" "Mozilla/5.0 (compatible; Googlebot/2.1; +http://www.google.com/bot.html)"
66.249.64.75 - - [13/May/2024:03:07:57 +0200] "GET /files/alapf_muv_okt_kovet_II_060414.pdf HTTP/1.1" 304 - "-" "Mozilla/5.0 (Linux; Android 6.0.1; Nexus 5X Build/MMB29P) AppleWebKit/537.36 (KHTML, like Gecko) Chrome/124.0.6367.155 Mobile Safari/537.36 (compatible; Googlebot/2.1; +http://www.google.com/bot.html)"
216.244.66.200 - - [13/May/2024:03:17:40 +0200] "GET /taxonomy/term/80 HTTP/1.1" 200 - "-" "Mozilla/5.0 (compatible; DotBot/1.2; +https://opensiteexplorer.org/dotbot; help@moz.com)"
216.244.66.200 - - [13/May/2024:03:18:14 +0200] "GET /node/2289 HTTP/1.1" 200 - "-" "Mozilla/5.0 (compatible; DotBot/1.2; +https://opensiteexplorer.org/dotbot; help@moz.com)"
216.244.66.200 - - [13/May/2024:03:23:47 +0200] "GET /node?page=195 HTTP/1.1" 200 - "-" "Mozilla/5.0 (compatible; DotBot/1.2; +https://opensiteexplorer.org/dotbot; help@moz.com)"
216.244.66.200 - - [13/May/2024:03:25:21 +0200] "GET /node/682 HTTP/1.1" 200 - "-" "Mozilla/5.0 (compatible; DotBot/1.2; +https://opensiteexplorer.org/dotbot; help@moz.com)"
216.244.66.200 - - [13/May/2024:03:26:12 +0200] "GET /node?page=55 HTTP/1.1" 200 - "-" "Mozilla/5.0 (compatible; DotBot/1.2; +https://opensiteexplorer.org/dotbot; help@moz.com)"
216.244.66.200 - - [13/May/2024:03:27:02 +0200] "GET /node/1108 HTTP/1.1" 200 - "-" "Mozilla/5.0 (compatible; DotBot/1.2; +https://opensiteexplorer.org/dotbot; help@moz.com)"
216.244.66.200 - - [13/May/2024:03:27:53 +0200] "GET /node/1556 HTTP/1.1" 200 - "-" "Mozilla/5.0 (compatible; DotBot/1.2; +https://opensiteexplorer.org/dotbot; help@moz.com)"
216.244.66.200 - - [13/May/2024:03:28:43 +0200] "GET /taxonomy/term/27?page=5 HTTP/1.1" 200 - "-" "Mozilla/5.0 (compatible; DotBot/1.2; +https://opensiteexplorer.org/dotbot; help@moz.com)"
66.249.70.103 - - [13/May/2024:04:42:26 +0200] "GET /files/TK50.pdf HTTP/1.1" 304 - "-" "Mozilla/5.0 (Linux; Android 6.0.1; Nexus 5X Build/MMB29P) AppleWebKit/537.36 (KHTML, like Gecko) Chrome/124.0.6367.155 Mobile Safari/537.36 (compatible; Googlebot/2.1; +http://www.google.com/bot.html)"
66.249.64.76 - - [13/May/2024:04:50:46 +0200] "GET /files/rendelet_szakmapolra.doc HTTP/1.1" 200 175616 "-" "Mozilla/5.0 (Linux; Android 6.0.1; Nexus 5X Build/MMB29P) AppleWebKit/537.36 (KHTML, like Gecko) Chrome/124.0.6367.155 Mobile Safari/537.36 (compatible; Googlebot/2.1; +http://www.google.com/bot.html)"
23.26.220.4 - - [13/May/2024:05:35:14 +0200] "GET /wp-login.php HTTP/1.1" 200 - "-" "Mozilla/5.0 (Windows NT 10.0; Win64; x64) AppleWebKit/537.36 (KHTML, like Gecko) Chrome/91.0.4472.124 Safari/537.36"
81.182.103.27 - - [13/May/2024:06:12:19 +0200] "GET /files/termofold_igenybevetel_eloterjesztes.pdf HTTP/1.1" 200 211330 "-" "Dalvik/2.1.0 (Linux; U; Android 11; M2103K19G Build/RP1A.200720.011)"
84.225.166.174 - - [13/May/2024:06:28:27 +0200] "GET /files/MinTerv-1-Ell-1_mell-2007-02-20.doc HTTP/1.1" 200 42675 "https://www.google.com/" "Mozilla/5.0 (Linux; Android 10; K) AppleWebKit/537.36 (KHTML, like Gecko) Chrome/124.0.0.0 Mobile Safari/537.36"
84.225.166.174 - - [13/May/2024:06:28:31 +0200] "GET /files/MinTerv-1-Ell-1_mell-2007-02-20.doc HTTP/1.1" 206 1 "https://www.google.com/" "Mozilla/5.0 (Linux; Android 10; K) AppleWebKit/537.36 (KHTML, like Gecko) Chrome/124.0.0.0 Mobile Safari/537.36"
176.77.133.165 - - [13/May/2024:06:28:35 +0200] "GET /files/MinTerv-1-Ell-1_mell-2007-02-20.doc HTTP/1.1" 206 1 "https://www.google.com/" "Mozilla/5.0 (Linux; Android 10; K) AppleWebKit/537.36 (KHTML, like Gecko) Chrome/124.0.0.0 Mobile Safari/537.36"
84.225.166.174 - - [13/May/2024:06:28:44 +0200] "GET /files/MinTerv-1-Ell-1_mell-2007-02-20.doc HTTP/1.1" 206 1 "https://www.google.com/" "Mozilla/5.0 (Linux; Android 10; K) AppleWebKit/537.36 (KHTML, like Gecko) Chrome/124.0.0.0 Mobile Safari/537.36"
84.225.166.174 - - [13/May/2024:06:28:44 +0200] "GET /files/MinTerv-1-Ell-1_mell-2007-02-20.doc HTTP/1.1" 206 42621 "https://www.google.com/" "Mozilla/5.0 (Linux; Android 10; K) AppleWebKit/537.36 (KHTML, like Gecko) Chrome/124.0.0.0 Mobile Safari/537.36"
84.225.166.174 - - [13/May/2024:06:29:02 +0200] "GET /files/MinTerv-1-Ell-1_mell-2007-02-20.doc HTTP/1.1" 206 42621 "https://www.google.com/" "Mozilla/5.0 (Linux; Android 10; K) AppleWebKit/537.36 (KHTML, like Gecko) Chrome/124.0.0.0 Mobile Safari/537.36"
176.77.133.165 - - [13/May/2024:06:29:07 +0200] "GET /files/MinTerv-1-Ell-1_mell-2007-02-20.doc HTTP/1.1" 206 42621 "https://www.google.com/" "Mozilla/5.0 (Linux; Android 10; K) AppleWebKit/537.36 (KHTML, like Gecko) Chrome/124.0.0.0 Mobile Safari/537.36"
66.249.64.75 - - [13/May/2024:07:34:38 +0200] "GET /files/14390_10.pdf HTTP/1.1" 304 - "-" "Mozilla/5.0 (Linux; Android 6.0.1; Nexus 5X Build/MMB29P) AppleWebKit/537.36 (KHTML, like Gecko) Chrome/124.0.6367.155 Mobile Safari/537.36 (compatible; Googlebot/2.1; +http://www.google.com/bot.html)"
92.116.72.236 - - [13/May/2024:07:48:09 +0200] "GET /files/szakertoidijazas.doc HTTP/1.1" 200 59392 "-" "Microsoft Office/15.0 (Windows NT 6.3; Microsoft Outlook 15.0.4771; Pro)"
185.117.225.144 - - [13/May/2024:08:07:14 +0200] "GET /robots.txt HTTP/1.1" 200 1590 "-" "python-requests/2.31.0"
185.117.225.144 - - [13/May/2024:08:07:47 +0200] "GET / HTTP/1.1" 200 - "-" "Mozilla/5.0 (compatible; BitSightBot/1.0)"
66.249.64.64 - - [13/May/2024:08:44:12 +0200] "GET /files/hm_rend_tervezet_szuperbrutto.pdf HTTP/1.1" 200 122216 "-" "Mozilla/5.0 (Linux; Android 6.0.1; Nexus 5X Build/MMB29P) AppleWebKit/537.36 (KHTML, like Gecko) Chrome/124.0.6367.155 Mobile Safari/537.36 (compatible; GoogleOther)"
66.249.64.75 - - [13/May/2024:08:49:23 +0200] "GET / HTTP/1.1" 200 - "-" "Mozilla/5.0 (Linux; Android 6.0.1; Nexus 5X Build/MMB29P) AppleWebKit/537.36 (KHTML, like Gecko) Chrome/99.0.4844.84 Mobile Safari/537.36 (compatible; Googlebot/2.1; +http://www.google.com/bot.html)"
66.249.64.76 - - [13/May/2024:08:49:55 +0200] "GET / HTTP/1.1" 200 - "-" "Mozilla/5.0 (compatible; Googlebot/2.1; +http://www.google.com/bot.html)"
66.249.64.76 - - [13/May/2024:08:50:27 +0200] "GET / HTTP/1.1" 200 - "-" "Mozilla/5.0 (Linux; Android 6.0.1; Nexus 5X Build/MMB29P) AppleWebKit/537.36 (KHTML, like Gecko) Chrome/124.0.6367.155 Mobile Safari/537.36 (compatible; Googlebot/2.1; +http://www.google.com/bot.html)"
66.249.64.76 - - [13/May/2024:08:50:59 +0200] "GET / HTTP/1.1" 200 - "-" "Mozilla/5.0 (compatible; Googlebot/2.1; +http://www.google.com/bot.html)"
3.101.240.94 - - [13/May/2024:09:48:47 +0200] "HEAD / HTTP/1.1" 200 - "-" "bitdiscovery"
3.101.240.149 - - [13/May/2024:09:49:05 +0200] "HEAD / HTTP/1.1" 200 - "-" "bitdiscovery"
3.101.240.149 - - [13/May/2024:09:49:20 +0200] "HEAD / HTTP/1.1" 200 - "-" "bitdiscovery"
216.244.66.200 - - [13/May/2024:10:05:33 +0200] "GET /robots.txt HTTP/1.1" 200 1590 "-" "Mozilla/5.0 (compatible; DotBot/1.2; +https://opensiteexplorer.org/dotbot; help@moz.com)"
3.101.23.163 - - [13/May/2024:10:21:54 +0200] "GET / HTTP/1.1" 200 - "-" "bitdiscovery-suggestions"
216.244.66.200 - - [13/May/2024:10:23:13 +0200] "GET /taxonomy/term/18%2023%2024%2026%2025%2027%2028%2029%2052%2041%2031%2032%2098%2033%2048%20106%20103%2099%20107%2034%2049%2035%2051%20100%2036%2050%20105?page=1 HTTP/1.1" 200 - "-" "Mozilla/5.0 (compatible; DotBot/1.2; +https://opensiteexplorer.org/dotbot; help@moz.com)"
66.249.64.64 - - [13/May/2024:10:23:41 +0200] "GET /files/hm_rend_tervezet_szuperbrutto.pdf HTTP/1.1" 304 - "-" "Mozilla/5.0 (Linux; Android 6.0.1; Nexus 5X Build/MMB29P) AppleWebKit/537.36 (KHTML, like Gecko) Chrome/124.0.6367.155 Mobile Safari/537.36 (compatible; Googlebot/2.1; +http://www.google.com/bot.html)"
95.108.213.91 - - [13/May/2024:10:23:55 +0200] "GET /robots.txt HTTP/1.1" 200 1590 "-" "Mozilla/5.0 (compatible; YandexBot/3.0; +http://yandex.com/bots)"
5.255.231.119 - - [13/May/2024:10:24:28 +0200] "GET /drupal/files/korkedv_minrend_terv_070626.pdf HTTP/1.1" 200 - "-" "Mozilla/5.0 (compatible; YandexBot/3.0; +http://yandex.com/bots)"
94.21.91.150 - - [13/May/2024:10:29:28 +0200] "GET /files/norma_0317_kozigre.doc HTTP/1.1" 200 337920 "-" "Mozilla/5.0 (Windows NT 10.0; Win64; x64; rv:125.0) Gecko/20100101 Firefox/125.0"
198.46.233.18 - - [13/May/2024:10:48:01 +0200] "GET / HTTP/1.1" 200 - "" "Mozilla/5.0 (compatible; version/1.0; Windows NT 5.1"
40.77.167.108 - - [13/May/2024:11:05:24 +0200] "GET /robots.txt HTTP/1.1" 200 1590 "-" "Mozilla/5.0 AppleWebKit/537.36 (KHTML, like Gecko; compatible; bingbot/2.0; +http://www.bing.com/bingbot.htm) Chrome/116.0.1938.76 Safari/537.36"
40.77.167.41 - - [13/May/2024:11:05:34 +0200] "GET /files/138_1992_mod_terv_080814.pdf HTTP/1.1" 200 201965 "-" "Mozilla/5.0 AppleWebKit/537.36 (KHTML, like Gecko; compatible; bingbot/2.0; +http://www.bing.com/bingbot.htm) Chrome/116.0.1938.76 Safari/537.36"
84.206.47.34 - - [13/May/2024:11:30:30 +0200] "GET /files/OTSZ%20rendelet.pdf HTTP/1.1" 200 168000 "https://www.google.com/" "Mozilla/5.0 (Windows NT 6.1; Win64; x64; rv:109.0) Gecko/20100101 Firefox/115.0"
84.206.47.34 - - [13/May/2024:11:30:30 +0200] "GET /favicon.ico HTTP/1.1" 404 57 "http://www.jogalkotas.hu/" "Mozilla/5.0 (Windows NT 6.1; Win64; x64; rv:109.0) Gecko/20100101 Firefox/115.0"
46.139.165.69 - - [13/May/2024:11:36:11 +0200] "GET /files/OTSZ%20rendelet.pdf HTTP/1.1" 200 168000 "-" "Mozilla/5.0 (Windows NT 10.0; Win64; x64) AppleWebKit/537.36 (KHTML, like Gecko) Chrome/124.0.0.0 Safari/537.36"
158.169.40.27 - - [13/May/2024:12:40:51 +0200] "HEAD /files/5820_17.pdf HTTP/1.1" 200 0 "-" "Mozilla/5.0 (compatible; bingbot/2.0; +http://www.bing.com/bingbot.htm)"
89.134.18.39 - - [13/May/2024:12:45:39 +0200] "GET /favicon.ico HTTP/1.1" 404 57 "http://www.jogalkotas.hu/files/ptk_oroklesi_jog.pdf" "Mozilla/5.0 (Windows NT 10.0; Win64; x64) AppleWebKit/537.36 (KHTML, like Gecko) Chrome/124.0.0.0 Safari/537.36"
89.134.18.39 - - [13/May/2024:12:45:39 +0200] "GET /files/ptk_oroklesi_jog.pdf HTTP/1.1" 200 260717 "https://www.google.com/" "Mozilla/5.0 (Windows NT 10.0; Win64; x64) AppleWebKit/537.36 (KHTML, like Gecko) Chrome/124.0.0.0 Safari/537.36"
66.249.64.64 - - [13/May/2024:13:40:42 +0200] "GET /files/munkaanyag_25per2006_IM_rendelet_mod.10.28..doc HTTP/1.1" 200 142848 "-" "Mozilla/5.0 (Linux; Android 6.0.1; Nexus 5X Build/MMB29P) AppleWebKit/537.36 (KHTML, like Gecko) Chrome/124.0.6367.155 Mobile Safari/537.36 (compatible; Googlebot/2.1; +http://www.google.com/bot.html)"
66.249.70.103 - - [13/May/2024:14:18:12 +0200] "GET /files/ovadek_rendelet.pdf HTTP/1.1" 200 57228 "-" "Mozilla/5.0 (Linux; Android 6.0.1; Nexus 5X Build/MMB29P) AppleWebKit/537.36 (KHTML, like Gecko) Chrome/124.0.6367.155 Mobile Safari/537.36 (compatible; Googlebot/2.1; +http://www.google.com/bot.html)"
40.77.167.108 - - [13/May/2024:14:31:14 +0200] "GET /robots.txt HTTP/1.1" 200 1590 "-" "Mozilla/5.0 AppleWebKit/537.36 (KHTML, like Gecko; compatible; bingbot/2.0; +http://www.bing.com/bingbot.htm) Chrome/116.0.1938.76 Safari/537.36"
40.77.167.4 - - [13/May/2024:14:31:40 +0200] "GET /files/eloterjesztes_29_1993kormrend_mod.pdf HTTP/1.1" 304 - "-" "Mozilla/5.0 AppleWebKit/537.36 (KHTML, like Gecko; compatible; bingbot/2.0; +http://www.bing.com/bingbot.htm) Chrome/116.0.1938.76 Safari/537.36"
161.97.162.193 - - [13/May/2024:16:00:35 +0200] "GET /robots.txt HTTP/1.1" 200 1590 "-" "Mozilla/5.0 (compatible; MJ12bot/v1.4.8; http://mj12bot.com/)"
161.97.162.193 - - [13/May/2024:16:01:19 +0200] "GET /files/19-2003-Mell%C3%83%C2%A9kletek.xls.txt HTTP/1.1" 200 - "-" "Mozilla/5.0 (compatible; MJ12bot/v1.4.8; http://mj12bot.com/)"
161.97.162.193 - - [13/May/2024:16:02:02 +0200] "GET /files/9-93.normasz%C3%83%C2%B6veg.m%C3%83%C2%B3d.2007.febr.T%C3%83?RCA.doc HTTP/1.1" 200 - "-" "Mozilla/5.0 (compatible; MJ12bot/v1.4.8; http://mj12bot.com/)"
161.97.162.193 - - [13/May/2024:16:02:45 +0200] "GET /files/AZ%20%C3%83?S%20MELL%C3%83%E2%80%B0KLETEI.htm.txt HTTP/1.1" 200 - "-" "Mozilla/5.0 (compatible; MJ12bot/v1.4.8; http://mj12bot.com/)"
161.97.162.193 - - [13/May/2024:16:03:28 +0200] "GET /files/Alap-%C3%83%C2%A9s%20m%C3%85%C2%B1k%C3%83%C2%B6d%C3%83%C2%A9si%20nyilv%C3%83%C2%A1ntart%C3%83%C2%A1s-T%C3%83?RCA03.20..doc HTTP/1.1" 200 - "-" "Mozilla/5.0 (compatible; MJ12bot/v1.4.8; http://mj12bot.com/)"
161.97.162.193 - - [13/May/2024:16:04:10 +0200] "GET /files/FEJEZETI%20K%C3%83%E2%80%93TETEK.htm.txt HTTP/1.1" 200 - "-" "Mozilla/5.0 (compatible; MJ12bot/v1.4.8; http://mj12bot.com/)"
161.97.162.193 - - [13/May/2024:16:04:53 +0200] "GET /files/INDOKOL%C3%83?1.doc HTTP/1.1" 200 - "-" "Mozilla/5.0 (compatible; MJ12bot/v1.4.8; http://mj12bot.com/)"
161.97.162.193 - - [13/May/2024:16:05:36 +0200] "GET /files/INDOKOL%C3%83?S.doc HTTP/1.1" 200 - "-" "Mozilla/5.0 (compatible; MJ12bot/v1.4.8; http://mj12bot.com/)"
161.97.162.193 - - [13/May/2024:16:06:18 +0200] "GET /files/SzaboMate_hozz%C3%83%C2%A1f%C3%83%C2%A9r%C3%83%C2%A9s.pps HTTP/1.1" 200 - "-" "Mozilla/5.0 (compatible; MJ12bot/v1.4.8; http://mj12bot.com/)"
161.97.162.193 - - [13/May/2024:16:07:01 +0200] "GET /files/VEZET%C3%85?I%20%C3%83%E2%80%93SSZEFOGLAL%C3%83%E2%80%9C.doc HTTP/1.1" 200 - "-" "Mozilla/5.0 (compatible; MJ12bot/v1.4.8; http://mj12bot.com/)"
161.97.162.193 - - [13/May/2024:16:07:44 +0200] "GET /files/%C3%83?NTSZ%20%20061214%20Kormr.doc HTTP/1.1" 200 - "-" "Mozilla/5.0 (compatible; MJ12bot/v1.4.8; http://mj12bot.com/)"
161.97.162.193 - - [13/May/2024:16:07:52 +0200] "GET /robots.txt HTTP/1.1" 200 1590 "-" "Mozilla/5.0 (compatible; MJ12bot/v1.4.8; http://mj12bot.com/)"
161.97.162.193 - - [13/May/2024:16:08:35 +0200] "GET /files/19-2003-Mell%C3%83%C2%A9kletek.xls.txt HTTP/1.1" 200 - "-" "Mozilla/5.0 (compatible; MJ12bot/v1.4.8; http://mj12bot.com/)"
161.97.162.193 - - [13/May/2024:16:09:18 +0200] "GET /files/9-93.normasz%C3%83%C2%B6veg.m%C3%83%C2%B3d.2007.febr.T%C3%83?RCA.doc HTTP/1.1" 200 - "-" "Mozilla/5.0 (compatible; MJ12bot/v1.4.8; http://mj12bot.com/)"
161.97.162.193 - - [13/May/2024:16:10:01 +0200] "GET /files/A%20T%C3%83%E2%80%93RV%C3%83%E2%80%B0NYJAVASLAT%20MELL%C3%83%E2%80%B0KLETEI.htm.txt HTTP/1.1" 200 - "-" "Mozilla/5.0 (compatible; MJ12bot/v1.4.8; http://mj12bot.com/)"
161.97.162.193 - - [13/May/2024:16:10:43 +0200] "GET /files/AZ%20%C3%83?S%20MELL%C3%83%E2%80%B0KLETEI.htm.txt HTTP/1.1" 200 - "-" "Mozilla/5.0 (compatible; MJ12bot/v1.4.8; http://mj12bot.com/)"
161.97.162.193 - - [13/May/2024:16:11:26 +0200] "GET /files/Alap-%C3%83%C2%A9s%20m%C3%85%C2%B1k%C3%83%C2%B6d%C3%83%C2%A9si%20nyilv%C3%83%C2%A1ntart%C3%83%C2%A1s-T%C3%83?RCA03.20..doc HTTP/1.1" 200 - "-" "Mozilla/5.0 (compatible; MJ12bot/v1.4.8; http://mj12bot.com/)"
161.97.162.193 - - [13/May/2024:16:12:08 +0200] "GET /files/FEJEZETI%20K%C3%83%E2%80%93TETEK.htm.txt HTTP/1.1" 200 - "-" "Mozilla/5.0 (compatible; MJ12bot/v1.4.8; http://mj12bot.com/)"
161.97.162.193 - - [13/May/2024:16:12:51 +0200] "GET /files/INDOKOL%C3%83?1.doc HTTP/1.1" 200 - "-" "Mozilla/5.0 (compatible; MJ12bot/v1.4.8; http://mj12bot.com/)"
161.97.162.193 - - [13/May/2024:16:13:34 +0200] "GET /files/INDOKOL%C3%83?S.doc HTTP/1.1" 200 - "-" "Mozilla/5.0 (compatible; MJ12bot/v1.4.8; http://mj12bot.com/)"
161.97.162.193 - - [13/May/2024:16:14:16 +0200] "GET /files/SzaboMate_hozz%C3%83%C2%A1f%C3%83%C2%A9r%C3%83%C2%A9s.pps HTTP/1.1" 200 - "-" "Mozilla/5.0 (compatible; MJ12bot/v1.4.8; http://mj12bot.com/)"
161.97.162.193 - - [13/May/2024:16:14:58 +0200] "GET /files/VEZET%C3%85?I%20%C3%83%E2%80%93SSZEFOGLAL%C3%83%E2%80%9C.doc HTTP/1.1" 200 - "-" "Mozilla/5.0 (compatible; MJ12bot/v1.4.8; http://mj12bot.com/)"
161.97.162.193 - - [13/May/2024:16:15:41 +0200] "GET /files/%C3%83?NTSZ%20%20061214%20Kormr.doc HTTP/1.1" 200 - "-" "Mozilla/5.0 (compatible; MJ12bot/v1.4.8; http://mj12bot.com/)"
66.249.64.76 - - [13/May/2024:16:34:48 +0200] "GET /files/_meg3fmujmg9i6ar3dd5pnkobbg9p781kb_.pdf HTTP/1.1" 200 142903 "-" "Googlebot/2.1 (+http://www.google.com/bot.html)"
216.244.66.200 - - [13/May/2024:16:35:32 +0200] "GET /robots.txt HTTP/1.1" 200 1590 "-" "Mozilla/5.0 (compatible; DotBot/1.2; +https://opensiteexplorer.org/dotbot; help@moz.com)"
66.249.70.104 - - [13/May/2024:16:41:25 +0200] "GET /files/erettsegi_reszletes_szab_allig_egy_re_06_02_06.pdf HTTP/1.1" 200 144737 "-" "Googlebot/2.1 (+http://www.google.com/bot.html)"
66.249.64.76 - - [13/May/2024:16:48:23 +0200] "GET /files/eloterj_ekozig.pdf HTTP/1.1" 200 384594 "-" "Googlebot/2.1 (+http://www.google.com/bot.html)"
114.119.142.27 - - [13/May/2024:16:51:15 +0200] "GET /robots.txt HTTP/1.1" 200 1590 "-" "Mozilla/5.0 (compatible;PetalBot;+https://webmaster.petalsearch.com/site/petalbot)"
114.119.135.196 - - [13/May/2024:16:51:50 +0200] "GET /robots.txt HTTP/1.1" 200 1590 "-" "Mozilla/5.0 (compatible;PetalBot;+https://webmaster.petalsearch.com/site/petalbot)"
66.249.64.64 - - [13/May/2024:16:57:14 +0200] "GET /files/adomanyozhato_kituntetesek.pdf HTTP/1.1" 200 157740 "-" "Googlebot/2.1 (+http://www.google.com/bot.html)"
54.36.148.124 - - [13/May/2024:17:01:44 +0200] "GET /robots.txt HTTP/1.1" 200 1590 "-" "Mozilla/5.0 (compatible; AhrefsBot/7.0; +http://ahrefs.com/robot/)"
216.244.66.200 - - [13/May/2024:17:03:13 +0200] "GET /taxonomy/term/1%2037%2042%2044%2045%2043%2019%2022%2021%2020%2038%2040%2039?page=229 HTTP/1.1" 200 - "-" "Mozilla/5.0 (compatible; DotBot/1.2; +https://opensiteexplorer.org/dotbot; help@moz.com)"
66.249.64.75 - - [13/May/2024:17:06:20 +0200] "GET /files/onk_hiv_zene_enekkarok_mell_090203.pdf HTTP/1.1" 200 166040 "-" "Googlebot/2.1 (+http://www.google.com/bot.html)"
66.249.70.103 - - [13/May/2024:17:17:02 +0200] "GET /files/mediacios_rendelkezesek_a_be_-ben.pdf HTTP/1.1" 200 63402 "-" "Googlebot/2.1 (+http://www.google.com/bot.html)"
91.104.140.211 - - [13/May/2024:17:40:04 +0200] "GET /files/cegbejegyzesi_eljaras_21_per_2006__02_12_fin.doc HTTP/1.1" 200 34901 "https://www.google.com/" "Mozilla/5.0 (Windows NT 10.0; Win64; x64; rv:125.0) Gecko/20100101 Firefox/125.0"
91.104.140.211 - - [13/May/2024:17:40:10 +0200] "GET /files/cegbejegyzesi_eljaras_21_per_2006__02_12_fin.doc HTTP/1.1" 200 54272 "https://www.google.com/" "Mozilla/5.0 (Windows NT 10.0; Win64; x64; rv:125.0) Gecko/20100101 Firefox/125.0"
2.58.56.160 - - [13/May/2024:18:01:02 +0200] "HEAD /wordpress HTTP/1.1" 200 - "-" "Mozilla/5.0 (Windows NT 10.0; Win64; x64) AppleWebKit/537.36 (KHTML, like Gecko) Chrome/74.0.3729.169 Safari/537.36"
66.249.70.104 - - [13/May/2024:18:02:39 +0200] "GET / HTTP/1.1" 200 - "-" "Mozilla/5.0 (Linux; Android 6.0.1; Nexus 5X Build/MMB29P) AppleWebKit/537.36 (KHTML, like Gecko) Chrome/99.0.4844.84 Mobile Safari/537.36 (compatible; Googlebot/2.1; +http://www.google.com/bot.html)"
66.249.70.102 - - [13/May/2024:18:03:11 +0200] "GET / HTTP/1.1" 200 - "-" "Mozilla/5.0 (compatible; Googlebot/2.1; +http://www.google.com/bot.html)"
66.249.70.102 - - [13/May/2024:18:03:43 +0200] "GET / HTTP/1.1" 200 - "-" "Mozilla/5.0 (Linux; Android 6.0.1; Nexus 5X Build/MMB29P) AppleWebKit/537.36 (KHTML, like Gecko) Chrome/124.0.6367.155 Mobile Safari/537.36 (compatible; Googlebot/2.1; +http://www.google.com/bot.html)"
66.249.70.102 - - [13/May/2024:18:04:15 +0200] "GET / HTTP/1.1" 200 - "-" "Mozilla/5.0 (compatible; Googlebot/2.1; +http://www.google.com/bot.html)"
66.249.64.75 - - [13/May/2024:18:06:58 +0200] "GET / HTTP/1.1" 200 - "-" "Mozilla/5.0 (compatible; Googlebot/2.1; +http://www.google.com/bot.html)"
66.249.64.75 - - [13/May/2024:18:07:30 +0200] "GET / HTTP/1.1" 200 - "-" "Mozilla/5.0 (Linux; Android 6.0.1; Nexus 5X Build/MMB29P) AppleWebKit/537.36 (KHTML, like Gecko) Chrome/99.0.4844.84 Mobile Safari/537.36 (compatible; Googlebot/2.1; +http://www.google.com/bot.html)"
66.249.64.64 - - [13/May/2024:18:08:55 +0200] "GET / HTTP/1.1" 200 - "-" "Mozilla/5.0 (compatible; Googlebot/2.1; +http://www.google.com/bot.html)"
66.249.64.76 - - [13/May/2024:18:09:27 +0200] "GET / HTTP/1.1" 200 - "-" "Mozilla/5.0 (compatible; Googlebot/2.1; +http://www.google.com/bot.html)"
66.249.64.75 - - [13/May/2024:18:09:59 +0200] "GET / HTTP/1.1" 200 - "-" "Mozilla/5.0 (Linux; Android 6.0.1; Nexus 5X Build/MMB29P) AppleWebKit/537.36 (KHTML, like Gecko) Chrome/124.0.6367.155 Mobile Safari/537.36 (compatible; Googlebot/2.1; +http://www.google.com/bot.html)"
66.249.64.75 - - [13/May/2024:18:10:31 +0200] "GET / HTTP/1.1" 200 - "-" "Mozilla/5.0 (Linux; Android 6.0.1; Nexus 5X Build/MMB29P) AppleWebKit/537.36 (KHTML, like Gecko) Chrome/99.0.4844.84 Mobile Safari/537.36 (compatible; Googlebot/2.1; +http://www.google.com/bot.html)"
66.249.64.76 - - [13/May/2024:18:11:03 +0200] "GET / HTTP/1.1" 200 - "-" "Mozilla/5.0 (compatible; Googlebot/2.1; +http://www.google.com/bot.html)"
66.249.64.75 - - [13/May/2024:18:11:35 +0200] "GET / HTTP/1.1" 200 - "-" "Mozilla/5.0 (Linux; Android 6.0.1; Nexus 5X Build/MMB29P) AppleWebKit/537.36 (KHTML, like Gecko) Chrome/124.0.6367.155 Mobile Safari/537.36 (compatible; Googlebot/2.1; +http://www.google.com/bot.html)"
5.255.231.5 - - [13/May/2024:18:14:44 +0200] "GET /robots.txt HTTP/1.1" 200 1590 "-" "Mozilla/5.0 (compatible; YandexBot/3.0; +http://yandex.com/bots)"
213.180.203.118 - - [13/May/2024:18:15:16 +0200] "GET /drupal/node/629 HTTP/1.1" 200 - "-" "Mozilla/5.0 (compatible; YandexBot/3.0; +http://yandex.com/bots)"
5.161.101.165 - - [13/May/2024:18:19:13 +0200] "GET /files/elemiszerkonyv122007.pdf HTTP/1.1" 200 152700 "-" "Mozilla/5.0 (Windows NT 10.0; Win64; x64) AppleWebKit/537.36 (KHTML, like Gecko) Chrome/84.0.4147.105 Safari/537.36"
66.249.64.76 - - [13/May/2024:18:45:16 +0200] "GET /files/ptk.csaladjog.pdf HTTP/1.1" 200 429444 "-" "Googlebot/2.1 (+http://www.google.com/bot.html)"
114.119.156.55 - - [13/May/2024:19:02:43 +0200] "GET /robots.txt HTTP/1.1" 200 1590 "-" "Mozilla/5.0 (compatible;PetalBot;+https://webmaster.petalsearch.com/site/petalbot)"
114.119.135.72 - - [13/May/2024:19:05:04 +0200] "GET /robots.txt HTTP/1.1" 200 1590 "-" "Mozilla/5.0 (compatible;PetalBot;+https://webmaster.petalsearch.com/site/petalbot)"
66.249.70.104 - - [13/May/2024:19:34:20 +0200] "GET /files/szszital_foldrajzi_arujelzo_korm_tervezet.pdf HTTP/1.1" 200 74219 "-" "Googlebot/2.1 (+http://www.google.com/bot.html)"
65.154.226.168 - - [13/May/2024:19:38:56 +0200] "GET / HTTP/1.1" 200 - "-" "Mozilla/5.0 (Windows NT 10.0) AppleWebKit/537.36 (KHTML, like Gecko) Chrome/106.0.0.0 Safari/537.36"
66.249.64.64 - - [13/May/2024:19:41:10 +0200] "GET /files/mediacios_rendelkezesek_a_be_-ben_indokolas.pdf HTTP/1.1" 200 82373 "-" "Googlebot/2.1 (+http://www.google.com/bot.html)"
66.249.70.104 - - [13/May/2024:19:53:39 +0200] "GET /files/biologiai.pdf HTTP/1.1" 200 123046 "-" "Googlebot/2.1 (+http://www.google.com/bot.html)"
66.249.70.102 - - [13/May/2024:19:55:09 +0200] "GET /files/091009_eht_eloterj.pdf HTTP/1.1" 200 153866 "-" "Googlebot/2.1 (+http://www.google.com/bot.html)"
66.249.70.102 - - [13/May/2024:19:55:22 +0200] "GET /files/309p10turizmustv0913.pdf HTTP/1.1" 200 281272 "-" "Googlebot/2.1 (+http://www.google.com/bot.html)"
66.249.70.104 - - [13/May/2024:20:00:56 +0200] "GET /files/NFGM3731__2_.pdf HTTP/1.1" 200 256734 "-" "Googlebot/2.1 (+http://www.google.com/bot.html)"
66.249.64.64 - - [13/May/2024:20:11:34 +0200] "GET /files/BacskiskunIndokolas.pdf HTTP/1.1" 200 22395 "-" "Googlebot/2.1 (+http://www.google.com/bot.html)"
66.249.70.104 - - [13/May/2024:20:14:28 +0200] "GET /files/2_1999_ism_rendelet_terv_071121.pdf HTTP/1.1" 200 164734 "-" "Googlebot/2.1 (+http://www.google.com/bot.html)"
40.77.167.76 - - [13/May/2024:21:16:44 +0200] "GET /files/nuklearis.doc HTTP/1.1" 200 517120 "-" "Mozilla/5.0 AppleWebKit/537.36 (KHTML, like Gecko; compatible; bingbot/2.0; +http://www.bing.com/bingbot.htm) Chrome/116.0.1938.76 Safari/537.36"
149.200.69.6 - - [13/May/2024:21:26:40 +0200] "GET /files/ptk_kotelmi_jog.pdf HTTP/1.1" 200 706298 "https://www.google.com/url?q=http://www.jogalkotas.hu/files/ptk_kotelmi_jog.pdf&sa=U&ved=2ahUKEwiE5J7irYuGAxW-ExAIHToMC_84ChAWegQIAxAB&usg=AOvVaw0bzljRU07l41EyZ2guIQpf" "Mozilla/5.0 (iPhone; CPU iPhone OS 17_4 like Mac OS X) AppleWebKit/605.1.15 (KHTML, like Gecko) GSA/305.1.610629488 Mobile/15E148 Safari/604.1"
66.249.64.75 - - [13/May/2024:21:29:46 +0200] "GET /files/KUM_kituntetesek.pdf HTTP/1.1" 200 220724 "-" "Googlebot/2.1 (+http://www.google.com/bot.html)"
66.249.70.102 - - [13/May/2024:21:29:49 +0200] "GET /files/mell1b.pdf HTTP/1.1" 200 80747 "-" "Googlebot/2.1 (+http://www.google.com/bot.html)"
51.77.117.102 - - [13/May/2024:21:33:53 +0200] "GET /wp-login.php HTTP/1.1" 200 - "-" "Mozilla/5.0 (X11; Fedora; Linux x86_64; rv:94.0) Gecko/20100101 Firefox/95.0"
66.249.70.104 - - [13/May/2024:21:34:01 +0200] "GET /files/2_sz_melleklet_061031.pdf HTTP/1.1" 304 - "-" "Mozilla/5.0 (Linux; Android 6.0.1; Nexus 5X Build/MMB29P) AppleWebKit/537.36 (KHTML, like Gecko) Chrome/124.0.6367.155 Mobile Safari/537.36 (compatible; Googlebot/2.1; +http://www.google.com/bot.html)"
66.249.64.64 - - [13/May/2024:21:43:41 +0200] "GET /files/ptk.dologi_jog.pdf HTTP/1.1" 200 141671 "-" "Googlebot/2.1 (+http://www.google.com/bot.html)"
66.249.70.103 - - [13/May/2024:21:45:15 +0200] "GET /files/telepules_dok.pdf HTTP/1.1" 304 - "-" "Mozilla/5.0 (Linux; Android 6.0.1; Nexus 5X Build/MMB29P) AppleWebKit/537.36 (KHTML, like Gecko) Chrome/124.0.6367.155 Mobile Safari/537.36 (compatible; Googlebot/2.1; +http://www.google.com/bot.html)"
66.249.70.104 - - [13/May/2024:22:50:04 +0200] "GET /files/ptk_kotelmi_jog_0.pdf HTTP/1.1" 200 706298 "-" "Mozilla/5.0 (Linux; Android 6.0.1; Nexus 5X Build/MMB29P) AppleWebKit/537.36 (KHTML, like Gecko) Chrome/124.0.6367.155 Mobile Safari/537.36 (compatible; Googlebot/2.1; +http://www.google.com/bot.html)"
66.249.70.103 - - [13/May/2024:22:58:13 +0200] "GET /files/okt_celu_humanszolg_monitoring_terv_100225.pdf HTTP/1.1" 200 191911 "-" "Googlebot/2.1 (+http://www.google.com/bot.html)"
66.249.64.64 - - [13/May/2024:23:00:53 +0200] "GET /files/abaujkeri_aranyosvolgy_tervezet_kozig.pdf HTTP/1.1" 200 189906 "-" "Mozilla/5.0 (Linux; Android 6.0.1; Nexus 5X Build/MMB29P) AppleWebKit/537.36 (KHTML, like Gecko) Chrome/124.0.6367.155 Mobile Safari/537.36 (compatible; Googlebot/2.1; +http://www.google.com/bot.html)"
216.244.66.200 - - [13/May/2024:23:14:35 +0200] "GET /robots.txt HTTP/1.1" 200 1590 "-" "Mozilla/5.0 (compatible; DotBot/1.2; +https://opensiteexplorer.org/dotbot; help@moz.com)"
216.244.66.200 - - [13/May/2024:23:14:35 +0200] "GET /robots.txt HTTP/1.1" 200 1590 "-" "Mozilla/5.0 (compatible; DotBot/1.2; +https://opensiteexplorer.org/dotbot; help@moz.com)"
52.167.144.204 - - [13/May/2024:23:15:48 +0200] "GET /node/158 HTTP/1.1" 200 - "-" "Mozilla/5.0 AppleWebKit/537.36 (KHTML, like Gecko; compatible; bingbot/2.0; +http://www.bing.com/bingbot.htm) Chrome/116.0.1938.76 Safari/537.36"
52.167.144.204 - - [13/May/2024:23:16:20 +0200] "GET /node/158 HTTP/1.1" 200 - "-" "Mozilla/5.0 AppleWebKit/537.36 (KHTML, like Gecko; compatible; bingbot/2.0; +http://www.bing.com/bingbot.htm) Chrome/116.0.1938.76 Safari/537.36"
66.249.64.75 - - [13/May/2024:23:30:49 +0200] "GET /files/ptk_kotelmi_jog.pdf HTTP/1.1" 200 706298 "-" "Googlebot/2.1 (+http://www.google.com/bot.html)"
216.244.66.200 - - [13/May/2024:23:40:21 +0200] "GET /files/t%C3%83%C2%A1rc%C3%83%C2%A1ra%20szermarad%C3%83%C2%A9k.doc HTTP/1.1" 200 - "-" "Mozilla/5.0 (compatible; DotBot/1.2; +https://opensiteexplorer.org/dotbot; help@moz.com)"
216.244.66.200 - - [13/May/2024:23:41:34 +0200] "GET /taxonomy/term/57/0/feed HTTP/1.1" 200 - "-" "Mozilla/5.0 (compatible; DotBot/1.2; +https://opensiteexplorer.org/dotbot; help@moz.com)"
216.244.66.200 - - [13/May/2024:23:42:14 +0200] "GET /taxonomy/term/76/0/feed HTTP/1.1" 200 - "-" "Mozilla/5.0 (compatible; DotBot/1.2; +https://opensiteexplorer.org/dotbot; help@moz.com)"
216.244.66.200 - - [13/May/2024:23:44:50 +0200] "GET /taxonomy/term/3/0/feed HTTP/1.1" 200 - "-" "Mozilla/5.0 (compatible; DotBot/1.2; +https://opensiteexplorer.org/dotbot; help@moz.com)"
216.244.66.200 - - [14/May/2024:00:12:53 +0200] "GET /robots.txt HTTP/1.1" 200 1590 "-" "Mozilla/5.0 (compatible; DotBot/1.2; +https://opensiteexplorer.org/dotbot; help@moz.com)"
216.244.66.200 - - [14/May/2024:00:12:53 +0200] "GET /robots.txt HTTP/1.1" 200 1590 "-" "Mozilla/5.0 (compatible; DotBot/1.2; +https://opensiteexplorer.org/dotbot; help@moz.com)"
216.244.66.200 - - [14/May/2024:00:17:19 +0200] "GET /filter/tips HTTP/1.1" 200 - "-" "Mozilla/5.0 (compatible; DotBot/1.2; +https://opensiteexplorer.org/dotbot; help@moz.com)"
216.244.66.200 - - [14/May/2024:00:30:39 +0200] "GET /node?page=48 HTTP/1.1" 200 - "-" "Mozilla/5.0 (compatible; DotBot/1.2; +https://opensiteexplorer.org/dotbot; help@moz.com)"
216.244.66.200 - - [14/May/2024:00:31:19 +0200] "GET /node?page=96 HTTP/1.1" 200 - "-" "Mozilla/5.0 (compatible; DotBot/1.2; +https://opensiteexplorer.org/dotbot; help@moz.com)"
216.244.66.200 - - [14/May/2024:00:32:09 +0200] "GET /taxonomy/term/49?page=22 HTTP/1.1" 200 - "-" "Mozilla/5.0 (compatible; DotBot/1.2; +https://opensiteexplorer.org/dotbot; help@moz.com)"
216.244.66.200 - - [14/May/2024:00:32:59 +0200] "GET /node?page=176 HTTP/1.1" 200 - "-" "Mozilla/5.0 (compatible; DotBot/1.2; +https://opensiteexplorer.org/dotbot; help@moz.com)"
216.244.66.200 - - [14/May/2024:00:33:50 +0200] "GET /node?page=182 HTTP/1.1" 200 - "-" "Mozilla/5.0 (compatible; DotBot/1.2; +https://opensiteexplorer.org/dotbot; help@moz.com)"
216.244.66.200 - - [14/May/2024:00:34:40 +0200] "GET /node?page=200 HTTP/1.1" 200 - "-" "Mozilla/5.0 (compatible; DotBot/1.2; +https://opensiteexplorer.org/dotbot; help@moz.com)"
216.244.66.200 - - [14/May/2024:00:35:31 +0200] "GET /node?page=234 HTTP/1.1" 200 - "-" "Mozilla/5.0 (compatible; DotBot/1.2; +https://opensiteexplorer.org/dotbot; help@moz.com)"
216.244.66.200 - - [14/May/2024:00:36:21 +0200] "GET /taxonomy/term/40?page=163 HTTP/1.1" 200 - "-" "Mozilla/5.0 (compatible; DotBot/1.2; +https://opensiteexplorer.org/dotbot; help@moz.com)"
216.244.66.200 - - [14/May/2024:00:37:11 +0200] "GET /taxonomy/term/49?page=6 HTTP/1.1" 200 - "-" "Mozilla/5.0 (compatible; DotBot/1.2; +https://opensiteexplorer.org/dotbot; help@moz.com)"
216.244.66.200 - - [14/May/2024:00:38:02 +0200] "GET /node?page=136 HTTP/1.1" 200 - "-" "Mozilla/5.0 (compatible; DotBot/1.2; +https://opensiteexplorer.org/dotbot; help@moz.com)"
66.249.64.64 - - [14/May/2024:00:45:20 +0200] "GET /files/jap_internetre.pdf HTTP/1.1" 200 70115 "-" "Googlebot/2.1 (+http://www.google.com/bot.html)"
66.249.70.102 - - [14/May/2024:00:49:55 +0200] "GET /files/martinsalak.pdf HTTP/1.1" 200 156911 "-" "Googlebot/2.1 (+http://www.google.com/bot.html)"
66.249.64.64 - - [14/May/2024:00:50:10 +0200] "GET /files/1594_11.pdf HTTP/1.1" 304 - "-" "Mozilla/5.0 (Linux; Android 6.0.1; Nexus 5X Build/MMB29P) AppleWebKit/537.36 (KHTML, like Gecko) Chrome/124.0.6367.155 Mobile Safari/537.36 (compatible; Googlebot/2.1; +http://www.google.com/bot.html)"
66.249.64.64 - - [14/May/2024:00:55:40 +0200] "GET /files/alapf_muv_okt_kovet_II_060414.pdf HTTP/1.1" 200 584355 "-" "Googlebot/2.1 (+http://www.google.com/bot.html)"
66.249.70.104 - - [14/May/2024:01:02:58 +0200] "GET /files/jog2008tav2.pdf HTTP/1.1" 200 267376 "-" "Googlebot/2.1 (+http://www.google.com/bot.html)"
66.249.64.75 - - [14/May/2024:01:06:56 +0200] "GET /files/ptk._eloszo.pdf HTTP/1.1" 200 28286 "-" "Googlebot/2.1 (+http://www.google.com/bot.html)"
216.244.66.200 - - [14/May/2024:01:09:35 +0200] "GET /robots.txt HTTP/1.1" 200 1590 "-" "Mozilla/5.0 (compatible; DotBot/1.2; +https://opensiteexplorer.org/dotbot; help@moz.com)"
216.244.66.200 - - [14/May/2024:01:09:35 +0200] "GET /robots.txt HTTP/1.1" 200 1590 "-" "Mozilla/5.0 (compatible; DotBot/1.2; +https://opensiteexplorer.org/dotbot; help@moz.com)"
66.249.64.75 - - [14/May/2024:01:10:46 +0200] "GET /files/alapf_muv_okt_kovet_V_060414.pdf HTTP/1.1" 200 254858 "-" "Googlebot/2.1 (+http://www.google.com/bot.html)"
66.249.70.103 - - [14/May/2024:01:13:43 +0200] "GET /files/NFGM9761.pdf HTTP/1.1" 304 - "-" "Mozilla/5.0 (Linux; Android 6.0.1; Nexus 5X Build/MMB29P) AppleWebKit/537.36 (KHTML, like Gecko) Chrome/124.0.6367.155 Mobile Safari/537.36 (compatible; Googlebot/2.1; +http://www.google.com/bot.html)"
216.244.66.200 - - [14/May/2024:01:14:14 +0200] "GET /taxonomy/term/101 HTTP/1.1" 200 - "-" "Mozilla/5.0 (compatible; DotBot/1.2; +https://opensiteexplorer.org/dotbot; help@moz.com)"
216.244.66.200 - - [14/May/2024:01:14:44 +0200] "GET /taxonomy/term/51 HTTP/1.1" 200 - "-" "Mozilla/5.0 (compatible; DotBot/1.2; +https://opensiteexplorer.org/dotbot; help@moz.com)"
216.244.66.200 - - [14/May/2024:01:15:24 +0200] "GET /taxonomy/term/52 HTTP/1.1" 200 - "-" "Mozilla/5.0 (compatible; DotBot/1.2; +https://opensiteexplorer.org/dotbot; help@moz.com)"
216.244.66.200 - - [14/May/2024:01:20:35 +0200] "GET /taxonomy/term/66 HTTP/1.1" 200 - "-" "Mozilla/5.0 (compatible; DotBot/1.2; +https://opensiteexplorer.org/dotbot; help@moz.com)"
216.244.66.200 - - [14/May/2024:01:21:48 +0200] "GET /taxonomy/term/95 HTTP/1.1" 200 - "-" "Mozilla/5.0 (compatible; DotBot/1.2; +https://opensiteexplorer.org/dotbot; help@moz.com)"
216.244.66.200 - - [14/May/2024:01:24:04 +0200] "GET /taxonomy/term/46?page=5 HTTP/1.1" 200 - "-" "Mozilla/5.0 (compatible; DotBot/1.2; +https://opensiteexplorer.org/dotbot; help@moz.com)"
216.244.66.200 - - [14/May/2024:01:26:30 +0200] "GET /node?page=53 HTTP/1.1" 200 - "-" "Mozilla/5.0 (compatible; DotBot/1.2; +https://opensiteexplorer.org/dotbot; help@moz.com)"
216.244.66.200 - - [14/May/2024:01:27:51 +0200] "GET /node/104 HTTP/1.1" 200 - "-" "Mozilla/5.0 (compatible; DotBot/1.2; +https://opensiteexplorer.org/dotbot; help@moz.com)"
128.90.141.87 - - [14/May/2024:01:27:51 +0200] "HEAD /wordpress HTTP/1.1" 200 - "-" "Mozilla/5.0 (Windows NT 10.0; Win64; x64) AppleWebKit/537.36 (KHTML, like Gecko) Chrome/74.0.3729.169 Safari/537.36"
5.255.231.93 - - [14/May/2024:01:27:55 +0200] "GET /robots.txt HTTP/1.1" 200 1590 "-" "Mozilla/5.0 (compatible; YandexBot/3.0; +http://yandex.com/bots)"
87.250.224.54 - - [14/May/2024:01:28:27 +0200] "GET /drupal/ HTTP/1.1" 200 - "-" "Mozilla/5.0 (compatible; YandexBot/3.0; +http://yandex.com/bots)"
216.244.66.200 - - [14/May/2024:01:28:41 +0200] "GET /node/107 HTTP/1.1" 200 - "-" "Mozilla/5.0 (compatible; DotBot/1.2; +https://opensiteexplorer.org/dotbot; help@moz.com)"
216.244.66.200 - - [14/May/2024:01:29:31 +0200] "GET /node?page=100 HTTP/1.1" 200 - "-" "Mozilla/5.0 (compatible; DotBot/1.2; +https://opensiteexplorer.org/dotbot; help@moz.com)"
216.244.66.200 - - [14/May/2024:01:30:22 +0200] "GET /node?page=57 HTTP/1.1" 200 - "-" "Mozilla/5.0 (compatible; DotBot/1.2; +https://opensiteexplorer.org/dotbot; help@moz.com)"
216.244.66.200 - - [14/May/2024:02:05:30 +0200] "GET /robots.txt HTTP/1.1" 200 1590 "-" "Mozilla/5.0 (compatible; DotBot/1.2; +https://opensiteexplorer.org/dotbot; help@moz.com)"
216.244.66.200 - - [14/May/2024:02:05:30 +0200] "GET /robots.txt HTTP/1.1" 200 1590 "-" "Mozilla/5.0 (compatible; DotBot/1.2; +https://opensiteexplorer.org/dotbot; help@moz.com)"
216.244.66.200 - - [14/May/2024:02:18:03 +0200] "GET /taxonomy/term/74 HTTP/1.1" 200 - "-" "Mozilla/5.0 (compatible; DotBot/1.2; +https://opensiteexplorer.org/dotbot; help@moz.com)"
216.244.66.200 - - [14/May/2024:02:19:03 +0200] "GET /taxonomy/term/47?page=4 HTTP/1.1" 200 - "-" "Mozilla/5.0 (compatible; DotBot/1.2; +https://opensiteexplorer.org/dotbot; help@moz.com)"
216.244.66.200 - - [14/May/2024:02:23:41 +0200] "GET /taxonomy/term/52?page=15 HTTP/1.1" 200 - "-" "Mozilla/5.0 (compatible; DotBot/1.2; +https://opensiteexplorer.org/dotbot; help@moz.com)"
216.244.66.200 - - [14/May/2024:02:24:23 +0200] "GET /node/198 HTTP/1.1" 200 - "-" "Mozilla/5.0 (compatible; DotBot/1.2; +https://opensiteexplorer.org/dotbot; help@moz.com)"
216.244.66.200 - - [14/May/2024:02:25:13 +0200] "GET /node/341 HTTP/1.1" 200 - "-" "Mozilla/5.0 (compatible; DotBot/1.2; +https://opensiteexplorer.org/dotbot; help@moz.com)"
216.244.66.200 - - [14/May/2024:02:26:03 +0200] "GET /node/578 HTTP/1.1" 200 - "-" "Mozilla/5.0 (compatible; DotBot/1.2; +https://opensiteexplorer.org/dotbot; help@moz.com)"
216.244.66.200 - - [14/May/2024:02:26:53 +0200] "GET /node/971 HTTP/1.1" 200 - "-" "Mozilla/5.0 (compatible; DotBot/1.2; +https://opensiteexplorer.org/dotbot; help@moz.com)"
216.244.66.200 - - [14/May/2024:02:27:43 +0200] "GET /node/1067 HTTP/1.1" 200 - "-" "Mozilla/5.0 (compatible; DotBot/1.2; +https://opensiteexplorer.org/dotbot; help@moz.com)"
216.244.66.200 - - [14/May/2024:02:28:34 +0200] "GET /node/1367 HTTP/1.1" 200 - "-" "Mozilla/5.0 (compatible; DotBot/1.2; +https://opensiteexplorer.org/dotbot; help@moz.com)"
216.244.66.200 - - [14/May/2024:02:29:24 +0200] "GET /node/1461 HTTP/1.1" 200 - "-" "Mozilla/5.0 (compatible; DotBot/1.2; +https://opensiteexplorer.org/dotbot; help@moz.com)"
216.244.66.200 - - [14/May/2024:02:30:14 +0200] "GET /node/1512 HTTP/1.1" 200 - "-" "Mozilla/5.0 (compatible; DotBot/1.2; +https://opensiteexplorer.org/dotbot; help@moz.com)"
40.77.167.136 - - [14/May/2024:02:48:36 +0200] "GET /files/komplex_rehab_terv_071008.pdf HTTP/1.1" 200 334787 "-" "Mozilla/5.0 AppleWebKit/537.36 (KHTML, like Gecko; compatible; bingbot/2.0; +http://www.bing.com/bingbot.htm) Chrome/116.0.1938.76 Safari/537.36"
216.244.66.200 - - [14/May/2024:03:02:05 +0200] "GET /robots.txt HTTP/1.1" 200 1590 "-" "Mozilla/5.0 (compatible; DotBot/1.2; +https://opensiteexplorer.org/dotbot; help@moz.com)"
66.249.64.76 - - [14/May/2024:03:22:03 +0200] "GET /files/1594_11.pdf HTTP/1.1" 200 358011 "-" "Mozilla/5.0 (Linux; Android 6.0.1; Nexus 5X Build/MMB29P) AppleWebKit/537.36 (KHTML, like Gecko) Chrome/124.0.6367.155 Mobile Safari/537.36 (compatible; GoogleOther)"
216.244.66.200 - - [14/May/2024:03:32:37 +0200] "GET /taxonomy/term/34/0/feed HTTP/1.1" 200 - "-" "Mozilla/5.0 (compatible; DotBot/1.2; +https://opensiteexplorer.org/dotbot; help@moz.com)"
23.22.35.162 - - [14/May/2024:03:53:31 +0200] "GET /robots.txt HTTP/1.1" 200 1590 "-" "Mozilla/5.0 (Macintosh; Intel Mac OS X 10_10_1) AppleWebKit/600.2.5 (KHTML, like Gecko) Version/8.0.2 Safari/600.2.5 (Amazonbot/0.1; +https://developer.amazon.com/support/amazonbot)"
23.22.35.162 - - [14/May/2024:03:53:37 +0200] "GET /files/NFGM1713.pdf HTTP/1.1" 200 203993 "-" "Mozilla/5.0 (Macintosh; Intel Mac OS X 10_10_1) AppleWebKit/600.2.5 (KHTML, like Gecko) Version/8.0.2 Safari/600.2.5 (Amazonbot/0.1; +https://developer.amazon.com/support/amazonbot)"
216.244.66.200 - - [14/May/2024:04:01:25 +0200] "GET /robots.txt HTTP/1.1" 200 1590 "-" "Mozilla/5.0 (compatible; DotBot/1.2; +https://opensiteexplorer.org/dotbot; help@moz.com)"
205.210.31.218 - - [14/May/2024:04:22:26 +0200] "GET / HTTP/1.1" 200 - "-" "Expanse, a Palo Alto Networks company, searches across the global IPv4 space multiple times per day to identify customers' presences on the Internet. If you would like to be excluded from our scans, please send IP addresses/domains to: scaninfo@paloaltonetworks.com"
52.70.240.171 - - [14/May/2024:04:29:42 +0200] "GET /files/NFGM2005.pdf HTTP/1.1" 200 201548 "-" "Mozilla/5.0 (Macintosh; Intel Mac OS X 10_10_1) AppleWebKit/600.2.5 (KHTML, like Gecko) Version/8.0.2 Safari/600.2.5 (Amazonbot/0.1; +https://developer.amazon.com/support/amazonbot)"
216.244.66.200 - - [14/May/2024:04:31:07 +0200] "GET /taxonomy/term/76/0/feed HTTP/1.1" 200 - "-" "Mozilla/5.0 (compatible; DotBot/1.2; +https://opensiteexplorer.org/dotbot; help@moz.com)"
18.118.210.133 - - [14/May/2024:04:39:34 +0200] "GET /robots.txt HTTP/1.1" 200 1590 "-" "Mozilla/5.0 AppleWebKit/537.36 (KHTML, like Gecko; compatible; ClaudeBot/1.0; +claudebot@anthropic.com)"
18.118.210.133 - - [14/May/2024:04:40:07 +0200] "GET /taxonomy/term/18%2023%2024%2026%2025%2027%2028%2029%2052%2041%2031%2032%2098%2033%2048%20106%20103%2099%20107%2034%2049%2035%2051%20100%2036%2050%20105 HTTP/1.1" 200 - "-" "Mozilla/5.0 AppleWebKit/537.36 (KHTML, like Gecko; compatible; ClaudeBot/1.0; +claudebot@anthropic.com)"
185.220.22.157 - - [14/May/2024:04:57:02 +0200] "GET /wp-content/plugins/startklar-elmentor-forms-extwidgets/assets/dropzone/basic.css HTTP/1.1" 200 - "-" "Mozilla/5.0 (Windows NT 10.0; Win64; x64) AppleWebKit/537.36 (KHTML, like Gecko) Chrome/89.0.4389.105 YaBrowser/21.3.3.230 Yowser/2.5 Safari/537.36"
40.77.167.63 - - [14/May/2024:04:57:19 +0200] "GET /node/226 HTTP/1.1" 200 - "-" "Mozilla/5.0 AppleWebKit/537.36 (KHTML, like Gecko; compatible; bingbot/2.0; +http://www.bing.com/bingbot.htm) Chrome/116.0.1938.76 Safari/537.36"
