46.107.75.123 - - [02/May/2024:07:48:49 +0200] "GET /files/hadkotelesek_hm_eum_rendelet_tervezet_melleklet.pdf HTTP/1.1" 206 237720 "https://www.google.hu/search?q=sikertelen+retina+m%C5%B1t%C3%A9t&sca_esv=88efb82a0fd29766&sca_upv=1&source=hp&ei=iSczZsioKZPgi-gP0JSV0Q4&oq=&gs_lp=EhFtb2JpbGUtZ3dzLXdpei1ocCIAKgIIADICECkyBRApGIAEMgcQKRiABBgKMggQKRiABBiiBDIFECkYoAEyAhApMgIQKTICECkyAhApMggQKRiABBiiBDIGECkYFhgeMgcQKRiABBgNMgYQKRgWGB4yAhApMgIQKTIKEAAYAxjqAhiPATIKEC4YAxjqAhiPATIKEAAYAxjqAhiPATIKEAAYAxjqAhiPATIKEC4YAxjqAhiPATIKEC4YAxjqAhiPATIKEC4YAxjqAhiPATIKEC4YAxjqAhiPATIKEAAYAxjqAhiPATIKEAAYAxjqAhiPATIKEC4YAxjqAhiPATIKEC4YAxjqAhiPATIKEAAYAxjqAhiPATIKEAAYAxjqAhiPATIKEAAYAxjqAhiPAUiFLFAAWABwAHgAkAEAmAHfAaAB3wGqAQMyLTG4AQHIAQCYAgGgAp0CqAIemAOcApIHAzItMaAHtZEC&sclient=mobile-gws-wiz-hp" "Mozilla/5.0 (Linux; U; Android 10; hu-hu; POCOPHONE F1 Build/QKQ1.190828.002) AppleWebKit/537.36 (KHTML, like Gecko) Version/4.0 Chrome/112.0.5615.136 Mobile Safari/537.36 XiaoMi/MiuiBrowser/14.8.0-gn"
216.244.66.200 - - [02/May/2024:07:50:46 +0200] "GET /robots.txt HTTP/1.1" 200 1590 "-" "Mozilla/5.0 (compatible; DotBot/1.2; +https://opensiteexplorer.org/dotbot; help@moz.com)"
51.222.253.2 - - [02/May/2024:07:54:01 +0200] "GET /robots.txt HTTP/1.1" 200 1590 "-" "Mozilla/5.0 (compatible; AhrefsBot/7.0; +http://ahrefs.com/robot/)"
45.228.150.103 - - [02/May/2024:08:06:22 +0200] "GET /.env HTTP/1.1" 200 - "-" "Mozilla/5.0 (Macintosh; Intel Mac OS X 10_11_2) AppleWebKit/537.36 (KHTML, like Gecko) Chrome/47.0.2526.106 Safari/537.36"
66.249.64.76 - - [02/May/2024:08:13:09 +0200] "GET /files/ekozig_strategia.pdf HTTP/1.1" 200 731185 "-" "Googlebot/2.1 (+http://www.google.com/bot.html)"
216.244.66.200 - - [02/May/2024:08:20:32 +0200] "GET /files/s%C3%83%C2%BCrg%C3%85%E2%80%98s%20sz%C3%83%C2%BCks%C3%83%C2%A9g%20k%C3%83%C2%B6r%C3%83%C2%A9be%20taroz%C3%83%C2%B3%20egyes%20eg%C3%83%C2%A9szs%C3%83%C2%A9g%C3%83%C2%BCgyi%20szolg%C3%83%C2%A1lt..doc HTTP/1.1" 200 - "-" "Mozilla/5.0 (compatible; DotBot/1.2; +https://opensiteexplorer.org/dotbot; help@moz.com)"
216.244.66.200 - - [02/May/2024:08:23:28 +0200] "GET /taxonomy/term/86/0/feed HTTP/1.1" 200 - "-" "Mozilla/5.0 (compatible; DotBot/1.2; +https://opensiteexplorer.org/dotbot; help@moz.com)"
62.2.147.254 - - [02/May/2024:08:31:30 +0200] "GET /files/hadkotelesek_hm_eum_rendelet_tervezet_melleklet.pdf HTTP/1.1" 200 713160 "-" "Mozilla/5.0 (Linux; Android 10; K) AppleWebKit/537.36 (KHTML, like Gecko) Chrome/124.0.0.0 Mobile Safari/537.36"
66.249.70.104 - - [02/May/2024:08:34:46 +0200] "GET /files/unesco_terv_080415.pdf HTTP/1.1" 200 254057 "-" "Mozilla/5.0 (Linux; Android 6.0.1; Nexus 5X Build/MMB29P) AppleWebKit/537.36 (KHTML, like Gecko) Chrome/124.0.6367.91 Mobile Safari/537.36 (compatible; Googlebot/2.1; +http://www.google.com/bot.html)"
216.244.66.200 - - [02/May/2024:08:50:05 +0200] "GET /robots.txt HTTP/1.1" 200 1590 "-" "Mozilla/5.0 (compatible; DotBot/1.2; +https://opensiteexplorer.org/dotbot; help@moz.com)"
216.244.66.200 - - [02/May/2024:08:50:05 +0200] "GET /robots.txt HTTP/1.1" 200 1590 "-" "Mozilla/5.0 (compatible; DotBot/1.2; +https://opensiteexplorer.org/dotbot; help@moz.com)"
52.167.144.170 - - [02/May/2024:09:03:59 +0200] "GET /files/hm_rendelet_tervezet_allomany_melleklet.pdf HTTP/1.1" 304 - "-" "Mozilla/5.0 AppleWebKit/537.36 (KHTML, like Gecko; compatible; bingbot/2.0; +http://www.bing.com/bingbot.htm) Chrome/116.0.1938.76 Safari/537.36"
66.249.70.104 - - [02/May/2024:09:04:46 +0200] "GET /files/KHEM_4090_3javitott.doc HTTP/1.1" 200 200704 "-" "Mozilla/5.0 (Linux; Android 6.0.1; Nexus 5X Build/MMB29P) AppleWebKit/537.36 (KHTML, like Gecko) Chrome/124.0.6367.91 Mobile Safari/537.36 (compatible; Googlebot/2.1; +http://www.google.com/bot.html)"
158.69.25.39 - - [02/May/2024:09:12:42 +0200] "GET / HTTP/1.1" 200 - "-" "Mozilla/5.0 (Windows NT 10.0; Win64; x64) AppleWebKit/537.36 (KHTML, like Gecko) Chrome/118.0.0.0 Safari/537.36"
216.244.66.200 - - [02/May/2024:09:19:42 +0200] "GET /files/felsoo_diakig_terv_080606.pdf HTTP/1.1" 200 254293 "-" "Mozilla/5.0 (compatible; DotBot/1.2; +https://opensiteexplorer.org/dotbot; help@moz.com)"
216.244.66.200 - - [02/May/2024:09:19:58 +0200] "GET /files/fulbrighteloterjesztes20060327.pdf HTTP/1.1" 200 141899 "-" "Mozilla/5.0 (compatible; DotBot/1.2; +https://opensiteexplorer.org/dotbot; help@moz.com)"
216.244.66.200 - - [02/May/2024:09:20:12 +0200] "GET /files/gyermved_gyamugy_tv_terv_090209.pdf HTTP/1.1" 200 506744 "-" "Mozilla/5.0 (compatible; DotBot/1.2; +https://opensiteexplorer.org/dotbot; help@moz.com)"
216.244.66.200 - - [02/May/2024:09:20:25 +0200] "GET /files/kozmetika_jogharm_tervezet_090610.doc HTTP/1.1" 200 128512 "-" "Mozilla/5.0 (compatible; DotBot/1.2; +https://opensiteexplorer.org/dotbot; help@moz.com)"
216.244.66.200 - - [02/May/2024:09:21:15 +0200] "GET /files/hm_katasztrofavedelmi_rendelet_tervezet.pdf HTTP/1.1" 200 139665 "-" "Mozilla/5.0 (compatible; DotBot/1.2; +https://opensiteexplorer.org/dotbot; help@moz.com)"
216.244.66.200 - - [02/May/2024:09:23:01 +0200] "GET /files/Erd%C3%85%E2%80%98t%C3%83%C2%B6rv%C3%83%C2%A9ny%202005.dec.22.-1.doc HTTP/1.1" 200 - "-" "Mozilla/5.0 (compatible; DotBot/1.2; +https://opensiteexplorer.org/dotbot; help@moz.com)"
216.244.66.200 - - [02/May/2024:09:23:41 +0200] "GET /files/k%C3%83%C2%BCls%20%C3%83%C2%A9lelmiszer%20t%C3%83%C2%A1rc%C3%83%C2%A1ra%202007_07_18.doc HTTP/1.1" 200 - "-" "Mozilla/5.0 (compatible; DotBot/1.2; +https://opensiteexplorer.org/dotbot; help@moz.com)"
216.244.66.200 - - [02/May/2024:09:24:02 +0200] "GET /files/NFGM27.pdf HTTP/1.1" 200 319963 "-" "Mozilla/5.0 (compatible; DotBot/1.2; +https://opensiteexplorer.org/dotbot; help@moz.com)"
216.244.66.200 - - [02/May/2024:09:24:33 +0200] "GET /files/T5123.doc HTTP/1.1" 200 162816 "-" "Mozilla/5.0 (compatible; DotBot/1.2; +https://opensiteexplorer.org/dotbot; help@moz.com)"
216.244.66.200 - - [02/May/2024:09:25:06 +0200] "GET /files/TK1382.pdf HTTP/1.1" 200 263927 "-" "Mozilla/5.0 (compatible; DotBot/1.2; +https://opensiteexplorer.org/dotbot; help@moz.com)"
216.244.66.200 - - [02/May/2024:09:25:36 +0200] "GET /files/onk_tu.pdf HTTP/1.1" 200 180737 "-" "Mozilla/5.0 (compatible; DotBot/1.2; +https://opensiteexplorer.org/dotbot; help@moz.com)"
216.244.66.200 - - [02/May/2024:09:26:07 +0200] "GET /files/111994_071024.pdf HTTP/1.1" 200 227019 "-" "Mozilla/5.0 (compatible; DotBot/1.2; +https://opensiteexplorer.org/dotbot; help@moz.com)"
216.244.66.200 - - [02/May/2024:09:26:39 +0200] "GET /files/KHEM_1917kozig.doc HTTP/1.1" 200 130048 "-" "Mozilla/5.0 (compatible; DotBot/1.2; +https://opensiteexplorer.org/dotbot; help@moz.com)"
216.244.66.200 - - [02/May/2024:09:27:03 +0200] "GET /files/Korrel-2007-12.doc HTTP/1.1" 200 33792 "-" "Mozilla/5.0 (compatible; DotBot/1.2; +https://opensiteexplorer.org/dotbot; help@moz.com)"
216.244.66.200 - - [02/May/2024:09:27:29 +0200] "GET /files/R305-2vezetoi.doc HTTP/1.1" 200 104448 "-" "Mozilla/5.0 (compatible; DotBot/1.2; +https://opensiteexplorer.org/dotbot; help@moz.com)"
216.244.66.200 - - [02/May/2024:09:27:55 +0200] "GET /files/cegnyilvanossag.doc HTTP/1.1" 200 192177 "-" "Mozilla/5.0 (compatible; DotBot/1.2; +https://opensiteexplorer.org/dotbot; help@moz.com)"
52.167.144.19 - - [02/May/2024:09:49:45 +0200] "GET /files/szolo_szaporitoanyag_rendelet.pdf HTTP/1.1" 200 364389 "-" "Mozilla/5.0 AppleWebKit/537.36 (KHTML, like Gecko; compatible; bingbot/2.0; +http://www.bing.com/bingbot.htm) Chrome/116.0.1938.76 Safari/537.36"
216.244.66.200 - - [02/May/2024:09:49:56 +0200] "GET /robots.txt HTTP/1.1" 200 1590 "-" "Mozilla/5.0 (compatible; DotBot/1.2; +https://opensiteexplorer.org/dotbot; help@moz.com)"
216.244.66.200 - - [02/May/2024:09:49:56 +0200] "GET /robots.txt HTTP/1.1" 200 1590 "-" "Mozilla/5.0 (compatible; DotBot/1.2; +https://opensiteexplorer.org/dotbot; help@moz.com)"
66.249.70.104 - - [02/May/2024:10:04:45 +0200] "GET /files/jogszabszerk.pdf HTTP/1.1" 304 - "-" "Mozilla/5.0 (Linux; Android 6.0.1; Nexus 5X Build/MMB29P) AppleWebKit/537.36 (KHTML, like Gecko) Chrome/124.0.6367.91 Mobile Safari/537.36 (compatible; Googlebot/2.1; +http://www.google.com/bot.html)"
51.210.214.160 - - [02/May/2024:10:20:04 +0200] "GET /taxonomy/term/99/0/feed HTTP/1.1" 200 - "-" "Mozilla/5.0 (X11; Linux i686) AppleWebKit/537.36 (KHTML, like Gecko) Chrome/30.0.1599.66 Safari/537.36"
216.244.66.200 - - [02/May/2024:10:20:41 +0200] "GET /files/19_2003___iv__29___eszcsm_rendelet_m%C3%83%C2%B3dos%C3%83%C2%ADt%C3%83%C2%A1sa_8.doc HTTP/1.1" 200 - "-" "Mozilla/5.0 (compatible; DotBot/1.2; +https://opensiteexplorer.org/dotbot; help@moz.com)"
216.244.66.200 - - [02/May/2024:10:21:11 +0200] "GET /files/M%C3%83%C2%A1solat%20eredetijeptke_-_2._melleklet_a_kormanyhatarozathoz_-_090629.xls HTTP/1.1" 200 - "-" "Mozilla/5.0 (compatible; DotBot/1.2; +https://opensiteexplorer.org/dotbot; help@moz.com)"
216.244.66.200 - - [02/May/2024:10:22:49 +0200] "GET /files/A%20n%C3%83%C2%B6v%C3%83%C2%A9nyv%C3%83%C2%A9delemr%C3%85%E2%80%98l%20sz%C3%83%C2%B3l%C3%83%C2%B3%202000-2.doc HTTP/1.1" 200 - "-" "Mozilla/5.0 (compatible; DotBot/1.2; +https://opensiteexplorer.org/dotbot; help@moz.com)"
216.244.66.200 - - [02/May/2024:10:23:10 +0200] "GET /files/1214_3_mell.xls HTTP/1.1" 200 35328 "-" "Mozilla/5.0 (compatible; DotBot/1.2; +https://opensiteexplorer.org/dotbot; help@moz.com)"
216.244.66.200 - - [02/May/2024:10:23:43 +0200] "GET /files/2008_2009_tanev_rend_080319.pdf HTTP/1.1" 200 413806 "-" "Mozilla/5.0 (compatible; DotBot/1.2; +https://opensiteexplorer.org/dotbot; help@moz.com)"
216.244.66.200 - - [02/May/2024:10:24:17 +0200] "GET /files/4_mell_FAVI_KARINFO_BA.doc HTTP/1.1" 200 391168 "-" "Mozilla/5.0 (compatible; DotBot/1.2; +https://opensiteexplorer.org/dotbot; help@moz.com)"
216.244.66.200 - - [02/May/2024:10:24:46 +0200] "GET /files/5_sz_melleklet_061031.pdf HTTP/1.1" 200 165675 "-" "Mozilla/5.0 (compatible; DotBot/1.2; +https://opensiteexplorer.org/dotbot; help@moz.com)"
216.244.66.200 - - [02/May/2024:10:25:15 +0200] "GET /files/KHEM_4462_10_norma.doc HTTP/1.1" 200 83456 "-" "Mozilla/5.0 (compatible; DotBot/1.2; +https://opensiteexplorer.org/dotbot; help@moz.com)"
216.244.66.200 - - [02/May/2024:10:25:44 +0200] "GET /files/felveteli_2009_terv_081103.pdf HTTP/1.1" 200 330316 "-" "Mozilla/5.0 (compatible; DotBot/1.2; +https://opensiteexplorer.org/dotbot; help@moz.com)"
216.244.66.200 - - [02/May/2024:10:26:11 +0200] "GET /files/info_terv_080612.pdf HTTP/1.1" 200 323635 "-" "Mozilla/5.0 (compatible; DotBot/1.2; +https://opensiteexplorer.org/dotbot; help@moz.com)"
216.244.66.200 - - [02/May/2024:10:26:36 +0200] "GET /files/itkr_2_sz_melleklet_061031.pdf HTTP/1.1" 200 102435 "-" "Mozilla/5.0 (compatible; DotBot/1.2; +https://opensiteexplorer.org/dotbot; help@moz.com)"
216.244.66.200 - - [02/May/2024:10:27:19 +0200] "GET /files/ket__eloterjesztes.pdf HTTP/1.1" 200 898802 "-" "Mozilla/5.0 (compatible; DotBot/1.2; +https://opensiteexplorer.org/dotbot; help@moz.com)"
216.244.66.200 - - [02/May/2024:10:47:14 +0200] "GET /robots.txt HTTP/1.1" 200 1590 "-" "Mozilla/5.0 (compatible; DotBot/1.2; +https://opensiteexplorer.org/dotbot; help@moz.com)"
52.167.144.179 - - [02/May/2024:10:54:39 +0200] "GET /files/fitness.pdf HTTP/1.1" 304 - "-" "Mozilla/5.0 AppleWebKit/537.36 (KHTML, like Gecko; compatible; bingbot/2.0; +http://www.bing.com/bingbot.htm) Chrome/116.0.1938.76 Safari/537.36"
162.55.85.229 - - [02/May/2024:11:00:33 +0200] "GET /robots.txt HTTP/1.1" 200 1590 "-" "Mozilla/5.0 (compatible; BLEXBot/1.0; +http://webmeup-crawler.com/)"
66.249.64.64 - - [02/May/2024:11:04:45 +0200] "GET /files/alapf_muv_okt_kovet_II_060414.pdf HTTP/1.1" 304 - "-" "Mozilla/5.0 (Linux; Android 6.0.1; Nexus 5X Build/MMB29P) AppleWebKit/537.36 (KHTML, like Gecko) Chrome/124.0.6367.91 Mobile Safari/537.36 (compatible; Googlebot/2.1; +http://www.google.com/bot.html)"
80.209.235.164 - - [02/May/2024:11:14:44 +0200] "GET /magmi-importer/web/download_file.php?file=../../app/etc/local.xml HTTP/1.1" 200 - "-" "Mozilla/5.0 (X11; Ubuntu; Linux i686; rv:28.0) Gecko/20100101 Firefox/72.0"
80.209.235.164 - - [02/May/2024:11:14:54 +0200] "GET /shop/magmi-importer/web/download_file.php?file=../../app/etc/local.xml HTTP/1.1" 200 - "-" "Mozilla/5.0 (X11; Ubuntu; Linux i686; rv:28.0) Gecko/20100101 Firefox/72.0"
216.244.66.200 - - [02/May/2024:11:22:28 +0200] "GET /taxonomy/term/100?page=1 HTTP/1.1" 200 - "-" "Mozilla/5.0 (compatible; DotBot/1.2; +https://opensiteexplorer.org/dotbot; help@moz.com)"
52.167.144.199 - - [02/May/2024:11:49:37 +0200] "GET /files/72CE9F85AF386EE4C1257116005664BE.htm.txt HTTP/1.1" 200 16768 "-" "Mozilla/5.0 AppleWebKit/537.36 (KHTML, like Gecko; compatible; bingbot/2.0; +http://www.bing.com/bingbot.htm) Chrome/116.0.1938.76 Safari/537.36"
66.249.70.104 - - [02/May/2024:11:49:45 +0200] "GET /files/alapf_muv_okt_kovet_II_060414.pdf HTTP/1.1" 304 - "-" "Mozilla/5.0 (Linux; Android 6.0.1; Nexus 5X Build/MMB29P) AppleWebKit/537.36 (KHTML, like Gecko) Chrome/124.0.6367.91 Mobile Safari/537.36 (compatible; Googlebot/2.1; +http://www.google.com/bot.html)"
65.154.226.171 - - [02/May/2024:12:17:42 +0200] "GET / HTTP/1.1" 200 - "-" "Mozilla/5.0 (Windows NT 10.0) AppleWebKit/537.36 (KHTML, like Gecko) Chrome/106.0.0.0 Safari/537.36"
66.249.64.76 - - [02/May/2024:12:36:07 +0200] "GET /files/esely_felzark_070302.pdf HTTP/1.1" 200 364039 "-" "Mozilla/5.0 (Linux; Android 6.0.1; Nexus 5X Build/MMB29P) AppleWebKit/537.36 (KHTML, like Gecko) Chrome/124.0.6367.91 Mobile Safari/537.36 (compatible; Googlebot/2.1; +http://www.google.com/bot.html)"
216.244.66.200 - - [02/May/2024:12:44:40 +0200] "GET /robots.txt HTTP/1.1" 200 1590 "-" "Mozilla/5.0 (compatible; DotBot/1.2; +https://opensiteexplorer.org/dotbot; help@moz.com)"
216.244.66.200 - - [02/May/2024:12:44:40 +0200] "GET /robots.txt HTTP/1.1" 200 1590 "-" "Mozilla/5.0 (compatible; DotBot/1.2; +https://opensiteexplorer.org/dotbot; help@moz.com)"
66.249.70.108 - - [02/May/2024:12:48:02 +0200] "GET /files/43per2005_eum_rendelet__mod.doc HTTP/1.1" 304 - "-" "Mozilla/5.0 (Linux; Android 6.0.1; Nexus 5X Build/MMB29P) AppleWebKit/537.36 (KHTML, like Gecko) Chrome/124.0.6367.91 Mobile Safari/537.36 (compatible; Googlebot/2.1; +http://www.google.com/bot.html)"
66.249.70.102 - - [02/May/2024:13:19:52 +0200] "GET /files/konyvtari_minosites_terv_100114.pdf HTTP/1.1" 200 106694 "-" "Mozilla/5.0 (Linux; Android 6.0.1; Nexus 5X Build/MMB29P) AppleWebKit/537.36 (KHTML, like Gecko) Chrome/124.0.6367.91 Mobile Safari/537.36 (compatible; Googlebot/2.1; +http://www.google.com/bot.html)"
216.244.66.200 - - [02/May/2024:13:22:18 +0200] "GET /files/1106_omsz_merohalozat_KORMANY.rtf.txt HTTP/1.1" 200 136941 "-" "Mozilla/5.0 (compatible; DotBot/1.2; +https://opensiteexplorer.org/dotbot; help@moz.com)"
190.92.213.52 - - [02/May/2024:13:33:44 +0200] "GET / HTTP/1.1" 200 - "-" "Mozilla/5.0 (Windows NT 10.0; Win64; x64) AppleWebKit/537.36 (KHTML, like Gecko) Chrome/110.0.0.0 Safari/537.36"
216.244.66.200 - - [02/May/2024:13:44:39 +0200] "GET /robots.txt HTTP/1.1" 200 1590 "-" "Mozilla/5.0 (compatible; DotBot/1.2; +https://opensiteexplorer.org/dotbot; help@moz.com)"
66.249.70.104 - - [02/May/2024:13:53:52 +0200] "GET /files/filmrend_terv_070713.pdf HTTP/1.1" 200 467476 "-" "Mozilla/5.0 (Linux; Android 6.0.1; Nexus 5X Build/MMB29P) AppleWebKit/537.36 (KHTML, like Gecko) Chrome/124.0.6367.91 Mobile Safari/537.36 (compatible; Googlebot/2.1; +http://www.google.com/bot.html)"
66.249.70.104 - - [02/May/2024:13:53:52 +0200] "GET /files/muemlekke_nyilv_070109.pdf HTTP/1.1" 200 157550 "-" "Mozilla/5.0 (Linux; Android 6.0.1; Nexus 5X Build/MMB29P) AppleWebKit/537.36 (KHTML, like Gecko) Chrome/124.0.6367.91 Mobile Safari/537.36 (compatible; Googlebot/2.1; +http://www.google.com/bot.html)"
40.77.167.5 - - [02/May/2024:14:06:02 +0200] "GET /files/Ma_Ukr_szoc_bizt_egy_terv_090618.doc HTTP/1.1" 304 - "-" "Mozilla/5.0 AppleWebKit/537.36 (KHTML, like Gecko; compatible; bingbot/2.0; +http://www.bing.com/bingbot.htm) Chrome/116.0.1938.76 Safari/537.36"
216.244.66.200 - - [02/May/2024:14:17:48 +0200] "GET /files/iratkezel%C3%83%C2%A9si_kormrend_m%C3%83%C2%B3dos%C3%83%C2%ADt%C3%83%C2%A1sa.pdf HTTP/1.1" 200 - "-" "Mozilla/5.0 (compatible; DotBot/1.2; +https://opensiteexplorer.org/dotbot; help@moz.com)"
66.249.70.103 - - [02/May/2024:14:19:47 +0200] "GET /files/R2422.pdf HTTP/1.1" 304 - "-" "Mozilla/5.0 (Linux; Android 6.0.1; Nexus 5X Build/MMB29P) AppleWebKit/537.36 (KHTML, like Gecko) Chrome/124.0.6367.91 Mobile Safari/537.36 (compatible; Googlebot/2.1; +http://www.google.com/bot.html)"
216.244.66.200 - - [02/May/2024:14:21:27 +0200] "GET /taxonomy/term/73/0/feed HTTP/1.1" 200 - "-" "Mozilla/5.0 (compatible; DotBot/1.2; +https://opensiteexplorer.org/dotbot; help@moz.com)"
66.249.64.75 - - [02/May/2024:14:30:06 +0200] "GET / HTTP/1.1" 200 - "-" "Mozilla/5.0 (compatible; Googlebot/2.1; +http://www.google.com/bot.html)"
66.249.64.76 - - [02/May/2024:14:30:38 +0200] "GET / HTTP/1.1" 200 - "-" "Mozilla/5.0 (Linux; Android 6.0.1; Nexus 5X Build/MMB29P) AppleWebKit/537.36 (KHTML, like Gecko) Chrome/99.0.4844.84 Mobile Safari/537.36 (compatible; Googlebot/2.1; +http://www.google.com/bot.html)"
66.249.64.75 - - [02/May/2024:14:31:10 +0200] "GET / HTTP/1.1" 200 - "-" "Mozilla/5.0 (compatible; Googlebot/2.1; +http://www.google.com/bot.html)"
66.249.64.64 - - [02/May/2024:14:31:42 +0200] "GET / HTTP/1.1" 200 - "-" "Mozilla/5.0 (Linux; Android 6.0.1; Nexus 5X Build/MMB29P) AppleWebKit/537.36 (KHTML, like Gecko) Chrome/124.0.6367.91 Mobile Safari/537.36 (compatible; Googlebot/2.1; +http://www.google.com/bot.html)"
216.244.66.200 - - [02/May/2024:14:43:25 +0200] "GET /robots.txt HTTP/1.1" 200 1590 "-" "Mozilla/5.0 (compatible; DotBot/1.2; +https://opensiteexplorer.org/dotbot; help@moz.com)"
66.249.70.103 - - [02/May/2024:14:46:12 +0200] "GET /files/R714.pdf HTTP/1.1" 304 - "-" "Mozilla/5.0 (Linux; Android 6.0.1; Nexus 5X Build/MMB29P) AppleWebKit/537.36 (KHTML, like Gecko) Chrome/124.0.6367.91 Mobile Safari/537.36 (compatible; Googlebot/2.1; +http://www.google.com/bot.html)"
40.77.167.45 - - [02/May/2024:14:48:45 +0200] "GET /taxonomy/term/18%2023%2024%2026%2025%2027%2028%2029%2052%2041%2031%2032%2098%2033%2048%20106%20103%2099%20107%2034%2049%2035%2051%20100%2036%2050%20105?page=8 HTTP/1.1" 200 - "-" "Mozilla/5.0 AppleWebKit/537.36 (KHTML, like Gecko; compatible; bingbot/2.0; +http://www.bing.com/bingbot.htm) Chrome/116.0.1938.76 Safari/537.36"
40.77.167.45 - - [02/May/2024:14:49:17 +0200] "GET /taxonomy/term/18%2023%2024%2026%2025%2027%2028%2029%2052%2041%2031%2032%2098%2033%2048%20106%20103%2099%20107%2034%2049%2035%2051%20100%2036%2050%20105?page=8 HTTP/1.1" 200 - "-" "Mozilla/5.0 AppleWebKit/537.36 (KHTML, like Gecko; compatible; bingbot/2.0; +http://www.bing.com/bingbot.htm) Chrome/116.0.1938.76 Safari/537.36"
216.244.66.200 - - [02/May/2024:15:12:24 +0200] "GET /files/Szakk%C3%83%C2%A9pes%C3%83%C2%ADt%C3%83%C2%A9sek_min_rend_terv.doc HTTP/1.1" 200 - "-" "Mozilla/5.0 (compatible; DotBot/1.2; +https://opensiteexplorer.org/dotbot; help@moz.com)"
152.228.231.151 - - [02/May/2024:15:38:04 +0200] "GET / HTTP/1.1" 200 - "-" "Mozilla/5.0 (Windows NT 10.0; Win64; x64; rv:109.0) Gecko/20100101 Firefox/119.0"
152.228.231.151 - - [02/May/2024:15:38:36 +0200] "GET / HTTP/1.1" 200 - "-" "Mozilla/5.0 (Windows NT 10.0; Win64; x64; rv:109.0) Gecko/20100101 Firefox/119.0"
198.98.58.78 - - [02/May/2024:15:39:09 +0200] "GET / HTTP/1.1" 200 - "-" "Mozilla/5.0 (Windows NT 10.0; Win64; x64; rv:109.0) Gecko/20100101 Firefox/119.0"
198.98.58.78 - - [02/May/2024:15:39:41 +0200] "GET / HTTP/1.1" 200 - "-" "Mozilla/5.0 (Windows NT 10.0; Win64; x64; rv:109.0) Gecko/20100101 Firefox/119.0"
84.225.154.146 - - [02/May/2024:15:45:34 +0200] "GET /files/magancsod_tars_velem_09.03.06.doc HTTP/1.1" 200 652800 "-" "Mozilla/5.0 (Linux; Android 10; K) AppleWebKit/537.36 (KHTML, like Gecko) Chrome/124.0.0.0 Mobile Safari/537.36"
66.249.70.104 - - [02/May/2024:15:48:18 +0200] "GET /files/GEO_eloterjesztes_kozig_01_14.pdf HTTP/1.1" 200 73014 "-" "Mozilla/5.0 (Linux; Android 6.0.1; Nexus 5X Build/MMB29P) AppleWebKit/537.36 (KHTML, like Gecko) Chrome/124.0.6367.91 Mobile Safari/537.36 (compatible; Googlebot/2.1; +http://www.google.com/bot.html)"
176.63.9.28 - - [02/May/2024:15:49:18 +0200] "GET /files/OTSZ%20rendelet.pdf HTTP/1.1" 200 168000 "https://www.google.com/" "Mozilla/5.0 (Windows NT 10.0; Win64; x64) AppleWebKit/537.36 (KHTML, like Gecko) Chrome/109.0.0.0 Safari/537.36"
176.63.9.28 - - [02/May/2024:15:49:18 +0200] "GET /favicon.ico HTTP/1.1" 404 57 "http://www.jogalkotas.hu/files/OTSZ%20rendelet.pdf" "Mozilla/5.0 (Windows NT 10.0; Win64; x64) AppleWebKit/537.36 (KHTML, like Gecko) Chrome/109.0.0.0 Safari/537.36"
66.249.64.64 - - [02/May/2024:15:49:46 +0200] "GET /files/muzealis_terv_071010.pdf HTTP/1.1" 200 157155 "-" "Mozilla/5.0 (Linux; Android 6.0.1; Nexus 5X Build/MMB29P) AppleWebKit/537.36 (KHTML, like Gecko) Chrome/124.0.6367.91 Mobile Safari/537.36 (compatible; Googlebot/2.1; +http://www.google.com/bot.html)"
158.169.150.28 - - [02/May/2024:15:51:46 +0200] "HEAD /files/5820_17.pdf HTTP/1.1" 200 0 "-" "Mozilla/5.0 (Windows NT 10.0; Win64; x64) AppleWebKit/537.36 (KHTML, like Gecko) Chrome/70.0.3538.102 Safari/537.36 Edge/18.19582"
66.249.64.76 - - [02/May/2024:16:30:18 +0200] "GET /files/szszital_foldrajzi_arujelzo_korm_tervezet.pdf HTTP/1.1" 200 74219 "-" "Googlebot/2.1 (+http://www.google.com/bot.html)"
66.249.70.102 - - [02/May/2024:16:33:12 +0200] "GET /files/Eloterjesztes_305.pdf HTTP/1.1" 304 - "-" "Mozilla/5.0 (Linux; Android 6.0.1; Nexus 5X Build/MMB29P) AppleWebKit/537.36 (KHTML, like Gecko) Chrome/124.0.6367.91 Mobile Safari/537.36 (compatible; Googlebot/2.1; +http://www.google.com/bot.html)"
34.78.60.8 - - [02/May/2024:17:51:03 +0200] "GET /robots.txt HTTP/1.1" 200 1590 "-" "Mozilla/5.0 (compatible; VelenPublicWebCrawler/1.0; +https://velen.io)"
34.78.60.8 - - [02/May/2024:17:51:36 +0200] "GET /node/1599 HTTP/1.1" 200 - "-" "Mozilla/5.0 (compatible; VelenPublicWebCrawler/1.0; +https://velen.io)"
34.78.60.8 - - [02/May/2024:17:52:06 +0200] "GET /node/1599 HTTP/1.1" 200 - "-" "Mozilla/5.0 (compatible; VelenPublicWebCrawler/1.0; +https://velen.io)"
34.78.60.8 - - [02/May/2024:17:52:38 +0200] "GET /node/1599 HTTP/1.1" 200 - "-" "Mozilla/5.0 (compatible; VelenPublicWebCrawler/1.0; +https://velen.io)"
34.78.60.8 - - [02/May/2024:17:53:11 +0200] "GET /node/1599 HTTP/1.1" 200 - "-" "Mozilla/5.0 (compatible; VelenPublicWebCrawler/1.0; +https://velen.io)"
34.78.60.8 - - [02/May/2024:17:53:43 +0200] "GET /node/1599 HTTP/1.1" 200 - "-" "Mozilla/5.0 (compatible; VelenPublicWebCrawler/1.0; +https://velen.io)"
66.249.70.102 - - [02/May/2024:18:04:46 +0200] "GET /files/oksz_terv_100302.pdf HTTP/1.1" 200 176795 "-" "Mozilla/5.0 (Linux; Android 6.0.1; Nexus 5X Build/MMB29P) AppleWebKit/537.36 (KHTML, like Gecko) Chrome/124.0.6367.91 Mobile Safari/537.36 (compatible; Googlebot/2.1; +http://www.google.com/bot.html)"
18.200.247.52 - - [02/May/2024:18:18:18 +0200] "GET / HTTP/1.0" 200 - "-" "Mozilla/5.0 (compatible; NetcraftSurveyAgent/1.0; +info@netcraft.com)"
216.244.66.200 - - [02/May/2024:18:29:15 +0200] "GET /robots.txt HTTP/1.1" 200 1590 "-" "Mozilla/5.0 (compatible; DotBot/1.2; +https://opensiteexplorer.org/dotbot; help@moz.com)"
216.244.66.200 - - [02/May/2024:18:29:15 +0200] "GET /robots.txt HTTP/1.1" 200 1590 "-" "Mozilla/5.0 (compatible; DotBot/1.2; +https://opensiteexplorer.org/dotbot; help@moz.com)"
66.249.70.102 - - [02/May/2024:18:45:58 +0200] "GET / HTTP/1.1" 200 - "-" "Mozilla/5.0 (Linux; Android 6.0.1; Nexus 5X Build/MMB29P) AppleWebKit/537.36 (KHTML, like Gecko) Chrome/99.0.4844.84 Mobile Safari/537.36 (compatible; Googlebot/2.1; +http://www.google.com/bot.html)"
66.249.70.102 - - [02/May/2024:18:46:30 +0200] "GET / HTTP/1.1" 200 - "-" "Mozilla/5.0 (compatible; Googlebot/2.1; +http://www.google.com/bot.html)"
66.249.70.102 - - [02/May/2024:18:47:02 +0200] "GET / HTTP/1.1" 200 - "-" "Mozilla/5.0 (Linux; Android 6.0.1; Nexus 5X Build/MMB29P) AppleWebKit/537.36 (KHTML, like Gecko) Chrome/124.0.6367.91 Mobile Safari/537.36 (compatible; Googlebot/2.1; +http://www.google.com/bot.html)"
66.249.70.102 - - [02/May/2024:18:47:34 +0200] "GET / HTTP/1.1" 200 - "-" "Mozilla/5.0 (compatible; Googlebot/2.1; +http://www.google.com/bot.html)"
150.230.58.58 - - [02/May/2024:18:53:13 +0200] "GET /wp-content/plugins/core/include.php HTTP/1.1" 200 - "-" "Mozlila/5.0 (Linux; Android 7.0; SM-G892A Bulid/NRD90M; wv) AppleWebKit/537.36 (KHTML, like Gecko) Version/4.0 Chrome/60.0.3112.107 Moblie Safari/537.36"
37.76.41.176 - - [02/May/2024:18:53:47 +0200] "GET /files/termofold_igenybevetel_eloterjesztes.pdf HTTP/1.1" 200 34850 "https://www.google.com/" "Mozilla/5.0 (Linux; Android 10; K) AppleWebKit/537.36 (KHTML, like Gecko) Chrome/114.0.0.0 Mobile Safari/537.36"
37.76.41.176 - - [02/May/2024:18:54:06 +0200] "GET /files/termofold_igenybevetel_eloterjesztes.pdf HTTP/1.1" 206 1 "https://www.google.com/" "Mozilla/5.0 (Linux; Android 10; K) AppleWebKit/537.36 (KHTML, like Gecko) Chrome/114.0.0.0 Mobile Safari/537.36"
37.76.41.176 - - [02/May/2024:18:54:06 +0200] "GET /files/termofold_igenybevetel_eloterjesztes.pdf HTTP/1.1" 206 203640 "https://www.google.com/" "Mozilla/5.0 (Linux; Android 10; K) AppleWebKit/537.36 (KHTML, like Gecko) Chrome/114.0.0.0 Mobile Safari/537.36"
216.244.66.200 - - [02/May/2024:19:01:05 +0200] "GET /files/TK51_2.pdf HTTP/1.1" 200 130836 "-" "Mozilla/5.0 (compatible; DotBot/1.2; +https://opensiteexplorer.org/dotbot; help@moz.com)"
216.244.66.200 - - [02/May/2024:19:02:44 +0200] "GET /user/394/notify HTTP/1.1" 200 - "-" "Mozilla/5.0 (compatible; DotBot/1.2; +https://opensiteexplorer.org/dotbot; help@moz.com)"
216.244.66.200 - - [02/May/2024:19:03:10 +0200] "GET /files/118_2001_terv_091102.pdf HTTP/1.1" 200 189533 "-" "Mozilla/5.0 (compatible; DotBot/1.2; +https://opensiteexplorer.org/dotbot; help@moz.com)"
216.244.66.200 - - [02/May/2024:19:03:32 +0200] "GET /files/13_2004_om_rend_mod_070220.pdf HTTP/1.1" 200 335815 "-" "Mozilla/5.0 (compatible; DotBot/1.2; +https://opensiteexplorer.org/dotbot; help@moz.com)"
216.244.66.200 - - [02/May/2024:19:03:52 +0200] "GET /files/FVM%20rendelet.doc HTTP/1.1" 200 49152 "-" "Mozilla/5.0 (compatible; DotBot/1.2; +https://opensiteexplorer.org/dotbot; help@moz.com)"
216.244.66.200 - - [02/May/2024:19:04:15 +0200] "GET /files/Pannonhalmi_tervezet.pdf HTTP/1.1" 200 248249 "-" "Mozilla/5.0 (compatible; DotBot/1.2; +https://opensiteexplorer.org/dotbot; help@moz.com)"
216.244.66.200 - - [02/May/2024:19:04:51 +0200] "GET /files/_5edt6orrmk1ln953ieq16su8_.pdf HTTP/1.1" 200 365582 "-" "Mozilla/5.0 (compatible; DotBot/1.2; +https://opensiteexplorer.org/dotbot; help@moz.com)"
216.244.66.200 - - [02/May/2024:19:05:24 +0200] "GET /files/besopiacuzletivallalk.doc HTTP/1.1" 200 596480 "-" "Mozilla/5.0 (compatible; DotBot/1.2; +https://opensiteexplorer.org/dotbot; help@moz.com)"
216.244.66.200 - - [02/May/2024:19:05:55 +0200] "GET /files/habsburg_terv_090421.pdf HTTP/1.1" 200 317660 "-" "Mozilla/5.0 (compatible; DotBot/1.2; +https://opensiteexplorer.org/dotbot; help@moz.com)"
216.244.66.200 - - [02/May/2024:19:06:23 +0200] "GET /files/hatarellenorzes.doc HTTP/1.1" 200 51200 "-" "Mozilla/5.0 (compatible; DotBot/1.2; +https://opensiteexplorer.org/dotbot; help@moz.com)"
216.244.66.200 - - [02/May/2024:19:06:54 +0200] "GET /files/jelentes_0918_070919.pdf HTTP/1.1" 200 890103 "-" "Mozilla/5.0 (compatible; DotBot/1.2; +https://opensiteexplorer.org/dotbot; help@moz.com)"
37.35.42.84 - - [02/May/2024:19:13:27 +0200] "GET / HTTP/1.1" 200 - "-" "Mozilla/5.0 (Windows NT 6.1; WOW64) AppleWebKit/537.36 (KHTML, like Gecko) Chrome/122.0.0.0 Safari/537.36"
66.249.64.76 - - [02/May/2024:19:16:25 +0200] "GET /drupal/files/oht_ii_febr2.pdf HTTP/1.1" 200 - "-" "Mozilla/5.0 AppleWebKit/537.36 (KHTML, like Gecko; compatible; GoogleOther) Chrome/124.0.6367.91 Safari/537.36"
66.249.64.72 - - [02/May/2024:19:19:44 +0200] "GET /files/cegbejegyz_cegnyilv_08.12.doc HTTP/1.1" 304 - "-" "Mozilla/5.0 (Linux; Android 6.0.1; Nexus 5X Build/MMB29P) AppleWebKit/537.36 (KHTML, like Gecko) Chrome/124.0.6367.91 Mobile Safari/537.36 (compatible; Googlebot/2.1; +http://www.google.com/bot.html)"
216.244.66.200 - - [02/May/2024:19:20:16 +0200] "GET /robots.txt HTTP/1.1" 200 1590 "-" "Mozilla/5.0 (compatible; DotBot/1.2; +https://opensiteexplorer.org/dotbot; help@moz.com)"
216.244.66.200 - - [02/May/2024:19:20:17 +0200] "GET /robots.txt HTTP/1.1" 200 1590 "-" "Mozilla/5.0 (compatible; DotBot/1.2; +https://opensiteexplorer.org/dotbot; help@moz.com)"
216.244.66.200 - - [02/May/2024:19:52:40 +0200] "GET /files/1_mell_FAVI_ENG_alap.doc HTTP/1.1" 200 985679 "-" "Mozilla/5.0 (compatible; DotBot/1.2; +https://opensiteexplorer.org/dotbot; help@moz.com)"
216.244.66.200 - - [02/May/2024:19:52:50 +0200] "GET /files/2008elsonegyedev.pdf HTTP/1.1" 200 57799 "-" "Mozilla/5.0 (compatible; DotBot/1.2; +https://opensiteexplorer.org/dotbot; help@moz.com)"
216.244.66.200 - - [02/May/2024:19:53:33 +0200] "GET /files/bizotts%C3%83%C2%A1gok.pdf HTTP/1.1" 200 - "-" "Mozilla/5.0 (compatible; DotBot/1.2; +https://opensiteexplorer.org/dotbot; help@moz.com)"
216.244.66.200 - - [02/May/2024:19:53:59 +0200] "GET /files/kkk_mod_honlapra_070914.pdf HTTP/1.1" 200 809046 "-" "Mozilla/5.0 (compatible; DotBot/1.2; +https://opensiteexplorer.org/dotbot; help@moz.com)"
216.244.66.200 - - [02/May/2024:19:54:32 +0200] "GET /files/Eloterjesztes_264_15_16_mod_KOZIG.pdf HTTP/1.1" 200 190086 "-" "Mozilla/5.0 (compatible; DotBot/1.2; +https://opensiteexplorer.org/dotbot; help@moz.com)"
216.244.66.200 - - [02/May/2024:19:55:05 +0200] "GET /files/hadkotelesek_hm_rendelet_tervezet.pdf HTTP/1.1" 200 107684 "-" "Mozilla/5.0 (compatible; DotBot/1.2; +https://opensiteexplorer.org/dotbot; help@moz.com)"
216.244.66.200 - - [02/May/2024:19:56:06 +0200] "GET /files/megfelel%C3%83%C2%A9si%20t%C3%83%C2%A1bla.doc HTTP/1.1" 200 - "-" "Mozilla/5.0 (compatible; DotBot/1.2; +https://opensiteexplorer.org/dotbot; help@moz.com)"
216.244.66.200 - - [02/May/2024:20:13:01 +0200] "GET /robots.txt HTTP/1.1" 200 1590 "-" "Mozilla/5.0 (compatible; DotBot/1.2; +https://opensiteexplorer.org/dotbot; help@moz.com)"
216.244.66.200 - - [02/May/2024:20:13:01 +0200] "GET /robots.txt HTTP/1.1" 200 1590 "-" "Mozilla/5.0 (compatible; DotBot/1.2; +https://opensiteexplorer.org/dotbot; help@moz.com)"
216.244.66.200 - - [02/May/2024:20:43:49 +0200] "GET /files/348_vedett_allatfajos_kozig.pdf HTTP/1.1" 200 227118 "-" "Mozilla/5.0 (compatible; DotBot/1.2; +https://opensiteexplorer.org/dotbot; help@moz.com)"
216.244.66.200 - - [02/May/2024:20:44:02 +0200] "GET /files/Eftv_Vhr_081210.doc HTTP/1.1" 200 287232 "-" "Mozilla/5.0 (compatible; DotBot/1.2; +https://opensiteexplorer.org/dotbot; help@moz.com)"
216.244.66.200 - - [02/May/2024:20:44:13 +0200] "GET /files/KEHM_2135norma.doc HTTP/1.1" 200 39936 "-" "Mozilla/5.0 (compatible; DotBot/1.2; +https://opensiteexplorer.org/dotbot; help@moz.com)"
213.180.203.150 - - [02/May/2024:20:44:17 +0200] "GET /robots.txt HTTP/1.1" 200 1590 "-" "Mozilla/5.0 (compatible; YandexBot/3.0; +http://yandex.com/bots)"
216.244.66.200 - - [02/May/2024:20:44:24 +0200] "GET /files/KHEM_4860_6_norma.doc HTTP/1.1" 200 51200 "-" "Mozilla/5.0 (compatible; DotBot/1.2; +https://opensiteexplorer.org/dotbot; help@moz.com)"
216.244.66.200 - - [02/May/2024:20:44:40 +0200] "GET /files/NER_veny_elterj20090428kn.doc HTTP/1.1" 200 1130496 "-" "Mozilla/5.0 (compatible; DotBot/1.2; +https://opensiteexplorer.org/dotbot; help@moz.com)"
5.255.231.53 - - [02/May/2024:20:44:48 +0200] "GET /taxonomy/term/29 HTTP/1.1" 200 - "-" "Mozilla/5.0 (compatible; YandexBot/3.0; +http://yandex.com/bots)"
216.244.66.200 - - [02/May/2024:20:45:00 +0200] "GET /files/elemiszerkonyv_melleklet.pdf HTTP/1.1" 200 19554 "-" "Mozilla/5.0 (compatible; DotBot/1.2; +https://opensiteexplorer.org/dotbot; help@moz.com)"
216.244.66.200 - - [02/May/2024:20:45:23 +0200] "GET /files/elismeres_terv_090818.pdf HTTP/1.1" 200 253555 "-" "Mozilla/5.0 (compatible; DotBot/1.2; +https://opensiteexplorer.org/dotbot; help@moz.com)"
216.244.66.200 - - [02/May/2024:20:46:00 +0200] "GET /files/kjofmh-kormelo-kozig.doc HTTP/1.1" 200 863744 "-" "Mozilla/5.0 (compatible; DotBot/1.2; +https://opensiteexplorer.org/dotbot; help@moz.com)"
216.244.66.200 - - [02/May/2024:20:46:31 +0200] "GET /files/knb_objektumokba_belepes.pdf HTTP/1.1" 200 119527 "-" "Mozilla/5.0 (compatible; DotBot/1.2; +https://opensiteexplorer.org/dotbot; help@moz.com)"
216.244.66.200 - - [02/May/2024:20:47:03 +0200] "GET /files/nev_okt_11_94_080319.pdf HTTP/1.1" 200 261041 "-" "Mozilla/5.0 (compatible; DotBot/1.2; +https://opensiteexplorer.org/dotbot; help@moz.com)"
216.244.66.200 - - [02/May/2024:20:47:40 +0200] "GET /files/vizbazis0806_kozigre.pdf HTTP/1.1" 200 552509 "-" "Mozilla/5.0 (compatible; DotBot/1.2; +https://opensiteexplorer.org/dotbot; help@moz.com)"
216.244.66.200 - - [02/May/2024:20:48:43 +0200] "GET /files/3-%20indokol%C3%83%C2%A1s%20-%20XII.%205..doc HTTP/1.1" 200 - "-" "Mozilla/5.0 (compatible; DotBot/1.2; +https://opensiteexplorer.org/dotbot; help@moz.com)"
216.244.66.200 - - [02/May/2024:20:49:06 +0200] "GET /files/ifj_szoc_gyv_rend_terv_061211.pdf HTTP/1.1" 200 245506 "-" "Mozilla/5.0 (compatible; DotBot/1.2; +https://opensiteexplorer.org/dotbot; help@moz.com)"
216.244.66.200 - - [02/May/2024:20:49:38 +0200] "GET /files/kormeloterj_elelmiszerlanc_velemenyezesre.pdf HTTP/1.1" 200 178865 "-" "Mozilla/5.0 (compatible; DotBot/1.2; +https://opensiteexplorer.org/dotbot; help@moz.com)"
216.244.66.200 - - [02/May/2024:20:50:38 +0200] "GET /files/ment%C3%83%C2%A9si%20rendelet%20m%C3%83%C2%B3d.doc HTTP/1.1" 200 - "-" "Mozilla/5.0 (compatible; DotBot/1.2; +https://opensiteexplorer.org/dotbot; help@moz.com)"
91.92.244.2 - - [02/May/2024:20:57:00 +0200] "GET /wp-content/wp-cron.php?ac=3 HTTP/1.1" 200 - "www.google.com" "Mozlila/5.0 (Linux; Android 7.0; SM-G892A Bulid/NRD90M; wv) AppleWebKit/537.36 (KHTML, like Gecko) Version/4.0 Chrome/60.0.3112.107 Moblie Safari/537.36"
216.244.66.200 - - [02/May/2024:21:08:48 +0200] "GET /robots.txt HTTP/1.1" 200 1590 "-" "Mozilla/5.0 (compatible; DotBot/1.2; +https://opensiteexplorer.org/dotbot; help@moz.com)"
66.249.64.74 - - [02/May/2024:21:15:15 +0200] "GET /files/hm_rendelet_tervezet_kulszolgalat_jogallas.pdf HTTP/1.1" 304 - "-" "Mozilla/5.0 (Linux; Android 6.0.1; Nexus 5X Build/MMB29P) AppleWebKit/537.36 (KHTML, like Gecko) Chrome/124.0.6367.91 Mobile Safari/537.36 (compatible; Googlebot/2.1; +http://www.google.com/bot.html)"
66.249.64.73 - - [02/May/2024:21:35:00 +0200] "GET /files/nca_tiszteletdij_090422.pdf HTTP/1.1" 200 246298 "-" "Googlebot/2.1 (+http://www.google.com/bot.html)"
216.244.66.200 - - [02/May/2024:21:40:02 +0200] "GET /files/gyermekszegenyseg_tervezet_5_melleklet_070125.pdf HTTP/1.1" 200 348864 "-" "Mozilla/5.0 (compatible; DotBot/1.2; +https://opensiteexplorer.org/dotbot; help@moz.com)"
66.249.64.224 - - [02/May/2024:22:03:23 +0200] "GET /files/150_1992_terv_100301.pdf HTTP/1.1" 304 - "-" "Mozilla/5.0 (Linux; Android 6.0.1; Nexus 5X Build/MMB29P) AppleWebKit/537.36 (KHTML, like Gecko) Chrome/124.0.6367.91 Mobile Safari/537.36 (compatible; Googlebot/2.1; +http://www.google.com/bot.html)"
66.249.64.74 - - [02/May/2024:22:03:24 +0200] "GET /files/R178_3indoklas.pdf HTTP/1.1" 200 92789 "-" "Mozilla/5.0 (Linux; Android 6.0.1; Nexus 5X Build/MMB29P) AppleWebKit/537.36 (KHTML, like Gecko) Chrome/124.0.6367.91 Mobile Safari/537.36 (compatible; Googlebot/2.1; +http://www.google.com/bot.html)"
66.249.64.225 - - [02/May/2024:22:04:50 +0200] "GET /files/KHEM_1424_5normaszoveg.doc HTTP/1.1" 200 365056 "-" "Mozilla/5.0 (Linux; Android 6.0.1; Nexus 5X Build/MMB29P) AppleWebKit/537.36 (KHTML, like Gecko) Chrome/124.0.6367.91 Mobile Safari/537.36 (compatible; Googlebot/2.1; +http://www.google.com/bot.html)"
216.244.66.200 - - [02/May/2024:22:07:06 +0200] "GET /robots.txt HTTP/1.1" 200 1590 "-" "Mozilla/5.0 (compatible; DotBot/1.2; +https://opensiteexplorer.org/dotbot; help@moz.com)"
66.249.64.73 - - [02/May/2024:22:12:16 +0200] "GET /files/eloterjesztes_20100302.pdf HTTP/1.1" 200 159138 "-" "Mozilla/5.0 (Linux; Android 6.0.1; Nexus 5X Build/MMB29P) AppleWebKit/537.36 (KHTML, like Gecko) Chrome/124.0.6367.91 Mobile Safari/537.36 (compatible; Googlebot/2.1; +http://www.google.com/bot.html)"
66.249.64.74 - - [02/May/2024:22:14:49 +0200] "GET /files/szegregalt_lakokornyezet_terv_090421.pdf HTTP/1.1" 200 861412 "-" "Googlebot/2.1 (+http://www.google.com/bot.html)"
216.244.66.200 - - [02/May/2024:22:37:59 +0200] "GET /files/_aedt62qrbg9o6ast1ei176gide9imsp1i60o3c_.pdf HTTP/1.1" 200 61992 "-" "Mozilla/5.0 (compatible; DotBot/1.2; +https://opensiteexplorer.org/dotbot; help@moz.com)"
216.244.66.200 - - [02/May/2024:22:37:59 +0200] "GET /files/M%C3%83%C2%A1solat%20eredetije3_melleklet_Eftv1.xls HTTP/1.1" 200 - "-" "Mozilla/5.0 (compatible; DotBot/1.2; +https://opensiteexplorer.org/dotbot; help@moz.com)"
216.244.66.200 - - [02/May/2024:22:38:12 +0200] "GET /files/hm_im_katonai_nyomozo_modositas.pdf HTTP/1.1" 200 87023 "-" "Mozilla/5.0 (compatible; DotBot/1.2; +https://opensiteexplorer.org/dotbot; help@moz.com)"
66.249.64.74 - - [02/May/2024:22:43:16 +0200] "GET /files/htsz_nyil_tabla_terv_071218.pdf HTTP/1.1" 200 131228 "-" "Mozilla/5.0 (Linux; Android 6.0.1; Nexus 5X Build/MMB29P) AppleWebKit/537.36 (KHTML, like Gecko) Chrome/124.0.6367.91 Mobile Safari/537.36 (compatible; Googlebot/2.1; +http://www.google.com/bot.html)"
66.249.64.74 - - [02/May/2024:22:48:08 +0200] "GET /files/nat_terv_080521.pdf HTTP/1.1" 200 155548 "-" "Mozilla/5.0 (Linux; Android 6.0.1; Nexus 5X Build/MMB29P) AppleWebKit/537.36 (KHTML, like Gecko) Chrome/124.0.6367.91 Mobile Safari/537.36 (compatible; GoogleOther)"
216.244.66.200 - - [02/May/2024:23:07:05 +0200] "GET /robots.txt HTTP/1.1" 200 1590 "-" "Mozilla/5.0 (compatible; DotBot/1.2; +https://opensiteexplorer.org/dotbot; help@moz.com)"
20.106.253.163 - - [02/May/2024:23:13:46 +0200] "GET /files/2007_II_tablazat_08.10.nyilvanosvaltozat.pdf HTTP/1.1" 200 30195 "-" "python-requests/2.24.0"
216.244.66.200 - - [02/May/2024:23:20:50 +0200] "GET /files/a%2017per2007_korm_rend_mod_terv.doc HTTP/1.1" 200 207872 "-" "Mozilla/5.0 (compatible; DotBot/1.2; +https://opensiteexplorer.org/dotbot; help@moz.com)"
216.244.66.200 - - [02/May/2024:23:21:41 +0200] "GET /files/hm_rendelet_tervezet_katonak_illetmenyerol_es_juttatasairol.pdf HTTP/1.1" 200 171290 "-" "Mozilla/5.0 (compatible; DotBot/1.2; +https://opensiteexplorer.org/dotbot; help@moz.com)"
81.181.62.24 - - [02/May/2024:23:26:44 +0200] "GET / HTTP/1.1" 200 - "-" "Mozilla/5.0 (Windows; U; Windows NT 6.1; en-US; rv:1.9.1.5) Gecko/20091102 Firefox/3.5.5 (.NET CLR 3.5.30729)"
66.249.64.72 - - [02/May/2024:23:42:15 +0200] "GET /files/ptk.csaladjog.pdf HTTP/1.1" 304 - "-" "Mozilla/5.0 (Linux; Android 6.0.1; Nexus 5X Build/MMB29P) AppleWebKit/537.36 (KHTML, like Gecko) Chrome/124.0.6367.91 Mobile Safari/537.36 (compatible; Googlebot/2.1; +http://www.google.com/bot.html)"
216.244.66.200 - - [03/May/2024:00:04:26 +0200] "GET /robots.txt HTTP/1.1" 200 1590 "-" "Mozilla/5.0 (compatible; DotBot/1.2; +https://opensiteexplorer.org/dotbot; help@moz.com)"
216.244.66.200 - - [03/May/2024:00:04:26 +0200] "GET /robots.txt HTTP/1.1" 200 1590 "-" "Mozilla/5.0 (compatible; DotBot/1.2; +https://opensiteexplorer.org/dotbot; help@moz.com)"
66.249.64.234 - - [03/May/2024:00:04:46 +0200] "GET /files/tervezet_kozigre_Balata_to.pdf HTTP/1.1" 200 71664 "-" "Mozilla/5.0 (Linux; Android 6.0.1; Nexus 5X Build/MMB29P) AppleWebKit/537.36 (KHTML, like Gecko) Chrome/124.0.6367.91 Mobile Safari/537.36 (compatible; Googlebot/2.1; +http://www.google.com/bot.html)"
216.244.66.200 - - [03/May/2024:00:22:07 +0200] "GET /files/elterjsszakkepzes06.23.vgleges_jelentes0702.pdf HTTP/1.1" 200 173779 "-" "Mozilla/5.0 (compatible; DotBot/1.2; +https://opensiteexplorer.org/dotbot; help@moz.com)"
216.244.66.200 - - [03/May/2024:00:22:20 +0200] "GET /files/szakm_koll_min_rend_terv_081211.doc HTTP/1.1" 200 183296 "-" "Mozilla/5.0 (compatible; DotBot/1.2; +https://opensiteexplorer.org/dotbot; help@moz.com)"
216.244.66.200 - - [03/May/2024:00:22:36 +0200] "GET /files/t%C5%B1zv%C3%A9delmi%20technika1.pdf HTTP/1.1" 200 223609 "-" "Mozilla/5.0 (compatible; DotBot/1.2; +https://opensiteexplorer.org/dotbot; help@moz.com)"
216.244.66.200 - - [03/May/2024:00:23:55 +0200] "GET /files/Igazgat%C3%83%C2%A1si%20szolg%C3%83%C2%A1ltat%C3%83%C2%A1si%20d%C3%83%C2%ADjak.doc HTTP/1.1" 200 - "-" "Mozilla/5.0 (compatible; DotBot/1.2; +https://opensiteexplorer.org/dotbot; help@moz.com)"
216.244.66.200 - - [03/May/2024:00:24:14 +0200] "GET /files/ismeretlen_helyen_tartozkodo_korozes_szakmai_indokolas.doc HTTP/1.1" 200 32256 "-" "Mozilla/5.0 (compatible; DotBot/1.2; +https://opensiteexplorer.org/dotbot; help@moz.com)"
20.106.254.216 - - [03/May/2024:01:45:34 +0200] "GET /files/legikozlvedszabkormelo.pdf HTTP/1.1" 200 239092 "-" "python-requests/2.24.0"
52.167.144.221 - - [03/May/2024:01:49:32 +0200] "GET /files/egyes_szoc_szolg_070206.pdf HTTP/1.1" 200 274567 "-" "Mozilla/5.0 AppleWebKit/537.36 (KHTML, like Gecko; compatible; bingbot/2.0; +http://www.bing.com/bingbot.htm) Chrome/116.0.1938.76 Safari/537.36"
66.249.64.72 - - [03/May/2024:01:57:22 +0200] "GET /files/t_csomag_08_09_18_honlapra.doc HTTP/1.1" 200 327680 "-" "Mozilla/5.0 (Linux; Android 6.0.1; Nexus 5X Build/MMB29P) AppleWebKit/537.36 (KHTML, like Gecko) Chrome/124.0.6367.118 Mobile Safari/537.36 (compatible; Googlebot/2.1; +http://www.google.com/bot.html)"
216.244.66.200 - - [03/May/2024:02:57:50 +0200] "GET /robots.txt HTTP/1.1" 200 1590 "-" "Mozilla/5.0 (compatible; DotBot/1.2; +https://opensiteexplorer.org/dotbot; help@moz.com)"
198.235.24.3 - - [03/May/2024:03:34:56 +0200] "GET / HTTP/1.1" 200 - "-" "-"
3.141.168.81 - - [03/May/2024:03:42:56 +0200] "GET /sites/all/modules/filefield/icons/protocons/16x16/mimetypes/application-octet-stream.png HTTP/1.1" 200 205 "-" "Mozilla/5.0 (X11; Ubuntu; Linux x86_64; rv:72.0) Gecko/20100101 Firefox/72.0"
216.244.66.200 - - [03/May/2024:03:54:59 +0200] "GET /robots.txt HTTP/1.1" 200 1590 "-" "Mozilla/5.0 (compatible; DotBot/1.2; +https://opensiteexplorer.org/dotbot; help@moz.com)"
216.244.66.200 - - [03/May/2024:03:54:59 +0200] "GET /robots.txt HTTP/1.1" 200 1590 "-" "Mozilla/5.0 (compatible; DotBot/1.2; +https://opensiteexplorer.org/dotbot; help@moz.com)"
37.76.3.51 - - [03/May/2024:03:56:33 +0200] "GET /files/hadkotelesek_hm_eum_rendelet_tervezet_melleklet.pdf HTTP/1.1" 200 713160 "-" "Dalvik/2.1.0 (Linux; U; Android 9; MAR-LX1A Build/HUAWEIMAR-L21A)"
91.92.255.116 - - [03/May/2024:03:58:44 +0200] "GET / HTTP/1.1" 200 - "-" "Mozilla/5.0 (Windows NT 10.0; Win64; x64) AppleWebKit/537.36 (KHTML, like Gecko) Chrome/88.0.4240.193 Safari/537.36"
91.92.255.116 - - [03/May/2024:03:59:16 +0200] "GET / HTTP/1.1" 200 - "-" "Mozilla/5.0 (Windows NT 10.0; Win64; x64) AppleWebKit/537.36 (KHTML, like Gecko) Chrome/88.0.4240.193 Safari/537.36"
91.92.255.116 - - [03/May/2024:03:59:48 +0200] "GET /wp-includes/wlwmanifest.xml HTTP/1.1" 200 - "-" "Mozilla/5.0 (Windows NT 10.0; Win64; x64) AppleWebKit/537.36 (KHTML, like Gecko) Chrome/88.0.4240.193 Safari/537.36"
216.244.66.200 - - [03/May/2024:04:03:01 +0200] "GET /files/utravalohonlapra_02_14.pdf HTTP/1.1" 200 175291 "-" "Mozilla/5.0 (compatible; DotBot/1.2; +https://opensiteexplorer.org/dotbot; help@moz.com)"
216.244.66.200 - - [03/May/2024:04:03:23 +0200] "GET /files/okm_alapitvanyok_terv_mell_080620.pdf HTTP/1.1" 200 70704 "-" "Mozilla/5.0 (compatible; DotBot/1.2; +https://opensiteexplorer.org/dotbot; help@moz.com)"
216.244.66.200 - - [03/May/2024:04:03:35 +0200] "GET /files/rendelet_tervezet_2008._augusztus.doc HTTP/1.1" 200 39936 "-" "Mozilla/5.0 (compatible; DotBot/1.2; +https://opensiteexplorer.org/dotbot; help@moz.com)"
216.244.66.200 - - [03/May/2024:04:03:46 +0200] "GET /files/szszital_foldrajzi_arujelzo_korm_tervezet.pdf HTTP/1.1" 200 74219 "-" "Mozilla/5.0 (compatible; DotBot/1.2; +https://opensiteexplorer.org/dotbot; help@moz.com)"
216.244.66.200 - - [03/May/2024:04:03:59 +0200] "GET /files/zenekari_enekkari_tam_mell_korusok_070131.pdf HTTP/1.1" 200 107095 "-" "Mozilla/5.0 (compatible; DotBot/1.2; +https://opensiteexplorer.org/dotbot; help@moz.com)"
216.244.66.200 - - [03/May/2024:04:04:41 +0200] "GET /files/MAGYAR%20K%C3%83%E2%80%93ZT%C3%83%C2%81RSAS%C3%83%C2%81G%20KORM%C3%83%C2%81NYA.doc HTTP/1.1" 200 - "-" "Mozilla/5.0 (compatible; DotBot/1.2; +https://opensiteexplorer.org/dotbot; help@moz.com)"
216.244.66.200 - - [03/May/2024:04:05:14 +0200] "GET /taxonomy/term/3/0/feed HTTP/1.1" 200 - "-" "Mozilla/5.0 (compatible; DotBot/1.2; +https://opensiteexplorer.org/dotbot; help@moz.com)"
66.249.64.224 - - [03/May/2024:04:23:58 +0200] "GET /files/6125_2_.pdf HTTP/1.1" 304 - "-" "Mozilla/5.0 (Linux; Android 6.0.1; Nexus 5X Build/MMB29P) AppleWebKit/537.36 (KHTML, like Gecko) Chrome/124.0.6367.118 Mobile Safari/537.36 (compatible; Googlebot/2.1; +http://www.google.com/bot.html)"
66.249.64.74 - - [03/May/2024:04:58:08 +0200] "GET /files/kizarolagos.doc HTTP/1.1" 200 130560 "-" "Mozilla/5.0 (Linux; Android 6.0.1; Nexus 5X Build/MMB29P) AppleWebKit/537.36 (KHTML, like Gecko) Chrome/124.0.6367.118 Mobile Safari/537.36 (compatible; Googlebot/2.1; +http://www.google.com/bot.html)"
66.249.64.234 - - [03/May/2024:05:53:57 +0200] "GET /robots.txt HTTP/1.1" 200 1590 "-" "Mozilla/5.0 (compatible; Googlebot/2.1; +http://www.google.com/bot.html)"
66.249.64.234 - - [03/May/2024:05:53:58 +0200] "GET /files/oksz_terv_100302.pdf HTTP/1.1" 200 176795 "-" "Mozilla/5.0 (Linux; Android 6.0.1; Nexus 5X Build/MMB29P) AppleWebKit/537.36 (KHTML, like Gecko) Chrome/124.0.6367.118 Mobile Safari/537.36 (compatible; Googlebot/2.1; +http://www.google.com/bot.html)"
66.249.64.74 - - [03/May/2024:06:29:50 +0200] "GET /files/esely_terv_081223.pdf HTTP/1.1" 200 204785 "-" "Mozilla/5.0 (Linux; Android 6.0.1; Nexus 5X Build/MMB29P) AppleWebKit/537.36 (KHTML, like Gecko) Chrome/124.0.6367.118 Mobile Safari/537.36 (compatible; Googlebot/2.1; +http://www.google.com/bot.html)"
54.36.148.238 - - [03/May/2024:06:45:53 +0200] "GET /robots.txt HTTP/1.1" 200 1590 "-" "Mozilla/5.0 (compatible; AhrefsBot/7.0; +http://ahrefs.com/robot/)"
172.174.9.154 - - [03/May/2024:06:46:10 +0200] "GET /files/tarsadalmi_szervezetek_reszere_nyujtando_tamogatasokrol.pdf HTTP/1.1" 200 299828 "-" "python-requests/2.24.0"
195.228.188.75 - - [03/May/2024:07:09:15 +0200] "GET /files/ptk-normaszoveg-tervezet_20071029.pdf HTTP/1.1" 200 1425629 "-" "Mozilla/5.0 (iPhone; CPU iPhone OS 17_2_1 like Mac OS X) AppleWebKit/605.1.15 (KHTML, like Gecko) Version/17.2 Mobile/15E148 Safari/604.1"
195.228.188.75 - - [03/May/2024:07:09:48 +0200] "GET /apple-touch-icon-120x120-precomposed.png HTTP/1.1" 200 - "-" "MobileSafari/8617.1.17.10.9 CFNetwork/1490.0.4 Darwin/23.2.0"
195.228.188.75 - - [03/May/2024:07:10:20 +0200] "GET /apple-touch-icon-120x120-precomposed.png HTTP/1.1" 200 - "-" "MobileSafari/8617.1.17.10.9 CFNetwork/1490.0.4 Darwin/23.2.0"
195.228.188.75 - - [03/May/2024:07:10:49 +0200] "GET /apple-touch-icon-120x120.png HTTP/1.1" 200 - "-" "MobileSafari/8617.1.17.10.9 CFNetwork/1490.0.4 Darwin/23.2.0"
195.228.188.75 - - [03/May/2024:07:11:21 +0200] "GET /apple-touch-icon-120x120.png HTTP/1.1" 200 - "-" "MobileSafari/8617.1.17.10.9 CFNetwork/1490.0.4 Darwin/23.2.0"
195.228.188.75 - - [03/May/2024:07:11:49 +0200] "GET /apple-touch-icon-precomposed.png HTTP/1.1" 200 - "-" "MobileSafari/8617.1.17.10.9 CFNetwork/1490.0.4 Darwin/23.2.0"
195.228.188.75 - - [03/May/2024:07:12:21 +0200] "GET /apple-touch-icon-precomposed.png HTTP/1.1" 200 - "-" "MobileSafari/8617.1.17.10.9 CFNetwork/1490.0.4 Darwin/23.2.0"
195.228.188.75 - - [03/May/2024:07:12:49 +0200] "GET /apple-touch-icon.png HTTP/1.1" 200 - "-" "MobileSafari/8617.1.17.10.9 CFNetwork/1490.0.4 Darwin/23.2.0"
195.228.188.75 - - [03/May/2024:07:13:18 +0200] "GET /favicon.ico HTTP/1.1" 404 57 "-" "MobileSafari/8617.1.17.10.9 CFNetwork/1490.0.4 Darwin/23.2.0"
195.228.188.75 - - [03/May/2024:07:13:21 +0200] "GET /apple-touch-icon.png HTTP/1.1" 200 - "-" "MobileSafari/8617.1.17.10.9 CFNetwork/1490.0.4 Darwin/23.2.0"
195.228.188.75 - - [03/May/2024:07:13:50 +0200] "GET /apple-touch-icon-120x120-precomposed.png HTTP/1.1" 200 - "-" "MobileSafari/8617.1.17.10.9 CFNetwork/1490.0.4 Darwin/23.2.0"
195.228.188.75 - - [03/May/2024:07:14:22 +0200] "GET /apple-touch-icon-120x120-precomposed.png HTTP/1.1" 200 - "-" "MobileSafari/8617.1.17.10.9 CFNetwork/1490.0.4 Darwin/23.2.0"
195.228.188.75 - - [03/May/2024:07:14:50 +0200] "GET /apple-touch-icon-120x120.png HTTP/1.1" 200 - "-" "MobileSafari/8617.1.17.10.9 CFNetwork/1490.0.4 Darwin/23.2.0"
66.249.64.74 - - [03/May/2024:07:23:58 +0200] "GET /files/martinsalak.pdf HTTP/1.1" 304 - "-" "Mozilla/5.0 (Linux; Android 6.0.1; Nexus 5X Build/MMB29P) AppleWebKit/537.36 (KHTML, like Gecko) Chrome/124.0.6367.118 Mobile Safari/537.36 (compatible; Googlebot/2.1; +http://www.google.com/bot.html)"
54.220.143.45 - - [03/May/2024:07:57:51 +0200] "GET / HTTP/1.0" 200 - "-" "Mozilla/5.0 (compatible; NetcraftSurveyAgent/1.0; +info@netcraft.com)"
20.169.138.103 - - [03/May/2024:08:23:52 +0200] "GET /files/NFGM_735.pdf HTTP/1.1" 200 161666 "-" "python-requests/2.24.0"
66.249.64.74 - - [03/May/2024:08:54:02 +0200] "GET /files/7978.pdf HTTP/1.1" 304 - "-" "Mozilla/5.0 (Linux; Android 6.0.1; Nexus 5X Build/MMB29P) AppleWebKit/537.36 (KHTML, like Gecko) Chrome/124.0.6367.118 Mobile Safari/537.36 (compatible; Googlebot/2.1; +http://www.google.com/bot.html)"
213.180.203.231 - - [03/May/2024:09:09:14 +0200] "GET /robots.txt HTTP/1.1" 200 1590 "-" "Mozilla/5.0 (compatible; YandexBot/3.0; +http://yandex.com/bots)"
87.250.224.81 - - [03/May/2024:09:09:46 +0200] "GET /files/ptk.csaladjog.pdf. HTTP/1.1" 200 - "-" "Mozilla/5.0 (compatible; YandexBot/3.0; +http://yandex.com/bots)"
