135.181.3.228 - - [20/Sep/2024:07:56:14 +0200] "GET /node?page=103 HTTP/1.1" 200 - "-" "Mozilla/5.0 (compatible; BLEXBot/1.0; +http://webmeup-crawler.com/)"
135.181.3.228 - - [20/Sep/2024:07:57:39 +0200] "GET /node?page=104 HTTP/1.1" 200 - "-" "Mozilla/5.0 (compatible; BLEXBot/1.0; +http://webmeup-crawler.com/)"
135.181.3.228 - - [20/Sep/2024:07:58:59 +0200] "GET /node?page=105 HTTP/1.1" 200 - "-" "Mozilla/5.0 (compatible; BLEXBot/1.0; +http://webmeup-crawler.com/)"
135.181.3.228 - - [20/Sep/2024:08:00:20 +0200] "GET /node?page=106 HTTP/1.1" 200 - "-" "Mozilla/5.0 (compatible; BLEXBot/1.0; +http://webmeup-crawler.com/)"
135.181.3.228 - - [20/Sep/2024:08:01:43 +0200] "GET /node?page=107 HTTP/1.1" 200 - "-" "Mozilla/5.0 (compatible; BLEXBot/1.0; +http://webmeup-crawler.com/)"
135.181.3.228 - - [20/Sep/2024:08:03:04 +0200] "GET /node?page=108 HTTP/1.1" 200 - "-" "Mozilla/5.0 (compatible; BLEXBot/1.0; +http://webmeup-crawler.com/)"
135.181.3.228 - - [20/Sep/2024:08:04:27 +0200] "GET /node?page=109 HTTP/1.1" 200 - "-" "Mozilla/5.0 (compatible; BLEXBot/1.0; +http://webmeup-crawler.com/)"
135.181.3.228 - - [20/Sep/2024:08:05:48 +0200] "GET /node?page=11 HTTP/1.1" 200 - "-" "Mozilla/5.0 (compatible; BLEXBot/1.0; +http://webmeup-crawler.com/)"
135.181.3.228 - - [20/Sep/2024:08:07:09 +0200] "GET /node?page=11 HTTP/1.1" 200 - "-" "Mozilla/5.0 (compatible; BLEXBot/1.0; +http://webmeup-crawler.com/)"
135.181.3.228 - - [20/Sep/2024:08:08:29 +0200] "GET /node?page=110 HTTP/1.1" 200 - "-" "Mozilla/5.0 (compatible; BLEXBot/1.0; +http://webmeup-crawler.com/)"
135.181.3.228 - - [20/Sep/2024:08:09:50 +0200] "GET /node?page=111 HTTP/1.1" 200 - "-" "Mozilla/5.0 (compatible; BLEXBot/1.0; +http://webmeup-crawler.com/)"
135.181.3.228 - - [20/Sep/2024:08:11:12 +0200] "GET /node?page=112 HTTP/1.1" 200 - "-" "Mozilla/5.0 (compatible; BLEXBot/1.0; +http://webmeup-crawler.com/)"
135.181.3.228 - - [20/Sep/2024:08:12:33 +0200] "GET /node?page=113 HTTP/1.1" 200 - "-" "Mozilla/5.0 (compatible; BLEXBot/1.0; +http://webmeup-crawler.com/)"
66.249.74.71 - - [20/Sep/2024:08:13:32 +0200] "GET /files/dijrendelet_kozig.doc HTTP/1.1" 304 - "-" "Mozilla/5.0 (Linux; Android 6.0.1; Nexus 5X Build/MMB29P) AppleWebKit/537.36 (KHTML, like Gecko) Chrome/128.0.6613.137 Mobile Safari/537.36 (compatible; Googlebot/2.1; +http://www.google.com/bot.html)"
135.181.3.228 - - [20/Sep/2024:08:13:54 +0200] "GET /node?page=114 HTTP/1.1" 200 - "-" "Mozilla/5.0 (compatible; BLEXBot/1.0; +http://webmeup-crawler.com/)"
135.181.3.228 - - [20/Sep/2024:08:15:17 +0200] "GET /node?page=115 HTTP/1.1" 200 - "-" "Mozilla/5.0 (compatible; BLEXBot/1.0; +http://webmeup-crawler.com/)"
40.77.167.10 - - [20/Sep/2024:08:16:36 +0200] "GET /files/szoc_karta_terv_071001.pdf HTTP/1.1" 304 - "-" "Mozilla/5.0 AppleWebKit/537.36 (KHTML, like Gecko; compatible; bingbot/2.0; +http://www.bing.com/bingbot.htm) Chrome/116.0.1938.76 Safari/537.36"
135.181.3.228 - - [20/Sep/2024:08:16:40 +0200] "GET /node?page=116 HTTP/1.1" 200 - "-" "Mozilla/5.0 (compatible; BLEXBot/1.0; +http://webmeup-crawler.com/)"
135.181.3.228 - - [20/Sep/2024:08:18:03 +0200] "GET /node?page=117 HTTP/1.1" 200 - "-" "Mozilla/5.0 (compatible; BLEXBot/1.0; +http://webmeup-crawler.com/)"
135.181.3.228 - - [20/Sep/2024:08:19:24 +0200] "GET /node?page=118 HTTP/1.1" 200 - "-" "Mozilla/5.0 (compatible; BLEXBot/1.0; +http://webmeup-crawler.com/)"
135.181.3.228 - - [20/Sep/2024:08:20:45 +0200] "GET /node?page=119 HTTP/1.1" 200 - "-" "Mozilla/5.0 (compatible; BLEXBot/1.0; +http://webmeup-crawler.com/)"
135.181.3.228 - - [20/Sep/2024:08:22:08 +0200] "GET /node?page=12 HTTP/1.1" 200 - "-" "Mozilla/5.0 (compatible; BLEXBot/1.0; +http://webmeup-crawler.com/)"
135.181.3.228 - - [20/Sep/2024:08:23:29 +0200] "GET /node?page=12 HTTP/1.1" 200 - "-" "Mozilla/5.0 (compatible; BLEXBot/1.0; +http://webmeup-crawler.com/)"
216.244.66.200 - - [20/Sep/2024:08:23:39 +0200] "GET /robots.txt HTTP/1.1" 200 1590 "-" "Mozilla/5.0 (compatible; DotBot/1.2; +https://opensiteexplorer.org/dotbot; help@moz.com)"
135.181.3.228 - - [20/Sep/2024:08:24:51 +0200] "GET /node?page=120 HTTP/1.1" 200 - "-" "Mozilla/5.0 (compatible; BLEXBot/1.0; +http://webmeup-crawler.com/)"
135.181.3.228 - - [20/Sep/2024:08:26:13 +0200] "GET /node?page=121 HTTP/1.1" 200 - "-" "Mozilla/5.0 (compatible; BLEXBot/1.0; +http://webmeup-crawler.com/)"
135.181.3.228 - - [20/Sep/2024:08:27:36 +0200] "GET /node?page=122 HTTP/1.1" 200 - "-" "Mozilla/5.0 (compatible; BLEXBot/1.0; +http://webmeup-crawler.com/)"
135.181.3.228 - - [20/Sep/2024:08:28:58 +0200] "GET /node?page=123 HTTP/1.1" 200 - "-" "Mozilla/5.0 (compatible; BLEXBot/1.0; +http://webmeup-crawler.com/)"
135.181.3.228 - - [20/Sep/2024:08:30:24 +0200] "GET /node?page=124 HTTP/1.1" 200 - "-" "Mozilla/5.0 (compatible; BLEXBot/1.0; +http://webmeup-crawler.com/)"
135.181.3.228 - - [20/Sep/2024:08:31:40 +0200] "GET /node?page=125 HTTP/1.1" 200 - "-" "Mozilla/5.0 (compatible; BLEXBot/1.0; +http://webmeup-crawler.com/)"
135.181.3.228 - - [20/Sep/2024:08:32:57 +0200] "GET /node?page=126 HTTP/1.1" 200 - "-" "Mozilla/5.0 (compatible; BLEXBot/1.0; +http://webmeup-crawler.com/)"
135.181.3.228 - - [20/Sep/2024:08:34:24 +0200] "GET /node?page=127 HTTP/1.1" 200 - "-" "Mozilla/5.0 (compatible; BLEXBot/1.0; +http://webmeup-crawler.com/)"
135.181.3.228 - - [20/Sep/2024:08:35:45 +0200] "GET /node?page=128 HTTP/1.1" 200 - "-" "Mozilla/5.0 (compatible; BLEXBot/1.0; +http://webmeup-crawler.com/)"
216.244.66.200 - - [20/Sep/2024:08:36:30 +0200] "GET /taxonomy/term/27/0/feed HTTP/1.1" 200 - "-" "Mozilla/5.0 (compatible; DotBot/1.2; +https://opensiteexplorer.org/dotbot; help@moz.com)"
135.181.3.228 - - [20/Sep/2024:08:37:09 +0200] "GET /node?page=129 HTTP/1.1" 200 - "-" "Mozilla/5.0 (compatible; BLEXBot/1.0; +http://webmeup-crawler.com/)"
135.181.3.228 - - [20/Sep/2024:08:38:30 +0200] "GET /node?page=13 HTTP/1.1" 200 - "-" "Mozilla/5.0 (compatible; BLEXBot/1.0; +http://webmeup-crawler.com/)"
135.181.3.228 - - [20/Sep/2024:08:39:52 +0200] "GET /node?page=13 HTTP/1.1" 200 - "-" "Mozilla/5.0 (compatible; BLEXBot/1.0; +http://webmeup-crawler.com/)"
40.77.202.33 - - [20/Sep/2024:08:40:49 +0200] "GET /files/ptk_oroklesi_jog.pdf HTTP/1.1" 200 67222 "-" "Mozilla/5.0 AppleWebKit/537.36 (KHTML, like Gecko; compatible; bingbot/2.0; +http://www.bing.com/bingbot.htm) Chrome/112.0.0.0 Safari/537.36"
135.181.3.228 - - [20/Sep/2024:08:41:18 +0200] "GET /node?page=130 HTTP/1.1" 200 - "-" "Mozilla/5.0 (compatible; BLEXBot/1.0; +http://webmeup-crawler.com/)"
40.77.202.52 - - [20/Sep/2024:08:42:17 +0200] "GET /files/ptk_oroklesi_jog.pdf HTTP/1.1" 200 67222 "-" "Mozilla/5.0 AppleWebKit/537.36 (KHTML, like Gecko; compatible; bingbot/2.0; +http://www.bing.com/bingbot.htm) Chrome/112.0.0.0 Safari/537.36"
135.181.3.228 - - [20/Sep/2024:08:42:40 +0200] "GET /node?page=131 HTTP/1.1" 200 - "-" "Mozilla/5.0 (compatible; BLEXBot/1.0; +http://webmeup-crawler.com/)"
216.244.66.200 - - [20/Sep/2024:08:43:26 +0200] "GET /node/167 HTTP/1.1" 200 - "-" "Mozilla/5.0 (compatible; DotBot/1.2; +https://opensiteexplorer.org/dotbot; help@moz.com)"
135.181.3.228 - - [20/Sep/2024:08:44:02 +0200] "GET /node?page=132 HTTP/1.1" 200 - "-" "Mozilla/5.0 (compatible; BLEXBot/1.0; +http://webmeup-crawler.com/)"
216.244.66.200 - - [20/Sep/2024:08:44:06 +0200] "GET /node/181 HTTP/1.1" 200 - "-" "Mozilla/5.0 (compatible; DotBot/1.2; +https://opensiteexplorer.org/dotbot; help@moz.com)"
66.249.74.72 - - [20/Sep/2024:08:44:37 +0200] "GET /files/buntetojogimodos-1.doc HTTP/1.1" 304 - "-" "Mozilla/5.0 (Linux; Android 6.0.1; Nexus 5X Build/MMB29P) AppleWebKit/537.36 (KHTML, like Gecko) Chrome/128.0.6613.137 Mobile Safari/537.36 (compatible; Googlebot/2.1; +http://www.google.com/bot.html)"
135.181.3.228 - - [20/Sep/2024:08:45:23 +0200] "GET /node?page=133 HTTP/1.1" 200 - "-" "Mozilla/5.0 (compatible; BLEXBot/1.0; +http://webmeup-crawler.com/)"
135.181.3.228 - - [20/Sep/2024:08:46:45 +0200] "GET /node?page=134 HTTP/1.1" 200 - "-" "Mozilla/5.0 (compatible; BLEXBot/1.0; +http://webmeup-crawler.com/)"
135.181.3.228 - - [20/Sep/2024:08:48:08 +0200] "GET /node?page=135 HTTP/1.1" 200 - "-" "Mozilla/5.0 (compatible; BLEXBot/1.0; +http://webmeup-crawler.com/)"
135.181.3.228 - - [20/Sep/2024:08:49:32 +0200] "GET /node?page=136 HTTP/1.1" 200 - "-" "Mozilla/5.0 (compatible; BLEXBot/1.0; +http://webmeup-crawler.com/)"
135.181.3.228 - - [20/Sep/2024:08:50:54 +0200] "GET /node?page=137 HTTP/1.1" 200 - "-" "Mozilla/5.0 (compatible; BLEXBot/1.0; +http://webmeup-crawler.com/)"
135.181.3.228 - - [20/Sep/2024:08:52:16 +0200] "GET /node?page=138 HTTP/1.1" 200 - "-" "Mozilla/5.0 (compatible; BLEXBot/1.0; +http://webmeup-crawler.com/)"
135.181.3.228 - - [20/Sep/2024:08:53:40 +0200] "GET /node?page=139 HTTP/1.1" 200 - "-" "Mozilla/5.0 (compatible; BLEXBot/1.0; +http://webmeup-crawler.com/)"
135.181.3.228 - - [20/Sep/2024:08:55:04 +0200] "GET /node?page=14 HTTP/1.1" 200 - "-" "Mozilla/5.0 (compatible; BLEXBot/1.0; +http://webmeup-crawler.com/)"
84.206.48.230 - - [20/Sep/2024:08:55:31 +0200] "GET /files/tk19.pdf HTTP/1.1" 200 194017 "https://www.google.com/" "Mozilla/5.0 (Windows NT 10.0; Win64; x64) AppleWebKit/537.36 (KHTML, like Gecko) Chrome/129.0.0.0 Safari/537.36"
84.206.48.230 - - [20/Sep/2024:08:55:31 +0200] "GET /favicon.ico HTTP/1.1" 404 57 "http://www.jogalkotas.hu/files/tk19.pdf" "Mozilla/5.0 (Windows NT 10.0; Win64; x64) AppleWebKit/537.36 (KHTML, like Gecko) Chrome/129.0.0.0 Safari/537.36"
135.181.3.228 - - [20/Sep/2024:08:56:27 +0200] "GET /node?page=14 HTTP/1.1" 200 - "-" "Mozilla/5.0 (compatible; BLEXBot/1.0; +http://webmeup-crawler.com/)"
135.181.3.228 - - [20/Sep/2024:08:57:53 +0200] "GET /node?page=140 HTTP/1.1" 200 - "-" "Mozilla/5.0 (compatible; BLEXBot/1.0; +http://webmeup-crawler.com/)"
135.181.3.228 - - [20/Sep/2024:08:59:14 +0200] "GET /node?page=141 HTTP/1.1" 200 - "-" "Mozilla/5.0 (compatible; BLEXBot/1.0; +http://webmeup-crawler.com/)"
135.181.3.228 - - [20/Sep/2024:09:00:36 +0200] "GET /node?page=142 HTTP/1.1" 200 - "-" "Mozilla/5.0 (compatible; BLEXBot/1.0; +http://webmeup-crawler.com/)"
135.181.3.228 - - [20/Sep/2024:09:01:59 +0200] "GET /node?page=143 HTTP/1.1" 200 - "-" "Mozilla/5.0 (compatible; BLEXBot/1.0; +http://webmeup-crawler.com/)"
135.181.3.228 - - [20/Sep/2024:09:03:21 +0200] "GET /node?page=144 HTTP/1.1" 200 - "-" "Mozilla/5.0 (compatible; BLEXBot/1.0; +http://webmeup-crawler.com/)"
135.181.3.228 - - [20/Sep/2024:09:04:44 +0200] "GET /node?page=145 HTTP/1.1" 200 - "-" "Mozilla/5.0 (compatible; BLEXBot/1.0; +http://webmeup-crawler.com/)"
135.181.3.228 - - [20/Sep/2024:09:06:08 +0200] "GET /node?page=146 HTTP/1.1" 200 - "-" "Mozilla/5.0 (compatible; BLEXBot/1.0; +http://webmeup-crawler.com/)"
135.181.3.228 - - [20/Sep/2024:09:07:30 +0200] "GET /node?page=147 HTTP/1.1" 200 - "-" "Mozilla/5.0 (compatible; BLEXBot/1.0; +http://webmeup-crawler.com/)"
135.181.3.228 - - [20/Sep/2024:09:08:54 +0200] "GET /node?page=148 HTTP/1.1" 200 - "-" "Mozilla/5.0 (compatible; BLEXBot/1.0; +http://webmeup-crawler.com/)"
135.181.3.228 - - [20/Sep/2024:09:10:19 +0200] "GET /node?page=149 HTTP/1.1" 200 - "-" "Mozilla/5.0 (compatible; BLEXBot/1.0; +http://webmeup-crawler.com/)"
135.181.3.228 - - [20/Sep/2024:09:11:57 +0200] "GET /node?page=15 HTTP/1.1" 200 - "-" "Mozilla/5.0 (compatible; BLEXBot/1.0; +http://webmeup-crawler.com/)"
135.181.3.228 - - [20/Sep/2024:09:13:14 +0200] "GET /node?page=15 HTTP/1.1" 200 - "-" "Mozilla/5.0 (compatible; BLEXBot/1.0; +http://webmeup-crawler.com/)"
135.181.3.228 - - [20/Sep/2024:09:15:02 +0200] "GET /node?page=150 HTTP/1.1" 200 - "-" "Mozilla/5.0 (compatible; BLEXBot/1.0; +http://webmeup-crawler.com/)"
135.181.3.228 - - [20/Sep/2024:09:16:28 +0200] "GET /node?page=151 HTTP/1.1" 200 - "-" "Mozilla/5.0 (compatible; BLEXBot/1.0; +http://webmeup-crawler.com/)"
135.181.3.228 - - [20/Sep/2024:09:17:44 +0200] "GET /node?page=152 HTTP/1.1" 200 - "-" "Mozilla/5.0 (compatible; BLEXBot/1.0; +http://webmeup-crawler.com/)"
135.181.3.228 - - [20/Sep/2024:09:19:35 +0200] "GET /node?page=153 HTTP/1.1" 200 - "-" "Mozilla/5.0 (compatible; BLEXBot/1.0; +http://webmeup-crawler.com/)"
135.181.3.228 - - [20/Sep/2024:09:21:03 +0200] "GET /node?page=154 HTTP/1.1" 200 - "-" "Mozilla/5.0 (compatible; BLEXBot/1.0; +http://webmeup-crawler.com/)"
135.181.3.228 - - [20/Sep/2024:09:22:26 +0200] "GET /node?page=155 HTTP/1.1" 200 - "-" "Mozilla/5.0 (compatible; BLEXBot/1.0; +http://webmeup-crawler.com/)"
135.181.3.228 - - [20/Sep/2024:09:23:49 +0200] "GET /node?page=156 HTTP/1.1" 200 - "-" "Mozilla/5.0 (compatible; BLEXBot/1.0; +http://webmeup-crawler.com/)"
135.181.3.228 - - [20/Sep/2024:09:25:12 +0200] "GET /node?page=157 HTTP/1.1" 200 - "-" "Mozilla/5.0 (compatible; BLEXBot/1.0; +http://webmeup-crawler.com/)"
40.77.167.79 - - [20/Sep/2024:09:25:40 +0200] "GET /files/1212_nitrat_kitoltesiutmutato1103_2.v_ltozat.doc HTTP/1.1" 200 126464 "-" "Mozilla/5.0 AppleWebKit/537.36 (KHTML, like Gecko; compatible; bingbot/2.0; +http://www.bing.com/bingbot.htm) Chrome/116.0.1938.76 Safari/537.36"
135.181.3.228 - - [20/Sep/2024:09:26:36 +0200] "GET /node?page=158 HTTP/1.1" 200 - "-" "Mozilla/5.0 (compatible; BLEXBot/1.0; +http://webmeup-crawler.com/)"
216.244.66.200 - - [20/Sep/2024:09:27:44 +0200] "GET /robots.txt HTTP/1.1" 200 1590 "-" "Mozilla/5.0 (compatible; DotBot/1.2; +https://opensiteexplorer.org/dotbot; help@moz.com)"
135.181.3.228 - - [20/Sep/2024:09:27:59 +0200] "GET /node?page=159 HTTP/1.1" 200 - "-" "Mozilla/5.0 (compatible; BLEXBot/1.0; +http://webmeup-crawler.com/)"
135.181.3.228 - - [20/Sep/2024:09:29:21 +0200] "GET /node?page=16 HTTP/1.1" 200 - "-" "Mozilla/5.0 (compatible; BLEXBot/1.0; +http://webmeup-crawler.com/)"
135.181.3.228 - - [20/Sep/2024:09:30:43 +0200] "GET /node?page=16 HTTP/1.1" 200 - "-" "Mozilla/5.0 (compatible; BLEXBot/1.0; +http://webmeup-crawler.com/)"
135.181.3.228 - - [20/Sep/2024:09:32:05 +0200] "GET /node?page=160 HTTP/1.1" 200 - "-" "Mozilla/5.0 (compatible; BLEXBot/1.0; +http://webmeup-crawler.com/)"
135.181.3.228 - - [20/Sep/2024:09:33:29 +0200] "GET /node?page=161 HTTP/1.1" 200 - "-" "Mozilla/5.0 (compatible; BLEXBot/1.0; +http://webmeup-crawler.com/)"
135.181.3.228 - - [20/Sep/2024:09:34:52 +0200] "GET /node?page=162 HTTP/1.1" 200 - "-" "Mozilla/5.0 (compatible; BLEXBot/1.0; +http://webmeup-crawler.com/)"
135.181.3.228 - - [20/Sep/2024:09:36:14 +0200] "GET /node?page=163 HTTP/1.1" 200 - "-" "Mozilla/5.0 (compatible; BLEXBot/1.0; +http://webmeup-crawler.com/)"
135.181.3.228 - - [20/Sep/2024:09:37:36 +0200] "GET /node?page=164 HTTP/1.1" 200 - "-" "Mozilla/5.0 (compatible; BLEXBot/1.0; +http://webmeup-crawler.com/)"
135.181.3.228 - - [20/Sep/2024:09:38:59 +0200] "GET /node?page=165 HTTP/1.1" 200 - "-" "Mozilla/5.0 (compatible; BLEXBot/1.0; +http://webmeup-crawler.com/)"
135.181.3.228 - - [20/Sep/2024:09:40:23 +0200] "GET /node?page=166 HTTP/1.1" 200 - "-" "Mozilla/5.0 (compatible; BLEXBot/1.0; +http://webmeup-crawler.com/)"
207.46.13.154 - - [20/Sep/2024:09:41:15 +0200] "GET /files/IRM_kjolevelta_-kozig_09.11m.doc HTTP/1.1" 200 320512 "-" "Mozilla/5.0 AppleWebKit/537.36 (KHTML, like Gecko; compatible; bingbot/2.0; +http://www.bing.com/bingbot.htm) Chrome/116.0.1938.76 Safari/537.36"
135.181.3.228 - - [20/Sep/2024:09:41:45 +0200] "GET /node?page=167 HTTP/1.1" 200 - "-" "Mozilla/5.0 (compatible; BLEXBot/1.0; +http://webmeup-crawler.com/)"
135.181.3.228 - - [20/Sep/2024:09:43:07 +0200] "GET /node?page=168 HTTP/1.1" 200 - "-" "Mozilla/5.0 (compatible; BLEXBot/1.0; +http://webmeup-crawler.com/)"
135.181.3.228 - - [20/Sep/2024:09:44:29 +0200] "GET /node?page=169 HTTP/1.1" 200 - "-" "Mozilla/5.0 (compatible; BLEXBot/1.0; +http://webmeup-crawler.com/)"
135.181.3.228 - - [20/Sep/2024:09:45:53 +0200] "GET /node?page=17 HTTP/1.1" 200 - "-" "Mozilla/5.0 (compatible; BLEXBot/1.0; +http://webmeup-crawler.com/)"
135.181.3.228 - - [20/Sep/2024:09:47:18 +0200] "GET /node?page=17 HTTP/1.1" 200 - "-" "Mozilla/5.0 (compatible; BLEXBot/1.0; +http://webmeup-crawler.com/)"
135.181.3.228 - - [20/Sep/2024:09:48:40 +0200] "GET /node?page=170 HTTP/1.1" 200 - "-" "Mozilla/5.0 (compatible; BLEXBot/1.0; +http://webmeup-crawler.com/)"
135.181.3.228 - - [20/Sep/2024:09:50:02 +0200] "GET /node?page=171 HTTP/1.1" 200 - "-" "Mozilla/5.0 (compatible; BLEXBot/1.0; +http://webmeup-crawler.com/)"
216.244.66.200 - - [20/Sep/2024:09:51:12 +0200] "GET /node/2440 HTTP/1.1" 200 - "-" "Mozilla/5.0 (compatible; DotBot/1.2; +https://opensiteexplorer.org/dotbot; help@moz.com)"
135.181.3.228 - - [20/Sep/2024:09:51:25 +0200] "GET /node?page=172 HTTP/1.1" 200 - "-" "Mozilla/5.0 (compatible; BLEXBot/1.0; +http://webmeup-crawler.com/)"
216.244.66.200 - - [20/Sep/2024:09:51:42 +0200] "GET /node/2479 HTTP/1.1" 200 - "-" "Mozilla/5.0 (compatible; DotBot/1.2; +https://opensiteexplorer.org/dotbot; help@moz.com)"
216.244.66.200 - - [20/Sep/2024:09:52:22 +0200] "GET /node/92 HTTP/1.1" 200 - "-" "Mozilla/5.0 (compatible; DotBot/1.2; +https://opensiteexplorer.org/dotbot; help@moz.com)"
135.181.3.228 - - [20/Sep/2024:09:52:47 +0200] "GET /node?page=173 HTTP/1.1" 200 - "-" "Mozilla/5.0 (compatible; BLEXBot/1.0; +http://webmeup-crawler.com/)"
216.244.66.200 - - [20/Sep/2024:09:53:12 +0200] "GET /node/94 HTTP/1.1" 200 - "-" "Mozilla/5.0 (compatible; DotBot/1.2; +https://opensiteexplorer.org/dotbot; help@moz.com)"
216.244.66.200 - - [20/Sep/2024:09:53:53 +0200] "GET /taxonomy/term/1?page=132 HTTP/1.1" 200 - "-" "Mozilla/5.0 (compatible; DotBot/1.2; +https://opensiteexplorer.org/dotbot; help@moz.com)"
135.181.3.228 - - [20/Sep/2024:09:54:12 +0200] "GET /node?page=174 HTTP/1.1" 200 - "-" "Mozilla/5.0 (compatible; BLEXBot/1.0; +http://webmeup-crawler.com/)"
135.181.3.228 - - [20/Sep/2024:09:55:34 +0200] "GET /node?page=175 HTTP/1.1" 200 - "-" "Mozilla/5.0 (compatible; BLEXBot/1.0; +http://webmeup-crawler.com/)"
135.181.3.228 - - [20/Sep/2024:09:56:56 +0200] "GET /node?page=176 HTTP/1.1" 200 - "-" "Mozilla/5.0 (compatible; BLEXBot/1.0; +http://webmeup-crawler.com/)"
135.181.3.228 - - [20/Sep/2024:09:58:19 +0200] "GET /node?page=177 HTTP/1.1" 200 - "-" "Mozilla/5.0 (compatible; BLEXBot/1.0; +http://webmeup-crawler.com/)"
135.181.3.228 - - [20/Sep/2024:09:59:42 +0200] "GET /node?page=178 HTTP/1.1" 200 - "-" "Mozilla/5.0 (compatible; BLEXBot/1.0; +http://webmeup-crawler.com/)"
135.181.3.228 - - [20/Sep/2024:10:01:06 +0200] "GET /node?page=179 HTTP/1.1" 200 - "-" "Mozilla/5.0 (compatible; BLEXBot/1.0; +http://webmeup-crawler.com/)"
135.181.3.228 - - [20/Sep/2024:10:02:28 +0200] "GET /node?page=18 HTTP/1.1" 200 - "-" "Mozilla/5.0 (compatible; BLEXBot/1.0; +http://webmeup-crawler.com/)"
135.181.3.228 - - [20/Sep/2024:10:03:52 +0200] "GET /node?page=18 HTTP/1.1" 200 - "-" "Mozilla/5.0 (compatible; BLEXBot/1.0; +http://webmeup-crawler.com/)"
135.181.3.228 - - [20/Sep/2024:10:05:15 +0200] "GET /node?page=180 HTTP/1.1" 200 - "-" "Mozilla/5.0 (compatible; BLEXBot/1.0; +http://webmeup-crawler.com/)"
135.181.3.228 - - [20/Sep/2024:10:06:39 +0200] "GET /node?page=181 HTTP/1.1" 200 - "-" "Mozilla/5.0 (compatible; BLEXBot/1.0; +http://webmeup-crawler.com/)"
135.181.3.228 - - [20/Sep/2024:10:07:56 +0200] "GET /node?page=182 HTTP/1.1" 200 - "-" "Mozilla/5.0 (compatible; BLEXBot/1.0; +http://webmeup-crawler.com/)"
135.181.3.228 - - [20/Sep/2024:10:09:14 +0200] "GET /node?page=183 HTTP/1.1" 200 - "-" "Mozilla/5.0 (compatible; BLEXBot/1.0; +http://webmeup-crawler.com/)"
135.181.3.228 - - [20/Sep/2024:10:10:38 +0200] "GET /node?page=184 HTTP/1.1" 200 - "-" "Mozilla/5.0 (compatible; BLEXBot/1.0; +http://webmeup-crawler.com/)"
135.181.3.228 - - [20/Sep/2024:10:12:02 +0200] "GET /node?page=185 HTTP/1.1" 200 - "-" "Mozilla/5.0 (compatible; BLEXBot/1.0; +http://webmeup-crawler.com/)"
66.249.74.70 - - [20/Sep/2024:10:13:20 +0200] "GET /files/43per2005_eum_rendelet__mod.doc HTTP/1.1" 304 - "-" "Mozilla/5.0 (Linux; Android 6.0.1; Nexus 5X Build/MMB29P) AppleWebKit/537.36 (KHTML, like Gecko) Chrome/128.0.6613.137 Mobile Safari/537.36 (compatible; Googlebot/2.1; +http://www.google.com/bot.html)"
135.181.3.228 - - [20/Sep/2024:10:13:21 +0200] "GET /node?page=186 HTTP/1.1" 200 - "-" "Mozilla/5.0 (compatible; BLEXBot/1.0; +http://webmeup-crawler.com/)"
135.181.3.228 - - [20/Sep/2024:10:14:45 +0200] "GET /node?page=187 HTTP/1.1" 200 - "-" "Mozilla/5.0 (compatible; BLEXBot/1.0; +http://webmeup-crawler.com/)"
135.181.3.228 - - [20/Sep/2024:10:16:09 +0200] "GET /node?page=188 HTTP/1.1" 200 - "-" "Mozilla/5.0 (compatible; BLEXBot/1.0; +http://webmeup-crawler.com/)"
135.181.3.228 - - [20/Sep/2024:10:17:31 +0200] "GET /node?page=189 HTTP/1.1" 200 - "-" "Mozilla/5.0 (compatible; BLEXBot/1.0; +http://webmeup-crawler.com/)"
135.181.3.228 - - [20/Sep/2024:10:18:55 +0200] "GET /node?page=19 HTTP/1.1" 200 - "-" "Mozilla/5.0 (compatible; BLEXBot/1.0; +http://webmeup-crawler.com/)"
135.181.3.228 - - [20/Sep/2024:10:20:17 +0200] "GET /node?page=19 HTTP/1.1" 200 - "-" "Mozilla/5.0 (compatible; BLEXBot/1.0; +http://webmeup-crawler.com/)"
135.181.3.228 - - [20/Sep/2024:10:21:40 +0200] "GET /node?page=190 HTTP/1.1" 200 - "-" "Mozilla/5.0 (compatible; BLEXBot/1.0; +http://webmeup-crawler.com/)"
135.181.3.228 - - [20/Sep/2024:10:23:03 +0200] "GET /node?page=191 HTTP/1.1" 200 - "-" "Mozilla/5.0 (compatible; BLEXBot/1.0; +http://webmeup-crawler.com/)"
135.181.3.228 - - [20/Sep/2024:10:24:26 +0200] "GET /node?page=192 HTTP/1.1" 200 - "-" "Mozilla/5.0 (compatible; BLEXBot/1.0; +http://webmeup-crawler.com/)"
135.181.3.228 - - [20/Sep/2024:10:25:50 +0200] "GET /node?page=193 HTTP/1.1" 200 - "-" "Mozilla/5.0 (compatible; BLEXBot/1.0; +http://webmeup-crawler.com/)"
135.181.3.228 - - [20/Sep/2024:10:27:12 +0200] "GET /node?page=194 HTTP/1.1" 200 - "-" "Mozilla/5.0 (compatible; BLEXBot/1.0; +http://webmeup-crawler.com/)"
135.181.3.228 - - [20/Sep/2024:10:28:35 +0200] "GET /node?page=195 HTTP/1.1" 200 - "-" "Mozilla/5.0 (compatible; BLEXBot/1.0; +http://webmeup-crawler.com/)"
135.181.3.228 - - [20/Sep/2024:10:29:58 +0200] "GET /node?page=196 HTTP/1.1" 200 - "-" "Mozilla/5.0 (compatible; BLEXBot/1.0; +http://webmeup-crawler.com/)"
135.181.3.228 - - [20/Sep/2024:10:31:20 +0200] "GET /node?page=197 HTTP/1.1" 200 - "-" "Mozilla/5.0 (compatible; BLEXBot/1.0; +http://webmeup-crawler.com/)"
135.181.3.228 - - [20/Sep/2024:10:32:45 +0200] "GET /node?page=198 HTTP/1.1" 200 - "-" "Mozilla/5.0 (compatible; BLEXBot/1.0; +http://webmeup-crawler.com/)"
135.181.3.228 - - [20/Sep/2024:10:34:09 +0200] "GET /node?page=199 HTTP/1.1" 200 - "-" "Mozilla/5.0 (compatible; BLEXBot/1.0; +http://webmeup-crawler.com/)"
135.181.3.228 - - [20/Sep/2024:10:35:31 +0200] "GET /node?page=2 HTTP/1.1" 200 - "-" "Mozilla/5.0 (compatible; BLEXBot/1.0; +http://webmeup-crawler.com/)"
135.181.3.228 - - [20/Sep/2024:10:36:54 +0200] "GET /node?page=2 HTTP/1.1" 200 - "-" "Mozilla/5.0 (compatible; BLEXBot/1.0; +http://webmeup-crawler.com/)"
135.181.3.228 - - [20/Sep/2024:10:38:19 +0200] "GET /node?page=20 HTTP/1.1" 200 - "-" "Mozilla/5.0 (compatible; BLEXBot/1.0; +http://webmeup-crawler.com/)"
135.181.3.228 - - [20/Sep/2024:10:39:44 +0200] "GET /node?page=20 HTTP/1.1" 200 - "-" "Mozilla/5.0 (compatible; BLEXBot/1.0; +http://webmeup-crawler.com/)"
135.181.3.228 - - [20/Sep/2024:10:41:06 +0200] "GET /node?page=200 HTTP/1.1" 200 - "-" "Mozilla/5.0 (compatible; BLEXBot/1.0; +http://webmeup-crawler.com/)"
135.181.3.228 - - [20/Sep/2024:10:42:29 +0200] "GET /node?page=201 HTTP/1.1" 200 - "-" "Mozilla/5.0 (compatible; BLEXBot/1.0; +http://webmeup-crawler.com/)"
135.181.3.228 - - [20/Sep/2024:10:43:52 +0200] "GET /node?page=202 HTTP/1.1" 200 - "-" "Mozilla/5.0 (compatible; BLEXBot/1.0; +http://webmeup-crawler.com/)"
135.181.3.228 - - [20/Sep/2024:10:45:15 +0200] "GET /node?page=203 HTTP/1.1" 200 - "-" "Mozilla/5.0 (compatible; BLEXBot/1.0; +http://webmeup-crawler.com/)"
135.181.3.228 - - [20/Sep/2024:10:46:40 +0200] "GET /node?page=204 HTTP/1.1" 200 - "-" "Mozilla/5.0 (compatible; BLEXBot/1.0; +http://webmeup-crawler.com/)"
135.181.3.228 - - [20/Sep/2024:10:48:03 +0200] "GET /node?page=205 HTTP/1.1" 200 - "-" "Mozilla/5.0 (compatible; BLEXBot/1.0; +http://webmeup-crawler.com/)"
147.185.132.195 - - [20/Sep/2024:10:49:20 +0200] "GET / HTTP/1.1" 200 - "-" "Expanse, a Palo Alto Networks company, searches across the global IPv4 space multiple times per day to identify customers' presences on the Internet. If you would like to be excluded from our scans, please send IP addresses/domains to: scaninfo@paloaltonetworks.com"
135.181.3.228 - - [20/Sep/2024:10:49:28 +0200] "GET /node?page=206 HTTP/1.1" 200 - "-" "Mozilla/5.0 (compatible; BLEXBot/1.0; +http://webmeup-crawler.com/)"
135.181.3.228 - - [20/Sep/2024:10:50:51 +0200] "GET /node?page=207 HTTP/1.1" 200 - "-" "Mozilla/5.0 (compatible; BLEXBot/1.0; +http://webmeup-crawler.com/)"
135.181.3.228 - - [20/Sep/2024:10:52:14 +0200] "GET /node?page=208 HTTP/1.1" 200 - "-" "Mozilla/5.0 (compatible; BLEXBot/1.0; +http://webmeup-crawler.com/)"
135.181.3.228 - - [20/Sep/2024:10:53:39 +0200] "GET /node?page=209 HTTP/1.1" 200 - "-" "Mozilla/5.0 (compatible; BLEXBot/1.0; +http://webmeup-crawler.com/)"
135.181.3.228 - - [20/Sep/2024:10:55:03 +0200] "GET /node?page=21 HTTP/1.1" 200 - "-" "Mozilla/5.0 (compatible; BLEXBot/1.0; +http://webmeup-crawler.com/)"
66.249.73.203 - - [20/Sep/2024:10:56:21 +0200] "GET /files/minosdij_es_cim_terv_090114.pdf HTTP/1.1" 304 - "-" "Mozilla/5.0 (Linux; Android 6.0.1; Nexus 5X Build/MMB29P) AppleWebKit/537.36 (KHTML, like Gecko) Chrome/128.0.6613.137 Mobile Safari/537.36 (compatible; Googlebot/2.1; +http://www.google.com/bot.html)"
66.249.74.70 - - [20/Sep/2024:10:56:23 +0200] "GET /files/egyes_nemesfem.pdf HTTP/1.1" 200 239547 "-" "Mozilla/5.0 (Linux; Android 6.0.1; Nexus 5X Build/MMB29P) AppleWebKit/537.36 (KHTML, like Gecko) Chrome/128.0.6613.137 Mobile Safari/537.36 (compatible; Googlebot/2.1; +http://www.google.com/bot.html)"
135.181.3.228 - - [20/Sep/2024:10:56:26 +0200] "GET /node?page=21 HTTP/1.1" 200 - "-" "Mozilla/5.0 (compatible; BLEXBot/1.0; +http://webmeup-crawler.com/)"
135.181.3.228 - - [20/Sep/2024:10:57:50 +0200] "GET /node?page=210 HTTP/1.1" 200 - "-" "Mozilla/5.0 (compatible; BLEXBot/1.0; +http://webmeup-crawler.com/)"
135.181.3.228 - - [20/Sep/2024:10:59:13 +0200] "GET /node?page=211 HTTP/1.1" 200 - "-" "Mozilla/5.0 (compatible; BLEXBot/1.0; +http://webmeup-crawler.com/)"
69.171.249.22 - - [20/Sep/2024:10:59:43 +0200] "GET /robots.txt HTTP/1.1" 200 1590 "-" "facebookexternalhit/1.1 (+http://www.facebook.com/externalhit_uatext.php)"
69.171.249.15 - - [20/Sep/2024:10:59:46 +0200] "GET /files/KHEM_4090_3javitott.doc HTTP/1.1" 200 200704 "-" "facebookexternalhit/1.1 (+http://www.facebook.com/externalhit_uatext.php)"
135.181.3.228 - - [20/Sep/2024:11:00:39 +0200] "GET /node?page=212 HTTP/1.1" 200 - "-" "Mozilla/5.0 (compatible; BLEXBot/1.0; +http://webmeup-crawler.com/)"
135.181.3.228 - - [20/Sep/2024:11:02:02 +0200] "GET /node?page=213 HTTP/1.1" 200 - "-" "Mozilla/5.0 (compatible; BLEXBot/1.0; +http://webmeup-crawler.com/)"
135.181.3.228 - - [20/Sep/2024:11:03:27 +0200] "GET /node?page=214 HTTP/1.1" 200 - "-" "Mozilla/5.0 (compatible; BLEXBot/1.0; +http://webmeup-crawler.com/)"
135.181.3.228 - - [20/Sep/2024:11:04:51 +0200] "GET /node?page=215 HTTP/1.1" 200 - "-" "Mozilla/5.0 (compatible; BLEXBot/1.0; +http://webmeup-crawler.com/)"
135.181.3.228 - - [20/Sep/2024:11:06:15 +0200] "GET /node?page=216 HTTP/1.1" 200 - "-" "Mozilla/5.0 (compatible; BLEXBot/1.0; +http://webmeup-crawler.com/)"
135.181.3.228 - - [20/Sep/2024:11:07:39 +0200] "GET /node?page=217 HTTP/1.1" 200 - "-" "Mozilla/5.0 (compatible; BLEXBot/1.0; +http://webmeup-crawler.com/)"
135.181.3.228 - - [20/Sep/2024:11:09:03 +0200] "GET /node?page=218 HTTP/1.1" 200 - "-" "Mozilla/5.0 (compatible; BLEXBot/1.0; +http://webmeup-crawler.com/)"
135.181.3.228 - - [20/Sep/2024:11:10:26 +0200] "GET /node?page=219 HTTP/1.1" 200 - "-" "Mozilla/5.0 (compatible; BLEXBot/1.0; +http://webmeup-crawler.com/)"
85.209.11.117 - - [20/Sep/2024:11:11:15 +0200] "GET / HTTP/1.0" 200 - "http://jogalkotas.hu/" "Mozilla/5.0 (Windows NT 10.0; Win64; x64) AppleWebKit/537.36 (KHTML, like Gecko) Chrome/117.0.5938.132 Safari/537.36"
135.181.3.228 - - [20/Sep/2024:11:11:50 +0200] "GET /node?page=22 HTTP/1.1" 200 - "-" "Mozilla/5.0 (compatible; BLEXBot/1.0; +http://webmeup-crawler.com/)"
66.249.73.201 - - [20/Sep/2024:11:12:42 +0200] "GET / HTTP/1.1" 200 - "-" "Mozilla/5.0 (compatible; Googlebot/2.1; +http://www.google.com/bot.html)"
66.249.73.202 - - [20/Sep/2024:11:13:14 +0200] "GET / HTTP/1.1" 200 - "-" "Mozilla/5.0 (Linux; Android 6.0.1; Nexus 5X Build/MMB29P) AppleWebKit/537.36 (KHTML, like Gecko) Chrome/99.0.4844.84 Mobile Safari/537.36 (compatible; Googlebot/2.1; +http://www.google.com/bot.html)"
135.181.3.228 - - [20/Sep/2024:11:13:14 +0200] "GET /node?page=22 HTTP/1.1" 200 - "-" "Mozilla/5.0 (compatible; BLEXBot/1.0; +http://webmeup-crawler.com/)"
66.249.73.201 - - [20/Sep/2024:11:13:46 +0200] "GET / HTTP/1.1" 200 - "-" "Mozilla/5.0 (compatible; Googlebot/2.1; +http://www.google.com/bot.html)"
66.249.73.201 - - [20/Sep/2024:11:14:18 +0200] "GET / HTTP/1.1" 200 - "-" "Mozilla/5.0 (Linux; Android 6.0.1; Nexus 5X Build/MMB29P) AppleWebKit/537.36 (KHTML, like Gecko) Chrome/128.0.6613.137 Mobile Safari/537.36 (compatible; Googlebot/2.1; +http://www.google.com/bot.html)"
135.181.3.228 - - [20/Sep/2024:11:14:39 +0200] "GET /node?page=220 HTTP/1.1" 200 - "-" "Mozilla/5.0 (compatible; BLEXBot/1.0; +http://webmeup-crawler.com/)"
135.181.3.228 - - [20/Sep/2024:11:16:03 +0200] "GET /node?page=221 HTTP/1.1" 200 - "-" "Mozilla/5.0 (compatible; BLEXBot/1.0; +http://webmeup-crawler.com/)"
135.181.3.228 - - [20/Sep/2024:11:17:27 +0200] "GET /node?page=222 HTTP/1.1" 200 - "-" "Mozilla/5.0 (compatible; BLEXBot/1.0; +http://webmeup-crawler.com/)"
84.206.29.98 - - [20/Sep/2024:11:17:33 +0200] "GET /favicon.ico HTTP/1.1" 404 57 "http://www.jogalkotas.hu/files/gyermekszegenyseg_tervezet_5_melleklet_070125.pdf" "Mozilla/5.0 (Windows NT 10.0; Win64; x64) AppleWebKit/537.36 (KHTML, like Gecko) Chrome/128.0.0.0 Safari/537.36 Edg/128.0.0.0"
84.206.29.98 - - [20/Sep/2024:11:17:33 +0200] "GET /files/gyermekszegenyseg_tervezet_5_melleklet_070125.pdf HTTP/1.1" 200 348864 "https://www.bing.com/" "Mozilla/5.0 (Windows NT 10.0; Win64; x64) AppleWebKit/537.36 (KHTML, like Gecko) Chrome/128.0.0.0 Safari/537.36 Edg/128.0.0.0"
135.181.3.228 - - [20/Sep/2024:11:18:51 +0200] "GET /node?page=223 HTTP/1.1" 200 - "-" "Mozilla/5.0 (compatible; BLEXBot/1.0; +http://webmeup-crawler.com/)"
135.181.3.228 - - [20/Sep/2024:11:20:14 +0200] "GET /node?page=224 HTTP/1.1" 200 - "-" "Mozilla/5.0 (compatible; BLEXBot/1.0; +http://webmeup-crawler.com/)"
135.181.3.228 - - [20/Sep/2024:11:21:40 +0200] "GET /node?page=225 HTTP/1.1" 200 - "-" "Mozilla/5.0 (compatible; BLEXBot/1.0; +http://webmeup-crawler.com/)"
135.181.3.228 - - [20/Sep/2024:11:23:04 +0200] "GET /node?page=226 HTTP/1.1" 200 - "-" "Mozilla/5.0 (compatible; BLEXBot/1.0; +http://webmeup-crawler.com/)"
135.181.3.228 - - [20/Sep/2024:11:24:28 +0200] "GET /node?page=226 HTTP/1.1" 200 - "-" "Mozilla/5.0 (compatible; BLEXBot/1.0; +http://webmeup-crawler.com/)"
135.181.3.228 - - [20/Sep/2024:11:25:52 +0200] "GET /node?page=227 HTTP/1.1" 200 - "-" "Mozilla/5.0 (compatible; BLEXBot/1.0; +http://webmeup-crawler.com/)"
135.181.3.228 - - [20/Sep/2024:11:27:17 +0200] "GET /node?page=227 HTTP/1.1" 200 - "-" "Mozilla/5.0 (compatible; BLEXBot/1.0; +http://webmeup-crawler.com/)"
135.181.3.228 - - [20/Sep/2024:11:28:42 +0200] "GET /node?page=228 HTTP/1.1" 200 - "-" "Mozilla/5.0 (compatible; BLEXBot/1.0; +http://webmeup-crawler.com/)"
135.181.3.228 - - [20/Sep/2024:11:30:06 +0200] "GET /node?page=228 HTTP/1.1" 200 - "-" "Mozilla/5.0 (compatible; BLEXBot/1.0; +http://webmeup-crawler.com/)"
135.181.3.228 - - [20/Sep/2024:11:31:31 +0200] "GET /node?page=229 HTTP/1.1" 200 - "-" "Mozilla/5.0 (compatible; BLEXBot/1.0; +http://webmeup-crawler.com/)"
135.181.3.228 - - [20/Sep/2024:11:32:55 +0200] "GET /node?page=229 HTTP/1.1" 200 - "-" "Mozilla/5.0 (compatible; BLEXBot/1.0; +http://webmeup-crawler.com/)"
135.181.3.228 - - [20/Sep/2024:11:34:19 +0200] "GET /node?page=23 HTTP/1.1" 200 - "-" "Mozilla/5.0 (compatible; BLEXBot/1.0; +http://webmeup-crawler.com/)"
135.181.3.228 - - [20/Sep/2024:11:35:45 +0200] "GET /node?page=23 HTTP/1.1" 200 - "-" "Mozilla/5.0 (compatible; BLEXBot/1.0; +http://webmeup-crawler.com/)"
135.181.3.228 - - [20/Sep/2024:11:37:09 +0200] "GET /node?page=230 HTTP/1.1" 200 - "-" "Mozilla/5.0 (compatible; BLEXBot/1.0; +http://webmeup-crawler.com/)"
135.181.3.228 - - [20/Sep/2024:11:38:33 +0200] "GET /node?page=230 HTTP/1.1" 200 - "-" "Mozilla/5.0 (compatible; BLEXBot/1.0; +http://webmeup-crawler.com/)"
135.181.3.228 - - [20/Sep/2024:11:39:57 +0200] "GET /node?page=231 HTTP/1.1" 200 - "-" "Mozilla/5.0 (compatible; BLEXBot/1.0; +http://webmeup-crawler.com/)"
66.249.74.70 - - [20/Sep/2024:11:41:20 +0200] "GET /files/keklampa.doc HTTP/1.1" 304 - "-" "Mozilla/5.0 (Linux; Android 6.0.1; Nexus 5X Build/MMB29P) AppleWebKit/537.36 (KHTML, like Gecko) Chrome/128.0.6613.137 Mobile Safari/537.36 (compatible; Googlebot/2.1; +http://www.google.com/bot.html)"
135.181.3.228 - - [20/Sep/2024:11:41:23 +0200] "GET /node?page=231 HTTP/1.1" 200 - "-" "Mozilla/5.0 (compatible; BLEXBot/1.0; +http://webmeup-crawler.com/)"
135.181.3.228 - - [20/Sep/2024:11:42:49 +0200] "GET /node?page=232 HTTP/1.1" 200 - "-" "Mozilla/5.0 (compatible; BLEXBot/1.0; +http://webmeup-crawler.com/)"
135.181.3.228 - - [20/Sep/2024:11:44:13 +0200] "GET /node?page=232 HTTP/1.1" 200 - "-" "Mozilla/5.0 (compatible; BLEXBot/1.0; +http://webmeup-crawler.com/)"
135.181.3.228 - - [20/Sep/2024:11:45:36 +0200] "GET /node?page=233 HTTP/1.1" 200 - "-" "Mozilla/5.0 (compatible; BLEXBot/1.0; +http://webmeup-crawler.com/)"
135.181.3.228 - - [20/Sep/2024:11:47:00 +0200] "GET /node?page=233 HTTP/1.1" 200 - "-" "Mozilla/5.0 (compatible; BLEXBot/1.0; +http://webmeup-crawler.com/)"
66.249.74.70 - - [20/Sep/2024:11:48:03 +0200] "GET /files/ptk_kotelmi_jog_0.pdf HTTP/1.1" 200 706298 "-" "Googlebot/2.1 (+http://www.google.com/bot.html)"
135.181.3.228 - - [20/Sep/2024:11:48:25 +0200] "GET /node?page=234 HTTP/1.1" 200 - "-" "Mozilla/5.0 (compatible; BLEXBot/1.0; +http://webmeup-crawler.com/)"
66.249.74.72 - - [20/Sep/2024:11:49:22 +0200] "GET /files/knb_objektumokba_belepes.pdf HTTP/1.1" 304 - "-" "Mozilla/5.0 (Linux; Android 6.0.1; Nexus 5X Build/MMB29P) AppleWebKit/537.36 (KHTML, like Gecko) Chrome/128.0.6613.137 Mobile Safari/537.36 (compatible; Googlebot/2.1; +http://www.google.com/bot.html)"
66.249.73.201 - - [20/Sep/2024:11:49:23 +0200] "GET /files/1998_94_mod_terv_090807.pdf HTTP/1.1" 200 376438 "-" "Mozilla/5.0 (Linux; Android 6.0.1; Nexus 5X Build/MMB29P) AppleWebKit/537.36 (KHTML, like Gecko) Chrome/128.0.6613.137 Mobile Safari/537.36 (compatible; Googlebot/2.1; +http://www.google.com/bot.html)"
52.167.144.25 - - [20/Sep/2024:11:49:46 +0200] "GET /files/kizarolagos.doc HTTP/1.1" 200 130560 "-" "Mozilla/5.0 AppleWebKit/537.36 (KHTML, like Gecko; compatible; bingbot/2.0; +http://www.bing.com/bingbot.htm) Chrome/116.0.1938.76 Safari/537.36"
135.181.3.228 - - [20/Sep/2024:11:49:52 +0200] "GET /node?page=234 HTTP/1.1" 200 - "-" "Mozilla/5.0 (compatible; BLEXBot/1.0; +http://webmeup-crawler.com/)"
135.181.3.228 - - [20/Sep/2024:11:51:16 +0200] "GET /node?page=235 HTTP/1.1" 200 - "-" "Mozilla/5.0 (compatible; BLEXBot/1.0; +http://webmeup-crawler.com/)"
135.181.3.228 - - [20/Sep/2024:11:52:40 +0200] "GET /node?page=235 HTTP/1.1" 200 - "-" "Mozilla/5.0 (compatible; BLEXBot/1.0; +http://webmeup-crawler.com/)"
135.181.3.228 - - [20/Sep/2024:11:54:05 +0200] "GET /node?page=236 HTTP/1.1" 200 - "-" "Mozilla/5.0 (compatible; BLEXBot/1.0; +http://webmeup-crawler.com/)"
135.181.3.228 - - [20/Sep/2024:11:55:30 +0200] "GET /node?page=236 HTTP/1.1" 200 - "-" "Mozilla/5.0 (compatible; BLEXBot/1.0; +http://webmeup-crawler.com/)"
135.181.3.228 - - [20/Sep/2024:11:56:55 +0200] "GET /node?page=237 HTTP/1.1" 200 - "-" "Mozilla/5.0 (compatible; BLEXBot/1.0; +http://webmeup-crawler.com/)"
135.181.3.228 - - [20/Sep/2024:11:58:20 +0200] "GET /node?page=237 HTTP/1.1" 200 - "-" "Mozilla/5.0 (compatible; BLEXBot/1.0; +http://webmeup-crawler.com/)"
135.181.3.228 - - [20/Sep/2024:11:59:44 +0200] "GET /node?page=238 HTTP/1.1" 200 - "-" "Mozilla/5.0 (compatible; BLEXBot/1.0; +http://webmeup-crawler.com/)"
135.181.3.228 - - [20/Sep/2024:12:01:10 +0200] "GET /node?page=238 HTTP/1.1" 200 - "-" "Mozilla/5.0 (compatible; BLEXBot/1.0; +http://webmeup-crawler.com/)"
135.181.3.228 - - [20/Sep/2024:12:02:34 +0200] "GET /node?page=239 HTTP/1.1" 200 - "-" "Mozilla/5.0 (compatible; BLEXBot/1.0; +http://webmeup-crawler.com/)"
135.181.3.228 - - [20/Sep/2024:12:04:01 +0200] "GET /node?page=239 HTTP/1.1" 200 - "-" "Mozilla/5.0 (compatible; BLEXBot/1.0; +http://webmeup-crawler.com/)"
135.181.3.228 - - [20/Sep/2024:12:05:25 +0200] "GET /node?page=24 HTTP/1.1" 200 - "-" "Mozilla/5.0 (compatible; BLEXBot/1.0; +http://webmeup-crawler.com/)"
135.181.3.228 - - [20/Sep/2024:12:06:50 +0200] "GET /node?page=24 HTTP/1.1" 200 - "-" "Mozilla/5.0 (compatible; BLEXBot/1.0; +http://webmeup-crawler.com/)"
135.181.3.228 - - [20/Sep/2024:12:08:14 +0200] "GET /node?page=240 HTTP/1.1" 200 - "-" "Mozilla/5.0 (compatible; BLEXBot/1.0; +http://webmeup-crawler.com/)"
135.181.3.228 - - [20/Sep/2024:12:09:38 +0200] "GET /node?page=240 HTTP/1.1" 200 - "-" "Mozilla/5.0 (compatible; BLEXBot/1.0; +http://webmeup-crawler.com/)"
135.181.3.228 - - [20/Sep/2024:12:11:05 +0200] "GET /node?page=241 HTTP/1.1" 200 - "-" "Mozilla/5.0 (compatible; BLEXBot/1.0; +http://webmeup-crawler.com/)"
135.181.3.228 - - [20/Sep/2024:12:12:29 +0200] "GET /node?page=241 HTTP/1.1" 200 - "-" "Mozilla/5.0 (compatible; BLEXBot/1.0; +http://webmeup-crawler.com/)"
135.181.3.228 - - [20/Sep/2024:12:13:53 +0200] "GET /node?page=242 HTTP/1.1" 200 - "-" "Mozilla/5.0 (compatible; BLEXBot/1.0; +http://webmeup-crawler.com/)"
135.181.3.228 - - [20/Sep/2024:12:15:20 +0200] "GET /node?page=242 HTTP/1.1" 200 - "-" "Mozilla/5.0 (compatible; BLEXBot/1.0; +http://webmeup-crawler.com/)"
135.181.3.228 - - [20/Sep/2024:12:16:44 +0200] "GET /node?page=243 HTTP/1.1" 200 - "-" "Mozilla/5.0 (compatible; BLEXBot/1.0; +http://webmeup-crawler.com/)"
135.181.3.228 - - [20/Sep/2024:12:18:11 +0200] "GET /node?page=243 HTTP/1.1" 200 - "-" "Mozilla/5.0 (compatible; BLEXBot/1.0; +http://webmeup-crawler.com/)"
135.181.3.228 - - [20/Sep/2024:12:19:35 +0200] "GET /node?page=244 HTTP/1.1" 200 - "-" "Mozilla/5.0 (compatible; BLEXBot/1.0; +http://webmeup-crawler.com/)"
135.181.3.228 - - [20/Sep/2024:12:21:00 +0200] "GET /node?page=244 HTTP/1.1" 200 - "-" "Mozilla/5.0 (compatible; BLEXBot/1.0; +http://webmeup-crawler.com/)"
135.181.3.228 - - [20/Sep/2024:12:22:25 +0200] "GET /node?page=245 HTTP/1.1" 200 - "-" "Mozilla/5.0 (compatible; BLEXBot/1.0; +http://webmeup-crawler.com/)"
135.181.3.228 - - [20/Sep/2024:12:23:50 +0200] "GET /node?page=245 HTTP/1.1" 200 - "-" "Mozilla/5.0 (compatible; BLEXBot/1.0; +http://webmeup-crawler.com/)"
135.181.3.228 - - [20/Sep/2024:12:25:16 +0200] "GET /node?page=246 HTTP/1.1" 200 - "-" "Mozilla/5.0 (compatible; BLEXBot/1.0; +http://webmeup-crawler.com/)"
135.181.3.228 - - [20/Sep/2024:12:26:41 +0200] "GET /node?page=246 HTTP/1.1" 200 - "-" "Mozilla/5.0 (compatible; BLEXBot/1.0; +http://webmeup-crawler.com/)"
176.63.20.10 - - [20/Sep/2024:12:26:46 +0200] "GET /files/ESR_korm_eloterjesztes.pdf HTTP/1.1" 200 35041 "https://www.google.com/" "Mozilla/5.0 (Windows NT 10.0; Win64; x64) AppleWebKit/537.36 (KHTML, like Gecko) Chrome/128.0.0.0 Safari/537.36"
176.63.20.10 - - [20/Sep/2024:12:26:46 +0200] "GET /favicon.ico HTTP/1.1" 404 57 "http://www.jogalkotas.hu/files/ESR_korm_eloterjesztes.pdf" "Mozilla/5.0 (Windows NT 10.0; Win64; x64) AppleWebKit/537.36 (KHTML, like Gecko) Chrome/128.0.0.0 Safari/537.36"
176.63.20.10 - - [20/Sep/2024:12:26:46 +0200] "GET /files/ESR_korm_eloterjesztes.pdf HTTP/1.1" 206 1025 "-" "Mozilla/5.0 (Windows NT 10.0; Win64; x64) AppleWebKit/537.36 (KHTML, like Gecko) Chrome/128.0.0.0 Safari/537.36"
176.63.20.10 - - [20/Sep/2024:12:26:47 +0200] "GET /files/ESR_korm_eloterjesztes.pdf HTTP/1.1" 200 1021178 "-" "Mozilla/5.0 (Windows NT 10.0; Win64; x64) AppleWebKit/537.36 (KHTML, like Gecko) Chrome/128.0.0.0 Safari/537.36"
135.181.3.228 - - [20/Sep/2024:12:28:06 +0200] "GET /node?page=247 HTTP/1.1" 200 - "-" "Mozilla/5.0 (compatible; BLEXBot/1.0; +http://webmeup-crawler.com/)"
135.181.3.228 - - [20/Sep/2024:12:29:31 +0200] "GET /node?page=247 HTTP/1.1" 200 - "-" "Mozilla/5.0 (compatible; BLEXBot/1.0; +http://webmeup-crawler.com/)"
135.181.3.228 - - [20/Sep/2024:12:30:56 +0200] "GET /node?page=248 HTTP/1.1" 200 - "-" "Mozilla/5.0 (compatible; BLEXBot/1.0; +http://webmeup-crawler.com/)"
135.181.3.228 - - [20/Sep/2024:12:32:22 +0200] "GET /node?page=248 HTTP/1.1" 200 - "-" "Mozilla/5.0 (compatible; BLEXBot/1.0; +http://webmeup-crawler.com/)"
135.181.3.228 - - [20/Sep/2024:12:33:47 +0200] "GET /node?page=249 HTTP/1.1" 200 - "-" "Mozilla/5.0 (compatible; BLEXBot/1.0; +http://webmeup-crawler.com/)"
135.181.3.228 - - [20/Sep/2024:12:35:12 +0200] "GET /node?page=249 HTTP/1.1" 200 - "-" "Mozilla/5.0 (compatible; BLEXBot/1.0; +http://webmeup-crawler.com/)"
135.181.3.228 - - [20/Sep/2024:12:36:37 +0200] "GET /node?page=25 HTTP/1.1" 200 - "-" "Mozilla/5.0 (compatible; BLEXBot/1.0; +http://webmeup-crawler.com/)"
66.249.73.202 - - [20/Sep/2024:12:37:23 +0200] "GET /files/kozig-egyezt-eloterj.pdf HTTP/1.1" 200 3811976 "-" "Googlebot/2.1 (+http://www.google.com/bot.html)"
135.181.3.228 - - [20/Sep/2024:12:38:02 +0200] "GET /node?page=25 HTTP/1.1" 200 - "-" "Mozilla/5.0 (compatible; BLEXBot/1.0; +http://webmeup-crawler.com/)"
135.181.3.228 - - [20/Sep/2024:12:39:22 +0200] "GET /node?page=250 HTTP/1.1" 200 - "-" "Mozilla/5.0 (compatible; BLEXBot/1.0; +http://webmeup-crawler.com/)"
135.181.3.228 - - [20/Sep/2024:12:40:48 +0200] "GET /node?page=250 HTTP/1.1" 200 - "-" "Mozilla/5.0 (compatible; BLEXBot/1.0; +http://webmeup-crawler.com/)"
135.181.3.228 - - [20/Sep/2024:12:42:13 +0200] "GET /node?page=26 HTTP/1.1" 200 - "-" "Mozilla/5.0 (compatible; BLEXBot/1.0; +http://webmeup-crawler.com/)"
135.181.3.228 - - [20/Sep/2024:12:43:38 +0200] "GET /node?page=26 HTTP/1.1" 200 - "-" "Mozilla/5.0 (compatible; BLEXBot/1.0; +http://webmeup-crawler.com/)"
66.249.73.201 - - [20/Sep/2024:12:44:42 +0200] "GET /files/INSPIRE_kozig_aprilis_27.pdf HTTP/1.1" 200 234273 "-" "Googlebot/2.1 (+http://www.google.com/bot.html)"
66.249.74.70 - - [20/Sep/2024:12:45:01 +0200] "GET /files/hm_rendelet_tervezet_allomany_melleklet.pdf HTTP/1.1" 200 150110 "-" "Mozilla/5.0 (Linux; Android 6.0.1; Nexus 5X Build/MMB29P) AppleWebKit/537.36 (KHTML, like Gecko) Chrome/128.0.6613.137 Mobile Safari/537.36 (compatible; Googlebot/2.1; +http://www.google.com/bot.html)"
135.181.3.228 - - [20/Sep/2024:12:45:26 +0200] "GET /node?page=27 HTTP/1.1" 200 - "-" "Mozilla/5.0 (compatible; BLEXBot/1.0; +http://webmeup-crawler.com/)"
135.181.3.228 - - [20/Sep/2024:12:46:51 +0200] "GET /node?page=27 HTTP/1.1" 200 - "-" "Mozilla/5.0 (compatible; BLEXBot/1.0; +http://webmeup-crawler.com/)"
135.181.3.228 - - [20/Sep/2024:12:48:17 +0200] "GET /node?page=28 HTTP/1.1" 200 - "-" "Mozilla/5.0 (compatible; BLEXBot/1.0; +http://webmeup-crawler.com/)"
114.119.144.143 - - [20/Sep/2024:12:48:34 +0200] "GET /robots.txt HTTP/1.1" 200 1590 "-" "Mozilla/5.0 (compatible;PetalBot;+https://webmaster.petalsearch.com/site/petalbot)"
135.181.3.228 - - [20/Sep/2024:12:49:43 +0200] "GET /node?page=28 HTTP/1.1" 200 - "-" "Mozilla/5.0 (compatible; BLEXBot/1.0; +http://webmeup-crawler.com/)"
135.181.3.228 - - [20/Sep/2024:12:51:09 +0200] "GET /node?page=29 HTTP/1.1" 200 - "-" "Mozilla/5.0 (compatible; BLEXBot/1.0; +http://webmeup-crawler.com/)"
135.181.3.228 - - [20/Sep/2024:12:52:35 +0200] "GET /node?page=3 HTTP/1.1" 200 - "-" "Mozilla/5.0 (compatible; BLEXBot/1.0; +http://webmeup-crawler.com/)"
135.181.3.228 - - [20/Sep/2024:12:53:59 +0200] "GET /node?page=3 HTTP/1.1" 200 - "-" "Mozilla/5.0 (compatible; BLEXBot/1.0; +http://webmeup-crawler.com/)"
135.181.3.228 - - [20/Sep/2024:12:55:25 +0200] "GET /node?page=30 HTTP/1.1" 200 - "-" "Mozilla/5.0 (compatible; BLEXBot/1.0; +http://webmeup-crawler.com/)"
135.181.3.228 - - [20/Sep/2024:12:56:52 +0200] "GET /node?page=31 HTTP/1.1" 200 - "-" "Mozilla/5.0 (compatible; BLEXBot/1.0; +http://webmeup-crawler.com/)"
135.181.3.228 - - [20/Sep/2024:12:58:18 +0200] "GET /node?page=32 HTTP/1.1" 200 - "-" "Mozilla/5.0 (compatible; BLEXBot/1.0; +http://webmeup-crawler.com/)"
135.181.3.228 - - [20/Sep/2024:12:59:44 +0200] "GET /node?page=33 HTTP/1.1" 200 - "-" "Mozilla/5.0 (compatible; BLEXBot/1.0; +http://webmeup-crawler.com/)"
135.181.3.228 - - [20/Sep/2024:13:01:09 +0200] "GET /node?page=34 HTTP/1.1" 200 - "-" "Mozilla/5.0 (compatible; BLEXBot/1.0; +http://webmeup-crawler.com/)"
135.181.3.228 - - [20/Sep/2024:13:02:34 +0200] "GET /node?page=35 HTTP/1.1" 200 - "-" "Mozilla/5.0 (compatible; BLEXBot/1.0; +http://webmeup-crawler.com/)"
135.181.3.228 - - [20/Sep/2024:13:04:01 +0200] "GET /node?page=36 HTTP/1.1" 200 - "-" "Mozilla/5.0 (compatible; BLEXBot/1.0; +http://webmeup-crawler.com/)"
135.181.3.228 - - [20/Sep/2024:13:05:27 +0200] "GET /node?page=37 HTTP/1.1" 200 - "-" "Mozilla/5.0 (compatible; BLEXBot/1.0; +http://webmeup-crawler.com/)"
135.181.3.228 - - [20/Sep/2024:13:06:52 +0200] "GET /node?page=38 HTTP/1.1" 200 - "-" "Mozilla/5.0 (compatible; BLEXBot/1.0; +http://webmeup-crawler.com/)"
135.181.3.228 - - [20/Sep/2024:13:08:17 +0200] "GET /node?page=39 HTTP/1.1" 200 - "-" "Mozilla/5.0 (compatible; BLEXBot/1.0; +http://webmeup-crawler.com/)"
135.181.3.228 - - [20/Sep/2024:13:09:43 +0200] "GET /node?page=4 HTTP/1.1" 200 - "-" "Mozilla/5.0 (compatible; BLEXBot/1.0; +http://webmeup-crawler.com/)"
135.181.3.228 - - [20/Sep/2024:13:11:10 +0200] "GET /node?page=4 HTTP/1.1" 200 - "-" "Mozilla/5.0 (compatible; BLEXBot/1.0; +http://webmeup-crawler.com/)"
135.181.3.228 - - [20/Sep/2024:13:12:35 +0200] "GET /node?page=40 HTTP/1.1" 200 - "-" "Mozilla/5.0 (compatible; BLEXBot/1.0; +http://webmeup-crawler.com/)"
135.181.3.228 - - [20/Sep/2024:13:14:01 +0200] "GET /node?page=41 HTTP/1.1" 200 - "-" "Mozilla/5.0 (compatible; BLEXBot/1.0; +http://webmeup-crawler.com/)"
135.181.3.228 - - [20/Sep/2024:13:15:26 +0200] "GET /node?page=42 HTTP/1.1" 200 - "-" "Mozilla/5.0 (compatible; BLEXBot/1.0; +http://webmeup-crawler.com/)"
135.181.3.228 - - [20/Sep/2024:13:16:52 +0200] "GET /node?page=43 HTTP/1.1" 200 - "-" "Mozilla/5.0 (compatible; BLEXBot/1.0; +http://webmeup-crawler.com/)"
135.181.3.228 - - [20/Sep/2024:13:18:18 +0200] "GET /node?page=44 HTTP/1.1" 200 - "-" "Mozilla/5.0 (compatible; BLEXBot/1.0; +http://webmeup-crawler.com/)"
135.181.3.228 - - [20/Sep/2024:13:19:45 +0200] "GET /node?page=45 HTTP/1.1" 200 - "-" "Mozilla/5.0 (compatible; BLEXBot/1.0; +http://webmeup-crawler.com/)"
135.181.3.228 - - [20/Sep/2024:13:21:12 +0200] "GET /node?page=46 HTTP/1.1" 200 - "-" "Mozilla/5.0 (compatible; BLEXBot/1.0; +http://webmeup-crawler.com/)"
66.249.69.192 - - [20/Sep/2024:13:21:23 +0200] "GET /files/3_mell_FAVI_ENG__ves.doc HTTP/1.1" 304 - "-" "Mozilla/5.0 (Linux; Android 6.0.1; Nexus 5X Build/MMB29P) AppleWebKit/537.36 (KHTML, like Gecko) Chrome/128.0.6613.137 Mobile Safari/537.36 (compatible; Googlebot/2.1; +http://www.google.com/bot.html)"
135.181.3.228 - - [20/Sep/2024:13:22:38 +0200] "GET /node?page=47 HTTP/1.1" 200 - "-" "Mozilla/5.0 (compatible; BLEXBot/1.0; +http://webmeup-crawler.com/)"
135.181.3.228 - - [20/Sep/2024:13:24:04 +0200] "GET /node?page=48 HTTP/1.1" 200 - "-" "Mozilla/5.0 (compatible; BLEXBot/1.0; +http://webmeup-crawler.com/)"
135.181.3.228 - - [20/Sep/2024:13:25:32 +0200] "GET /node?page=49 HTTP/1.1" 200 - "-" "Mozilla/5.0 (compatible; BLEXBot/1.0; +http://webmeup-crawler.com/)"
135.181.3.228 - - [20/Sep/2024:13:27:01 +0200] "GET /node?page=5 HTTP/1.1" 200 - "-" "Mozilla/5.0 (compatible; BLEXBot/1.0; +http://webmeup-crawler.com/)"
135.181.3.228 - - [20/Sep/2024:13:28:28 +0200] "GET /node?page=5 HTTP/1.1" 200 - "-" "Mozilla/5.0 (compatible; BLEXBot/1.0; +http://webmeup-crawler.com/)"
135.181.3.228 - - [20/Sep/2024:13:29:54 +0200] "GET /node?page=50 HTTP/1.1" 200 - "-" "Mozilla/5.0 (compatible; BLEXBot/1.0; +http://webmeup-crawler.com/)"
135.181.3.228 - - [20/Sep/2024:13:31:20 +0200] "GET /node?page=51 HTTP/1.1" 200 - "-" "Mozilla/5.0 (compatible; BLEXBot/1.0; +http://webmeup-crawler.com/)"
135.181.3.228 - - [20/Sep/2024:13:32:49 +0200] "GET /node?page=52 HTTP/1.1" 200 - "-" "Mozilla/5.0 (compatible; BLEXBot/1.0; +http://webmeup-crawler.com/)"
135.181.3.228 - - [20/Sep/2024:13:34:15 +0200] "GET /node?page=53 HTTP/1.1" 200 - "-" "Mozilla/5.0 (compatible; BLEXBot/1.0; +http://webmeup-crawler.com/)"
135.181.3.228 - - [20/Sep/2024:13:35:41 +0200] "GET /node?page=54 HTTP/1.1" 200 - "-" "Mozilla/5.0 (compatible; BLEXBot/1.0; +http://webmeup-crawler.com/)"
135.181.3.228 - - [20/Sep/2024:13:37:08 +0200] "GET /node?page=55 HTTP/1.1" 200 - "-" "Mozilla/5.0 (compatible; BLEXBot/1.0; +http://webmeup-crawler.com/)"
135.181.3.228 - - [20/Sep/2024:13:38:34 +0200] "GET /node?page=56 HTTP/1.1" 200 - "-" "Mozilla/5.0 (compatible; BLEXBot/1.0; +http://webmeup-crawler.com/)"
135.181.3.228 - - [20/Sep/2024:13:40:03 +0200] "GET /node?page=57 HTTP/1.1" 200 - "-" "Mozilla/5.0 (compatible; BLEXBot/1.0; +http://webmeup-crawler.com/)"
135.181.3.228 - - [20/Sep/2024:13:41:29 +0200] "GET /node?page=58 HTTP/1.1" 200 - "-" "Mozilla/5.0 (compatible; BLEXBot/1.0; +http://webmeup-crawler.com/)"
135.181.3.228 - - [20/Sep/2024:13:42:56 +0200] "GET /node?page=59 HTTP/1.1" 200 - "-" "Mozilla/5.0 (compatible; BLEXBot/1.0; +http://webmeup-crawler.com/)"
135.181.3.228 - - [20/Sep/2024:13:44:26 +0200] "GET /node?page=6 HTTP/1.1" 200 - "-" "Mozilla/5.0 (compatible; BLEXBot/1.0; +http://webmeup-crawler.com/)"
135.181.3.228 - - [20/Sep/2024:13:45:55 +0200] "GET /node?page=6 HTTP/1.1" 200 - "-" "Mozilla/5.0 (compatible; BLEXBot/1.0; +http://webmeup-crawler.com/)"
