114.119.147.97 - - [01/Sep/2024:00:07:13 +0200] "GET /robots.txt HTTP/1.1" 200 1590 "-" "Mozilla/5.0 (compatible;PetalBot;+https://webmaster.petalsearch.com/site/petalbot)"
66.249.79.131 - - [01/Sep/2024:00:07:19 +0200] "GET /files/Nemzetkozi_szerzodesekkel_kapcsolatos_eljarasrol_szolo_2005.evi_L.torveny_modositasarol.pdf HTTP/1.1" 304 - "-" "Mozilla/5.0 (Linux; Android 6.0.1; Nexus 5X Build/MMB29P) AppleWebKit/537.36 (KHTML, like Gecko) Chrome/127.0.6533.119 Mobile Safari/537.36 (compatible; Googlebot/2.1; +http://www.google.com/bot.html)"
95.163.255.164 - - [01/Sep/2024:00:08:03 +0200] "GET /robots.txt HTTP/1.0" 200 1590 "-" "Mozilla/5.0 (compatible; Linux x86_64; Mail.RU_Bot/2.0; +https://help.mail.ru/webmaster/indexing/robots)"
95.163.255.165 - - [01/Sep/2024:00:08:10 +0200] "GET /files/22-1996-mod-kozigre.pdf HTTP/1.1" 200 966507 "-" "Mozilla/5.0 (compatible; Linux x86_64; Mail.RU_Bot/2.0; +https://help.mail.ru/webmaster/indexing/robots)"
216.244.66.200 - - [01/Sep/2024:00:10:46 +0200] "GET /node/453 HTTP/1.1" 200 - "-" "Mozilla/5.0 (compatible; DotBot/1.2; +https://opensiteexplorer.org/dotbot; help@moz.com)"
216.244.66.200 - - [01/Sep/2024:00:37:17 +0200] "GET /robots.txt HTTP/1.1" 200 1590 "-" "Mozilla/5.0 (compatible; DotBot/1.2; +https://opensiteexplorer.org/dotbot; help@moz.com)"
216.244.66.200 - - [01/Sep/2024:00:41:53 +0200] "GET /files/9-2002_im_rend__szakami_indokolas.doc HTTP/1.1" 200 101376 "-" "Mozilla/5.0 (compatible; DotBot/1.2; +https://opensiteexplorer.org/dotbot; help@moz.com)"
216.244.66.200 - - [01/Sep/2024:00:42:05 +0200] "GET /files/_5adgmopt2ehgn4ql0doml6rrddtpmm1kbkdl6cobcek_.pdf HTTP/1.1" 200 150283 "-" "Mozilla/5.0 (compatible; DotBot/1.2; +https://opensiteexplorer.org/dotbot; help@moz.com)"
66.249.79.130 - - [01/Sep/2024:00:58:23 +0200] "GET /files/43per2005_eum_rendelet__mod.doc HTTP/1.1" 304 - "-" "Mozilla/5.0 (Linux; Android 6.0.1; Nexus 5X Build/MMB29P) AppleWebKit/537.36 (KHTML, like Gecko) Chrome/127.0.6533.119 Mobile Safari/537.36 (compatible; Googlebot/2.1; +http://www.google.com/bot.html)"
216.244.66.200 - - [01/Sep/2024:01:29:49 +0200] "GET /robots.txt HTTP/1.1" 200 1590 "-" "Mozilla/5.0 (compatible; DotBot/1.2; +https://opensiteexplorer.org/dotbot; help@moz.com)"
216.244.66.200 - - [01/Sep/2024:01:34:35 +0200] "GET /files/k%C3%83%C2%B6zgy%C3%83%C2%B3gyell%C3%83%C2%A1t%C3%83%C2%A1ssal_kapcsolatos_%C3%83%C2%BAj_e%C3%83%C2%BCm_rendelet_tervezet_6.doc HTTP/1.1" 200 - "-" "Mozilla/5.0 (compatible; DotBot/1.2; +https://opensiteexplorer.org/dotbot; help@moz.com)"
216.244.66.200 - - [01/Sep/2024:01:34:36 +0200] "GET /files/kulfoldiek_foglalkoztatasa_060316.pdf HTTP/1.1" 200 159451 "-" "Mozilla/5.0 (compatible; DotBot/1.2; +https://opensiteexplorer.org/dotbot; help@moz.com)"
216.244.66.200 - - [01/Sep/2024:01:34:48 +0200] "GET /files/nivodij_terv_091113.pdf HTTP/1.1" 200 321685 "-" "Mozilla/5.0 (compatible; DotBot/1.2; +https://opensiteexplorer.org/dotbot; help@moz.com)"
216.244.66.200 - - [01/Sep/2024:02:21:36 +0200] "GET /robots.txt HTTP/1.1" 200 1590 "-" "Mozilla/5.0 (compatible; DotBot/1.2; +https://opensiteexplorer.org/dotbot; help@moz.com)"
216.244.66.200 - - [01/Sep/2024:02:21:37 +0200] "GET /robots.txt HTTP/1.1" 200 1590 "-" "Mozilla/5.0 (compatible; DotBot/1.2; +https://opensiteexplorer.org/dotbot; help@moz.com)"
216.244.66.200 - - [01/Sep/2024:02:25:39 +0200] "GET /taxonomy/term/41 HTTP/1.1" 200 - "-" "Mozilla/5.0 (compatible; DotBot/1.2; +https://opensiteexplorer.org/dotbot; help@moz.com)"
216.244.66.200 - - [01/Sep/2024:02:26:17 +0200] "GET /files/0306_tjf_110el_t..doc HTTP/1.1" 200 780800 "-" "Mozilla/5.0 (compatible; DotBot/1.2; +https://opensiteexplorer.org/dotbot; help@moz.com)"
216.244.66.200 - - [01/Sep/2024:02:26:50 +0200] "GET /files/37per2004_ESZCSM_rend_mod_100302.doc HTTP/1.1" 200 108544 "-" "Mozilla/5.0 (compatible; DotBot/1.2; +https://opensiteexplorer.org/dotbot; help@moz.com)"
216.244.66.200 - - [01/Sep/2024:02:27:52 +0200] "GET /files/60_2004___vii__6___eszcsm_rendelet_m%C3%83%C2%B3dos%C3%83%C2%ADt%C3%83%C2%A1sa_6.doc HTTP/1.1" 200 - "-" "Mozilla/5.0 (compatible; DotBot/1.2; +https://opensiteexplorer.org/dotbot; help@moz.com)"
216.244.66.200 - - [01/Sep/2024:02:28:42 +0200] "GET /files/a_szakmai_protokollok_k%C3%83%C2%A9sz%C3%83%C2%ADt%C3%83%C2%A9s%C3%83%C2%A9nek_elj%C3%83%C2%A1r%C3%83%C2%A1srendj%C3%83%C2%A9r%C3%85%E2%80%98l_sz%C3%83%C2%B3l%C3%83%C2%B3_e%C3%83%C2%BCm_rendelet_tervezet_10.doc HTTP/1.1" 200 - "-" "Mozilla/5.0 (compatible; DotBot/1.2; +https://opensiteexplorer.org/dotbot; help@moz.com)"
216.244.66.200 - - [01/Sep/2024:02:29:03 +0200] "GET /files/alapf_muv_okt_kovet_III_060414.pdf HTTP/1.1" 200 252060 "-" "Mozilla/5.0 (compatible; DotBot/1.2; +https://opensiteexplorer.org/dotbot; help@moz.com)"
216.244.66.200 - - [01/Sep/2024:02:29:33 +0200] "GET /files/indok.pdf HTTP/1.1" 200 50987 "-" "Mozilla/5.0 (compatible; DotBot/1.2; +https://opensiteexplorer.org/dotbot; help@moz.com)"
216.244.66.200 - - [01/Sep/2024:02:30:34 +0200] "GET /node/2520 HTTP/1.1" 200 - "-" "Mozilla/5.0 (compatible; DotBot/1.2; +https://opensiteexplorer.org/dotbot; help@moz.com)"
216.244.66.200 - - [01/Sep/2024:02:31:24 +0200] "GET /node/2615 HTTP/1.1" 200 - "-" "Mozilla/5.0 (compatible; DotBot/1.2; +https://opensiteexplorer.org/dotbot; help@moz.com)"
216.244.66.200 - - [01/Sep/2024:02:32:14 +0200] "GET /node/2605 HTTP/1.1" 200 - "-" "Mozilla/5.0 (compatible; DotBot/1.2; +https://opensiteexplorer.org/dotbot; help@moz.com)"
216.244.66.200 - - [01/Sep/2024:02:33:04 +0200] "GET /node?page=112 HTTP/1.1" 200 - "-" "Mozilla/5.0 (compatible; DotBot/1.2; +https://opensiteexplorer.org/dotbot; help@moz.com)"
216.244.66.200 - - [01/Sep/2024:02:33:55 +0200] "GET /node?page=82 HTTP/1.1" 200 - "-" "Mozilla/5.0 (compatible; DotBot/1.2; +https://opensiteexplorer.org/dotbot; help@moz.com)"
216.244.66.200 - - [01/Sep/2024:02:34:45 +0200] "GET /node?page=241 HTTP/1.1" 200 - "-" "Mozilla/5.0 (compatible; DotBot/1.2; +https://opensiteexplorer.org/dotbot; help@moz.com)"
216.244.66.200 - - [01/Sep/2024:02:35:35 +0200] "GET /node/2004 HTTP/1.1" 200 - "-" "Mozilla/5.0 (compatible; DotBot/1.2; +https://opensiteexplorer.org/dotbot; help@moz.com)"
216.244.66.200 - - [01/Sep/2024:02:36:25 +0200] "GET /node?page=47 HTTP/1.1" 200 - "-" "Mozilla/5.0 (compatible; DotBot/1.2; +https://opensiteexplorer.org/dotbot; help@moz.com)"
216.244.66.200 - - [01/Sep/2024:02:37:16 +0200] "GET /node?page=65 HTTP/1.1" 200 - "-" "Mozilla/5.0 (compatible; DotBot/1.2; +https://opensiteexplorer.org/dotbot; help@moz.com)"
216.244.66.200 - - [01/Sep/2024:02:38:07 +0200] "GET /node?page=69 HTTP/1.1" 200 - "-" "Mozilla/5.0 (compatible; DotBot/1.2; +https://opensiteexplorer.org/dotbot; help@moz.com)"
216.244.66.200 - - [01/Sep/2024:02:38:57 +0200] "GET /node/1066 HTTP/1.1" 200 - "-" "Mozilla/5.0 (compatible; DotBot/1.2; +https://opensiteexplorer.org/dotbot; help@moz.com)"
66.249.79.131 - - [01/Sep/2024:02:49:40 +0200] "GET /files/muemlek_terv_081124.pdf HTTP/1.1" 304 - "-" "Mozilla/5.0 (Linux; Android 6.0.1; Nexus 5X Build/MMB29P) AppleWebKit/537.36 (KHTML, like Gecko) Chrome/127.0.6533.119 Mobile Safari/537.36 (compatible; Googlebot/2.1; +http://www.google.com/bot.html)"
216.244.66.200 - - [01/Sep/2024:03:13:52 +0200] "GET /robots.txt HTTP/1.1" 200 1590 "-" "Mozilla/5.0 (compatible; DotBot/1.2; +https://opensiteexplorer.org/dotbot; help@moz.com)"
216.244.66.200 - - [01/Sep/2024:03:13:52 +0200] "GET /robots.txt HTTP/1.1" 200 1590 "-" "Mozilla/5.0 (compatible; DotBot/1.2; +https://opensiteexplorer.org/dotbot; help@moz.com)"
216.244.66.200 - - [01/Sep/2024:03:19:35 +0200] "GET /node/2557 HTTP/1.1" 200 - "-" "Mozilla/5.0 (compatible; DotBot/1.2; +https://opensiteexplorer.org/dotbot; help@moz.com)"
216.244.66.200 - - [01/Sep/2024:03:20:05 +0200] "GET /taxonomy/term/88 HTTP/1.1" 200 - "-" "Mozilla/5.0 (compatible; DotBot/1.2; +https://opensiteexplorer.org/dotbot; help@moz.com)"
95.163.255.193 - - [01/Sep/2024:03:20:05 +0200] "GET /robots.txt HTTP/1.0" 200 1590 "-" "Mozilla/5.0 (compatible; Linux x86_64; Mail.RU_Bot/2.0; +https://help.mail.ru/webmaster/indexing/robots)"
95.163.255.169 - - [01/Sep/2024:03:20:08 +0200] "GET /files/ptk_kotelmi_jog.pdf HTTP/1.1" 200 706298 "-" "Mozilla/5.0 (compatible; Linux x86_64; Mail.RU_Bot/2.0; +https://help.mail.ru/webmaster/indexing/robots)"
216.244.66.200 - - [01/Sep/2024:03:20:46 +0200] "GET /node/2547 HTTP/1.1" 200 - "-" "Mozilla/5.0 (compatible; DotBot/1.2; +https://opensiteexplorer.org/dotbot; help@moz.com)"
216.244.66.200 - - [01/Sep/2024:03:21:36 +0200] "GET /node/31 HTTP/1.1" 200 - "-" "Mozilla/5.0 (compatible; DotBot/1.2; +https://opensiteexplorer.org/dotbot; help@moz.com)"
216.244.66.200 - - [01/Sep/2024:03:22:52 +0200] "GET /node?page=72 HTTP/1.1" 200 - "-" "Mozilla/5.0 (compatible; DotBot/1.2; +https://opensiteexplorer.org/dotbot; help@moz.com)"
216.244.66.200 - - [01/Sep/2024:03:23:42 +0200] "GET /node?page=89 HTTP/1.1" 200 - "-" "Mozilla/5.0 (compatible; DotBot/1.2; +https://opensiteexplorer.org/dotbot; help@moz.com)"
216.244.66.200 - - [01/Sep/2024:03:24:33 +0200] "GET /user/10 HTTP/1.1" 200 - "-" "Mozilla/5.0 (compatible; DotBot/1.2; +https://opensiteexplorer.org/dotbot; help@moz.com)"
216.244.66.200 - - [01/Sep/2024:03:25:23 +0200] "GET /taxonomy/term/52?page=23 HTTP/1.1" 200 - "-" "Mozilla/5.0 (compatible; DotBot/1.2; +https://opensiteexplorer.org/dotbot; help@moz.com)"
216.244.66.200 - - [01/Sep/2024:03:26:13 +0200] "GET /node/1275 HTTP/1.1" 200 - "-" "Mozilla/5.0 (compatible; DotBot/1.2; +https://opensiteexplorer.org/dotbot; help@moz.com)"
216.244.66.200 - - [01/Sep/2024:03:27:04 +0200] "GET /node/1307 HTTP/1.1" 200 - "-" "Mozilla/5.0 (compatible; DotBot/1.2; +https://opensiteexplorer.org/dotbot; help@moz.com)"
216.244.66.200 - - [01/Sep/2024:03:27:54 +0200] "GET /node/1506 HTTP/1.1" 200 - "-" "Mozilla/5.0 (compatible; DotBot/1.2; +https://opensiteexplorer.org/dotbot; help@moz.com)"
95.163.255.171 - - [01/Sep/2024:03:34:01 +0200] "GET /files/ptk_oroklesi_jog.pdf HTTP/1.1" 200 260717 "-" "Mozilla/5.0 (compatible; Linux x86_64; Mail.RU_Bot/2.0; +https://help.mail.ru/webmaster/indexing/robots)"
95.163.255.194 - - [01/Sep/2024:03:36:30 +0200] "GET /files/14_4.pdf HTTP/1.1" 304 - "-" "Mozilla/5.0 (compatible; Linux x86_64; Mail.RU_Bot/2.0; +https://help.mail.ru/webmaster/indexing/robots)"
216.244.66.200 - - [01/Sep/2024:04:06:43 +0200] "GET /robots.txt HTTP/1.1" 200 1590 "-" "Mozilla/5.0 (compatible; DotBot/1.2; +https://opensiteexplorer.org/dotbot; help@moz.com)"
216.244.66.200 - - [01/Sep/2024:04:06:43 +0200] "GET /robots.txt HTTP/1.1" 200 1590 "-" "Mozilla/5.0 (compatible; DotBot/1.2; +https://opensiteexplorer.org/dotbot; help@moz.com)"
216.244.66.200 - - [01/Sep/2024:04:10:49 +0200] "GET /taxonomy/term/31 HTTP/1.1" 200 - "-" "Mozilla/5.0 (compatible; DotBot/1.2; +https://opensiteexplorer.org/dotbot; help@moz.com)"
216.244.66.200 - - [01/Sep/2024:04:10:53 +0200] "GET /files/TK432.pdf HTTP/1.1" 200 221096 "-" "Mozilla/5.0 (compatible; DotBot/1.2; +https://opensiteexplorer.org/dotbot; help@moz.com)"
216.244.66.200 - - [01/Sep/2024:04:11:04 +0200] "GET /files/indoklas.pdf HTTP/1.1" 200 49300 "-" "Mozilla/5.0 (compatible; DotBot/1.2; +https://opensiteexplorer.org/dotbot; help@moz.com)"
216.244.66.200 - - [01/Sep/2024:04:11:47 +0200] "GET /taxonomy/term/40/0/feed HTTP/1.1" 200 - "-" "Mozilla/5.0 (compatible; DotBot/1.2; +https://opensiteexplorer.org/dotbot; help@moz.com)"
216.244.66.200 - - [01/Sep/2024:04:12:21 +0200] "GET /taxonomy/term/81 HTTP/1.1" 200 - "-" "Mozilla/5.0 (compatible; DotBot/1.2; +https://opensiteexplorer.org/dotbot; help@moz.com)"
216.244.66.200 - - [01/Sep/2024:04:13:11 +0200] "GET /node/2522 HTTP/1.1" 200 - "-" "Mozilla/5.0 (compatible; DotBot/1.2; +https://opensiteexplorer.org/dotbot; help@moz.com)"
216.244.66.200 - - [01/Sep/2024:04:14:01 +0200] "GET /taxonomy/term/47?page=3 HTTP/1.1" 200 - "-" "Mozilla/5.0 (compatible; DotBot/1.2; +https://opensiteexplorer.org/dotbot; help@moz.com)"
52.167.144.145 - - [01/Sep/2024:04:14:46 +0200] "GET /files/ekt_10_melleklet.pdf HTTP/1.1" 304 - "-" "Mozilla/5.0 AppleWebKit/537.36 (KHTML, like Gecko; compatible; bingbot/2.0; +http://www.bing.com/bingbot.htm) Chrome/116.0.1938.76 Safari/537.36"
216.244.66.200 - - [01/Sep/2024:04:16:09 +0200] "GET /node?page=90 HTTP/1.1" 200 - "-" "Mozilla/5.0 (compatible; DotBot/1.2; +https://opensiteexplorer.org/dotbot; help@moz.com)"
216.244.66.200 - - [01/Sep/2024:04:20:04 +0200] "GET /node/1070 HTTP/1.1" 200 - "-" "Mozilla/5.0 (compatible; DotBot/1.2; +https://opensiteexplorer.org/dotbot; help@moz.com)"
216.244.66.200 - - [01/Sep/2024:04:20:54 +0200] "GET /node/1333 HTTP/1.1" 200 - "-" "Mozilla/5.0 (compatible; DotBot/1.2; +https://opensiteexplorer.org/dotbot; help@moz.com)"
216.244.66.200 - - [01/Sep/2024:04:21:45 +0200] "GET /node/1460 HTTP/1.1" 200 - "-" "Mozilla/5.0 (compatible; DotBot/1.2; +https://opensiteexplorer.org/dotbot; help@moz.com)"
216.244.66.200 - - [01/Sep/2024:04:22:35 +0200] "GET /node/1476 HTTP/1.1" 200 - "-" "Mozilla/5.0 (compatible; DotBot/1.2; +https://opensiteexplorer.org/dotbot; help@moz.com)"
216.244.66.200 - - [01/Sep/2024:04:23:26 +0200] "GET /node/1904 HTTP/1.1" 200 - "-" "Mozilla/5.0 (compatible; DotBot/1.2; +https://opensiteexplorer.org/dotbot; help@moz.com)"
216.244.66.200 - - [01/Sep/2024:04:24:16 +0200] "GET /node/2041 HTTP/1.1" 200 - "-" "Mozilla/5.0 (compatible; DotBot/1.2; +https://opensiteexplorer.org/dotbot; help@moz.com)"
173.252.107.116 - - [01/Sep/2024:04:28:39 +0200] "GET /taxonomy/term/36 HTTP/1.1" 200 - "-" "meta-externalagent/1.1 (+https://developers.facebook.com/docs/sharing/webmasters/crawler)"
95.163.255.197 - - [01/Sep/2024:05:11:20 +0200] "GET /robots.txt HTTP/1.0" 200 1590 "-" "Mozilla/5.0 (compatible; Linux x86_64; Mail.RU_Bot/2.0; +https://help.mail.ru/webmaster/indexing/robots)"
95.163.255.158 - - [01/Sep/2024:05:11:32 +0200] "GET /files/KHEM_5013_3norma.doc HTTP/1.1" 200 689664 "-" "Mozilla/5.0 (compatible; Linux x86_64; Mail.RU_Bot/2.0; +https://help.mail.ru/webmaster/indexing/robots)"
114.119.133.134 - - [01/Sep/2024:05:16:51 +0200] "GET /robots.txt HTTP/1.1" 200 1590 "-" "Mozilla/5.0 (compatible;PetalBot;+https://webmaster.petalsearch.com/site/petalbot)"
66.249.79.129 - - [01/Sep/2024:05:43:17 +0200] "GET /files/2_sz_melleklet_061031.pdf HTTP/1.1" 304 - "-" "Mozilla/5.0 (Linux; Android 6.0.1; Nexus 5X Build/MMB29P) AppleWebKit/537.36 (KHTML, like Gecko) Chrome/127.0.6533.119 Mobile Safari/537.36 (compatible; Googlebot/2.1; +http://www.google.com/bot.html)"
66.249.79.129 - - [01/Sep/2024:06:04:27 +0200] "GET /files/birosagiui.doc HTTP/1.1" 304 - "-" "Mozilla/5.0 (Linux; Android 6.0.1; Nexus 5X Build/MMB29P) AppleWebKit/537.36 (KHTML, like Gecko) Chrome/127.0.6533.119 Mobile Safari/537.36 (compatible; Googlebot/2.1; +http://www.google.com/bot.html)"
66.249.79.132 - - [01/Sep/2024:06:28:30 +0200] "GET /files/kozalk_terv_070806-1.pdf HTTP/1.1" 200 313855 "-" "Mozilla/5.0 (Linux; Android 6.0.1; Nexus 5X Build/MMB29P) AppleWebKit/537.36 (KHTML, like Gecko) Chrome/127.0.6533.119 Mobile Safari/537.36 (compatible; Googlebot/2.1; +http://www.google.com/bot.html)"
188.143.169.41 - - [01/Sep/2024:06:55:01 +0200] "GET / HTTP/1.1" 200 - "-" "Mozilla/5.0 X11; Ubuntu; Linux x86_64; rv:126.0 Gecko/20100101 Firefox/126.0"
66.249.79.132 - - [01/Sep/2024:08:20:22 +0200] "GET /files/KHEM_1424_5normaszoveg.doc HTTP/1.1" 304 - "-" "Mozilla/5.0 (Linux; Android 6.0.1; Nexus 5X Build/MMB29P) AppleWebKit/537.36 (KHTML, like Gecko) Chrome/127.0.6533.119 Mobile Safari/537.36 (compatible; Googlebot/2.1; +http://www.google.com/bot.html)"
54.36.149.55 - - [01/Sep/2024:08:34:03 +0200] "GET /robots.txt HTTP/1.1" 200 1590 "-" "Mozilla/5.0 (compatible; AhrefsBot/7.0; +http://ahrefs.com/robot/)"
95.163.255.158 - - [01/Sep/2024:08:34:47 +0200] "GET /robots.txt HTTP/1.0" 200 1590 "-" "Mozilla/5.0 (compatible; Linux x86_64; Mail.RU_Bot/2.0; +https://help.mail.ru/webmaster/indexing/robots)"
95.163.255.165 - - [01/Sep/2024:08:34:51 +0200] "GET /files/KHEM_5013_3norma.doc HTTP/1.1" 200 689664 "-" "Mozilla/5.0 (compatible; Linux x86_64; Mail.RU_Bot/2.0; +https://help.mail.ru/webmaster/indexing/robots)"
95.163.255.151 - - [01/Sep/2024:08:41:17 +0200] "GET /robots.txt HTTP/1.0" 200 1590 "-" "Mozilla/5.0 (compatible; Linux x86_64; Mail.RU_Bot/2.0; +https://help.mail.ru/webmaster/indexing/robots)"
95.163.255.192 - - [01/Sep/2024:08:41:22 +0200] "GET /files/ptk_oroklesi_jog.pdf HTTP/1.1" 200 260717 "-" "Mozilla/5.0 (compatible; Linux x86_64; Mail.RU_Bot/2.0; +https://help.mail.ru/webmaster/indexing/robots)"
66.249.79.131 - - [01/Sep/2024:08:42:50 +0200] "GET /files/_3eg3fmuj5edin8pbbepknksr7k1m62t31_.pdf HTTP/1.1" 200 146356 "-" "Mozilla/5.0 (Linux; Android 6.0.1; Nexus 5X Build/MMB29P) AppleWebKit/537.36 (KHTML, like Gecko) Chrome/127.0.6533.119 Mobile Safari/537.36 (compatible; Googlebot/2.1; +http://www.google.com/bot.html)"
40.77.167.243 - - [01/Sep/2024:08:56:55 +0200] "GET /files/egyes_szocrend_terv_090730.pdf HTTP/1.1" 200 693244 "-" "Mozilla/5.0 AppleWebKit/537.36 (KHTML, like Gecko; compatible; bingbot/2.0; +http://www.bing.com/bingbot.htm) Chrome/116.0.1938.76 Safari/537.36"
66.249.79.131 - - [01/Sep/2024:09:03:52 +0200] "GET /files/hadkotelesek_hm_eum_rendelet_tervezet_melleklet.pdf HTTP/1.1" 304 - "-" "Mozilla/5.0 (Linux; Android 6.0.1; Nexus 5X Build/MMB29P) AppleWebKit/537.36 (KHTML, like Gecko) Chrome/127.0.6533.119 Mobile Safari/537.36 (compatible; Googlebot/2.1; +http://www.google.com/bot.html)"
66.249.79.131 - - [01/Sep/2024:09:09:23 +0200] "GET /files/51995[1].pdf HTTP/1.1" 304 - "-" "Mozilla/5.0 (Linux; Android 6.0.1; Nexus 5X Build/MMB29P) AppleWebKit/537.36 (KHTML, like Gecko) Chrome/127.0.6533.119 Mobile Safari/537.36 (compatible; Googlebot/2.1; +http://www.google.com/bot.html)"
185.191.171.6 - - [01/Sep/2024:09:21:58 +0200] "GET /robots.txt HTTP/1.1" 200 1590 "-" "Mozilla/5.0 (compatible; SemrushBot/7~bl; +http://www.semrush.com/bot.html)"
185.191.171.7 - - [01/Sep/2024:09:22:30 +0200] "GET /taxonomy/term/55%2057%2058%2059%2060%2061%2062%2063%2064%2065%2066%2067%2068%2069%2070%2071%2072%2073%2074%2075?page=1 HTTP/1.1" 200 - "-" "Mozilla/5.0 (compatible; SemrushBot/7~bl; +http://www.semrush.com/bot.html)"
185.191.171.7 - - [01/Sep/2024:09:23:02 +0200] "GET /taxonomy/term/55%2057%2058%2059%2060%2061%2062%2063%2064%2065%2066%2067%2068%2069%2070%2071%2072%2073%2074%2075?page=1 HTTP/1.1" 200 - "-" "Mozilla/5.0 (compatible; SemrushBot/7~bl; +http://www.semrush.com/bot.html)"
40.77.167.48 - - [01/Sep/2024:09:36:42 +0200] "GET /files/elemiszerkonyv122007.pdf HTTP/1.1" 304 - "-" "Mozilla/5.0 AppleWebKit/537.36 (KHTML, like Gecko; compatible; bingbot/2.0; +http://www.bing.com/bingbot.htm) Chrome/116.0.1938.76 Safari/537.36"
54.36.149.7 - - [01/Sep/2024:10:00:30 +0200] "GET /robots.txt HTTP/1.1" 200 1590 "-" "Mozilla/5.0 (compatible; AhrefsBot/7.0; +http://ahrefs.com/robot/)"
66.249.79.129 - - [01/Sep/2024:10:04:30 +0200] "GET /files/muemlek_terv_081124.pdf HTTP/1.1" 304 - "-" "Mozilla/5.0 (Linux; Android 6.0.1; Nexus 5X Build/MMB29P) AppleWebKit/537.36 (KHTML, like Gecko) Chrome/127.0.6533.119 Mobile Safari/537.36 (compatible; Googlebot/2.1; +http://www.google.com/bot.html)"
216.244.66.200 - - [01/Sep/2024:10:09:16 +0200] "GET /robots.txt HTTP/1.1" 200 1590 "-" "Mozilla/5.0 (compatible; DotBot/1.2; +https://opensiteexplorer.org/dotbot; help@moz.com)"
79.221.100.33 - - [01/Sep/2024:10:18:49 +0200] "GET /files/szakertoidijazas.doc HTTP/1.1" 200 59392 "-" "Mozilla/5.0 (Windows NT 10.0; Win64; x64; rv:65.0) Gecko/20100101 Firefox/65.0"
66.249.79.131 - - [01/Sep/2024:10:25:55 +0200] "GET /files/tk19.pdf HTTP/1.1" 304 - "-" "Mozilla/5.0 (Linux; Android 6.0.1; Nexus 5X Build/MMB29P) AppleWebKit/537.36 (KHTML, like Gecko) Chrome/127.0.6533.119 Mobile Safari/537.36 (compatible; Googlebot/2.1; +http://www.google.com/bot.html)"
216.244.66.200 - - [01/Sep/2024:10:30:33 +0200] "GET /files/a_szakmai_protokollok_k%C3%83%C2%A9sz%C3%83%C2%ADt%C3%83%C2%A9s%C3%83%C2%A9nek_elj%C3%83%C2%A1r%C3%83%C2%A1srendj%C3%83%C2%A9r%C3%85%E2%80%98l_sz%C3%83%C2%B3l%C3%83%C2%B3_e%C3%83%C2%BCm_rendelet_tervezet_10.doc HTTP/1.1" 200 - "-" "Mozilla/5.0 (compatible; DotBot/1.2; +https://opensiteexplorer.org/dotbot; help@moz.com)"
66.249.79.129 - - [01/Sep/2024:10:53:26 +0200] "GET /files/R225rendelet.doc HTTP/1.1" 200 452608 "-" "Mozilla/5.0 (Linux; Android 6.0.1; Nexus 5X Build/MMB29P) AppleWebKit/537.36 (KHTML, like Gecko) Chrome/127.0.6533.119 Mobile Safari/537.36 (compatible; Googlebot/2.1; +http://www.google.com/bot.html)"
66.249.79.133 - - [01/Sep/2024:10:55:27 +0200] "GET /files/3_mell_FAVI_ENG__ves.doc HTTP/1.1" 304 - "-" "Mozilla/5.0 (Linux; Android 6.0.1; Nexus 5X Build/MMB29P) AppleWebKit/537.36 (KHTML, like Gecko) Chrome/127.0.6533.119 Mobile Safari/537.36 (compatible; Googlebot/2.1; +http://www.google.com/bot.html)"
173.252.69.115 - - [01/Sep/2024:10:56:45 +0200] "GET /files/KHEM_2616_10eloterj.doc HTTP/1.1" 200 257536 "-" "meta-externalagent/1.1 (+https://developers.facebook.com/docs/sharing/webmasters/crawler)"
216.244.66.200 - - [01/Sep/2024:11:03:02 +0200] "GET /robots.txt HTTP/1.1" 200 1590 "-" "Mozilla/5.0 (compatible; DotBot/1.2; +https://opensiteexplorer.org/dotbot; help@moz.com)"
216.244.66.200 - - [01/Sep/2024:11:03:02 +0200] "GET /robots.txt HTTP/1.1" 200 1590 "-" "Mozilla/5.0 (compatible; DotBot/1.2; +https://opensiteexplorer.org/dotbot; help@moz.com)"
216.244.66.200 - - [01/Sep/2024:11:07:30 +0200] "GET /node/2509 HTTP/1.1" 200 - "-" "Mozilla/5.0 (compatible; DotBot/1.2; +https://opensiteexplorer.org/dotbot; help@moz.com)"
216.244.66.200 - - [01/Sep/2024:11:07:53 +0200] "GET /taxonomy/term/27 HTTP/1.1" 200 - "-" "Mozilla/5.0 (compatible; DotBot/1.2; +https://opensiteexplorer.org/dotbot; help@moz.com)"
216.244.66.200 - - [01/Sep/2024:11:10:13 +0200] "GET /files/T11741.doc HTTP/1.1" 200 710656 "-" "Mozilla/5.0 (compatible; DotBot/1.2; +https://opensiteexplorer.org/dotbot; help@moz.com)"
216.244.66.200 - - [01/Sep/2024:11:10:34 +0200] "GET /files/_vdlgmeub1e8mn4rrdk1n76uj5e9t0d2r4g9pj4c1g6o_.pdf HTTP/1.1" 200 231148 "-" "Mozilla/5.0 (compatible; DotBot/1.2; +https://opensiteexplorer.org/dotbot; help@moz.com)"
216.244.66.200 - - [01/Sep/2024:11:11:24 +0200] "GET /files/a_finansz%C3%83%C2%ADroz%C3%83%C2%A1si_protokollok_k%C3%83%C2%A9sz%C3%83%C2%ADt%C3%83%C2%A9s%C3%83%C2%A9nek_elj%C3%83%C2%A1r%C3%83%C2%A1srendj%C3%83%C2%A9r%C3%85%E2%80%98l_sz%C3%83%C2%B3l%C3%83%C2%B3_e%C3%83%C2%BCm_rendelet_tervezet_8.doc HTTP/1.1" 200 - "-" "Mozilla/5.0 (compatible; DotBot/1.2; +https://opensiteexplorer.org/dotbot; help@moz.com)"
216.244.66.200 - - [01/Sep/2024:11:11:44 +0200] "GET /files/indoklas_1.pdf HTTP/1.1" 200 87390 "-" "Mozilla/5.0 (compatible; DotBot/1.2; +https://opensiteexplorer.org/dotbot; help@moz.com)"
216.244.66.200 - - [01/Sep/2024:11:12:14 +0200] "GET /files/konyvtari_minosites_terv_100114.pdf HTTP/1.1" 200 106694 "-" "Mozilla/5.0 (compatible; DotBot/1.2; +https://opensiteexplorer.org/dotbot; help@moz.com)"
216.244.66.200 - - [01/Sep/2024:11:13:14 +0200] "GET /node?page=6 HTTP/1.1" 200 - "-" "Mozilla/5.0 (compatible; DotBot/1.2; +https://opensiteexplorer.org/dotbot; help@moz.com)"
216.244.66.200 - - [01/Sep/2024:11:14:29 +0200] "GET /node/2517 HTTP/1.1" 200 - "-" "Mozilla/5.0 (compatible; DotBot/1.2; +https://opensiteexplorer.org/dotbot; help@moz.com)"
216.244.66.200 - - [01/Sep/2024:11:18:42 +0200] "GET /node/2525 HTTP/1.1" 200 - "-" "Mozilla/5.0 (compatible; DotBot/1.2; +https://opensiteexplorer.org/dotbot; help@moz.com)"
84.206.47.34 - - [01/Sep/2024:11:22:44 +0200] "GET /files/Tuzszolszab..pdf HTTP/1.1" 200 424954 "https://www.google.hu/" "Mozilla/5.0 (Windows NT 10.0; Win64; x64; rv:102.0) Gecko/20100101 Firefox/102.0"
84.206.47.34 - - [01/Sep/2024:11:22:44 +0200] "GET /favicon.ico HTTP/1.1" 404 57 "http://jogalkotas.hu/" "Mozilla/5.0 (Windows NT 10.0; Win64; x64; rv:102.0) Gecko/20100101 Firefox/102.0"
216.244.66.200 - - [01/Sep/2024:11:23:49 +0200] "GET /node?page=223 HTTP/1.1" 200 - "-" "Mozilla/5.0 (compatible; DotBot/1.2; +https://opensiteexplorer.org/dotbot; help@moz.com)"
216.244.66.200 - - [01/Sep/2024:11:26:16 +0200] "GET /node/1051 HTTP/1.1" 200 - "-" "Mozilla/5.0 (compatible; DotBot/1.2; +https://opensiteexplorer.org/dotbot; help@moz.com)"
216.244.66.200 - - [01/Sep/2024:11:27:06 +0200] "GET /node/1343 HTTP/1.1" 200 - "-" "Mozilla/5.0 (compatible; DotBot/1.2; +https://opensiteexplorer.org/dotbot; help@moz.com)"
216.244.66.200 - - [01/Sep/2024:11:27:56 +0200] "GET /node/1352 HTTP/1.1" 200 - "-" "Mozilla/5.0 (compatible; DotBot/1.2; +https://opensiteexplorer.org/dotbot; help@moz.com)"
216.244.66.200 - - [01/Sep/2024:11:28:47 +0200] "GET /node/1452 HTTP/1.1" 200 - "-" "Mozilla/5.0 (compatible; DotBot/1.2; +https://opensiteexplorer.org/dotbot; help@moz.com)"
216.244.66.200 - - [01/Sep/2024:11:29:37 +0200] "GET /node/1602 HTTP/1.1" 200 - "-" "Mozilla/5.0 (compatible; DotBot/1.2; +https://opensiteexplorer.org/dotbot; help@moz.com)"
3.250.94.198 - - [01/Sep/2024:11:29:38 +0200] "GET /.svn/wc.db HTTP/1.1" 200 - "-" "Mozilla/5.0 (Macintosh; Intel Mac OS X 10_14_6) AppleWebKit/537.36 (KHTML, like Gecko) Chrome/78.0.3872.0 Safari/537.36 Edg/78.0.244.0"
216.244.66.200 - - [01/Sep/2024:11:30:27 +0200] "GET /node/2168 HTTP/1.1" 200 - "-" "Mozilla/5.0 (compatible; DotBot/1.2; +https://opensiteexplorer.org/dotbot; help@moz.com)"
216.244.66.200 - - [01/Sep/2024:11:31:18 +0200] "GET /node/2233 HTTP/1.1" 200 - "-" "Mozilla/5.0 (compatible; DotBot/1.2; +https://opensiteexplorer.org/dotbot; help@moz.com)"
66.249.79.130 - - [01/Sep/2024:11:31:38 +0200] "GET / HTTP/1.1" 200 - "-" "Mozilla/5.0 (compatible; Googlebot/2.1; +http://www.google.com/bot.html)"
66.249.79.129 - - [01/Sep/2024:11:32:10 +0200] "GET / HTTP/1.1" 200 - "-" "Mozilla/5.0 (Linux; Android 6.0.1; Nexus 5X Build/MMB29P) AppleWebKit/537.36 (KHTML, like Gecko) Chrome/99.0.4844.84 Mobile Safari/537.36 (compatible; Googlebot/2.1; +http://www.google.com/bot.html)"
66.249.79.131 - - [01/Sep/2024:11:32:42 +0200] "GET / HTTP/1.1" 200 - "-" "Mozilla/5.0 (compatible; Googlebot/2.1; +http://www.google.com/bot.html)"
66.249.79.130 - - [01/Sep/2024:11:33:14 +0200] "GET / HTTP/1.1" 200 - "-" "Mozilla/5.0 (Linux; Android 6.0.1; Nexus 5X Build/MMB29P) AppleWebKit/537.36 (KHTML, like Gecko) Chrome/127.0.6533.119 Mobile Safari/537.36 (compatible; Googlebot/2.1; +http://www.google.com/bot.html)"
173.252.83.51 - - [01/Sep/2024:11:36:40 +0200] "GET /robots.txt HTTP/1.1" 200 1590 "-" "facebookexternalhit/1.1 (+http://www.facebook.com/externalhit_uatext.php)"
57.141.0.29 - - [01/Sep/2024:11:37:12 +0200] "GET /taxonomy/term/36 HTTP/1.1" 200 - "-" "meta-externalagent/1.1 (+https://developers.facebook.com/docs/sharing/webmasters/crawler)"
40.77.167.235 - - [01/Sep/2024:11:52:27 +0200] "GET /node/361 HTTP/1.1" 200 - "-" "Mozilla/5.0 AppleWebKit/537.36 (KHTML, like Gecko; compatible; bingbot/2.0; +http://www.bing.com/bingbot.htm) Chrome/116.0.1938.76 Safari/537.36"
40.77.167.235 - - [01/Sep/2024:11:52:59 +0200] "GET /node/361 HTTP/1.1" 200 - "-" "Mozilla/5.0 AppleWebKit/537.36 (KHTML, like Gecko; compatible; bingbot/2.0; +http://www.bing.com/bingbot.htm) Chrome/116.0.1938.76 Safari/537.36"
52.167.144.161 - - [01/Sep/2024:11:58:43 +0200] "GET /files/epitesi_beruhazasok_koranyrendelet_.pdf HTTP/1.1" 200 230668 "-" "Mozilla/5.0 AppleWebKit/537.36 (KHTML, like Gecko; compatible; bingbot/2.0; +http://www.bing.com/bingbot.htm) Chrome/116.0.1938.76 Safari/537.36"
216.244.66.200 - - [01/Sep/2024:12:00:07 +0200] "GET /robots.txt HTTP/1.1" 200 1590 "-" "Mozilla/5.0 (compatible; DotBot/1.2; +https://opensiteexplorer.org/dotbot; help@moz.com)"
216.244.66.200 - - [01/Sep/2024:12:00:07 +0200] "GET /robots.txt HTTP/1.1" 200 1590 "-" "Mozilla/5.0 (compatible; DotBot/1.2; +https://opensiteexplorer.org/dotbot; help@moz.com)"
216.244.66.200 - - [01/Sep/2024:12:05:08 +0200] "GET /taxonomy/term/35 HTTP/1.1" 200 - "-" "Mozilla/5.0 (compatible; DotBot/1.2; +https://opensiteexplorer.org/dotbot; help@moz.com)"
216.244.66.200 - - [01/Sep/2024:12:05:39 +0200] "GET /taxonomy/term/25 HTTP/1.1" 200 - "-" "Mozilla/5.0 (compatible; DotBot/1.2; +https://opensiteexplorer.org/dotbot; help@moz.com)"
216.244.66.200 - - [01/Sep/2024:12:07:23 +0200] "GET /files/R225indok.doc HTTP/1.1" 200 36864 "-" "Mozilla/5.0 (compatible; DotBot/1.2; +https://opensiteexplorer.org/dotbot; help@moz.com)"
216.244.66.200 - - [01/Sep/2024:12:07:43 +0200] "GET /files/kirendeltvedodij.pdf HTTP/1.1" 200 48520 "-" "Mozilla/5.0 (compatible; DotBot/1.2; +https://opensiteexplorer.org/dotbot; help@moz.com)"
77.110.137.220 - - [01/Sep/2024:12:09:35 +0200] "GET /files/KHEM_4090_3javitott.doc HTTP/1.1" 200 42979 "https://www.google.com/" "Mozilla/5.0 (Linux; Android 10; K) AppleWebKit/537.36 (KHTML, like Gecko) Chrome/127.0.0.0 Mobile Safari/537.36"
216.244.66.200 - - [01/Sep/2024:12:10:54 +0200] "GET /node/2619 HTTP/1.1" 200 - "-" "Mozilla/5.0 (compatible; DotBot/1.2; +https://opensiteexplorer.org/dotbot; help@moz.com)"
216.244.66.200 - - [01/Sep/2024:12:19:05 +0200] "GET /node?page=75 HTTP/1.1" 200 - "-" "Mozilla/5.0 (compatible; DotBot/1.2; +https://opensiteexplorer.org/dotbot; help@moz.com)"
216.244.66.200 - - [01/Sep/2024:12:19:54 +0200] "GET /node?page=97 HTTP/1.1" 200 - "-" "Mozilla/5.0 (compatible; DotBot/1.2; +https://opensiteexplorer.org/dotbot; help@moz.com)"
216.244.66.200 - - [01/Sep/2024:12:20:25 +0200] "GET /node?page=132 HTTP/1.1" 200 - "-" "Mozilla/5.0 (compatible; DotBot/1.2; +https://opensiteexplorer.org/dotbot; help@moz.com)"
216.244.66.200 - - [01/Sep/2024:12:21:17 +0200] "GET /node?page=19 HTTP/1.1" 200 - "-" "Mozilla/5.0 (compatible; DotBot/1.2; +https://opensiteexplorer.org/dotbot; help@moz.com)"
216.244.66.200 - - [01/Sep/2024:12:22:07 +0200] "GET /node?page=201 HTTP/1.1" 200 - "-" "Mozilla/5.0 (compatible; DotBot/1.2; +https://opensiteexplorer.org/dotbot; help@moz.com)"
216.244.66.200 - - [01/Sep/2024:12:22:57 +0200] "GET /node/1278 HTTP/1.1" 200 - "-" "Mozilla/5.0 (compatible; DotBot/1.2; +https://opensiteexplorer.org/dotbot; help@moz.com)"
95.163.255.179 - - [01/Sep/2024:12:23:08 +0200] "GET /robots.txt HTTP/1.0" 200 1590 "-" "Mozilla/5.0 (compatible; Linux x86_64; Mail.RU_Bot/2.0; +https://help.mail.ru/webmaster/indexing/robots)"
66.249.79.129 - - [01/Sep/2024:12:23:25 +0200] "GET /files/beeskiindikolas.doc HTTP/1.1" 304 - "-" "Mozilla/5.0 (Linux; Android 6.0.1; Nexus 5X Build/MMB29P) AppleWebKit/537.36 (KHTML, like Gecko) Chrome/127.0.6533.119 Mobile Safari/537.36 (compatible; Googlebot/2.1; +http://www.google.com/bot.html)"
95.163.255.157 - - [01/Sep/2024:12:23:31 +0200] "GET /files/14_4.pdf HTTP/1.1" 304 - "-" "Mozilla/5.0 (compatible; Linux x86_64; Mail.RU_Bot/2.0; +https://help.mail.ru/webmaster/indexing/robots)"
216.244.66.200 - - [01/Sep/2024:12:23:48 +0200] "GET /node/1673 HTTP/1.1" 200 - "-" "Mozilla/5.0 (compatible; DotBot/1.2; +https://opensiteexplorer.org/dotbot; help@moz.com)"
216.244.66.200 - - [01/Sep/2024:12:24:38 +0200] "GET /node/1768 HTTP/1.1" 200 - "-" "Mozilla/5.0 (compatible; DotBot/1.2; +https://opensiteexplorer.org/dotbot; help@moz.com)"
79.221.100.33 - - [01/Sep/2024:12:25:12 +0200] "GET /files/cegbejegyzesi_eljaras_21_per_2006__02_12_fin.doc HTTP/1.1" 200 54272 "-" "Microsoft Office/15.0 (Windows NT 6.3; Microsoft Outlook 15.0.4771; Pro)"
216.244.66.200 - - [01/Sep/2024:12:25:29 +0200] "GET /node/1829 HTTP/1.1" 200 - "-" "Mozilla/5.0 (compatible; DotBot/1.2; +https://opensiteexplorer.org/dotbot; help@moz.com)"
216.244.66.200 - - [01/Sep/2024:12:26:20 +0200] "GET /node/1890 HTTP/1.1" 200 - "-" "Mozilla/5.0 (compatible; DotBot/1.2; +https://opensiteexplorer.org/dotbot; help@moz.com)"
66.249.79.129 - - [01/Sep/2024:12:36:33 +0200] "GET /files/orszszi_terv_070530.pdf HTTP/1.1" 200 478463 "-" "Mozilla/5.0 (Linux; Android 6.0.1; Nexus 5X Build/MMB29P) AppleWebKit/537.36 (KHTML, like Gecko) Chrome/127.0.6533.119 Mobile Safari/537.36 (compatible; Googlebot/2.1; +http://www.google.com/bot.html)"
216.244.66.200 - - [01/Sep/2024:12:59:21 +0200] "GET /robots.txt HTTP/1.1" 200 1590 "-" "Mozilla/5.0 (compatible; DotBot/1.2; +https://opensiteexplorer.org/dotbot; help@moz.com)"
216.244.66.200 - - [01/Sep/2024:12:59:21 +0200] "GET /robots.txt HTTP/1.1" 200 1590 "-" "Mozilla/5.0 (compatible; DotBot/1.2; +https://opensiteexplorer.org/dotbot; help@moz.com)"
216.244.66.200 - - [01/Sep/2024:13:04:05 +0200] "GET /taxonomy/term/99 HTTP/1.1" 200 - "-" "Mozilla/5.0 (compatible; DotBot/1.2; +https://opensiteexplorer.org/dotbot; help@moz.com)"
216.244.66.200 - - [01/Sep/2024:13:04:32 +0200] "GET /files/NKOM_fejezet_rend_mod.doc HTTP/1.1" 200 80384 "-" "Mozilla/5.0 (compatible; DotBot/1.2; +https://opensiteexplorer.org/dotbot; help@moz.com)"
216.244.66.200 - - [01/Sep/2024:13:04:43 +0200] "GET /files/egy_eg_targy_korm_ren_torv_mod_091207.doc HTTP/1.1" 200 57344 "-" "Mozilla/5.0 (compatible; DotBot/1.2; +https://opensiteexplorer.org/dotbot; help@moz.com)"
216.244.66.200 - - [01/Sep/2024:13:05:16 +0200] "GET /files/szvk_terv_090804.pdf HTTP/1.1" 200 1803870 "-" "Mozilla/5.0 (compatible; DotBot/1.2; +https://opensiteexplorer.org/dotbot; help@moz.com)"
3.101.240.45 - - [01/Sep/2024:13:06:33 +0200] "HEAD / HTTP/1.1" 200 - "-" "bitdiscovery"
216.244.66.200 - - [01/Sep/2024:13:06:39 +0200] "GET /node/2550 HTTP/1.1" 200 - "-" "Mozilla/5.0 (compatible; DotBot/1.2; +https://opensiteexplorer.org/dotbot; help@moz.com)"
3.101.239.121 - - [01/Sep/2024:13:07:18 +0200] "HEAD / HTTP/1.1" 200 - "-" "bitdiscovery"
216.244.66.200 - - [01/Sep/2024:13:07:30 +0200] "GET /taxonomy/term/89 HTTP/1.1" 200 - "-" "Mozilla/5.0 (compatible; DotBot/1.2; +https://opensiteexplorer.org/dotbot; help@moz.com)"
216.244.66.200 - - [01/Sep/2024:13:09:32 +0200] "GET /node?page=110 HTTP/1.1" 200 - "-" "Mozilla/5.0 (compatible; DotBot/1.2; +https://opensiteexplorer.org/dotbot; help@moz.com)"
216.244.66.200 - - [01/Sep/2024:13:10:31 +0200] "GET /node?page=179 HTTP/1.1" 200 - "-" "Mozilla/5.0 (compatible; DotBot/1.2; +https://opensiteexplorer.org/dotbot; help@moz.com)"
216.244.66.200 - - [01/Sep/2024:13:11:21 +0200] "GET /node?page=181 HTTP/1.1" 200 - "-" "Mozilla/5.0 (compatible; DotBot/1.2; +https://opensiteexplorer.org/dotbot; help@moz.com)"
216.244.66.200 - - [01/Sep/2024:13:12:11 +0200] "GET /node?page=198 HTTP/1.1" 200 - "-" "Mozilla/5.0 (compatible; DotBot/1.2; +https://opensiteexplorer.org/dotbot; help@moz.com)"
216.244.66.200 - - [01/Sep/2024:13:13:02 +0200] "GET /node/1083 HTTP/1.1" 200 - "-" "Mozilla/5.0 (compatible; DotBot/1.2; +https://opensiteexplorer.org/dotbot; help@moz.com)"
216.244.66.200 - - [01/Sep/2024:13:13:52 +0200] "GET /node/1099 HTTP/1.1" 200 - "-" "Mozilla/5.0 (compatible; DotBot/1.2; +https://opensiteexplorer.org/dotbot; help@moz.com)"
216.244.66.200 - - [01/Sep/2024:13:14:42 +0200] "GET /node/1247 HTTP/1.1" 200 - "-" "Mozilla/5.0 (compatible; DotBot/1.2; +https://opensiteexplorer.org/dotbot; help@moz.com)"
216.244.66.200 - - [01/Sep/2024:13:15:33 +0200] "GET /node/1338 HTTP/1.1" 200 - "-" "Mozilla/5.0 (compatible; DotBot/1.2; +https://opensiteexplorer.org/dotbot; help@moz.com)"
216.244.66.200 - - [01/Sep/2024:13:16:24 +0200] "GET /node/1430 HTTP/1.1" 200 - "-" "Mozilla/5.0 (compatible; DotBot/1.2; +https://opensiteexplorer.org/dotbot; help@moz.com)"
66.249.79.131 - - [01/Sep/2024:13:21:24 +0200] "GET /files/mikrobi%201130.doc HTTP/1.1" 304 - "-" "Mozilla/5.0 (Linux; Android 6.0.1; Nexus 5X Build/MMB29P) AppleWebKit/537.36 (KHTML, like Gecko) Chrome/127.0.6533.119 Mobile Safari/537.36 (compatible; Googlebot/2.1; +http://www.google.com/bot.html)"
40.77.167.132 - - [01/Sep/2024:13:35:32 +0200] "GET /taxonomy/term/18%2023%2024%2026%2025%2027%2028%2029%2052%2041%2031%2032%2098%2033%2048%20106%20103%2099%20107%2034%2049%2035%2051%20100%2036%2050%20105?page=8 HTTP/1.1" 200 - "-" "Mozilla/5.0 AppleWebKit/537.36 (KHTML, like Gecko; compatible; bingbot/2.0; +http://www.bing.com/bingbot.htm) Chrome/116.0.1938.76 Safari/537.36"
40.77.167.132 - - [01/Sep/2024:13:36:04 +0200] "GET /taxonomy/term/18%2023%2024%2026%2025%2027%2028%2029%2052%2041%2031%2032%2098%2033%2048%20106%20103%2099%20107%2034%2049%2035%2051%20100%2036%2050%20105?page=8 HTTP/1.1" 200 - "-" "Mozilla/5.0 AppleWebKit/537.36 (KHTML, like Gecko; compatible; bingbot/2.0; +http://www.bing.com/bingbot.htm) Chrome/116.0.1938.76 Safari/537.36"
216.244.66.200 - - [01/Sep/2024:13:55:38 +0200] "GET /robots.txt HTTP/1.1" 200 1590 "-" "Mozilla/5.0 (compatible; DotBot/1.2; +https://opensiteexplorer.org/dotbot; help@moz.com)"
216.244.66.200 - - [01/Sep/2024:13:55:38 +0200] "GET /robots.txt HTTP/1.1" 200 1590 "-" "Mozilla/5.0 (compatible; DotBot/1.2; +https://opensiteexplorer.org/dotbot; help@moz.com)"
216.244.66.200 - - [01/Sep/2024:14:03:12 +0200] "GET /taxonomy/term/55 HTTP/1.1" 200 - "-" "Mozilla/5.0 (compatible; DotBot/1.2; +https://opensiteexplorer.org/dotbot; help@moz.com)"
13.52.235.223 - - [01/Sep/2024:14:05:28 +0200] "GET / HTTP/1.1" 200 - "-" "bitdiscovery-suggestions"
216.244.66.200 - - [01/Sep/2024:14:05:47 +0200] "GET /taxonomy/term/3 HTTP/1.1" 200 - "-" "Mozilla/5.0 (compatible; DotBot/1.2; +https://opensiteexplorer.org/dotbot; help@moz.com)"
176.63.24.81 - - [01/Sep/2024:14:06:04 +0200] "GET /favicon.ico HTTP/1.1" 404 57 "http://www.jogalkotas.hu/files/22-1996-mod-kozigre.pdf" "Mozilla/5.0 (Windows NT 10.0; Win64; x64) AppleWebKit/537.36 (KHTML, like Gecko) Chrome/128.0.0.0 Safari/537.36 GLS/99.10.9167.91"
176.63.24.81 - - [01/Sep/2024:14:06:04 +0200] "GET /files/22-1996-mod-kozigre.pdf HTTP/1.1" 200 966507 "https://www.google.com/" "Mozilla/5.0 (Windows NT 10.0; Win64; x64) AppleWebKit/537.36 (KHTML, like Gecko) Chrome/128.0.0.0 Safari/537.36 GLS/99.10.9167.91"
216.244.66.200 - - [01/Sep/2024:14:07:10 +0200] "GET /node?page=92 HTTP/1.1" 200 - "-" "Mozilla/5.0 (compatible; DotBot/1.2; +https://opensiteexplorer.org/dotbot; help@moz.com)"
77.110.144.66 - - [01/Sep/2024:14:07:46 +0200] "GET /files/hadkotelesek_hm_eum_rendelet_tervezet_melleklet.pdf HTTP/1.1" 200 713160 "https://www.google.com/url?q=http://jogalkotas.hu/files/hadkotelesek_hm_eum_rendelet_tervezet_melleklet.pdf&sa=U&sqi=2&ved=2ahUKEwiKzoXc2qGIAxVylP0HHa8CF4gQFnoECBcQAQ&usg=AOvVaw1zZKrILyHjRAIoOsTrr06L" "Mozilla/5.0 (iPhone; CPU iPhone OS 17_6 like Mac OS X) AppleWebKit/605.1.15 (KHTML, like Gecko) GSA/330.0.663358993 Mobile/15E148 Safari/604.1"
13.52.235.223 - - [01/Sep/2024:14:08:06 +0200] "GET / HTTP/1.1" 200 - "-" "bitdiscovery-suggestions"
216.244.66.200 - - [01/Sep/2024:14:08:38 +0200] "GET /node?page=223 HTTP/1.1" 200 - "-" "Mozilla/5.0 (compatible; DotBot/1.2; +https://opensiteexplorer.org/dotbot; help@moz.com)"
216.244.66.200 - - [01/Sep/2024:14:09:29 +0200] "GET /node?page=78 HTTP/1.1" 200 - "-" "Mozilla/5.0 (compatible; DotBot/1.2; +https://opensiteexplorer.org/dotbot; help@moz.com)"
216.244.66.200 - - [01/Sep/2024:14:10:19 +0200] "GET /node?page=82 HTTP/1.1" 200 - "-" "Mozilla/5.0 (compatible; DotBot/1.2; +https://opensiteexplorer.org/dotbot; help@moz.com)"
216.244.66.200 - - [01/Sep/2024:14:11:10 +0200] "GET /node?page=86 HTTP/1.1" 200 - "-" "Mozilla/5.0 (compatible; DotBot/1.2; +https://opensiteexplorer.org/dotbot; help@moz.com)"
216.244.66.200 - - [01/Sep/2024:14:12:01 +0200] "GET /node/1451 HTTP/1.1" 200 - "-" "Mozilla/5.0 (compatible; DotBot/1.2; +https://opensiteexplorer.org/dotbot; help@moz.com)"
216.244.66.200 - - [01/Sep/2024:14:12:51 +0200] "GET /node/1999 HTTP/1.1" 200 - "-" "Mozilla/5.0 (compatible; DotBot/1.2; +https://opensiteexplorer.org/dotbot; help@moz.com)"
216.244.66.200 - - [01/Sep/2024:14:13:42 +0200] "GET /node/2089 HTTP/1.1" 200 - "-" "Mozilla/5.0 (compatible; DotBot/1.2; +https://opensiteexplorer.org/dotbot; help@moz.com)"
216.244.66.200 - - [01/Sep/2024:14:14:34 +0200] "GET /node/2318 HTTP/1.1" 200 - "-" "Mozilla/5.0 (compatible; DotBot/1.2; +https://opensiteexplorer.org/dotbot; help@moz.com)"
66.249.64.234 - - [01/Sep/2024:14:25:46 +0200] "GET / HTTP/1.1" 200 - "-" "Mozilla/5.0 (compatible; Googlebot/2.1; +http://www.google.com/bot.html)"
66.249.64.234 - - [01/Sep/2024:14:26:18 +0200] "GET / HTTP/1.1" 200 - "-" "Mozilla/5.0 (Linux; Android 6.0.1; Nexus 5X Build/MMB29P) AppleWebKit/537.36 (KHTML, like Gecko) Chrome/99.0.4844.84 Mobile Safari/537.36 (compatible; Googlebot/2.1; +http://www.google.com/bot.html)"
66.249.64.224 - - [01/Sep/2024:14:26:50 +0200] "GET / HTTP/1.1" 200 - "-" "Mozilla/5.0 (compatible; Googlebot/2.1; +http://www.google.com/bot.html)"
66.249.64.224 - - [01/Sep/2024:14:27:22 +0200] "GET / HTTP/1.1" 200 - "-" "Mozilla/5.0 (Linux; Android 6.0.1; Nexus 5X Build/MMB29P) AppleWebKit/537.36 (KHTML, like Gecko) Chrome/127.0.6533.119 Mobile Safari/537.36 (compatible; Googlebot/2.1; +http://www.google.com/bot.html)"
66.249.70.35 - - [01/Sep/2024:14:36:30 +0200] "GET /files/keklampa.doc HTTP/1.1" 304 - "-" "Mozilla/5.0 (Linux; Android 6.0.1; Nexus 5X Build/MMB29P) AppleWebKit/537.36 (KHTML, like Gecko) Chrome/127.0.6533.119 Mobile Safari/537.36 (compatible; Googlebot/2.1; +http://www.google.com/bot.html)"
216.244.66.200 - - [01/Sep/2024:14:50:05 +0200] "GET /robots.txt HTTP/1.1" 200 1590 "-" "Mozilla/5.0 (compatible; DotBot/1.2; +https://opensiteexplorer.org/dotbot; help@moz.com)"
216.244.66.200 - - [01/Sep/2024:14:50:07 +0200] "GET /robots.txt HTTP/1.1" 200 1590 "-" "Mozilla/5.0 (compatible; DotBot/1.2; +https://opensiteexplorer.org/dotbot; help@moz.com)"
216.244.66.200 - - [01/Sep/2024:15:00:03 +0200] "GET /node?page=17 HTTP/1.1" 200 - "-" "Mozilla/5.0 (compatible; DotBot/1.2; +https://opensiteexplorer.org/dotbot; help@moz.com)"
216.244.66.200 - - [01/Sep/2024:15:00:33 +0200] "GET /node?page=40 HTTP/1.1" 200 - "-" "Mozilla/5.0 (compatible; DotBot/1.2; +https://opensiteexplorer.org/dotbot; help@moz.com)"
216.244.66.200 - - [01/Sep/2024:15:01:14 +0200] "GET /node?page=9 HTTP/1.1" 200 - "-" "Mozilla/5.0 (compatible; DotBot/1.2; +https://opensiteexplorer.org/dotbot; help@moz.com)"
216.244.66.200 - - [01/Sep/2024:15:02:04 +0200] "GET /node/116 HTTP/1.1" 200 - "-" "Mozilla/5.0 (compatible; DotBot/1.2; +https://opensiteexplorer.org/dotbot; help@moz.com)"
216.244.66.200 - - [01/Sep/2024:15:02:54 +0200] "GET /node/174 HTTP/1.1" 200 - "-" "Mozilla/5.0 (compatible; DotBot/1.2; +https://opensiteexplorer.org/dotbot; help@moz.com)"
216.244.66.200 - - [01/Sep/2024:15:03:44 +0200] "GET /node/1895 HTTP/1.1" 200 - "-" "Mozilla/5.0 (compatible; DotBot/1.2; +https://opensiteexplorer.org/dotbot; help@moz.com)"
216.244.66.200 - - [01/Sep/2024:15:04:34 +0200] "GET /node/1973 HTTP/1.1" 200 - "-" "Mozilla/5.0 (compatible; DotBot/1.2; +https://opensiteexplorer.org/dotbot; help@moz.com)"
216.244.66.200 - - [01/Sep/2024:15:05:25 +0200] "GET /node/2048 HTTP/1.1" 200 - "-" "Mozilla/5.0 (compatible; DotBot/1.2; +https://opensiteexplorer.org/dotbot; help@moz.com)"
3.144.11.60 - - [01/Sep/2024:15:05:50 +0200] "GET /.env HTTP/1.1" 200 - "-" "python-requests/2.32.3"
3.144.11.60 - - [01/Sep/2024:15:05:56 +0200] "GET /.env HTTP/1.1" 200 - "-" "python-requests/2.32.3"
216.244.66.200 - - [01/Sep/2024:15:06:15 +0200] "GET /node/2386 HTTP/1.1" 200 - "-" "Mozilla/5.0 (compatible; DotBot/1.2; +https://opensiteexplorer.org/dotbot; help@moz.com)"
216.244.66.200 - - [01/Sep/2024:15:07:05 +0200] "GET /node/2408 HTTP/1.1" 200 - "-" "Mozilla/5.0 (compatible; DotBot/1.2; +https://opensiteexplorer.org/dotbot; help@moz.com)"
216.244.66.200 - - [01/Sep/2024:15:07:58 +0200] "GET /node/2439 HTTP/1.1" 200 - "-" "Mozilla/5.0 (compatible; DotBot/1.2; +https://opensiteexplorer.org/dotbot; help@moz.com)"
135.181.74.243 - - [01/Sep/2024:15:12:45 +0200] "GET /robots.txt HTTP/1.1" 200 1590 "-" "Mozilla/5.0 (compatible; MJ12bot/v1.4.8; http://mj12bot.com/)"
135.181.74.243 - - [01/Sep/2024:15:13:29 +0200] "GET /files/19-2003-Mell%C3%83%C2%A9kletek.xls.txt HTTP/1.1" 200 - "-" "Mozilla/5.0 (compatible; MJ12bot/v1.4.8; http://mj12bot.com/)"
135.181.74.243 - - [01/Sep/2024:15:14:21 +0200] "GET /files/A%20T%C3%83%E2%80%93RV%C3%83%E2%80%B0NYJAVASLAT%20MELL%C3%83%E2%80%B0KLETEI.htm.txt HTTP/1.1" 200 - "-" "Mozilla/5.0 (compatible; MJ12bot/v1.4.8; http://mj12bot.com/)"
135.181.74.243 - - [01/Sep/2024:15:15:11 +0200] "GET /files/AZ%20%C3%83?S%20MELL%C3%83%E2%80%B0KLETEI.htm.txt HTTP/1.1" 200 - "-" "Mozilla/5.0 (compatible; MJ12bot/v1.4.8; http://mj12bot.com/)"
135.181.74.243 - - [01/Sep/2024:15:16:09 +0200] "GET /files/Alap-%C3%83%C2%A9s%20m%C3%85%C2%B1k%C3%83%C2%B6d%C3%83%C2%A9si%20nyilv%C3%83%C2%A1ntart%C3%83%C2%A1s-T%C3%83?RCA03.20..doc HTTP/1.1" 200 - "-" "Mozilla/5.0 (compatible; MJ12bot/v1.4.8; http://mj12bot.com/)"
135.181.74.243 - - [01/Sep/2024:15:16:59 +0200] "GET /files/FEJEZETI%20K%C3%83%E2%80%93TETEK.htm.txt HTTP/1.1" 200 - "-" "Mozilla/5.0 (compatible; MJ12bot/v1.4.8; http://mj12bot.com/)"
135.181.74.243 - - [01/Sep/2024:15:17:58 +0200] "GET /files/INDOKOL%C3%83?1.doc HTTP/1.1" 200 - "-" "Mozilla/5.0 (compatible; MJ12bot/v1.4.8; http://mj12bot.com/)"
135.181.74.243 - - [01/Sep/2024:15:18:54 +0200] "GET /files/INDOKOL%C3%83?S.doc HTTP/1.1" 200 - "-" "Mozilla/5.0 (compatible; MJ12bot/v1.4.8; http://mj12bot.com/)"
135.181.74.243 - - [01/Sep/2024:15:19:40 +0200] "GET /files/SzaboMate_hozz%C3%83%C2%A1f%C3%83%C2%A9r%C3%83%C2%A9s.pps HTTP/1.1" 200 - "-" "Mozilla/5.0 (compatible; MJ12bot/v1.4.8; http://mj12bot.com/)"
135.181.74.243 - - [01/Sep/2024:15:20:29 +0200] "GET /files/VEZET%C3%85?I%20%C3%83%E2%80%93SSZEFOGLAL%C3%83%E2%80%9C.doc HTTP/1.1" 200 - "-" "Mozilla/5.0 (compatible; MJ12bot/v1.4.8; http://mj12bot.com/)"
135.181.74.243 - - [01/Sep/2024:15:21:19 +0200] "GET /files/%C3%83?NTSZ%20%20061214%20Kormr.doc HTTP/1.1" 200 - "-" "Mozilla/5.0 (compatible; MJ12bot/v1.4.8; http://mj12bot.com/)"
135.181.74.243 - - [01/Sep/2024:15:21:25 +0200] "GET /robots.txt HTTP/1.1" 200 1590 "-" "Mozilla/5.0 (compatible; MJ12bot/v1.4.8; http://mj12bot.com/)"
135.181.74.243 - - [01/Sep/2024:15:22:07 +0200] "GET /files/19-2003-Mell%C3%83%C2%A9kletek.xls.txt HTTP/1.1" 200 - "-" "Mozilla/5.0 (compatible; MJ12bot/v1.4.8; http://mj12bot.com/)"
135.181.74.243 - - [01/Sep/2024:15:22:54 +0200] "GET /files/9-93.normasz%C3%83%C2%B6veg.m%C3%83%C2%B3d.2007.febr.T%C3%83?RCA.doc HTTP/1.1" 200 - "-" "Mozilla/5.0 (compatible; MJ12bot/v1.4.8; http://mj12bot.com/)"
135.181.74.243 - - [01/Sep/2024:15:23:44 +0200] "GET /files/A%20T%C3%83%E2%80%93RV%C3%83%E2%80%B0NYJAVASLAT%20MELL%C3%83%E2%80%B0KLETEI.htm.txt HTTP/1.1" 200 - "-" "Mozilla/5.0 (compatible; MJ12bot/v1.4.8; http://mj12bot.com/)"
135.181.74.243 - - [01/Sep/2024:15:24:31 +0200] "GET /files/AZ%20%C3%83?S%20MELL%C3%83%E2%80%B0KLETEI.htm.txt HTTP/1.1" 200 - "-" "Mozilla/5.0 (compatible; MJ12bot/v1.4.8; http://mj12bot.com/)"
135.181.74.243 - - [01/Sep/2024:15:25:14 +0200] "GET /files/Alap-%C3%83%C2%A9s%20m%C3%85%C2%B1k%C3%83%C2%B6d%C3%83%C2%A9si%20nyilv%C3%83%C2%A1ntart%C3%83%C2%A1s-T%C3%83?RCA03.20..doc HTTP/1.1" 200 - "-" "Mozilla/5.0 (compatible; MJ12bot/v1.4.8; http://mj12bot.com/)"
135.181.74.243 - - [01/Sep/2024:15:25:57 +0200] "GET /files/FEJEZETI%20K%C3%83%E2%80%93TETEK.htm.txt HTTP/1.1" 200 - "-" "Mozilla/5.0 (compatible; MJ12bot/v1.4.8; http://mj12bot.com/)"
135.181.74.243 - - [01/Sep/2024:15:26:40 +0200] "GET /files/INDOKOL%C3%83?1.doc HTTP/1.1" 200 - "-" "Mozilla/5.0 (compatible; MJ12bot/v1.4.8; http://mj12bot.com/)"
135.181.74.243 - - [01/Sep/2024:15:27:24 +0200] "GET /files/INDOKOL%C3%83?S.doc HTTP/1.1" 200 - "-" "Mozilla/5.0 (compatible; MJ12bot/v1.4.8; http://mj12bot.com/)"
135.181.74.243 - - [01/Sep/2024:15:28:08 +0200] "GET /files/SzaboMate_hozz%C3%83%C2%A1f%C3%83%C2%A9r%C3%83%C2%A9s.pps HTTP/1.1" 200 - "-" "Mozilla/5.0 (compatible; MJ12bot/v1.4.8; http://mj12bot.com/)"
135.181.74.243 - - [01/Sep/2024:15:28:54 +0200] "GET /files/VEZET%C3%85?I%20%C3%83%E2%80%93SSZEFOGLAL%C3%83%E2%80%9C.doc HTTP/1.1" 200 - "-" "Mozilla/5.0 (compatible; MJ12bot/v1.4.8; http://mj12bot.com/)"
135.181.74.243 - - [01/Sep/2024:15:29:37 +0200] "GET /files/%C3%83?NTSZ%20%20061214%20Kormr.doc HTTP/1.1" 200 - "-" "Mozilla/5.0 (compatible; MJ12bot/v1.4.8; http://mj12bot.com/)"
172.245.251.223 - - [01/Sep/2024:15:31:19 +0200] "GET /taxonomy/term/20/0/feed HTTP/1.1" 200 - "-" "-"
66.249.70.35 - - [01/Sep/2024:15:41:19 +0200] "GET /files/jogsegitseg.doc HTTP/1.1" 304 - "-" "Mozilla/5.0 (Linux; Android 6.0.1; Nexus 5X Build/MMB29P) AppleWebKit/537.36 (KHTML, like Gecko) Chrome/127.0.6533.119 Mobile Safari/537.36 (compatible; Googlebot/2.1; +http://www.google.com/bot.html)"
216.244.66.200 - - [01/Sep/2024:15:43:46 +0200] "GET /robots.txt HTTP/1.1" 200 1590 "-" "Mozilla/5.0 (compatible; DotBot/1.2; +https://opensiteexplorer.org/dotbot; help@moz.com)"
216.244.66.200 - - [01/Sep/2024:15:43:46 +0200] "GET /robots.txt HTTP/1.1" 200 1590 "-" "Mozilla/5.0 (compatible; DotBot/1.2; +https://opensiteexplorer.org/dotbot; help@moz.com)"
216.244.66.200 - - [01/Sep/2024:15:50:07 +0200] "GET /taxonomy/term/100 HTTP/1.1" 200 - "-" "Mozilla/5.0 (compatible; DotBot/1.2; +https://opensiteexplorer.org/dotbot; help@moz.com)"
66.249.70.33 - - [01/Sep/2024:15:52:25 +0200] "GET /files/normaszoveg_szakmapolra_01.27.doc HTTP/1.1" 200 113664 "-" "Mozilla/5.0 (Linux; Android 6.0.1; Nexus 5X Build/MMB29P) AppleWebKit/537.36 (KHTML, like Gecko) Chrome/127.0.6533.119 Mobile Safari/537.36 (compatible; Googlebot/2.1; +http://www.google.com/bot.html)"
95.163.255.159 - - [01/Sep/2024:15:52:31 +0200] "GET /robots.txt HTTP/1.0" 200 1590 "-" "Mozilla/5.0 (compatible; Linux x86_64; Mail.RU_Bot/2.0; +https://help.mail.ru/webmaster/indexing/robots)"
95.163.255.172 - - [01/Sep/2024:15:52:40 +0200] "GET /files/kozalk_terv_070806-1.pdf HTTP/1.1" 200 313855 "-" "Mozilla/5.0 (compatible; Linux x86_64; Mail.RU_Bot/2.0; +https://help.mail.ru/webmaster/indexing/robots)"
66.249.70.34 - - [01/Sep/2024:15:55:28 +0200] "GET /files/hm_rendelet_tervezet_allomany_melleklet.pdf HTTP/1.1" 304 - "-" "Mozilla/5.0 (Linux; Android 6.0.1; Nexus 5X Build/MMB29P) AppleWebKit/537.36 (KHTML, like Gecko) Chrome/127.0.6533.119 Mobile Safari/537.36 (compatible; Googlebot/2.1; +http://www.google.com/bot.html)"
