135.181.3.228 - - [20/Sep/2024:13:47:23 +0200] "GET /node?page=60 HTTP/1.1" 200 - "-" "Mozilla/5.0 (compatible; BLEXBot/1.0; +http://webmeup-crawler.com/)"
135.181.3.228 - - [20/Sep/2024:13:48:50 +0200] "GET /node?page=61 HTTP/1.1" 200 - "-" "Mozilla/5.0 (compatible; BLEXBot/1.0; +http://webmeup-crawler.com/)"
135.181.3.228 - - [20/Sep/2024:13:50:17 +0200] "GET /node?page=62 HTTP/1.1" 200 - "-" "Mozilla/5.0 (compatible; BLEXBot/1.0; +http://webmeup-crawler.com/)"
135.181.3.228 - - [20/Sep/2024:13:51:43 +0200] "GET /node?page=63 HTTP/1.1" 200 - "-" "Mozilla/5.0 (compatible; BLEXBot/1.0; +http://webmeup-crawler.com/)"
135.181.3.228 - - [20/Sep/2024:13:53:10 +0200] "GET /node?page=64 HTTP/1.1" 200 - "-" "Mozilla/5.0 (compatible; BLEXBot/1.0; +http://webmeup-crawler.com/)"
135.181.3.228 - - [20/Sep/2024:13:54:38 +0200] "GET /node?page=65 HTTP/1.1" 200 - "-" "Mozilla/5.0 (compatible; BLEXBot/1.0; +http://webmeup-crawler.com/)"
135.181.3.228 - - [20/Sep/2024:13:56:05 +0200] "GET /node?page=66 HTTP/1.1" 200 - "-" "Mozilla/5.0 (compatible; BLEXBot/1.0; +http://webmeup-crawler.com/)"
135.181.3.228 - - [20/Sep/2024:13:57:32 +0200] "GET /node?page=67 HTTP/1.1" 200 - "-" "Mozilla/5.0 (compatible; BLEXBot/1.0; +http://webmeup-crawler.com/)"
135.181.3.228 - - [20/Sep/2024:13:58:59 +0200] "GET /node?page=68 HTTP/1.1" 200 - "-" "Mozilla/5.0 (compatible; BLEXBot/1.0; +http://webmeup-crawler.com/)"
135.181.3.228 - - [20/Sep/2024:14:00:27 +0200] "GET /node?page=69 HTTP/1.1" 200 - "-" "Mozilla/5.0 (compatible; BLEXBot/1.0; +http://webmeup-crawler.com/)"
135.181.3.228 - - [20/Sep/2024:14:01:55 +0200] "GET /node?page=7 HTTP/1.1" 200 - "-" "Mozilla/5.0 (compatible; BLEXBot/1.0; +http://webmeup-crawler.com/)"
135.181.3.228 - - [20/Sep/2024:14:03:23 +0200] "GET /node?page=7 HTTP/1.1" 200 - "-" "Mozilla/5.0 (compatible; BLEXBot/1.0; +http://webmeup-crawler.com/)"
135.181.3.228 - - [20/Sep/2024:14:04:50 +0200] "GET /node?page=70 HTTP/1.1" 200 - "-" "Mozilla/5.0 (compatible; BLEXBot/1.0; +http://webmeup-crawler.com/)"
135.181.3.228 - - [20/Sep/2024:14:06:18 +0200] "GET /node?page=71 HTTP/1.1" 200 - "-" "Mozilla/5.0 (compatible; BLEXBot/1.0; +http://webmeup-crawler.com/)"
135.181.3.228 - - [20/Sep/2024:14:07:48 +0200] "GET /node?page=72 HTTP/1.1" 200 - "-" "Mozilla/5.0 (compatible; BLEXBot/1.0; +http://webmeup-crawler.com/)"
135.181.3.228 - - [20/Sep/2024:14:09:17 +0200] "GET /node?page=73 HTTP/1.1" 200 - "-" "Mozilla/5.0 (compatible; BLEXBot/1.0; +http://webmeup-crawler.com/)"
135.181.3.228 - - [20/Sep/2024:14:10:47 +0200] "GET /node?page=74 HTTP/1.1" 200 - "-" "Mozilla/5.0 (compatible; BLEXBot/1.0; +http://webmeup-crawler.com/)"
135.181.3.228 - - [20/Sep/2024:14:12:15 +0200] "GET /node?page=75 HTTP/1.1" 200 - "-" "Mozilla/5.0 (compatible; BLEXBot/1.0; +http://webmeup-crawler.com/)"
135.181.3.228 - - [20/Sep/2024:14:13:42 +0200] "GET /node?page=76 HTTP/1.1" 200 - "-" "Mozilla/5.0 (compatible; BLEXBot/1.0; +http://webmeup-crawler.com/)"
135.181.3.228 - - [20/Sep/2024:14:15:10 +0200] "GET /node?page=77 HTTP/1.1" 200 - "-" "Mozilla/5.0 (compatible; BLEXBot/1.0; +http://webmeup-crawler.com/)"
135.181.3.228 - - [20/Sep/2024:14:16:41 +0200] "GET /node?page=78 HTTP/1.1" 200 - "-" "Mozilla/5.0 (compatible; BLEXBot/1.0; +http://webmeup-crawler.com/)"
135.181.3.228 - - [20/Sep/2024:14:18:08 +0200] "GET /node?page=79 HTTP/1.1" 200 - "-" "Mozilla/5.0 (compatible; BLEXBot/1.0; +http://webmeup-crawler.com/)"
135.181.3.228 - - [20/Sep/2024:14:19:36 +0200] "GET /node?page=8 HTTP/1.1" 200 - "-" "Mozilla/5.0 (compatible; BLEXBot/1.0; +http://webmeup-crawler.com/)"
135.181.3.228 - - [20/Sep/2024:14:21:06 +0200] "GET /node?page=8 HTTP/1.1" 200 - "-" "Mozilla/5.0 (compatible; BLEXBot/1.0; +http://webmeup-crawler.com/)"
135.181.3.228 - - [20/Sep/2024:14:22:33 +0200] "GET /node?page=80 HTTP/1.1" 200 - "-" "Mozilla/5.0 (compatible; BLEXBot/1.0; +http://webmeup-crawler.com/)"
135.181.3.228 - - [20/Sep/2024:14:24:04 +0200] "GET /node?page=81 HTTP/1.1" 200 - "-" "Mozilla/5.0 (compatible; BLEXBot/1.0; +http://webmeup-crawler.com/)"
135.181.3.228 - - [20/Sep/2024:14:25:32 +0200] "GET /node?page=82 HTTP/1.1" 200 - "-" "Mozilla/5.0 (compatible; BLEXBot/1.0; +http://webmeup-crawler.com/)"
135.181.3.228 - - [20/Sep/2024:14:27:01 +0200] "GET /node?page=83 HTTP/1.1" 200 - "-" "Mozilla/5.0 (compatible; BLEXBot/1.0; +http://webmeup-crawler.com/)"
135.181.3.228 - - [20/Sep/2024:14:28:29 +0200] "GET /node?page=84 HTTP/1.1" 200 - "-" "Mozilla/5.0 (compatible; BLEXBot/1.0; +http://webmeup-crawler.com/)"
135.181.3.228 - - [20/Sep/2024:14:29:56 +0200] "GET /node?page=85 HTTP/1.1" 200 - "-" "Mozilla/5.0 (compatible; BLEXBot/1.0; +http://webmeup-crawler.com/)"
135.181.3.228 - - [20/Sep/2024:14:31:25 +0200] "GET /node?page=86 HTTP/1.1" 200 - "-" "Mozilla/5.0 (compatible; BLEXBot/1.0; +http://webmeup-crawler.com/)"
135.181.3.228 - - [20/Sep/2024:14:32:52 +0200] "GET /node?page=87 HTTP/1.1" 200 - "-" "Mozilla/5.0 (compatible; BLEXBot/1.0; +http://webmeup-crawler.com/)"
135.181.3.228 - - [20/Sep/2024:14:34:20 +0200] "GET /node?page=88 HTTP/1.1" 200 - "-" "Mozilla/5.0 (compatible; BLEXBot/1.0; +http://webmeup-crawler.com/)"
135.181.3.228 - - [20/Sep/2024:14:35:49 +0200] "GET /node?page=89 HTTP/1.1" 200 - "-" "Mozilla/5.0 (compatible; BLEXBot/1.0; +http://webmeup-crawler.com/)"
135.181.3.228 - - [20/Sep/2024:14:37:16 +0200] "GET /node?page=9 HTTP/1.1" 200 - "-" "Mozilla/5.0 (compatible; BLEXBot/1.0; +http://webmeup-crawler.com/)"
135.181.3.228 - - [20/Sep/2024:14:38:47 +0200] "GET /node?page=9 HTTP/1.1" 200 - "-" "Mozilla/5.0 (compatible; BLEXBot/1.0; +http://webmeup-crawler.com/)"
135.181.3.228 - - [20/Sep/2024:14:40:16 +0200] "GET /node?page=90 HTTP/1.1" 200 - "-" "Mozilla/5.0 (compatible; BLEXBot/1.0; +http://webmeup-crawler.com/)"
135.181.3.228 - - [20/Sep/2024:14:41:45 +0200] "GET /node?page=91 HTTP/1.1" 200 - "-" "Mozilla/5.0 (compatible; BLEXBot/1.0; +http://webmeup-crawler.com/)"
135.181.3.228 - - [20/Sep/2024:14:43:14 +0200] "GET /node?page=92 HTTP/1.1" 200 - "-" "Mozilla/5.0 (compatible; BLEXBot/1.0; +http://webmeup-crawler.com/)"
135.181.3.228 - - [20/Sep/2024:14:44:43 +0200] "GET /node?page=93 HTTP/1.1" 200 - "-" "Mozilla/5.0 (compatible; BLEXBot/1.0; +http://webmeup-crawler.com/)"
135.181.3.228 - - [20/Sep/2024:14:46:13 +0200] "GET /node?page=94 HTTP/1.1" 200 - "-" "Mozilla/5.0 (compatible; BLEXBot/1.0; +http://webmeup-crawler.com/)"
135.181.3.228 - - [20/Sep/2024:14:47:41 +0200] "GET /node?page=95 HTTP/1.1" 200 - "-" "Mozilla/5.0 (compatible; BLEXBot/1.0; +http://webmeup-crawler.com/)"
135.181.3.228 - - [20/Sep/2024:14:49:09 +0200] "GET /node?page=96 HTTP/1.1" 200 - "-" "Mozilla/5.0 (compatible; BLEXBot/1.0; +http://webmeup-crawler.com/)"
66.249.75.168 - - [20/Sep/2024:14:50:25 +0200] "GET /files/nfh_terv_070730.pdf HTTP/1.1" 200 347830 "-" "Mozilla/5.0 (Linux; Android 6.0.1; Nexus 5X Build/MMB29P) AppleWebKit/537.36 (KHTML, like Gecko) Chrome/128.0.6613.137 Mobile Safari/537.36 (compatible; Googlebot/2.1; +http://www.google.com/bot.html)"
135.181.3.228 - - [20/Sep/2024:14:50:38 +0200] "GET /node?page=97 HTTP/1.1" 200 - "-" "Mozilla/5.0 (compatible; BLEXBot/1.0; +http://webmeup-crawler.com/)"
135.181.3.228 - - [20/Sep/2024:14:52:06 +0200] "GET /node?page=98 HTTP/1.1" 200 - "-" "Mozilla/5.0 (compatible; BLEXBot/1.0; +http://webmeup-crawler.com/)"
135.181.3.228 - - [20/Sep/2024:14:53:37 +0200] "GET /node?page=99 HTTP/1.1" 200 - "-" "Mozilla/5.0 (compatible; BLEXBot/1.0; +http://webmeup-crawler.com/)"
135.181.3.228 - - [20/Sep/2024:14:55:06 +0200] "GET /taxonomy/term/1 HTTP/1.1" 200 - "-" "Mozilla/5.0 (compatible; BLEXBot/1.0; +http://webmeup-crawler.com/)"
135.181.3.228 - - [20/Sep/2024:14:56:35 +0200] "GET /taxonomy/term/1 HTTP/1.1" 200 - "-" "Mozilla/5.0 (compatible; BLEXBot/1.0; +http://webmeup-crawler.com/)"
135.181.3.228 - - [20/Sep/2024:14:58:04 +0200] "GET /taxonomy/term/100 HTTP/1.1" 200 - "-" "Mozilla/5.0 (compatible; BLEXBot/1.0; +http://webmeup-crawler.com/)"
135.181.3.228 - - [20/Sep/2024:14:59:33 +0200] "GET /taxonomy/term/100 HTTP/1.1" 200 - "-" "Mozilla/5.0 (compatible; BLEXBot/1.0; +http://webmeup-crawler.com/)"
135.181.3.228 - - [20/Sep/2024:15:01:04 +0200] "GET /taxonomy/term/100?page=1 HTTP/1.1" 200 - "-" "Mozilla/5.0 (compatible; BLEXBot/1.0; +http://webmeup-crawler.com/)"
135.181.3.228 - - [20/Sep/2024:15:02:33 +0200] "GET /taxonomy/term/100?page=1 HTTP/1.1" 200 - "-" "Mozilla/5.0 (compatible; BLEXBot/1.0; +http://webmeup-crawler.com/)"
135.181.3.228 - - [20/Sep/2024:15:04:02 +0200] "GET /taxonomy/term/100?page=2 HTTP/1.1" 200 - "-" "Mozilla/5.0 (compatible; BLEXBot/1.0; +http://webmeup-crawler.com/)"
135.181.3.228 - - [20/Sep/2024:15:05:30 +0200] "GET /taxonomy/term/100?page=2 HTTP/1.1" 200 - "-" "Mozilla/5.0 (compatible; BLEXBot/1.0; +http://webmeup-crawler.com/)"
135.181.3.228 - - [20/Sep/2024:15:06:59 +0200] "GET /taxonomy/term/101 HTTP/1.1" 200 - "-" "Mozilla/5.0 (compatible; BLEXBot/1.0; +http://webmeup-crawler.com/)"
135.181.3.228 - - [20/Sep/2024:15:08:29 +0200] "GET /taxonomy/term/101 HTTP/1.1" 200 - "-" "Mozilla/5.0 (compatible; BLEXBot/1.0; +http://webmeup-crawler.com/)"
135.181.3.228 - - [20/Sep/2024:15:09:58 +0200] "GET /taxonomy/term/101?page=1 HTTP/1.1" 200 - "-" "Mozilla/5.0 (compatible; BLEXBot/1.0; +http://webmeup-crawler.com/)"
135.181.3.228 - - [20/Sep/2024:15:11:27 +0200] "GET /taxonomy/term/101?page=1 HTTP/1.1" 200 - "-" "Mozilla/5.0 (compatible; BLEXBot/1.0; +http://webmeup-crawler.com/)"
135.181.3.228 - - [20/Sep/2024:15:12:55 +0200] "GET /taxonomy/term/101?page=2 HTTP/1.1" 200 - "-" "Mozilla/5.0 (compatible; BLEXBot/1.0; +http://webmeup-crawler.com/)"
135.181.3.228 - - [20/Sep/2024:15:14:24 +0200] "GET /taxonomy/term/101?page=2 HTTP/1.1" 200 - "-" "Mozilla/5.0 (compatible; BLEXBot/1.0; +http://webmeup-crawler.com/)"
135.181.3.228 - - [20/Sep/2024:15:15:54 +0200] "GET /taxonomy/term/101?page=3 HTTP/1.1" 200 - "-" "Mozilla/5.0 (compatible; BLEXBot/1.0; +http://webmeup-crawler.com/)"
135.181.3.228 - - [20/Sep/2024:15:17:24 +0200] "GET /taxonomy/term/101?page=3 HTTP/1.1" 200 - "-" "Mozilla/5.0 (compatible; BLEXBot/1.0; +http://webmeup-crawler.com/)"
135.181.3.228 - - [20/Sep/2024:15:18:53 +0200] "GET /taxonomy/term/101?page=4 HTTP/1.1" 200 - "-" "Mozilla/5.0 (compatible; BLEXBot/1.0; +http://webmeup-crawler.com/)"
135.181.3.228 - - [20/Sep/2024:15:20:20 +0200] "GET /taxonomy/term/101?page=4 HTTP/1.1" 200 - "-" "Mozilla/5.0 (compatible; BLEXBot/1.0; +http://webmeup-crawler.com/)"
135.181.3.228 - - [20/Sep/2024:15:21:49 +0200] "GET /taxonomy/term/101?page=5 HTTP/1.1" 200 - "-" "Mozilla/5.0 (compatible; BLEXBot/1.0; +http://webmeup-crawler.com/)"
135.181.3.228 - - [20/Sep/2024:15:23:19 +0200] "GET /taxonomy/term/101?page=5 HTTP/1.1" 200 - "-" "Mozilla/5.0 (compatible; BLEXBot/1.0; +http://webmeup-crawler.com/)"
135.181.3.228 - - [20/Sep/2024:15:24:48 +0200] "GET /taxonomy/term/101?page=6 HTTP/1.1" 200 - "-" "Mozilla/5.0 (compatible; BLEXBot/1.0; +http://webmeup-crawler.com/)"
135.181.3.228 - - [20/Sep/2024:15:26:17 +0200] "GET /taxonomy/term/101?page=6 HTTP/1.1" 200 - "-" "Mozilla/5.0 (compatible; BLEXBot/1.0; +http://webmeup-crawler.com/)"
135.181.3.228 - - [20/Sep/2024:15:27:45 +0200] "GET /taxonomy/term/101?page=7 HTTP/1.1" 200 - "-" "Mozilla/5.0 (compatible; BLEXBot/1.0; +http://webmeup-crawler.com/)"
135.181.3.228 - - [20/Sep/2024:15:29:14 +0200] "GET /taxonomy/term/101?page=7 HTTP/1.1" 200 - "-" "Mozilla/5.0 (compatible; BLEXBot/1.0; +http://webmeup-crawler.com/)"
135.181.3.228 - - [20/Sep/2024:15:30:45 +0200] "GET /taxonomy/term/101?page=8 HTTP/1.1" 200 - "-" "Mozilla/5.0 (compatible; BLEXBot/1.0; +http://webmeup-crawler.com/)"
135.181.3.228 - - [20/Sep/2024:15:32:14 +0200] "GET /taxonomy/term/101?page=8 HTTP/1.1" 200 - "-" "Mozilla/5.0 (compatible; BLEXBot/1.0; +http://webmeup-crawler.com/)"
135.181.3.228 - - [20/Sep/2024:15:33:43 +0200] "GET /taxonomy/term/101?page=9 HTTP/1.1" 200 - "-" "Mozilla/5.0 (compatible; BLEXBot/1.0; +http://webmeup-crawler.com/)"
135.181.3.228 - - [20/Sep/2024:15:35:12 +0200] "GET /taxonomy/term/101?page=9 HTTP/1.1" 200 - "-" "Mozilla/5.0 (compatible; BLEXBot/1.0; +http://webmeup-crawler.com/)"
135.181.3.228 - - [20/Sep/2024:15:36:42 +0200] "GET /taxonomy/term/103 HTTP/1.1" 200 - "-" "Mozilla/5.0 (compatible; BLEXBot/1.0; +http://webmeup-crawler.com/)"
135.181.3.228 - - [20/Sep/2024:15:38:12 +0200] "GET /taxonomy/term/103 HTTP/1.1" 200 - "-" "Mozilla/5.0 (compatible; BLEXBot/1.0; +http://webmeup-crawler.com/)"
135.181.3.228 - - [20/Sep/2024:15:39:42 +0200] "GET /taxonomy/term/107 HTTP/1.1" 200 - "-" "Mozilla/5.0 (compatible; BLEXBot/1.0; +http://webmeup-crawler.com/)"
135.181.3.228 - - [20/Sep/2024:15:41:12 +0200] "GET /taxonomy/term/107 HTTP/1.1" 200 - "-" "Mozilla/5.0 (compatible; BLEXBot/1.0; +http://webmeup-crawler.com/)"
135.181.3.228 - - [20/Sep/2024:15:42:43 +0200] "GET /taxonomy/term/108 HTTP/1.1" 200 - "-" "Mozilla/5.0 (compatible; BLEXBot/1.0; +http://webmeup-crawler.com/)"
66.249.75.166 - - [20/Sep/2024:15:43:59 +0200] "GET /files/ptk_kotelmi_jog_0.pdf HTTP/1.1" 200 706298 "-" "Mozilla/5.0 (Linux; Android 6.0.1; Nexus 5X Build/MMB29P) AppleWebKit/537.36 (KHTML, like Gecko) Chrome/128.0.6613.137 Mobile Safari/537.36 (compatible; Googlebot/2.1; +http://www.google.com/bot.html)"
135.181.3.228 - - [20/Sep/2024:15:44:12 +0200] "GET /taxonomy/term/108 HTTP/1.1" 200 - "-" "Mozilla/5.0 (compatible; BLEXBot/1.0; +http://webmeup-crawler.com/)"
135.181.3.228 - - [20/Sep/2024:15:45:43 +0200] "GET /taxonomy/term/109 HTTP/1.1" 200 - "-" "Mozilla/5.0 (compatible; BLEXBot/1.0; +http://webmeup-crawler.com/)"
135.181.3.228 - - [20/Sep/2024:15:47:12 +0200] "GET /taxonomy/term/109 HTTP/1.1" 200 - "-" "Mozilla/5.0 (compatible; BLEXBot/1.0; +http://webmeup-crawler.com/)"
135.181.3.228 - - [20/Sep/2024:15:48:42 +0200] "GET /taxonomy/term/18 HTTP/1.1" 200 - "-" "Mozilla/5.0 (compatible; BLEXBot/1.0; +http://webmeup-crawler.com/)"
135.181.3.228 - - [20/Sep/2024:15:50:13 +0200] "GET /taxonomy/term/18 HTTP/1.1" 200 - "-" "Mozilla/5.0 (compatible; BLEXBot/1.0; +http://webmeup-crawler.com/)"
135.181.3.228 - - [20/Sep/2024:15:51:43 +0200] "GET /taxonomy/term/19 HTTP/1.1" 200 - "-" "Mozilla/5.0 (compatible; BLEXBot/1.0; +http://webmeup-crawler.com/)"
135.181.3.228 - - [20/Sep/2024:15:53:05 +0200] "GET /taxonomy/term/19 HTTP/1.1" 200 - "-" "Mozilla/5.0 (compatible; BLEXBot/1.0; +http://webmeup-crawler.com/)"
135.181.3.228 - - [20/Sep/2024:15:54:36 +0200] "GET /taxonomy/term/1?page=1 HTTP/1.1" 200 - "-" "Mozilla/5.0 (compatible; BLEXBot/1.0; +http://webmeup-crawler.com/)"
135.181.3.228 - - [20/Sep/2024:15:56:06 +0200] "GET /taxonomy/term/1?page=1 HTTP/1.1" 200 - "-" "Mozilla/5.0 (compatible; BLEXBot/1.0; +http://webmeup-crawler.com/)"
135.181.3.228 - - [20/Sep/2024:15:57:30 +0200] "GET /taxonomy/term/1?page=10 HTTP/1.1" 200 - "-" "Mozilla/5.0 (compatible; BLEXBot/1.0; +http://webmeup-crawler.com/)"
135.181.3.228 - - [20/Sep/2024:15:58:59 +0200] "GET /taxonomy/term/1?page=10 HTTP/1.1" 200 - "-" "Mozilla/5.0 (compatible; BLEXBot/1.0; +http://webmeup-crawler.com/)"
135.181.3.228 - - [20/Sep/2024:16:00:29 +0200] "GET /taxonomy/term/1?page=100 HTTP/1.1" 200 - "-" "Mozilla/5.0 (compatible; BLEXBot/1.0; +http://webmeup-crawler.com/)"
135.181.3.228 - - [20/Sep/2024:16:01:58 +0200] "GET /taxonomy/term/1?page=101 HTTP/1.1" 200 - "-" "Mozilla/5.0 (compatible; BLEXBot/1.0; +http://webmeup-crawler.com/)"
135.181.3.228 - - [20/Sep/2024:16:03:29 +0200] "GET /taxonomy/term/1?page=102 HTTP/1.1" 200 - "-" "Mozilla/5.0 (compatible; BLEXBot/1.0; +http://webmeup-crawler.com/)"
135.181.3.228 - - [20/Sep/2024:16:04:59 +0200] "GET /taxonomy/term/1?page=103 HTTP/1.1" 200 - "-" "Mozilla/5.0 (compatible; BLEXBot/1.0; +http://webmeup-crawler.com/)"
135.181.3.228 - - [20/Sep/2024:16:06:29 +0200] "GET /taxonomy/term/1?page=104 HTTP/1.1" 200 - "-" "Mozilla/5.0 (compatible; BLEXBot/1.0; +http://webmeup-crawler.com/)"
135.181.3.228 - - [20/Sep/2024:16:07:58 +0200] "GET /taxonomy/term/1?page=105 HTTP/1.1" 200 - "-" "Mozilla/5.0 (compatible; BLEXBot/1.0; +http://webmeup-crawler.com/)"
135.181.3.228 - - [20/Sep/2024:16:09:28 +0200] "GET /taxonomy/term/1?page=106 HTTP/1.1" 200 - "-" "Mozilla/5.0 (compatible; BLEXBot/1.0; +http://webmeup-crawler.com/)"
135.181.3.228 - - [20/Sep/2024:16:10:51 +0200] "GET /taxonomy/term/1?page=107 HTTP/1.1" 200 - "-" "Mozilla/5.0 (compatible; BLEXBot/1.0; +http://webmeup-crawler.com/)"
66.249.75.166 - - [20/Sep/2024:16:11:39 +0200] "GET /files/ovadek_rendelet.pdf HTTP/1.1" 304 - "-" "Mozilla/5.0 (Linux; Android 6.0.1; Nexus 5X Build/MMB29P) AppleWebKit/537.36 (KHTML, like Gecko) Chrome/128.0.6613.137 Mobile Safari/537.36 (compatible; Googlebot/2.1; +http://www.google.com/bot.html)"
135.181.3.228 - - [20/Sep/2024:16:12:25 +0200] "GET /taxonomy/term/1?page=108 HTTP/1.1" 200 - "-" "Mozilla/5.0 (compatible; BLEXBot/1.0; +http://webmeup-crawler.com/)"
135.181.3.228 - - [20/Sep/2024:16:13:55 +0200] "GET /taxonomy/term/1?page=109 HTTP/1.1" 200 - "-" "Mozilla/5.0 (compatible; BLEXBot/1.0; +http://webmeup-crawler.com/)"
135.181.3.228 - - [20/Sep/2024:16:15:25 +0200] "GET /taxonomy/term/1?page=11 HTTP/1.1" 200 - "-" "Mozilla/5.0 (compatible; BLEXBot/1.0; +http://webmeup-crawler.com/)"
135.181.3.228 - - [20/Sep/2024:16:16:55 +0200] "GET /taxonomy/term/1?page=11 HTTP/1.1" 200 - "-" "Mozilla/5.0 (compatible; BLEXBot/1.0; +http://webmeup-crawler.com/)"
135.181.3.228 - - [20/Sep/2024:16:18:28 +0200] "GET /taxonomy/term/1?page=110 HTTP/1.1" 200 - "-" "Mozilla/5.0 (compatible; BLEXBot/1.0; +http://webmeup-crawler.com/)"
135.181.3.228 - - [20/Sep/2024:16:19:58 +0200] "GET /taxonomy/term/1?page=111 HTTP/1.1" 200 - "-" "Mozilla/5.0 (compatible; BLEXBot/1.0; +http://webmeup-crawler.com/)"
135.181.3.228 - - [20/Sep/2024:16:21:30 +0200] "GET /taxonomy/term/1?page=112 HTTP/1.1" 200 - "-" "Mozilla/5.0 (compatible; BLEXBot/1.0; +http://webmeup-crawler.com/)"
135.181.3.228 - - [20/Sep/2024:16:23:00 +0200] "GET /taxonomy/term/1?page=113 HTTP/1.1" 200 - "-" "Mozilla/5.0 (compatible; BLEXBot/1.0; +http://webmeup-crawler.com/)"
79.209.39.170 - - [20/Sep/2024:16:23:06 +0200] "GET /files/cegbejegyzesi_eljaras_21_per_2006__02_12_fin.doc HTTP/1.1" 200 54272 "-" "Microsoft Office/15.0 (Windows NT 6.3; Microsoft Outlook 15.0.4771; Pro)"
135.181.3.228 - - [20/Sep/2024:16:24:29 +0200] "GET /taxonomy/term/1?page=114 HTTP/1.1" 200 - "-" "Mozilla/5.0 (compatible; BLEXBot/1.0; +http://webmeup-crawler.com/)"
135.181.3.228 - - [20/Sep/2024:16:25:59 +0200] "GET /taxonomy/term/1?page=115 HTTP/1.1" 200 - "-" "Mozilla/5.0 (compatible; BLEXBot/1.0; +http://webmeup-crawler.com/)"
135.181.3.228 - - [20/Sep/2024:16:27:22 +0200] "GET /taxonomy/term/1?page=116 HTTP/1.1" 200 - "-" "Mozilla/5.0 (compatible; BLEXBot/1.0; +http://webmeup-crawler.com/)"
135.181.3.228 - - [20/Sep/2024:16:28:48 +0200] "GET /taxonomy/term/1?page=117 HTTP/1.1" 200 - "-" "Mozilla/5.0 (compatible; BLEXBot/1.0; +http://webmeup-crawler.com/)"
135.181.3.228 - - [20/Sep/2024:16:30:19 +0200] "GET /taxonomy/term/1?page=118 HTTP/1.1" 200 - "-" "Mozilla/5.0 (compatible; BLEXBot/1.0; +http://webmeup-crawler.com/)"
135.181.3.228 - - [20/Sep/2024:16:31:49 +0200] "GET /taxonomy/term/1?page=119 HTTP/1.1" 200 - "-" "Mozilla/5.0 (compatible; BLEXBot/1.0; +http://webmeup-crawler.com/)"
135.181.3.228 - - [20/Sep/2024:16:33:21 +0200] "GET /taxonomy/term/1?page=12 HTTP/1.1" 200 - "-" "Mozilla/5.0 (compatible; BLEXBot/1.0; +http://webmeup-crawler.com/)"
135.181.3.228 - - [20/Sep/2024:16:34:51 +0200] "GET /taxonomy/term/1?page=12 HTTP/1.1" 200 - "-" "Mozilla/5.0 (compatible; BLEXBot/1.0; +http://webmeup-crawler.com/)"
135.181.3.228 - - [20/Sep/2024:16:36:22 +0200] "GET /taxonomy/term/1?page=120 HTTP/1.1" 200 - "-" "Mozilla/5.0 (compatible; BLEXBot/1.0; +http://webmeup-crawler.com/)"
135.181.3.228 - - [20/Sep/2024:16:37:54 +0200] "GET /taxonomy/term/1?page=121 HTTP/1.1" 200 - "-" "Mozilla/5.0 (compatible; BLEXBot/1.0; +http://webmeup-crawler.com/)"
135.181.3.228 - - [20/Sep/2024:16:39:24 +0200] "GET /taxonomy/term/1?page=122 HTTP/1.1" 200 - "-" "Mozilla/5.0 (compatible; BLEXBot/1.0; +http://webmeup-crawler.com/)"
135.181.3.228 - - [20/Sep/2024:16:40:54 +0200] "GET /taxonomy/term/1?page=123 HTTP/1.1" 200 - "-" "Mozilla/5.0 (compatible; BLEXBot/1.0; +http://webmeup-crawler.com/)"
135.181.3.228 - - [20/Sep/2024:16:42:29 +0200] "GET /taxonomy/term/1?page=124 HTTP/1.1" 200 - "-" "Mozilla/5.0 (compatible; BLEXBot/1.0; +http://webmeup-crawler.com/)"
135.181.3.228 - - [20/Sep/2024:16:43:59 +0200] "GET /taxonomy/term/1?page=125 HTTP/1.1" 200 - "-" "Mozilla/5.0 (compatible; BLEXBot/1.0; +http://webmeup-crawler.com/)"
135.181.3.228 - - [20/Sep/2024:16:45:32 +0200] "GET /taxonomy/term/1?page=126 HTTP/1.1" 200 - "-" "Mozilla/5.0 (compatible; BLEXBot/1.0; +http://webmeup-crawler.com/)"
135.181.3.228 - - [20/Sep/2024:16:47:02 +0200] "GET /taxonomy/term/1?page=127 HTTP/1.1" 200 - "-" "Mozilla/5.0 (compatible; BLEXBot/1.0; +http://webmeup-crawler.com/)"
135.181.3.228 - - [20/Sep/2024:16:48:32 +0200] "GET /taxonomy/term/1?page=128 HTTP/1.1" 200 - "-" "Mozilla/5.0 (compatible; BLEXBot/1.0; +http://webmeup-crawler.com/)"
135.181.3.228 - - [20/Sep/2024:16:50:04 +0200] "GET /taxonomy/term/1?page=129 HTTP/1.1" 200 - "-" "Mozilla/5.0 (compatible; BLEXBot/1.0; +http://webmeup-crawler.com/)"
66.249.75.168 - - [20/Sep/2024:16:50:26 +0200] "GET /files/Tuzszolszab..pdf HTTP/1.1" 304 - "-" "Mozilla/5.0 (Linux; Android 6.0.1; Nexus 5X Build/MMB29P) AppleWebKit/537.36 (KHTML, like Gecko) Chrome/128.0.6613.137 Mobile Safari/537.36 (compatible; Googlebot/2.1; +http://www.google.com/bot.html)"
135.181.3.228 - - [20/Sep/2024:16:51:34 +0200] "GET /taxonomy/term/1?page=13 HTTP/1.1" 200 - "-" "Mozilla/5.0 (compatible; BLEXBot/1.0; +http://webmeup-crawler.com/)"
135.181.3.228 - - [20/Sep/2024:16:52:59 +0200] "GET /taxonomy/term/1?page=13 HTTP/1.1" 200 - "-" "Mozilla/5.0 (compatible; BLEXBot/1.0; +http://webmeup-crawler.com/)"
135.181.3.228 - - [20/Sep/2024:16:54:22 +0200] "GET /taxonomy/term/1?page=130 HTTP/1.1" 200 - "-" "Mozilla/5.0 (compatible; BLEXBot/1.0; +http://webmeup-crawler.com/)"
135.181.3.228 - - [20/Sep/2024:16:55:54 +0200] "GET /taxonomy/term/1?page=131 HTTP/1.1" 200 - "-" "Mozilla/5.0 (compatible; BLEXBot/1.0; +http://webmeup-crawler.com/)"
135.181.3.228 - - [20/Sep/2024:16:57:24 +0200] "GET /taxonomy/term/1?page=132 HTTP/1.1" 200 - "-" "Mozilla/5.0 (compatible; BLEXBot/1.0; +http://webmeup-crawler.com/)"
52.167.144.56 - - [20/Sep/2024:16:57:35 +0200] "GET /robots.txt HTTP/1.1" 200 1590 "-" "Mozilla/5.0 AppleWebKit/537.36 (KHTML, like Gecko; compatible; bingbot/2.0; +http://www.bing.com/bingbot.htm) Chrome/116.0.1938.76 Safari/537.36"
52.167.144.215 - - [20/Sep/2024:16:57:49 +0200] "GET /files/jelentes_2006.doc HTTP/1.1" 200 792576 "-" "Mozilla/5.0 AppleWebKit/537.36 (KHTML, like Gecko; compatible; bingbot/2.0; +http://www.bing.com/bingbot.htm) Chrome/116.0.1938.76 Safari/537.36"
135.181.3.228 - - [20/Sep/2024:16:58:55 +0200] "GET /taxonomy/term/1?page=133 HTTP/1.1" 200 - "-" "Mozilla/5.0 (compatible; BLEXBot/1.0; +http://webmeup-crawler.com/)"
135.181.3.228 - - [20/Sep/2024:17:00:25 +0200] "GET /taxonomy/term/1?page=134 HTTP/1.1" 200 - "-" "Mozilla/5.0 (compatible; BLEXBot/1.0; +http://webmeup-crawler.com/)"
135.181.3.228 - - [20/Sep/2024:17:01:55 +0200] "GET /taxonomy/term/1?page=135 HTTP/1.1" 200 - "-" "Mozilla/5.0 (compatible; BLEXBot/1.0; +http://webmeup-crawler.com/)"
135.181.3.228 - - [20/Sep/2024:17:03:27 +0200] "GET /taxonomy/term/1?page=136 HTTP/1.1" 200 - "-" "Mozilla/5.0 (compatible; BLEXBot/1.0; +http://webmeup-crawler.com/)"
135.181.3.228 - - [20/Sep/2024:17:04:57 +0200] "GET /taxonomy/term/1?page=137 HTTP/1.1" 200 - "-" "Mozilla/5.0 (compatible; BLEXBot/1.0; +http://webmeup-crawler.com/)"
135.181.3.228 - - [20/Sep/2024:17:06:28 +0200] "GET /taxonomy/term/1?page=138 HTTP/1.1" 200 - "-" "Mozilla/5.0 (compatible; BLEXBot/1.0; +http://webmeup-crawler.com/)"
135.181.3.228 - - [20/Sep/2024:17:07:58 +0200] "GET /taxonomy/term/1?page=139 HTTP/1.1" 200 - "-" "Mozilla/5.0 (compatible; BLEXBot/1.0; +http://webmeup-crawler.com/)"
135.181.3.228 - - [20/Sep/2024:17:09:31 +0200] "GET /taxonomy/term/1?page=14 HTTP/1.1" 200 - "-" "Mozilla/5.0 (compatible; BLEXBot/1.0; +http://webmeup-crawler.com/)"
135.181.3.228 - - [20/Sep/2024:17:11:03 +0200] "GET /taxonomy/term/1?page=14 HTTP/1.1" 200 - "-" "Mozilla/5.0 (compatible; BLEXBot/1.0; +http://webmeup-crawler.com/)"
135.181.3.228 - - [20/Sep/2024:17:12:33 +0200] "GET /taxonomy/term/1?page=140 HTTP/1.1" 200 - "-" "Mozilla/5.0 (compatible; BLEXBot/1.0; +http://webmeup-crawler.com/)"
135.181.3.228 - - [20/Sep/2024:17:14:04 +0200] "GET /taxonomy/term/1?page=141 HTTP/1.1" 200 - "-" "Mozilla/5.0 (compatible; BLEXBot/1.0; +http://webmeup-crawler.com/)"
135.181.3.228 - - [20/Sep/2024:17:15:34 +0200] "GET /taxonomy/term/1?page=142 HTTP/1.1" 200 - "-" "Mozilla/5.0 (compatible; BLEXBot/1.0; +http://webmeup-crawler.com/)"
135.181.3.228 - - [20/Sep/2024:17:17:05 +0200] "GET /taxonomy/term/1?page=143 HTTP/1.1" 200 - "-" "Mozilla/5.0 (compatible; BLEXBot/1.0; +http://webmeup-crawler.com/)"
206.41.179.109 - - [20/Sep/2024:17:18:03 +0200] "GET /drupal/files/bizott_2006_j%C3%BAli.pdf HTTP/1.1" 200 - "-" "Mozilla/5.0 (Macintosh; Intel Mac OS X 10_10) AppleWebKit/537.36 (KHTML, like Gecko) Firefox/80.0.2868.20 Safari/537.36"
135.181.3.228 - - [20/Sep/2024:17:18:27 +0200] "GET /taxonomy/term/1?page=144 HTTP/1.1" 200 - "-" "Mozilla/5.0 (compatible; BLEXBot/1.0; +http://webmeup-crawler.com/)"
135.181.3.228 - - [20/Sep/2024:17:19:59 +0200] "GET /taxonomy/term/1?page=145 HTTP/1.1" 200 - "-" "Mozilla/5.0 (compatible; BLEXBot/1.0; +http://webmeup-crawler.com/)"
18.213.102.186 - - [20/Sep/2024:17:20:34 +0200] "GET /drupal/files/elso_konyv_-_bevezeto_rendelkezesek.pdf HTTP/1.1" 200 - "-" "Mozilla/5.0 (Macintosh; Intel Mac OS X 10_10_1) AppleWebKit/600.2.5 (KHTML, like Gecko) Version/8.0.2 Safari/600.2.5 (Amazonbot/0.1; +https://developer.amazon.com/support/amazonbot)"
135.181.3.228 - - [20/Sep/2024:17:21:31 +0200] "GET /taxonomy/term/1?page=146 HTTP/1.1" 200 - "-" "Mozilla/5.0 (compatible; BLEXBot/1.0; +http://webmeup-crawler.com/)"
135.181.3.228 - - [20/Sep/2024:17:23:01 +0200] "GET /taxonomy/term/1?page=147 HTTP/1.1" 200 - "-" "Mozilla/5.0 (compatible; BLEXBot/1.0; +http://webmeup-crawler.com/)"
135.181.3.228 - - [20/Sep/2024:17:24:32 +0200] "GET /taxonomy/term/1?page=148 HTTP/1.1" 200 - "-" "Mozilla/5.0 (compatible; BLEXBot/1.0; +http://webmeup-crawler.com/)"
135.181.3.228 - - [20/Sep/2024:17:26:02 +0200] "GET /taxonomy/term/1?page=149 HTTP/1.1" 200 - "-" "Mozilla/5.0 (compatible; BLEXBot/1.0; +http://webmeup-crawler.com/)"
135.181.3.228 - - [20/Sep/2024:17:27:26 +0200] "GET /taxonomy/term/1?page=15 HTTP/1.1" 200 - "-" "Mozilla/5.0 (compatible; BLEXBot/1.0; +http://webmeup-crawler.com/)"
135.181.3.228 - - [20/Sep/2024:17:28:50 +0200] "GET /taxonomy/term/1?page=15 HTTP/1.1" 200 - "-" "Mozilla/5.0 (compatible; BLEXBot/1.0; +http://webmeup-crawler.com/)"
135.181.3.228 - - [20/Sep/2024:17:30:22 +0200] "GET /taxonomy/term/1?page=150 HTTP/1.1" 200 - "-" "Mozilla/5.0 (compatible; BLEXBot/1.0; +http://webmeup-crawler.com/)"
135.181.3.228 - - [20/Sep/2024:17:31:52 +0200] "GET /taxonomy/term/1?page=151 HTTP/1.1" 200 - "-" "Mozilla/5.0 (compatible; BLEXBot/1.0; +http://webmeup-crawler.com/)"
135.181.3.228 - - [20/Sep/2024:17:33:23 +0200] "GET /taxonomy/term/1?page=152 HTTP/1.1" 200 - "-" "Mozilla/5.0 (compatible; BLEXBot/1.0; +http://webmeup-crawler.com/)"
85.238.81.176 - - [20/Sep/2024:17:34:05 +0200] "GET /files/hadkotelesek_hm_eum_rendelet_tervezet_melleklet.pdf HTTP/1.1" 200 264502 "-" "Mozilla/5.0 (iPhone; CPU iPhone OS 17_6_1 like Mac OS X) AppleWebKit/605.1.15 (KHTML, like Gecko) Version/17.6 Mobile/15E148 Safari/604.1"
135.181.3.228 - - [20/Sep/2024:17:34:54 +0200] "GET /taxonomy/term/1?page=153 HTTP/1.1" 200 - "-" "Mozilla/5.0 (compatible; BLEXBot/1.0; +http://webmeup-crawler.com/)"
135.181.3.228 - - [20/Sep/2024:17:36:25 +0200] "GET /taxonomy/term/1?page=154 HTTP/1.1" 200 - "-" "Mozilla/5.0 (compatible; BLEXBot/1.0; +http://webmeup-crawler.com/)"
135.181.3.228 - - [20/Sep/2024:17:37:48 +0200] "GET /taxonomy/term/1?page=155 HTTP/1.1" 200 - "-" "Mozilla/5.0 (compatible; BLEXBot/1.0; +http://webmeup-crawler.com/)"
135.181.3.228 - - [20/Sep/2024:17:39:21 +0200] "GET /taxonomy/term/1?page=156 HTTP/1.1" 200 - "-" "Mozilla/5.0 (compatible; BLEXBot/1.0; +http://webmeup-crawler.com/)"
135.181.3.228 - - [20/Sep/2024:17:40:52 +0200] "GET /taxonomy/term/1?page=157 HTTP/1.1" 200 - "-" "Mozilla/5.0 (compatible; BLEXBot/1.0; +http://webmeup-crawler.com/)"
135.181.3.228 - - [20/Sep/2024:17:42:23 +0200] "GET /taxonomy/term/1?page=158 HTTP/1.1" 200 - "-" "Mozilla/5.0 (compatible; BLEXBot/1.0; +http://webmeup-crawler.com/)"
135.181.3.228 - - [20/Sep/2024:17:43:54 +0200] "GET /taxonomy/term/1?page=159 HTTP/1.1" 200 - "-" "Mozilla/5.0 (compatible; BLEXBot/1.0; +http://webmeup-crawler.com/)"
135.181.3.228 - - [20/Sep/2024:17:45:25 +0200] "GET /taxonomy/term/1?page=16 HTTP/1.1" 200 - "-" "Mozilla/5.0 (compatible; BLEXBot/1.0; +http://webmeup-crawler.com/)"
66.249.69.200 - - [20/Sep/2024:17:46:27 +0200] "GET /files/egyh_nemall_norm_terv_090807.pdf HTTP/1.1" 304 - "-" "Mozilla/5.0 (Linux; Android 6.0.1; Nexus 5X Build/MMB29P) AppleWebKit/537.36 (KHTML, like Gecko) Chrome/128.0.6613.137 Mobile Safari/537.36 (compatible; Googlebot/2.1; +http://www.google.com/bot.html)"
135.181.3.228 - - [20/Sep/2024:17:46:49 +0200] "GET /taxonomy/term/1?page=16 HTTP/1.1" 200 - "-" "Mozilla/5.0 (compatible; BLEXBot/1.0; +http://webmeup-crawler.com/)"
135.181.3.228 - - [20/Sep/2024:17:48:21 +0200] "GET /taxonomy/term/1?page=160 HTTP/1.1" 200 - "-" "Mozilla/5.0 (compatible; BLEXBot/1.0; +http://webmeup-crawler.com/)"
135.181.3.228 - - [20/Sep/2024:17:49:52 +0200] "GET /taxonomy/term/1?page=161 HTTP/1.1" 200 - "-" "Mozilla/5.0 (compatible; BLEXBot/1.0; +http://webmeup-crawler.com/)"
135.181.3.228 - - [20/Sep/2024:17:51:24 +0200] "GET /taxonomy/term/1?page=162 HTTP/1.1" 200 - "-" "Mozilla/5.0 (compatible; BLEXBot/1.0; +http://webmeup-crawler.com/)"
135.181.3.228 - - [20/Sep/2024:17:52:56 +0200] "GET /taxonomy/term/1?page=163 HTTP/1.1" 200 - "-" "Mozilla/5.0 (compatible; BLEXBot/1.0; +http://webmeup-crawler.com/)"
135.181.3.228 - - [20/Sep/2024:17:54:28 +0200] "GET /taxonomy/term/1?page=164 HTTP/1.1" 200 - "-" "Mozilla/5.0 (compatible; BLEXBot/1.0; +http://webmeup-crawler.com/)"
135.181.3.228 - - [20/Sep/2024:17:55:52 +0200] "GET /taxonomy/term/1?page=165 HTTP/1.1" 200 - "-" "Mozilla/5.0 (compatible; BLEXBot/1.0; +http://webmeup-crawler.com/)"
135.181.3.228 - - [20/Sep/2024:17:57:16 +0200] "GET /taxonomy/term/1?page=166 HTTP/1.1" 200 - "-" "Mozilla/5.0 (compatible; BLEXBot/1.0; +http://webmeup-crawler.com/)"
135.181.3.228 - - [20/Sep/2024:17:58:40 +0200] "GET /taxonomy/term/1?page=167 HTTP/1.1" 200 - "-" "Mozilla/5.0 (compatible; BLEXBot/1.0; +http://webmeup-crawler.com/)"
135.181.3.228 - - [20/Sep/2024:18:00:04 +0200] "GET /taxonomy/term/1?page=168 HTTP/1.1" 200 - "-" "Mozilla/5.0 (compatible; BLEXBot/1.0; +http://webmeup-crawler.com/)"
135.181.3.228 - - [20/Sep/2024:18:01:37 +0200] "GET /taxonomy/term/1?page=169 HTTP/1.1" 200 - "-" "Mozilla/5.0 (compatible; BLEXBot/1.0; +http://webmeup-crawler.com/)"
135.181.3.228 - - [20/Sep/2024:18:03:09 +0200] "GET /taxonomy/term/1?page=17 HTTP/1.1" 200 - "-" "Mozilla/5.0 (compatible; BLEXBot/1.0; +http://webmeup-crawler.com/)"
135.181.3.228 - - [20/Sep/2024:18:04:40 +0200] "GET /taxonomy/term/1?page=17 HTTP/1.1" 200 - "-" "Mozilla/5.0 (compatible; BLEXBot/1.0; +http://webmeup-crawler.com/)"
81.93.193.45 - - [20/Sep/2024:18:05:20 +0200] "GET /files/gyamhatosag_eloterj_061204.pdf HTTP/1.1" 200 597742 "https://www.google.com/" "Mozilla/5.0 (iPhone; CPU iPhone OS 16_7_10 like Mac OS X) AppleWebKit/605.1.15 (KHTML, like Gecko) Version/16.6 Mobile/15E148 Safari/604.1"
81.93.193.45 - - [20/Sep/2024:18:05:21 +0200] "GET /favicon.ico HTTP/1.1" 404 57 "http://www.jogalkotas.hu/files/gyamhatosag_eloterj_061204.pdf" "Mozilla/5.0 (iPhone; CPU iPhone OS 16_7_10 like Mac OS X) AppleWebKit/605.1.15 (KHTML, like Gecko) Version/16.6 Mobile/15E148 Safari/604.1"
135.181.3.228 - - [20/Sep/2024:18:06:12 +0200] "GET /taxonomy/term/1?page=170 HTTP/1.1" 200 - "-" "Mozilla/5.0 (compatible; BLEXBot/1.0; +http://webmeup-crawler.com/)"
135.181.3.228 - - [20/Sep/2024:18:07:44 +0200] "GET /taxonomy/term/1?page=171 HTTP/1.1" 200 - "-" "Mozilla/5.0 (compatible; BLEXBot/1.0; +http://webmeup-crawler.com/)"
52.167.144.210 - - [20/Sep/2024:18:08:24 +0200] "GET /node/303 HTTP/1.1" 200 - "-" "Mozilla/5.0 AppleWebKit/537.36 (KHTML, like Gecko; compatible; bingbot/2.0; +http://www.bing.com/bingbot.htm) Chrome/116.0.1938.76 Safari/537.36"
52.167.144.210 - - [20/Sep/2024:18:08:56 +0200] "GET /node/303 HTTP/1.1" 200 - "-" "Mozilla/5.0 AppleWebKit/537.36 (KHTML, like Gecko; compatible; bingbot/2.0; +http://www.bing.com/bingbot.htm) Chrome/116.0.1938.76 Safari/537.36"
135.181.3.228 - - [20/Sep/2024:18:09:08 +0200] "GET /taxonomy/term/1?page=172 HTTP/1.1" 200 - "-" "Mozilla/5.0 (compatible; BLEXBot/1.0; +http://webmeup-crawler.com/)"
81.93.193.45 - - [20/Sep/2024:18:09:15 +0200] "GET /files/gyamhatosag_eloterj_061204.pdf HTTP/1.1" 200 597742 "-" "Mozilla/5.0 (iPhone; CPU iPhone OS 16_7_10 like Mac OS X) AppleWebKit/605.1.15 (KHTML, like Gecko) Version/16.6 Mobile/15E148 Safari/604.1"
81.93.193.45 - - [20/Sep/2024:18:09:46 +0200] "GET /apple-touch-icon-120x120-precomposed.png HTTP/1.1" 200 - "-" "MobileSafari/8615.8.1.10.1 CFNetwork/1410.1 Darwin/22.6.0"
135.181.3.228 - - [20/Sep/2024:18:10:43 +0200] "GET /taxonomy/term/1?page=173 HTTP/1.1" 200 - "-" "Mozilla/5.0 (compatible; BLEXBot/1.0; +http://webmeup-crawler.com/)"
135.181.3.228 - - [20/Sep/2024:18:12:15 +0200] "GET /taxonomy/term/1?page=174 HTTP/1.1" 200 - "-" "Mozilla/5.0 (compatible; BLEXBot/1.0; +http://webmeup-crawler.com/)"
135.181.3.228 - - [20/Sep/2024:18:13:47 +0200] "GET /taxonomy/term/1?page=175 HTTP/1.1" 200 - "-" "Mozilla/5.0 (compatible; BLEXBot/1.0; +http://webmeup-crawler.com/)"
135.181.3.228 - - [20/Sep/2024:18:15:20 +0200] "GET /taxonomy/term/1?page=176 HTTP/1.1" 200 - "-" "Mozilla/5.0 (compatible; BLEXBot/1.0; +http://webmeup-crawler.com/)"
135.181.3.228 - - [20/Sep/2024:18:16:52 +0200] "GET /taxonomy/term/1?page=177 HTTP/1.1" 200 - "-" "Mozilla/5.0 (compatible; BLEXBot/1.0; +http://webmeup-crawler.com/)"
135.181.3.228 - - [20/Sep/2024:18:18:16 +0200] "GET /taxonomy/term/1?page=178 HTTP/1.1" 200 - "-" "Mozilla/5.0 (compatible; BLEXBot/1.0; +http://webmeup-crawler.com/)"
135.181.3.228 - - [20/Sep/2024:18:19:40 +0200] "GET /taxonomy/term/1?page=179 HTTP/1.1" 200 - "-" "Mozilla/5.0 (compatible; BLEXBot/1.0; +http://webmeup-crawler.com/)"
135.181.3.228 - - [20/Sep/2024:18:21:06 +0200] "GET /taxonomy/term/1?page=18 HTTP/1.1" 200 - "-" "Mozilla/5.0 (compatible; BLEXBot/1.0; +http://webmeup-crawler.com/)"
135.181.3.228 - - [20/Sep/2024:18:22:31 +0200] "GET /taxonomy/term/1?page=18 HTTP/1.1" 200 - "-" "Mozilla/5.0 (compatible; BLEXBot/1.0; +http://webmeup-crawler.com/)"
135.181.3.228 - - [20/Sep/2024:18:23:55 +0200] "GET /taxonomy/term/1?page=180 HTTP/1.1" 200 - "-" "Mozilla/5.0 (compatible; BLEXBot/1.0; +http://webmeup-crawler.com/)"
135.181.3.228 - - [20/Sep/2024:18:25:20 +0200] "GET /taxonomy/term/1?page=181 HTTP/1.1" 200 - "-" "Mozilla/5.0 (compatible; BLEXBot/1.0; +http://webmeup-crawler.com/)"
135.181.3.228 - - [20/Sep/2024:18:26:44 +0200] "GET /taxonomy/term/1?page=182 HTTP/1.1" 200 - "-" "Mozilla/5.0 (compatible; BLEXBot/1.0; +http://webmeup-crawler.com/)"
135.181.3.228 - - [20/Sep/2024:18:28:08 +0200] "GET /taxonomy/term/1?page=183 HTTP/1.1" 200 - "-" "Mozilla/5.0 (compatible; BLEXBot/1.0; +http://webmeup-crawler.com/)"
135.181.3.228 - - [20/Sep/2024:18:29:42 +0200] "GET /taxonomy/term/1?page=184 HTTP/1.1" 200 - "-" "Mozilla/5.0 (compatible; BLEXBot/1.0; +http://webmeup-crawler.com/)"
135.181.3.228 - - [20/Sep/2024:18:31:14 +0200] "GET /taxonomy/term/1?page=185 HTTP/1.1" 200 - "-" "Mozilla/5.0 (compatible; BLEXBot/1.0; +http://webmeup-crawler.com/)"
135.181.3.228 - - [20/Sep/2024:18:32:46 +0200] "GET /taxonomy/term/1?page=186 HTTP/1.1" 200 - "-" "Mozilla/5.0 (compatible; BLEXBot/1.0; +http://webmeup-crawler.com/)"
135.181.3.228 - - [20/Sep/2024:18:34:18 +0200] "GET /taxonomy/term/1?page=187 HTTP/1.1" 200 - "-" "Mozilla/5.0 (compatible; BLEXBot/1.0; +http://webmeup-crawler.com/)"
135.181.3.228 - - [20/Sep/2024:18:35:50 +0200] "GET /taxonomy/term/1?page=188 HTTP/1.1" 200 - "-" "Mozilla/5.0 (compatible; BLEXBot/1.0; +http://webmeup-crawler.com/)"
135.181.3.228 - - [20/Sep/2024:18:37:15 +0200] "GET /taxonomy/term/1?page=189 HTTP/1.1" 200 - "-" "Mozilla/5.0 (compatible; BLEXBot/1.0; +http://webmeup-crawler.com/)"
135.181.3.228 - - [20/Sep/2024:18:38:40 +0200] "GET /taxonomy/term/1?page=19 HTTP/1.1" 200 - "-" "Mozilla/5.0 (compatible; BLEXBot/1.0; +http://webmeup-crawler.com/)"
135.181.3.228 - - [20/Sep/2024:18:40:05 +0200] "GET /taxonomy/term/1?page=19 HTTP/1.1" 200 - "-" "Mozilla/5.0 (compatible; BLEXBot/1.0; +http://webmeup-crawler.com/)"
135.181.3.228 - - [20/Sep/2024:18:41:29 +0200] "GET /taxonomy/term/1?page=190 HTTP/1.1" 200 - "-" "Mozilla/5.0 (compatible; BLEXBot/1.0; +http://webmeup-crawler.com/)"
135.181.3.228 - - [20/Sep/2024:18:42:54 +0200] "GET /taxonomy/term/1?page=191 HTTP/1.1" 200 - "-" "Mozilla/5.0 (compatible; BLEXBot/1.0; +http://webmeup-crawler.com/)"
135.181.3.228 - - [20/Sep/2024:18:44:19 +0200] "GET /taxonomy/term/1?page=192 HTTP/1.1" 200 - "-" "Mozilla/5.0 (compatible; BLEXBot/1.0; +http://webmeup-crawler.com/)"
66.249.75.167 - - [20/Sep/2024:18:44:50 +0200] "GET / HTTP/1.1" 200 - "-" "Mozilla/5.0 (compatible; Googlebot/2.1; +http://www.google.com/bot.html)"
157.181.133.169 - - [20/Sep/2024:18:45:16 +0200] "GET /favicon.ico HTTP/1.1" 404 57 "http://www.jogalkotas.hu/files/tk19.pdf" "Mozilla/5.0 (Windows NT 10.0; Win64; x64; rv:130.0) Gecko/20100101 Firefox/130.0"
157.181.133.169 - - [20/Sep/2024:18:45:16 +0200] "GET /files/tk19.pdf HTTP/1.1" 200 194017 "https://www.google.com/" "Mozilla/5.0 (Windows NT 10.0; Win64; x64; rv:130.0) Gecko/20100101 Firefox/130.0"
66.249.75.167 - - [20/Sep/2024:18:45:22 +0200] "GET / HTTP/1.1" 200 - "-" "Mozilla/5.0 (Linux; Android 6.0.1; Nexus 5X Build/MMB29P) AppleWebKit/537.36 (KHTML, like Gecko) Chrome/99.0.4844.84 Mobile Safari/537.36 (compatible; Googlebot/2.1; +http://www.google.com/bot.html)"
135.181.3.228 - - [20/Sep/2024:18:45:53 +0200] "GET /taxonomy/term/1?page=193 HTTP/1.1" 200 - "-" "Mozilla/5.0 (compatible; BLEXBot/1.0; +http://webmeup-crawler.com/)"
66.249.75.167 - - [20/Sep/2024:18:45:54 +0200] "GET / HTTP/1.1" 200 - "-" "Mozilla/5.0 (compatible; Googlebot/2.1; +http://www.google.com/bot.html)"
66.249.75.166 - - [20/Sep/2024:18:46:26 +0200] "GET / HTTP/1.1" 200 - "-" "Mozilla/5.0 (Linux; Android 6.0.1; Nexus 5X Build/MMB29P) AppleWebKit/537.36 (KHTML, like Gecko) Chrome/128.0.6613.137 Mobile Safari/537.36 (compatible; Googlebot/2.1; +http://www.google.com/bot.html)"
135.181.3.228 - - [20/Sep/2024:18:47:25 +0200] "GET /taxonomy/term/1?page=194 HTTP/1.1" 200 - "-" "Mozilla/5.0 (compatible; BLEXBot/1.0; +http://webmeup-crawler.com/)"
135.181.3.228 - - [20/Sep/2024:18:48:58 +0200] "GET /taxonomy/term/1?page=195 HTTP/1.1" 200 - "-" "Mozilla/5.0 (compatible; BLEXBot/1.0; +http://webmeup-crawler.com/)"
135.181.3.228 - - [20/Sep/2024:18:50:30 +0200] "GET /taxonomy/term/1?page=196 HTTP/1.1" 200 - "-" "Mozilla/5.0 (compatible; BLEXBot/1.0; +http://webmeup-crawler.com/)"
135.181.3.228 - - [20/Sep/2024:18:52:03 +0200] "GET /taxonomy/term/1?page=197 HTTP/1.1" 200 - "-" "Mozilla/5.0 (compatible; BLEXBot/1.0; +http://webmeup-crawler.com/)"
66.249.75.168 - - [20/Sep/2024:18:52:27 +0200] "GET /files/Nemzetkozi_szerzodesekkel_kapcsolatos_eljarasrol_szolo_2005.evi_L.torveny_modositasarol.pdf HTTP/1.1" 304 - "-" "Mozilla/5.0 (Linux; Android 6.0.1; Nexus 5X Build/MMB29P) AppleWebKit/537.36 (KHTML, like Gecko) Chrome/128.0.6613.137 Mobile Safari/537.36 (compatible; Googlebot/2.1; +http://www.google.com/bot.html)"
135.181.3.228 - - [20/Sep/2024:18:53:28 +0200] "GET /taxonomy/term/1?page=198 HTTP/1.1" 200 - "-" "Mozilla/5.0 (compatible; BLEXBot/1.0; +http://webmeup-crawler.com/)"
135.181.3.228 - - [20/Sep/2024:18:54:53 +0200] "GET /taxonomy/term/1?page=199 HTTP/1.1" 200 - "-" "Mozilla/5.0 (compatible; BLEXBot/1.0; +http://webmeup-crawler.com/)"
135.181.3.228 - - [20/Sep/2024:18:56:18 +0200] "GET /taxonomy/term/1?page=2 HTTP/1.1" 200 - "-" "Mozilla/5.0 (compatible; BLEXBot/1.0; +http://webmeup-crawler.com/)"
135.181.3.228 - - [20/Sep/2024:18:57:43 +0200] "GET /taxonomy/term/1?page=2 HTTP/1.1" 200 - "-" "Mozilla/5.0 (compatible; BLEXBot/1.0; +http://webmeup-crawler.com/)"
176.77.150.166 - - [20/Sep/2024:18:58:27 +0200] "GET /files/ptk.csaladjog_0.pdf HTTP/1.1" 200 429444 "https://www.google.hu/" "Mozilla/5.0 (iPhone; CPU iPhone OS 16_5_1 like Mac OS X) AppleWebKit/605.1.15 (KHTML, like Gecko) Version/16.5.1 Mobile/15E148 Safari/604.1"
176.77.150.166 - - [20/Sep/2024:18:58:27 +0200] "GET /favicon.ico HTTP/1.1" 404 57 "http://jogalkotas.hu/files/ptk.csaladjog_0.pdf" "Mozilla/5.0 (iPhone; CPU iPhone OS 16_5_1 like Mac OS X) AppleWebKit/605.1.15 (KHTML, like Gecko) Version/16.5.1 Mobile/15E148 Safari/604.1"
176.77.150.166 - - [20/Sep/2024:18:58:35 +0200] "GET /favicon.ico HTTP/1.1" 404 57 "-" "com.apple.WebKit.Networking/8615.2.9.10.4 CFNetwork/1408.0.4 Darwin/22.5.0"
176.77.150.166 - - [20/Sep/2024:18:59:06 +0200] "GET /apple-touch-icon.png HTTP/1.1" 200 - "-" "com.apple.WebKit.Networking/8615.2.9.10.4 CFNetwork/1408.0.4 Darwin/22.5.0"
176.77.150.166 - - [20/Sep/2024:18:59:06 +0200] "GET /apple-touch-icon-precomposed.png HTTP/1.1" 200 - "-" "com.apple.WebKit.Networking/8615.2.9.10.4 CFNetwork/1408.0.4 Darwin/22.5.0"
135.181.3.228 - - [20/Sep/2024:18:59:08 +0200] "GET /taxonomy/term/1?page=20 HTTP/1.1" 200 - "-" "Mozilla/5.0 (compatible; BLEXBot/1.0; +http://webmeup-crawler.com/)"
135.181.3.228 - - [20/Sep/2024:19:00:34 +0200] "GET /taxonomy/term/1?page=20 HTTP/1.1" 200 - "-" "Mozilla/5.0 (compatible; BLEXBot/1.0; +http://webmeup-crawler.com/)"
135.181.3.228 - - [20/Sep/2024:19:01:59 +0200] "GET /taxonomy/term/1?page=200 HTTP/1.1" 200 - "-" "Mozilla/5.0 (compatible; BLEXBot/1.0; +http://webmeup-crawler.com/)"
135.181.3.228 - - [20/Sep/2024:19:03:27 +0200] "GET /taxonomy/term/1?page=201 HTTP/1.1" 200 - "-" "Mozilla/5.0 (compatible; BLEXBot/1.0; +http://webmeup-crawler.com/)"
135.181.3.228 - - [20/Sep/2024:19:04:53 +0200] "GET /taxonomy/term/1?page=202 HTTP/1.1" 200 - "-" "Mozilla/5.0 (compatible; BLEXBot/1.0; +http://webmeup-crawler.com/)"
135.181.3.228 - - [20/Sep/2024:19:06:18 +0200] "GET /taxonomy/term/1?page=203 HTTP/1.1" 200 - "-" "Mozilla/5.0 (compatible; BLEXBot/1.0; +http://webmeup-crawler.com/)"
135.181.3.228 - - [20/Sep/2024:19:07:43 +0200] "GET /taxonomy/term/1?page=204 HTTP/1.1" 200 - "-" "Mozilla/5.0 (compatible; BLEXBot/1.0; +http://webmeup-crawler.com/)"
135.181.3.228 - - [20/Sep/2024:19:09:08 +0200] "GET /taxonomy/term/1?page=205 HTTP/1.1" 200 - "-" "Mozilla/5.0 (compatible; BLEXBot/1.0; +http://webmeup-crawler.com/)"
135.181.3.228 - - [20/Sep/2024:19:10:33 +0200] "GET /taxonomy/term/1?page=206 HTTP/1.1" 200 - "-" "Mozilla/5.0 (compatible; BLEXBot/1.0; +http://webmeup-crawler.com/)"
66.249.75.168 - - [20/Sep/2024:19:11:19 +0200] "GET /files/ins_terv_090508.pdf HTTP/1.1" 304 - "-" "Mozilla/5.0 (Linux; Android 6.0.1; Nexus 5X Build/MMB29P) AppleWebKit/537.36 (KHTML, like Gecko) Chrome/128.0.6613.137 Mobile Safari/537.36 (compatible; Googlebot/2.1; +http://www.google.com/bot.html)"
135.181.3.228 - - [20/Sep/2024:19:11:58 +0200] "GET /taxonomy/term/1?page=207 HTTP/1.1" 200 - "-" "Mozilla/5.0 (compatible; BLEXBot/1.0; +http://webmeup-crawler.com/)"
135.181.3.228 - - [20/Sep/2024:19:13:23 +0200] "GET /taxonomy/term/1?page=208 HTTP/1.1" 200 - "-" "Mozilla/5.0 (compatible; BLEXBot/1.0; +http://webmeup-crawler.com/)"
135.181.3.228 - - [20/Sep/2024:19:14:49 +0200] "GET /taxonomy/term/1?page=209 HTTP/1.1" 200 - "-" "Mozilla/5.0 (compatible; BLEXBot/1.0; +http://webmeup-crawler.com/)"
135.181.3.228 - - [20/Sep/2024:19:16:14 +0200] "GET /taxonomy/term/1?page=21 HTTP/1.1" 200 - "-" "Mozilla/5.0 (compatible; BLEXBot/1.0; +http://webmeup-crawler.com/)"
135.181.3.228 - - [20/Sep/2024:19:17:40 +0200] "GET /taxonomy/term/1?page=210 HTTP/1.1" 200 - "-" "Mozilla/5.0 (compatible; BLEXBot/1.0; +http://webmeup-crawler.com/)"
135.181.3.228 - - [20/Sep/2024:19:19:05 +0200] "GET /taxonomy/term/1?page=211 HTTP/1.1" 200 - "-" "Mozilla/5.0 (compatible; BLEXBot/1.0; +http://webmeup-crawler.com/)"
135.181.3.228 - - [20/Sep/2024:19:20:31 +0200] "GET /taxonomy/term/1?page=211 HTTP/1.1" 200 - "-" "Mozilla/5.0 (compatible; BLEXBot/1.0; +http://webmeup-crawler.com/)"
66.249.75.167 - - [20/Sep/2024:19:21:24 +0200] "GET /files/591.pdf HTTP/1.1" 200 194232 "-" "Mozilla/5.0 (Linux; Android 6.0.1; Nexus 5X Build/MMB29P) AppleWebKit/537.36 (KHTML, like Gecko) Chrome/128.0.6613.137 Mobile Safari/537.36 (compatible; Googlebot/2.1; +http://www.google.com/bot.html)"
135.181.3.228 - - [20/Sep/2024:19:21:56 +0200] "GET /taxonomy/term/1?page=212 HTTP/1.1" 200 - "-" "Mozilla/5.0 (compatible; BLEXBot/1.0; +http://webmeup-crawler.com/)"
135.181.3.228 - - [20/Sep/2024:19:23:22 +0200] "GET /taxonomy/term/1?page=212 HTTP/1.1" 200 - "-" "Mozilla/5.0 (compatible; BLEXBot/1.0; +http://webmeup-crawler.com/)"
135.181.3.228 - - [20/Sep/2024:19:24:47 +0200] "GET /taxonomy/term/1?page=213 HTTP/1.1" 200 - "-" "Mozilla/5.0 (compatible; BLEXBot/1.0; +http://webmeup-crawler.com/)"
135.181.3.228 - - [20/Sep/2024:19:26:13 +0200] "GET /taxonomy/term/1?page=213 HTTP/1.1" 200 - "-" "Mozilla/5.0 (compatible; BLEXBot/1.0; +http://webmeup-crawler.com/)"
135.181.3.228 - - [20/Sep/2024:19:27:38 +0200] "GET /taxonomy/term/1?page=214 HTTP/1.1" 200 - "-" "Mozilla/5.0 (compatible; BLEXBot/1.0; +http://webmeup-crawler.com/)"
135.181.3.228 - - [20/Sep/2024:19:29:04 +0200] "GET /taxonomy/term/1?page=214 HTTP/1.1" 200 - "-" "Mozilla/5.0 (compatible; BLEXBot/1.0; +http://webmeup-crawler.com/)"
135.181.3.228 - - [20/Sep/2024:19:30:29 +0200] "GET /taxonomy/term/1?page=215 HTTP/1.1" 200 - "-" "Mozilla/5.0 (compatible; BLEXBot/1.0; +http://webmeup-crawler.com/)"
135.181.3.228 - - [20/Sep/2024:19:31:55 +0200] "GET /taxonomy/term/1?page=215 HTTP/1.1" 200 - "-" "Mozilla/5.0 (compatible; BLEXBot/1.0; +http://webmeup-crawler.com/)"
135.181.3.228 - - [20/Sep/2024:19:33:20 +0200] "GET /taxonomy/term/1?page=216 HTTP/1.1" 200 - "-" "Mozilla/5.0 (compatible; BLEXBot/1.0; +http://webmeup-crawler.com/)"
135.181.3.228 - - [20/Sep/2024:19:34:46 +0200] "GET /taxonomy/term/1?page=216 HTTP/1.1" 200 - "-" "Mozilla/5.0 (compatible; BLEXBot/1.0; +http://webmeup-crawler.com/)"
135.181.3.228 - - [20/Sep/2024:19:36:11 +0200] "GET /taxonomy/term/1?page=217 HTTP/1.1" 200 - "-" "Mozilla/5.0 (compatible; BLEXBot/1.0; +http://webmeup-crawler.com/)"
135.181.3.228 - - [20/Sep/2024:19:37:36 +0200] "GET /taxonomy/term/1?page=217 HTTP/1.1" 200 - "-" "Mozilla/5.0 (compatible; BLEXBot/1.0; +http://webmeup-crawler.com/)"
66.249.69.193 - - [20/Sep/2024:19:37:54 +0200] "GET /drupal/files/ekozig2010strategia_0604.pdf HTTP/1.1" 200 - "-" "Googlebot/2.1 (+http://www.google.com/bot.html)"
135.181.3.228 - - [20/Sep/2024:19:39:02 +0200] "GET /taxonomy/term/1?page=218 HTTP/1.1" 200 - "-" "Mozilla/5.0 (compatible; BLEXBot/1.0; +http://webmeup-crawler.com/)"
135.181.3.228 - - [20/Sep/2024:19:40:29 +0200] "GET /taxonomy/term/1?page=218 HTTP/1.1" 200 - "-" "Mozilla/5.0 (compatible; BLEXBot/1.0; +http://webmeup-crawler.com/)"
135.181.3.228 - - [20/Sep/2024:19:41:54 +0200] "GET /taxonomy/term/1?page=219 HTTP/1.1" 200 - "-" "Mozilla/5.0 (compatible; BLEXBot/1.0; +http://webmeup-crawler.com/)"
135.181.3.228 - - [20/Sep/2024:19:43:20 +0200] "GET /taxonomy/term/1?page=219 HTTP/1.1" 200 - "-" "Mozilla/5.0 (compatible; BLEXBot/1.0; +http://webmeup-crawler.com/)"
135.181.3.228 - - [20/Sep/2024:19:44:46 +0200] "GET /taxonomy/term/1?page=22 HTTP/1.1" 200 - "-" "Mozilla/5.0 (compatible; BLEXBot/1.0; +http://webmeup-crawler.com/)"
135.181.3.228 - - [20/Sep/2024:19:46:12 +0200] "GET /taxonomy/term/1?page=220 HTTP/1.1" 200 - "-" "Mozilla/5.0 (compatible; BLEXBot/1.0; +http://webmeup-crawler.com/)"
135.181.3.228 - - [20/Sep/2024:19:47:37 +0200] "GET /taxonomy/term/1?page=220 HTTP/1.1" 200 - "-" "Mozilla/5.0 (compatible; BLEXBot/1.0; +http://webmeup-crawler.com/)"
135.181.3.228 - - [20/Sep/2024:19:49:03 +0200] "GET /taxonomy/term/1?page=221 HTTP/1.1" 200 - "-" "Mozilla/5.0 (compatible; BLEXBot/1.0; +http://webmeup-crawler.com/)"
135.181.3.228 - - [20/Sep/2024:19:50:29 +0200] "GET /taxonomy/term/1?page=221 HTTP/1.1" 200 - "-" "Mozilla/5.0 (compatible; BLEXBot/1.0; +http://webmeup-crawler.com/)"
198.235.24.28 - - [20/Sep/2024:19:51:53 +0200] "GET / HTTP/1.1" 200 - "-" "-"
135.181.3.228 - - [20/Sep/2024:19:51:55 +0200] "GET /taxonomy/term/1?page=222 HTTP/1.1" 200 - "-" "Mozilla/5.0 (compatible; BLEXBot/1.0; +http://webmeup-crawler.com/)"
135.181.3.228 - - [20/Sep/2024:19:53:20 +0200] "GET /taxonomy/term/1?page=222 HTTP/1.1" 200 - "-" "Mozilla/5.0 (compatible; BLEXBot/1.0; +http://webmeup-crawler.com/)"
85.66.203.95 - - [20/Sep/2024:19:53:27 +0200] "GET /files/piro_korm_r_mod-terv_090928.doc HTTP/1.1" 200 67783 "https://www.google.com/" "Mozilla/5.0 (Windows NT 10.0; Win64; x64) AppleWebKit/537.36 (KHTML, like Gecko) Chrome/128.0.0.0 Safari/537.36"
85.66.203.95 - - [20/Sep/2024:19:53:32 +0200] "GET /files/piro_korm_r_mod-terv_090928.doc HTTP/1.1" 206 1 "https://www.google.com/" "Mozilla/5.0 (Windows NT 10.0; Win64; x64) AppleWebKit/537.36 (KHTML, like Gecko) Chrome/128.0.0.0 Safari/537.36"
85.66.203.95 - - [20/Sep/2024:19:53:32 +0200] "GET /files/piro_korm_r_mod-terv_090928.doc HTTP/1.1" 206 67728 "https://www.google.com/" "Mozilla/5.0 (Windows NT 10.0; Win64; x64) AppleWebKit/537.36 (KHTML, like Gecko) Chrome/128.0.0.0 Safari/537.36"
