95.163.255.197 - - [03/Sep/2024:11:30:28 +0200] "GET /files/keklampa.doc HTTP/1.1" 200 170496 "-" "Mozilla/5.0 (compatible; Linux x86_64; Mail.RU_Bot/2.0; +https://help.mail.ru/webmaster/indexing/robots)"
216.244.66.200 - - [03/Sep/2024:11:34:47 +0200] "GET /robots.txt HTTP/1.1" 200 1590 "-" "Mozilla/5.0 (compatible; DotBot/1.2; +https://opensiteexplorer.org/dotbot; help@moz.com)"
207.46.13.127 - - [03/Sep/2024:11:35:02 +0200] "GET /files/e_beszamolo_rendelet-tervezet_03.12..doc HTTP/1.1" 200 75776 "-" "Mozilla/5.0 AppleWebKit/537.36 (KHTML, like Gecko; compatible; bingbot/2.0; +http://www.bing.com/bingbot.htm) Chrome/116.0.1938.76 Safari/537.36"
66.249.64.224 - - [03/Sep/2024:11:38:46 +0200] "GET /files/KHEM_1424_5normaszoveg.doc HTTP/1.1" 200 365056 "-" "Mozilla/5.0 (Linux; Android 6.0.1; Nexus 5X Build/MMB29P) AppleWebKit/537.36 (KHTML, like Gecko) Chrome/128.0.6613.113 Mobile Safari/537.36 (compatible; Googlebot/2.1; +http://www.google.com/bot.html)"
66.220.149.40 - - [03/Sep/2024:11:39:21 +0200] "GET /files/dijrendelet_kozig.doc HTTP/1.1" 200 60928 "-" "meta-externalagent/1.1 (+https://developers.facebook.com/docs/sharing/webmasters/crawler)"
216.244.66.200 - - [03/Sep/2024:11:58:13 +0200] "GET /taxonomy/term/72/0/feed HTTP/1.1" 200 - "-" "Mozilla/5.0 (compatible; DotBot/1.2; +https://opensiteexplorer.org/dotbot; help@moz.com)"
66.249.64.225 - - [03/Sep/2024:11:58:47 +0200] "GET /files/hadkotelesek_hm_eum_rendelet_tervezet_melleklet.pdf HTTP/1.1" 304 - "-" "Mozilla/5.0 (Linux; Android 6.0.1; Nexus 5X Build/MMB29P) AppleWebKit/537.36 (KHTML, like Gecko) Chrome/128.0.6613.113 Mobile Safari/537.36 (compatible; Googlebot/2.1; +http://www.google.com/bot.html)"
54.193.20.97 - - [03/Sep/2024:12:17:50 +0200] "GET / HTTP/1.1" 200 - "-" "bitdiscovery-suggestions"
207.46.13.78 - - [03/Sep/2024:12:20:18 +0200] "GET /files/a_jogalkotasrol_szolo_2010_evi_torveny.pdf HTTP/1.1" 200 397683 "-" "Mozilla/5.0 AppleWebKit/537.36 (KHTML, like Gecko; compatible; bingbot/2.0; +http://www.bing.com/bingbot.htm) Chrome/116.0.1938.76 Safari/537.36"
185.214.196.46 - - [03/Sep/2024:12:20:35 +0200] "GET /files/birosagiui.doc HTTP/1.1" 200 210432 "-" "Mozilla/5.0 AppleWebKit/537.36 (KHTML, like Gecko; compatible; PerplexityBot/1.0; +https://docs.perplexity.ai/docs/perplexity-bot)"
66.249.64.234 - - [03/Sep/2024:12:43:46 +0200] "GET /files/Tuzszolszab..pdf HTTP/1.1" 304 - "-" "Mozilla/5.0 (Linux; Android 6.0.1; Nexus 5X Build/MMB29P) AppleWebKit/537.36 (KHTML, like Gecko) Chrome/128.0.6613.113 Mobile Safari/537.36 (compatible; Googlebot/2.1; +http://www.google.com/bot.html)"
66.249.70.35 - - [03/Sep/2024:13:07:51 +0200] "GET /files/rendelet_veszettseg_velemenyezesre.pdf HTTP/1.1" 200 189850 "-" "Googlebot/2.1 (+http://www.google.com/bot.html)"
95.163.255.172 - - [03/Sep/2024:13:09:32 +0200] "GET /robots.txt HTTP/1.0" 200 1590 "-" "Mozilla/5.0 (compatible; Linux x86_64; Mail.RU_Bot/2.0; +https://help.mail.ru/webmaster/indexing/robots)"
95.163.255.194 - - [03/Sep/2024:13:09:38 +0200] "GET /files/keklampa.doc HTTP/1.1" 200 170496 "-" "Mozilla/5.0 (compatible; Linux x86_64; Mail.RU_Bot/2.0; +https://help.mail.ru/webmaster/indexing/robots)"
95.163.255.196 - - [03/Sep/2024:13:12:50 +0200] "GET /files/22-1996-mod-kozigre.pdf HTTP/1.1" 200 966507 "-" "Mozilla/5.0 (compatible; Linux x86_64; Mail.RU_Bot/2.0; +https://help.mail.ru/webmaster/indexing/robots)"
95.163.255.186 - - [03/Sep/2024:13:15:12 +0200] "GET /robots.txt HTTP/1.0" 200 1590 "-" "Mozilla/5.0 (compatible; Linux x86_64; Mail.RU_Bot/2.0; +https://help.mail.ru/webmaster/indexing/robots)"
95.163.255.157 - - [03/Sep/2024:13:15:14 +0200] "GET /files/14_4.pdf HTTP/1.1" 304 - "-" "Mozilla/5.0 (compatible; Linux x86_64; Mail.RU_Bot/2.0; +https://help.mail.ru/webmaster/indexing/robots)"
66.249.64.224 - - [03/Sep/2024:13:25:03 +0200] "GET /files/3_mell_FAVI_ENG__ves.doc HTTP/1.1" 304 - "-" "Mozilla/5.0 (Linux; Android 6.0.1; Nexus 5X Build/MMB29P) AppleWebKit/537.36 (KHTML, like Gecko) Chrome/128.0.6613.113 Mobile Safari/537.36 (compatible; Googlebot/2.1; +http://www.google.com/bot.html)"
66.249.70.33 - - [03/Sep/2024:13:34:35 +0200] "GET /files/ptk._eloszo_0.pdf HTTP/1.1" 200 28286 "-" "Googlebot/2.1 (+http://www.google.com/bot.html)"
66.249.70.35 - - [03/Sep/2024:13:41:22 +0200] "GET /files/jogugyletek.doc HTTP/1.1" 304 - "-" "Mozilla/5.0 (Linux; Android 6.0.1; Nexus 5X Build/MMB29P) AppleWebKit/537.36 (KHTML, like Gecko) Chrome/128.0.6613.113 Mobile Safari/537.36 (compatible; Googlebot/2.1; +http://www.google.com/bot.html)"
66.249.70.33 - - [03/Sep/2024:13:46:31 +0200] "GET /files/muemlek_terv_081124.pdf HTTP/1.1" 304 - "-" "Mozilla/5.0 (Linux; Android 6.0.1; Nexus 5X Build/MMB29P) AppleWebKit/537.36 (KHTML, like Gecko) Chrome/128.0.6613.113 Mobile Safari/537.36 (compatible; Googlebot/2.1; +http://www.google.com/bot.html)"
66.249.70.33 - - [03/Sep/2024:14:08:27 +0200] "GET / HTTP/1.1" 200 - "-" "Mozilla/5.0 (compatible; Googlebot/2.1; +http://www.google.com/bot.html)"
66.249.70.34 - - [03/Sep/2024:14:08:59 +0200] "GET / HTTP/1.1" 200 - "-" "Mozilla/5.0 (Linux; Android 6.0.1; Nexus 5X Build/MMB29P) AppleWebKit/537.36 (KHTML, like Gecko) Chrome/99.0.4844.84 Mobile Safari/537.36 (compatible; Googlebot/2.1; +http://www.google.com/bot.html)"
66.249.66.87 - - [03/Sep/2024:14:09:00 +0200] "GET / HTTP/1.1" 200 - "-" "Mozilla/5.0 (compatible; Googlebot/2.1; +http://www.google.com/bot.html)"
66.249.66.85 - - [03/Sep/2024:14:09:32 +0200] "GET / HTTP/1.1" 200 - "-" "Mozilla/5.0 (Linux; Android 6.0.1; Nexus 5X Build/MMB29P) AppleWebKit/537.36 (KHTML, like Gecko) Chrome/128.0.6613.113 Mobile Safari/537.36 (compatible; Googlebot/2.1; +http://www.google.com/bot.html)"
216.244.66.200 - - [03/Sep/2024:14:13:31 +0200] "GET /robots.txt HTTP/1.1" 200 1590 "-" "Mozilla/5.0 (compatible; DotBot/1.2; +https://opensiteexplorer.org/dotbot; help@moz.com)"
114.119.143.174 - - [03/Sep/2024:14:29:38 +0200] "GET /robots.txt HTTP/1.1" 200 1590 "-" "Mozilla/5.0 (compatible;PetalBot;+https://webmaster.petalsearch.com/site/petalbot)"
95.163.255.193 - - [03/Sep/2024:14:37:35 +0200] "GET /robots.txt HTTP/1.0" 200 1590 "-" "Mozilla/5.0 (compatible; Linux x86_64; Mail.RU_Bot/2.0; +https://help.mail.ru/webmaster/indexing/robots)"
95.163.255.176 - - [03/Sep/2024:14:37:37 +0200] "GET /files/ptk_kotelmi_jog.pdf HTTP/1.1" 200 706298 "-" "Mozilla/5.0 (compatible; Linux x86_64; Mail.RU_Bot/2.0; +https://help.mail.ru/webmaster/indexing/robots)"
66.249.66.87 - - [03/Sep/2024:14:55:02 +0200] "GET /files/mikrobi%201130.doc HTTP/1.1" 304 - "-" "Mozilla/5.0 (Linux; Android 6.0.1; Nexus 5X Build/MMB29P) AppleWebKit/537.36 (KHTML, like Gecko) Chrome/128.0.6613.113 Mobile Safari/537.36 (compatible; Googlebot/2.1; +http://www.google.com/bot.html)"
66.249.66.86 - - [03/Sep/2024:14:56:55 +0200] "GET /files/51995[1].pdf HTTP/1.1" 304 - "-" "Mozilla/5.0 (Linux; Android 6.0.1; Nexus 5X Build/MMB29P) AppleWebKit/537.36 (KHTML, like Gecko) Chrome/128.0.6613.113 Mobile Safari/537.36 (compatible; Googlebot/2.1; +http://www.google.com/bot.html)"
216.244.66.200 - - [03/Sep/2024:15:15:19 +0200] "GET /robots.txt HTTP/1.1" 200 1590 "-" "Mozilla/5.0 (compatible; DotBot/1.2; +https://opensiteexplorer.org/dotbot; help@moz.com)"
216.244.66.200 - - [03/Sep/2024:15:22:41 +0200] "GET /files/12006_okj_mod_060321_alligra.pdf HTTP/1.1" 200 113309 "-" "Mozilla/5.0 (compatible; DotBot/1.2; +https://opensiteexplorer.org/dotbot; help@moz.com)"
216.244.66.200 - - [03/Sep/2024:15:22:54 +0200] "GET /files/szakmai_indokolas.pdf HTTP/1.1" 200 58759 "-" "Mozilla/5.0 (compatible; DotBot/1.2; +https://opensiteexplorer.org/dotbot; help@moz.com)"
216.244.66.200 - - [03/Sep/2024:15:23:26 +0200] "GET /files/szakmapol_090910.pdf HTTP/1.1" 200 727939 "-" "Mozilla/5.0 (compatible; DotBot/1.2; +https://opensiteexplorer.org/dotbot; help@moz.com)"
66.249.66.87 - - [03/Sep/2024:15:25:33 +0200] "GET /files/epiteskivitelezes.pdf HTTP/1.1" 304 - "-" "Mozilla/5.0 (Linux; Android 6.0.1; Nexus 5X Build/MMB29P) AppleWebKit/537.36 (KHTML, like Gecko) Chrome/128.0.6613.113 Mobile Safari/537.36 (compatible; Googlebot/2.1; +http://www.google.com/bot.html)"
66.249.66.87 - - [03/Sep/2024:15:48:03 +0200] "GET /files/keklampa.doc HTTP/1.1" 304 - "-" "Mozilla/5.0 (Linux; Android 6.0.1; Nexus 5X Build/MMB29P) AppleWebKit/537.36 (KHTML, like Gecko) Chrome/128.0.6613.113 Mobile Safari/537.36 (compatible; Googlebot/2.1; +http://www.google.com/bot.html)"
3.101.230.157 - - [03/Sep/2024:15:50:32 +0200] "HEAD / HTTP/1.1" 200 - "-" "bitdiscovery"
3.101.230.157 - - [03/Sep/2024:15:50:53 +0200] "GET / HTTP/1.1" 200 - "-" "bitdiscovery"
66.249.66.4 - - [03/Sep/2024:15:58:35 +0200] "GET / HTTP/1.1" 200 - "-" "Mozilla/5.0 (Linux; Android 6.0.1; Nexus 5X Build/MMB29P) AppleWebKit/537.36 (KHTML, like Gecko) Chrome/99.0.4844.84 Mobile Safari/537.36 (compatible; Googlebot/2.1; +http://www.google.com/bot.html)"
66.249.66.5 - - [03/Sep/2024:15:59:07 +0200] "GET / HTTP/1.1" 200 - "-" "Mozilla/5.0 (compatible; Googlebot/2.1; +http://www.google.com/bot.html)"
66.249.66.4 - - [03/Sep/2024:15:59:39 +0200] "GET / HTTP/1.1" 200 - "-" "Mozilla/5.0 (Linux; Android 6.0.1; Nexus 5X Build/MMB29P) AppleWebKit/537.36 (KHTML, like Gecko) Chrome/128.0.6613.113 Mobile Safari/537.36 (compatible; Googlebot/2.1; +http://www.google.com/bot.html)"
66.249.66.4 - - [03/Sep/2024:16:00:11 +0200] "GET / HTTP/1.1" 200 - "-" "Mozilla/5.0 (compatible; Googlebot/2.1; +http://www.google.com/bot.html)"
54.67.45.97 - - [03/Sep/2024:16:00:29 +0200] "GET / HTTP/1.1" 200 - "-" "bitdiscovery-suggestions"
66.249.66.86 - - [03/Sep/2024:16:05:18 +0200] "GET /files/ekozig_strategia.pdf HTTP/1.1" 200 731185 "-" "Googlebot/2.1 (+http://www.google.com/bot.html)"
66.249.66.87 - - [03/Sep/2024:16:10:47 +0200] "GET /files/2009janaug.pdf HTTP/1.1" 200 81829 "-" "Mozilla/5.0 (Linux; Android 6.0.1; Nexus 5X Build/MMB29P) AppleWebKit/537.36 (KHTML, like Gecko) Chrome/128.0.6613.113 Mobile Safari/537.36 (compatible; Googlebot/2.1; +http://www.google.com/bot.html)"
216.244.66.200 - - [03/Sep/2024:16:11:34 +0200] "GET /robots.txt HTTP/1.1" 200 1590 "-" "Mozilla/5.0 (compatible; DotBot/1.2; +https://opensiteexplorer.org/dotbot; help@moz.com)"
216.244.66.200 - - [03/Sep/2024:16:11:34 +0200] "GET /robots.txt HTTP/1.1" 200 1590 "-" "Mozilla/5.0 (compatible; DotBot/1.2; +https://opensiteexplorer.org/dotbot; help@moz.com)"
66.249.66.86 - - [03/Sep/2024:16:14:47 +0200] "GET /files/buntetojogimodos-1.doc HTTP/1.1" 304 - "-" "Mozilla/5.0 (Linux; Android 6.0.1; Nexus 5X Build/MMB29P) AppleWebKit/537.36 (KHTML, like Gecko) Chrome/128.0.6613.113 Mobile Safari/537.36 (compatible; Googlebot/2.1; +http://www.google.com/bot.html)"
216.244.66.200 - - [03/Sep/2024:16:15:41 +0200] "GET /files/0413_tervezet_04.12..doc HTTP/1.1" 200 38400 "-" "Mozilla/5.0 (compatible; DotBot/1.2; +https://opensiteexplorer.org/dotbot; help@moz.com)"
216.244.66.200 - - [03/Sep/2024:16:16:24 +0200] "GET /files/A%20p%C3%83%C2%A9nz%C3%83%C2%BCgyminiszter.doc HTTP/1.1" 200 - "-" "Mozilla/5.0 (compatible; DotBot/1.2; +https://opensiteexplorer.org/dotbot; help@moz.com)"
216.244.66.200 - - [03/Sep/2024:16:16:35 +0200] "GET /files/felsooktatasi_felveteli_terezet.pdf HTTP/1.1" 200 132407 "-" "Mozilla/5.0 (compatible; DotBot/1.2; +https://opensiteexplorer.org/dotbot; help@moz.com)"
216.244.66.200 - - [03/Sep/2024:16:16:59 +0200] "GET /files/090727_jszt_radio.pdf HTTP/1.1" 200 152844 "-" "Mozilla/5.0 (compatible; DotBot/1.2; +https://opensiteexplorer.org/dotbot; help@moz.com)"
66.249.66.86 - - [03/Sep/2024:16:27:54 +0200] "GET /files/9369_8.pdf HTTP/1.1" 304 - "-" "Mozilla/5.0 (Linux; Android 6.0.1; Nexus 5X Build/MMB29P) AppleWebKit/537.36 (KHTML, like Gecko) Chrome/128.0.6613.113 Mobile Safari/537.36 (compatible; Googlebot/2.1; +http://www.google.com/bot.html)"
157.55.39.201 - - [03/Sep/2024:16:32:53 +0200] "GET /files/ertvelot.doc HTTP/1.1" 200 320000 "-" "Mozilla/5.0 AppleWebKit/537.36 (KHTML, like Gecko; compatible; bingbot/2.0; +http://www.bing.com/bingbot.htm) Chrome/116.0.1938.76 Safari/537.36"
216.244.66.200 - - [03/Sep/2024:16:37:32 +0200] "GET /taxonomy/term/29?page=1 HTTP/1.1" 200 - "-" "Mozilla/5.0 (compatible; DotBot/1.2; +https://opensiteexplorer.org/dotbot; help@moz.com)"
216.244.66.200 - - [03/Sep/2024:17:04:07 +0200] "GET /robots.txt HTTP/1.1" 200 1590 "-" "Mozilla/5.0 (compatible; DotBot/1.2; +https://opensiteexplorer.org/dotbot; help@moz.com)"
66.249.66.85 - - [03/Sep/2024:17:05:48 +0200] "GET /files/IRM_munkaterv_2007.I.f%C3%A9l%C3%A9v.doc HTTP/1.1" 304 - "-" "Mozilla/5.0 (Linux; Android 6.0.1; Nexus 5X Build/MMB29P) AppleWebKit/537.36 (KHTML, like Gecko) Chrome/128.0.6613.113 Mobile Safari/537.36 (compatible; Googlebot/2.1; +http://www.google.com/bot.html)"
216.244.66.200 - - [03/Sep/2024:17:08:39 +0200] "GET /files/Bejelentes_egybefoglalt_tervezet_kozig.pdf HTTP/1.1" 200 220113 "-" "Mozilla/5.0 (compatible; DotBot/1.2; +https://opensiteexplorer.org/dotbot; help@moz.com)"
216.244.66.200 - - [03/Sep/2024:17:09:01 +0200] "GET /files/erdoterv_rendelet_velemenyezesre.pdf HTTP/1.1" 200 474072 "-" "Mozilla/5.0 (compatible; DotBot/1.2; +https://opensiteexplorer.org/dotbot; help@moz.com)"
216.244.66.200 - - [03/Sep/2024:17:09:46 +0200] "GET /files/ptk_oroklesi_jog.pdf HTTP/1.1" 200 260717 "-" "Mozilla/5.0 (compatible; DotBot/1.2; +https://opensiteexplorer.org/dotbot; help@moz.com)"
40.77.167.15 - - [03/Sep/2024:17:16:43 +0200] "GET /files/1214_2_mell.xls HTTP/1.1" 200 29696 "-" "Mozilla/5.0 AppleWebKit/537.36 (KHTML, like Gecko; compatible; bingbot/2.0; +http://www.bing.com/bingbot.htm) Chrome/116.0.1938.76 Safari/537.36"
216.244.66.200 - - [03/Sep/2024:17:19:41 +0200] "GET /node/16 HTTP/1.1" 200 - "-" "Mozilla/5.0 (compatible; DotBot/1.2; +https://opensiteexplorer.org/dotbot; help@moz.com)"
54.154.249.33 - - [03/Sep/2024:17:41:11 +0200] "GET / HTTP/1.0" 200 - "-" "Mozilla/5.0 (compatible; NetcraftSurveyAgent/1.0; +info@netcraft.com)"
216.244.66.200 - - [03/Sep/2024:17:56:09 +0200] "GET /robots.txt HTTP/1.1" 200 1590 "-" "Mozilla/5.0 (compatible; DotBot/1.2; +https://opensiteexplorer.org/dotbot; help@moz.com)"
216.244.66.200 - - [03/Sep/2024:18:00:57 +0200] "GET /files/Kormanyrendelet_Jegyzokonyv.pdf HTTP/1.1" 200 115060 "-" "Mozilla/5.0 (compatible; DotBot/1.2; +https://opensiteexplorer.org/dotbot; help@moz.com)"
216.244.66.200 - - [03/Sep/2024:18:01:10 +0200] "GET /files/TK83.doc HTTP/1.1" 200 79872 "-" "Mozilla/5.0 (compatible; DotBot/1.2; +https://opensiteexplorer.org/dotbot; help@moz.com)"
216.244.66.200 - - [03/Sep/2024:18:01:24 +0200] "GET /files/eg_birsag_Korm_rend_terv_100208.doc HTTP/1.1" 200 42496 "-" "Mozilla/5.0 (compatible; DotBot/1.2; +https://opensiteexplorer.org/dotbot; help@moz.com)"
216.244.66.200 - - [03/Sep/2024:18:01:39 +0200] "GET /files/karteritesi_felelosseg.pdf HTTP/1.1" 200 332243 "-" "Mozilla/5.0 (compatible; DotBot/1.2; +https://opensiteexplorer.org/dotbot; help@moz.com)"
216.244.66.200 - - [03/Sep/2024:18:02:20 +0200] "GET /files/sni_terv_091112.pdf HTTP/1.1" 200 503667 "-" "Mozilla/5.0 (compatible; DotBot/1.2; +https://opensiteexplorer.org/dotbot; help@moz.com)"
66.249.66.87 - - [03/Sep/2024:18:06:50 +0200] "GET /files/kjofmh-kormelo-kozig.doc HTTP/1.1" 304 - "-" "Mozilla/5.0 (Linux; Android 6.0.1; Nexus 5X Build/MMB29P) AppleWebKit/537.36 (KHTML, like Gecko) Chrome/128.0.6613.113 Mobile Safari/537.36 (compatible; Googlebot/2.1; +http://www.google.com/bot.html)"
207.46.13.14 - - [03/Sep/2024:18:34:30 +0200] "GET /files/piro_tervezet_0707_(honlapra).doc HTTP/1.1" 200 1562112 "-" "Mozilla/5.0 AppleWebKit/537.36 (KHTML, like Gecko; compatible; bingbot/2.0; +http://www.bing.com/bingbot.htm) Chrome/116.0.1938.76 Safari/537.36"
207.46.13.107 - - [03/Sep/2024:18:45:04 +0200] "GET /files/EA_eloterjesztes_Kozig.pdf HTTP/1.1" 200 383288 "-" "Mozilla/5.0 AppleWebKit/537.36 (KHTML, like Gecko; compatible; bingbot/2.0; +http://www.bing.com/bingbot.htm) Chrome/116.0.1938.76 Safari/537.36"
216.244.66.200 - - [03/Sep/2024:18:47:08 +0200] "GET /robots.txt HTTP/1.1" 200 1590 "-" "Mozilla/5.0 (compatible; DotBot/1.2; +https://opensiteexplorer.org/dotbot; help@moz.com)"
216.244.66.200 - - [03/Sep/2024:18:52:10 +0200] "GET /files/_4eg3fmujfdhqa4st0ctlmipb7g9pnl8bk0q5n983ddtjm2t50edgg_.pdf HTTP/1.1" 200 120136 "-" "Mozilla/5.0 (compatible; DotBot/1.2; +https://opensiteexplorer.org/dotbot; help@moz.com)"
217.65.125.204 - - [03/Sep/2024:18:53:11 +0200] "GET /files/mentes_gyogyszerrendeles_min_rend_terv_0909011.doc HTTP/1.1" 200 388096 "-" "Mozilla/5.0 (Linux; Android 10; K) AppleWebKit/537.36 (KHTML, like Gecko) SamsungBrowser/25.0 Chrome/121.0.0.0 Mobile Safari/537.36"
51.222.253.18 - - [03/Sep/2024:18:56:32 +0200] "GET /robots.txt HTTP/1.1" 200 1590 "-" "Mozilla/5.0 (compatible; AhrefsBot/7.0; +http://ahrefs.com/robot/)"
66.249.66.87 - - [03/Sep/2024:19:06:48 +0200] "GET /files/jogsegitseg.doc HTTP/1.1" 304 - "-" "Mozilla/5.0 (Linux; Android 6.0.1; Nexus 5X Build/MMB29P) AppleWebKit/537.36 (KHTML, like Gecko) Chrome/128.0.6613.113 Mobile Safari/537.36 (compatible; Googlebot/2.1; +http://www.google.com/bot.html)"
66.249.66.5 - - [03/Sep/2024:19:14:47 +0200] "GET /files/piro_korm_r_mod-terv_090928.doc HTTP/1.1" 304 - "-" "Mozilla/5.0 (Linux; Android 6.0.1; Nexus 5X Build/MMB29P) AppleWebKit/537.36 (KHTML, like Gecko) Chrome/128.0.6613.113 Mobile Safari/537.36 (compatible; Googlebot/2.1; +http://www.google.com/bot.html)"
216.244.66.200 - - [03/Sep/2024:19:39:16 +0200] "GET /robots.txt HTTP/1.1" 200 1590 "-" "Mozilla/5.0 (compatible; DotBot/1.2; +https://opensiteexplorer.org/dotbot; help@moz.com)"
216.244.66.200 - - [03/Sep/2024:19:43:28 +0200] "GET /files/13per1992_NM_rend_mod_100311.doc HTTP/1.1" 200 130048 "-" "Mozilla/5.0 (compatible; DotBot/1.2; +https://opensiteexplorer.org/dotbot; help@moz.com)"
114.119.139.148 - - [03/Sep/2024:19:59:19 +0200] "GET /robots.txt HTTP/1.1" 200 1590 "-" "Mozilla/5.0 (compatible;PetalBot;+https://webmaster.petalsearch.com/site/petalbot)"
66.249.66.87 - - [03/Sep/2024:20:14:47 +0200] "GET /files/dijrendelet_kozig.doc HTTP/1.1" 304 - "-" "Mozilla/5.0 (Linux; Android 6.0.1; Nexus 5X Build/MMB29P) AppleWebKit/537.36 (KHTML, like Gecko) Chrome/128.0.6613.113 Mobile Safari/537.36 (compatible; Googlebot/2.1; +http://www.google.com/bot.html)"
216.244.66.200 - - [03/Sep/2024:20:30:47 +0200] "GET /robots.txt HTTP/1.1" 200 1590 "-" "Mozilla/5.0 (compatible; DotBot/1.2; +https://opensiteexplorer.org/dotbot; help@moz.com)"
216.244.66.200 - - [03/Sep/2024:20:30:48 +0200] "GET /robots.txt HTTP/1.1" 200 1590 "-" "Mozilla/5.0 (compatible; DotBot/1.2; +https://opensiteexplorer.org/dotbot; help@moz.com)"
216.244.66.200 - - [03/Sep/2024:20:36:01 +0200] "GET /files/TK52-3.doc HTTP/1.1" 200 665600 "-" "Mozilla/5.0 (compatible; DotBot/1.2; +https://opensiteexplorer.org/dotbot; help@moz.com)"
216.244.66.200 - - [03/Sep/2024:20:36:34 +0200] "GET /files/tervezet_4_2008_mod.pdf HTTP/1.1" 200 118701 "-" "Mozilla/5.0 (compatible; DotBot/1.2; +https://opensiteexplorer.org/dotbot; help@moz.com)"
216.244.66.200 - - [03/Sep/2024:20:43:29 +0200] "GET /taxonomy/term/21?page=57 HTTP/1.1" 200 - "-" "Mozilla/5.0 (compatible; DotBot/1.2; +https://opensiteexplorer.org/dotbot; help@moz.com)"
216.244.66.200 - - [03/Sep/2024:20:44:10 +0200] "GET /node/2568 HTTP/1.1" 200 - "-" "Mozilla/5.0 (compatible; DotBot/1.2; +https://opensiteexplorer.org/dotbot; help@moz.com)"
216.244.66.200 - - [03/Sep/2024:20:45:00 +0200] "GET /taxonomy/term/21?page=79 HTTP/1.1" 200 - "-" "Mozilla/5.0 (compatible; DotBot/1.2; +https://opensiteexplorer.org/dotbot; help@moz.com)"
216.244.66.200 - - [03/Sep/2024:20:45:51 +0200] "GET /taxonomy/term/83 HTTP/1.1" 200 - "-" "Mozilla/5.0 (compatible; DotBot/1.2; +https://opensiteexplorer.org/dotbot; help@moz.com)"
216.244.66.200 - - [03/Sep/2024:20:46:41 +0200] "GET /node/1016 HTTP/1.1" 200 - "-" "Mozilla/5.0 (compatible; DotBot/1.2; +https://opensiteexplorer.org/dotbot; help@moz.com)"
216.244.66.200 - - [03/Sep/2024:20:47:31 +0200] "GET /node/1005 HTTP/1.1" 200 - "-" "Mozilla/5.0 (compatible; DotBot/1.2; +https://opensiteexplorer.org/dotbot; help@moz.com)"
216.244.66.200 - - [03/Sep/2024:20:48:22 +0200] "GET /node/1538 HTTP/1.1" 200 - "-" "Mozilla/5.0 (compatible; DotBot/1.2; +https://opensiteexplorer.org/dotbot; help@moz.com)"
216.244.66.200 - - [03/Sep/2024:20:51:52 +0200] "GET /taxonomy/term/21?page=83 HTTP/1.1" 200 - "-" "Mozilla/5.0 (compatible; DotBot/1.2; +https://opensiteexplorer.org/dotbot; help@moz.com)"
192.3.173.100 - - [03/Sep/2024:21:03:32 +0200] "GET /taxonomy/term/47/0/feed HTTP/1.1" 200 - "-" "-"
37.76.51.243 - - [03/Sep/2024:21:08:07 +0200] "GET /files/Tuzszolszab..pdf HTTP/1.1" 200 424954 "-" "Mozilla/5.0 (Linux; Android 10; K) AppleWebKit/537.36 (KHTML, like Gecko) Chrome/127.0.0.0 Mobile Safari/537.36"
216.244.66.200 - - [03/Sep/2024:21:20:47 +0200] "GET /robots.txt HTTP/1.1" 200 1590 "-" "Mozilla/5.0 (compatible; DotBot/1.2; +https://opensiteexplorer.org/dotbot; help@moz.com)"
216.244.66.200 - - [03/Sep/2024:21:20:50 +0200] "GET /robots.txt HTTP/1.1" 200 1590 "-" "Mozilla/5.0 (compatible; DotBot/1.2; +https://opensiteexplorer.org/dotbot; help@moz.com)"
216.244.66.200 - - [03/Sep/2024:21:24:38 +0200] "GET /files/vszerv_terv_100301.zip HTTP/1.1" 200 292099 "-" "Mozilla/5.0 (compatible; DotBot/1.2; +https://opensiteexplorer.org/dotbot; help@moz.com)"
216.244.66.200 - - [03/Sep/2024:21:25:34 +0200] "GET /taxonomy/term/29 HTTP/1.1" 200 - "-" "Mozilla/5.0 (compatible; DotBot/1.2; +https://opensiteexplorer.org/dotbot; help@moz.com)"
216.244.66.200 - - [03/Sep/2024:21:31:21 +0200] "GET /taxonomy/term/1?page=63 HTTP/1.1" 200 - "-" "Mozilla/5.0 (compatible; DotBot/1.2; +https://opensiteexplorer.org/dotbot; help@moz.com)"
216.244.66.200 - - [03/Sep/2024:21:32:09 +0200] "GET /node/1134 HTTP/1.1" 200 - "-" "Mozilla/5.0 (compatible; DotBot/1.2; +https://opensiteexplorer.org/dotbot; help@moz.com)"
216.244.66.200 - - [03/Sep/2024:21:32:59 +0200] "GET /node/1156 HTTP/1.1" 200 - "-" "Mozilla/5.0 (compatible; DotBot/1.2; +https://opensiteexplorer.org/dotbot; help@moz.com)"
216.244.66.200 - - [03/Sep/2024:21:33:49 +0200] "GET /node/1535 HTTP/1.1" 200 - "-" "Mozilla/5.0 (compatible; DotBot/1.2; +https://opensiteexplorer.org/dotbot; help@moz.com)"
216.244.66.200 - - [03/Sep/2024:21:34:39 +0200] "GET /node/1842 HTTP/1.1" 200 - "-" "Mozilla/5.0 (compatible; DotBot/1.2; +https://opensiteexplorer.org/dotbot; help@moz.com)"
216.244.66.200 - - [03/Sep/2024:21:35:30 +0200] "GET /node/1032 HTTP/1.1" 200 - "-" "Mozilla/5.0 (compatible; DotBot/1.2; +https://opensiteexplorer.org/dotbot; help@moz.com)"
216.244.66.200 - - [03/Sep/2024:21:36:20 +0200] "GET /node/85 HTTP/1.1" 200 - "-" "Mozilla/5.0 (compatible; DotBot/1.2; +https://opensiteexplorer.org/dotbot; help@moz.com)"
216.244.66.200 - - [03/Sep/2024:21:37:38 +0200] "GET /node/1150 HTTP/1.1" 200 - "-" "Mozilla/5.0 (compatible; DotBot/1.2; +https://opensiteexplorer.org/dotbot; help@moz.com)"
66.249.66.85 - - [03/Sep/2024:21:44:14 +0200] "GET /files/otka_besz_080619.pdf HTTP/1.1" 200 615579 "-" "Googlebot/2.1 (+http://www.google.com/bot.html)"
66.249.66.85 - - [03/Sep/2024:21:47:59 +0200] "GET /files/hm_rendelet_tervezet_allomany_melleklet.pdf HTTP/1.1" 304 - "-" "Mozilla/5.0 (Linux; Android 6.0.1; Nexus 5X Build/MMB29P) AppleWebKit/537.36 (KHTML, like Gecko) Chrome/128.0.6613.113 Mobile Safari/537.36 (compatible; Googlebot/2.1; +http://www.google.com/bot.html)"
52.167.144.214 - - [03/Sep/2024:21:52:23 +0200] "GET /files/eloterj20070227.pdf HTTP/1.1" 200 1708744 "-" "Mozilla/5.0 AppleWebKit/537.36 (KHTML, like Gecko; compatible; bingbot/2.0; +http://www.bing.com/bingbot.htm) Chrome/116.0.1938.76 Safari/537.36"
84.2.241.177 - - [03/Sep/2024:21:55:26 +0200] "GET /files/OTSZ%20rendelet.pdf HTTP/1.1" 200 168000 "https://www.google.com/" "Mozilla/5.0 (Windows NT 10.0; Win64; x64) AppleWebKit/537.36 (KHTML, like Gecko) Chrome/128.0.0.0 Safari/537.36"
84.2.241.177 - - [03/Sep/2024:21:55:28 +0200] "GET /favicon.ico HTTP/1.1" 404 57 "http://www.jogalkotas.hu/files/OTSZ%20rendelet.pdf" "Mozilla/5.0 (Windows NT 10.0; Win64; x64) AppleWebKit/537.36 (KHTML, like Gecko) Chrome/128.0.0.0 Safari/537.36"
207.46.13.107 - - [03/Sep/2024:22:04:54 +0200] "GET /taxonomy/term/18%2023%2024%2026%2025%2027%2028%2029%2052%2041%2031%2032%2098%2033%2048%20106%20103%2099%20107%2034%2049%2035%2051%20100%2036%2050%20105?page=8 HTTP/1.1" 200 - "-" "Mozilla/5.0 AppleWebKit/537.36 (KHTML, like Gecko; compatible; bingbot/2.0; +http://www.bing.com/bingbot.htm) Chrome/116.0.1938.76 Safari/537.36"
207.46.13.107 - - [03/Sep/2024:22:05:26 +0200] "GET /taxonomy/term/18%2023%2024%2026%2025%2027%2028%2029%2052%2041%2031%2032%2098%2033%2048%20106%20103%2099%20107%2034%2049%2035%2051%20100%2036%2050%20105?page=8 HTTP/1.1" 200 - "-" "Mozilla/5.0 AppleWebKit/537.36 (KHTML, like Gecko; compatible; bingbot/2.0; +http://www.bing.com/bingbot.htm) Chrome/116.0.1938.76 Safari/537.36"
66.249.66.86 - - [03/Sep/2024:22:05:46 +0200] "GET /files/ped_tov_terv_080924.pdf HTTP/1.1" 200 564660 "-" "Googlebot/2.1 (+http://www.google.com/bot.html)"
216.244.66.200 - - [03/Sep/2024:22:11:17 +0200] "GET /robots.txt HTTP/1.1" 200 1590 "-" "Mozilla/5.0 (compatible; DotBot/1.2; +https://opensiteexplorer.org/dotbot; help@moz.com)"
216.244.66.200 - - [03/Sep/2024:22:11:18 +0200] "GET /robots.txt HTTP/1.1" 200 1590 "-" "Mozilla/5.0 (compatible; DotBot/1.2; +https://opensiteexplorer.org/dotbot; help@moz.com)"
216.244.66.200 - - [03/Sep/2024:22:22:08 +0200] "GET /node?page=25 HTTP/1.1" 200 - "-" "Mozilla/5.0 (compatible; DotBot/1.2; +https://opensiteexplorer.org/dotbot; help@moz.com)"
216.244.66.200 - - [03/Sep/2024:22:22:39 +0200] "GET /node/1080 HTTP/1.1" 200 - "-" "Mozilla/5.0 (compatible; DotBot/1.2; +https://opensiteexplorer.org/dotbot; help@moz.com)"
216.244.66.200 - - [03/Sep/2024:22:23:19 +0200] "GET /node/1154 HTTP/1.1" 200 - "-" "Mozilla/5.0 (compatible; DotBot/1.2; +https://opensiteexplorer.org/dotbot; help@moz.com)"
216.244.66.200 - - [03/Sep/2024:22:24:09 +0200] "GET /node?page=164 HTTP/1.1" 200 - "-" "Mozilla/5.0 (compatible; DotBot/1.2; +https://opensiteexplorer.org/dotbot; help@moz.com)"
216.244.66.200 - - [03/Sep/2024:22:25:41 +0200] "GET /taxonomy/term/1?page=1 HTTP/1.1" 200 - "-" "Mozilla/5.0 (compatible; DotBot/1.2; +https://opensiteexplorer.org/dotbot; help@moz.com)"
216.244.66.200 - - [03/Sep/2024:22:26:31 +0200] "GET /taxonomy/term/28?page=1 HTTP/1.1" 200 - "-" "Mozilla/5.0 (compatible; DotBot/1.2; +https://opensiteexplorer.org/dotbot; help@moz.com)"
216.244.66.200 - - [03/Sep/2024:22:27:21 +0200] "GET /taxonomy/term/50?page=1 HTTP/1.1" 200 - "-" "Mozilla/5.0 (compatible; DotBot/1.2; +https://opensiteexplorer.org/dotbot; help@moz.com)"
216.244.66.200 - - [03/Sep/2024:22:28:12 +0200] "GET /node/2597 HTTP/1.1" 200 - "-" "Mozilla/5.0 (compatible; DotBot/1.2; +https://opensiteexplorer.org/dotbot; help@moz.com)"
216.244.66.200 - - [03/Sep/2024:22:29:00 +0200] "GET /taxonomy/term/23?page=1 HTTP/1.1" 200 - "-" "Mozilla/5.0 (compatible; DotBot/1.2; +https://opensiteexplorer.org/dotbot; help@moz.com)"
216.244.66.200 - - [03/Sep/2024:22:29:50 +0200] "GET /taxonomy/term/23?page=3 HTTP/1.1" 200 - "-" "Mozilla/5.0 (compatible; DotBot/1.2; +https://opensiteexplorer.org/dotbot; help@moz.com)"
216.244.66.200 - - [03/Sep/2024:22:34:12 +0200] "GET /taxonomy/term/71/0/feed HTTP/1.1" 200 - "-" "Mozilla/5.0 (compatible; DotBot/1.2; +https://opensiteexplorer.org/dotbot; help@moz.com)"
66.249.66.6 - - [03/Sep/2024:22:44:47 +0200] "GET /robots.txt HTTP/1.1" 200 1590 "-" "Mozilla/5.0 (compatible; Googlebot/2.1; +http://www.google.com/bot.html)"
66.249.66.6 - - [03/Sep/2024:22:44:49 +0200] "GET /files/meresert_070302.pdf HTTP/1.1" 200 295798 "-" "Googlebot/2.1 (+http://www.google.com/bot.html)"
66.249.66.4 - - [03/Sep/2024:22:46:49 +0200] "GET /files/szakkepzes_hozzaj_060404.pdf HTTP/1.1" 200 132937 "-" "Googlebot/2.1 (+http://www.google.com/bot.html)"
120.239.70.75 - - [03/Sep/2024:22:47:58 +0200] "GET /xmlrpc.php HTTP/1.1" 200 - "-" "Mozilla/5.0 (Windows NT 6.1; WOW64; rv:45.0) Gecko/20100101 Firefox/45.0"
66.249.66.4 - - [03/Sep/2024:22:48:56 +0200] "GET /files/pedag_szax_tam_070228.pdf HTTP/1.1" 200 328231 "-" "Googlebot/2.1 (+http://www.google.com/bot.html)"
216.244.66.200 - - [03/Sep/2024:23:00:42 +0200] "GET /robots.txt HTTP/1.1" 200 1590 "-" "Mozilla/5.0 (compatible; DotBot/1.2; +https://opensiteexplorer.org/dotbot; help@moz.com)"
216.244.66.200 - - [03/Sep/2024:23:00:42 +0200] "GET /robots.txt HTTP/1.1" 200 1590 "-" "Mozilla/5.0 (compatible; DotBot/1.2; +https://opensiteexplorer.org/dotbot; help@moz.com)"
216.244.66.200 - - [03/Sep/2024:23:07:10 +0200] "GET /files/34_2003___vi__7___eszcsm_rendelet_m%C3%83%C2%B3dos%C3%83%C2%ADt%C3%83%C2%A1sa_6.doc HTTP/1.1" 200 - "-" "Mozilla/5.0 (compatible; DotBot/1.2; +https://opensiteexplorer.org/dotbot; help@moz.com)"
216.244.66.200 - - [03/Sep/2024:23:16:23 +0200] "GET /taxonomy/term/20?page=2 HTTP/1.1" 200 - "-" "Mozilla/5.0 (compatible; DotBot/1.2; +https://opensiteexplorer.org/dotbot; help@moz.com)"
216.244.66.200 - - [03/Sep/2024:23:23:35 +0200] "GET /taxonomy/term/41?page=1 HTTP/1.1" 200 - "-" "Mozilla/5.0 (compatible; DotBot/1.2; +https://opensiteexplorer.org/dotbot; help@moz.com)"
216.244.66.200 - - [03/Sep/2024:23:24:29 +0200] "GET /node/207 HTTP/1.1" 200 - "-" "Mozilla/5.0 (compatible; DotBot/1.2; +https://opensiteexplorer.org/dotbot; help@moz.com)"
207.46.13.127 - - [03/Sep/2024:23:25:13 +0200] "GET /files/egyes_szoc_rend_terv_081124.pdf HTTP/1.1" 200 759635 "-" "Mozilla/5.0 AppleWebKit/537.36 (KHTML, like Gecko; compatible; bingbot/2.0; +http://www.bing.com/bingbot.htm) Chrome/116.0.1938.76 Safari/537.36"
20.191.45.212 - - [03/Sep/2024:23:30:47 +0200] "GET /favicon.ico HTTP/1.1" 404 57 "http://jogalkotas.hu/favicon.ico" "DuckDuckBot/1.1; (+http://duckduckgo.com/duckduckbot.html)"
20.191.45.212 - - [03/Sep/2024:23:31:10 +0200] "GET / HTTP/1.1" 200 - "http://jogalkotas.hu/" "DuckDuckBot/1.1; (+http://duckduckgo.com/duckduckbot.html)"
207.46.13.14 - - [03/Sep/2024:23:33:40 +0200] "GET /files/ptk_kotelmi_jog.pdf HTTP/1.1" 304 - "-" "Mozilla/5.0 AppleWebKit/537.36 (KHTML, like Gecko; compatible; bingbot/2.0; +http://www.bing.com/bingbot.htm) Chrome/116.0.1938.76 Safari/537.36"
157.55.39.201 - - [03/Sep/2024:23:41:08 +0200] "GET /taxonomy/term/18%2023%2024%2026%2025%2027%2028%2029%2052%2041%2031%2032%2098%2033%2048%20106%20103%2099%20107%2034%2049%2035%2051%20100%2036%2050%20105/0 HTTP/1.1" 200 - "-" "Mozilla/5.0 AppleWebKit/537.36 (KHTML, like Gecko; compatible; bingbot/2.0; +http://www.bing.com/bingbot.htm) Chrome/116.0.1938.76 Safari/537.36"
157.55.39.201 - - [03/Sep/2024:23:41:40 +0200] "GET /taxonomy/term/18%2023%2024%2026%2025%2027%2028%2029%2052%2041%2031%2032%2098%2033%2048%20106%20103%2099%20107%2034%2049%2035%2051%20100%2036%2050%20105/0 HTTP/1.1" 200 - "-" "Mozilla/5.0 AppleWebKit/537.36 (KHTML, like Gecko; compatible; bingbot/2.0; +http://www.bing.com/bingbot.htm) Chrome/116.0.1938.76 Safari/537.36"
216.244.66.200 - - [03/Sep/2024:23:51:37 +0200] "GET /robots.txt HTTP/1.1" 200 1590 "-" "Mozilla/5.0 (compatible; DotBot/1.2; +https://opensiteexplorer.org/dotbot; help@moz.com)"
216.244.66.200 - - [03/Sep/2024:23:51:38 +0200] "GET /robots.txt HTTP/1.1" 200 1590 "-" "Mozilla/5.0 (compatible; DotBot/1.2; +https://opensiteexplorer.org/dotbot; help@moz.com)"
216.244.66.200 - - [04/Sep/2024:00:10:04 +0200] "GET /node/1867 HTTP/1.1" 200 - "-" "Mozilla/5.0 (compatible; DotBot/1.2; +https://opensiteexplorer.org/dotbot; help@moz.com)"
216.244.66.200 - - [04/Sep/2024:00:10:34 +0200] "GET /node/187 HTTP/1.1" 200 - "-" "Mozilla/5.0 (compatible; DotBot/1.2; +https://opensiteexplorer.org/dotbot; help@moz.com)"
216.244.66.200 - - [04/Sep/2024:00:11:15 +0200] "GET /node/1975 HTTP/1.1" 200 - "-" "Mozilla/5.0 (compatible; DotBot/1.2; +https://opensiteexplorer.org/dotbot; help@moz.com)"
216.244.66.200 - - [04/Sep/2024:00:12:05 +0200] "GET /node/2166 HTTP/1.1" 200 - "-" "Mozilla/5.0 (compatible; DotBot/1.2; +https://opensiteexplorer.org/dotbot; help@moz.com)"
216.244.66.200 - - [04/Sep/2024:00:12:55 +0200] "GET /node/400 HTTP/1.1" 200 - "-" "Mozilla/5.0 (compatible; DotBot/1.2; +https://opensiteexplorer.org/dotbot; help@moz.com)"
216.244.66.200 - - [04/Sep/2024:00:13:46 +0200] "GET /node/505 HTTP/1.1" 200 - "-" "Mozilla/5.0 (compatible; DotBot/1.2; +https://opensiteexplorer.org/dotbot; help@moz.com)"
216.244.66.200 - - [04/Sep/2024:00:14:36 +0200] "GET /node/586 HTTP/1.1" 200 - "-" "Mozilla/5.0 (compatible; DotBot/1.2; +https://opensiteexplorer.org/dotbot; help@moz.com)"
66.249.66.5 - - [04/Sep/2024:00:14:39 +0200] "GET /files/KIB_eloterjesztes.pdf HTTP/1.1" 200 162153 "-" "Googlebot/2.1 (+http://www.google.com/bot.html)"
216.244.66.200 - - [04/Sep/2024:00:15:26 +0200] "GET /taxonomy/term/52?page=16 HTTP/1.1" 200 - "-" "Mozilla/5.0 (compatible; DotBot/1.2; +https://opensiteexplorer.org/dotbot; help@moz.com)"
216.244.66.200 - - [04/Sep/2024:00:16:17 +0200] "GET /node/2031 HTTP/1.1" 200 - "-" "Mozilla/5.0 (compatible; DotBot/1.2; +https://opensiteexplorer.org/dotbot; help@moz.com)"
216.244.66.200 - - [04/Sep/2024:00:17:08 +0200] "GET /taxonomy/term/21?page=129 HTTP/1.1" 200 - "-" "Mozilla/5.0 (compatible; DotBot/1.2; +https://opensiteexplorer.org/dotbot; help@moz.com)"
216.244.66.200 - - [04/Sep/2024:00:17:57 +0200] "GET /taxonomy/term/25?page=16 HTTP/1.1" 200 - "-" "Mozilla/5.0 (compatible; DotBot/1.2; +https://opensiteexplorer.org/dotbot; help@moz.com)"
66.249.66.87 - - [04/Sep/2024:00:22:58 +0200] "GET /robots.txt HTTP/1.1" 200 1590 "-" "Mozilla/5.0 (compatible; Googlebot/2.1; +http://www.google.com/bot.html)"
66.249.66.87 - - [04/Sep/2024:00:22:59 +0200] "GET /files/szakiranyu_mod_honlapra_070911.pdf HTTP/1.1" 200 168111 "-" "Googlebot/2.1 (+http://www.google.com/bot.html)"
66.249.66.5 - - [04/Sep/2024:00:24:27 +0200] "GET /files/11_1994_terv_090310.pdf HTTP/1.1" 200 227207 "-" "Googlebot/2.1 (+http://www.google.com/bot.html)"
66.249.66.85 - - [04/Sep/2024:00:32:04 +0200] "GET /files/44_2003_fvm_mod.pdf HTTP/1.1" 200 117643 "-" "Googlebot/2.1 (+http://www.google.com/bot.html)"
66.249.66.5 - - [04/Sep/2024:00:38:19 +0200] "GET /files/agk_modositas_velemenyezesre.pdf HTTP/1.1" 200 117079 "-" "Googlebot/2.1 (+http://www.google.com/bot.html)"
216.244.66.200 - - [04/Sep/2024:00:42:34 +0200] "GET /robots.txt HTTP/1.1" 200 1590 "-" "Mozilla/5.0 (compatible; DotBot/1.2; +https://opensiteexplorer.org/dotbot; help@moz.com)"
66.249.66.85 - - [04/Sep/2024:00:46:40 +0200] "GET /files/Csornoc_tervezet_kozig.pdf HTTP/1.1" 200 274235 "-" "Googlebot/2.1 (+http://www.google.com/bot.html)"
216.244.66.200 - - [04/Sep/2024:00:48:59 +0200] "GET /files/hm_rendelet_tervezet_katasztrofak_elleni_vedekezes.pdf HTTP/1.1" 200 116508 "-" "Mozilla/5.0 (compatible; DotBot/1.2; +https://opensiteexplorer.org/dotbot; help@moz.com)"
216.244.66.200 - - [04/Sep/2024:00:49:36 +0200] "GET /files/tk19.pdf HTTP/1.1" 200 194017 "-" "Mozilla/5.0 (compatible; DotBot/1.2; +https://opensiteexplorer.org/dotbot; help@moz.com)"
87.250.224.203 - - [04/Sep/2024:00:49:44 +0200] "GET /robots.txt HTTP/1.1" 200 1590 "-" "Mozilla/5.0 (compatible; YandexBot/3.0; +http://yandex.com/bots)"
216.244.66.200 - - [04/Sep/2024:00:50:13 +0200] "GET /files/utvalosszrend_terv_091102.pdf HTTP/1.1" 200 150274 "-" "Mozilla/5.0 (compatible; DotBot/1.2; +https://opensiteexplorer.org/dotbot; help@moz.com)"
66.249.66.6 - - [04/Sep/2024:00:50:15 +0200] "GET /files/szakiranyu_mod_honlapra_070911.pdf HTTP/1.1" 200 168111 "-" "Googlebot/2.1 (+http://www.google.com/bot.html)"
213.180.203.73 - - [04/Sep/2024:00:50:16 +0200] "GET /drupal/node/1401 HTTP/1.1" 200 - "-" "Mozilla/5.0 (compatible; YandexBot/3.0; +http://yandex.com/bots)"
66.249.66.87 - - [04/Sep/2024:00:52:21 +0200] "GET /files/munkaanyag-20070730.pdf HTTP/1.1" 200 984468 "-" "Googlebot/2.1 (+http://www.google.com/bot.html)"
157.55.39.9 - - [04/Sep/2024:00:58:43 +0200] "GET /files/ekozig_programterv.pdf HTTP/1.1" 200 851292 "-" "Mozilla/5.0 AppleWebKit/537.36 (KHTML, like Gecko; compatible; bingbot/2.0; +http://www.bing.com/bingbot.htm) Chrome/116.0.1938.76 Safari/537.36"
66.249.66.6 - - [04/Sep/2024:00:59:56 +0200] "GET /files/Eloterjesztes_305.pdf HTTP/1.1" 200 214007 "-" "Googlebot/2.1 (+http://www.google.com/bot.html)"
66.249.66.6 - - [04/Sep/2024:01:01:56 +0200] "GET /files/ekozig2010strategia_0604.pdf HTTP/1.1" 200 820659 "-" "Googlebot/2.1 (+http://www.google.com/bot.html)"
66.249.66.4 - - [04/Sep/2024:01:22:28 +0200] "GET /files/regmunkkozp_terv_090108.pdf HTTP/1.1" 200 232384 "-" "Googlebot/2.1 (+http://www.google.com/bot.html)"
66.249.66.4 - - [04/Sep/2024:01:26:04 +0200] "GET /files/vegbizonyitvanyok_terv_071014.pdf HTTP/1.1" 200 385544 "-" "Googlebot/2.1 (+http://www.google.com/bot.html)"
216.244.66.200 - - [04/Sep/2024:01:32:48 +0200] "GET /robots.txt HTTP/1.1" 200 1590 "-" "Mozilla/5.0 (compatible; DotBot/1.2; +https://opensiteexplorer.org/dotbot; help@moz.com)"
66.249.66.4 - - [04/Sep/2024:01:53:53 +0200] "GET /files/korm_vet_epit.pdf HTTP/1.1" 304 - "-" "Mozilla/5.0 (Linux; Android 6.0.1; Nexus 5X Build/MMB29P) AppleWebKit/537.36 (KHTML, like Gecko) Chrome/128.0.6613.113 Mobile Safari/537.36 (compatible; Googlebot/2.1; +http://www.google.com/bot.html)"
216.244.66.200 - - [04/Sep/2024:02:00:46 +0200] "GET /taxonomy/term/82/0/feed HTTP/1.1" 200 - "-" "Mozilla/5.0 (compatible; DotBot/1.2; +https://opensiteexplorer.org/dotbot; help@moz.com)"
66.249.66.5 - - [04/Sep/2024:02:06:52 +0200] "GET /files/muemlek_terv_081124.pdf HTTP/1.1" 304 - "-" "Mozilla/5.0 (Linux; Android 6.0.1; Nexus 5X Build/MMB29P) AppleWebKit/537.36 (KHTML, like Gecko) Chrome/128.0.6613.113 Mobile Safari/537.36 (compatible; Googlebot/2.1; +http://www.google.com/bot.html)"
34.34.136.134 - - [04/Sep/2024:02:32:48 +0200] "GET /robots.txt HTTP/1.1" 200 1590 "-" "Mozilla/5.0 (compatible; VelenPublicWebCrawler/1.0; +https://velen.io)"
34.34.136.134 - - [04/Sep/2024:02:33:20 +0200] "GET /node/12 HTTP/1.1" 200 - "-" "Mozilla/5.0 (compatible; VelenPublicWebCrawler/1.0; +https://velen.io)"
91.33.166.96 - - [04/Sep/2024:02:33:47 +0200] "GET /files/cegbejegyzesi_eljaras_21_per_2006__02_12_fin.doc HTTP/1.1" 200 54272 "-" "Mozilla/5.0 (Windows NT 10.0; Win64; x64; rv:65.0) Gecko/20100101 Firefox/65.0"
34.34.136.134 - - [04/Sep/2024:02:33:50 +0200] "GET /node/12 HTTP/1.1" 200 - "-" "Mozilla/5.0 (compatible; VelenPublicWebCrawler/1.0; +https://velen.io)"
34.34.136.134 - - [04/Sep/2024:02:34:21 +0200] "GET /node/12 HTTP/1.1" 200 - "-" "Mozilla/5.0 (compatible; VelenPublicWebCrawler/1.0; +https://velen.io)"
34.34.136.134 - - [04/Sep/2024:02:34:53 +0200] "GET /node/12 HTTP/1.1" 200 - "-" "Mozilla/5.0 (compatible; VelenPublicWebCrawler/1.0; +https://velen.io)"
34.34.136.134 - - [04/Sep/2024:02:35:26 +0200] "GET /node/12 HTTP/1.1" 200 - "-" "Mozilla/5.0 (compatible; VelenPublicWebCrawler/1.0; +https://velen.io)"
216.244.66.200 - - [04/Sep/2024:03:11:16 +0200] "GET /robots.txt HTTP/1.1" 200 1590 "-" "Mozilla/5.0 (compatible; DotBot/1.2; +https://opensiteexplorer.org/dotbot; help@moz.com)"
216.244.66.200 - - [04/Sep/2024:03:11:16 +0200] "GET /robots.txt HTTP/1.1" 200 1590 "-" "Mozilla/5.0 (compatible; DotBot/1.2; +https://opensiteexplorer.org/dotbot; help@moz.com)"
66.249.66.6 - - [04/Sep/2024:03:15:24 +0200] "GET /drupal/files/TK52-3.doc HTTP/1.1" 200 - "-" "Mozilla/5.0 (Linux; Android 6.0.1; Nexus 5X Build/MMB29P) AppleWebKit/537.36 (KHTML, like Gecko) Chrome/128.0.6613.113 Mobile Safari/537.36 (compatible; Googlebot/2.1; +http://www.google.com/bot.html)"
216.244.66.200 - - [04/Sep/2024:03:30:59 +0200] "GET /files/gyermek_gyamugy_rendterv_061102.pdf HTTP/1.1" 200 176528 "-" "Mozilla/5.0 (compatible; DotBot/1.2; +https://opensiteexplorer.org/dotbot; help@moz.com)"
216.244.66.200 - - [04/Sep/2024:03:33:17 +0200] "GET /files/89_2004_modositas_velemenyezesre.pdf HTTP/1.1" 200 191842 "-" "Mozilla/5.0 (compatible; DotBot/1.2; +https://opensiteexplorer.org/dotbot; help@moz.com)"
216.244.66.200 - - [04/Sep/2024:03:33:54 +0200] "GET /files/ipr_csomag_2008november5kikuldendo.doc HTTP/1.1" 200 1072640 "-" "Mozilla/5.0 (compatible; DotBot/1.2; +https://opensiteexplorer.org/dotbot; help@moz.com)"
216.244.66.200 - - [04/Sep/2024:03:35:47 +0200] "GET /files/El%C3%85%E2%80%98terjeszt%C3%83%C2%A9s%20v%C3%83%C2%A9grehajt%C3%83%C2%A1si%20rendelet.doc HTTP/1.1" 200 - "-" "Mozilla/5.0 (compatible; DotBot/1.2; +https://opensiteexplorer.org/dotbot; help@moz.com)"
216.244.66.200 - - [04/Sep/2024:03:36:50 +0200] "GET /taxonomy/term/58/0/feed HTTP/1.1" 200 - "-" "Mozilla/5.0 (compatible; DotBot/1.2; +https://opensiteexplorer.org/dotbot; help@moz.com)"
216.244.66.200 - - [04/Sep/2024:03:40:02 +0200] "GET /taxonomy/term/26/0/feed HTTP/1.1" 200 - "-" "Mozilla/5.0 (compatible; DotBot/1.2; +https://opensiteexplorer.org/dotbot; help@moz.com)"
216.244.66.200 - - [04/Sep/2024:03:40:52 +0200] "GET /taxonomy/term/31/0/feed HTTP/1.1" 200 - "-" "Mozilla/5.0 (compatible; DotBot/1.2; +https://opensiteexplorer.org/dotbot; help@moz.com)"
154.208.62.30 - - [04/Sep/2024:03:57:28 +0200] "GET / HTTP/1.1" 200 - "http://jogalkotas.hu/" "Opera/9.80 (Windows NT 6.1) Presto/2.12.388 Version/12.12"
216.244.66.200 - - [04/Sep/2024:04:00:59 +0200] "GET /robots.txt HTTP/1.1" 200 1590 "-" "Mozilla/5.0 (compatible; DotBot/1.2; +https://opensiteexplorer.org/dotbot; help@moz.com)"
216.244.66.200 - - [04/Sep/2024:04:24:59 +0200] "GET /files/t%C3%83%C2%A1rc%C3%83%C2%A1ra%2023.2002.E%C3%83%C2%BCM%20rendelet.doc HTTP/1.1" 200 - "-" "Mozilla/5.0 (compatible; DotBot/1.2; +https://opensiteexplorer.org/dotbot; help@moz.com)"
103.230.15.182 - - [04/Sep/2024:04:49:17 +0200] "GET /editor/ueditor/net/controller.ashx?action=catchimage HTTP/1.1" 200 - "-" "Mozilla/5.0 (Windows NT 10.0; WOW64; rv:48.0) Gecko/20100101 Firefox/48.0"
216.244.66.200 - - [04/Sep/2024:04:51:14 +0200] "GET /robots.txt HTTP/1.1" 200 1590 "-" "Mozilla/5.0 (compatible; DotBot/1.2; +https://opensiteexplorer.org/dotbot; help@moz.com)"
216.244.66.200 - - [04/Sep/2024:04:51:15 +0200] "GET /robots.txt HTTP/1.1" 200 1590 "-" "Mozilla/5.0 (compatible; DotBot/1.2; +https://opensiteexplorer.org/dotbot; help@moz.com)"
216.244.66.200 - - [04/Sep/2024:05:11:41 +0200] "GET /files/t%C3%83%C2%B6rvjav09els%C3%85%E2%80%98f%C3%83%C2%A9l%C3%83%C2%A9v.pdf HTTP/1.1" 200 - "-" "Mozilla/5.0 (compatible; DotBot/1.2; +https://opensiteexplorer.org/dotbot; help@moz.com)"
216.244.66.200 - - [04/Sep/2024:05:12:42 +0200] "GET /taxonomy/term/38/0/feed HTTP/1.1" 200 - "-" "Mozilla/5.0 (compatible; DotBot/1.2; +https://opensiteexplorer.org/dotbot; help@moz.com)"
192.3.173.100 - - [04/Sep/2024:05:27:28 +0200] "GET /node/feed HTTP/1.1" 200 - "-" "-"
216.244.66.200 - - [04/Sep/2024:05:42:04 +0200] "GET /robots.txt HTTP/1.1" 200 1590 "-" "Mozilla/5.0 (compatible; DotBot/1.2; +https://opensiteexplorer.org/dotbot; help@moz.com)"
216.244.66.200 - - [04/Sep/2024:05:59:44 +0200] "GET /node/13 HTTP/1.1" 200 - "-" "Mozilla/5.0 (compatible; DotBot/1.2; +https://opensiteexplorer.org/dotbot; help@moz.com)"
94.228.169.182 - - [04/Sep/2024:06:05:36 +0200] "GET /.env HTTP/1.1" 200 - "-" "python-requests/2.26.0"
167.253.34.3 - - [04/Sep/2024:06:22:41 +0200] "GET /robots.txt HTTP/1.0" 200 1590 "-" "Mozilla/4.0 (compatible; fluid/0.0; +http://www.leak.info/bot.html)"
95.108.213.111 - - [04/Sep/2024:06:30:10 +0200] "GET /robots.txt HTTP/1.1" 200 1590 "-" "Mozilla/5.0 (compatible; YandexBot/3.0; +http://yandex.com/bots)"
5.255.231.9 - - [04/Sep/2024:06:30:41 +0200] "GET /dru- HTTP/1.1" 200 - "-" "Mozilla/5.0 (compatible; YandexBot/3.0; +http://yandex.com/bots)"
66.249.66.87 - - [04/Sep/2024:06:50:31 +0200] "GET /files/gyermekszegenyseg_tervezet_5_melleklet_070125.pdf HTTP/1.1" 304 - "-" "Mozilla/5.0 (Linux; Android 6.0.1; Nexus 5X Build/MMB29P) AppleWebKit/537.36 (KHTML, like Gecko) Chrome/128.0.6613.113 Mobile Safari/537.36 (compatible; Googlebot/2.1; +http://www.google.com/bot.html)"
66.249.66.5 - - [04/Sep/2024:07:01:32 +0200] "GET /files/im_rendelet_a_cstv_szerinti.pdf HTTP/1.1" 304 - "-" "Mozilla/5.0 (Linux; Android 6.0.1; Nexus 5X Build/MMB29P) AppleWebKit/537.36 (KHTML, like Gecko) Chrome/128.0.6613.113 Mobile Safari/537.36 (compatible; Googlebot/2.1; +http://www.google.com/bot.html)"
66.249.66.5 - - [04/Sep/2024:07:01:33 +0200] "GET /files/oksz_terv_100302.pdf HTTP/1.1" 304 - "-" "Mozilla/5.0 (Linux; Android 6.0.1; Nexus 5X Build/MMB29P) AppleWebKit/537.36 (KHTML, like Gecko) Chrome/128.0.6613.113 Mobile Safari/537.36 (compatible; Googlebot/2.1; +http://www.google.com/bot.html)"
207.46.13.7 - - [04/Sep/2024:07:09:25 +0200] "GET /taxonomy/term/18%2023%2024%2026%2025%2027%2028%2029%2052%2041%2031%2032%2098%2033%2048%20106%20103%2099%20107%2034%2049%2035%2051%20100%2036%2050%20105?page=221 HTTP/1.1" 200 - "-" "Mozilla/5.0 AppleWebKit/537.36 (KHTML, like Gecko; compatible; bingbot/2.0; +http://www.bing.com/bingbot.htm) Chrome/116.0.1938.76 Safari/537.36"
207.46.13.7 - - [04/Sep/2024:07:09:57 +0200] "GET /taxonomy/term/18%2023%2024%2026%2025%2027%2028%2029%2052%2041%2031%2032%2098%2033%2048%20106%20103%2099%20107%2034%2049%2035%2051%20100%2036%2050%20105?page=221 HTTP/1.1" 200 - "-" "Mozilla/5.0 AppleWebKit/537.36 (KHTML, like Gecko; compatible; bingbot/2.0; +http://www.bing.com/bingbot.htm) Chrome/116.0.1938.76 Safari/537.36"
5.255.231.140 - - [04/Sep/2024:07:11:28 +0200] "GET /robots.txt HTTP/1.1" 200 1590 "-" "Mozilla/5.0 (compatible; YandexBot/3.0; +http://yandex.com/bots)"
87.250.224.241 - - [04/Sep/2024:07:12:00 +0200] "GET /drupal/files/OHT_II_febr2.pdf HTTP/1.1" 200 - "-" "Mozilla/5.0 (compatible; YandexBot/3.0; +http://yandex.com/bots)"
107.174.202.143 - - [04/Sep/2024:07:45:10 +0200] "GET /taxonomy/term/20/0/feed HTTP/1.1" 200 - "-" "-"
66.249.66.87 - - [04/Sep/2024:08:19:55 +0200] "GET /files/4735.pdf HTTP/1.1" 304 - "-" "Mozilla/5.0 (Linux; Android 6.0.1; Nexus 5X Build/MMB29P) AppleWebKit/537.36 (KHTML, like Gecko) Chrome/128.0.6613.113 Mobile Safari/537.36 (compatible; Googlebot/2.1; +http://www.google.com/bot.html)"
94.21.0.173 - - [04/Sep/2024:08:41:03 +0200] "GET /favicon.ico HTTP/1.1" 404 57 "http://jogalkotas.hu/files/szvk_terv_090804.pdf" "Mozilla/5.0 (Windows NT 10.0; Win64; x64) AppleWebKit/537.36 (KHTML, like Gecko) Chrome/128.0.0.0 Safari/537.36"
94.21.0.173 - - [04/Sep/2024:08:41:03 +0200] "GET /files/szvk_terv_090804.pdf HTTP/1.1" 200 1803870 "https://www.google.com/" "Mozilla/5.0 (Windows NT 10.0; Win64; x64) AppleWebKit/537.36 (KHTML, like Gecko) Chrome/128.0.0.0 Safari/537.36"
212.24.165.72 - - [04/Sep/2024:08:41:04 +0200] "GET /files/szvk_terv_090804.pdf HTTP/1.1" 200 1803870 "https://www.google.com/" "Mozilla/5.0 (Windows NT 6.1; Win64; x64) AppleWebKit/537.36 (KHTML, like Gecko) Chrome/109.0.0.0 Safari/537.36"
66.249.66.87 - - [04/Sep/2024:08:51:56 +0200] "GET /files/KHEm_1088.doc HTTP/1.1" 304 - "-" "Mozilla/5.0 (Linux; Android 6.0.1; Nexus 5X Build/MMB29P) AppleWebKit/537.36 (KHTML, like Gecko) Chrome/128.0.6613.113 Mobile Safari/537.36 (compatible; Googlebot/2.1; +http://www.google.com/bot.html)"
66.249.66.4 - - [04/Sep/2024:09:17:52 +0200] "GET /files/ktv_mod_terv_070322.pdf HTTP/1.1" 200 400216 "-" "Googlebot/2.1 (+http://www.google.com/bot.html)"
66.249.66.5 - - [04/Sep/2024:09:19:30 +0200] "GET /files/szmr_terv_090123.pdf HTTP/1.1" 200 277866 "-" "Googlebot/2.1 (+http://www.google.com/bot.html)"
66.249.66.5 - - [04/Sep/2024:09:26:53 +0200] "GET /files/eloterjesztes_20100302.pdf HTTP/1.1" 200 159138 "-" "Googlebot/2.1 (+http://www.google.com/bot.html)"
207.46.13.150 - - [04/Sep/2024:09:27:02 +0200] "GET /files/torvenyjavaslat__roman_hatarokmanyok.doc HTTP/1.1" 200 143872 "-" "Mozilla/5.0 AppleWebKit/537.36 (KHTML, like Gecko; compatible; bingbot/2.0; +http://www.bing.com/bingbot.htm) Chrome/116.0.1938.76 Safari/537.36"
3.253.240.243 - - [04/Sep/2024:09:30:52 +0200] "GET / HTTP/1.0" 200 - "-" "Mozilla/5.0 (compatible; NetcraftSurveyAgent/1.0; +info@netcraft.com)"
66.249.66.85 - - [04/Sep/2024:10:15:57 +0200] "GET /files/statutum.doc HTTP/1.1" 304 - "-" "Mozilla/5.0 (Linux; Android 6.0.1; Nexus 5X Build/MMB29P) AppleWebKit/537.36 (KHTML, like Gecko) Chrome/128.0.6613.113 Mobile Safari/537.36 (compatible; Googlebot/2.1; +http://www.google.com/bot.html)"
66.249.66.87 - - [04/Sep/2024:10:20:58 +0200] "GET /files/NFGM9521.pdf HTTP/1.1" 200 216447 "-" "Googlebot/2.1 (+http://www.google.com/bot.html)"
66.249.66.87 - - [04/Sep/2024:10:20:59 +0200] "GET /files/martinsalak.pdf HTTP/1.1" 304 - "-" "Mozilla/5.0 (Linux; Android 6.0.1; Nexus 5X Build/MMB29P) AppleWebKit/537.36 (KHTML, like Gecko) Chrome/128.0.6613.113 Mobile Safari/537.36 (compatible; Googlebot/2.1; +http://www.google.com/bot.html)"
66.249.66.5 - - [04/Sep/2024:10:24:00 +0200] "GET /files/egyh_nemall_norm_terv_090807.pdf HTTP/1.1" 304 - "-" "Mozilla/5.0 (Linux; Android 6.0.1; Nexus 5X Build/MMB29P) AppleWebKit/537.36 (KHTML, like Gecko) Chrome/128.0.6613.113 Mobile Safari/537.36 (compatible; Googlebot/2.1; +http://www.google.com/bot.html)"
65.21.233.213 - - [04/Sep/2024:10:29:05 +0200] "GET /robots.txt HTTP/1.1" 200 1590 "-" "Mozilla/5.0 (compatible; MJ12bot/v1.4.8; http://mj12bot.com/)"
66.249.66.4 - - [04/Sep/2024:10:29:50 +0200] "GET /files/29_1998_mezoori_modositas_velemenyezesre.pdf HTTP/1.1" 200 232196 "-" "Googlebot/2.1 (+http://www.google.com/bot.html)"
65.21.233.213 - - [04/Sep/2024:10:29:54 +0200] "GET /files/9-93.normasz%C3%83%C2%B6veg.m%C3%83%C2%B3d.2007.febr.T%C3%83?RCA.doc HTTP/1.1" 200 - "-" "Mozilla/5.0 (compatible; MJ12bot/v1.4.8; http://mj12bot.com/)"
66.249.66.87 - - [04/Sep/2024:11:01:30 +0200] "GET /files/KHEM_4929norma.doc HTTP/1.1" 304 - "-" "Mozilla/5.0 (Linux; Android 6.0.1; Nexus 5X Build/MMB29P) AppleWebKit/537.36 (KHTML, like Gecko) Chrome/128.0.6613.113 Mobile Safari/537.36 (compatible; Googlebot/2.1; +http://www.google.com/bot.html)"
66.249.66.85 - - [04/Sep/2024:11:01:32 +0200] "GET /files/monitoring_terv_080619.pdf HTTP/1.1" 200 197186 "-" "Googlebot/2.1 (+http://www.google.com/bot.html)"
