135.181.3.228 - - [18/Sep/2024:07:53:05 +0200] "GET /node/1747 HTTP/1.1" 200 - "-" "Mozilla/5.0 (compatible; BLEXBot/1.0; +http://webmeup-crawler.com/)"
135.181.3.228 - - [18/Sep/2024:07:54:44 +0200] "GET /node/1749 HTTP/1.1" 200 - "-" "Mozilla/5.0 (compatible; BLEXBot/1.0; +http://webmeup-crawler.com/)"
135.181.3.228 - - [18/Sep/2024:07:56:23 +0200] "GET /node/1749 HTTP/1.1" 200 - "-" "Mozilla/5.0 (compatible; BLEXBot/1.0; +http://webmeup-crawler.com/)"
135.181.3.228 - - [18/Sep/2024:07:58:02 +0200] "GET /node/175 HTTP/1.1" 200 - "-" "Mozilla/5.0 (compatible; BLEXBot/1.0; +http://webmeup-crawler.com/)"
135.181.3.228 - - [18/Sep/2024:07:59:41 +0200] "GET /node/175 HTTP/1.1" 200 - "-" "Mozilla/5.0 (compatible; BLEXBot/1.0; +http://webmeup-crawler.com/)"
135.181.3.228 - - [18/Sep/2024:08:01:20 +0200] "GET /node/1750 HTTP/1.1" 200 - "-" "Mozilla/5.0 (compatible; BLEXBot/1.0; +http://webmeup-crawler.com/)"
135.181.3.228 - - [18/Sep/2024:08:02:59 +0200] "GET /node/1750 HTTP/1.1" 200 - "-" "Mozilla/5.0 (compatible; BLEXBot/1.0; +http://webmeup-crawler.com/)"
135.181.3.228 - - [18/Sep/2024:08:04:38 +0200] "GET /node/1751 HTTP/1.1" 200 - "-" "Mozilla/5.0 (compatible; BLEXBot/1.0; +http://webmeup-crawler.com/)"
135.181.3.228 - - [18/Sep/2024:08:06:17 +0200] "GET /node/1751 HTTP/1.1" 200 - "-" "Mozilla/5.0 (compatible; BLEXBot/1.0; +http://webmeup-crawler.com/)"
135.181.3.228 - - [18/Sep/2024:08:07:56 +0200] "GET /node/1752 HTTP/1.1" 200 - "-" "Mozilla/5.0 (compatible; BLEXBot/1.0; +http://webmeup-crawler.com/)"
135.181.3.228 - - [18/Sep/2024:08:09:36 +0200] "GET /node/1752 HTTP/1.1" 200 - "-" "Mozilla/5.0 (compatible; BLEXBot/1.0; +http://webmeup-crawler.com/)"
135.181.3.228 - - [18/Sep/2024:08:11:15 +0200] "GET /node/1753 HTTP/1.1" 200 - "-" "Mozilla/5.0 (compatible; BLEXBot/1.0; +http://webmeup-crawler.com/)"
135.181.3.228 - - [18/Sep/2024:08:12:55 +0200] "GET /node/1753 HTTP/1.1" 200 - "-" "Mozilla/5.0 (compatible; BLEXBot/1.0; +http://webmeup-crawler.com/)"
135.181.3.228 - - [18/Sep/2024:08:14:35 +0200] "GET /node/1754 HTTP/1.1" 200 - "-" "Mozilla/5.0 (compatible; BLEXBot/1.0; +http://webmeup-crawler.com/)"
135.181.3.228 - - [18/Sep/2024:08:16:15 +0200] "GET /node/1754 HTTP/1.1" 200 - "-" "Mozilla/5.0 (compatible; BLEXBot/1.0; +http://webmeup-crawler.com/)"
135.181.3.228 - - [18/Sep/2024:08:17:53 +0200] "GET /node/1755 HTTP/1.1" 200 - "-" "Mozilla/5.0 (compatible; BLEXBot/1.0; +http://webmeup-crawler.com/)"
135.181.3.228 - - [18/Sep/2024:08:19:33 +0200] "GET /node/1755 HTTP/1.1" 200 - "-" "Mozilla/5.0 (compatible; BLEXBot/1.0; +http://webmeup-crawler.com/)"
135.181.3.228 - - [18/Sep/2024:08:21:12 +0200] "GET /node/1756 HTTP/1.1" 200 - "-" "Mozilla/5.0 (compatible; BLEXBot/1.0; +http://webmeup-crawler.com/)"
135.181.3.228 - - [18/Sep/2024:08:22:43 +0200] "GET /node/1756 HTTP/1.1" 200 - "-" "Mozilla/5.0 (compatible; BLEXBot/1.0; +http://webmeup-crawler.com/)"
135.181.3.228 - - [18/Sep/2024:08:24:23 +0200] "GET /node/1757 HTTP/1.1" 200 - "-" "Mozilla/5.0 (compatible; BLEXBot/1.0; +http://webmeup-crawler.com/)"
135.181.3.228 - - [18/Sep/2024:08:26:03 +0200] "GET /node/1757 HTTP/1.1" 200 - "-" "Mozilla/5.0 (compatible; BLEXBot/1.0; +http://webmeup-crawler.com/)"
135.181.3.228 - - [18/Sep/2024:08:27:43 +0200] "GET /node/1758 HTTP/1.1" 200 - "-" "Mozilla/5.0 (compatible; BLEXBot/1.0; +http://webmeup-crawler.com/)"
135.181.3.228 - - [18/Sep/2024:08:29:14 +0200] "GET /node/1758 HTTP/1.1" 200 - "-" "Mozilla/5.0 (compatible; BLEXBot/1.0; +http://webmeup-crawler.com/)"
135.181.3.228 - - [18/Sep/2024:08:30:47 +0200] "GET /node/1759 HTTP/1.1" 200 - "-" "Mozilla/5.0 (compatible; BLEXBot/1.0; +http://webmeup-crawler.com/)"
135.181.3.228 - - [18/Sep/2024:08:32:19 +0200] "GET /node/1759 HTTP/1.1" 200 - "-" "Mozilla/5.0 (compatible; BLEXBot/1.0; +http://webmeup-crawler.com/)"
135.181.3.228 - - [18/Sep/2024:08:33:51 +0200] "GET /node/176 HTTP/1.1" 200 - "-" "Mozilla/5.0 (compatible; BLEXBot/1.0; +http://webmeup-crawler.com/)"
135.181.3.228 - - [18/Sep/2024:08:35:31 +0200] "GET /node/176 HTTP/1.1" 200 - "-" "Mozilla/5.0 (compatible; BLEXBot/1.0; +http://webmeup-crawler.com/)"
135.181.3.228 - - [18/Sep/2024:08:37:11 +0200] "GET /node/1760 HTTP/1.1" 200 - "-" "Mozilla/5.0 (compatible; BLEXBot/1.0; +http://webmeup-crawler.com/)"
135.181.3.228 - - [18/Sep/2024:08:38:51 +0200] "GET /node/1760 HTTP/1.1" 200 - "-" "Mozilla/5.0 (compatible; BLEXBot/1.0; +http://webmeup-crawler.com/)"
135.181.3.228 - - [18/Sep/2024:08:40:32 +0200] "GET /node/1761 HTTP/1.1" 200 - "-" "Mozilla/5.0 (compatible; BLEXBot/1.0; +http://webmeup-crawler.com/)"
135.181.3.228 - - [18/Sep/2024:08:42:12 +0200] "GET /node/1761 HTTP/1.1" 200 - "-" "Mozilla/5.0 (compatible; BLEXBot/1.0; +http://webmeup-crawler.com/)"
135.181.3.228 - - [18/Sep/2024:08:43:44 +0200] "GET /node/1762 HTTP/1.1" 200 - "-" "Mozilla/5.0 (compatible; BLEXBot/1.0; +http://webmeup-crawler.com/)"
135.181.3.228 - - [18/Sep/2024:08:45:16 +0200] "GET /node/1762 HTTP/1.1" 200 - "-" "Mozilla/5.0 (compatible; BLEXBot/1.0; +http://webmeup-crawler.com/)"
66.249.66.86 - - [18/Sep/2024:08:46:04 +0200] "GET /files/buntetojogimodos-1.doc HTTP/1.1" 304 - "-" "Mozilla/5.0 (Linux; Android 6.0.1; Nexus 5X Build/MMB29P) AppleWebKit/537.36 (KHTML, like Gecko) Chrome/128.0.6613.137 Mobile Safari/537.36 (compatible; Googlebot/2.1; +http://www.google.com/bot.html)"
135.181.3.228 - - [18/Sep/2024:08:46:50 +0200] "GET /node/1763 HTTP/1.1" 200 - "-" "Mozilla/5.0 (compatible; BLEXBot/1.0; +http://webmeup-crawler.com/)"
18.206.30.0 - - [18/Sep/2024:08:48:11 +0200] "GET /files/NFGM2005.pdf HTTP/1.1" 200 201548 "http://www.jogalkotas.hu/files/NFGM2005.pdf" "Mozilla/5.0 (Windows NT x.y; Win64; x64; rv:10.0) Gecko/20100101 Firefox/10.0"
18.213.75.43 - - [18/Sep/2024:08:48:11 +0200] "GET /files/NFGM1713.pdf HTTP/1.1" 200 203993 "http://www.jogalkotas.hu/files/NFGM1713.pdf" "Mozilla/5.0 (Windows NT x.y; Win64; x64; rv:10.0) Gecko/20100101 Firefox/10.0"
18.214.133.41 - - [18/Sep/2024:08:48:11 +0200] "GET /files/szakke_szakm_vizsgkov_terv_100219.pdf HTTP/1.1" 200 155837 "http://www.jogalkotas.hu/files/szakke_szakm_vizsgkov_terv_100219.pdf" "Mozilla/5.0 (Windows NT x.y; Win64; x64; rv:10.0) Gecko/20100101 Firefox/10.0"
18.214.133.41 - - [18/Sep/2024:08:48:11 +0200] "GET /files/ingatlan_nyilvantartas_tervezet_060524.pdf HTTP/1.1" 200 256545 "http://www.jogalkotas.hu/files/ingatlan_nyilvantartas_tervezet_060524.pdf" "Mozilla/5.0 (Windows NT x.y; Win64; x64; rv:10.0) Gecko/20100101 Firefox/10.0"
18.206.30.0 - - [18/Sep/2024:08:48:11 +0200] "GET /files/jogszabszerk.pdf HTTP/1.1" 200 206549 "http://www.jogalkotas.hu/files/jogszabszerk.pdf" "Mozilla/5.0 (Windows NT x.y; Win64; x64; rv:10.0) Gecko/20100101 Firefox/10.0"
18.214.133.41 - - [18/Sep/2024:08:48:11 +0200] "GET /files/talajvedelem_fvm_velemenyezesre.pdf HTTP/1.1" 200 379774 "http://www.jogalkotas.hu/files/talajvedelem_fvm_velemenyezesre.pdf" "Mozilla/5.0 (Windows NT x.y; Win64; x64; rv:10.0) Gecko/20100101 Firefox/10.0"
18.206.30.0 - - [18/Sep/2024:08:48:11 +0200] "GET /files/tankonyvrend_terv_090721.pdf HTTP/1.1" 200 317759 "http://www.jogalkotas.hu/files/tankonyvrend_terv_090721.pdf" "Mozilla/5.0 (Windows NT x.y; Win64; x64; rv:10.0) Gecko/20100101 Firefox/10.0"
18.214.133.41 - - [18/Sep/2024:08:48:11 +0200] "GET /files/ptk.csaladjog_0.pdf HTTP/1.1" 200 429444 "http://www.jogalkotas.hu/files/ptk.csaladjog_0.pdf" "Mozilla/5.0 (Windows NT x.y; Win64; x64; rv:10.0) Gecko/20100101 Firefox/10.0"
18.214.133.41 - - [18/Sep/2024:08:48:12 +0200] "GET /files/fejezeti_kum_rend_mod_2_2007.pdf HTTP/1.1" 200 184859 "http://www.jogalkotas.hu/files/fejezeti_kum_rend_mod_2_2007.pdf" "Mozilla/5.0 (Windows NT x.y; Win64; x64; rv:10.0) Gecko/20100101 Firefox/10.0"
18.206.30.0 - - [18/Sep/2024:08:48:15 +0200] "GET /files/ins_terv_090508.pdf HTTP/1.1" 200 2582050 "http://www.jogalkotas.hu/files/ins_terv_090508.pdf" "Mozilla/5.0 (Windows NT x.y; Win64; x64; rv:10.0) Gecko/20100101 Firefox/10.0"
135.181.3.228 - - [18/Sep/2024:08:48:21 +0200] "GET /node/1763 HTTP/1.1" 200 - "-" "Mozilla/5.0 (compatible; BLEXBot/1.0; +http://webmeup-crawler.com/)"
135.181.3.228 - - [18/Sep/2024:08:49:54 +0200] "GET /node/1764 HTTP/1.1" 200 - "-" "Mozilla/5.0 (compatible; BLEXBot/1.0; +http://webmeup-crawler.com/)"
135.181.3.228 - - [18/Sep/2024:08:51:26 +0200] "GET /node/1764 HTTP/1.1" 200 - "-" "Mozilla/5.0 (compatible; BLEXBot/1.0; +http://webmeup-crawler.com/)"
135.181.3.228 - - [18/Sep/2024:08:52:58 +0200] "GET /node/1765 HTTP/1.1" 200 - "-" "Mozilla/5.0 (compatible; BLEXBot/1.0; +http://webmeup-crawler.com/)"
135.181.3.228 - - [18/Sep/2024:08:54:30 +0200] "GET /node/1765 HTTP/1.1" 200 - "-" "Mozilla/5.0 (compatible; BLEXBot/1.0; +http://webmeup-crawler.com/)"
135.181.3.228 - - [18/Sep/2024:08:56:02 +0200] "GET /node/1766 HTTP/1.1" 200 - "-" "Mozilla/5.0 (compatible; BLEXBot/1.0; +http://webmeup-crawler.com/)"
135.181.3.228 - - [18/Sep/2024:08:57:34 +0200] "GET /node/1766 HTTP/1.1" 200 - "-" "Mozilla/5.0 (compatible; BLEXBot/1.0; +http://webmeup-crawler.com/)"
135.181.3.228 - - [18/Sep/2024:08:59:06 +0200] "GET /node/1767 HTTP/1.1" 200 - "-" "Mozilla/5.0 (compatible; BLEXBot/1.0; +http://webmeup-crawler.com/)"
135.181.3.228 - - [18/Sep/2024:09:00:38 +0200] "GET /node/1767 HTTP/1.1" 200 - "-" "Mozilla/5.0 (compatible; BLEXBot/1.0; +http://webmeup-crawler.com/)"
135.181.3.228 - - [18/Sep/2024:09:02:10 +0200] "GET /node/1768 HTTP/1.1" 200 - "-" "Mozilla/5.0 (compatible; BLEXBot/1.0; +http://webmeup-crawler.com/)"
135.181.3.228 - - [18/Sep/2024:09:03:43 +0200] "GET /node/1768 HTTP/1.1" 200 - "-" "Mozilla/5.0 (compatible; BLEXBot/1.0; +http://webmeup-crawler.com/)"
135.181.3.228 - - [18/Sep/2024:09:05:15 +0200] "GET /node/1769 HTTP/1.1" 200 - "-" "Mozilla/5.0 (compatible; BLEXBot/1.0; +http://webmeup-crawler.com/)"
135.181.3.228 - - [18/Sep/2024:09:06:48 +0200] "GET /node/1769 HTTP/1.1" 200 - "-" "Mozilla/5.0 (compatible; BLEXBot/1.0; +http://webmeup-crawler.com/)"
135.181.3.228 - - [18/Sep/2024:09:08:22 +0200] "GET /node/177 HTTP/1.1" 200 - "-" "Mozilla/5.0 (compatible; BLEXBot/1.0; +http://webmeup-crawler.com/)"
135.181.3.228 - - [18/Sep/2024:09:09:54 +0200] "GET /node/177 HTTP/1.1" 200 - "-" "Mozilla/5.0 (compatible; BLEXBot/1.0; +http://webmeup-crawler.com/)"
135.181.3.228 - - [18/Sep/2024:09:11:28 +0200] "GET /node/1770 HTTP/1.1" 200 - "-" "Mozilla/5.0 (compatible; BLEXBot/1.0; +http://webmeup-crawler.com/)"
135.181.3.228 - - [18/Sep/2024:09:13:00 +0200] "GET /node/1770 HTTP/1.1" 200 - "-" "Mozilla/5.0 (compatible; BLEXBot/1.0; +http://webmeup-crawler.com/)"
135.181.3.228 - - [18/Sep/2024:09:14:33 +0200] "GET /node/1771 HTTP/1.1" 200 - "-" "Mozilla/5.0 (compatible; BLEXBot/1.0; +http://webmeup-crawler.com/)"
66.249.66.5 - - [18/Sep/2024:09:15:23 +0200] "GET /files/nat_terv_070522.pdf HTTP/1.1" 200 1277755 "-" "Googlebot/2.1 (+http://www.google.com/bot.html)"
135.181.3.228 - - [18/Sep/2024:09:16:05 +0200] "GET /node/1771 HTTP/1.1" 200 - "-" "Mozilla/5.0 (compatible; BLEXBot/1.0; +http://webmeup-crawler.com/)"
135.181.3.228 - - [18/Sep/2024:09:17:39 +0200] "GET /node/1772 HTTP/1.1" 200 - "-" "Mozilla/5.0 (compatible; BLEXBot/1.0; +http://webmeup-crawler.com/)"
135.181.3.228 - - [18/Sep/2024:09:19:11 +0200] "GET /node/1772 HTTP/1.1" 200 - "-" "Mozilla/5.0 (compatible; BLEXBot/1.0; +http://webmeup-crawler.com/)"
141.101.105.65 - - [18/Sep/2024:09:20:25 +0200] "GET /favicon.ico HTTP/1.1" 404 57 "https://www.ecosia.org/" "Mozilla/5.0 (Windows NT 10.0; Win64; x64) AppleWebKit/537.36 (KHTML, like Gecko) Chrome/128.0.0.0 Safari/537.36"
135.181.3.228 - - [18/Sep/2024:09:20:54 +0200] "GET /node/1773 HTTP/1.1" 200 - "-" "Mozilla/5.0 (compatible; BLEXBot/1.0; +http://webmeup-crawler.com/)"
135.181.3.228 - - [18/Sep/2024:09:22:35 +0200] "GET /node/1773 HTTP/1.1" 200 - "-" "Mozilla/5.0 (compatible; BLEXBot/1.0; +http://webmeup-crawler.com/)"
135.181.3.228 - - [18/Sep/2024:09:24:08 +0200] "GET /node/1774 HTTP/1.1" 200 - "-" "Mozilla/5.0 (compatible; BLEXBot/1.0; +http://webmeup-crawler.com/)"
135.181.3.228 - - [18/Sep/2024:09:25:40 +0200] "GET /node/1774 HTTP/1.1" 200 - "-" "Mozilla/5.0 (compatible; BLEXBot/1.0; +http://webmeup-crawler.com/)"
135.181.3.228 - - [18/Sep/2024:09:27:13 +0200] "GET /node/1775 HTTP/1.1" 200 - "-" "Mozilla/5.0 (compatible; BLEXBot/1.0; +http://webmeup-crawler.com/)"
66.249.66.5 - - [18/Sep/2024:09:28:04 +0200] "GET /files/3_mell_FAVI_ENG__ves.doc HTTP/1.1" 304 - "-" "Mozilla/5.0 (Linux; Android 6.0.1; Nexus 5X Build/MMB29P) AppleWebKit/537.36 (KHTML, like Gecko) Chrome/128.0.6613.137 Mobile Safari/537.36 (compatible; Googlebot/2.1; +http://www.google.com/bot.html)"
135.181.3.228 - - [18/Sep/2024:09:28:46 +0200] "GET /node/1775 HTTP/1.1" 200 - "-" "Mozilla/5.0 (compatible; BLEXBot/1.0; +http://webmeup-crawler.com/)"
135.181.3.228 - - [18/Sep/2024:09:30:19 +0200] "GET /node/1776 HTTP/1.1" 200 - "-" "Mozilla/5.0 (compatible; BLEXBot/1.0; +http://webmeup-crawler.com/)"
135.181.3.228 - - [18/Sep/2024:09:31:52 +0200] "GET /node/1776 HTTP/1.1" 200 - "-" "Mozilla/5.0 (compatible; BLEXBot/1.0; +http://webmeup-crawler.com/)"
66.249.66.6 - - [18/Sep/2024:09:32:33 +0200] "GET /files/NKP-II_jelentes_tervezet_0326.pdf HTTP/1.1" 200 158212 "-" "Googlebot/2.1 (+http://www.google.com/bot.html)"
205.169.39.7 - - [18/Sep/2024:09:33:02 +0200] "GET / HTTP/1.1" 200 - "-" "Mozilla/5.0 (Windows NT 10.0) AppleWebKit/537.36 (KHTML, like Gecko) Chrome/106.0.0.0 Safari/537.36"
135.181.3.228 - - [18/Sep/2024:09:33:25 +0200] "GET /node/1777 HTTP/1.1" 200 - "-" "Mozilla/5.0 (compatible; BLEXBot/1.0; +http://webmeup-crawler.com/)"
135.181.3.228 - - [18/Sep/2024:09:34:58 +0200] "GET /node/1777 HTTP/1.1" 200 - "-" "Mozilla/5.0 (compatible; BLEXBot/1.0; +http://webmeup-crawler.com/)"
135.181.3.228 - - [18/Sep/2024:09:36:31 +0200] "GET /node/1778 HTTP/1.1" 200 - "-" "Mozilla/5.0 (compatible; BLEXBot/1.0; +http://webmeup-crawler.com/)"
135.181.3.228 - - [18/Sep/2024:09:38:04 +0200] "GET /node/1778 HTTP/1.1" 200 - "-" "Mozilla/5.0 (compatible; BLEXBot/1.0; +http://webmeup-crawler.com/)"
23.22.35.162 - - [18/Sep/2024:09:38:23 +0200] "GET /robots.txt HTTP/1.1" 200 1590 "-" "Mozilla/5.0 (Macintosh; Intel Mac OS X 10_10_1) AppleWebKit/600.2.5 (KHTML, like Gecko) Version/8.0.2 Safari/600.2.5 (Amazonbot/0.1; +https://developer.amazon.com/support/amazonbot)"
23.22.35.162 - - [18/Sep/2024:09:38:56 +0200] "GET /taxonomy/term/18%2023%2024%2026%2025%2027%2028%2029%2052%2041%2031%2032%2098%2033%2048%2099%2034%2049%2035%2051%20100%2036%2050 HTTP/1.1" 200 - "-" "Mozilla/5.0 (Macintosh; Intel Mac OS X 10_10_1) AppleWebKit/600.2.5 (KHTML, like Gecko) Version/8.0.2 Safari/600.2.5 (Amazonbot/0.1; +https://developer.amazon.com/support/amazonbot)"
135.181.3.228 - - [18/Sep/2024:09:39:37 +0200] "GET /node/1779 HTTP/1.1" 200 - "-" "Mozilla/5.0 (compatible; BLEXBot/1.0; +http://webmeup-crawler.com/)"
135.181.3.228 - - [18/Sep/2024:09:41:10 +0200] "GET /node/1779 HTTP/1.1" 200 - "-" "Mozilla/5.0 (compatible; BLEXBot/1.0; +http://webmeup-crawler.com/)"
166.108.225.178 - - [18/Sep/2024:09:42:27 +0200] "GET /files/NFGM1713.pdf HTTP/1.1" 200 203993 "-" "Mozilla/5.0 (Windows NT 10.0; Win64; x64) AppleWebKit/537.36 (KHTML, like Gecko) Chrome/104.0.0.0 Safari/537.36"
135.181.3.228 - - [18/Sep/2024:09:42:44 +0200] "GET /node/178 HTTP/1.1" 200 - "-" "Mozilla/5.0 (compatible; BLEXBot/1.0; +http://webmeup-crawler.com/)"
135.181.3.228 - - [18/Sep/2024:09:44:17 +0200] "GET /node/178 HTTP/1.1" 200 - "-" "Mozilla/5.0 (compatible; BLEXBot/1.0; +http://webmeup-crawler.com/)"
135.181.3.228 - - [18/Sep/2024:09:45:50 +0200] "GET /node/1780 HTTP/1.1" 200 - "-" "Mozilla/5.0 (compatible; BLEXBot/1.0; +http://webmeup-crawler.com/)"
135.181.3.228 - - [18/Sep/2024:09:47:23 +0200] "GET /node/1780 HTTP/1.1" 200 - "-" "Mozilla/5.0 (compatible; BLEXBot/1.0; +http://webmeup-crawler.com/)"
135.181.3.228 - - [18/Sep/2024:09:48:57 +0200] "GET /node/1781 HTTP/1.1" 200 - "-" "Mozilla/5.0 (compatible; BLEXBot/1.0; +http://webmeup-crawler.com/)"
135.181.3.228 - - [18/Sep/2024:09:50:30 +0200] "GET /node/1781 HTTP/1.1" 200 - "-" "Mozilla/5.0 (compatible; BLEXBot/1.0; +http://webmeup-crawler.com/)"
135.181.3.228 - - [18/Sep/2024:09:52:03 +0200] "GET /node/1782 HTTP/1.1" 200 - "-" "Mozilla/5.0 (compatible; BLEXBot/1.0; +http://webmeup-crawler.com/)"
135.181.3.228 - - [18/Sep/2024:09:53:37 +0200] "GET /node/1782 HTTP/1.1" 200 - "-" "Mozilla/5.0 (compatible; BLEXBot/1.0; +http://webmeup-crawler.com/)"
135.181.3.228 - - [18/Sep/2024:09:55:10 +0200] "GET /node/1783 HTTP/1.1" 200 - "-" "Mozilla/5.0 (compatible; BLEXBot/1.0; +http://webmeup-crawler.com/)"
18.213.75.43 - - [18/Sep/2024:09:55:53 +0200] "GET /files/takarmanykodex_modositas_0.pdf HTTP/1.1" 200 47813 "http://www.jogalkotas.hu/files/takarmanykodex_modositas_0.pdf" "Mozilla/5.0 (Windows NT x.y; Win64; x64; rv:10.0) Gecko/20100101 Firefox/10.0"
18.213.75.43 - - [18/Sep/2024:09:55:53 +0200] "GET /files/konyvtari_minosites_terv_100114.pdf HTTP/1.1" 200 106694 "http://www.jogalkotas.hu/files/konyvtari_minosites_terv_100114.pdf" "Mozilla/5.0 (Windows NT x.y; Win64; x64; rv:10.0) Gecko/20100101 Firefox/10.0"
18.213.75.43 - - [18/Sep/2024:09:55:54 +0200] "GET /files/NFGM9761.pdf HTTP/1.1" 200 204582 "http://www.jogalkotas.hu/files/NFGM9761.pdf" "Mozilla/5.0 (Windows NT x.y; Win64; x64; rv:10.0) Gecko/20100101 Firefox/10.0"
18.206.30.0 - - [18/Sep/2024:09:55:54 +0200] "GET /files/NFGM2172.pdf HTTP/1.1" 200 254751 "http://www.jogalkotas.hu/files/NFGM2172.pdf" "Mozilla/5.0 (Windows NT x.y; Win64; x64; rv:10.0) Gecko/20100101 Firefox/10.0"
18.214.133.41 - - [18/Sep/2024:09:55:54 +0200] "GET /files/Eloterjesztes_305.pdf HTTP/1.1" 200 214007 "http://www.jogalkotas.hu/files/Eloterjesztes_305.pdf" "Mozilla/5.0 (Windows NT x.y; Win64; x64; rv:10.0) Gecko/20100101 Firefox/10.0"
18.214.133.41 - - [18/Sep/2024:09:55:54 +0200] "GET /files/tanev_rendje_10_11_terv_100302.pdf HTTP/1.1" 200 381061 "http://www.jogalkotas.hu/files/tanev_rendje_10_11_terv_100302.pdf" "Mozilla/5.0 (Windows NT x.y; Win64; x64; rv:10.0) Gecko/20100101 Firefox/10.0"
18.206.30.0 - - [18/Sep/2024:09:55:54 +0200] "GET /files/NFGM_5051.pdf HTTP/1.1" 200 287794 "http://www.jogalkotas.hu/files/NFGM_5051.pdf" "Mozilla/5.0 (Windows NT x.y; Win64; x64; rv:10.0) Gecko/20100101 Firefox/10.0"
18.206.30.0 - - [18/Sep/2024:09:55:54 +0200] "GET /files/fitness.pdf HTTP/1.1" 200 608967 "http://www.jogalkotas.hu/files/fitness.pdf" "Mozilla/5.0 (Windows NT x.y; Win64; x64; rv:10.0) Gecko/20100101 Firefox/10.0"
18.206.30.0 - - [18/Sep/2024:09:55:55 +0200] "GET /files/ekozig_strategia.pdf HTTP/1.1" 200 731185 "http://www.jogalkotas.hu/files/ekozig_strategia.pdf" "Mozilla/5.0 (Windows NT x.y; Win64; x64; rv:10.0) Gecko/20100101 Firefox/10.0"
18.206.30.0 - - [18/Sep/2024:09:55:56 +0200] "GET /files/epiteskivitelezes.pdf HTTP/1.1" 200 715535 "http://www.jogalkotas.hu/files/epiteskivitelezes.pdf" "Mozilla/5.0 (Windows NT x.y; Win64; x64; rv:10.0) Gecko/20100101 Firefox/10.0"
135.181.3.228 - - [18/Sep/2024:09:56:43 +0200] "GET /node/1783 HTTP/1.1" 200 - "-" "Mozilla/5.0 (compatible; BLEXBot/1.0; +http://webmeup-crawler.com/)"
135.181.3.228 - - [18/Sep/2024:09:58:17 +0200] "GET /node/1784 HTTP/1.1" 200 - "-" "Mozilla/5.0 (compatible; BLEXBot/1.0; +http://webmeup-crawler.com/)"
135.181.3.228 - - [18/Sep/2024:09:59:50 +0200] "GET /node/1784 HTTP/1.1" 200 - "-" "Mozilla/5.0 (compatible; BLEXBot/1.0; +http://webmeup-crawler.com/)"
135.181.3.228 - - [18/Sep/2024:10:01:26 +0200] "GET /node/1785 HTTP/1.1" 200 - "-" "Mozilla/5.0 (compatible; BLEXBot/1.0; +http://webmeup-crawler.com/)"
135.181.3.228 - - [18/Sep/2024:10:03:00 +0200] "GET /node/1785 HTTP/1.1" 200 - "-" "Mozilla/5.0 (compatible; BLEXBot/1.0; +http://webmeup-crawler.com/)"
135.181.3.228 - - [18/Sep/2024:10:04:33 +0200] "GET /node/1786 HTTP/1.1" 200 - "-" "Mozilla/5.0 (compatible; BLEXBot/1.0; +http://webmeup-crawler.com/)"
135.181.3.228 - - [18/Sep/2024:10:06:07 +0200] "GET /node/1786 HTTP/1.1" 200 - "-" "Mozilla/5.0 (compatible; BLEXBot/1.0; +http://webmeup-crawler.com/)"
135.181.3.228 - - [18/Sep/2024:10:07:41 +0200] "GET /node/1787 HTTP/1.1" 200 - "-" "Mozilla/5.0 (compatible; BLEXBot/1.0; +http://webmeup-crawler.com/)"
135.181.3.228 - - [18/Sep/2024:10:09:14 +0200] "GET /node/1787 HTTP/1.1" 200 - "-" "Mozilla/5.0 (compatible; BLEXBot/1.0; +http://webmeup-crawler.com/)"
84.236.116.0 - - [18/Sep/2024:10:10:09 +0200] "GET /files/2_sz_melleklet_061031.pdf HTTP/1.1" 200 56446 "https://www.google.com/" "Mozilla/5.0 (Windows NT 6.1; Win64; x64; rv:109.0) Gecko/20100101 Firefox/115.0"
84.236.116.0 - - [18/Sep/2024:10:10:09 +0200] "GET /favicon.ico HTTP/1.1" 404 57 "http://www.jogalkotas.hu/" "Mozilla/5.0 (Windows NT 6.1; Win64; x64; rv:109.0) Gecko/20100101 Firefox/115.0"
135.181.3.228 - - [18/Sep/2024:10:10:48 +0200] "GET /node/1788 HTTP/1.1" 200 - "-" "Mozilla/5.0 (compatible; BLEXBot/1.0; +http://webmeup-crawler.com/)"
135.181.3.228 - - [18/Sep/2024:10:12:22 +0200] "GET /node/1788 HTTP/1.1" 200 - "-" "Mozilla/5.0 (compatible; BLEXBot/1.0; +http://webmeup-crawler.com/)"
135.181.3.228 - - [18/Sep/2024:10:13:56 +0200] "GET /node/1789 HTTP/1.1" 200 - "-" "Mozilla/5.0 (compatible; BLEXBot/1.0; +http://webmeup-crawler.com/)"
135.181.3.228 - - [18/Sep/2024:10:15:30 +0200] "GET /node/1789 HTTP/1.1" 200 - "-" "Mozilla/5.0 (compatible; BLEXBot/1.0; +http://webmeup-crawler.com/)"
66.249.66.85 - - [18/Sep/2024:10:16:58 +0200] "GET /files/OTSZ%20rendelet.pdf HTTP/1.1" 304 - "-" "Mozilla/5.0 (Linux; Android 6.0.1; Nexus 5X Build/MMB29P) AppleWebKit/537.36 (KHTML, like Gecko) Chrome/128.0.6613.137 Mobile Safari/537.36 (compatible; Googlebot/2.1; +http://www.google.com/bot.html)"
135.181.3.228 - - [18/Sep/2024:10:17:04 +0200] "GET /node/1790 HTTP/1.1" 200 - "-" "Mozilla/5.0 (compatible; BLEXBot/1.0; +http://webmeup-crawler.com/)"
5.255.231.17 - - [18/Sep/2024:10:17:03 +0200] "GET /robots.txt HTTP/1.1" 200 1590 "-" "Mozilla/5.0 (compatible; YandexBot/3.0; +http://yandex.com/bots)"
95.108.213.173 - - [18/Sep/2024:10:17:37 +0200] "GET /drupal/node/1401 HTTP/1.1" 200 - "-" "Mozilla/5.0 (compatible; YandexBot/3.0; +http://yandex.com/bots)"
135.181.3.228 - - [18/Sep/2024:10:18:38 +0200] "GET /node/1790 HTTP/1.1" 200 - "-" "Mozilla/5.0 (compatible; BLEXBot/1.0; +http://webmeup-crawler.com/)"
135.181.3.228 - - [18/Sep/2024:10:20:12 +0200] "GET /node/1791 HTTP/1.1" 200 - "-" "Mozilla/5.0 (compatible; BLEXBot/1.0; +http://webmeup-crawler.com/)"
135.181.3.228 - - [18/Sep/2024:10:21:46 +0200] "GET /node/1791 HTTP/1.1" 200 - "-" "Mozilla/5.0 (compatible; BLEXBot/1.0; +http://webmeup-crawler.com/)"
135.181.3.228 - - [18/Sep/2024:10:23:20 +0200] "GET /node/1792 HTTP/1.1" 200 - "-" "Mozilla/5.0 (compatible; BLEXBot/1.0; +http://webmeup-crawler.com/)"
135.181.3.228 - - [18/Sep/2024:10:24:54 +0200] "GET /node/1792 HTTP/1.1" 200 - "-" "Mozilla/5.0 (compatible; BLEXBot/1.0; +http://webmeup-crawler.com/)"
135.181.3.228 - - [18/Sep/2024:10:26:28 +0200] "GET /node/1793 HTTP/1.1" 200 - "-" "Mozilla/5.0 (compatible; BLEXBot/1.0; +http://webmeup-crawler.com/)"
135.181.3.228 - - [18/Sep/2024:10:28:02 +0200] "GET /node/1793 HTTP/1.1" 200 - "-" "Mozilla/5.0 (compatible; BLEXBot/1.0; +http://webmeup-crawler.com/)"
135.181.3.228 - - [18/Sep/2024:10:29:36 +0200] "GET /node/1794 HTTP/1.1" 200 - "-" "Mozilla/5.0 (compatible; BLEXBot/1.0; +http://webmeup-crawler.com/)"
135.181.3.228 - - [18/Sep/2024:10:31:11 +0200] "GET /node/1794 HTTP/1.1" 200 - "-" "Mozilla/5.0 (compatible; BLEXBot/1.0; +http://webmeup-crawler.com/)"
135.181.3.228 - - [18/Sep/2024:10:32:46 +0200] "GET /node/1795 HTTP/1.1" 200 - "-" "Mozilla/5.0 (compatible; BLEXBot/1.0; +http://webmeup-crawler.com/)"
66.249.66.5 - - [18/Sep/2024:10:34:03 +0200] "GET / HTTP/1.1" 200 - "-" "Mozilla/5.0 (compatible; Googlebot/2.1; +http://www.google.com/bot.html)"
135.181.3.228 - - [18/Sep/2024:10:34:20 +0200] "GET /node/1795 HTTP/1.1" 200 - "-" "Mozilla/5.0 (compatible; BLEXBot/1.0; +http://webmeup-crawler.com/)"
66.249.66.4 - - [18/Sep/2024:10:34:35 +0200] "GET / HTTP/1.1" 200 - "-" "Mozilla/5.0 (Linux; Android 6.0.1; Nexus 5X Build/MMB29P) AppleWebKit/537.36 (KHTML, like Gecko) Chrome/99.0.4844.84 Mobile Safari/537.36 (compatible; Googlebot/2.1; +http://www.google.com/bot.html)"
66.249.66.4 - - [18/Sep/2024:10:35:07 +0200] "GET / HTTP/1.1" 200 - "-" "Mozilla/5.0 (compatible; Googlebot/2.1; +http://www.google.com/bot.html)"
66.249.66.5 - - [18/Sep/2024:10:35:39 +0200] "GET / HTTP/1.1" 200 - "-" "Mozilla/5.0 (Linux; Android 6.0.1; Nexus 5X Build/MMB29P) AppleWebKit/537.36 (KHTML, like Gecko) Chrome/128.0.6613.137 Mobile Safari/537.36 (compatible; Googlebot/2.1; +http://www.google.com/bot.html)"
135.181.3.228 - - [18/Sep/2024:10:35:55 +0200] "GET /node/1796 HTTP/1.1" 200 - "-" "Mozilla/5.0 (compatible; BLEXBot/1.0; +http://webmeup-crawler.com/)"
135.181.3.228 - - [18/Sep/2024:10:37:29 +0200] "GET /node/1796 HTTP/1.1" 200 - "-" "Mozilla/5.0 (compatible; BLEXBot/1.0; +http://webmeup-crawler.com/)"
135.181.3.228 - - [18/Sep/2024:10:39:03 +0200] "GET /node/1797 HTTP/1.1" 200 - "-" "Mozilla/5.0 (compatible; BLEXBot/1.0; +http://webmeup-crawler.com/)"
135.181.3.228 - - [18/Sep/2024:10:40:38 +0200] "GET /node/1797 HTTP/1.1" 200 - "-" "Mozilla/5.0 (compatible; BLEXBot/1.0; +http://webmeup-crawler.com/)"
135.181.3.228 - - [18/Sep/2024:10:42:12 +0200] "GET /node/1798 HTTP/1.1" 200 - "-" "Mozilla/5.0 (compatible; BLEXBot/1.0; +http://webmeup-crawler.com/)"
135.181.3.228 - - [18/Sep/2024:10:43:47 +0200] "GET /node/1798 HTTP/1.1" 200 - "-" "Mozilla/5.0 (compatible; BLEXBot/1.0; +http://webmeup-crawler.com/)"
135.181.3.228 - - [18/Sep/2024:10:45:22 +0200] "GET /node/1799 HTTP/1.1" 200 - "-" "Mozilla/5.0 (compatible; BLEXBot/1.0; +http://webmeup-crawler.com/)"
135.181.3.228 - - [18/Sep/2024:10:46:57 +0200] "GET /node/1799 HTTP/1.1" 200 - "-" "Mozilla/5.0 (compatible; BLEXBot/1.0; +http://webmeup-crawler.com/)"
193.6.168.219 - - [18/Sep/2024:10:47:20 +0200] "GET /files/ptk_kotelmi_jog.pdf HTTP/1.1" 200 706298 "https://www.google.com/" "Mozilla/5.0 (Macintosh; Intel Mac OS X 10_15_7) AppleWebKit/605.1.15 (KHTML, like Gecko) Version/17.6 Safari/605.1.15"
193.6.168.219 - - [18/Sep/2024:10:47:20 +0200] "GET /favicon.ico HTTP/1.1" 404 57 "http://www.jogalkotas.hu/files/ptk_kotelmi_jog.pdf" "Mozilla/5.0 (Macintosh; Intel Mac OS X 10_15_7) AppleWebKit/605.1.15 (KHTML, like Gecko) Version/17.6 Safari/605.1.15"
135.181.3.228 - - [18/Sep/2024:10:48:32 +0200] "GET /node/18 HTTP/1.1" 200 - "-" "Mozilla/5.0 (compatible; BLEXBot/1.0; +http://webmeup-crawler.com/)"
18.206.30.0 - - [18/Sep/2024:10:49:32 +0200] "GET /files/Zirci_Arboretum_KezTerv_tervezet.pdf HTTP/1.1" 200 43529 "http://www.jogalkotas.hu/files/Zirci_Arboretum_KezTerv_tervezet.pdf" "Mozilla/5.0 (Windows NT x.y; Win64; x64; rv:10.0) Gecko/20100101 Firefox/10.0"
18.214.133.41 - - [18/Sep/2024:10:49:32 +0200] "GET /files/monitoring_terv_080619.pdf HTTP/1.1" 200 197186 "http://www.jogalkotas.hu/files/monitoring_terv_080619.pdf" "Mozilla/5.0 (Windows NT x.y; Win64; x64; rv:10.0) Gecko/20100101 Firefox/10.0"
18.214.133.41 - - [18/Sep/2024:10:49:32 +0200] "GET /files/okj_formai_eloirasai_060516.pdf HTTP/1.1" 200 234446 "http://www.jogalkotas.hu/files/okj_formai_eloirasai_060516.pdf" "Mozilla/5.0 (Windows NT x.y; Win64; x64; rv:10.0) Gecko/20100101 Firefox/10.0"
18.206.30.0 - - [18/Sep/2024:10:49:33 +0200] "GET /files/TK50.pdf HTTP/1.1" 200 134264 "http://www.jogalkotas.hu/files/TK50.pdf" "Mozilla/5.0 (Windows NT x.y; Win64; x64; rv:10.0) Gecko/20100101 Firefox/10.0"
18.206.30.0 - - [18/Sep/2024:10:49:33 +0200] "GET /files/_veg3fmujfdhqa4st0cs_.pdf HTTP/1.1" 200 208061 "http://www.jogalkotas.hu/files/_veg3fmujfdhqa4st0cs_.pdf" "Mozilla/5.0 (Windows NT x.y; Win64; x64; rv:10.0) Gecko/20100101 Firefox/10.0"
18.206.30.0 - - [18/Sep/2024:10:49:33 +0200] "GET /files/tk19.pdf HTTP/1.1" 200 194017 "http://www.jogalkotas.hu/files/tk19.pdf" "Mozilla/5.0 (Windows NT x.y; Win64; x64; rv:10.0) Gecko/20100101 Firefox/10.0"
18.213.75.43 - - [18/Sep/2024:10:49:33 +0200] "GET /files/telepules_dok.pdf HTTP/1.1" 200 390907 "http://www.jogalkotas.hu/files/telepules_dok.pdf" "Mozilla/5.0 (Windows NT x.y; Win64; x64; rv:10.0) Gecko/20100101 Firefox/10.0"
18.213.75.43 - - [18/Sep/2024:10:49:34 +0200] "GET /files/ptk_kotelmi_jog.pdf HTTP/1.1" 200 706298 "http://www.jogalkotas.hu/files/ptk_kotelmi_jog.pdf" "Mozilla/5.0 (Windows NT x.y; Win64; x64; rv:10.0) Gecko/20100101 Firefox/10.0"
18.206.30.0 - - [18/Sep/2024:10:49:34 +0200] "GET /files/9369_8.pdf HTTP/1.1" 200 328584 "http://www.jogalkotas.hu/files/9369_8.pdf" "Mozilla/5.0 (Windows NT x.y; Win64; x64; rv:10.0) Gecko/20100101 Firefox/10.0"
135.181.3.228 - - [18/Sep/2024:10:50:07 +0200] "GET /node/18 HTTP/1.1" 200 - "-" "Mozilla/5.0 (compatible; BLEXBot/1.0; +http://webmeup-crawler.com/)"
135.181.3.228 - - [18/Sep/2024:10:51:42 +0200] "GET /node/180 HTTP/1.1" 200 - "-" "Mozilla/5.0 (compatible; BLEXBot/1.0; +http://webmeup-crawler.com/)"
135.181.3.228 - - [18/Sep/2024:10:53:17 +0200] "GET /node/180 HTTP/1.1" 200 - "-" "Mozilla/5.0 (compatible; BLEXBot/1.0; +http://webmeup-crawler.com/)"
135.181.3.228 - - [18/Sep/2024:10:54:52 +0200] "GET /node/1800 HTTP/1.1" 200 - "-" "Mozilla/5.0 (compatible; BLEXBot/1.0; +http://webmeup-crawler.com/)"
135.181.3.228 - - [18/Sep/2024:10:56:27 +0200] "GET /node/1800 HTTP/1.1" 200 - "-" "Mozilla/5.0 (compatible; BLEXBot/1.0; +http://webmeup-crawler.com/)"
135.181.3.228 - - [18/Sep/2024:10:58:02 +0200] "GET /node/1801 HTTP/1.1" 200 - "-" "Mozilla/5.0 (compatible; BLEXBot/1.0; +http://webmeup-crawler.com/)"
135.181.3.228 - - [18/Sep/2024:10:59:37 +0200] "GET /node/1801 HTTP/1.1" 200 - "-" "Mozilla/5.0 (compatible; BLEXBot/1.0; +http://webmeup-crawler.com/)"
135.181.3.228 - - [18/Sep/2024:11:01:12 +0200] "GET /node/1802 HTTP/1.1" 200 - "-" "Mozilla/5.0 (compatible; BLEXBot/1.0; +http://webmeup-crawler.com/)"
135.181.3.228 - - [18/Sep/2024:11:02:47 +0200] "GET /node/1802 HTTP/1.1" 200 - "-" "Mozilla/5.0 (compatible; BLEXBot/1.0; +http://webmeup-crawler.com/)"
135.181.3.228 - - [18/Sep/2024:11:04:23 +0200] "GET /node/1803 HTTP/1.1" 200 - "-" "Mozilla/5.0 (compatible; BLEXBot/1.0; +http://webmeup-crawler.com/)"
135.181.3.228 - - [18/Sep/2024:11:05:58 +0200] "GET /node/1803 HTTP/1.1" 200 - "-" "Mozilla/5.0 (compatible; BLEXBot/1.0; +http://webmeup-crawler.com/)"
135.181.3.228 - - [18/Sep/2024:11:07:34 +0200] "GET /node/1804 HTTP/1.1" 200 - "-" "Mozilla/5.0 (compatible; BLEXBot/1.0; +http://webmeup-crawler.com/)"
135.181.3.228 - - [18/Sep/2024:11:09:09 +0200] "GET /node/1804 HTTP/1.1" 200 - "-" "Mozilla/5.0 (compatible; BLEXBot/1.0; +http://webmeup-crawler.com/)"
135.181.3.228 - - [18/Sep/2024:11:10:44 +0200] "GET /node/1805 HTTP/1.1" 200 - "-" "Mozilla/5.0 (compatible; BLEXBot/1.0; +http://webmeup-crawler.com/)"
135.181.3.228 - - [18/Sep/2024:11:12:20 +0200] "GET /node/1805 HTTP/1.1" 200 - "-" "Mozilla/5.0 (compatible; BLEXBot/1.0; +http://webmeup-crawler.com/)"
135.181.3.228 - - [18/Sep/2024:11:13:55 +0200] "GET /node/1806 HTTP/1.1" 200 - "-" "Mozilla/5.0 (compatible; BLEXBot/1.0; +http://webmeup-crawler.com/)"
135.181.3.228 - - [18/Sep/2024:11:15:30 +0200] "GET /node/1806 HTTP/1.1" 200 - "-" "Mozilla/5.0 (compatible; BLEXBot/1.0; +http://webmeup-crawler.com/)"
135.181.3.228 - - [18/Sep/2024:11:17:06 +0200] "GET /node/1807 HTTP/1.1" 200 - "-" "Mozilla/5.0 (compatible; BLEXBot/1.0; +http://webmeup-crawler.com/)"
135.181.3.228 - - [18/Sep/2024:11:18:39 +0200] "GET /node/1807 HTTP/1.1" 200 - "-" "Mozilla/5.0 (compatible; BLEXBot/1.0; +http://webmeup-crawler.com/)"
5.255.231.195 - - [18/Sep/2024:11:19:39 +0200] "GET /robots.txt HTTP/1.1" 200 1590 "-" "Mozilla/5.0 (compatible; YandexBot/3.0; +http://yandex.com/bots)"
5.255.231.65 - - [18/Sep/2024:11:19:40 +0200] "GET /files/NFGM1713.pdf HTTP/1.1" 200 203993 "-" "Mozilla/5.0 (compatible; YandexBot/3.0; +http://yandex.com/bots)"
135.181.3.228 - - [18/Sep/2024:11:20:17 +0200] "GET /node/1808 HTTP/1.1" 200 - "-" "Mozilla/5.0 (compatible; BLEXBot/1.0; +http://webmeup-crawler.com/)"
135.181.3.228 - - [18/Sep/2024:11:21:53 +0200] "GET /node/1808 HTTP/1.1" 200 - "-" "Mozilla/5.0 (compatible; BLEXBot/1.0; +http://webmeup-crawler.com/)"
135.181.3.228 - - [18/Sep/2024:11:23:28 +0200] "GET /node/1809 HTTP/1.1" 200 - "-" "Mozilla/5.0 (compatible; BLEXBot/1.0; +http://webmeup-crawler.com/)"
135.181.3.228 - - [18/Sep/2024:11:25:04 +0200] "GET /node/1809 HTTP/1.1" 200 - "-" "Mozilla/5.0 (compatible; BLEXBot/1.0; +http://webmeup-crawler.com/)"
135.181.3.228 - - [18/Sep/2024:11:26:40 +0200] "GET /node/181 HTTP/1.1" 200 - "-" "Mozilla/5.0 (compatible; BLEXBot/1.0; +http://webmeup-crawler.com/)"
135.181.3.228 - - [18/Sep/2024:11:28:15 +0200] "GET /node/181 HTTP/1.1" 200 - "-" "Mozilla/5.0 (compatible; BLEXBot/1.0; +http://webmeup-crawler.com/)"
135.181.3.228 - - [18/Sep/2024:11:29:51 +0200] "GET /node/1810 HTTP/1.1" 200 - "-" "Mozilla/5.0 (compatible; BLEXBot/1.0; +http://webmeup-crawler.com/)"
135.181.3.228 - - [18/Sep/2024:11:31:27 +0200] "GET /node/1810 HTTP/1.1" 200 - "-" "Mozilla/5.0 (compatible; BLEXBot/1.0; +http://webmeup-crawler.com/)"
135.181.3.228 - - [18/Sep/2024:11:33:03 +0200] "GET /node/1811 HTTP/1.1" 200 - "-" "Mozilla/5.0 (compatible; BLEXBot/1.0; +http://webmeup-crawler.com/)"
135.181.3.228 - - [18/Sep/2024:11:34:39 +0200] "GET /node/1811 HTTP/1.1" 200 - "-" "Mozilla/5.0 (compatible; BLEXBot/1.0; +http://webmeup-crawler.com/)"
135.181.3.228 - - [18/Sep/2024:11:36:15 +0200] "GET /node/1812 HTTP/1.1" 200 - "-" "Mozilla/5.0 (compatible; BLEXBot/1.0; +http://webmeup-crawler.com/)"
135.181.3.228 - - [18/Sep/2024:11:37:51 +0200] "GET /node/1812 HTTP/1.1" 200 - "-" "Mozilla/5.0 (compatible; BLEXBot/1.0; +http://webmeup-crawler.com/)"
135.181.3.228 - - [18/Sep/2024:11:39:27 +0200] "GET /node/1813 HTTP/1.1" 200 - "-" "Mozilla/5.0 (compatible; BLEXBot/1.0; +http://webmeup-crawler.com/)"
57.141.0.30 - - [18/Sep/2024:11:40:22 +0200] "GET /files/cegbejegyz_cegnyilv_08.12.doc HTTP/1.1" 200 51200 "-" "facebookexternalhit/1.1 (+http://www.facebook.com/externalhit_uatext.php)"
135.181.3.228 - - [18/Sep/2024:11:41:03 +0200] "GET /node/1813 HTTP/1.1" 200 - "-" "Mozilla/5.0 (compatible; BLEXBot/1.0; +http://webmeup-crawler.com/)"
135.181.3.228 - - [18/Sep/2024:11:42:40 +0200] "GET /node/1814 HTTP/1.1" 200 - "-" "Mozilla/5.0 (compatible; BLEXBot/1.0; +http://webmeup-crawler.com/)"
135.181.3.228 - - [18/Sep/2024:11:44:17 +0200] "GET /node/1814 HTTP/1.1" 200 - "-" "Mozilla/5.0 (compatible; BLEXBot/1.0; +http://webmeup-crawler.com/)"
135.181.3.228 - - [18/Sep/2024:11:45:53 +0200] "GET /node/1815 HTTP/1.1" 200 - "-" "Mozilla/5.0 (compatible; BLEXBot/1.0; +http://webmeup-crawler.com/)"
135.181.3.228 - - [18/Sep/2024:11:47:29 +0200] "GET /node/1815 HTTP/1.1" 200 - "-" "Mozilla/5.0 (compatible; BLEXBot/1.0; +http://webmeup-crawler.com/)"
135.181.3.228 - - [18/Sep/2024:11:49:06 +0200] "GET /node/1816 HTTP/1.1" 200 - "-" "Mozilla/5.0 (compatible; BLEXBot/1.0; +http://webmeup-crawler.com/)"
18.213.75.43 - - [18/Sep/2024:11:49:57 +0200] "GET /files/alapf_muv_okt_kovet_060414.pdf HTTP/1.1" 200 86794 "http://www.jogalkotas.hu/files/alapf_muv_okt_kovet_060414.pdf" "Mozilla/5.0 (Windows NT x.y; Win64; x64; rv:10.0) Gecko/20100101 Firefox/10.0"
18.214.133.41 - - [18/Sep/2024:11:49:57 +0200] "GET /files/BacskiskunIndokolas.pdf HTTP/1.1" 200 22395 "http://www.jogalkotas.hu/files/BacskiskunIndokolas.pdf" "Mozilla/5.0 (Windows NT x.y; Win64; x64; rv:10.0) Gecko/20100101 Firefox/10.0"
18.206.30.0 - - [18/Sep/2024:11:49:57 +0200] "GET /files/bbi_terv_090819.pdf HTTP/1.1" 200 191770 "http://www.jogalkotas.hu/files/bbi_terv_090819.pdf" "Mozilla/5.0 (Windows NT x.y; Win64; x64; rv:10.0) Gecko/20100101 Firefox/10.0"
18.206.30.0 - - [18/Sep/2024:11:49:57 +0200] "GET /files/oksz_terv_100302.pdf HTTP/1.1" 200 176795 "http://www.jogalkotas.hu/files/oksz_terv_100302.pdf" "Mozilla/5.0 (Windows NT x.y; Win64; x64; rv:10.0) Gecko/20100101 Firefox/10.0"
18.213.75.43 - - [18/Sep/2024:11:49:58 +0200] "GET /files/egyhazi_ing_terv_071014.pdf HTTP/1.1" 200 162330 "http://www.jogalkotas.hu/files/egyhazi_ing_terv_071014.pdf" "Mozilla/5.0 (Windows NT x.y; Win64; x64; rv:10.0) Gecko/20100101 Firefox/10.0"
18.214.133.41 - - [18/Sep/2024:11:49:58 +0200] "GET /files/2_sz_melleklet_061031.pdf HTTP/1.1" 200 56446 "http://www.jogalkotas.hu/files/2_sz_melleklet_061031.pdf" "Mozilla/5.0 (Windows NT x.y; Win64; x64; rv:10.0) Gecko/20100101 Firefox/10.0"
18.206.30.0 - - [18/Sep/2024:11:49:58 +0200] "GET /files/28_2009_OM-rend.pdf HTTP/1.1" 200 143910 "http://www.jogalkotas.hu/files/28_2009_OM-rend.pdf" "Mozilla/5.0 (Windows NT x.y; Win64; x64; rv:10.0) Gecko/20100101 Firefox/10.0"
18.206.30.0 - - [18/Sep/2024:11:49:58 +0200] "GET /files/27_2009_OM-rend.pdf HTTP/1.1" 200 126463 "http://www.jogalkotas.hu/files/27_2009_OM-rend.pdf" "Mozilla/5.0 (Windows NT x.y; Win64; x64; rv:10.0) Gecko/20100101 Firefox/10.0"
18.213.75.43 - - [18/Sep/2024:11:49:58 +0200] "GET /files/fontos-bizalmas.pdf HTTP/1.1" 200 270194 "http://www.jogalkotas.hu/files/fontos-bizalmas.pdf" "Mozilla/5.0 (Windows NT x.y; Win64; x64; rv:10.0) Gecko/20100101 Firefox/10.0"
135.181.3.228 - - [18/Sep/2024:11:50:42 +0200] "GET /node/1816 HTTP/1.1" 200 - "-" "Mozilla/5.0 (compatible; BLEXBot/1.0; +http://webmeup-crawler.com/)"
135.181.3.228 - - [18/Sep/2024:11:52:19 +0200] "GET /node/1817 HTTP/1.1" 200 - "-" "Mozilla/5.0 (compatible; BLEXBot/1.0; +http://webmeup-crawler.com/)"
135.181.3.228 - - [18/Sep/2024:11:53:55 +0200] "GET /node/1817 HTTP/1.1" 200 - "-" "Mozilla/5.0 (compatible; BLEXBot/1.0; +http://webmeup-crawler.com/)"
135.181.3.228 - - [18/Sep/2024:11:55:32 +0200] "GET /node/1818 HTTP/1.1" 200 - "-" "Mozilla/5.0 (compatible; BLEXBot/1.0; +http://webmeup-crawler.com/)"
135.181.3.228 - - [18/Sep/2024:11:57:09 +0200] "GET /node/1818 HTTP/1.1" 200 - "-" "Mozilla/5.0 (compatible; BLEXBot/1.0; +http://webmeup-crawler.com/)"
135.181.3.228 - - [18/Sep/2024:11:58:45 +0200] "GET /node/1819 HTTP/1.1" 200 - "-" "Mozilla/5.0 (compatible; BLEXBot/1.0; +http://webmeup-crawler.com/)"
135.181.3.228 - - [18/Sep/2024:12:00:22 +0200] "GET /node/1819 HTTP/1.1" 200 - "-" "Mozilla/5.0 (compatible; BLEXBot/1.0; +http://webmeup-crawler.com/)"
135.181.3.228 - - [18/Sep/2024:12:01:58 +0200] "GET /node/182 HTTP/1.1" 200 - "-" "Mozilla/5.0 (compatible; BLEXBot/1.0; +http://webmeup-crawler.com/)"
135.181.3.228 - - [18/Sep/2024:12:03:35 +0200] "GET /node/182 HTTP/1.1" 200 - "-" "Mozilla/5.0 (compatible; BLEXBot/1.0; +http://webmeup-crawler.com/)"
135.181.3.228 - - [18/Sep/2024:12:05:14 +0200] "GET /node/1820 HTTP/1.1" 200 - "-" "Mozilla/5.0 (compatible; BLEXBot/1.0; +http://webmeup-crawler.com/)"
135.181.3.228 - - [18/Sep/2024:12:06:51 +0200] "GET /node/1820 HTTP/1.1" 200 - "-" "Mozilla/5.0 (compatible; BLEXBot/1.0; +http://webmeup-crawler.com/)"
135.181.3.228 - - [18/Sep/2024:12:08:27 +0200] "GET /node/1821 HTTP/1.1" 200 - "-" "Mozilla/5.0 (compatible; BLEXBot/1.0; +http://webmeup-crawler.com/)"
135.181.3.228 - - [18/Sep/2024:12:10:04 +0200] "GET /node/1821 HTTP/1.1" 200 - "-" "Mozilla/5.0 (compatible; BLEXBot/1.0; +http://webmeup-crawler.com/)"
135.181.3.228 - - [18/Sep/2024:12:11:41 +0200] "GET /node/1822 HTTP/1.1" 200 - "-" "Mozilla/5.0 (compatible; BLEXBot/1.0; +http://webmeup-crawler.com/)"
135.181.3.228 - - [18/Sep/2024:12:13:18 +0200] "GET /node/1822 HTTP/1.1" 200 - "-" "Mozilla/5.0 (compatible; BLEXBot/1.0; +http://webmeup-crawler.com/)"
135.181.3.228 - - [18/Sep/2024:12:14:55 +0200] "GET /node/1823 HTTP/1.1" 200 - "-" "Mozilla/5.0 (compatible; BLEXBot/1.0; +http://webmeup-crawler.com/)"
52.167.144.56 - - [18/Sep/2024:12:16:14 +0200] "GET /robots.txt HTTP/1.1" 200 1590 "-" "Mozilla/5.0 AppleWebKit/537.36 (KHTML, like Gecko; compatible; bingbot/2.0; +http://www.bing.com/bingbot.htm) Chrome/116.0.1938.76 Safari/537.36"
135.181.3.228 - - [18/Sep/2024:12:16:32 +0200] "GET /node/1823 HTTP/1.1" 200 - "-" "Mozilla/5.0 (compatible; BLEXBot/1.0; +http://webmeup-crawler.com/)"
52.167.144.221 - - [18/Sep/2024:12:16:52 +0200] "GET /web/home.nsf/51aad2b5d20c0da2c1256c84003b0d36/516a2bb0e46cac07c12572180036e855/$FILE/eu_3.pdf HTTP/1.1" 200 - "-" "Mozilla/5.0 AppleWebKit/537.36 (KHTML, like Gecko; compatible; bingbot/2.0; +http://www.bing.com/bingbot.htm) Chrome/116.0.1938.76 Safari/537.36"
52.167.144.221 - - [18/Sep/2024:12:17:24 +0200] "GET /web/home.nsf/51aad2b5d20c0da2c1256c84003b0d36/516a2bb0e46cac07c12572180036e855/$FILE/eu_3.pdf HTTP/1.1" 200 - "-" "Mozilla/5.0 AppleWebKit/537.36 (KHTML, like Gecko; compatible; bingbot/2.0; +http://www.bing.com/bingbot.htm) Chrome/116.0.1938.76 Safari/537.36"
135.181.3.228 - - [18/Sep/2024:12:18:09 +0200] "GET /node/1824 HTTP/1.1" 200 - "-" "Mozilla/5.0 (compatible; BLEXBot/1.0; +http://webmeup-crawler.com/)"
135.181.3.228 - - [18/Sep/2024:12:19:46 +0200] "GET /node/1824 HTTP/1.1" 200 - "-" "Mozilla/5.0 (compatible; BLEXBot/1.0; +http://webmeup-crawler.com/)"
135.181.3.228 - - [18/Sep/2024:12:21:24 +0200] "GET /node/1825 HTTP/1.1" 200 - "-" "Mozilla/5.0 (compatible; BLEXBot/1.0; +http://webmeup-crawler.com/)"
135.181.3.228 - - [18/Sep/2024:12:23:01 +0200] "GET /node/1825 HTTP/1.1" 200 - "-" "Mozilla/5.0 (compatible; BLEXBot/1.0; +http://webmeup-crawler.com/)"
135.181.3.228 - - [18/Sep/2024:12:24:38 +0200] "GET /node/1826 HTTP/1.1" 200 - "-" "Mozilla/5.0 (compatible; BLEXBot/1.0; +http://webmeup-crawler.com/)"
135.181.3.228 - - [18/Sep/2024:12:26:16 +0200] "GET /node/1826 HTTP/1.1" 200 - "-" "Mozilla/5.0 (compatible; BLEXBot/1.0; +http://webmeup-crawler.com/)"
69.171.249.34 - - [18/Sep/2024:12:26:21 +0200] "GET /robots.txt HTTP/1.1" 200 1590 "-" "facebookexternalhit/1.1 (+http://www.facebook.com/externalhit_uatext.php)"
69.171.249.22 - - [18/Sep/2024:12:26:24 +0200] "GET /files/szakertoirendelettervezet1.doc HTTP/1.1" 200 313344 "-" "meta-externalagent/1.1 (+https://developers.facebook.com/docs/sharing/webmasters/crawler)"
135.181.3.228 - - [18/Sep/2024:12:27:53 +0200] "GET /node/1827 HTTP/1.1" 200 - "-" "Mozilla/5.0 (compatible; BLEXBot/1.0; +http://webmeup-crawler.com/)"
135.181.3.228 - - [18/Sep/2024:12:29:30 +0200] "GET /node/1827 HTTP/1.1" 200 - "-" "Mozilla/5.0 (compatible; BLEXBot/1.0; +http://webmeup-crawler.com/)"
135.181.3.228 - - [18/Sep/2024:12:31:08 +0200] "GET /node/1828 HTTP/1.1" 200 - "-" "Mozilla/5.0 (compatible; BLEXBot/1.0; +http://webmeup-crawler.com/)"
135.181.3.228 - - [18/Sep/2024:12:32:45 +0200] "GET /node/1828 HTTP/1.1" 200 - "-" "Mozilla/5.0 (compatible; BLEXBot/1.0; +http://webmeup-crawler.com/)"
135.181.3.228 - - [18/Sep/2024:12:34:22 +0200] "GET /node/1829 HTTP/1.1" 200 - "-" "Mozilla/5.0 (compatible; BLEXBot/1.0; +http://webmeup-crawler.com/)"
135.181.3.228 - - [18/Sep/2024:12:35:59 +0200] "GET /node/1829 HTTP/1.1" 200 - "-" "Mozilla/5.0 (compatible; BLEXBot/1.0; +http://webmeup-crawler.com/)"
135.181.3.228 - - [18/Sep/2024:12:37:38 +0200] "GET /node/183 HTTP/1.1" 200 - "-" "Mozilla/5.0 (compatible; BLEXBot/1.0; +http://webmeup-crawler.com/)"
135.181.3.228 - - [18/Sep/2024:12:39:16 +0200] "GET /node/183 HTTP/1.1" 200 - "-" "Mozilla/5.0 (compatible; BLEXBot/1.0; +http://webmeup-crawler.com/)"
135.181.3.228 - - [18/Sep/2024:12:40:53 +0200] "GET /node/1830 HTTP/1.1" 200 - "-" "Mozilla/5.0 (compatible; BLEXBot/1.0; +http://webmeup-crawler.com/)"
135.181.3.228 - - [18/Sep/2024:12:42:33 +0200] "GET /node/1830 HTTP/1.1" 200 - "-" "Mozilla/5.0 (compatible; BLEXBot/1.0; +http://webmeup-crawler.com/)"
135.181.3.228 - - [18/Sep/2024:12:44:11 +0200] "GET /node/1831 HTTP/1.1" 200 - "-" "Mozilla/5.0 (compatible; BLEXBot/1.0; +http://webmeup-crawler.com/)"
135.181.3.228 - - [18/Sep/2024:12:45:48 +0200] "GET /node/1831 HTTP/1.1" 200 - "-" "Mozilla/5.0 (compatible; BLEXBot/1.0; +http://webmeup-crawler.com/)"
135.181.3.228 - - [18/Sep/2024:12:47:26 +0200] "GET /node/1832 HTTP/1.1" 200 - "-" "Mozilla/5.0 (compatible; BLEXBot/1.0; +http://webmeup-crawler.com/)"
135.181.3.228 - - [18/Sep/2024:12:49:05 +0200] "GET /node/1832 HTTP/1.1" 200 - "-" "Mozilla/5.0 (compatible; BLEXBot/1.0; +http://webmeup-crawler.com/)"
135.181.3.228 - - [18/Sep/2024:12:50:43 +0200] "GET /node/1833 HTTP/1.1" 200 - "-" "Mozilla/5.0 (compatible; BLEXBot/1.0; +http://webmeup-crawler.com/)"
135.181.3.228 - - [18/Sep/2024:12:52:21 +0200] "GET /node/1833 HTTP/1.1" 200 - "-" "Mozilla/5.0 (compatible; BLEXBot/1.0; +http://webmeup-crawler.com/)"
66.249.66.87 - - [18/Sep/2024:12:52:25 +0200] "GET /files/SKV_jegyzokonyv_KOZIG.pdf HTTP/1.1" 200 407778 "-" "Googlebot/2.1 (+http://www.google.com/bot.html)"
135.181.3.228 - - [18/Sep/2024:12:53:59 +0200] "GET /node/1834 HTTP/1.1" 200 - "-" "Mozilla/5.0 (compatible; BLEXBot/1.0; +http://webmeup-crawler.com/)"
135.181.3.228 - - [18/Sep/2024:12:55:37 +0200] "GET /node/1834 HTTP/1.1" 200 - "-" "Mozilla/5.0 (compatible; BLEXBot/1.0; +http://webmeup-crawler.com/)"
135.181.3.228 - - [18/Sep/2024:12:57:16 +0200] "GET /node/1835 HTTP/1.1" 200 - "-" "Mozilla/5.0 (compatible; BLEXBot/1.0; +http://webmeup-crawler.com/)"
18.213.75.43 - - [18/Sep/2024:12:58:29 +0200] "GET /files/ptk.dologi_jog.pdf HTTP/1.1" 200 141671 "http://www.jogalkotas.hu/files/ptk.dologi_jog.pdf" "Mozilla/5.0 (Windows NT x.y; Win64; x64; rv:10.0) Gecko/20100101 Firefox/10.0"
18.214.133.41 - - [18/Sep/2024:12:58:29 +0200] "GET /files/htsz_nyil_tabla_terv_071218.pdf HTTP/1.1" 200 131228 "http://www.jogalkotas.hu/files/htsz_nyil_tabla_terv_071218.pdf" "Mozilla/5.0 (Windows NT x.y; Win64; x64; rv:10.0) Gecko/20100101 Firefox/10.0"
18.213.75.43 - - [18/Sep/2024:12:58:29 +0200] "GET /files/OTSZ%20rendelet.pdf HTTP/1.1" 200 168000 "http://www.jogalkotas.hu/files/OTSZ%20rendelet.pdf" "Mozilla/5.0 (Windows NT x.y; Win64; x64; rv:10.0) Gecko/20100101 Firefox/10.0"
18.214.133.41 - - [18/Sep/2024:12:58:29 +0200] "GET /files/31-2004-mod-kozigre.pdf HTTP/1.1" 200 343047 "http://www.jogalkotas.hu/files/31-2004-mod-kozigre.pdf" "Mozilla/5.0 (Windows NT x.y; Win64; x64; rv:10.0) Gecko/20100101 Firefox/10.0"
18.213.75.43 - - [18/Sep/2024:12:58:30 +0200] "GET /files/51995%5B1%5D.pdf HTTP/1.1" 200 784820 "http://www.jogalkotas.hu/files/51995[1].pdf" "Mozilla/5.0 (Windows NT x.y; Win64; x64; rv:10.0) Gecko/20100101 Firefox/10.0"
18.206.30.0 - - [18/Sep/2024:12:58:30 +0200] "GET /files/ptk-normaszoveg-tervezet_20071029.pdf HTTP/1.1" 200 1425629 "http://www.jogalkotas.hu/files/ptk-normaszoveg-tervezet_20071029.pdf" "Mozilla/5.0 (Windows NT x.y; Win64; x64; rv:10.0) Gecko/20100101 Firefox/10.0"
135.181.3.228 - - [18/Sep/2024:12:58:54 +0200] "GET /node/1836 HTTP/1.1" 200 - "-" "Mozilla/5.0 (compatible; BLEXBot/1.0; +http://webmeup-crawler.com/)"
135.181.3.228 - - [18/Sep/2024:13:00:33 +0200] "GET /node/1836 HTTP/1.1" 200 - "-" "Mozilla/5.0 (compatible; BLEXBot/1.0; +http://webmeup-crawler.com/)"
135.181.3.228 - - [18/Sep/2024:13:02:11 +0200] "GET /node/1837 HTTP/1.1" 200 - "-" "Mozilla/5.0 (compatible; BLEXBot/1.0; +http://webmeup-crawler.com/)"
135.181.3.228 - - [18/Sep/2024:13:03:50 +0200] "GET /node/1837 HTTP/1.1" 200 - "-" "Mozilla/5.0 (compatible; BLEXBot/1.0; +http://webmeup-crawler.com/)"
135.181.3.228 - - [18/Sep/2024:13:05:28 +0200] "GET /node/1838 HTTP/1.1" 200 - "-" "Mozilla/5.0 (compatible; BLEXBot/1.0; +http://webmeup-crawler.com/)"
135.181.3.228 - - [18/Sep/2024:13:07:06 +0200] "GET /node/1838 HTTP/1.1" 200 - "-" "Mozilla/5.0 (compatible; BLEXBot/1.0; +http://webmeup-crawler.com/)"
135.181.3.228 - - [18/Sep/2024:13:08:45 +0200] "GET /node/1839 HTTP/1.1" 200 - "-" "Mozilla/5.0 (compatible; BLEXBot/1.0; +http://webmeup-crawler.com/)"
135.181.3.228 - - [18/Sep/2024:13:10:23 +0200] "GET /node/1839 HTTP/1.1" 200 - "-" "Mozilla/5.0 (compatible; BLEXBot/1.0; +http://webmeup-crawler.com/)"
135.181.3.228 - - [18/Sep/2024:13:12:01 +0200] "GET /node/184 HTTP/1.1" 200 - "-" "Mozilla/5.0 (compatible; BLEXBot/1.0; +http://webmeup-crawler.com/)"
135.181.3.228 - - [18/Sep/2024:13:13:40 +0200] "GET /node/184 HTTP/1.1" 200 - "-" "Mozilla/5.0 (compatible; BLEXBot/1.0; +http://webmeup-crawler.com/)"
135.181.3.228 - - [18/Sep/2024:13:15:19 +0200] "GET /node/1840 HTTP/1.1" 200 - "-" "Mozilla/5.0 (compatible; BLEXBot/1.0; +http://webmeup-crawler.com/)"
135.181.3.228 - - [18/Sep/2024:13:16:57 +0200] "GET /node/1840 HTTP/1.1" 200 - "-" "Mozilla/5.0 (compatible; BLEXBot/1.0; +http://webmeup-crawler.com/)"
135.181.3.228 - - [18/Sep/2024:13:18:35 +0200] "GET /node/1841 HTTP/1.1" 200 - "-" "Mozilla/5.0 (compatible; BLEXBot/1.0; +http://webmeup-crawler.com/)"
135.181.3.228 - - [18/Sep/2024:13:20:14 +0200] "GET /node/1841 HTTP/1.1" 200 - "-" "Mozilla/5.0 (compatible; BLEXBot/1.0; +http://webmeup-crawler.com/)"
135.181.3.228 - - [18/Sep/2024:13:21:54 +0200] "GET /node/1842 HTTP/1.1" 200 - "-" "Mozilla/5.0 (compatible; BLEXBot/1.0; +http://webmeup-crawler.com/)"
135.181.3.228 - - [18/Sep/2024:13:23:33 +0200] "GET /node/1842 HTTP/1.1" 200 - "-" "Mozilla/5.0 (compatible; BLEXBot/1.0; +http://webmeup-crawler.com/)"
135.181.3.228 - - [18/Sep/2024:13:25:12 +0200] "GET /node/1843 HTTP/1.1" 200 - "-" "Mozilla/5.0 (compatible; BLEXBot/1.0; +http://webmeup-crawler.com/)"
135.181.3.228 - - [18/Sep/2024:13:26:51 +0200] "GET /node/1843 HTTP/1.1" 200 - "-" "Mozilla/5.0 (compatible; BLEXBot/1.0; +http://webmeup-crawler.com/)"
135.181.3.228 - - [18/Sep/2024:13:28:30 +0200] "GET /node/1844 HTTP/1.1" 200 - "-" "Mozilla/5.0 (compatible; BLEXBot/1.0; +http://webmeup-crawler.com/)"
135.181.3.228 - - [18/Sep/2024:13:30:09 +0200] "GET /node/1844 HTTP/1.1" 200 - "-" "Mozilla/5.0 (compatible; BLEXBot/1.0; +http://webmeup-crawler.com/)"
135.181.3.228 - - [18/Sep/2024:13:31:49 +0200] "GET /node/1845 HTTP/1.1" 200 - "-" "Mozilla/5.0 (compatible; BLEXBot/1.0; +http://webmeup-crawler.com/)"
135.181.3.228 - - [18/Sep/2024:13:33:28 +0200] "GET /node/1845 HTTP/1.1" 200 - "-" "Mozilla/5.0 (compatible; BLEXBot/1.0; +http://webmeup-crawler.com/)"
135.181.3.228 - - [18/Sep/2024:13:35:07 +0200] "GET /node/1846 HTTP/1.1" 200 - "-" "Mozilla/5.0 (compatible; BLEXBot/1.0; +http://webmeup-crawler.com/)"
135.181.3.228 - - [18/Sep/2024:13:36:46 +0200] "GET /node/1846 HTTP/1.1" 200 - "-" "Mozilla/5.0 (compatible; BLEXBot/1.0; +http://webmeup-crawler.com/)"
