135.181.3.228 - - [18/Sep/2024:02:32:45 +0200] "GET /node/1653 HTTP/1.1" 200 - "-" "Mozilla/5.0 (compatible; BLEXBot/1.0; +http://webmeup-crawler.com/)"
135.181.3.228 - - [18/Sep/2024:02:34:14 +0200] "GET /node/1654 HTTP/1.1" 200 - "-" "Mozilla/5.0 (compatible; BLEXBot/1.0; +http://webmeup-crawler.com/)"
13.57.202.150 - - [18/Sep/2024:02:34:53 +0200] "GET / HTTP/1.1" 200 - "-" "bitdiscovery-suggestions"
135.181.3.228 - - [18/Sep/2024:02:35:44 +0200] "GET /node/1654 HTTP/1.1" 200 - "-" "Mozilla/5.0 (compatible; BLEXBot/1.0; +http://webmeup-crawler.com/)"
135.181.3.228 - - [18/Sep/2024:02:37:14 +0200] "GET /node/1655 HTTP/1.1" 200 - "-" "Mozilla/5.0 (compatible; BLEXBot/1.0; +http://webmeup-crawler.com/)"
135.181.3.228 - - [18/Sep/2024:02:38:44 +0200] "GET /node/1655 HTTP/1.1" 200 - "-" "Mozilla/5.0 (compatible; BLEXBot/1.0; +http://webmeup-crawler.com/)"
135.181.3.228 - - [18/Sep/2024:02:40:08 +0200] "GET /node/1656 HTTP/1.1" 200 - "-" "Mozilla/5.0 (compatible; BLEXBot/1.0; +http://webmeup-crawler.com/)"
66.249.66.86 - - [18/Sep/2024:02:41:33 +0200] "GET /files/ptk-normaszoveg-tervezet_20071029.pdf HTTP/1.1" 304 - "-" "Mozilla/5.0 (Linux; Android 6.0.1; Nexus 5X Build/MMB29P) AppleWebKit/537.36 (KHTML, like Gecko) Chrome/128.0.6613.137 Mobile Safari/537.36 (compatible; Googlebot/2.1; +http://www.google.com/bot.html)"
135.181.3.228 - - [18/Sep/2024:02:41:33 +0200] "GET /node/1656 HTTP/1.1" 200 - "-" "Mozilla/5.0 (compatible; BLEXBot/1.0; +http://webmeup-crawler.com/)"
66.249.66.85 - - [18/Sep/2024:02:42:34 +0200] "GET /files/43per2005_eum_rendelet__mod.doc HTTP/1.1" 304 - "-" "Mozilla/5.0 (Linux; Android 6.0.1; Nexus 5X Build/MMB29P) AppleWebKit/537.36 (KHTML, like Gecko) Chrome/128.0.6613.137 Mobile Safari/537.36 (compatible; Googlebot/2.1; +http://www.google.com/bot.html)"
66.249.66.6 - - [18/Sep/2024:02:42:34 +0200] "GET /files/oksz_terv_100302.pdf HTTP/1.1" 304 - "-" "Mozilla/5.0 (Linux; Android 6.0.1; Nexus 5X Build/MMB29P) AppleWebKit/537.36 (KHTML, like Gecko) Chrome/128.0.6613.137 Mobile Safari/537.36 (compatible; Googlebot/2.1; +http://www.google.com/bot.html)"
135.181.3.228 - - [18/Sep/2024:02:42:58 +0200] "GET /node/1657 HTTP/1.1" 200 - "-" "Mozilla/5.0 (compatible; BLEXBot/1.0; +http://webmeup-crawler.com/)"
135.181.3.228 - - [18/Sep/2024:02:44:28 +0200] "GET /node/1657 HTTP/1.1" 200 - "-" "Mozilla/5.0 (compatible; BLEXBot/1.0; +http://webmeup-crawler.com/)"
135.181.3.228 - - [18/Sep/2024:02:45:58 +0200] "GET /node/1658 HTTP/1.1" 200 - "-" "Mozilla/5.0 (compatible; BLEXBot/1.0; +http://webmeup-crawler.com/)"
135.181.3.228 - - [18/Sep/2024:02:47:31 +0200] "GET /node/1658 HTTP/1.1" 200 - "-" "Mozilla/5.0 (compatible; BLEXBot/1.0; +http://webmeup-crawler.com/)"
135.181.3.228 - - [18/Sep/2024:02:49:01 +0200] "GET /node/1659 HTTP/1.1" 200 - "-" "Mozilla/5.0 (compatible; BLEXBot/1.0; +http://webmeup-crawler.com/)"
135.181.3.228 - - [18/Sep/2024:02:50:31 +0200] "GET /node/1659 HTTP/1.1" 200 - "-" "Mozilla/5.0 (compatible; BLEXBot/1.0; +http://webmeup-crawler.com/)"
135.181.3.228 - - [18/Sep/2024:02:52:01 +0200] "GET /node/166 HTTP/1.1" 200 - "-" "Mozilla/5.0 (compatible; BLEXBot/1.0; +http://webmeup-crawler.com/)"
135.181.3.228 - - [18/Sep/2024:02:53:32 +0200] "GET /node/166 HTTP/1.1" 200 - "-" "Mozilla/5.0 (compatible; BLEXBot/1.0; +http://webmeup-crawler.com/)"
135.181.3.228 - - [18/Sep/2024:02:55:02 +0200] "GET /node/1660 HTTP/1.1" 200 - "-" "Mozilla/5.0 (compatible; BLEXBot/1.0; +http://webmeup-crawler.com/)"
135.181.3.228 - - [18/Sep/2024:02:56:33 +0200] "GET /node/1660 HTTP/1.1" 200 - "-" "Mozilla/5.0 (compatible; BLEXBot/1.0; +http://webmeup-crawler.com/)"
66.249.66.4 - - [18/Sep/2024:02:57:32 +0200] "GET /drupal/node/385 HTTP/1.1" 200 - "-" "Mozilla/5.0 (Linux; Android 6.0.1; Nexus 5X Build/MMB29P) AppleWebKit/537.36 (KHTML, like Gecko) Chrome/128.0.6613.137 Mobile Safari/537.36 (compatible; Googlebot/2.1; +http://www.google.com/bot.html)"
135.181.3.228 - - [18/Sep/2024:02:58:03 +0200] "GET /node/1661 HTTP/1.1" 200 - "-" "Mozilla/5.0 (compatible; BLEXBot/1.0; +http://webmeup-crawler.com/)"
135.181.3.228 - - [18/Sep/2024:02:59:36 +0200] "GET /node/1661 HTTP/1.1" 200 - "-" "Mozilla/5.0 (compatible; BLEXBot/1.0; +http://webmeup-crawler.com/)"
135.181.3.228 - - [18/Sep/2024:03:01:07 +0200] "GET /node/1662 HTTP/1.1" 200 - "-" "Mozilla/5.0 (compatible; BLEXBot/1.0; +http://webmeup-crawler.com/)"
135.181.3.228 - - [18/Sep/2024:03:02:38 +0200] "GET /node/1662 HTTP/1.1" 200 - "-" "Mozilla/5.0 (compatible; BLEXBot/1.0; +http://webmeup-crawler.com/)"
135.181.3.228 - - [18/Sep/2024:03:04:08 +0200] "GET /node/1663 HTTP/1.1" 200 - "-" "Mozilla/5.0 (compatible; BLEXBot/1.0; +http://webmeup-crawler.com/)"
135.181.3.228 - - [18/Sep/2024:03:05:39 +0200] "GET /node/1663 HTTP/1.1" 200 - "-" "Mozilla/5.0 (compatible; BLEXBot/1.0; +http://webmeup-crawler.com/)"
135.181.3.228 - - [18/Sep/2024:03:07:12 +0200] "GET /node/1664 HTTP/1.1" 200 - "-" "Mozilla/5.0 (compatible; BLEXBot/1.0; +http://webmeup-crawler.com/)"
135.181.3.228 - - [18/Sep/2024:03:08:43 +0200] "GET /node/1664 HTTP/1.1" 200 - "-" "Mozilla/5.0 (compatible; BLEXBot/1.0; +http://webmeup-crawler.com/)"
135.181.3.228 - - [18/Sep/2024:03:10:14 +0200] "GET /node/1665 HTTP/1.1" 200 - "-" "Mozilla/5.0 (compatible; BLEXBot/1.0; +http://webmeup-crawler.com/)"
135.181.3.228 - - [18/Sep/2024:03:11:44 +0200] "GET /node/1665 HTTP/1.1" 200 - "-" "Mozilla/5.0 (compatible; BLEXBot/1.0; +http://webmeup-crawler.com/)"
135.181.3.228 - - [18/Sep/2024:03:13:15 +0200] "GET /node/1666 HTTP/1.1" 200 - "-" "Mozilla/5.0 (compatible; BLEXBot/1.0; +http://webmeup-crawler.com/)"
135.181.3.228 - - [18/Sep/2024:03:14:49 +0200] "GET /node/1666 HTTP/1.1" 200 - "-" "Mozilla/5.0 (compatible; BLEXBot/1.0; +http://webmeup-crawler.com/)"
207.46.13.7 - - [18/Sep/2024:03:16:15 +0200] "GET /files/9per1993%20NM%20rendelet.doc HTTP/1.1" 304 - "-" "Mozilla/5.0 AppleWebKit/537.36 (KHTML, like Gecko; compatible; bingbot/2.0; +http://www.bing.com/bingbot.htm) Chrome/116.0.1938.76 Safari/537.36"
135.181.3.228 - - [18/Sep/2024:03:16:20 +0200] "GET /node/1667 HTTP/1.1" 200 - "-" "Mozilla/5.0 (compatible; BLEXBot/1.0; +http://webmeup-crawler.com/)"
135.181.3.228 - - [18/Sep/2024:03:17:51 +0200] "GET /node/1667 HTTP/1.1" 200 - "-" "Mozilla/5.0 (compatible; BLEXBot/1.0; +http://webmeup-crawler.com/)"
52.167.144.163 - - [18/Sep/2024:03:18:53 +0200] "GET /files/44per2004_eum_min_rend_terv_090604.doc HTTP/1.1" 304 - "-" "Mozilla/5.0 AppleWebKit/537.36 (KHTML, like Gecko; compatible; bingbot/2.0; +http://www.bing.com/bingbot.htm) Chrome/116.0.1938.76 Safari/537.36"
66.249.66.85 - - [18/Sep/2024:03:19:00 +0200] "GET /files/Tuzszolszab..pdf HTTP/1.1" 304 - "-" "Mozilla/5.0 (Linux; Android 6.0.1; Nexus 5X Build/MMB29P) AppleWebKit/537.36 (KHTML, like Gecko) Chrome/128.0.6613.137 Mobile Safari/537.36 (compatible; Googlebot/2.1; +http://www.google.com/bot.html)"
135.181.3.228 - - [18/Sep/2024:03:19:23 +0200] "GET /node/1668 HTTP/1.1" 200 - "-" "Mozilla/5.0 (compatible; BLEXBot/1.0; +http://webmeup-crawler.com/)"
135.181.3.228 - - [18/Sep/2024:03:20:53 +0200] "GET /node/1668 HTTP/1.1" 200 - "-" "Mozilla/5.0 (compatible; BLEXBot/1.0; +http://webmeup-crawler.com/)"
135.181.3.228 - - [18/Sep/2024:03:22:25 +0200] "GET /node/1669 HTTP/1.1" 200 - "-" "Mozilla/5.0 (compatible; BLEXBot/1.0; +http://webmeup-crawler.com/)"
135.181.3.228 - - [18/Sep/2024:03:23:56 +0200] "GET /node/1669 HTTP/1.1" 200 - "-" "Mozilla/5.0 (compatible; BLEXBot/1.0; +http://webmeup-crawler.com/)"
135.181.3.228 - - [18/Sep/2024:03:25:28 +0200] "GET /node/167 HTTP/1.1" 200 - "-" "Mozilla/5.0 (compatible; BLEXBot/1.0; +http://webmeup-crawler.com/)"
135.181.3.228 - - [18/Sep/2024:03:26:59 +0200] "GET /node/167 HTTP/1.1" 200 - "-" "Mozilla/5.0 (compatible; BLEXBot/1.0; +http://webmeup-crawler.com/)"
135.181.3.228 - - [18/Sep/2024:03:28:30 +0200] "GET /node/1670 HTTP/1.1" 200 - "-" "Mozilla/5.0 (compatible; BLEXBot/1.0; +http://webmeup-crawler.com/)"
18.214.133.41 - - [18/Sep/2024:03:29:20 +0200] "GET /files/hm_rendelet_tervezet_allomany_melleklet.pdf HTTP/1.1" 200 150110 "http://www.jogalkotas.hu/files/hm_rendelet_tervezet_allomany_melleklet.pdf" "Mozilla/5.0 (Windows NT x.y; Win64; x64; rv:10.0) Gecko/20100101 Firefox/10.0"
18.206.30.0 - - [18/Sep/2024:03:29:20 +0200] "GET /files/NFGM326.pdf HTTP/1.1" 200 146508 "http://www.jogalkotas.hu/files/NFGM326.pdf" "Mozilla/5.0 (Windows NT x.y; Win64; x64; rv:10.0) Gecko/20100101 Firefox/10.0"
18.214.133.41 - - [18/Sep/2024:03:29:20 +0200] "GET /files/elemiszerkonyv122007.pdf HTTP/1.1" 200 152700 "http://www.jogalkotas.hu/files/elemiszerkonyv122007.pdf" "Mozilla/5.0 (Windows NT x.y; Win64; x64; rv:10.0) Gecko/20100101 Firefox/10.0"
18.206.30.0 - - [18/Sep/2024:03:29:20 +0200] "GET /files/ecdl_alligra_honlap_060222.pdf HTTP/1.1" 200 208040 "http://www.jogalkotas.hu/files/ecdl_alligra_honlap_060222.pdf" "Mozilla/5.0 (Windows NT x.y; Win64; x64; rv:10.0) Gecko/20100101 Firefox/10.0"
18.214.133.41 - - [18/Sep/2024:03:29:20 +0200] "GET /files/termofold_igenybevetel_eloterjesztes.pdf HTTP/1.1" 200 211330 "http://www.jogalkotas.hu/files/termofold_igenybevetel_eloterjesztes.pdf" "Mozilla/5.0 (Windows NT x.y; Win64; x64; rv:10.0) Gecko/20100101 Firefox/10.0"
18.213.75.43 - - [18/Sep/2024:03:29:20 +0200] "GET /files/esely_terv_081223.pdf HTTP/1.1" 200 204785 "http://www.jogalkotas.hu/files/esely_terv_081223.pdf" "Mozilla/5.0 (Windows NT x.y; Win64; x64; rv:10.0) Gecko/20100101 Firefox/10.0"
18.206.30.0 - - [18/Sep/2024:03:29:21 +0200] "GET /files/ooszi.pdf HTTP/1.1" 200 429252 "http://www.jogalkotas.hu/files/ooszi.pdf" "Mozilla/5.0 (Windows NT x.y; Win64; x64; rv:10.0) Gecko/20100101 Firefox/10.0"
18.214.133.41 - - [18/Sep/2024:03:29:21 +0200] "GET /files/gyamhatosag_eloterj_061204.pdf HTTP/1.1" 200 597742 "http://www.jogalkotas.hu/files/gyamhatosag_eloterj_061204.pdf" "Mozilla/5.0 (Windows NT x.y; Win64; x64; rv:10.0) Gecko/20100101 Firefox/10.0"
18.206.30.0 - - [18/Sep/2024:03:29:22 +0200] "GET /files/ESR_korm_eloterjesztes.pdf HTTP/1.1" 200 1021178 "http://www.jogalkotas.hu/files/ESR_korm_eloterjesztes.pdf" "Mozilla/5.0 (Windows NT x.y; Win64; x64; rv:10.0) Gecko/20100101 Firefox/10.0"
18.214.133.41 - - [18/Sep/2024:03:29:22 +0200] "GET /files/OHT_II_febr2.pdf HTTP/1.1" 200 994566 "http://www.jogalkotas.hu/files/OHT_II_febr2.pdf" "Mozilla/5.0 (Windows NT x.y; Win64; x64; rv:10.0) Gecko/20100101 Firefox/10.0"
135.181.3.228 - - [18/Sep/2024:03:30:02 +0200] "GET /node/1670 HTTP/1.1" 200 - "-" "Mozilla/5.0 (compatible; BLEXBot/1.0; +http://webmeup-crawler.com/)"
135.181.3.228 - - [18/Sep/2024:03:31:33 +0200] "GET /node/1671 HTTP/1.1" 200 - "-" "Mozilla/5.0 (compatible; BLEXBot/1.0; +http://webmeup-crawler.com/)"
135.181.3.228 - - [18/Sep/2024:03:33:05 +0200] "GET /node/1671 HTTP/1.1" 200 - "-" "Mozilla/5.0 (compatible; BLEXBot/1.0; +http://webmeup-crawler.com/)"
135.181.3.228 - - [18/Sep/2024:03:34:37 +0200] "GET /node/1672 HTTP/1.1" 200 - "-" "Mozilla/5.0 (compatible; BLEXBot/1.0; +http://webmeup-crawler.com/)"
135.181.3.228 - - [18/Sep/2024:03:36:08 +0200] "GET /node/1672 HTTP/1.1" 200 - "-" "Mozilla/5.0 (compatible; BLEXBot/1.0; +http://webmeup-crawler.com/)"
135.181.3.228 - - [18/Sep/2024:03:37:40 +0200] "GET /node/1673 HTTP/1.1" 200 - "-" "Mozilla/5.0 (compatible; BLEXBot/1.0; +http://webmeup-crawler.com/)"
135.181.3.228 - - [18/Sep/2024:03:39:11 +0200] "GET /node/1673 HTTP/1.1" 200 - "-" "Mozilla/5.0 (compatible; BLEXBot/1.0; +http://webmeup-crawler.com/)"
135.181.3.228 - - [18/Sep/2024:03:40:43 +0200] "GET /node/1674 HTTP/1.1" 200 - "-" "Mozilla/5.0 (compatible; BLEXBot/1.0; +http://webmeup-crawler.com/)"
135.181.3.228 - - [18/Sep/2024:03:42:15 +0200] "GET /node/1674 HTTP/1.1" 200 - "-" "Mozilla/5.0 (compatible; BLEXBot/1.0; +http://webmeup-crawler.com/)"
135.181.3.228 - - [18/Sep/2024:03:43:47 +0200] "GET /node/1675 HTTP/1.1" 200 - "-" "Mozilla/5.0 (compatible; BLEXBot/1.0; +http://webmeup-crawler.com/)"
135.181.3.228 - - [18/Sep/2024:03:45:18 +0200] "GET /node/1675 HTTP/1.1" 200 - "-" "Mozilla/5.0 (compatible; BLEXBot/1.0; +http://webmeup-crawler.com/)"
135.181.3.228 - - [18/Sep/2024:03:46:50 +0200] "GET /node/1676 HTTP/1.1" 200 - "-" "Mozilla/5.0 (compatible; BLEXBot/1.0; +http://webmeup-crawler.com/)"
135.181.3.228 - - [18/Sep/2024:03:48:22 +0200] "GET /node/1676 HTTP/1.1" 200 - "-" "Mozilla/5.0 (compatible; BLEXBot/1.0; +http://webmeup-crawler.com/)"
135.181.3.228 - - [18/Sep/2024:03:49:54 +0200] "GET /node/1677 HTTP/1.1" 200 - "-" "Mozilla/5.0 (compatible; BLEXBot/1.0; +http://webmeup-crawler.com/)"
135.181.3.228 - - [18/Sep/2024:03:51:25 +0200] "GET /node/1677 HTTP/1.1" 200 - "-" "Mozilla/5.0 (compatible; BLEXBot/1.0; +http://webmeup-crawler.com/)"
135.181.3.228 - - [18/Sep/2024:03:52:57 +0200] "GET /node/1678 HTTP/1.1" 200 - "-" "Mozilla/5.0 (compatible; BLEXBot/1.0; +http://webmeup-crawler.com/)"
135.181.3.228 - - [18/Sep/2024:03:54:29 +0200] "GET /node/1678 HTTP/1.1" 200 - "-" "Mozilla/5.0 (compatible; BLEXBot/1.0; +http://webmeup-crawler.com/)"
135.181.3.228 - - [18/Sep/2024:03:56:01 +0200] "GET /node/1679 HTTP/1.1" 200 - "-" "Mozilla/5.0 (compatible; BLEXBot/1.0; +http://webmeup-crawler.com/)"
135.181.3.228 - - [18/Sep/2024:03:57:33 +0200] "GET /node/1679 HTTP/1.1" 200 - "-" "Mozilla/5.0 (compatible; BLEXBot/1.0; +http://webmeup-crawler.com/)"
135.181.3.228 - - [18/Sep/2024:03:59:05 +0200] "GET /node/168 HTTP/1.1" 200 - "-" "Mozilla/5.0 (compatible; BLEXBot/1.0; +http://webmeup-crawler.com/)"
135.181.3.228 - - [18/Sep/2024:04:00:37 +0200] "GET /node/168 HTTP/1.1" 200 - "-" "Mozilla/5.0 (compatible; BLEXBot/1.0; +http://webmeup-crawler.com/)"
135.181.3.228 - - [18/Sep/2024:04:02:09 +0200] "GET /node/1680 HTTP/1.1" 200 - "-" "Mozilla/5.0 (compatible; BLEXBot/1.0; +http://webmeup-crawler.com/)"
135.181.3.228 - - [18/Sep/2024:04:03:42 +0200] "GET /node/1680 HTTP/1.1" 200 - "-" "Mozilla/5.0 (compatible; BLEXBot/1.0; +http://webmeup-crawler.com/)"
135.181.3.228 - - [18/Sep/2024:04:05:14 +0200] "GET /node/1681 HTTP/1.1" 200 - "-" "Mozilla/5.0 (compatible; BLEXBot/1.0; +http://webmeup-crawler.com/)"
135.181.3.228 - - [18/Sep/2024:04:06:46 +0200] "GET /node/1681 HTTP/1.1" 200 - "-" "Mozilla/5.0 (compatible; BLEXBot/1.0; +http://webmeup-crawler.com/)"
135.181.3.228 - - [18/Sep/2024:04:08:19 +0200] "GET /node/1682 HTTP/1.1" 200 - "-" "Mozilla/5.0 (compatible; BLEXBot/1.0; +http://webmeup-crawler.com/)"
135.181.3.228 - - [18/Sep/2024:04:09:53 +0200] "GET /node/1682 HTTP/1.1" 200 - "-" "Mozilla/5.0 (compatible; BLEXBot/1.0; +http://webmeup-crawler.com/)"
135.181.3.228 - - [18/Sep/2024:04:11:26 +0200] "GET /node/1683 HTTP/1.1" 200 - "-" "Mozilla/5.0 (compatible; BLEXBot/1.0; +http://webmeup-crawler.com/)"
135.181.3.228 - - [18/Sep/2024:04:12:59 +0200] "GET /node/1683 HTTP/1.1" 200 - "-" "Mozilla/5.0 (compatible; BLEXBot/1.0; +http://webmeup-crawler.com/)"
135.181.3.228 - - [18/Sep/2024:04:14:31 +0200] "GET /node/1684 HTTP/1.1" 200 - "-" "Mozilla/5.0 (compatible; BLEXBot/1.0; +http://webmeup-crawler.com/)"
135.181.3.228 - - [18/Sep/2024:04:16:05 +0200] "GET /node/1684 HTTP/1.1" 200 - "-" "Mozilla/5.0 (compatible; BLEXBot/1.0; +http://webmeup-crawler.com/)"
135.181.3.228 - - [18/Sep/2024:04:17:36 +0200] "GET /node/1685 HTTP/1.1" 200 - "-" "Mozilla/5.0 (compatible; BLEXBot/1.0; +http://webmeup-crawler.com/)"
135.181.3.228 - - [18/Sep/2024:04:19:09 +0200] "GET /node/1685 HTTP/1.1" 200 - "-" "Mozilla/5.0 (compatible; BLEXBot/1.0; +http://webmeup-crawler.com/)"
135.181.3.228 - - [18/Sep/2024:04:20:42 +0200] "GET /node/1686 HTTP/1.1" 200 - "-" "Mozilla/5.0 (compatible; BLEXBot/1.0; +http://webmeup-crawler.com/)"
135.181.3.228 - - [18/Sep/2024:04:22:15 +0200] "GET /node/1686 HTTP/1.1" 200 - "-" "Mozilla/5.0 (compatible; BLEXBot/1.0; +http://webmeup-crawler.com/)"
135.181.3.228 - - [18/Sep/2024:04:23:48 +0200] "GET /node/1687 HTTP/1.1" 200 - "-" "Mozilla/5.0 (compatible; BLEXBot/1.0; +http://webmeup-crawler.com/)"
135.181.3.228 - - [18/Sep/2024:04:25:21 +0200] "GET /node/1687 HTTP/1.1" 200 - "-" "Mozilla/5.0 (compatible; BLEXBot/1.0; +http://webmeup-crawler.com/)"
66.249.66.86 - - [18/Sep/2024:04:26:26 +0200] "GET /files/dijrendelet_kozig.doc HTTP/1.1" 304 - "-" "Mozilla/5.0 (Linux; Android 6.0.1; Nexus 5X Build/MMB29P) AppleWebKit/537.36 (KHTML, like Gecko) Chrome/128.0.6613.137 Mobile Safari/537.36 (compatible; Googlebot/2.1; +http://www.google.com/bot.html)"
135.181.3.228 - - [18/Sep/2024:04:26:54 +0200] "GET /node/1688 HTTP/1.1" 200 - "-" "Mozilla/5.0 (compatible; BLEXBot/1.0; +http://webmeup-crawler.com/)"
135.181.3.228 - - [18/Sep/2024:04:28:27 +0200] "GET /node/1688 HTTP/1.1" 200 - "-" "Mozilla/5.0 (compatible; BLEXBot/1.0; +http://webmeup-crawler.com/)"
135.181.3.228 - - [18/Sep/2024:04:30:01 +0200] "GET /node/1689 HTTP/1.1" 200 - "-" "Mozilla/5.0 (compatible; BLEXBot/1.0; +http://webmeup-crawler.com/)"
135.181.3.228 - - [18/Sep/2024:04:31:34 +0200] "GET /node/1689 HTTP/1.1" 200 - "-" "Mozilla/5.0 (compatible; BLEXBot/1.0; +http://webmeup-crawler.com/)"
135.181.3.228 - - [18/Sep/2024:04:33:07 +0200] "GET /node/169 HTTP/1.1" 200 - "-" "Mozilla/5.0 (compatible; BLEXBot/1.0; +http://webmeup-crawler.com/)"
135.181.3.228 - - [18/Sep/2024:04:34:41 +0200] "GET /node/169 HTTP/1.1" 200 - "-" "Mozilla/5.0 (compatible; BLEXBot/1.0; +http://webmeup-crawler.com/)"
135.181.3.228 - - [18/Sep/2024:04:36:15 +0200] "GET /node/1690 HTTP/1.1" 200 - "-" "Mozilla/5.0 (compatible; BLEXBot/1.0; +http://webmeup-crawler.com/)"
18.206.30.0 - - [18/Sep/2024:04:37:11 +0200] "GET /files/nemz_teh_pr_csel_terv_081204.pdf HTTP/1.1" 200 167358 "http://www.jogalkotas.hu/files/nemz_teh_pr_csel_terv_081204.pdf" "Mozilla/5.0 (Windows NT x.y; Win64; x64; rv:10.0) Gecko/20100101 Firefox/10.0"
18.206.30.0 - - [18/Sep/2024:04:37:11 +0200] "GET /files/hm_rendelet_tervezet_minositett_adat_vedelmerol.pdf HTTP/1.1" 200 146515 "http://www.jogalkotas.hu/files/hm_rendelet_tervezet_minositett_adat_vedelmerol.pdf" "Mozilla/5.0 (Windows NT x.y; Win64; x64; rv:10.0) Gecko/20100101 Firefox/10.0"
18.213.75.43 - - [18/Sep/2024:04:37:11 +0200] "GET /files/xx_koltsegvetes_terv_090710.pdf HTTP/1.1" 200 170690 "http://www.jogalkotas.hu/files/xx_koltsegvetes_terv_090710.pdf" "Mozilla/5.0 (Windows NT x.y; Win64; x64; rv:10.0) Gecko/20100101 Firefox/10.0"
18.206.30.0 - - [18/Sep/2024:04:37:11 +0200] "GET /files/alk_tvjav.pdf HTTP/1.1" 200 144596 "http://www.jogalkotas.hu/files/alk_tvjav.pdf" "Mozilla/5.0 (Windows NT x.y; Win64; x64; rv:10.0) Gecko/20100101 Firefox/10.0"
18.214.133.41 - - [18/Sep/2024:04:37:11 +0200] "GET /files/muemlekke_nyilv_070109.pdf HTTP/1.1" 200 157550 "http://www.jogalkotas.hu/files/muemlekke_nyilv_070109.pdf" "Mozilla/5.0 (Windows NT x.y; Win64; x64; rv:10.0) Gecko/20100101 Firefox/10.0"
18.206.30.0 - - [18/Sep/2024:04:37:11 +0200] "GET /files/NFGM3656.pdf HTTP/1.1" 200 154520 "http://www.jogalkotas.hu/files/NFGM3656.pdf" "Mozilla/5.0 (Windows NT x.y; Win64; x64; rv:10.0) Gecko/20100101 Firefox/10.0"
18.206.30.0 - - [18/Sep/2024:04:37:12 +0200] "GET /files/alapitvanyok_terv_090415.pdf HTTP/1.1" 200 205294 "http://www.jogalkotas.hu/files/alapitvanyok_terv_090415.pdf" "Mozilla/5.0 (Windows NT x.y; Win64; x64; rv:10.0) Gecko/20100101 Firefox/10.0"
18.213.75.43 - - [18/Sep/2024:04:37:12 +0200] "GET /files/R178_3rendelet.pdf HTTP/1.1" 200 149874 "http://www.jogalkotas.hu/files/R178_3rendelet.pdf" "Mozilla/5.0 (Windows NT x.y; Win64; x64; rv:10.0) Gecko/20100101 Firefox/10.0"
18.206.30.0 - - [18/Sep/2024:04:37:13 +0200] "GET /files/A_Digitalis_Atallas_Strategiaja.pdf HTTP/1.1" 200 1129550 "http://www.jogalkotas.hu/files/A_Digitalis_Atallas_Strategiaja.pdf" "Mozilla/5.0 (Windows NT x.y; Win64; x64; rv:10.0) Gecko/20100101 Firefox/10.0"
18.206.30.0 - - [18/Sep/2024:04:37:13 +0200] "GET /files/_0edo6usjkedq62sjkg9jmio8_.pdf HTTP/1.1" 200 1758022 "http://www.jogalkotas.hu/files/_0edo6usjkedq62sjkg9jmio8_.pdf" "Mozilla/5.0 (Windows NT x.y; Win64; x64; rv:10.0) Gecko/20100101 Firefox/10.0"
135.181.3.228 - - [18/Sep/2024:04:37:48 +0200] "GET /node/1690 HTTP/1.1" 200 - "-" "Mozilla/5.0 (compatible; BLEXBot/1.0; +http://webmeup-crawler.com/)"
135.181.3.228 - - [18/Sep/2024:04:39:21 +0200] "GET /node/1691 HTTP/1.1" 200 - "-" "Mozilla/5.0 (compatible; BLEXBot/1.0; +http://webmeup-crawler.com/)"
135.181.3.228 - - [18/Sep/2024:04:40:55 +0200] "GET /node/1691 HTTP/1.1" 200 - "-" "Mozilla/5.0 (compatible; BLEXBot/1.0; +http://webmeup-crawler.com/)"
135.181.3.228 - - [18/Sep/2024:04:42:28 +0200] "GET /node/1692 HTTP/1.1" 200 - "-" "Mozilla/5.0 (compatible; BLEXBot/1.0; +http://webmeup-crawler.com/)"
135.181.3.228 - - [18/Sep/2024:04:44:01 +0200] "GET /node/1692 HTTP/1.1" 200 - "-" "Mozilla/5.0 (compatible; BLEXBot/1.0; +http://webmeup-crawler.com/)"
135.181.3.228 - - [18/Sep/2024:04:45:03 +0200] "GET /robots.txt HTTP/1.1" 200 1590 "-" "Mozilla/5.0 (compatible; BLEXBot/1.0; +http://webmeup-crawler.com/)"
66.249.66.86 - - [18/Sep/2024:04:45:28 +0200] "GET /files/mentes_gyogyszerrendeles_min_rend_terv_0909011.doc HTTP/1.1" 304 - "-" "Mozilla/5.0 (Linux; Android 6.0.1; Nexus 5X Build/MMB29P) AppleWebKit/537.36 (KHTML, like Gecko) Chrome/128.0.6613.137 Mobile Safari/537.36 (compatible; Googlebot/2.1; +http://www.google.com/bot.html)"
66.249.66.4 - - [18/Sep/2024:04:45:29 +0200] "GET /robots.txt HTTP/1.1" 200 1590 "-" "Mozilla/5.0 (compatible; Googlebot/2.1; +http://www.google.com/bot.html)"
66.249.66.6 - - [18/Sep/2024:04:45:30 +0200] "GET /files/1998_94_mod_terv_090807.pdf HTTP/1.1" 200 376438 "-" "Mozilla/5.0 (Linux; Android 6.0.1; Nexus 5X Build/MMB29P) AppleWebKit/537.36 (KHTML, like Gecko) Chrome/128.0.6613.137 Mobile Safari/537.36 (compatible; Googlebot/2.1; +http://www.google.com/bot.html)"
135.181.3.228 - - [18/Sep/2024:04:45:34 +0200] "GET /node/1693 HTTP/1.1" 200 - "-" "Mozilla/5.0 (compatible; BLEXBot/1.0; +http://webmeup-crawler.com/)"
135.181.3.228 - - [18/Sep/2024:04:46:36 +0200] "GET /robots.txt HTTP/1.1" 200 1590 "-" "Mozilla/5.0 (compatible; BLEXBot/1.0; +http://webmeup-crawler.com/)"
135.181.3.228 - - [18/Sep/2024:04:47:08 +0200] "GET /node/1693 HTTP/1.1" 200 - "-" "Mozilla/5.0 (compatible; BLEXBot/1.0; +http://webmeup-crawler.com/)"
18.205.41.114 - - [18/Sep/2024:04:47:30 +0200] "GET / HTTP/1.1" 200 - "-" "Mozilla/5.0 (Linux; Android 8.1.0; Redmi Note 6 Pro) AppleWebKit/537.36 (KHTML, like Gecko) Chrome/72.0.3626.105 Mobile Safari/537.36"
135.181.3.228 - - [18/Sep/2024:04:48:42 +0200] "GET /node/1694 HTTP/1.1" 200 - "-" "Mozilla/5.0 (compatible; BLEXBot/1.0; +http://webmeup-crawler.com/)"
135.181.3.228 - - [18/Sep/2024:04:50:16 +0200] "GET /node/1694 HTTP/1.1" 200 - "-" "Mozilla/5.0 (compatible; BLEXBot/1.0; +http://webmeup-crawler.com/)"
135.181.3.228 - - [18/Sep/2024:04:51:49 +0200] "GET /node/1695 HTTP/1.1" 200 - "-" "Mozilla/5.0 (compatible; BLEXBot/1.0; +http://webmeup-crawler.com/)"
135.181.3.228 - - [18/Sep/2024:04:53:23 +0200] "GET /node/1695 HTTP/1.1" 200 - "-" "Mozilla/5.0 (compatible; BLEXBot/1.0; +http://webmeup-crawler.com/)"
66.249.66.85 - - [18/Sep/2024:04:53:33 +0200] "GET /files/oksz_terv_100302.pdf HTTP/1.1" 304 - "-" "Mozilla/5.0 (Linux; Android 6.0.1; Nexus 5X Build/MMB29P) AppleWebKit/537.36 (KHTML, like Gecko) Chrome/128.0.6613.137 Mobile Safari/537.36 (compatible; Googlebot/2.1; +http://www.google.com/bot.html)"
135.181.3.228 - - [18/Sep/2024:04:54:57 +0200] "GET /node/1696 HTTP/1.1" 200 - "-" "Mozilla/5.0 (compatible; BLEXBot/1.0; +http://webmeup-crawler.com/)"
135.181.3.228 - - [18/Sep/2024:04:56:30 +0200] "GET /node/1696 HTTP/1.1" 200 - "-" "Mozilla/5.0 (compatible; BLEXBot/1.0; +http://webmeup-crawler.com/)"
66.249.66.85 - - [18/Sep/2024:04:56:41 +0200] "GET /files/keklampa.doc HTTP/1.1" 304 - "-" "Mozilla/5.0 (Linux; Android 6.0.1; Nexus 5X Build/MMB29P) AppleWebKit/537.36 (KHTML, like Gecko) Chrome/128.0.6613.137 Mobile Safari/537.36 (compatible; Googlebot/2.1; +http://www.google.com/bot.html)"
135.181.3.228 - - [18/Sep/2024:04:58:05 +0200] "GET /node/1697 HTTP/1.1" 200 - "-" "Mozilla/5.0 (compatible; BLEXBot/1.0; +http://webmeup-crawler.com/)"
135.181.3.228 - - [18/Sep/2024:04:59:38 +0200] "GET /node/1697 HTTP/1.1" 200 - "-" "Mozilla/5.0 (compatible; BLEXBot/1.0; +http://webmeup-crawler.com/)"
135.181.3.228 - - [18/Sep/2024:05:01:12 +0200] "GET /node/1698 HTTP/1.1" 200 - "-" "Mozilla/5.0 (compatible; BLEXBot/1.0; +http://webmeup-crawler.com/)"
135.181.3.228 - - [18/Sep/2024:05:02:46 +0200] "GET /node/1698 HTTP/1.1" 200 - "-" "Mozilla/5.0 (compatible; BLEXBot/1.0; +http://webmeup-crawler.com/)"
135.181.3.228 - - [18/Sep/2024:05:04:20 +0200] "GET /node/1699 HTTP/1.1" 200 - "-" "Mozilla/5.0 (compatible; BLEXBot/1.0; +http://webmeup-crawler.com/)"
135.181.3.228 - - [18/Sep/2024:05:05:54 +0200] "GET /node/1699 HTTP/1.1" 200 - "-" "Mozilla/5.0 (compatible; BLEXBot/1.0; +http://webmeup-crawler.com/)"
135.181.3.228 - - [18/Sep/2024:05:07:28 +0200] "GET /node/17 HTTP/1.1" 200 - "-" "Mozilla/5.0 (compatible; BLEXBot/1.0; +http://webmeup-crawler.com/)"
135.181.3.228 - - [18/Sep/2024:05:09:02 +0200] "GET /node/17 HTTP/1.1" 200 - "-" "Mozilla/5.0 (compatible; BLEXBot/1.0; +http://webmeup-crawler.com/)"
135.181.3.228 - - [18/Sep/2024:05:10:36 +0200] "GET /node/170 HTTP/1.1" 200 - "-" "Mozilla/5.0 (compatible; BLEXBot/1.0; +http://webmeup-crawler.com/)"
135.181.3.228 - - [18/Sep/2024:05:12:11 +0200] "GET /node/170 HTTP/1.1" 200 - "-" "Mozilla/5.0 (compatible; BLEXBot/1.0; +http://webmeup-crawler.com/)"
135.181.3.228 - - [18/Sep/2024:05:13:45 +0200] "GET /node/1700 HTTP/1.1" 200 - "-" "Mozilla/5.0 (compatible; BLEXBot/1.0; +http://webmeup-crawler.com/)"
135.181.3.228 - - [18/Sep/2024:05:15:19 +0200] "GET /node/1700 HTTP/1.1" 200 - "-" "Mozilla/5.0 (compatible; BLEXBot/1.0; +http://webmeup-crawler.com/)"
135.181.3.228 - - [18/Sep/2024:05:16:53 +0200] "GET /node/1701 HTTP/1.1" 200 - "-" "Mozilla/5.0 (compatible; BLEXBot/1.0; +http://webmeup-crawler.com/)"
135.181.3.228 - - [18/Sep/2024:05:18:28 +0200] "GET /node/1701 HTTP/1.1" 200 - "-" "Mozilla/5.0 (compatible; BLEXBot/1.0; +http://webmeup-crawler.com/)"
135.181.3.228 - - [18/Sep/2024:05:20:01 +0200] "GET /node/1702 HTTP/1.1" 200 - "-" "Mozilla/5.0 (compatible; BLEXBot/1.0; +http://webmeup-crawler.com/)"
66.249.66.85 - - [18/Sep/2024:05:21:02 +0200] "GET /files/51995[1].pdf HTTP/1.1" 304 - "-" "Mozilla/5.0 (Linux; Android 6.0.1; Nexus 5X Build/MMB29P) AppleWebKit/537.36 (KHTML, like Gecko) Chrome/128.0.6613.137 Mobile Safari/537.36 (compatible; Googlebot/2.1; +http://www.google.com/bot.html)"
135.181.3.228 - - [18/Sep/2024:05:21:37 +0200] "GET /node/1702 HTTP/1.1" 200 - "-" "Mozilla/5.0 (compatible; BLEXBot/1.0; +http://webmeup-crawler.com/)"
135.181.3.228 - - [18/Sep/2024:05:23:11 +0200] "GET /node/1703 HTTP/1.1" 200 - "-" "Mozilla/5.0 (compatible; BLEXBot/1.0; +http://webmeup-crawler.com/)"
135.181.3.228 - - [18/Sep/2024:05:24:46 +0200] "GET /node/1703 HTTP/1.1" 200 - "-" "Mozilla/5.0 (compatible; BLEXBot/1.0; +http://webmeup-crawler.com/)"
135.181.3.228 - - [18/Sep/2024:05:26:20 +0200] "GET /node/1704 HTTP/1.1" 200 - "-" "Mozilla/5.0 (compatible; BLEXBot/1.0; +http://webmeup-crawler.com/)"
135.181.3.228 - - [18/Sep/2024:05:27:55 +0200] "GET /node/1704 HTTP/1.1" 200 - "-" "Mozilla/5.0 (compatible; BLEXBot/1.0; +http://webmeup-crawler.com/)"
135.181.3.228 - - [18/Sep/2024:05:29:30 +0200] "GET /node/1705 HTTP/1.1" 200 - "-" "Mozilla/5.0 (compatible; BLEXBot/1.0; +http://webmeup-crawler.com/)"
135.181.3.228 - - [18/Sep/2024:05:31:04 +0200] "GET /node/1705 HTTP/1.1" 200 - "-" "Mozilla/5.0 (compatible; BLEXBot/1.0; +http://webmeup-crawler.com/)"
135.181.3.228 - - [18/Sep/2024:05:32:39 +0200] "GET /node/1706 HTTP/1.1" 200 - "-" "Mozilla/5.0 (compatible; BLEXBot/1.0; +http://webmeup-crawler.com/)"
135.181.3.228 - - [18/Sep/2024:05:34:14 +0200] "GET /node/1706 HTTP/1.1" 200 - "-" "Mozilla/5.0 (compatible; BLEXBot/1.0; +http://webmeup-crawler.com/)"
135.181.3.228 - - [18/Sep/2024:05:35:48 +0200] "GET /node/1707 HTTP/1.1" 200 - "-" "Mozilla/5.0 (compatible; BLEXBot/1.0; +http://webmeup-crawler.com/)"
18.206.30.0 - - [18/Sep/2024:05:36:00 +0200] "GET /files/R2422.pdf HTTP/1.1" 200 154270 "http://www.jogalkotas.hu/files/R2422.pdf" "Mozilla/5.0 (Windows NT x.y; Win64; x64; rv:10.0) Gecko/20100101 Firefox/10.0"
18.214.133.41 - - [18/Sep/2024:05:36:00 +0200] "GET /files/KAT_norma_06_24.pdf HTTP/1.1" 200 200161 "http://www.jogalkotas.hu/files/KAT_norma_06_24.pdf" "Mozilla/5.0 (Windows NT x.y; Win64; x64; rv:10.0) Gecko/20100101 Firefox/10.0"
18.214.133.41 - - [18/Sep/2024:05:36:00 +0200] "GET /files/5280_kult_int_070208.pdf HTTP/1.1" 200 165464 "http://www.jogalkotas.hu/files/5280_kult_int_070208.pdf" "Mozilla/5.0 (Windows NT x.y; Win64; x64; rv:10.0) Gecko/20100101 Firefox/10.0"
18.213.75.43 - - [18/Sep/2024:05:36:00 +0200] "GET /files/bm_jogalkotasi_program.pdf HTTP/1.1" 200 154807 "http://www.jogalkotas.hu/files/bm_jogalkotasi_program.pdf" "Mozilla/5.0 (Windows NT x.y; Win64; x64; rv:10.0) Gecko/20100101 Firefox/10.0"
18.214.133.41 - - [18/Sep/2024:05:36:00 +0200] "GET /files/eloterjesztes_ekozig2010_0604.pdf HTTP/1.1" 200 231429 "http://www.jogalkotas.hu/files/eloterjesztes_ekozig2010_0604.pdf" "Mozilla/5.0 (Windows NT x.y; Win64; x64; rv:10.0) Gecko/20100101 Firefox/10.0"
18.213.75.43 - - [18/Sep/2024:05:36:01 +0200] "GET /files/szemelyugyi_igazgatas.pdf HTTP/1.1" 200 379679 "http://www.jogalkotas.hu/files/szemelyugyi_igazgatas.pdf" "Mozilla/5.0 (Windows NT x.y; Win64; x64; rv:10.0) Gecko/20100101 Firefox/10.0"
18.206.30.0 - - [18/Sep/2024:05:36:01 +0200] "GET /files/okirattariterv.pdf HTTP/1.1" 200 411997 "http://www.jogalkotas.hu/files/okirattariterv.pdf" "Mozilla/5.0 (Windows NT x.y; Win64; x64; rv:10.0) Gecko/20100101 Firefox/10.0"
18.214.133.41 - - [18/Sep/2024:05:36:01 +0200] "GET /files/3802_16.pdf HTTP/1.1" 200 571634 "http://www.jogalkotas.hu/files/3802_16.pdf" "Mozilla/5.0 (Windows NT x.y; Win64; x64; rv:10.0) Gecko/20100101 Firefox/10.0"
18.214.133.41 - - [18/Sep/2024:05:36:02 +0200] "GET /files/egyes_szocrend_terv_090730.pdf HTTP/1.1" 200 693244 "http://www.jogalkotas.hu/files/egyes_szocrend_terv_090730.pdf" "Mozilla/5.0 (Windows NT x.y; Win64; x64; rv:10.0) Gecko/20100101 Firefox/10.0"
135.181.3.228 - - [18/Sep/2024:05:37:24 +0200] "GET /node/1707 HTTP/1.1" 200 - "-" "Mozilla/5.0 (compatible; BLEXBot/1.0; +http://webmeup-crawler.com/)"
135.181.3.228 - - [18/Sep/2024:05:38:59 +0200] "GET /node/1708 HTTP/1.1" 200 - "-" "Mozilla/5.0 (compatible; BLEXBot/1.0; +http://webmeup-crawler.com/)"
135.181.3.228 - - [18/Sep/2024:05:40:33 +0200] "GET /node/1708 HTTP/1.1" 200 - "-" "Mozilla/5.0 (compatible; BLEXBot/1.0; +http://webmeup-crawler.com/)"
135.181.3.228 - - [18/Sep/2024:05:42:08 +0200] "GET /node/1709 HTTP/1.1" 200 - "-" "Mozilla/5.0 (compatible; BLEXBot/1.0; +http://webmeup-crawler.com/)"
135.181.3.228 - - [18/Sep/2024:05:43:43 +0200] "GET /node/1709 HTTP/1.1" 200 - "-" "Mozilla/5.0 (compatible; BLEXBot/1.0; +http://webmeup-crawler.com/)"
135.181.3.228 - - [18/Sep/2024:05:45:19 +0200] "GET /node/171 HTTP/1.1" 200 - "-" "Mozilla/5.0 (compatible; BLEXBot/1.0; +http://webmeup-crawler.com/)"
135.181.3.228 - - [18/Sep/2024:05:46:54 +0200] "GET /node/171 HTTP/1.1" 200 - "-" "Mozilla/5.0 (compatible; BLEXBot/1.0; +http://webmeup-crawler.com/)"
135.181.3.228 - - [18/Sep/2024:05:48:28 +0200] "GET /node/1710 HTTP/1.1" 200 - "-" "Mozilla/5.0 (compatible; BLEXBot/1.0; +http://webmeup-crawler.com/)"
135.181.3.228 - - [18/Sep/2024:05:50:04 +0200] "GET /node/1710 HTTP/1.1" 200 - "-" "Mozilla/5.0 (compatible; BLEXBot/1.0; +http://webmeup-crawler.com/)"
91.33.169.211 - - [18/Sep/2024:05:50:51 +0200] "GET /files/cegbejegyzesi_eljaras_21_per_2006__02_12_fin.doc HTTP/1.1" 200 54272 "-" "Mozilla/5.0 (Windows NT 10.0; Win64; x64) AppleWebKit/537.36 (KHTML, like Gecko) Chrome/60.0.3112.113 Safari/537.36"
135.181.3.228 - - [18/Sep/2024:05:51:39 +0200] "GET /node/1711 HTTP/1.1" 200 - "-" "Mozilla/5.0 (compatible; BLEXBot/1.0; +http://webmeup-crawler.com/)"
135.181.3.228 - - [18/Sep/2024:05:53:15 +0200] "GET /node/1711 HTTP/1.1" 200 - "-" "Mozilla/5.0 (compatible; BLEXBot/1.0; +http://webmeup-crawler.com/)"
135.181.3.228 - - [18/Sep/2024:05:54:50 +0200] "GET /node/1712 HTTP/1.1" 200 - "-" "Mozilla/5.0 (compatible; BLEXBot/1.0; +http://webmeup-crawler.com/)"
135.181.3.228 - - [18/Sep/2024:05:56:25 +0200] "GET /node/1712 HTTP/1.1" 200 - "-" "Mozilla/5.0 (compatible; BLEXBot/1.0; +http://webmeup-crawler.com/)"
135.181.3.228 - - [18/Sep/2024:05:58:01 +0200] "GET /node/1713 HTTP/1.1" 200 - "-" "Mozilla/5.0 (compatible; BLEXBot/1.0; +http://webmeup-crawler.com/)"
135.181.3.228 - - [18/Sep/2024:05:59:36 +0200] "GET /node/1713 HTTP/1.1" 200 - "-" "Mozilla/5.0 (compatible; BLEXBot/1.0; +http://webmeup-crawler.com/)"
135.181.3.228 - - [18/Sep/2024:06:01:12 +0200] "GET /node/1714 HTTP/1.1" 200 - "-" "Mozilla/5.0 (compatible; BLEXBot/1.0; +http://webmeup-crawler.com/)"
66.249.66.87 - - [18/Sep/2024:06:02:02 +0200] "GET /files/9369_8.pdf HTTP/1.1" 304 - "-" "Mozilla/5.0 (Linux; Android 6.0.1; Nexus 5X Build/MMB29P) AppleWebKit/537.36 (KHTML, like Gecko) Chrome/128.0.6613.137 Mobile Safari/537.36 (compatible; Googlebot/2.1; +http://www.google.com/bot.html)"
135.181.3.228 - - [18/Sep/2024:06:02:48 +0200] "GET /node/1714 HTTP/1.1" 200 - "-" "Mozilla/5.0 (compatible; BLEXBot/1.0; +http://webmeup-crawler.com/)"
135.181.3.228 - - [18/Sep/2024:06:04:24 +0200] "GET /node/1715 HTTP/1.1" 200 - "-" "Mozilla/5.0 (compatible; BLEXBot/1.0; +http://webmeup-crawler.com/)"
135.181.3.228 - - [18/Sep/2024:06:05:59 +0200] "GET /node/1715 HTTP/1.1" 200 - "-" "Mozilla/5.0 (compatible; BLEXBot/1.0; +http://webmeup-crawler.com/)"
135.181.3.228 - - [18/Sep/2024:06:07:35 +0200] "GET /node/1716 HTTP/1.1" 200 - "-" "Mozilla/5.0 (compatible; BLEXBot/1.0; +http://webmeup-crawler.com/)"
135.181.3.228 - - [18/Sep/2024:06:09:11 +0200] "GET /node/1716 HTTP/1.1" 200 - "-" "Mozilla/5.0 (compatible; BLEXBot/1.0; +http://webmeup-crawler.com/)"
135.181.3.228 - - [18/Sep/2024:06:10:46 +0200] "GET /node/1717 HTTP/1.1" 200 - "-" "Mozilla/5.0 (compatible; BLEXBot/1.0; +http://webmeup-crawler.com/)"
135.181.3.228 - - [18/Sep/2024:06:12:22 +0200] "GET /node/1717 HTTP/1.1" 200 - "-" "Mozilla/5.0 (compatible; BLEXBot/1.0; +http://webmeup-crawler.com/)"
135.181.3.228 - - [18/Sep/2024:06:13:58 +0200] "GET /node/1718 HTTP/1.1" 200 - "-" "Mozilla/5.0 (compatible; BLEXBot/1.0; +http://webmeup-crawler.com/)"
135.181.3.228 - - [18/Sep/2024:06:15:34 +0200] "GET /node/1718 HTTP/1.1" 200 - "-" "Mozilla/5.0 (compatible; BLEXBot/1.0; +http://webmeup-crawler.com/)"
66.249.66.85 - - [18/Sep/2024:06:16:03 +0200] "GET /robots.txt HTTP/1.1" 200 1590 "-" "Mozilla/5.0 (compatible; Googlebot/2.1; +http://www.google.com/bot.html)"
135.181.3.228 - - [18/Sep/2024:06:17:10 +0200] "GET /node/1719 HTTP/1.1" 200 - "-" "Mozilla/5.0 (compatible; BLEXBot/1.0; +http://webmeup-crawler.com/)"
135.181.3.228 - - [18/Sep/2024:06:18:45 +0200] "GET /node/1719 HTTP/1.1" 200 - "-" "Mozilla/5.0 (compatible; BLEXBot/1.0; +http://webmeup-crawler.com/)"
135.181.3.228 - - [18/Sep/2024:06:20:21 +0200] "GET /node/172 HTTP/1.1" 200 - "-" "Mozilla/5.0 (compatible; BLEXBot/1.0; +http://webmeup-crawler.com/)"
135.181.3.228 - - [18/Sep/2024:06:21:59 +0200] "GET /node/172 HTTP/1.1" 200 - "-" "Mozilla/5.0 (compatible; BLEXBot/1.0; +http://webmeup-crawler.com/)"
135.181.3.228 - - [18/Sep/2024:06:23:35 +0200] "GET /node/1720 HTTP/1.1" 200 - "-" "Mozilla/5.0 (compatible; BLEXBot/1.0; +http://webmeup-crawler.com/)"
135.181.3.228 - - [18/Sep/2024:06:25:11 +0200] "GET /node/1720 HTTP/1.1" 200 - "-" "Mozilla/5.0 (compatible; BLEXBot/1.0; +http://webmeup-crawler.com/)"
135.181.3.228 - - [18/Sep/2024:06:26:47 +0200] "GET /node/1721 HTTP/1.1" 200 - "-" "Mozilla/5.0 (compatible; BLEXBot/1.0; +http://webmeup-crawler.com/)"
66.249.66.85 - - [18/Sep/2024:06:28:01 +0200] "GET /files/egyes_nemesfem.pdf HTTP/1.1" 304 - "-" "Mozilla/5.0 (Linux; Android 6.0.1; Nexus 5X Build/MMB29P) AppleWebKit/537.36 (KHTML, like Gecko) Chrome/128.0.6613.137 Mobile Safari/537.36 (compatible; Googlebot/2.1; +http://www.google.com/bot.html)"
135.181.3.228 - - [18/Sep/2024:06:28:23 +0200] "GET /node/1721 HTTP/1.1" 200 - "-" "Mozilla/5.0 (compatible; BLEXBot/1.0; +http://webmeup-crawler.com/)"
5.255.231.244 - - [18/Sep/2024:06:28:47 +0200] "GET /robots.txt HTTP/1.1" 200 1590 "-" "Mozilla/5.0 (compatible; YandexBot/3.0; +http://yandex.com/bots)"
95.108.213.222 - - [18/Sep/2024:06:29:19 +0200] "GET /drupal/node/1401 HTTP/1.1" 200 - "-" "Mozilla/5.0 (compatible; YandexBot/3.0; +http://yandex.com/bots)"
135.181.3.228 - - [18/Sep/2024:06:30:00 +0200] "GET /node/1722 HTTP/1.1" 200 - "-" "Mozilla/5.0 (compatible; BLEXBot/1.0; +http://webmeup-crawler.com/)"
135.181.3.228 - - [18/Sep/2024:06:31:36 +0200] "GET /node/1722 HTTP/1.1" 200 - "-" "Mozilla/5.0 (compatible; BLEXBot/1.0; +http://webmeup-crawler.com/)"
135.181.3.228 - - [18/Sep/2024:06:33:13 +0200] "GET /node/1723 HTTP/1.1" 200 - "-" "Mozilla/5.0 (compatible; BLEXBot/1.0; +http://webmeup-crawler.com/)"
135.181.3.228 - - [18/Sep/2024:06:34:49 +0200] "GET /node/1723 HTTP/1.1" 200 - "-" "Mozilla/5.0 (compatible; BLEXBot/1.0; +http://webmeup-crawler.com/)"
135.181.3.228 - - [18/Sep/2024:06:36:26 +0200] "GET /node/1724 HTTP/1.1" 200 - "-" "Mozilla/5.0 (compatible; BLEXBot/1.0; +http://webmeup-crawler.com/)"
135.181.3.228 - - [18/Sep/2024:06:38:02 +0200] "GET /node/1724 HTTP/1.1" 200 - "-" "Mozilla/5.0 (compatible; BLEXBot/1.0; +http://webmeup-crawler.com/)"
135.181.3.228 - - [18/Sep/2024:06:39:39 +0200] "GET /node/1725 HTTP/1.1" 200 - "-" "Mozilla/5.0 (compatible; BLEXBot/1.0; +http://webmeup-crawler.com/)"
135.181.3.228 - - [18/Sep/2024:06:41:16 +0200] "GET /node/1725 HTTP/1.1" 200 - "-" "Mozilla/5.0 (compatible; BLEXBot/1.0; +http://webmeup-crawler.com/)"
135.181.3.228 - - [18/Sep/2024:06:42:53 +0200] "GET /node/1726 HTTP/1.1" 200 - "-" "Mozilla/5.0 (compatible; BLEXBot/1.0; +http://webmeup-crawler.com/)"
135.181.3.228 - - [18/Sep/2024:06:44:30 +0200] "GET /node/1726 HTTP/1.1" 200 - "-" "Mozilla/5.0 (compatible; BLEXBot/1.0; +http://webmeup-crawler.com/)"
135.181.3.228 - - [18/Sep/2024:06:46:01 +0200] "GET /node/1727 HTTP/1.1" 200 - "-" "Mozilla/5.0 (compatible; BLEXBot/1.0; +http://webmeup-crawler.com/)"
135.181.3.228 - - [18/Sep/2024:06:47:40 +0200] "GET /node/1727 HTTP/1.1" 200 - "-" "Mozilla/5.0 (compatible; BLEXBot/1.0; +http://webmeup-crawler.com/)"
18.206.30.0 - - [18/Sep/2024:06:49:16 +0200] "GET /files/elelmezesi_rendelet_tervezet.pdf HTTP/1.1" 200 118824 "http://www.jogalkotas.hu/files/elelmezesi_rendelet_tervezet.pdf" "Mozilla/5.0 (Windows NT x.y; Win64; x64; rv:10.0) Gecko/20100101 Firefox/10.0"
18.214.133.41 - - [18/Sep/2024:06:49:16 +0200] "GET /files/TK45_2.pdf HTTP/1.1" 200 153680 "http://www.jogalkotas.hu/files/TK45_2.pdf" "Mozilla/5.0 (Windows NT x.y; Win64; x64; rv:10.0) Gecko/20100101 Firefox/10.0"
18.206.30.0 - - [18/Sep/2024:06:49:16 +0200] "GET /files/nekika_terv_080826.pdf HTTP/1.1" 200 248367 "http://www.jogalkotas.hu/files/nekika_terv_080826.pdf" "Mozilla/5.0 (Windows NT x.y; Win64; x64; rv:10.0) Gecko/20100101 Firefox/10.0"
18.213.75.43 - - [18/Sep/2024:06:49:16 +0200] "GET /files/91_2003_mod_velemenyezesre.pdf HTTP/1.1" 200 139824 "http://www.jogalkotas.hu/files/91_2003_mod_velemenyezesre.pdf" "Mozilla/5.0 (Windows NT x.y; Win64; x64; rv:10.0) Gecko/20100101 Firefox/10.0"
18.214.133.41 - - [18/Sep/2024:06:49:16 +0200] "GET /files/nat_terv_080521.pdf HTTP/1.1" 200 155548 "http://www.jogalkotas.hu/files/nat_terv_080521.pdf" "Mozilla/5.0 (Windows NT x.y; Win64; x64; rv:10.0) Gecko/20100101 Firefox/10.0"
18.206.30.0 - - [18/Sep/2024:06:49:16 +0200] "GET /files/lakrendmod_javaslat_indokolas_200709251.pdf HTTP/1.1" 200 122804 "http://www.jogalkotas.hu/files/lakrendmod_javaslat_indokolas_200709251.pdf" "Mozilla/5.0 (Windows NT x.y; Win64; x64; rv:10.0) Gecko/20100101 Firefox/10.0"
18.206.30.0 - - [18/Sep/2024:06:49:16 +0200] "GET /files/100_1997_korm_r_mod_061012.pdf HTTP/1.1" 200 233167 "http://www.jogalkotas.hu/files/100_1997_korm_r_mod_061012.pdf" "Mozilla/5.0 (Windows NT x.y; Win64; x64; rv:10.0) Gecko/20100101 Firefox/10.0"
18.213.75.43 - - [18/Sep/2024:06:49:16 +0200] "GET /files/sni_terv_091112.pdf HTTP/1.1" 200 503667 "http://www.jogalkotas.hu/files/sni_terv_091112.pdf" "Mozilla/5.0 (Windows NT x.y; Win64; x64; rv:10.0) Gecko/20100101 Firefox/10.0"
18.206.30.0 - - [18/Sep/2024:06:49:16 +0200] "GET /files/tartas.pdf HTTP/1.1" 200 514811 "http://www.jogalkotas.hu/files/tartas.pdf" "Mozilla/5.0 (Windows NT x.y; Win64; x64; rv:10.0) Gecko/20100101 Firefox/10.0"
135.181.3.228 - - [18/Sep/2024:06:49:17 +0200] "GET /node/1728 HTTP/1.1" 200 - "-" "Mozilla/5.0 (compatible; BLEXBot/1.0; +http://webmeup-crawler.com/)"
135.181.3.228 - - [18/Sep/2024:06:50:54 +0200] "GET /node/1728 HTTP/1.1" 200 - "-" "Mozilla/5.0 (compatible; BLEXBot/1.0; +http://webmeup-crawler.com/)"
135.181.3.228 - - [18/Sep/2024:06:52:31 +0200] "GET /node/1729 HTTP/1.1" 200 - "-" "Mozilla/5.0 (compatible; BLEXBot/1.0; +http://webmeup-crawler.com/)"
135.181.3.228 - - [18/Sep/2024:06:54:09 +0200] "GET /node/1729 HTTP/1.1" 200 - "-" "Mozilla/5.0 (compatible; BLEXBot/1.0; +http://webmeup-crawler.com/)"
135.181.3.228 - - [18/Sep/2024:06:55:47 +0200] "GET /node/173 HTTP/1.1" 200 - "-" "Mozilla/5.0 (compatible; BLEXBot/1.0; +http://webmeup-crawler.com/)"
66.249.66.4 - - [18/Sep/2024:06:56:26 +0200] "GET /files/hadkotelesek_hm_eum_rendelet_tervezet_melleklet.pdf HTTP/1.1" 304 - "-" "Mozilla/5.0 (Linux; Android 6.0.1; Nexus 5X Build/MMB29P) AppleWebKit/537.36 (KHTML, like Gecko) Chrome/128.0.6613.137 Mobile Safari/537.36 (compatible; Googlebot/2.1; +http://www.google.com/bot.html)"
66.249.66.86 - - [18/Sep/2024:06:56:27 +0200] "GET /files/7978.pdf HTTP/1.1" 200 183320 "-" "Mozilla/5.0 (Linux; Android 6.0.1; Nexus 5X Build/MMB29P) AppleWebKit/537.36 (KHTML, like Gecko) Chrome/128.0.6613.137 Mobile Safari/537.36 (compatible; Googlebot/2.1; +http://www.google.com/bot.html)"
135.181.3.228 - - [18/Sep/2024:06:57:24 +0200] "GET /node/173 HTTP/1.1" 200 - "-" "Mozilla/5.0 (compatible; BLEXBot/1.0; +http://webmeup-crawler.com/)"
135.181.3.228 - - [18/Sep/2024:06:59:02 +0200] "GET /node/1730 HTTP/1.1" 200 - "-" "Mozilla/5.0 (compatible; BLEXBot/1.0; +http://webmeup-crawler.com/)"
135.181.3.228 - - [18/Sep/2024:07:00:39 +0200] "GET /node/1730 HTTP/1.1" 200 - "-" "Mozilla/5.0 (compatible; BLEXBot/1.0; +http://webmeup-crawler.com/)"
135.181.3.228 - - [18/Sep/2024:07:02:16 +0200] "GET /node/1732 HTTP/1.1" 200 - "-" "Mozilla/5.0 (compatible; BLEXBot/1.0; +http://webmeup-crawler.com/)"
135.181.3.228 - - [18/Sep/2024:07:03:56 +0200] "GET /node/1732 HTTP/1.1" 200 - "-" "Mozilla/5.0 (compatible; BLEXBot/1.0; +http://webmeup-crawler.com/)"
135.181.3.228 - - [18/Sep/2024:07:05:34 +0200] "GET /node/1733 HTTP/1.1" 200 - "-" "Mozilla/5.0 (compatible; BLEXBot/1.0; +http://webmeup-crawler.com/)"
135.181.3.228 - - [18/Sep/2024:07:07:14 +0200] "GET /node/1733 HTTP/1.1" 200 - "-" "Mozilla/5.0 (compatible; BLEXBot/1.0; +http://webmeup-crawler.com/)"
135.181.3.228 - - [18/Sep/2024:07:08:52 +0200] "GET /node/1734 HTTP/1.1" 200 - "-" "Mozilla/5.0 (compatible; BLEXBot/1.0; +http://webmeup-crawler.com/)"
135.181.3.228 - - [18/Sep/2024:07:10:29 +0200] "GET /node/1734 HTTP/1.1" 200 - "-" "Mozilla/5.0 (compatible; BLEXBot/1.0; +http://webmeup-crawler.com/)"
135.181.3.228 - - [18/Sep/2024:07:12:08 +0200] "GET /node/1735 HTTP/1.1" 200 - "-" "Mozilla/5.0 (compatible; BLEXBot/1.0; +http://webmeup-crawler.com/)"
135.181.3.228 - - [18/Sep/2024:07:13:46 +0200] "GET /node/1735 HTTP/1.1" 200 - "-" "Mozilla/5.0 (compatible; BLEXBot/1.0; +http://webmeup-crawler.com/)"
135.181.3.228 - - [18/Sep/2024:07:15:24 +0200] "GET /node/1736 HTTP/1.1" 200 - "-" "Mozilla/5.0 (compatible; BLEXBot/1.0; +http://webmeup-crawler.com/)"
135.181.3.228 - - [18/Sep/2024:07:17:01 +0200] "GET /node/1736 HTTP/1.1" 200 - "-" "Mozilla/5.0 (compatible; BLEXBot/1.0; +http://webmeup-crawler.com/)"
135.181.3.228 - - [18/Sep/2024:07:18:39 +0200] "GET /node/1737 HTTP/1.1" 200 - "-" "Mozilla/5.0 (compatible; BLEXBot/1.0; +http://webmeup-crawler.com/)"
135.181.3.228 - - [18/Sep/2024:07:20:18 +0200] "GET /node/1737 HTTP/1.1" 200 - "-" "Mozilla/5.0 (compatible; BLEXBot/1.0; +http://webmeup-crawler.com/)"
135.181.3.228 - - [18/Sep/2024:07:21:56 +0200] "GET /node/1738 HTTP/1.1" 200 - "-" "Mozilla/5.0 (compatible; BLEXBot/1.0; +http://webmeup-crawler.com/)"
135.181.3.228 - - [18/Sep/2024:07:23:34 +0200] "GET /node/1738 HTTP/1.1" 200 - "-" "Mozilla/5.0 (compatible; BLEXBot/1.0; +http://webmeup-crawler.com/)"
135.181.3.228 - - [18/Sep/2024:07:25:12 +0200] "GET /node/1739 HTTP/1.1" 200 - "-" "Mozilla/5.0 (compatible; BLEXBot/1.0; +http://webmeup-crawler.com/)"
135.181.3.228 - - [18/Sep/2024:07:26:50 +0200] "GET /node/1739 HTTP/1.1" 200 - "-" "Mozilla/5.0 (compatible; BLEXBot/1.0; +http://webmeup-crawler.com/)"
135.181.3.228 - - [18/Sep/2024:07:28:22 +0200] "GET /node/174 HTTP/1.1" 200 - "-" "Mozilla/5.0 (compatible; BLEXBot/1.0; +http://webmeup-crawler.com/)"
135.181.3.228 - - [18/Sep/2024:07:30:01 +0200] "GET /node/174 HTTP/1.1" 200 - "-" "Mozilla/5.0 (compatible; BLEXBot/1.0; +http://webmeup-crawler.com/)"
135.181.3.228 - - [18/Sep/2024:07:31:39 +0200] "GET /node/1740 HTTP/1.1" 200 - "-" "Mozilla/5.0 (compatible; BLEXBot/1.0; +http://webmeup-crawler.com/)"
135.181.3.228 - - [18/Sep/2024:07:33:17 +0200] "GET /node/1740 HTTP/1.1" 200 - "-" "Mozilla/5.0 (compatible; BLEXBot/1.0; +http://webmeup-crawler.com/)"
135.181.3.228 - - [18/Sep/2024:07:34:56 +0200] "GET /node/1741 HTTP/1.1" 200 - "-" "Mozilla/5.0 (compatible; BLEXBot/1.0; +http://webmeup-crawler.com/)"
135.181.3.228 - - [18/Sep/2024:07:36:34 +0200] "GET /node/1741 HTTP/1.1" 200 - "-" "Mozilla/5.0 (compatible; BLEXBot/1.0; +http://webmeup-crawler.com/)"
52.167.144.192 - - [18/Sep/2024:07:36:45 +0200] "GET /files/elemiszerkonyv122007.pdf HTTP/1.1" 304 - "-" "Mozilla/5.0 AppleWebKit/537.36 (KHTML, like Gecko; compatible; bingbot/2.0; +http://www.bing.com/bingbot.htm) Chrome/116.0.1938.76 Safari/537.36"
135.181.3.228 - - [18/Sep/2024:07:38:15 +0200] "GET /node/1742 HTTP/1.1" 200 - "-" "Mozilla/5.0 (compatible; BLEXBot/1.0; +http://webmeup-crawler.com/)"
135.181.3.228 - - [18/Sep/2024:07:39:54 +0200] "GET /node/1742 HTTP/1.1" 200 - "-" "Mozilla/5.0 (compatible; BLEXBot/1.0; +http://webmeup-crawler.com/)"
135.181.3.228 - - [18/Sep/2024:07:41:35 +0200] "GET /node/1743 HTTP/1.1" 200 - "-" "Mozilla/5.0 (compatible; BLEXBot/1.0; +http://webmeup-crawler.com/)"
66.249.66.85 - - [18/Sep/2024:07:42:17 +0200] "GET /files/KHEM_2616_10eloterj.doc HTTP/1.1" 304 - "-" "Mozilla/5.0 (Linux; Android 6.0.1; Nexus 5X Build/MMB29P) AppleWebKit/537.36 (KHTML, like Gecko) Chrome/128.0.6613.137 Mobile Safari/537.36 (compatible; Googlebot/2.1; +http://www.google.com/bot.html)"
135.181.3.228 - - [18/Sep/2024:07:43:13 +0200] "GET /node/1743 HTTP/1.1" 200 - "-" "Mozilla/5.0 (compatible; BLEXBot/1.0; +http://webmeup-crawler.com/)"
135.181.3.228 - - [18/Sep/2024:07:44:51 +0200] "GET /node/1744 HTTP/1.1" 200 - "-" "Mozilla/5.0 (compatible; BLEXBot/1.0; +http://webmeup-crawler.com/)"
135.181.3.228 - - [18/Sep/2024:07:46:30 +0200] "GET /node/1744 HTTP/1.1" 200 - "-" "Mozilla/5.0 (compatible; BLEXBot/1.0; +http://webmeup-crawler.com/)"
18.214.133.41 - - [18/Sep/2024:07:46:44 +0200] "GET /files/indoklas_karteritesi_terezet.pdf HTTP/1.1" 200 118467 "http://www.jogalkotas.hu/files/indoklas_karteritesi_terezet.pdf" "Mozilla/5.0 (Windows NT x.y; Win64; x64; rv:10.0) Gecko/20100101 Firefox/10.0"
18.214.133.41 - - [18/Sep/2024:07:46:44 +0200] "GET /files/martinsalak.pdf HTTP/1.1" 200 156911 "http://www.jogalkotas.hu/files/martinsalak.pdf" "Mozilla/5.0 (Windows NT x.y; Win64; x64; rv:10.0) Gecko/20100101 Firefox/10.0"
18.206.30.0 - - [18/Sep/2024:07:46:45 +0200] "GET /files/alapf_muv_okt_kovet_V_060414.pdf HTTP/1.1" 200 254858 "http://www.jogalkotas.hu/files/alapf_muv_okt_kovet_V_060414.pdf" "Mozilla/5.0 (Windows NT x.y; Win64; x64; rv:10.0) Gecko/20100101 Firefox/10.0"
18.214.133.41 - - [18/Sep/2024:07:46:45 +0200] "GET /files/kozalk_terv_070806-1.pdf HTTP/1.1" 200 313855 "http://www.jogalkotas.hu/files/kozalk_terv_070806-1.pdf" "Mozilla/5.0 (Windows NT x.y; Win64; x64; rv:10.0) Gecko/20100101 Firefox/10.0"
18.213.75.43 - - [18/Sep/2024:07:46:45 +0200] "GET /files/tamszolg_terv_080630.pdf HTTP/1.1" 200 245872 "http://www.jogalkotas.hu/files/tamszolg_terv_080630.pdf" "Mozilla/5.0 (Windows NT x.y; Win64; x64; rv:10.0) Gecko/20100101 Firefox/10.0"
18.214.133.41 - - [18/Sep/2024:07:46:45 +0200] "GET /files/ptk_oroklesi_jog.pdf HTTP/1.1" 200 260717 "http://www.jogalkotas.hu/files/ptk_oroklesi_jog.pdf" "Mozilla/5.0 (Windows NT x.y; Win64; x64; rv:10.0) Gecko/20100101 Firefox/10.0"
18.213.75.43 - - [18/Sep/2024:07:46:45 +0200] "GET /files/14_1994_terv_080509.pdf HTTP/1.1" 200 270523 "http://www.jogalkotas.hu/files/14_1994_terv_080509.pdf" "Mozilla/5.0 (Windows NT x.y; Win64; x64; rv:10.0) Gecko/20100101 Firefox/10.0"
18.213.75.43 - - [18/Sep/2024:07:46:45 +0200] "GET /files/szoc.szovetkezetek.pdf HTTP/1.1" 200 332984 "http://www.jogalkotas.hu/files/szoc.szovetkezetek.pdf" "Mozilla/5.0 (Windows NT x.y; Win64; x64; rv:10.0) Gecko/20100101 Firefox/10.0"
18.206.30.0 - - [18/Sep/2024:07:46:45 +0200] "GET /files/filmrend_terv_070713.pdf HTTP/1.1" 200 467476 "http://www.jogalkotas.hu/files/filmrend_terv_070713.pdf" "Mozilla/5.0 (Windows NT x.y; Win64; x64; rv:10.0) Gecko/20100101 Firefox/10.0"
18.206.30.0 - - [18/Sep/2024:07:46:45 +0200] "GET /files/Tuzszolszab..pdf HTTP/1.1" 200 424954 "http://www.jogalkotas.hu/files/Tuzszolszab..pdf" "Mozilla/5.0 (Windows NT x.y; Win64; x64; rv:10.0) Gecko/20100101 Firefox/10.0"
135.181.3.228 - - [18/Sep/2024:07:48:09 +0200] "GET /node/1745 HTTP/1.1" 200 - "-" "Mozilla/5.0 (compatible; BLEXBot/1.0; +http://webmeup-crawler.com/)"
135.181.3.228 - - [18/Sep/2024:07:49:48 +0200] "GET /node/1745 HTTP/1.1" 200 - "-" "Mozilla/5.0 (compatible; BLEXBot/1.0; +http://webmeup-crawler.com/)"
135.181.3.228 - - [18/Sep/2024:07:51:27 +0200] "GET /node/1747 HTTP/1.1" 200 - "-" "Mozilla/5.0 (compatible; BLEXBot/1.0; +http://webmeup-crawler.com/)"
