79.209.33.235 - - [19/Sep/2024:19:24:46 +0200] "GET /files/szakertoidijazas.doc HTTP/1.1" 200 59392 "-" "Mozilla/5.0 (Windows NT 10.0; Win64; x64; rv:65.0) Gecko/20100101 Firefox/65.0"
135.181.3.228 - - [19/Sep/2024:19:25:15 +0200] "GET /node/599 HTTP/1.1" 200 - "-" "Mozilla/5.0 (compatible; BLEXBot/1.0; +http://webmeup-crawler.com/)"
135.181.3.228 - - [19/Sep/2024:19:25:57 +0200] "GET /node/6 HTTP/1.1" 200 - "-" "Mozilla/5.0 (compatible; BLEXBot/1.0; +http://webmeup-crawler.com/)"
135.181.3.228 - - [19/Sep/2024:19:26:39 +0200] "GET /node/6 HTTP/1.1" 200 - "-" "Mozilla/5.0 (compatible; BLEXBot/1.0; +http://webmeup-crawler.com/)"
135.181.3.228 - - [19/Sep/2024:19:27:22 +0200] "GET /node/60 HTTP/1.1" 200 - "-" "Mozilla/5.0 (compatible; BLEXBot/1.0; +http://webmeup-crawler.com/)"
135.181.3.228 - - [19/Sep/2024:19:28:04 +0200] "GET /node/60 HTTP/1.1" 200 - "-" "Mozilla/5.0 (compatible; BLEXBot/1.0; +http://webmeup-crawler.com/)"
135.181.3.228 - - [19/Sep/2024:19:28:47 +0200] "GET /node/600 HTTP/1.1" 200 - "-" "Mozilla/5.0 (compatible; BLEXBot/1.0; +http://webmeup-crawler.com/)"
135.181.3.228 - - [19/Sep/2024:19:29:28 +0200] "GET /node/600 HTTP/1.1" 200 - "-" "Mozilla/5.0 (compatible; BLEXBot/1.0; +http://webmeup-crawler.com/)"
135.181.3.228 - - [19/Sep/2024:19:30:10 +0200] "GET /node/601 HTTP/1.1" 200 - "-" "Mozilla/5.0 (compatible; BLEXBot/1.0; +http://webmeup-crawler.com/)"
135.181.3.228 - - [19/Sep/2024:19:30:51 +0200] "GET /node/601 HTTP/1.1" 200 - "-" "Mozilla/5.0 (compatible; BLEXBot/1.0; +http://webmeup-crawler.com/)"
135.181.3.228 - - [19/Sep/2024:19:31:32 +0200] "GET /node/602 HTTP/1.1" 200 - "-" "Mozilla/5.0 (compatible; BLEXBot/1.0; +http://webmeup-crawler.com/)"
135.181.3.228 - - [19/Sep/2024:19:32:14 +0200] "GET /node/602 HTTP/1.1" 200 - "-" "Mozilla/5.0 (compatible; BLEXBot/1.0; +http://webmeup-crawler.com/)"
135.181.3.228 - - [19/Sep/2024:19:32:57 +0200] "GET /node/603 HTTP/1.1" 200 - "-" "Mozilla/5.0 (compatible; BLEXBot/1.0; +http://webmeup-crawler.com/)"
135.181.3.228 - - [19/Sep/2024:19:33:38 +0200] "GET /node/603 HTTP/1.1" 200 - "-" "Mozilla/5.0 (compatible; BLEXBot/1.0; +http://webmeup-crawler.com/)"
135.181.3.228 - - [19/Sep/2024:19:34:20 +0200] "GET /node/604 HTTP/1.1" 200 - "-" "Mozilla/5.0 (compatible; BLEXBot/1.0; +http://webmeup-crawler.com/)"
135.181.3.228 - - [19/Sep/2024:19:35:02 +0200] "GET /node/604 HTTP/1.1" 200 - "-" "Mozilla/5.0 (compatible; BLEXBot/1.0; +http://webmeup-crawler.com/)"
3.101.216.91 - - [19/Sep/2024:19:35:06 +0200] "HEAD / HTTP/1.1" 200 - "-" "bitdiscovery"
3.101.216.91 - - [19/Sep/2024:19:35:22 +0200] "GET / HTTP/1.1" 200 - "-" "bitdiscovery"
135.181.3.228 - - [19/Sep/2024:19:35:43 +0200] "GET /node/605 HTTP/1.1" 200 - "-" "Mozilla/5.0 (compatible; BLEXBot/1.0; +http://webmeup-crawler.com/)"
135.181.3.228 - - [19/Sep/2024:19:36:24 +0200] "GET /node/605 HTTP/1.1" 200 - "-" "Mozilla/5.0 (compatible; BLEXBot/1.0; +http://webmeup-crawler.com/)"
135.181.3.228 - - [19/Sep/2024:19:37:06 +0200] "GET /node/606 HTTP/1.1" 200 - "-" "Mozilla/5.0 (compatible; BLEXBot/1.0; +http://webmeup-crawler.com/)"
135.181.3.228 - - [19/Sep/2024:19:37:48 +0200] "GET /node/606 HTTP/1.1" 200 - "-" "Mozilla/5.0 (compatible; BLEXBot/1.0; +http://webmeup-crawler.com/)"
135.181.3.228 - - [19/Sep/2024:19:38:31 +0200] "GET /node/607 HTTP/1.1" 200 - "-" "Mozilla/5.0 (compatible; BLEXBot/1.0; +http://webmeup-crawler.com/)"
135.181.3.228 - - [19/Sep/2024:19:39:12 +0200] "GET /node/607 HTTP/1.1" 200 - "-" "Mozilla/5.0 (compatible; BLEXBot/1.0; +http://webmeup-crawler.com/)"
135.181.3.228 - - [19/Sep/2024:19:39:55 +0200] "GET /node/608 HTTP/1.1" 200 - "-" "Mozilla/5.0 (compatible; BLEXBot/1.0; +http://webmeup-crawler.com/)"
135.181.3.228 - - [19/Sep/2024:19:40:36 +0200] "GET /node/608 HTTP/1.1" 200 - "-" "Mozilla/5.0 (compatible; BLEXBot/1.0; +http://webmeup-crawler.com/)"
135.181.3.228 - - [19/Sep/2024:19:41:19 +0200] "GET /node/609 HTTP/1.1" 200 - "-" "Mozilla/5.0 (compatible; BLEXBot/1.0; +http://webmeup-crawler.com/)"
135.181.3.228 - - [19/Sep/2024:19:42:00 +0200] "GET /node/609 HTTP/1.1" 200 - "-" "Mozilla/5.0 (compatible; BLEXBot/1.0; +http://webmeup-crawler.com/)"
135.181.3.228 - - [19/Sep/2024:19:42:43 +0200] "GET /node/61 HTTP/1.1" 200 - "-" "Mozilla/5.0 (compatible; BLEXBot/1.0; +http://webmeup-crawler.com/)"
135.181.3.228 - - [19/Sep/2024:19:43:25 +0200] "GET /node/61 HTTP/1.1" 200 - "-" "Mozilla/5.0 (compatible; BLEXBot/1.0; +http://webmeup-crawler.com/)"
135.181.3.228 - - [19/Sep/2024:19:44:08 +0200] "GET /node/610 HTTP/1.1" 200 - "-" "Mozilla/5.0 (compatible; BLEXBot/1.0; +http://webmeup-crawler.com/)"
135.181.3.228 - - [19/Sep/2024:19:44:50 +0200] "GET /node/610 HTTP/1.1" 200 - "-" "Mozilla/5.0 (compatible; BLEXBot/1.0; +http://webmeup-crawler.com/)"
135.181.3.228 - - [19/Sep/2024:19:45:31 +0200] "GET /node/611 HTTP/1.1" 200 - "-" "Mozilla/5.0 (compatible; BLEXBot/1.0; +http://webmeup-crawler.com/)"
135.181.3.228 - - [19/Sep/2024:19:46:13 +0200] "GET /node/611 HTTP/1.1" 200 - "-" "Mozilla/5.0 (compatible; BLEXBot/1.0; +http://webmeup-crawler.com/)"
135.181.3.228 - - [19/Sep/2024:19:46:56 +0200] "GET /node/612 HTTP/1.1" 200 - "-" "Mozilla/5.0 (compatible; BLEXBot/1.0; +http://webmeup-crawler.com/)"
135.181.3.228 - - [19/Sep/2024:19:47:38 +0200] "GET /node/612 HTTP/1.1" 200 - "-" "Mozilla/5.0 (compatible; BLEXBot/1.0; +http://webmeup-crawler.com/)"
135.181.3.228 - - [19/Sep/2024:19:48:21 +0200] "GET /node/613 HTTP/1.1" 200 - "-" "Mozilla/5.0 (compatible; BLEXBot/1.0; +http://webmeup-crawler.com/)"
135.181.3.228 - - [19/Sep/2024:19:49:04 +0200] "GET /node/613 HTTP/1.1" 200 - "-" "Mozilla/5.0 (compatible; BLEXBot/1.0; +http://webmeup-crawler.com/)"
135.181.3.228 - - [19/Sep/2024:19:49:47 +0200] "GET /node/614 HTTP/1.1" 200 - "-" "Mozilla/5.0 (compatible; BLEXBot/1.0; +http://webmeup-crawler.com/)"
135.181.3.228 - - [19/Sep/2024:19:50:29 +0200] "GET /node/614 HTTP/1.1" 200 - "-" "Mozilla/5.0 (compatible; BLEXBot/1.0; +http://webmeup-crawler.com/)"
135.181.3.228 - - [19/Sep/2024:19:51:11 +0200] "GET /node/615 HTTP/1.1" 200 - "-" "Mozilla/5.0 (compatible; BLEXBot/1.0; +http://webmeup-crawler.com/)"
135.181.3.228 - - [19/Sep/2024:19:51:54 +0200] "GET /node/615 HTTP/1.1" 200 - "-" "Mozilla/5.0 (compatible; BLEXBot/1.0; +http://webmeup-crawler.com/)"
135.181.3.228 - - [19/Sep/2024:19:52:35 +0200] "GET /node/616 HTTP/1.1" 200 - "-" "Mozilla/5.0 (compatible; BLEXBot/1.0; +http://webmeup-crawler.com/)"
135.181.3.228 - - [19/Sep/2024:19:53:17 +0200] "GET /node/616 HTTP/1.1" 200 - "-" "Mozilla/5.0 (compatible; BLEXBot/1.0; +http://webmeup-crawler.com/)"
135.181.3.228 - - [19/Sep/2024:19:53:59 +0200] "GET /node/617 HTTP/1.1" 200 - "-" "Mozilla/5.0 (compatible; BLEXBot/1.0; +http://webmeup-crawler.com/)"
135.181.3.228 - - [19/Sep/2024:19:54:40 +0200] "GET /node/617 HTTP/1.1" 200 - "-" "Mozilla/5.0 (compatible; BLEXBot/1.0; +http://webmeup-crawler.com/)"
135.181.3.228 - - [19/Sep/2024:19:55:22 +0200] "GET /node/618 HTTP/1.1" 200 - "-" "Mozilla/5.0 (compatible; BLEXBot/1.0; +http://webmeup-crawler.com/)"
135.181.3.228 - - [19/Sep/2024:19:56:04 +0200] "GET /node/618 HTTP/1.1" 200 - "-" "Mozilla/5.0 (compatible; BLEXBot/1.0; +http://webmeup-crawler.com/)"
135.181.3.228 - - [19/Sep/2024:19:56:47 +0200] "GET /node/619 HTTP/1.1" 200 - "-" "Mozilla/5.0 (compatible; BLEXBot/1.0; +http://webmeup-crawler.com/)"
135.181.3.228 - - [19/Sep/2024:19:57:30 +0200] "GET /node/619 HTTP/1.1" 200 - "-" "Mozilla/5.0 (compatible; BLEXBot/1.0; +http://webmeup-crawler.com/)"
135.181.3.228 - - [19/Sep/2024:19:58:11 +0200] "GET /node/62 HTTP/1.1" 200 - "-" "Mozilla/5.0 (compatible; BLEXBot/1.0; +http://webmeup-crawler.com/)"
135.181.3.228 - - [19/Sep/2024:19:58:53 +0200] "GET /node/62 HTTP/1.1" 200 - "-" "Mozilla/5.0 (compatible; BLEXBot/1.0; +http://webmeup-crawler.com/)"
135.181.3.228 - - [19/Sep/2024:19:59:34 +0200] "GET /node/620 HTTP/1.1" 200 - "-" "Mozilla/5.0 (compatible; BLEXBot/1.0; +http://webmeup-crawler.com/)"
135.181.3.228 - - [19/Sep/2024:20:00:17 +0200] "GET /node/620 HTTP/1.1" 200 - "-" "Mozilla/5.0 (compatible; BLEXBot/1.0; +http://webmeup-crawler.com/)"
135.181.3.228 - - [19/Sep/2024:20:01:00 +0200] "GET /node/621 HTTP/1.1" 200 - "-" "Mozilla/5.0 (compatible; BLEXBot/1.0; +http://webmeup-crawler.com/)"
135.181.3.228 - - [19/Sep/2024:20:01:42 +0200] "GET /node/621 HTTP/1.1" 200 - "-" "Mozilla/5.0 (compatible; BLEXBot/1.0; +http://webmeup-crawler.com/)"
135.181.3.228 - - [19/Sep/2024:20:02:25 +0200] "GET /node/622 HTTP/1.1" 200 - "-" "Mozilla/5.0 (compatible; BLEXBot/1.0; +http://webmeup-crawler.com/)"
135.181.3.228 - - [19/Sep/2024:20:03:06 +0200] "GET /node/622 HTTP/1.1" 200 - "-" "Mozilla/5.0 (compatible; BLEXBot/1.0; +http://webmeup-crawler.com/)"
135.181.3.228 - - [19/Sep/2024:20:03:48 +0200] "GET /node/623 HTTP/1.1" 200 - "-" "Mozilla/5.0 (compatible; BLEXBot/1.0; +http://webmeup-crawler.com/)"
135.181.3.228 - - [19/Sep/2024:20:04:30 +0200] "GET /node/623 HTTP/1.1" 200 - "-" "Mozilla/5.0 (compatible; BLEXBot/1.0; +http://webmeup-crawler.com/)"
135.181.3.228 - - [19/Sep/2024:20:05:12 +0200] "GET /node/624 HTTP/1.1" 200 - "-" "Mozilla/5.0 (compatible; BLEXBot/1.0; +http://webmeup-crawler.com/)"
135.181.3.228 - - [19/Sep/2024:20:05:55 +0200] "GET /node/624 HTTP/1.1" 200 - "-" "Mozilla/5.0 (compatible; BLEXBot/1.0; +http://webmeup-crawler.com/)"
135.181.3.228 - - [19/Sep/2024:20:06:45 +0200] "GET /node/625 HTTP/1.1" 200 - "-" "Mozilla/5.0 (compatible; BLEXBot/1.0; +http://webmeup-crawler.com/)"
135.181.3.228 - - [19/Sep/2024:20:07:28 +0200] "GET /node/625 HTTP/1.1" 200 - "-" "Mozilla/5.0 (compatible; BLEXBot/1.0; +http://webmeup-crawler.com/)"
135.181.3.228 - - [19/Sep/2024:20:08:10 +0200] "GET /node/626 HTTP/1.1" 200 - "-" "Mozilla/5.0 (compatible; BLEXBot/1.0; +http://webmeup-crawler.com/)"
135.181.3.228 - - [19/Sep/2024:20:08:51 +0200] "GET /node/626 HTTP/1.1" 200 - "-" "Mozilla/5.0 (compatible; BLEXBot/1.0; +http://webmeup-crawler.com/)"
135.181.3.228 - - [19/Sep/2024:20:09:34 +0200] "GET /node/627 HTTP/1.1" 200 - "-" "Mozilla/5.0 (compatible; BLEXBot/1.0; +http://webmeup-crawler.com/)"
135.181.3.228 - - [19/Sep/2024:20:10:17 +0200] "GET /node/627 HTTP/1.1" 200 - "-" "Mozilla/5.0 (compatible; BLEXBot/1.0; +http://webmeup-crawler.com/)"
135.181.3.228 - - [19/Sep/2024:20:10:59 +0200] "GET /node/628 HTTP/1.1" 200 - "-" "Mozilla/5.0 (compatible; BLEXBot/1.0; +http://webmeup-crawler.com/)"
135.181.3.228 - - [19/Sep/2024:20:11:41 +0200] "GET /node/628 HTTP/1.1" 200 - "-" "Mozilla/5.0 (compatible; BLEXBot/1.0; +http://webmeup-crawler.com/)"
188.143.169.41 - - [19/Sep/2024:20:12:10 +0200] "GET / HTTP/1.1" 200 - "-" "Mozilla/5.0 X11; Ubuntu; Linux x86_64; rv:126.0 Gecko/20100101 Firefox/126.0"
135.181.3.228 - - [19/Sep/2024:20:12:22 +0200] "GET /node/629 HTTP/1.1" 200 - "-" "Mozilla/5.0 (compatible; BLEXBot/1.0; +http://webmeup-crawler.com/)"
135.181.3.228 - - [19/Sep/2024:20:13:04 +0200] "GET /node/629 HTTP/1.1" 200 - "-" "Mozilla/5.0 (compatible; BLEXBot/1.0; +http://webmeup-crawler.com/)"
135.181.3.228 - - [19/Sep/2024:20:13:46 +0200] "GET /node/63 HTTP/1.1" 200 - "-" "Mozilla/5.0 (compatible; BLEXBot/1.0; +http://webmeup-crawler.com/)"
135.181.3.228 - - [19/Sep/2024:20:14:28 +0200] "GET /node/63 HTTP/1.1" 200 - "-" "Mozilla/5.0 (compatible; BLEXBot/1.0; +http://webmeup-crawler.com/)"
135.181.3.228 - - [19/Sep/2024:20:15:09 +0200] "GET /node/630 HTTP/1.1" 200 - "-" "Mozilla/5.0 (compatible; BLEXBot/1.0; +http://webmeup-crawler.com/)"
135.181.3.228 - - [19/Sep/2024:20:15:51 +0200] "GET /node/630 HTTP/1.1" 200 - "-" "Mozilla/5.0 (compatible; BLEXBot/1.0; +http://webmeup-crawler.com/)"
135.181.3.228 - - [19/Sep/2024:20:16:34 +0200] "GET /node/631 HTTP/1.1" 200 - "-" "Mozilla/5.0 (compatible; BLEXBot/1.0; +http://webmeup-crawler.com/)"
135.181.3.228 - - [19/Sep/2024:20:17:18 +0200] "GET /node/631 HTTP/1.1" 200 - "-" "Mozilla/5.0 (compatible; BLEXBot/1.0; +http://webmeup-crawler.com/)"
135.181.3.228 - - [19/Sep/2024:20:17:59 +0200] "GET /node/632 HTTP/1.1" 200 - "-" "Mozilla/5.0 (compatible; BLEXBot/1.0; +http://webmeup-crawler.com/)"
135.181.3.228 - - [19/Sep/2024:20:18:40 +0200] "GET /node/632 HTTP/1.1" 200 - "-" "Mozilla/5.0 (compatible; BLEXBot/1.0; +http://webmeup-crawler.com/)"
135.181.3.228 - - [19/Sep/2024:20:19:22 +0200] "GET /node/633 HTTP/1.1" 200 - "-" "Mozilla/5.0 (compatible; BLEXBot/1.0; +http://webmeup-crawler.com/)"
135.181.3.228 - - [19/Sep/2024:20:20:05 +0200] "GET /node/633 HTTP/1.1" 200 - "-" "Mozilla/5.0 (compatible; BLEXBot/1.0; +http://webmeup-crawler.com/)"
135.181.3.228 - - [19/Sep/2024:20:20:48 +0200] "GET /node/634 HTTP/1.1" 200 - "-" "Mozilla/5.0 (compatible; BLEXBot/1.0; +http://webmeup-crawler.com/)"
135.181.3.228 - - [19/Sep/2024:20:21:30 +0200] "GET /node/634 HTTP/1.1" 200 - "-" "Mozilla/5.0 (compatible; BLEXBot/1.0; +http://webmeup-crawler.com/)"
135.181.3.228 - - [19/Sep/2024:20:22:12 +0200] "GET /node/635 HTTP/1.1" 200 - "-" "Mozilla/5.0 (compatible; BLEXBot/1.0; +http://webmeup-crawler.com/)"
135.181.3.228 - - [19/Sep/2024:20:22:54 +0200] "GET /node/635 HTTP/1.1" 200 - "-" "Mozilla/5.0 (compatible; BLEXBot/1.0; +http://webmeup-crawler.com/)"
135.181.3.228 - - [19/Sep/2024:20:23:37 +0200] "GET /node/636 HTTP/1.1" 200 - "-" "Mozilla/5.0 (compatible; BLEXBot/1.0; +http://webmeup-crawler.com/)"
135.181.3.228 - - [19/Sep/2024:20:24:20 +0200] "GET /node/636 HTTP/1.1" 200 - "-" "Mozilla/5.0 (compatible; BLEXBot/1.0; +http://webmeup-crawler.com/)"
135.181.3.228 - - [19/Sep/2024:20:25:02 +0200] "GET /node/637 HTTP/1.1" 200 - "-" "Mozilla/5.0 (compatible; BLEXBot/1.0; +http://webmeup-crawler.com/)"
135.181.3.228 - - [19/Sep/2024:20:25:44 +0200] "GET /node/637 HTTP/1.1" 200 - "-" "Mozilla/5.0 (compatible; BLEXBot/1.0; +http://webmeup-crawler.com/)"
135.181.3.228 - - [19/Sep/2024:20:26:26 +0200] "GET /node/638 HTTP/1.1" 200 - "-" "Mozilla/5.0 (compatible; BLEXBot/1.0; +http://webmeup-crawler.com/)"
135.181.3.228 - - [19/Sep/2024:20:27:08 +0200] "GET /node/638 HTTP/1.1" 200 - "-" "Mozilla/5.0 (compatible; BLEXBot/1.0; +http://webmeup-crawler.com/)"
135.181.3.228 - - [19/Sep/2024:20:27:49 +0200] "GET /node/639 HTTP/1.1" 200 - "-" "Mozilla/5.0 (compatible; BLEXBot/1.0; +http://webmeup-crawler.com/)"
135.181.3.228 - - [19/Sep/2024:20:28:31 +0200] "GET /node/639 HTTP/1.1" 200 - "-" "Mozilla/5.0 (compatible; BLEXBot/1.0; +http://webmeup-crawler.com/)"
135.181.3.228 - - [19/Sep/2024:20:29:14 +0200] "GET /node/64 HTTP/1.1" 200 - "-" "Mozilla/5.0 (compatible; BLEXBot/1.0; +http://webmeup-crawler.com/)"
135.181.3.228 - - [19/Sep/2024:20:29:55 +0200] "GET /node/64 HTTP/1.1" 200 - "-" "Mozilla/5.0 (compatible; BLEXBot/1.0; +http://webmeup-crawler.com/)"
135.181.3.228 - - [19/Sep/2024:20:30:40 +0200] "GET /node/640 HTTP/1.1" 200 - "-" "Mozilla/5.0 (compatible; BLEXBot/1.0; +http://webmeup-crawler.com/)"
135.181.3.228 - - [19/Sep/2024:20:31:22 +0200] "GET /node/640 HTTP/1.1" 200 - "-" "Mozilla/5.0 (compatible; BLEXBot/1.0; +http://webmeup-crawler.com/)"
135.181.3.228 - - [19/Sep/2024:20:32:05 +0200] "GET /node/641 HTTP/1.1" 200 - "-" "Mozilla/5.0 (compatible; BLEXBot/1.0; +http://webmeup-crawler.com/)"
135.181.3.228 - - [19/Sep/2024:20:32:47 +0200] "GET /node/641 HTTP/1.1" 200 - "-" "Mozilla/5.0 (compatible; BLEXBot/1.0; +http://webmeup-crawler.com/)"
135.181.3.228 - - [19/Sep/2024:20:33:30 +0200] "GET /node/642 HTTP/1.1" 200 - "-" "Mozilla/5.0 (compatible; BLEXBot/1.0; +http://webmeup-crawler.com/)"
135.181.3.228 - - [19/Sep/2024:20:34:12 +0200] "GET /node/642 HTTP/1.1" 200 - "-" "Mozilla/5.0 (compatible; BLEXBot/1.0; +http://webmeup-crawler.com/)"
135.181.3.228 - - [19/Sep/2024:20:34:55 +0200] "GET /node/643 HTTP/1.1" 200 - "-" "Mozilla/5.0 (compatible; BLEXBot/1.0; +http://webmeup-crawler.com/)"
135.181.3.228 - - [19/Sep/2024:20:35:37 +0200] "GET /node/643 HTTP/1.1" 200 - "-" "Mozilla/5.0 (compatible; BLEXBot/1.0; +http://webmeup-crawler.com/)"
135.181.3.228 - - [19/Sep/2024:20:36:19 +0200] "GET /node/644 HTTP/1.1" 200 - "-" "Mozilla/5.0 (compatible; BLEXBot/1.0; +http://webmeup-crawler.com/)"
135.181.3.228 - - [19/Sep/2024:20:37:02 +0200] "GET /node/644 HTTP/1.1" 200 - "-" "Mozilla/5.0 (compatible; BLEXBot/1.0; +http://webmeup-crawler.com/)"
135.181.3.228 - - [19/Sep/2024:20:37:43 +0200] "GET /node/645 HTTP/1.1" 200 - "-" "Mozilla/5.0 (compatible; BLEXBot/1.0; +http://webmeup-crawler.com/)"
135.181.3.228 - - [19/Sep/2024:20:38:25 +0200] "GET /node/645 HTTP/1.1" 200 - "-" "Mozilla/5.0 (compatible; BLEXBot/1.0; +http://webmeup-crawler.com/)"
135.181.3.228 - - [19/Sep/2024:20:39:07 +0200] "GET /node/646 HTTP/1.1" 200 - "-" "Mozilla/5.0 (compatible; BLEXBot/1.0; +http://webmeup-crawler.com/)"
135.181.3.228 - - [19/Sep/2024:20:39:50 +0200] "GET /node/646 HTTP/1.1" 200 - "-" "Mozilla/5.0 (compatible; BLEXBot/1.0; +http://webmeup-crawler.com/)"
135.181.3.228 - - [19/Sep/2024:20:40:32 +0200] "GET /node/647 HTTP/1.1" 200 - "-" "Mozilla/5.0 (compatible; BLEXBot/1.0; +http://webmeup-crawler.com/)"
135.181.3.228 - - [19/Sep/2024:20:41:14 +0200] "GET /node/647 HTTP/1.1" 200 - "-" "Mozilla/5.0 (compatible; BLEXBot/1.0; +http://webmeup-crawler.com/)"
135.181.3.228 - - [19/Sep/2024:20:41:56 +0200] "GET /node/648 HTTP/1.1" 200 - "-" "Mozilla/5.0 (compatible; BLEXBot/1.0; +http://webmeup-crawler.com/)"
135.181.3.228 - - [19/Sep/2024:20:42:38 +0200] "GET /node/648 HTTP/1.1" 200 - "-" "Mozilla/5.0 (compatible; BLEXBot/1.0; +http://webmeup-crawler.com/)"
135.181.3.228 - - [19/Sep/2024:20:43:19 +0200] "GET /node/649 HTTP/1.1" 200 - "-" "Mozilla/5.0 (compatible; BLEXBot/1.0; +http://webmeup-crawler.com/)"
135.181.3.228 - - [19/Sep/2024:20:44:01 +0200] "GET /node/649 HTTP/1.1" 200 - "-" "Mozilla/5.0 (compatible; BLEXBot/1.0; +http://webmeup-crawler.com/)"
135.181.3.228 - - [19/Sep/2024:20:44:43 +0200] "GET /node/65 HTTP/1.1" 200 - "-" "Mozilla/5.0 (compatible; BLEXBot/1.0; +http://webmeup-crawler.com/)"
135.181.3.228 - - [19/Sep/2024:20:45:25 +0200] "GET /node/65 HTTP/1.1" 200 - "-" "Mozilla/5.0 (compatible; BLEXBot/1.0; +http://webmeup-crawler.com/)"
135.181.3.228 - - [19/Sep/2024:20:46:07 +0200] "GET /node/650 HTTP/1.1" 200 - "-" "Mozilla/5.0 (compatible; BLEXBot/1.0; +http://webmeup-crawler.com/)"
135.181.3.228 - - [19/Sep/2024:20:46:49 +0200] "GET /node/650 HTTP/1.1" 200 - "-" "Mozilla/5.0 (compatible; BLEXBot/1.0; +http://webmeup-crawler.com/)"
135.181.3.228 - - [19/Sep/2024:20:47:31 +0200] "GET /node/651 HTTP/1.1" 200 - "-" "Mozilla/5.0 (compatible; BLEXBot/1.0; +http://webmeup-crawler.com/)"
135.181.3.228 - - [19/Sep/2024:20:48:12 +0200] "GET /node/651 HTTP/1.1" 200 - "-" "Mozilla/5.0 (compatible; BLEXBot/1.0; +http://webmeup-crawler.com/)"
135.181.3.228 - - [19/Sep/2024:20:48:53 +0200] "GET /node/652 HTTP/1.1" 200 - "-" "Mozilla/5.0 (compatible; BLEXBot/1.0; +http://webmeup-crawler.com/)"
135.181.3.228 - - [19/Sep/2024:20:49:35 +0200] "GET /node/652 HTTP/1.1" 200 - "-" "Mozilla/5.0 (compatible; BLEXBot/1.0; +http://webmeup-crawler.com/)"
135.181.3.228 - - [19/Sep/2024:20:50:16 +0200] "GET /node/653 HTTP/1.1" 200 - "-" "Mozilla/5.0 (compatible; BLEXBot/1.0; +http://webmeup-crawler.com/)"
135.181.3.228 - - [19/Sep/2024:20:50:58 +0200] "GET /node/653 HTTP/1.1" 200 - "-" "Mozilla/5.0 (compatible; BLEXBot/1.0; +http://webmeup-crawler.com/)"
52.167.144.166 - - [19/Sep/2024:20:51:14 +0200] "GET /files/$File/im_k_bru.pdf HTTP/1.1" 200 - "-" "Mozilla/5.0 AppleWebKit/537.36 (KHTML, like Gecko; compatible; bingbot/2.0; +http://www.bing.com/bingbot.htm) Chrome/116.0.1938.76 Safari/537.36"
135.181.3.228 - - [19/Sep/2024:20:51:39 +0200] "GET /node/654 HTTP/1.1" 200 - "-" "Mozilla/5.0 (compatible; BLEXBot/1.0; +http://webmeup-crawler.com/)"
52.167.144.166 - - [19/Sep/2024:20:51:46 +0200] "GET /files/$File/im_k_bru.pdf HTTP/1.1" 200 - "-" "Mozilla/5.0 AppleWebKit/537.36 (KHTML, like Gecko; compatible; bingbot/2.0; +http://www.bing.com/bingbot.htm) Chrome/116.0.1938.76 Safari/537.36"
135.181.3.228 - - [19/Sep/2024:20:52:22 +0200] "GET /node/654 HTTP/1.1" 200 - "-" "Mozilla/5.0 (compatible; BLEXBot/1.0; +http://webmeup-crawler.com/)"
135.181.3.228 - - [19/Sep/2024:20:53:04 +0200] "GET /node/655 HTTP/1.1" 200 - "-" "Mozilla/5.0 (compatible; BLEXBot/1.0; +http://webmeup-crawler.com/)"
135.181.3.228 - - [19/Sep/2024:20:53:45 +0200] "GET /node/655 HTTP/1.1" 200 - "-" "Mozilla/5.0 (compatible; BLEXBot/1.0; +http://webmeup-crawler.com/)"
135.181.3.228 - - [19/Sep/2024:20:54:26 +0200] "GET /node/656 HTTP/1.1" 200 - "-" "Mozilla/5.0 (compatible; BLEXBot/1.0; +http://webmeup-crawler.com/)"
135.181.3.228 - - [19/Sep/2024:20:55:09 +0200] "GET /node/656 HTTP/1.1" 200 - "-" "Mozilla/5.0 (compatible; BLEXBot/1.0; +http://webmeup-crawler.com/)"
135.181.3.228 - - [19/Sep/2024:20:55:50 +0200] "GET /node/657 HTTP/1.1" 200 - "-" "Mozilla/5.0 (compatible; BLEXBot/1.0; +http://webmeup-crawler.com/)"
135.181.3.228 - - [19/Sep/2024:20:56:32 +0200] "GET /node/657 HTTP/1.1" 200 - "-" "Mozilla/5.0 (compatible; BLEXBot/1.0; +http://webmeup-crawler.com/)"
135.181.3.228 - - [19/Sep/2024:20:57:14 +0200] "GET /node/658 HTTP/1.1" 200 - "-" "Mozilla/5.0 (compatible; BLEXBot/1.0; +http://webmeup-crawler.com/)"
135.181.3.228 - - [19/Sep/2024:20:57:56 +0200] "GET /node/658 HTTP/1.1" 200 - "-" "Mozilla/5.0 (compatible; BLEXBot/1.0; +http://webmeup-crawler.com/)"
135.181.3.228 - - [19/Sep/2024:20:58:38 +0200] "GET /node/659 HTTP/1.1" 200 - "-" "Mozilla/5.0 (compatible; BLEXBot/1.0; +http://webmeup-crawler.com/)"
135.181.3.228 - - [19/Sep/2024:20:59:18 +0200] "GET /node/659 HTTP/1.1" 200 - "-" "Mozilla/5.0 (compatible; BLEXBot/1.0; +http://webmeup-crawler.com/)"
135.181.3.228 - - [19/Sep/2024:21:00:00 +0200] "GET /node/66 HTTP/1.1" 200 - "-" "Mozilla/5.0 (compatible; BLEXBot/1.0; +http://webmeup-crawler.com/)"
135.181.3.228 - - [19/Sep/2024:21:00:43 +0200] "GET /node/66 HTTP/1.1" 200 - "-" "Mozilla/5.0 (compatible; BLEXBot/1.0; +http://webmeup-crawler.com/)"
135.181.3.228 - - [19/Sep/2024:21:01:24 +0200] "GET /node/660 HTTP/1.1" 200 - "-" "Mozilla/5.0 (compatible; BLEXBot/1.0; +http://webmeup-crawler.com/)"
135.181.3.228 - - [19/Sep/2024:21:02:07 +0200] "GET /node/660 HTTP/1.1" 200 - "-" "Mozilla/5.0 (compatible; BLEXBot/1.0; +http://webmeup-crawler.com/)"
135.181.3.228 - - [19/Sep/2024:21:02:49 +0200] "GET /node/661 HTTP/1.1" 200 - "-" "Mozilla/5.0 (compatible; BLEXBot/1.0; +http://webmeup-crawler.com/)"
135.181.3.228 - - [19/Sep/2024:21:03:30 +0200] "GET /node/661 HTTP/1.1" 200 - "-" "Mozilla/5.0 (compatible; BLEXBot/1.0; +http://webmeup-crawler.com/)"
135.181.3.228 - - [19/Sep/2024:21:04:11 +0200] "GET /node/662 HTTP/1.1" 200 - "-" "Mozilla/5.0 (compatible; BLEXBot/1.0; +http://webmeup-crawler.com/)"
135.181.3.228 - - [19/Sep/2024:21:04:52 +0200] "GET /node/662 HTTP/1.1" 200 - "-" "Mozilla/5.0 (compatible; BLEXBot/1.0; +http://webmeup-crawler.com/)"
135.181.3.228 - - [19/Sep/2024:21:05:33 +0200] "GET /node/663 HTTP/1.1" 200 - "-" "Mozilla/5.0 (compatible; BLEXBot/1.0; +http://webmeup-crawler.com/)"
135.181.3.228 - - [19/Sep/2024:21:06:14 +0200] "GET /node/663 HTTP/1.1" 200 - "-" "Mozilla/5.0 (compatible; BLEXBot/1.0; +http://webmeup-crawler.com/)"
135.181.3.228 - - [19/Sep/2024:21:06:56 +0200] "GET /node/664 HTTP/1.1" 200 - "-" "Mozilla/5.0 (compatible; BLEXBot/1.0; +http://webmeup-crawler.com/)"
135.181.3.228 - - [19/Sep/2024:21:07:39 +0200] "GET /node/664 HTTP/1.1" 200 - "-" "Mozilla/5.0 (compatible; BLEXBot/1.0; +http://webmeup-crawler.com/)"
135.181.3.228 - - [19/Sep/2024:21:08:20 +0200] "GET /node/665 HTTP/1.1" 200 - "-" "Mozilla/5.0 (compatible; BLEXBot/1.0; +http://webmeup-crawler.com/)"
135.181.3.228 - - [19/Sep/2024:21:09:02 +0200] "GET /node/665 HTTP/1.1" 200 - "-" "Mozilla/5.0 (compatible; BLEXBot/1.0; +http://webmeup-crawler.com/)"
135.181.3.228 - - [19/Sep/2024:21:09:47 +0200] "GET /node/666 HTTP/1.1" 200 - "-" "Mozilla/5.0 (compatible; BLEXBot/1.0; +http://webmeup-crawler.com/)"
135.181.3.228 - - [19/Sep/2024:21:10:31 +0200] "GET /node/666 HTTP/1.1" 200 - "-" "Mozilla/5.0 (compatible; BLEXBot/1.0; +http://webmeup-crawler.com/)"
135.181.3.228 - - [19/Sep/2024:21:11:12 +0200] "GET /node/667 HTTP/1.1" 200 - "-" "Mozilla/5.0 (compatible; BLEXBot/1.0; +http://webmeup-crawler.com/)"
135.181.3.228 - - [19/Sep/2024:21:11:53 +0200] "GET /node/667 HTTP/1.1" 200 - "-" "Mozilla/5.0 (compatible; BLEXBot/1.0; +http://webmeup-crawler.com/)"
135.181.3.228 - - [19/Sep/2024:21:12:34 +0200] "GET /node/668 HTTP/1.1" 200 - "-" "Mozilla/5.0 (compatible; BLEXBot/1.0; +http://webmeup-crawler.com/)"
135.181.3.228 - - [19/Sep/2024:21:13:15 +0200] "GET /node/668 HTTP/1.1" 200 - "-" "Mozilla/5.0 (compatible; BLEXBot/1.0; +http://webmeup-crawler.com/)"
135.181.3.228 - - [19/Sep/2024:21:13:56 +0200] "GET /node/669 HTTP/1.1" 200 - "-" "Mozilla/5.0 (compatible; BLEXBot/1.0; +http://webmeup-crawler.com/)"
135.181.3.228 - - [19/Sep/2024:21:14:36 +0200] "GET /node/669 HTTP/1.1" 200 - "-" "Mozilla/5.0 (compatible; BLEXBot/1.0; +http://webmeup-crawler.com/)"
135.181.3.228 - - [19/Sep/2024:21:15:18 +0200] "GET /node/67 HTTP/1.1" 200 - "-" "Mozilla/5.0 (compatible; BLEXBot/1.0; +http://webmeup-crawler.com/)"
135.181.3.228 - - [19/Sep/2024:21:16:00 +0200] "GET /node/67 HTTP/1.1" 200 - "-" "Mozilla/5.0 (compatible; BLEXBot/1.0; +http://webmeup-crawler.com/)"
135.181.3.228 - - [19/Sep/2024:21:16:41 +0200] "GET /node/670 HTTP/1.1" 200 - "-" "Mozilla/5.0 (compatible; BLEXBot/1.0; +http://webmeup-crawler.com/)"
135.181.3.228 - - [19/Sep/2024:21:17:23 +0200] "GET /node/670 HTTP/1.1" 200 - "-" "Mozilla/5.0 (compatible; BLEXBot/1.0; +http://webmeup-crawler.com/)"
135.181.3.228 - - [19/Sep/2024:21:18:05 +0200] "GET /node/671 HTTP/1.1" 200 - "-" "Mozilla/5.0 (compatible; BLEXBot/1.0; +http://webmeup-crawler.com/)"
135.181.3.228 - - [19/Sep/2024:21:18:54 +0200] "GET /node/671 HTTP/1.1" 200 - "-" "Mozilla/5.0 (compatible; BLEXBot/1.0; +http://webmeup-crawler.com/)"
40.77.167.2 - - [19/Sep/2024:21:18:56 +0200] "GET /files/NFGM326.pdf HTTP/1.1" 200 146508 "-" "Mozilla/5.0 AppleWebKit/537.36 (KHTML, like Gecko; compatible; bingbot/2.0; +http://www.bing.com/bingbot.htm) Chrome/116.0.1938.76 Safari/537.36"
135.181.3.228 - - [19/Sep/2024:21:19:39 +0200] "GET /node/672 HTTP/1.1" 200 - "-" "Mozilla/5.0 (compatible; BLEXBot/1.0; +http://webmeup-crawler.com/)"
135.181.3.228 - - [19/Sep/2024:21:20:20 +0200] "GET /node/672 HTTP/1.1" 200 - "-" "Mozilla/5.0 (compatible; BLEXBot/1.0; +http://webmeup-crawler.com/)"
135.181.3.228 - - [19/Sep/2024:21:21:02 +0200] "GET /node/673 HTTP/1.1" 200 - "-" "Mozilla/5.0 (compatible; BLEXBot/1.0; +http://webmeup-crawler.com/)"
135.181.3.228 - - [19/Sep/2024:21:21:42 +0200] "GET /node/673 HTTP/1.1" 200 - "-" "Mozilla/5.0 (compatible; BLEXBot/1.0; +http://webmeup-crawler.com/)"
135.181.3.228 - - [19/Sep/2024:21:22:24 +0200] "GET /node/674 HTTP/1.1" 200 - "-" "Mozilla/5.0 (compatible; BLEXBot/1.0; +http://webmeup-crawler.com/)"
135.181.3.228 - - [19/Sep/2024:21:23:05 +0200] "GET /node/674 HTTP/1.1" 200 - "-" "Mozilla/5.0 (compatible; BLEXBot/1.0; +http://webmeup-crawler.com/)"
135.181.3.228 - - [19/Sep/2024:21:23:45 +0200] "GET /node/675 HTTP/1.1" 200 - "-" "Mozilla/5.0 (compatible; BLEXBot/1.0; +http://webmeup-crawler.com/)"
135.181.3.228 - - [19/Sep/2024:21:24:27 +0200] "GET /node/675 HTTP/1.1" 200 - "-" "Mozilla/5.0 (compatible; BLEXBot/1.0; +http://webmeup-crawler.com/)"
135.181.3.228 - - [19/Sep/2024:21:25:09 +0200] "GET /node/676 HTTP/1.1" 200 - "-" "Mozilla/5.0 (compatible; BLEXBot/1.0; +http://webmeup-crawler.com/)"
135.181.3.228 - - [19/Sep/2024:21:25:50 +0200] "GET /node/676 HTTP/1.1" 200 - "-" "Mozilla/5.0 (compatible; BLEXBot/1.0; +http://webmeup-crawler.com/)"
135.181.3.228 - - [19/Sep/2024:21:26:32 +0200] "GET /node/677 HTTP/1.1" 200 - "-" "Mozilla/5.0 (compatible; BLEXBot/1.0; +http://webmeup-crawler.com/)"
135.181.3.228 - - [19/Sep/2024:21:27:14 +0200] "GET /node/677 HTTP/1.1" 200 - "-" "Mozilla/5.0 (compatible; BLEXBot/1.0; +http://webmeup-crawler.com/)"
135.181.3.228 - - [19/Sep/2024:21:27:55 +0200] "GET /node/678 HTTP/1.1" 200 - "-" "Mozilla/5.0 (compatible; BLEXBot/1.0; +http://webmeup-crawler.com/)"
135.181.3.228 - - [19/Sep/2024:21:28:36 +0200] "GET /node/678 HTTP/1.1" 200 - "-" "Mozilla/5.0 (compatible; BLEXBot/1.0; +http://webmeup-crawler.com/)"
135.181.3.228 - - [19/Sep/2024:21:29:17 +0200] "GET /node/679 HTTP/1.1" 200 - "-" "Mozilla/5.0 (compatible; BLEXBot/1.0; +http://webmeup-crawler.com/)"
135.181.3.228 - - [19/Sep/2024:21:29:59 +0200] "GET /node/679 HTTP/1.1" 200 - "-" "Mozilla/5.0 (compatible; BLEXBot/1.0; +http://webmeup-crawler.com/)"
135.181.3.228 - - [19/Sep/2024:21:30:41 +0200] "GET /node/68 HTTP/1.1" 200 - "-" "Mozilla/5.0 (compatible; BLEXBot/1.0; +http://webmeup-crawler.com/)"
135.181.3.228 - - [19/Sep/2024:21:31:21 +0200] "GET /node/68 HTTP/1.1" 200 - "-" "Mozilla/5.0 (compatible; BLEXBot/1.0; +http://webmeup-crawler.com/)"
135.181.3.228 - - [19/Sep/2024:21:32:03 +0200] "GET /node/680 HTTP/1.1" 200 - "-" "Mozilla/5.0 (compatible; BLEXBot/1.0; +http://webmeup-crawler.com/)"
135.181.3.228 - - [19/Sep/2024:21:32:44 +0200] "GET /node/680 HTTP/1.1" 200 - "-" "Mozilla/5.0 (compatible; BLEXBot/1.0; +http://webmeup-crawler.com/)"
135.181.3.228 - - [19/Sep/2024:21:33:26 +0200] "GET /node/681 HTTP/1.1" 200 - "-" "Mozilla/5.0 (compatible; BLEXBot/1.0; +http://webmeup-crawler.com/)"
135.181.3.228 - - [19/Sep/2024:21:34:08 +0200] "GET /node/681 HTTP/1.1" 200 - "-" "Mozilla/5.0 (compatible; BLEXBot/1.0; +http://webmeup-crawler.com/)"
135.181.3.228 - - [19/Sep/2024:21:34:49 +0200] "GET /node/682 HTTP/1.1" 200 - "-" "Mozilla/5.0 (compatible; BLEXBot/1.0; +http://webmeup-crawler.com/)"
135.181.3.228 - - [19/Sep/2024:21:35:31 +0200] "GET /node/682 HTTP/1.1" 200 - "-" "Mozilla/5.0 (compatible; BLEXBot/1.0; +http://webmeup-crawler.com/)"
135.181.3.228 - - [19/Sep/2024:21:36:12 +0200] "GET /node/683 HTTP/1.1" 200 - "-" "Mozilla/5.0 (compatible; BLEXBot/1.0; +http://webmeup-crawler.com/)"
135.181.3.228 - - [19/Sep/2024:21:36:54 +0200] "GET /node/683 HTTP/1.1" 200 - "-" "Mozilla/5.0 (compatible; BLEXBot/1.0; +http://webmeup-crawler.com/)"
135.181.3.228 - - [19/Sep/2024:21:37:36 +0200] "GET /node/684 HTTP/1.1" 200 - "-" "Mozilla/5.0 (compatible; BLEXBot/1.0; +http://webmeup-crawler.com/)"
135.181.3.228 - - [19/Sep/2024:21:38:18 +0200] "GET /node/684 HTTP/1.1" 200 - "-" "Mozilla/5.0 (compatible; BLEXBot/1.0; +http://webmeup-crawler.com/)"
135.181.3.228 - - [19/Sep/2024:21:38:59 +0200] "GET /node/685 HTTP/1.1" 200 - "-" "Mozilla/5.0 (compatible; BLEXBot/1.0; +http://webmeup-crawler.com/)"
135.181.3.228 - - [19/Sep/2024:21:39:42 +0200] "GET /node/685 HTTP/1.1" 200 - "-" "Mozilla/5.0 (compatible; BLEXBot/1.0; +http://webmeup-crawler.com/)"
135.181.3.228 - - [19/Sep/2024:21:40:24 +0200] "GET /node/686 HTTP/1.1" 200 - "-" "Mozilla/5.0 (compatible; BLEXBot/1.0; +http://webmeup-crawler.com/)"
135.181.3.228 - - [19/Sep/2024:21:41:07 +0200] "GET /node/686 HTTP/1.1" 200 - "-" "Mozilla/5.0 (compatible; BLEXBot/1.0; +http://webmeup-crawler.com/)"
135.181.3.228 - - [19/Sep/2024:21:41:49 +0200] "GET /node/687 HTTP/1.1" 200 - "-" "Mozilla/5.0 (compatible; BLEXBot/1.0; +http://webmeup-crawler.com/)"
135.181.3.228 - - [19/Sep/2024:21:42:32 +0200] "GET /node/687 HTTP/1.1" 200 - "-" "Mozilla/5.0 (compatible; BLEXBot/1.0; +http://webmeup-crawler.com/)"
135.181.3.228 - - [19/Sep/2024:21:43:14 +0200] "GET /node/688 HTTP/1.1" 200 - "-" "Mozilla/5.0 (compatible; BLEXBot/1.0; +http://webmeup-crawler.com/)"
135.181.3.228 - - [19/Sep/2024:21:43:57 +0200] "GET /node/688 HTTP/1.1" 200 - "-" "Mozilla/5.0 (compatible; BLEXBot/1.0; +http://webmeup-crawler.com/)"
135.181.3.228 - - [19/Sep/2024:21:44:40 +0200] "GET /node/689 HTTP/1.1" 200 - "-" "Mozilla/5.0 (compatible; BLEXBot/1.0; +http://webmeup-crawler.com/)"
135.181.3.228 - - [19/Sep/2024:21:45:22 +0200] "GET /node/689 HTTP/1.1" 200 - "-" "Mozilla/5.0 (compatible; BLEXBot/1.0; +http://webmeup-crawler.com/)"
135.181.3.228 - - [19/Sep/2024:21:46:04 +0200] "GET /node/69 HTTP/1.1" 200 - "-" "Mozilla/5.0 (compatible; BLEXBot/1.0; +http://webmeup-crawler.com/)"
135.181.3.228 - - [19/Sep/2024:21:46:46 +0200] "GET /node/69 HTTP/1.1" 200 - "-" "Mozilla/5.0 (compatible; BLEXBot/1.0; +http://webmeup-crawler.com/)"
135.181.3.228 - - [19/Sep/2024:21:47:29 +0200] "GET /node/690 HTTP/1.1" 200 - "-" "Mozilla/5.0 (compatible; BLEXBot/1.0; +http://webmeup-crawler.com/)"
135.181.3.228 - - [19/Sep/2024:21:48:11 +0200] "GET /node/690 HTTP/1.1" 200 - "-" "Mozilla/5.0 (compatible; BLEXBot/1.0; +http://webmeup-crawler.com/)"
135.181.3.228 - - [19/Sep/2024:21:48:52 +0200] "GET /node/691 HTTP/1.1" 200 - "-" "Mozilla/5.0 (compatible; BLEXBot/1.0; +http://webmeup-crawler.com/)"
135.181.3.228 - - [19/Sep/2024:21:49:34 +0200] "GET /node/691 HTTP/1.1" 200 - "-" "Mozilla/5.0 (compatible; BLEXBot/1.0; +http://webmeup-crawler.com/)"
135.181.3.228 - - [19/Sep/2024:21:50:15 +0200] "GET /node/692 HTTP/1.1" 200 - "-" "Mozilla/5.0 (compatible; BLEXBot/1.0; +http://webmeup-crawler.com/)"
135.181.3.228 - - [19/Sep/2024:21:50:56 +0200] "GET /node/692 HTTP/1.1" 200 - "-" "Mozilla/5.0 (compatible; BLEXBot/1.0; +http://webmeup-crawler.com/)"
135.181.3.228 - - [19/Sep/2024:21:51:37 +0200] "GET /node/693 HTTP/1.1" 200 - "-" "Mozilla/5.0 (compatible; BLEXBot/1.0; +http://webmeup-crawler.com/)"
135.181.3.228 - - [19/Sep/2024:21:52:18 +0200] "GET /node/693 HTTP/1.1" 200 - "-" "Mozilla/5.0 (compatible; BLEXBot/1.0; +http://webmeup-crawler.com/)"
135.181.3.228 - - [19/Sep/2024:21:53:00 +0200] "GET /node/694 HTTP/1.1" 200 - "-" "Mozilla/5.0 (compatible; BLEXBot/1.0; +http://webmeup-crawler.com/)"
135.181.3.228 - - [19/Sep/2024:21:53:43 +0200] "GET /node/694 HTTP/1.1" 200 - "-" "Mozilla/5.0 (compatible; BLEXBot/1.0; +http://webmeup-crawler.com/)"
135.181.3.228 - - [19/Sep/2024:21:54:24 +0200] "GET /node/695 HTTP/1.1" 200 - "-" "Mozilla/5.0 (compatible; BLEXBot/1.0; +http://webmeup-crawler.com/)"
135.181.3.228 - - [19/Sep/2024:21:55:05 +0200] "GET /node/695 HTTP/1.1" 200 - "-" "Mozilla/5.0 (compatible; BLEXBot/1.0; +http://webmeup-crawler.com/)"
135.181.3.228 - - [19/Sep/2024:21:55:46 +0200] "GET /node/696 HTTP/1.1" 200 - "-" "Mozilla/5.0 (compatible; BLEXBot/1.0; +http://webmeup-crawler.com/)"
135.181.3.228 - - [19/Sep/2024:21:56:29 +0200] "GET /node/696 HTTP/1.1" 200 - "-" "Mozilla/5.0 (compatible; BLEXBot/1.0; +http://webmeup-crawler.com/)"
135.181.3.228 - - [19/Sep/2024:21:57:11 +0200] "GET /node/697 HTTP/1.1" 200 - "-" "Mozilla/5.0 (compatible; BLEXBot/1.0; +http://webmeup-crawler.com/)"
135.181.3.228 - - [19/Sep/2024:21:57:52 +0200] "GET /node/697 HTTP/1.1" 200 - "-" "Mozilla/5.0 (compatible; BLEXBot/1.0; +http://webmeup-crawler.com/)"
135.181.3.228 - - [19/Sep/2024:21:58:34 +0200] "GET /node/698 HTTP/1.1" 200 - "-" "Mozilla/5.0 (compatible; BLEXBot/1.0; +http://webmeup-crawler.com/)"
135.181.3.228 - - [19/Sep/2024:21:59:18 +0200] "GET /node/698 HTTP/1.1" 200 - "-" "Mozilla/5.0 (compatible; BLEXBot/1.0; +http://webmeup-crawler.com/)"
135.181.3.228 - - [19/Sep/2024:22:00:00 +0200] "GET /node/699 HTTP/1.1" 200 - "-" "Mozilla/5.0 (compatible; BLEXBot/1.0; +http://webmeup-crawler.com/)"
135.181.3.228 - - [19/Sep/2024:22:00:43 +0200] "GET /node/699 HTTP/1.1" 200 - "-" "Mozilla/5.0 (compatible; BLEXBot/1.0; +http://webmeup-crawler.com/)"
135.181.3.228 - - [19/Sep/2024:22:01:26 +0200] "GET /node/7 HTTP/1.1" 200 - "-" "Mozilla/5.0 (compatible; BLEXBot/1.0; +http://webmeup-crawler.com/)"
94.23.207.193 - - [19/Sep/2024:22:01:38 +0200] "GET /robots.txt HTTP/1.1" 200 1590 "-" "Mozilla/5.0 (compatible; MJ12bot/v1.4.8; http://mj12bot.com/)"
135.181.3.228 - - [19/Sep/2024:22:02:07 +0200] "GET /node/7 HTTP/1.1" 200 - "-" "Mozilla/5.0 (compatible; BLEXBot/1.0; +http://webmeup-crawler.com/)"
94.23.207.193 - - [19/Sep/2024:22:02:21 +0200] "GET /files/9-93.normasz%C3%83%C2%B6veg.m%C3%83%C2%B3d.2007.febr.T%C3%83?RCA.doc HTTP/1.1" 200 - "-" "Mozilla/5.0 (compatible; MJ12bot/v1.4.8; http://mj12bot.com/)"
135.181.3.228 - - [19/Sep/2024:22:02:48 +0200] "GET /node/70 HTTP/1.1" 200 - "-" "Mozilla/5.0 (compatible; BLEXBot/1.0; +http://webmeup-crawler.com/)"
135.181.3.228 - - [19/Sep/2024:22:03:29 +0200] "GET /node/70 HTTP/1.1" 200 - "-" "Mozilla/5.0 (compatible; BLEXBot/1.0; +http://webmeup-crawler.com/)"
51.210.214.160 - - [19/Sep/2024:22:03:46 +0200] "GET /taxonomy/term/99/0/feed HTTP/1.1" 200 - "-" "Mozilla/5.0 (X11; Linux i686) AppleWebKit/537.36 (KHTML, like Gecko) Chrome/30.0.1599.66 Safari/537.36"
135.181.3.228 - - [19/Sep/2024:22:04:10 +0200] "GET /node/700 HTTP/1.1" 200 - "-" "Mozilla/5.0 (compatible; BLEXBot/1.0; +http://webmeup-crawler.com/)"
135.181.3.228 - - [19/Sep/2024:22:04:51 +0200] "GET /node/700 HTTP/1.1" 200 - "-" "Mozilla/5.0 (compatible; BLEXBot/1.0; +http://webmeup-crawler.com/)"
135.181.3.228 - - [19/Sep/2024:22:05:32 +0200] "GET /node/701 HTTP/1.1" 200 - "-" "Mozilla/5.0 (compatible; BLEXBot/1.0; +http://webmeup-crawler.com/)"
135.181.3.228 - - [19/Sep/2024:22:06:14 +0200] "GET /node/701 HTTP/1.1" 200 - "-" "Mozilla/5.0 (compatible; BLEXBot/1.0; +http://webmeup-crawler.com/)"
135.181.3.228 - - [19/Sep/2024:22:06:55 +0200] "GET /node/702 HTTP/1.1" 200 - "-" "Mozilla/5.0 (compatible; BLEXBot/1.0; +http://webmeup-crawler.com/)"
135.181.3.228 - - [19/Sep/2024:22:07:35 +0200] "GET /node/702 HTTP/1.1" 200 - "-" "Mozilla/5.0 (compatible; BLEXBot/1.0; +http://webmeup-crawler.com/)"
135.181.3.228 - - [19/Sep/2024:22:08:17 +0200] "GET /node/703 HTTP/1.1" 200 - "-" "Mozilla/5.0 (compatible; BLEXBot/1.0; +http://webmeup-crawler.com/)"
135.181.3.228 - - [19/Sep/2024:22:09:00 +0200] "GET /node/703 HTTP/1.1" 200 - "-" "Mozilla/5.0 (compatible; BLEXBot/1.0; +http://webmeup-crawler.com/)"
135.181.3.228 - - [19/Sep/2024:22:09:43 +0200] "GET /node/704 HTTP/1.1" 200 - "-" "Mozilla/5.0 (compatible; BLEXBot/1.0; +http://webmeup-crawler.com/)"
135.181.3.228 - - [19/Sep/2024:22:10:24 +0200] "GET /node/704 HTTP/1.1" 200 - "-" "Mozilla/5.0 (compatible; BLEXBot/1.0; +http://webmeup-crawler.com/)"
135.181.3.228 - - [19/Sep/2024:22:11:05 +0200] "GET /node/705 HTTP/1.1" 200 - "-" "Mozilla/5.0 (compatible; BLEXBot/1.0; +http://webmeup-crawler.com/)"
135.181.3.228 - - [19/Sep/2024:22:11:46 +0200] "GET /node/705 HTTP/1.1" 200 - "-" "Mozilla/5.0 (compatible; BLEXBot/1.0; +http://webmeup-crawler.com/)"
135.181.3.228 - - [19/Sep/2024:22:12:27 +0200] "GET /node/706 HTTP/1.1" 200 - "-" "Mozilla/5.0 (compatible; BLEXBot/1.0; +http://webmeup-crawler.com/)"
135.181.3.228 - - [19/Sep/2024:22:13:08 +0200] "GET /node/706 HTTP/1.1" 200 - "-" "Mozilla/5.0 (compatible; BLEXBot/1.0; +http://webmeup-crawler.com/)"
135.181.3.228 - - [19/Sep/2024:22:13:49 +0200] "GET /node/707 HTTP/1.1" 200 - "-" "Mozilla/5.0 (compatible; BLEXBot/1.0; +http://webmeup-crawler.com/)"
172.81.132.118 - - [19/Sep/2024:22:14:02 +0200] "GET /simple.php HTTP/1.1" 200 - "www.google.com" "Mozlila/5.0 (Linux; Android 7.0; SM-G892A Bulid/NRD90M; wv) AppleWebKit/537.36 (KHTML, like Gecko) Version/4.0 Chrome/60.0.3112.107 Moblie Safari/537.36"
135.181.3.228 - - [19/Sep/2024:22:14:30 +0200] "GET /node/707 HTTP/1.1" 200 - "-" "Mozilla/5.0 (compatible; BLEXBot/1.0; +http://webmeup-crawler.com/)"
135.181.3.228 - - [19/Sep/2024:22:15:11 +0200] "GET /node/708 HTTP/1.1" 200 - "-" "Mozilla/5.0 (compatible; BLEXBot/1.0; +http://webmeup-crawler.com/)"
135.181.3.228 - - [19/Sep/2024:22:15:52 +0200] "GET /node/708 HTTP/1.1" 200 - "-" "Mozilla/5.0 (compatible; BLEXBot/1.0; +http://webmeup-crawler.com/)"
135.181.3.228 - - [19/Sep/2024:22:16:34 +0200] "GET /node/709 HTTP/1.1" 200 - "-" "Mozilla/5.0 (compatible; BLEXBot/1.0; +http://webmeup-crawler.com/)"
135.181.3.228 - - [19/Sep/2024:22:17:16 +0200] "GET /node/709 HTTP/1.1" 200 - "-" "Mozilla/5.0 (compatible; BLEXBot/1.0; +http://webmeup-crawler.com/)"
135.181.3.228 - - [19/Sep/2024:22:17:57 +0200] "GET /node/71 HTTP/1.1" 200 - "-" "Mozilla/5.0 (compatible; BLEXBot/1.0; +http://webmeup-crawler.com/)"
135.181.3.228 - - [19/Sep/2024:22:18:40 +0200] "GET /node/71 HTTP/1.1" 200 - "-" "Mozilla/5.0 (compatible; BLEXBot/1.0; +http://webmeup-crawler.com/)"
135.181.3.228 - - [19/Sep/2024:22:19:21 +0200] "GET /node/710 HTTP/1.1" 200 - "-" "Mozilla/5.0 (compatible; BLEXBot/1.0; +http://webmeup-crawler.com/)"
135.181.3.228 - - [19/Sep/2024:22:20:02 +0200] "GET /node/710 HTTP/1.1" 200 - "-" "Mozilla/5.0 (compatible; BLEXBot/1.0; +http://webmeup-crawler.com/)"
135.181.3.228 - - [19/Sep/2024:22:20:44 +0200] "GET /node/711 HTTP/1.1" 200 - "-" "Mozilla/5.0 (compatible; BLEXBot/1.0; +http://webmeup-crawler.com/)"
135.181.3.228 - - [19/Sep/2024:22:21:27 +0200] "GET /node/711 HTTP/1.1" 200 - "-" "Mozilla/5.0 (compatible; BLEXBot/1.0; +http://webmeup-crawler.com/)"
135.181.3.228 - - [19/Sep/2024:22:22:08 +0200] "GET /node/712 HTTP/1.1" 200 - "-" "Mozilla/5.0 (compatible; BLEXBot/1.0; +http://webmeup-crawler.com/)"
135.181.3.228 - - [19/Sep/2024:22:22:50 +0200] "GET /node/712 HTTP/1.1" 200 - "-" "Mozilla/5.0 (compatible; BLEXBot/1.0; +http://webmeup-crawler.com/)"
135.181.3.228 - - [19/Sep/2024:22:23:32 +0200] "GET /node/713 HTTP/1.1" 200 - "-" "Mozilla/5.0 (compatible; BLEXBot/1.0; +http://webmeup-crawler.com/)"
135.181.3.228 - - [19/Sep/2024:22:24:14 +0200] "GET /node/713 HTTP/1.1" 200 - "-" "Mozilla/5.0 (compatible; BLEXBot/1.0; +http://webmeup-crawler.com/)"
135.181.3.228 - - [19/Sep/2024:22:24:55 +0200] "GET /node/714 HTTP/1.1" 200 - "-" "Mozilla/5.0 (compatible; BLEXBot/1.0; +http://webmeup-crawler.com/)"
135.181.3.228 - - [19/Sep/2024:22:25:36 +0200] "GET /node/714 HTTP/1.1" 200 - "-" "Mozilla/5.0 (compatible; BLEXBot/1.0; +http://webmeup-crawler.com/)"
135.181.3.228 - - [19/Sep/2024:22:26:18 +0200] "GET /node/715 HTTP/1.1" 200 - "-" "Mozilla/5.0 (compatible; BLEXBot/1.0; +http://webmeup-crawler.com/)"
135.181.3.228 - - [19/Sep/2024:22:27:01 +0200] "GET /node/715 HTTP/1.1" 200 - "-" "Mozilla/5.0 (compatible; BLEXBot/1.0; +http://webmeup-crawler.com/)"
135.181.3.228 - - [19/Sep/2024:22:27:42 +0200] "GET /node/716 HTTP/1.1" 200 - "-" "Mozilla/5.0 (compatible; BLEXBot/1.0; +http://webmeup-crawler.com/)"
135.181.3.228 - - [19/Sep/2024:22:28:23 +0200] "GET /node/716 HTTP/1.1" 200 - "-" "Mozilla/5.0 (compatible; BLEXBot/1.0; +http://webmeup-crawler.com/)"
135.181.3.228 - - [19/Sep/2024:22:29:04 +0200] "GET /node/717 HTTP/1.1" 200 - "-" "Mozilla/5.0 (compatible; BLEXBot/1.0; +http://webmeup-crawler.com/)"
135.181.3.228 - - [19/Sep/2024:22:29:46 +0200] "GET /node/717 HTTP/1.1" 200 - "-" "Mozilla/5.0 (compatible; BLEXBot/1.0; +http://webmeup-crawler.com/)"
135.181.3.228 - - [19/Sep/2024:22:30:27 +0200] "GET /node/718 HTTP/1.1" 200 - "-" "Mozilla/5.0 (compatible; BLEXBot/1.0; +http://webmeup-crawler.com/)"
135.181.3.228 - - [19/Sep/2024:22:31:08 +0200] "GET /node/718 HTTP/1.1" 200 - "-" "Mozilla/5.0 (compatible; BLEXBot/1.0; +http://webmeup-crawler.com/)"
135.181.3.228 - - [19/Sep/2024:22:31:50 +0200] "GET /node/719 HTTP/1.1" 200 - "-" "Mozilla/5.0 (compatible; BLEXBot/1.0; +http://webmeup-crawler.com/)"
65.108.125.120 - - [19/Sep/2024:22:32:14 +0200] "GET /robots.txt HTTP/1.1" 200 1590 "-" "Mozilla/5.0 (compatible; MJ12bot/v1.4.8; http://mj12bot.com/)"
135.181.3.228 - - [19/Sep/2024:22:32:32 +0200] "GET /node/719 HTTP/1.1" 200 - "-" "Mozilla/5.0 (compatible; BLEXBot/1.0; +http://webmeup-crawler.com/)"
65.108.125.120 - - [19/Sep/2024:22:32:57 +0200] "GET /files/19-2003-Mell%C3%83%C2%A9kletek.xls.txt HTTP/1.1" 200 - "-" "Mozilla/5.0 (compatible; MJ12bot/v1.4.8; http://mj12bot.com/)"
135.181.3.228 - - [19/Sep/2024:22:33:13 +0200] "GET /node/72 HTTP/1.1" 200 - "-" "Mozilla/5.0 (compatible; BLEXBot/1.0; +http://webmeup-crawler.com/)"
65.108.125.120 - - [19/Sep/2024:22:33:39 +0200] "GET /files/A%20T%C3%83%E2%80%93RV%C3%83%E2%80%B0NYJAVASLAT%20MELL%C3%83%E2%80%B0KLETEI.htm.txt HTTP/1.1" 200 - "-" "Mozilla/5.0 (compatible; MJ12bot/v1.4.8; http://mj12bot.com/)"
135.181.3.228 - - [19/Sep/2024:22:33:54 +0200] "GET /node/72 HTTP/1.1" 200 - "-" "Mozilla/5.0 (compatible; BLEXBot/1.0; +http://webmeup-crawler.com/)"
65.108.125.120 - - [19/Sep/2024:22:34:21 +0200] "GET /files/AZ%20%C3%83?S%20MELL%C3%83%E2%80%B0KLETEI.htm.txt HTTP/1.1" 200 - "-" "Mozilla/5.0 (compatible; MJ12bot/v1.4.8; http://mj12bot.com/)"
135.181.3.228 - - [19/Sep/2024:22:34:35 +0200] "GET /node/720 HTTP/1.1" 200 - "-" "Mozilla/5.0 (compatible; BLEXBot/1.0; +http://webmeup-crawler.com/)"
65.108.125.120 - - [19/Sep/2024:22:35:03 +0200] "GET /files/Alap-%C3%83%C2%A9s%20m%C3%85%C2%B1k%C3%83%C2%B6d%C3%83%C2%A9si%20nyilv%C3%83%C2%A1ntart%C3%83%C2%A1s-T%C3%83?RCA03.20..doc HTTP/1.1" 200 - "-" "Mozilla/5.0 (compatible; MJ12bot/v1.4.8; http://mj12bot.com/)"
135.181.3.228 - - [19/Sep/2024:22:35:18 +0200] "GET /node/720 HTTP/1.1" 200 - "-" "Mozilla/5.0 (compatible; BLEXBot/1.0; +http://webmeup-crawler.com/)"
65.108.125.120 - - [19/Sep/2024:22:35:45 +0200] "GET /files/FEJEZETI%20K%C3%83%E2%80%93TETEK.htm.txt HTTP/1.1" 200 - "-" "Mozilla/5.0 (compatible; MJ12bot/v1.4.8; http://mj12bot.com/)"
135.181.3.228 - - [19/Sep/2024:22:36:00 +0200] "GET /node/721 HTTP/1.1" 200 - "-" "Mozilla/5.0 (compatible; BLEXBot/1.0; +http://webmeup-crawler.com/)"
65.108.125.120 - - [19/Sep/2024:22:36:27 +0200] "GET /files/INDOKOL%C3%83?1.doc HTTP/1.1" 200 - "-" "Mozilla/5.0 (compatible; MJ12bot/v1.4.8; http://mj12bot.com/)"
135.181.3.228 - - [19/Sep/2024:22:36:41 +0200] "GET /node/721 HTTP/1.1" 200 - "-" "Mozilla/5.0 (compatible; BLEXBot/1.0; +http://webmeup-crawler.com/)"
65.108.125.120 - - [19/Sep/2024:22:37:09 +0200] "GET /files/INDOKOL%C3%83?S.doc HTTP/1.1" 200 - "-" "Mozilla/5.0 (compatible; MJ12bot/v1.4.8; http://mj12bot.com/)"
135.181.3.228 - - [19/Sep/2024:22:37:24 +0200] "GET /node/722 HTTP/1.1" 200 - "-" "Mozilla/5.0 (compatible; BLEXBot/1.0; +http://webmeup-crawler.com/)"
65.108.125.120 - - [19/Sep/2024:22:37:51 +0200] "GET /files/SzaboMate_hozz%C3%83%C2%A1f%C3%83%C2%A9r%C3%83%C2%A9s.pps HTTP/1.1" 200 - "-" "Mozilla/5.0 (compatible; MJ12bot/v1.4.8; http://mj12bot.com/)"
135.181.3.228 - - [19/Sep/2024:22:38:06 +0200] "GET /node/722 HTTP/1.1" 200 - "-" "Mozilla/5.0 (compatible; BLEXBot/1.0; +http://webmeup-crawler.com/)"
65.108.125.120 - - [19/Sep/2024:22:38:33 +0200] "GET /files/VEZET%C3%85?I%20%C3%83%E2%80%93SSZEFOGLAL%C3%83%E2%80%9C.doc HTTP/1.1" 200 - "-" "Mozilla/5.0 (compatible; MJ12bot/v1.4.8; http://mj12bot.com/)"
135.181.3.228 - - [19/Sep/2024:22:38:47 +0200] "GET /node/723 HTTP/1.1" 200 - "-" "Mozilla/5.0 (compatible; BLEXBot/1.0; +http://webmeup-crawler.com/)"
65.108.125.120 - - [19/Sep/2024:22:39:15 +0200] "GET /files/%C3%83?NTSZ%20%20061214%20Kormr.doc HTTP/1.1" 200 - "-" "Mozilla/5.0 (compatible; MJ12bot/v1.4.8; http://mj12bot.com/)"
65.108.125.120 - - [19/Sep/2024:22:39:15 +0200] "GET /robots.txt HTTP/1.1" 200 1590 "-" "Mozilla/5.0 (compatible; MJ12bot/v1.4.8; http://mj12bot.com/)"
135.181.3.228 - - [19/Sep/2024:22:39:27 +0200] "GET /node/723 HTTP/1.1" 200 - "-" "Mozilla/5.0 (compatible; BLEXBot/1.0; +http://webmeup-crawler.com/)"
65.108.125.120 - - [19/Sep/2024:22:39:58 +0200] "GET /files/19-2003-Mell%C3%83%C2%A9kletek.xls.txt HTTP/1.1" 200 - "-" "Mozilla/5.0 (compatible; MJ12bot/v1.4.8; http://mj12bot.com/)"
135.181.3.228 - - [19/Sep/2024:22:40:10 +0200] "GET /node/724 HTTP/1.1" 200 - "-" "Mozilla/5.0 (compatible; BLEXBot/1.0; +http://webmeup-crawler.com/)"
65.108.125.120 - - [19/Sep/2024:22:40:40 +0200] "GET /files/9-93.normasz%C3%83%C2%B6veg.m%C3%83%C2%B3d.2007.febr.T%C3%83?RCA.doc HTTP/1.1" 200 - "-" "Mozilla/5.0 (compatible; MJ12bot/v1.4.8; http://mj12bot.com/)"
135.181.3.228 - - [19/Sep/2024:22:40:52 +0200] "GET /node/724 HTTP/1.1" 200 - "-" "Mozilla/5.0 (compatible; BLEXBot/1.0; +http://webmeup-crawler.com/)"
65.108.125.120 - - [19/Sep/2024:22:41:22 +0200] "GET /files/A%20T%C3%83%E2%80%93RV%C3%83%E2%80%B0NYJAVASLAT%20MELL%C3%83%E2%80%B0KLETEI.htm.txt HTTP/1.1" 200 - "-" "Mozilla/5.0 (compatible; MJ12bot/v1.4.8; http://mj12bot.com/)"
135.181.3.228 - - [19/Sep/2024:22:41:35 +0200] "GET /node/725 HTTP/1.1" 200 - "-" "Mozilla/5.0 (compatible; BLEXBot/1.0; +http://webmeup-crawler.com/)"
65.108.125.120 - - [19/Sep/2024:22:42:04 +0200] "GET /files/AZ%20%C3%83?S%20MELL%C3%83%E2%80%B0KLETEI.htm.txt HTTP/1.1" 200 - "-" "Mozilla/5.0 (compatible; MJ12bot/v1.4.8; http://mj12bot.com/)"
135.181.3.228 - - [19/Sep/2024:22:42:17 +0200] "GET /node/725 HTTP/1.1" 200 - "-" "Mozilla/5.0 (compatible; BLEXBot/1.0; +http://webmeup-crawler.com/)"
65.108.125.120 - - [19/Sep/2024:22:42:46 +0200] "GET /files/Alap-%C3%83%C2%A9s%20m%C3%85%C2%B1k%C3%83%C2%B6d%C3%83%C2%A9si%20nyilv%C3%83%C2%A1ntart%C3%83%C2%A1s-T%C3%83?RCA03.20..doc HTTP/1.1" 200 - "-" "Mozilla/5.0 (compatible; MJ12bot/v1.4.8; http://mj12bot.com/)"
135.181.3.228 - - [19/Sep/2024:22:42:59 +0200] "GET /node/726 HTTP/1.1" 200 - "-" "Mozilla/5.0 (compatible; BLEXBot/1.0; +http://webmeup-crawler.com/)"
65.108.125.120 - - [19/Sep/2024:22:43:28 +0200] "GET /files/FEJEZETI%20K%C3%83%E2%80%93TETEK.htm.txt HTTP/1.1" 200 - "-" "Mozilla/5.0 (compatible; MJ12bot/v1.4.8; http://mj12bot.com/)"
66.249.74.70 - - [19/Sep/2024:22:43:37 +0200] "GET /files/abaujkeri_aranyosvolgy_tervezet_kozig.pdf HTTP/1.1" 200 189906 "-" "Googlebot/2.1 (+http://www.google.com/bot.html)"
135.181.3.228 - - [19/Sep/2024:22:43:43 +0200] "GET /node/726 HTTP/1.1" 200 - "-" "Mozilla/5.0 (compatible; BLEXBot/1.0; +http://webmeup-crawler.com/)"
65.108.125.120 - - [19/Sep/2024:22:44:10 +0200] "GET /files/INDOKOL%C3%83?1.doc HTTP/1.1" 200 - "-" "Mozilla/5.0 (compatible; MJ12bot/v1.4.8; http://mj12bot.com/)"
135.181.3.228 - - [19/Sep/2024:22:44:24 +0200] "GET /node/727 HTTP/1.1" 200 - "-" "Mozilla/5.0 (compatible; BLEXBot/1.0; +http://webmeup-crawler.com/)"
65.108.125.120 - - [19/Sep/2024:22:44:52 +0200] "GET /files/INDOKOL%C3%83?S.doc HTTP/1.1" 200 - "-" "Mozilla/5.0 (compatible; MJ12bot/v1.4.8; http://mj12bot.com/)"
135.181.3.228 - - [19/Sep/2024:22:45:05 +0200] "GET /node/727 HTTP/1.1" 200 - "-" "Mozilla/5.0 (compatible; BLEXBot/1.0; +http://webmeup-crawler.com/)"
65.108.125.120 - - [19/Sep/2024:22:45:34 +0200] "GET /files/SzaboMate_hozz%C3%83%C2%A1f%C3%83%C2%A9r%C3%83%C2%A9s.pps HTTP/1.1" 200 - "-" "Mozilla/5.0 (compatible; MJ12bot/v1.4.8; http://mj12bot.com/)"
