135.181.3.228 - - [20/Sep/2024:02:21:38 +0200] "GET /node/871 HTTP/1.1" 200 - "-" "Mozilla/5.0 (compatible; BLEXBot/1.0; +http://webmeup-crawler.com/)"
135.181.3.228 - - [20/Sep/2024:02:22:20 +0200] "GET /node/871 HTTP/1.1" 200 - "-" "Mozilla/5.0 (compatible; BLEXBot/1.0; +http://webmeup-crawler.com/)"
135.181.3.228 - - [20/Sep/2024:02:23:03 +0200] "GET /node/872 HTTP/1.1" 200 - "-" "Mozilla/5.0 (compatible; BLEXBot/1.0; +http://webmeup-crawler.com/)"
135.181.3.228 - - [20/Sep/2024:02:23:44 +0200] "GET /node/872 HTTP/1.1" 200 - "-" "Mozilla/5.0 (compatible; BLEXBot/1.0; +http://webmeup-crawler.com/)"
135.181.3.228 - - [20/Sep/2024:02:24:26 +0200] "GET /node/873 HTTP/1.1" 200 - "-" "Mozilla/5.0 (compatible; BLEXBot/1.0; +http://webmeup-crawler.com/)"
135.181.3.228 - - [20/Sep/2024:02:25:09 +0200] "GET /node/873 HTTP/1.1" 200 - "-" "Mozilla/5.0 (compatible; BLEXBot/1.0; +http://webmeup-crawler.com/)"
135.181.3.228 - - [20/Sep/2024:02:25:51 +0200] "GET /node/874 HTTP/1.1" 200 - "-" "Mozilla/5.0 (compatible; BLEXBot/1.0; +http://webmeup-crawler.com/)"
135.181.3.228 - - [20/Sep/2024:02:26:33 +0200] "GET /node/874 HTTP/1.1" 200 - "-" "Mozilla/5.0 (compatible; BLEXBot/1.0; +http://webmeup-crawler.com/)"
135.181.3.228 - - [20/Sep/2024:02:27:14 +0200] "GET /node/875 HTTP/1.1" 200 - "-" "Mozilla/5.0 (compatible; BLEXBot/1.0; +http://webmeup-crawler.com/)"
135.181.3.228 - - [20/Sep/2024:02:27:55 +0200] "GET /node/875 HTTP/1.1" 200 - "-" "Mozilla/5.0 (compatible; BLEXBot/1.0; +http://webmeup-crawler.com/)"
135.181.3.228 - - [20/Sep/2024:02:28:37 +0200] "GET /node/876 HTTP/1.1" 200 - "-" "Mozilla/5.0 (compatible; BLEXBot/1.0; +http://webmeup-crawler.com/)"
135.181.3.228 - - [20/Sep/2024:02:29:20 +0200] "GET /node/876 HTTP/1.1" 200 - "-" "Mozilla/5.0 (compatible; BLEXBot/1.0; +http://webmeup-crawler.com/)"
135.181.3.228 - - [20/Sep/2024:02:30:02 +0200] "GET /node/877 HTTP/1.1" 200 - "-" "Mozilla/5.0 (compatible; BLEXBot/1.0; +http://webmeup-crawler.com/)"
172.96.80.218 - - [20/Sep/2024:02:30:18 +0200] "GET / HTTP/1.1" 200 - "-" "Mozilla/5.0 (X11; Linux i686 on x86_64) AppleWebKit/537.36 (KHTML, like Gecko) Chrome/55.0.2886.12 Safari/537.36"
135.181.3.228 - - [20/Sep/2024:02:30:44 +0200] "GET /node/877 HTTP/1.1" 200 - "-" "Mozilla/5.0 (compatible; BLEXBot/1.0; +http://webmeup-crawler.com/)"
135.181.3.228 - - [20/Sep/2024:02:31:27 +0200] "GET /node/878 HTTP/1.1" 200 - "-" "Mozilla/5.0 (compatible; BLEXBot/1.0; +http://webmeup-crawler.com/)"
135.181.3.228 - - [20/Sep/2024:02:32:10 +0200] "GET /node/878 HTTP/1.1" 200 - "-" "Mozilla/5.0 (compatible; BLEXBot/1.0; +http://webmeup-crawler.com/)"
135.181.3.228 - - [20/Sep/2024:02:32:54 +0200] "GET /node/879 HTTP/1.1" 200 - "-" "Mozilla/5.0 (compatible; BLEXBot/1.0; +http://webmeup-crawler.com/)"
135.181.3.228 - - [20/Sep/2024:02:33:36 +0200] "GET /node/879 HTTP/1.1" 200 - "-" "Mozilla/5.0 (compatible; BLEXBot/1.0; +http://webmeup-crawler.com/)"
92.116.73.10 - - [20/Sep/2024:02:33:41 +0200] "GET /files/cegbejegyzesi_eljaras_21_per_2006__02_12_fin.doc HTTP/1.1" 200 54272 "-" "Mozilla/5.0 (Windows NT 10.0; Win64; x64) AppleWebKit/537.36 (KHTML, like Gecko) Chrome/60.0.3112.113 Safari/537.36"
135.181.3.228 - - [20/Sep/2024:02:34:19 +0200] "GET /node/88 HTTP/1.1" 200 - "-" "Mozilla/5.0 (compatible; BLEXBot/1.0; +http://webmeup-crawler.com/)"
135.181.3.228 - - [20/Sep/2024:02:35:02 +0200] "GET /node/88 HTTP/1.1" 200 - "-" "Mozilla/5.0 (compatible; BLEXBot/1.0; +http://webmeup-crawler.com/)"
135.181.3.228 - - [20/Sep/2024:02:35:44 +0200] "GET /node/880 HTTP/1.1" 200 - "-" "Mozilla/5.0 (compatible; BLEXBot/1.0; +http://webmeup-crawler.com/)"
135.181.3.228 - - [20/Sep/2024:02:36:27 +0200] "GET /node/880 HTTP/1.1" 200 - "-" "Mozilla/5.0 (compatible; BLEXBot/1.0; +http://webmeup-crawler.com/)"
135.181.3.228 - - [20/Sep/2024:02:37:11 +0200] "GET /node/881 HTTP/1.1" 200 - "-" "Mozilla/5.0 (compatible; BLEXBot/1.0; +http://webmeup-crawler.com/)"
135.181.3.228 - - [20/Sep/2024:02:37:53 +0200] "GET /node/881 HTTP/1.1" 200 - "-" "Mozilla/5.0 (compatible; BLEXBot/1.0; +http://webmeup-crawler.com/)"
135.181.3.228 - - [20/Sep/2024:02:38:35 +0200] "GET /node/882 HTTP/1.1" 200 - "-" "Mozilla/5.0 (compatible; BLEXBot/1.0; +http://webmeup-crawler.com/)"
135.181.3.228 - - [20/Sep/2024:02:39:16 +0200] "GET /node/882 HTTP/1.1" 200 - "-" "Mozilla/5.0 (compatible; BLEXBot/1.0; +http://webmeup-crawler.com/)"
135.181.3.228 - - [20/Sep/2024:02:39:59 +0200] "GET /node/883 HTTP/1.1" 200 - "-" "Mozilla/5.0 (compatible; BLEXBot/1.0; +http://webmeup-crawler.com/)"
135.181.3.228 - - [20/Sep/2024:02:40:40 +0200] "GET /node/883 HTTP/1.1" 200 - "-" "Mozilla/5.0 (compatible; BLEXBot/1.0; +http://webmeup-crawler.com/)"
135.181.3.228 - - [20/Sep/2024:02:41:23 +0200] "GET /node/884 HTTP/1.1" 200 - "-" "Mozilla/5.0 (compatible; BLEXBot/1.0; +http://webmeup-crawler.com/)"
135.181.3.228 - - [20/Sep/2024:02:42:08 +0200] "GET /node/884 HTTP/1.1" 200 - "-" "Mozilla/5.0 (compatible; BLEXBot/1.0; +http://webmeup-crawler.com/)"
135.181.3.228 - - [20/Sep/2024:02:42:50 +0200] "GET /node/885 HTTP/1.1" 200 - "-" "Mozilla/5.0 (compatible; BLEXBot/1.0; +http://webmeup-crawler.com/)"
135.181.3.228 - - [20/Sep/2024:02:43:31 +0200] "GET /node/886 HTTP/1.1" 200 - "-" "Mozilla/5.0 (compatible; BLEXBot/1.0; +http://webmeup-crawler.com/)"
135.181.3.228 - - [20/Sep/2024:02:44:14 +0200] "GET /node/886 HTTP/1.1" 200 - "-" "Mozilla/5.0 (compatible; BLEXBot/1.0; +http://webmeup-crawler.com/)"
135.181.3.228 - - [20/Sep/2024:02:44:56 +0200] "GET /node/887 HTTP/1.1" 200 - "-" "Mozilla/5.0 (compatible; BLEXBot/1.0; +http://webmeup-crawler.com/)"
135.181.3.228 - - [20/Sep/2024:02:45:38 +0200] "GET /node/887 HTTP/1.1" 200 - "-" "Mozilla/5.0 (compatible; BLEXBot/1.0; +http://webmeup-crawler.com/)"
135.181.3.228 - - [20/Sep/2024:02:46:32 +0200] "GET /node/888 HTTP/1.1" 200 - "-" "Mozilla/5.0 (compatible; BLEXBot/1.0; +http://webmeup-crawler.com/)"
135.181.3.228 - - [20/Sep/2024:02:47:14 +0200] "GET /node/888 HTTP/1.1" 200 - "-" "Mozilla/5.0 (compatible; BLEXBot/1.0; +http://webmeup-crawler.com/)"
135.181.3.228 - - [20/Sep/2024:02:47:57 +0200] "GET /node/889 HTTP/1.1" 200 - "-" "Mozilla/5.0 (compatible; BLEXBot/1.0; +http://webmeup-crawler.com/)"
135.181.3.228 - - [20/Sep/2024:02:48:40 +0200] "GET /node/889 HTTP/1.1" 200 - "-" "Mozilla/5.0 (compatible; BLEXBot/1.0; +http://webmeup-crawler.com/)"
135.181.3.228 - - [20/Sep/2024:02:49:21 +0200] "GET /node/890 HTTP/1.1" 200 - "-" "Mozilla/5.0 (compatible; BLEXBot/1.0; +http://webmeup-crawler.com/)"
135.181.3.228 - - [20/Sep/2024:02:50:02 +0200] "GET /node/890 HTTP/1.1" 200 - "-" "Mozilla/5.0 (compatible; BLEXBot/1.0; +http://webmeup-crawler.com/)"
135.181.3.228 - - [20/Sep/2024:02:50:45 +0200] "GET /node/891 HTTP/1.1" 200 - "-" "Mozilla/5.0 (compatible; BLEXBot/1.0; +http://webmeup-crawler.com/)"
5.135.142.46 - - [20/Sep/2024:02:51:07 +0200] "GET /files/rendeszeti_startegia_kormanyra_2007_11_20_vegleges.doc HTTP/1.1" 200 34326 "-" "Mozilla/5.0 (Windows; U; Windows NT 6.1; nl; rv:1.9.2.13) Gecko/20101203 Firefox/3.6.13"
135.181.3.228 - - [20/Sep/2024:02:51:26 +0200] "GET /node/891 HTTP/1.1" 200 - "-" "Mozilla/5.0 (compatible; BLEXBot/1.0; +http://webmeup-crawler.com/)"
135.181.3.228 - - [20/Sep/2024:02:52:09 +0200] "GET /node/892 HTTP/1.1" 200 - "-" "Mozilla/5.0 (compatible; BLEXBot/1.0; +http://webmeup-crawler.com/)"
135.181.3.228 - - [20/Sep/2024:02:52:50 +0200] "GET /node/892 HTTP/1.1" 200 - "-" "Mozilla/5.0 (compatible; BLEXBot/1.0; +http://webmeup-crawler.com/)"
135.181.3.228 - - [20/Sep/2024:02:53:32 +0200] "GET /node/893 HTTP/1.1" 200 - "-" "Mozilla/5.0 (compatible; BLEXBot/1.0; +http://webmeup-crawler.com/)"
135.181.3.228 - - [20/Sep/2024:02:54:13 +0200] "GET /node/893 HTTP/1.1" 200 - "-" "Mozilla/5.0 (compatible; BLEXBot/1.0; +http://webmeup-crawler.com/)"
135.181.3.228 - - [20/Sep/2024:02:54:55 +0200] "GET /node/894 HTTP/1.1" 200 - "-" "Mozilla/5.0 (compatible; BLEXBot/1.0; +http://webmeup-crawler.com/)"
135.181.3.228 - - [20/Sep/2024:02:55:37 +0200] "GET /node/894 HTTP/1.1" 200 - "-" "Mozilla/5.0 (compatible; BLEXBot/1.0; +http://webmeup-crawler.com/)"
135.181.3.228 - - [20/Sep/2024:02:56:20 +0200] "GET /node/895 HTTP/1.1" 200 - "-" "Mozilla/5.0 (compatible; BLEXBot/1.0; +http://webmeup-crawler.com/)"
135.181.3.228 - - [20/Sep/2024:02:57:04 +0200] "GET /node/895 HTTP/1.1" 200 - "-" "Mozilla/5.0 (compatible; BLEXBot/1.0; +http://webmeup-crawler.com/)"
135.181.3.228 - - [20/Sep/2024:02:57:46 +0200] "GET /node/896 HTTP/1.1" 200 - "-" "Mozilla/5.0 (compatible; BLEXBot/1.0; +http://webmeup-crawler.com/)"
135.181.3.228 - - [20/Sep/2024:02:58:28 +0200] "GET /node/896 HTTP/1.1" 200 - "-" "Mozilla/5.0 (compatible; BLEXBot/1.0; +http://webmeup-crawler.com/)"
195.228.13.198 - - [20/Sep/2024:02:58:52 +0200] "GET /files/hadkotelesek_hm_eum_rendelet_tervezet_melleklet.pdf HTTP/1.1" 206 1 "https://www.google.com/" "Mozilla/5.0 (Linux; Android 10; K) AppleWebKit/537.36 (KHTML, like Gecko) Chrome/128.0.0.0 Mobile Safari/537.36"
195.228.13.198 - - [20/Sep/2024:02:58:54 +0200] "GET /files/hadkotelesek_hm_eum_rendelet_tervezet_melleklet.pdf HTTP/1.1" 206 1 "https://www.google.com/" "Mozilla/5.0 (Linux; Android 10; K) AppleWebKit/537.36 (KHTML, like Gecko) Chrome/128.0.0.0 Mobile Safari/537.36"
195.228.13.198 - - [20/Sep/2024:02:58:59 +0200] "GET /files/hadkotelesek_hm_eum_rendelet_tervezet_melleklet.pdf HTTP/1.1" 206 1 "https://www.google.com/" "Mozilla/5.0 (Linux; Android 10; K) AppleWebKit/537.36 (KHTML, like Gecko) Chrome/128.0.0.0 Mobile Safari/537.36"
135.181.3.228 - - [20/Sep/2024:02:59:09 +0200] "GET /node/897 HTTP/1.1" 200 - "-" "Mozilla/5.0 (compatible; BLEXBot/1.0; +http://webmeup-crawler.com/)"
195.228.13.198 - - [20/Sep/2024:02:59:14 +0200] "GET /files/hadkotelesek_hm_eum_rendelet_tervezet_melleklet.pdf HTTP/1.1" 200 34294 "https://www.google.com/" "Mozilla/5.0 (Linux; Android 10; K) AppleWebKit/537.36 (KHTML, like Gecko) Chrome/128.0.0.0 Mobile Safari/537.36"
195.228.13.198 - - [20/Sep/2024:02:59:24 +0200] "GET /files/hadkotelesek_hm_eum_rendelet_tervezet_melleklet.pdf HTTP/1.1" 206 35688 "https://www.google.com/" "Mozilla/5.0 (Linux; Android 10; K) AppleWebKit/537.36 (KHTML, like Gecko) Chrome/128.0.0.0 Mobile Safari/537.36"
195.228.13.198 - - [20/Sep/2024:02:59:26 +0200] "GET /files/hadkotelesek_hm_eum_rendelet_tervezet_melleklet.pdf HTTP/1.1" 206 35688 "https://www.google.com/" "Mozilla/5.0 (Linux; Android 10; K) AppleWebKit/537.36 (KHTML, like Gecko) Chrome/128.0.0.0 Mobile Safari/537.36"
195.228.13.198 - - [20/Sep/2024:02:59:30 +0200] "GET /files/hadkotelesek_hm_eum_rendelet_tervezet_melleklet.pdf HTTP/1.1" 206 35688 "https://www.google.com/" "Mozilla/5.0 (Linux; Android 10; K) AppleWebKit/537.36 (KHTML, like Gecko) Chrome/128.0.0.0 Mobile Safari/537.36"
135.181.3.228 - - [20/Sep/2024:02:59:51 +0200] "GET /node/897 HTTP/1.1" 200 - "-" "Mozilla/5.0 (compatible; BLEXBot/1.0; +http://webmeup-crawler.com/)"
135.181.3.228 - - [20/Sep/2024:03:00:33 +0200] "GET /node/898 HTTP/1.1" 200 - "-" "Mozilla/5.0 (compatible; BLEXBot/1.0; +http://webmeup-crawler.com/)"
135.181.3.228 - - [20/Sep/2024:03:01:15 +0200] "GET /node/898 HTTP/1.1" 200 - "-" "Mozilla/5.0 (compatible; BLEXBot/1.0; +http://webmeup-crawler.com/)"
135.181.3.228 - - [20/Sep/2024:03:01:58 +0200] "GET /node/899 HTTP/1.1" 200 - "-" "Mozilla/5.0 (compatible; BLEXBot/1.0; +http://webmeup-crawler.com/)"
135.181.3.228 - - [20/Sep/2024:03:02:40 +0200] "GET /node/899 HTTP/1.1" 200 - "-" "Mozilla/5.0 (compatible; BLEXBot/1.0; +http://webmeup-crawler.com/)"
135.181.3.228 - - [20/Sep/2024:03:03:22 +0200] "GET /node/9 HTTP/1.1" 200 - "-" "Mozilla/5.0 (compatible; BLEXBot/1.0; +http://webmeup-crawler.com/)"
135.181.3.228 - - [20/Sep/2024:03:04:05 +0200] "GET /node/9 HTTP/1.1" 200 - "-" "Mozilla/5.0 (compatible; BLEXBot/1.0; +http://webmeup-crawler.com/)"
135.181.3.228 - - [20/Sep/2024:03:04:47 +0200] "GET /node/900 HTTP/1.1" 200 - "-" "Mozilla/5.0 (compatible; BLEXBot/1.0; +http://webmeup-crawler.com/)"
135.181.3.228 - - [20/Sep/2024:03:05:31 +0200] "GET /node/900 HTTP/1.1" 200 - "-" "Mozilla/5.0 (compatible; BLEXBot/1.0; +http://webmeup-crawler.com/)"
135.181.3.228 - - [20/Sep/2024:03:06:14 +0200] "GET /node/901 HTTP/1.1" 200 - "-" "Mozilla/5.0 (compatible; BLEXBot/1.0; +http://webmeup-crawler.com/)"
135.181.3.228 - - [20/Sep/2024:03:06:57 +0200] "GET /node/901 HTTP/1.1" 200 - "-" "Mozilla/5.0 (compatible; BLEXBot/1.0; +http://webmeup-crawler.com/)"
135.181.3.228 - - [20/Sep/2024:03:07:44 +0200] "GET /node/902 HTTP/1.1" 200 - "-" "Mozilla/5.0 (compatible; BLEXBot/1.0; +http://webmeup-crawler.com/)"
135.181.3.228 - - [20/Sep/2024:03:08:26 +0200] "GET /node/902 HTTP/1.1" 200 - "-" "Mozilla/5.0 (compatible; BLEXBot/1.0; +http://webmeup-crawler.com/)"
135.181.3.228 - - [20/Sep/2024:03:09:08 +0200] "GET /node/903 HTTP/1.1" 200 - "-" "Mozilla/5.0 (compatible; BLEXBot/1.0; +http://webmeup-crawler.com/)"
135.181.3.228 - - [20/Sep/2024:03:10:28 +0200] "GET /node/903 HTTP/1.1" 200 - "-" "Mozilla/5.0 (compatible; BLEXBot/1.0; +http://webmeup-crawler.com/)"
135.181.3.228 - - [20/Sep/2024:03:11:44 +0200] "GET /node/904 HTTP/1.1" 200 - "-" "Mozilla/5.0 (compatible; BLEXBot/1.0; +http://webmeup-crawler.com/)"
135.181.3.228 - - [20/Sep/2024:03:13:06 +0200] "GET /node/904 HTTP/1.1" 200 - "-" "Mozilla/5.0 (compatible; BLEXBot/1.0; +http://webmeup-crawler.com/)"
135.181.3.228 - - [20/Sep/2024:03:14:27 +0200] "GET /node/905 HTTP/1.1" 200 - "-" "Mozilla/5.0 (compatible; BLEXBot/1.0; +http://webmeup-crawler.com/)"
135.181.3.228 - - [20/Sep/2024:03:15:46 +0200] "GET /node/905 HTTP/1.1" 200 - "-" "Mozilla/5.0 (compatible; BLEXBot/1.0; +http://webmeup-crawler.com/)"
135.181.3.228 - - [20/Sep/2024:03:17:05 +0200] "GET /node/906 HTTP/1.1" 200 - "-" "Mozilla/5.0 (compatible; BLEXBot/1.0; +http://webmeup-crawler.com/)"
135.181.3.228 - - [20/Sep/2024:03:18:26 +0200] "GET /node/906 HTTP/1.1" 200 - "-" "Mozilla/5.0 (compatible; BLEXBot/1.0; +http://webmeup-crawler.com/)"
135.181.3.228 - - [20/Sep/2024:03:19:44 +0200] "GET /node/907 HTTP/1.1" 200 - "-" "Mozilla/5.0 (compatible; BLEXBot/1.0; +http://webmeup-crawler.com/)"
135.181.3.228 - - [20/Sep/2024:03:21:04 +0200] "GET /node/907 HTTP/1.1" 200 - "-" "Mozilla/5.0 (compatible; BLEXBot/1.0; +http://webmeup-crawler.com/)"
135.181.3.228 - - [20/Sep/2024:03:22:25 +0200] "GET /node/909 HTTP/1.1" 200 - "-" "Mozilla/5.0 (compatible; BLEXBot/1.0; +http://webmeup-crawler.com/)"
135.181.3.228 - - [20/Sep/2024:03:23:47 +0200] "GET /node/909 HTTP/1.1" 200 - "-" "Mozilla/5.0 (compatible; BLEXBot/1.0; +http://webmeup-crawler.com/)"
135.181.3.228 - - [20/Sep/2024:03:25:07 +0200] "GET /node/91 HTTP/1.1" 200 - "-" "Mozilla/5.0 (compatible; BLEXBot/1.0; +http://webmeup-crawler.com/)"
135.181.3.228 - - [20/Sep/2024:03:26:26 +0200] "GET /node/91 HTTP/1.1" 200 - "-" "Mozilla/5.0 (compatible; BLEXBot/1.0; +http://webmeup-crawler.com/)"
135.181.3.228 - - [20/Sep/2024:03:27:46 +0200] "GET /node/912 HTTP/1.1" 200 - "-" "Mozilla/5.0 (compatible; BLEXBot/1.0; +http://webmeup-crawler.com/)"
135.181.3.228 - - [20/Sep/2024:03:29:06 +0200] "GET /node/912 HTTP/1.1" 200 - "-" "Mozilla/5.0 (compatible; BLEXBot/1.0; +http://webmeup-crawler.com/)"
135.181.3.228 - - [20/Sep/2024:03:30:27 +0200] "GET /node/913 HTTP/1.1" 200 - "-" "Mozilla/5.0 (compatible; BLEXBot/1.0; +http://webmeup-crawler.com/)"
135.181.3.228 - - [20/Sep/2024:03:31:47 +0200] "GET /node/913 HTTP/1.1" 200 - "-" "Mozilla/5.0 (compatible; BLEXBot/1.0; +http://webmeup-crawler.com/)"
135.181.3.228 - - [20/Sep/2024:03:33:07 +0200] "GET /node/914 HTTP/1.1" 200 - "-" "Mozilla/5.0 (compatible; BLEXBot/1.0; +http://webmeup-crawler.com/)"
135.181.3.228 - - [20/Sep/2024:03:34:26 +0200] "GET /node/914 HTTP/1.1" 200 - "-" "Mozilla/5.0 (compatible; BLEXBot/1.0; +http://webmeup-crawler.com/)"
135.181.3.228 - - [20/Sep/2024:03:35:47 +0200] "GET /node/915 HTTP/1.1" 200 - "-" "Mozilla/5.0 (compatible; BLEXBot/1.0; +http://webmeup-crawler.com/)"
135.181.3.228 - - [20/Sep/2024:03:37:07 +0200] "GET /node/915 HTTP/1.1" 200 - "-" "Mozilla/5.0 (compatible; BLEXBot/1.0; +http://webmeup-crawler.com/)"
135.181.3.228 - - [20/Sep/2024:03:38:28 +0200] "GET /node/916 HTTP/1.1" 200 - "-" "Mozilla/5.0 (compatible; BLEXBot/1.0; +http://webmeup-crawler.com/)"
135.181.3.228 - - [20/Sep/2024:03:39:47 +0200] "GET /node/916 HTTP/1.1" 200 - "-" "Mozilla/5.0 (compatible; BLEXBot/1.0; +http://webmeup-crawler.com/)"
135.181.3.228 - - [20/Sep/2024:03:41:10 +0200] "GET /node/917 HTTP/1.1" 200 - "-" "Mozilla/5.0 (compatible; BLEXBot/1.0; +http://webmeup-crawler.com/)"
135.181.3.228 - - [20/Sep/2024:03:42:29 +0200] "GET /node/917 HTTP/1.1" 200 - "-" "Mozilla/5.0 (compatible; BLEXBot/1.0; +http://webmeup-crawler.com/)"
135.181.3.228 - - [20/Sep/2024:03:43:50 +0200] "GET /node/918 HTTP/1.1" 200 - "-" "Mozilla/5.0 (compatible; BLEXBot/1.0; +http://webmeup-crawler.com/)"
135.181.3.228 - - [20/Sep/2024:03:45:10 +0200] "GET /node/918 HTTP/1.1" 200 - "-" "Mozilla/5.0 (compatible; BLEXBot/1.0; +http://webmeup-crawler.com/)"
135.181.3.228 - - [20/Sep/2024:03:46:32 +0200] "GET /node/919 HTTP/1.1" 200 - "-" "Mozilla/5.0 (compatible; BLEXBot/1.0; +http://webmeup-crawler.com/)"
135.181.3.228 - - [20/Sep/2024:03:47:52 +0200] "GET /node/919 HTTP/1.1" 200 - "-" "Mozilla/5.0 (compatible; BLEXBot/1.0; +http://webmeup-crawler.com/)"
135.181.3.228 - - [20/Sep/2024:03:49:12 +0200] "GET /node/92 HTTP/1.1" 200 - "-" "Mozilla/5.0 (compatible; BLEXBot/1.0; +http://webmeup-crawler.com/)"
135.181.3.228 - - [20/Sep/2024:03:50:32 +0200] "GET /node/92 HTTP/1.1" 200 - "-" "Mozilla/5.0 (compatible; BLEXBot/1.0; +http://webmeup-crawler.com/)"
135.181.3.228 - - [20/Sep/2024:03:51:52 +0200] "GET /node/920 HTTP/1.1" 200 - "-" "Mozilla/5.0 (compatible; BLEXBot/1.0; +http://webmeup-crawler.com/)"
135.181.3.228 - - [20/Sep/2024:03:53:12 +0200] "GET /node/920 HTTP/1.1" 200 - "-" "Mozilla/5.0 (compatible; BLEXBot/1.0; +http://webmeup-crawler.com/)"
135.181.3.228 - - [20/Sep/2024:03:54:37 +0200] "GET /node/921 HTTP/1.1" 200 - "-" "Mozilla/5.0 (compatible; BLEXBot/1.0; +http://webmeup-crawler.com/)"
135.181.3.228 - - [20/Sep/2024:03:55:57 +0200] "GET /node/921 HTTP/1.1" 200 - "-" "Mozilla/5.0 (compatible; BLEXBot/1.0; +http://webmeup-crawler.com/)"
135.181.3.228 - - [20/Sep/2024:03:57:18 +0200] "GET /node/922 HTTP/1.1" 200 - "-" "Mozilla/5.0 (compatible; BLEXBot/1.0; +http://webmeup-crawler.com/)"
135.181.3.228 - - [20/Sep/2024:03:58:39 +0200] "GET /node/922 HTTP/1.1" 200 - "-" "Mozilla/5.0 (compatible; BLEXBot/1.0; +http://webmeup-crawler.com/)"
135.181.3.228 - - [20/Sep/2024:04:00:00 +0200] "GET /node/923 HTTP/1.1" 200 - "-" "Mozilla/5.0 (compatible; BLEXBot/1.0; +http://webmeup-crawler.com/)"
135.181.3.228 - - [20/Sep/2024:04:01:21 +0200] "GET /node/923 HTTP/1.1" 200 - "-" "Mozilla/5.0 (compatible; BLEXBot/1.0; +http://webmeup-crawler.com/)"
135.181.3.228 - - [20/Sep/2024:04:02:42 +0200] "GET /node/924 HTTP/1.1" 200 - "-" "Mozilla/5.0 (compatible; BLEXBot/1.0; +http://webmeup-crawler.com/)"
135.181.3.228 - - [20/Sep/2024:04:04:03 +0200] "GET /node/924 HTTP/1.1" 200 - "-" "Mozilla/5.0 (compatible; BLEXBot/1.0; +http://webmeup-crawler.com/)"
135.181.3.228 - - [20/Sep/2024:04:05:24 +0200] "GET /node/925 HTTP/1.1" 200 - "-" "Mozilla/5.0 (compatible; BLEXBot/1.0; +http://webmeup-crawler.com/)"
135.181.3.228 - - [20/Sep/2024:04:06:45 +0200] "GET /node/925 HTTP/1.1" 200 - "-" "Mozilla/5.0 (compatible; BLEXBot/1.0; +http://webmeup-crawler.com/)"
135.181.3.228 - - [20/Sep/2024:04:08:05 +0200] "GET /node/926 HTTP/1.1" 200 - "-" "Mozilla/5.0 (compatible; BLEXBot/1.0; +http://webmeup-crawler.com/)"
135.181.3.228 - - [20/Sep/2024:04:09:26 +0200] "GET /node/926 HTTP/1.1" 200 - "-" "Mozilla/5.0 (compatible; BLEXBot/1.0; +http://webmeup-crawler.com/)"
135.181.3.228 - - [20/Sep/2024:04:10:49 +0200] "GET /node/927 HTTP/1.1" 200 - "-" "Mozilla/5.0 (compatible; BLEXBot/1.0; +http://webmeup-crawler.com/)"
135.181.3.228 - - [20/Sep/2024:04:12:12 +0200] "GET /node/927 HTTP/1.1" 200 - "-" "Mozilla/5.0 (compatible; BLEXBot/1.0; +http://webmeup-crawler.com/)"
135.181.3.228 - - [20/Sep/2024:04:13:33 +0200] "GET /node/928 HTTP/1.1" 200 - "-" "Mozilla/5.0 (compatible; BLEXBot/1.0; +http://webmeup-crawler.com/)"
135.181.3.228 - - [20/Sep/2024:04:14:53 +0200] "GET /node/928 HTTP/1.1" 200 - "-" "Mozilla/5.0 (compatible; BLEXBot/1.0; +http://webmeup-crawler.com/)"
135.181.3.228 - - [20/Sep/2024:04:16:14 +0200] "GET /node/929 HTTP/1.1" 200 - "-" "Mozilla/5.0 (compatible; BLEXBot/1.0; +http://webmeup-crawler.com/)"
135.181.3.228 - - [20/Sep/2024:04:17:35 +0200] "GET /node/929 HTTP/1.1" 200 - "-" "Mozilla/5.0 (compatible; BLEXBot/1.0; +http://webmeup-crawler.com/)"
135.181.3.228 - - [20/Sep/2024:04:18:56 +0200] "GET /node/93 HTTP/1.1" 200 - "-" "Mozilla/5.0 (compatible; BLEXBot/1.0; +http://webmeup-crawler.com/)"
135.181.3.228 - - [20/Sep/2024:04:20:17 +0200] "GET /node/93 HTTP/1.1" 200 - "-" "Mozilla/5.0 (compatible; BLEXBot/1.0; +http://webmeup-crawler.com/)"
5.9.155.216 - - [20/Sep/2024:04:21:09 +0200] "GET / HTTP/1.1" 200 - "-" "Mozilla/5.0 (Windows NT 10.0; Win64; x64) AppleWebKit/537.36 (KHTML, like Gecko) Chrome/84.0.4147.105 Safari/537.36"
135.181.3.228 - - [20/Sep/2024:04:21:38 +0200] "GET /node/930 HTTP/1.1" 200 - "-" "Mozilla/5.0 (compatible; BLEXBot/1.0; +http://webmeup-crawler.com/)"
135.181.3.228 - - [20/Sep/2024:04:22:59 +0200] "GET /node/930 HTTP/1.1" 200 - "-" "Mozilla/5.0 (compatible; BLEXBot/1.0; +http://webmeup-crawler.com/)"
135.181.3.228 - - [20/Sep/2024:04:24:19 +0200] "GET /node/931 HTTP/1.1" 200 - "-" "Mozilla/5.0 (compatible; BLEXBot/1.0; +http://webmeup-crawler.com/)"
135.181.3.228 - - [20/Sep/2024:04:25:41 +0200] "GET /node/931 HTTP/1.1" 200 - "-" "Mozilla/5.0 (compatible; BLEXBot/1.0; +http://webmeup-crawler.com/)"
135.181.3.228 - - [20/Sep/2024:04:27:05 +0200] "GET /node/932 HTTP/1.1" 200 - "-" "Mozilla/5.0 (compatible; BLEXBot/1.0; +http://webmeup-crawler.com/)"
135.181.3.228 - - [20/Sep/2024:04:28:30 +0200] "GET /node/932 HTTP/1.1" 200 - "-" "Mozilla/5.0 (compatible; BLEXBot/1.0; +http://webmeup-crawler.com/)"
135.181.3.228 - - [20/Sep/2024:04:29:51 +0200] "GET /node/933 HTTP/1.1" 200 - "-" "Mozilla/5.0 (compatible; BLEXBot/1.0; +http://webmeup-crawler.com/)"
135.181.3.228 - - [20/Sep/2024:04:31:12 +0200] "GET /node/933 HTTP/1.1" 200 - "-" "Mozilla/5.0 (compatible; BLEXBot/1.0; +http://webmeup-crawler.com/)"
135.181.3.228 - - [20/Sep/2024:04:32:36 +0200] "GET /node/934 HTTP/1.1" 200 - "-" "Mozilla/5.0 (compatible; BLEXBot/1.0; +http://webmeup-crawler.com/)"
135.181.3.228 - - [20/Sep/2024:04:33:58 +0200] "GET /node/934 HTTP/1.1" 200 - "-" "Mozilla/5.0 (compatible; BLEXBot/1.0; +http://webmeup-crawler.com/)"
135.181.3.228 - - [20/Sep/2024:04:35:21 +0200] "GET /node/935 HTTP/1.1" 200 - "-" "Mozilla/5.0 (compatible; BLEXBot/1.0; +http://webmeup-crawler.com/)"
135.181.3.228 - - [20/Sep/2024:04:36:42 +0200] "GET /node/935 HTTP/1.1" 200 - "-" "Mozilla/5.0 (compatible; BLEXBot/1.0; +http://webmeup-crawler.com/)"
66.249.74.71 - - [20/Sep/2024:04:37:02 +0200] "GET /files/igszakkam_mod_tervezet_080918_0.doc HTTP/1.1" 200 297984 "-" "Mozilla/5.0 (Linux; Android 6.0.1; Nexus 5X Build/MMB29P) AppleWebKit/537.36 (KHTML, like Gecko) Chrome/128.0.6613.137 Mobile Safari/537.36 (compatible; Googlebot/2.1; +http://www.google.com/bot.html)"
135.181.3.228 - - [20/Sep/2024:04:38:06 +0200] "GET /node/936 HTTP/1.1" 200 - "-" "Mozilla/5.0 (compatible; BLEXBot/1.0; +http://webmeup-crawler.com/)"
135.181.3.228 - - [20/Sep/2024:04:39:30 +0200] "GET /node/936 HTTP/1.1" 200 - "-" "Mozilla/5.0 (compatible; BLEXBot/1.0; +http://webmeup-crawler.com/)"
135.181.3.228 - - [20/Sep/2024:04:40:51 +0200] "GET /node/937 HTTP/1.1" 200 - "-" "Mozilla/5.0 (compatible; BLEXBot/1.0; +http://webmeup-crawler.com/)"
135.181.3.228 - - [20/Sep/2024:04:42:13 +0200] "GET /node/937 HTTP/1.1" 200 - "-" "Mozilla/5.0 (compatible; BLEXBot/1.0; +http://webmeup-crawler.com/)"
135.181.3.228 - - [20/Sep/2024:04:43:36 +0200] "GET /node/938 HTTP/1.1" 200 - "-" "Mozilla/5.0 (compatible; BLEXBot/1.0; +http://webmeup-crawler.com/)"
135.181.3.228 - - [20/Sep/2024:04:45:00 +0200] "GET /node/938 HTTP/1.1" 200 - "-" "Mozilla/5.0 (compatible; BLEXBot/1.0; +http://webmeup-crawler.com/)"
135.181.3.228 - - [20/Sep/2024:04:45:49 +0200] "GET /robots.txt HTTP/1.1" 200 1590 "-" "Mozilla/5.0 (compatible; BLEXBot/1.0; +http://webmeup-crawler.com/)"
135.181.3.228 - - [20/Sep/2024:04:46:21 +0200] "GET /node/939 HTTP/1.1" 200 - "-" "Mozilla/5.0 (compatible; BLEXBot/1.0; +http://webmeup-crawler.com/)"
135.181.3.228 - - [20/Sep/2024:04:47:43 +0200] "GET /node/939 HTTP/1.1" 200 - "-" "Mozilla/5.0 (compatible; BLEXBot/1.0; +http://webmeup-crawler.com/)"
135.181.3.228 - - [20/Sep/2024:04:49:05 +0200] "GET /node/94 HTTP/1.1" 200 - "-" "Mozilla/5.0 (compatible; BLEXBot/1.0; +http://webmeup-crawler.com/)"
135.181.3.228 - - [20/Sep/2024:04:49:55 +0200] "GET /robots.txt HTTP/1.1" 200 1590 "-" "Mozilla/5.0 (compatible; BLEXBot/1.0; +http://webmeup-crawler.com/)"
135.181.3.228 - - [20/Sep/2024:04:50:27 +0200] "GET /node/94 HTTP/1.1" 200 - "-" "Mozilla/5.0 (compatible; BLEXBot/1.0; +http://webmeup-crawler.com/)"
135.181.3.228 - - [20/Sep/2024:04:51:52 +0200] "GET /node/940 HTTP/1.1" 200 - "-" "Mozilla/5.0 (compatible; BLEXBot/1.0; +http://webmeup-crawler.com/)"
135.181.3.228 - - [20/Sep/2024:04:53:14 +0200] "GET /node/940 HTTP/1.1" 200 - "-" "Mozilla/5.0 (compatible; BLEXBot/1.0; +http://webmeup-crawler.com/)"
135.181.3.228 - - [20/Sep/2024:04:54:36 +0200] "GET /node/941 HTTP/1.1" 200 - "-" "Mozilla/5.0 (compatible; BLEXBot/1.0; +http://webmeup-crawler.com/)"
135.181.3.228 - - [20/Sep/2024:04:55:58 +0200] "GET /node/941 HTTP/1.1" 200 - "-" "Mozilla/5.0 (compatible; BLEXBot/1.0; +http://webmeup-crawler.com/)"
135.181.3.228 - - [20/Sep/2024:04:57:21 +0200] "GET /node/942 HTTP/1.1" 200 - "-" "Mozilla/5.0 (compatible; BLEXBot/1.0; +http://webmeup-crawler.com/)"
135.181.3.228 - - [20/Sep/2024:04:58:43 +0200] "GET /node/942 HTTP/1.1" 200 - "-" "Mozilla/5.0 (compatible; BLEXBot/1.0; +http://webmeup-crawler.com/)"
135.181.3.228 - - [20/Sep/2024:05:00:08 +0200] "GET /node/943 HTTP/1.1" 200 - "-" "Mozilla/5.0 (compatible; BLEXBot/1.0; +http://webmeup-crawler.com/)"
135.181.3.228 - - [20/Sep/2024:05:01:32 +0200] "GET /node/943 HTTP/1.1" 200 - "-" "Mozilla/5.0 (compatible; BLEXBot/1.0; +http://webmeup-crawler.com/)"
135.181.3.228 - - [20/Sep/2024:05:02:56 +0200] "GET /node/944 HTTP/1.1" 200 - "-" "Mozilla/5.0 (compatible; BLEXBot/1.0; +http://webmeup-crawler.com/)"
135.181.3.228 - - [20/Sep/2024:05:04:18 +0200] "GET /node/944 HTTP/1.1" 200 - "-" "Mozilla/5.0 (compatible; BLEXBot/1.0; +http://webmeup-crawler.com/)"
135.181.3.228 - - [20/Sep/2024:05:05:41 +0200] "GET /node/945 HTTP/1.1" 200 - "-" "Mozilla/5.0 (compatible; BLEXBot/1.0; +http://webmeup-crawler.com/)"
135.181.3.228 - - [20/Sep/2024:05:07:03 +0200] "GET /node/945 HTTP/1.1" 200 - "-" "Mozilla/5.0 (compatible; BLEXBot/1.0; +http://webmeup-crawler.com/)"
135.181.3.228 - - [20/Sep/2024:05:08:29 +0200] "GET /node/946 HTTP/1.1" 200 - "-" "Mozilla/5.0 (compatible; BLEXBot/1.0; +http://webmeup-crawler.com/)"
135.181.3.228 - - [20/Sep/2024:05:09:51 +0200] "GET /node/946 HTTP/1.1" 200 - "-" "Mozilla/5.0 (compatible; BLEXBot/1.0; +http://webmeup-crawler.com/)"
135.181.3.228 - - [20/Sep/2024:05:11:13 +0200] "GET /node/947 HTTP/1.1" 200 - "-" "Mozilla/5.0 (compatible; BLEXBot/1.0; +http://webmeup-crawler.com/)"
135.181.3.228 - - [20/Sep/2024:05:12:35 +0200] "GET /node/947 HTTP/1.1" 200 - "-" "Mozilla/5.0 (compatible; BLEXBot/1.0; +http://webmeup-crawler.com/)"
135.181.3.228 - - [20/Sep/2024:05:13:57 +0200] "GET /node/948 HTTP/1.1" 200 - "-" "Mozilla/5.0 (compatible; BLEXBot/1.0; +http://webmeup-crawler.com/)"
135.181.3.228 - - [20/Sep/2024:05:15:20 +0200] "GET /node/948 HTTP/1.1" 200 - "-" "Mozilla/5.0 (compatible; BLEXBot/1.0; +http://webmeup-crawler.com/)"
135.181.3.228 - - [20/Sep/2024:05:16:44 +0200] "GET /node/949 HTTP/1.1" 200 - "-" "Mozilla/5.0 (compatible; BLEXBot/1.0; +http://webmeup-crawler.com/)"
135.181.3.228 - - [20/Sep/2024:05:18:07 +0200] "GET /node/949 HTTP/1.1" 200 - "-" "Mozilla/5.0 (compatible; BLEXBot/1.0; +http://webmeup-crawler.com/)"
135.181.3.228 - - [20/Sep/2024:05:19:30 +0200] "GET /node/95 HTTP/1.1" 200 - "-" "Mozilla/5.0 (compatible; BLEXBot/1.0; +http://webmeup-crawler.com/)"
135.181.3.228 - - [20/Sep/2024:05:20:53 +0200] "GET /node/95 HTTP/1.1" 200 - "-" "Mozilla/5.0 (compatible; BLEXBot/1.0; +http://webmeup-crawler.com/)"
216.244.66.200 - - [20/Sep/2024:05:21:19 +0200] "GET /robots.txt HTTP/1.1" 200 1590 "-" "Mozilla/5.0 (compatible; DotBot/1.2; +https://opensiteexplorer.org/dotbot; help@moz.com)"
216.244.66.200 - - [20/Sep/2024:05:21:21 +0200] "GET /robots.txt HTTP/1.1" 200 1590 "-" "Mozilla/5.0 (compatible; DotBot/1.2; +https://opensiteexplorer.org/dotbot; help@moz.com)"
135.181.3.228 - - [20/Sep/2024:05:22:15 +0200] "GET /node/950 HTTP/1.1" 200 - "-" "Mozilla/5.0 (compatible; BLEXBot/1.0; +http://webmeup-crawler.com/)"
135.181.3.228 - - [20/Sep/2024:05:23:38 +0200] "GET /node/950 HTTP/1.1" 200 - "-" "Mozilla/5.0 (compatible; BLEXBot/1.0; +http://webmeup-crawler.com/)"
135.181.3.228 - - [20/Sep/2024:05:25:02 +0200] "GET /node/951 HTTP/1.1" 200 - "-" "Mozilla/5.0 (compatible; BLEXBot/1.0; +http://webmeup-crawler.com/)"
135.181.3.228 - - [20/Sep/2024:05:26:25 +0200] "GET /node/951 HTTP/1.1" 200 - "-" "Mozilla/5.0 (compatible; BLEXBot/1.0; +http://webmeup-crawler.com/)"
135.181.3.228 - - [20/Sep/2024:05:27:48 +0200] "GET /node/952 HTTP/1.1" 200 - "-" "Mozilla/5.0 (compatible; BLEXBot/1.0; +http://webmeup-crawler.com/)"
135.181.3.228 - - [20/Sep/2024:05:29:11 +0200] "GET /node/952 HTTP/1.1" 200 - "-" "Mozilla/5.0 (compatible; BLEXBot/1.0; +http://webmeup-crawler.com/)"
135.181.3.228 - - [20/Sep/2024:05:30:34 +0200] "GET /node/954 HTTP/1.1" 200 - "-" "Mozilla/5.0 (compatible; BLEXBot/1.0; +http://webmeup-crawler.com/)"
135.181.3.228 - - [20/Sep/2024:05:31:57 +0200] "GET /node/954 HTTP/1.1" 200 - "-" "Mozilla/5.0 (compatible; BLEXBot/1.0; +http://webmeup-crawler.com/)"
135.181.3.228 - - [20/Sep/2024:05:33:21 +0200] "GET /node/955 HTTP/1.1" 200 - "-" "Mozilla/5.0 (compatible; BLEXBot/1.0; +http://webmeup-crawler.com/)"
135.181.3.228 - - [20/Sep/2024:05:34:44 +0200] "GET /node/955 HTTP/1.1" 200 - "-" "Mozilla/5.0 (compatible; BLEXBot/1.0; +http://webmeup-crawler.com/)"
216.244.66.200 - - [20/Sep/2024:05:35:41 +0200] "GET /node/87 HTTP/1.1" 200 - "-" "Mozilla/5.0 (compatible; DotBot/1.2; +https://opensiteexplorer.org/dotbot; help@moz.com)"
135.181.3.228 - - [20/Sep/2024:05:36:07 +0200] "GET /node/956 HTTP/1.1" 200 - "-" "Mozilla/5.0 (compatible; BLEXBot/1.0; +http://webmeup-crawler.com/)"
216.244.66.200 - - [20/Sep/2024:05:36:11 +0200] "GET /node?page=149 HTTP/1.1" 200 - "-" "Mozilla/5.0 (compatible; DotBot/1.2; +https://opensiteexplorer.org/dotbot; help@moz.com)"
135.181.3.228 - - [20/Sep/2024:05:37:30 +0200] "GET /node/956 HTTP/1.1" 200 - "-" "Mozilla/5.0 (compatible; BLEXBot/1.0; +http://webmeup-crawler.com/)"
135.181.3.228 - - [20/Sep/2024:05:38:54 +0200] "GET /node/958 HTTP/1.1" 200 - "-" "Mozilla/5.0 (compatible; BLEXBot/1.0; +http://webmeup-crawler.com/)"
135.181.3.228 - - [20/Sep/2024:05:40:17 +0200] "GET /node/958 HTTP/1.1" 200 - "-" "Mozilla/5.0 (compatible; BLEXBot/1.0; +http://webmeup-crawler.com/)"
135.181.3.228 - - [20/Sep/2024:05:41:41 +0200] "GET /node/959 HTTP/1.1" 200 - "-" "Mozilla/5.0 (compatible; BLEXBot/1.0; +http://webmeup-crawler.com/)"
135.181.3.228 - - [20/Sep/2024:05:43:04 +0200] "GET /node/959 HTTP/1.1" 200 - "-" "Mozilla/5.0 (compatible; BLEXBot/1.0; +http://webmeup-crawler.com/)"
66.249.74.70 - - [20/Sep/2024:05:43:31 +0200] "GET /files/51995[1].pdf HTTP/1.1" 304 - "-" "Mozilla/5.0 (Linux; Android 6.0.1; Nexus 5X Build/MMB29P) AppleWebKit/537.36 (KHTML, like Gecko) Chrome/128.0.6613.137 Mobile Safari/537.36 (compatible; Googlebot/2.1; +http://www.google.com/bot.html)"
135.181.3.228 - - [20/Sep/2024:05:44:28 +0200] "GET /node/96 HTTP/1.1" 200 - "-" "Mozilla/5.0 (compatible; BLEXBot/1.0; +http://webmeup-crawler.com/)"
135.181.3.228 - - [20/Sep/2024:05:45:51 +0200] "GET /node/96 HTTP/1.1" 200 - "-" "Mozilla/5.0 (compatible; BLEXBot/1.0; +http://webmeup-crawler.com/)"
135.181.3.228 - - [20/Sep/2024:05:47:15 +0200] "GET /node/960 HTTP/1.1" 200 - "-" "Mozilla/5.0 (compatible; BLEXBot/1.0; +http://webmeup-crawler.com/)"
135.181.3.228 - - [20/Sep/2024:05:48:38 +0200] "GET /node/960 HTTP/1.1" 200 - "-" "Mozilla/5.0 (compatible; BLEXBot/1.0; +http://webmeup-crawler.com/)"
135.181.3.228 - - [20/Sep/2024:05:50:05 +0200] "GET /node/961 HTTP/1.1" 200 - "-" "Mozilla/5.0 (compatible; BLEXBot/1.0; +http://webmeup-crawler.com/)"
135.181.3.228 - - [20/Sep/2024:05:51:31 +0200] "GET /node/961 HTTP/1.1" 200 - "-" "Mozilla/5.0 (compatible; BLEXBot/1.0; +http://webmeup-crawler.com/)"
135.181.3.228 - - [20/Sep/2024:05:52:55 +0200] "GET /node/962 HTTP/1.1" 200 - "-" "Mozilla/5.0 (compatible; BLEXBot/1.0; +http://webmeup-crawler.com/)"
135.181.3.228 - - [20/Sep/2024:05:54:18 +0200] "GET /node/962 HTTP/1.1" 200 - "-" "Mozilla/5.0 (compatible; BLEXBot/1.0; +http://webmeup-crawler.com/)"
135.181.3.228 - - [20/Sep/2024:05:55:44 +0200] "GET /node/963 HTTP/1.1" 200 - "-" "Mozilla/5.0 (compatible; BLEXBot/1.0; +http://webmeup-crawler.com/)"
135.181.3.228 - - [20/Sep/2024:05:57:10 +0200] "GET /node/963 HTTP/1.1" 200 - "-" "Mozilla/5.0 (compatible; BLEXBot/1.0; +http://webmeup-crawler.com/)"
135.181.3.228 - - [20/Sep/2024:05:58:37 +0200] "GET /node/964 HTTP/1.1" 200 - "-" "Mozilla/5.0 (compatible; BLEXBot/1.0; +http://webmeup-crawler.com/)"
135.181.3.228 - - [20/Sep/2024:06:00:03 +0200] "GET /node/964 HTTP/1.1" 200 - "-" "Mozilla/5.0 (compatible; BLEXBot/1.0; +http://webmeup-crawler.com/)"
135.181.3.228 - - [20/Sep/2024:06:01:29 +0200] "GET /node/965 HTTP/1.1" 200 - "-" "Mozilla/5.0 (compatible; BLEXBot/1.0; +http://webmeup-crawler.com/)"
135.181.3.228 - - [20/Sep/2024:06:02:57 +0200] "GET /node/965 HTTP/1.1" 200 - "-" "Mozilla/5.0 (compatible; BLEXBot/1.0; +http://webmeup-crawler.com/)"
135.181.3.228 - - [20/Sep/2024:06:04:23 +0200] "GET /node/966 HTTP/1.1" 200 - "-" "Mozilla/5.0 (compatible; BLEXBot/1.0; +http://webmeup-crawler.com/)"
135.181.3.228 - - [20/Sep/2024:06:05:49 +0200] "GET /node/966 HTTP/1.1" 200 - "-" "Mozilla/5.0 (compatible; BLEXBot/1.0; +http://webmeup-crawler.com/)"
135.181.3.228 - - [20/Sep/2024:06:07:17 +0200] "GET /node/967 HTTP/1.1" 200 - "-" "Mozilla/5.0 (compatible; BLEXBot/1.0; +http://webmeup-crawler.com/)"
135.181.3.228 - - [20/Sep/2024:06:08:43 +0200] "GET /node/967 HTTP/1.1" 200 - "-" "Mozilla/5.0 (compatible; BLEXBot/1.0; +http://webmeup-crawler.com/)"
147.185.132.183 - - [20/Sep/2024:06:10:05 +0200] "GET / HTTP/1.1" 200 - "-" "Expanse, a Palo Alto Networks company, searches across the global IPv4 space multiple times per day to identify customers' presences on the Internet. If you would like to be excluded from our scans, please send IP addresses/domains to: scaninfo@paloaltonetworks.com"
135.181.3.228 - - [20/Sep/2024:06:10:07 +0200] "GET /node/968 HTTP/1.1" 200 - "-" "Mozilla/5.0 (compatible; BLEXBot/1.0; +http://webmeup-crawler.com/)"
135.181.3.228 - - [20/Sep/2024:06:11:34 +0200] "GET /node/968 HTTP/1.1" 200 - "-" "Mozilla/5.0 (compatible; BLEXBot/1.0; +http://webmeup-crawler.com/)"
135.181.3.228 - - [20/Sep/2024:06:12:59 +0200] "GET /node/969 HTTP/1.1" 200 - "-" "Mozilla/5.0 (compatible; BLEXBot/1.0; +http://webmeup-crawler.com/)"
66.249.74.72 - - [20/Sep/2024:06:13:50 +0200] "GET /files/konyvtari_minosites_terv_100114.pdf HTTP/1.1" 200 106694 "-" "Mozilla/5.0 (Linux; Android 6.0.1; Nexus 5X Build/MMB29P) AppleWebKit/537.36 (KHTML, like Gecko) Chrome/128.0.6613.137 Mobile Safari/537.36 (compatible; Googlebot/2.1; +http://www.google.com/bot.html)"
135.181.3.228 - - [20/Sep/2024:06:14:23 +0200] "GET /node/969 HTTP/1.1" 200 - "-" "Mozilla/5.0 (compatible; BLEXBot/1.0; +http://webmeup-crawler.com/)"
135.181.3.228 - - [20/Sep/2024:06:15:49 +0200] "GET /node/97 HTTP/1.1" 200 - "-" "Mozilla/5.0 (compatible; BLEXBot/1.0; +http://webmeup-crawler.com/)"
213.180.203.202 - - [20/Sep/2024:06:16:38 +0200] "GET /robots.txt HTTP/1.1" 200 1590 "-" "Mozilla/5.0 (compatible; YandexBot/3.0; +http://yandex.com/bots)"
213.180.203.212 - - [20/Sep/2024:06:16:39 +0200] "GET /files/gyermekszegenyseg_tervezet_5_melleklet_070125.pdf HTTP/1.1" 200 348864 "-" "Mozilla/5.0 (compatible; YandexBot/3.0; +http://yandex.com/bots)"
135.181.3.228 - - [20/Sep/2024:06:17:17 +0200] "GET /node/97 HTTP/1.1" 200 - "-" "Mozilla/5.0 (compatible; BLEXBot/1.0; +http://webmeup-crawler.com/)"
135.181.3.228 - - [20/Sep/2024:06:18:41 +0200] "GET /node/970 HTTP/1.1" 200 - "-" "Mozilla/5.0 (compatible; BLEXBot/1.0; +http://webmeup-crawler.com/)"
216.244.66.200 - - [20/Sep/2024:06:19:19 +0200] "GET /robots.txt HTTP/1.1" 200 1590 "-" "Mozilla/5.0 (compatible; DotBot/1.2; +https://opensiteexplorer.org/dotbot; help@moz.com)"
135.181.3.228 - - [20/Sep/2024:06:20:04 +0200] "GET /node/970 HTTP/1.1" 200 - "-" "Mozilla/5.0 (compatible; BLEXBot/1.0; +http://webmeup-crawler.com/)"
135.181.3.228 - - [20/Sep/2024:06:21:31 +0200] "GET /node/971 HTTP/1.1" 200 - "-" "Mozilla/5.0 (compatible; BLEXBot/1.0; +http://webmeup-crawler.com/)"
135.181.3.228 - - [20/Sep/2024:06:22:55 +0200] "GET /node/971 HTTP/1.1" 200 - "-" "Mozilla/5.0 (compatible; BLEXBot/1.0; +http://webmeup-crawler.com/)"
135.181.3.228 - - [20/Sep/2024:06:24:22 +0200] "GET /node/972 HTTP/1.1" 200 - "-" "Mozilla/5.0 (compatible; BLEXBot/1.0; +http://webmeup-crawler.com/)"
135.181.3.228 - - [20/Sep/2024:06:25:48 +0200] "GET /node/972 HTTP/1.1" 200 - "-" "Mozilla/5.0 (compatible; BLEXBot/1.0; +http://webmeup-crawler.com/)"
135.181.3.228 - - [20/Sep/2024:06:27:14 +0200] "GET /node/973 HTTP/1.1" 200 - "-" "Mozilla/5.0 (compatible; BLEXBot/1.0; +http://webmeup-crawler.com/)"
216.244.66.200 - - [20/Sep/2024:06:28:04 +0200] "GET /files/hadkotelesek_hm_eum_rendelet_tervezet_melleklet.pdf HTTP/1.1" 200 713160 "-" "Mozilla/5.0 (compatible; DotBot/1.2; +https://opensiteexplorer.org/dotbot; help@moz.com)"
135.181.3.228 - - [20/Sep/2024:06:28:40 +0200] "GET /node/973 HTTP/1.1" 200 - "-" "Mozilla/5.0 (compatible; BLEXBot/1.0; +http://webmeup-crawler.com/)"
135.181.3.228 - - [20/Sep/2024:06:30:04 +0200] "GET /node/974 HTTP/1.1" 200 - "-" "Mozilla/5.0 (compatible; BLEXBot/1.0; +http://webmeup-crawler.com/)"
135.181.3.228 - - [20/Sep/2024:06:31:29 +0200] "GET /node/974 HTTP/1.1" 200 - "-" "Mozilla/5.0 (compatible; BLEXBot/1.0; +http://webmeup-crawler.com/)"
135.181.3.228 - - [20/Sep/2024:06:32:55 +0200] "GET /node/975 HTTP/1.1" 200 - "-" "Mozilla/5.0 (compatible; BLEXBot/1.0; +http://webmeup-crawler.com/)"
135.181.3.228 - - [20/Sep/2024:06:34:22 +0200] "GET /node/975 HTTP/1.1" 200 - "-" "Mozilla/5.0 (compatible; BLEXBot/1.0; +http://webmeup-crawler.com/)"
216.244.66.200 - - [20/Sep/2024:06:35:27 +0200] "GET /node/2427 HTTP/1.1" 200 - "-" "Mozilla/5.0 (compatible; DotBot/1.2; +https://opensiteexplorer.org/dotbot; help@moz.com)"
135.181.3.228 - - [20/Sep/2024:06:35:46 +0200] "GET /node/976 HTTP/1.1" 200 - "-" "Mozilla/5.0 (compatible; BLEXBot/1.0; +http://webmeup-crawler.com/)"
135.181.3.228 - - [20/Sep/2024:06:37:13 +0200] "GET /node/976 HTTP/1.1" 200 - "-" "Mozilla/5.0 (compatible; BLEXBot/1.0; +http://webmeup-crawler.com/)"
135.181.3.228 - - [20/Sep/2024:06:38:37 +0200] "GET /node/977 HTTP/1.1" 200 - "-" "Mozilla/5.0 (compatible; BLEXBot/1.0; +http://webmeup-crawler.com/)"
135.181.3.228 - - [20/Sep/2024:06:40:04 +0200] "GET /node/977 HTTP/1.1" 200 - "-" "Mozilla/5.0 (compatible; BLEXBot/1.0; +http://webmeup-crawler.com/)"
135.181.3.228 - - [20/Sep/2024:06:41:30 +0200] "GET /node/978 HTTP/1.1" 200 - "-" "Mozilla/5.0 (compatible; BLEXBot/1.0; +http://webmeup-crawler.com/)"
135.181.3.228 - - [20/Sep/2024:06:42:57 +0200] "GET /node/978 HTTP/1.1" 200 - "-" "Mozilla/5.0 (compatible; BLEXBot/1.0; +http://webmeup-crawler.com/)"
66.249.74.72 - - [20/Sep/2024:06:44:09 +0200] "GET /robots.txt HTTP/1.1" 200 1590 "-" "Mozilla/5.0 (compatible; Googlebot/2.1; +http://www.google.com/bot.html)"
66.249.74.72 - - [20/Sep/2024:06:44:09 +0200] "GET /files/9369_8.pdf HTTP/1.1" 304 - "-" "Mozilla/5.0 (Linux; Android 6.0.1; Nexus 5X Build/MMB29P) AppleWebKit/537.36 (KHTML, like Gecko) Chrome/128.0.6613.137 Mobile Safari/537.36 (compatible; Googlebot/2.1; +http://www.google.com/bot.html)"
135.181.3.228 - - [20/Sep/2024:06:44:22 +0200] "GET /node/979 HTTP/1.1" 200 - "-" "Mozilla/5.0 (compatible; BLEXBot/1.0; +http://webmeup-crawler.com/)"
135.181.3.228 - - [20/Sep/2024:06:45:46 +0200] "GET /node/979 HTTP/1.1" 200 - "-" "Mozilla/5.0 (compatible; BLEXBot/1.0; +http://webmeup-crawler.com/)"
135.181.3.228 - - [20/Sep/2024:06:47:13 +0200] "GET /node/98 HTTP/1.1" 200 - "-" "Mozilla/5.0 (compatible; BLEXBot/1.0; +http://webmeup-crawler.com/)"
135.181.3.228 - - [20/Sep/2024:06:48:38 +0200] "GET /node/98 HTTP/1.1" 200 - "-" "Mozilla/5.0 (compatible; BLEXBot/1.0; +http://webmeup-crawler.com/)"
135.181.3.228 - - [20/Sep/2024:06:50:05 +0200] "GET /node/980 HTTP/1.1" 200 - "-" "Mozilla/5.0 (compatible; BLEXBot/1.0; +http://webmeup-crawler.com/)"
135.181.3.228 - - [20/Sep/2024:06:51:30 +0200] "GET /node/980 HTTP/1.1" 200 - "-" "Mozilla/5.0 (compatible; BLEXBot/1.0; +http://webmeup-crawler.com/)"
135.181.3.228 - - [20/Sep/2024:06:52:55 +0200] "GET /node/981 HTTP/1.1" 200 - "-" "Mozilla/5.0 (compatible; BLEXBot/1.0; +http://webmeup-crawler.com/)"
135.181.3.228 - - [20/Sep/2024:06:54:20 +0200] "GET /node/981 HTTP/1.1" 200 - "-" "Mozilla/5.0 (compatible; BLEXBot/1.0; +http://webmeup-crawler.com/)"
135.181.3.228 - - [20/Sep/2024:06:55:47 +0200] "GET /node/982 HTTP/1.1" 200 - "-" "Mozilla/5.0 (compatible; BLEXBot/1.0; +http://webmeup-crawler.com/)"
51.210.214.160 - - [20/Sep/2024:06:56:19 +0200] "GET /taxonomy/term/28/0/feed HTTP/1.1" 200 - "-" "Mozilla/5.0 (X11; Linux i686) AppleWebKit/537.36 (KHTML, like Gecko) Chrome/30.0.1599.66 Safari/537.36"
135.181.3.228 - - [20/Sep/2024:06:57:15 +0200] "GET /node/982 HTTP/1.1" 200 - "-" "Mozilla/5.0 (compatible; BLEXBot/1.0; +http://webmeup-crawler.com/)"
135.181.3.228 - - [20/Sep/2024:06:58:43 +0200] "GET /node/983 HTTP/1.1" 200 - "-" "Mozilla/5.0 (compatible; BLEXBot/1.0; +http://webmeup-crawler.com/)"
135.181.3.228 - - [20/Sep/2024:07:00:10 +0200] "GET /node/983 HTTP/1.1" 200 - "-" "Mozilla/5.0 (compatible; BLEXBot/1.0; +http://webmeup-crawler.com/)"
135.181.3.228 - - [20/Sep/2024:07:01:35 +0200] "GET /node/984 HTTP/1.1" 200 - "-" "Mozilla/5.0 (compatible; BLEXBot/1.0; +http://webmeup-crawler.com/)"
135.181.3.228 - - [20/Sep/2024:07:03:01 +0200] "GET /node/984 HTTP/1.1" 200 - "-" "Mozilla/5.0 (compatible; BLEXBot/1.0; +http://webmeup-crawler.com/)"
135.181.3.228 - - [20/Sep/2024:07:04:26 +0200] "GET /node/985 HTTP/1.1" 200 - "-" "Mozilla/5.0 (compatible; BLEXBot/1.0; +http://webmeup-crawler.com/)"
103.230.15.182 - - [20/Sep/2024:07:04:49 +0200] "GET /statics/js/kindeditor/kindeditor.js/x.php HTTP/1.1" 200 - "-" "Mozilla/5.0 (Windows NT 10.0; WOW64; rv:48.0) Gecko/20100101 Firefox/48.0"
135.181.3.228 - - [20/Sep/2024:07:05:54 +0200] "GET /node/985 HTTP/1.1" 200 - "-" "Mozilla/5.0 (compatible; BLEXBot/1.0; +http://webmeup-crawler.com/)"
135.181.3.228 - - [20/Sep/2024:07:07:22 +0200] "GET /node/986 HTTP/1.1" 200 - "-" "Mozilla/5.0 (compatible; BLEXBot/1.0; +http://webmeup-crawler.com/)"
135.181.3.228 - - [20/Sep/2024:07:08:47 +0200] "GET /node/986 HTTP/1.1" 200 - "-" "Mozilla/5.0 (compatible; BLEXBot/1.0; +http://webmeup-crawler.com/)"
66.249.74.70 - - [20/Sep/2024:07:10:11 +0200] "GET /files/9-2002_im_rend__melleklet.doc HTTP/1.1" 200 712192 "-" "Mozilla/5.0 (Linux; Android 6.0.1; Nexus 5X Build/MMB29P) AppleWebKit/537.36 (KHTML, like Gecko) Chrome/128.0.6613.137 Mobile Safari/537.36 (compatible; Googlebot/2.1; +http://www.google.com/bot.html)"
135.181.3.228 - - [20/Sep/2024:07:10:12 +0200] "GET /node/987 HTTP/1.1" 200 - "-" "Mozilla/5.0 (compatible; BLEXBot/1.0; +http://webmeup-crawler.com/)"
135.181.3.228 - - [20/Sep/2024:07:11:37 +0200] "GET /node/987 HTTP/1.1" 200 - "-" "Mozilla/5.0 (compatible; BLEXBot/1.0; +http://webmeup-crawler.com/)"
135.181.3.228 - - [20/Sep/2024:07:13:02 +0200] "GET /node/988 HTTP/1.1" 200 - "-" "Mozilla/5.0 (compatible; BLEXBot/1.0; +http://webmeup-crawler.com/)"
135.181.3.228 - - [20/Sep/2024:07:14:27 +0200] "GET /node/989 HTTP/1.1" 200 - "-" "Mozilla/5.0 (compatible; BLEXBot/1.0; +http://webmeup-crawler.com/)"
135.181.3.228 - - [20/Sep/2024:07:15:54 +0200] "GET /node/989 HTTP/1.1" 200 - "-" "Mozilla/5.0 (compatible; BLEXBot/1.0; +http://webmeup-crawler.com/)"
135.181.3.228 - - [20/Sep/2024:07:17:20 +0200] "GET /node/99 HTTP/1.1" 200 - "-" "Mozilla/5.0 (compatible; BLEXBot/1.0; +http://webmeup-crawler.com/)"
216.244.66.200 - - [20/Sep/2024:07:18:36 +0200] "GET /robots.txt HTTP/1.1" 200 1590 "-" "Mozilla/5.0 (compatible; DotBot/1.2; +https://opensiteexplorer.org/dotbot; help@moz.com)"
135.181.3.228 - - [20/Sep/2024:07:18:44 +0200] "GET /node/99 HTTP/1.1" 200 - "-" "Mozilla/5.0 (compatible; BLEXBot/1.0; +http://webmeup-crawler.com/)"
135.181.3.228 - - [20/Sep/2024:07:20:11 +0200] "GET /node/991 HTTP/1.1" 200 - "-" "Mozilla/5.0 (compatible; BLEXBot/1.0; +http://webmeup-crawler.com/)"
135.181.3.228 - - [20/Sep/2024:07:21:36 +0200] "GET /node/991 HTTP/1.1" 200 - "-" "Mozilla/5.0 (compatible; BLEXBot/1.0; +http://webmeup-crawler.com/)"
135.181.3.228 - - [20/Sep/2024:07:23:02 +0200] "GET /node/992 HTTP/1.1" 200 - "-" "Mozilla/5.0 (compatible; BLEXBot/1.0; +http://webmeup-crawler.com/)"
135.181.3.228 - - [20/Sep/2024:07:24:29 +0200] "GET /node/992 HTTP/1.1" 200 - "-" "Mozilla/5.0 (compatible; BLEXBot/1.0; +http://webmeup-crawler.com/)"
135.181.3.228 - - [20/Sep/2024:07:25:57 +0200] "GET /node/993 HTTP/1.1" 200 - "-" "Mozilla/5.0 (compatible; BLEXBot/1.0; +http://webmeup-crawler.com/)"
135.181.3.228 - - [20/Sep/2024:07:27:23 +0200] "GET /node/993 HTTP/1.1" 200 - "-" "Mozilla/5.0 (compatible; BLEXBot/1.0; +http://webmeup-crawler.com/)"
135.181.3.228 - - [20/Sep/2024:07:28:49 +0200] "GET /node/994 HTTP/1.1" 200 - "-" "Mozilla/5.0 (compatible; BLEXBot/1.0; +http://webmeup-crawler.com/)"
135.181.3.228 - - [20/Sep/2024:07:30:17 +0200] "GET /node/994 HTTP/1.1" 200 - "-" "Mozilla/5.0 (compatible; BLEXBot/1.0; +http://webmeup-crawler.com/)"
135.181.3.228 - - [20/Sep/2024:07:31:44 +0200] "GET /node/995 HTTP/1.1" 200 - "-" "Mozilla/5.0 (compatible; BLEXBot/1.0; +http://webmeup-crawler.com/)"
135.181.3.228 - - [20/Sep/2024:07:33:12 +0200] "GET /node/995 HTTP/1.1" 200 - "-" "Mozilla/5.0 (compatible; BLEXBot/1.0; +http://webmeup-crawler.com/)"
135.181.3.228 - - [20/Sep/2024:07:34:38 +0200] "GET /node/996 HTTP/1.1" 200 - "-" "Mozilla/5.0 (compatible; BLEXBot/1.0; +http://webmeup-crawler.com/)"
66.249.73.202 - - [20/Sep/2024:07:35:34 +0200] "GET /robots.txt HTTP/1.1" 200 1590 "-" "Mozilla/5.0 (compatible; Googlebot/2.1; +http://www.google.com/bot.html)"
66.249.73.203 - - [20/Sep/2024:07:35:35 +0200] "GET /files/szakszo_legiforgalmi_iranyito.pdf HTTP/1.1" 200 268122 "-" "Googlebot/2.1 (+http://www.google.com/bot.html)"
135.181.3.228 - - [20/Sep/2024:07:36:05 +0200] "GET /node/996 HTTP/1.1" 200 - "-" "Mozilla/5.0 (compatible; BLEXBot/1.0; +http://webmeup-crawler.com/)"
114.119.153.72 - - [20/Sep/2024:07:36:48 +0200] "GET /robots.txt HTTP/1.1" 200 1590 "-" "Mozilla/5.0 (compatible;PetalBot;+https://webmaster.petalsearch.com/site/petalbot)"
216.244.66.200 - - [20/Sep/2024:07:37:16 +0200] "GET /node/71 HTTP/1.1" 200 - "-" "Mozilla/5.0 (compatible; DotBot/1.2; +https://opensiteexplorer.org/dotbot; help@moz.com)"
135.181.3.228 - - [20/Sep/2024:07:37:31 +0200] "GET /node/997 HTTP/1.1" 200 - "-" "Mozilla/5.0 (compatible; BLEXBot/1.0; +http://webmeup-crawler.com/)"
135.181.3.228 - - [20/Sep/2024:07:38:57 +0200] "GET /node/997 HTTP/1.1" 200 - "-" "Mozilla/5.0 (compatible; BLEXBot/1.0; +http://webmeup-crawler.com/)"
66.249.74.72 - - [20/Sep/2024:07:39:51 +0200] "GET /files/kozraktar.pdf HTTP/1.1" 200 277489 "-" "Googlebot/2.1 (+http://www.google.com/bot.html)"
135.181.3.228 - - [20/Sep/2024:07:40:23 +0200] "GET /node/998 HTTP/1.1" 200 - "-" "Mozilla/5.0 (compatible; BLEXBot/1.0; +http://webmeup-crawler.com/)"
135.181.3.228 - - [20/Sep/2024:07:41:53 +0200] "GET /node/998 HTTP/1.1" 200 - "-" "Mozilla/5.0 (compatible; BLEXBot/1.0; +http://webmeup-crawler.com/)"
135.181.3.228 - - [20/Sep/2024:07:43:20 +0200] "GET /node/999 HTTP/1.1" 200 - "-" "Mozilla/5.0 (compatible; BLEXBot/1.0; +http://webmeup-crawler.com/)"
135.181.3.228 - - [20/Sep/2024:07:44:46 +0200] "GET /node/999 HTTP/1.1" 200 - "-" "Mozilla/5.0 (compatible; BLEXBot/1.0; +http://webmeup-crawler.com/)"
135.181.3.228 - - [20/Sep/2024:07:46:12 +0200] "GET /node?page=1 HTTP/1.1" 200 - "-" "Mozilla/5.0 (compatible; BLEXBot/1.0; +http://webmeup-crawler.com/)"
135.181.3.228 - - [20/Sep/2024:07:47:39 +0200] "GET /node?page=1 HTTP/1.1" 200 - "-" "Mozilla/5.0 (compatible; BLEXBot/1.0; +http://webmeup-crawler.com/)"
135.181.3.228 - - [20/Sep/2024:07:49:05 +0200] "GET /node?page=10 HTTP/1.1" 200 - "-" "Mozilla/5.0 (compatible; BLEXBot/1.0; +http://webmeup-crawler.com/)"
66.249.73.202 - - [20/Sep/2024:07:49:16 +0200] "GET /files/hadkotelesek_hm_eum_rendelet_tervezet_melleklet.pdf HTTP/1.1" 200 713160 "-" "Mozilla/5.0 (Linux; Android 6.0.1; Nexus 5X Build/MMB29P) AppleWebKit/537.36 (KHTML, like Gecko) Chrome/128.0.6613.137 Mobile Safari/537.36 (compatible; Googlebot/2.1; +http://www.google.com/bot.html)"
135.181.3.228 - - [20/Sep/2024:07:50:34 +0200] "GET /node?page=10 HTTP/1.1" 200 - "-" "Mozilla/5.0 (compatible; BLEXBot/1.0; +http://webmeup-crawler.com/)"
135.181.3.228 - - [20/Sep/2024:07:52:00 +0200] "GET /node?page=100 HTTP/1.1" 200 - "-" "Mozilla/5.0 (compatible; BLEXBot/1.0; +http://webmeup-crawler.com/)"
135.181.3.228 - - [20/Sep/2024:07:53:27 +0200] "GET /node?page=101 HTTP/1.1" 200 - "-" "Mozilla/5.0 (compatible; BLEXBot/1.0; +http://webmeup-crawler.com/)"
135.181.3.228 - - [20/Sep/2024:07:54:54 +0200] "GET /node?page=102 HTTP/1.1" 200 - "-" "Mozilla/5.0 (compatible; BLEXBot/1.0; +http://webmeup-crawler.com/)"
