216.244.66.200 - - [09/Nov/2024:09:45:14 +0100] "GET /robots.txt HTTP/1.1" 200 1590 "-" "Mozilla/5.0 (compatible; DotBot/1.2; +https://opensiteexplorer.org/dotbot; help@moz.com)"
166.88.224.144 - - [09/Nov/2024:09:45:32 +0100] "GET /files/szili.pdf HTTP/1.1" 200 129969 "-" "Mozilla/5.0 (Macintosh; Intel Mac OS X 10_10) AppleWebKit/537.36 (KHTML, like Gecko) Internet Explorer/89.0.827.108 Safari/537.36"
66.249.66.5 - - [09/Nov/2024:10:07:52 +0100] "GET /files/kollegium_terv_090922.pdf HTTP/1.1" 304 - "-" "Mozilla/5.0 (Linux; Android 6.0.1; Nexus 5X Build/MMB29P) AppleWebKit/537.36 (KHTML, like Gecko) Chrome/130.0.6723.69 Mobile Safari/537.36 (compatible; Googlebot/2.1; +http://www.google.com/bot.html)"
101.251.238.174 - - [09/Nov/2024:10:08:28 +0100] "GET / HTTP/1.1" 200 - "-" "Mozilla/5.0 (Windows NT 10.0; Win64; x64) AppleWebKit/537.36 (KHTML, like Gecko) Chrome/114.0.0.0 Safari/537.36"
216.244.66.200 - - [09/Nov/2024:10:11:54 +0100] "GET /files/polg%C3%A1riv%C3%A9delmijogszab%C3%A1lyokm%C3%B3dos%C3%ADt%C3%A1sa.pdf HTTP/1.1" 200 - "-" "Mozilla/5.0 (compatible; DotBot/1.2; +https://opensiteexplorer.org/dotbot; help@moz.com)"
216.244.66.200 - - [09/Nov/2024:10:18:01 +0100] "GET /files/0402_horizont_lis.doc HTTP/1.1" 200 4160 "-" "Mozilla/5.0 (compatible; DotBot/1.2; +https://opensiteexplorer.org/dotbot; help@moz.com)"
216.244.66.200 - - [09/Nov/2024:10:18:33 +0100] "GET /files/ins_terv_090508.pdf HTTP/1.1" 200 539698 "-" "Mozilla/5.0 (compatible; DotBot/1.2; +https://opensiteexplorer.org/dotbot; help@moz.com)"
216.244.66.200 - - [09/Nov/2024:10:18:57 +0100] "GET /files/itkr_rendelet_061031.pdf HTTP/1.1" 200 153033 "-" "Mozilla/5.0 (compatible; DotBot/1.2; +https://opensiteexplorer.org/dotbot; help@moz.com)"
216.244.66.200 - - [09/Nov/2024:10:19:51 +0100] "GET /files/nca_tev_070511.pdf HTTP/1.1" 200 - "-" "Mozilla/5.0 (compatible; DotBot/1.2; +https://opensiteexplorer.org/dotbot; help@moz.com)"
216.244.66.200 - - [09/Nov/2024:10:21:38 +0100] "GET /files/1106_omsz_merohalozat_KORMANY.rtf.txt HTTP/1.1" 200 136941 "-" "Mozilla/5.0 (compatible; DotBot/1.2; +https://opensiteexplorer.org/dotbot; help@moz.com)"
216.244.66.200 - - [09/Nov/2024:10:22:40 +0100] "GET /files/19-2003-Mell%C3%83%C2%A9kletek.xls.txt HTTP/1.1" 200 - "-" "Mozilla/5.0 (compatible; DotBot/1.2; +https://opensiteexplorer.org/dotbot; help@moz.com)"
216.244.66.200 - - [09/Nov/2024:10:33:12 +0100] "GET /robots.txt HTTP/1.1" 200 1590 "-" "Mozilla/5.0 (compatible; DotBot/1.2; +https://opensiteexplorer.org/dotbot; help@moz.com)"
216.244.66.200 - - [09/Nov/2024:10:43:41 +0100] "GET /files/1875_5.pdf HTTP/1.1" 200 266974 "-" "Mozilla/5.0 (compatible; DotBot/1.2; +https://opensiteexplorer.org/dotbot; help@moz.com)"
216.244.66.200 - - [09/Nov/2024:10:45:15 +0100] "GET /files/1108_21_2001_kozigegyeztetes.doc HTTP/1.1" 200 131072 "-" "Mozilla/5.0 (compatible; DotBot/1.2; +https://opensiteexplorer.org/dotbot; help@moz.com)"
47.128.62.32 - - [09/Nov/2024:10:45:37 +0100] "GET /robots.txt HTTP/1.1" 200 1590 "-" "Mozilla/5.0 (Linux; Android 5.0) AppleWebKit/537.36 (KHTML, like Gecko) Mobile Safari/537.36 (compatible; Bytespider; spider-feedback@bytedance.com)"
216.244.66.200 - - [09/Nov/2024:10:45:48 +0100] "GET /files/1116_hgb_rs_gm_d_kozig.doc HTTP/1.1" 200 84480 "-" "Mozilla/5.0 (compatible; DotBot/1.2; +https://opensiteexplorer.org/dotbot; help@moz.com)"
216.244.66.200 - - [09/Nov/2024:10:46:19 +0100] "GET /files/1437687F69F4F7ABC.doc HTTP/1.1" 200 77824 "-" "Mozilla/5.0 (compatible; DotBot/1.2; +https://opensiteexplorer.org/dotbot; help@moz.com)"
216.244.66.200 - - [09/Nov/2024:10:46:52 +0100] "GET /files/41per2007_korm_rend_mod_090323.doc HTTP/1.1" 200 53248 "-" "Mozilla/5.0 (compatible; DotBot/1.2; +https://opensiteexplorer.org/dotbot; help@moz.com)"
216.244.66.200 - - [09/Nov/2024:10:47:20 +0100] "GET /files/GEO_eloterjesztes_kozig_01_14.pdf HTTP/1.1" 200 73014 "-" "Mozilla/5.0 (compatible; DotBot/1.2; +https://opensiteexplorer.org/dotbot; help@moz.com)"
216.244.66.200 - - [09/Nov/2024:10:47:48 +0100] "GET /files/MinTerv-4-DR-2007-02-13.doc HTTP/1.1" 200 59904 "-" "Mozilla/5.0 (compatible; DotBot/1.2; +https://opensiteexplorer.org/dotbot; help@moz.com)"
216.244.66.200 - - [09/Nov/2024:10:48:14 +0100] "GET /files/gyermek_gyamugy_hatjav_061102.pdf HTTP/1.1" 200 51785 "-" "Mozilla/5.0 (compatible; DotBot/1.2; +https://opensiteexplorer.org/dotbot; help@moz.com)"
216.244.66.200 - - [09/Nov/2024:10:48:58 +0100] "GET /files/kkk_terv_100310.zip HTTP/1.1" 200 1063874 "-" "Mozilla/5.0 (compatible; DotBot/1.2; +https://opensiteexplorer.org/dotbot; help@moz.com)"
216.244.66.200 - - [09/Nov/2024:10:49:31 +0100] "GET /files/muszaki_hmrend.pdf HTTP/1.1" 200 351492 "-" "Mozilla/5.0 (compatible; DotBot/1.2; +https://opensiteexplorer.org/dotbot; help@moz.com)"
216.244.66.200 - - [09/Nov/2024:10:50:02 +0100] "GET /files/41per2007_Eum_min_rend_terv_090526.doc HTTP/1.1" 200 94720 "-" "Mozilla/5.0 (compatible; DotBot/1.2; +https://opensiteexplorer.org/dotbot; help@moz.com)"
47.128.33.190 - - [09/Nov/2024:10:50:07 +0100] "GET /node/2520 HTTP/1.1" 200 - "-" "Mozilla/5.0 (Linux; Android 5.0) AppleWebKit/537.36 (KHTML, like Gecko) Mobile Safari/537.36 (compatible; Bytespider; spider-feedback@bytedance.com)"
216.244.66.200 - - [09/Nov/2024:10:51:02 +0100] "GET /files/Fegyvertart%C3%83%C2%A1s%20t%C3%83%C2%A1rc%C3%83%C2%A1ra.doc HTTP/1.1" 200 - "-" "Mozilla/5.0 (compatible; DotBot/1.2; +https://opensiteexplorer.org/dotbot; help@moz.com)"
216.244.66.200 - - [09/Nov/2024:10:51:52 +0100] "GET /files/iratkezel%C3%83%C2%A9si_kormrend_m%C3%83%C2%B3dos%C3%83%C2%ADt%C3%83%C2%A1sa.pdf HTTP/1.1" 200 - "-" "Mozilla/5.0 (compatible; DotBot/1.2; +https://opensiteexplorer.org/dotbot; help@moz.com)"
44.192.67.10 - - [09/Nov/2024:10:56:08 +0100] "GET /robots.txt HTTP/1.1" 200 1590 "-" "CCBot/2.0 (https://commoncrawl.org/faq/)"
44.192.67.10 - - [09/Nov/2024:10:56:39 +0100] "GET /taxonomy/term/29 HTTP/1.1" 200 - "-" "CCBot/2.0 (https://commoncrawl.org/faq/)"
44.192.67.10 - - [09/Nov/2024:10:57:11 +0100] "GET /taxonomy/term/29 HTTP/1.1" 200 - "-" "CCBot/2.0 (https://commoncrawl.org/faq/)"
216.244.66.200 - - [09/Nov/2024:11:00:02 +0100] "GET /taxonomy/term/73/0/feed HTTP/1.1" 200 - "-" "Mozilla/5.0 (compatible; DotBot/1.2; +https://opensiteexplorer.org/dotbot; help@moz.com)"
66.249.66.87 - - [09/Nov/2024:11:03:08 +0100] "GET /files/_5d5jm2ujjk1jo2prpd4g76uj1de174t06hc_.pdf HTTP/1.1" 200 147202 "-" "Mozilla/5.0 (Linux; Android 6.0.1; Nexus 5X Build/MMB29P) AppleWebKit/537.36 (KHTML, like Gecko) Chrome/130.0.6723.69 Mobile Safari/537.36 (compatible; Googlebot/2.1; +http://www.google.com/bot.html)"
66.249.66.85 - - [09/Nov/2024:11:05:08 +0100] "GET /files/kjofmh-kormelo-kozig.doc HTTP/1.1" 304 - "-" "Mozilla/5.0 (Linux; Android 6.0.1; Nexus 5X Build/MMB29P) AppleWebKit/537.36 (KHTML, like Gecko) Chrome/130.0.6723.69 Mobile Safari/537.36 (compatible; Googlebot/2.1; +http://www.google.com/bot.html)"
91.33.174.187 - - [09/Nov/2024:11:06:30 +0100] "GET /files/cegbejegyzesi_eljaras_21_per_2006__02_12_fin.doc HTTP/1.1" 200 54272 "-" "Mozilla/5.0 (Windows NT 10.0; Win64; x64) AppleWebKit/537.36 (KHTML, like Gecko) Chrome/60.0.3112.113 Safari/537.36"
54.187.16.161 - - [09/Nov/2024:11:06:43 +0100] "GET / HTTP/1.1" 200 - "-" "Mozilla/5.0 (X11; Linux x86_64) AppleWebKit/537.36 (KHTML, like Gecko) Chrome/83.0.4103.97 Safari/537.36"
176.63.29.149 - - [09/Nov/2024:11:07:18 +0100] "GET /files/tk19.pdf HTTP/1.1" 200 194017 "-" "Mozilla/5.0 (Macintosh; Intel Mac OS X 10_15_7) AppleWebKit/605.1.15 (KHTML, like Gecko) Version/17.6 Safari/605.1.15"
176.63.29.149 - - [09/Nov/2024:11:07:19 +0100] "GET /favicon.ico HTTP/1.1" 404 57 "http://www.jogalkotas.hu/files/tk19.pdf" "Mozilla/5.0 (Macintosh; Intel Mac OS X 10_15_7) AppleWebKit/605.1.15 (KHTML, like Gecko) Version/17.6 Safari/605.1.15"
216.244.66.200 - - [09/Nov/2024:11:23:20 +0100] "GET /robots.txt HTTP/1.1" 200 1590 "-" "Mozilla/5.0 (compatible; DotBot/1.2; +https://opensiteexplorer.org/dotbot; help@moz.com)"
216.244.66.200 - - [09/Nov/2024:11:39:21 +0100] "GET /files/Munkaanyag_ket_min_09.08._kozig.pdf HTTP/1.1" 200 88320 "-" "Mozilla/5.0 (compatible; DotBot/1.2; +https://opensiteexplorer.org/dotbot; help@moz.com)"
216.244.66.200 - - [09/Nov/2024:11:39:45 +0100] "GET /files/NKPIII_1sz_mell.pdf HTTP/1.1" 200 1575785 "-" "Mozilla/5.0 (compatible; DotBot/1.2; +https://opensiteexplorer.org/dotbot; help@moz.com)"
216.244.66.200 - - [09/Nov/2024:11:40:18 +0100] "GET /files/alapfoku_muvokt_terv_090220.pdf HTTP/1.1" 200 310183 "-" "Mozilla/5.0 (compatible; DotBot/1.2; +https://opensiteexplorer.org/dotbot; help@moz.com)"
216.244.66.200 - - [09/Nov/2024:11:40:49 +0100] "GET /files/deak_od_070323.pdf HTTP/1.1" 200 189551 "-" "Mozilla/5.0 (compatible; DotBot/1.2; +https://opensiteexplorer.org/dotbot; help@moz.com)"
216.244.66.200 - - [09/Nov/2024:11:41:21 +0100] "GET /files/fejezeti_terv_080219.pdf HTTP/1.1" 200 384732 "-" "Mozilla/5.0 (compatible; DotBot/1.2; +https://opensiteexplorer.org/dotbot; help@moz.com)"
216.244.66.200 - - [09/Nov/2024:11:41:51 +0100] "GET /files/felsooo_finanszterv_080124.pdf HTTP/1.1" 200 307884 "-" "Mozilla/5.0 (compatible; DotBot/1.2; +https://opensiteexplorer.org/dotbot; help@moz.com)"
216.244.66.200 - - [09/Nov/2024:11:42:18 +0100] "GET /files/hm_rendelet_tervezet_allomany.pdf HTTP/1.1" 200 126265 "-" "Mozilla/5.0 (compatible; DotBot/1.2; +https://opensiteexplorer.org/dotbot; help@moz.com)"
216.244.66.200 - - [09/Nov/2024:11:42:46 +0100] "GET /files/katasztrofarend.pdf HTTP/1.1" 200 125134 "-" "Mozilla/5.0 (compatible; DotBot/1.2; +https://opensiteexplorer.org/dotbot; help@moz.com)"
216.244.66.200 - - [09/Nov/2024:11:43:12 +0100] "GET /files/nnofnyktidrfeersz_terv_091105.pdf HTTP/1.1" 200 172971 "-" "Mozilla/5.0 (compatible; DotBot/1.2; +https://opensiteexplorer.org/dotbot; help@moz.com)"
216.244.66.200 - - [09/Nov/2024:11:43:37 +0100] "GET /files/okj_terv_090119.pdf HTTP/1.1" 200 231939 "-" "Mozilla/5.0 (compatible; DotBot/1.2; +https://opensiteexplorer.org/dotbot; help@moz.com)"
216.244.66.200 - - [09/Nov/2024:11:44:02 +0100] "GET /files/tervezet_Villanyi_Templom_hegy.pdf HTTP/1.1" 200 232956 "-" "Mozilla/5.0 (compatible; DotBot/1.2; +https://opensiteexplorer.org/dotbot; help@moz.com)"
216.244.66.200 - - [09/Nov/2024:11:44:26 +0100] "GET /files/vedett_fogl_eloterj_061103.pdf HTTP/1.1" 200 222205 "-" "Mozilla/5.0 (compatible; DotBot/1.2; +https://opensiteexplorer.org/dotbot; help@moz.com)"
216.244.66.200 - - [09/Nov/2024:11:44:49 +0100] "GET /files/votv_terv_091028.pdf HTTP/1.1" 200 289056 "-" "Mozilla/5.0 (compatible; DotBot/1.2; +https://opensiteexplorer.org/dotbot; help@moz.com)"
216.244.66.200 - - [09/Nov/2024:11:45:10 +0100] "GET /files/0609_VTT_jegyzek_tervezet_05.22..doc HTTP/1.1" 200 62976 "-" "Mozilla/5.0 (compatible; DotBot/1.2; +https://opensiteexplorer.org/dotbot; help@moz.com)"
216.244.66.200 - - [09/Nov/2024:11:45:31 +0100] "GET /files/_3eg3fmuj5edin8pbbepknksr7k1m62t31_.pdf HTTP/1.1" 200 146356 "-" "Mozilla/5.0 (compatible; DotBot/1.2; +https://opensiteexplorer.org/dotbot; help@moz.com)"
216.244.66.200 - - [09/Nov/2024:11:45:50 +0100] "GET /files/felsooktatasi_osztondijak_060207.pdf HTTP/1.1" 200 120297 "-" "Mozilla/5.0 (compatible; DotBot/1.2; +https://opensiteexplorer.org/dotbot; help@moz.com)"
216.244.66.200 - - [09/Nov/2024:11:46:10 +0100] "GET /files/katonai_beosztasok_rendelet_melleklet_tervezet.pdf HTTP/1.1" 200 183837 "-" "Mozilla/5.0 (compatible; DotBot/1.2; +https://opensiteexplorer.org/dotbot; help@moz.com)"
216.244.66.200 - - [09/Nov/2024:11:46:26 +0100] "GET /files/korm_rend_terv_hm_eltero_allamhaztartas.pdf HTTP/1.1" 200 105829 "-" "Mozilla/5.0 (compatible; DotBot/1.2; +https://opensiteexplorer.org/dotbot; help@moz.com)"
216.244.66.200 - - [09/Nov/2024:11:46:43 +0100] "GET /files/magyar_olasz_filmkoprodukcios_061014.pdf HTTP/1.1" 200 240280 "-" "Mozilla/5.0 (compatible; DotBot/1.2; +https://opensiteexplorer.org/dotbot; help@moz.com)"
216.244.66.200 - - [09/Nov/2024:11:46:58 +0100] "GET /files/orv_techn_eszkozok_min_rend_tervm.doc HTTP/1.1" 200 158208 "-" "Mozilla/5.0 (compatible; DotBot/1.2; +https://opensiteexplorer.org/dotbot; help@moz.com)"
216.244.66.200 - - [09/Nov/2024:11:47:12 +0100] "GET /files/polgari_legi_kozlekedes_vedelmenek_szabalyairol.pdf HTTP/1.1" 200 81554 "-" "Mozilla/5.0 (compatible; DotBot/1.2; +https://opensiteexplorer.org/dotbot; help@moz.com)"
216.244.66.200 - - [09/Nov/2024:11:49:15 +0100] "GET /files/76_2004___viii__19___eszcsm_rendelet_m%C3%83%C2%B3dos%C3%83%C2%ADt%C3%83%C2%A1sa_12.doc HTTP/1.1" 200 - "-" "Mozilla/5.0 (compatible; DotBot/1.2; +https://opensiteexplorer.org/dotbot; help@moz.com)"
216.244.66.200 - - [09/Nov/2024:11:49:57 +0100] "GET /files/Szakk%C3%83%C2%A9pes%C3%83%C2%ADt%C3%83%C2%A9sek_min_rend_terv.doc HTTP/1.1" 200 - "-" "Mozilla/5.0 (compatible; DotBot/1.2; +https://opensiteexplorer.org/dotbot; help@moz.com)"
216.244.66.200 - - [09/Nov/2024:11:50:21 +0100] "GET /files/furdovizek_minosegi_kovetelmenyekrol_korm_rend_terv_08_02_18.doc HTTP/1.1" 200 277504 "-" "Mozilla/5.0 (compatible; DotBot/1.2; +https://opensiteexplorer.org/dotbot; help@moz.com)"
66.249.66.4 - - [09/Nov/2024:12:09:02 +0100] "GET /files/alapf_muv_okt_kovet_II_060414.pdf HTTP/1.1" 304 - "-" "Mozilla/5.0 (Linux; Android 6.0.1; Nexus 5X Build/MMB29P) AppleWebKit/537.36 (KHTML, like Gecko) Chrome/130.0.6723.69 Mobile Safari/537.36 (compatible; Googlebot/2.1; +http://www.google.com/bot.html)"
216.244.66.200 - - [09/Nov/2024:12:11:52 +0100] "GET /robots.txt HTTP/1.1" 200 1590 "-" "Mozilla/5.0 (compatible; DotBot/1.2; +https://opensiteexplorer.org/dotbot; help@moz.com)"
216.244.66.200 - - [09/Nov/2024:12:11:52 +0100] "GET /robots.txt HTTP/1.1" 200 1590 "-" "Mozilla/5.0 (compatible; DotBot/1.2; +https://opensiteexplorer.org/dotbot; help@moz.com)"
216.244.66.200 - - [09/Nov/2024:12:27:45 +0100] "GET /files/7_2001_fvm_mod.pdf HTTP/1.1" 200 164382 "-" "Mozilla/5.0 (compatible; DotBot/1.2; +https://opensiteexplorer.org/dotbot; help@moz.com)"
216.244.66.200 - - [09/Nov/2024:12:27:56 +0100] "GET /files/kozig_20071217.pdf HTTP/1.1" 200 84015 "-" "Mozilla/5.0 (compatible; DotBot/1.2; +https://opensiteexplorer.org/dotbot; help@moz.com)"
216.244.66.200 - - [09/Nov/2024:12:28:40 +0100] "GET /files/megyei%20jelent%C3%83%C2%A9s.pdf HTTP/1.1" 200 - "-" "Mozilla/5.0 (compatible; DotBot/1.2; +https://opensiteexplorer.org/dotbot; help@moz.com)"
216.244.66.200 - - [09/Nov/2024:12:28:52 +0100] "GET /files/orvostech_eszk_min_rend_terv.doc HTTP/1.1" 200 1102336 "-" "Mozilla/5.0 (compatible; DotBot/1.2; +https://opensiteexplorer.org/dotbot; help@moz.com)"
216.244.66.200 - - [09/Nov/2024:12:29:43 +0100] "GET /files/p%C3%83%C2%A9nz.doc HTTP/1.1" 200 - "-" "Mozilla/5.0 (compatible; DotBot/1.2; +https://opensiteexplorer.org/dotbot; help@moz.com)"
216.244.66.200 - - [09/Nov/2024:12:30:03 +0100] "GET /files/tuzvedelmitanusitvany.pdf HTTP/1.1" 200 116534 "-" "Mozilla/5.0 (compatible; DotBot/1.2; +https://opensiteexplorer.org/dotbot; help@moz.com)"
216.244.66.200 - - [09/Nov/2024:12:32:12 +0100] "GET /files/0714_T_rc_ra__r_Szolg_lati_Szab_lyzat.doc HTTP/1.1" 200 227840 "-" "Mozilla/5.0 (compatible; DotBot/1.2; +https://opensiteexplorer.org/dotbot; help@moz.com)"
216.244.66.200 - - [09/Nov/2024:12:32:43 +0100] "GET /files/CITES_Fuggelekek_modositas_kozigre_0325.pdf HTTP/1.1" 200 618419 "-" "Mozilla/5.0 (compatible; DotBot/1.2; +https://opensiteexplorer.org/dotbot; help@moz.com)"
216.244.66.200 - - [09/Nov/2024:12:33:14 +0100] "GET /files/korm_rendelet_tervezet_egeszsegugyi_ellatas.pdf HTTP/1.1" 200 162983 "-" "Mozilla/5.0 (compatible; DotBot/1.2; +https://opensiteexplorer.org/dotbot; help@moz.com)"
216.244.66.200 - - [09/Nov/2024:12:33:42 +0100] "GET /files/tenyesztesszervezes_rendelettervezet.pdf HTTP/1.1" 200 236849 "-" "Mozilla/5.0 (compatible; DotBot/1.2; +https://opensiteexplorer.org/dotbot; help@moz.com)"
216.244.66.200 - - [09/Nov/2024:12:34:52 +0100] "GET /files/rendelet-t%C3%83%C2%A1rc%C3%83%C2%A1ra_47-2003.m%C3%83%C2%B3d..doc HTTP/1.1" 200 - "-" "Mozilla/5.0 (compatible; DotBot/1.2; +https://opensiteexplorer.org/dotbot; help@moz.com)"
216.244.66.200 - - [09/Nov/2024:12:35:57 +0100] "GET /taxonomy/term/54/0/feed HTTP/1.1" 200 - "-" "Mozilla/5.0 (compatible; DotBot/1.2; +https://opensiteexplorer.org/dotbot; help@moz.com)"
66.249.66.87 - - [09/Nov/2024:12:56:18 +0100] "GET /files/fontos-bizalmas.pdf HTTP/1.1" 304 - "-" "Mozilla/5.0 (Linux; Android 6.0.1; Nexus 5X Build/MMB29P) AppleWebKit/537.36 (KHTML, like Gecko) Chrome/130.0.6723.69 Mobile Safari/537.36 (compatible; Googlebot/2.1; +http://www.google.com/bot.html)"
216.244.66.200 - - [09/Nov/2024:13:01:10 +0100] "GET /robots.txt HTTP/1.1" 200 1590 "-" "Mozilla/5.0 (compatible; DotBot/1.2; +https://opensiteexplorer.org/dotbot; help@moz.com)"
216.244.66.200 - - [09/Nov/2024:13:01:10 +0100] "GET /robots.txt HTTP/1.1" 200 1590 "-" "Mozilla/5.0 (compatible; DotBot/1.2; +https://opensiteexplorer.org/dotbot; help@moz.com)"
40.77.167.138 - - [09/Nov/2024:13:07:22 +0100] "GET /robots.txt HTTP/1.1" 200 1590 "-" "Mozilla/5.0 AppleWebKit/537.36 (KHTML, like Gecko; compatible; bingbot/2.0; +http://www.bing.com/bingbot.htm) Chrome/116.0.1938.76 Safari/537.36"
52.167.144.236 - - [09/Nov/2024:13:07:30 +0100] "GET /files/KHEM_1917kozig.doc HTTP/1.1" 200 130048 "-" "Mozilla/5.0 AppleWebKit/537.36 (KHTML, like Gecko; compatible; bingbot/2.0; +http://www.bing.com/bingbot.htm) Chrome/116.0.1938.76 Safari/537.36"
66.249.66.87 - - [09/Nov/2024:13:13:38 +0100] "GET /files/tamszolg_terv_080630.pdf HTTP/1.1" 304 - "-" "Mozilla/5.0 (Linux; Android 6.0.1; Nexus 5X Build/MMB29P) AppleWebKit/537.36 (KHTML, like Gecko) Chrome/130.0.6723.69 Mobile Safari/537.36 (compatible; Googlebot/2.1; +http://www.google.com/bot.html)"
66.249.66.4 - - [09/Nov/2024:13:14:56 +0100] "GET /files/_1c9nmopt0e9q6it3fdc_.pdf HTTP/1.1" 200 236317 "-" "Googlebot/2.1 (+http://www.google.com/bot.html)"
216.244.66.200 - - [09/Nov/2024:13:18:07 +0100] "GET /files/egyes_szoc_szolg_070206.pdf HTTP/1.1" 200 274567 "-" "Mozilla/5.0 (compatible; DotBot/1.2; +https://opensiteexplorer.org/dotbot; help@moz.com)"
157.55.39.193 - - [09/Nov/2024:13:22:26 +0100] "GET /files/vhkezb-mod-1.doc HTTP/1.1" 200 117760 "-" "Mozilla/5.0 AppleWebKit/537.36 (KHTML, like Gecko; compatible; bingbot/2.0; +http://www.bing.com/bingbot.htm) Chrome/116.0.1938.76 Safari/537.36"
216.244.66.200 - - [09/Nov/2024:13:22:43 +0100] "GET /files/ifj_szoc_gyv_rend_terv_061211.pdf HTTP/1.1" 200 245506 "-" "Mozilla/5.0 (compatible; DotBot/1.2; +https://opensiteexplorer.org/dotbot; help@moz.com)"
216.244.66.200 - - [09/Nov/2024:13:22:55 +0100] "GET /files/rendelet_icsszem_fejkezelo_melleklet.pdf HTTP/1.1" 200 121028 "-" "Mozilla/5.0 (compatible; DotBot/1.2; +https://opensiteexplorer.org/dotbot; help@moz.com)"
216.244.66.200 - - [09/Nov/2024:13:23:07 +0100] "GET /files/szakmai_vizsga_tam_2_mell_070307.pdf HTTP/1.1" 200 163784 "-" "Mozilla/5.0 (compatible; DotBot/1.2; +https://opensiteexplorer.org/dotbot; help@moz.com)"
52.167.144.197 - - [09/Nov/2024:13:23:10 +0100] "GET /files/me_1_3_51__1_080313.pdf HTTP/1.1" 304 - "-" "Mozilla/5.0 AppleWebKit/537.36 (KHTML, like Gecko; compatible; bingbot/2.0; +http://www.bing.com/bingbot.htm) Chrome/116.0.1938.76 Safari/537.36"
216.244.66.200 - - [09/Nov/2024:13:26:07 +0100] "GET /files/gyermek_gyamugy_vezetoi_osszefoglalo_061102.pdf HTTP/1.1" 200 148139 "-" "Mozilla/5.0 (compatible; DotBot/1.2; +https://opensiteexplorer.org/dotbot; help@moz.com)"
216.244.66.200 - - [09/Nov/2024:13:29:20 +0100] "GET /files/k%C3%83%C2%B6zforgalm%C3%83%C2%BA%20gy%C3%83%C2%B3gyszert%C3%83%C2%A1rak%20t%C3%83%C2%A1rcaanyag_07_j%C3%83%C2%BAl_26.doc HTTP/1.1" 200 - "-" "Mozilla/5.0 (compatible; DotBot/1.2; +https://opensiteexplorer.org/dotbot; help@moz.com)"
216.244.66.200 - - [09/Nov/2024:13:30:06 +0100] "GET /files/9273-3.doc HTTP/1.1" 200 144384 "-" "Mozilla/5.0 (compatible; DotBot/1.2; +https://opensiteexplorer.org/dotbot; help@moz.com)"
216.244.66.200 - - [09/Nov/2024:13:30:44 +0100] "GET /files/indok_0.pdf HTTP/1.1" 200 89909 "-" "Mozilla/5.0 (compatible; DotBot/1.2; +https://opensiteexplorer.org/dotbot; help@moz.com)"
216.244.66.200 - - [09/Nov/2024:13:31:34 +0100] "GET /files/menedekjog.doc HTTP/1.1" 200 459264 "-" "Mozilla/5.0 (compatible; DotBot/1.2; +https://opensiteexplorer.org/dotbot; help@moz.com)"
216.244.66.200 - - [09/Nov/2024:13:32:39 +0100] "GET /user/482/notify HTTP/1.1" 200 - "-" "Mozilla/5.0 (compatible; DotBot/1.2; +https://opensiteexplorer.org/dotbot; help@moz.com)"
216.244.66.200 - - [09/Nov/2024:13:32:55 +0100] "GET /files/1025_kozig_MME.doc HTTP/1.1" 200 83968 "-" "Mozilla/5.0 (compatible; DotBot/1.2; +https://opensiteexplorer.org/dotbot; help@moz.com)"
216.244.66.200 - - [09/Nov/2024:13:33:45 +0100] "GET /files/33_1998_mod_terv_080708.pdf HTTP/1.1" 200 390556 "-" "Mozilla/5.0 (compatible; DotBot/1.2; +https://opensiteexplorer.org/dotbot; help@moz.com)"
216.244.66.200 - - [09/Nov/2024:13:34:17 +0100] "GET /files/362per2006_korm_rend_mod_090415.doc HTTP/1.1" 200 71168 "-" "Mozilla/5.0 (compatible; DotBot/1.2; +https://opensiteexplorer.org/dotbot; help@moz.com)"
216.244.66.200 - - [09/Nov/2024:13:34:48 +0100] "GET /files/Magyar-Koreai.doc HTTP/1.1" 200 89600 "-" "Mozilla/5.0 (compatible; DotBot/1.2; +https://opensiteexplorer.org/dotbot; help@moz.com)"
216.244.66.200 - - [09/Nov/2024:13:35:19 +0100] "GET /files/VHR_Mod+II_0814_tarcakorozes.doc HTTP/1.1" 200 39424 "-" "Mozilla/5.0 (compatible; DotBot/1.2; +https://opensiteexplorer.org/dotbot; help@moz.com)"
216.244.66.200 - - [09/Nov/2024:13:35:50 +0100] "GET /files/ega_min_terv_080422.pdf HTTP/1.1" 200 142408 "-" "Mozilla/5.0 (compatible; DotBot/1.2; +https://opensiteexplorer.org/dotbot; help@moz.com)"
216.244.66.200 - - [09/Nov/2024:13:36:19 +0100] "GET /files/igazolvany_rendelet.doc HTTP/1.1" 200 85504 "-" "Mozilla/5.0 (compatible; DotBot/1.2; +https://opensiteexplorer.org/dotbot; help@moz.com)"
216.244.66.200 - - [09/Nov/2024:13:36:52 +0100] "GET /files/kerettanterv_071107.pdf HTTP/1.1" 200 191671 "-" "Mozilla/5.0 (compatible; DotBot/1.2; +https://opensiteexplorer.org/dotbot; help@moz.com)"
216.244.66.200 - - [09/Nov/2024:13:37:35 +0100] "GET /files/kihirdetesi_anyag_20070912-1.doc HTTP/1.1" 200 424960 "-" "Mozilla/5.0 (compatible; DotBot/1.2; +https://opensiteexplorer.org/dotbot; help@moz.com)"
216.244.66.200 - - [09/Nov/2024:13:38:10 +0100] "GET /files/kutatopedosztondij_terv_080812.pdf HTTP/1.1" 200 292342 "-" "Mozilla/5.0 (compatible; DotBot/1.2; +https://opensiteexplorer.org/dotbot; help@moz.com)"
216.244.66.200 - - [09/Nov/2024:13:38:42 +0100] "GET /files/okj_terv_070803.pdf HTTP/1.1" 200 168861 "-" "Mozilla/5.0 (compatible; DotBot/1.2; +https://opensiteexplorer.org/dotbot; help@moz.com)"
216.244.66.200 - - [09/Nov/2024:13:39:12 +0100] "GET /files/parlamenti%20bizottsagok8.pdf HTTP/1.1" 200 57222 "-" "Mozilla/5.0 (compatible; DotBot/1.2; +https://opensiteexplorer.org/dotbot; help@moz.com)"
216.244.66.200 - - [09/Nov/2024:13:40:11 +0100] "GET /files/polgari_v%E9delmi_besorolas1.pdf HTTP/1.1" 200 - "-" "Mozilla/5.0 (compatible; DotBot/1.2; +https://opensiteexplorer.org/dotbot; help@moz.com)"
216.244.66.200 - - [09/Nov/2024:13:50:02 +0100] "GET /robots.txt HTTP/1.1" 200 1590 "-" "Mozilla/5.0 (compatible; DotBot/1.2; +https://opensiteexplorer.org/dotbot; help@moz.com)"
216.244.66.200 - - [09/Nov/2024:13:50:04 +0100] "GET /robots.txt HTTP/1.1" 200 1590 "-" "Mozilla/5.0 (compatible; DotBot/1.2; +https://opensiteexplorer.org/dotbot; help@moz.com)"
66.249.66.85 - - [09/Nov/2024:14:04:08 +0100] "GET /files/BacskiskunIndokolas.pdf HTTP/1.1" 304 - "-" "Mozilla/5.0 (Linux; Android 6.0.1; Nexus 5X Build/MMB29P) AppleWebKit/537.36 (KHTML, like Gecko) Chrome/130.0.6723.69 Mobile Safari/537.36 (compatible; Googlebot/2.1; +http://www.google.com/bot.html)"
216.244.66.200 - - [09/Nov/2024:14:09:46 +0100] "GET /files/nat_terv_070522.pdf HTTP/1.1" 200 1277755 "-" "Mozilla/5.0 (compatible; DotBot/1.2; +https://opensiteexplorer.org/dotbot; help@moz.com)"
216.244.66.200 - - [09/Nov/2024:14:10:01 +0100] "GET /files/szolgalati_titok_070301.pdf HTTP/1.1" 200 139469 "-" "Mozilla/5.0 (compatible; DotBot/1.2; +https://opensiteexplorer.org/dotbot; help@moz.com)"
216.244.66.200 - - [09/Nov/2024:14:12:28 +0100] "GET /files/090724_jszt_frekvencia_felhaszn.pdf HTTP/1.1" 200 146020 "-" "Mozilla/5.0 (compatible; DotBot/1.2; +https://opensiteexplorer.org/dotbot; help@moz.com)"
216.244.66.200 - - [09/Nov/2024:14:12:45 +0100] "GET /files/12_2008_KvVM_rend_mod_KOZIG_2010_04_12.pdf HTTP/1.1" 200 1249898 "-" "Mozilla/5.0 (compatible; DotBot/1.2; +https://opensiteexplorer.org/dotbot; help@moz.com)"
216.244.66.200 - - [09/Nov/2024:14:13:02 +0100] "GET /files/18_1998-30_1998%20tervezet.doc HTTP/1.1" 200 131072 "-" "Mozilla/5.0 (compatible; DotBot/1.2; +https://opensiteexplorer.org/dotbot; help@moz.com)"
216.244.66.200 - - [09/Nov/2024:14:13:17 +0100] "GET /files/38per2003_biocid_20081112.doc HTTP/1.1" 200 134144 "-" "Mozilla/5.0 (compatible; DotBot/1.2; +https://opensiteexplorer.org/dotbot; help@moz.com)"
216.244.66.200 - - [09/Nov/2024:14:13:31 +0100] "GET /files/GEO_eloterjesztes_kozig_01_14.pdf HTTP/1.1" 200 73014 "-" "Mozilla/5.0 (compatible; DotBot/1.2; +https://opensiteexplorer.org/dotbot; help@moz.com)"
216.244.66.200 - - [09/Nov/2024:14:13:45 +0100] "GET /files/_5edt6orrmk1ln953ieq16su8_.pdf HTTP/1.1" 200 365582 "-" "Mozilla/5.0 (compatible; DotBot/1.2; +https://opensiteexplorer.org/dotbot; help@moz.com)"
216.244.66.200 - - [09/Nov/2024:14:14:07 +0100] "GET /files/__zemben_tart__s_szakmai.doc HTTP/1.1" 200 1864192 "-" "Mozilla/5.0 (compatible; DotBot/1.2; +https://opensiteexplorer.org/dotbot; help@moz.com)"
216.244.66.200 - - [09/Nov/2024:14:14:39 +0100] "GET /files/katonai_beosztasok_rendelet_tervezet.pdf HTTP/1.1" 200 44120 "-" "Mozilla/5.0 (compatible; DotBot/1.2; +https://opensiteexplorer.org/dotbot; help@moz.com)"
216.244.66.200 - - [09/Nov/2024:14:15:13 +0100] "GET /files/kerettantervek_szakisk_inf_alligra_060516.pdf HTTP/1.1" 200 407763 "-" "Mozilla/5.0 (compatible; DotBot/1.2; +https://opensiteexplorer.org/dotbot; help@moz.com)"
216.244.66.200 - - [09/Nov/2024:14:15:44 +0100] "GET /files/kormeloterv_allamhatar_velemenyezesre.pdf HTTP/1.1" 200 144812 "-" "Mozilla/5.0 (compatible; DotBot/1.2; +https://opensiteexplorer.org/dotbot; help@moz.com)"
216.244.66.200 - - [09/Nov/2024:14:16:16 +0100] "GET /files/nnofnyktidrfeersz_terv_091105.pdf HTTP/1.1" 200 172971 "-" "Mozilla/5.0 (compatible; DotBot/1.2; +https://opensiteexplorer.org/dotbot; help@moz.com)"
216.244.66.200 - - [09/Nov/2024:14:16:52 +0100] "GET /files/rkf_09.04.22._tervezet_honlapra.doc HTTP/1.1" 200 80384 "-" "Mozilla/5.0 (compatible; DotBot/1.2; +https://opensiteexplorer.org/dotbot; help@moz.com)"
216.244.66.200 - - [09/Nov/2024:14:17:30 +0100] "GET /files/tse_rendelet_velemenyezesre.pdf HTTP/1.1" 200 242786 "-" "Mozilla/5.0 (compatible; DotBot/1.2; +https://opensiteexplorer.org/dotbot; help@moz.com)"
216.244.66.200 - - [09/Nov/2024:14:18:32 +0100] "GET /files/Szakk%C3%83%C2%A9pes%C3%83%C2%ADt%C3%83%C2%A9sek_min_rend_terv.doc HTTP/1.1" 200 - "-" "Mozilla/5.0 (compatible; DotBot/1.2; +https://opensiteexplorer.org/dotbot; help@moz.com)"
216.244.66.200 - - [09/Nov/2024:14:18:58 +0100] "GET /files/_bdlgmeub1e8g2q83jf9m6utl0dcg6aprpg5q78r86vdlp8p42ecp30c1m_.pdf HTTP/1.1" 200 156509 "-" "Mozilla/5.0 (compatible; DotBot/1.2; +https://opensiteexplorer.org/dotbot; help@moz.com)"
216.244.66.200 - - [09/Nov/2024:14:19:42 +0100] "GET /files/11562.pdf HTTP/1.1" 200 219811 "-" "Mozilla/5.0 (compatible; DotBot/1.2; +https://opensiteexplorer.org/dotbot; help@moz.com)"
216.244.66.200 - - [09/Nov/2024:14:20:20 +0100] "GET /files/161.doc HTTP/1.1" 200 44032 "-" "Mozilla/5.0 (compatible; DotBot/1.2; +https://opensiteexplorer.org/dotbot; help@moz.com)"
216.244.66.200 - - [09/Nov/2024:14:21:10 +0100] "GET /files/8330-6.doc HTTP/1.1" 200 399239 "-" "Mozilla/5.0 (compatible; DotBot/1.2; +https://opensiteexplorer.org/dotbot; help@moz.com)"
216.244.66.200 - - [09/Nov/2024:14:21:42 +0100] "GET /files/T3298.doc HTTP/1.1" 200 87552 "-" "Mozilla/5.0 (compatible; DotBot/1.2; +https://opensiteexplorer.org/dotbot; help@moz.com)"
216.244.66.200 - - [09/Nov/2024:14:22:15 +0100] "GET /files/jogh_dij.doc HTTP/1.1" 200 81920 "-" "Mozilla/5.0 (compatible; DotBot/1.2; +https://opensiteexplorer.org/dotbot; help@moz.com)"
216.244.66.200 - - [09/Nov/2024:14:22:48 +0100] "GET /files/kizarolagos.doc HTTP/1.1" 200 130560 "-" "Mozilla/5.0 (compatible; DotBot/1.2; +https://opensiteexplorer.org/dotbot; help@moz.com)"
216.244.66.200 - - [09/Nov/2024:14:23:20 +0100] "GET /files/rend.pdf HTTP/1.1" 200 48038 "-" "Mozilla/5.0 (compatible; DotBot/1.2; +https://opensiteexplorer.org/dotbot; help@moz.com)"
216.244.66.200 - - [09/Nov/2024:14:23:51 +0100] "GET /files/14_2001rend_mod_tervezet.pdf HTTP/1.1" 200 131895 "-" "Mozilla/5.0 (compatible; DotBot/1.2; +https://opensiteexplorer.org/dotbot; help@moz.com)"
216.244.66.200 - - [09/Nov/2024:14:24:27 +0100] "GET /files/19per1998_eum_rend_mod_081220.doc HTTP/1.1" 200 59392 "-" "Mozilla/5.0 (compatible; DotBot/1.2; +https://opensiteexplorer.org/dotbot; help@moz.com)"
216.244.66.200 - - [09/Nov/2024:14:25:17 +0100] "GET /files/9per93_nm_rend_mod_090804.doc HTTP/1.1" 200 552727 "-" "Mozilla/5.0 (compatible; DotBot/1.2; +https://opensiteexplorer.org/dotbot; help@moz.com)"
216.244.66.200 - - [09/Nov/2024:14:25:51 +0100] "GET /files/A_43per1999_korm_rend_mod.doc HTTP/1.1" 200 55296 "-" "Mozilla/5.0 (compatible; DotBot/1.2; +https://opensiteexplorer.org/dotbot; help@moz.com)"
216.244.66.200 - - [09/Nov/2024:14:26:22 +0100] "GET /files/Jogharm_jav_motor.doc HTTP/1.1" 200 57344 "-" "Mozilla/5.0 (compatible; DotBot/1.2; +https://opensiteexplorer.org/dotbot; help@moz.com)"
216.244.66.200 - - [09/Nov/2024:14:27:11 +0100] "GET /files/KHEM_4929norma.doc HTTP/1.1" 200 1187576 "-" "Mozilla/5.0 (compatible; DotBot/1.2; +https://opensiteexplorer.org/dotbot; help@moz.com)"
216.244.66.200 - - [09/Nov/2024:14:27:42 +0100] "GET /files/TK66_4rendelet.pdf HTTP/1.1" 200 122904 "-" "Mozilla/5.0 (compatible; DotBot/1.2; +https://opensiteexplorer.org/dotbot; help@moz.com)"
216.244.66.200 - - [09/Nov/2024:14:28:15 +0100] "GET /files/Tarcali_Turzo-dulo_tervezet.pdf HTTP/1.1" 200 184505 "-" "Mozilla/5.0 (compatible; DotBot/1.2; +https://opensiteexplorer.org/dotbot; help@moz.com)"
216.244.66.200 - - [09/Nov/2024:14:28:47 +0100] "GET /files/__zemben_tart__s_szakmai.doc HTTP/1.1" 200 564311 "-" "Mozilla/5.0 (compatible; DotBot/1.2; +https://opensiteexplorer.org/dotbot; help@moz.com)"
216.244.66.200 - - [09/Nov/2024:14:37:48 +0100] "GET /robots.txt HTTP/1.1" 200 1590 "-" "Mozilla/5.0 (compatible; DotBot/1.2; +https://opensiteexplorer.org/dotbot; help@moz.com)"
216.244.66.200 - - [09/Nov/2024:14:37:49 +0100] "GET /robots.txt HTTP/1.1" 200 1590 "-" "Mozilla/5.0 (compatible; DotBot/1.2; +https://opensiteexplorer.org/dotbot; help@moz.com)"
216.244.66.200 - - [09/Nov/2024:14:55:01 +0100] "GET /files/TK51_2.pdf HTTP/1.1" 200 130836 "-" "Mozilla/5.0 (compatible; DotBot/1.2; +https://opensiteexplorer.org/dotbot; help@moz.com)"
216.244.66.200 - - [09/Nov/2024:14:56:56 +0100] "GET /user/394/notify HTTP/1.1" 200 - "-" "Mozilla/5.0 (compatible; DotBot/1.2; +https://opensiteexplorer.org/dotbot; help@moz.com)"
216.244.66.200 - - [09/Nov/2024:14:58:17 +0100] "GET /files/118_2001_terv_091102.pdf HTTP/1.1" 200 189533 "-" "Mozilla/5.0 (compatible; DotBot/1.2; +https://opensiteexplorer.org/dotbot; help@moz.com)"
216.244.66.200 - - [09/Nov/2024:14:58:38 +0100] "GET /files/13_2004_om_rend_mod_070220.pdf HTTP/1.1" 200 335815 "-" "Mozilla/5.0 (compatible; DotBot/1.2; +https://opensiteexplorer.org/dotbot; help@moz.com)"
216.244.66.200 - - [09/Nov/2024:14:58:59 +0100] "GET /files/FVM%20rendelet.doc HTTP/1.1" 200 49152 "-" "Mozilla/5.0 (compatible; DotBot/1.2; +https://opensiteexplorer.org/dotbot; help@moz.com)"
216.244.66.200 - - [09/Nov/2024:14:59:18 +0100] "GET /files/Pannonhalmi_tervezet.pdf HTTP/1.1" 200 248249 "-" "Mozilla/5.0 (compatible; DotBot/1.2; +https://opensiteexplorer.org/dotbot; help@moz.com)"
216.244.66.200 - - [09/Nov/2024:14:59:36 +0100] "GET /files/_5edt6orrmk1ln953ieq16su8_.pdf HTTP/1.1" 200 365582 "-" "Mozilla/5.0 (compatible; DotBot/1.2; +https://opensiteexplorer.org/dotbot; help@moz.com)"
216.244.66.200 - - [09/Nov/2024:14:59:54 +0100] "GET /files/besopiacuzletivallalk.doc HTTP/1.1" 200 596480 "-" "Mozilla/5.0 (compatible; DotBot/1.2; +https://opensiteexplorer.org/dotbot; help@moz.com)"
216.244.66.200 - - [09/Nov/2024:15:00:11 +0100] "GET /files/habsburg_terv_090421.pdf HTTP/1.1" 200 317660 "-" "Mozilla/5.0 (compatible; DotBot/1.2; +https://opensiteexplorer.org/dotbot; help@moz.com)"
216.244.66.200 - - [09/Nov/2024:15:00:25 +0100] "GET /files/hatarellenorzes.doc HTTP/1.1" 200 51200 "-" "Mozilla/5.0 (compatible; DotBot/1.2; +https://opensiteexplorer.org/dotbot; help@moz.com)"
216.244.66.200 - - [09/Nov/2024:15:00:41 +0100] "GET /files/jelentes_0918_070919.pdf HTTP/1.1" 200 890103 "-" "Mozilla/5.0 (compatible; DotBot/1.2; +https://opensiteexplorer.org/dotbot; help@moz.com)"
51.222.253.5 - - [09/Nov/2024:15:22:51 +0100] "GET /robots.txt HTTP/1.1" 200 1590 "-" "Mozilla/5.0 (compatible; AhrefsBot/7.0; +http://ahrefs.com/robot/)"
66.249.66.4 - - [09/Nov/2024:15:27:49 +0100] "GET /files/8347_terv_070411.pdf HTTP/1.1" 200 499915 "-" "Googlebot/2.1 (+http://www.google.com/bot.html)"
216.244.66.200 - - [09/Nov/2024:15:29:54 +0100] "GET /robots.txt HTTP/1.1" 200 1590 "-" "Mozilla/5.0 (compatible; DotBot/1.2; +https://opensiteexplorer.org/dotbot; help@moz.com)"
216.244.66.200 - - [09/Nov/2024:15:29:54 +0100] "GET /robots.txt HTTP/1.1" 200 1590 "-" "Mozilla/5.0 (compatible; DotBot/1.2; +https://opensiteexplorer.org/dotbot; help@moz.com)"
216.244.66.200 - - [09/Nov/2024:15:56:08 +0100] "GET /files/TK48.pdf HTTP/1.1" 200 134627 "-" "Mozilla/5.0 (compatible; DotBot/1.2; +https://opensiteexplorer.org/dotbot; help@moz.com)"
66.249.66.5 - - [09/Nov/2024:15:56:37 +0100] "GET /dru- HTTP/1.1" 200 - "-" "Mozilla/5.0 (Linux; Android 6.0.1; Nexus 5X Build/MMB29P) AppleWebKit/537.36 (KHTML, like Gecko) Chrome/130.0.6723.69 Mobile Safari/537.36 (compatible; Googlebot/2.1; +http://www.google.com/bot.html)"
216.244.66.200 - - [09/Nov/2024:15:56:42 +0100] "GET /files/altind.pdf HTTP/1.1" 200 436990 "-" "Mozilla/5.0 (compatible; DotBot/1.2; +https://opensiteexplorer.org/dotbot; help@moz.com)"
216.244.66.200 - - [09/Nov/2024:15:57:19 +0100] "GET /files/kozellatas.doc HTTP/1.1" 200 64000 "-" "Mozilla/5.0 (compatible; DotBot/1.2; +https://opensiteexplorer.org/dotbot; help@moz.com)"
216.244.66.200 - - [09/Nov/2024:15:57:54 +0100] "GET /files/szili.pdf HTTP/1.1" 200 129969 "-" "Mozilla/5.0 (compatible; DotBot/1.2; +https://opensiteexplorer.org/dotbot; help@moz.com)"
216.244.66.200 - - [09/Nov/2024:15:58:33 +0100] "GET /files/szmmf_090914.pdf HTTP/1.1" 200 222427 "-" "Mozilla/5.0 (compatible; DotBot/1.2; +https://opensiteexplorer.org/dotbot; help@moz.com)"
47.128.56.116 - - [09/Nov/2024:15:58:54 +0100] "GET /robots.txt HTTP/1.1" 200 1590 "-" "Mozilla/5.0 (Linux; Android 5.0) AppleWebKit/537.36 (KHTML, like Gecko) Mobile Safari/537.36 (compatible; Bytespider; spider-feedback@bytedance.com)"
47.128.36.183 - - [09/Nov/2024:15:59:16 +0100] "GET /node/2404 HTTP/1.1" 200 - "-" "Mozilla/5.0 (Linux; Android 5.0) AppleWebKit/537.36 (KHTML, like Gecko) Mobile Safari/537.36 (compatible; Bytespider; spider-feedback@bytedance.com)"
216.244.66.200 - - [09/Nov/2024:15:59:26 +0100] "GET /files/uefa.doc HTTP/1.1" 200 468743 "-" "Mozilla/5.0 (compatible; DotBot/1.2; +https://opensiteexplorer.org/dotbot; help@moz.com)"
66.249.66.86 - - [09/Nov/2024:15:59:29 +0100] "GET /files/TK50.pdf HTTP/1.1" 200 134264 "-" "Mozilla/5.0 (Linux; Android 6.0.1; Nexus 5X Build/MMB29P) AppleWebKit/537.36 (KHTML, like Gecko) Chrome/130.0.6723.69 Mobile Safari/537.36 (compatible; Googlebot/2.1; +http://www.google.com/bot.html)"
216.244.66.200 - - [09/Nov/2024:16:00:03 +0100] "GET /files/10_2002_modositas.pdf HTTP/1.1" 200 188602 "-" "Mozilla/5.0 (compatible; DotBot/1.2; +https://opensiteexplorer.org/dotbot; help@moz.com)"
216.244.66.200 - - [09/Nov/2024:16:00:55 +0100] "GET /files/1_mell_FAVI_ENG_alap.doc HTTP/1.1" 200 316703 "-" "Mozilla/5.0 (compatible; DotBot/1.2; +https://opensiteexplorer.org/dotbot; help@moz.com)"
216.244.66.200 - - [09/Nov/2024:16:01:40 +0100] "GET /files/2007_xvii_mod.pdf HTTP/1.1" 200 279864 "-" "Mozilla/5.0 (compatible; DotBot/1.2; +https://opensiteexplorer.org/dotbot; help@moz.com)"
216.244.66.200 - - [09/Nov/2024:16:02:14 +0100] "GET /files/2008elsonegyedev.pdf HTTP/1.1" 200 57799 "-" "Mozilla/5.0 (compatible; DotBot/1.2; +https://opensiteexplorer.org/dotbot; help@moz.com)"
216.244.66.200 - - [09/Nov/2024:16:02:55 +0100] "GET /files/7_2001_modositas.pdf HTTP/1.1" 200 263225 "-" "Mozilla/5.0 (compatible; DotBot/1.2; +https://opensiteexplorer.org/dotbot; help@moz.com)"
216.244.66.200 - - [09/Nov/2024:16:03:47 +0100] "GET /files/KHEM_7392_5norma.doc HTTP/1.1" 200 407927 "-" "Mozilla/5.0 (compatible; DotBot/1.2; +https://opensiteexplorer.org/dotbot; help@moz.com)"
216.244.66.200 - - [09/Nov/2024:16:04:25 +0100] "GET /files/_mc9nmopt0e9q6it3fdcmmgobk_.pdf HTTP/1.1" 200 100151 "-" "Mozilla/5.0 (compatible; DotBot/1.2; +https://opensiteexplorer.org/dotbot; help@moz.com)"
216.244.66.200 - - [09/Nov/2024:16:05:29 +0100] "GET /files/bizotts%C3%83%C2%A1gok.pdf HTTP/1.1" 200 - "-" "Mozilla/5.0 (compatible; DotBot/1.2; +https://opensiteexplorer.org/dotbot; help@moz.com)"
216.244.66.200 - - [09/Nov/2024:16:05:57 +0100] "GET /files/fsza_terv_090306.pdf HTTP/1.1" 200 248801 "-" "Mozilla/5.0 (compatible; DotBot/1.2; +https://opensiteexplorer.org/dotbot; help@moz.com)"
216.244.66.200 - - [09/Nov/2024:16:06:51 +0100] "GET /files/kkk_mod_honlapra_070914.pdf HTTP/1.1" 200 532460 "-" "Mozilla/5.0 (compatible; DotBot/1.2; +https://opensiteexplorer.org/dotbot; help@moz.com)"
216.244.66.200 - - [09/Nov/2024:16:07:27 +0100] "GET /files/madrid_abu_dhabi_080613.zip HTTP/1.1" 200 252505 "-" "Mozilla/5.0 (compatible; DotBot/1.2; +https://opensiteexplorer.org/dotbot; help@moz.com)"
216.244.66.200 - - [09/Nov/2024:16:08:01 +0100] "GET /files/zenekari_enekkari_tam_070131.pdf HTTP/1.1" 200 131846 "-" "Mozilla/5.0 (compatible; DotBot/1.2; +https://opensiteexplorer.org/dotbot; help@moz.com)"
114.119.131.235 - - [09/Nov/2024:16:09:12 +0100] "GET /robots.txt HTTP/1.1" 200 1590 "-" "Mozilla/5.0 (compatible;PetalBot;+https://webmaster.petalsearch.com/site/petalbot)"
66.249.66.6 - - [09/Nov/2024:16:10:16 +0100] "GET /files/ljagy_terv_090831.pdf HTTP/1.1" 200 498045 "-" "Googlebot/2.1 (+http://www.google.com/bot.html)"
176.63.28.3 - - [09/Nov/2024:16:15:35 +0100] "GET /files/Tuzszolszab..pdf HTTP/1.1" 200 60086 "https://www.google.com/" "Mozilla/5.0 (Linux; Android 10; K) AppleWebKit/537.36 (KHTML, like Gecko) Chrome/130.0.0.0 Mobile Safari/537.36"
176.63.28.3 - - [09/Nov/2024:16:15:39 +0100] "GET /files/Tuzszolszab..pdf HTTP/1.1" 206 1 "https://www.google.com/" "Mozilla/5.0 (Linux; Android 10; K) AppleWebKit/537.36 (KHTML, like Gecko) Chrome/130.0.0.0 Mobile Safari/537.36"
176.63.28.3 - - [09/Nov/2024:16:15:39 +0100] "GET /files/Tuzszolszab..pdf HTTP/1.1" 206 34688 "https://www.google.com/" "Mozilla/5.0 (Linux; Android 10; K) AppleWebKit/537.36 (KHTML, like Gecko) Chrome/130.0.0.0 Mobile Safari/537.36"
176.63.28.3 - - [09/Nov/2024:16:15:40 +0100] "GET /files/Tuzszolszab..pdf HTTP/1.1" 206 1 "https://www.google.com/" "Mozilla/5.0 (Linux; Android 10; K) AppleWebKit/537.36 (KHTML, like Gecko) Chrome/130.0.0.0 Mobile Safari/537.36"
176.63.28.3 - - [09/Nov/2024:16:15:40 +0100] "GET /files/Tuzszolszab..pdf HTTP/1.1" 206 34688 "https://www.google.com/" "Mozilla/5.0 (Linux; Android 10; K) AppleWebKit/537.36 (KHTML, like Gecko) Chrome/130.0.0.0 Mobile Safari/537.36"
216.244.66.200 - - [09/Nov/2024:16:19:04 +0100] "GET /robots.txt HTTP/1.1" 200 1590 "-" "Mozilla/5.0 (compatible; DotBot/1.2; +https://opensiteexplorer.org/dotbot; help@moz.com)"
216.244.66.200 - - [09/Nov/2024:16:19:04 +0100] "GET /robots.txt HTTP/1.1" 200 1590 "-" "Mozilla/5.0 (compatible; DotBot/1.2; +https://opensiteexplorer.org/dotbot; help@moz.com)"
47.128.37.55 - - [09/Nov/2024:16:19:30 +0100] "GET /node/2595 HTTP/1.1" 200 - "-" "Mozilla/5.0 (Linux; Android 5.0) AppleWebKit/537.36 (KHTML, like Gecko) Mobile Safari/537.36 (compatible; Bytespider; spider-feedback@bytedance.com)"
66.249.66.6 - - [09/Nov/2024:16:21:16 +0100] "GET /files/tervezet_Kaszonyi-hegy.pdf HTTP/1.1" 200 186118 "-" "Googlebot/2.1 (+http://www.google.com/bot.html)"
66.249.66.6 - - [09/Nov/2024:16:32:46 +0100] "GET /files/tervezethonlapra.doc HTTP/1.1" 304 - "-" "Mozilla/5.0 (Linux; Android 6.0.1; Nexus 5X Build/MMB29P) AppleWebKit/537.36 (KHTML, like Gecko) Chrome/130.0.6723.69 Mobile Safari/537.36 (compatible; Googlebot/2.1; +http://www.google.com/bot.html)"
216.244.66.200 - - [09/Nov/2024:16:45:19 +0100] "GET /files/KHEM602.doc HTTP/1.1" 200 81920 "-" "Mozilla/5.0 (compatible; DotBot/1.2; +https://opensiteexplorer.org/dotbot; help@moz.com)"
216.244.66.200 - - [09/Nov/2024:16:45:35 +0100] "GET /files/R200_2.doc HTTP/1.1" 200 152064 "-" "Mozilla/5.0 (compatible; DotBot/1.2; +https://opensiteexplorer.org/dotbot; help@moz.com)"
216.244.66.200 - - [09/Nov/2024:16:45:50 +0100] "GET /files/T6308.doc HTTP/1.1" 200 114688 "-" "Mozilla/5.0 (compatible; DotBot/1.2; +https://opensiteexplorer.org/dotbot; help@moz.com)"
216.244.66.200 - - [09/Nov/2024:16:46:02 +0100] "GET /files/TK37_2.pdf HTTP/1.1" 200 62440 "-" "Mozilla/5.0 (compatible; DotBot/1.2; +https://opensiteexplorer.org/dotbot; help@moz.com)"
216.244.66.200 - - [09/Nov/2024:16:46:15 +0100] "GET /files/refab.zip HTTP/1.1" 200 14224 "-" "Mozilla/5.0 (compatible; DotBot/1.2; +https://opensiteexplorer.org/dotbot; help@moz.com)"
216.244.66.200 - - [09/Nov/2024:16:47:13 +0100] "GET /user/10/notify HTTP/1.1" 200 - "-" "Mozilla/5.0 (compatible; DotBot/1.2; +https://opensiteexplorer.org/dotbot; help@moz.com)"
216.244.66.200 - - [09/Nov/2024:16:48:14 +0100] "GET /files/134_2004_mod_mellekletek.pdf HTTP/1.1" 200 405036 "-" "Mozilla/5.0 (compatible; DotBot/1.2; +https://opensiteexplorer.org/dotbot; help@moz.com)"
216.244.66.200 - - [09/Nov/2024:16:48:50 +0100] "GET /files/348_vedett_allatfajos_kozig.pdf HTTP/1.1" 200 227118 "-" "Mozilla/5.0 (compatible; DotBot/1.2; +https://opensiteexplorer.org/dotbot; help@moz.com)"
216.244.66.200 - - [09/Nov/2024:16:49:33 +0100] "GET /files/Eftv_Vhr_081210.doc HTTP/1.1" 200 287232 "-" "Mozilla/5.0 (compatible; DotBot/1.2; +https://opensiteexplorer.org/dotbot; help@moz.com)"
216.244.66.200 - - [09/Nov/2024:16:50:13 +0100] "GET /files/KEHM_2135norma.doc HTTP/1.1" 200 39936 "-" "Mozilla/5.0 (compatible; DotBot/1.2; +https://opensiteexplorer.org/dotbot; help@moz.com)"
216.244.66.200 - - [09/Nov/2024:16:50:51 +0100] "GET /files/KHEM_4860_6_norma.doc HTTP/1.1" 200 51200 "-" "Mozilla/5.0 (compatible; DotBot/1.2; +https://opensiteexplorer.org/dotbot; help@moz.com)"
216.244.66.200 - - [09/Nov/2024:16:51:25 +0100] "GET /files/KHEM_8366_4norma.doc HTTP/1.1" 200 41984 "-" "Mozilla/5.0 (compatible; DotBot/1.2; +https://opensiteexplorer.org/dotbot; help@moz.com)"
216.244.66.200 - - [09/Nov/2024:16:52:16 +0100] "GET /files/NER_veny_elterj20090428kn.doc HTTP/1.1" 200 545487 "-" "Mozilla/5.0 (compatible; DotBot/1.2; +https://opensiteexplorer.org/dotbot; help@moz.com)"
66.249.66.85 - - [09/Nov/2024:16:52:21 +0100] "GET /files/2_kozzetetel_koltsegterites.doc HTTP/1.1" 200 55296 "-" "Mozilla/5.0 (Linux; Android 6.0.1; Nexus 5X Build/MMB29P) AppleWebKit/537.36 (KHTML, like Gecko) Chrome/130.0.6723.69 Mobile Safari/537.36 (compatible; Googlebot/2.1; +http://www.google.com/bot.html)"
216.244.66.200 - - [09/Nov/2024:16:52:47 +0100] "GET /files/elemiszerkonyv_melleklet.pdf HTTP/1.1" 200 19554 "-" "Mozilla/5.0 (compatible; DotBot/1.2; +https://opensiteexplorer.org/dotbot; help@moz.com)"
216.244.66.200 - - [09/Nov/2024:16:53:24 +0100] "GET /files/elismeres_terv_090818.pdf HTTP/1.1" 200 253555 "-" "Mozilla/5.0 (compatible; DotBot/1.2; +https://opensiteexplorer.org/dotbot; help@moz.com)"
216.244.66.200 - - [09/Nov/2024:16:54:09 +0100] "GET /files/ifj_szoc_gyv_rend_terv_061211.pdf HTTP/1.1" 200 245506 "-" "Mozilla/5.0 (compatible; DotBot/1.2; +https://opensiteexplorer.org/dotbot; help@moz.com)"
216.244.66.200 - - [09/Nov/2024:16:55:02 +0100] "GET /files/kjofmh-kormelo-kozig.doc HTTP/1.1" 200 438337 "-" "Mozilla/5.0 (compatible; DotBot/1.2; +https://opensiteexplorer.org/dotbot; help@moz.com)"
216.244.66.200 - - [09/Nov/2024:16:55:38 +0100] "GET /files/knb_objektumokba_belepes.pdf HTTP/1.1" 200 119527 "-" "Mozilla/5.0 (compatible; DotBot/1.2; +https://opensiteexplorer.org/dotbot; help@moz.com)"
216.244.66.200 - - [09/Nov/2024:16:56:22 +0100] "GET /files/nev_okt_11_94_080319.pdf HTTP/1.1" 200 261041 "-" "Mozilla/5.0 (compatible; DotBot/1.2; +https://opensiteexplorer.org/dotbot; help@moz.com)"
216.244.66.200 - - [09/Nov/2024:16:56:54 +0100] "GET /files/ptk_bevezetes.pdf HTTP/1.1" 200 129012 "-" "Mozilla/5.0 (compatible; DotBot/1.2; +https://opensiteexplorer.org/dotbot; help@moz.com)"
52.167.144.157 - - [09/Nov/2024:16:59:38 +0100] "GET /files/_veg3fmujfdhqa4st0cs_.pdf HTTP/1.1" 304 - "-" "Mozilla/5.0 AppleWebKit/537.36 (KHTML, like Gecko; compatible; bingbot/2.0; +http://www.bing.com/bingbot.htm) Chrome/116.0.1938.76 Safari/537.36"
161.35.169.232 - - [09/Nov/2024:17:07:16 +0100] "GET /wp-login.php HTTP/1.1" 200 - "-" "DuckDuckBot/1.0; (+http://duckduckgo.com/duckduckbot.html)"
216.244.66.200 - - [09/Nov/2024:17:09:14 +0100] "GET /robots.txt HTTP/1.1" 200 1590 "-" "Mozilla/5.0 (compatible; DotBot/1.2; +https://opensiteexplorer.org/dotbot; help@moz.com)"
216.244.66.200 - - [09/Nov/2024:17:09:14 +0100] "GET /robots.txt HTTP/1.1" 200 1590 "-" "Mozilla/5.0 (compatible; DotBot/1.2; +https://opensiteexplorer.org/dotbot; help@moz.com)"
216.244.66.200 - - [09/Nov/2024:17:29:09 +0100] "GET /files/t%C3%83%C2%B6rvjav09els%C3%85%E2%80%98f%C3%83%C2%A9l%C3%83%C2%A9v.pdf HTTP/1.1" 200 - "-" "Mozilla/5.0 (compatible; DotBot/1.2; +https://opensiteexplorer.org/dotbot; help@moz.com)"
216.244.66.200 - - [09/Nov/2024:17:31:12 +0100] "GET /files/FVM%20rendelet%20a%20vad%20v%C3%83%C2%A9delm%C3%83%C2%A9r%C3%85%E2%80%98l.doc HTTP/1.1" 200 - "-" "Mozilla/5.0 (compatible; DotBot/1.2; +https://opensiteexplorer.org/dotbot; help@moz.com)"
216.244.66.200 - - [09/Nov/2024:17:32:04 +0100] "GET /files/177539.pdf HTTP/1.1" 200 135456 "-" "Mozilla/5.0 (compatible; DotBot/1.2; +https://opensiteexplorer.org/dotbot; help@moz.com)"
216.244.66.200 - - [09/Nov/2024:17:32:24 +0100] "GET /files/R148-2.doc HTTP/1.1" 200 36352 "-" "Mozilla/5.0 (compatible; DotBot/1.2; +https://opensiteexplorer.org/dotbot; help@moz.com)"
216.244.66.200 - - [09/Nov/2024:17:32:45 +0100] "GET /files/etarsszev.doc HTTP/1.1" 200 378368 "-" "Mozilla/5.0 (compatible; DotBot/1.2; +https://opensiteexplorer.org/dotbot; help@moz.com)"
216.244.66.200 - - [09/Nov/2024:17:33:04 +0100] "GET /files/vet_mod.zip HTTP/1.1" 200 320775 "-" "Mozilla/5.0 (compatible; DotBot/1.2; +https://opensiteexplorer.org/dotbot; help@moz.com)"
216.244.66.200 - - [09/Nov/2024:17:34:33 +0100] "GET /user/64/notify HTTP/1.1" 200 - "-" "Mozilla/5.0 (compatible; DotBot/1.2; +https://opensiteexplorer.org/dotbot; help@moz.com)"
216.244.66.200 - - [09/Nov/2024:17:35:52 +0100] "GET /files/1128__BSz_mell_klet.doc HTTP/1.1" 200 1338991 "-" "Mozilla/5.0 (compatible; DotBot/1.2; +https://opensiteexplorer.org/dotbot; help@moz.com)"
216.244.66.200 - - [09/Nov/2024:17:36:24 +0100] "GET /files/1997_83_tv_mod_081003.doc HTTP/1.1" 200 46592 "-" "Mozilla/5.0 (compatible; DotBot/1.2; +https://opensiteexplorer.org/dotbot; help@moz.com)"
216.244.66.200 - - [09/Nov/2024:17:37:25 +0100] "GET /files/2009M%C3%83%C2%A1jus.pdf HTTP/1.1" 200 - "-" "Mozilla/5.0 (compatible; DotBot/1.2; +https://opensiteexplorer.org/dotbot; help@moz.com)"
216.244.66.200 - - [09/Nov/2024:17:38:15 +0100] "GET /files/25_2000_INDOKOL%C3%83%C2%81S.doc HTTP/1.1" 200 - "-" "Mozilla/5.0 (compatible; DotBot/1.2; +https://opensiteexplorer.org/dotbot; help@moz.com)"
216.244.66.200 - - [09/Nov/2024:17:38:34 +0100] "GET /files/MinTerv-2-ER-2007-02-14.doc HTTP/1.1" 200 35840 "-" "Mozilla/5.0 (compatible; DotBot/1.2; +https://opensiteexplorer.org/dotbot; help@moz.com)"
216.244.66.200 - - [09/Nov/2024:17:39:19 +0100] "GET /files/anyatej_tervezet_tarcara0313.doc HTTP/1.1" 200 451072 "-" "Mozilla/5.0 (compatible; DotBot/1.2; +https://opensiteexplorer.org/dotbot; help@moz.com)"
216.244.66.200 - - [09/Nov/2024:17:40:13 +0100] "GET /files/energ_cselekv_.pdf HTTP/1.1" 200 491916 "-" "Mozilla/5.0 (compatible; DotBot/1.2; +https://opensiteexplorer.org/dotbot; help@moz.com)"
216.244.66.200 - - [09/Nov/2024:17:40:45 +0100] "GET /files/fogy_terv_091116.pdf HTTP/1.1" 200 137797 "-" "Mozilla/5.0 (compatible; DotBot/1.2; +https://opensiteexplorer.org/dotbot; help@moz.com)"
216.244.66.200 - - [09/Nov/2024:17:41:22 +0100] "GET /files/im_rendelet_az_ek_rendelet.pdf HTTP/1.1" 200 78445 "-" "Mozilla/5.0 (compatible; DotBot/1.2; +https://opensiteexplorer.org/dotbot; help@moz.com)"
216.244.66.200 - - [09/Nov/2024:17:41:52 +0100] "GET /files/kemiai_terh_korm_rend.doc HTTP/1.1" 200 61440 "-" "Mozilla/5.0 (compatible; DotBot/1.2; +https://opensiteexplorer.org/dotbot; help@moz.com)"
216.244.66.200 - - [09/Nov/2024:17:42:28 +0100] "GET /files/leveltari_rend_terv_081216.pdf HTTP/1.1" 200 185441 "-" "Mozilla/5.0 (compatible; DotBot/1.2; +https://opensiteexplorer.org/dotbot; help@moz.com)"
216.244.66.200 - - [09/Nov/2024:17:43:10 +0100] "GET /files/tervezet_kozig_Tati.pdf HTTP/1.1" 200 190717 "-" "Mozilla/5.0 (compatible; DotBot/1.2; +https://opensiteexplorer.org/dotbot; help@moz.com)"
216.244.66.200 - - [09/Nov/2024:17:43:44 +0100] "GET /files/tervezet_kozigre_Balata_to.pdf HTTP/1.1" 200 71664 "-" "Mozilla/5.0 (compatible; DotBot/1.2; +https://opensiteexplorer.org/dotbot; help@moz.com)"
