157.55.39.200 - - [10/Nov/2024:14:34:15 +0100] "GET /taxonomy/term/18%2023%2024%2026%2025%2027%2028%2029%2052%2041%2031%2032%2098%2033%2048%20106%20103%2099%20107%2034%2049%2035%2051%20100%2036%2050%20105 HTTP/1.1" 200 - "-" "Mozilla/5.0 AppleWebKit/537.36 (KHTML, like Gecko; compatible; bingbot/2.0; +http://www.bing.com/bingbot.htm) Chrome/116.0.1938.76 Safari/537.36"
157.55.39.200 - - [10/Nov/2024:14:34:47 +0100] "GET /taxonomy/term/18%2023%2024%2026%2025%2027%2028%2029%2052%2041%2031%2032%2098%2033%2048%20106%20103%2099%20107%2034%2049%2035%2051%20100%2036%2050%20105 HTTP/1.1" 200 - "-" "Mozilla/5.0 AppleWebKit/537.36 (KHTML, like Gecko; compatible; bingbot/2.0; +http://www.bing.com/bingbot.htm) Chrome/116.0.1938.76 Safari/537.36"
216.244.66.200 - - [10/Nov/2024:14:40:00 +0100] "GET /files/1123_tamogatas_terv.pdf HTTP/1.1" 200 2260616 "-" "Mozilla/5.0 (compatible; DotBot/1.2; +https://opensiteexplorer.org/dotbot; help@moz.com)"
216.244.66.200 - - [10/Nov/2024:14:40:11 +0100] "GET /files/cartagena_kozigre_0519.pdf HTTP/1.1" 200 186055 "-" "Mozilla/5.0 (compatible; DotBot/1.2; +https://opensiteexplorer.org/dotbot; help@moz.com)"
216.244.66.200 - - [10/Nov/2024:14:40:25 +0100] "GET /files/igazsagugyi_hivatalok.doc HTTP/1.1" 200 287232 "-" "Mozilla/5.0 (compatible; DotBot/1.2; +https://opensiteexplorer.org/dotbot; help@moz.com)"
216.244.66.200 - - [10/Nov/2024:14:40:38 +0100] "GET /files/nev_okt_11_94_080319.pdf HTTP/1.1" 200 261041 "-" "Mozilla/5.0 (compatible; DotBot/1.2; +https://opensiteexplorer.org/dotbot; help@moz.com)"
66.249.72.65 - - [10/Nov/2024:14:45:49 +0100] "GET /files/elismeres_terv_071015.pdf HTTP/1.1" 200 212388 "-" "Mozilla/5.0 (Linux; Android 6.0.1; Nexus 5X Build/MMB29P) AppleWebKit/537.36 (KHTML, like Gecko) Chrome/130.0.6723.69 Mobile Safari/537.36 (compatible; Googlebot/2.1; +http://www.google.com/bot.html)"
216.244.66.200 - - [10/Nov/2024:14:48:29 +0100] "GET /files/1_szamu_melleklet_celtartalek0321.xls HTTP/1.1" 200 32256 "-" "Mozilla/5.0 (compatible; DotBot/1.2; +https://opensiteexplorer.org/dotbot; help@moz.com)"
216.244.66.200 - - [10/Nov/2024:14:48:40 +0100] "GET /files/4_szamu_melleklet_cetartalek.xls HTTP/1.1" 200 22016 "-" "Mozilla/5.0 (compatible; DotBot/1.2; +https://opensiteexplorer.org/dotbot; help@moz.com)"
216.244.66.200 - - [10/Nov/2024:14:49:00 +0100] "GET /files/egyes_min_rend_mod_terv_070118.pdf HTTP/1.1" 200 368623 "-" "Mozilla/5.0 (compatible; DotBot/1.2; +https://opensiteexplorer.org/dotbot; help@moz.com)"
216.244.66.200 - - [10/Nov/2024:14:49:43 +0100] "GET /files/eloterjesztes_0826_kozze.doc HTTP/1.1" 200 391168 "-" "Mozilla/5.0 (compatible; DotBot/1.2; +https://opensiteexplorer.org/dotbot; help@moz.com)"
80.99.46.39 - - [10/Nov/2024:14:50:28 +0100] "GET /files/birosagiui.doc HTTP/1.1" 200 210432 "https://www.google.com/" "Mozilla/5.0 (Windows NT 10.0; Win64; x64) AppleWebKit/537.36 (KHTML, like Gecko) Chrome/130.0.0.0 Safari/537.36"
216.244.66.200 - - [10/Nov/2024:14:50:37 +0100] "GET /files/penzmosas_eloterjesztes_kozzetetel.doc HTTP/1.1" 200 499153 "-" "Mozilla/5.0 (compatible; DotBot/1.2; +https://opensiteexplorer.org/dotbot; help@moz.com)"
66.249.72.67 - - [10/Nov/2024:14:53:05 +0100] "GET /files/hm_rendelet_tervezet_allomany_melleklet.pdf HTTP/1.1" 304 - "-" "Mozilla/5.0 (Linux; Android 6.0.1; Nexus 5X Build/MMB29P) AppleWebKit/537.36 (KHTML, like Gecko) Chrome/130.0.6723.116 Mobile Safari/537.36 (compatible; Googlebot/2.1; +http://www.google.com/bot.html)"
216.244.66.200 - - [10/Nov/2024:14:54:35 +0100] "GET /files/14409_9.pdf HTTP/1.1" 200 298621 "-" "Mozilla/5.0 (compatible; DotBot/1.2; +https://opensiteexplorer.org/dotbot; help@moz.com)"
216.244.66.200 - - [10/Nov/2024:14:55:10 +0100] "GET /files/20060901.doc HTTP/1.1" 200 47616 "-" "Mozilla/5.0 (compatible; DotBot/1.2; +https://opensiteexplorer.org/dotbot; help@moz.com)"
216.244.66.200 - - [10/Nov/2024:14:55:48 +0100] "GET /files/NFGM_1539.pdf HTTP/1.1" 200 206627 "-" "Mozilla/5.0 (compatible; DotBot/1.2; +https://opensiteexplorer.org/dotbot; help@moz.com)"
216.244.66.200 - - [10/Nov/2024:14:56:31 +0100] "GET /files/T3809.doc HTTP/1.1" 200 195584 "-" "Mozilla/5.0 (compatible; DotBot/1.2; +https://opensiteexplorer.org/dotbot; help@moz.com)"
216.244.66.200 - - [10/Nov/2024:14:57:10 +0100] "GET /files/statutum.doc HTTP/1.1" 200 166912 "-" "Mozilla/5.0 (compatible; DotBot/1.2; +https://opensiteexplorer.org/dotbot; help@moz.com)"
34.48.138.52 - - [10/Nov/2024:14:57:43 +0100] "GET / HTTP/1.1" 200 - "-" "Mozilla/5.0 (Macintosh; Intel Mac OS X 10_15_7) AppleWebKit/605.1.15 (KHTML, like Gecko) Version/15.0 Safari/605.1.15"
216.244.66.200 - - [10/Nov/2024:14:57:50 +0100] "GET /files/080626_jogszabterv_digitvtam.pdf HTTP/1.1" 200 191378 "-" "Mozilla/5.0 (compatible; DotBot/1.2; +https://opensiteexplorer.org/dotbot; help@moz.com)"
34.48.138.52 - - [10/Nov/2024:14:58:13 +0100] "GET / HTTP/1.1" 200 - "-" "Mozilla/5.0 (Macintosh; Intel Mac OS X 10_15_7) AppleWebKit/605.1.15 (KHTML, like Gecko) Version/15.0 Safari/605.1.15"
216.244.66.200 - - [10/Nov/2024:14:58:39 +0100] "GET /files/155_97_mod_terv_080811.pdf HTTP/1.1" 200 398685 "-" "Mozilla/5.0 (compatible; DotBot/1.2; +https://opensiteexplorer.org/dotbot; help@moz.com)"
216.244.66.200 - - [10/Nov/2024:14:59:13 +0100] "GET /files/16_2004_mod_KOZIG.pdf HTTP/1.1" 200 53840 "-" "Mozilla/5.0 (compatible; DotBot/1.2; +https://opensiteexplorer.org/dotbot; help@moz.com)"
216.244.66.200 - - [10/Nov/2024:14:59:43 +0100] "GET /files/23per2002_min_rend_mod.doc HTTP/1.1" 200 43008 "-" "Mozilla/5.0 (compatible; DotBot/1.2; +https://opensiteexplorer.org/dotbot; help@moz.com)"
216.244.66.200 - - [10/Nov/2024:15:00:18 +0100] "GET /files/6_mell_FAVI_KARINFO_B2.doc HTTP/1.1" 200 513024 "-" "Mozilla/5.0 (compatible; DotBot/1.2; +https://opensiteexplorer.org/dotbot; help@moz.com)"
216.244.66.200 - - [10/Nov/2024:15:00:46 +0100] "GET /files/_oehnmord0cdpg_.pdf HTTP/1.1" 200 128585 "-" "Mozilla/5.0 (compatible; DotBot/1.2; +https://opensiteexplorer.org/dotbot; help@moz.com)"
216.244.66.200 - - [10/Nov/2024:15:01:19 +0100] "GET /files/drog_jelentes_terv_061211.pdf HTTP/1.1" 200 1383649 "-" "Mozilla/5.0 (compatible; DotBot/1.2; +https://opensiteexplorer.org/dotbot; help@moz.com)"
216.244.66.200 - - [10/Nov/2024:15:01:47 +0100] "GET /files/egyes_miniszteri_rendeletek.doc HTTP/1.1" 200 23552 "-" "Mozilla/5.0 (compatible; DotBot/1.2; +https://opensiteexplorer.org/dotbot; help@moz.com)"
66.249.75.131 - - [10/Nov/2024:15:06:22 +0100] "GET /files/_0dhgmn83jca174r35eh14qsj5dpi0_.pdf HTTP/1.1" 304 - "-" "Mozilla/5.0 (Linux; Android 6.0.1; Nexus 5X Build/MMB29P) AppleWebKit/537.36 (KHTML, like Gecko) Chrome/130.0.6723.116 Mobile Safari/537.36 (compatible; Googlebot/2.1; +http://www.google.com/bot.html)"
66.249.72.66 - - [10/Nov/2024:15:09:02 +0100] "GET /files/KHEm_1088.doc HTTP/1.1" 304 - "-" "Mozilla/5.0 (Linux; Android 6.0.1; Nexus 5X Build/MMB29P) AppleWebKit/537.36 (KHTML, like Gecko) Chrome/130.0.6723.69 Mobile Safari/537.36 (compatible; Googlebot/2.1; +http://www.google.com/bot.html)"
66.249.72.65 - - [10/Nov/2024:15:10:21 +0100] "GET /files/hm_rendelet_tervezet_kulszolgalat_jogallas.pdf HTTP/1.1" 304 - "-" "Mozilla/5.0 (Linux; Android 6.0.1; Nexus 5X Build/MMB29P) AppleWebKit/537.36 (KHTML, like Gecko) Chrome/130.0.6723.69 Mobile Safari/537.36 (compatible; Googlebot/2.1; +http://www.google.com/bot.html)"
216.244.66.200 - - [10/Nov/2024:15:12:55 +0100] "GET /robots.txt HTTP/1.1" 200 1590 "-" "Mozilla/5.0 (compatible; DotBot/1.2; +https://opensiteexplorer.org/dotbot; help@moz.com)"
216.244.66.200 - - [10/Nov/2024:15:12:56 +0100] "GET /robots.txt HTTP/1.1" 200 1590 "-" "Mozilla/5.0 (compatible; DotBot/1.2; +https://opensiteexplorer.org/dotbot; help@moz.com)"
66.249.75.130 - - [10/Nov/2024:15:21:28 +0100] "GET /files/nevhasznalat_terv_070717.pdf HTTP/1.1" 304 - "-" "Mozilla/5.0 (Linux; Android 6.0.1; Nexus 5X Build/MMB29P) AppleWebKit/537.36 (KHTML, like Gecko) Chrome/130.0.6723.69 Mobile Safari/537.36 (compatible; Googlebot/2.1; +http://www.google.com/bot.html)"
66.249.72.65 - - [10/Nov/2024:15:35:08 +0100] "GET /files/NFGM_5051.pdf HTTP/1.1" 304 - "-" "Mozilla/5.0 (Linux; Android 6.0.1; Nexus 5X Build/MMB29P) AppleWebKit/537.36 (KHTML, like Gecko) Chrome/130.0.6723.69 Mobile Safari/537.36 (compatible; Googlebot/2.1; +http://www.google.com/bot.html)"
66.249.72.65 - - [10/Nov/2024:15:37:08 +0100] "GET /files/MinTerv-1-Ell-1_mell-2007-02-20.doc HTTP/1.1" 304 - "-" "Mozilla/5.0 (Linux; Android 6.0.1; Nexus 5X Build/MMB29P) AppleWebKit/537.36 (KHTML, like Gecko) Chrome/130.0.6723.69 Mobile Safari/537.36 (compatible; Googlebot/2.1; +http://www.google.com/bot.html)"
216.244.66.200 - - [10/Nov/2024:15:38:30 +0100] "GET /files/Normaszg_1999.LXIX.doc HTTP/1.1" 200 61440 "-" "Mozilla/5.0 (compatible; DotBot/1.2; +https://opensiteexplorer.org/dotbot; help@moz.com)"
216.244.66.200 - - [10/Nov/2024:15:38:51 +0100] "GET /files/alkalmi_terv_090122.pdf HTTP/1.1" 200 278937 "-" "Mozilla/5.0 (compatible; DotBot/1.2; +https://opensiteexplorer.org/dotbot; help@moz.com)"
216.244.66.200 - - [10/Nov/2024:15:39:33 +0100] "GET /files/forgrend_tervezet_.pdf HTTP/1.1" 200 214187 "-" "Mozilla/5.0 (compatible; DotBot/1.2; +https://opensiteexplorer.org/dotbot; help@moz.com)"
216.244.66.200 - - [10/Nov/2024:15:40:09 +0100] "GET /files/kozfurdok_normaszoveg.doc HTTP/1.1" 200 68096 "-" "Mozilla/5.0 (compatible; DotBot/1.2; +https://opensiteexplorer.org/dotbot; help@moz.com)"
216.244.66.200 - - [10/Nov/2024:15:40:42 +0100] "GET /files/szakszo_hajozo_5mell.pdf HTTP/1.1" 200 50877 "-" "Mozilla/5.0 (compatible; DotBot/1.2; +https://opensiteexplorer.org/dotbot; help@moz.com)"
216.244.66.200 - - [10/Nov/2024:15:41:20 +0100] "GET /files/0427_Natura_2._mell_klet.doc HTTP/1.1" 200 179200 "-" "Mozilla/5.0 (compatible; DotBot/1.2; +https://opensiteexplorer.org/dotbot; help@moz.com)"
216.244.66.200 - - [10/Nov/2024:15:41:55 +0100] "GET /files/A82D9693EE7B8315C125711600575572.htm.txt HTTP/1.1" 200 136881 "-" "Mozilla/5.0 (compatible; DotBot/1.2; +https://opensiteexplorer.org/dotbot; help@moz.com)"
216.244.66.200 - - [10/Nov/2024:15:42:43 +0100] "GET /files/Irattariterv_onkormanyzatihivatalok_allig.pdf HTTP/1.1" 200 244631 "-" "Mozilla/5.0 (compatible; DotBot/1.2; +https://opensiteexplorer.org/dotbot; help@moz.com)"
216.244.66.200 - - [10/Nov/2024:15:43:28 +0100] "GET /files/ecdl_alligra_honlap_060222.pdf HTTP/1.1" 200 208040 "-" "Mozilla/5.0 (compatible; DotBot/1.2; +https://opensiteexplorer.org/dotbot; help@moz.com)"
216.244.66.200 - - [10/Nov/2024:15:44:12 +0100] "GET /files/kozoktatas_20_1997_korm_rend_mod_06_02_13.pdf HTTP/1.1" 200 284315 "-" "Mozilla/5.0 (compatible; DotBot/1.2; +https://opensiteexplorer.org/dotbot; help@moz.com)"
216.244.66.200 - - [10/Nov/2024:15:44:57 +0100] "GET /files/normaszoveg_tervezete_honlapra_060404.pdf HTTP/1.1" 200 189421 "-" "Mozilla/5.0 (compatible; DotBot/1.2; +https://opensiteexplorer.org/dotbot; help@moz.com)"
216.244.66.200 - - [10/Nov/2024:15:45:32 +0100] "GET /files/szakke_szakm_vizsgkov_terv_100219.pdf HTTP/1.1" 200 155837 "-" "Mozilla/5.0 (compatible; DotBot/1.2; +https://opensiteexplorer.org/dotbot; help@moz.com)"
216.244.66.200 - - [10/Nov/2024:15:46:34 +0100] "GET /files/t%C3%83%C2%A1rc%C3%83%C2%A1ra.doc HTTP/1.1" 200 - "-" "Mozilla/5.0 (compatible; DotBot/1.2; +https://opensiteexplorer.org/dotbot; help@moz.com)"
216.244.66.200 - - [10/Nov/2024:15:47:24 +0100] "GET /files/terv_nyari_gyermeketkeztetes_070507.pdf HTTP/1.1" 200 - "-" "Mozilla/5.0 (compatible; DotBot/1.2; +https://opensiteexplorer.org/dotbot; help@moz.com)"
216.244.66.200 - - [10/Nov/2024:15:48:14 +0100] "GET /files/0427_Eur_pai_T_j_Egyezm_ny_tervezet_k_zigre.doc HTTP/1.1" 200 - "-" "Mozilla/5.0 (compatible; DotBot/1.2; +https://opensiteexplorer.org/dotbot; help@moz.com)"
52.167.144.158 - - [10/Nov/2024:15:48:42 +0100] "GET /files/T3026.doc HTTP/1.1" 200 91136 "-" "Mozilla/5.0 AppleWebKit/537.36 (KHTML, like Gecko; compatible; bingbot/2.0; +http://www.bing.com/bingbot.htm) Chrome/116.0.1938.76 Safari/537.36"
216.244.66.200 - - [10/Nov/2024:15:49:05 +0100] "GET /files/n%C3%83%C2%B6v%C3%83%C2%A9nyterv.k%C3%83%C2%B6zig..doc HTTP/1.1" 200 - "-" "Mozilla/5.0 (compatible; DotBot/1.2; +https://opensiteexplorer.org/dotbot; help@moz.com)"
216.244.66.200 - - [10/Nov/2024:15:49:27 +0100] "GET /files/6357.pdf HTTP/1.1" 200 253079 "-" "Mozilla/5.0 (compatible; DotBot/1.2; +https://opensiteexplorer.org/dotbot; help@moz.com)"
216.244.66.200 - - [10/Nov/2024:15:49:58 +0100] "GET /files/TK47.pdf HTTP/1.1" 200 138953 "-" "Mozilla/5.0 (compatible; DotBot/1.2; +https://opensiteexplorer.org/dotbot; help@moz.com)"
216.244.66.200 - - [10/Nov/2024:15:50:29 +0100] "GET /files/eletr_hirk.pdf HTTP/1.1" 200 378217 "-" "Mozilla/5.0 (compatible; DotBot/1.2; +https://opensiteexplorer.org/dotbot; help@moz.com)"
216.244.66.200 - - [10/Nov/2024:15:50:59 +0100] "GET /files/ooszi.pdf HTTP/1.1" 200 429252 "-" "Mozilla/5.0 (compatible; DotBot/1.2; +https://opensiteexplorer.org/dotbot; help@moz.com)"
216.244.66.200 - - [10/Nov/2024:15:51:26 +0100] "GET /files/tervezet.doc HTTP/1.1" 200 169984 "-" "Mozilla/5.0 (compatible; DotBot/1.2; +https://opensiteexplorer.org/dotbot; help@moz.com)"
216.244.66.200 - - [10/Nov/2024:16:03:12 +0100] "GET /robots.txt HTTP/1.1" 200 1590 "-" "Mozilla/5.0 (compatible; DotBot/1.2; +https://opensiteexplorer.org/dotbot; help@moz.com)"
216.244.66.200 - - [10/Nov/2024:16:03:14 +0100] "GET /robots.txt HTTP/1.1" 200 1590 "-" "Mozilla/5.0 (compatible; DotBot/1.2; +https://opensiteexplorer.org/dotbot; help@moz.com)"
54.36.148.159 - - [10/Nov/2024:16:03:27 +0100] "GET /robots.txt HTTP/1.1" 200 1590 "-" "Mozilla/5.0 (compatible; AhrefsBot/7.0; +http://ahrefs.com/robot/)"
157.55.39.56 - - [10/Nov/2024:16:08:53 +0100] "GET /files/T6289.doc HTTP/1.1" 200 79360 "-" "Mozilla/5.0 AppleWebKit/537.36 (KHTML, like Gecko; compatible; bingbot/2.0; +http://www.bing.com/bingbot.htm) Chrome/116.0.1938.76 Safari/537.36"
47.128.97.34 - - [10/Nov/2024:16:18:39 +0100] "GET /node/2596 HTTP/1.1" 200 - "-" "Mozilla/5.0 (Linux; Android 5.0) AppleWebKit/537.36 (KHTML, like Gecko) Mobile Safari/537.36 (compatible; Bytespider; spider-feedback@bytedance.com)"
66.249.72.66 - - [10/Nov/2024:16:20:20 +0100] "GET /files/NFGM_1539.pdf HTTP/1.1" 304 - "-" "Mozilla/5.0 (Linux; Android 6.0.1; Nexus 5X Build/MMB29P) AppleWebKit/537.36 (KHTML, like Gecko) Chrome/130.0.6723.69 Mobile Safari/537.36 (compatible; Googlebot/2.1; +http://www.google.com/bot.html)"
216.244.66.200 - - [10/Nov/2024:16:26:51 +0100] "GET /files/14per2007_eum_rend_mod.doc HTTP/1.1" 200 293376 "-" "Mozilla/5.0 (compatible; DotBot/1.2; +https://opensiteexplorer.org/dotbot; help@moz.com)"
216.244.66.200 - - [10/Nov/2024:16:27:58 +0100] "GET /files/_fg9oa2t42ee0meub5ctsmaso_.pdf HTTP/1.1" 200 215475 "-" "Mozilla/5.0 (compatible; DotBot/1.2; +https://opensiteexplorer.org/dotbot; help@moz.com)"
216.244.66.200 - - [10/Nov/2024:16:28:39 +0100] "GET /files/knb_objektumokba_belepes.pdf HTTP/1.1" 200 119527 "-" "Mozilla/5.0 (compatible; DotBot/1.2; +https://opensiteexplorer.org/dotbot; help@moz.com)"
216.244.66.200 - - [10/Nov/2024:16:29:59 +0100] "GET /files/25%202000%20megfelel%C3%85%E2%80%98s%C3%83%C2%A9gi.doc HTTP/1.1" 200 - "-" "Mozilla/5.0 (compatible; DotBot/1.2; +https://opensiteexplorer.org/dotbot; help@moz.com)"
216.244.66.200 - - [10/Nov/2024:16:30:23 +0100] "GET /files/26_2007_hmr_mod_tervezet_devizaellatmanyarol.pdf HTTP/1.1" 200 104842 "-" "Mozilla/5.0 (compatible; DotBot/1.2; +https://opensiteexplorer.org/dotbot; help@moz.com)"
216.244.66.200 - - [10/Nov/2024:16:31:27 +0100] "GET /files/361per2006%20Korm%20rendelet%20m%C3%83%C2%B3d.doc HTTP/1.1" 200 - "-" "Mozilla/5.0 (compatible; DotBot/1.2; +https://opensiteexplorer.org/dotbot; help@moz.com)"
216.244.66.200 - - [10/Nov/2024:16:32:20 +0100] "GET /files/hatarrend_korm_eloterj_kozig_jav%C3%83%C2%ADtott090724.doc HTTP/1.1" 200 - "-" "Mozilla/5.0 (compatible; DotBot/1.2; +https://opensiteexplorer.org/dotbot; help@moz.com)"
216.244.66.200 - - [10/Nov/2024:16:32:44 +0100] "GET /files/nem_uzleti_eloterj_5_1_szamu_melleklet_061129.pdf HTTP/1.1" 200 90654 "-" "Mozilla/5.0 (compatible; DotBot/1.2; +https://opensiteexplorer.org/dotbot; help@moz.com)"
216.244.66.200 - - [10/Nov/2024:16:33:21 +0100] "GET /files/ker_vend.zip HTTP/1.1" 200 139741 "-" "Mozilla/5.0 (compatible; DotBot/1.2; +https://opensiteexplorer.org/dotbot; help@moz.com)"
216.244.66.200 - - [10/Nov/2024:16:33:55 +0100] "GET /files/radio.rtf.txt HTTP/1.1" 200 66154 "-" "Mozilla/5.0 (compatible; DotBot/1.2; +https://opensiteexplorer.org/dotbot; help@moz.com)"
216.244.66.200 - - [10/Nov/2024:16:34:29 +0100] "GET /files/284per1997korm_rend_mod.doc HTTP/1.1" 200 35328 "-" "Mozilla/5.0 (compatible; DotBot/1.2; +https://opensiteexplorer.org/dotbot; help@moz.com)"
216.244.66.200 - - [10/Nov/2024:16:34:59 +0100] "GET /files/KHEM6814_6norma.doc HTTP/1.1" 200 62976 "-" "Mozilla/5.0 (compatible; DotBot/1.2; +https://opensiteexplorer.org/dotbot; help@moz.com)"
216.244.66.200 - - [10/Nov/2024:16:35:30 +0100] "GET /files/TK53-3hatastanulmany.doc HTTP/1.1" 200 101888 "-" "Mozilla/5.0 (compatible; DotBot/1.2; +https://opensiteexplorer.org/dotbot; help@moz.com)"
216.244.66.200 - - [10/Nov/2024:16:36:06 +0100] "GET /files/flt_2007_061006.pdf HTTP/1.1" 200 244329 "-" "Mozilla/5.0 (compatible; DotBot/1.2; +https://opensiteexplorer.org/dotbot; help@moz.com)"
216.244.66.200 - - [10/Nov/2024:16:36:47 +0100] "GET /files/kormeloterj_fogyeselykozalap.pdf HTTP/1.1" 200 358532 "-" "Mozilla/5.0 (compatible; DotBot/1.2; +https://opensiteexplorer.org/dotbot; help@moz.com)"
216.244.66.200 - - [10/Nov/2024:16:37:24 +0100] "GET /files/nyari_gyermetk_terv_090323-1.pdf HTTP/1.1" 200 771694 "-" "Mozilla/5.0 (compatible; DotBot/1.2; +https://opensiteexplorer.org/dotbot; help@moz.com)"
216.244.66.200 - - [10/Nov/2024:16:37:55 +0100] "GET /files/piro_korm_r_mod-terv_090928.doc HTTP/1.1" 200 171008 "-" "Mozilla/5.0 (compatible; DotBot/1.2; +https://opensiteexplorer.org/dotbot; help@moz.com)"
66.249.75.130 - - [10/Nov/2024:16:42:29 +0100] "GET /files/erettsegi_reszletes_szab_allig_egy_re_06_02_06.pdf HTTP/1.1" 304 - "-" "Mozilla/5.0 (Linux; Android 6.0.1; Nexus 5X Build/MMB29P) AppleWebKit/537.36 (KHTML, like Gecko) Chrome/130.0.6723.69 Mobile Safari/537.36 (compatible; Googlebot/2.1; +http://www.google.com/bot.html)"
45.127.126.88 - - [10/Nov/2024:16:43:47 +0100] "GET /plug/oem/plug.xml HTTP/1.1" 200 - "http://www.jogalkotas.hu/plug/oem/plug.xml" "Mozilla/5.0 (compatible; MSIE 9.0; Windows NT 6.1; Win64; x64; Trident/5.0)"
89.134.239.95 - - [10/Nov/2024:16:43:55 +0100] "GET /favicon.ico HTTP/1.1" 404 57 "http://www.jogalkotas.hu/files/orszszi_terv_070530.pdf" "Mozilla/5.0 (Windows NT 10.0; Win64; x64) AppleWebKit/537.36 (KHTML, like Gecko) Chrome/130.0.0.0 Safari/537.36 Edg/130.0.0.0"
89.134.239.95 - - [10/Nov/2024:16:43:55 +0100] "GET /files/orszszi_terv_070530.pdf HTTP/1.1" 200 478463 "https://www.google.hu/" "Mozilla/5.0 (Windows NT 10.0; Win64; x64) AppleWebKit/537.36 (KHTML, like Gecko) Chrome/130.0.0.0 Safari/537.36 Edg/130.0.0.0"
47.128.57.241 - - [10/Nov/2024:16:48:08 +0100] "GET /node/2478 HTTP/1.1" 200 - "-" "Mozilla/5.0 (Linux; Android 5.0) AppleWebKit/537.36 (KHTML, like Gecko) Mobile Safari/537.36 (compatible; Bytespider; spider-feedback@bytedance.com)"
216.244.66.200 - - [10/Nov/2024:16:54:41 +0100] "GET /robots.txt HTTP/1.1" 200 1590 "-" "Mozilla/5.0 (compatible; DotBot/1.2; +https://opensiteexplorer.org/dotbot; help@moz.com)"
216.244.66.200 - - [10/Nov/2024:16:54:42 +0100] "GET /robots.txt HTTP/1.1" 200 1590 "-" "Mozilla/5.0 (compatible; DotBot/1.2; +https://opensiteexplorer.org/dotbot; help@moz.com)"
216.244.66.200 - - [10/Nov/2024:17:15:22 +0100] "GET /files/bizott__2006_szept.pdf HTTP/1.1" 200 51763 "-" "Mozilla/5.0 (compatible; DotBot/1.2; +https://opensiteexplorer.org/dotbot; help@moz.com)"
216.244.66.200 - - [10/Nov/2024:17:16:12 +0100] "GET /files/igszolg.rend_mod_090727.doc HTTP/1.1" 200 338425 "-" "Mozilla/5.0 (compatible; DotBot/1.2; +https://opensiteexplorer.org/dotbot; help@moz.com)"
216.244.66.200 - - [10/Nov/2024:17:17:05 +0100] "GET /files/gyogysz_ker_gyak_ism_081215.doc HTTP/1.1" 200 85504 "-" "Mozilla/5.0 (compatible; DotBot/1.2; +https://opensiteexplorer.org/dotbot; help@moz.com)"
216.244.66.200 - - [10/Nov/2024:17:17:54 +0100] "GET /files/humanszolgaltatas_terv_090415.pdf HTTP/1.1" 200 288623 "-" "Mozilla/5.0 (compatible; DotBot/1.2; +https://opensiteexplorer.org/dotbot; help@moz.com)"
216.244.66.200 - - [10/Nov/2024:17:18:35 +0100] "GET /files/munkavedelmi_hatosag_eloterj.pdf HTTP/1.1" 200 182144 "-" "Mozilla/5.0 (compatible; DotBot/1.2; +https://opensiteexplorer.org/dotbot; help@moz.com)"
216.244.66.200 - - [10/Nov/2024:17:19:11 +0100] "GET /files/szakm_koll_min_rend_terv_081211.doc HTTP/1.1" 200 183296 "-" "Mozilla/5.0 (compatible; DotBot/1.2; +https://opensiteexplorer.org/dotbot; help@moz.com)"
216.244.66.200 - - [10/Nov/2024:17:20:05 +0100] "GET /files/1220_KAR_adatlapok_kit_lt_si__tmutat_ja_2006_12_08.doc HTTP/1.1" 200 460057 "-" "Mozilla/5.0 (compatible; DotBot/1.2; +https://opensiteexplorer.org/dotbot; help@moz.com)"
216.244.66.200 - - [10/Nov/2024:17:21:06 +0100] "GET /files/Fegyvertart%C3%83%C2%A1s%20t%C3%83%C2%A1rc%C3%83%C2%A1ra.doc HTTP/1.1" 200 - "-" "Mozilla/5.0 (compatible; DotBot/1.2; +https://opensiteexplorer.org/dotbot; help@moz.com)"
216.244.66.200 - - [10/Nov/2024:17:21:56 +0100] "GET /files/el%C3%85%E2%80%98terjeszt%C3%83%C2%A9s%20honlapra%2020070416.doc HTTP/1.1" 200 - "-" "Mozilla/5.0 (compatible; DotBot/1.2; +https://opensiteexplorer.org/dotbot; help@moz.com)"
216.244.66.200 - - [10/Nov/2024:17:22:18 +0100] "GET /files/elterjsszakkepzes06.23.vgleges_jelentes0702.pdf HTTP/1.1" 200 173779 "-" "Mozilla/5.0 (compatible; DotBot/1.2; +https://opensiteexplorer.org/dotbot; help@moz.com)"
216.244.66.200 - - [10/Nov/2024:17:22:52 +0100] "GET /files/11_23_070302.pdf HTTP/1.1" 200 136743 "-" "Mozilla/5.0 (compatible; DotBot/1.2; +https://opensiteexplorer.org/dotbot; help@moz.com)"
216.244.66.200 - - [10/Nov/2024:17:23:22 +0100] "GET /files/R2412.pdf HTTP/1.1" 200 130896 "-" "Mozilla/5.0 (compatible; DotBot/1.2; +https://opensiteexplorer.org/dotbot; help@moz.com)"
216.244.66.200 - - [10/Nov/2024:17:23:51 +0100] "GET /files/TK68.pdf HTTP/1.1" 200 122995 "-" "Mozilla/5.0 (compatible; DotBot/1.2; +https://opensiteexplorer.org/dotbot; help@moz.com)"
216.244.66.200 - - [10/Nov/2024:17:24:25 +0100] "GET /files/fszh_070226.pdf HTTP/1.1" 200 266107 "-" "Mozilla/5.0 (compatible; DotBot/1.2; +https://opensiteexplorer.org/dotbot; help@moz.com)"
216.244.66.200 - - [10/Nov/2024:17:24:59 +0100] "GET /files/12006_okj_mod_060321_alligra.pdf HTTP/1.1" 200 113309 "-" "Mozilla/5.0 (compatible; DotBot/1.2; +https://opensiteexplorer.org/dotbot; help@moz.com)"
216.244.66.200 - - [10/Nov/2024:17:25:33 +0100] "GET /files/27_1995_mod_terv_080708.pdf HTTP/1.1" 200 401469 "-" "Mozilla/5.0 (compatible; DotBot/1.2; +https://opensiteexplorer.org/dotbot; help@moz.com)"
216.244.66.200 - - [10/Nov/2024:17:26:03 +0100] "GET /files/KHEM_7556_8norma.doc HTTP/1.1" 200 140288 "-" "Mozilla/5.0 (compatible; DotBot/1.2; +https://opensiteexplorer.org/dotbot; help@moz.com)"
216.244.66.200 - - [10/Nov/2024:17:26:36 +0100] "GET /files/Tper4221_tv%20_jav.pdf HTTP/1.1" 200 959251 "-" "Mozilla/5.0 (compatible; DotBot/1.2; +https://opensiteexplorer.org/dotbot; help@moz.com)"
216.244.66.200 - - [10/Nov/2024:17:27:04 +0100] "GET /files/bbi_terv_090819.pdf HTTP/1.1" 200 191770 "-" "Mozilla/5.0 (compatible; DotBot/1.2; +https://opensiteexplorer.org/dotbot; help@moz.com)"
216.244.66.200 - - [10/Nov/2024:17:27:31 +0100] "GET /files/fejezeti_kum_rend_mod_1_2008.pdf HTTP/1.1" 200 120432 "-" "Mozilla/5.0 (compatible; DotBot/1.2; +https://opensiteexplorer.org/dotbot; help@moz.com)"
216.244.66.200 - - [10/Nov/2024:17:27:59 +0100] "GET /files/jelentes_2006.doc HTTP/1.1" 200 792576 "-" "Mozilla/5.0 (compatible; DotBot/1.2; +https://opensiteexplorer.org/dotbot; help@moz.com)"
216.244.66.200 - - [10/Nov/2024:17:28:25 +0100] "GET /files/kjt_terv_081203.pdf HTTP/1.1" 200 351419 "-" "Mozilla/5.0 (compatible; DotBot/1.2; +https://opensiteexplorer.org/dotbot; help@moz.com)"
216.244.66.200 - - [10/Nov/2024:17:28:48 +0100] "GET /files/muszaki_4melleklet.pdf HTTP/1.1" 200 159202 "-" "Mozilla/5.0 (compatible; DotBot/1.2; +https://opensiteexplorer.org/dotbot; help@moz.com)"
216.244.66.200 - - [10/Nov/2024:17:29:11 +0100] "GET /files/rendelet_2007-12-11.pdf HTTP/1.1" 200 180554 "-" "Mozilla/5.0 (compatible; DotBot/1.2; +https://opensiteexplorer.org/dotbot; help@moz.com)"
216.244.66.200 - - [10/Nov/2024:17:29:33 +0100] "GET /files/rendelettervezet.pdf HTTP/1.1" 200 115753 "-" "Mozilla/5.0 (compatible; DotBot/1.2; +https://opensiteexplorer.org/dotbot; help@moz.com)"
216.244.66.200 - - [10/Nov/2024:17:58:41 +0100] "GET /robots.txt HTTP/1.1" 200 1590 "-" "Mozilla/5.0 (compatible; DotBot/1.2; +https://opensiteexplorer.org/dotbot; help@moz.com)"
216.244.66.200 - - [10/Nov/2024:17:58:41 +0100] "GET /robots.txt HTTP/1.1" 200 1590 "-" "Mozilla/5.0 (compatible; DotBot/1.2; +https://opensiteexplorer.org/dotbot; help@moz.com)"
216.244.66.200 - - [10/Nov/2024:18:22:48 +0100] "GET /files/3762_1_nemz_fel_070129.pdf HTTP/1.1" 200 346040 "-" "Mozilla/5.0 (compatible; DotBot/1.2; +https://opensiteexplorer.org/dotbot; help@moz.com)"
216.244.66.200 - - [10/Nov/2024:18:23:29 +0100] "GET /files/Barlang_tervezet.pdf HTTP/1.1" 200 172428 "-" "Mozilla/5.0 (compatible; DotBot/1.2; +https://opensiteexplorer.org/dotbot; help@moz.com)"
95.217.195.123 - - [10/Nov/2024:18:24:12 +0100] "GET /robots.txt HTTP/1.1" 200 1590 "-" "Mozilla/5.0 (compatible; MJ12bot/v1.4.8; http://mj12bot.com/)"
216.244.66.200 - - [10/Nov/2024:18:24:15 +0100] "GET /files/startplusz_terv_060919.pdf HTTP/1.1" 200 250189 "-" "Mozilla/5.0 (compatible; DotBot/1.2; +https://opensiteexplorer.org/dotbot; help@moz.com)"
216.244.66.200 - - [10/Nov/2024:18:24:35 +0100] "GET /files/1c_cegvhr_2_sz_melleklete.doc HTTP/1.1" 200 26112 "-" "Mozilla/5.0 (compatible; DotBot/1.2; +https://opensiteexplorer.org/dotbot; help@moz.com)"
95.217.195.123 - - [10/Nov/2024:18:25:15 +0100] "GET /files/9-93.normasz%C3%83%C2%B6veg.m%C3%83%C2%B3d.2007.febr.T%C3%83?RCA.doc HTTP/1.1" 200 - "-" "Mozilla/5.0 (compatible; MJ12bot/v1.4.8; http://mj12bot.com/)"
216.244.66.200 - - [10/Nov/2024:18:25:16 +0100] "GET /files/76per2004_eum_rend_mod_090423.doc HTTP/1.1" 200 147456 "-" "Mozilla/5.0 (compatible; DotBot/1.2; +https://opensiteexplorer.org/dotbot; help@moz.com)"
216.244.66.200 - - [10/Nov/2024:18:25:57 +0100] "GET /files/91_2003_mod_velemenyezesre.pdf HTTP/1.1" 200 139824 "-" "Mozilla/5.0 (compatible; DotBot/1.2; +https://opensiteexplorer.org/dotbot; help@moz.com)"
216.244.66.200 - - [10/Nov/2024:18:26:28 +0100] "GET /files/fert_betegs_jarvany_int_min_rend_terv.doc HTTP/1.1" 200 37888 "-" "Mozilla/5.0 (compatible; DotBot/1.2; +https://opensiteexplorer.org/dotbot; help@moz.com)"
216.244.66.200 - - [10/Nov/2024:18:27:04 +0100] "GET /files/kezterves_rend_tervezet_kozig.pdf HTTP/1.1" 200 212345 "-" "Mozilla/5.0 (compatible; DotBot/1.2; +https://opensiteexplorer.org/dotbot; help@moz.com)"
216.244.66.200 - - [10/Nov/2024:18:27:54 +0100] "GET /files/tankonyvrend_terv_090721.pdf HTTP/1.1" 200 317759 "-" "Mozilla/5.0 (compatible; DotBot/1.2; +https://opensiteexplorer.org/dotbot; help@moz.com)"
188.156.205.157 - - [10/Nov/2024:18:28:57 +0100] "GET /files/humangenetika_torv_terv_0802121.doc HTTP/1.1" 200 66699 "https://www.google.hu/" "Mozilla/5.0 (Windows NT 10.0; Win64; x64; rv:132.0) Gecko/20100101 Firefox/132.0"
216.244.66.200 - - [10/Nov/2024:18:29:03 +0100] "GET /taxonomy/term/20/0/feed HTTP/1.1" 200 - "-" "Mozilla/5.0 (compatible; DotBot/1.2; +https://opensiteexplorer.org/dotbot; help@moz.com)"
216.244.66.200 - - [10/Nov/2024:18:29:31 +0100] "GET /files/nuklearis_anyagok_fizikai_vedelme_honlapra.doc HTTP/1.1" 200 138752 "-" "Mozilla/5.0 (compatible; DotBot/1.2; +https://opensiteexplorer.org/dotbot; help@moz.com)"
216.244.66.200 - - [10/Nov/2024:18:30:04 +0100] "GET /files/2007_0.doc HTTP/1.1" 200 54784 "-" "Mozilla/5.0 (compatible; DotBot/1.2; +https://opensiteexplorer.org/dotbot; help@moz.com)"
216.244.66.200 - - [10/Nov/2024:18:30:42 +0100] "GET /files/3R106_2.pdf HTTP/1.1" 200 283007 "-" "Mozilla/5.0 (compatible; DotBot/1.2; +https://opensiteexplorer.org/dotbot; help@moz.com)"
216.244.66.200 - - [10/Nov/2024:18:31:33 +0100] "GET /files/NFGM1713_0.pdf HTTP/1.1" 200 203993 "-" "Mozilla/5.0 (compatible; DotBot/1.2; +https://opensiteexplorer.org/dotbot; help@moz.com)"
216.244.66.200 - - [10/Nov/2024:18:32:22 +0100] "GET /files/ertv.doc HTTP/1.1" 200 355840 "-" "Mozilla/5.0 (compatible; DotBot/1.2; +https://opensiteexplorer.org/dotbot; help@moz.com)"
216.244.66.200 - - [10/Nov/2024:18:33:13 +0100] "GET /files/NER_elterj_tarca.doc HTTP/1.1" 200 422409 "-" "Mozilla/5.0 (compatible; DotBot/1.2; +https://opensiteexplorer.org/dotbot; help@moz.com)"
66.249.72.65 - - [10/Nov/2024:18:36:45 +0100] "GET /files/jogsegitseg.doc HTTP/1.1" 304 - "-" "Mozilla/5.0 (Linux; Android 6.0.1; Nexus 5X Build/MMB29P) AppleWebKit/537.36 (KHTML, like Gecko) Chrome/130.0.6723.69 Mobile Safari/537.36 (compatible; Googlebot/2.1; +http://www.google.com/bot.html)"
216.244.66.200 - - [10/Nov/2024:18:48:19 +0100] "GET /robots.txt HTTP/1.1" 200 1590 "-" "Mozilla/5.0 (compatible; DotBot/1.2; +https://opensiteexplorer.org/dotbot; help@moz.com)"
216.244.66.200 - - [10/Nov/2024:18:48:19 +0100] "GET /robots.txt HTTP/1.1" 200 1590 "-" "Mozilla/5.0 (compatible; DotBot/1.2; +https://opensiteexplorer.org/dotbot; help@moz.com)"
78.92.226.68 - - [10/Nov/2024:19:05:36 +0100] "GET /files/nem-konvencionalis_korm_rend_090202.doc HTTP/1.1" 200 873472 "https://www.google.com/url?q=http://jogalkotas.hu/files/nem-konvencionalis_korm_rend_090202.doc&sa=U&sqi=2&ved=2ahUKEwiM3teIrdKJAxUGgf0HHbAaKfMQFnoECDYQAQ&usg=AOvVaw3pBKSNJ2txs9lmiBrmAs0G" "Mozilla/5.0 (iPhone; CPU iPhone OS 18_1 like Mac OS X) AppleWebKit/605.1.15 (KHTML, like Gecko) GSA/341.3.692278309 Mobile/15E148 Safari/604.1"
40.77.167.143 - - [10/Nov/2024:19:07:32 +0100] "GET /files/1245_33.pdf HTTP/1.1" 200 104939 "-" "Mozilla/5.0 AppleWebKit/537.36 (KHTML, like Gecko; compatible; bingbot/2.0; +http://www.bing.com/bingbot.htm) Chrome/116.0.1938.76 Safari/537.36"
216.244.66.200 - - [10/Nov/2024:19:11:57 +0100] "GET /files/0215_j_rul_kos_adatok.pdf HTTP/1.1" 200 16763 "-" "Mozilla/5.0 (compatible; DotBot/1.2; +https://opensiteexplorer.org/dotbot; help@moz.com)"
216.244.66.200 - - [10/Nov/2024:19:12:11 +0100] "GET /files/1116_hgb_rs_gm_d_kozig.doc HTTP/1.1" 200 84480 "-" "Mozilla/5.0 (compatible; DotBot/1.2; +https://opensiteexplorer.org/dotbot; help@moz.com)"
216.244.66.200 - - [10/Nov/2024:19:12:45 +0100] "GET /files/kioto_vhr_mod_kozig.pdf HTTP/1.1" 200 264624 "-" "Mozilla/5.0 (compatible; DotBot/1.2; +https://opensiteexplorer.org/dotbot; help@moz.com)"
216.244.66.200 - - [10/Nov/2024:19:13:31 +0100] "GET /files/start_terv_090128.pdf HTTP/1.1" 200 231961 "-" "Mozilla/5.0 (compatible; DotBot/1.2; +https://opensiteexplorer.org/dotbot; help@moz.com)"
216.244.66.200 - - [10/Nov/2024:19:14:07 +0100] "GET /files/32per2004_eszcsm_rend_mod_2008_11_24.doc HTTP/1.1" 200 352768 "-" "Mozilla/5.0 (compatible; DotBot/1.2; +https://opensiteexplorer.org/dotbot; help@moz.com)"
216.244.66.200 - - [10/Nov/2024:19:14:39 +0100] "GET /files/WHO_Kozgyules_2008_korm_hat_terv.doc HTTP/1.1" 200 36352 "-" "Mozilla/5.0 (compatible; DotBot/1.2; +https://opensiteexplorer.org/dotbot; help@moz.com)"
216.244.66.200 - - [10/Nov/2024:19:15:12 +0100] "GET /files/e-tertiveveny_tervezet0918_kozig_honlapra.doc HTTP/1.1" 200 163328 "-" "Mozilla/5.0 (compatible; DotBot/1.2; +https://opensiteexplorer.org/dotbot; help@moz.com)"
216.244.66.200 - - [10/Nov/2024:19:16:01 +0100] "GET /files/egyh_nemall_norm_terv_090807.pdf HTTP/1.1" 200 370284 "-" "Mozilla/5.0 (compatible; DotBot/1.2; +https://opensiteexplorer.org/dotbot; help@moz.com)"
216.244.66.200 - - [10/Nov/2024:19:16:34 +0100] "GET /files/gyermek_gyamugy_hatjav_061102.pdf HTTP/1.1" 200 51785 "-" "Mozilla/5.0 (compatible; DotBot/1.2; +https://opensiteexplorer.org/dotbot; help@moz.com)"
216.244.66.200 - - [10/Nov/2024:19:17:08 +0100] "GET /files/hm-bmrend.modositasa_honlapra_0110.pdf HTTP/1.1" 200 113999 "-" "Mozilla/5.0 (compatible; DotBot/1.2; +https://opensiteexplorer.org/dotbot; help@moz.com)"
216.244.66.200 - - [10/Nov/2024:19:18:03 +0100] "GET /files/jelentos_vg_kerdesek_vegleges_1222.pdf HTTP/1.1" 200 400936 "-" "Mozilla/5.0 (compatible; DotBot/1.2; +https://opensiteexplorer.org/dotbot; help@moz.com)"
216.244.66.200 - - [10/Nov/2024:19:18:34 +0100] "GET /files/jogi_kepviselet_hm_rend._0525.doc HTTP/1.1" 200 51200 "-" "Mozilla/5.0 (compatible; DotBot/1.2; +https://opensiteexplorer.org/dotbot; help@moz.com)"
216.244.66.200 - - [10/Nov/2024:19:19:13 +0100] "GET /files/munkaba_jaras_koltster_terv_091105.pdf HTTP/1.1" 200 185496 "-" "Mozilla/5.0 (compatible; DotBot/1.2; +https://opensiteexplorer.org/dotbot; help@moz.com)"
216.244.66.200 - - [10/Nov/2024:19:20:19 +0100] "GET /taxonomy/term/56/0/feed HTTP/1.1" 200 - "-" "Mozilla/5.0 (compatible; DotBot/1.2; +https://opensiteexplorer.org/dotbot; help@moz.com)"
216.244.66.200 - - [10/Nov/2024:19:20:49 +0100] "GET /files/1211_7.pdf HTTP/1.1" 200 158061 "-" "Mozilla/5.0 (compatible; DotBot/1.2; +https://opensiteexplorer.org/dotbot; help@moz.com)"
216.244.66.200 - - [10/Nov/2024:19:21:21 +0100] "GET /files/20071.doc HTTP/1.1" 200 39424 "-" "Mozilla/5.0 (compatible; DotBot/1.2; +https://opensiteexplorer.org/dotbot; help@moz.com)"
216.244.66.200 - - [10/Nov/2024:19:22:00 +0100] "GET /files/465.pdf HTTP/1.1" 200 179876 "-" "Mozilla/5.0 (compatible; DotBot/1.2; +https://opensiteexplorer.org/dotbot; help@moz.com)"
216.244.66.200 - - [10/Nov/2024:19:22:35 +0100] "GET /files/ABI_Eitv.doc HTTP/1.1" 200 70656 "-" "Mozilla/5.0 (compatible; DotBot/1.2; +https://opensiteexplorer.org/dotbot; help@moz.com)"
216.244.66.200 - - [10/Nov/2024:19:23:15 +0100] "GET /files/TK177_2.pdf HTTP/1.1" 200 220158 "-" "Mozilla/5.0 (compatible; DotBot/1.2; +https://opensiteexplorer.org/dotbot; help@moz.com)"
216.244.66.200 - - [10/Nov/2024:19:24:09 +0100] "GET /files/TK52-3.doc HTTP/1.1" 200 665600 "-" "Mozilla/5.0 (compatible; DotBot/1.2; +https://opensiteexplorer.org/dotbot; help@moz.com)"
216.244.66.200 - - [10/Nov/2024:19:24:42 +0100] "GET /files/nkh.pdf HTTP/1.1" 200 118629 "-" "Mozilla/5.0 (compatible; DotBot/1.2; +https://opensiteexplorer.org/dotbot; help@moz.com)"
54.36.148.182 - - [10/Nov/2024:19:24:49 +0100] "GET /robots.txt HTTP/1.1" 200 1590 "-" "Mozilla/5.0 (compatible; AhrefsBot/7.0; +http://ahrefs.com/robot/)"
216.244.66.200 - - [10/Nov/2024:19:36:46 +0100] "GET /robots.txt HTTP/1.1" 200 1590 "-" "Mozilla/5.0 (compatible; DotBot/1.2; +https://opensiteexplorer.org/dotbot; help@moz.com)"
216.244.66.200 - - [10/Nov/2024:19:36:47 +0100] "GET /robots.txt HTTP/1.1" 200 1590 "-" "Mozilla/5.0 (compatible; DotBot/1.2; +https://opensiteexplorer.org/dotbot; help@moz.com)"
149.200.111.86 - - [10/Nov/2024:19:38:55 +0100] "GET /favicon.ico HTTP/1.1" 404 57 "http://www.jogalkotas.hu/files/roma_tervezet_070124.pdf" "Mozilla/5.0 (Windows NT 10.0; Win64; x64) AppleWebKit/537.36 (KHTML, like Gecko) Chrome/130.0.0.0 Safari/537.36 Edg/130.0.0.0"
149.200.111.86 - - [10/Nov/2024:19:38:56 +0100] "GET /files/roma_tervezet_070124.pdf HTTP/1.1" 200 780549 "https://www.bing.com/" "Mozilla/5.0 (Windows NT 10.0; Win64; x64) AppleWebKit/537.36 (KHTML, like Gecko) Chrome/130.0.0.0 Safari/537.36 Edg/130.0.0.0"
66.249.72.65 - - [10/Nov/2024:19:48:59 +0100] "GET / HTTP/1.1" 200 - "-" "Mozilla/5.0 (Linux; Android 6.0.1; Nexus 5X Build/MMB29P) AppleWebKit/537.36 (KHTML, like Gecko) Chrome/99.0.4844.84 Mobile Safari/537.36 (compatible; Googlebot/2.1; +http://www.google.com/bot.html)"
66.249.72.65 - - [10/Nov/2024:19:49:31 +0100] "GET / HTTP/1.1" 200 - "-" "Mozilla/5.0 (compatible; Googlebot/2.1; +http://www.google.com/bot.html)"
66.249.72.65 - - [10/Nov/2024:19:50:03 +0100] "GET / HTTP/1.1" 200 - "-" "Mozilla/5.0 (Linux; Android 6.0.1; Nexus 5X Build/MMB29P) AppleWebKit/537.36 (KHTML, like Gecko) Chrome/130.0.6723.69 Mobile Safari/537.36 (compatible; Googlebot/2.1; +http://www.google.com/bot.html)"
66.249.72.65 - - [10/Nov/2024:19:50:35 +0100] "GET / HTTP/1.1" 200 - "-" "Mozilla/5.0 (compatible; Googlebot/2.1; +http://www.google.com/bot.html)"
216.244.66.200 - - [10/Nov/2024:20:06:02 +0100] "GET /files/16_2004_mod_KOZIG.pdf HTTP/1.1" 200 53840 "-" "Mozilla/5.0 (compatible; DotBot/1.2; +https://opensiteexplorer.org/dotbot; help@moz.com)"
216.244.66.200 - - [10/Nov/2024:20:06:31 +0100] "GET /files/2006-86-tervezet0708161.doc HTTP/1.1" 200 103936 "-" "Mozilla/5.0 (compatible; DotBot/1.2; +https://opensiteexplorer.org/dotbot; help@moz.com)"
216.244.66.200 - - [10/Nov/2024:20:07:07 +0100] "GET /files/2009janfebr.pdf HTTP/1.1" 200 78336 "-" "Mozilla/5.0 (compatible; DotBot/1.2; +https://opensiteexplorer.org/dotbot; help@moz.com)"
216.244.66.200 - - [10/Nov/2024:20:08:12 +0100] "GET /files/INDOKOL%C3%83%C2%81S_0.doc HTTP/1.1" 200 - "-" "Mozilla/5.0 (compatible; DotBot/1.2; +https://opensiteexplorer.org/dotbot; help@moz.com)"
216.244.66.200 - - [10/Nov/2024:20:08:52 +0100] "GET /files/NKPIII_1sz_mell.pdf HTTP/1.1" 200 393450 "-" "Mozilla/5.0 (compatible; DotBot/1.2; +https://opensiteexplorer.org/dotbot; help@moz.com)"
216.244.66.200 - - [10/Nov/2024:20:09:23 +0100] "GET /files/R260-4megfelelesi.doc HTTP/1.1" 200 66048 "-" "Mozilla/5.0 (compatible; DotBot/1.2; +https://opensiteexplorer.org/dotbot; help@moz.com)"
216.244.66.200 - - [10/Nov/2024:20:10:02 +0100] "GET /files/Tervezet_05.30._0.doc HTTP/1.1" 200 192512 "-" "Mozilla/5.0 (compatible; DotBot/1.2; +https://opensiteexplorer.org/dotbot; help@moz.com)"
216.244.66.200 - - [10/Nov/2024:20:11:05 +0100] "GET /files/v%C3%83%C2%A1ros.pdf HTTP/1.1" 200 - "-" "Mozilla/5.0 (compatible; DotBot/1.2; +https://opensiteexplorer.org/dotbot; help@moz.com)"
216.244.66.200 - - [10/Nov/2024:20:11:55 +0100] "GET /files/1.mell%C3%83%C2%A9klet%2007.24.doc HTTP/1.1" 200 - "-" "Mozilla/5.0 (compatible; DotBot/1.2; +https://opensiteexplorer.org/dotbot; help@moz.com)"
216.244.66.200 - - [10/Nov/2024:20:12:22 +0100] "GET /files/1212_nitratadatlap_vegsoNTSz.1_2v_ltozat.doc HTTP/1.1" 200 156672 "-" "Mozilla/5.0 (compatible; DotBot/1.2; +https://opensiteexplorer.org/dotbot; help@moz.com)"
216.244.66.200 - - [10/Nov/2024:20:12:57 +0100] "GET /files/1d_cegvhr_3_sz_melleklete_nevfoglalas.doc HTTP/1.1" 200 90112 "-" "Mozilla/5.0 (compatible; DotBot/1.2; +https://opensiteexplorer.org/dotbot; help@moz.com)"
216.244.66.200 - - [10/Nov/2024:20:13:58 +0100] "GET /files/25_2000_INDOKOL%C3%83%C2%81S.doc HTTP/1.1" 200 - "-" "Mozilla/5.0 (compatible; DotBot/1.2; +https://opensiteexplorer.org/dotbot; help@moz.com)"
216.244.66.200 - - [10/Nov/2024:20:14:18 +0100] "GET /files/ajfo_1040_bnytv_kijelolo_honlap.doc HTTP/1.1" 200 43520 "-" "Mozilla/5.0 (compatible; DotBot/1.2; +https://opensiteexplorer.org/dotbot; help@moz.com)"
216.244.66.200 - - [10/Nov/2024:20:14:51 +0100] "GET /files/egyhaz_kieg_tam_terv_071121.pdf HTTP/1.1" 200 200750 "-" "Mozilla/5.0 (compatible; DotBot/1.2; +https://opensiteexplorer.org/dotbot; help@moz.com)"
216.244.66.200 - - [10/Nov/2024:20:15:22 +0100] "GET /files/ilo_c3_c18_c21_terv_090323.pdf HTTP/1.1" 200 106164 "-" "Mozilla/5.0 (compatible; DotBot/1.2; +https://opensiteexplorer.org/dotbot; help@moz.com)"
216.244.66.200 - - [10/Nov/2024:20:24:29 +0100] "GET /robots.txt HTTP/1.1" 200 1590 "-" "Mozilla/5.0 (compatible; DotBot/1.2; +https://opensiteexplorer.org/dotbot; help@moz.com)"
216.244.66.200 - - [10/Nov/2024:20:24:29 +0100] "GET /robots.txt HTTP/1.1" 200 1590 "-" "Mozilla/5.0 (compatible; DotBot/1.2; +https://opensiteexplorer.org/dotbot; help@moz.com)"
216.244.66.200 - - [10/Nov/2024:20:48:18 +0100] "GET /files/150_2004mod_egyeztet.pdf HTTP/1.1" 200 190001 "-" "Mozilla/5.0 (compatible; DotBot/1.2; +https://opensiteexplorer.org/dotbot; help@moz.com)"
216.244.66.200 - - [10/Nov/2024:20:48:54 +0100] "GET /files/rendelet_2007-12-05-89.pdf HTTP/1.1" 200 84809 "-" "Mozilla/5.0 (compatible; DotBot/1.2; +https://opensiteexplorer.org/dotbot; help@moz.com)"
66.249.72.66 - - [10/Nov/2024:20:49:55 +0100] "GET /files/_0edo6usjkedq62sjkg9jmio8_.pdf HTTP/1.1" 304 - "-" "Mozilla/5.0 (Linux; Android 6.0.1; Nexus 5X Build/MMB29P) AppleWebKit/537.36 (KHTML, like Gecko) Chrome/130.0.6723.69 Mobile Safari/537.36 (compatible; Googlebot/2.1; +http://www.google.com/bot.html)"
216.244.66.200 - - [10/Nov/2024:20:50:19 +0100] "GET /files/1209_felsookt%20kjt_vh_081210.pdf HTTP/1.1" 200 - "-" "Mozilla/5.0 (compatible; DotBot/1.2; +https://opensiteexplorer.org/dotbot; help@moz.com)"
216.244.66.200 - - [10/Nov/2024:20:51:04 +0100] "GET /files/1220_KAR_adatlapok_2006_12_08.doc HTTP/1.1" 200 311808 "-" "Mozilla/5.0 (compatible; DotBot/1.2; +https://opensiteexplorer.org/dotbot; help@moz.com)"
216.244.66.200 - - [10/Nov/2024:20:51:50 +0100] "GET /files/agr_fej_hitelpr_tervezet.pdf HTTP/1.1" 200 198922 "-" "Mozilla/5.0 (compatible; DotBot/1.2; +https://opensiteexplorer.org/dotbot; help@moz.com)"
216.244.66.200 - - [10/Nov/2024:20:52:34 +0100] "GET /files/munkaugyi_kapcs_terv_080303.pdf HTTP/1.1" 200 234255 "-" "Mozilla/5.0 (compatible; DotBot/1.2; +https://opensiteexplorer.org/dotbot; help@moz.com)"
94.154.239.69 - - [10/Nov/2024:20:53:13 +0100] "GET /robots.txt HTTP/1.1" 200 1590 "-" "Mozilla/5.0 (compatible; MJ12bot/v1.4.8; http://mj12bot.com/)"
216.244.66.200 - - [10/Nov/2024:20:53:26 +0100] "GET /files/tpvt__modositas_kozigre_2008_03_31_.doc HTTP/1.1" 200 301568 "-" "Mozilla/5.0 (compatible; DotBot/1.2; +https://opensiteexplorer.org/dotbot; help@moz.com)"
94.154.239.69 - - [10/Nov/2024:20:53:59 +0100] "GET /files/19-2003-Mell%C3%83%C2%A9kletek.xls.txt HTTP/1.1" 200 - "-" "Mozilla/5.0 (compatible; MJ12bot/v1.4.8; http://mj12bot.com/)"
91.120.71.182 - - [10/Nov/2024:20:54:09 +0100] "GET /files/KHEm_1088.doc HTTP/1.1" 200 143287 "https://www.google.com/" "Mozilla/5.0 (Windows NT 10.0; Win64; x64) AppleWebKit/537.36 (KHTML, like Gecko) Chrome/130.0.0.0 Safari/537.36"
91.120.71.182 - - [10/Nov/2024:20:54:12 +0100] "GET /files/KHEm_1088.doc HTTP/1.1" 206 1 "https://www.google.com/" "Mozilla/5.0 (Windows NT 10.0; Win64; x64) AppleWebKit/537.36 (KHTML, like Gecko) Chrome/130.0.0.0 Safari/537.36"
91.120.71.182 - - [10/Nov/2024:20:54:12 +0100] "GET /files/KHEm_1088.doc HTTP/1.1" 206 67728 "https://www.google.com/" "Mozilla/5.0 (Windows NT 10.0; Win64; x64) AppleWebKit/537.36 (KHTML, like Gecko) Chrome/130.0.0.0 Safari/537.36"
91.120.71.182 - - [10/Nov/2024:20:54:12 +0100] "GET /files/KHEm_1088.doc HTTP/1.1" 206 1 "https://www.google.com/" "Mozilla/5.0 (Windows NT 10.0; Win64; x64) AppleWebKit/537.36 (KHTML, like Gecko) Chrome/130.0.0.0 Safari/537.36"
91.120.71.182 - - [10/Nov/2024:20:54:12 +0100] "GET /files/KHEm_1088.doc HTTP/1.1" 206 67728 "https://www.google.com/" "Mozilla/5.0 (Windows NT 10.0; Win64; x64) AppleWebKit/537.36 (KHTML, like Gecko) Chrome/130.0.0.0 Safari/537.36"
216.244.66.200 - - [10/Nov/2024:20:54:20 +0100] "GET /files/vegbizonyitvany_terv_090528.pdf HTTP/1.1" 200 531012 "-" "Mozilla/5.0 (compatible; DotBot/1.2; +https://opensiteexplorer.org/dotbot; help@moz.com)"
91.120.71.182 - - [10/Nov/2024:20:54:21 +0100] "GET /files/KHEm_1088.doc HTTP/1.1" 206 1 "https://www.google.com/" "Mozilla/5.0 (Windows NT 10.0; Win64; x64) AppleWebKit/537.36 (KHTML, like Gecko) Chrome/130.0.0.0 Safari/537.36"
91.120.71.182 - - [10/Nov/2024:20:54:21 +0100] "GET /files/KHEm_1088.doc HTTP/1.1" 206 67727 "https://www.google.com/" "Mozilla/5.0 (Windows NT 10.0; Win64; x64) AppleWebKit/537.36 (KHTML, like Gecko) Chrome/130.0.0.0 Safari/537.36"
91.120.71.182 - - [10/Nov/2024:20:54:21 +0100] "GET /files/KHEm_1088.doc HTTP/1.1" 206 1 "https://www.google.com/" "Mozilla/5.0 (Windows NT 10.0; Win64; x64) AppleWebKit/537.36 (KHTML, like Gecko) Chrome/130.0.0.0 Safari/537.36"
91.120.71.182 - - [10/Nov/2024:20:54:21 +0100] "GET /files/KHEm_1088.doc HTTP/1.1" 206 67727 "https://www.google.com/" "Mozilla/5.0 (Windows NT 10.0; Win64; x64) AppleWebKit/537.36 (KHTML, like Gecko) Chrome/130.0.0.0 Safari/537.36"
91.120.71.182 - - [10/Nov/2024:20:54:22 +0100] "GET /files/KHEm_1088.doc HTTP/1.1" 206 1 "https://www.google.com/" "Mozilla/5.0 (Windows NT 10.0; Win64; x64) AppleWebKit/537.36 (KHTML, like Gecko) Chrome/130.0.0.0 Safari/537.36"
91.120.71.182 - - [10/Nov/2024:20:54:22 +0100] "GET /files/KHEm_1088.doc HTTP/1.1" 206 67727 "https://www.google.com/" "Mozilla/5.0 (Windows NT 10.0; Win64; x64) AppleWebKit/537.36 (KHTML, like Gecko) Chrome/130.0.0.0 Safari/537.36"
94.154.239.69 - - [10/Nov/2024:20:54:58 +0100] "GET /files/A%20T%C3%83%E2%80%93RV%C3%83%E2%80%B0NYJAVASLAT%20MELL%C3%83%E2%80%B0KLETEI.htm.txt HTTP/1.1" 200 - "-" "Mozilla/5.0 (compatible; MJ12bot/v1.4.8; http://mj12bot.com/)"
216.244.66.200 - - [10/Nov/2024:20:55:02 +0100] "GET /files/EU_KiNA_ELOTERJESZTES_KOZIGAZGATASI_EGYEZTETESRE_0112.doc HTTP/1.1" 200 323584 "-" "Mozilla/5.0 (compatible; DotBot/1.2; +https://opensiteexplorer.org/dotbot; help@moz.com)"
66.249.72.66 - - [10/Nov/2024:20:55:17 +0100] "GET /files/erdekkepviselettv.pdf HTTP/1.1" 304 - "-" "Mozilla/5.0 (Linux; Android 6.0.1; Nexus 5X Build/MMB29P) AppleWebKit/537.36 (KHTML, like Gecko) Chrome/130.0.6723.69 Mobile Safari/537.36 (compatible; Googlebot/2.1; +http://www.google.com/bot.html)"
94.154.239.69 - - [10/Nov/2024:20:55:56 +0100] "GET /files/AZ%20%C3%83?S%20MELL%C3%83%E2%80%B0KLETEI.htm.txt HTTP/1.1" 200 - "-" "Mozilla/5.0 (compatible; MJ12bot/v1.4.8; http://mj12bot.com/)"
216.244.66.200 - - [10/Nov/2024:20:56:08 +0100] "GET /files/rekl%C3%83%C2%A1moz%C3%83%C2%A1s-normasz%C3%83%C2%B6veg.doc HTTP/1.1" 200 - "-" "Mozilla/5.0 (compatible; DotBot/1.2; +https://opensiteexplorer.org/dotbot; help@moz.com)"
94.154.239.69 - - [10/Nov/2024:20:56:47 +0100] "GET /files/Alap-%C3%83%C2%A9s%20m%C3%85%C2%B1k%C3%83%C2%B6d%C3%83%C2%A9si%20nyilv%C3%83%C2%A1ntart%C3%83%C2%A1s-T%C3%83?RCA03.20..doc HTTP/1.1" 200 - "-" "Mozilla/5.0 (compatible; MJ12bot/v1.4.8; http://mj12bot.com/)"
216.244.66.200 - - [10/Nov/2024:20:56:58 +0100] "GET /files/18per1998.%20NM%20remd%20m%C3%83%C2%B3d%20t%C3%83%C2%A1rc%C3%83%C2%A1ra.doc HTTP/1.1" 200 - "-" "Mozilla/5.0 (compatible; DotBot/1.2; +https://opensiteexplorer.org/dotbot; help@moz.com)"
94.154.239.69 - - [10/Nov/2024:20:57:30 +0100] "GET /files/FEJEZETI%20K%C3%83%E2%80%93TETEK.htm.txt HTTP/1.1" 200 - "-" "Mozilla/5.0 (compatible; MJ12bot/v1.4.8; http://mj12bot.com/)"
216.244.66.200 - - [10/Nov/2024:20:57:48 +0100] "GET /files/76_2004___viii__19___eszcsm_rendelet_m%C3%83%C2%B3dos%C3%83%C2%ADt%C3%83%C2%A1sa_16.doc HTTP/1.1" 200 - "-" "Mozilla/5.0 (compatible; DotBot/1.2; +https://opensiteexplorer.org/dotbot; help@moz.com)"
94.154.239.69 - - [10/Nov/2024:20:58:17 +0100] "GET /files/INDOKOL%C3%83?1.doc HTTP/1.1" 200 - "-" "Mozilla/5.0 (compatible; MJ12bot/v1.4.8; http://mj12bot.com/)"
216.244.66.200 - - [10/Nov/2024:20:58:44 +0100] "GET /files/T%C3%83%C2%A1rc%C3%83%C2%A1ra%20k%C3%83%C2%BCldend%C3%85%E2%80%98%20anyag.zip HTTP/1.1" 200 - "-" "Mozilla/5.0 (compatible; DotBot/1.2; +https://opensiteexplorer.org/dotbot; help@moz.com)"
216.244.66.200 - - [10/Nov/2024:20:59:04 +0100] "GET /files/2394_20.doc HTTP/1.1" 200 79872 "-" "Mozilla/5.0 (compatible; DotBot/1.2; +https://opensiteexplorer.org/dotbot; help@moz.com)"
94.154.239.69 - - [10/Nov/2024:20:59:07 +0100] "GET /files/INDOKOL%C3%83?S.doc HTTP/1.1" 200 - "-" "Mozilla/5.0 (compatible; MJ12bot/v1.4.8; http://mj12bot.com/)"
216.244.66.200 - - [10/Nov/2024:20:59:48 +0100] "GET /files/PM2.doc HTTP/1.1" 200 248832 "-" "Mozilla/5.0 (compatible; DotBot/1.2; +https://opensiteexplorer.org/dotbot; help@moz.com)"
94.154.239.69 - - [10/Nov/2024:20:59:58 +0100] "GET /files/SzaboMate_hozz%C3%83%C2%A1f%C3%83%C2%A9r%C3%83%C2%A9s.pps HTTP/1.1" 200 - "-" "Mozilla/5.0 (compatible; MJ12bot/v1.4.8; http://mj12bot.com/)"
216.244.66.200 - - [10/Nov/2024:21:00:23 +0100] "GET /files/R89_3.pdf HTTP/1.1" 200 77482 "-" "Mozilla/5.0 (compatible; DotBot/1.2; +https://opensiteexplorer.org/dotbot; help@moz.com)"
94.154.239.69 - - [10/Nov/2024:21:00:45 +0100] "GET /files/VEZET%C3%85?I%20%C3%83%E2%80%93SSZEFOGLAL%C3%83%E2%80%9C.doc HTTP/1.1" 200 - "-" "Mozilla/5.0 (compatible; MJ12bot/v1.4.8; http://mj12bot.com/)"
216.244.66.200 - - [10/Nov/2024:21:00:53 +0100] "GET /files/217_361_Korm_rend_mod.doc HTTP/1.1" 200 33792 "-" "Mozilla/5.0 (compatible; DotBot/1.2; +https://opensiteexplorer.org/dotbot; help@moz.com)"
216.244.66.200 - - [10/Nov/2024:21:01:23 +0100] "GET /files/KHEM_2844norma.doc HTTP/1.1" 200 62464 "-" "Mozilla/5.0 (compatible; DotBot/1.2; +https://opensiteexplorer.org/dotbot; help@moz.com)"
94.154.239.69 - - [10/Nov/2024:21:01:33 +0100] "GET /files/%C3%83?NTSZ%20%20061214%20Kormr.doc HTTP/1.1" 200 - "-" "Mozilla/5.0 (compatible; MJ12bot/v1.4.8; http://mj12bot.com/)"
94.154.239.69 - - [10/Nov/2024:21:01:36 +0100] "GET /robots.txt HTTP/1.1" 200 1590 "-" "Mozilla/5.0 (compatible; MJ12bot/v1.4.8; http://mj12bot.com/)"
94.154.239.69 - - [10/Nov/2024:21:02:21 +0100] "GET /files/19-2003-Mell%C3%83%C2%A9kletek.xls.txt HTTP/1.1" 200 - "-" "Mozilla/5.0 (compatible; MJ12bot/v1.4.8; http://mj12bot.com/)"
94.154.239.69 - - [10/Nov/2024:21:03:05 +0100] "GET /files/9-93.normasz%C3%83%C2%B6veg.m%C3%83%C2%B3d.2007.febr.T%C3%83?RCA.doc HTTP/1.1" 200 - "-" "Mozilla/5.0 (compatible; MJ12bot/v1.4.8; http://mj12bot.com/)"
51.210.214.160 - - [10/Nov/2024:21:03:15 +0100] "GET /rss.xml HTTP/1.1" 200 - "-" "Mozilla/5.0 (X11; Linux i686) AppleWebKit/537.36 (KHTML, like Gecko) Chrome/30.0.1599.66 Safari/537.36"
94.154.239.69 - - [10/Nov/2024:21:03:50 +0100] "GET /files/A%20T%C3%83%E2%80%93RV%C3%83%E2%80%B0NYJAVASLAT%20MELL%C3%83%E2%80%B0KLETEI.htm.txt HTTP/1.1" 200 - "-" "Mozilla/5.0 (compatible; MJ12bot/v1.4.8; http://mj12bot.com/)"
