216.244.66.200 - - [07/Nov/2024:15:59:48 +0100] "GET /files/KHEM_3827_7norma.doc HTTP/1.1" 200 65024 "-" "Mozilla/5.0 (compatible; DotBot/1.2; +https://opensiteexplorer.org/dotbot; help@moz.com)"
216.244.66.200 - - [07/Nov/2024:16:00:15 +0100] "GET /files/R303_2jogharm.doc HTTP/1.1" 200 78336 "-" "Mozilla/5.0 (compatible; DotBot/1.2; +https://opensiteexplorer.org/dotbot; help@moz.com)"
216.244.66.200 - - [07/Nov/2024:16:00:51 +0100] "GET /files/_1c9nmopt0e9q6it3fdc_.pdf HTTP/1.1" 200 236317 "-" "Mozilla/5.0 (compatible; DotBot/1.2; +https://opensiteexplorer.org/dotbot; help@moz.com)"
216.244.66.200 - - [07/Nov/2024:16:01:25 +0100] "GET /files/egbizt%20tervezet.doc HTTP/1.1" 200 93184 "-" "Mozilla/5.0 (compatible; DotBot/1.2; +https://opensiteexplorer.org/dotbot; help@moz.com)"
216.244.66.200 - - [07/Nov/2024:16:02:04 +0100] "GET /files/ktgv_rdsz_megujitasa.pdf HTTP/1.1" 200 199329 "-" "Mozilla/5.0 (compatible; DotBot/1.2; +https://opensiteexplorer.org/dotbot; help@moz.com)"
216.244.66.200 - - [07/Nov/2024:16:02:42 +0100] "GET /files/legikozlvedszabkormelo.pdf HTTP/1.1" 200 239092 "-" "Mozilla/5.0 (compatible; DotBot/1.2; +https://opensiteexplorer.org/dotbot; help@moz.com)"
216.244.66.200 - - [07/Nov/2024:16:03:21 +0100] "GET /files/nov_ved_velemenyezesre.pdf HTTP/1.1" 200 300982 "-" "Mozilla/5.0 (compatible; DotBot/1.2; +https://opensiteexplorer.org/dotbot; help@moz.com)"
216.244.66.200 - - [07/Nov/2024:16:03:58 +0100] "GET /files/onyf_eloterj_061204.pdf HTTP/1.1" 200 218058 "-" "Mozilla/5.0 (compatible; DotBot/1.2; +https://opensiteexplorer.org/dotbot; help@moz.com)"
216.244.66.200 - - [07/Nov/2024:16:05:00 +0100] "GET /files/%C3%83%E2%80%B0lelmiszerk%C3%83%C2%B6nyv.doc HTTP/1.1" 200 - "-" "Mozilla/5.0 (compatible; DotBot/1.2; +https://opensiteexplorer.org/dotbot; help@moz.com)"
65.21.113.194 - - [07/Nov/2024:16:05:41 +0100] "GET /robots.txt HTTP/1.1" 200 1590 "-" "Mozilla/5.0 (compatible; AwarioBot/1.0; +https://awario.com/bots.html)"
65.21.113.194 - - [07/Nov/2024:16:06:13 +0100] "GET /drupal/ HTTP/1.1" 200 - "-" "Mozilla/5.0 (compatible; AwarioBot/1.0; +https://awario.com/bots.html)"
85.208.96.198 - - [07/Nov/2024:16:13:56 +0100] "GET /drupal/node/91 HTTP/1.1" 200 - "-" "Mozilla/5.0 (compatible; SemrushBot/7~bl; +http://www.semrush.com/bot.html)"
85.208.96.198 - - [07/Nov/2024:16:14:28 +0100] "GET /drupal/node/91 HTTP/1.1" 200 - "-" "Mozilla/5.0 (compatible; SemrushBot/7~bl; +http://www.semrush.com/bot.html)"
66.249.66.87 - - [07/Nov/2024:16:16:34 +0100] "GET /files/alk_tvjav.pdf HTTP/1.1" 304 - "-" "Mozilla/5.0 (Linux; Android 6.0.1; Nexus 5X Build/MMB29P) AppleWebKit/537.36 (KHTML, like Gecko) Chrome/130.0.6723.69 Mobile Safari/537.36 (compatible; Googlebot/2.1; +http://www.google.com/bot.html)"
65.21.113.205 - - [07/Nov/2024:16:20:06 +0100] "GET /robots.txt HTTP/1.1" 200 1590 "-" "Mozilla/5.0 (compatible; AwarioBot/1.0; +https://awario.com/bots.html)"
65.21.113.205 - - [07/Nov/2024:16:20:37 +0100] "GET /node/1157 HTTP/1.1" 200 - "-" "Mozilla/5.0 (compatible; AwarioBot/1.0; +https://awario.com/bots.html)"
47.128.19.175 - - [07/Nov/2024:16:20:37 +0100] "GET /robots.txt HTTP/1.1" 200 1590 "-" "Mozilla/5.0 (Linux; Android 5.0) AppleWebKit/537.36 (KHTML, like Gecko) Mobile Safari/537.36 (compatible; Bytespider; spider-feedback@bytedance.com)"
65.21.113.205 - - [07/Nov/2024:16:21:11 +0100] "GET /node/1158 HTTP/1.1" 200 - "-" "Mozilla/5.0 (compatible; AwarioBot/1.0; +https://awario.com/bots.html)"
65.21.113.205 - - [07/Nov/2024:16:21:45 +0100] "GET /taxonomy/term/55 HTTP/1.1" 200 - "-" "Mozilla/5.0 (compatible; AwarioBot/1.0; +https://awario.com/bots.html)"
47.128.22.229 - - [07/Nov/2024:16:25:08 +0100] "GET /node/2582 HTTP/1.1" 200 - "-" "Mozilla/5.0 (Linux; Android 5.0) AppleWebKit/537.36 (KHTML, like Gecko) Mobile Safari/537.36 (compatible; Bytespider; spider-feedback@bytedance.com)"
47.128.29.50 - - [07/Nov/2024:16:27:09 +0100] "GET /node HTTP/1.1" 200 - "-" "Mozilla/5.0 (Linux; Android 5.0) AppleWebKit/537.36 (KHTML, like Gecko) Mobile Safari/537.36 (compatible; Bytespider; spider-feedback@bytedance.com)"
91.33.162.217 - - [07/Nov/2024:16:41:31 +0100] "GET /files/cegbejegyzesi_eljaras_21_per_2006__02_12_fin.doc HTTP/1.1" 200 54272 "-" "Mozilla/5.0 (Windows NT 10.0; Win64; x64) AppleWebKit/537.36 (KHTML, like Gecko) Chrome/60.0.3112.113 Safari/537.36"
20.191.45.212 - - [07/Nov/2024:16:51:11 +0100] "GET /favicon.ico HTTP/1.1" 404 57 "http://www.jogalkotas.hu/favicon.ico" "DuckDuckBot/1.1; (+http://duckduckgo.com/duckduckbot.html)"
20.191.45.212 - - [07/Nov/2024:16:51:33 +0100] "GET / HTTP/1.1" 200 - "http://www.jogalkotas.hu/" "DuckDuckBot/1.1; (+http://duckduckgo.com/duckduckbot.html)"
66.249.66.85 - - [07/Nov/2024:16:57:19 +0100] "GET /files/esely_terv_081223.pdf HTTP/1.1" 304 - "-" "Mozilla/5.0 (Linux; Android 6.0.1; Nexus 5X Build/MMB29P) AppleWebKit/537.36 (KHTML, like Gecko) Chrome/130.0.6723.69 Mobile Safari/537.36 (compatible; Googlebot/2.1; +http://www.google.com/bot.html)"
94.21.194.141 - - [07/Nov/2024:17:01:43 +0100] "GET /files/szakmagyakorlas.pdf HTTP/1.1" 200 172957 "-" "Mozilla/5.0 (Linux; Android 10; K) AppleWebKit/537.36 (KHTML, like Gecko) Chrome/130.0.0.0 Mobile Safari/537.36"
66.249.66.86 - - [07/Nov/2024:17:22:37 +0100] "GET /files/9369_8.pdf HTTP/1.1" 200 328584 "-" "Mozilla/5.0 (Linux; Android 6.0.1; Nexus 5X Build/MMB29P) AppleWebKit/537.36 (KHTML, like Gecko) Chrome/130.0.6723.69 Mobile Safari/537.36 (compatible; Googlebot/2.1; +http://www.google.com/bot.html)"
66.249.66.6 - - [07/Nov/2024:17:29:39 +0100] "GET /files/ntt_terv_080612.pdf HTTP/1.1" 200 274640 "-" "Mozilla/5.0 (Linux; Android 6.0.1; Nexus 5X Build/MMB29P) AppleWebKit/537.36 (KHTML, like Gecko) Chrome/130.0.6723.69 Mobile Safari/537.36 (compatible; Googlebot/2.1; +http://www.google.com/bot.html)"
66.249.66.86 - - [07/Nov/2024:17:37:32 +0100] "GET /files/tartas.pdf HTTP/1.1" 200 514811 "-" "Mozilla/5.0 (Linux; Android 6.0.1; Nexus 5X Build/MMB29P) AppleWebKit/537.36 (KHTML, like Gecko) Chrome/130.0.6723.69 Mobile Safari/537.36 (compatible; Googlebot/2.1; +http://www.google.com/bot.html)"
66.249.66.86 - - [07/Nov/2024:17:43:33 +0100] "GET /files/TK45_2.pdf HTTP/1.1" 304 - "-" "Mozilla/5.0 (Linux; Android 6.0.1; Nexus 5X Build/MMB29P) AppleWebKit/537.36 (KHTML, like Gecko) Chrome/130.0.6723.69 Mobile Safari/537.36 (compatible; Googlebot/2.1; +http://www.google.com/bot.html)"
66.249.66.86 - - [07/Nov/2024:17:43:34 +0100] "GET /files/KHEM_8735_(normasz__veg).doc HTTP/1.1" 304 - "-" "Mozilla/5.0 (Linux; Android 6.0.1; Nexus 5X Build/MMB29P) AppleWebKit/537.36 (KHTML, like Gecko) Chrome/130.0.6723.69 Mobile Safari/537.36 (compatible; Googlebot/2.1; +http://www.google.com/bot.html)"
20.191.45.212 - - [07/Nov/2024:17:58:16 +0100] "GET /favicon.ico HTTP/1.1" 404 57 "http://www.jogalkotas.hu/favicon.ico" "DuckDuckBot/1.1; (+http://duckduckgo.com/duckduckbot.html)"
20.191.45.212 - - [07/Nov/2024:17:58:39 +0100] "GET / HTTP/1.1" 200 - "http://www.jogalkotas.hu/" "DuckDuckBot/1.1; (+http://duckduckgo.com/duckduckbot.html)"
66.249.66.86 - - [07/Nov/2024:17:59:37 +0100] "GET /files/ooszi.pdf HTTP/1.1" 200 429252 "-" "Mozilla/5.0 (Linux; Android 6.0.1; Nexus 5X Build/MMB29P) AppleWebKit/537.36 (KHTML, like Gecko) Chrome/130.0.6723.69 Mobile Safari/537.36 (compatible; Googlebot/2.1; +http://www.google.com/bot.html)"
66.249.66.6 - - [07/Nov/2024:18:04:38 +0100] "GET /files/hm_rend_tervezet_szuperbrutto.pdf HTTP/1.1" 200 122216 "-" "Mozilla/5.0 (Linux; Android 6.0.1; Nexus 5X Build/MMB29P) AppleWebKit/537.36 (KHTML, like Gecko) Chrome/130.0.6723.69 Mobile Safari/537.36 (compatible; Googlebot/2.1; +http://www.google.com/bot.html)"
217.182.175.38 - - [07/Nov/2024:18:09:36 +0100] "GET /robots.txt HTTP/1.1" 200 1590 "-" "Mozilla/5.0 (compatible; MJ12bot/v1.4.8; http://mj12bot.com/)"
66.249.66.85 - - [07/Nov/2024:18:10:12 +0100] "GET /files/ekozig_strategia.pdf HTTP/1.1" 200 731185 "-" "Mozilla/5.0 (Linux; Android 6.0.1; Nexus 5X Build/MMB29P) AppleWebKit/537.36 (KHTML, like Gecko) Chrome/130.0.6723.69 Mobile Safari/537.36 (compatible; Googlebot/2.1; +http://www.google.com/bot.html)"
217.182.175.38 - - [07/Nov/2024:18:10:26 +0100] "GET /files/9-93.normasz%C3%83%C2%B6veg.m%C3%83%C2%B3d.2007.febr.T%C3%83?RCA.doc HTTP/1.1" 200 - "-" "Mozilla/5.0 (compatible; MJ12bot/v1.4.8; http://mj12bot.com/)"
66.249.66.86 - - [07/Nov/2024:18:13:36 +0100] "GET /files/ptk-normaszoveg-tervezet_20071029.pdf HTTP/1.1" 304 - "-" "Mozilla/5.0 (Linux; Android 6.0.1; Nexus 5X Build/MMB29P) AppleWebKit/537.36 (KHTML, like Gecko) Chrome/130.0.6723.69 Mobile Safari/537.36 (compatible; Googlebot/2.1; +http://www.google.com/bot.html)"
66.249.66.4 - - [07/Nov/2024:18:17:37 +0100] "GET /files/tankonyvrend_terv_090721.pdf HTTP/1.1" 304 - "-" "Mozilla/5.0 (Linux; Android 6.0.1; Nexus 5X Build/MMB29P) AppleWebKit/537.36 (KHTML, like Gecko) Chrome/130.0.6723.69 Mobile Safari/537.36 (compatible; Googlebot/2.1; +http://www.google.com/bot.html)"
66.249.66.86 - - [07/Nov/2024:18:22:24 +0100] "GET /files/lakrendmod_javaslat_20071024.pdf HTTP/1.1" 200 242799 "-" "Mozilla/5.0 (Linux; Android 6.0.1; Nexus 5X Build/MMB29P) AppleWebKit/537.36 (KHTML, like Gecko) Chrome/130.0.6723.69 Mobile Safari/537.36 (compatible; Googlebot/2.1; +http://www.google.com/bot.html)"
66.249.66.87 - - [07/Nov/2024:18:41:38 +0100] "GET /files/lakrendmod_javaslat_indokolas_200709251.pdf HTTP/1.1" 200 122804 "-" "Mozilla/5.0 (Linux; Android 6.0.1; Nexus 5X Build/MMB29P) AppleWebKit/537.36 (KHTML, like Gecko) Chrome/130.0.6723.69 Mobile Safari/537.36 (compatible; Googlebot/2.1; +http://www.google.com/bot.html)"
66.249.66.85 - - [07/Nov/2024:19:10:22 +0100] "GET /files/kerettantervek_szakisk_inf_alligra_060516.pdf HTTP/1.1" 304 - "-" "Mozilla/5.0 (Linux; Android 6.0.1; Nexus 5X Build/MMB29P) AppleWebKit/537.36 (KHTML, like Gecko) Chrome/130.0.6723.69 Mobile Safari/537.36 (compatible; Googlebot/2.1; +http://www.google.com/bot.html)"
207.46.13.130 - - [07/Nov/2024:19:16:41 +0100] "GET /files/ins_terv_090508.pdf HTTP/1.1" 304 - "-" "Mozilla/5.0 AppleWebKit/537.36 (KHTML, like Gecko; compatible; bingbot/2.0; +http://www.bing.com/bingbot.htm) Chrome/116.0.1938.76 Safari/537.36"
66.249.66.85 - - [07/Nov/2024:19:30:32 +0100] "GET /files/28_2009_OM-rend.pdf HTTP/1.1" 200 143910 "-" "Mozilla/5.0 (Linux; Android 6.0.1; Nexus 5X Build/MMB29P) AppleWebKit/537.36 (KHTML, like Gecko) Chrome/130.0.6723.69 Mobile Safari/537.36 (compatible; Googlebot/2.1; +http://www.google.com/bot.html)"
66.249.66.86 - - [07/Nov/2024:19:48:40 +0100] "GET /files/szoc_bizt_tv_terv_100218.doc HTTP/1.1" 200 52224 "-" "Mozilla/5.0 (Linux; Android 6.0.1; Nexus 5X Build/MMB29P) AppleWebKit/537.36 (KHTML, like Gecko) Chrome/130.0.6723.69 Mobile Safari/537.36 (compatible; Googlebot/2.1; +http://www.google.com/bot.html)"
40.77.167.138 - - [07/Nov/2024:20:18:34 +0100] "GET /robots.txt HTTP/1.1" 200 1590 "-" "Mozilla/5.0 AppleWebKit/537.36 (KHTML, like Gecko; compatible; bingbot/2.0; +http://www.bing.com/bingbot.htm) Chrome/116.0.1938.76 Safari/537.36"
40.77.167.43 - - [07/Nov/2024:20:19:11 +0100] "GET /node?page=2 HTTP/1.1" 200 - "-" "Mozilla/5.0 AppleWebKit/537.36 (KHTML, like Gecko; compatible; bingbot/2.0; +http://www.bing.com/bingbot.htm) Chrome/116.0.1938.76 Safari/537.36"
40.77.167.43 - - [07/Nov/2024:20:19:43 +0100] "GET /node?page=2 HTTP/1.1" 200 - "-" "Mozilla/5.0 AppleWebKit/537.36 (KHTML, like Gecko; compatible; bingbot/2.0; +http://www.bing.com/bingbot.htm) Chrome/116.0.1938.76 Safari/537.36"
66.249.66.87 - - [07/Nov/2024:20:30:48 +0100] "GET /files/11340_2.pdf HTTP/1.1" 200 109543 "-" "Mozilla/5.0 (Linux; Android 6.0.1; Nexus 5X Build/MMB29P) AppleWebKit/537.36 (KHTML, like Gecko) Chrome/130.0.6723.69 Mobile Safari/537.36 (compatible; Googlebot/2.1; +http://www.google.com/bot.html)"
66.249.66.86 - - [07/Nov/2024:20:37:36 +0100] "GET /files/R714.pdf HTTP/1.1" 304 - "-" "Mozilla/5.0 (Linux; Android 6.0.1; Nexus 5X Build/MMB29P) AppleWebKit/537.36 (KHTML, like Gecko) Chrome/130.0.6723.69 Mobile Safari/537.36 (compatible; Googlebot/2.1; +http://www.google.com/bot.html)"
66.249.66.85 - - [07/Nov/2024:21:05:46 +0100] "GET /files/OTSZ%20rendelet.pdf HTTP/1.1" 200 168000 "-" "Mozilla/5.0 (Linux; Android 6.0.1; Nexus 5X Build/MMB29P) AppleWebKit/537.36 (KHTML, like Gecko) Chrome/130.0.6723.69 Mobile Safari/537.36 (compatible; Googlebot/2.1; +http://www.google.com/bot.html)"
172.86.86.146 - - [07/Nov/2024:21:06:25 +0100] "GET /wp-content/plugins/about.php HTTP/1.1" 200 - "-" "Mozlila/5.0 (Linux; Android 7.0; SM-G892A Bulid/NRD90M; wv) AppleWebKit/537.36 (KHTML, like Gecko) Version/4.0 Chrome/60.0.3112.107 Moblie Safari/537.36"
195.228.75.121 - - [07/Nov/2024:21:22:25 +0100] "GET / HTTP/1.1" 200 - "-" "Go-http-client/1.1"
45.127.126.72 - - [07/Nov/2024:21:26:07 +0100] "GET /index.php?m=admin&c=index&a=login HTTP/1.1" 200 - "http://www.jogalkotas.hu/index.php?m=admin&c=index&a=login" "Mozilla/5.0 (compatible; MSIE 9.0; Windows NT 6.1; Win64; x64; Trident/5.0)"
66.249.66.5 - - [07/Nov/2024:21:44:47 +0100] "GET /files/muemlek_terv_081124.pdf HTTP/1.1" 304 - "-" "Mozilla/5.0 (Linux; Android 6.0.1; Nexus 5X Build/MMB29P) AppleWebKit/537.36 (KHTML, like Gecko) Chrome/130.0.6723.69 Mobile Safari/537.36 (compatible; Googlebot/2.1; +http://www.google.com/bot.html)"
66.249.66.5 - - [07/Nov/2024:22:11:59 +0100] "GET / HTTP/1.1" 200 - "-" "Mozilla/5.0 (compatible; Googlebot/2.1; +http://www.google.com/bot.html)"
66.249.66.5 - - [07/Nov/2024:22:12:31 +0100] "GET / HTTP/1.1" 200 - "-" "Mozilla/5.0 (Linux; Android 6.0.1; Nexus 5X Build/MMB29P) AppleWebKit/537.36 (KHTML, like Gecko) Chrome/99.0.4844.84 Mobile Safari/537.36 (compatible; Googlebot/2.1; +http://www.google.com/bot.html)"
66.249.66.6 - - [07/Nov/2024:22:13:03 +0100] "GET / HTTP/1.1" 200 - "-" "Mozilla/5.0 (compatible; Googlebot/2.1; +http://www.google.com/bot.html)"
66.249.66.4 - - [07/Nov/2024:22:13:35 +0100] "GET / HTTP/1.1" 200 - "-" "Mozilla/5.0 (Linux; Android 6.0.1; Nexus 5X Build/MMB29P) AppleWebKit/537.36 (KHTML, like Gecko) Chrome/130.0.6723.69 Mobile Safari/537.36 (compatible; Googlebot/2.1; +http://www.google.com/bot.html)"
66.249.66.87 - - [07/Nov/2024:22:17:32 +0100] "GET /taxonomy/term/29 HTTP/1.1" 200 - "-" "Mozilla/5.0 (Linux; Android 6.0.1; Nexus 5X Build/MMB29P) AppleWebKit/537.36 (KHTML, like Gecko) Chrome/130.0.6723.69 Mobile Safari/537.36 (compatible; Googlebot/2.1; +http://www.google.com/bot.html)"
66.249.66.85 - - [07/Nov/2024:22:21:00 +0100] "GET /files/igszakkam_mod_tervezet_080918_0.doc HTTP/1.1" 304 - "-" "Mozilla/5.0 (Linux; Android 6.0.1; Nexus 5X Build/MMB29P) AppleWebKit/537.36 (KHTML, like Gecko) Chrome/130.0.6723.69 Mobile Safari/537.36 (compatible; Googlebot/2.1; +http://www.google.com/bot.html)"
95.91.85.221 - - [07/Nov/2024:22:26:02 +0100] "GET /robots.txt HTTP/1.1" 200 1590 "-" "Mozilla/5.0 (compatible; MJ12bot/v1.4.8; http://mj12bot.com/)"
95.91.85.221 - - [07/Nov/2024:22:26:44 +0100] "GET /files/19-2003-Mell%C3%83%C2%A9kletek.xls.txt HTTP/1.1" 200 - "-" "Mozilla/5.0 (compatible; MJ12bot/v1.4.8; http://mj12bot.com/)"
95.91.85.221 - - [07/Nov/2024:22:27:26 +0100] "GET /files/A%20T%C3%83%E2%80%93RV%C3%83%E2%80%B0NYJAVASLAT%20MELL%C3%83%E2%80%B0KLETEI.htm.txt HTTP/1.1" 200 - "-" "Mozilla/5.0 (compatible; MJ12bot/v1.4.8; http://mj12bot.com/)"
95.91.85.221 - - [07/Nov/2024:22:28:08 +0100] "GET /files/AZ%20%C3%83?S%20MELL%C3%83%E2%80%B0KLETEI.htm.txt HTTP/1.1" 200 - "-" "Mozilla/5.0 (compatible; MJ12bot/v1.4.8; http://mj12bot.com/)"
95.91.85.221 - - [07/Nov/2024:22:28:50 +0100] "GET /files/Alap-%C3%83%C2%A9s%20m%C3%85%C2%B1k%C3%83%C2%B6d%C3%83%C2%A9si%20nyilv%C3%83%C2%A1ntart%C3%83%C2%A1s-T%C3%83?RCA03.20..doc HTTP/1.1" 200 - "-" "Mozilla/5.0 (compatible; MJ12bot/v1.4.8; http://mj12bot.com/)"
95.91.85.221 - - [07/Nov/2024:22:29:32 +0100] "GET /files/FEJEZETI%20K%C3%83%E2%80%93TETEK.htm.txt HTTP/1.1" 200 - "-" "Mozilla/5.0 (compatible; MJ12bot/v1.4.8; http://mj12bot.com/)"
95.91.85.221 - - [07/Nov/2024:22:30:18 +0100] "GET /files/INDOKOL%C3%83?1.doc HTTP/1.1" 200 - "-" "Mozilla/5.0 (compatible; MJ12bot/v1.4.8; http://mj12bot.com/)"
95.91.85.221 - - [07/Nov/2024:22:31:00 +0100] "GET /files/INDOKOL%C3%83?S.doc HTTP/1.1" 200 - "-" "Mozilla/5.0 (compatible; MJ12bot/v1.4.8; http://mj12bot.com/)"
95.91.85.221 - - [07/Nov/2024:22:31:46 +0100] "GET /files/SzaboMate_hozz%C3%83%C2%A1f%C3%83%C2%A9r%C3%83%C2%A9s.pps HTTP/1.1" 200 - "-" "Mozilla/5.0 (compatible; MJ12bot/v1.4.8; http://mj12bot.com/)"
95.91.85.221 - - [07/Nov/2024:22:32:28 +0100] "GET /files/VEZET%C3%85?I%20%C3%83%E2%80%93SSZEFOGLAL%C3%83%E2%80%9C.doc HTTP/1.1" 200 - "-" "Mozilla/5.0 (compatible; MJ12bot/v1.4.8; http://mj12bot.com/)"
95.91.85.221 - - [07/Nov/2024:22:33:10 +0100] "GET /files/%C3%83?NTSZ%20%20061214%20Kormr.doc HTTP/1.1" 200 - "-" "Mozilla/5.0 (compatible; MJ12bot/v1.4.8; http://mj12bot.com/)"
95.91.85.221 - - [07/Nov/2024:22:33:10 +0100] "GET /robots.txt HTTP/1.1" 200 1590 "-" "Mozilla/5.0 (compatible; MJ12bot/v1.4.8; http://mj12bot.com/)"
95.91.85.221 - - [07/Nov/2024:22:34:03 +0100] "GET /files/9-93.normasz%C3%83%C2%B6veg.m%C3%83%C2%B3d.2007.febr.T%C3%83?RCA.doc HTTP/1.1" 200 - "-" "Mozilla/5.0 (compatible; MJ12bot/v1.4.8; http://mj12bot.com/)"
95.91.85.221 - - [07/Nov/2024:22:34:45 +0100] "GET /files/A%20T%C3%83%E2%80%93RV%C3%83%E2%80%B0NYJAVASLAT%20MELL%C3%83%E2%80%B0KLETEI.htm.txt HTTP/1.1" 200 - "-" "Mozilla/5.0 (compatible; MJ12bot/v1.4.8; http://mj12bot.com/)"
95.91.85.221 - - [07/Nov/2024:22:35:27 +0100] "GET /files/AZ%20%C3%83?S%20MELL%C3%83%E2%80%B0KLETEI.htm.txt HTTP/1.1" 200 - "-" "Mozilla/5.0 (compatible; MJ12bot/v1.4.8; http://mj12bot.com/)"
95.91.85.221 - - [07/Nov/2024:22:36:12 +0100] "GET /files/Alap-%C3%83%C2%A9s%20m%C3%85%C2%B1k%C3%83%C2%B6d%C3%83%C2%A9si%20nyilv%C3%83%C2%A1ntart%C3%83%C2%A1s-T%C3%83?RCA03.20..doc HTTP/1.1" 200 - "-" "Mozilla/5.0 (compatible; MJ12bot/v1.4.8; http://mj12bot.com/)"
95.91.85.221 - - [07/Nov/2024:22:36:54 +0100] "GET /files/FEJEZETI%20K%C3%83%E2%80%93TETEK.htm.txt HTTP/1.1" 200 - "-" "Mozilla/5.0 (compatible; MJ12bot/v1.4.8; http://mj12bot.com/)"
95.91.85.221 - - [07/Nov/2024:22:37:36 +0100] "GET /files/INDOKOL%C3%83?1.doc HTTP/1.1" 200 - "-" "Mozilla/5.0 (compatible; MJ12bot/v1.4.8; http://mj12bot.com/)"
95.91.85.221 - - [07/Nov/2024:22:38:18 +0100] "GET /files/INDOKOL%C3%83?S.doc HTTP/1.1" 200 - "-" "Mozilla/5.0 (compatible; MJ12bot/v1.4.8; http://mj12bot.com/)"
95.91.85.221 - - [07/Nov/2024:22:39:00 +0100] "GET /files/SzaboMate_hozz%C3%83%C2%A1f%C3%83%C2%A9r%C3%83%C2%A9s.pps HTTP/1.1" 200 - "-" "Mozilla/5.0 (compatible; MJ12bot/v1.4.8; http://mj12bot.com/)"
95.91.85.221 - - [07/Nov/2024:22:39:42 +0100] "GET /files/VEZET%C3%85?I%20%C3%83%E2%80%93SSZEFOGLAL%C3%83%E2%80%9C.doc HTTP/1.1" 200 - "-" "Mozilla/5.0 (compatible; MJ12bot/v1.4.8; http://mj12bot.com/)"
95.91.85.221 - - [07/Nov/2024:22:40:24 +0100] "GET /files/%C3%83?NTSZ%20%20061214%20Kormr.doc HTTP/1.1" 200 - "-" "Mozilla/5.0 (compatible; MJ12bot/v1.4.8; http://mj12bot.com/)"
66.249.66.85 - - [07/Nov/2024:22:58:52 +0100] "GET /files/alapf_muv_okt_kovet_II_060414.pdf HTTP/1.1" 304 - "-" "Mozilla/5.0 (Linux; Android 6.0.1; Nexus 5X Build/MMB29P) AppleWebKit/537.36 (KHTML, like Gecko) Chrome/130.0.6723.69 Mobile Safari/537.36 (compatible; Googlebot/2.1; +http://www.google.com/bot.html)"
85.208.96.201 - - [07/Nov/2024:23:11:20 +0100] "GET /robots.txt HTTP/1.1" 200 1590 "-" "Mozilla/5.0 (compatible; SemrushBot/7~bl; +http://www.semrush.com/bot.html)"
85.208.96.208 - - [07/Nov/2024:23:11:52 +0100] "GET /taxonomy/term/55%2057%2058%2059%2060%2061%2062%2063%2064%2065%2066%2067%2068%2069%2070%2071%2072%2073%2074%2075?page=1 HTTP/1.1" 200 - "-" "Mozilla/5.0 (compatible; SemrushBot/7~bl; +http://www.semrush.com/bot.html)"
85.208.96.208 - - [07/Nov/2024:23:12:24 +0100] "GET /taxonomy/term/55%2057%2058%2059%2060%2061%2062%2063%2064%2065%2066%2067%2068%2069%2070%2071%2072%2073%2074%2075?page=1 HTTP/1.1" 200 - "-" "Mozilla/5.0 (compatible; SemrushBot/7~bl; +http://www.semrush.com/bot.html)"
65.21.113.205 - - [08/Nov/2024:00:10:11 +0100] "GET /robots.txt HTTP/1.1" 200 1590 "-" "Mozilla/5.0 (compatible; AwarioBot/1.0; +https://awario.com/bots.html)"
65.21.113.205 - - [08/Nov/2024:00:10:42 +0100] "GET /node/1157 HTTP/1.1" 200 - "-" "Mozilla/5.0 (compatible; AwarioBot/1.0; +https://awario.com/bots.html)"
65.21.113.205 - - [08/Nov/2024:00:11:20 +0100] "GET /node/1158 HTTP/1.1" 200 - "-" "Mozilla/5.0 (compatible; AwarioBot/1.0; +https://awario.com/bots.html)"
44.193.172.247 - - [08/Nov/2024:00:15:57 +0100] "HEAD /drupal/ HTTP/1.0" 200 - "-" "Drupal (+http://drupal.org/)"
40.77.167.55 - - [08/Nov/2024:00:34:33 +0100] "GET /node/14 HTTP/1.1" 200 - "-" "Mozilla/5.0 AppleWebKit/537.36 (KHTML, like Gecko; compatible; bingbot/2.0; +http://www.bing.com/bingbot.htm) Chrome/116.0.1938.76 Safari/537.36"
40.77.167.55 - - [08/Nov/2024:00:35:05 +0100] "GET /node/14 HTTP/1.1" 200 - "-" "Mozilla/5.0 AppleWebKit/537.36 (KHTML, like Gecko; compatible; bingbot/2.0; +http://www.bing.com/bingbot.htm) Chrome/116.0.1938.76 Safari/537.36"
40.77.167.78 - - [08/Nov/2024:01:04:19 +0100] "GET /node?page=250 HTTP/1.1" 200 - "-" "Mozilla/5.0 AppleWebKit/537.36 (KHTML, like Gecko; compatible; bingbot/2.0; +http://www.bing.com/bingbot.htm) Chrome/116.0.1938.76 Safari/537.36"
40.77.167.78 - - [08/Nov/2024:01:04:51 +0100] "GET /node?page=250 HTTP/1.1" 200 - "-" "Mozilla/5.0 AppleWebKit/537.36 (KHTML, like Gecko; compatible; bingbot/2.0; +http://www.bing.com/bingbot.htm) Chrome/116.0.1938.76 Safari/537.36"
66.249.66.85 - - [08/Nov/2024:01:16:01 +0100] "GET /files/0306_T_rc_ra__ti_csiga.doc HTTP/1.1" 200 150016 "-" "Mozilla/5.0 (Linux; Android 6.0.1; Nexus 5X Build/MMB29P) AppleWebKit/537.36 (KHTML, like Gecko) Chrome/130.0.6723.116 Mobile Safari/537.36 (compatible; Googlebot/2.1; +http://www.google.com/bot.html)"
66.249.66.85 - - [08/Nov/2024:01:21:48 +0100] "GET /files/epiteskivitelezes.pdf HTTP/1.1" 304 - "-" "Mozilla/5.0 (Linux; Android 6.0.1; Nexus 5X Build/MMB29P) AppleWebKit/537.36 (KHTML, like Gecko) Chrome/130.0.6723.116 Mobile Safari/537.36 (compatible; Googlebot/2.1; +http://www.google.com/bot.html)"
216.244.66.200 - - [08/Nov/2024:01:24:41 +0100] "GET /robots.txt HTTP/1.1" 200 1590 "-" "Mozilla/5.0 (compatible; DotBot/1.2; +https://opensiteexplorer.org/dotbot; help@moz.com)"
66.249.66.85 - - [08/Nov/2024:01:27:13 +0100] "GET /files/hm_rendelet_tervezet_kulszolgalat_jogallas.pdf HTTP/1.1" 304 - "-" "Mozilla/5.0 (Linux; Android 6.0.1; Nexus 5X Build/MMB29P) AppleWebKit/537.36 (KHTML, like Gecko) Chrome/130.0.6723.69 Mobile Safari/537.36 (compatible; Googlebot/2.1; +http://www.google.com/bot.html)"
51.222.253.18 - - [08/Nov/2024:01:34:29 +0100] "GET /robots.txt HTTP/1.1" 200 1590 "-" "Mozilla/5.0 (compatible; AhrefsBot/7.0; +http://ahrefs.com/robot/)"
203.83.11.13 - - [08/Nov/2024:01:46:32 +0100] "GET / HTTP/1.1" 200 - "-" "Mozilla/5.0"
216.244.66.200 - - [08/Nov/2024:01:58:21 +0100] "GET /files/TK118_3.doc HTTP/1.1" 200 178688 "-" "Mozilla/5.0 (compatible; DotBot/1.2; +https://opensiteexplorer.org/dotbot; help@moz.com)"
216.244.66.200 - - [08/Nov/2024:01:59:02 +0100] "GET /files/TK1322.pdf HTTP/1.1" 200 174385 "-" "Mozilla/5.0 (compatible; DotBot/1.2; +https://opensiteexplorer.org/dotbot; help@moz.com)"
216.244.66.200 - - [08/Nov/2024:01:59:42 +0100] "GET /files/szili02.jpg HTTP/1.1" 200 211455 "-" "Mozilla/5.0 (compatible; DotBot/1.2; +https://opensiteexplorer.org/dotbot; help@moz.com)"
13.57.177.96 - - [08/Nov/2024:02:07:32 +0100] "GET / HTTP/1.1" 200 - "-" "bitdiscovery-suggestions"
216.244.66.200 - - [08/Nov/2024:02:14:44 +0100] "GET /robots.txt HTTP/1.1" 200 1590 "-" "Mozilla/5.0 (compatible; DotBot/1.2; +https://opensiteexplorer.org/dotbot; help@moz.com)"
216.244.66.200 - - [08/Nov/2024:02:14:44 +0100] "GET /robots.txt HTTP/1.1" 200 1590 "-" "Mozilla/5.0 (compatible; DotBot/1.2; +https://opensiteexplorer.org/dotbot; help@moz.com)"
66.249.66.85 - - [08/Nov/2024:02:29:47 +0100] "GET /files/martinsalak.pdf HTTP/1.1" 304 - "-" "Mozilla/5.0 (Linux; Android 6.0.1; Nexus 5X Build/MMB29P) AppleWebKit/537.36 (KHTML, like Gecko) Chrome/130.0.6723.69 Mobile Safari/537.36 (compatible; Googlebot/2.1; +http://www.google.com/bot.html)"
52.167.144.214 - - [08/Nov/2024:02:39:08 +0100] "GET /files/0322_140_2001_korm._rendelet_m_dos_t_s_el_terjeszt_s.doc HTTP/1.1" 200 141312 "-" "Mozilla/5.0 AppleWebKit/537.36 (KHTML, like Gecko; compatible; bingbot/2.0; +http://www.bing.com/bingbot.htm) Chrome/116.0.1938.76 Safari/537.36"
216.244.66.200 - - [08/Nov/2024:02:42:43 +0100] "GET /files/4735.pdf HTTP/1.1" 200 190675 "-" "Mozilla/5.0 (compatible; DotBot/1.2; +https://opensiteexplorer.org/dotbot; help@moz.com)"
66.249.66.4 - - [08/Nov/2024:02:44:58 +0100] "GET /files/im_rendelet_a_cstv_szerinti.pdf HTTP/1.1" 304 - "-" "Mozilla/5.0 (Linux; Android 6.0.1; Nexus 5X Build/MMB29P) AppleWebKit/537.36 (KHTML, like Gecko) Chrome/130.0.6723.69 Mobile Safari/537.36 (compatible; Googlebot/2.1; +http://www.google.com/bot.html)"
66.249.66.85 - - [08/Nov/2024:03:18:05 +0100] "GET /files/szakmagyakorlas_1.pdf HTTP/1.1" 200 340381 "-" "Googlebot/2.1 (+http://www.google.com/bot.html)"
66.249.66.6 - - [08/Nov/2024:03:24:54 +0100] "GET /files/22443_9.pdf HTTP/1.1" 200 132332 "-" "Googlebot/2.1 (+http://www.google.com/bot.html)"
66.249.66.85 - - [08/Nov/2024:03:37:37 +0100] "GET /files/9066_16.pdf HTTP/1.1" 200 271340 "-" "Mozilla/5.0 (Linux; Android 6.0.1; Nexus 5X Build/MMB29P) AppleWebKit/537.36 (KHTML, like Gecko) Chrome/130.0.6723.69 Mobile Safari/537.36 (compatible; Googlebot/2.1; +http://www.google.com/bot.html)"
66.249.66.5 - - [08/Nov/2024:03:41:03 +0100] "GET /files/bolgar_roman_eloterj_061204.pdf HTTP/1.1" 200 233985 "-" "Mozilla/5.0 (Linux; Android 6.0.1; Nexus 5X Build/MMB29P) AppleWebKit/537.36 (KHTML, like Gecko) Chrome/130.0.6723.69 Mobile Safari/537.36 (compatible; Googlebot/2.1; +http://www.google.com/bot.html)"
109.194.248.203 - - [08/Nov/2024:03:56:32 +0100] "GET / HTTP/1.0" 200 - "-" "Mozilla/5.0 (Windows NT 6.3; Win64; x64) AppleWebKit/537.36 (KHTML, like Gecko) Chrome/75.0.3770.100 Safari/537.36"
66.249.66.6 - - [08/Nov/2024:03:57:43 +0100] "GET /files/kormeloterjesztes_parlagfu_velemenyezesre.pdf HTTP/1.1" 200 187147 "-" "Googlebot/2.1 (+http://www.google.com/bot.html)"
47.128.18.197 - - [08/Nov/2024:04:07:18 +0100] "GET /robots.txt HTTP/1.1" 200 1590 "-" "Mozilla/5.0 (Linux; Android 5.0) AppleWebKit/537.36 (KHTML, like Gecko) Mobile Safari/537.36 (compatible; Bytespider; spider-feedback@bytedance.com)"
47.128.30.178 - - [08/Nov/2024:04:07:59 +0100] "GET /node/2611 HTTP/1.1" 200 - "-" "Mozilla/5.0 (Linux; Android 5.0) AppleWebKit/537.36 (KHTML, like Gecko) Mobile Safari/537.36 (compatible; Bytespider; spider-feedback@bytedance.com)"
66.249.66.4 - - [08/Nov/2024:04:09:51 +0100] "GET /drupal/files/ekozig2010strategia_0604.pdf HTTP/1.1" 200 - "-" "Googlebot/2.1 (+http://www.google.com/bot.html)"
47.128.22.239 - - [08/Nov/2024:04:11:53 +0100] "GET /node/2598 HTTP/1.1" 200 - "-" "Mozilla/5.0 (Linux; Android 5.0) AppleWebKit/537.36 (KHTML, like Gecko) Mobile Safari/537.36 (compatible; Bytespider; spider-feedback@bytedance.com)"
34.233.154.61 - - [08/Nov/2024:04:16:06 +0100] "HEAD /drupal/ HTTP/1.0" 200 - "-" "Drupal (+http://drupal.org/)"
66.249.66.87 - - [08/Nov/2024:04:42:41 +0100] "GET /files/223visszamutatas.pdf HTTP/1.1" 200 189463 "-" "Googlebot/2.1 (+http://www.google.com/bot.html)"
66.249.66.87 - - [08/Nov/2024:04:43:41 +0100] "GET /files/riepst_terv_100412.pdf HTTP/1.1" 200 883438 "-" "Googlebot/2.1 (+http://www.google.com/bot.html)"
207.46.13.92 - - [08/Nov/2024:04:57:00 +0100] "GET /files/t_csomag_08_09_18_honlapra.doc HTTP/1.1" 200 327680 "-" "Mozilla/5.0 AppleWebKit/537.36 (KHTML, like Gecko; compatible; bingbot/2.0; +http://www.bing.com/bingbot.htm) Chrome/116.0.1938.76 Safari/537.36"
66.249.66.4 - - [08/Nov/2024:05:16:56 +0100] "GET /files/tarsadalmi_szervezetek_reszere_nyujtando_tamogatasokrol.pdf HTTP/1.1" 200 299828 "-" "Googlebot/2.1 (+http://www.google.com/bot.html)"
5.42.107.248 - - [08/Nov/2024:05:24:33 +0100] "GET / HTTP/1.1" 200 - "-" "Mozilla/5.0 (compatible; MSIE 10.0; Windows NT 5.1; Trident/6.0)"
5.42.107.248 - - [08/Nov/2024:05:24:48 +0100] "GET / HTTP/1.1" 200 - "-" "Mozilla/5.0 (Windows NT 6.1; Win64; x64; Trident/7.0; rv:11.0) like Gecko"
13.57.177.96 - - [08/Nov/2024:05:29:57 +0100] "GET / HTTP/1.1" 200 - "-" "bitdiscovery-suggestions"
216.244.66.200 - - [08/Nov/2024:06:38:02 +0100] "GET /robots.txt HTTP/1.1" 200 1590 "-" "Mozilla/5.0 (compatible; DotBot/1.2; +https://opensiteexplorer.org/dotbot; help@moz.com)"
216.244.66.200 - - [08/Nov/2024:06:38:02 +0100] "GET /robots.txt HTTP/1.1" 200 1590 "-" "Mozilla/5.0 (compatible; DotBot/1.2; +https://opensiteexplorer.org/dotbot; help@moz.com)"
66.249.66.4 - - [08/Nov/2024:06:40:13 +0100] "GET /files/minrendelet_szocigenybevetel.pdf HTTP/1.1" 200 341710 "-" "Googlebot/2.1 (+http://www.google.com/bot.html)"
66.249.66.5 - - [08/Nov/2024:06:43:35 +0100] "GET /files/hm_rendelet_tervezet_elelmezesi_ellatas_.pdf HTTP/1.1" 200 183027 "-" "Googlebot/2.1 (+http://www.google.com/bot.html)"
114.119.152.195 - - [08/Nov/2024:06:59:29 +0100] "GET /robots.txt HTTP/1.1" 200 1590 "-" "Mozilla/5.0 (compatible;PetalBot;+https://webmaster.petalsearch.com/site/petalbot)"
47.128.120.66 - - [08/Nov/2024:07:03:13 +0100] "GET /drupal/node/26 HTTP/1.1" 200 - "-" "Mozilla/5.0 (Linux; Android 5.0) AppleWebKit/537.36 (KHTML, like Gecko) Mobile Safari/537.36 (compatible; Bytespider; spider-feedback@bytedance.com)"
216.244.66.200 - - [08/Nov/2024:07:04:27 +0100] "GET /files/tervezet_dunaszentgyorgy.pdf HTTP/1.1" 200 150401 "-" "Mozilla/5.0 (compatible; DotBot/1.2; +https://opensiteexplorer.org/dotbot; help@moz.com)"
66.249.66.87 - - [08/Nov/2024:07:05:10 +0100] "GET /files/szakk_090909.pdf HTTP/1.1" 200 183415 "-" "Googlebot/2.1 (+http://www.google.com/bot.html)"
216.244.66.200 - - [08/Nov/2024:07:05:54 +0100] "GET /files/%C3%83%E2%80%93nkorm%C3%83%C2%A1nyzatok%202009%20November.doc HTTP/1.1" 200 - "-" "Mozilla/5.0 (compatible; DotBot/1.2; +https://opensiteexplorer.org/dotbot; help@moz.com)"
216.244.66.200 - - [08/Nov/2024:07:06:18 +0100] "GET /files/hm_rendelet_tervezet_hivatasos_es_szerzodeses_katonai_szolgalat.pdf HTTP/1.1" 200 98034 "-" "Mozilla/5.0 (compatible; DotBot/1.2; +https://opensiteexplorer.org/dotbot; help@moz.com)"
47.128.39.113 - - [08/Nov/2024:07:07:13 +0100] "GET /drupal/ HTTP/1.1" 200 - "-" "Mozilla/5.0 (Linux; Android 5.0) AppleWebKit/537.36 (KHTML, like Gecko) Mobile Safari/537.36 (compatible; Bytespider; spider-feedback@bytedance.com)"
216.244.66.200 - - [08/Nov/2024:07:07:21 +0100] "GET /files/iratkezel%C3%A9siszoftverk%C3%B6vetelm%C3%A9nyek.pdf HTTP/1.1" 200 - "-" "Mozilla/5.0 (compatible; DotBot/1.2; +https://opensiteexplorer.org/dotbot; help@moz.com)"
216.244.66.200 - - [08/Nov/2024:07:09:00 +0100] "GET /files/indok.pdf HTTP/1.1" 200 50987 "-" "Mozilla/5.0 (compatible; DotBot/1.2; +https://opensiteexplorer.org/dotbot; help@moz.com)"
216.244.66.200 - - [08/Nov/2024:07:09:34 +0100] "GET /files/rendmod_.doc HTTP/1.1" 200 81408 "-" "Mozilla/5.0 (compatible; DotBot/1.2; +https://opensiteexplorer.org/dotbot; help@moz.com)"
216.244.66.200 - - [08/Nov/2024:07:10:06 +0100] "GET /files/tervezet_0.doc HTTP/1.1" 200 30720 "-" "Mozilla/5.0 (compatible; DotBot/1.2; +https://opensiteexplorer.org/dotbot; help@moz.com)"
216.244.66.200 - - [08/Nov/2024:07:10:36 +0100] "GET /files/0215_j_rul_kos_adatok.pdf HTTP/1.1" 200 16763 "-" "Mozilla/5.0 (compatible; DotBot/1.2; +https://opensiteexplorer.org/dotbot; help@moz.com)"
47.128.19.244 - - [08/Nov/2024:07:11:13 +0100] "GET /drupal/node/1274 HTTP/1.1" 200 - "-" "Mozilla/5.0 (Linux; Android 5.0) AppleWebKit/537.36 (KHTML, like Gecko) Mobile Safari/537.36 (compatible; Bytespider; spider-feedback@bytedance.com)"
216.244.66.200 - - [08/Nov/2024:07:11:21 +0100] "GET /files/253-1997-korm-rend.pdf HTTP/1.1" 200 363328 "-" "Mozilla/5.0 (compatible; DotBot/1.2; +https://opensiteexplorer.org/dotbot; help@moz.com)"
216.244.66.200 - - [08/Nov/2024:07:12:01 +0100] "GET /files/2_1999_ism_rendelet_terv_071121.pdf HTTP/1.1" 200 164734 "-" "Mozilla/5.0 (compatible; DotBot/1.2; +https://opensiteexplorer.org/dotbot; help@moz.com)"
216.244.66.200 - - [08/Nov/2024:07:12:53 +0100] "GET /files/EA_vizsg_elemzes.pdf HTTP/1.1" 200 406484 "-" "Mozilla/5.0 (compatible; DotBot/1.2; +https://opensiteexplorer.org/dotbot; help@moz.com)"
216.244.66.200 - - [08/Nov/2024:07:13:43 +0100] "GET /files/ESR_korm_eloterjesztes.pdf HTTP/1.1" 200 496259 "-" "Mozilla/5.0 (compatible; DotBot/1.2; +https://opensiteexplorer.org/dotbot; help@moz.com)"
216.244.66.200 - - [08/Nov/2024:07:14:28 +0100] "GET /files/Kjt_euv_hr_20081212.doc HTTP/1.1" 200 372224 "-" "Mozilla/5.0 (compatible; DotBot/1.2; +https://opensiteexplorer.org/dotbot; help@moz.com)"
216.244.66.200 - - [08/Nov/2024:07:15:04 +0100] "GET /files/anyatej_megf_tabl.doc HTTP/1.1" 200 64000 "-" "Mozilla/5.0 (compatible; DotBot/1.2; +https://opensiteexplorer.org/dotbot; help@moz.com)"
47.128.22.125 - - [08/Nov/2024:07:15:13 +0100] "GET /drupal/node/481 HTTP/1.1" 200 - "-" "Mozilla/5.0 (Linux; Android 5.0) AppleWebKit/537.36 (KHTML, like Gecko) Mobile Safari/537.36 (compatible; Bytespider; spider-feedback@bytedance.com)"
216.244.66.200 - - [08/Nov/2024:07:15:35 +0100] "GET /files/bizott_2007_05.pdf HTTP/1.1" 200 60990 "-" "Mozilla/5.0 (compatible; DotBot/1.2; +https://opensiteexplorer.org/dotbot; help@moz.com)"
216.244.66.200 - - [08/Nov/2024:07:16:36 +0100] "GET /files/kettesmelleklet.doc HTTP/1.1" 200 - "-" "Mozilla/5.0 (compatible; DotBot/1.2; +https://opensiteexplorer.org/dotbot; help@moz.com)"
47.128.121.57 - - [08/Nov/2024:07:19:13 +0100] "GET /drupal/node/386 HTTP/1.1" 200 - "-" "Mozilla/5.0 (Linux; Android 5.0) AppleWebKit/537.36 (KHTML, like Gecko) Mobile Safari/537.36 (compatible; Bytespider; spider-feedback@bytedance.com)"
47.128.99.181 - - [08/Nov/2024:07:23:13 +0100] "GET /drupal/node/383 HTTP/1.1" 200 - "-" "Mozilla/5.0 (Linux; Android 5.0) AppleWebKit/537.36 (KHTML, like Gecko) Mobile Safari/537.36 (compatible; Bytespider; spider-feedback@bytedance.com)"
47.128.32.142 - - [08/Nov/2024:07:27:13 +0100] "GET /drupal/node/1273 HTTP/1.1" 200 - "-" "Mozilla/5.0 (Linux; Android 5.0) AppleWebKit/537.36 (KHTML, like Gecko) Mobile Safari/537.36 (compatible; Bytespider; spider-feedback@bytedance.com)"
47.128.110.43 - - [08/Nov/2024:07:31:13 +0100] "GET /drupal/node/27 HTTP/1.1" 200 - "-" "Mozilla/5.0 (Linux; Android 5.0) AppleWebKit/537.36 (KHTML, like Gecko) Mobile Safari/537.36 (compatible; Bytespider; spider-feedback@bytedance.com)"
47.128.42.214 - - [08/Nov/2024:07:35:13 +0100] "GET /drupal/node/384 HTTP/1.1" 200 - "-" "Mozilla/5.0 (Linux; Android 5.0) AppleWebKit/537.36 (KHTML, like Gecko) Mobile Safari/537.36 (compatible; Bytespider; spider-feedback@bytedance.com)"
47.128.96.36 - - [08/Nov/2024:07:38:43 +0100] "GET /robots.txt HTTP/1.1" 200 1590 "-" "Mozilla/5.0 (Linux; Android 5.0) AppleWebKit/537.36 (KHTML, like Gecko) Mobile Safari/537.36 (compatible; Bytespider; spider-feedback@bytedance.com)"
47.128.54.147 - - [08/Nov/2024:07:43:13 +0100] "GET /drupal/node/385 HTTP/1.1" 200 - "-" "Mozilla/5.0 (Linux; Android 5.0) AppleWebKit/537.36 (KHTML, like Gecko) Mobile Safari/537.36 (compatible; Bytespider; spider-feedback@bytedance.com)"
66.249.66.87 - - [08/Nov/2024:07:57:20 +0100] "GET /robots.txt HTTP/1.1" 200 1590 "-" "Mozilla/5.0 (compatible; Googlebot/2.1; +http://www.google.com/bot.html)"
66.249.66.87 - - [08/Nov/2024:07:57:21 +0100] "GET /files/az_uj_ptk_koncepcioja.pdf HTTP/1.1" 304 - "-" "Mozilla/5.0 (Linux; Android 6.0.1; Nexus 5X Build/MMB29P) AppleWebKit/537.36 (KHTML, like Gecko) Chrome/130.0.6723.69 Mobile Safari/537.36 (compatible; Googlebot/2.1; +http://www.google.com/bot.html)"
79.110.73.230 - - [08/Nov/2024:08:09:43 +0100] "GET /files/11562.pdf HTTP/1.1" 200 219811 "-" "Mozilla/5.0 (Windows NT 10.0; Win64; x64) AppleWebKit/537.36 (KHTML, like Gecko) Chrome/126.0.0.0 Safari/51DB21"
66.249.66.87 - - [08/Nov/2024:08:19:08 +0100] "GET /files/NFGM_5051.pdf HTTP/1.1" 304 - "-" "Mozilla/5.0 (Linux; Android 6.0.1; Nexus 5X Build/MMB29P) AppleWebKit/537.36 (KHTML, like Gecko) Chrome/130.0.6723.69 Mobile Safari/537.36 (compatible; Googlebot/2.1; +http://www.google.com/bot.html)"
216.244.66.200 - - [08/Nov/2024:08:25:13 +0100] "GET /robots.txt HTTP/1.1" 200 1590 "-" "Mozilla/5.0 (compatible; DotBot/1.2; +https://opensiteexplorer.org/dotbot; help@moz.com)"
207.46.13.31 - - [08/Nov/2024:08:26:26 +0100] "GET /files/gyermekszegenyseg_tervezet_5_melleklet_070125.pdf HTTP/1.1" 304 - "-" "Mozilla/5.0 AppleWebKit/537.36 (KHTML, like Gecko; compatible; bingbot/2.0; +http://www.bing.com/bingbot.htm) Chrome/116.0.1938.76 Safari/537.36"
66.249.66.86 - - [08/Nov/2024:08:28:09 +0100] "GET /files/MinTerv-1-Ell-1_mell-2007-02-20.doc HTTP/1.1" 304 - "-" "Mozilla/5.0 (Linux; Android 6.0.1; Nexus 5X Build/MMB29P) AppleWebKit/537.36 (KHTML, like Gecko) Chrome/130.0.6723.69 Mobile Safari/537.36 (compatible; Googlebot/2.1; +http://www.google.com/bot.html)"
66.249.66.5 - - [08/Nov/2024:08:31:10 +0100] "GET /files/cervantes_egyezmeny_eloterjesztes.doc HTTP/1.1" 304 - "-" "Mozilla/5.0 (Linux; Android 6.0.1; Nexus 5X Build/MMB29P) AppleWebKit/537.36 (KHTML, like Gecko) Chrome/130.0.6723.69 Mobile Safari/537.36 (compatible; Googlebot/2.1; +http://www.google.com/bot.html)"
103.194.187.98 - - [08/Nov/2024:08:32:43 +0100] "GET /static/images/nopic.png HTTP/1.1" 200 - "-" "Mozilla/5.0 (Windows NT 10.0; WOW64; rv:48.0) Gecko/20100101 Firefox/48.0"
66.249.66.87 - - [08/Nov/2024:08:33:10 +0100] "GET /files/ingatlan_nyilvantartas_tervezet_060524.pdf HTTP/1.1" 304 - "-" "Mozilla/5.0 (Linux; Android 6.0.1; Nexus 5X Build/MMB29P) AppleWebKit/537.36 (KHTML, like Gecko) Chrome/130.0.6723.69 Mobile Safari/537.36 (compatible; Googlebot/2.1; +http://www.google.com/bot.html)"
139.5.200.74 - - [08/Nov/2024:08:34:59 +0100] "GET /includ HTTP/1.1" 200 - "-" "Mozilla/5.0 (Windows NT 10.0; WOW64; rv:48.0) Gecko/20100101 Firefox/48.0"
66.249.66.5 - - [08/Nov/2024:08:35:11 +0100] "GET /files/okj_formai_eloirasai_060516.pdf HTTP/1.1" 304 - "-" "Mozilla/5.0 (Linux; Android 6.0.1; Nexus 5X Build/MMB29P) AppleWebKit/537.36 (KHTML, like Gecko) Chrome/130.0.6723.69 Mobile Safari/537.36 (compatible; Googlebot/2.1; +http://www.google.com/bot.html)"
111.68.8.50 - - [08/Nov/2024:08:38:02 +0100] "GET /include/ckeditor/plugins/smiley/images/angel_smile.gif HTTP/1.1" 200 - "-" "Mozilla/5.0 (Windows NT 10.0; WOW64; rv:48.0) Gecko/20100101 Firefox/48.0"
111.68.8.50 - - [08/Nov/2024:08:38:02 +0100] "GET /css/album.css HTTP/1.1" 200 - "-" "Mozilla/5.0 (Windows NT 10.0; WOW64; rv:48.0) Gecko/20100101 Firefox/48.0"
66.249.66.85 - - [08/Nov/2024:08:38:06 +0100] "GET /files/2_sz_melleklet_061031.pdf HTTP/1.1" 304 - "-" "Mozilla/5.0 (Linux; Android 6.0.1; Nexus 5X Build/MMB29P) AppleWebKit/537.36 (KHTML, like Gecko) Chrome/130.0.6723.69 Mobile Safari/537.36 (compatible; Googlebot/2.1; +http://www.google.com/bot.html)"
123.253.26.106 - - [08/Nov/2024:08:41:09 +0100] "GET /e/install/index.php?enews=setdb&f=4 HTTP/1.1" 200 - "-" "Mozilla/5.0 (Windows NT 10.0; WOW64; rv:48.0) Gecko/20100101 Firefox/48.0"
123.253.26.106 - - [08/Nov/2024:08:41:14 +0100] "GET /e/1/index.php?enews=setdb&f=4 HTTP/1.1" 200 - "-" "Mozilla/5.0 (Windows NT 10.0; WOW64; rv:48.0) Gecko/20100101 Firefox/48.0"
185.104.184.228 - - [08/Nov/2024:08:43:33 +0100] "GET / HTTP/1.1" 200 - "-" "Mozilla/5.0 (X11; Fedora; Linux x86_64; rv:79.0) Gecko/20100101 Firefox/79.0"
185.104.184.228 - - [08/Nov/2024:08:43:48 +0100] "GET /upload.php HTTP/1.1" 200 - "-" "Mozilla/5.0 (Windows NT 10.0; Win64; x64) AppleWebKit/537.36 (KHTML, like Gecko) Chrome/79.0.3945.130 Safari/537.36"
185.104.184.228 - - [08/Nov/2024:08:44:01 +0100] "GET /.well-known/ HTTP/1.1" 200 - "-" "Mozilla/5.0 (Windows NT 10.0; WOW64; Trident/7.0; .NET4.0C; .NET4.0E; .NET CLR 2.0.50727; .NET CLR 3.0.30729; .NET CLR 3.5.30729; rv:11.0) like Gecko"
103.194.185.202 - - [08/Nov/2024:08:49:38 +0100] "GET /index.php?m=admin&c=index&a=login&pc_hash HTTP/1.1" 200 - "-" "Mozilla/5.0 (Windows NT 10.0; WOW64; rv:48.0) Gecko/20100101 Firefox/48.0"
66.249.66.86 - - [08/Nov/2024:08:52:10 +0100] "GET /files/hm_rendelet_tervezet_allomany_melleklet.pdf HTTP/1.1" 304 - "-" "Mozilla/5.0 (Linux; Android 6.0.1; Nexus 5X Build/MMB29P) AppleWebKit/537.36 (KHTML, like Gecko) Chrome/130.0.6723.69 Mobile Safari/537.36 (compatible; Googlebot/2.1; +http://www.google.com/bot.html)"
66.249.66.86 - - [08/Nov/2024:08:58:11 +0100] "GET /files/KHEm_1088.doc HTTP/1.1" 304 - "-" "Mozilla/5.0 (Linux; Android 6.0.1; Nexus 5X Build/MMB29P) AppleWebKit/537.36 (KHTML, like Gecko) Chrome/130.0.6723.69 Mobile Safari/537.36 (compatible; Googlebot/2.1; +http://www.google.com/bot.html)"
216.244.66.200 - - [08/Nov/2024:08:59:56 +0100] "GET /drupal/node/1273 HTTP/1.1" 200 - "-" "Mozilla/5.0 (compatible; DotBot/1.2; +https://opensiteexplorer.org/dotbot; help@moz.com)"
66.249.66.87 - - [08/Nov/2024:09:02:13 +0100] "GET /files/pirotechnika_(honlapra).doc HTTP/1.1" 200 1301504 "-" "Mozilla/5.0 (Linux; Android 6.0.1; Nexus 5X Build/MMB29P) AppleWebKit/537.36 (KHTML, like Gecko) Chrome/130.0.6723.69 Mobile Safari/537.36 (compatible; Googlebot/2.1; +http://www.google.com/bot.html)"
66.249.66.86 - - [08/Nov/2024:09:05:15 +0100] "GET /files/ecdl_alligra_honlap_060222.pdf HTTP/1.1" 304 - "-" "Mozilla/5.0 (Linux; Android 6.0.1; Nexus 5X Build/MMB29P) AppleWebKit/537.36 (KHTML, like Gecko) Chrome/130.0.6723.69 Mobile Safari/537.36 (compatible; Googlebot/2.1; +http://www.google.com/bot.html)"
66.249.66.85 - - [08/Nov/2024:09:15:41 +0100] "GET /files/KHEM_272_6_norma.doc HTTP/1.1" 304 - "-" "Mozilla/5.0 (Linux; Android 6.0.1; Nexus 5X Build/MMB29P) AppleWebKit/537.36 (KHTML, like Gecko) Chrome/130.0.6723.69 Mobile Safari/537.36 (compatible; Googlebot/2.1; +http://www.google.com/bot.html)"
216.244.66.200 - - [08/Nov/2024:09:17:16 +0100] "GET /robots.txt HTTP/1.1" 200 1590 "-" "Mozilla/5.0 (compatible; DotBot/1.2; +https://opensiteexplorer.org/dotbot; help@moz.com)"
66.249.66.6 - - [08/Nov/2024:09:20:49 +0100] "GET /files/munkszunnap_2010_terv_090807.pdf HTTP/1.1" 200 140788 "-" "Googlebot/2.1 (+http://www.google.com/bot.html)"
66.249.66.87 - - [08/Nov/2024:09:38:09 +0100] "GET /files/KHEM4545_4norma.doc HTTP/1.1" 200 88064 "-" "Mozilla/5.0 (Linux; Android 6.0.1; Nexus 5X Build/MMB29P) AppleWebKit/537.36 (KHTML, like Gecko) Chrome/130.0.6723.69 Mobile Safari/537.36 (compatible; Googlebot/2.1; +http://www.google.com/bot.html)"
92.116.75.106 - - [08/Nov/2024:09:39:31 +0100] "GET /files/cegbejegyzesi_eljaras_21_per_2006__02_12_fin.doc HTTP/1.1" 200 54272 "-" "Mozilla/5.0 (Windows NT 10.0; WOW64; Trident/7.0; rv:11.0) like Gecko"
216.244.66.200 - - [08/Nov/2024:09:54:48 +0100] "GET /files/NFGM_8810.pdf HTTP/1.1" 200 764138 "-" "Mozilla/5.0 (compatible; DotBot/1.2; +https://opensiteexplorer.org/dotbot; help@moz.com)"
216.244.66.200 - - [08/Nov/2024:09:55:18 +0100] "GET /files/TK86_2.doc HTTP/1.1" 200 513400 "-" "Mozilla/5.0 (compatible; DotBot/1.2; +https://opensiteexplorer.org/dotbot; help@moz.com)"
216.244.66.200 - - [08/Nov/2024:09:55:58 +0100] "GET /files/energia.pdf HTTP/1.1" 200 656986 "-" "Mozilla/5.0 (compatible; DotBot/1.2; +https://opensiteexplorer.org/dotbot; help@moz.com)"
66.249.66.85 - - [08/Nov/2024:09:56:33 +0100] "GET /files/buntetojogimodos-1.doc HTTP/1.1" 200 110592 "-" "Mozilla/5.0 (Linux; Android 6.0.1; Nexus 5X Build/MMB29P) AppleWebKit/537.36 (KHTML, like Gecko) Chrome/130.0.6723.69 Mobile Safari/537.36 (compatible; Googlebot/2.1; +http://www.google.com/bot.html)"
89.58.41.156 - - [08/Nov/2024:09:56:34 +0100] "GET /comment/reply/2619/ HTTP/1.0" 200 - "http://jogalkotas.hu/comment/reply/2619/" "Mozilla/5.0 (Windows NT 6.1; Win64; x64) AppleWebKit/537.36 (KHTML, like Gecko) Chrome/103.0.5060.66 Safari/537.36"
185.220.101.31 - - [08/Nov/2024:09:57:06 +0100] "GET /comment/reply/2619/ HTTP/1.0" 200 - "http://jogalkotas.hu/comment/reply/2619/" "Mozilla/5.0 (Windows NT 6.1; Win64; x64) AppleWebKit/537.36 (KHTML, like Gecko) Chrome/103.0.5060.66 Safari/537.36"
185.220.101.6 - - [08/Nov/2024:09:57:40 +0100] "GET /comment/reply/2619/ HTTP/1.0" 200 - "http://jogalkotas.hu/comment/reply/2619/" "Mozilla/5.0 (Windows NT 6.1; Win64; x64) AppleWebKit/537.36 (KHTML, like Gecko) Chrome/103.0.5060.66 Safari/537.36"
192.42.116.214 - - [08/Nov/2024:09:58:12 +0100] "GET /comment/reply/2619/ HTTP/1.0" 200 - "http://jogalkotas.hu/comment/reply/2619/" "Mozilla/5.0 (Windows NT 6.1; Win64; x64) AppleWebKit/537.36 (KHTML, like Gecko) Chrome/103.0.5060.66 Safari/537.36"
192.42.116.214 - - [08/Nov/2024:09:58:44 +0100] "GET / HTTP/1.0" 200 - "http://jogalkotas.hu/" "Mozilla/5.0 (Windows NT 6.1; Win64; x64) AppleWebKit/537.36 (KHTML, like Gecko) Chrome/103.0.5060.66 Safari/537.36"
52.167.144.136 - - [08/Nov/2024:10:28:20 +0100] "GET /files/szocialis_intezmenyek.pdf HTTP/1.1" 200 355814 "-" "Mozilla/5.0 AppleWebKit/537.36 (KHTML, like Gecko; compatible; bingbot/2.0; +http://www.bing.com/bingbot.htm) Chrome/116.0.1938.76 Safari/537.36"
94.44.107.180 - - [08/Nov/2024:10:49:22 +0100] "GET /files/tk19.pdf HTTP/1.1" 206 16384 "https://www.google.com/" "Mozilla/5.0 (Macintosh; Intel Mac OS X 10_15_7) AppleWebKit/605.1.15 (KHTML, like Gecko) Version/17.6 Safari/605.1.15"
94.44.107.180 - - [08/Nov/2024:10:49:22 +0100] "GET /files/tk19.pdf HTTP/1.1" 206 1023 "https://www.google.com/" "Mozilla/5.0 (Macintosh; Intel Mac OS X 10_15_7) AppleWebKit/605.1.15 (KHTML, like Gecko) Version/17.6 Safari/605.1.15"
94.44.107.180 - - [08/Nov/2024:10:49:22 +0100] "GET /files/tk19.pdf HTTP/1.1" 416 0 "https://www.google.com/" "Mozilla/5.0 (Macintosh; Intel Mac OS X 10_15_7) AppleWebKit/605.1.15 (KHTML, like Gecko) Version/17.6 Safari/605.1.15"
94.44.107.180 - - [08/Nov/2024:10:49:22 +0100] "GET /files/tk19.pdf HTTP/1.1" 200 194017 "https://www.google.com/" "Mozilla/5.0 (Macintosh; Intel Mac OS X 10_15_7) AppleWebKit/605.1.15 (KHTML, like Gecko) Version/17.6 Safari/605.1.15"
94.44.107.180 - - [08/Nov/2024:10:49:22 +0100] "GET /files/tk19.pdf HTTP/1.1" 206 1098 "https://www.google.com/" "Mozilla/5.0 (Macintosh; Intel Mac OS X 10_15_7) AppleWebKit/605.1.15 (KHTML, like Gecko) Version/17.6 Safari/605.1.15"
94.44.107.180 - - [08/Nov/2024:10:49:22 +0100] "GET /files/tk19.pdf HTTP/1.1" 206 4830 "https://www.google.com/" "Mozilla/5.0 (Macintosh; Intel Mac OS X 10_15_7) AppleWebKit/605.1.15 (KHTML, like Gecko) Version/17.6 Safari/605.1.15"
94.44.107.180 - - [08/Nov/2024:10:49:22 +0100] "GET /favicon.ico HTTP/1.1" 404 57 "http://www.jogalkotas.hu/files/tk19.pdf" "Mozilla/5.0 (Macintosh; Intel Mac OS X 10_15_7) AppleWebKit/605.1.15 (KHTML, like Gecko) Version/17.6 Safari/605.1.15"
66.249.66.86 - - [08/Nov/2024:10:50:37 +0100] "GET /files/mentes_gyogyszerrendeles_min_rend_terv_0909011.doc HTTP/1.1" 200 388096 "-" "Mozilla/5.0 (Linux; Android 6.0.1; Nexus 5X Build/MMB29P) AppleWebKit/537.36 (KHTML, like Gecko) Chrome/130.0.6723.69 Mobile Safari/537.36 (compatible; Googlebot/2.1; +http://www.google.com/bot.html)"
94.44.107.180 - - [08/Nov/2024:10:51:31 +0100] "GET /files/telepules_dok.pdf HTTP/1.1" 206 16384 "https://www.google.com/" "Mozilla/5.0 (Macintosh; Intel Mac OS X 10_15_7) AppleWebKit/605.1.15 (KHTML, like Gecko) Version/17.6 Safari/605.1.15"
94.44.107.180 - - [08/Nov/2024:10:51:31 +0100] "GET /files/telepules_dok.pdf HTTP/1.1" 206 1023 "https://www.google.com/" "Mozilla/5.0 (Macintosh; Intel Mac OS X 10_15_7) AppleWebKit/605.1.15 (KHTML, like Gecko) Version/17.6 Safari/605.1.15"
94.44.107.180 - - [08/Nov/2024:10:51:31 +0100] "GET /files/telepules_dok.pdf HTTP/1.1" 416 0 "https://www.google.com/" "Mozilla/5.0 (Macintosh; Intel Mac OS X 10_15_7) AppleWebKit/605.1.15 (KHTML, like Gecko) Version/17.6 Safari/605.1.15"
94.44.107.180 - - [08/Nov/2024:10:51:31 +0100] "GET /files/telepules_dok.pdf HTTP/1.1" 206 2540 "https://www.google.com/" "Mozilla/5.0 (Macintosh; Intel Mac OS X 10_15_7) AppleWebKit/605.1.15 (KHTML, like Gecko) Version/17.6 Safari/605.1.15"
94.44.107.180 - - [08/Nov/2024:10:51:31 +0100] "GET /files/telepules_dok.pdf HTTP/1.1" 206 6577 "https://www.google.com/" "Mozilla/5.0 (Macintosh; Intel Mac OS X 10_15_7) AppleWebKit/605.1.15 (KHTML, like Gecko) Version/17.6 Safari/605.1.15"
94.44.107.180 - - [08/Nov/2024:10:51:31 +0100] "GET /files/telepules_dok.pdf HTTP/1.1" 200 390907 "https://www.google.com/" "Mozilla/5.0 (Macintosh; Intel Mac OS X 10_15_7) AppleWebKit/605.1.15 (KHTML, like Gecko) Version/17.6 Safari/605.1.15"
94.44.107.180 - - [08/Nov/2024:10:51:31 +0100] "GET /files/telepules_dok.pdf HTTP/1.1" 206 140853 "https://www.google.com/" "Mozilla/5.0 (Macintosh; Intel Mac OS X 10_15_7) AppleWebKit/605.1.15 (KHTML, like Gecko) Version/17.6 Safari/605.1.15"
66.249.66.87 - - [08/Nov/2024:10:58:38 +0100] "GET /files/meghagyas_kormrend_tervezet.doc HTTP/1.1" 200 126976 "-" "Mozilla/5.0 (Linux; Android 6.0.1; Nexus 5X Build/MMB29P) AppleWebKit/537.36 (KHTML, like Gecko) Chrome/130.0.6723.69 Mobile Safari/537.36 (compatible; Googlebot/2.1; +http://www.google.com/bot.html)"
66.249.66.85 - - [08/Nov/2024:11:02:42 +0100] "GET /files/18240_9.pdf HTTP/1.1" 200 362288 "-" "Mozilla/5.0 (Linux; Android 6.0.1; Nexus 5X Build/MMB29P) AppleWebKit/537.36 (KHTML, like Gecko) Chrome/130.0.6723.69 Mobile Safari/537.36 (compatible; Googlebot/2.1; +http://www.google.com/bot.html)"
66.249.66.87 - - [08/Nov/2024:11:02:43 +0100] "GET /files/0306_T_rc_ra__ti_csiga.doc HTTP/1.1" 200 150016 "-" "Mozilla/5.0 (Linux; Android 6.0.1; Nexus 5X Build/MMB29P) AppleWebKit/537.36 (KHTML, like Gecko) Chrome/130.0.6723.69 Mobile Safari/537.36 (compatible; Googlebot/2.1; +http://www.google.com/bot.html)"
66.249.66.85 - - [08/Nov/2024:11:17:05 +0100] "GET /files/fontos_es_bizalmas_munkakorok_060913.pdf HTTP/1.1" 304 - "-" "Mozilla/5.0 (Linux; Android 6.0.1; Nexus 5X Build/MMB29P) AppleWebKit/537.36 (KHTML, like Gecko) Chrome/130.0.6723.116 Mobile Safari/537.36 (compatible; Googlebot/2.1; +http://www.google.com/bot.html)"
