216.244.66.200 - - [11/Nov/2024:04:41:44 +0100] "GET /files/utravalo_terv_080403.pdf HTTP/1.1" 200 243893 "-" "Mozilla/5.0 (compatible; DotBot/1.2; +https://opensiteexplorer.org/dotbot; help@moz.com)"
216.244.66.200 - - [11/Nov/2024:04:42:09 +0100] "GET /files/2007_bgok_vedelem_aloli_feloldasa_tervezet.pdf HTTP/1.1" 200 153599 "-" "Mozilla/5.0 (compatible; DotBot/1.2; +https://opensiteexplorer.org/dotbot; help@moz.com)"
216.244.66.200 - - [11/Nov/2024:04:42:33 +0100] "GET /files/Aarhus-modositas_kozigre_20080225.pdf HTTP/1.1" 200 270159 "-" "Mozilla/5.0 (compatible; DotBot/1.2; +https://opensiteexplorer.org/dotbot; help@moz.com)"
216.244.66.200 - - [11/Nov/2024:04:42:56 +0100] "GET /files/ag_hum_mon_szab_min_rend_terv_090720.doc HTTP/1.1" 200 70144 "-" "Mozilla/5.0 (compatible; DotBot/1.2; +https://opensiteexplorer.org/dotbot; help@moz.com)"
66.249.72.66 - - [11/Nov/2024:05:01:28 +0100] "GET /files/Nemzetkozi_szerzodesekkel_kapcsolatos_eljarasrol_szolo_2005.evi_L.torveny_modositasarol.pdf HTTP/1.1" 304 - "-" "Mozilla/5.0 (Linux; Android 6.0.1; Nexus 5X Build/MMB29P) AppleWebKit/537.36 (KHTML, like Gecko) Chrome/130.0.6723.69 Mobile Safari/537.36 (compatible; Googlebot/2.1; +http://www.google.com/bot.html)"
3.101.36.120 - - [11/Nov/2024:05:01:44 +0100] "GET / HTTP/1.1" 200 - "-" "bitdiscovery-suggestions"
216.244.66.200 - - [11/Nov/2024:05:10:25 +0100] "GET /robots.txt HTTP/1.1" 200 1590 "-" "Mozilla/5.0 (compatible; DotBot/1.2; +https://opensiteexplorer.org/dotbot; help@moz.com)"
216.244.66.200 - - [11/Nov/2024:05:10:25 +0100] "GET /robots.txt HTTP/1.1" 200 1590 "-" "Mozilla/5.0 (compatible; DotBot/1.2; +https://opensiteexplorer.org/dotbot; help@moz.com)"
3.101.36.120 - - [11/Nov/2024:05:13:44 +0100] "GET / HTTP/1.1" 200 - "-" "bitdiscovery-suggestions"
216.244.66.200 - - [11/Nov/2024:05:24:06 +0100] "GET /files/im_rendelet_az_ek_rendelet.pdf HTTP/1.1" 200 78445 "-" "Mozilla/5.0 (compatible; DotBot/1.2; +https://opensiteexplorer.org/dotbot; help@moz.com)"
216.244.66.200 - - [11/Nov/2024:05:24:39 +0100] "GET /files/okm_alapitvanyok_terv_mell_080620.pdf HTTP/1.1" 200 70704 "-" "Mozilla/5.0 (compatible; DotBot/1.2; +https://opensiteexplorer.org/dotbot; help@moz.com)"
216.244.66.200 - - [11/Nov/2024:05:25:13 +0100] "GET /files/szlovak_hatar_rendelet.tervezet_090928.doc HTTP/1.1" 200 102400 "-" "Mozilla/5.0 (compatible; DotBot/1.2; +https://opensiteexplorer.org/dotbot; help@moz.com)"
216.244.66.200 - - [11/Nov/2024:05:26:41 +0100] "GET /files/k%C3%83%C2%B6zforgalm%C3%83%C2%BA%20patika%20t%C3%83%C2%A1rc%C3%83%C2%A1ra.doc HTTP/1.1" 200 - "-" "Mozilla/5.0 (compatible; DotBot/1.2; +https://opensiteexplorer.org/dotbot; help@moz.com)"
52.167.144.206 - - [11/Nov/2024:05:31:59 +0100] "GET /files/utazasi_uj_korm_rend__0805.pdf HTTP/1.1" 304 - "-" "Mozilla/5.0 AppleWebKit/537.36 (KHTML, like Gecko; compatible; bingbot/2.0; +http://www.bing.com/bingbot.htm) Chrome/116.0.1938.76 Safari/537.36"
216.244.66.200 - - [11/Nov/2024:05:34:52 +0100] "GET /files/begyka_terv_070716-2.pdf HTTP/1.1" 200 311216 "-" "Mozilla/5.0 (compatible; DotBot/1.2; +https://opensiteexplorer.org/dotbot; help@moz.com)"
216.244.66.200 - - [11/Nov/2024:05:35:24 +0100] "GET /files/fejezeti_terv_091112.pdf HTTP/1.1" 200 191049 "-" "Mozilla/5.0 (compatible; DotBot/1.2; +https://opensiteexplorer.org/dotbot; help@moz.com)"
66.249.75.131 - - [11/Nov/2024:05:56:07 +0100] "GET /files/szallashely_kormr_terv_090804.pdf HTTP/1.1" 304 - "-" "Mozilla/5.0 (Linux; Android 6.0.1; Nexus 5X Build/MMB29P) AppleWebKit/537.36 (KHTML, like Gecko) Chrome/130.0.6723.69 Mobile Safari/537.36 (compatible; Googlebot/2.1; +http://www.google.com/bot.html)"
216.244.66.200 - - [11/Nov/2024:05:57:39 +0100] "GET /robots.txt HTTP/1.1" 200 1590 "-" "Mozilla/5.0 (compatible; DotBot/1.2; +https://opensiteexplorer.org/dotbot; help@moz.com)"
216.244.66.200 - - [11/Nov/2024:05:57:39 +0100] "GET /robots.txt HTTP/1.1" 200 1590 "-" "Mozilla/5.0 (compatible; DotBot/1.2; +https://opensiteexplorer.org/dotbot; help@moz.com)"
66.249.72.66 - - [11/Nov/2024:06:03:08 +0100] "GET /files/51995[1].pdf HTTP/1.1" 304 - "-" "Mozilla/5.0 (Linux; Android 6.0.1; Nexus 5X Build/MMB29P) AppleWebKit/537.36 (KHTML, like Gecko) Chrome/130.0.6723.69 Mobile Safari/537.36 (compatible; Googlebot/2.1; +http://www.google.com/bot.html)"
216.244.66.200 - - [11/Nov/2024:06:08:38 +0100] "GET /taxonomy/term/21?page=82 HTTP/1.1" 200 - "-" "Mozilla/5.0 (compatible; DotBot/1.2; +https://opensiteexplorer.org/dotbot; help@moz.com)"
216.244.66.200 - - [11/Nov/2024:06:08:49 +0100] "GET /files/0302_28_as_miniszteri_07_02_27.doc HTTP/1.1" 200 250880 "-" "Mozilla/5.0 (compatible; DotBot/1.2; +https://opensiteexplorer.org/dotbot; help@moz.com)"
47.128.31.101 - - [11/Nov/2024:06:09:01 +0100] "GET /drupal/node/26 HTTP/1.1" 200 - "-" "Mozilla/5.0 (Linux; Android 5.0) AppleWebKit/537.36 (KHTML, like Gecko) Mobile Safari/537.36 (compatible; Bytespider; spider-feedback@bytedance.com)"
216.244.66.200 - - [11/Nov/2024:06:09:41 +0100] "GET /files/0817_Mell_kletek_bioszf_ra.zip HTTP/1.1" 200 316706 "-" "Mozilla/5.0 (compatible; DotBot/1.2; +https://opensiteexplorer.org/dotbot; help@moz.com)"
216.244.66.200 - - [11/Nov/2024:06:10:31 +0100] "GET /files/100_1997_mod_eloterj_terv_090904.pdf HTTP/1.1" 200 411342 "-" "Mozilla/5.0 (compatible; DotBot/1.2; +https://opensiteexplorer.org/dotbot; help@moz.com)"
216.244.66.200 - - [11/Nov/2024:06:11:09 +0100] "GET /files/13_2004_om_rend_mod_070220.pdf HTTP/1.1" 200 335815 "-" "Mozilla/5.0 (compatible; DotBot/1.2; +https://opensiteexplorer.org/dotbot; help@moz.com)"
216.244.66.200 - - [11/Nov/2024:06:12:02 +0100] "GET /files/14per2007_eum_rend_mod_081201.doc HTTP/1.1" 200 581687 "-" "Mozilla/5.0 (compatible; DotBot/1.2; +https://opensiteexplorer.org/dotbot; help@moz.com)"
91.33.174.132 - - [11/Nov/2024:06:12:27 +0100] "GET /files/szakertoidijazas.doc HTTP/1.1" 200 59392 "-" "Mozilla/5.0 (Windows NT 10.0; Win64; x64; rv:65.0) Gecko/20100101 Firefox/65.0"
216.244.66.200 - - [11/Nov/2024:06:12:32 +0100] "GET /files/44-2004-rendelet-modositas-tervezet.doc HTTP/1.1" 200 24576 "-" "Mozilla/5.0 (compatible; DotBot/1.2; +https://opensiteexplorer.org/dotbot; help@moz.com)"
47.128.117.181 - - [11/Nov/2024:06:13:01 +0100] "GET /drupal/ HTTP/1.1" 200 - "-" "Mozilla/5.0 (Linux; Android 5.0) AppleWebKit/537.36 (KHTML, like Gecko) Mobile Safari/537.36 (compatible; Bytespider; spider-feedback@bytedance.com)"
216.244.66.200 - - [11/Nov/2024:06:13:34 +0100] "GET /files/FEJEZETI%20K%C3%83%E2%80%93TETEK.htm.txt HTTP/1.1" 200 - "-" "Mozilla/5.0 (compatible; DotBot/1.2; +https://opensiteexplorer.org/dotbot; help@moz.com)"
216.244.66.200 - - [11/Nov/2024:06:13:56 +0100] "GET /files/_3eg3fmuj5edin8pbbepknksr7k1m62t31_.pdf HTTP/1.1" 200 146356 "-" "Mozilla/5.0 (compatible; DotBot/1.2; +https://opensiteexplorer.org/dotbot; help@moz.com)"
216.244.66.200 - - [11/Nov/2024:06:14:28 +0100] "GET /files/drogback_eloterj_2_vezetoi_061129.pdf HTTP/1.1" 200 155455 "-" "Mozilla/5.0 (compatible; DotBot/1.2; +https://opensiteexplorer.org/dotbot; help@moz.com)"
66.249.72.65 - - [11/Nov/2024:06:15:23 +0100] "GET /files/korrel-2005-2073-mikrob.doc HTTP/1.1" 304 - "-" "Mozilla/5.0 (Linux; Android 6.0.1; Nexus 5X Build/MMB29P) AppleWebKit/537.36 (KHTML, like Gecko) Chrome/130.0.6723.69 Mobile Safari/537.36 (compatible; Googlebot/2.1; +http://www.google.com/bot.html)"
216.244.66.200 - - [11/Nov/2024:06:15:28 +0100] "GET /files/el%C3%85%E2%80%98terjeszt%C3%83%C2%A9s.doc HTTP/1.1" 200 - "-" "Mozilla/5.0 (compatible; DotBot/1.2; +https://opensiteexplorer.org/dotbot; help@moz.com)"
216.244.66.200 - - [11/Nov/2024:06:15:49 +0100] "GET /files/euszov_honlaponkozzetett.pdf HTTP/1.1" 200 192797 "-" "Mozilla/5.0 (compatible; DotBot/1.2; +https://opensiteexplorer.org/dotbot; help@moz.com)"
216.244.66.200 - - [11/Nov/2024:06:16:19 +0100] "GET /files/fejezet_2010_felh_100312.doc HTTP/1.1" 200 111616 "-" "Mozilla/5.0 (compatible; DotBot/1.2; +https://opensiteexplorer.org/dotbot; help@moz.com)"
47.128.31.132 - - [11/Nov/2024:06:17:01 +0100] "GET /drupal/node/1274 HTTP/1.1" 200 - "-" "Mozilla/5.0 (Linux; Android 5.0) AppleWebKit/537.36 (KHTML, like Gecko) Mobile Safari/537.36 (compatible; Bytespider; spider-feedback@bytedance.com)"
216.244.66.200 - - [11/Nov/2024:06:17:06 +0100] "GET /files/karbantart___szem__lyzet_szakmaira.doc HTTP/1.1" 200 1932288 "-" "Mozilla/5.0 (compatible; DotBot/1.2; +https://opensiteexplorer.org/dotbot; help@moz.com)"
216.244.66.200 - - [11/Nov/2024:06:17:40 +0100] "GET /files/magyar-szloven_bunuldozo_szervek.doc HTTP/1.1" 200 284672 "-" "Mozilla/5.0 (compatible; DotBot/1.2; +https://opensiteexplorer.org/dotbot; help@moz.com)"
216.244.66.200 - - [11/Nov/2024:06:18:12 +0100] "GET /files/rendelet_veszettseg_velemenyezesre.pdf HTTP/1.1" 200 189850 "-" "Mozilla/5.0 (compatible; DotBot/1.2; +https://opensiteexplorer.org/dotbot; help@moz.com)"
216.244.66.200 - - [11/Nov/2024:06:18:42 +0100] "GET /files/tervezet_kozig_debreceni_nagyerdo.pdf HTTP/1.1" 200 123903 "-" "Mozilla/5.0 (compatible; DotBot/1.2; +https://opensiteexplorer.org/dotbot; help@moz.com)"
216.244.66.200 - - [11/Nov/2024:06:19:10 +0100] "GET /files/a_min_es_hatekony_gyogyszerrend_szab_min_rend_terv_090302.doc HTTP/1.1" 200 40448 "-" "Mozilla/5.0 (compatible; DotBot/1.2; +https://opensiteexplorer.org/dotbot; help@moz.com)"
216.244.66.200 - - [11/Nov/2024:06:20:09 +0100] "GET /files/19-2003-normasz%C3%83%C2%B6veg%20%C3%83%C2%A9s%20indokol%C3%83%C2%A1s.doc HTTP/1.1" 200 - "-" "Mozilla/5.0 (compatible; DotBot/1.2; +https://opensiteexplorer.org/dotbot; help@moz.com)"
216.244.66.200 - - [11/Nov/2024:06:20:29 +0100] "GET /files/6125_2_.pdf HTTP/1.1" 200 225114 "-" "Mozilla/5.0 (compatible; DotBot/1.2; +https://opensiteexplorer.org/dotbot; help@moz.com)"
216.244.66.200 - - [11/Nov/2024:06:20:59 +0100] "GET /files/TK119.doc HTTP/1.1" 200 67584 "-" "Mozilla/5.0 (compatible; DotBot/1.2; +https://opensiteexplorer.org/dotbot; help@moz.com)"
47.128.63.244 - - [11/Nov/2024:06:21:01 +0100] "GET /drupal/node/481 HTTP/1.1" 200 - "-" "Mozilla/5.0 (Linux; Android 5.0) AppleWebKit/537.36 (KHTML, like Gecko) Mobile Safari/537.36 (compatible; Bytespider; spider-feedback@bytedance.com)"
216.244.66.200 - - [11/Nov/2024:06:21:29 +0100] "GET /files/TK74.doc HTTP/1.1" 200 79872 "-" "Mozilla/5.0 (compatible; DotBot/1.2; +https://opensiteexplorer.org/dotbot; help@moz.com)"
216.244.66.200 - - [11/Nov/2024:06:21:57 +0100] "GET /files/eszabsert.doc HTTP/1.1" 200 120832 "-" "Mozilla/5.0 (compatible; DotBot/1.2; +https://opensiteexplorer.org/dotbot; help@moz.com)"
216.244.66.200 - - [11/Nov/2024:06:22:27 +0100] "GET /files/fitness.pdf HTTP/1.1" 200 608967 "-" "Mozilla/5.0 (compatible; DotBot/1.2; +https://opensiteexplorer.org/dotbot; help@moz.com)"
216.244.66.200 - - [11/Nov/2024:06:22:53 +0100] "GET /files/2007Ramsar-tervezet2007.10.pdf HTTP/1.1" 200 152691 "-" "Mozilla/5.0 (compatible; DotBot/1.2; +https://opensiteexplorer.org/dotbot; help@moz.com)"
216.244.66.200 - - [11/Nov/2024:06:23:21 +0100] "GET /files/4per2008_min_rend_mod_100226.doc HTTP/1.1" 200 125952 "-" "Mozilla/5.0 (compatible; DotBot/1.2; +https://opensiteexplorer.org/dotbot; help@moz.com)"
216.244.66.200 - - [11/Nov/2024:06:23:49 +0100] "GET /files/91_2003_mod_velemenyezesre.pdf HTTP/1.1" 200 139824 "-" "Mozilla/5.0 (compatible; DotBot/1.2; +https://opensiteexplorer.org/dotbot; help@moz.com)"
216.244.66.200 - - [11/Nov/2024:06:24:21 +0100] "GET /files/IRM_kjolevelta_-kozig_09.11m.doc HTTP/1.1" 200 320512 "-" "Mozilla/5.0 (compatible; DotBot/1.2; +https://opensiteexplorer.org/dotbot; help@moz.com)"
216.244.66.200 - - [11/Nov/2024:06:24:53 +0100] "GET /files/KHEM_8297norma.doc HTTP/1.1" 200 44544 "-" "Mozilla/5.0 (compatible; DotBot/1.2; +https://opensiteexplorer.org/dotbot; help@moz.com)"
216.244.66.200 - - [11/Nov/2024:06:25:31 +0100] "GET /files/eizlandnorveg.doc HTTP/1.1" 200 262144 "-" "Mozilla/5.0 (compatible; DotBot/1.2; +https://opensiteexplorer.org/dotbot; help@moz.com)"
216.244.66.200 - - [11/Nov/2024:06:26:18 +0100] "GET /files/0106_Nemzeti_ETAP_k_zigre.v_gleges.doc HTTP/1.1" 200 270336 "-" "Mozilla/5.0 (compatible; DotBot/1.2; +https://opensiteexplorer.org/dotbot; help@moz.com)"
47.128.53.239 - - [11/Nov/2024:06:29:01 +0100] "GET /drupal/node/386 HTTP/1.1" 200 - "-" "Mozilla/5.0 (Linux; Android 5.0) AppleWebKit/537.36 (KHTML, like Gecko) Mobile Safari/537.36 (compatible; Bytespider; spider-feedback@bytedance.com)"
47.128.115.209 - - [11/Nov/2024:06:33:01 +0100] "GET /drupal/node/383 HTTP/1.1" 200 - "-" "Mozilla/5.0 (Linux; Android 5.0) AppleWebKit/537.36 (KHTML, like Gecko) Mobile Safari/537.36 (compatible; Bytespider; spider-feedback@bytedance.com)"
66.249.72.65 - - [11/Nov/2024:06:36:31 +0100] "GET /files/155244.pdf HTTP/1.1" 304 - "-" "Mozilla/5.0 (Linux; Android 6.0.1; Nexus 5X Build/MMB29P) AppleWebKit/537.36 (KHTML, like Gecko) Chrome/130.0.6723.69 Mobile Safari/537.36 (compatible; Googlebot/2.1; +http://www.google.com/bot.html)"
47.128.25.38 - - [11/Nov/2024:06:37:01 +0100] "GET /drupal/node/1273 HTTP/1.1" 200 - "-" "Mozilla/5.0 (Linux; Android 5.0) AppleWebKit/537.36 (KHTML, like Gecko) Mobile Safari/537.36 (compatible; Bytespider; spider-feedback@bytedance.com)"
47.128.31.13 - - [11/Nov/2024:06:41:01 +0100] "GET /drupal/node/27 HTTP/1.1" 200 - "-" "Mozilla/5.0 (Linux; Android 5.0) AppleWebKit/537.36 (KHTML, like Gecko) Mobile Safari/537.36 (compatible; Bytespider; spider-feedback@bytedance.com)"
47.128.20.136 - - [11/Nov/2024:06:45:01 +0100] "GET /drupal/node/384 HTTP/1.1" 200 - "-" "Mozilla/5.0 (Linux; Android 5.0) AppleWebKit/537.36 (KHTML, like Gecko) Mobile Safari/537.36 (compatible; Bytespider; spider-feedback@bytedance.com)"
216.244.66.200 - - [11/Nov/2024:06:47:00 +0100] "GET /robots.txt HTTP/1.1" 200 1590 "-" "Mozilla/5.0 (compatible; DotBot/1.2; +https://opensiteexplorer.org/dotbot; help@moz.com)"
216.244.66.200 - - [11/Nov/2024:06:47:00 +0100] "GET /robots.txt HTTP/1.1" 200 1590 "-" "Mozilla/5.0 (compatible; DotBot/1.2; +https://opensiteexplorer.org/dotbot; help@moz.com)"
47.128.113.115 - - [11/Nov/2024:06:49:01 +0100] "GET /drupal/node/385 HTTP/1.1" 200 - "-" "Mozilla/5.0 (Linux; Android 5.0) AppleWebKit/537.36 (KHTML, like Gecko) Mobile Safari/537.36 (compatible; Bytespider; spider-feedback@bytedance.com)"
66.249.72.67 - - [11/Nov/2024:06:55:10 +0100] "GET /files/Szamos-Krasznakozi_szakmapol%202010_01_25_KOZIG.pdf HTTP/1.1" 304 - "-" "Mozilla/5.0 (Linux; Android 6.0.1; Nexus 5X Build/MMB29P) AppleWebKit/537.36 (KHTML, like Gecko) Chrome/130.0.6723.69 Mobile Safari/537.36 (compatible; Googlebot/2.1; +http://www.google.com/bot.html)"
216.244.66.200 - - [11/Nov/2024:07:01:19 +0100] "GET /files/3443.pdf HTTP/1.1" 200 186463 "-" "Mozilla/5.0 (compatible; DotBot/1.2; +https://opensiteexplorer.org/dotbot; help@moz.com)"
216.244.66.200 - - [11/Nov/2024:07:01:51 +0100] "GET /files/7978.pdf HTTP/1.1" 200 183320 "-" "Mozilla/5.0 (compatible; DotBot/1.2; +https://opensiteexplorer.org/dotbot; help@moz.com)"
216.244.66.200 - - [11/Nov/2024:07:02:20 +0100] "GET /files/KHEM161.doc HTTP/1.1" 200 81408 "-" "Mozilla/5.0 (compatible; DotBot/1.2; +https://opensiteexplorer.org/dotbot; help@moz.com)"
216.244.66.200 - - [11/Nov/2024:07:02:49 +0100] "GET /files/NFGM4934.pdf HTTP/1.1" 200 161946 "-" "Mozilla/5.0 (compatible; DotBot/1.2; +https://opensiteexplorer.org/dotbot; help@moz.com)"
216.244.66.200 - - [11/Nov/2024:07:03:18 +0100] "GET /files/NFGM_1538.pdf HTTP/1.1" 200 474412 "-" "Mozilla/5.0 (compatible; DotBot/1.2; +https://opensiteexplorer.org/dotbot; help@moz.com)"
216.244.66.200 - - [11/Nov/2024:07:03:44 +0100] "GET /files/R268.doc HTTP/1.1" 200 129024 "-" "Mozilla/5.0 (compatible; DotBot/1.2; +https://opensiteexplorer.org/dotbot; help@moz.com)"
216.244.66.200 - - [11/Nov/2024:07:04:08 +0100] "GET /files/R2782.pdf HTTP/1.1" 200 143069 "-" "Mozilla/5.0 (compatible; DotBot/1.2; +https://opensiteexplorer.org/dotbot; help@moz.com)"
216.244.66.200 - - [11/Nov/2024:07:04:31 +0100] "GET /files/284per1997korm_rend_mod.doc HTTP/1.1" 200 35328 "-" "Mozilla/5.0 (compatible; DotBot/1.2; +https://opensiteexplorer.org/dotbot; help@moz.com)"
216.244.66.200 - - [11/Nov/2024:07:04:53 +0100] "GET /files/331-2005-tervezet.doc HTTP/1.1" 200 72704 "-" "Mozilla/5.0 (compatible; DotBot/1.2; +https://opensiteexplorer.org/dotbot; help@moz.com)"
216.244.66.200 - - [11/Nov/2024:07:05:16 +0100] "GET /files/KHEM_284_3_norma.doc HTTP/1.1" 200 261632 "-" "Mozilla/5.0 (compatible; DotBot/1.2; +https://opensiteexplorer.org/dotbot; help@moz.com)"
216.244.66.200 - - [11/Nov/2024:07:05:40 +0100] "GET /files/KHEM_5310_9_norma.doc HTTP/1.1" 200 718848 "-" "Mozilla/5.0 (compatible; DotBot/1.2; +https://opensiteexplorer.org/dotbot; help@moz.com)"
216.244.66.200 - - [11/Nov/2024:07:06:01 +0100] "GET /files/csombardi_tervezet.pdf HTTP/1.1" 200 202356 "-" "Mozilla/5.0 (compatible; DotBot/1.2; +https://opensiteexplorer.org/dotbot; help@moz.com)"
216.244.66.200 - - [11/Nov/2024:07:06:19 +0100] "GET /files/epolgarokszemelyiadatai.doc HTTP/1.1" 200 125440 "-" "Mozilla/5.0 (compatible; DotBot/1.2; +https://opensiteexplorer.org/dotbot; help@moz.com)"
216.244.66.200 - - [11/Nov/2024:07:06:37 +0100] "GET /files/fejezeti_terv_091112.pdf HTTP/1.1" 200 191049 "-" "Mozilla/5.0 (compatible; DotBot/1.2; +https://opensiteexplorer.org/dotbot; help@moz.com)"
216.244.66.200 - - [11/Nov/2024:07:06:54 +0100] "GET /files/hjt_2008_tervezet.pdf HTTP/1.1" 200 182668 "-" "Mozilla/5.0 (compatible; DotBot/1.2; +https://opensiteexplorer.org/dotbot; help@moz.com)"
216.244.66.200 - - [11/Nov/2024:07:07:09 +0100] "GET /files/kemiai_terh_korm_rend.doc HTTP/1.1" 200 61440 "-" "Mozilla/5.0 (compatible; DotBot/1.2; +https://opensiteexplorer.org/dotbot; help@moz.com)"
216.244.66.200 - - [11/Nov/2024:07:07:23 +0100] "GET /files/rendelet_2007-12-05.pdf HTTP/1.1" 200 48480 "-" "Mozilla/5.0 (compatible; DotBot/1.2; +https://opensiteexplorer.org/dotbot; help@moz.com)"
216.244.66.200 - - [11/Nov/2024:07:07:40 +0100] "GET /files/szmr_eloterj_061204.pdf HTTP/1.1" 200 885273 "-" "Mozilla/5.0 (compatible; DotBot/1.2; +https://opensiteexplorer.org/dotbot; help@moz.com)"
216.244.66.200 - - [11/Nov/2024:07:07:55 +0100] "GET /files/tervezet_haros.pdf HTTP/1.1" 200 194708 "-" "Mozilla/5.0 (compatible; DotBot/1.2; +https://opensiteexplorer.org/dotbot; help@moz.com)"
216.244.66.200 - - [11/Nov/2024:07:08:09 +0100] "GET /files/tervezethonlapra.doc HTTP/1.1" 200 92672 "-" "Mozilla/5.0 (compatible; DotBot/1.2; +https://opensiteexplorer.org/dotbot; help@moz.com)"
216.244.66.200 - - [11/Nov/2024:07:08:22 +0100] "GET /files/2006.%20I.%20IM%20munkaterv.doc HTTP/1.1" 200 115200 "-" "Mozilla/5.0 (compatible; DotBot/1.2; +https://opensiteexplorer.org/dotbot; help@moz.com)"
216.244.66.200 - - [11/Nov/2024:07:08:34 +0100] "GET /files/4per2000_Eu_min_rend_mod.doc HTTP/1.1" 200 37888 "-" "Mozilla/5.0 (compatible; DotBot/1.2; +https://opensiteexplorer.org/dotbot; help@moz.com)"
216.244.66.200 - - [11/Nov/2024:07:08:45 +0100] "GET /files/4per2008_min_rend_mod_100226.doc HTTP/1.1" 200 125952 "-" "Mozilla/5.0 (compatible; DotBot/1.2; +https://opensiteexplorer.org/dotbot; help@moz.com)"
216.244.66.200 - - [11/Nov/2024:07:08:57 +0100] "GET /files/94_cii_tv_mod_velemenyezesre.pdf HTTP/1.1" 200 237912 "-" "Mozilla/5.0 (compatible; DotBot/1.2; +https://opensiteexplorer.org/dotbot; help@moz.com)"
47.128.42.83 - - [11/Nov/2024:07:09:01 +0100] "GET /node/2474 HTTP/1.1" 200 - "-" "Mozilla/5.0 (Linux; Android 5.0) AppleWebKit/537.36 (KHTML, like Gecko) Mobile Safari/537.36 (compatible; Bytespider; spider-feedback@bytedance.com)"
216.244.66.200 - - [11/Nov/2024:07:09:09 +0100] "GET /files/_ocljnipbjg9oa2t42ee0meub9_.pdf HTTP/1.1" 200 191910 "-" "Mozilla/5.0 (compatible; DotBot/1.2; +https://opensiteexplorer.org/dotbot; help@moz.com)"
216.244.66.200 - - [11/Nov/2024:07:09:52 +0100] "GET /files/bizotts%C3%83%C2%A1gok10.pdf HTTP/1.1" 200 - "-" "Mozilla/5.0 (compatible; DotBot/1.2; +https://opensiteexplorer.org/dotbot; help@moz.com)"
216.244.66.200 - - [11/Nov/2024:07:10:04 +0100] "GET /files/gyermekek_helyzete_2005_terv_061211.pdf HTTP/1.1" 200 1027608 "-" "Mozilla/5.0 (compatible; DotBot/1.2; +https://opensiteexplorer.org/dotbot; help@moz.com)"
216.244.66.200 - - [11/Nov/2024:07:10:24 +0100] "GET /files/kulfoldi_szolgalat_jarandosagok.pdf HTTP/1.1" 200 119949 "-" "Mozilla/5.0 (compatible; DotBot/1.2; +https://opensiteexplorer.org/dotbot; help@moz.com)"
216.244.66.200 - - [11/Nov/2024:07:10:44 +0100] "GET /files/magyar_lengyel_kultterv_080926.pdf HTTP/1.1" 200 252287 "-" "Mozilla/5.0 (compatible; DotBot/1.2; +https://opensiteexplorer.org/dotbot; help@moz.com)"
216.244.66.200 - - [11/Nov/2024:07:11:03 +0100] "GET /files/szszital_foldrajzi_arujelzo_korm_tervezet.pdf HTTP/1.1" 200 74219 "-" "Mozilla/5.0 (compatible; DotBot/1.2; +https://opensiteexplorer.org/dotbot; help@moz.com)"
216.244.66.200 - - [11/Nov/2024:07:11:43 +0100] "GET /files/Nemzeti_Jelent__s_3_t__rcaegy_szakmapolra_0709.doc HTTP/1.1" 200 1444695 "-" "Mozilla/5.0 (compatible; DotBot/1.2; +https://opensiteexplorer.org/dotbot; help@moz.com)"
216.244.66.200 - - [11/Nov/2024:07:12:15 +0100] "GET /files/allatbetegsegek_fvm_tervezet_velemenyezesre.pdf HTTP/1.1" 200 191970 "-" "Mozilla/5.0 (compatible; DotBot/1.2; +https://opensiteexplorer.org/dotbot; help@moz.com)"
216.244.66.200 - - [11/Nov/2024:07:12:47 +0100] "GET /files/fejezeti_kezelesu_eloiranyzatok_felh_min_rend_terv.doc HTTP/1.1" 200 50176 "-" "Mozilla/5.0 (compatible; DotBot/1.2; +https://opensiteexplorer.org/dotbot; help@moz.com)"
139.162.9.75 - - [11/Nov/2024:07:12:51 +0100] "GET /filemanager/dialog.php HTTP/1.1" 200 - "-" "Mozilla/5.0 (Windows NT 10.0; Win64; x64) AppleWebKit/537.36 (KHTML, like Gecko) Chrome/85.0.4183.121 Safari/537.36"
216.244.66.200 - - [11/Nov/2024:07:13:19 +0100] "GET /files/305_2005_korm_rendelet_a_kozzetetelrol_kozadatkeresorol_reszletes_szabalyokrol_nem_hivatalos.rtf.txt HTTP/1.1" 200 210474 "-" "Mozilla/5.0 (compatible; DotBot/1.2; +https://opensiteexplorer.org/dotbot; help@moz.com)"
216.244.66.200 - - [11/Nov/2024:07:14:20 +0100] "GET /files/Veszteseg_Mod_1204+T%C3%83%C2%A1rcak%C3%83%C2%B6r%C3%83%C2%B6z%C3%83%C2%A9s.doc HTTP/1.1" 200 - "-" "Mozilla/5.0 (compatible; DotBot/1.2; +https://opensiteexplorer.org/dotbot; help@moz.com)"
216.244.66.200 - - [11/Nov/2024:07:14:39 +0100] "GET /files/KHEM17_4.doc HTTP/1.1" 200 78336 "-" "Mozilla/5.0 (compatible; DotBot/1.2; +https://opensiteexplorer.org/dotbot; help@moz.com)"
216.244.66.200 - - [11/Nov/2024:07:15:29 +0100] "GET /files/T1297.doc HTTP/1.1" 200 406481 "-" "Mozilla/5.0 (compatible; DotBot/1.2; +https://opensiteexplorer.org/dotbot; help@moz.com)"
216.244.66.200 - - [11/Nov/2024:07:16:02 +0100] "GET /files/hatarterulet.doc HTTP/1.1" 200 140288 "-" "Mozilla/5.0 (compatible; DotBot/1.2; +https://opensiteexplorer.org/dotbot; help@moz.com)"
216.244.66.200 - - [11/Nov/2024:07:16:35 +0100] "GET /files/tjsztnorma.doc HTTP/1.1" 200 32768 "-" "Mozilla/5.0 (compatible; DotBot/1.2; +https://opensiteexplorer.org/dotbot; help@moz.com)"
216.244.66.200 - - [11/Nov/2024:07:17:26 +0100] "GET /files/8347_terv_070411.pdf HTTP/1.1" 200 425308 "-" "Mozilla/5.0 (compatible; DotBot/1.2; +https://opensiteexplorer.org/dotbot; help@moz.com)"
216.244.66.200 - - [11/Nov/2024:07:18:17 +0100] "GET /files/89_2004_mod_velemenyezesre_0.pdf HTTP/1.1" 200 270372 "-" "Mozilla/5.0 (compatible; DotBot/1.2; +https://opensiteexplorer.org/dotbot; help@moz.com)"
216.244.66.200 - - [11/Nov/2024:07:19:09 +0100] "GET /files/9per1993%20NM%20rendelet.doc HTTP/1.1" 200 292089 "-" "Mozilla/5.0 (compatible; DotBot/1.2; +https://opensiteexplorer.org/dotbot; help@moz.com)"
216.244.66.200 - - [11/Nov/2024:07:20:01 +0100] "GET /files/egyesrend%C3%A9szeti.pdf HTTP/1.1" 200 355804 "-" "Mozilla/5.0 (compatible; DotBot/1.2; +https://opensiteexplorer.org/dotbot; help@moz.com)"
216.244.66.200 - - [11/Nov/2024:07:20:38 +0100] "GET /files/kollegium_terv_090922.pdf HTTP/1.1" 200 191630 "-" "Mozilla/5.0 (compatible; DotBot/1.2; +https://opensiteexplorer.org/dotbot; help@moz.com)"
216.244.66.200 - - [11/Nov/2024:07:21:29 +0100] "GET /files/nm_terv_091130.pdf HTTP/1.1" 200 360556 "-" "Mozilla/5.0 (compatible; DotBot/1.2; +https://opensiteexplorer.org/dotbot; help@moz.com)"
216.244.66.200 - - [11/Nov/2024:07:22:10 +0100] "GET /files/vezetoi_osszefoglalo_061031.pdf HTTP/1.1" 200 147148 "-" "Mozilla/5.0 (compatible; DotBot/1.2; +https://opensiteexplorer.org/dotbot; help@moz.com)"
216.244.66.200 - - [11/Nov/2024:07:22:56 +0100] "GET /files/6_3_oraszagbeli_kutatok_KI_070404_.doc HTTP/1.1" 200 259584 "-" "Mozilla/5.0 (compatible; DotBot/1.2; +https://opensiteexplorer.org/dotbot; help@moz.com)"
216.244.66.200 - - [11/Nov/2024:07:23:41 +0100] "GET /files/EU_KiNA_ELOTERJESZTES_KOZIGAZGATASI_EGYEZTETESRE_0112.doc HTTP/1.1" 200 323584 "-" "Mozilla/5.0 (compatible; DotBot/1.2; +https://opensiteexplorer.org/dotbot; help@moz.com)"
216.244.66.200 - - [11/Nov/2024:07:33:20 +0100] "GET /robots.txt HTTP/1.1" 200 1590 "-" "Mozilla/5.0 (compatible; DotBot/1.2; +https://opensiteexplorer.org/dotbot; help@moz.com)"
216.244.66.200 - - [11/Nov/2024:07:33:20 +0100] "GET /robots.txt HTTP/1.1" 200 1590 "-" "Mozilla/5.0 (compatible; DotBot/1.2; +https://opensiteexplorer.org/dotbot; help@moz.com)"
40.77.167.8 - - [11/Nov/2024:07:41:12 +0100] "GET /drupal/files/korkedv_minrend_terv_070626.pdf HTTP/1.1" 200 - "-" "Mozilla/5.0 AppleWebKit/537.36 (KHTML, like Gecko; compatible; bingbot/2.0; +http://www.bing.com/bingbot.htm) Chrome/116.0.1938.76 Safari/537.36"
40.77.167.8 - - [11/Nov/2024:07:41:44 +0100] "GET /drupal/files/korkedv_minrend_terv_070626.pdf HTTP/1.1" 200 - "-" "Mozilla/5.0 AppleWebKit/537.36 (KHTML, like Gecko; compatible; bingbot/2.0; +http://www.bing.com/bingbot.htm) Chrome/116.0.1938.76 Safari/537.36"
216.244.66.200 - - [11/Nov/2024:07:45:00 +0100] "GET /files/rendelet_ugykezeles_nyilv_szakmapol.doc HTTP/1.1" 200 71680 "-" "Mozilla/5.0 (compatible; DotBot/1.2; +https://opensiteexplorer.org/dotbot; help@moz.com)"
216.244.66.200 - - [11/Nov/2024:07:46:03 +0100] "GET /files/eg%C3%83%C2%BC_t%C3%83%C2%A1rgy%C3%83%C2%BA_korm_rend_mod.doc HTTP/1.1" 200 - "-" "Mozilla/5.0 (compatible; DotBot/1.2; +https://opensiteexplorer.org/dotbot; help@moz.com)"
216.244.66.200 - - [11/Nov/2024:07:47:04 +0100] "GET /files/NAD_jogharmoniz%C3%83%C2%A1ci%C3%83%C2%B3_k%C3%83%C2%B6zigazgat%C3%83%C2%A1si%20egyeztet%C3%83%C2%A9sre.doc HTTP/1.1" 200 - "-" "Mozilla/5.0 (compatible; DotBot/1.2; +https://opensiteexplorer.org/dotbot; help@moz.com)"
216.244.66.200 - - [11/Nov/2024:07:47:14 +0100] "GET /files/TK3_2.pdf HTTP/1.1" 200 133892 "-" "Mozilla/5.0 (compatible; DotBot/1.2; +https://opensiteexplorer.org/dotbot; help@moz.com)"
216.244.66.200 - - [11/Nov/2024:07:47:49 +0100] "GET /files/epiteszek.pdf HTTP/1.1" 200 128105 "-" "Mozilla/5.0 (compatible; DotBot/1.2; +https://opensiteexplorer.org/dotbot; help@moz.com)"
216.244.66.200 - - [11/Nov/2024:07:48:41 +0100] "GET /files/rendeletek.zip HTTP/1.1" 200 562868 "-" "Mozilla/5.0 (compatible; DotBot/1.2; +https://opensiteexplorer.org/dotbot; help@moz.com)"
217.160.202.182 - - [11/Nov/2024:07:48:55 +0100] "GET / HTTP/1.1" 200 - "-" "Mozilla/5.0 (Windows NT 10.0; Win64; x64) AppleWebKit/537.36 (KHTML, like Gecko) Chrome/91.0.4472.114 Safari/537.36 Edg/91.0.864.54"
216.244.66.200 - - [11/Nov/2024:07:49:14 +0100] "GET /files/10_2000tervezet_kozigre_1013.pdf HTTP/1.1" 200 140906 "-" "Mozilla/5.0 (compatible; DotBot/1.2; +https://opensiteexplorer.org/dotbot; help@moz.com)"
216.244.66.200 - - [11/Nov/2024:07:49:46 +0100] "GET /files/14377F567CFF9CA56.doc HTTP/1.1" 200 53248 "-" "Mozilla/5.0 (compatible; DotBot/1.2; +https://opensiteexplorer.org/dotbot; help@moz.com)"
216.244.66.200 - - [11/Nov/2024:07:50:47 +0100] "GET /files/Indokol%C3%83%C2%A1s.doc HTTP/1.1" 200 - "-" "Mozilla/5.0 (compatible; DotBot/1.2; +https://opensiteexplorer.org/dotbot; help@moz.com)"
216.244.66.200 - - [11/Nov/2024:07:51:08 +0100] "GET /files/KAT_norma_06_24.pdf HTTP/1.1" 200 200161 "-" "Mozilla/5.0 (compatible; DotBot/1.2; +https://opensiteexplorer.org/dotbot; help@moz.com)"
216.244.66.200 - - [11/Nov/2024:07:51:42 +0100] "GET /files/KHEM_5013_3norma.doc HTTP/1.1" 200 689664 "-" "Mozilla/5.0 (compatible; DotBot/1.2; +https://opensiteexplorer.org/dotbot; help@moz.com)"
216.244.66.200 - - [11/Nov/2024:07:52:13 +0100] "GET /files/eloterj_ekozig.pdf HTTP/1.1" 200 384594 "-" "Mozilla/5.0 (compatible; DotBot/1.2; +https://opensiteexplorer.org/dotbot; help@moz.com)"
77.221.39.110 - - [11/Nov/2024:07:52:35 +0100] "GET /files/2_sz_melleklet_061031.pdf HTTP/1.1" 200 56446 "https://www.google.com/" "Mozilla/5.0 (Windows NT 10.0; Win64; x64) AppleWebKit/537.36 (KHTML, like Gecko) Chrome/130.0.0.0 Safari/537.36"
77.221.39.110 - - [11/Nov/2024:07:52:35 +0100] "GET /favicon.ico HTTP/1.1" 404 57 "http://www.jogalkotas.hu/files/2_sz_melleklet_061031.pdf" "Mozilla/5.0 (Windows NT 10.0; Win64; x64) AppleWebKit/537.36 (KHTML, like Gecko) Chrome/130.0.0.0 Safari/537.36"
216.244.66.200 - - [11/Nov/2024:07:52:44 +0100] "GET /files/kozfurdok_normaszoveg.doc HTTP/1.1" 200 68096 "-" "Mozilla/5.0 (compatible; DotBot/1.2; +https://opensiteexplorer.org/dotbot; help@moz.com)"
216.244.66.200 - - [11/Nov/2024:07:53:15 +0100] "GET /files/minrendelet_szocigenybevetel.pdf HTTP/1.1" 200 341710 "-" "Mozilla/5.0 (compatible; DotBot/1.2; +https://opensiteexplorer.org/dotbot; help@moz.com)"
216.244.66.200 - - [11/Nov/2024:07:53:43 +0100] "GET /files/ng_terv_100217.pdf HTTP/1.1" 200 281151 "-" "Mozilla/5.0 (compatible; DotBot/1.2; +https://opensiteexplorer.org/dotbot; help@moz.com)"
216.244.66.200 - - [11/Nov/2024:07:54:09 +0100] "GET /files/oktatasi_biztos_070716.pdf HTTP/1.1" 200 194726 "-" "Mozilla/5.0 (compatible; DotBot/1.2; +https://opensiteexplorer.org/dotbot; help@moz.com)"
216.244.66.200 - - [11/Nov/2024:07:54:35 +0100] "GET /files/ptk.csaladjog.pdf HTTP/1.1" 200 429444 "-" "Mozilla/5.0 (compatible; DotBot/1.2; +https://opensiteexplorer.org/dotbot; help@moz.com)"
216.244.66.200 - - [11/Nov/2024:07:55:00 +0100] "GET /files/szakmagyakorlas_1.pdf HTTP/1.1" 200 340381 "-" "Mozilla/5.0 (compatible; DotBot/1.2; +https://opensiteexplorer.org/dotbot; help@moz.com)"
216.244.66.200 - - [11/Nov/2024:07:55:23 +0100] "GET /files/szoc_kormrend_terv_100125.pdf HTTP/1.1" 200 218292 "-" "Mozilla/5.0 (compatible; DotBot/1.2; +https://opensiteexplorer.org/dotbot; help@moz.com)"
216.244.66.200 - - [11/Nov/2024:07:55:45 +0100] "GET /files/1220_Tervezet_2006.12.12._SZAKMAPOL.RA.doc HTTP/1.1" 200 131584 "-" "Mozilla/5.0 (compatible; DotBot/1.2; +https://opensiteexplorer.org/dotbot; help@moz.com)"
216.244.66.200 - - [11/Nov/2024:07:56:37 +0100] "GET /files/18_1998-30_1998%20mell%C3%83%C2%A9klet.doc HTTP/1.1" 200 - "-" "Mozilla/5.0 (compatible; DotBot/1.2; +https://opensiteexplorer.org/dotbot; help@moz.com)"
216.244.66.200 - - [11/Nov/2024:07:57:27 +0100] "GET /files/25_2000_megfelel%C3%85%E2%80%98s%C3%83%C2%A9gi.doc HTTP/1.1" 200 - "-" "Mozilla/5.0 (compatible; DotBot/1.2; +https://opensiteexplorer.org/dotbot; help@moz.com)"
216.244.66.200 - - [11/Nov/2024:07:57:49 +0100] "GET /files/32per2004_eszcsm_rend_mod_2008_11_24.doc HTTP/1.1" 200 352768 "-" "Mozilla/5.0 (compatible; DotBot/1.2; +https://opensiteexplorer.org/dotbot; help@moz.com)"
216.244.66.200 - - [11/Nov/2024:07:58:23 +0100] "GET /files/a_jogalkotasrol_szolo_2010_evi_torveny.pdf HTTP/1.1" 200 397683 "-" "Mozilla/5.0 (compatible; DotBot/1.2; +https://opensiteexplorer.org/dotbot; help@moz.com)"
216.244.66.200 - - [11/Nov/2024:07:58:52 +0100] "GET /files/allamhaztartas_mukodesi_rendjetol_eltero.pdf HTTP/1.1" 200 77939 "-" "Mozilla/5.0 (compatible; DotBot/1.2; +https://opensiteexplorer.org/dotbot; help@moz.com)"
216.244.66.200 - - [11/Nov/2024:07:59:21 +0100] "GET /files/katonai_beosztasok_rendelet_tervezet.pdf HTTP/1.1" 200 44120 "-" "Mozilla/5.0 (compatible; DotBot/1.2; +https://opensiteexplorer.org/dotbot; help@moz.com)"
216.244.66.200 - - [11/Nov/2024:07:59:48 +0100] "GET /files/masolat_adasa_a_buntetoeljaras_irataibol.doc HTTP/1.1" 200 27136 "-" "Mozilla/5.0 (compatible; DotBot/1.2; +https://opensiteexplorer.org/dotbot; help@moz.com)"
216.244.66.200 - - [11/Nov/2024:08:00:22 +0100] "GET /files/szakkepesitesek_megszerv_vizsga_060413.pdf HTTP/1.1" 200 305958 "-" "Mozilla/5.0 (compatible; DotBot/1.2; +https://opensiteexplorer.org/dotbot; help@moz.com)"
216.244.66.200 - - [11/Nov/2024:08:00:57 +0100] "GET /files/torvenyjavaslat__osztrak_hatarokmanyok.doc HTTP/1.1" 200 56832 "-" "Mozilla/5.0 (compatible; DotBot/1.2; +https://opensiteexplorer.org/dotbot; help@moz.com)"
216.244.66.200 - - [11/Nov/2024:08:22:54 +0100] "GET /robots.txt HTTP/1.1" 200 1590 "-" "Mozilla/5.0 (compatible; DotBot/1.2; +https://opensiteexplorer.org/dotbot; help@moz.com)"
216.244.66.200 - - [11/Nov/2024:08:22:54 +0100] "GET /robots.txt HTTP/1.1" 200 1590 "-" "Mozilla/5.0 (compatible; DotBot/1.2; +https://opensiteexplorer.org/dotbot; help@moz.com)"
66.249.72.65 - - [11/Nov/2024:08:33:58 +0100] "GET /files/jogszabszerk.pdf HTTP/1.1" 200 206549 "-" "Mozilla/5.0 (Linux; Android 6.0.1; Nexus 5X Build/MMB29P) AppleWebKit/537.36 (KHTML, like Gecko) Chrome/130.0.6723.69 Mobile Safari/537.36 (compatible; Googlebot/2.1; +http://www.google.com/bot.html)"
216.244.66.200 - - [11/Nov/2024:08:34:01 +0100] "GET /files/rad_hull_es_kieg_fe_orszaghataron_at_2008_04_22_honlapra.doc HTTP/1.1" 200 487569 "-" "Mozilla/5.0 (compatible; DotBot/1.2; +https://opensiteexplorer.org/dotbot; help@moz.com)"
216.244.66.200 - - [11/Nov/2024:08:34:21 +0100] "GET /files/torvenyjavaslat__roman_hatarokmanyok.doc HTTP/1.1" 200 143872 "-" "Mozilla/5.0 (compatible; DotBot/1.2; +https://opensiteexplorer.org/dotbot; help@moz.com)"
66.249.75.132 - - [11/Nov/2024:08:34:59 +0100] "GET /files/oksz_terv_100302.pdf HTTP/1.1" 304 - "-" "Mozilla/5.0 (Linux; Android 6.0.1; Nexus 5X Build/MMB29P) AppleWebKit/537.36 (KHTML, like Gecko) Chrome/130.0.6723.69 Mobile Safari/537.36 (compatible; Googlebot/2.1; +http://www.google.com/bot.html)"
216.244.66.200 - - [11/Nov/2024:08:36:57 +0100] "GET /taxonomy/term/34/0/feed HTTP/1.1" 200 - "-" "Mozilla/5.0 (compatible; DotBot/1.2; +https://opensiteexplorer.org/dotbot; help@moz.com)"
66.249.75.132 - - [11/Nov/2024:08:40:10 +0100] "GET /files/ptk.csaladjog_0.pdf HTTP/1.1" 200 429444 "-" "Mozilla/5.0 AppleWebKit/537.36 (KHTML, like Gecko; compatible; GoogleOther) Chrome/130.0.6723.69 Safari/537.36"
66.249.75.131 - - [11/Nov/2024:09:10:11 +0100] "GET /files/alapf_muv_okt_kovet_II_060414.pdf HTTP/1.1" 200 584355 "-" "Mozilla/5.0 AppleWebKit/537.36 (KHTML, like Gecko; compatible; GoogleOther) Chrome/130.0.6723.69 Safari/537.36"
216.244.66.200 - - [11/Nov/2024:09:12:13 +0100] "GET /robots.txt HTTP/1.1" 200 1590 "-" "Mozilla/5.0 (compatible; DotBot/1.2; +https://opensiteexplorer.org/dotbot; help@moz.com)"
216.244.66.200 - - [11/Nov/2024:09:12:14 +0100] "GET /robots.txt HTTP/1.1" 200 1590 "-" "Mozilla/5.0 (compatible; DotBot/1.2; +https://opensiteexplorer.org/dotbot; help@moz.com)"
216.244.66.200 - - [11/Nov/2024:09:22:34 +0100] "GET /files/18240_9.pdf HTTP/1.1" 200 345668 "-" "Mozilla/5.0 (compatible; DotBot/1.2; +https://opensiteexplorer.org/dotbot; help@moz.com)"
216.244.66.200 - - [11/Nov/2024:09:22:48 +0100] "GET /files/TK94.doc HTTP/1.1" 200 71168 "-" "Mozilla/5.0 (compatible; DotBot/1.2; +https://opensiteexplorer.org/dotbot; help@moz.com)"
216.244.66.200 - - [11/Nov/2024:09:23:17 +0100] "GET /files/indoklas.doc HTTP/1.1" 200 26112 "-" "Mozilla/5.0 (compatible; DotBot/1.2; +https://opensiteexplorer.org/dotbot; help@moz.com)"
47.76.209.138 - - [11/Nov/2024:09:23:45 +0100] "GET /files/Telep%C3%83%C2%BCl%C3%83%C2%A9s2009szeptember.pdf HTTP/1.1" 200 - "-" "Mozilla/5.0 (Windows NT 6.1; WOW64) AppleWebKit/537.36 (KHTML, like Gecko) Opera/64.0.1955.12 Safari/537.36"
216.244.66.200 - - [11/Nov/2024:09:23:56 +0100] "GET /files/vil_en.pdf HTTP/1.1" 200 364251 "-" "Mozilla/5.0 (compatible; DotBot/1.2; +https://opensiteexplorer.org/dotbot; help@moz.com)"
216.244.66.200 - - [11/Nov/2024:09:24:49 +0100] "GET /files/jelentes_0918_070919.pdf HTTP/1.1" 200 444132 "-" "Mozilla/5.0 (compatible; DotBot/1.2; +https://opensiteexplorer.org/dotbot; help@moz.com)"
216.244.66.200 - - [11/Nov/2024:09:25:23 +0100] "GET /files/korbetartozas.doc HTTP/1.1" 200 113664 "-" "Mozilla/5.0 (compatible; DotBot/1.2; +https://opensiteexplorer.org/dotbot; help@moz.com)"
216.244.66.200 - - [11/Nov/2024:09:25:49 +0100] "GET /files/0912_D_nesmajor_rendelet.doc HTTP/1.1" 200 35328 "-" "Mozilla/5.0 (compatible; DotBot/1.2; +https://opensiteexplorer.org/dotbot; help@moz.com)"
216.244.66.200 - - [11/Nov/2024:09:26:19 +0100] "GET /files/17per2009min_rend_mod_091106.doc HTTP/1.1" 200 37888 "-" "Mozilla/5.0 (compatible; DotBot/1.2; +https://opensiteexplorer.org/dotbot; help@moz.com)"
216.244.66.200 - - [11/Nov/2024:09:26:56 +0100] "GET /files/20per1996_nm_rend_mod_090522.doc HTTP/1.1" 200 279040 "-" "Mozilla/5.0 (compatible; DotBot/1.2; +https://opensiteexplorer.org/dotbot; help@moz.com)"
216.244.66.200 - - [11/Nov/2024:09:27:34 +0100] "GET /files/22_2004_kormrend_mod_terv_100217.pdf HTTP/1.1" 200 224821 "-" "Mozilla/5.0 (compatible; DotBot/1.2; +https://opensiteexplorer.org/dotbot; help@moz.com)"
216.244.66.200 - - [11/Nov/2024:09:28:12 +0100] "GET /files/26_2000_szmm_rend_mod_terv_090716.pdf HTTP/1.1" 200 226338 "-" "Mozilla/5.0 (compatible; DotBot/1.2; +https://opensiteexplorer.org/dotbot; help@moz.com)"
216.244.66.200 - - [11/Nov/2024:09:28:49 +0100] "GET /files/CITES_Fuggelekek_modositas_kozigre_0325.pdf HTTP/1.1" 200 618419 "-" "Mozilla/5.0 (compatible; DotBot/1.2; +https://opensiteexplorer.org/dotbot; help@moz.com)"
216.244.66.200 - - [11/Nov/2024:09:29:23 +0100] "GET /files/TD_tv_kozigazgatasi_egyeztetes.pdf HTTP/1.1" 200 220061 "-" "Mozilla/5.0 (compatible; DotBot/1.2; +https://opensiteexplorer.org/dotbot; help@moz.com)"
216.244.66.200 - - [11/Nov/2024:09:29:53 +0100] "GET /files/jogalkotas_nyilvanossaga_2006feb.pdf HTTP/1.1" 200 51472 "-" "Mozilla/5.0 (compatible; DotBot/1.2; +https://opensiteexplorer.org/dotbot; help@moz.com)"
216.244.66.200 - - [11/Nov/2024:09:30:22 +0100] "GET /files/rendelettervezet%2001-25.doc HTTP/1.1" 200 43008 "-" "Mozilla/5.0 (compatible; DotBot/1.2; +https://opensiteexplorer.org/dotbot; help@moz.com)"
216.244.66.200 - - [11/Nov/2024:09:30:50 +0100] "GET /files/szakkepzes_hozzaj_060404.pdf HTTP/1.1" 200 132937 "-" "Mozilla/5.0 (compatible; DotBot/1.2; +https://opensiteexplorer.org/dotbot; help@moz.com)"
216.244.66.200 - - [11/Nov/2024:09:31:18 +0100] "GET /files/szallashely_kormr_terv_090804.pdf HTTP/1.1" 200 161553 "-" "Mozilla/5.0 (compatible; DotBot/1.2; +https://opensiteexplorer.org/dotbot; help@moz.com)"
216.244.66.200 - - [11/Nov/2024:09:31:53 +0100] "GET /files/szoc_raszorultsag_terv_061211.pdf HTTP/1.1" 200 163844 "-" "Mozilla/5.0 (compatible; DotBot/1.2; +https://opensiteexplorer.org/dotbot; help@moz.com)"
216.244.66.200 - - [11/Nov/2024:09:32:20 +0100] "GET /files/1027_rendelettervezet_Bels_b_r_ndi_t_torj_nos.doc HTTP/1.1" 200 46592 "-" "Mozilla/5.0 (compatible; DotBot/1.2; +https://opensiteexplorer.org/dotbot; help@moz.com)"
216.244.66.200 - - [11/Nov/2024:09:33:18 +0100] "GET /files/Utaz%C3%83%C2%A1si%20ktg_normasz%C3%83%C2%B6veg.doc HTTP/1.1" 200 - "-" "Mozilla/5.0 (compatible; DotBot/1.2; +https://opensiteexplorer.org/dotbot; help@moz.com)"
216.244.66.200 - - [11/Nov/2024:09:33:37 +0100] "GET /files/folmeres_terkepeszet_tv_mod_velemenyezesre.pdf HTTP/1.1" 200 188935 "-" "Mozilla/5.0 (compatible; DotBot/1.2; +https://opensiteexplorer.org/dotbot; help@moz.com)"
216.244.66.200 - - [11/Nov/2024:09:34:39 +0100] "GET /files/NFGM_3352.pdf HTTP/1.1" 200 363586 "-" "Mozilla/5.0 (compatible; DotBot/1.2; +https://opensiteexplorer.org/dotbot; help@moz.com)"
216.244.66.200 - - [11/Nov/2024:09:38:07 +0100] "GET /files/3_mell_FAVI_ENG__ves.doc HTTP/1.1" 200 788480 "-" "Mozilla/5.0 (compatible; DotBot/1.2; +https://opensiteexplorer.org/dotbot; help@moz.com)"
216.244.66.200 - - [11/Nov/2024:09:38:41 +0100] "GET /files/BergholdB_ered.ppt HTTP/1.1" 200 172544 "-" "Mozilla/5.0 (compatible; DotBot/1.2; +https://opensiteexplorer.org/dotbot; help@moz.com)"
3.101.240.76 - - [11/Nov/2024:09:50:37 +0100] "HEAD / HTTP/1.1" 200 - "-" "bitdiscovery"
188.157.123.180 - - [11/Nov/2024:09:57:36 +0100] "GET /files/2_sz_melleklet_061031.pdf HTTP/1.1" 200 56446 "https://www.google.com/" "Mozilla/5.0 (Windows NT 10.0; Win64; x64) AppleWebKit/537.36 (KHTML, like Gecko) Chrome/130.0.0.0 Safari/537.36"
188.157.123.180 - - [11/Nov/2024:09:57:36 +0100] "GET /favicon.ico HTTP/1.1" 404 57 "http://www.jogalkotas.hu/files/2_sz_melleklet_061031.pdf" "Mozilla/5.0 (Windows NT 10.0; Win64; x64) AppleWebKit/537.36 (KHTML, like Gecko) Chrome/130.0.0.0 Safari/537.36"
5.42.107.248 - - [11/Nov/2024:09:58:04 +0100] "GET /user/login HTTP/1.1" 200 - "-" "Mozilla/5.0 (Windows NT 6.2; WOW64) AppleWebKit/537.36 (KHTML, like Gecko) Chrome/49.0.2657.94 Safari/537.36"
5.42.107.248 - - [11/Nov/2024:09:58:19 +0100] "GET /user/login HTTP/1.1" 200 - "-" "Mozilla/5.0 (X11; Ubuntu; Linux i686; rv:46.0) Gecko/20100101 Firefox/46.0"
216.244.66.200 - - [11/Nov/2024:10:01:52 +0100] "GET /robots.txt HTTP/1.1" 200 1590 "-" "Mozilla/5.0 (compatible; DotBot/1.2; +https://opensiteexplorer.org/dotbot; help@moz.com)"
216.244.66.200 - - [11/Nov/2024:10:01:52 +0100] "GET /robots.txt HTTP/1.1" 200 1590 "-" "Mozilla/5.0 (compatible; DotBot/1.2; +https://opensiteexplorer.org/dotbot; help@moz.com)"
66.249.75.131 - - [11/Nov/2024:10:12:54 +0100] "GET /drupal/files/200712102pdf HTTP/1.1" 200 - "-" "Mozilla/5.0 (Linux; Android 6.0.1; Nexus 5X Build/MMB29P) AppleWebKit/537.36 (KHTML, like Gecko) Chrome/130.0.6723.69 Mobile Safari/537.36 (compatible; Googlebot/2.1; +http://www.google.com/bot.html)"
216.244.66.200 - - [11/Nov/2024:10:24:25 +0100] "GET /files/1212_T_rc_ra_Kapszeg.doc HTTP/1.1" 200 69120 "-" "Mozilla/5.0 (compatible; DotBot/1.2; +https://opensiteexplorer.org/dotbot; help@moz.com)"
216.244.66.200 - - [11/Nov/2024:10:24:37 +0100] "GET /files/2001_ci_terv_080731.pdf HTTP/1.1" 200 192777 "-" "Mozilla/5.0 (compatible; DotBot/1.2; +https://opensiteexplorer.org/dotbot; help@moz.com)"
216.244.66.200 - - [11/Nov/2024:10:24:49 +0100] "GET /files/3669_terv_071008.pdf HTTP/1.1" 200 199566 "-" "Mozilla/5.0 (compatible; DotBot/1.2; +https://opensiteexplorer.org/dotbot; help@moz.com)"
216.244.66.200 - - [11/Nov/2024:10:25:01 +0100] "GET /files/KHEM_3649_10_norma.doc HTTP/1.1" 200 320512 "-" "Mozilla/5.0 (compatible; DotBot/1.2; +https://opensiteexplorer.org/dotbot; help@moz.com)"
216.244.66.200 - - [11/Nov/2024:10:25:13 +0100] "GET /files/TK53-3hatastanulmany.doc HTTP/1.1" 200 101888 "-" "Mozilla/5.0 (compatible; DotBot/1.2; +https://opensiteexplorer.org/dotbot; help@moz.com)"
216.244.66.200 - - [11/Nov/2024:10:25:55 +0100] "GET /files/atomenergia.pdf HTTP/1.1" 200 - "-" "Mozilla/5.0 (compatible; DotBot/1.2; +https://opensiteexplorer.org/dotbot; help@moz.com)"
216.244.66.200 - - [11/Nov/2024:10:26:06 +0100] "GET /files/ihm_rend_radio_amator.pdf HTTP/1.1" 200 573791 "-" "Mozilla/5.0 (compatible; DotBot/1.2; +https://opensiteexplorer.org/dotbot; help@moz.com)"
216.244.66.200 - - [11/Nov/2024:10:26:27 +0100] "GET /files/kozigre0626.pdf HTTP/1.1" 200 121269 "-" "Mozilla/5.0 (compatible; DotBot/1.2; +https://opensiteexplorer.org/dotbot; help@moz.com)"
216.244.66.200 - - [11/Nov/2024:10:26:46 +0100] "GET /files/ktt_terv_090212.pdf HTTP/1.1" 200 181948 "-" "Mozilla/5.0 (compatible; DotBot/1.2; +https://opensiteexplorer.org/dotbot; help@moz.com)"
216.244.66.200 - - [11/Nov/2024:10:27:05 +0100] "GET /files/megfelelesi.pdf HTTP/1.1" 200 91717 "-" "Mozilla/5.0 (compatible; DotBot/1.2; +https://opensiteexplorer.org/dotbot; help@moz.com)"
216.244.66.200 - - [11/Nov/2024:10:27:24 +0100] "GET /files/nemzetkozi_karterites.pdf HTTP/1.1" 200 423190 "-" "Mozilla/5.0 (compatible; DotBot/1.2; +https://opensiteexplorer.org/dotbot; help@moz.com)"
216.244.66.200 - - [11/Nov/2024:10:27:40 +0100] "GET /files/varosi0815.pdf HTTP/1.1" 200 108020 "-" "Mozilla/5.0 (compatible; DotBot/1.2; +https://opensiteexplorer.org/dotbot; help@moz.com)"
216.244.66.200 - - [11/Nov/2024:10:27:56 +0100] "GET /files/vizsgahely_terv_071001.pdf HTTP/1.1" 200 122898 "-" "Mozilla/5.0 (compatible; DotBot/1.2; +https://opensiteexplorer.org/dotbot; help@moz.com)"
216.244.66.200 - - [11/Nov/2024:10:29:01 +0100] "GET /files/13_2008_mod_xx_fejezetiterv_081001.pdf HTTP/1.1" 200 196838 "-" "Mozilla/5.0 (compatible; DotBot/1.2; +https://opensiteexplorer.org/dotbot; help@moz.com)"
216.244.66.200 - - [11/Nov/2024:10:29:18 +0100] "GET /files/18per2007_eum_rind_mod_081212.doc HTTP/1.1" 200 72704 "-" "Mozilla/5.0 (compatible; DotBot/1.2; +https://opensiteexplorer.org/dotbot; help@moz.com)"
216.244.66.200 - - [11/Nov/2024:10:29:32 +0100] "GET /files/bv__targyu_im_rendeletek_modositasa.doc HTTP/1.1" 200 53248 "-" "Mozilla/5.0 (compatible; DotBot/1.2; +https://opensiteexplorer.org/dotbot; help@moz.com)"
216.244.66.200 - - [11/Nov/2024:10:29:45 +0100] "GET /files/elemiszerkonyv_melleklet.pdf HTTP/1.1" 200 19554 "-" "Mozilla/5.0 (compatible; DotBot/1.2; +https://opensiteexplorer.org/dotbot; help@moz.com)"
216.244.66.200 - - [11/Nov/2024:10:30:08 +0100] "GET /files/felsooo_finanszterv_080124.pdf HTTP/1.1" 200 307884 "-" "Mozilla/5.0 (compatible; DotBot/1.2; +https://opensiteexplorer.org/dotbot; help@moz.com)"
216.244.66.200 - - [11/Nov/2024:10:30:46 +0100] "GET /files/mgexportkorm.elterjeszts20070710.pdf HTTP/1.1" 200 79382 "-" "Mozilla/5.0 (compatible; DotBot/1.2; +https://opensiteexplorer.org/dotbot; help@moz.com)"
216.244.66.200 - - [11/Nov/2024:10:31:19 +0100] "GET /files/takarmanykodex_modositas_0.pdf HTTP/1.1" 200 47813 "-" "Mozilla/5.0 (compatible; DotBot/1.2; +https://opensiteexplorer.org/dotbot; help@moz.com)"
84.206.64.18 - - [11/Nov/2024:10:31:47 +0100] "GET /files/33_1998_mod_terv_080708.pdf HTTP/1.1" 200 473260 "https://www.google.com/" "Mozilla/5.0 (Windows NT 6.1; Win64; x64; rv:109.0) Gecko/20100101 Firefox/115.0"
84.206.64.18 - - [11/Nov/2024:10:31:47 +0100] "GET /favicon.ico HTTP/1.1" 404 57 "http://jogalkotas.hu/" "Mozilla/5.0 (Windows NT 6.1; Win64; x64; rv:109.0) Gecko/20100101 Firefox/115.0"
216.244.66.200 - - [11/Nov/2024:10:31:55 +0100] "GET /files/terv_2007_mszuneti_napok_munkarend-1.pdf HTTP/1.1" 200 107131 "-" "Mozilla/5.0 (compatible; DotBot/1.2; +https://opensiteexplorer.org/dotbot; help@moz.com)"
216.244.66.200 - - [11/Nov/2024:10:32:32 +0100] "GET /files/zenekari_enekkari_tam_mell_kamarazenekarok_070131.pdf HTTP/1.1" 200 106691 "-" "Mozilla/5.0 (compatible; DotBot/1.2; +https://opensiteexplorer.org/dotbot; help@moz.com)"
216.244.66.200 - - [11/Nov/2024:10:34:43 +0100] "GET /files/4377.pdf HTTP/1.1" 200 200758 "-" "Mozilla/5.0 (compatible; DotBot/1.2; +https://opensiteexplorer.org/dotbot; help@moz.com)"
216.244.66.200 - - [11/Nov/2024:10:35:21 +0100] "GET /files/KHEM_1371_3.doc HTTP/1.1" 200 113664 "-" "Mozilla/5.0 (compatible; DotBot/1.2; +https://opensiteexplorer.org/dotbot; help@moz.com)"
216.244.66.200 - - [11/Nov/2024:10:35:55 +0100] "GET /files/azonosito.zip HTTP/1.1" 200 38699 "-" "Mozilla/5.0 (compatible; DotBot/1.2; +https://opensiteexplorer.org/dotbot; help@moz.com)"
216.244.66.200 - - [11/Nov/2024:10:36:36 +0100] "GET /files/energetika.pdf HTTP/1.1" 200 306301 "-" "Mozilla/5.0 (compatible; DotBot/1.2; +https://opensiteexplorer.org/dotbot; help@moz.com)"
216.244.66.200 - - [11/Nov/2024:10:37:29 +0100] "GET /files/megfeleles.zip HTTP/1.1" 200 477434 "-" "Mozilla/5.0 (compatible; DotBot/1.2; +https://opensiteexplorer.org/dotbot; help@moz.com)"
216.244.66.200 - - [11/Nov/2024:10:38:19 +0100] "GET /files/1123_tamogatas_terv.pdf HTTP/1.1" 200 474538 "-" "Mozilla/5.0 (compatible; DotBot/1.2; +https://opensiteexplorer.org/dotbot; help@moz.com)"
216.244.66.200 - - [11/Nov/2024:10:38:53 +0100] "GET /files/93_2_tv_mod_kormeloterj.pdf HTTP/1.1" 200 179567 "-" "Mozilla/5.0 (compatible; DotBot/1.2; +https://opensiteexplorer.org/dotbot; help@moz.com)"
216.244.66.200 - - [11/Nov/2024:10:39:32 +0100] "GET /files/KHEM_1424_5normaszoveg.doc HTTP/1.1" 200 365056 "-" "Mozilla/5.0 (compatible; DotBot/1.2; +https://opensiteexplorer.org/dotbot; help@moz.com)"
216.244.66.200 - - [11/Nov/2024:10:40:06 +0100] "GET /files/KHEM_3649_10_norma.doc HTTP/1.1" 200 320512 "-" "Mozilla/5.0 (compatible; DotBot/1.2; +https://opensiteexplorer.org/dotbot; help@moz.com)"
47.128.29.183 - - [11/Nov/2024:10:43:28 +0100] "GET /taxonomy/term/55 HTTP/1.1" 200 - "-" "Mozilla/5.0 (Linux; Android 5.0) AppleWebKit/537.36 (KHTML, like Gecko) Mobile Safari/537.36 (compatible; Bytespider; spider-feedback@bytedance.com)"
185.220.101.132 - - [11/Nov/2024:10:43:39 +0100] "GET / HTTP/1.1" 200 - "jogalkotas.hu" "Mozilla/5.0 (Windows NT 5.1; rv:34.0) Gecko/20100101 Firefox/34.0"
66.249.72.66 - - [11/Nov/2024:10:45:16 +0100] "GET /files/norma_0317_kozigre.doc HTTP/1.1" 304 - "-" "Mozilla/5.0 (Linux; Android 6.0.1; Nexus 5X Build/MMB29P) AppleWebKit/537.36 (KHTML, like Gecko) Chrome/130.0.6723.69 Mobile Safari/537.36 (compatible; Googlebot/2.1; +http://www.google.com/bot.html)"
216.244.66.200 - - [11/Nov/2024:10:49:12 +0100] "GET /robots.txt HTTP/1.1" 200 1590 "-" "Mozilla/5.0 (compatible; DotBot/1.2; +https://opensiteexplorer.org/dotbot; help@moz.com)"
216.244.66.200 - - [11/Nov/2024:10:49:14 +0100] "GET /robots.txt HTTP/1.1" 200 1590 "-" "Mozilla/5.0 (compatible; DotBot/1.2; +https://opensiteexplorer.org/dotbot; help@moz.com)"
216.244.66.200 - - [11/Nov/2024:11:00:09 +0100] "GET /files/lakasrend_terv_070712.pdf HTTP/1.1" 200 235470 "-" "Mozilla/5.0 (compatible; DotBot/1.2; +https://opensiteexplorer.org/dotbot; help@moz.com)"
216.244.66.200 - - [11/Nov/2024:11:01:02 +0100] "GET /files/szoc_fogl_terv_071127.pdf HTTP/1.1" 200 184940 "-" "Mozilla/5.0 (compatible; DotBot/1.2; +https://opensiteexplorer.org/dotbot; help@moz.com)"
