141.138.208.43 - - [15/Nov/2024:05:23:40 +0100] "GET / HTTP/1.1" 200 - "-" "Mozilla/5.0 (Windows NT 10.0; Win64; x64) AppleWebKit/537.36 (KHTML, like Gecko) Chrome/122.0.0.0 Safari/537.3"
216.244.66.200 - - [15/Nov/2024:05:31:32 +0100] "GET /files/R218rendelet.pdf HTTP/1.1" 200 136006 "-" "Mozilla/5.0 (compatible; DotBot/1.2; +https://opensiteexplorer.org/dotbot; help@moz.com)"
216.244.66.200 - - [15/Nov/2024:05:32:16 +0100] "GET /files/TK137.pdf HTTP/1.1" 200 141877 "-" "Mozilla/5.0 (compatible; DotBot/1.2; +https://opensiteexplorer.org/dotbot; help@moz.com)"
216.244.66.200 - - [15/Nov/2024:05:32:56 +0100] "GET /files/TK150_2.pdf HTTP/1.1" 200 159287 "-" "Mozilla/5.0 (compatible; DotBot/1.2; +https://opensiteexplorer.org/dotbot; help@moz.com)"
216.244.66.200 - - [15/Nov/2024:05:33:40 +0100] "GET /files/TK77_3.pdf HTTP/1.1" 200 198383 "-" "Mozilla/5.0 (compatible; DotBot/1.2; +https://opensiteexplorer.org/dotbot; help@moz.com)"
216.244.66.200 - - [15/Nov/2024:05:34:17 +0100] "GET /files/TK84.doc HTTP/1.1" 200 81920 "-" "Mozilla/5.0 (compatible; DotBot/1.2; +https://opensiteexplorer.org/dotbot; help@moz.com)"
66.249.66.6 - - [15/Nov/2024:05:34:22 +0100] "GET /files/NFGM6633.pdf HTTP/1.1" 200 134462 "-" "Googlebot/2.1 (+http://www.google.com/bot.html)"
216.244.66.200 - - [15/Nov/2024:05:35:07 +0100] "GET /files/14per2007_mod_090710.doc HTTP/1.1" 200 428199 "-" "Mozilla/5.0 (compatible; DotBot/1.2; +https://opensiteexplorer.org/dotbot; help@moz.com)"
216.244.66.200 - - [15/Nov/2024:05:35:57 +0100] "GET /files/3762_1_nemz_fel_070129.pdf HTTP/1.1" 200 316708 "-" "Mozilla/5.0 (compatible; DotBot/1.2; +https://opensiteexplorer.org/dotbot; help@moz.com)"
216.244.66.200 - - [15/Nov/2024:05:36:48 +0100] "GET /files/Kkt+b__rs__grendelet_k__zigre.doc HTTP/1.1" 200 419513 "-" "Mozilla/5.0 (compatible; DotBot/1.2; +https://opensiteexplorer.org/dotbot; help@moz.com)"
216.244.66.200 - - [15/Nov/2024:05:37:23 +0100] "GET /files/afszkorm_eloterj_061207.pdf HTTP/1.1" 200 183299 "-" "Mozilla/5.0 (compatible; DotBot/1.2; +https://opensiteexplorer.org/dotbot; help@moz.com)"
216.244.66.200 - - [15/Nov/2024:05:38:09 +0100] "GET /files/itkr_2008_eloterjesztes.pdf HTTP/1.1" 200 287744 "-" "Mozilla/5.0 (compatible; DotBot/1.2; +https://opensiteexplorer.org/dotbot; help@moz.com)"
216.244.66.200 - - [15/Nov/2024:05:39:02 +0100] "GET /files/kormeloterj_mnekk_alapokmod-1.pdf HTTP/1.1" 200 422247 "-" "Mozilla/5.0 (compatible; DotBot/1.2; +https://opensiteexplorer.org/dotbot; help@moz.com)"
216.244.66.200 - - [15/Nov/2024:05:39:41 +0100] "GET /files/ktv_mod_terv_070322.pdf HTTP/1.1" 200 400216 "-" "Mozilla/5.0 (compatible; DotBot/1.2; +https://opensiteexplorer.org/dotbot; help@moz.com)"
216.244.66.200 - - [15/Nov/2024:05:40:15 +0100] "GET /files/kulfoldi_szolgalat_jarandosagok.pdf HTTP/1.1" 200 119949 "-" "Mozilla/5.0 (compatible; DotBot/1.2; +https://opensiteexplorer.org/dotbot; help@moz.com)"
216.244.66.200 - - [15/Nov/2024:05:40:53 +0100] "GET /files/minosdij_es_cim_terv_090114.pdf HTTP/1.1" 200 335752 "-" "Mozilla/5.0 (compatible; DotBot/1.2; +https://opensiteexplorer.org/dotbot; help@moz.com)"
216.244.66.200 - - [15/Nov/2024:05:41:29 +0100] "GET /files/tervezet_kerka.pdf HTTP/1.1" 200 183299 "-" "Mozilla/5.0 (compatible; DotBot/1.2; +https://opensiteexplorer.org/dotbot; help@moz.com)"
216.244.66.200 - - [15/Nov/2024:05:42:01 +0100] "GET /files/tervezetrendelet_2007-08-30.pdf HTTP/1.1" 200 135726 "-" "Mozilla/5.0 (compatible; DotBot/1.2; +https://opensiteexplorer.org/dotbot; help@moz.com)"
216.244.66.200 - - [15/Nov/2024:05:42:30 +0100] "GET /files/vasutbiz_tanusit.zip HTTP/1.1" 200 22098 "-" "Mozilla/5.0 (compatible; DotBot/1.2; +https://opensiteexplorer.org/dotbot; help@moz.com)"
216.244.66.200 - - [15/Nov/2024:05:42:59 +0100] "GET /files/217per1997_es_102per1995kr_mod_2008_1210.doc HTTP/1.1" 200 97280 "-" "Mozilla/5.0 (compatible; DotBot/1.2; +https://opensiteexplorer.org/dotbot; help@moz.com)"
216.244.66.200 - - [15/Nov/2024:05:43:28 +0100] "GET /files/abaujkeri_aranyosvolgy_tervezet_kozig.pdf HTTP/1.1" 200 189906 "-" "Mozilla/5.0 (compatible; DotBot/1.2; +https://opensiteexplorer.org/dotbot; help@moz.com)"
216.244.66.200 - - [15/Nov/2024:05:43:54 +0100] "GET /files/e_beszamolo_rendelet-tervezet_03.12..doc HTTP/1.1" 200 75776 "-" "Mozilla/5.0 (compatible; DotBot/1.2; +https://opensiteexplorer.org/dotbot; help@moz.com)"
216.244.66.200 - - [15/Nov/2024:05:44:20 +0100] "GET /files/fert_betegs_jarvany_int_min_rend_terv.doc HTTP/1.1" 200 37888 "-" "Mozilla/5.0 (compatible; DotBot/1.2; +https://opensiteexplorer.org/dotbot; help@moz.com)"
216.244.66.200 - - [15/Nov/2024:05:44:45 +0100] "GET /files/irm_hm_ptnm_egyuttes_rendelet_tervezt_legifelvetel.pdf HTTP/1.1" 200 92832 "-" "Mozilla/5.0 (compatible; DotBot/1.2; +https://opensiteexplorer.org/dotbot; help@moz.com)"
216.244.66.200 - - [15/Nov/2024:05:45:39 +0100] "GET /files/rekl%C3%83%C2%A1moz%C3%83%C2%A1s-normasz%C3%83%C2%B6veg.doc HTTP/1.1" 200 - "-" "Mozilla/5.0 (compatible; DotBot/1.2; +https://opensiteexplorer.org/dotbot; help@moz.com)"
66.249.66.4 - - [15/Nov/2024:05:53:21 +0100] "GET /files/27_2001_hm_r_mod_20080410.pdf HTTP/1.1" 200 124624 "-" "Mozilla/5.0 (Linux; Android 6.0.1; Nexus 5X Build/MMB29P) AppleWebKit/537.36 (KHTML, like Gecko) Chrome/131.0.6778.69 Mobile Safari/537.36 (compatible; GoogleOther)"
66.249.66.85 - - [15/Nov/2024:06:23:36 +0100] "GET /files/51995[1].pdf HTTP/1.1" 304 - "-" "Mozilla/5.0 (Linux; Android 6.0.1; Nexus 5X Build/MMB29P) AppleWebKit/537.36 (KHTML, like Gecko) Chrome/131.0.6778.69 Mobile Safari/537.36 (compatible; Googlebot/2.1; +http://www.google.com/bot.html)"
66.249.66.4 - - [15/Nov/2024:06:38:19 +0100] "GET /files/kollegium_terv_090922.pdf HTTP/1.1" 200 191630 "-" "Mozilla/5.0 (Linux; Android 6.0.1; Nexus 5X Build/MMB29P) AppleWebKit/537.36 (KHTML, like Gecko) Chrome/131.0.6778.69 Mobile Safari/537.36 (compatible; GoogleOther)"
66.249.66.85 - - [15/Nov/2024:06:42:31 +0100] "GET /files/cegbejegyz_cegnyilv_08.12.doc HTTP/1.1" 304 - "-" "Mozilla/5.0 (Linux; Android 6.0.1; Nexus 5X Build/MMB29P) AppleWebKit/537.36 (KHTML, like Gecko) Chrome/131.0.6778.69 Mobile Safari/537.36 (compatible; Googlebot/2.1; +http://www.google.com/bot.html)"
216.244.66.200 - - [15/Nov/2024:06:58:38 +0100] "GET /robots.txt HTTP/1.1" 200 1590 "-" "Mozilla/5.0 (compatible; DotBot/1.2; +https://opensiteexplorer.org/dotbot; help@moz.com)"
216.244.66.200 - - [15/Nov/2024:06:58:38 +0100] "GET /robots.txt HTTP/1.1" 200 1590 "-" "Mozilla/5.0 (compatible; DotBot/1.2; +https://opensiteexplorer.org/dotbot; help@moz.com)"
37.113.52.224 - - [15/Nov/2024:07:04:05 +0100] "GET / HTTP/1.0" 200 - "-" "Mozilla/5.0 (Windows NT 6.3; Win64; x64) AppleWebKit/537.36 (KHTML, like Gecko) Chrome/75.0.3770.100 Safari/537.36"
216.244.66.200 - - [15/Nov/2024:07:05:58 +0100] "GET /files/gyermekszegenyseg_tervezet_5_melleklet_070125.pdf HTTP/1.1" 200 321052 "-" "Mozilla/5.0 (compatible; DotBot/1.2; +https://opensiteexplorer.org/dotbot; help@moz.com)"
54.193.33.74 - - [15/Nov/2024:07:07:21 +0100] "GET / HTTP/1.1" 200 - "-" "bitdiscovery-suggestions"
216.244.66.200 - - [15/Nov/2024:07:07:31 +0100] "GET /files/KHEM_3762_8.doc HTTP/1.1" 200 199680 "-" "Mozilla/5.0 (compatible; DotBot/1.2; +https://opensiteexplorer.org/dotbot; help@moz.com)"
216.244.66.200 - - [15/Nov/2024:07:08:19 +0100] "GET /files/TK56_2.pdf HTTP/1.1" 200 222673 "-" "Mozilla/5.0 (compatible; DotBot/1.2; +https://opensiteexplorer.org/dotbot; help@moz.com)"
216.244.66.200 - - [15/Nov/2024:07:08:51 +0100] "GET /files/keres_nyilv.zip HTTP/1.1" 200 24310 "-" "Mozilla/5.0 (compatible; DotBot/1.2; +https://opensiteexplorer.org/dotbot; help@moz.com)"
216.244.66.200 - - [15/Nov/2024:07:09:56 +0100] "GET /files/KHEM_4136_6_norma.doc HTTP/1.1" 200 341319 "-" "Mozilla/5.0 (compatible; DotBot/1.2; +https://opensiteexplorer.org/dotbot; help@moz.com)"
216.244.66.200 - - [15/Nov/2024:07:10:46 +0100] "GET /files/alap_mester_terv_080415.pdf HTTP/1.1" 200 426754 "-" "Mozilla/5.0 (compatible; DotBot/1.2; +https://opensiteexplorer.org/dotbot; help@moz.com)"
216.244.66.200 - - [15/Nov/2024:07:11:21 +0100] "GET /files/igazsagugyiszakertoalapvizsga.doc HTTP/1.1" 200 110080 "-" "Mozilla/5.0 (compatible; DotBot/1.2; +https://opensiteexplorer.org/dotbot; help@moz.com)"
216.244.66.200 - - [15/Nov/2024:07:12:06 +0100] "GET /files/korkedv_korm_terv_070626.pdf HTTP/1.1" 200 321965 "-" "Mozilla/5.0 (compatible; DotBot/1.2; +https://opensiteexplorer.org/dotbot; help@moz.com)"
216.244.66.200 - - [15/Nov/2024:07:13:00 +0100] "GET /files/m60_boly_pecs.pdf HTTP/1.1" 200 461664 "-" "Mozilla/5.0 (compatible; DotBot/1.2; +https://opensiteexplorer.org/dotbot; help@moz.com)"
216.244.66.200 - - [15/Nov/2024:07:13:45 +0100] "GET /files/minosegbizt_terv_07308.pdf HTTP/1.1" 200 308830 "-" "Mozilla/5.0 (compatible; DotBot/1.2; +https://opensiteexplorer.org/dotbot; help@moz.com)"
216.244.66.200 - - [15/Nov/2024:07:14:35 +0100] "GET /files/minosegbiztositas_terv_080220.pdf HTTP/1.1" 200 406357 "-" "Mozilla/5.0 (compatible; DotBot/1.2; +https://opensiteexplorer.org/dotbot; help@moz.com)"
216.244.66.200 - - [15/Nov/2024:07:15:19 +0100] "GET /files/okirattariterv.pdf HTTP/1.1" 200 411997 "-" "Mozilla/5.0 (compatible; DotBot/1.2; +https://opensiteexplorer.org/dotbot; help@moz.com)"
216.244.66.200 - - [15/Nov/2024:07:16:10 +0100] "GET /files/riepst_terv_100412.pdf HTTP/1.1" 200 874188 "-" "Mozilla/5.0 (compatible; DotBot/1.2; +https://opensiteexplorer.org/dotbot; help@moz.com)"
216.244.66.200 - - [15/Nov/2024:07:16:50 +0100] "GET /files/szocialis_intezmenyek.pdf HTTP/1.1" 200 355814 "-" "Mozilla/5.0 (compatible; DotBot/1.2; +https://opensiteexplorer.org/dotbot; help@moz.com)"
66.249.66.5 - - [15/Nov/2024:07:16:56 +0100] "GET /files/im_rendelet_a_cstv_szerinti.pdf HTTP/1.1" 304 - "-" "Mozilla/5.0 (Linux; Android 6.0.1; Nexus 5X Build/MMB29P) AppleWebKit/537.36 (KHTML, like Gecko) Chrome/131.0.6778.69 Mobile Safari/537.36 (compatible; Googlebot/2.1; +http://www.google.com/bot.html)"
216.244.66.200 - - [15/Nov/2024:07:17:24 +0100] "GET /files/tervezet_tallyai.pdf HTTP/1.1" 200 144068 "-" "Mozilla/5.0 (compatible; DotBot/1.2; +https://opensiteexplorer.org/dotbot; help@moz.com)"
216.244.66.200 - - [15/Nov/2024:07:17:56 +0100] "GET /files/drogback_eloterj_5_indokolas_061129.pdf HTTP/1.1" 200 96381 "-" "Mozilla/5.0 (compatible; DotBot/1.2; +https://opensiteexplorer.org/dotbot; help@moz.com)"
216.244.66.200 - - [15/Nov/2024:07:18:26 +0100] "GET /files/etrend_tervezet_37per2004_081028.doc HTTP/1.1" 200 239616 "-" "Mozilla/5.0 (compatible; DotBot/1.2; +https://opensiteexplorer.org/dotbot; help@moz.com)"
216.244.66.200 - - [15/Nov/2024:07:18:57 +0100] "GET /files/rendelet_szolg._szab._modositas_januar.pdf HTTP/1.1" 200 254261 "-" "Mozilla/5.0 (compatible; DotBot/1.2; +https://opensiteexplorer.org/dotbot; help@moz.com)"
216.244.66.200 - - [15/Nov/2024:07:19:56 +0100] "GET /files/t%C3%83%C2%A1rc%C3%83%C2%A1ra_07.01.30.1.doc HTTP/1.1" 200 - "-" "Mozilla/5.0 (compatible; DotBot/1.2; +https://opensiteexplorer.org/dotbot; help@moz.com)"
216.244.66.200 - - [15/Nov/2024:07:20:46 +0100] "GET /files/%C3%83%C2%A1rr%C3%83%C2%A9s-normasz%C3%83%C2%B6veg-indokol%C3%83%C2%A1s.doc HTTP/1.1" 200 - "-" "Mozilla/5.0 (compatible; DotBot/1.2; +https://opensiteexplorer.org/dotbot; help@moz.com)"
216.244.66.200 - - [15/Nov/2024:07:21:36 +0100] "GET /files/Alapitvanyok_nyilvantartasanak_%C3%83%C2%BCgyviteli_szabalyairol.pdf HTTP/1.1" 200 - "-" "Mozilla/5.0 (compatible; DotBot/1.2; +https://opensiteexplorer.org/dotbot; help@moz.com)"
66.249.66.4 - - [15/Nov/2024:07:23:21 +0100] "GET /files/Tuzszolszab..pdf HTTP/1.1" 200 424954 "-" "Mozilla/5.0 (Linux; Android 6.0.1; Nexus 5X Build/MMB29P) AppleWebKit/537.36 (KHTML, like Gecko) Chrome/131.0.6778.69 Mobile Safari/537.36 (compatible; GoogleOther)"
216.244.66.200 - - [15/Nov/2024:07:24:20 +0100] "GET /files/ETV%20m%C3%83%C2%B3dos%C3%83%C2%ADt%C3%83%C2%A1s%20v%C3%83%C2%A9gleges%20v%C3%83%C2%A9lem%C3%83%C2%A9ny.doc HTTP/1.1" 200 - "-" "Mozilla/5.0 (compatible; DotBot/1.2; +https://opensiteexplorer.org/dotbot; help@moz.com)"
66.249.66.87 - - [15/Nov/2024:07:25:06 +0100] "GET / HTTP/1.1" 200 - "-" "Mozilla/5.0 (compatible; Googlebot/2.1; +http://www.google.com/bot.html)"
66.249.66.85 - - [15/Nov/2024:07:25:38 +0100] "GET / HTTP/1.1" 200 - "-" "Mozilla/5.0 (Linux; Android 6.0.1; Nexus 5X Build/MMB29P) AppleWebKit/537.36 (KHTML, like Gecko) Chrome/99.0.4844.84 Mobile Safari/537.36 (compatible; Googlebot/2.1; +http://www.google.com/bot.html)"
66.249.66.85 - - [15/Nov/2024:07:26:10 +0100] "GET / HTTP/1.1" 200 - "-" "Mozilla/5.0 (compatible; Googlebot/2.1; +http://www.google.com/bot.html)"
66.249.66.85 - - [15/Nov/2024:07:26:42 +0100] "GET / HTTP/1.1" 200 - "-" "Mozilla/5.0 (Linux; Android 6.0.1; Nexus 5X Build/MMB29P) AppleWebKit/537.36 (KHTML, like Gecko) Chrome/131.0.6778.69 Mobile Safari/537.36 (compatible; Googlebot/2.1; +http://www.google.com/bot.html)"
66.249.66.86 - - [15/Nov/2024:07:35:24 +0100] "GET /files/3762_1_nemz_fel_070129.pdf HTTP/1.1" 200 346040 "-" "Googlebot/2.1 (+http://www.google.com/bot.html)"
66.249.66.6 - - [15/Nov/2024:07:39:42 +0100] "GET /files/szszital_foldrajzi_arujelzo_korm_tervezet.pdf HTTP/1.1" 200 74219 "-" "Googlebot/2.1 (+http://www.google.com/bot.html)"
66.249.66.6 - - [15/Nov/2024:07:40:58 +0100] "GET /files/ekozig_strategia.pdf HTTP/1.1" 200 731185 "-" "Googlebot/2.1 (+http://www.google.com/bot.html)"
216.244.66.200 - - [15/Nov/2024:07:47:47 +0100] "GET /robots.txt HTTP/1.1" 200 1590 "-" "Mozilla/5.0 (compatible; DotBot/1.2; +https://opensiteexplorer.org/dotbot; help@moz.com)"
216.244.66.200 - - [15/Nov/2024:07:47:47 +0100] "GET /robots.txt HTTP/1.1" 200 1590 "-" "Mozilla/5.0 (compatible; DotBot/1.2; +https://opensiteexplorer.org/dotbot; help@moz.com)"
216.244.66.200 - - [15/Nov/2024:07:54:49 +0100] "GET /files/mentes_gyogyszerrendeles_min_rend_terv_0909011.doc HTTP/1.1" 200 348561 "-" "Mozilla/5.0 (compatible; DotBot/1.2; +https://opensiteexplorer.org/dotbot; help@moz.com)"
216.244.66.200 - - [15/Nov/2024:07:55:12 +0100] "GET /files/2006.doc HTTP/1.1" 200 56832 "-" "Mozilla/5.0 (compatible; DotBot/1.2; +https://opensiteexplorer.org/dotbot; help@moz.com)"
216.244.66.200 - - [15/Nov/2024:07:55:26 +0100] "GET /files/2008dec.pdf HTTP/1.1" 200 82989 "-" "Mozilla/5.0 (compatible; DotBot/1.2; +https://opensiteexplorer.org/dotbot; help@moz.com)"
216.244.66.200 - - [15/Nov/2024:07:55:49 +0100] "GET /files/2394_joghjav.doc HTTP/1.1" 200 80896 "-" "Mozilla/5.0 (compatible; DotBot/1.2; +https://opensiteexplorer.org/dotbot; help@moz.com)"
216.244.66.200 - - [15/Nov/2024:07:56:10 +0100] "GET /files/R3263.pdf HTTP/1.1" 200 130611 "-" "Mozilla/5.0 (compatible; DotBot/1.2; +https://opensiteexplorer.org/dotbot; help@moz.com)"
216.244.66.200 - - [15/Nov/2024:07:56:49 +0100] "GET /files/einfo_080310.pdf HTTP/1.1" 200 84163 "-" "Mozilla/5.0 (compatible; DotBot/1.2; +https://opensiteexplorer.org/dotbot; help@moz.com)"
216.244.66.200 - - [15/Nov/2024:07:57:37 +0100] "GET /files/ippc.pdf HTTP/1.1" 200 251837 "-" "Mozilla/5.0 (compatible; DotBot/1.2; +https://opensiteexplorer.org/dotbot; help@moz.com)"
216.244.66.200 - - [15/Nov/2024:07:58:20 +0100] "GET /files/jogszabszerk.pdf HTTP/1.1" 200 206549 "-" "Mozilla/5.0 (compatible; DotBot/1.2; +https://opensiteexplorer.org/dotbot; help@moz.com)"
216.244.66.200 - - [15/Nov/2024:07:58:52 +0100] "GET /files/muszaki.zip HTTP/1.1" 200 17583 "-" "Mozilla/5.0 (compatible; DotBot/1.2; +https://opensiteexplorer.org/dotbot; help@moz.com)"
216.244.66.200 - - [15/Nov/2024:07:59:40 +0100] "GET /files/terrend_info.zip HTTP/1.1" 200 302002 "-" "Mozilla/5.0 (compatible; DotBot/1.2; +https://opensiteexplorer.org/dotbot; help@moz.com)"
216.244.66.200 - - [15/Nov/2024:08:00:44 +0100] "GET /files/gy%C3%83%C2%B3gyszerek%20gy%C3%83%C2%B3gy%C3%83%C2%A1szati%20seg%C3%83%C2%A9deszk%C3%83%C2%B6z%C3%83%C2%B6k%20normasz%C3%83%C2%B6veg.doc HTTP/1.1" 200 - "-" "Mozilla/5.0 (compatible; DotBot/1.2; +https://opensiteexplorer.org/dotbot; help@moz.com)"
216.244.66.200 - - [15/Nov/2024:08:01:05 +0100] "GET /files/0306_TOC_92_43_EKir_csiga.doc HTTP/1.1" 200 134144 "-" "Mozilla/5.0 (compatible; DotBot/1.2; +https://opensiteexplorer.org/dotbot; help@moz.com)"
66.249.66.85 - - [15/Nov/2024:08:01:34 +0100] "GET /files/b_3327_muemlek_061129.pdf HTTP/1.1" 200 484555 "-" "Mozilla/5.0 (Linux; Android 6.0.1; Nexus 5X Build/MMB29P) AppleWebKit/537.36 (KHTML, like Gecko) Chrome/131.0.6778.69 Mobile Safari/537.36 (compatible; Googlebot/2.1; +http://www.google.com/bot.html)"
216.244.66.200 - - [15/Nov/2024:08:01:57 +0100] "GET /files/0817_Mell_kletek_bioszf_ra.zip HTTP/1.1" 200 393450 "-" "Mozilla/5.0 (compatible; DotBot/1.2; +https://opensiteexplorer.org/dotbot; help@moz.com)"
216.244.66.200 - - [15/Nov/2024:08:02:27 +0100] "GET /files/1c_cegvhr_2_sz_melleklete.doc HTTP/1.1" 200 26112 "-" "Mozilla/5.0 (compatible; DotBot/1.2; +https://opensiteexplorer.org/dotbot; help@moz.com)"
216.244.66.200 - - [15/Nov/2024:08:03:01 +0100] "GET /files/27_2002hm_rend_honlapra.pdf HTTP/1.1" 200 91754 "-" "Mozilla/5.0 (compatible; DotBot/1.2; +https://opensiteexplorer.org/dotbot; help@moz.com)"
216.244.66.200 - - [15/Nov/2024:08:03:36 +0100] "GET /files/3_2004_om_fmm_mod_061214.pdf HTTP/1.1" 200 257074 "-" "Mozilla/5.0 (compatible; DotBot/1.2; +https://opensiteexplorer.org/dotbot; help@moz.com)"
216.244.66.200 - - [15/Nov/2024:08:04:09 +0100] "GET /files/Termekdij_vhr_KOZIG.pdf HTTP/1.1" 200 187039 "-" "Mozilla/5.0 (compatible; DotBot/1.2; +https://opensiteexplorer.org/dotbot; help@moz.com)"
216.244.66.200 - - [15/Nov/2024:08:04:58 +0100] "GET /files/felsoo_terv_071105.pdf HTTP/1.1" 200 805124 "-" "Mozilla/5.0 (compatible; DotBot/1.2; +https://opensiteexplorer.org/dotbot; help@moz.com)"
216.244.66.200 - - [15/Nov/2024:08:05:38 +0100] "GET /files/fgaz_ozon_kozig_eloterj.doc HTTP/1.1" 200 365568 "-" "Mozilla/5.0 (compatible; DotBot/1.2; +https://opensiteexplorer.org/dotbot; help@moz.com)"
216.244.66.200 - - [15/Nov/2024:08:06:10 +0100] "GET /files/kjt53terv_070814.pdf HTTP/1.1" 200 187825 "-" "Mozilla/5.0 (compatible; DotBot/1.2; +https://opensiteexplorer.org/dotbot; help@moz.com)"
216.244.66.200 - - [15/Nov/2024:08:06:43 +0100] "GET /files/megv_mkepesseg_070108.pdf HTTP/1.1" 200 234129 "-" "Mozilla/5.0 (compatible; DotBot/1.2; +https://opensiteexplorer.org/dotbot; help@moz.com)"
52.167.144.200 - - [15/Nov/2024:08:07:10 +0100] "GET /files/emva_ekv_velemenyezesre.pdf HTTP/1.1" 200 1000993 "-" "Mozilla/5.0 AppleWebKit/537.36 (KHTML, like Gecko; compatible; bingbot/2.0; +http://www.bing.com/bingbot.htm) Chrome/116.0.1938.76 Safari/537.36"
216.244.66.200 - - [15/Nov/2024:08:07:12 +0100] "GET /files/minimunfeltetel_mod.doc HTTP/1.1" 200 30208 "-" "Mozilla/5.0 (compatible; DotBot/1.2; +https://opensiteexplorer.org/dotbot; help@moz.com)"
216.244.66.200 - - [15/Nov/2024:08:07:41 +0100] "GET /files/ptk._szemelyek.pdf HTTP/1.1" 200 180749 "-" "Mozilla/5.0 (compatible; DotBot/1.2; +https://opensiteexplorer.org/dotbot; help@moz.com)"
216.244.66.200 - - [15/Nov/2024:08:08:11 +0100] "GET /files/startplusz_terv_060919.pdf HTTP/1.1" 200 250189 "-" "Mozilla/5.0 (compatible; DotBot/1.2; +https://opensiteexplorer.org/dotbot; help@moz.com)"
66.249.66.85 - - [15/Nov/2024:08:08:22 +0100] "GET /files/OHT_II_febr2.pdf HTTP/1.1" 200 994566 "-" "Mozilla/5.0 (Linux; Android 6.0.1; Nexus 5X Build/MMB29P) AppleWebKit/537.36 (KHTML, like Gecko) Chrome/131.0.6778.69 Mobile Safari/537.36 (compatible; GoogleOther)"
216.244.66.200 - - [15/Nov/2024:08:09:10 +0100] "GET /taxonomy/term/55/0/feed HTTP/1.1" 200 - "-" "Mozilla/5.0 (compatible; DotBot/1.2; +https://opensiteexplorer.org/dotbot; help@moz.com)"
216.244.66.200 - - [15/Nov/2024:08:09:30 +0100] "GET /files/2008._iskolatej_fvmr_szakmra07_11_29.pdf HTTP/1.1" 200 497893 "-" "Mozilla/5.0 (compatible; DotBot/1.2; +https://opensiteexplorer.org/dotbot; help@moz.com)"
216.244.66.200 - - [15/Nov/2024:08:10:01 +0100] "GET /files/32per2004_ESzCsM_rend_mod_100322.doc HTTP/1.1" 200 148480 "-" "Mozilla/5.0 (compatible; DotBot/1.2; +https://opensiteexplorer.org/dotbot; help@moz.com)"
216.244.66.200 - - [15/Nov/2024:08:10:32 +0100] "GET /files/Cstv_1433-1346-EK-40C-17-2006-IRMVhrmod0717.doc HTTP/1.1" 200 434176 "-" "Mozilla/5.0 (compatible; DotBot/1.2; +https://opensiteexplorer.org/dotbot; help@moz.com)"
216.244.66.200 - - [15/Nov/2024:08:11:01 +0100] "GET /files/drogback_eloterj_1_fedlap_061129.pdf HTTP/1.1" 200 87970 "-" "Mozilla/5.0 (compatible; DotBot/1.2; +https://opensiteexplorer.org/dotbot; help@moz.com)"
216.244.66.200 - - [15/Nov/2024:08:11:28 +0100] "GET /files/hm_katasztrofavedelmi_rendelet_tervezet.pdf HTTP/1.1" 200 139665 "-" "Mozilla/5.0 (compatible; DotBot/1.2; +https://opensiteexplorer.org/dotbot; help@moz.com)"
216.244.66.200 - - [15/Nov/2024:08:12:26 +0100] "GET /user/64/notify HTTP/1.1" 200 - "-" "Mozilla/5.0 (compatible; DotBot/1.2; +https://opensiteexplorer.org/dotbot; help@moz.com)"
216.244.66.200 - - [15/Nov/2024:08:13:16 +0100] "GET /files/21_2005___vi__16___e%C3%83%C2%BCm_rendelet_m%C3%83%C2%B3dos%C3%83%C2%ADt%C3%83%C2%A1sa_6.doc HTTP/1.1" 200 - "-" "Mozilla/5.0 (compatible; DotBot/1.2; +https://opensiteexplorer.org/dotbot; help@moz.com)"
216.244.66.200 - - [15/Nov/2024:08:13:35 +0100] "GET /files/Nemzetkozi_szerzodesekkel_kapcsolatos_eljarasrol_szolo_2005.evi_L.torveny_modositasarol.pdf HTTP/1.1" 200 155881 "-" "Mozilla/5.0 (compatible; DotBot/1.2; +https://opensiteexplorer.org/dotbot; help@moz.com)"
216.244.66.200 - - [15/Nov/2024:08:14:37 +0100] "GET /files/VHR_Mod+III_1204_T%C3%83%C2%A1rcak%C3%83%C2%B6r%C3%83%C2%B6z%C3%83%C2%A9s.doc HTTP/1.1" 200 - "-" "Mozilla/5.0 (compatible; DotBot/1.2; +https://opensiteexplorer.org/dotbot; help@moz.com)"
216.244.66.200 - - [15/Nov/2024:08:15:29 +0100] "GET /files/megfelel%C3%83%C2%A9si%20t%C3%83%C2%A1bl%C3%83%C2%A1zat-2006-22-ek.doc HTTP/1.1" 200 - "-" "Mozilla/5.0 (compatible; DotBot/1.2; +https://opensiteexplorer.org/dotbot; help@moz.com)"
78.31.239.21 - - [15/Nov/2024:08:24:07 +0100] "GET /files/birosagiui.doc HTTP/1.1" 200 210432 "https://www.google.hu/" "Mozilla/5.0 (Windows NT 10.0; Win64; x64) AppleWebKit/537.36 (KHTML, like Gecko) Chrome/130.0.0.0 Safari/537.36"
216.244.66.200 - - [15/Nov/2024:08:34:46 +0100] "GET /robots.txt HTTP/1.1" 200 1590 "-" "Mozilla/5.0 (compatible; DotBot/1.2; +https://opensiteexplorer.org/dotbot; help@moz.com)"
216.244.66.200 - - [15/Nov/2024:08:34:46 +0100] "GET /robots.txt HTTP/1.1" 200 1590 "-" "Mozilla/5.0 (compatible; DotBot/1.2; +https://opensiteexplorer.org/dotbot; help@moz.com)"
66.249.66.6 - - [15/Nov/2024:08:38:21 +0100] "GET /files/szallashely_kormr_terv_090804.pdf HTTP/1.1" 200 161553 "-" "Mozilla/5.0 (Linux; Android 6.0.1; Nexus 5X Build/MMB29P) AppleWebKit/537.36 (KHTML, like Gecko) Chrome/131.0.6778.69 Mobile Safari/537.36 (compatible; GoogleOther)"
216.244.66.200 - - [15/Nov/2024:08:48:43 +0100] "GET /files/9_1993___iv__2___nm_rendelet_m%C3%83%C2%B3dos%C3%83%C2%ADt%C3%83%C2%A1sa_6.doc HTTP/1.1" 200 - "-" "Mozilla/5.0 (compatible; DotBot/1.2; +https://opensiteexplorer.org/dotbot; help@moz.com)"
216.244.66.200 - - [15/Nov/2024:08:49:14 +0100] "GET /files/A%20mened%C3%83%C2%A9kjogr%C3%83%C2%B3l%20sz%C3%83%C2%B3l%C3%83%C2%B3%202007.%20%C3%83%C2%A9vi%20LXXX.doc HTTP/1.1" 200 - "-" "Mozilla/5.0 (compatible; DotBot/1.2; +https://opensiteexplorer.org/dotbot; help@moz.com)"
216.244.66.200 - - [15/Nov/2024:08:49:55 +0100] "GET /files/rezidensk%C3%83%C2%A9pz%C3%83%C2%A9s%20t%C3%83%C2%A1rc%C3%83%C2%A1ra.doc HTTP/1.1" 200 - "-" "Mozilla/5.0 (compatible; DotBot/1.2; +https://opensiteexplorer.org/dotbot; help@moz.com)"
216.244.66.200 - - [15/Nov/2024:08:50:19 +0100] "GET /files/1214_5_mell.xls HTTP/1.1" 200 22528 "-" "Mozilla/5.0 (compatible; DotBot/1.2; +https://opensiteexplorer.org/dotbot; help@moz.com)"
216.244.66.200 - - [15/Nov/2024:08:50:53 +0100] "GET /files/17734_7.pdf HTTP/1.1" 200 108051 "-" "Mozilla/5.0 (compatible; DotBot/1.2; +https://opensiteexplorer.org/dotbot; help@moz.com)"
216.244.66.200 - - [15/Nov/2024:08:51:31 +0100] "GET /files/18226_8.pdf HTTP/1.1" 200 271600 "-" "Mozilla/5.0 (compatible; DotBot/1.2; +https://opensiteexplorer.org/dotbot; help@moz.com)"
216.244.66.200 - - [15/Nov/2024:08:52:07 +0100] "GET /files/dijfizetes.pdf HTTP/1.1" 200 117582 "-" "Mozilla/5.0 (compatible; DotBot/1.2; +https://opensiteexplorer.org/dotbot; help@moz.com)"
52.167.144.197 - - [15/Nov/2024:08:52:31 +0100] "GET /node/31 HTTP/1.1" 200 - "-" "Mozilla/5.0 AppleWebKit/537.36 (KHTML, like Gecko; compatible; bingbot/2.0; +http://www.bing.com/bingbot.htm) Chrome/116.0.1938.76 Safari/537.36"
216.244.66.200 - - [15/Nov/2024:08:52:37 +0100] "GET /files/ved_elektr.zip HTTP/1.1" 200 18467 "-" "Mozilla/5.0 (compatible; DotBot/1.2; +https://opensiteexplorer.org/dotbot; help@moz.com)"
52.167.144.197 - - [15/Nov/2024:08:53:04 +0100] "GET /node/31 HTTP/1.1" 200 - "-" "Mozilla/5.0 AppleWebKit/537.36 (KHTML, like Gecko; compatible; bingbot/2.0; +http://www.bing.com/bingbot.htm) Chrome/116.0.1938.76 Safari/537.36"
216.244.66.200 - - [15/Nov/2024:08:53:38 +0100] "GET /user/158/notify HTTP/1.1" 200 - "-" "Mozilla/5.0 (compatible; DotBot/1.2; +https://opensiteexplorer.org/dotbot; help@moz.com)"
216.244.66.200 - - [15/Nov/2024:08:53:59 +0100] "GET /files/20per1996_nm_rend_mod_090522.doc HTTP/1.1" 200 279040 "-" "Mozilla/5.0 (compatible; DotBot/1.2; +https://opensiteexplorer.org/dotbot; help@moz.com)"
216.244.66.200 - - [15/Nov/2024:08:54:30 +0100] "GET /files/223visszamutatas.pdf HTTP/1.1" 200 189463 "-" "Mozilla/5.0 (compatible; DotBot/1.2; +https://opensiteexplorer.org/dotbot; help@moz.com)"
216.244.66.200 - - [15/Nov/2024:08:55:01 +0100] "GET /files/4265_szamhordozhatosag.doc HTTP/1.1" 200 135680 "-" "Mozilla/5.0 (compatible; DotBot/1.2; +https://opensiteexplorer.org/dotbot; help@moz.com)"
216.244.66.200 - - [15/Nov/2024:08:55:29 +0100] "GET /files/4_efizetes_illetek_es_koltseg.doc HTTP/1.1" 200 59904 "-" "Mozilla/5.0 (compatible; DotBot/1.2; +https://opensiteexplorer.org/dotbot; help@moz.com)"
216.244.66.200 - - [15/Nov/2024:08:55:57 +0100] "GET /files/KHEM_2858_norma.doc HTTP/1.1" 200 186368 "-" "Mozilla/5.0 (compatible; DotBot/1.2; +https://opensiteexplorer.org/dotbot; help@moz.com)"
216.244.66.200 - - [15/Nov/2024:08:56:25 +0100] "GET /files/NKP-III_tervezet_0324.pdf HTTP/1.1" 200 122086 "-" "Mozilla/5.0 (compatible; DotBot/1.2; +https://opensiteexplorer.org/dotbot; help@moz.com)"
216.244.66.200 - - [15/Nov/2024:08:56:51 +0100] "GET /files/alapf_muv_okt_korm_rend_060214.pdf HTTP/1.1" 200 158587 "-" "Mozilla/5.0 (compatible; DotBot/1.2; +https://opensiteexplorer.org/dotbot; help@moz.com)"
216.244.66.200 - - [15/Nov/2024:08:57:17 +0100] "GET /files/eloterjesztes_be.doc HTTP/1.1" 200 393216 "-" "Mozilla/5.0 (compatible; DotBot/1.2; +https://opensiteexplorer.org/dotbot; help@moz.com)"
216.244.66.200 - - [15/Nov/2024:08:57:42 +0100] "GET /files/forgrend_tervezet_.pdf HTTP/1.1" 200 214187 "-" "Mozilla/5.0 (compatible; DotBot/1.2; +https://opensiteexplorer.org/dotbot; help@moz.com)"
216.244.66.200 - - [15/Nov/2024:08:58:08 +0100] "GET /files/ljagy_terv_090831.pdf HTTP/1.1" 200 498045 "-" "Mozilla/5.0 (compatible; DotBot/1.2; +https://opensiteexplorer.org/dotbot; help@moz.com)"
216.244.66.200 - - [15/Nov/2024:08:58:30 +0100] "GET /files/nca_terv_080115.pdf HTTP/1.1" 200 219132 "-" "Mozilla/5.0 (compatible; DotBot/1.2; +https://opensiteexplorer.org/dotbot; help@moz.com)"
216.244.66.200 - - [15/Nov/2024:08:58:50 +0100] "GET /files/parancsnokinyomozas.doc HTTP/1.1" 200 47104 "-" "Mozilla/5.0 (compatible; DotBot/1.2; +https://opensiteexplorer.org/dotbot; help@moz.com)"
216.244.66.200 - - [15/Nov/2024:08:59:10 +0100] "GET /files/tervezet_kozig_ivoviz_tam.pdf HTTP/1.1" 200 212998 "-" "Mozilla/5.0 (compatible; DotBot/1.2; +https://opensiteexplorer.org/dotbot; help@moz.com)"
216.244.66.200 - - [15/Nov/2024:08:59:28 +0100] "GET /files/516A2BB0E46CAC07C12572180036E855.htm.txt HTTP/1.1" 200 21152 "-" "Mozilla/5.0 (compatible; DotBot/1.2; +https://opensiteexplorer.org/dotbot; help@moz.com)"
216.244.66.200 - - [15/Nov/2024:08:59:47 +0100] "GET /files/Minta_irattariterv_onkormanyzatoknak.pdf HTTP/1.1" 200 401745 "-" "Mozilla/5.0 (compatible; DotBot/1.2; +https://opensiteexplorer.org/dotbot; help@moz.com)"
216.244.66.200 - - [15/Nov/2024:09:00:04 +0100] "GET /files/hm_rendelet_tervezet_elelmezesi_ellatas_.pdf HTTP/1.1" 200 183027 "-" "Mozilla/5.0 (compatible; DotBot/1.2; +https://opensiteexplorer.org/dotbot; help@moz.com)"
216.244.66.200 - - [15/Nov/2024:09:00:22 +0100] "GET /files/szegregalt_lakokornyezet_terv_090421.pdf HTTP/1.1" 200 861412 "-" "Mozilla/5.0 (compatible; DotBot/1.2; +https://opensiteexplorer.org/dotbot; help@moz.com)"
194.88.45.120 - - [15/Nov/2024:09:08:39 +0100] "GET /files/ptk-normaszoveg-tervezet_20071029.pdf HTTP/1.1" 200 1425629 "https://www.google.com/" "Mozilla/5.0 (Windows NT 10.0; Win64; x64) AppleWebKit/537.36 (KHTML, like Gecko) Chrome/130.0.0.0 Safari/537.36"
194.88.45.120 - - [15/Nov/2024:09:08:39 +0100] "GET /favicon.ico HTTP/1.1" 404 57 "http://www.jogalkotas.hu/files/ptk-normaszoveg-tervezet_20071029.pdf" "Mozilla/5.0 (Windows NT 10.0; Win64; x64) AppleWebKit/537.36 (KHTML, like Gecko) Chrome/130.0.0.0 Safari/537.36"
66.249.66.4 - - [15/Nov/2024:09:20:30 +0100] "GET /files/telekatalakitasi_tervezet_velemenyezesre.pdf HTTP/1.1" 200 129651 "-" "Googlebot/2.1 (+http://www.google.com/bot.html)"
216.244.66.200 - - [15/Nov/2024:09:23:48 +0100] "GET /robots.txt HTTP/1.1" 200 1590 "-" "Mozilla/5.0 (compatible; DotBot/1.2; +https://opensiteexplorer.org/dotbot; help@moz.com)"
216.244.66.200 - - [15/Nov/2024:09:23:49 +0100] "GET /robots.txt HTTP/1.1" 200 1590 "-" "Mozilla/5.0 (compatible; DotBot/1.2; +https://opensiteexplorer.org/dotbot; help@moz.com)"
66.249.66.6 - - [15/Nov/2024:09:29:35 +0100] "GET /files/okj_formai_eloirasai_060516.pdf HTTP/1.1" 304 - "-" "Mozilla/5.0 (Linux; Android 6.0.1; Nexus 5X Build/MMB29P) AppleWebKit/537.36 (KHTML, like Gecko) Chrome/131.0.6778.69 Mobile Safari/537.36 (compatible; Googlebot/2.1; +http://www.google.com/bot.html)"
216.244.66.200 - - [15/Nov/2024:09:43:33 +0100] "GET /files/317per2006_korm_rend_mod_0810031.doc HTTP/1.1" 200 66048 "-" "Mozilla/5.0 (compatible; DotBot/1.2; +https://opensiteexplorer.org/dotbot; help@moz.com)"
216.244.66.200 - - [15/Nov/2024:09:43:34 +0100] "GET /files/25_2000_mell%C3%83%C2%A9kletei.doc HTTP/1.1" 200 - "-" "Mozilla/5.0 (compatible; DotBot/1.2; +https://opensiteexplorer.org/dotbot; help@moz.com)"
216.244.66.200 - - [15/Nov/2024:09:44:16 +0100] "GET /files/Biocid_t%C3%83%C2%A1rca20080201.doc HTTP/1.1" 200 - "-" "Mozilla/5.0 (compatible; DotBot/1.2; +https://opensiteexplorer.org/dotbot; help@moz.com)"
216.244.66.200 - - [15/Nov/2024:09:44:26 +0100] "GET /files/CSG-GA-jogalkotas_einfoszab_1120.ppt HTTP/1.1" 200 500224 "-" "Mozilla/5.0 (compatible; DotBot/1.2; +https://opensiteexplorer.org/dotbot; help@moz.com)"
216.244.66.200 - - [15/Nov/2024:09:44:48 +0100] "GET /files/ajfo_1154_dijrendelet_honlapra.doc HTTP/1.1" 200 36352 "-" "Mozilla/5.0 (compatible; DotBot/1.2; +https://opensiteexplorer.org/dotbot; help@moz.com)"
216.244.66.200 - - [15/Nov/2024:09:45:08 +0100] "GET /files/alapitvanyok_terv_090415.pdf HTTP/1.1" 200 205294 "-" "Mozilla/5.0 (compatible; DotBot/1.2; +https://opensiteexplorer.org/dotbot; help@moz.com)"
216.244.66.200 - - [15/Nov/2024:09:45:26 +0100] "GET /files/elelmezesi_norma_rendelet_0108.pdf HTTP/1.1" 200 63606 "-" "Mozilla/5.0 (compatible; DotBot/1.2; +https://opensiteexplorer.org/dotbot; help@moz.com)"
216.244.66.200 - - [15/Nov/2024:09:45:45 +0100] "GET /files/informatikai_rend_terv_100408.pdf HTTP/1.1" 200 434553 "-" "Mozilla/5.0 (compatible; DotBot/1.2; +https://opensiteexplorer.org/dotbot; help@moz.com)"
216.244.66.200 - - [15/Nov/2024:09:46:03 +0100] "GET /files/kihirdetesi_anyag_20070912-1.doc HTTP/1.1" 200 424960 "-" "Mozilla/5.0 (compatible; DotBot/1.2; +https://opensiteexplorer.org/dotbot; help@moz.com)"
216.244.66.200 - - [15/Nov/2024:09:46:19 +0100] "GET /files/magyar_belarusz_terv_090617.pdf HTTP/1.1" 200 183933 "-" "Mozilla/5.0 (compatible; DotBot/1.2; +https://opensiteexplorer.org/dotbot; help@moz.com)"
216.244.66.200 - - [15/Nov/2024:09:46:34 +0100] "GET /files/novenyvedoszer_velemenyezesre_061221.pdf HTTP/1.1" 200 200230 "-" "Mozilla/5.0 (compatible; DotBot/1.2; +https://opensiteexplorer.org/dotbot; help@moz.com)"
216.244.66.200 - - [15/Nov/2024:09:47:18 +0100] "GET /files/t%C3%83%C2%A1rc%C3%83%C2%A1ra%20kozmetika.doc HTTP/1.1" 200 - "-" "Mozilla/5.0 (compatible; DotBot/1.2; +https://opensiteexplorer.org/dotbot; help@moz.com)"
216.244.66.200 - - [15/Nov/2024:09:52:07 +0100] "GET /files/Karpatok_jkv_kotelezo_hataly_elismerese_KOZIG.pdf HTTP/1.1" 200 241809 "-" "Mozilla/5.0 (compatible; DotBot/1.2; +https://opensiteexplorer.org/dotbot; help@moz.com)"
216.244.66.200 - - [15/Nov/2024:09:52:57 +0100] "GET /files/Kozuti_kozlekedesi_szolgaltatasok_korm.rend..pdf HTTP/1.1" 200 390004 "-" "Mozilla/5.0 (compatible; DotBot/1.2; +https://opensiteexplorer.org/dotbot; help@moz.com)"
212.108.232.50 - - [15/Nov/2024:09:54:24 +0100] "GET /files/elemiszerkonyv122007.pdf HTTP/1.1" 200 152700 "https://www.google.com/" "Mozilla/5.0 (Windows NT 10.0; Win64; x64) AppleWebKit/537.36 (KHTML, like Gecko) Chrome/130.0.0.0 Safari/537.36"
212.108.232.50 - - [15/Nov/2024:09:54:24 +0100] "GET /favicon.ico HTTP/1.1" 404 57 "http://www.jogalkotas.hu/files/elemiszerkonyv122007.pdf" "Mozilla/5.0 (Windows NT 10.0; Win64; x64) AppleWebKit/537.36 (KHTML, like Gecko) Chrome/130.0.0.0 Safari/537.36"
216.244.66.200 - - [15/Nov/2024:09:55:41 +0100] "GET /files/11_2005_mod.pdf HTTP/1.1" 200 184731 "-" "Mozilla/5.0 (compatible; DotBot/1.2; +https://opensiteexplorer.org/dotbot; help@moz.com)"
52.237.238.89 - - [15/Nov/2024:09:56:23 +0100] "HEAD /wordpress HTTP/1.1" 200 - "-" "Mozilla/5.0 (Windows NT 10.0; Win64; x64) AppleWebKit/537.36 (KHTML, like Gecko) Chrome/74.0.3729.169 Safari/537.36"
216.244.66.200 - - [15/Nov/2024:09:56:37 +0100] "GET /files/3802_16.pdf HTTP/1.1" 200 319604 "-" "Mozilla/5.0 (compatible; DotBot/1.2; +https://opensiteexplorer.org/dotbot; help@moz.com)"
216.244.66.200 - - [15/Nov/2024:09:57:18 +0100] "GET /files/T5299.pdf HTTP/1.1" 200 198918 "-" "Mozilla/5.0 (compatible; DotBot/1.2; +https://opensiteexplorer.org/dotbot; help@moz.com)"
54.36.148.128 - - [15/Nov/2024:09:57:42 +0100] "GET /robots.txt HTTP/1.1" 200 1590 "-" "Mozilla/5.0 (compatible; AhrefsBot/7.0; +http://ahrefs.com/robot/)"
216.244.66.200 - - [15/Nov/2024:09:58:13 +0100] "GET /files/TK86_2.doc HTTP/1.1" 200 499153 "-" "Mozilla/5.0 (compatible; DotBot/1.2; +https://opensiteexplorer.org/dotbot; help@moz.com)"
54.36.149.2 - - [15/Nov/2024:09:58:24 +0100] "GET / HTTP/1.1" 200 - "-" "Mozilla/5.0 (compatible; AhrefsBot/7.0; +http://ahrefs.com/robot/)"
216.244.66.200 - - [15/Nov/2024:09:59:05 +0100] "GET /files/0622_tervezet_06.12..doc HTTP/1.1" 200 218624 "-" "Mozilla/5.0 (compatible; DotBot/1.2; +https://opensiteexplorer.org/dotbot; help@moz.com)"
216.244.66.200 - - [15/Nov/2024:09:59:39 +0100] "GET /files/161-6kommunikacios.doc HTTP/1.1" 200 27136 "-" "Mozilla/5.0 (compatible; DotBot/1.2; +https://opensiteexplorer.org/dotbot; help@moz.com)"
216.244.66.200 - - [15/Nov/2024:10:00:17 +0100] "GET /files/31-2004-mod-kozigre.pdf HTTP/1.1" 200 343047 "-" "Mozilla/5.0 (compatible; DotBot/1.2; +https://opensiteexplorer.org/dotbot; help@moz.com)"
66.249.66.6 - - [15/Nov/2024:10:00:17 +0100] "GET /files/forgrend_tervezet_.pdf HTTP/1.1" 200 214187 "-" "Googlebot/2.1 (+http://www.google.com/bot.html)"
216.244.66.200 - - [15/Nov/2024:10:00:50 +0100] "GET /files/3_sz_melleklet_061031.pdf HTTP/1.1" 200 99457 "-" "Mozilla/5.0 (compatible; DotBot/1.2; +https://opensiteexplorer.org/dotbot; help@moz.com)"
216.244.66.200 - - [15/Nov/2024:10:01:29 +0100] "GET /files/ensz_eloterj_070227.pdf HTTP/1.1" 200 730264 "-" "Mozilla/5.0 (compatible; DotBot/1.2; +https://opensiteexplorer.org/dotbot; help@moz.com)"
216.244.66.200 - - [15/Nov/2024:10:02:12 +0100] "GET /files/kkk_terv_090511.pdf HTTP/1.1" 200 1274394 "-" "Mozilla/5.0 (compatible; DotBot/1.2; +https://opensiteexplorer.org/dotbot; help@moz.com)"
216.244.66.200 - - [15/Nov/2024:10:10:01 +0100] "GET /robots.txt HTTP/1.1" 200 1590 "-" "Mozilla/5.0 (compatible; DotBot/1.2; +https://opensiteexplorer.org/dotbot; help@moz.com)"
212.108.232.50 - - [15/Nov/2024:10:11:26 +0100] "GET /favicon.ico HTTP/1.1" 404 57 "http://www.jogalkotas.hu/files/elemiszerkonyv122007.pdf" "Mozilla/5.0 (Windows NT 10.0; Win64; x64) AppleWebKit/537.36 (KHTML, like Gecko) Chrome/130.0.0.0 Safari/537.36"
212.108.232.50 - - [15/Nov/2024:10:16:19 +0100] "GET /favicon.ico HTTP/1.1" 404 57 "http://www.jogalkotas.hu/files/elemiszerkonyv122007.pdf" "Mozilla/5.0 (Windows NT 10.0; Win64; x64) AppleWebKit/537.36 (KHTML, like Gecko) Chrome/130.0.0.0 Safari/537.36"
216.244.66.200 - - [15/Nov/2024:10:29:48 +0100] "GET /taxonomy/term/74/0/feed HTTP/1.1" 200 - "-" "Mozilla/5.0 (compatible; DotBot/1.2; +https://opensiteexplorer.org/dotbot; help@moz.com)"
66.249.66.4 - - [15/Nov/2024:10:38:53 +0100] "GET /files/OM_9161_2009_ingatlankozvetites.pdf HTTP/1.1" 200 78374 "-" "Googlebot/2.1 (+http://www.google.com/bot.html)"
66.249.66.87 - - [15/Nov/2024:10:44:21 +0100] "GET /files/alapf_muv_okt_kovet_II_060414.pdf HTTP/1.1" 200 584355 "-" "Mozilla/5.0 (Linux; Android 6.0.1; Nexus 5X Build/MMB29P) AppleWebKit/537.36 (KHTML, like Gecko) Chrome/131.0.6778.69 Mobile Safari/537.36 (compatible; GoogleOther)"
212.108.232.50 - - [15/Nov/2024:10:47:31 +0100] "GET /files/elemiszerkonyv122007.pdf HTTP/1.1" 200 152700 "https://www.google.com/" "Mozilla/5.0 (Windows NT 10.0; Win64; x64) AppleWebKit/537.36 (KHTML, like Gecko) Chrome/130.0.0.0 Safari/537.36"
212.108.232.50 - - [15/Nov/2024:10:47:32 +0100] "GET /favicon.ico HTTP/1.1" 404 57 "http://www.jogalkotas.hu/files/elemiszerkonyv122007.pdf" "Mozilla/5.0 (Windows NT 10.0; Win64; x64) AppleWebKit/537.36 (KHTML, like Gecko) Chrome/130.0.0.0 Safari/537.36"
66.249.66.86 - - [15/Nov/2024:10:53:35 +0100] "GET /files/magyar_amerikai_oktatasi_cserepr_070206.pdf HTTP/1.1" 200 236801 "-" "Googlebot/2.1 (+http://www.google.com/bot.html)"
216.244.66.200 - - [15/Nov/2024:10:59:04 +0100] "GET /robots.txt HTTP/1.1" 200 1590 "-" "Mozilla/5.0 (compatible; DotBot/1.2; +https://opensiteexplorer.org/dotbot; help@moz.com)"
216.244.66.200 - - [15/Nov/2024:11:13:42 +0100] "GET /files/hm_rendelet_tervezet_allomany_melleklet.pdf HTTP/1.1" 200 150110 "-" "Mozilla/5.0 (compatible; DotBot/1.2; +https://opensiteexplorer.org/dotbot; help@moz.com)"
216.244.66.200 - - [15/Nov/2024:11:14:31 +0100] "GET /files/jogszab%C3%83%C2%A1lyszerkeszt%C3%83%C2%A9s_tervezet_09.11..doc HTTP/1.1" 200 - "-" "Mozilla/5.0 (compatible; DotBot/1.2; +https://opensiteexplorer.org/dotbot; help@moz.com)"
216.244.66.200 - - [15/Nov/2024:11:14:53 +0100] "GET /files/nemzetisegi_tamogatas_honlapra_060228.pdf HTTP/1.1" 200 173114 "-" "Mozilla/5.0 (compatible; DotBot/1.2; +https://opensiteexplorer.org/dotbot; help@moz.com)"
216.244.66.200 - - [15/Nov/2024:11:15:28 +0100] "GET /files/szakke_szakm_vizsgkov_terv_100219.pdf HTTP/1.1" 200 155837 "-" "Mozilla/5.0 (compatible; DotBot/1.2; +https://opensiteexplorer.org/dotbot; help@moz.com)"
66.249.66.4 - - [15/Nov/2024:11:16:05 +0100] "GET /files/15_2004.pdf HTTP/1.1" 200 123346 "-" "Googlebot/2.1 (+http://www.google.com/bot.html)"
216.244.66.200 - - [15/Nov/2024:11:16:29 +0100] "GET /files/t%C3%83%C2%A1rc%C3%83%C2%A1ra%2049.2004..doc HTTP/1.1" 200 - "-" "Mozilla/5.0 (compatible; DotBot/1.2; +https://opensiteexplorer.org/dotbot; help@moz.com)"
66.249.66.6 - - [15/Nov/2024:11:20:21 +0100] "GET /files/ptk.csaladjog_0.pdf HTTP/1.1" 200 429444 "-" "Mozilla/5.0 (Linux; Android 6.0.1; Nexus 5X Build/MMB29P) AppleWebKit/537.36 (KHTML, like Gecko) Chrome/131.0.6778.69 Mobile Safari/537.36 (compatible; GoogleOther)"
216.244.66.200 - - [15/Nov/2024:11:21:47 +0100] "GET /files/B%C3%83%C2%ADrs%C3%83%C2%A1gol%C3%83%C2%A1si%20korm_el%C3%85%E2%80%98terj%20k%C3%83%C2%B6zigre-2007-02-20.doc HTTP/1.1" 200 - "-" "Mozilla/5.0 (compatible; DotBot/1.2; +https://opensiteexplorer.org/dotbot; help@moz.com)"
216.244.66.200 - - [15/Nov/2024:11:50:46 +0100] "GET /robots.txt HTTP/1.1" 200 1590 "-" "Mozilla/5.0 (compatible; DotBot/1.2; +https://opensiteexplorer.org/dotbot; help@moz.com)"
66.249.66.5 - - [15/Nov/2024:11:56:21 +0100] "GET /files/6125_2_.pdf HTTP/1.1" 200 225114 "-" "Mozilla/5.0 (Linux; Android 6.0.1; Nexus 5X Build/MMB29P) AppleWebKit/537.36 (KHTML, like Gecko) Chrome/131.0.6778.69 Mobile Safari/537.36 (compatible; GoogleOther)"
193.6.214.254 - - [15/Nov/2024:12:04:06 +0100] "GET /files/birosagiui.doc HTTP/1.1" 200 119259 "https://www.google.com/" "Mozilla/5.0 (Windows NT 10.0; Win64; x64) AppleWebKit/537.36 (KHTML, like Gecko) Chrome/130.0.0.0 Safari/537.36"
193.6.214.254 - - [15/Nov/2024:12:04:12 +0100] "GET /files/birosagiui.doc HTTP/1.1" 206 1 "https://www.google.com/" "Mozilla/5.0 (Windows NT 10.0; Win64; x64) AppleWebKit/537.36 (KHTML, like Gecko) Chrome/130.0.0.0 Safari/537.36"
193.6.214.254 - - [15/Nov/2024:12:04:12 +0100] "GET /files/birosagiui.doc HTTP/1.1" 206 159793 "https://www.google.com/" "Mozilla/5.0 (Windows NT 10.0; Win64; x64) AppleWebKit/537.36 (KHTML, like Gecko) Chrome/130.0.0.0 Safari/537.36"
193.6.214.254 - - [15/Nov/2024:12:04:14 +0100] "GET /files/birosagiui.doc HTTP/1.1" 206 1 "https://www.google.com/" "Mozilla/5.0 (Windows NT 10.0; Win64; x64) AppleWebKit/537.36 (KHTML, like Gecko) Chrome/130.0.0.0 Safari/537.36"
193.6.214.254 - - [15/Nov/2024:12:04:14 +0100] "GET /files/birosagiui.doc HTTP/1.1" 206 102400 "https://www.google.com/" "Mozilla/5.0 (Windows NT 10.0; Win64; x64) AppleWebKit/537.36 (KHTML, like Gecko) Chrome/130.0.0.0 Safari/537.36"
193.6.214.254 - - [15/Nov/2024:12:04:14 +0100] "GET /files/birosagiui.doc HTTP/1.1" 206 1 "https://www.google.com/" "Mozilla/5.0 (Windows NT 10.0; Win64; x64) AppleWebKit/537.36 (KHTML, like Gecko) Chrome/130.0.0.0 Safari/537.36"
193.6.214.254 - - [15/Nov/2024:12:04:14 +0100] "GET /files/birosagiui.doc HTTP/1.1" 206 102400 "https://www.google.com/" "Mozilla/5.0 (Windows NT 10.0; Win64; x64) AppleWebKit/537.36 (KHTML, like Gecko) Chrome/130.0.0.0 Safari/537.36"
193.6.214.254 - - [15/Nov/2024:12:04:14 +0100] "GET /files/birosagiui.doc HTTP/1.1" 206 1 "https://www.google.com/" "Mozilla/5.0 (Windows NT 10.0; Win64; x64) AppleWebKit/537.36 (KHTML, like Gecko) Chrome/130.0.0.0 Safari/537.36"
193.6.214.254 - - [15/Nov/2024:12:04:14 +0100] "GET /files/birosagiui.doc HTTP/1.1" 206 102400 "https://www.google.com/" "Mozilla/5.0 (Windows NT 10.0; Win64; x64) AppleWebKit/537.36 (KHTML, like Gecko) Chrome/130.0.0.0 Safari/537.36"
5.42.107.248 - - [15/Nov/2024:12:16:29 +0100] "GET /?q=user/login HTTP/1.1" 200 - "-" "Mozilla/5.0 (Macintosh; Intel Mac OS X 10.8; rv:51.0) Gecko/20100101 Firefox/51.0"
3.149.254.180 - - [15/Nov/2024:12:17:54 +0100] "GET /robots.txt HTTP/1.1" 200 1590 "-" "Mozilla/5.0 AppleWebKit/537.36 (KHTML, like Gecko; compatible; ClaudeBot/1.0; +claudebot@anthropic.com)"
3.149.254.180 - - [15/Nov/2024:12:18:26 +0100] "GET /drupal/node/1273 HTTP/1.1" 200 - "-" "Mozilla/5.0 AppleWebKit/537.36 (KHTML, like Gecko; compatible; ClaudeBot/1.0; +claudebot@anthropic.com)"
66.249.66.5 - - [15/Nov/2024:12:26:22 +0100] "GET /files/ptk_kotelmi_jog.pdf HTTP/1.1" 200 706298 "-" "Mozilla/5.0 (Linux; Android 6.0.1; Nexus 5X Build/MMB29P) AppleWebKit/537.36 (KHTML, like Gecko) Chrome/131.0.6778.69 Mobile Safari/537.36 (compatible; GoogleOther)"
216.244.66.200 - - [15/Nov/2024:12:29:13 +0100] "GET /taxonomy/term/93/0/feed HTTP/1.1" 200 - "-" "Mozilla/5.0 (compatible; DotBot/1.2; +https://opensiteexplorer.org/dotbot; help@moz.com)"
139.199.229.157 - - [15/Nov/2024:12:33:56 +0100] "GET /xmlrpc.php HTTP/1.1" 200 - "-" "Mozilla/5.0 (Windows NT 6.1; WOW64; rv:45.0) Gecko/20100101 Firefox/45.0"
66.249.66.4 - - [15/Nov/2024:12:35:29 +0100] "GET /files/Termekdij_vhr_KOZIG.pdf HTTP/1.1" 200 187039 "-" "Googlebot/2.1 (+http://www.google.com/bot.html)"
216.244.66.200 - - [15/Nov/2024:12:42:54 +0100] "GET /robots.txt HTTP/1.1" 200 1590 "-" "Mozilla/5.0 (compatible; DotBot/1.2; +https://opensiteexplorer.org/dotbot; help@moz.com)"
66.249.66.87 - - [15/Nov/2024:12:49:11 +0100] "GET /files/tankonyv_terv_071012.pdf HTTP/1.1" 200 325369 "-" "Googlebot/2.1 (+http://www.google.com/bot.html)"
66.249.66.5 - - [15/Nov/2024:12:56:21 +0100] "GET /files/regesz_tervezet_070221.pdf HTTP/1.1" 200 563638 "-" "Mozilla/5.0 (Linux; Android 6.0.1; Nexus 5X Build/MMB29P) AppleWebKit/537.36 (KHTML, like Gecko) Chrome/131.0.6778.69 Mobile Safari/537.36 (compatible; GoogleOther)"
217.65.120.247 - - [15/Nov/2024:13:03:54 +0100] "GET /files/2_sz_melleklet_061031.pdf HTTP/1.1" 200 56446 "-" "Dalvik/2.1.0 (Linux; U; Android 10; Mi 9T MIUI/V12.0.5.0.QFJEUXM)"
216.244.66.200 - - [15/Nov/2024:13:15:10 +0100] "GET /files/miniszt_2006_szeptember.pdf HTTP/1.1" 200 82426 "-" "Mozilla/5.0 (compatible; DotBot/1.2; +https://opensiteexplorer.org/dotbot; help@moz.com)"
216.244.66.200 - - [15/Nov/2024:13:16:00 +0100] "GET /files/pedagogiai_szakmai_080801.pdf HTTP/1.1" 200 294988 "-" "Mozilla/5.0 (compatible; DotBot/1.2; +https://opensiteexplorer.org/dotbot; help@moz.com)"
216.244.66.200 - - [15/Nov/2024:13:16:37 +0100] "GET /files/tv_modositasok_velemenyezesre.pdf HTTP/1.1" 200 143956 "-" "Mozilla/5.0 (compatible; DotBot/1.2; +https://opensiteexplorer.org/dotbot; help@moz.com)"
216.244.66.200 - - [15/Nov/2024:13:17:11 +0100] "GET /files/0630_KvVM_rend.___3_2004.KvVM_rend._m_dos_t_sa.k_zigre.doc HTTP/1.1" 200 37888 "-" "Mozilla/5.0 (compatible; DotBot/1.2; +https://opensiteexplorer.org/dotbot; help@moz.com)"
216.244.66.200 - - [15/Nov/2024:13:20:11 +0100] "GET /files/megfelel%C3%83%C2%A9si%20t%C3%83%C2%A1bl%C3%83%C2%A1zat-2006-120-ek.doc HTTP/1.1" 200 - "-" "Mozilla/5.0 (compatible; DotBot/1.2; +https://opensiteexplorer.org/dotbot; help@moz.com)"
66.249.66.86 - - [15/Nov/2024:13:26:21 +0100] "GET /files/ptk_kotelmi_jog_0.pdf HTTP/1.1" 200 706298 "-" "Mozilla/5.0 (Linux; Android 6.0.1; Nexus 5X Build/MMB29P) AppleWebKit/537.36 (KHTML, like Gecko) Chrome/131.0.6778.69 Mobile Safari/537.36 (compatible; GoogleOther)"
66.249.66.4 - - [15/Nov/2024:13:28:47 +0100] "GET /files/47343.pdf HTTP/1.1" 304 - "-" "Mozilla/5.0 (Linux; Android 6.0.1; Nexus 5X Build/MMB29P) AppleWebKit/537.36 (KHTML, like Gecko) Chrome/131.0.6778.69 Mobile Safari/537.36 (compatible; Googlebot/2.1; +http://www.google.com/bot.html)"
216.244.66.200 - - [15/Nov/2024:13:33:32 +0100] "GET /robots.txt HTTP/1.1" 200 1590 "-" "Mozilla/5.0 (compatible; DotBot/1.2; +https://opensiteexplorer.org/dotbot; help@moz.com)"
81.182.255.101 - - [15/Nov/2024:13:44:22 +0100] "GET /files/korm_vet_epit.pdf HTTP/1.1" 200 427539 "https://www.google.com/" "Mozilla/5.0 (Windows NT 10.0; Win64; x64) AppleWebKit/537.36 (KHTML, like Gecko) Chrome/130.0.0.0 Safari/537.36"
81.182.255.101 - - [15/Nov/2024:13:44:23 +0100] "GET /favicon.ico HTTP/1.1" 404 57 "http://jogalkotas.hu/files/korm_vet_epit.pdf" "Mozilla/5.0 (Windows NT 10.0; Win64; x64) AppleWebKit/537.36 (KHTML, like Gecko) Chrome/130.0.0.0 Safari/537.36"
216.244.66.200 - - [15/Nov/2024:14:09:26 +0100] "GET /files/EGT%20t%C3%83%C2%B6rv%C3%83%C2%A9ny-szakmapolitik%C3%83%C2%A1ra.doc HTTP/1.1" 200 - "-" "Mozilla/5.0 (compatible; DotBot/1.2; +https://opensiteexplorer.org/dotbot; help@moz.com)"
216.244.66.200 - - [15/Nov/2024:14:26:51 +0100] "GET /robots.txt HTTP/1.1" 200 1590 "-" "Mozilla/5.0 (compatible; DotBot/1.2; +https://opensiteexplorer.org/dotbot; help@moz.com)"
216.244.66.200 - - [15/Nov/2024:14:26:51 +0100] "GET /robots.txt HTTP/1.1" 200 1590 "-" "Mozilla/5.0 (compatible; DotBot/1.2; +https://opensiteexplorer.org/dotbot; help@moz.com)"
66.249.66.87 - - [15/Nov/2024:14:29:39 +0100] "GET /files/erdekkepviselettv.pdf HTTP/1.1" 304 - "-" "Mozilla/5.0 (Linux; Android 6.0.1; Nexus 5X Build/MMB29P) AppleWebKit/537.36 (KHTML, like Gecko) Chrome/131.0.6778.69 Mobile Safari/537.36 (compatible; Googlebot/2.1; +http://www.google.com/bot.html)"
92.116.53.72 - - [15/Nov/2024:14:40:51 +0100] "GET /files/szakertoidijazas.doc HTTP/1.1" 200 59392 "-" "Mozilla/5.0 (Windows NT 10.0; Win64; x64) AppleWebKit/537.36 (KHTML, like Gecko) Chrome/60.0.3112.113 Safari/537.36"
216.244.66.200 - - [15/Nov/2024:14:54:50 +0100] "GET /files/kormanyeloterjesztes_10_02_1.pdf HTTP/1.1" 200 139733 "-" "Mozilla/5.0 (compatible; DotBot/1.2; +https://opensiteexplorer.org/dotbot; help@moz.com)"
216.244.66.200 - - [15/Nov/2024:14:55:02 +0100] "GET /files/utvalosszrend_terv_091102.pdf HTTP/1.1" 200 150274 "-" "Mozilla/5.0 (compatible; DotBot/1.2; +https://opensiteexplorer.org/dotbot; help@moz.com)"
216.244.66.200 - - [15/Nov/2024:14:57:18 +0100] "GET /files/1212_nitratadatlap_vegsoNTSz.1_2v_ltozat.doc HTTP/1.1" 200 156672 "-" "Mozilla/5.0 (compatible; DotBot/1.2; +https://opensiteexplorer.org/dotbot; help@moz.com)"
216.244.66.200 - - [15/Nov/2024:14:57:35 +0100] "GET /files/allatgyogyaszat_rendelet_velemenyezesre_2.pdf HTTP/1.1" 200 158713 "-" "Mozilla/5.0 (compatible; DotBot/1.2; +https://opensiteexplorer.org/dotbot; help@moz.com)"
216.244.66.200 - - [15/Nov/2024:14:58:41 +0100] "GET /files/perfluor_t%C3%83%C2%A1rca_20071119.doc HTTP/1.1" 200 - "-" "Mozilla/5.0 (compatible; DotBot/1.2; +https://opensiteexplorer.org/dotbot; help@moz.com)"
216.244.66.200 - - [15/Nov/2024:14:59:03 +0100] "GET /files/szakmai_kollegiumok_rend_tervezet.doc HTTP/1.1" 200 26112 "-" "Mozilla/5.0 (compatible; DotBot/1.2; +https://opensiteexplorer.org/dotbot; help@moz.com)"
216.244.66.200 - - [15/Nov/2024:15:00:07 +0100] "GET /files/4.%20sz%C3%83%C2%A1m%C3%83%C2%BA%20mell%C3%83%C2%A9klet-t%C3%83%C2%A1rc%C3%83%C2%A1ra.doc HTTP/1.1" 200 - "-" "Mozilla/5.0 (compatible; DotBot/1.2; +https://opensiteexplorer.org/dotbot; help@moz.com)"
216.244.66.200 - - [15/Nov/2024:15:01:06 +0100] "GET /taxonomy/term/82/0/feed HTTP/1.1" 200 - "-" "Mozilla/5.0 (compatible; DotBot/1.2; +https://opensiteexplorer.org/dotbot; help@moz.com)"
