216.244.66.200 - - [16/Nov/2024:04:36:21 +0100] "GET /node/1649 HTTP/1.1" 200 - "-" "Mozilla/5.0 (compatible; DotBot/1.2; +https://opensiteexplorer.org/dotbot; help@moz.com)"
216.244.66.200 - - [16/Nov/2024:04:37:11 +0100] "GET /node/1714 HTTP/1.1" 200 - "-" "Mozilla/5.0 (compatible; DotBot/1.2; +https://opensiteexplorer.org/dotbot; help@moz.com)"
216.244.66.200 - - [16/Nov/2024:04:38:01 +0100] "GET /node/1819 HTTP/1.1" 200 - "-" "Mozilla/5.0 (compatible; DotBot/1.2; +https://opensiteexplorer.org/dotbot; help@moz.com)"
216.244.66.200 - - [16/Nov/2024:05:08:30 +0100] "GET /robots.txt HTTP/1.1" 200 1590 "-" "Mozilla/5.0 (compatible; DotBot/1.2; +https://opensiteexplorer.org/dotbot; help@moz.com)"
114.119.162.251 - - [16/Nov/2024:05:08:31 +0100] "GET /robots.txt HTTP/1.1" 200 1590 "-" "Mozilla/5.0 (compatible;PetalBot;+https://webmaster.petalsearch.com/site/petalbot)"
18.144.26.200 - - [16/Nov/2024:05:36:50 +0100] "GET / HTTP/1.1" 200 - "-" "bitdiscovery-suggestions"
216.244.66.200 - - [16/Nov/2024:05:44:33 +0100] "GET /files/TK363.pdf HTTP/1.1" 200 293226 "-" "Mozilla/5.0 (compatible; DotBot/1.2; +https://opensiteexplorer.org/dotbot; help@moz.com)"
66.249.66.87 - - [16/Nov/2024:05:55:46 +0100] "GET /files/turizmus.pdf HTTP/1.1" 200 216384 "-" "Mozilla/5.0 (Linux; Android 6.0.1; Nexus 5X Build/MMB29P) AppleWebKit/537.36 (KHTML, like Gecko) Chrome/131.0.6778.69 Mobile Safari/537.36 (compatible; Googlebot/2.1; +http://www.google.com/bot.html)"
216.244.66.200 - - [16/Nov/2024:06:02:19 +0100] "GET /robots.txt HTTP/1.1" 200 1590 "-" "Mozilla/5.0 (compatible; DotBot/1.2; +https://opensiteexplorer.org/dotbot; help@moz.com)"
52.167.144.180 - - [16/Nov/2024:06:03:03 +0100] "GET /node/1167 HTTP/1.1" 200 - "-" "Mozilla/5.0 AppleWebKit/537.36 (KHTML, like Gecko; compatible; bingbot/2.0; +http://www.bing.com/bingbot.htm) Chrome/116.0.1938.76 Safari/537.36"
52.167.144.180 - - [16/Nov/2024:06:03:35 +0100] "GET /node/1167 HTTP/1.1" 200 - "-" "Mozilla/5.0 AppleWebKit/537.36 (KHTML, like Gecko; compatible; bingbot/2.0; +http://www.bing.com/bingbot.htm) Chrome/116.0.1938.76 Safari/537.36"
52.167.144.180 - - [16/Nov/2024:06:05:14 +0100] "GET /files/17329_16.pdf HTTP/1.1" 200 306672 "-" "Mozilla/5.0 AppleWebKit/537.36 (KHTML, like Gecko; compatible; bingbot/2.0; +http://www.bing.com/bingbot.htm) Chrome/116.0.1938.76 Safari/537.36"
216.244.66.200 - - [16/Nov/2024:06:37:21 +0100] "GET /files/FVM.doc HTTP/1.1" 200 72704 "-" "Mozilla/5.0 (compatible; DotBot/1.2; +https://opensiteexplorer.org/dotbot; help@moz.com)"
40.77.167.27 - - [16/Nov/2024:06:37:24 +0100] "GET /files/T4151.doc HTTP/1.1" 200 588800 "-" "Mozilla/5.0 AppleWebKit/537.36 (KHTML, like Gecko; compatible; bingbot/2.0; +http://www.bing.com/bingbot.htm) Chrome/116.0.1938.76 Safari/537.36"
216.244.66.200 - - [16/Nov/2024:06:37:46 +0100] "GET /files/NFGM2172.pdf HTTP/1.1" 200 254751 "-" "Mozilla/5.0 (compatible; DotBot/1.2; +https://opensiteexplorer.org/dotbot; help@moz.com)"
216.244.66.200 - - [16/Nov/2024:06:38:22 +0100] "GET /files/R177-2.doc HTTP/1.1" 200 79872 "-" "Mozilla/5.0 (compatible; DotBot/1.2; +https://opensiteexplorer.org/dotbot; help@moz.com)"
216.244.66.200 - - [16/Nov/2024:06:38:54 +0100] "GET /files/azonosito.zip HTTP/1.1" 200 38699 "-" "Mozilla/5.0 (compatible; DotBot/1.2; +https://opensiteexplorer.org/dotbot; help@moz.com)"
216.244.66.200 - - [16/Nov/2024:06:40:09 +0100] "GET /files/1108_4_2002_indokl_s.doc HTTP/1.1" 200 20992 "-" "Mozilla/5.0 (compatible; DotBot/1.2; +https://opensiteexplorer.org/dotbot; help@moz.com)"
216.244.66.200 - - [16/Nov/2024:06:57:12 +0100] "GET /robots.txt HTTP/1.1" 200 1590 "-" "Mozilla/5.0 (compatible; DotBot/1.2; +https://opensiteexplorer.org/dotbot; help@moz.com)"
216.244.66.200 - - [16/Nov/2024:07:02:35 +0100] "GET /node/901 HTTP/1.1" 200 - "-" "Mozilla/5.0 (compatible; DotBot/1.2; +https://opensiteexplorer.org/dotbot; help@moz.com)"
66.249.66.4 - - [16/Nov/2024:07:34:59 +0100] "GET /files/diakig_terv_080606.pdf HTTP/1.1" 200 225018 "-" "Googlebot/2.1 (+http://www.google.com/bot.html)"
66.249.66.86 - - [16/Nov/2024:08:05:49 +0100] "GET /files/kjofmh-kormelo-kozig.doc HTTP/1.1" 304 - "-" "Mozilla/5.0 (Linux; Android 6.0.1; Nexus 5X Build/MMB29P) AppleWebKit/537.36 (KHTML, like Gecko) Chrome/131.0.6778.69 Mobile Safari/537.36 (compatible; Googlebot/2.1; +http://www.google.com/bot.html)"
52.167.144.171 - - [16/Nov/2024:08:40:34 +0100] "GET /files/gyermekszegenyseg_tervezet_5_melleklet_070125.pdf HTTP/1.1" 304 - "-" "Mozilla/5.0 AppleWebKit/537.36 (KHTML, like Gecko; compatible; bingbot/2.0; +http://www.bing.com/bingbot.htm) Chrome/116.0.1938.76 Safari/537.36"
216.244.66.200 - - [16/Nov/2024:08:50:10 +0100] "GET /robots.txt HTTP/1.1" 200 1590 "-" "Mozilla/5.0 (compatible; DotBot/1.2; +https://opensiteexplorer.org/dotbot; help@moz.com)"
5.255.231.145 - - [16/Nov/2024:09:19:39 +0100] "GET /robots.txt HTTP/1.1" 200 1590 "-" "Mozilla/5.0 (compatible; YandexBot/3.0; +http://yandex.com/bots)"
5.255.231.42 - - [16/Nov/2024:09:20:12 +0100] "GET /drupal/node/1448 HTTP/1.1" 200 - "-" "Mozilla/5.0 (compatible; YandexBot/3.0; +http://yandex.com/bots)"
52.167.144.212 - - [16/Nov/2024:09:27:03 +0100] "GET /web/home.nsf/51aad2b5d20c0da2c1256c84003b0d36/516a2bb0e46cac07c12572180036e855/$FILE/fobbjell.pdf HTTP/1.1" 200 - "-" "Mozilla/5.0 AppleWebKit/537.36 (KHTML, like Gecko; compatible; bingbot/2.0; +http://www.bing.com/bingbot.htm) Chrome/116.0.1938.76 Safari/537.36"
52.167.144.212 - - [16/Nov/2024:09:27:35 +0100] "GET /web/home.nsf/51aad2b5d20c0da2c1256c84003b0d36/516a2bb0e46cac07c12572180036e855/$FILE/fobbjell.pdf HTTP/1.1" 200 - "-" "Mozilla/5.0 AppleWebKit/537.36 (KHTML, like Gecko; compatible; bingbot/2.0; +http://www.bing.com/bingbot.htm) Chrome/116.0.1938.76 Safari/537.36"
66.249.66.86 - - [16/Nov/2024:09:48:51 +0100] "GET /robots.txt HTTP/1.1" 200 1590 "-" "Mozilla/5.0 (compatible; Googlebot/2.1; +http://www.google.com/bot.html)"
66.249.66.87 - - [16/Nov/2024:09:48:57 +0100] "GET /files/muemlek_terv_081124.pdf HTTP/1.1" 200 4475780 "-" "Mozilla/5.0 (Linux; Android 6.0.1; Nexus 5X Build/MMB29P) AppleWebKit/537.36 (KHTML, like Gecko) Chrome/131.0.6778.69 Mobile Safari/537.36 (compatible; Googlebot/2.1; +http://www.google.com/bot.html)"
66.249.66.87 - - [16/Nov/2024:10:38:58 +0100] "GET / HTTP/1.1" 200 - "-" "Mozilla/5.0 (compatible; Googlebot/2.1; +http://www.google.com/bot.html)"
66.249.66.87 - - [16/Nov/2024:10:39:30 +0100] "GET / HTTP/1.1" 200 - "-" "Mozilla/5.0 (Linux; Android 6.0.1; Nexus 5X Build/MMB29P) AppleWebKit/537.36 (KHTML, like Gecko) Chrome/99.0.4844.84 Mobile Safari/537.36 (compatible; Googlebot/2.1; +http://www.google.com/bot.html)"
66.249.66.86 - - [16/Nov/2024:10:40:02 +0100] "GET / HTTP/1.1" 200 - "-" "Mozilla/5.0 (compatible; Googlebot/2.1; +http://www.google.com/bot.html)"
66.249.66.86 - - [16/Nov/2024:10:40:34 +0100] "GET / HTTP/1.1" 200 - "-" "Mozilla/5.0 (Linux; Android 6.0.1; Nexus 5X Build/MMB29P) AppleWebKit/537.36 (KHTML, like Gecko) Chrome/131.0.6778.69 Mobile Safari/537.36 (compatible; Googlebot/2.1; +http://www.google.com/bot.html)"
216.244.66.200 - - [16/Nov/2024:10:41:38 +0100] "GET /robots.txt HTTP/1.1" 200 1590 "-" "Mozilla/5.0 (compatible; DotBot/1.2; +https://opensiteexplorer.org/dotbot; help@moz.com)"
216.244.66.200 - - [16/Nov/2024:10:41:38 +0100] "GET /robots.txt HTTP/1.1" 200 1590 "-" "Mozilla/5.0 (compatible; DotBot/1.2; +https://opensiteexplorer.org/dotbot; help@moz.com)"
216.244.66.200 - - [16/Nov/2024:10:53:34 +0100] "GET /node/1183 HTTP/1.1" 200 - "-" "Mozilla/5.0 (compatible; DotBot/1.2; +https://opensiteexplorer.org/dotbot; help@moz.com)"
216.244.66.200 - - [16/Nov/2024:10:54:04 +0100] "GET /node/1191 HTTP/1.1" 200 - "-" "Mozilla/5.0 (compatible; DotBot/1.2; +https://opensiteexplorer.org/dotbot; help@moz.com)"
216.244.66.200 - - [16/Nov/2024:10:54:45 +0100] "GET /node/124 HTTP/1.1" 200 - "-" "Mozilla/5.0 (compatible; DotBot/1.2; +https://opensiteexplorer.org/dotbot; help@moz.com)"
216.244.66.200 - - [16/Nov/2024:10:55:35 +0100] "GET /node/1356 HTTP/1.1" 200 - "-" "Mozilla/5.0 (compatible; DotBot/1.2; +https://opensiteexplorer.org/dotbot; help@moz.com)"
216.244.66.200 - - [16/Nov/2024:10:56:25 +0100] "GET /node/1411 HTTP/1.1" 200 - "-" "Mozilla/5.0 (compatible; DotBot/1.2; +https://opensiteexplorer.org/dotbot; help@moz.com)"
216.244.66.200 - - [16/Nov/2024:10:57:15 +0100] "GET /node/1499 HTTP/1.1" 200 - "-" "Mozilla/5.0 (compatible; DotBot/1.2; +https://opensiteexplorer.org/dotbot; help@moz.com)"
216.244.66.200 - - [16/Nov/2024:10:58:05 +0100] "GET /node/1687 HTTP/1.1" 200 - "-" "Mozilla/5.0 (compatible; DotBot/1.2; +https://opensiteexplorer.org/dotbot; help@moz.com)"
216.244.66.200 - - [16/Nov/2024:10:58:55 +0100] "GET /node/1792 HTTP/1.1" 200 - "-" "Mozilla/5.0 (compatible; DotBot/1.2; +https://opensiteexplorer.org/dotbot; help@moz.com)"
216.244.66.200 - - [16/Nov/2024:10:59:46 +0100] "GET /node/1806 HTTP/1.1" 200 - "-" "Mozilla/5.0 (compatible; DotBot/1.2; +https://opensiteexplorer.org/dotbot; help@moz.com)"
216.244.66.200 - - [16/Nov/2024:11:00:36 +0100] "GET /node/1826 HTTP/1.1" 200 - "-" "Mozilla/5.0 (compatible; DotBot/1.2; +https://opensiteexplorer.org/dotbot; help@moz.com)"
216.244.66.200 - - [16/Nov/2024:11:01:26 +0100] "GET /node/1843 HTTP/1.1" 200 - "-" "Mozilla/5.0 (compatible; DotBot/1.2; +https://opensiteexplorer.org/dotbot; help@moz.com)"
114.119.144.229 - - [16/Nov/2024:11:15:04 +0100] "GET /robots.txt HTTP/1.1" 200 1590 "-" "Mozilla/5.0 (compatible;PetalBot;+https://webmaster.petalsearch.com/site/petalbot)"
52.167.144.183 - - [16/Nov/2024:11:16:48 +0100] "GET /taxonomy/term/65 HTTP/1.1" 200 - "-" "Mozilla/5.0 AppleWebKit/537.36 (KHTML, like Gecko; compatible; bingbot/2.0; +http://www.bing.com/bingbot.htm) Chrome/116.0.1938.76 Safari/537.36"
52.167.144.183 - - [16/Nov/2024:11:17:20 +0100] "GET /taxonomy/term/65 HTTP/1.1" 200 - "-" "Mozilla/5.0 AppleWebKit/537.36 (KHTML, like Gecko; compatible; bingbot/2.0; +http://www.bing.com/bingbot.htm) Chrome/116.0.1938.76 Safari/537.36"
34.23.75.18 - - [16/Nov/2024:11:17:57 +0100] "HEAD / HTTP/1.1" 200 - "-" "Python/3.10 aiohttp/3.10.10"
216.244.66.200 - - [16/Nov/2024:11:38:23 +0100] "GET /robots.txt HTTP/1.1" 200 1590 "-" "Mozilla/5.0 (compatible; DotBot/1.2; +https://opensiteexplorer.org/dotbot; help@moz.com)"
216.244.66.200 - - [16/Nov/2024:11:38:23 +0100] "GET /robots.txt HTTP/1.1" 200 1590 "-" "Mozilla/5.0 (compatible; DotBot/1.2; +https://opensiteexplorer.org/dotbot; help@moz.com)"
216.244.66.200 - - [16/Nov/2024:11:55:25 +0100] "GET /node/1040 HTTP/1.1" 200 - "-" "Mozilla/5.0 (compatible; DotBot/1.2; +https://opensiteexplorer.org/dotbot; help@moz.com)"
216.244.66.200 - - [16/Nov/2024:11:56:31 +0100] "GET /node/17 HTTP/1.1" 200 - "-" "Mozilla/5.0 (compatible; DotBot/1.2; +https://opensiteexplorer.org/dotbot; help@moz.com)"
216.244.66.200 - - [16/Nov/2024:11:57:11 +0100] "GET /node/62 HTTP/1.1" 200 - "-" "Mozilla/5.0 (compatible; DotBot/1.2; +https://opensiteexplorer.org/dotbot; help@moz.com)"
216.244.66.200 - - [16/Nov/2024:11:58:24 +0100] "GET /node/1033 HTTP/1.1" 200 - "-" "Mozilla/5.0 (compatible; DotBot/1.2; +https://opensiteexplorer.org/dotbot; help@moz.com)"
45.149.241.245 - - [16/Nov/2024:12:03:04 +0100] "GET /.env HTTP/1.1" 200 - "-" "Mozilla/5.0 (X11; Linux x86_64) AppleWebKit/537.36 (KHTML, like Gecko) Chrome/81.0.4044.129 Safari/537.36"
66.249.66.86 - - [16/Nov/2024:12:14:54 +0100] "GET /files/tamszolg_terv_080630.pdf HTTP/1.1" 304 - "-" "Mozilla/5.0 (Linux; Android 6.0.1; Nexus 5X Build/MMB29P) AppleWebKit/537.36 (KHTML, like Gecko) Chrome/131.0.6778.69 Mobile Safari/537.36 (compatible; Googlebot/2.1; +http://www.google.com/bot.html)"
216.244.66.200 - - [16/Nov/2024:12:34:12 +0100] "GET /robots.txt HTTP/1.1" 200 1590 "-" "Mozilla/5.0 (compatible; DotBot/1.2; +https://opensiteexplorer.org/dotbot; help@moz.com)"
216.244.66.200 - - [16/Nov/2024:12:34:12 +0100] "GET /robots.txt HTTP/1.1" 200 1590 "-" "Mozilla/5.0 (compatible; DotBot/1.2; +https://opensiteexplorer.org/dotbot; help@moz.com)"
216.244.66.200 - - [16/Nov/2024:12:48:57 +0100] "GET /taxonomy/term/1?page=121 HTTP/1.1" 200 - "-" "Mozilla/5.0 (compatible; DotBot/1.2; +https://opensiteexplorer.org/dotbot; help@moz.com)"
216.244.66.200 - - [16/Nov/2024:12:49:29 +0100] "GET /node/1589 HTTP/1.1" 200 - "-" "Mozilla/5.0 (compatible; DotBot/1.2; +https://opensiteexplorer.org/dotbot; help@moz.com)"
216.244.66.200 - - [16/Nov/2024:12:50:22 +0100] "GET /node/2594 HTTP/1.1" 200 - "-" "Mozilla/5.0 (compatible; DotBot/1.2; +https://opensiteexplorer.org/dotbot; help@moz.com)"
216.244.66.200 - - [16/Nov/2024:12:50:44 +0100] "GET /node/448 HTTP/1.1" 200 - "-" "Mozilla/5.0 (compatible; DotBot/1.2; +https://opensiteexplorer.org/dotbot; help@moz.com)"
216.244.66.200 - - [16/Nov/2024:12:51:34 +0100] "GET /user/501 HTTP/1.1" 200 - "-" "Mozilla/5.0 (compatible; DotBot/1.2; +https://opensiteexplorer.org/dotbot; help@moz.com)"
216.244.66.200 - - [16/Nov/2024:12:53:17 +0100] "GET /node/1372 HTTP/1.1" 200 - "-" "Mozilla/5.0 (compatible; DotBot/1.2; +https://opensiteexplorer.org/dotbot; help@moz.com)"
216.244.66.200 - - [16/Nov/2024:12:54:07 +0100] "GET /node/383 HTTP/1.1" 200 - "-" "Mozilla/5.0 (compatible; DotBot/1.2; +https://opensiteexplorer.org/dotbot; help@moz.com)"
216.244.66.200 - - [16/Nov/2024:13:09:16 +0100] "GET /files/polgari_v%E9delmi_besorolas1.pdf HTTP/1.1" 200 - "-" "Mozilla/5.0 (compatible; DotBot/1.2; +https://opensiteexplorer.org/dotbot; help@moz.com)"
216.244.66.200 - - [16/Nov/2024:13:09:45 +0100] "GET /files/szmr_terv_090123.pdf HTTP/1.1" 200 277866 "-" "Mozilla/5.0 (compatible; DotBot/1.2; +https://opensiteexplorer.org/dotbot; help@moz.com)"
216.244.66.200 - - [16/Nov/2024:13:10:23 +0100] "GET /files/tervezet_Kvt_kozig_0901.pdf HTTP/1.1" 200 108431 "-" "Mozilla/5.0 (compatible; DotBot/1.2; +https://opensiteexplorer.org/dotbot; help@moz.com)"
216.244.66.200 - - [16/Nov/2024:13:11:02 +0100] "GET /files/vegbizonyitvanyok_terv_080219.pdf HTTP/1.1" 200 446414 "-" "Mozilla/5.0 (compatible; DotBot/1.2; +https://opensiteexplorer.org/dotbot; help@moz.com)"
216.244.66.200 - - [16/Nov/2024:13:11:35 +0100] "GET /files/im_rendelet_a_felszamoloi_dijrol_kat.pdf HTTP/1.1" 200 30552 "-" "Mozilla/5.0 (compatible; DotBot/1.2; +https://opensiteexplorer.org/dotbot; help@moz.com)"
79.209.47.179 - - [16/Nov/2024:13:11:59 +0100] "GET /files/cegbejegyzesi_eljaras_21_per_2006__02_12_fin.doc HTTP/1.1" 200 54272 "-" "Mozilla/5.0 (Windows NT 10.0; Microsoft Windows 10.0.15063; en-US) PowerShell/6.0.0"
216.244.66.200 - - [16/Nov/2024:13:28:32 +0100] "GET /robots.txt HTTP/1.1" 200 1590 "-" "Mozilla/5.0 (compatible; DotBot/1.2; +https://opensiteexplorer.org/dotbot; help@moz.com)"
216.244.66.200 - - [16/Nov/2024:13:28:32 +0100] "GET /robots.txt HTTP/1.1" 200 1590 "-" "Mozilla/5.0 (compatible; DotBot/1.2; +https://opensiteexplorer.org/dotbot; help@moz.com)"
64.251.10.90 - - [16/Nov/2024:13:31:53 +0100] "GET /files/CSG-GA-jogalkotas_einfoszab_1120.ppt HTTP/1.0" 200 24179 "-" "-"
216.244.66.200 - - [16/Nov/2024:13:38:27 +0100] "GET /taxonomy/term/37 HTTP/1.1" 200 - "-" "Mozilla/5.0 (compatible; DotBot/1.2; +https://opensiteexplorer.org/dotbot; help@moz.com)"
216.244.66.200 - - [16/Nov/2024:13:39:22 +0100] "GET /taxonomy/term/44 HTTP/1.1" 200 - "-" "Mozilla/5.0 (compatible; DotBot/1.2; +https://opensiteexplorer.org/dotbot; help@moz.com)"
216.244.66.200 - - [16/Nov/2024:13:39:55 +0100] "GET /taxonomy/term/21?page=220 HTTP/1.1" 200 - "-" "Mozilla/5.0 (compatible; DotBot/1.2; +https://opensiteexplorer.org/dotbot; help@moz.com)"
216.244.66.200 - - [16/Nov/2024:13:40:31 +0100] "GET /node?page=242 HTTP/1.1" 200 - "-" "Mozilla/5.0 (compatible; DotBot/1.2; +https://opensiteexplorer.org/dotbot; help@moz.com)"
216.244.66.200 - - [16/Nov/2024:13:41:06 +0100] "GET /node/2554 HTTP/1.1" 200 - "-" "Mozilla/5.0 (compatible; DotBot/1.2; +https://opensiteexplorer.org/dotbot; help@moz.com)"
216.244.66.200 - - [16/Nov/2024:13:41:40 +0100] "GET /node/2545 HTTP/1.1" 200 - "-" "Mozilla/5.0 (compatible; DotBot/1.2; +https://opensiteexplorer.org/dotbot; help@moz.com)"
216.244.66.200 - - [16/Nov/2024:13:42:33 +0100] "GET /taxonomy/term/68 HTTP/1.1" 200 - "-" "Mozilla/5.0 (compatible; DotBot/1.2; +https://opensiteexplorer.org/dotbot; help@moz.com)"
216.244.66.200 - - [16/Nov/2024:13:43:24 +0100] "GET /taxonomy/term/75 HTTP/1.1" 200 - "-" "Mozilla/5.0 (compatible; DotBot/1.2; +https://opensiteexplorer.org/dotbot; help@moz.com)"
216.244.66.200 - - [16/Nov/2024:13:44:15 +0100] "GET /taxonomy/term/26 HTTP/1.1" 200 - "-" "Mozilla/5.0 (compatible; DotBot/1.2; +https://opensiteexplorer.org/dotbot; help@moz.com)"
66.249.66.85 - - [16/Nov/2024:13:45:03 +0100] "GET /files/mikrobi%201130.doc HTTP/1.1" 304 - "-" "Mozilla/5.0 (Linux; Android 6.0.1; Nexus 5X Build/MMB29P) AppleWebKit/537.36 (KHTML, like Gecko) Chrome/131.0.6778.69 Mobile Safari/537.36 (compatible; Googlebot/2.1; +http://www.google.com/bot.html)"
216.244.66.200 - - [16/Nov/2024:13:45:44 +0100] "GET /taxonomy/term/52?page=23 HTTP/1.1" 200 - "-" "Mozilla/5.0 (compatible; DotBot/1.2; +https://opensiteexplorer.org/dotbot; help@moz.com)"
216.244.66.200 - - [16/Nov/2024:13:46:28 +0100] "GET /node?page=20 HTTP/1.1" 200 - "-" "Mozilla/5.0 (compatible; DotBot/1.2; +https://opensiteexplorer.org/dotbot; help@moz.com)"
216.244.66.200 - - [16/Nov/2024:13:48:16 +0100] "GET /taxonomy/term/21?page=212 HTTP/1.1" 200 - "-" "Mozilla/5.0 (compatible; DotBot/1.2; +https://opensiteexplorer.org/dotbot; help@moz.com)"
66.249.66.4 - - [16/Nov/2024:13:55:19 +0100] "GET /drupal/files/ekozig_strategia.pdf HTTP/1.1" 200 - "-" "Googlebot/2.1 (+http://www.google.com/bot.html)"
34.38.222.76 - - [16/Nov/2024:14:10:34 +0100] "GET /robots.txt HTTP/1.1" 200 1590 "-" "Mozilla/5.0 (compatible; VelenPublicWebCrawler/1.0; +https://velen.io)"
34.38.222.76 - - [16/Nov/2024:14:11:05 +0100] "GET /taxonomy/term/55 HTTP/1.1" 200 - "-" "Mozilla/5.0 (compatible; VelenPublicWebCrawler/1.0; +https://velen.io)"
34.38.222.76 - - [16/Nov/2024:14:11:36 +0100] "GET /taxonomy/term/55 HTTP/1.1" 200 - "-" "Mozilla/5.0 (compatible; VelenPublicWebCrawler/1.0; +https://velen.io)"
34.38.222.76 - - [16/Nov/2024:14:12:08 +0100] "GET /taxonomy/term/55 HTTP/1.1" 200 - "-" "Mozilla/5.0 (compatible; VelenPublicWebCrawler/1.0; +https://velen.io)"
34.38.222.76 - - [16/Nov/2024:14:12:40 +0100] "GET /taxonomy/term/55 HTTP/1.1" 200 - "-" "Mozilla/5.0 (compatible; VelenPublicWebCrawler/1.0; +https://velen.io)"
34.38.222.76 - - [16/Nov/2024:14:13:13 +0100] "GET /taxonomy/term/55 HTTP/1.1" 200 - "-" "Mozilla/5.0 (compatible; VelenPublicWebCrawler/1.0; +https://velen.io)"
216.244.66.200 - - [16/Nov/2024:14:20:04 +0100] "GET /robots.txt HTTP/1.1" 200 1590 "-" "Mozilla/5.0 (compatible; DotBot/1.2; +https://opensiteexplorer.org/dotbot; help@moz.com)"
216.244.66.200 - - [16/Nov/2024:14:20:05 +0100] "GET /robots.txt HTTP/1.1" 200 1590 "-" "Mozilla/5.0 (compatible; DotBot/1.2; +https://opensiteexplorer.org/dotbot; help@moz.com)"
216.244.66.200 - - [16/Nov/2024:14:35:26 +0100] "GET /node?page=166 HTTP/1.1" 200 - "-" "Mozilla/5.0 (compatible; DotBot/1.2; +https://opensiteexplorer.org/dotbot; help@moz.com)"
216.244.66.200 - - [16/Nov/2024:14:35:57 +0100] "GET /node?page=61 HTTP/1.1" 200 - "-" "Mozilla/5.0 (compatible; DotBot/1.2; +https://opensiteexplorer.org/dotbot; help@moz.com)"
31.46.254.99 - - [16/Nov/2024:14:36:31 +0100] "GET /favicon.ico HTTP/1.1" 404 57 "http://jogalkotas.hu/files/ptk.csaladjog_0.pdf" "Mozilla/5.0 (Windows NT 10.0; Win64; x64) AppleWebKit/537.36 (KHTML, like Gecko) Chrome/130.0.0.0 Safari/537.36"
216.244.66.200 - - [16/Nov/2024:14:36:37 +0100] "GET /node?page=238 HTTP/1.1" 200 - "-" "Mozilla/5.0 (compatible; DotBot/1.2; +https://opensiteexplorer.org/dotbot; help@moz.com)"
216.244.66.200 - - [16/Nov/2024:14:37:28 +0100] "GET /node?page=11 HTTP/1.1" 200 - "-" "Mozilla/5.0 (compatible; DotBot/1.2; +https://opensiteexplorer.org/dotbot; help@moz.com)"
216.244.66.200 - - [16/Nov/2024:14:38:18 +0100] "GET /node?page=83 HTTP/1.1" 200 - "-" "Mozilla/5.0 (compatible; DotBot/1.2; +https://opensiteexplorer.org/dotbot; help@moz.com)"
216.244.66.200 - - [16/Nov/2024:14:39:08 +0100] "GET /node/1147 HTTP/1.1" 200 - "-" "Mozilla/5.0 (compatible; DotBot/1.2; +https://opensiteexplorer.org/dotbot; help@moz.com)"
216.244.66.200 - - [16/Nov/2024:14:39:59 +0100] "GET /node/1233 HTTP/1.1" 200 - "-" "Mozilla/5.0 (compatible; DotBot/1.2; +https://opensiteexplorer.org/dotbot; help@moz.com)"
216.244.66.200 - - [16/Nov/2024:14:40:49 +0100] "GET /node/1234 HTTP/1.1" 200 - "-" "Mozilla/5.0 (compatible; DotBot/1.2; +https://opensiteexplorer.org/dotbot; help@moz.com)"
216.244.66.200 - - [16/Nov/2024:14:41:39 +0100] "GET /node/1337 HTTP/1.1" 200 - "-" "Mozilla/5.0 (compatible; DotBot/1.2; +https://opensiteexplorer.org/dotbot; help@moz.com)"
216.244.66.200 - - [16/Nov/2024:14:42:30 +0100] "GET /node/1395 HTTP/1.1" 200 - "-" "Mozilla/5.0 (compatible; DotBot/1.2; +https://opensiteexplorer.org/dotbot; help@moz.com)"
216.244.66.200 - - [16/Nov/2024:14:43:20 +0100] "GET /node/1522 HTTP/1.1" 200 - "-" "Mozilla/5.0 (compatible; DotBot/1.2; +https://opensiteexplorer.org/dotbot; help@moz.com)"
52.167.144.25 - - [16/Nov/2024:15:05:50 +0100] "GET /files/szmr_terv_090123.pdf HTTP/1.1" 200 277866 "-" "Mozilla/5.0 AppleWebKit/537.36 (KHTML, like Gecko; compatible; bingbot/2.0; +http://www.bing.com/bingbot.htm) Chrome/116.0.1938.76 Safari/537.36"
216.244.66.200 - - [16/Nov/2024:15:09:52 +0100] "GET /robots.txt HTTP/1.1" 200 1590 "-" "Mozilla/5.0 (compatible; DotBot/1.2; +https://opensiteexplorer.org/dotbot; help@moz.com)"
216.244.66.200 - - [16/Nov/2024:15:09:52 +0100] "GET /robots.txt HTTP/1.1" 200 1590 "-" "Mozilla/5.0 (compatible; DotBot/1.2; +https://opensiteexplorer.org/dotbot; help@moz.com)"
216.244.66.200 - - [16/Nov/2024:15:14:53 +0100] "GET /filter/tips HTTP/1.1" 200 - "-" "Mozilla/5.0 (compatible; DotBot/1.2; +https://opensiteexplorer.org/dotbot; help@moz.com)"
216.244.66.200 - - [16/Nov/2024:15:15:24 +0100] "GET /taxonomy/term/40 HTTP/1.1" 200 - "-" "Mozilla/5.0 (compatible; DotBot/1.2; +https://opensiteexplorer.org/dotbot; help@moz.com)"
216.244.66.200 - - [16/Nov/2024:15:20:25 +0100] "GET /node/2556 HTTP/1.1" 200 - "-" "Mozilla/5.0 (compatible; DotBot/1.2; +https://opensiteexplorer.org/dotbot; help@moz.com)"
216.244.66.200 - - [16/Nov/2024:15:21:20 +0100] "GET /node/2610 HTTP/1.1" 200 - "-" "Mozilla/5.0 (compatible; DotBot/1.2; +https://opensiteexplorer.org/dotbot; help@moz.com)"
216.244.66.200 - - [16/Nov/2024:15:22:11 +0100] "GET /node/2290 HTTP/1.1" 200 - "-" "Mozilla/5.0 (compatible; DotBot/1.2; +https://opensiteexplorer.org/dotbot; help@moz.com)"
216.244.66.200 - - [16/Nov/2024:15:23:01 +0100] "GET /node/2533 HTTP/1.1" 200 - "-" "Mozilla/5.0 (compatible; DotBot/1.2; +https://opensiteexplorer.org/dotbot; help@moz.com)"
216.244.66.200 - - [16/Nov/2024:15:23:52 +0100] "GET /taxonomy/term/91 HTTP/1.1" 200 - "-" "Mozilla/5.0 (compatible; DotBot/1.2; +https://opensiteexplorer.org/dotbot; help@moz.com)"
66.249.66.85 - - [16/Nov/2024:15:23:54 +0100] "GET /files/2007_bgok_vedelem_aloli_feloldasa_tervezet.pdf HTTP/1.1" 200 153599 "-" "Googlebot/2.1 (+http://www.google.com/bot.html)"
216.244.66.200 - - [16/Nov/2024:15:24:56 +0100] "GET /node?page=126 HTTP/1.1" 200 - "-" "Mozilla/5.0 (compatible; DotBot/1.2; +https://opensiteexplorer.org/dotbot; help@moz.com)"
216.244.66.200 - - [16/Nov/2024:15:25:46 +0100] "GET /node?page=205 HTTP/1.1" 200 - "-" "Mozilla/5.0 (compatible; DotBot/1.2; +https://opensiteexplorer.org/dotbot; help@moz.com)"
216.244.66.200 - - [16/Nov/2024:15:26:37 +0100] "GET /node?page=50 HTTP/1.1" 200 - "-" "Mozilla/5.0 (compatible; DotBot/1.2; +https://opensiteexplorer.org/dotbot; help@moz.com)"
216.244.66.200 - - [16/Nov/2024:15:27:26 +0100] "GET /node/2305 HTTP/1.1" 200 - "-" "Mozilla/5.0 (compatible; DotBot/1.2; +https://opensiteexplorer.org/dotbot; help@moz.com)"
66.249.66.87 - - [16/Nov/2024:15:28:46 +0100] "GET /files/_5edt6orrmk1ln953ieq16su8_.pdf HTTP/1.1" 200 365582 "-" "Googlebot/2.1 (+http://www.google.com/bot.html)"
66.249.66.87 - - [16/Nov/2024:15:30:34 +0100] "GET /files/alk_tvjav.pdf HTTP/1.1" 304 - "-" "Mozilla/5.0 (Linux; Android 6.0.1; Nexus 5X Build/MMB29P) AppleWebKit/537.36 (KHTML, like Gecko) Chrome/131.0.6778.69 Mobile Safari/537.36 (compatible; Googlebot/2.1; +http://www.google.com/bot.html)"
66.249.74.130 - - [16/Nov/2024:15:44:59 +0100] "GET /files/regeszet.doc HTTP/1.1" 200 169984 "-" "Mozilla/5.0 (Linux; Android 6.0.1; Nexus 5X Build/MMB29P) AppleWebKit/537.36 (KHTML, like Gecko) Chrome/131.0.6778.69 Mobile Safari/537.36 (compatible; Googlebot/2.1; +http://www.google.com/bot.html)"
66.249.74.129 - - [16/Nov/2024:15:47:01 +0100] "GET /files/igszakkam_mod_tervezet_080918_0.doc HTTP/1.1" 304 - "-" "Mozilla/5.0 (Linux; Android 6.0.1; Nexus 5X Build/MMB29P) AppleWebKit/537.36 (KHTML, like Gecko) Chrome/131.0.6778.69 Mobile Safari/537.36 (compatible; Googlebot/2.1; +http://www.google.com/bot.html)"
66.249.74.131 - - [16/Nov/2024:16:01:07 +0100] "GET /files/oksz_terv_100302.pdf HTTP/1.1" 200 176795 "-" "Mozilla/5.0 (Linux; Android 6.0.1; Nexus 5X Build/MMB29P) AppleWebKit/537.36 (KHTML, like Gecko) Chrome/131.0.6778.69 Mobile Safari/537.36 (compatible; Googlebot/2.1; +http://www.google.com/bot.html)"
52.167.144.186 - - [16/Nov/2024:16:01:46 +0100] "GET /files/termofold_igenybevetel_eloterjesztes.pdf HTTP/1.1" 304 - "-" "Mozilla/5.0 AppleWebKit/537.36 (KHTML, like Gecko; compatible; bingbot/2.0; +http://www.bing.com/bingbot.htm) Chrome/116.0.1938.76 Safari/537.36"
216.244.66.200 - - [16/Nov/2024:16:02:44 +0100] "GET /robots.txt HTTP/1.1" 200 1590 "-" "Mozilla/5.0 (compatible; DotBot/1.2; +https://opensiteexplorer.org/dotbot; help@moz.com)"
216.244.66.200 - - [16/Nov/2024:16:02:44 +0100] "GET /robots.txt HTTP/1.1" 200 1590 "-" "Mozilla/5.0 (compatible; DotBot/1.2; +https://opensiteexplorer.org/dotbot; help@moz.com)"
216.244.66.200 - - [16/Nov/2024:16:09:29 +0100] "GET /taxonomy/term/32 HTTP/1.1" 200 - "-" "Mozilla/5.0 (compatible; DotBot/1.2; +https://opensiteexplorer.org/dotbot; help@moz.com)"
216.244.66.200 - - [16/Nov/2024:16:10:01 +0100] "GET /taxonomy/term/50 HTTP/1.1" 200 - "-" "Mozilla/5.0 (compatible; DotBot/1.2; +https://opensiteexplorer.org/dotbot; help@moz.com)"
47.128.47.148 - - [16/Nov/2024:16:12:44 +0100] "GET /node HTTP/1.1" 200 - "-" "Mozilla/5.0 (Linux; Android 5.0) AppleWebKit/537.36 (KHTML, like Gecko) Mobile Safari/537.36 (compatible; Bytespider; spider-feedback@bytedance.com)"
216.244.66.200 - - [16/Nov/2024:16:13:51 +0100] "GET /taxonomy/term/34 HTTP/1.1" 200 - "-" "Mozilla/5.0 (compatible; DotBot/1.2; +https://opensiteexplorer.org/dotbot; help@moz.com)"
66.249.74.130 - - [16/Nov/2024:16:14:32 +0100] "GET /files/ins_terv_090508.pdf" HTTP/1.1" 200 - "-" "Mozilla/5.0 (Linux; Android 6.0.1; Nexus 5X Build/MMB29P) AppleWebKit/537.36 (KHTML, like Gecko) Chrome/131.0.6778.69 Mobile Safari/537.36 (compatible; GoogleOther)"
216.244.66.200 - - [16/Nov/2024:16:18:11 +0100] "GET /node/2516 HTTP/1.1" 200 - "-" "Mozilla/5.0 (compatible; DotBot/1.2; +https://opensiteexplorer.org/dotbot; help@moz.com)"
216.244.66.200 - - [16/Nov/2024:16:18:47 +0100] "GET /taxonomy/term/69 HTTP/1.1" 200 - "-" "Mozilla/5.0 (compatible; DotBot/1.2; +https://opensiteexplorer.org/dotbot; help@moz.com)"
216.244.66.200 - - [16/Nov/2024:16:25:03 +0100] "GET /node?page=162 HTTP/1.1" 200 - "-" "Mozilla/5.0 (compatible; DotBot/1.2; +https://opensiteexplorer.org/dotbot; help@moz.com)"
216.244.66.200 - - [16/Nov/2024:16:26:28 +0100] "GET /node/98 HTTP/1.1" 200 - "-" "Mozilla/5.0 (compatible; DotBot/1.2; +https://opensiteexplorer.org/dotbot; help@moz.com)"
216.244.66.200 - - [16/Nov/2024:16:27:19 +0100] "GET /node?page=41 HTTP/1.1" 200 - "-" "Mozilla/5.0 (compatible; DotBot/1.2; +https://opensiteexplorer.org/dotbot; help@moz.com)"
216.244.66.200 - - [16/Nov/2024:16:28:09 +0100] "GET /node/1069 HTTP/1.1" 200 - "-" "Mozilla/5.0 (compatible; DotBot/1.2; +https://opensiteexplorer.org/dotbot; help@moz.com)"
216.244.66.200 - - [16/Nov/2024:16:28:59 +0100] "GET /node/1225 HTTP/1.1" 200 - "-" "Mozilla/5.0 (compatible; DotBot/1.2; +https://opensiteexplorer.org/dotbot; help@moz.com)"
216.244.66.200 - - [16/Nov/2024:16:29:49 +0100] "GET /node/1279 HTTP/1.1" 200 - "-" "Mozilla/5.0 (compatible; DotBot/1.2; +https://opensiteexplorer.org/dotbot; help@moz.com)"
47.128.36.104 - - [16/Nov/2024:16:35:12 +0100] "GET /robots.txt HTTP/1.1" 200 1590 "-" "Mozilla/5.0 (Linux; Android 5.0) AppleWebKit/537.36 (KHTML, like Gecko) Mobile Safari/537.36 (compatible; Bytespider; spider-feedback@bytedance.com)"
47.128.96.11 - - [16/Nov/2024:16:39:41 +0100] "GET /node/2517 HTTP/1.1" 200 - "-" "Mozilla/5.0 (Linux; Android 5.0) AppleWebKit/537.36 (KHTML, like Gecko) Mobile Safari/537.36 (compatible; Bytespider; spider-feedback@bytedance.com)"
91.104.186.141 - - [16/Nov/2024:16:42:04 +0100] "GET /files/ptk.csaladjog_0.pdf HTTP/1.1" 206 36228 "-" "Mozilla/5.0 (Windows NT 10.0; Win64; x64; rv:132.0) Gecko/20100101 Firefox/132.0"
91.104.186.141 - - [16/Nov/2024:16:42:04 +0100] "GET /files/ptk.csaladjog_0.pdf HTTP/1.1" 200 429444 "-" "Mozilla/5.0 (Windows NT 10.0; Win64; x64; rv:132.0) Gecko/20100101 Firefox/132.0"
216.244.66.200 - - [16/Nov/2024:16:52:18 +0100] "GET /robots.txt HTTP/1.1" 200 1590 "-" "Mozilla/5.0 (compatible; DotBot/1.2; +https://opensiteexplorer.org/dotbot; help@moz.com)"
216.244.66.200 - - [16/Nov/2024:16:52:18 +0100] "GET /robots.txt HTTP/1.1" 200 1590 "-" "Mozilla/5.0 (compatible; DotBot/1.2; +https://opensiteexplorer.org/dotbot; help@moz.com)"
66.249.74.130 - - [16/Nov/2024:16:59:29 +0100] "GET /files/ins_terv_090508.pdf"> HTTP/1.1" 200 - "-" "Mozilla/5.0 (Linux; Android 6.0.1; Nexus 5X Build/MMB29P) AppleWebKit/537.36 (KHTML, like Gecko) Chrome/131.0.6778.69 Mobile Safari/537.36 (compatible; GoogleOther)"
216.244.66.200 - - [16/Nov/2024:17:06:16 +0100] "GET /taxonomy/term/24?page=28 HTTP/1.1" 200 - "-" "Mozilla/5.0 (compatible; DotBot/1.2; +https://opensiteexplorer.org/dotbot; help@moz.com)"
216.244.66.200 - - [16/Nov/2024:17:07:25 +0100] "GET /node?page=113 HTTP/1.1" 200 - "-" "Mozilla/5.0 (compatible; DotBot/1.2; +https://opensiteexplorer.org/dotbot; help@moz.com)"
216.244.66.200 - - [16/Nov/2024:17:08:05 +0100] "GET /node?page=152 HTTP/1.1" 200 - "-" "Mozilla/5.0 (compatible; DotBot/1.2; +https://opensiteexplorer.org/dotbot; help@moz.com)"
216.244.66.200 - - [16/Nov/2024:17:08:55 +0100] "GET /node?page=56 HTTP/1.1" 200 - "-" "Mozilla/5.0 (compatible; DotBot/1.2; +https://opensiteexplorer.org/dotbot; help@moz.com)"
216.244.66.200 - - [16/Nov/2024:17:09:45 +0100] "GET /node?page=85 HTTP/1.1" 200 - "-" "Mozilla/5.0 (compatible; DotBot/1.2; +https://opensiteexplorer.org/dotbot; help@moz.com)"
216.244.66.200 - - [16/Nov/2024:17:10:36 +0100] "GET /taxonomy/term/32?page=23 HTTP/1.1" 200 - "-" "Mozilla/5.0 (compatible; DotBot/1.2; +https://opensiteexplorer.org/dotbot; help@moz.com)"
216.244.66.200 - - [16/Nov/2024:17:11:26 +0100] "GET /node/754 HTTP/1.1" 200 - "-" "Mozilla/5.0 (compatible; DotBot/1.2; +https://opensiteexplorer.org/dotbot; help@moz.com)"
216.244.66.200 - - [16/Nov/2024:17:12:16 +0100] "GET /taxonomy/term/27?page=18 HTTP/1.1" 200 - "-" "Mozilla/5.0 (compatible; DotBot/1.2; +https://opensiteexplorer.org/dotbot; help@moz.com)"
216.244.66.200 - - [16/Nov/2024:17:13:06 +0100] "GET /node?page=35 HTTP/1.1" 200 - "-" "Mozilla/5.0 (compatible; DotBot/1.2; +https://opensiteexplorer.org/dotbot; help@moz.com)"
216.244.66.200 - - [16/Nov/2024:17:13:56 +0100] "GET /node?page=39 HTTP/1.1" 200 - "-" "Mozilla/5.0 (compatible; DotBot/1.2; +https://opensiteexplorer.org/dotbot; help@moz.com)"
216.244.66.200 - - [16/Nov/2024:17:14:47 +0100] "GET /node/1061 HTTP/1.1" 200 - "-" "Mozilla/5.0 (compatible; DotBot/1.2; +https://opensiteexplorer.org/dotbot; help@moz.com)"
216.244.66.200 - - [16/Nov/2024:17:41:57 +0100] "GET /robots.txt HTTP/1.1" 200 1590 "-" "Mozilla/5.0 (compatible; DotBot/1.2; +https://opensiteexplorer.org/dotbot; help@moz.com)"
216.244.66.200 - - [16/Nov/2024:17:41:57 +0100] "GET /robots.txt HTTP/1.1" 200 1590 "-" "Mozilla/5.0 (compatible; DotBot/1.2; +https://opensiteexplorer.org/dotbot; help@moz.com)"
52.167.144.212 - - [16/Nov/2024:17:43:27 +0100] "GET /files/elemiszerkonyv_melleklet.pdf HTTP/1.1" 200 19554 "-" "Mozilla/5.0 AppleWebKit/537.36 (KHTML, like Gecko; compatible; bingbot/2.0; +http://www.bing.com/bingbot.htm) Chrome/116.0.1938.76 Safari/537.36"
216.244.66.200 - - [16/Nov/2024:17:47:28 +0100] "GET /taxonomy/term/99 HTTP/1.1" 200 - "-" "Mozilla/5.0 (compatible; DotBot/1.2; +https://opensiteexplorer.org/dotbot; help@moz.com)"
84.225.174.178 - - [16/Nov/2024:17:48:19 +0100] "GET /files/2_sz_melleklet_061031.pdf HTTP/1.1" 200 56446 "https://www.google.com/" "Mozilla/5.0 (Linux; Android 10; K) AppleWebKit/537.36 (KHTML, like Gecko) Chrome/130.0.0.0 Mobile Safari/537.36"
84.225.174.178 - - [16/Nov/2024:17:48:29 +0100] "GET /files/2_sz_melleklet_061031.pdf HTTP/1.1" 206 1 "https://www.google.com/" "Mozilla/5.0 (Linux; Android 10; K) AppleWebKit/537.36 (KHTML, like Gecko) Chrome/130.0.0.0 Mobile Safari/537.36"
84.225.174.178 - - [16/Nov/2024:17:48:29 +0100] "GET /files/2_sz_melleklet_061031.pdf HTTP/1.1" 206 34591 "https://www.google.com/" "Mozilla/5.0 (Linux; Android 10; K) AppleWebKit/537.36 (KHTML, like Gecko) Chrome/130.0.0.0 Mobile Safari/537.36"
84.225.174.178 - - [16/Nov/2024:17:48:30 +0100] "GET /files/2_sz_melleklet_061031.pdf HTTP/1.1" 206 1 "https://www.google.com/" "Mozilla/5.0 (Linux; Android 10; K) AppleWebKit/537.36 (KHTML, like Gecko) Chrome/130.0.0.0 Mobile Safari/537.36"
84.225.174.178 - - [16/Nov/2024:17:48:30 +0100] "GET /files/2_sz_melleklet_061031.pdf HTTP/1.1" 206 34591 "https://www.google.com/" "Mozilla/5.0 (Linux; Android 10; K) AppleWebKit/537.36 (KHTML, like Gecko) Chrome/130.0.0.0 Mobile Safari/537.36"
84.225.174.178 - - [16/Nov/2024:17:48:32 +0100] "GET /files/2_sz_melleklet_061031.pdf HTTP/1.1" 206 1 "https://www.google.com/" "Mozilla/5.0 (Linux; Android 10; K) AppleWebKit/537.36 (KHTML, like Gecko) Chrome/130.0.0.0 Mobile Safari/537.36"
84.225.174.178 - - [16/Nov/2024:17:48:32 +0100] "GET /files/2_sz_melleklet_061031.pdf HTTP/1.1" 206 34591 "https://www.google.com/" "Mozilla/5.0 (Linux; Android 10; K) AppleWebKit/537.36 (KHTML, like Gecko) Chrome/130.0.0.0 Mobile Safari/537.36"
84.225.174.178 - - [16/Nov/2024:17:48:33 +0100] "GET /files/2_sz_melleklet_061031.pdf HTTP/1.1" 206 1 "https://www.google.com/" "Mozilla/5.0 (Linux; Android 10; K) AppleWebKit/537.36 (KHTML, like Gecko) Chrome/130.0.0.0 Mobile Safari/537.36"
84.225.174.178 - - [16/Nov/2024:17:48:34 +0100] "GET /files/2_sz_melleklet_061031.pdf HTTP/1.1" 206 1 "https://www.google.com/" "Mozilla/5.0 (Linux; Android 10; K) AppleWebKit/537.36 (KHTML, like Gecko) Chrome/130.0.0.0 Mobile Safari/537.36"
84.225.174.178 - - [16/Nov/2024:17:48:34 +0100] "GET /files/2_sz_melleklet_061031.pdf HTTP/1.1" 206 34591 "https://www.google.com/" "Mozilla/5.0 (Linux; Android 10; K) AppleWebKit/537.36 (KHTML, like Gecko) Chrome/130.0.0.0 Mobile Safari/537.36"
84.225.174.178 - - [16/Nov/2024:17:48:39 +0100] "GET /files/2_sz_melleklet_061031.pdf HTTP/1.1" 206 1 "https://www.google.com/" "Mozilla/5.0 (Linux; Android 10; K) AppleWebKit/537.36 (KHTML, like Gecko) Chrome/130.0.0.0 Mobile Safari/537.36"
84.225.174.178 - - [16/Nov/2024:17:48:39 +0100] "GET /files/2_sz_melleklet_061031.pdf HTTP/1.1" 206 34591 "https://www.google.com/" "Mozilla/5.0 (Linux; Android 10; K) AppleWebKit/537.36 (KHTML, like Gecko) Chrome/130.0.0.0 Mobile Safari/537.36"
84.225.174.178 - - [16/Nov/2024:17:49:04 +0100] "GET /files/2_sz_melleklet_061031.pdf HTTP/1.1" 206 34591 "https://www.google.com/" "Mozilla/5.0 (Linux; Android 10; K) AppleWebKit/537.36 (KHTML, like Gecko) Chrome/130.0.0.0 Mobile Safari/537.36"
216.244.66.200 - - [16/Nov/2024:17:52:52 +0100] "GET /taxonomy/term/40?page=169 HTTP/1.1" 200 - "-" "Mozilla/5.0 (compatible; DotBot/1.2; +https://opensiteexplorer.org/dotbot; help@moz.com)"
216.244.66.200 - - [16/Nov/2024:17:53:54 +0100] "GET /taxonomy/term/73 HTTP/1.1" 200 - "-" "Mozilla/5.0 (compatible; DotBot/1.2; +https://opensiteexplorer.org/dotbot; help@moz.com)"
216.244.66.200 - - [16/Nov/2024:17:55:45 +0100] "GET /taxonomy/term/108 HTTP/1.1" 200 - "-" "Mozilla/5.0 (compatible; DotBot/1.2; +https://opensiteexplorer.org/dotbot; help@moz.com)"
216.244.66.200 - - [16/Nov/2024:17:58:10 +0100] "GET /node?page=154 HTTP/1.1" 200 - "-" "Mozilla/5.0 (compatible; DotBot/1.2; +https://opensiteexplorer.org/dotbot; help@moz.com)"
216.244.66.200 - - [16/Nov/2024:17:59:00 +0100] "GET /node?page=174 HTTP/1.1" 200 - "-" "Mozilla/5.0 (compatible; DotBot/1.2; +https://opensiteexplorer.org/dotbot; help@moz.com)"
216.244.66.200 - - [16/Nov/2024:17:59:50 +0100] "GET /node?page=45 HTTP/1.1" 200 - "-" "Mozilla/5.0 (compatible; DotBot/1.2; +https://opensiteexplorer.org/dotbot; help@moz.com)"
216.244.66.200 - - [16/Nov/2024:18:00:40 +0100] "GET /node/97 HTTP/1.1" 200 - "-" "Mozilla/5.0 (compatible; DotBot/1.2; +https://opensiteexplorer.org/dotbot; help@moz.com)"
216.244.66.200 - - [16/Nov/2024:18:01:30 +0100] "GET /node?page=37 HTTP/1.1" 200 - "-" "Mozilla/5.0 (compatible; DotBot/1.2; +https://opensiteexplorer.org/dotbot; help@moz.com)"
216.244.66.200 - - [16/Nov/2024:18:02:21 +0100] "GET /node/1135 HTTP/1.1" 200 - "-" "Mozilla/5.0 (compatible; DotBot/1.2; +https://opensiteexplorer.org/dotbot; help@moz.com)"
216.244.66.200 - - [16/Nov/2024:18:03:11 +0100] "GET /node/1232 HTTP/1.1" 200 - "-" "Mozilla/5.0 (compatible; DotBot/1.2; +https://opensiteexplorer.org/dotbot; help@moz.com)"
144.76.14.54 - - [16/Nov/2024:18:04:58 +0100] "GET /robots.txt HTTP/1.1" 200 1590 "-" "Mozilla/5.0 (Windows NT 10.0; Win64; x64; trendictionbot0.5.0; trendiction search; http://www.trendiction.de/bot; please let us know of any problems; web at trendiction.com) Gecko/20100101 Firefox/125.0"
144.76.14.54 - - [16/Nov/2024:18:05:32 +0100] "GET / HTTP/1.1" 200 - "-" "Mozilla/5.0 (Windows NT 10.0; Win64; x64; trendictionbot0.5.0; trendiction search; http://www.trendiction.de/bot; please let us know of any problems; web at trendiction.com) Gecko/20100101 Firefox/125.0"
144.76.14.54 - - [16/Nov/2024:18:06:04 +0100] "GET / HTTP/1.1" 200 - "-" "Mozilla/5.0 (Windows NT 10.0; Win64; x64; trendictionbot0.5.0; trendiction search; http://www.trendiction.de/bot; please let us know of any problems; web at trendiction.com) Gecko/20100101 Firefox/125.0"
144.76.14.54 - - [16/Nov/2024:18:06:36 +0100] "GET / HTTP/1.1" 200 - "-" "Mozilla/5.0 (Windows NT 10.0; Win64; x64; trendictionbot0.5.0; trendiction search; http://www.trendiction.de/bot; please let us know of any problems; web at trendiction.com) Gecko/20100101 Firefox/125.0"
144.76.14.54 - - [16/Nov/2024:18:07:08 +0100] "GET / HTTP/1.1" 200 - "-" "Mozilla/5.0 (Windows NT 10.0; Win64; x64; trendictionbot0.5.0; trendiction search; http://www.trendiction.de/bot; please let us know of any problems; web at trendiction.com) Gecko/20100101 Firefox/125.0"
66.249.74.131 - - [16/Nov/2024:18:11:59 +0100] "GET /files/munkaido_terv_070416.pdf HTTP/1.1" 200 380078 "-" "Mozilla/5.0 AppleWebKit/537.36 (KHTML, like Gecko; compatible; GoogleOther) Chrome/131.0.6778.69 Safari/537.36"
66.249.74.129 - - [16/Nov/2024:18:12:01 +0100] "GET /files/munkaido_terv_070416.pdf HTTP/1.1" 200 380078 "-" "Mozilla/5.0 (Linux; Android 6.0.1; Nexus 5X Build/MMB29P) AppleWebKit/537.36 (KHTML, like Gecko) Chrome/131.0.6778.69 Mobile Safari/537.36 (compatible; GoogleOther)"
91.83.198.230 - - [16/Nov/2024:18:20:44 +0100] "GET /favicon.ico HTTP/1.1" 404 57 "http://jogalkotas.hu/files/ptk_kotelmi_jog.pdf" "Mozilla/5.0 (Windows NT 10.0; Win64; x64) AppleWebKit/537.36 (KHTML, like Gecko) Chrome/131.0.0.0 Safari/537.36"
91.83.198.230 - - [16/Nov/2024:18:20:44 +0100] "GET /files/ptk_kotelmi_jog.pdf HTTP/1.1" 200 706298 "https://www.google.com/" "Mozilla/5.0 (Windows NT 10.0; Win64; x64) AppleWebKit/537.36 (KHTML, like Gecko) Chrome/131.0.0.0 Safari/537.36"
66.249.74.131 - - [16/Nov/2024:18:20:57 +0100] "GET /files/muemlek_terv_081124.pdf HTTP/1.1" 200 4475780 "-" "Mozilla/5.0 (Linux; Android 6.0.1; Nexus 5X Build/MMB29P) AppleWebKit/537.36 (KHTML, like Gecko) Chrome/131.0.6778.69 Mobile Safari/537.36 (compatible; Googlebot/2.1; +http://www.google.com/bot.html)"
34.38.222.76 - - [16/Nov/2024:18:30:41 +0100] "GET /robots.txt HTTP/1.1" 200 1590 "-" "Mozilla/5.0 (compatible; VelenPublicWebCrawler/1.0; +https://velen.io)"
34.38.222.76 - - [16/Nov/2024:18:31:13 +0100] "GET /taxonomy/term/18 HTTP/1.1" 200 - "-" "Mozilla/5.0 (compatible; VelenPublicWebCrawler/1.0; +https://velen.io)"
34.38.222.76 - - [16/Nov/2024:18:31:44 +0100] "GET /taxonomy/term/18 HTTP/1.1" 200 - "-" "Mozilla/5.0 (compatible; VelenPublicWebCrawler/1.0; +https://velen.io)"
34.38.222.76 - - [16/Nov/2024:18:32:20 +0100] "GET /taxonomy/term/18 HTTP/1.1" 200 - "-" "Mozilla/5.0 (compatible; VelenPublicWebCrawler/1.0; +https://velen.io)"
34.38.222.76 - - [16/Nov/2024:18:32:47 +0100] "GET /taxonomy/term/18 HTTP/1.1" 200 - "-" "Mozilla/5.0 (compatible; VelenPublicWebCrawler/1.0; +https://velen.io)"
216.244.66.200 - - [16/Nov/2024:18:33:01 +0100] "GET /robots.txt HTTP/1.1" 200 1590 "-" "Mozilla/5.0 (compatible; DotBot/1.2; +https://opensiteexplorer.org/dotbot; help@moz.com)"
216.244.66.200 - - [16/Nov/2024:18:33:01 +0100] "GET /robots.txt HTTP/1.1" 200 1590 "-" "Mozilla/5.0 (compatible; DotBot/1.2; +https://opensiteexplorer.org/dotbot; help@moz.com)"
34.38.222.76 - - [16/Nov/2024:18:33:20 +0100] "GET /taxonomy/term/18 HTTP/1.1" 200 - "-" "Mozilla/5.0 (compatible; VelenPublicWebCrawler/1.0; +https://velen.io)"
216.244.66.200 - - [16/Nov/2024:18:38:45 +0100] "GET /taxonomy/term/18 HTTP/1.1" 200 - "-" "Mozilla/5.0 (compatible; DotBot/1.2; +https://opensiteexplorer.org/dotbot; help@moz.com)"
216.244.66.200 - - [16/Nov/2024:18:41:20 +0100] "GET /taxonomy/term/36 HTTP/1.1" 200 - "-" "Mozilla/5.0 (compatible; DotBot/1.2; +https://opensiteexplorer.org/dotbot; help@moz.com)"
216.244.66.200 - - [16/Nov/2024:18:44:07 +0100] "GET /taxonomy/term/63 HTTP/1.1" 200 - "-" "Mozilla/5.0 (compatible; DotBot/1.2; +https://opensiteexplorer.org/dotbot; help@moz.com)"
216.244.66.200 - - [16/Nov/2024:18:49:18 +0100] "GET /node?page=224 HTTP/1.1" 200 - "-" "Mozilla/5.0 (compatible; DotBot/1.2; +https://opensiteexplorer.org/dotbot; help@moz.com)"
216.244.66.200 - - [16/Nov/2024:18:52:04 +0100] "GET /node?page=25 HTTP/1.1" 200 - "-" "Mozilla/5.0 (compatible; DotBot/1.2; +https://opensiteexplorer.org/dotbot; help@moz.com)"
216.244.66.200 - - [16/Nov/2024:18:52:58 +0100] "GET /node?page=34 HTTP/1.1" 200 - "-" "Mozilla/5.0 (compatible; DotBot/1.2; +https://opensiteexplorer.org/dotbot; help@moz.com)"
216.244.66.200 - - [16/Nov/2024:18:53:41 +0100] "GET /node/1078 HTTP/1.1" 200 - "-" "Mozilla/5.0 (compatible; DotBot/1.2; +https://opensiteexplorer.org/dotbot; help@moz.com)"
216.244.66.200 - - [16/Nov/2024:18:54:32 +0100] "GET /node/1090 HTTP/1.1" 200 - "-" "Mozilla/5.0 (compatible; DotBot/1.2; +https://opensiteexplorer.org/dotbot; help@moz.com)"
216.244.66.200 - - [16/Nov/2024:18:55:22 +0100] "GET /node/1155 HTTP/1.1" 200 - "-" "Mozilla/5.0 (compatible; DotBot/1.2; +https://opensiteexplorer.org/dotbot; help@moz.com)"
216.244.66.200 - - [16/Nov/2024:18:56:12 +0100] "GET /node/1173 HTTP/1.1" 200 - "-" "Mozilla/5.0 (compatible; DotBot/1.2; +https://opensiteexplorer.org/dotbot; help@moz.com)"
216.244.66.200 - - [16/Nov/2024:18:57:03 +0100] "GET /node/1289 HTTP/1.1" 200 - "-" "Mozilla/5.0 (compatible; DotBot/1.2; +https://opensiteexplorer.org/dotbot; help@moz.com)"
66.249.74.129 - - [16/Nov/2024:18:58:54 +0100] "GET /files/szemelyugyi_igazgatas.pdf HTTP/1.1" 200 379679 "-" "Googlebot/2.1 (+http://www.google.com/bot.html)"
66.249.74.105 - - [16/Nov/2024:19:07:57 +0100] "GET /files/Eloterjesztes_264_15_16_mod_KOZIG.pdf HTTP/1.1" 200 190086 "-" "Googlebot/2.1 (+http://www.google.com/bot.html)"
66.249.74.105 - - [16/Nov/2024:19:16:33 +0100] "GET /files/allig_3367_070907.pdf HTTP/1.1" 200 170516 "-" "Googlebot/2.1 (+http://www.google.com/bot.html)"
84.0.118.150 - - [16/Nov/2024:19:19:09 +0100] "GET /files/ptk.csaladjog_0.pdf HTTP/1.1" 200 429444 "https://www.google.com/" "Mozilla/5.0 (iPhone; CPU iPhone OS 18_1 like Mac OS X) AppleWebKit/605.1.15 (KHTML, like Gecko) Version/18.1 Mobile/15E148 Safari/604.1"
84.0.118.150 - - [16/Nov/2024:19:19:09 +0100] "GET /favicon.ico HTTP/1.1" 404 57 "http://jogalkotas.hu/files/ptk.csaladjog_0.pdf" "Mozilla/5.0 (iPhone; CPU iPhone OS 18_1 like Mac OS X) AppleWebKit/605.1.15 (KHTML, like Gecko) Version/18.1 Mobile/15E148 Safari/604.1"
216.244.66.200 - - [16/Nov/2024:19:20:53 +0100] "GET /robots.txt HTTP/1.1" 200 1590 "-" "Mozilla/5.0 (compatible; DotBot/1.2; +https://opensiteexplorer.org/dotbot; help@moz.com)"
216.244.66.200 - - [16/Nov/2024:19:20:53 +0100] "GET /robots.txt HTTP/1.1" 200 1590 "-" "Mozilla/5.0 (compatible; DotBot/1.2; +https://opensiteexplorer.org/dotbot; help@moz.com)"
216.244.66.200 - - [16/Nov/2024:19:32:52 +0100] "GET /node/2534 HTTP/1.1" 200 - "-" "Mozilla/5.0 (compatible; DotBot/1.2; +https://opensiteexplorer.org/dotbot; help@moz.com)"
216.244.66.200 - - [16/Nov/2024:19:37:07 +0100] "GET /node?page=115 HTTP/1.1" 200 - "-" "Mozilla/5.0 (compatible; DotBot/1.2; +https://opensiteexplorer.org/dotbot; help@moz.com)"
216.244.66.200 - - [16/Nov/2024:19:37:47 +0100] "GET /node?page=196 HTTP/1.1" 200 - "-" "Mozilla/5.0 (compatible; DotBot/1.2; +https://opensiteexplorer.org/dotbot; help@moz.com)"
216.244.66.200 - - [16/Nov/2024:19:38:37 +0100] "GET /node?page=229 HTTP/1.1" 200 - "-" "Mozilla/5.0 (compatible; DotBot/1.2; +https://opensiteexplorer.org/dotbot; help@moz.com)"
216.244.66.200 - - [16/Nov/2024:19:40:31 +0100] "GET /node?page=28 HTTP/1.1" 200 - "-" "Mozilla/5.0 (compatible; DotBot/1.2; +https://opensiteexplorer.org/dotbot; help@moz.com)"
216.244.66.200 - - [16/Nov/2024:19:41:41 +0100] "GET /node/1095 HTTP/1.1" 200 - "-" "Mozilla/5.0 (compatible; DotBot/1.2; +https://opensiteexplorer.org/dotbot; help@moz.com)"
66.249.74.129 - - [16/Nov/2024:19:42:03 +0100] "GET /files/jogszabszerk.pdf HTTP/1.1" 200 206549 "-" "Mozilla/5.0 AppleWebKit/537.36 (KHTML, like Gecko; compatible; GoogleOther) Chrome/131.0.6778.69 Safari/537.36"
216.244.66.200 - - [16/Nov/2024:19:42:31 +0100] "GET /node/1280 HTTP/1.1" 200 - "-" "Mozilla/5.0 (compatible; DotBot/1.2; +https://opensiteexplorer.org/dotbot; help@moz.com)"
216.244.66.200 - - [16/Nov/2024:19:43:22 +0100] "GET /node/1462 HTTP/1.1" 200 - "-" "Mozilla/5.0 (compatible; DotBot/1.2; +https://opensiteexplorer.org/dotbot; help@moz.com)"
216.244.66.200 - - [16/Nov/2024:19:44:12 +0100] "GET /node/1477 HTTP/1.1" 200 - "-" "Mozilla/5.0 (compatible; DotBot/1.2; +https://opensiteexplorer.org/dotbot; help@moz.com)"
216.244.66.200 - - [16/Nov/2024:19:45:02 +0100] "GET /node/1504 HTTP/1.1" 200 - "-" "Mozilla/5.0 (compatible; DotBot/1.2; +https://opensiteexplorer.org/dotbot; help@moz.com)"
216.244.66.200 - - [16/Nov/2024:19:45:52 +0100] "GET /node/1541 HTTP/1.1" 200 - "-" "Mozilla/5.0 (compatible; DotBot/1.2; +https://opensiteexplorer.org/dotbot; help@moz.com)"
66.249.74.105 - - [16/Nov/2024:19:54:29 +0100] "GET /files/roma_tervezet_070124.pdf HTTP/1.1" 200 780549 "-" "Googlebot/2.1 (+http://www.google.com/bot.html)"
79.209.36.92 - - [16/Nov/2024:20:07:50 +0100] "GET /files/cegbejegyzesi_eljaras_21_per_2006__02_12_fin.doc HTTP/1.1" 200 54272 "-" "Mozilla/5.0 (Windows NT 10.0; Win64; x64) AppleWebKit/537.36 (KHTML, like Gecko) Chrome/60.0.3112.113 Safari/537.36"
216.244.66.200 - - [16/Nov/2024:20:09:55 +0100] "GET /robots.txt HTTP/1.1" 200 1590 "-" "Mozilla/5.0 (compatible; DotBot/1.2; +https://opensiteexplorer.org/dotbot; help@moz.com)"
216.244.66.200 - - [16/Nov/2024:20:09:56 +0100] "GET /robots.txt HTTP/1.1" 200 1590 "-" "Mozilla/5.0 (compatible; DotBot/1.2; +https://opensiteexplorer.org/dotbot; help@moz.com)"
66.249.74.129 - - [16/Nov/2024:20:12:04 +0100] "GET /files/ins_terv_090508.pdf HTTP/1.1" 200 2582050 "-" "Mozilla/5.0 AppleWebKit/537.36 (KHTML, like Gecko; compatible; GoogleOther) Chrome/131.0.6778.69 Safari/537.36"
216.244.66.200 - - [16/Nov/2024:20:21:34 +0100] "GET /node?page=243 HTTP/1.1" 200 - "-" "Mozilla/5.0 (compatible; DotBot/1.2; +https://opensiteexplorer.org/dotbot; help@moz.com)"
216.244.66.200 - - [16/Nov/2024:20:26:33 +0100] "GET /node?page=34 HTTP/1.1" 200 - "-" "Mozilla/5.0 (compatible; DotBot/1.2; +https://opensiteexplorer.org/dotbot; help@moz.com)"
216.244.66.200 - - [16/Nov/2024:20:29:14 +0100] "GET /node?page=77 HTTP/1.1" 200 - "-" "Mozilla/5.0 (compatible; DotBot/1.2; +https://opensiteexplorer.org/dotbot; help@moz.com)"
216.244.66.200 - - [16/Nov/2024:20:30:23 +0100] "GET /node/1270 HTTP/1.1" 200 - "-" "Mozilla/5.0 (compatible; DotBot/1.2; +https://opensiteexplorer.org/dotbot; help@moz.com)"
216.244.66.200 - - [16/Nov/2024:20:31:13 +0100] "GET /node/1689 HTTP/1.1" 200 - "-" "Mozilla/5.0 (compatible; DotBot/1.2; +https://opensiteexplorer.org/dotbot; help@moz.com)"
216.244.66.200 - - [16/Nov/2024:20:32:03 +0100] "GET /node/1711 HTTP/1.1" 200 - "-" "Mozilla/5.0 (compatible; DotBot/1.2; +https://opensiteexplorer.org/dotbot; help@moz.com)"
216.244.66.200 - - [16/Nov/2024:20:32:53 +0100] "GET /node/1759 HTTP/1.1" 200 - "-" "Mozilla/5.0 (compatible; DotBot/1.2; +https://opensiteexplorer.org/dotbot; help@moz.com)"
37.234.96.133 - - [16/Nov/2024:20:32:58 +0100] "GET /files/telepules_dok.pdf HTTP/1.1" 200 45782 "https://www.google.com/" "Mozilla/5.0 (Linux; Android 10; K) AppleWebKit/537.36 (KHTML, like Gecko) Chrome/119.0.0.0 Mobile Safari/537.36"
37.234.96.133 - - [16/Nov/2024:20:33:16 +0100] "GET /files/telepules_dok.pdf HTTP/1.1" 206 1 "https://www.google.com/" "Mozilla/5.0 (Linux; Android 10; K) AppleWebKit/537.36 (KHTML, like Gecko) Chrome/119.0.0.0 Mobile Safari/537.36"
37.234.96.133 - - [16/Nov/2024:20:33:16 +0100] "GET /files/telepules_dok.pdf HTTP/1.1" 206 45728 "https://www.google.com/" "Mozilla/5.0 (Linux; Android 10; K) AppleWebKit/537.36 (KHTML, like Gecko) Chrome/119.0.0.0 Mobile Safari/537.36"
