169.150.201.132 - - [02/Nov/2024:19:12:18 +0100] "GET / HTTP/1.1" 200 - "-" "Mozilla/5.0 (Windows NT 10.0; Win64; x64) AppleWebKit/537.36 (KHTML, like Gecko) Chrome/83.0.4103.97 Safari/537.36"
169.150.201.132 - - [02/Nov/2024:19:12:28 +0100] "GET /upload.php HTTP/1.1" 200 - "-" "Mozilla/5.0 (Macintosh; Intel Mac OS X 10_15_6) AppleWebKit/537.36 (KHTML, like Gecko) Chrome/84.0.4147.105 Safari/537.36"
169.150.201.132 - - [02/Nov/2024:19:12:40 +0100] "GET /.well-known/ HTTP/1.1" 200 - "-" "Mozilla/5.0 (Windows NT 10.0; Win64; x64) AppleWebKit/537.36 (KHTML, like Gecko) Chrome/74.0.3729.169 Safari/537.36"
66.249.66.6 - - [02/Nov/2024:19:37:39 +0100] "GET /files/Tuzszolszab..pdf HTTP/1.1" 304 - "-" "Mozilla/5.0 (Linux; Android 6.0.1; Nexus 5X Build/MMB29P) AppleWebKit/537.36 (KHTML, like Gecko) Chrome/130.0.6723.69 Mobile Safari/537.36 (compatible; Googlebot/2.1; +http://www.google.com/bot.html)"
95.163.255.191 - - [02/Nov/2024:20:22:43 +0100] "GET /robots.txt HTTP/1.0" 200 1590 "-" "Mozilla/5.0 (compatible; Linux x86_64; Mail.RU_Bot/2.0; +https://help.mail.ru/webmaster/indexing/robots)"
95.163.255.193 - - [02/Nov/2024:20:22:45 +0100] "GET /files/Kjt_euv_hr_20081212.doc HTTP/1.1" 200 372224 "-" "Mozilla/5.0 (compatible; Linux x86_64; Mail.RU_Bot/2.0; +https://help.mail.ru/webmaster/indexing/robots)"
95.163.255.169 - - [02/Nov/2024:20:24:29 +0100] "GET /files/40_2002_terv_090220.pdf HTTP/1.1" 200 390482 "-" "Mozilla/5.0 (compatible; Linux x86_64; Mail.RU_Bot/2.0; +https://help.mail.ru/webmaster/indexing/robots)"
192.3.111.26 - - [02/Nov/2024:21:54:47 +0100] "GET /taxonomy/term/20/0/feed HTTP/1.1" 200 - "-" "-"
20.171.206.252 - - [02/Nov/2024:22:24:02 +0100] "GET /robots.txt HTTP/1.1" 200 1590 "-" "Mozilla/5.0 AppleWebKit/537.36 (KHTML, like Gecko; compatible; GPTBot/1.0; +https://openai.com/gptbot)"
20.171.206.222 - - [02/Nov/2024:22:24:42 +0100] "GET /files/hm_rendelet_tervezet_oltozkodesi_szabalyzat_modositas.pdf HTTP/1.1" 200 207416 "-" "Mozilla/5.0 AppleWebKit/537.36 (KHTML, like Gecko; compatible; GPTBot/1.0; +https://openai.com/gptbot)"
66.249.66.5 - - [02/Nov/2024:22:37:01 +0100] "GET /files/egyh_nemall_norm_terv_090807.pdf HTTP/1.1" 304 - "-" "Mozilla/5.0 (Linux; Android 6.0.1; Nexus 5X Build/MMB29P) AppleWebKit/537.36 (KHTML, like Gecko) Chrome/130.0.6723.69 Mobile Safari/537.36 (compatible; Googlebot/2.1; +http://www.google.com/bot.html)"
3.253.124.161 - - [02/Nov/2024:22:55:02 +0100] "GET / HTTP/1.0" 200 - "-" "Mozilla/5.0 (compatible; NetcraftSurveyAgent/1.0; +info@netcraft.com)"
66.249.66.86 - - [02/Nov/2024:23:25:53 +0100] "GET /files/nat_terv_080521.pdf HTTP/1.1" 200 155548 "-" "Mozilla/5.0 (Linux; Android 6.0.1; Nexus 5X Build/MMB29P) AppleWebKit/537.36 (KHTML, like Gecko) Chrome/130.0.6723.69 Mobile Safari/537.36 (compatible; Googlebot/2.1; +http://www.google.com/bot.html)"
95.163.255.180 - - [02/Nov/2024:23:41:27 +0100] "GET /robots.txt HTTP/1.0" 200 1590 "-" "Mozilla/5.0 (compatible; Linux x86_64; Mail.RU_Bot/2.0; +https://help.mail.ru/webmaster/indexing/robots)"
95.163.255.163 - - [02/Nov/2024:23:41:29 +0100] "GET /files/1211_7.pdf HTTP/1.1" 200 158061 "-" "Mozilla/5.0 (compatible; Linux x86_64; Mail.RU_Bot/2.0; +https://help.mail.ru/webmaster/indexing/robots)"
95.163.255.193 - - [02/Nov/2024:23:43:23 +0100] "GET /files/rendelet_szakmapolra.doc HTTP/1.1" 200 175616 "-" "Mozilla/5.0 (compatible; Linux x86_64; Mail.RU_Bot/2.0; +https://help.mail.ru/webmaster/indexing/robots)"
66.249.66.86 - - [02/Nov/2024:23:45:36 +0100] "GET /files/jogszabszerk.pdf HTTP/1.1" 304 - "-" "Mozilla/5.0 (Linux; Android 6.0.1; Nexus 5X Build/MMB29P) AppleWebKit/537.36 (KHTML, like Gecko) Chrome/130.0.6723.69 Mobile Safari/537.36 (compatible; Googlebot/2.1; +http://www.google.com/bot.html)"
66.249.66.85 - - [02/Nov/2024:23:57:45 +0100] "GET /files/szszital_foldrajzi_arujelzo_korm_tervezet.pdf HTTP/1.1" 200 74219 "-" "Googlebot/2.1 (+http://www.google.com/bot.html)"
95.163.255.174 - - [03/Nov/2024:00:00:47 +0100] "GET /files/ekozig_strategia.pdf HTTP/1.1" 200 731185 "-" "Mozilla/5.0 (compatible; Linux x86_64; Mail.RU_Bot/2.0; +https://help.mail.ru/webmaster/indexing/robots)"
92.116.75.93 - - [03/Nov/2024:00:07:12 +0100] "GET /files/cegbejegyzesi_eljaras_21_per_2006__02_12_fin.doc HTTP/1.1" 200 54272 "-" "Mozilla/5.0 (Windows NT 10.0; WOW64; Trident/7.0; rv:11.0) like Gecko"
66.249.66.87 - - [03/Nov/2024:00:14:01 +0100] "GET /files/Nemzetkozi_szerzodesekkel_kapcsolatos_eljarasrol_szolo_2005.evi_L.torveny_modositasarol.pdf HTTP/1.1" 304 - "-" "Mozilla/5.0 (Linux; Android 6.0.1; Nexus 5X Build/MMB29P) AppleWebKit/537.36 (KHTML, like Gecko) Chrome/130.0.6723.69 Mobile Safari/537.36 (compatible; Googlebot/2.1; +http://www.google.com/bot.html)"
216.244.66.200 - - [03/Nov/2024:00:19:37 +0100] "GET /robots.txt HTTP/1.1" 200 1590 "-" "Mozilla/5.0 (compatible; DotBot/1.2; +https://opensiteexplorer.org/dotbot; help@moz.com)"
216.244.66.200 - - [03/Nov/2024:00:19:37 +0100] "GET /robots.txt HTTP/1.1" 200 1590 "-" "Mozilla/5.0 (compatible; DotBot/1.2; +https://opensiteexplorer.org/dotbot; help@moz.com)"
66.249.66.6 - - [03/Nov/2024:02:01:41 +0100] "GET /files/hadkotelesek_hm_eum_rendelet_tervezet_melleklet.pdf HTTP/1.1" 304 - "-" "Mozilla/5.0 (Linux; Android 6.0.1; Nexus 5X Build/MMB29P) AppleWebKit/537.36 (KHTML, like Gecko) Chrome/130.0.6723.69 Mobile Safari/537.36 (compatible; Googlebot/2.1; +http://www.google.com/bot.html)"
207.46.13.154 - - [03/Nov/2024:02:29:17 +0100] "GET /files/Bejelentes_egybefoglalt_tervezet_kozig.pdf HTTP/1.1" 200 220113 "-" "Mozilla/5.0 AppleWebKit/537.36 (KHTML, like Gecko; compatible; bingbot/2.0; +http://www.bing.com/bingbot.htm) Chrome/116.0.1938.76 Safari/537.36"
66.249.66.87 - - [03/Nov/2024:02:36:08 +0100] "GET /files/ins_terv_090508.pdf HTTP/1.1" 200 2582050 "-" "Mozilla/5.0 AppleWebKit/537.36 (KHTML, like Gecko; compatible; GoogleOther) Chrome/130.0.6723.69 Safari/537.36"
66.249.66.85 - - [03/Nov/2024:02:40:51 +0100] "GET /files/BacskiskunIndokolas.pdf HTTP/1.1" 304 - "-" "Mozilla/5.0 (Linux; Android 6.0.1; Nexus 5X Build/MMB29P) AppleWebKit/537.36 (KHTML, like Gecko) Chrome/130.0.6723.69 Mobile Safari/537.36 (compatible; Googlebot/2.1; +http://www.google.com/bot.html)"
66.249.66.86 - - [03/Nov/2024:02:58:59 +0100] "GET /files/9066_16.pdf HTTP/1.1" 200 271340 "-" "Mozilla/5.0 (Linux; Android 6.0.1; Nexus 5X Build/MMB29P) AppleWebKit/537.36 (KHTML, like Gecko) Chrome/130.0.6723.69 Mobile Safari/537.36 (compatible; Googlebot/2.1; +http://www.google.com/bot.html)"
66.249.66.85 - - [03/Nov/2024:02:59:48 +0100] "GET /files/elemiszerkonyv122007.pdf HTTP/1.1" 200 152700 "-" "Mozilla/5.0 (Linux; Android 6.0.1; Nexus 5X Build/MMB29P) AppleWebKit/537.36 (KHTML, like Gecko) Chrome/130.0.6723.69 Mobile Safari/537.36 (compatible; Googlebot/2.1; +http://www.google.com/bot.html)"
37.220.86.84 - - [03/Nov/2024:03:02:10 +0100] "GET / HTTP/1.1" 200 - "-" "Mozilla/5.0 (Windows NT 6.1; WOW64; rv:47.0) Gecko/20100101 Firefox/47.0"
37.220.86.84 - - [03/Nov/2024:03:02:29 +0100] "GET / HTTP/1.1" 200 - "-" "Mozilla/5.0 (compatible; MSIE 10.0; Windows NT 10.0; Win64; x64; Trident/6.0)"
216.244.66.200 - - [03/Nov/2024:03:03:27 +0100] "GET /robots.txt HTTP/1.1" 200 1590 "-" "Mozilla/5.0 (compatible; DotBot/1.2; +https://opensiteexplorer.org/dotbot; help@moz.com)"
216.244.66.200 - - [03/Nov/2024:03:03:28 +0100] "GET /robots.txt HTTP/1.1" 200 1590 "-" "Mozilla/5.0 (compatible; DotBot/1.2; +https://opensiteexplorer.org/dotbot; help@moz.com)"
47.128.29.45 - - [03/Nov/2024:04:07:35 +0100] "GET /node/2554 HTTP/1.1" 200 - "-" "Mozilla/5.0 (Linux; Android 5.0) AppleWebKit/537.36 (KHTML, like Gecko) Mobile Safari/537.36 (compatible; Bytespider; spider-feedback@bytedance.com)"
216.244.66.200 - - [03/Nov/2024:04:12:50 +0100] "GET /files/11_1994_terv_090310.pdf HTTP/1.1" 200 227207 "-" "Mozilla/5.0 (compatible; DotBot/1.2; +https://opensiteexplorer.org/dotbot; help@moz.com)"
216.244.66.200 - - [03/Nov/2024:04:13:26 +0100] "GET /files/konzuli_tv_tervezet.pdf HTTP/1.1" 200 135094 "-" "Mozilla/5.0 (compatible; DotBot/1.2; +https://opensiteexplorer.org/dotbot; help@moz.com)"
216.244.66.200 - - [03/Nov/2024:04:14:02 +0100] "GET /files/etrend_tervezet_37per2004_081028.doc HTTP/1.1" 200 239616 "-" "Mozilla/5.0 (compatible; DotBot/1.2; +https://opensiteexplorer.org/dotbot; help@moz.com)"
216.244.66.200 - - [03/Nov/2024:04:14:55 +0100] "GET /files/iuszolg-eloterjesztes_kozigre.doc HTTP/1.1" 200 675809 "-" "Mozilla/5.0 (compatible; DotBot/1.2; +https://opensiteexplorer.org/dotbot; help@moz.com)"
216.244.66.200 - - [03/Nov/2024:04:15:35 +0100] "GET /files/munkaszuneti_napok_2008_070726.pdf HTTP/1.1" 200 114361 "-" "Mozilla/5.0 (compatible; DotBot/1.2; +https://opensiteexplorer.org/dotbot; help@moz.com)"
216.244.66.200 - - [03/Nov/2024:04:16:06 +0100] "GET /files/rat2005vegimodrend_4_melleklet_1222.doc HTTP/1.1" 200 31232 "-" "Mozilla/5.0 (compatible; DotBot/1.2; +https://opensiteexplorer.org/dotbot; help@moz.com)"
216.244.66.200 - - [03/Nov/2024:04:16:40 +0100] "GET /files/torvenyjavaslat__osztrak_hatarokmanyok.doc HTTP/1.1" 200 56832 "-" "Mozilla/5.0 (compatible; DotBot/1.2; +https://opensiteexplorer.org/dotbot; help@moz.com)"
216.244.66.200 - - [03/Nov/2024:04:17:20 +0100] "GET /files/unicef_keretmegallapodas_tervezet_071114.pdf HTTP/1.1" 200 316708 "-" "Mozilla/5.0 (compatible; DotBot/1.2; +https://opensiteexplorer.org/dotbot; help@moz.com)"
47.128.50.170 - - [03/Nov/2024:04:25:18 +0100] "GET /taxonomy/term/55 HTTP/1.1" 200 - "-" "Mozilla/5.0 (Linux; Android 5.0) AppleWebKit/537.36 (KHTML, like Gecko) Mobile Safari/537.36 (compatible; Bytespider; spider-feedback@bytedance.com)"
52.203.68.145 - - [03/Nov/2024:04:26:09 +0100] "GET /robots.txt HTTP/1.1" 200 1590 "-" "Mozilla/5.0 (Macintosh; Intel Mac OS X 10_10_1) AppleWebKit/600.2.5 (KHTML, like Gecko) Version/8.0.2 Safari/600.2.5 (Amazonbot/0.1; +https://developer.amazon.com/support/amazonbot)"
50.16.248.61 - - [03/Nov/2024:04:26:47 +0100] "GET /drupal/node/26 HTTP/1.1" 200 - "-" "Mozilla/5.0 (Macintosh; Intel Mac OS X 10_10_1) AppleWebKit/600.2.5 (KHTML, like Gecko) Version/8.0.2 Safari/600.2.5 (Amazonbot/0.1; +https://developer.amazon.com/support/amazonbot)"
216.244.66.200 - - [03/Nov/2024:04:48:32 +0100] "GET /files/11_1994_terv_090310.pdf HTTP/1.1" 200 227207 "-" "Mozilla/5.0 (compatible; DotBot/1.2; +https://opensiteexplorer.org/dotbot; help@moz.com)"
216.244.66.200 - - [03/Nov/2024:04:49:09 +0100] "GET /files/konzuli_tv_tervezet.pdf HTTP/1.1" 200 135094 "-" "Mozilla/5.0 (compatible; DotBot/1.2; +https://opensiteexplorer.org/dotbot; help@moz.com)"
216.244.66.200 - - [03/Nov/2024:04:49:40 +0100] "GET /files/etrend_tervezet_37per2004_081028.doc HTTP/1.1" 200 239616 "-" "Mozilla/5.0 (compatible; DotBot/1.2; +https://opensiteexplorer.org/dotbot; help@moz.com)"
216.244.66.200 - - [03/Nov/2024:04:50:34 +0100] "GET /files/iuszolg-eloterjesztes_kozigre.doc HTTP/1.1" 200 494809 "-" "Mozilla/5.0 (compatible; DotBot/1.2; +https://opensiteexplorer.org/dotbot; help@moz.com)"
216.244.66.200 - - [03/Nov/2024:04:51:06 +0100] "GET /files/munkaszuneti_napok_2008_070726.pdf HTTP/1.1" 200 114361 "-" "Mozilla/5.0 (compatible; DotBot/1.2; +https://opensiteexplorer.org/dotbot; help@moz.com)"
216.244.66.200 - - [03/Nov/2024:04:51:36 +0100] "GET /files/rat2005vegimodrend_4_melleklet_1222.doc HTTP/1.1" 200 31232 "-" "Mozilla/5.0 (compatible; DotBot/1.2; +https://opensiteexplorer.org/dotbot; help@moz.com)"
216.244.66.200 - - [03/Nov/2024:04:52:06 +0100] "GET /files/torvenyjavaslat__osztrak_hatarokmanyok.doc HTTP/1.1" 200 56832 "-" "Mozilla/5.0 (compatible; DotBot/1.2; +https://opensiteexplorer.org/dotbot; help@moz.com)"
216.244.66.200 - - [03/Nov/2024:04:52:35 +0100] "GET /files/unicef_keretmegallapodas_tervezet_071114.pdf HTTP/1.1" 200 390378 "-" "Mozilla/5.0 (compatible; DotBot/1.2; +https://opensiteexplorer.org/dotbot; help@moz.com)"
216.244.66.200 - - [03/Nov/2024:04:53:03 +0100] "GET /files/Alagutas_Korm_rend__Megfelel__si_t__bl__zat.pdf HTTP/1.1" 200 99255 "-" "Mozilla/5.0 (compatible; DotBot/1.2; +https://opensiteexplorer.org/dotbot; help@moz.com)"
91.33.169.167 - - [03/Nov/2024:05:18:06 +0100] "GET /files/cegbejegyzesi_eljaras_21_per_2006__02_12_fin.doc HTTP/1.1" 200 54272 "-" "Mozilla/5.0 (Windows NT 10.0; Win64; x64; rv:65.0) Gecko/20100101 Firefox/65.0"
52.53.217.235 - - [03/Nov/2024:05:25:57 +0100] "GET / HTTP/1.1" 200 - "-" "bitdiscovery-suggestions"
3.101.23.122 - - [03/Nov/2024:05:44:00 +0100] "GET / HTTP/1.1" 200 - "-" "bitdiscovery-suggestions"
216.244.66.200 - - [03/Nov/2024:05:52:00 +0100] "GET /robots.txt HTTP/1.1" 200 1590 "-" "Mozilla/5.0 (compatible; DotBot/1.2; +https://opensiteexplorer.org/dotbot; help@moz.com)"
216.244.66.200 - - [03/Nov/2024:05:52:00 +0100] "GET /robots.txt HTTP/1.1" 200 1590 "-" "Mozilla/5.0 (compatible; DotBot/1.2; +https://opensiteexplorer.org/dotbot; help@moz.com)"
66.249.66.6 - - [03/Nov/2024:06:21:34 +0100] "GET /files/szallashely_kormr_terv_090804.pdf HTTP/1.1" 200 161553 "-" "Mozilla/5.0 (Linux; Android 6.0.1; Nexus 5X Build/MMB29P) AppleWebKit/537.36 (KHTML, like Gecko) Chrome/130.0.6723.69 Mobile Safari/537.36 (compatible; Googlebot/2.1; +http://www.google.com/bot.html)"
216.244.66.200 - - [03/Nov/2024:07:04:37 +0100] "GET /files/16668_10.pdf HTTP/1.1" 200 113583 "-" "Mozilla/5.0 (compatible; DotBot/1.2; +https://opensiteexplorer.org/dotbot; help@moz.com)"
216.244.66.200 - - [03/Nov/2024:07:04:59 +0100] "GET /files/TK58.pdf HTTP/1.1" 200 166197 "-" "Mozilla/5.0 (compatible; DotBot/1.2; +https://opensiteexplorer.org/dotbot; help@moz.com)"
66.249.66.87 - - [03/Nov/2024:07:05:09 +0100] "GET /files/igszakkam_mod_tervezet_080918_0.doc HTTP/1.1" 304 - "-" "Mozilla/5.0 (Linux; Android 6.0.1; Nexus 5X Build/MMB29P) AppleWebKit/537.36 (KHTML, like Gecko) Chrome/130.0.6723.69 Mobile Safari/537.36 (compatible; Googlebot/2.1; +http://www.google.com/bot.html)"
216.244.66.200 - - [03/Nov/2024:07:05:29 +0100] "GET /files/szili01.jpg HTTP/1.1" 200 347381 "-" "Mozilla/5.0 (compatible; DotBot/1.2; +https://opensiteexplorer.org/dotbot; help@moz.com)"
66.249.66.87 - - [03/Nov/2024:07:35:16 +0100] "GET /files/nat_terv_080521.pdf HTTP/1.1" 304 - "-" "Mozilla/5.0 (Linux; Android 6.0.1; Nexus 5X Build/MMB29P) AppleWebKit/537.36 (KHTML, like Gecko) Chrome/130.0.6723.69 Mobile Safari/537.36 (compatible; Googlebot/2.1; +http://www.google.com/bot.html)"
66.249.66.87 - - [03/Nov/2024:07:50:29 +0100] "GET /files/ovadek_rendelet.pdf HTTP/1.1" 304 - "-" "Mozilla/5.0 (Linux; Android 6.0.1; Nexus 5X Build/MMB29P) AppleWebKit/537.36 (KHTML, like Gecko) Chrome/130.0.6723.69 Mobile Safari/537.36 (compatible; Googlebot/2.1; +http://www.google.com/bot.html)"
66.249.66.86 - - [03/Nov/2024:07:55:22 +0100] "GET /files/martinsalak.pdf HTTP/1.1" 304 - "-" "Mozilla/5.0 (Linux; Android 6.0.1; Nexus 5X Build/MMB29P) AppleWebKit/537.36 (KHTML, like Gecko) Chrome/130.0.6723.69 Mobile Safari/537.36 (compatible; Googlebot/2.1; +http://www.google.com/bot.html)"
216.244.66.200 - - [03/Nov/2024:08:30:22 +0100] "GET /robots.txt HTTP/1.1" 200 1590 "-" "Mozilla/5.0 (compatible; DotBot/1.2; +https://opensiteexplorer.org/dotbot; help@moz.com)"
216.244.66.200 - - [03/Nov/2024:08:30:22 +0100] "GET /robots.txt HTTP/1.1" 200 1590 "-" "Mozilla/5.0 (compatible; DotBot/1.2; +https://opensiteexplorer.org/dotbot; help@moz.com)"
185.6.11.146 - - [03/Nov/2024:08:54:37 +0100] "GET /robots.txt HTTP/1.1" 200 1590 "-" "Mozilla/5.0 (iPhone; CPU iPhone OS 16_3 like Mac OS X) AppleWebKit/605.1.15 (KHTML, like Gecko) CriOS/122.0.6261.89 Mobile/15E148 Safari/604"
192.36.24.172 - - [03/Nov/2024:08:55:09 +0100] "GET / HTTP/1.1" 200 - "-" "Mozilla/5.0 (iPhone; CPU iPhone OS 16_3 like Mac OS X) AppleWebKit/605.1.15 (KHTML, like Gecko) CriOS/122.0.6261.89 Mobile/15E148 Safari/604"
216.244.66.200 - - [03/Nov/2024:09:05:22 +0100] "GET /files/kotel_egeszsegbizt_tv_vegreh_43_1999.doc HTTP/1.1" 200 47104 "-" "Mozilla/5.0 (compatible; DotBot/1.2; +https://opensiteexplorer.org/dotbot; help@moz.com)"
216.244.66.200 - - [03/Nov/2024:09:05:34 +0100] "GET /files/szakiranyu_mod_honlapra_070911.pdf HTTP/1.1" 200 168111 "-" "Mozilla/5.0 (compatible; DotBot/1.2; +https://opensiteexplorer.org/dotbot; help@moz.com)"
216.244.66.200 - - [03/Nov/2024:09:05:46 +0100] "GET /files/szoc_rendeletek_terv_080414.pdf HTTP/1.1" 200 241368 "-" "Mozilla/5.0 (compatible; DotBot/1.2; +https://opensiteexplorer.org/dotbot; help@moz.com)"
84.2.30.64 - - [03/Nov/2024:09:08:02 +0100] "GET /files/2_sz_melleklet_061031.pdf HTTP/1.1" 200 56446 "-" "Mozilla/5.0 (iPhone; CPU iPhone OS 18_1 like Mac OS X) AppleWebKit/605.1.15 (KHTML, like Gecko) Version/18.1 Mobile/15E148 Safari/604.1"
216.244.66.200 - - [03/Nov/2024:09:34:33 +0100] "GET /files/kotel_egeszsegbizt_tv_vegreh_43_1999.doc HTTP/1.1" 200 47104 "-" "Mozilla/5.0 (compatible; DotBot/1.2; +https://opensiteexplorer.org/dotbot; help@moz.com)"
216.244.66.200 - - [03/Nov/2024:09:34:47 +0100] "GET /files/szakiranyu_mod_honlapra_070911.pdf HTTP/1.1" 200 168111 "-" "Mozilla/5.0 (compatible; DotBot/1.2; +https://opensiteexplorer.org/dotbot; help@moz.com)"
216.244.66.200 - - [03/Nov/2024:09:35:06 +0100] "GET /files/szoc_rendeletek_terv_080414.pdf HTTP/1.1" 200 241368 "-" "Mozilla/5.0 (compatible; DotBot/1.2; +https://opensiteexplorer.org/dotbot; help@moz.com)"
35.190.204.246 - - [03/Nov/2024:09:56:23 +0100] "GET / HTTP/1.1" 200 - "-" "Mozilla/5.0 (Windows NT 10.0; Win64; x64) AppleWebKit/537.36 (KHTML, like Gecko) Chrome/84.0.4147.105 Safari/537.36"
87.250.224.247 - - [03/Nov/2024:09:57:44 +0100] "GET /robots.txt HTTP/1.1" 200 1590 "-" "Mozilla/5.0 (compatible; YandexBot/3.0; +http://yandex.com/bots)"
5.255.231.27 - - [03/Nov/2024:09:58:16 +0100] "GET /drupal/node/1273 HTTP/1.1" 200 - "-" "Mozilla/5.0 (compatible; YandexBot/3.0; +http://yandex.com/bots)"
216.244.66.200 - - [03/Nov/2024:10:09:18 +0100] "GET /files/kotel_egeszsegbizt_tv_vegreh_43_1999.doc HTTP/1.1" 200 47104 "-" "Mozilla/5.0 (compatible; DotBot/1.2; +https://opensiteexplorer.org/dotbot; help@moz.com)"
216.244.66.200 - - [03/Nov/2024:10:09:38 +0100] "GET /files/szakiranyu_mod_honlapra_070911.pdf HTTP/1.1" 200 168111 "-" "Mozilla/5.0 (compatible; DotBot/1.2; +https://opensiteexplorer.org/dotbot; help@moz.com)"
216.244.66.200 - - [03/Nov/2024:10:10:21 +0100] "GET /files/szoc_rendeletek_terv_080414.pdf HTTP/1.1" 200 241368 "-" "Mozilla/5.0 (compatible; DotBot/1.2; +https://opensiteexplorer.org/dotbot; help@moz.com)"
216.244.66.200 - - [03/Nov/2024:10:11:21 +0100] "GET /files/15.%20sz%C3%83%C2%A1m%C3%83%C2%BA%20mell%C3%83%C2%A9klet.doc HTTP/1.1" 200 - "-" "Mozilla/5.0 (compatible; DotBot/1.2; +https://opensiteexplorer.org/dotbot; help@moz.com)"
216.244.66.200 - - [03/Nov/2024:10:12:12 +0100] "GET /files/el%C3%85%E2%80%98terjeszt%C3%83%C2%A9s%201-2003%20dec%2005.doc HTTP/1.1" 200 - "-" "Mozilla/5.0 (compatible; DotBot/1.2; +https://opensiteexplorer.org/dotbot; help@moz.com)"
216.244.66.200 - - [03/Nov/2024:10:12:34 +0100] "GET /files/megfelelesi_tablazat-juh_es_kecske_enar_modositas.rtf.txt HTTP/1.1" 200 61955 "-" "Mozilla/5.0 (compatible; DotBot/1.2; +https://opensiteexplorer.org/dotbot; help@moz.com)"
216.244.66.200 - - [03/Nov/2024:10:13:35 +0100] "GET /files/normasz%C3%83%C2%B6veg.t%C3%83%C2%A1rc%C3%83%C2%A1ra.doc HTTP/1.1" 200 - "-" "Mozilla/5.0 (compatible; DotBot/1.2; +https://opensiteexplorer.org/dotbot; help@moz.com)"
216.244.66.200 - - [03/Nov/2024:10:14:26 +0100] "GET /files/NAR_jogharmoniz%C3%83%C2%A1ci%C3%83%C2%B3_kozigazgatasi%20egyeztetesre.doc HTTP/1.1" 200 - "-" "Mozilla/5.0 (compatible; DotBot/1.2; +https://opensiteexplorer.org/dotbot; help@moz.com)"
216.244.66.200 - - [03/Nov/2024:10:15:06 +0100] "GET /files/1521_5.pdf HTTP/1.1" 200 348564 "-" "Mozilla/5.0 (compatible; DotBot/1.2; +https://opensiteexplorer.org/dotbot; help@moz.com)"
216.244.66.200 - - [03/Nov/2024:10:15:47 +0100] "GET /user/92/notify HTTP/1.1" 200 - "-" "Mozilla/5.0 (compatible; DotBot/1.2; +https://opensiteexplorer.org/dotbot; help@moz.com)"
216.244.66.200 - - [03/Nov/2024:10:16:58 +0100] "GET /files/KHEM_2398norma.doc HTTP/1.1" 200 406016 "-" "Mozilla/5.0 (compatible; DotBot/1.2; +https://opensiteexplorer.org/dotbot; help@moz.com)"
216.244.66.200 - - [03/Nov/2024:10:17:47 +0100] "GET /files/felsoo_rend_terv_080603.pdf HTTP/1.1" 200 341149 "-" "Mozilla/5.0 (compatible; DotBot/1.2; +https://opensiteexplorer.org/dotbot; help@moz.com)"
216.244.66.200 - - [03/Nov/2024:10:18:34 +0100] "GET /files/madartani_kozigre0806.pdf HTTP/1.1" 200 230896 "-" "Mozilla/5.0 (compatible; DotBot/1.2; +https://opensiteexplorer.org/dotbot; help@moz.com)"
216.244.66.200 - - [03/Nov/2024:10:19:07 +0100] "GET /files/muszaki_3melleklet.pdf HTTP/1.1" 200 171106 "-" "Mozilla/5.0 (compatible; DotBot/1.2; +https://opensiteexplorer.org/dotbot; help@moz.com)"
216.244.66.200 - - [03/Nov/2024:10:19:44 +0100] "GET /files/normasz__veg_081027.doc HTTP/1.1" 200 39936 "-" "Mozilla/5.0 (compatible; DotBot/1.2; +https://opensiteexplorer.org/dotbot; help@moz.com)"
51.222.253.18 - - [03/Nov/2024:10:20:54 +0100] "GET /robots.txt HTTP/1.1" 200 1590 "-" "Mozilla/5.0 (compatible; AhrefsBot/7.0; +http://ahrefs.com/robot/)"
66.249.66.86 - - [03/Nov/2024:10:21:12 +0100] "GET /files/alk_tvjav.pdf HTTP/1.1" 304 - "-" "Mozilla/5.0 (Linux; Android 6.0.1; Nexus 5X Build/MMB29P) AppleWebKit/537.36 (KHTML, like Gecko) Chrome/130.0.6723.69 Mobile Safari/537.36 (compatible; Googlebot/2.1; +http://www.google.com/bot.html)"
79.209.45.231 - - [03/Nov/2024:10:25:19 +0100] "GET /files/cegbejegyzesi_eljaras_21_per_2006__02_12_fin.doc HTTP/1.1" 200 54272 "-" "Mozilla/5.0 (Windows NT 10.0; WOW64; Trident/7.0; rv:11.0) like Gecko"
216.244.66.200 - - [03/Nov/2024:10:32:36 +0100] "GET /robots.txt HTTP/1.1" 200 1590 "-" "Mozilla/5.0 (compatible; DotBot/1.2; +https://opensiteexplorer.org/dotbot; help@moz.com)"
216.244.66.200 - - [03/Nov/2024:11:04:44 +0100] "GET /files/KHEM_801_9-1.doc HTTP/1.1" 200 76288 "-" "Mozilla/5.0 (compatible; DotBot/1.2; +https://opensiteexplorer.org/dotbot; help@moz.com)"
66.249.66.86 - - [03/Nov/2024:11:35:00 +0100] "GET /files/egyes_nemesfem.pdf HTTP/1.1" 304 - "-" "Mozilla/5.0 (Linux; Android 6.0.1; Nexus 5X Build/MMB29P) AppleWebKit/537.36 (KHTML, like Gecko) Chrome/130.0.6723.69 Mobile Safari/537.36 (compatible; Googlebot/2.1; +http://www.google.com/bot.html)"
66.249.66.87 - - [03/Nov/2024:11:59:12 +0100] "GET /files/kjofmh-kormelo-kozig.doc HTTP/1.1" 304 - "-" "Mozilla/5.0 (Linux; Android 6.0.1; Nexus 5X Build/MMB29P) AppleWebKit/537.36 (KHTML, like Gecko) Chrome/130.0.6723.69 Mobile Safari/537.36 (compatible; Googlebot/2.1; +http://www.google.com/bot.html)"
88.80.26.2 - - [03/Nov/2024:12:34:09 +0100] "GET /comment/reply/2619/ HTTP/1.0" 200 - "http://jogalkotas.hu/comment/reply/2619/" "Mozilla/5.0 (Windows NT 6.1; Win64; x64) AppleWebKit/537.36 (KHTML, like Gecko) Chrome/103.0.0.0 Safari/537.36"
45.141.215.116 - - [03/Nov/2024:12:34:47 +0100] "GET /comment/reply/2619/ HTTP/1.0" 200 - "http://jogalkotas.hu/comment/reply/2619/" "Mozilla/5.0 (Windows NT 6.1; Win64; x64) AppleWebKit/537.36 (KHTML, like Gecko) Chrome/103.0.0.0 Safari/537.36"
5.255.115.58 - - [03/Nov/2024:12:35:19 +0100] "GET /comment/reply/2619/ HTTP/1.0" 200 - "http://jogalkotas.hu/comment/reply/2619/" "Mozilla/5.0 (Windows NT 6.1; Win64; x64) AppleWebKit/537.36 (KHTML, like Gecko) Chrome/103.0.0.0 Safari/537.36"
45.66.35.34 - - [03/Nov/2024:12:35:51 +0100] "GET /comment/reply/2619/ HTTP/1.0" 200 - "http://jogalkotas.hu/comment/reply/2619/" "Mozilla/5.0 (Windows NT 6.1; Win64; x64) AppleWebKit/537.36 (KHTML, like Gecko) Chrome/103.0.0.0 Safari/537.36"
45.66.35.34 - - [03/Nov/2024:12:36:23 +0100] "GET / HTTP/1.0" 200 - "http://jogalkotas.hu/" "Mozilla/5.0 (Windows NT 6.1; Win64; x64) AppleWebKit/537.36 (KHTML, like Gecko) Chrome/103.0.0.0 Safari/537.36"
66.249.66.86 - - [03/Nov/2024:13:05:20 +0100] "GET / HTTP/1.1" 200 - "-" "Mozilla/5.0 (compatible; Googlebot/2.1; +http://www.google.com/bot.html)"
66.249.66.86 - - [03/Nov/2024:13:05:52 +0100] "GET / HTTP/1.1" 200 - "-" "Mozilla/5.0 (Linux; Android 6.0.1; Nexus 5X Build/MMB29P) AppleWebKit/537.36 (KHTML, like Gecko) Chrome/99.0.4844.84 Mobile Safari/537.36 (compatible; Googlebot/2.1; +http://www.google.com/bot.html)"
66.249.66.85 - - [03/Nov/2024:13:06:24 +0100] "GET / HTTP/1.1" 200 - "-" "Mozilla/5.0 (compatible; Googlebot/2.1; +http://www.google.com/bot.html)"
66.249.66.85 - - [03/Nov/2024:13:06:56 +0100] "GET / HTTP/1.1" 200 - "-" "Mozilla/5.0 (Linux; Android 6.0.1; Nexus 5X Build/MMB29P) AppleWebKit/537.36 (KHTML, like Gecko) Chrome/130.0.6723.69 Mobile Safari/537.36 (compatible; Googlebot/2.1; +http://www.google.com/bot.html)"
66.249.66.5 - - [03/Nov/2024:13:40:15 +0100] "GET /files/oksz_terv_100302.pdf HTTP/1.1" 200 176795 "-" "Mozilla/5.0 (Linux; Android 6.0.1; Nexus 5X Build/MMB29P) AppleWebKit/537.36 (KHTML, like Gecko) Chrome/130.0.6723.69 Mobile Safari/537.36 (compatible; Googlebot/2.1; +http://www.google.com/bot.html)"
3.101.230.178 - - [03/Nov/2024:14:43:53 +0100] "HEAD / HTTP/1.1" 200 - "-" "bitdiscovery"
3.101.230.178 - - [03/Nov/2024:14:44:09 +0100] "GET / HTTP/1.1" 200 - "-" "bitdiscovery"
34.240.215.83 - - [03/Nov/2024:14:46:17 +0100] "GET / HTTP/1.0" 200 - "-" "Mozilla/5.0 (compatible; NetcraftSurveyAgent/1.0; +info@netcraft.com)"
114.119.152.47 - - [03/Nov/2024:15:19:20 +0100] "GET /robots.txt HTTP/1.1" 200 1590 "-" "Mozilla/5.0 (compatible;PetalBot;+https://webmaster.petalsearch.com/site/petalbot)"
216.244.66.200 - - [03/Nov/2024:16:02:27 +0100] "GET /robots.txt HTTP/1.1" 200 1590 "-" "Mozilla/5.0 (compatible; DotBot/1.2; +https://opensiteexplorer.org/dotbot; help@moz.com)"
66.249.66.5 - - [03/Nov/2024:16:03:15 +0100] "GET /files/muemlek_terv_081124.pdf HTTP/1.1" 304 - "-" "Mozilla/5.0 (Linux; Android 6.0.1; Nexus 5X Build/MMB29P) AppleWebKit/537.36 (KHTML, like Gecko) Chrome/130.0.6723.69 Mobile Safari/537.36 (compatible; Googlebot/2.1; +http://www.google.com/bot.html)"
66.249.66.86 - - [03/Nov/2024:16:07:15 +0100] "GET /files/erdekkepviselettv.pdf HTTP/1.1" 304 - "-" "Mozilla/5.0 (Linux; Android 6.0.1; Nexus 5X Build/MMB29P) AppleWebKit/537.36 (KHTML, like Gecko) Chrome/130.0.6723.69 Mobile Safari/537.36 (compatible; Googlebot/2.1; +http://www.google.com/bot.html)"
91.33.160.213 - - [03/Nov/2024:16:10:45 +0100] "GET /files/cegbejegyzesi_eljaras_21_per_2006__02_12_fin.doc HTTP/1.1" 200 54272 "-" "Mozilla/5.0 (Windows NT 10.0; Win64; x64; rv:65.0) Gecko/20100101 Firefox/65.0"
66.249.66.5 - - [03/Nov/2024:16:27:33 +0100] "GET / HTTP/1.1" 200 - "-" "Mozilla/5.0 (Linux; Android 6.0.1; Nexus 5X Build/MMB29P) AppleWebKit/537.36 (KHTML, like Gecko) Chrome/99.0.4844.84 Mobile Safari/537.36 (compatible; Googlebot/2.1; +http://www.google.com/bot.html)"
66.249.66.4 - - [03/Nov/2024:16:28:05 +0100] "GET / HTTP/1.1" 200 - "-" "Mozilla/5.0 (compatible; Googlebot/2.1; +http://www.google.com/bot.html)"
66.249.66.4 - - [03/Nov/2024:16:28:37 +0100] "GET / HTTP/1.1" 200 - "-" "Mozilla/5.0 (Linux; Android 6.0.1; Nexus 5X Build/MMB29P) AppleWebKit/537.36 (KHTML, like Gecko) Chrome/130.0.6723.69 Mobile Safari/537.36 (compatible; Googlebot/2.1; +http://www.google.com/bot.html)"
66.249.66.4 - - [03/Nov/2024:16:29:09 +0100] "GET / HTTP/1.1" 200 - "-" "Mozilla/5.0 (compatible; Googlebot/2.1; +http://www.google.com/bot.html)"
216.244.66.200 - - [03/Nov/2024:16:35:06 +0100] "GET /files/0427_Natura_3._mell_klet.zip HTTP/1.1" 200 449924 "-" "Mozilla/5.0 (compatible; DotBot/1.2; +https://opensiteexplorer.org/dotbot; help@moz.com)"
216.244.66.200 - - [03/Nov/2024:16:35:19 +0100] "GET /files/12per1991_NM_rend_mod_090328.doc HTTP/1.1" 200 41472 "-" "Mozilla/5.0 (compatible; DotBot/1.2; +https://opensiteexplorer.org/dotbot; help@moz.com)"
216.244.66.200 - - [03/Nov/2024:16:35:34 +0100] "GET /files/53per2004_eszcsm_rend_mod.doc HTTP/1.1" 200 67072 "-" "Mozilla/5.0 (compatible; DotBot/1.2; +https://opensiteexplorer.org/dotbot; help@moz.com)"
216.244.66.200 - - [03/Nov/2024:16:35:53 +0100] "GET /files/MinTerv-3-MR-2007-02-13.doc HTTP/1.1" 200 151552 "-" "Mozilla/5.0 (compatible; DotBot/1.2; +https://opensiteexplorer.org/dotbot; help@moz.com)"
216.244.66.200 - - [03/Nov/2024:16:36:57 +0100] "GET /files/eloterjesztes.pdf HTTP/1.1" 200 - "-" "Mozilla/5.0 (compatible; DotBot/1.2; +https://opensiteexplorer.org/dotbot; help@moz.com)"
216.244.66.200 - - [03/Nov/2024:16:37:32 +0100] "GET /files/filmrend_terv_070713.pdf HTTP/1.1" 200 467476 "-" "Mozilla/5.0 (compatible; DotBot/1.2; +https://opensiteexplorer.org/dotbot; help@moz.com)"
216.244.66.200 - - [03/Nov/2024:16:38:10 +0100] "GET /files/igazsugyiszakerto.doc HTTP/1.1" 200 161280 "-" "Mozilla/5.0 (compatible; DotBot/1.2; +https://opensiteexplorer.org/dotbot; help@moz.com)"
216.244.66.200 - - [03/Nov/2024:16:39:00 +0100] "GET /files/kozbeszerzesi_eljarasi_rend.doc HTTP/1.1" 200 475985 "-" "Mozilla/5.0 (compatible; DotBot/1.2; +https://opensiteexplorer.org/dotbot; help@moz.com)"
216.244.66.200 - - [03/Nov/2024:16:39:32 +0100] "GET /files/kozmegrend_terv_080326.pdf HTTP/1.1" 200 334527 "-" "Mozilla/5.0 (compatible; DotBot/1.2; +https://opensiteexplorer.org/dotbot; help@moz.com)"
216.244.66.200 - - [03/Nov/2024:16:40:03 +0100] "GET /files/szakszo_legiforgalmi_iranyito.pdf HTTP/1.1" 200 268122 "-" "Mozilla/5.0 (compatible; DotBot/1.2; +https://opensiteexplorer.org/dotbot; help@moz.com)"
216.244.66.200 - - [03/Nov/2024:16:40:34 +0100] "GET /files/tankonyv_terv_071012.pdf HTTP/1.1" 200 325369 "-" "Mozilla/5.0 (compatible; DotBot/1.2; +https://opensiteexplorer.org/dotbot; help@moz.com)"
47.128.117.151 - - [03/Nov/2024:16:44:37 +0100] "GET /node/2517 HTTP/1.1" 200 - "-" "Mozilla/5.0 (Linux; Android 5.0) AppleWebKit/537.36 (KHTML, like Gecko) Mobile Safari/537.36 (compatible; Bytespider; spider-feedback@bytedance.com)"
216.244.66.200 - - [03/Nov/2024:17:12:45 +0100] "GET /files/0427_Natura_3._mell_klet.zip HTTP/1.1" 200 491520 "-" "Mozilla/5.0 (compatible; DotBot/1.2; +https://opensiteexplorer.org/dotbot; help@moz.com)"
216.244.66.200 - - [03/Nov/2024:17:12:56 +0100] "GET /files/12per1991_NM_rend_mod_090328.doc HTTP/1.1" 200 41472 "-" "Mozilla/5.0 (compatible; DotBot/1.2; +https://opensiteexplorer.org/dotbot; help@moz.com)"
216.244.66.200 - - [03/Nov/2024:17:13:13 +0100] "GET /files/53per2004_eszcsm_rend_mod.doc HTTP/1.1" 200 67072 "-" "Mozilla/5.0 (compatible; DotBot/1.2; +https://opensiteexplorer.org/dotbot; help@moz.com)"
216.244.66.200 - - [03/Nov/2024:17:13:45 +0100] "GET /files/MinTerv-3-MR-2007-02-13.doc HTTP/1.1" 200 151552 "-" "Mozilla/5.0 (compatible; DotBot/1.2; +https://opensiteexplorer.org/dotbot; help@moz.com)"
216.244.66.200 - - [03/Nov/2024:17:14:46 +0100] "GET /files/eloterjesztes.pdf HTTP/1.1" 200 - "-" "Mozilla/5.0 (compatible; DotBot/1.2; +https://opensiteexplorer.org/dotbot; help@moz.com)"
216.244.66.200 - - [03/Nov/2024:17:15:21 +0100] "GET /files/filmrend_terv_070713.pdf HTTP/1.1" 200 467476 "-" "Mozilla/5.0 (compatible; DotBot/1.2; +https://opensiteexplorer.org/dotbot; help@moz.com)"
216.244.66.200 - - [03/Nov/2024:17:15:59 +0100] "GET /files/igazsugyiszakerto.doc HTTP/1.1" 200 161280 "-" "Mozilla/5.0 (compatible; DotBot/1.2; +https://opensiteexplorer.org/dotbot; help@moz.com)"
52.167.144.150 - - [03/Nov/2024:17:16:04 +0100] "GET /files/termofold_tv_eloterjesztes.pdf HTTP/1.1" 304 - "-" "Mozilla/5.0 AppleWebKit/537.36 (KHTML, like Gecko; compatible; bingbot/2.0; +http://www.bing.com/bingbot.htm) Chrome/116.0.1938.76 Safari/537.36"
66.249.66.87 - - [03/Nov/2024:18:07:17 +0100] "GET /files/ptk_kotelmi_jog_0.pdf HTTP/1.1" 304 - "-" "Mozilla/5.0 (Linux; Android 6.0.1; Nexus 5X Build/MMB29P) AppleWebKit/537.36 (KHTML, like Gecko) Chrome/130.0.6723.69 Mobile Safari/537.36 (compatible; Googlebot/2.1; +http://www.google.com/bot.html)"
178.254.38.45 - - [03/Nov/2024:18:25:38 +0100] "GET / HTTP/1.1" 200 - "-" "Mozilla/5.0 (Windows NT 10.0; Win64; x64) AppleWebKit/537.36 (KHTML, like Gecko) Chrome/91.0.4472.114 Safari/537.36 Edg/91.0.864.54"
216.244.66.200 - - [03/Nov/2024:18:26:25 +0100] "GET /files/0427_Natura_3._mell_klet.zip HTTP/1.1" 200 595720 "-" "Mozilla/5.0 (compatible; DotBot/1.2; +https://opensiteexplorer.org/dotbot; help@moz.com)"
216.244.66.200 - - [03/Nov/2024:18:26:36 +0100] "GET /files/12per1991_NM_rend_mod_090328.doc HTTP/1.1" 200 41472 "-" "Mozilla/5.0 (compatible; DotBot/1.2; +https://opensiteexplorer.org/dotbot; help@moz.com)"
216.244.66.200 - - [03/Nov/2024:18:26:49 +0100] "GET /files/53per2004_eszcsm_rend_mod.doc HTTP/1.1" 200 67072 "-" "Mozilla/5.0 (compatible; DotBot/1.2; +https://opensiteexplorer.org/dotbot; help@moz.com)"
216.244.66.200 - - [03/Nov/2024:18:27:05 +0100] "GET /files/MinTerv-3-MR-2007-02-13.doc HTTP/1.1" 200 151552 "-" "Mozilla/5.0 (compatible; DotBot/1.2; +https://opensiteexplorer.org/dotbot; help@moz.com)"
216.244.66.200 - - [03/Nov/2024:18:28:04 +0100] "GET /files/eloterjesztes.pdf HTTP/1.1" 200 - "-" "Mozilla/5.0 (compatible; DotBot/1.2; +https://opensiteexplorer.org/dotbot; help@moz.com)"
216.244.66.200 - - [03/Nov/2024:18:28:31 +0100] "GET /files/filmrend_terv_070713.pdf HTTP/1.1" 200 467476 "-" "Mozilla/5.0 (compatible; DotBot/1.2; +https://opensiteexplorer.org/dotbot; help@moz.com)"
216.244.66.200 - - [03/Nov/2024:18:38:28 +0100] "GET /robots.txt HTTP/1.1" 200 1590 "-" "Mozilla/5.0 (compatible; DotBot/1.2; +https://opensiteexplorer.org/dotbot; help@moz.com)"
216.244.66.200 - - [03/Nov/2024:18:38:28 +0100] "GET /robots.txt HTTP/1.1" 200 1590 "-" "Mozilla/5.0 (compatible; DotBot/1.2; +https://opensiteexplorer.org/dotbot; help@moz.com)"
45.127.126.88 - - [03/Nov/2024:18:41:02 +0100] "GET /kindeditor/themes/default/default.css HTTP/1.1" 200 - "http://www.jogalkotas.hu/kindeditor/themes/default/default.css" "Mozilla/5.0 (compatible; MSIE 9.0; Windows NT 6.1; Win64; x64; Trident/5.0)"
66.249.66.4 - - [03/Nov/2024:19:01:18 +0100] "GET /files/kedvesllat_elterjeszts_07_25.pdf HTTP/1.1" 200 128292 "-" "Mozilla/5.0 (Linux; Android 6.0.1; Nexus 5X Build/MMB29P) AppleWebKit/537.36 (KHTML, like Gecko) Chrome/130.0.6723.69 Mobile Safari/537.36 (compatible; Googlebot/2.1; +http://www.google.com/bot.html)"
40.77.167.138 - - [03/Nov/2024:19:43:47 +0100] "GET /robots.txt HTTP/1.1" 200 1590 "-" "Mozilla/5.0 AppleWebKit/537.36 (KHTML, like Gecko; compatible; bingbot/2.0; +http://www.bing.com/bingbot.htm) Chrome/116.0.1938.76 Safari/537.36"
207.46.13.160 - - [03/Nov/2024:19:44:26 +0100] "GET /node/2467 HTTP/1.1" 200 - "-" "Mozilla/5.0 AppleWebKit/537.36 (KHTML, like Gecko; compatible; bingbot/2.0; +http://www.bing.com/bingbot.htm) Chrome/116.0.1938.76 Safari/537.36"
207.46.13.160 - - [03/Nov/2024:19:44:58 +0100] "GET /node/2467 HTTP/1.1" 200 - "-" "Mozilla/5.0 AppleWebKit/537.36 (KHTML, like Gecko; compatible; bingbot/2.0; +http://www.bing.com/bingbot.htm) Chrome/116.0.1938.76 Safari/537.36"
216.244.66.200 - - [03/Nov/2024:19:50:02 +0100] "GET /files/aujeszky_rendelet_velemenyezesre.pdf HTTP/1.1" 200 190404 "-" "Mozilla/5.0 (compatible; DotBot/1.2; +https://opensiteexplorer.org/dotbot; help@moz.com)"
216.244.66.200 - - [03/Nov/2024:19:50:39 +0100] "GET /files/elismereses_hm_rendelet_modositasa.pdf HTTP/1.1" 200 109153 "-" "Mozilla/5.0 (compatible; DotBot/1.2; +https://opensiteexplorer.org/dotbot; help@moz.com)"
216.244.66.200 - - [03/Nov/2024:19:51:15 +0100] "GET /files/kornyezetvedelmi_megbizott_modositas.pdf HTTP/1.1" 200 76547 "-" "Mozilla/5.0 (compatible; DotBot/1.2; +https://opensiteexplorer.org/dotbot; help@moz.com)"
216.244.66.200 - - [03/Nov/2024:19:51:49 +0100] "GET /files/kozmuv_minosegrend_terv_100114.pdf HTTP/1.1" 200 135458 "-" "Mozilla/5.0 (compatible; DotBot/1.2; +https://opensiteexplorer.org/dotbot; help@moz.com)"
66.249.66.87 - - [03/Nov/2024:19:52:01 +0100] "GET /files/hm_rendelet_tervezet_allomany_melleklet.pdf HTTP/1.1" 304 - "-" "Mozilla/5.0 (Linux; Android 6.0.1; Nexus 5X Build/MMB29P) AppleWebKit/537.36 (KHTML, like Gecko) Chrome/130.0.6723.69 Mobile Safari/537.36 (compatible; Googlebot/2.1; +http://www.google.com/bot.html)"
216.244.66.200 - - [03/Nov/2024:19:52:33 +0100] "GET /files/kulturalis_szakemberek_kepzese_070303.pdf HTTP/1.1" 200 182044 "-" "Mozilla/5.0 (compatible; DotBot/1.2; +https://opensiteexplorer.org/dotbot; help@moz.com)"
13.38.79.94 - - [03/Nov/2024:20:03:40 +0100] "GET / HTTP/1.1" 200 - "www.google.com" "Mozilla/5.0 (Linux; Android 7.0; SM-G892A Build/NRD90M; wv) AppleWebKit/537.36 (KHTML, like Gecko) Version/4.0 Chrome/60.0.3112.107 Mobile Safari/537.36"
66.249.66.6 - - [03/Nov/2024:20:29:31 +0100] "GET /files/szakmagyakorlas.pdf HTTP/1.1" 304 - "-" "Mozilla/5.0 (Linux; Android 6.0.1; Nexus 5X Build/MMB29P) AppleWebKit/537.36 (KHTML, like Gecko) Chrome/130.0.6723.69 Mobile Safari/537.36 (compatible; Googlebot/2.1; +http://www.google.com/bot.html)"
178.164.174.202 - - [03/Nov/2024:20:31:13 +0100] "GET /files/tk19.pdf HTTP/1.1" 200 194017 "https://www.google.hu/" "Mozilla/5.0 (iPhone; CPU iPhone OS 17_5_1 like Mac OS X) AppleWebKit/605.1.15 (KHTML, like Gecko) Version/17.5 Mobile/15E148 Safari/604.1"
178.164.174.202 - - [03/Nov/2024:20:31:13 +0100] "GET /favicon.ico HTTP/1.1" 404 57 "http://www.jogalkotas.hu/files/tk19.pdf" "Mozilla/5.0 (iPhone; CPU iPhone OS 17_5_1 like Mac OS X) AppleWebKit/605.1.15 (KHTML, like Gecko) Version/17.5 Mobile/15E148 Safari/604.1"
66.249.66.87 - - [03/Nov/2024:20:43:30 +0100] "GET /files/NFGM_5051.pdf HTTP/1.1" 304 - "-" "Mozilla/5.0 (Linux; Android 6.0.1; Nexus 5X Build/MMB29P) AppleWebKit/537.36 (KHTML, like Gecko) Chrome/130.0.6723.69 Mobile Safari/537.36 (compatible; Googlebot/2.1; +http://www.google.com/bot.html)"
172.245.251.223 - - [03/Nov/2024:21:17:24 +0100] "GET /taxonomy/term/20/0/feed HTTP/1.1" 200 - "-" "-"
114.119.143.130 - - [03/Nov/2024:21:32:05 +0100] "GET /robots.txt HTTP/1.1" 200 1590 "-" "Mozilla/5.0 (compatible;PetalBot;+https://webmaster.petalsearch.com/site/petalbot)"
66.249.66.86 - - [03/Nov/2024:21:46:16 +0100] "GET /favicon.ico HTTP/1.1" 404 57 "-" "Googlebot-Image/1.0"
213.180.203.176 - - [03/Nov/2024:21:50:13 +0100] "GET /robots.txt HTTP/1.1" 200 1590 "-" "Mozilla/5.0 (compatible; YandexBot/3.0; +http://yandex.com/bots)"
213.180.203.140 - - [03/Nov/2024:21:50:45 +0100] "GET /drupal/ HTTP/1.1" 200 - "-" "Mozilla/5.0 (compatible; YandexBot/3.0; +http://yandex.com/bots)"
188.157.251.136 - - [03/Nov/2024:22:11:02 +0100] "GET /files/ooszi.pdf HTTP/1.1" 200 429252 "https://www.google.com/" "Mozilla/5.0 (Windows NT 10.0; Win64; x64; rv:132.0) Gecko/20100101 Firefox/132.0"
216.244.66.200 - - [03/Nov/2024:22:22:16 +0100] "GET /robots.txt HTTP/1.1" 200 1590 "-" "Mozilla/5.0 (compatible; DotBot/1.2; +https://opensiteexplorer.org/dotbot; help@moz.com)"
165.22.60.96 - - [03/Nov/2024:22:38:59 +0100] "GET /wp-content/plugins/ HTTP/1.1" 200 - "-" "fasthttp"
165.22.60.96 - - [03/Nov/2024:22:38:59 +0100] "GET /rk1.php HTTP/1.1" 200 - "-" "fasthttp"
165.22.60.96 - - [03/Nov/2024:22:39:03 +0100] "GET /rk1.php HTTP/1.1" 200 - "-" "fasthttp"
165.22.60.96 - - [03/Nov/2024:22:39:03 +0100] "GET /wp-content/plugins/ HTTP/1.1" 200 - "-" "fasthttp"
165.22.60.96 - - [03/Nov/2024:22:39:08 +0100] "GET /wp-content/plugins/ HTTP/1.1" 200 - "-" "fasthttp"
165.22.60.96 - - [03/Nov/2024:22:39:08 +0100] "GET /rk1.php HTTP/1.1" 200 - "-" "fasthttp"
165.22.60.96 - - [03/Nov/2024:22:39:12 +0100] "GET /rk1.php HTTP/1.1" 200 - "-" "fasthttp"
165.22.60.96 - - [03/Nov/2024:22:39:12 +0100] "GET /wp-content/plugins/ HTTP/1.1" 200 - "-" "fasthttp"
165.22.60.96 - - [03/Nov/2024:22:39:16 +0100] "GET /wp-content/plugins/ HTTP/1.1" 200 - "-" "fasthttp"
165.22.60.96 - - [03/Nov/2024:22:39:16 +0100] "GET /rk1.php HTTP/1.1" 200 - "-" "fasthttp"
165.22.60.96 - - [03/Nov/2024:22:39:20 +0100] "GET /wp-content/ HTTP/1.1" 200 - "-" "fasthttp"
165.22.60.96 - - [03/Nov/2024:22:39:25 +0100] "GET /wp-content/ HTTP/1.1" 200 - "-" "fasthttp"
165.22.60.96 - - [03/Nov/2024:22:39:29 +0100] "GET /wp-content/ HTTP/1.1" 200 - "-" "fasthttp"
165.22.60.96 - - [03/Nov/2024:22:39:33 +0100] "GET /wp-content/ HTTP/1.1" 200 - "-" "fasthttp"
165.22.60.96 - - [03/Nov/2024:22:39:37 +0100] "GET /wp-content/ HTTP/1.1" 200 - "-" "fasthttp"
165.22.60.96 - - [03/Nov/2024:22:39:42 +0100] "GET /js/ HTTP/1.1" 200 - "-" "fasthttp"
165.22.60.96 - - [03/Nov/2024:22:39:46 +0100] "GET /js/ HTTP/1.1" 200 - "-" "fasthttp"
165.22.60.96 - - [03/Nov/2024:22:39:50 +0100] "GET /js/ HTTP/1.1" 200 - "-" "fasthttp"
165.22.60.96 - - [03/Nov/2024:22:39:54 +0100] "GET /js/ HTTP/1.1" 200 - "-" "fasthttp"
165.22.60.96 - - [03/Nov/2024:22:39:59 +0100] "GET /js/ HTTP/1.1" 200 - "-" "fasthttp"
165.22.60.96 - - [03/Nov/2024:22:40:03 +0100] "GET /wp-admin/ HTTP/1.1" 200 - "-" "fasthttp"
165.22.60.96 - - [03/Nov/2024:22:40:07 +0100] "GET /wp-admin/ HTTP/1.1" 200 - "-" "fasthttp"
165.22.60.96 - - [03/Nov/2024:22:40:11 +0100] "GET /wp-admin/ HTTP/1.1" 200 - "-" "fasthttp"
165.22.60.96 - - [03/Nov/2024:22:40:16 +0100] "GET /wp-admin/ HTTP/1.1" 200 - "-" "fasthttp"
165.22.60.96 - - [03/Nov/2024:22:40:20 +0100] "GET /wp-admin/ HTTP/1.1" 200 - "-" "fasthttp"
165.22.60.96 - - [03/Nov/2024:22:40:24 +0100] "GET /wp-content/uploads/ HTTP/1.1" 200 - "-" "fasthttp"
165.22.60.96 - - [03/Nov/2024:22:40:28 +0100] "GET /wp-content/uploads/ HTTP/1.1" 200 - "-" "fasthttp"
165.22.60.96 - - [03/Nov/2024:22:40:33 +0100] "GET /wp-content/uploads/ HTTP/1.1" 200 - "-" "fasthttp"
165.22.60.96 - - [03/Nov/2024:22:40:37 +0100] "GET /wp-content/uploads/ HTTP/1.1" 200 - "-" "fasthttp"
165.22.60.96 - - [03/Nov/2024:22:40:41 +0100] "GET /wp-content/uploads/ HTTP/1.1" 200 - "-" "fasthttp"
165.22.60.96 - - [03/Nov/2024:22:40:46 +0100] "GET /assets/ HTTP/1.1" 200 - "-" "fasthttp"
165.22.60.96 - - [03/Nov/2024:22:40:50 +0100] "GET /assets/ HTTP/1.1" 200 - "-" "fasthttp"
165.22.60.96 - - [03/Nov/2024:22:40:54 +0100] "GET /assets/ HTTP/1.1" 200 - "-" "fasthttp"
165.22.60.96 - - [03/Nov/2024:22:40:58 +0100] "GET /assets/ HTTP/1.1" 200 - "-" "fasthttp"
165.22.60.96 - - [03/Nov/2024:22:41:03 +0100] "GET /assets/ HTTP/1.1" 200 - "-" "fasthttp"
165.22.60.96 - - [03/Nov/2024:22:41:07 +0100] "GET /wp-includes/ HTTP/1.1" 200 - "-" "fasthttp"
165.22.60.96 - - [03/Nov/2024:22:41:11 +0100] "GET /wp-includes/ HTTP/1.1" 200 - "-" "fasthttp"
165.22.60.96 - - [03/Nov/2024:22:41:15 +0100] "GET /wp-includes/ HTTP/1.1" 200 - "-" "fasthttp"
165.22.60.96 - - [03/Nov/2024:22:41:20 +0100] "GET /wp-includes/ HTTP/1.1" 200 - "-" "fasthttp"
165.22.60.96 - - [03/Nov/2024:22:41:24 +0100] "GET /wp-includes/ HTTP/1.1" 200 - "-" "fasthttp"
165.22.60.96 - - [03/Nov/2024:22:41:28 +0100] "GET /.tmb/ HTTP/1.1" 200 - "-" "fasthttp"
165.22.60.96 - - [03/Nov/2024:22:41:32 +0100] "GET /.tmb/ HTTP/1.1" 200 - "-" "fasthttp"
165.22.60.96 - - [03/Nov/2024:22:41:37 +0100] "GET /.tmb/ HTTP/1.1" 200 - "-" "fasthttp"
165.22.60.96 - - [03/Nov/2024:22:41:41 +0100] "GET /.tmb/ HTTP/1.1" 200 - "-" "fasthttp"
165.22.60.96 - - [03/Nov/2024:22:41:45 +0100] "GET /.tmb/ HTTP/1.1" 200 - "-" "fasthttp"
165.22.60.96 - - [03/Nov/2024:22:41:49 +0100] "GET /wordpress/ HTTP/1.1" 200 - "-" "fasthttp"
165.22.60.96 - - [03/Nov/2024:22:41:54 +0100] "GET /wordpress/ HTTP/1.1" 200 - "-" "fasthttp"
165.22.60.96 - - [03/Nov/2024:22:41:58 +0100] "GET /wordpress/ HTTP/1.1" 200 - "-" "fasthttp"
165.22.60.96 - - [03/Nov/2024:22:42:02 +0100] "GET /wordpress/ HTTP/1.1" 200 - "-" "fasthttp"
165.22.60.96 - - [03/Nov/2024:22:42:06 +0100] "GET /wordpress/ HTTP/1.1" 200 - "-" "fasthttp"
165.22.60.96 - - [03/Nov/2024:22:42:11 +0100] "GET /wp-includes/css/dist/components/ HTTP/1.1" 200 - "-" "fasthttp"
165.22.60.96 - - [03/Nov/2024:22:42:15 +0100] "GET /wp-includes/css/dist/components/ HTTP/1.1" 200 - "-" "fasthttp"
165.22.60.96 - - [03/Nov/2024:22:42:20 +0100] "GET /wp-includes/css/dist/components/ HTTP/1.1" 200 - "-" "fasthttp"
165.22.60.96 - - [03/Nov/2024:22:42:24 +0100] "GET /wp-includes/css/dist/components/ HTTP/1.1" 200 - "-" "fasthttp"
165.22.60.96 - - [03/Nov/2024:22:42:28 +0100] "GET /wp-includes/css/dist/components/ HTTP/1.1" 200 - "-" "fasthttp"
165.22.60.96 - - [03/Nov/2024:22:42:32 +0100] "GET /wp-includes/css/dist/editor/ HTTP/1.1" 200 - "-" "fasthttp"
165.22.60.96 - - [03/Nov/2024:22:42:37 +0100] "GET /wp-includes/css/dist/editor/ HTTP/1.1" 200 - "-" "fasthttp"
165.22.60.96 - - [03/Nov/2024:22:42:41 +0100] "GET /wp-includes/css/dist/editor/ HTTP/1.1" 200 - "-" "fasthttp"
165.22.60.96 - - [03/Nov/2024:22:42:45 +0100] "GET /wp-includes/css/dist/editor/ HTTP/1.1" 200 - "-" "fasthttp"
165.22.60.96 - - [03/Nov/2024:22:42:49 +0100] "GET /wp-includes/css/dist/editor/ HTTP/1.1" 200 - "-" "fasthttp"
165.22.60.96 - - [03/Nov/2024:22:42:54 +0100] "GET /wp-includes/css/dist/block-library/ HTTP/1.1" 200 - "-" "fasthttp"
165.22.60.96 - - [03/Nov/2024:22:42:58 +0100] "GET /wp-includes/css/dist/block-library/ HTTP/1.1" 200 - "-" "fasthttp"
165.22.60.96 - - [03/Nov/2024:22:43:02 +0100] "GET /wp-includes/css/dist/block-library/ HTTP/1.1" 200 - "-" "fasthttp"
165.22.60.96 - - [03/Nov/2024:22:43:06 +0100] "GET /wp-includes/css/dist/block-library/ HTTP/1.1" 200 - "-" "fasthttp"
165.22.60.96 - - [03/Nov/2024:22:43:11 +0100] "GET /wp-includes/css/dist/block-library/ HTTP/1.1" 200 - "-" "fasthttp"
165.22.60.96 - - [03/Nov/2024:22:43:15 +0100] "GET /wp-includes/ID3/ HTTP/1.1" 200 - "-" "fasthttp"
165.22.60.96 - - [03/Nov/2024:22:43:19 +0100] "GET /wp-includes/ID3/ HTTP/1.1" 200 - "-" "fasthttp"
165.22.60.96 - - [03/Nov/2024:22:43:23 +0100] "GET /wp-includes/ID3/ HTTP/1.1" 200 - "-" "fasthttp"
165.22.60.96 - - [03/Nov/2024:22:43:28 +0100] "GET /wp-includes/ID3/ HTTP/1.1" 200 - "-" "fasthttp"
165.22.60.96 - - [03/Nov/2024:22:43:32 +0100] "GET /wp-includes/ID3/ HTTP/1.1" 200 - "-" "fasthttp"
165.22.60.96 - - [03/Nov/2024:22:43:36 +0100] "GET /wp-includes/Requests/ HTTP/1.1" 200 - "-" "fasthttp"
165.22.60.96 - - [03/Nov/2024:22:43:40 +0100] "GET /wp-includes/Requests/ HTTP/1.1" 200 - "-" "fasthttp"
165.22.60.96 - - [03/Nov/2024:22:43:45 +0100] "GET /wp-includes/Requests/ HTTP/1.1" 200 - "-" "fasthttp"
165.22.60.96 - - [03/Nov/2024:22:43:49 +0100] "GET /wp-includes/Requests/ HTTP/1.1" 200 - "-" "fasthttp"
165.22.60.96 - - [03/Nov/2024:22:43:53 +0100] "GET /wp-includes/Requests/ HTTP/1.1" 200 - "-" "fasthttp"
165.22.60.96 - - [03/Nov/2024:22:43:57 +0100] "GET /wp-includes/SimplePie/ HTTP/1.1" 200 - "-" "fasthttp"
165.22.60.96 - - [03/Nov/2024:22:44:02 +0100] "GET /wp-includes/SimplePie/ HTTP/1.1" 200 - "-" "fasthttp"
165.22.60.96 - - [03/Nov/2024:22:44:06 +0100] "GET /wp-includes/SimplePie/ HTTP/1.1" 200 - "-" "fasthttp"
165.22.60.96 - - [03/Nov/2024:22:44:10 +0100] "GET /wp-includes/SimplePie/ HTTP/1.1" 200 - "-" "fasthttp"
165.22.60.96 - - [03/Nov/2024:22:44:15 +0100] "GET /wp-includes/SimplePie/ HTTP/1.1" 200 - "-" "fasthttp"
165.22.60.96 - - [03/Nov/2024:22:44:19 +0100] "GET /wp-includes/Text/ HTTP/1.1" 200 - "-" "fasthttp"
66.249.66.87 - - [03/Nov/2024:22:44:21 +0100] "GET /files/fitness.pdf HTTP/1.1" 200 608967 "-" "Mozilla/5.0 (Linux; Android 6.0.1; Nexus 5X Build/MMB29P) AppleWebKit/537.36 (KHTML, like Gecko) Chrome/130.0.6723.69 Mobile Safari/537.36 (compatible; Googlebot/2.1; +http://www.google.com/bot.html)"
165.22.60.96 - - [03/Nov/2024:22:44:23 +0100] "GET /wp-includes/Text/ HTTP/1.1" 200 - "-" "fasthttp"
165.22.60.96 - - [03/Nov/2024:22:44:27 +0100] "GET /wp-includes/Text/ HTTP/1.1" 200 - "-" "fasthttp"
165.22.60.96 - - [03/Nov/2024:22:44:32 +0100] "GET /wp-includes/Text/ HTTP/1.1" 200 - "-" "fasthttp"
165.22.60.96 - - [03/Nov/2024:22:44:36 +0100] "GET /wp-includes/Text/ HTTP/1.1" 200 - "-" "fasthttp"
165.22.60.96 - - [03/Nov/2024:22:44:40 +0100] "GET /wp-admin/user/ HTTP/1.1" 200 - "-" "fasthttp"
165.22.60.96 - - [03/Nov/2024:22:44:44 +0100] "GET /wp-admin/user/ HTTP/1.1" 200 - "-" "fasthttp"
165.22.60.96 - - [03/Nov/2024:22:44:49 +0100] "GET /wp-admin/user/ HTTP/1.1" 200 - "-" "fasthttp"
165.22.60.96 - - [03/Nov/2024:22:44:53 +0100] "GET /wp-admin/user/ HTTP/1.1" 200 - "-" "fasthttp"
165.22.60.96 - - [03/Nov/2024:22:44:57 +0100] "GET /wp-admin/user/ HTTP/1.1" 200 - "-" "fasthttp"
165.22.60.96 - - [03/Nov/2024:22:45:01 +0100] "GET /wp-admin/network/ HTTP/1.1" 200 - "-" "fasthttp"
165.22.60.96 - - [03/Nov/2024:22:45:06 +0100] "GET /wp-admin/network/ HTTP/1.1" 200 - "-" "fasthttp"
165.22.60.96 - - [03/Nov/2024:22:45:10 +0100] "GET /wp-admin/network/ HTTP/1.1" 200 - "-" "fasthttp"
165.22.60.96 - - [03/Nov/2024:22:45:14 +0100] "GET /wp-admin/network/ HTTP/1.1" 200 - "-" "fasthttp"
165.22.60.96 - - [03/Nov/2024:22:45:18 +0100] "GET /wp-admin/network/ HTTP/1.1" 200 - "-" "fasthttp"
165.22.60.96 - - [03/Nov/2024:22:45:23 +0100] "GET /wp-admin/maint/ HTTP/1.1" 200 - "-" "fasthttp"
165.22.60.96 - - [03/Nov/2024:22:45:27 +0100] "GET /wp-admin/maint/ HTTP/1.1" 200 - "-" "fasthttp"
165.22.60.96 - - [03/Nov/2024:22:45:31 +0100] "GET /wp-admin/maint/ HTTP/1.1" 200 - "-" "fasthttp"
165.22.60.96 - - [03/Nov/2024:22:45:35 +0100] "GET /wp-admin/maint/ HTTP/1.1" 200 - "-" "fasthttp"
165.22.60.96 - - [03/Nov/2024:22:45:40 +0100] "GET /wp-admin/maint/ HTTP/1.1" 200 - "-" "fasthttp"
165.22.60.96 - - [03/Nov/2024:22:45:44 +0100] "GET /wp-admin/js/ HTTP/1.1" 200 - "-" "fasthttp"
165.22.60.96 - - [03/Nov/2024:22:45:48 +0100] "GET /wp-admin/js/ HTTP/1.1" 200 - "-" "fasthttp"
165.22.60.96 - - [03/Nov/2024:22:45:53 +0100] "GET /wp-admin/js/ HTTP/1.1" 200 - "-" "fasthttp"
165.22.60.96 - - [03/Nov/2024:22:45:57 +0100] "GET /wp-admin/js/ HTTP/1.1" 200 - "-" "fasthttp"
165.22.60.96 - - [03/Nov/2024:22:46:01 +0100] "GET /wp-admin/js/ HTTP/1.1" 200 - "-" "fasthttp"
165.22.60.96 - - [03/Nov/2024:22:46:05 +0100] "GET /wp-admin/includes/ HTTP/1.1" 200 - "-" "fasthttp"
165.22.60.96 - - [03/Nov/2024:22:46:10 +0100] "GET /wp-admin/includes/ HTTP/1.1" 200 - "-" "fasthttp"
165.22.60.96 - - [03/Nov/2024:22:46:14 +0100] "GET /wp-admin/includes/ HTTP/1.1" 200 - "-" "fasthttp"
165.22.60.96 - - [03/Nov/2024:22:46:18 +0100] "GET /wp-admin/includes/ HTTP/1.1" 200 - "-" "fasthttp"
165.22.60.96 - - [03/Nov/2024:22:46:22 +0100] "GET /wp-admin/includes/ HTTP/1.1" 200 - "-" "fasthttp"
165.22.60.96 - - [03/Nov/2024:22:46:27 +0100] "GET /wp-admin/images/ HTTP/1.1" 200 - "-" "fasthttp"
