66.249.79.129 - - [14/Nov/2024:05:35:20 +0100] "GET /files/szemelyugyi_igazgatas.pdf HTTP/1.1" 200 379679 "-" "Mozilla/5.0 (Linux; Android 6.0.1; Nexus 5X Build/MMB29P) AppleWebKit/537.36 (KHTML, like Gecko) Chrome/130.0.6723.116 Mobile Safari/537.36 (compatible; GoogleOther)"
216.244.66.200 - - [14/Nov/2024:05:46:42 +0100] "GET /robots.txt HTTP/1.1" 200 1590 "-" "Mozilla/5.0 (compatible; DotBot/1.2; +https://opensiteexplorer.org/dotbot; help@moz.com)"
66.249.79.131 - - [14/Nov/2024:05:53:21 +0100] "GET /files/gyamhatosag_eloterj_061204.pdf HTTP/1.1" 200 597742 "-" "Mozilla/5.0 (Linux; Android 6.0.1; Nexus 5X Build/MMB29P) AppleWebKit/537.36 (KHTML, like Gecko) Chrome/130.0.6723.116 Mobile Safari/537.36 (compatible; GoogleOther)"
91.33.160.213 - - [14/Nov/2024:06:03:16 +0100] "GET /files/cegbejegyzesi_eljaras_21_per_2006__02_12_fin.doc HTTP/1.1" 200 54272 "-" "Mozilla/5.0 (Windows NT 10.0; Win64; x64; rv:65.0) Gecko/20100101 Firefox/65.0"
66.249.79.133 - - [14/Nov/2024:06:11:21 +0100] "GET /files/ekozig_programterv.pdf HTTP/1.1" 200 851292 "-" "Mozilla/5.0 (Linux; Android 6.0.1; Nexus 5X Build/MMB29P) AppleWebKit/537.36 (KHTML, like Gecko) Chrome/130.0.6723.116 Mobile Safari/537.36 (compatible; GoogleOther)"
66.249.79.129 - - [14/Nov/2024:06:29:22 +0100] "GET /files/22-1996-mod-kozigre.pdf HTTP/1.1" 200 966507 "-" "Mozilla/5.0 (Linux; Android 6.0.1; Nexus 5X Build/MMB29P) AppleWebKit/537.36 (KHTML, like Gecko) Chrome/130.0.6723.116 Mobile Safari/537.36 (compatible; GoogleOther)"
216.244.66.200 - - [14/Nov/2024:06:36:02 +0100] "GET /robots.txt HTTP/1.1" 200 1590 "-" "Mozilla/5.0 (compatible; DotBot/1.2; +https://opensiteexplorer.org/dotbot; help@moz.com)"
216.244.66.200 - - [14/Nov/2024:06:36:03 +0100] "GET /robots.txt HTTP/1.1" 200 1590 "-" "Mozilla/5.0 (compatible; DotBot/1.2; +https://opensiteexplorer.org/dotbot; help@moz.com)"
66.249.79.130 - - [14/Nov/2024:06:36:48 +0100] "GET /files/4735.pdf HTTP/1.1" 304 - "-" "Mozilla/5.0 (Linux; Android 6.0.1; Nexus 5X Build/MMB29P) AppleWebKit/537.36 (KHTML, like Gecko) Chrome/130.0.6723.116 Mobile Safari/537.36 (compatible; Googlebot/2.1; +http://www.google.com/bot.html)"
66.249.79.131 - - [14/Nov/2024:06:47:20 +0100] "GET /files/NFGM_5051.pdf HTTP/1.1" 200 287794 "-" "Mozilla/5.0 (Linux; Android 6.0.1; Nexus 5X Build/MMB29P) AppleWebKit/537.36 (KHTML, like Gecko) Chrome/130.0.6723.116 Mobile Safari/537.36 (compatible; GoogleOther)"
113.165.180.239 - - [14/Nov/2024:06:52:41 +0100] "HEAD / HTTP/1.1" 200 - "http://jogalkotas.hu" "Mozilla/5.0 (Windows NT 10.0; Win64; x64) AppleWebKit/537.36 (KHTML, like Gecko) Chrome/100.0.4896.127 Safari/537.36"
40.77.167.53 - - [14/Nov/2024:06:58:53 +0100] "GET /files/szakmai_vizsg_melleklet_070228.doc HTTP/1.1" 200 139776 "-" "Mozilla/5.0 AppleWebKit/537.36 (KHTML, like Gecko; compatible; bingbot/2.0; +http://www.bing.com/bingbot.htm) Chrome/116.0.1938.76 Safari/537.36"
216.244.66.200 - - [14/Nov/2024:07:00:38 +0100] "GET /files/ilo_c3_c18_c21_terv_090323.pdf HTTP/1.1" 200 106164 "-" "Mozilla/5.0 (compatible; DotBot/1.2; +https://opensiteexplorer.org/dotbot; help@moz.com)"
66.249.79.131 - - [14/Nov/2024:07:00:58 +0100] "GET /files/KHEM1889.doc HTTP/1.1" 200 165888 "-" "Mozilla/5.0 (Linux; Android 6.0.1; Nexus 5X Build/MMB29P) AppleWebKit/537.36 (KHTML, like Gecko) Chrome/130.0.6723.116 Mobile Safari/537.36 (compatible; Googlebot/2.1; +http://www.google.com/bot.html)"
216.244.66.200 - - [14/Nov/2024:07:01:45 +0100] "GET /files/miniszt_2006_%C3%83%C2%A1pr2.doc HTTP/1.1" 200 - "-" "Mozilla/5.0 (compatible; DotBot/1.2; +https://opensiteexplorer.org/dotbot; help@moz.com)"
216.244.66.200 - - [14/Nov/2024:07:02:09 +0100] "GET /files/rendelet_szolg._szab._modositas_januar.pdf HTTP/1.1" 200 254261 "-" "Mozilla/5.0 (compatible; DotBot/1.2; +https://opensiteexplorer.org/dotbot; help@moz.com)"
216.244.66.200 - - [14/Nov/2024:07:02:58 +0100] "GET /files/tenyesztesszervezes_rendelettervezet.pdf HTTP/1.1" 200 236849 "-" "Mozilla/5.0 (compatible; DotBot/1.2; +https://opensiteexplorer.org/dotbot; help@moz.com)"
216.244.66.200 - - [14/Nov/2024:07:04:04 +0100] "GET /files/12.%20sz%C3%83%C2%A1m%C3%83%C2%BA%20mell%C3%83%C2%A9klet.doc HTTP/1.1" 200 - "-" "Mozilla/5.0 (compatible; DotBot/1.2; +https://opensiteexplorer.org/dotbot; help@moz.com)"
216.244.66.200 - - [14/Nov/2024:07:04:30 +0100] "GET /files/hivatalos_fodrajzi_nevek_kormanyeloterjesztes_071009.pdf HTTP/1.1" 200 179998 "-" "Mozilla/5.0 (compatible; DotBot/1.2; +https://opensiteexplorer.org/dotbot; help@moz.com)"
216.244.66.200 - - [14/Nov/2024:07:05:06 +0100] "GET /files/hmrend_tervezet_mh_legvedelmi_keszenleti_repuleseirol.pdf HTTP/1.1" 200 114953 "-" "Mozilla/5.0 (compatible; DotBot/1.2; +https://opensiteexplorer.org/dotbot; help@moz.com)"
66.249.79.131 - - [14/Nov/2024:07:05:20 +0100] "GET /files/okj_formai_eloirasai_060516.pdf HTTP/1.1" 200 234446 "-" "Mozilla/5.0 (Linux; Android 6.0.1; Nexus 5X Build/MMB29P) AppleWebKit/537.36 (KHTML, like Gecko) Chrome/130.0.6723.116 Mobile Safari/537.36 (compatible; GoogleOther)"
216.244.66.200 - - [14/Nov/2024:07:05:48 +0100] "GET /files/NFGM4993.pdf HTTP/1.1" 200 175600 "-" "Mozilla/5.0 (compatible; DotBot/1.2; +https://opensiteexplorer.org/dotbot; help@moz.com)"
216.244.66.200 - - [14/Nov/2024:07:06:23 +0100] "GET /files/NFGM_6129.pdf HTTP/1.1" 200 78368 "-" "Mozilla/5.0 (compatible; DotBot/1.2; +https://opensiteexplorer.org/dotbot; help@moz.com)"
216.244.66.200 - - [14/Nov/2024:07:06:55 +0100] "GET /files/kozut.zip HTTP/1.1" 200 48373 "-" "Mozilla/5.0 (compatible; DotBot/1.2; +https://opensiteexplorer.org/dotbot; help@moz.com)"
216.244.66.200 - - [14/Nov/2024:07:07:30 +0100] "GET /files/meh_dij.zip HTTP/1.1" 200 110156 "-" "Mozilla/5.0 (compatible; DotBot/1.2; +https://opensiteexplorer.org/dotbot; help@moz.com)"
216.244.66.200 - - [14/Nov/2024:07:08:14 +0100] "GET /files/oklevelek.pdf HTTP/1.1" 200 260379 "-" "Mozilla/5.0 (compatible; DotBot/1.2; +https://opensiteexplorer.org/dotbot; help@moz.com)"
216.244.66.200 - - [14/Nov/2024:07:08:48 +0100] "GET /files/0413_tervezet_04.12..doc HTTP/1.1" 200 38400 "-" "Mozilla/5.0 (compatible; DotBot/1.2; +https://opensiteexplorer.org/dotbot; help@moz.com)"
216.244.66.200 - - [14/Nov/2024:07:09:21 +0100] "GET /files/1108_4_2002_indokl_s.doc HTTP/1.1" 200 20992 "-" "Mozilla/5.0 (compatible; DotBot/1.2; +https://opensiteexplorer.org/dotbot; help@moz.com)"
216.244.66.200 - - [14/Nov/2024:07:09:56 +0100] "GET /files/R260-4megfelelesi.doc HTTP/1.1" 200 66048 "-" "Mozilla/5.0 (compatible; DotBot/1.2; +https://opensiteexplorer.org/dotbot; help@moz.com)"
216.244.66.200 - - [14/Nov/2024:07:10:24 +0100] "GET /files/R305-2rendelet.doc HTTP/1.1" 200 40960 "-" "Mozilla/5.0 (compatible; DotBot/1.2; +https://opensiteexplorer.org/dotbot; help@moz.com)"
216.244.66.200 - - [14/Nov/2024:07:10:58 +0100] "GET /files/bizottsagok_2006.pdf HTTP/1.1" 200 103182 "-" "Mozilla/5.0 (compatible; DotBot/1.2; +https://opensiteexplorer.org/dotbot; help@moz.com)"
66.249.79.129 - - [14/Nov/2024:07:11:22 +0100] "GET /files/ekozig_strategia.pdf HTTP/1.1" 200 731185 "-" "Mozilla/5.0 AppleWebKit/537.36 (KHTML, like Gecko; compatible; GoogleOther) Chrome/130.0.6723.116 Safari/537.36"
66.249.79.129 - - [14/Nov/2024:07:21:28 +0100] "GET /files/hm_rendelet_tervezet_minositett_adat_vedelmerol.pdf HTTP/1.1" 304 - "-" "Mozilla/5.0 (Linux; Android 6.0.1; Nexus 5X Build/MMB29P) AppleWebKit/537.36 (KHTML, like Gecko) Chrome/130.0.6723.116 Mobile Safari/537.36 (compatible; Googlebot/2.1; +http://www.google.com/bot.html)"
216.244.66.200 - - [14/Nov/2024:07:23:24 +0100] "GET /robots.txt HTTP/1.1" 200 1590 "-" "Mozilla/5.0 (compatible; DotBot/1.2; +https://opensiteexplorer.org/dotbot; help@moz.com)"
216.244.66.200 - - [14/Nov/2024:07:23:25 +0100] "GET /robots.txt HTTP/1.1" 200 1590 "-" "Mozilla/5.0 (compatible; DotBot/1.2; +https://opensiteexplorer.org/dotbot; help@moz.com)"
66.249.79.133 - - [14/Nov/2024:07:40:20 +0100] "GET /files/kozalk_terv_070806-1.pdf HTTP/1.1" 200 313855 "-" "Mozilla/5.0 (Linux; Android 6.0.1; Nexus 5X Build/MMB29P) AppleWebKit/537.36 (KHTML, like Gecko) Chrome/130.0.6723.116 Mobile Safari/537.36 (compatible; GoogleOther)"
66.249.79.131 - - [14/Nov/2024:07:41:36 +0100] "GET /files/OHT_II_febr2.pdf HTTP/1.1" 200 994566 "-" "Mozilla/5.0 AppleWebKit/537.36 (KHTML, like Gecko; compatible; GoogleOther) Chrome/130.0.6723.116 Safari/537.36"
66.249.79.133 - - [14/Nov/2024:07:41:38 +0100] "GET /files/tempus_terv_080808.pdf HTTP/1.1" 200 294277 "-" "Mozilla/5.0 AppleWebKit/537.36 (KHTML, like Gecko; compatible; GoogleOther) Chrome/130.0.6723.116 Safari/537.36"
66.249.79.129 - - [14/Nov/2024:07:44:44 +0100] "GET /files/Szamos-Krasznakozi_szakmapol%202010_01_25_KOZIG.pdf HTTP/1.1" 304 - "-" "Mozilla/5.0 (Linux; Android 6.0.1; Nexus 5X Build/MMB29P) AppleWebKit/537.36 (KHTML, like Gecko) Chrome/130.0.6723.116 Mobile Safari/537.36 (compatible; Googlebot/2.1; +http://www.google.com/bot.html)"
216.244.66.200 - - [14/Nov/2024:07:53:50 +0100] "GET /files/1108_MT_2004_107_EK.doc HTTP/1.1" 200 99840 "-" "Mozilla/5.0 (compatible; DotBot/1.2; +https://opensiteexplorer.org/dotbot; help@moz.com)"
216.244.66.200 - - [14/Nov/2024:07:54:44 +0100] "GET /files/22-1996-mod-kozigre.pdf HTTP/1.1" 200 349560 "-" "Mozilla/5.0 (compatible; DotBot/1.2; +https://opensiteexplorer.org/dotbot; help@moz.com)"
66.249.79.130 - - [14/Nov/2024:08:00:20 +0100] "GET /files/orszszi_terv_070530.pdf HTTP/1.1" 200 478463 "-" "Mozilla/5.0 (Linux; Android 6.0.1; Nexus 5X Build/MMB29P) AppleWebKit/537.36 (KHTML, like Gecko) Chrome/130.0.6723.116 Mobile Safari/537.36 (compatible; GoogleOther)"
66.249.79.131 - - [14/Nov/2024:08:09:49 +0100] "GET /files/muemlek_terv_081124.pdf HTTP/1.1" 304 - "-" "Mozilla/5.0 (Linux; Android 6.0.1; Nexus 5X Build/MMB29P) AppleWebKit/537.36 (KHTML, like Gecko) Chrome/130.0.6723.116 Mobile Safari/537.36 (compatible; Googlebot/2.1; +http://www.google.com/bot.html)"
216.244.66.200 - - [14/Nov/2024:08:09:59 +0100] "GET /robots.txt HTTP/1.1" 200 1590 "-" "Mozilla/5.0 (compatible; DotBot/1.2; +https://opensiteexplorer.org/dotbot; help@moz.com)"
216.244.66.200 - - [14/Nov/2024:08:09:59 +0100] "GET /robots.txt HTTP/1.1" 200 1590 "-" "Mozilla/5.0 (compatible; DotBot/1.2; +https://opensiteexplorer.org/dotbot; help@moz.com)"
66.249.79.130 - - [14/Nov/2024:08:10:19 +0100] "GET /files/az_uj_ptk_koncepcioja.pdf HTTP/1.1" 200 169125 "-" "Mozilla/5.0 (Linux; Android 6.0.1; Nexus 5X Build/MMB29P) AppleWebKit/537.36 (KHTML, like Gecko) Chrome/130.0.6723.116 Mobile Safari/537.36 (compatible; GoogleOther)"
114.119.131.105 - - [14/Nov/2024:08:14:18 +0100] "GET /robots.txt HTTP/1.1" 200 1590 "-" "Mozilla/5.0 (compatible;PetalBot;+https://webmaster.petalsearch.com/site/petalbot)"
185.91.143.242 - - [14/Nov/2024:08:16:41 +0100] "GET /files/elemiszerkonyv122007.pdf HTTP/1.1" 200 34582 "https://www.google.com/" "Mozilla/5.0 (Windows NT 10.0; Win64; x64) AppleWebKit/537.36 (KHTML, like Gecko) Chrome/130.0.0.0 Safari/537.36"
185.91.143.242 - - [14/Nov/2024:08:16:41 +0100] "GET /favicon.ico HTTP/1.1" 404 57 "http://www.jogalkotas.hu/files/elemiszerkonyv122007.pdf" "Mozilla/5.0 (Windows NT 10.0; Win64; x64) AppleWebKit/537.36 (KHTML, like Gecko) Chrome/130.0.0.0 Safari/537.36"
185.91.143.242 - - [14/Nov/2024:08:16:41 +0100] "GET /files/elemiszerkonyv122007.pdf HTTP/1.1" 206 1025 "-" "Mozilla/5.0 (Windows NT 10.0; Win64; x64) AppleWebKit/537.36 (KHTML, like Gecko) Chrome/130.0.0.0 Safari/537.36"
185.91.143.242 - - [14/Nov/2024:08:16:42 +0100] "GET /files/elemiszerkonyv122007.pdf HTTP/1.1" 200 152700 "-" "Mozilla/5.0 (Windows NT 10.0; Win64; x64) AppleWebKit/537.36 (KHTML, like Gecko) Chrome/130.0.0.0 Safari/537.36"
66.249.79.131 - - [14/Nov/2024:08:17:21 +0100] "GET /files/vhvegyes-rendelet.doc HTTP/1.1" 304 - "-" "Mozilla/5.0 (Linux; Android 6.0.1; Nexus 5X Build/MMB29P) AppleWebKit/537.36 (KHTML, like Gecko) Chrome/130.0.6723.116 Mobile Safari/537.36 (compatible; Googlebot/2.1; +http://www.google.com/bot.html)"
216.244.66.200 - - [14/Nov/2024:08:17:23 +0100] "GET /node/357 HTTP/1.1" 200 - "-" "Mozilla/5.0 (compatible; DotBot/1.2; +https://opensiteexplorer.org/dotbot; help@moz.com)"
66.249.79.129 - - [14/Nov/2024:08:20:20 +0100] "GET /files/b_3327_muemlek_061129.pdf HTTP/1.1" 200 484555 "-" "Mozilla/5.0 (Linux; Android 6.0.1; Nexus 5X Build/MMB29P) AppleWebKit/537.36 (KHTML, like Gecko) Chrome/130.0.6723.116 Mobile Safari/537.36 (compatible; GoogleOther)"
66.249.79.129 - - [14/Nov/2024:08:30:20 +0100] "GET /files/CITES_tervezet_0729_kozig.pdf HTTP/1.1" 200 271903 "-" "Mozilla/5.0 (Linux; Android 6.0.1; Nexus 5X Build/MMB29P) AppleWebKit/537.36 (KHTML, like Gecko) Chrome/130.0.6723.116 Mobile Safari/537.36 (compatible; GoogleOther)"
216.244.66.200 - - [14/Nov/2024:08:32:48 +0100] "GET /files/szakszo_legiforgalmi_iranyito_3mell.pdf HTTP/1.1" 200 383563 "-" "Mozilla/5.0 (compatible; DotBot/1.2; +https://opensiteexplorer.org/dotbot; help@moz.com)"
216.244.66.200 - - [14/Nov/2024:08:33:19 +0100] "GET /files/hatarrend_irm_rendelet_eloterj_kozig_090724.doc HTTP/1.1" 200 145408 "-" "Mozilla/5.0 (compatible; DotBot/1.2; +https://opensiteexplorer.org/dotbot; help@moz.com)"
216.244.66.200 - - [14/Nov/2024:08:34:16 +0100] "GET /files/rend_mintavetel.nyilv.tart._szab.rendelet_honlapra.doc HTTP/1.1" 200 239959 "-" "Mozilla/5.0 (compatible; DotBot/1.2; +https://opensiteexplorer.org/dotbot; help@moz.com)"
216.244.66.200 - - [14/Nov/2024:08:35:19 +0100] "GET /files/18_1998___xii__27___e%C3%83%C2%BCm_rendelet_m%C3%83%C2%B3dos%C3%83%C2%ADt%C3%83%C2%A1sa_6.doc HTTP/1.1" 200 - "-" "Mozilla/5.0 (compatible; DotBot/1.2; +https://opensiteexplorer.org/dotbot; help@moz.com)"
216.244.66.200 - - [14/Nov/2024:08:36:10 +0100] "GET /files/B%C3%83%C2%ADrs%C3%83%C2%A1gol%C3%83%C2%A1si%20korm_el%C3%85%E2%80%98terj%20k%C3%83%C2%B6zigre-2007-02-20.doc HTTP/1.1" 200 - "-" "Mozilla/5.0 (compatible; DotBot/1.2; +https://opensiteexplorer.org/dotbot; help@moz.com)"
216.244.66.200 - - [14/Nov/2024:08:37:01 +0100] "GET /taxonomy/term/29/0/feed HTTP/1.1" 200 - "-" "Mozilla/5.0 (compatible; DotBot/1.2; +https://opensiteexplorer.org/dotbot; help@moz.com)"
216.244.66.200 - - [14/Nov/2024:08:37:26 +0100] "GET /files/23617_6.pdf HTTP/1.1" 200 103315 "-" "Mozilla/5.0 (compatible; DotBot/1.2; +https://opensiteexplorer.org/dotbot; help@moz.com)"
216.244.66.200 - - [14/Nov/2024:08:38:03 +0100] "GET /files/2394_20_1.doc HTTP/1.1" 200 79872 "-" "Mozilla/5.0 (compatible; DotBot/1.2; +https://opensiteexplorer.org/dotbot; help@moz.com)"
216.244.66.200 - - [14/Nov/2024:08:38:36 +0100] "GET /files/LISTA.pdf HTTP/1.1" 200 64616 "-" "Mozilla/5.0 (compatible; DotBot/1.2; +https://opensiteexplorer.org/dotbot; help@moz.com)"
216.244.66.200 - - [14/Nov/2024:08:39:25 +0100] "GET /files/T2839.doc HTTP/1.1" 200 318153 "-" "Mozilla/5.0 (compatible; DotBot/1.2; +https://opensiteexplorer.org/dotbot; help@moz.com)"
216.244.66.200 - - [14/Nov/2024:08:39:57 +0100] "GET /files/r34_2.pdf HTTP/1.1" 200 109321 "-" "Mozilla/5.0 (compatible; DotBot/1.2; +https://opensiteexplorer.org/dotbot; help@moz.com)"
66.249.79.129 - - [14/Nov/2024:08:40:21 +0100] "GET /files/erdekkepviselettv.pdf HTTP/1.1" 200 1025422 "-" "Mozilla/5.0 (Linux; Android 6.0.1; Nexus 5X Build/MMB29P) AppleWebKit/537.36 (KHTML, like Gecko) Chrome/130.0.6723.116 Mobile Safari/537.36 (compatible; GoogleOther)"
66.249.79.131 - - [14/Nov/2024:08:41:23 +0100] "GET /files/A_Digitalis_Atallas_Strategiaja.pdf HTTP/1.1" 200 1129550 "-" "Mozilla/5.0 AppleWebKit/537.36 (KHTML, like Gecko; compatible; GoogleOther) Chrome/130.0.6723.116 Safari/537.36"
66.249.79.131 - - [14/Nov/2024:08:50:22 +0100] "GET /files/_0edo6usjkedq62sjkg9jmio8_.pdf HTTP/1.1" 200 1758022 "-" "Mozilla/5.0 (Linux; Android 6.0.1; Nexus 5X Build/MMB29P) AppleWebKit/537.36 (KHTML, like Gecko) Chrome/130.0.6723.116 Mobile Safari/537.36 (compatible; GoogleOther)"
216.244.66.200 - - [14/Nov/2024:08:57:39 +0100] "GET /robots.txt HTTP/1.1" 200 1590 "-" "Mozilla/5.0 (compatible; DotBot/1.2; +https://opensiteexplorer.org/dotbot; help@moz.com)"
188.165.212.137 - - [14/Nov/2024:09:01:15 +0100] "GET /robots.txt HTTP/1.1" 200 1590 "-" "Mozilla/5.0 (compatible; MJ12bot/v1.4.8; http://mj12bot.com/)"
188.165.212.137 - - [14/Nov/2024:09:01:56 +0100] "GET /files/19-2003-Mell%C3%83%C2%A9kletek.xls.txt HTTP/1.1" 200 - "-" "Mozilla/5.0 (compatible; MJ12bot/v1.4.8; http://mj12bot.com/)"
188.165.212.137 - - [14/Nov/2024:09:02:40 +0100] "GET /files/A%20T%C3%83%E2%80%93RV%C3%83%E2%80%B0NYJAVASLAT%20MELL%C3%83%E2%80%B0KLETEI.htm.txt HTTP/1.1" 200 - "-" "Mozilla/5.0 (compatible; MJ12bot/v1.4.8; http://mj12bot.com/)"
188.165.212.137 - - [14/Nov/2024:09:03:22 +0100] "GET /files/AZ%20%C3%83?S%20MELL%C3%83%E2%80%B0KLETEI.htm.txt HTTP/1.1" 200 - "-" "Mozilla/5.0 (compatible; MJ12bot/v1.4.8; http://mj12bot.com/)"
66.249.79.133 - - [14/Nov/2024:09:03:42 +0100] "GET /files/szallashely_kormr_terv_090804.pdf HTTP/1.1" 200 161553 "-" "Mozilla/5.0 (Linux; Android 6.0.1; Nexus 5X Build/MMB29P) AppleWebKit/537.36 (KHTML, like Gecko) Chrome/130.0.6723.116 Mobile Safari/537.36 (compatible; GoogleOther)"
188.165.212.137 - - [14/Nov/2024:09:04:05 +0100] "GET /files/Alap-%C3%83%C2%A9s%20m%C3%85%C2%B1k%C3%83%C2%B6d%C3%83%C2%A9si%20nyilv%C3%83%C2%A1ntart%C3%83%C2%A1s-T%C3%83?RCA03.20..doc HTTP/1.1" 200 - "-" "Mozilla/5.0 (compatible; MJ12bot/v1.4.8; http://mj12bot.com/)"
188.165.212.137 - - [14/Nov/2024:09:04:48 +0100] "GET /files/FEJEZETI%20K%C3%83%E2%80%93TETEK.htm.txt HTTP/1.1" 200 - "-" "Mozilla/5.0 (compatible; MJ12bot/v1.4.8; http://mj12bot.com/)"
188.165.212.137 - - [14/Nov/2024:09:05:30 +0100] "GET /files/INDOKOL%C3%83?1.doc HTTP/1.1" 200 - "-" "Mozilla/5.0 (compatible; MJ12bot/v1.4.8; http://mj12bot.com/)"
188.165.212.137 - - [14/Nov/2024:09:06:12 +0100] "GET /files/INDOKOL%C3%83?S.doc HTTP/1.1" 200 - "-" "Mozilla/5.0 (compatible; MJ12bot/v1.4.8; http://mj12bot.com/)"
188.165.212.137 - - [14/Nov/2024:09:06:54 +0100] "GET /files/SzaboMate_hozz%C3%83%C2%A1f%C3%83%C2%A9r%C3%83%C2%A9s.pps HTTP/1.1" 200 - "-" "Mozilla/5.0 (compatible; MJ12bot/v1.4.8; http://mj12bot.com/)"
66.249.79.129 - - [14/Nov/2024:09:07:34 +0100] "GET /robots.txt HTTP/1.1" 200 1590 "-" "Mozilla/5.0 (compatible; Googlebot/2.1; +http://www.google.com/bot.html)"
66.249.79.129 - - [14/Nov/2024:09:07:34 +0100] "GET /files/Eloterjesztes_305.pdf HTTP/1.1" 200 214007 "-" "Mozilla/5.0 (Linux; Android 6.0.1; Nexus 5X Build/MMB29P) AppleWebKit/537.36 (KHTML, like Gecko) Chrome/130.0.6723.116 Mobile Safari/537.36 (compatible; GoogleOther)"
188.165.212.137 - - [14/Nov/2024:09:07:36 +0100] "GET /files/VEZET%C3%85?I%20%C3%83%E2%80%93SSZEFOGLAL%C3%83%E2%80%9C.doc HTTP/1.1" 200 - "-" "Mozilla/5.0 (compatible; MJ12bot/v1.4.8; http://mj12bot.com/)"
188.165.212.137 - - [14/Nov/2024:09:08:18 +0100] "GET /files/%C3%83?NTSZ%20%20061214%20Kormr.doc HTTP/1.1" 200 - "-" "Mozilla/5.0 (compatible; MJ12bot/v1.4.8; http://mj12bot.com/)"
188.165.212.137 - - [14/Nov/2024:09:08:29 +0100] "GET /robots.txt HTTP/1.1" 200 1590 "-" "Mozilla/5.0 (compatible; MJ12bot/v1.4.8; http://mj12bot.com/)"
188.165.212.137 - - [14/Nov/2024:09:09:13 +0100] "GET /files/19-2003-Mell%C3%83%C2%A9kletek.xls.txt HTTP/1.1" 200 - "-" "Mozilla/5.0 (compatible; MJ12bot/v1.4.8; http://mj12bot.com/)"
188.165.212.137 - - [14/Nov/2024:09:09:56 +0100] "GET /files/9-93.normasz%C3%83%C2%B6veg.m%C3%83%C2%B3d.2007.febr.T%C3%83?RCA.doc HTTP/1.1" 200 - "-" "Mozilla/5.0 (compatible; MJ12bot/v1.4.8; http://mj12bot.com/)"
188.165.212.137 - - [14/Nov/2024:09:10:42 +0100] "GET /files/A%20T%C3%83%E2%80%93RV%C3%83%E2%80%B0NYJAVASLAT%20MELL%C3%83%E2%80%B0KLETEI.htm.txt HTTP/1.1" 200 - "-" "Mozilla/5.0 (compatible; MJ12bot/v1.4.8; http://mj12bot.com/)"
188.165.212.137 - - [14/Nov/2024:09:11:25 +0100] "GET /files/AZ%20%C3%83?S%20MELL%C3%83%E2%80%B0KLETEI.htm.txt HTTP/1.1" 200 - "-" "Mozilla/5.0 (compatible; MJ12bot/v1.4.8; http://mj12bot.com/)"
188.165.212.137 - - [14/Nov/2024:09:12:12 +0100] "GET /files/Alap-%C3%83%C2%A9s%20m%C3%85%C2%B1k%C3%83%C2%B6d%C3%83%C2%A9si%20nyilv%C3%83%C2%A1ntart%C3%83%C2%A1s-T%C3%83?RCA03.20..doc HTTP/1.1" 200 - "-" "Mozilla/5.0 (compatible; MJ12bot/v1.4.8; http://mj12bot.com/)"
188.165.212.137 - - [14/Nov/2024:09:12:57 +0100] "GET /files/FEJEZETI%20K%C3%83%E2%80%93TETEK.htm.txt HTTP/1.1" 200 - "-" "Mozilla/5.0 (compatible; MJ12bot/v1.4.8; http://mj12bot.com/)"
188.165.212.137 - - [14/Nov/2024:09:13:42 +0100] "GET /files/INDOKOL%C3%83?1.doc HTTP/1.1" 200 - "-" "Mozilla/5.0 (compatible; MJ12bot/v1.4.8; http://mj12bot.com/)"
188.165.212.137 - - [14/Nov/2024:09:14:28 +0100] "GET /files/INDOKOL%C3%83?S.doc HTTP/1.1" 200 - "-" "Mozilla/5.0 (compatible; MJ12bot/v1.4.8; http://mj12bot.com/)"
66.249.79.129 - - [14/Nov/2024:09:14:43 +0100] "GET /robots.txt HTTP/1.1" 200 1590 "-" "Mozilla/5.0 (compatible; Googlebot/2.1; +http://www.google.com/bot.html)"
66.249.79.129 - - [14/Nov/2024:09:14:44 +0100] "GET /files/nekika_terv_080826.pdf HTTP/1.1" 200 248367 "-" "Mozilla/5.0 (Linux; Android 6.0.1; Nexus 5X Build/MMB29P) AppleWebKit/537.36 (KHTML, like Gecko) Chrome/130.0.6723.116 Mobile Safari/537.36 (compatible; GoogleOther)"
188.165.212.137 - - [14/Nov/2024:09:15:12 +0100] "GET /files/SzaboMate_hozz%C3%83%C2%A1f%C3%83%C2%A9r%C3%83%C2%A9s.pps HTTP/1.1" 200 - "-" "Mozilla/5.0 (compatible; MJ12bot/v1.4.8; http://mj12bot.com/)"
188.165.212.137 - - [14/Nov/2024:09:15:57 +0100] "GET /files/VEZET%C3%85?I%20%C3%83%E2%80%93SSZEFOGLAL%C3%83%E2%80%9C.doc HTTP/1.1" 200 - "-" "Mozilla/5.0 (compatible; MJ12bot/v1.4.8; http://mj12bot.com/)"
188.165.212.137 - - [14/Nov/2024:09:16:43 +0100] "GET /files/%C3%83?NTSZ%20%20061214%20Kormr.doc HTTP/1.1" 200 - "-" "Mozilla/5.0 (compatible; MJ12bot/v1.4.8; http://mj12bot.com/)"
66.249.79.131 - - [14/Nov/2024:09:21:56 +0100] "GET /files/elemiszerkonyv122007.pdf HTTP/1.1" 200 152700 "-" "Mozilla/5.0 (Linux; Android 6.0.1; Nexus 5X Build/MMB29P) AppleWebKit/537.36 (KHTML, like Gecko) Chrome/130.0.6723.116 Mobile Safari/537.36 (compatible; GoogleOther)"
51.222.253.16 - - [14/Nov/2024:09:22:46 +0100] "GET /robots.txt HTTP/1.1" 200 1590 "-" "Mozilla/5.0 (compatible; AhrefsBot/7.0; +http://ahrefs.com/robot/)"
216.244.66.200 - - [14/Nov/2024:09:23:46 +0100] "GET /files/TK432.pdf HTTP/1.1" 200 221096 "-" "Mozilla/5.0 (compatible; DotBot/1.2; +https://opensiteexplorer.org/dotbot; help@moz.com)"
216.244.66.200 - - [14/Nov/2024:09:24:26 +0100] "GET /files/jogh_90.doc HTTP/1.1" 200 80384 "-" "Mozilla/5.0 (compatible; DotBot/1.2; +https://opensiteexplorer.org/dotbot; help@moz.com)"
216.244.66.200 - - [14/Nov/2024:09:25:04 +0100] "GET /files/pontrendszer.doc HTTP/1.1" 200 146944 "-" "Mozilla/5.0 (compatible; DotBot/1.2; +https://opensiteexplorer.org/dotbot; help@moz.com)"
216.244.66.200 - - [14/Nov/2024:09:26:34 +0100] "GET /files/150es_kozigre_081209.pdf HTTP/1.1" 200 399244 "-" "Mozilla/5.0 (compatible; DotBot/1.2; +https://opensiteexplorer.org/dotbot; help@moz.com)"
216.244.66.200 - - [14/Nov/2024:09:27:06 +0100] "GET /files/KHEM1436_5normaszoveg.doc HTTP/1.1" 200 43520 "-" "Mozilla/5.0 (compatible; DotBot/1.2; +https://opensiteexplorer.org/dotbot; help@moz.com)"
216.244.66.200 - - [14/Nov/2024:09:27:45 +0100] "GET /files/R178_3rendelet.pdf HTTP/1.1" 200 149874 "-" "Mozilla/5.0 (compatible; DotBot/1.2; +https://opensiteexplorer.org/dotbot; help@moz.com)"
216.244.66.200 - - [14/Nov/2024:09:28:35 +0100] "GET /files/eloterjesztes_0826_kozze.doc HTTP/1.1" 200 391168 "-" "Mozilla/5.0 (compatible; DotBot/1.2; +https://opensiteexplorer.org/dotbot; help@moz.com)"
216.244.66.200 - - [14/Nov/2024:09:29:18 +0100] "GET /files/felsoo_diakig_terv_080807.pdf HTTP/1.1" 200 273426 "-" "Mozilla/5.0 (compatible; DotBot/1.2; +https://opensiteexplorer.org/dotbot; help@moz.com)"
216.244.66.200 - - [14/Nov/2024:09:30:08 +0100] "GET /files/nca_tiszteletdij_090422.pdf HTTP/1.1" 200 246298 "-" "Mozilla/5.0 (compatible; DotBot/1.2; +https://opensiteexplorer.org/dotbot; help@moz.com)"
37.76.5.147 - - [14/Nov/2024:09:30:58 +0100] "GET /files/ptk.csaladjog_0.pdf HTTP/1.1" 200 429444 "https://www.google.com/url?q=http://jogalkotas.hu/files/ptk.csaladjog_0.pdf&sa=U&sqi=2&ved=2ahUKEwjttLWltNuJAxU7wAIHHeOoID4QFnoECBkQAQ&usg=AOvVaw11DGRX0VtNJEliM8CylgXx" "Mozilla/5.0 (iPhone; CPU iPhone OS 17_6 like Mac OS X) AppleWebKit/605.1.15 (KHTML, like Gecko) GSA/340.3.689937600 Mobile/15E148 Safari/604.1"
216.244.66.200 - - [14/Nov/2024:09:30:59 +0100] "GET /files/szemelyugyi_igazgatas.pdf HTTP/1.1" 200 336980 "-" "Mozilla/5.0 (compatible; DotBot/1.2; +https://opensiteexplorer.org/dotbot; help@moz.com)"
37.76.5.147 - - [14/Nov/2024:09:31:44 +0100] "GET /files/ptk.csaladjog_0.pdf HTTP/1.1" 200 429444 "-" "Mozilla/5.0 (iPhone; CPU iPhone OS 17_6_1 like Mac OS X) AppleWebKit/605.1.15 (KHTML, like Gecko) GSA/340.3.689937600 Mobile/21G93 Safari/604.1"
66.249.79.133 - - [14/Nov/2024:09:33:53 +0100] "GET /files/piro_korm_r_mod-terv_090928.doc HTTP/1.1" 200 171008 "-" "Mozilla/5.0 (Linux; Android 6.0.1; Nexus 5X Build/MMB29P) AppleWebKit/537.36 (KHTML, like Gecko) Chrome/130.0.6723.116 Mobile Safari/537.36 (compatible; Googlebot/2.1; +http://www.google.com/bot.html)"
66.249.79.131 - - [14/Nov/2024:09:36:20 +0100] "GET /files/vizbazis0806_kozigre.pdf HTTP/1.1" 200 552509 "-" "Mozilla/5.0 (Linux; Android 6.0.1; Nexus 5X Build/MMB29P) AppleWebKit/537.36 (KHTML, like Gecko) Chrome/130.0.6723.116 Mobile Safari/537.36 (compatible; GoogleOther)"
66.249.79.130 - - [14/Nov/2024:09:43:34 +0100] "GET /files/ptk-normaszoveg-tervezet_20071029.pdf HTTP/1.1" 200 1425629 "-" "Mozilla/5.0 (Linux; Android 6.0.1; Nexus 5X Build/MMB29P) AppleWebKit/537.36 (KHTML, like Gecko) Chrome/130.0.6723.116 Mobile Safari/537.36 (compatible; GoogleOther)"
216.244.66.200 - - [14/Nov/2024:09:44:44 +0100] "GET /robots.txt HTTP/1.1" 200 1590 "-" "Mozilla/5.0 (compatible; DotBot/1.2; +https://opensiteexplorer.org/dotbot; help@moz.com)"
216.244.66.200 - - [14/Nov/2024:09:44:44 +0100] "GET /robots.txt HTTP/1.1" 200 1590 "-" "Mozilla/5.0 (compatible; DotBot/1.2; +https://opensiteexplorer.org/dotbot; help@moz.com)"
66.249.79.130 - - [14/Nov/2024:09:55:21 +0100] "GET /files/elelmezesi_rendelet_tervezet.pdf HTTP/1.1" 304 - "-" "Mozilla/5.0 (Linux; Android 6.0.1; Nexus 5X Build/MMB29P) AppleWebKit/537.36 (KHTML, like Gecko) Chrome/130.0.6723.116 Mobile Safari/537.36 (compatible; Googlebot/2.1; +http://www.google.com/bot.html)"
66.249.79.129 - - [14/Nov/2024:09:57:57 +0100] "GET /files/OHT_II_febr2.pdf HTTP/1.1" 200 994566 "-" "Mozilla/5.0 (Linux; Android 6.0.1; Nexus 5X Build/MMB29P) AppleWebKit/537.36 (KHTML, like Gecko) Chrome/130.0.6723.116 Mobile Safari/537.36 (compatible; GoogleOther)"
66.249.79.131 - - [14/Nov/2024:10:05:07 +0100] "GET /files/tervezesi_eloirasok_om_r_allig_egy_060310.pdf HTTP/1.1" 200 113494 "-" "Mozilla/5.0 (Linux; Android 6.0.1; Nexus 5X Build/MMB29P) AppleWebKit/537.36 (KHTML, like Gecko) Chrome/130.0.6723.116 Mobile Safari/537.36 (compatible; GoogleOther)"
216.244.66.200 - - [14/Nov/2024:10:10:42 +0100] "GET /files/szakmai_vizsga_tam_1_mell_070307.pdf HTTP/1.1" 200 163672 "-" "Mozilla/5.0 (compatible; DotBot/1.2; +https://opensiteexplorer.org/dotbot; help@moz.com)"
66.249.79.130 - - [14/Nov/2024:10:12:20 +0100] "GET /files/alapitvanyok_terv_090415.pdf HTTP/1.1" 200 205294 "-" "Mozilla/5.0 (Linux; Android 6.0.1; Nexus 5X Build/MMB29P) AppleWebKit/537.36 (KHTML, like Gecko) Chrome/130.0.6723.116 Mobile Safari/537.36 (compatible; GoogleOther)"
47.128.29.99 - - [14/Nov/2024:10:15:09 +0100] "GET /robots.txt HTTP/1.1" 200 1590 "-" "Mozilla/5.0 (Linux; Android 5.0) AppleWebKit/537.36 (KHTML, like Gecko) Mobile Safari/537.36 (compatible; Bytespider; spider-feedback@bytedance.com)"
216.244.66.200 - - [14/Nov/2024:10:17:49 +0100] "GET /files/13.%20sz%C3%83%C2%A1m%C3%83%C2%BA%20mell%C3%83%C2%A9klet.doc HTTP/1.1" 200 - "-" "Mozilla/5.0 (compatible; DotBot/1.2; +https://opensiteexplorer.org/dotbot; help@moz.com)"
216.244.66.200 - - [14/Nov/2024:10:18:42 +0100] "GET /files/A%20p%C3%83%C2%A9nz%C3%83%C2%BCgyminiszter.doc HTTP/1.1" 200 - "-" "Mozilla/5.0 (compatible; DotBot/1.2; +https://opensiteexplorer.org/dotbot; help@moz.com)"
216.244.66.200 - - [14/Nov/2024:10:19:05 +0100] "GET /files/Alagutas_Korm_rend__Megfelel__si_t__bl__zat.pdf HTTP/1.1" 200 99255 "-" "Mozilla/5.0 (compatible; DotBot/1.2; +https://opensiteexplorer.org/dotbot; help@moz.com)"
66.249.79.131 - - [14/Nov/2024:10:19:31 +0100] "GET /files/Tuzszolszab..pdf HTTP/1.1" 200 424954 "-" "Mozilla/5.0 (Linux; Android 6.0.1; Nexus 5X Build/MMB29P) AppleWebKit/537.36 (KHTML, like Gecko) Chrome/130.0.6723.116 Mobile Safari/537.36 (compatible; GoogleOther)"
47.128.29.66 - - [14/Nov/2024:10:19:37 +0100] "GET /node/2163 HTTP/1.1" 200 - "-" "Mozilla/5.0 (Linux; Android 5.0) AppleWebKit/537.36 (KHTML, like Gecko) Mobile Safari/537.36 (compatible; Bytespider; spider-feedback@bytedance.com)"
216.244.66.200 - - [14/Nov/2024:10:19:38 +0100] "GET /files/egyes_eu_min_rend_OEP_atalak_081220.doc HTTP/1.1" 200 54784 "-" "Mozilla/5.0 (compatible; DotBot/1.2; +https://opensiteexplorer.org/dotbot; help@moz.com)"
216.244.66.200 - - [14/Nov/2024:10:20:18 +0100] "GET /files/kozoktatas_20_1997_korm_rend_mod_06_02_13.pdf HTTP/1.1" 200 284315 "-" "Mozilla/5.0 (compatible; DotBot/1.2; +https://opensiteexplorer.org/dotbot; help@moz.com)"
66.249.79.133 - - [14/Nov/2024:10:26:43 +0100] "GET /files/kul_ved_terv_070412.pdf HTTP/1.1" 200 124017 "-" "Mozilla/5.0 (Linux; Android 6.0.1; Nexus 5X Build/MMB29P) AppleWebKit/537.36 (KHTML, like Gecko) Chrome/130.0.6723.116 Mobile Safari/537.36 (compatible; GoogleOther)"
134.209.185.239 - - [14/Nov/2024:10:30:06 +0100] "GET / HTTP/1.1" 200 - "-" "Mozilla/5.0 (Windows NT 10.0; Win64; x64) AppleWebKit/537.36 (KHTML, like Gecko) Chrome/124.0.0.0 Safari/537.36"
216.244.66.200 - - [14/Nov/2024:10:31:33 +0100] "GET /robots.txt HTTP/1.1" 200 1590 "-" "Mozilla/5.0 (compatible; DotBot/1.2; +https://opensiteexplorer.org/dotbot; help@moz.com)"
66.249.79.129 - - [14/Nov/2024:10:33:57 +0100] "GET /files/ekozig_strategia.pdf HTTP/1.1" 200 731185 "-" "Mozilla/5.0 (Linux; Android 6.0.1; Nexus 5X Build/MMB29P) AppleWebKit/537.36 (KHTML, like Gecko) Chrome/130.0.6723.116 Mobile Safari/537.36 (compatible; GoogleOther)"
94.44.234.229 - - [14/Nov/2024:10:36:42 +0100] "GET /files/KHEM_4090_3javitott.doc HTTP/1.1" 200 41179 "https://www.google.com/" "Mozilla/5.0 (Linux; Android 10; K) AppleWebKit/537.36 (KHTML, like Gecko) Chrome/131.0.0.0 Mobile Safari/537.36"
94.44.234.229 - - [14/Nov/2024:10:36:47 +0100] "GET /files/KHEM_4090_3javitott.doc HTTP/1.1" 206 1 "https://www.google.com/" "Mozilla/5.0 (Linux; Android 10; K) AppleWebKit/537.36 (KHTML, like Gecko) Chrome/131.0.0.0 Mobile Safari/537.36"
94.44.234.229 - - [14/Nov/2024:10:36:47 +0100] "GET /files/KHEM_4090_3javitott.doc HTTP/1.1" 206 35573 "https://www.google.com/" "Mozilla/5.0 (Linux; Android 10; K) AppleWebKit/537.36 (KHTML, like Gecko) Chrome/131.0.0.0 Mobile Safari/537.36"
66.249.79.132 - - [14/Nov/2024:10:41:08 +0100] "GET /files/kollegium_terv_090922.pdf HTTP/1.1" 200 191630 "-" "Mozilla/5.0 (Linux; Android 6.0.1; Nexus 5X Build/MMB29P) AppleWebKit/537.36 (KHTML, like Gecko) Chrome/130.0.6723.116 Mobile Safari/537.36 (compatible; GoogleOther)"
66.249.79.132 - - [14/Nov/2024:10:49:06 +0100] "GET /files/27_2001_hm_r_mod_20080410.pdf HTTP/1.1" 200 124624 "-" "Mozilla/5.0 (Linux; Android 6.0.1; Nexus 5X Build/MMB29P) AppleWebKit/537.36 (KHTML, like Gecko) Chrome/130.0.6723.116 Mobile Safari/537.36 (compatible; GoogleOther)"
216.244.66.200 - - [14/Nov/2024:10:58:47 +0100] "GET /files/nemzetkozi_karterites.pdf HTTP/1.1" 200 351460 "-" "Mozilla/5.0 (compatible; DotBot/1.2; +https://opensiteexplorer.org/dotbot; help@moz.com)"
216.244.66.200 - - [14/Nov/2024:10:59:06 +0100] "GET /files/tervezethonlapra.doc HTTP/1.1" 200 92672 "-" "Mozilla/5.0 (compatible; DotBot/1.2; +https://opensiteexplorer.org/dotbot; help@moz.com)"
66.249.79.129 - - [14/Nov/2024:11:00:02 +0100] "GET /files/alapf_muv_okt_kovet_060414.pdf HTTP/1.1" 200 86794 "-" "Mozilla/5.0 (Linux; Android 6.0.1; Nexus 5X Build/MMB29P) AppleWebKit/537.36 (KHTML, like Gecko) Chrome/130.0.6723.116 Mobile Safari/537.36 (compatible; Googlebot/2.1; +http://www.google.com/bot.html)"
66.249.79.130 - - [14/Nov/2024:11:00:07 +0100] "GET /favicon.ico HTTP/1.1" 404 57 "-" "Googlebot-Image/1.0"
66.249.79.129 - - [14/Nov/2024:11:02:43 +0100] "GET /files/regeszet_070111.pdf HTTP/1.1" 200 173642 "-" "Mozilla/5.0 (Linux; Android 6.0.1; Nexus 5X Build/MMB29P) AppleWebKit/537.36 (KHTML, like Gecko) Chrome/130.0.6723.116 Mobile Safari/537.36 (compatible; GoogleOther)"
66.249.79.131 - - [14/Nov/2024:11:09:56 +0100] "GET /files/ooszi.pdf HTTP/1.1" 200 429252 "-" "Mozilla/5.0 (Linux; Android 6.0.1; Nexus 5X Build/MMB29P) AppleWebKit/537.36 (KHTML, like Gecko) Chrome/130.0.6723.116 Mobile Safari/537.36 (compatible; GoogleOther)"
91.33.175.46 - - [14/Nov/2024:11:11:25 +0100] "GET /files/cegbejegyzesi_eljaras_21_per_2006__02_12_fin.doc HTTP/1.1" 200 54272 "-" "Mozilla/5.0 (Windows NT 10.0; Win64; x64) AppleWebKit/537.36 (KHTML, like Gecko) Chrome/60.0.3112.113 Safari/537.36"
216.244.66.200 - - [14/Nov/2024:11:17:43 +0100] "GET /robots.txt HTTP/1.1" 200 1590 "-" "Mozilla/5.0 (compatible; DotBot/1.2; +https://opensiteexplorer.org/dotbot; help@moz.com)"
66.249.79.131 - - [14/Nov/2024:11:21:56 +0100] "GET /files/ptk_oroklesi_jog.pdf HTTP/1.1" 200 260717 "-" "Mozilla/5.0 (Linux; Android 6.0.1; Nexus 5X Build/MMB29P) AppleWebKit/537.36 (KHTML, like Gecko) Chrome/130.0.6723.116 Mobile Safari/537.36 (compatible; GoogleOther)"
66.249.79.133 - - [14/Nov/2024:11:24:55 +0100] "GET /files/nem-konvencionalis_korm_rend_090202.doc HTTP/1.1" 200 873472 "-" "Mozilla/5.0 (Linux; Android 6.0.1; Nexus 5X Build/MMB29P) AppleWebKit/537.36 (KHTML, like Gecko) Chrome/130.0.6723.116 Mobile Safari/537.36 (compatible; Googlebot/2.1; +http://www.google.com/bot.html)"
216.244.66.200 - - [14/Nov/2024:11:39:33 +0100] "GET /files/NKP-III_tervezet_0324.pdf HTTP/1.1" 200 122086 "-" "Mozilla/5.0 (compatible; DotBot/1.2; +https://opensiteexplorer.org/dotbot; help@moz.com)"
216.244.66.200 - - [14/Nov/2024:11:39:45 +0100] "GET /files/hirk_epitm_eng_ell.doc HTTP/1.1" 200 145408 "-" "Mozilla/5.0 (compatible; DotBot/1.2; +https://opensiteexplorer.org/dotbot; help@moz.com)"
216.244.66.200 - - [14/Nov/2024:11:40:06 +0100] "GET /files/0815_ketoldalu_hatarvizi_t_rc_ra.doc HTTP/1.1" 200 88064 "-" "Mozilla/5.0 (compatible; DotBot/1.2; +https://opensiteexplorer.org/dotbot; help@moz.com)"
194.38.111.28 - - [14/Nov/2024:11:40:34 +0100] "GET /files/ptk_kotelmi_jog.pdf HTTP/1.1" 206 16384 "https://www.google.com/" "Mozilla/5.0 (Macintosh; Intel Mac OS X 10_15_7) AppleWebKit/605.1.15 (KHTML, like Gecko) Version/16.3 Safari/605.1.15"
194.38.111.28 - - [14/Nov/2024:11:40:34 +0100] "GET /files/ptk_kotelmi_jog.pdf HTTP/1.1" 200 706298 "https://www.google.com/" "Mozilla/5.0 (Macintosh; Intel Mac OS X 10_15_7) AppleWebKit/605.1.15 (KHTML, like Gecko) Version/16.3 Safari/605.1.15"
194.38.111.28 - - [14/Nov/2024:11:40:34 +0100] "GET /favicon.ico HTTP/1.1" 404 57 "http://jogalkotas.hu/files/ptk_kotelmi_jog.pdf" "Mozilla/5.0 (Macintosh; Intel Mac OS X 10_15_7) AppleWebKit/605.1.15 (KHTML, like Gecko) Version/16.3 Safari/605.1.15"
216.244.66.200 - - [14/Nov/2024:11:40:48 +0100] "GET /files/9per93_Normasz%C3%83%C2%B6veg.doc HTTP/1.1" 200 - "-" "Mozilla/5.0 (compatible; DotBot/1.2; +https://opensiteexplorer.org/dotbot; help@moz.com)"
216.244.66.200 - - [14/Nov/2024:11:40:59 +0100] "GET /files/a_jogalkotasrol_szolo_2010_evi_torveny.pdf HTTP/1.1" 200 397683 "-" "Mozilla/5.0 (compatible; DotBot/1.2; +https://opensiteexplorer.org/dotbot; help@moz.com)"
216.244.66.200 - - [14/Nov/2024:11:41:39 +0100] "GET /files/egyes_szocrend_terv_090730.pdf HTTP/1.1" 200 549836 "-" "Mozilla/5.0 (compatible; DotBot/1.2; +https://opensiteexplorer.org/dotbot; help@moz.com)"
216.244.66.200 - - [14/Nov/2024:11:42:13 +0100] "GET /files/newcastle_rendelet_velemenyezesre.pdf HTTP/1.1" 200 188637 "-" "Mozilla/5.0 (compatible; DotBot/1.2; +https://opensiteexplorer.org/dotbot; help@moz.com)"
216.244.66.200 - - [14/Nov/2024:12:03:50 +0100] "GET /robots.txt HTTP/1.1" 200 1590 "-" "Mozilla/5.0 (compatible; DotBot/1.2; +https://opensiteexplorer.org/dotbot; help@moz.com)"
188.6.252.58 - - [14/Nov/2024:12:04:34 +0100] "GET /files/2_sz_melleklet_061031.pdf HTTP/1.1" 200 56446 "https://www.google.com/" "Mozilla/5.0 (Windows NT 10.0; Win64; x64; rv:132.0) Gecko/20100101 Firefox/132.0"
66.249.79.131 - - [14/Nov/2024:12:05:04 +0100] "GET /files/Tuzszolszab..pdf HTTP/1.1" 304 - "-" "Mozilla/5.0 (Linux; Android 6.0.1; Nexus 5X Build/MMB29P) AppleWebKit/537.36 (KHTML, like Gecko) Chrome/130.0.6723.116 Mobile Safari/537.36 (compatible; Googlebot/2.1; +http://www.google.com/bot.html)"
216.244.66.200 - - [14/Nov/2024:12:10:24 +0100] "GET /files/gtv_internetes_kozzetetelre_2009-07-15.pdf HTTP/1.1" 200 159172 "-" "Mozilla/5.0 (compatible; DotBot/1.2; +https://opensiteexplorer.org/dotbot; help@moz.com)"
216.244.66.200 - - [14/Nov/2024:12:11:04 +0100] "GET /files/kozigre_tervezet_4_2006_mod.pdf HTTP/1.1" 200 106568 "-" "Mozilla/5.0 (compatible; DotBot/1.2; +https://opensiteexplorer.org/dotbot; help@moz.com)"
216.244.66.200 - - [14/Nov/2024:12:11:41 +0100] "GET /files/parlamenti%20bizottsagok8.pdf HTTP/1.1" 200 57222 "-" "Mozilla/5.0 (compatible; DotBot/1.2; +https://opensiteexplorer.org/dotbot; help@moz.com)"
66.249.79.129 - - [14/Nov/2024:12:30:03 +0100] "GET /files/ptk_oroklesi_jog.pdf HTTP/1.1" 200 260717 "-" "Mozilla/5.0 (Linux; Android 6.0.1; Nexus 5X Build/MMB29P) AppleWebKit/537.36 (KHTML, like Gecko) Chrome/130.0.6723.116 Mobile Safari/537.36 (compatible; Googlebot/2.1; +http://www.google.com/bot.html)"
40.77.167.243 - - [14/Nov/2024:12:43:45 +0100] "GET /node/2377 HTTP/1.1" 200 - "-" "Mozilla/5.0 AppleWebKit/537.36 (KHTML, like Gecko; compatible; bingbot/2.0; +http://www.bing.com/bingbot.htm) Chrome/116.0.1938.76 Safari/537.36"
40.77.167.243 - - [14/Nov/2024:12:44:17 +0100] "GET /node/2377 HTTP/1.1" 200 - "-" "Mozilla/5.0 AppleWebKit/537.36 (KHTML, like Gecko; compatible; bingbot/2.0; +http://www.bing.com/bingbot.htm) Chrome/116.0.1938.76 Safari/537.36"
216.244.66.200 - - [14/Nov/2024:12:52:20 +0100] "GET /robots.txt HTTP/1.1" 200 1590 "-" "Mozilla/5.0 (compatible; DotBot/1.2; +https://opensiteexplorer.org/dotbot; help@moz.com)"
216.244.66.200 - - [14/Nov/2024:12:52:20 +0100] "GET /robots.txt HTTP/1.1" 200 1590 "-" "Mozilla/5.0 (compatible; DotBot/1.2; +https://opensiteexplorer.org/dotbot; help@moz.com)"
216.244.66.200 - - [14/Nov/2024:12:59:17 +0100] "GET /files/41-2000-korrel-32005L0090.doc HTTP/1.1" 200 36864 "-" "Mozilla/5.0 (compatible; DotBot/1.2; +https://opensiteexplorer.org/dotbot; help@moz.com)"
216.244.66.200 - - [14/Nov/2024:12:59:51 +0100] "GET /files/89_2004_fvm_mod_egyeztetesre.pdf HTTP/1.1" 200 252995 "-" "Mozilla/5.0 (compatible; DotBot/1.2; +https://opensiteexplorer.org/dotbot; help@moz.com)"
216.244.66.200 - - [14/Nov/2024:13:00:35 +0100] "GET /files/fejezeti_eloiranyzatok_2006.pdf HTTP/1.1" 200 178668 "-" "Mozilla/5.0 (compatible; DotBot/1.2; +https://opensiteexplorer.org/dotbot; help@moz.com)"
216.244.66.200 - - [14/Nov/2024:13:01:10 +0100] "GET /files/gepjarmu_zalogjog-honlapra-080929-2.doc HTTP/1.1" 200 61952 "-" "Mozilla/5.0 (compatible; DotBot/1.2; +https://opensiteexplorer.org/dotbot; help@moz.com)"
216.244.66.200 - - [14/Nov/2024:13:01:46 +0100] "GET /files/rat2005vegimodrend_2_fuggelek_1222.doc HTTP/1.1" 200 65024 "-" "Mozilla/5.0 (compatible; DotBot/1.2; +https://opensiteexplorer.org/dotbot; help@moz.com)"
216.244.66.200 - - [14/Nov/2024:13:02:48 +0100] "GET /files/szakmai_%20inf_okm_rend_terv_090617.pdf HTTP/1.1" 200 - "-" "Mozilla/5.0 (compatible; DotBot/1.2; +https://opensiteexplorer.org/dotbot; help@moz.com)"
216.244.66.200 - - [14/Nov/2024:13:03:28 +0100] "GET /files/Cstv_1433-1346-EK-40C-17-2006-IRMVhrmod0717.doc HTTP/1.1" 200 426753 "-" "Mozilla/5.0 (compatible; DotBot/1.2; +https://opensiteexplorer.org/dotbot; help@moz.com)"
216.244.66.200 - - [14/Nov/2024:13:04:20 +0100] "GET /files/eloterjesztes_szakmapol_utan_atdolgozott_090410.doc HTTP/1.1" 200 491520 "-" "Mozilla/5.0 (compatible; DotBot/1.2; +https://opensiteexplorer.org/dotbot; help@moz.com)"
216.244.66.200 - - [14/Nov/2024:13:05:20 +0100] "GET /files/megfelel%C3%83%C2%A9sit%C3%83%C2%A1bla2005_35.doc HTTP/1.1" 200 - "-" "Mozilla/5.0 (compatible; DotBot/1.2; +https://opensiteexplorer.org/dotbot; help@moz.com)"
216.244.66.200 - - [14/Nov/2024:13:05:43 +0100] "GET /files/tervezet_haros.pdf HTTP/1.1" 200 194708 "-" "Mozilla/5.0 (compatible; DotBot/1.2; +https://opensiteexplorer.org/dotbot; help@moz.com)"
216.244.66.200 - - [14/Nov/2024:13:06:14 +0100] "GET /files/megfelelesi_tablazat_715_2007_ek.doc HTTP/1.1" 200 58880 "-" "Mozilla/5.0 (compatible; DotBot/1.2; +https://opensiteexplorer.org/dotbot; help@moz.com)"
52.167.144.55 - - [14/Nov/2024:13:11:26 +0100] "GET /robots.txt HTTP/1.1" 200 1590 "-" "Mozilla/5.0 AppleWebKit/537.36 (KHTML, like Gecko; compatible; bingbot/2.0; +http://www.bing.com/bingbot.htm) Chrome/116.0.1938.76 Safari/537.36"
40.77.167.4 - - [14/Nov/2024:13:11:37 +0100] "GET /files/_5d5jm2ujjk1jo2prpd4g76uj1de174t06hc_.pdf HTTP/1.1" 200 147202 "-" "Mozilla/5.0 AppleWebKit/537.36 (KHTML, like Gecko; compatible; bingbot/2.0; +http://www.bing.com/bingbot.htm) Chrome/116.0.1938.76 Safari/537.36"
66.249.79.131 - - [14/Nov/2024:13:26:07 +0100] "GET /files/ptk_kotelmi_jog.pdf HTTP/1.1" 304 - "-" "Mozilla/5.0 (Linux; Android 6.0.1; Nexus 5X Build/MMB29P) AppleWebKit/537.36 (KHTML, like Gecko) Chrome/130.0.6723.116 Mobile Safari/537.36 (compatible; Googlebot/2.1; +http://www.google.com/bot.html)"
86.59.155.143 - - [14/Nov/2024:13:28:24 +0100] "GET / HTTP/1.1" 200 - "-" "Firefox"
216.244.66.200 - - [14/Nov/2024:13:39:20 +0100] "GET /robots.txt HTTP/1.1" 200 1590 "-" "Mozilla/5.0 (compatible; DotBot/1.2; +https://opensiteexplorer.org/dotbot; help@moz.com)"
216.244.66.200 - - [14/Nov/2024:13:39:20 +0100] "GET /robots.txt HTTP/1.1" 200 1590 "-" "Mozilla/5.0 (compatible; DotBot/1.2; +https://opensiteexplorer.org/dotbot; help@moz.com)"
52.167.144.174 - - [14/Nov/2024:13:39:42 +0100] "GET /files/NER_elterj_tarca.doc HTTP/1.1" 200 604672 "-" "Mozilla/5.0 AppleWebKit/537.36 (KHTML, like Gecko; compatible; bingbot/2.0; +http://www.bing.com/bingbot.htm) Chrome/116.0.1938.76 Safari/537.36"
66.249.79.131 - - [14/Nov/2024:13:41:08 +0100] "GET /files/elemiszerkonyv122007.pdf HTTP/1.1" 304 - "-" "Mozilla/5.0 (Linux; Android 6.0.1; Nexus 5X Build/MMB29P) AppleWebKit/537.36 (KHTML, like Gecko) Chrome/130.0.6723.116 Mobile Safari/537.36 (compatible; Googlebot/2.1; +http://www.google.com/bot.html)"
216.244.66.200 - - [14/Nov/2024:13:46:41 +0100] "GET /files/magancsod_tars_velem_09.03.06.doc HTTP/1.1" 200 387657 "-" "Mozilla/5.0 (compatible; DotBot/1.2; +https://opensiteexplorer.org/dotbot; help@moz.com)"
185.172.45.136 - - [14/Nov/2024:13:47:20 +0100] "GET /favicon.ico HTTP/1.1" 404 57 "http://jogalkotas.hu/files/esely_felzark_070302.pdf" "Mozilla/5.0 (Windows NT 10.0; Win64; x64) AppleWebKit/537.36 (KHTML, like Gecko) Chrome/130.0.0.0 Safari/537.36"
185.172.45.136 - - [14/Nov/2024:13:47:20 +0100] "GET /files/esely_felzark_070302.pdf HTTP/1.1" 200 364039 "https://www.google.com/" "Mozilla/5.0 (Windows NT 10.0; Win64; x64) AppleWebKit/537.36 (KHTML, like Gecko) Chrome/130.0.0.0 Safari/537.36"
216.244.66.200 - - [14/Nov/2024:13:47:22 +0100] "GET /files/magyar_bosny%C3%83%C2%A1k_SzB.doc HTTP/1.1" 200 - "-" "Mozilla/5.0 (compatible; DotBot/1.2; +https://opensiteexplorer.org/dotbot; help@moz.com)"
216.244.66.200 - - [14/Nov/2024:13:47:32 +0100] "GET /files/megfelelesi_tablazat_08_11_21.doc HTTP/1.1" 200 52736 "-" "Mozilla/5.0 (compatible; DotBot/1.2; +https://opensiteexplorer.org/dotbot; help@moz.com)"
216.244.66.200 - - [14/Nov/2024:13:48:15 +0100] "GET /files/vegbizonyitvanyok_terv_080219.pdf HTTP/1.1" 200 251548 "-" "Mozilla/5.0 (compatible; DotBot/1.2; +https://opensiteexplorer.org/dotbot; help@moz.com)"
216.244.66.200 - - [14/Nov/2024:13:49:17 +0100] "GET /files/48_2001___xii__27___e%C3%83%C2%BCm_rendelet_m%C3%83%C2%B3dos%C3%83%C2%ADt%C3%83%C2%A1sa_6.doc HTTP/1.1" 200 - "-" "Mozilla/5.0 (compatible; DotBot/1.2; +https://opensiteexplorer.org/dotbot; help@moz.com)"
216.244.66.200 - - [14/Nov/2024:13:49:45 +0100] "GET /files/NFGM205.pdf HTTP/1.1" 200 159391 "-" "Mozilla/5.0 (compatible; DotBot/1.2; +https://opensiteexplorer.org/dotbot; help@moz.com)"
216.244.66.200 - - [14/Nov/2024:13:50:29 +0100] "GET /files/R83_2.pdf HTTP/1.1" 200 194853 "-" "Mozilla/5.0 (compatible; DotBot/1.2; +https://opensiteexplorer.org/dotbot; help@moz.com)"
216.244.66.200 - - [14/Nov/2024:13:51:07 +0100] "GET /files/TK96-2.doc HTTP/1.1" 200 140800 "-" "Mozilla/5.0 (compatible; DotBot/1.2; +https://opensiteexplorer.org/dotbot; help@moz.com)"
47.76.209.138 - - [14/Nov/2024:13:56:14 +0100] "GET /files/CSG-GA-jogalkotas_einfoszab_1120.ppt HTTP/1.1" 200 500224 "-" "Mozilla/5.0 (Windows NT 6.1; WOW64) AppleWebKit/537.36 (KHTML, like Gecko) Chrome/55.0.362.57 Safari/537.36"
66.249.79.130 - - [14/Nov/2024:13:57:01 +0100] "GET /files/KUM_kituntetesek.pdf HTTP/1.1" 304 - "-" "Mozilla/5.0 (Linux; Android 6.0.1; Nexus 5X Build/MMB29P) AppleWebKit/537.36 (KHTML, like Gecko) Chrome/130.0.6723.116 Mobile Safari/537.36 (compatible; Googlebot/2.1; +http://www.google.com/bot.html)"
147.161.138.162 - - [14/Nov/2024:13:59:32 +0100] "GET /files/szvk_terv_090804.pdf HTTP/1.1" 200 1803870 "-" "Mozilla/5.0 (Windows NT 10.0; Win64; x64) AppleWebKit/537.36 (KHTML, like Gecko) Chrome/130.0.0.0 Safari/537.36"
216.244.66.200 - - [14/Nov/2024:14:26:29 +0100] "GET /robots.txt HTTP/1.1" 200 1590 "-" "Mozilla/5.0 (compatible; DotBot/1.2; +https://opensiteexplorer.org/dotbot; help@moz.com)"
216.244.66.200 - - [14/Nov/2024:14:26:29 +0100] "GET /robots.txt HTTP/1.1" 200 1590 "-" "Mozilla/5.0 (compatible; DotBot/1.2; +https://opensiteexplorer.org/dotbot; help@moz.com)"
66.249.66.87 - - [14/Nov/2024:14:26:36 +0100] "GET /files/ooszi.pdf HTTP/1.1" 304 - "-" "Mozilla/5.0 (Linux; Android 6.0.1; Nexus 5X Build/MMB29P) AppleWebKit/537.36 (KHTML, like Gecko) Chrome/130.0.6723.116 Mobile Safari/537.36 (compatible; Googlebot/2.1; +http://www.google.com/bot.html)"
216.244.66.200 - - [14/Nov/2024:14:34:34 +0100] "GET /files/TK103_2.pdf HTTP/1.1" 200 110654 "-" "Mozilla/5.0 (compatible; DotBot/1.2; +https://opensiteexplorer.org/dotbot; help@moz.com)"
52.237.238.89 - - [14/Nov/2024:14:48:38 +0100] "HEAD /wordpress HTTP/1.1" 200 - "-" "Mozilla/5.0 (Windows NT 10.0; Win64; x64) AppleWebKit/537.36 (KHTML, like Gecko) Chrome/74.0.3729.169 Safari/537.36"
216.244.66.200 - - [14/Nov/2024:15:14:10 +0100] "GET /robots.txt HTTP/1.1" 200 1590 "-" "Mozilla/5.0 (compatible; DotBot/1.2; +https://opensiteexplorer.org/dotbot; help@moz.com)"
216.244.66.200 - - [14/Nov/2024:15:14:10 +0100] "GET /robots.txt HTTP/1.1" 200 1590 "-" "Mozilla/5.0 (compatible; DotBot/1.2; +https://opensiteexplorer.org/dotbot; help@moz.com)"
216.244.66.200 - - [14/Nov/2024:15:22:25 +0100] "GET /files/2867_3.pdf HTTP/1.1" 200 148133 "-" "Mozilla/5.0 (compatible; DotBot/1.2; +https://opensiteexplorer.org/dotbot; help@moz.com)"
216.244.66.200 - - [14/Nov/2024:15:23:03 +0100] "GET /files/FVM.doc HTTP/1.1" 200 72704 "-" "Mozilla/5.0 (compatible; DotBot/1.2; +https://opensiteexplorer.org/dotbot; help@moz.com)"
216.244.66.200 - - [14/Nov/2024:15:23:37 +0100] "GET /files/R177-2.doc HTTP/1.1" 200 79872 "-" "Mozilla/5.0 (compatible; DotBot/1.2; +https://opensiteexplorer.org/dotbot; help@moz.com)"
216.244.66.200 - - [14/Nov/2024:15:24:28 +0100] "GET /files/ehataloynkiv.doc HTTP/1.1" 200 429647 "-" "Mozilla/5.0 (compatible; DotBot/1.2; +https://opensiteexplorer.org/dotbot; help@moz.com)"
216.244.66.200 - - [14/Nov/2024:15:25:12 +0100] "GET /files/gazuzemu.zip HTTP/1.1" 200 217331 "-" "Mozilla/5.0 (compatible; DotBot/1.2; +https://opensiteexplorer.org/dotbot; help@moz.com)"
216.244.66.200 - - [14/Nov/2024:15:25:46 +0100] "GET /files/magyarukranb.doc HTTP/1.1" 200 44544 "-" "Mozilla/5.0 (compatible; DotBot/1.2; +https://opensiteexplorer.org/dotbot; help@moz.com)"
216.244.66.200 - - [14/Nov/2024:15:26:20 +0100] "GET /files/0215_technol_gi_k.pdf HTTP/1.1" 200 23230 "-" "Mozilla/5.0 (compatible; DotBot/1.2; +https://opensiteexplorer.org/dotbot; help@moz.com)"
216.244.66.200 - - [14/Nov/2024:15:26:57 +0100] "GET /files/birosagi_vh-rendeletek.doc HTTP/1.1" 200 111616 "-" "Mozilla/5.0 (compatible; DotBot/1.2; +https://opensiteexplorer.org/dotbot; help@moz.com)"
216.244.66.200 - - [14/Nov/2024:15:27:47 +0100] "GET /files/gyogyped_potlek_terv_090225.pdf HTTP/1.1" 200 312755 "-" "Mozilla/5.0 (compatible; DotBot/1.2; +https://opensiteexplorer.org/dotbot; help@moz.com)"
216.244.66.200 - - [14/Nov/2024:15:28:18 +0100] "GET /files/itkr_1_sz_melleklet_061031.pdf HTTP/1.1" 200 104129 "-" "Mozilla/5.0 (compatible; DotBot/1.2; +https://opensiteexplorer.org/dotbot; help@moz.com)"
216.244.66.200 - - [14/Nov/2024:15:28:50 +0100] "GET /files/nem_dohanyzok_vedelme-1.doc HTTP/1.1" 200 90112 "-" "Mozilla/5.0 (compatible; DotBot/1.2; +https://opensiteexplorer.org/dotbot; help@moz.com)"
216.244.66.200 - - [14/Nov/2024:15:29:21 +0100] "GET /files/oeezemszmatir_terv_090715.pdf HTTP/1.1" 200 114659 "-" "Mozilla/5.0 (compatible; DotBot/1.2; +https://opensiteexplorer.org/dotbot; help@moz.com)"
66.249.66.87 - - [14/Nov/2024:15:29:25 +0100] "GET /files/ovadek_rendelet.pdf HTTP/1.1" 200 57228 "-" "Mozilla/5.0 (Linux; Android 6.0.1; Nexus 5X Build/MMB29P) AppleWebKit/537.36 (KHTML, like Gecko) Chrome/130.0.6723.116 Mobile Safari/537.36 (compatible; Googlebot/2.1; +http://www.google.com/bot.html)"
216.244.66.200 - - [14/Nov/2024:15:29:53 +0100] "GET /files/roman_torvenyjavaslat.05.06.doc HTTP/1.1" 200 247296 "-" "Mozilla/5.0 (compatible; DotBot/1.2; +https://opensiteexplorer.org/dotbot; help@moz.com)"
216.244.66.200 - - [14/Nov/2024:15:30:23 +0100] "GET /files/tkrendmodjav_alligra_060216.pdf HTTP/1.1" 200 247026 "-" "Mozilla/5.0 (compatible; DotBot/1.2; +https://opensiteexplorer.org/dotbot; help@moz.com)"
