216.244.66.200 - - [11/Nov/2024:21:55:40 +0100] "GET /files/torvenyjavaslat__roman_hatarokmanyok.doc HTTP/1.1" 200 143872 "-" "Mozilla/5.0 (compatible; DotBot/1.2; +https://opensiteexplorer.org/dotbot; help@moz.com)"
216.244.66.200 - - [11/Nov/2024:21:56:10 +0100] "GET /files/vitamino_min_red_terv__90819.doc HTTP/1.1" 200 70144 "-" "Mozilla/5.0 (compatible; DotBot/1.2; +https://opensiteexplorer.org/dotbot; help@moz.com)"
216.244.66.200 - - [11/Nov/2024:21:56:45 +0100] "GET /files/_ddlgmeub1e8mn6ujcdtra0qqvdlimf83cdhgn0rr4k1pg_.pdf HTTP/1.1" 200 230772 "-" "Mozilla/5.0 (compatible; DotBot/1.2; +https://opensiteexplorer.org/dotbot; help@moz.com)"
216.244.66.200 - - [11/Nov/2024:21:57:19 +0100] "GET /files/allatvedelmi_birsag_kormrend_velemenyezesre.pdf HTTP/1.1" 200 174661 "-" "Mozilla/5.0 (compatible; DotBot/1.2; +https://opensiteexplorer.org/dotbot; help@moz.com)"
66.249.66.87 - - [11/Nov/2024:22:05:49 +0100] "GET /files/htsz_nyil_tabla_terv_071218.pdf HTTP/1.1" 304 - "-" "Mozilla/5.0 (Linux; Android 6.0.1; Nexus 5X Build/MMB29P) AppleWebKit/537.36 (KHTML, like Gecko) Chrome/130.0.6723.116 Mobile Safari/537.36 (compatible; Googlebot/2.1; +http://www.google.com/bot.html)"
216.244.66.200 - - [11/Nov/2024:22:06:49 +0100] "GET /robots.txt HTTP/1.1" 200 1590 "-" "Mozilla/5.0 (compatible; DotBot/1.2; +https://opensiteexplorer.org/dotbot; help@moz.com)"
216.244.66.200 - - [11/Nov/2024:22:06:51 +0100] "GET /robots.txt HTTP/1.1" 200 1590 "-" "Mozilla/5.0 (compatible; DotBot/1.2; +https://opensiteexplorer.org/dotbot; help@moz.com)"
216.244.66.200 - - [11/Nov/2024:22:15:58 +0100] "GET /files/2583_6.pdf HTTP/1.1" 200 415172 "-" "Mozilla/5.0 (compatible; DotBot/1.2; +https://opensiteexplorer.org/dotbot; help@moz.com)"
216.244.66.200 - - [11/Nov/2024:22:16:22 +0100] "GET /files/NFGM9341.pdf HTTP/1.1" 200 218734 "-" "Mozilla/5.0 (compatible; DotBot/1.2; +https://opensiteexplorer.org/dotbot; help@moz.com)"
216.244.66.200 - - [11/Nov/2024:22:17:17 +0100] "GET /files/0213_ET_2007.02.09..doc HTTP/1.1" 200 104448 "-" "Mozilla/5.0 (compatible; DotBot/1.2; +https://opensiteexplorer.org/dotbot; help@moz.com)"
216.244.66.200 - - [11/Nov/2024:22:17:57 +0100] "GET /files/256_2000_febr.doc HTTP/1.1" 200 216576 "-" "Mozilla/5.0 (compatible; DotBot/1.2; +https://opensiteexplorer.org/dotbot; help@moz.com)"
216.244.66.200 - - [11/Nov/2024:22:18:45 +0100] "GET /files/40_2002_terv_090220.pdf HTTP/1.1" 200 390482 "-" "Mozilla/5.0 (compatible; DotBot/1.2; +https://opensiteexplorer.org/dotbot; help@moz.com)"
216.244.66.200 - - [11/Nov/2024:22:19:38 +0100] "GET /files/KHEM_4300-1.doc HTTP/1.1" 200 448471 "-" "Mozilla/5.0 (compatible; DotBot/1.2; +https://opensiteexplorer.org/dotbot; help@moz.com)"
216.244.66.200 - - [11/Nov/2024:22:20:08 +0100] "GET /files/MinTerv-2-ER-2007-02-14.doc HTTP/1.1" 200 35840 "-" "Mozilla/5.0 (compatible; DotBot/1.2; +https://opensiteexplorer.org/dotbot; help@moz.com)"
216.244.66.200 - - [11/Nov/2024:22:20:39 +0100] "GET /files/alleutam-1107.pdf HTTP/1.1" 200 97122 "-" "Mozilla/5.0 (compatible; DotBot/1.2; +https://opensiteexplorer.org/dotbot; help@moz.com)"
51.210.214.160 - - [11/Nov/2024:22:20:50 +0100] "GET /taxonomy/term/99/0/feed HTTP/1.1" 200 - "-" "Mozilla/5.0 (X11; Linux i686) AppleWebKit/537.36 (KHTML, like Gecko) Chrome/30.0.1599.66 Safari/537.36"
216.244.66.200 - - [11/Nov/2024:22:21:13 +0100] "GET /files/ekt_10_melleklet.pdf HTTP/1.1" 200 206072 "-" "Mozilla/5.0 (compatible; DotBot/1.2; +https://opensiteexplorer.org/dotbot; help@moz.com)"
216.244.66.200 - - [11/Nov/2024:22:21:42 +0100] "GET /files/mpa_terv_070306.pdf HTTP/1.1" 200 318033 "-" "Mozilla/5.0 (compatible; DotBot/1.2; +https://opensiteexplorer.org/dotbot; help@moz.com)"
216.244.66.200 - - [11/Nov/2024:22:22:12 +0100] "GET /files/penzbeli_terv_071203-1.pdf HTTP/1.1" 200 732101 "-" "Mozilla/5.0 (compatible; DotBot/1.2; +https://opensiteexplorer.org/dotbot; help@moz.com)"
216.244.66.200 - - [11/Nov/2024:22:23:09 +0100] "GET /files/2.mell%C3%83%C2%A9klet07.24..doc HTTP/1.1" 200 - "-" "Mozilla/5.0 (compatible; DotBot/1.2; +https://opensiteexplorer.org/dotbot; help@moz.com)"
216.244.66.200 - - [11/Nov/2024:22:23:28 +0100] "GET /files/5116_hrsz_rendelet_1_3.rtf.txt HTTP/1.1" 200 92750 "-" "Mozilla/5.0 (compatible; DotBot/1.2; +https://opensiteexplorer.org/dotbot; help@moz.com)"
216.244.66.200 - - [11/Nov/2024:22:24:01 +0100] "GET /files/8_2008_fvm_mod_velemenyezesre.zip HTTP/1.1" 200 407821 "-" "Mozilla/5.0 (compatible; DotBot/1.2; +https://opensiteexplorer.org/dotbot; help@moz.com)"
216.244.66.200 - - [11/Nov/2024:22:25:01 +0100] "GET /files/Fedlap-t%C3%83%C2%A1rc%C3%83%C2%A1ra.doc HTTP/1.1" 200 - "-" "Mozilla/5.0 (compatible; DotBot/1.2; +https://opensiteexplorer.org/dotbot; help@moz.com)"
216.244.66.200 - - [11/Nov/2024:22:25:22 +0100] "GET /files/igszakkam_mod_tervezet_080918_0.doc HTTP/1.1" 200 297984 "-" "Mozilla/5.0 (compatible; DotBot/1.2; +https://opensiteexplorer.org/dotbot; help@moz.com)"
216.244.66.200 - - [11/Nov/2024:22:25:52 +0100] "GET /files/tervezet_kozig_Rudabanya.pdf HTTP/1.1" 200 55100 "-" "Mozilla/5.0 (compatible; DotBot/1.2; +https://opensiteexplorer.org/dotbot; help@moz.com)"
216.244.66.200 - - [11/Nov/2024:22:26:22 +0100] "GET /files/Cstv_1425-IRMr-felszamolo-dijelszamolas0716.doc HTTP/1.1" 200 146432 "-" "Mozilla/5.0 (compatible; DotBot/1.2; +https://opensiteexplorer.org/dotbot; help@moz.com)"
216.244.66.200 - - [11/Nov/2024:22:26:50 +0100] "GET /files/gyermekszegenyseg_tervezet_1_fedlap_070125.pdf HTTP/1.1" 200 82928 "-" "Mozilla/5.0 (compatible; DotBot/1.2; +https://opensiteexplorer.org/dotbot; help@moz.com)"
66.249.66.85 - - [11/Nov/2024:22:28:50 +0100] "GET /files/KHEM_8735_(normasz__veg).doc HTTP/1.1" 304 - "-" "Mozilla/5.0 (Linux; Android 6.0.1; Nexus 5X Build/MMB29P) AppleWebKit/537.36 (KHTML, like Gecko) Chrome/130.0.6723.116 Mobile Safari/537.36 (compatible; Googlebot/2.1; +http://www.google.com/bot.html)"
216.244.66.200 - - [11/Nov/2024:22:29:34 +0100] "GET /files/NFGM96.doc HTTP/1.1" 200 79360 "-" "Mozilla/5.0 (compatible; DotBot/1.2; +https://opensiteexplorer.org/dotbot; help@moz.com)"
216.244.66.200 - - [11/Nov/2024:22:30:19 +0100] "GET /files/T3807.doc HTTP/1.1" 200 514048 "-" "Mozilla/5.0 (compatible; DotBot/1.2; +https://opensiteexplorer.org/dotbot; help@moz.com)"
66.249.66.5 - - [11/Nov/2024:22:33:14 +0100] "GET /files/33_1998_mod_terv_080708.pdf HTTP/1.1" 304 - "-" "Mozilla/5.0 (Linux; Android 6.0.1; Nexus 5X Build/MMB29P) AppleWebKit/537.36 (KHTML, like Gecko) Chrome/130.0.6723.116 Mobile Safari/537.36 (compatible; Googlebot/2.1; +http://www.google.com/bot.html)"
216.244.66.200 - - [11/Nov/2024:22:56:29 +0100] "GET /robots.txt HTTP/1.1" 200 1590 "-" "Mozilla/5.0 (compatible; DotBot/1.2; +https://opensiteexplorer.org/dotbot; help@moz.com)"
66.249.66.87 - - [11/Nov/2024:23:09:12 +0100] "GET /files/ptk-normaszoveg-tervezet_20071029.pdf HTTP/1.1" 304 - "-" "Mozilla/5.0 (Linux; Android 6.0.1; Nexus 5X Build/MMB29P) AppleWebKit/537.36 (KHTML, like Gecko) Chrome/130.0.6723.116 Mobile Safari/537.36 (compatible; Googlebot/2.1; +http://www.google.com/bot.html)"
213.180.203.13 - - [11/Nov/2024:23:15:39 +0100] "GET /robots.txt HTTP/1.1" 200 1590 "-" "Mozilla/5.0 (compatible; YandexBot/3.0; +http://yandex.com/bots)"
213.180.203.17 - - [11/Nov/2024:23:16:10 +0100] "GET /taxonomy/term/36 HTTP/1.1" 200 - "-" "Mozilla/5.0 (compatible; YandexBot/3.0; +http://yandex.com/bots)"
66.249.66.85 - - [11/Nov/2024:23:24:45 +0100] "GET /files/OHT_II_febr2.pdf HTTP/1.1" 200 994566 "-" "Mozilla/5.0 (Linux; Android 6.0.1; Nexus 5X Build/MMB29P) AppleWebKit/537.36 (KHTML, like Gecko) Chrome/130.0.6723.116 Mobile Safari/537.36 (compatible; Googlebot/2.1; +http://www.google.com/bot.html)"
216.244.66.200 - - [11/Nov/2024:23:34:54 +0100] "GET /files/szakszo_hajozo_1mell.pdf HTTP/1.1" 200 239410 "-" "Mozilla/5.0 (compatible; DotBot/1.2; +https://opensiteexplorer.org/dotbot; help@moz.com)"
66.249.66.87 - - [11/Nov/2024:23:37:12 +0100] "GET /files/tamszolg_terv_080630.pdf HTTP/1.1" 304 - "-" "Mozilla/5.0 (Linux; Android 6.0.1; Nexus 5X Build/MMB29P) AppleWebKit/537.36 (KHTML, like Gecko) Chrome/130.0.6723.116 Mobile Safari/537.36 (compatible; Googlebot/2.1; +http://www.google.com/bot.html)"
216.244.66.200 - - [11/Nov/2024:23:46:06 +0100] "GET /robots.txt HTTP/1.1" 200 1590 "-" "Mozilla/5.0 (compatible; DotBot/1.2; +https://opensiteexplorer.org/dotbot; help@moz.com)"
216.244.66.200 - - [11/Nov/2024:23:46:06 +0100] "GET /robots.txt HTTP/1.1" 200 1590 "-" "Mozilla/5.0 (compatible; DotBot/1.2; +https://opensiteexplorer.org/dotbot; help@moz.com)"
66.249.66.87 - - [11/Nov/2024:23:46:09 +0100] "GET /files/tervezesi_eloirasok_om_r_allig_egy_060310.pdf HTTP/1.1" 304 - "-" "Mozilla/5.0 (Linux; Android 6.0.1; Nexus 5X Build/MMB29P) AppleWebKit/537.36 (KHTML, like Gecko) Chrome/130.0.6723.116 Mobile Safari/537.36 (compatible; Googlebot/2.1; +http://www.google.com/bot.html)"
216.244.66.200 - - [12/Nov/2024:00:04:09 +0100] "GET /files/3.%20sz%C3%83%C2%A1m%C3%83%C2%BA%20mell%C3%83%C2%A9klet-t%C3%83%C2%A1rc%C3%83%C2%A1ra.doc HTTP/1.1" 200 - "-" "Mozilla/5.0 (compatible; DotBot/1.2; +https://opensiteexplorer.org/dotbot; help@moz.com)"
216.244.66.200 - - [12/Nov/2024:00:04:39 +0100] "GET /files/VHR_Mod+III_1204_T%C3%83%C2%A1rcak%C3%83%C2%B6r%C3%83%C2%B6z%C3%83%C2%A9s.doc HTTP/1.1" 200 - "-" "Mozilla/5.0 (compatible; DotBot/1.2; +https://opensiteexplorer.org/dotbot; help@moz.com)"
216.244.66.200 - - [12/Nov/2024:00:05:20 +0100] "GET /files/Vhr%20%20korm%20rendelet%20el%C3%85%E2%80%98terjeszt%C3%83%C2%A9s1212.doc HTTP/1.1" 200 - "-" "Mozilla/5.0 (compatible; DotBot/1.2; +https://opensiteexplorer.org/dotbot; help@moz.com)"
216.244.66.200 - - [12/Nov/2024:00:05:29 +0100] "GET /files/NFGM_5051.pdf HTTP/1.1" 200 287794 "-" "Mozilla/5.0 (compatible; DotBot/1.2; +https://opensiteexplorer.org/dotbot; help@moz.com)"
216.244.66.200 - - [12/Nov/2024:00:06:00 +0100] "GET /files/NFGM_6325.pdf HTTP/1.1" 200 106670 "-" "Mozilla/5.0 (compatible; DotBot/1.2; +https://opensiteexplorer.org/dotbot; help@moz.com)"
216.244.66.200 - - [12/Nov/2024:00:06:34 +0100] "GET /files/norma_3.pdf HTTP/1.1" 200 209887 "-" "Mozilla/5.0 (compatible; DotBot/1.2; +https://opensiteexplorer.org/dotbot; help@moz.com)"
216.244.66.200 - - [12/Nov/2024:00:07:15 +0100] "GET /files/vil_en.pdf HTTP/1.1" 200 364251 "-" "Mozilla/5.0 (compatible; DotBot/1.2; +https://opensiteexplorer.org/dotbot; help@moz.com)"
216.244.66.200 - - [12/Nov/2024:00:07:42 +0100] "GET /files/0824_T_rc_ra_Kelem_r.doc HTTP/1.1" 200 84992 "-" "Mozilla/5.0 (compatible; DotBot/1.2; +https://opensiteexplorer.org/dotbot; help@moz.com)"
216.244.66.200 - - [12/Nov/2024:00:08:18 +0100] "GET /files/CredentialKormET_MOP_IV_2.doc HTTP/1.1" 200 110080 "-" "Mozilla/5.0 (compatible; DotBot/1.2; +https://opensiteexplorer.org/dotbot; help@moz.com)"
216.244.66.200 - - [12/Nov/2024:00:09:02 +0100] "GET /files/Igszolg_dij_mod.rend_090727.doc HTTP/1.1" 200 179712 "-" "Mozilla/5.0 (compatible; DotBot/1.2; +https://opensiteexplorer.org/dotbot; help@moz.com)"
216.244.66.200 - - [12/Nov/2024:00:09:37 +0100] "GET /files/eg_birsag_Korm_rend_terv_100208.doc HTTP/1.1" 200 42496 "-" "Mozilla/5.0 (compatible; DotBot/1.2; +https://opensiteexplorer.org/dotbot; help@moz.com)"
216.244.66.200 - - [12/Nov/2024:00:10:13 +0100] "GET /files/illetmeny_juttasok.pdf HTTP/1.1" 200 136464 "-" "Mozilla/5.0 (compatible; DotBot/1.2; +https://opensiteexplorer.org/dotbot; help@moz.com)"
216.244.66.200 - - [12/Nov/2024:00:10:56 +0100] "GET /files/klebelsberg_terv_070412.pdf HTTP/1.1" 200 203371 "-" "Mozilla/5.0 (compatible; DotBot/1.2; +https://opensiteexplorer.org/dotbot; help@moz.com)"
216.244.66.200 - - [12/Nov/2024:00:11:49 +0100] "GET /files/okj_mod_terv_090428.pdf HTTP/1.1" 200 263130 "-" "Mozilla/5.0 (compatible; DotBot/1.2; +https://opensiteexplorer.org/dotbot; help@moz.com)"
216.244.66.200 - - [12/Nov/2024:00:12:26 +0100] "GET /files/ptk.dologi_jog_0.pdf HTTP/1.1" 200 141671 "-" "Mozilla/5.0 (compatible; DotBot/1.2; +https://opensiteexplorer.org/dotbot; help@moz.com)"
216.244.66.200 - - [12/Nov/2024:00:13:07 +0100] "GET /files/26_2007_hmr_mod_tervezet_devizaellatmanyarol.pdf HTTP/1.1" 200 104842 "-" "Mozilla/5.0 (compatible; DotBot/1.2; +https://opensiteexplorer.org/dotbot; help@moz.com)"
216.244.66.200 - - [12/Nov/2024:00:13:48 +0100] "GET /files/40_2004_mod_mellekl_egyeztetesre.pdf HTTP/1.1" 200 161270 "-" "Mozilla/5.0 (compatible; DotBot/1.2; +https://opensiteexplorer.org/dotbot; help@moz.com)"
216.244.66.200 - - [12/Nov/2024:00:14:32 +0100] "GET /files/Cstv-vhr-felszamolas-ertekesitesKormr_090830.doc HTTP/1.1" 200 181248 "-" "Mozilla/5.0 (compatible; DotBot/1.2; +https://opensiteexplorer.org/dotbot; help@moz.com)"
216.244.66.200 - - [12/Nov/2024:00:15:16 +0100] "GET /files/aszalykar_rendelet_euegyeztetes_071019.pdf HTTP/1.1" 200 191184 "-" "Mozilla/5.0 (compatible; DotBot/1.2; +https://opensiteexplorer.org/dotbot; help@moz.com)"
216.244.66.200 - - [12/Nov/2024:00:15:54 +0100] "GET /files/nem_uzleti_eloterj_5_1_szamu_melleklet_061129.pdf HTTP/1.1" 200 90654 "-" "Mozilla/5.0 (compatible; DotBot/1.2; +https://opensiteexplorer.org/dotbot; help@moz.com)"
216.244.66.200 - - [12/Nov/2024:00:16:46 +0100] "GET /files/rendeszeti_startegia_kormanyra_2007_11_20_vegleges.doc HTTP/1.1" 200 245753 "-" "Mozilla/5.0 (compatible; DotBot/1.2; +https://opensiteexplorer.org/dotbot; help@moz.com)"
216.244.66.200 - - [12/Nov/2024:00:17:47 +0100] "GET /files/76_2004___viii__19___eszcsm_rendelet_m%C3%83%C2%B3dos%C3%83%C2%ADt%C3%83%C2%A1sa_6.doc HTTP/1.1" 200 - "-" "Mozilla/5.0 (compatible; DotBot/1.2; +https://opensiteexplorer.org/dotbot; help@moz.com)"
216.244.66.200 - - [12/Nov/2024:00:18:40 +0100] "GET /taxonomy/term/78/0/feed HTTP/1.1" 200 - "-" "Mozilla/5.0 (compatible; DotBot/1.2; +https://opensiteexplorer.org/dotbot; help@moz.com)"
66.249.66.87 - - [12/Nov/2024:00:30:47 +0100] "GET /files/1220_KAR_adatlapok_2006_12_08.doc HTTP/1.1" 200 311808 "-" "Mozilla/5.0 (Linux; Android 6.0.1; Nexus 5X Build/MMB29P) AppleWebKit/537.36 (KHTML, like Gecko) Chrome/130.0.6723.116 Mobile Safari/537.36 (compatible; Googlebot/2.1; +http://www.google.com/bot.html)"
52.167.144.215 - - [12/Nov/2024:00:32:48 +0100] "GET /node/2477 HTTP/1.1" 200 - "-" "Mozilla/5.0 AppleWebKit/537.36 (KHTML, like Gecko; compatible; bingbot/2.0; +http://www.bing.com/bingbot.htm) Chrome/116.0.1938.76 Safari/537.36"
52.167.144.215 - - [12/Nov/2024:00:33:20 +0100] "GET /node/2477 HTTP/1.1" 200 - "-" "Mozilla/5.0 AppleWebKit/537.36 (KHTML, like Gecko; compatible; bingbot/2.0; +http://www.bing.com/bingbot.htm) Chrome/116.0.1938.76 Safari/537.36"
216.244.66.200 - - [12/Nov/2024:00:33:51 +0100] "GET /robots.txt HTTP/1.1" 200 1590 "-" "Mozilla/5.0 (compatible; DotBot/1.2; +https://opensiteexplorer.org/dotbot; help@moz.com)"
216.244.66.200 - - [12/Nov/2024:00:33:52 +0100] "GET /robots.txt HTTP/1.1" 200 1590 "-" "Mozilla/5.0 (compatible; DotBot/1.2; +https://opensiteexplorer.org/dotbot; help@moz.com)"
52.167.144.215 - - [12/Nov/2024:00:34:56 +0100] "GET /files/1214_5_mell.xls HTTP/1.1" 200 22528 "-" "Mozilla/5.0 AppleWebKit/537.36 (KHTML, like Gecko; compatible; bingbot/2.0; +http://www.bing.com/bingbot.htm) Chrome/116.0.1938.76 Safari/537.36"
40.77.167.0 - - [12/Nov/2024:00:36:48 +0100] "GET /node/274 HTTP/1.1" 200 - "-" "Mozilla/5.0 AppleWebKit/537.36 (KHTML, like Gecko; compatible; bingbot/2.0; +http://www.bing.com/bingbot.htm) Chrome/116.0.1938.76 Safari/537.36"
40.77.167.0 - - [12/Nov/2024:00:37:20 +0100] "GET /node/274 HTTP/1.1" 200 - "-" "Mozilla/5.0 AppleWebKit/537.36 (KHTML, like Gecko; compatible; bingbot/2.0; +http://www.bing.com/bingbot.htm) Chrome/116.0.1938.76 Safari/537.36"
66.249.66.5 - - [12/Nov/2024:00:38:05 +0100] "GET /files/rendelet_szakmapolra.doc HTTP/1.1" 304 - "-" "Mozilla/5.0 (Linux; Android 6.0.1; Nexus 5X Build/MMB29P) AppleWebKit/537.36 (KHTML, like Gecko) Chrome/130.0.6723.116 Mobile Safari/537.36 (compatible; Googlebot/2.1; +http://www.google.com/bot.html)"
216.244.66.200 - - [12/Nov/2024:00:43:09 +0100] "GET /files/KHEM_2858_norma.doc HTTP/1.1" 200 186368 "-" "Mozilla/5.0 (compatible; DotBot/1.2; +https://opensiteexplorer.org/dotbot; help@moz.com)"
216.244.66.200 - - [12/Nov/2024:00:43:34 +0100] "GET /files/T_rc_ra_k_szegi.doc HTTP/1.1" 200 61952 "-" "Mozilla/5.0 (compatible; DotBot/1.2; +https://opensiteexplorer.org/dotbot; help@moz.com)"
216.244.66.200 - - [12/Nov/2024:00:43:57 +0100] "GET /files/elektronikus_h.pdf HTTP/1.1" 200 79752 "-" "Mozilla/5.0 (compatible; DotBot/1.2; +https://opensiteexplorer.org/dotbot; help@moz.com)"
216.244.66.200 - - [12/Nov/2024:00:44:48 +0100] "GET /files/espoo_%20kozigre_02_04.pdf HTTP/1.1" 200 - "-" "Mozilla/5.0 (compatible; DotBot/1.2; +https://opensiteexplorer.org/dotbot; help@moz.com)"
216.244.66.200 - - [12/Nov/2024:00:45:08 +0100] "GET /files/kerettanterv_071107.pdf HTTP/1.1" 200 191671 "-" "Mozilla/5.0 (compatible; DotBot/1.2; +https://opensiteexplorer.org/dotbot; help@moz.com)"
216.244.66.200 - - [12/Nov/2024:00:45:40 +0100] "GET /files/okj_terv_070803.pdf HTTP/1.1" 200 168861 "-" "Mozilla/5.0 (compatible; DotBot/1.2; +https://opensiteexplorer.org/dotbot; help@moz.com)"
216.244.66.200 - - [12/Nov/2024:00:46:13 +0100] "GET /files/rendeletek.zip HTTP/1.1" 200 584851 "-" "Mozilla/5.0 (compatible; DotBot/1.2; +https://opensiteexplorer.org/dotbot; help@moz.com)"
216.244.66.200 - - [12/Nov/2024:00:53:46 +0100] "GET /files/korm_rendelet_tervezet_egeszsegugyi_ellatas.pdf HTTP/1.1" 200 162983 "-" "Mozilla/5.0 (compatible; DotBot/1.2; +https://opensiteexplorer.org/dotbot; help@moz.com)"
216.244.66.200 - - [12/Nov/2024:00:54:20 +0100] "GET /files/korm_rendelet_tervezet_vezetoi_juttatasokrol.pdf HTTP/1.1" 200 93651 "-" "Mozilla/5.0 (compatible; DotBot/1.2; +https://opensiteexplorer.org/dotbot; help@moz.com)"
216.244.66.200 - - [12/Nov/2024:00:56:10 +0100] "GET /files/El%C3%85%E2%80%98terjeszt%C3%83%C2%A9s%20v%C3%83%C2%A9grehajt%C3%83%C2%A1si%20rendelet.doc HTTP/1.1" 200 - "-" "Mozilla/5.0 (compatible; DotBot/1.2; +https://opensiteexplorer.org/dotbot; help@moz.com)"
216.244.66.200 - - [12/Nov/2024:00:57:01 +0100] "GET /files/el%C3%85%E2%80%98terjeszt%C3%83%C2%A9s_07%2010%2017%20Korm%C3%83%C2%A1ny_b.pdf HTTP/1.1" 200 - "-" "Mozilla/5.0 (compatible; DotBot/1.2; +https://opensiteexplorer.org/dotbot; help@moz.com)"
216.244.66.200 - - [12/Nov/2024:00:57:51 +0100] "GET /user/25/notify HTTP/1.1" 200 - "-" "Mozilla/5.0 (compatible; DotBot/1.2; +https://opensiteexplorer.org/dotbot; help@moz.com)"
216.244.66.200 - - [12/Nov/2024:00:58:23 +0100] "GET /files/KHEm_1088.doc HTTP/1.1" 200 337408 "-" "Mozilla/5.0 (compatible; DotBot/1.2; +https://opensiteexplorer.org/dotbot; help@moz.com)"
216.244.66.200 - - [12/Nov/2024:00:59:01 +0100] "GET /files/R176-2-1.doc HTTP/1.1" 200 88064 "-" "Mozilla/5.0 (compatible; DotBot/1.2; +https://opensiteexplorer.org/dotbot; help@moz.com)"
216.244.66.200 - - [12/Nov/2024:00:59:47 +0100] "GET /files/TK1322.pdf HTTP/1.1" 200 174385 "-" "Mozilla/5.0 (compatible; DotBot/1.2; +https://opensiteexplorer.org/dotbot; help@moz.com)"
216.244.66.200 - - [12/Nov/2024:01:00:34 +0100] "GET /files/frekvencia.zip HTTP/1.1" 200 259739 "-" "Mozilla/5.0 (compatible; DotBot/1.2; +https://opensiteexplorer.org/dotbot; help@moz.com)"
216.244.66.200 - - [12/Nov/2024:01:01:20 +0100] "GET /files/reszletes_0.pdf HTTP/1.1" 200 276067 "-" "Mozilla/5.0 (compatible; DotBot/1.2; +https://opensiteexplorer.org/dotbot; help@moz.com)"
216.244.66.200 - - [12/Nov/2024:01:02:04 +0100] "GET /files/0213_ET_2007.02.09..doc HTTP/1.1" 200 104448 "-" "Mozilla/5.0 (compatible; DotBot/1.2; +https://opensiteexplorer.org/dotbot; help@moz.com)"
216.244.66.200 - - [12/Nov/2024:01:02:36 +0100] "GET /files/0817_T_rc_ra_szeghalmi.doc HTTP/1.1" 200 55296 "-" "Mozilla/5.0 (compatible; DotBot/1.2; +https://opensiteexplorer.org/dotbot; help@moz.com)"
66.249.66.85 - - [12/Nov/2024:01:03:09 +0100] "GET /files/igszakkam_mod_tervezet_080918_0.doc HTTP/1.1" 304 - "-" "Mozilla/5.0 (Linux; Android 6.0.1; Nexus 5X Build/MMB29P) AppleWebKit/537.36 (KHTML, like Gecko) Chrome/130.0.6723.116 Mobile Safari/537.36 (compatible; Googlebot/2.1; +http://www.google.com/bot.html)"
216.244.66.200 - - [12/Nov/2024:01:03:22 +0100] "GET /files/12_2008_mod_velemenyezesre.pdf HTTP/1.1" 200 181404 "-" "Mozilla/5.0 (compatible; DotBot/1.2; +https://opensiteexplorer.org/dotbot; help@moz.com)"
216.244.66.200 - - [12/Nov/2024:01:03:55 +0100] "GET /files/BacskiskunIndokolas.pdf HTTP/1.1" 200 22395 "-" "Mozilla/5.0 (compatible; DotBot/1.2; +https://opensiteexplorer.org/dotbot; help@moz.com)"
216.244.66.200 - - [12/Nov/2024:01:04:37 +0100] "GET /files/Eloterjesztes_305.pdf HTTP/1.1" 200 214007 "-" "Mozilla/5.0 (compatible; DotBot/1.2; +https://opensiteexplorer.org/dotbot; help@moz.com)"
216.244.66.200 - - [12/Nov/2024:01:05:12 +0100] "GET /files/Korrel-2006-92.doc HTTP/1.1" 200 37888 "-" "Mozilla/5.0 (compatible; DotBot/1.2; +https://opensiteexplorer.org/dotbot; help@moz.com)"
216.244.66.200 - - [12/Nov/2024:01:06:00 +0100] "GET /files/egyes_min_rend_mod_terv_070119.pdf HTTP/1.1" 200 354173 "-" "Mozilla/5.0 (compatible; DotBot/1.2; +https://opensiteexplorer.org/dotbot; help@moz.com)"
216.244.66.200 - - [12/Nov/2024:01:06:43 +0100] "GET /files/hjt_2008_tervezet.pdf HTTP/1.1" 200 182668 "-" "Mozilla/5.0 (compatible; DotBot/1.2; +https://opensiteexplorer.org/dotbot; help@moz.com)"
216.244.66.200 - - [12/Nov/2024:01:07:19 +0100] "GET /files/honlapra_0514.pdf HTTP/1.1" 200 97245 "-" "Mozilla/5.0 (compatible; DotBot/1.2; +https://opensiteexplorer.org/dotbot; help@moz.com)"
216.244.66.200 - - [12/Nov/2024:01:07:55 +0100] "GET /files/kozokt_diakig_terv_080807.pdf HTTP/1.1" 200 244341 "-" "Mozilla/5.0 (compatible; DotBot/1.2; +https://opensiteexplorer.org/dotbot; help@moz.com)"
66.249.66.85 - - [12/Nov/2024:01:08:10 +0100] "GET /files/4735.pdf HTTP/1.1" 304 - "-" "Mozilla/5.0 (Linux; Android 6.0.1; Nexus 5X Build/MMB29P) AppleWebKit/537.36 (KHTML, like Gecko) Chrome/130.0.6723.116 Mobile Safari/537.36 (compatible; Googlebot/2.1; +http://www.google.com/bot.html)"
216.244.66.200 - - [12/Nov/2024:01:08:32 +0100] "GET /files/muzealis_terv_071010.pdf HTTP/1.1" 200 157155 "-" "Mozilla/5.0 (compatible; DotBot/1.2; +https://opensiteexplorer.org/dotbot; help@moz.com)"
216.244.66.200 - - [12/Nov/2024:01:09:10 +0100] "GET /files/tempus_terv_080808.pdf HTTP/1.1" 200 294277 "-" "Mozilla/5.0 (compatible; DotBot/1.2; +https://opensiteexplorer.org/dotbot; help@moz.com)"
216.244.66.200 - - [12/Nov/2024:01:09:44 +0100] "GET /files/tervezet_Hevesi_Fuves_Pusztak.pdf HTTP/1.1" 200 148732 "-" "Mozilla/5.0 (compatible; DotBot/1.2; +https://opensiteexplorer.org/dotbot; help@moz.com)"
216.244.66.200 - - [12/Nov/2024:01:10:18 +0100] "GET /files/CSG-GA-jogalkotas_einfoszab_1120.ppt HTTP/1.1" 200 500224 "-" "Mozilla/5.0 (compatible; DotBot/1.2; +https://opensiteexplorer.org/dotbot; help@moz.com)"
216.244.66.200 - - [12/Nov/2024:01:10:48 +0100] "GET /files/Gyogyszer_hat_forg_torv_terv_081007.doc HTTP/1.1" 200 95232 "-" "Mozilla/5.0 (compatible; DotBot/1.2; +https://opensiteexplorer.org/dotbot; help@moz.com)"
51.210.214.160 - - [12/Nov/2024:01:10:57 +0100] "GET /taxonomy/term/46/0/feed HTTP/1.1" 200 - "-" "Mozilla/5.0 (X11; Linux i686) AppleWebKit/537.36 (KHTML, like Gecko) Chrome/30.0.1599.66 Safari/537.36"
216.244.66.200 - - [12/Nov/2024:01:11:47 +0100] "GET /files/SZMSZ_Szombathely_r%C3%A9szlet[1].doc HTTP/1.1" 200 - "-" "Mozilla/5.0 (compatible; DotBot/1.2; +https://opensiteexplorer.org/dotbot; help@moz.com)"
216.244.66.200 - - [12/Nov/2024:01:12:07 +0100] "GET /files/bv_targyu_im_rendeletek_szakmai_indokolasa.doc HTTP/1.1" 200 50688 "-" "Mozilla/5.0 (compatible; DotBot/1.2; +https://opensiteexplorer.org/dotbot; help@moz.com)"
66.249.66.5 - - [12/Nov/2024:01:13:25 +0100] "GET /files/tankonyvrend_terv_090721.pdf HTTP/1.1" 304 - "-" "Mozilla/5.0 (Linux; Android 6.0.1; Nexus 5X Build/MMB29P) AppleWebKit/537.36 (KHTML, like Gecko) Chrome/130.0.6723.116 Mobile Safari/537.36 (compatible; Googlebot/2.1; +http://www.google.com/bot.html)"
66.249.66.87 - - [12/Nov/2024:01:13:58 +0100] "GET /taxonomy/term/81 HTTP/1.1" 200 - "-" "Mozilla/5.0 (Linux; Android 6.0.1; Nexus 5X Build/MMB29P) AppleWebKit/537.36 (KHTML, like Gecko) Chrome/130.0.6723.116 Mobile Safari/537.36 (compatible; Googlebot/2.1; +http://www.google.com/bot.html)"
66.249.66.87 - - [12/Nov/2024:01:40:43 +0100] "GET /files/KUM_kituntetesek.pdf HTTP/1.1" 304 - "-" "Mozilla/5.0 (Linux; Android 6.0.1; Nexus 5X Build/MMB29P) AppleWebKit/537.36 (KHTML, like Gecko) Chrome/130.0.6723.116 Mobile Safari/537.36 (compatible; Googlebot/2.1; +http://www.google.com/bot.html)"
102.129.145.188 - - [12/Nov/2024:01:46:50 +0100] "GET /.env HTTP/1.1" 200 - "-" "Mozilla/5.0 (Macintosh; Intel Mac OS X 10.15; rv:77.0) Gecko/20100101 Firefox/77.0"
66.249.66.85 - - [12/Nov/2024:02:05:56 +0100] "GET /files/IRM_munkaterv_2007.I.f%C3%A9l%C3%A9v.doc HTTP/1.1" 200 204288 "-" "Mozilla/5.0 (Linux; Android 6.0.1; Nexus 5X Build/MMB29P) AppleWebKit/537.36 (KHTML, like Gecko) Chrome/130.0.6723.116 Mobile Safari/537.36 (compatible; Googlebot/2.1; +http://www.google.com/bot.html)"
216.244.66.200 - - [12/Nov/2024:02:06:31 +0100] "GET /robots.txt HTTP/1.1" 200 1590 "-" "Mozilla/5.0 (compatible; DotBot/1.2; +https://opensiteexplorer.org/dotbot; help@moz.com)"
216.244.66.200 - - [12/Nov/2024:02:16:16 +0100] "GET /files/miniszt_2006_szeptember.pdf HTTP/1.1" 200 82426 "-" "Mozilla/5.0 (compatible; DotBot/1.2; +https://opensiteexplorer.org/dotbot; help@moz.com)"
216.244.66.200 - - [12/Nov/2024:02:16:57 +0100] "GET /files/pedagogiai_szakmai_080801.pdf HTTP/1.1" 200 326693 "-" "Mozilla/5.0 (compatible; DotBot/1.2; +https://opensiteexplorer.org/dotbot; help@moz.com)"
216.244.66.200 - - [12/Nov/2024:02:17:37 +0100] "GET /files/tv_modositasok_velemenyezesre.pdf HTTP/1.1" 200 143956 "-" "Mozilla/5.0 (compatible; DotBot/1.2; +https://opensiteexplorer.org/dotbot; help@moz.com)"
216.244.66.200 - - [12/Nov/2024:02:18:02 +0100] "GET /files/0630_KvVM_rend.___3_2004.KvVM_rend._m_dos_t_sa.k_zigre.doc HTTP/1.1" 200 37888 "-" "Mozilla/5.0 (compatible; DotBot/1.2; +https://opensiteexplorer.org/dotbot; help@moz.com)"
216.244.66.200 - - [12/Nov/2024:02:20:30 +0100] "GET /files/megfelel%C3%83%C2%A9si%20t%C3%83%C2%A1bl%C3%83%C2%A1zat-2006-120-ek.doc HTTP/1.1" 200 - "-" "Mozilla/5.0 (compatible; DotBot/1.2; +https://opensiteexplorer.org/dotbot; help@moz.com)"
216.244.66.200 - - [12/Nov/2024:02:28:03 +0100] "GET /files/MagyarK%C3%83%C2%BCl%C3%83%C2%BCgyekSzolg%C3%83%C2%A1lat%C3%83%C2%A1%C3%83%C2%A9rt%C3%83%E2%80%B0rdem%C3%83%C2%A9rem.pdf HTTP/1.1" 200 - "-" "Mozilla/5.0 (compatible; DotBot/1.2; +https://opensiteexplorer.org/dotbot; help@moz.com)"
66.249.66.86 - - [12/Nov/2024:02:43:25 +0100] "GET /files/alapf_muv_okt_kovet_II_060414.pdf HTTP/1.1" 304 - "-" "Mozilla/5.0 (Linux; Android 6.0.1; Nexus 5X Build/MMB29P) AppleWebKit/537.36 (KHTML, like Gecko) Chrome/130.0.6723.116 Mobile Safari/537.36 (compatible; Googlebot/2.1; +http://www.google.com/bot.html)"
66.249.66.87 - - [12/Nov/2024:02:52:35 +0100] "GET /files/R714.pdf HTTP/1.1" 304 - "-" "Mozilla/5.0 (Linux; Android 6.0.1; Nexus 5X Build/MMB29P) AppleWebKit/537.36 (KHTML, like Gecko) Chrome/130.0.6723.116 Mobile Safari/537.36 (compatible; Googlebot/2.1; +http://www.google.com/bot.html)"
216.244.66.200 - - [12/Nov/2024:02:54:16 +0100] "GET /robots.txt HTTP/1.1" 200 1590 "-" "Mozilla/5.0 (compatible; DotBot/1.2; +https://opensiteexplorer.org/dotbot; help@moz.com)"
216.244.66.200 - - [12/Nov/2024:03:05:31 +0100] "GET /files/EGT%20t%C3%83%C2%B6rv%C3%83%C2%A9ny-szakmapolitik%C3%83%C2%A1ra.doc HTTP/1.1" 200 - "-" "Mozilla/5.0 (compatible; DotBot/1.2; +https://opensiteexplorer.org/dotbot; help@moz.com)"
18.144.26.200 - - [12/Nov/2024:03:07:41 +0100] "GET / HTTP/1.1" 200 - "-" "bitdiscovery-suggestions"
66.249.66.87 - - [12/Nov/2024:03:21:44 +0100] "GET /files/7978.pdf HTTP/1.1" 304 - "-" "Mozilla/5.0 (Linux; Android 6.0.1; Nexus 5X Build/MMB29P) AppleWebKit/537.36 (KHTML, like Gecko) Chrome/130.0.6723.116 Mobile Safari/537.36 (compatible; Googlebot/2.1; +http://www.google.com/bot.html)"
66.249.66.87 - - [12/Nov/2024:03:34:46 +0100] "GET /files/jogszabszerk.pdf HTTP/1.1" 304 - "-" "Mozilla/5.0 (Linux; Android 6.0.1; Nexus 5X Build/MMB29P) AppleWebKit/537.36 (KHTML, like Gecko) Chrome/130.0.6723.116 Mobile Safari/537.36 (compatible; Googlebot/2.1; +http://www.google.com/bot.html)"
216.244.66.200 - - [12/Nov/2024:03:42:45 +0100] "GET /robots.txt HTTP/1.1" 200 1590 "-" "Mozilla/5.0 (compatible; DotBot/1.2; +https://opensiteexplorer.org/dotbot; help@moz.com)"
216.244.66.200 - - [12/Nov/2024:03:42:45 +0100] "GET /robots.txt HTTP/1.1" 200 1590 "-" "Mozilla/5.0 (compatible; DotBot/1.2; +https://opensiteexplorer.org/dotbot; help@moz.com)"
216.244.66.200 - - [12/Nov/2024:03:51:16 +0100] "GET /files/kormanyeloterjesztes_10_02_1.pdf HTTP/1.1" 200 139733 "-" "Mozilla/5.0 (compatible; DotBot/1.2; +https://opensiteexplorer.org/dotbot; help@moz.com)"
216.244.66.200 - - [12/Nov/2024:03:51:35 +0100] "GET /files/utvalosszrend_terv_091102.pdf HTTP/1.1" 200 150274 "-" "Mozilla/5.0 (compatible; DotBot/1.2; +https://opensiteexplorer.org/dotbot; help@moz.com)"
216.244.66.200 - - [12/Nov/2024:03:53:03 +0100] "GET /files/1212_nitratadatlap_vegsoNTSz.1_2v_ltozat.doc HTTP/1.1" 200 156672 "-" "Mozilla/5.0 (compatible; DotBot/1.2; +https://opensiteexplorer.org/dotbot; help@moz.com)"
216.244.66.200 - - [12/Nov/2024:03:53:43 +0100] "GET /files/allatgyogyaszat_rendelet_velemenyezesre_2.pdf HTTP/1.1" 200 158713 "-" "Mozilla/5.0 (compatible; DotBot/1.2; +https://opensiteexplorer.org/dotbot; help@moz.com)"
216.244.66.200 - - [12/Nov/2024:03:54:46 +0100] "GET /files/perfluor_t%C3%83%C2%A1rca_20071119.doc HTTP/1.1" 200 - "-" "Mozilla/5.0 (compatible; DotBot/1.2; +https://opensiteexplorer.org/dotbot; help@moz.com)"
216.244.66.200 - - [12/Nov/2024:03:55:05 +0100] "GET /files/szakmai_kollegiumok_rend_tervezet.doc HTTP/1.1" 200 26112 "-" "Mozilla/5.0 (compatible; DotBot/1.2; +https://opensiteexplorer.org/dotbot; help@moz.com)"
216.244.66.200 - - [12/Nov/2024:03:56:06 +0100] "GET /files/4.%20sz%C3%83%C2%A1m%C3%83%C2%BA%20mell%C3%83%C2%A9klet-t%C3%83%C2%A1rc%C3%83%C2%A1ra.doc HTTP/1.1" 200 - "-" "Mozilla/5.0 (compatible; DotBot/1.2; +https://opensiteexplorer.org/dotbot; help@moz.com)"
216.244.66.200 - - [12/Nov/2024:03:57:41 +0100] "GET /taxonomy/term/82/0/feed HTTP/1.1" 200 - "-" "Mozilla/5.0 (compatible; DotBot/1.2; +https://opensiteexplorer.org/dotbot; help@moz.com)"
216.244.66.200 - - [12/Nov/2024:03:58:31 +0100] "GET /taxonomy/term/84/0/feed HTTP/1.1" 200 - "-" "Mozilla/5.0 (compatible; DotBot/1.2; +https://opensiteexplorer.org/dotbot; help@moz.com)"
66.249.66.86 - - [12/Nov/2024:04:09:50 +0100] "GET /files/R305-2vezetoi.doc HTTP/1.1" 200 104448 "-" "Mozilla/5.0 (Linux; Android 6.0.1; Nexus 5X Build/MMB29P) AppleWebKit/537.36 (KHTML, like Gecko) Chrome/130.0.6723.116 Mobile Safari/537.36 (compatible; Googlebot/2.1; +http://www.google.com/bot.html)"
216.244.66.200 - - [12/Nov/2024:04:31:32 +0100] "GET /robots.txt HTTP/1.1" 200 1590 "-" "Mozilla/5.0 (compatible; DotBot/1.2; +https://opensiteexplorer.org/dotbot; help@moz.com)"
216.244.66.200 - - [12/Nov/2024:04:31:32 +0100] "GET /robots.txt HTTP/1.1" 200 1590 "-" "Mozilla/5.0 (compatible; DotBot/1.2; +https://opensiteexplorer.org/dotbot; help@moz.com)"
66.249.66.4 - - [12/Nov/2024:04:39:06 +0100] "GET /files/27_2001_hm_r_mod_20080410.pdf HTTP/1.1" 200 124624 "-" "Mozilla/5.0 (Linux; Android 6.0.1; Nexus 5X Build/MMB29P) AppleWebKit/537.36 (KHTML, like Gecko) Chrome/130.0.6723.116 Mobile Safari/537.36 (compatible; Googlebot/2.1; +http://www.google.com/bot.html)"
216.244.66.200 - - [12/Nov/2024:04:41:23 +0100] "GET /files/17per2007_korm_rend_mod.doc HTTP/1.1" 200 26624 "-" "Mozilla/5.0 (compatible; DotBot/1.2; +https://opensiteexplorer.org/dotbot; help@moz.com)"
216.244.66.200 - - [12/Nov/2024:04:41:35 +0100] "GET /files/9273-3indokolas.doc HTTP/1.1" 200 47616 "-" "Mozilla/5.0 (compatible; DotBot/1.2; +https://opensiteexplorer.org/dotbot; help@moz.com)"
216.244.66.200 - - [12/Nov/2024:04:42:00 +0100] "GET /files/Konkordancia%2060.doc HTTP/1.1" 200 33792 "-" "Mozilla/5.0 (compatible; DotBot/1.2; +https://opensiteexplorer.org/dotbot; help@moz.com)"
216.244.66.200 - - [12/Nov/2024:04:42:51 +0100] "GET /files/bizotts%C3%83%C2%A1gok.pdf HTTP/1.1" 200 - "-" "Mozilla/5.0 (compatible; DotBot/1.2; +https://opensiteexplorer.org/dotbot; help@moz.com)"
216.244.66.200 - - [12/Nov/2024:04:43:15 +0100] "GET /files/elismeres_terv_090818.pdf HTTP/1.1" 200 253555 "-" "Mozilla/5.0 (compatible; DotBot/1.2; +https://opensiteexplorer.org/dotbot; help@moz.com)"
5.255.231.176 - - [12/Nov/2024:04:43:24 +0100] "GET /robots.txt HTTP/1.1" 200 1590 "-" "Mozilla/5.0 (compatible; YandexBot/3.0; +http://yandex.com/bots)"
216.244.66.200 - - [12/Nov/2024:04:43:56 +0100] "GET /files/esely_terv_080220.pdf HTTP/1.1" 200 881906 "-" "Mozilla/5.0 (compatible; DotBot/1.2; +https://opensiteexplorer.org/dotbot; help@moz.com)"
5.255.231.23 - - [12/Nov/2024:04:43:57 +0100] "GET /drupal/node/1273 HTTP/1.1" 200 - "-" "Mozilla/5.0 (compatible; YandexBot/3.0; +http://yandex.com/bots)"
216.244.66.200 - - [12/Nov/2024:04:44:28 +0100] "GET /files/miniszt_2007_jan.pdf HTTP/1.1" 200 154528 "-" "Mozilla/5.0 (compatible; DotBot/1.2; +https://opensiteexplorer.org/dotbot; help@moz.com)"
216.244.66.200 - - [12/Nov/2024:04:45:30 +0100] "GET /files/normasz%C3%83%C2%B6veg.doc HTTP/1.1" 200 - "-" "Mozilla/5.0 (compatible; DotBot/1.2; +https://opensiteexplorer.org/dotbot; help@moz.com)"
216.244.66.200 - - [12/Nov/2024:04:45:49 +0100] "GET /files/0209_T_rc_ra_Pint_r_kert_TT.doc HTTP/1.1" 200 49152 "-" "Mozilla/5.0 (compatible; DotBot/1.2; +https://opensiteexplorer.org/dotbot; help@moz.com)"
216.244.66.200 - - [12/Nov/2024:04:46:19 +0100] "GET /files/19D8B89BD24C96C9C125721800386E5E.htm.txt HTTP/1.1" 200 6613 "-" "Mozilla/5.0 (compatible; DotBot/1.2; +https://opensiteexplorer.org/dotbot; help@moz.com)"
216.244.66.200 - - [12/Nov/2024:04:46:52 +0100] "GET /files/2per2004_Eum_rend_mod_terv_090908.doc HTTP/1.1" 200 743936 "-" "Mozilla/5.0 (compatible; DotBot/1.2; +https://opensiteexplorer.org/dotbot; help@moz.com)"
216.244.66.200 - - [12/Nov/2024:04:47:21 +0100] "GET /files/_5d5jm2ujjk1jo2prpd4g76uj1de174t06hc_.pdf HTTP/1.1" 200 147202 "-" "Mozilla/5.0 (compatible; DotBot/1.2; +https://opensiteexplorer.org/dotbot; help@moz.com)"
216.244.66.200 - - [12/Nov/2024:04:47:51 +0100] "GET /files/egbizt_korm_rend_mod_081114.doc HTTP/1.1" 200 124416 "-" "Mozilla/5.0 (compatible; DotBot/1.2; +https://opensiteexplorer.org/dotbot; help@moz.com)"
216.244.66.200 - - [12/Nov/2024:04:48:20 +0100] "GET /files/elelmisz_bizt_hatfelugy_tv_eloterj.pdf HTTP/1.1" 200 481719 "-" "Mozilla/5.0 (compatible; DotBot/1.2; +https://opensiteexplorer.org/dotbot; help@moz.com)"
216.244.66.200 - - [12/Nov/2024:04:48:47 +0100] "GET /files/emva_allattartotelepek_velemenyezesre.pdf HTTP/1.1" 200 286950 "-" "Mozilla/5.0 (compatible; DotBot/1.2; +https://opensiteexplorer.org/dotbot; help@moz.com)"
216.244.66.200 - - [12/Nov/2024:04:49:13 +0100] "GET /files/emva_altalanos_velemenyezesre.pdf HTTP/1.1" 200 249799 "-" "Mozilla/5.0 (compatible; DotBot/1.2; +https://opensiteexplorer.org/dotbot; help@moz.com)"
216.244.66.200 - - [12/Nov/2024:04:49:37 +0100] "GET /files/gyogyped_potlek_terv_090225.pdf HTTP/1.1" 200 312755 "-" "Mozilla/5.0 (compatible; DotBot/1.2; +https://opensiteexplorer.org/dotbot; help@moz.com)"
216.244.66.200 - - [12/Nov/2024:04:49:59 +0100] "GET /files/min_hat_gyogyszerr_taj_terv_090409.doc HTTP/1.1" 200 45056 "-" "Mozilla/5.0 (compatible; DotBot/1.2; +https://opensiteexplorer.org/dotbot; help@moz.com)"
216.244.66.200 - - [12/Nov/2024:04:50:21 +0100] "GET /files/nemz_teh_pr_csel_terv_081204.pdf HTTP/1.1" 200 167358 "-" "Mozilla/5.0 (compatible; DotBot/1.2; +https://opensiteexplorer.org/dotbot; help@moz.com)"
216.244.66.200 - - [12/Nov/2024:04:50:46 +0100] "GET /files/orvostech_eszk_min_rend_terv.doc HTTP/1.1" 200 1102336 "-" "Mozilla/5.0 (compatible; DotBot/1.2; +https://opensiteexplorer.org/dotbot; help@moz.com)"
216.244.66.200 - - [12/Nov/2024:04:51:10 +0100] "GET /files/repulesek_hmrendelet_tervezet.pdf HTTP/1.1" 200 181437 "-" "Mozilla/5.0 (compatible; DotBot/1.2; +https://opensiteexplorer.org/dotbot; help@moz.com)"
216.244.66.200 - - [12/Nov/2024:04:51:32 +0100] "GET /files/hm_rendelet_tervezet_kulszolgalat_jogallas.pdf HTTP/1.1" 200 168538 "-" "Mozilla/5.0 (compatible; DotBot/1.2; +https://opensiteexplorer.org/dotbot; help@moz.com)"
216.244.66.200 - - [12/Nov/2024:04:52:24 +0100] "GET /files/jogalkotas_nyilv%C3%83%C2%A1noss%C3%83%C2%A1ga%20m%C3%83%C2%A1rc-%C3%83%C2%A1pr.xls HTTP/1.1" 200 - "-" "Mozilla/5.0 (compatible; DotBot/1.2; +https://opensiteexplorer.org/dotbot; help@moz.com)"
216.244.66.200 - - [12/Nov/2024:04:53:32 +0100] "GET /files/0208__vegh_z.doc HTTP/1.1" 200 111104 "-" "Mozilla/5.0 (compatible; DotBot/1.2; +https://opensiteexplorer.org/dotbot; help@moz.com)"
216.244.66.200 - - [12/Nov/2024:04:54:02 +0100] "GET /files/2007.doc HTTP/1.1" 200 35840 "-" "Mozilla/5.0 (compatible; DotBot/1.2; +https://opensiteexplorer.org/dotbot; help@moz.com)"
216.244.66.200 - - [12/Nov/2024:04:54:36 +0100] "GET /files/KHEM1889.doc HTTP/1.1" 200 165888 "-" "Mozilla/5.0 (compatible; DotBot/1.2; +https://opensiteexplorer.org/dotbot; help@moz.com)"
216.244.66.200 - - [12/Nov/2024:04:55:13 +0100] "GET /files/NFGM3731__2_.pdf HTTP/1.1" 200 256734 "-" "Mozilla/5.0 (compatible; DotBot/1.2; +https://opensiteexplorer.org/dotbot; help@moz.com)"
216.244.66.200 - - [12/Nov/2024:04:55:54 +0100] "GET /files/T.2756.doc HTTP/1.1" 200 182784 "-" "Mozilla/5.0 (compatible; DotBot/1.2; +https://opensiteexplorer.org/dotbot; help@moz.com)"
216.244.66.200 - - [12/Nov/2024:04:56:46 +0100] "GET /files/UCP_070827.pdf HTTP/1.1" 200 376076 "-" "Mozilla/5.0 (compatible; DotBot/1.2; +https://opensiteexplorer.org/dotbot; help@moz.com)"
216.244.66.200 - - [12/Nov/2024:04:57:25 +0100] "GET /files/martinsalak.pdf HTTP/1.1" 200 156911 "-" "Mozilla/5.0 (compatible; DotBot/1.2; +https://opensiteexplorer.org/dotbot; help@moz.com)"
216.244.66.200 - - [12/Nov/2024:04:58:03 +0100] "GET /files/nemesfemes.pdf HTTP/1.1" 200 163354 "-" "Mozilla/5.0 (compatible; DotBot/1.2; +https://opensiteexplorer.org/dotbot; help@moz.com)"
216.244.66.200 - - [12/Nov/2024:04:59:09 +0100] "GET /files/2.mell%C3%83%C2%A9klet07.24..doc HTTP/1.1" 200 - "-" "Mozilla/5.0 (compatible; DotBot/1.2; +https://opensiteexplorer.org/dotbot; help@moz.com)"
216.244.66.200 - - [12/Nov/2024:04:59:37 +0100] "GET /files/3669_terv_071008.pdf HTTP/1.1" 200 199566 "-" "Mozilla/5.0 (compatible; DotBot/1.2; +https://opensiteexplorer.org/dotbot; help@moz.com)"
216.244.66.200 - - [12/Nov/2024:05:00:26 +0100] "GET /files/89_2004_fvm_mod_egyeztetesre_0.pdf HTTP/1.1" 200 252995 "-" "Mozilla/5.0 (compatible; DotBot/1.2; +https://opensiteexplorer.org/dotbot; help@moz.com)"
216.244.66.200 - - [12/Nov/2024:05:01:18 +0100] "GET /files/KHEM_1224_5normaszoveg.doc HTTP/1.1" 200 399241 "-" "Mozilla/5.0 (compatible; DotBot/1.2; +https://opensiteexplorer.org/dotbot; help@moz.com)"
216.244.66.200 - - [12/Nov/2024:05:01:53 +0100] "GET /files/_melln583eddnn4rb8c5q0_.pdf HTTP/1.1" 200 97727 "-" "Mozilla/5.0 (compatible; DotBot/1.2; +https://opensiteexplorer.org/dotbot; help@moz.com)"
216.244.66.200 - - [12/Nov/2024:05:02:33 +0100] "GET /files/az_uj_ptk_koncepcioja_0.pdf HTTP/1.1" 200 169125 "-" "Mozilla/5.0 (compatible; DotBot/1.2; +https://opensiteexplorer.org/dotbot; help@moz.com)"
216.244.66.200 - - [12/Nov/2024:05:03:26 +0100] "GET /files/eszk_terv_090831.pdf HTTP/1.1" 200 286298 "-" "Mozilla/5.0 (compatible; DotBot/1.2; +https://opensiteexplorer.org/dotbot; help@moz.com)"
52.167.144.139 - - [12/Nov/2024:05:03:42 +0100] "GET /files/eloterj_emberker_honlap_09.05.04.doc HTTP/1.1" 304 - "-" "Mozilla/5.0 AppleWebKit/537.36 (KHTML, like Gecko; compatible; bingbot/2.0; +http://www.bing.com/bingbot.htm) Chrome/116.0.1938.76 Safari/537.36"
216.244.66.200 - - [12/Nov/2024:05:04:00 +0100] "GET /files/muszaki_1melleklet.pdf HTTP/1.1" 200 126360 "-" "Mozilla/5.0 (compatible; DotBot/1.2; +https://opensiteexplorer.org/dotbot; help@moz.com)"
216.244.66.200 - - [12/Nov/2024:05:04:54 +0100] "GET /files/muzealis_terv_090528.pdf HTTP/1.1" 200 354356 "-" "Mozilla/5.0 (compatible; DotBot/1.2; +https://opensiteexplorer.org/dotbot; help@moz.com)"
216.244.66.200 - - [12/Nov/2024:05:05:29 +0100] "GET /files/tervezet_kozig_egyeztetesre.pdf HTTP/1.1" 200 175636 "-" "Mozilla/5.0 (compatible; DotBot/1.2; +https://opensiteexplorer.org/dotbot; help@moz.com)"
216.244.66.200 - - [12/Nov/2024:05:06:17 +0100] "GET /files/38per2003_ESZCSM_FVM_KvVM_rend_mod_100302.doc HTTP/1.1" 200 316928 "-" "Mozilla/5.0 (compatible; DotBot/1.2; +https://opensiteexplorer.org/dotbot; help@moz.com)"
216.244.66.200 - - [12/Nov/2024:05:07:22 +0100] "GET /files/Gy%C3%83%C2%A1rtm%C3%83%C2%A1nyalap%2010.02.doc HTTP/1.1" 200 - "-" "Mozilla/5.0 (compatible; DotBot/1.2; +https://opensiteexplorer.org/dotbot; help@moz.com)"
216.244.66.200 - - [12/Nov/2024:05:08:12 +0100] "GET /files/PM%20mag%C3%83%C2%A1nny%C3%83%C2%BAgd%C3%83%C2%ADj.doc HTTP/1.1" 200 - "-" "Mozilla/5.0 (compatible; DotBot/1.2; +https://opensiteexplorer.org/dotbot; help@moz.com)"
216.244.66.200 - - [12/Nov/2024:05:08:39 +0100] "GET /files/elelmiszerlanc_tv_velemenyezesre.pdf HTTP/1.1" 200 405585 "-" "Mozilla/5.0 (compatible; DotBot/1.2; +https://opensiteexplorer.org/dotbot; help@moz.com)"
216.244.66.200 - - [12/Nov/2024:05:09:21 +0100] "GET /files/gyermekszegenyseg_tervezet_2_vezossz_070125.pdf HTTP/1.1" 200 194621 "-" "Mozilla/5.0 (compatible; DotBot/1.2; +https://opensiteexplorer.org/dotbot; help@moz.com)"
216.244.66.200 - - [12/Nov/2024:05:10:03 +0100] "GET /files/korengedmenyes_ped_honlapra_060220.pdf HTTP/1.1" 200 209066 "-" "Mozilla/5.0 (compatible; DotBot/1.2; +https://opensiteexplorer.org/dotbot; help@moz.com)"
66.249.66.85 - - [12/Nov/2024:05:10:33 +0100] "GET /files/alk_tvjav.pdf HTTP/1.1" 304 - "-" "Mozilla/5.0 (Linux; Android 6.0.1; Nexus 5X Build/MMB29P) AppleWebKit/537.36 (KHTML, like Gecko) Chrome/130.0.6723.116 Mobile Safari/537.36 (compatible; Googlebot/2.1; +http://www.google.com/bot.html)"
216.244.66.200 - - [12/Nov/2024:05:20:17 +0100] "GET /robots.txt HTTP/1.1" 200 1590 "-" "Mozilla/5.0 (compatible; DotBot/1.2; +https://opensiteexplorer.org/dotbot; help@moz.com)"
216.244.66.200 - - [12/Nov/2024:05:20:17 +0100] "GET /robots.txt HTTP/1.1" 200 1590 "-" "Mozilla/5.0 (compatible; DotBot/1.2; +https://opensiteexplorer.org/dotbot; help@moz.com)"
216.244.66.200 - - [12/Nov/2024:05:31:19 +0100] "GET /files/100_1997_terv_071106.pdf HTTP/1.1" 200 628028 "-" "Mozilla/5.0 (compatible; DotBot/1.2; +https://opensiteexplorer.org/dotbot; help@moz.com)"
216.244.66.200 - - [12/Nov/2024:05:31:29 +0100] "GET /files/2006%20I%20f%C3%A9l%C3%A9v%20N%C3%96KM%20mt.xls HTTP/1.1" 200 26112 "-" "Mozilla/5.0 (compatible; DotBot/1.2; +https://opensiteexplorer.org/dotbot; help@moz.com)"
216.244.66.200 - - [12/Nov/2024:05:31:48 +0100] "GET /files/EA_eloterjesztes_Kozig.pdf HTTP/1.1" 200 383288 "-" "Mozilla/5.0 (compatible; DotBot/1.2; +https://opensiteexplorer.org/dotbot; help@moz.com)"
195.38.110.169 - - [12/Nov/2024:05:31:59 +0100] "GET /files/fejezeti_eloiranyzatok_2006.pdf HTTP/1.1" 200 178668 "https://www.google.hu/" "Mozilla/5.0 (iPhone; CPU iPhone OS 18_0_1 like Mac OS X) AppleWebKit/605.1.15 (KHTML, like Gecko) Version/18.0.1 Mobile/15E148 Safari/604.1"
195.38.110.169 - - [12/Nov/2024:05:31:59 +0100] "GET /favicon.ico HTTP/1.1" 404 57 "http://www.jogalkotas.hu/files/fejezeti_eloiranyzatok_2006.pdf" "Mozilla/5.0 (iPhone; CPU iPhone OS 18_0_1 like Mac OS X) AppleWebKit/605.1.15 (KHTML, like Gecko) Version/18.0.1 Mobile/15E148 Safari/604.1"
216.244.66.200 - - [12/Nov/2024:05:32:23 +0100] "GET /files/esztergomindokolas.doc HTTP/1.1" 200 24064 "-" "Mozilla/5.0 (compatible; DotBot/1.2; +https://opensiteexplorer.org/dotbot; help@moz.com)"
216.244.66.200 - - [12/Nov/2024:05:32:55 +0100] "GET /files/etulajdonviszonyok.doc HTTP/1.1" 200 174592 "-" "Mozilla/5.0 (compatible; DotBot/1.2; +https://opensiteexplorer.org/dotbot; help@moz.com)"
216.244.66.200 - - [12/Nov/2024:05:33:26 +0100] "GET /files/kizarolagos.doc HTTP/1.1" 200 130560 "-" "Mozilla/5.0 (compatible; DotBot/1.2; +https://opensiteexplorer.org/dotbot; help@moz.com)"
216.244.66.200 - - [12/Nov/2024:05:34:00 +0100] "GET /files/licenc_EUM_rend_100202.doc HTTP/1.1" 200 290816 "-" "Mozilla/5.0 (compatible; DotBot/1.2; +https://opensiteexplorer.org/dotbot; help@moz.com)"
216.244.66.200 - - [12/Nov/2024:05:34:33 +0100] "GET /files/miniszt_2007_apr.doc HTTP/1.1" 200 48640 "-" "Mozilla/5.0 (compatible; DotBot/1.2; +https://opensiteexplorer.org/dotbot; help@moz.com)"
216.244.66.200 - - [12/Nov/2024:05:35:07 +0100] "GET /files/nemzetisegi_terv_080130.pdf HTTP/1.1" 200 350721 "-" "Mozilla/5.0 (compatible; DotBot/1.2; +https://opensiteexplorer.org/dotbot; help@moz.com)"
216.244.66.200 - - [12/Nov/2024:05:35:37 +0100] "GET /files/oh_terv_080408.pdf HTTP/1.1" 200 171552 "-" "Mozilla/5.0 (compatible; DotBot/1.2; +https://opensiteexplorer.org/dotbot; help@moz.com)"
216.244.66.200 - - [12/Nov/2024:05:36:06 +0100] "GET /files/tervezet_Bodrogszeg.pdf HTTP/1.1" 200 187638 "-" "Mozilla/5.0 (compatible; DotBot/1.2; +https://opensiteexplorer.org/dotbot; help@moz.com)"
216.244.66.200 - - [12/Nov/2024:05:36:34 +0100] "GET /files/torvjav080630.pdf HTTP/1.1" 200 75056 "-" "Mozilla/5.0 (compatible; DotBot/1.2; +https://opensiteexplorer.org/dotbot; help@moz.com)"
216.244.66.200 - - [12/Nov/2024:05:37:02 +0100] "GET /files/0808250_Apostille_vhr_munkapeldany.pdf HTTP/1.1" 200 239778 "-" "Mozilla/5.0 (compatible; DotBot/1.2; +https://opensiteexplorer.org/dotbot; help@moz.com)"
216.244.66.200 - - [12/Nov/2024:05:37:31 +0100] "GET /files/Gjz_rendelet_tervezete_090909.doc HTTP/1.1" 200 774144 "-" "Mozilla/5.0 (compatible; DotBot/1.2; +https://opensiteexplorer.org/dotbot; help@moz.com)"
216.244.66.200 - - [12/Nov/2024:05:38:27 +0100] "GET /files/Indokol%C3%83%C2%A1s-2007-07-23.doc HTTP/1.1" 200 - "-" "Mozilla/5.0 (compatible; DotBot/1.2; +https://opensiteexplorer.org/dotbot; help@moz.com)"
216.244.66.200 - - [12/Nov/2024:05:38:50 +0100] "GET /files/_0edo6usjkedq62sjkg9jmio8_.pdf HTTP/1.1" 200 1758022 "-" "Mozilla/5.0 (compatible; DotBot/1.2; +https://opensiteexplorer.org/dotbot; help@moz.com)"
216.244.66.200 - - [12/Nov/2024:05:39:20 +0100] "GET /files/agrarkarenyhitesi_tv_modositas.pdf HTTP/1.1" 200 146683 "-" "Mozilla/5.0 (compatible; DotBot/1.2; +https://opensiteexplorer.org/dotbot; help@moz.com)"
216.244.66.200 - - [12/Nov/2024:05:39:50 +0100] "GET /files/mediacios_rendelkezesek_a_be_-ben.pdf HTTP/1.1" 200 63402 "-" "Mozilla/5.0 (compatible; DotBot/1.2; +https://opensiteexplorer.org/dotbot; help@moz.com)"
216.244.66.200 - - [12/Nov/2024:05:40:19 +0100] "GET /files/tankonyvpiac_terv_070321.pdf HTTP/1.1" 200 271612 "-" "Mozilla/5.0 (compatible; DotBot/1.2; +https://opensiteexplorer.org/dotbot; help@moz.com)"
216.244.66.200 - - [12/Nov/2024:05:41:22 +0100] "GET /files/30-1998%20m%C3%83%C2%B3d-t%C3%83%C2%A1rc%C3%83%C2%A1ra.doc HTTP/1.1" 200 - "-" "Mozilla/5.0 (compatible; DotBot/1.2; +https://opensiteexplorer.org/dotbot; help@moz.com)"
216.244.66.200 - - [12/Nov/2024:05:41:38 +0100] "GET /files/furdovizek_minosegi_kovetelmenyekrol_korm_rend_terv_08_02_18.doc HTTP/1.1" 200 277504 "-" "Mozilla/5.0 (compatible; DotBot/1.2; +https://opensiteexplorer.org/dotbot; help@moz.com)"
216.244.66.200 - - [12/Nov/2024:05:42:13 +0100] "GET /files/helyes_mezogazd_allapot_4_2004_mododositas_20060831.rtf.txt HTTP/1.1" 200 2262195 "-" "Mozilla/5.0 (compatible; DotBot/1.2; +https://opensiteexplorer.org/dotbot; help@moz.com)"
216.244.66.200 - - [12/Nov/2024:05:43:56 +0100] "GET /files/2-megfelel%C3%85%E2%80%98s%C3%83%C2%A9gi_t%C3%83%C2%A1bl_nyomon_2005-61-EK.doc HTTP/1.1" 200 - "-" "Mozilla/5.0 (compatible; DotBot/1.2; +https://opensiteexplorer.org/dotbot; help@moz.com)"
216.244.66.200 - - [12/Nov/2024:05:44:46 +0100] "GET /files/A%20T%C3%83%E2%80%93RV%C3%83%E2%80%B0NYJAVASLAT%20MELL%C3%83%E2%80%B0KLETEI.htm.txt HTTP/1.1" 200 - "-" "Mozilla/5.0 (compatible; DotBot/1.2; +https://opensiteexplorer.org/dotbot; help@moz.com)"
216.244.66.200 - - [12/Nov/2024:05:45:37 +0100] "GET /files/Ad%C3%83%C2%B3t%C3%83%C2%B6rv%C3%83%C2%A9ny_normasz%C3%83%C2%B6veg_0912.doc HTTP/1.1" 200 - "-" "Mozilla/5.0 (compatible; DotBot/1.2; +https://opensiteexplorer.org/dotbot; help@moz.com)"
216.244.66.200 - - [12/Nov/2024:05:45:58 +0100] "GET /files/19165.pdf HTTP/1.1" 200 156229 "-" "Mozilla/5.0 (compatible; DotBot/1.2; +https://opensiteexplorer.org/dotbot; help@moz.com)"
216.244.66.200 - - [12/Nov/2024:05:46:50 +0100] "GET /files/enuklhonlap.doc HTTP/1.1" 200 360448 "-" "Mozilla/5.0 (compatible; DotBot/1.2; +https://opensiteexplorer.org/dotbot; help@moz.com)"
216.244.66.200 - - [12/Nov/2024:05:47:41 +0100] "GET /files/kat_tvjav.pdf HTTP/1.1" 200 428204 "-" "Mozilla/5.0 (compatible; DotBot/1.2; +https://opensiteexplorer.org/dotbot; help@moz.com)"
216.244.66.200 - - [12/Nov/2024:05:48:30 +0100] "GET /files/mak_061209.pdf HTTP/1.1" 200 339556 "-" "Mozilla/5.0 (compatible; DotBot/1.2; +https://opensiteexplorer.org/dotbot; help@moz.com)"
216.244.66.200 - - [12/Nov/2024:05:49:34 +0100] "GET /user/148/notify HTTP/1.1" 200 - "-" "Mozilla/5.0 (compatible; DotBot/1.2; +https://opensiteexplorer.org/dotbot; help@moz.com)"
216.244.66.200 - - [12/Nov/2024:05:50:13 +0100] "GET /files/0306_tjf_110el_t..doc HTTP/1.1" 200 357249 "-" "Mozilla/5.0 (compatible; DotBot/1.2; +https://opensiteexplorer.org/dotbot; help@moz.com)"
199.47.82.20 - - [12/Nov/2024:05:50:28 +0100] "GET /robots.txt HTTP/1.1" 200 1590 "-" "Turnitin (https://bit.ly/2UvnfoQ)"
216.244.66.200 - - [12/Nov/2024:05:50:45 +0100] "GET /files/0417__sv_nyok_tervezet_k_zig.doc HTTP/1.1" 200 66048 "-" "Mozilla/5.0 (compatible; DotBot/1.2; +https://opensiteexplorer.org/dotbot; help@moz.com)"
