199.47.82.20 - - [12/Nov/2024:05:51:00 +0100] "GET /drupal/node/807 HTTP/1.1" 200 - "-" "Turnitin (https://bit.ly/2UvnfoQ)"
199.47.82.20 - - [12/Nov/2024:05:51:10 +0100] "GET /drupal/node/808 HTTP/1.1" 200 - "-" "Turnitin (https://bit.ly/2UvnfoQ)"
199.47.82.20 - - [12/Nov/2024:05:51:20 +0100] "GET /drupal/node/809 HTTP/1.1" 200 - "-" "Turnitin (https://bit.ly/2UvnfoQ)"
216.244.66.200 - - [12/Nov/2024:05:51:24 +0100] "GET /files/1179_2009_Korm-hat.pdf HTTP/1.1" 200 71431 "-" "Mozilla/5.0 (compatible; DotBot/1.2; +https://opensiteexplorer.org/dotbot; help@moz.com)"
199.47.82.20 - - [12/Nov/2024:05:51:30 +0100] "GET /drupal/node/811 HTTP/1.1" 200 - "-" "Turnitin (https://bit.ly/2UvnfoQ)"
199.47.82.20 - - [12/Nov/2024:05:51:40 +0100] "GET /drupal/node/818 HTTP/1.1" 200 - "-" "Turnitin (https://bit.ly/2UvnfoQ)"
199.47.82.20 - - [12/Nov/2024:05:51:50 +0100] "GET /drupal/node/819 HTTP/1.1" 200 - "-" "Turnitin (https://bit.ly/2UvnfoQ)"
199.47.82.20 - - [12/Nov/2024:05:52:00 +0100] "GET /drupal/node/820 HTTP/1.1" 200 - "-" "Turnitin (https://bit.ly/2UvnfoQ)"
199.47.82.20 - - [12/Nov/2024:05:52:10 +0100] "GET /drupal/node/821 HTTP/1.1" 200 - "-" "Turnitin (https://bit.ly/2UvnfoQ)"
216.244.66.200 - - [12/Nov/2024:05:52:18 +0100] "GET /files/19760_2007_070703.pdf HTTP/1.1" 200 342772 "-" "Mozilla/5.0 (compatible; DotBot/1.2; +https://opensiteexplorer.org/dotbot; help@moz.com)"
199.47.82.20 - - [12/Nov/2024:05:52:20 +0100] "GET /drupal/node/822 HTTP/1.1" 200 - "-" "Turnitin (https://bit.ly/2UvnfoQ)"
199.47.82.20 - - [12/Nov/2024:05:52:30 +0100] "GET /drupal/node/884 HTTP/1.1" 200 - "-" "Turnitin (https://bit.ly/2UvnfoQ)"
199.47.82.20 - - [12/Nov/2024:05:52:40 +0100] "GET /drupal/node/892 HTTP/1.1" 200 - "-" "Turnitin (https://bit.ly/2UvnfoQ)"
216.244.66.200 - - [12/Nov/2024:05:52:47 +0100] "GET /files/41-2000-korrel-32005L0090.doc HTTP/1.1" 200 36864 "-" "Mozilla/5.0 (compatible; DotBot/1.2; +https://opensiteexplorer.org/dotbot; help@moz.com)"
199.47.82.20 - - [12/Nov/2024:05:52:50 +0100] "GET /drupal/node/9 HTTP/1.1" 200 - "-" "Turnitin (https://bit.ly/2UvnfoQ)"
199.47.82.20 - - [12/Nov/2024:05:53:00 +0100] "GET /drupal/node/91 HTTP/1.1" 200 - "-" "Turnitin (https://bit.ly/2UvnfoQ)"
199.47.82.20 - - [12/Nov/2024:05:53:10 +0100] "GET /drupal/node/946 HTTP/1.1" 200 - "-" "Turnitin (https://bit.ly/2UvnfoQ)"
199.47.82.20 - - [12/Nov/2024:05:53:20 +0100] "GET /drupal/node/974 HTTP/1.1" 200 - "-" "Turnitin (https://bit.ly/2UvnfoQ)"
216.244.66.200 - - [12/Nov/2024:05:53:23 +0100] "GET /files/az_uj_ptk_koncepcioja.pdf HTTP/1.1" 200 169125 "-" "Mozilla/5.0 (compatible; DotBot/1.2; +https://opensiteexplorer.org/dotbot; help@moz.com)"
199.47.82.20 - - [12/Nov/2024:05:53:30 +0100] "GET /drupal/node/99 HTTP/1.1" 200 - "-" "Turnitin (https://bit.ly/2UvnfoQ)"
199.47.82.20 - - [12/Nov/2024:05:53:40 +0100] "GET /drupal/taxonomy/term/1 HTTP/1.1" 200 - "-" "Turnitin (https://bit.ly/2UvnfoQ)"
199.47.82.20 - - [12/Nov/2024:05:53:50 +0100] "GET /drupal/taxonomy/term/1?from=10 HTTP/1.1" 200 - "-" "Turnitin (https://bit.ly/2UvnfoQ)"
216.244.66.200 - - [12/Nov/2024:05:53:57 +0100] "GET /files/birosagi_ugyintezo.doc HTTP/1.1" 200 31744 "-" "Mozilla/5.0 (compatible; DotBot/1.2; +https://opensiteexplorer.org/dotbot; help@moz.com)"
199.47.82.20 - - [12/Nov/2024:05:54:00 +0100] "GET /drupal/taxonomy/term/1?from=15 HTTP/1.1" 200 - "-" "Turnitin (https://bit.ly/2UvnfoQ)"
199.47.82.20 - - [12/Nov/2024:05:54:10 +0100] "GET /drupal/taxonomy/term/1?from=1720 HTTP/1.1" 200 - "-" "Turnitin (https://bit.ly/2UvnfoQ)"
199.47.82.20 - - [12/Nov/2024:05:54:20 +0100] "GET /drupal/taxonomy/term/1?from=1850 HTTP/1.1" 200 - "-" "Turnitin (https://bit.ly/2UvnfoQ)"
199.47.82.20 - - [12/Nov/2024:05:54:30 +0100] "GET /drupal/taxonomy/term/1?from=1880 HTTP/1.1" 200 - "-" "Turnitin (https://bit.ly/2UvnfoQ)"
216.244.66.200 - - [12/Nov/2024:05:54:37 +0100] "GET /files/bt_terv_100302.pdf HTTP/1.1" 200 163857 "-" "Mozilla/5.0 (compatible; DotBot/1.2; +https://opensiteexplorer.org/dotbot; help@moz.com)"
199.47.82.20 - - [12/Nov/2024:05:54:40 +0100] "GET /drupal/taxonomy/term/1?from=20 HTTP/1.1" 200 - "-" "Turnitin (https://bit.ly/2UvnfoQ)"
199.47.82.20 - - [12/Nov/2024:05:54:50 +0100] "GET /drupal/taxonomy/term/1?from=2180 HTTP/1.1" 200 - "-" "Turnitin (https://bit.ly/2UvnfoQ)"
199.47.82.20 - - [12/Nov/2024:05:55:00 +0100] "GET /drupal/taxonomy/term/1?from=25 HTTP/1.1" 200 - "-" "Turnitin (https://bit.ly/2UvnfoQ)"
199.47.82.20 - - [12/Nov/2024:05:55:10 +0100] "GET /drupal/taxonomy/term/1?from=30 HTTP/1.1" 200 - "-" "Turnitin (https://bit.ly/2UvnfoQ)"
216.244.66.200 - - [12/Nov/2024:05:55:16 +0100] "GET /files/ig.szak.muk_tervezet.09.01.doc HTTP/1.1" 200 99840 "-" "Mozilla/5.0 (compatible; DotBot/1.2; +https://opensiteexplorer.org/dotbot; help@moz.com)"
199.47.82.20 - - [12/Nov/2024:05:55:20 +0100] "GET /drupal/taxonomy/term/1?from=35 HTTP/1.1" 200 - "-" "Turnitin (https://bit.ly/2UvnfoQ)"
199.47.82.20 - - [12/Nov/2024:05:55:30 +0100] "GET /drupal/taxonomy/term/1?from=40 HTTP/1.1" 200 - "-" "Turnitin (https://bit.ly/2UvnfoQ)"
199.47.82.20 - - [12/Nov/2024:05:55:40 +0100] "GET /drupal/taxonomy/term/1?from=5 HTTP/1.1" 200 - "-" "Turnitin (https://bit.ly/2UvnfoQ)"
199.47.82.20 - - [12/Nov/2024:05:55:50 +0100] "GET /drupal/taxonomy/term/100 HTTP/1.1" 200 - "-" "Turnitin (https://bit.ly/2UvnfoQ)"
216.244.66.200 - - [12/Nov/2024:05:55:59 +0100] "GET /files/igszak.kepz._mod_090727..doc HTTP/1.1" 200 260608 "-" "Mozilla/5.0 (compatible; DotBot/1.2; +https://opensiteexplorer.org/dotbot; help@moz.com)"
199.47.82.20 - - [12/Nov/2024:05:56:00 +0100] "GET /drupal/taxonomy/term/18 HTTP/1.1" 200 - "-" "Turnitin (https://bit.ly/2UvnfoQ)"
199.47.82.20 - - [12/Nov/2024:05:56:10 +0100] "GET /drupal/taxonomy/term/20 HTTP/1.1" 200 - "-" "Turnitin (https://bit.ly/2UvnfoQ)"
199.47.82.20 - - [12/Nov/2024:05:56:20 +0100] "GET /drupal/taxonomy/term/20?from=10 HTTP/1.1" 200 - "-" "Turnitin (https://bit.ly/2UvnfoQ)"
199.47.82.20 - - [12/Nov/2024:05:56:30 +0100] "GET /drupal/taxonomy/term/20?from=5 HTTP/1.1" 200 - "-" "Turnitin (https://bit.ly/2UvnfoQ)"
216.244.66.200 - - [12/Nov/2024:05:56:38 +0100] "GET /files/korbetartozas.doc HTTP/1.1" 200 113664 "-" "Mozilla/5.0 (compatible; DotBot/1.2; +https://opensiteexplorer.org/dotbot; help@moz.com)"
199.47.82.20 - - [12/Nov/2024:05:56:40 +0100] "GET /drupal/taxonomy/term/21 HTTP/1.1" 200 - "-" "Turnitin (https://bit.ly/2UvnfoQ)"
199.47.82.20 - - [12/Nov/2024:05:56:50 +0100] "GET /drupal/taxonomy/term/21?from=10 HTTP/1.1" 200 - "-" "Turnitin (https://bit.ly/2UvnfoQ)"
199.47.82.20 - - [12/Nov/2024:05:57:00 +0100] "GET /drupal/taxonomy/term/21?from=15 HTTP/1.1" 200 - "-" "Turnitin (https://bit.ly/2UvnfoQ)"
199.47.82.20 - - [12/Nov/2024:05:57:10 +0100] "GET /drupal/taxonomy/term/21?from=1660 HTTP/1.1" 200 - "-" "Turnitin (https://bit.ly/2UvnfoQ)"
216.244.66.200 - - [12/Nov/2024:05:57:15 +0100] "GET /files/mszn_terv_080806.pdf HTTP/1.1" 200 120921 "-" "Mozilla/5.0 (compatible; DotBot/1.2; +https://opensiteexplorer.org/dotbot; help@moz.com)"
199.47.82.20 - - [12/Nov/2024:05:57:20 +0100] "GET /drupal/taxonomy/term/21?from=1785 HTTP/1.1" 200 - "-" "Turnitin (https://bit.ly/2UvnfoQ)"
199.47.82.20 - - [12/Nov/2024:05:57:30 +0100] "GET /drupal/taxonomy/term/21?from=1795 HTTP/1.1" 200 - "-" "Turnitin (https://bit.ly/2UvnfoQ)"
199.47.82.20 - - [12/Nov/2024:05:57:40 +0100] "GET /drupal/taxonomy/term/21?from=1825 HTTP/1.1" 200 - "-" "Turnitin (https://bit.ly/2UvnfoQ)"
199.47.82.20 - - [12/Nov/2024:05:57:50 +0100] "GET /drupal/taxonomy/term/21?from=1905 HTTP/1.1" 200 - "-" "Turnitin (https://bit.ly/2UvnfoQ)"
216.244.66.200 - - [12/Nov/2024:05:57:55 +0100] "GET /files/nekika_terv_080826.pdf HTTP/1.1" 200 248367 "-" "Mozilla/5.0 (compatible; DotBot/1.2; +https://opensiteexplorer.org/dotbot; help@moz.com)"
199.47.82.20 - - [12/Nov/2024:05:58:00 +0100] "GET /drupal/taxonomy/term/21?from=20 HTTP/1.1" 200 - "-" "Turnitin (https://bit.ly/2UvnfoQ)"
199.47.82.20 - - [12/Nov/2024:05:58:10 +0100] "GET /drupal/taxonomy/term/21?from=25 HTTP/1.1" 200 - "-" "Turnitin (https://bit.ly/2UvnfoQ)"
199.47.82.20 - - [12/Nov/2024:05:58:20 +0100] "GET /drupal/taxonomy/term/21?from=30 HTTP/1.1" 200 - "-" "Turnitin (https://bit.ly/2UvnfoQ)"
216.244.66.200 - - [12/Nov/2024:05:58:28 +0100] "GET /files/szoc_raszorultsag_terv_061211.pdf HTTP/1.1" 200 163844 "-" "Mozilla/5.0 (compatible; DotBot/1.2; +https://opensiteexplorer.org/dotbot; help@moz.com)"
199.47.82.20 - - [12/Nov/2024:05:58:30 +0100] "GET /drupal/taxonomy/term/21?from=35 HTTP/1.1" 200 - "-" "Turnitin (https://bit.ly/2UvnfoQ)"
199.47.82.20 - - [12/Nov/2024:05:58:40 +0100] "GET /drupal/taxonomy/term/21?from=40 HTTP/1.1" 200 - "-" "Turnitin (https://bit.ly/2UvnfoQ)"
199.47.82.20 - - [12/Nov/2024:05:58:50 +0100] "GET /drupal/taxonomy/term/21?from=5 HTTP/1.1" 200 - "-" "Turnitin (https://bit.ly/2UvnfoQ)"
199.47.82.20 - - [12/Nov/2024:05:59:00 +0100] "GET /drupal/taxonomy/term/23 HTTP/1.1" 200 - "-" "Turnitin (https://bit.ly/2UvnfoQ)"
199.47.82.20 - - [12/Nov/2024:05:59:10 +0100] "GET /drupal/taxonomy/term/23?from=0 HTTP/1.1" 200 - "-" "Turnitin (https://bit.ly/2UvnfoQ)"
199.47.82.20 - - [12/Nov/2024:05:59:20 +0100] "GET /drupal/taxonomy/term/23?from=10 HTTP/1.1" 200 - "-" "Turnitin (https://bit.ly/2UvnfoQ)"
199.47.82.20 - - [12/Nov/2024:05:59:30 +0100] "GET /drupal/taxonomy/term/23?from=15 HTTP/1.1" 200 - "-" "Turnitin (https://bit.ly/2UvnfoQ)"
199.47.82.20 - - [12/Nov/2024:05:59:40 +0100] "GET /drupal/taxonomy/term/23?from=20 HTTP/1.1" 200 - "-" "Turnitin (https://bit.ly/2UvnfoQ)"
199.47.82.20 - - [12/Nov/2024:05:59:50 +0100] "GET /drupal/taxonomy/term/23?from=25 HTTP/1.1" 200 - "-" "Turnitin (https://bit.ly/2UvnfoQ)"
199.47.82.20 - - [12/Nov/2024:06:00:00 +0100] "GET /drupal/taxonomy/term/23?from=30 HTTP/1.1" 200 - "-" "Turnitin (https://bit.ly/2UvnfoQ)"
199.47.82.20 - - [12/Nov/2024:06:00:10 +0100] "GET /drupal/taxonomy/term/23?from=5 HTTP/1.1" 200 - "-" "Turnitin (https://bit.ly/2UvnfoQ)"
199.47.82.20 - - [12/Nov/2024:06:00:20 +0100] "GET /drupal/taxonomy/term/24 HTTP/1.1" 200 - "-" "Turnitin (https://bit.ly/2UvnfoQ)"
199.47.82.20 - - [12/Nov/2024:06:00:30 +0100] "GET /drupal/taxonomy/term/24?from=10 HTTP/1.1" 200 - "-" "Turnitin (https://bit.ly/2UvnfoQ)"
199.47.82.20 - - [12/Nov/2024:06:00:40 +0100] "GET /drupal/taxonomy/term/24?from=15 HTTP/1.1" 200 - "-" "Turnitin (https://bit.ly/2UvnfoQ)"
199.47.82.20 - - [12/Nov/2024:06:00:50 +0100] "GET /drupal/taxonomy/term/24?from=20 HTTP/1.1" 200 - "-" "Turnitin (https://bit.ly/2UvnfoQ)"
199.47.82.20 - - [12/Nov/2024:06:01:00 +0100] "GET /drupal/taxonomy/term/24?from=205 HTTP/1.1" 200 - "-" "Turnitin (https://bit.ly/2UvnfoQ)"
199.47.82.20 - - [12/Nov/2024:06:01:10 +0100] "GET /drupal/taxonomy/term/24?from=220 HTTP/1.1" 200 - "-" "Turnitin (https://bit.ly/2UvnfoQ)"
199.47.82.20 - - [12/Nov/2024:06:01:21 +0100] "GET /drupal/taxonomy/term/24?from=225 HTTP/1.1" 200 - "-" "Turnitin (https://bit.ly/2UvnfoQ)"
199.47.82.20 - - [12/Nov/2024:06:01:30 +0100] "GET /drupal/taxonomy/term/24?from=230 HTTP/1.1" 200 - "-" "Turnitin (https://bit.ly/2UvnfoQ)"
199.47.82.20 - - [12/Nov/2024:06:01:40 +0100] "GET /drupal/taxonomy/term/24?from=245 HTTP/1.1" 200 - "-" "Turnitin (https://bit.ly/2UvnfoQ)"
199.47.82.20 - - [12/Nov/2024:06:01:50 +0100] "GET /drupal/taxonomy/term/24?from=25 HTTP/1.1" 200 - "-" "Turnitin (https://bit.ly/2UvnfoQ)"
199.47.82.20 - - [12/Nov/2024:06:02:00 +0100] "GET /drupal/taxonomy/term/24?from=30 HTTP/1.1" 200 - "-" "Turnitin (https://bit.ly/2UvnfoQ)"
199.47.82.20 - - [12/Nov/2024:06:02:10 +0100] "GET /drupal/taxonomy/term/24?from=35 HTTP/1.1" 200 - "-" "Turnitin (https://bit.ly/2UvnfoQ)"
199.47.82.20 - - [12/Nov/2024:06:02:20 +0100] "GET /drupal/taxonomy/term/24?from=40 HTTP/1.1" 200 - "-" "Turnitin (https://bit.ly/2UvnfoQ)"
199.47.82.20 - - [12/Nov/2024:06:02:30 +0100] "GET /drupal/taxonomy/term/24?from=5 HTTP/1.1" 200 - "-" "Turnitin (https://bit.ly/2UvnfoQ)"
199.47.82.20 - - [12/Nov/2024:06:02:40 +0100] "GET /drupal/taxonomy/term/25 HTTP/1.1" 200 - "-" "Turnitin (https://bit.ly/2UvnfoQ)"
199.47.82.20 - - [12/Nov/2024:06:02:50 +0100] "GET /drupal/taxonomy/term/25?from=165 HTTP/1.1" 200 - "-" "Turnitin (https://bit.ly/2UvnfoQ)"
199.47.82.20 - - [12/Nov/2024:06:03:00 +0100] "GET /drupal/taxonomy/term/26 HTTP/1.1" 200 - "-" "Turnitin (https://bit.ly/2UvnfoQ)"
199.47.82.20 - - [12/Nov/2024:06:03:10 +0100] "GET /drupal/taxonomy/term/26?from=5 HTTP/1.1" 200 - "-" "Turnitin (https://bit.ly/2UvnfoQ)"
199.47.82.20 - - [12/Nov/2024:06:03:20 +0100] "GET /drupal/taxonomy/term/27 HTTP/1.1" 200 - "-" "Turnitin (https://bit.ly/2UvnfoQ)"
199.47.82.20 - - [12/Nov/2024:06:03:30 +0100] "GET /drupal/taxonomy/term/27?from=10 HTTP/1.1" 200 - "-" "Turnitin (https://bit.ly/2UvnfoQ)"
199.47.82.20 - - [12/Nov/2024:06:03:40 +0100] "GET /drupal/taxonomy/term/27?from=15 HTTP/1.1" 200 - "-" "Turnitin (https://bit.ly/2UvnfoQ)"
199.47.82.20 - - [12/Nov/2024:06:03:50 +0100] "GET /drupal/taxonomy/term/27?from=20 HTTP/1.1" 200 - "-" "Turnitin (https://bit.ly/2UvnfoQ)"
199.47.82.20 - - [12/Nov/2024:06:04:00 +0100] "GET /drupal/taxonomy/term/27?from=25 HTTP/1.1" 200 - "-" "Turnitin (https://bit.ly/2UvnfoQ)"
199.47.82.20 - - [12/Nov/2024:06:04:10 +0100] "GET /drupal/taxonomy/term/27?from=265 HTTP/1.1" 200 - "-" "Turnitin (https://bit.ly/2UvnfoQ)"
199.47.82.20 - - [12/Nov/2024:06:04:20 +0100] "GET /drupal/taxonomy/term/27?from=30 HTTP/1.1" 200 - "-" "Turnitin (https://bit.ly/2UvnfoQ)"
199.47.82.20 - - [12/Nov/2024:06:04:30 +0100] "GET /drupal/taxonomy/term/27?from=35 HTTP/1.1" 200 - "-" "Turnitin (https://bit.ly/2UvnfoQ)"
199.47.82.20 - - [12/Nov/2024:06:04:40 +0100] "GET /drupal/taxonomy/term/27?from=40 HTTP/1.1" 200 - "-" "Turnitin (https://bit.ly/2UvnfoQ)"
199.47.82.20 - - [12/Nov/2024:06:04:50 +0100] "GET /drupal/taxonomy/term/27?from=5 HTTP/1.1" 200 - "-" "Turnitin (https://bit.ly/2UvnfoQ)"
199.47.82.20 - - [12/Nov/2024:06:05:00 +0100] "GET /drupal/taxonomy/term/28 HTTP/1.1" 200 - "-" "Turnitin (https://bit.ly/2UvnfoQ)"
199.47.82.20 - - [12/Nov/2024:06:05:10 +0100] "GET /drupal/taxonomy/term/28?from=10 HTTP/1.1" 200 - "-" "Turnitin (https://bit.ly/2UvnfoQ)"
199.47.82.20 - - [12/Nov/2024:06:05:20 +0100] "GET /drupal/taxonomy/term/28?from=15 HTTP/1.1" 200 - "-" "Turnitin (https://bit.ly/2UvnfoQ)"
199.47.82.20 - - [12/Nov/2024:06:05:30 +0100] "GET /drupal/taxonomy/term/28?from=85 HTTP/1.1" 200 - "-" "Turnitin (https://bit.ly/2UvnfoQ)"
199.47.82.20 - - [12/Nov/2024:06:05:40 +0100] "GET /drupal/taxonomy/term/28?from=90 HTTP/1.1" 200 - "-" "Turnitin (https://bit.ly/2UvnfoQ)"
199.47.82.20 - - [12/Nov/2024:06:05:50 +0100] "GET /drupal/taxonomy/term/29 HTTP/1.1" 200 - "-" "Turnitin (https://bit.ly/2UvnfoQ)"
199.47.82.20 - - [12/Nov/2024:06:06:00 +0100] "GET /drupal/taxonomy/term/29?from=10 HTTP/1.1" 200 - "-" "Turnitin (https://bit.ly/2UvnfoQ)"
199.47.82.20 - - [12/Nov/2024:06:06:10 +0100] "GET /drupal/taxonomy/term/29?from=15 HTTP/1.1" 200 - "-" "Turnitin (https://bit.ly/2UvnfoQ)"
199.47.82.20 - - [12/Nov/2024:06:06:20 +0100] "GET /drupal/taxonomy/term/29?from=5 HTTP/1.1" 200 - "-" "Turnitin (https://bit.ly/2UvnfoQ)"
199.47.82.20 - - [12/Nov/2024:06:06:30 +0100] "GET /drupal/taxonomy/term/3 HTTP/1.1" 200 - "-" "Turnitin (https://bit.ly/2UvnfoQ)"
199.47.82.20 - - [12/Nov/2024:06:06:40 +0100] "GET /drupal/taxonomy/term/3?from=0 HTTP/1.1" 200 - "-" "Turnitin (https://bit.ly/2UvnfoQ)"
199.47.82.20 - - [12/Nov/2024:06:06:50 +0100] "GET /drupal/taxonomy/term/3?from=10 HTTP/1.1" 200 - "-" "Turnitin (https://bit.ly/2UvnfoQ)"
199.47.82.20 - - [12/Nov/2024:06:07:00 +0100] "GET /drupal/taxonomy/term/3?from=5 HTTP/1.1" 200 - "-" "Turnitin (https://bit.ly/2UvnfoQ)"
199.47.82.20 - - [12/Nov/2024:06:07:10 +0100] "GET /drupal/taxonomy/term/31 HTTP/1.1" 200 - "-" "Turnitin (https://bit.ly/2UvnfoQ)"
199.47.82.20 - - [12/Nov/2024:06:07:20 +0100] "GET /drupal/taxonomy/term/31?from=0 HTTP/1.1" 200 - "-" "Turnitin (https://bit.ly/2UvnfoQ)"
199.47.82.20 - - [12/Nov/2024:06:07:30 +0100] "GET /drupal/taxonomy/term/31?from=5 HTTP/1.1" 200 - "-" "Turnitin (https://bit.ly/2UvnfoQ)"
199.47.82.20 - - [12/Nov/2024:06:07:40 +0100] "GET /drupal/taxonomy/term/32 HTTP/1.1" 200 - "-" "Turnitin (https://bit.ly/2UvnfoQ)"
199.47.82.20 - - [12/Nov/2024:06:07:50 +0100] "GET /drupal/taxonomy/term/32?from=10 HTTP/1.1" 200 - "-" "Turnitin (https://bit.ly/2UvnfoQ)"
199.47.82.20 - - [12/Nov/2024:06:08:00 +0100] "GET /drupal/taxonomy/term/32?from=15 HTTP/1.1" 200 - "-" "Turnitin (https://bit.ly/2UvnfoQ)"
199.47.82.20 - - [12/Nov/2024:06:08:10 +0100] "GET /drupal/taxonomy/term/32?from=195 HTTP/1.1" 200 - "-" "Turnitin (https://bit.ly/2UvnfoQ)"
199.47.82.20 - - [12/Nov/2024:06:08:20 +0100] "GET /drupal/taxonomy/term/32?from=20 HTTP/1.1" 200 - "-" "Turnitin (https://bit.ly/2UvnfoQ)"
199.47.82.20 - - [12/Nov/2024:06:08:30 +0100] "GET /drupal/taxonomy/term/32?from=210 HTTP/1.1" 200 - "-" "Turnitin (https://bit.ly/2UvnfoQ)"
199.47.82.20 - - [12/Nov/2024:06:08:40 +0100] "GET /drupal/taxonomy/term/32?from=25 HTTP/1.1" 200 - "-" "Turnitin (https://bit.ly/2UvnfoQ)"
199.47.82.20 - - [12/Nov/2024:06:08:50 +0100] "GET /drupal/taxonomy/term/32?from=30 HTTP/1.1" 200 - "-" "Turnitin (https://bit.ly/2UvnfoQ)"
199.47.82.20 - - [12/Nov/2024:06:09:00 +0100] "GET /drupal/taxonomy/term/32?from=35 HTTP/1.1" 200 - "-" "Turnitin (https://bit.ly/2UvnfoQ)"
66.249.66.87 - - [12/Nov/2024:06:09:09 +0100] "GET /files/muemlek_terv_081124.pdf HTTP/1.1" 304 - "-" "Mozilla/5.0 (Linux; Android 6.0.1; Nexus 5X Build/MMB29P) AppleWebKit/537.36 (KHTML, like Gecko) Chrome/130.0.6723.116 Mobile Safari/537.36 (compatible; Googlebot/2.1; +http://www.google.com/bot.html)"
199.47.82.20 - - [12/Nov/2024:06:09:10 +0100] "GET /drupal/taxonomy/term/32?from=40 HTTP/1.1" 200 - "-" "Turnitin (https://bit.ly/2UvnfoQ)"
199.47.82.20 - - [12/Nov/2024:06:09:20 +0100] "GET /drupal/taxonomy/term/32?from=5 HTTP/1.1" 200 - "-" "Turnitin (https://bit.ly/2UvnfoQ)"
199.47.82.20 - - [12/Nov/2024:06:09:30 +0100] "GET /drupal/taxonomy/term/33 HTTP/1.1" 200 - "-" "Turnitin (https://bit.ly/2UvnfoQ)"
199.47.82.20 - - [12/Nov/2024:06:09:40 +0100] "GET /drupal/taxonomy/term/33?from=10 HTTP/1.1" 200 - "-" "Turnitin (https://bit.ly/2UvnfoQ)"
199.47.82.20 - - [12/Nov/2024:06:09:50 +0100] "GET /drupal/taxonomy/term/33?from=5 HTTP/1.1" 200 - "-" "Turnitin (https://bit.ly/2UvnfoQ)"
216.244.66.200 - - [12/Nov/2024:06:09:51 +0100] "GET /robots.txt HTTP/1.1" 200 1590 "-" "Mozilla/5.0 (compatible; DotBot/1.2; +https://opensiteexplorer.org/dotbot; help@moz.com)"
216.244.66.200 - - [12/Nov/2024:06:09:52 +0100] "GET /robots.txt HTTP/1.1" 200 1590 "-" "Mozilla/5.0 (compatible; DotBot/1.2; +https://opensiteexplorer.org/dotbot; help@moz.com)"
199.47.82.20 - - [12/Nov/2024:06:10:00 +0100] "GET /drupal/taxonomy/term/34 HTTP/1.1" 200 - "-" "Turnitin (https://bit.ly/2UvnfoQ)"
199.47.82.20 - - [12/Nov/2024:06:10:10 +0100] "GET /drupal/taxonomy/term/35 HTTP/1.1" 200 - "-" "Turnitin (https://bit.ly/2UvnfoQ)"
66.249.66.86 - - [12/Nov/2024:06:10:13 +0100] "GET /files/BacskiskunIndokolas.pdf HTTP/1.1" 304 - "-" "Mozilla/5.0 (Linux; Android 6.0.1; Nexus 5X Build/MMB29P) AppleWebKit/537.36 (KHTML, like Gecko) Chrome/130.0.6723.116 Mobile Safari/537.36 (compatible; Googlebot/2.1; +http://www.google.com/bot.html)"
199.47.82.20 - - [12/Nov/2024:06:10:20 +0100] "GET /drupal/taxonomy/term/36 HTTP/1.1" 200 - "-" "Turnitin (https://bit.ly/2UvnfoQ)"
199.47.82.20 - - [12/Nov/2024:06:10:30 +0100] "GET /drupal/taxonomy/term/36?from=10 HTTP/1.1" 200 - "-" "Turnitin (https://bit.ly/2UvnfoQ)"
199.47.82.20 - - [12/Nov/2024:06:10:40 +0100] "GET /drupal/taxonomy/term/36?from=15 HTTP/1.1" 200 - "-" "Turnitin (https://bit.ly/2UvnfoQ)"
199.47.82.20 - - [12/Nov/2024:06:10:50 +0100] "GET /drupal/taxonomy/term/36?from=20 HTTP/1.1" 200 - "-" "Turnitin (https://bit.ly/2UvnfoQ)"
199.47.82.20 - - [12/Nov/2024:06:11:00 +0100] "GET /drupal/taxonomy/term/36?from=25 HTTP/1.1" 200 - "-" "Turnitin (https://bit.ly/2UvnfoQ)"
199.47.82.20 - - [12/Nov/2024:06:11:10 +0100] "GET /drupal/taxonomy/term/36?from=30 HTTP/1.1" 200 - "-" "Turnitin (https://bit.ly/2UvnfoQ)"
199.47.82.20 - - [12/Nov/2024:06:11:20 +0100] "GET /drupal/taxonomy/term/36?from=35 HTTP/1.1" 200 - "-" "Turnitin (https://bit.ly/2UvnfoQ)"
199.47.82.20 - - [12/Nov/2024:06:11:30 +0100] "GET /drupal/taxonomy/term/36?from=40 HTTP/1.1" 200 - "-" "Turnitin (https://bit.ly/2UvnfoQ)"
199.47.82.20 - - [12/Nov/2024:06:11:41 +0100] "GET /drupal/taxonomy/term/36?from=5 HTTP/1.1" 200 - "-" "Turnitin (https://bit.ly/2UvnfoQ)"
199.47.82.20 - - [12/Nov/2024:06:11:50 +0100] "GET /drupal/taxonomy/term/36?from=75 HTTP/1.1" 200 - "-" "Turnitin (https://bit.ly/2UvnfoQ)"
199.47.82.20 - - [12/Nov/2024:06:12:00 +0100] "GET /drupal/taxonomy/term/37 HTTP/1.1" 200 - "-" "Turnitin (https://bit.ly/2UvnfoQ)"
199.47.82.20 - - [12/Nov/2024:06:12:10 +0100] "GET /drupal/taxonomy/term/38 HTTP/1.1" 200 - "-" "Turnitin (https://bit.ly/2UvnfoQ)"
47.128.97.73 - - [12/Nov/2024:06:12:20 +0100] "GET /drupal/node/26 HTTP/1.1" 200 - "-" "Mozilla/5.0 (Linux; Android 5.0) AppleWebKit/537.36 (KHTML, like Gecko) Mobile Safari/537.36 (compatible; Bytespider; spider-feedback@bytedance.com)"
199.47.82.20 - - [12/Nov/2024:06:12:20 +0100] "GET /drupal/taxonomy/term/39 HTTP/1.1" 200 - "-" "Turnitin (https://bit.ly/2UvnfoQ)"
199.47.82.20 - - [12/Nov/2024:06:12:30 +0100] "GET /drupal/taxonomy/term/39?from=10 HTTP/1.1" 200 - "-" "Turnitin (https://bit.ly/2UvnfoQ)"
199.47.82.20 - - [12/Nov/2024:06:12:40 +0100] "GET /drupal/taxonomy/term/39?from=15 HTTP/1.1" 200 - "-" "Turnitin (https://bit.ly/2UvnfoQ)"
199.47.82.20 - - [12/Nov/2024:06:12:50 +0100] "GET /drupal/taxonomy/term/39?from=20 HTTP/1.1" 200 - "-" "Turnitin (https://bit.ly/2UvnfoQ)"
199.47.82.20 - - [12/Nov/2024:06:13:00 +0100] "GET /drupal/taxonomy/term/39?from=25 HTTP/1.1" 200 - "-" "Turnitin (https://bit.ly/2UvnfoQ)"
199.47.82.20 - - [12/Nov/2024:06:13:10 +0100] "GET /drupal/taxonomy/term/39?from=30 HTTP/1.1" 200 - "-" "Turnitin (https://bit.ly/2UvnfoQ)"
199.47.82.20 - - [12/Nov/2024:06:13:20 +0100] "GET /drupal/taxonomy/term/39?from=35 HTTP/1.1" 200 - "-" "Turnitin (https://bit.ly/2UvnfoQ)"
199.47.82.20 - - [12/Nov/2024:06:13:30 +0100] "GET /drupal/taxonomy/term/39?from=360 HTTP/1.1" 200 - "-" "Turnitin (https://bit.ly/2UvnfoQ)"
199.47.82.20 - - [12/Nov/2024:06:13:40 +0100] "GET /drupal/taxonomy/term/39?from=390 HTTP/1.1" 200 - "-" "Turnitin (https://bit.ly/2UvnfoQ)"
199.47.82.20 - - [12/Nov/2024:06:13:50 +0100] "GET /drupal/taxonomy/term/39?from=395 HTTP/1.1" 200 - "-" "Turnitin (https://bit.ly/2UvnfoQ)"
199.47.82.20 - - [12/Nov/2024:06:14:00 +0100] "GET /drupal/taxonomy/term/39?from=40 HTTP/1.1" 200 - "-" "Turnitin (https://bit.ly/2UvnfoQ)"
199.47.82.20 - - [12/Nov/2024:06:14:10 +0100] "GET /drupal/taxonomy/term/39?from=475 HTTP/1.1" 200 - "-" "Turnitin (https://bit.ly/2UvnfoQ)"
199.47.82.20 - - [12/Nov/2024:06:14:20 +0100] "GET /drupal/taxonomy/term/39?from=5 HTTP/1.1" 200 - "-" "Turnitin (https://bit.ly/2UvnfoQ)"
199.47.82.20 - - [12/Nov/2024:06:14:30 +0100] "GET /drupal/taxonomy/term/40 HTTP/1.1" 200 - "-" "Turnitin (https://bit.ly/2UvnfoQ)"
199.47.82.20 - - [12/Nov/2024:06:14:40 +0100] "GET /drupal/taxonomy/term/40?from=10 HTTP/1.1" 200 - "-" "Turnitin (https://bit.ly/2UvnfoQ)"
199.47.82.20 - - [12/Nov/2024:06:14:50 +0100] "GET /drupal/taxonomy/term/40?from=1300 HTTP/1.1" 200 - "-" "Turnitin (https://bit.ly/2UvnfoQ)"
199.47.82.20 - - [12/Nov/2024:06:15:00 +0100] "GET /drupal/taxonomy/term/40?from=1395 HTTP/1.1" 200 - "-" "Turnitin (https://bit.ly/2UvnfoQ)"
199.47.82.20 - - [12/Nov/2024:06:15:10 +0100] "GET /drupal/taxonomy/term/40?from=1420 HTTP/1.1" 200 - "-" "Turnitin (https://bit.ly/2UvnfoQ)"
199.47.82.20 - - [12/Nov/2024:06:15:20 +0100] "GET /drupal/taxonomy/term/40?from=15 HTTP/1.1" 200 - "-" "Turnitin (https://bit.ly/2UvnfoQ)"
199.47.82.20 - - [12/Nov/2024:06:15:30 +0100] "GET /drupal/taxonomy/term/40?from=1635 HTTP/1.1" 200 - "-" "Turnitin (https://bit.ly/2UvnfoQ)"
199.47.82.20 - - [12/Nov/2024:06:15:40 +0100] "GET /drupal/taxonomy/term/40?from=20 HTTP/1.1" 200 - "-" "Turnitin (https://bit.ly/2UvnfoQ)"
199.47.82.20 - - [12/Nov/2024:06:15:50 +0100] "GET /drupal/taxonomy/term/40?from=25 HTTP/1.1" 200 - "-" "Turnitin (https://bit.ly/2UvnfoQ)"
199.47.82.20 - - [12/Nov/2024:06:16:00 +0100] "GET /drupal/taxonomy/term/40?from=30 HTTP/1.1" 200 - "-" "Turnitin (https://bit.ly/2UvnfoQ)"
199.47.82.20 - - [12/Nov/2024:06:16:10 +0100] "GET /drupal/taxonomy/term/40?from=35 HTTP/1.1" 200 - "-" "Turnitin (https://bit.ly/2UvnfoQ)"
47.128.59.98 - - [12/Nov/2024:06:16:20 +0100] "GET /drupal/ HTTP/1.1" 200 - "-" "Mozilla/5.0 (Linux; Android 5.0) AppleWebKit/537.36 (KHTML, like Gecko) Mobile Safari/537.36 (compatible; Bytespider; spider-feedback@bytedance.com)"
199.47.82.20 - - [12/Nov/2024:06:16:20 +0100] "GET /drupal/taxonomy/term/40?from=40 HTTP/1.1" 200 - "-" "Turnitin (https://bit.ly/2UvnfoQ)"
199.47.82.20 - - [12/Nov/2024:06:16:30 +0100] "GET /drupal/taxonomy/term/40?from=5 HTTP/1.1" 200 - "-" "Turnitin (https://bit.ly/2UvnfoQ)"
199.47.82.20 - - [12/Nov/2024:06:16:40 +0100] "GET /drupal/taxonomy/term/41 HTTP/1.1" 200 - "-" "Turnitin (https://bit.ly/2UvnfoQ)"
199.47.82.20 - - [12/Nov/2024:06:16:50 +0100] "GET /drupal/taxonomy/term/41?from=10 HTTP/1.1" 200 - "-" "Turnitin (https://bit.ly/2UvnfoQ)"
199.47.82.20 - - [12/Nov/2024:06:17:00 +0100] "GET /drupal/taxonomy/term/41?from=15 HTTP/1.1" 200 - "-" "Turnitin (https://bit.ly/2UvnfoQ)"
199.47.82.20 - - [12/Nov/2024:06:17:10 +0100] "GET /drupal/taxonomy/term/41?from=20 HTTP/1.1" 200 - "-" "Turnitin (https://bit.ly/2UvnfoQ)"
199.47.82.20 - - [12/Nov/2024:06:17:20 +0100] "GET /drupal/taxonomy/term/41?from=25 HTTP/1.1" 200 - "-" "Turnitin (https://bit.ly/2UvnfoQ)"
199.47.82.20 - - [12/Nov/2024:06:17:30 +0100] "GET /drupal/taxonomy/term/41?from=5 HTTP/1.1" 200 - "-" "Turnitin (https://bit.ly/2UvnfoQ)"
199.47.82.20 - - [12/Nov/2024:06:17:40 +0100] "GET /drupal/taxonomy/term/44 HTTP/1.1" 200 - "-" "Turnitin (https://bit.ly/2UvnfoQ)"
199.47.82.20 - - [12/Nov/2024:06:17:50 +0100] "GET /drupal/taxonomy/term/44?from=10 HTTP/1.1" 200 - "-" "Turnitin (https://bit.ly/2UvnfoQ)"
199.47.82.20 - - [12/Nov/2024:06:18:00 +0100] "GET /drupal/taxonomy/term/44?from=15 HTTP/1.1" 200 - "-" "Turnitin (https://bit.ly/2UvnfoQ)"
199.47.82.20 - - [12/Nov/2024:06:18:10 +0100] "GET /drupal/taxonomy/term/44?from=20 HTTP/1.1" 200 - "-" "Turnitin (https://bit.ly/2UvnfoQ)"
199.47.82.20 - - [12/Nov/2024:06:18:20 +0100] "GET /drupal/taxonomy/term/44?from=25 HTTP/1.1" 200 - "-" "Turnitin (https://bit.ly/2UvnfoQ)"
199.47.82.20 - - [12/Nov/2024:06:18:30 +0100] "GET /drupal/taxonomy/term/44?from=30 HTTP/1.1" 200 - "-" "Turnitin (https://bit.ly/2UvnfoQ)"
199.47.82.20 - - [12/Nov/2024:06:18:40 +0100] "GET /drupal/taxonomy/term/44?from=35 HTTP/1.1" 200 - "-" "Turnitin (https://bit.ly/2UvnfoQ)"
199.47.82.20 - - [12/Nov/2024:06:18:50 +0100] "GET /drupal/taxonomy/term/44?from=40 HTTP/1.1" 200 - "-" "Turnitin (https://bit.ly/2UvnfoQ)"
199.47.82.20 - - [12/Nov/2024:06:19:00 +0100] "GET /drupal/taxonomy/term/44?from=5 HTTP/1.1" 200 - "-" "Turnitin (https://bit.ly/2UvnfoQ)"
199.47.82.20 - - [12/Nov/2024:06:19:10 +0100] "GET /drupal/taxonomy/term/46 HTTP/1.1" 200 - "-" "Turnitin (https://bit.ly/2UvnfoQ)"
199.47.82.20 - - [12/Nov/2024:06:19:20 +0100] "GET /drupal/taxonomy/term/46?from=0 HTTP/1.1" 200 - "-" "Turnitin (https://bit.ly/2UvnfoQ)"
199.47.82.20 - - [12/Nov/2024:06:19:30 +0100] "GET /drupal/taxonomy/term/46?from=10 HTTP/1.1" 200 - "-" "Turnitin (https://bit.ly/2UvnfoQ)"
199.47.82.20 - - [12/Nov/2024:06:19:40 +0100] "GET /drupal/taxonomy/term/46?from=15 HTTP/1.1" 200 - "-" "Turnitin (https://bit.ly/2UvnfoQ)"
199.47.82.20 - - [12/Nov/2024:06:19:50 +0100] "GET /drupal/taxonomy/term/46?from=20 HTTP/1.1" 200 - "-" "Turnitin (https://bit.ly/2UvnfoQ)"
199.47.82.20 - - [12/Nov/2024:06:20:00 +0100] "GET /drupal/taxonomy/term/46?from=25 HTTP/1.1" 200 - "-" "Turnitin (https://bit.ly/2UvnfoQ)"
199.47.82.20 - - [12/Nov/2024:06:20:10 +0100] "GET /drupal/taxonomy/term/46?from=30 HTTP/1.1" 200 - "-" "Turnitin (https://bit.ly/2UvnfoQ)"
199.47.82.20 - - [12/Nov/2024:06:20:20 +0100] "GET /drupal/taxonomy/term/46?from=35 HTTP/1.1" 200 - "-" "Turnitin (https://bit.ly/2UvnfoQ)"
47.128.41.79 - - [12/Nov/2024:06:20:20 +0100] "GET /drupal/node/1274 HTTP/1.1" 200 - "-" "Mozilla/5.0 (Linux; Android 5.0) AppleWebKit/537.36 (KHTML, like Gecko) Mobile Safari/537.36 (compatible; Bytespider; spider-feedback@bytedance.com)"
199.47.82.20 - - [12/Nov/2024:06:20:30 +0100] "GET /drupal/taxonomy/term/46?from=40 HTTP/1.1" 200 - "-" "Turnitin (https://bit.ly/2UvnfoQ)"
199.47.82.20 - - [12/Nov/2024:06:20:40 +0100] "GET /drupal/taxonomy/term/46?from=45 HTTP/1.1" 200 - "-" "Turnitin (https://bit.ly/2UvnfoQ)"
199.47.82.20 - - [12/Nov/2024:06:20:50 +0100] "GET /drupal/taxonomy/term/46?from=5 HTTP/1.1" 200 - "-" "Turnitin (https://bit.ly/2UvnfoQ)"
199.47.82.20 - - [12/Nov/2024:06:21:00 +0100] "GET /drupal/taxonomy/term/46?from=50 HTTP/1.1" 200 - "-" "Turnitin (https://bit.ly/2UvnfoQ)"
199.47.82.20 - - [12/Nov/2024:06:21:10 +0100] "GET /drupal/taxonomy/term/47 HTTP/1.1" 200 - "-" "Turnitin (https://bit.ly/2UvnfoQ)"
199.47.82.20 - - [12/Nov/2024:06:21:20 +0100] "GET /drupal/taxonomy/term/47?from=0 HTTP/1.1" 200 - "-" "Turnitin (https://bit.ly/2UvnfoQ)"
199.47.82.20 - - [12/Nov/2024:06:21:30 +0100] "GET /drupal/taxonomy/term/47?from=10 HTTP/1.1" 200 - "-" "Turnitin (https://bit.ly/2UvnfoQ)"
199.47.82.20 - - [12/Nov/2024:06:21:40 +0100] "GET /drupal/taxonomy/term/47?from=5 HTTP/1.1" 200 - "-" "Turnitin (https://bit.ly/2UvnfoQ)"
199.47.82.20 - - [12/Nov/2024:06:21:50 +0100] "GET /drupal/taxonomy/term/48 HTTP/1.1" 200 - "-" "Turnitin (https://bit.ly/2UvnfoQ)"
199.47.82.20 - - [12/Nov/2024:06:22:01 +0100] "GET /drupal/taxonomy/term/48?from=10 HTTP/1.1" 200 - "-" "Turnitin (https://bit.ly/2UvnfoQ)"
199.47.82.20 - - [12/Nov/2024:06:22:10 +0100] "GET /drupal/taxonomy/term/48?from=15 HTTP/1.1" 200 - "-" "Turnitin (https://bit.ly/2UvnfoQ)"
199.47.82.20 - - [12/Nov/2024:06:22:20 +0100] "GET /drupal/taxonomy/term/48?from=20 HTTP/1.1" 200 - "-" "Turnitin (https://bit.ly/2UvnfoQ)"
199.47.82.20 - - [12/Nov/2024:06:22:30 +0100] "GET /drupal/taxonomy/term/48?from=25 HTTP/1.1" 200 - "-" "Turnitin (https://bit.ly/2UvnfoQ)"
199.47.82.20 - - [12/Nov/2024:06:22:40 +0100] "GET /drupal/taxonomy/term/48?from=30 HTTP/1.1" 200 - "-" "Turnitin (https://bit.ly/2UvnfoQ)"
199.47.82.20 - - [12/Nov/2024:06:22:50 +0100] "GET /drupal/taxonomy/term/48?from=35 HTTP/1.1" 200 - "-" "Turnitin (https://bit.ly/2UvnfoQ)"
199.47.82.20 - - [12/Nov/2024:06:23:00 +0100] "GET /drupal/taxonomy/term/48?from=5 HTTP/1.1" 200 - "-" "Turnitin (https://bit.ly/2UvnfoQ)"
199.47.82.20 - - [12/Nov/2024:06:23:10 +0100] "GET /drupal/taxonomy/term/49 HTTP/1.1" 200 - "-" "Turnitin (https://bit.ly/2UvnfoQ)"
199.47.82.20 - - [12/Nov/2024:06:23:20 +0100] "GET /drupal/taxonomy/term/49?from=10 HTTP/1.1" 200 - "-" "Turnitin (https://bit.ly/2UvnfoQ)"
199.47.82.20 - - [12/Nov/2024:06:23:30 +0100] "GET /drupal/taxonomy/term/49?from=15 HTTP/1.1" 200 - "-" "Turnitin (https://bit.ly/2UvnfoQ)"
199.47.82.20 - - [12/Nov/2024:06:23:40 +0100] "GET /drupal/taxonomy/term/49?from=165 HTTP/1.1" 200 - "-" "Turnitin (https://bit.ly/2UvnfoQ)"
199.47.82.20 - - [12/Nov/2024:06:23:50 +0100] "GET /drupal/taxonomy/term/49?from=20 HTTP/1.1" 200 - "-" "Turnitin (https://bit.ly/2UvnfoQ)"
199.47.82.20 - - [12/Nov/2024:06:24:00 +0100] "GET /drupal/taxonomy/term/49?from=200 HTTP/1.1" 200 - "-" "Turnitin (https://bit.ly/2UvnfoQ)"
199.47.82.20 - - [12/Nov/2024:06:24:10 +0100] "GET /drupal/taxonomy/term/49?from=205 HTTP/1.1" 200 - "-" "Turnitin (https://bit.ly/2UvnfoQ)"
199.47.82.20 - - [12/Nov/2024:06:24:20 +0100] "GET /drupal/taxonomy/term/49?from=210 HTTP/1.1" 200 - "-" "Turnitin (https://bit.ly/2UvnfoQ)"
47.128.124.30 - - [12/Nov/2024:06:24:20 +0100] "GET /drupal/node/481 HTTP/1.1" 200 - "-" "Mozilla/5.0 (Linux; Android 5.0) AppleWebKit/537.36 (KHTML, like Gecko) Mobile Safari/537.36 (compatible; Bytespider; spider-feedback@bytedance.com)"
199.47.82.20 - - [12/Nov/2024:06:24:30 +0100] "GET /drupal/taxonomy/term/49?from=25 HTTP/1.1" 200 - "-" "Turnitin (https://bit.ly/2UvnfoQ)"
199.47.82.20 - - [12/Nov/2024:06:24:40 +0100] "GET /drupal/taxonomy/term/49?from=30 HTTP/1.1" 200 - "-" "Turnitin (https://bit.ly/2UvnfoQ)"
199.47.82.20 - - [12/Nov/2024:06:24:50 +0100] "GET /drupal/taxonomy/term/49?from=35 HTTP/1.1" 200 - "-" "Turnitin (https://bit.ly/2UvnfoQ)"
199.47.82.20 - - [12/Nov/2024:06:25:00 +0100] "GET /drupal/taxonomy/term/49?from=40 HTTP/1.1" 200 - "-" "Turnitin (https://bit.ly/2UvnfoQ)"
199.47.82.20 - - [12/Nov/2024:06:25:10 +0100] "GET /drupal/taxonomy/term/49?from=5 HTTP/1.1" 200 - "-" "Turnitin (https://bit.ly/2UvnfoQ)"
199.47.82.20 - - [12/Nov/2024:06:25:20 +0100] "GET /drupal/taxonomy/term/50 HTTP/1.1" 200 - "-" "Turnitin (https://bit.ly/2UvnfoQ)"
199.47.82.20 - - [12/Nov/2024:06:25:30 +0100] "GET /drupal/taxonomy/term/50?from=10 HTTP/1.1" 200 - "-" "Turnitin (https://bit.ly/2UvnfoQ)"
199.47.82.20 - - [12/Nov/2024:06:25:40 +0100] "GET /drupal/taxonomy/term/50?from=15 HTTP/1.1" 200 - "-" "Turnitin (https://bit.ly/2UvnfoQ)"
199.47.82.20 - - [12/Nov/2024:06:25:50 +0100] "GET /drupal/taxonomy/term/50?from=160 HTTP/1.1" 200 - "-" "Turnitin (https://bit.ly/2UvnfoQ)"
199.47.82.20 - - [12/Nov/2024:06:26:00 +0100] "GET /drupal/taxonomy/term/50?from=170 HTTP/1.1" 200 - "-" "Turnitin (https://bit.ly/2UvnfoQ)"
199.47.82.20 - - [12/Nov/2024:06:26:10 +0100] "GET /drupal/taxonomy/term/50?from=185 HTTP/1.1" 200 - "-" "Turnitin (https://bit.ly/2UvnfoQ)"
199.47.82.20 - - [12/Nov/2024:06:26:20 +0100] "GET /drupal/taxonomy/term/50?from=20 HTTP/1.1" 200 - "-" "Turnitin (https://bit.ly/2UvnfoQ)"
216.244.66.200 - - [12/Nov/2024:06:26:29 +0100] "GET /files/2007_1.doc HTTP/1.1" 200 33280 "-" "Mozilla/5.0 (compatible; DotBot/1.2; +https://opensiteexplorer.org/dotbot; help@moz.com)"
199.47.82.20 - - [12/Nov/2024:06:26:30 +0100] "GET /drupal/taxonomy/term/50?from=25 HTTP/1.1" 200 - "-" "Turnitin (https://bit.ly/2UvnfoQ)"
199.47.82.20 - - [12/Nov/2024:06:26:40 +0100] "GET /drupal/taxonomy/term/50?from=30 HTTP/1.1" 200 - "-" "Turnitin (https://bit.ly/2UvnfoQ)"
216.244.66.200 - - [12/Nov/2024:06:26:40 +0100] "GET /files/378.pdf HTTP/1.1" 200 39220 "-" "Mozilla/5.0 (compatible; DotBot/1.2; +https://opensiteexplorer.org/dotbot; help@moz.com)"
199.47.82.20 - - [12/Nov/2024:06:26:50 +0100] "GET /drupal/taxonomy/term/50?from=35 HTTP/1.1" 200 - "-" "Turnitin (https://bit.ly/2UvnfoQ)"
216.244.66.200 - - [12/Nov/2024:06:26:54 +0100] "GET /files/T1296.doc HTTP/1.1" 200 567808 "-" "Mozilla/5.0 (compatible; DotBot/1.2; +https://opensiteexplorer.org/dotbot; help@moz.com)"
199.47.82.20 - - [12/Nov/2024:06:27:00 +0100] "GET /drupal/taxonomy/term/50?from=40 HTTP/1.1" 200 - "-" "Turnitin (https://bit.ly/2UvnfoQ)"
216.244.66.200 - - [12/Nov/2024:06:27:06 +0100] "GET /files/oklevelek.pdf HTTP/1.1" 200 260379 "-" "Mozilla/5.0 (compatible; DotBot/1.2; +https://opensiteexplorer.org/dotbot; help@moz.com)"
199.47.82.20 - - [12/Nov/2024:06:27:10 +0100] "GET /drupal/taxonomy/term/50?from=5 HTTP/1.1" 200 - "-" "Turnitin (https://bit.ly/2UvnfoQ)"
199.47.82.20 - - [12/Nov/2024:06:27:20 +0100] "GET /drupal/taxonomy/term/51 HTTP/1.1" 200 - "-" "Turnitin (https://bit.ly/2UvnfoQ)"
199.47.82.20 - - [12/Nov/2024:06:27:30 +0100] "GET /drupal/taxonomy/term/51?from=10 HTTP/1.1" 200 - "-" "Turnitin (https://bit.ly/2UvnfoQ)"
199.47.82.20 - - [12/Nov/2024:06:27:40 +0100] "GET /drupal/taxonomy/term/51?from=15 HTTP/1.1" 200 - "-" "Turnitin (https://bit.ly/2UvnfoQ)"
199.47.82.20 - - [12/Nov/2024:06:27:50 +0100] "GET /drupal/taxonomy/term/51?from=20 HTTP/1.1" 200 - "-" "Turnitin (https://bit.ly/2UvnfoQ)"
199.47.82.20 - - [12/Nov/2024:06:28:00 +0100] "GET /drupal/taxonomy/term/51?from=25 HTTP/1.1" 200 - "-" "Turnitin (https://bit.ly/2UvnfoQ)"
199.47.82.20 - - [12/Nov/2024:06:28:10 +0100] "GET /drupal/taxonomy/term/51?from=30 HTTP/1.1" 200 - "-" "Turnitin (https://bit.ly/2UvnfoQ)"
47.128.121.75 - - [12/Nov/2024:06:28:20 +0100] "GET /drupal/node/386 HTTP/1.1" 200 - "-" "Mozilla/5.0 (Linux; Android 5.0) AppleWebKit/537.36 (KHTML, like Gecko) Mobile Safari/537.36 (compatible; Bytespider; spider-feedback@bytedance.com)"
199.47.82.20 - - [12/Nov/2024:06:28:20 +0100] "GET /drupal/taxonomy/term/51?from=35 HTTP/1.1" 200 - "-" "Turnitin (https://bit.ly/2UvnfoQ)"
199.47.82.20 - - [12/Nov/2024:06:28:30 +0100] "GET /drupal/taxonomy/term/51?from=40 HTTP/1.1" 200 - "-" "Turnitin (https://bit.ly/2UvnfoQ)"
199.47.82.20 - - [12/Nov/2024:06:28:40 +0100] "GET /drupal/taxonomy/term/51?from=5 HTTP/1.1" 200 - "-" "Turnitin (https://bit.ly/2UvnfoQ)"
199.47.82.20 - - [12/Nov/2024:06:28:50 +0100] "GET /drupal/taxonomy/term/51?from=60 HTTP/1.1" 200 - "-" "Turnitin (https://bit.ly/2UvnfoQ)"
199.47.82.20 - - [12/Nov/2024:06:29:00 +0100] "GET /drupal/taxonomy/term/52 HTTP/1.1" 200 - "-" "Turnitin (https://bit.ly/2UvnfoQ)"
199.47.82.20 - - [12/Nov/2024:06:29:10 +0100] "GET /drupal/taxonomy/term/52?from=10 HTTP/1.1" 200 - "-" "Turnitin (https://bit.ly/2UvnfoQ)"
199.47.82.20 - - [12/Nov/2024:06:29:20 +0100] "GET /drupal/taxonomy/term/52?from=120 HTTP/1.1" 200 - "-" "Turnitin (https://bit.ly/2UvnfoQ)"
199.47.82.20 - - [12/Nov/2024:06:29:30 +0100] "GET /drupal/taxonomy/term/52?from=140 HTTP/1.1" 200 - "-" "Turnitin (https://bit.ly/2UvnfoQ)"
199.47.82.20 - - [12/Nov/2024:06:29:40 +0100] "GET /drupal/taxonomy/term/52?from=145 HTTP/1.1" 200 - "-" "Turnitin (https://bit.ly/2UvnfoQ)"
216.244.66.200 - - [12/Nov/2024:06:29:41 +0100] "GET /files/0320_T_rc_ra_DDNPI.doc HTTP/1.1" 200 23040 "-" "Mozilla/5.0 (compatible; DotBot/1.2; +https://opensiteexplorer.org/dotbot; help@moz.com)"
199.47.82.20 - - [12/Nov/2024:06:29:50 +0100] "GET /drupal/taxonomy/term/52?from=15 HTTP/1.1" 200 - "-" "Turnitin (https://bit.ly/2UvnfoQ)"
216.244.66.200 - - [12/Nov/2024:06:29:52 +0100] "GET /files/1214_1_mell.doc HTTP/1.1" 200 38912 "-" "Mozilla/5.0 (compatible; DotBot/1.2; +https://opensiteexplorer.org/dotbot; help@moz.com)"
199.47.82.20 - - [12/Nov/2024:06:30:00 +0100] "GET /drupal/taxonomy/term/52?from=160 HTTP/1.1" 200 - "-" "Turnitin (https://bit.ly/2UvnfoQ)"
216.244.66.200 - - [12/Nov/2024:06:30:03 +0100] "GET /files/KHEM_4057_5norma.doc HTTP/1.1" 200 29184 "-" "Mozilla/5.0 (compatible; DotBot/1.2; +https://opensiteexplorer.org/dotbot; help@moz.com)"
199.47.82.20 - - [12/Nov/2024:06:30:10 +0100] "GET /drupal/taxonomy/term/52?from=165 HTTP/1.1" 200 - "-" "Turnitin (https://bit.ly/2UvnfoQ)"
216.244.66.200 - - [12/Nov/2024:06:30:14 +0100] "GET /files/R205indokolas.doc HTTP/1.1" 200 26112 "-" "Mozilla/5.0 (compatible; DotBot/1.2; +https://opensiteexplorer.org/dotbot; help@moz.com)"
199.47.82.20 - - [12/Nov/2024:06:30:20 +0100] "GET /drupal/taxonomy/term/52?from=190 HTTP/1.1" 200 - "-" "Turnitin (https://bit.ly/2UvnfoQ)"
216.244.66.200 - - [12/Nov/2024:06:30:26 +0100] "GET /files/_oehnmord0cdpg_.pdf HTTP/1.1" 200 128585 "-" "Mozilla/5.0 (compatible; DotBot/1.2; +https://opensiteexplorer.org/dotbot; help@moz.com)"
199.47.82.20 - - [12/Nov/2024:06:30:30 +0100] "GET /drupal/taxonomy/term/52?from=20 HTTP/1.1" 200 - "-" "Turnitin (https://bit.ly/2UvnfoQ)"
216.244.66.200 - - [12/Nov/2024:06:30:37 +0100] "GET /files/birosagi_ugyviteli_szab.doc HTTP/1.1" 200 89600 "-" "Mozilla/5.0 (compatible; DotBot/1.2; +https://opensiteexplorer.org/dotbot; help@moz.com)"
199.47.82.20 - - [12/Nov/2024:06:30:40 +0100] "GET /drupal/taxonomy/term/52?from=25 HTTP/1.1" 200 - "-" "Turnitin (https://bit.ly/2UvnfoQ)"
199.47.82.20 - - [12/Nov/2024:06:30:50 +0100] "GET /drupal/taxonomy/term/52?from=30 HTTP/1.1" 200 - "-" "Turnitin (https://bit.ly/2UvnfoQ)"
216.244.66.200 - - [12/Nov/2024:06:30:52 +0100] "GET /files/kbt_modhonlapra.pdf HTTP/1.1" 200 1340868 "-" "Mozilla/5.0 (compatible; DotBot/1.2; +https://opensiteexplorer.org/dotbot; help@moz.com)"
199.47.82.20 - - [12/Nov/2024:06:31:00 +0100] "GET /drupal/taxonomy/term/52?from=35 HTTP/1.1" 200 - "-" "Turnitin (https://bit.ly/2UvnfoQ)"
216.244.66.200 - - [12/Nov/2024:06:31:10 +0100] "GET /files/kettos_felh.zip HTTP/1.1" 200 69854 "-" "Mozilla/5.0 (compatible; DotBot/1.2; +https://opensiteexplorer.org/dotbot; help@moz.com)"
199.47.82.20 - - [12/Nov/2024:06:31:10 +0100] "GET /drupal/taxonomy/term/52?from=40 HTTP/1.1" 200 - "-" "Turnitin (https://bit.ly/2UvnfoQ)"
199.47.82.20 - - [12/Nov/2024:06:31:20 +0100] "GET /drupal/taxonomy/term/52?from=45 HTTP/1.1" 200 - "-" "Turnitin (https://bit.ly/2UvnfoQ)"
216.244.66.200 - - [12/Nov/2024:06:31:26 +0100] "GET /files/szakszo_hajozo_3mell.pdf HTTP/1.1" 200 152586 "-" "Mozilla/5.0 (compatible; DotBot/1.2; +https://opensiteexplorer.org/dotbot; help@moz.com)"
199.47.82.20 - - [12/Nov/2024:06:31:30 +0100] "GET /drupal/taxonomy/term/52?from=5 HTTP/1.1" 200 - "-" "Turnitin (https://bit.ly/2UvnfoQ)"
199.47.82.20 - - [12/Nov/2024:06:31:40 +0100] "GET /drupal/taxonomy/term/52?from=50 HTTP/1.1" 200 - "-" "Turnitin (https://bit.ly/2UvnfoQ)"
199.47.82.20 - - [12/Nov/2024:06:31:50 +0100] "GET /drupal/taxonomy/term/52?from=55 HTTP/1.1" 200 - "-" "Turnitin (https://bit.ly/2UvnfoQ)"
199.47.82.20 - - [12/Nov/2024:06:32:00 +0100] "GET /drupal/taxonomy/term/52?from=60 HTTP/1.1" 200 - "-" "Turnitin (https://bit.ly/2UvnfoQ)"
199.47.82.20 - - [12/Nov/2024:06:32:10 +0100] "GET /drupal/taxonomy/term/55 HTTP/1.1" 200 - "-" "Turnitin (https://bit.ly/2UvnfoQ)"
47.128.55.96 - - [12/Nov/2024:06:32:20 +0100] "GET /drupal/node/383 HTTP/1.1" 200 - "-" "Mozilla/5.0 (Linux; Android 5.0) AppleWebKit/537.36 (KHTML, like Gecko) Mobile Safari/537.36 (compatible; Bytespider; spider-feedback@bytedance.com)"
199.47.82.20 - - [12/Nov/2024:06:32:21 +0100] "GET /drupal/taxonomy/term/56 HTTP/1.1" 200 - "-" "Turnitin (https://bit.ly/2UvnfoQ)"
199.47.82.20 - - [12/Nov/2024:06:32:30 +0100] "GET /drupal/taxonomy/term/57 HTTP/1.1" 200 - "-" "Turnitin (https://bit.ly/2UvnfoQ)"
216.244.66.200 - - [12/Nov/2024:06:32:51 +0100] "GET /files/18per2002_min_rend_terv_090716.doc HTTP/1.1" 200 70656 "-" "Mozilla/5.0 (compatible; DotBot/1.2; +https://opensiteexplorer.org/dotbot; help@moz.com)"
216.244.66.200 - - [12/Nov/2024:06:33:08 +0100] "GET /files/2006_2007_tanev_rendje_060621.pdf HTTP/1.1" 200 203194 "-" "Mozilla/5.0 (compatible; DotBot/1.2; +https://opensiteexplorer.org/dotbot; help@moz.com)"
216.244.66.200 - - [12/Nov/2024:06:33:34 +0100] "GET /files/3111_kozalkalmazottak_070124.pdf HTTP/1.1" 200 167601 "-" "Mozilla/5.0 (compatible; DotBot/1.2; +https://opensiteexplorer.org/dotbot; help@moz.com)"
216.244.66.200 - - [12/Nov/2024:06:34:07 +0100] "GET /files/T4857_tv_jav_1_2_ft_tars_bizt_kerekit.doc HTTP/1.1" 200 44032 "-" "Mozilla/5.0 (compatible; DotBot/1.2; +https://opensiteexplorer.org/dotbot; help@moz.com)"
216.244.66.200 - - [12/Nov/2024:06:34:44 +0100] "GET /files/_lg9oa2t42ee0meub9dpsmir3mk1n78obieig76_.pdf HTTP/1.1" 200 150189 "-" "Mozilla/5.0 (compatible; DotBot/1.2; +https://opensiteexplorer.org/dotbot; help@moz.com)"
216.244.66.200 - - [12/Nov/2024:06:35:27 +0100] "GET /files/abaujkeri_aranyosvolgy_tervezet_kozig.pdf HTTP/1.1" 200 189906 "-" "Mozilla/5.0 (compatible; DotBot/1.2; +https://opensiteexplorer.org/dotbot; help@moz.com)"
216.244.66.200 - - [12/Nov/2024:06:36:07 +0100] "GET /files/szakszo_legiforgalmi_iranyito_4mell.pdf HTTP/1.1" 200 99700 "-" "Mozilla/5.0 (compatible; DotBot/1.2; +https://opensiteexplorer.org/dotbot; help@moz.com)"
47.128.41.140 - - [12/Nov/2024:06:36:21 +0100] "GET /drupal/node/1273 HTTP/1.1" 200 - "-" "Mozilla/5.0 (Linux; Android 5.0) AppleWebKit/537.36 (KHTML, like Gecko) Mobile Safari/537.36 (compatible; Bytespider; spider-feedback@bytedance.com)"
216.244.66.200 - - [12/Nov/2024:06:37:14 +0100] "GET /files/16.%20sz%C3%83%C2%A1m%C3%83%C2%BA%20mell%C3%83%C2%A9klet.doc HTTP/1.1" 200 - "-" "Mozilla/5.0 (compatible; DotBot/1.2; +https://opensiteexplorer.org/dotbot; help@moz.com)"
52.53.182.131 - - [12/Nov/2024:06:38:04 +0100] "GET / HTTP/1.1" 200 - "-" "bitdiscovery-suggestions"
216.244.66.200 - - [12/Nov/2024:06:38:04 +0100] "GET /files/76_2004___viii__19___eszcsm_rendelet_m%C3%83%C2%B3dos%C3%83%C2%ADt%C3%83%C2%A1sa_8.doc HTTP/1.1" 200 - "-" "Mozilla/5.0 (compatible; DotBot/1.2; +https://opensiteexplorer.org/dotbot; help@moz.com)"
216.244.66.200 - - [12/Nov/2024:06:38:16 +0100] "GET /files/11755.pdf HTTP/1.1" 200 236299 "-" "Mozilla/5.0 (compatible; DotBot/1.2; +https://opensiteexplorer.org/dotbot; help@moz.com)"
216.244.66.200 - - [12/Nov/2024:06:38:52 +0100] "GET /files/2009janaug.pdf HTTP/1.1" 200 81829 "-" "Mozilla/5.0 (compatible; DotBot/1.2; +https://opensiteexplorer.org/dotbot; help@moz.com)"
216.244.66.200 - - [12/Nov/2024:06:39:30 +0100] "GET /files/32per2004.doc HTTP/1.1" 200 162816 "-" "Mozilla/5.0 (compatible; DotBot/1.2; +https://opensiteexplorer.org/dotbot; help@moz.com)"
216.244.66.200 - - [12/Nov/2024:06:40:15 +0100] "GET /files/591.pdf HTTP/1.1" 200 194232 "-" "Mozilla/5.0 (compatible; DotBot/1.2; +https://opensiteexplorer.org/dotbot; help@moz.com)"
47.128.57.167 - - [12/Nov/2024:06:40:20 +0100] "GET /drupal/node/27 HTTP/1.1" 200 - "-" "Mozilla/5.0 (Linux; Android 5.0) AppleWebKit/537.36 (KHTML, like Gecko) Mobile Safari/537.36 (compatible; Bytespider; spider-feedback@bytedance.com)"
216.244.66.200 - - [12/Nov/2024:06:40:56 +0100] "GET /files/KHEM_4473_5.doc HTTP/1.1" 200 99840 "-" "Mozilla/5.0 (compatible; DotBot/1.2; +https://opensiteexplorer.org/dotbot; help@moz.com)"
216.244.66.200 - - [12/Nov/2024:06:41:33 +0100] "GET /files/R218indoklas.pdf HTTP/1.1" 200 49922 "-" "Mozilla/5.0 (compatible; DotBot/1.2; +https://opensiteexplorer.org/dotbot; help@moz.com)"
216.244.66.200 - - [12/Nov/2024:06:42:13 +0100] "GET /files/TK56_3.pdf HTTP/1.1" 200 231252 "-" "Mozilla/5.0 (compatible; DotBot/1.2; +https://opensiteexplorer.org/dotbot; help@moz.com)"
216.244.66.200 - - [12/Nov/2024:06:43:10 +0100] "GET /files/altind_0.pdf HTTP/1.1" 200 352908 "-" "Mozilla/5.0 (compatible; DotBot/1.2; +https://opensiteexplorer.org/dotbot; help@moz.com)"
216.244.66.200 - - [12/Nov/2024:06:43:48 +0100] "GET /files/mell2.pdf HTTP/1.1" 200 128398 "-" "Mozilla/5.0 (compatible; DotBot/1.2; +https://opensiteexplorer.org/dotbot; help@moz.com)"
47.128.120.19 - - [12/Nov/2024:06:44:20 +0100] "GET /drupal/node/384 HTTP/1.1" 200 - "-" "Mozilla/5.0 (Linux; Android 5.0) AppleWebKit/537.36 (KHTML, like Gecko) Mobile Safari/537.36 (compatible; Bytespider; spider-feedback@bytedance.com)"
216.244.66.200 - - [12/Nov/2024:06:44:43 +0100] "GET /files/riasztasr.pdf HTTP/1.1" 200 403588 "-" "Mozilla/5.0 (compatible; DotBot/1.2; +https://opensiteexplorer.org/dotbot; help@moz.com)"
216.244.66.200 - - [12/Nov/2024:06:45:17 +0100] "GET /files/tk133.pdf HTTP/1.1" 200 135795 "-" "Mozilla/5.0 (compatible; DotBot/1.2; +https://opensiteexplorer.org/dotbot; help@moz.com)"
216.244.66.200 - - [12/Nov/2024:06:45:52 +0100] "GET /files/tk19.pdf HTTP/1.1" 200 194017 "-" "Mozilla/5.0 (compatible; DotBot/1.2; +https://opensiteexplorer.org/dotbot; help@moz.com)"
51.222.253.12 - - [12/Nov/2024:06:45:58 +0100] "GET /robots.txt HTTP/1.1" 200 1590 "-" "Mozilla/5.0 (compatible; AhrefsBot/7.0; +http://ahrefs.com/robot/)"
216.244.66.200 - - [12/Nov/2024:06:46:27 +0100] "GET /files/0215_azonos_t_s.pdf HTTP/1.1" 200 41730 "-" "Mozilla/5.0 (compatible; DotBot/1.2; +https://opensiteexplorer.org/dotbot; help@moz.com)"
216.244.66.200 - - [12/Nov/2024:06:47:04 +0100] "GET /files/090520_ekk_azonositogazdalkodas.pdf HTTP/1.1" 200 285190 "-" "Mozilla/5.0 (compatible; DotBot/1.2; +https://opensiteexplorer.org/dotbot; help@moz.com)"
216.244.66.200 - - [12/Nov/2024:06:48:07 +0100] "GET /files/10_1995_KTM%20rend_MOD__kozig.pdf HTTP/1.1" 200 - "-" "Mozilla/5.0 (compatible; DotBot/1.2; +https://opensiteexplorer.org/dotbot; help@moz.com)"
47.128.53.133 - - [12/Nov/2024:06:48:21 +0100] "GET /drupal/node/385 HTTP/1.1" 200 - "-" "Mozilla/5.0 (Linux; Android 5.0) AppleWebKit/537.36 (KHTML, like Gecko) Mobile Safari/537.36 (compatible; Bytespider; spider-feedback@bytedance.com)"
216.244.66.200 - - [12/Nov/2024:06:48:31 +0100] "GET /files/1108_4_2002_kozigegyeztetes.doc HTTP/1.1" 200 81408 "-" "Mozilla/5.0 (compatible; DotBot/1.2; +https://opensiteexplorer.org/dotbot; help@moz.com)"
66.249.66.4 - - [12/Nov/2024:06:54:47 +0100] "GET /files/6125_2_.pdf HTTP/1.1" 304 - "-" "Mozilla/5.0 (Linux; Android 6.0.1; Nexus 5X Build/MMB29P) AppleWebKit/537.36 (KHTML, like Gecko) Chrome/130.0.6723.116 Mobile Safari/537.36 (compatible; Googlebot/2.1; +http://www.google.com/bot.html)"
216.244.66.200 - - [12/Nov/2024:06:58:30 +0100] "GET /robots.txt HTTP/1.1" 200 1590 "-" "Mozilla/5.0 (compatible; DotBot/1.2; +https://opensiteexplorer.org/dotbot; help@moz.com)"
216.244.66.200 - - [12/Nov/2024:06:58:30 +0100] "GET /robots.txt HTTP/1.1" 200 1590 "-" "Mozilla/5.0 (compatible; DotBot/1.2; +https://opensiteexplorer.org/dotbot; help@moz.com)"
216.244.66.200 - - [12/Nov/2024:07:23:23 +0100] "GET /files/egyesmelleklet.doc HTTP/1.1" 200 - "-" "Mozilla/5.0 (compatible; DotBot/1.2; +https://opensiteexplorer.org/dotbot; help@moz.com)"
216.244.66.200 - - [12/Nov/2024:07:23:43 +0100] "GET /files/eloterjesztes_173_2003.pdf HTTP/1.1" 200 319604 "-" "Mozilla/5.0 (compatible; DotBot/1.2; +https://opensiteexplorer.org/dotbot; help@moz.com)"
216.244.66.200 - - [12/Nov/2024:07:24:37 +0100] "GET /files/indokol%C3%83%C2%A1s_0.doc HTTP/1.1" 200 - "-" "Mozilla/5.0 (compatible; DotBot/1.2; +https://opensiteexplorer.org/dotbot; help@moz.com)"
216.244.66.200 - - [12/Nov/2024:07:25:02 +0100] "GET /files/itkr_rendelet_061031.pdf HTTP/1.1" 200 153033 "-" "Mozilla/5.0 (compatible; DotBot/1.2; +https://opensiteexplorer.org/dotbot; help@moz.com)"
216.244.66.200 - - [12/Nov/2024:07:25:44 +0100] "GET /files/ptk_vel_09.05.doc HTTP/1.1" 200 147456 "-" "Mozilla/5.0 (compatible; DotBot/1.2; +https://opensiteexplorer.org/dotbot; help@moz.com)"
216.244.66.200 - - [12/Nov/2024:07:26:22 +0100] "GET /files/szakszo_muszaki_2mell.pdf HTTP/1.1" 200 131784 "-" "Mozilla/5.0 (compatible; DotBot/1.2; +https://opensiteexplorer.org/dotbot; help@moz.com)"
