199.47.82.21 - - [13/Jan/2025:23:36:18 +0100] "GET /drupal/taxonomy/term/40?from=20 HTTP/1.1" 200 - "-" "Turnitin (https://bit.ly/2UvnfoQ)"
199.47.82.21 - - [13/Jan/2025:23:36:28 +0100] "GET /drupal/taxonomy/term/40?from=25 HTTP/1.1" 200 - "-" "Turnitin (https://bit.ly/2UvnfoQ)"
199.47.82.21 - - [13/Jan/2025:23:36:38 +0100] "GET /drupal/taxonomy/term/40?from=30 HTTP/1.1" 200 - "-" "Turnitin (https://bit.ly/2UvnfoQ)"
199.47.82.21 - - [13/Jan/2025:23:36:48 +0100] "GET /drupal/taxonomy/term/40?from=35 HTTP/1.1" 200 - "-" "Turnitin (https://bit.ly/2UvnfoQ)"
199.47.82.21 - - [13/Jan/2025:23:36:58 +0100] "GET /drupal/taxonomy/term/40?from=40 HTTP/1.1" 200 - "-" "Turnitin (https://bit.ly/2UvnfoQ)"
199.47.82.21 - - [13/Jan/2025:23:37:08 +0100] "GET /drupal/taxonomy/term/40?from=5 HTTP/1.1" 200 - "-" "Turnitin (https://bit.ly/2UvnfoQ)"
199.47.82.21 - - [13/Jan/2025:23:37:18 +0100] "GET /drupal/taxonomy/term/41?from=10 HTTP/1.1" 200 - "-" "Turnitin (https://bit.ly/2UvnfoQ)"
199.47.82.21 - - [13/Jan/2025:23:37:28 +0100] "GET /drupal/taxonomy/term/41?from=15 HTTP/1.1" 200 - "-" "Turnitin (https://bit.ly/2UvnfoQ)"
199.47.82.21 - - [13/Jan/2025:23:37:38 +0100] "GET /drupal/taxonomy/term/41?from=20 HTTP/1.1" 200 - "-" "Turnitin (https://bit.ly/2UvnfoQ)"
199.47.82.21 - - [13/Jan/2025:23:37:48 +0100] "GET /drupal/taxonomy/term/41?from=25 HTTP/1.1" 200 - "-" "Turnitin (https://bit.ly/2UvnfoQ)"
199.47.82.21 - - [13/Jan/2025:23:37:58 +0100] "GET /drupal/taxonomy/term/41?from=5 HTTP/1.1" 200 - "-" "Turnitin (https://bit.ly/2UvnfoQ)"
199.47.82.21 - - [13/Jan/2025:23:38:08 +0100] "GET /drupal/taxonomy/term/44?from=10 HTTP/1.1" 200 - "-" "Turnitin (https://bit.ly/2UvnfoQ)"
199.47.82.21 - - [13/Jan/2025:23:38:18 +0100] "GET /drupal/taxonomy/term/44?from=15 HTTP/1.1" 200 - "-" "Turnitin (https://bit.ly/2UvnfoQ)"
199.47.82.21 - - [13/Jan/2025:23:38:28 +0100] "GET /drupal/taxonomy/term/44?from=20 HTTP/1.1" 200 - "-" "Turnitin (https://bit.ly/2UvnfoQ)"
199.47.82.21 - - [13/Jan/2025:23:38:38 +0100] "GET /drupal/taxonomy/term/44?from=25 HTTP/1.1" 200 - "-" "Turnitin (https://bit.ly/2UvnfoQ)"
199.47.82.21 - - [13/Jan/2025:23:38:48 +0100] "GET /drupal/taxonomy/term/44?from=30 HTTP/1.1" 200 - "-" "Turnitin (https://bit.ly/2UvnfoQ)"
199.47.82.21 - - [13/Jan/2025:23:38:58 +0100] "GET /drupal/taxonomy/term/44?from=35 HTTP/1.1" 200 - "-" "Turnitin (https://bit.ly/2UvnfoQ)"
199.47.82.21 - - [13/Jan/2025:23:39:08 +0100] "GET /drupal/taxonomy/term/44?from=40 HTTP/1.1" 200 - "-" "Turnitin (https://bit.ly/2UvnfoQ)"
199.47.82.21 - - [13/Jan/2025:23:39:18 +0100] "GET /drupal/taxonomy/term/44?from=5 HTTP/1.1" 200 - "-" "Turnitin (https://bit.ly/2UvnfoQ)"
199.47.82.21 - - [13/Jan/2025:23:39:28 +0100] "GET /drupal/taxonomy/term/46?from=0 HTTP/1.1" 200 - "-" "Turnitin (https://bit.ly/2UvnfoQ)"
199.47.82.21 - - [13/Jan/2025:23:39:38 +0100] "GET /drupal/taxonomy/term/46?from=10 HTTP/1.1" 200 - "-" "Turnitin (https://bit.ly/2UvnfoQ)"
199.47.82.21 - - [13/Jan/2025:23:39:48 +0100] "GET /drupal/taxonomy/term/46?from=15 HTTP/1.1" 200 - "-" "Turnitin (https://bit.ly/2UvnfoQ)"
199.47.82.21 - - [13/Jan/2025:23:39:58 +0100] "GET /drupal/taxonomy/term/46?from=20 HTTP/1.1" 200 - "-" "Turnitin (https://bit.ly/2UvnfoQ)"
199.47.82.21 - - [13/Jan/2025:23:40:08 +0100] "GET /drupal/taxonomy/term/46?from=25 HTTP/1.1" 200 - "-" "Turnitin (https://bit.ly/2UvnfoQ)"
199.47.82.21 - - [13/Jan/2025:23:40:18 +0100] "GET /drupal/taxonomy/term/46?from=30 HTTP/1.1" 200 - "-" "Turnitin (https://bit.ly/2UvnfoQ)"
199.47.82.21 - - [13/Jan/2025:23:40:28 +0100] "GET /drupal/taxonomy/term/46?from=35 HTTP/1.1" 200 - "-" "Turnitin (https://bit.ly/2UvnfoQ)"
199.47.82.21 - - [13/Jan/2025:23:40:38 +0100] "GET /drupal/taxonomy/term/46?from=40 HTTP/1.1" 200 - "-" "Turnitin (https://bit.ly/2UvnfoQ)"
199.47.82.21 - - [13/Jan/2025:23:40:48 +0100] "GET /drupal/taxonomy/term/46?from=45 HTTP/1.1" 200 - "-" "Turnitin (https://bit.ly/2UvnfoQ)"
199.47.82.21 - - [13/Jan/2025:23:40:58 +0100] "GET /drupal/taxonomy/term/46?from=50 HTTP/1.1" 200 - "-" "Turnitin (https://bit.ly/2UvnfoQ)"
199.47.82.21 - - [13/Jan/2025:23:41:08 +0100] "GET /drupal/taxonomy/term/47?from=0 HTTP/1.1" 200 - "-" "Turnitin (https://bit.ly/2UvnfoQ)"
199.47.82.21 - - [13/Jan/2025:23:41:18 +0100] "GET /drupal/taxonomy/term/48?from=10 HTTP/1.1" 200 - "-" "Turnitin (https://bit.ly/2UvnfoQ)"
199.47.82.21 - - [13/Jan/2025:23:41:28 +0100] "GET /drupal/taxonomy/term/48?from=15 HTTP/1.1" 200 - "-" "Turnitin (https://bit.ly/2UvnfoQ)"
199.47.82.21 - - [13/Jan/2025:23:41:38 +0100] "GET /drupal/taxonomy/term/48?from=20 HTTP/1.1" 200 - "-" "Turnitin (https://bit.ly/2UvnfoQ)"
199.47.82.21 - - [13/Jan/2025:23:41:48 +0100] "GET /drupal/taxonomy/term/48?from=25 HTTP/1.1" 200 - "-" "Turnitin (https://bit.ly/2UvnfoQ)"
199.47.82.21 - - [13/Jan/2025:23:41:58 +0100] "GET /drupal/taxonomy/term/48?from=5 HTTP/1.1" 200 - "-" "Turnitin (https://bit.ly/2UvnfoQ)"
199.47.82.21 - - [13/Jan/2025:23:42:08 +0100] "GET /drupal/taxonomy/term/49?from=10 HTTP/1.1" 200 - "-" "Turnitin (https://bit.ly/2UvnfoQ)"
199.47.82.21 - - [13/Jan/2025:23:42:18 +0100] "GET /drupal/taxonomy/term/49?from=15 HTTP/1.1" 200 - "-" "Turnitin (https://bit.ly/2UvnfoQ)"
199.47.82.21 - - [13/Jan/2025:23:42:28 +0100] "GET /drupal/taxonomy/term/49?from=165 HTTP/1.1" 200 - "-" "Turnitin (https://bit.ly/2UvnfoQ)"
199.47.82.21 - - [13/Jan/2025:23:42:38 +0100] "GET /drupal/taxonomy/term/49?from=20 HTTP/1.1" 200 - "-" "Turnitin (https://bit.ly/2UvnfoQ)"
199.47.82.21 - - [13/Jan/2025:23:42:48 +0100] "GET /drupal/taxonomy/term/49?from=25 HTTP/1.1" 200 - "-" "Turnitin (https://bit.ly/2UvnfoQ)"
199.47.82.21 - - [13/Jan/2025:23:42:58 +0100] "GET /drupal/taxonomy/term/49?from=30 HTTP/1.1" 200 - "-" "Turnitin (https://bit.ly/2UvnfoQ)"
199.47.82.21 - - [13/Jan/2025:23:43:08 +0100] "GET /drupal/taxonomy/term/49?from=35 HTTP/1.1" 200 - "-" "Turnitin (https://bit.ly/2UvnfoQ)"
199.47.82.21 - - [13/Jan/2025:23:43:18 +0100] "GET /drupal/taxonomy/term/49?from=40 HTTP/1.1" 200 - "-" "Turnitin (https://bit.ly/2UvnfoQ)"
199.47.82.21 - - [13/Jan/2025:23:43:28 +0100] "GET /drupal/taxonomy/term/49?from=5 HTTP/1.1" 200 - "-" "Turnitin (https://bit.ly/2UvnfoQ)"
199.47.82.21 - - [13/Jan/2025:23:43:38 +0100] "GET /drupal/taxonomy/term/50?from=10 HTTP/1.1" 200 - "-" "Turnitin (https://bit.ly/2UvnfoQ)"
199.47.82.21 - - [13/Jan/2025:23:43:48 +0100] "GET /drupal/taxonomy/term/50?from=15 HTTP/1.1" 200 - "-" "Turnitin (https://bit.ly/2UvnfoQ)"
199.47.82.21 - - [13/Jan/2025:23:43:58 +0100] "GET /drupal/taxonomy/term/50?from=160 HTTP/1.1" 200 - "-" "Turnitin (https://bit.ly/2UvnfoQ)"
199.47.82.21 - - [13/Jan/2025:23:44:08 +0100] "GET /drupal/taxonomy/term/50?from=170 HTTP/1.1" 200 - "-" "Turnitin (https://bit.ly/2UvnfoQ)"
199.47.82.21 - - [13/Jan/2025:23:44:18 +0100] "GET /drupal/taxonomy/term/50?from=20 HTTP/1.1" 200 - "-" "Turnitin (https://bit.ly/2UvnfoQ)"
199.47.82.21 - - [13/Jan/2025:23:44:28 +0100] "GET /drupal/taxonomy/term/50?from=25 HTTP/1.1" 200 - "-" "Turnitin (https://bit.ly/2UvnfoQ)"
199.47.82.21 - - [13/Jan/2025:23:44:38 +0100] "GET /drupal/taxonomy/term/50?from=30 HTTP/1.1" 200 - "-" "Turnitin (https://bit.ly/2UvnfoQ)"
199.47.82.21 - - [13/Jan/2025:23:44:48 +0100] "GET /drupal/taxonomy/term/50?from=35 HTTP/1.1" 200 - "-" "Turnitin (https://bit.ly/2UvnfoQ)"
199.47.82.21 - - [13/Jan/2025:23:44:58 +0100] "GET /drupal/taxonomy/term/50?from=40 HTTP/1.1" 200 - "-" "Turnitin (https://bit.ly/2UvnfoQ)"
199.47.82.21 - - [13/Jan/2025:23:45:08 +0100] "GET /drupal/taxonomy/term/50?from=5 HTTP/1.1" 200 - "-" "Turnitin (https://bit.ly/2UvnfoQ)"
199.47.82.21 - - [13/Jan/2025:23:45:18 +0100] "GET /drupal/taxonomy/term/51?from=10 HTTP/1.1" 200 - "-" "Turnitin (https://bit.ly/2UvnfoQ)"
199.47.82.21 - - [13/Jan/2025:23:45:28 +0100] "GET /drupal/taxonomy/term/51?from=15 HTTP/1.1" 200 - "-" "Turnitin (https://bit.ly/2UvnfoQ)"
199.47.82.21 - - [13/Jan/2025:23:45:38 +0100] "GET /drupal/taxonomy/term/51?from=20 HTTP/1.1" 200 - "-" "Turnitin (https://bit.ly/2UvnfoQ)"
199.47.82.21 - - [13/Jan/2025:23:45:48 +0100] "GET /drupal/taxonomy/term/51?from=25 HTTP/1.1" 200 - "-" "Turnitin (https://bit.ly/2UvnfoQ)"
199.47.82.21 - - [13/Jan/2025:23:45:58 +0100] "GET /drupal/taxonomy/term/51?from=30 HTTP/1.1" 200 - "-" "Turnitin (https://bit.ly/2UvnfoQ)"
199.47.82.21 - - [13/Jan/2025:23:46:08 +0100] "GET /drupal/taxonomy/term/51?from=35 HTTP/1.1" 200 - "-" "Turnitin (https://bit.ly/2UvnfoQ)"
199.47.82.21 - - [13/Jan/2025:23:46:18 +0100] "GET /drupal/taxonomy/term/51?from=40 HTTP/1.1" 200 - "-" "Turnitin (https://bit.ly/2UvnfoQ)"
199.47.82.21 - - [13/Jan/2025:23:46:28 +0100] "GET /drupal/taxonomy/term/51?from=5 HTTP/1.1" 200 - "-" "Turnitin (https://bit.ly/2UvnfoQ)"
199.47.82.21 - - [13/Jan/2025:23:46:38 +0100] "GET /drupal/taxonomy/term/51?from=60 HTTP/1.1" 200 - "-" "Turnitin (https://bit.ly/2UvnfoQ)"
199.47.82.21 - - [13/Jan/2025:23:46:48 +0100] "GET /drupal/taxonomy/term/52?from=10 HTTP/1.1" 200 - "-" "Turnitin (https://bit.ly/2UvnfoQ)"
199.47.82.21 - - [13/Jan/2025:23:46:58 +0100] "GET /drupal/taxonomy/term/52?from=120 HTTP/1.1" 200 - "-" "Turnitin (https://bit.ly/2UvnfoQ)"
199.47.82.21 - - [13/Jan/2025:23:47:08 +0100] "GET /drupal/taxonomy/term/52?from=140 HTTP/1.1" 200 - "-" "Turnitin (https://bit.ly/2UvnfoQ)"
199.47.82.21 - - [13/Jan/2025:23:47:18 +0100] "GET /drupal/taxonomy/term/52?from=145 HTTP/1.1" 200 - "-" "Turnitin (https://bit.ly/2UvnfoQ)"
199.47.82.21 - - [13/Jan/2025:23:47:28 +0100] "GET /drupal/taxonomy/term/52?from=15 HTTP/1.1" 200 - "-" "Turnitin (https://bit.ly/2UvnfoQ)"
199.47.82.21 - - [13/Jan/2025:23:47:38 +0100] "GET /drupal/taxonomy/term/52?from=160 HTTP/1.1" 200 - "-" "Turnitin (https://bit.ly/2UvnfoQ)"
199.47.82.21 - - [13/Jan/2025:23:47:48 +0100] "GET /drupal/taxonomy/term/52?from=165 HTTP/1.1" 200 - "-" "Turnitin (https://bit.ly/2UvnfoQ)"
199.47.82.21 - - [13/Jan/2025:23:47:58 +0100] "GET /drupal/taxonomy/term/52?from=20 HTTP/1.1" 200 - "-" "Turnitin (https://bit.ly/2UvnfoQ)"
199.47.82.21 - - [13/Jan/2025:23:48:08 +0100] "GET /drupal/taxonomy/term/52?from=25 HTTP/1.1" 200 - "-" "Turnitin (https://bit.ly/2UvnfoQ)"
199.47.82.21 - - [13/Jan/2025:23:48:18 +0100] "GET /drupal/taxonomy/term/52?from=30 HTTP/1.1" 200 - "-" "Turnitin (https://bit.ly/2UvnfoQ)"
199.47.82.21 - - [13/Jan/2025:23:48:28 +0100] "GET /drupal/taxonomy/term/52?from=35 HTTP/1.1" 200 - "-" "Turnitin (https://bit.ly/2UvnfoQ)"
199.47.82.21 - - [13/Jan/2025:23:48:39 +0100] "GET /drupal/taxonomy/term/52?from=40 HTTP/1.1" 200 - "-" "Turnitin (https://bit.ly/2UvnfoQ)"
199.47.82.21 - - [13/Jan/2025:23:48:48 +0100] "GET /drupal/taxonomy/term/52?from=45 HTTP/1.1" 200 - "-" "Turnitin (https://bit.ly/2UvnfoQ)"
199.47.82.21 - - [13/Jan/2025:23:48:58 +0100] "GET /drupal/taxonomy/term/52?from=5 HTTP/1.1" 200 - "-" "Turnitin (https://bit.ly/2UvnfoQ)"
199.47.82.21 - - [13/Jan/2025:23:49:08 +0100] "GET /drupal/taxonomy/term/52?from=50 HTTP/1.1" 200 - "-" "Turnitin (https://bit.ly/2UvnfoQ)"
199.47.82.21 - - [13/Jan/2025:23:49:18 +0100] "GET /drupal/taxonomy/term/52?from=55 HTTP/1.1" 200 - "-" "Turnitin (https://bit.ly/2UvnfoQ)"
199.47.82.21 - - [13/Jan/2025:23:49:28 +0100] "GET /drupal/taxonomy/term/52?from=60 HTTP/1.1" 200 - "-" "Turnitin (https://bit.ly/2UvnfoQ)"
199.47.82.21 - - [13/Jan/2025:23:49:38 +0100] "GET /drupal/taxonomy/term/55 HTTP/1.1" 200 - "-" "Turnitin (https://bit.ly/2UvnfoQ)"
199.47.82.21 - - [13/Jan/2025:23:49:48 +0100] "GET /drupal/taxonomy/term/56 HTTP/1.1" 200 - "-" "Turnitin (https://bit.ly/2UvnfoQ)"
199.47.82.21 - - [13/Jan/2025:23:49:58 +0100] "GET /drupal/taxonomy/term/57 HTTP/1.1" 200 - "-" "Turnitin (https://bit.ly/2UvnfoQ)"
20.171.207.104 - - [14/Jan/2025:00:14:53 +0100] "GET /robots.txt HTTP/1.1" 200 1590 "-" "Mozilla/5.0 AppleWebKit/537.36 (KHTML, like Gecko; compatible; GPTBot/1.2; +https://openai.com/gptbot)"
66.249.66.6 - - [14/Jan/2025:00:30:56 +0100] "GET /files/4377.pdf HTTP/1.1" 200 200758 "-" "Googlebot/2.1 (+http://www.google.com/bot.html)"
185.246.188.73 - - [14/Jan/2025:00:32:00 +0100] "GET /comment/reply/2619/ HTTP/1.0" 200 - "http://jogalkotas.hu/comment/reply/2619/" "Mozilla/5.0 (Windows NT 6.1) AppleWebKit/537.36 (KHTML, like Gecko) Chrome/103.0.5060.114 Safari/537.36"
109.70.100.4 - - [14/Jan/2025:00:32:32 +0100] "GET /comment/reply/2619/ HTTP/1.0" 200 - "http://jogalkotas.hu/comment/reply/2619/" "Mozilla/5.0 (Windows NT 6.1) AppleWebKit/537.36 (KHTML, like Gecko) Chrome/103.0.5060.114 Safari/537.36"
109.70.100.5 - - [14/Jan/2025:00:33:04 +0100] "GET /comment/reply/2619/ HTTP/1.0" 200 - "http://jogalkotas.hu/comment/reply/2619/" "Mozilla/5.0 (Windows NT 6.1) AppleWebKit/537.36 (KHTML, like Gecko) Chrome/103.0.5060.114 Safari/537.36"
185.246.188.74 - - [14/Jan/2025:00:33:36 +0100] "GET /comment/reply/2619/ HTTP/1.0" 200 - "http://jogalkotas.hu/comment/reply/2619/" "Mozilla/5.0 (Windows NT 6.1) AppleWebKit/537.36 (KHTML, like Gecko) Chrome/103.0.5060.114 Safari/537.36"
185.246.188.74 - - [14/Jan/2025:00:34:08 +0100] "GET / HTTP/1.0" 200 - "http://jogalkotas.hu/" "Mozilla/5.0 (Windows NT 6.1) AppleWebKit/537.36 (KHTML, like Gecko) Chrome/103.0.5060.114 Safari/537.36"
51.222.253.20 - - [14/Jan/2025:01:19:01 +0100] "GET /robots.txt HTTP/1.1" 200 1590 "-" "Mozilla/5.0 (compatible; AhrefsBot/7.0; +http://ahrefs.com/robot/)"
66.249.66.6 - - [14/Jan/2025:01:45:18 +0100] "GET /files/egyesrend%C3%A9szeti.pdf HTTP/1.1" 200 473994 "-" "Googlebot/2.1 (+http://www.google.com/bot.html)"
52.167.144.55 - - [14/Jan/2025:01:45:51 +0100] "GET /robots.txt HTTP/1.1" 200 1590 "-" "Mozilla/5.0 AppleWebKit/537.36 (KHTML, like Gecko; compatible; bingbot/2.0; +http://www.bing.com/bingbot.htm) Chrome/116.0.1938.76 Safari/537.36"
52.167.144.157 - - [14/Jan/2025:01:46:30 +0100] "GET /drupal/files/miniszt_2006_szeptember.pdf HTTP/1.1" 200 - "-" "Mozilla/5.0 AppleWebKit/537.36 (KHTML, like Gecko; compatible; bingbot/2.0; +http://www.bing.com/bingbot.htm) Chrome/116.0.1938.76 Safari/537.36"
52.167.144.157 - - [14/Jan/2025:01:47:02 +0100] "GET /drupal/files/miniszt_2006_szeptember.pdf HTTP/1.1" 200 - "-" "Mozilla/5.0 AppleWebKit/537.36 (KHTML, like Gecko; compatible; bingbot/2.0; +http://www.bing.com/bingbot.htm) Chrome/116.0.1938.76 Safari/537.36"
40.77.167.22 - - [14/Jan/2025:02:21:28 +0100] "GET /files/a_jogszabalyok_elokesziteseben_valo_tarsadalmi_reszvetelrol.pdf HTTP/1.1" 200 276710 "-" "Mozilla/5.0 AppleWebKit/537.36 (KHTML, like Gecko; compatible; bingbot/2.0; +http://www.bing.com/bingbot.htm) Chrome/116.0.1938.76 Safari/537.36"
216.244.66.200 - - [14/Jan/2025:02:23:20 +0100] "GET /robots.txt HTTP/1.1" 200 1590 "-" "Mozilla/5.0 (compatible; DotBot/1.2; +https://opensiteexplorer.org/dotbot; help@moz.com)"
216.244.66.200 - - [14/Jan/2025:02:30:15 +0100] "GET /taxonomy/term/44/0/feed HTTP/1.1" 200 - "-" "Mozilla/5.0 (compatible; DotBot/1.2; +https://opensiteexplorer.org/dotbot; help@moz.com)"
92.255.85.164 - - [14/Jan/2025:04:06:57 +0100] "GET / HTTP/1.0" 200 - "http://jogalkotas.hu/" "Mozilla/5.0 (Windows NT 10.0; Win64; x64) AppleWebKit/537.36 (KHTML, like Gecko) Chrome/124.0.6367.92 Safari/537.36"
85.67.229.194 - - [14/Jan/2025:04:21:32 +0100] "GET / HTTP/1.1" 200 - "-" "-"
52.167.144.187 - - [14/Jan/2025:04:32:59 +0100] "GET /node/2495 HTTP/1.1" 200 - "-" "Mozilla/5.0 AppleWebKit/537.36 (KHTML, like Gecko; compatible; bingbot/2.0; +http://www.bing.com/bingbot.htm) Chrome/116.0.1938.76 Safari/537.36"
52.167.144.187 - - [14/Jan/2025:04:33:31 +0100] "GET /node/2495 HTTP/1.1" 200 - "-" "Mozilla/5.0 AppleWebKit/537.36 (KHTML, like Gecko; compatible; bingbot/2.0; +http://www.bing.com/bingbot.htm) Chrome/116.0.1938.76 Safari/537.36"
216.244.66.200 - - [14/Jan/2025:04:53:09 +0100] "GET /robots.txt HTTP/1.1" 200 1590 "-" "Mozilla/5.0 (compatible; DotBot/1.2; +https://opensiteexplorer.org/dotbot; help@moz.com)"
216.244.66.200 - - [14/Jan/2025:05:00:06 +0100] "GET /files/0207_KSZF_MeHVM_rend_terv.pdf HTTP/1.1" 200 183759 "-" "Mozilla/5.0 (compatible; DotBot/1.2; +https://opensiteexplorer.org/dotbot; help@moz.com)"
216.244.66.200 - - [14/Jan/2025:05:00:46 +0100] "GET /files/tuzvedelmitanusitvany.pdf HTTP/1.1" 200 116534 "-" "Mozilla/5.0 (compatible; DotBot/1.2; +https://opensiteexplorer.org/dotbot; help@moz.com)"
216.244.66.200 - - [14/Jan/2025:05:01:31 +0100] "GET /files/tv_csomag_eloterjesztes_061012.pdf HTTP/1.1" 200 339026 "-" "Mozilla/5.0 (compatible; DotBot/1.2; +https://opensiteexplorer.org/dotbot; help@moz.com)"
216.244.66.200 - - [14/Jan/2025:05:02:07 +0100] "GET /files/eloterjesztes2008__marcius_4__szakmapol_.doc HTTP/1.1" 200 125440 "-" "Mozilla/5.0 (compatible; DotBot/1.2; +https://opensiteexplorer.org/dotbot; help@moz.com)"
68.65.122.66 - - [14/Jan/2025:05:15:53 +0100] "HEAD /jogalkotas.zip HTTP/1.1" 200 - "-" "-"
66.249.66.85 - - [14/Jan/2025:05:24:06 +0100] "GET / HTTP/1.1" 200 - "-" "Mozilla/5.0 (compatible; Googlebot/2.1; +http://www.google.com/bot.html)"
66.249.66.86 - - [14/Jan/2025:05:24:38 +0100] "GET / HTTP/1.1" 200 - "-" "Mozilla/5.0 (Linux; Android 6.0.1; Nexus 5X Build/MMB29P) AppleWebKit/537.36 (KHTML, like Gecko) Chrome/99.0.4844.84 Mobile Safari/537.36 (compatible; Googlebot/2.1; +http://www.google.com/bot.html)"
66.249.66.85 - - [14/Jan/2025:05:25:10 +0100] "GET / HTTP/1.1" 200 - "-" "Mozilla/5.0 (compatible; Googlebot/2.1; +http://www.google.com/bot.html)"
66.249.66.85 - - [14/Jan/2025:05:25:42 +0100] "GET / HTTP/1.1" 200 - "-" "Mozilla/5.0 (Linux; Android 6.0.1; Nexus 5X Build/MMB29P) AppleWebKit/537.36 (KHTML, like Gecko) Chrome/131.0.6778.264 Mobile Safari/537.36 (compatible; Googlebot/2.1; +http://www.google.com/bot.html)"
66.249.66.6 - - [14/Jan/2025:05:54:50 +0100] "GET /files/2008_2009_tanev_rend_080319.pdf HTTP/1.1" 200 413806 "-" "Googlebot/2.1 (+http://www.google.com/bot.html)"
20.191.45.212 - - [14/Jan/2025:06:07:28 +0100] "GET /favicon.ico HTTP/1.1" 404 57 "http://www.jogalkotas.hu/favicon.ico" "DuckDuckBot/1.1; (+http://duckduckgo.com/duckduckbot.html)"
20.191.45.212 - - [14/Jan/2025:06:07:51 +0100] "GET / HTTP/1.1" 200 - "http://www.jogalkotas.hu/" "DuckDuckBot/1.1; (+http://duckduckgo.com/duckduckbot.html)"
95.108.213.122 - - [14/Jan/2025:06:08:11 +0100] "GET /robots.txt HTTP/1.1" 200 1590 "-" "Mozilla/5.0 (compatible; YandexBot/3.0; +http://yandex.com/bots)"
5.255.231.111 - - [14/Jan/2025:06:08:12 +0100] "GET /files/magancsod_tars_velem_09.03.06.doc HTTP/1.1" 200 652800 "-" "Mozilla/5.0 (compatible; YandexBot/3.0; +http://yandex.com/bots)"
47.128.17.104 - - [14/Jan/2025:06:17:12 +0100] "GET /drupal/node/26 HTTP/1.1" 200 - "-" "Mozilla/5.0 (Linux; Android 5.0) AppleWebKit/537.36 (KHTML, like Gecko) Mobile Safari/537.36 (compatible; Bytespider; spider-feedback@bytedance.com)"
66.249.66.5 - - [14/Jan/2025:06:19:00 +0100] "GET /files/hadkotelesek_hm_eum_rendelet_tervezet_melleklet.pdf HTTP/1.1" 304 - "-" "Mozilla/5.0 (Linux; Android 6.0.1; Nexus 5X Build/MMB29P) AppleWebKit/537.36 (KHTML, like Gecko) Chrome/131.0.6778.264 Mobile Safari/537.36 (compatible; Googlebot/2.1; +http://www.google.com/bot.html)"
47.128.97.19 - - [14/Jan/2025:06:21:12 +0100] "GET /drupal/ HTTP/1.1" 200 - "-" "Mozilla/5.0 (Linux; Android 5.0) AppleWebKit/537.36 (KHTML, like Gecko) Mobile Safari/537.36 (compatible; Bytespider; spider-feedback@bytedance.com)"
216.244.66.200 - - [14/Jan/2025:06:22:24 +0100] "GET /robots.txt HTTP/1.1" 200 1590 "-" "Mozilla/5.0 (compatible; DotBot/1.2; +https://opensiteexplorer.org/dotbot; help@moz.com)"
216.244.66.200 - - [14/Jan/2025:06:22:24 +0100] "GET /robots.txt HTTP/1.1" 200 1590 "-" "Mozilla/5.0 (compatible; DotBot/1.2; +https://opensiteexplorer.org/dotbot; help@moz.com)"
47.128.38.101 - - [14/Jan/2025:06:25:12 +0100] "GET /drupal/node/1274 HTTP/1.1" 200 - "-" "Mozilla/5.0 (Linux; Android 5.0) AppleWebKit/537.36 (KHTML, like Gecko) Mobile Safari/537.36 (compatible; Bytespider; spider-feedback@bytedance.com)"
47.128.33.82 - - [14/Jan/2025:06:29:12 +0100] "GET /drupal/node/481 HTTP/1.1" 200 - "-" "Mozilla/5.0 (Linux; Android 5.0) AppleWebKit/537.36 (KHTML, like Gecko) Mobile Safari/537.36 (compatible; Bytespider; spider-feedback@bytedance.com)"
47.128.97.66 - - [14/Jan/2025:06:33:13 +0100] "GET /drupal/node/386 HTTP/1.1" 200 - "-" "Mozilla/5.0 (Linux; Android 5.0) AppleWebKit/537.36 (KHTML, like Gecko) Mobile Safari/537.36 (compatible; Bytespider; spider-feedback@bytedance.com)"
216.244.66.200 - - [14/Jan/2025:06:33:31 +0100] "GET /files/23_2005_rend_mod_terv_081027.pdf HTTP/1.1" 200 192849 "-" "Mozilla/5.0 (compatible; DotBot/1.2; +https://opensiteexplorer.org/dotbot; help@moz.com)"
216.244.66.200 - - [14/Jan/2025:06:34:16 +0100] "GET /files/5219_kemiai_diakolimpia_070208.pdf HTTP/1.1" 200 197336 "-" "Mozilla/5.0 (compatible; DotBot/1.2; +https://opensiteexplorer.org/dotbot; help@moz.com)"
216.244.66.200 - - [14/Jan/2025:06:34:48 +0100] "GET /files/VHR_Mod+II_0814_tarcakorozes.doc HTTP/1.1" 200 39424 "-" "Mozilla/5.0 (compatible; DotBot/1.2; +https://opensiteexplorer.org/dotbot; help@moz.com)"
216.244.66.200 - - [14/Jan/2025:06:35:50 +0100] "GET /files/megyei%20jelent%C3%83%C2%A9s_1.pdf HTTP/1.1" 200 - "-" "Mozilla/5.0 (compatible; DotBot/1.2; +https://opensiteexplorer.org/dotbot; help@moz.com)"
216.244.66.200 - - [14/Jan/2025:06:36:29 +0100] "GET /files/pp_eloterjesztes_0324_honlapra.doc HTTP/1.1" 200 315257 "-" "Mozilla/5.0 (compatible; DotBot/1.2; +https://opensiteexplorer.org/dotbot; help@moz.com)"
47.128.57.37 - - [14/Jan/2025:06:37:13 +0100] "GET /drupal/node/383 HTTP/1.1" 200 - "-" "Mozilla/5.0 (Linux; Android 5.0) AppleWebKit/537.36 (KHTML, like Gecko) Mobile Safari/537.36 (compatible; Bytespider; spider-feedback@bytedance.com)"
216.244.66.200 - - [14/Jan/2025:06:37:31 +0100] "GET /files/Ingatlanhat%C3%B3s%C3%A1gok%20kijel%C3%B6l%C3%A9se.pdf HTTP/1.1" 200 - "-" "Mozilla/5.0 (compatible; DotBot/1.2; +https://opensiteexplorer.org/dotbot; help@moz.com)"
216.244.66.200 - - [14/Jan/2025:06:37:52 +0100] "GET /files/e_beszamolo_rendelet-tervezet_03.12..doc HTTP/1.1" 200 75776 "-" "Mozilla/5.0 (compatible; DotBot/1.2; +https://opensiteexplorer.org/dotbot; help@moz.com)"
216.244.66.200 - - [14/Jan/2025:06:38:23 +0100] "GET /files/mh_beosztasi_kategoriaba_besorolas_rendfokozat.pdf HTTP/1.1" 200 103785 "-" "Mozilla/5.0 (compatible; DotBot/1.2; +https://opensiteexplorer.org/dotbot; help@moz.com)"
216.244.66.200 - - [14/Jan/2025:06:38:53 +0100] "GET /files/rendorseg-hatarorseg_tervezet_honlap.pdf HTTP/1.1" 200 98475 "-" "Mozilla/5.0 (compatible; DotBot/1.2; +https://opensiteexplorer.org/dotbot; help@moz.com)"
216.244.66.200 - - [14/Jan/2025:06:39:22 +0100] "GET /files/2007_2.doc HTTP/1.1" 200 41984 "-" "Mozilla/5.0 (compatible; DotBot/1.2; +https://opensiteexplorer.org/dotbot; help@moz.com)"
216.244.66.200 - - [14/Jan/2025:06:39:51 +0100] "GET /files/3175_8.pdf HTTP/1.1" 200 238857 "-" "Mozilla/5.0 (compatible; DotBot/1.2; +https://opensiteexplorer.org/dotbot; help@moz.com)"
216.244.66.200 - - [14/Jan/2025:06:40:19 +0100] "GET /files/739.pdf HTTP/1.1" 200 219491 "-" "Mozilla/5.0 (compatible; DotBot/1.2; +https://opensiteexplorer.org/dotbot; help@moz.com)"
216.244.66.200 - - [14/Jan/2025:06:40:50 +0100] "GET /files/NFGM_8810.pdf HTTP/1.1" 200 1128259 "-" "Mozilla/5.0 (compatible; DotBot/1.2; +https://opensiteexplorer.org/dotbot; help@moz.com)"
47.128.21.249 - - [14/Jan/2025:06:41:12 +0100] "GET /drupal/node/1273 HTTP/1.1" 200 - "-" "Mozilla/5.0 (Linux; Android 5.0) AppleWebKit/537.36 (KHTML, like Gecko) Mobile Safari/537.36 (compatible; Bytespider; spider-feedback@bytedance.com)"
216.244.66.200 - - [14/Jan/2025:06:41:21 +0100] "GET /files/PHD.pdf HTTP/1.1" 200 144876 "-" "Mozilla/5.0 (compatible; DotBot/1.2; +https://opensiteexplorer.org/dotbot; help@moz.com)"
47.128.61.252 - - [14/Jan/2025:06:45:12 +0100] "GET /drupal/node/27 HTTP/1.1" 200 - "-" "Mozilla/5.0 (Linux; Android 5.0) AppleWebKit/537.36 (KHTML, like Gecko) Mobile Safari/537.36 (compatible; Bytespider; spider-feedback@bytedance.com)"
47.128.98.246 - - [14/Jan/2025:06:49:12 +0100] "GET /drupal/node/384 HTTP/1.1" 200 - "-" "Mozilla/5.0 (Linux; Android 5.0) AppleWebKit/537.36 (KHTML, like Gecko) Mobile Safari/537.36 (compatible; Bytespider; spider-feedback@bytedance.com)"
47.128.112.203 - - [14/Jan/2025:06:53:12 +0100] "GET /drupal/node/385 HTTP/1.1" 200 - "-" "Mozilla/5.0 (Linux; Android 5.0) AppleWebKit/537.36 (KHTML, like Gecko) Mobile Safari/537.36 (compatible; Bytespider; spider-feedback@bytedance.com)"
47.128.33.189 - - [14/Jan/2025:07:00:42 +0100] "GET /robots.txt HTTP/1.1" 200 1590 "-" "Mozilla/5.0 (Linux; Android 5.0) AppleWebKit/537.36 (KHTML, like Gecko) Mobile Safari/537.36 (compatible; Bytespider; spider-feedback@bytedance.com)"
216.244.66.200 - - [14/Jan/2025:07:07:09 +0100] "GET /robots.txt HTTP/1.1" 200 1590 "-" "Mozilla/5.0 (compatible; DotBot/1.2; +https://opensiteexplorer.org/dotbot; help@moz.com)"
66.249.66.85 - - [14/Jan/2025:07:21:21 +0100] "GET /files/Nemzetkozi_szerzodesekkel_kapcsolatos_eljarasrol_szolo_2005.evi_L.torveny_modositasarol.pdf HTTP/1.1" 304 - "-" "Mozilla/5.0 (Linux; Android 6.0.1; Nexus 5X Build/MMB29P) AppleWebKit/537.36 (KHTML, like Gecko) Chrome/131.0.6778.264 Mobile Safari/537.36 (compatible; Googlebot/2.1; +http://www.google.com/bot.html)"
216.244.66.200 - - [14/Jan/2025:07:29:36 +0100] "GET /files/8330-6indokolas.doc HTTP/1.1" 200 32256 "-" "Mozilla/5.0 (compatible; DotBot/1.2; +https://opensiteexplorer.org/dotbot; help@moz.com)"
216.244.66.200 - - [14/Jan/2025:07:29:47 +0100] "GET /files/Tervezet_05.30..doc HTTP/1.1" 200 46080 "-" "Mozilla/5.0 (compatible; DotBot/1.2; +https://opensiteexplorer.org/dotbot; help@moz.com)"
216.244.66.200 - - [14/Jan/2025:07:29:58 +0100] "GET /files/bizott_2007_05.pdf HTTP/1.1" 200 60990 "-" "Mozilla/5.0 (compatible; DotBot/1.2; +https://opensiteexplorer.org/dotbot; help@moz.com)"
216.244.66.200 - - [14/Jan/2025:07:33:30 +0100] "GET /files/14per2007_EuM_rend_mod_100415.doc HTTP/1.1" 200 736623 "-" "Mozilla/5.0 (compatible; DotBot/1.2; +https://opensiteexplorer.org/dotbot; help@moz.com)"
216.244.66.200 - - [14/Jan/2025:07:34:13 +0100] "GET /files/ktv_mod_terv_070322.pdf HTTP/1.1" 200 393452 "-" "Mozilla/5.0 (compatible; DotBot/1.2; +https://opensiteexplorer.org/dotbot; help@moz.com)"
216.244.66.200 - - [14/Jan/2025:07:34:28 +0100] "GET /files/40_2004_mod_mellekl_egyeztetesre.pdf HTTP/1.1" 200 161270 "-" "Mozilla/5.0 (compatible; DotBot/1.2; +https://opensiteexplorer.org/dotbot; help@moz.com)"
128.199.11.131 - - [14/Jan/2025:07:37:37 +0100] "GET / HTTP/1.1" 200 - "-" "Mozilla/5.0 (compatible)"
185.147.125.24 - - [14/Jan/2025:07:43:46 +0100] "GET / HTTP/1.0" 200 - "http://jogalkotas.hu/" "Mozilla/5.0 (Windows NT 10.0; Win64; x64; ) AppleWebKit/537.36 (KHTML, like Gecko) Chrome/124.0.6367.61 Chrome/124.0.6367.61 Not-A.Brand/99 Safari/537.36"
216.244.66.200 - - [14/Jan/2025:07:52:43 +0100] "GET /robots.txt HTTP/1.1" 200 1590 "-" "Mozilla/5.0 (compatible; DotBot/1.2; +https://opensiteexplorer.org/dotbot; help@moz.com)"
66.249.66.5 - - [14/Jan/2025:08:02:55 +0100] "GET /files/hm_rend_terv_ms_kereso_foglalkozas.pdf HTTP/1.1" 200 103566 "-" "Googlebot/2.1 (+http://www.google.com/bot.html)"
216.244.66.200 - - [14/Jan/2025:08:14:40 +0100] "GET /files/Korrel-2007-28.doc HTTP/1.1" 200 39936 "-" "Mozilla/5.0 (compatible; DotBot/1.2; +https://opensiteexplorer.org/dotbot; help@moz.com)"
216.244.66.200 - - [14/Jan/2025:08:14:52 +0100] "GET /files/NFGM_6325.pdf HTTP/1.1" 200 106670 "-" "Mozilla/5.0 (compatible; DotBot/1.2; +https://opensiteexplorer.org/dotbot; help@moz.com)"
216.244.66.200 - - [14/Jan/2025:08:15:05 +0100] "GET /files/OVSZ-kozig1119.pdf HTTP/1.1" 200 415628 "-" "Mozilla/5.0 (compatible; DotBot/1.2; +https://opensiteexplorer.org/dotbot; help@moz.com)"
216.244.66.200 - - [14/Jan/2025:08:15:16 +0100] "GET /files/tervezet0721.doc HTTP/1.1" 200 65536 "-" "Mozilla/5.0 (compatible; DotBot/1.2; +https://opensiteexplorer.org/dotbot; help@moz.com)"
216.244.66.200 - - [14/Jan/2025:08:18:14 +0100] "GET /files/0328_celtart_eloterjesztes.doc HTTP/1.1" 200 73216 "-" "Mozilla/5.0 (compatible; DotBot/1.2; +https://opensiteexplorer.org/dotbot; help@moz.com)"
216.244.66.200 - - [14/Jan/2025:08:18:27 +0100] "GET /files/norma_0317_kozigre.doc HTTP/1.1" 200 337920 "-" "Mozilla/5.0 (compatible; DotBot/1.2; +https://opensiteexplorer.org/dotbot; help@moz.com)"
216.244.66.200 - - [14/Jan/2025:08:18:41 +0100] "GET /files/regmunkkozp_terv_090108.pdf HTTP/1.1" 200 232384 "-" "Mozilla/5.0 (compatible; DotBot/1.2; +https://opensiteexplorer.org/dotbot; help@moz.com)"
216.244.66.200 - - [14/Jan/2025:08:18:53 +0100] "GET /files/rendtervezet_20060508.pdf HTTP/1.1" 200 109603 "-" "Mozilla/5.0 (compatible; DotBot/1.2; +https://opensiteexplorer.org/dotbot; help@moz.com)"
216.244.66.200 - - [14/Jan/2025:08:19:07 +0100] "GET /files/tervezet_0702_kozigre.doc HTTP/1.1" 200 106496 "-" "Mozilla/5.0 (compatible; DotBot/1.2; +https://opensiteexplorer.org/dotbot; help@moz.com)"
150.136.222.122 - - [14/Jan/2025:08:56:24 +0100] "GET /wp-content/plugins/hellopress/wp_filemanager.php HTTP/1.1" 200 - "-" "-"
150.136.222.122 - - [14/Jan/2025:08:56:56 +0100] "GET /wp-content/plugins/hellopress/wp_filemanager.php HTTP/1.1" 200 - "-" "-"
150.136.222.122 - - [14/Jan/2025:08:57:31 +0100] "GET /wp-content/plugins/hellopress/wp_filemanager.php HTTP/1.1" 200 - "-" "-"
150.136.222.122 - - [14/Jan/2025:08:58:03 +0100] "GET /wp-content/plugins/hellopress/wp_filemanager.php HTTP/1.1" 200 - "-" "-"
13.57.243.176 - - [14/Jan/2025:09:04:40 +0100] "GET / HTTP/1.1" 200 - "-" "bitdiscovery-suggestions"
66.249.66.85 - - [14/Jan/2025:09:13:09 +0100] "GET /files/igszakkam_mod_tervezet_080918_0.doc HTTP/1.1" 304 - "-" "Mozilla/5.0 (Linux; Android 6.0.1; Nexus 5X Build/MMB29P) AppleWebKit/537.36 (KHTML, like Gecko) Chrome/131.0.6778.264 Mobile Safari/537.36 (compatible; Googlebot/2.1; +http://www.google.com/bot.html)"
66.249.66.5 - - [14/Jan/2025:09:23:38 +0100] "GET /drupal/files/NFGM2005_0.pdf HTTP/1.1" 200 - "-" "Mozilla/5.0 (Linux; Android 6.0.1; Nexus 5X Build/MMB29P) AppleWebKit/537.36 (KHTML, like Gecko) Chrome/131.0.6778.264 Mobile Safari/537.36 (compatible; GoogleOther)"
66.249.66.5 - - [14/Jan/2025:09:24:10 +0100] "GET /drupal/files/NFGM2005_0.pdf HTTP/1.1" 200 - "-" "Mozilla/5.0 (Linux; Android 6.0.1; Nexus 5X Build/MMB29P) AppleWebKit/537.36 (KHTML, like Gecko) Chrome/131.0.6778.264 Mobile Safari/537.36 (compatible; GoogleOther)"
66.249.66.87 - - [14/Jan/2025:10:06:00 +0100] "GET /files/4735.pdf HTTP/1.1" 304 - "-" "Mozilla/5.0 (Linux; Android 6.0.1; Nexus 5X Build/MMB29P) AppleWebKit/537.36 (KHTML, like Gecko) Chrome/131.0.6778.264 Mobile Safari/537.36 (compatible; Googlebot/2.1; +http://www.google.com/bot.html)"
47.79.98.32 - - [14/Jan/2025:10:06:20 +0100] "GET /drupal/node/1273 HTTP/1.1" 200 - "http://jogalkotas.hu/drupal/node/1273" "Mozilla/5.0 (Windows NT 10.0; Win64; x64) AppleWebKit/537.36 (KHTML, like Gecko) Chrome/114.0.0.0 Safari/537.36 Edg/114.0.1823.43"
188.6.142.248 - - [14/Jan/2025:10:18:05 +0100] "GET /favicon.ico HTTP/1.1" 404 57 "http://jogalkotas.hu/files/hadkotelesek_hm_eum_rendelet_tervezet_melleklet.pdf" "Mozilla/5.0 (Windows NT 10.0; Win64; x64) AppleWebKit/537.36 (KHTML, like Gecko) Chrome/131.0.0.0 Safari/537.36"
188.6.142.248 - - [14/Jan/2025:10:18:06 +0100] "GET /files/hadkotelesek_hm_eum_rendelet_tervezet_melleklet.pdf HTTP/1.1" 200 713160 "https://www.google.com/" "Mozilla/5.0 (Windows NT 10.0; Win64; x64) AppleWebKit/537.36 (KHTML, like Gecko) Chrome/131.0.0.0 Safari/537.36"
54.176.91.40 - - [14/Jan/2025:10:25:36 +0100] "GET / HTTP/1.1" 200 - "-" "bitdiscovery-suggestions"
176.63.3.255 - - [14/Jan/2025:10:26:38 +0100] "GET /favicon.ico HTTP/1.1" 404 57 "http://www.jogalkotas.hu/files/ebh_2006_jelentes_070619.pdf" "Mozilla/5.0 (Windows NT 10.0; Win64; x64) AppleWebKit/537.36 (KHTML, like Gecko) Chrome/131.0.0.0 Safari/537.36"
176.63.3.255 - - [14/Jan/2025:10:26:38 +0100] "GET /files/ebh_2006_jelentes_070619.pdf HTTP/1.1" 200 742359 "https://www.google.com/" "Mozilla/5.0 (Windows NT 10.0; Win64; x64) AppleWebKit/537.36 (KHTML, like Gecko) Chrome/131.0.0.0 Safari/537.36"
216.244.66.200 - - [14/Jan/2025:10:54:30 +0100] "GET /robots.txt HTTP/1.1" 200 1590 "-" "Mozilla/5.0 (compatible; DotBot/1.2; +https://opensiteexplorer.org/dotbot; help@moz.com)"
66.249.66.86 - - [14/Jan/2025:11:01:41 +0100] "GET /taxonomy/term/18%2023%2024%2026%2025%2027%2028%2029%2052%2041%2031%2032%2098%2033%2048%20106%20103%2099%20107%2034%2049%2035%2051%20100%2036%2050%20105 HTTP/1.1" 200 - "-" "Mozilla/5.0 (Linux; Android 6.0.1; Nexus 5X Build/MMB29P) AppleWebKit/537.36 (KHTML, like Gecko) Chrome/131.0.6778.264 Mobile Safari/537.36 (compatible; Googlebot/2.1; +http://www.google.com/bot.html)"
66.249.66.85 - - [14/Jan/2025:11:03:42 +0100] "GET /files/hm_rendelet_tervezet_allomany_melleklet.pdf HTTP/1.1" 304 - "-" "Mozilla/5.0 (Linux; Android 6.0.1; Nexus 5X Build/MMB29P) AppleWebKit/537.36 (KHTML, like Gecko) Chrome/131.0.6778.264 Mobile Safari/537.36 (compatible; Googlebot/2.1; +http://www.google.com/bot.html)"
144.76.14.54 - - [14/Jan/2025:11:05:48 +0100] "GET /robots.txt HTTP/1.1" 200 1590 "-" "Mozilla/5.0 (Windows NT 10.0; Win64; x64; trendictionbot0.5.0; trendiction search; http://www.trendiction.de/bot; please let us know of any problems; web at trendiction.com) Gecko/20100101 Firefox/125.0"
144.76.14.54 - - [14/Jan/2025:11:06:22 +0100] "GET / HTTP/1.1" 200 - "-" "Mozilla/5.0 (Windows NT 10.0; Win64; x64; trendictionbot0.5.0; trendiction search; http://www.trendiction.de/bot; please let us know of any problems; web at trendiction.com) Gecko/20100101 Firefox/125.0"
144.76.14.54 - - [14/Jan/2025:11:06:54 +0100] "GET / HTTP/1.1" 200 - "-" "Mozilla/5.0 (Windows NT 10.0; Win64; x64; trendictionbot0.5.0; trendiction search; http://www.trendiction.de/bot; please let us know of any problems; web at trendiction.com) Gecko/20100101 Firefox/125.0"
144.76.14.54 - - [14/Jan/2025:11:07:26 +0100] "GET / HTTP/1.1" 200 - "-" "Mozilla/5.0 (Windows NT 10.0; Win64; x64; trendictionbot0.5.0; trendiction search; http://www.trendiction.de/bot; please let us know of any problems; web at trendiction.com) Gecko/20100101 Firefox/125.0"
144.76.14.54 - - [14/Jan/2025:11:07:58 +0100] "GET / HTTP/1.1" 200 - "-" "Mozilla/5.0 (Windows NT 10.0; Win64; x64; trendictionbot0.5.0; trendiction search; http://www.trendiction.de/bot; please let us know of any problems; web at trendiction.com) Gecko/20100101 Firefox/125.0"
216.244.66.200 - - [14/Jan/2025:11:10:48 +0100] "GET /files/sulyos_vasuti.pdf HTTP/1.1" 200 179442 "-" "Mozilla/5.0 (compatible; DotBot/1.2; +https://opensiteexplorer.org/dotbot; help@moz.com)"
216.244.66.200 - - [14/Jan/2025:11:15:18 +0100] "GET /files/_pe9km2srqeig76qbkclp7c_.pdf HTTP/1.1" 200 511063 "-" "Mozilla/5.0 (compatible; DotBot/1.2; +https://opensiteexplorer.org/dotbot; help@moz.com)"
216.244.66.200 - - [14/Jan/2025:11:15:33 +0100] "GET /files/drog_jelentes_terv_061211.pdf HTTP/1.1" 200 1383649 "-" "Mozilla/5.0 (compatible; DotBot/1.2; +https://opensiteexplorer.org/dotbot; help@moz.com)"
216.244.66.200 - - [14/Jan/2025:11:15:50 +0100] "GET /files/kozokt_diakig_terv_080807.pdf HTTP/1.1" 200 244341 "-" "Mozilla/5.0 (compatible; DotBot/1.2; +https://opensiteexplorer.org/dotbot; help@moz.com)"
84.206.47.34 - - [14/Jan/2025:11:25:55 +0100] "GET /files/Tuzszolszab..pdf HTTP/1.1" 200 424954 "https://www.google.com/" "Mozilla/5.0 (Windows NT 10.0; Win64; x64) AppleWebKit/537.36 (KHTML, like Gecko) Chrome/131.0.0.0 Safari/537.36"
84.206.47.34 - - [14/Jan/2025:11:25:56 +0100] "GET /favicon.ico HTTP/1.1" 404 57 "http://jogalkotas.hu/files/Tuzszolszab..pdf" "Mozilla/5.0 (Windows NT 10.0; Win64; x64) AppleWebKit/537.36 (KHTML, like Gecko) Chrome/131.0.0.0 Safari/537.36"
216.244.66.200 - - [14/Jan/2025:11:40:16 +0100] "GET /robots.txt HTTP/1.1" 200 1590 "-" "Mozilla/5.0 (compatible; DotBot/1.2; +https://opensiteexplorer.org/dotbot; help@moz.com)"
54.36.148.29 - - [14/Jan/2025:11:45:18 +0100] "GET /robots.txt HTTP/1.1" 200 1590 "-" "Mozilla/5.0 (compatible; AhrefsBot/7.0; +http://ahrefs.com/robot/)"
167.253.34.3 - - [14/Jan/2025:11:52:02 +0100] "GET /robots.txt HTTP/1.0" 200 1590 "-" "Mozilla/4.0 (compatible; fluid/0.0; +http://www.leak.info/bot.html)"
216.244.66.200 - - [14/Jan/2025:12:00:06 +0100] "GET /files/tam_prg.zip HTTP/1.1" 200 12407 "-" "Mozilla/5.0 (compatible; DotBot/1.2; +https://opensiteexplorer.org/dotbot; help@moz.com)"
109.61.30.122 - - [14/Jan/2025:12:01:15 +0100] "GET /files/kozalk_terv_070806-1.pdf HTTP/1.1" 200 71542 "https://www.google.com/" "Mozilla/5.0 (Windows NT 10.0; Win64; x64) AppleWebKit/537.36 (KHTML, like Gecko) Chrome/131.0.0.0 Safari/537.36"
109.61.30.122 - - [14/Jan/2025:12:01:15 +0100] "GET /favicon.ico HTTP/1.1" 404 57 "http://jogalkotas.hu/files/kozalk_terv_070806-1.pdf" "Mozilla/5.0 (Windows NT 10.0; Win64; x64) AppleWebKit/537.36 (KHTML, like Gecko) Chrome/131.0.0.0 Safari/537.36"
109.61.30.122 - - [14/Jan/2025:12:01:16 +0100] "GET /files/kozalk_terv_070806-1.pdf HTTP/1.1" 206 1025 "-" "Mozilla/5.0 (Windows NT 10.0; Win64; x64) AppleWebKit/537.36 (KHTML, like Gecko) Chrome/131.0.0.0 Safari/537.36"
109.61.30.122 - - [14/Jan/2025:12:01:16 +0100] "GET /files/kozalk_terv_070806-1.pdf HTTP/1.1" 200 313855 "-" "Mozilla/5.0 (Windows NT 10.0; Win64; x64) AppleWebKit/537.36 (KHTML, like Gecko) Chrome/131.0.0.0 Safari/537.36"
216.244.66.200 - - [14/Jan/2025:12:03:27 +0100] "GET /files/_4ddgn8objf9q758j6c4_.pdf HTTP/1.1" 200 271089 "-" "Mozilla/5.0 (compatible; DotBot/1.2; +https://opensiteexplorer.org/dotbot; help@moz.com)"
216.244.66.200 - - [14/Jan/2025:12:03:40 +0100] "GET /files/cstvmod-irm-honlapra.doc HTTP/1.1" 200 426496 "-" "Mozilla/5.0 (compatible; DotBot/1.2; +https://opensiteexplorer.org/dotbot; help@moz.com)"
216.244.66.200 - - [14/Jan/2025:12:03:52 +0100] "GET /files/egyhazi_ing_terv_071014.pdf HTTP/1.1" 200 162330 "-" "Mozilla/5.0 (compatible; DotBot/1.2; +https://opensiteexplorer.org/dotbot; help@moz.com)"
216.244.66.200 - - [14/Jan/2025:12:04:05 +0100] "GET /files/tervezet_brucellozis_12.06.pdf HTTP/1.1" 200 280251 "-" "Mozilla/5.0 (compatible; DotBot/1.2; +https://opensiteexplorer.org/dotbot; help@moz.com)"
216.244.66.200 - - [14/Jan/2025:12:04:17 +0100] "GET /files/vedett_fogl_eloterj_061103.pdf HTTP/1.1" 200 222205 "-" "Mozilla/5.0 (compatible; DotBot/1.2; +https://opensiteexplorer.org/dotbot; help@moz.com)"
52.167.144.207 - - [14/Jan/2025:12:19:20 +0100] "GET /drupal/taxonomy/term/46 HTTP/1.1" 200 - "-" "Mozilla/5.0 AppleWebKit/537.36 (KHTML, like Gecko; compatible; bingbot/2.0; +http://www.bing.com/bingbot.htm) Chrome/116.0.1938.76 Safari/537.36"
52.167.144.207 - - [14/Jan/2025:12:19:52 +0100] "GET /drupal/taxonomy/term/46 HTTP/1.1" 200 - "-" "Mozilla/5.0 AppleWebKit/537.36 (KHTML, like Gecko; compatible; bingbot/2.0; +http://www.bing.com/bingbot.htm) Chrome/116.0.1938.76 Safari/537.36"
79.209.33.41 - - [14/Jan/2025:12:25:09 +0100] "GET /files/cegbejegyzesi_eljaras_21_per_2006__02_12_fin.doc HTTP/1.1" 200 54272 "-" "Mozilla/5.0 (Windows NT 10.0; Win64; x64) AppleWebKit/537.36 (KHTML, like Gecko) Chrome/60.0.3112.113 Safari/537.36"
66.249.66.86 - - [14/Jan/2025:12:46:27 +0100] "GET /files/egyes_nemesfem.pdf HTTP/1.1" 304 - "-" "Mozilla/5.0 (Linux; Android 6.0.1; Nexus 5X Build/MMB29P) AppleWebKit/537.36 (KHTML, like Gecko) Chrome/131.0.6778.264 Mobile Safari/537.36 (compatible; Googlebot/2.1; +http://www.google.com/bot.html)"
52.167.144.219 - - [14/Jan/2025:13:36:05 +0100] "GET /files/$File/nk3.pdf HTTP/1.1" 200 - "-" "Mozilla/5.0 AppleWebKit/537.36 (KHTML, like Gecko; compatible; bingbot/2.0; +http://www.bing.com/bingbot.htm) Chrome/116.0.1938.76 Safari/537.36"
52.167.144.219 - - [14/Jan/2025:13:36:37 +0100] "GET /files/$File/nk3.pdf HTTP/1.1" 200 - "-" "Mozilla/5.0 AppleWebKit/537.36 (KHTML, like Gecko; compatible; bingbot/2.0; +http://www.bing.com/bingbot.htm) Chrome/116.0.1938.76 Safari/537.36"
216.244.66.200 - - [14/Jan/2025:13:58:01 +0100] "GET /robots.txt HTTP/1.1" 200 1590 "-" "Mozilla/5.0 (compatible; DotBot/1.2; +https://opensiteexplorer.org/dotbot; help@moz.com)"
84.206.48.117 - - [14/Jan/2025:14:09:38 +0100] "GET /files/termofold_igenybevetel_eloterjesztes.pdf HTTP/1.1" 200 211330 "https://www.bing.com/" "Mozilla/5.0 (Windows NT 10.0; Win64; x64) AppleWebKit/537.36 (KHTML, like Gecko) Chrome/131.0.0.0 Safari/537.36 Edg/131.0.0.0"
84.206.48.117 - - [14/Jan/2025:14:09:38 +0100] "GET /favicon.ico HTTP/1.1" 404 57 "http://www.jogalkotas.hu/files/termofold_igenybevetel_eloterjesztes.pdf" "Mozilla/5.0 (Windows NT 10.0; Win64; x64) AppleWebKit/537.36 (KHTML, like Gecko) Chrome/131.0.0.0 Safari/537.36 Edg/131.0.0.0"
216.244.66.200 - - [14/Jan/2025:14:10:25 +0100] "GET /files/2007_II_tablazat_08.10.nyilvanosvaltozat.pdf HTTP/1.1" 200 30195 "-" "Mozilla/5.0 (compatible; DotBot/1.2; +https://opensiteexplorer.org/dotbot; help@moz.com)"
216.244.66.200 - - [14/Jan/2025:14:10:40 +0100] "GET /files/R303_2rendelet.doc HTTP/1.1" 200 63488 "-" "Mozilla/5.0 (compatible; DotBot/1.2; +https://opensiteexplorer.org/dotbot; help@moz.com)"
216.244.66.200 - - [14/Jan/2025:14:11:09 +0100] "GET /files/T4010.doc HTTP/1.1" 200 497152 "-" "Mozilla/5.0 (compatible; DotBot/1.2; +https://opensiteexplorer.org/dotbot; help@moz.com)"
216.244.66.200 - - [14/Jan/2025:14:11:38 +0100] "GET /files/kozcelu_070410.pdf HTTP/1.1" 200 303415 "-" "Mozilla/5.0 (compatible; DotBot/1.2; +https://opensiteexplorer.org/dotbot; help@moz.com)"
216.244.66.200 - - [14/Jan/2025:14:12:14 +0100] "GET /files/tervezet_tallyai.pdf HTTP/1.1" 200 144068 "-" "Mozilla/5.0 (compatible; DotBot/1.2; +https://opensiteexplorer.org/dotbot; help@moz.com)"
46.107.209.79 - - [14/Jan/2025:15:12:35 +0100] "GET /files/2_sz_melleklet_061031.pdf HTTP/1.1" 200 35544 "https://www.google.com/" "Mozilla/5.0 (Windows NT 10.0; Win64; x64) AppleWebKit/537.36 (KHTML, like Gecko) Chrome/109.0.0.0 Safari/537.36"
46.107.209.79 - - [14/Jan/2025:15:12:35 +0100] "GET /files/2_sz_melleklet_061031.pdf HTTP/1.1" 206 1025 "-" "Mozilla/5.0 (Windows NT 10.0; Win64; x64) AppleWebKit/537.36 (KHTML, like Gecko) Chrome/109.0.0.0 Safari/537.36"
46.107.209.79 - - [14/Jan/2025:15:12:35 +0100] "GET /files/2_sz_melleklet_061031.pdf HTTP/1.1" 200 56446 "-" "Mozilla/5.0 (Windows NT 10.0; Win64; x64) AppleWebKit/537.36 (KHTML, like Gecko) Chrome/109.0.0.0 Safari/537.36"
193.0.226.13 - - [14/Jan/2025:15:19:08 +0100] "GET /files/2_sz_melleklet_061031.pdf HTTP/1.1" 200 56446 "https://www.google.com/" "Mozilla/5.0 (Windows NT 10.0; Win64; x64) AppleWebKit/537.36 (KHTML, like Gecko) Chrome/131.0.0.0 Safari/537.36"
193.0.226.13 - - [14/Jan/2025:15:19:09 +0100] "GET /favicon.ico HTTP/1.1" 404 57 "http://www.jogalkotas.hu/files/2_sz_melleklet_061031.pdf" "Mozilla/5.0 (Windows NT 10.0; Win64; x64) AppleWebKit/537.36 (KHTML, like Gecko) Chrome/131.0.0.0 Safari/537.36"
66.249.66.86 - - [14/Jan/2025:15:32:04 +0100] "GET /files/TK166_2.pdf HTTP/1.1" 200 168895 "-" "Googlebot/2.1 (+http://www.google.com/bot.html)"
66.249.66.6 - - [14/Jan/2025:15:45:58 +0100] "GET / HTTP/1.1" 200 - "-" "Mozilla/5.0 (compatible; Googlebot/2.1; +http://www.google.com/bot.html)"
66.249.66.4 - - [14/Jan/2025:15:46:30 +0100] "GET / HTTP/1.1" 200 - "-" "Mozilla/5.0 (Linux; Android 6.0.1; Nexus 5X Build/MMB29P) AppleWebKit/537.36 (KHTML, like Gecko) Chrome/99.0.4844.84 Mobile Safari/537.36 (compatible; Googlebot/2.1; +http://www.google.com/bot.html)"
66.249.66.4 - - [14/Jan/2025:15:47:02 +0100] "GET / HTTP/1.1" 200 - "-" "Mozilla/5.0 (compatible; Googlebot/2.1; +http://www.google.com/bot.html)"
66.249.66.4 - - [14/Jan/2025:15:47:35 +0100] "GET / HTTP/1.1" 200 - "-" "Mozilla/5.0 (Linux; Android 6.0.1; Nexus 5X Build/MMB29P) AppleWebKit/537.36 (KHTML, like Gecko) Chrome/131.0.6778.264 Mobile Safari/537.36 (compatible; Googlebot/2.1; +http://www.google.com/bot.html)"
78.153.140.222 - - [14/Jan/2025:15:59:24 +0100] "GET /.env HTTP/1.1" 200 - "-" "Mozilla/5.0 (Linux; U; Android 2.3.4; en-us; A1_07 Build/GRJ22) AppleWebKit/533.1 (KHTML, like Gecko) Version/4.0 Mobile Safari/533.1"
78.153.140.222 - - [14/Jan/2025:15:59:24 +0100] "GET /.env HTTP/1.1" 200 - "-" "Mozilla/5.0 (X11; U; Linux i686; en-US; rv:1.8.1.2) Gecko/20070317 Firefox/2.0.0.2"
213.180.203.45 - - [14/Jan/2025:16:01:55 +0100] "GET /robots.txt HTTP/1.1" 200 1590 "-" "Mozilla/5.0 (compatible; YandexBot/3.0; +http://yandex.com/bots)"
95.108.213.193 - - [14/Jan/2025:16:02:27 +0100] "GET /drupal/node/1448 HTTP/1.1" 200 - "-" "Mozilla/5.0 (compatible; YandexBot/3.0; +http://yandex.com/bots)"
89.135.51.93 - - [14/Jan/2025:16:02:47 +0100] "GET /files/91_2003_mod_velemenyezesre.pdf HTTP/1.1" 200 139824 "https://www.google.com/" "Mozilla/5.0 (Windows NT 10.0; Win64; x64) AppleWebKit/537.36 (KHTML, like Gecko) Chrome/131.0.0.0 Safari/537.36"
89.135.51.93 - - [14/Jan/2025:16:02:47 +0100] "GET /favicon.ico HTTP/1.1" 404 57 "http://www.jogalkotas.hu/files/91_2003_mod_velemenyezesre.pdf" "Mozilla/5.0 (Windows NT 10.0; Win64; x64) AppleWebKit/537.36 (KHTML, like Gecko) Chrome/131.0.0.0 Safari/537.36"
66.249.66.6 - - [14/Jan/2025:16:10:40 +0100] "GET /drupal/files/egyes_kozl_tv.pdf HTTP/1.1" 200 - "-" "Googlebot/2.1 (+http://www.google.com/bot.html)"
3.101.240.119 - - [14/Jan/2025:16:31:35 +0100] "GET / HTTP/1.1" 200 - "-" "bitdiscovery"
57.141.0.7 - - [14/Jan/2025:16:51:53 +0100] "GET /drupal/node/91 HTTP/1.1" 200 - "-" "meta-externalagent/1.1 (+https://developers.facebook.com/docs/sharing/webmasters/crawler)"
216.244.66.200 - - [14/Jan/2025:16:59:46 +0100] "GET /robots.txt HTTP/1.1" 200 1590 "-" "Mozilla/5.0 (compatible; DotBot/1.2; +https://opensiteexplorer.org/dotbot; help@moz.com)"
216.244.66.200 - - [14/Jan/2025:17:27:17 +0100] "GET /files/kab.zip HTTP/1.1" 200 49639 "-" "Mozilla/5.0 (compatible; DotBot/1.2; +https://opensiteexplorer.org/dotbot; help@moz.com)"
216.244.66.200 - - [14/Jan/2025:17:28:06 +0100] "GET /files/mell2.pdf HTTP/1.1" 200 128398 "-" "Mozilla/5.0 (compatible; DotBot/1.2; +https://opensiteexplorer.org/dotbot; help@moz.com)"
151.0.90.126 - - [14/Jan/2025:17:31:47 +0100] "GET /files/ooszi.pdf HTTP/1.1" 200 105030 "https://www.google.hu/" "Mozilla/5.0 (Linux; Android 10; K) AppleWebKit/537.36 (KHTML, like Gecko) Chrome/131.0.0.0 Mobile Safari/537.36"
151.0.90.126 - - [14/Jan/2025:17:31:50 +0100] "GET /files/ooszi.pdf HTTP/1.1" 206 1 "https://www.google.hu/" "Mozilla/5.0 (Linux; Android 10; K) AppleWebKit/537.36 (KHTML, like Gecko) Chrome/131.0.0.0 Mobile Safari/537.36"
151.0.90.126 - - [14/Jan/2025:17:31:50 +0100] "GET /files/ooszi.pdf HTTP/1.1" 206 46680 "https://www.google.hu/" "Mozilla/5.0 (Linux; Android 10; K) AppleWebKit/537.36 (KHTML, like Gecko) Chrome/131.0.0.0 Mobile Safari/537.36"
151.0.90.126 - - [14/Jan/2025:17:32:00 +0100] "GET /files/ooszi.pdf HTTP/1.1" 206 1 "https://www.google.hu/" "Mozilla/5.0 (Linux; Android 10; K) AppleWebKit/537.36 (KHTML, like Gecko) Chrome/131.0.0.0 Mobile Safari/537.36"
151.0.90.126 - - [14/Jan/2025:17:32:00 +0100] "GET /files/ooszi.pdf HTTP/1.1" 206 46680 "https://www.google.hu/" "Mozilla/5.0 (Linux; Android 10; K) AppleWebKit/537.36 (KHTML, like Gecko) Chrome/131.0.0.0 Mobile Safari/537.36"
216.244.66.200 - - [14/Jan/2025:17:45:43 +0100] "GET /robots.txt HTTP/1.1" 200 1590 "-" "Mozilla/5.0 (compatible; DotBot/1.2; +https://opensiteexplorer.org/dotbot; help@moz.com)"
216.244.66.200 - - [14/Jan/2025:18:13:46 +0100] "GET /files/161.doc HTTP/1.1" 200 44032 "-" "Mozilla/5.0 (compatible; DotBot/1.2; +https://opensiteexplorer.org/dotbot; help@moz.com)"
216.244.66.200 - - [14/Jan/2025:18:14:17 +0100] "GET /files/R714.pdf HTTP/1.1" 200 381868 "-" "Mozilla/5.0 (compatible; DotBot/1.2; +https://opensiteexplorer.org/dotbot; help@moz.com)"
216.244.66.200 - - [14/Jan/2025:18:14:32 +0100] "GET /files/FVM_0.doc HTTP/1.1" 200 46592 "-" "Mozilla/5.0 (compatible; DotBot/1.2; +https://opensiteexplorer.org/dotbot; help@moz.com)"
216.244.66.200 - - [14/Jan/2025:18:14:58 +0100] "GET /files/bataapati.doc HTTP/1.1" 200 142848 "-" "Mozilla/5.0 (compatible; DotBot/1.2; +https://opensiteexplorer.org/dotbot; help@moz.com)"
216.244.66.200 - - [14/Jan/2025:18:15:49 +0100] "GET /files/11_12_evf_terv_090220.pdf HTTP/1.1" 200 320321 "-" "Mozilla/5.0 (compatible; DotBot/1.2; +https://opensiteexplorer.org/dotbot; help@moz.com)"
91.33.167.37 - - [14/Jan/2025:18:22:53 +0100] "GET /files/cegbejegyzesi_eljaras_21_per_2006__02_12_fin.doc HTTP/1.1" 200 54272 "-" "Mozilla/5.0 (Windows NT 10.0; Win64; x64) AppleWebKit/537.36 (KHTML, like Gecko) Chrome/60.0.3112.113 Safari/537.36"
216.244.66.200 - - [14/Jan/2025:18:32:19 +0100] "GET /robots.txt HTTP/1.1" 200 1590 "-" "Mozilla/5.0 (compatible; DotBot/1.2; +https://opensiteexplorer.org/dotbot; help@moz.com)"
216.244.66.200 - - [14/Jan/2025:18:56:33 +0100] "GET /files/1796.pdf HTTP/1.1" 200 121937 "-" "Mozilla/5.0 (compatible; DotBot/1.2; +https://opensiteexplorer.org/dotbot; help@moz.com)"
216.244.66.200 - - [14/Jan/2025:18:57:47 +0100] "GET /files/TK123.doc HTTP/1.1" 200 143872 "-" "Mozilla/5.0 (compatible; DotBot/1.2; +https://opensiteexplorer.org/dotbot; help@moz.com)"
216.244.66.200 - - [14/Jan/2025:18:58:15 +0100] "GET /files/vendeg.zip HTTP/1.1" 200 22346 "-" "Mozilla/5.0 (compatible; DotBot/1.2; +https://opensiteexplorer.org/dotbot; help@moz.com)"
66.249.66.4 - - [14/Jan/2025:18:59:54 +0100] "GET / HTTP/1.1" 200 - "-" "Mozilla/5.0 (Linux; Android 6.0.1; Nexus 5X Build/MMB29P) AppleWebKit/537.36 (KHTML, like Gecko) Chrome/131.0.6778.264 Mobile Safari/537.36 (compatible; Googlebot/2.1; +http://www.google.com/bot.html)"
66.249.66.87 - - [14/Jan/2025:19:08:10 +0100] "GET /files/legi1mell0920.pdf HTTP/1.1" 200 134589 "-" "Googlebot/2.1 (+http://www.google.com/bot.html)"
192.95.30.12 - - [14/Jan/2025:20:09:36 +0100] "GET /robots.txt HTTP/1.1" 200 1590 "-" "Mozilla/5.0 (compatible; MJ12bot/v1.4.8; http://mj12bot.com/)"
192.95.30.12 - - [14/Jan/2025:20:10:19 +0100] "GET /files/19-2003-Mell%C3%83%C2%A9kletek.xls.txt HTTP/1.1" 200 - "-" "Mozilla/5.0 (compatible; MJ12bot/v1.4.8; http://mj12bot.com/)"
