185.191.171.19 - - [02/Jan/2025:14:44:21 +0100] "GET /drupal/node/91 HTTP/1.1" 200 - "-" "Mozilla/5.0 (compatible; SemrushBot/7~bl; +http://www.semrush.com/bot.html)"
95.163.255.187 - - [02/Jan/2025:14:46:55 +0100] "GET /robots.txt HTTP/1.0" 200 1590 "-" "Mozilla/5.0 (compatible; Linux x86_64; Mail.RU_Bot/2.0; +https://help.mail.ru/webmaster/indexing/robots)"
95.163.255.175 - - [02/Jan/2025:14:46:59 +0100] "GET /files/nem-konvencionalis_korm_rend_090202.doc HTTP/1.1" 200 873472 "-" "Mozilla/5.0 (compatible; Linux x86_64; Mail.RU_Bot/2.0; +https://help.mail.ru/webmaster/indexing/robots)"
95.163.255.168 - - [02/Jan/2025:14:58:54 +0100] "GET /files/mikrobi%201130.doc HTTP/1.1" 200 100352 "-" "Mozilla/5.0 (compatible; Linux x86_64; Mail.RU_Bot/2.0; +https://help.mail.ru/webmaster/indexing/robots)"
66.249.66.5 - - [02/Jan/2025:15:03:05 +0100] "GET /files/korm_vet_epit.pdf HTTP/1.1" 304 - "-" "Mozilla/5.0 (Linux; Android 6.0.1; Nexus 5X Build/MMB29P) AppleWebKit/537.36 (KHTML, like Gecko) Chrome/131.0.6778.139 Mobile Safari/537.36 (compatible; Googlebot/2.1; +http://www.google.com/bot.html)"
95.163.255.193 - - [02/Jan/2025:15:09:38 +0100] "GET /files/munkaanyag_25per2006_IM_rendelet_mod.10.28..doc HTTP/1.1" 200 142848 "-" "Mozilla/5.0 (compatible; Linux x86_64; Mail.RU_Bot/2.0; +https://help.mail.ru/webmaster/indexing/robots)"
216.244.66.200 - - [02/Jan/2025:15:18:44 +0100] "GET /robots.txt HTTP/1.1" 200 1590 "-" "Mozilla/5.0 (compatible; DotBot/1.2; +https://opensiteexplorer.org/dotbot; help@moz.com)"
216.244.66.200 - - [02/Jan/2025:15:25:08 +0100] "GET /node/2617 HTTP/1.1" 200 - "-" "Mozilla/5.0 (compatible; DotBot/1.2; +https://opensiteexplorer.org/dotbot; help@moz.com)"
216.244.66.200 - - [02/Jan/2025:15:25:38 +0100] "GET /node/2573 HTTP/1.1" 200 - "-" "Mozilla/5.0 (compatible; DotBot/1.2; +https://opensiteexplorer.org/dotbot; help@moz.com)"
216.244.66.200 - - [02/Jan/2025:15:26:18 +0100] "GET /taxonomy/term/101?page=8 HTTP/1.1" 200 - "-" "Mozilla/5.0 (compatible; DotBot/1.2; +https://opensiteexplorer.org/dotbot; help@moz.com)"
216.244.66.200 - - [02/Jan/2025:16:04:07 +0100] "GET /robots.txt HTTP/1.1" 200 1590 "-" "Mozilla/5.0 (compatible; DotBot/1.2; +https://opensiteexplorer.org/dotbot; help@moz.com)"
213.180.203.73 - - [02/Jan/2025:16:04:10 +0100] "GET /robots.txt HTTP/1.1" 200 1590 "-" "Mozilla/5.0 (compatible; YandexBot/3.0; +http://yandex.com/bots)"
213.180.203.179 - - [02/Jan/2025:16:04:15 +0100] "GET /files/ENYNY_honlapra.doc HTTP/1.1" 200 98304 "-" "Mozilla/5.0 (compatible; YandexBot/3.0; +http://yandex.com/bots)"
216.244.66.200 - - [02/Jan/2025:16:15:35 +0100] "GET /files/jap_internetre.pdf HTTP/1.1" 200 70115 "-" "Mozilla/5.0 (compatible; DotBot/1.2; +https://opensiteexplorer.org/dotbot; help@moz.com)"
95.163.255.191 - - [02/Jan/2025:16:38:14 +0100] "GET /robots.txt HTTP/1.0" 200 1590 "-" "Mozilla/5.0 (compatible; Linux x86_64; Mail.RU_Bot/2.0; +https://help.mail.ru/webmaster/indexing/robots)"
95.163.255.191 - - [02/Jan/2025:16:38:21 +0100] "GET /files/40_2002_terv_090220.pdf HTTP/1.1" 200 390482 "-" "Mozilla/5.0 (compatible; Linux x86_64; Mail.RU_Bot/2.0; +https://help.mail.ru/webmaster/indexing/robots)"
216.244.66.200 - - [02/Jan/2025:16:49:56 +0100] "GET /robots.txt HTTP/1.1" 200 1590 "-" "Mozilla/5.0 (compatible; DotBot/1.2; +https://opensiteexplorer.org/dotbot; help@moz.com)"
216.244.66.200 - - [02/Jan/2025:16:49:56 +0100] "GET /robots.txt HTTP/1.1" 200 1590 "-" "Mozilla/5.0 (compatible; DotBot/1.2; +https://opensiteexplorer.org/dotbot; help@moz.com)"
216.244.66.200 - - [02/Jan/2025:16:56:20 +0100] "GET /node/2571 HTTP/1.1" 200 - "-" "Mozilla/5.0 (compatible; DotBot/1.2; +https://opensiteexplorer.org/dotbot; help@moz.com)"
216.244.66.200 - - [02/Jan/2025:17:02:33 +0100] "GET /node/2330 HTTP/1.1" 200 - "-" "Mozilla/5.0 (compatible; DotBot/1.2; +https://opensiteexplorer.org/dotbot; help@moz.com)"
216.244.66.200 - - [02/Jan/2025:17:03:26 +0100] "GET /taxonomy/term/40?page=68 HTTP/1.1" 200 - "-" "Mozilla/5.0 (compatible; DotBot/1.2; +https://opensiteexplorer.org/dotbot; help@moz.com)"
54.78.73.203 - - [02/Jan/2025:17:35:09 +0100] "GET / HTTP/1.0" 200 - "-" "Mozilla/5.0 (compatible; NetcraftSurveyAgent/1.0; +info@netcraft.com)"
66.249.66.87 - - [02/Jan/2025:17:39:59 +0100] "GET /files/ins_terv_090508.pdf HTTP/1.1" 200 2582050 "-" "Mozilla/5.0 AppleWebKit/537.36 (KHTML, like Gecko; compatible; GoogleOther) Chrome/131.0.6778.139 Safari/537.36"
79.209.42.151 - - [02/Jan/2025:17:47:25 +0100] "GET /files/cegbejegyzesi_eljaras_21_per_2006__02_12_fin.doc HTTP/1.1" 200 54272 "-" "Mozilla/5.0 (Windows NT 10.0; Win64; x64; rv:65.0) Gecko/20100101 Firefox/65.0"
18.117.73.72 - - [02/Jan/2025:17:50:21 +0100] "GET /robots.txt HTTP/1.1" 200 1590 "-" "Mozilla/5.0 AppleWebKit/537.36 (KHTML, like Gecko; compatible; ClaudeBot/1.0; +claudebot@anthropic.com)"
18.117.73.72 - - [02/Jan/2025:17:50:53 +0100] "GET /drupal/node/91 HTTP/1.1" 200 - "-" "Mozilla/5.0 AppleWebKit/537.36 (KHTML, like Gecko; compatible; ClaudeBot/1.0; +claudebot@anthropic.com)"
95.163.255.171 - - [02/Jan/2025:18:21:28 +0100] "GET /robots.txt HTTP/1.0" 200 1590 "-" "Mozilla/5.0 (compatible; Linux x86_64; Mail.RU_Bot/2.0; +https://help.mail.ru/webmaster/indexing/robots)"
95.163.255.162 - - [02/Jan/2025:18:21:37 +0100] "GET /files/epiteskivitelezes.pdf HTTP/1.1" 200 715535 "-" "Mozilla/5.0 (compatible; Linux x86_64; Mail.RU_Bot/2.0; +https://help.mail.ru/webmaster/indexing/robots)"
31.46.252.14 - - [02/Jan/2025:18:25:59 +0100] "GET /favicon.ico HTTP/1.1" 404 57 "http://jogalkotas.hu/files/ptk.csaladjog_0.pdf" "Mozilla/5.0 (Windows NT 10.0; Win64; x64) AppleWebKit/537.36 (KHTML, like Gecko) Chrome/131.0.0.0 Safari/537.36"
31.46.252.14 - - [02/Jan/2025:18:25:59 +0100] "GET /files/ptk.csaladjog_0.pdf HTTP/1.1" 200 429444 "https://www.google.com/" "Mozilla/5.0 (Windows NT 10.0; Win64; x64) AppleWebKit/537.36 (KHTML, like Gecko) Chrome/131.0.0.0 Safari/537.36"
144.76.88.54 - - [02/Jan/2025:18:28:10 +0100] "GET /robots.txt HTTP/1.1" 200 1590 "-" "serpstatbot/2.1 (advanced backlink tracking bot; https://serpstatbot.com/; abuse@serpstatbot.com)"
144.76.88.54 - - [02/Jan/2025:18:28:42 +0100] "GET / HTTP/1.1" 200 - "-" "serpstatbot/2.1 (advanced backlink tracking bot; https://serpstatbot.com/; abuse@serpstatbot.com)"
52.167.144.239 - - [02/Jan/2025:19:00:48 +0100] "GET /files/mh_beosztasi_kategoriaba_besorolas_rendfokozat.pdf HTTP/1.1" 304 - "-" "Mozilla/5.0 AppleWebKit/537.36 (KHTML, like Gecko; compatible; bingbot/2.0; +http://www.bing.com/bingbot.htm) Chrome/116.0.1938.76 Safari/537.36"
144.76.88.54 - - [02/Jan/2025:19:01:26 +0100] "GET / HTTP/1.1" 200 - "-" "serpstatbot/2.1 (advanced backlink tracking bot; https://serpstatbot.com/; abuse@serpstatbot.com)"
66.249.66.4 - - [02/Jan/2025:19:04:02 +0100] "GET / HTTP/1.1" 200 - "-" "Mozilla/5.0 (Linux; Android 6.0.1; Nexus 5X Build/MMB29P) AppleWebKit/537.36 (KHTML, like Gecko) Chrome/99.0.4844.84 Mobile Safari/537.36 (compatible; Googlebot/2.1; +http://www.google.com/bot.html)"
66.249.66.5 - - [02/Jan/2025:19:04:34 +0100] "GET / HTTP/1.1" 200 - "-" "Mozilla/5.0 (compatible; Googlebot/2.1; +http://www.google.com/bot.html)"
66.249.66.5 - - [02/Jan/2025:19:05:06 +0100] "GET / HTTP/1.1" 200 - "-" "Mozilla/5.0 (Linux; Android 6.0.1; Nexus 5X Build/MMB29P) AppleWebKit/537.36 (KHTML, like Gecko) Chrome/131.0.6778.139 Mobile Safari/537.36 (compatible; Googlebot/2.1; +http://www.google.com/bot.html)"
66.249.66.4 - - [02/Jan/2025:19:05:38 +0100] "GET / HTTP/1.1" 200 - "-" "Mozilla/5.0 (compatible; Googlebot/2.1; +http://www.google.com/bot.html)"
216.244.66.200 - - [02/Jan/2025:19:07:19 +0100] "GET /robots.txt HTTP/1.1" 200 1590 "-" "Mozilla/5.0 (compatible; DotBot/1.2; +https://opensiteexplorer.org/dotbot; help@moz.com)"
216.244.66.200 - - [02/Jan/2025:19:07:19 +0100] "GET /robots.txt HTTP/1.1" 200 1590 "-" "Mozilla/5.0 (compatible; DotBot/1.2; +https://opensiteexplorer.org/dotbot; help@moz.com)"
66.249.66.87 - - [02/Jan/2025:19:08:59 +0100] "GET /files/monitoring_terv_080619.pdf HTTP/1.1" 200 197186 "-" "Mozilla/5.0 (Linux; Android 6.0.1; Nexus 5X Build/MMB29P) AppleWebKit/537.36 (KHTML, like Gecko) Chrome/131.0.6778.139 Mobile Safari/537.36 (compatible; GoogleOther)"
52.167.144.55 - - [02/Jan/2025:19:16:15 +0100] "GET /robots.txt HTTP/1.1" 200 1590 "-" "Mozilla/5.0 AppleWebKit/537.36 (KHTML, like Gecko; compatible; bingbot/2.0; +http://www.bing.com/bingbot.htm) Chrome/116.0.1938.76 Safari/537.36"
52.167.144.222 - - [02/Jan/2025:19:16:20 +0100] "GET /files/orszszi_terv_070530.pdf HTTP/1.1" 200 478463 "-" "Mozilla/5.0 AppleWebKit/537.36 (KHTML, like Gecko; compatible; bingbot/2.0; +http://www.bing.com/bingbot.htm) Chrome/116.0.1938.76 Safari/537.36"
216.244.66.200 - - [02/Jan/2025:19:16:37 +0100] "GET /taxonomy/term/28?page=11 HTTP/1.1" 200 - "-" "Mozilla/5.0 (compatible; DotBot/1.2; +https://opensiteexplorer.org/dotbot; help@moz.com)"
216.244.66.200 - - [02/Jan/2025:19:18:44 +0100] "GET /taxonomy/term/1?page=65 HTTP/1.1" 200 - "-" "Mozilla/5.0 (compatible; DotBot/1.2; +https://opensiteexplorer.org/dotbot; help@moz.com)"
18.224.57.25 - - [02/Jan/2025:19:19:03 +0100] "GET /robots.txt HTTP/1.1" 200 1590 "-" "Mozilla/5.0 AppleWebKit/537.36 (KHTML, like Gecko; compatible; ClaudeBot/1.0; +claudebot@anthropic.com)"
18.224.57.25 - - [02/Jan/2025:19:19:35 +0100] "GET /node/1835 HTTP/1.1" 200 - "-" "Mozilla/5.0 AppleWebKit/537.36 (KHTML, like Gecko; compatible; ClaudeBot/1.0; +claudebot@anthropic.com)"
66.249.66.5 - - [02/Jan/2025:19:40:01 +0100] "GET /files/ekozig_programterv.pdf HTTP/1.1" 200 851292 "-" "Mozilla/5.0 AppleWebKit/537.36 (KHTML, like Gecko; compatible; GoogleOther) Chrome/131.0.6778.139 Safari/537.36"
1.25.110.176 - - [02/Jan/2025:19:52:02 +0100] "GET /files/eu_szakellatas_tarsbizt_finansz_tervezet.doc HTTP/1.1" 200 2366464 "-" "Mozilla/5.0 (Windows NT 10.0; Win64; x64; rv:81.0) Gecko/20100101 Firefox/81.0"
66.249.66.85 - - [02/Jan/2025:20:08:01 +0100] "GET /files/pirotechnika_(honlapra).doc HTTP/1.1" 304 - "-" "Mozilla/5.0 (Linux; Android 6.0.1; Nexus 5X Build/MMB29P) AppleWebKit/537.36 (KHTML, like Gecko) Chrome/131.0.6778.139 Mobile Safari/537.36 (compatible; Googlebot/2.1; +http://www.google.com/bot.html)"
95.163.255.172 - - [02/Jan/2025:20:14:41 +0100] "GET /robots.txt HTTP/1.0" 200 1590 "-" "Mozilla/5.0 (compatible; Linux x86_64; Mail.RU_Bot/2.0; +https://help.mail.ru/webmaster/indexing/robots)"
95.163.255.160 - - [02/Jan/2025:20:14:51 +0100] "GET /files/erdoterv_rendelet_velemenyezesre.pdf HTTP/1.1" 200 474072 "-" "Mozilla/5.0 (compatible; Linux x86_64; Mail.RU_Bot/2.0; +https://help.mail.ru/webmaster/indexing/robots)"
114.119.153.158 - - [02/Jan/2025:20:21:54 +0100] "GET /robots.txt HTTP/1.1" 200 1590 "-" "Mozilla/5.0 (compatible;PetalBot;+https://webmaster.petalsearch.com/site/petalbot)"
66.249.66.6 - - [02/Jan/2025:20:28:05 +0100] "GET /files/erettsegi_reszletes_szab_allig_egy_re_06_02_06.pdf HTTP/1.1" 200 144737 "-" "Mozilla/5.0 (Linux; Android 6.0.1; Nexus 5X Build/MMB29P) AppleWebKit/537.36 (KHTML, like Gecko) Chrome/131.0.6778.139 Mobile Safari/537.36 (compatible; GoogleOther)"
20.171.207.82 - - [02/Jan/2025:20:30:42 +0100] "GET /robots.txt HTTP/1.1" 200 1590 "-" "Mozilla/5.0 AppleWebKit/537.36 (KHTML, like Gecko; compatible; GPTBot/1.2; +https://openai.com/gptbot)"
4.227.36.34 - - [02/Jan/2025:20:31:25 +0100] "GET / HTTP/1.1" 200 - "-" "Mozilla/5.0 AppleWebKit/537.36 (KHTML, like Gecko; compatible; GPTBot/1.2; +https://openai.com/gptbot)"
66.249.66.86 - - [02/Jan/2025:20:53:31 +0100] "GET / HTTP/1.1" 200 - "-" "Mozilla/5.0 (Linux; Android 6.0.1; Nexus 5X Build/MMB29P) AppleWebKit/537.36 (KHTML, like Gecko) Chrome/131.0.6778.139 Mobile Safari/537.36 (compatible; Googlebot/2.1; +http://www.google.com/bot.html)"
216.244.66.200 - - [02/Jan/2025:21:24:00 +0100] "GET /robots.txt HTTP/1.1" 200 1590 "-" "Mozilla/5.0 (compatible; DotBot/1.2; +https://opensiteexplorer.org/dotbot; help@moz.com)"
216.244.66.200 - - [02/Jan/2025:21:24:00 +0100] "GET /robots.txt HTTP/1.1" 200 1590 "-" "Mozilla/5.0 (compatible; DotBot/1.2; +https://opensiteexplorer.org/dotbot; help@moz.com)"
66.249.66.4 - - [02/Jan/2025:21:38:02 +0100] "GET /files/esely_felzark_070302.pdf HTTP/1.1" 200 364039 "-" "Mozilla/5.0 (Linux; Android 6.0.1; Nexus 5X Build/MMB29P) AppleWebKit/537.36 (KHTML, like Gecko) Chrome/131.0.6778.139 Mobile Safari/537.36 (compatible; GoogleOther)"
216.244.66.200 - - [02/Jan/2025:21:38:15 +0100] "GET /node/2370 HTTP/1.1" 200 - "-" "Mozilla/5.0 (compatible; DotBot/1.2; +https://opensiteexplorer.org/dotbot; help@moz.com)"
95.163.255.183 - - [02/Jan/2025:21:38:38 +0100] "GET /robots.txt HTTP/1.0" 200 1590 "-" "Mozilla/5.0 (compatible; Linux x86_64; Mail.RU_Bot/2.0; +https://help.mail.ru/webmaster/indexing/robots)"
95.163.255.182 - - [02/Jan/2025:21:38:41 +0100] "GET /files/nem-konvencionalis_korm_rend_090202.doc HTTP/1.1" 200 873472 "-" "Mozilla/5.0 (compatible; Linux x86_64; Mail.RU_Bot/2.0; +https://help.mail.ru/webmaster/indexing/robots)"
216.244.66.200 - - [02/Jan/2025:21:39:46 +0100] "GET /node/2416 HTTP/1.1" 200 - "-" "Mozilla/5.0 (compatible; DotBot/1.2; +https://opensiteexplorer.org/dotbot; help@moz.com)"
84.206.47.34 - - [02/Jan/2025:21:43:47 +0100] "GET /files/ptk_oroklesi_jog.pdf HTTP/1.1" 200 260717 "https://www.google.hu/" "Mozilla/5.0 (Windows NT 10.0; Win64; x64; rv:133.0) Gecko/20100101 Firefox/133.0"
95.163.255.182 - - [02/Jan/2025:21:44:02 +0100] "GET /files/szvk_mell_terv_090804.pdf HTTP/1.1" 200 3057361 "-" "Mozilla/5.0 (compatible; Linux x86_64; Mail.RU_Bot/2.0; +https://help.mail.ru/webmaster/indexing/robots)"
216.244.66.200 - - [02/Jan/2025:21:44:58 +0100] "GET /files/ekozig2010strategia_0604.pdf HTTP/1.1" 200 820659 "-" "Mozilla/5.0 (compatible; DotBot/1.2; +https://opensiteexplorer.org/dotbot; help@moz.com)"
18.117.91.116 - - [02/Jan/2025:21:47:55 +0100] "GET /robots.txt HTTP/1.1" 200 1590 "-" "Mozilla/5.0 AppleWebKit/537.36 (KHTML, like Gecko; compatible; ClaudeBot/1.0; +claudebot@anthropic.com)"
18.117.91.116 - - [02/Jan/2025:21:48:27 +0100] "GET /drupal/node/629 HTTP/1.1" 200 - "-" "Mozilla/5.0 AppleWebKit/537.36 (KHTML, like Gecko; compatible; ClaudeBot/1.0; +claudebot@anthropic.com)"
176.63.14.96 - - [02/Jan/2025:21:51:14 +0100] "GET /files/47343.pdf HTTP/1.1" 200 445277 "-" "Dalvik/2.1.0 (Linux; U; Android 8.0.0; BAH2-W19 Build/HUAWEIBAH2-W19)"
66.249.66.5 - - [02/Jan/2025:21:58:03 +0100] "GET /files/150_1992_terv_100301.pdf HTTP/1.1" 200 1468151 "-" "Mozilla/5.0 (Linux; Android 6.0.1; Nexus 5X Build/MMB29P) AppleWebKit/537.36 (KHTML, like Gecko) Chrome/131.0.6778.139 Mobile Safari/537.36 (compatible; GoogleOther)"
66.249.66.4 - - [02/Jan/2025:22:08:02 +0100] "GET /files/ekozig_programterv.pdf HTTP/1.1" 200 851292 "-" "Mozilla/5.0 (Linux; Android 6.0.1; Nexus 5X Build/MMB29P) AppleWebKit/537.36 (KHTML, like Gecko) Chrome/131.0.6778.139 Mobile Safari/537.36 (compatible; GoogleOther)"
216.244.66.200 - - [02/Jan/2025:22:10:21 +0100] "GET /robots.txt HTTP/1.1" 200 1590 "-" "Mozilla/5.0 (compatible; DotBot/1.2; +https://opensiteexplorer.org/dotbot; help@moz.com)"
216.244.66.200 - - [02/Jan/2025:22:10:21 +0100] "GET /robots.txt HTTP/1.1" 200 1590 "-" "Mozilla/5.0 (compatible; DotBot/1.2; +https://opensiteexplorer.org/dotbot; help@moz.com)"
176.63.6.201 - - [02/Jan/2025:22:16:24 +0100] "GET /favicon.ico HTTP/1.1" 404 57 "http://www.jogalkotas.hu/files/gyamhatosag_eloterj_061204.pdf" "Mozilla/5.0 (Windows NT 10.0; Win64; x64) AppleWebKit/537.36 (KHTML, like Gecko) Chrome/131.0.0.0 Safari/537.36"
176.63.6.201 - - [02/Jan/2025:22:16:24 +0100] "GET /files/gyamhatosag_eloterj_061204.pdf HTTP/1.1" 200 597742 "https://www.google.com/" "Mozilla/5.0 (Windows NT 10.0; Win64; x64) AppleWebKit/537.36 (KHTML, like Gecko) Chrome/131.0.0.0 Safari/537.36"
216.244.66.200 - - [02/Jan/2025:22:17:51 +0100] "GET /node/29 HTTP/1.1" 200 - "-" "Mozilla/5.0 (compatible; DotBot/1.2; +https://opensiteexplorer.org/dotbot; help@moz.com)"
66.249.66.86 - - [02/Jan/2025:22:18:01 +0100] "GET /files/kerettantervek_szakisk_inf_alligra_060516.pdf HTTP/1.1" 200 407763 "-" "Mozilla/5.0 (Linux; Android 6.0.1; Nexus 5X Build/MMB29P) AppleWebKit/537.36 (KHTML, like Gecko) Chrome/131.0.6778.139 Mobile Safari/537.36 (compatible; GoogleOther)"
216.244.66.200 - - [02/Jan/2025:22:24:01 +0100] "GET /node/2369 HTTP/1.1" 200 - "-" "Mozilla/5.0 (compatible; DotBot/1.2; +https://opensiteexplorer.org/dotbot; help@moz.com)"
216.244.66.200 - - [02/Jan/2025:22:24:41 +0100] "GET /node/2441 HTTP/1.1" 200 - "-" "Mozilla/5.0 (compatible; DotBot/1.2; +https://opensiteexplorer.org/dotbot; help@moz.com)"
66.249.66.86 - - [02/Jan/2025:22:28:01 +0100] "GET /files/27_2009_OM-rend.pdf HTTP/1.1" 200 126463 "-" "Mozilla/5.0 (Linux; Android 6.0.1; Nexus 5X Build/MMB29P) AppleWebKit/537.36 (KHTML, like Gecko) Chrome/131.0.6778.139 Mobile Safari/537.36 (compatible; GoogleOther)"
216.244.66.200 - - [02/Jan/2025:22:32:38 +0100] "GET /taxonomy/term/40?page=67 HTTP/1.1" 200 - "-" "Mozilla/5.0 (compatible; DotBot/1.2; +https://opensiteexplorer.org/dotbot; help@moz.com)"
51.210.214.160 - - [02/Jan/2025:22:35:28 +0100] "GET /taxonomy/term/28/0/feed HTTP/1.1" 200 - "-" "Mozilla/5.0 (X11; Linux i686) AppleWebKit/537.36 (KHTML, like Gecko) Chrome/30.0.1599.66 Safari/537.36"
66.249.66.86 - - [02/Jan/2025:22:38:02 +0100] "GET /files/3802_16.pdf HTTP/1.1" 200 571634 "-" "Mozilla/5.0 (Linux; Android 6.0.1; Nexus 5X Build/MMB29P) AppleWebKit/537.36 (KHTML, like Gecko) Chrome/131.0.6778.139 Mobile Safari/537.36 (compatible; GoogleOther)"
216.244.66.200 - - [02/Jan/2025:22:56:33 +0100] "GET /robots.txt HTTP/1.1" 200 1590 "-" "Mozilla/5.0 (compatible; DotBot/1.2; +https://opensiteexplorer.org/dotbot; help@moz.com)"
66.249.66.6 - - [02/Jan/2025:22:58:02 +0100] "GET /files/nat_terv_070522.pdf HTTP/1.1" 200 1277755 "-" "Mozilla/5.0 (Linux; Android 6.0.1; Nexus 5X Build/MMB29P) AppleWebKit/537.36 (KHTML, like Gecko) Chrome/131.0.6778.139 Mobile Safari/537.36 (compatible; GoogleOther)"
216.244.66.200 - - [02/Jan/2025:23:09:29 +0100] "GET /node/112 HTTP/1.1" 200 - "-" "Mozilla/5.0 (compatible; DotBot/1.2; +https://opensiteexplorer.org/dotbot; help@moz.com)"
216.244.66.200 - - [02/Jan/2025:23:09:59 +0100] "GET /node/221 HTTP/1.1" 200 - "-" "Mozilla/5.0 (compatible; DotBot/1.2; +https://opensiteexplorer.org/dotbot; help@moz.com)"
216.244.66.200 - - [02/Jan/2025:23:10:39 +0100] "GET /node/243 HTTP/1.1" 200 - "-" "Mozilla/5.0 (compatible; DotBot/1.2; +https://opensiteexplorer.org/dotbot; help@moz.com)"
216.244.66.200 - - [02/Jan/2025:23:11:29 +0100] "GET /node/2457 HTTP/1.1" 200 - "-" "Mozilla/5.0 (compatible; DotBot/1.2; +https://opensiteexplorer.org/dotbot; help@moz.com)"
216.244.66.200 - - [02/Jan/2025:23:12:20 +0100] "GET /node/320 HTTP/1.1" 200 - "-" "Mozilla/5.0 (compatible; DotBot/1.2; +https://opensiteexplorer.org/dotbot; help@moz.com)"
216.244.66.200 - - [02/Jan/2025:23:13:10 +0100] "GET /node/381 HTTP/1.1" 200 - "-" "Mozilla/5.0 (compatible; DotBot/1.2; +https://opensiteexplorer.org/dotbot; help@moz.com)"
216.244.66.200 - - [02/Jan/2025:23:14:00 +0100] "GET /taxonomy/term/1?page=9 HTTP/1.1" 200 - "-" "Mozilla/5.0 (compatible; DotBot/1.2; +https://opensiteexplorer.org/dotbot; help@moz.com)"
216.244.66.200 - - [02/Jan/2025:23:14:50 +0100] "GET /taxonomy/term/21?page=81 HTTP/1.1" 200 - "-" "Mozilla/5.0 (compatible; DotBot/1.2; +https://opensiteexplorer.org/dotbot; help@moz.com)"
66.249.66.86 - - [02/Jan/2025:23:18:00 +0100] "GET /files/NFGM2172.pdf HTTP/1.1" 200 254751 "-" "Mozilla/5.0 (Linux; Android 6.0.1; Nexus 5X Build/MMB29P) AppleWebKit/537.36 (KHTML, like Gecko) Chrome/131.0.6778.139 Mobile Safari/537.36 (compatible; GoogleOther)"
47.76.209.138 - - [02/Jan/2025:23:18:51 +0100] "GET /files/bm_jogalkotasi_program.pdf HTTP/1.1" 200 154807 "-" "Mozilla/5.0 (X11; Linux x86_64) AppleWebKit/537.36 (KHTML, like Gecko) Chrome/92.0.1873.52 Safari/537.36"
84.0.116.113 - - [02/Jan/2025:23:24:13 +0100] "GET /files/roma_tervezet_070124.pdf HTTP/1.1" 200 780549 "-" "Mozilla/5.0 (Windows NT 10.0; Win64; x64) AppleWebKit/537.36 (KHTML, like Gecko) Chrome/116.0.0.0 Safari/537.36"
66.249.66.5 - - [02/Jan/2025:23:38:01 +0100] "GET /files/legyenjobb_080602.pdf HTTP/1.1" 200 176901 "-" "Mozilla/5.0 (Linux; Android 6.0.1; Nexus 5X Build/MMB29P) AppleWebKit/537.36 (KHTML, like Gecko) Chrome/131.0.6778.139 Mobile Safari/537.36 (compatible; GoogleOther)"
40.77.167.35 - - [02/Jan/2025:23:40:08 +0100] "GET /taxonomy/term/87 HTTP/1.1" 200 - "-" "Mozilla/5.0 AppleWebKit/537.36 (KHTML, like Gecko; compatible; bingbot/2.0; +http://www.bing.com/bingbot.htm) Chrome/116.0.1938.76 Safari/537.36"
40.77.167.35 - - [02/Jan/2025:23:40:40 +0100] "GET /taxonomy/term/87 HTTP/1.1" 200 - "-" "Mozilla/5.0 AppleWebKit/537.36 (KHTML, like Gecko; compatible; bingbot/2.0; +http://www.bing.com/bingbot.htm) Chrome/116.0.1938.76 Safari/537.36"
216.244.66.200 - - [02/Jan/2025:23:42:37 +0100] "GET /robots.txt HTTP/1.1" 200 1590 "-" "Mozilla/5.0 (compatible; DotBot/1.2; +https://opensiteexplorer.org/dotbot; help@moz.com)"
216.244.66.200 - - [02/Jan/2025:23:42:37 +0100] "GET /robots.txt HTTP/1.1" 200 1590 "-" "Mozilla/5.0 (compatible; DotBot/1.2; +https://opensiteexplorer.org/dotbot; help@moz.com)"
216.244.66.200 - - [02/Jan/2025:23:52:00 +0100] "GET /files/hm-bmrend.modositasa_honlapra_0110.pdf HTTP/1.1" 200 113999 "-" "Mozilla/5.0 (compatible; DotBot/1.2; +https://opensiteexplorer.org/dotbot; help@moz.com)"
66.249.66.87 - - [02/Jan/2025:23:56:05 +0100] "GET /files/ins_terv_090508.pdf HTTP/1.1" 200 2582050 "-" "Mozilla/5.0 (Linux; Android 6.0.1; Nexus 5X Build/MMB29P) AppleWebKit/537.36 (KHTML, like Gecko) Chrome/131.0.6778.139 Mobile Safari/537.36 (compatible; GoogleOther)"
216.244.66.200 - - [03/Jan/2025:00:01:46 +0100] "GET /drupal/node/383 HTTP/1.1" 200 - "-" "Mozilla/5.0 (compatible; DotBot/1.2; +https://opensiteexplorer.org/dotbot; help@moz.com)"
216.244.66.200 - - [03/Jan/2025:00:05:18 +0100] "GET /node/2297 HTTP/1.1" 200 - "-" "Mozilla/5.0 (compatible; DotBot/1.2; +https://opensiteexplorer.org/dotbot; help@moz.com)"
216.244.66.200 - - [03/Jan/2025:00:06:01 +0100] "GET /node/2280 HTTP/1.1" 200 - "-" "Mozilla/5.0 (compatible; DotBot/1.2; +https://opensiteexplorer.org/dotbot; help@moz.com)"
216.244.66.200 - - [03/Jan/2025:00:07:35 +0100] "GET /taxonomy/term/1?page=157 HTTP/1.1" 200 - "-" "Mozilla/5.0 (compatible; DotBot/1.2; +https://opensiteexplorer.org/dotbot; help@moz.com)"
216.244.66.200 - - [03/Jan/2025:00:28:26 +0100] "GET /robots.txt HTTP/1.1" 200 1590 "-" "Mozilla/5.0 (compatible; DotBot/1.2; +https://opensiteexplorer.org/dotbot; help@moz.com)"
87.236.176.119 - - [03/Jan/2025:00:31:11 +0100] "GET / HTTP/1.1" 200 - "-" "Mozilla/5.0 (compatible; InternetMeasurement/1.0; +https://internet-measurement.com/)"
216.244.66.200 - - [03/Jan/2025:00:35:48 +0100] "GET /node/2613 HTTP/1.1" 200 - "-" "Mozilla/5.0 (compatible; DotBot/1.2; +https://opensiteexplorer.org/dotbot; help@moz.com)"
52.167.144.220 - - [03/Jan/2025:00:37:24 +0100] "GET /files/13_havi_terv_070319.pdf HTTP/1.1" 200 200690 "-" "Mozilla/5.0 AppleWebKit/537.36 (KHTML, like Gecko; compatible; bingbot/2.0; +http://www.bing.com/bingbot.htm) Chrome/116.0.1938.76 Safari/537.36"
216.244.66.200 - - [03/Jan/2025:00:47:05 +0100] "GET /drupal/node/91 HTTP/1.1" 200 - "-" "Mozilla/5.0 (compatible; DotBot/1.2; +https://opensiteexplorer.org/dotbot; help@moz.com)"
216.244.66.200 - - [03/Jan/2025:00:47:45 +0100] "GET /node/2450 HTTP/1.1" 200 - "-" "Mozilla/5.0 (compatible; DotBot/1.2; +https://opensiteexplorer.org/dotbot; help@moz.com)"
216.244.66.200 - - [03/Jan/2025:00:48:36 +0100] "GET /node/2455 HTTP/1.1" 200 - "-" "Mozilla/5.0 (compatible; DotBot/1.2; +https://opensiteexplorer.org/dotbot; help@moz.com)"
216.244.66.200 - - [03/Jan/2025:00:49:26 +0100] "GET /node/2461 HTTP/1.1" 200 - "-" "Mozilla/5.0 (compatible; DotBot/1.2; +https://opensiteexplorer.org/dotbot; help@moz.com)"
198.235.24.229 - - [03/Jan/2025:00:49:34 +0100] "GET / HTTP/1.1" 200 - "-" "Expanse, a Palo Alto Networks company, searches across the global IPv4 space multiple times per day to identify customers' presences on the Internet. If you would like to be excluded from our scans, please send IP addresses/domains to: scaninfo@paloaltonetworks.com"
216.244.66.200 - - [03/Jan/2025:00:50:16 +0100] "GET /node/2489 HTTP/1.1" 200 - "-" "Mozilla/5.0 (compatible; DotBot/1.2; +https://opensiteexplorer.org/dotbot; help@moz.com)"
216.244.66.200 - - [03/Jan/2025:00:51:06 +0100] "GET /node/316 HTTP/1.1" 200 - "-" "Mozilla/5.0 (compatible; DotBot/1.2; +https://opensiteexplorer.org/dotbot; help@moz.com)"
216.244.66.200 - - [03/Jan/2025:00:51:56 +0100] "GET /node/32 HTTP/1.1" 200 - "-" "Mozilla/5.0 (compatible; DotBot/1.2; +https://opensiteexplorer.org/dotbot; help@moz.com)"
216.244.66.200 - - [03/Jan/2025:00:52:47 +0100] "GET /node/2309 HTTP/1.1" 200 - "-" "Mozilla/5.0 (compatible; DotBot/1.2; +https://opensiteexplorer.org/dotbot; help@moz.com)"
216.244.66.200 - - [03/Jan/2025:00:53:38 +0100] "GET /node/2499 HTTP/1.1" 200 - "-" "Mozilla/5.0 (compatible; DotBot/1.2; +https://opensiteexplorer.org/dotbot; help@moz.com)"
216.244.66.200 - - [03/Jan/2025:00:54:29 +0100] "GET /node/2515 HTTP/1.1" 200 - "-" "Mozilla/5.0 (compatible; DotBot/1.2; +https://opensiteexplorer.org/dotbot; help@moz.com)"
44.193.172.247 - - [03/Jan/2025:01:16:15 +0100] "HEAD /drupal/ HTTP/1.0" 200 - "-" "Drupal (+http://drupal.org/)"
95.163.255.163 - - [03/Jan/2025:01:16:45 +0100] "GET /robots.txt HTTP/1.0" 200 1590 "-" "Mozilla/5.0 (compatible; Linux x86_64; Mail.RU_Bot/2.0; +https://help.mail.ru/webmaster/indexing/robots)"
95.163.255.181 - - [03/Jan/2025:01:16:53 +0100] "GET /files/ptk.csaladjog_0.pdf HTTP/1.1" 200 429444 "-" "Mozilla/5.0 (compatible; Linux x86_64; Mail.RU_Bot/2.0; +https://help.mail.ru/webmaster/indexing/robots)"
205.210.31.83 - - [03/Jan/2025:01:22:37 +0100] "GET / HTTP/1.1" 200 - "-" "Expanse, a Palo Alto Networks company, searches across the global IPv4 space multiple times per day to identify customers' presences on the Internet. If you would like to be excluded from our scans, please send IP addresses/domains to: scaninfo@paloaltonetworks.com"
66.249.66.87 - - [03/Jan/2025:02:03:10 +0100] "GET /robots.txt HTTP/1.1" 200 1590 "-" "Mozilla/5.0 (compatible; Googlebot/2.1; +http://www.google.com/bot.html)"
66.249.66.87 - - [03/Jan/2025:02:03:10 +0100] "GET /files/Nemzetkozi_szerzodesekkel_kapcsolatos_eljarasrol_szolo_2005.evi_L.torveny_modositasarol.pdf HTTP/1.1" 304 - "-" "Mozilla/5.0 (Linux; Android 6.0.1; Nexus 5X Build/MMB29P) AppleWebKit/537.36 (KHTML, like Gecko) Chrome/131.0.6778.139 Mobile Safari/537.36 (compatible; Googlebot/2.1; +http://www.google.com/bot.html)"
66.249.66.85 - - [03/Jan/2025:02:03:11 +0100] "GET /files/9066_16.pdf HTTP/1.1" 304 - "-" "Mozilla/5.0 (Linux; Android 6.0.1; Nexus 5X Build/MMB29P) AppleWebKit/537.36 (KHTML, like Gecko) Chrome/131.0.6778.139 Mobile Safari/537.36 (compatible; Googlebot/2.1; +http://www.google.com/bot.html)"
216.244.66.200 - - [03/Jan/2025:02:03:54 +0100] "GET /robots.txt HTTP/1.1" 200 1590 "-" "Mozilla/5.0 (compatible; DotBot/1.2; +https://opensiteexplorer.org/dotbot; help@moz.com)"
216.244.66.200 - - [03/Jan/2025:02:03:54 +0100] "GET /robots.txt HTTP/1.1" 200 1590 "-" "Mozilla/5.0 (compatible; DotBot/1.2; +https://opensiteexplorer.org/dotbot; help@moz.com)"
216.244.66.200 - - [03/Jan/2025:02:11:14 +0100] "GET /drupal/files/kormeloterj_novved_birsag.pdf HTTP/1.1" 200 - "-" "Mozilla/5.0 (compatible; DotBot/1.2; +https://opensiteexplorer.org/dotbot; help@moz.com)"
216.244.66.200 - - [03/Jan/2025:02:20:13 +0100] "GET /node/215 HTTP/1.1" 200 - "-" "Mozilla/5.0 (compatible; DotBot/1.2; +https://opensiteexplorer.org/dotbot; help@moz.com)"
216.244.66.200 - - [03/Jan/2025:02:20:53 +0100] "GET /node/2319 HTTP/1.1" 200 - "-" "Mozilla/5.0 (compatible; DotBot/1.2; +https://opensiteexplorer.org/dotbot; help@moz.com)"
216.244.66.200 - - [03/Jan/2025:02:21:43 +0100] "GET /node/2425 HTTP/1.1" 200 - "-" "Mozilla/5.0 (compatible; DotBot/1.2; +https://opensiteexplorer.org/dotbot; help@moz.com)"
216.244.66.200 - - [03/Jan/2025:02:22:34 +0100] "GET /node/256 HTTP/1.1" 200 - "-" "Mozilla/5.0 (compatible; DotBot/1.2; +https://opensiteexplorer.org/dotbot; help@moz.com)"
216.244.66.200 - - [03/Jan/2025:02:23:38 +0100] "GET /node/1562 HTTP/1.1" 200 - "-" "Mozilla/5.0 (compatible; DotBot/1.2; +https://opensiteexplorer.org/dotbot; help@moz.com)"
167.253.34.3 - - [03/Jan/2025:02:30:32 +0100] "GET /robots.txt HTTP/1.0" 200 1590 "-" "Mozilla/4.0 (compatible; fluid/0.0; +http://www.leak.info/bot.html)"
66.249.66.85 - - [03/Jan/2025:02:35:03 +0100] "GET /files/_0edo6usjkedq62sjkg9jmio8_.pdf HTTP/1.1" 304 - "-" "Mozilla/5.0 (Linux; Android 6.0.1; Nexus 5X Build/MMB29P) AppleWebKit/537.36 (KHTML, like Gecko) Chrome/131.0.6778.139 Mobile Safari/537.36 (compatible; Googlebot/2.1; +http://www.google.com/bot.html)"
66.249.66.85 - - [03/Jan/2025:02:45:05 +0100] "GET /files/az_uj_ptk_koncepcioja.pdf HTTP/1.1" 304 - "-" "Mozilla/5.0 (Linux; Android 6.0.1; Nexus 5X Build/MMB29P) AppleWebKit/537.36 (KHTML, like Gecko) Chrome/131.0.6778.139 Mobile Safari/537.36 (compatible; Googlebot/2.1; +http://www.google.com/bot.html)"
216.244.66.200 - - [03/Jan/2025:02:52:15 +0100] "GET /robots.txt HTTP/1.1" 200 1590 "-" "Mozilla/5.0 (compatible; DotBot/1.2; +https://opensiteexplorer.org/dotbot; help@moz.com)"
216.244.66.200 - - [03/Jan/2025:02:52:15 +0100] "GET /robots.txt HTTP/1.1" 200 1590 "-" "Mozilla/5.0 (compatible; DotBot/1.2; +https://opensiteexplorer.org/dotbot; help@moz.com)"
66.249.66.4 - - [03/Jan/2025:02:54:07 +0100] "GET /files/alap_es_mesterkepzesterv_060918.pdf HTTP/1.1" 304 - "-" "Mozilla/5.0 (Linux; Android 6.0.1; Nexus 5X Build/MMB29P) AppleWebKit/537.36 (KHTML, like Gecko) Chrome/131.0.6778.139 Mobile Safari/537.36 (compatible; Googlebot/2.1; +http://www.google.com/bot.html)"
216.244.66.200 - - [03/Jan/2025:03:00:48 +0100] "GET /files/090825_jogszabterv_bizt_rend.pdf HTTP/1.1" 200 1743045 "-" "Mozilla/5.0 (compatible; DotBot/1.2; +https://opensiteexplorer.org/dotbot; help@moz.com)"
199.47.82.20 - - [03/Jan/2025:03:08:29 +0100] "GET /robots.txt HTTP/1.1" 200 1590 "-" "Turnitin (https://bit.ly/2UvnfoQ)"
199.47.82.20 - - [03/Jan/2025:03:09:01 +0100] "GET / HTTP/1.1" 200 - "-" "Turnitin (https://bit.ly/2UvnfoQ)"
199.47.82.20 - - [03/Jan/2025:03:09:11 +0100] "GET /drupal/event/2005/11/01/table/flexinode-1/all/30 HTTP/1.1" 200 - "-" "Turnitin (https://bit.ly/2UvnfoQ)"
199.47.82.20 - - [03/Jan/2025:03:09:21 +0100] "GET /drupal/event/2005/12/01/day/flexinode-1/all HTTP/1.1" 200 - "-" "Turnitin (https://bit.ly/2UvnfoQ)"
199.47.82.20 - - [03/Jan/2025:03:09:31 +0100] "GET /drupal/event/2005/12/01/list/flexinode-1/all HTTP/1.1" 200 - "-" "Turnitin (https://bit.ly/2UvnfoQ)"
199.47.82.20 - - [03/Jan/2025:03:09:41 +0100] "GET /drupal/event/2005/12/01/month/flexinode-1/all HTTP/1.1" 200 - "-" "Turnitin (https://bit.ly/2UvnfoQ)"
199.47.82.20 - - [03/Jan/2025:03:09:51 +0100] "GET /drupal/event/2005/12/01/table/ HTTP/1.1" 200 - "-" "Turnitin (https://bit.ly/2UvnfoQ)"
199.47.82.20 - - [03/Jan/2025:03:10:01 +0100] "GET /drupal/event/2005/12/01/week/flexinode-1/all HTTP/1.1" 200 - "-" "Turnitin (https://bit.ly/2UvnfoQ)"
199.47.82.20 - - [03/Jan/2025:03:10:11 +0100] "GET /drupal/event/2005/12/05/table/flexinode-1 HTTP/1.1" 200 - "-" "Turnitin (https://bit.ly/2UvnfoQ)"
199.47.82.20 - - [03/Jan/2025:03:10:21 +0100] "GET /drupal/event/2005/12/09/table/flexinode-1 HTTP/1.1" 200 - "-" "Turnitin (https://bit.ly/2UvnfoQ)"
66.249.66.85 - - [03/Jan/2025:03:10:27 +0100] "GET /files/89_2004_modositas.pdf HTTP/1.1" 200 241978 "-" "Googlebot/2.1 (+http://www.google.com/bot.html)"
199.47.82.20 - - [03/Jan/2025:03:10:31 +0100] "GET /drupal/event/2005/12/14/table/flexinode-1 HTTP/1.1" 200 - "-" "Turnitin (https://bit.ly/2UvnfoQ)"
199.47.82.20 - - [03/Jan/2025:03:10:41 +0100] "GET /drupal/event/2005/12/15/table/flexinode-1 HTTP/1.1" 200 - "-" "Turnitin (https://bit.ly/2UvnfoQ)"
66.249.66.85 - - [03/Jan/2025:03:10:50 +0100] "GET /files/tankonyvpiac_terv_070321.pdf HTTP/1.1" 200 271612 "-" "Googlebot/2.1 (+http://www.google.com/bot.html)"
199.47.82.20 - - [03/Jan/2025:03:10:51 +0100] "GET /drupal/event/2005/12/20/table/flexinode-1 HTTP/1.1" 200 - "-" "Turnitin (https://bit.ly/2UvnfoQ)"
199.47.82.20 - - [03/Jan/2025:03:11:01 +0100] "GET /drupal/event/2005/12/31/table/flexinode-1/all/30 HTTP/1.1" 200 - "-" "Turnitin (https://bit.ly/2UvnfoQ)"
199.47.82.20 - - [03/Jan/2025:03:11:11 +0100] "GET /drupal/event/2006/01/01/table/flexinode-1/all/30 HTTP/1.1" 200 - "-" "Turnitin (https://bit.ly/2UvnfoQ)"
199.47.82.20 - - [03/Jan/2025:03:11:21 +0100] "GET /drupal/event/2006/01/17/table/flexinode-1 HTTP/1.1" 200 - "-" "Turnitin (https://bit.ly/2UvnfoQ)"
199.47.82.20 - - [03/Jan/2025:03:11:31 +0100] "GET /drupal/event/2006/01/25/table/flexinode-1 HTTP/1.1" 200 - "-" "Turnitin (https://bit.ly/2UvnfoQ)"
199.47.82.20 - - [03/Jan/2025:03:11:41 +0100] "GET /drupal/event/2006/01/30/table/flexinode-1 HTTP/1.1" 200 - "-" "Turnitin (https://bit.ly/2UvnfoQ)"
199.47.82.20 - - [03/Jan/2025:03:11:51 +0100] "GET /drupal/event/2006/01/31/day/flexinode-1/all HTTP/1.1" 200 - "-" "Turnitin (https://bit.ly/2UvnfoQ)"
199.47.82.20 - - [03/Jan/2025:03:12:01 +0100] "GET /drupal/event/2006/01/31/list/flexinode-1/all HTTP/1.1" 200 - "-" "Turnitin (https://bit.ly/2UvnfoQ)"
199.47.82.20 - - [03/Jan/2025:03:12:11 +0100] "GET /drupal/event/2006/01/31/month/flexinode-1/all HTTP/1.1" 200 - "-" "Turnitin (https://bit.ly/2UvnfoQ)"
199.47.82.20 - - [03/Jan/2025:03:12:21 +0100] "GET /drupal/event/2006/01/31/table/ HTTP/1.1" 200 - "-" "Turnitin (https://bit.ly/2UvnfoQ)"
216.244.66.200 - - [03/Jan/2025:03:12:21 +0100] "GET /node/190 HTTP/1.1" 200 - "-" "Mozilla/5.0 (compatible; DotBot/1.2; +https://opensiteexplorer.org/dotbot; help@moz.com)"
199.47.82.20 - - [03/Jan/2025:03:12:31 +0100] "GET /drupal/event/2006/01/31/week/flexinode-1/all HTTP/1.1" 200 - "-" "Turnitin (https://bit.ly/2UvnfoQ)"
199.47.82.20 - - [03/Jan/2025:03:12:41 +0100] "GET /drupal/event/2006/02/01/table/flexinode-1 HTTP/1.1" 200 - "-" "Turnitin (https://bit.ly/2UvnfoQ)"
199.47.82.20 - - [03/Jan/2025:03:12:51 +0100] "GET /drupal/event/2006/02/02/table/flexinode-1 HTTP/1.1" 200 - "-" "Turnitin (https://bit.ly/2UvnfoQ)"
199.47.82.20 - - [03/Jan/2025:03:13:01 +0100] "GET /drupal/event/2006/02/03/table/flexinode-1 HTTP/1.1" 200 - "-" "Turnitin (https://bit.ly/2UvnfoQ)"
199.47.82.20 - - [03/Jan/2025:03:13:11 +0100] "GET /drupal/event/2006/02/06/table/flexinode-1 HTTP/1.1" 200 - "-" "Turnitin (https://bit.ly/2UvnfoQ)"
216.244.66.200 - - [03/Jan/2025:03:13:12 +0100] "GET /node/213 HTTP/1.1" 200 - "-" "Mozilla/5.0 (compatible; DotBot/1.2; +https://opensiteexplorer.org/dotbot; help@moz.com)"
199.47.82.20 - - [03/Jan/2025:03:13:21 +0100] "GET /drupal/event/2006/02/07/table/flexinode-1 HTTP/1.1" 200 - "-" "Turnitin (https://bit.ly/2UvnfoQ)"
199.47.82.20 - - [03/Jan/2025:03:13:31 +0100] "GET /drupal/event/2006/02/08/table/flexinode-1 HTTP/1.1" 200 - "-" "Turnitin (https://bit.ly/2UvnfoQ)"
199.47.82.20 - - [03/Jan/2025:03:13:41 +0100] "GET /drupal/event/2006/02/09/table/flexinode-1 HTTP/1.1" 200 - "-" "Turnitin (https://bit.ly/2UvnfoQ)"
199.47.82.20 - - [03/Jan/2025:03:13:51 +0100] "GET /drupal/event/2006/02/10/table/flexinode-1 HTTP/1.1" 200 - "-" "Turnitin (https://bit.ly/2UvnfoQ)"
199.47.82.20 - - [03/Jan/2025:03:14:01 +0100] "GET /drupal/event/2006/02/13/table/flexinode-1 HTTP/1.1" 200 - "-" "Turnitin (https://bit.ly/2UvnfoQ)"
199.47.82.20 - - [03/Jan/2025:03:14:11 +0100] "GET /drupal/event/2006/02/14/table/flexinode-1 HTTP/1.1" 200 - "-" "Turnitin (https://bit.ly/2UvnfoQ)"
199.47.82.20 - - [03/Jan/2025:03:14:21 +0100] "GET /drupal/event/2006/02/15/table/flexinode-1 HTTP/1.1" 200 - "-" "Turnitin (https://bit.ly/2UvnfoQ)"
199.47.82.20 - - [03/Jan/2025:03:14:31 +0100] "GET /drupal/event/2006/02/16/table/flexinode-1 HTTP/1.1" 200 - "-" "Turnitin (https://bit.ly/2UvnfoQ)"
199.47.82.20 - - [03/Jan/2025:03:14:41 +0100] "GET /drupal/event/2006/02/17/table/flexinode-1 HTTP/1.1" 200 - "-" "Turnitin (https://bit.ly/2UvnfoQ)"
199.47.82.20 - - [03/Jan/2025:03:14:51 +0100] "GET /drupal/event/2006/02/20/table/flexinode-1 HTTP/1.1" 200 - "-" "Turnitin (https://bit.ly/2UvnfoQ)"
199.47.82.20 - - [03/Jan/2025:03:15:01 +0100] "GET /drupal/event/2006/02/21/table/flexinode-1 HTTP/1.1" 200 - "-" "Turnitin (https://bit.ly/2UvnfoQ)"
199.47.82.20 - - [03/Jan/2025:03:15:11 +0100] "GET /drupal/event/2006/02/22/table/flexinode-1 HTTP/1.1" 200 - "-" "Turnitin (https://bit.ly/2UvnfoQ)"
199.47.82.20 - - [03/Jan/2025:03:15:21 +0100] "GET /drupal/event/2006/02/23/table/flexinode-1 HTTP/1.1" 200 - "-" "Turnitin (https://bit.ly/2UvnfoQ)"
199.47.82.20 - - [03/Jan/2025:03:15:31 +0100] "GET /drupal/event/2006/02/24/table/flexinode-1 HTTP/1.1" 200 - "-" "Turnitin (https://bit.ly/2UvnfoQ)"
216.244.66.200 - - [03/Jan/2025:03:15:35 +0100] "GET /taxonomy/term/40?page=118 HTTP/1.1" 200 - "-" "Mozilla/5.0 (compatible; DotBot/1.2; +https://opensiteexplorer.org/dotbot; help@moz.com)"
199.47.82.20 - - [03/Jan/2025:03:15:41 +0100] "GET /drupal/event/2006/02/28/table/flexinode-1 HTTP/1.1" 200 - "-" "Turnitin (https://bit.ly/2UvnfoQ)"
199.47.82.20 - - [03/Jan/2025:03:15:51 +0100] "GET /drupal/event/2006/03/01/table/flexinode-1 HTTP/1.1" 200 - "-" "Turnitin (https://bit.ly/2UvnfoQ)"
199.47.82.20 - - [03/Jan/2025:03:16:01 +0100] "GET /drupal/event/2006/03/02/table/flexinode-1/all/30 HTTP/1.1" 200 - "-" "Turnitin (https://bit.ly/2UvnfoQ)"
199.47.82.20 - - [03/Jan/2025:03:16:11 +0100] "GET /drupal/event/2007/01/06/table/flexinode-1/all/30 HTTP/1.1" 200 - "-" "Turnitin (https://bit.ly/2UvnfoQ)"
199.47.82.20 - - [03/Jan/2025:03:16:21 +0100] "GET /drupal/event/2007/01/07/table/flexinode-1/all/30 HTTP/1.1" 200 - "-" "Turnitin (https://bit.ly/2UvnfoQ)"
199.47.82.20 - - [03/Jan/2025:03:16:31 +0100] "GET /drupal/event/2007/01/09/month/all/all/1 HTTP/1.1" 200 - "-" "Turnitin (https://bit.ly/2UvnfoQ)"
199.47.82.20 - - [03/Jan/2025:03:16:41 +0100] "GET /drupal/event/2007/01/25/table/flexinode-1 HTTP/1.1" 200 - "-" "Turnitin (https://bit.ly/2UvnfoQ)"
199.47.82.20 - - [03/Jan/2025:03:16:51 +0100] "GET /drupal/event/2007/01/29/table/flexinode-1 HTTP/1.1" 200 - "-" "Turnitin (https://bit.ly/2UvnfoQ)"
199.47.82.20 - - [03/Jan/2025:03:17:01 +0100] "GET /drupal/event/2007/01/31/table/flexinode-1 HTTP/1.1" 200 - "-" "Turnitin (https://bit.ly/2UvnfoQ)"
199.47.82.20 - - [03/Jan/2025:03:17:11 +0100] "GET /drupal/event/2007/02/01/table/flexinode-1 HTTP/1.1" 200 - "-" "Turnitin (https://bit.ly/2UvnfoQ)"
199.47.82.20 - - [03/Jan/2025:03:17:22 +0100] "GET /drupal/event/2007/02/02/table/flexinode-1 HTTP/1.1" 200 - "-" "Turnitin (https://bit.ly/2UvnfoQ)"
199.47.82.20 - - [03/Jan/2025:03:17:30 +0100] "GET /drupal/event/2007/02/05/day/flexinode-1/all HTTP/1.1" 200 - "-" "Turnitin (https://bit.ly/2UvnfoQ)"
199.47.82.20 - - [03/Jan/2025:03:17:40 +0100] "GET /drupal/event/2007/02/05/list/flexinode-1/all HTTP/1.1" 200 - "-" "Turnitin (https://bit.ly/2UvnfoQ)"
199.47.82.20 - - [03/Jan/2025:03:17:51 +0100] "GET /drupal/event/2007/02/05/month/flexinode-1/all HTTP/1.1" 200 - "-" "Turnitin (https://bit.ly/2UvnfoQ)"
199.47.82.20 - - [03/Jan/2025:03:18:01 +0100] "GET /drupal/event/2007/02/05/table/ HTTP/1.1" 200 - "-" "Turnitin (https://bit.ly/2UvnfoQ)"
199.47.82.20 - - [03/Jan/2025:03:18:10 +0100] "GET /drupal/event/2007/02/05/week/flexinode-1/all HTTP/1.1" 200 - "-" "Turnitin (https://bit.ly/2UvnfoQ)"
199.47.82.20 - - [03/Jan/2025:03:18:19 +0100] "GET /drupal/event/2007/02/06/day/flexinode-1/all HTTP/1.1" 200 - "-" "Turnitin (https://bit.ly/2UvnfoQ)"
199.47.82.20 - - [03/Jan/2025:03:18:30 +0100] "GET /drupal/event/2007/02/06/list/flexinode-1/all HTTP/1.1" 200 - "-" "Turnitin (https://bit.ly/2UvnfoQ)"
199.47.82.20 - - [03/Jan/2025:03:18:40 +0100] "GET /drupal/event/2007/02/06/table/ HTTP/1.1" 200 - "-" "Turnitin (https://bit.ly/2UvnfoQ)"
199.47.82.20 - - [03/Jan/2025:03:18:51 +0100] "GET /drupal/event/2007/02/07/day/flexinode-1 HTTP/1.1" 200 - "-" "Turnitin (https://bit.ly/2UvnfoQ)"
199.47.82.20 - - [03/Jan/2025:03:19:00 +0100] "GET /drupal/event/2007/02/08/day/all/all/1 HTTP/1.1" 200 - "-" "Turnitin (https://bit.ly/2UvnfoQ)"
199.47.82.20 - - [03/Jan/2025:03:19:10 +0100] "GET /drupal/event/2007/02/08/day/flexinode-1 HTTP/1.1" 200 - "-" "Turnitin (https://bit.ly/2UvnfoQ)"
199.47.82.20 - - [03/Jan/2025:03:19:19 +0100] "GET /drupal/event/2007/02/10/day/all/all/1 HTTP/1.1" 200 - "-" "Turnitin (https://bit.ly/2UvnfoQ)"
199.47.82.20 - - [03/Jan/2025:03:19:30 +0100] "GET /drupal/event/2007/02/15/table/flexinode-1 HTTP/1.1" 200 - "-" "Turnitin (https://bit.ly/2UvnfoQ)"
199.47.82.20 - - [03/Jan/2025:03:19:40 +0100] "GET /drupal/event/2007/02/16/table/flexinode-1 HTTP/1.1" 200 - "-" "Turnitin (https://bit.ly/2UvnfoQ)"
199.47.82.20 - - [03/Jan/2025:03:19:52 +0100] "GET /drupal/event/2007/02/19/table/flexinode-1 HTTP/1.1" 200 - "-" "Turnitin (https://bit.ly/2UvnfoQ)"
199.47.82.20 - - [03/Jan/2025:03:20:00 +0100] "GET /drupal/event/2007/02/20/table/flexinode-1 HTTP/1.1" 200 - "-" "Turnitin (https://bit.ly/2UvnfoQ)"
199.47.82.20 - - [03/Jan/2025:03:20:10 +0100] "GET /drupal/event/2007/02/21/table/flexinode-1 HTTP/1.1" 200 - "-" "Turnitin (https://bit.ly/2UvnfoQ)"
199.47.82.20 - - [03/Jan/2025:03:20:20 +0100] "GET /drupal/event/2007/02/22/table/flexinode-1 HTTP/1.1" 200 - "-" "Turnitin (https://bit.ly/2UvnfoQ)"
199.47.82.20 - - [03/Jan/2025:03:20:31 +0100] "GET /drupal/event/2007/02/23/table/flexinode-1 HTTP/1.1" 200 - "-" "Turnitin (https://bit.ly/2UvnfoQ)"
199.47.82.20 - - [03/Jan/2025:03:20:41 +0100] "GET /drupal/event/2007/02/26/table/flexinode-1 HTTP/1.1" 200 - "-" "Turnitin (https://bit.ly/2UvnfoQ)"
199.47.82.20 - - [03/Jan/2025:03:20:51 +0100] "GET /drupal/event/2007/02/27/table/flexinode-1 HTTP/1.1" 200 - "-" "Turnitin (https://bit.ly/2UvnfoQ)"
199.47.82.20 - - [03/Jan/2025:03:21:01 +0100] "GET /drupal/event/2007/02/28/month/flexinode-1 HTTP/1.1" 200 - "-" "Turnitin (https://bit.ly/2UvnfoQ)"
199.47.82.20 - - [03/Jan/2025:03:21:11 +0100] "GET /drupal/event/2007/02/28/table/flexinode-1 HTTP/1.1" 200 - "-" "Turnitin (https://bit.ly/2UvnfoQ)"
199.47.82.20 - - [03/Jan/2025:03:21:21 +0100] "GET /drupal/event/2007/03/01/table/flexinode-1 HTTP/1.1" 200 - "-" "Turnitin (https://bit.ly/2UvnfoQ)"
199.47.82.20 - - [03/Jan/2025:03:21:31 +0100] "GET /drupal/event/2007/03/02/table/flexinode-1 HTTP/1.1" 200 - "-" "Turnitin (https://bit.ly/2UvnfoQ)"
199.47.82.20 - - [03/Jan/2025:03:21:41 +0100] "GET /drupal/event/2007/03/03/table/flexinode-1 HTTP/1.1" 200 - "-" "Turnitin (https://bit.ly/2UvnfoQ)"
199.47.82.20 - - [03/Jan/2025:03:21:51 +0100] "GET /drupal/event/2007/03/05/table/flexinode-1 HTTP/1.1" 200 - "-" "Turnitin (https://bit.ly/2UvnfoQ)"
199.47.82.20 - - [03/Jan/2025:03:22:01 +0100] "GET /drupal/event/2007/03/06/table/flexinode-1 HTTP/1.1" 200 - "-" "Turnitin (https://bit.ly/2UvnfoQ)"
199.47.82.20 - - [03/Jan/2025:03:22:11 +0100] "GET /drupal/event/2007/03/07/table/flexinode-1 HTTP/1.1" 200 - "-" "Turnitin (https://bit.ly/2UvnfoQ)"
199.47.82.20 - - [03/Jan/2025:03:22:21 +0100] "GET /drupal/event/2007/03/07/table/flexinode-1/all/30 HTTP/1.1" 200 - "-" "Turnitin (https://bit.ly/2UvnfoQ)"
199.47.82.20 - - [03/Jan/2025:03:22:31 +0100] "GET /drupal/event/2007/03/08/table/flexinode-1 HTTP/1.1" 200 - "-" "Turnitin (https://bit.ly/2UvnfoQ)"
199.47.82.20 - - [03/Jan/2025:03:22:41 +0100] "GET /drupal/event/2007/03/08/table/flexinode-1/all/30 HTTP/1.1" 200 - "-" "Turnitin (https://bit.ly/2UvnfoQ)"
199.47.82.20 - - [03/Jan/2025:03:22:51 +0100] "GET /drupal/event/2007/03/09/month/all/all/1 HTTP/1.1" 200 - "-" "Turnitin (https://bit.ly/2UvnfoQ)"
199.47.82.20 - - [03/Jan/2025:03:23:01 +0100] "GET /drupal/event/2007/03/09/table/flexinode-1 HTTP/1.1" 200 - "-" "Turnitin (https://bit.ly/2UvnfoQ)"
199.47.82.20 - - [03/Jan/2025:03:23:11 +0100] "GET /drupal/event/2007/03/11/table/all/all/30 HTTP/1.1" 200 - "-" "Turnitin (https://bit.ly/2UvnfoQ)"
199.47.82.20 - - [03/Jan/2025:03:23:21 +0100] "GET /drupal/event/2009/02/02/table/flexinode-1 HTTP/1.1" 200 - "-" "Turnitin (https://bit.ly/2UvnfoQ)"
199.47.82.20 - - [03/Jan/2025:03:23:31 +0100] "GET /drupal/event/2009/03/09/table/flexinode-1 HTTP/1.1" 200 - "-" "Turnitin (https://bit.ly/2UvnfoQ)"
199.47.82.20 - - [03/Jan/2025:03:23:41 +0100] "GET /drupal/event/2009/03/10/table/flexinode-1 HTTP/1.1" 200 - "-" "Turnitin (https://bit.ly/2UvnfoQ)"
199.47.82.20 - - [03/Jan/2025:03:23:51 +0100] "GET /drupal/event/2009/03/17/table/flexinode-1 HTTP/1.1" 200 - "-" "Turnitin (https://bit.ly/2UvnfoQ)"
199.47.82.20 - - [03/Jan/2025:03:24:01 +0100] "GET /drupal/event/2009/03/18/table/flexinode-1 HTTP/1.1" 200 - "-" "Turnitin (https://bit.ly/2UvnfoQ)"
199.47.82.20 - - [03/Jan/2025:03:24:11 +0100] "GET /drupal/event/2009/03/24/table/flexinode-1 HTTP/1.1" 200 - "-" "Turnitin (https://bit.ly/2UvnfoQ)"
199.47.82.20 - - [03/Jan/2025:03:24:21 +0100] "GET /drupal/event/2009/03/27/day/all/all HTTP/1.1" 200 - "-" "Turnitin (https://bit.ly/2UvnfoQ)"
199.47.82.20 - - [03/Jan/2025:03:24:31 +0100] "GET /drupal/event/2009/03/27/month/all/all HTTP/1.1" 200 - "-" "Turnitin (https://bit.ly/2UvnfoQ)"
199.47.82.20 - - [03/Jan/2025:03:24:41 +0100] "GET /drupal/event/2009/03/27/table/all/all HTTP/1.1" 200 - "-" "Turnitin (https://bit.ly/2UvnfoQ)"
199.47.82.20 - - [03/Jan/2025:03:24:51 +0100] "GET /drupal/event/2009/03/27/week/all/all HTTP/1.1" 200 - "-" "Turnitin (https://bit.ly/2UvnfoQ)"
199.47.82.20 - - [03/Jan/2025:03:25:01 +0100] "GET /drupal/event/2009/04/02/table/flexinode-1 HTTP/1.1" 200 - "-" "Turnitin (https://bit.ly/2UvnfoQ)"
199.47.82.20 - - [03/Jan/2025:03:25:11 +0100] "GET /drupal/event/2009/04/06/table/flexinode-1 HTTP/1.1" 200 - "-" "Turnitin (https://bit.ly/2UvnfoQ)"
199.47.82.20 - - [03/Jan/2025:03:25:21 +0100] "GET /drupal/event/2009/04/07/table/flexinode-1 HTTP/1.1" 200 - "-" "Turnitin (https://bit.ly/2UvnfoQ)"
199.47.82.20 - - [03/Jan/2025:03:25:31 +0100] "GET /drupal/event/2009/04/08/table/flexinode-1 HTTP/1.1" 200 - "-" "Turnitin (https://bit.ly/2UvnfoQ)"
199.47.82.20 - - [03/Jan/2025:03:25:41 +0100] "GET /drupal/event/2009/04/11/day/all/all HTTP/1.1" 200 - "-" "Turnitin (https://bit.ly/2UvnfoQ)"
199.47.82.20 - - [03/Jan/2025:03:25:51 +0100] "GET /drupal/event/2009/04/11/month/all/all HTTP/1.1" 200 - "-" "Turnitin (https://bit.ly/2UvnfoQ)"
199.47.82.20 - - [03/Jan/2025:03:26:01 +0100] "GET /drupal/event/2009/04/11/table/all/all HTTP/1.1" 200 - "-" "Turnitin (https://bit.ly/2UvnfoQ)"
199.47.82.20 - - [03/Jan/2025:03:26:11 +0100] "GET /drupal/event/2009/04/11/week/all/all HTTP/1.1" 200 - "-" "Turnitin (https://bit.ly/2UvnfoQ)"
199.47.82.20 - - [03/Jan/2025:03:26:21 +0100] "GET /drupal/event/2009/12/29/day/all/all HTTP/1.1" 200 - "-" "Turnitin (https://bit.ly/2UvnfoQ)"
199.47.82.20 - - [03/Jan/2025:03:26:31 +0100] "GET /drupal/event/2009/12/29/month/all/all HTTP/1.1" 200 - "-" "Turnitin (https://bit.ly/2UvnfoQ)"
199.47.82.20 - - [03/Jan/2025:03:26:41 +0100] "GET /drupal/files/02-05-A(DAS)-eloterj-terv.pdf HTTP/1.1" 200 - "-" "Turnitin (https://bit.ly/2UvnfoQ)"
199.47.82.20 - - [03/Jan/2025:03:26:51 +0100] "GET /drupal/files/0815_ketoldalu_hatarvizi_t_rc_ra.doc HTTP/1.1" 200 - "-" "Turnitin (https://bit.ly/2UvnfoQ)"
199.47.82.20 - - [03/Jan/2025:03:27:01 +0100] "GET /drupal/files/14369A22AB360FDF9-2.doc HTTP/1.1" 200 - "-" "Turnitin (https://bit.ly/2UvnfoQ)"
199.47.82.20 - - [03/Jan/2025:03:27:11 +0100] "GET /drupal/files/143707F9699596340.doc HTTP/1.1" 200 - "-" "Turnitin (https://bit.ly/2UvnfoQ)"
199.47.82.20 - - [03/Jan/2025:03:27:21 +0100] "GET /drupal/files/143716E69AC04BFB0.doc HTTP/1.1" 200 - "-" "Turnitin (https://bit.ly/2UvnfoQ)"
199.47.82.20 - - [03/Jan/2025:03:27:31 +0100] "GET /drupal/files/1437262416D9749FC.doc HTTP/1.1" 200 - "-" "Turnitin (https://bit.ly/2UvnfoQ)"
199.47.82.20 - - [03/Jan/2025:03:27:41 +0100] "GET /drupal/files/143736910F3B6DFB6.doc HTTP/1.1" 200 - "-" "Turnitin (https://bit.ly/2UvnfoQ)"
199.47.82.20 - - [03/Jan/2025:03:27:51 +0100] "GET /drupal/files/143744718CD9A4578.doc HTTP/1.1" 200 - "-" "Turnitin (https://bit.ly/2UvnfoQ)"
199.47.82.20 - - [03/Jan/2025:03:28:01 +0100] "GET /drupal/files/14375E8469875328A.doc HTTP/1.1" 200 - "-" "Turnitin (https://bit.ly/2UvnfoQ)"
199.47.82.20 - - [03/Jan/2025:03:28:11 +0100] "GET /drupal/files/1437687F69F4F7ABC.doc HTTP/1.1" 200 - "-" "Turnitin (https://bit.ly/2UvnfoQ)"
199.47.82.20 - - [03/Jan/2025:03:28:21 +0100] "GET /drupal/files/14377F567CFF9CA56.doc HTTP/1.1" 200 - "-" "Turnitin (https://bit.ly/2UvnfoQ)"
199.47.82.20 - - [03/Jan/2025:03:28:31 +0100] "GET /drupal/files/2007_II_tablazat_08.10.nyilvanosvaltozat.pdf HTTP/1.1" 200 - "-" "Turnitin (https://bit.ly/2UvnfoQ)"
199.47.82.20 - - [03/Jan/2025:03:28:41 +0100] "GET /drupal/files/2008Okt.pdf HTTP/1.1" 200 - "-" "Turnitin (https://bit.ly/2UvnfoQ)"
199.47.82.20 - - [03/Jan/2025:03:28:51 +0100] "GET /drupal/files/2008felev.pdf HTTP/1.1" 200 - "-" "Turnitin (https://bit.ly/2UvnfoQ)"
199.47.82.20 - - [03/Jan/2025:03:29:01 +0100] "GET /drupal/files/22_2004_fmm_om_rendelet.pdf HTTP/1.1" 200 - "-" "Turnitin (https://bit.ly/2UvnfoQ)"
199.47.82.20 - - [03/Jan/2025:03:29:11 +0100] "GET /drupal/files/33_1998_mod_terv_080708.pdf HTTP/1.1" 200 - "-" "Turnitin (https://bit.ly/2UvnfoQ)"
199.47.82.20 - - [03/Jan/2025:03:29:21 +0100] "GET /drupal/files/7_2001_fvm_mod_velemenyezesre.pdf HTTP/1.1" 200 - "-" "Turnitin (https://bit.ly/2UvnfoQ)"
199.47.82.20 - - [03/Jan/2025:03:29:31 +0100] "GET /drupal/files/A_Digitalis_Atallas_Strategiaja.pdf HTTP/1.1" 200 - "-" "Turnitin (https://bit.ly/2UvnfoQ)"
199.47.82.20 - - [03/Jan/2025:03:29:41 +0100] "GET /drupal/files/IRM_munkaterv_2007.I.f%C3%A9l%C3%A9v.doc HTTP/1.1" 200 - "-" "Turnitin (https://bit.ly/2UvnfoQ)"
199.47.82.20 - - [03/Jan/2025:03:29:51 +0100] "GET /drupal/files/JAP_080423_1.pdf HTTP/1.1" 200 - "-" "Turnitin (https://bit.ly/2UvnfoQ)"
199.47.82.20 - - [03/Jan/2025:03:30:01 +0100] "GET /drupal/files/JAP_2008__I.pdf HTTP/1.1" 200 - "-" "Turnitin (https://bit.ly/2UvnfoQ)"
