199.47.82.19 - - [20/Jan/2025:12:31:53 +0100] "GET /files/keklampa.doc HTTP/1.1" 304 - "-" "Turnitin (https://bit.ly/2UvnfoQ)"
199.47.82.19 - - [20/Jan/2025:12:32:03 +0100] "GET /files/ket__eloterjesztes.pdf HTTP/1.1" 304 - "-" "Turnitin (https://bit.ly/2UvnfoQ)"
199.47.82.19 - - [20/Jan/2025:12:32:13 +0100] "GET /files/kezterves_rend_tervezet_kozig.pdf HTTP/1.1" 304 - "-" "Turnitin (https://bit.ly/2UvnfoQ)"
199.47.82.19 - - [20/Jan/2025:12:32:23 +0100] "GET /files/khv_eloterjesztes_dec13.doc HTTP/1.1" 304 - "-" "Turnitin (https://bit.ly/2UvnfoQ)"
199.47.82.19 - - [20/Jan/2025:12:32:33 +0100] "GET /files/kihirdetesi_anyag_20070912-1.doc HTTP/1.1" 304 - "-" "Turnitin (https://bit.ly/2UvnfoQ)"
199.47.82.19 - - [20/Jan/2025:12:32:43 +0100] "GET /files/kjt_terv_081203.pdf HTTP/1.1" 304 - "-" "Turnitin (https://bit.ly/2UvnfoQ)"
199.47.82.19 - - [20/Jan/2025:12:32:53 +0100] "GET /files/konf_program_0.pdf HTTP/1.1" 304 - "-" "Turnitin (https://bit.ly/2UvnfoQ)"
199.47.82.19 - - [20/Jan/2025:12:33:03 +0100] "GET /files/korm_rendelet_tervezet_vezetoi_juttatasokrol.pdf HTTP/1.1" 304 - "-" "Turnitin (https://bit.ly/2UvnfoQ)"
199.47.82.19 - - [20/Jan/2025:12:33:13 +0100] "GET /files/kormany_rendelet_terevezet_a_a_befogado_nemzeti_tamogatas_reszletes_kormanyzati_feladatairol.pdf HTTP/1.1" 304 - "-" "Turnitin (https://bit.ly/2UvnfoQ)"
199.47.82.19 - - [20/Jan/2025:12:33:23 +0100] "GET /files/kormeloterj_fogyeselykozalap.pdf HTTP/1.1" 304 - "-" "Turnitin (https://bit.ly/2UvnfoQ)"
199.47.82.19 - - [20/Jan/2025:12:33:33 +0100] "GET /files/kormeloterj_mnekk_alapokmod-1.pdf HTTP/1.1" 304 - "-" "Turnitin (https://bit.ly/2UvnfoQ)"
199.47.82.19 - - [20/Jan/2025:12:33:43 +0100] "GET /files/kormeloterjesztes_060426.pdf HTTP/1.1" 304 - "-" "Turnitin (https://bit.ly/2UvnfoQ)"
199.47.82.19 - - [20/Jan/2025:12:33:53 +0100] "GET /files/kormeloterjesztes_parlagfu_velemenyezesre.pdf HTTP/1.1" 304 - "-" "Turnitin (https://bit.ly/2UvnfoQ)"
199.47.82.19 - - [20/Jan/2025:12:34:03 +0100] "GET /files/kozalkalmazotti_jogviszonyl_rendelet_tervezet.pdf HTTP/1.1" 304 - "-" "Turnitin (https://bit.ly/2UvnfoQ)"
199.47.82.19 - - [20/Jan/2025:12:34:13 +0100] "GET /files/kozeg_mell_jarvanyugyi_szolg.pdf HTTP/1.1" 304 - "-" "Turnitin (https://bit.ly/2UvnfoQ)"
199.47.82.19 - - [20/Jan/2025:12:34:23 +0100] "GET /files/kozigazgatasi,_szakmai-erdekkepviseleti_egyeztetesre_bocsatott_tervezet_honlap.doc HTTP/1.1" 304 - "-" "Turnitin (https://bit.ly/2UvnfoQ)"
199.47.82.19 - - [20/Jan/2025:12:34:33 +0100] "GET /files/kozigazgatasi_egyeztetesre_20100221.pdf HTTP/1.1" 304 - "-" "Turnitin (https://bit.ly/2UvnfoQ)"
199.47.82.19 - - [20/Jan/2025:12:34:43 +0100] "GET /files/kozigre_bm_im_dereg_vegleges_(3).doc HTTP/1.1" 304 - "-" "Turnitin (https://bit.ly/2UvnfoQ)"
199.47.82.19 - - [20/Jan/2025:12:34:53 +0100] "GET /files/kozraktar.pdf HTTP/1.1" 304 - "-" "Turnitin (https://bit.ly/2UvnfoQ)"
199.47.82.19 - - [20/Jan/2025:12:35:03 +0100] "GET /files/kozzeteteli_mintak_IHMrendelet.pdf HTTP/1.1" 304 - "-" "Turnitin (https://bit.ly/2UvnfoQ)"
199.47.82.19 - - [20/Jan/2025:12:35:13 +0100] "GET /files/ktgv_rdsz_megujitasa-fuggelek.pdf HTTP/1.1" 304 - "-" "Turnitin (https://bit.ly/2UvnfoQ)"
199.47.82.19 - - [20/Jan/2025:12:35:23 +0100] "GET /files/ktgv_rdsz_megujitasa.pdf HTTP/1.1" 304 - "-" "Turnitin (https://bit.ly/2UvnfoQ)"
199.47.82.19 - - [20/Jan/2025:12:35:33 +0100] "GET /files/kulfoldiek_foglalkoztatasa_060316.pdf HTTP/1.1" 304 - "-" "Turnitin (https://bit.ly/2UvnfoQ)"
199.47.82.19 - - [20/Jan/2025:12:35:43 +0100] "GET /files/legvedelmi_celu_repules.pdf HTTP/1.1" 304 - "-" "Turnitin (https://bit.ly/2UvnfoQ)"
199.47.82.19 - - [20/Jan/2025:12:35:53 +0100] "GET /files/legyen_jobb_a_gyerekeknek.pdf HTTP/1.1" 304 - "-" "Turnitin (https://bit.ly/2UvnfoQ)"
199.47.82.19 - - [20/Jan/2025:12:36:03 +0100] "GET /files/licenc_EUM_rend_100202_0.doc HTTP/1.1" 304 - "-" "Turnitin (https://bit.ly/2UvnfoQ)"
199.47.82.19 - - [20/Jan/2025:12:36:14 +0100] "GET /files/magancsod_tars_velem_09.03.06.doc HTTP/1.1" 304 - "-" "Turnitin (https://bit.ly/2UvnfoQ)"
199.47.82.19 - - [20/Jan/2025:12:36:23 +0100] "GET /files/magyar-szloven_bunuldozo_szervek.doc HTTP/1.1" 304 - "-" "Turnitin (https://bit.ly/2UvnfoQ)"
199.47.82.19 - - [20/Jan/2025:12:36:33 +0100] "GET /files/magyar_szerb_hatarat_torvenyjavaslat.pdf HTTP/1.1" 304 - "-" "Turnitin (https://bit.ly/2UvnfoQ)"
199.47.82.19 - - [20/Jan/2025:12:36:43 +0100] "GET /files/magyarosztrak1.doc HTTP/1.1" 304 - "-" "Turnitin (https://bit.ly/2UvnfoQ)"
199.47.82.19 - - [20/Jan/2025:12:36:53 +0100] "GET /files/magyarukranb.doc HTTP/1.1" 304 - "-" "Turnitin (https://bit.ly/2UvnfoQ)"
199.47.82.19 - - [20/Jan/2025:12:37:03 +0100] "GET /files/me_1_3_51__1_080313.pdf HTTP/1.1" 304 - "-" "Turnitin (https://bit.ly/2UvnfoQ)"
199.47.82.19 - - [20/Jan/2025:12:37:13 +0100] "GET /files/mediacios_rendelkezesek_a_be_-ben.pdf HTTP/1.1" 304 - "-" "Turnitin (https://bit.ly/2UvnfoQ)"
199.47.82.19 - - [20/Jan/2025:12:37:23 +0100] "GET /files/meghagyas_kormrend_tervezet.doc HTTP/1.1" 304 - "-" "Turnitin (https://bit.ly/2UvnfoQ)"
199.47.82.19 - - [20/Jan/2025:12:37:33 +0100] "GET /files/megujulo_energiaforraso.pdf HTTP/1.1" 304 - "-" "Turnitin (https://bit.ly/2UvnfoQ)"
199.47.82.19 - - [20/Jan/2025:12:37:43 +0100] "GET /files/mh_beosztasi_kategoriaba_besorolas_rendfokozat.pdf HTTP/1.1" 304 - "-" "Turnitin (https://bit.ly/2UvnfoQ)"
199.47.82.19 - - [20/Jan/2025:12:37:53 +0100] "GET /files/mikrobi%201130.doc HTTP/1.1" 304 - "-" "Turnitin (https://bit.ly/2UvnfoQ)"
199.47.82.19 - - [20/Jan/2025:12:38:03 +0100] "GET /files/min071005.pdf HTTP/1.1" 304 - "-" "Turnitin (https://bit.ly/2UvnfoQ)"
199.47.82.19 - - [20/Jan/2025:12:38:13 +0100] "GET /files/min080731.pdf HTTP/1.1" 304 - "-" "Turnitin (https://bit.ly/2UvnfoQ)"
199.47.82.19 - - [20/Jan/2025:12:38:23 +0100] "GET /files/miniszt_2006_dec.pdf HTTP/1.1" 304 - "-" "Turnitin (https://bit.ly/2UvnfoQ)"
199.47.82.19 - - [20/Jan/2025:12:38:33 +0100] "GET /files/miniszt_2006_marc.doc HTTP/1.1" 304 - "-" "Turnitin (https://bit.ly/2UvnfoQ)"
199.47.82.19 - - [20/Jan/2025:12:38:43 +0100] "GET /files/miniszt_2006_nov.pdf HTTP/1.1" 304 - "-" "Turnitin (https://bit.ly/2UvnfoQ)"
199.47.82.19 - - [20/Jan/2025:12:38:53 +0100] "GET /files/miniszt_2006_oktober.pdf HTTP/1.1" 304 - "-" "Turnitin (https://bit.ly/2UvnfoQ)"
199.47.82.19 - - [20/Jan/2025:12:39:03 +0100] "GET /files/miniszt_2006_szeptember.pdf HTTP/1.1" 304 - "-" "Turnitin (https://bit.ly/2UvnfoQ)"
199.47.82.19 - - [20/Jan/2025:12:39:13 +0100] "GET /files/miniszt_2007_apr.doc HTTP/1.1" 304 - "-" "Turnitin (https://bit.ly/2UvnfoQ)"
199.47.82.19 - - [20/Jan/2025:12:39:23 +0100] "GET /files/miniszt_2007_jan.pdf HTTP/1.1" 304 - "-" "Turnitin (https://bit.ly/2UvnfoQ)"
199.47.82.19 - - [20/Jan/2025:12:39:33 +0100] "GET /files/miniszt_2007_majus.pdf HTTP/1.1" 304 - "-" "Turnitin (https://bit.ly/2UvnfoQ)"
199.47.82.19 - - [20/Jan/2025:12:39:43 +0100] "GET /files/miniszt_2007_marc_0.pdf HTTP/1.1" 304 - "-" "Turnitin (https://bit.ly/2UvnfoQ)"
199.47.82.19 - - [20/Jan/2025:12:39:53 +0100] "GET /files/minrendelet_szocigenybevetel.pdf HTTP/1.1" 304 - "-" "Turnitin (https://bit.ly/2UvnfoQ)"
199.47.82.19 - - [20/Jan/2025:12:40:03 +0100] "GET /files/munkaido_terv_070416.pdf HTTP/1.1" 304 - "-" "Turnitin (https://bit.ly/2UvnfoQ)"
199.47.82.19 - - [20/Jan/2025:12:40:13 +0100] "GET /files/munkavedelemi_tervezet.pdf HTTP/1.1" 304 - "-" "Turnitin (https://bit.ly/2UvnfoQ)"
199.47.82.19 - - [20/Jan/2025:12:40:23 +0100] "GET /files/munkavedelmi_hatosag_eloterj.pdf HTTP/1.1" 304 - "-" "Turnitin (https://bit.ly/2UvnfoQ)"
199.47.82.19 - - [20/Jan/2025:12:40:33 +0100] "GET /files/muszaki_hmrend.pdf HTTP/1.1" 304 - "-" "Turnitin (https://bit.ly/2UvnfoQ)"
199.47.82.19 - - [20/Jan/2025:12:40:43 +0100] "GET /files/nem-konvencionalis_korm_rend_090202.doc HTTP/1.1" 304 - "-" "Turnitin (https://bit.ly/2UvnfoQ)"
199.47.82.19 - - [20/Jan/2025:12:40:53 +0100] "GET /files/nem_uzleti_eloterj_4_rendelet_szovege_061129.pdf HTTP/1.1" 304 - "-" "Turnitin (https://bit.ly/2UvnfoQ)"
199.47.82.19 - - [20/Jan/2025:12:41:03 +0100] "GET /files/nemzetkozi_karterites.pdf HTTP/1.1" 304 - "-" "Turnitin (https://bit.ly/2UvnfoQ)"
199.47.82.19 - - [20/Jan/2025:12:41:13 +0100] "GET /files/nis_terv_081204.pdf HTTP/1.1" 304 - "-" "Turnitin (https://bit.ly/2UvnfoQ)"
199.47.82.19 - - [20/Jan/2025:12:41:23 +0100] "GET /files/norma_0317_kozigre.doc HTTP/1.1" 304 - "-" "Turnitin (https://bit.ly/2UvnfoQ)"
199.47.82.19 - - [20/Jan/2025:12:41:33 +0100] "GET /files/normaszoveg_tervezete_honlapra_060404.pdf HTTP/1.1" 304 - "-" "Turnitin (https://bit.ly/2UvnfoQ)"
199.47.82.19 - - [20/Jan/2025:12:41:43 +0100] "GET /files/novenyvedelmi_birsag_korm_rendelet_060525.pdf HTTP/1.1" 304 - "-" "Turnitin (https://bit.ly/2UvnfoQ)"
199.47.82.19 - - [20/Jan/2025:12:41:53 +0100] "GET /files/nsip_rendelet_tervezet.pdf HTTP/1.1" 304 - "-" "Turnitin (https://bit.ly/2UvnfoQ)"
199.47.82.19 - - [20/Jan/2025:12:42:03 +0100] "GET /files/nuklearis_anyagok_fizikai_vedelme_honlapra.doc HTTP/1.1" 304 - "-" "Turnitin (https://bit.ly/2UvnfoQ)"
199.47.82.19 - - [20/Jan/2025:12:42:13 +0100] "GET /files/otrt.pdf HTTP/1.1" 304 - "-" "Turnitin (https://bit.ly/2UvnfoQ)"
199.47.82.19 - - [20/Jan/2025:12:42:23 +0100] "GET /files/parlamenti%20bizottsagok8.pdf HTTP/1.1" 304 - "-" "Turnitin (https://bit.ly/2UvnfoQ)"
199.47.82.19 - - [20/Jan/2025:12:42:33 +0100] "GET /files/pedagogiai_szakmai_080801.pdf HTTP/1.1" 304 - "-" "Turnitin (https://bit.ly/2UvnfoQ)"
199.47.82.19 - - [20/Jan/2025:12:42:43 +0100] "GET /files/penzmosas_eloterjesztes_kozzetetel.doc HTTP/1.1" 304 - "-" "Turnitin (https://bit.ly/2UvnfoQ)"
199.47.82.19 - - [20/Jan/2025:12:42:53 +0100] "GET /files/piro_tervezet_0707_(honlapra).doc HTTP/1.1" 304 - "-" "Turnitin (https://bit.ly/2UvnfoQ)"
199.47.82.19 - - [20/Jan/2025:12:43:03 +0100] "GET /files/pirotechnika_(honlapra).doc HTTP/1.1" 304 - "-" "Turnitin (https://bit.ly/2UvnfoQ)"
199.47.82.19 - - [20/Jan/2025:12:43:13 +0100] "GET /files/ptk-normaszoveg-tervezet_20071029.pdf HTTP/1.1" 304 - "-" "Turnitin (https://bit.ly/2UvnfoQ)"
199.47.82.19 - - [20/Jan/2025:12:43:23 +0100] "GET /files/ptk.csaladjog_0.pdf HTTP/1.1" 304 - "-" "Turnitin (https://bit.ly/2UvnfoQ)"
199.47.82.19 - - [20/Jan/2025:12:43:33 +0100] "GET /files/ptk_kotelmi_jog_0.pdf HTTP/1.1" 304 - "-" "Turnitin (https://bit.ly/2UvnfoQ)"
199.47.82.19 - - [20/Jan/2025:12:43:43 +0100] "GET /files/ptk_oroklesi_jog.pdf HTTP/1.1" 304 - "-" "Turnitin (https://bit.ly/2UvnfoQ)"
199.47.82.19 - - [20/Jan/2025:12:43:53 +0100] "GET /files/ptke-eloterj-090629.doc HTTP/1.1" 304 - "-" "Turnitin (https://bit.ly/2UvnfoQ)"
199.47.82.19 - - [20/Jan/2025:12:44:03 +0100] "GET /files/rendelet_icsszem_fejezetikezeloiranyzat.pdf HTTP/1.1" 304 - "-" "Turnitin (https://bit.ly/2UvnfoQ)"
199.47.82.19 - - [20/Jan/2025:12:44:13 +0100] "GET /files/rendelet_icsszem_fejkezelo_melleklet2.pdf HTTP/1.1" 304 - "-" "Turnitin (https://bit.ly/2UvnfoQ)"
199.47.82.19 - - [20/Jan/2025:12:44:23 +0100] "GET /files/rendeszeti_startegia_kormanyra_2007_11_20_vegleges.doc HTTP/1.1" 304 - "-" "Turnitin (https://bit.ly/2UvnfoQ)"
199.47.82.19 - - [20/Jan/2025:12:44:33 +0100] "GET /files/rendmod_.doc HTTP/1.1" 304 - "-" "Turnitin (https://bit.ly/2UvnfoQ)"
199.47.82.19 - - [20/Jan/2025:12:44:43 +0100] "GET /files/reszletes_0.pdf HTTP/1.1" 304 - "-" "Turnitin (https://bit.ly/2UvnfoQ)"
199.47.82.19 - - [20/Jan/2025:12:44:53 +0100] "GET /files/rkf_09.04.22._tervezet_honlapra.doc HTTP/1.1" 304 - "-" "Turnitin (https://bit.ly/2UvnfoQ)"
199.47.82.19 - - [20/Jan/2025:12:45:03 +0100] "GET /files/rtv.doc HTTP/1.1" 304 - "-" "Turnitin (https://bit.ly/2UvnfoQ)"
199.47.82.19 - - [20/Jan/2025:12:45:13 +0100] "GET /files/sajatos_nevelesi_igenyu_gyerekek_060413.pdf HTTP/1.1" 304 - "-" "Turnitin (https://bit.ly/2UvnfoQ)"
199.47.82.19 - - [20/Jan/2025:12:45:23 +0100] "GET /files/startplusz_terv_060919.pdf HTTP/1.1" 304 - "-" "Turnitin (https://bit.ly/2UvnfoQ)"
199.47.82.19 - - [20/Jan/2025:12:45:33 +0100] "GET /files/sulyos_vasuti.pdf HTTP/1.1" 304 - "-" "Turnitin (https://bit.ly/2UvnfoQ)"
199.47.82.19 - - [20/Jan/2025:12:45:43 +0100] "GET /files/szakerto.doc HTTP/1.1" 304 - "-" "Turnitin (https://bit.ly/2UvnfoQ)"
199.47.82.19 - - [20/Jan/2025:12:45:53 +0100] "GET /files/szakszo_hajozo.pdf HTTP/1.1" 304 - "-" "Turnitin (https://bit.ly/2UvnfoQ)"
34.76.146.130 - - [20/Jan/2025:12:50:13 +0100] "GET / HTTP/1.1" 200 - "-" "Mozilla/5.0 (Windows NT 10.0; Win64; x64) AppleWebKit/537.36 (KHTML, like Gecko) Chrome/84.0.4147.105 Safari/537.36"
213.199.34.199 - - [20/Jan/2025:12:50:32 +0100] "GET /robots.txt HTTP/1.1" 200 1590 "-" "Mozilla/5.0 (compatible; MJ12bot/v1.4.8; http://mj12bot.com/)"
213.199.34.199 - - [20/Jan/2025:12:51:26 +0100] "GET /files/19-2003-Mell%C3%83%C2%A9kletek.xls.txt HTTP/1.1" 200 - "-" "Mozilla/5.0 (compatible; MJ12bot/v1.4.8; http://mj12bot.com/)"
213.199.34.199 - - [20/Jan/2025:12:52:15 +0100] "GET /files/9-93.normasz%C3%83%C2%B6veg.m%C3%83%C2%B3d.2007.febr.T%C3%83?RCA.doc HTTP/1.1" 200 - "-" "Mozilla/5.0 (compatible; MJ12bot/v1.4.8; http://mj12bot.com/)"
84.206.25.11 - - [20/Jan/2025:12:52:59 +0100] "GET /files/ooszi.pdf HTTP/1.1" 200 429252 "https://www.google.com/" "Mozilla/5.0 (Windows NT 10.0; Win64; x64) AppleWebKit/537.36 (KHTML, like Gecko) Chrome/131.0.0.0 Safari/537.36"
84.206.25.11 - - [20/Jan/2025:12:52:59 +0100] "GET /favicon.ico HTTP/1.1" 404 57 "http://www.jogalkotas.hu/files/ooszi.pdf" "Mozilla/5.0 (Windows NT 10.0; Win64; x64) AppleWebKit/537.36 (KHTML, like Gecko) Chrome/131.0.0.0 Safari/537.36"
213.199.34.199 - - [20/Jan/2025:12:53:06 +0100] "GET /files/A%20T%C3%83%E2%80%93RV%C3%83%E2%80%B0NYJAVASLAT%20MELL%C3%83%E2%80%B0KLETEI.htm.txt HTTP/1.1" 200 - "-" "Mozilla/5.0 (compatible; MJ12bot/v1.4.8; http://mj12bot.com/)"
213.199.34.199 - - [20/Jan/2025:12:53:51 +0100] "GET /files/AZ%20%C3%83?S%20MELL%C3%83%E2%80%B0KLETEI.htm.txt HTTP/1.1" 200 - "-" "Mozilla/5.0 (compatible; MJ12bot/v1.4.8; http://mj12bot.com/)"
213.199.34.199 - - [20/Jan/2025:12:54:35 +0100] "GET /files/Alap-%C3%83%C2%A9s%20m%C3%85%C2%B1k%C3%83%C2%B6d%C3%83%C2%A9si%20nyilv%C3%83%C2%A1ntart%C3%83%C2%A1s-T%C3%83?RCA03.20..doc HTTP/1.1" 200 - "-" "Mozilla/5.0 (compatible; MJ12bot/v1.4.8; http://mj12bot.com/)"
213.199.34.199 - - [20/Jan/2025:12:55:20 +0100] "GET /files/FEJEZETI%20K%C3%83%E2%80%93TETEK.htm.txt HTTP/1.1" 200 - "-" "Mozilla/5.0 (compatible; MJ12bot/v1.4.8; http://mj12bot.com/)"
216.244.66.200 - - [20/Jan/2025:12:55:20 +0100] "GET /robots.txt HTTP/1.1" 200 1590 "-" "Mozilla/5.0 (compatible; DotBot/1.2; +https://opensiteexplorer.org/dotbot; help@moz.com)"
213.199.34.199 - - [20/Jan/2025:12:56:05 +0100] "GET /files/INDOKOL%C3%83?1.doc HTTP/1.1" 200 - "-" "Mozilla/5.0 (compatible; MJ12bot/v1.4.8; http://mj12bot.com/)"
213.199.34.199 - - [20/Jan/2025:12:56:48 +0100] "GET /files/INDOKOL%C3%83?S.doc HTTP/1.1" 200 - "-" "Mozilla/5.0 (compatible; MJ12bot/v1.4.8; http://mj12bot.com/)"
213.199.34.199 - - [20/Jan/2025:12:57:36 +0100] "GET /files/SzaboMate_hozz%C3%83%C2%A1f%C3%83%C2%A9r%C3%83%C2%A9s.pps HTTP/1.1" 200 - "-" "Mozilla/5.0 (compatible; MJ12bot/v1.4.8; http://mj12bot.com/)"
213.199.34.199 - - [20/Jan/2025:12:58:20 +0100] "GET /files/VEZET%C3%85?I%20%C3%83%E2%80%93SSZEFOGLAL%C3%83%E2%80%9C.doc HTTP/1.1" 200 - "-" "Mozilla/5.0 (compatible; MJ12bot/v1.4.8; http://mj12bot.com/)"
213.199.34.199 - - [20/Jan/2025:12:59:03 +0100] "GET /files/%C3%83?NTSZ%20%20061214%20Kormr.doc HTTP/1.1" 200 - "-" "Mozilla/5.0 (compatible; MJ12bot/v1.4.8; http://mj12bot.com/)"
213.199.34.199 - - [20/Jan/2025:12:59:08 +0100] "GET /robots.txt HTTP/1.1" 200 1590 "-" "Mozilla/5.0 (compatible; MJ12bot/v1.4.8; http://mj12bot.com/)"
213.199.34.199 - - [20/Jan/2025:12:59:51 +0100] "GET /files/19-2003-Mell%C3%83%C2%A9kletek.xls.txt HTTP/1.1" 200 - "-" "Mozilla/5.0 (compatible; MJ12bot/v1.4.8; http://mj12bot.com/)"
213.199.34.199 - - [20/Jan/2025:13:00:34 +0100] "GET /files/9-93.normasz%C3%83%C2%B6veg.m%C3%83%C2%B3d.2007.febr.T%C3%83?RCA.doc HTTP/1.1" 200 - "-" "Mozilla/5.0 (compatible; MJ12bot/v1.4.8; http://mj12bot.com/)"
213.199.34.199 - - [20/Jan/2025:13:01:20 +0100] "GET /files/A%20T%C3%83%E2%80%93RV%C3%83%E2%80%B0NYJAVASLAT%20MELL%C3%83%E2%80%B0KLETEI.htm.txt HTTP/1.1" 200 - "-" "Mozilla/5.0 (compatible; MJ12bot/v1.4.8; http://mj12bot.com/)"
213.199.34.199 - - [20/Jan/2025:13:02:03 +0100] "GET /files/AZ%20%C3%83?S%20MELL%C3%83%E2%80%B0KLETEI.htm.txt HTTP/1.1" 200 - "-" "Mozilla/5.0 (compatible; MJ12bot/v1.4.8; http://mj12bot.com/)"
213.199.34.199 - - [20/Jan/2025:13:02:45 +0100] "GET /files/Alap-%C3%83%C2%A9s%20m%C3%85%C2%B1k%C3%83%C2%B6d%C3%83%C2%A9si%20nyilv%C3%83%C2%A1ntart%C3%83%C2%A1s-T%C3%83?RCA03.20..doc HTTP/1.1" 200 - "-" "Mozilla/5.0 (compatible; MJ12bot/v1.4.8; http://mj12bot.com/)"
213.199.34.199 - - [20/Jan/2025:13:03:28 +0100] "GET /files/FEJEZETI%20K%C3%83%E2%80%93TETEK.htm.txt HTTP/1.1" 200 - "-" "Mozilla/5.0 (compatible; MJ12bot/v1.4.8; http://mj12bot.com/)"
213.199.34.199 - - [20/Jan/2025:13:04:10 +0100] "GET /files/INDOKOL%C3%83?1.doc HTTP/1.1" 200 - "-" "Mozilla/5.0 (compatible; MJ12bot/v1.4.8; http://mj12bot.com/)"
213.199.34.199 - - [20/Jan/2025:13:04:53 +0100] "GET /files/INDOKOL%C3%83?S.doc HTTP/1.1" 200 - "-" "Mozilla/5.0 (compatible; MJ12bot/v1.4.8; http://mj12bot.com/)"
213.199.34.199 - - [20/Jan/2025:13:05:37 +0100] "GET /files/SzaboMate_hozz%C3%83%C2%A1f%C3%83%C2%A9r%C3%83%C2%A9s.pps HTTP/1.1" 200 - "-" "Mozilla/5.0 (compatible; MJ12bot/v1.4.8; http://mj12bot.com/)"
216.244.66.200 - - [20/Jan/2025:13:06:09 +0100] "GET /files/rend.pdf HTTP/1.1" 200 48038 "-" "Mozilla/5.0 (compatible; DotBot/1.2; +https://opensiteexplorer.org/dotbot; help@moz.com)"
213.199.34.199 - - [20/Jan/2025:13:06:21 +0100] "GET /files/VEZET%C3%85?I%20%C3%83%E2%80%93SSZEFOGLAL%C3%83%E2%80%9C.doc HTTP/1.1" 200 - "-" "Mozilla/5.0 (compatible; MJ12bot/v1.4.8; http://mj12bot.com/)"
216.244.66.200 - - [20/Jan/2025:13:06:38 +0100] "GET /files/NFGM__4790.pdf HTTP/1.1" 200 107071 "-" "Mozilla/5.0 (compatible; DotBot/1.2; +https://opensiteexplorer.org/dotbot; help@moz.com)"
216.244.66.200 - - [20/Jan/2025:13:07:09 +0100] "GET /files/Uhg_mod_kr_kozig.pdf HTTP/1.1" 200 197927 "-" "Mozilla/5.0 (compatible; DotBot/1.2; +https://opensiteexplorer.org/dotbot; help@moz.com)"
216.244.66.200 - - [20/Jan/2025:13:07:49 +0100] "GET /files/egyes_nemesfem.pdf HTTP/1.1" 200 239547 "-" "Mozilla/5.0 (compatible; DotBot/1.2; +https://opensiteexplorer.org/dotbot; help@moz.com)"
216.244.66.200 - - [20/Jan/2025:13:08:32 +0100] "GET /files/frekvencia.zip HTTP/1.1" 200 259739 "-" "Mozilla/5.0 (compatible; DotBot/1.2; +https://opensiteexplorer.org/dotbot; help@moz.com)"
216.244.66.200 - - [20/Jan/2025:13:09:04 +0100] "GET /files/kozig080703.pdf HTTP/1.1" 200 139933 "-" "Mozilla/5.0 (compatible; DotBot/1.2; +https://opensiteexplorer.org/dotbot; help@moz.com)"
213.199.34.199 - - [20/Jan/2025:13:09:20 +0100] "GET /files/%C3%83?NTSZ%20%20061214%20Kormr.doc HTTP/1.1" 200 - "-" "Mozilla/5.0 (compatible; MJ12bot/v1.4.8; http://mj12bot.com/)"
216.244.66.200 - - [20/Jan/2025:13:10:06 +0100] "GET /files/negyesmelleklet.doc HTTP/1.1" 200 - "-" "Mozilla/5.0 (compatible; DotBot/1.2; +https://opensiteexplorer.org/dotbot; help@moz.com)"
216.244.66.200 - - [20/Jan/2025:13:10:26 +0100] "GET /files/rend_kozigegyezt.doc HTTP/1.1" 200 69632 "-" "Mozilla/5.0 (compatible; DotBot/1.2; +https://opensiteexplorer.org/dotbot; help@moz.com)"
216.244.66.200 - - [20/Jan/2025:13:11:04 +0100] "GET /files/1212_el_terjesztesterv1109jav.doc HTTP/1.1" 200 1646080 "-" "Mozilla/5.0 (compatible; DotBot/1.2; +https://opensiteexplorer.org/dotbot; help@moz.com)"
216.244.66.200 - - [20/Jan/2025:13:11:35 +0100] "GET /files/16668_10megfelelesi.pdf HTTP/1.1" 200 116301 "-" "Mozilla/5.0 (compatible; DotBot/1.2; +https://opensiteexplorer.org/dotbot; help@moz.com)"
216.244.66.200 - - [20/Jan/2025:13:12:06 +0100] "GET /files/80_2004_rendmod_Indoklas_070814.pdf HTTP/1.1" 200 51565 "-" "Mozilla/5.0 (compatible; DotBot/1.2; +https://opensiteexplorer.org/dotbot; help@moz.com)"
216.244.66.200 - - [20/Jan/2025:13:12:35 +0100] "GET /files/ega_min_terv_080422.pdf HTTP/1.1" 200 142408 "-" "Mozilla/5.0 (compatible; DotBot/1.2; +https://opensiteexplorer.org/dotbot; help@moz.com)"
216.244.66.200 - - [20/Jan/2025:13:13:10 +0100] "GET /files/kerettanterv_terv_080710.zip HTTP/1.1" 200 2045352 "-" "Mozilla/5.0 (compatible; DotBot/1.2; +https://opensiteexplorer.org/dotbot; help@moz.com)"
216.244.66.200 - - [20/Jan/2025:13:13:46 +0100] "GET /files/munkaanyag-20070730.pdf HTTP/1.1" 200 984468 "-" "Mozilla/5.0 (compatible; DotBot/1.2; +https://opensiteexplorer.org/dotbot; help@moz.com)"
216.244.66.200 - - [20/Jan/2025:13:14:18 +0100] "GET /files/tamop_terv_090528.pdf HTTP/1.1" 200 290684 "-" "Mozilla/5.0 (compatible; DotBot/1.2; +https://opensiteexplorer.org/dotbot; help@moz.com)"
216.244.66.200 - - [20/Jan/2025:13:14:47 +0100] "GET /files/tervezet_20060427.pdf HTTP/1.1" 200 114982 "-" "Mozilla/5.0 (compatible; DotBot/1.2; +https://opensiteexplorer.org/dotbot; help@moz.com)"
216.244.66.200 - - [20/Jan/2025:13:15:15 +0100] "GET /files/72CE9F85AF386EE4C1257116005664BE.htm.txt HTTP/1.1" 200 16768 "-" "Mozilla/5.0 (compatible; DotBot/1.2; +https://opensiteexplorer.org/dotbot; help@moz.com)"
216.244.66.200 - - [20/Jan/2025:13:15:43 +0100] "GET /files/_ueg3fmujmg9i6ar3dd5fmgobkk9pq0pr9_.pdf HTTP/1.1" 200 124620 "-" "Mozilla/5.0 (compatible; DotBot/1.2; +https://opensiteexplorer.org/dotbot; help@moz.com)"
216.244.66.200 - - [20/Jan/2025:13:16:10 +0100] "GET /files/elelmiszerkonyv_rendelet_velemenyezesre.zip HTTP/1.1" 200 284433 "-" "Mozilla/5.0 (compatible; DotBot/1.2; +https://opensiteexplorer.org/dotbot; help@moz.com)"
216.244.66.200 - - [20/Jan/2025:13:16:36 +0100] "GET /files/im_rendelet_a_felszamoloi_dijrol_kat.pdf HTTP/1.1" 200 30552 "-" "Mozilla/5.0 (compatible; DotBot/1.2; +https://opensiteexplorer.org/dotbot; help@moz.com)"
216.244.66.200 - - [20/Jan/2025:13:17:02 +0100] "GET /files/szjt_szakmai_egyeztetes_20080404.doc HTTP/1.1" 200 516608 "-" "Mozilla/5.0 (compatible; DotBot/1.2; +https://opensiteexplorer.org/dotbot; help@moz.com)"
213.222.181.101 - - [20/Jan/2025:13:36:53 +0100] "GET /files/indoklas.pdf HTTP/1.1" 200 49300 "https://www.bing.com/" "Mozilla/5.0 (Windows NT 10.0; Win64; x64) AppleWebKit/537.36 (KHTML, like Gecko) Chrome/132.0.0.0 Safari/537.36 Edg/132.0.0.0"
213.222.181.101 - - [20/Jan/2025:13:36:53 +0100] "GET /favicon.ico HTTP/1.1" 404 57 "http://jogalkotas.hu/files/indoklas.pdf" "Mozilla/5.0 (Windows NT 10.0; Win64; x64) AppleWebKit/537.36 (KHTML, like Gecko) Chrome/132.0.0.0 Safari/537.36 Edg/132.0.0.0"
216.244.66.200 - - [20/Jan/2025:13:40:51 +0100] "GET /robots.txt HTTP/1.1" 200 1590 "-" "Mozilla/5.0 (compatible; DotBot/1.2; +https://opensiteexplorer.org/dotbot; help@moz.com)"
216.244.66.200 - - [20/Jan/2025:14:02:50 +0100] "GET /files/7_2001_fvm_mod.pdf HTTP/1.1" 200 164382 "-" "Mozilla/5.0 (compatible; DotBot/1.2; +https://opensiteexplorer.org/dotbot; help@moz.com)"
216.244.66.200 - - [20/Jan/2025:14:03:01 +0100] "GET /files/harmadikfugg.doc HTTP/1.1" 200 118272 "-" "Mozilla/5.0 (compatible; DotBot/1.2; +https://opensiteexplorer.org/dotbot; help@moz.com)"
216.244.66.200 - - [20/Jan/2025:14:03:13 +0100] "GET /files/vhkezb-mod-1.doc HTTP/1.1" 200 117760 "-" "Mozilla/5.0 (compatible; DotBot/1.2; +https://opensiteexplorer.org/dotbot; help@moz.com)"
216.244.66.200 - - [20/Jan/2025:14:04:41 +0100] "GET /files/KHEM_1407_16norma.doc HTTP/1.1" 200 67072 "-" "Mozilla/5.0 (compatible; DotBot/1.2; +https://opensiteexplorer.org/dotbot; help@moz.com)"
216.244.66.200 - - [20/Jan/2025:14:04:59 +0100] "GET /files/bnyt_eloterjesztes._03.02.doc HTTP/1.1" 200 994816 "-" "Mozilla/5.0 (compatible; DotBot/1.2; +https://opensiteexplorer.org/dotbot; help@moz.com)"
216.244.66.200 - - [20/Jan/2025:14:05:30 +0100] "GET /files/itkr_3_sz_melleklet_061031.pdf HTTP/1.1" 200 150951 "-" "Mozilla/5.0 (compatible; DotBot/1.2; +https://opensiteexplorer.org/dotbot; help@moz.com)"
216.244.66.200 - - [20/Jan/2025:14:06:12 +0100] "GET /files/kollegium_terv_090922.pdf HTTP/1.1" 200 191630 "-" "Mozilla/5.0 (compatible; DotBot/1.2; +https://opensiteexplorer.org/dotbot; help@moz.com)"
216.244.66.200 - - [20/Jan/2025:14:06:47 +0100] "GET /files/nevhasznalat_060404.pdf HTTP/1.1" 200 113708 "-" "Mozilla/5.0 (compatible; DotBot/1.2; +https://opensiteexplorer.org/dotbot; help@moz.com)"
195.184.176.39 - - [20/Jan/2025:15:04:52 +0100] "GET /files/2_sz_melleklet_061031.pdf HTTP/1.1" 200 56446 "https://www.google.com/" "Mozilla/5.0 (Windows NT 10.0; Win64; x64) AppleWebKit/537.36 (KHTML, like Gecko) Chrome/131.0.0.0 Safari/537.36"
195.184.176.39 - - [20/Jan/2025:15:04:52 +0100] "GET /favicon.ico HTTP/1.1" 404 57 "http://www.jogalkotas.hu/files/2_sz_melleklet_061031.pdf" "Mozilla/5.0 (Windows NT 10.0; Win64; x64) AppleWebKit/537.36 (KHTML, like Gecko) Chrome/131.0.0.0 Safari/537.36"
216.244.66.200 - - [20/Jan/2025:15:11:25 +0100] "GET /robots.txt HTTP/1.1" 200 1590 "-" "Mozilla/5.0 (compatible; DotBot/1.2; +https://opensiteexplorer.org/dotbot; help@moz.com)"
66.249.66.6 - - [20/Jan/2025:15:12:29 +0100] "GET /node/1158 HTTP/1.1" 200 - "-" "Mozilla/5.0 (Linux; Android 6.0.1; Nexus 5X Build/MMB29P) AppleWebKit/537.36 (KHTML, like Gecko) Chrome/132.0.6834.83 Mobile Safari/537.36 (compatible; Googlebot/2.1; +http://www.google.com/bot.html)"
66.249.66.85 - - [20/Jan/2025:15:13:30 +0100] "GET /files/KHEM_8735_(normasz__veg).doc HTTP/1.1" 200 136192 "-" "Mozilla/5.0 (Linux; Android 6.0.1; Nexus 5X Build/MMB29P) AppleWebKit/537.36 (KHTML, like Gecko) Chrome/132.0.6834.83 Mobile Safari/537.36 (compatible; Googlebot/2.1; +http://www.google.com/bot.html)"
216.244.66.200 - - [20/Jan/2025:15:22:36 +0100] "GET /files/NFGM_9384.pdf HTTP/1.1" 200 304020 "-" "Mozilla/5.0 (compatible; DotBot/1.2; +https://opensiteexplorer.org/dotbot; help@moz.com)"
66.249.66.87 - - [20/Jan/2025:15:23:01 +0100] "GET /files/igszakkam_mod_tervezet_080918_0.doc HTTP/1.1" 200 297984 "-" "Mozilla/5.0 (Linux; Android 6.0.1; Nexus 5X Build/MMB29P) AppleWebKit/537.36 (KHTML, like Gecko) Chrome/132.0.6834.83 Mobile Safari/537.36 (compatible; Googlebot/2.1; +http://www.google.com/bot.html)"
54.71.187.124 - - [20/Jan/2025:15:47:47 +0100] "GET / HTTP/1.1" 200 - "-" "Mozilla/5.0 (Windows NT 10.0; Win64; x64; rv:132.0) Gecko/20100101 Firefox/133.0"
192.227.254.37 - - [20/Jan/2025:15:48:03 +0100] "GET / HTTP/1.1" 200 - "-" "Mozilla/5.0 (Windows NT 10.0; Win64; x64) AppleWebKit/537.36 (KHTML, like Gecko) Chrome/131.0.6778.109 Safari/537.36"
185.152.39.74 - - [20/Jan/2025:15:48:18 +0100] "GET / HTTP/1.1" 200 - "-" "Mozilla/5.0 (Windows NT 10.0; Win64; x64) AppleWebKit/537.36 (KHTML, like Gecko) Chrome/131.0.6778.109 Safari/537.36"
168.205.75.156 - - [20/Jan/2025:15:48:35 +0100] "GET / HTTP/1.1" 200 - "-" "Mozilla/5.0 (Windows NT 10.0; Win64; x64; rv:132.0) Gecko/20100101 Firefox/133.0"
209.242.219.2 - - [20/Jan/2025:15:48:49 +0100] "GET / HTTP/1.1" 200 - "-" "Mozilla/5.0 (Windows NT 10.0; Win64; x64) AppleWebKit/537.36 (KHTML, like Gecko) Chrome/131.0.6778.109 Safari/537.36"
154.13.235.68 - - [20/Jan/2025:15:49:06 +0100] "GET / HTTP/1.1" 200 - "-" "Mozilla/5.0 (Windows NT 10.0; Win64; x64) AppleWebKit/537.36 (KHTML, like Gecko) Chrome/131.0.6778.109 Safari/537.36"
66.249.66.87 - - [20/Jan/2025:15:53:56 +0100] "GET /files/szemelyugyi_igazgatas.pdf HTTP/1.1" 304 - "-" "Mozilla/5.0 (Linux; Android 6.0.1; Nexus 5X Build/MMB29P) AppleWebKit/537.36 (KHTML, like Gecko) Chrome/132.0.6834.83 Mobile Safari/537.36 (compatible; Googlebot/2.1; +http://www.google.com/bot.html)"
216.244.66.200 - - [20/Jan/2025:15:56:45 +0100] "GET /robots.txt HTTP/1.1" 200 1590 "-" "Mozilla/5.0 (compatible; DotBot/1.2; +https://opensiteexplorer.org/dotbot; help@moz.com)"
216.244.66.200 - - [20/Jan/2025:15:56:45 +0100] "GET /robots.txt HTTP/1.1" 200 1590 "-" "Mozilla/5.0 (compatible; DotBot/1.2; +https://opensiteexplorer.org/dotbot; help@moz.com)"
216.244.66.200 - - [20/Jan/2025:16:10:09 +0100] "GET /files/1220_16_2004_mod_rend.doc HTTP/1.1" 200 50688 "-" "Mozilla/5.0 (compatible; DotBot/1.2; +https://opensiteexplorer.org/dotbot; help@moz.com)"
216.244.66.200 - - [20/Jan/2025:16:10:22 +0100] "GET /files/28_2009_OM-rend.pdf HTTP/1.1" 200 143910 "-" "Mozilla/5.0 (compatible; DotBot/1.2; +https://opensiteexplorer.org/dotbot; help@moz.com)"
216.244.66.200 - - [20/Jan/2025:16:10:35 +0100] "GET /files/44_2003_fvm_mod.pdf HTTP/1.1" 200 117643 "-" "Mozilla/5.0 (compatible; DotBot/1.2; +https://opensiteexplorer.org/dotbot; help@moz.com)"
216.244.66.200 - - [20/Jan/2025:16:11:20 +0100] "GET /files/Szakmai+indokl%C3%83%C2%A1s.doc HTTP/1.1" 200 - "-" "Mozilla/5.0 (compatible; DotBot/1.2; +https://opensiteexplorer.org/dotbot; help@moz.com)"
216.244.66.200 - - [20/Jan/2025:16:11:29 +0100] "GET /files/indokolas_devizarendelet.pdf HTTP/1.1" 200 83961 "-" "Mozilla/5.0 (compatible; DotBot/1.2; +https://opensiteexplorer.org/dotbot; help@moz.com)"
216.244.66.200 - - [20/Jan/2025:16:11:50 +0100] "GET /files/korrel-2006-34_jav.doc HTTP/1.1" 200 35840 "-" "Mozilla/5.0 (compatible; DotBot/1.2; +https://opensiteexplorer.org/dotbot; help@moz.com)"
216.244.66.200 - - [20/Jan/2025:16:12:12 +0100] "GET /files/vhr_modositas_060529.pdf HTTP/1.1" 200 416555 "-" "Mozilla/5.0 (compatible; DotBot/1.2; +https://opensiteexplorer.org/dotbot; help@moz.com)"
216.244.66.200 - - [20/Jan/2025:16:12:31 +0100] "GET /files/vhvegyes-rendelet.doc HTTP/1.1" 200 104448 "-" "Mozilla/5.0 (compatible; DotBot/1.2; +https://opensiteexplorer.org/dotbot; help@moz.com)"
5.63.243.178 - - [20/Jan/2025:16:30:00 +0100] "GET /files/aeui_biocid_termekekrol_2006_08_14.pdf HTTP/1.1" 200 180346 "-" "Mozilla/5.0 (Windows NT 10.0; Win64; x64) AppleWebKit/537.36 (KHTML, like Gecko) Chrome/132.0.0.0 Safari/537.36"
91.242.162.6 - - [20/Jan/2025:16:30:22 +0100] "GET /favicon.ico HTTP/1.1" 404 57 "http://www.jogalkotas.hu" "Mozilla/5.0 (Macintosh; Intel Mac OS X 10_15_7) AppleWebKit/537.36 (KHTML, like Gecko) Chrome/124.0.0.0 Safari/537.36"
91.242.162.10 - - [20/Jan/2025:16:30:27 +0100] "GET /favicon.ico HTTP/1.1" 404 57 "http://www.jogalkotas.hu" "Mozilla/5.0 (Windows NT 10.0; Win64; x64) AppleWebKit/537.36 (KHTML, like Gecko) Chrome/122.0.0.0 Safari/537.36 Edg/122.0.0.0"
91.242.162.11 - - [20/Jan/2025:16:30:48 +0100] "GET / HTTP/1.1" 200 - "-" "Mozilla/5.0 (X11; Linux x86_64) AppleWebKit/537.36 (KHTML, like Gecko) Chrome/105.0.0.0 Safari/537.36"
91.242.162.10 - - [20/Jan/2025:16:30:54 +0100] "GET / HTTP/1.1" 200 - "-" "Mozilla/5.0 (Macintosh; Intel Mac OS X 10_15_7) AppleWebKit/605.1.15 (KHTML, like Gecko) Version/16.6 Safari/605.1.15"
91.242.162.11 - - [20/Jan/2025:16:31:12 +0100] "GET /favicon.ico HTTP/1.1" 404 57 "http://www.jogalkotas.hu" "Mozilla/5.0 (Windows NT 10.0; Win64; x64) AppleWebKit/537.36 (KHTML, like Gecko) Chrome/120.0.0.0 Safari/537.36"
91.242.162.9 - - [20/Jan/2025:16:31:17 +0100] "GET /favicon.ico HTTP/1.1" 404 57 "http://www.jogalkotas.hu" "Mozilla/5.0 (Macintosh; Intel Mac OS X 10_15_7) AppleWebKit/605.1.15 (KHTML, like Gecko) Version/17.4.1 Safari/605.1.15"
91.242.162.12 - - [20/Jan/2025:16:31:38 +0100] "GET / HTTP/1.1" 200 - "-" "Mozilla/5.0 (Windows NT 10.0; Win64; x64) AppleWebKit/537.36 (KHTML, like Gecko) Chrome/124.0.0.0 Safari/537.36"
91.242.162.12 - - [20/Jan/2025:16:31:43 +0100] "GET / HTTP/1.1" 200 - "-" "Mozilla/5.0 (Windows NT 10.0; Win64; x64) AppleWebKit/537.36 (KHTML, like Gecko) Chrome/124.0.0.0 Safari/537.36"
66.249.66.87 - - [20/Jan/2025:16:33:49 +0100] "GET /files/fejezeti_eloiranyzatok_2006.pdf HTTP/1.1" 200 178668 "-" "Googlebot/2.1 (+http://www.google.com/bot.html)"
216.244.66.200 - - [20/Jan/2025:16:41:49 +0100] "GET /robots.txt HTTP/1.1" 200 1590 "-" "Mozilla/5.0 (compatible; DotBot/1.2; +https://opensiteexplorer.org/dotbot; help@moz.com)"
216.244.66.200 - - [20/Jan/2025:16:41:49 +0100] "GET /robots.txt HTTP/1.1" 200 1590 "-" "Mozilla/5.0 (compatible; DotBot/1.2; +https://opensiteexplorer.org/dotbot; help@moz.com)"
216.244.66.200 - - [20/Jan/2025:16:54:49 +0100] "GET /files/76_2004___viii__19___eszcsm_rendelet_m%C3%83%C2%B3dos%C3%83%C2%ADt%C3%83%C2%A1sa_10.doc HTTP/1.1" 200 - "-" "Mozilla/5.0 (compatible; DotBot/1.2; +https://opensiteexplorer.org/dotbot; help@moz.com)"
216.244.66.200 - - [20/Jan/2025:16:55:10 +0100] "GET /files/BacskiskunIMrendelet.pdf HTTP/1.1" 200 23691 "-" "Mozilla/5.0 (compatible; DotBot/1.2; +https://opensiteexplorer.org/dotbot; help@moz.com)"
216.244.66.200 - - [20/Jan/2025:16:55:32 +0100] "GET /files/eloterjesztes_20100302.pdf HTTP/1.1" 200 159138 "-" "Mozilla/5.0 (compatible; DotBot/1.2; +https://opensiteexplorer.org/dotbot; help@moz.com)"
216.244.66.200 - - [20/Jan/2025:16:56:06 +0100] "GET /files/miniszt_2006_marc.doc HTTP/1.1" 200 48128 "-" "Mozilla/5.0 (compatible; DotBot/1.2; +https://opensiteexplorer.org/dotbot; help@moz.com)"
216.244.66.200 - - [20/Jan/2025:16:56:37 +0100] "GET /files/sulyos_vasuti.pdf HTTP/1.1" 200 179442 "-" "Mozilla/5.0 (compatible; DotBot/1.2; +https://opensiteexplorer.org/dotbot; help@moz.com)"
216.244.66.200 - - [20/Jan/2025:16:57:08 +0100] "GET /files/tamop_rend_terv_091104.pdf HTTP/1.1" 200 239925 "-" "Mozilla/5.0 (compatible; DotBot/1.2; +https://opensiteexplorer.org/dotbot; help@moz.com)"
31.46.246.230 - - [20/Jan/2025:16:57:32 +0100] "GET /files/cervantes_egyezmeny_eloterjesztes.doc HTTP/1.1" 200 66048 "https://www.google.com/" "Mozilla/5.0 (Windows NT 10.0; Win64; x64) AppleWebKit/537.36 (KHTML, like Gecko) Chrome/131.0.0.0 Safari/537.36"
216.244.66.200 - - [20/Jan/2025:16:57:37 +0100] "GET /files/tankonyvpiac_terv_070321.pdf HTTP/1.1" 200 271612 "-" "Mozilla/5.0 (compatible; DotBot/1.2; +https://opensiteexplorer.org/dotbot; help@moz.com)"
216.244.66.200 - - [20/Jan/2025:16:58:04 +0100] "GET /files/2006_lxxxviii_mod_velemenyezesre.pdf HTTP/1.1" 200 237850 "-" "Mozilla/5.0 (compatible; DotBot/1.2; +https://opensiteexplorer.org/dotbot; help@moz.com)"
216.244.66.200 - - [20/Jan/2025:16:58:31 +0100] "GET /files/hm_rendelet_tervezet_kulszolgalat_jogallas.pdf HTTP/1.1" 200 168538 "-" "Mozilla/5.0 (compatible; DotBot/1.2; +https://opensiteexplorer.org/dotbot; help@moz.com)"
66.249.66.6 - - [20/Jan/2025:17:53:44 +0100] "GET /files/erettsegi_szakmai_terv_090220.pdf HTTP/1.1" 200 368189 "-" "Googlebot/2.1 (+http://www.google.com/bot.html)"
66.249.66.85 - - [20/Jan/2025:18:17:09 +0100] "GET /files/Nemzetkozi_szerzodesekkel_kapcsolatos_eljarasrol_szolo_2005.evi_L.torveny_modositasarol.pdf HTTP/1.1" 200 155881 "-" "Mozilla/5.0 (Linux; Android 6.0.1; Nexus 5X Build/MMB29P) AppleWebKit/537.36 (KHTML, like Gecko) Chrome/132.0.6834.83 Mobile Safari/537.36 (compatible; Googlebot/2.1; +http://www.google.com/bot.html)"
66.249.66.6 - - [20/Jan/2025:18:20:10 +0100] "GET /files/alap_es_mesterkepzesterv_060918.pdf HTTP/1.1" 304 - "-" "Mozilla/5.0 (Linux; Android 6.0.1; Nexus 5X Build/MMB29P) AppleWebKit/537.36 (KHTML, like Gecko) Chrome/132.0.6834.83 Mobile Safari/537.36 (compatible; Googlebot/2.1; +http://www.google.com/bot.html)"
20.191.45.212 - - [20/Jan/2025:18:20:49 +0100] "GET /favicon.ico HTTP/1.1" 404 57 "http://www.jogalkotas.hu/favicon.ico" "DuckDuckBot/1.1; (+http://duckduckgo.com/duckduckbot.html)"
20.191.45.212 - - [20/Jan/2025:18:21:10 +0100] "GET / HTTP/1.1" 200 - "http://www.jogalkotas.hu/" "DuckDuckBot/1.1; (+http://duckduckgo.com/duckduckbot.html)"
66.249.66.4 - - [20/Jan/2025:18:31:17 +0100] "GET /files/090825_jogszabterv_ugyint.pdf HTTP/1.1" 200 325862 "-" "Googlebot/2.1 (+http://www.google.com/bot.html)"
217.15.161.58 - - [20/Jan/2025:18:49:55 +0100] "GET /wp-login.php HTTP/1.1" 200 - "-" "Mozilla/5.0 (X11; Fedora; Linux x86_64; rv:94.0) Gecko/20100101 Firefox/95.0"
66.249.66.87 - - [20/Jan/2025:19:02:01 +0100] "GET /files/egyes_nemesfem.pdf HTTP/1.1" 304 - "-" "Mozilla/5.0 (Linux; Android 6.0.1; Nexus 5X Build/MMB29P) AppleWebKit/537.36 (KHTML, like Gecko) Chrome/132.0.6834.83 Mobile Safari/537.36 (compatible; Googlebot/2.1; +http://www.google.com/bot.html)"
114.119.159.109 - - [20/Jan/2025:19:07:27 +0100] "GET /robots.txt HTTP/1.1" 200 1590 "-" "Mozilla/5.0 (compatible;PetalBot;+https://webmaster.petalsearch.com/site/petalbot)"
157.55.39.60 - - [20/Jan/2025:19:58:03 +0100] "GET /node/419 HTTP/1.1" 200 - "-" "Mozilla/5.0 AppleWebKit/537.36 (KHTML, like Gecko; compatible; bingbot/2.0; +http://www.bing.com/bingbot.htm) Chrome/116.0.1938.76 Safari/537.36"
157.55.39.60 - - [20/Jan/2025:19:58:35 +0100] "GET /node/419 HTTP/1.1" 200 - "-" "Mozilla/5.0 AppleWebKit/537.36 (KHTML, like Gecko; compatible; bingbot/2.0; +http://www.bing.com/bingbot.htm) Chrome/116.0.1938.76 Safari/537.36"
92.249.197.120 - - [20/Jan/2025:20:06:24 +0100] "GET /files/tartas.pdf HTTP/1.1" 200 514811 "https://www.google.com/" "Mozilla/5.0 (Windows NT 10.0; Win64; x64; rv:134.0) Gecko/20100101 Firefox/134.0"
92.249.197.120 - - [20/Jan/2025:20:06:32 +0100] "GET /files/tartas.pdf HTTP/1.1" 200 514811 "https://www.google.com/" "Mozilla/5.0 (Windows NT 10.0; Win64; x64; rv:134.0) Gecko/20100101 Firefox/134.0"
151.0.85.46 - - [20/Jan/2025:20:15:42 +0100] "GET /files/hadkotelesek_hm_eum_rendelet_tervezet_melleklet.pdf HTTP/1.1" 200 713160 "https://www.google.com/" "Mozilla/5.0 (iPhone; CPU iPhone OS 18_1_1 like Mac OS X) AppleWebKit/605.1.15 (KHTML, like Gecko) Version/18.1.1 Mobile/15E148 Safari/604.1"
151.0.85.46 - - [20/Jan/2025:20:15:43 +0100] "GET /favicon.ico HTTP/1.1" 404 57 "http://jogalkotas.hu/files/hadkotelesek_hm_eum_rendelet_tervezet_melleklet.pdf" "Mozilla/5.0 (iPhone; CPU iPhone OS 18_1_1 like Mac OS X) AppleWebKit/605.1.15 (KHTML, like Gecko) Version/18.1.1 Mobile/15E148 Safari/604.1"
157.55.39.193 - - [20/Jan/2025:20:16:29 +0100] "GET /files/orszszi_terv_070530.pdf HTTP/1.1" 304 - "-" "Mozilla/5.0 AppleWebKit/537.36 (KHTML, like Gecko; compatible; bingbot/2.0; +http://www.bing.com/bingbot.htm) Chrome/116.0.1938.76 Safari/537.36"
66.249.66.5 - - [20/Jan/2025:20:29:18 +0100] "GET /robots.txt HTTP/1.1" 200 1590 "-" "Mozilla/5.0 (compatible; Googlebot/2.1; +http://www.google.com/bot.html)"
66.249.66.86 - - [20/Jan/2025:20:34:11 +0100] "GET /files/elemiszerkonyv122007.pdf HTTP/1.1" 200 152700 "-" "Mozilla/5.0 (Linux; Android 6.0.1; Nexus 5X Build/MMB29P) AppleWebKit/537.36 (KHTML, like Gecko) Chrome/132.0.6834.83 Mobile Safari/537.36 (compatible; GoogleOther)"
66.249.66.85 - - [20/Jan/2025:20:39:09 +0100] "GET /files/ptk_kotelmi_jog_0.pdf HTTP/1.1" 200 706298 "-" "Mozilla/5.0 (Linux; Android 6.0.1; Nexus 5X Build/MMB29P) AppleWebKit/537.36 (KHTML, like Gecko) Chrome/132.0.6834.83 Mobile Safari/537.36 (compatible; Googlebot/2.1; +http://www.google.com/bot.html)"
66.249.66.5 - - [20/Jan/2025:20:40:09 +0100] "GET /files/egyh_nemall_norm_terv_090807.pdf HTTP/1.1" 304 - "-" "Mozilla/5.0 (Linux; Android 6.0.1; Nexus 5X Build/MMB29P) AppleWebKit/537.36 (KHTML, like Gecko) Chrome/132.0.6834.83 Mobile Safari/537.36 (compatible; Googlebot/2.1; +http://www.google.com/bot.html)"
66.249.66.86 - - [20/Jan/2025:20:53:05 +0100] "GET /files/51995[1].pdf HTTP/1.1" 304 - "-" "Mozilla/5.0 (Linux; Android 6.0.1; Nexus 5X Build/MMB29P) AppleWebKit/537.36 (KHTML, like Gecko) Chrome/132.0.6834.83 Mobile Safari/537.36 (compatible; Googlebot/2.1; +http://www.google.com/bot.html)"
37.76.12.70 - - [20/Jan/2025:20:59:02 +0100] "GET /files/2_sz_melleklet_061031.pdf HTTP/1.1" 200 56446 "https://www.google.com/" "Mozilla/5.0 (Windows NT 10.0; Win64; x64) AppleWebKit/537.36 (KHTML, like Gecko) Chrome/121.0.0.0 Safari/537.36"
37.76.12.70 - - [20/Jan/2025:20:59:03 +0100] "GET /favicon.ico HTTP/1.1" 404 57 "http://www.jogalkotas.hu/files/2_sz_melleklet_061031.pdf" "Mozilla/5.0 (Windows NT 10.0; Win64; x64) AppleWebKit/537.36 (KHTML, like Gecko) Chrome/121.0.0.0 Safari/537.36"
66.249.66.87 - - [20/Jan/2025:21:14:07 +0100] "GET /files/MinTerv-1-Ell-1_mell-2007-02-20.doc HTTP/1.1" 304 - "-" "Mozilla/5.0 (Linux; Android 6.0.1; Nexus 5X Build/MMB29P) AppleWebKit/537.36 (KHTML, like Gecko) Chrome/132.0.6834.83 Mobile Safari/537.36 (compatible; Googlebot/2.1; +http://www.google.com/bot.html)"
66.249.66.86 - - [20/Jan/2025:21:23:51 +0100] "GET /files/telepules_dok.pdf HTTP/1.1" 200 390907 "-" "Mozilla/5.0 (Linux; Android 6.0.1; Nexus 5X Build/MMB29P) AppleWebKit/537.36 (KHTML, like Gecko) Chrome/132.0.6834.83 Mobile Safari/537.36 (compatible; GoogleOther)"
66.249.66.87 - - [20/Jan/2025:21:35:08 +0100] "GET /files/93_2_tv_mod_kormeloterj.pdf HTTP/1.1" 200 179567 "-" "Mozilla/5.0 (Linux; Android 6.0.1; Nexus 5X Build/MMB29P) AppleWebKit/537.36 (KHTML, like Gecko) Chrome/132.0.6834.83 Mobile Safari/537.36 (compatible; Googlebot/2.1; +http://www.google.com/bot.html)"
66.249.66.85 - - [20/Jan/2025:21:41:28 +0100] "GET / HTTP/1.1" 200 - "-" "Mozilla/5.0 (compatible; Googlebot/2.1; +http://www.google.com/bot.html)"
66.249.66.87 - - [20/Jan/2025:21:42:00 +0100] "GET / HTTP/1.1" 200 - "-" "Mozilla/5.0 (Linux; Android 6.0.1; Nexus 5X Build/MMB29P) AppleWebKit/537.36 (KHTML, like Gecko) Chrome/99.0.4844.84 Mobile Safari/537.36 (compatible; Googlebot/2.1; +http://www.google.com/bot.html)"
66.249.66.86 - - [20/Jan/2025:21:42:32 +0100] "GET / HTTP/1.1" 200 - "-" "Mozilla/5.0 (compatible; Googlebot/2.1; +http://www.google.com/bot.html)"
66.249.66.85 - - [20/Jan/2025:21:43:04 +0100] "GET / HTTP/1.1" 200 - "-" "Mozilla/5.0 (Linux; Android 6.0.1; Nexus 5X Build/MMB29P) AppleWebKit/537.36 (KHTML, like Gecko) Chrome/132.0.6834.83 Mobile Safari/537.36 (compatible; Googlebot/2.1; +http://www.google.com/bot.html)"
66.249.66.87 - - [20/Jan/2025:21:49:09 +0100] "GET /files/hm_rendelet_tervezet_allomany_melleklet.pdf HTTP/1.1" 304 - "-" "Mozilla/5.0 (Linux; Android 6.0.1; Nexus 5X Build/MMB29P) AppleWebKit/537.36 (KHTML, like Gecko) Chrome/132.0.6834.83 Mobile Safari/537.36 (compatible; Googlebot/2.1; +http://www.google.com/bot.html)"
216.244.66.200 - - [20/Jan/2025:22:00:44 +0100] "GET /robots.txt HTTP/1.1" 200 1590 "-" "Mozilla/5.0 (compatible; DotBot/1.2; +https://opensiteexplorer.org/dotbot; help@moz.com)"
216.244.66.200 - - [20/Jan/2025:22:13:05 +0100] "GET /files/11_23_070302.pdf HTTP/1.1" 200 136743 "-" "Mozilla/5.0 (compatible; DotBot/1.2; +https://opensiteexplorer.org/dotbot; help@moz.com)"
66.249.66.86 - - [20/Jan/2025:22:13:30 +0100] "GET /files/gyermekszegenyseg_tervezet_5_melleklet_070125.pdf HTTP/1.1" 200 348864 "-" "Mozilla/5.0 (Linux; Android 6.0.1; Nexus 5X Build/MMB29P) AppleWebKit/537.36 (KHTML, like Gecko) Chrome/132.0.6834.83 Mobile Safari/537.36 (compatible; GoogleOther)"
216.244.66.200 - - [20/Jan/2025:22:13:40 +0100] "GET /files/13687_3.pdf HTTP/1.1" 200 193032 "-" "Mozilla/5.0 (compatible; DotBot/1.2; +https://opensiteexplorer.org/dotbot; help@moz.com)"
216.244.66.200 - - [20/Jan/2025:22:14:13 +0100] "GET /files/2394_joghjav.doc HTTP/1.1" 200 80896 "-" "Mozilla/5.0 (compatible; DotBot/1.2; +https://opensiteexplorer.org/dotbot; help@moz.com)"
216.244.66.200 - - [20/Jan/2025:22:14:43 +0100] "GET /files/TK51_2.pdf HTTP/1.1" 200 130836 "-" "Mozilla/5.0 (compatible; DotBot/1.2; +https://opensiteexplorer.org/dotbot; help@moz.com)"
216.244.66.200 - - [20/Jan/2025:22:15:12 +0100] "GET /files/magyarosztrak1.doc HTTP/1.1" 200 64000 "-" "Mozilla/5.0 (compatible; DotBot/1.2; +https://opensiteexplorer.org/dotbot; help@moz.com)"
216.244.66.200 - - [20/Jan/2025:22:15:44 +0100] "GET /files/egyes_szoc_rend_terv_081124.pdf HTTP/1.1" 200 759635 "-" "Mozilla/5.0 (compatible; DotBot/1.2; +https://opensiteexplorer.org/dotbot; help@moz.com)"
216.244.66.200 - - [20/Jan/2025:22:16:11 +0100] "GET /files/htsz_nyil_terv_071218.pdf HTTP/1.1" 200 192454 "-" "Mozilla/5.0 (compatible; DotBot/1.2; +https://opensiteexplorer.org/dotbot; help@moz.com)"
66.249.66.5 - - [20/Jan/2025:22:16:34 +0100] "GET /files/letezo_tam_terv_070521.pdf HTTP/1.1" 200 238544 "-" "Googlebot/2.1 (+http://www.google.com/bot.html)"
216.244.66.200 - - [20/Jan/2025:22:16:38 +0100] "GET /files/kozmegrend_terv_080326.pdf HTTP/1.1" 200 334527 "-" "Mozilla/5.0 (compatible; DotBot/1.2; +https://opensiteexplorer.org/dotbot; help@moz.com)"
216.244.66.200 - - [20/Jan/2025:22:17:03 +0100] "GET /files/tervezet_kozig_matra.pdf HTTP/1.1" 200 282251 "-" "Mozilla/5.0 (compatible; DotBot/1.2; +https://opensiteexplorer.org/dotbot; help@moz.com)"
66.249.66.87 - - [20/Jan/2025:22:44:07 +0100] "GET /files/R714.pdf HTTP/1.1" 304 - "-" "Mozilla/5.0 (Linux; Android 6.0.1; Nexus 5X Build/MMB29P) AppleWebKit/537.36 (KHTML, like Gecko) Chrome/132.0.6834.83 Mobile Safari/537.36 (compatible; Googlebot/2.1; +http://www.google.com/bot.html)"
66.249.66.86 - - [20/Jan/2025:23:03:10 +0100] "GET /files/22-1996-mod-kozigre.pdf HTTP/1.1" 200 966507 "-" "Mozilla/5.0 (Linux; Android 6.0.1; Nexus 5X Build/MMB29P) AppleWebKit/537.36 (KHTML, like Gecko) Chrome/132.0.6834.83 Mobile Safari/537.36 (compatible; GoogleOther)"
20.191.45.212 - - [20/Jan/2025:23:10:09 +0100] "GET /favicon.ico HTTP/1.1" 404 57 "http://www.jogalkotas.hu/favicon.ico" "DuckDuckBot/1.1; (+http://duckduckgo.com/duckduckbot.html)"
20.191.45.212 - - [20/Jan/2025:23:10:31 +0100] "GET / HTTP/1.1" 200 - "http://www.jogalkotas.hu/" "DuckDuckBot/1.1; (+http://duckduckgo.com/duckduckbot.html)"
66.249.66.86 - - [20/Jan/2025:23:10:31 +0100] "GET /files/NFGM9761.pdf HTTP/1.1" 200 204582 "-" "Mozilla/5.0 (Linux; Android 6.0.1; Nexus 5X Build/MMB29P) AppleWebKit/537.36 (KHTML, like Gecko) Chrome/132.0.6834.83 Mobile Safari/537.36 (compatible; GoogleOther)"
66.249.66.86 - - [20/Jan/2025:23:18:43 +0100] "GET /files/NFGM9761.pdf HTTP/1.1" 200 204582 "-" "Mozilla/5.0 (Linux; Android 6.0.1; Nexus 5X Build/MMB29P) AppleWebKit/537.36 (KHTML, like Gecko) Chrome/132.0.6834.83 Mobile Safari/537.36 (compatible; Googlebot/2.1; +http://www.google.com/bot.html)"
91.33.174.236 - - [20/Jan/2025:23:25:32 +0100] "GET /files/szakertoidijazas.doc HTTP/1.1" 200 59392 "-" "Mozilla/5.0 (Windows NT 10.0; Win64; x64) AppleWebKit/537.36 (KHTML, like Gecko) Chrome/60.0.3112.113 Safari/537.36"
216.244.66.200 - - [20/Jan/2025:23:31:46 +0100] "GET /robots.txt HTTP/1.1" 200 1590 "-" "Mozilla/5.0 (compatible; DotBot/1.2; +https://opensiteexplorer.org/dotbot; help@moz.com)"
91.200.32.25 - - [20/Jan/2025:23:41:17 +0100] "HEAD /backup.zip HTTP/1.1" 200 - "-" "-"
216.244.66.200 - - [20/Jan/2025:23:42:35 +0100] "GET /files/NFGM_2387.pdf HTTP/1.1" 200 150965 "-" "Mozilla/5.0 (compatible; DotBot/1.2; +https://opensiteexplorer.org/dotbot; help@moz.com)"
216.244.66.200 - - [20/Jan/2025:23:43:18 +0100] "GET /files/NFGM_9384.pdf HTTP/1.1" 200 304020 "-" "Mozilla/5.0 (compatible; DotBot/1.2; +https://opensiteexplorer.org/dotbot; help@moz.com)"
216.244.66.200 - - [20/Jan/2025:23:44:04 +0100] "GET /files/kat_tvjav.pdf HTTP/1.1" 200 553914 "-" "Mozilla/5.0 (compatible; DotBot/1.2; +https://opensiteexplorer.org/dotbot; help@moz.com)"
216.244.66.200 - - [20/Jan/2025:23:44:37 +0100] "GET /files/kkb_061120.pdf HTTP/1.1" 200 268078 "-" "Mozilla/5.0 (compatible; DotBot/1.2; +https://opensiteexplorer.org/dotbot; help@moz.com)"
216.244.66.200 - - [20/Jan/2025:23:45:08 +0100] "GET /files/60per2003_min_rend_mod2.doc HTTP/1.1" 200 46592 "-" "Mozilla/5.0 (compatible; DotBot/1.2; +https://opensiteexplorer.org/dotbot; help@moz.com)"
216.244.66.200 - - [20/Jan/2025:23:45:39 +0100] "GET /files/felsoo_diakig_terv_080807.pdf HTTP/1.1" 200 273426 "-" "Mozilla/5.0 (compatible; DotBot/1.2; +https://opensiteexplorer.org/dotbot; help@moz.com)"
216.244.66.200 - - [20/Jan/2025:23:46:08 +0100] "GET /files/leveltari_rend_terv_081216.pdf HTTP/1.1" 200 185441 "-" "Mozilla/5.0 (compatible; DotBot/1.2; +https://opensiteexplorer.org/dotbot; help@moz.com)"
216.244.66.200 - - [20/Jan/2025:23:46:48 +0100] "GET /files/muemlek_terv_080130.pdf HTTP/1.1" 200 2860664 "-" "Mozilla/5.0 (compatible; DotBot/1.2; +https://opensiteexplorer.org/dotbot; help@moz.com)"
216.244.66.200 - - [20/Jan/2025:23:47:19 +0100] "GET /files/szakertoirendelettervezet1.doc HTTP/1.1" 200 313344 "-" "Mozilla/5.0 (compatible; DotBot/1.2; +https://opensiteexplorer.org/dotbot; help@moz.com)"
216.244.66.200 - - [20/Jan/2025:23:47:51 +0100] "GET /files/utazasi_uj_korm_rend__0805.pdf HTTP/1.1" 200 237669 "-" "Mozilla/5.0 (compatible; DotBot/1.2; +https://opensiteexplorer.org/dotbot; help@moz.com)"
66.249.66.87 - - [20/Jan/2025:23:49:22 +0100] "GET /files/tk19.pdf HTTP/1.1" 200 194017 "-" "Mozilla/5.0 (Linux; Android 6.0.1; Nexus 5X Build/MMB29P) AppleWebKit/537.36 (KHTML, like Gecko) Chrome/132.0.6834.83 Mobile Safari/537.36 (compatible; GoogleOther)"
216.244.66.200 - - [21/Jan/2025:00:17:17 +0100] "GET /robots.txt HTTP/1.1" 200 1590 "-" "Mozilla/5.0 (compatible; DotBot/1.2; +https://opensiteexplorer.org/dotbot; help@moz.com)"
216.244.66.200 - - [21/Jan/2025:00:17:17 +0100] "GET /robots.txt HTTP/1.1" 200 1590 "-" "Mozilla/5.0 (compatible; DotBot/1.2; +https://opensiteexplorer.org/dotbot; help@moz.com)"
66.249.66.4 - - [21/Jan/2025:00:26:57 +0100] "GET / HTTP/1.1" 200 - "-" "Mozilla/5.0 (Linux; Android 6.0.1; Nexus 5X Build/MMB29P) AppleWebKit/537.36 (KHTML, like Gecko) Chrome/99.0.4844.84 Mobile Safari/537.36 (compatible; Googlebot/2.1; +http://www.google.com/bot.html)"
66.249.66.4 - - [21/Jan/2025:00:27:29 +0100] "GET / HTTP/1.1" 200 - "-" "Mozilla/5.0 (compatible; Googlebot/2.1; +http://www.google.com/bot.html)"
66.249.66.4 - - [21/Jan/2025:00:28:01 +0100] "GET / HTTP/1.1" 200 - "-" "Mozilla/5.0 (Linux; Android 6.0.1; Nexus 5X Build/MMB29P) AppleWebKit/537.36 (KHTML, like Gecko) Chrome/132.0.6834.83 Mobile Safari/537.36 (compatible; Googlebot/2.1; +http://www.google.com/bot.html)"
66.249.66.5 - - [21/Jan/2025:00:28:33 +0100] "GET / HTTP/1.1" 200 - "-" "Mozilla/5.0 (compatible; Googlebot/2.1; +http://www.google.com/bot.html)"
216.244.66.200 - - [21/Jan/2025:00:29:29 +0100] "GET /193.138.127.88/tb110052.html HTTP/1.1" 200 - "-" "Mozilla/5.0 (compatible; DotBot/1.2; +https://opensiteexplorer.org/dotbot; help@moz.com)"
216.244.66.200 - - [21/Jan/2025:00:34:24 +0100] "GET /files/1-2003.doc HTTP/1.1" 200 35328 "-" "Mozilla/5.0 (compatible; DotBot/1.2; +https://opensiteexplorer.org/dotbot; help@moz.com)"
