91.82.224.90 - - [08/Jan/2025:13:53:45 +0100] "GET /favicon.ico HTTP/1.1" 404 57 "http://jogalkotas.hu/files/kozig-egyezt-eloterj.pdf" "Mozilla/5.0 (Windows NT 10.0; Win64; x64) AppleWebKit/537.36 (KHTML, like Gecko) Chrome/131.0.0.0 Safari/537.36"
91.82.224.90 - - [08/Jan/2025:13:53:45 +0100] "GET /files/kozig-egyezt-eloterj.pdf HTTP/1.1" 200 3811976 "https://www.google.hu/" "Mozilla/5.0 (Windows NT 10.0; Win64; x64) AppleWebKit/537.36 (KHTML, like Gecko) Chrome/131.0.0.0 Safari/537.36"
94.248.240.229 - - [08/Jan/2025:13:53:50 +0100] "GET /files/kozig-egyezt-eloterj.pdf HTTP/1.1" 200 3811976 "https://www.google.com/" "Mozilla/5.0 (Windows NT 6.1; Win64; x64) AppleWebKit/537.36 (KHTML, like Gecko) Chrome/109.0.0.0 Safari/537.36"
95.108.213.198 - - [08/Jan/2025:14:18:25 +0100] "GET /robots.txt HTTP/1.1" 200 1590 "-" "Mozilla/5.0 (compatible; YandexBot/3.0; +http://yandex.com/bots)"
213.180.203.14 - - [08/Jan/2025:14:18:58 +0100] "GET /files/ptk.dolo- HTTP/1.1" 200 - "-" "Mozilla/5.0 (compatible; YandexBot/3.0; +http://yandex.com/bots)"
199.244.88.219 - - [08/Jan/2025:14:26:12 +0100] "GET / HTTP/1.1" 200 - "-" "Mozilla/5.0 (X11; Linux x86_64) AppleWebKit/537.36 (KHTML, like Gecko) Chrome/105.0.0.0 Safari/537.36"
81.182.74.192 - - [08/Jan/2025:14:35:26 +0100] "GET /files/hadkotelesek_hm_eum_rendelet_tervezet_melleklet.pdf HTTP/1.1" 200 713160 "https://www.google.hu/" "Mozilla/5.0 (Windows NT 10.0; Win64; x64) AppleWebKit/537.36 (KHTML, like Gecko) Chrome/131.0.0.0 Safari/537.36 Edg/131.0.0.0"
81.182.74.192 - - [08/Jan/2025:14:35:27 +0100] "GET /favicon.ico HTTP/1.1" 404 57 "http://jogalkotas.hu/files/hadkotelesek_hm_eum_rendelet_tervezet_melleklet.pdf" "Mozilla/5.0 (Windows NT 10.0; Win64; x64) AppleWebKit/537.36 (KHTML, like Gecko) Chrome/131.0.0.0 Safari/537.36 Edg/131.0.0.0"
95.163.255.166 - - [08/Jan/2025:15:03:37 +0100] "GET /robots.txt HTTP/1.0" 200 1590 "-" "Mozilla/5.0 (compatible; Linux x86_64; Mail.RU_Bot/2.0; +https://help.mail.ru/webmaster/indexing/robots)"
95.163.255.168 - - [08/Jan/2025:15:04:21 +0100] "GET /files/meghagyas_kormrend_tervezet.doc HTTP/1.1" 200 126976 "-" "Mozilla/5.0 (compatible; Linux x86_64; Mail.RU_Bot/2.0; +https://help.mail.ru/webmaster/indexing/robots)"
92.116.53.121 - - [08/Jan/2025:15:17:10 +0100] "GET /files/cegbejegyzesi_eljaras_21_per_2006__02_12_fin.doc HTTP/1.1" 200 54272 "-" "Mozilla/5.0 (Windows NT 10.0; WOW64; Trident/7.0; rv:11.0) like Gecko"
84.206.26.130 - - [08/Jan/2025:15:30:05 +0100] "GET /files/ptk_kotelmi_jog.pdf HTTP/1.1" 200 706298 "https://www.google.com/" "Mozilla/5.0 (Windows NT 10.0; Win64; x64; rv:134.0) Gecko/20100101 Firefox/134.0"
84.206.26.130 - - [08/Jan/2025:15:30:05 +0100] "GET /files/ptk_kotelmi_jog.pdf HTTP/1.1" 206 50938 "https://www.google.com/" "Mozilla/5.0 (Windows NT 10.0; Win64; x64; rv:134.0) Gecko/20100101 Firefox/134.0"
66.249.66.87 - - [08/Jan/2025:15:43:51 +0100] "GET /files/43per2005_eum_rendelet__mod.doc HTTP/1.1" 304 - "-" "Mozilla/5.0 (Linux; Android 6.0.1; Nexus 5X Build/MMB29P) AppleWebKit/537.36 (KHTML, like Gecko) Chrome/131.0.6778.204 Mobile Safari/537.36 (compatible; Googlebot/2.1; +http://www.google.com/bot.html)"
114.119.137.31 - - [08/Jan/2025:16:17:57 +0100] "GET /robots.txt HTTP/1.1" 200 1590 "-" "Mozilla/5.0 (compatible;PetalBot;+https://webmaster.petalsearch.com/site/petalbot)"
66.249.66.5 - - [08/Jan/2025:16:31:10 +0100] "GET /robots.txt HTTP/1.1" 200 1590 "-" "Mozilla/5.0 (compatible; Googlebot/2.1; +http://www.google.com/bot.html)"
66.249.66.4 - - [08/Jan/2025:16:31:10 +0100] "GET /files/1998_94_mod_terv_090807.pdf HTTP/1.1" 304 - "-" "Mozilla/5.0 (Linux; Android 6.0.1; Nexus 5X Build/MMB29P) AppleWebKit/537.36 (KHTML, like Gecko) Chrome/131.0.6778.204 Mobile Safari/537.36 (compatible; Googlebot/2.1; +http://www.google.com/bot.html)"
95.163.255.195 - - [08/Jan/2025:16:40:11 +0100] "GET /robots.txt HTTP/1.0" 200 1590 "-" "Mozilla/5.0 (compatible; Linux x86_64; Mail.RU_Bot/2.0; +https://help.mail.ru/webmaster/indexing/robots)"
95.163.255.153 - - [08/Jan/2025:16:40:17 +0100] "GET /files/nem-konvencionalis_korm_rend_090202.doc HTTP/1.1" 200 873472 "-" "Mozilla/5.0 (compatible; Linux x86_64; Mail.RU_Bot/2.0; +https://help.mail.ru/webmaster/indexing/robots)"
66.249.66.87 - - [08/Jan/2025:16:56:56 +0100] "GET /files/NFGM_8810.pdf HTTP/1.1" 200 1128259 "-" "Mozilla/5.0 (Linux; Android 6.0.1; Nexus 5X Build/MMB29P) AppleWebKit/537.36 (KHTML, like Gecko) Chrome/131.0.6778.204 Mobile Safari/537.36 (compatible; Googlebot/2.1; +http://www.google.com/bot.html)"
216.244.66.200 - - [08/Jan/2025:17:17:30 +0100] "GET /robots.txt HTTP/1.1" 200 1590 "-" "Mozilla/5.0 (compatible; DotBot/1.2; +https://opensiteexplorer.org/dotbot; help@moz.com)"
216.244.66.200 - - [08/Jan/2025:17:38:17 +0100] "GET /node/253 HTTP/1.1" 200 - "-" "Mozilla/5.0 (compatible; DotBot/1.2; +https://opensiteexplorer.org/dotbot; help@moz.com)"
216.244.66.200 - - [08/Jan/2025:17:43:35 +0100] "GET /195.228.157.155/szervezetek/szervezetek HTTP/1.1" 200 - "-" "Mozilla/5.0 (compatible; DotBot/1.2; +https://opensiteexplorer.org/dotbot; help@moz.com)"
20.191.45.212 - - [08/Jan/2025:17:49:27 +0100] "GET /favicon.ico HTTP/1.1" 404 57 "http://www.jogalkotas.hu/favicon.ico" "DuckDuckBot/1.1; (+http://duckduckgo.com/duckduckbot.html)"
20.191.45.212 - - [08/Jan/2025:17:49:50 +0100] "GET / HTTP/1.1" 200 - "http://www.jogalkotas.hu/" "DuckDuckBot/1.1; (+http://duckduckgo.com/duckduckbot.html)"
216.244.66.200 - - [08/Jan/2025:18:05:35 +0100] "GET /robots.txt HTTP/1.1" 200 1590 "-" "Mozilla/5.0 (compatible; DotBot/1.2; +https://opensiteexplorer.org/dotbot; help@moz.com)"
66.249.66.87 - - [08/Jan/2025:18:11:57 +0100] "GET /files/tk19.pdf HTTP/1.1" 304 - "-" "Mozilla/5.0 (Linux; Android 6.0.1; Nexus 5X Build/MMB29P) AppleWebKit/537.36 (KHTML, like Gecko) Chrome/131.0.6778.204 Mobile Safari/537.36 (compatible; Googlebot/2.1; +http://www.google.com/bot.html)"
66.249.66.86 - - [08/Jan/2025:18:12:01 +0100] "GET /files/ptk_kotelmi_jog.pdf HTTP/1.1" 200 706298 "-" "Mozilla/5.0 AppleWebKit/537.36 (KHTML, like Gecko; compatible; GoogleOther) Chrome/131.0.6778.204 Safari/537.36"
54.36.148.114 - - [08/Jan/2025:18:23:38 +0100] "GET / HTTP/1.1" 200 - "-" "Mozilla/5.0 (compatible; AhrefsBot/7.0; +http://ahrefs.com/robot/)"
216.244.66.200 - - [08/Jan/2025:18:26:32 +0100] "GET /node/119 HTTP/1.1" 200 - "-" "Mozilla/5.0 (compatible; DotBot/1.2; +https://opensiteexplorer.org/dotbot; help@moz.com)"
216.244.66.200 - - [08/Jan/2025:18:27:06 +0100] "GET /node/2495 HTTP/1.1" 200 - "-" "Mozilla/5.0 (compatible; DotBot/1.2; +https://opensiteexplorer.org/dotbot; help@moz.com)"
95.163.255.174 - - [08/Jan/2025:18:29:39 +0100] "GET /robots.txt HTTP/1.0" 200 1590 "-" "Mozilla/5.0 (compatible; Linux x86_64; Mail.RU_Bot/2.0; +https://help.mail.ru/webmaster/indexing/robots)"
95.163.255.182 - - [08/Jan/2025:18:29:46 +0100] "GET /files/epiteskivitelezes.pdf HTTP/1.1" 200 715535 "-" "Mozilla/5.0 (compatible; Linux x86_64; Mail.RU_Bot/2.0; +https://help.mail.ru/webmaster/indexing/robots)"
95.163.255.176 - - [08/Jan/2025:18:34:58 +0100] "GET /files/szemelyugyi_igazgatas.pdf HTTP/1.1" 200 379679 "-" "Mozilla/5.0 (compatible; Linux x86_64; Mail.RU_Bot/2.0; +https://help.mail.ru/webmaster/indexing/robots)"
66.249.66.6 - - [08/Jan/2025:18:45:15 +0100] "GET /drupal/files/elso_konyv_-_bevezeto_rendelkezesek.pdf HTTP/1.1" 200 - "-" "Googlebot/2.1 (+http://www.google.com/bot.html)"
216.244.66.200 - - [08/Jan/2025:18:54:44 +0100] "GET /robots.txt HTTP/1.1" 200 1590 "-" "Mozilla/5.0 (compatible; DotBot/1.2; +https://opensiteexplorer.org/dotbot; help@moz.com)"
91.236.168.249 - - [08/Jan/2025:19:04:19 +0100] "GET /wp-login.php HTTP/1.1" 200 - "-" "Mozilla/5.0 (X11; Fedora; Linux x86_64; rv:94.0) Gecko/20100101 Firefox/95.0"
31.46.255.25 - - [08/Jan/2025:19:10:05 +0100] "GET /favicon.ico HTTP/1.1" 404 57 "http://jogalkotas.hu/files/kozig-egyezt-eloterj.pdf" "Mozilla/5.0 (Windows NT 10.0; Win64; x64) AppleWebKit/537.36 (KHTML, like Gecko) Chrome/109.0.0.0 Safari/537.36"
31.46.255.25 - - [08/Jan/2025:19:10:06 +0100] "GET /files/kozig-egyezt-eloterj.pdf HTTP/1.1" 200 3811976 "https://www.google.hu/" "Mozilla/5.0 (Windows NT 10.0; Win64; x64) AppleWebKit/537.36 (KHTML, like Gecko) Chrome/109.0.0.0 Safari/537.36"
216.244.66.200 - - [08/Jan/2025:19:14:28 +0100] "GET /node/128 HTTP/1.1" 200 - "-" "Mozilla/5.0 (compatible; DotBot/1.2; +https://opensiteexplorer.org/dotbot; help@moz.com)"
216.244.66.200 - - [08/Jan/2025:19:16:06 +0100] "GET /node/2410 HTTP/1.1" 200 - "-" "Mozilla/5.0 (compatible; DotBot/1.2; +https://opensiteexplorer.org/dotbot; help@moz.com)"
66.249.66.87 - - [08/Jan/2025:19:36:23 +0100] "GET / HTTP/1.1" 200 - "-" "Mozilla/5.0 (Linux; Android 6.0.1; Nexus 5X Build/MMB29P) AppleWebKit/537.36 (KHTML, like Gecko) Chrome/99.0.4844.84 Mobile Safari/537.36 (compatible; Googlebot/2.1; +http://www.google.com/bot.html)"
66.249.66.85 - - [08/Jan/2025:19:36:55 +0100] "GET / HTTP/1.1" 200 - "-" "Mozilla/5.0 (compatible; Googlebot/2.1; +http://www.google.com/bot.html)"
66.249.66.85 - - [08/Jan/2025:19:37:27 +0100] "GET / HTTP/1.1" 200 - "-" "Mozilla/5.0 (Linux; Android 6.0.1; Nexus 5X Build/MMB29P) AppleWebKit/537.36 (KHTML, like Gecko) Chrome/131.0.6778.204 Mobile Safari/537.36 (compatible; Googlebot/2.1; +http://www.google.com/bot.html)"
66.249.66.86 - - [08/Jan/2025:19:37:59 +0100] "GET / HTTP/1.1" 200 - "-" "Mozilla/5.0 (compatible; Googlebot/2.1; +http://www.google.com/bot.html)"
216.244.66.200 - - [08/Jan/2025:19:53:00 +0100] "GET /robots.txt HTTP/1.1" 200 1590 "-" "Mozilla/5.0 (compatible; DotBot/1.2; +https://opensiteexplorer.org/dotbot; help@moz.com)"
66.249.66.85 - - [08/Jan/2025:20:04:02 +0100] "GET /files/martinsalak.pdf HTTP/1.1" 304 - "-" "Mozilla/5.0 (Linux; Android 6.0.1; Nexus 5X Build/MMB29P) AppleWebKit/537.36 (KHTML, like Gecko) Chrome/131.0.6778.204 Mobile Safari/537.36 (compatible; Googlebot/2.1; +http://www.google.com/bot.html)"
216.244.66.200 - - [08/Jan/2025:20:08:32 +0100] "GET /node/2382 HTTP/1.1" 200 - "-" "Mozilla/5.0 (compatible; DotBot/1.2; +https://opensiteexplorer.org/dotbot; help@moz.com)"
216.244.66.200 - - [08/Jan/2025:20:19:16 +0100] "GET /193.138.127.88/tb110052.html HTTP/1.1" 200 - "-" "Mozilla/5.0 (compatible; DotBot/1.2; +https://opensiteexplorer.org/dotbot; help@moz.com)"
89.46.109.221 - - [08/Jan/2025:20:26:23 +0100] "HEAD /jogalkotas.zip HTTP/1.1" 200 - "-" "-"
66.249.66.85 - - [08/Jan/2025:20:36:40 +0100] "GET /files/erdekkepviselettv.pdf HTTP/1.1" 200 1025422 "-" "Mozilla/5.0 (Linux; Android 6.0.1; Nexus 5X Build/MMB29P) AppleWebKit/537.36 (KHTML, like Gecko) Chrome/131.0.6778.204 Mobile Safari/537.36 (compatible; GoogleOther)"
66.249.66.85 - - [08/Jan/2025:20:46:00 +0100] "GET /files/digit_irastudas_terv_100217.pdf HTTP/1.1" 200 298823 "-" "Mozilla/5.0 (Linux; Android 6.0.1; Nexus 5X Build/MMB29P) AppleWebKit/537.36 (KHTML, like Gecko) Chrome/131.0.6778.204 Mobile Safari/537.36 (compatible; Googlebot/2.1; +http://www.google.com/bot.html)"
66.249.66.86 - - [08/Jan/2025:20:46:39 +0100] "GET /files/OTSZ%20rendelet.pdf HTTP/1.1" 200 168000 "-" "Mozilla/5.0 (Linux; Android 6.0.1; Nexus 5X Build/MMB29P) AppleWebKit/537.36 (KHTML, like Gecko) Chrome/131.0.6778.204 Mobile Safari/537.36 (compatible; GoogleOther)"
199.244.88.229 - - [08/Jan/2025:20:55:09 +0100] "GET / HTTP/1.1" 200 - "-" "Mozilla/5.0 (X11; Linux x86_64) AppleWebKit/537.36 (KHTML, like Gecko) Chrome/105.0.0.0 Safari/537.36"
66.249.66.87 - - [08/Jan/2025:20:56:39 +0100] "GET /files/tk19.pdf HTTP/1.1" 200 194017 "-" "Mozilla/5.0 (Linux; Android 6.0.1; Nexus 5X Build/MMB29P) AppleWebKit/537.36 (KHTML, like Gecko) Chrome/131.0.6778.204 Mobile Safari/537.36 (compatible; GoogleOther)"
94.21.103.126 - - [08/Jan/2025:21:01:35 +0100] "GET /files/hadkotelesek_hm_eum_rendelet_tervezet_melleklet.pdf HTTP/1.1" 200 713160 "https://www.google.com/" "Mozilla/5.0 (Windows NT 10.0; Win64; x64; rv:134.0) Gecko/20100101 Firefox/134.0"
94.21.103.126 - - [08/Jan/2025:21:01:35 +0100] "GET /files/hadkotelesek_hm_eum_rendelet_tervezet_melleklet.pdf HTTP/1.1" 206 57800 "https://www.google.com/" "Mozilla/5.0 (Windows NT 10.0; Win64; x64; rv:134.0) Gecko/20100101 Firefox/134.0"
66.249.66.86 - - [08/Jan/2025:21:06:39 +0100] "GET /files/_veg3fmujfdhqa4st0cs_.pdf HTTP/1.1" 200 208061 "-" "Mozilla/5.0 (Linux; Android 6.0.1; Nexus 5X Build/MMB29P) AppleWebKit/537.36 (KHTML, like Gecko) Chrome/131.0.6778.204 Mobile Safari/537.36 (compatible; GoogleOther)"
66.249.66.86 - - [08/Jan/2025:21:16:39 +0100] "GET /files/nemesfemes.pdf HTTP/1.1" 200 163354 "-" "Mozilla/5.0 (Linux; Android 6.0.1; Nexus 5X Build/MMB29P) AppleWebKit/537.36 (KHTML, like Gecko) Chrome/131.0.6778.204 Mobile Safari/537.36 (compatible; GoogleOther)"
66.249.66.86 - - [08/Jan/2025:21:26:39 +0100] "GET /files/gyamhatosag_eloterj_061204.pdf HTTP/1.1" 200 597742 "-" "Mozilla/5.0 (Linux; Android 6.0.1; Nexus 5X Build/MMB29P) AppleWebKit/537.36 (KHTML, like Gecko) Chrome/131.0.6778.204 Mobile Safari/537.36 (compatible; GoogleOther)"
66.249.66.85 - - [08/Jan/2025:21:29:03 +0100] "GET /files/ptk_kotelmi_jog_0.pdf HTTP/1.1" 304 - "-" "Mozilla/5.0 (Linux; Android 6.0.1; Nexus 5X Build/MMB29P) AppleWebKit/537.36 (KHTML, like Gecko) Chrome/131.0.6778.204 Mobile Safari/537.36 (compatible; Googlebot/2.1; +http://www.google.com/bot.html)"
92.116.53.121 - - [08/Jan/2025:21:34:56 +0100] "GET /files/szakertoidijazas.doc HTTP/1.1" 200 59392 "-" "Mozilla/5.0 (Windows NT 10.0; Win64; x64) AppleWebKit/537.36 (KHTML, like Gecko) Chrome/60.0.3112.113 Safari/537.36"
66.249.66.85 - - [08/Jan/2025:21:36:38 +0100] "GET /files/155244.pdf HTTP/1.1" 200 210169 "-" "Mozilla/5.0 (Linux; Android 6.0.1; Nexus 5X Build/MMB29P) AppleWebKit/537.36 (KHTML, like Gecko) Chrome/131.0.6778.204 Mobile Safari/537.36 (compatible; GoogleOther)"
92.116.53.121 - - [08/Jan/2025:21:37:58 +0100] "GET /files/cegbejegyzesi_eljaras_21_per_2006__02_12_fin.doc HTTP/1.1" 200 54272 "-" "Mozilla/5.0 (Windows NT 10.0; Win64; x64; rv:65.0) Gecko/20100101 Firefox/65.0"
66.249.66.5 - - [08/Jan/2025:21:42:09 +0100] "GET /files/tempus_terv_080808.pdf HTTP/1.1" 200 294277 "-" "Mozilla/5.0 AppleWebKit/537.36 (KHTML, like Gecko; compatible; GoogleOther) Chrome/131.0.6778.204 Safari/537.36"
15.188.56.224 - - [08/Jan/2025:21:44:33 +0100] "GET /sftp-config.json HTTP/1.1" 200 - "-" "Mozilla/5.0 (Macintosh; Intel Mac OS X 10.15; rv:77.0) Gecko/20100101 Firefox/77.0"
15.188.56.224 - - [08/Jan/2025:21:44:43 +0100] "GET /.vscode/sftp.json HTTP/1.1" 200 - "-" "Mozilla/5.0 (Macintosh; Intel Mac OS X 10.15; rv:77.0) Gecko/20100101 Firefox/77.0"
66.249.66.5 - - [08/Jan/2025:21:56:39 +0100] "GET /files/tankonyvrend_terv_090721.pdf HTTP/1.1" 200 317759 "-" "Mozilla/5.0 (Linux; Android 6.0.1; Nexus 5X Build/MMB29P) AppleWebKit/537.36 (KHTML, like Gecko) Chrome/131.0.6778.204 Mobile Safari/537.36 (compatible; GoogleOther)"
216.244.66.200 - - [08/Jan/2025:22:15:38 +0100] "GET /robots.txt HTTP/1.1" 200 1590 "-" "Mozilla/5.0 (compatible; DotBot/1.2; +https://opensiteexplorer.org/dotbot; help@moz.com)"
216.244.66.200 - - [08/Jan/2025:22:15:40 +0100] "GET /robots.txt HTTP/1.1" 200 1590 "-" "Mozilla/5.0 (compatible; DotBot/1.2; +https://opensiteexplorer.org/dotbot; help@moz.com)"
66.249.66.85 - - [08/Jan/2025:22:20:06 +0100] "GET /files/normaszoveg_szakmapolra_01.27.doc HTTP/1.1" 304 - "-" "Mozilla/5.0 (Linux; Android 6.0.1; Nexus 5X Build/MMB29P) AppleWebKit/537.36 (KHTML, like Gecko) Chrome/131.0.6778.204 Mobile Safari/537.36 (compatible; Googlebot/2.1; +http://www.google.com/bot.html)"
216.244.66.200 - - [08/Jan/2025:22:23:05 +0100] "GET /taxonomy/term/21?page=61 HTTP/1.1" 200 - "-" "Mozilla/5.0 (compatible; DotBot/1.2; +https://opensiteexplorer.org/dotbot; help@moz.com)"
216.244.66.200 - - [08/Jan/2025:22:23:07 +0100] "GET /files/JAP_080423_1.pdf HTTP/1.1" 200 93011 "-" "Mozilla/5.0 (compatible; DotBot/1.2; +https://opensiteexplorer.org/dotbot; help@moz.com)"
66.249.66.4 - - [08/Jan/2025:22:41:18 +0100] "GET /files/tempus_terv_080808.pdf HTTP/1.1" 200 294277 "-" "Mozilla/5.0 (Linux; Android 6.0.1; Nexus 5X Build/MMB29P) AppleWebKit/537.36 (KHTML, like Gecko) Chrome/131.0.6778.204 Mobile Safari/537.36 (compatible; GoogleOther)"
66.249.66.6 - - [08/Jan/2025:22:54:24 +0100] "GET /files/piro_korm_r_mod-terv_090928.doc HTTP/1.1" 304 - "-" "Mozilla/5.0 (Linux; Android 6.0.1; Nexus 5X Build/MMB29P) AppleWebKit/537.36 (KHTML, like Gecko) Chrome/131.0.6778.204 Mobile Safari/537.36 (compatible; Googlebot/2.1; +http://www.google.com/bot.html)"
45.156.128.118 - - [08/Jan/2025:23:22:45 +0100] "GET / HTTP/1.1" 200 - "-" "Mozilla/5.0 (Windows NT 10.0; Win64; x64) AppleWebKit/537.36 (KHTML, like Gecko) Chrome/60.0.3112.113 Safari/537.36"
45.156.128.117 - - [08/Jan/2025:23:23:06 +0100] "GET / HTTP/1.1" 200 - "-" "Mozilla/5.0 (Windows NT 10.0; Win64; x64) AppleWebKit/537.36 (KHTML, like Gecko) Chrome/60.0.3112.113 Safari/537.36"
45.156.128.117 - - [08/Jan/2025:23:23:15 +0100] "GET /aspera/faspex/ HTTP/1.1" 200 - "-" "Mozilla/5.0 (Windows NT 10.0; Win64; x64) AppleWebKit/537.36 (KHTML, like Gecko) Chrome/60.0.3112.113 Safari/537.36"
95.163.255.165 - - [08/Jan/2025:23:46:46 +0100] "GET /robots.txt HTTP/1.0" 200 1590 "-" "Mozilla/5.0 (compatible; Linux x86_64; Mail.RU_Bot/2.0; +https://help.mail.ru/webmaster/indexing/robots)"
95.163.255.194 - - [08/Jan/2025:23:46:47 +0100] "GET /files/meghagyas_kormrend_tervezet.doc HTTP/1.1" 200 126976 "-" "Mozilla/5.0 (compatible; Linux x86_64; Mail.RU_Bot/2.0; +https://help.mail.ru/webmaster/indexing/robots)"
20.191.45.212 - - [08/Jan/2025:23:57:33 +0100] "GET /favicon.ico HTTP/1.1" 404 57 "http://www.jogalkotas.hu/favicon.ico" "DuckDuckBot/1.1; (+http://duckduckgo.com/duckduckbot.html)"
20.191.45.212 - - [08/Jan/2025:23:57:55 +0100] "GET / HTTP/1.1" 200 - "http://www.jogalkotas.hu/" "DuckDuckBot/1.1; (+http://duckduckgo.com/duckduckbot.html)"
95.163.255.182 - - [08/Jan/2025:23:59:25 +0100] "GET /files/jogszabszerk.pdf HTTP/1.1" 200 206549 "-" "Mozilla/5.0 (compatible; Linux x86_64; Mail.RU_Bot/2.0; +https://help.mail.ru/webmaster/indexing/robots)"
95.163.255.187 - - [09/Jan/2025:00:08:37 +0100] "GET /robots.txt HTTP/1.0" 200 1590 "-" "Mozilla/5.0 (compatible; Linux x86_64; Mail.RU_Bot/2.0; +https://help.mail.ru/webmaster/indexing/robots)"
95.163.255.181 - - [09/Jan/2025:00:09:22 +0100] "GET /files/ptk.csaladjog_0.pdf HTTP/1.1" 200 429444 "-" "Mozilla/5.0 (compatible; Linux x86_64; Mail.RU_Bot/2.0; +https://help.mail.ru/webmaster/indexing/robots)"
66.249.66.4 - - [09/Jan/2025:00:53:16 +0100] "GET /drupal/files/elso_konyv_-_bevezeto_rendelkezesek.pdf HTTP/1.1" 200 - "-" "Googlebot/2.1 (+http://www.google.com/bot.html)"
66.249.66.4 - - [09/Jan/2025:00:59:10 +0100] "GET /files/legikozlvedszabkormelo.pdf HTTP/1.1" 200 239092 "-" "Mozilla/5.0 (Linux; Android 6.0.1; Nexus 5X Build/MMB29P) AppleWebKit/537.36 (KHTML, like Gecko) Chrome/131.0.6778.204 Mobile Safari/537.36 (compatible; Googlebot/2.1; +http://www.google.com/bot.html)"
66.249.66.4 - - [09/Jan/2025:01:10:21 +0100] "GET /files/ekozig_strategia.pdf HTTP/1.1" 200 731185 "-" "Googlebot/2.1 (+http://www.google.com/bot.html)"
95.163.255.183 - - [09/Jan/2025:01:57:16 +0100] "GET /robots.txt HTTP/1.0" 200 1590 "-" "Mozilla/5.0 (compatible; Linux x86_64; Mail.RU_Bot/2.0; +https://help.mail.ru/webmaster/indexing/robots)"
95.163.255.184 - - [09/Jan/2025:01:57:20 +0100] "GET /files/Kjt_euv_hr_20081212.doc HTTP/1.1" 200 372224 "-" "Mozilla/5.0 (compatible; Linux x86_64; Mail.RU_Bot/2.0; +https://help.mail.ru/webmaster/indexing/robots)"
66.249.66.85 - - [09/Jan/2025:02:03:21 +0100] "GET /files/magancsod_tars_velem_09.03.06.doc HTTP/1.1" 200 652800 "-" "Mozilla/5.0 (Linux; Android 6.0.1; Nexus 5X Build/MMB29P) AppleWebKit/537.36 (KHTML, like Gecko) Chrome/131.0.6778.204 Mobile Safari/537.36 (compatible; Googlebot/2.1; +http://www.google.com/bot.html)"
66.249.66.87 - - [09/Jan/2025:02:35:23 +0100] "GET /files/_0edo6usjkedq62sjkg9jmio8_.pdf HTTP/1.1" 304 - "-" "Mozilla/5.0 (Linux; Android 6.0.1; Nexus 5X Build/MMB29P) AppleWebKit/537.36 (KHTML, like Gecko) Chrome/131.0.6778.204 Mobile Safari/537.36 (compatible; Googlebot/2.1; +http://www.google.com/bot.html)"
66.249.66.87 - - [09/Jan/2025:03:05:11 +0100] "GET /files/14per2007_mod_terv.doc HTTP/1.1" 200 179200 "-" "Mozilla/5.0 (Linux; Android 6.0.1; Nexus 5X Build/MMB29P) AppleWebKit/537.36 (KHTML, like Gecko) Chrome/131.0.6778.204 Mobile Safari/537.36 (compatible; Googlebot/2.1; +http://www.google.com/bot.html)"
79.209.33.41 - - [09/Jan/2025:03:09:15 +0100] "GET /files/szakertoidijazas.doc HTTP/1.1" 200 59392 "-" "Microsoft Office/15.0 (Windows NT 6.3; Microsoft Outlook 15.0.4771; Pro)"
66.249.66.85 - - [09/Jan/2025:03:20:19 +0100] "GET /files/2_sz_melleklet_061031.pdf HTTP/1.1" 304 - "-" "Mozilla/5.0 (Linux; Android 6.0.1; Nexus 5X Build/MMB29P) AppleWebKit/537.36 (KHTML, like Gecko) Chrome/131.0.6778.204 Mobile Safari/537.36 (compatible; Googlebot/2.1; +http://www.google.com/bot.html)"
66.249.66.85 - - [09/Jan/2025:03:20:20 +0100] "GET /files/nekika_terv_080826.pdf HTTP/1.1" 304 - "-" "Mozilla/5.0 (Linux; Android 6.0.1; Nexus 5X Build/MMB29P) AppleWebKit/537.36 (KHTML, like Gecko) Chrome/131.0.6778.204 Mobile Safari/537.36 (compatible; Googlebot/2.1; +http://www.google.com/bot.html)"
40.77.167.51 - - [09/Jan/2025:03:21:23 +0100] "GET /files/OM_9161_2009_ingatlankozvetites.pdf HTTP/1.1" 200 78374 "-" "Mozilla/5.0 AppleWebKit/537.36 (KHTML, like Gecko; compatible; bingbot/2.0; +http://www.bing.com/bingbot.htm) Chrome/116.0.1938.76 Safari/537.36"
95.163.255.169 - - [09/Jan/2025:03:35:47 +0100] "GET /robots.txt HTTP/1.0" 200 1590 "-" "Mozilla/5.0 (compatible; Linux x86_64; Mail.RU_Bot/2.0; +https://help.mail.ru/webmaster/indexing/robots)"
95.163.255.180 - - [09/Jan/2025:03:35:49 +0100] "GET /files/1211_7.pdf HTTP/1.1" 200 158061 "-" "Mozilla/5.0 (compatible; Linux x86_64; Mail.RU_Bot/2.0; +https://help.mail.ru/webmaster/indexing/robots)"
216.244.66.200 - - [09/Jan/2025:03:53:08 +0100] "GET /robots.txt HTTP/1.1" 200 1590 "-" "Mozilla/5.0 (compatible; DotBot/1.2; +https://opensiteexplorer.org/dotbot; help@moz.com)"
216.244.66.200 - - [09/Jan/2025:03:53:08 +0100] "GET /robots.txt HTTP/1.1" 200 1590 "-" "Mozilla/5.0 (compatible; DotBot/1.2; +https://opensiteexplorer.org/dotbot; help@moz.com)"
95.163.255.193 - - [09/Jan/2025:03:53:17 +0100] "GET /files/mikrobi%201130.doc HTTP/1.1" 200 100352 "-" "Mozilla/5.0 (compatible; Linux x86_64; Mail.RU_Bot/2.0; +https://help.mail.ru/webmaster/indexing/robots)"
216.244.66.200 - - [09/Jan/2025:03:59:14 +0100] "GET /node/2518 HTTP/1.1" 200 - "-" "Mozilla/5.0 (compatible; DotBot/1.2; +https://opensiteexplorer.org/dotbot; help@moz.com)"
216.244.66.200 - - [09/Jan/2025:04:05:03 +0100] "GET /taxonomy/term/1?page=68 HTTP/1.1" 200 - "-" "Mozilla/5.0 (compatible; DotBot/1.2; +https://opensiteexplorer.org/dotbot; help@moz.com)"
66.249.66.87 - - [09/Jan/2025:04:05:13 +0100] "GET /files/cegbejegyz_cegnyilv_08.12.doc HTTP/1.1" 200 51200 "-" "Mozilla/5.0 (Linux; Android 6.0.1; Nexus 5X Build/MMB29P) AppleWebKit/537.36 (KHTML, like Gecko) Chrome/131.0.6778.204 Mobile Safari/537.36 (compatible; Googlebot/2.1; +http://www.google.com/bot.html)"
79.221.104.210 - - [09/Jan/2025:04:25:14 +0100] "GET /files/cegbejegyzesi_eljaras_21_per_2006__02_12_fin.doc HTTP/1.1" 200 54272 "-" "Microsoft Office/15.0 (Windows NT 6.3; Microsoft Outlook 15.0.4771; Pro)"
66.249.66.6 - - [09/Jan/2025:04:37:08 +0100] "GET /files/ptk_kotelmi_jog.pdf HTTP/1.1" 200 706298 "-" "Mozilla/5.0 (Linux; Android 6.0.1; Nexus 5X Build/MMB29P) AppleWebKit/537.36 (KHTML, like Gecko) Chrome/131.0.6778.204 Mobile Safari/537.36 (compatible; GoogleOther)"
66.249.66.6 - - [09/Jan/2025:05:00:53 +0100] "GET /files/ptk_kotelmi_jog.pdf HTTP/1.1" 200 706298 "-" "Mozilla/5.0 (Linux; Android 6.0.1; Nexus 5X Build/MMB29P) AppleWebKit/537.36 (KHTML, like Gecko) Chrome/131.0.6778.204 Mobile Safari/537.36 (compatible; Googlebot/2.1; +http://www.google.com/bot.html)"
66.249.66.85 - - [09/Jan/2025:05:05:26 +0100] "GET /robots.txt HTTP/1.1" 200 1590 "-" "Mozilla/5.0 (compatible; Googlebot/2.1; +http://www.google.com/bot.html)"
66.249.66.86 - - [09/Jan/2025:05:05:26 +0100] "GET /files/7978.pdf HTTP/1.1" 304 - "-" "Mozilla/5.0 (Linux; Android 6.0.1; Nexus 5X Build/MMB29P) AppleWebKit/537.36 (KHTML, like Gecko) Chrome/131.0.6778.204 Mobile Safari/537.36 (compatible; Googlebot/2.1; +http://www.google.com/bot.html)"
95.163.255.180 - - [09/Jan/2025:05:41:19 +0100] "GET /robots.txt HTTP/1.0" 200 1590 "-" "Mozilla/5.0 (compatible; Linux x86_64; Mail.RU_Bot/2.0; +https://help.mail.ru/webmaster/indexing/robots)"
95.163.255.194 - - [09/Jan/2025:05:41:23 +0100] "GET /files/rendelet_szakmapolra.doc HTTP/1.1" 200 175616 "-" "Mozilla/5.0 (compatible; Linux x86_64; Mail.RU_Bot/2.0; +https://help.mail.ru/webmaster/indexing/robots)"
104.252.66.3 - - [09/Jan/2025:05:41:55 +0100] "HEAD / HTTP/1.1" 200 - "-" "Mozilla/5.0 (Macintosh; Intel Mac OS X 10_15_7) AppleWebKit/537.36 (KHTML, like Gecko) Chrome/107.0.0.0 Safari/537.36"
191.102.155.67 - - [09/Jan/2025:05:42:11 +0100] "HEAD / HTTP/1.1" 200 - "-" "Mozilla/5.0 (Macintosh; Intel Mac OS X 10_15_7) AppleWebKit/537.36 (KHTML, like Gecko) Chrome/107.0.0.0 Safari/537.36"
191.102.157.239 - - [09/Jan/2025:05:42:28 +0100] "GET / HTTP/1.1" 200 - "-" "Mozilla/5.0 (Macintosh; Intel Mac OS X 10_15_7) AppleWebKit/537.36 (KHTML, like Gecko) Chrome/107.0.0.0 Safari/537.36"
191.102.162.189 - - [09/Jan/2025:05:42:44 +0100] "GET / HTTP/1.1" 200 - "-" "Mozilla/5.0 (Macintosh; Intel Mac OS X 10_15_7) AppleWebKit/537.36 (KHTML, like Gecko) Chrome/107.0.0.0 Safari/537.36"
44.201.154.73 - - [09/Jan/2025:05:43:01 +0100] "HEAD / HTTP/1.1" 200 - "-" "Mozilla/5.0 (Macintosh; Intel Mac OS X 10_15_7) AppleWebKit/537.36 (KHTML, like Gecko) Chrome/107.0.0.0 Safari/537.36"
54.211.144.46 - - [09/Jan/2025:05:43:34 +0100] "HEAD / HTTP/1.1" 200 - "-" "Mozilla/5.0 (Macintosh; Intel Mac OS X 10_15_7) AppleWebKit/537.36 (KHTML, like Gecko) Chrome/107.0.0.0 Safari/537.36"
34.228.18.19 - - [09/Jan/2025:05:44:06 +0100] "GET / HTTP/1.1" 200 - "-" "Mozilla/5.0 (Macintosh; Intel Mac OS X 10_15_7) AppleWebKit/537.36 (KHTML, like Gecko) Chrome/107.0.0.0 Safari/537.36"
54.146.223.85 - - [09/Jan/2025:05:44:38 +0100] "GET / HTTP/1.1" 200 - "-" "Mozilla/5.0 (Macintosh; Intel Mac OS X 10_15_7) AppleWebKit/537.36 (KHTML, like Gecko) Chrome/107.0.0.0 Safari/537.36"
13.52.81.47 - - [09/Jan/2025:06:18:42 +0100] "GET / HTTP/1.1" 200 - "-" "bitdiscovery-suggestions"
66.249.66.5 - - [09/Jan/2025:06:23:18 +0100] "GET /files/alap_es_mesterkepzesterv_060918.pdf HTTP/1.1" 304 - "-" "Mozilla/5.0 (Linux; Android 6.0.1; Nexus 5X Build/MMB29P) AppleWebKit/537.36 (KHTML, like Gecko) Chrome/131.0.6778.204 Mobile Safari/537.36 (compatible; Googlebot/2.1; +http://www.google.com/bot.html)"
217.65.122.146 - - [09/Jan/2025:06:35:53 +0100] "GET /files/2_sz_melleklet_061031.pdf HTTP/1.1" 200 56446 "-" "Mozilla/5.0 (Linux; Android 10; K) AppleWebKit/537.36 (KHTML, like Gecko) Chrome/131.0.0.0 Mobile Safari/537.36"
66.249.66.5 - - [09/Jan/2025:07:21:27 +0100] "GET /drupal/files/elso_konyv_-_bevezeto_rendelkezesek.pdf HTTP/1.1" 200 - "-" "Googlebot/2.1 (+http://www.google.com/bot.html)"
95.163.255.150 - - [09/Jan/2025:07:21:43 +0100] "GET /robots.txt HTTP/1.0" 200 1590 "-" "Mozilla/5.0 (compatible; Linux x86_64; Mail.RU_Bot/2.0; +https://help.mail.ru/webmaster/indexing/robots)"
95.163.255.187 - - [09/Jan/2025:07:21:51 +0100] "GET /files/szvk_mell_terv_090804.pdf HTTP/1.1" 200 3057361 "-" "Mozilla/5.0 (compatible; Linux x86_64; Mail.RU_Bot/2.0; +https://help.mail.ru/webmaster/indexing/robots)"
54.183.11.150 - - [09/Jan/2025:07:25:15 +0100] "GET / HTTP/1.1" 200 - "-" "bitdiscovery-suggestions"
95.163.255.168 - - [09/Jan/2025:07:32:50 +0100] "GET /files/ptk-normaszoveg-tervezet_20071029.pdf HTTP/1.1" 200 1425629 "-" "Mozilla/5.0 (compatible; Linux x86_64; Mail.RU_Bot/2.0; +https://help.mail.ru/webmaster/indexing/robots)"
40.77.167.16 - - [09/Jan/2025:07:50:04 +0100] "GET /files/R61_2.pdf HTTP/1.1" 200 140775 "-" "Mozilla/5.0 AppleWebKit/537.36 (KHTML, like Gecko; compatible; bingbot/2.0; +http://www.bing.com/bingbot.htm) Chrome/116.0.1938.76 Safari/537.36"
52.167.144.55 - - [09/Jan/2025:08:01:44 +0100] "GET /robots.txt HTTP/1.1" 200 1590 "-" "Mozilla/5.0 AppleWebKit/537.36 (KHTML, like Gecko; compatible; bingbot/2.0; +http://www.bing.com/bingbot.htm) Chrome/116.0.1938.76 Safari/537.36"
52.167.144.239 - - [09/Jan/2025:08:02:26 +0100] "GET /node/2618 HTTP/1.1" 200 - "-" "Mozilla/5.0 AppleWebKit/537.36 (KHTML, like Gecko; compatible; bingbot/2.0; +http://www.bing.com/bingbot.htm) Chrome/116.0.1938.76 Safari/537.36"
52.167.144.239 - - [09/Jan/2025:08:02:58 +0100] "GET /node/2618 HTTP/1.1" 200 - "-" "Mozilla/5.0 AppleWebKit/537.36 (KHTML, like Gecko; compatible; bingbot/2.0; +http://www.bing.com/bingbot.htm) Chrome/116.0.1938.76 Safari/537.36"
66.249.66.86 - - [09/Jan/2025:08:29:22 +0100] "GET /files/Nemzetkozi_szerzodesekkel_kapcsolatos_eljarasrol_szolo_2005.evi_L.torveny_modositasarol.pdf HTTP/1.1" 304 - "-" "Mozilla/5.0 (Linux; Android 6.0.1; Nexus 5X Build/MMB29P) AppleWebKit/537.36 (KHTML, like Gecko) Chrome/131.0.6778.204 Mobile Safari/537.36 (compatible; Googlebot/2.1; +http://www.google.com/bot.html)"
66.249.66.86 - - [09/Jan/2025:08:29:23 +0100] "GET /files/nfh_terv_070730.pdf HTTP/1.1" 200 347830 "-" "Mozilla/5.0 (Linux; Android 6.0.1; Nexus 5X Build/MMB29P) AppleWebKit/537.36 (KHTML, like Gecko) Chrome/131.0.6778.204 Mobile Safari/537.36 (compatible; Googlebot/2.1; +http://www.google.com/bot.html)"
95.163.255.165 - - [09/Jan/2025:09:10:19 +0100] "GET /robots.txt HTTP/1.0" 200 1590 "-" "Mozilla/5.0 (compatible; Linux x86_64; Mail.RU_Bot/2.0; +https://help.mail.ru/webmaster/indexing/robots)"
95.163.255.196 - - [09/Jan/2025:09:10:41 +0100] "GET /files/14409_9.pdf HTTP/1.1" 200 298621 "-" "Mozilla/5.0 (compatible; Linux x86_64; Mail.RU_Bot/2.0; +https://help.mail.ru/webmaster/indexing/robots)"
66.249.66.6 - - [09/Jan/2025:09:52:11 +0100] "GET /files/nem-konvencionalis_korm_rend_090202.doc HTTP/1.1" 304 - "-" "Mozilla/5.0 (Linux; Android 6.0.1; Nexus 5X Build/MMB29P) AppleWebKit/537.36 (KHTML, like Gecko) Chrome/131.0.6778.204 Mobile Safari/537.36 (compatible; Googlebot/2.1; +http://www.google.com/bot.html)"
185.129.61.10 - - [09/Jan/2025:10:07:18 +0100] "GET / HTTP/1.1" 200 - "jogalkotas.hu" "Mozilla/5.0 (Windows NT 6.1; Win64; x64) AppleWebKit/537.36 (KHTML, like Gecko) Chrome/88.0.4324.111 YaBrowser/21.2.1.107 Yowser/2.5 Safari/537.36"
20.171.207.109 - - [09/Jan/2025:10:27:27 +0100] "GET /robots.txt HTTP/1.1" 200 1590 "-" "Mozilla/5.0 AppleWebKit/537.36 (KHTML, like Gecko; compatible; GPTBot/1.2; +https://openai.com/gptbot)"
4.227.36.12 - - [09/Jan/2025:10:32:43 +0100] "GET / HTTP/1.1" 200 - "-" "Mozilla/5.0 AppleWebKit/537.36 (KHTML, like Gecko; compatible; GPTBot/1.2; +https://openai.com/gptbot)"
52.167.144.181 - - [09/Jan/2025:10:43:56 +0100] "GET /node/2617 HTTP/1.1" 200 - "-" "Mozilla/5.0 AppleWebKit/537.36 (KHTML, like Gecko; compatible; bingbot/2.0; +http://www.bing.com/bingbot.htm) Chrome/116.0.1938.76 Safari/537.36"
52.167.144.181 - - [09/Jan/2025:10:44:28 +0100] "GET /node/2617 HTTP/1.1" 200 - "-" "Mozilla/5.0 AppleWebKit/537.36 (KHTML, like Gecko; compatible; bingbot/2.0; +http://www.bing.com/bingbot.htm) Chrome/116.0.1938.76 Safari/537.36"
95.163.255.160 - - [09/Jan/2025:11:15:02 +0100] "GET /robots.txt HTTP/1.0" 200 1590 "-" "Mozilla/5.0 (compatible; Linux x86_64; Mail.RU_Bot/2.0; +https://help.mail.ru/webmaster/indexing/robots)"
95.163.255.194 - - [09/Jan/2025:11:15:06 +0100] "GET /files/munkaanyag_25per2006_IM_rendelet_mod.10.28..doc HTTP/1.1" 200 142848 "-" "Mozilla/5.0 (compatible; Linux x86_64; Mail.RU_Bot/2.0; +https://help.mail.ru/webmaster/indexing/robots)"
95.163.255.180 - - [09/Jan/2025:11:15:33 +0100] "GET /files/ekozig_strategia.pdf HTTP/1.1" 200 731185 "-" "Mozilla/5.0 (compatible; Linux x86_64; Mail.RU_Bot/2.0; +https://help.mail.ru/webmaster/indexing/robots)"
66.249.66.6 - - [09/Jan/2025:11:27:51 +0100] "GET / HTTP/1.1" 200 - "-" "Mozilla/5.0 (compatible; Googlebot/2.1; +http://www.google.com/bot.html)"
66.249.66.5 - - [09/Jan/2025:11:28:23 +0100] "GET / HTTP/1.1" 200 - "-" "Mozilla/5.0 (Linux; Android 6.0.1; Nexus 5X Build/MMB29P) AppleWebKit/537.36 (KHTML, like Gecko) Chrome/99.0.4844.84 Mobile Safari/537.36 (compatible; Googlebot/2.1; +http://www.google.com/bot.html)"
66.249.66.5 - - [09/Jan/2025:11:28:55 +0100] "GET / HTTP/1.1" 200 - "-" "Mozilla/5.0 (compatible; Googlebot/2.1; +http://www.google.com/bot.html)"
66.249.66.4 - - [09/Jan/2025:11:29:27 +0100] "GET / HTTP/1.1" 200 - "-" "Mozilla/5.0 (Linux; Android 6.0.1; Nexus 5X Build/MMB29P) AppleWebKit/537.36 (KHTML, like Gecko) Chrome/131.0.6778.204 Mobile Safari/537.36 (compatible; Googlebot/2.1; +http://www.google.com/bot.html)"
84.206.11.88 - - [09/Jan/2025:11:35:09 +0100] "GET /files/NFGM205.pdf HTTP/1.1" 200 159391 "https://www.google.com/" "Mozilla/5.0 (Windows NT 10.0; Win64; x64; rv:109.0) Gecko/20100101 Firefox/115.0"
84.206.11.88 - - [09/Jan/2025:11:35:09 +0100] "GET /favicon.ico HTTP/1.1" 404 57 "http://jogalkotas.hu/" "Mozilla/5.0 (Windows NT 10.0; Win64; x64; rv:109.0) Gecko/20100101 Firefox/115.0"
40.77.167.53 - - [09/Jan/2025:11:50:38 +0100] "GET /files/imrendelet..doc HTTP/1.1" 200 53760 "-" "Mozilla/5.0 AppleWebKit/537.36 (KHTML, like Gecko; compatible; bingbot/2.0; +http://www.bing.com/bingbot.htm) Chrome/116.0.1938.76 Safari/537.36"
66.249.66.6 - - [09/Jan/2025:12:33:56 +0100] "GET /drupal/files/elso_konyv_-_bevezeto_rendelkezesek.pdf HTTP/1.1" 200 - "-" "Googlebot/2.1 (+http://www.google.com/bot.html)"
95.163.255.159 - - [09/Jan/2025:12:56:55 +0100] "GET /robots.txt HTTP/1.0" 200 1590 "-" "Mozilla/5.0 (compatible; Linux x86_64; Mail.RU_Bot/2.0; +https://help.mail.ru/webmaster/indexing/robots)"
95.163.255.178 - - [09/Jan/2025:12:57:00 +0100] "GET /files/ptk_kotelmi_jog.pdf HTTP/1.1" 200 706298 "-" "Mozilla/5.0 (compatible; Linux x86_64; Mail.RU_Bot/2.0; +https://help.mail.ru/webmaster/indexing/robots)"
66.249.66.85 - - [09/Jan/2025:13:22:54 +0100] "GET /files/fejezeti_eloiranyzatok_2006.pdf HTTP/1.1" 200 178668 "-" "Mozilla/5.0 (Linux; Android 6.0.1; Nexus 5X Build/MMB29P) AppleWebKit/537.36 (KHTML, like Gecko) Chrome/131.0.6778.204 Mobile Safari/537.36 (compatible; Googlebot/2.1; +http://www.google.com/bot.html)"
66.249.66.85 - - [09/Jan/2025:13:26:38 +0100] "GET /files/ekozig_strategia.pdf HTTP/1.1" 200 731185 "-" "Googlebot/2.1 (+http://www.google.com/bot.html)"
199.47.82.18 - - [09/Jan/2025:13:48:33 +0100] "GET /robots.txt HTTP/1.1" 200 1590 "-" "Turnitin (https://bit.ly/2UvnfoQ)"
199.47.82.18 - - [09/Jan/2025:13:49:05 +0100] "GET /drupal/ HTTP/1.1" 200 - "-" "Turnitin (https://bit.ly/2UvnfoQ)"
199.47.82.18 - - [09/Jan/2025:13:49:15 +0100] "GET /drupal/node/2086 HTTP/1.1" 200 - "-" "Turnitin (https://bit.ly/2UvnfoQ)"
199.47.82.18 - - [09/Jan/2025:13:49:25 +0100] "GET /drupal/node/209 HTTP/1.1" 200 - "-" "Turnitin (https://bit.ly/2UvnfoQ)"
199.47.82.18 - - [09/Jan/2025:13:49:35 +0100] "GET /drupal/node/21 HTTP/1.1" 200 - "-" "Turnitin (https://bit.ly/2UvnfoQ)"
199.47.82.18 - - [09/Jan/2025:13:49:45 +0100] "GET /drupal/node/210 HTTP/1.1" 200 - "-" "Turnitin (https://bit.ly/2UvnfoQ)"
199.47.82.18 - - [09/Jan/2025:13:49:55 +0100] "GET /drupal/node/211 HTTP/1.1" 200 - "-" "Turnitin (https://bit.ly/2UvnfoQ)"
199.47.82.18 - - [09/Jan/2025:13:50:05 +0100] "GET /drupal/node/212 HTTP/1.1" 200 - "-" "Turnitin (https://bit.ly/2UvnfoQ)"
199.47.82.18 - - [09/Jan/2025:13:50:15 +0100] "GET /drupal/node/2152 HTTP/1.1" 200 - "-" "Turnitin (https://bit.ly/2UvnfoQ)"
199.47.82.18 - - [09/Jan/2025:13:50:25 +0100] "GET /drupal/node/2153 HTTP/1.1" 200 - "-" "Turnitin (https://bit.ly/2UvnfoQ)"
199.47.82.18 - - [09/Jan/2025:13:50:35 +0100] "GET /drupal/node/2154 HTTP/1.1" 200 - "-" "Turnitin (https://bit.ly/2UvnfoQ)"
199.47.82.18 - - [09/Jan/2025:13:50:45 +0100] "GET /drupal/node/2155 HTTP/1.1" 200 - "-" "Turnitin (https://bit.ly/2UvnfoQ)"
199.47.82.18 - - [09/Jan/2025:13:50:55 +0100] "GET /drupal/node/2156 HTTP/1.1" 200 - "-" "Turnitin (https://bit.ly/2UvnfoQ)"
199.47.82.18 - - [09/Jan/2025:13:51:05 +0100] "GET /drupal/node/2157 HTTP/1.1" 200 - "-" "Turnitin (https://bit.ly/2UvnfoQ)"
199.47.82.18 - - [09/Jan/2025:13:51:15 +0100] "GET /drupal/node/2161 HTTP/1.1" 200 - "-" "Turnitin (https://bit.ly/2UvnfoQ)"
199.47.82.18 - - [09/Jan/2025:13:51:25 +0100] "GET /drupal/node/2164 HTTP/1.1" 200 - "-" "Turnitin (https://bit.ly/2UvnfoQ)"
199.47.82.18 - - [09/Jan/2025:13:51:35 +0100] "GET /drupal/node/2170 HTTP/1.1" 200 - "-" "Turnitin (https://bit.ly/2UvnfoQ)"
199.47.82.18 - - [09/Jan/2025:13:51:45 +0100] "GET /drupal/node/2171 HTTP/1.1" 200 - "-" "Turnitin (https://bit.ly/2UvnfoQ)"
199.47.82.18 - - [09/Jan/2025:13:51:55 +0100] "GET /drupal/node/2172 HTTP/1.1" 200 - "-" "Turnitin (https://bit.ly/2UvnfoQ)"
199.47.82.18 - - [09/Jan/2025:13:52:05 +0100] "GET /drupal/node/2173 HTTP/1.1" 200 - "-" "Turnitin (https://bit.ly/2UvnfoQ)"
199.47.82.18 - - [09/Jan/2025:13:52:15 +0100] "GET /drupal/node/2174 HTTP/1.1" 200 - "-" "Turnitin (https://bit.ly/2UvnfoQ)"
199.47.82.18 - - [09/Jan/2025:13:52:25 +0100] "GET /drupal/node/2181 HTTP/1.1" 200 - "-" "Turnitin (https://bit.ly/2UvnfoQ)"
199.47.82.18 - - [09/Jan/2025:13:52:35 +0100] "GET /drupal/node/2182 HTTP/1.1" 200 - "-" "Turnitin (https://bit.ly/2UvnfoQ)"
199.47.82.18 - - [09/Jan/2025:13:52:45 +0100] "GET /drupal/node/2184 HTTP/1.1" 200 - "-" "Turnitin (https://bit.ly/2UvnfoQ)"
199.47.82.18 - - [09/Jan/2025:13:52:55 +0100] "GET /drupal/node/22 HTTP/1.1" 200 - "-" "Turnitin (https://bit.ly/2UvnfoQ)"
199.47.82.18 - - [09/Jan/2025:13:53:05 +0100] "GET /drupal/node/2205 HTTP/1.1" 200 - "-" "Turnitin (https://bit.ly/2UvnfoQ)"
199.47.82.18 - - [09/Jan/2025:13:53:15 +0100] "GET /drupal/node/2273 HTTP/1.1" 200 - "-" "Turnitin (https://bit.ly/2UvnfoQ)"
199.47.82.18 - - [09/Jan/2025:13:53:25 +0100] "GET /drupal/node/228 HTTP/1.1" 200 - "-" "Turnitin (https://bit.ly/2UvnfoQ)"
199.47.82.18 - - [09/Jan/2025:13:53:35 +0100] "GET /drupal/node/2284 HTTP/1.1" 200 - "-" "Turnitin (https://bit.ly/2UvnfoQ)"
199.47.82.18 - - [09/Jan/2025:13:53:45 +0100] "GET /drupal/node/2290 HTTP/1.1" 200 - "-" "Turnitin (https://bit.ly/2UvnfoQ)"
199.47.82.18 - - [09/Jan/2025:13:53:55 +0100] "GET /drupal/node/2295 HTTP/1.1" 200 - "-" "Turnitin (https://bit.ly/2UvnfoQ)"
199.47.82.18 - - [09/Jan/2025:13:54:05 +0100] "GET /drupal/node/23 HTTP/1.1" 200 - "-" "Turnitin (https://bit.ly/2UvnfoQ)"
199.47.82.18 - - [09/Jan/2025:13:54:15 +0100] "GET /drupal/node/2304 HTTP/1.1" 200 - "-" "Turnitin (https://bit.ly/2UvnfoQ)"
199.47.82.18 - - [09/Jan/2025:13:54:26 +0100] "GET /drupal/node/2321 HTTP/1.1" 200 - "-" "Turnitin (https://bit.ly/2UvnfoQ)"
199.47.82.18 - - [09/Jan/2025:13:54:36 +0100] "GET /drupal/node/2378 HTTP/1.1" 200 - "-" "Turnitin (https://bit.ly/2UvnfoQ)"
199.47.82.18 - - [09/Jan/2025:13:54:46 +0100] "GET /drupal/node/2384 HTTP/1.1" 200 - "-" "Turnitin (https://bit.ly/2UvnfoQ)"
199.47.82.18 - - [09/Jan/2025:13:54:56 +0100] "GET /drupal/node/2392 HTTP/1.1" 200 - "-" "Turnitin (https://bit.ly/2UvnfoQ)"
199.47.82.18 - - [09/Jan/2025:13:55:06 +0100] "GET /drupal/node/2393 HTTP/1.1" 200 - "-" "Turnitin (https://bit.ly/2UvnfoQ)"
199.47.82.18 - - [09/Jan/2025:13:55:16 +0100] "GET /drupal/node/2396 HTTP/1.1" 200 - "-" "Turnitin (https://bit.ly/2UvnfoQ)"
199.47.82.18 - - [09/Jan/2025:13:55:26 +0100] "GET /drupal/node/2397 HTTP/1.1" 200 - "-" "Turnitin (https://bit.ly/2UvnfoQ)"
199.47.82.18 - - [09/Jan/2025:13:55:36 +0100] "GET /drupal/node/2399 HTTP/1.1" 200 - "-" "Turnitin (https://bit.ly/2UvnfoQ)"
31.46.248.43 - - [09/Jan/2025:13:55:40 +0100] "GET /favicon.ico HTTP/1.1" 404 57 "http://jogalkotas.hu/files/ptk.csaladjog_0.pdf" "Mozilla/5.0 (Windows NT 10.0; Win64; x64) AppleWebKit/537.36 (KHTML, like Gecko) Chrome/131.0.0.0 Safari/537.36"
199.47.82.18 - - [09/Jan/2025:13:55:46 +0100] "GET /drupal/node/24 HTTP/1.1" 200 - "-" "Turnitin (https://bit.ly/2UvnfoQ)"
199.47.82.18 - - [09/Jan/2025:13:55:56 +0100] "GET /drupal/node/2400 HTTP/1.1" 200 - "-" "Turnitin (https://bit.ly/2UvnfoQ)"
199.47.82.18 - - [09/Jan/2025:13:56:06 +0100] "GET /drupal/node/2401 HTTP/1.1" 200 - "-" "Turnitin (https://bit.ly/2UvnfoQ)"
199.47.82.18 - - [09/Jan/2025:13:56:16 +0100] "GET /drupal/node/2492 HTTP/1.1" 200 - "-" "Turnitin (https://bit.ly/2UvnfoQ)"
199.47.82.18 - - [09/Jan/2025:13:56:26 +0100] "GET /drupal/node/2494 HTTP/1.1" 200 - "-" "Turnitin (https://bit.ly/2UvnfoQ)"
199.47.82.18 - - [09/Jan/2025:13:56:36 +0100] "GET /drupal/node/25 HTTP/1.1" 200 - "-" "Turnitin (https://bit.ly/2UvnfoQ)"
199.47.82.18 - - [09/Jan/2025:13:56:46 +0100] "GET /drupal/node/251 HTTP/1.1" 200 - "-" "Turnitin (https://bit.ly/2UvnfoQ)"
199.47.82.18 - - [09/Jan/2025:13:56:56 +0100] "GET /drupal/node/254 HTTP/1.1" 200 - "-" "Turnitin (https://bit.ly/2UvnfoQ)"
199.47.82.18 - - [09/Jan/2025:13:57:06 +0100] "GET /drupal/node/263 HTTP/1.1" 200 - "-" "Turnitin (https://bit.ly/2UvnfoQ)"
199.47.82.18 - - [09/Jan/2025:13:57:16 +0100] "GET /drupal/node/264 HTTP/1.1" 200 - "-" "Turnitin (https://bit.ly/2UvnfoQ)"
199.47.82.18 - - [09/Jan/2025:13:57:26 +0100] "GET /drupal/node/266 HTTP/1.1" 200 - "-" "Turnitin (https://bit.ly/2UvnfoQ)"
199.47.82.18 - - [09/Jan/2025:13:57:36 +0100] "GET /drupal/node/267 HTTP/1.1" 200 - "-" "Turnitin (https://bit.ly/2UvnfoQ)"
199.47.82.18 - - [09/Jan/2025:13:57:46 +0100] "GET /drupal/node/273 HTTP/1.1" 200 - "-" "Turnitin (https://bit.ly/2UvnfoQ)"
199.47.82.18 - - [09/Jan/2025:13:57:56 +0100] "GET /drupal/node/275 HTTP/1.1" 200 - "-" "Turnitin (https://bit.ly/2UvnfoQ)"
199.47.82.18 - - [09/Jan/2025:13:58:06 +0100] "GET /drupal/node/276 HTTP/1.1" 200 - "-" "Turnitin (https://bit.ly/2UvnfoQ)"
199.47.82.18 - - [09/Jan/2025:13:58:16 +0100] "GET /drupal/node/28 HTTP/1.1" 200 - "-" "Turnitin (https://bit.ly/2UvnfoQ)"
199.47.82.18 - - [09/Jan/2025:13:58:26 +0100] "GET /drupal/node/280 HTTP/1.1" 200 - "-" "Turnitin (https://bit.ly/2UvnfoQ)"
199.47.82.18 - - [09/Jan/2025:13:58:36 +0100] "GET /drupal/node/281 HTTP/1.1" 200 - "-" "Turnitin (https://bit.ly/2UvnfoQ)"
199.47.82.18 - - [09/Jan/2025:13:58:46 +0100] "GET /drupal/node/282 HTTP/1.1" 200 - "-" "Turnitin (https://bit.ly/2UvnfoQ)"
199.47.82.18 - - [09/Jan/2025:13:58:56 +0100] "GET /drupal/node/29 HTTP/1.1" 200 - "-" "Turnitin (https://bit.ly/2UvnfoQ)"
199.47.82.18 - - [09/Jan/2025:13:59:06 +0100] "GET /drupal/node/30 HTTP/1.1" 200 - "-" "Turnitin (https://bit.ly/2UvnfoQ)"
199.47.82.18 - - [09/Jan/2025:13:59:16 +0100] "GET /drupal/node/31 HTTP/1.1" 200 - "-" "Turnitin (https://bit.ly/2UvnfoQ)"
199.47.82.18 - - [09/Jan/2025:13:59:26 +0100] "GET /drupal/node/316 HTTP/1.1" 200 - "-" "Turnitin (https://bit.ly/2UvnfoQ)"
199.47.82.18 - - [09/Jan/2025:13:59:36 +0100] "GET /drupal/node/317 HTTP/1.1" 200 - "-" "Turnitin (https://bit.ly/2UvnfoQ)"
199.47.82.18 - - [09/Jan/2025:13:59:46 +0100] "GET /drupal/node/333 HTTP/1.1" 200 - "-" "Turnitin (https://bit.ly/2UvnfoQ)"
199.47.82.18 - - [09/Jan/2025:13:59:56 +0100] "GET /drupal/node/336 HTTP/1.1" 200 - "-" "Turnitin (https://bit.ly/2UvnfoQ)"
199.47.82.18 - - [09/Jan/2025:14:00:06 +0100] "GET /drupal/node/354 HTTP/1.1" 200 - "-" "Turnitin (https://bit.ly/2UvnfoQ)"
199.47.82.18 - - [09/Jan/2025:14:00:16 +0100] "GET /drupal/node/355 HTTP/1.1" 200 - "-" "Turnitin (https://bit.ly/2UvnfoQ)"
199.47.82.18 - - [09/Jan/2025:14:00:26 +0100] "GET /drupal/node/356 HTTP/1.1" 200 - "-" "Turnitin (https://bit.ly/2UvnfoQ)"
199.47.82.18 - - [09/Jan/2025:14:00:36 +0100] "GET /drupal/node/357 HTTP/1.1" 200 - "-" "Turnitin (https://bit.ly/2UvnfoQ)"
199.47.82.18 - - [09/Jan/2025:14:00:46 +0100] "GET /drupal/node/358 HTTP/1.1" 200 - "-" "Turnitin (https://bit.ly/2UvnfoQ)"
199.47.82.18 - - [09/Jan/2025:14:00:56 +0100] "GET /drupal/node/359 HTTP/1.1" 200 - "-" "Turnitin (https://bit.ly/2UvnfoQ)"
199.47.82.18 - - [09/Jan/2025:14:01:06 +0100] "GET /drupal/node/39 HTTP/1.1" 200 - "-" "Turnitin (https://bit.ly/2UvnfoQ)"
199.47.82.18 - - [09/Jan/2025:14:01:16 +0100] "GET /drupal/node/40 HTTP/1.1" 200 - "-" "Turnitin (https://bit.ly/2UvnfoQ)"
199.47.82.18 - - [09/Jan/2025:14:01:26 +0100] "GET /drupal/node/41 HTTP/1.1" 200 - "-" "Turnitin (https://bit.ly/2UvnfoQ)"
199.47.82.18 - - [09/Jan/2025:14:01:36 +0100] "GET /drupal/node/42 HTTP/1.1" 200 - "-" "Turnitin (https://bit.ly/2UvnfoQ)"
199.47.82.18 - - [09/Jan/2025:14:01:46 +0100] "GET /drupal/node/43 HTTP/1.1" 200 - "-" "Turnitin (https://bit.ly/2UvnfoQ)"
199.47.82.18 - - [09/Jan/2025:14:01:56 +0100] "GET /drupal/node/44 HTTP/1.1" 200 - "-" "Turnitin (https://bit.ly/2UvnfoQ)"
199.47.82.18 - - [09/Jan/2025:14:02:06 +0100] "GET /drupal/node/491 HTTP/1.1" 200 - "-" "Turnitin (https://bit.ly/2UvnfoQ)"
199.47.82.18 - - [09/Jan/2025:14:02:16 +0100] "GET /drupal/node/555 HTTP/1.1" 200 - "-" "Turnitin (https://bit.ly/2UvnfoQ)"
199.47.82.18 - - [09/Jan/2025:14:02:26 +0100] "GET /drupal/node/559 HTTP/1.1" 200 - "-" "Turnitin (https://bit.ly/2UvnfoQ)"
199.47.82.18 - - [09/Jan/2025:14:02:36 +0100] "GET /drupal/node/6 HTTP/1.1" 200 - "-" "Turnitin (https://bit.ly/2UvnfoQ)"
199.47.82.18 - - [09/Jan/2025:14:02:46 +0100] "GET /drupal/node/683 HTTP/1.1" 200 - "-" "Turnitin (https://bit.ly/2UvnfoQ)"
199.47.82.18 - - [09/Jan/2025:14:02:56 +0100] "GET /drupal/node/687 HTTP/1.1" 200 - "-" "Turnitin (https://bit.ly/2UvnfoQ)"
199.47.82.18 - - [09/Jan/2025:14:03:06 +0100] "GET /drupal/node/688 HTTP/1.1" 200 - "-" "Turnitin (https://bit.ly/2UvnfoQ)"
199.47.82.18 - - [09/Jan/2025:14:03:16 +0100] "GET /drupal/node/689 HTTP/1.1" 200 - "-" "Turnitin (https://bit.ly/2UvnfoQ)"
199.47.82.18 - - [09/Jan/2025:14:03:26 +0100] "GET /drupal/node/692 HTTP/1.1" 200 - "-" "Turnitin (https://bit.ly/2UvnfoQ)"
199.47.82.18 - - [09/Jan/2025:14:03:36 +0100] "GET /drupal/node/695 HTTP/1.1" 200 - "-" "Turnitin (https://bit.ly/2UvnfoQ)"
199.47.82.18 - - [09/Jan/2025:14:03:46 +0100] "GET /drupal/node/7 HTTP/1.1" 200 - "-" "Turnitin (https://bit.ly/2UvnfoQ)"
199.47.82.18 - - [09/Jan/2025:14:03:56 +0100] "GET /drupal/node/706 HTTP/1.1" 200 - "-" "Turnitin (https://bit.ly/2UvnfoQ)"
199.47.82.18 - - [09/Jan/2025:14:04:06 +0100] "GET /drupal/node/707 HTTP/1.1" 200 - "-" "Turnitin (https://bit.ly/2UvnfoQ)"
199.47.82.18 - - [09/Jan/2025:14:04:16 +0100] "GET /drupal/node/708 HTTP/1.1" 200 - "-" "Turnitin (https://bit.ly/2UvnfoQ)"
199.47.82.18 - - [09/Jan/2025:14:04:26 +0100] "GET /drupal/node/709 HTTP/1.1" 200 - "-" "Turnitin (https://bit.ly/2UvnfoQ)"
199.47.82.18 - - [09/Jan/2025:14:04:36 +0100] "GET /drupal/node/710 HTTP/1.1" 200 - "-" "Turnitin (https://bit.ly/2UvnfoQ)"
199.47.82.18 - - [09/Jan/2025:14:04:46 +0100] "GET /drupal/node/712 HTTP/1.1" 200 - "-" "Turnitin (https://bit.ly/2UvnfoQ)"
199.47.82.18 - - [09/Jan/2025:14:04:56 +0100] "GET /drupal/node/724 HTTP/1.1" 200 - "-" "Turnitin (https://bit.ly/2UvnfoQ)"
199.47.82.18 - - [09/Jan/2025:14:05:06 +0100] "GET /drupal/node/738 HTTP/1.1" 200 - "-" "Turnitin (https://bit.ly/2UvnfoQ)"
199.47.82.18 - - [09/Jan/2025:14:05:16 +0100] "GET /drupal/node/739 HTTP/1.1" 200 - "-" "Turnitin (https://bit.ly/2UvnfoQ)"
199.47.82.18 - - [09/Jan/2025:14:05:26 +0100] "GET /drupal/node/740 HTTP/1.1" 200 - "-" "Turnitin (https://bit.ly/2UvnfoQ)"
199.47.82.18 - - [09/Jan/2025:14:05:36 +0100] "GET /drupal/node/741 HTTP/1.1" 200 - "-" "Turnitin (https://bit.ly/2UvnfoQ)"
199.47.82.18 - - [09/Jan/2025:14:05:46 +0100] "GET /drupal/node/742 HTTP/1.1" 200 - "-" "Turnitin (https://bit.ly/2UvnfoQ)"
199.47.82.18 - - [09/Jan/2025:14:05:56 +0100] "GET /drupal/node/743 HTTP/1.1" 200 - "-" "Turnitin (https://bit.ly/2UvnfoQ)"
199.47.82.18 - - [09/Jan/2025:14:06:06 +0100] "GET /drupal/node/744 HTTP/1.1" 200 - "-" "Turnitin (https://bit.ly/2UvnfoQ)"
199.47.82.18 - - [09/Jan/2025:14:06:16 +0100] "GET /drupal/node/745 HTTP/1.1" 200 - "-" "Turnitin (https://bit.ly/2UvnfoQ)"
199.47.82.18 - - [09/Jan/2025:14:06:26 +0100] "GET /drupal/node/747 HTTP/1.1" 200 - "-" "Turnitin (https://bit.ly/2UvnfoQ)"
199.47.82.18 - - [09/Jan/2025:14:06:36 +0100] "GET /drupal/node/748 HTTP/1.1" 200 - "-" "Turnitin (https://bit.ly/2UvnfoQ)"
199.47.82.18 - - [09/Jan/2025:14:06:46 +0100] "GET /drupal/node/749 HTTP/1.1" 200 - "-" "Turnitin (https://bit.ly/2UvnfoQ)"
199.47.82.18 - - [09/Jan/2025:14:06:56 +0100] "GET /drupal/node/752 HTTP/1.1" 200 - "-" "Turnitin (https://bit.ly/2UvnfoQ)"
199.47.82.18 - - [09/Jan/2025:14:07:06 +0100] "GET /drupal/node/753 HTTP/1.1" 200 - "-" "Turnitin (https://bit.ly/2UvnfoQ)"
199.47.82.18 - - [09/Jan/2025:14:07:16 +0100] "GET /drupal/node/754 HTTP/1.1" 200 - "-" "Turnitin (https://bit.ly/2UvnfoQ)"
199.47.82.18 - - [09/Jan/2025:14:07:26 +0100] "GET /drupal/node/755 HTTP/1.1" 200 - "-" "Turnitin (https://bit.ly/2UvnfoQ)"
199.47.82.18 - - [09/Jan/2025:14:07:36 +0100] "GET /drupal/node/756 HTTP/1.1" 200 - "-" "Turnitin (https://bit.ly/2UvnfoQ)"
199.47.82.18 - - [09/Jan/2025:14:07:46 +0100] "GET /drupal/node/757 HTTP/1.1" 200 - "-" "Turnitin (https://bit.ly/2UvnfoQ)"
199.47.82.18 - - [09/Jan/2025:14:07:56 +0100] "GET /drupal/node/758 HTTP/1.1" 200 - "-" "Turnitin (https://bit.ly/2UvnfoQ)"
199.47.82.18 - - [09/Jan/2025:14:08:06 +0100] "GET /drupal/node/759 HTTP/1.1" 200 - "-" "Turnitin (https://bit.ly/2UvnfoQ)"
199.47.82.18 - - [09/Jan/2025:14:08:16 +0100] "GET /drupal/node/760 HTTP/1.1" 200 - "-" "Turnitin (https://bit.ly/2UvnfoQ)"
199.47.82.18 - - [09/Jan/2025:14:08:26 +0100] "GET /drupal/node/761 HTTP/1.1" 200 - "-" "Turnitin (https://bit.ly/2UvnfoQ)"
199.47.82.18 - - [09/Jan/2025:14:08:36 +0100] "GET /drupal/node/762 HTTP/1.1" 200 - "-" "Turnitin (https://bit.ly/2UvnfoQ)"
199.47.82.18 - - [09/Jan/2025:14:08:46 +0100] "GET /drupal/node/763 HTTP/1.1" 200 - "-" "Turnitin (https://bit.ly/2UvnfoQ)"
199.47.82.18 - - [09/Jan/2025:14:08:56 +0100] "GET /drupal/node/764 HTTP/1.1" 200 - "-" "Turnitin (https://bit.ly/2UvnfoQ)"
199.47.82.18 - - [09/Jan/2025:14:09:06 +0100] "GET /drupal/node/765 HTTP/1.1" 200 - "-" "Turnitin (https://bit.ly/2UvnfoQ)"
199.47.82.18 - - [09/Jan/2025:14:09:16 +0100] "GET /drupal/node/766 HTTP/1.1" 200 - "-" "Turnitin (https://bit.ly/2UvnfoQ)"
