207.46.13.64 - - [18/Jan/2025:03:52:12 +0100] "GET /files/cegbejegyz_cegnyilv_08.12.doc HTTP/1.1" 304 - "-" "Mozilla/5.0 AppleWebKit/537.36 (KHTML, like Gecko; compatible; bingbot/2.0; +http://www.bing.com/bingbot.htm) Chrome/116.0.1938.76 Safari/537.36"
216.244.66.200 - - [18/Jan/2025:04:08:20 +0100] "GET /files/dijrendelet_KOZIGRE.doc HTTP/1.1" 200 127488 "-" "Mozilla/5.0 (compatible; DotBot/1.2; +https://opensiteexplorer.org/dotbot; help@moz.com)"
66.249.66.87 - - [18/Jan/2025:04:28:40 +0100] "GET /files/elelmezesi_rendelet_tervezet.pdf HTTP/1.1" 200 118824 "-" "Mozilla/5.0 (Linux; Android 6.0.1; Nexus 5X Build/MMB29P) AppleWebKit/537.36 (KHTML, like Gecko) Chrome/132.0.6834.83 Mobile Safari/537.36 (compatible; GoogleOther)"
66.249.66.4 - - [18/Jan/2025:05:28:40 +0100] "GET /files/erdoterv_rendelet_velemenyezesre.pdf HTTP/1.1" 200 474072 "-" "Googlebot/2.1 (+http://www.google.com/bot.html)"
47.128.39.88 - - [18/Jan/2025:05:32:00 +0100] "GET /drupal/node/26 HTTP/1.1" 200 - "-" "Mozilla/5.0 (Linux; Android 5.0) AppleWebKit/537.36 (KHTML, like Gecko) Mobile Safari/537.36 (compatible; Bytespider; spider-feedback@bytedance.com)"
66.249.66.87 - - [18/Jan/2025:05:33:02 +0100] "GET /files/KAT_norma_06_24.pdf HTTP/1.1" 200 200161 "-" "Mozilla/5.0 (Linux; Android 6.0.1; Nexus 5X Build/MMB29P) AppleWebKit/537.36 (KHTML, like Gecko) Chrome/132.0.6834.83 Mobile Safari/537.36 (compatible; GoogleOther)"
47.128.34.7 - - [18/Jan/2025:05:35:59 +0100] "GET /drupal/ HTTP/1.1" 200 - "-" "Mozilla/5.0 (Linux; Android 5.0) AppleWebKit/537.36 (KHTML, like Gecko) Mobile Safari/537.36 (compatible; Bytespider; spider-feedback@bytedance.com)"
47.128.97.213 - - [18/Jan/2025:05:39:59 +0100] "GET /drupal/node/1274 HTTP/1.1" 200 - "-" "Mozilla/5.0 (Linux; Android 5.0) AppleWebKit/537.36 (KHTML, like Gecko) Mobile Safari/537.36 (compatible; Bytespider; spider-feedback@bytedance.com)"
47.128.21.219 - - [18/Jan/2025:05:44:00 +0100] "GET /drupal/node/481 HTTP/1.1" 200 - "-" "Mozilla/5.0 (Linux; Android 5.0) AppleWebKit/537.36 (KHTML, like Gecko) Mobile Safari/537.36 (compatible; Bytespider; spider-feedback@bytedance.com)"
47.128.127.246 - - [18/Jan/2025:05:47:59 +0100] "GET /drupal/node/386 HTTP/1.1" 200 - "-" "Mozilla/5.0 (Linux; Android 5.0) AppleWebKit/537.36 (KHTML, like Gecko) Mobile Safari/537.36 (compatible; Bytespider; spider-feedback@bytedance.com)"
47.128.45.12 - - [18/Jan/2025:05:51:59 +0100] "GET /drupal/node/383 HTTP/1.1" 200 - "-" "Mozilla/5.0 (Linux; Android 5.0) AppleWebKit/537.36 (KHTML, like Gecko) Mobile Safari/537.36 (compatible; Bytespider; spider-feedback@bytedance.com)"
216.244.66.200 - - [18/Jan/2025:05:53:27 +0100] "GET /robots.txt HTTP/1.1" 200 1590 "-" "Mozilla/5.0 (compatible; DotBot/1.2; +https://opensiteexplorer.org/dotbot; help@moz.com)"
47.128.63.31 - - [18/Jan/2025:05:56:00 +0100] "GET /drupal/node/1273 HTTP/1.1" 200 - "-" "Mozilla/5.0 (Linux; Android 5.0) AppleWebKit/537.36 (KHTML, like Gecko) Mobile Safari/537.36 (compatible; Bytespider; spider-feedback@bytedance.com)"
47.128.20.203 - - [18/Jan/2025:05:59:59 +0100] "GET /drupal/node/27 HTTP/1.1" 200 - "-" "Mozilla/5.0 (Linux; Android 5.0) AppleWebKit/537.36 (KHTML, like Gecko) Mobile Safari/537.36 (compatible; Bytespider; spider-feedback@bytedance.com)"
216.244.66.200 - - [18/Jan/2025:06:03:12 +0100] "GET /files/IRM_munkaterv_2007.I.f%C3%A9l%C3%A9v.doc HTTP/1.1" 200 204288 "-" "Mozilla/5.0 (compatible; DotBot/1.2; +https://opensiteexplorer.org/dotbot; help@moz.com)"
47.128.116.126 - - [18/Jan/2025:06:03:59 +0100] "GET /drupal/node/384 HTTP/1.1" 200 - "-" "Mozilla/5.0 (Linux; Android 5.0) AppleWebKit/537.36 (KHTML, like Gecko) Mobile Safari/537.36 (compatible; Bytespider; spider-feedback@bytedance.com)"
47.128.116.57 - - [18/Jan/2025:06:08:00 +0100] "GET /drupal/node/385 HTTP/1.1" 200 - "-" "Mozilla/5.0 (Linux; Android 5.0) AppleWebKit/537.36 (KHTML, like Gecko) Mobile Safari/537.36 (compatible; Bytespider; spider-feedback@bytedance.com)"
47.128.30.156 - - [18/Jan/2025:06:15:29 +0100] "GET /robots.txt HTTP/1.1" 200 1590 "-" "Mozilla/5.0 (Linux; Android 5.0) AppleWebKit/537.36 (KHTML, like Gecko) Mobile Safari/537.36 (compatible; Bytespider; spider-feedback@bytedance.com)"
13.57.243.176 - - [18/Jan/2025:06:29:13 +0100] "GET / HTTP/1.1" 200 - "-" "bitdiscovery-suggestions"
47.79.116.253 - - [18/Jan/2025:06:46:33 +0100] "GET /drupal/files/korkedv_minrend_terv_070626.pdf HTTP/1.1" 200 - "http://jogalkotas.hu/drupal/files/korkedv_minrend_terv_070626.pdf" "Mozilla/5.0 (Windows NT 10.0; Win64; x64) AppleWebKit/537.36 (KHTML, like Gecko) Chrome/114.0.0.0 Safari/537.36 Edg/114.0.1823.43"
199.47.82.18 - - [18/Jan/2025:06:50:51 +0100] "GET /robots.txt HTTP/1.1" 200 1590 "-" "Turnitin (https://bit.ly/2UvnfoQ)"
199.47.82.18 - - [18/Jan/2025:06:50:52 +0100] "GET /robots.txt HTTP/1.1" 200 1590 "-" "Turnitin (https://bit.ly/2UvnfoQ)"
199.47.82.18 - - [18/Jan/2025:06:51:23 +0100] "GET /moodle/index.php?cal_m=1&cal_y=2008 HTTP/1.1" 200 - "-" "Turnitin (https://bit.ly/2UvnfoQ)"
199.47.82.18 - - [18/Jan/2025:06:51:33 +0100] "GET /moodle/index.php?cal_m=11&cal_y=2007 HTTP/1.1" 200 - "-" "Turnitin (https://bit.ly/2UvnfoQ)"
199.47.82.18 - - [18/Jan/2025:06:51:43 +0100] "GET /moodle/index.php?cal_m=6&cal_y=2008 HTTP/1.1" 200 - "-" "Turnitin (https://bit.ly/2UvnfoQ)"
66.249.66.87 - - [18/Jan/2025:06:54:37 +0100] "GET /files/kozig_20071217.pdf HTTP/1.1" 200 84015 "-" "Googlebot/2.1 (+http://www.google.com/bot.html)"
157.55.39.59 - - [18/Jan/2025:07:20:48 +0100] "GET /node/42 HTTP/1.1" 200 - "-" "Mozilla/5.0 AppleWebKit/537.36 (KHTML, like Gecko; compatible; bingbot/2.0; +http://www.bing.com/bingbot.htm) Chrome/116.0.1938.76 Safari/537.36"
157.55.39.59 - - [18/Jan/2025:07:21:20 +0100] "GET /node/42 HTTP/1.1" 200 - "-" "Mozilla/5.0 AppleWebKit/537.36 (KHTML, like Gecko; compatible; bingbot/2.0; +http://www.bing.com/bingbot.htm) Chrome/116.0.1938.76 Safari/537.36"
216.244.66.200 - - [18/Jan/2025:07:23:09 +0100] "GET /robots.txt HTTP/1.1" 200 1590 "-" "Mozilla/5.0 (compatible; DotBot/1.2; +https://opensiteexplorer.org/dotbot; help@moz.com)"
213.180.203.47 - - [18/Jan/2025:07:33:10 +0100] "GET /robots.txt HTTP/1.1" 200 1590 "-" "Mozilla/5.0 (compatible; YandexBot/3.0; +http://yandex.com/bots)"
213.180.203.38 - - [18/Jan/2025:07:33:42 +0100] "GET /files/ptk.dolo- HTTP/1.1" 200 - "-" "Mozilla/5.0 (compatible; YandexBot/3.0; +http://yandex.com/bots)"
216.244.66.200 - - [18/Jan/2025:07:34:08 +0100] "GET /files/263.pdf HTTP/1.1" 200 151779 "-" "Mozilla/5.0 (compatible; DotBot/1.2; +https://opensiteexplorer.org/dotbot; help@moz.com)"
216.244.66.200 - - [18/Jan/2025:07:35:02 +0100] "GET /files/uefa.doc HTTP/1.1" 200 432543 "-" "Mozilla/5.0 (compatible; DotBot/1.2; +https://opensiteexplorer.org/dotbot; help@moz.com)"
66.249.66.4 - - [18/Jan/2025:07:50:04 +0100] "GET /files/ptk.csaladjog_0.pdf HTTP/1.1" 200 429444 "-" "Mozilla/5.0 (Linux; Android 6.0.1; Nexus 5X Build/MMB29P) AppleWebKit/537.36 (KHTML, like Gecko) Chrome/132.0.6834.83 Mobile Safari/537.36 (compatible; GoogleOther)"
216.244.66.200 - - [18/Jan/2025:08:07:35 +0100] "GET /robots.txt HTTP/1.1" 200 1590 "-" "Mozilla/5.0 (compatible; DotBot/1.2; +https://opensiteexplorer.org/dotbot; help@moz.com)"
216.244.66.200 - - [18/Jan/2025:08:18:51 +0100] "GET /files/1022.pdf HTTP/1.1" 200 286300 "-" "Mozilla/5.0 (compatible; DotBot/1.2; +https://opensiteexplorer.org/dotbot; help@moz.com)"
216.244.66.200 - - [18/Jan/2025:08:18:52 +0100] "GET /files/mell1a.pdf HTTP/1.1" 200 105926 "-" "Mozilla/5.0 (compatible; DotBot/1.2; +https://opensiteexplorer.org/dotbot; help@moz.com)"
66.249.66.6 - - [18/Jan/2025:08:19:58 +0100] "GET /files/Tuzszolszab..pdf HTTP/1.1" 200 424954 "-" "Mozilla/5.0 (Linux; Android 6.0.1; Nexus 5X Build/MMB29P) AppleWebKit/537.36 (KHTML, like Gecko) Chrome/132.0.6834.83 Mobile Safari/537.36 (compatible; GoogleOther)"
66.249.66.6 - - [18/Jan/2025:08:50:14 +0100] "GET /files/ekozig_programterv.pdf HTTP/1.1" 200 851292 "-" "Mozilla/5.0 (Linux; Android 6.0.1; Nexus 5X Build/MMB29P) AppleWebKit/537.36 (KHTML, like Gecko) Chrome/132.0.6834.83 Mobile Safari/537.36 (compatible; GoogleOther)"
216.244.66.200 - - [18/Jan/2025:08:52:39 +0100] "GET /robots.txt HTTP/1.1" 200 1590 "-" "Mozilla/5.0 (compatible; DotBot/1.2; +https://opensiteexplorer.org/dotbot; help@moz.com)"
66.249.66.6 - - [18/Jan/2025:08:54:13 +0100] "GET /files/erettsegi_reszletes_szab_allig_egy_re_06_02_06.pdf HTTP/1.1" 304 - "-" "Mozilla/5.0 (Linux; Android 6.0.1; Nexus 5X Build/MMB29P) AppleWebKit/537.36 (KHTML, like Gecko) Chrome/132.0.6834.83 Mobile Safari/537.36 (compatible; Googlebot/2.1; +http://www.google.com/bot.html)"
216.244.66.200 - - [18/Jan/2025:09:03:26 +0100] "GET /files/R206.doc HTTP/1.1" 200 54272 "-" "Mozilla/5.0 (compatible; DotBot/1.2; +https://opensiteexplorer.org/dotbot; help@moz.com)"
216.244.66.200 - - [18/Jan/2025:09:03:54 +0100] "GET /files/R2412.pdf HTTP/1.1" 200 130896 "-" "Mozilla/5.0 (compatible; DotBot/1.2; +https://opensiteexplorer.org/dotbot; help@moz.com)"
216.244.66.200 - - [18/Jan/2025:09:04:32 +0100] "GET /files/TK102.doc HTTP/1.1" 200 80384 "-" "Mozilla/5.0 (compatible; DotBot/1.2; +https://opensiteexplorer.org/dotbot; help@moz.com)"
216.244.66.200 - - [18/Jan/2025:09:05:15 +0100] "GET /files/TeIR_.doc HTTP/1.1" 200 322560 "-" "Mozilla/5.0 (compatible; DotBot/1.2; +https://opensiteexplorer.org/dotbot; help@moz.com)"
66.249.66.86 - - [18/Jan/2025:09:17:03 +0100] "GET /favicon.ico HTTP/1.1" 404 57 "-" "Googlebot-Image/1.0"
79.209.32.41 - - [18/Jan/2025:09:37:09 +0100] "GET /files/cegbejegyzesi_eljaras_21_per_2006__02_12_fin.doc HTTP/1.1" 200 54272 "-" "Mozilla/5.0 (Windows NT 10.0; Win64; x64; rv:65.0) Gecko/20100101 Firefox/65.0"
66.249.66.87 - - [18/Jan/2025:09:49:00 +0100] "GET /files/Nemzetkozi_szerzodesekkel_kapcsolatos_eljarasrol_szolo_2005.evi_L.torveny_modositasarol.pdf HTTP/1.1" 304 - "-" "Mozilla/5.0 (Linux; Android 6.0.1; Nexus 5X Build/MMB29P) AppleWebKit/537.36 (KHTML, like Gecko) Chrome/132.0.6834.83 Mobile Safari/537.36 (compatible; Googlebot/2.1; +http://www.google.com/bot.html)"
207.46.13.64 - - [18/Jan/2025:10:04:34 +0100] "GET /node/127 HTTP/1.1" 200 - "-" "Mozilla/5.0 AppleWebKit/537.36 (KHTML, like Gecko; compatible; bingbot/2.0; +http://www.bing.com/bingbot.htm) Chrome/116.0.1938.76 Safari/537.36"
207.46.13.64 - - [18/Jan/2025:10:05:06 +0100] "GET /node/127 HTTP/1.1" 200 - "-" "Mozilla/5.0 AppleWebKit/537.36 (KHTML, like Gecko; compatible; bingbot/2.0; +http://www.bing.com/bingbot.htm) Chrome/116.0.1938.76 Safari/537.36"
23.22.105.143 - - [18/Jan/2025:11:12:03 +0100] "GET /robots.txt HTTP/1.1" 200 1590 "-" "Mozilla/5.0 AppleWebKit/537.36 (KHTML, like Gecko; compatible; Amazonbot/0.1; +https://developer.amazon.com/support/amazonbot) Chrome/119.0.6045.214 Safari/537.36"
3.218.35.239 - - [18/Jan/2025:11:12:40 +0100] "GET /drupal/node/26 HTTP/1.1" 200 - "-" "Mozilla/5.0 AppleWebKit/537.36 (KHTML, like Gecko; compatible; Amazonbot/0.1; +https://developer.amazon.com/support/amazonbot) Chrome/119.0.6045.214 Safari/537.36"
66.249.66.85 - - [18/Jan/2025:11:39:06 +0100] "GET /files/ptk_kotelmi_jog_0.pdf HTTP/1.1" 304 - "-" "Mozilla/5.0 (Linux; Android 6.0.1; Nexus 5X Build/MMB29P) AppleWebKit/537.36 (KHTML, like Gecko) Chrome/132.0.6834.83 Mobile Safari/537.36 (compatible; Googlebot/2.1; +http://www.google.com/bot.html)"
206.189.23.181 - - [18/Jan/2025:12:18:15 +0100] "GET / HTTP/1.1" 200 - "-" "Mozilla/5.0 (compatible)"
216.244.66.200 - - [18/Jan/2025:12:38:05 +0100] "GET /robots.txt HTTP/1.1" 200 1590 "-" "Mozilla/5.0 (compatible; DotBot/1.2; +https://opensiteexplorer.org/dotbot; help@moz.com)"
216.244.66.200 - - [18/Jan/2025:12:46:36 +0100] "GET /files/Jogharm_jav_potk.doc HTTP/1.1" 200 56832 "-" "Mozilla/5.0 (compatible; DotBot/1.2; +https://opensiteexplorer.org/dotbot; help@moz.com)"
216.244.66.200 - - [18/Jan/2025:12:46:56 +0100] "GET /files/NFGM3731__2_.pdf HTTP/1.1" 200 256734 "-" "Mozilla/5.0 (compatible; DotBot/1.2; +https://opensiteexplorer.org/dotbot; help@moz.com)"
216.244.66.200 - - [18/Jan/2025:12:47:33 +0100] "GET /files/R260-4vezetoi.doc HTTP/1.1" 200 116224 "-" "Mozilla/5.0 (compatible; DotBot/1.2; +https://opensiteexplorer.org/dotbot; help@moz.com)"
216.244.66.200 - - [18/Jan/2025:12:48:07 +0100] "GET /files/bizottsagok7.pdf HTTP/1.1" 200 79294 "-" "Mozilla/5.0 (compatible; DotBot/1.2; +https://opensiteexplorer.org/dotbot; help@moz.com)"
216.244.66.200 - - [18/Jan/2025:12:48:58 +0100] "GET /files/ktt_terv_080801.zip HTTP/1.1" 200 405034 "-" "Mozilla/5.0 (compatible; DotBot/1.2; +https://opensiteexplorer.org/dotbot; help@moz.com)"
216.244.66.200 - - [18/Jan/2025:12:49:47 +0100] "GET /files/m60_boly_pecs.pdf HTTP/1.1" 200 303676 "-" "Mozilla/5.0 (compatible; DotBot/1.2; +https://opensiteexplorer.org/dotbot; help@moz.com)"
216.244.66.200 - - [18/Jan/2025:12:50:20 +0100] "GET /files/megyei0815.pdf HTTP/1.1" 200 110576 "-" "Mozilla/5.0 (compatible; DotBot/1.2; +https://opensiteexplorer.org/dotbot; help@moz.com)"
216.244.66.200 - - [18/Jan/2025:12:51:05 +0100] "GET /files/Natura_tervezet_kozig.pdf HTTP/1.1" 200 319422 "-" "Mozilla/5.0 (compatible; DotBot/1.2; +https://opensiteexplorer.org/dotbot; help@moz.com)"
216.244.66.200 - - [18/Jan/2025:12:52:12 +0100] "GET /files/indokol%C3%83%C2%A1s.doc HTTP/1.1" 200 - "-" "Mozilla/5.0 (compatible; DotBot/1.2; +https://opensiteexplorer.org/dotbot; help@moz.com)"
216.244.66.200 - - [18/Jan/2025:12:52:33 +0100] "GET /files/tervezet_somogyvar.pdf HTTP/1.1" 200 189435 "-" "Mozilla/5.0 (compatible; DotBot/1.2; +https://opensiteexplorer.org/dotbot; help@moz.com)"
66.249.66.5 - - [18/Jan/2025:14:22:08 +0100] "GET /files/egyh_nemall_norm_terv_090807.pdf HTTP/1.1" 304 - "-" "Mozilla/5.0 (Linux; Android 6.0.1; Nexus 5X Build/MMB29P) AppleWebKit/537.36 (KHTML, like Gecko) Chrome/132.0.6834.83 Mobile Safari/537.36 (compatible; Googlebot/2.1; +http://www.google.com/bot.html)"
5.255.231.81 - - [18/Jan/2025:14:28:35 +0100] "GET /robots.txt HTTP/1.1" 200 1590 "-" "Mozilla/5.0 (compatible; YandexBot/3.0; +http://yandex.com/bots)"
95.108.213.132 - - [18/Jan/2025:14:28:37 +0100] "GET /files/TK86_2.doc HTTP/1.1" 200 905216 "-" "Mozilla/5.0 (compatible; YandexBot/3.0; +http://yandex.com/bots)"
66.249.66.87 - - [18/Jan/2025:14:38:31 +0100] "GET /files/telepules_dok.pdf HTTP/1.1" 304 - "-" "Mozilla/5.0 (Linux; Android 6.0.1; Nexus 5X Build/MMB29P) AppleWebKit/537.36 (KHTML, like Gecko) Chrome/132.0.6834.83 Mobile Safari/537.36 (compatible; Googlebot/2.1; +http://www.google.com/bot.html)"
216.244.66.200 - - [18/Jan/2025:14:51:39 +0100] "GET /robots.txt HTTP/1.1" 200 1590 "-" "Mozilla/5.0 (compatible; DotBot/1.2; +https://opensiteexplorer.org/dotbot; help@moz.com)"
66.249.66.87 - - [18/Jan/2025:15:04:17 +0100] "GET /files/szemelyugyi_igazgatas.pdf HTTP/1.1" 304 - "-" "Mozilla/5.0 (Linux; Android 6.0.1; Nexus 5X Build/MMB29P) AppleWebKit/537.36 (KHTML, like Gecko) Chrome/132.0.6834.83 Mobile Safari/537.36 (compatible; Googlebot/2.1; +http://www.google.com/bot.html)"
216.244.66.200 - - [18/Jan/2025:15:05:43 +0100] "GET /files/KHEM1889.doc HTTP/1.1" 200 165888 "-" "Mozilla/5.0 (compatible; DotBot/1.2; +https://opensiteexplorer.org/dotbot; help@moz.com)"
216.244.66.200 - - [18/Jan/2025:15:06:18 +0100] "GET /files/KHEM_2844norma.doc HTTP/1.1" 200 62464 "-" "Mozilla/5.0 (compatible; DotBot/1.2; +https://opensiteexplorer.org/dotbot; help@moz.com)"
216.244.66.200 - - [18/Jan/2025:15:06:57 +0100] "GET /files/huszas_060404.pdf HTTP/1.1" 200 199508 "-" "Mozilla/5.0 (compatible; DotBot/1.2; +https://opensiteexplorer.org/dotbot; help@moz.com)"
216.244.66.200 - - [18/Jan/2025:15:07:30 +0100] "GET /files/jogh_dij.doc HTTP/1.1" 200 81920 "-" "Mozilla/5.0 (compatible; DotBot/1.2; +https://opensiteexplorer.org/dotbot; help@moz.com)"
216.244.66.200 - - [18/Jan/2025:15:08:03 +0100] "GET /files/nm_terv_091130.pdf HTTP/1.1" 200 360556 "-" "Mozilla/5.0 (compatible; DotBot/1.2; +https://opensiteexplorer.org/dotbot; help@moz.com)"
216.244.66.200 - - [18/Jan/2025:15:08:35 +0100] "GET /files/okirattariterv.pdf HTTP/1.1" 200 411997 "-" "Mozilla/5.0 (compatible; DotBot/1.2; +https://opensiteexplorer.org/dotbot; help@moz.com)"
216.244.66.200 - - [18/Jan/2025:15:09:03 +0100] "GET /files/radiosp.zip HTTP/1.1" 200 26358 "-" "Mozilla/5.0 (compatible; DotBot/1.2; +https://opensiteexplorer.org/dotbot; help@moz.com)"
216.244.66.200 - - [18/Jan/2025:15:09:31 +0100] "GET /files/KHEM_6358_4_norma.doc HTTP/1.1" 200 81920 "-" "Mozilla/5.0 (compatible; DotBot/1.2; +https://opensiteexplorer.org/dotbot; help@moz.com)"
216.244.66.200 - - [18/Jan/2025:15:10:00 +0100] "GET /files/Tervezetek_kozigre.zip HTTP/1.1" 200 624714 "-" "Mozilla/5.0 (compatible; DotBot/1.2; +https://opensiteexplorer.org/dotbot; help@moz.com)"
216.244.66.200 - - [18/Jan/2025:15:10:28 +0100] "GET /files/ljagy_terv_090831.pdf HTTP/1.1" 200 498045 "-" "Mozilla/5.0 (compatible; DotBot/1.2; +https://opensiteexplorer.org/dotbot; help@moz.com)"
66.249.66.85 - - [18/Jan/2025:15:19:43 +0100] "GET /files/igszakkam_mod_tervezet_080918_0.doc HTTP/1.1" 304 - "-" "Mozilla/5.0 (Linux; Android 6.0.1; Nexus 5X Build/MMB29P) AppleWebKit/537.36 (KHTML, like Gecko) Chrome/132.0.6834.83 Mobile Safari/537.36 (compatible; Googlebot/2.1; +http://www.google.com/bot.html)"
66.249.66.87 - - [18/Jan/2025:15:29:58 +0100] "GET /files/Eloterjesztes_305.pdf HTTP/1.1" 200 214007 "-" "Mozilla/5.0 (Linux; Android 6.0.1; Nexus 5X Build/MMB29P) AppleWebKit/537.36 (KHTML, like Gecko) Chrome/132.0.6834.83 Mobile Safari/537.36 (compatible; Googlebot/2.1; +http://www.google.com/bot.html)"
207.46.13.102 - - [18/Jan/2025:15:30:13 +0100] "GET /files/katonai_szakkepesitesek_hm_rendelet.pdf HTTP/1.1" 304 - "-" "Mozilla/5.0 AppleWebKit/537.36 (KHTML, like Gecko; compatible; bingbot/2.0; +http://www.bing.com/bingbot.htm) Chrome/116.0.1938.76 Safari/537.36"
185.12.149.40 - - [18/Jan/2025:15:32:50 +0100] "GET /robots.txt HTTP/1.1" 200 1590 "-" "Mozilla/5.0 (Windows NT 10.0; Win64; x64; rv:123.0) Gecko/20100101 Firefox/123"
185.12.148.78 - - [18/Jan/2025:15:33:21 +0100] "GET / HTTP/1.1" 200 - "-" "Mozilla/5.0 (Windows NT 10.0; Win64; x64; rv:123.0) Gecko/20100101 Firefox/123"
31.46.244.226 - - [18/Jan/2025:15:35:01 +0100] "GET /files/Tuzszolszab..pdf HTTP/1.1" 200 424954 "https://www.google.com/" "Mozilla/5.0 (Windows NT 10.0; Win64; x64) AppleWebKit/537.36 (KHTML, like Gecko) Chrome/131.0.0.0 Safari/537.36"
31.46.244.226 - - [18/Jan/2025:15:35:01 +0100] "GET /favicon.ico HTTP/1.1" 404 57 "http://jogalkotas.hu/files/Tuzszolszab..pdf" "Mozilla/5.0 (Windows NT 10.0; Win64; x64) AppleWebKit/537.36 (KHTML, like Gecko) Chrome/131.0.0.0 Safari/537.36"
216.244.66.200 - - [18/Jan/2025:15:36:18 +0100] "GET /robots.txt HTTP/1.1" 200 1590 "-" "Mozilla/5.0 (compatible; DotBot/1.2; +https://opensiteexplorer.org/dotbot; help@moz.com)"
216.244.66.200 - - [18/Jan/2025:15:52:28 +0100] "GET /files/27_2009_OM-rend.pdf HTTP/1.1" 200 126463 "-" "Mozilla/5.0 (compatible; DotBot/1.2; +https://opensiteexplorer.org/dotbot; help@moz.com)"
216.244.66.200 - - [18/Jan/2025:15:52:40 +0100] "GET /files/2867_3.pdf HTTP/1.1" 200 148133 "-" "Mozilla/5.0 (compatible; DotBot/1.2; +https://opensiteexplorer.org/dotbot; help@moz.com)"
216.244.66.200 - - [18/Jan/2025:15:52:52 +0100] "GET /files/alk_tvjav.pdf HTTP/1.1" 200 144596 "-" "Mozilla/5.0 (compatible; DotBot/1.2; +https://opensiteexplorer.org/dotbot; help@moz.com)"
216.244.66.200 - - [18/Jan/2025:15:53:04 +0100] "GET /files/kjt53terv_070814.pdf HTTP/1.1" 200 187825 "-" "Mozilla/5.0 (compatible; DotBot/1.2; +https://opensiteexplorer.org/dotbot; help@moz.com)"
216.244.66.200 - - [18/Jan/2025:15:53:15 +0100] "GET /files/vagyonnyil.zip HTTP/1.1" 200 17717 "-" "Mozilla/5.0 (compatible; DotBot/1.2; +https://opensiteexplorer.org/dotbot; help@moz.com)"
216.244.66.200 - - [18/Jan/2025:15:53:41 +0100] "GET /files/13_havi_terv_070319.pdf HTTP/1.1" 200 200690 "-" "Mozilla/5.0 (compatible; DotBot/1.2; +https://opensiteexplorer.org/dotbot; help@moz.com)"
216.244.66.200 - - [18/Jan/2025:15:53:52 +0100] "GET /files/1997_83_tv_mod_081003.doc HTTP/1.1" 200 46592 "-" "Mozilla/5.0 (compatible; DotBot/1.2; +https://opensiteexplorer.org/dotbot; help@moz.com)"
216.244.66.200 - - [18/Jan/2025:15:54:04 +0100] "GET /files/Maconkai-ret_tervezet.pdf HTTP/1.1" 200 183314 "-" "Mozilla/5.0 (compatible; DotBot/1.2; +https://opensiteexplorer.org/dotbot; help@moz.com)"
216.244.66.200 - - [18/Jan/2025:15:54:17 +0100] "GET /files/begyka_terv_070716-2.pdf HTTP/1.1" 200 311216 "-" "Mozilla/5.0 (compatible; DotBot/1.2; +https://opensiteexplorer.org/dotbot; help@moz.com)"
216.244.66.200 - - [18/Jan/2025:15:54:32 +0100] "GET /files/peresnemperes-eloterj.doc HTTP/1.1" 200 1201664 "-" "Mozilla/5.0 (compatible; DotBot/1.2; +https://opensiteexplorer.org/dotbot; help@moz.com)"
66.249.66.85 - - [18/Jan/2025:16:00:11 +0100] "GET /files/kozigazgatasi,_szakmai-erdekkepviseleti_egyeztetesre_bocsatott_tervezet_honlap.doc HTTP/1.1" 200 92672 "-" "Mozilla/5.0 (Linux; Android 6.0.1; Nexus 5X Build/MMB29P) AppleWebKit/537.36 (KHTML, like Gecko) Chrome/132.0.6834.83 Mobile Safari/537.36 (compatible; Googlebot/2.1; +http://www.google.com/bot.html)"
66.249.66.87 - - [18/Jan/2025:16:06:53 +0100] "GET / HTTP/1.1" 200 - "-" "Mozilla/5.0 (compatible; Googlebot/2.1; +http://www.google.com/bot.html)"
66.249.66.86 - - [18/Jan/2025:16:07:25 +0100] "GET / HTTP/1.1" 200 - "-" "Mozilla/5.0 (Linux; Android 6.0.1; Nexus 5X Build/MMB29P) AppleWebKit/537.36 (KHTML, like Gecko) Chrome/99.0.4844.84 Mobile Safari/537.36 (compatible; Googlebot/2.1; +http://www.google.com/bot.html)"
66.249.66.87 - - [18/Jan/2025:16:07:57 +0100] "GET / HTTP/1.1" 200 - "-" "Mozilla/5.0 (compatible; Googlebot/2.1; +http://www.google.com/bot.html)"
66.249.66.86 - - [18/Jan/2025:16:08:29 +0100] "GET / HTTP/1.1" 200 - "-" "Mozilla/5.0 (Linux; Android 6.0.1; Nexus 5X Build/MMB29P) AppleWebKit/537.36 (KHTML, like Gecko) Chrome/132.0.6834.83 Mobile Safari/537.36 (compatible; Googlebot/2.1; +http://www.google.com/bot.html)"
66.249.66.86 - - [18/Jan/2025:16:11:30 +0100] "GET /files/43per2005_eum_rendelet__mod.doc HTTP/1.1" 304 - "-" "Mozilla/5.0 (Linux; Android 6.0.1; Nexus 5X Build/MMB29P) AppleWebKit/537.36 (KHTML, like Gecko) Chrome/132.0.6834.83 Mobile Safari/537.36 (compatible; Googlebot/2.1; +http://www.google.com/bot.html)"
66.249.66.87 - - [18/Jan/2025:16:38:25 +0100] "GET /files/51995[1].pdf HTTP/1.1" 304 - "-" "Mozilla/5.0 (Linux; Android 6.0.1; Nexus 5X Build/MMB29P) AppleWebKit/537.36 (KHTML, like Gecko) Chrome/132.0.6834.83 Mobile Safari/537.36 (compatible; Googlebot/2.1; +http://www.google.com/bot.html)"
107.20.25.33 - - [18/Jan/2025:16:38:43 +0100] "GET /drupal/files/miniszt_2006_szeptember.pdf HTTP/1.1" 200 - "-" "Mozilla/5.0 AppleWebKit/537.36 (KHTML, like Gecko; compatible; Amazonbot/0.1; +https://developer.amazon.com/support/amazonbot) Chrome/119.0.6045.214 Safari/537.36"
205.210.31.6 - - [18/Jan/2025:16:43:36 +0100] "GET / HTTP/1.1" 200 - "-" "-"
66.249.66.85 - - [18/Jan/2025:16:46:28 +0100] "GET /files/egyes_nemesfem.pdf HTTP/1.1" 304 - "-" "Mozilla/5.0 (Linux; Android 6.0.1; Nexus 5X Build/MMB29P) AppleWebKit/537.36 (KHTML, like Gecko) Chrome/132.0.6834.83 Mobile Safari/537.36 (compatible; Googlebot/2.1; +http://www.google.com/bot.html)"
66.249.66.6 - - [18/Jan/2025:16:56:35 +0100] "GET /files/tervezet_Bodrogszeg.pdf HTTP/1.1" 200 187638 "-" "Googlebot/2.1 (+http://www.google.com/bot.html)"
66.249.66.6 - - [18/Jan/2025:17:20:16 +0100] "GET /files/alap_es_mesterkepzesterv_060918.pdf HTTP/1.1" 304 - "-" "Mozilla/5.0 (Linux; Android 6.0.1; Nexus 5X Build/MMB29P) AppleWebKit/537.36 (KHTML, like Gecko) Chrome/132.0.6834.83 Mobile Safari/537.36 (compatible; Googlebot/2.1; +http://www.google.com/bot.html)"
66.249.66.5 - - [18/Jan/2025:17:40:45 +0100] "GET /files/szvk_terv_090804.pdf HTTP/1.1" 200 1803870 "-" "Mozilla/5.0 (Linux; Android 6.0.1; Nexus 5X Build/MMB29P) AppleWebKit/537.36 (KHTML, like Gecko) Chrome/132.0.6834.83 Mobile Safari/537.36 (compatible; Googlebot/2.1; +http://www.google.com/bot.html)"
66.249.66.4 - - [18/Jan/2025:17:46:47 +0100] "GET /files/alapf_muv_okt_kovet_II_060414.pdf HTTP/1.1" 200 584355 "-" "Mozilla/5.0 (Linux; Android 6.0.1; Nexus 5X Build/MMB29P) AppleWebKit/537.36 (KHTML, like Gecko) Chrome/132.0.6834.83 Mobile Safari/537.36 (compatible; Googlebot/2.1; +http://www.google.com/bot.html)"
66.249.66.4 - - [18/Jan/2025:17:51:16 +0100] "GET /files/27_2001_hm_r_mod_20080410.pdf HTTP/1.1" 200 124624 "-" "Mozilla/5.0 (Linux; Android 6.0.1; Nexus 5X Build/MMB29P) AppleWebKit/537.36 (KHTML, like Gecko) Chrome/132.0.6834.83 Mobile Safari/537.36 (compatible; Googlebot/2.1; +http://www.google.com/bot.html)"
66.249.66.85 - - [18/Jan/2025:18:33:29 +0100] "GET /files/KUM_kituntetesek.pdf HTTP/1.1" 304 - "-" "Mozilla/5.0 (Linux; Android 6.0.1; Nexus 5X Build/MMB29P) AppleWebKit/537.36 (KHTML, like Gecko) Chrome/132.0.6834.83 Mobile Safari/537.36 (compatible; Googlebot/2.1; +http://www.google.com/bot.html)"
79.209.32.41 - - [18/Jan/2025:18:37:51 +0100] "GET /files/cegbejegyzesi_eljaras_21_per_2006__02_12_fin.doc HTTP/1.1" 200 54272 "-" "Mozilla/5.0 (Windows NT 10.0; WOW64; Trident/7.0; rv:11.0) like Gecko"
66.249.66.87 - - [18/Jan/2025:18:54:40 +0100] "GET /files/hm_rendelet_tervezet_minositett_adat_vedelmerol.pdf HTTP/1.1" 200 146515 "-" "Mozilla/5.0 (Linux; Android 6.0.1; Nexus 5X Build/MMB29P) AppleWebKit/537.36 (KHTML, like Gecko) Chrome/132.0.6834.83 Mobile Safari/537.36 (compatible; Googlebot/2.1; +http://www.google.com/bot.html)"
66.249.66.5 - - [18/Jan/2025:19:05:36 +0100] "GET /files/NFGM205.pdf HTTP/1.1" 200 159391 "-" "Mozilla/5.0 (Linux; Android 6.0.1; Nexus 5X Build/MMB29P) AppleWebKit/537.36 (KHTML, like Gecko) Chrome/132.0.6834.83 Mobile Safari/537.36 (compatible; Googlebot/2.1; +http://www.google.com/bot.html)"
66.249.66.6 - - [18/Jan/2025:19:16:38 +0100] "GET /files/_0dhgmn83jca174r35eh14qsj5dpi0_.pdf HTTP/1.1" 200 99492 "-" "Mozilla/5.0 (Linux; Android 6.0.1; Nexus 5X Build/MMB29P) AppleWebKit/537.36 (KHTML, like Gecko) Chrome/132.0.6834.83 Mobile Safari/537.36 (compatible; Googlebot/2.1; +http://www.google.com/bot.html)"
54.36.148.113 - - [18/Jan/2025:19:18:43 +0100] "GET /robots.txt HTTP/1.1" 200 1590 "-" "Mozilla/5.0 (compatible; AhrefsBot/7.0; +http://ahrefs.com/robot/)"
66.249.66.86 - - [18/Jan/2025:19:31:22 +0100] "GET /files/hm_rendelet_tervezet_allomany_melleklet.pdf HTTP/1.1" 304 - "-" "Mozilla/5.0 (Linux; Android 6.0.1; Nexus 5X Build/MMB29P) AppleWebKit/537.36 (KHTML, like Gecko) Chrome/132.0.6834.83 Mobile Safari/537.36 (compatible; Googlebot/2.1; +http://www.google.com/bot.html)"
66.249.66.4 - - [18/Jan/2025:19:54:06 +0100] "GET /taxonomy/term/55 HTTP/1.1" 200 - "-" "Mozilla/5.0 (Linux; Android 6.0.1; Nexus 5X Build/MMB29P) AppleWebKit/537.36 (KHTML, like Gecko) Chrome/132.0.6834.83 Mobile Safari/537.36 (compatible; Googlebot/2.1; +http://www.google.com/bot.html)"
66.249.66.86 - - [18/Jan/2025:20:48:20 +0100] "GET /files/IRM_munkaterv_2007.I.f%C3%A9l%C3%A9v.doc HTTP/1.1" 200 204288 "-" "Mozilla/5.0 (Linux; Android 6.0.1; Nexus 5X Build/MMB29P) AppleWebKit/537.36 (KHTML, like Gecko) Chrome/132.0.6834.83 Mobile Safari/537.36 (compatible; Googlebot/2.1; +http://www.google.com/bot.html)"
5.255.231.110 - - [18/Jan/2025:21:09:12 +0100] "GET /robots.txt HTTP/1.1" 200 1590 "-" "Mozilla/5.0 (compatible; YandexBot/3.0; +http://yandex.com/bots)"
87.250.224.48 - - [18/Jan/2025:21:09:44 +0100] "GET /hasznos-informaciok HTTP/1.1" 200 - "-" "Mozilla/5.0 (compatible; YandexBot/3.0; +http://yandex.com/bots)"
216.244.66.200 - - [18/Jan/2025:21:37:18 +0100] "GET /robots.txt HTTP/1.1" 200 1590 "-" "Mozilla/5.0 (compatible; DotBot/1.2; +https://opensiteexplorer.org/dotbot; help@moz.com)"
66.249.66.6 - - [18/Jan/2025:21:40:49 +0100] "GET / HTTP/1.1" 200 - "-" "Mozilla/5.0 (Linux; Android 6.0.1; Nexus 5X Build/MMB29P) AppleWebKit/537.36 (KHTML, like Gecko) Chrome/99.0.4844.84 Mobile Safari/537.36 (compatible; Googlebot/2.1; +http://www.google.com/bot.html)"
66.249.66.5 - - [18/Jan/2025:21:41:21 +0100] "GET / HTTP/1.1" 200 - "-" "Mozilla/5.0 (compatible; Googlebot/2.1; +http://www.google.com/bot.html)"
66.249.66.4 - - [18/Jan/2025:21:41:53 +0100] "GET / HTTP/1.1" 200 - "-" "Mozilla/5.0 (Linux; Android 6.0.1; Nexus 5X Build/MMB29P) AppleWebKit/537.36 (KHTML, like Gecko) Chrome/132.0.6834.83 Mobile Safari/537.36 (compatible; Googlebot/2.1; +http://www.google.com/bot.html)"
66.249.66.5 - - [18/Jan/2025:21:42:54 +0100] "GET / HTTP/1.1" 200 - "-" "Mozilla/5.0 (compatible; Googlebot/2.1; +http://www.google.com/bot.html)"
216.244.66.200 - - [18/Jan/2025:21:45:01 +0100] "GET /files/2009jan-%C3%83%C2%A1prilis.pdf HTTP/1.1" 200 - "-" "Mozilla/5.0 (compatible; DotBot/1.2; +https://opensiteexplorer.org/dotbot; help@moz.com)"
216.244.66.200 - - [18/Jan/2025:21:45:32 +0100] "GET /files/Idtv%20szakmapolitik%C3%83%C2%A1ra.doc HTTP/1.1" 200 - "-" "Mozilla/5.0 (compatible; DotBot/1.2; +https://opensiteexplorer.org/dotbot; help@moz.com)"
216.244.66.200 - - [18/Jan/2025:21:45:54 +0100] "GET /files/_lg9oa2t42ee0meub9clm6l83ik1pmuqo_.pdf HTTP/1.1" 200 442390 "-" "Mozilla/5.0 (compatible; DotBot/1.2; +https://opensiteexplorer.org/dotbot; help@moz.com)"
84.17.47.110 - - [18/Jan/2025:21:46:02 +0100] "GET / HTTP/1.1" 200 - "-" "Mozilla/5.0 (Windows NT 10.0; Win64; x64) AppleWebKit/537.36 (KHTML, like Gecko) Chrome/95.0.4638.69 Safari/537.36"
84.17.47.110 - - [18/Jan/2025:21:46:34 +0100] "GET /wp-includes/ID3/license.txt HTTP/1.1" 200 - "-" "Mozilla/5.0 (Windows NT 10.0; Win64; x64) AppleWebKit/537.36 (KHTML, like Gecko) Chrome/95.0.4638.69 Safari/537.36"
84.17.47.110 - - [18/Jan/2025:21:47:06 +0100] "GET /feed/ HTTP/1.1" 200 - "-" "Mozilla/5.0 (Windows NT 10.0; Win64; x64) AppleWebKit/537.36 (KHTML, like Gecko) Chrome/95.0.4638.69 Safari/537.36"
157.55.39.59 - - [18/Jan/2025:21:50:17 +0100] "GET /files/otrt.pdf HTTP/1.1" 304 - "-" "Mozilla/5.0 AppleWebKit/537.36 (KHTML, like Gecko; compatible; bingbot/2.0; +http://www.bing.com/bingbot.htm) Chrome/116.0.1938.76 Safari/537.36"
216.244.66.200 - - [18/Jan/2025:22:21:44 +0100] "GET /robots.txt HTTP/1.1" 200 1590 "-" "Mozilla/5.0 (compatible; DotBot/1.2; +https://opensiteexplorer.org/dotbot; help@moz.com)"
216.244.66.200 - - [18/Jan/2025:22:28:44 +0100] "GET /files/fgytfoka_070206.pdf HTTP/1.1" 200 351040 "-" "Mozilla/5.0 (compatible; DotBot/1.2; +https://opensiteexplorer.org/dotbot; help@moz.com)"
216.244.66.200 - - [18/Jan/2025:22:29:14 +0100] "GET /files/jelentes_2006.doc HTTP/1.1" 200 531009 "-" "Mozilla/5.0 (compatible; DotBot/1.2; +https://opensiteexplorer.org/dotbot; help@moz.com)"
216.244.66.200 - - [18/Jan/2025:22:29:38 +0100] "GET /files/kozl_szakkep.zip HTTP/1.1" 200 180971 "-" "Mozilla/5.0 (compatible; DotBot/1.2; +https://opensiteexplorer.org/dotbot; help@moz.com)"
216.244.66.200 - - [18/Jan/2025:22:30:00 +0100] "GET /files/miniszt_2007_majus.pdf HTTP/1.1" 200 29194 "-" "Mozilla/5.0 (compatible; DotBot/1.2; +https://opensiteexplorer.org/dotbot; help@moz.com)"
216.244.66.200 - - [18/Jan/2025:22:30:50 +0100] "GET /files/1-Tervezet%20t%C3%83%C2%A1rc%C3%83%C2%A1ra%20-%20XII.%205..doc HTTP/1.1" 200 - "-" "Mozilla/5.0 (compatible; DotBot/1.2; +https://opensiteexplorer.org/dotbot; help@moz.com)"
216.244.66.200 - - [18/Jan/2025:23:06:22 +0100] "GET /robots.txt HTTP/1.1" 200 1590 "-" "Mozilla/5.0 (compatible; DotBot/1.2; +https://opensiteexplorer.org/dotbot; help@moz.com)"
216.244.66.200 - - [18/Jan/2025:23:06:22 +0100] "GET /robots.txt HTTP/1.1" 200 1590 "-" "Mozilla/5.0 (compatible; DotBot/1.2; +https://opensiteexplorer.org/dotbot; help@moz.com)"
165.232.156.1 - - [18/Jan/2025:23:12:18 +0100] "GET / HTTP/1.1" 200 - "-" "Mozilla/5.0 (Windows NT 10.0; Win64; x64) AppleWebKit/537.36 (KHTML, like Gecko) Chrome/124.0.0.0 Safari/537.36"
216.244.66.200 - - [18/Jan/2025:23:13:12 +0100] "GET /files/muszaki_hmrend.pdf HTTP/1.1" 200 351492 "-" "Mozilla/5.0 (compatible; DotBot/1.2; +https://opensiteexplorer.org/dotbot; help@moz.com)"
216.244.66.200 - - [18/Jan/2025:23:13:22 +0100] "GET /files/r205_rendelet.doc HTTP/1.1" 200 44032 "-" "Mozilla/5.0 (compatible; DotBot/1.2; +https://opensiteexplorer.org/dotbot; help@moz.com)"
216.244.66.200 - - [18/Jan/2025:23:13:51 +0100] "GET /files/szoc_terv_091117.pdf HTTP/1.1" 200 511160 "-" "Mozilla/5.0 (compatible; DotBot/1.2; +https://opensiteexplorer.org/dotbot; help@moz.com)"
216.244.66.200 - - [18/Jan/2025:23:14:21 +0100] "GET /files/fagykarrendelet_eusegyeztetes.pdf HTTP/1.1" 200 172638 "-" "Mozilla/5.0 (compatible; DotBot/1.2; +https://opensiteexplorer.org/dotbot; help@moz.com)"
216.244.66.200 - - [18/Jan/2025:23:14:58 +0100] "GET /files/hm_rend_terv_ms_kereso_foglalkozas.pdf HTTP/1.1" 200 103566 "-" "Mozilla/5.0 (compatible; DotBot/1.2; +https://opensiteexplorer.org/dotbot; help@moz.com)"
216.244.66.200 - - [18/Jan/2025:23:15:41 +0100] "GET /files/hm_rendelet_tervezet_katonak_illetmenyerol_es_juttatasairol.pdf HTTP/1.1" 200 171290 "-" "Mozilla/5.0 (compatible; DotBot/1.2; +https://opensiteexplorer.org/dotbot; help@moz.com)"
216.244.66.200 - - [18/Jan/2025:23:16:25 +0100] "GET /files/12477.pdf HTTP/1.1" 200 231506 "-" "Mozilla/5.0 (compatible; DotBot/1.2; +https://opensiteexplorer.org/dotbot; help@moz.com)"
216.244.66.200 - - [18/Jan/2025:23:17:02 +0100] "GET /files/14_4.pdf HTTP/1.1" 200 298509 "-" "Mozilla/5.0 (compatible; DotBot/1.2; +https://opensiteexplorer.org/dotbot; help@moz.com)"
216.244.66.200 - - [18/Jan/2025:23:17:39 +0100] "GET /files/R1736.pdf HTTP/1.1" 200 164333 "-" "Mozilla/5.0 (compatible; DotBot/1.2; +https://opensiteexplorer.org/dotbot; help@moz.com)"
95.163.255.172 - - [18/Jan/2025:23:20:49 +0100] "GET /robots.txt HTTP/1.0" 200 1590 "-" "Mozilla/5.0 (compatible; Linux x86_64; Mail.RU_Bot/2.0; +https://help.mail.ru/webmaster/indexing/robots)"
95.163.255.164 - - [18/Jan/2025:23:21:23 +0100] "GET /files/jogszabszerk.pdf HTTP/1.1" 200 206549 "-" "Mozilla/5.0 (compatible; Linux x86_64; Mail.RU_Bot/2.0; +https://help.mail.ru/webmaster/indexing/robots)"
95.163.255.174 - - [18/Jan/2025:23:21:59 +0100] "GET /robots.txt HTTP/1.0" 200 1590 "-" "Mozilla/5.0 (compatible; Linux x86_64; Mail.RU_Bot/2.0; +https://help.mail.ru/webmaster/indexing/robots)"
95.163.255.181 - - [18/Jan/2025:23:22:05 +0100] "GET /files/40_2002_terv_090220.pdf HTTP/1.1" 200 390482 "-" "Mozilla/5.0 (compatible; Linux x86_64; Mail.RU_Bot/2.0; +https://help.mail.ru/webmaster/indexing/robots)"
95.163.255.180 - - [18/Jan/2025:23:23:36 +0100] "GET /files/szemelyugyi_igazgatas.pdf HTTP/1.1" 200 379679 "-" "Mozilla/5.0 (compatible; Linux x86_64; Mail.RU_Bot/2.0; +https://help.mail.ru/webmaster/indexing/robots)"
216.244.66.200 - - [18/Jan/2025:23:50:43 +0100] "GET /robots.txt HTTP/1.1" 200 1590 "-" "Mozilla/5.0 (compatible; DotBot/1.2; +https://opensiteexplorer.org/dotbot; help@moz.com)"
216.244.66.200 - - [18/Jan/2025:23:50:43 +0100] "GET /robots.txt HTTP/1.1" 200 1590 "-" "Mozilla/5.0 (compatible; DotBot/1.2; +https://opensiteexplorer.org/dotbot; help@moz.com)"
216.244.66.200 - - [18/Jan/2025:23:57:51 +0100] "GET /files/onk_hiv_zene_enekkarok_090203.pdf HTTP/1.1" 200 267930 "-" "Mozilla/5.0 (compatible; DotBot/1.2; +https://opensiteexplorer.org/dotbot; help@moz.com)"
216.244.66.200 - - [18/Jan/2025:23:57:57 +0100] "GET /files/ag_hum_mon_szab_min_rend_terv_090720.doc HTTP/1.1" 200 70144 "-" "Mozilla/5.0 (compatible; DotBot/1.2; +https://opensiteexplorer.org/dotbot; help@moz.com)"
216.244.66.200 - - [18/Jan/2025:23:58:09 +0100] "GET /files/gyermekszegenyseg_tervezet_3_hatjav_070125.pdf HTTP/1.1" 200 57245 "-" "Mozilla/5.0 (compatible; DotBot/1.2; +https://opensiteexplorer.org/dotbot; help@moz.com)"
216.244.66.200 - - [18/Jan/2025:23:58:50 +0100] "GET /files/t%C3%83%C2%A1rc%C3%83%C2%A1ra070515.doc HTTP/1.1" 200 - "-" "Mozilla/5.0 (compatible; DotBot/1.2; +https://opensiteexplorer.org/dotbot; help@moz.com)"
216.244.66.200 - - [18/Jan/2025:23:59:31 +0100] "GET /files/t%C3%83%C2%B6rv%C3%83%C2%A9nyjav081231.pdf HTTP/1.1" 200 - "-" "Mozilla/5.0 (compatible; DotBot/1.2; +https://opensiteexplorer.org/dotbot; help@moz.com)"
216.244.66.200 - - [19/Jan/2025:00:00:10 +0100] "GET /files/rad_hull_es_kieg_fe_orszaghataron_at_2008_04_22_honlapra.doc HTTP/1.1" 200 651193 "-" "Mozilla/5.0 (compatible; DotBot/1.2; +https://opensiteexplorer.org/dotbot; help@moz.com)"
216.244.66.200 - - [19/Jan/2025:00:00:42 +0100] "GET /files/1325_5.pdf HTTP/1.1" 200 120507 "-" "Mozilla/5.0 (compatible; DotBot/1.2; +https://opensiteexplorer.org/dotbot; help@moz.com)"
216.244.66.200 - - [19/Jan/2025:00:01:18 +0100] "GET /files/16279_kerettantervrend.pdf HTTP/1.1" 200 129113 "-" "Mozilla/5.0 (compatible; DotBot/1.2; +https://opensiteexplorer.org/dotbot; help@moz.com)"
216.244.66.200 - - [19/Jan/2025:00:01:53 +0100] "GET /files/Atlathatosag_rendelet.pdf HTTP/1.1" 200 151669 "-" "Mozilla/5.0 (compatible; DotBot/1.2; +https://opensiteexplorer.org/dotbot; help@moz.com)"
216.244.66.200 - - [19/Jan/2025:00:02:53 +0100] "GET /files/adatszolg_kozig%20_2_.pdf HTTP/1.1" 200 - "-" "Mozilla/5.0 (compatible; DotBot/1.2; +https://opensiteexplorer.org/dotbot; help@moz.com)"
216.244.66.200 - - [19/Jan/2025:00:03:13 +0100] "GET /files/bizott__2006_szept.pdf HTTP/1.1" 200 51763 "-" "Mozilla/5.0 (compatible; DotBot/1.2; +https://opensiteexplorer.org/dotbot; help@moz.com)"
216.244.66.200 - - [19/Jan/2025:00:03:45 +0100] "GET /files/esely_terv_081223.pdf HTTP/1.1" 200 204785 "-" "Mozilla/5.0 (compatible; DotBot/1.2; +https://opensiteexplorer.org/dotbot; help@moz.com)"
216.244.66.200 - - [19/Jan/2025:00:04:15 +0100] "GET /files/hirk_epitm_eng_ell.doc HTTP/1.1" 200 145408 "-" "Mozilla/5.0 (compatible; DotBot/1.2; +https://opensiteexplorer.org/dotbot; help@moz.com)"
216.244.66.200 - - [19/Jan/2025:00:04:46 +0100] "GET /files/3111_kozalkalmazottak_070124.pdf HTTP/1.1" 200 167601 "-" "Mozilla/5.0 (compatible; DotBot/1.2; +https://opensiteexplorer.org/dotbot; help@moz.com)"
216.244.66.200 - - [19/Jan/2025:00:05:13 +0100] "GET /files/3_szamu_melleklet_celtartalek.xls HTTP/1.1" 200 20480 "-" "Mozilla/5.0 (compatible; DotBot/1.2; +https://opensiteexplorer.org/dotbot; help@moz.com)"
216.244.66.200 - - [19/Jan/2025:00:05:43 +0100] "GET /files/ktgv_rdsz_megujitasa-fuggelek.pdf HTTP/1.1" 200 626013 "-" "Mozilla/5.0 (compatible; DotBot/1.2; +https://opensiteexplorer.org/dotbot; help@moz.com)"
167.253.34.3 - - [19/Jan/2025:00:16:37 +0100] "GET /robots.txt HTTP/1.0" 200 1590 "-" "Mozilla/4.0 (compatible; fluid/0.0; +http://www.leak.info/bot.html)"
216.244.66.200 - - [19/Jan/2025:00:34:45 +0100] "GET /robots.txt HTTP/1.1" 200 1590 "-" "Mozilla/5.0 (compatible; DotBot/1.2; +https://opensiteexplorer.org/dotbot; help@moz.com)"
216.244.66.200 - - [19/Jan/2025:00:34:45 +0100] "GET /robots.txt HTTP/1.1" 200 1590 "-" "Mozilla/5.0 (compatible; DotBot/1.2; +https://opensiteexplorer.org/dotbot; help@moz.com)"
216.244.66.200 - - [19/Jan/2025:00:41:29 +0100] "GET /files/Dijas_kozig_1208.pdf HTTP/1.1" 200 235857 "-" "Mozilla/5.0 (compatible; DotBot/1.2; +https://opensiteexplorer.org/dotbot; help@moz.com)"
216.244.66.200 - - [19/Jan/2025:00:42:12 +0100] "GET /files/_telln583eehr0_.pdf HTTP/1.1" 200 194626 "-" "Mozilla/5.0 (compatible; DotBot/1.2; +https://opensiteexplorer.org/dotbot; help@moz.com)"
216.244.66.200 - - [19/Jan/2025:00:42:48 +0100] "GET /files/nka_vhr_071206.pdf HTTP/1.1" 200 140355 "-" "Mozilla/5.0 (compatible; DotBot/1.2; +https://opensiteexplorer.org/dotbot; help@moz.com)"
216.244.66.200 - - [19/Jan/2025:00:43:18 +0100] "GET /files/35per2005_mod_rend_terv.doc HTTP/1.1" 200 27136 "-" "Mozilla/5.0 (compatible; DotBot/1.2; +https://opensiteexplorer.org/dotbot; help@moz.com)"
216.244.66.200 - - [19/Jan/2025:00:43:59 +0100] "GET /files/IRM_kjolevelta_-kozig_09.11m.doc HTTP/1.1" 200 320512 "-" "Mozilla/5.0 (compatible; DotBot/1.2; +https://opensiteexplorer.org/dotbot; help@moz.com)"
216.244.66.200 - - [19/Jan/2025:00:44:31 +0100] "GET /files/KHEM1436_5normaszoveg.doc HTTP/1.1" 200 43520 "-" "Mozilla/5.0 (compatible; DotBot/1.2; +https://opensiteexplorer.org/dotbot; help@moz.com)"
216.244.66.200 - - [19/Jan/2025:00:45:03 +0100] "GET /files/KHEM_4462_10_norma.doc HTTP/1.1" 200 83456 "-" "Mozilla/5.0 (compatible; DotBot/1.2; +https://opensiteexplorer.org/dotbot; help@moz.com)"
216.244.66.200 - - [19/Jan/2025:00:45:36 +0100] "GET /files/KHEM_8777_3norma_0.doc HTTP/1.1" 200 93696 "-" "Mozilla/5.0 (compatible; DotBot/1.2; +https://opensiteexplorer.org/dotbot; help@moz.com)"
216.244.66.200 - - [19/Jan/2025:00:46:10 +0100] "GET /files/Kv_tv_Tvtv_0519_kozigre.pdf HTTP/1.1" 200 280714 "-" "Mozilla/5.0 (compatible; DotBot/1.2; +https://opensiteexplorer.org/dotbot; help@moz.com)"
216.244.66.200 - - [19/Jan/2025:00:46:50 +0100] "GET /files/_gde16r0jef5pmas3ig9pg_.pdf HTTP/1.1" 200 227880 "-" "Mozilla/5.0 (compatible; DotBot/1.2; +https://opensiteexplorer.org/dotbot; help@moz.com)"
216.244.66.200 - - [19/Jan/2025:00:47:25 +0100] "GET /files/a40per2001_min_rend_mod_terv.doc HTTP/1.1" 200 151552 "-" "Mozilla/5.0 (compatible; DotBot/1.2; +https://opensiteexplorer.org/dotbot; help@moz.com)"
216.244.66.200 - - [19/Jan/2025:00:48:07 +0100] "GET /files/hallg_jutt_070109.pdf HTTP/1.1" 200 316907 "-" "Mozilla/5.0 (compatible; DotBot/1.2; +https://opensiteexplorer.org/dotbot; help@moz.com)"
216.244.66.200 - - [19/Jan/2025:00:49:09 +0100] "GET /files/idegenvezet%C5%91.pdf HTTP/1.1" 200 - "-" "Mozilla/5.0 (compatible; DotBot/1.2; +https://opensiteexplorer.org/dotbot; help@moz.com)"
216.244.66.200 - - [19/Jan/2025:00:49:30 +0100] "GET /files/irm.eujfo.1933.2008_honlapra.doc HTTP/1.1" 200 120320 "-" "Mozilla/5.0 (compatible; DotBot/1.2; +https://opensiteexplorer.org/dotbot; help@moz.com)"
216.244.66.200 - - [19/Jan/2025:00:50:01 +0100] "GET /files/miniszt_2006_marc.doc HTTP/1.1" 200 48128 "-" "Mozilla/5.0 (compatible; DotBot/1.2; +https://opensiteexplorer.org/dotbot; help@moz.com)"
216.244.66.200 - - [19/Jan/2025:00:50:31 +0100] "GET /files/oeezemszmatir_terv_090715.pdf HTTP/1.1" 200 114659 "-" "Mozilla/5.0 (compatible; DotBot/1.2; +https://opensiteexplorer.org/dotbot; help@moz.com)"
216.244.66.200 - - [19/Jan/2025:00:51:00 +0100] "GET /files/onkormanyzatitamogatasok.pdf HTTP/1.1" 200 114580 "-" "Mozilla/5.0 (compatible; DotBot/1.2; +https://opensiteexplorer.org/dotbot; help@moz.com)"
216.244.66.200 - - [19/Jan/2025:00:51:58 +0100] "GET /files/tervezet_Kelemeri%20Mohos-tavak.pdf HTTP/1.1" 200 - "-" "Mozilla/5.0 (compatible; DotBot/1.2; +https://opensiteexplorer.org/dotbot; help@moz.com)"
216.244.66.200 - - [19/Jan/2025:00:52:19 +0100] "GET /files/1106_omsz_merohalozat_KORMANY.rtf.txt HTTP/1.1" 200 136941 "-" "Mozilla/5.0 (compatible; DotBot/1.2; +https://opensiteexplorer.org/dotbot; help@moz.com)"
216.244.66.200 - - [19/Jan/2025:00:52:51 +0100] "GET /files/a%2017per2007_korm_rend_mod_terv.doc HTTP/1.1" 200 207872 "-" "Mozilla/5.0 (compatible; DotBot/1.2; +https://opensiteexplorer.org/dotbot; help@moz.com)"
216.244.66.200 - - [19/Jan/2025:00:53:21 +0100] "GET /files/nemzetisegi_tamogatas_honlapra_060228.pdf HTTP/1.1" 200 173114 "-" "Mozilla/5.0 (compatible; DotBot/1.2; +https://opensiteexplorer.org/dotbot; help@moz.com)"
216.244.66.200 - - [19/Jan/2025:00:54:20 +0100] "GET /files/v%C3%83%C2%A1rosi%20jelent%C3%83%C2%A9s_1.pdf HTTP/1.1" 200 - "-" "Mozilla/5.0 (compatible; DotBot/1.2; +https://opensiteexplorer.org/dotbot; help@moz.com)"
216.244.66.200 - - [19/Jan/2025:00:54:41 +0100] "GET /files/2409.pdf HTTP/1.1" 200 188554 "-" "Mozilla/5.0 (compatible; DotBot/1.2; +https://opensiteexplorer.org/dotbot; help@moz.com)"
207.46.13.230 - - [19/Jan/2025:00:57:50 +0100] "GET /robots.txt HTTP/1.1" 200 1590 "-" "Mozilla/5.0 AppleWebKit/537.36 (KHTML, like Gecko; compatible; bingbot/2.0; +http://www.bing.com/bingbot.htm) Chrome/116.0.1938.76 Safari/537.36"
207.46.13.78 - - [19/Jan/2025:00:57:59 +0100] "GET /files/_fg9oa2t42ee0meub5ctsmaso_.pdf HTTP/1.1" 304 - "-" "Mozilla/5.0 AppleWebKit/537.36 (KHTML, like Gecko; compatible; bingbot/2.0; +http://www.bing.com/bingbot.htm) Chrome/116.0.1938.76 Safari/537.36"
54.36.148.65 - - [19/Jan/2025:00:58:21 +0100] "GET /robots.txt HTTP/1.1" 200 1590 "-" "Mozilla/5.0 (compatible; AhrefsBot/7.0; +http://ahrefs.com/robot/)"
207.46.13.102 - - [19/Jan/2025:01:12:21 +0100] "GET /taxonomy/term/81 HTTP/1.1" 200 - "-" "Mozilla/5.0 AppleWebKit/537.36 (KHTML, like Gecko; compatible; bingbot/2.0; +http://www.bing.com/bingbot.htm) Chrome/116.0.1938.76 Safari/537.36"
207.46.13.102 - - [19/Jan/2025:01:12:53 +0100] "GET /taxonomy/term/81 HTTP/1.1" 200 - "-" "Mozilla/5.0 AppleWebKit/537.36 (KHTML, like Gecko; compatible; bingbot/2.0; +http://www.bing.com/bingbot.htm) Chrome/116.0.1938.76 Safari/537.36"
95.163.255.189 - - [19/Jan/2025:01:18:29 +0100] "GET /robots.txt HTTP/1.0" 200 1590 "-" "Mozilla/5.0 (compatible; Linux x86_64; Mail.RU_Bot/2.0; +https://help.mail.ru/webmaster/indexing/robots)"
95.163.255.177 - - [19/Jan/2025:01:18:47 +0100] "GET /files/ekozig_strategia.pdf HTTP/1.1" 200 731185 "-" "Mozilla/5.0 (compatible; Linux x86_64; Mail.RU_Bot/2.0; +https://help.mail.ru/webmaster/indexing/robots)"
66.249.66.85 - - [19/Jan/2025:01:58:54 +0100] "GET /files/tk19.pdf HTTP/1.1" 304 - "-" "Mozilla/5.0 (Linux; Android 6.0.1; Nexus 5X Build/MMB29P) AppleWebKit/537.36 (KHTML, like Gecko) Chrome/132.0.6834.83 Mobile Safari/537.36 (compatible; Googlebot/2.1; +http://www.google.com/bot.html)"
66.249.66.87 - - [19/Jan/2025:02:34:00 +0100] "GET /files/mentes_gyogyszerrendeles_min_rend_terv_0909011.doc HTTP/1.1" 200 388096 "-" "Mozilla/5.0 (Linux; Android 6.0.1; Nexus 5X Build/MMB29P) AppleWebKit/537.36 (KHTML, like Gecko) Chrome/132.0.6834.83 Mobile Safari/537.36 (compatible; Googlebot/2.1; +http://www.google.com/bot.html)"
66.249.66.85 - - [19/Jan/2025:02:44:19 +0100] "GET /files/0306_T_rc_ra__ti_csiga.doc HTTP/1.1" 304 - "-" "Mozilla/5.0 (Linux; Android 6.0.1; Nexus 5X Build/MMB29P) AppleWebKit/537.36 (KHTML, like Gecko) Chrome/132.0.6834.83 Mobile Safari/537.36 (compatible; Googlebot/2.1; +http://www.google.com/bot.html)"
207.46.13.124 - - [19/Jan/2025:02:49:12 +0100] "GET /files/mh_beosztasi_kategoriaba_besorolas_rendfokozat.pdf HTTP/1.1" 304 - "-" "Mozilla/5.0 AppleWebKit/537.36 (KHTML, like Gecko; compatible; bingbot/2.0; +http://www.bing.com/bingbot.htm) Chrome/116.0.1938.76 Safari/537.36"
66.249.66.86 - - [19/Jan/2025:02:52:10 +0100] "GET /files/hm_rendelet_tervezet_allomany_melleklet.pdf HTTP/1.1" 304 - "-" "Mozilla/5.0 (Linux; Android 6.0.1; Nexus 5X Build/MMB29P) AppleWebKit/537.36 (KHTML, like Gecko) Chrome/132.0.6834.83 Mobile Safari/537.36 (compatible; Googlebot/2.1; +http://www.google.com/bot.html)"
95.163.255.158 - - [19/Jan/2025:02:55:50 +0100] "GET /robots.txt HTTP/1.0" 200 1590 "-" "Mozilla/5.0 (compatible; Linux x86_64; Mail.RU_Bot/2.0; +https://help.mail.ru/webmaster/indexing/robots)"
95.163.255.180 - - [19/Jan/2025:02:55:56 +0100] "GET /files/mikrobi%201130.doc HTTP/1.1" 200 100352 "-" "Mozilla/5.0 (compatible; Linux x86_64; Mail.RU_Bot/2.0; +https://help.mail.ru/webmaster/indexing/robots)"
95.163.255.168 - - [19/Jan/2025:04:27:35 +0100] "GET /robots.txt HTTP/1.0" 200 1590 "-" "Mozilla/5.0 (compatible; Linux x86_64; Mail.RU_Bot/2.0; +https://help.mail.ru/webmaster/indexing/robots)"
95.163.255.151 - - [19/Jan/2025:04:27:40 +0100] "GET /files/rendelet_szakmapolra.doc HTTP/1.1" 200 175616 "-" "Mozilla/5.0 (compatible; Linux x86_64; Mail.RU_Bot/2.0; +https://help.mail.ru/webmaster/indexing/robots)"
95.163.255.180 - - [19/Jan/2025:04:28:04 +0100] "GET /robots.txt HTTP/1.0" 200 1590 "-" "Mozilla/5.0 (compatible; Linux x86_64; Mail.RU_Bot/2.0; +https://help.mail.ru/webmaster/indexing/robots)"
95.163.255.157 - - [19/Jan/2025:04:28:11 +0100] "GET /files/meghagyas_kormrend_tervezet.doc HTTP/1.1" 200 126976 "-" "Mozilla/5.0 (compatible; Linux x86_64; Mail.RU_Bot/2.0; +https://help.mail.ru/webmaster/indexing/robots)"
95.163.255.154 - - [19/Jan/2025:04:35:27 +0100] "GET /files/szvk_mell_terv_090804.pdf HTTP/1.1" 200 3057361 "-" "Mozilla/5.0 (compatible; Linux x86_64; Mail.RU_Bot/2.0; +https://help.mail.ru/webmaster/indexing/robots)"
66.249.66.86 - - [19/Jan/2025:04:41:39 +0100] "GET /files/gyermekszegenyseg_tervezet_5_melleklet_070125.pdf HTTP/1.1" 200 348864 "-" "Mozilla/5.0 (Linux; Android 6.0.1; Nexus 5X Build/MMB29P) AppleWebKit/537.36 (KHTML, like Gecko) Chrome/132.0.6834.83 Mobile Safari/537.36 (compatible; Googlebot/2.1; +http://www.google.com/bot.html)"
95.163.255.163 - - [19/Jan/2025:04:45:58 +0100] "GET /files/munkaanyag_25per2006_IM_rendelet_mod.10.28..doc HTTP/1.1" 200 142848 "-" "Mozilla/5.0 (compatible; Linux x86_64; Mail.RU_Bot/2.0; +https://help.mail.ru/webmaster/indexing/robots)"
79.221.105.191 - - [19/Jan/2025:05:40:21 +0100] "GET /files/cegbejegyzesi_eljaras_21_per_2006__02_12_fin.doc HTTP/1.1" 200 54272 "-" "Mozilla/5.0 (Windows NT 10.0; Win64; x64) AppleWebKit/537.36 (KHTML, like Gecko) Chrome/60.0.3112.113 Safari/537.36"
66.249.66.87 - - [19/Jan/2025:05:41:27 +0100] "GET /files/3802_16.pdf HTTP/1.1" 304 - "-" "Mozilla/5.0 (Linux; Android 6.0.1; Nexus 5X Build/MMB29P) AppleWebKit/537.36 (KHTML, like Gecko) Chrome/132.0.6834.83 Mobile Safari/537.36 (compatible; Googlebot/2.1; +http://www.google.com/bot.html)"
47.128.116.183 - - [19/Jan/2025:05:56:39 +0100] "GET /drupal/node/26 HTTP/1.1" 200 - "-" "Mozilla/5.0 (Linux; Android 5.0) AppleWebKit/537.36 (KHTML, like Gecko) Mobile Safari/537.36 (compatible; Bytespider; spider-feedback@bytedance.com)"
47.128.55.191 - - [19/Jan/2025:06:00:07 +0100] "GET /robots.txt HTTP/1.1" 200 1590 "-" "Mozilla/5.0 (Linux; Android 5.0) AppleWebKit/537.36 (KHTML, like Gecko) Mobile Safari/537.36 (compatible; Bytespider; spider-feedback@bytedance.com)"
47.128.122.110 - - [19/Jan/2025:06:04:39 +0100] "GET /drupal/ HTTP/1.1" 200 - "-" "Mozilla/5.0 (Linux; Android 5.0) AppleWebKit/537.36 (KHTML, like Gecko) Mobile Safari/537.36 (compatible; Bytespider; spider-feedback@bytedance.com)"
