66.249.65.233 - - [27/Jan/2025:17:58:22 +0100] "GET / HTTP/1.1" 200 - "-" "Mozilla/5.0 (Linux; Android 6.0.1; Nexus 5X Build/MMB29P) AppleWebKit/537.36 (KHTML, like Gecko) Chrome/99.0.4844.84 Mobile Safari/537.36 (compatible; Googlebot/2.1; +http://www.google.com/bot.html)"
66.249.65.233 - - [27/Jan/2025:17:58:54 +0100] "GET / HTTP/1.1" 200 - "-" "Mozilla/5.0 (compatible; Googlebot/2.1; +http://www.google.com/bot.html)"
66.249.65.233 - - [27/Jan/2025:17:59:26 +0100] "GET / HTTP/1.1" 200 - "-" "Mozilla/5.0 (Linux; Android 6.0.1; Nexus 5X Build/MMB29P) AppleWebKit/537.36 (KHTML, like Gecko) Chrome/132.0.6834.83 Mobile Safari/537.36 (compatible; Googlebot/2.1; +http://www.google.com/bot.html)"
66.249.65.233 - - [27/Jan/2025:18:06:09 +0100] "GET /files/hm_rendelet_tervezet_allomany_melleklet.pdf HTTP/1.1" 304 - "-" "Mozilla/5.0 (Linux; Android 6.0.1; Nexus 5X Build/MMB29P) AppleWebKit/537.36 (KHTML, like Gecko) Chrome/132.0.6834.83 Mobile Safari/537.36 (compatible; Googlebot/2.1; +http://www.google.com/bot.html)"
66.249.65.235 - - [27/Jan/2025:18:08:20 +0100] "GET /files/43per2005_eum_rendelet__mod.doc HTTP/1.1" 304 - "-" "Mozilla/5.0 (Linux; Android 6.0.1; Nexus 5X Build/MMB29P) AppleWebKit/537.36 (KHTML, like Gecko) Chrome/132.0.6834.83 Mobile Safari/537.36 (compatible; Googlebot/2.1; +http://www.google.com/bot.html)"
66.249.65.41 - - [27/Jan/2025:18:14:45 +0100] "GET /files/44_2003_fvm_mod.pdf HTTP/1.1" 200 117643 "-" "Googlebot/2.1 (+http://www.google.com/bot.html)"
52.167.144.218 - - [27/Jan/2025:18:18:36 +0100] "GET /files/$File/fu_o_bru.pdf HTTP/1.1" 200 - "-" "Mozilla/5.0 AppleWebKit/537.36 (KHTML, like Gecko; compatible; bingbot/2.0; +http://www.bing.com/bingbot.htm) Chrome/116.0.1938.76 Safari/537.36"
52.167.144.218 - - [27/Jan/2025:18:19:08 +0100] "GET /files/$File/fu_o_bru.pdf HTTP/1.1" 200 - "-" "Mozilla/5.0 AppleWebKit/537.36 (KHTML, like Gecko; compatible; bingbot/2.0; +http://www.bing.com/bingbot.htm) Chrome/116.0.1938.76 Safari/537.36"
66.249.65.42 - - [27/Jan/2025:18:20:32 +0100] "GET /drupal/files/ekozig_strategia.pdf HTTP/1.1" 200 - "-" "Googlebot/2.1 (+http://www.google.com/bot.html)"
31.46.139.214 - - [27/Jan/2025:18:22:40 +0100] "GET /files/0306_T_rc_ra__ti_csiga.doc HTTP/1.1" 200 150016 "https://www.google.com/" "Mozilla/5.0 (Windows NT 10.0; Win64; x64) AppleWebKit/537.36 (KHTML, like Gecko) Chrome/131.0.0.0 Safari/537.36"
213.157.97.17 - - [27/Jan/2025:18:25:11 +0100] "GET /favicon.ico HTTP/1.1" 404 57 "http://www.jogalkotas.hu/files/mh_beosztasi_kategoriaba_besorolas_rendfokozat.pdf" "Mozilla/5.0 (Windows NT 10.0; Win64; x64) AppleWebKit/537.36 (KHTML, like Gecko) Chrome/132.0.0.0 Safari/537.36"
213.157.97.17 - - [27/Jan/2025:18:25:12 +0100] "GET /files/mh_beosztasi_kategoriaba_besorolas_rendfokozat.pdf HTTP/1.1" 200 103785 "https://search.yahoo.com/" "Mozilla/5.0 (Windows NT 10.0; Win64; x64) AppleWebKit/537.36 (KHTML, like Gecko) Chrome/132.0.0.0 Safari/537.36"
66.249.65.42 - - [27/Jan/2025:18:28:38 +0100] "GET /files/NFGM3731__2_.pdf HTTP/1.1" 200 256734 "-" "Googlebot/2.1 (+http://www.google.com/bot.html)"
46.148.206.226 - - [27/Jan/2025:18:37:37 +0100] "GET /comment/reply/2619/ HTTP/1.0" 200 - "http://jogalkotas.hu/comment/reply/2619/" "Mozilla/5.0 (Windows NT 10.0; Win64; x64) AppleWebKit/537.36 (KHTML, like Gecko) Chrome/130.0.0.0 Safari/537.36 CCleaner/130.0.0.0"
46.148.206.226 - - [27/Jan/2025:18:38:09 +0100] "GET / HTTP/1.0" 200 - "http://jogalkotas.hu/" "Mozilla/5.0 (Windows NT 10.0; Win64; x64) AppleWebKit/537.36 (KHTML, like Gecko) Chrome/130.0.0.0 Safari/537.36 CCleaner/130.0.0.0"
167.253.34.3 - - [27/Jan/2025:19:10:09 +0100] "GET /robots.txt HTTP/1.0" 200 1590 "-" "Mozilla/4.0 (compatible; fluid/0.0; +http://www.leak.info/bot.html)"
81.182.233.186 - - [27/Jan/2025:19:25:21 +0100] "GET /files/2_sz_melleklet_061031.pdf HTTP/1.1" 200 56446 "https://www.google.com/" "Mozilla/5.0 (Windows NT 10.0; Win64; x64) AppleWebKit/537.36 (KHTML, like Gecko) Chrome/131.0.0.0 Safari/537.36"
81.182.233.186 - - [27/Jan/2025:19:25:21 +0100] "GET /favicon.ico HTTP/1.1" 404 57 "http://www.jogalkotas.hu/files/2_sz_melleklet_061031.pdf" "Mozilla/5.0 (Windows NT 10.0; Win64; x64) AppleWebKit/537.36 (KHTML, like Gecko) Chrome/131.0.0.0 Safari/537.36"
81.182.233.186 - - [27/Jan/2025:19:25:21 +0100] "GET /files/2_sz_melleklet_061031.pdf HTTP/1.1" 206 1025 "-" "Mozilla/5.0 (Windows NT 10.0; Win64; x64) AppleWebKit/537.36 (KHTML, like Gecko) Chrome/131.0.0.0 Safari/537.36"
81.182.233.186 - - [27/Jan/2025:19:25:21 +0100] "GET /files/2_sz_melleklet_061031.pdf HTTP/1.1" 200 56446 "-" "Mozilla/5.0 (Windows NT 10.0; Win64; x64) AppleWebKit/537.36 (KHTML, like Gecko) Chrome/131.0.0.0 Safari/537.36"
47.76.60.129 - - [27/Jan/2025:19:25:51 +0100] "GET /files/me_1_3_51__1_080313.pdf HTTP/1.1" 200 243169 "-" "Mozilla/5.0 (Macintosh; Intel Mac OS X 10_12_3) AppleWebKit/536.14 (KHTML, like Gecko) Chrome/105.0.0.0 Safari/536.14 Edg/105.0.5731.10"
66.249.65.235 - - [27/Jan/2025:19:26:13 +0100] "GET /files/ESR_korm_eloterjesztes.pdf HTTP/1.1" 200 1021178 "-" "Mozilla/5.0 AppleWebKit/537.36 (KHTML, like Gecko; compatible; GoogleOther) Chrome/132.0.6834.83 Safari/537.36"
217.65.121.213 - - [27/Jan/2025:20:23:03 +0100] "GET /files/pirotechnika_(honlapra).doc HTTP/1.1" 200 67781 "https://www.google.com/" "Mozilla/5.0 (Windows NT 10.0; Win64; x64) AppleWebKit/537.36 (KHTML, like Gecko) Chrome/132.0.0.0 Safari/537.36"
217.65.121.213 - - [27/Jan/2025:20:23:30 +0100] "GET /files/pirotechnika_(honlapra).doc HTTP/1.1" 206 1 "https://www.google.com/" "Mozilla/5.0 (Windows NT 10.0; Win64; x64) AppleWebKit/537.36 (KHTML, like Gecko) Chrome/132.0.0.0 Safari/537.36"
217.65.121.213 - - [27/Jan/2025:20:23:30 +0100] "GET /files/pirotechnika_(honlapra).doc HTTP/1.1" 206 67725 "https://www.google.com/" "Mozilla/5.0 (Windows NT 10.0; Win64; x64) AppleWebKit/537.36 (KHTML, like Gecko) Chrome/132.0.0.0 Safari/537.36"
52.167.144.194 - - [27/Jan/2025:20:24:57 +0100] "GET /files/Tuzszolszab..pdf HTTP/1.1" 304 - "-" "Mozilla/5.0 AppleWebKit/537.36 (KHTML, like Gecko; compatible; bingbot/2.0; +http://www.bing.com/bingbot.htm) Chrome/116.0.1938.76 Safari/537.36"
217.65.121.213 - - [27/Jan/2025:20:25:37 +0100] "GET /files/pirotechnika_(honlapra).doc HTTP/1.1" 206 1 "https://www.google.com/" "Mozilla/5.0 (Windows NT 10.0; Win64; x64) AppleWebKit/537.36 (KHTML, like Gecko) Chrome/132.0.0.0 Safari/537.36"
217.65.121.213 - - [27/Jan/2025:20:25:37 +0100] "GET /files/pirotechnika_(honlapra).doc HTTP/1.1" 206 67725 "https://www.google.com/" "Mozilla/5.0 (Windows NT 10.0; Win64; x64) AppleWebKit/537.36 (KHTML, like Gecko) Chrome/132.0.0.0 Safari/537.36"
217.65.121.213 - - [27/Jan/2025:20:25:55 +0100] "GET /files/pirotechnika_(honlapra).doc HTTP/1.1" 206 1 "https://www.google.com/" "Mozilla/5.0 (Windows NT 10.0; Win64; x64) AppleWebKit/537.36 (KHTML, like Gecko) Chrome/132.0.0.0 Safari/537.36"
217.65.121.213 - - [27/Jan/2025:20:25:55 +0100] "GET /files/pirotechnika_(honlapra).doc HTTP/1.1" 206 67725 "https://www.google.com/" "Mozilla/5.0 (Windows NT 10.0; Win64; x64) AppleWebKit/537.36 (KHTML, like Gecko) Chrome/132.0.0.0 Safari/537.36"
217.65.121.213 - - [27/Jan/2025:20:26:00 +0100] "GET /files/pirotechnika_(honlapra).doc HTTP/1.1" 206 1 "https://www.google.com/" "Mozilla/5.0 (Windows NT 10.0; Win64; x64) AppleWebKit/537.36 (KHTML, like Gecko) Chrome/132.0.0.0 Safari/537.36"
217.65.121.213 - - [27/Jan/2025:20:26:00 +0100] "GET /files/pirotechnika_(honlapra).doc HTTP/1.1" 206 67725 "https://www.google.com/" "Mozilla/5.0 (Windows NT 10.0; Win64; x64) AppleWebKit/537.36 (KHTML, like Gecko) Chrome/132.0.0.0 Safari/537.36"
217.65.121.213 - - [27/Jan/2025:20:26:02 +0100] "GET /files/pirotechnika_(honlapra).doc HTTP/1.1" 206 1 "https://www.google.com/" "Mozilla/5.0 (Windows NT 10.0; Win64; x64) AppleWebKit/537.36 (KHTML, like Gecko) Chrome/132.0.0.0 Safari/537.36"
217.65.121.213 - - [27/Jan/2025:20:26:02 +0100] "GET /files/pirotechnika_(honlapra).doc HTTP/1.1" 206 67725 "https://www.google.com/" "Mozilla/5.0 (Windows NT 10.0; Win64; x64) AppleWebKit/537.36 (KHTML, like Gecko) Chrome/132.0.0.0 Safari/537.36"
66.249.65.41 - - [27/Jan/2025:20:56:28 +0100] "GET /files/egyh_nemall_norm_terv_090807.pdf HTTP/1.1" 304 - "-" "Mozilla/5.0 (Linux; Android 6.0.1; Nexus 5X Build/MMB29P) AppleWebKit/537.36 (KHTML, like Gecko) Chrome/132.0.6834.83 Mobile Safari/537.36 (compatible; Googlebot/2.1; +http://www.google.com/bot.html)"
66.249.65.40 - - [27/Jan/2025:21:30:24 +0100] "GET /files/10596_vizsgaszervezes_080609.pdf HTTP/1.1" 200 836302 "-" "Googlebot/2.1 (+http://www.google.com/bot.html)"
114.119.157.157 - - [27/Jan/2025:21:36:41 +0100] "GET /robots.txt HTTP/1.1" 200 1590 "-" "Mozilla/5.0 (compatible;PetalBot;+https://webmaster.petalsearch.com/site/petalbot)"
114.119.150.95 - - [27/Jan/2025:21:36:55 +0100] "GET /robots.txt HTTP/1.1" 200 1590 "-" "Mozilla/5.0 (compatible;PetalBot;+https://webmaster.petalsearch.com/site/petalbot)"
34.79.174.58 - - [27/Jan/2025:22:22:56 +0100] "GET / HTTP/1.1" 200 - "-" "Mozilla/5.0 (Windows NT 10.0; Win64; x64) AppleWebKit/537.36 (KHTML, like Gecko) Chrome/84.0.4147.105 Safari/537.36"
66.249.65.233 - - [27/Jan/2025:22:40:32 +0100] "GET /files/ins_terv_090508.pdf HTTP/1.1" 200 2582050 "-" "Mozilla/5.0 (Linux; Android 6.0.1; Nexus 5X Build/MMB29P) AppleWebKit/537.36 (KHTML, like Gecko) Chrome/132.0.6834.83 Mobile Safari/537.36 (compatible; GoogleOther)"
66.249.65.234 - - [27/Jan/2025:22:52:58 +0100] "GET /files/alk_tvjav.pdf HTTP/1.1" 200 144596 "-" "Mozilla/5.0 (Linux; Android 6.0.1; Nexus 5X Build/MMB29P) AppleWebKit/537.36 (KHTML, like Gecko) Chrome/132.0.6834.83 Mobile Safari/537.36 (compatible; GoogleOther)"
3.101.230.138 - - [27/Jan/2025:22:57:41 +0100] "GET / HTTP/1.1" 200 - "-" "bitdiscovery"
3.101.240.94 - - [27/Jan/2025:22:57:50 +0100] "GET / HTTP/1.1" 200 - "-" "bitdiscovery"
66.249.65.42 - - [27/Jan/2025:23:05:27 +0100] "GET /files/hadkotelesek_hm_eum_rendelet_tervezet_melleklet.pdf HTTP/1.1" 200 713160 "-" "Mozilla/5.0 (Linux; Android 6.0.1; Nexus 5X Build/MMB29P) AppleWebKit/537.36 (KHTML, like Gecko) Chrome/132.0.6834.83 Mobile Safari/537.36 (compatible; GoogleOther)"
66.249.65.235 - - [27/Jan/2025:23:17:55 +0100] "GET /files/ESR_korm_eloterjesztes.pdf HTTP/1.1" 200 1021178 "-" "Mozilla/5.0 (Linux; Android 6.0.1; Nexus 5X Build/MMB29P) AppleWebKit/537.36 (KHTML, like Gecko) Chrome/132.0.6834.83 Mobile Safari/537.36 (compatible; GoogleOther)"
66.249.65.234 - - [27/Jan/2025:23:30:24 +0100] "GET /files/kerettantervek_szakisk_inf_alligra_060516.pdf HTTP/1.1" 200 407763 "-" "Mozilla/5.0 (Linux; Android 6.0.1; Nexus 5X Build/MMB29P) AppleWebKit/537.36 (KHTML, like Gecko) Chrome/132.0.6834.83 Mobile Safari/537.36 (compatible; GoogleOther)"
31.46.241.110 - - [27/Jan/2025:23:31:08 +0100] "GET /files/OHT_II_febr2.pdf HTTP/1.1" 200 994566 "https://www.google.hu/" "Mozilla/5.0 (Macintosh; Intel Mac OS X 10_15_6) AppleWebKit/605.1.15 (KHTML, like Gecko) Version/15.6,2 Safari/605.1.15"
31.46.241.110 - - [27/Jan/2025:23:31:08 +0100] "GET /favicon.ico HTTP/1.1" 404 57 "http://www.jogalkotas.hu/files/OHT_II_febr2.pdf" "Mozilla/5.0 (Macintosh; Intel Mac OS X 10_15_6) AppleWebKit/605.1.15 (KHTML, like Gecko) Version/15.6,2 Safari/605.1.15"
66.249.65.235 - - [27/Jan/2025:23:42:52 +0100] "GET /files/oka_terv_090310.pdf HTTP/1.1" 200 304677 "-" "Mozilla/5.0 (Linux; Android 6.0.1; Nexus 5X Build/MMB29P) AppleWebKit/537.36 (KHTML, like Gecko) Chrome/132.0.6834.83 Mobile Safari/537.36 (compatible; GoogleOther)"
185.7.214.130 - - [27/Jan/2025:23:49:34 +0100] "GET / HTTP/1.0" 200 - "http://jogalkotas.hu/" "Mozilla/5.0 (Windows NT 10.0; Win64; x64) AppleWebKit/537.36 (KHTML, like Gecko) Chrome/130.0.0.0 Safari/537.36"
66.249.65.233 - - [27/Jan/2025:23:55:21 +0100] "GET /files/elismeres_terv_071015.pdf HTTP/1.1" 200 212388 "-" "Mozilla/5.0 (Linux; Android 6.0.1; Nexus 5X Build/MMB29P) AppleWebKit/537.36 (KHTML, like Gecko) Chrome/132.0.6834.83 Mobile Safari/537.36 (compatible; GoogleOther)"
51.210.214.160 - - [28/Jan/2025:00:04:29 +0100] "GET /taxonomy/term/89/0/feed HTTP/1.1" 200 - "-" "Mozilla/5.0 (X11; Linux i686) AppleWebKit/537.36 (KHTML, like Gecko) Chrome/30.0.1599.66 Safari/537.36"
89.43.31.214 - - [28/Jan/2025:00:14:16 +0100] "HEAD /Archive.zip HTTP/1.1" 200 - "-" "-"
66.249.65.235 - - [28/Jan/2025:00:14:27 +0100] "GET /files/080626_jogszabterv_digitvtam.pdf HTTP/1.1" 200 191378 "-" "Googlebot/2.1 (+http://www.google.com/bot.html)"
66.249.65.234 - - [28/Jan/2025:00:41:26 +0100] "GET /files/31-2004-mod-kozigre.pdf HTTP/1.1" 200 343047 "-" "Mozilla/5.0 (Linux; Android 6.0.1; Nexus 5X Build/MMB29P) AppleWebKit/537.36 (KHTML, like Gecko) Chrome/132.0.6834.83 Mobile Safari/537.36 (compatible; GoogleOther)"
66.249.65.42 - - [28/Jan/2025:00:57:10 +0100] "GET /files/szoc_targyu_korm_rend_080317.pdf HTTP/1.1" 200 245667 "-" "Googlebot/2.1 (+http://www.google.com/bot.html)"
66.249.65.233 - - [28/Jan/2025:01:20:24 +0100] "GET /files/eloterjesztes_ekozig2010_0604.pdf HTTP/1.1" 200 231429 "-" "Mozilla/5.0 (Linux; Android 6.0.1; Nexus 5X Build/MMB29P) AppleWebKit/537.36 (KHTML, like Gecko) Chrome/132.0.6834.83 Mobile Safari/537.36 (compatible; GoogleOther)"
66.249.65.235 - - [28/Jan/2025:01:40:09 +0100] "GET /files/ingatlan_nyilvantartas_tervezet_060524.pdf HTTP/1.1" 200 256545 "-" "Mozilla/5.0 (Linux; Android 6.0.1; Nexus 5X Build/MMB29P) AppleWebKit/537.36 (KHTML, like Gecko) Chrome/132.0.6834.83 Mobile Safari/537.36 (compatible; GoogleOther)"
66.249.65.42 - - [28/Jan/2025:01:58:55 +0100] "GET /files/89_2004_modositas_velemenyezesre.pdf HTTP/1.1" 200 191842 "-" "Googlebot/2.1 (+http://www.google.com/bot.html)"
66.249.65.41 - - [28/Jan/2025:02:04:45 +0100] "GET /files/TK137.pdf HTTP/1.1" 200 141877 "-" "Googlebot/2.1 (+http://www.google.com/bot.html)"
51.222.253.20 - - [28/Jan/2025:02:37:28 +0100] "GET /robots.txt HTTP/1.1" 200 1590 "-" "Mozilla/5.0 (compatible; AhrefsBot/7.0; +http://ahrefs.com/robot/)"
66.249.65.42 - - [28/Jan/2025:02:43:01 +0100] "GET / HTTP/1.1" 200 - "-" "Mozilla/5.0 (compatible; Googlebot/2.1; +http://www.google.com/bot.html)"
66.249.65.40 - - [28/Jan/2025:02:43:33 +0100] "GET / HTTP/1.1" 200 - "-" "Mozilla/5.0 (Linux; Android 6.0.1; Nexus 5X Build/MMB29P) AppleWebKit/537.36 (KHTML, like Gecko) Chrome/99.0.4844.84 Mobile Safari/537.36 (compatible; Googlebot/2.1; +http://www.google.com/bot.html)"
66.249.65.41 - - [28/Jan/2025:02:44:05 +0100] "GET / HTTP/1.1" 200 - "-" "Mozilla/5.0 (compatible; Googlebot/2.1; +http://www.google.com/bot.html)"
66.249.65.40 - - [28/Jan/2025:02:44:37 +0100] "GET / HTTP/1.1" 200 - "-" "Mozilla/5.0 (Linux; Android 6.0.1; Nexus 5X Build/MMB29P) AppleWebKit/537.36 (KHTML, like Gecko) Chrome/132.0.6834.83 Mobile Safari/537.36 (compatible; Googlebot/2.1; +http://www.google.com/bot.html)"
92.116.73.66 - - [28/Jan/2025:02:46:20 +0100] "GET /files/cegbejegyzesi_eljaras_21_per_2006__02_12_fin.doc HTTP/1.1" 200 54272 "-" "Microsoft Office/15.0 (Windows NT 6.3; Microsoft Outlook 15.0.4771; Pro)"
52.167.144.162 - - [28/Jan/2025:03:03:02 +0100] "GET /files/OVSZ-kozig1119.pdf HTTP/1.1" 304 - "-" "Mozilla/5.0 AppleWebKit/537.36 (KHTML, like Gecko; compatible; bingbot/2.0; +http://www.bing.com/bingbot.htm) Chrome/116.0.1938.76 Safari/537.36"
54.193.45.214 - - [28/Jan/2025:03:29:18 +0100] "GET / HTTP/1.1" 200 - "-" "bitdiscovery-suggestions"
66.249.65.40 - - [28/Jan/2025:03:38:10 +0100] "GET /files/mpa_terv_070306.pdf HTTP/1.1" 200 318033 "-" "Googlebot/2.1 (+http://www.google.com/bot.html)"
66.249.65.42 - - [28/Jan/2025:03:46:30 +0100] "GET /files/vedelmi_kijeloles1.pdf HTTP/1.1" 200 76587 "-" "Googlebot/2.1 (+http://www.google.com/bot.html)"
66.249.65.41 - - [28/Jan/2025:03:47:43 +0100] "GET /files/palermo_0.pdf HTTP/1.1" 200 790300 "-" "Googlebot/2.1 (+http://www.google.com/bot.html)"
66.249.65.235 - - [28/Jan/2025:03:52:32 +0100] "GET /files/Pannonhalmi_tervezet.pdf HTTP/1.1" 200 248249 "-" "Googlebot/2.1 (+http://www.google.com/bot.html)"
216.244.66.200 - - [28/Jan/2025:04:11:18 +0100] "GET /robots.txt HTTP/1.1" 200 1590 "-" "Mozilla/5.0 (compatible; DotBot/1.2; +https://opensiteexplorer.org/dotbot; help@moz.com)"
216.244.66.200 - - [28/Jan/2025:04:11:18 +0100] "GET /robots.txt HTTP/1.1" 200 1590 "-" "Mozilla/5.0 (compatible; DotBot/1.2; +https://opensiteexplorer.org/dotbot; help@moz.com)"
216.244.66.200 - - [28/Jan/2025:04:22:42 +0100] "GET /files/4377.pdf HTTP/1.1" 200 200758 "-" "Mozilla/5.0 (compatible; DotBot/1.2; +https://opensiteexplorer.org/dotbot; help@moz.com)"
216.244.66.200 - - [28/Jan/2025:04:23:15 +0100] "GET /files/1214_4_mell.xls HTTP/1.1" 200 18944 "-" "Mozilla/5.0 (compatible; DotBot/1.2; +https://opensiteexplorer.org/dotbot; help@moz.com)"
216.244.66.200 - - [28/Jan/2025:04:23:41 +0100] "GET /files/IMlevel.jpg HTTP/1.1" 200 57926 "-" "Mozilla/5.0 (compatible; DotBot/1.2; +https://opensiteexplorer.org/dotbot; help@moz.com)"
216.244.66.200 - - [28/Jan/2025:04:24:06 +0100] "GET /files/T1298.doc HTTP/1.1" 200 94720 "-" "Mozilla/5.0 (compatible; DotBot/1.2; +https://opensiteexplorer.org/dotbot; help@moz.com)"
216.244.66.200 - - [28/Jan/2025:04:24:33 +0100] "GET /files/bbi_terv_090819.pdf HTTP/1.1" 200 191770 "-" "Mozilla/5.0 (compatible; DotBot/1.2; +https://opensiteexplorer.org/dotbot; help@moz.com)"
216.244.66.200 - - [28/Jan/2025:04:24:57 +0100] "GET /files/tervezet.doc HTTP/1.1" 200 169984 "-" "Mozilla/5.0 (compatible; DotBot/1.2; +https://opensiteexplorer.org/dotbot; help@moz.com)"
216.244.66.200 - - [28/Jan/2025:04:25:19 +0100] "GET /files/vendeglato_term.zip HTTP/1.1" 200 47122 "-" "Mozilla/5.0 (compatible; DotBot/1.2; +https://opensiteexplorer.org/dotbot; help@moz.com)"
216.244.66.200 - - [28/Jan/2025:04:25:46 +0100] "GET /files/080915_ekozszolg_tv_terv.pdf HTTP/1.1" 200 425777 "-" "Mozilla/5.0 (compatible; DotBot/1.2; +https://opensiteexplorer.org/dotbot; help@moz.com)"
216.244.66.200 - - [28/Jan/2025:04:26:48 +0100] "GET /files/32-2004-indokol%C3%83%C2%A1s.doc HTTP/1.1" 200 - "-" "Mozilla/5.0 (compatible; DotBot/1.2; +https://opensiteexplorer.org/dotbot; help@moz.com)"
216.244.66.200 - - [28/Jan/2025:04:27:10 +0100] "GET /files/9per1993_min_rend_mod.doc HTTP/1.1" 200 436736 "-" "Mozilla/5.0 (compatible; DotBot/1.2; +https://opensiteexplorer.org/dotbot; help@moz.com)"
216.244.66.200 - - [28/Jan/2025:04:27:41 +0100] "GET /files/Megyer-hegy_rendelet.pdf HTTP/1.1" 200 167911 "-" "Mozilla/5.0 (compatible; DotBot/1.2; +https://opensiteexplorer.org/dotbot; help@moz.com)"
216.244.66.200 - - [28/Jan/2025:04:28:11 +0100] "GET /files/ihm_rend_szakkep_vizsga.doc HTTP/1.1" 200 159232 "-" "Mozilla/5.0 (compatible; DotBot/1.2; +https://opensiteexplorer.org/dotbot; help@moz.com)"
216.244.66.200 - - [28/Jan/2025:04:28:40 +0100] "GET /files/ogyvszn_oszpszn_terv_090824.pdf HTTP/1.1" 200 441747 "-" "Mozilla/5.0 (compatible; DotBot/1.2; +https://opensiteexplorer.org/dotbot; help@moz.com)"
216.244.66.200 - - [28/Jan/2025:04:29:08 +0100] "GET /files/szakmaiindokolas_0.doc HTTP/1.1" 200 58368 "-" "Mozilla/5.0 (compatible; DotBot/1.2; +https://opensiteexplorer.org/dotbot; help@moz.com)"
216.244.66.200 - - [28/Jan/2025:04:29:35 +0100] "GET /files/szemelyugyi_igazgatas.pdf HTTP/1.1" 200 379679 "-" "Mozilla/5.0 (compatible; DotBot/1.2; +https://opensiteexplorer.org/dotbot; help@moz.com)"
216.244.66.200 - - [28/Jan/2025:04:30:01 +0100] "GET /files/korengedmenyes_ped_honlapra_060220.pdf HTTP/1.1" 200 209066 "-" "Mozilla/5.0 (compatible; DotBot/1.2; +https://opensiteexplorer.org/dotbot; help@moz.com)"
216.244.66.200 - - [28/Jan/2025:04:30:26 +0100] "GET /files/kormeloterj_elelmiszerlanc_velemenyezesre.pdf HTTP/1.1" 200 178865 "-" "Mozilla/5.0 (compatible; DotBot/1.2; +https://opensiteexplorer.org/dotbot; help@moz.com)"
216.244.66.200 - - [28/Jan/2025:04:30:50 +0100] "GET /files/nyugellatas_baleseti_jarulak_modositas.pdf HTTP/1.1" 200 102536 "-" "Mozilla/5.0 (compatible; DotBot/1.2; +https://opensiteexplorer.org/dotbot; help@moz.com)"
216.244.66.200 - - [28/Jan/2025:04:31:12 +0100] "GET /files/rendelet_icsszem_fejkezelo_melleklet2.pdf HTTP/1.1" 200 197191 "-" "Mozilla/5.0 (compatible; DotBot/1.2; +https://opensiteexplorer.org/dotbot; help@moz.com)"
216.244.66.200 - - [28/Jan/2025:04:31:37 +0100] "GET /files/T3893.doc HTTP/1.1" 200 1213440 "-" "Mozilla/5.0 (compatible; DotBot/1.2; +https://opensiteexplorer.org/dotbot; help@moz.com)"
216.244.66.200 - - [28/Jan/2025:04:56:44 +0100] "GET /robots.txt HTTP/1.1" 200 1590 "-" "Mozilla/5.0 (compatible; DotBot/1.2; +https://opensiteexplorer.org/dotbot; help@moz.com)"
216.244.66.200 - - [28/Jan/2025:05:08:50 +0100] "GET /files/3802_16.pdf HTTP/1.1" 200 528116 "-" "Mozilla/5.0 (compatible; DotBot/1.2; +https://opensiteexplorer.org/dotbot; help@moz.com)"
216.244.66.200 - - [28/Jan/2025:05:09:12 +0100] "GET /files/KHEM_4543.zip HTTP/1.1" 200 442332 "-" "Mozilla/5.0 (compatible; DotBot/1.2; +https://opensiteexplorer.org/dotbot; help@moz.com)"
216.244.66.200 - - [28/Jan/2025:05:10:02 +0100] "GET /files/jogsegitseg.doc HTTP/1.1" 200 535040 "-" "Mozilla/5.0 (compatible; DotBot/1.2; +https://opensiteexplorer.org/dotbot; help@moz.com)"
216.244.66.200 - - [28/Jan/2025:05:10:40 +0100] "GET /files/megfeleles.zip HTTP/1.1" 200 2185176 "-" "Mozilla/5.0 (compatible; DotBot/1.2; +https://opensiteexplorer.org/dotbot; help@moz.com)"
216.244.66.200 - - [28/Jan/2025:05:11:13 +0100] "GET /files/palermo_0.pdf HTTP/1.1" 200 790300 "-" "Mozilla/5.0 (compatible; DotBot/1.2; +https://opensiteexplorer.org/dotbot; help@moz.com)"
216.244.66.200 - - [28/Jan/2025:05:11:44 +0100] "GET /files/57_2004_mod_velemenyezesre.pdf HTTP/1.1" 200 233513 "-" "Mozilla/5.0 (compatible; DotBot/1.2; +https://opensiteexplorer.org/dotbot; help@moz.com)"
216.244.66.200 - - [28/Jan/2025:05:12:14 +0100] "GET /files/KHEm_3422_6normaszoveg.doc HTTP/1.1" 200 44032 "-" "Mozilla/5.0 (compatible; DotBot/1.2; +https://opensiteexplorer.org/dotbot; help@moz.com)"
216.244.66.200 - - [28/Jan/2025:05:12:43 +0100] "GET /files/_gedgml83kcpnn4sl0edlmipb7__0.pdf HTTP/1.1" 200 203833 "-" "Mozilla/5.0 (compatible; DotBot/1.2; +https://opensiteexplorer.org/dotbot; help@moz.com)"
216.244.66.200 - - [28/Jan/2025:05:13:10 +0100] "GET /files/madrid_abu_dhabi_080613.zip HTTP/1.1" 200 252505 "-" "Mozilla/5.0 (compatible; DotBot/1.2; +https://opensiteexplorer.org/dotbot; help@moz.com)"
216.244.66.200 - - [28/Jan/2025:05:13:37 +0100] "GET /files/szakmai_vizsgak_terv_080220.pdf HTTP/1.1" 200 157649 "-" "Mozilla/5.0 (compatible; DotBot/1.2; +https://opensiteexplorer.org/dotbot; help@moz.com)"
216.244.66.200 - - [28/Jan/2025:05:14:04 +0100] "GET /files/4per2000_66per1999_EuM_rend_mod_090109.doc HTTP/1.1" 200 60416 "-" "Mozilla/5.0 (compatible; DotBot/1.2; +https://opensiteexplorer.org/dotbot; help@moz.com)"
216.244.66.200 - - [28/Jan/2025:05:14:58 +0100] "GET /files/gy%C3%83%C2%B3gyszerforg_min_rend_terv.doc HTTP/1.1" 200 - "-" "Mozilla/5.0 (compatible; DotBot/1.2; +https://opensiteexplorer.org/dotbot; help@moz.com)"
216.244.66.200 - - [28/Jan/2025:05:15:49 +0100] "GET /files/%C3%83%E2%80%93sszefogl%C3%83%C2%A1ll%C3%83%C2%A1sf_vegl.doc HTTP/1.1" 200 - "-" "Mozilla/5.0 (compatible; DotBot/1.2; +https://opensiteexplorer.org/dotbot; help@moz.com)"
47.128.127.193 - - [28/Jan/2025:05:19:04 +0100] "GET /drupal/node/26 HTTP/1.1" 200 - "-" "Mozilla/5.0 (Linux; Android 5.0) AppleWebKit/537.36 (KHTML, like Gecko) Mobile Safari/537.36 (compatible; Bytespider; spider-feedback@bytedance.com)"
47.128.113.34 - - [28/Jan/2025:05:23:03 +0100] "GET /drupal/ HTTP/1.1" 200 - "-" "Mozilla/5.0 (Linux; Android 5.0) AppleWebKit/537.36 (KHTML, like Gecko) Mobile Safari/537.36 (compatible; Bytespider; spider-feedback@bytedance.com)"
47.128.20.38 - - [28/Jan/2025:05:27:03 +0100] "GET /drupal/node/1274 HTTP/1.1" 200 - "-" "Mozilla/5.0 (Linux; Android 5.0) AppleWebKit/537.36 (KHTML, like Gecko) Mobile Safari/537.36 (compatible; Bytespider; spider-feedback@bytedance.com)"
47.128.50.224 - - [28/Jan/2025:05:31:05 +0100] "GET /drupal/node/481 HTTP/1.1" 200 - "-" "Mozilla/5.0 (Linux; Android 5.0) AppleWebKit/537.36 (KHTML, like Gecko) Mobile Safari/537.36 (compatible; Bytespider; spider-feedback@bytedance.com)"
47.128.122.132 - - [28/Jan/2025:05:34:33 +0100] "GET /robots.txt HTTP/1.1" 200 1590 "-" "Mozilla/5.0 (Linux; Android 5.0) AppleWebKit/537.36 (KHTML, like Gecko) Mobile Safari/537.36 (compatible; Bytespider; spider-feedback@bytedance.com)"
47.128.39.64 - - [28/Jan/2025:05:39:04 +0100] "GET /drupal/node/386 HTTP/1.1" 200 - "-" "Mozilla/5.0 (Linux; Android 5.0) AppleWebKit/537.36 (KHTML, like Gecko) Mobile Safari/537.36 (compatible; Bytespider; spider-feedback@bytedance.com)"
47.128.124.102 - - [28/Jan/2025:05:43:05 +0100] "GET /drupal/node/383 HTTP/1.1" 200 - "-" "Mozilla/5.0 (Linux; Android 5.0) AppleWebKit/537.36 (KHTML, like Gecko) Mobile Safari/537.36 (compatible; Bytespider; spider-feedback@bytedance.com)"
47.128.40.127 - - [28/Jan/2025:05:47:04 +0100] "GET /drupal/node/1273 HTTP/1.1" 200 - "-" "Mozilla/5.0 (Linux; Android 5.0) AppleWebKit/537.36 (KHTML, like Gecko) Mobile Safari/537.36 (compatible; Bytespider; spider-feedback@bytedance.com)"
47.128.53.139 - - [28/Jan/2025:05:51:04 +0100] "GET /drupal/node/27 HTTP/1.1" 200 - "-" "Mozilla/5.0 (Linux; Android 5.0) AppleWebKit/537.36 (KHTML, like Gecko) Mobile Safari/537.36 (compatible; Bytespider; spider-feedback@bytedance.com)"
47.128.123.49 - - [28/Jan/2025:05:55:05 +0100] "GET /drupal/node/384 HTTP/1.1" 200 - "-" "Mozilla/5.0 (Linux; Android 5.0) AppleWebKit/537.36 (KHTML, like Gecko) Mobile Safari/537.36 (compatible; Bytespider; spider-feedback@bytedance.com)"
47.128.57.51 - - [28/Jan/2025:05:59:05 +0100] "GET /drupal/node/385 HTTP/1.1" 200 - "-" "Mozilla/5.0 (Linux; Android 5.0) AppleWebKit/537.36 (KHTML, like Gecko) Mobile Safari/537.36 (compatible; Bytespider; spider-feedback@bytedance.com)"
216.244.66.200 - - [28/Jan/2025:07:17:25 +0100] "GET /robots.txt HTTP/1.1" 200 1590 "-" "Mozilla/5.0 (compatible; DotBot/1.2; +https://opensiteexplorer.org/dotbot; help@moz.com)"
216.244.66.200 - - [28/Jan/2025:07:17:25 +0100] "GET /robots.txt HTTP/1.1" 200 1590 "-" "Mozilla/5.0 (compatible; DotBot/1.2; +https://opensiteexplorer.org/dotbot; help@moz.com)"
66.249.65.233 - - [28/Jan/2025:07:21:33 +0100] "GET /files/Karpatok_jkv_kotelezo_hataly_elismerese_KOZIG.pdf HTTP/1.1" 200 241809 "-" "Googlebot/2.1 (+http://www.google.com/bot.html)"
216.244.66.200 - - [28/Jan/2025:07:36:06 +0100] "GET /files/R218indoklas.pdf HTTP/1.1" 200 49922 "-" "Mozilla/5.0 (compatible; DotBot/1.2; +https://opensiteexplorer.org/dotbot; help@moz.com)"
216.244.66.200 - - [28/Jan/2025:07:36:18 +0100] "GET /files/R218rendelet.pdf HTTP/1.1" 200 136006 "-" "Mozilla/5.0 (compatible; DotBot/1.2; +https://opensiteexplorer.org/dotbot; help@moz.com)"
216.244.66.200 - - [28/Jan/2025:07:36:29 +0100] "GET /files/haditech.zip HTTP/1.1" 200 115587 "-" "Mozilla/5.0 (compatible; DotBot/1.2; +https://opensiteexplorer.org/dotbot; help@moz.com)"
216.244.66.200 - - [28/Jan/2025:07:36:41 +0100] "GET /files/stv_modositas.pdf HTTP/1.1" 200 224726 "-" "Mozilla/5.0 (compatible; DotBot/1.2; +https://opensiteexplorer.org/dotbot; help@moz.com)"
216.244.66.200 - - [28/Jan/2025:07:37:16 +0100] "GET /files/27_1995_mod_terv_080708.pdf HTTP/1.1" 200 401469 "-" "Mozilla/5.0 (compatible; DotBot/1.2; +https://opensiteexplorer.org/dotbot; help@moz.com)"
216.244.66.200 - - [28/Jan/2025:07:37:31 +0100] "GET /files/Eloterjesztes_305.pdf HTTP/1.1" 200 214007 "-" "Mozilla/5.0 (compatible; DotBot/1.2; +https://opensiteexplorer.org/dotbot; help@moz.com)"
216.244.66.200 - - [28/Jan/2025:07:37:58 +0100] "GET /files/MinTerv-1-Ell-2007-02-14.doc HTTP/1.1" 200 239616 "-" "Mozilla/5.0 (compatible; DotBot/1.2; +https://opensiteexplorer.org/dotbot; help@moz.com)"
216.244.66.200 - - [28/Jan/2025:07:38:22 +0100] "GET /files/bm_im_egyuttes_rendelet.doc HTTP/1.1" 200 47616 "-" "Mozilla/5.0 (compatible; DotBot/1.2; +https://opensiteexplorer.org/dotbot; help@moz.com)"
216.244.66.200 - - [28/Jan/2025:07:39:00 +0100] "GET /files/ped_szax_terv_090626.pdf HTTP/1.1" 200 1039247 "-" "Mozilla/5.0 (compatible; DotBot/1.2; +https://opensiteexplorer.org/dotbot; help@moz.com)"
216.244.66.200 - - [28/Jan/2025:07:40:02 +0100] "GET /files/63-1997_t%C3%83%C2%A1rc%C3%83%C2%A1ra.doc HTTP/1.1" 200 - "-" "Mozilla/5.0 (compatible; DotBot/1.2; +https://opensiteexplorer.org/dotbot; help@moz.com)"
216.244.66.200 - - [28/Jan/2025:07:40:37 +0100] "GET /files/Bnytv.%20normaszoveg_terv_090930.doc HTTP/1.1" 200 840704 "-" "Mozilla/5.0 (compatible; DotBot/1.2; +https://opensiteexplorer.org/dotbot; help@moz.com)"
216.244.66.200 - - [28/Jan/2025:07:41:11 +0100] "GET /files/R268.doc HTTP/1.1" 200 129024 "-" "Mozilla/5.0 (compatible; DotBot/1.2; +https://opensiteexplorer.org/dotbot; help@moz.com)"
54.219.200.160 - - [28/Jan/2025:07:45:06 +0100] "GET / HTTP/1.1" 200 - "-" "bitdiscovery-suggestions"
192.81.210.110 - - [28/Jan/2025:07:55:41 +0100] "GET / HTTP/1.1" 200 - "-" "Mozilla/5.0 (compatible)"
66.249.65.233 - - [28/Jan/2025:08:02:16 +0100] "GET /files/_0edo6usjkedq62sjkg9jmio8_.pdf HTTP/1.1" 304 - "-" "Mozilla/5.0 (Linux; Android 6.0.1; Nexus 5X Build/MMB29P) AppleWebKit/537.36 (KHTML, like Gecko) Chrome/132.0.6834.83 Mobile Safari/537.36 (compatible; Googlebot/2.1; +http://www.google.com/bot.html)"
64.251.10.90 - - [28/Jan/2025:08:12:32 +0100] "GET /files/CSG-GA-jogalkotas_einfoszab_1120.ppt HTTP/1.0" 200 16939 "-" "-"
81.182.241.249 - - [28/Jan/2025:09:02:16 +0100] "GET /files/ptk_kotelmi_jog.pdf HTTP/1.1" 200 95218 "https://www.google.com/" "Mozilla/5.0 (Linux; Android 10; K) AppleWebKit/537.36 (KHTML, like Gecko) Chrome/132.0.0.0 Mobile Safari/537.36"
151.0.91.215 - - [28/Jan/2025:09:02:27 +0100] "GET /files/ptk_kotelmi_jog.pdf HTTP/1.1" 206 1 "https://www.google.com/" "Mozilla/5.0 (Linux; Android 10; K) AppleWebKit/537.36 (KHTML, like Gecko) Chrome/132.0.0.0 Mobile Safari/537.36"
151.0.91.215 - - [28/Jan/2025:09:02:27 +0100] "GET /files/ptk_kotelmi_jog.pdf HTTP/1.1" 206 35575 "https://www.google.com/" "Mozilla/5.0 (Linux; Android 10; K) AppleWebKit/537.36 (KHTML, like Gecko) Chrome/132.0.0.0 Mobile Safari/537.36"
40.77.167.143 - - [28/Jan/2025:09:29:38 +0100] "GET /files/tervezet_pirotechnikai_tevekenyseg.doc HTTP/1.1" 304 - "-" "Mozilla/5.0 AppleWebKit/537.36 (KHTML, like Gecko; compatible; bingbot/2.0; +http://www.bing.com/bingbot.htm) Chrome/116.0.1938.76 Safari/537.36"
91.242.162.11 - - [28/Jan/2025:09:43:14 +0100] "GET /favicon.ico HTTP/1.1" 404 57 "http://www.jogalkotas.hu" "Mozilla/5.0 (Windows NT 10.0; Win64; x64) AppleWebKit/537.36 (KHTML, like Gecko) Chrome/121.0.0.0 Safari/537.36"
91.242.162.3 - - [28/Jan/2025:09:43:19 +0100] "GET /favicon.ico HTTP/1.1" 404 57 "http://www.jogalkotas.hu" "Mozilla/5.0 (Windows NT 10.0; Win64; x64) AppleWebKit/537.36 (KHTML, like Gecko) Chrome/123.0.0.0 Safari/537.36 Edg/123.0.0.0"
91.242.162.3 - - [28/Jan/2025:09:43:42 +0100] "GET / HTTP/1.1" 200 - "-" "Mozilla/5.0 (X11; Linux x86_64) AppleWebKit/537.36 (KHTML, like Gecko) Chrome/122.0.0.0 Safari/537.36"
40.77.167.42 - - [28/Jan/2025:09:48:30 +0100] "GET /files/_vdlgmeub1e8mn6ujcdtr84rh0dlimf83cdhgn0rr4k1pj2_.pdf HTTP/1.1" 200 193425 "-" "Mozilla/5.0 AppleWebKit/537.36 (KHTML, like Gecko; compatible; bingbot/2.0; +http://www.bing.com/bingbot.htm) Chrome/116.0.1938.76 Safari/537.36"
91.242.162.7 - - [28/Jan/2025:10:21:35 +0100] "GET /favicon.ico HTTP/1.1" 404 57 "http://www.jogalkotas.hu" "Mozilla/5.0 (Macintosh; Intel Mac OS X 10_15_7) AppleWebKit/537.36 (KHTML, like Gecko) Chrome/123.0.0.0 Safari/537.36"
91.242.162.9 - - [28/Jan/2025:10:21:40 +0100] "GET /favicon.ico HTTP/1.1" 404 57 "http://www.jogalkotas.hu" "Mozilla/5.0 (Windows NT 10.0; Win64; x64) AppleWebKit/537.36 (KHTML, like Gecko) Chrome/123.0.0.0 Safari/537.36 Edg/123.0.0.0"
91.242.162.7 - - [28/Jan/2025:10:22:01 +0100] "GET / HTTP/1.1" 200 - "-" "Mozilla/5.0 (Macintosh; Intel Mac OS X 10_15_7) AppleWebKit/537.36 (KHTML, like Gecko) Chrome/123.0.0.0 Safari/537.36"
91.242.162.12 - - [28/Jan/2025:10:22:06 +0100] "GET / HTTP/1.1" 200 - "-" "Mozilla/5.0 (Windows NT 10.0; Win64; x64) AppleWebKit/537.36 (KHTML, like Gecko) Chrome/123.0.0.0 Safari/537.36"
216.244.66.200 - - [28/Jan/2025:10:36:20 +0100] "GET /robots.txt HTTP/1.1" 200 1590 "-" "Mozilla/5.0 (compatible; DotBot/1.2; +https://opensiteexplorer.org/dotbot; help@moz.com)"
216.244.66.200 - - [28/Jan/2025:10:36:20 +0100] "GET /robots.txt HTTP/1.1" 200 1590 "-" "Mozilla/5.0 (compatible; DotBot/1.2; +https://opensiteexplorer.org/dotbot; help@moz.com)"
216.244.66.200 - - [28/Jan/2025:10:55:08 +0100] "GET /taxonomy/term/21?page=81 HTTP/1.1" 200 - "-" "Mozilla/5.0 (compatible; DotBot/1.2; +https://opensiteexplorer.org/dotbot; help@moz.com)"
216.244.66.200 - - [28/Jan/2025:10:55:11 +0100] "GET /files/PM2.doc HTTP/1.1" 200 248832 "-" "Mozilla/5.0 (compatible; DotBot/1.2; +https://opensiteexplorer.org/dotbot; help@moz.com)"
216.244.66.200 - - [28/Jan/2025:10:55:23 +0100] "GET /files/TK48.pdf HTTP/1.1" 200 134627 "-" "Mozilla/5.0 (compatible; DotBot/1.2; +https://opensiteexplorer.org/dotbot; help@moz.com)"
216.244.66.200 - - [28/Jan/2025:10:55:35 +0100] "GET /files/TK89.doc HTTP/1.1" 200 80896 "-" "Mozilla/5.0 (compatible; DotBot/1.2; +https://opensiteexplorer.org/dotbot; help@moz.com)"
216.244.66.200 - - [28/Jan/2025:10:56:11 +0100] "GET /files/1214_7_mell.xls HTTP/1.1" 200 33792 "-" "Mozilla/5.0 (compatible; DotBot/1.2; +https://opensiteexplorer.org/dotbot; help@moz.com)"
216.244.66.200 - - [28/Jan/2025:10:56:23 +0100] "GET /files/biologiai.pdf HTTP/1.1" 200 123046 "-" "Mozilla/5.0 (compatible; DotBot/1.2; +https://opensiteexplorer.org/dotbot; help@moz.com)"
216.244.66.200 - - [28/Jan/2025:10:56:35 +0100] "GET /files/norma.pdf HTTP/1.1" 200 426954 "-" "Mozilla/5.0 (compatible; DotBot/1.2; +https://opensiteexplorer.org/dotbot; help@moz.com)"
216.244.66.200 - - [28/Jan/2025:10:57:23 +0100] "GET /files/0821_tervezet_08.17..doc HTTP/1.1" 200 73728 "-" "Mozilla/5.0 (compatible; DotBot/1.2; +https://opensiteexplorer.org/dotbot; help@moz.com)"
216.244.66.200 - - [28/Jan/2025:10:57:35 +0100] "GET /files/1437262416D9749FC.doc HTTP/1.1" 200 63488 "-" "Mozilla/5.0 (compatible; DotBot/1.2; +https://opensiteexplorer.org/dotbot; help@moz.com)"
52.167.144.233 - - [28/Jan/2025:11:03:32 +0100] "GET /files/tvmod_eloterj_070126.pdf HTTP/1.1" 304 - "-" "Mozilla/5.0 AppleWebKit/537.36 (KHTML, like Gecko; compatible; bingbot/2.0; +http://www.bing.com/bingbot.htm) Chrome/116.0.1938.76 Safari/537.36"
109.194.243.110 - - [28/Jan/2025:11:04:19 +0100] "GET / HTTP/1.0" 200 - "-" "Mozilla/5.0 (Windows NT 6.3; Win64; x64) AppleWebKit/537.36 (KHTML, like Gecko) Chrome/75.0.3770.100 Safari/537.36"
216.244.66.200 - - [28/Jan/2025:12:10:44 +0100] "GET /robots.txt HTTP/1.1" 200 1590 "-" "Mozilla/5.0 (compatible; DotBot/1.2; +https://opensiteexplorer.org/dotbot; help@moz.com)"
91.33.162.229 - - [28/Jan/2025:12:21:52 +0100] "GET /files/cegbejegyzesi_eljaras_21_per_2006__02_12_fin.doc HTTP/1.1" 200 54272 "-" "Mozilla/5.0 (Windows NT 10.0; Microsoft Windows 10.0.15063; en-US) PowerShell/6.0.0"
216.244.66.200 - - [28/Jan/2025:12:31:14 +0100] "GET /files/9298_terv_070410.pdf HTTP/1.1" 200 1104203 "-" "Mozilla/5.0 (compatible; DotBot/1.2; +https://opensiteexplorer.org/dotbot; help@moz.com)"
216.244.66.200 - - [28/Jan/2025:12:31:50 +0100] "GET /files/T5123.doc HTTP/1.1" 200 162816 "-" "Mozilla/5.0 (compatible; DotBot/1.2; +https://opensiteexplorer.org/dotbot; help@moz.com)"
216.244.66.200 - - [28/Jan/2025:12:32:23 +0100] "GET /files/_ne9km2srqeig76_.pdf HTTP/1.1" 200 280617 "-" "Mozilla/5.0 (compatible; DotBot/1.2; +https://opensiteexplorer.org/dotbot; help@moz.com)"
216.244.66.200 - - [28/Jan/2025:12:32:55 +0100] "GET /files/deak_od_070323.pdf HTTP/1.1" 200 189551 "-" "Mozilla/5.0 (compatible; DotBot/1.2; +https://opensiteexplorer.org/dotbot; help@moz.com)"
216.244.66.200 - - [28/Jan/2025:12:33:28 +0100] "GET /files/nka_terv_070424.pdf HTTP/1.1" 200 138785 "-" "Mozilla/5.0 (compatible; DotBot/1.2; +https://opensiteexplorer.org/dotbot; help@moz.com)"
216.244.66.200 - - [28/Jan/2025:12:33:57 +0100] "GET /files/2007ugyvedidij_kozigre.doc HTTP/1.1" 200 59392 "-" "Mozilla/5.0 (compatible; DotBot/1.2; +https://opensiteexplorer.org/dotbot; help@moz.com)"
216.244.66.200 - - [28/Jan/2025:12:34:27 +0100] "GET /files/5_sz_melleklet_061031.pdf HTTP/1.1" 200 165675 "-" "Mozilla/5.0 (compatible; DotBot/1.2; +https://opensiteexplorer.org/dotbot; help@moz.com)"
216.244.66.200 - - [28/Jan/2025:12:35:02 +0100] "GET /files/ellelmezesi_ellatas.pdf HTTP/1.1" 200 94842 "-" "Mozilla/5.0 (compatible; DotBot/1.2; +https://opensiteexplorer.org/dotbot; help@moz.com)"
216.244.66.200 - - [28/Jan/2025:12:36:04 +0100] "GET /files/18_1998-30_1998%20mell%C3%83%C2%A9klet.doc HTTP/1.1" 200 - "-" "Mozilla/5.0 (compatible; DotBot/1.2; +https://opensiteexplorer.org/dotbot; help@moz.com)"
216.244.66.200 - - [28/Jan/2025:12:36:24 +0100] "GET /files/32per2004_ESzCsM_rend_mod_100322.doc HTTP/1.1" 200 148480 "-" "Mozilla/5.0 (compatible; DotBot/1.2; +https://opensiteexplorer.org/dotbot; help@moz.com)"
66.249.66.4 - - [28/Jan/2025:12:39:39 +0100] "GET /files/Tuzszolszab..pdf HTTP/1.1" 200 424954 "-" "Mozilla/5.0 (Linux; Android 6.0.1; Nexus 5X Build/MMB29P) AppleWebKit/537.36 (KHTML, like Gecko) Chrome/132.0.6834.83 Mobile Safari/537.36 (compatible; GoogleOther)"
144.76.14.54 - - [28/Jan/2025:12:51:57 +0100] "GET /robots.txt HTTP/1.1" 200 1590 "-" "Mozilla/5.0 (Windows NT 10.0; Win64; x64; trendictionbot0.5.0; trendiction search; http://www.trendiction.de/bot; please let us know of any problems; web at trendiction.com) Gecko/20100101 Firefox/125.0"
144.76.14.54 - - [28/Jan/2025:12:52:31 +0100] "GET / HTTP/1.1" 200 - "-" "Mozilla/5.0 (Windows NT 10.0; Win64; x64; trendictionbot0.5.0; trendiction search; http://www.trendiction.de/bot; please let us know of any problems; web at trendiction.com) Gecko/20100101 Firefox/125.0"
144.76.14.54 - - [28/Jan/2025:12:53:03 +0100] "GET / HTTP/1.1" 200 - "-" "Mozilla/5.0 (Windows NT 10.0; Win64; x64; trendictionbot0.5.0; trendiction search; http://www.trendiction.de/bot; please let us know of any problems; web at trendiction.com) Gecko/20100101 Firefox/125.0"
144.76.14.54 - - [28/Jan/2025:12:53:35 +0100] "GET / HTTP/1.1" 200 - "-" "Mozilla/5.0 (Windows NT 10.0; Win64; x64; trendictionbot0.5.0; trendiction search; http://www.trendiction.de/bot; please let us know of any problems; web at trendiction.com) Gecko/20100101 Firefox/125.0"
144.76.14.54 - - [28/Jan/2025:12:54:07 +0100] "GET / HTTP/1.1" 200 - "-" "Mozilla/5.0 (Windows NT 10.0; Win64; x64; trendictionbot0.5.0; trendiction search; http://www.trendiction.de/bot; please let us know of any problems; web at trendiction.com) Gecko/20100101 Firefox/125.0"
51.210.214.160 - - [28/Jan/2025:13:01:25 +0100] "GET /taxonomy/term/51/0/feed HTTP/1.1" 200 - "-" "Mozilla/5.0 (X11; Linux i686) AppleWebKit/537.36 (KHTML, like Gecko) Chrome/30.0.1599.66 Safari/537.36"
216.244.66.200 - - [28/Jan/2025:13:09:23 +0100] "GET /robots.txt HTTP/1.1" 200 1590 "-" "Mozilla/5.0 (compatible; DotBot/1.2; +https://opensiteexplorer.org/dotbot; help@moz.com)"
216.244.66.200 - - [28/Jan/2025:13:16:50 +0100] "GET /node/2535 HTTP/1.1" 200 - "-" "Mozilla/5.0 (compatible; DotBot/1.2; +https://opensiteexplorer.org/dotbot; help@moz.com)"
216.244.66.200 - - [28/Jan/2025:13:17:52 +0100] "GET /node/2527 HTTP/1.1" 200 - "-" "Mozilla/5.0 (compatible; DotBot/1.2; +https://opensiteexplorer.org/dotbot; help@moz.com)"
216.244.66.200 - - [28/Jan/2025:13:28:25 +0100] "GET /files/6960_1_rendelet.pdf HTTP/1.1" 200 374673 "-" "Mozilla/5.0 (compatible; DotBot/1.2; +https://opensiteexplorer.org/dotbot; help@moz.com)"
216.244.66.200 - - [28/Jan/2025:13:28:46 +0100] "GET /files/KHEM_2691.doc HTTP/1.1" 200 150528 "-" "Mozilla/5.0 (compatible; DotBot/1.2; +https://opensiteexplorer.org/dotbot; help@moz.com)"
216.244.66.200 - - [28/Jan/2025:13:29:05 +0100] "GET /files/KHEM_8366_4norma.doc HTTP/1.1" 200 41984 "-" "Mozilla/5.0 (compatible; DotBot/1.2; +https://opensiteexplorer.org/dotbot; help@moz.com)"
216.244.66.200 - - [28/Jan/2025:13:29:24 +0100] "GET /files/Korrel-2007-12.doc HTTP/1.1" 200 33792 "-" "Mozilla/5.0 (compatible; DotBot/1.2; +https://opensiteexplorer.org/dotbot; help@moz.com)"
157.55.39.225 - - [28/Jan/2025:13:55:13 +0100] "GET /robots.txt HTTP/1.1" 200 1590 "-" "Mozilla/5.0 AppleWebKit/537.36 (KHTML, like Gecko; compatible; bingbot/2.0; +http://www.bing.com/bingbot.htm) Chrome/116.0.1938.76 Safari/537.36"
52.167.144.231 - - [28/Jan/2025:13:55:23 +0100] "GET /files/090825_jogszabterv_kijel_rend.pdf HTTP/1.1" 200 1028718 "-" "Mozilla/5.0 AppleWebKit/537.36 (KHTML, like Gecko; compatible; bingbot/2.0; +http://www.bing.com/bingbot.htm) Chrome/116.0.1938.76 Safari/537.36"
66.249.66.5 - - [28/Jan/2025:14:18:07 +0100] "GET /taxonomy/term/56 HTTP/1.1" 200 - "-" "Mozilla/5.0 (Linux; Android 6.0.1; Nexus 5X Build/MMB29P) AppleWebKit/537.36 (KHTML, like Gecko) Chrome/132.0.6834.83 Mobile Safari/537.36 (compatible; Googlebot/2.1; +http://www.google.com/bot.html)"
84.224.206.62 - - [28/Jan/2025:15:01:52 +0100] "GET /files/R2422.pdf HTTP/1.1" 200 154270 "https://www.google.com/" "Mozilla/5.0 (Windows NT 10.0; Win64; x64) AppleWebKit/537.36 (KHTML, like Gecko) Chrome/132.0.0.0 Safari/537.36"
84.224.206.62 - - [28/Jan/2025:15:01:52 +0100] "GET /favicon.ico HTTP/1.1" 404 57 "http://www.jogalkotas.hu/files/R2422.pdf" "Mozilla/5.0 (Windows NT 10.0; Win64; x64) AppleWebKit/537.36 (KHTML, like Gecko) Chrome/132.0.0.0 Safari/537.36"
66.249.66.5 - - [28/Jan/2025:15:02:47 +0100] "GET /files/_2g9oa2t42ee0meub9cagn4st0cs_.pdf HTTP/1.1" 304 - "-" "Mozilla/5.0 (Linux; Android 6.0.1; Nexus 5X Build/MMB29P) AppleWebKit/537.36 (KHTML, like Gecko) Chrome/132.0.6834.83 Mobile Safari/537.36 (compatible; Googlebot/2.1; +http://www.google.com/bot.html)"
66.249.66.85 - - [28/Jan/2025:15:47:48 +0100] "GET /files/KHEM_4090_3javitott.doc HTTP/1.1" 304 - "-" "Mozilla/5.0 (Linux; Android 6.0.1; Nexus 5X Build/MMB29P) AppleWebKit/537.36 (KHTML, like Gecko) Chrome/132.0.6834.83 Mobile Safari/537.36 (compatible; Googlebot/2.1; +http://www.google.com/bot.html)"
66.249.66.85 - - [28/Jan/2025:16:08:42 +0100] "GET /files/Nemzetkozi_szerzodesekkel_kapcsolatos_eljarasrol_szolo_2005.evi_L.torveny_modositasarol.pdf HTTP/1.1" 304 - "-" "Mozilla/5.0 (Linux; Android 6.0.1; Nexus 5X Build/MMB29P) AppleWebKit/537.36 (KHTML, like Gecko) Chrome/132.0.6834.83 Mobile Safari/537.36 (compatible; Googlebot/2.1; +http://www.google.com/bot.html)"
31.46.247.178 - - [28/Jan/2025:16:13:26 +0100] "GET /files/OTSZ%20rendelet.pdf HTTP/1.1" 200 168000 "https://www.google.com/" "Mozilla/5.0 (Windows NT 10.0; Win64; x64; rv:134.0) Gecko/20100101 Firefox/134.0"
216.244.66.200 - - [28/Jan/2025:16:15:26 +0100] "GET /robots.txt HTTP/1.1" 200 1590 "-" "Mozilla/5.0 (compatible; DotBot/1.2; +https://opensiteexplorer.org/dotbot; help@moz.com)"
31.46.247.178 - - [28/Jan/2025:16:17:45 +0100] "GET /files/OTSZ%20rendelet.pdf HTTP/1.1" 200 168000 "https://www.google.com/" "Mozilla/5.0 (Windows NT 10.0; Win64; x64) AppleWebKit/537.36 (KHTML, like Gecko) Chrome/131.0.0.0 Safari/537.36"
31.46.247.178 - - [28/Jan/2025:16:17:45 +0100] "GET /favicon.ico HTTP/1.1" 404 57 "http://www.jogalkotas.hu/files/OTSZ%20rendelet.pdf" "Mozilla/5.0 (Windows NT 10.0; Win64; x64) AppleWebKit/537.36 (KHTML, like Gecko) Chrome/131.0.0.0 Safari/537.36"
20.191.45.212 - - [28/Jan/2025:16:38:07 +0100] "GET /favicon.ico HTTP/1.1" 404 57 "http://www.jogalkotas.hu/favicon.ico" "DuckDuckBot/1.1; (+http://duckduckgo.com/duckduckbot.html)"
216.244.66.200 - - [28/Jan/2025:16:38:13 +0100] "GET /files/4411_20.pdf HTTP/1.1" 200 327866 "-" "Mozilla/5.0 (compatible; DotBot/1.2; +https://opensiteexplorer.org/dotbot; help@moz.com)"
216.244.66.200 - - [28/Jan/2025:16:38:25 +0100] "GET /files/KHEM_7556_8norma.doc HTTP/1.1" 200 140288 "-" "Mozilla/5.0 (compatible; DotBot/1.2; +https://opensiteexplorer.org/dotbot; help@moz.com)"
20.191.45.212 - - [28/Jan/2025:16:38:29 +0100] "GET / HTTP/1.1" 200 - "http://www.jogalkotas.hu/" "DuckDuckBot/1.1; (+http://duckduckgo.com/duckduckbot.html)"
216.244.66.200 - - [28/Jan/2025:16:38:38 +0100] "GET /files/NFGM1713.pdf HTTP/1.1" 200 203993 "-" "Mozilla/5.0 (compatible; DotBot/1.2; +https://opensiteexplorer.org/dotbot; help@moz.com)"
216.244.66.200 - - [28/Jan/2025:16:38:50 +0100] "GET /files/NFGM6633.pdf HTTP/1.1" 200 134462 "-" "Mozilla/5.0 (compatible; DotBot/1.2; +https://opensiteexplorer.org/dotbot; help@moz.com)"
216.244.66.200 - - [28/Jan/2025:16:39:13 +0100] "GET /files/ekozbesz.doc HTTP/1.1" 200 339456 "-" "Mozilla/5.0 (compatible; DotBot/1.2; +https://opensiteexplorer.org/dotbot; help@moz.com)"
216.244.66.200 - - [28/Jan/2025:16:39:52 +0100] "GET /files/info_terv_080612.pdf HTTP/1.1" 200 323635 "-" "Mozilla/5.0 (compatible; DotBot/1.2; +https://opensiteexplorer.org/dotbot; help@moz.com)"
216.244.66.200 - - [28/Jan/2025:16:40:28 +0100] "GET /files/14per2007_mod_terv.doc HTTP/1.1" 200 179200 "-" "Mozilla/5.0 (compatible; DotBot/1.2; +https://opensiteexplorer.org/dotbot; help@moz.com)"
216.244.66.200 - - [28/Jan/2025:16:41:04 +0100] "GET /files/2007Ramsar-tervezet2007.10.pdf HTTP/1.1" 200 152691 "-" "Mozilla/5.0 (compatible; DotBot/1.2; +https://opensiteexplorer.org/dotbot; help@moz.com)"
216.244.66.200 - - [28/Jan/2025:16:41:39 +0100] "GET /files/35_2002_hm_rendelet_mod.pdf HTTP/1.1" 200 170374 "-" "Mozilla/5.0 (compatible; DotBot/1.2; +https://opensiteexplorer.org/dotbot; help@moz.com)"
216.244.66.200 - - [28/Jan/2025:16:42:17 +0100] "GET /files/iskolaszovetkezet.pdf HTTP/1.1" 200 134085 "-" "Mozilla/5.0 (compatible; DotBot/1.2; +https://opensiteexplorer.org/dotbot; help@moz.com)"
216.244.66.200 - - [28/Jan/2025:16:42:55 +0100] "GET /files/kem_bizt_vgr_jogharm_091208.doc HTTP/1.1" 200 147968 "-" "Mozilla/5.0 (compatible; DotBot/1.2; +https://opensiteexplorer.org/dotbot; help@moz.com)"
216.244.66.200 - - [28/Jan/2025:16:43:41 +0100] "GET /files/kozalk_terv_070806-1.pdf HTTP/1.1" 200 313855 "-" "Mozilla/5.0 (compatible; DotBot/1.2; +https://opensiteexplorer.org/dotbot; help@moz.com)"
3.101.240.93 - - [28/Jan/2025:16:44:01 +0100] "GET / HTTP/1.1" 200 - "-" "bitdiscovery"
216.244.66.200 - - [28/Jan/2025:16:44:26 +0100] "GET /files/mozgokep_terv_080426.pdf HTTP/1.1" 200 400607 "-" "Mozilla/5.0 (compatible; DotBot/1.2; +https://opensiteexplorer.org/dotbot; help@moz.com)"
216.244.66.200 - - [28/Jan/2025:16:45:02 +0100] "GET /files/szakszo_muszaki_1mell.pdf HTTP/1.1" 200 86544 "-" "Mozilla/5.0 (compatible; DotBot/1.2; +https://opensiteexplorer.org/dotbot; help@moz.com)"
216.244.66.200 - - [28/Jan/2025:16:45:34 +0100] "GET /files/0223_2007adatlapok_tervezet_0122.xls HTTP/1.1" 200 108544 "-" "Mozilla/5.0 (compatible; DotBot/1.2; +https://opensiteexplorer.org/dotbot; help@moz.com)"
216.244.66.200 - - [28/Jan/2025:16:46:12 +0100] "GET /files/219-2004_kozigazgatasi_egyeztetesre_0930.pdf HTTP/1.1" 200 296932 "-" "Mozilla/5.0 (compatible; DotBot/1.2; +https://opensiteexplorer.org/dotbot; help@moz.com)"
216.244.66.200 - - [28/Jan/2025:16:47:06 +0100] "GET /files/nem-konvencionalis_korm_rend_090202.doc HTTP/1.1" 200 810473 "-" "Mozilla/5.0 (compatible; DotBot/1.2; +https://opensiteexplorer.org/dotbot; help@moz.com)"
78.92.240.197 - - [28/Jan/2025:17:25:00 +0100] "GET /files/2_sz_melleklet_061031.pdf HTTP/1.1" 200 56446 "https://www.google.com/" "Mozilla/5.0 (Windows NT 10.0; Win64; x64) AppleWebKit/537.36 (KHTML, like Gecko) Chrome/132.0.0.0 Safari/537.36"
78.92.240.197 - - [28/Jan/2025:17:25:00 +0100] "GET /favicon.ico HTTP/1.1" 404 57 "http://www.jogalkotas.hu/files/2_sz_melleklet_061031.pdf" "Mozilla/5.0 (Windows NT 10.0; Win64; x64) AppleWebKit/537.36 (KHTML, like Gecko) Chrome/132.0.0.0 Safari/537.36"
40.77.167.27 - - [28/Jan/2025:17:32:43 +0100] "GET /files/cstvmod-irm-honlapra.doc HTTP/1.1" 200 426496 "-" "Mozilla/5.0 AppleWebKit/537.36 (KHTML, like Gecko; compatible; bingbot/2.0; +http://www.bing.com/bingbot.htm) Chrome/116.0.1938.76 Safari/537.36"
47.128.40.159 - - [28/Jan/2025:17:35:19 +0100] "GET /drupal/node/673 HTTP/1.1" 200 - "-" "Mozilla/5.0 (Linux; Android 5.0) AppleWebKit/537.36 (KHTML, like Gecko) Mobile Safari/537.36 (compatible; Bytespider; spider-feedback@bytedance.com)"
66.249.66.86 - - [28/Jan/2025:17:35:46 +0100] "GET /files/ooszi.pdf HTTP/1.1" 304 - "-" "Mozilla/5.0 (Linux; Android 6.0.1; Nexus 5X Build/MMB29P) AppleWebKit/537.36 (KHTML, like Gecko) Chrome/132.0.6834.83 Mobile Safari/537.36 (compatible; Googlebot/2.1; +http://www.google.com/bot.html)"
47.128.45.71 - - [28/Jan/2025:17:38:50 +0100] "GET /robots.txt HTTP/1.1" 200 1590 "-" "Mozilla/5.0 (Linux; Android 5.0) AppleWebKit/537.36 (KHTML, like Gecko) Mobile Safari/537.36 (compatible; Bytespider; spider-feedback@bytedance.com)"
47.128.40.17 - - [28/Jan/2025:17:43:19 +0100] "GET /node/2513 HTTP/1.1" 200 - "-" "Mozilla/5.0 (Linux; Android 5.0) AppleWebKit/537.36 (KHTML, like Gecko) Mobile Safari/537.36 (compatible; Bytespider; spider-feedback@bytedance.com)"
47.128.28.206 - - [28/Jan/2025:17:58:51 +0100] "GET /node/2124 HTTP/1.1" 200 - "-" "Mozilla/5.0 (Linux; Android 5.0) AppleWebKit/537.36 (KHTML, like Gecko) Mobile Safari/537.36 (compatible; Bytespider; spider-feedback@bytedance.com)"
18.207.79.144 - - [28/Jan/2025:18:01:14 +0100] "GET /robots.txt HTTP/1.1" 200 1590 "-" "Mozilla/5.0 AppleWebKit/537.36 (KHTML, like Gecko; compatible; Amazonbot/0.1; +https://developer.amazon.com/support/amazonbot) Chrome/119.0.6045.214 Safari/537.36"
44.221.105.234 - - [28/Jan/2025:18:02:09 +0100] "GET / HTTP/1.1" 200 - "-" "Mozilla/5.0 AppleWebKit/537.36 (KHTML, like Gecko; compatible; Amazonbot/0.1; +https://developer.amazon.com/support/amazonbot) Chrome/119.0.6045.214 Safari/537.36"
47.128.98.32 - - [28/Jan/2025:18:02:51 +0100] "GET /node/1159 HTTP/1.1" 200 - "-" "Mozilla/5.0 (Linux; Android 5.0) AppleWebKit/537.36 (KHTML, like Gecko) Mobile Safari/537.36 (compatible; Bytespider; spider-feedback@bytedance.com)"
