221.109.63.128 - - [19/Apr/2025:06:06:39 +0200] "GET /node/1157 HTTP/1.1" 200 - "http://napelem.ardoboz.hu/megyei-onkormanyzatok-feladatai" "Mozilla/5.0 (compatible; SBIntuitionsBot/0.1; +https://www.sbintuitions.co.jp/bot/)"
221.111.209.1 - - [19/Apr/2025:06:07:02 +0200] "GET /node/1157 HTTP/1.1" 200 - "http://napelem.ardoboz.hu/megyei-onkormanyzatok-feladatai" "Mozilla/5.0 (compatible; SBIntuitionsBot/0.1; +https://www.sbintuitions.co.jp/bot/)"
221.109.63.128 - - [19/Apr/2025:06:07:08 +0200] "GET /node/1157 HTTP/1.1" 200 - "http://napelem.ardoboz.hu/megyei-onkormanyzatok-feladatai" "Mozilla/5.0 (compatible; SBIntuitionsBot/0.1; +https://www.sbintuitions.co.jp/bot/)"
221.109.63.128 - - [19/Apr/2025:06:07:15 +0200] "GET /node/1157 HTTP/1.1" 200 - "http://napelem.ardoboz.hu/megyei-onkormanyzatok-feladatai" "Mozilla/5.0 (compatible; SBIntuitionsBot/0.1; +https://www.sbintuitions.co.jp/bot/)"
221.111.210.2 - - [19/Apr/2025:06:07:23 +0200] "GET /node/1157 HTTP/1.1" 200 - "http://napelem.ardoboz.hu/megyei-onkormanyzatok-feladatai" "Mozilla/5.0 (compatible; SBIntuitionsBot/0.1; +https://www.sbintuitions.co.jp/bot/)"
221.109.63.129 - - [19/Apr/2025:06:07:32 +0200] "GET /node/1157 HTTP/1.1" 200 - "http://napelem.ardoboz.hu/megyei-onkormanyzatok-feladatai" "Mozilla/5.0 (compatible; SBIntuitionsBot/0.1; +https://www.sbintuitions.co.jp/bot/)"
66.249.66.85 - - [19/Apr/2025:06:07:39 +0200] "GET /files/korm_civil_terv_070612.pdf HTTP/1.1" 200 290817 "-" "Googlebot/2.1 (+http://www.google.com/bot.html)"
221.109.63.129 - - [19/Apr/2025:06:07:53 +0200] "GET /node/1157 HTTP/1.1" 200 - "http://napelem.ardoboz.hu/megyei-onkormanyzatok-feladatai" "Mozilla/5.0 (compatible; SBIntuitionsBot/0.1; +https://www.sbintuitions.co.jp/bot/)"
126.128.224.1 - - [19/Apr/2025:06:08:05 +0200] "GET /node/1157 HTTP/1.1" 200 - "http://napelem.ardoboz.hu/megyei-onkormanyzatok-feladatai" "Mozilla/5.0 (compatible; SBIntuitionsBot/0.1; +https://www.sbintuitions.co.jp/bot/)"
221.111.210.1 - - [19/Apr/2025:06:08:19 +0200] "GET /node/1157 HTTP/1.1" 200 - "http://napelem.ardoboz.hu/megyei-onkormanyzatok-feladatai" "Mozilla/5.0 (compatible; SBIntuitionsBot/0.1; +https://www.sbintuitions.co.jp/bot/)"
126.128.224.1 - - [19/Apr/2025:06:08:32 +0200] "GET /node/1157 HTTP/1.1" 200 - "http://napelem.ardoboz.hu/megyei-onkormanyzatok-feladatai" "Mozilla/5.0 (compatible; SBIntuitionsBot/0.1; +https://www.sbintuitions.co.jp/bot/)"
216.244.66.200 - - [19/Apr/2025:06:08:45 +0200] "GET /robots.txt HTTP/1.1" 200 1590 "-" "Mozilla/5.0 (compatible; DotBot/1.2; +https://opensiteexplorer.org/dotbot; help@moz.com)"
216.244.66.200 - - [19/Apr/2025:06:08:45 +0200] "GET /robots.txt HTTP/1.1" 200 1590 "-" "Mozilla/5.0 (compatible; DotBot/1.2; +https://opensiteexplorer.org/dotbot; help@moz.com)"
221.111.210.2 - - [19/Apr/2025:06:08:47 +0200] "GET /node/1157 HTTP/1.1" 200 - "http://napelem.ardoboz.hu/megyei-onkormanyzatok-feladatai" "Mozilla/5.0 (compatible; SBIntuitionsBot/0.1; +https://www.sbintuitions.co.jp/bot/)"
221.110.152.1 - - [19/Apr/2025:06:09:02 +0200] "GET /node/1157 HTTP/1.1" 200 - "http://napelem.ardoboz.hu/megyei-onkormanyzatok-feladatai" "Mozilla/5.0 (compatible; SBIntuitionsBot/0.1; +https://www.sbintuitions.co.jp/bot/)"
221.111.209.2 - - [19/Apr/2025:06:09:17 +0200] "GET /node/1157 HTTP/1.1" 200 - "http://napelem.ardoboz.hu/megyei-onkormanyzatok-feladatai" "Mozilla/5.0 (compatible; SBIntuitionsBot/0.1; +https://www.sbintuitions.co.jp/bot/)"
221.111.210.2 - - [19/Apr/2025:06:09:32 +0200] "GET /node/1157 HTTP/1.1" 200 - "http://napelem.ardoboz.hu/megyei-onkormanyzatok-feladatai" "Mozilla/5.0 (compatible; SBIntuitionsBot/0.1; +https://www.sbintuitions.co.jp/bot/)"
221.111.209.1 - - [19/Apr/2025:06:09:47 +0200] "GET /node/1157 HTTP/1.1" 200 - "http://napelem.ardoboz.hu/megyei-onkormanyzatok-feladatai" "Mozilla/5.0 (compatible; SBIntuitionsBot/0.1; +https://www.sbintuitions.co.jp/bot/)"
221.109.63.129 - - [19/Apr/2025:06:10:02 +0200] "GET /node/1157 HTTP/1.1" 200 - "http://napelem.ardoboz.hu/megyei-onkormanyzatok-feladatai" "Mozilla/5.0 (compatible; SBIntuitionsBot/0.1; +https://www.sbintuitions.co.jp/bot/)"
221.111.210.1 - - [19/Apr/2025:06:10:17 +0200] "GET /node/1157 HTTP/1.1" 200 - "http://napelem.ardoboz.hu/megyei-onkormanyzatok-feladatai" "Mozilla/5.0 (compatible; SBIntuitionsBot/0.1; +https://www.sbintuitions.co.jp/bot/)"
126.128.224.2 - - [19/Apr/2025:06:10:32 +0200] "GET /node/1157 HTTP/1.1" 200 - "http://napelem.ardoboz.hu/megyei-onkormanyzatok-feladatai" "Mozilla/5.0 (compatible; SBIntuitionsBot/0.1; +https://www.sbintuitions.co.jp/bot/)"
126.128.224.2 - - [19/Apr/2025:06:10:47 +0200] "GET /node/1157 HTTP/1.1" 200 - "http://napelem.ardoboz.hu/megyei-onkormanyzatok-feladatai" "Mozilla/5.0 (compatible; SBIntuitionsBot/0.1; +https://www.sbintuitions.co.jp/bot/)"
221.109.63.129 - - [19/Apr/2025:06:11:02 +0200] "GET /node/1157 HTTP/1.1" 200 - "http://napelem.ardoboz.hu/megyei-onkormanyzatok-feladatai" "Mozilla/5.0 (compatible; SBIntuitionsBot/0.1; +https://www.sbintuitions.co.jp/bot/)"
216.244.66.200 - - [19/Apr/2025:06:17:50 +0200] "GET /files/3175_8.pdf HTTP/1.1" 200 238857 "-" "Mozilla/5.0 (compatible; DotBot/1.2; +https://opensiteexplorer.org/dotbot; help@moz.com)"
216.244.66.200 - - [19/Apr/2025:06:18:29 +0200] "GET /files/3497.pdf HTTP/1.1" 200 153106 "-" "Mozilla/5.0 (compatible; DotBot/1.2; +https://opensiteexplorer.org/dotbot; help@moz.com)"
216.244.66.200 - - [19/Apr/2025:06:19:06 +0200] "GET /files/R176-2-1.doc HTTP/1.1" 200 88064 "-" "Mozilla/5.0 (compatible; DotBot/1.2; +https://opensiteexplorer.org/dotbot; help@moz.com)"
216.244.66.200 - - [19/Apr/2025:06:19:43 +0200] "GET /files/T6308.doc HTTP/1.1" 200 114688 "-" "Mozilla/5.0 (compatible; DotBot/1.2; +https://opensiteexplorer.org/dotbot; help@moz.com)"
216.244.66.200 - - [19/Apr/2025:06:20:15 +0200] "GET /files/eh_szolg.zip HTTP/1.1" 200 32041 "-" "Mozilla/5.0 (compatible; DotBot/1.2; +https://opensiteexplorer.org/dotbot; help@moz.com)"
216.244.66.200 - - [19/Apr/2025:06:20:51 +0200] "GET /files/27_2002_honlapra_1213.pdf HTTP/1.1" 200 162833 "-" "Mozilla/5.0 (compatible; DotBot/1.2; +https://opensiteexplorer.org/dotbot; help@moz.com)"
216.244.66.200 - - [19/Apr/2025:06:21:26 +0200] "GET /files/27per2004_mod-1.doc HTTP/1.1" 200 39424 "-" "Mozilla/5.0 (compatible; DotBot/1.2; +https://opensiteexplorer.org/dotbot; help@moz.com)"
216.244.66.200 - - [19/Apr/2025:06:22:03 +0200] "GET /files/Tk53-3eloterjesztes.doc HTTP/1.1" 200 124928 "-" "Mozilla/5.0 (compatible; DotBot/1.2; +https://opensiteexplorer.org/dotbot; help@moz.com)"
216.244.66.200 - - [19/Apr/2025:06:22:31 +0200] "GET /files/dijrend20060503.doc HTTP/1.1" 200 28160 "-" "Mozilla/5.0 (compatible; DotBot/1.2; +https://opensiteexplorer.org/dotbot; help@moz.com)"
216.244.66.200 - - [19/Apr/2025:06:23:00 +0200] "GET /files/ovadek_rendelet.pdf HTTP/1.1" 200 57228 "-" "Mozilla/5.0 (compatible; DotBot/1.2; +https://opensiteexplorer.org/dotbot; help@moz.com)"
216.244.66.200 - - [19/Apr/2025:06:23:35 +0200] "GET /files/szoc_karta_terv_071001.pdf HTTP/1.1" 200 770638 "-" "Mozilla/5.0 (compatible; DotBot/1.2; +https://opensiteexplorer.org/dotbot; help@moz.com)"
216.244.66.200 - - [19/Apr/2025:06:24:08 +0200] "GET /files/090520_ekk_azonositogazdalkodas.pdf HTTP/1.1" 200 285190 "-" "Mozilla/5.0 (compatible; DotBot/1.2; +https://opensiteexplorer.org/dotbot; help@moz.com)"
216.244.66.200 - - [19/Apr/2025:06:24:40 +0200] "GET /files/6_3_oraszagbeli_kutatok_KI_070404_.doc HTTP/1.1" 200 259584 "-" "Mozilla/5.0 (compatible; DotBot/1.2; +https://opensiteexplorer.org/dotbot; help@moz.com)"
216.244.66.200 - - [19/Apr/2025:06:25:12 +0200] "GET /files/8_2008_mod_melleklet_velemenyezesre.pdf HTTP/1.1" 200 434976 "-" "Mozilla/5.0 (compatible; DotBot/1.2; +https://opensiteexplorer.org/dotbot; help@moz.com)"
216.244.66.200 - - [19/Apr/2025:06:25:41 +0200] "GET /files/kormeloterj_novved_birsag.pdf HTTP/1.1" 200 161913 "-" "Mozilla/5.0 (compatible; DotBot/1.2; +https://opensiteexplorer.org/dotbot; help@moz.com)"
216.244.66.200 - - [19/Apr/2025:06:26:13 +0200] "GET /files/kozut_kozl.35_2000_bmr_egt.doc HTTP/1.1" 200 608768 "-" "Mozilla/5.0 (compatible; DotBot/1.2; +https://opensiteexplorer.org/dotbot; help@moz.com)"
66.249.66.87 - - [19/Apr/2025:06:26:59 +0200] "GET /files/tervezet_Szoloskei-erdo.pdf HTTP/1.1" 200 221297 "-" "Googlebot/2.1 (+http://www.google.com/bot.html)"
216.244.66.200 - - [19/Apr/2025:06:27:10 +0200] "GET /files/Magy_Montenegro_egyezm%C3%83%C2%A9ny_tervezet.doc HTTP/1.1" 200 - "-" "Mozilla/5.0 (compatible; DotBot/1.2; +https://opensiteexplorer.org/dotbot; help@moz.com)"
216.244.66.200 - - [19/Apr/2025:06:27:30 +0200] "GET /files/mediacios_rendelkezesek_a_be_-ben_indokolas.pdf HTTP/1.1" 200 82373 "-" "Mozilla/5.0 (compatible; DotBot/1.2; +https://opensiteexplorer.org/dotbot; help@moz.com)"
216.244.66.200 - - [19/Apr/2025:06:28:01 +0200] "GET /files/T3029.doc HTTP/1.1" 200 157696 "-" "Mozilla/5.0 (compatible; DotBot/1.2; +https://opensiteexplorer.org/dotbot; help@moz.com)"
216.244.66.200 - - [19/Apr/2025:06:28:30 +0200] "GET /files/lovas.pdf HTTP/1.1" 200 148078 "-" "Mozilla/5.0 (compatible; DotBot/1.2; +https://opensiteexplorer.org/dotbot; help@moz.com)"
139.59.177.211 - - [19/Apr/2025:06:29:36 +0200] "GET / HTTP/1.1" 200 - "-" "Mozilla/5.0 (Windows NT 10.0; Win64; x64) AppleWebKit/537.36 (KHTML, like Gecko) Chrome/124.0.0.0 Safari/537.36"
66.85.157.26 - - [19/Apr/2025:06:36:51 +0200] "GET / HTTP/1.1" 200 - "https://www.google.it" "Mozilla/5.0 (Macintosh; Intel Mac OS X 13_3) AppleWebKit/537.36 (KHTML, like Gecko) Chrome/126.0.0.0 Safari/537.36 Edg/126.0.0.0"
66.249.66.86 - - [19/Apr/2025:06:41:31 +0200] "GET /files/egyes_szoc_rend_terv_081124.pdf HTTP/1.1" 200 759635 "-" "Googlebot/2.1 (+http://www.google.com/bot.html)"
82.43.226.96 - - [19/Apr/2025:06:44:25 +0200] "GET /comment/reply/2619/ HTTP/1.0" 200 - "http://jogalkotas.hu/comment/reply/2619/" "Mozilla/5.0 (Windows NT 6.2; Win64; x64) AppleWebKit/537.36 (KHTML, like Gecko) Chrome/103.0.0.0 Safari/537.36"
82.43.226.96 - - [19/Apr/2025:06:44:57 +0200] "GET / HTTP/1.0" 200 - "http://jogalkotas.hu/" "Mozilla/5.0 (Windows NT 6.2; Win64; x64) AppleWebKit/537.36 (KHTML, like Gecko) Chrome/103.0.0.0 Safari/537.36"
216.244.66.200 - - [19/Apr/2025:06:54:03 +0200] "GET /robots.txt HTTP/1.1" 200 1590 "-" "Mozilla/5.0 (compatible; DotBot/1.2; +https://opensiteexplorer.org/dotbot; help@moz.com)"
52.167.144.161 - - [19/Apr/2025:06:59:45 +0200] "GET /taxonomy/term/85 HTTP/1.1" 200 - "-" "Mozilla/5.0 AppleWebKit/537.36 (KHTML, like Gecko; compatible; bingbot/2.0; +http://www.bing.com/bingbot.htm) Chrome/116.0.1938.76 Safari/537.36"
52.167.144.161 - - [19/Apr/2025:07:00:17 +0200] "GET /taxonomy/term/85 HTTP/1.1" 200 - "-" "Mozilla/5.0 AppleWebKit/537.36 (KHTML, like Gecko; compatible; bingbot/2.0; +http://www.bing.com/bingbot.htm) Chrome/116.0.1938.76 Safari/537.36"
66.249.66.87 - - [19/Apr/2025:07:13:10 +0200] "GET /files/ptk_kotelmi_jog_0.pdf HTTP/1.1" 304 - "-" "Mozilla/5.0 (Linux; Android 6.0.1; Nexus 5X Build/MMB29P) AppleWebKit/537.36 (KHTML, like Gecko) Chrome/135.0.7049.95 Mobile Safari/537.36 (compatible; Googlebot/2.1; +http://www.google.com/bot.html)"
216.244.66.200 - - [19/Apr/2025:07:14:28 +0200] "GET /files/17734_7.pdf HTTP/1.1" 200 108051 "-" "Mozilla/5.0 (compatible; DotBot/1.2; +https://opensiteexplorer.org/dotbot; help@moz.com)"
216.244.66.200 - - [19/Apr/2025:07:14:39 +0200] "GET /files/2008Okt.pdf HTTP/1.1" 200 129599 "-" "Mozilla/5.0 (compatible; DotBot/1.2; +https://opensiteexplorer.org/dotbot; help@moz.com)"
216.244.66.200 - - [19/Apr/2025:07:14:50 +0200] "GET /files/2008felev.pdf HTTP/1.1" 200 73610 "-" "Mozilla/5.0 (compatible; DotBot/1.2; +https://opensiteexplorer.org/dotbot; help@moz.com)"
216.244.66.200 - - [19/Apr/2025:07:15:02 +0200] "GET /files/fvm10.05.doc HTTP/1.1" 200 69632 "-" "Mozilla/5.0 (compatible; DotBot/1.2; +https://opensiteexplorer.org/dotbot; help@moz.com)"
216.244.66.200 - - [19/Apr/2025:07:15:14 +0200] "GET /files/ippc.pdf HTTP/1.1" 200 251837 "-" "Mozilla/5.0 (compatible; DotBot/1.2; +https://opensiteexplorer.org/dotbot; help@moz.com)"
216.244.66.200 - - [19/Apr/2025:07:15:34 +0200] "GET /files/11_2005_mod.pdf HTTP/1.1" 200 184731 "-" "Mozilla/5.0 (compatible; DotBot/1.2; +https://opensiteexplorer.org/dotbot; help@moz.com)"
216.244.66.200 - - [19/Apr/2025:07:15:46 +0200] "GET /files/KHEM_178_8_norma.doc HTTP/1.1" 200 93184 "-" "Mozilla/5.0 (compatible; DotBot/1.2; +https://opensiteexplorer.org/dotbot; help@moz.com)"
216.244.66.200 - - [19/Apr/2025:07:15:57 +0200] "GET /files/R305-2vezetoi.doc HTTP/1.1" 200 104448 "-" "Mozilla/5.0 (compatible; DotBot/1.2; +https://opensiteexplorer.org/dotbot; help@moz.com)"
216.244.66.200 - - [19/Apr/2025:07:16:13 +0200] "GET /files/egyes_eg_min_rend_mod.doc HTTP/1.1" 200 431104 "-" "Mozilla/5.0 (compatible; DotBot/1.2; +https://opensiteexplorer.org/dotbot; help@moz.com)"
216.244.66.200 - - [19/Apr/2025:07:16:39 +0200] "GET /files/1004_vedett_allatfajok__k_zigre__2_.doc HTTP/1.1" 200 204800 "-" "Mozilla/5.0 (compatible; DotBot/1.2; +https://opensiteexplorer.org/dotbot; help@moz.com)"
216.244.66.200 - - [19/Apr/2025:07:17:15 +0200] "GET /files/alap_mester_terv_080415.pdf HTTP/1.1" 200 596170 "-" "Mozilla/5.0 (compatible; DotBot/1.2; +https://opensiteexplorer.org/dotbot; help@moz.com)"
216.244.66.200 - - [19/Apr/2025:07:39:28 +0200] "GET /robots.txt HTTP/1.1" 200 1590 "-" "Mozilla/5.0 (compatible; DotBot/1.2; +https://opensiteexplorer.org/dotbot; help@moz.com)"
13.57.221.162 - - [19/Apr/2025:07:40:10 +0200] "GET / HTTP/1.1" 200 - "-" "bitdiscovery-suggestions"
66.249.66.4 - - [19/Apr/2025:07:43:17 +0200] "GET /files/esely_felzark_070302.pdf HTTP/1.1" 200 364039 "-" "Mozilla/5.0 (Linux; Android 6.0.1; Nexus 5X Build/MMB29P) AppleWebKit/537.36 (KHTML, like Gecko) Chrome/135.0.7049.95 Mobile Safari/537.36 (compatible; Googlebot/2.1; +http://www.google.com/bot.html)"
45.95.146.83 - - [19/Apr/2025:07:43:19 +0200] "GET /files/oka_terv_090310.pdf HTTP/1.0" 200 66537 "http://www.jogalkotas.hu/files/oka_terv_090310.pdf" "Mozilla/5.0 (Windows NT 10.0; Win64; x64) AppleWebKit/537.36 (KHTML, like Gecko) Chrome/130.0.0.0 Safari/537.36"
45.95.146.83 - - [19/Apr/2025:07:43:51 +0200] "GET / HTTP/1.0" 200 - "http://www.jogalkotas.hu/" "Mozilla/5.0 (Windows NT 10.0; Win64; x64) AppleWebKit/537.36 (KHTML, like Gecko) Chrome/130.0.0.0 Safari/537.36"
216.244.66.200 - - [19/Apr/2025:07:59:46 +0200] "GET /files/9066_8.pdf HTTP/1.1" 200 256374 "-" "Mozilla/5.0 (compatible; DotBot/1.2; +https://opensiteexplorer.org/dotbot; help@moz.com)"
216.244.66.200 - - [19/Apr/2025:08:00:01 +0200] "GET /files/fitness.pdf HTTP/1.1" 200 608967 "-" "Mozilla/5.0 (compatible; DotBot/1.2; +https://opensiteexplorer.org/dotbot; help@moz.com)"
216.244.66.200 - - [19/Apr/2025:08:00:21 +0200] "GET /files/reszletes.pdf HTTP/1.1" 200 276067 "-" "Mozilla/5.0 (compatible; DotBot/1.2; +https://opensiteexplorer.org/dotbot; help@moz.com)"
216.244.66.200 - - [19/Apr/2025:08:00:38 +0200] "GET /files/vtkzrt.zip HTTP/1.1" 200 20900 "-" "Mozilla/5.0 (compatible; DotBot/1.2; +https://opensiteexplorer.org/dotbot; help@moz.com)"
216.244.66.200 - - [19/Apr/2025:08:00:55 +0200] "GET /files/090727_jszt_radio.pdf HTTP/1.1" 200 152844 "-" "Mozilla/5.0 (compatible; DotBot/1.2; +https://opensiteexplorer.org/dotbot; help@moz.com)"
216.244.66.200 - - [19/Apr/2025:08:01:11 +0200] "GET /files/KUM_kituntetesek.pdf HTTP/1.1" 200 220724 "-" "Mozilla/5.0 (compatible; DotBot/1.2; +https://opensiteexplorer.org/dotbot; help@moz.com)"
216.244.66.200 - - [19/Apr/2025:08:01:26 +0200] "GET /files/esely_terv_081223.pdf HTTP/1.1" 200 204785 "-" "Mozilla/5.0 (compatible; DotBot/1.2; +https://opensiteexplorer.org/dotbot; help@moz.com)"
216.244.66.200 - - [19/Apr/2025:08:01:39 +0200] "GET /files/esztergom2.doc HTTP/1.1" 200 38912 "-" "Mozilla/5.0 (compatible; DotBot/1.2; +https://opensiteexplorer.org/dotbot; help@moz.com)"
216.244.66.200 - - [19/Apr/2025:08:25:26 +0200] "GET /robots.txt HTTP/1.1" 200 1590 "-" "Mozilla/5.0 (compatible; DotBot/1.2; +https://opensiteexplorer.org/dotbot; help@moz.com)"
66.249.66.5 - - [19/Apr/2025:08:30:15 +0200] "GET /files/erettsegi_reszletes_szab_allig_egy_re_06_02_06.pdf HTTP/1.1" 200 144737 "-" "Mozilla/5.0 (Linux; Android 6.0.1; Nexus 5X Build/MMB29P) AppleWebKit/537.36 (KHTML, like Gecko) Chrome/135.0.7049.95 Mobile Safari/537.36 (compatible; Googlebot/2.1; +http://www.google.com/bot.html)"
207.46.13.151 - - [19/Apr/2025:08:41:48 +0200] "GET /files/$File/ta_kv.pdf HTTP/1.1" 200 - "-" "Mozilla/5.0 AppleWebKit/537.36 (KHTML, like Gecko; compatible; bingbot/2.0; +http://www.bing.com/bingbot.htm) Chrome/116.0.1938.76 Safari/537.36"
207.46.13.151 - - [19/Apr/2025:08:42:20 +0200] "GET /files/$File/ta_kv.pdf HTTP/1.1" 200 - "-" "Mozilla/5.0 AppleWebKit/537.36 (KHTML, like Gecko; compatible; bingbot/2.0; +http://www.bing.com/bingbot.htm) Chrome/116.0.1938.76 Safari/537.36"
216.244.66.200 - - [19/Apr/2025:08:47:13 +0200] "GET /files/epson.pdf HTTP/1.1" 200 262556 "-" "Mozilla/5.0 (compatible; DotBot/1.2; +https://opensiteexplorer.org/dotbot; help@moz.com)"
216.244.66.200 - - [19/Apr/2025:08:47:59 +0200] "GET /files/norma_0.pdf HTTP/1.1" 200 426954 "-" "Mozilla/5.0 (compatible; DotBot/1.2; +https://opensiteexplorer.org/dotbot; help@moz.com)"
216.244.66.200 - - [19/Apr/2025:08:48:31 +0200] "GET /files/1214_8_mell.xls HTTP/1.1" 200 17920 "-" "Mozilla/5.0 (compatible; DotBot/1.2; +https://opensiteexplorer.org/dotbot; help@moz.com)"
216.244.66.200 - - [19/Apr/2025:08:49:04 +0200] "GET /files/buntetojogimodos-1.doc HTTP/1.1" 200 110592 "-" "Mozilla/5.0 (compatible; DotBot/1.2; +https://opensiteexplorer.org/dotbot; help@moz.com)"
216.244.66.200 - - [19/Apr/2025:08:49:48 +0200] "GET /files/hajozo_hmrend.pdf HTTP/1.1" 200 339236 "-" "Mozilla/5.0 (compatible; DotBot/1.2; +https://opensiteexplorer.org/dotbot; help@moz.com)"
216.244.66.200 - - [19/Apr/2025:08:50:40 +0200] "GET /files/jogugyletek.doc HTTP/1.1" 200 402137 "-" "Mozilla/5.0 (compatible; DotBot/1.2; +https://opensiteexplorer.org/dotbot; help@moz.com)"
216.244.66.200 - - [19/Apr/2025:08:51:30 +0200] "GET /files/kioto_vhr_kozig.pdf HTTP/1.1" 200 484676 "-" "Mozilla/5.0 (compatible; DotBot/1.2; +https://opensiteexplorer.org/dotbot; help@moz.com)"
216.244.66.200 - - [19/Apr/2025:08:52:02 +0200] "GET /files/korrel_higany.doc HTTP/1.1" 200 37376 "-" "Mozilla/5.0 (compatible; DotBot/1.2; +https://opensiteexplorer.org/dotbot; help@moz.com)"
216.244.66.200 - - [19/Apr/2025:08:52:52 +0200] "GET /files/leginavigacios.pdf HTTP/1.1" 200 329740 "-" "Mozilla/5.0 (compatible; DotBot/1.2; +https://opensiteexplorer.org/dotbot; help@moz.com)"
216.244.66.200 - - [19/Apr/2025:08:53:23 +0200] "GET /files/MinTerv-4-DR-2007-02-13.doc HTTP/1.1" 200 59904 "-" "Mozilla/5.0 (compatible; DotBot/1.2; +https://opensiteexplorer.org/dotbot; help@moz.com)"
216.244.66.200 - - [19/Apr/2025:09:11:24 +0200] "GET /robots.txt HTTP/1.1" 200 1590 "-" "Mozilla/5.0 (compatible; DotBot/1.2; +https://opensiteexplorer.org/dotbot; help@moz.com)"
216.244.66.200 - - [19/Apr/2025:09:32:10 +0200] "GET /files/560KJF.pdf HTTP/1.1" 200 172034 "-" "Mozilla/5.0 (compatible; DotBot/1.2; +https://opensiteexplorer.org/dotbot; help@moz.com)"
216.244.66.200 - - [19/Apr/2025:09:32:31 +0200] "GET /files/TK1052.pdf HTTP/1.1" 200 166334 "-" "Mozilla/5.0 (compatible; DotBot/1.2; +https://opensiteexplorer.org/dotbot; help@moz.com)"
216.244.66.200 - - [19/Apr/2025:09:33:00 +0200] "GET /files/TK88.doc HTTP/1.1" 200 79872 "-" "Mozilla/5.0 (compatible; DotBot/1.2; +https://opensiteexplorer.org/dotbot; help@moz.com)"
216.244.66.200 - - [19/Apr/2025:09:33:26 +0200] "GET /files/0704_fel_gyeleti_d_j_2.doc HTTP/1.1" 200 118784 "-" "Mozilla/5.0 (compatible; DotBot/1.2; +https://opensiteexplorer.org/dotbot; help@moz.com)"
216.244.66.200 - - [19/Apr/2025:09:33:49 +0200] "GET /files/1214_2_mell.xls HTTP/1.1" 200 29696 "-" "Mozilla/5.0 (compatible; DotBot/1.2; +https://opensiteexplorer.org/dotbot; help@moz.com)"
216.244.66.200 - - [19/Apr/2025:09:34:10 +0200] "GET /files/KHEM_1711norma.doc HTTP/1.1" 200 31232 "-" "Mozilla/5.0 (compatible; DotBot/1.2; +https://opensiteexplorer.org/dotbot; help@moz.com)"
216.244.66.200 - - [19/Apr/2025:09:34:36 +0200] "GET /files/KIB_eloterjesztes.pdf HTTP/1.1" 200 162153 "-" "Mozilla/5.0 (compatible; DotBot/1.2; +https://opensiteexplorer.org/dotbot; help@moz.com)"
216.244.66.200 - - [19/Apr/2025:09:35:40 +0200] "GET /files/biz_terv_070426_0.pdf HTTP/1.1" 200 - "-" "Mozilla/5.0 (compatible; DotBot/1.2; +https://opensiteexplorer.org/dotbot; help@moz.com)"
216.244.66.200 - - [19/Apr/2025:09:36:02 +0200] "GET /files/einfo_kormrend.doc HTTP/1.1" 200 99328 "-" "Mozilla/5.0 (compatible; DotBot/1.2; +https://opensiteexplorer.org/dotbot; help@moz.com)"
216.244.66.200 - - [19/Apr/2025:09:36:58 +0200] "GET /files/kozig_nyomtatvanyok.zip HTTP/1.1" 200 316708 "-" "Mozilla/5.0 (compatible; DotBot/1.2; +https://opensiteexplorer.org/dotbot; help@moz.com)"
216.244.66.200 - - [19/Apr/2025:09:37:45 +0200] "GET /files/munkaltato4.pdf HTTP/1.1" 200 337240 "-" "Mozilla/5.0 (compatible; DotBot/1.2; +https://opensiteexplorer.org/dotbot; help@moz.com)"
216.244.66.200 - - [19/Apr/2025:09:38:18 +0200] "GET /files/0817_Rendelettervezet_bioszf_ra.doc HTTP/1.1" 200 29696 "-" "Mozilla/5.0 (compatible; DotBot/1.2; +https://opensiteexplorer.org/dotbot; help@moz.com)"
216.244.66.200 - - [19/Apr/2025:09:38:48 +0200] "GET /files/3_szamu_melleklet_celtartalek.xls HTTP/1.1" 200 20480 "-" "Mozilla/5.0 (compatible; DotBot/1.2; +https://opensiteexplorer.org/dotbot; help@moz.com)"
216.244.66.200 - - [19/Apr/2025:09:56:39 +0200] "GET /robots.txt HTTP/1.1" 200 1590 "-" "Mozilla/5.0 (compatible; DotBot/1.2; +https://opensiteexplorer.org/dotbot; help@moz.com)"
66.249.66.87 - - [19/Apr/2025:10:08:53 +0200] "GET /node/1158 HTTP/1.1" 200 - "-" "Mozilla/5.0 (Linux; Android 6.0.1; Nexus 5X Build/MMB29P) AppleWebKit/537.36 (KHTML, like Gecko) Chrome/135.0.7049.95 Mobile Safari/537.36 (compatible; Googlebot/2.1; +http://www.google.com/bot.html)"
216.244.66.200 - - [19/Apr/2025:10:17:24 +0200] "GET /files/1521_5.pdf HTTP/1.1" 200 403588 "-" "Mozilla/5.0 (compatible; DotBot/1.2; +https://opensiteexplorer.org/dotbot; help@moz.com)"
216.244.66.200 - - [19/Apr/2025:10:17:36 +0200] "GET /files/NFGM230.pdf HTTP/1.1" 200 98933 "-" "Mozilla/5.0 (compatible; DotBot/1.2; +https://opensiteexplorer.org/dotbot; help@moz.com)"
216.244.66.200 - - [19/Apr/2025:10:17:52 +0200] "GET /files/TK96-2.doc HTTP/1.1" 200 140800 "-" "Mozilla/5.0 (compatible; DotBot/1.2; +https://opensiteexplorer.org/dotbot; help@moz.com)"
216.244.66.200 - - [19/Apr/2025:10:18:42 +0200] "GET /files/altind.pdf HTTP/1.1" 200 436990 "-" "Mozilla/5.0 (compatible; DotBot/1.2; +https://opensiteexplorer.org/dotbot; help@moz.com)"
216.244.66.200 - - [19/Apr/2025:10:19:14 +0200] "GET /files/2_sz_melleklet_061031.pdf HTTP/1.1" 200 56446 "-" "Mozilla/5.0 (compatible; DotBot/1.2; +https://opensiteexplorer.org/dotbot; help@moz.com)"
167.253.34.3 - - [19/Apr/2025:10:19:39 +0200] "GET /robots.txt HTTP/1.0" 200 1590 "-" "Mozilla/4.0 (compatible; fluid/0.0; +http://www.leak.info/bot.html)"
66.249.66.87 - - [19/Apr/2025:10:21:24 +0200] "GET /files/NFGM_5051.pdf HTTP/1.1" 304 - "-" "Mozilla/5.0 (Linux; Android 6.0.1; Nexus 5X Build/MMB29P) AppleWebKit/537.36 (KHTML, like Gecko) Chrome/135.0.7049.95 Mobile Safari/537.36 (compatible; Googlebot/2.1; +http://www.google.com/bot.html)"
43.130.32.245 - - [19/Apr/2025:10:22:53 +0200] "GET / HTTP/1.1" 200 - "-" "Mozilla/5.0 (iPhone; CPU iPhone OS 13_2_3 like Mac OS X) AppleWebKit/605.1.15 (KHTML, like Gecko) Version/13.0.3 Mobile/15E148 Safari/604.1"
92.116.73.47 - - [19/Apr/2025:10:32:06 +0200] "GET /files/szakertoidijazas.doc HTTP/1.1" 200 59392 "-" "Mozilla/5.0 (Windows NT 10.0; WOW64; Trident/7.0; rv:11.0) like Gecko"
216.244.66.200 - - [19/Apr/2025:10:41:51 +0200] "GET /robots.txt HTTP/1.1" 200 1590 "-" "Mozilla/5.0 (compatible; DotBot/1.2; +https://opensiteexplorer.org/dotbot; help@moz.com)"
216.244.66.200 - - [19/Apr/2025:11:00:27 +0200] "GET /files/32per2004.doc HTTP/1.1" 200 162816 "-" "Mozilla/5.0 (compatible; DotBot/1.2; +https://opensiteexplorer.org/dotbot; help@moz.com)"
216.244.66.200 - - [19/Apr/2025:11:00:38 +0200] "GET /files/45406.pdf HTTP/1.1" 200 147956 "-" "Mozilla/5.0 (compatible; DotBot/1.2; +https://opensiteexplorer.org/dotbot; help@moz.com)"
216.244.66.200 - - [19/Apr/2025:11:00:50 +0200] "GET /files/ABI_Eitv.doc HTTP/1.1" 200 70656 "-" "Mozilla/5.0 (compatible; DotBot/1.2; +https://opensiteexplorer.org/dotbot; help@moz.com)"
216.244.66.200 - - [19/Apr/2025:11:01:02 +0200] "GET /files/NFGM1351.pdf HTTP/1.1" 200 194273 "-" "Mozilla/5.0 (compatible; DotBot/1.2; +https://opensiteexplorer.org/dotbot; help@moz.com)"
216.244.66.200 - - [19/Apr/2025:11:27:14 +0200] "GET /robots.txt HTTP/1.1" 200 1590 "-" "Mozilla/5.0 (compatible; DotBot/1.2; +https://opensiteexplorer.org/dotbot; help@moz.com)"
52.4.213.199 - - [19/Apr/2025:11:35:59 +0200] "GET /files/ptk_kotelmi_jog.pdf HTTP/1.1" 200 706298 "-" "Mozilla/5.0 AppleWebKit/537.36 (KHTML, like Gecko; compatible; Amazonbot/0.1; +https://developer.amazon.com/support/amazonbot) Chrome/119.0.6045.214 Safari/537.36"
216.244.66.200 - - [19/Apr/2025:11:38:55 +0200] "GET /node?page=249 HTTP/1.1" 200 - "-" "Mozilla/5.0 (compatible; DotBot/1.2; +https://opensiteexplorer.org/dotbot; help@moz.com)"
34.105.90.22 - - [19/Apr/2025:12:07:12 +0200] "GET / HTTP/1.1" 200 - "-" "Mozilla/5.0 (Windows NT 10.0; Win64; x64; rv:60.0) Gecko/20100101 Firefox/60.0"
98.83.94.113 - - [19/Apr/2025:12:56:07 +0200] "GET /taxonomy/term/89 HTTP/1.1" 200 - "-" "Mozilla/5.0 AppleWebKit/537.36 (KHTML, like Gecko; compatible; Amazonbot/0.1; +https://developer.amazon.com/support/amazonbot) Chrome/119.0.6045.214 Safari/537.36"
66.249.66.5 - - [19/Apr/2025:13:10:18 +0200] "GET / HTTP/1.1" 200 - "-" "Mozilla/5.0 (compatible; Googlebot/2.1; +http://www.google.com/bot.html)"
66.249.66.6 - - [19/Apr/2025:13:10:50 +0200] "GET / HTTP/1.1" 200 - "-" "Mozilla/5.0 (Linux; Android 6.0.1; Nexus 5X Build/MMB29P) AppleWebKit/537.36 (KHTML, like Gecko) Chrome/99.0.4844.84 Mobile Safari/537.36 (compatible; Googlebot/2.1; +http://www.google.com/bot.html)"
66.249.66.5 - - [19/Apr/2025:13:11:22 +0200] "GET / HTTP/1.1" 200 - "-" "Mozilla/5.0 (compatible; Googlebot/2.1; +http://www.google.com/bot.html)"
216.244.66.200 - - [19/Apr/2025:13:11:42 +0200] "GET /robots.txt HTTP/1.1" 200 1590 "-" "Mozilla/5.0 (compatible; DotBot/1.2; +https://opensiteexplorer.org/dotbot; help@moz.com)"
66.249.66.4 - - [19/Apr/2025:13:11:54 +0200] "GET / HTTP/1.1" 200 - "-" "Mozilla/5.0 (Linux; Android 6.0.1; Nexus 5X Build/MMB29P) AppleWebKit/537.36 (KHTML, like Gecko) Chrome/135.0.7049.95 Mobile Safari/537.36 (compatible; Googlebot/2.1; +http://www.google.com/bot.html)"
66.249.66.86 - - [19/Apr/2025:13:12:18 +0200] "GET /files/ovadek_rendelet.pdf HTTP/1.1" 304 - "-" "Mozilla/5.0 (Linux; Android 6.0.1; Nexus 5X Build/MMB29P) AppleWebKit/537.36 (KHTML, like Gecko) Chrome/135.0.7049.95 Mobile Safari/537.36 (compatible; Googlebot/2.1; +http://www.google.com/bot.html)"
216.244.66.200 - - [19/Apr/2025:13:23:52 +0200] "GET /files/FCL.zip HTTP/1.1" 200 344218 "-" "Mozilla/5.0 (compatible; DotBot/1.2; +https://opensiteexplorer.org/dotbot; help@moz.com)"
216.244.66.200 - - [19/Apr/2025:13:24:21 +0200] "GET /files/NFGM_3352.pdf HTTP/1.1" 200 363586 "-" "Mozilla/5.0 (compatible; DotBot/1.2; +https://opensiteexplorer.org/dotbot; help@moz.com)"
216.244.66.200 - - [19/Apr/2025:13:24:56 +0200] "GET /files/T2669.doc HTTP/1.1" 200 121344 "-" "Mozilla/5.0 (compatible; DotBot/1.2; +https://opensiteexplorer.org/dotbot; help@moz.com)"
216.244.66.200 - - [19/Apr/2025:13:25:37 +0200] "GET /files/TK77_3.pdf HTTP/1.1" 200 198383 "-" "Mozilla/5.0 (compatible; DotBot/1.2; +https://opensiteexplorer.org/dotbot; help@moz.com)"
216.244.66.200 - - [19/Apr/2025:13:26:13 +0200] "GET /files/robbano.doc HTTP/1.1" 200 85504 "-" "Mozilla/5.0 (compatible; DotBot/1.2; +https://opensiteexplorer.org/dotbot; help@moz.com)"
216.244.66.200 - - [19/Apr/2025:13:26:46 +0200] "GET /files/0306_T_rc_ra__ti_csiga.doc HTTP/1.1" 200 150016 "-" "Mozilla/5.0 (compatible; DotBot/1.2; +https://opensiteexplorer.org/dotbot; help@moz.com)"
216.244.66.200 - - [19/Apr/2025:13:27:16 +0200] "GET /files/0308_tervezet_t_rc_ra.doc HTTP/1.1" 200 123392 "-" "Mozilla/5.0 (compatible; DotBot/1.2; +https://opensiteexplorer.org/dotbot; help@moz.com)"
216.244.66.200 - - [19/Apr/2025:13:27:45 +0200] "GET /files/Biztositek_tervezet_10.pdf HTTP/1.1" 200 377641 "-" "Mozilla/5.0 (compatible; DotBot/1.2; +https://opensiteexplorer.org/dotbot; help@moz.com)"
216.244.66.200 - - [19/Apr/2025:13:28:12 +0200] "GET /files/beeskiindikolas.doc HTTP/1.1" 200 47104 "-" "Mozilla/5.0 (compatible; DotBot/1.2; +https://opensiteexplorer.org/dotbot; help@moz.com)"
216.244.66.200 - - [19/Apr/2025:13:28:39 +0200] "GET /files/MinTerv-3-MR-2007-02-13.doc HTTP/1.1" 200 151552 "-" "Mozilla/5.0 (compatible; DotBot/1.2; +https://opensiteexplorer.org/dotbot; help@moz.com)"
40.77.167.138 - - [19/Apr/2025:13:31:45 +0200] "GET /robots.txt HTTP/1.1" 200 1590 "-" "Mozilla/5.0 AppleWebKit/537.36 (KHTML, like Gecko; compatible; bingbot/2.0; +http://www.bing.com/bingbot.htm) Chrome/116.0.1938.76 Safari/537.36"
157.55.39.61 - - [19/Apr/2025:13:32:26 +0200] "GET /node/327 HTTP/1.1" 200 - "-" "Mozilla/5.0 AppleWebKit/537.36 (KHTML, like Gecko; compatible; bingbot/2.0; +http://www.bing.com/bingbot.htm) Chrome/116.0.1938.76 Safari/537.36"
157.55.39.61 - - [19/Apr/2025:13:32:58 +0200] "GET /node/327 HTTP/1.1" 200 - "-" "Mozilla/5.0 AppleWebKit/537.36 (KHTML, like Gecko; compatible; bingbot/2.0; +http://www.bing.com/bingbot.htm) Chrome/116.0.1938.76 Safari/537.36"
66.249.66.6 - - [19/Apr/2025:13:52:22 +0200] "GET /files/fejezet_2010_felh_100312.doc HTTP/1.1" 200 111616 "-" "Mozilla/5.0 (Linux; Android 6.0.1; Nexus 5X Build/MMB29P) AppleWebKit/537.36 (KHTML, like Gecko) Chrome/135.0.7049.95 Mobile Safari/537.36 (compatible; Googlebot/2.1; +http://www.google.com/bot.html)"
216.244.66.200 - - [19/Apr/2025:13:57:21 +0200] "GET /robots.txt HTTP/1.1" 200 1590 "-" "Mozilla/5.0 (compatible; DotBot/1.2; +https://opensiteexplorer.org/dotbot; help@moz.com)"
66.249.66.87 - - [19/Apr/2025:13:59:24 +0200] "GET /files/9066_16.pdf HTTP/1.1" 304 - "-" "Mozilla/5.0 (Linux; Android 6.0.1; Nexus 5X Build/MMB29P) AppleWebKit/537.36 (KHTML, like Gecko) Chrome/135.0.7049.95 Mobile Safari/537.36 (compatible; Googlebot/2.1; +http://www.google.com/bot.html)"
216.244.66.200 - - [19/Apr/2025:14:07:29 +0200] "GET /files/gazuzemu.zip HTTP/1.1" 200 217331 "-" "Mozilla/5.0 (compatible; DotBot/1.2; +https://opensiteexplorer.org/dotbot; help@moz.com)"
216.244.66.200 - - [19/Apr/2025:14:07:53 +0200] "GET /files/2117_2131_terv.pdf HTTP/1.1" 200 269693 "-" "Mozilla/5.0 (compatible; DotBot/1.2; +https://opensiteexplorer.org/dotbot; help@moz.com)"
52.167.144.188 - - [19/Apr/2025:14:08:24 +0200] "GET / HTTP/1.1" 200 - "-" "Mozilla/5.0 AppleWebKit/537.36 (KHTML, like Gecko; compatible; bingbot/2.0; +http://www.bing.com/bingbot.htm) Chrome/116.0.1938.76 Safari/537.36"
216.244.66.200 - - [19/Apr/2025:14:08:28 +0200] "GET /files/3_megfelelesi_tabla.doc HTTP/1.1" 200 76288 "-" "Mozilla/5.0 (compatible; DotBot/1.2; +https://opensiteexplorer.org/dotbot; help@moz.com)"
52.167.144.188 - - [19/Apr/2025:14:08:56 +0200] "GET / HTTP/1.1" 200 - "-" "Mozilla/5.0 AppleWebKit/537.36 (KHTML, like Gecko; compatible; bingbot/2.0; +http://www.bing.com/bingbot.htm) Chrome/116.0.1938.76 Safari/537.36"
216.244.66.200 - - [19/Apr/2025:14:09:10 +0200] "GET /files/Bel-ko_tervezet.pdf HTTP/1.1" 200 204885 "-" "Mozilla/5.0 (compatible; DotBot/1.2; +https://opensiteexplorer.org/dotbot; help@moz.com)"
216.244.66.200 - - [19/Apr/2025:14:09:44 +0200] "GET /files/dijfizetes.pdf HTTP/1.1" 200 117582 "-" "Mozilla/5.0 (compatible; DotBot/1.2; +https://opensiteexplorer.org/dotbot; help@moz.com)"
216.244.66.200 - - [19/Apr/2025:14:10:35 +0200] "GET /files/felsoo_terv_071105.pdf HTTP/1.1" 200 509292 "-" "Mozilla/5.0 (compatible; DotBot/1.2; +https://opensiteexplorer.org/dotbot; help@moz.com)"
216.244.66.200 - - [19/Apr/2025:14:11:05 +0200] "GET /files/hm_lakhatas_modositas.pdf HTTP/1.1" 200 76702 "-" "Mozilla/5.0 (compatible; DotBot/1.2; +https://opensiteexplorer.org/dotbot; help@moz.com)"
216.244.66.200 - - [19/Apr/2025:14:11:40 +0200] "GET /files/ptk_bevezetes_0.pdf HTTP/1.1" 200 129012 "-" "Mozilla/5.0 (compatible; DotBot/1.2; +https://opensiteexplorer.org/dotbot; help@moz.com)"
216.244.66.200 - - [19/Apr/2025:14:12:41 +0200] "GET /files/szoc_tvk_070503.pdf HTTP/1.1" 200 - "-" "Mozilla/5.0 (compatible; DotBot/1.2; +https://opensiteexplorer.org/dotbot; help@moz.com)"
216.244.66.200 - - [19/Apr/2025:14:13:02 +0200] "GET /files/szocialis_intezmenyek.pdf HTTP/1.1" 200 355814 "-" "Mozilla/5.0 (compatible; DotBot/1.2; +https://opensiteexplorer.org/dotbot; help@moz.com)"
216.244.66.200 - - [19/Apr/2025:14:13:35 +0200] "GET /files/tnyr_eloterj_061204.pdf HTTP/1.1" 200 463625 "-" "Mozilla/5.0 (compatible; DotBot/1.2; +https://opensiteexplorer.org/dotbot; help@moz.com)"
216.244.66.200 - - [19/Apr/2025:14:14:04 +0200] "GET /files/vasutbiz_tanusit.zip HTTP/1.1" 200 22098 "-" "Mozilla/5.0 (compatible; DotBot/1.2; +https://opensiteexplorer.org/dotbot; help@moz.com)"
216.244.66.200 - - [19/Apr/2025:14:14:38 +0200] "GET /files/134_2004_mod_mellekletek.pdf HTTP/1.1" 200 442733 "-" "Mozilla/5.0 (compatible; DotBot/1.2; +https://opensiteexplorer.org/dotbot; help@moz.com)"
66.249.66.5 - - [19/Apr/2025:14:21:17 +0200] "GET /files/ntt_terv_080612.pdf HTTP/1.1" 200 274640 "-" "Mozilla/5.0 (Linux; Android 6.0.1; Nexus 5X Build/MMB29P) AppleWebKit/537.36 (KHTML, like Gecko) Chrome/135.0.7049.95 Mobile Safari/537.36 (compatible; Googlebot/2.1; +http://www.google.com/bot.html)"
94.23.7.187 - - [19/Apr/2025:14:37:42 +0200] "GET /robots.txt HTTP/1.1" 200 1590 "-" "Mozilla/5.0 (compatible; MJ12bot/v1.4.8; http://mj12bot.com/)"
66.249.66.6 - - [19/Apr/2025:14:37:51 +0200] "GET /drupal/node/5 HTTP/1.1" 200 - "-" "Mozilla/5.0 (Linux; Android 6.0.1; Nexus 5X Build/MMB29P) AppleWebKit/537.36 (KHTML, like Gecko) Chrome/135.0.7049.95 Mobile Safari/537.36 (compatible; Googlebot/2.1; +http://www.google.com/bot.html)"
94.23.7.187 - - [19/Apr/2025:14:38:24 +0200] "GET /files/19-2003-Mell%C3%83%C2%A9kletek.xls.txt HTTP/1.1" 200 - "-" "Mozilla/5.0 (compatible; MJ12bot/v1.4.8; http://mj12bot.com/)"
94.23.7.187 - - [19/Apr/2025:14:38:25 +0200] "GET /robots.txt HTTP/1.1" 200 1590 "-" "Mozilla/5.0 (compatible; MJ12bot/v1.4.8; http://mj12bot.com/)"
94.23.7.187 - - [19/Apr/2025:14:39:07 +0200] "GET /files/SzaboMate_hozz%C3%83%C2%A1f%C3%83%C2%A9r%C3%83%C2%A9s.pps HTTP/1.1" 200 - "-" "Mozilla/5.0 (compatible; MJ12bot/v1.4.8; http://mj12bot.com/)"
216.244.66.200 - - [19/Apr/2025:14:41:37 +0200] "GET /robots.txt HTTP/1.1" 200 1590 "-" "Mozilla/5.0 (compatible; DotBot/1.2; +https://opensiteexplorer.org/dotbot; help@moz.com)"
156.59.198.136 - - [19/Apr/2025:14:45:41 +0200] "GET /files/ptk_oroklesi_jog.pdf HTTP/1.0" 200 260717 "-" "Mozilla/5.0 (Linux; Android 5.0) AppleWebKit/537.36 (KHTML, like Gecko) Mobile Safari/537.36 (compatible; Bytespider; spider-feedback@bytedance.com)"
47.128.40.253 - - [19/Apr/2025:14:45:50 +0200] "GET /robots.txt HTTP/1.1" 200 1590 "-" "Mozilla/5.0 (Linux; Android 5.0) AppleWebKit/537.36 (KHTML, like Gecko) Mobile Safari/537.36 (compatible; Bytespider; spider-feedback@bytedance.com)"
216.244.66.200 - - [19/Apr/2025:14:51:55 +0200] "GET /files/norma_1.pdf HTTP/1.1" 200 158204 "-" "Mozilla/5.0 (compatible; DotBot/1.2; +https://opensiteexplorer.org/dotbot; help@moz.com)"
216.244.66.200 - - [19/Apr/2025:14:52:15 +0200] "GET /files/143736910F3B6DFB6.doc HTTP/1.1" 200 105984 "-" "Mozilla/5.0 (compatible; DotBot/1.2; +https://opensiteexplorer.org/dotbot; help@moz.com)"
40.77.167.138 - - [19/Apr/2025:14:52:20 +0200] "GET /robots.txt HTTP/1.1" 200 1590 "-" "Mozilla/5.0 AppleWebKit/537.36 (KHTML, like Gecko; compatible; bingbot/2.0; +http://www.bing.com/bingbot.htm) Chrome/116.0.1938.76 Safari/537.36"
52.167.144.24 - - [19/Apr/2025:14:52:23 +0200] "GET /files/253-1997-korm-rend.pdf HTTP/1.1" 304 - "-" "Mozilla/5.0 AppleWebKit/537.36 (KHTML, like Gecko; compatible; bingbot/2.0; +http://www.bing.com/bingbot.htm) Chrome/116.0.1938.76 Safari/537.36"
216.244.66.200 - - [19/Apr/2025:14:52:49 +0200] "GET /files/14375E8469875328A.doc HTTP/1.1" 200 38912 "-" "Mozilla/5.0 (compatible; DotBot/1.2; +https://opensiteexplorer.org/dotbot; help@moz.com)"
216.244.66.200 - - [19/Apr/2025:14:53:49 +0200] "GET /files/Indokol%C3%83%C2%A1s_0.doc HTTP/1.1" 200 - "-" "Mozilla/5.0 (compatible; DotBot/1.2; +https://opensiteexplorer.org/dotbot; help@moz.com)"
216.244.66.200 - - [19/Apr/2025:14:54:28 +0200] "GET /files/PRTR_Kijevi_jkv_KOZIG.pdf HTTP/1.1" 200 420964 "-" "Mozilla/5.0 (compatible; DotBot/1.2; +https://opensiteexplorer.org/dotbot; help@moz.com)"
216.244.66.200 - - [19/Apr/2025:14:55:18 +0200] "GET /files/akg_rendelet.pdf HTTP/1.1" 200 688844 "-" "Mozilla/5.0 (compatible; DotBot/1.2; +https://opensiteexplorer.org/dotbot; help@moz.com)"
216.244.66.200 - - [19/Apr/2025:14:55:49 +0200] "GET /files/cortabl32006R1924.doc HTTP/1.1" 200 47616 "-" "Mozilla/5.0 (compatible; DotBot/1.2; +https://opensiteexplorer.org/dotbot; help@moz.com)"
216.244.66.200 - - [19/Apr/2025:14:56:24 +0200] "GET /files/erdeszeti_vhr_mod.pdf HTTP/1.1" 200 232047 "-" "Mozilla/5.0 (compatible; DotBot/1.2; +https://opensiteexplorer.org/dotbot; help@moz.com)"
216.244.66.200 - - [19/Apr/2025:14:56:56 +0200] "GET /files/me_1_3_51__1_080313.pdf HTTP/1.1" 200 243169 "-" "Mozilla/5.0 (compatible; DotBot/1.2; +https://opensiteexplorer.org/dotbot; help@moz.com)"
216.244.66.200 - - [19/Apr/2025:14:57:28 +0200] "GET /files/meresert_070302.pdf HTTP/1.1" 200 295798 "-" "Mozilla/5.0 (compatible; DotBot/1.2; +https://opensiteexplorer.org/dotbot; help@moz.com)"
216.244.66.200 - - [19/Apr/2025:14:58:02 +0200] "GET /files/norma_09_11.doc HTTP/1.1" 200 1317888 "-" "Mozilla/5.0 (compatible; DotBot/1.2; +https://opensiteexplorer.org/dotbot; help@moz.com)"
216.244.66.200 - - [19/Apr/2025:14:58:36 +0200] "GET /files/otka_besz_080619.pdf HTTP/1.1" 200 615579 "-" "Mozilla/5.0 (compatible; DotBot/1.2; +https://opensiteexplorer.org/dotbot; help@moz.com)"
216.244.66.200 - - [19/Apr/2025:14:59:07 +0200] "GET /files/rendelet_mukodes_kozig.doc HTTP/1.1" 200 92672 "-" "Mozilla/5.0 (compatible; DotBot/1.2; +https://opensiteexplorer.org/dotbot; help@moz.com)"
216.244.66.200 - - [19/Apr/2025:14:59:37 +0200] "GET /files/szakmagyakorlas.pdf HTTP/1.1" 200 172957 "-" "Mozilla/5.0 (compatible; DotBot/1.2; +https://opensiteexplorer.org/dotbot; help@moz.com)"
216.244.66.200 - - [19/Apr/2025:15:00:05 +0200] "GET /files/vizitdij_eltorlese.doc HTTP/1.1" 200 47104 "-" "Mozilla/5.0 (compatible; DotBot/1.2; +https://opensiteexplorer.org/dotbot; help@moz.com)"
216.244.66.200 - - [19/Apr/2025:15:00:33 +0200] "GET /files/0213_rendelet_tarcara_Sz_n_s.doc HTTP/1.1" 200 105984 "-" "Mozilla/5.0 (compatible; DotBot/1.2; +https://opensiteexplorer.org/dotbot; help@moz.com)"
216.244.66.200 - - [19/Apr/2025:15:01:00 +0200] "GET /files/090518_jogszabterv_ekk_frekvencia.pdf HTTP/1.1" 200 266955 "-" "Mozilla/5.0 (compatible; DotBot/1.2; +https://opensiteexplorer.org/dotbot; help@moz.com)"
216.244.66.200 - - [19/Apr/2025:15:01:26 +0200] "GET /files/44_2003_mod_megfelelsitablazatok.zip HTTP/1.1" 200 69438 "-" "Mozilla/5.0 (compatible; DotBot/1.2; +https://opensiteexplorer.org/dotbot; help@moz.com)"
216.244.66.200 - - [19/Apr/2025:15:01:51 +0200] "GET /files/Az_eu_kepz_rendsz_korm_rend_090202.doc HTTP/1.1" 200 126464 "-" "Mozilla/5.0 (compatible; DotBot/1.2; +https://opensiteexplorer.org/dotbot; help@moz.com)"
216.244.66.200 - - [19/Apr/2025:15:02:45 +0200] "GET /files/T%C3%83%C2%A1rc%C3%83%C2%A1ra%209per1993.doc HTTP/1.1" 200 - "-" "Mozilla/5.0 (compatible; DotBot/1.2; +https://opensiteexplorer.org/dotbot; help@moz.com)"
216.244.66.200 - - [19/Apr/2025:15:03:05 +0200] "GET /files/miniszt_2006_szeptember.pdf HTTP/1.1" 200 82426 "-" "Mozilla/5.0 (compatible; DotBot/1.2; +https://opensiteexplorer.org/dotbot; help@moz.com)"
216.244.66.200 - - [19/Apr/2025:15:03:35 +0200] "GET /files/mozgokep_szlaszam_070306.pdf HTTP/1.1" 200 120462 "-" "Mozilla/5.0 (compatible; DotBot/1.2; +https://opensiteexplorer.org/dotbot; help@moz.com)"
66.249.66.86 - - [19/Apr/2025:15:13:22 +0200] "GET /files/bbi_terv_090819.pdf HTTP/1.1" 200 191770 "-" "Mozilla/5.0 (Linux; Android 6.0.1; Nexus 5X Build/MMB29P) AppleWebKit/537.36 (KHTML, like Gecko) Chrome/135.0.7049.95 Mobile Safari/537.36 (compatible; Googlebot/2.1; +http://www.google.com/bot.html)"
66.249.66.5 - - [19/Apr/2025:15:22:22 +0200] "GET /files/tnyr_eloterj_061204.pdf HTTP/1.1" 200 463625 "-" "Mozilla/5.0 (Linux; Android 6.0.1; Nexus 5X Build/MMB29P) AppleWebKit/537.36 (KHTML, like Gecko) Chrome/135.0.7049.95 Mobile Safari/537.36 (compatible; Googlebot/2.1; +http://www.google.com/bot.html)"
216.244.66.200 - - [19/Apr/2025:15:25:12 +0200] "GET /robots.txt HTTP/1.1" 200 1590 "-" "Mozilla/5.0 (compatible; DotBot/1.2; +https://opensiteexplorer.org/dotbot; help@moz.com)"
66.249.66.87 - - [19/Apr/2025:15:28:25 +0200] "GET /files/A_Digitalis_Atallas_Strategiaja.pdf HTTP/1.1" 200 1129550 "-" "Mozilla/5.0 (Linux; Android 6.0.1; Nexus 5X Build/MMB29P) AppleWebKit/537.36 (KHTML, like Gecko) Chrome/135.0.7049.95 Mobile Safari/537.36 (compatible; Googlebot/2.1; +http://www.google.com/bot.html)"
66.249.66.6 - - [19/Apr/2025:15:31:26 +0200] "GET /files/muemlek_terv_081124.pdf HTTP/1.1" 304 - "-" "Mozilla/5.0 (Linux; Android 6.0.1; Nexus 5X Build/MMB29P) AppleWebKit/537.36 (KHTML, like Gecko) Chrome/135.0.7049.95 Mobile Safari/537.36 (compatible; Googlebot/2.1; +http://www.google.com/bot.html)"
216.244.66.200 - - [19/Apr/2025:15:36:25 +0200] "GET /files/NFGM9521.pdf HTTP/1.1" 200 216447 "-" "Mozilla/5.0 (compatible; DotBot/1.2; +https://opensiteexplorer.org/dotbot; help@moz.com)"
216.244.66.200 - - [19/Apr/2025:15:37:04 +0200] "GET /files/NFGM_735.pdf HTTP/1.1" 200 161666 "-" "Mozilla/5.0 (compatible; DotBot/1.2; +https://opensiteexplorer.org/dotbot; help@moz.com)"
216.244.66.200 - - [19/Apr/2025:15:37:46 +0200] "GET /files/0622_tervezet_06.12..doc HTTP/1.1" 200 218624 "-" "Mozilla/5.0 (compatible; DotBot/1.2; +https://opensiteexplorer.org/dotbot; help@moz.com)"
216.244.66.200 - - [19/Apr/2025:15:38:25 +0200] "GET /files/143716E69AC04BFB0.doc HTTP/1.1" 200 186880 "-" "Mozilla/5.0 (compatible; DotBot/1.2; +https://opensiteexplorer.org/dotbot; help@moz.com)"
216.244.66.200 - - [19/Apr/2025:15:39:11 +0200] "GET /files/7_mell_FAVI_KARINFO_B3.doc HTTP/1.1" 200 498688 "-" "Mozilla/5.0 (compatible; DotBot/1.2; +https://opensiteexplorer.org/dotbot; help@moz.com)"
216.244.66.200 - - [19/Apr/2025:15:39:51 +0200] "GET /files/_veg3fmujfdhqa4st0cs_.pdf HTTP/1.1" 200 208061 "-" "Mozilla/5.0 (compatible; DotBot/1.2; +https://opensiteexplorer.org/dotbot; help@moz.com)"
216.244.66.200 - - [19/Apr/2025:15:40:23 +0200] "GET /files/dijrendelet_kozig.doc HTTP/1.1" 200 60928 "-" "Mozilla/5.0 (compatible; DotBot/1.2; +https://opensiteexplorer.org/dotbot; help@moz.com)"
66.249.66.87 - - [19/Apr/2025:15:40:52 +0200] "GET /files/szoc_rendeletek_terv_080414.pdf HTTP/1.1" 200 241368 "-" "Googlebot/2.1 (+http://www.google.com/bot.html)"
216.244.66.200 - - [19/Apr/2025:15:40:55 +0200] "GET /files/elko_elot_mellekl.zip HTTP/1.1" 200 129038 "-" "Mozilla/5.0 (compatible; DotBot/1.2; +https://opensiteexplorer.org/dotbot; help@moz.com)"
216.244.66.200 - - [19/Apr/2025:15:41:23 +0200] "GET /files/korrel-2007-26.doc HTTP/1.1" 200 34816 "-" "Mozilla/5.0 (compatible; DotBot/1.2; +https://opensiteexplorer.org/dotbot; help@moz.com)"
216.244.66.200 - - [19/Apr/2025:15:41:53 +0200] "GET /files/munkatap_terv_090227.pdf HTTP/1.1" 200 152778 "-" "Mozilla/5.0 (compatible; DotBot/1.2; +https://opensiteexplorer.org/dotbot; help@moz.com)"
216.244.66.200 - - [19/Apr/2025:15:42:20 +0200] "GET /files/normasz__veg_081027.doc HTTP/1.1" 200 39936 "-" "Mozilla/5.0 (compatible; DotBot/1.2; +https://opensiteexplorer.org/dotbot; help@moz.com)"
66.249.66.86 - - [19/Apr/2025:15:42:31 +0200] "GET /files/munkatap_terv_090227.pdf HTTP/1.1" 200 152778 "-" "Googlebot/2.1 (+http://www.google.com/bot.html)"
216.244.66.200 - - [19/Apr/2025:15:42:50 +0200] "GET /files/tervezet_lerako_kozig.pdf HTTP/1.1" 200 626648 "-" "Mozilla/5.0 (compatible; DotBot/1.2; +https://opensiteexplorer.org/dotbot; help@moz.com)"
216.244.66.200 - - [19/Apr/2025:15:43:18 +0200] "GET /files/uam_terv_080407.pdf HTTP/1.1" 200 439633 "-" "Mozilla/5.0 (compatible; DotBot/1.2; +https://opensiteexplorer.org/dotbot; help@moz.com)"
154.3.62.44 - - [19/Apr/2025:15:43:48 +0200] "GET / HTTP/1.1" 200 - "-" "python-urllib3/2.2.3"
216.244.66.200 - - [19/Apr/2025:15:44:13 +0200] "GET /files/utazasi_szerzodes%20.pdf HTTP/1.1" 200 - "-" "Mozilla/5.0 (compatible; DotBot/1.2; +https://opensiteexplorer.org/dotbot; help@moz.com)"
216.244.66.200 - - [19/Apr/2025:15:45:03 +0200] "GET /files/18_1998-30_1998%20indokol%C3%83%C2%A1s.doc HTTP/1.1" 200 - "-" "Mozilla/5.0 (compatible; DotBot/1.2; +https://opensiteexplorer.org/dotbot; help@moz.com)"
216.244.66.200 - - [19/Apr/2025:15:45:23 +0200] "GET /files/362per2006_korm_rend_mod_090415.doc HTTP/1.1" 200 71168 "-" "Mozilla/5.0 (compatible; DotBot/1.2; +https://opensiteexplorer.org/dotbot; help@moz.com)"
216.244.66.200 - - [19/Apr/2025:15:45:54 +0200] "GET /files/78per2008_korm_rend_mod_terv_091120.doc HTTP/1.1" 200 68608 "-" "Mozilla/5.0 (compatible; DotBot/1.2; +https://opensiteexplorer.org/dotbot; help@moz.com)"
216.244.66.200 - - [19/Apr/2025:15:46:24 +0200] "GET /files/NKP-II_jelentes_tervezet_0326.pdf HTTP/1.1" 200 158212 "-" "Mozilla/5.0 (compatible; DotBot/1.2; +https://opensiteexplorer.org/dotbot; help@moz.com)"
216.244.66.200 - - [19/Apr/2025:15:46:53 +0200] "GET /files/hm_rendelet_tervezet_27_2008_modositas.pdf HTTP/1.1" 200 237623 "-" "Mozilla/5.0 (compatible; DotBot/1.2; +https://opensiteexplorer.org/dotbot; help@moz.com)"
66.249.66.85 - - [19/Apr/2025:15:59:28 +0200] "GET /files/mestervizsga_terv_070621.pdf HTTP/1.1" 200 204284 "-" "Googlebot/2.1 (+http://www.google.com/bot.html)"
66.249.66.5 - - [19/Apr/2025:16:05:48 +0200] "GET /drupal/files/R61_2.pdf HTTP/1.1" 200 - "-" "Mozilla/5.0 (Linux; Android 6.0.1; Nexus 5X Build/MMB29P) AppleWebKit/537.36 (KHTML, like Gecko) Chrome/135.0.7049.95 Mobile Safari/537.36 (compatible; GoogleOther)"
66.249.66.5 - - [19/Apr/2025:16:06:20 +0200] "GET /drupal/files/R61_2.pdf HTTP/1.1" 200 - "-" "Mozilla/5.0 (Linux; Android 6.0.1; Nexus 5X Build/MMB29P) AppleWebKit/537.36 (KHTML, like Gecko) Chrome/135.0.7049.95 Mobile Safari/537.36 (compatible; GoogleOther)"
66.249.66.6 - - [19/Apr/2025:16:06:52 +0200] "GET /drupal/files/R61_2.pdf HTTP/1.1" 200 - "-" "Mozilla/5.0 (Linux; Android 6.0.1; Nexus 5X Build/MMB29P) AppleWebKit/537.36 (KHTML, like Gecko) Chrome/135.0.7049.95 Mobile Safari/537.36 (compatible; GoogleOther)"
43.133.187.11 - - [19/Apr/2025:16:09:12 +0200] "GET / HTTP/1.1" 200 - "-" "Mozilla/5.0 (iPhone; CPU iPhone OS 13_2_3 like Mac OS X) AppleWebKit/605.1.15 (KHTML, like Gecko) Version/13.0.3 Mobile/15E148 Safari/604.1"
216.244.66.200 - - [19/Apr/2025:16:10:27 +0200] "GET /robots.txt HTTP/1.1" 200 1590 "-" "Mozilla/5.0 (compatible; DotBot/1.2; +https://opensiteexplorer.org/dotbot; help@moz.com)"
216.244.66.200 - - [19/Apr/2025:16:10:27 +0200] "GET /robots.txt HTTP/1.1" 200 1590 "-" "Mozilla/5.0 (compatible; DotBot/1.2; +https://opensiteexplorer.org/dotbot; help@moz.com)"
66.249.66.86 - - [19/Apr/2025:16:11:52 +0200] "GET /taxonomy/term/46 HTTP/1.1" 200 - "-" "Mozilla/5.0 (Linux; Android 6.0.1; Nexus 5X Build/MMB29P) AppleWebKit/537.36 (KHTML, like Gecko) Chrome/135.0.7049.95 Mobile Safari/537.36 (compatible; Googlebot/2.1; +http://www.google.com/bot.html)"
66.249.66.87 - - [19/Apr/2025:16:12:53 +0200] "GET /files/munkavedelem_terv_070702.pdf HTTP/1.1" 200 148748 "-" "Googlebot/2.1 (+http://www.google.com/bot.html)"
66.249.66.86 - - [19/Apr/2025:16:14:54 +0200] "GET /files/xx_koltsegvetes_terv_090710.pdf HTTP/1.1" 200 170690 "-" "Mozilla/5.0 (Linux; Android 6.0.1; Nexus 5X Build/MMB29P) AppleWebKit/537.36 (KHTML, like Gecko) Chrome/135.0.7049.95 Mobile Safari/537.36 (compatible; Googlebot/2.1; +http://www.google.com/bot.html)"
216.244.66.200 - - [19/Apr/2025:16:22:10 +0200] "GET /files/43_2003_fvm_mod.pdf HTTP/1.1" 200 44617 "-" "Mozilla/5.0 (compatible; DotBot/1.2; +https://opensiteexplorer.org/dotbot; help@moz.com)"
216.244.66.200 - - [19/Apr/2025:16:22:46 +0200] "GET /files/hajozo_1melleklet.pdf HTTP/1.1" 200 468748 "-" "Mozilla/5.0 (compatible; DotBot/1.2; +https://opensiteexplorer.org/dotbot; help@moz.com)"
120.235.11.6 - - [19/Apr/2025:16:22:56 +0200] "GET /xmlrpc.php HTTP/1.1" 200 - "-" "Mozilla/5.0 (Windows NT 6.1; WOW64; rv:45.0) Gecko/20100101 Firefox/45.0"
216.244.66.200 - - [19/Apr/2025:16:23:14 +0200] "GET /files/legi2mell0920.pdf HTTP/1.1" 200 112775 "-" "Mozilla/5.0 (compatible; DotBot/1.2; +https://opensiteexplorer.org/dotbot; help@moz.com)"
216.244.66.200 - - [19/Apr/2025:16:23:53 +0200] "GET /files/okj_terv_090119.pdf HTTP/1.1" 200 231939 "-" "Mozilla/5.0 (compatible; DotBot/1.2; +https://opensiteexplorer.org/dotbot; help@moz.com)"
216.244.66.200 - - [19/Apr/2025:16:24:27 +0200] "GET /files/tervezet_megyaszo.pdf HTTP/1.1" 200 196207 "-" "Mozilla/5.0 (compatible; DotBot/1.2; +https://opensiteexplorer.org/dotbot; help@moz.com)"
66.249.66.87 - - [19/Apr/2025:16:24:43 +0200] "GET /files/egyes_szocrend_terv_070124.pdf HTTP/1.1" 200 336579 "-" "Googlebot/2.1 (+http://www.google.com/bot.html)"
216.244.66.200 - - [19/Apr/2025:16:24:56 +0200] "GET /files/2_szamu_melleklet_celtartalek0321uj.xls HTTP/1.1" 200 23552 "-" "Mozilla/5.0 (compatible; DotBot/1.2; +https://opensiteexplorer.org/dotbot; help@moz.com)"
