216.244.66.200 - - [01/Apr/2025:00:05:24 +0200] "GET /robots.txt HTTP/1.1" 200 1590 "-" "Mozilla/5.0 (compatible; DotBot/1.2; +https://opensiteexplorer.org/dotbot; help@moz.com)"
51.210.214.160 - - [01/Apr/2025:00:20:31 +0200] "GET /taxonomy/term/101/0/feed HTTP/1.1" 200 - "-" "Mozilla/5.0 (X11; Linux i686) AppleWebKit/537.36 (KHTML, like Gecko) Chrome/30.0.1599.66 Safari/537.36"
66.249.64.234 - - [01/Apr/2025:00:30:26 +0200] "GET /robots.txt HTTP/1.1" 200 1590 "-" "Mozilla/5.0 (compatible; Googlebot/2.1; +http://www.google.com/bot.html)"
66.249.64.224 - - [01/Apr/2025:00:30:27 +0200] "GET /files/szakszo_legiforgalmi_iranyito_1mell.pdf HTTP/1.1" 200 100859 "-" "Googlebot/2.1 (+http://www.google.com/bot.html)"
66.249.64.9 - - [01/Apr/2025:00:36:16 +0200] "GET /files/nsip_rendelet_tervezet.pdf HTTP/1.1" 200 103373 "-" "Mozilla/5.0 (Linux; Android 6.0.1; Nexus 5X Build/MMB29P) AppleWebKit/537.36 (KHTML, like Gecko) Chrome/134.0.6998.165 Mobile Safari/537.36 (compatible; Googlebot/2.1; +http://www.google.com/bot.html)"
216.244.66.200 - - [01/Apr/2025:00:40:37 +0200] "GET /taxonomy/term/3?page=1 HTTP/1.1" 200 - "-" "Mozilla/5.0 (compatible; DotBot/1.2; +https://opensiteexplorer.org/dotbot; help@moz.com)"
216.244.66.200 - - [01/Apr/2025:00:51:44 +0200] "GET /robots.txt HTTP/1.1" 200 1590 "-" "Mozilla/5.0 (compatible; DotBot/1.2; +https://opensiteexplorer.org/dotbot; help@moz.com)"
109.70.100.66 - - [01/Apr/2025:00:52:53 +0200] "GET /comment/reply/2619/ HTTP/1.0" 200 - "http://jogalkotas.hu/comment/reply/2619/" "Mozilla/5.0 (Windows NT 6.1; Win64; x64) AppleWebKit/537.36 (KHTML, like Gecko) Chrome/103.0.0.0 Safari/537.36"
80.241.214.102 - - [01/Apr/2025:00:53:25 +0200] "GET /comment/reply/2619/ HTTP/1.0" 200 - "http://jogalkotas.hu/comment/reply/2619/" "Mozilla/5.0 (Windows NT 6.1; Win64; x64) AppleWebKit/537.36 (KHTML, like Gecko) Chrome/103.0.0.0 Safari/537.36"
192.42.116.185 - - [01/Apr/2025:00:53:57 +0200] "GET /comment/reply/2619/ HTTP/1.0" 200 - "http://jogalkotas.hu/comment/reply/2619/" "Mozilla/5.0 (Windows NT 6.1; Win64; x64) AppleWebKit/537.36 (KHTML, like Gecko) Chrome/103.0.0.0 Safari/537.36"
185.220.101.24 - - [01/Apr/2025:00:54:29 +0200] "GET /comment/reply/2619/ HTTP/1.0" 200 - "http://jogalkotas.hu/comment/reply/2619/" "Mozilla/5.0 (Windows NT 6.1; Win64; x64) AppleWebKit/537.36 (KHTML, like Gecko) Chrome/103.0.0.0 Safari/537.36"
185.220.101.24 - - [01/Apr/2025:00:55:01 +0200] "GET / HTTP/1.0" 200 - "http://jogalkotas.hu/" "Mozilla/5.0 (Windows NT 6.1; Win64; x64) AppleWebKit/537.36 (KHTML, like Gecko) Chrome/103.0.0.0 Safari/537.36"
66.249.64.224 - - [01/Apr/2025:00:57:01 +0200] "GET /files/okm_alapitvanyok_terv_080620.pdf HTTP/1.1" 200 129358 "-" "Googlebot/2.1 (+http://www.google.com/bot.html)"
216.244.66.200 - - [01/Apr/2025:01:00:44 +0200] "GET /taxonomy/term/32/0/feed HTTP/1.1" 200 - "-" "Mozilla/5.0 (compatible; DotBot/1.2; +https://opensiteexplorer.org/dotbot; help@moz.com)"
66.249.64.7 - - [01/Apr/2025:01:15:02 +0200] "GET /files/felsoo_diakig_terv_080807.pdf HTTP/1.1" 200 273426 "-" "Googlebot/2.1 (+http://www.google.com/bot.html)"
40.77.167.47 - - [01/Apr/2025:01:22:48 +0200] "GET /files/illetmenyen_kivuli_juttatasokrol_tervezet.pdf HTTP/1.1" 200 111658 "-" "Mozilla/5.0 AppleWebKit/537.36 (KHTML, like Gecko; compatible; bingbot/2.0; +http://www.bing.com/bingbot.htm) Chrome/116.0.1938.76 Safari/537.36"
66.249.64.8 - - [01/Apr/2025:01:39:18 +0200] "GET /files/iskolaszovetkezet.pdf HTTP/1.1" 200 134085 "-" "Googlebot/2.1 (+http://www.google.com/bot.html)"
216.244.66.200 - - [01/Apr/2025:02:24:08 +0200] "GET /robots.txt HTTP/1.1" 200 1590 "-" "Mozilla/5.0 (compatible; DotBot/1.2; +https://opensiteexplorer.org/dotbot; help@moz.com)"
216.244.66.200 - - [01/Apr/2025:02:34:52 +0200] "GET /taxonomy/term/24/0/feed HTTP/1.1" 200 - "-" "Mozilla/5.0 (compatible; DotBot/1.2; +https://opensiteexplorer.org/dotbot; help@moz.com)"
39.98.37.200 - - [01/Apr/2025:02:42:23 +0200] "GET / HTTP/1.1" 200 - "-" "Mozilla/5.0 (Windows NT 5.1) AppleWebKit/535.11 (KHTML,like Gecko) Chrome/17.0.963.84 Safari/535.11 SE 2.X MetaSr 1.0"
39.98.37.200 - - [01/Apr/2025:02:42:49 +0200] "GET / HTTP/1.1" 200 - "-" "Mozilla/5.0 (Windows NT 5.1) AppleWebKit/535.11 (KHTML,like Gecko) Chrome/17.0.963.84 Safari/535.11 SE 2.X MetaSr 1.0"
78.92.131.186 - - [01/Apr/2025:02:45:40 +0200] "GET /files/$File/66.pdf HTTP/1.1" 200 - "-" "Mozilla/5.0 (Windows NT 10.0; Win64; x64) AppleWebKit/537.36 (KHTML, like Gecko) Chrome/131.0.0.0 Safari/537.36 Edg/131.0.0.0"
78.92.131.186 - - [01/Apr/2025:03:01:02 +0200] "GET /files/$File/66.pdf HTTP/1.1" 200 - "-" "Mozilla/5.0 (Windows NT 10.0; Win64; x64) AppleWebKit/537.36 (KHTML, like Gecko) Chrome/131.0.0.0 Safari/537.36 Edg/131.0.0.0"
66.249.64.225 - - [01/Apr/2025:03:30:17 +0200] "GET /files/14390_10.pdf HTTP/1.1" 200 866257 "-" "Mozilla/5.0 (Linux; Android 6.0.1; Nexus 5X Build/MMB29P) AppleWebKit/537.36 (KHTML, like Gecko) Chrome/134.0.6998.165 Mobile Safari/537.36 (compatible; GoogleOther)"
66.249.64.7 - - [01/Apr/2025:03:38:13 +0200] "GET / HTTP/1.1" 200 - "-" "Mozilla/5.0 (Linux; Android 6.0.1; Nexus 5X Build/MMB29P) AppleWebKit/537.36 (KHTML, like Gecko) Chrome/99.0.4844.84 Mobile Safari/537.36 (compatible; Googlebot/2.1; +http://www.google.com/bot.html)"
66.249.64.8 - - [01/Apr/2025:03:38:45 +0200] "GET / HTTP/1.1" 200 - "-" "Mozilla/5.0 (compatible; Googlebot/2.1; +http://www.google.com/bot.html)"
66.249.64.7 - - [01/Apr/2025:03:39:17 +0200] "GET / HTTP/1.1" 200 - "-" "Mozilla/5.0 (Linux; Android 6.0.1; Nexus 5X Build/MMB29P) AppleWebKit/537.36 (KHTML, like Gecko) Chrome/134.0.6998.165 Mobile Safari/537.36 (compatible; Googlebot/2.1; +http://www.google.com/bot.html)"
66.249.64.8 - - [01/Apr/2025:03:39:49 +0200] "GET / HTTP/1.1" 200 - "-" "Mozilla/5.0 (compatible; Googlebot/2.1; +http://www.google.com/bot.html)"
92.255.85.164 - - [01/Apr/2025:04:00:41 +0200] "GET / HTTP/1.0" 200 - "http://jogalkotas.hu/" "Mozilla/5.0 (Windows NT 10.0; Win64; x64) AppleWebKit/537.36 (KHTML, like Gecko) Chrome/131.0.0.0 Safari/537.36 Avast/131.0.0.0"
216.244.66.200 - - [01/Apr/2025:04:09:27 +0200] "GET /robots.txt HTTP/1.1" 200 1590 "-" "Mozilla/5.0 (compatible; DotBot/1.2; +https://opensiteexplorer.org/dotbot; help@moz.com)"
216.244.66.200 - - [01/Apr/2025:04:09:27 +0200] "GET /robots.txt HTTP/1.1" 200 1590 "-" "Mozilla/5.0 (compatible; DotBot/1.2; +https://opensiteexplorer.org/dotbot; help@moz.com)"
213.180.203.219 - - [01/Apr/2025:04:16:39 +0200] "GET /robots.txt HTTP/1.1" 200 1590 "-" "Mozilla/5.0 (compatible; YandexBot/3.0; +http://yandex.com/bots)"
213.180.203.182 - - [01/Apr/2025:04:16:41 +0200] "GET /files/ptk.csaladjog_0.pdf HTTP/1.1" 200 429444 "-" "Mozilla/5.0 (compatible; YandexBot/3.0; +http://yandex.com/bots)"
216.244.66.200 - - [01/Apr/2025:04:21:53 +0200] "GET /node/182 HTTP/1.1" 200 - "-" "Mozilla/5.0 (compatible; DotBot/1.2; +https://opensiteexplorer.org/dotbot; help@moz.com)"
216.244.66.200 - - [01/Apr/2025:04:22:23 +0200] "GET /node/2345 HTTP/1.1" 200 - "-" "Mozilla/5.0 (compatible; DotBot/1.2; +https://opensiteexplorer.org/dotbot; help@moz.com)"
216.244.66.200 - - [01/Apr/2025:04:23:03 +0200] "GET /node/2390 HTTP/1.1" 200 - "-" "Mozilla/5.0 (compatible; DotBot/1.2; +https://opensiteexplorer.org/dotbot; help@moz.com)"
216.244.66.200 - - [01/Apr/2025:04:23:54 +0200] "GET /node/2451 HTTP/1.1" 200 - "-" "Mozilla/5.0 (compatible; DotBot/1.2; +https://opensiteexplorer.org/dotbot; help@moz.com)"
216.244.66.200 - - [01/Apr/2025:04:24:44 +0200] "GET /node/299 HTTP/1.1" 200 - "-" "Mozilla/5.0 (compatible; DotBot/1.2; +https://opensiteexplorer.org/dotbot; help@moz.com)"
216.244.66.200 - - [01/Apr/2025:04:25:34 +0200] "GET /taxonomy/term/36/0/feed HTTP/1.1" 200 - "-" "Mozilla/5.0 (compatible; DotBot/1.2; +https://opensiteexplorer.org/dotbot; help@moz.com)"
216.244.66.200 - - [01/Apr/2025:04:26:24 +0200] "GET /taxonomy/term/1?page=111 HTTP/1.1" 200 - "-" "Mozilla/5.0 (compatible; DotBot/1.2; +https://opensiteexplorer.org/dotbot; help@moz.com)"
216.244.66.200 - - [01/Apr/2025:04:27:47 +0200] "GET /taxonomy/term/44/0/feed HTTP/1.1" 200 - "-" "Mozilla/5.0 (compatible; DotBot/1.2; +https://opensiteexplorer.org/dotbot; help@moz.com)"
4.227.36.0 - - [01/Apr/2025:04:53:01 +0200] "GET /robots.txt HTTP/1.1" 200 1590 "-" "Mozilla/5.0 AppleWebKit/537.36 (KHTML, like Gecko; compatible; GPTBot/1.2; +https://openai.com/gptbot)"
20.171.207.19 - - [01/Apr/2025:04:53:34 +0200] "GET /drupal/taxonomy/term/46. HTTP/1.1" 200 - "-" "Mozilla/5.0 AppleWebKit/537.36 (KHTML, like Gecko; compatible; GPTBot/1.2; +https://openai.com/gptbot)"
20.171.207.19 - - [01/Apr/2025:04:54:04 +0200] "GET / HTTP/1.1" 200 - "-" "Mozilla/5.0 AppleWebKit/537.36 (KHTML, like Gecko; compatible; GPTBot/1.2; +https://openai.com/gptbot)"
216.244.66.200 - - [01/Apr/2025:04:55:01 +0200] "GET /robots.txt HTTP/1.1" 200 1590 "-" "Mozilla/5.0 (compatible; DotBot/1.2; +https://opensiteexplorer.org/dotbot; help@moz.com)"
216.244.66.200 - - [01/Apr/2025:04:55:01 +0200] "GET /robots.txt HTTP/1.1" 200 1590 "-" "Mozilla/5.0 (compatible; DotBot/1.2; +https://opensiteexplorer.org/dotbot; help@moz.com)"
216.244.66.200 - - [01/Apr/2025:05:04:46 +0200] "GET /node?page=240 HTTP/1.1" 200 - "-" "Mozilla/5.0 (compatible; DotBot/1.2; +https://opensiteexplorer.org/dotbot; help@moz.com)"
216.244.66.200 - - [01/Apr/2025:05:06:15 +0200] "GET /node?page=144 HTTP/1.1" 200 - "-" "Mozilla/5.0 (compatible; DotBot/1.2; +https://opensiteexplorer.org/dotbot; help@moz.com)"
213.180.203.36 - - [01/Apr/2025:05:15:48 +0200] "GET /robots.txt HTTP/1.1" 200 1590 "-" "Mozilla/5.0 (compatible; YandexBot/3.0; +http://yandex.com/bots)"
5.255.231.65 - - [01/Apr/2025:05:15:49 +0200] "GET /files/NFGM9341.pdf HTTP/1.1" 200 218734 "-" "Mozilla/5.0 (compatible; YandexBot/3.0; +http://yandex.com/bots)"
216.244.66.200 - - [01/Apr/2025:05:40:37 +0200] "GET /robots.txt HTTP/1.1" 200 1590 "-" "Mozilla/5.0 (compatible; DotBot/1.2; +https://opensiteexplorer.org/dotbot; help@moz.com)"
216.244.66.200 - - [01/Apr/2025:05:40:37 +0200] "GET /robots.txt HTTP/1.1" 200 1590 "-" "Mozilla/5.0 (compatible; DotBot/1.2; +https://opensiteexplorer.org/dotbot; help@moz.com)"
216.244.66.200 - - [01/Apr/2025:05:50:19 +0200] "GET /node/122 HTTP/1.1" 200 - "-" "Mozilla/5.0 (compatible; DotBot/1.2; +https://opensiteexplorer.org/dotbot; help@moz.com)"
216.244.66.200 - - [01/Apr/2025:05:50:49 +0200] "GET /node/225 HTTP/1.1" 200 - "-" "Mozilla/5.0 (compatible; DotBot/1.2; +https://opensiteexplorer.org/dotbot; help@moz.com)"
216.244.66.200 - - [01/Apr/2025:05:51:30 +0200] "GET /node/2368 HTTP/1.1" 200 - "-" "Mozilla/5.0 (compatible; DotBot/1.2; +https://opensiteexplorer.org/dotbot; help@moz.com)"
216.244.66.200 - - [01/Apr/2025:05:52:20 +0200] "GET /node/2379 HTTP/1.1" 200 - "-" "Mozilla/5.0 (compatible; DotBot/1.2; +https://opensiteexplorer.org/dotbot; help@moz.com)"
216.244.66.200 - - [01/Apr/2025:05:53:11 +0200] "GET /node?page=116 HTTP/1.1" 200 - "-" "Mozilla/5.0 (compatible; DotBot/1.2; +https://opensiteexplorer.org/dotbot; help@moz.com)"
66.249.64.9 - - [01/Apr/2025:06:06:01 +0200] "GET /files/5280_kult_int_070208.pdf HTTP/1.1" 200 165464 "-" "Googlebot/2.1 (+http://www.google.com/bot.html)"
66.249.64.224 - - [01/Apr/2025:06:12:42 +0200] "GET /files/fontos_bizalmas_terv_070601.pdf HTTP/1.1" 200 264327 "-" "Googlebot/2.1 (+http://www.google.com/bot.html)"
192.95.30.12 - - [01/Apr/2025:06:20:20 +0200] "GET /robots.txt HTTP/1.1" 200 1590 "-" "Mozilla/5.0 (compatible; MJ12bot/v1.4.8; http://mj12bot.com/)"
192.95.30.12 - - [01/Apr/2025:06:21:03 +0200] "GET /files/19-2003-Mell%C3%83%C2%A9kletek.xls.txt HTTP/1.1" 200 - "-" "Mozilla/5.0 (compatible; MJ12bot/v1.4.8; http://mj12bot.com/)"
192.95.30.12 - - [01/Apr/2025:06:21:45 +0200] "GET /files/9-93.normasz%C3%83%C2%B6veg.m%C3%83%C2%B3d.2007.febr.T%C3%83?RCA.doc HTTP/1.1" 200 - "-" "Mozilla/5.0 (compatible; MJ12bot/v1.4.8; http://mj12bot.com/)"
192.95.30.12 - - [01/Apr/2025:06:22:27 +0200] "GET /files/A%20T%C3%83%E2%80%93RV%C3%83%E2%80%B0NYJAVASLAT%20MELL%C3%83%E2%80%B0KLETEI.htm.txt HTTP/1.1" 200 - "-" "Mozilla/5.0 (compatible; MJ12bot/v1.4.8; http://mj12bot.com/)"
192.95.30.12 - - [01/Apr/2025:06:23:09 +0200] "GET /files/AZ%20%C3%83?S%20MELL%C3%83%E2%80%B0KLETEI.htm.txt HTTP/1.1" 200 - "-" "Mozilla/5.0 (compatible; MJ12bot/v1.4.8; http://mj12bot.com/)"
192.95.30.12 - - [01/Apr/2025:06:23:51 +0200] "GET /files/Alap-%C3%83%C2%A9s%20m%C3%85%C2%B1k%C3%83%C2%B6d%C3%83%C2%A9si%20nyilv%C3%83%C2%A1ntart%C3%83%C2%A1s-T%C3%83?RCA03.20..doc HTTP/1.1" 200 - "-" "Mozilla/5.0 (compatible; MJ12bot/v1.4.8; http://mj12bot.com/)"
20.171.207.19 - - [01/Apr/2025:06:24:20 +0200] "GET / HTTP/1.1" 200 - "-" "Mozilla/5.0 AppleWebKit/537.36 (KHTML, like Gecko; compatible; GPTBot/1.2; +https://openai.com/gptbot)"
192.95.30.12 - - [01/Apr/2025:06:24:33 +0200] "GET /files/FEJEZETI%20K%C3%83%E2%80%93TETEK.htm.txt HTTP/1.1" 200 - "-" "Mozilla/5.0 (compatible; MJ12bot/v1.4.8; http://mj12bot.com/)"
192.95.30.12 - - [01/Apr/2025:06:25:15 +0200] "GET /files/INDOKOL%C3%83?1.doc HTTP/1.1" 200 - "-" "Mozilla/5.0 (compatible; MJ12bot/v1.4.8; http://mj12bot.com/)"
192.95.30.12 - - [01/Apr/2025:06:25:57 +0200] "GET /files/INDOKOL%C3%83?S.doc HTTP/1.1" 200 - "-" "Mozilla/5.0 (compatible; MJ12bot/v1.4.8; http://mj12bot.com/)"
192.95.30.12 - - [01/Apr/2025:06:26:39 +0200] "GET /files/SzaboMate_hozz%C3%83%C2%A1f%C3%83%C2%A9r%C3%83%C2%A9s.pps HTTP/1.1" 200 - "-" "Mozilla/5.0 (compatible; MJ12bot/v1.4.8; http://mj12bot.com/)"
192.95.30.12 - - [01/Apr/2025:06:27:21 +0200] "GET /files/VEZET%C3%85?I%20%C3%83%E2%80%93SSZEFOGLAL%C3%83%E2%80%9C.doc HTTP/1.1" 200 - "-" "Mozilla/5.0 (compatible; MJ12bot/v1.4.8; http://mj12bot.com/)"
192.95.30.12 - - [01/Apr/2025:06:28:03 +0200] "GET /files/%C3%83?NTSZ%20%20061214%20Kormr.doc HTTP/1.1" 200 - "-" "Mozilla/5.0 (compatible; MJ12bot/v1.4.8; http://mj12bot.com/)"
192.95.30.12 - - [01/Apr/2025:06:28:04 +0200] "GET /robots.txt HTTP/1.1" 200 1590 "-" "Mozilla/5.0 (compatible; MJ12bot/v1.4.8; http://mj12bot.com/)"
192.95.30.12 - - [01/Apr/2025:06:28:46 +0200] "GET /files/19-2003-Mell%C3%83%C2%A9kletek.xls.txt HTTP/1.1" 200 - "-" "Mozilla/5.0 (compatible; MJ12bot/v1.4.8; http://mj12bot.com/)"
192.95.30.12 - - [01/Apr/2025:06:29:28 +0200] "GET /files/9-93.normasz%C3%83%C2%B6veg.m%C3%83%C2%B3d.2007.febr.T%C3%83?RCA.doc HTTP/1.1" 200 - "-" "Mozilla/5.0 (compatible; MJ12bot/v1.4.8; http://mj12bot.com/)"
3.101.121.52 - - [01/Apr/2025:06:30:09 +0200] "GET / HTTP/1.1" 200 - "-" "bitdiscovery-suggestions"
192.95.30.12 - - [01/Apr/2025:06:30:10 +0200] "GET /files/A%20T%C3%83%E2%80%93RV%C3%83%E2%80%B0NYJAVASLAT%20MELL%C3%83%E2%80%B0KLETEI.htm.txt HTTP/1.1" 200 - "-" "Mozilla/5.0 (compatible; MJ12bot/v1.4.8; http://mj12bot.com/)"
66.249.64.234 - - [01/Apr/2025:06:30:15 +0200] "GET /files/ptk.csaladjog_0.pdf HTTP/1.1" 200 429444 "-" "Mozilla/5.0 (Linux; Android 6.0.1; Nexus 5X Build/MMB29P) AppleWebKit/537.36 (KHTML, like Gecko) Chrome/134.0.6998.165 Mobile Safari/537.36 (compatible; GoogleOther)"
192.95.30.12 - - [01/Apr/2025:06:30:52 +0200] "GET /files/AZ%20%C3%83?S%20MELL%C3%83%E2%80%B0KLETEI.htm.txt HTTP/1.1" 200 - "-" "Mozilla/5.0 (compatible; MJ12bot/v1.4.8; http://mj12bot.com/)"
192.95.30.12 - - [01/Apr/2025:06:31:34 +0200] "GET /files/Alap-%C3%83%C2%A9s%20m%C3%85%C2%B1k%C3%83%C2%B6d%C3%83%C2%A9si%20nyilv%C3%83%C2%A1ntart%C3%83%C2%A1s-T%C3%83?RCA03.20..doc HTTP/1.1" 200 - "-" "Mozilla/5.0 (compatible; MJ12bot/v1.4.8; http://mj12bot.com/)"
192.95.30.12 - - [01/Apr/2025:06:32:16 +0200] "GET /files/FEJEZETI%20K%C3%83%E2%80%93TETEK.htm.txt HTTP/1.1" 200 - "-" "Mozilla/5.0 (compatible; MJ12bot/v1.4.8; http://mj12bot.com/)"
192.95.30.12 - - [01/Apr/2025:06:32:58 +0200] "GET /files/INDOKOL%C3%83?1.doc HTTP/1.1" 200 - "-" "Mozilla/5.0 (compatible; MJ12bot/v1.4.8; http://mj12bot.com/)"
192.95.30.12 - - [01/Apr/2025:06:33:40 +0200] "GET /files/INDOKOL%C3%83?S.doc HTTP/1.1" 200 - "-" "Mozilla/5.0 (compatible; MJ12bot/v1.4.8; http://mj12bot.com/)"
192.95.30.12 - - [01/Apr/2025:06:34:22 +0200] "GET /files/SzaboMate_hozz%C3%83%C2%A1f%C3%83%C2%A9r%C3%83%C2%A9s.pps HTTP/1.1" 200 - "-" "Mozilla/5.0 (compatible; MJ12bot/v1.4.8; http://mj12bot.com/)"
192.95.30.12 - - [01/Apr/2025:06:35:04 +0200] "GET /files/VEZET%C3%85?I%20%C3%83%E2%80%93SSZEFOGLAL%C3%83%E2%80%9C.doc HTTP/1.1" 200 - "-" "Mozilla/5.0 (compatible; MJ12bot/v1.4.8; http://mj12bot.com/)"
192.95.30.12 - - [01/Apr/2025:06:35:46 +0200] "GET /files/%C3%83?NTSZ%20%20061214%20Kormr.doc HTTP/1.1" 200 - "-" "Mozilla/5.0 (compatible; MJ12bot/v1.4.8; http://mj12bot.com/)"
66.249.64.224 - - [01/Apr/2025:06:45:22 +0200] "GET /files/tamszolg_terv_080630.pdf HTTP/1.1" 200 245872 "-" "Googlebot/2.1 (+http://www.google.com/bot.html)"
52.204.81.148 - - [01/Apr/2025:06:52:35 +0200] "GET /robots.txt HTTP/1.1" 200 1590 "-" "Mozilla/5.0 AppleWebKit/537.36 (KHTML, like Gecko; compatible; Amazonbot/0.1; +https://developer.amazon.com/support/amazonbot) Chrome/119.0.6045.214 Safari/537.36"
3.213.46.222 - - [01/Apr/2025:06:53:09 +0200] "GET /drupal/files/bizott__2006_szept.pdf HTTP/1.1" 200 - "-" "Mozilla/5.0 AppleWebKit/537.36 (KHTML, like Gecko; compatible; Amazonbot/0.1; +https://developer.amazon.com/support/amazonbot) Chrome/119.0.6045.214 Safari/537.36"
66.249.64.225 - - [01/Apr/2025:06:53:59 +0200] "GET /files/Kozuti_kozlekedesi_szolgaltatasok_korm.rend..pdf HTTP/1.1" 200 390004 "-" "Googlebot/2.1 (+http://www.google.com/bot.html)"
94.181.156.210 - - [01/Apr/2025:07:02:50 +0200] "GET / HTTP/1.0" 200 - "-" "Mozilla/5.0 (Windows NT 6.3; Win64; x64) AppleWebKit/537.36 (KHTML, like Gecko) Chrome/75.0.3770.100 Safari/537.36"
43.153.54.14 - - [01/Apr/2025:07:53:11 +0200] "GET / HTTP/1.1" 200 - "-" "Mozilla/5.0 (iPhone; CPU iPhone OS 13_2_3 like Mac OS X) AppleWebKit/605.1.15 (KHTML, like Gecko) Version/13.0.3 Mobile/15E148 Safari/604.1"
78.153.140.218 - - [01/Apr/2025:08:28:12 +0200] "GET /.env HTTP/1.1" 200 - "-" "Mozilla/5.0 (Linux; U; Android 2.3.6; es-es; SGH-T769 Build/GINGERBREAD) AppleWebKit/533.1 (KHTML, like Gecko) Version/4.0 Mobile Safari/533.1"
78.153.140.218 - - [01/Apr/2025:08:28:12 +0200] "GET /.env HTTP/1.1" 200 - "-" "Mozilla/5.0 (Linux; U; Android 2.3.3; en-au; GT-I9100 Build/GINGERBREAD) AppleWebKit/533.1 (KHTML, like Gecko) Version/4.0 Mobile Safari/533.1"
79.209.42.179 - - [01/Apr/2025:08:35:54 +0200] "GET /files/szakertoidijazas.doc HTTP/1.1" 200 59392 "-" "Mozilla/5.0 (Windows NT 10.0; WOW64; Trident/7.0; rv:11.0) like Gecko"
20.191.45.212 - - [01/Apr/2025:08:40:04 +0200] "GET /favicon.ico HTTP/1.1" 404 57 "http://www.jogalkotas.hu/favicon.ico" "DuckDuckBot/1.1; (+http://duckduckgo.com/duckduckbot.html)"
20.191.45.212 - - [01/Apr/2025:08:40:27 +0200] "GET / HTTP/1.1" 200 - "http://www.jogalkotas.hu/" "DuckDuckBot/1.1; (+http://duckduckgo.com/duckduckbot.html)"
66.249.64.234 - - [01/Apr/2025:08:50:34 +0200] "GET / HTTP/1.1" 200 - "-" "Mozilla/5.0 (compatible; Googlebot/2.1; +http://www.google.com/bot.html)"
66.249.64.224 - - [01/Apr/2025:08:51:06 +0200] "GET / HTTP/1.1" 200 - "-" "Mozilla/5.0 (Linux; Android 6.0.1; Nexus 5X Build/MMB29P) AppleWebKit/537.36 (KHTML, like Gecko) Chrome/99.0.4844.84 Mobile Safari/537.36 (compatible; Googlebot/2.1; +http://www.google.com/bot.html)"
66.249.64.224 - - [01/Apr/2025:08:51:38 +0200] "GET / HTTP/1.1" 200 - "-" "Mozilla/5.0 (compatible; Googlebot/2.1; +http://www.google.com/bot.html)"
66.249.64.224 - - [01/Apr/2025:08:52:10 +0200] "GET / HTTP/1.1" 200 - "-" "Mozilla/5.0 (Linux; Android 6.0.1; Nexus 5X Build/MMB29P) AppleWebKit/537.36 (KHTML, like Gecko) Chrome/134.0.6998.165 Mobile Safari/537.36 (compatible; Googlebot/2.1; +http://www.google.com/bot.html)"
103.230.15.114 - - [01/Apr/2025:09:24:42 +0200] "GET /fckeditor/editor/filemanager/upload/aspx/upload.aspx?Type=image HTTP/1.1" 200 - "-" "Mozilla/5.0 (Windows NT 10.0; WOW64; rv:48.0) Gecko/20100101 Firefox/48.0"
52.167.144.161 - - [01/Apr/2025:09:30:17 +0200] "GET /files/szakertoirendelettervezet1.doc HTTP/1.1" 200 313344 "-" "Mozilla/5.0 AppleWebKit/537.36 (KHTML, like Gecko; compatible; bingbot/2.0; +http://www.bing.com/bingbot.htm) Chrome/116.0.1938.76 Safari/537.36"
147.185.132.144 - - [01/Apr/2025:09:35:09 +0200] "GET / HTTP/1.1" 200 - "-" "Expanse, a Palo Alto Networks company, searches across the global IPv4 space multiple times per day to identify customers' presences on the Internet. If you would like to be excluded from our scans, please send IP addresses/domains to: scaninfo@paloaltonetworks.com"
40.77.167.47 - - [01/Apr/2025:09:35:58 +0200] "GET /files/KHEM_7392_5norma.doc HTTP/1.1" 304 - "-" "Mozilla/5.0 AppleWebKit/537.36 (KHTML, like Gecko; compatible; bingbot/2.0; +http://www.bing.com/bingbot.htm) Chrome/116.0.1938.76 Safari/537.36"
66.249.64.9 - - [01/Apr/2025:09:40:23 +0200] "GET /files/ptk-normaszoveg-tervezet_20071029.pdf HTTP/1.1" 304 - "-" "Mozilla/5.0 (Linux; Android 6.0.1; Nexus 5X Build/MMB29P) AppleWebKit/537.36 (KHTML, like Gecko) Chrome/134.0.6998.165 Mobile Safari/537.36 (compatible; Googlebot/2.1; +http://www.google.com/bot.html)"
20.171.207.19 - - [01/Apr/2025:09:56:13 +0200] "GET /drupal/node/1321 HTTP/1.1" 200 - "-" "Mozilla/5.0 AppleWebKit/537.36 (KHTML, like Gecko; compatible; GPTBot/1.2; +https://openai.com/gptbot)"
52.167.144.202 - - [01/Apr/2025:10:04:54 +0200] "GET /files/$File/fu_k_bru.pdf HTTP/1.1" 200 - "-" "Mozilla/5.0 AppleWebKit/537.36 (KHTML, like Gecko; compatible; bingbot/2.0; +http://www.bing.com/bingbot.htm) Chrome/116.0.1938.76 Safari/537.36"
52.167.144.202 - - [01/Apr/2025:10:05:26 +0200] "GET /files/$File/fu_k_bru.pdf HTTP/1.1" 200 - "-" "Mozilla/5.0 AppleWebKit/537.36 (KHTML, like Gecko; compatible; bingbot/2.0; +http://www.bing.com/bingbot.htm) Chrome/116.0.1938.76 Safari/537.36"
92.255.85.164 - - [01/Apr/2025:10:12:47 +0200] "GET / HTTP/1.0" 200 - "http://jogalkotas.hu/" "Mozilla/5.0 (Windows NT 10.0; Win64; x64) AppleWebKit/537.36 (KHTML, like Gecko) Chrome/131.0.0.0 Safari/537.36 Avast/131.0.0.0"
81.16.206.124 - - [01/Apr/2025:10:35:10 +0200] "GET /files/2_sz_melleklet_061031.pdf HTTP/1.1" 200 56446 "-" "Mozilla/5.0 (Linux; Android 10; K) AppleWebKit/537.36 (KHTML, like Gecko) Chrome/134.0.0.0 Mobile Safari/537.36"
18.97.9.100 - - [01/Apr/2025:10:35:32 +0200] "GET http://jogalkotas.hu/robots.txt HTTP/1.1" 200 1590 "-" "Mozilla/5.0 AppleWebKit/537.36 (KHTML, like Gecko; compatible; PerplexityBot/1.0; +https://perplexity.ai/perplexitybot)"
18.97.9.97 - - [01/Apr/2025:10:35:34 +0200] "GET http://jogalkotas.hu/files/im_rendelet_a_cstv_szerinti.pdf HTTP/1.1" 200 66716 "-" "Mozilla/5.0 AppleWebKit/537.36 (KHTML, like Gecko; compatible; PerplexityBot/1.0; +https://perplexity.ai/perplexitybot)"
54.193.19.19 - - [01/Apr/2025:10:36:27 +0200] "GET / HTTP/1.1" 200 - "-" "bitdiscovery-suggestions"
46.249.147.68 - - [01/Apr/2025:10:39:20 +0200] "GET /files/ekozig2010strategia_0604.pdf HTTP/1.1" 206 16384 "https://scholar.google.hu/scholar?hl=hu&as_sdt=0%2C5&q=Az+elektronikus+anyak%C3%B6nyvi+nyilv%C3%A1ntart%C3%A1si+rendszer+l%C3%A9trehoz%C3%A1s%C3%A1nak+t%C3%B6bb+c%C3%A9lja+is+volt%2C+ezek+k%C3%B6z%C3%BCl+a+legfontosabbak&btnG=" "Mozilla/5.0 (Macintosh; Intel Mac OS X 10_15_7) AppleWebKit/605.1.15 (KHTML, like Gecko) Version/16.1 Safari/605.1.15"
46.249.147.68 - - [01/Apr/2025:10:39:20 +0200] "GET /files/ekozig2010strategia_0604.pdf HTTP/1.1" 206 1023 "https://scholar.google.hu/scholar?hl=hu&as_sdt=0%2C5&q=Az+elektronikus+anyak%C3%B6nyvi+nyilv%C3%A1ntart%C3%A1si+rendszer+l%C3%A9trehoz%C3%A1s%C3%A1nak+t%C3%B6bb+c%C3%A9lja+is+volt%2C+ezek+k%C3%B6z%C3%BCl+a+legfontosabbak&btnG=" "Mozilla/5.0 (Macintosh; Intel Mac OS X 10_15_7) AppleWebKit/605.1.15 (KHTML, like Gecko) Version/16.1 Safari/605.1.15"
46.249.147.68 - - [01/Apr/2025:10:39:20 +0200] "GET /files/ekozig2010strategia_0604.pdf HTTP/1.1" 416 0 "https://scholar.google.hu/scholar?hl=hu&as_sdt=0%2C5&q=Az+elektronikus+anyak%C3%B6nyvi+nyilv%C3%A1ntart%C3%A1si+rendszer+l%C3%A9trehoz%C3%A1s%C3%A1nak+t%C3%B6bb+c%C3%A9lja+is+volt%2C+ezek+k%C3%B6z%C3%BCl+a+legfontosabbak&btnG=" "Mozilla/5.0 (Macintosh; Intel Mac OS X 10_15_7) AppleWebKit/605.1.15 (KHTML, like Gecko) Version/16.1 Safari/605.1.15"
46.249.147.68 - - [01/Apr/2025:10:39:21 +0200] "GET /files/ekozig2010strategia_0604.pdf HTTP/1.1" 206 16384 "https://scholar.google.hu/scholar?hl=hu&as_sdt=0%2C5&q=Az+elektronikus+anyak%C3%B6nyvi+nyilv%C3%A1ntart%C3%A1si+rendszer+l%C3%A9trehoz%C3%A1s%C3%A1nak+t%C3%B6bb+c%C3%A9lja+is+volt%2C+ezek+k%C3%B6z%C3%BCl+a+legfontosabbak&btnG=" "Mozilla/5.0 (Macintosh; Intel Mac OS X 10_15_7) AppleWebKit/605.1.15 (KHTML, like Gecko) Version/16.1 Safari/605.1.15"
46.249.147.68 - - [01/Apr/2025:10:39:21 +0200] "GET /files/ekozig2010strategia_0604.pdf HTTP/1.1" 206 140066 "https://scholar.google.hu/scholar?hl=hu&as_sdt=0%2C5&q=Az+elektronikus+anyak%C3%B6nyvi+nyilv%C3%A1ntart%C3%A1si+rendszer+l%C3%A9trehoz%C3%A1s%C3%A1nak+t%C3%B6bb+c%C3%A9lja+is+volt%2C+ezek+k%C3%B6z%C3%BCl+a+legfontosabbak&btnG=" "Mozilla/5.0 (Macintosh; Intel Mac OS X 10_15_7) AppleWebKit/605.1.15 (KHTML, like Gecko) Version/16.1 Safari/605.1.15"
46.249.147.68 - - [01/Apr/2025:10:39:21 +0200] "GET /files/ekozig2010strategia_0604.pdf HTTP/1.1" 206 114600 "https://scholar.google.hu/scholar?hl=hu&as_sdt=0%2C5&q=Az+elektronikus+anyak%C3%B6nyvi+nyilv%C3%A1ntart%C3%A1si+rendszer+l%C3%A9trehoz%C3%A1s%C3%A1nak+t%C3%B6bb+c%C3%A9lja+is+volt%2C+ezek+k%C3%B6z%C3%BCl+a+legfontosabbak&btnG=" "Mozilla/5.0 (Macintosh; Intel Mac OS X 10_15_7) AppleWebKit/605.1.15 (KHTML, like Gecko) Version/16.1 Safari/605.1.15"
46.249.147.68 - - [01/Apr/2025:10:39:21 +0200] "GET /files/ekozig2010strategia_0604.pdf HTTP/1.1" 200 820659 "https://scholar.google.hu/scholar?hl=hu&as_sdt=0%2C5&q=Az+elektronikus+anyak%C3%B6nyvi+nyilv%C3%A1ntart%C3%A1si+rendszer+l%C3%A9trehoz%C3%A1s%C3%A1nak+t%C3%B6bb+c%C3%A9lja+is+volt%2C+ezek+k%C3%B6z%C3%BCl+a+legfontosabbak&btnG=" "Mozilla/5.0 (Macintosh; Intel Mac OS X 10_15_7) AppleWebKit/605.1.15 (KHTML, like Gecko) Version/16.1 Safari/605.1.15"
46.249.147.68 - - [01/Apr/2025:10:39:21 +0200] "GET /favicon.ico HTTP/1.1" 404 57 "http://www.jogalkotas.hu/files/ekozig2010strategia_0604.pdf" "Mozilla/5.0 (Macintosh; Intel Mac OS X 10_15_7) AppleWebKit/605.1.15 (KHTML, like Gecko) Version/16.1 Safari/605.1.15"
52.167.144.216 - - [01/Apr/2025:10:59:02 +0200] "GET /files/$File/fu_k_bru.pdf HTTP/1.1" 200 - "-" "Mozilla/5.0 AppleWebKit/537.36 (KHTML, like Gecko; compatible; bingbot/2.0; +http://www.bing.com/bingbot.htm) Chrome/116.0.1938.76 Safari/537.36"
52.167.144.216 - - [01/Apr/2025:10:59:34 +0200] "GET /files/$File/fu_k_bru.pdf HTTP/1.1" 200 - "-" "Mozilla/5.0 AppleWebKit/537.36 (KHTML, like Gecko; compatible; bingbot/2.0; +http://www.bing.com/bingbot.htm) Chrome/116.0.1938.76 Safari/537.36"
136.226.198.91 - - [01/Apr/2025:11:03:29 +0200] "GET /files/3_mell_FAVI_ENG__ves.doc HTTP/1.1" 200 34345 "https://www.google.com/" "Mozilla/5.0 (Windows NT 10.0; Win64; x64) AppleWebKit/537.36 (KHTML, like Gecko) Chrome/134.0.0.0 Safari/537.36"
136.226.198.91 - - [01/Apr/2025:11:03:29 +0200] "GET /files/3_mell_FAVI_ENG__ves.doc HTTP/1.1" 200 34345 "https://www.google.com/" "Mozilla/5.0 (Windows NT 10.0; Win64; x64) AppleWebKit/537.36 (KHTML, like Gecko) Chrome/134.0.0.0 Safari/537.36"
136.226.198.91 - - [01/Apr/2025:11:03:30 +0200] "GET /favicon.ico HTTP/1.1" 404 57 "http://jogalkotas.hu/files/3_mell_FAVI_ENG__ves.doc?_sm_nck=1" "Mozilla/5.0 (Windows NT 10.0; Win64; x64) AppleWebKit/537.36 (KHTML, like Gecko) Chrome/134.0.0.0 Safari/537.36"
136.226.198.91 - - [01/Apr/2025:11:03:30 +0200] "GET /favicon.ico HTTP/1.1" 404 57 "http://jogalkotas.hu/" "Mozilla/5.0 (Windows NT 10.0; Win64; x64) AppleWebKit/537.36 (KHTML, like Gecko) Chrome/134.0.0.0 Safari/537.36"
136.226.198.91 - - [01/Apr/2025:11:03:32 +0200] "GET /files/3_mell_FAVI_ENG__ves.doc HTTP/1.1" 200 34345 "http://jogalkotas.hu/" "Mozilla/5.0 (Windows NT 10.0; Win64; x64) AppleWebKit/537.36 (KHTML, like Gecko) Chrome/134.0.0.0 Safari/537.36"
136.226.198.91 - - [01/Apr/2025:11:03:32 +0200] "GET /files/3_mell_FAVI_ENG__ves.doc HTTP/1.1" 200 788480 "http://jogalkotas.hu/" "Mozilla/5.0 (Windows NT 10.0; Win64; x64) AppleWebKit/537.36 (KHTML, like Gecko) Chrome/134.0.0.0 Safari/537.36"
136.226.198.91 - - [01/Apr/2025:11:03:42 +0200] "GET /files/3_mell_FAVI_ENG__ves.doc HTTP/1.1" 200 35793 "http://jogalkotas.hu/" "Mozilla/5.0 (Windows NT 10.0; Win64; x64) AppleWebKit/537.36 (KHTML, like Gecko) Chrome/134.0.0.0 Safari/537.36"
81.0.64.226 - - [01/Apr/2025:11:06:33 +0200] "GET /files/ptk_kotelmi_jog.pdf HTTP/1.1" 200 706298 "https://www.google.com/" "Mozilla/5.0 (Windows NT 10.0; Win64; x64) AppleWebKit/537.36 (KHTML, like Gecko) Chrome/134.0.0.0 Safari/537.36"
81.0.64.226 - - [01/Apr/2025:11:06:33 +0200] "GET /favicon.ico HTTP/1.1" 404 57 "http://jogalkotas.hu/files/ptk_kotelmi_jog.pdf" "Mozilla/5.0 (Windows NT 10.0; Win64; x64) AppleWebKit/537.36 (KHTML, like Gecko) Chrome/134.0.0.0 Safari/537.36"
81.0.64.226 - - [01/Apr/2025:11:06:34 +0200] "GET /files/ptk_kotelmi_jog.pdf HTTP/1.1" 206 1025 "-" "Mozilla/5.0 (Windows NT 10.0; Win64; x64) AppleWebKit/537.36 (KHTML, like Gecko) Chrome/134.0.0.0 Safari/537.36"
81.0.64.226 - - [01/Apr/2025:11:06:34 +0200] "GET /files/ptk_kotelmi_jog.pdf HTTP/1.1" 200 706298 "-" "Mozilla/5.0 (Windows NT 10.0; Win64; x64) AppleWebKit/537.36 (KHTML, like Gecko) Chrome/134.0.0.0 Safari/537.36"
144.76.14.54 - - [01/Apr/2025:11:09:19 +0200] "GET /robots.txt HTTP/1.1" 200 1590 "-" "Mozilla/5.0 (Windows NT 10.0; Win64; x64; trendictionbot0.5.0; trendiction search; http://www.trendiction.de/bot; please let us know of any problems; web at trendiction.com) Gecko/20100101 Firefox/125.0"
144.76.14.54 - - [01/Apr/2025:11:09:53 +0200] "GET / HTTP/1.1" 200 - "-" "Mozilla/5.0 (Windows NT 10.0; Win64; x64; trendictionbot0.5.0; trendiction search; http://www.trendiction.de/bot; please let us know of any problems; web at trendiction.com) Gecko/20100101 Firefox/125.0"
144.76.14.54 - - [01/Apr/2025:11:10:25 +0200] "GET / HTTP/1.1" 200 - "-" "Mozilla/5.0 (Windows NT 10.0; Win64; x64; trendictionbot0.5.0; trendiction search; http://www.trendiction.de/bot; please let us know of any problems; web at trendiction.com) Gecko/20100101 Firefox/125.0"
144.76.14.54 - - [01/Apr/2025:11:10:57 +0200] "GET / HTTP/1.1" 200 - "-" "Mozilla/5.0 (Windows NT 10.0; Win64; x64; trendictionbot0.5.0; trendiction search; http://www.trendiction.de/bot; please let us know of any problems; web at trendiction.com) Gecko/20100101 Firefox/125.0"
144.76.14.54 - - [01/Apr/2025:11:11:29 +0200] "GET / HTTP/1.1" 200 - "-" "Mozilla/5.0 (Windows NT 10.0; Win64; x64; trendictionbot0.5.0; trendiction search; http://www.trendiction.de/bot; please let us know of any problems; web at trendiction.com) Gecko/20100101 Firefox/125.0"
66.249.64.7 - - [01/Apr/2025:12:16:21 +0200] "GET /files/regeszet_070111.pdf HTTP/1.1" 304 - "-" "Mozilla/5.0 (Linux; Android 6.0.1; Nexus 5X Build/MMB29P) AppleWebKit/537.36 (KHTML, like Gecko) Chrome/134.0.6998.165 Mobile Safari/537.36 (compatible; Googlebot/2.1; +http://www.google.com/bot.html)"
216.244.66.200 - - [01/Apr/2025:12:29:00 +0200] "GET /robots.txt HTTP/1.1" 200 1590 "-" "Mozilla/5.0 (compatible; DotBot/1.2; +https://opensiteexplorer.org/dotbot; help@moz.com)"
216.244.66.200 - - [01/Apr/2025:12:48:11 +0200] "GET /taxonomy/term/1%2037%2042%2044%2045%2043%2019%2022%2021%2020%2038%2040%2039?page=1 HTTP/1.1" 200 - "-" "Mozilla/5.0 (compatible; DotBot/1.2; +https://opensiteexplorer.org/dotbot; help@moz.com)"
84.2.82.123 - - [01/Apr/2025:13:48:24 +0200] "GET /files/KHEM_4090_3javitott.doc HTTP/1.1" 200 200704 "https://www.google.hu/" "Mozilla/5.0 (Windows NT 10.0; Win64; x64; rv:130.0) Gecko/20100101 Firefox/130.0"
84.2.82.123 - - [01/Apr/2025:13:48:43 +0200] "GET /files/KHEM_4090_3javitott.doc HTTP/1.1" 200 200704 "https://www.google.hu/" "Mozilla/5.0 (Windows NT 10.0; Win64; x64; rv:130.0) Gecko/20100101 Firefox/130.0"
216.244.66.200 - - [01/Apr/2025:14:00:06 +0200] "GET /robots.txt HTTP/1.1" 200 1590 "-" "Mozilla/5.0 (compatible; DotBot/1.2; +https://opensiteexplorer.org/dotbot; help@moz.com)"
136.243.228.195 - - [01/Apr/2025:14:05:34 +0200] "GET / HTTP/1.1" 200 - "-" "Mozilla/5.0 (compatible; DataForSeoBot/1.0; +https://dataforseo.com/dataforseo-bot)"
216.244.66.200 - - [01/Apr/2025:14:17:58 +0200] "GET /taxonomy/term/18%2023%2024%2026%2025%2027%2028%2029%2052%2041%2031%2032%2098%2033%2048%2099%2034%2049%2035%2051%20100%2036%2050?page=4 HTTP/1.1" 200 - "-" "Mozilla/5.0 (compatible; DotBot/1.2; +https://opensiteexplorer.org/dotbot; help@moz.com)"
144.76.14.54 - - [01/Apr/2025:15:03:50 +0200] "GET /robots.txt HTTP/1.1" 200 1590 "-" "Mozilla/5.0 (Windows NT 10.0; Win64; x64; trendictionbot0.5.0; trendiction search; http://www.trendiction.de/bot; please let us know of any problems; web at trendiction.com) Gecko/20100101 Firefox/125.0"
144.76.14.54 - - [01/Apr/2025:15:04:24 +0200] "GET / HTTP/1.1" 200 - "-" "Mozilla/5.0 (Windows NT 10.0; Win64; x64; trendictionbot0.5.0; trendiction search; http://www.trendiction.de/bot; please let us know of any problems; web at trendiction.com) Gecko/20100101 Firefox/125.0"
144.76.14.54 - - [01/Apr/2025:15:04:56 +0200] "GET / HTTP/1.1" 200 - "-" "Mozilla/5.0 (Windows NT 10.0; Win64; x64; trendictionbot0.5.0; trendiction search; http://www.trendiction.de/bot; please let us know of any problems; web at trendiction.com) Gecko/20100101 Firefox/125.0"
144.76.14.54 - - [01/Apr/2025:15:05:28 +0200] "GET / HTTP/1.1" 200 - "-" "Mozilla/5.0 (Windows NT 10.0; Win64; x64; trendictionbot0.5.0; trendiction search; http://www.trendiction.de/bot; please let us know of any problems; web at trendiction.com) Gecko/20100101 Firefox/125.0"
144.76.14.54 - - [01/Apr/2025:15:06:00 +0200] "GET / HTTP/1.1" 200 - "-" "Mozilla/5.0 (Windows NT 10.0; Win64; x64; trendictionbot0.5.0; trendiction search; http://www.trendiction.de/bot; please let us know of any problems; web at trendiction.com) Gecko/20100101 Firefox/125.0"
40.88.21.235 - - [01/Apr/2025:15:34:42 +0200] "GET /favicon.ico HTTP/1.1" 404 57 "http://www.jogalkotas.hu/favicon.ico" "DuckDuckBot/1.1; (+http://duckduckgo.com/duckduckbot.html)"
40.88.21.235 - - [01/Apr/2025:15:35:04 +0200] "GET / HTTP/1.1" 200 - "http://www.jogalkotas.hu/" "DuckDuckBot/1.1; (+http://duckduckgo.com/duckduckbot.html)"
194.0.234.204 - - [01/Apr/2025:15:41:53 +0200] "GET /.env HTTP/1.1" 200 - "-" "Mozilla/5.0 (Linux; U; Android 4.4.2; en-US; HM NOTE 1W Build/KOT49H) AppleWebKit/534.30 (KHTML, like Gecko) Version/4.0 UCBrowser/11.0.5.850 U3/0.8.0 Mobile Safari/534.30"
66.249.64.224 - - [01/Apr/2025:15:42:49 +0200] "GET /files/89_2004_mod_velemenyezesre_0.pdf HTTP/1.1" 200 282471 "-" "Googlebot/2.1 (+http://www.google.com/bot.html)"
66.249.64.8 - - [01/Apr/2025:15:58:32 +0200] "GET /files/KHEM_4090_3javitott.doc HTTP/1.1" 304 - "-" "Mozilla/5.0 (Linux; Android 6.0.1; Nexus 5X Build/MMB29P) AppleWebKit/537.36 (KHTML, like Gecko) Chrome/134.0.6998.165 Mobile Safari/537.36 (compatible; Googlebot/2.1; +http://www.google.com/bot.html)"
94.181.156.210 - - [01/Apr/2025:16:11:00 +0200] "GET / HTTP/1.0" 200 - "-" "Mozilla/5.0 (Windows NT 6.3; Win64; x64) AppleWebKit/537.36 (KHTML, like Gecko) Chrome/75.0.3770.100 Safari/537.36"
66.249.64.7 - - [01/Apr/2025:16:30:34 +0200] "GET /files/9066_16.pdf HTTP/1.1" 304 - "-" "Mozilla/5.0 (Linux; Android 6.0.1; Nexus 5X Build/MMB29P) AppleWebKit/537.36 (KHTML, like Gecko) Chrome/134.0.6998.165 Mobile Safari/537.36 (compatible; Googlebot/2.1; +http://www.google.com/bot.html)"
66.249.64.234 - - [01/Apr/2025:16:38:31 +0200] "GET /files/tervezesi_eloirasok_om_r_allig_egy_060310.pdf HTTP/1.1" 304 - "-" "Mozilla/5.0 (Linux; Android 6.0.1; Nexus 5X Build/MMB29P) AppleWebKit/537.36 (KHTML, like Gecko) Chrome/134.0.6998.165 Mobile Safari/537.36 (compatible; Googlebot/2.1; +http://www.google.com/bot.html)"
4.227.36.0 - - [01/Apr/2025:17:12:30 +0200] "GET /robots.txt HTTP/1.1" 200 1590 "-" "Mozilla/5.0 AppleWebKit/537.36 (KHTML, like Gecko; compatible; GPTBot/1.2; +https://openai.com/gptbot)"
20.171.207.19 - - [01/Apr/2025:17:13:02 +0200] "GET /drupal/files/NFGM2005_0.pdf HTTP/1.1" 200 - "-" "Mozilla/5.0 AppleWebKit/537.36 (KHTML, like Gecko; compatible; GPTBot/1.2; +https://openai.com/gptbot)"
40.77.167.27 - - [01/Apr/2025:17:17:04 +0200] "GET /sitemap.xml.gz HTTP/1.1" 200 - "-" "Mozilla/5.0 AppleWebKit/537.36 (KHTML, like Gecko; compatible; bingbot/2.0; +http://www.bing.com/bingbot.htm) Chrome/116.0.1938.76 Safari/537.36"
40.77.167.27 - - [01/Apr/2025:17:17:36 +0200] "GET /sitemap.xml.gz HTTP/1.1" 200 - "-" "Mozilla/5.0 AppleWebKit/537.36 (KHTML, like Gecko; compatible; bingbot/2.0; +http://www.bing.com/bingbot.htm) Chrome/116.0.1938.76 Safari/537.36"
66.249.64.7 - - [01/Apr/2025:17:34:07 +0200] "GET /robots.txt HTTP/1.1" 200 1590 "-" "Mozilla/5.0 (compatible; Googlebot/2.1; +http://www.google.com/bot.html)"
66.249.64.7 - - [01/Apr/2025:17:34:07 +0200] "GET /files/22-1996-mod-kozigre.pdf HTTP/1.1" 304 - "-" "Mozilla/5.0 (Linux; Android 6.0.1; Nexus 5X Build/MMB29P) AppleWebKit/537.36 (KHTML, like Gecko) Chrome/134.0.6998.165 Mobile Safari/537.36 (compatible; Googlebot/2.1; +http://www.google.com/bot.html)"
3.101.240.46 - - [01/Apr/2025:17:42:27 +0200] "HEAD / HTTP/1.1" 200 - "-" "bitdiscovery"
3.101.240.175 - - [01/Apr/2025:18:13:02 +0200] "HEAD / HTTP/1.1" 200 - "-" "bitdiscovery"
3.101.240.175 - - [01/Apr/2025:18:13:18 +0200] "GET / HTTP/1.1" 200 - "-" "bitdiscovery"
3.101.240.175 - - [01/Apr/2025:18:13:42 +0200] "GET / HTTP/1.1" 200 - "-" "bitdiscovery"
40.77.167.23 - - [01/Apr/2025:18:22:57 +0200] "GET /sitemap.xml.gz HTTP/1.1" 200 - "-" "Mozilla/5.0 AppleWebKit/537.36 (KHTML, like Gecko; compatible; bingbot/2.0; +http://www.bing.com/bingbot.htm) Chrome/116.0.1938.76 Safari/537.36"
40.77.167.23 - - [01/Apr/2025:18:23:29 +0200] "GET /sitemap.xml.gz HTTP/1.1" 200 - "-" "Mozilla/5.0 AppleWebKit/537.36 (KHTML, like Gecko; compatible; bingbot/2.0; +http://www.bing.com/bingbot.htm) Chrome/116.0.1938.76 Safari/537.36"
94.181.156.210 - - [01/Apr/2025:18:36:35 +0200] "GET / HTTP/1.0" 200 - "-" "Mozilla/5.0 (Windows NT 6.3; Win64; x64) AppleWebKit/537.36 (KHTML, like Gecko) Chrome/75.0.3770.100 Safari/537.36"
40.77.167.76 - - [01/Apr/2025:18:54:55 +0200] "GET /files/EA_eloterjesztes_Kozig.pdf HTTP/1.1" 200 383288 "-" "Mozilla/5.0 AppleWebKit/537.36 (KHTML, like Gecko; compatible; bingbot/2.0; +http://www.bing.com/bingbot.htm) Chrome/116.0.1938.76 Safari/537.36"
66.249.64.7 - - [01/Apr/2025:19:01:30 +0200] "GET /files/KUM_kituntetesek.pdf HTTP/1.1" 304 - "-" "Mozilla/5.0 (Linux; Android 6.0.1; Nexus 5X Build/MMB29P) AppleWebKit/537.36 (KHTML, like Gecko) Chrome/134.0.6998.165 Mobile Safari/537.36 (compatible; Googlebot/2.1; +http://www.google.com/bot.html)"
84.1.223.237 - - [01/Apr/2025:19:02:29 +0200] "GET / HTTP/1.1" 200 - "-" "Mozilla/5.0 (Macintosh; Intel Mac OS X 10_15_7) AppleWebKit/605.1.15 (KHTML, like Gecko) Version/17.4.1 Safari/605.1.15"
143.244.57.120 - - [01/Apr/2025:19:10:39 +0200] "GET / HTTP/1.1" 200 - "-" "Mozilla/5.0 (Windows NT 10.0; Win64; x64) AppleWebKit/537.36 (KHTML, like Gecko) Chrome/78.0.3904.108 Safari/537.36"
143.244.57.120 - - [01/Apr/2025:19:11:11 +0200] "GET / HTTP/1.1" 200 - "-" "Mozilla/5.0 (Windows NT 10.0; Win64; x64) AppleWebKit/537.36 (KHTML, like Gecko) Chrome/78.0.3904.108 Safari/537.36"
143.244.57.120 - - [01/Apr/2025:19:11:43 +0200] "GET /wp-includes/wlwmanifest.xml HTTP/1.1" 200 - "-" "Mozilla/5.0 (Windows NT 10.0; Win64; x64) AppleWebKit/537.36 (KHTML, like Gecko) Chrome/78.0.3904.108 Safari/537.36"
151.106.162.202 - - [01/Apr/2025:19:18:27 +0200] "GET /sites/all/modules/filefield/icons/protocons/16x16/mimetypes/application-octet-stream.png HTTP/1.1" 200 205 "-" "Mozilla/5.0 (X11; Ubuntu; Linux x86_64; rv:72.0) Gecko/20100101 Firefox/72.0"
66.249.64.224 - - [01/Apr/2025:19:21:59 +0200] "GET /files/utravalo_terv_080403.pdf HTTP/1.1" 200 243893 "-" "Googlebot/2.1 (+http://www.google.com/bot.html)"
66.249.64.9 - - [01/Apr/2025:19:23:12 +0200] "GET /files/alapitvanyok_terv_090415.pdf HTTP/1.1" 200 205294 "-" "Mozilla/5.0 (Linux; Android 6.0.1; Nexus 5X Build/MMB29P) AppleWebKit/537.36 (KHTML, like Gecko) Chrome/134.0.6998.165 Mobile Safari/537.36 (compatible; Googlebot/2.1; +http://www.google.com/bot.html)"
66.249.64.225 - - [01/Apr/2025:19:25:59 +0200] "GET /files/Kormanyrendelet_Jegyzokonyv.pdf HTTP/1.1" 200 115060 "-" "Googlebot/2.1 (+http://www.google.com/bot.html)"
51.222.253.9 - - [01/Apr/2025:19:33:42 +0200] "GET /robots.txt HTTP/1.1" 200 1590 "-" "Mozilla/5.0 (compatible; AhrefsBot/7.0; +http://ahrefs.com/robot/)"
66.249.64.8 - - [01/Apr/2025:19:49:19 +0200] "GET /files/ovadek_rendelet.pdf HTTP/1.1" 304 - "-" "Mozilla/5.0 (Linux; Android 6.0.1; Nexus 5X Build/MMB29P) AppleWebKit/537.36 (KHTML, like Gecko) Chrome/134.0.6998.165 Mobile Safari/537.36 (compatible; Googlebot/2.1; +http://www.google.com/bot.html)"
141.94.87.67 - - [01/Apr/2025:19:55:56 +0200] "HEAD /content.zip HTTP/1.1" 200 - "-" "-"
195.201.168.3 - - [01/Apr/2025:19:55:56 +0200] "HEAD /data.zip HTTP/1.1" 200 - "-" "-"
141.94.87.67 - - [01/Apr/2025:19:55:59 +0200] "HEAD /arc.zip HTTP/1.1" 200 - "-" "-"
195.201.168.3 - - [01/Apr/2025:19:55:59 +0200] "HEAD /temp.zip HTTP/1.1" 200 - "-" "-"
141.94.87.67 - - [01/Apr/2025:19:56:02 +0200] "HEAD /new.zip HTTP/1.1" 200 - "-" "-"
195.201.168.3 - - [01/Apr/2025:19:56:02 +0200] "HEAD /main.zip HTTP/1.1" 200 - "-" "-"
154.83.103.12 - - [01/Apr/2025:20:01:30 +0200] "GET /.git/HEAD HTTP/1.1" 200 - "-" "-"
154.83.103.12 - - [01/Apr/2025:20:01:36 +0200] "GET /.circleci/configs/development.yml HTTP/1.1" 200 - "-" "Mozilla/5.0 (Windows NT 10.0; Win64; x64) AppleWebKit/537.36 (KHTML, like Gecko) Chrome/91.0.4472.124 Safari/537.36"
216.244.66.200 - - [01/Apr/2025:20:13:42 +0200] "GET /robots.txt HTTP/1.1" 200 1590 "-" "Mozilla/5.0 (compatible; DotBot/1.2; +https://opensiteexplorer.org/dotbot; help@moz.com)"
216.244.66.200 - - [01/Apr/2025:20:37:07 +0200] "GET /taxonomy/term/1%2037%2042%2044%2045%2043%2019%2022%2021%2020%2038%2040%2039?page=6 HTTP/1.1" 200 - "-" "Mozilla/5.0 (compatible; DotBot/1.2; +https://opensiteexplorer.org/dotbot; help@moz.com)"
164.68.127.230 - - [01/Apr/2025:20:53:52 +0200] "GET / HTTP/1.1" 200 - "-" "Mozilla/5.0 (compatible; t3versionsBot/1.0; +https://www.t3versions.com/bot)"
198.235.24.46 - - [01/Apr/2025:21:21:51 +0200] "GET / HTTP/1.1" 200 - "-" "Expanse, a Palo Alto Networks company, searches across the global IPv4 space multiple times per day to identify customers' presences on the Internet. If you would like to be excluded from our scans, please send IP addresses/domains to: scaninfo@paloaltonetworks.com"
66.249.64.225 - - [01/Apr/2025:21:25:24 +0200] "GET /files/bevetelek_felhasznalasarol_es_elszamolasarol_tervezet.pdf HTTP/1.1" 200 103912 "-" "Googlebot/2.1 (+http://www.google.com/bot.html)"
66.249.64.7 - - [01/Apr/2025:21:30:09 +0200] "GET /files/4735.pdf HTTP/1.1" 304 - "-" "Mozilla/5.0 (Linux; Android 6.0.1; Nexus 5X Build/MMB29P) AppleWebKit/537.36 (KHTML, like Gecko) Chrome/134.0.6998.165 Mobile Safari/537.36 (compatible; Googlebot/2.1; +http://www.google.com/bot.html)"
3.101.230.149 - - [01/Apr/2025:21:33:05 +0200] "HEAD / HTTP/1.1" 200 - "-" "bitdiscovery"
52.167.144.225 - - [01/Apr/2025:21:35:27 +0200] "GET /files/ertvelot.doc HTTP/1.1" 200 320000 "-" "Mozilla/5.0 AppleWebKit/537.36 (KHTML, like Gecko; compatible; bingbot/2.0; +http://www.bing.com/bingbot.htm) Chrome/116.0.1938.76 Safari/537.36"
95.108.213.104 - - [01/Apr/2025:21:42:11 +0200] "GET /files/besopiacuzletivallalk.doc HTTP/1.1" 200 596480 "-" "Mozilla/5.0 (compatible; YandexBot/3.0; +http://yandex.com/bots)"
66.249.64.9 - - [01/Apr/2025:22:00:35 +0200] "GET /files/ptk_oroklesi_jog.pdf HTTP/1.1" 304 - "-" "Mozilla/5.0 (Linux; Android 6.0.1; Nexus 5X Build/MMB29P) AppleWebKit/537.36 (KHTML, like Gecko) Chrome/134.0.6998.165 Mobile Safari/537.36 (compatible; Googlebot/2.1; +http://www.google.com/bot.html)"
43.157.170.126 - - [01/Apr/2025:22:58:07 +0200] "GET / HTTP/1.1" 200 - "-" "Mozilla/5.0 (iPhone; CPU iPhone OS 13_2_3 like Mac OS X) AppleWebKit/605.1.15 (KHTML, like Gecko) Version/13.0.3 Mobile/15E148 Safari/604.1"
52.167.144.138 - - [01/Apr/2025:23:03:30 +0200] "GET /files/$File/im__kon.pdf HTTP/1.1" 200 - "-" "Mozilla/5.0 AppleWebKit/537.36 (KHTML, like Gecko; compatible; bingbot/2.0; +http://www.bing.com/bingbot.htm) Chrome/116.0.1938.76 Safari/537.36"
52.167.144.138 - - [01/Apr/2025:23:04:02 +0200] "GET /files/$File/im__kon.pdf HTTP/1.1" 200 - "-" "Mozilla/5.0 AppleWebKit/537.36 (KHTML, like Gecko; compatible; bingbot/2.0; +http://www.bing.com/bingbot.htm) Chrome/116.0.1938.76 Safari/537.36"
216.244.66.200 - - [01/Apr/2025:23:12:57 +0200] "GET /robots.txt HTTP/1.1" 200 1590 "-" "Mozilla/5.0 (compatible; DotBot/1.2; +https://opensiteexplorer.org/dotbot; help@moz.com)"
216.244.66.200 - - [01/Apr/2025:23:19:53 +0200] "GET /node/2611 HTTP/1.1" 200 - "-" "Mozilla/5.0 (compatible; DotBot/1.2; +https://opensiteexplorer.org/dotbot; help@moz.com)"
216.244.66.200 - - [01/Apr/2025:23:26:58 +0200] "GET /node/275 HTTP/1.1" 200 - "-" "Mozilla/5.0 (compatible; DotBot/1.2; +https://opensiteexplorer.org/dotbot; help@moz.com)"
40.77.167.184 - - [01/Apr/2025:23:48:55 +0200] "GET /robots.txt HTTP/1.1" 200 1590 "-" "Mozilla/5.0 AppleWebKit/537.36 (KHTML, like Gecko; compatible; bingbot/2.0; +http://www.bing.com/bingbot.htm) Chrome/116.0.1938.76 Safari/537.36"
52.167.144.205 - - [01/Apr/2025:23:49:32 +0200] "GET /files/$File/fu_e_gdp.pdf HTTP/1.1" 200 - "-" "Mozilla/5.0 AppleWebKit/537.36 (KHTML, like Gecko; compatible; bingbot/2.0; +http://www.bing.com/bingbot.htm) Chrome/116.0.1938.76 Safari/537.36"
52.167.144.205 - - [01/Apr/2025:23:50:04 +0200] "GET /files/$File/fu_e_gdp.pdf HTTP/1.1" 200 - "-" "Mozilla/5.0 AppleWebKit/537.36 (KHTML, like Gecko; compatible; bingbot/2.0; +http://www.bing.com/bingbot.htm) Chrome/116.0.1938.76 Safari/537.36"
66.249.64.9 - - [01/Apr/2025:23:51:03 +0200] "GET /files/93_2_tv_mod_kormeloterj.pdf HTTP/1.1" 200 179567 "-" "Mozilla/5.0 (Linux; Android 6.0.1; Nexus 5X Build/MMB29P) AppleWebKit/537.36 (KHTML, like Gecko) Chrome/134.0.6998.165 Mobile Safari/537.36 (compatible; Googlebot/2.1; +http://www.google.com/bot.html)"
20.191.45.212 - - [01/Apr/2025:23:55:34 +0200] "GET /favicon.ico HTTP/1.1" 404 57 "http://www.jogalkotas.hu/favicon.ico" "DuckDuckBot/1.1; (+http://duckduckgo.com/duckduckbot.html)"
20.191.45.212 - - [01/Apr/2025:23:55:56 +0200] "GET / HTTP/1.1" 200 - "http://www.jogalkotas.hu/" "DuckDuckBot/1.1; (+http://duckduckgo.com/duckduckbot.html)"
216.244.66.200 - - [01/Apr/2025:23:58:00 +0200] "GET /robots.txt HTTP/1.1" 200 1590 "-" "Mozilla/5.0 (compatible; DotBot/1.2; +https://opensiteexplorer.org/dotbot; help@moz.com)"
216.244.66.200 - - [01/Apr/2025:23:58:00 +0200] "GET /robots.txt HTTP/1.1" 200 1590 "-" "Mozilla/5.0 (compatible; DotBot/1.2; +https://opensiteexplorer.org/dotbot; help@moz.com)"
216.244.66.200 - - [02/Apr/2025:00:11:59 +0200] "GET /node/2423 HTTP/1.1" 200 - "-" "Mozilla/5.0 (compatible; DotBot/1.2; +https://opensiteexplorer.org/dotbot; help@moz.com)"
216.244.66.200 - - [02/Apr/2025:00:13:33 +0200] "GET /taxonomy/term/1?page=82 HTTP/1.1" 200 - "-" "Mozilla/5.0 (compatible; DotBot/1.2; +https://opensiteexplorer.org/dotbot; help@moz.com)"
216.244.66.200 - - [02/Apr/2025:00:13:55 +0200] "GET /node/2355 HTTP/1.1" 200 - "-" "Mozilla/5.0 (compatible; DotBot/1.2; +https://opensiteexplorer.org/dotbot; help@moz.com)"
216.244.66.200 - - [02/Apr/2025:00:43:32 +0200] "GET /robots.txt HTTP/1.1" 200 1590 "-" "Mozilla/5.0 (compatible; DotBot/1.2; +https://opensiteexplorer.org/dotbot; help@moz.com)"
185.147.125.18 - - [02/Apr/2025:00:44:42 +0200] "GET / HTTP/1.0" 200 - "http://jogalkotas.hu/" "Mozilla/5.0 (Windows NT 10.0; Win64; x64) AppleWebKit/537.36 (KHTML, like Gecko) Chrome/129.0.0.0 Safari/537.36"
216.244.66.200 - - [02/Apr/2025:00:51:14 +0200] "GET /node?page=1 HTTP/1.1" 200 - "-" "Mozilla/5.0 (compatible; DotBot/1.2; +https://opensiteexplorer.org/dotbot; help@moz.com)"
66.249.64.8 - - [02/Apr/2025:00:52:15 +0200] "GET /files/93_2_tv_mod_kormeloterj.pdf HTTP/1.1" 200 179567 "-" "Mozilla/5.0 (Linux; Android 6.0.1; Nexus 5X Build/MMB29P) AppleWebKit/537.36 (KHTML, like Gecko) Chrome/134.0.6998.165 Mobile Safari/537.36 (compatible; GoogleOther)"
216.244.66.200 - - [02/Apr/2025:00:58:09 +0200] "GET /node/2292 HTTP/1.1" 200 - "-" "Mozilla/5.0 (compatible; DotBot/1.2; +https://opensiteexplorer.org/dotbot; help@moz.com)"
98.64.96.18 - - [02/Apr/2025:01:50:46 +0200] "GET /files/$File/fu_e_gdp.pdf HTTP/1.1" 200 - "-" "Mozilla/5.0 (Windows NT 10.0; Win64; x64) AppleWebKit/537.36 (KHTML, like Gecko) Chrome/131.0.0.0 Safari/537.36 Edg/131.0.0.0"
192.42.116.213 - - [02/Apr/2025:01:56:36 +0200] "GET / HTTP/1.1" 200 - "jogalkotas.hu" "Mozilla/5.0 (Macintosh; Intel Mac OS X 10_7_4) AppleWebKit/534.57.5 (KHTML, like Gecko) Version/5.1.7 Safari/534.57.4"
18.116.45.122 - - [02/Apr/2025:02:06:29 +0200] "GET /robots.txt HTTP/1.1" 200 1590 "-" "Mozilla/5.0 AppleWebKit/537.36 (KHTML, like Gecko; compatible; ClaudeBot/1.0; +claudebot@anthropic.com)"
18.116.45.122 - - [02/Apr/2025:02:07:01 +0200] "GET /drupal/node/496 HTTP/1.1" 200 - "-" "Mozilla/5.0 AppleWebKit/537.36 (KHTML, like Gecko; compatible; ClaudeBot/1.0; +claudebot@anthropic.com)"
66.249.64.234 - - [02/Apr/2025:02:22:16 +0200] "GET /files/ptk.csaladjog_0.pdf HTTP/1.1" 200 429444 "-" "Mozilla/5.0 (Linux; Android 6.0.1; Nexus 5X Build/MMB29P) AppleWebKit/537.36 (KHTML, like Gecko) Chrome/134.0.6998.165 Mobile Safari/537.36 (compatible; GoogleOther)"
43.159.145.149 - - [02/Apr/2025:02:42:27 +0200] "GET / HTTP/1.1" 200 - "-" "Mozilla/5.0 (iPhone; CPU iPhone OS 13_2_3 like Mac OS X) AppleWebKit/605.1.15 (KHTML, like Gecko) Version/13.0.3 Mobile/15E148 Safari/604.1"
17.241.227.98 - - [02/Apr/2025:02:51:53 +0200] "GET /robots.txt HTTP/1.1" 200 1590 "-" "Mozilla/5.0 (Macintosh; Intel Mac OS X 10_15_7) AppleWebKit/605.1.15 (KHTML, like Gecko) Version/17.4 Safari/605.1.15 (Applebot/0.1; +http://www.apple.com/go/applebot)"
