47.79.123.29 - - [23/Apr/2025:01:22:15 +0200] "GET /node?page=7 HTTP/1.1" 200 - "http://jogalkotas.hu/node?page=7" "Mozilla/5.0 (Windows NT 10.0; Win64; x64) AppleWebKit/537.36 (KHTML, like Gecko) Chrome/114.0.0.0 Safari/537.36 Edg/114.0.1823.43"
47.79.123.95 - - [23/Apr/2025:01:22:41 +0200] "GET /node/2588 HTTP/1.1" 200 - "http://jogalkotas.hu/node/2588" "Mozilla/5.0 (Windows NT 10.0; Win64; x64) AppleWebKit/537.36 (KHTML, like Gecko) Chrome/114.0.0.0 Safari/537.36 Edg/114.0.1823.43"
47.79.120.224 - - [23/Apr/2025:01:27:46 +0200] "GET /taxonomy/term/77 HTTP/1.1" 200 - "http://jogalkotas.hu/taxonomy/term/77" "Mozilla/5.0 (Windows NT 10.0; Win64; x64) AppleWebKit/537.36 (KHTML, like Gecko) Chrome/114.0.0.0 Safari/537.36 Edg/114.0.1823.43"
216.244.66.200 - - [23/Apr/2025:01:29:40 +0200] "GET /files/2009Aug.pdf HTTP/1.1" 200 42469 "-" "Mozilla/5.0 (compatible; DotBot/1.2; +https://opensiteexplorer.org/dotbot; help@moz.com)"
216.244.66.200 - - [23/Apr/2025:01:29:54 +0200] "GET /files/3573_3.pdf HTTP/1.1" 200 123215 "-" "Mozilla/5.0 (compatible; DotBot/1.2; +https://opensiteexplorer.org/dotbot; help@moz.com)"
216.244.66.200 - - [23/Apr/2025:01:30:05 +0200] "GET /files/KHEM17_4.doc HTTP/1.1" 200 78336 "-" "Mozilla/5.0 (compatible; DotBot/1.2; +https://opensiteexplorer.org/dotbot; help@moz.com)"
216.244.66.200 - - [23/Apr/2025:01:30:17 +0200] "GET /files/NFGM_2946.pdf HTTP/1.1" 200 369321 "-" "Mozilla/5.0 (compatible; DotBot/1.2; +https://opensiteexplorer.org/dotbot; help@moz.com)"
216.244.66.200 - - [23/Apr/2025:01:30:28 +0200] "GET /files/TK119.doc HTTP/1.1" 200 67584 "-" "Mozilla/5.0 (compatible; DotBot/1.2; +https://opensiteexplorer.org/dotbot; help@moz.com)"
216.244.66.200 - - [23/Apr/2025:01:30:39 +0200] "GET /files/felvono.zip HTTP/1.1" 200 19899 "-" "Mozilla/5.0 (compatible; DotBot/1.2; +https://opensiteexplorer.org/dotbot; help@moz.com)"
216.244.66.200 - - [23/Apr/2025:01:31:29 +0200] "GET /files/0226_kiototv_kozig.doc HTTP/1.1" 200 268288 "-" "Mozilla/5.0 (compatible; DotBot/1.2; +https://opensiteexplorer.org/dotbot; help@moz.com)"
216.244.66.200 - - [23/Apr/2025:01:31:54 +0200] "GET /files/KHEM_4929norma.doc HTTP/1.1" 200 1641984 "-" "Mozilla/5.0 (compatible; DotBot/1.2; +https://opensiteexplorer.org/dotbot; help@moz.com)"
216.244.66.200 - - [23/Apr/2025:01:32:28 +0200] "GET /files/ekjszsz_terv_090629.pdf HTTP/1.1" 200 184796 "-" "Mozilla/5.0 (compatible; DotBot/1.2; +https://opensiteexplorer.org/dotbot; help@moz.com)"
216.244.66.200 - - [23/Apr/2025:01:33:06 +0200] "GET /files/eu_jogerv_strategia.doc HTTP/1.1" 200 435712 "-" "Mozilla/5.0 (compatible; DotBot/1.2; +https://opensiteexplorer.org/dotbot; help@moz.com)"
216.244.66.200 - - [23/Apr/2025:01:33:38 +0200] "GET /files/pep_kormelterj_060727.pdf HTTP/1.1" 200 68592 "-" "Mozilla/5.0 (compatible; DotBot/1.2; +https://opensiteexplorer.org/dotbot; help@moz.com)"
216.244.66.200 - - [23/Apr/2025:01:34:12 +0200] "GET /files/vizbazis0806_kozigre.pdf HTTP/1.1" 200 552509 "-" "Mozilla/5.0 (compatible; DotBot/1.2; +https://opensiteexplorer.org/dotbot; help@moz.com)"
34.78.186.176 - - [23/Apr/2025:01:34:55 +0200] "GET / HTTP/1.1" 200 - "-" "Mozilla/5.0 (Windows NT 10.0; Win64; x64) AppleWebKit/537.36 (KHTML, like Gecko) Chrome/84.0.4147.105 Safari/537.36"
47.79.0.5 - - [23/Apr/2025:01:37:09 +0200] "GET /taxonomy/term/18%2023%2024%2026%2025%2027%2028%2029%2052%2041%2031%2032%2098%2033%2048%20106%20103%2099%20107%2034%2049%2035%2051%20100%2036%2050%20105 HTTP/1.1" 200 - "http://www.jogalkotas.hu/taxonomy/term/18%2023%2024%2026%2025%2027%2028%2029%2052%2041%2031%2032%2098%2033%2048%20106%20103%2099%20107%2034%2049%2035%2051%20100%2036%2050%20105" "Mozilla/5.0 (Windows NT 10.0; Win64; x64) AppleWebKit/537.36 (KHTML, like Gecko) Chrome/114.0.0.0 Safari/537.36 Edg/114.0.1823.43"
47.82.10.93 - - [23/Apr/2025:01:41:05 +0200] "GET /node/2613 HTTP/1.1" 200 - "http://jogalkotas.hu/node/2613" "Mozilla/5.0 (Windows NT 10.0; Win64; x64) AppleWebKit/537.36 (KHTML, like Gecko) Chrome/114.0.0.0 Safari/537.36 Edg/114.0.1823.43"
47.79.117.123 - - [23/Apr/2025:01:43:59 +0200] "GET /node/2528 HTTP/1.1" 200 - "http://jogalkotas.hu/node/2528" "Mozilla/5.0 (Windows NT 10.0; Win64; x64) AppleWebKit/537.36 (KHTML, like Gecko) Chrome/114.0.0.0 Safari/537.36 Edg/114.0.1823.43"
47.82.10.184 - - [23/Apr/2025:01:51:59 +0200] "GET /node/2163 HTTP/1.1" 200 - "http://jogalkotas.hu/node/2163" "Mozilla/5.0 (Windows NT 10.0; Win64; x64) AppleWebKit/537.36 (KHTML, like Gecko) Chrome/114.0.0.0 Safari/537.36 Edg/114.0.1823.43"
216.244.66.200 - - [23/Apr/2025:02:02:03 +0200] "GET /robots.txt HTTP/1.1" 200 1590 "-" "Mozilla/5.0 (compatible; DotBot/1.2; +https://opensiteexplorer.org/dotbot; help@moz.com)"
216.244.66.200 - - [23/Apr/2025:02:08:43 +0200] "GET /files/1128__BSz_rendelet.doc HTTP/1.1" 200 27136 "-" "Mozilla/5.0 (compatible; DotBot/1.2; +https://opensiteexplorer.org/dotbot; help@moz.com)"
216.244.66.200 - - [23/Apr/2025:02:08:56 +0200] "GET /files/161-6kommunikacios.doc HTTP/1.1" 200 27136 "-" "Mozilla/5.0 (compatible; DotBot/1.2; +https://opensiteexplorer.org/dotbot; help@moz.com)"
216.244.66.200 - - [23/Apr/2025:02:09:09 +0200] "GET /files/3_ecegeljaras.doc HTTP/1.1" 200 52224 "-" "Mozilla/5.0 (compatible; DotBot/1.2; +https://opensiteexplorer.org/dotbot; help@moz.com)"
216.244.66.200 - - [23/Apr/2025:02:09:38 +0200] "GET /files/egyes_kozl_tv.pdf HTTP/1.1" 200 443609 "-" "Mozilla/5.0 (compatible; DotBot/1.2; +https://opensiteexplorer.org/dotbot; help@moz.com)"
216.244.66.200 - - [23/Apr/2025:02:10:11 +0200] "GET /files/einfo_080310.pdf HTTP/1.1" 200 84163 "-" "Mozilla/5.0 (compatible; DotBot/1.2; +https://opensiteexplorer.org/dotbot; help@moz.com)"
185.191.171.7 - - [23/Apr/2025:02:10:20 +0200] "GET /robots.txt HTTP/1.1" 200 1590 "-" "Mozilla/5.0 (compatible; SemrushBot/7~bl; +http://www.semrush.com/bot.html)"
216.244.66.200 - - [23/Apr/2025:02:10:44 +0200] "GET /files/energiafelhaszn.zip HTTP/1.1" 200 79288 "-" "Mozilla/5.0 (compatible; DotBot/1.2; +https://opensiteexplorer.org/dotbot; help@moz.com)"
185.191.171.3 - - [23/Apr/2025:02:10:52 +0200] "GET /taxonomy/term/65 HTTP/1.1" 200 - "-" "Mozilla/5.0 (compatible; SemrushBot/7~bl; +http://www.semrush.com/bot.html)"
216.244.66.200 - - [23/Apr/2025:02:11:19 +0200] "GET /files/hataratkelohely.doc HTTP/1.1" 200 107520 "-" "Mozilla/5.0 (compatible; DotBot/1.2; +https://opensiteexplorer.org/dotbot; help@moz.com)"
185.191.171.3 - - [23/Apr/2025:02:11:24 +0200] "GET /taxonomy/term/65 HTTP/1.1" 200 - "-" "Mozilla/5.0 (compatible; SemrushBot/7~bl; +http://www.semrush.com/bot.html)"
47.79.1.234 - - [23/Apr/2025:02:11:53 +0200] "GET /node/901 HTTP/1.1" 200 - "http://jogalkotas.hu/node/901" "Mozilla/5.0 (Windows NT 10.0; Win64; x64) AppleWebKit/537.36 (KHTML, like Gecko) Chrome/114.0.0.0 Safari/537.36 Edg/114.0.1823.43"
216.244.66.200 - - [23/Apr/2025:02:11:59 +0200] "GET /files/honlap2_nagyg_100318.pdf HTTP/1.1" 200 272399 "-" "Mozilla/5.0 (compatible; DotBot/1.2; +https://opensiteexplorer.org/dotbot; help@moz.com)"
216.244.66.200 - - [23/Apr/2025:02:12:40 +0200] "GET /files/nekika_terv_080826.pdf HTTP/1.1" 200 248367 "-" "Mozilla/5.0 (compatible; DotBot/1.2; +https://opensiteexplorer.org/dotbot; help@moz.com)"
216.244.66.200 - - [23/Apr/2025:02:13:15 +0200] "GET /files/090724_jszterv_frekvencia.pdf HTTP/1.1" 200 110477 "-" "Mozilla/5.0 (compatible; DotBot/1.2; +https://opensiteexplorer.org/dotbot; help@moz.com)"
216.244.66.200 - - [23/Apr/2025:02:14:19 +0200] "GET /files/%C3%83%C2%A1rr%C3%83%C2%A9s-normasz%C3%83%C2%B6veg-indokol%C3%83%C2%A1s.doc HTTP/1.1" 200 - "-" "Mozilla/5.0 (compatible; DotBot/1.2; +https://opensiteexplorer.org/dotbot; help@moz.com)"
66.249.66.6 - - [23/Apr/2025:02:41:09 +0200] "GET /drupal/files/bizott__2006_szept.pdf HTTP/1.1" 200 - "-" "Mozilla/5.0 AppleWebKit/537.36 (KHTML, like Gecko; compatible; GoogleOther) Chrome/135.0.7049.95 Safari/537.36"
185.191.171.3 - - [23/Apr/2025:02:58:33 +0200] "GET / HTTP/1.1" 200 - "-" "Mozilla/5.0 (compatible; SemrushBot/7~bl; +http://www.semrush.com/bot.html)"
185.191.171.3 - - [23/Apr/2025:02:59:05 +0200] "GET / HTTP/1.1" 200 - "-" "Mozilla/5.0 (compatible; SemrushBot/7~bl; +http://www.semrush.com/bot.html)"
87.229.6.213 - - [23/Apr/2025:03:05:24 +0200] "GET / HTTP/1.1" 200 - "-" "Mozilla/5.0 (Windows NT 10.0; Win64; x64) AppleWebKit/537.36 (KHTML, like Gecko) Chrome/80.0.3987.132 Safari/537.36"
40.77.167.55 - - [23/Apr/2025:03:14:28 +0200] "GET /files/$File/im_k_bru.pdf HTTP/1.1" 200 - "-" "Mozilla/5.0 AppleWebKit/537.36 (KHTML, like Gecko; compatible; bingbot/2.0; +http://www.bing.com/bingbot.htm) Chrome/116.0.1938.76 Safari/537.36"
40.77.167.55 - - [23/Apr/2025:03:15:00 +0200] "GET /files/$File/im_k_bru.pdf HTTP/1.1" 200 - "-" "Mozilla/5.0 AppleWebKit/537.36 (KHTML, like Gecko; compatible; bingbot/2.0; +http://www.bing.com/bingbot.htm) Chrome/116.0.1938.76 Safari/537.36"
66.249.66.5 - - [23/Apr/2025:03:21:37 +0200] "GET /files/kozraktar.pdf HTTP/1.1" 200 277489 "-" "Googlebot/2.1 (+http://www.google.com/bot.html)"
148.251.123.46 - - [23/Apr/2025:03:21:44 +0200] "GET / HTTP/1.1" 200 - "-" "Mozilla/5.0 (Windows; U; Windows NT 5.1; ru; rv:1.9.0.1) Gecko/2008070208"
216.244.66.200 - - [23/Apr/2025:04:13:30 +0200] "GET /robots.txt HTTP/1.1" 200 1590 "-" "Mozilla/5.0 (compatible; DotBot/1.2; +https://opensiteexplorer.org/dotbot; help@moz.com)"
216.244.66.200 - - [23/Apr/2025:04:13:30 +0200] "GET /robots.txt HTTP/1.1" 200 1590 "-" "Mozilla/5.0 (compatible; DotBot/1.2; +https://opensiteexplorer.org/dotbot; help@moz.com)"
216.244.66.200 - - [23/Apr/2025:04:22:40 +0200] "GET /files/KAT_norma_06_24.pdf HTTP/1.1" 200 200161 "-" "Mozilla/5.0 (compatible; DotBot/1.2; +https://opensiteexplorer.org/dotbot; help@moz.com)"
216.244.66.200 - - [23/Apr/2025:04:23:23 +0200] "GET /files/KHEM_3762_8.doc HTTP/1.1" 200 199680 "-" "Mozilla/5.0 (compatible; DotBot/1.2; +https://opensiteexplorer.org/dotbot; help@moz.com)"
216.244.66.200 - - [23/Apr/2025:04:24:17 +0200] "GET /files/fogyved_061114.pdf HTTP/1.1" 200 449924 "-" "Mozilla/5.0 (compatible; DotBot/1.2; +https://opensiteexplorer.org/dotbot; help@moz.com)"
216.244.66.200 - - [23/Apr/2025:04:24:54 +0200] "GET /files/nca_terv_080115.pdf HTTP/1.1" 200 219132 "-" "Mozilla/5.0 (compatible; DotBot/1.2; +https://opensiteexplorer.org/dotbot; help@moz.com)"
216.244.66.200 - - [23/Apr/2025:04:26:00 +0200] "GET /files/13.%20sz%C3%83%C2%A1m%C3%83%C2%BA%20mell%C3%83%C2%A9klet.doc HTTP/1.1" 200 - "-" "Mozilla/5.0 (compatible; DotBot/1.2; +https://opensiteexplorer.org/dotbot; help@moz.com)"
216.244.66.200 - - [23/Apr/2025:04:26:23 +0200] "GET /files/hm_rendelet_tervezet_szolgalati_viszony_mod.pdf HTTP/1.1" 200 139827 "-" "Mozilla/5.0 (compatible; DotBot/1.2; +https://opensiteexplorer.org/dotbot; help@moz.com)"
216.244.66.200 - - [23/Apr/2025:04:27:05 +0200] "GET /files/KHEM_4543.zip HTTP/1.1" 200 442332 "-" "Mozilla/5.0 (compatible; DotBot/1.2; +https://opensiteexplorer.org/dotbot; help@moz.com)"
216.244.66.200 - - [23/Apr/2025:04:27:43 +0200] "GET /files/NFGM6633.pdf HTTP/1.1" 200 134462 "-" "Mozilla/5.0 (compatible; DotBot/1.2; +https://opensiteexplorer.org/dotbot; help@moz.com)"
216.244.66.200 - - [23/Apr/2025:04:28:15 +0200] "GET /files/R137-5.doc HTTP/1.1" 200 120832 "-" "Mozilla/5.0 (compatible; DotBot/1.2; +https://opensiteexplorer.org/dotbot; help@moz.com)"
216.244.66.200 - - [23/Apr/2025:04:28:46 +0200] "GET /files/T1095.doc HTTP/1.1" 200 163328 "-" "Mozilla/5.0 (compatible; DotBot/1.2; +https://opensiteexplorer.org/dotbot; help@moz.com)"
216.244.66.200 - - [23/Apr/2025:04:29:15 +0200] "GET /files/TK136.doc HTTP/1.1" 200 74240 "-" "Mozilla/5.0 (compatible; DotBot/1.2; +https://opensiteexplorer.org/dotbot; help@moz.com)"
216.244.66.200 - - [23/Apr/2025:04:29:45 +0200] "GET /files/CITES_tervezet_0729_kozig.pdf HTTP/1.1" 200 271903 "-" "Mozilla/5.0 (compatible; DotBot/1.2; +https://opensiteexplorer.org/dotbot; help@moz.com)"
216.244.66.200 - - [23/Apr/2025:04:30:12 +0200] "GET /files/Eloterjesztes_2007_10_10.pdf HTTP/1.1" 200 160410 "-" "Mozilla/5.0 (compatible; DotBot/1.2; +https://opensiteexplorer.org/dotbot; help@moz.com)"
216.244.66.200 - - [23/Apr/2025:04:30:40 +0200] "GET /files/TFH-mod_10_08.pdf HTTP/1.1" 200 285566 "-" "Mozilla/5.0 (compatible; DotBot/1.2; +https://opensiteexplorer.org/dotbot; help@moz.com)"
216.244.66.200 - - [23/Apr/2025:04:31:05 +0200] "GET /files/legiforgalmi_3melleklet.pdf HTTP/1.1" 200 122204 "-" "Mozilla/5.0 (compatible; DotBot/1.2; +https://opensiteexplorer.org/dotbot; help@moz.com)"
216.244.66.200 - - [23/Apr/2025:04:31:29 +0200] "GET /files/tervezet_kozigre.pdf HTTP/1.1" 200 96216 "-" "Mozilla/5.0 (compatible; DotBot/1.2; +https://opensiteexplorer.org/dotbot; help@moz.com)"
216.244.66.200 - - [23/Apr/2025:04:31:53 +0200] "GET /files/vszerv_terv_100301.zip HTTP/1.1" 200 292099 "-" "Mozilla/5.0 (compatible; DotBot/1.2; +https://opensiteexplorer.org/dotbot; help@moz.com)"
160.79.111.170 - - [23/Apr/2025:04:34:41 +0200] "GET /robots.txt HTTP/1.1" 200 1590 "-" "Mozilla/5.0 AppleWebKit/537.36 (KHTML, like Gecko; compatible; ClaudeBot/1.0; +claudebot@anthropic.com)"
160.79.111.170 - - [23/Apr/2025:04:35:12 +0200] "GET /drupal/node/1273 HTTP/1.1" 200 - "-" "Mozilla/5.0 AppleWebKit/537.36 (KHTML, like Gecko; compatible; ClaudeBot/1.0; +claudebot@anthropic.com)"
66.249.66.86 - - [23/Apr/2025:04:46:18 +0200] "GET /files/elismeres_terv_071015.pdf HTTP/1.1" 200 212388 "-" "Googlebot/2.1 (+http://www.google.com/bot.html)"
216.244.66.200 - - [23/Apr/2025:05:00:28 +0200] "GET /robots.txt HTTP/1.1" 200 1590 "-" "Mozilla/5.0 (compatible; DotBot/1.2; +https://opensiteexplorer.org/dotbot; help@moz.com)"
216.244.66.200 - - [23/Apr/2025:05:00:28 +0200] "GET /robots.txt HTTP/1.1" 200 1590 "-" "Mozilla/5.0 (compatible; DotBot/1.2; +https://opensiteexplorer.org/dotbot; help@moz.com)"
157.55.39.57 - - [23/Apr/2025:05:00:55 +0200] "GET /taxonomy/term/18%2023%2024%2026%2025%2027%2028%2029%2052%2041%2031%2032%2098%2033%2048%20106%20103%2099%20107%2034%2049%2035%2051%20100%2036%2050%20105?page=8 HTTP/1.1" 200 - "-" "Mozilla/5.0 AppleWebKit/537.36 (KHTML, like Gecko; compatible; bingbot/2.0; +http://www.bing.com/bingbot.htm) Chrome/116.0.1938.76 Safari/537.36"
157.55.39.57 - - [23/Apr/2025:05:01:27 +0200] "GET /taxonomy/term/18%2023%2024%2026%2025%2027%2028%2029%2052%2041%2031%2032%2098%2033%2048%20106%20103%2099%20107%2034%2049%2035%2051%20100%2036%2050%20105?page=8 HTTP/1.1" 200 - "-" "Mozilla/5.0 AppleWebKit/537.36 (KHTML, like Gecko; compatible; bingbot/2.0; +http://www.bing.com/bingbot.htm) Chrome/116.0.1938.76 Safari/537.36"
66.249.66.85 - - [23/Apr/2025:05:04:16 +0200] "GET /files/turizmus.pdf HTTP/1.1" 200 216384 "-" "Mozilla/5.0 (Linux; Android 6.0.1; Nexus 5X Build/MMB29P) AppleWebKit/537.36 (KHTML, like Gecko) Chrome/135.0.7049.95 Mobile Safari/537.36 (compatible; Googlebot/2.1; +http://www.google.com/bot.html)"
216.244.66.200 - - [23/Apr/2025:05:08:57 +0200] "GET /files/Csornoc_tervezet_kozig.pdf HTTP/1.1" 200 274235 "-" "Mozilla/5.0 (compatible; DotBot/1.2; +https://opensiteexplorer.org/dotbot; help@moz.com)"
216.244.66.200 - - [23/Apr/2025:05:09:40 +0200] "GET /files/vizsgadij_terv_080801.pdf HTTP/1.1" 200 191525 "-" "Mozilla/5.0 (compatible; DotBot/1.2; +https://opensiteexplorer.org/dotbot; help@moz.com)"
216.244.66.200 - - [23/Apr/2025:05:10:23 +0200] "GET /files/bolgar_roman_eloterj_061204.pdf HTTP/1.1" 200 233985 "-" "Mozilla/5.0 (compatible; DotBot/1.2; +https://opensiteexplorer.org/dotbot; help@moz.com)"
216.244.66.200 - - [23/Apr/2025:05:11:12 +0200] "GET /files/itkr_2008_eloterjesztes.pdf HTTP/1.1" 200 287744 "-" "Mozilla/5.0 (compatible; DotBot/1.2; +https://opensiteexplorer.org/dotbot; help@moz.com)"
216.244.66.200 - - [23/Apr/2025:05:11:59 +0200] "GET /files/magyar_amerikai_oktatasi_cserepr_070206.pdf HTTP/1.1" 200 236801 "-" "Mozilla/5.0 (compatible; DotBot/1.2; +https://opensiteexplorer.org/dotbot; help@moz.com)"
216.244.66.200 - - [23/Apr/2025:05:12:40 +0200] "GET /files/termofold_igenybevetel_eloterjesztes.pdf HTTP/1.1" 200 211330 "-" "Mozilla/5.0 (compatible; DotBot/1.2; +https://opensiteexplorer.org/dotbot; help@moz.com)"
216.244.66.200 - - [23/Apr/2025:05:13:18 +0200] "GET /files/eleterjesztesazegyenivallalkozokrolesazegyenicegrol.pdf HTTP/1.1" 200 280213 "-" "Mozilla/5.0 (compatible; DotBot/1.2; +https://opensiteexplorer.org/dotbot; help@moz.com)"
216.244.66.200 - - [23/Apr/2025:05:14:10 +0200] "GET /files/14390_10.pdf HTTP/1.1" 200 688844 "-" "Mozilla/5.0 (compatible; DotBot/1.2; +https://opensiteexplorer.org/dotbot; help@moz.com)"
216.244.66.200 - - [23/Apr/2025:05:14:41 +0200] "GET /files/1a_cegvhr.doc HTTP/1.1" 200 76288 "-" "Mozilla/5.0 (compatible; DotBot/1.2; +https://opensiteexplorer.org/dotbot; help@moz.com)"
216.244.66.200 - - [23/Apr/2025:05:15:13 +0200] "GET /files/4326_7.pdf HTTP/1.1" 200 123580 "-" "Mozilla/5.0 (compatible; DotBot/1.2; +https://opensiteexplorer.org/dotbot; help@moz.com)"
216.244.66.200 - - [23/Apr/2025:05:15:46 +0200] "GET /files/KHEM_801_9.doc HTTP/1.1" 200 76288 "-" "Mozilla/5.0 (compatible; DotBot/1.2; +https://opensiteexplorer.org/dotbot; help@moz.com)"
216.244.66.200 - - [23/Apr/2025:05:16:15 +0200] "GET /files/baleseti_jaradek.pdf HTTP/1.1" 200 129048 "-" "Mozilla/5.0 (compatible; DotBot/1.2; +https://opensiteexplorer.org/dotbot; help@moz.com)"
216.244.66.200 - - [23/Apr/2025:05:17:14 +0200] "GET /files/bizott_2006_j%C3%83%C2%BAli.pdf HTTP/1.1" 200 - "-" "Mozilla/5.0 (compatible; DotBot/1.2; +https://opensiteexplorer.org/dotbot; help@moz.com)"
216.244.66.200 - - [23/Apr/2025:05:17:33 +0200] "GET /files/elko_elot_mellekl.zip HTTP/1.1" 200 129038 "-" "Mozilla/5.0 (compatible; DotBot/1.2; +https://opensiteexplorer.org/dotbot; help@moz.com)"
216.244.66.200 - - [23/Apr/2025:05:18:04 +0200] "GET /files/szinhazi_tam_terv_090114.pdf HTTP/1.1" 200 171435 "-" "Mozilla/5.0 (compatible; DotBot/1.2; +https://opensiteexplorer.org/dotbot; help@moz.com)"
66.249.66.86 - - [23/Apr/2025:05:31:39 +0200] "GET /files/mh_beosztasi_kategoriaba_besorolas_rendfokozat.pdf HTTP/1.1" 304 - "-" "Mozilla/5.0 (Linux; Android 6.0.1; Nexus 5X Build/MMB29P) AppleWebKit/537.36 (KHTML, like Gecko) Chrome/135.0.7049.95 Mobile Safari/537.36 (compatible; Googlebot/2.1; +http://www.google.com/bot.html)"
216.244.66.200 - - [23/Apr/2025:05:44:43 +0200] "GET /robots.txt HTTP/1.1" 200 1590 "-" "Mozilla/5.0 (compatible; DotBot/1.2; +https://opensiteexplorer.org/dotbot; help@moz.com)"
216.244.66.200 - - [23/Apr/2025:05:44:43 +0200] "GET /robots.txt HTTP/1.1" 200 1590 "-" "Mozilla/5.0 (compatible; DotBot/1.2; +https://opensiteexplorer.org/dotbot; help@moz.com)"
216.244.66.200 - - [23/Apr/2025:05:56:08 +0200] "GET /files/2007_3.doc HTTP/1.1" 200 38400 "-" "Mozilla/5.0 (compatible; DotBot/1.2; +https://opensiteexplorer.org/dotbot; help@moz.com)"
216.244.66.200 - - [23/Apr/2025:05:56:08 +0200] "GET /files/megfelel%C3%83%C2%A9si%20t%C3%83%C2%A1bl%C3%83%C2%A1zat-2006-119-ek.doc HTTP/1.1" 200 - "-" "Mozilla/5.0 (compatible; DotBot/1.2; +https://opensiteexplorer.org/dotbot; help@moz.com)"
216.244.66.200 - - [23/Apr/2025:05:56:20 +0200] "GET /files/3351_3.pdf HTTP/1.1" 200 66653 "-" "Mozilla/5.0 (compatible; DotBot/1.2; +https://opensiteexplorer.org/dotbot; help@moz.com)"
216.244.66.200 - - [23/Apr/2025:05:56:48 +0200] "GET /files/NFGM1351.pdf HTTP/1.1" 200 194273 "-" "Mozilla/5.0 (compatible; DotBot/1.2; +https://opensiteexplorer.org/dotbot; help@moz.com)"
216.244.66.200 - - [23/Apr/2025:05:57:26 +0200] "GET /files/NFGM735.pdf HTTP/1.1" 200 163500 "-" "Mozilla/5.0 (compatible; DotBot/1.2; +https://opensiteexplorer.org/dotbot; help@moz.com)"
216.244.66.200 - - [23/Apr/2025:05:58:18 +0200] "GET /files/TK75.doc HTTP/1.1" 200 400689 "-" "Mozilla/5.0 (compatible; DotBot/1.2; +https://opensiteexplorer.org/dotbot; help@moz.com)"
216.244.66.200 - - [23/Apr/2025:05:58:48 +0200] "GET /files/felvono.zip HTTP/1.1" 200 19899 "-" "Mozilla/5.0 (compatible; DotBot/1.2; +https://opensiteexplorer.org/dotbot; help@moz.com)"
216.244.66.200 - - [23/Apr/2025:05:59:19 +0200] "GET /files/0713_rendelettervezet2.doc HTTP/1.1" 200 36352 "-" "Mozilla/5.0 (compatible; DotBot/1.2; +https://opensiteexplorer.org/dotbot; help@moz.com)"
216.244.66.200 - - [23/Apr/2025:05:59:56 +0200] "GET /files/081117_kesz_jogszabterv.pdf HTTP/1.1" 200 179618 "-" "Mozilla/5.0 (compatible; DotBot/1.2; +https://opensiteexplorer.org/dotbot; help@moz.com)"
216.244.66.200 - - [23/Apr/2025:06:00:30 +0200] "GET /files/18per1998nm_rend_mod_090223.doc HTTP/1.1" 200 36352 "-" "Mozilla/5.0 (compatible; DotBot/1.2; +https://opensiteexplorer.org/dotbot; help@moz.com)"
216.244.66.200 - - [23/Apr/2025:06:01:02 +0200] "GET /files/297_tervezet_070104.pdf HTTP/1.1" 200 179666 "-" "Mozilla/5.0 (compatible; DotBot/1.2; +https://opensiteexplorer.org/dotbot; help@moz.com)"
216.244.66.200 - - [23/Apr/2025:06:01:32 +0200] "GET /files/indoklas_20060508.pdf HTTP/1.1" 200 108108 "-" "Mozilla/5.0 (compatible; DotBot/1.2; +https://opensiteexplorer.org/dotbot; help@moz.com)"
216.244.66.200 - - [23/Apr/2025:06:02:03 +0200] "GET /files/ktt_terv_090512.pdf HTTP/1.1" 200 271595 "-" "Mozilla/5.0 (compatible; DotBot/1.2; +https://opensiteexplorer.org/dotbot; help@moz.com)"
216.244.66.200 - - [23/Apr/2025:06:02:31 +0200] "GET /files/nevhasznalat_060404.pdf HTTP/1.1" 200 113708 "-" "Mozilla/5.0 (compatible; DotBot/1.2; +https://opensiteexplorer.org/dotbot; help@moz.com)"
216.244.66.200 - - [23/Apr/2025:06:02:57 +0200] "GET /files/tervezet_20060427.pdf HTTP/1.1" 200 114982 "-" "Mozilla/5.0 (compatible; DotBot/1.2; +https://opensiteexplorer.org/dotbot; help@moz.com)"
66.249.66.6 - - [23/Apr/2025:06:03:08 +0200] "GET /files/kozig-egyezt-eloterj.pdf HTTP/1.1" 304 - "-" "Mozilla/5.0 (Linux; Android 6.0.1; Nexus 5X Build/MMB29P) AppleWebKit/537.36 (KHTML, like Gecko) Chrome/135.0.7049.95 Mobile Safari/537.36 (compatible; Googlebot/2.1; +http://www.google.com/bot.html)"
216.244.66.200 - - [23/Apr/2025:06:29:29 +0200] "GET /robots.txt HTTP/1.1" 200 1590 "-" "Mozilla/5.0 (compatible; DotBot/1.2; +https://opensiteexplorer.org/dotbot; help@moz.com)"
43.135.172.89 - - [23/Apr/2025:06:31:55 +0200] "GET / HTTP/1.1" 200 - "-" "Mozilla/5.0 (iPhone; CPU iPhone OS 13_2_3 like Mac OS X) AppleWebKit/605.1.15 (KHTML, like Gecko) Version/13.0.3 Mobile/15E148 Safari/604.1"
167.253.34.3 - - [23/Apr/2025:06:33:14 +0200] "GET /robots.txt HTTP/1.0" 200 1590 "-" "Mozilla/4.0 (compatible; fluid/0.0; +http://www.leak.info/bot.html)"
216.244.66.200 - - [23/Apr/2025:06:39:04 +0200] "GET /files/KHEM6814_6norma.doc HTTP/1.1" 200 62976 "-" "Mozilla/5.0 (compatible; DotBot/1.2; +https://opensiteexplorer.org/dotbot; help@moz.com)"
18.144.101.57 - - [23/Apr/2025:06:41:48 +0200] "GET / HTTP/1.1" 200 - "-" "bitdiscovery-suggestions"
66.249.66.87 - - [23/Apr/2025:06:43:48 +0200] "GET /files/eloterjesztes_0918_070919.pdf HTTP/1.1" 200 287052 "-" "Googlebot/2.1 (+http://www.google.com/bot.html)"
66.249.66.6 - - [23/Apr/2025:06:45:45 +0200] "GET /files/fogleloseg_munknelkell_terv_090818.pdf HTTP/1.1" 200 242548 "-" "Googlebot/2.1 (+http://www.google.com/bot.html)"
66.249.66.85 - - [23/Apr/2025:06:47:38 +0200] "GET /files/jelentes_0918_070919.pdf HTTP/1.1" 200 890103 "-" "Googlebot/2.1 (+http://www.google.com/bot.html)"
66.249.66.86 - - [23/Apr/2025:06:53:36 +0200] "GET /files/_0edo6usjkedq62sjkg9jmio8_.pdf HTTP/1.1" 304 - "-" "Mozilla/5.0 (Linux; Android 6.0.1; Nexus 5X Build/MMB29P) AppleWebKit/537.36 (KHTML, like Gecko) Chrome/135.0.7049.95 Mobile Safari/537.36 (compatible; Googlebot/2.1; +http://www.google.com/bot.html)"
216.244.66.200 - - [23/Apr/2025:07:16:08 +0200] "GET /robots.txt HTTP/1.1" 200 1590 "-" "Mozilla/5.0 (compatible; DotBot/1.2; +https://opensiteexplorer.org/dotbot; help@moz.com)"
18.144.101.57 - - [23/Apr/2025:07:17:56 +0200] "GET / HTTP/1.1" 200 - "-" "bitdiscovery-suggestions"
20.191.45.212 - - [23/Apr/2025:07:28:57 +0200] "GET /favicon.ico HTTP/1.1" 404 57 "http://www.jogalkotas.hu/favicon.ico" "DuckDuckBot/1.1; (+http://duckduckgo.com/duckduckbot.html)"
216.244.66.200 - - [23/Apr/2025:07:29:13 +0200] "GET /files/sajatos_nevelesi_igenyu_gyerekek_060413.pdf HTTP/1.1" 200 379300 "-" "Mozilla/5.0 (compatible; DotBot/1.2; +https://opensiteexplorer.org/dotbot; help@moz.com)"
20.191.45.212 - - [23/Apr/2025:07:29:19 +0200] "GET / HTTP/1.1" 200 - "http://www.jogalkotas.hu/" "DuckDuckBot/1.1; (+http://duckduckgo.com/duckduckbot.html)"
178.48.9.169 - - [23/Apr/2025:07:50:05 +0200] "GET /files/2_sz_melleklet_061031.pdf HTTP/1.1" 200 56446 "https://www.google.com/" "Mozilla/5.0 (Windows NT 10.0; Win64; x64) AppleWebKit/537.36 (KHTML, like Gecko) Chrome/135.0.0.0 Safari/537.36"
178.48.9.169 - - [23/Apr/2025:07:50:05 +0200] "GET /files/2_sz_melleklet_061031.pdf HTTP/1.1" 206 1025 "-" "Mozilla/5.0 (Windows NT 10.0; Win64; x64) AppleWebKit/537.36 (KHTML, like Gecko) Chrome/135.0.0.0 Safari/537.36"
178.48.9.169 - - [23/Apr/2025:07:50:05 +0200] "GET /files/2_sz_melleklet_061031.pdf HTTP/1.1" 200 56446 "-" "Mozilla/5.0 (Windows NT 10.0; Win64; x64) AppleWebKit/537.36 (KHTML, like Gecko) Chrome/135.0.0.0 Safari/537.36"
92.118.88.107 - - [23/Apr/2025:07:54:25 +0200] "GET / HTTP/1.0" 200 - "http://jogalkotas.hu/" "Mozilla/5.0 (Windows NT 10.0; Win64; x64) AppleWebKit/537.36 (KHTML, like Gecko) Chrome/131.0.0.0 Safari/537.36 Avast/131.0.0.0"
157.55.39.57 - - [23/Apr/2025:08:20:25 +0200] "GET /taxonomy/term/18%2023%2024%2026%2025%2027%2028%2029%2052%2041%2031%2032%2098%2033%2048%20106%20103%2099%20107%2034%2049%2035%2051%20100%2036%2050%20105?page=176 HTTP/1.1" 200 - "-" "Mozilla/5.0 AppleWebKit/537.36 (KHTML, like Gecko; compatible; bingbot/2.0; +http://www.bing.com/bingbot.htm) Chrome/116.0.1938.76 Safari/537.36"
157.55.39.57 - - [23/Apr/2025:08:20:57 +0200] "GET /taxonomy/term/18%2023%2024%2026%2025%2027%2028%2029%2052%2041%2031%2032%2098%2033%2048%20106%20103%2099%20107%2034%2049%2035%2051%20100%2036%2050%20105?page=176 HTTP/1.1" 200 - "-" "Mozilla/5.0 AppleWebKit/537.36 (KHTML, like Gecko; compatible; bingbot/2.0; +http://www.bing.com/bingbot.htm) Chrome/116.0.1938.76 Safari/537.36"
40.77.167.55 - - [23/Apr/2025:08:21:17 +0200] "GET /taxonomy/term/109 HTTP/1.1" 200 - "-" "Mozilla/5.0 AppleWebKit/537.36 (KHTML, like Gecko; compatible; bingbot/2.0; +http://www.bing.com/bingbot.htm) Chrome/116.0.1938.76 Safari/537.36"
40.77.167.55 - - [23/Apr/2025:08:21:49 +0200] "GET /taxonomy/term/109 HTTP/1.1" 200 - "-" "Mozilla/5.0 AppleWebKit/537.36 (KHTML, like Gecko; compatible; bingbot/2.0; +http://www.bing.com/bingbot.htm) Chrome/116.0.1938.76 Safari/537.36"
198.57.247.244 - - [23/Apr/2025:09:31:35 +0200] "GET /wp-config.php.backup HTTP/1.1" 200 - "-" "-"
43.166.239.145 - - [23/Apr/2025:09:48:51 +0200] "GET /taxonomy/term/36 HTTP/1.1" 200 - "-" "Mozilla/5.0 (iPhone; CPU iPhone OS 13_2_3 like Mac OS X) AppleWebKit/605.1.15 (KHTML, like Gecko) Version/13.0.3 Mobile/15E148 Safari/604.1"
78.139.7.106 - - [23/Apr/2025:09:54:38 +0200] "GET /favicon.ico HTTP/1.1" 404 57 "http://www.jogalkotas.hu/files/R2422.pdf" "Mozilla/5.0 (Windows NT 10.0; Win64; x64) AppleWebKit/537.36 (KHTML, like Gecko) Chrome/135.0.0.0 Safari/537.36 Edg/135.0.0.0"
78.139.7.106 - - [23/Apr/2025:09:54:38 +0200] "GET /files/R2422.pdf HTTP/1.1" 200 154270 "https://www.google.com/" "Mozilla/5.0 (Windows NT 10.0; Win64; x64) AppleWebKit/537.36 (KHTML, like Gecko) Chrome/135.0.0.0 Safari/537.36 Edg/135.0.0.0"
66.249.66.5 - - [23/Apr/2025:10:06:07 +0200] "GET /drupal/files/ekozig2010strategia_0604.pdf HTTP/1.1" 200 - "-" "Googlebot/2.1 (+http://www.google.com/bot.html)"
66.249.66.86 - - [23/Apr/2025:10:06:09 +0200] "GET /files/ekozig_strategia.pdf HTTP/1.1" 200 731185 "-" "Googlebot/2.1 (+http://www.google.com/bot.html)"
66.249.66.4 - - [23/Apr/2025:10:12:43 +0200] "GET /files/korm_vet_epit.pdf HTTP/1.1" 200 427539 "-" "Mozilla/5.0 (Linux; Android 6.0.1; Nexus 5X Build/MMB29P) AppleWebKit/537.36 (KHTML, like Gecko) Chrome/135.0.7049.95 Mobile Safari/537.36 (compatible; Googlebot/2.1; +http://www.google.com/bot.html)"
205.196.217.51 - - [23/Apr/2025:10:21:23 +0200] "GET /wp-config.backup HTTP/1.1" 200 - "-" "-"
195.228.179.129 - - [23/Apr/2025:11:03:46 +0200] "GET /favicon.ico HTTP/1.1" 404 57 "http://www.jogalkotas.hu/files/1594_11.pdf" "Mozilla/5.0 (Windows NT 10.0; Win64; x64) AppleWebKit/537.36 (KHTML, like Gecko) Chrome/135.0.0.0 Safari/537.36"
195.228.179.129 - - [23/Apr/2025:11:03:46 +0200] "GET /files/1594_11.pdf HTTP/1.1" 200 358011 "https://duckduckgo.com/" "Mozilla/5.0 (Windows NT 10.0; Win64; x64) AppleWebKit/537.36 (KHTML, like Gecko) Chrome/135.0.0.0 Safari/537.36"
51.210.214.160 - - [23/Apr/2025:11:15:03 +0200] "GET /rss.xml HTTP/1.1" 200 - "-" "Mozilla/5.0 (X11; Linux i686) AppleWebKit/537.36 (KHTML, like Gecko) Chrome/30.0.1599.66 Safari/537.36"
66.249.66.86 - - [23/Apr/2025:11:25:03 +0200] "GET /files/ovadek_rendelet.pdf HTTP/1.1" 304 - "-" "Mozilla/5.0 (Linux; Android 6.0.1; Nexus 5X Build/MMB29P) AppleWebKit/537.36 (KHTML, like Gecko) Chrome/135.0.7049.95 Mobile Safari/537.36 (compatible; Googlebot/2.1; +http://www.google.com/bot.html)"
20.15.133.164 - - [23/Apr/2025:11:30:02 +0200] "GET /robots.txt HTTP/1.1" 200 1590 "-" "Mozilla/5.0 AppleWebKit/537.36 (KHTML, like Gecko; compatible; bingbot/2.0; +http://www.bing.com/bingbot.htm) Chrome/116.0.1938.76 Safari/537.36"
20.15.133.174 - - [23/Apr/2025:11:45:39 +0200] "GET /files/ingatlan_nyilvantartas_tervezet_060524.pdf HTTP/1.1" 200 256545 "-" "Mozilla/5.0 AppleWebKit/537.36 (KHTML, like Gecko; compatible; bingbot/2.0; +http://www.bing.com/bingbot.htm) Chrome/116.0.1938.76 Safari/537.36"
170.205.30.128 - - [23/Apr/2025:11:47:05 +0200] "GET /wp-content/themes/homey/css/main.css HTTP/1.1" 200 - "-" "Mozilla/5.0 (Windows; U; Windows NT 6.1; en-US; rv:1.9.1.5) Gecko/20091102 Firefox/3.5.5 (.NET CLR 3.5.30729)"
66.249.66.85 - - [23/Apr/2025:12:34:17 +0200] "GET /files/ptk_kotelmi_jog_0.pdf HTTP/1.1" 304 - "-" "Mozilla/5.0 (Linux; Android 6.0.1; Nexus 5X Build/MMB29P) AppleWebKit/537.36 (KHTML, like Gecko) Chrome/135.0.7049.95 Mobile Safari/537.36 (compatible; Googlebot/2.1; +http://www.google.com/bot.html)"
66.249.66.5 - - [23/Apr/2025:12:38:33 +0200] "GET /files/szszital_foldrajzi_arujelzo_korm_tervezet.pdf HTTP/1.1" 200 74219 "-" "Googlebot/2.1 (+http://www.google.com/bot.html)"
144.76.14.54 - - [23/Apr/2025:12:46:33 +0200] "GET /robots.txt HTTP/1.1" 200 1590 "-" "Mozilla/5.0 (Windows NT 10.0; Win64; x64; trendictionbot0.5.0; trendiction search; http://www.trendiction.de/bot; please let us know of any problems; web at trendiction.com) Gecko/20100101 Firefox/125.0"
144.76.14.54 - - [23/Apr/2025:12:47:07 +0200] "GET / HTTP/1.1" 200 - "-" "Mozilla/5.0 (Windows NT 10.0; Win64; x64; trendictionbot0.5.0; trendiction search; http://www.trendiction.de/bot; please let us know of any problems; web at trendiction.com) Gecko/20100101 Firefox/125.0"
144.76.14.54 - - [23/Apr/2025:12:47:39 +0200] "GET / HTTP/1.1" 200 - "-" "Mozilla/5.0 (Windows NT 10.0; Win64; x64; trendictionbot0.5.0; trendiction search; http://www.trendiction.de/bot; please let us know of any problems; web at trendiction.com) Gecko/20100101 Firefox/125.0"
144.76.14.54 - - [23/Apr/2025:12:48:11 +0200] "GET / HTTP/1.1" 200 - "-" "Mozilla/5.0 (Windows NT 10.0; Win64; x64; trendictionbot0.5.0; trendiction search; http://www.trendiction.de/bot; please let us know of any problems; web at trendiction.com) Gecko/20100101 Firefox/125.0"
144.76.14.54 - - [23/Apr/2025:12:48:43 +0200] "GET / HTTP/1.1" 200 - "-" "Mozilla/5.0 (Windows NT 10.0; Win64; x64; trendictionbot0.5.0; trendiction search; http://www.trendiction.de/bot; please let us know of any problems; web at trendiction.com) Gecko/20100101 Firefox/125.0"
54.36.148.240 - - [23/Apr/2025:12:57:33 +0200] "GET /robots.txt HTTP/1.1" 200 1590 "-" "Mozilla/5.0 (compatible; AhrefsBot/7.0; +http://ahrefs.com/robot/)"
207.46.13.54 - - [23/Apr/2025:12:58:14 +0200] "GET /files/$File/69.pdf HTTP/1.1" 200 - "-" "Mozilla/5.0 AppleWebKit/537.36 (KHTML, like Gecko; compatible; bingbot/2.0; +http://www.bing.com/bingbot.htm) Chrome/116.0.1938.76 Safari/537.36"
207.46.13.54 - - [23/Apr/2025:12:58:46 +0200] "GET /files/$File/69.pdf HTTP/1.1" 200 - "-" "Mozilla/5.0 AppleWebKit/537.36 (KHTML, like Gecko; compatible; bingbot/2.0; +http://www.bing.com/bingbot.htm) Chrome/116.0.1938.76 Safari/537.36"
66.249.66.86 - - [23/Apr/2025:13:06:38 +0200] "GET /files/gyamhatosag_eloterj_061204.pdf HTTP/1.1" 304 - "-" "Mozilla/5.0 (Linux; Android 6.0.1; Nexus 5X Build/MMB29P) AppleWebKit/537.36 (KHTML, like Gecko) Chrome/135.0.7049.95 Mobile Safari/537.36 (compatible; Googlebot/2.1; +http://www.google.com/bot.html)"
170.106.143.6 - - [23/Apr/2025:13:17:48 +0200] "GET / HTTP/1.1" 200 - "-" "Mozilla/5.0 (iPhone; CPU iPhone OS 13_2_3 like Mac OS X) AppleWebKit/605.1.15 (KHTML, like Gecko) Version/13.0.3 Mobile/15E148 Safari/604.1"
216.244.66.200 - - [23/Apr/2025:13:21:42 +0200] "GET /robots.txt HTTP/1.1" 200 1590 "-" "Mozilla/5.0 (compatible; DotBot/1.2; +https://opensiteexplorer.org/dotbot; help@moz.com)"
216.244.66.200 - - [23/Apr/2025:13:34:55 +0200] "GET /files/2006.doc HTTP/1.1" 200 56832 "-" "Mozilla/5.0 (compatible; DotBot/1.2; +https://opensiteexplorer.org/dotbot; help@moz.com)"
216.244.66.200 - - [23/Apr/2025:13:35:41 +0200] "GET /files/591.pdf HTTP/1.1" 200 194232 "-" "Mozilla/5.0 (compatible; DotBot/1.2; +https://opensiteexplorer.org/dotbot; help@moz.com)"
216.244.66.200 - - [23/Apr/2025:13:36:19 +0200] "GET /files/rendmod_.doc HTTP/1.1" 200 81408 "-" "Mozilla/5.0 (compatible; DotBot/1.2; +https://opensiteexplorer.org/dotbot; help@moz.com)"
216.244.66.200 - - [23/Apr/2025:13:37:06 +0200] "GET /files/1031_mell_klet.doc HTTP/1.1" 200 820736 "-" "Mozilla/5.0 (compatible; DotBot/1.2; +https://opensiteexplorer.org/dotbot; help@moz.com)"
216.244.66.200 - - [23/Apr/2025:13:37:41 +0200] "GET /files/10_2002_modositas.pdf HTTP/1.1" 200 188602 "-" "Mozilla/5.0 (compatible; DotBot/1.2; +https://opensiteexplorer.org/dotbot; help@moz.com)"
216.244.66.200 - - [23/Apr/2025:13:38:13 +0200] "GET /files/13_97_mod_tervezet.pdf HTTP/1.1" 200 188136 "-" "Mozilla/5.0 (compatible; DotBot/1.2; +https://opensiteexplorer.org/dotbot; help@moz.com)"
216.244.66.200 - - [23/Apr/2025:13:38:41 +0200] "GET /files/217_361_Korm_rend_mod.doc HTTP/1.1" 200 33792 "-" "Mozilla/5.0 (compatible; DotBot/1.2; +https://opensiteexplorer.org/dotbot; help@moz.com)"
216.244.66.200 - - [23/Apr/2025:13:39:11 +0200] "GET /files/Tuzszolszab..pdf HTTP/1.1" 200 424954 "-" "Mozilla/5.0 (compatible; DotBot/1.2; +https://opensiteexplorer.org/dotbot; help@moz.com)"
216.244.66.200 - - [23/Apr/2025:13:40:09 +0200] "GET /files/indokol%C3%83%C2%A1s_1.doc HTTP/1.1" 200 - "-" "Mozilla/5.0 (compatible; DotBot/1.2; +https://opensiteexplorer.org/dotbot; help@moz.com)"
216.244.66.200 - - [23/Apr/2025:13:40:35 +0200] "GET /files/indokolas10_05_.doc HTTP/1.1" 200 496128 "-" "Mozilla/5.0 (compatible; DotBot/1.2; +https://opensiteexplorer.org/dotbot; help@moz.com)"
216.244.66.200 - - [23/Apr/2025:13:41:07 +0200] "GET /files/kozigegyeztetesre0223.pdf HTTP/1.1" 200 173102 "-" "Mozilla/5.0 (compatible; DotBot/1.2; +https://opensiteexplorer.org/dotbot; help@moz.com)"
216.244.66.200 - - [23/Apr/2025:13:41:38 +0200] "GET /files/kozvetitoiindokolas.doc HTTP/1.1" 200 43008 "-" "Mozilla/5.0 (compatible; DotBot/1.2; +https://opensiteexplorer.org/dotbot; help@moz.com)"
216.244.66.200 - - [23/Apr/2025:13:42:09 +0200] "GET /files/mak_061209.pdf HTTP/1.1" 200 339556 "-" "Mozilla/5.0 (compatible; DotBot/1.2; +https://opensiteexplorer.org/dotbot; help@moz.com)"
216.244.66.200 - - [23/Apr/2025:13:42:40 +0200] "GET /files/mgtam_tvjavaslat.pdf HTTP/1.1" 200 455662 "-" "Mozilla/5.0 (compatible; DotBot/1.2; +https://opensiteexplorer.org/dotbot; help@moz.com)"
216.244.66.200 - - [23/Apr/2025:13:43:07 +0200] "GET /files/18per2007_eum_rend_mod_090209.doc HTTP/1.1" 200 68096 "-" "Mozilla/5.0 (compatible; DotBot/1.2; +https://opensiteexplorer.org/dotbot; help@moz.com)"
216.244.66.200 - - [23/Apr/2025:13:43:40 +0200] "GET /files/6432_rehab_jaradek_070322.pdf HTTP/1.1" 200 1343039 "-" "Mozilla/5.0 (compatible; DotBot/1.2; +https://opensiteexplorer.org/dotbot; help@moz.com)"
216.244.66.200 - - [23/Apr/2025:13:44:12 +0200] "GET /files/89_2004_fvm_mod_egyeztetesre_0.pdf HTTP/1.1" 200 252995 "-" "Mozilla/5.0 (compatible; DotBot/1.2; +https://opensiteexplorer.org/dotbot; help@moz.com)"
216.244.66.200 - - [23/Apr/2025:13:44:43 +0200] "GET /files/_meg3fmujmg9i6ar3dd5pnkobbg9p781kb_.pdf HTTP/1.1" 200 142903 "-" "Mozilla/5.0 (compatible; DotBot/1.2; +https://opensiteexplorer.org/dotbot; help@moz.com)"
216.244.66.200 - - [23/Apr/2025:13:45:13 +0200] "GET /files/elelmezesi_rendelet_tervezet.pdf HTTP/1.1" 200 118824 "-" "Mozilla/5.0 (compatible; DotBot/1.2; +https://opensiteexplorer.org/dotbot; help@moz.com)"
216.244.66.200 - - [23/Apr/2025:13:45:41 +0200] "GET /files/ittas_rkfo_59__2007__12__03__honlapra.doc HTTP/1.1" 200 52224 "-" "Mozilla/5.0 (compatible; DotBot/1.2; +https://opensiteexplorer.org/dotbot; help@moz.com)"
216.244.66.200 - - [23/Apr/2025:13:46:09 +0200] "GET /files/korm_rend_tervezet_tlsz.pdf HTTP/1.1" 200 74015 "-" "Mozilla/5.0 (compatible; DotBot/1.2; +https://opensiteexplorer.org/dotbot; help@moz.com)"
216.244.66.200 - - [23/Apr/2025:13:46:36 +0200] "GET /files/tanev_rendje_2007_08_061229.pdf HTTP/1.1" 200 215910 "-" "Mozilla/5.0 (compatible; DotBot/1.2; +https://opensiteexplorer.org/dotbot; help@moz.com)"
216.244.66.200 - - [23/Apr/2025:13:47:02 +0200] "GET /files/kormeloterjesztes_parlagfu_velemenyezesre.pdf HTTP/1.1" 200 187147 "-" "Mozilla/5.0 (compatible; DotBot/1.2; +https://opensiteexplorer.org/dotbot; help@moz.com)"
216.244.66.200 - - [23/Apr/2025:13:47:28 +0200] "GET /files/tervezesi_eloirasok_om_r_allig_egy_060310.pdf HTTP/1.1" 200 113494 "-" "Mozilla/5.0 (compatible; DotBot/1.2; +https://opensiteexplorer.org/dotbot; help@moz.com)"
34.105.90.22 - - [23/Apr/2025:14:01:07 +0200] "GET / HTTP/1.1" 200 - "-" "Mozilla/5.0 (Windows NT 10.0; Win64; x64; rv:60.0) Gecko/20100101 Firefox/60.0"
216.244.66.200 - - [23/Apr/2025:14:06:57 +0200] "GET /robots.txt HTTP/1.1" 200 1590 "-" "Mozilla/5.0 (compatible; DotBot/1.2; +https://opensiteexplorer.org/dotbot; help@moz.com)"
216.244.66.200 - - [23/Apr/2025:14:06:57 +0200] "GET /robots.txt HTTP/1.1" 200 1590 "-" "Mozilla/5.0 (compatible; DotBot/1.2; +https://opensiteexplorer.org/dotbot; help@moz.com)"
216.244.66.200 - - [23/Apr/2025:14:19:07 +0200] "GET /taxonomy/term/21?page=168 HTTP/1.1" 200 - "-" "Mozilla/5.0 (compatible; DotBot/1.2; +https://opensiteexplorer.org/dotbot; help@moz.com)"
216.244.66.200 - - [23/Apr/2025:14:19:19 +0200] "GET /files/18226_8.pdf HTTP/1.1" 200 271600 "-" "Mozilla/5.0 (compatible; DotBot/1.2; +https://opensiteexplorer.org/dotbot; help@moz.com)"
216.244.66.200 - - [23/Apr/2025:14:19:51 +0200] "GET /files/3351_3.pdf HTTP/1.1" 200 66653 "-" "Mozilla/5.0 (compatible; DotBot/1.2; +https://opensiteexplorer.org/dotbot; help@moz.com)"
216.244.66.200 - - [23/Apr/2025:14:20:27 +0200] "GET /files/fel.doc HTTP/1.1" 200 136704 "-" "Mozilla/5.0 (compatible; DotBot/1.2; +https://opensiteexplorer.org/dotbot; help@moz.com)"
216.244.66.200 - - [23/Apr/2025:14:21:17 +0200] "GET /files/nuklearis.doc HTTP/1.1" 200 517120 "-" "Mozilla/5.0 (compatible; DotBot/1.2; +https://opensiteexplorer.org/dotbot; help@moz.com)"
216.244.66.200 - - [23/Apr/2025:14:21:56 +0200] "GET /files/KHEM_3649_6.doc HTTP/1.1" 200 196096 "-" "Mozilla/5.0 (compatible; DotBot/1.2; +https://opensiteexplorer.org/dotbot; help@moz.com)"
216.244.66.200 - - [23/Apr/2025:14:22:32 +0200] "GET /files/KHEM_4474_5.doc HTTP/1.1" 200 89088 "-" "Mozilla/5.0 (compatible; DotBot/1.2; +https://opensiteexplorer.org/dotbot; help@moz.com)"
216.244.66.200 - - [23/Apr/2025:14:23:03 +0200] "GET /files/Magyar-Koreai.doc HTTP/1.1" 200 89600 "-" "Mozilla/5.0 (compatible; DotBot/1.2; +https://opensiteexplorer.org/dotbot; help@moz.com)"
216.244.66.200 - - [23/Apr/2025:14:23:33 +0200] "GET /files/legi1mell0920.pdf HTTP/1.1" 200 134589 "-" "Mozilla/5.0 (compatible; DotBot/1.2; +https://opensiteexplorer.org/dotbot; help@moz.com)"
216.244.66.200 - - [23/Apr/2025:14:24:03 +0200] "GET /files/14per2007%20rendelet%20tervezet.doc HTTP/1.1" 200 144384 "-" "Mozilla/5.0 (compatible; DotBot/1.2; +https://opensiteexplorer.org/dotbot; help@moz.com)"
216.244.66.200 - - [23/Apr/2025:14:24:31 +0200] "GET /files/242_munkaanyag_12.05_kozig.pdf HTTP/1.1" 200 102778 "-" "Mozilla/5.0 (compatible; DotBot/1.2; +https://opensiteexplorer.org/dotbot; help@moz.com)"
216.244.66.200 - - [23/Apr/2025:14:24:57 +0200] "GET /files/eg_ag_honv_felad_min_rend_terv_090402.doc HTTP/1.1" 200 65024 "-" "Mozilla/5.0 (compatible; DotBot/1.2; +https://opensiteexplorer.org/dotbot; help@moz.com)"
216.244.66.200 - - [23/Apr/2025:14:25:26 +0200] "GET /files/korm_rend_terv_allamhaztartas_eltero.pdf HTTP/1.1" 200 437665 "-" "Mozilla/5.0 (compatible; DotBot/1.2; +https://opensiteexplorer.org/dotbot; help@moz.com)"
216.244.66.200 - - [23/Apr/2025:14:25:51 +0200] "GET /files/2007_bgok_vedelem_aloli_feloldasa_tervezet.pdf HTTP/1.1" 200 153599 "-" "Mozilla/5.0 (compatible; DotBot/1.2; +https://opensiteexplorer.org/dotbot; help@moz.com)"
216.244.66.200 - - [23/Apr/2025:14:26:45 +0200] "GET /files/25_2000_munkahelyek_k%C3%83%C2%A9miai_bizt.doc HTTP/1.1" 200 - "-" "Mozilla/5.0 (compatible; DotBot/1.2; +https://opensiteexplorer.org/dotbot; help@moz.com)"
216.244.66.200 - - [23/Apr/2025:14:27:05 +0200] "GET /files/gyermekszegenyseg_tervezet_2_vezossz_070125.pdf HTTP/1.1" 200 194621 "-" "Mozilla/5.0 (compatible; DotBot/1.2; +https://opensiteexplorer.org/dotbot; help@moz.com)"
216.244.66.200 - - [23/Apr/2025:14:28:07 +0200] "GET /files/v%C3%83%C2%A1rosi%20jelent%C3%83%C2%A9s_0.pdf HTTP/1.1" 200 - "-" "Mozilla/5.0 (compatible; DotBot/1.2; +https://opensiteexplorer.org/dotbot; help@moz.com)"
216.244.66.200 - - [23/Apr/2025:14:28:26 +0200] "GET /files/szurend.pdf HTTP/1.1" 200 126918 "-" "Mozilla/5.0 (compatible; DotBot/1.2; +https://opensiteexplorer.org/dotbot; help@moz.com)"
185.185.217.76 - - [23/Apr/2025:14:35:28 +0200] "GET / HTTP/1.1" 200 - "-" "Mozilla/5.0 (compatible; intelx.io_bot +https://intelx.io)"
185.185.217.76 - - [23/Apr/2025:14:35:33 +0200] "GET / HTTP/1.1" 200 - "-" "Mozilla/5.0 (compatible; intelx.io_bot +https://intelx.io)"
66.249.64.7 - - [23/Apr/2025:14:36:08 +0200] "GET /files/allatgyogyaszat_velemenyezesre.pdf HTTP/1.1" 200 204868 "-" "Mozilla/5.0 (Linux; Android 6.0.1; Nexus 5X Build/MMB29P) AppleWebKit/537.36 (KHTML, like Gecko) Chrome/135.0.7049.95 Mobile Safari/537.36 (compatible; Googlebot/2.1; +http://www.google.com/bot.html)"
216.244.66.200 - - [23/Apr/2025:14:54:23 +0200] "GET /robots.txt HTTP/1.1" 200 1590 "-" "Mozilla/5.0 (compatible; DotBot/1.2; +https://opensiteexplorer.org/dotbot; help@moz.com)"
216.244.66.200 - - [23/Apr/2025:14:54:23 +0200] "GET /robots.txt HTTP/1.1" 200 1590 "-" "Mozilla/5.0 (compatible; DotBot/1.2; +https://opensiteexplorer.org/dotbot; help@moz.com)"
216.244.66.200 - - [23/Apr/2025:15:07:26 +0200] "GET /files/KHEM_834.doc HTTP/1.1" 200 146944 "-" "Mozilla/5.0 (compatible; DotBot/1.2; +https://opensiteexplorer.org/dotbot; help@moz.com)"
216.244.66.200 - - [23/Apr/2025:15:08:02 +0200] "GET /files/KHEm_1088.doc HTTP/1.1" 200 337408 "-" "Mozilla/5.0 (compatible; DotBot/1.2; +https://opensiteexplorer.org/dotbot; help@moz.com)"
216.244.66.200 - - [23/Apr/2025:15:08:34 +0200] "GET /files/NFGM3656.pdf HTTP/1.1" 200 154520 "-" "Mozilla/5.0 (compatible; DotBot/1.2; +https://opensiteexplorer.org/dotbot; help@moz.com)"
216.244.66.200 - - [23/Apr/2025:15:09:04 +0200] "GET /files/R89_3.pdf HTTP/1.1" 200 77482 "-" "Mozilla/5.0 (compatible; DotBot/1.2; +https://opensiteexplorer.org/dotbot; help@moz.com)"
216.244.66.200 - - [23/Apr/2025:15:09:33 +0200] "GET /files/eszabsert.doc HTTP/1.1" 200 120832 "-" "Mozilla/5.0 (compatible; DotBot/1.2; +https://opensiteexplorer.org/dotbot; help@moz.com)"
216.244.66.200 - - [23/Apr/2025:15:10:02 +0200] "GET /files/BergholdB_ered.ppt HTTP/1.1" 200 172544 "-" "Mozilla/5.0 (compatible; DotBot/1.2; +https://opensiteexplorer.org/dotbot; help@moz.com)"
216.244.66.200 - - [23/Apr/2025:15:10:33 +0200] "GET /files/hajozo_3melleklet.pdf HTTP/1.1" 200 661395 "-" "Mozilla/5.0 (compatible; DotBot/1.2; +https://opensiteexplorer.org/dotbot; help@moz.com)"
216.244.66.200 - - [23/Apr/2025:15:11:01 +0200] "GET /files/szakke_terv_080411.pdf HTTP/1.1" 200 332232 "-" "Mozilla/5.0 (compatible; DotBot/1.2; +https://opensiteexplorer.org/dotbot; help@moz.com)"
216.244.66.200 - - [23/Apr/2025:15:11:27 +0200] "GET /files/bm_jogalkotasi_program.pdf HTTP/1.1" 200 154807 "-" "Mozilla/5.0 (compatible; DotBot/1.2; +https://opensiteexplorer.org/dotbot; help@moz.com)"
216.244.66.200 - - [23/Apr/2025:15:11:49 +0200] "GET /files/1201_ET_tervezet_11.23..doc HTTP/1.1" 200 139264 "-" "Mozilla/5.0 (compatible; DotBot/1.2; +https://opensiteexplorer.org/dotbot; help@moz.com)"
216.244.66.200 - - [23/Apr/2025:15:12:12 +0200] "GET /files/12_2008_mod_velemenyezesre.pdf HTTP/1.1" 200 181404 "-" "Mozilla/5.0 (compatible; DotBot/1.2; +https://opensiteexplorer.org/dotbot; help@moz.com)"
216.244.66.200 - - [23/Apr/2025:15:13:05 +0200] "GET /files/3%20mell%C3%83%C2%A9klet07.25..doc HTTP/1.1" 200 - "-" "Mozilla/5.0 (compatible; DotBot/1.2; +https://opensiteexplorer.org/dotbot; help@moz.com)"
216.244.66.200 - - [23/Apr/2025:15:13:25 +0200] "GET /files/355_2007_korm_rendterv_080825.pdf HTTP/1.1" 200 185705 "-" "Mozilla/5.0 (compatible; DotBot/1.2; +https://opensiteexplorer.org/dotbot; help@moz.com)"
216.244.66.200 - - [23/Apr/2025:15:13:55 +0200] "GET /files/43per2005_eum_rendelet__mod.doc HTTP/1.1" 200 73728 "-" "Mozilla/5.0 (compatible; DotBot/1.2; +https://opensiteexplorer.org/dotbot; help@moz.com)"
216.244.66.200 - - [23/Apr/2025:15:14:26 +0200] "GET /files/89_2004_modositas_velemenyezesre.pdf HTTP/1.1" 200 191842 "-" "Mozilla/5.0 (compatible; DotBot/1.2; +https://opensiteexplorer.org/dotbot; help@moz.com)"
216.244.66.200 - - [23/Apr/2025:15:14:56 +0200] "GET /files/Erdtelki_egerlap_rendelet_tervezet.pdf HTTP/1.1" 200 285070 "-" "Mozilla/5.0 (compatible; DotBot/1.2; +https://opensiteexplorer.org/dotbot; help@moz.com)"
216.244.66.200 - - [23/Apr/2025:15:15:26 +0200] "GET /files/erettsegi_szakmai_terv_090220.pdf HTTP/1.1" 200 368189 "-" "Mozilla/5.0 (compatible; DotBot/1.2; +https://opensiteexplorer.org/dotbot; help@moz.com)"
216.244.66.200 - - [23/Apr/2025:15:15:54 +0200] "GET /files/felveteli_2009_terv_081103.pdf HTTP/1.1" 200 330316 "-" "Mozilla/5.0 (compatible; DotBot/1.2; +https://opensiteexplorer.org/dotbot; help@moz.com)"
216.244.66.200 - - [23/Apr/2025:15:16:20 +0200] "GET /files/magyar_szerb_hatarat_torvenyjavaslat.pdf HTTP/1.1" 200 235352 "-" "Mozilla/5.0 (compatible; DotBot/1.2; +https://opensiteexplorer.org/dotbot; help@moz.com)"
216.244.66.200 - - [23/Apr/2025:15:16:46 +0200] "GET /files/munkaugyi_kapcsolatok_terv_090217.pdf HTTP/1.1" 200 236916 "-" "Mozilla/5.0 (compatible; DotBot/1.2; +https://opensiteexplorer.org/dotbot; help@moz.com)"
216.244.66.200 - - [23/Apr/2025:15:17:09 +0200] "GET /files/munkszunnap_2010_terv_090807.pdf HTTP/1.1" 200 140788 "-" "Mozilla/5.0 (compatible; DotBot/1.2; +https://opensiteexplorer.org/dotbot; help@moz.com)"
216.244.66.200 - - [23/Apr/2025:15:17:32 +0200] "GET /files/nem_uzleti_eloterj_3_hatjav_061129.pdf HTTP/1.1" 200 55061 "-" "Mozilla/5.0 (compatible; DotBot/1.2; +https://opensiteexplorer.org/dotbot; help@moz.com)"
216.244.66.200 - - [23/Apr/2025:15:17:55 +0200] "GET /files/szakkepesites_rend_1001.doc HTTP/1.1" 200 160256 "-" "Mozilla/5.0 (compatible; DotBot/1.2; +https://opensiteexplorer.org/dotbot; help@moz.com)"
216.244.66.200 - - [23/Apr/2025:15:18:19 +0200] "GET /files/tars.bunmeg_20090304_tars.vita.doc HTTP/1.1" 200 109056 "-" "Mozilla/5.0 (compatible; DotBot/1.2; +https://opensiteexplorer.org/dotbot; help@moz.com)"
217.160.202.182 - - [23/Apr/2025:15:21:18 +0200] "GET / HTTP/1.1" 200 - "-" "Mozilla/5.0 (Windows NT 10.0; Win64; x64) AppleWebKit/537.36 (KHTML, like Gecko) Chrome/91.0.4472.114 Safari/537.36 Edg/91.0.864.54"
199.244.88.221 - - [23/Apr/2025:15:34:16 +0200] "GET / HTTP/1.1" 200 - "-" "Mozilla/5.0 (X11; Linux x86_64) AppleWebKit/537.36 (KHTML, like Gecko) Chrome/105.0.0.0 Safari/537.36"
37.220.210.42 - - [23/Apr/2025:15:36:09 +0200] "GET /files/elemiszerkonyv122007.pdf HTTP/1.1" 200 152700 "https://www.google.hu/" "Mozilla/5.0 (Windows NT 10.0; Win64; x64) AppleWebKit/537.36 (KHTML, like Gecko) Chrome/134.0.0.0 Safari/537.36"
37.220.210.42 - - [23/Apr/2025:15:36:09 +0200] "GET /files/elemiszerkonyv122007.pdf HTTP/1.1" 206 1025 "-" "Mozilla/5.0 (Windows NT 10.0; Win64; x64) AppleWebKit/537.36 (KHTML, like Gecko) Chrome/134.0.0.0 Safari/537.36"
37.220.210.42 - - [23/Apr/2025:15:36:09 +0200] "GET /files/elemiszerkonyv122007.pdf HTTP/1.1" 200 152700 "-" "Mozilla/5.0 (Windows NT 10.0; Win64; x64) AppleWebKit/537.36 (KHTML, like Gecko) Chrome/134.0.0.0 Safari/537.36"
52.167.144.166 - - [23/Apr/2025:15:41:40 +0200] "GET /files/$File/im_t_bru.pdf HTTP/1.1" 200 - "-" "Mozilla/5.0 AppleWebKit/537.36 (KHTML, like Gecko; compatible; bingbot/2.0; +http://www.bing.com/bingbot.htm) Chrome/116.0.1938.76 Safari/537.36"
216.244.66.200 - - [23/Apr/2025:15:41:56 +0200] "GET /robots.txt HTTP/1.1" 200 1590 "-" "Mozilla/5.0 (compatible; DotBot/1.2; +https://opensiteexplorer.org/dotbot; help@moz.com)"
52.167.144.166 - - [23/Apr/2025:15:42:12 +0200] "GET /files/$File/im_t_bru.pdf HTTP/1.1" 200 - "-" "Mozilla/5.0 AppleWebKit/537.36 (KHTML, like Gecko; compatible; bingbot/2.0; +http://www.bing.com/bingbot.htm) Chrome/116.0.1938.76 Safari/537.36"
66.249.64.225 - - [23/Apr/2025:15:43:49 +0200] "GET /node/26 HTTP/1.1" 200 - "-" "Mozilla/5.0 (Linux; Android 6.0.1; Nexus 5X Build/MMB29P) AppleWebKit/537.36 (KHTML, like Gecko) Chrome/135.0.7049.95 Mobile Safari/537.36 (compatible; Googlebot/2.1; +http://www.google.com/bot.html)"
