52.167.144.217 - - [14/Apr/2025:06:30:49 +0200] "GET /taxonomy/term/50 HTTP/1.1" 200 - "-" "Mozilla/5.0 AppleWebKit/537.36 (KHTML, like Gecko; compatible; bingbot/2.0; +http://www.bing.com/bingbot.htm) Chrome/116.0.1938.76 Safari/537.36"
47.128.97.26 - - [14/Apr/2025:06:33:26 +0200] "GET /drupal/node/385 HTTP/1.1" 200 - "-" "Mozilla/5.0 (Linux; Android 5.0) AppleWebKit/537.36 (KHTML, like Gecko) Mobile Safari/537.36 (compatible; Bytespider; spider-feedback@bytedance.com)"
47.128.99.146 - - [14/Apr/2025:06:40:55 +0200] "GET /robots.txt HTTP/1.1" 200 1590 "-" "Mozilla/5.0 (Linux; Android 5.0) AppleWebKit/537.36 (KHTML, like Gecko) Mobile Safari/537.36 (compatible; Bytespider; spider-feedback@bytedance.com)"
40.77.167.184 - - [14/Apr/2025:07:00:56 +0200] "GET /robots.txt HTTP/1.1" 200 1590 "-" "Mozilla/5.0 AppleWebKit/537.36 (KHTML, like Gecko; compatible; bingbot/2.0; +http://www.bing.com/bingbot.htm) Chrome/116.0.1938.76 Safari/537.36"
66.249.66.4 - - [14/Apr/2025:07:00:57 +0200] "GET /node/26 HTTP/1.1" 200 - "-" "Mozilla/5.0 (Linux; Android 6.0.1; Nexus 5X Build/MMB29P) AppleWebKit/537.36 (KHTML, like Gecko) Chrome/135.0.7049.84 Mobile Safari/537.36 (compatible; Googlebot/2.1; +http://www.google.com/bot.html)"
216.244.66.200 - - [14/Apr/2025:07:01:23 +0200] "GET /robots.txt HTTP/1.1" 200 1590 "-" "Mozilla/5.0 (compatible; DotBot/1.2; +https://opensiteexplorer.org/dotbot; help@moz.com)"
207.46.13.168 - - [14/Apr/2025:07:01:29 +0200] "GET /files/$File/fu_e_meg.pdf HTTP/1.1" 200 - "-" "Mozilla/5.0 AppleWebKit/537.36 (KHTML, like Gecko; compatible; bingbot/2.0; +http://www.bing.com/bingbot.htm) Chrome/116.0.1938.76 Safari/537.36"
207.46.13.168 - - [14/Apr/2025:07:02:01 +0200] "GET /files/$File/fu_e_meg.pdf HTTP/1.1" 200 - "-" "Mozilla/5.0 AppleWebKit/537.36 (KHTML, like Gecko; compatible; bingbot/2.0; +http://www.bing.com/bingbot.htm) Chrome/116.0.1938.76 Safari/537.36"
216.244.66.200 - - [14/Apr/2025:07:11:01 +0200] "GET /node/138 HTTP/1.1" 200 - "-" "Mozilla/5.0 (compatible; DotBot/1.2; +https://opensiteexplorer.org/dotbot; help@moz.com)"
216.244.66.200 - - [14/Apr/2025:07:11:31 +0200] "GET /node/187 HTTP/1.1" 200 - "-" "Mozilla/5.0 (compatible; DotBot/1.2; +https://opensiteexplorer.org/dotbot; help@moz.com)"
216.244.66.200 - - [14/Apr/2025:07:12:14 +0200] "GET /node/2373 HTTP/1.1" 200 - "-" "Mozilla/5.0 (compatible; DotBot/1.2; +https://opensiteexplorer.org/dotbot; help@moz.com)"
216.244.66.200 - - [14/Apr/2025:07:13:04 +0200] "GET /node/2389 HTTP/1.1" 200 - "-" "Mozilla/5.0 (compatible; DotBot/1.2; +https://opensiteexplorer.org/dotbot; help@moz.com)"
20.15.133.164 - - [14/Apr/2025:07:22:06 +0200] "GET /robots.txt HTTP/1.1" 200 1590 "-" "Mozilla/5.0 AppleWebKit/537.36 (KHTML, like Gecko; compatible; bingbot/2.0; +http://www.bing.com/bingbot.htm) Chrome/116.0.1938.76 Safari/537.36"
20.15.133.191 - - [14/Apr/2025:07:22:19 +0200] "GET /files/szakmapol_090910.pdf HTTP/1.1" 200 1015943 "-" "Mozilla/5.0 AppleWebKit/537.36 (KHTML, like Gecko; compatible; bingbot/2.0; +http://www.bing.com/bingbot.htm) Chrome/116.0.1938.76 Safari/537.36"
54.241.235.202 - - [14/Apr/2025:07:40:02 +0200] "GET / HTTP/1.1" 200 - "-" "bitdiscovery-suggestions"
216.244.66.200 - - [14/Apr/2025:07:51:09 +0200] "GET /robots.txt HTTP/1.1" 200 1590 "-" "Mozilla/5.0 (compatible; DotBot/1.2; +https://opensiteexplorer.org/dotbot; help@moz.com)"
87.250.224.80 - - [14/Apr/2025:07:51:40 +0200] "GET /robots.txt HTTP/1.1" 200 1590 "-" "Mozilla/5.0 (compatible; YandexBot/3.0; +http://yandex.com/bots)"
213.180.203.5 - - [14/Apr/2025:07:52:13 +0200] "GET /dru- HTTP/1.1" 200 - "-" "Mozilla/5.0 (compatible; YandexBot/3.0; +http://yandex.com/bots)"
216.244.66.200 - - [14/Apr/2025:08:06:05 +0200] "GET /node/248 HTTP/1.1" 200 - "-" "Mozilla/5.0 (compatible; DotBot/1.2; +https://opensiteexplorer.org/dotbot; help@moz.com)"
216.244.66.200 - - [14/Apr/2025:08:06:35 +0200] "GET /node/257 HTTP/1.1" 200 - "-" "Mozilla/5.0 (compatible; DotBot/1.2; +https://opensiteexplorer.org/dotbot; help@moz.com)"
216.244.66.200 - - [14/Apr/2025:08:07:15 +0200] "GET /node/296 HTTP/1.1" 200 - "-" "Mozilla/5.0 (compatible; DotBot/1.2; +https://opensiteexplorer.org/dotbot; help@moz.com)"
49.51.243.156 - - [14/Apr/2025:08:23:53 +0200] "GET / HTTP/1.1" 200 - "-" "Mozilla/5.0 (iPhone; CPU iPhone OS 13_2_3 like Mac OS X) AppleWebKit/605.1.15 (KHTML, like Gecko) Version/13.0.3 Mobile/15E148 Safari/604.1"
91.137.249.161 - - [14/Apr/2025:08:27:11 +0200] "GET /files/gyamhatosag_eloterj_061204.pdf HTTP/1.1" 200 597742 "-" "Mozilla/5.0 (Linux; Android 10; K) AppleWebKit/537.36 (KHTML, like Gecko) Chrome/135.0.0.0 Mobile Safari/537.36"
216.244.66.200 - - [14/Apr/2025:08:37:56 +0200] "GET /robots.txt HTTP/1.1" 200 1590 "-" "Mozilla/5.0 (compatible; DotBot/1.2; +https://opensiteexplorer.org/dotbot; help@moz.com)"
216.244.66.200 - - [14/Apr/2025:08:37:56 +0200] "GET /robots.txt HTTP/1.1" 200 1590 "-" "Mozilla/5.0 (compatible; DotBot/1.2; +https://opensiteexplorer.org/dotbot; help@moz.com)"
66.249.66.86 - - [14/Apr/2025:08:38:42 +0200] "GET /files/regeszet_070111.pdf HTTP/1.1" 304 - "-" "Mozilla/5.0 (Linux; Android 6.0.1; Nexus 5X Build/MMB29P) AppleWebKit/537.36 (KHTML, like Gecko) Chrome/135.0.7049.52 Mobile Safari/537.36 (compatible; Googlebot/2.1; +http://www.google.com/bot.html)"
52.167.144.197 - - [14/Apr/2025:08:47:12 +0200] "GET /files/$File/ta_kv.pdf HTTP/1.1" 200 - "-" "Mozilla/5.0 AppleWebKit/537.36 (KHTML, like Gecko; compatible; bingbot/2.0; +http://www.bing.com/bingbot.htm) Chrome/116.0.1938.76 Safari/537.36"
52.167.144.197 - - [14/Apr/2025:08:47:44 +0200] "GET /files/$File/ta_kv.pdf HTTP/1.1" 200 - "-" "Mozilla/5.0 AppleWebKit/537.36 (KHTML, like Gecko; compatible; bingbot/2.0; +http://www.bing.com/bingbot.htm) Chrome/116.0.1938.76 Safari/537.36"
216.244.66.200 - - [14/Apr/2025:08:56:49 +0200] "GET /node/2241 HTTP/1.1" 200 - "-" "Mozilla/5.0 (compatible; DotBot/1.2; +https://opensiteexplorer.org/dotbot; help@moz.com)"
216.244.66.200 - - [14/Apr/2025:09:02:20 +0200] "GET /taxonomy/term/1?page=69 HTTP/1.1" 200 - "-" "Mozilla/5.0 (compatible; DotBot/1.2; +https://opensiteexplorer.org/dotbot; help@moz.com)"
66.249.66.87 - - [14/Apr/2025:09:08:02 +0200] "GET /favicon.ico HTTP/1.1" 404 57 "-" "Googlebot-Image/1.0"
216.244.66.200 - - [14/Apr/2025:09:24:06 +0200] "GET /robots.txt HTTP/1.1" 200 1590 "-" "Mozilla/5.0 (compatible; DotBot/1.2; +https://opensiteexplorer.org/dotbot; help@moz.com)"
66.249.66.85 - - [14/Apr/2025:09:24:51 +0200] "GET /files/mh_beosztasi_kategoriaba_besorolas_rendfokozat.pdf HTTP/1.1" 304 - "-" "Mozilla/5.0 (Linux; Android 6.0.1; Nexus 5X Build/MMB29P) AppleWebKit/537.36 (KHTML, like Gecko) Chrome/135.0.7049.52 Mobile Safari/537.36 (compatible; Googlebot/2.1; +http://www.google.com/bot.html)"
66.249.66.5 - - [14/Apr/2025:09:32:51 +0200] "GET /files/neveles_oktatas_int_terv_080804.pdf HTTP/1.1" 304 - "-" "Mozilla/5.0 (Linux; Android 6.0.1; Nexus 5X Build/MMB29P) AppleWebKit/537.36 (KHTML, like Gecko) Chrome/135.0.7049.52 Mobile Safari/537.36 (compatible; Googlebot/2.1; +http://www.google.com/bot.html)"
66.249.66.6 - - [14/Apr/2025:09:40:42 +0200] "GET /files/szakmagyakorlas.pdf HTTP/1.1" 304 - "-" "Mozilla/5.0 (Linux; Android 6.0.1; Nexus 5X Build/MMB29P) AppleWebKit/537.36 (KHTML, like Gecko) Chrome/135.0.7049.52 Mobile Safari/537.36 (compatible; Googlebot/2.1; +http://www.google.com/bot.html)"
216.244.66.200 - - [14/Apr/2025:09:43:52 +0200] "GET /node/362 HTTP/1.1" 200 - "-" "Mozilla/5.0 (compatible; DotBot/1.2; +https://opensiteexplorer.org/dotbot; help@moz.com)"
91.33.168.121 - - [14/Apr/2025:09:52:36 +0200] "GET /files/cegbejegyzesi_eljaras_21_per_2006__02_12_fin.doc HTTP/1.1" 200 54272 "-" "Microsoft Office/15.0 (Windows NT 6.3; Microsoft Outlook 15.0.4771; Pro)"
54.183.139.4 - - [14/Apr/2025:09:54:52 +0200] "GET / HTTP/1.1" 200 - "-" "bitdiscovery-suggestions"
216.244.66.200 - - [14/Apr/2025:10:10:26 +0200] "GET /robots.txt HTTP/1.1" 200 1590 "-" "Mozilla/5.0 (compatible; DotBot/1.2; +https://opensiteexplorer.org/dotbot; help@moz.com)"
202.61.207.228 - - [14/Apr/2025:10:25:28 +0200] "GET /misc/feed.png HTTP/1.1" 200 764 "-" "Mozilla/5.0 (Windows NT 10.0; Win64; x64) AppleWebKit/537.36 (KHTML, like Gecko) Chrome/100.0.6314.256 Safari/537.36"
216.244.66.200 - - [14/Apr/2025:10:35:25 +0200] "GET /files/0215_t_zel_s.pdf HTTP/1.1" 200 24095 "-" "Mozilla/5.0 (compatible; DotBot/1.2; +https://opensiteexplorer.org/dotbot; help@moz.com)"
216.244.66.200 - - [14/Apr/2025:10:35:57 +0200] "GET /files/4897_koh_070206.pdf HTTP/1.1" 200 161062 "-" "Mozilla/5.0 (compatible; DotBot/1.2; +https://opensiteexplorer.org/dotbot; help@moz.com)"
216.244.66.200 - - [14/Apr/2025:10:36:52 +0200] "GET /files/T2839.doc HTTP/1.1" 200 290641 "-" "Mozilla/5.0 (compatible; DotBot/1.2; +https://opensiteexplorer.org/dotbot; help@moz.com)"
216.244.66.200 - - [14/Apr/2025:10:37:39 +0200] "GET /files/TFH-mod_10_08.pdf HTTP/1.1" 200 285566 "-" "Mozilla/5.0 (compatible; DotBot/1.2; +https://opensiteexplorer.org/dotbot; help@moz.com)"
216.244.66.200 - - [14/Apr/2025:10:38:31 +0200] "GET /files/eloterj_ekozig.pdf HTTP/1.1" 200 338428 "-" "Mozilla/5.0 (compatible; DotBot/1.2; +https://opensiteexplorer.org/dotbot; help@moz.com)"
216.244.66.200 - - [14/Apr/2025:10:39:06 +0200] "GET /files/indoklas_0.pdf HTTP/1.1" 200 84419 "-" "Mozilla/5.0 (compatible; DotBot/1.2; +https://opensiteexplorer.org/dotbot; help@moz.com)"
216.244.66.200 - - [14/Apr/2025:10:39:38 +0200] "GET /files/indokolas.doc HTTP/1.1" 200 47616 "-" "Mozilla/5.0 (compatible; DotBot/1.2; +https://opensiteexplorer.org/dotbot; help@moz.com)"
216.244.66.200 - - [14/Apr/2025:10:40:29 +0200] "GET /files/ins_terv_090508.pdf HTTP/1.1" 200 273266 "-" "Mozilla/5.0 (compatible; DotBot/1.2; +https://opensiteexplorer.org/dotbot; help@moz.com)"
216.244.66.200 - - [14/Apr/2025:10:41:06 +0200] "GET /files/katonaiszabvany.pdf HTTP/1.1" 200 168237 "-" "Mozilla/5.0 (compatible; DotBot/1.2; +https://opensiteexplorer.org/dotbot; help@moz.com)"
216.244.66.200 - - [14/Apr/2025:10:41:43 +0200] "GET /files/korm_eloterj.pdf HTTP/1.1" 200 36364 "-" "Mozilla/5.0 (compatible; DotBot/1.2; +https://opensiteexplorer.org/dotbot; help@moz.com)"
216.244.66.200 - - [14/Apr/2025:10:42:19 +0200] "GET /files/lovas.pdf HTTP/1.1" 200 148078 "-" "Mozilla/5.0 (compatible; DotBot/1.2; +https://opensiteexplorer.org/dotbot; help@moz.com)"
216.244.66.200 - - [14/Apr/2025:10:43:02 +0200] "GET /files/4265_szamhordozhatosag.doc HTTP/1.1" 200 135680 "-" "Mozilla/5.0 (compatible; DotBot/1.2; +https://opensiteexplorer.org/dotbot; help@moz.com)"
54.36.148.77 - - [14/Apr/2025:10:43:32 +0200] "GET /robots.txt HTTP/1.1" 200 1590 "-" "Mozilla/5.0 (compatible; AhrefsBot/7.0; +http://ahrefs.com/robot/)"
216.244.66.200 - - [14/Apr/2025:10:43:56 +0200] "GET /files/emva_ekv_velemenyezesre.pdf HTTP/1.1" 200 422411 "-" "Mozilla/5.0 (compatible; DotBot/1.2; +https://opensiteexplorer.org/dotbot; help@moz.com)"
216.244.66.200 - - [14/Apr/2025:10:44:46 +0200] "GET /files/fogyvedtan_terv_080220.pdf HTTP/1.1" 200 251140 "-" "Mozilla/5.0 (compatible; DotBot/1.2; +https://opensiteexplorer.org/dotbot; help@moz.com)"
216.244.66.200 - - [14/Apr/2025:10:45:30 +0200] "GET /files/korm_civil_terv_070612.pdf HTTP/1.1" 200 290817 "-" "Mozilla/5.0 (compatible; DotBot/1.2; +https://opensiteexplorer.org/dotbot; help@moz.com)"
216.244.66.200 - - [14/Apr/2025:10:56:24 +0200] "GET /robots.txt HTTP/1.1" 200 1590 "-" "Mozilla/5.0 (compatible; DotBot/1.2; +https://opensiteexplorer.org/dotbot; help@moz.com)"
54.36.148.90 - - [14/Apr/2025:11:06:23 +0200] "GET /robots.txt HTTP/1.1" 200 1590 "-" "Mozilla/5.0 (compatible; AhrefsBot/7.0; +http://ahrefs.com/robot/)"
188.36.124.10 - - [14/Apr/2025:11:09:29 +0200] "GET /files/ptk_oroklesi_jog.pdf HTTP/1.1" 200 260717 "https://www.google.com/" "Mozilla/5.0 (Windows NT 10.0; Win64; x64) AppleWebKit/537.36 (KHTML, like Gecko) Chrome/135.0.0.0 Safari/537.36"
188.36.124.10 - - [14/Apr/2025:11:09:29 +0200] "GET /favicon.ico HTTP/1.1" 404 57 "http://www.jogalkotas.hu/files/ptk_oroklesi_jog.pdf" "Mozilla/5.0 (Windows NT 10.0; Win64; x64) AppleWebKit/537.36 (KHTML, like Gecko) Chrome/135.0.0.0 Safari/537.36"
188.36.124.10 - - [14/Apr/2025:11:09:29 +0200] "GET /files/ptk_oroklesi_jog.pdf HTTP/1.1" 206 1025 "-" "Mozilla/5.0 (Windows NT 10.0; Win64; x64) AppleWebKit/537.36 (KHTML, like Gecko) Chrome/135.0.0.0 Safari/537.36"
188.36.124.10 - - [14/Apr/2025:11:09:29 +0200] "GET /files/ptk_oroklesi_jog.pdf HTTP/1.1" 200 260717 "-" "Mozilla/5.0 (Windows NT 10.0; Win64; x64) AppleWebKit/537.36 (KHTML, like Gecko) Chrome/135.0.0.0 Safari/537.36"
91.242.162.11 - - [14/Apr/2025:11:13:52 +0200] "GET /favicon.ico HTTP/1.1" 404 57 "http://jogalkotas.hu" "Mozilla/5.0 (Macintosh; Intel Mac OS X 10_15_7) AppleWebKit/537.36 (KHTML, like Gecko) Chrome/131.0.0.0 Safari/537.36"
91.242.162.5 - - [14/Apr/2025:11:13:57 +0200] "GET /favicon.ico HTTP/1.1" 404 57 "http://jogalkotas.hu" "Mozilla/5.0 (Macintosh; Intel Mac OS X 10_15_7) AppleWebKit/537.36 (KHTML, like Gecko) Chrome/131.0.0.0 Safari/537.36"
91.242.162.11 - - [14/Apr/2025:11:14:19 +0200] "GET / HTTP/1.1" 200 - "-" "Mozilla/5.0 (Windows NT 10.0; Win64; x64) AppleWebKit/537.36 (KHTML, like Gecko) Chrome/130.0.0.0 Safari/537.36"
91.242.162.10 - - [14/Apr/2025:11:14:25 +0200] "GET / HTTP/1.1" 200 - "-" "Mozilla/5.0 (Windows NT 10.0; Win64; x64) AppleWebKit/537.36 (KHTML, like Gecko) Chrome/130.0.0.0 Safari/537.36"
40.77.167.65 - - [14/Apr/2025:11:16:33 +0200] "GET /files/$File/im_o_kon.pdf HTTP/1.1" 200 - "-" "Mozilla/5.0 AppleWebKit/537.36 (KHTML, like Gecko; compatible; bingbot/2.0; +http://www.bing.com/bingbot.htm) Chrome/116.0.1938.76 Safari/537.36"
40.77.167.65 - - [14/Apr/2025:11:17:06 +0200] "GET /files/$File/im_o_kon.pdf HTTP/1.1" 200 - "-" "Mozilla/5.0 AppleWebKit/537.36 (KHTML, like Gecko; compatible; bingbot/2.0; +http://www.bing.com/bingbot.htm) Chrome/116.0.1938.76 Safari/537.36"
216.244.66.200 - - [14/Apr/2025:11:21:25 +0200] "GET /files/Korrel-2007-11.doc HTTP/1.1" 200 37888 "-" "Mozilla/5.0 (compatible; DotBot/1.2; +https://opensiteexplorer.org/dotbot; help@moz.com)"
216.244.66.200 - - [14/Apr/2025:11:22:03 +0200] "GET /files/allategeszsegugy.pdf HTTP/1.1" 200 89172 "-" "Mozilla/5.0 (compatible; DotBot/1.2; +https://opensiteexplorer.org/dotbot; help@moz.com)"
91.242.162.7 - - [14/Apr/2025:11:22:37 +0200] "GET /favicon.ico HTTP/1.1" 404 57 "http://jogalkotas.hu" "Mozilla/5.0 (Macintosh; Intel Mac OS X 10_15_7) AppleWebKit/537.36 (KHTML, like Gecko) Chrome/131.0.0.0 Safari/537.36"
91.242.162.10 - - [14/Apr/2025:11:22:43 +0200] "GET /favicon.ico HTTP/1.1" 404 57 "http://jogalkotas.hu" "Mozilla/5.0 (Windows NT 10.0; Win64; x64) AppleWebKit/537.36 (KHTML, like Gecko) Chrome/131.0.0.0 Safari/537.36"
216.244.66.200 - - [14/Apr/2025:11:22:58 +0200] "GET /files/altind_0.pdf HTTP/1.1" 200 331188 "-" "Mozilla/5.0 (compatible; DotBot/1.2; +https://opensiteexplorer.org/dotbot; help@moz.com)"
91.242.162.12 - - [14/Apr/2025:11:23:04 +0200] "GET / HTTP/1.1" 200 - "-" "Mozilla/5.0 (X11; Linux x86_64) AppleWebKit/537.36 (KHTML, like Gecko; compatible; pageburst) Chrome/131.0.6778.139 Safari/537.36"
91.242.162.10 - - [14/Apr/2025:11:23:09 +0200] "GET / HTTP/1.1" 200 - "-" "Mozilla/5.0 (Windows NT 10.0; Win64; x64) AppleWebKit/537.36 (KHTML, like Gecko) Chrome/131.0.0.0 Safari/537.36"
91.242.162.11 - - [14/Apr/2025:11:23:35 +0200] "GET /favicon.ico HTTP/1.1" 404 57 "http://jogalkotas.hu" "Mozilla/5.0 (Macintosh; Intel Mac OS X 10_15_7) AppleWebKit/537.36 (KHTML, like Gecko) Chrome/131.0.0.0 Safari/537.36"
91.242.162.5 - - [14/Apr/2025:11:23:40 +0200] "GET /favicon.ico HTTP/1.1" 404 57 "http://jogalkotas.hu" "Mozilla/5.0 (Macintosh; Intel Mac OS X 10_15_7) AppleWebKit/537.36 (KHTML, like Gecko) Chrome/131.0.0.0 Safari/537.36"
216.244.66.200 - - [14/Apr/2025:11:23:48 +0200] "GET /files/0427_Natura_1._mell_klet.zip HTTP/1.1" 200 413724 "-" "Mozilla/5.0 (compatible; DotBot/1.2; +https://opensiteexplorer.org/dotbot; help@moz.com)"
91.242.162.12 - - [14/Apr/2025:11:24:02 +0200] "GET / HTTP/1.1" 200 - "-" "Mozilla/5.0 (Windows NT 10.0; Win64; x64) AppleWebKit/537.36 (KHTML, like Gecko) Chrome/131.0.0.0 Safari/537.36 Edg/131.0.0.0"
91.242.162.11 - - [14/Apr/2025:11:24:07 +0200] "GET / HTTP/1.1" 200 - "-" "Mozilla/5.0 (Macintosh; Intel Mac OS X 10_15_7) AppleWebKit/537.36 (KHTML, like Gecko) Chrome/131.0.0.0 Safari/537.36"
92.116.75.41 - - [14/Apr/2025:11:27:09 +0200] "GET /files/szakertoidijazas.doc HTTP/1.1" 200 59392 "-" "Microsoft Office/15.0 (Windows NT 6.3; Microsoft Outlook 15.0.4771; Pro)"
91.242.162.4 - - [14/Apr/2025:11:27:49 +0200] "GET /favicon.ico HTTP/1.1" 404 57 "http://jogalkotas.hu" "Mozilla/5.0 (Windows NT 10.0; Win64; x64) AppleWebKit/537.36 (KHTML, like Gecko) Chrome/131.0.0.0 Safari/537.36 Edg/131.0.0.0"
91.242.162.12 - - [14/Apr/2025:11:27:54 +0200] "GET /favicon.ico HTTP/1.1" 404 57 "http://jogalkotas.hu" "Mozilla/5.0 (Windows NT 10.0; Win64; x64) AppleWebKit/537.36 (KHTML, like Gecko) Chrome/131.0.0.0 Safari/537.36"
91.242.162.4 - - [14/Apr/2025:11:27:57 +0200] "GET /favicon.ico HTTP/1.1" 404 57 "http://jogalkotas.hu" "Mozilla/5.0 (Windows NT 10.0; Win64; x64) AppleWebKit/537.36 (KHTML, like Gecko) Chrome/131.0.0.0 Safari/537.36"
91.242.162.3 - - [14/Apr/2025:11:28:16 +0200] "GET / HTTP/1.1" 200 - "-" "Mozilla/5.0 (Macintosh; Intel Mac OS X 10_15_7) AppleWebKit/537.36 (KHTML, like Gecko) Chrome/131.0.0.0 Safari/537.36"
91.242.162.3 - - [14/Apr/2025:11:28:21 +0200] "GET / HTTP/1.1" 200 - "-" "Mozilla/5.0 (Windows NT 10.0; Win64; x64) AppleWebKit/537.36 (KHTML, like Gecko) Chrome/131.0.0.0 Safari/537.36"
91.242.162.6 - - [14/Apr/2025:11:28:24 +0200] "GET / HTTP/1.1" 200 - "-" "Mozilla/5.0 (X11; Linux x86_64) AppleWebKit/537.36 (KHTML, like Gecko; compatible; pageburst) Chrome/131.0.6778.139 Safari/537.36"
66.249.66.85 - - [14/Apr/2025:11:31:47 +0200] "GET /files/9066_16.pdf HTTP/1.1" 304 - "-" "Mozilla/5.0 (Linux; Android 6.0.1; Nexus 5X Build/MMB29P) AppleWebKit/537.36 (KHTML, like Gecko) Chrome/135.0.7049.52 Mobile Safari/537.36 (compatible; Googlebot/2.1; +http://www.google.com/bot.html)"
216.244.66.200 - - [14/Apr/2025:11:42:28 +0200] "GET /robots.txt HTTP/1.1" 200 1590 "-" "Mozilla/5.0 (compatible; DotBot/1.2; +https://opensiteexplorer.org/dotbot; help@moz.com)"
84.224.145.64 - - [14/Apr/2025:11:50:55 +0200] "GET /files/33_1998_mod_terv_080708.pdf HTTP/1.1" 200 473260 "https://www.bing.com/" "Mozilla/5.0 (Windows NT 10.0; Win64; x64) AppleWebKit/537.36 (KHTML, like Gecko) Chrome/135.0.0.0 Safari/537.36 Edg/135.0.0.0"
84.224.145.64 - - [14/Apr/2025:11:50:55 +0200] "GET /favicon.ico HTTP/1.1" 404 57 "http://www.jogalkotas.hu/files/33_1998_mod_terv_080708.pdf" "Mozilla/5.0 (Windows NT 10.0; Win64; x64) AppleWebKit/537.36 (KHTML, like Gecko) Chrome/135.0.0.0 Safari/537.36 Edg/135.0.0.0"
52.167.144.163 - - [14/Apr/2025:11:54:56 +0200] "GET /files/$File/eu01.pdf HTTP/1.1" 200 - "-" "Mozilla/5.0 AppleWebKit/537.36 (KHTML, like Gecko; compatible; bingbot/2.0; +http://www.bing.com/bingbot.htm) Chrome/116.0.1938.76 Safari/537.36"
52.167.144.163 - - [14/Apr/2025:11:55:28 +0200] "GET /files/$File/eu01.pdf HTTP/1.1" 200 - "-" "Mozilla/5.0 AppleWebKit/537.36 (KHTML, like Gecko; compatible; bingbot/2.0; +http://www.bing.com/bingbot.htm) Chrome/116.0.1938.76 Safari/537.36"
216.244.66.200 - - [14/Apr/2025:12:07:19 +0200] "GET /files/JAP_2008__I.pdf HTTP/1.1" 200 23966 "-" "Mozilla/5.0 (compatible; DotBot/1.2; +https://opensiteexplorer.org/dotbot; help@moz.com)"
216.244.66.200 - - [14/Apr/2025:12:08:12 +0200] "GET /files/TK90.doc HTTP/1.1" 200 80896 "-" "Mozilla/5.0 (compatible; DotBot/1.2; +https://opensiteexplorer.org/dotbot; help@moz.com)"
216.244.66.200 - - [14/Apr/2025:12:09:07 +0200] "GET /files/47243.pdf HTTP/1.1" 200 147375 "-" "Mozilla/5.0 (compatible; DotBot/1.2; +https://opensiteexplorer.org/dotbot; help@moz.com)"
157.55.39.58 - - [14/Apr/2025:12:26:03 +0200] "GET /files/8_mell_FAVI_MIR_k_rnyhaszn.pdf HTTP/1.1" 304 - "-" "Mozilla/5.0 AppleWebKit/537.36 (KHTML, like Gecko; compatible; bingbot/2.0; +http://www.bing.com/bingbot.htm) Chrome/116.0.1938.76 Safari/537.36"
216.244.66.200 - - [14/Apr/2025:12:28:37 +0200] "GET /robots.txt HTTP/1.1" 200 1590 "-" "Mozilla/5.0 (compatible; DotBot/1.2; +https://opensiteexplorer.org/dotbot; help@moz.com)"
47.82.0.163 - - [14/Apr/2025:12:35:24 +0200] "GET /node/2539 HTTP/1.1" 200 - "http://jogalkotas.hu/node/2539" "Mozilla/5.0 (Windows NT 10.0; Win64; x64) AppleWebKit/537.36 (KHTML, like Gecko) Chrome/114.0.0.0 Safari/537.36 Edg/114.0.1823.43"
47.79.1.112 - - [14/Apr/2025:12:38:07 +0200] "GET /taxonomy/term/46?page=4 HTTP/1.1" 200 - "http://jogalkotas.hu/taxonomy/term/46?page=4" "Mozilla/5.0 (Windows NT 10.0; Win64; x64) AppleWebKit/537.36 (KHTML, like Gecko) Chrome/114.0.0.0 Safari/537.36 Edg/114.0.1823.43"
47.79.6.191 - - [14/Apr/2025:12:38:47 +0200] "GET /node/2572 HTTP/1.1" 200 - "http://jogalkotas.hu/node/2572" "Mozilla/5.0 (Windows NT 10.0; Win64; x64) AppleWebKit/537.36 (KHTML, like Gecko) Chrome/114.0.0.0 Safari/537.36 Edg/114.0.1823.43"
47.79.121.159 - - [14/Apr/2025:12:39:37 +0200] "GET /node/2570 HTTP/1.1" 200 - "http://jogalkotas.hu/node/2570" "Mozilla/5.0 (Windows NT 10.0; Win64; x64) AppleWebKit/537.36 (KHTML, like Gecko) Chrome/114.0.0.0 Safari/537.36 Edg/114.0.1823.43"
47.79.1.97 - - [14/Apr/2025:12:42:19 +0200] "GET /node?page=12 HTTP/1.1" 200 - "http://jogalkotas.hu/node?page=12" "Mozilla/5.0 (Windows NT 10.0; Win64; x64) AppleWebKit/537.36 (KHTML, like Gecko) Chrome/114.0.0.0 Safari/537.36 Edg/114.0.1823.43"
47.82.11.121 - - [14/Apr/2025:12:45:58 +0200] "GET /taxonomy/term/20?page=2 HTTP/1.1" 200 - "http://jogalkotas.hu/taxonomy/term/20?page=2" "Mozilla/5.0 (Windows NT 10.0; Win64; x64) AppleWebKit/537.36 (KHTML, like Gecko) Chrome/114.0.0.0 Safari/537.36 Edg/114.0.1823.43"
47.79.0.46 - - [14/Apr/2025:12:48:11 +0200] "GET /node/2588 HTTP/1.1" 200 - "http://jogalkotas.hu/node/2588" "Mozilla/5.0 (Windows NT 10.0; Win64; x64) AppleWebKit/537.36 (KHTML, like Gecko) Chrome/114.0.0.0 Safari/537.36 Edg/114.0.1823.43"
47.82.11.43 - - [14/Apr/2025:12:52:02 +0200] "GET /node/453 HTTP/1.1" 200 - "http://jogalkotas.hu/node/453" "Mozilla/5.0 (Windows NT 10.0; Win64; x64) AppleWebKit/537.36 (KHTML, like Gecko) Chrome/114.0.0.0 Safari/537.36 Edg/114.0.1823.43"
47.79.5.125 - - [14/Apr/2025:12:53:42 +0200] "GET /node?page=249 HTTP/1.1" 200 - "http://jogalkotas.hu/node?page=249" "Mozilla/5.0 (Windows NT 10.0; Win64; x64) AppleWebKit/537.36 (KHTML, like Gecko) Chrome/114.0.0.0 Safari/537.36 Edg/114.0.1823.43"
216.244.66.200 - - [14/Apr/2025:12:54:26 +0200] "GET /files/r54.pdf HTTP/1.1" 200 154927 "-" "Mozilla/5.0 (compatible; DotBot/1.2; +https://opensiteexplorer.org/dotbot; help@moz.com)"
216.244.66.200 - - [14/Apr/2025:12:55:29 +0200] "GET /files/14831_7.pdf HTTP/1.1" 200 501317 "-" "Mozilla/5.0 (compatible; DotBot/1.2; +https://opensiteexplorer.org/dotbot; help@moz.com)"
216.244.66.200 - - [14/Apr/2025:12:56:08 +0200] "GET /files/2008elsonegyedev.pdf HTTP/1.1" 200 57799 "-" "Mozilla/5.0 (compatible; DotBot/1.2; +https://opensiteexplorer.org/dotbot; help@moz.com)"
47.79.121.170 - - [14/Apr/2025:12:56:30 +0200] "GET /node/2541 HTTP/1.1" 200 - "http://jogalkotas.hu/node/2541" "Mozilla/5.0 (Windows NT 10.0; Win64; x64) AppleWebKit/537.36 (KHTML, like Gecko) Chrome/114.0.0.0 Safari/537.36 Edg/114.0.1823.43"
47.79.7.220 - - [14/Apr/2025:12:56:32 +0200] "GET /taxonomy/term/89 HTTP/1.1" 200 - "http://www.jogalkotas.hu/taxonomy/term/89" "Mozilla/5.0 (Windows NT 10.0; Win64; x64) AppleWebKit/537.36 (KHTML, like Gecko) Chrome/114.0.0.0 Safari/537.36 Edg/114.0.1823.43"
216.244.66.200 - - [14/Apr/2025:12:56:51 +0200] "GET /files/22443_9.pdf HTTP/1.1" 200 132332 "-" "Mozilla/5.0 (compatible; DotBot/1.2; +https://opensiteexplorer.org/dotbot; help@moz.com)"
47.79.2.24 - - [14/Apr/2025:12:57:13 +0200] "GET /node/2599 HTTP/1.1" 200 - "http://jogalkotas.hu/node/2599" "Mozilla/5.0 (Windows NT 10.0; Win64; x64) AppleWebKit/537.36 (KHTML, like Gecko) Chrome/114.0.0.0 Safari/537.36 Edg/114.0.1823.43"
216.244.66.200 - - [14/Apr/2025:12:57:24 +0200] "GET /files/muszaki.zip HTTP/1.1" 200 17583 "-" "Mozilla/5.0 (compatible; DotBot/1.2; +https://opensiteexplorer.org/dotbot; help@moz.com)"
47.79.120.246 - - [14/Apr/2025:12:57:34 +0200] "GET /node/2548 HTTP/1.1" 200 - "http://jogalkotas.hu/node/2548" "Mozilla/5.0 (Windows NT 10.0; Win64; x64) AppleWebKit/537.36 (KHTML, like Gecko) Chrome/114.0.0.0 Safari/537.36 Edg/114.0.1823.43"
47.82.11.122 - - [14/Apr/2025:12:57:39 +0200] "GET /taxonomy/term/80 HTTP/1.1" 200 - "http://jogalkotas.hu/taxonomy/term/80" "Mozilla/5.0 (Windows NT 10.0; Win64; x64) AppleWebKit/537.36 (KHTML, like Gecko) Chrome/114.0.0.0 Safari/537.36 Edg/114.0.1823.43"
216.244.66.200 - - [14/Apr/2025:12:58:16 +0200] "GET /files/ooszi.pdf HTTP/1.1" 200 309468 "-" "Mozilla/5.0 (compatible; DotBot/1.2; +https://opensiteexplorer.org/dotbot; help@moz.com)"
216.244.66.200 - - [14/Apr/2025:12:59:00 +0200] "GET /files/4_sz_melleklet_061031.pdf HTTP/1.1" 200 102489 "-" "Mozilla/5.0 (compatible; DotBot/1.2; +https://opensiteexplorer.org/dotbot; help@moz.com)"
207.46.13.36 - - [14/Apr/2025:13:11:58 +0200] "GET /files/vegbizonyitvanyok_terv_071014.pdf HTTP/1.1" 200 385544 "-" "Mozilla/5.0 AppleWebKit/537.36 (KHTML, like Gecko; compatible; bingbot/2.0; +http://www.bing.com/bingbot.htm) Chrome/116.0.1938.76 Safari/537.36"
216.244.66.200 - - [14/Apr/2025:13:14:57 +0200] "GET /robots.txt HTTP/1.1" 200 1590 "-" "Mozilla/5.0 (compatible; DotBot/1.2; +https://opensiteexplorer.org/dotbot; help@moz.com)"
216.244.66.200 - - [14/Apr/2025:13:14:57 +0200] "GET /robots.txt HTTP/1.1" 200 1590 "-" "Mozilla/5.0 (compatible; DotBot/1.2; +https://opensiteexplorer.org/dotbot; help@moz.com)"
47.79.3.70 - - [14/Apr/2025:13:22:13 +0200] "GET /node?page=4 HTTP/1.1" 200 - "http://jogalkotas.hu/node?page=4" "Mozilla/5.0 (Windows NT 10.0; Win64; x64) AppleWebKit/537.36 (KHTML, like Gecko) Chrome/114.0.0.0 Safari/537.36 Edg/114.0.1823.43"
47.79.98.89 - - [14/Apr/2025:13:22:48 +0200] "GET /node/2577 HTTP/1.1" 200 - "http://jogalkotas.hu/node/2577" "Mozilla/5.0 (Windows NT 10.0; Win64; x64) AppleWebKit/537.36 (KHTML, like Gecko) Chrome/114.0.0.0 Safari/537.36 Edg/114.0.1823.43"
47.82.11.102 - - [14/Apr/2025:13:23:28 +0200] "GET /node/2475 HTTP/1.1" 200 - "http://jogalkotas.hu/node/2475" "Mozilla/5.0 (Windows NT 10.0; Win64; x64) AppleWebKit/537.36 (KHTML, like Gecko) Chrome/114.0.0.0 Safari/537.36 Edg/114.0.1823.43"
47.79.98.30 - - [14/Apr/2025:13:25:11 +0200] "GET /drupal/node/1448 HTTP/1.1" 200 - "http://jogalkotas.hu/drupal/node/1448" "Mozilla/5.0 (Windows NT 10.0; Win64; x64) AppleWebKit/537.36 (KHTML, like Gecko) Chrome/114.0.0.0 Safari/537.36 Edg/114.0.1823.43"
47.79.5.157 - - [14/Apr/2025:13:30:15 +0200] "GET / HTTP/1.1" 200 - "http://www.jogalkotas.hu" "Mozilla/5.0 (Windows NT 10.0; Win64; x64) AppleWebKit/537.36 (KHTML, like Gecko) Chrome/114.0.0.0 Safari/537.36 Edg/114.0.1823.43"
47.79.3.70 - - [14/Apr/2025:13:34:51 +0200] "GET /node/2610 HTTP/1.1" 200 - "http://www.jogalkotas.hu/node/2610" "Mozilla/5.0 (Windows NT 10.0; Win64; x64) AppleWebKit/537.36 (KHTML, like Gecko) Chrome/114.0.0.0 Safari/537.36 Edg/114.0.1823.43"
47.79.3.70 - - [14/Apr/2025:13:35:43 +0200] "GET /taxonomy/term/83 HTTP/1.1" 200 - "http://jogalkotas.hu/taxonomy/term/83" "Mozilla/5.0 (Windows NT 10.0; Win64; x64) AppleWebKit/537.36 (KHTML, like Gecko) Chrome/114.0.0.0 Safari/537.36 Edg/114.0.1823.43"
47.79.6.191 - - [14/Apr/2025:13:36:33 +0200] "GET /node/2562 HTTP/1.1" 200 - "http://jogalkotas.hu/node/2562" "Mozilla/5.0 (Windows NT 10.0; Win64; x64) AppleWebKit/537.36 (KHTML, like Gecko) Chrome/114.0.0.0 Safari/537.36 Edg/114.0.1823.43"
47.79.1.234 - - [14/Apr/2025:13:36:40 +0200] "GET /node/2527 HTTP/1.1" 200 - "http://jogalkotas.hu/node/2527" "Mozilla/5.0 (Windows NT 10.0; Win64; x64) AppleWebKit/537.36 (KHTML, like Gecko) Chrome/114.0.0.0 Safari/537.36 Edg/114.0.1823.43"
47.79.4.28 - - [14/Apr/2025:13:38:59 +0200] "GET /node/2552 HTTP/1.1" 200 - "http://jogalkotas.hu/node/2552" "Mozilla/5.0 (Windows NT 10.0; Win64; x64) AppleWebKit/537.36 (KHTML, like Gecko) Chrome/114.0.0.0 Safari/537.36 Edg/114.0.1823.43"
216.244.66.200 - - [14/Apr/2025:13:43:33 +0200] "GET /files/TK47.pdf HTTP/1.1" 200 138953 "-" "Mozilla/5.0 (compatible; DotBot/1.2; +https://opensiteexplorer.org/dotbot; help@moz.com)"
216.244.66.200 - - [14/Apr/2025:13:44:33 +0200] "GET /files/KHEM_3316kozigre.doc HTTP/1.1" 200 131072 "-" "Mozilla/5.0 (compatible; DotBot/1.2; +https://opensiteexplorer.org/dotbot; help@moz.com)"
216.244.66.200 - - [14/Apr/2025:13:45:23 +0200] "GET /files/eizlandnorveg.doc HTTP/1.1" 200 262144 "-" "Mozilla/5.0 (compatible; DotBot/1.2; +https://opensiteexplorer.org/dotbot; help@moz.com)"
216.244.66.200 - - [14/Apr/2025:13:45:58 +0200] "GET /files/kozzetetel.doc HTTP/1.1" 200 34304 "-" "Mozilla/5.0 (compatible; DotBot/1.2; +https://opensiteexplorer.org/dotbot; help@moz.com)"
216.244.66.200 - - [14/Apr/2025:13:46:53 +0200] "GET /files/Tper4221_tv%20_jav.pdf HTTP/1.1" 200 400692 "-" "Mozilla/5.0 (compatible; DotBot/1.2; +https://opensiteexplorer.org/dotbot; help@moz.com)"
47.79.7.220 - - [14/Apr/2025:13:47:36 +0200] "GET /node/2525 HTTP/1.1" 200 - "http://jogalkotas.hu/node/2525" "Mozilla/5.0 (Windows NT 10.0; Win64; x64) AppleWebKit/537.36 (KHTML, like Gecko) Chrome/114.0.0.0 Safari/537.36 Edg/114.0.1823.43"
216.244.66.200 - - [14/Apr/2025:13:47:43 +0200] "GET /files/legiforgalmi_hmrend.pdf HTTP/1.1" 200 360148 "-" "Mozilla/5.0 (compatible; DotBot/1.2; +https://opensiteexplorer.org/dotbot; help@moz.com)"
216.244.66.200 - - [14/Apr/2025:13:48:26 +0200] "GET /files/madartani_kozigre0806.pdf HTTP/1.1" 200 230896 "-" "Mozilla/5.0 (compatible; DotBot/1.2; +https://opensiteexplorer.org/dotbot; help@moz.com)"
216.244.66.200 - - [14/Apr/2025:13:49:08 +0200] "GET /files/tanusito_szervezet.pdf HTTP/1.1" 200 189492 "-" "Mozilla/5.0 (compatible; DotBot/1.2; +https://opensiteexplorer.org/dotbot; help@moz.com)"
47.79.5.247 - - [14/Apr/2025:13:49:08 +0200] "GET /drupal/node/672 HTTP/1.1" 200 - "http://jogalkotas.hu/drupal/node/672" "Mozilla/5.0 (Windows NT 10.0; Win64; x64) AppleWebKit/537.36 (KHTML, like Gecko) Chrome/114.0.0.0 Safari/537.36 Edg/114.0.1823.43"
216.244.66.200 - - [14/Apr/2025:13:49:55 +0200] "GET /files/eloterj_uht_vhr_mod_kozig_2007_12.pdf HTTP/1.1" 200 190284 "-" "Mozilla/5.0 (compatible; DotBot/1.2; +https://opensiteexplorer.org/dotbot; help@moz.com)"
216.244.66.200 - - [14/Apr/2025:13:50:41 +0200] "GET /files/tajfajtak_allami_elismerese_velemenyezesre.pdf HTTP/1.1" 200 65952 "-" "Mozilla/5.0 (compatible; DotBot/1.2; +https://opensiteexplorer.org/dotbot; help@moz.com)"
216.244.66.200 - - [14/Apr/2025:13:51:47 +0200] "GET /files/221_2004_Korm%20_rend_MOD_2008_1018_kozig_egyeztetesre.pdf HTTP/1.1" 200 - "-" "Mozilla/5.0 (compatible; DotBot/1.2; +https://opensiteexplorer.org/dotbot; help@moz.com)"
216.244.66.200 - - [14/Apr/2025:13:52:08 +0200] "GET /files/1SZJA.pdf HTTP/1.1" 200 82055 "-" "Mozilla/5.0 (compatible; DotBot/1.2; +https://opensiteexplorer.org/dotbot; help@moz.com)"
216.244.66.200 - - [14/Apr/2025:13:52:39 +0200] "GET /files/3573_3.pdf HTTP/1.1" 200 123215 "-" "Mozilla/5.0 (compatible; DotBot/1.2; +https://opensiteexplorer.org/dotbot; help@moz.com)"
47.79.98.230 - - [14/Apr/2025:13:55:08 +0200] "GET /taxonomy/term/25 HTTP/1.1" 200 - "http://jogalkotas.hu/taxonomy/term/25" "Mozilla/5.0 (Windows NT 10.0; Win64; x64) AppleWebKit/537.36 (KHTML, like Gecko) Chrome/114.0.0.0 Safari/537.36 Edg/114.0.1823.43"
47.79.5.125 - - [14/Apr/2025:13:58:30 +0200] "GET /taxonomy/term/101?page=7 HTTP/1.1" 200 - "http://jogalkotas.hu/taxonomy/term/101?page=7" "Mozilla/5.0 (Windows NT 10.0; Win64; x64) AppleWebKit/537.36 (KHTML, like Gecko) Chrome/114.0.0.0 Safari/537.36 Edg/114.0.1823.43"
47.82.0.163 - - [14/Apr/2025:14:00:26 +0200] "GET /taxonomy/term/47?page=5 HTTP/1.1" 200 - "http://jogalkotas.hu/taxonomy/term/47?page=5" "Mozilla/5.0 (Windows NT 10.0; Win64; x64) AppleWebKit/537.36 (KHTML, like Gecko) Chrome/114.0.0.0 Safari/537.36 Edg/114.0.1823.43"
216.244.66.200 - - [14/Apr/2025:14:01:37 +0200] "GET /robots.txt HTTP/1.1" 200 1590 "-" "Mozilla/5.0 (compatible; DotBot/1.2; +https://opensiteexplorer.org/dotbot; help@moz.com)"
216.244.66.200 - - [14/Apr/2025:14:01:38 +0200] "GET /robots.txt HTTP/1.1" 200 1590 "-" "Mozilla/5.0 (compatible; DotBot/1.2; +https://opensiteexplorer.org/dotbot; help@moz.com)"
47.79.123.182 - - [14/Apr/2025:14:14:33 +0200] "GET /node/2536 HTTP/1.1" 200 - "http://jogalkotas.hu/node/2536" "Mozilla/5.0 (Windows NT 10.0; Win64; x64) AppleWebKit/537.36 (KHTML, like Gecko) Chrome/114.0.0.0 Safari/537.36 Edg/114.0.1823.43"
216.244.66.200 - - [14/Apr/2025:14:32:23 +0200] "GET /files/11340_2.pdf HTTP/1.1" 200 109543 "-" "Mozilla/5.0 (compatible; DotBot/1.2; +https://opensiteexplorer.org/dotbot; help@moz.com)"
216.244.66.200 - - [14/Apr/2025:14:32:44 +0200] "GET /files/1214_T_j_koztat_.doc HTTP/1.1" 200 97792 "-" "Mozilla/5.0 (compatible; DotBot/1.2; +https://opensiteexplorer.org/dotbot; help@moz.com)"
216.244.66.200 - - [14/Apr/2025:14:33:39 +0200] "GET /files/2006btk.doc HTTP/1.1" 200 320000 "-" "Mozilla/5.0 (compatible; DotBot/1.2; +https://opensiteexplorer.org/dotbot; help@moz.com)"
216.244.66.200 - - [14/Apr/2025:14:34:11 +0200] "GET /files/20071_0.doc HTTP/1.1" 200 53760 "-" "Mozilla/5.0 (compatible; DotBot/1.2; +https://opensiteexplorer.org/dotbot; help@moz.com)"
216.244.66.200 - - [14/Apr/2025:14:34:46 +0200] "GET /files/2007_2.doc HTTP/1.1" 200 41984 "-" "Mozilla/5.0 (compatible; DotBot/1.2; +https://opensiteexplorer.org/dotbot; help@moz.com)"
216.244.66.200 - - [14/Apr/2025:14:35:21 +0200] "GET /files/693_mkk_070105.pdf HTTP/1.1" 200 106831 "-" "Mozilla/5.0 (compatible; DotBot/1.2; +https://opensiteexplorer.org/dotbot; help@moz.com)"
216.244.66.200 - - [14/Apr/2025:14:36:13 +0200] "GET /files/T2757.doc HTTP/1.1" 200 389105 "-" "Mozilla/5.0 (compatible; DotBot/1.2; +https://opensiteexplorer.org/dotbot; help@moz.com)"
216.244.66.200 - - [14/Apr/2025:14:36:52 +0200] "GET /files/hatar.pdf HTTP/1.1" 200 148826 "-" "Mozilla/5.0 (compatible; DotBot/1.2; +https://opensiteexplorer.org/dotbot; help@moz.com)"
216.244.66.200 - - [14/Apr/2025:14:37:26 +0200] "GET /files/megf_tabl_091120.doc HTTP/1.1" 200 39936 "-" "Mozilla/5.0 (compatible; DotBot/1.2; +https://opensiteexplorer.org/dotbot; help@moz.com)"
216.244.66.200 - - [14/Apr/2025:14:38:01 +0200] "GET /files/miniszt_2006_nov.pdf HTTP/1.1" 200 79803 "-" "Mozilla/5.0 (compatible; DotBot/1.2; +https://opensiteexplorer.org/dotbot; help@moz.com)"
216.244.66.200 - - [14/Apr/2025:14:38:48 +0200] "GET /files/nfh_terv_070730.pdf HTTP/1.1" 200 347830 "-" "Mozilla/5.0 (compatible; DotBot/1.2; +https://opensiteexplorer.org/dotbot; help@moz.com)"
216.244.66.200 - - [14/Apr/2025:14:49:06 +0200] "GET /robots.txt HTTP/1.1" 200 1590 "-" "Mozilla/5.0 (compatible; DotBot/1.2; +https://opensiteexplorer.org/dotbot; help@moz.com)"
216.244.66.200 - - [14/Apr/2025:14:49:06 +0200] "GET /robots.txt HTTP/1.1" 200 1590 "-" "Mozilla/5.0 (compatible; DotBot/1.2; +https://opensiteexplorer.org/dotbot; help@moz.com)"
170.106.180.139 - - [14/Apr/2025:14:59:04 +0200] "GET / HTTP/1.1" 200 - "-" "Mozilla/5.0 (iPhone; CPU iPhone OS 13_2_3 like Mac OS X) AppleWebKit/605.1.15 (KHTML, like Gecko) Version/13.0.3 Mobile/15E148 Safari/604.1"
40.77.167.254 - - [14/Apr/2025:14:59:55 +0200] "GET /taxonomy/term/18%2023%2024%2026%2025%2027%2028%2029%2052%2041%2031%2032%2098%2033%2048%20106%20103%2099%20107%2034%2049%2035%2051%20100%2036%2050%20105?page=8 HTTP/1.1" 200 - "-" "Mozilla/5.0 AppleWebKit/537.36 (KHTML, like Gecko; compatible; bingbot/2.0; +http://www.bing.com/bingbot.htm) Chrome/116.0.1938.76 Safari/537.36"
40.77.167.254 - - [14/Apr/2025:15:00:27 +0200] "GET /taxonomy/term/18%2023%2024%2026%2025%2027%2028%2029%2052%2041%2031%2032%2098%2033%2048%20106%20103%2099%20107%2034%2049%2035%2051%20100%2036%2050%20105?page=8 HTTP/1.1" 200 - "-" "Mozilla/5.0 AppleWebKit/537.36 (KHTML, like Gecko; compatible; bingbot/2.0; +http://www.bing.com/bingbot.htm) Chrome/116.0.1938.76 Safari/537.36"
193.224.49.164 - - [14/Apr/2025:15:04:02 +0200] "GET /files/E%C3%BCM%202006.%20I.%20f%C3%A9l%C3%A9vi%20munkaterve%20(2006.02.09.)%20-%20v%C3%A9gleges.doc HTTP/1.1" 200 331776 "https://www.google.com/" "Mozilla/5.0 (Windows NT 10.0; Win64; x64) AppleWebKit/537.36 (KHTML, like Gecko) Chrome/135.0.0.0 Safari/537.36"
216.244.66.200 - - [14/Apr/2025:15:14:31 +0200] "GET /files/PM1.doc HTTP/1.1" 200 205312 "-" "Mozilla/5.0 (compatible; DotBot/1.2; +https://opensiteexplorer.org/dotbot; help@moz.com)"
216.244.66.200 - - [14/Apr/2025:15:14:40 +0200] "GET /files/JAP_2008__I.pdf HTTP/1.1" 200 23966 "-" "Mozilla/5.0 (compatible; DotBot/1.2; +https://opensiteexplorer.org/dotbot; help@moz.com)"
216.244.66.200 - - [14/Apr/2025:15:15:14 +0200] "GET /files/1212_TOC_nitr_t.doc HTTP/1.1" 200 85504 "-" "Mozilla/5.0 (compatible; DotBot/1.2; +https://opensiteexplorer.org/dotbot; help@moz.com)"
216.244.66.200 - - [14/Apr/2025:15:15:45 +0200] "GET /files/1214_3_mell.xls HTTP/1.1" 200 35328 "-" "Mozilla/5.0 (compatible; DotBot/1.2; +https://opensiteexplorer.org/dotbot; help@moz.com)"
216.244.66.200 - - [14/Apr/2025:15:16:13 +0200] "GET /files/1214_6_mell.xls HTTP/1.1" 200 28672 "-" "Mozilla/5.0 (compatible; DotBot/1.2; +https://opensiteexplorer.org/dotbot; help@moz.com)"
216.244.66.200 - - [14/Apr/2025:15:16:42 +0200] "GET /files/1214_9_mell.xls HTTP/1.1" 200 21504 "-" "Mozilla/5.0 (compatible; DotBot/1.2; +https://opensiteexplorer.org/dotbot; help@moz.com)"
216.244.66.200 - - [14/Apr/2025:15:17:11 +0200] "GET /files/eloterjesztes.doc HTTP/1.1" 200 35840 "-" "Mozilla/5.0 (compatible; DotBot/1.2; +https://opensiteexplorer.org/dotbot; help@moz.com)"
216.244.66.200 - - [14/Apr/2025:15:17:55 +0200] "GET /files/ertvelot.doc HTTP/1.1" 200 320000 "-" "Mozilla/5.0 (compatible; DotBot/1.2; +https://opensiteexplorer.org/dotbot; help@moz.com)"
216.244.66.200 - - [14/Apr/2025:15:18:47 +0200] "GET /files/1998_94_mod_terv_090807.pdf HTTP/1.1" 200 266028 "-" "Mozilla/5.0 (compatible; DotBot/1.2; +https://opensiteexplorer.org/dotbot; help@moz.com)"
216.244.66.200 - - [14/Apr/2025:15:19:19 +0200] "GET /files/2_melleklet_20060508.xls HTTP/1.1" 200 40960 "-" "Mozilla/5.0 (compatible; DotBot/1.2; +https://opensiteexplorer.org/dotbot; help@moz.com)"
216.244.66.200 - - [14/Apr/2025:15:20:08 +0200] "GET /files/40per2001_min_rend_mod.doc HTTP/1.1" 200 315392 "-" "Mozilla/5.0 (compatible; DotBot/1.2; +https://opensiteexplorer.org/dotbot; help@moz.com)"
216.244.66.200 - - [14/Apr/2025:15:20:59 +0200] "GET /files/roman_bolgar_eloterj_061214.pdf HTTP/1.1" 200 226416 "-" "Mozilla/5.0 (compatible; DotBot/1.2; +https://opensiteexplorer.org/dotbot; help@moz.com)"
216.244.66.200 - - [14/Apr/2025:15:21:31 +0200] "GET /files/2006%20I%20f%C3%A9l%C3%A9v%20N%C3%96KM%20mt.xls HTTP/1.1" 200 26112 "-" "Mozilla/5.0 (compatible; DotBot/1.2; +https://opensiteexplorer.org/dotbot; help@moz.com)"
216.244.66.200 - - [14/Apr/2025:15:35:14 +0200] "GET /robots.txt HTTP/1.1" 200 1590 "-" "Mozilla/5.0 (compatible; DotBot/1.2; +https://opensiteexplorer.org/dotbot; help@moz.com)"
202.61.207.228 - - [14/Apr/2025:15:37:35 +0200] "GET /sites/all/themes/jogalkotas/logo.jpg HTTP/1.1" 200 5243 "-" "Mozilla/5.0 (Windows NT 10.0; Win64; x64) AppleWebKit/537.36 (KHTML, like Gecko) Chrome/100.0.6011.287 Safari/537.36"
66.249.66.85 - - [14/Apr/2025:15:45:56 +0200] "GET /files/muszaki_2melleklet.pdf HTTP/1.1" 200 366418 "-" "Googlebot/2.1 (+http://www.google.com/bot.html)"
66.249.66.86 - - [14/Apr/2025:15:47:11 +0200] "GET /files/termofold_igenybevetel_eloterjesztes.pdf HTTP/1.1" 200 211330 "-" "Googlebot/2.1 (+http://www.google.com/bot.html)"
216.244.66.200 - - [14/Apr/2025:15:55:46 +0200] "GET /files/TK75.doc HTTP/1.1" 200 669184 "-" "Mozilla/5.0 (compatible; DotBot/1.2; +https://opensiteexplorer.org/dotbot; help@moz.com)"
40.77.167.18 - - [14/Apr/2025:15:55:50 +0200] "GET /files/$File/eu_5.pdf HTTP/1.1" 200 - "-" "Mozilla/5.0 AppleWebKit/537.36 (KHTML, like Gecko; compatible; bingbot/2.0; +http://www.bing.com/bingbot.htm) Chrome/116.0.1938.76 Safari/537.36"
40.77.167.18 - - [14/Apr/2025:15:56:22 +0200] "GET /files/$File/eu_5.pdf HTTP/1.1" 200 - "-" "Mozilla/5.0 AppleWebKit/537.36 (KHTML, like Gecko; compatible; bingbot/2.0; +http://www.bing.com/bingbot.htm) Chrome/116.0.1938.76 Safari/537.36"
216.244.66.200 - - [14/Apr/2025:15:56:54 +0200] "GET /files/20071.doc HTTP/1.1" 200 39424 "-" "Mozilla/5.0 (compatible; DotBot/1.2; +https://opensiteexplorer.org/dotbot; help@moz.com)"
216.244.66.200 - - [14/Apr/2025:15:57:05 +0200] "GET /files/2394_20_1.doc HTTP/1.1" 200 79872 "-" "Mozilla/5.0 (compatible; DotBot/1.2; +https://opensiteexplorer.org/dotbot; help@moz.com)"
216.244.66.200 - - [14/Apr/2025:15:57:17 +0200] "GET /files/hatarterulet.doc HTTP/1.1" 200 140288 "-" "Mozilla/5.0 (compatible; DotBot/1.2; +https://opensiteexplorer.org/dotbot; help@moz.com)"
216.244.66.200 - - [14/Apr/2025:15:57:29 +0200] "GET /files/jogh_90.doc HTTP/1.1" 200 80384 "-" "Mozilla/5.0 (compatible; DotBot/1.2; +https://opensiteexplorer.org/dotbot; help@moz.com)"
216.244.66.200 - - [14/Apr/2025:15:57:41 +0200] "GET /files/ktt_terv_090324.pdf HTTP/1.1" 200 256613 "-" "Mozilla/5.0 (compatible; DotBot/1.2; +https://opensiteexplorer.org/dotbot; help@moz.com)"
216.244.66.200 - - [14/Apr/2025:15:57:53 +0200] "GET /files/turizmus.pdf HTTP/1.1" 200 216384 "-" "Mozilla/5.0 (compatible; DotBot/1.2; +https://opensiteexplorer.org/dotbot; help@moz.com)"
216.244.66.200 - - [14/Apr/2025:15:58:08 +0200] "GET /files/3130_kepz_kot_070124.pdf HTTP/1.1" 200 145786 "-" "Mozilla/5.0 (compatible; DotBot/1.2; +https://opensiteexplorer.org/dotbot; help@moz.com)"
216.244.66.200 - - [14/Apr/2025:15:58:51 +0200] "GET /files/adatszolg_kozig%20_2_.pdf HTTP/1.1" 200 - "-" "Mozilla/5.0 (compatible; DotBot/1.2; +https://opensiteexplorer.org/dotbot; help@moz.com)"
216.244.66.200 - - [14/Apr/2025:15:59:00 +0200] "GET /files/allhaz_terv_mell_080627.pdf HTTP/1.1" 200 120894 "-" "Mozilla/5.0 (compatible; DotBot/1.2; +https://opensiteexplorer.org/dotbot; help@moz.com)"
216.244.66.200 - - [14/Apr/2025:15:59:21 +0200] "GET /files/kormeloterjesztes_060426.pdf HTTP/1.1" 200 199536 "-" "Mozilla/5.0 (compatible; DotBot/1.2; +https://opensiteexplorer.org/dotbot; help@moz.com)"
216.244.66.200 - - [14/Apr/2025:15:59:43 +0200] "GET /files/tervezet_kozig_ivoviz_tam.pdf HTTP/1.1" 200 212998 "-" "Mozilla/5.0 (compatible; DotBot/1.2; +https://opensiteexplorer.org/dotbot; help@moz.com)"
216.244.66.200 - - [14/Apr/2025:16:00:02 +0200] "GET /files/torvenyjavaslat_szlovak_hatarokmanyok.doc HTTP/1.1" 200 62464 "-" "Mozilla/5.0 (compatible; DotBot/1.2; +https://opensiteexplorer.org/dotbot; help@moz.com)"
66.249.66.86 - - [14/Apr/2025:16:09:41 +0200] "GET /files/elterjsszakkepzes06.23.vgleges_jelentes0702.pdf HTTP/1.1" 200 173779 "-" "Googlebot/2.1 (+http://www.google.com/bot.html)"
216.244.66.200 - - [14/Apr/2025:16:21:54 +0200] "GET /robots.txt HTTP/1.1" 200 1590 "-" "Mozilla/5.0 (compatible; DotBot/1.2; +https://opensiteexplorer.org/dotbot; help@moz.com)"
216.244.66.200 - - [14/Apr/2025:16:39:52 +0200] "GET /files/adr.zip HTTP/1.1" 200 430581 "-" "Mozilla/5.0 (compatible; DotBot/1.2; +https://opensiteexplorer.org/dotbot; help@moz.com)"
216.244.66.200 - - [14/Apr/2025:16:42:06 +0200] "GET /files/Korrel-2007-27.doc HTTP/1.1" 200 41984 "-" "Mozilla/5.0 (compatible; DotBot/1.2; +https://opensiteexplorer.org/dotbot; help@moz.com)"
216.244.66.200 - - [14/Apr/2025:16:42:18 +0200] "GET /files/NFGM7978.doc HTTP/1.1" 200 285696 "-" "Mozilla/5.0 (compatible; DotBot/1.2; +https://opensiteexplorer.org/dotbot; help@moz.com)"
66.249.66.86 - - [14/Apr/2025:16:42:29 +0200] "GET /files/ebh_2006_jelentes_070619.pdf HTTP/1.1" 200 742359 "-" "Googlebot/2.1 (+http://www.google.com/bot.html)"
216.244.66.200 - - [14/Apr/2025:16:42:30 +0200] "GET /files/TK1113.pdf HTTP/1.1" 200 368332 "-" "Mozilla/5.0 (compatible; DotBot/1.2; +https://opensiteexplorer.org/dotbot; help@moz.com)"
216.244.66.200 - - [14/Apr/2025:16:42:42 +0200] "GET /files/regeszet_070111.pdf HTTP/1.1" 200 173642 "-" "Mozilla/5.0 (compatible; DotBot/1.2; +https://opensiteexplorer.org/dotbot; help@moz.com)"
216.244.66.200 - - [14/Apr/2025:16:44:12 +0200] "GET /files/egyes_szocrend_terv_070124.pdf HTTP/1.1" 200 336579 "-" "Mozilla/5.0 (compatible; DotBot/1.2; +https://opensiteexplorer.org/dotbot; help@moz.com)"
216.244.66.200 - - [14/Apr/2025:16:44:24 +0200] "GET /files/legiforgalmi_2melleklet.pdf HTTP/1.1" 200 191217 "-" "Mozilla/5.0 (compatible; DotBot/1.2; +https://opensiteexplorer.org/dotbot; help@moz.com)"
104.23.162.32 - - [14/Apr/2025:16:46:45 +0200] "GET /favicon.ico HTTP/1.1" 404 57 "-" "-"
216.244.66.200 - - [14/Apr/2025:17:08:29 +0200] "GET /robots.txt HTTP/1.1" 200 1590 "-" "Mozilla/5.0 (compatible; DotBot/1.2; +https://opensiteexplorer.org/dotbot; help@moz.com)"
216.244.66.200 - - [14/Apr/2025:17:08:29 +0200] "GET /robots.txt HTTP/1.1" 200 1590 "-" "Mozilla/5.0 (compatible; DotBot/1.2; +https://opensiteexplorer.org/dotbot; help@moz.com)"
216.244.66.200 - - [14/Apr/2025:17:15:07 +0200] "GET /taxonomy/term/85 HTTP/1.1" 200 - "-" "Mozilla/5.0 (compatible; DotBot/1.2; +https://opensiteexplorer.org/dotbot; help@moz.com)"
216.244.66.200 - - [14/Apr/2025:17:23:26 +0200] "GET /193.138.127.88/tb110054.html HTTP/1.1" 200 - "-" "Mozilla/5.0 (compatible; DotBot/1.2; +https://opensiteexplorer.org/dotbot; help@moz.com)"
216.244.66.200 - - [14/Apr/2025:17:24:13 +0200] "GET /files/EUPV.pdf HTTP/1.1" 200 578796 "-" "Mozilla/5.0 (compatible; DotBot/1.2; +https://opensiteexplorer.org/dotbot; help@moz.com)"
216.244.66.200 - - [14/Apr/2025:17:24:39 +0200] "GET /files/138_terv_061108.pdf HTTP/1.1" 200 170081 "-" "Mozilla/5.0 (compatible; DotBot/1.2; +https://opensiteexplorer.org/dotbot; help@moz.com)"
216.244.66.200 - - [14/Apr/2025:17:25:13 +0200] "GET /files/19961.doc HTTP/1.1" 200 100864 "-" "Mozilla/5.0 (compatible; DotBot/1.2; +https://opensiteexplorer.org/dotbot; help@moz.com)"
216.244.66.200 - - [14/Apr/2025:17:25:48 +0200] "GET /files/T4093.pdf HTTP/1.1" 200 208988 "-" "Mozilla/5.0 (compatible; DotBot/1.2; +https://opensiteexplorer.org/dotbot; help@moz.com)"
66.249.66.85 - - [14/Apr/2025:17:25:53 +0200] "GET /files/tenyesztesszervezes_rendelettervezet.pdf HTTP/1.1" 200 236849 "-" "Googlebot/2.1 (+http://www.google.com/bot.html)"
216.244.66.200 - - [14/Apr/2025:17:26:19 +0200] "GET /files/legter.zip HTTP/1.1" 200 206415 "-" "Mozilla/5.0 (compatible; DotBot/1.2; +https://opensiteexplorer.org/dotbot; help@moz.com)"
216.244.66.200 - - [14/Apr/2025:17:26:44 +0200] "GET /files/0402_horizont_lis.doc HTTP/1.1" 200 4160 "-" "Mozilla/5.0 (compatible; DotBot/1.2; +https://opensiteexplorer.org/dotbot; help@moz.com)"
216.244.66.200 - - [14/Apr/2025:17:27:14 +0200] "GET /files/ESR_korm_eloterjesztes.pdf HTTP/1.1" 200 1021178 "-" "Mozilla/5.0 (compatible; DotBot/1.2; +https://opensiteexplorer.org/dotbot; help@moz.com)"
66.249.66.85 - - [14/Apr/2025:17:42:01 +0200] "GET /files/madfarinfluenza_rendelet_egyeztetesre.pdf HTTP/1.1" 200 356842 "-" "Googlebot/2.1 (+http://www.google.com/bot.html)"
66.249.66.87 - - [14/Apr/2025:17:43:12 +0200] "GET /files/26_2007_hmr_mod_tervezet_devizaellatmanyarol.pdf HTTP/1.1" 200 104842 "-" "Googlebot/2.1 (+http://www.google.com/bot.html)"
216.244.66.200 - - [14/Apr/2025:17:55:19 +0200] "GET /robots.txt HTTP/1.1" 200 1590 "-" "Mozilla/5.0 (compatible; DotBot/1.2; +https://opensiteexplorer.org/dotbot; help@moz.com)"
66.249.66.85 - - [14/Apr/2025:17:55:57 +0200] "GET /files/me_1_3_51__1_080313.pdf HTTP/1.1" 200 243169 "-" "Googlebot/2.1 (+http://www.google.com/bot.html)"
66.249.66.86 - - [14/Apr/2025:18:02:02 +0200] "GET /files/egysz_fogl_terv_090512.pdf HTTP/1.1" 200 336516 "-" "Googlebot/2.1 (+http://www.google.com/bot.html)"
66.249.66.85 - - [14/Apr/2025:18:05:39 +0200] "GET /files/43_2003_fvm_mod.pdf HTTP/1.1" 200 44617 "-" "Googlebot/2.1 (+http://www.google.com/bot.html)"
216.244.66.200 - - [14/Apr/2025:18:13:17 +0200] "GET /files/11562.pdf HTTP/1.1" 200 219811 "-" "Mozilla/5.0 (compatible; DotBot/1.2; +https://opensiteexplorer.org/dotbot; help@moz.com)"
216.244.66.200 - - [14/Apr/2025:18:13:30 +0200] "GET /files/138_terv_070709.pdf HTTP/1.1" 200 217510 "-" "Mozilla/5.0 (compatible; DotBot/1.2; +https://opensiteexplorer.org/dotbot; help@moz.com)"
216.244.66.200 - - [14/Apr/2025:18:13:43 +0200] "GET /files/51995[1].pdf HTTP/1.1" 200 784820 "-" "Mozilla/5.0 (compatible; DotBot/1.2; +https://opensiteexplorer.org/dotbot; help@moz.com)"
216.244.66.200 - - [14/Apr/2025:18:13:54 +0200] "GET /files/vendeg_termek.zip HTTP/1.1" 200 49183 "-" "Mozilla/5.0 (compatible; DotBot/1.2; +https://opensiteexplorer.org/dotbot; help@moz.com)"
216.244.66.200 - - [14/Apr/2025:18:16:05 +0200] "GET /files/0720_T_rc_ra_Cs_rnyeberek.doc HTTP/1.1" 200 37888 "-" "Mozilla/5.0 (compatible; DotBot/1.2; +https://opensiteexplorer.org/dotbot; help@moz.com)"
216.244.66.200 - - [14/Apr/2025:18:16:19 +0200] "GET /files/apolas_terv_070516.pdf HTTP/1.1" 200 480585 "-" "Mozilla/5.0 (compatible; DotBot/1.2; +https://opensiteexplorer.org/dotbot; help@moz.com)"
216.244.66.200 - - [14/Apr/2025:18:16:33 +0200] "GET /files/kulturalis_szakertok_091209.pdf HTTP/1.1" 200 2407 "-" "Mozilla/5.0 (compatible; DotBot/1.2; +https://opensiteexplorer.org/dotbot; help@moz.com)"
216.244.66.200 - - [14/Apr/2025:18:16:46 +0200] "GET /files/miniszteri_statutum0806.pdf HTTP/1.1" 200 205234 "-" "Mozilla/5.0 (compatible; DotBot/1.2; +https://opensiteexplorer.org/dotbot; help@moz.com)"
216.244.66.200 - - [14/Apr/2025:18:17:00 +0200] "GET /files/pedagogiai_szakmai_080801.pdf HTTP/1.1" 200 326693 "-" "Mozilla/5.0 (compatible; DotBot/1.2; +https://opensiteexplorer.org/dotbot; help@moz.com)"
216.244.66.200 - - [14/Apr/2025:18:17:12 +0200] "GET /files/tervezet_szocialis_juttatas.pdf HTTP/1.1" 200 217753 "-" "Mozilla/5.0 (compatible; DotBot/1.2; +https://opensiteexplorer.org/dotbot; help@moz.com)"
