66.249.79.133 - - [03/Jun/2025:13:12:18 +0200] "GET /robots.txt HTTP/1.1" 200 1590 "-" "Mozilla/5.0 (compatible; Googlebot/2.1; +http://www.google.com/bot.html)"
66.249.70.65 - - [03/Jun/2025:13:15:58 +0200] "GET /robots.txt HTTP/1.1" 200 1590 "-" "Mozilla/5.0 (compatible; Googlebot/2.1; +http://www.google.com/bot.html)"
66.249.70.65 - - [03/Jun/2025:13:18:40 +0200] "GET /robots.txt HTTP/1.1" 200 1590 "-" "Mozilla/5.0 (compatible; Googlebot/2.1; +http://www.google.com/bot.html)"
66.249.64.10 - - [03/Jun/2025:13:19:14 +0200] "GET /files/12009_25.pdf HTTP/1.1" 200 206545 "-" "Googlebot/2.1 (+http://www.google.com/bot.html)"
4.227.36.1 - - [03/Jun/2025:13:20:17 +0200] "GET /robots.txt HTTP/1.1" 200 1590 "-" "Mozilla/5.0 AppleWebKit/537.36 (KHTML, like Gecko; compatible; GPTBot/1.2; +https://openai.com/gptbot)"
66.249.70.65 - - [03/Jun/2025:13:20:17 +0200] "GET /robots.txt HTTP/1.1" 200 1590 "-" "Mozilla/5.0 (compatible; Googlebot/2.1; +http://www.google.com/bot.html)"
20.171.207.109 - - [03/Jun/2025:13:20:19 +0200] "GET /files/NFGM2005.pdf HTTP/1.1" 200 201548 "-" "Mozilla/5.0 AppleWebKit/537.36 (KHTML, like Gecko; compatible; GPTBot/1.2; +https://openai.com/gptbot)"
66.249.64.10 - - [03/Jun/2025:13:20:35 +0200] "GET /files/hagyomanyos_indoklas.pdf HTTP/1.1" 200 49607 "-" "Googlebot/2.1 (+http://www.google.com/bot.html)"
66.249.64.9 - - [03/Jun/2025:13:23:10 +0200] "GET /files/9663.pdf HTTP/1.1" 200 202047 "-" "Googlebot/2.1 (+http://www.google.com/bot.html)"
66.249.70.65 - - [03/Jun/2025:13:24:55 +0200] "GET /robots.txt HTTP/1.1" 200 1590 "-" "Mozilla/5.0 (compatible; Googlebot/2.1; +http://www.google.com/bot.html)"
66.249.70.67 - - [03/Jun/2025:13:34:43 +0200] "GET /files/27_2009_OM-rend.pdf HTTP/1.1" 304 - "-" "Mozilla/5.0 (Linux; Android 6.0.1; Nexus 5X Build/MMB29P) AppleWebKit/537.36 (KHTML, like Gecko) Chrome/136.0.7103.113 Mobile Safari/537.36 (compatible; Googlebot/2.1; +http://www.google.com/bot.html)"
51.222.253.11 - - [03/Jun/2025:13:39:04 +0200] "GET /robots.txt HTTP/1.1" 200 1590 "-" "Mozilla/5.0 (compatible; AhrefsBot/7.0; +http://ahrefs.com/robot/)"
145.236.73.81 - - [03/Jun/2025:13:41:47 +0200] "GET /robots.txt HTTP/1.1" 200 1590 "-" "Mozilla/5.0 (compatible; Googlebot/2.1; +http://www.google.com/bot.html)"
66.249.64.9 - - [03/Jun/2025:13:41:48 +0200] "GET /files/szakertoirendelettervezet1.doc HTTP/1.1" 200 313344 "-" "Mozilla/5.0 (compatible; Googlebot/2.1; +http://www.google.com/bot.html)"
145.236.72.139 - - [03/Jun/2025:13:41:50 +0200] "GET /files/szakertoirendelettervezet1.doc HTTP/1.1" 200 313344 "-" "Mozilla/5.0 (compatible; Googlebot/2.1; +http://www.google.com/bot.html)"
66.249.70.67 - - [03/Jun/2025:13:46:00 +0200] "GET /files/16_evesek_ingy_orv_vizsg_min_rend_090129.doc HTTP/1.1" 304 - "-" "Mozilla/5.0 (Linux; Android 6.0.1; Nexus 5X Build/MMB29P) AppleWebKit/537.36 (KHTML, like Gecko) Chrome/136.0.7103.113 Mobile Safari/537.36 (compatible; Googlebot/2.1; +http://www.google.com/bot.html)"
40.77.167.123 - - [03/Jun/2025:14:20:37 +0200] "GET /files/kjt_terv_070928.pdf HTTP/1.1" 200 338931 "-" "Mozilla/5.0 AppleWebKit/537.36 (KHTML, like Gecko; compatible; bingbot/2.0; +http://www.bing.com/bingbot.htm) Chrome/116.0.1938.76 Safari/537.36"
79.209.43.177 - - [03/Jun/2025:14:25:01 +0200] "GET /files/cegbejegyzesi_eljaras_21_per_2006__02_12_fin.doc HTTP/1.1" 200 54272 "-" "Mozilla/5.0 (Windows NT 10.0; WOW64; Trident/7.0; rv:11.0) like Gecko"
66.249.64.9 - - [03/Jun/2025:14:29:31 +0200] "GET /files/kkv_koncepcio.pdf HTTP/1.1" 200 497733 "-" "Mozilla/5.0 AppleWebKit/537.36 (KHTML, like Gecko; compatible; GoogleOther) Chrome/136.0.7103.113 Safari/537.36"
20.171.207.109 - - [03/Jun/2025:14:30:06 +0200] "GET /files/NFGM1713.pdf HTTP/1.1" 200 203993 "-" "Mozilla/5.0 AppleWebKit/537.36 (KHTML, like Gecko; compatible; GPTBot/1.2; +https://openai.com/gptbot)"
40.77.167.25 - - [03/Jun/2025:14:34:26 +0200] "GET /files/Tuzszolszab..pdf HTTP/1.1" 304 - "-" "Mozilla/5.0 AppleWebKit/537.36 (KHTML, like Gecko; compatible; bingbot/2.0; +http://www.bing.com/bingbot.htm) Chrome/116.0.1938.76 Safari/537.36"
216.244.66.200 - - [03/Jun/2025:14:54:39 +0200] "GET /robots.txt HTTP/1.1" 200 1590 "-" "Mozilla/5.0 (compatible; DotBot/1.2; +https://opensiteexplorer.org/dotbot; help@moz.com)"
66.249.64.10 - - [03/Jun/2025:14:59:31 +0200] "GET /files/EA_vizsg_elemzes.pdf HTTP/1.1" 200 978455 "-" "Mozilla/5.0 AppleWebKit/537.36 (KHTML, like Gecko; compatible; GoogleOther) Chrome/136.0.7103.113 Safari/537.36"
66.249.64.9 - - [03/Jun/2025:14:59:33 +0200] "GET /files/EA_vizsg_elemzes.pdf HTTP/1.1" 200 978455 "-" "Mozilla/5.0 (Linux; Android 6.0.1; Nexus 5X Build/MMB29P) AppleWebKit/537.36 (KHTML, like Gecko) Chrome/136.0.7103.113 Mobile Safari/537.36 (compatible; GoogleOther)"
66.249.70.66 - - [03/Jun/2025:14:59:34 +0200] "GET /files/kerettantervek_szakisk_inf_alligra_060516.pdf HTTP/1.1" 200 407763 "-" "Mozilla/5.0 AppleWebKit/537.36 (KHTML, like Gecko; compatible; GoogleOther) Chrome/136.0.7103.113 Safari/537.36"
66.249.64.10 - - [03/Jun/2025:15:03:01 +0200] "GET /node/2590 HTTP/1.1" 200 - "-" "Mozilla/5.0 (Linux; Android 6.0.1; Nexus 5X Build/MMB29P) AppleWebKit/537.36 (KHTML, like Gecko) Chrome/136.0.7103.113 Mobile Safari/537.36 (compatible; Googlebot/2.1; +http://www.google.com/bot.html)"
216.244.66.200 - - [03/Jun/2025:15:04:31 +0200] "GET /files/OM_9161_2009_ingatlankozvetites.pdf HTTP/1.1" 200 78374 "-" "Mozilla/5.0 (compatible; DotBot/1.2; +https://opensiteexplorer.org/dotbot; help@moz.com)"
216.244.66.200 - - [03/Jun/2025:15:15:24 +0200] "GET /node/1248 HTTP/1.1" 200 - "-" "Mozilla/5.0 (compatible; DotBot/1.2; +https://opensiteexplorer.org/dotbot; help@moz.com)"
216.244.66.200 - - [03/Jun/2025:15:16:04 +0200] "GET /node/1293 HTTP/1.1" 200 - "-" "Mozilla/5.0 (compatible; DotBot/1.2; +https://opensiteexplorer.org/dotbot; help@moz.com)"
216.244.66.200 - - [03/Jun/2025:15:16:54 +0200] "GET /node/139 HTTP/1.1" 200 - "-" "Mozilla/5.0 (compatible; DotBot/1.2; +https://opensiteexplorer.org/dotbot; help@moz.com)"
216.244.66.200 - - [03/Jun/2025:15:17:45 +0200] "GET /node/293 HTTP/1.1" 200 - "-" "Mozilla/5.0 (compatible; DotBot/1.2; +https://opensiteexplorer.org/dotbot; help@moz.com)"
216.244.66.200 - - [03/Jun/2025:15:18:34 +0200] "GET /node/322 HTTP/1.1" 200 - "-" "Mozilla/5.0 (compatible; DotBot/1.2; +https://opensiteexplorer.org/dotbot; help@moz.com)"
216.244.66.200 - - [03/Jun/2025:15:19:24 +0200] "GET /node/348 HTTP/1.1" 200 - "-" "Mozilla/5.0 (compatible; DotBot/1.2; +https://opensiteexplorer.org/dotbot; help@moz.com)"
216.244.66.200 - - [03/Jun/2025:15:20:15 +0200] "GET /node/489 HTTP/1.1" 200 - "-" "Mozilla/5.0 (compatible; DotBot/1.2; +https://opensiteexplorer.org/dotbot; help@moz.com)"
216.244.66.200 - - [03/Jun/2025:15:21:05 +0200] "GET /node/630 HTTP/1.1" 200 - "-" "Mozilla/5.0 (compatible; DotBot/1.2; +https://opensiteexplorer.org/dotbot; help@moz.com)"
216.244.66.200 - - [03/Jun/2025:15:21:56 +0200] "GET /node/637 HTTP/1.1" 200 - "-" "Mozilla/5.0 (compatible; DotBot/1.2; +https://opensiteexplorer.org/dotbot; help@moz.com)"
216.244.66.200 - - [03/Jun/2025:15:22:46 +0200] "GET /node/848 HTTP/1.1" 200 - "-" "Mozilla/5.0 (compatible; DotBot/1.2; +https://opensiteexplorer.org/dotbot; help@moz.com)"
66.249.70.67 - - [03/Jun/2025:15:29:32 +0200] "GET /files/ebh_2006_jelentes_070619.pdf HTTP/1.1" 200 742359 "-" "Mozilla/5.0 AppleWebKit/537.36 (KHTML, like Gecko; compatible; GoogleOther) Chrome/136.0.7103.113 Safari/537.36"
66.249.70.66 - - [03/Jun/2025:15:35:17 +0200] "GET /files/OHT_II_febr2.pdf HTTP/1.1" 304 - "-" "Mozilla/5.0 (Linux; Android 6.0.1; Nexus 5X Build/MMB29P) AppleWebKit/537.36 (KHTML, like Gecko) Chrome/136.0.7103.113 Mobile Safari/537.36 (compatible; Googlebot/2.1; +http://www.google.com/bot.html)"
66.249.64.11 - - [03/Jun/2025:15:39:58 +0200] "GET /files/vedett_fogl_eloterj_061103.pdf HTTP/1.1" 200 222205 "-" "Googlebot/2.1 (+http://www.google.com/bot.html)"
216.244.66.200 - - [03/Jun/2025:15:53:44 +0200] "GET /robots.txt HTTP/1.1" 200 1590 "-" "Mozilla/5.0 (compatible; DotBot/1.2; +https://opensiteexplorer.org/dotbot; help@moz.com)"
66.249.70.67 - - [03/Jun/2025:16:06:13 +0200] "GET /files/eszcsm_rendelet_mod_061102.pdf HTTP/1.1" 200 110284 "-" "Googlebot/2.1 (+http://www.google.com/bot.html)"
216.244.66.200 - - [03/Jun/2025:16:06:24 +0200] "GET /node/101 HTTP/1.1" 200 - "-" "Mozilla/5.0 (compatible; DotBot/1.2; +https://opensiteexplorer.org/dotbot; help@moz.com)"
216.244.66.200 - - [03/Jun/2025:16:06:49 +0200] "GET /taxonomy/term/25?page=11 HTTP/1.1" 200 - "-" "Mozilla/5.0 (compatible; DotBot/1.2; +https://opensiteexplorer.org/dotbot; help@moz.com)"
216.244.66.200 - - [03/Jun/2025:16:07:16 +0200] "GET /node/1286 HTTP/1.1" 200 - "-" "Mozilla/5.0 (compatible; DotBot/1.2; +https://opensiteexplorer.org/dotbot; help@moz.com)"
216.244.66.200 - - [03/Jun/2025:16:08:06 +0200] "GET /node/1428 HTTP/1.1" 200 - "-" "Mozilla/5.0 (compatible; DotBot/1.2; +https://opensiteexplorer.org/dotbot; help@moz.com)"
216.244.66.200 - - [03/Jun/2025:16:08:56 +0200] "GET /node/1429 HTTP/1.1" 200 - "-" "Mozilla/5.0 (compatible; DotBot/1.2; +https://opensiteexplorer.org/dotbot; help@moz.com)"
216.244.66.200 - - [03/Jun/2025:16:09:46 +0200] "GET /node/1440 HTTP/1.1" 200 - "-" "Mozilla/5.0 (compatible; DotBot/1.2; +https://opensiteexplorer.org/dotbot; help@moz.com)"
216.244.66.200 - - [03/Jun/2025:16:10:37 +0200] "GET /node/1565 HTTP/1.1" 200 - "-" "Mozilla/5.0 (compatible; DotBot/1.2; +https://opensiteexplorer.org/dotbot; help@moz.com)"
66.249.70.67 - - [03/Jun/2025:16:10:56 +0200] "GET /files/rendelet_icsszem_fejezetikezeloiranyzat.pdf HTTP/1.1" 200 314661 "-" "Googlebot/2.1 (+http://www.google.com/bot.html)"
216.244.66.200 - - [03/Jun/2025:16:11:27 +0200] "GET /node/1593 HTTP/1.1" 200 - "-" "Mozilla/5.0 (compatible; DotBot/1.2; +https://opensiteexplorer.org/dotbot; help@moz.com)"
216.244.66.200 - - [03/Jun/2025:16:12:17 +0200] "GET /node/1941 HTTP/1.1" 200 - "-" "Mozilla/5.0 (compatible; DotBot/1.2; +https://opensiteexplorer.org/dotbot; help@moz.com)"
216.244.66.200 - - [03/Jun/2025:16:13:07 +0200] "GET /node/2360 HTTP/1.1" 200 - "-" "Mozilla/5.0 (compatible; DotBot/1.2; +https://opensiteexplorer.org/dotbot; help@moz.com)"
66.249.70.65 - - [03/Jun/2025:16:13:18 +0200] "GET /files/elemiszerkonyv122007.pdf HTTP/1.1" 200 152700 "-" "Mozilla/5.0 (Linux; Android 6.0.1; Nexus 5X Build/MMB29P) AppleWebKit/537.36 (KHTML, like Gecko) Chrome/136.0.7103.113 Mobile Safari/537.36 (compatible; Googlebot/2.1; +http://www.google.com/bot.html)"
216.244.66.200 - - [03/Jun/2025:16:13:57 +0200] "GET /node/2394 HTTP/1.1" 200 - "-" "Mozilla/5.0 (compatible; DotBot/1.2; +https://opensiteexplorer.org/dotbot; help@moz.com)"
66.249.64.9 - - [03/Jun/2025:16:29:44 +0200] "GET /files/kkk_mod_honlapra_070914.pdf HTTP/1.1" 200 809046 "-" "Mozilla/5.0 AppleWebKit/537.36 (KHTML, like Gecko; compatible; GoogleOther) Chrome/136.0.7103.113 Safari/537.36"
66.249.70.66 - - [03/Jun/2025:16:29:45 +0200] "GET /files/NFGM3656.pdf HTTP/1.1" 200 154520 "-" "Mozilla/5.0 AppleWebKit/537.36 (KHTML, like Gecko; compatible; GoogleOther) Chrome/136.0.7103.113 Safari/537.36"
66.249.70.67 - - [03/Jun/2025:16:31:18 +0200] "GET /files/NFGM3656.pdf HTTP/1.1" 200 154520 "-" "Mozilla/5.0 (Linux; Android 6.0.1; Nexus 5X Build/MMB29P) AppleWebKit/537.36 (KHTML, like Gecko) Chrome/136.0.7103.113 Mobile Safari/537.36 (compatible; Googlebot/2.1; +http://www.google.com/bot.html)"
216.244.66.200 - - [03/Jun/2025:16:41:53 +0200] "GET /robots.txt HTTP/1.1" 200 1590 "-" "Mozilla/5.0 (compatible; DotBot/1.2; +https://opensiteexplorer.org/dotbot; help@moz.com)"
216.244.66.200 - - [03/Jun/2025:16:47:09 +0200] "GET /node/1158 HTTP/1.1" 200 - "-" "Mozilla/5.0 (compatible; DotBot/1.2; +https://opensiteexplorer.org/dotbot; help@moz.com)"
40.77.167.14 - - [03/Jun/2025:16:51:01 +0200] "GET /files/253-1997-korm-rend.pdf HTTP/1.1" 304 - "-" "Mozilla/5.0 AppleWebKit/537.36 (KHTML, like Gecko; compatible; bingbot/2.0; +http://www.bing.com/bingbot.htm) Chrome/116.0.1938.76 Safari/537.36"
52.167.144.172 - - [03/Jun/2025:16:52:00 +0200] "GET /files/_a9i178srqk1mm6sskddlmarjkg9pg_.pdf HTTP/1.1" 304 - "-" "Mozilla/5.0 AppleWebKit/537.36 (KHTML, like Gecko; compatible; bingbot/2.0; +http://www.bing.com/bingbot.htm) Chrome/116.0.1938.76 Safari/537.36"
4.227.36.41 - - [03/Jun/2025:16:54:07 +0200] "GET /robots.txt HTTP/1.1" 200 1590 "-" "Mozilla/5.0 AppleWebKit/537.36 (KHTML, like Gecko; compatible; GPTBot/1.2; +https://openai.com/gptbot)"
20.171.207.250 - - [03/Jun/2025:16:54:40 +0200] "GET / HTTP/1.1" 200 - "-" "Mozilla/5.0 AppleWebKit/537.36 (KHTML, like Gecko; compatible; GPTBot/1.2; +https://openai.com/gptbot)"
20.171.207.250 - - [03/Jun/2025:16:55:10 +0200] "GET / HTTP/1.1" 200 - "-" "Mozilla/5.0 AppleWebKit/537.36 (KHTML, like Gecko; compatible; GPTBot/1.2; +https://openai.com/gptbot)"
216.244.66.200 - - [03/Jun/2025:16:58:42 +0200] "GET /node/2540 HTTP/1.1" 200 - "-" "Mozilla/5.0 (compatible; DotBot/1.2; +https://opensiteexplorer.org/dotbot; help@moz.com)"
66.249.64.10 - - [03/Jun/2025:16:59:40 +0200] "GET /files/1594_11.pdf HTTP/1.1" 200 358011 "-" "Mozilla/5.0 AppleWebKit/537.36 (KHTML, like Gecko; compatible; GoogleOther) Chrome/136.0.7103.113 Safari/537.36"
216.244.66.200 - - [03/Jun/2025:17:04:24 +0200] "GET /node?page=191 HTTP/1.1" 200 - "-" "Mozilla/5.0 (compatible; DotBot/1.2; +https://opensiteexplorer.org/dotbot; help@moz.com)"
216.244.66.200 - - [03/Jun/2025:17:05:14 +0200] "GET /node?page=47 HTTP/1.1" 200 - "-" "Mozilla/5.0 (compatible; DotBot/1.2; +https://opensiteexplorer.org/dotbot; help@moz.com)"
216.244.66.200 - - [03/Jun/2025:17:06:04 +0200] "GET /node?page=99 HTTP/1.1" 200 - "-" "Mozilla/5.0 (compatible; DotBot/1.2; +https://opensiteexplorer.org/dotbot; help@moz.com)"
216.244.66.200 - - [03/Jun/2025:17:06:54 +0200] "GET /node/1094 HTTP/1.1" 200 - "-" "Mozilla/5.0 (compatible; DotBot/1.2; +https://opensiteexplorer.org/dotbot; help@moz.com)"
216.244.66.200 - - [03/Jun/2025:17:07:44 +0200] "GET /node/1190 HTTP/1.1" 200 - "-" "Mozilla/5.0 (compatible; DotBot/1.2; +https://opensiteexplorer.org/dotbot; help@moz.com)"
216.244.66.200 - - [03/Jun/2025:17:08:35 +0200] "GET /node/1309 HTTP/1.1" 200 - "-" "Mozilla/5.0 (compatible; DotBot/1.2; +https://opensiteexplorer.org/dotbot; help@moz.com)"
216.244.66.200 - - [03/Jun/2025:17:09:27 +0200] "GET /node/1355 HTTP/1.1" 200 - "-" "Mozilla/5.0 (compatible; DotBot/1.2; +https://opensiteexplorer.org/dotbot; help@moz.com)"
216.244.66.200 - - [03/Jun/2025:17:10:17 +0200] "GET /node/1466 HTTP/1.1" 200 - "-" "Mozilla/5.0 (compatible; DotBot/1.2; +https://opensiteexplorer.org/dotbot; help@moz.com)"
216.244.66.200 - - [03/Jun/2025:17:11:07 +0200] "GET /node/1926 HTTP/1.1" 200 - "-" "Mozilla/5.0 (compatible; DotBot/1.2; +https://opensiteexplorer.org/dotbot; help@moz.com)"
66.249.70.65 - - [03/Jun/2025:17:28:33 +0200] "GET /files/katonai_beosztasok_rendelet_tervezet.pdf HTTP/1.1" 200 44120 "-" "Googlebot/2.1 (+http://www.google.com/bot.html)"
216.244.66.200 - - [03/Jun/2025:17:31:19 +0200] "GET /robots.txt HTTP/1.1" 200 1590 "-" "Mozilla/5.0 (compatible; DotBot/1.2; +https://opensiteexplorer.org/dotbot; help@moz.com)"
216.244.66.200 - - [03/Jun/2025:17:41:22 +0200] "GET /taxonomy/term/38 HTTP/1.1" 200 - "-" "Mozilla/5.0 (compatible; DotBot/1.2; +https://opensiteexplorer.org/dotbot; help@moz.com)"
216.244.66.200 - - [03/Jun/2025:17:42:00 +0200] "GET /files/SKV_jegyzokonyv_KOZIG.pdf HTTP/1.1" 200 407778 "-" "Mozilla/5.0 (compatible; DotBot/1.2; +https://opensiteexplorer.org/dotbot; help@moz.com)"
216.244.66.200 - - [03/Jun/2025:17:42:11 +0200] "GET /files/felj_ter_gyogysz_gyart_eng_EuM_rend_terv_100415.doc HTTP/1.1" 200 96256 "-" "Mozilla/5.0 (compatible; DotBot/1.2; +https://opensiteexplorer.org/dotbot; help@moz.com)"
52.167.144.214 - - [03/Jun/2025:17:45:47 +0200] "GET /files/TK150_2.pdf HTTP/1.1" 200 159287 "-" "Mozilla/5.0 AppleWebKit/537.36 (KHTML, like Gecko; compatible; bingbot/2.0; +http://www.bing.com/bingbot.htm) Chrome/116.0.1938.76 Safari/537.36"
66.249.70.65 - - [03/Jun/2025:17:47:06 +0200] "GET /files/232024.pdf HTTP/1.1" 200 119837 "-" "Googlebot/2.1 (+http://www.google.com/bot.html)"
216.244.66.200 - - [03/Jun/2025:17:48:23 +0200] "GET /node/2565 HTTP/1.1" 200 - "-" "Mozilla/5.0 (compatible; DotBot/1.2; +https://opensiteexplorer.org/dotbot; help@moz.com)"
216.244.66.200 - - [03/Jun/2025:17:49:18 +0200] "GET /node/2606 HTTP/1.1" 200 - "-" "Mozilla/5.0 (compatible; DotBot/1.2; +https://opensiteexplorer.org/dotbot; help@moz.com)"
66.249.70.66 - - [03/Jun/2025:17:54:53 +0200] "GET /files/13_97_mod_tervezet.pdf HTTP/1.1" 200 188136 "-" "Googlebot/2.1 (+http://www.google.com/bot.html)"
216.244.66.200 - - [03/Jun/2025:17:55:09 +0200] "GET /node/1377 HTTP/1.1" 200 - "-" "Mozilla/5.0 (compatible; DotBot/1.2; +https://opensiteexplorer.org/dotbot; help@moz.com)"
216.244.66.200 - - [03/Jun/2025:17:55:59 +0200] "GET /node/1471 HTTP/1.1" 200 - "-" "Mozilla/5.0 (compatible; DotBot/1.2; +https://opensiteexplorer.org/dotbot; help@moz.com)"
216.244.66.200 - - [03/Jun/2025:17:56:49 +0200] "GET /node/1491 HTTP/1.1" 200 - "-" "Mozilla/5.0 (compatible; DotBot/1.2; +https://opensiteexplorer.org/dotbot; help@moz.com)"
66.249.70.65 - - [03/Jun/2025:17:57:08 +0200] "GET /files/_gde16r0jef5pmas3ig9pg_.pdf HTTP/1.1" 200 227880 "-" "Googlebot/2.1 (+http://www.google.com/bot.html)"
216.244.66.200 - - [03/Jun/2025:17:57:39 +0200] "GET /node/1521 HTTP/1.1" 200 - "-" "Mozilla/5.0 (compatible; DotBot/1.2; +https://opensiteexplorer.org/dotbot; help@moz.com)"
216.244.66.200 - - [03/Jun/2025:17:58:29 +0200] "GET /node/1528 HTTP/1.1" 200 - "-" "Mozilla/5.0 (compatible; DotBot/1.2; +https://opensiteexplorer.org/dotbot; help@moz.com)"
216.244.66.200 - - [03/Jun/2025:17:59:20 +0200] "GET /node/1586 HTTP/1.1" 200 - "-" "Mozilla/5.0 (compatible; DotBot/1.2; +https://opensiteexplorer.org/dotbot; help@moz.com)"
66.249.64.11 - - [03/Jun/2025:18:00:01 +0200] "GET /files/szakszo_hajozo_5mell.pdf HTTP/1.1" 200 50877 "-" "Googlebot/2.1 (+http://www.google.com/bot.html)"
216.244.66.200 - - [03/Jun/2025:18:00:10 +0200] "GET /node/1588 HTTP/1.1" 200 - "-" "Mozilla/5.0 (compatible; DotBot/1.2; +https://opensiteexplorer.org/dotbot; help@moz.com)"
66.249.70.66 - - [03/Jun/2025:18:00:17 +0200] "GET /files/megv_mkepesseg_070108.pdf HTTP/1.1" 200 234129 "-" "Googlebot/2.1 (+http://www.google.com/bot.html)"
216.244.66.200 - - [03/Jun/2025:18:01:00 +0200] "GET /node/160 HTTP/1.1" 200 - "-" "Mozilla/5.0 (compatible; DotBot/1.2; +https://opensiteexplorer.org/dotbot; help@moz.com)"
66.249.64.10 - - [03/Jun/2025:18:01:45 +0200] "GET /files/tk133.pdf HTTP/1.1" 200 135795 "-" "Googlebot/2.1 (+http://www.google.com/bot.html)"
216.244.66.200 - - [03/Jun/2025:18:01:50 +0200] "GET /node/1610 HTTP/1.1" 200 - "-" "Mozilla/5.0 (compatible; DotBot/1.2; +https://opensiteexplorer.org/dotbot; help@moz.com)"
66.249.70.67 - - [03/Jun/2025:18:03:33 +0200] "GET /files/4168_NAVA.pdf HTTP/1.1" 200 178686 "-" "Googlebot/2.1 (+http://www.google.com/bot.html)"
66.249.70.65 - - [03/Jun/2025:18:04:14 +0200] "GET /files/NFGM_3352.pdf HTTP/1.1" 200 363586 "-" "Googlebot/2.1 (+http://www.google.com/bot.html)"
66.249.64.10 - - [03/Jun/2025:18:05:20 +0200] "GET /files/219-2004_kozigazgatasi_egyeztetesre_0930.pdf HTTP/1.1" 200 296932 "-" "Googlebot/2.1 (+http://www.google.com/bot.html)"
66.220.29.7 - - [03/Jun/2025:18:05:34 +0200] "GET /files/Tervezet_a_vegrehajtoi_kezbesites_eljarasi_szabalyairol.pdf HTTP/1.1" 200 159770 "-" "Mozilla/5.0 (Windows NT 10.0; Win64; x64) AppleWebKit/537.36 (KHTML, like Gecko) Chrome/100.0.6545.268 Safari/537.36"
66.249.64.11 - - [03/Jun/2025:18:09:12 +0200] "GET /files/torveny_tervezet_felsooktatas_jogallasarol.pdf HTTP/1.1" 200 86154 "-" "Googlebot/2.1 (+http://www.google.com/bot.html)"
66.249.70.65 - - [03/Jun/2025:18:10:46 +0200] "GET /files/TK58.pdf HTTP/1.1" 200 166197 "-" "Googlebot/2.1 (+http://www.google.com/bot.html)"
66.249.64.9 - - [03/Jun/2025:18:13:59 +0200] "GET /files/4_sz_melleklet_061031.pdf HTTP/1.1" 200 102489 "-" "Googlebot/2.1 (+http://www.google.com/bot.html)"
66.249.70.66 - - [03/Jun/2025:18:17:28 +0200] "GET /files/ihm_rend_radio_amator.pdf HTTP/1.1" 200 573791 "-" "Googlebot/2.1 (+http://www.google.com/bot.html)"
66.249.64.9 - - [03/Jun/2025:18:18:17 +0200] "GET /files/legiforgalmi_1mellekletl.pdf HTTP/1.1" 200 188737 "-" "Googlebot/2.1 (+http://www.google.com/bot.html)"
66.249.70.66 - - [03/Jun/2025:18:18:28 +0200] "GET /files/szoc.szovetkezetek.pdf HTTP/1.1" 200 332984 "-" "Googlebot/2.1 (+http://www.google.com/bot.html)"
66.249.70.66 - - [03/Jun/2025:18:20:13 +0200] "GET /files/_4eg3fmujfdhqa4st0ctlmipb7g9pnl8bk0q5n983ddtjm2t50edgg_.pdf HTTP/1.1" 200 120136 "-" "Googlebot/2.1 (+http://www.google.com/bot.html)"
66.249.64.10 - - [03/Jun/2025:18:24:00 +0200] "GET /files/93_2_tv_mod_kormeloterj.pdf HTTP/1.1" 200 179567 "-" "Googlebot/2.1 (+http://www.google.com/bot.html)"
66.249.70.65 - - [03/Jun/2025:18:24:22 +0200] "GET /files/konf_program_0.pdf HTTP/1.1" 200 53751 "-" "Googlebot/2.1 (+http://www.google.com/bot.html)"
66.249.70.66 - - [03/Jun/2025:18:27:01 +0200] "GET /files/17_2008_mod_terv_100301.pdf HTTP/1.1" 200 233440 "-" "Googlebot/2.1 (+http://www.google.com/bot.html)"
66.249.70.66 - - [03/Jun/2025:18:27:23 +0200] "GET /files/szoftverrendelet.pdf HTTP/1.1" 200 262870 "-" "Googlebot/2.1 (+http://www.google.com/bot.html)"
66.249.64.9 - - [03/Jun/2025:18:27:36 +0200] "GET /files/orszszi_terv_070530.pdf HTTP/1.1" 200 478463 "-" "Googlebot/2.1 (+http://www.google.com/bot.html)"
66.249.70.65 - - [03/Jun/2025:18:27:41 +0200] "GET /files/27_2001_hm_r_mod_20080410.pdf HTTP/1.1" 200 124624 "-" "Googlebot/2.1 (+http://www.google.com/bot.html)"
66.249.64.9 - - [03/Jun/2025:18:27:50 +0200] "GET /files/177539.pdf HTTP/1.1" 200 135456 "-" "Googlebot/2.1 (+http://www.google.com/bot.html)"
66.249.70.65 - - [03/Jun/2025:18:27:55 +0200] "GET /files/rendelet_icsszem_fejkezelo_melleklet2.pdf HTTP/1.1" 200 197191 "-" "Googlebot/2.1 (+http://www.google.com/bot.html)"
66.249.64.11 - - [03/Jun/2025:18:28:04 +0200] "GET /files/TK56_3.pdf HTTP/1.1" 200 231252 "-" "Googlebot/2.1 (+http://www.google.com/bot.html)"
66.249.64.10 - - [03/Jun/2025:18:31:47 +0200] "GET /files/drog_jelentes_terv_061211.pdf HTTP/1.1" 200 1383649 "-" "Googlebot/2.1 (+http://www.google.com/bot.html)"
66.249.70.67 - - [03/Jun/2025:18:32:40 +0200] "GET /files/_lehin4tjkc5na0orjdtlg_.pdf HTTP/1.1" 200 165650 "-" "Googlebot/2.1 (+http://www.google.com/bot.html)"
66.249.64.11 - - [03/Jun/2025:18:32:56 +0200] "GET /files/legiforgalmi_2melleklet.pdf HTTP/1.1" 200 191217 "-" "Googlebot/2.1 (+http://www.google.com/bot.html)"
66.249.70.66 - - [03/Jun/2025:18:33:31 +0200] "GET /files/gepjarmu_rendelet.pdf HTTP/1.1" 200 101357 "-" "Googlebot/2.1 (+http://www.google.com/bot.html)"
66.249.70.66 - - [03/Jun/2025:18:33:46 +0200] "GET /files/_pe9km2srqeig76qbkclp7c_.pdf HTTP/1.1" 200 511063 "-" "Googlebot/2.1 (+http://www.google.com/bot.html)"
66.249.64.9 - - [03/Jun/2025:18:34:02 +0200] "GET /files/465.pdf HTTP/1.1" 200 179876 "-" "Googlebot/2.1 (+http://www.google.com/bot.html)"
66.249.64.9 - - [03/Jun/2025:18:34:06 +0200] "GET /files/9369_8.pdf HTTP/1.1" 200 328584 "-" "Googlebot/2.1 (+http://www.google.com/bot.html)"
66.249.70.67 - - [03/Jun/2025:18:34:33 +0200] "GET /files/090311kumrendelet_fejezetikezeles.pdf HTTP/1.1" 200 205554 "-" "Googlebot/2.1 (+http://www.google.com/bot.html)"
66.249.64.11 - - [03/Jun/2025:18:37:03 +0200] "GET /files/penz_term_eloterj_061211.pdf HTTP/1.1" 200 397118 "-" "Googlebot/2.1 (+http://www.google.com/bot.html)"
66.249.70.66 - - [03/Jun/2025:18:41:56 +0200] "GET /files/muzszakfelugy_terv_081103.pdf HTTP/1.1" 200 216510 "-" "Googlebot/2.1 (+http://www.google.com/bot.html)"
43.166.226.186 - - [03/Jun/2025:18:43:18 +0200] "GET / HTTP/1.1" 200 - "-" "Mozilla/5.0 (iPhone; CPU iPhone OS 13_2_3 like Mac OS X) AppleWebKit/605.1.15 (KHTML, like Gecko) Version/13.0.3 Mobile/15E148 Safari/604.1"
66.249.70.66 - - [03/Jun/2025:18:43:27 +0200] "GET /files/igazsagugyiszakerto.pdf HTTP/1.1" 200 131284 "-" "Googlebot/2.1 (+http://www.google.com/bot.html)"
66.249.70.66 - - [03/Jun/2025:18:53:14 +0200] "GET /files/bizottsagok6.pdf HTTP/1.1" 200 80011 "-" "Googlebot/2.1 (+http://www.google.com/bot.html)"
66.249.64.11 - - [03/Jun/2025:18:57:35 +0200] "GET /files/drogback_eloterj_5_indokolas_061129.pdf HTTP/1.1" 200 96381 "-" "Googlebot/2.1 (+http://www.google.com/bot.html)"
66.249.64.9 - - [03/Jun/2025:18:59:38 +0200] "GET /files/13_ho_terv_080430.pdf HTTP/1.1" 200 272954 "-" "Mozilla/5.0 AppleWebKit/537.36 (KHTML, like Gecko; compatible; GoogleOther) Chrome/136.0.7103.113 Safari/537.36"
66.249.70.66 - - [03/Jun/2025:19:00:16 +0200] "GET /files/mpa_terv_070306.pdf HTTP/1.1" 200 318033 "-" "Googlebot/2.1 (+http://www.google.com/bot.html)"
66.249.70.65 - - [03/Jun/2025:19:00:53 +0200] "GET /files/eloterjesztes_29_1993kormrend_mod.pdf HTTP/1.1" 200 181958 "-" "Googlebot/2.1 (+http://www.google.com/bot.html)"
66.249.64.10 - - [03/Jun/2025:19:01:51 +0200] "GET /files/vhr_modositas_060529_0.pdf HTTP/1.1" 200 129937 "-" "Googlebot/2.1 (+http://www.google.com/bot.html)"
66.249.64.10 - - [03/Jun/2025:19:02:04 +0200] "GET /files/kulfoldi_szolgalat_jarandosagok.pdf HTTP/1.1" 200 119949 "-" "Googlebot/2.1 (+http://www.google.com/bot.html)"
66.249.64.9 - - [03/Jun/2025:19:05:02 +0200] "GET /files/hagyomanyos_szab_jav.pdf HTTP/1.1" 200 50007 "-" "Googlebot/2.1 (+http://www.google.com/bot.html)"
66.249.70.65 - - [03/Jun/2025:19:06:41 +0200] "GET /files/vedelmi_kijeloles1.pdf HTTP/1.1" 200 76587 "-" "Googlebot/2.1 (+http://www.google.com/bot.html)"
66.249.64.9 - - [03/Jun/2025:19:13:27 +0200] "GET /files/hmrend_tervezet_mh_legvedelmi_keszenleti_repuleseirol.pdf HTTP/1.1" 200 114953 "-" "Googlebot/2.1 (+http://www.google.com/bot.html)"
66.249.64.10 - - [03/Jun/2025:19:15:25 +0200] "GET /files/legiforgalmi_3melleklet.pdf HTTP/1.1" 200 122204 "-" "Googlebot/2.1 (+http://www.google.com/bot.html)"
66.249.64.10 - - [03/Jun/2025:19:19:11 +0200] "GET /files/hajozo_2melleklet.pdf HTTP/1.1" 200 262393 "-" "Googlebot/2.1 (+http://www.google.com/bot.html)"
66.249.70.67 - - [03/Jun/2025:19:21:41 +0200] "GET /files/MIn2008szept.pdf HTTP/1.1" 200 80305 "-" "Googlebot/2.1 (+http://www.google.com/bot.html)"
8.210.81.42 - - [03/Jun/2025:19:21:45 +0200] "GET /files/ptk_kotelmi_jog.pdf HTTP/1.1" 200 706298 "-" "Mozilla/5.0 (Macintosh; Intel Mac OS X 10_8_3) AppleWebKit/585.13 (KHTML, like Gecko) Chrome/105.0.0.0 Safari/585.13 Edg/105.0.2152.54"
66.249.64.11 - - [03/Jun/2025:19:21:54 +0200] "GET /files/hm_rendelet_tervezet_fontos_bizalmas_munkakorokrol.pdf HTTP/1.1" 200 187722 "-" "Googlebot/2.1 (+http://www.google.com/bot.html)"
66.249.64.9 - - [03/Jun/2025:19:23:12 +0200] "GET /files/3343_5.pdf HTTP/1.1" 200 139397 "-" "Googlebot/2.1 (+http://www.google.com/bot.html)"
66.249.64.9 - - [03/Jun/2025:19:23:51 +0200] "GET /files/drogback_eloterj_1_fedlap_061129.pdf HTTP/1.1" 200 87970 "-" "Googlebot/2.1 (+http://www.google.com/bot.html)"
66.249.64.10 - - [03/Jun/2025:19:24:25 +0200] "GET /files/munkavedelmi_hatosag_eloterj.pdf HTTP/1.1" 200 182144 "-" "Googlebot/2.1 (+http://www.google.com/bot.html)"
191.96.150.47 - - [03/Jun/2025:19:26:26 +0200] "GET /.env HTTP/1.1" 200 - "-" "Mozilla/5.0 (Macintosh; Intel Mac OS X 10.15; rv:77.0) Gecko/20100101 Firefox/77.0"
191.96.150.47 - - [03/Jun/2025:19:28:08 +0200] "GET /.env HTTP/1.1" 200 - "-" "Mozilla/5.0 (Macintosh; Intel Mac OS X 10.15; rv:77.0) Gecko/20100101 Firefox/77.0"
66.249.64.11 - - [03/Jun/2025:19:28:44 +0200] "GET /files/kkk_mod_honlapra_070914.pdf HTTP/1.1" 200 809046 "-" "Mozilla/5.0 (Linux; Android 6.0.1; Nexus 5X Build/MMB29P) AppleWebKit/537.36 (KHTML, like Gecko) Chrome/136.0.7103.113 Mobile Safari/537.36 (compatible; GoogleOther)"
66.249.64.10 - - [03/Jun/2025:19:29:38 +0200] "GET /files/150_mod_070817.pdf HTTP/1.1" 200 201326 "-" "Mozilla/5.0 AppleWebKit/537.36 (KHTML, like Gecko; compatible; GoogleOther) Chrome/136.0.7103.113 Safari/537.36"
66.249.70.65 - - [03/Jun/2025:19:31:09 +0200] "GET /files/_2ehqn4qbjf9q6iqr1d5ho4r0_.pdf HTTP/1.1" 200 196057 "-" "Googlebot/2.1 (+http://www.google.com/bot.html)"
66.249.64.10 - - [03/Jun/2025:19:31:20 +0200] "GET /files/legvedelmi_celu_repules.pdf HTTP/1.1" 200 158938 "-" "Googlebot/2.1 (+http://www.google.com/bot.html)"
66.249.64.11 - - [03/Jun/2025:19:35:23 +0200] "GET /files/nagytomegu_jarmuvek_modositas.pdf HTTP/1.1" 200 81586 "-" "Googlebot/2.1 (+http://www.google.com/bot.html)"
66.249.70.67 - - [03/Jun/2025:19:40:47 +0200] "GET /files/kv_tv_vg_tv_szt.pdf HTTP/1.1" 200 286658 "-" "Googlebot/2.1 (+http://www.google.com/bot.html)"
66.249.70.67 - - [03/Jun/2025:19:45:42 +0200] "GET /files/nemzetisegi_tamogatas_honlapra_060228.pdf HTTP/1.1" 200 173114 "-" "Googlebot/2.1 (+http://www.google.com/bot.html)"
66.249.70.67 - - [03/Jun/2025:19:47:21 +0200] "GET /files/TK48.pdf HTTP/1.1" 200 134627 "-" "Googlebot/2.1 (+http://www.google.com/bot.html)"
66.249.64.9 - - [03/Jun/2025:19:52:41 +0200] "GET /files/1_sz_melleklet_061031.pdf HTTP/1.1" 200 58244 "-" "Googlebot/2.1 (+http://www.google.com/bot.html)"
4.227.36.21 - - [03/Jun/2025:19:59:36 +0200] "GET /robots.txt HTTP/1.1" 200 1590 "-" "Mozilla/5.0 AppleWebKit/537.36 (KHTML, like Gecko; compatible; GPTBot/1.2; +https://openai.com/gptbot)"
91.33.170.138 - - [03/Jun/2025:20:00:02 +0200] "GET /files/cegbejegyzesi_eljaras_21_per_2006__02_12_fin.doc HTTP/1.1" 200 54272 "-" "Mozilla/5.0 (Windows NT 10.0; WOW64; Trident/7.0; rv:11.0) like Gecko"
20.171.207.141 - - [03/Jun/2025:20:00:16 +0200] "GET /drupal/ HTTP/1.1" 200 - "-" "Mozilla/5.0 AppleWebKit/537.36 (KHTML, like Gecko; compatible; GPTBot/1.2; +https://openai.com/gptbot)"
40.77.167.55 - - [03/Jun/2025:20:02:32 +0200] "GET /files/Kozuti_kozlekedesi_szolgaltatasok_korm.rend..pdf HTTP/1.1" 200 390004 "-" "Mozilla/5.0 AppleWebKit/537.36 (KHTML, like Gecko; compatible; bingbot/2.0; +http://www.bing.com/bingbot.htm) Chrome/116.0.1938.76 Safari/537.36"
8.210.90.252 - - [03/Jun/2025:20:26:03 +0200] "GET /files/4411_20.pdf HTTP/1.1" 200 327866 "-" "Mozilla/5.0 (Macintosh; Intel Mac OS X 10_14_5) AppleWebKit/586.12 (KHTML, like Gecko) Chrome/105.0.0.0 Safari/586.12 Edg/105.0.1666.76"
137.184.9.69 - - [03/Jun/2025:20:34:17 +0200] "GET /admin/ckeditor/plugins/kcfinder/upload.php HTTP/1.1" 200 - "-" "Mozilla/5.0 (X11; Linux x86_64) AppleWebKit/537.36 (KHTML, like Gecko) Chrome/78.0.3904.62 Safari/537.36"
66.249.70.65 - - [03/Jun/2025:20:59:38 +0200] "GET /files/katonai_szakkepesitesek_hm_rendelet.pdf HTTP/1.1" 200 779797 "-" "Mozilla/5.0 AppleWebKit/537.36 (KHTML, like Gecko; compatible; GoogleOther) Chrome/136.0.7103.113 Safari/537.36"
66.249.64.10 - - [03/Jun/2025:20:59:39 +0200] "GET /files/tervezet_kozig_debreceni_nagyerdo.pdf HTTP/1.1" 200 123903 "-" "Mozilla/5.0 AppleWebKit/537.36 (KHTML, like Gecko; compatible; GoogleOther) Chrome/136.0.7103.113 Safari/537.36"
66.249.64.9 - - [03/Jun/2025:20:59:41 +0200] "GET /files/uam_terv_080407.pdf HTTP/1.1" 200 439633 "-" "Mozilla/5.0 AppleWebKit/537.36 (KHTML, like Gecko; compatible; GoogleOther) Chrome/136.0.7103.113 Safari/537.36"
66.249.64.10 - - [03/Jun/2025:20:59:42 +0200] "GET /files/_2g9oa2t42ee0meub9cagn4st0cs_.pdf HTTP/1.1" 200 204703 "-" "Mozilla/5.0 AppleWebKit/537.36 (KHTML, like Gecko; compatible; GoogleOther) Chrome/136.0.7103.113 Safari/537.36"
66.249.64.10 - - [03/Jun/2025:21:05:22 +0200] "GET / HTTP/1.1" 200 - "-" "Mozilla/5.0 (compatible; Googlebot/2.1; +http://www.google.com/bot.html)"
66.249.64.9 - - [03/Jun/2025:21:05:54 +0200] "GET / HTTP/1.1" 200 - "-" "Mozilla/5.0 (Linux; Android 6.0.1; Nexus 5X Build/MMB29P) AppleWebKit/537.36 (KHTML, like Gecko) Chrome/99.0.4844.84 Mobile Safari/537.36 (compatible; Googlebot/2.1; +http://www.google.com/bot.html)"
66.249.64.10 - - [03/Jun/2025:21:06:26 +0200] "GET / HTTP/1.1" 200 - "-" "Mozilla/5.0 (compatible; Googlebot/2.1; +http://www.google.com/bot.html)"
66.249.64.10 - - [03/Jun/2025:21:06:58 +0200] "GET / HTTP/1.1" 200 - "-" "Mozilla/5.0 (Linux; Android 6.0.1; Nexus 5X Build/MMB29P) AppleWebKit/537.36 (KHTML, like Gecko) Chrome/136.0.7103.113 Mobile Safari/537.36 (compatible; Googlebot/2.1; +http://www.google.com/bot.html)"
216.244.66.200 - - [03/Jun/2025:21:08:08 +0200] "GET /robots.txt HTTP/1.1" 200 1590 "-" "Mozilla/5.0 (compatible; DotBot/1.2; +https://opensiteexplorer.org/dotbot; help@moz.com)"
216.244.66.200 - - [03/Jun/2025:21:08:09 +0200] "GET /robots.txt HTTP/1.1" 200 1590 "-" "Mozilla/5.0 (compatible; DotBot/1.2; +https://opensiteexplorer.org/dotbot; help@moz.com)"
66.249.64.11 - - [03/Jun/2025:21:15:42 +0200] "GET /files/szoc.szovetkezetek.pdf HTTP/1.1" 304 - "-" "Mozilla/5.0 (Linux; Android 6.0.1; Nexus 5X Build/MMB29P) AppleWebKit/537.36 (KHTML, like Gecko) Chrome/136.0.7103.113 Mobile Safari/537.36 (compatible; Googlebot/2.1; +http://www.google.com/bot.html)"
216.244.66.200 - - [03/Jun/2025:21:23:52 +0200] "GET /taxonomy/term/44 HTTP/1.1" 200 - "-" "Mozilla/5.0 (compatible; DotBot/1.2; +https://opensiteexplorer.org/dotbot; help@moz.com)"
216.244.66.200 - - [03/Jun/2025:21:27:41 +0200] "GET /node/2123 HTTP/1.1" 200 - "-" "Mozilla/5.0 (compatible; DotBot/1.2; +https://opensiteexplorer.org/dotbot; help@moz.com)"
66.249.64.9 - - [03/Jun/2025:21:29:39 +0200] "GET /files/kioto_vhr_kozig.pdf HTTP/1.1" 200 524811 "-" "Mozilla/5.0 AppleWebKit/537.36 (KHTML, like Gecko; compatible; GoogleOther) Chrome/136.0.7103.113 Safari/537.36"
66.249.70.67 - - [03/Jun/2025:21:29:40 +0200] "GET /files/tartas.pdf HTTP/1.1" 200 514811 "-" "Mozilla/5.0 AppleWebKit/537.36 (KHTML, like Gecko; compatible; GoogleOther) Chrome/136.0.7103.113 Safari/537.36"
66.249.64.9 - - [03/Jun/2025:21:33:13 +0200] "GET /files/legi2mell0920.pdf HTTP/1.1" 200 112775 "-" "Googlebot/2.1 (+http://www.google.com/bot.html)"
216.244.66.200 - - [03/Jun/2025:21:33:45 +0200] "GET /node?page=210 HTTP/1.1" 200 - "-" "Mozilla/5.0 (compatible; DotBot/1.2; +https://opensiteexplorer.org/dotbot; help@moz.com)"
216.244.66.200 - - [03/Jun/2025:21:35:06 +0200] "GET /taxonomy/term/24?page=7 HTTP/1.1" 200 - "-" "Mozilla/5.0 (compatible; DotBot/1.2; +https://opensiteexplorer.org/dotbot; help@moz.com)"
216.244.66.200 - - [03/Jun/2025:21:35:45 +0200] "GET /node/1222 HTTP/1.1" 200 - "-" "Mozilla/5.0 (compatible; DotBot/1.2; +https://opensiteexplorer.org/dotbot; help@moz.com)"
216.244.66.200 - - [03/Jun/2025:21:36:35 +0200] "GET /node/1264 HTTP/1.1" 200 - "-" "Mozilla/5.0 (compatible; DotBot/1.2; +https://opensiteexplorer.org/dotbot; help@moz.com)"
216.244.66.200 - - [03/Jun/2025:21:37:25 +0200] "GET /node/1273 HTTP/1.1" 200 - "-" "Mozilla/5.0 (compatible; DotBot/1.2; +https://opensiteexplorer.org/dotbot; help@moz.com)"
216.244.66.200 - - [03/Jun/2025:21:38:18 +0200] "GET /node/1295 HTTP/1.1" 200 - "-" "Mozilla/5.0 (compatible; DotBot/1.2; +https://opensiteexplorer.org/dotbot; help@moz.com)"
216.244.66.200 - - [03/Jun/2025:21:39:10 +0200] "GET /node/1326 HTTP/1.1" 200 - "-" "Mozilla/5.0 (compatible; DotBot/1.2; +https://opensiteexplorer.org/dotbot; help@moz.com)"
216.244.66.200 - - [03/Jun/2025:21:40:01 +0200] "GET /node/1361 HTTP/1.1" 200 - "-" "Mozilla/5.0 (compatible; DotBot/1.2; +https://opensiteexplorer.org/dotbot; help@moz.com)"
216.244.66.200 - - [03/Jun/2025:21:40:51 +0200] "GET /node/1375 HTTP/1.1" 200 - "-" "Mozilla/5.0 (compatible; DotBot/1.2; +https://opensiteexplorer.org/dotbot; help@moz.com)"
89.134.27.95 - - [03/Jun/2025:21:41:29 +0200] "GET /files/ptk.dologi_jog.pdf HTTP/1.1" 200 141671 "-" "Mozilla/5.0 (Linux; Android 10; K) AppleWebKit/537.36 (KHTML, like Gecko) Chrome/136.0.0.0 Mobile Safari/537.36"
84.225.111.59 - - [03/Jun/2025:21:51:31 +0200] "HEAD / HTTP/1.1" 200 - "-" "Firefox/111.1"
20.171.207.141 - - [03/Jun/2025:21:55:15 +0200] "GET / HTTP/1.1" 200 - "-" "Mozilla/5.0 AppleWebKit/537.36 (KHTML, like Gecko; compatible; GPTBot/1.2; +https://openai.com/gptbot)"
216.244.66.200 - - [03/Jun/2025:21:55:42 +0200] "GET /robots.txt HTTP/1.1" 200 1590 "-" "Mozilla/5.0 (compatible; DotBot/1.2; +https://opensiteexplorer.org/dotbot; help@moz.com)"
216.244.66.200 - - [03/Jun/2025:21:55:42 +0200] "GET /robots.txt HTTP/1.1" 200 1590 "-" "Mozilla/5.0 (compatible; DotBot/1.2; +https://opensiteexplorer.org/dotbot; help@moz.com)"
20.171.207.141 - - [03/Jun/2025:21:55:45 +0200] "GET / HTTP/1.1" 200 - "-" "Mozilla/5.0 AppleWebKit/537.36 (KHTML, like Gecko; compatible; GPTBot/1.2; +https://openai.com/gptbot)"
66.249.64.10 - - [03/Jun/2025:21:59:40 +0200] "GET /files/kv_tv_vg_tv_szt.pdf HTTP/1.1" 200 286658 "-" "Mozilla/5.0 AppleWebKit/537.36 (KHTML, like Gecko; compatible; GoogleOther) Chrome/136.0.7103.113 Safari/537.36"
216.244.66.200 - - [03/Jun/2025:22:00:00 +0200] "GET /node HTTP/1.1" 200 - "-" "Mozilla/5.0 (compatible; DotBot/1.2; +https://opensiteexplorer.org/dotbot; help@moz.com)"
216.244.66.200 - - [03/Jun/2025:22:00:21 +0200] "GET /files/tervezet.pdf HTTP/1.1" 200 224036 "-" "Mozilla/5.0 (compatible; DotBot/1.2; +https://opensiteexplorer.org/dotbot; help@moz.com)"
216.244.66.200 - - [03/Jun/2025:22:00:26 +0200] "GET /taxonomy/term/98 HTTP/1.1" 200 - "-" "Mozilla/5.0 (compatible; DotBot/1.2; +https://opensiteexplorer.org/dotbot; help@moz.com)"
216.244.66.200 - - [03/Jun/2025:22:02:32 +0200] "GET /node/2570 HTTP/1.1" 200 - "-" "Mozilla/5.0 (compatible; DotBot/1.2; +https://opensiteexplorer.org/dotbot; help@moz.com)"
216.244.66.200 - - [03/Jun/2025:22:03:15 +0200] "GET /taxonomy/term/101?page=4 HTTP/1.1" 200 - "-" "Mozilla/5.0 (compatible; DotBot/1.2; +https://opensiteexplorer.org/dotbot; help@moz.com)"
216.244.66.200 - - [03/Jun/2025:22:04:05 +0200] "GET /node/2530 HTTP/1.1" 200 - "-" "Mozilla/5.0 (compatible; DotBot/1.2; +https://opensiteexplorer.org/dotbot; help@moz.com)"
216.244.66.200 - - [03/Jun/2025:22:08:09 +0200] "GET /node?page=186 HTTP/1.1" 200 - "-" "Mozilla/5.0 (compatible; DotBot/1.2; +https://opensiteexplorer.org/dotbot; help@moz.com)"
216.244.66.200 - - [03/Jun/2025:22:08:59 +0200] "GET /node?page=216 HTTP/1.1" 200 - "-" "Mozilla/5.0 (compatible; DotBot/1.2; +https://opensiteexplorer.org/dotbot; help@moz.com)"
216.244.66.200 - - [03/Jun/2025:22:09:50 +0200] "GET /node/96 HTTP/1.1" 200 - "-" "Mozilla/5.0 (compatible; DotBot/1.2; +https://opensiteexplorer.org/dotbot; help@moz.com)"
216.244.66.200 - - [03/Jun/2025:22:10:20 +0200] "GET /node?page=10 HTTP/1.1" 200 - "-" "Mozilla/5.0 (compatible; DotBot/1.2; +https://opensiteexplorer.org/dotbot; help@moz.com)"
216.244.66.200 - - [03/Jun/2025:22:11:10 +0200] "GET /node?page=236 HTTP/1.1" 200 - "-" "Mozilla/5.0 (compatible; DotBot/1.2; +https://opensiteexplorer.org/dotbot; help@moz.com)"
216.244.66.200 - - [03/Jun/2025:22:12:00 +0200] "GET /node?page=81 HTTP/1.1" 200 - "-" "Mozilla/5.0 (compatible; DotBot/1.2; +https://opensiteexplorer.org/dotbot; help@moz.com)"
216.244.66.200 - - [03/Jun/2025:22:12:52 +0200] "GET /node/1197 HTTP/1.1" 200 - "-" "Mozilla/5.0 (compatible; DotBot/1.2; +https://opensiteexplorer.org/dotbot; help@moz.com)"
216.244.66.200 - - [03/Jun/2025:22:13:42 +0200] "GET /node/1249 HTTP/1.1" 200 - "-" "Mozilla/5.0 (compatible; DotBot/1.2; +https://opensiteexplorer.org/dotbot; help@moz.com)"
66.249.64.11 - - [03/Jun/2025:22:17:08 +0200] "GET /files/korm_vet_epit.pdf HTTP/1.1" 200 427539 "-" "Googlebot/2.1 (+http://www.google.com/bot.html)"
66.249.64.10 - - [03/Jun/2025:22:21:04 +0200] "GET /files/kioto_vhr_kozig.pdf HTTP/1.1" 200 524811 "-" "Mozilla/5.0 (Linux; Android 6.0.1; Nexus 5X Build/MMB29P) AppleWebKit/537.36 (KHTML, like Gecko) Chrome/136.0.7103.113 Mobile Safari/537.36 (compatible; GoogleOther)"
66.249.64.10 - - [03/Jun/2025:22:29:39 +0200] "GET /files/tervezet_kozig_egyeztetesre.pdf HTTP/1.1" 200 175636 "-" "Mozilla/5.0 AppleWebKit/537.36 (KHTML, like Gecko; compatible; GoogleOther) Chrome/136.0.7103.113 Safari/537.36"
147.135.213.172 - - [03/Jun/2025:22:34:24 +0200] "GET /robots.txt HTTP/1.1" 200 1590 "-" "Mozilla/5.0 (compatible; MJ12bot/v1.4.8; http://mj12bot.com/)"
147.135.213.172 - - [03/Jun/2025:22:35:11 +0200] "GET /files/AZ%20%C3%83?S%20MELL%C3%83%E2%80%B0KLETEI.htm.txt HTTP/1.1" 200 - "-" "Mozilla/5.0 (compatible; MJ12bot/v1.4.8; http://mj12bot.com/)"
66.249.70.67 - - [03/Jun/2025:22:37:38 +0200] "GET /files/OTSZ%20rendelet.pdf HTTP/1.1" 200 168000 "-" "Mozilla/5.0 (Linux; Android 6.0.1; Nexus 5X Build/MMB29P) AppleWebKit/537.36 (KHTML, like Gecko) Chrome/136.0.7103.113 Mobile Safari/537.36 (compatible; Googlebot/2.1; +http://www.google.com/bot.html)"
37.76.35.245 - - [03/Jun/2025:22:40:41 +0200] "GET /files/ptk_kotelmi_jog.pdf HTTP/1.1" 200 706298 "https://www.google.com/" "Mozilla/5.0 (Linux; Android 10; K) AppleWebKit/537.36 (KHTML, like Gecko) Chrome/136.0.0.0 Mobile Safari/537.36"
66.249.64.11 - - [03/Jun/2025:22:50:43 +0200] "GET /files/szakertoirendelettervezet1.doc HTTP/1.1" 200 313344 "-" "Mozilla/5.0 (Linux; Android 6.0.1; Nexus 5X Build/MMB29P) AppleWebKit/537.36 (KHTML, like Gecko) Chrome/136.0.7103.113 Mobile Safari/537.36 (compatible; Googlebot/2.1; +http://www.google.com/bot.html)"
216.244.66.200 - - [03/Jun/2025:22:56:33 +0200] "GET /robots.txt HTTP/1.1" 200 1590 "-" "Mozilla/5.0 (compatible; DotBot/1.2; +https://opensiteexplorer.org/dotbot; help@moz.com)"
216.244.66.200 - - [03/Jun/2025:22:56:33 +0200] "GET /robots.txt HTTP/1.1" 200 1590 "-" "Mozilla/5.0 (compatible; DotBot/1.2; +https://opensiteexplorer.org/dotbot; help@moz.com)"
66.249.64.9 - - [03/Jun/2025:22:59:50 +0200] "GET /files/szvk_mell_terv_090804.pdf HTTP/1.1" 200 3057361 "-" "Mozilla/5.0 AppleWebKit/537.36 (KHTML, like Gecko; compatible; GoogleOther) Chrome/136.0.7103.113 Safari/537.36"
66.249.64.10 - - [03/Jun/2025:22:59:52 +0200] "GET /files/14390_10.pdf HTTP/1.1" 200 866257 "-" "Mozilla/5.0 AppleWebKit/537.36 (KHTML, like Gecko; compatible; GoogleOther) Chrome/136.0.7103.113 Safari/537.36"
66.249.70.65 - - [03/Jun/2025:22:59:53 +0200] "GET /files/orszszi_terv_070530.pdf HTTP/1.1" 200 478463 "-" "Mozilla/5.0 AppleWebKit/537.36 (KHTML, like Gecko; compatible; GoogleOther) Chrome/136.0.7103.113 Safari/537.36"
216.244.66.200 - - [03/Jun/2025:23:00:20 +0200] "GET /taxonomy/term/100 HTTP/1.1" 200 - "-" "Mozilla/5.0 (compatible; DotBot/1.2; +https://opensiteexplorer.org/dotbot; help@moz.com)"
216.244.66.200 - - [03/Jun/2025:23:01:16 +0200] "GET /files/34_2004___iv__26___eszcsm_rendelet_m%C3%83%C2%B3dos%C3%83%C2%ADt%C3%83%C2%A1sa_6.doc HTTP/1.1" 200 - "-" "Mozilla/5.0 (compatible; DotBot/1.2; +https://opensiteexplorer.org/dotbot; help@moz.com)"
216.244.66.200 - - [03/Jun/2025:23:01:34 +0200] "GET /files/hagyomanyos_rend.pdf HTTP/1.1" 200 189328 "-" "Mozilla/5.0 (compatible; DotBot/1.2; +https://opensiteexplorer.org/dotbot; help@moz.com)"
216.244.66.200 - - [03/Jun/2025:23:02:10 +0200] "GET /files/ismeretlen_helyen_tartozkodo_korozes.doc HTTP/1.1" 200 47104 "-" "Mozilla/5.0 (compatible; DotBot/1.2; +https://opensiteexplorer.org/dotbot; help@moz.com)"
216.244.66.200 - - [03/Jun/2025:23:02:45 +0200] "GET /files/nsip_rendelet_tervezet.pdf HTTP/1.1" 200 103373 "-" "Mozilla/5.0 (compatible; DotBot/1.2; +https://opensiteexplorer.org/dotbot; help@moz.com)"
216.244.66.200 - - [03/Jun/2025:23:03:50 +0200] "GET /node/2618 HTTP/1.1" 200 - "-" "Mozilla/5.0 (compatible; DotBot/1.2; +https://opensiteexplorer.org/dotbot; help@moz.com)"
40.77.167.64 - - [03/Jun/2025:23:04:45 +0200] "GET /files/ptk_bevezetes_0.pdf HTTP/1.1" 200 129012 "-" "Mozilla/5.0 AppleWebKit/537.36 (KHTML, like Gecko; compatible; bingbot/2.0; +http://www.bing.com/bingbot.htm) Chrome/116.0.1938.76 Safari/537.36"
216.244.66.200 - - [03/Jun/2025:23:06:15 +0200] "GET /node?page=170 HTTP/1.1" 200 - "-" "Mozilla/5.0 (compatible; DotBot/1.2; +https://opensiteexplorer.org/dotbot; help@moz.com)"
194.145.227.125 - - [03/Jun/2025:23:07:16 +0200] "GET /sites/all/libraries/elfinder/php/connector.php HTTP/1.1" 200 - "-" "ALittle Client"
216.244.66.200 - - [03/Jun/2025:23:07:23 +0200] "GET /taxonomy/term/32?page=15 HTTP/1.1" 200 - "-" "Mozilla/5.0 (compatible; DotBot/1.2; +https://opensiteexplorer.org/dotbot; help@moz.com)"
216.244.66.200 - - [03/Jun/2025:23:08:14 +0200] "GET /taxonomy/term/50?page=8 HTTP/1.1" 200 - "-" "Mozilla/5.0 (compatible; DotBot/1.2; +https://opensiteexplorer.org/dotbot; help@moz.com)"
216.244.66.200 - - [03/Jun/2025:23:09:04 +0200] "GET /node?page=161 HTTP/1.1" 200 - "-" "Mozilla/5.0 (compatible; DotBot/1.2; +https://opensiteexplorer.org/dotbot; help@moz.com)"
216.244.66.200 - - [03/Jun/2025:23:09:54 +0200] "GET /node?page=63 HTTP/1.1" 200 - "-" "Mozilla/5.0 (compatible; DotBot/1.2; +https://opensiteexplorer.org/dotbot; help@moz.com)"
216.244.66.200 - - [03/Jun/2025:23:10:45 +0200] "GET /node/1200 HTTP/1.1" 200 - "-" "Mozilla/5.0 (compatible; DotBot/1.2; +https://opensiteexplorer.org/dotbot; help@moz.com)"
216.244.66.200 - - [03/Jun/2025:23:11:35 +0200] "GET /node/1513 HTTP/1.1" 200 - "-" "Mozilla/5.0 (compatible; DotBot/1.2; +https://opensiteexplorer.org/dotbot; help@moz.com)"
216.244.66.200 - - [03/Jun/2025:23:12:25 +0200] "GET /node/1962 HTTP/1.1" 200 - "-" "Mozilla/5.0 (compatible; DotBot/1.2; +https://opensiteexplorer.org/dotbot; help@moz.com)"
216.244.66.200 - - [03/Jun/2025:23:13:15 +0200] "GET /node/2028 HTTP/1.1" 200 - "-" "Mozilla/5.0 (compatible; DotBot/1.2; +https://opensiteexplorer.org/dotbot; help@moz.com)"
216.244.66.200 - - [03/Jun/2025:23:14:05 +0200] "GET /node/2082 HTTP/1.1" 200 - "-" "Mozilla/5.0 (compatible; DotBot/1.2; +https://opensiteexplorer.org/dotbot; help@moz.com)"
66.249.64.9 - - [03/Jun/2025:23:24:48 +0200] "GET /files/uam_terv_080407.pdf HTTP/1.1" 200 439633 "-" "Mozilla/5.0 (Linux; Android 6.0.1; Nexus 5X Build/MMB29P) AppleWebKit/537.36 (KHTML, like Gecko) Chrome/136.0.7103.113 Mobile Safari/537.36 (compatible; GoogleOther)"
66.249.64.10 - - [03/Jun/2025:23:24:56 +0200] "GET /files/150_mod_070817.pdf HTTP/1.1" 200 201326 "-" "Mozilla/5.0 (Linux; Android 6.0.1; Nexus 5X Build/MMB29P) AppleWebKit/537.36 (KHTML, like Gecko) Chrome/136.0.7103.113 Mobile Safari/537.36 (compatible; GoogleOther)"
196.251.87.221 - - [03/Jun/2025:23:26:30 +0200] "GET / HTTP/1.1" 200 - "-" "-"
196.251.87.221 - - [03/Jun/2025:23:26:37 +0200] "GET / HTTP/1.1" 200 - "-" "-"
196.251.87.221 - - [03/Jun/2025:23:26:44 +0200] "GET / HTTP/1.1" 200 - "-" "-"
66.249.70.67 - - [03/Jun/2025:23:26:49 +0200] "GET /files/szemelyugyi_igazgatas.pdf HTTP/1.1" 200 379679 "-" "Mozilla/5.0 (Linux; Android 6.0.1; Nexus 5X Build/MMB29P) AppleWebKit/537.36 (KHTML, like Gecko) Chrome/136.0.7103.113 Mobile Safari/537.36 (compatible; Googlebot/2.1; +http://www.google.com/bot.html)"
196.251.87.221 - - [03/Jun/2025:23:26:50 +0200] "GET / HTTP/1.1" 200 - "-" "-"
196.251.87.221 - - [03/Jun/2025:23:26:56 +0200] "GET / HTTP/1.1" 200 - "-" "-"
66.249.64.11 - - [03/Jun/2025:23:29:40 +0200] "GET /files/gkm_kkv_strategia_20070907.pdf HTTP/1.1" 200 880672 "-" "Mozilla/5.0 AppleWebKit/537.36 (KHTML, like Gecko; compatible; GoogleOther) Chrome/136.0.7103.113 Safari/537.36"
3.229.95.193 - - [04/Jun/2025:00:00:10 +0200] "GET /files/2006min_tajekoztato_tabla1.doc HTTP/1.1" 200 592896 "-" "Mozilla/5.0 AppleWebKit/537.36 (KHTML, like Gecko; compatible; Amazonbot/0.1; +https://developer.amazon.com/support/amazonbot) Chrome/119.0.6045.214 Safari/537.36"
66.249.70.67 - - [04/Jun/2025:00:07:14 +0200] "GET /files/onkormanyzatitamogatasok.pdf HTTP/1.1" 200 114580 "-" "Googlebot/2.1 (+http://www.google.com/bot.html)"
66.249.64.10 - - [04/Jun/2025:00:09:48 +0200] "GET /files/tervezet_kozig_egyeztetesre.pdf HTTP/1.1" 200 175636 "-" "Mozilla/5.0 (Linux; Android 6.0.1; Nexus 5X Build/MMB29P) AppleWebKit/537.36 (KHTML, like Gecko) Chrome/136.0.7103.113 Mobile Safari/537.36 (compatible; GoogleOther)"
47.238.13.0 - - [04/Jun/2025:00:18:09 +0200] "GET /drupal/node/385 HTTP/1.1" 200 - "-" "Mozilla/5.0 (Macintosh; Intel Mac OS X 10_15_7) AppleWebKit/537.36 (KHTML, like Gecko) Chrome/109.0.0.0 Safari/537.36"
75.119.146.30 - - [04/Jun/2025:00:20:21 +0200] "GET / HTTP/1.1" 200 - "-" "python-requests/2.32.3"
66.249.64.9 - - [04/Jun/2025:00:21:05 +0200] "GET /files/gkm_kkv_strategia_20070907.pdf HTTP/1.1" 200 880672 "-" "Mozilla/5.0 (Linux; Android 6.0.1; Nexus 5X Build/MMB29P) AppleWebKit/537.36 (KHTML, like Gecko) Chrome/136.0.7103.113 Mobile Safari/537.36 (compatible; GoogleOther)"
51.75.119.173 - - [04/Jun/2025:00:26:16 +0200] "GET /robots.txt HTTP/1.1" 200 1590 "-" "Mozilla/5.0 (compatible; MJ12bot/v1.4.8; http://mj12bot.com/)"
51.75.119.173 - - [04/Jun/2025:00:26:58 +0200] "GET /files/9-93.normasz%C3%83%C2%B6veg.m%C3%83%C2%B3d.2007.febr.T%C3%83?RCA.doc HTTP/1.1" 200 - "-" "Mozilla/5.0 (compatible; MJ12bot/v1.4.8; http://mj12bot.com/)"
66.249.64.10 - - [04/Jun/2025:00:29:39 +0200] "GET /files/leveltari_rend_terv_081216.pdf HTTP/1.1" 200 185441 "-" "Mozilla/5.0 AppleWebKit/537.36 (KHTML, like Gecko; compatible; GoogleOther) Chrome/136.0.7103.113 Safari/537.36"
66.249.70.66 - - [04/Jun/2025:00:31:13 +0200] "GET /files/8_mell_FAVI_MIR_k_rnyhaszn.pdf HTTP/1.1" 200 752092 "-" "Googlebot/2.1 (+http://www.google.com/bot.html)"
66.249.64.10 - - [04/Jun/2025:00:46:01 +0200] "GET /files/vezetoi_osszefoglalo.pdf HTTP/1.1" 200 93780 "-" "Googlebot/2.1 (+http://www.google.com/bot.html)"
66.249.70.65 - - [04/Jun/2025:00:54:48 +0200] "GET /files/orszszi_terv_070530.pdf HTTP/1.1" 200 478463 "-" "Mozilla/5.0 (Linux; Android 6.0.1; Nexus 5X Build/MMB29P) AppleWebKit/537.36 (KHTML, like Gecko) Chrome/136.0.7103.113 Mobile Safari/537.36 (compatible; GoogleOther)"
66.249.64.10 - - [04/Jun/2025:00:59:40 +0200] "GET /files/14409_9.pdf HTTP/1.1" 200 298621 "-" "Mozilla/5.0 AppleWebKit/537.36 (KHTML, like Gecko; compatible; GoogleOther) Chrome/136.0.7103.113 Safari/537.36"
66.249.64.11 - - [04/Jun/2025:00:59:41 +0200] "GET /files/NFGM9341.pdf HTTP/1.1" 200 218734 "-" "Mozilla/5.0 AppleWebKit/537.36 (KHTML, like Gecko; compatible; GoogleOther) Chrome/136.0.7103.113 Safari/537.36"
213.180.203.27 - - [04/Jun/2025:01:19:04 +0200] "GET /robots.txt HTTP/1.1" 200 1590 "-" "Mozilla/5.0 (compatible; YandexBot/3.0; +http://yandex.com/bots)"
