185.177.72.236 - - [07/Jun/2025:17:27:29 +0200] "GET /.env.production.local HTTP/1.1" 200 - "-" "Mozilla/5.0 (Windows NT 10.0; Win64; x64) AppleWebKit/537.36 (KHTML, like Gecko) Chrome/91.0.4472.124 Safari/537.36"
185.177.72.236 - - [07/Jun/2025:17:27:44 +0200] "GET /.env.local HTTP/1.1" 200 - "-" "Mozilla/5.0 (Windows NT 10.0; Win64; x64) AppleWebKit/537.36 (KHTML, like Gecko) Chrome/91.0.4472.124 Safari/537.36"
20.171.207.188 - - [07/Jun/2025:17:27:45 +0200] "GET /taxonomy/term/55%2057%2058%2059%2060%2061%2062%2063%2064%2065%2066%2067%2068%2069%2070%2071%2072%2073%2074%2075?page=1%27A%3D0 HTTP/1.1" 200 - "-" "Mozilla/5.0 AppleWebKit/537.36 (KHTML, like Gecko; compatible; GPTBot/1.2; +https://openai.com/gptbot)"
216.244.66.200 - - [07/Jun/2025:17:27:58 +0200] "GET /node/1557 HTTP/1.1" 200 - "-" "Mozilla/5.0 (compatible; DotBot/1.2; +https://opensiteexplorer.org/dotbot; help@moz.com)"
185.177.72.236 - - [07/Jun/2025:17:27:59 +0200] "GET /.env.example HTTP/1.1" 200 - "-" "Mozilla/5.0 (Windows NT 10.0; Win64; x64) AppleWebKit/537.36 (KHTML, like Gecko) Chrome/91.0.4472.124 Safari/537.36"
185.177.72.236 - - [07/Jun/2025:17:28:14 +0200] "GET /.env.stage HTTP/1.1" 200 - "-" "Mozilla/5.0 (Windows NT 10.0; Win64; x64) AppleWebKit/537.36 (KHTML, like Gecko) Chrome/91.0.4472.124 Safari/537.36"
185.177.72.236 - - [07/Jun/2025:17:28:29 +0200] "GET /server/config/database.js HTTP/1.1" 200 - "-" "Mozilla/5.0 (Windows NT 10.0; Win64; x64) AppleWebKit/537.36 (KHTML, like Gecko) Chrome/91.0.4472.124 Safari/537.36"
185.177.72.236 - - [07/Jun/2025:17:28:45 +0200] "GET /.env.old HTTP/1.1" 200 - "-" "Mozilla/5.0 (Windows NT 10.0; Win64; x64) AppleWebKit/537.36 (KHTML, like Gecko) Chrome/91.0.4472.124 Safari/537.36"
216.244.66.200 - - [07/Jun/2025:17:28:48 +0200] "GET /node/1709 HTTP/1.1" 200 - "-" "Mozilla/5.0 (compatible; DotBot/1.2; +https://opensiteexplorer.org/dotbot; help@moz.com)"
20.171.207.188 - - [07/Jun/2025:17:28:50 +0200] "GET /js/jquery-file-upload-8.8.5/server/php/ HTTP/1.1" 200 - "-" "Mozilla/5.0 AppleWebKit/537.36 (KHTML, like Gecko; compatible; GPTBot/1.2; +https://openai.com/gptbot)"
185.177.72.236 - - [07/Jun/2025:17:29:00 +0200] "GET /.env_sample HTTP/1.1" 200 - "-" "Mozilla/5.0 (Windows NT 10.0; Win64; x64) AppleWebKit/537.36 (KHTML, like Gecko) Chrome/91.0.4472.124 Safari/537.36"
185.177.72.236 - - [07/Jun/2025:17:29:15 +0200] "GET /scripts/nodemailer.js HTTP/1.1" 200 - "-" "Mozilla/5.0 (Windows NT 10.0; Win64; x64) AppleWebKit/537.36 (KHTML, like Gecko) Chrome/91.0.4472.124 Safari/537.36"
185.177.72.236 - - [07/Jun/2025:17:29:30 +0200] "GET /.env.prod HTTP/1.1" 200 - "-" "Mozilla/5.0 (Windows NT 10.0; Win64; x64) AppleWebKit/537.36 (KHTML, like Gecko) Chrome/91.0.4472.124 Safari/537.36"
216.244.66.200 - - [07/Jun/2025:17:29:39 +0200] "GET /node/1777 HTTP/1.1" 200 - "-" "Mozilla/5.0 (compatible; DotBot/1.2; +https://opensiteexplorer.org/dotbot; help@moz.com)"
185.177.72.236 - - [07/Jun/2025:17:29:45 +0200] "GET /crm/.env HTTP/1.1" 200 - "-" "Mozilla/5.0 (Windows NT 10.0; Win64; x64) AppleWebKit/537.36 (KHTML, like Gecko) Chrome/91.0.4472.124 Safari/537.36"
20.171.207.188 - - [07/Jun/2025:17:29:56 +0200] "GET /filter/tips HTTP/1.1" 200 - "-" "Mozilla/5.0 AppleWebKit/537.36 (KHTML, like Gecko; compatible; GPTBot/1.2; +https://openai.com/gptbot)"
185.177.72.236 - - [07/Jun/2025:17:30:00 +0200] "GET /local/.env HTTP/1.1" 200 - "-" "Mozilla/5.0 (Windows NT 10.0; Win64; x64) AppleWebKit/537.36 (KHTML, like Gecko) Chrome/91.0.4472.124 Safari/537.36"
185.177.72.236 - - [07/Jun/2025:17:30:15 +0200] "GET /core/.env HTTP/1.1" 200 - "-" "Mozilla/5.0 (Windows NT 10.0; Win64; x64) AppleWebKit/537.36 (KHTML, like Gecko) Chrome/91.0.4472.124 Safari/537.36"
185.177.72.236 - - [07/Jun/2025:17:30:30 +0200] "GET /apps/.env HTTP/1.1" 200 - "-" "Mozilla/5.0 (Windows NT 10.0; Win64; x64) AppleWebKit/537.36 (KHTML, like Gecko) Chrome/91.0.4472.124 Safari/537.36"
185.177.72.236 - - [07/Jun/2025:17:30:45 +0200] "GET /application/.env HTTP/1.1" 200 - "-" "Mozilla/5.0 (Windows NT 10.0; Win64; x64) AppleWebKit/537.36 (KHTML, like Gecko) Chrome/91.0.4472.124 Safari/537.36"
185.177.72.236 - - [07/Jun/2025:17:31:00 +0200] "GET /web/.env HTTP/1.1" 200 - "-" "Mozilla/5.0 (Windows NT 10.0; Win64; x64) AppleWebKit/537.36 (KHTML, like Gecko) Chrome/91.0.4472.124 Safari/537.36"
20.171.207.188 - - [07/Jun/2025:17:31:01 +0200] "GET /taxonomy/term/36/0 HTTP/1.1" 200 - "-" "Mozilla/5.0 AppleWebKit/537.36 (KHTML, like Gecko; compatible; GPTBot/1.2; +https://openai.com/gptbot)"
185.177.72.236 - - [07/Jun/2025:17:31:15 +0200] "GET /.aws/credentials HTTP/1.1" 200 - "-" "Mozilla/5.0 (Windows NT 10.0; Win64; x64) AppleWebKit/537.36 (KHTML, like Gecko) Chrome/91.0.4472.124 Safari/537.36"
185.177.72.236 - - [07/Jun/2025:17:31:30 +0200] "GET /wp-config.php.bak HTTP/1.1" 200 - "-" "Mozilla/5.0 (Windows NT 10.0; Win64; x64) AppleWebKit/537.36 (KHTML, like Gecko) Chrome/91.0.4472.124 Safari/537.36"
185.177.72.236 - - [07/Jun/2025:17:31:45 +0200] "GET /info.php HTTP/1.1" 200 - "-" "Mozilla/5.0 (Windows NT 10.0; Win64; x64) AppleWebKit/537.36 (KHTML, like Gecko) Chrome/91.0.4472.124 Safari/537.36"
185.177.72.236 - - [07/Jun/2025:17:32:00 +0200] "GET /dashboard/phpinfo.php HTTP/1.1" 200 - "-" "Mozilla/5.0 (Windows NT 10.0; Win64; x64) AppleWebKit/537.36 (KHTML, like Gecko) Chrome/91.0.4472.124 Safari/537.36"
20.171.207.188 - - [07/Jun/2025:17:32:07 +0200] "GET /taxonomy/term/96/0 HTTP/1.1" 200 - "-" "Mozilla/5.0 AppleWebKit/537.36 (KHTML, like Gecko; compatible; GPTBot/1.2; +https://openai.com/gptbot)"
185.177.72.236 - - [07/Jun/2025:17:32:16 +0200] "GET /static/js/main.141b0494.js HTTP/1.1" 200 - "-" "Mozilla/5.0 (Windows NT 10.0; Win64; x64) AppleWebKit/537.36 (KHTML, like Gecko) Chrome/91.0.4472.124 Safari/537.36"
185.177.72.236 - - [07/Jun/2025:17:32:31 +0200] "GET /static/js/2.ca066a4b.chunk.js HTTP/1.1" 200 - "-" "Mozilla/5.0 (Windows NT 10.0; Win64; x64) AppleWebKit/537.36 (KHTML, like Gecko) Chrome/91.0.4472.124 Safari/537.36"
185.177.72.236 - - [07/Jun/2025:17:32:46 +0200] "GET /static/js/main.e85f7a37.js HTTP/1.1" 200 - "-" "Mozilla/5.0 (Windows NT 10.0; Win64; x64) AppleWebKit/537.36 (KHTML, like Gecko) Chrome/91.0.4472.124 Safari/537.36"
185.177.72.236 - - [07/Jun/2025:17:33:01 +0200] "GET /admin/server_info.php HTTP/1.1" 200 - "-" "Mozilla/5.0 (Windows NT 10.0; Win64; x64) AppleWebKit/537.36 (KHTML, like Gecko) Chrome/91.0.4472.124 Safari/537.36"
20.171.207.188 - - [07/Jun/2025:17:33:07 +0200] "GET /taxonomy/term/77/0 HTTP/1.1" 200 - "-" "Mozilla/5.0 AppleWebKit/537.36 (KHTML, like Gecko; compatible; GPTBot/1.2; +https://openai.com/gptbot)"
185.177.72.236 - - [07/Jun/2025:17:33:16 +0200] "GET /server_info.php HTTP/1.1" 200 - "-" "Mozilla/5.0 (Windows NT 10.0; Win64; x64) AppleWebKit/537.36 (KHTML, like Gecko) Chrome/91.0.4472.124 Safari/537.36"
185.177.72.236 - - [07/Jun/2025:17:33:31 +0200] "GET /app_dev.php/_profiler/phpinfo HTTP/1.1" 200 - "-" "Mozilla/5.0 (Windows NT 10.0; Win64; x64) AppleWebKit/537.36 (KHTML, like Gecko) Chrome/91.0.4472.124 Safari/537.36"
185.177.72.236 - - [07/Jun/2025:17:33:46 +0200] "GET /test.php HTTP/1.1" 200 - "-" "Mozilla/5.0 (Windows NT 10.0; Win64; x64) AppleWebKit/537.36 (KHTML, like Gecko) Chrome/91.0.4472.124 Safari/537.36"
185.177.72.236 - - [07/Jun/2025:17:34:01 +0200] "GET /server-info HTTP/1.1" 200 - "-" "Mozilla/5.0 (Windows NT 10.0; Win64; x64) AppleWebKit/537.36 (KHTML, like Gecko) Chrome/91.0.4472.124 Safari/537.36"
20.171.207.188 - - [07/Jun/2025:17:34:13 +0200] "GET /taxonomy/term/34/0 HTTP/1.1" 200 - "-" "Mozilla/5.0 AppleWebKit/537.36 (KHTML, like Gecko; compatible; GPTBot/1.2; +https://openai.com/gptbot)"
185.177.72.236 - - [07/Jun/2025:17:34:16 +0200] "GET /server-info.php HTTP/1.1" 200 - "-" "Mozilla/5.0 (Windows NT 10.0; Win64; x64) AppleWebKit/537.36 (KHTML, like Gecko) Chrome/91.0.4472.124 Safari/537.36"
185.177.72.236 - - [07/Jun/2025:17:34:31 +0200] "GET /secured/phpinfo.php HTTP/1.1" 200 - "-" "Mozilla/5.0 (Windows NT 10.0; Win64; x64) AppleWebKit/537.36 (KHTML, like Gecko) Chrome/91.0.4472.124 Safari/537.36"
185.177.72.236 - - [07/Jun/2025:17:34:46 +0200] "GET /config.js HTTP/1.1" 200 - "-" "Mozilla/5.0 (Windows NT 10.0; Win64; x64) AppleWebKit/537.36 (KHTML, like Gecko) Chrome/91.0.4472.124 Safari/537.36"
185.177.72.236 - - [07/Jun/2025:17:35:01 +0200] "GET /server.js HTTP/1.1" 200 - "-" "Mozilla/5.0 (Windows NT 10.0; Win64; x64) AppleWebKit/537.36 (KHTML, like Gecko) Chrome/91.0.4472.124 Safari/537.36"
20.171.207.188 - - [07/Jun/2025:17:35:13 +0200] "GET /drupal/files/konf_program.pdf HTTP/1.1" 200 - "-" "Mozilla/5.0 AppleWebKit/537.36 (KHTML, like Gecko; compatible; GPTBot/1.2; +https://openai.com/gptbot)"
185.177.72.236 - - [07/Jun/2025:17:35:21 +0200] "GET /appsettings.json HTTP/1.1" 200 - "-" "Mozilla/5.0 (Windows NT 10.0; Win64; x64) AppleWebKit/537.36 (KHTML, like Gecko) Chrome/91.0.4472.124 Safari/537.36"
185.177.72.236 - - [07/Jun/2025:17:35:36 +0200] "GET /shared/config/config.js HTTP/1.1" 200 - "-" "Mozilla/5.0 (Windows NT 10.0; Win64; x64) AppleWebKit/537.36 (KHTML, like Gecko) Chrome/91.0.4472.124 Safari/537.36"
185.177.72.236 - - [07/Jun/2025:17:35:51 +0200] "GET /config/aws.yml HTTP/1.1" 200 - "-" "Mozilla/5.0 (Windows NT 10.0; Win64; x64) AppleWebKit/537.36 (KHTML, like Gecko) Chrome/91.0.4472.124 Safari/537.36"
185.177.72.236 - - [07/Jun/2025:17:36:06 +0200] "GET /settings.py HTTP/1.1" 200 - "-" "Mozilla/5.0 (Windows NT 10.0; Win64; x64) AppleWebKit/537.36 (KHTML, like Gecko) Chrome/91.0.4472.124 Safari/537.36"
20.171.207.188 - - [07/Jun/2025:17:36:17 +0200] "GET /taxonomy/term/55%2057%2058%2059%2060%2061%2062%2063%2064%2065%2066%2067%2068%2069%2070%2071%2072%2073%2074%2075?page=1 HTTP/1.1" 200 - "-" "Mozilla/5.0 AppleWebKit/537.36 (KHTML, like Gecko; compatible; GPTBot/1.2; +https://openai.com/gptbot)"
185.177.72.236 - - [07/Jun/2025:17:36:22 +0200] "GET /config.json HTTP/1.1" 200 - "-" "Mozilla/5.0 (Windows NT 10.0; Win64; x64) AppleWebKit/537.36 (KHTML, like Gecko) Chrome/91.0.4472.124 Safari/537.36"
185.177.72.236 - - [07/Jun/2025:17:36:37 +0200] "GET /main.js HTTP/1.1" 200 - "-" "Mozilla/5.0 (Windows NT 10.0; Win64; x64) AppleWebKit/537.36 (KHTML, like Gecko) Chrome/91.0.4472.124 Safari/537.36"
185.177.72.236 - - [07/Jun/2025:17:36:52 +0200] "GET /config/constants.js HTTP/1.1" 200 - "-" "Mozilla/5.0 (Windows NT 10.0; Win64; x64) AppleWebKit/537.36 (KHTML, like Gecko) Chrome/91.0.4472.124 Safari/537.36"
185.177.72.236 - - [07/Jun/2025:17:37:07 +0200] "GET /application.properties HTTP/1.1" 200 - "-" "Mozilla/5.0 (Windows NT 10.0; Win64; x64) AppleWebKit/537.36 (KHTML, like Gecko) Chrome/91.0.4472.124 Safari/537.36"
20.171.207.188 - - [07/Jun/2025:17:37:18 +0200] "GET /assets/jquery-file-upload/server/php/ HTTP/1.1" 200 - "-" "Mozilla/5.0 AppleWebKit/537.36 (KHTML, like Gecko; compatible; GPTBot/1.2; +https://openai.com/gptbot)"
185.177.72.236 - - [07/Jun/2025:17:37:22 +0200] "GET /public/js/main.js HTTP/1.1" 200 - "-" "Mozilla/5.0 (Windows NT 10.0; Win64; x64) AppleWebKit/537.36 (KHTML, like Gecko) Chrome/91.0.4472.124 Safari/537.36"
185.177.72.236 - - [07/Jun/2025:17:37:37 +0200] "GET /js/main.js HTTP/1.1" 200 - "-" "Mozilla/5.0 (Windows NT 10.0; Win64; x64) AppleWebKit/537.36 (KHTML, like Gecko) Chrome/91.0.4472.124 Safari/537.36"
185.177.72.236 - - [07/Jun/2025:17:37:52 +0200] "GET /?phpinfo=1 HTTP/1.1" 200 - "-" "Mozilla/5.0 (Windows NT 10.0; Win64; x64) AppleWebKit/537.36 (KHTML, like Gecko) Chrome/91.0.4472.124 Safari/537.36"
185.177.72.236 - - [07/Jun/2025:17:38:07 +0200] "GET /storage/logs/laravel.log HTTP/1.1" 200 - "-" "Mozilla/5.0 (Windows NT 10.0; Win64; x64) AppleWebKit/537.36 (KHTML, like Gecko) Chrome/91.0.4472.124 Safari/537.36"
20.171.207.188 - - [07/Jun/2025:17:38:20 +0200] "GET /phpmyadmin/index.php HTTP/1.1" 200 - "-" "Mozilla/5.0 AppleWebKit/537.36 (KHTML, like Gecko; compatible; GPTBot/1.2; +https://openai.com/gptbot)"
185.177.72.236 - - [07/Jun/2025:17:38:22 +0200] "GET /karma.conf.json HTTP/1.1" 200 - "-" "Mozilla/5.0 (Windows NT 10.0; Win64; x64) AppleWebKit/537.36 (KHTML, like Gecko) Chrome/91.0.4472.124 Safari/537.36"
185.177.72.236 - - [07/Jun/2025:17:38:37 +0200] "GET /swagger.json HTTP/1.1" 200 - "-" "Mozilla/5.0 (Windows NT 10.0; Win64; x64) AppleWebKit/537.36 (KHTML, like Gecko) Chrome/91.0.4472.124 Safari/537.36"
185.177.72.236 - - [07/Jun/2025:17:38:52 +0200] "GET /swagger.js HTTP/1.1" 200 - "-" "Mozilla/5.0 (Windows NT 10.0; Win64; x64) AppleWebKit/537.36 (KHTML, like Gecko) Chrome/91.0.4472.124 Safari/537.36"
185.177.72.236 - - [07/Jun/2025:17:39:07 +0200] "GET /gatsby-config.js HTTP/1.1" 200 - "-" "Mozilla/5.0 (Windows NT 10.0; Win64; x64) AppleWebKit/537.36 (KHTML, like Gecko) Chrome/91.0.4472.124 Safari/537.36"
20.171.207.188 - - [07/Jun/2025:17:39:21 +0200] "GET /taxonomy/term/55%2057%2058%2059%2060%2061%2062%2063%2064%2065%2066%2067%2068%2069%2070%2071%2072%2073%2074%2075?page=1%27%5B0%5D HTTP/1.1" 200 - "-" "Mozilla/5.0 AppleWebKit/537.36 (KHTML, like Gecko; compatible; GPTBot/1.2; +https://openai.com/gptbot)"
185.177.72.236 - - [07/Jun/2025:17:39:22 +0200] "GET /backend/config/default.yml HTTP/1.1" 200 - "-" "Mozilla/5.0 (Windows NT 10.0; Win64; x64) AppleWebKit/537.36 (KHTML, like Gecko) Chrome/91.0.4472.124 Safari/537.36"
185.177.72.236 - - [07/Jun/2025:17:39:37 +0200] "GET /app.py HTTP/1.1" 200 - "-" "Mozilla/5.0 (Windows NT 10.0; Win64; x64) AppleWebKit/537.36 (KHTML, like Gecko) Chrome/91.0.4472.124 Safari/537.36"
185.177.72.236 - - [07/Jun/2025:17:39:52 +0200] "GET /admin/controllers/merchant.js HTTP/1.1" 200 - "-" "Mozilla/5.0 (Windows NT 10.0; Win64; x64) AppleWebKit/537.36 (KHTML, like Gecko) Chrome/91.0.4472.124 Safari/537.36"
185.177.72.236 - - [07/Jun/2025:17:40:07 +0200] "GET /admin/controllers/partner.js HTTP/1.1" 200 - "-" "Mozilla/5.0 (Windows NT 10.0; Win64; x64) AppleWebKit/537.36 (KHTML, like Gecko) Chrome/91.0.4472.124 Safari/537.36"
185.177.72.236 - - [07/Jun/2025:17:40:22 +0200] "GET /api/config.js HTTP/1.1" 200 - "-" "Mozilla/5.0 (Windows NT 10.0; Win64; x64) AppleWebKit/537.36 (KHTML, like Gecko) Chrome/91.0.4472.124 Safari/537.36"
20.171.207.188 - - [07/Jun/2025:17:40:27 +0200] "GET /taxonomy/term/18%2023%2024%2026%2025%2027%2028%2029%2052%2041%2031%2032%2098%2033%2048%20106%20103%2099%20107%2034%2049%2035%2051%20100%2036%2050%20105/0?page=7 HTTP/1.1" 200 - "-" "Mozilla/5.0 AppleWebKit/537.36 (KHTML, like Gecko; compatible; GPTBot/1.2; +https://openai.com/gptbot)"
185.177.72.236 - - [07/Jun/2025:17:40:38 +0200] "GET /api/objects/codes.php.save HTTP/1.1" 200 - "-" "Mozilla/5.0 (Windows NT 10.0; Win64; x64) AppleWebKit/537.36 (KHTML, like Gecko) Chrome/91.0.4472.124 Safari/537.36"
185.177.72.236 - - [07/Jun/2025:17:40:53 +0200] "GET /apis/config/config.js HTTP/1.1" 200 - "-" "Mozilla/5.0 (Windows NT 10.0; Win64; x64) AppleWebKit/537.36 (KHTML, like Gecko) Chrome/91.0.4472.124 Safari/537.36"
185.177.72.236 - - [07/Jun/2025:17:41:08 +0200] "GET /apis/controllers/users.js HTTP/1.1" 200 - "-" "Mozilla/5.0 (Windows NT 10.0; Win64; x64) AppleWebKit/537.36 (KHTML, like Gecko) Chrome/91.0.4472.124 Safari/537.36"
185.177.72.236 - - [07/Jun/2025:17:41:23 +0200] "GET /app.js HTTP/1.1" 200 - "-" "Mozilla/5.0 (Windows NT 10.0; Win64; x64) AppleWebKit/537.36 (KHTML, like Gecko) Chrome/91.0.4472.124 Safari/537.36"
20.171.207.188 - - [07/Jun/2025:17:41:30 +0200] "GET /taxonomy/term/18%2023%2024%2026%2025%2027%2028%2029%2052%2041%2031%2032%2098%2033%2048%20106%20103%2099%20107%2034%2049%2035%2051%20100%2036%2050%20105/0?page=4 HTTP/1.1" 200 - "-" "Mozilla/5.0 AppleWebKit/537.36 (KHTML, like Gecko; compatible; GPTBot/1.2; +https://openai.com/gptbot)"
185.177.72.236 - - [07/Jun/2025:17:41:38 +0200] "GET /backend/config/development.yml HTTP/1.1" 200 - "-" "Mozilla/5.0 (Windows NT 10.0; Win64; x64) AppleWebKit/537.36 (KHTML, like Gecko) Chrome/91.0.4472.124 Safari/537.36"
185.177.72.236 - - [07/Jun/2025:17:41:53 +0200] "GET /cloud/Scraper.js HTTP/1.1" 200 - "-" "Mozilla/5.0 (Windows NT 10.0; Win64; x64) AppleWebKit/537.36 (KHTML, like Gecko) Chrome/91.0.4472.124 Safari/537.36"
185.177.72.236 - - [07/Jun/2025:17:42:08 +0200] "GET /config/application.yml HTTP/1.1" 200 - "-" "Mozilla/5.0 (Windows NT 10.0; Win64; x64) AppleWebKit/537.36 (KHTML, like Gecko) Chrome/91.0.4472.124 Safari/537.36"
185.177.72.236 - - [07/Jun/2025:17:42:23 +0200] "GET /config/storage.yml HTTP/1.1" 200 - "-" "Mozilla/5.0 (Windows NT 10.0; Win64; x64) AppleWebKit/537.36 (KHTML, like Gecko) Chrome/91.0.4472.124 Safari/537.36"
20.171.207.188 - - [07/Jun/2025:17:42:35 +0200] "GET /taxonomy/term/18%2023%2024%2026%2025%2027%2028%2029%2052%2041%2031%2032%2098%2033%2048%20106%20103%2099%20107%2034%2049%2035%2051%20100%2036%2050%20105/0 HTTP/1.1" 200 - "-" "Mozilla/5.0 AppleWebKit/537.36 (KHTML, like Gecko; compatible; GPTBot/1.2; +https://openai.com/gptbot)"
185.177.72.236 - - [07/Jun/2025:17:42:39 +0200] "GET /configs/routes-4aug.js HTTP/1.1" 200 - "-" "Mozilla/5.0 (Windows NT 10.0; Win64; x64) AppleWebKit/537.36 (KHTML, like Gecko) Chrome/91.0.4472.124 Safari/537.36"
185.177.72.236 - - [07/Jun/2025:17:42:54 +0200] "GET /configs/routes.js HTTP/1.1" 200 - "-" "Mozilla/5.0 (Windows NT 10.0; Win64; x64) AppleWebKit/537.36 (KHTML, like Gecko) Chrome/91.0.4472.124 Safari/537.36"
185.177.72.236 - - [07/Jun/2025:17:43:09 +0200] "GET /configs/s3_config.json HTTP/1.1" 200 - "-" "Mozilla/5.0 (Windows NT 10.0; Win64; x64) AppleWebKit/537.36 (KHTML, like Gecko) Chrome/91.0.4472.124 Safari/537.36"
185.177.72.236 - - [07/Jun/2025:17:43:24 +0200] "GET /controller/admin/post.js HTTP/1.1" 200 - "-" "Mozilla/5.0 (Windows NT 10.0; Win64; x64) AppleWebKit/537.36 (KHTML, like Gecko) Chrome/91.0.4472.124 Safari/537.36"
185.177.72.236 - - [07/Jun/2025:17:43:39 +0200] "GET /controller/api/post.js HTTP/1.1" 200 - "-" "Mozilla/5.0 (Windows NT 10.0; Win64; x64) AppleWebKit/537.36 (KHTML, like Gecko) Chrome/91.0.4472.124 Safari/537.36"
20.171.207.188 - - [07/Jun/2025:17:43:40 +0200] "GET /assets/plugins/jquery-file-upload/server/php/ HTTP/1.1" 200 - "-" "Mozilla/5.0 AppleWebKit/537.36 (KHTML, like Gecko; compatible; GPTBot/1.2; +https://openai.com/gptbot)"
185.177.72.236 - - [07/Jun/2025:17:43:54 +0200] "GET /controllers/settings.js HTTP/1.1" 200 - "-" "Mozilla/5.0 (Windows NT 10.0; Win64; x64) AppleWebKit/537.36 (KHTML, like Gecko) Chrome/91.0.4472.124 Safari/537.36"
185.177.72.236 - - [07/Jun/2025:17:44:09 +0200] "GET /getcpuutil.php-bakworking HTTP/1.1" 200 - "-" "Mozilla/5.0 (Windows NT 10.0; Win64; x64) AppleWebKit/537.36 (KHTML, like Gecko) Chrome/91.0.4472.124 Safari/537.36"
185.177.72.236 - - [07/Jun/2025:17:44:24 +0200] "GET /helper.js HTTP/1.1" 200 - "-" "Mozilla/5.0 (Windows NT 10.0; Win64; x64) AppleWebKit/537.36 (KHTML, like Gecko) Chrome/91.0.4472.124 Safari/537.36"
185.177.72.236 - - [07/Jun/2025:17:44:39 +0200] "GET /helper/EmailHelper.js HTTP/1.1" 200 - "-" "Mozilla/5.0 (Windows NT 10.0; Win64; x64) AppleWebKit/537.36 (KHTML, like Gecko) Chrome/91.0.4472.124 Safari/537.36"
20.171.207.188 - - [07/Jun/2025:17:44:45 +0200] "GET /filemanager/connectors/php/filemanager.php HTTP/1.1" 200 - "-" "Mozilla/5.0 AppleWebKit/537.36 (KHTML, like Gecko; compatible; GPTBot/1.2; +https://openai.com/gptbot)"
185.177.72.236 - - [07/Jun/2025:17:44:54 +0200] "GET /index.js HTTP/1.1" 200 - "-" "Mozilla/5.0 (Windows NT 10.0; Win64; x64) AppleWebKit/537.36 (KHTML, like Gecko) Chrome/91.0.4472.124 Safari/537.36"
185.177.72.236 - - [07/Jun/2025:17:45:10 +0200] "GET /index.html HTTP/1.1" 200 - "-" "Mozilla/5.0 (Windows NT 10.0; Win64; x64) AppleWebKit/537.36 (KHTML, like Gecko) Chrome/91.0.4472.124 Safari/537.36"
185.177.72.236 - - [07/Jun/2025:17:45:25 +0200] "GET /my_env/chakaash.py HTTP/1.1" 200 - "-" "Mozilla/5.0 (Windows NT 10.0; Win64; x64) AppleWebKit/537.36 (KHTML, like Gecko) Chrome/91.0.4472.124 Safari/537.36"
185.177.72.236 - - [07/Jun/2025:17:45:40 +0200] "GET /my_env/newsletter.py HTTP/1.1" 200 - "-" "Mozilla/5.0 (Windows NT 10.0; Win64; x64) AppleWebKit/537.36 (KHTML, like Gecko) Chrome/91.0.4472.124 Safari/537.36"
20.171.207.188 - - [07/Jun/2025:17:45:50 +0200] "GET /http:/jogalkotas.hu/comment/reply/2619/ HTTP/1.1" 200 - "-" "Mozilla/5.0 AppleWebKit/537.36 (KHTML, like Gecko; compatible; GPTBot/1.2; +https://openai.com/gptbot)"
185.177.72.236 - - [07/Jun/2025:17:45:56 +0200] "GET /my_env/palash.py HTTP/1.1" 200 - "-" "Mozilla/5.0 (Windows NT 10.0; Win64; x64) AppleWebKit/537.36 (KHTML, like Gecko) Chrome/91.0.4472.124 Safari/537.36"
185.177.72.236 - - [07/Jun/2025:17:46:11 +0200] "GET /mytest/astech_robot.js HTTP/1.1" 200 - "-" "Mozilla/5.0 (Windows NT 10.0; Win64; x64) AppleWebKit/537.36 (KHTML, like Gecko) Chrome/91.0.4472.124 Safari/537.36"
185.177.72.236 - - [07/Jun/2025:17:46:26 +0200] "GET /partner/config/config.js HTTP/1.1" 200 - "-" "Mozilla/5.0 (Windows NT 10.0; Win64; x64) AppleWebKit/537.36 (KHTML, like Gecko) Chrome/91.0.4472.124 Safari/537.36"
185.177.72.236 - - [07/Jun/2025:17:46:42 +0200] "GET /config/settings.json HTTP/1.1" 200 - "-" "Mozilla/5.0 (Windows NT 10.0; Win64; x64) AppleWebKit/537.36 (KHTML, like Gecko) Chrome/91.0.4472.124 Safari/537.36"
20.171.207.188 - - [07/Jun/2025:17:46:53 +0200] "GET /taxonomy/term/18%2023%2024%2026%2025%2027%2028%2029%2052%2041%2031%2032%2098%2033%2048%20106%20103%2099%20107%2034%2049%2035%2051%20100%2036%2050%20105/0?page=111 HTTP/1.1" 200 - "-" "Mozilla/5.0 AppleWebKit/537.36 (KHTML, like Gecko; compatible; GPTBot/1.2; +https://openai.com/gptbot)"
185.177.72.236 - - [07/Jun/2025:17:46:58 +0200] "GET /config/settings.local HTTP/1.1" 200 - "-" "Mozilla/5.0 (Windows NT 10.0; Win64; x64) AppleWebKit/537.36 (KHTML, like Gecko) Chrome/91.0.4472.124 Safari/537.36"
185.177.72.236 - - [07/Jun/2025:17:47:13 +0200] "GET /.circleci/configs/development.yml HTTP/1.1" 200 - "-" "Mozilla/5.0 (Windows NT 10.0; Win64; x64) AppleWebKit/537.36 (KHTML, like Gecko) Chrome/91.0.4472.124 Safari/537.36"
185.177.72.236 - - [07/Jun/2025:17:47:28 +0200] "GET /config/settings.prod HTTP/1.1" 200 - "-" "Mozilla/5.0 (Windows NT 10.0; Win64; x64) AppleWebKit/537.36 (KHTML, like Gecko) Chrome/91.0.4472.124 Safari/537.36"
185.177.72.236 - - [07/Jun/2025:17:47:43 +0200] "GET /app/config/parameters.yml HTTP/1.1" 200 - "-" "Mozilla/5.0 (Windows NT 10.0; Win64; x64) AppleWebKit/537.36 (KHTML, like Gecko) Chrome/91.0.4472.124 Safari/537.36"
20.171.207.188 - - [07/Jun/2025:17:47:58 +0200] "GET /joobi/inc/openflashchart/php-ofc-library/ofc_upload_image.php HTTP/1.1" 200 - "-" "Mozilla/5.0 AppleWebKit/537.36 (KHTML, like Gecko; compatible; GPTBot/1.2; +https://openai.com/gptbot)"
185.177.72.236 - - [07/Jun/2025:17:47:58 +0200] "GET /config/parameters.yml HTTP/1.1" 200 - "-" "Mozilla/5.0 (Windows NT 10.0; Win64; x64) AppleWebKit/537.36 (KHTML, like Gecko) Chrome/91.0.4472.124 Safari/537.36"
185.177.72.236 - - [07/Jun/2025:17:48:14 +0200] "GET /user/config/config.js HTTP/1.1" 200 - "-" "Mozilla/5.0 (Windows NT 10.0; Win64; x64) AppleWebKit/537.36 (KHTML, like Gecko) Chrome/91.0.4472.124 Safari/537.36"
185.177.72.236 - - [07/Jun/2025:17:48:29 +0200] "GET /user/controllers/index.js HTTP/1.1" 200 - "-" "Mozilla/5.0 (Windows NT 10.0; Win64; x64) AppleWebKit/537.36 (KHTML, like Gecko) Chrome/91.0.4472.124 Safari/537.36"
185.177.72.236 - - [07/Jun/2025:17:48:44 +0200] "GET /.AWS_/credentials HTTP/1.1" 200 - "-" "Mozilla/5.0 (Windows NT 10.0; Win64; x64) AppleWebKit/537.36 (KHTML, like Gecko) Chrome/91.0.4472.124 Safari/537.36"
185.177.72.236 - - [07/Jun/2025:17:48:59 +0200] "GET /config/local.yml HTTP/1.1" 200 - "-" "Mozilla/5.0 (Windows NT 10.0; Win64; x64) AppleWebKit/537.36 (KHTML, like Gecko) Chrome/91.0.4472.124 Safari/537.36"
20.171.207.188 - - [07/Jun/2025:17:49:02 +0200] "GET /wp-content/plugins/photo-gallery/filemanager/UploadHandler.php HTTP/1.1" 200 - "-" "Mozilla/5.0 AppleWebKit/537.36 (KHTML, like Gecko; compatible; GPTBot/1.2; +https://openai.com/gptbot)"
185.177.72.236 - - [07/Jun/2025:17:49:14 +0200] "GET /backend/config/settings.yml HTTP/1.1" 200 - "-" "Mozilla/5.0 (Windows NT 10.0; Win64; x64) AppleWebKit/537.36 (KHTML, like Gecko) Chrome/91.0.4472.124 Safari/537.36"
185.177.72.236 - - [07/Jun/2025:17:49:29 +0200] "GET /api/config/config.yml HTTP/1.1" 200 - "-" "Mozilla/5.0 (Windows NT 10.0; Win64; x64) AppleWebKit/537.36 (KHTML, like Gecko) Chrome/91.0.4472.124 Safari/537.36"
185.177.72.236 - - [07/Jun/2025:17:49:44 +0200] "GET /admin/config HTTP/1.1" 200 - "-" "Mozilla/5.0 (Windows NT 10.0; Win64; x64) AppleWebKit/537.36 (KHTML, like Gecko) Chrome/91.0.4472.124 Safari/537.36"
185.177.72.236 - - [07/Jun/2025:17:49:59 +0200] "GET /appsettings.json HTTP/1.1" 200 - "-" "Mozilla/5.0 (Windows NT 10.0; Win64; x64) AppleWebKit/537.36 (KHTML, like Gecko) Chrome/91.0.4472.124 Safari/537.36"
20.171.207.188 - - [07/Jun/2025:17:50:06 +0200] "GET /wp-content/plugins/reflex-gallery/admin/scripts/FileUploader/php.php HTTP/1.1" 200 - "-" "Mozilla/5.0 AppleWebKit/537.36 (KHTML, like Gecko; compatible; GPTBot/1.2; +https://openai.com/gptbot)"
185.177.72.236 - - [07/Jun/2025:17:50:14 +0200] "GET /.travis.yml HTTP/1.1" 200 - "-" "Mozilla/5.0 (Windows NT 10.0; Win64; x64) AppleWebKit/537.36 (KHTML, like Gecko) Chrome/91.0.4472.124 Safari/537.36"
185.177.72.236 - - [07/Jun/2025:17:50:29 +0200] "GET /aws.yml HTTP/1.1" 200 - "-" "Mozilla/5.0 (Windows NT 10.0; Win64; x64) AppleWebKit/537.36 (KHTML, like Gecko) Chrome/91.0.4472.124 Safari/537.36"
185.177.72.236 - - [07/Jun/2025:17:50:44 +0200] "GET /sms.py HTTP/1.1" 200 - "-" "Mozilla/5.0 (Windows NT 10.0; Win64; x64) AppleWebKit/537.36 (KHTML, like Gecko) Chrome/91.0.4472.124 Safari/537.36"
185.177.72.236 - - [07/Jun/2025:17:50:59 +0200] "GET /config/config.json HTTP/1.1" 200 - "-" "Mozilla/5.0 (Windows NT 10.0; Win64; x64) AppleWebKit/537.36 (KHTML, like Gecko) Chrome/91.0.4472.124 Safari/537.36"
20.171.207.188 - - [07/Jun/2025:17:51:10 +0200] "GET /index.php?option=com_adsmanager&task=upload&tmpl=component HTTP/1.1" 200 - "-" "Mozilla/5.0 AppleWebKit/537.36 (KHTML, like Gecko; compatible; GPTBot/1.2; +https://openai.com/gptbot)"
185.177.72.236 - - [07/Jun/2025:17:51:14 +0200] "GET /main.yml HTTP/1.1" 200 - "-" "Mozilla/5.0 (Windows NT 10.0; Win64; x64) AppleWebKit/537.36 (KHTML, like Gecko) Chrome/91.0.4472.124 Safari/537.36"
185.177.72.236 - - [07/Jun/2025:17:51:29 +0200] "GET /helpers/utility.js HTTP/1.1" 200 - "-" "Mozilla/5.0 (Windows NT 10.0; Win64; x64) AppleWebKit/537.36 (KHTML, like Gecko) Chrome/91.0.4472.124 Safari/537.36"
185.177.72.236 - - [07/Jun/2025:17:51:44 +0200] "GET /server/s3.js HTTP/1.1" 200 - "-" "Mozilla/5.0 (Windows NT 10.0; Win64; x64) AppleWebKit/537.36 (KHTML, like Gecko) Chrome/91.0.4472.124 Safari/537.36"
185.177.72.236 - - [07/Jun/2025:17:52:00 +0200] "GET /s3.js HTTP/1.1" 200 - "-" "Mozilla/5.0 (Windows NT 10.0; Win64; x64) AppleWebKit/537.36 (KHTML, like Gecko) Chrome/91.0.4472.124 Safari/537.36"
20.171.207.188 - - [07/Jun/2025:17:52:14 +0200] "GET /wp-content/plugins/wp-homepage-slideshow/readme.txt HTTP/1.1" 200 - "-" "Mozilla/5.0 AppleWebKit/537.36 (KHTML, like Gecko; compatible; GPTBot/1.2; +https://openai.com/gptbot)"
185.177.72.236 - - [07/Jun/2025:17:52:15 +0200] "GET /debug/default/view HTTP/1.1" 200 - "-" "Mozilla/5.0 (Windows NT 10.0; Win64; x64) AppleWebKit/537.36 (KHTML, like Gecko) Chrome/91.0.4472.124 Safari/537.36"
185.177.72.236 - - [07/Jun/2025:17:52:30 +0200] "GET /aws/credentials HTTP/1.1" 200 - "-" "Mozilla/5.0 (Windows NT 10.0; Win64; x64) AppleWebKit/537.36 (KHTML, like Gecko) Chrome/91.0.4472.124 Safari/537.36"
185.177.72.236 - - [07/Jun/2025:17:52:45 +0200] "GET /.aws/config HTTP/1.1" 200 - "-" "Mozilla/5.0 (Windows NT 10.0; Win64; x64) AppleWebKit/537.36 (KHTML, like Gecko) Chrome/91.0.4472.124 Safari/537.36"
20.171.207.188 - - [07/Jun/2025:17:53:17 +0200] "GET /taxonomy/term/18%2023%2024%2026%2025%2027%2028%2029%2052%2041%2031%2032%2098%2033%2048%20106%20103%2099%20107%2034%2049%2035%2051%20100%2036%2050%20105/0 HTTP/1.1" 200 - "-" "Mozilla/5.0 AppleWebKit/537.36 (KHTML, like Gecko; compatible; GPTBot/1.2; +https://openai.com/gptbot)"
20.171.207.188 - - [07/Jun/2025:17:54:21 +0200] "GET /templates/default/jQuery-File-Upload/server/php/ HTTP/1.1" 200 - "-" "Mozilla/5.0 AppleWebKit/537.36 (KHTML, like Gecko; compatible; GPTBot/1.2; +https://openai.com/gptbot)"
20.171.207.188 - - [07/Jun/2025:17:55:21 +0200] "GET /theme/assets/global/plugins/jquery-file-upload/server/php/ HTTP/1.1" 200 - "-" "Mozilla/5.0 AppleWebKit/537.36 (KHTML, like Gecko; compatible; GPTBot/1.2; +https://openai.com/gptbot)"
20.171.207.188 - - [07/Jun/2025:17:56:21 +0200] "GET /index.php?option=com_users&view=registration HTTP/1.1" 200 - "-" "Mozilla/5.0 AppleWebKit/537.36 (KHTML, like Gecko; compatible; GPTBot/1.2; +https://openai.com/gptbot)"
20.171.207.188 - - [07/Jun/2025:17:57:24 +0200] "GET /taxonomy/term/101?page=1 HTTP/1.1" 200 - "-" "Mozilla/5.0 AppleWebKit/537.36 (KHTML, like Gecko; compatible; GPTBot/1.2; +https://openai.com/gptbot)"
20.171.207.188 - - [07/Jun/2025:17:58:25 +0200] "GET /taxonomy/term/101?page=8 HTTP/1.1" 200 - "-" "Mozilla/5.0 AppleWebKit/537.36 (KHTML, like Gecko; compatible; GPTBot/1.2; +https://openai.com/gptbot)"
20.171.207.188 - - [07/Jun/2025:17:59:30 +0200] "GET /taxonomy/term/101?page=3 HTTP/1.1" 200 - "-" "Mozilla/5.0 AppleWebKit/537.36 (KHTML, like Gecko; compatible; GPTBot/1.2; +https://openai.com/gptbot)"
20.171.207.188 - - [07/Jun/2025:18:00:31 +0200] "GET /taxonomy/term/101?page=7 HTTP/1.1" 200 - "-" "Mozilla/5.0 AppleWebKit/537.36 (KHTML, like Gecko; compatible; GPTBot/1.2; +https://openai.com/gptbot)"
20.171.207.188 - - [07/Jun/2025:18:01:34 +0200] "GET /taxonomy/term/101?page=5 HTTP/1.1" 200 - "-" "Mozilla/5.0 AppleWebKit/537.36 (KHTML, like Gecko; compatible; GPTBot/1.2; +https://openai.com/gptbot)"
20.171.207.188 - - [07/Jun/2025:18:02:39 +0200] "GET /taxonomy/term/101?page=9 HTTP/1.1" 200 - "-" "Mozilla/5.0 AppleWebKit/537.36 (KHTML, like Gecko; compatible; GPTBot/1.2; +https://openai.com/gptbot)"
20.171.207.188 - - [07/Jun/2025:18:03:39 +0200] "GET /taxonomy/term/101?page=6 HTTP/1.1" 200 - "-" "Mozilla/5.0 AppleWebKit/537.36 (KHTML, like Gecko; compatible; GPTBot/1.2; +https://openai.com/gptbot)"
20.171.207.188 - - [07/Jun/2025:18:04:40 +0200] "GET /taxonomy/term/101?page=2 HTTP/1.1" 200 - "-" "Mozilla/5.0 AppleWebKit/537.36 (KHTML, like Gecko; compatible; GPTBot/1.2; +https://openai.com/gptbot)"
20.171.207.188 - - [07/Jun/2025:18:05:43 +0200] "GET /taxonomy/term/49?page=22 HTTP/1.1" 200 - "-" "Mozilla/5.0 AppleWebKit/537.36 (KHTML, like Gecko; compatible; GPTBot/1.2; +https://openai.com/gptbot)"
3.101.230.151 - - [07/Jun/2025:18:05:50 +0200] "GET / HTTP/1.1" 200 - "-" "bitdiscovery"
20.171.207.188 - - [07/Jun/2025:18:06:46 +0200] "GET /taxonomy/term/101?page=4 HTTP/1.1" 200 - "-" "Mozilla/5.0 AppleWebKit/537.36 (KHTML, like Gecko; compatible; GPTBot/1.2; +https://openai.com/gptbot)"
20.171.207.188 - - [07/Jun/2025:18:07:50 +0200] "GET /wp-content/plugins/wp-formgenerator/changelog.txt HTTP/1.1" 200 - "-" "Mozilla/5.0 AppleWebKit/537.36 (KHTML, like Gecko; compatible; GPTBot/1.2; +https://openai.com/gptbot)"
20.171.207.188 - - [07/Jun/2025:18:08:51 +0200] "GET /taxonomy/term/101?page=8 HTTP/1.1" 200 - "-" "Mozilla/5.0 AppleWebKit/537.36 (KHTML, like Gecko; compatible; GPTBot/1.2; +https://openai.com/gptbot)"
20.171.207.188 - - [07/Jun/2025:18:09:56 +0200] "GET /fckeditor/editor/filemanager/upload/php/upload.php HTTP/1.1" 200 - "-" "Mozilla/5.0 AppleWebKit/537.36 (KHTML, like Gecko; compatible; GPTBot/1.2; +https://openai.com/gptbot)"
20.171.207.188 - - [07/Jun/2025:18:10:56 +0200] "GET /blog/wp-login.php HTTP/1.1" 200 - "-" "Mozilla/5.0 AppleWebKit/537.36 (KHTML, like Gecko; compatible; GPTBot/1.2; +https://openai.com/gptbot)"
216.244.66.200 - - [07/Jun/2025:18:11:37 +0200] "GET /robots.txt HTTP/1.1" 200 1590 "-" "Mozilla/5.0 (compatible; DotBot/1.2; +https://opensiteexplorer.org/dotbot; help@moz.com)"
216.244.66.200 - - [07/Jun/2025:18:11:37 +0200] "GET /robots.txt HTTP/1.1" 200 1590 "-" "Mozilla/5.0 (compatible; DotBot/1.2; +https://opensiteexplorer.org/dotbot; help@moz.com)"
20.171.207.188 - - [07/Jun/2025:18:12:01 +0200] "GET /taxonomy/term/28?page=4 HTTP/1.1" 200 - "-" "Mozilla/5.0 AppleWebKit/537.36 (KHTML, like Gecko; compatible; GPTBot/1.2; +https://openai.com/gptbot)"
20.171.207.188 - - [07/Jun/2025:18:13:03 +0200] "GET /taxonomy/term/29?page=1 HTTP/1.1" 200 - "-" "Mozilla/5.0 AppleWebKit/537.36 (KHTML, like Gecko; compatible; GPTBot/1.2; +https://openai.com/gptbot)"
20.171.207.188 - - [07/Jun/2025:18:14:07 +0200] "GET /taxonomy/term/47?page=1 HTTP/1.1" 200 - "-" "Mozilla/5.0 AppleWebKit/537.36 (KHTML, like Gecko; compatible; GPTBot/1.2; +https://openai.com/gptbot)"
20.171.207.188 - - [07/Jun/2025:18:15:11 +0200] "GET /taxonomy/term/52?page=7 HTTP/1.1" 200 - "-" "Mozilla/5.0 AppleWebKit/537.36 (KHTML, like Gecko; compatible; GPTBot/1.2; +https://openai.com/gptbot)"
20.171.207.188 - - [07/Jun/2025:18:16:16 +0200] "GET /taxonomy/term/47?page=3 HTTP/1.1" 200 - "-" "Mozilla/5.0 AppleWebKit/537.36 (KHTML, like Gecko; compatible; GPTBot/1.2; +https://openai.com/gptbot)"
216.244.66.200 - - [07/Jun/2025:18:16:21 +0200] "GET /node/2511 HTTP/1.1" 200 - "-" "Mozilla/5.0 (compatible; DotBot/1.2; +https://opensiteexplorer.org/dotbot; help@moz.com)"
216.244.66.200 - - [07/Jun/2025:18:16:38 +0200] "GET /files/NFGM2005.pdf HTTP/1.1" 200 201548 "-" "Mozilla/5.0 (compatible; DotBot/1.2; +https://opensiteexplorer.org/dotbot; help@moz.com)"
20.171.207.188 - - [07/Jun/2025:18:17:17 +0200] "GET /taxonomy/term/46?page=3 HTTP/1.1" 200 - "-" "Mozilla/5.0 AppleWebKit/537.36 (KHTML, like Gecko; compatible; GPTBot/1.2; +https://openai.com/gptbot)"
216.244.66.200 - - [07/Jun/2025:18:17:26 +0200] "GET /files/_bde0mopkkdhi74pblehgnl83j_.pdf HTTP/1.1" 200 182982 "-" "Mozilla/5.0 (compatible; DotBot/1.2; +https://opensiteexplorer.org/dotbot; help@moz.com)"
216.244.66.200 - - [07/Jun/2025:18:17:57 +0200] "GET /files/birosagi_ugyintezo_szakmai_indokolas.doc HTTP/1.1" 200 26112 "-" "Mozilla/5.0 (compatible; DotBot/1.2; +https://opensiteexplorer.org/dotbot; help@moz.com)"
20.171.207.188 - - [07/Jun/2025:18:18:21 +0200] "GET /taxonomy/term/52?page=4 HTTP/1.1" 200 - "-" "Mozilla/5.0 AppleWebKit/537.36 (KHTML, like Gecko; compatible; GPTBot/1.2; +https://openai.com/gptbot)"
216.244.66.200 - - [07/Jun/2025:18:18:37 +0200] "GET /files/felsookt_nemzeti_palyatars_060329.pdf HTTP/1.1" 200 156150 "-" "Mozilla/5.0 (compatible; DotBot/1.2; +https://opensiteexplorer.org/dotbot; help@moz.com)"
216.244.66.200 - - [07/Jun/2025:18:19:19 +0200] "GET /files/gepjarmu_rendelet.pdf HTTP/1.1" 200 101357 "-" "Mozilla/5.0 (compatible; DotBot/1.2; +https://opensiteexplorer.org/dotbot; help@moz.com)"
20.171.207.188 - - [07/Jun/2025:18:19:24 +0200] "GET /taxonomy/term/47?page=7 HTTP/1.1" 200 - "-" "Mozilla/5.0 AppleWebKit/537.36 (KHTML, like Gecko; compatible; GPTBot/1.2; +https://openai.com/gptbot)"
20.171.207.188 - - [07/Jun/2025:18:20:26 +0200] "GET /taxonomy/term/20?page=2 HTTP/1.1" 200 - "-" "Mozilla/5.0 AppleWebKit/537.36 (KHTML, like Gecko; compatible; GPTBot/1.2; +https://openai.com/gptbot)"
216.244.66.200 - - [07/Jun/2025:18:20:27 +0200] "GET /taxonomy/term/1/0/feed HTTP/1.1" 200 - "-" "Mozilla/5.0 (compatible; DotBot/1.2; +https://opensiteexplorer.org/dotbot; help@moz.com)"
20.171.207.188 - - [07/Jun/2025:18:21:29 +0200] "GET /taxonomy/term/46?page=1 HTTP/1.1" 200 - "-" "Mozilla/5.0 AppleWebKit/537.36 (KHTML, like Gecko; compatible; GPTBot/1.2; +https://openai.com/gptbot)"
20.171.207.188 - - [07/Jun/2025:18:22:29 +0200] "GET /taxonomy/term/47?page=4 HTTP/1.1" 200 - "-" "Mozilla/5.0 AppleWebKit/537.36 (KHTML, like Gecko; compatible; GPTBot/1.2; +https://openai.com/gptbot)"
20.171.207.188 - - [07/Jun/2025:18:23:32 +0200] "GET /taxonomy/term/47?page=5 HTTP/1.1" 200 - "-" "Mozilla/5.0 AppleWebKit/537.36 (KHTML, like Gecko; compatible; GPTBot/1.2; +https://openai.com/gptbot)"
216.244.66.200 - - [07/Jun/2025:18:23:48 +0200] "GET /node?page=123 HTTP/1.1" 200 - "-" "Mozilla/5.0 (compatible; DotBot/1.2; +https://opensiteexplorer.org/dotbot; help@moz.com)"
20.171.207.188 - - [07/Jun/2025:18:24:35 +0200] "GET /taxonomy/term/20?page=1 HTTP/1.1" 200 - "-" "Mozilla/5.0 AppleWebKit/537.36 (KHTML, like Gecko; compatible; GPTBot/1.2; +https://openai.com/gptbot)"
216.244.66.200 - - [07/Jun/2025:18:24:38 +0200] "GET /node?page=15 HTTP/1.1" 200 - "-" "Mozilla/5.0 (compatible; DotBot/1.2; +https://opensiteexplorer.org/dotbot; help@moz.com)"
66.249.70.67 - - [07/Jun/2025:18:25:00 +0200] "GET /files/NFGM_735.pdf HTTP/1.1" 200 161666 "-" "Googlebot/2.1 (+http://www.google.com/bot.html)"
216.244.66.200 - - [07/Jun/2025:18:25:28 +0200] "GET /node?page=159 HTTP/1.1" 200 - "-" "Mozilla/5.0 (compatible; DotBot/1.2; +https://opensiteexplorer.org/dotbot; help@moz.com)"
20.171.207.188 - - [07/Jun/2025:18:25:40 +0200] "GET /taxonomy/term/52?page=5 HTTP/1.1" 200 - "-" "Mozilla/5.0 AppleWebKit/537.36 (KHTML, like Gecko; compatible; GPTBot/1.2; +https://openai.com/gptbot)"
216.244.66.200 - - [07/Jun/2025:18:26:19 +0200] "GET /node?page=219 HTTP/1.1" 200 - "-" "Mozilla/5.0 (compatible; DotBot/1.2; +https://opensiteexplorer.org/dotbot; help@moz.com)"
20.171.207.188 - - [07/Jun/2025:18:26:41 +0200] "GET /taxonomy/term/47?page=6 HTTP/1.1" 200 - "-" "Mozilla/5.0 AppleWebKit/537.36 (KHTML, like Gecko; compatible; GPTBot/1.2; +https://openai.com/gptbot)"
216.244.66.200 - - [07/Jun/2025:18:27:09 +0200] "GET /node?page=243 HTTP/1.1" 200 - "-" "Mozilla/5.0 (compatible; DotBot/1.2; +https://opensiteexplorer.org/dotbot; help@moz.com)"
216.244.66.200 - - [07/Jun/2025:18:27:29 +0200] "GET /files/ptk_oroklesi_jog.pdf HTTP/1.1" 200 260717 "-" "Mozilla/5.0 (compatible; DotBot/1.2; +https://opensiteexplorer.org/dotbot; help@moz.com)"
20.171.207.188 - - [07/Jun/2025:18:27:44 +0200] "GET /taxonomy/term/46?page=5 HTTP/1.1" 200 - "-" "Mozilla/5.0 AppleWebKit/537.36 (KHTML, like Gecko; compatible; GPTBot/1.2; +https://openai.com/gptbot)"
216.244.66.200 - - [07/Jun/2025:18:28:31 +0200] "GET /node/1143 HTTP/1.1" 200 - "-" "Mozilla/5.0 (compatible; DotBot/1.2; +https://opensiteexplorer.org/dotbot; help@moz.com)"
20.171.207.188 - - [07/Jun/2025:18:28:47 +0200] "GET /taxonomy/term/52?page=1 HTTP/1.1" 200 - "-" "Mozilla/5.0 AppleWebKit/537.36 (KHTML, like Gecko; compatible; GPTBot/1.2; +https://openai.com/gptbot)"
216.244.66.200 - - [07/Jun/2025:18:29:21 +0200] "GET /node/1219 HTTP/1.1" 200 - "-" "Mozilla/5.0 (compatible; DotBot/1.2; +https://opensiteexplorer.org/dotbot; help@moz.com)"
20.171.207.188 - - [07/Jun/2025:18:29:48 +0200] "GET /taxonomy/term/47?page=2 HTTP/1.1" 200 - "-" "Mozilla/5.0 AppleWebKit/537.36 (KHTML, like Gecko; compatible; GPTBot/1.2; +https://openai.com/gptbot)"
216.244.66.200 - - [07/Jun/2025:18:30:11 +0200] "GET /node/1271 HTTP/1.1" 200 - "-" "Mozilla/5.0 (compatible; DotBot/1.2; +https://opensiteexplorer.org/dotbot; help@moz.com)"
20.171.207.188 - - [07/Jun/2025:18:30:50 +0200] "GET /taxonomy/term/27?page=3 HTTP/1.1" 200 - "-" "Mozilla/5.0 AppleWebKit/537.36 (KHTML, like Gecko; compatible; GPTBot/1.2; +https://openai.com/gptbot)"
216.244.66.200 - - [07/Jun/2025:18:31:01 +0200] "GET /node/1398 HTTP/1.1" 200 - "-" "Mozilla/5.0 (compatible; DotBot/1.2; +https://opensiteexplorer.org/dotbot; help@moz.com)"
216.244.66.200 - - [07/Jun/2025:18:31:52 +0200] "GET /node/1441 HTTP/1.1" 200 - "-" "Mozilla/5.0 (compatible; DotBot/1.2; +https://opensiteexplorer.org/dotbot; help@moz.com)"
20.171.207.188 - - [07/Jun/2025:18:31:53 +0200] "GET /taxonomy/term/46?page=4 HTTP/1.1" 200 - "-" "Mozilla/5.0 AppleWebKit/537.36 (KHTML, like Gecko; compatible; GPTBot/1.2; +https://openai.com/gptbot)"
216.244.66.200 - - [07/Jun/2025:18:32:42 +0200] "GET /node/1480 HTTP/1.1" 200 - "-" "Mozilla/5.0 (compatible; DotBot/1.2; +https://opensiteexplorer.org/dotbot; help@moz.com)"
20.171.207.188 - - [07/Jun/2025:18:32:57 +0200] "GET /taxonomy/term/46?page=2 HTTP/1.1" 200 - "-" "Mozilla/5.0 AppleWebKit/537.36 (KHTML, like Gecko; compatible; GPTBot/1.2; +https://openai.com/gptbot)"
216.244.66.200 - - [07/Jun/2025:18:33:32 +0200] "GET /node/1721 HTTP/1.1" 200 - "-" "Mozilla/5.0 (compatible; DotBot/1.2; +https://opensiteexplorer.org/dotbot; help@moz.com)"
20.171.207.188 - - [07/Jun/2025:18:34:01 +0200] "GET /taxonomy/term/39/0?page=3 HTTP/1.1" 200 - "-" "Mozilla/5.0 AppleWebKit/537.36 (KHTML, like Gecko; compatible; GPTBot/1.2; +https://openai.com/gptbot)"
216.244.66.200 - - [07/Jun/2025:18:34:23 +0200] "GET /node/1774 HTTP/1.1" 200 - "-" "Mozilla/5.0 (compatible; DotBot/1.2; +https://opensiteexplorer.org/dotbot; help@moz.com)"
20.171.207.188 - - [07/Jun/2025:18:35:05 +0200] "GET /taxonomy/term/44/0?page=1 HTTP/1.1" 200 - "-" "Mozilla/5.0 AppleWebKit/537.36 (KHTML, like Gecko; compatible; GPTBot/1.2; +https://openai.com/gptbot)"
216.244.66.200 - - [07/Jun/2025:18:35:13 +0200] "GET /node/186 HTTP/1.1" 200 - "-" "Mozilla/5.0 (compatible; DotBot/1.2; +https://opensiteexplorer.org/dotbot; help@moz.com)"
216.244.66.200 - - [07/Jun/2025:18:36:03 +0200] "GET /node/1887 HTTP/1.1" 200 - "-" "Mozilla/5.0 (compatible; DotBot/1.2; +https://opensiteexplorer.org/dotbot; help@moz.com)"
20.171.207.188 - - [07/Jun/2025:18:36:06 +0200] "GET /taxonomy/term/98/0?page=9 HTTP/1.1" 200 - "-" "Mozilla/5.0 AppleWebKit/537.36 (KHTML, like Gecko; compatible; GPTBot/1.2; +https://openai.com/gptbot)"
216.244.66.200 - - [07/Jun/2025:18:36:53 +0200] "GET /node/2006 HTTP/1.1" 200 - "-" "Mozilla/5.0 (compatible; DotBot/1.2; +https://opensiteexplorer.org/dotbot; help@moz.com)"
20.171.207.188 - - [07/Jun/2025:18:37:08 +0200] "GET /test/wp-login.php HTTP/1.1" 200 - "-" "Mozilla/5.0 AppleWebKit/537.36 (KHTML, like Gecko; compatible; GPTBot/1.2; +https://openai.com/gptbot)"
66.249.70.66 - - [07/Jun/2025:18:37:51 +0200] "GET /files/TK50.pdf HTTP/1.1" 200 134264 "-" "Googlebot/2.1 (+http://www.google.com/bot.html)"
20.171.207.188 - - [07/Jun/2025:18:38:11 +0200] "GET /site/wp-login.php HTTP/1.1" 200 - "-" "Mozilla/5.0 AppleWebKit/537.36 (KHTML, like Gecko; compatible; GPTBot/1.2; +https://openai.com/gptbot)"
20.171.207.188 - - [07/Jun/2025:18:39:17 +0200] "GET /home/wp-login.php HTTP/1.1" 200 - "-" "Mozilla/5.0 AppleWebKit/537.36 (KHTML, like Gecko; compatible; GPTBot/1.2; +https://openai.com/gptbot)"
20.171.207.188 - - [07/Jun/2025:18:40:22 +0200] "GET /http:/jogalkotas.hu/http:/jogalkotas.hu/comment/reply/2619/ HTTP/1.1" 200 - "-" "Mozilla/5.0 AppleWebKit/537.36 (KHTML, like Gecko; compatible; GPTBot/1.2; +https://openai.com/gptbot)"
20.171.207.188 - - [07/Jun/2025:18:41:25 +0200] "GET /user/register HTTP/1.1" 200 - "-" "Mozilla/5.0 AppleWebKit/537.36 (KHTML, like Gecko; compatible; GPTBot/1.2; +https://openai.com/gptbot)"
20.171.207.188 - - [07/Jun/2025:18:42:27 +0200] "GET /wordpress/wp-login.php HTTP/1.1" 200 - "-" "Mozilla/5.0 AppleWebKit/537.36 (KHTML, like Gecko; compatible; GPTBot/1.2; +https://openai.com/gptbot)"
66.249.70.67 - - [07/Jun/2025:18:43:20 +0200] "GET /files/min080731.pdf HTTP/1.1" 200 79521 "-" "Googlebot/2.1 (+http://www.google.com/bot.html)"
20.171.207.188 - - [07/Jun/2025:18:43:30 +0200] "GET /wp-json/wp/v2/users HTTP/1.1" 200 - "-" "Mozilla/5.0 AppleWebKit/537.36 (KHTML, like Gecko; compatible; GPTBot/1.2; +https://openai.com/gptbot)"
20.171.207.188 - - [07/Jun/2025:18:44:36 +0200] "GET /FCKeditor/editor/filemanager/upload/php/upload.php HTTP/1.1" 200 - "-" "Mozilla/5.0 AppleWebKit/537.36 (KHTML, like Gecko; compatible; GPTBot/1.2; +https://openai.com/gptbot)"
66.249.70.65 - - [07/Jun/2025:18:45:32 +0200] "GET /files/alk_tvjav.pdf HTTP/1.1" 304 - "-" "Mozilla/5.0 (Linux; Android 6.0.1; Nexus 5X Build/MMB29P) AppleWebKit/537.36 (KHTML, like Gecko) Chrome/136.0.7103.113 Mobile Safari/537.36 (compatible; Googlebot/2.1; +http://www.google.com/bot.html)"
20.171.207.188 - - [07/Jun/2025:18:45:37 +0200] "GET /en/wp-login.php HTTP/1.1" 200 - "-" "Mozilla/5.0 AppleWebKit/537.36 (KHTML, like Gecko; compatible; GPTBot/1.2; +https://openai.com/gptbot)"
20.171.207.188 - - [07/Jun/2025:18:46:38 +0200] "GET /cms/wp-login.php HTTP/1.1" 200 - "-" "Mozilla/5.0 AppleWebKit/537.36 (KHTML, like Gecko; compatible; GPTBot/1.2; +https://openai.com/gptbot)"
20.171.207.188 - - [07/Jun/2025:18:47:40 +0200] "GET /wp/wp-login.php HTTP/1.1" 200 - "-" "Mozilla/5.0 AppleWebKit/537.36 (KHTML, like Gecko; compatible; GPTBot/1.2; +https://openai.com/gptbot)"
66.249.64.10 - - [07/Jun/2025:18:47:45 +0200] "GET /files/nem_uzleti_eloterj_7_3_szamu_melleklet_061129.pdf HTTP/1.1" 200 69504 "-" "Googlebot/2.1 (+http://www.google.com/bot.html)"
20.171.207.188 - - [07/Jun/2025:18:48:43 +0200] "GET /wp-content/plugins/wp-front-end-repository/js/uploadify/uploadify.css HTTP/1.1" 200 - "-" "Mozilla/5.0 AppleWebKit/537.36 (KHTML, like Gecko; compatible; GPTBot/1.2; +https://openai.com/gptbot)"
66.249.70.67 - - [07/Jun/2025:18:56:40 +0200] "GET /files/sugarvedelem.pdf HTTP/1.1" 200 134027 "-" "Googlebot/2.1 (+http://www.google.com/bot.html)"
216.244.66.200 - - [07/Jun/2025:18:59:48 +0200] "GET /robots.txt HTTP/1.1" 200 1590 "-" "Mozilla/5.0 (compatible; DotBot/1.2; +https://opensiteexplorer.org/dotbot; help@moz.com)"
216.244.66.200 - - [07/Jun/2025:18:59:48 +0200] "GET /robots.txt HTTP/1.1" 200 1590 "-" "Mozilla/5.0 (compatible; DotBot/1.2; +https://opensiteexplorer.org/dotbot; help@moz.com)"
66.249.64.11 - - [07/Jun/2025:19:00:40 +0200] "GET /files/katonai_beosztasok_rendelet_tervezet.pdf HTTP/1.1" 200 44120 "-" "Googlebot/2.1 (+http://www.google.com/bot.html)"
216.244.66.200 - - [07/Jun/2025:19:04:26 +0200] "GET /taxonomy/term/21 HTTP/1.1" 200 - "-" "Mozilla/5.0 (compatible; DotBot/1.2; +https://opensiteexplorer.org/dotbot; help@moz.com)"
66.249.70.67 - - [07/Jun/2025:19:04:46 +0200] "GET /files/TK763.pdf HTTP/1.1" 200 102172 "-" "Googlebot/2.1 (+http://www.google.com/bot.html)"
216.244.66.200 - - [07/Jun/2025:19:05:07 +0200] "GET /taxonomy/term/29 HTTP/1.1" 200 - "-" "Mozilla/5.0 (compatible; DotBot/1.2; +https://opensiteexplorer.org/dotbot; help@moz.com)"
66.249.64.11 - - [07/Jun/2025:19:05:38 +0200] "GET /files/tanev_rendje_2007_08_061229.pdf HTTP/1.1" 200 215910 "-" "Googlebot/2.1 (+http://www.google.com/bot.html)"
66.249.70.65 - - [07/Jun/2025:19:06:29 +0200] "GET /files/fejezeti_kum_rend_mod_1_2008.pdf HTTP/1.1" 200 120432 "-" "Googlebot/2.1 (+http://www.google.com/bot.html)"
216.244.66.200 - - [07/Jun/2025:19:08:37 +0200] "GET /files/szoc_bizt_tv_terv_100218.doc HTTP/1.1" 200 52224 "-" "Mozilla/5.0 (compatible; DotBot/1.2; +https://opensiteexplorer.org/dotbot; help@moz.com)"
64.71.161.11 - - [07/Jun/2025:19:14:30 +0200] "GET / HTTP/1.1" 200 - "-" "Go-http-client/1.1"
66.249.64.10 - - [07/Jun/2025:19:14:42 +0200] "GET /files/drogback_eloterj_3_hatarozati_javaslat_061129.pdf HTTP/1.1" 200 58445 "-" "Googlebot/2.1 (+http://www.google.com/bot.html)"
66.249.64.11 - - [07/Jun/2025:19:15:43 +0200] "GET /files/fszh_070226.pdf HTTP/1.1" 200 266107 "-" "Googlebot/2.1 (+http://www.google.com/bot.html)"
84.246.85.11 - - [07/Jun/2025:19:16:35 +0200] "GET / HTTP/1.1" 200 - "-" "2ip bot/1.1 (+http://2ip.io)"
84.246.85.11 - - [07/Jun/2025:19:16:55 +0200] "GET / HTTP/1.1" 200 - "-" "2ip bot/1.1 (+http://2ip.io)"
84.246.85.11 - - [07/Jun/2025:19:17:15 +0200] "GET / HTTP/1.1" 200 - "-" "2ip bot/1.1 (+http://2ip.io)"
207.166.160.187 - - [07/Jun/2025:19:17:26 +0200] "GET /files/xx_koltsegvetes_terv_090710.pdf HTTP/1.1" 200 34294 "-" "Mozilla/5.0 (Macintosh; Intel Mac OS X 10.15; rv:133.0) Gecko/20100101 Firefox/133.0"
207.166.160.9 - - [07/Jun/2025:19:17:28 +0200] "GET /files/xx_koltsegvetes_terv_090710.pdf HTTP/1.1" 200 170690 "-" "Mozilla/5.0 (Macintosh; Intel Mac OS X 10.15; rv:133.0) Gecko/20100101 Firefox/133.0"
216.244.66.200 - - [07/Jun/2025:19:17:52 +0200] "GET /node?page=107 HTTP/1.1" 200 - "-" "Mozilla/5.0 (compatible; DotBot/1.2; +https://opensiteexplorer.org/dotbot; help@moz.com)"
216.244.66.200 - - [07/Jun/2025:19:18:42 +0200] "GET /node?page=150 HTTP/1.1" 200 - "-" "Mozilla/5.0 (compatible; DotBot/1.2; +https://opensiteexplorer.org/dotbot; help@moz.com)"
66.249.70.67 - - [07/Jun/2025:19:19:30 +0200] "GET /files/epson.pdf HTTP/1.1" 200 262556 "-" "Googlebot/2.1 (+http://www.google.com/bot.html)"
216.244.66.200 - - [07/Jun/2025:19:19:32 +0200] "GET /node?page=167 HTTP/1.1" 200 - "-" "Mozilla/5.0 (compatible; DotBot/1.2; +https://opensiteexplorer.org/dotbot; help@moz.com)"
216.244.66.200 - - [07/Jun/2025:19:20:23 +0200] "GET /taxonomy/term/109 HTTP/1.1" 200 - "-" "Mozilla/5.0 (compatible; DotBot/1.2; +https://opensiteexplorer.org/dotbot; help@moz.com)"
216.244.66.200 - - [07/Jun/2025:19:21:13 +0200] "GET /node?page=225 HTTP/1.1" 200 - "-" "Mozilla/5.0 (compatible; DotBot/1.2; +https://opensiteexplorer.org/dotbot; help@moz.com)"
216.244.66.200 - - [07/Jun/2025:19:22:03 +0200] "GET /node?page=43 HTTP/1.1" 200 - "-" "Mozilla/5.0 (compatible; DotBot/1.2; +https://opensiteexplorer.org/dotbot; help@moz.com)"
216.244.66.200 - - [07/Jun/2025:19:22:53 +0200] "GET /node/1204 HTTP/1.1" 200 - "-" "Mozilla/5.0 (compatible; DotBot/1.2; +https://opensiteexplorer.org/dotbot; help@moz.com)"
43.130.40.120 - - [07/Jun/2025:19:23:33 +0200] "GET / HTTP/1.1" 200 - "-" "Mozilla/5.0 (iPhone; CPU iPhone OS 13_2_3 like Mac OS X) AppleWebKit/605.1.15 (KHTML, like Gecko) Version/13.0.3 Mobile/15E148 Safari/604.1"
216.244.66.200 - - [07/Jun/2025:19:23:43 +0200] "GET /node/1207 HTTP/1.1" 200 - "-" "Mozilla/5.0 (compatible; DotBot/1.2; +https://opensiteexplorer.org/dotbot; help@moz.com)"
216.244.66.200 - - [07/Jun/2025:19:24:34 +0200] "GET /node/1432 HTTP/1.1" 200 - "-" "Mozilla/5.0 (compatible; DotBot/1.2; +https://opensiteexplorer.org/dotbot; help@moz.com)"
216.244.66.200 - - [07/Jun/2025:19:25:25 +0200] "GET /node/1898 HTTP/1.1" 200 - "-" "Mozilla/5.0 (compatible; DotBot/1.2; +https://opensiteexplorer.org/dotbot; help@moz.com)"
216.244.66.200 - - [07/Jun/2025:19:26:15 +0200] "GET /node/1964 HTTP/1.1" 200 - "-" "Mozilla/5.0 (compatible; DotBot/1.2; +https://opensiteexplorer.org/dotbot; help@moz.com)"
