20.171.207.179 - - [06/Jun/2025:17:43:50 +0200] "GET /index.php?option=com_adsmanager&task=upload&tmpl=component HTTP/1.1" 200 - "-" "Mozilla/5.0 AppleWebKit/537.36 (KHTML, like Gecko; compatible; GPTBot/1.2; +https://openai.com/gptbot)"
20.171.207.47 - - [06/Jun/2025:17:44:15 +0200] "GET /.git/HEAD HTTP/1.1" 200 - "-" "Mozilla/5.0 AppleWebKit/537.36 (KHTML, like Gecko; compatible; GPTBot/1.2; +https://openai.com/gptbot)"
20.171.207.179 - - [06/Jun/2025:17:44:55 +0200] "GET /wp-content/plugins/wp-homepage-slideshow/readme.txt HTTP/1.1" 200 - "-" "Mozilla/5.0 AppleWebKit/537.36 (KHTML, like Gecko; compatible; GPTBot/1.2; +https://openai.com/gptbot)"
20.171.207.47 - - [06/Jun/2025:17:45:15 +0200] "GET /drupal HTTP/1.1" 200 - "-" "Mozilla/5.0 AppleWebKit/537.36 (KHTML, like Gecko; compatible; GPTBot/1.2; +https://openai.com/gptbot)"
20.171.207.179 - - [06/Jun/2025:17:45:58 +0200] "GET /theme/assets/global/plugins/jquery-file-upload/server/php/ HTTP/1.1" 200 - "-" "Mozilla/5.0 AppleWebKit/537.36 (KHTML, like Gecko; compatible; GPTBot/1.2; +https://openai.com/gptbot)"
20.171.207.47 - - [06/Jun/2025:17:46:17 +0200] "GET /components/com_sexycontactform/fileupload/index.php HTTP/1.1" 200 - "-" "Mozilla/5.0 AppleWebKit/537.36 (KHTML, like Gecko; compatible; GPTBot/1.2; +https://openai.com/gptbot)"
20.171.207.179 - - [06/Jun/2025:17:47:01 +0200] "GET /taxonomy/term/1?page=227 HTTP/1.1" 200 - "-" "Mozilla/5.0 AppleWebKit/537.36 (KHTML, like Gecko; compatible; GPTBot/1.2; +https://openai.com/gptbot)"
20.171.207.47 - - [06/Jun/2025:17:47:21 +0200] "GET /server/php/ HTTP/1.1" 200 - "-" "Mozilla/5.0 AppleWebKit/537.36 (KHTML, like Gecko; compatible; GPTBot/1.2; +https://openai.com/gptbot)"
20.171.207.179 - - [06/Jun/2025:17:48:04 +0200] "GET /wp-content/plugins/wp-formgenerator/changelog.txt HTTP/1.1" 200 - "-" "Mozilla/5.0 AppleWebKit/537.36 (KHTML, like Gecko; compatible; GPTBot/1.2; +https://openai.com/gptbot)"
20.171.207.47 - - [06/Jun/2025:17:48:22 +0200] "GET /js/common.js HTTP/1.1" 200 - "-" "Mozilla/5.0 AppleWebKit/537.36 (KHTML, like Gecko; compatible; GPTBot/1.2; +https://openai.com/gptbot)"
66.249.70.65 - - [06/Jun/2025:17:48:39 +0200] "GET /files/23617_6.pdf HTTP/1.1" 200 103315 "-" "Googlebot/2.1 (+http://www.google.com/bot.html)"
20.171.207.179 - - [06/Jun/2025:17:49:08 +0200] "GET /moodle/%3Cb%3Ecalendar%3C/b%3E/view.%3Cb%3Ephp%3C/b%3E?loan=173 HTTP/1.1" 200 - "-" "Mozilla/5.0 AppleWebKit/537.36 (KHTML, like Gecko; compatible; GPTBot/1.2; +https://openai.com/gptbot)"
20.171.207.47 - - [06/Jun/2025:17:49:26 +0200] "GET /drupal/node/91 HTTP/1.1" 200 - "-" "Mozilla/5.0 AppleWebKit/537.36 (KHTML, like Gecko; compatible; GPTBot/1.2; +https://openai.com/gptbot)"
20.171.207.179 - - [06/Jun/2025:17:50:11 +0200] "GET /moodle/calendar/view.%3Cb%3Ephp%3C/b%3E?loan=141 HTTP/1.1" 200 - "-" "Mozilla/5.0 AppleWebKit/537.36 (KHTML, like Gecko; compatible; GPTBot/1.2; +https://openai.com/gptbot)"
20.171.207.47 - - [06/Jun/2025:17:50:31 +0200] "GET /user/password HTTP/1.1" 200 - "-" "Mozilla/5.0 AppleWebKit/537.36 (KHTML, like Gecko; compatible; GPTBot/1.2; +https://openai.com/gptbot)"
20.171.207.179 - - [06/Jun/2025:17:51:12 +0200] "GET /moodle/calendar/view.%3Cb%3Ephp%3C/b%3E/?loan=260%27A%3D0 HTTP/1.1" 200 - "-" "Mozilla/5.0 AppleWebKit/537.36 (KHTML, like Gecko; compatible; GPTBot/1.2; +https://openai.com/gptbot)"
20.171.207.47 - - [06/Jun/2025:17:51:34 +0200] "GET /node?page=246 HTTP/1.1" 200 - "-" "Mozilla/5.0 AppleWebKit/537.36 (KHTML, like Gecko; compatible; GPTBot/1.2; +https://openai.com/gptbot)"
20.171.207.179 - - [06/Jun/2025:17:52:15 +0200] "GET /taxonomy/term/27?page=7 HTTP/1.1" 200 - "-" "Mozilla/5.0 AppleWebKit/537.36 (KHTML, like Gecko; compatible; GPTBot/1.2; +https://openai.com/gptbot)"
20.171.207.47 - - [06/Jun/2025:17:52:39 +0200] "GET /node?page=245 HTTP/1.1" 200 - "-" "Mozilla/5.0 AppleWebKit/537.36 (KHTML, like Gecko; compatible; GPTBot/1.2; +https://openai.com/gptbot)"
20.171.207.179 - - [06/Jun/2025:17:53:17 +0200] "GET /taxonomy/term/36?page=5 HTTP/1.1" 200 - "-" "Mozilla/5.0 AppleWebKit/537.36 (KHTML, like Gecko; compatible; GPTBot/1.2; +https://openai.com/gptbot)"
20.171.207.47 - - [06/Jun/2025:17:53:42 +0200] "GET /node?page=242 HTTP/1.1" 200 - "-" "Mozilla/5.0 AppleWebKit/537.36 (KHTML, like Gecko; compatible; GPTBot/1.2; +https://openai.com/gptbot)"
20.171.207.179 - - [06/Jun/2025:17:54:22 +0200] "GET /taxonomy/term/56?page=1 HTTP/1.1" 200 - "-" "Mozilla/5.0 AppleWebKit/537.36 (KHTML, like Gecko; compatible; GPTBot/1.2; +https://openai.com/gptbot)"
20.171.207.47 - - [06/Jun/2025:17:54:47 +0200] "GET /node?page=248 HTTP/1.1" 200 - "-" "Mozilla/5.0 AppleWebKit/537.36 (KHTML, like Gecko; compatible; GPTBot/1.2; +https://openai.com/gptbot)"
20.171.207.179 - - [06/Jun/2025:17:55:22 +0200] "GET /moodle/calendar/view.%3Cb%3Ephp%3C/b%3E?loan=13 HTTP/1.1" 200 - "-" "Mozilla/5.0 AppleWebKit/537.36 (KHTML, like Gecko; compatible; GPTBot/1.2; +https://openai.com/gptbot)"
20.171.207.47 - - [06/Jun/2025:17:55:48 +0200] "GET /drupal HTTP/1.1" 200 - "-" "Mozilla/5.0 AppleWebKit/537.36 (KHTML, like Gecko; compatible; GPTBot/1.2; +https://openai.com/gptbot)"
20.171.207.179 - - [06/Jun/2025:17:56:28 +0200] "GET /moodle/calendar/%3Cbr%3E%20view.%3Cb%3Ephp%3C/b%3E/?loan=293 HTTP/1.1" 200 - "-" "Mozilla/5.0 AppleWebKit/537.36 (KHTML, like Gecko; compatible; GPTBot/1.2; +https://openai.com/gptbot)"
20.171.207.47 - - [06/Jun/2025:17:56:50 +0200] "GET /node?page=247 HTTP/1.1" 200 - "-" "Mozilla/5.0 AppleWebKit/537.36 (KHTML, like Gecko; compatible; GPTBot/1.2; +https://openai.com/gptbot)"
20.171.207.179 - - [06/Jun/2025:17:57:29 +0200] "GET /user/register HTTP/1.1" 200 - "-" "Mozilla/5.0 AppleWebKit/537.36 (KHTML, like Gecko; compatible; GPTBot/1.2; +https://openai.com/gptbot)"
20.171.207.47 - - [06/Jun/2025:17:57:52 +0200] "GET /node?page=250 HTTP/1.1" 200 - "-" "Mozilla/5.0 AppleWebKit/537.36 (KHTML, like Gecko; compatible; GPTBot/1.2; +https://openai.com/gptbot)"
20.171.207.179 - - [06/Jun/2025:17:58:35 +0200] "GET /moodle%3Cbr%3E%20/%3Cb%3Ecalendar%3C/b%3E/view.%3Cb%3Ephp%3C/b%3E/?loan=293 HTTP/1.1" 200 - "-" "Mozilla/5.0 AppleWebKit/537.36 (KHTML, like Gecko; compatible; GPTBot/1.2; +https://openai.com/gptbot)"
20.171.207.47 - - [06/Jun/2025:17:58:55 +0200] "GET /node?page=244 HTTP/1.1" 200 - "-" "Mozilla/5.0 AppleWebKit/537.36 (KHTML, like Gecko; compatible; GPTBot/1.2; +https://openai.com/gptbot)"
20.171.207.179 - - [06/Jun/2025:17:59:37 +0200] "GET /wp-content/plugins/wp-front-end-repository/js/uploadify/uploadify.css HTTP/1.1" 200 - "-" "Mozilla/5.0 AppleWebKit/537.36 (KHTML, like Gecko; compatible; GPTBot/1.2; +https://openai.com/gptbot)"
20.171.207.47 - - [06/Jun/2025:17:59:55 +0200] "GET /node?page=249 HTTP/1.1" 200 - "-" "Mozilla/5.0 AppleWebKit/537.36 (KHTML, like Gecko; compatible; GPTBot/1.2; +https://openai.com/gptbot)"
66.249.64.11 - - [06/Jun/2025:18:00:56 +0200] "GET /files/egyes_regeszeti_lelohelyek_080104.pdf HTTP/1.1" 200 314548 "-" "Googlebot/2.1 (+http://www.google.com/bot.html)"
20.171.207.47 - - [06/Jun/2025:18:01:04 +0200] "GET /node?page=243 HTTP/1.1" 200 - "-" "Mozilla/5.0 AppleWebKit/537.36 (KHTML, like Gecko; compatible; GPTBot/1.2; +https://openai.com/gptbot)"
20.171.207.47 - - [06/Jun/2025:18:02:02 +0200] "GET /wp-login.php HTTP/1.1" 200 - "-" "Mozilla/5.0 AppleWebKit/537.36 (KHTML, like Gecko; compatible; GPTBot/1.2; +https://openai.com/gptbot)"
20.171.207.47 - - [06/Jun/2025:18:03:07 +0200] "GET /wp-content/themes/cameleon/includes/fileuploader/upload_handler.php HTTP/1.1" 200 - "-" "Mozilla/5.0 AppleWebKit/537.36 (KHTML, like Gecko; compatible; GPTBot/1.2; +https://openai.com/gptbot)"
20.171.207.47 - - [06/Jun/2025:18:03:38 +0200] "GET /files/images HTTP/1.1" 301 320 "-" "Mozilla/5.0 AppleWebKit/537.36 (KHTML, like Gecko; compatible; GPTBot/1.2; +https://openai.com/gptbot)"
20.171.207.47 - - [06/Jun/2025:18:03:39 +0200] "GET /files/images/ HTTP/1.1" 403 1172 "-" "Mozilla/5.0 AppleWebKit/537.36 (KHTML, like Gecko; compatible; GPTBot/1.2; +https://openai.com/gptbot)"
20.171.207.47 - - [06/Jun/2025:18:05:11 +0200] "GET /taxonomy/term/101 HTTP/1.1" 200 - "-" "Mozilla/5.0 AppleWebKit/537.36 (KHTML, like Gecko; compatible; GPTBot/1.2; +https://openai.com/gptbot)"
20.171.207.47 - - [06/Jun/2025:18:06:15 +0200] "GET /taxonomy/term/107 HTTP/1.1" 200 - "-" "Mozilla/5.0 AppleWebKit/537.36 (KHTML, like Gecko; compatible; GPTBot/1.2; +https://openai.com/gptbot)"
20.171.207.47 - - [06/Jun/2025:18:07:17 +0200] "GET /taxonomy/term/109 HTTP/1.1" 200 - "-" "Mozilla/5.0 AppleWebKit/537.36 (KHTML, like Gecko; compatible; GPTBot/1.2; +https://openai.com/gptbot)"
66.249.64.10 - - [06/Jun/2025:18:07:40 +0200] "GET /files/T4093.pdf HTTP/1.1" 200 208988 "-" "Googlebot/2.1 (+http://www.google.com/bot.html)"
20.171.207.47 - - [06/Jun/2025:18:08:20 +0200] "GET /taxonomy/term/100 HTTP/1.1" 200 - "-" "Mozilla/5.0 AppleWebKit/537.36 (KHTML, like Gecko; compatible; GPTBot/1.2; +https://openai.com/gptbot)"
20.171.207.47 - - [06/Jun/2025:18:09:26 +0200] "GET /js/kcfinder/browse.php HTTP/1.1" 200 - "-" "Mozilla/5.0 AppleWebKit/537.36 (KHTML, like Gecko; compatible; GPTBot/1.2; +https://openai.com/gptbot)"
66.249.64.10 - - [06/Jun/2025:18:10:19 +0200] "GET /files/ingatlan_nyilvantartas_tervezet_060524.pdf HTTP/1.1" 200 256545 "-" "Googlebot/2.1 (+http://www.google.com/bot.html)"
20.171.207.47 - - [06/Jun/2025:18:10:28 +0200] "GET /%E2%80%A6%C3%BAli.pdf HTTP/1.1" 200 - "-" "Mozilla/5.0 AppleWebKit/537.36 (KHTML, like Gecko; compatible; GPTBot/1.2; +https://openai.com/gptbot)"
20.171.207.47 - - [06/Jun/2025:18:11:32 +0200] "GET /taxonomy/term/98 HTTP/1.1" 200 - "-" "Mozilla/5.0 AppleWebKit/537.36 (KHTML, like Gecko; compatible; GPTBot/1.2; +https://openai.com/gptbot)"
66.249.70.65 - - [06/Jun/2025:18:12:13 +0200] "GET /files/szocialis_foglalkoztatas.pdf HTTP/1.1" 200 938608 "-" "Googlebot/2.1 (+http://www.google.com/bot.html)"
20.171.207.47 - - [06/Jun/2025:18:12:34 +0200] "GET /taxonomy/term/71 HTTP/1.1" 200 - "-" "Mozilla/5.0 AppleWebKit/537.36 (KHTML, like Gecko; compatible; GPTBot/1.2; +https://openai.com/gptbot)"
66.249.64.10 - - [06/Jun/2025:18:13:19 +0200] "GET /files/kutatopedosztondij_terv_080812.pdf HTTP/1.1" 200 292342 "-" "Googlebot/2.1 (+http://www.google.com/bot.html)"
20.171.207.47 - - [06/Jun/2025:18:13:35 +0200] "GET /taxonomy/term/60 HTTP/1.1" 200 - "-" "Mozilla/5.0 AppleWebKit/537.36 (KHTML, like Gecko; compatible; GPTBot/1.2; +https://openai.com/gptbot)"
20.171.207.47 - - [06/Jun/2025:18:14:40 +0200] "GET /taxonomy/term/91 HTTP/1.1" 200 - "-" "Mozilla/5.0 AppleWebKit/537.36 (KHTML, like Gecko; compatible; GPTBot/1.2; +https://openai.com/gptbot)"
20.171.207.47 - - [06/Jun/2025:18:15:40 +0200] "GET /taxonomy/term/66 HTTP/1.1" 200 - "-" "Mozilla/5.0 AppleWebKit/537.36 (KHTML, like Gecko; compatible; GPTBot/1.2; +https://openai.com/gptbot)"
20.171.207.47 - - [06/Jun/2025:18:16:43 +0200] "GET /taxonomy/term/88 HTTP/1.1" 200 - "-" "Mozilla/5.0 AppleWebKit/537.36 (KHTML, like Gecko; compatible; GPTBot/1.2; +https://openai.com/gptbot)"
20.171.207.47 - - [06/Jun/2025:18:17:43 +0200] "GET /taxonomy/term/34 HTTP/1.1" 200 - "-" "Mozilla/5.0 AppleWebKit/537.36 (KHTML, like Gecko; compatible; GPTBot/1.2; +https://openai.com/gptbot)"
20.171.207.47 - - [06/Jun/2025:18:18:47 +0200] "GET /taxonomy/term/32 HTTP/1.1" 200 - "-" "Mozilla/5.0 AppleWebKit/537.36 (KHTML, like Gecko; compatible; GPTBot/1.2; +https://openai.com/gptbot)"
20.171.207.47 - - [06/Jun/2025:18:19:49 +0200] "GET /taxonomy/term/48 HTTP/1.1" 200 - "-" "Mozilla/5.0 AppleWebKit/537.36 (KHTML, like Gecko; compatible; GPTBot/1.2; +https://openai.com/gptbot)"
20.171.207.47 - - [06/Jun/2025:18:20:53 +0200] "GET /taxonomy/term/25 HTTP/1.1" 200 - "-" "Mozilla/5.0 AppleWebKit/537.36 (KHTML, like Gecko; compatible; GPTBot/1.2; +https://openai.com/gptbot)"
66.249.70.65 - - [06/Jun/2025:18:21:27 +0200] "GET /files/1171.pdf HTTP/1.1" 200 345836 "-" "Googlebot/2.1 (+http://www.google.com/bot.html)"
20.171.207.47 - - [06/Jun/2025:18:21:54 +0200] "GET /taxonomy/term/50 HTTP/1.1" 200 - "-" "Mozilla/5.0 AppleWebKit/537.36 (KHTML, like Gecko; compatible; GPTBot/1.2; +https://openai.com/gptbot)"
66.249.64.9 - - [06/Jun/2025:18:22:41 +0200] "GET /files/R89_3.pdf HTTP/1.1" 200 77482 "-" "Googlebot/2.1 (+http://www.google.com/bot.html)"
20.171.207.47 - - [06/Jun/2025:18:22:57 +0200] "GET /taxonomy/term/20 HTTP/1.1" 200 - "-" "Mozilla/5.0 AppleWebKit/537.36 (KHTML, like Gecko; compatible; GPTBot/1.2; +https://openai.com/gptbot)"
20.171.207.47 - - [06/Jun/2025:18:24:03 +0200] "GET /taxonomy/term/51 HTTP/1.1" 200 - "-" "Mozilla/5.0 AppleWebKit/537.36 (KHTML, like Gecko; compatible; GPTBot/1.2; +https://openai.com/gptbot)"
20.171.207.47 - - [06/Jun/2025:18:25:08 +0200] "GET /taxonomy/term/99 HTTP/1.1" 200 - "-" "Mozilla/5.0 AppleWebKit/537.36 (KHTML, like Gecko; compatible; GPTBot/1.2; +https://openai.com/gptbot)"
20.171.207.47 - - [06/Jun/2025:18:26:09 +0200] "GET /taxonomy/term/24 HTTP/1.1" 200 - "-" "Mozilla/5.0 AppleWebKit/537.36 (KHTML, like Gecko; compatible; GPTBot/1.2; +https://openai.com/gptbot)"
20.171.207.47 - - [06/Jun/2025:18:27:10 +0200] "GET /taxonomy/term/79 HTTP/1.1" 200 - "-" "Mozilla/5.0 AppleWebKit/537.36 (KHTML, like Gecko; compatible; GPTBot/1.2; +https://openai.com/gptbot)"
20.171.207.47 - - [06/Jun/2025:18:28:11 +0200] "GET /taxonomy/term/74 HTTP/1.1" 200 - "-" "Mozilla/5.0 AppleWebKit/537.36 (KHTML, like Gecko; compatible; GPTBot/1.2; +https://openai.com/gptbot)"
20.171.207.47 - - [06/Jun/2025:18:29:13 +0200] "GET /taxonomy/term/65 HTTP/1.1" 200 - "-" "Mozilla/5.0 AppleWebKit/537.36 (KHTML, like Gecko; compatible; GPTBot/1.2; +https://openai.com/gptbot)"
20.171.207.47 - - [06/Jun/2025:18:30:15 +0200] "GET /taxonomy/term/63 HTTP/1.1" 200 - "-" "Mozilla/5.0 AppleWebKit/537.36 (KHTML, like Gecko; compatible; GPTBot/1.2; +https://openai.com/gptbot)"
20.171.207.47 - - [06/Jun/2025:18:31:19 +0200] "GET /taxonomy/term/72 HTTP/1.1" 200 - "-" "Mozilla/5.0 AppleWebKit/537.36 (KHTML, like Gecko; compatible; GPTBot/1.2; +https://openai.com/gptbot)"
20.171.207.47 - - [06/Jun/2025:18:32:22 +0200] "GET /taxonomy/term/87 HTTP/1.1" 200 - "-" "Mozilla/5.0 AppleWebKit/537.36 (KHTML, like Gecko; compatible; GPTBot/1.2; +https://openai.com/gptbot)"
20.171.207.47 - - [06/Jun/2025:18:33:24 +0200] "GET /taxonomy/term/35 HTTP/1.1" 200 - "-" "Mozilla/5.0 AppleWebKit/537.36 (KHTML, like Gecko; compatible; GPTBot/1.2; +https://openai.com/gptbot)"
66.249.64.10 - - [06/Jun/2025:18:34:00 +0200] "GET /files/16668_10megfelelesi.pdf HTTP/1.1" 200 116301 "-" "Googlebot/2.1 (+http://www.google.com/bot.html)"
66.249.70.66 - - [06/Jun/2025:18:34:16 +0200] "GET /files/tk19.pdf HTTP/1.1" 304 - "-" "Mozilla/5.0 (Linux; Android 6.0.1; Nexus 5X Build/MMB29P) AppleWebKit/537.36 (KHTML, like Gecko) Chrome/136.0.7103.113 Mobile Safari/537.36 (compatible; Googlebot/2.1; +http://www.google.com/bot.html)"
20.171.207.47 - - [06/Jun/2025:18:34:29 +0200] "GET /taxonomy/term/78 HTTP/1.1" 200 - "-" "Mozilla/5.0 AppleWebKit/537.36 (KHTML, like Gecko; compatible; GPTBot/1.2; +https://openai.com/gptbot)"
20.171.207.47 - - [06/Jun/2025:18:35:35 +0200] "GET /taxonomy/term/67 HTTP/1.1" 200 - "-" "Mozilla/5.0 AppleWebKit/537.36 (KHTML, like Gecko; compatible; GPTBot/1.2; +https://openai.com/gptbot)"
20.171.207.47 - - [06/Jun/2025:18:36:36 +0200] "GET /taxonomy/term/77 HTTP/1.1" 200 - "-" "Mozilla/5.0 AppleWebKit/537.36 (KHTML, like Gecko; compatible; GPTBot/1.2; +https://openai.com/gptbot)"
66.249.70.65 - - [06/Jun/2025:18:37:25 +0200] "GET /files/torvjav080630.pdf HTTP/1.1" 200 75056 "-" "Googlebot/2.1 (+http://www.google.com/bot.html)"
20.171.207.47 - - [06/Jun/2025:18:37:37 +0200] "GET /taxonomy/term/70 HTTP/1.1" 200 - "-" "Mozilla/5.0 AppleWebKit/537.36 (KHTML, like Gecko; compatible; GPTBot/1.2; +https://openai.com/gptbot)"
66.249.64.9 - - [06/Jun/2025:18:38:17 +0200] "GET /files/47343.pdf HTTP/1.1" 304 - "-" "Mozilla/5.0 (Linux; Android 6.0.1; Nexus 5X Build/MMB29P) AppleWebKit/537.36 (KHTML, like Gecko) Chrome/136.0.7103.113 Mobile Safari/537.36 (compatible; Googlebot/2.1; +http://www.google.com/bot.html)"
20.171.207.47 - - [06/Jun/2025:18:38:40 +0200] "GET /taxonomy/term/74 HTTP/1.1" 200 - "-" "Mozilla/5.0 AppleWebKit/537.36 (KHTML, like Gecko; compatible; GPTBot/1.2; +https://openai.com/gptbot)"
20.171.207.47 - - [06/Jun/2025:18:39:44 +0200] "GET /taxonomy/term/46 HTTP/1.1" 200 - "-" "Mozilla/5.0 AppleWebKit/537.36 (KHTML, like Gecko; compatible; GPTBot/1.2; +https://openai.com/gptbot)"
20.171.207.47 - - [06/Jun/2025:18:40:48 +0200] "GET /taxonomy/term/21 HTTP/1.1" 200 - "-" "Mozilla/5.0 AppleWebKit/537.36 (KHTML, like Gecko; compatible; GPTBot/1.2; +https://openai.com/gptbot)"
20.171.207.47 - - [06/Jun/2025:18:41:54 +0200] "GET /taxonomy/term/90 HTTP/1.1" 200 - "-" "Mozilla/5.0 AppleWebKit/537.36 (KHTML, like Gecko; compatible; GPTBot/1.2; +https://openai.com/gptbot)"
20.171.207.47 - - [06/Jun/2025:18:42:54 +0200] "GET /taxonomy/term/18 HTTP/1.1" 200 - "-" "Mozilla/5.0 AppleWebKit/537.36 (KHTML, like Gecko; compatible; GPTBot/1.2; +https://openai.com/gptbot)"
20.171.207.47 - - [06/Jun/2025:18:43:58 +0200] "GET /taxonomy/term/96 HTTP/1.1" 200 - "-" "Mozilla/5.0 AppleWebKit/537.36 (KHTML, like Gecko; compatible; GPTBot/1.2; +https://openai.com/gptbot)"
20.171.207.47 - - [06/Jun/2025:18:45:03 +0200] "GET /taxonomy/term/36 HTTP/1.1" 200 - "-" "Mozilla/5.0 AppleWebKit/537.36 (KHTML, like Gecko; compatible; GPTBot/1.2; +https://openai.com/gptbot)"
66.249.64.11 - - [06/Jun/2025:18:45:54 +0200] "GET /files/talajvedelem_fvm_velemenyezesre.pdf HTTP/1.1" 200 379774 "-" "Googlebot/2.1 (+http://www.google.com/bot.html)"
20.171.207.47 - - [06/Jun/2025:18:46:08 +0200] "GET /taxonomy/term/85 HTTP/1.1" 200 - "-" "Mozilla/5.0 AppleWebKit/537.36 (KHTML, like Gecko; compatible; GPTBot/1.2; +https://openai.com/gptbot)"
20.171.207.47 - - [06/Jun/2025:18:47:13 +0200] "GET /taxonomy/term/75 HTTP/1.1" 200 - "-" "Mozilla/5.0 AppleWebKit/537.36 (KHTML, like Gecko; compatible; GPTBot/1.2; +https://openai.com/gptbot)"
20.171.207.47 - - [06/Jun/2025:18:48:18 +0200] "GET /taxonomy/term/55 HTTP/1.1" 200 - "-" "Mozilla/5.0 AppleWebKit/537.36 (KHTML, like Gecko; compatible; GPTBot/1.2; +https://openai.com/gptbot)"
20.171.207.47 - - [06/Jun/2025:18:49:24 +0200] "GET /taxonomy/term/68 HTTP/1.1" 200 - "-" "Mozilla/5.0 AppleWebKit/537.36 (KHTML, like Gecko; compatible; GPTBot/1.2; +https://openai.com/gptbot)"
20.171.207.47 - - [06/Jun/2025:18:50:29 +0200] "GET /taxonomy/term/47 HTTP/1.1" 200 - "-" "Mozilla/5.0 AppleWebKit/537.36 (KHTML, like Gecko; compatible; GPTBot/1.2; +https://openai.com/gptbot)"
20.171.207.47 - - [06/Jun/2025:18:51:31 +0200] "GET /taxonomy/term/28 HTTP/1.1" 200 - "-" "Mozilla/5.0 AppleWebKit/537.36 (KHTML, like Gecko; compatible; GPTBot/1.2; +https://openai.com/gptbot)"
20.171.207.47 - - [06/Jun/2025:18:52:32 +0200] "GET /taxonomy/term/84 HTTP/1.1" 200 - "-" "Mozilla/5.0 AppleWebKit/537.36 (KHTML, like Gecko; compatible; GPTBot/1.2; +https://openai.com/gptbot)"
20.171.207.47 - - [06/Jun/2025:18:53:35 +0200] "GET /taxonomy/term/94 HTTP/1.1" 200 - "-" "Mozilla/5.0 AppleWebKit/537.36 (KHTML, like Gecko; compatible; GPTBot/1.2; +https://openai.com/gptbot)"
20.171.207.47 - - [06/Jun/2025:18:54:37 +0200] "GET /taxonomy/term/58 HTTP/1.1" 200 - "-" "Mozilla/5.0 AppleWebKit/537.36 (KHTML, like Gecko; compatible; GPTBot/1.2; +https://openai.com/gptbot)"
20.171.207.47 - - [06/Jun/2025:18:55:41 +0200] "GET /taxonomy/term/26 HTTP/1.1" 200 - "-" "Mozilla/5.0 AppleWebKit/537.36 (KHTML, like Gecko; compatible; GPTBot/1.2; +https://openai.com/gptbot)"
20.171.207.47 - - [06/Jun/2025:18:56:41 +0200] "GET /taxonomy/term/31 HTTP/1.1" 200 - "-" "Mozilla/5.0 AppleWebKit/537.36 (KHTML, like Gecko; compatible; GPTBot/1.2; +https://openai.com/gptbot)"
20.171.207.47 - - [06/Jun/2025:18:57:42 +0200] "GET /taxonomy/term/73 HTTP/1.1" 200 - "-" "Mozilla/5.0 AppleWebKit/537.36 (KHTML, like Gecko; compatible; GPTBot/1.2; +https://openai.com/gptbot)"
20.171.207.47 - - [06/Jun/2025:18:58:43 +0200] "GET /taxonomy/term/89 HTTP/1.1" 200 - "-" "Mozilla/5.0 AppleWebKit/537.36 (KHTML, like Gecko; compatible; GPTBot/1.2; +https://openai.com/gptbot)"
20.171.207.47 - - [06/Jun/2025:18:59:44 +0200] "GET /taxonomy/term/39 HTTP/1.1" 200 - "-" "Mozilla/5.0 AppleWebKit/537.36 (KHTML, like Gecko; compatible; GPTBot/1.2; +https://openai.com/gptbot)"
20.171.207.47 - - [06/Jun/2025:19:00:44 +0200] "GET /taxonomy/term/42 HTTP/1.1" 200 - "-" "Mozilla/5.0 AppleWebKit/537.36 (KHTML, like Gecko; compatible; GPTBot/1.2; +https://openai.com/gptbot)"
20.171.207.47 - - [06/Jun/2025:19:01:47 +0200] "GET /taxonomy/term/86 HTTP/1.1" 200 - "-" "Mozilla/5.0 AppleWebKit/537.36 (KHTML, like Gecko; compatible; GPTBot/1.2; +https://openai.com/gptbot)"
20.171.207.47 - - [06/Jun/2025:19:02:49 +0200] "GET /taxonomy/term/62 HTTP/1.1" 200 - "-" "Mozilla/5.0 AppleWebKit/537.36 (KHTML, like Gecko; compatible; GPTBot/1.2; +https://openai.com/gptbot)"
20.171.207.47 - - [06/Jun/2025:19:03:50 +0200] "GET /taxonomy/term/59 HTTP/1.1" 200 - "-" "Mozilla/5.0 AppleWebKit/537.36 (KHTML, like Gecko; compatible; GPTBot/1.2; +https://openai.com/gptbot)"
20.171.207.47 - - [06/Jun/2025:19:04:51 +0200] "GET /taxonomy/term/69 HTTP/1.1" 200 - "-" "Mozilla/5.0 AppleWebKit/537.36 (KHTML, like Gecko; compatible; GPTBot/1.2; +https://openai.com/gptbot)"
20.171.207.47 - - [06/Jun/2025:19:05:52 +0200] "GET /taxonomy/term/23 HTTP/1.1" 200 - "-" "Mozilla/5.0 AppleWebKit/537.36 (KHTML, like Gecko; compatible; GPTBot/1.2; +https://openai.com/gptbot)"
20.171.207.47 - - [06/Jun/2025:19:06:56 +0200] "GET /taxonomy/term/37 HTTP/1.1" 200 - "-" "Mozilla/5.0 AppleWebKit/537.36 (KHTML, like Gecko; compatible; GPTBot/1.2; +https://openai.com/gptbot)"
20.171.207.47 - - [06/Jun/2025:19:08:01 +0200] "GET /taxonomy/term/76 HTTP/1.1" 200 - "-" "Mozilla/5.0 AppleWebKit/537.36 (KHTML, like Gecko; compatible; GPTBot/1.2; +https://openai.com/gptbot)"
20.171.207.47 - - [06/Jun/2025:19:09:02 +0200] "GET /taxonomy/term/64 HTTP/1.1" 200 - "-" "Mozilla/5.0 AppleWebKit/537.36 (KHTML, like Gecko; compatible; GPTBot/1.2; +https://openai.com/gptbot)"
20.171.207.47 - - [06/Jun/2025:19:10:05 +0200] "GET /taxonomy/term/41 HTTP/1.1" 200 - "-" "Mozilla/5.0 AppleWebKit/537.36 (KHTML, like Gecko; compatible; GPTBot/1.2; +https://openai.com/gptbot)"
20.171.207.47 - - [06/Jun/2025:19:11:08 +0200] "GET /taxonomy/term/83 HTTP/1.1" 200 - "-" "Mozilla/5.0 AppleWebKit/537.36 (KHTML, like Gecko; compatible; GPTBot/1.2; +https://openai.com/gptbot)"
20.171.207.47 - - [06/Jun/2025:19:12:13 +0200] "GET /taxonomy/term/56 HTTP/1.1" 200 - "-" "Mozilla/5.0 AppleWebKit/537.36 (KHTML, like Gecko; compatible; GPTBot/1.2; +https://openai.com/gptbot)"
20.171.207.47 - - [06/Jun/2025:19:13:19 +0200] "GET /taxonomy/term/61 HTTP/1.1" 200 - "-" "Mozilla/5.0 AppleWebKit/537.36 (KHTML, like Gecko; compatible; GPTBot/1.2; +https://openai.com/gptbot)"
20.171.207.47 - - [06/Jun/2025:19:14:21 +0200] "GET /taxonomy/term/93 HTTP/1.1" 200 - "-" "Mozilla/5.0 AppleWebKit/537.36 (KHTML, like Gecko; compatible; GPTBot/1.2; +https://openai.com/gptbot)"
20.171.207.47 - - [06/Jun/2025:19:15:23 +0200] "GET /taxonomy/term/82 HTTP/1.1" 200 - "-" "Mozilla/5.0 AppleWebKit/537.36 (KHTML, like Gecko; compatible; GPTBot/1.2; +https://openai.com/gptbot)"
20.171.207.47 - - [06/Jun/2025:19:16:29 +0200] "GET /taxonomy/term/27 HTTP/1.1" 200 - "-" "Mozilla/5.0 AppleWebKit/537.36 (KHTML, like Gecko; compatible; GPTBot/1.2; +https://openai.com/gptbot)"
20.171.207.47 - - [06/Jun/2025:19:17:29 +0200] "GET /taxonomy/term/33 HTTP/1.1" 200 - "-" "Mozilla/5.0 AppleWebKit/537.36 (KHTML, like Gecko; compatible; GPTBot/1.2; +https://openai.com/gptbot)"
20.171.207.47 - - [06/Jun/2025:19:18:30 +0200] "GET /taxonomy/term/95 HTTP/1.1" 200 - "-" "Mozilla/5.0 AppleWebKit/537.36 (KHTML, like Gecko; compatible; GPTBot/1.2; +https://openai.com/gptbot)"
20.171.207.47 - - [06/Jun/2025:19:19:32 +0200] "GET /taxonomy/term/92 HTTP/1.1" 200 - "-" "Mozilla/5.0 AppleWebKit/537.36 (KHTML, like Gecko; compatible; GPTBot/1.2; +https://openai.com/gptbot)"
20.171.207.47 - - [06/Jun/2025:19:20:33 +0200] "GET /taxonomy/term/80 HTTP/1.1" 200 - "-" "Mozilla/5.0 AppleWebKit/537.36 (KHTML, like Gecko; compatible; GPTBot/1.2; +https://openai.com/gptbot)"
20.171.207.47 - - [06/Jun/2025:19:21:34 +0200] "GET /taxonomy/term/49 HTTP/1.1" 200 - "-" "Mozilla/5.0 AppleWebKit/537.36 (KHTML, like Gecko; compatible; GPTBot/1.2; +https://openai.com/gptbot)"
20.171.207.47 - - [06/Jun/2025:19:22:38 +0200] "GET /taxonomy/term/54 HTTP/1.1" 200 - "-" "Mozilla/5.0 AppleWebKit/537.36 (KHTML, like Gecko; compatible; GPTBot/1.2; +https://openai.com/gptbot)"
20.171.207.47 - - [06/Jun/2025:19:23:39 +0200] "GET /taxonomy/term/40 HTTP/1.1" 200 - "-" "Mozilla/5.0 AppleWebKit/537.36 (KHTML, like Gecko; compatible; GPTBot/1.2; +https://openai.com/gptbot)"
20.171.207.47 - - [06/Jun/2025:19:24:41 +0200] "GET /taxonomy/term/29 HTTP/1.1" 200 - "-" "Mozilla/5.0 AppleWebKit/537.36 (KHTML, like Gecko; compatible; GPTBot/1.2; +https://openai.com/gptbot)"
20.171.207.47 - - [06/Jun/2025:19:25:42 +0200] "GET /taxonomy/term/1 HTTP/1.1" 200 - "-" "Mozilla/5.0 AppleWebKit/537.36 (KHTML, like Gecko; compatible; GPTBot/1.2; +https://openai.com/gptbot)"
20.171.207.47 - - [06/Jun/2025:19:26:47 +0200] "GET /taxonomy/term/52 HTTP/1.1" 200 - "-" "Mozilla/5.0 AppleWebKit/537.36 (KHTML, like Gecko; compatible; GPTBot/1.2; +https://openai.com/gptbot)"
20.171.207.47 - - [06/Jun/2025:19:27:53 +0200] "GET /taxonomy/term/57 HTTP/1.1" 200 - "-" "Mozilla/5.0 AppleWebKit/537.36 (KHTML, like Gecko; compatible; GPTBot/1.2; +https://openai.com/gptbot)"
20.171.207.47 - - [06/Jun/2025:19:28:56 +0200] "GET /taxonomy/term/81 HTTP/1.1" 200 - "-" "Mozilla/5.0 AppleWebKit/537.36 (KHTML, like Gecko; compatible; GPTBot/1.2; +https://openai.com/gptbot)"
20.171.207.47 - - [06/Jun/2025:19:30:00 +0200] "GET /taxonomy/term/43 HTTP/1.1" 200 - "-" "Mozilla/5.0 AppleWebKit/537.36 (KHTML, like Gecko; compatible; GPTBot/1.2; +https://openai.com/gptbot)"
20.171.207.47 - - [06/Jun/2025:19:31:05 +0200] "GET /upload/server/php/ HTTP/1.1" 200 - "-" "Mozilla/5.0 AppleWebKit/537.36 (KHTML, like Gecko; compatible; GPTBot/1.2; +https://openai.com/gptbot)"
20.171.207.47 - - [06/Jun/2025:19:32:07 +0200] "GET /drupal/files/bizott_2006_j%C3%BAli.pdf HTTP/1.1" 200 - "-" "Mozilla/5.0 AppleWebKit/537.36 (KHTML, like Gecko; compatible; GPTBot/1.2; +https://openai.com/gptbot)"
20.171.207.47 - - [06/Jun/2025:19:33:11 +0200] "GET /taxonomy/term/41/ HTTP/1.1" 200 - "-" "Mozilla/5.0 AppleWebKit/537.36 (KHTML, like Gecko; compatible; GPTBot/1.2; +https://openai.com/gptbot)"
20.171.207.47 - - [06/Jun/2025:19:34:14 +0200] "GET /taxonomy/term/55%2057%2058%2059%2060%2061%2062%2063%2064%2065%2066%2067%2068%2069%2070%2071%2072%2073%2074%2075?page=1%27A%3D0 HTTP/1.1" 200 - "-" "Mozilla/5.0 AppleWebKit/537.36 (KHTML, like Gecko; compatible; GPTBot/1.2; +https://openai.com/gptbot)"
20.171.207.47 - - [06/Jun/2025:19:35:17 +0200] "GET /filter/tips HTTP/1.1" 200 - "-" "Mozilla/5.0 AppleWebKit/537.36 (KHTML, like Gecko; compatible; GPTBot/1.2; +https://openai.com/gptbot)"
20.171.207.47 - - [06/Jun/2025:19:36:18 +0200] "GET /taxonomy/term/34/0 HTTP/1.1" 200 - "-" "Mozilla/5.0 AppleWebKit/537.36 (KHTML, like Gecko; compatible; GPTBot/1.2; +https://openai.com/gptbot)"
20.171.207.47 - - [06/Jun/2025:19:37:20 +0200] "GET /taxonomy/term/77/0 HTTP/1.1" 200 - "-" "Mozilla/5.0 AppleWebKit/537.36 (KHTML, like Gecko; compatible; GPTBot/1.2; +https://openai.com/gptbot)"
20.171.207.47 - - [06/Jun/2025:19:38:21 +0200] "GET /taxonomy/term/96/0 HTTP/1.1" 200 - "-" "Mozilla/5.0 AppleWebKit/537.36 (KHTML, like Gecko; compatible; GPTBot/1.2; +https://openai.com/gptbot)"
20.171.207.47 - - [06/Jun/2025:19:39:25 +0200] "GET /taxonomy/term/36/0 HTTP/1.1" 200 - "-" "Mozilla/5.0 AppleWebKit/537.36 (KHTML, like Gecko; compatible; GPTBot/1.2; +https://openai.com/gptbot)"
20.171.207.47 - - [06/Jun/2025:19:40:29 +0200] "GET /drupal/files/konf_program.pdf HTTP/1.1" 200 - "-" "Mozilla/5.0 AppleWebKit/537.36 (KHTML, like Gecko; compatible; GPTBot/1.2; +https://openai.com/gptbot)"
20.171.207.47 - - [06/Jun/2025:19:41:34 +0200] "GET /assets/jquery-file-upload/server/php/ HTTP/1.1" 200 - "-" "Mozilla/5.0 AppleWebKit/537.36 (KHTML, like Gecko; compatible; GPTBot/1.2; +https://openai.com/gptbot)"
20.171.207.47 - - [06/Jun/2025:19:42:35 +0200] "GET /phpmyadmin/index.php HTTP/1.1" 200 - "-" "Mozilla/5.0 AppleWebKit/537.36 (KHTML, like Gecko; compatible; GPTBot/1.2; +https://openai.com/gptbot)"
20.171.207.47 - - [06/Jun/2025:19:43:37 +0200] "GET /taxonomy/term/18%2023%2024%2026%2025%2027%2028%2029%2052%2041%2031%2032%2098%2033%2048%20106%20103%2099%20107%2034%2049%2035%2051%20100%2036%2050%20105/0?page=7 HTTP/1.1" 200 - "-" "Mozilla/5.0 AppleWebKit/537.36 (KHTML, like Gecko; compatible; GPTBot/1.2; +https://openai.com/gptbot)"
20.171.207.47 - - [06/Jun/2025:19:44:40 +0200] "GET /taxonomy/term/18%2023%2024%2026%2025%2027%2028%2029%2052%2041%2031%2032%2098%2033%2048%20106%20103%2099%20107%2034%2049%2035%2051%20100%2036%2050%20105/0?page=4 HTTP/1.1" 200 - "-" "Mozilla/5.0 AppleWebKit/537.36 (KHTML, like Gecko; compatible; GPTBot/1.2; +https://openai.com/gptbot)"
20.171.207.47 - - [06/Jun/2025:19:45:45 +0200] "GET /taxonomy/term/18%2023%2024%2026%2025%2027%2028%2029%2052%2041%2031%2032%2098%2033%2048%20106%20103%2099%20107%2034%2049%2035%2051%20100%2036%2050%20105/0 HTTP/1.1" 200 - "-" "Mozilla/5.0 AppleWebKit/537.36 (KHTML, like Gecko; compatible; GPTBot/1.2; +https://openai.com/gptbot)"
20.171.207.47 - - [06/Jun/2025:19:46:46 +0200] "GET /assets/plugins/jquery-file-upload/server/php/ HTTP/1.1" 200 - "-" "Mozilla/5.0 AppleWebKit/537.36 (KHTML, like Gecko; compatible; GPTBot/1.2; +https://openai.com/gptbot)"
20.171.207.47 - - [06/Jun/2025:19:47:47 +0200] "GET /filemanager/connectors/php/filemanager.php HTTP/1.1" 200 - "-" "Mozilla/5.0 AppleWebKit/537.36 (KHTML, like Gecko; compatible; GPTBot/1.2; +https://openai.com/gptbot)"
20.171.207.47 - - [06/Jun/2025:19:48:50 +0200] "GET /http:/jogalkotas.hu/comment/reply/2619/ HTTP/1.1" 200 - "-" "Mozilla/5.0 AppleWebKit/537.36 (KHTML, like Gecko; compatible; GPTBot/1.2; +https://openai.com/gptbot)"
20.171.207.47 - - [06/Jun/2025:19:49:51 +0200] "GET /joobi/inc/openflashchart/php-ofc-library/ofc_upload_image.php HTTP/1.1" 200 - "-" "Mozilla/5.0 AppleWebKit/537.36 (KHTML, like Gecko; compatible; GPTBot/1.2; +https://openai.com/gptbot)"
20.171.207.47 - - [06/Jun/2025:19:50:56 +0200] "GET /wp-content/plugins/reflex-gallery/admin/scripts/FileUploader/php.php HTTP/1.1" 200 - "-" "Mozilla/5.0 AppleWebKit/537.36 (KHTML, like Gecko; compatible; GPTBot/1.2; +https://openai.com/gptbot)"
20.171.207.47 - - [06/Jun/2025:19:51:57 +0200] "GET /index.php?option=com_adsmanager&task=upload&tmpl=component HTTP/1.1" 200 - "-" "Mozilla/5.0 AppleWebKit/537.36 (KHTML, like Gecko; compatible; GPTBot/1.2; +https://openai.com/gptbot)"
20.171.207.47 - - [06/Jun/2025:19:53:01 +0200] "GET /wp-content/plugins/wp-homepage-slideshow/readme.txt HTTP/1.1" 200 - "-" "Mozilla/5.0 AppleWebKit/537.36 (KHTML, like Gecko; compatible; GPTBot/1.2; +https://openai.com/gptbot)"
20.171.207.47 - - [06/Jun/2025:19:54:06 +0200] "GET /templates/default/jQuery-File-Upload/server/php/ HTTP/1.1" 200 - "-" "Mozilla/5.0 AppleWebKit/537.36 (KHTML, like Gecko; compatible; GPTBot/1.2; +https://openai.com/gptbot)"
20.171.207.47 - - [06/Jun/2025:19:55:12 +0200] "GET /theme/assets/global/plugins/jquery-file-upload/server/php/ HTTP/1.1" 200 - "-" "Mozilla/5.0 AppleWebKit/537.36 (KHTML, like Gecko; compatible; GPTBot/1.2; +https://openai.com/gptbot)"
20.171.207.47 - - [06/Jun/2025:19:56:15 +0200] "GET /index.php?option=com_users&view=registration HTTP/1.1" 200 - "-" "Mozilla/5.0 AppleWebKit/537.36 (KHTML, like Gecko; compatible; GPTBot/1.2; +https://openai.com/gptbot)"
20.171.207.47 - - [06/Jun/2025:19:57:15 +0200] "GET /taxonomy/term/49?page=22 HTTP/1.1" 200 - "-" "Mozilla/5.0 AppleWebKit/537.36 (KHTML, like Gecko; compatible; GPTBot/1.2; +https://openai.com/gptbot)"
20.171.207.47 - - [06/Jun/2025:19:58:14 +0200] "GET /taxonomy/term/101?page=2 HTTP/1.1" 200 - "-" "Mozilla/5.0 AppleWebKit/537.36 (KHTML, like Gecko; compatible; GPTBot/1.2; +https://openai.com/gptbot)"
20.171.207.47 - - [06/Jun/2025:19:59:21 +0200] "GET /taxonomy/term/101?page=7 HTTP/1.1" 200 - "-" "Mozilla/5.0 AppleWebKit/537.36 (KHTML, like Gecko; compatible; GPTBot/1.2; +https://openai.com/gptbot)"
66.249.70.66 - - [06/Jun/2025:20:00:20 +0200] "GET /files/27_2009_OM-rend.pdf HTTP/1.1" 304 - "-" "Mozilla/5.0 (Linux; Android 6.0.1; Nexus 5X Build/MMB29P) AppleWebKit/537.36 (KHTML, like Gecko) Chrome/136.0.7103.113 Mobile Safari/537.36 (compatible; Googlebot/2.1; +http://www.google.com/bot.html)"
20.171.207.47 - - [06/Jun/2025:20:00:22 +0200] "GET /taxonomy/term/101?page=3 HTTP/1.1" 200 - "-" "Mozilla/5.0 AppleWebKit/537.36 (KHTML, like Gecko; compatible; GPTBot/1.2; +https://openai.com/gptbot)"
20.171.207.47 - - [06/Jun/2025:20:01:25 +0200] "GET /taxonomy/term/101?page=5 HTTP/1.1" 200 - "-" "Mozilla/5.0 AppleWebKit/537.36 (KHTML, like Gecko; compatible; GPTBot/1.2; +https://openai.com/gptbot)"
8.210.185.112 - - [06/Jun/2025:20:01:59 +0200] "GET /files/8_mell_FAVI_MIR_k_rnyhaszn.pdf HTTP/1.1" 200 752092 "-" "Mozilla/5.0 (Macintosh; Intel Mac OS X 10_13_7) AppleWebKit/548.12 (KHTML, like Gecko) Chrome/105.0.0.0 Safari/548.12 Edg/105.0.2885.76"
20.171.207.47 - - [06/Jun/2025:20:02:25 +0200] "GET /taxonomy/term/101?page=4 HTTP/1.1" 200 - "-" "Mozilla/5.0 AppleWebKit/537.36 (KHTML, like Gecko; compatible; GPTBot/1.2; +https://openai.com/gptbot)"
20.171.207.47 - - [06/Jun/2025:20:03:26 +0200] "GET /taxonomy/term/101?page=9 HTTP/1.1" 200 - "-" "Mozilla/5.0 AppleWebKit/537.36 (KHTML, like Gecko; compatible; GPTBot/1.2; +https://openai.com/gptbot)"
20.171.207.47 - - [06/Jun/2025:20:04:30 +0200] "GET /taxonomy/term/101?page=8 HTTP/1.1" 200 - "-" "Mozilla/5.0 AppleWebKit/537.36 (KHTML, like Gecko; compatible; GPTBot/1.2; +https://openai.com/gptbot)"
20.171.207.47 - - [06/Jun/2025:20:05:34 +0200] "GET /taxonomy/term/101?page=6 HTTP/1.1" 200 - "-" "Mozilla/5.0 AppleWebKit/537.36 (KHTML, like Gecko; compatible; GPTBot/1.2; +https://openai.com/gptbot)"
20.171.207.47 - - [06/Jun/2025:20:06:36 +0200] "GET /taxonomy/term/101?page=1 HTTP/1.1" 200 - "-" "Mozilla/5.0 AppleWebKit/537.36 (KHTML, like Gecko; compatible; GPTBot/1.2; +https://openai.com/gptbot)"
20.171.207.47 - - [06/Jun/2025:20:07:41 +0200] "GET /wp-content/plugins/wp-formgenerator/changelog.txt HTTP/1.1" 200 - "-" "Mozilla/5.0 AppleWebKit/537.36 (KHTML, like Gecko; compatible; GPTBot/1.2; +https://openai.com/gptbot)"
20.171.207.47 - - [06/Jun/2025:20:08:41 +0200] "GET /fckeditor/editor/filemanager/upload/php/upload.php HTTP/1.1" 200 - "-" "Mozilla/5.0 AppleWebKit/537.36 (KHTML, like Gecko; compatible; GPTBot/1.2; +https://openai.com/gptbot)"
20.171.207.47 - - [06/Jun/2025:20:09:45 +0200] "GET /blog/wp-login.php HTTP/1.1" 200 - "-" "Mozilla/5.0 AppleWebKit/537.36 (KHTML, like Gecko; compatible; GPTBot/1.2; +https://openai.com/gptbot)"
20.171.207.47 - - [06/Jun/2025:20:10:47 +0200] "GET /taxonomy/term/46?page=1 HTTP/1.1" 200 - "-" "Mozilla/5.0 AppleWebKit/537.36 (KHTML, like Gecko; compatible; GPTBot/1.2; +https://openai.com/gptbot)"
20.171.207.47 - - [06/Jun/2025:20:11:53 +0200] "GET /taxonomy/term/52?page=5 HTTP/1.1" 200 - "-" "Mozilla/5.0 AppleWebKit/537.36 (KHTML, like Gecko; compatible; GPTBot/1.2; +https://openai.com/gptbot)"
20.171.207.47 - - [06/Jun/2025:20:12:57 +0200] "GET /taxonomy/term/46?page=4 HTTP/1.1" 200 - "-" "Mozilla/5.0 AppleWebKit/537.36 (KHTML, like Gecko; compatible; GPTBot/1.2; +https://openai.com/gptbot)"
20.171.207.47 - - [06/Jun/2025:20:14:02 +0200] "GET /taxonomy/term/28?page=4 HTTP/1.1" 200 - "-" "Mozilla/5.0 AppleWebKit/537.36 (KHTML, like Gecko; compatible; GPTBot/1.2; +https://openai.com/gptbot)"
20.171.207.47 - - [06/Jun/2025:20:15:07 +0200] "GET /taxonomy/term/47?page=1 HTTP/1.1" 200 - "-" "Mozilla/5.0 AppleWebKit/537.36 (KHTML, like Gecko; compatible; GPTBot/1.2; +https://openai.com/gptbot)"
20.171.207.47 - - [06/Jun/2025:20:16:09 +0200] "GET /taxonomy/term/20?page=2 HTTP/1.1" 200 - "-" "Mozilla/5.0 AppleWebKit/537.36 (KHTML, like Gecko; compatible; GPTBot/1.2; +https://openai.com/gptbot)"
20.171.207.47 - - [06/Jun/2025:20:17:09 +0200] "GET /taxonomy/term/47?page=4 HTTP/1.1" 200 - "-" "Mozilla/5.0 AppleWebKit/537.36 (KHTML, like Gecko; compatible; GPTBot/1.2; +https://openai.com/gptbot)"
20.171.207.47 - - [06/Jun/2025:20:18:14 +0200] "GET /taxonomy/term/47?page=3 HTTP/1.1" 200 - "-" "Mozilla/5.0 AppleWebKit/537.36 (KHTML, like Gecko; compatible; GPTBot/1.2; +https://openai.com/gptbot)"
20.171.207.47 - - [06/Jun/2025:20:19:16 +0200] "GET /taxonomy/term/47?page=6 HTTP/1.1" 200 - "-" "Mozilla/5.0 AppleWebKit/537.36 (KHTML, like Gecko; compatible; GPTBot/1.2; +https://openai.com/gptbot)"
20.171.207.47 - - [06/Jun/2025:20:20:18 +0200] "GET /taxonomy/term/47?page=2 HTTP/1.1" 200 - "-" "Mozilla/5.0 AppleWebKit/537.36 (KHTML, like Gecko; compatible; GPTBot/1.2; +https://openai.com/gptbot)"
20.171.207.47 - - [06/Jun/2025:20:21:23 +0200] "GET /taxonomy/term/46?page=5 HTTP/1.1" 200 - "-" "Mozilla/5.0 AppleWebKit/537.36 (KHTML, like Gecko; compatible; GPTBot/1.2; +https://openai.com/gptbot)"
20.171.207.47 - - [06/Jun/2025:20:22:23 +0200] "GET /taxonomy/term/52?page=7 HTTP/1.1" 200 - "-" "Mozilla/5.0 AppleWebKit/537.36 (KHTML, like Gecko; compatible; GPTBot/1.2; +https://openai.com/gptbot)"
20.171.207.47 - - [06/Jun/2025:20:23:28 +0200] "GET /taxonomy/term/47?page=7 HTTP/1.1" 200 - "-" "Mozilla/5.0 AppleWebKit/537.36 (KHTML, like Gecko; compatible; GPTBot/1.2; +https://openai.com/gptbot)"
20.171.207.47 - - [06/Jun/2025:20:24:29 +0200] "GET /taxonomy/term/27?page=3 HTTP/1.1" 200 - "-" "Mozilla/5.0 AppleWebKit/537.36 (KHTML, like Gecko; compatible; GPTBot/1.2; +https://openai.com/gptbot)"
20.171.207.47 - - [06/Jun/2025:20:25:31 +0200] "GET /taxonomy/term/52?page=1 HTTP/1.1" 200 - "-" "Mozilla/5.0 AppleWebKit/537.36 (KHTML, like Gecko; compatible; GPTBot/1.2; +https://openai.com/gptbot)"
20.171.207.47 - - [06/Jun/2025:20:26:31 +0200] "GET /taxonomy/term/46?page=3 HTTP/1.1" 200 - "-" "Mozilla/5.0 AppleWebKit/537.36 (KHTML, like Gecko; compatible; GPTBot/1.2; +https://openai.com/gptbot)"
20.171.207.47 - - [06/Jun/2025:20:27:37 +0200] "GET /taxonomy/term/47?page=5 HTTP/1.1" 200 - "-" "Mozilla/5.0 AppleWebKit/537.36 (KHTML, like Gecko; compatible; GPTBot/1.2; +https://openai.com/gptbot)"
20.171.207.47 - - [06/Jun/2025:20:28:42 +0200] "GET /taxonomy/term/20?page=1 HTTP/1.1" 200 - "-" "Mozilla/5.0 AppleWebKit/537.36 (KHTML, like Gecko; compatible; GPTBot/1.2; +https://openai.com/gptbot)"
20.171.207.47 - - [06/Jun/2025:20:29:45 +0200] "GET /taxonomy/term/46?page=2 HTTP/1.1" 200 - "-" "Mozilla/5.0 AppleWebKit/537.36 (KHTML, like Gecko; compatible; GPTBot/1.2; +https://openai.com/gptbot)"
20.171.207.47 - - [06/Jun/2025:20:30:47 +0200] "GET /taxonomy/term/52?page=4 HTTP/1.1" 200 - "-" "Mozilla/5.0 AppleWebKit/537.36 (KHTML, like Gecko; compatible; GPTBot/1.2; +https://openai.com/gptbot)"
20.171.207.47 - - [06/Jun/2025:20:31:52 +0200] "GET /taxonomy/term/44/0?page=1 HTTP/1.1" 200 - "-" "Mozilla/5.0 AppleWebKit/537.36 (KHTML, like Gecko; compatible; GPTBot/1.2; +https://openai.com/gptbot)"
20.171.207.47 - - [06/Jun/2025:20:32:53 +0200] "GET /taxonomy/term/98/0?page=9 HTTP/1.1" 200 - "-" "Mozilla/5.0 AppleWebKit/537.36 (KHTML, like Gecko; compatible; GPTBot/1.2; +https://openai.com/gptbot)"
20.171.207.47 - - [06/Jun/2025:20:33:55 +0200] "GET /taxonomy/term/39/0?page=3 HTTP/1.1" 200 - "-" "Mozilla/5.0 AppleWebKit/537.36 (KHTML, like Gecko; compatible; GPTBot/1.2; +https://openai.com/gptbot)"
20.171.207.47 - - [06/Jun/2025:20:35:00 +0200] "GET /test/wp-login.php HTTP/1.1" 200 - "-" "Mozilla/5.0 AppleWebKit/537.36 (KHTML, like Gecko; compatible; GPTBot/1.2; +https://openai.com/gptbot)"
20.171.207.47 - - [06/Jun/2025:20:36:02 +0200] "GET /site/wp-login.php HTTP/1.1" 200 - "-" "Mozilla/5.0 AppleWebKit/537.36 (KHTML, like Gecko; compatible; GPTBot/1.2; +https://openai.com/gptbot)"
20.171.207.47 - - [06/Jun/2025:20:37:08 +0200] "GET /home/wp-login.php HTTP/1.1" 200 - "-" "Mozilla/5.0 AppleWebKit/537.36 (KHTML, like Gecko; compatible; GPTBot/1.2; +https://openai.com/gptbot)"
20.171.207.47 - - [06/Jun/2025:20:38:09 +0200] "GET /http:/jogalkotas.hu/http:/jogalkotas.hu/comment/reply/2619/ HTTP/1.1" 200 - "-" "Mozilla/5.0 AppleWebKit/537.36 (KHTML, like Gecko; compatible; GPTBot/1.2; +https://openai.com/gptbot)"
20.171.207.47 - - [06/Jun/2025:20:39:10 +0200] "GET /wordpress/wp-login.php HTTP/1.1" 200 - "-" "Mozilla/5.0 AppleWebKit/537.36 (KHTML, like Gecko; compatible; GPTBot/1.2; +https://openai.com/gptbot)"
20.171.207.47 - - [06/Jun/2025:20:40:15 +0200] "GET /wp-json/wp/v2/users HTTP/1.1" 200 - "-" "Mozilla/5.0 AppleWebKit/537.36 (KHTML, like Gecko; compatible; GPTBot/1.2; +https://openai.com/gptbot)"
20.171.207.47 - - [06/Jun/2025:20:41:17 +0200] "GET /FCKeditor/editor/filemanager/upload/php/upload.php HTTP/1.1" 200 - "-" "Mozilla/5.0 AppleWebKit/537.36 (KHTML, like Gecko; compatible; GPTBot/1.2; +https://openai.com/gptbot)"
20.171.207.47 - - [06/Jun/2025:20:42:20 +0200] "GET /en/wp-login.php HTTP/1.1" 200 - "-" "Mozilla/5.0 AppleWebKit/537.36 (KHTML, like Gecko; compatible; GPTBot/1.2; +https://openai.com/gptbot)"
20.171.207.47 - - [06/Jun/2025:20:43:21 +0200] "GET /cms/wp-login.php HTTP/1.1" 200 - "-" "Mozilla/5.0 AppleWebKit/537.36 (KHTML, like Gecko; compatible; GPTBot/1.2; +https://openai.com/gptbot)"
20.171.207.47 - - [06/Jun/2025:20:44:25 +0200] "GET /wp/wp-login.php HTTP/1.1" 200 - "-" "Mozilla/5.0 AppleWebKit/537.36 (KHTML, like Gecko; compatible; GPTBot/1.2; +https://openai.com/gptbot)"
20.171.207.47 - - [06/Jun/2025:20:45:25 +0200] "GET /wp-content/plugins/wp-front-end-repository/js/uploadify/uploadify.css HTTP/1.1" 200 - "-" "Mozilla/5.0 AppleWebKit/537.36 (KHTML, like Gecko; compatible; GPTBot/1.2; +https://openai.com/gptbot)"
20.171.207.47 - - [06/Jun/2025:20:46:28 +0200] "GET /home/wp-login.php HTTP/1.1" 200 - "-" "Mozilla/5.0 AppleWebKit/537.36 (KHTML, like Gecko; compatible; GPTBot/1.2; +https://openai.com/gptbot)"
66.249.64.11 - - [06/Jun/2025:21:10:47 +0200] "GET /files/szallashely_kormr_terv_090804.pdf HTTP/1.1" 304 - "-" "Mozilla/5.0 (Linux; Android 6.0.1; Nexus 5X Build/MMB29P) AppleWebKit/537.36 (KHTML, like Gecko) Chrome/136.0.7103.113 Mobile Safari/537.36 (compatible; Googlebot/2.1; +http://www.google.com/bot.html)"
66.249.70.65 - - [06/Jun/2025:21:27:03 +0200] "GET /files/1mell0125.pdf HTTP/1.1" 200 127751 "-" "Googlebot/2.1 (+http://www.google.com/bot.html)"
66.249.70.67 - - [06/Jun/2025:21:30:18 +0200] "GET /files/elismeres_terv_071015.pdf HTTP/1.1" 304 - "-" "Mozilla/5.0 (Linux; Android 6.0.1; Nexus 5X Build/MMB29P) AppleWebKit/537.36 (KHTML, like Gecko) Chrome/136.0.7103.113 Mobile Safari/537.36 (compatible; Googlebot/2.1; +http://www.google.com/bot.html)"
66.249.64.9 - - [06/Jun/2025:22:45:05 +0200] "GET /files/rendelettervezet.pdf HTTP/1.1" 200 115753 "-" "Googlebot/2.1 (+http://www.google.com/bot.html)"
66.249.70.67 - - [06/Jun/2025:23:31:21 +0200] "GET /files/tamszolg_terv_080630.pdf HTTP/1.1" 304 - "-" "Mozilla/5.0 (Linux; Android 6.0.1; Nexus 5X Build/MMB29P) AppleWebKit/537.36 (KHTML, like Gecko) Chrome/136.0.7103.113 Mobile Safari/537.36 (compatible; Googlebot/2.1; +http://www.google.com/bot.html)"
66.249.70.67 - - [06/Jun/2025:23:46:49 +0200] "GET /files/89_2004_modositas_velemenyezesre_0.pdf HTTP/1.1" 200 178281 "-" "Googlebot/2.1 (+http://www.google.com/bot.html)"
66.249.70.66 - - [06/Jun/2025:23:57:17 +0200] "GET /files/NFGM27.pdf HTTP/1.1" 200 319963 "-" "Googlebot/2.1 (+http://www.google.com/bot.html)"
66.249.70.67 - - [06/Jun/2025:23:59:07 +0200] "GET /files/alapf_muv_okt_kovet_III_060414.pdf HTTP/1.1" 200 252060 "-" "Googlebot/2.1 (+http://www.google.com/bot.html)"
66.249.70.67 - - [07/Jun/2025:00:01:17 +0200] "GET /files/normaszoveg_szakmapolra_01.27.doc HTTP/1.1" 200 113664 "-" "Mozilla/5.0 (Linux; Android 6.0.1; Nexus 5X Build/MMB29P) AppleWebKit/537.36 (KHTML, like Gecko) Chrome/136.0.7103.113 Mobile Safari/537.36 (compatible; Googlebot/2.1; +http://www.google.com/bot.html)"
66.249.70.66 - - [07/Jun/2025:00:08:45 +0200] "GET /files/csombardi_tervezet.pdf HTTP/1.1" 200 202356 "-" "Googlebot/2.1 (+http://www.google.com/bot.html)"
66.249.64.11 - - [07/Jun/2025:00:09:36 +0200] "GET /files/korkedv_korm_terv_070626.pdf HTTP/1.1" 200 321965 "-" "Googlebot/2.1 (+http://www.google.com/bot.html)"
66.249.70.67 - - [07/Jun/2025:00:13:05 +0200] "GET /files/_5ihn6mrridmg6subqc5q6inr9e9gn8t50e9klut35e9r0_.pdf HTTP/1.1" 200 341288 "-" "Googlebot/2.1 (+http://www.google.com/bot.html)"
66.249.64.11 - - [07/Jun/2025:00:15:02 +0200] "GET /files/takarmanykodex_modositas_0.pdf HTTP/1.1" 200 47813 "-" "Googlebot/2.1 (+http://www.google.com/bot.html)"
66.249.64.9 - - [07/Jun/2025:00:23:50 +0200] "GET /files/szurend.pdf HTTP/1.1" 200 126918 "-" "Googlebot/2.1 (+http://www.google.com/bot.html)"
66.249.64.11 - - [07/Jun/2025:00:25:27 +0200] "GET /files/nem_uzleti_eloterj_8_4_szamu_melleklet_061129.pdf HTTP/1.1" 200 61099 "-" "Googlebot/2.1 (+http://www.google.com/bot.html)"
66.249.64.9 - - [07/Jun/2025:00:26:29 +0200] "GET /files/szakkepesites_rendelettervezet_080421.pdf HTTP/1.1" 200 142479 "-" "Googlebot/2.1 (+http://www.google.com/bot.html)"
66.249.64.9 - - [07/Jun/2025:00:30:27 +0200] "GET /files/3R106_2.pdf HTTP/1.1" 200 283007 "-" "Googlebot/2.1 (+http://www.google.com/bot.html)"
66.249.70.66 - - [07/Jun/2025:00:32:26 +0200] "GET /files/gyamhatosag_eloterj_061204.pdf HTTP/1.1" 304 - "-" "Mozilla/5.0 (Linux; Android 6.0.1; Nexus 5X Build/MMB29P) AppleWebKit/537.36 (KHTML, like Gecko) Chrome/136.0.7103.113 Mobile Safari/537.36 (compatible; Googlebot/2.1; +http://www.google.com/bot.html)"
49.51.245.241 - - [07/Jun/2025:00:38:43 +0200] "GET / HTTP/1.1" 200 - "-" "Mozilla/5.0 (iPhone; CPU iPhone OS 13_2_3 like Mac OS X) AppleWebKit/605.1.15 (KHTML, like Gecko) Version/13.0.3 Mobile/15E148 Safari/604.1"
51.68.111.213 - - [07/Jun/2025:00:41:33 +0200] "GET /robots.txt HTTP/1.1" 200 1590 "-" "Mozilla/5.0 (compatible; MJ12bot/v2.0.2; http://mj12bot.com/)"
51.68.111.213 - - [07/Jun/2025:00:42:06 +0200] "GET / HTTP/1.1" 200 - "-" "Mozilla/5.0 (compatible; MJ12bot/v2.0.2; http://mj12bot.com/)"
66.249.70.66 - - [07/Jun/2025:01:19:28 +0200] "GET /files/egyes_nemesfem.pdf HTTP/1.1" 304 - "-" "Mozilla/5.0 (Linux; Android 6.0.1; Nexus 5X Build/MMB29P) AppleWebKit/537.36 (KHTML, like Gecko) Chrome/136.0.7103.113 Mobile Safari/537.36 (compatible; Googlebot/2.1; +http://www.google.com/bot.html)"
66.249.64.11 - - [07/Jun/2025:01:31:55 +0200] "GET / HTTP/1.1" 200 - "-" "Mozilla/5.0 (compatible; Googlebot/2.1; +http://www.google.com/bot.html)"
66.249.64.10 - - [07/Jun/2025:01:32:27 +0200] "GET / HTTP/1.1" 200 - "-" "Mozilla/5.0 (Linux; Android 6.0.1; Nexus 5X Build/MMB29P) AppleWebKit/537.36 (KHTML, like Gecko) Chrome/99.0.4844.84 Mobile Safari/537.36 (compatible; Googlebot/2.1; +http://www.google.com/bot.html)"
66.249.64.9 - - [07/Jun/2025:01:32:59 +0200] "GET / HTTP/1.1" 200 - "-" "Mozilla/5.0 (compatible; Googlebot/2.1; +http://www.google.com/bot.html)"
66.249.64.9 - - [07/Jun/2025:01:33:31 +0200] "GET / HTTP/1.1" 200 - "-" "Mozilla/5.0 (Linux; Android 6.0.1; Nexus 5X Build/MMB29P) AppleWebKit/537.36 (KHTML, like Gecko) Chrome/136.0.7103.113 Mobile Safari/537.36 (compatible; Googlebot/2.1; +http://www.google.com/bot.html)"
40.77.167.32 - - [07/Jun/2025:02:32:06 +0200] "GET /files/309p10turizmustv0913.pdf HTTP/1.1" 304 - "-" "Mozilla/5.0 AppleWebKit/537.36 (KHTML, like Gecko; compatible; bingbot/2.0; +http://www.bing.com/bingbot.htm) Chrome/116.0.1938.76 Safari/537.36"
43.166.128.187 - - [07/Jun/2025:02:46:26 +0200] "GET / HTTP/1.1" 200 - "-" "Mozilla/5.0 (iPhone; CPU iPhone OS 13_2_3 like Mac OS X) AppleWebKit/605.1.15 (KHTML, like Gecko) Version/13.0.3 Mobile/15E148 Safari/604.1"
52.167.144.219 - - [07/Jun/2025:02:50:12 +0200] "GET /files/vizbazis0806_kozigre.pdf HTTP/1.1" 304 - "-" "Mozilla/5.0 AppleWebKit/537.36 (KHTML, like Gecko; compatible; bingbot/2.0; +http://www.bing.com/bingbot.htm) Chrome/116.0.1938.76 Safari/537.36"
74.125.151.66 - - [07/Jun/2025:03:03:45 +0200] "GET /files/dijrendelet_kozig.doc HTTP/1.1" 200 60928 "-" "Mozilla/5.0 (Linux; Android 6.0.1; Nexus 5X Build/MMB29P) AppleWebKit/537.36 (KHTML, like Gecko) Chrome/136.0.7103.113 Mobile Safari/537.36 (compatible; AdsBot-Google-Mobile; +http://www.google.com/mobile/adsbot.html)"
217.182.194.33 - - [07/Jun/2025:03:29:06 +0200] "GET /robots.txt HTTP/1.1" 200 1590 "-" "Mozilla/5.0 (compatible; MJ12bot/v1.4.8; http://mj12bot.com/)"
217.182.194.33 - - [07/Jun/2025:03:29:48 +0200] "GET /files/9-93.normasz%C3%83%C2%B6veg.m%C3%83%C2%B3d.2007.febr.T%C3%83?RCA.doc HTTP/1.1" 200 - "-" "Mozilla/5.0 (compatible; MJ12bot/v1.4.8; http://mj12bot.com/)"
66.249.64.10 - - [07/Jun/2025:03:31:51 +0200] "GET /node/2517 HTTP/1.1" 200 - "-" "Mozilla/5.0 (Linux; Android 6.0.1; Nexus 5X Build/MMB29P) AppleWebKit/537.36 (KHTML, like Gecko) Chrome/136.0.7103.113 Mobile Safari/537.36 (compatible; Googlebot/2.1; +http://www.google.com/bot.html)"
66.249.64.11 - - [07/Jun/2025:03:33:21 +0200] "GET /files/im_rendelet_az_ek_rendelet.pdf HTTP/1.1" 200 78445 "-" "Googlebot/2.1 (+http://www.google.com/bot.html)"
66.249.70.67 - - [07/Jun/2025:03:36:53 +0200] "GET /files/R178_3indoklas.pdf HTTP/1.1" 304 - "-" "Mozilla/5.0 (Linux; Android 6.0.1; Nexus 5X Build/MMB29P) AppleWebKit/537.36 (KHTML, like Gecko) Chrome/136.0.7103.113 Mobile Safari/537.36 (compatible; Googlebot/2.1; +http://www.google.com/bot.html)"
66.249.64.10 - - [07/Jun/2025:03:45:46 +0200] "GET /files/1521_5.pdf HTTP/1.1" 200 643575 "-" "Googlebot/2.1 (+http://www.google.com/bot.html)"
