66.249.64.9 - - [07/Jun/2025:03:50:24 +0200] "GET /files/_hedt6orrmk1lmmrridlk62t0_.pdf HTTP/1.1" 200 101958 "-" "Googlebot/2.1 (+http://www.google.com/bot.html)"
66.249.64.9 - - [07/Jun/2025:04:00:21 +0200] "GET /files/neveles_oktatas_int_terv_080804.pdf HTTP/1.1" 200 242534 "-" "Mozilla/5.0 AppleWebKit/537.36 (KHTML, like Gecko; compatible; GoogleOther) Chrome/136.0.7103.113 Safari/537.36"
66.249.70.65 - - [07/Jun/2025:04:02:20 +0200] "GET /files/OHT_II_febr2.pdf HTTP/1.1" 304 - "-" "Mozilla/5.0 (Linux; Android 6.0.1; Nexus 5X Build/MMB29P) AppleWebKit/537.36 (KHTML, like Gecko) Chrome/136.0.7103.113 Mobile Safari/537.36 (compatible; Googlebot/2.1; +http://www.google.com/bot.html)"
66.249.64.11 - - [07/Jun/2025:04:44:25 +0200] "GET /files/33_1998_mod_terv_080708.pdf HTTP/1.1" 304 - "-" "Mozilla/5.0 (Linux; Android 6.0.1; Nexus 5X Build/MMB29P) AppleWebKit/537.36 (KHTML, like Gecko) Chrome/136.0.7103.113 Mobile Safari/537.36 (compatible; Googlebot/2.1; +http://www.google.com/bot.html)"
216.244.66.200 - - [07/Jun/2025:04:58:27 +0200] "GET /robots.txt HTTP/1.1" 200 1590 "-" "Mozilla/5.0 (compatible; DotBot/1.2; +https://opensiteexplorer.org/dotbot; help@moz.com)"
66.249.64.9 - - [07/Jun/2025:05:07:29 +0200] "GET /files/eloterj20070227.pdf HTTP/1.1" 200 1708744 "-" "Googlebot/2.1 (+http://www.google.com/bot.html)"
216.244.66.200 - - [07/Jun/2025:05:24:06 +0200] "GET /files/a_szakmai_protokollok_k%C3%83%C2%A9sz%C3%83%C2%ADt%C3%83%C2%A9s%C3%83%C2%A9nek_elj%C3%83%C2%A1r%C3%83%C2%A1srendj%C3%83%C2%A9r%C3%85%E2%80%98l_sz%C3%83%C2%B3l%C3%83%C2%B3_e%C3%83%C2%BCm_rendelet_tervezet_10.doc HTTP/1.1" 200 - "-" "Mozilla/5.0 (compatible; DotBot/1.2; +https://opensiteexplorer.org/dotbot; help@moz.com)"
66.249.64.10 - - [07/Jun/2025:05:42:26 +0200] "GET /files/szakszo_legiforgalmi_iranyito_4mell.pdf HTTP/1.1" 200 99700 "-" "Googlebot/2.1 (+http://www.google.com/bot.html)"
216.244.66.200 - - [07/Jun/2025:05:48:03 +0200] "GET /robots.txt HTTP/1.1" 200 1590 "-" "Mozilla/5.0 (compatible; DotBot/1.2; +https://opensiteexplorer.org/dotbot; help@moz.com)"
216.244.66.200 - - [07/Jun/2025:05:48:04 +0200] "GET /robots.txt HTTP/1.1" 200 1590 "-" "Mozilla/5.0 (compatible; DotBot/1.2; +https://opensiteexplorer.org/dotbot; help@moz.com)"
216.244.66.200 - - [07/Jun/2025:05:52:59 +0200] "GET /node/2509 HTTP/1.1" 200 - "-" "Mozilla/5.0 (compatible; DotBot/1.2; +https://opensiteexplorer.org/dotbot; help@moz.com)"
66.249.70.67 - - [07/Jun/2025:05:53:24 +0200] "GET /files/hm_rendelet_tervezet_allomany_melleklet.pdf HTTP/1.1" 304 - "-" "Mozilla/5.0 (Linux; Android 6.0.1; Nexus 5X Build/MMB29P) AppleWebKit/537.36 (KHTML, like Gecko) Chrome/136.0.7103.113 Mobile Safari/537.36 (compatible; Googlebot/2.1; +http://www.google.com/bot.html)"
216.244.66.200 - - [07/Jun/2025:05:54:50 +0200] "GET /taxonomy/term/27 HTTP/1.1" 200 - "-" "Mozilla/5.0 (compatible; DotBot/1.2; +https://opensiteexplorer.org/dotbot; help@moz.com)"
216.244.66.200 - - [07/Jun/2025:06:00:29 +0200] "GET /files/T11741.doc HTTP/1.1" 200 710656 "-" "Mozilla/5.0 (compatible; DotBot/1.2; +https://opensiteexplorer.org/dotbot; help@moz.com)"
216.244.66.200 - - [07/Jun/2025:06:00:50 +0200] "GET /files/_vdlgmeub1e8mn4rrdk1n76uj5e9t0d2r4g9pj4c1g6o_.pdf HTTP/1.1" 200 231148 "-" "Mozilla/5.0 (compatible; DotBot/1.2; +https://opensiteexplorer.org/dotbot; help@moz.com)"
216.244.66.200 - - [07/Jun/2025:06:01:40 +0200] "GET /files/a_finansz%C3%83%C2%ADroz%C3%83%C2%A1si_protokollok_k%C3%83%C2%A9sz%C3%83%C2%ADt%C3%83%C2%A9s%C3%83%C2%A9nek_elj%C3%83%C2%A1r%C3%83%C2%A1srendj%C3%83%C2%A9r%C3%85%E2%80%98l_sz%C3%83%C2%B3l%C3%83%C2%B3_e%C3%83%C2%BCm_rendelet_tervezet_8.doc HTTP/1.1" 200 - "-" "Mozilla/5.0 (compatible; DotBot/1.2; +https://opensiteexplorer.org/dotbot; help@moz.com)"
216.244.66.200 - - [07/Jun/2025:06:02:01 +0200] "GET /files/indoklas_1.pdf HTTP/1.1" 200 87390 "-" "Mozilla/5.0 (compatible; DotBot/1.2; +https://opensiteexplorer.org/dotbot; help@moz.com)"
216.244.66.200 - - [07/Jun/2025:06:02:34 +0200] "GET /files/konyvtari_minosites_terv_100114.pdf HTTP/1.1" 200 106694 "-" "Mozilla/5.0 (compatible; DotBot/1.2; +https://opensiteexplorer.org/dotbot; help@moz.com)"
216.244.66.200 - - [07/Jun/2025:06:04:44 +0200] "GET /node?page=6 HTTP/1.1" 200 - "-" "Mozilla/5.0 (compatible; DotBot/1.2; +https://opensiteexplorer.org/dotbot; help@moz.com)"
216.244.66.200 - - [07/Jun/2025:06:06:22 +0200] "GET /node/2517 HTTP/1.1" 200 - "-" "Mozilla/5.0 (compatible; DotBot/1.2; +https://opensiteexplorer.org/dotbot; help@moz.com)"
216.244.66.200 - - [07/Jun/2025:06:09:09 +0200] "GET /node/2525 HTTP/1.1" 200 - "-" "Mozilla/5.0 (compatible; DotBot/1.2; +https://opensiteexplorer.org/dotbot; help@moz.com)"
216.244.66.200 - - [07/Jun/2025:06:14:20 +0200] "GET /node?page=223 HTTP/1.1" 200 - "-" "Mozilla/5.0 (compatible; DotBot/1.2; +https://opensiteexplorer.org/dotbot; help@moz.com)"
216.244.66.200 - - [07/Jun/2025:06:16:15 +0200] "GET /node?page=204 HTTP/1.1" 200 - "-" "Mozilla/5.0 (compatible; DotBot/1.2; +https://opensiteexplorer.org/dotbot; help@moz.com)"
216.244.66.200 - - [07/Jun/2025:06:17:07 +0200] "GET /node/1051 HTTP/1.1" 200 - "-" "Mozilla/5.0 (compatible; DotBot/1.2; +https://opensiteexplorer.org/dotbot; help@moz.com)"
216.244.66.200 - - [07/Jun/2025:06:17:58 +0200] "GET /node/1343 HTTP/1.1" 200 - "-" "Mozilla/5.0 (compatible; DotBot/1.2; +https://opensiteexplorer.org/dotbot; help@moz.com)"
216.244.66.200 - - [07/Jun/2025:06:18:48 +0200] "GET /node/1352 HTTP/1.1" 200 - "-" "Mozilla/5.0 (compatible; DotBot/1.2; +https://opensiteexplorer.org/dotbot; help@moz.com)"
216.244.66.200 - - [07/Jun/2025:06:19:38 +0200] "GET /node/1452 HTTP/1.1" 200 - "-" "Mozilla/5.0 (compatible; DotBot/1.2; +https://opensiteexplorer.org/dotbot; help@moz.com)"
216.244.66.200 - - [07/Jun/2025:06:20:28 +0200] "GET /node/1602 HTTP/1.1" 200 - "-" "Mozilla/5.0 (compatible; DotBot/1.2; +https://opensiteexplorer.org/dotbot; help@moz.com)"
66.249.64.9 - - [07/Jun/2025:06:30:25 +0200] "GET /files/tervezet_Bodrogszeg.pdf HTTP/1.1" 200 187638 "-" "Mozilla/5.0 AppleWebKit/537.36 (KHTML, like Gecko; compatible; GoogleOther) Chrome/136.0.7103.113 Safari/537.36"
51.68.235.235 - - [07/Jun/2025:06:33:36 +0200] "GET /robots.txt HTTP/1.1" 200 1590 "-" "Mozilla/5.0 (compatible; MJ12bot/v1.4.8; http://mj12bot.com/)"
51.68.235.235 - - [07/Jun/2025:06:34:18 +0200] "GET /files/A%20T%C3%83%E2%80%93RV%C3%83%E2%80%B0NYJAVASLAT%20MELL%C3%83%E2%80%B0KLETEI.htm.txt HTTP/1.1" 200 - "-" "Mozilla/5.0 (compatible; MJ12bot/v1.4.8; http://mj12bot.com/)"
216.244.66.200 - - [07/Jun/2025:06:37:03 +0200] "GET /robots.txt HTTP/1.1" 200 1590 "-" "Mozilla/5.0 (compatible; DotBot/1.2; +https://opensiteexplorer.org/dotbot; help@moz.com)"
216.244.66.200 - - [07/Jun/2025:06:37:03 +0200] "GET /robots.txt HTTP/1.1" 200 1590 "-" "Mozilla/5.0 (compatible; DotBot/1.2; +https://opensiteexplorer.org/dotbot; help@moz.com)"
66.249.64.10 - - [07/Jun/2025:06:37:39 +0200] "GET /files/nem_uzleti_eloterj_3_hatjav_061129.pdf HTTP/1.1" 200 55061 "-" "Googlebot/2.1 (+http://www.google.com/bot.html)"
52.167.144.21 - - [07/Jun/2025:06:42:05 +0200] "GET /files/eizlandnorveg.doc HTTP/1.1" 200 262144 "-" "Mozilla/5.0 AppleWebKit/537.36 (KHTML, like Gecko; compatible; bingbot/2.0; +http://www.bing.com/bingbot.htm) Chrome/116.0.1938.76 Safari/537.36"
216.244.66.200 - - [07/Jun/2025:06:43:03 +0200] "GET /taxonomy/term/35 HTTP/1.1" 200 - "-" "Mozilla/5.0 (compatible; DotBot/1.2; +https://opensiteexplorer.org/dotbot; help@moz.com)"
216.244.66.200 - - [07/Jun/2025:06:43:31 +0200] "GET /taxonomy/term/25 HTTP/1.1" 200 - "-" "Mozilla/5.0 (compatible; DotBot/1.2; +https://opensiteexplorer.org/dotbot; help@moz.com)"
66.249.70.67 - - [07/Jun/2025:06:47:42 +0200] "GET /files/rendelet_icsszem_fejkezelo_melleklet.pdf HTTP/1.1" 200 121028 "-" "Googlebot/2.1 (+http://www.google.com/bot.html)"
216.244.66.200 - - [07/Jun/2025:06:48:21 +0200] "GET /files/R225indok.doc HTTP/1.1" 200 36864 "-" "Mozilla/5.0 (compatible; DotBot/1.2; +https://opensiteexplorer.org/dotbot; help@moz.com)"
216.244.66.200 - - [07/Jun/2025:06:48:41 +0200] "GET /files/kirendeltvedodij.pdf HTTP/1.1" 200 48520 "-" "Mozilla/5.0 (compatible; DotBot/1.2; +https://opensiteexplorer.org/dotbot; help@moz.com)"
216.244.66.200 - - [07/Jun/2025:06:52:59 +0200] "GET /node/2619 HTTP/1.1" 200 - "-" "Mozilla/5.0 (compatible; DotBot/1.2; +https://opensiteexplorer.org/dotbot; help@moz.com)"
66.249.64.11 - - [07/Jun/2025:06:57:24 +0200] "GET /files/_kdtpnkt3ik1ln8tg_.pdf HTTP/1.1" 200 197986 "-" "Googlebot/2.1 (+http://www.google.com/bot.html)"
216.244.66.200 - - [07/Jun/2025:07:00:50 +0200] "GET /node?page=75 HTTP/1.1" 200 - "-" "Mozilla/5.0 (compatible; DotBot/1.2; +https://opensiteexplorer.org/dotbot; help@moz.com)"
216.244.66.200 - - [07/Jun/2025:07:01:42 +0200] "GET /node?page=97 HTTP/1.1" 200 - "-" "Mozilla/5.0 (compatible; DotBot/1.2; +https://opensiteexplorer.org/dotbot; help@moz.com)"
216.244.66.200 - - [07/Jun/2025:07:02:20 +0200] "GET /node?page=132 HTTP/1.1" 200 - "-" "Mozilla/5.0 (compatible; DotBot/1.2; +https://opensiteexplorer.org/dotbot; help@moz.com)"
216.244.66.200 - - [07/Jun/2025:07:03:10 +0200] "GET /node?page=19 HTTP/1.1" 200 - "-" "Mozilla/5.0 (compatible; DotBot/1.2; +https://opensiteexplorer.org/dotbot; help@moz.com)"
216.244.66.200 - - [07/Jun/2025:07:04:00 +0200] "GET /node?page=201 HTTP/1.1" 200 - "-" "Mozilla/5.0 (compatible; DotBot/1.2; +https://opensiteexplorer.org/dotbot; help@moz.com)"
216.244.66.200 - - [07/Jun/2025:07:04:50 +0200] "GET /node/1278 HTTP/1.1" 200 - "-" "Mozilla/5.0 (compatible; DotBot/1.2; +https://opensiteexplorer.org/dotbot; help@moz.com)"
216.244.66.200 - - [07/Jun/2025:07:05:41 +0200] "GET /node/1673 HTTP/1.1" 200 - "-" "Mozilla/5.0 (compatible; DotBot/1.2; +https://opensiteexplorer.org/dotbot; help@moz.com)"
216.244.66.200 - - [07/Jun/2025:07:06:31 +0200] "GET /node/1768 HTTP/1.1" 200 - "-" "Mozilla/5.0 (compatible; DotBot/1.2; +https://opensiteexplorer.org/dotbot; help@moz.com)"
216.244.66.200 - - [07/Jun/2025:07:07:22 +0200] "GET /node/1829 HTTP/1.1" 200 - "-" "Mozilla/5.0 (compatible; DotBot/1.2; +https://opensiteexplorer.org/dotbot; help@moz.com)"
216.244.66.200 - - [07/Jun/2025:07:08:12 +0200] "GET /node/1890 HTTP/1.1" 200 - "-" "Mozilla/5.0 (compatible; DotBot/1.2; +https://opensiteexplorer.org/dotbot; help@moz.com)"
199.47.82.20 - - [07/Jun/2025:07:19:33 +0200] "GET /robots.txt HTTP/1.1" 200 1590 "-" "Turnitin (https://bit.ly/2UvnfoQ)"
199.47.82.20 - - [07/Jun/2025:07:19:44 +0200] "GET /robots.txt HTTP/1.1" 200 1590 "-" "Turnitin (https://bit.ly/2UvnfoQ)"
199.47.82.20 - - [07/Jun/2025:07:20:05 +0200] "GET /drupal/taxonomy/term/1 HTTP/1.1" 200 - "-" "Turnitin (https://bit.ly/2UvnfoQ)"
199.47.82.20 - - [07/Jun/2025:07:20:15 +0200] "GET /node/2394 HTTP/1.1" 200 - "-" "Turnitin (https://bit.ly/2UvnfoQ)"
199.47.82.20 - - [07/Jun/2025:07:20:25 +0200] "GET /node/2395 HTTP/1.1" 200 - "-" "Turnitin (https://bit.ly/2UvnfoQ)"
199.47.82.20 - - [07/Jun/2025:07:20:35 +0200] "GET /node/240 HTTP/1.1" 200 - "-" "Turnitin (https://bit.ly/2UvnfoQ)"
199.47.82.20 - - [07/Jun/2025:07:20:45 +0200] "GET /node/2400 HTTP/1.1" 200 - "-" "Turnitin (https://bit.ly/2UvnfoQ)"
199.47.82.20 - - [07/Jun/2025:07:20:55 +0200] "GET /node/2402 HTTP/1.1" 200 - "-" "Turnitin (https://bit.ly/2UvnfoQ)"
199.47.82.20 - - [07/Jun/2025:07:21:05 +0200] "GET /node/2404 HTTP/1.1" 200 - "-" "Turnitin (https://bit.ly/2UvnfoQ)"
199.47.82.20 - - [07/Jun/2025:07:21:15 +0200] "GET /node/2405 HTTP/1.1" 200 - "-" "Turnitin (https://bit.ly/2UvnfoQ)"
66.249.70.66 - - [07/Jun/2025:07:21:23 +0200] "GET /files/fejezeti_kum_rend_mod_2_2007.pdf HTTP/1.1" 200 184859 "-" "Googlebot/2.1 (+http://www.google.com/bot.html)"
199.47.82.20 - - [07/Jun/2025:07:21:25 +0200] "GET /node/2406 HTTP/1.1" 200 - "-" "Turnitin (https://bit.ly/2UvnfoQ)"
199.47.82.20 - - [07/Jun/2025:07:21:35 +0200] "GET /node/2409 HTTP/1.1" 200 - "-" "Turnitin (https://bit.ly/2UvnfoQ)"
199.47.82.20 - - [07/Jun/2025:07:21:45 +0200] "GET /node/2413 HTTP/1.1" 200 - "-" "Turnitin (https://bit.ly/2UvnfoQ)"
199.47.82.20 - - [07/Jun/2025:07:21:55 +0200] "GET /node/2414 HTTP/1.1" 200 - "-" "Turnitin (https://bit.ly/2UvnfoQ)"
199.47.82.20 - - [07/Jun/2025:07:22:05 +0200] "GET /node/2415 HTTP/1.1" 200 - "-" "Turnitin (https://bit.ly/2UvnfoQ)"
199.47.82.20 - - [07/Jun/2025:07:22:15 +0200] "GET /node/2416 HTTP/1.1" 200 - "-" "Turnitin (https://bit.ly/2UvnfoQ)"
199.47.82.20 - - [07/Jun/2025:07:22:25 +0200] "GET /node/2418 HTTP/1.1" 200 - "-" "Turnitin (https://bit.ly/2UvnfoQ)"
199.47.82.20 - - [07/Jun/2025:07:22:35 +0200] "GET /node/2419 HTTP/1.1" 200 - "-" "Turnitin (https://bit.ly/2UvnfoQ)"
199.47.82.20 - - [07/Jun/2025:07:22:45 +0200] "GET /node/2421 HTTP/1.1" 200 - "-" "Turnitin (https://bit.ly/2UvnfoQ)"
199.47.82.20 - - [07/Jun/2025:07:22:55 +0200] "GET /node/2422 HTTP/1.1" 200 - "-" "Turnitin (https://bit.ly/2UvnfoQ)"
199.47.82.20 - - [07/Jun/2025:07:23:05 +0200] "GET /node/2424 HTTP/1.1" 200 - "-" "Turnitin (https://bit.ly/2UvnfoQ)"
199.47.82.20 - - [07/Jun/2025:07:23:15 +0200] "GET /node/2425 HTTP/1.1" 200 - "-" "Turnitin (https://bit.ly/2UvnfoQ)"
199.47.82.20 - - [07/Jun/2025:07:23:25 +0200] "GET /node/2426 HTTP/1.1" 200 - "-" "Turnitin (https://bit.ly/2UvnfoQ)"
199.47.82.20 - - [07/Jun/2025:07:23:35 +0200] "GET /node/2429 HTTP/1.1" 200 - "-" "Turnitin (https://bit.ly/2UvnfoQ)"
199.47.82.20 - - [07/Jun/2025:07:23:45 +0200] "GET /node/243 HTTP/1.1" 200 - "-" "Turnitin (https://bit.ly/2UvnfoQ)"
199.47.82.20 - - [07/Jun/2025:07:23:55 +0200] "GET /node/2430 HTTP/1.1" 200 - "-" "Turnitin (https://bit.ly/2UvnfoQ)"
199.47.82.20 - - [07/Jun/2025:07:24:05 +0200] "GET /node/2431 HTTP/1.1" 200 - "-" "Turnitin (https://bit.ly/2UvnfoQ)"
199.47.82.20 - - [07/Jun/2025:07:24:15 +0200] "GET /node/2433 HTTP/1.1" 200 - "-" "Turnitin (https://bit.ly/2UvnfoQ)"
199.47.82.20 - - [07/Jun/2025:07:24:25 +0200] "GET /node/2437 HTTP/1.1" 200 - "-" "Turnitin (https://bit.ly/2UvnfoQ)"
199.47.82.20 - - [07/Jun/2025:07:24:35 +0200] "GET /node/2441 HTTP/1.1" 200 - "-" "Turnitin (https://bit.ly/2UvnfoQ)"
199.47.82.20 - - [07/Jun/2025:07:24:45 +0200] "GET /node/2444 HTTP/1.1" 200 - "-" "Turnitin (https://bit.ly/2UvnfoQ)"
199.47.82.20 - - [07/Jun/2025:07:24:55 +0200] "GET /node/2445 HTTP/1.1" 200 - "-" "Turnitin (https://bit.ly/2UvnfoQ)"
199.47.82.20 - - [07/Jun/2025:07:25:05 +0200] "GET /node/2446 HTTP/1.1" 200 - "-" "Turnitin (https://bit.ly/2UvnfoQ)"
199.47.82.20 - - [07/Jun/2025:07:25:15 +0200] "GET /node/2447 HTTP/1.1" 200 - "-" "Turnitin (https://bit.ly/2UvnfoQ)"
199.47.82.20 - - [07/Jun/2025:07:25:25 +0200] "GET /node/2448 HTTP/1.1" 200 - "-" "Turnitin (https://bit.ly/2UvnfoQ)"
199.47.82.20 - - [07/Jun/2025:07:25:35 +0200] "GET /node/2449 HTTP/1.1" 200 - "-" "Turnitin (https://bit.ly/2UvnfoQ)"
199.47.82.20 - - [07/Jun/2025:07:25:45 +0200] "GET /node/2450 HTTP/1.1" 200 - "-" "Turnitin (https://bit.ly/2UvnfoQ)"
199.47.82.20 - - [07/Jun/2025:07:25:55 +0200] "GET /node/2451 HTTP/1.1" 200 - "-" "Turnitin (https://bit.ly/2UvnfoQ)"
199.47.82.20 - - [07/Jun/2025:07:26:05 +0200] "GET /node/2452 HTTP/1.1" 200 - "-" "Turnitin (https://bit.ly/2UvnfoQ)"
199.47.82.20 - - [07/Jun/2025:07:26:15 +0200] "GET /node/2454 HTTP/1.1" 200 - "-" "Turnitin (https://bit.ly/2UvnfoQ)"
199.47.82.20 - - [07/Jun/2025:07:26:25 +0200] "GET /node/2456 HTTP/1.1" 200 - "-" "Turnitin (https://bit.ly/2UvnfoQ)"
199.47.82.20 - - [07/Jun/2025:07:26:35 +0200] "GET /node/2457 HTTP/1.1" 200 - "-" "Turnitin (https://bit.ly/2UvnfoQ)"
199.47.82.20 - - [07/Jun/2025:07:26:45 +0200] "GET /node/2458 HTTP/1.1" 200 - "-" "Turnitin (https://bit.ly/2UvnfoQ)"
199.47.82.20 - - [07/Jun/2025:07:26:55 +0200] "GET /node/2459 HTTP/1.1" 200 - "-" "Turnitin (https://bit.ly/2UvnfoQ)"
199.47.82.20 - - [07/Jun/2025:07:27:05 +0200] "GET /node/2460 HTTP/1.1" 200 - "-" "Turnitin (https://bit.ly/2UvnfoQ)"
199.47.82.20 - - [07/Jun/2025:07:27:15 +0200] "GET /node/2461 HTTP/1.1" 200 - "-" "Turnitin (https://bit.ly/2UvnfoQ)"
199.47.82.20 - - [07/Jun/2025:07:27:25 +0200] "GET /node/2462 HTTP/1.1" 200 - "-" "Turnitin (https://bit.ly/2UvnfoQ)"
199.47.82.20 - - [07/Jun/2025:07:27:35 +0200] "GET /node/2464 HTTP/1.1" 200 - "-" "Turnitin (https://bit.ly/2UvnfoQ)"
199.47.82.20 - - [07/Jun/2025:07:27:45 +0200] "GET /node/2465 HTTP/1.1" 200 - "-" "Turnitin (https://bit.ly/2UvnfoQ)"
199.47.82.20 - - [07/Jun/2025:07:27:55 +0200] "GET /node/2466 HTTP/1.1" 200 - "-" "Turnitin (https://bit.ly/2UvnfoQ)"
199.47.82.20 - - [07/Jun/2025:07:28:05 +0200] "GET /node/2468 HTTP/1.1" 200 - "-" "Turnitin (https://bit.ly/2UvnfoQ)"
199.47.82.20 - - [07/Jun/2025:07:28:15 +0200] "GET /node/2469 HTTP/1.1" 200 - "-" "Turnitin (https://bit.ly/2UvnfoQ)"
199.47.82.20 - - [07/Jun/2025:07:28:25 +0200] "GET /node/2470 HTTP/1.1" 200 - "-" "Turnitin (https://bit.ly/2UvnfoQ)"
18.209.137.234 - - [07/Jun/2025:07:28:25 +0200] "GET /robots.txt HTTP/1.1" 200 1590 "-" "Mozilla/5.0 AppleWebKit/537.36 (KHTML, like Gecko; compatible; Amazonbot/0.1; +https://developer.amazon.com/support/amazonbot) Chrome/119.0.6045.214 Safari/537.36"
52.73.142.41 - - [07/Jun/2025:07:28:30 +0200] "GET /files/magancsod_tars_velem_09.03.06.doc HTTP/1.1" 200 652800 "-" "Mozilla/5.0 AppleWebKit/537.36 (KHTML, like Gecko; compatible; Amazonbot/0.1; +https://developer.amazon.com/support/amazonbot) Chrome/119.0.6045.214 Safari/537.36"
199.47.82.20 - - [07/Jun/2025:07:28:35 +0200] "GET /node/2471 HTTP/1.1" 200 - "-" "Turnitin (https://bit.ly/2UvnfoQ)"
199.47.82.20 - - [07/Jun/2025:07:28:45 +0200] "GET /node/2472 HTTP/1.1" 200 - "-" "Turnitin (https://bit.ly/2UvnfoQ)"
199.47.82.20 - - [07/Jun/2025:07:28:55 +0200] "GET /node/2473 HTTP/1.1" 200 - "-" "Turnitin (https://bit.ly/2UvnfoQ)"
199.47.82.20 - - [07/Jun/2025:07:29:05 +0200] "GET /node/2474 HTTP/1.1" 200 - "-" "Turnitin (https://bit.ly/2UvnfoQ)"
199.47.82.20 - - [07/Jun/2025:07:29:15 +0200] "GET /node/2475 HTTP/1.1" 200 - "-" "Turnitin (https://bit.ly/2UvnfoQ)"
199.47.82.20 - - [07/Jun/2025:07:29:25 +0200] "GET /node/2476 HTTP/1.1" 200 - "-" "Turnitin (https://bit.ly/2UvnfoQ)"
199.47.82.20 - - [07/Jun/2025:07:29:35 +0200] "GET /node/2477 HTTP/1.1" 200 - "-" "Turnitin (https://bit.ly/2UvnfoQ)"
199.47.82.20 - - [07/Jun/2025:07:29:45 +0200] "GET /node/2478 HTTP/1.1" 200 - "-" "Turnitin (https://bit.ly/2UvnfoQ)"
199.47.82.20 - - [07/Jun/2025:07:29:55 +0200] "GET /node/2486 HTTP/1.1" 200 - "-" "Turnitin (https://bit.ly/2UvnfoQ)"
199.47.82.20 - - [07/Jun/2025:07:30:05 +0200] "GET /node/2488 HTTP/1.1" 200 - "-" "Turnitin (https://bit.ly/2UvnfoQ)"
199.47.82.20 - - [07/Jun/2025:07:30:15 +0200] "GET /node/2490 HTTP/1.1" 200 - "-" "Turnitin (https://bit.ly/2UvnfoQ)"
199.47.82.20 - - [07/Jun/2025:07:30:25 +0200] "GET /node/2491 HTTP/1.1" 200 - "-" "Turnitin (https://bit.ly/2UvnfoQ)"
199.47.82.20 - - [07/Jun/2025:07:30:35 +0200] "GET /node/2492 HTTP/1.1" 200 - "-" "Turnitin (https://bit.ly/2UvnfoQ)"
199.47.82.20 - - [07/Jun/2025:07:30:45 +0200] "GET /node/2499 HTTP/1.1" 200 - "-" "Turnitin (https://bit.ly/2UvnfoQ)"
199.47.82.20 - - [07/Jun/2025:07:30:55 +0200] "GET /node/2500 HTTP/1.1" 200 - "-" "Turnitin (https://bit.ly/2UvnfoQ)"
199.47.82.20 - - [07/Jun/2025:07:31:05 +0200] "GET /node/2505 HTTP/1.1" 200 - "-" "Turnitin (https://bit.ly/2UvnfoQ)"
199.47.82.20 - - [07/Jun/2025:07:31:15 +0200] "GET /node/2509 HTTP/1.1" 200 - "-" "Turnitin (https://bit.ly/2UvnfoQ)"
199.47.82.20 - - [07/Jun/2025:07:31:25 +0200] "GET /node/2511 HTTP/1.1" 200 - "-" "Turnitin (https://bit.ly/2UvnfoQ)"
199.47.82.20 - - [07/Jun/2025:07:31:35 +0200] "GET /node/2512 HTTP/1.1" 200 - "-" "Turnitin (https://bit.ly/2UvnfoQ)"
199.47.82.20 - - [07/Jun/2025:07:31:45 +0200] "GET /node/2520 HTTP/1.1" 200 - "-" "Turnitin (https://bit.ly/2UvnfoQ)"
199.47.82.20 - - [07/Jun/2025:07:31:55 +0200] "GET /node/2521 HTTP/1.1" 200 - "-" "Turnitin (https://bit.ly/2UvnfoQ)"
199.47.82.20 - - [07/Jun/2025:07:32:05 +0200] "GET /node/2522 HTTP/1.1" 200 - "-" "Turnitin (https://bit.ly/2UvnfoQ)"
199.47.82.20 - - [07/Jun/2025:07:32:15 +0200] "GET /node/2523 HTTP/1.1" 200 - "-" "Turnitin (https://bit.ly/2UvnfoQ)"
199.47.82.20 - - [07/Jun/2025:07:32:25 +0200] "GET /node/2524 HTTP/1.1" 200 - "-" "Turnitin (https://bit.ly/2UvnfoQ)"
216.244.66.200 - - [07/Jun/2025:07:32:31 +0200] "GET /robots.txt HTTP/1.1" 200 1590 "-" "Mozilla/5.0 (compatible; DotBot/1.2; +https://opensiteexplorer.org/dotbot; help@moz.com)"
216.244.66.200 - - [07/Jun/2025:07:32:31 +0200] "GET /robots.txt HTTP/1.1" 200 1590 "-" "Mozilla/5.0 (compatible; DotBot/1.2; +https://opensiteexplorer.org/dotbot; help@moz.com)"
199.47.82.20 - - [07/Jun/2025:07:32:35 +0200] "GET /node/2525 HTTP/1.1" 200 - "-" "Turnitin (https://bit.ly/2UvnfoQ)"
199.47.82.20 - - [07/Jun/2025:07:32:45 +0200] "GET /node/254 HTTP/1.1" 200 - "-" "Turnitin (https://bit.ly/2UvnfoQ)"
199.47.82.20 - - [07/Jun/2025:07:32:55 +0200] "GET /node/260 HTTP/1.1" 200 - "-" "Turnitin (https://bit.ly/2UvnfoQ)"
199.47.82.20 - - [07/Jun/2025:07:33:05 +0200] "GET /node/261 HTTP/1.1" 200 - "-" "Turnitin (https://bit.ly/2UvnfoQ)"
199.47.82.20 - - [07/Jun/2025:07:33:15 +0200] "GET /node/2615 HTTP/1.1" 200 - "-" "Turnitin (https://bit.ly/2UvnfoQ)"
199.47.82.20 - - [07/Jun/2025:07:33:25 +0200] "GET /node/2620 HTTP/1.1" 200 - "-" "Turnitin (https://bit.ly/2UvnfoQ)"
199.47.82.20 - - [07/Jun/2025:07:33:35 +0200] "GET /node/263 HTTP/1.1" 200 - "-" "Turnitin (https://bit.ly/2UvnfoQ)"
199.47.82.20 - - [07/Jun/2025:07:33:45 +0200] "GET /node/264 HTTP/1.1" 200 - "-" "Turnitin (https://bit.ly/2UvnfoQ)"
199.47.82.20 - - [07/Jun/2025:07:33:55 +0200] "GET /node/273 HTTP/1.1" 200 - "-" "Turnitin (https://bit.ly/2UvnfoQ)"
199.47.82.20 - - [07/Jun/2025:07:34:05 +0200] "GET /node/274 HTTP/1.1" 200 - "-" "Turnitin (https://bit.ly/2UvnfoQ)"
199.47.82.20 - - [07/Jun/2025:07:34:15 +0200] "GET /node/280 HTTP/1.1" 200 - "-" "Turnitin (https://bit.ly/2UvnfoQ)"
199.47.82.20 - - [07/Jun/2025:07:34:25 +0200] "GET /node/281 HTTP/1.1" 200 - "-" "Turnitin (https://bit.ly/2UvnfoQ)"
199.47.82.20 - - [07/Jun/2025:07:34:35 +0200] "GET /node/282 HTTP/1.1" 200 - "-" "Turnitin (https://bit.ly/2UvnfoQ)"
199.47.82.20 - - [07/Jun/2025:07:34:45 +0200] "GET /node/283 HTTP/1.1" 200 - "-" "Turnitin (https://bit.ly/2UvnfoQ)"
199.47.82.20 - - [07/Jun/2025:07:34:55 +0200] "GET /node/29 HTTP/1.1" 200 - "-" "Turnitin (https://bit.ly/2UvnfoQ)"
199.47.82.20 - - [07/Jun/2025:07:35:05 +0200] "GET /node/300 HTTP/1.1" 200 - "-" "Turnitin (https://bit.ly/2UvnfoQ)"
199.47.82.20 - - [07/Jun/2025:07:35:15 +0200] "GET /node/312 HTTP/1.1" 200 - "-" "Turnitin (https://bit.ly/2UvnfoQ)"
199.47.82.20 - - [07/Jun/2025:07:35:25 +0200] "GET /node/313 HTTP/1.1" 200 - "-" "Turnitin (https://bit.ly/2UvnfoQ)"
199.47.82.20 - - [07/Jun/2025:07:35:35 +0200] "GET /node/314 HTTP/1.1" 200 - "-" "Turnitin (https://bit.ly/2UvnfoQ)"
216.244.66.200 - - [07/Jun/2025:07:35:38 +0200] "GET /taxonomy/term/99 HTTP/1.1" 200 - "-" "Mozilla/5.0 (compatible; DotBot/1.2; +https://opensiteexplorer.org/dotbot; help@moz.com)"
199.47.82.20 - - [07/Jun/2025:07:35:45 +0200] "GET /node/315 HTTP/1.1" 200 - "-" "Turnitin (https://bit.ly/2UvnfoQ)"
199.47.82.20 - - [07/Jun/2025:07:35:55 +0200] "GET /node/316 HTTP/1.1" 200 - "-" "Turnitin (https://bit.ly/2UvnfoQ)"
199.47.82.20 - - [07/Jun/2025:07:36:05 +0200] "GET /node/317 HTTP/1.1" 200 - "-" "Turnitin (https://bit.ly/2UvnfoQ)"
216.244.66.200 - - [07/Jun/2025:07:36:13 +0200] "GET /files/NKOM_fejezet_rend_mod.doc HTTP/1.1" 200 80384 "-" "Mozilla/5.0 (compatible; DotBot/1.2; +https://opensiteexplorer.org/dotbot; help@moz.com)"
199.47.82.20 - - [07/Jun/2025:07:36:15 +0200] "GET /node/333 HTTP/1.1" 200 - "-" "Turnitin (https://bit.ly/2UvnfoQ)"
199.47.82.20 - - [07/Jun/2025:07:36:25 +0200] "GET /node/336 HTTP/1.1" 200 - "-" "Turnitin (https://bit.ly/2UvnfoQ)"
216.244.66.200 - - [07/Jun/2025:07:36:27 +0200] "GET /files/egy_eg_targy_korm_ren_torv_mod_091207.doc HTTP/1.1" 200 57344 "-" "Mozilla/5.0 (compatible; DotBot/1.2; +https://opensiteexplorer.org/dotbot; help@moz.com)"
199.47.82.20 - - [07/Jun/2025:07:36:35 +0200] "GET /node/355 HTTP/1.1" 200 - "-" "Turnitin (https://bit.ly/2UvnfoQ)"
199.47.82.20 - - [07/Jun/2025:07:36:45 +0200] "GET /node/356 HTTP/1.1" 200 - "-" "Turnitin (https://bit.ly/2UvnfoQ)"
199.47.82.20 - - [07/Jun/2025:07:36:55 +0200] "GET /node/357 HTTP/1.1" 200 - "-" "Turnitin (https://bit.ly/2UvnfoQ)"
199.47.82.20 - - [07/Jun/2025:07:37:05 +0200] "GET /node/358 HTTP/1.1" 200 - "-" "Turnitin (https://bit.ly/2UvnfoQ)"
216.244.66.200 - - [07/Jun/2025:07:37:06 +0200] "GET /files/szvk_terv_090804.pdf HTTP/1.1" 200 393450 "-" "Mozilla/5.0 (compatible; DotBot/1.2; +https://opensiteexplorer.org/dotbot; help@moz.com)"
199.47.82.20 - - [07/Jun/2025:07:37:15 +0200] "GET /node/37 HTTP/1.1" 200 - "-" "Turnitin (https://bit.ly/2UvnfoQ)"
199.47.82.20 - - [07/Jun/2025:07:37:25 +0200] "GET /node/625 HTTP/1.1" 200 - "-" "Turnitin (https://bit.ly/2UvnfoQ)"
199.47.82.20 - - [07/Jun/2025:07:37:35 +0200] "GET /node/659 HTTP/1.1" 200 - "-" "Turnitin (https://bit.ly/2UvnfoQ)"
199.47.82.20 - - [07/Jun/2025:07:37:45 +0200] "GET /node/660 HTTP/1.1" 200 - "-" "Turnitin (https://bit.ly/2UvnfoQ)"
199.47.82.20 - - [07/Jun/2025:07:37:55 +0200] "GET /node/674 HTTP/1.1" 200 - "-" "Turnitin (https://bit.ly/2UvnfoQ)"
66.249.64.9 - - [07/Jun/2025:07:38:03 +0200] "GET /files/hm_rendelet_tervezet_kulszolgalat_jogallas.pdf HTTP/1.1" 200 168538 "-" "Googlebot/2.1 (+http://www.google.com/bot.html)"
199.47.82.20 - - [07/Jun/2025:07:38:05 +0200] "GET /node/675 HTTP/1.1" 200 - "-" "Turnitin (https://bit.ly/2UvnfoQ)"
199.47.82.20 - - [07/Jun/2025:07:38:15 +0200] "GET /node/683 HTTP/1.1" 200 - "-" "Turnitin (https://bit.ly/2UvnfoQ)"
216.244.66.200 - - [07/Jun/2025:07:38:19 +0200] "GET /node/2550 HTTP/1.1" 200 - "-" "Mozilla/5.0 (compatible; DotBot/1.2; +https://opensiteexplorer.org/dotbot; help@moz.com)"
199.47.82.20 - - [07/Jun/2025:07:38:25 +0200] "GET /node/691 HTTP/1.1" 200 - "-" "Turnitin (https://bit.ly/2UvnfoQ)"
199.47.82.20 - - [07/Jun/2025:07:38:35 +0200] "GET /node/699 HTTP/1.1" 200 - "-" "Turnitin (https://bit.ly/2UvnfoQ)"
199.47.82.20 - - [07/Jun/2025:07:38:45 +0200] "GET /node/7 HTTP/1.1" 200 - "-" "Turnitin (https://bit.ly/2UvnfoQ)"
199.47.82.20 - - [07/Jun/2025:07:38:55 +0200] "GET /node/744 HTTP/1.1" 200 - "-" "Turnitin (https://bit.ly/2UvnfoQ)"
199.47.82.20 - - [07/Jun/2025:07:39:05 +0200] "GET /node/779 HTTP/1.1" 200 - "-" "Turnitin (https://bit.ly/2UvnfoQ)"
216.244.66.200 - - [07/Jun/2025:07:39:09 +0200] "GET /taxonomy/term/89 HTTP/1.1" 200 - "-" "Mozilla/5.0 (compatible; DotBot/1.2; +https://opensiteexplorer.org/dotbot; help@moz.com)"
199.47.82.20 - - [07/Jun/2025:07:39:15 +0200] "GET /node/78 HTTP/1.1" 200 - "-" "Turnitin (https://bit.ly/2UvnfoQ)"
199.47.82.20 - - [07/Jun/2025:07:39:25 +0200] "GET /node/788 HTTP/1.1" 200 - "-" "Turnitin (https://bit.ly/2UvnfoQ)"
199.47.82.20 - - [07/Jun/2025:07:39:35 +0200] "GET /node/789 HTTP/1.1" 200 - "-" "Turnitin (https://bit.ly/2UvnfoQ)"
199.47.82.20 - - [07/Jun/2025:07:39:45 +0200] "GET /node/790 HTTP/1.1" 200 - "-" "Turnitin (https://bit.ly/2UvnfoQ)"
199.47.82.20 - - [07/Jun/2025:07:39:55 +0200] "GET /node/791 HTTP/1.1" 200 - "-" "Turnitin (https://bit.ly/2UvnfoQ)"
199.47.82.20 - - [07/Jun/2025:07:40:05 +0200] "GET /node/792 HTTP/1.1" 200 - "-" "Turnitin (https://bit.ly/2UvnfoQ)"
199.47.82.20 - - [07/Jun/2025:07:40:15 +0200] "GET /node/793 HTTP/1.1" 200 - "-" "Turnitin (https://bit.ly/2UvnfoQ)"
199.47.82.20 - - [07/Jun/2025:07:40:25 +0200] "GET /node/794 HTTP/1.1" 200 - "-" "Turnitin (https://bit.ly/2UvnfoQ)"
199.47.82.20 - - [07/Jun/2025:07:40:35 +0200] "GET /node/795 HTTP/1.1" 200 - "-" "Turnitin (https://bit.ly/2UvnfoQ)"
216.244.66.200 - - [07/Jun/2025:07:40:35 +0200] "GET /node?page=110 HTTP/1.1" 200 - "-" "Mozilla/5.0 (compatible; DotBot/1.2; +https://opensiteexplorer.org/dotbot; help@moz.com)"
199.47.82.20 - - [07/Jun/2025:07:40:45 +0200] "GET /node/796 HTTP/1.1" 200 - "-" "Turnitin (https://bit.ly/2UvnfoQ)"
199.47.82.20 - - [07/Jun/2025:07:40:55 +0200] "GET /node/81 HTTP/1.1" 200 - "-" "Turnitin (https://bit.ly/2UvnfoQ)"
199.47.82.20 - - [07/Jun/2025:07:41:05 +0200] "GET /node/824 HTTP/1.1" 200 - "-" "Turnitin (https://bit.ly/2UvnfoQ)"
199.47.82.20 - - [07/Jun/2025:07:41:15 +0200] "GET /node/825 HTTP/1.1" 200 - "-" "Turnitin (https://bit.ly/2UvnfoQ)"
199.47.82.20 - - [07/Jun/2025:07:41:25 +0200] "GET /node/826 HTTP/1.1" 200 - "-" "Turnitin (https://bit.ly/2UvnfoQ)"
216.244.66.200 - - [07/Jun/2025:07:41:26 +0200] "GET /node/60 HTTP/1.1" 200 - "-" "Mozilla/5.0 (compatible; DotBot/1.2; +https://opensiteexplorer.org/dotbot; help@moz.com)"
199.47.82.20 - - [07/Jun/2025:07:41:35 +0200] "GET /node/84 HTTP/1.1" 200 - "-" "Turnitin (https://bit.ly/2UvnfoQ)"
199.47.82.20 - - [07/Jun/2025:07:41:45 +0200] "GET /node/85 HTTP/1.1" 200 - "-" "Turnitin (https://bit.ly/2UvnfoQ)"
199.47.82.20 - - [07/Jun/2025:07:41:55 +0200] "GET /node/86 HTTP/1.1" 200 - "-" "Turnitin (https://bit.ly/2UvnfoQ)"
199.47.82.20 - - [07/Jun/2025:07:42:05 +0200] "GET /node/87 HTTP/1.1" 200 - "-" "Turnitin (https://bit.ly/2UvnfoQ)"
199.47.82.20 - - [07/Jun/2025:07:42:15 +0200] "GET /node/929 HTTP/1.1" 200 - "-" "Turnitin (https://bit.ly/2UvnfoQ)"
216.244.66.200 - - [07/Jun/2025:07:42:16 +0200] "GET /node?page=179 HTTP/1.1" 200 - "-" "Mozilla/5.0 (compatible; DotBot/1.2; +https://opensiteexplorer.org/dotbot; help@moz.com)"
199.47.82.20 - - [07/Jun/2025:07:42:25 +0200] "GET /node/945 HTTP/1.1" 200 - "-" "Turnitin (https://bit.ly/2UvnfoQ)"
199.47.82.20 - - [07/Jun/2025:07:42:35 +0200] "GET /node/958 HTTP/1.1" 200 - "-" "Turnitin (https://bit.ly/2UvnfoQ)"
199.47.82.20 - - [07/Jun/2025:07:42:45 +0200] "GET /node/967 HTTP/1.1" 200 - "-" "Turnitin (https://bit.ly/2UvnfoQ)"
199.47.82.20 - - [07/Jun/2025:07:42:55 +0200] "GET /node/968 HTTP/1.1" 200 - "-" "Turnitin (https://bit.ly/2UvnfoQ)"
199.47.82.20 - - [07/Jun/2025:07:43:05 +0200] "GET /node/991 HTTP/1.1" 200 - "-" "Turnitin (https://bit.ly/2UvnfoQ)"
216.244.66.200 - - [07/Jun/2025:07:43:09 +0200] "GET /node?page=181 HTTP/1.1" 200 - "-" "Mozilla/5.0 (compatible; DotBot/1.2; +https://opensiteexplorer.org/dotbot; help@moz.com)"
199.47.82.20 - - [07/Jun/2025:07:43:15 +0200] "GET /taxonomy/term/100?page=1 HTTP/1.1" 200 - "-" "Turnitin (https://bit.ly/2UvnfoQ)"
199.47.82.20 - - [07/Jun/2025:07:43:25 +0200] "GET /taxonomy/term/100?page=2 HTTP/1.1" 200 - "-" "Turnitin (https://bit.ly/2UvnfoQ)"
199.47.82.20 - - [07/Jun/2025:07:43:35 +0200] "GET /taxonomy/term/101 HTTP/1.1" 200 - "-" "Turnitin (https://bit.ly/2UvnfoQ)"
199.47.82.20 - - [07/Jun/2025:07:43:45 +0200] "GET /taxonomy/term/107 HTTP/1.1" 200 - "-" "Turnitin (https://bit.ly/2UvnfoQ)"
199.47.82.20 - - [07/Jun/2025:07:43:55 +0200] "GET /taxonomy/term/109 HTTP/1.1" 200 - "-" "Turnitin (https://bit.ly/2UvnfoQ)"
216.244.66.200 - - [07/Jun/2025:07:43:59 +0200] "GET /node?page=198 HTTP/1.1" 200 - "-" "Mozilla/5.0 (compatible; DotBot/1.2; +https://opensiteexplorer.org/dotbot; help@moz.com)"
199.47.82.20 - - [07/Jun/2025:07:44:06 +0200] "GET /taxonomy/term/18 HTTP/1.1" 200 - "-" "Turnitin (https://bit.ly/2UvnfoQ)"
199.47.82.20 - - [07/Jun/2025:07:44:15 +0200] "GET /taxonomy/term/20 HTTP/1.1" 200 - "-" "Turnitin (https://bit.ly/2UvnfoQ)"
199.47.82.20 - - [07/Jun/2025:07:44:25 +0200] "GET /taxonomy/term/23 HTTP/1.1" 200 - "-" "Turnitin (https://bit.ly/2UvnfoQ)"
199.47.82.20 - - [07/Jun/2025:07:44:36 +0200] "GET /taxonomy/term/23?page=1 HTTP/1.1" 200 - "-" "Turnitin (https://bit.ly/2UvnfoQ)"
199.47.82.20 - - [07/Jun/2025:07:44:45 +0200] "GET /taxonomy/term/23?page=2 HTTP/1.1" 200 - "-" "Turnitin (https://bit.ly/2UvnfoQ)"
216.244.66.200 - - [07/Jun/2025:07:44:49 +0200] "GET /node/1083 HTTP/1.1" 200 - "-" "Mozilla/5.0 (compatible; DotBot/1.2; +https://opensiteexplorer.org/dotbot; help@moz.com)"
199.47.82.20 - - [07/Jun/2025:07:44:55 +0200] "GET /taxonomy/term/23?page=3 HTTP/1.1" 200 - "-" "Turnitin (https://bit.ly/2UvnfoQ)"
199.47.82.20 - - [07/Jun/2025:07:45:05 +0200] "GET /taxonomy/term/24 HTTP/1.1" 200 - "-" "Turnitin (https://bit.ly/2UvnfoQ)"
199.47.82.20 - - [07/Jun/2025:07:45:16 +0200] "GET /taxonomy/term/24?page=10 HTTP/1.1" 200 - "-" "Turnitin (https://bit.ly/2UvnfoQ)"
199.47.82.20 - - [07/Jun/2025:07:45:25 +0200] "GET /taxonomy/term/24?page=11 HTTP/1.1" 200 - "-" "Turnitin (https://bit.ly/2UvnfoQ)"
199.47.82.20 - - [07/Jun/2025:07:45:35 +0200] "GET /taxonomy/term/24?page=12 HTTP/1.1" 200 - "-" "Turnitin (https://bit.ly/2UvnfoQ)"
216.244.66.200 - - [07/Jun/2025:07:45:39 +0200] "GET /node/1099 HTTP/1.1" 200 - "-" "Mozilla/5.0 (compatible; DotBot/1.2; +https://opensiteexplorer.org/dotbot; help@moz.com)"
199.47.82.20 - - [07/Jun/2025:07:45:45 +0200] "GET /taxonomy/term/24?page=20 HTTP/1.1" 200 - "-" "Turnitin (https://bit.ly/2UvnfoQ)"
199.47.82.20 - - [07/Jun/2025:07:45:55 +0200] "GET /taxonomy/term/24?page=21 HTTP/1.1" 200 - "-" "Turnitin (https://bit.ly/2UvnfoQ)"
199.47.82.20 - - [07/Jun/2025:07:46:05 +0200] "GET /taxonomy/term/24?page=22 HTTP/1.1" 200 - "-" "Turnitin (https://bit.ly/2UvnfoQ)"
199.47.82.20 - - [07/Jun/2025:07:46:15 +0200] "GET /taxonomy/term/24?page=23 HTTP/1.1" 200 - "-" "Turnitin (https://bit.ly/2UvnfoQ)"
199.47.82.20 - - [07/Jun/2025:07:46:26 +0200] "GET /taxonomy/term/24?page=24 HTTP/1.1" 200 - "-" "Turnitin (https://bit.ly/2UvnfoQ)"
216.244.66.200 - - [07/Jun/2025:07:46:30 +0200] "GET /node/1247 HTTP/1.1" 200 - "-" "Mozilla/5.0 (compatible; DotBot/1.2; +https://opensiteexplorer.org/dotbot; help@moz.com)"
199.47.82.20 - - [07/Jun/2025:07:46:35 +0200] "GET /taxonomy/term/24?page=25 HTTP/1.1" 200 - "-" "Turnitin (https://bit.ly/2UvnfoQ)"
199.47.82.20 - - [07/Jun/2025:07:46:45 +0200] "GET /taxonomy/term/24?page=26 HTTP/1.1" 200 - "-" "Turnitin (https://bit.ly/2UvnfoQ)"
199.47.82.20 - - [07/Jun/2025:07:46:55 +0200] "GET /taxonomy/term/24?page=27 HTTP/1.1" 200 - "-" "Turnitin (https://bit.ly/2UvnfoQ)"
199.47.82.20 - - [07/Jun/2025:07:47:05 +0200] "GET /taxonomy/term/24?page=9 HTTP/1.1" 200 - "-" "Turnitin (https://bit.ly/2UvnfoQ)"
199.47.82.20 - - [07/Jun/2025:07:47:16 +0200] "GET /taxonomy/term/25 HTTP/1.1" 200 - "-" "Turnitin (https://bit.ly/2UvnfoQ)"
199.47.82.20 - - [07/Jun/2025:07:47:25 +0200] "GET /taxonomy/term/25?page=10 HTTP/1.1" 200 - "-" "Turnitin (https://bit.ly/2UvnfoQ)"
199.47.82.20 - - [07/Jun/2025:07:47:35 +0200] "GET /taxonomy/term/25?page=11 HTTP/1.1" 200 - "-" "Turnitin (https://bit.ly/2UvnfoQ)"
199.47.82.20 - - [07/Jun/2025:07:47:45 +0200] "GET /taxonomy/term/25?page=12 HTTP/1.1" 200 - "-" "Turnitin (https://bit.ly/2UvnfoQ)"
199.47.82.20 - - [07/Jun/2025:07:47:55 +0200] "GET /taxonomy/term/25?page=13 HTTP/1.1" 200 - "-" "Turnitin (https://bit.ly/2UvnfoQ)"
199.47.82.20 - - [07/Jun/2025:07:48:05 +0200] "GET /taxonomy/term/25?page=14 HTTP/1.1" 200 - "-" "Turnitin (https://bit.ly/2UvnfoQ)"
199.47.82.20 - - [07/Jun/2025:07:48:15 +0200] "GET /taxonomy/term/25?page=15 HTTP/1.1" 200 - "-" "Turnitin (https://bit.ly/2UvnfoQ)"
199.47.82.20 - - [07/Jun/2025:07:48:25 +0200] "GET /taxonomy/term/25?page=16 HTTP/1.1" 200 - "-" "Turnitin (https://bit.ly/2UvnfoQ)"
199.47.82.20 - - [07/Jun/2025:07:48:36 +0200] "GET /taxonomy/term/25?page=17 HTTP/1.1" 200 - "-" "Turnitin (https://bit.ly/2UvnfoQ)"
199.47.82.20 - - [07/Jun/2025:07:48:46 +0200] "GET /taxonomy/term/25?page=18 HTTP/1.1" 200 - "-" "Turnitin (https://bit.ly/2UvnfoQ)"
199.47.82.20 - - [07/Jun/2025:07:48:55 +0200] "GET /taxonomy/term/25?page=9 HTTP/1.1" 200 - "-" "Turnitin (https://bit.ly/2UvnfoQ)"
199.47.82.20 - - [07/Jun/2025:07:49:05 +0200] "GET /taxonomy/term/27?cmid=ytoon_K.pzkvzMqz&page=4osjnge.krr HTTP/1.1" 200 - "-" "Turnitin (https://bit.ly/2UvnfoQ)"
199.47.82.20 - - [07/Jun/2025:07:49:15 +0200] "GET /taxonomy/term/27?page=10 HTTP/1.1" 200 - "-" "Turnitin (https://bit.ly/2UvnfoQ)"
199.47.82.20 - - [07/Jun/2025:07:49:26 +0200] "GET /taxonomy/term/27?page=11 HTTP/1.1" 200 - "-" "Turnitin (https://bit.ly/2UvnfoQ)"
199.47.82.20 - - [07/Jun/2025:07:49:36 +0200] "GET /taxonomy/term/27?page=12 HTTP/1.1" 200 - "-" "Turnitin (https://bit.ly/2UvnfoQ)"
199.47.82.20 - - [07/Jun/2025:07:49:46 +0200] "GET /taxonomy/term/27?page=18 HTTP/1.1" 200 - "-" "Turnitin (https://bit.ly/2UvnfoQ)"
66.249.70.66 - - [07/Jun/2025:07:49:53 +0200] "GET /files/magyar_olasz_filmkoprodukcios_061014.pdf HTTP/1.1" 200 240280 "-" "Googlebot/2.1 (+http://www.google.com/bot.html)"
199.47.82.20 - - [07/Jun/2025:07:49:56 +0200] "GET /taxonomy/term/27?page=19 HTTP/1.1" 200 - "-" "Turnitin (https://bit.ly/2UvnfoQ)"
199.47.82.20 - - [07/Jun/2025:07:50:06 +0200] "GET /taxonomy/term/27?page=20 HTTP/1.1" 200 - "-" "Turnitin (https://bit.ly/2UvnfoQ)"
199.47.82.20 - - [07/Jun/2025:07:50:16 +0200] "GET /taxonomy/term/27?page=21 HTTP/1.1" 200 - "-" "Turnitin (https://bit.ly/2UvnfoQ)"
199.47.82.20 - - [07/Jun/2025:07:50:26 +0200] "GET /taxonomy/term/27?page=22 HTTP/1.1" 200 - "-" "Turnitin (https://bit.ly/2UvnfoQ)"
199.47.82.20 - - [07/Jun/2025:07:50:36 +0200] "GET /taxonomy/term/27?page=23 HTTP/1.1" 200 - "-" "Turnitin (https://bit.ly/2UvnfoQ)"
199.47.82.20 - - [07/Jun/2025:07:50:46 +0200] "GET /taxonomy/term/27?page=24 HTTP/1.1" 200 - "-" "Turnitin (https://bit.ly/2UvnfoQ)"
199.47.82.20 - - [07/Jun/2025:07:50:56 +0200] "GET /taxonomy/term/27?page=25 HTTP/1.1" 200 - "-" "Turnitin (https://bit.ly/2UvnfoQ)"
199.47.82.20 - - [07/Jun/2025:07:51:06 +0200] "GET /taxonomy/term/27?page=5 HTTP/1.1" 200 - "-" "Turnitin (https://bit.ly/2UvnfoQ)"
199.47.82.20 - - [07/Jun/2025:07:51:16 +0200] "GET /taxonomy/term/27?page=6 HTTP/1.1" 200 - "-" "Turnitin (https://bit.ly/2UvnfoQ)"
199.47.82.20 - - [07/Jun/2025:07:51:26 +0200] "GET /taxonomy/term/27?page=7 HTTP/1.1" 200 - "-" "Turnitin (https://bit.ly/2UvnfoQ)"
199.47.82.20 - - [07/Jun/2025:07:51:36 +0200] "GET /taxonomy/term/27?page=8 HTTP/1.1" 200 - "-" "Turnitin (https://bit.ly/2UvnfoQ)"
199.47.82.20 - - [07/Jun/2025:07:51:46 +0200] "GET /taxonomy/term/27?page=9 HTTP/1.1" 200 - "-" "Turnitin (https://bit.ly/2UvnfoQ)"
199.47.82.20 - - [07/Jun/2025:07:51:56 +0200] "GET /taxonomy/term/28?page=1 HTTP/1.1" 200 - "-" "Turnitin (https://bit.ly/2UvnfoQ)"
199.47.82.20 - - [07/Jun/2025:07:52:06 +0200] "GET /taxonomy/term/28?page=10 HTTP/1.1" 200 - "-" "Turnitin (https://bit.ly/2UvnfoQ)"
199.47.82.20 - - [07/Jun/2025:07:52:16 +0200] "GET /taxonomy/term/28?page=11 HTTP/1.1" 200 - "-" "Turnitin (https://bit.ly/2UvnfoQ)"
199.47.82.20 - - [07/Jun/2025:07:52:26 +0200] "GET /taxonomy/term/28?page=2 HTTP/1.1" 200 - "-" "Turnitin (https://bit.ly/2UvnfoQ)"
199.47.82.20 - - [07/Jun/2025:07:52:36 +0200] "GET /taxonomy/term/28?page=3 HTTP/1.1" 200 - "-" "Turnitin (https://bit.ly/2UvnfoQ)"
199.47.82.20 - - [07/Jun/2025:07:52:46 +0200] "GET /taxonomy/term/28?page=4 HTTP/1.1" 200 - "-" "Turnitin (https://bit.ly/2UvnfoQ)"
199.47.82.20 - - [07/Jun/2025:07:52:56 +0200] "GET /taxonomy/term/28?page=5 HTTP/1.1" 200 - "-" "Turnitin (https://bit.ly/2UvnfoQ)"
199.47.82.20 - - [07/Jun/2025:07:53:06 +0200] "GET /taxonomy/term/28?page=6 HTTP/1.1" 200 - "-" "Turnitin (https://bit.ly/2UvnfoQ)"
199.47.82.20 - - [07/Jun/2025:07:53:16 +0200] "GET /taxonomy/term/28?page=7 HTTP/1.1" 200 - "-" "Turnitin (https://bit.ly/2UvnfoQ)"
199.47.82.20 - - [07/Jun/2025:07:53:26 +0200] "GET /taxonomy/term/28?page=8 HTTP/1.1" 200 - "-" "Turnitin (https://bit.ly/2UvnfoQ)"
199.47.82.20 - - [07/Jun/2025:07:53:36 +0200] "GET /taxonomy/term/28?page=9 HTTP/1.1" 200 - "-" "Turnitin (https://bit.ly/2UvnfoQ)"
199.47.82.20 - - [07/Jun/2025:07:53:46 +0200] "GET /taxonomy/term/29?page=1 HTTP/1.1" 200 - "-" "Turnitin (https://bit.ly/2UvnfoQ)"
199.47.82.20 - - [07/Jun/2025:07:53:56 +0200] "GET /taxonomy/term/33?page=1 HTTP/1.1" 200 - "-" "Turnitin (https://bit.ly/2UvnfoQ)"
199.47.82.20 - - [07/Jun/2025:07:54:06 +0200] "GET /taxonomy/term/36?page=1 HTTP/1.1" 200 - "-" "Turnitin (https://bit.ly/2UvnfoQ)"
199.47.82.20 - - [07/Jun/2025:07:54:16 +0200] "GET /taxonomy/term/36?page=2 HTTP/1.1" 200 - "-" "Turnitin (https://bit.ly/2UvnfoQ)"
199.47.82.20 - - [07/Jun/2025:07:54:26 +0200] "GET /taxonomy/term/36?page=3 HTTP/1.1" 200 - "-" "Turnitin (https://bit.ly/2UvnfoQ)"
199.47.82.20 - - [07/Jun/2025:07:54:36 +0200] "GET /taxonomy/term/36?page=4 HTTP/1.1" 200 - "-" "Turnitin (https://bit.ly/2UvnfoQ)"
199.47.82.20 - - [07/Jun/2025:07:54:46 +0200] "GET /taxonomy/term/36?page=5 HTTP/1.1" 200 - "-" "Turnitin (https://bit.ly/2UvnfoQ)"
199.47.82.20 - - [07/Jun/2025:07:54:56 +0200] "GET /taxonomy/term/36?page=6 HTTP/1.1" 200 - "-" "Turnitin (https://bit.ly/2UvnfoQ)"
199.47.82.20 - - [07/Jun/2025:07:55:06 +0200] "GET /taxonomy/term/36?page=7 HTTP/1.1" 200 - "-" "Turnitin (https://bit.ly/2UvnfoQ)"
199.47.82.20 - - [07/Jun/2025:07:55:16 +0200] "GET /taxonomy/term/36?page=8 HTTP/1.1" 200 - "-" "Turnitin (https://bit.ly/2UvnfoQ)"
199.47.82.20 - - [07/Jun/2025:07:55:26 +0200] "GET /taxonomy/term/38 HTTP/1.1" 200 - "-" "Turnitin (https://bit.ly/2UvnfoQ)"
199.47.82.20 - - [07/Jun/2025:07:55:36 +0200] "GET /taxonomy/term/41?page=1 HTTP/1.1" 200 - "-" "Turnitin (https://bit.ly/2UvnfoQ)"
199.47.82.20 - - [07/Jun/2025:07:55:46 +0200] "GET /taxonomy/term/41?page=2 HTTP/1.1" 200 - "-" "Turnitin (https://bit.ly/2UvnfoQ)"
199.47.82.20 - - [07/Jun/2025:07:55:56 +0200] "GET /taxonomy/term/42 HTTP/1.1" 200 - "-" "Turnitin (https://bit.ly/2UvnfoQ)"
199.47.82.20 - - [07/Jun/2025:07:56:06 +0200] "GET /taxonomy/term/44 HTTP/1.1" 200 - "-" "Turnitin (https://bit.ly/2UvnfoQ)"
199.47.82.20 - - [07/Jun/2025:07:56:16 +0200] "GET /taxonomy/term/46 HTTP/1.1" 200 - "-" "Turnitin (https://bit.ly/2UvnfoQ)"
199.47.82.20 - - [07/Jun/2025:07:56:26 +0200] "GET /taxonomy/term/47?page=1 HTTP/1.1" 200 - "-" "Turnitin (https://bit.ly/2UvnfoQ)"
199.47.82.20 - - [07/Jun/2025:07:56:36 +0200] "GET /taxonomy/term/47?page=2 HTTP/1.1" 200 - "-" "Turnitin (https://bit.ly/2UvnfoQ)"
199.47.82.20 - - [07/Jun/2025:07:56:46 +0200] "GET /taxonomy/term/47?page=3 HTTP/1.1" 200 - "-" "Turnitin (https://bit.ly/2UvnfoQ)"
199.47.82.20 - - [07/Jun/2025:07:56:56 +0200] "GET /taxonomy/term/47?page=4 HTTP/1.1" 200 - "-" "Turnitin (https://bit.ly/2UvnfoQ)"
199.47.82.20 - - [07/Jun/2025:07:57:06 +0200] "GET /taxonomy/term/47?page=5 HTTP/1.1" 200 - "-" "Turnitin (https://bit.ly/2UvnfoQ)"
199.47.82.20 - - [07/Jun/2025:07:57:16 +0200] "GET /taxonomy/term/47?page=6 HTTP/1.1" 200 - "-" "Turnitin (https://bit.ly/2UvnfoQ)"
199.47.82.20 - - [07/Jun/2025:07:57:26 +0200] "GET /taxonomy/term/47?page=7 HTTP/1.1" 200 - "-" "Turnitin (https://bit.ly/2UvnfoQ)"
52.167.144.233 - - [07/Jun/2025:07:57:34 +0200] "GET /files/33_1998_mod_terv_080708.pdf HTTP/1.1" 304 - "-" "Mozilla/5.0 AppleWebKit/537.36 (KHTML, like Gecko; compatible; bingbot/2.0; +http://www.bing.com/bingbot.htm) Chrome/116.0.1938.76 Safari/537.36"
199.47.82.20 - - [07/Jun/2025:07:57:36 +0200] "GET /taxonomy/term/48?page=1 HTTP/1.1" 200 - "-" "Turnitin (https://bit.ly/2UvnfoQ)"
199.47.82.20 - - [07/Jun/2025:07:57:46 +0200] "GET /taxonomy/term/48?page=2 HTTP/1.1" 200 - "-" "Turnitin (https://bit.ly/2UvnfoQ)"
199.47.82.20 - - [07/Jun/2025:07:57:56 +0200] "GET /taxonomy/term/48?page=3 HTTP/1.1" 200 - "-" "Turnitin (https://bit.ly/2UvnfoQ)"
199.47.82.20 - - [07/Jun/2025:07:58:06 +0200] "GET /taxonomy/term/48?page=4 HTTP/1.1" 200 - "-" "Turnitin (https://bit.ly/2UvnfoQ)"
199.47.82.20 - - [07/Jun/2025:07:58:16 +0200] "GET /taxonomy/term/49?page=1 HTTP/1.1" 200 - "-" "Turnitin (https://bit.ly/2UvnfoQ)"
199.47.82.20 - - [07/Jun/2025:07:58:26 +0200] "GET /taxonomy/term/49?page=2 HTTP/1.1" 200 - "-" "Turnitin (https://bit.ly/2UvnfoQ)"
199.47.82.20 - - [07/Jun/2025:07:58:36 +0200] "GET /taxonomy/term/49?page=22 HTTP/1.1" 200 - "-" "Turnitin (https://bit.ly/2UvnfoQ)"
199.47.82.20 - - [07/Jun/2025:07:58:46 +0200] "GET /taxonomy/term/49?page=3 HTTP/1.1" 200 - "-" "Turnitin (https://bit.ly/2UvnfoQ)"
199.47.82.20 - - [07/Jun/2025:07:58:56 +0200] "GET /taxonomy/term/49?page=4 HTTP/1.1" 200 - "-" "Turnitin (https://bit.ly/2UvnfoQ)"
199.47.82.20 - - [07/Jun/2025:07:59:06 +0200] "GET /taxonomy/term/49?page=5 HTTP/1.1" 200 - "-" "Turnitin (https://bit.ly/2UvnfoQ)"
199.47.82.20 - - [07/Jun/2025:07:59:16 +0200] "GET /taxonomy/term/49?page=6 HTTP/1.1" 200 - "-" "Turnitin (https://bit.ly/2UvnfoQ)"
199.47.82.20 - - [07/Jun/2025:07:59:26 +0200] "GET /taxonomy/term/49?page=7 HTTP/1.1" 200 - "-" "Turnitin (https://bit.ly/2UvnfoQ)"
199.47.82.20 - - [07/Jun/2025:07:59:36 +0200] "GET /taxonomy/term/49?page=8 HTTP/1.1" 200 - "-" "Turnitin (https://bit.ly/2UvnfoQ)"
199.47.82.20 - - [07/Jun/2025:07:59:46 +0200] "GET /taxonomy/term/50?page=1 HTTP/1.1" 200 - "-" "Turnitin (https://bit.ly/2UvnfoQ)"
199.47.82.20 - - [07/Jun/2025:07:59:56 +0200] "GET /taxonomy/term/50?page=2 HTTP/1.1" 200 - "-" "Turnitin (https://bit.ly/2UvnfoQ)"
199.47.82.20 - - [07/Jun/2025:08:00:06 +0200] "GET /taxonomy/term/50?page=22 HTTP/1.1" 200 - "-" "Turnitin (https://bit.ly/2UvnfoQ)"
199.47.82.20 - - [07/Jun/2025:08:00:16 +0200] "GET /taxonomy/term/50?page=3 HTTP/1.1" 200 - "-" "Turnitin (https://bit.ly/2UvnfoQ)"
199.47.82.20 - - [07/Jun/2025:08:00:26 +0200] "GET /taxonomy/term/50?page=4 HTTP/1.1" 200 - "-" "Turnitin (https://bit.ly/2UvnfoQ)"
199.47.82.20 - - [07/Jun/2025:08:00:36 +0200] "GET /taxonomy/term/50?page=5 HTTP/1.1" 200 - "-" "Turnitin (https://bit.ly/2UvnfoQ)"
199.47.82.20 - - [07/Jun/2025:08:00:46 +0200] "GET /taxonomy/term/50?page=6 HTTP/1.1" 200 - "-" "Turnitin (https://bit.ly/2UvnfoQ)"
199.47.82.20 - - [07/Jun/2025:08:00:56 +0200] "GET /taxonomy/term/50?page=7 HTTP/1.1" 200 - "-" "Turnitin (https://bit.ly/2UvnfoQ)"
199.47.82.20 - - [07/Jun/2025:08:01:06 +0200] "GET /taxonomy/term/50?page=8 HTTP/1.1" 200 - "-" "Turnitin (https://bit.ly/2UvnfoQ)"
199.47.82.20 - - [07/Jun/2025:08:01:16 +0200] "GET /taxonomy/term/51?page=1 HTTP/1.1" 200 - "-" "Turnitin (https://bit.ly/2UvnfoQ)"
199.47.82.20 - - [07/Jun/2025:08:01:26 +0200] "GET /taxonomy/term/51?page=2 HTTP/1.1" 200 - "-" "Turnitin (https://bit.ly/2UvnfoQ)"
199.47.82.20 - - [07/Jun/2025:08:01:36 +0200] "GET /taxonomy/term/51?page=3 HTTP/1.1" 200 - "-" "Turnitin (https://bit.ly/2UvnfoQ)"
79.209.38.218 - - [07/Jun/2025:08:07:00 +0200] "GET /files/cegbejegyzesi_eljaras_21_per_2006__02_12_fin.doc HTTP/1.1" 200 54272 "-" "Mozilla/5.0 (Windows NT 10.0; WOW64; Trident/7.0; rv:11.0) like Gecko"
66.249.70.67 - - [07/Jun/2025:08:30:19 +0200] "GET /files/2_sz_melleklet_061031.pdf HTTP/1.1" 304 - "-" "Mozilla/5.0 (Linux; Android 6.0.1; Nexus 5X Build/MMB29P) AppleWebKit/537.36 (KHTML, like Gecko) Chrome/136.0.7103.113 Mobile Safari/537.36 (compatible; Googlebot/2.1; +http://www.google.com/bot.html)"
194.145.227.125 - - [07/Jun/2025:08:33:48 +0200] "GET /fileupload/server/php/index.php?file=tf2rghf.jpg HTTP/1.1" 200 - "-" "ALittle Client"
40.77.167.20 - - [07/Jun/2025:08:46:29 +0200] "GET /files/unicef_keretmegallapodas_tervezet_071114.pdf HTTP/1.1" 200 390378 "-" "Mozilla/5.0 AppleWebKit/537.36 (KHTML, like Gecko; compatible; bingbot/2.0; +http://www.bing.com/bingbot.htm) Chrome/116.0.1938.76 Safari/537.36"
47.128.31.160 - - [07/Jun/2025:09:02:59 +0200] "GET /robots.txt HTTP/1.1" 200 1590 "-" "Mozilla/5.0 (Linux; Android 5.0) AppleWebKit/537.36 (KHTML, like Gecko) Mobile Safari/537.36 (compatible; Bytespider; spider-feedback@bytedance.com)"
66.249.64.10 - - [07/Jun/2025:09:19:27 +0200] "GET /files/tervezet_Bodrogszeg.pdf HTTP/1.1" 200 187638 "-" "Mozilla/5.0 (Linux; Android 6.0.1; Nexus 5X Build/MMB29P) AppleWebKit/537.36 (KHTML, like Gecko) Chrome/136.0.7103.113 Mobile Safari/537.36 (compatible; GoogleOther)"
66.249.70.67 - - [07/Jun/2025:09:41:25 +0200] "GET /files/apolas_terv_070516.pdf HTTP/1.1" 200 480585 "-" "Googlebot/2.1 (+http://www.google.com/bot.html)"
66.249.64.11 - - [07/Jun/2025:09:41:54 +0200] "GET /files/mr_terv_060918.pdf HTTP/1.1" 200 146693 "-" "Googlebot/2.1 (+http://www.google.com/bot.html)"
66.249.64.11 - - [07/Jun/2025:09:42:10 +0200] "GET /files/legiforgalmi_hmrend.pdf HTTP/1.1" 200 430856 "-" "Googlebot/2.1 (+http://www.google.com/bot.html)"
66.249.70.67 - - [07/Jun/2025:09:42:56 +0200] "GET /files/votv_terv_091028.pdf HTTP/1.1" 200 289056 "-" "Googlebot/2.1 (+http://www.google.com/bot.html)"
66.249.64.11 - - [07/Jun/2025:09:43:58 +0200] "GET /files/80_2004_rendmod_Indoklas_070814.pdf HTTP/1.1" 200 51565 "-" "Googlebot/2.1 (+http://www.google.com/bot.html)"
52.167.144.181 - - [07/Jun/2025:09:55:01 +0200] "GET /files/KHEM_5796_4norma.doc HTTP/1.1" 304 - "-" "Mozilla/5.0 AppleWebKit/537.36 (KHTML, like Gecko; compatible; bingbot/2.0; +http://www.bing.com/bingbot.htm) Chrome/116.0.1938.76 Safari/537.36"
66.249.70.66 - - [07/Jun/2025:10:31:09 +0200] "GET /files/KUM_kituntetesek.pdf HTTP/1.1" 200 220724 "-" "Googlebot/2.1 (+http://www.google.com/bot.html)"
4.227.36.17 - - [07/Jun/2025:10:31:28 +0200] "GET /robots.txt HTTP/1.1" 200 1590 "-" "Mozilla/5.0 AppleWebKit/537.36 (KHTML, like Gecko; compatible; GPTBot/1.2; +https://openai.com/gptbot)"
4.227.36.58 - - [07/Jun/2025:10:31:28 +0200] "GET /robots.txt HTTP/1.1" 200 1590 "-" "Mozilla/5.0 AppleWebKit/537.36 (KHTML, like Gecko; compatible; GPTBot/1.2; +https://openai.com/gptbot)"
20.171.207.108 - - [07/Jun/2025:10:31:59 +0200] "GET /favicon.ico HTTP/1.1" 404 57 "-" "Mozilla/5.0 AppleWebKit/537.36 (KHTML, like Gecko; compatible; GPTBot/1.2; +https://openai.com/gptbot)"
20.171.207.188 - - [07/Jun/2025:10:32:01 +0200] "GET / HTTP/1.1" 200 - "-" "Mozilla/5.0 AppleWebKit/537.36 (KHTML, like Gecko; compatible; GPTBot/1.2; +https://openai.com/gptbot)"
20.171.207.108 - - [07/Jun/2025:10:32:01 +0200] "GET / HTTP/1.1" 200 - "-" "Mozilla/5.0 AppleWebKit/537.36 (KHTML, like Gecko; compatible; GPTBot/1.2; +https://openai.com/gptbot)"
37.76.18.47 - - [07/Jun/2025:10:42:29 +0200] "GET /files/KHEM_4090_3javitott.doc HTTP/1.1" 200 200704 "-" "Mozilla/5.0 (Linux; Android 10; K) AppleWebKit/537.36 (KHTML, like Gecko) Chrome/137.0.0.0 Mobile Safari/537.36"
66.249.70.65 - - [07/Jun/2025:10:48:02 +0200] "GET /files/tnm_fmm_rendelet_mod_indokolas.pdf HTTP/1.1" 200 156771 "-" "Googlebot/2.1 (+http://www.google.com/bot.html)"
20.171.207.188 - - [07/Jun/2025:10:50:09 +0200] "GET /node HTTP/1.1" 200 - "-" "Mozilla/5.0 AppleWebKit/537.36 (KHTML, like Gecko; compatible; GPTBot/1.2; +https://openai.com/gptbot)"
