20.171.207.239 - - [05/Jun/2025:07:33:14 +0200] "GET /files/hm_rendelet_tervezet_allomany_melleklet.pdf HTTP/1.1" 200 150110 "-" "Mozilla/5.0 AppleWebKit/537.36 (KHTML, like Gecko; compatible; GPTBot/1.2; +https://openai.com/gptbot)"
20.171.207.239 - - [05/Jun/2025:07:33:16 +0200] "GET /files/termofold_igenybevetel_eloterjesztes.pdf HTTP/1.1" 200 211330 "-" "Mozilla/5.0 AppleWebKit/537.36 (KHTML, like Gecko; compatible; GPTBot/1.2; +https://openai.com/gptbot)"
20.171.207.239 - - [05/Jun/2025:07:33:18 +0200] "GET /files/309p10turizmustv0913.pdf HTTP/1.1" 200 281272 "-" "Mozilla/5.0 AppleWebKit/537.36 (KHTML, like Gecko; compatible; GPTBot/1.2; +https://openai.com/gptbot)"
20.171.207.239 - - [05/Jun/2025:07:33:50 +0200] "GET /files/ingatlan_nyilvantartas_tervezet_060524.pdf HTTP/1.1" 200 256545 "-" "Mozilla/5.0 AppleWebKit/537.36 (KHTML, like Gecko; compatible; GPTBot/1.2; +https://openai.com/gptbot)"
20.171.207.239 - - [05/Jun/2025:07:33:50 +0200] "GET / HTTP/1.1" 200 - "-" "Mozilla/5.0 AppleWebKit/537.36 (KHTML, like Gecko; compatible; GPTBot/1.2; +https://openai.com/gptbot)"
20.171.207.252 - - [05/Jun/2025:07:34:03 +0200] "GET /files/im_rendelet_a_cstv_szerinti.pdf HTTP/1.1" 200 66716 "-" "Mozilla/5.0 AppleWebKit/537.36 (KHTML, like Gecko; compatible; GPTBot/1.2; +https://openai.com/gptbot)"
20.171.207.239 - - [05/Jun/2025:07:34:21 +0200] "GET /files/sajatos_nevelesi_igenyu_gyerekek_060413.pdf HTTP/1.1" 200 379300 "-" "Mozilla/5.0 AppleWebKit/537.36 (KHTML, like Gecko; compatible; GPTBot/1.2; +https://openai.com/gptbot)"
20.171.207.239 - - [05/Jun/2025:07:34:49 +0200] "GET /files/6357.pdf HTTP/1.1" 200 253079 "-" "Mozilla/5.0 AppleWebKit/537.36 (KHTML, like Gecko; compatible; GPTBot/1.2; +https://openai.com/gptbot)"
20.171.207.252 - - [05/Jun/2025:07:34:59 +0200] "GET /files/4735.pdf HTTP/1.1" 200 190675 "-" "Mozilla/5.0 AppleWebKit/537.36 (KHTML, like Gecko; compatible; GPTBot/1.2; +https://openai.com/gptbot)"
20.171.207.239 - - [05/Jun/2025:07:35:14 +0200] "GET /files/fontos_es_bizalmas_munkakorok_060913.pdf HTTP/1.1" 200 114801 "-" "Mozilla/5.0 AppleWebKit/537.36 (KHTML, like Gecko; compatible; GPTBot/1.2; +https://openai.com/gptbot)"
20.171.207.239 - - [05/Jun/2025:07:35:38 +0200] "GET /files/erdoterv_rendelet_velemenyezesre.pdf HTTP/1.1" 200 474072 "-" "Mozilla/5.0 AppleWebKit/537.36 (KHTML, like Gecko; compatible; GPTBot/1.2; +https://openai.com/gptbot)"
20.171.207.239 - - [05/Jun/2025:07:35:59 +0200] "GET /files/rendeszeti_startegia_kormanyra_2007_11_20_vegleges.doc HTTP/1.1" 200 723968 "-" "Mozilla/5.0 AppleWebKit/537.36 (KHTML, like Gecko; compatible; GPTBot/1.2; +https://openai.com/gptbot)"
47.128.118.97 - - [05/Jun/2025:07:36:12 +0200] "GET /drupal/node/27 HTTP/1.1" 200 - "-" "Mozilla/5.0 (Linux; Android 5.0) AppleWebKit/537.36 (KHTML, like Gecko) Mobile Safari/537.36 (compatible; Bytespider; spider-feedback@bytedance.com)"
20.171.207.239 - - [05/Jun/2025:07:36:16 +0200] "GET /files/elelmezesi_rendelet_tervezet.pdf HTTP/1.1" 200 118824 "-" "Mozilla/5.0 AppleWebKit/537.36 (KHTML, like Gecko; compatible; GPTBot/1.2; +https://openai.com/gptbot)"
20.171.207.252 - - [05/Jun/2025:07:36:20 +0200] "GET / HTTP/1.1" 200 - "-" "Mozilla/5.0 AppleWebKit/537.36 (KHTML, like Gecko; compatible; GPTBot/1.2; +https://openai.com/gptbot)"
20.171.207.252 - - [05/Jun/2025:07:36:33 +0200] "GET /files/2_sz_melleklet_061031.pdf HTTP/1.1" 200 56446 "-" "Mozilla/5.0 AppleWebKit/537.36 (KHTML, like Gecko; compatible; GPTBot/1.2; +https://openai.com/gptbot)"
20.171.207.239 - - [05/Jun/2025:07:36:33 +0200] "GET /files/Minta_irattariterv_onkormanyzatoknak.pdf HTTP/1.1" 200 401745 "-" "Mozilla/5.0 AppleWebKit/537.36 (KHTML, like Gecko; compatible; GPTBot/1.2; +https://openai.com/gptbot)"
20.171.207.239 - - [05/Jun/2025:07:36:47 +0200] "GET /files/uj_OVSZ_KvVM_rend_kozigazgatasi_egyeztetes.pdf HTTP/1.1" 200 208836 "-" "Mozilla/5.0 AppleWebKit/537.36 (KHTML, like Gecko; compatible; GPTBot/1.2; +https://openai.com/gptbot)"
20.171.207.239 - - [05/Jun/2025:07:37:01 +0200] "GET /files/gyermek_gyamugy_eloterjesztes_061102.pdf HTTP/1.1" 200 181418 "-" "Mozilla/5.0 AppleWebKit/537.36 (KHTML, like Gecko; compatible; GPTBot/1.2; +https://openai.com/gptbot)"
20.171.207.239 - - [05/Jun/2025:07:37:13 +0200] "GET /files/alapf_muv_okt_kovet_060414.pdf HTTP/1.1" 200 86794 "-" "Mozilla/5.0 AppleWebKit/537.36 (KHTML, like Gecko; compatible; GPTBot/1.2; +https://openai.com/gptbot)"
216.244.66.200 - - [05/Jun/2025:07:37:23 +0200] "GET /files/polg%C3%A1riv%C3%A9delmijogszab%C3%A1lyokm%C3%B3dos%C3%ADt%C3%A1sa.pdf HTTP/1.1" 200 - "-" "Mozilla/5.0 (compatible; DotBot/1.2; +https://opensiteexplorer.org/dotbot; help@moz.com)"
20.171.207.239 - - [05/Jun/2025:07:37:24 +0200] "GET /files/2_sz_melleklet_061031.pdf HTTP/1.1" 200 56446 "-" "Mozilla/5.0 AppleWebKit/537.36 (KHTML, like Gecko; compatible; GPTBot/1.2; +https://openai.com/gptbot)"
20.171.207.239 - - [05/Jun/2025:07:37:34 +0200] "GET /files/normaszoveg_szakmapolra_01.27.doc HTTP/1.1" 200 113664 "-" "Mozilla/5.0 AppleWebKit/537.36 (KHTML, like Gecko; compatible; GPTBot/1.2; +https://openai.com/gptbot)"
20.171.207.252 - - [05/Jun/2025:07:37:38 +0200] "GET /files/tervezet_kozig_debreceni_nagyerdo.pdf HTTP/1.1" 200 123903 "-" "Mozilla/5.0 AppleWebKit/537.36 (KHTML, like Gecko; compatible; GPTBot/1.2; +https://openai.com/gptbot)"
20.171.207.239 - - [05/Jun/2025:07:37:45 +0200] "GET /files/A_Digitalis_Atallas_Strategiaja.pdf HTTP/1.1" 200 1129550 "-" "Mozilla/5.0 AppleWebKit/537.36 (KHTML, like Gecko; compatible; GPTBot/1.2; +https://openai.com/gptbot)"
20.171.207.239 - - [05/Jun/2025:07:38:20 +0200] "GET /favicon.ico HTTP/1.1" 404 57 "-" "Mozilla/5.0 AppleWebKit/537.36 (KHTML, like Gecko; compatible; GPTBot/1.2; +https://openai.com/gptbot)"
20.171.207.239 - - [05/Jun/2025:07:38:21 +0200] "GET / HTTP/1.1" 200 - "-" "Mozilla/5.0 AppleWebKit/537.36 (KHTML, like Gecko; compatible; GPTBot/1.2; +https://openai.com/gptbot)"
20.171.207.252 - - [05/Jun/2025:07:38:36 +0200] "GET /files/kozalk_terv_070806-1.pdf HTTP/1.1" 200 313855 "-" "Mozilla/5.0 AppleWebKit/537.36 (KHTML, like Gecko; compatible; GPTBot/1.2; +https://openai.com/gptbot)"
20.171.207.239 - - [05/Jun/2025:07:38:51 +0200] "GET /files/eloterjesztes_29_1993kormrend_mod.pdf HTTP/1.1" 200 181958 "-" "Mozilla/5.0 AppleWebKit/537.36 (KHTML, like Gecko; compatible; GPTBot/1.2; +https://openai.com/gptbot)"
20.171.207.239 - - [05/Jun/2025:07:39:23 +0200] "GET /files/alapf_muv_okt_kovet_III_060414.pdf HTTP/1.1" 200 252060 "-" "Mozilla/5.0 AppleWebKit/537.36 (KHTML, like Gecko; compatible; GPTBot/1.2; +https://openai.com/gptbot)"
20.171.207.252 - - [05/Jun/2025:07:39:32 +0200] "GET /files/szvk_mell_terv_090804.pdf HTTP/1.1" 200 3057361 "-" "Mozilla/5.0 AppleWebKit/537.36 (KHTML, like Gecko; compatible; GPTBot/1.2; +https://openai.com/gptbot)"
20.171.207.239 - - [05/Jun/2025:07:39:54 +0200] "GET /files/22-1996-mod-kozigre.pdf HTTP/1.1" 200 966507 "-" "Mozilla/5.0 AppleWebKit/537.36 (KHTML, like Gecko; compatible; GPTBot/1.2; +https://openai.com/gptbot)"
47.128.51.250 - - [05/Jun/2025:07:40:12 +0200] "GET /drupal/node/384 HTTP/1.1" 200 - "-" "Mozilla/5.0 (Linux; Android 5.0) AppleWebKit/537.36 (KHTML, like Gecko) Mobile Safari/537.36 (compatible; Bytespider; spider-feedback@bytedance.com)"
20.171.207.252 - - [05/Jun/2025:07:40:16 +0200] "GET /files/tervezet_13-2001-mod_novenyfajok_kozig.pdf HTTP/1.1" 200 169563 "-" "Mozilla/5.0 AppleWebKit/537.36 (KHTML, like Gecko; compatible; GPTBot/1.2; +https://openai.com/gptbot)"
20.171.207.239 - - [05/Jun/2025:07:40:19 +0200] "GET /files/253-1997-korm-rend.pdf HTTP/1.1" 200 363328 "-" "Mozilla/5.0 AppleWebKit/537.36 (KHTML, like Gecko; compatible; GPTBot/1.2; +https://openai.com/gptbot)"
20.171.207.239 - - [05/Jun/2025:07:40:42 +0200] "GET /files/lakasrend_terv_070712.pdf HTTP/1.1" 200 235470 "-" "Mozilla/5.0 AppleWebKit/537.36 (KHTML, like Gecko; compatible; GPTBot/1.2; +https://openai.com/gptbot)"
20.171.207.252 - - [05/Jun/2025:07:41:00 +0200] "GET /files/47343.pdf HTTP/1.1" 200 445277 "-" "Mozilla/5.0 AppleWebKit/537.36 (KHTML, like Gecko; compatible; GPTBot/1.2; +https://openai.com/gptbot)"
20.171.207.239 - - [05/Jun/2025:07:41:04 +0200] "GET /files/tnyr_eloterj_061204.pdf HTTP/1.1" 200 463625 "-" "Mozilla/5.0 AppleWebKit/537.36 (KHTML, like Gecko; compatible; GPTBot/1.2; +https://openai.com/gptbot)"
20.171.207.239 - - [05/Jun/2025:07:41:22 +0200] "GET /files/utazasi_uj_korm_rend__0805.pdf HTTP/1.1" 200 237669 "-" "Mozilla/5.0 AppleWebKit/537.36 (KHTML, like Gecko; compatible; GPTBot/1.2; +https://openai.com/gptbot)"
20.171.207.252 - - [05/Jun/2025:07:41:36 +0200] "GET /files/kozut_kozl.35_2000_bmr_egt.doc HTTP/1.1" 200 608768 "-" "Mozilla/5.0 AppleWebKit/537.36 (KHTML, like Gecko; compatible; GPTBot/1.2; +https://openai.com/gptbot)"
20.171.207.239 - - [05/Jun/2025:07:41:39 +0200] "GET /files/_aedt62qrbg9o6ast1ei176gide9imsp1i60o3c_.pdf HTTP/1.1" 200 61992 "-" "Mozilla/5.0 AppleWebKit/537.36 (KHTML, like Gecko; compatible; GPTBot/1.2; +https://openai.com/gptbot)"
20.171.207.239 - - [05/Jun/2025:07:41:56 +0200] "GET /files/orszszi_terv_070530.pdf HTTP/1.1" 200 478463 "-" "Mozilla/5.0 AppleWebKit/537.36 (KHTML, like Gecko; compatible; GPTBot/1.2; +https://openai.com/gptbot)"
20.171.207.239 - - [05/Jun/2025:07:42:09 +0200] "GET /files/esely_terv_081223.pdf HTTP/1.1" 200 204785 "-" "Mozilla/5.0 AppleWebKit/537.36 (KHTML, like Gecko; compatible; GPTBot/1.2; +https://openai.com/gptbot)"
20.171.207.252 - - [05/Jun/2025:07:42:10 +0200] "GET /files/kollegium_terv_090922.pdf HTTP/1.1" 200 191630 "-" "Mozilla/5.0 AppleWebKit/537.36 (KHTML, like Gecko; compatible; GPTBot/1.2; +https://openai.com/gptbot)"
20.171.207.239 - - [05/Jun/2025:07:42:22 +0200] "GET /files/tervezet_brucellozis_12.06.pdf HTTP/1.1" 200 280251 "-" "Mozilla/5.0 AppleWebKit/537.36 (KHTML, like Gecko; compatible; GPTBot/1.2; +https://openai.com/gptbot)"
20.171.207.239 - - [05/Jun/2025:07:42:33 +0200] "GET /files/3R106_2.pdf HTTP/1.1" 200 283007 "-" "Mozilla/5.0 AppleWebKit/537.36 (KHTML, like Gecko; compatible; GPTBot/1.2; +https://openai.com/gptbot)"
20.171.207.252 - - [05/Jun/2025:07:42:42 +0200] "GET /files/alapf_muv_okt_kovet_II_060414.pdf HTTP/1.1" 200 584355 "-" "Mozilla/5.0 AppleWebKit/537.36 (KHTML, like Gecko; compatible; GPTBot/1.2; +https://openai.com/gptbot)"
20.171.207.239 - - [05/Jun/2025:07:42:50 +0200] "GET /files/az_uj_ptk_koncepcioja.pdf HTTP/1.1" 200 169125 "-" "Mozilla/5.0 AppleWebKit/537.36 (KHTML, like Gecko; compatible; GPTBot/1.2; +https://openai.com/gptbot)"
20.171.207.239 - - [05/Jun/2025:07:42:53 +0200] "GET /files/kozoktatas_20_1997_korm_rend_mod_06_02_13.pdf HTTP/1.1" 200 284315 "-" "Mozilla/5.0 AppleWebKit/537.36 (KHTML, like Gecko; compatible; GPTBot/1.2; +https://openai.com/gptbot)"
20.171.207.239 - - [05/Jun/2025:07:43:00 +0200] "GET /files/1128_neh_zf_mes_11.14.doc HTTP/1.1" 200 709120 "-" "Mozilla/5.0 AppleWebKit/537.36 (KHTML, like Gecko; compatible; GPTBot/1.2; +https://openai.com/gptbot)"
20.171.207.239 - - [05/Jun/2025:07:43:08 +0200] "GET /files/apolas_terv_070516.pdf HTTP/1.1" 200 480585 "-" "Mozilla/5.0 AppleWebKit/537.36 (KHTML, like Gecko; compatible; GPTBot/1.2; +https://openai.com/gptbot)"
20.171.207.239 - - [05/Jun/2025:07:43:12 +0200] "GET /files/lakrendmod_javaslat_indokolas_200709251.pdf HTTP/1.1" 200 122804 "-" "Mozilla/5.0 AppleWebKit/537.36 (KHTML, like Gecko; compatible; GPTBot/1.2; +https://openai.com/gptbot)"
20.171.207.239 - - [05/Jun/2025:07:43:19 +0200] "GET /files/vizsgahely_terv_071001.pdf HTTP/1.1" 200 122898 "-" "Mozilla/5.0 AppleWebKit/537.36 (KHTML, like Gecko; compatible; GPTBot/1.2; +https://openai.com/gptbot)"
20.171.207.239 - - [05/Jun/2025:07:43:25 +0200] "GET /files/alapf_muv_okt_kovet_V_060414.pdf HTTP/1.1" 200 254858 "-" "Mozilla/5.0 AppleWebKit/537.36 (KHTML, like Gecko; compatible; GPTBot/1.2; +https://openai.com/gptbot)"
20.171.207.252 - - [05/Jun/2025:07:43:37 +0200] "GET /files/tervezet_szocialis_juttatas.pdf HTTP/1.1" 200 217753 "-" "Mozilla/5.0 AppleWebKit/537.36 (KHTML, like Gecko; compatible; GPTBot/1.2; +https://openai.com/gptbot)"
20.171.207.252 - - [05/Jun/2025:07:43:38 +0200] "GET /archivarix.cms.php HTTP/1.1" 200 - "-" "Mozilla/5.0 AppleWebKit/537.36 (KHTML, like Gecko; compatible; GPTBot/1.2; +https://openai.com/gptbot)"
20.171.207.239 - - [05/Jun/2025:07:43:59 +0200] "GET / HTTP/1.1" 200 - "-" "Mozilla/5.0 AppleWebKit/537.36 (KHTML, like Gecko; compatible; GPTBot/1.2; +https://openai.com/gptbot)"
20.171.207.239 - - [05/Jun/2025:07:44:05 +0200] "GET /files/korm_rendelet_tervezet_egeszsegugyi_ellatas.pdf HTTP/1.1" 200 162983 "-" "Mozilla/5.0 AppleWebKit/537.36 (KHTML, like Gecko; compatible; GPTBot/1.2; +https://openai.com/gptbot)"
47.128.116.119 - - [05/Jun/2025:07:44:12 +0200] "GET /drupal/node/385 HTTP/1.1" 200 - "-" "Mozilla/5.0 (Linux; Android 5.0) AppleWebKit/537.36 (KHTML, like Gecko) Mobile Safari/537.36 (compatible; Bytespider; spider-feedback@bytedance.com)"
20.171.207.252 - - [05/Jun/2025:07:44:48 +0200] "GET /files/1211_7.pdf HTTP/1.1" 200 158061 "-" "Mozilla/5.0 AppleWebKit/537.36 (KHTML, like Gecko; compatible; GPTBot/1.2; +https://openai.com/gptbot)"
20.171.207.239 - - [05/Jun/2025:07:44:48 +0200] "GET /files/hm_rendelet_terevezet_etkezesi_utalvany.pdf HTTP/1.1" 200 116684 "-" "Mozilla/5.0 AppleWebKit/537.36 (KHTML, like Gecko; compatible; GPTBot/1.2; +https://openai.com/gptbot)"
20.171.207.239 - - [05/Jun/2025:07:45:29 +0200] "GET /post-a-job/ HTTP/1.1" 200 - "-" "Mozilla/5.0 AppleWebKit/537.36 (KHTML, like Gecko; compatible; GPTBot/1.2; +https://openai.com/gptbot)"
20.171.207.239 - - [05/Jun/2025:07:45:29 +0200] "GET /files/kormrendeletek_terv_070720.pdf HTTP/1.1" 200 383479 "-" "Mozilla/5.0 AppleWebKit/537.36 (KHTML, like Gecko; compatible; GPTBot/1.2; +https://openai.com/gptbot)"
20.171.207.252 - - [05/Jun/2025:07:45:39 +0200] "GET /files/sni_terv_091112.pdf HTTP/1.1" 200 503667 "-" "Mozilla/5.0 AppleWebKit/537.36 (KHTML, like Gecko; compatible; GPTBot/1.2; +https://openai.com/gptbot)"
20.171.207.252 - - [05/Jun/2025:07:46:29 +0200] "GET /files/b_3327_muemlek_061129.pdf HTTP/1.1" 200 484555 "-" "Mozilla/5.0 AppleWebKit/537.36 (KHTML, like Gecko; compatible; GPTBot/1.2; +https://openai.com/gptbot)"
20.171.207.239 - - [05/Jun/2025:07:46:31 +0200] "GET /files/mediacios_rendelkezesek_a_be_-ben_indokolas.pdf HTTP/1.1" 200 82373 "-" "Mozilla/5.0 AppleWebKit/537.36 (KHTML, like Gecko; compatible; GPTBot/1.2; +https://openai.com/gptbot)"
20.171.207.252 - - [05/Jun/2025:07:47:16 +0200] "GET /files/3130_kepz_kot_070124.pdf HTTP/1.1" 200 145786 "-" "Mozilla/5.0 AppleWebKit/537.36 (KHTML, like Gecko; compatible; GPTBot/1.2; +https://openai.com/gptbot)"
20.171.207.239 - - [05/Jun/2025:07:47:29 +0200] "GET /files/hm_rendelet_tervezet_katonai_szolgalati_viszony_meltatlansag.pdf HTTP/1.1" 200 135073 "-" "Mozilla/5.0 AppleWebKit/537.36 (KHTML, like Gecko; compatible; GPTBot/1.2; +https://openai.com/gptbot)"
20.171.207.252 - - [05/Jun/2025:07:48:06 +0200] "GET /files/kozig-egyezt-eloterj.pdf HTTP/1.1" 200 3811976 "-" "Mozilla/5.0 AppleWebKit/537.36 (KHTML, like Gecko; compatible; GPTBot/1.2; +https://openai.com/gptbot)"
20.171.207.239 - - [05/Jun/2025:07:48:18 +0200] "GET /files/hmrend_tervezet_mh_legvedelmi_keszenleti_repuleseirol.pdf HTTP/1.1" 200 114953 "-" "Mozilla/5.0 AppleWebKit/537.36 (KHTML, like Gecko; compatible; GPTBot/1.2; +https://openai.com/gptbot)"
20.171.207.252 - - [05/Jun/2025:07:48:40 +0200] "GET /files/8330-6.doc HTTP/1.1" 200 2736128 "-" "Mozilla/5.0 AppleWebKit/537.36 (KHTML, like Gecko; compatible; GPTBot/1.2; +https://openai.com/gptbot)"
20.171.207.239 - - [05/Jun/2025:07:49:04 +0200] "GET /files/mh_beosztasi_kategoriaba_besorolas_rendfokozat.pdf HTTP/1.1" 200 103785 "-" "Mozilla/5.0 AppleWebKit/537.36 (KHTML, like Gecko; compatible; GPTBot/1.2; +https://openai.com/gptbot)"
20.171.207.252 - - [05/Jun/2025:07:49:41 +0200] "GET / HTTP/1.1" 200 - "-" "Mozilla/5.0 AppleWebKit/537.36 (KHTML, like Gecko; compatible; GPTBot/1.2; +https://openai.com/gptbot)"
20.171.207.239 - - [05/Jun/2025:07:49:45 +0200] "GET /files/a_jogszabalyok_elokesziteseben_valo_tarsadalmi_reszvetelrol.pdf HTTP/1.1" 200 276710 "-" "Mozilla/5.0 AppleWebKit/537.36 (KHTML, like Gecko; compatible; GPTBot/1.2; +https://openai.com/gptbot)"
20.171.207.252 - - [05/Jun/2025:07:50:11 +0200] "GET /node/1029 HTTP/1.1" 200 - "-" "Mozilla/5.0 AppleWebKit/537.36 (KHTML, like Gecko; compatible; GPTBot/1.2; +https://openai.com/gptbot)"
20.171.207.239 - - [05/Jun/2025:07:50:20 +0200] "GET /files/masolat_adasa_a_buntetoeljaras_irataibol.doc HTTP/1.1" 200 27136 "-" "Mozilla/5.0 AppleWebKit/537.36 (KHTML, like Gecko; compatible; GPTBot/1.2; +https://openai.com/gptbot)"
20.171.207.239 - - [05/Jun/2025:07:50:54 +0200] "GET /files/hm_rendelet_tervezet_kulszolgalat_jogallas.pdf HTTP/1.1" 200 168538 "-" "Mozilla/5.0 AppleWebKit/537.36 (KHTML, like Gecko; compatible; GPTBot/1.2; +https://openai.com/gptbot)"
20.171.207.252 - - [05/Jun/2025:07:51:17 +0200] "GET /node/2525 HTTP/1.1" 200 - "-" "Mozilla/5.0 AppleWebKit/537.36 (KHTML, like Gecko; compatible; GPTBot/1.2; +https://openai.com/gptbot)"
20.171.207.239 - - [05/Jun/2025:07:51:24 +0200] "GET /files/rendelet_szolg._szab._modositas_januar.pdf HTTP/1.1" 200 254261 "-" "Mozilla/5.0 AppleWebKit/537.36 (KHTML, like Gecko; compatible; GPTBot/1.2; +https://openai.com/gptbot)"
47.128.59.158 - - [05/Jun/2025:07:51:42 +0200] "GET /robots.txt HTTP/1.1" 200 1590 "-" "Mozilla/5.0 (Linux; Android 5.0) AppleWebKit/537.36 (KHTML, like Gecko) Mobile Safari/537.36 (compatible; Bytespider; spider-feedback@bytedance.com)"
20.171.207.239 - - [05/Jun/2025:07:51:50 +0200] "GET /files/hm_bm_pm_tervezet_2006_marcius_internetre.pdf HTTP/1.1" 200 410700 "-" "Mozilla/5.0 AppleWebKit/537.36 (KHTML, like Gecko; compatible; GPTBot/1.2; +https://openai.com/gptbot)"
20.171.207.239 - - [05/Jun/2025:07:52:13 +0200] "GET /files/katonak_illetmenyerol_es_illetmenyjellegu_juttatasairol_tervezet.pdf HTTP/1.1" 200 166093 "-" "Mozilla/5.0 AppleWebKit/537.36 (KHTML, like Gecko; compatible; GPTBot/1.2; +https://openai.com/gptbot)"
20.171.207.252 - - [05/Jun/2025:07:52:17 +0200] "GET /post-a-job/ HTTP/1.1" 200 - "-" "Mozilla/5.0 AppleWebKit/537.36 (KHTML, like Gecko; compatible; GPTBot/1.2; +https://openai.com/gptbot)"
20.171.207.239 - - [05/Jun/2025:07:52:34 +0200] "GET /files/fogyasztovedelmi_jogszabalyok_alkalmazasaer_0.pdf HTTP/1.1" 200 60858 "-" "Mozilla/5.0 AppleWebKit/537.36 (KHTML, like Gecko; compatible; GPTBot/1.2; +https://openai.com/gptbot)"
20.171.207.252 - - [05/Jun/2025:07:52:48 +0200] "GET /files/hm_rendelet_tervezet_oltozkodesi_szabalyzat_modositas.pdf HTTP/1.1" 200 207416 "-" "Mozilla/5.0 AppleWebKit/537.36 (KHTML, like Gecko; compatible; GPTBot/1.2; +https://openai.com/gptbot)"
20.171.207.239 - - [05/Jun/2025:07:53:24 +0200] "GET / HTTP/1.1" 200 - "-" "Mozilla/5.0 AppleWebKit/537.36 (KHTML, like Gecko; compatible; GPTBot/1.2; +https://openai.com/gptbot)"
20.171.207.252 - - [05/Jun/2025:07:53:52 +0200] "GET /files/katonai_beosztasok_rendelet_melleklet_tervezet.pdf HTTP/1.1" 200 183837 "-" "Mozilla/5.0 AppleWebKit/537.36 (KHTML, like Gecko; compatible; GPTBot/1.2; +https://openai.com/gptbot)"
20.171.207.239 - - [05/Jun/2025:07:53:54 +0200] "GET /wp-content/uploads/levoslideshow/1_uploadfolder/big/ HTTP/1.1" 200 - "-" "Mozilla/5.0 AppleWebKit/537.36 (KHTML, like Gecko; compatible; GPTBot/1.2; +https://openai.com/gptbot)"
20.171.207.239 - - [05/Jun/2025:07:54:20 +0200] "GET /files/26_2007_hmr_mod_tervezet_devizaellatmanyarol.pdf HTTP/1.1" 200 104842 "-" "Mozilla/5.0 AppleWebKit/537.36 (KHTML, like Gecko; compatible; GPTBot/1.2; +https://openai.com/gptbot)"
20.171.207.252 - - [05/Jun/2025:07:55:17 +0200] "GET /wp-content/uploads/levoslideshow/1_uploadfolder/big/ HTTP/1.1" 200 - "-" "Mozilla/5.0 AppleWebKit/537.36 (KHTML, like Gecko; compatible; GPTBot/1.2; +https://openai.com/gptbot)"
20.171.207.239 - - [05/Jun/2025:07:55:19 +0200] "GET /robots.txt HTTP/1.1" 200 1590 "-" "Mozilla/5.0 AppleWebKit/537.36 (KHTML, like Gecko; compatible; GPTBot/1.2; +https://openai.com/gptbot)"
20.171.207.252 - - [05/Jun/2025:07:55:38 +0200] "GET /files/nem_uzleti_eloterj_4_rendelet_szovege_061129.pdf HTTP/1.1" 200 170409 "-" "Mozilla/5.0 AppleWebKit/537.36 (KHTML, like Gecko; compatible; GPTBot/1.2; +https://openai.com/gptbot)"
20.171.207.239 - - [05/Jun/2025:07:56:18 +0200] "GET /files/penzmosas_eloterjesztes_kozzetetel.doc HTTP/1.1" 200 510464 "-" "Mozilla/5.0 AppleWebKit/537.36 (KHTML, like Gecko; compatible; GPTBot/1.2; +https://openai.com/gptbot)"
20.171.207.252 - - [05/Jun/2025:07:57:13 +0200] "GET /drupal/files/korkedv_minrend_terv_070626.pdf HTTP/1.1" 200 - "-" "Mozilla/5.0 AppleWebKit/537.36 (KHTML, like Gecko; compatible; GPTBot/1.2; +https://openai.com/gptbot)"
20.171.207.252 - - [05/Jun/2025:07:57:38 +0200] "GET /robots.txt HTTP/1.1" 200 1590 "-" "Mozilla/5.0 AppleWebKit/537.36 (KHTML, like Gecko; compatible; GPTBot/1.2; +https://openai.com/gptbot)"
20.171.207.239 - - [05/Jun/2025:07:57:39 +0200] "GET /node/1900 HTTP/1.1" 200 - "-" "Mozilla/5.0 AppleWebKit/537.36 (KHTML, like Gecko; compatible; GPTBot/1.2; +https://openai.com/gptbot)"
20.171.207.239 - - [05/Jun/2025:07:58:26 +0200] "GET /node/1010 HTTP/1.1" 200 - "-" "Mozilla/5.0 AppleWebKit/537.36 (KHTML, like Gecko; compatible; GPTBot/1.2; +https://openai.com/gptbot)"
20.171.207.252 - - [05/Jun/2025:07:59:14 +0200] "GET /drupal/node/1273 HTTP/1.1" 200 - "-" "Mozilla/5.0 AppleWebKit/537.36 (KHTML, like Gecko; compatible; GPTBot/1.2; +https://openai.com/gptbot)"
20.171.207.239 - - [05/Jun/2025:07:59:30 +0200] "GET /node/1014 HTTP/1.1" 200 - "-" "Mozilla/5.0 AppleWebKit/537.36 (KHTML, like Gecko; compatible; GPTBot/1.2; +https://openai.com/gptbot)"
216.244.66.200 - - [05/Jun/2025:07:59:34 +0200] "GET /robots.txt HTTP/1.1" 200 1590 "-" "Mozilla/5.0 (compatible; DotBot/1.2; +https://opensiteexplorer.org/dotbot; help@moz.com)"
20.171.207.252 - - [05/Jun/2025:08:00:13 +0200] "GET /node/1031 HTTP/1.1" 200 - "-" "Mozilla/5.0 AppleWebKit/537.36 (KHTML, like Gecko; compatible; GPTBot/1.2; +https://openai.com/gptbot)"
20.171.207.239 - - [05/Jun/2025:08:00:31 +0200] "GET /node/1816 HTTP/1.1" 200 - "-" "Mozilla/5.0 AppleWebKit/537.36 (KHTML, like Gecko; compatible; GPTBot/1.2; +https://openai.com/gptbot)"
20.171.207.252 - - [05/Jun/2025:08:01:18 +0200] "GET /node/1015 HTTP/1.1" 200 - "-" "Mozilla/5.0 AppleWebKit/537.36 (KHTML, like Gecko; compatible; GPTBot/1.2; +https://openai.com/gptbot)"
20.171.207.239 - - [05/Jun/2025:08:01:34 +0200] "GET /node/2472 HTTP/1.1" 200 - "-" "Mozilla/5.0 AppleWebKit/537.36 (KHTML, like Gecko; compatible; GPTBot/1.2; +https://openai.com/gptbot)"
20.171.207.252 - - [05/Jun/2025:08:02:20 +0200] "GET /node/2377 HTTP/1.1" 200 - "-" "Mozilla/5.0 AppleWebKit/537.36 (KHTML, like Gecko; compatible; GPTBot/1.2; +https://openai.com/gptbot)"
20.171.207.239 - - [05/Jun/2025:08:02:36 +0200] "GET /node/1040 HTTP/1.1" 200 - "-" "Mozilla/5.0 AppleWebKit/537.36 (KHTML, like Gecko; compatible; GPTBot/1.2; +https://openai.com/gptbot)"
20.171.207.252 - - [05/Jun/2025:08:03:24 +0200] "GET /node/1017 HTTP/1.1" 200 - "-" "Mozilla/5.0 AppleWebKit/537.36 (KHTML, like Gecko; compatible; GPTBot/1.2; +https://openai.com/gptbot)"
20.171.207.239 - - [05/Jun/2025:08:03:38 +0200] "GET /node/2585 HTTP/1.1" 200 - "-" "Mozilla/5.0 AppleWebKit/537.36 (KHTML, like Gecko; compatible; GPTBot/1.2; +https://openai.com/gptbot)"
20.171.207.252 - - [05/Jun/2025:08:04:28 +0200] "GET /node/2101 HTTP/1.1" 200 - "-" "Mozilla/5.0 AppleWebKit/537.36 (KHTML, like Gecko; compatible; GPTBot/1.2; +https://openai.com/gptbot)"
20.171.207.239 - - [05/Jun/2025:08:04:42 +0200] "GET / HTTP/1.1" 200 - "-" "Mozilla/5.0 AppleWebKit/537.36 (KHTML, like Gecko; compatible; GPTBot/1.2; +https://openai.com/gptbot)"
20.171.207.239 - - [05/Jun/2025:08:05:13 +0200] "GET /files/hadkotelesek_hm_eum_rendelet_tervezet_melleklet.pdf HTTP/1.1" 200 713160 "-" "Mozilla/5.0 AppleWebKit/537.36 (KHTML, like Gecko; compatible; GPTBot/1.2; +https://openai.com/gptbot)"
20.171.207.252 - - [05/Jun/2025:08:05:28 +0200] "GET /node/2553 HTTP/1.1" 200 - "-" "Mozilla/5.0 AppleWebKit/537.36 (KHTML, like Gecko; compatible; GPTBot/1.2; +https://openai.com/gptbot)"
20.171.207.252 - - [05/Jun/2025:08:06:33 +0200] "GET /node/2525 HTTP/1.1" 200 - "-" "Mozilla/5.0 AppleWebKit/537.36 (KHTML, like Gecko; compatible; GPTBot/1.2; +https://openai.com/gptbot)"
20.171.207.239 - - [05/Jun/2025:08:06:46 +0200] "GET /node/1551 HTTP/1.1" 200 - "-" "Mozilla/5.0 AppleWebKit/537.36 (KHTML, like Gecko; compatible; GPTBot/1.2; +https://openai.com/gptbot)"
188.6.161.48 - - [05/Jun/2025:08:07:25 +0200] "GET /files/tamszolg_terv_080630.pdf HTTP/1.1" 200 245872 "https://www.google.com/" "Mozilla/5.0 (Windows NT 10.0; Win64; x64; rv:139.0) Gecko/20100101 Firefox/139.0"
20.171.207.252 - - [05/Jun/2025:08:07:33 +0200] "GET /node/1158 HTTP/1.1" 200 - "-" "Mozilla/5.0 AppleWebKit/537.36 (KHTML, like Gecko; compatible; GPTBot/1.2; +https://openai.com/gptbot)"
20.171.207.239 - - [05/Jun/2025:08:07:44 +0200] "GET /node/1021 HTTP/1.1" 200 - "-" "Mozilla/5.0 AppleWebKit/537.36 (KHTML, like Gecko; compatible; GPTBot/1.2; +https://openai.com/gptbot)"
20.171.207.252 - - [05/Jun/2025:08:08:37 +0200] "GET / HTTP/1.1" 200 - "-" "Mozilla/5.0 AppleWebKit/537.36 (KHTML, like Gecko; compatible; GPTBot/1.2; +https://openai.com/gptbot)"
20.171.207.239 - - [05/Jun/2025:08:08:46 +0200] "GET /node/1213 HTTP/1.1" 200 - "-" "Mozilla/5.0 AppleWebKit/537.36 (KHTML, like Gecko; compatible; GPTBot/1.2; +https://openai.com/gptbot)"
20.171.207.252 - - [05/Jun/2025:08:09:13 +0200] "GET /files/elelmisz_bizt_hatfelugy_tv_eloterj.pdf HTTP/1.1" 200 481719 "-" "Mozilla/5.0 AppleWebKit/537.36 (KHTML, like Gecko; compatible; GPTBot/1.2; +https://openai.com/gptbot)"
20.171.207.239 - - [05/Jun/2025:08:09:51 +0200] "GET /node/1761 HTTP/1.1" 200 - "-" "Mozilla/5.0 AppleWebKit/537.36 (KHTML, like Gecko; compatible; GPTBot/1.2; +https://openai.com/gptbot)"
20.171.207.252 - - [05/Jun/2025:08:10:18 +0200] "GET /files/29_1998_mezoori_modositas_velemenyezesre.pdf HTTP/1.1" 200 232196 "-" "Mozilla/5.0 AppleWebKit/537.36 (KHTML, like Gecko; compatible; GPTBot/1.2; +https://openai.com/gptbot)"
20.171.207.239 - - [05/Jun/2025:08:10:56 +0200] "GET /node/2521 HTTP/1.1" 200 - "-" "Mozilla/5.0 AppleWebKit/537.36 (KHTML, like Gecko; compatible; GPTBot/1.2; +https://openai.com/gptbot)"
20.171.207.252 - - [05/Jun/2025:08:11:13 +0200] "GET /files/tervezesi_eloirasok_om_r_allig_egy_060310.pdf HTTP/1.1" 200 113494 "-" "Mozilla/5.0 AppleWebKit/537.36 (KHTML, like Gecko; compatible; GPTBot/1.2; +https://openai.com/gptbot)"
188.6.161.48 - - [05/Jun/2025:08:11:55 +0200] "GET /files/tamszolg_terv_080630.pdf HTTP/1.1" 200 245872 "https://www.google.com/" "Mozilla/5.0 (Windows NT 10.0; Win64; x64; rv:139.0) Gecko/20100101 Firefox/139.0"
20.171.207.239 - - [05/Jun/2025:08:11:59 +0200] "GET /node/2439 HTTP/1.1" 200 - "-" "Mozilla/5.0 AppleWebKit/537.36 (KHTML, like Gecko; compatible; GPTBot/1.2; +https://openai.com/gptbot)"
20.171.207.252 - - [05/Jun/2025:08:12:03 +0200] "GET /files/abaujkeri_aranyosvolgy_tervezet_kozig.pdf HTTP/1.1" 200 189906 "-" "Mozilla/5.0 AppleWebKit/537.36 (KHTML, like Gecko; compatible; GPTBot/1.2; +https://openai.com/gptbot)"
20.171.207.252 - - [05/Jun/2025:08:12:48 +0200] "GET /files/a_magyar-ukran_kishatarforgalom_szabalyozasarol_szolo_megallapodas_kihirdeteserol_szolo_torvenyrol_keszult_kormany-eloterjesztes.doc HTTP/1.1" 200 778240 "-" "Mozilla/5.0 AppleWebKit/537.36 (KHTML, like Gecko; compatible; GPTBot/1.2; +https://openai.com/gptbot)"
20.171.207.239 - - [05/Jun/2025:08:13:00 +0200] "GET /node/1038 HTTP/1.1" 200 - "-" "Mozilla/5.0 AppleWebKit/537.36 (KHTML, like Gecko; compatible; GPTBot/1.2; +https://openai.com/gptbot)"
20.171.207.252 - - [05/Jun/2025:08:13:30 +0200] "GET /files/gyermek_gyamugy_vezetoi_osszefoglalo_061102.pdf HTTP/1.1" 200 148139 "-" "Mozilla/5.0 AppleWebKit/537.36 (KHTML, like Gecko; compatible; GPTBot/1.2; +https://openai.com/gptbot)"
20.171.207.239 - - [05/Jun/2025:08:13:33 +0200] "GET /files/eloterjesztes_szakmapol_utan_atdolgozott_090410.doc HTTP/1.1" 200 753152 "-" "Mozilla/5.0 AppleWebKit/537.36 (KHTML, like Gecko; compatible; GPTBot/1.2; +https://openai.com/gptbot)"
20.171.207.252 - - [05/Jun/2025:08:14:39 +0200] "GET /drupal/node/1448 HTTP/1.1" 200 - "-" "Mozilla/5.0 AppleWebKit/537.36 (KHTML, like Gecko; compatible; GPTBot/1.2; +https://openai.com/gptbot)"
20.171.207.252 - - [05/Jun/2025:08:14:43 +0200] "GET /files/hmrendelet_tervezet_honvedsegi_jarmuvek_fenntartasa.doc HTTP/1.1" 200 206848 "-" "Mozilla/5.0 AppleWebKit/537.36 (KHTML, like Gecko; compatible; GPTBot/1.2; +https://openai.com/gptbot)"
20.171.207.239 - - [05/Jun/2025:08:15:03 +0200] "GET /node/1004 HTTP/1.1" 200 - "-" "Mozilla/5.0 AppleWebKit/537.36 (KHTML, like Gecko; compatible; GPTBot/1.2; +https://openai.com/gptbot)"
20.171.207.239 - - [05/Jun/2025:08:15:57 +0200] "GET / HTTP/1.1" 200 - "-" "Mozilla/5.0 AppleWebKit/537.36 (KHTML, like Gecko; compatible; GPTBot/1.2; +https://openai.com/gptbot)"
20.171.207.252 - - [05/Jun/2025:08:16:14 +0200] "GET /archivarix.cms.php HTTP/1.1" 200 - "-" "Mozilla/5.0 AppleWebKit/537.36 (KHTML, like Gecko; compatible; GPTBot/1.2; +https://openai.com/gptbot)"
20.171.207.239 - - [05/Jun/2025:08:16:29 +0200] "GET /files/filmrend_terv_070713.pdf HTTP/1.1" 200 467476 "-" "Mozilla/5.0 AppleWebKit/537.36 (KHTML, like Gecko; compatible; GPTBot/1.2; +https://openai.com/gptbot)"
20.171.207.252 - - [05/Jun/2025:08:16:39 +0200] "GET /files/irm_hm_ptnm_egyuttes_rendelet_tervezt_legifelvetel.pdf HTTP/1.1" 200 92832 "-" "Mozilla/5.0 AppleWebKit/537.36 (KHTML, like Gecko; compatible; GPTBot/1.2; +https://openai.com/gptbot)"
20.171.207.239 - - [05/Jun/2025:08:17:32 +0200] "GET /files/monitoring_terv_080619.pdf HTTP/1.1" 200 197186 "-" "Mozilla/5.0 AppleWebKit/537.36 (KHTML, like Gecko; compatible; GPTBot/1.2; +https://openai.com/gptbot)"
20.171.207.252 - - [05/Jun/2025:08:18:11 +0200] "GET / HTTP/1.1" 200 - "-" "Mozilla/5.0 AppleWebKit/537.36 (KHTML, like Gecko; compatible; GPTBot/1.2; +https://openai.com/gptbot)"
20.171.207.239 - - [05/Jun/2025:08:18:28 +0200] "GET /files/hm_rendelet_tervezet_szolgalati_viszony_mod.pdf HTTP/1.1" 200 139827 "-" "Mozilla/5.0 AppleWebKit/537.36 (KHTML, like Gecko; compatible; GPTBot/1.2; +https://openai.com/gptbot)"
20.171.207.252 - - [05/Jun/2025:08:18:37 +0200] "GET /files/2007_bgok_vedelem_aloli_feloldasa_tervezet.pdf HTTP/1.1" 200 153599 "-" "Mozilla/5.0 AppleWebKit/537.36 (KHTML, like Gecko; compatible; GPTBot/1.2; +https://openai.com/gptbot)"
20.171.207.239 - - [05/Jun/2025:08:19:22 +0200] "GET /files/rend_mintavetel.nyilv.tart._szab.rendelet_honlapra.doc HTTP/1.1" 200 1495552 "-" "Mozilla/5.0 AppleWebKit/537.36 (KHTML, like Gecko; compatible; GPTBot/1.2; +https://openai.com/gptbot)"
20.171.207.239 - - [05/Jun/2025:08:20:06 +0200] "GET /files/hm_rendelet_tervezet_fontos_bizalmas_munkakorokrol.pdf HTTP/1.1" 200 187722 "-" "Mozilla/5.0 AppleWebKit/537.36 (KHTML, like Gecko; compatible; GPTBot/1.2; +https://openai.com/gptbot)"
20.171.207.252 - - [05/Jun/2025:08:20:10 +0200] "GET /node/2552 HTTP/1.1" 200 - "-" "Mozilla/5.0 AppleWebKit/537.36 (KHTML, like Gecko; compatible; GPTBot/1.2; +https://openai.com/gptbot)"
20.171.207.239 - - [05/Jun/2025:08:20:48 +0200] "GET /files/hmrendelet_tervezet_honvedsegi_jarmuvek_fenntartasa.doc HTTP/1.1" 200 206848 "-" "Mozilla/5.0 AppleWebKit/537.36 (KHTML, like Gecko; compatible; GPTBot/1.2; +https://openai.com/gptbot)"
20.171.207.252 - - [05/Jun/2025:08:21:08 +0200] "GET /node/2588 HTTP/1.1" 200 - "-" "Mozilla/5.0 AppleWebKit/537.36 (KHTML, like Gecko; compatible; GPTBot/1.2; +https://openai.com/gptbot)"
20.171.207.239 - - [05/Jun/2025:08:21:25 +0200] "GET /files/erettsegi_reszletes_szab_allig_egy_re_06_02_06.pdf HTTP/1.1" 200 144737 "-" "Mozilla/5.0 AppleWebKit/537.36 (KHTML, like Gecko; compatible; GPTBot/1.2; +https://openai.com/gptbot)"
20.171.207.239 - - [05/Jun/2025:08:21:58 +0200] "GET /files/magyar_elelmiszerkonyv_rendelet_velemenyezesre.pdf HTTP/1.1" 200 74377 "-" "Mozilla/5.0 AppleWebKit/537.36 (KHTML, like Gecko; compatible; GPTBot/1.2; +https://openai.com/gptbot)"
20.171.207.252 - - [05/Jun/2025:08:22:09 +0200] "GET /node/2606 HTTP/1.1" 200 - "-" "Mozilla/5.0 AppleWebKit/537.36 (KHTML, like Gecko; compatible; GPTBot/1.2; +https://openai.com/gptbot)"
20.171.207.239 - - [05/Jun/2025:08:22:28 +0200] "GET /files/a_magyar-ukran_kishatarforgalom_szabalyozasarol_szolo_megallapodas_kihirdeteserol_szolo_torvenyrol_keszult_kormany-eloterjesztes.doc HTTP/1.1" 200 778240 "-" "Mozilla/5.0 AppleWebKit/537.36 (KHTML, like Gecko; compatible; GPTBot/1.2; +https://openai.com/gptbot)"
20.171.207.239 - - [05/Jun/2025:08:22:56 +0200] "GET /files/hm_rendelet_tervezet_3_2002_hm_rendelet_modositasarol.pdf HTTP/1.1" 200 100742 "-" "Mozilla/5.0 AppleWebKit/537.36 (KHTML, like Gecko; compatible; GPTBot/1.2; +https://openai.com/gptbot)"
20.171.207.252 - - [05/Jun/2025:08:23:09 +0200] "GET /node/1019 HTTP/1.1" 200 - "-" "Mozilla/5.0 AppleWebKit/537.36 (KHTML, like Gecko; compatible; GPTBot/1.2; +https://openai.com/gptbot)"
20.171.207.239 - - [05/Jun/2025:08:23:50 +0200] "GET /files/mentes_gyogyszerrendeles_min_rend_terv_0909011.doc HTTP/1.1" 200 388096 "-" "Mozilla/5.0 AppleWebKit/537.36 (KHTML, like Gecko; compatible; GPTBot/1.2; +https://openai.com/gptbot)"
20.171.207.239 - - [05/Jun/2025:08:23:51 +0200] "GET / HTTP/1.1" 200 - "-" "Mozilla/5.0 AppleWebKit/537.36 (KHTML, like Gecko; compatible; GPTBot/1.2; +https://openai.com/gptbot)"
20.171.207.252 - - [05/Jun/2025:08:24:10 +0200] "GET /node/2454 HTTP/1.1" 200 - "-" "Mozilla/5.0 AppleWebKit/537.36 (KHTML, like Gecko; compatible; GPTBot/1.2; +https://openai.com/gptbot)"
20.171.207.239 - - [05/Jun/2025:08:24:55 +0200] "GET /files/kerettantervek_szakisk_inf_alligra_060516.pdf HTTP/1.1" 200 407763 "-" "Mozilla/5.0 AppleWebKit/537.36 (KHTML, like Gecko; compatible; GPTBot/1.2; +https://openai.com/gptbot)"
216.244.66.200 - - [05/Jun/2025:08:25:02 +0200] "GET /node/454 HTTP/1.1" 200 - "-" "Mozilla/5.0 (compatible; DotBot/1.2; +https://opensiteexplorer.org/dotbot; help@moz.com)"
20.171.207.252 - - [05/Jun/2025:08:25:10 +0200] "GET /node/2528 HTTP/1.1" 200 - "-" "Mozilla/5.0 AppleWebKit/537.36 (KHTML, like Gecko; compatible; GPTBot/1.2; +https://openai.com/gptbot)"
20.171.207.252 - - [05/Jun/2025:08:26:15 +0200] "GET /drupal/files/elso_konyv_-_bevezeto_rendelkezesek.pdf HTTP/1.1" 200 - "-" "Mozilla/5.0 AppleWebKit/537.36 (KHTML, like Gecko; compatible; GPTBot/1.2; +https://openai.com/gptbot)"
20.171.207.239 - - [05/Jun/2025:08:26:24 +0200] "GET /feed/ HTTP/1.1" 200 - "-" "Mozilla/5.0 AppleWebKit/537.36 (KHTML, like Gecko; compatible; GPTBot/1.2; +https://openai.com/gptbot)"
20.171.207.239 - - [05/Jun/2025:08:26:41 +0200] "GET /files/elismereses_hm_rendelet_modositasa.pdf HTTP/1.1" 200 109153 "-" "Mozilla/5.0 AppleWebKit/537.36 (KHTML, like Gecko; compatible; GPTBot/1.2; +https://openai.com/gptbot)"
20.171.207.252 - - [05/Jun/2025:08:27:18 +0200] "GET /node/1600 HTTP/1.1" 200 - "-" "Mozilla/5.0 AppleWebKit/537.36 (KHTML, like Gecko; compatible; GPTBot/1.2; +https://openai.com/gptbot)"
20.171.207.239 - - [05/Jun/2025:08:28:14 +0200] "GET /node/1158 HTTP/1.1" 200 - "-" "Mozilla/5.0 AppleWebKit/537.36 (KHTML, like Gecko; compatible; GPTBot/1.2; +https://openai.com/gptbot)"
20.171.207.252 - - [05/Jun/2025:08:28:21 +0200] "GET /node/2556 HTTP/1.1" 200 - "-" "Mozilla/5.0 AppleWebKit/537.36 (KHTML, like Gecko; compatible; GPTBot/1.2; +https://openai.com/gptbot)"
20.171.207.239 - - [05/Jun/2025:08:29:10 +0200] "GET /node/1033 HTTP/1.1" 200 - "-" "Mozilla/5.0 AppleWebKit/537.36 (KHTML, like Gecko; compatible; GPTBot/1.2; +https://openai.com/gptbot)"
20.171.207.252 - - [05/Jun/2025:08:29:23 +0200] "GET /node/2582 HTTP/1.1" 200 - "-" "Mozilla/5.0 AppleWebKit/537.36 (KHTML, like Gecko; compatible; GPTBot/1.2; +https://openai.com/gptbot)"
216.244.66.200 - - [05/Jun/2025:08:30:11 +0200] "GET /files/mr_terv_060918.pdf HTTP/1.1" 200 146693 "-" "Mozilla/5.0 (compatible; DotBot/1.2; +https://opensiteexplorer.org/dotbot; help@moz.com)"
20.171.207.239 - - [05/Jun/2025:08:30:13 +0200] "GET /node/1157 HTTP/1.1" 200 - "-" "Mozilla/5.0 AppleWebKit/537.36 (KHTML, like Gecko; compatible; GPTBot/1.2; +https://openai.com/gptbot)"
20.171.207.252 - - [05/Jun/2025:08:30:25 +0200] "GET / HTTP/1.1" 200 - "-" "Mozilla/5.0 AppleWebKit/537.36 (KHTML, like Gecko; compatible; GPTBot/1.2; +https://openai.com/gptbot)"
216.244.66.200 - - [05/Jun/2025:08:30:52 +0200] "GET /files/szomszedos_060206.pdf HTTP/1.1" 200 152161 "-" "Mozilla/5.0 (compatible; DotBot/1.2; +https://opensiteexplorer.org/dotbot; help@moz.com)"
20.171.207.252 - - [05/Jun/2025:08:30:59 +0200] "GET /files/neveles_oktatas_int_terv_080804.pdf HTTP/1.1" 200 242534 "-" "Mozilla/5.0 AppleWebKit/537.36 (KHTML, like Gecko; compatible; GPTBot/1.2; +https://openai.com/gptbot)"
20.171.207.239 - - [05/Jun/2025:08:31:14 +0200] "GET /node/1030 HTTP/1.1" 200 - "-" "Mozilla/5.0 AppleWebKit/537.36 (KHTML, like Gecko; compatible; GPTBot/1.2; +https://openai.com/gptbot)"
216.244.66.200 - - [05/Jun/2025:08:31:33 +0200] "GET /files/0418_M_rkh_zapuszta_tervezet_k_zig.doc HTTP/1.1" 200 67584 "-" "Mozilla/5.0 (compatible; DotBot/1.2; +https://opensiteexplorer.org/dotbot; help@moz.com)"
216.244.66.200 - - [05/Jun/2025:08:32:08 +0200] "GET /files/9-2002_im_rend__szakami_indokolas.doc HTTP/1.1" 200 101376 "-" "Mozilla/5.0 (compatible; DotBot/1.2; +https://opensiteexplorer.org/dotbot; help@moz.com)"
20.171.207.239 - - [05/Jun/2025:08:32:18 +0200] "GET /node/1014 HTTP/1.1" 200 - "-" "Mozilla/5.0 AppleWebKit/537.36 (KHTML, like Gecko; compatible; GPTBot/1.2; +https://openai.com/gptbot)"
20.171.207.252 - - [05/Jun/2025:08:32:34 +0200] "GET /node/2535 HTTP/1.1" 200 - "-" "Mozilla/5.0 AppleWebKit/537.36 (KHTML, like Gecko; compatible; GPTBot/1.2; +https://openai.com/gptbot)"
216.244.66.200 - - [05/Jun/2025:08:32:41 +0200] "GET /files/szolgalati_titok_070301.pdf HTTP/1.1" 200 139469 "-" "Mozilla/5.0 (compatible; DotBot/1.2; +https://opensiteexplorer.org/dotbot; help@moz.com)"
20.171.207.239 - - [05/Jun/2025:08:32:52 +0200] "GET /files/tarsadalmi_szervezetek_reszere_nyujtando_tamogatasokrol.pdf HTTP/1.1" 200 299828 "-" "Mozilla/5.0 AppleWebKit/537.36 (KHTML, like Gecko; compatible; GPTBot/1.2; +https://openai.com/gptbot)"
216.244.66.200 - - [05/Jun/2025:08:33:26 +0200] "GET /files/torsznygyctifersz_terv_100225.pdf HTTP/1.1" 200 198465 "-" "Mozilla/5.0 (compatible; DotBot/1.2; +https://opensiteexplorer.org/dotbot; help@moz.com)"
20.171.207.252 - - [05/Jun/2025:08:33:29 +0200] "GET /node/1158 HTTP/1.1" 200 - "-" "Mozilla/5.0 AppleWebKit/537.36 (KHTML, like Gecko; compatible; GPTBot/1.2; +https://openai.com/gptbot)"
20.171.207.239 - - [05/Jun/2025:08:34:26 +0200] "GET /node/1000/ HTTP/1.1" 200 - "-" "Mozilla/5.0 AppleWebKit/537.36 (KHTML, like Gecko; compatible; GPTBot/1.2; +https://openai.com/gptbot)"
20.171.207.252 - - [05/Jun/2025:08:34:33 +0200] "GET /archivarix.cms.php HTTP/1.1" 200 - "-" "Mozilla/5.0 AppleWebKit/537.36 (KHTML, like Gecko; compatible; GPTBot/1.2; +https://openai.com/gptbot)"
20.171.207.239 - - [05/Jun/2025:08:35:24 +0200] "GET /node/1020 HTTP/1.1" 200 - "-" "Mozilla/5.0 AppleWebKit/537.36 (KHTML, like Gecko; compatible; GPTBot/1.2; +https://openai.com/gptbot)"
20.171.207.252 - - [05/Jun/2025:08:35:36 +0200] "GET /node/2464 HTTP/1.1" 200 - "-" "Mozilla/5.0 AppleWebKit/537.36 (KHTML, like Gecko; compatible; GPTBot/1.2; +https://openai.com/gptbot)"
20.171.207.239 - - [05/Jun/2025:08:36:30 +0200] "GET /node/2612 HTTP/1.1" 200 - "-" "Mozilla/5.0 AppleWebKit/537.36 (KHTML, like Gecko; compatible; GPTBot/1.2; +https://openai.com/gptbot)"
20.171.207.252 - - [05/Jun/2025:08:36:39 +0200] "GET /node/1033 HTTP/1.1" 200 - "-" "Mozilla/5.0 AppleWebKit/537.36 (KHTML, like Gecko; compatible; GPTBot/1.2; +https://openai.com/gptbot)"
20.171.207.239 - - [05/Jun/2025:08:37:31 +0200] "GET / HTTP/1.1" 200 - "-" "Mozilla/5.0 AppleWebKit/537.36 (KHTML, like Gecko; compatible; GPTBot/1.2; +https://openai.com/gptbot)"
20.171.207.252 - - [05/Jun/2025:08:37:44 +0200] "GET /node/1015 HTTP/1.1" 200 - "-" "Mozilla/5.0 AppleWebKit/537.36 (KHTML, like Gecko; compatible; GPTBot/1.2; +https://openai.com/gptbot)"
20.171.207.239 - - [05/Jun/2025:08:38:33 +0200] "GET /node/1016 HTTP/1.1" 200 - "-" "Mozilla/5.0 AppleWebKit/537.36 (KHTML, like Gecko; compatible; GPTBot/1.2; +https://openai.com/gptbot)"
20.171.207.252 - - [05/Jun/2025:08:38:50 +0200] "GET /node/2290 HTTP/1.1" 200 - "-" "Mozilla/5.0 AppleWebKit/537.36 (KHTML, like Gecko; compatible; GPTBot/1.2; +https://openai.com/gptbot)"
20.171.207.239 - - [05/Jun/2025:08:39:38 +0200] "GET /node/1028 HTTP/1.1" 200 - "-" "Mozilla/5.0 AppleWebKit/537.36 (KHTML, like Gecko; compatible; GPTBot/1.2; +https://openai.com/gptbot)"
20.171.207.252 - - [05/Jun/2025:08:39:54 +0200] "GET /node/2554 HTTP/1.1" 200 - "-" "Mozilla/5.0 AppleWebKit/537.36 (KHTML, like Gecko; compatible; GPTBot/1.2; +https://openai.com/gptbot)"
20.171.207.239 - - [05/Jun/2025:08:40:09 +0200] "GET /files/hm_rendelet_tervezet_oltozkodesi_szabalyzat_modositas.pdf HTTP/1.1" 200 207416 "-" "Mozilla/5.0 AppleWebKit/537.36 (KHTML, like Gecko; compatible; GPTBot/1.2; +https://openai.com/gptbot)"
20.171.207.252 - - [05/Jun/2025:08:40:57 +0200] "GET /node/2558 HTTP/1.1" 200 - "-" "Mozilla/5.0 AppleWebKit/537.36 (KHTML, like Gecko; compatible; GPTBot/1.2; +https://openai.com/gptbot)"
20.171.207.239 - - [05/Jun/2025:08:41:42 +0200] "GET /node/1029 HTTP/1.1" 200 - "-" "Mozilla/5.0 AppleWebKit/537.36 (KHTML, like Gecko; compatible; GPTBot/1.2; +https://openai.com/gptbot)"
20.171.207.252 - - [05/Jun/2025:08:41:58 +0200] "GET /node/2100 HTTP/1.1" 200 - "-" "Mozilla/5.0 AppleWebKit/537.36 (KHTML, like Gecko; compatible; GPTBot/1.2; +https://openai.com/gptbot)"
66.249.70.65 - - [05/Jun/2025:08:42:03 +0200] "GET /files/oka_terv_090310.pdf HTTP/1.1" 304 - "-" "Mozilla/5.0 (Linux; Android 6.0.1; Nexus 5X Build/MMB29P) AppleWebKit/537.36 (KHTML, like Gecko) Chrome/136.0.7103.113 Mobile Safari/537.36 (compatible; Googlebot/2.1; +http://www.google.com/bot.html)"
20.171.207.239 - - [05/Jun/2025:08:42:41 +0200] "GET /node/1856 HTTP/1.1" 200 - "-" "Mozilla/5.0 AppleWebKit/537.36 (KHTML, like Gecko; compatible; GPTBot/1.2; +https://openai.com/gptbot)"
20.171.207.252 - - [05/Jun/2025:08:43:04 +0200] "GET /node/2532 HTTP/1.1" 200 - "-" "Mozilla/5.0 AppleWebKit/537.36 (KHTML, like Gecko; compatible; GPTBot/1.2; +https://openai.com/gptbot)"
20.171.207.239 - - [05/Jun/2025:08:43:46 +0200] "GET /feed/ HTTP/1.1" 200 - "-" "Mozilla/5.0 AppleWebKit/537.36 (KHTML, like Gecko; compatible; GPTBot/1.2; +https://openai.com/gptbot)"
20.171.207.252 - - [05/Jun/2025:08:44:04 +0200] "GET / HTTP/1.1" 200 - "-" "Mozilla/5.0 AppleWebKit/537.36 (KHTML, like Gecko; compatible; GPTBot/1.2; +https://openai.com/gptbot)"
20.171.207.239 - - [05/Jun/2025:08:44:19 +0200] "GET /files/katonai_szakkepesitesek_hm_rendelet.pdf HTTP/1.1" 200 779797 "-" "Mozilla/5.0 AppleWebKit/537.36 (KHTML, like Gecko; compatible; GPTBot/1.2; +https://openai.com/gptbot)"
20.171.207.252 - - [05/Jun/2025:08:45:07 +0200] "GET /node/2572 HTTP/1.1" 200 - "-" "Mozilla/5.0 AppleWebKit/537.36 (KHTML, like Gecko; compatible; GPTBot/1.2; +https://openai.com/gptbot)"
20.171.207.239 - - [05/Jun/2025:08:45:20 +0200] "GET /files/hadkotelesek_hm_eum_rendelet_tervezet.pdf HTTP/1.1" 200 182181 "-" "Mozilla/5.0 AppleWebKit/537.36 (KHTML, like Gecko; compatible; GPTBot/1.2; +https://openai.com/gptbot)"
20.171.207.252 - - [05/Jun/2025:08:46:09 +0200] "GET /node/1158 HTTP/1.1" 200 - "-" "Mozilla/5.0 AppleWebKit/537.36 (KHTML, like Gecko; compatible; GPTBot/1.2; +https://openai.com/gptbot)"
20.171.207.239 - - [05/Jun/2025:08:46:14 +0200] "GET /files/furdovizek_minosegi_kovetelmenyekrol_korm_rend_terv_08_02_18.doc HTTP/1.1" 200 277504 "-" "Mozilla/5.0 AppleWebKit/537.36 (KHTML, like Gecko; compatible; GPTBot/1.2; +https://openai.com/gptbot)"
20.171.207.252 - - [05/Jun/2025:08:47:11 +0200] "GET /node/2525 HTTP/1.1" 200 - "-" "Mozilla/5.0 AppleWebKit/537.36 (KHTML, like Gecko; compatible; GPTBot/1.2; +https://openai.com/gptbot)"
20.171.207.239 - - [05/Jun/2025:08:47:36 +0200] "GET /node/2610 HTTP/1.1" 200 - "-" "Mozilla/5.0 AppleWebKit/537.36 (KHTML, like Gecko; compatible; GPTBot/1.2; +https://openai.com/gptbot)"
20.171.207.252 - - [05/Jun/2025:08:48:11 +0200] "GET /node/2553 HTTP/1.1" 200 - "-" "Mozilla/5.0 AppleWebKit/537.36 (KHTML, like Gecko; compatible; GPTBot/1.2; +https://openai.com/gptbot)"
20.171.207.239 - - [05/Jun/2025:08:48:21 +0200] "GET / HTTP/1.1" 200 - "-" "Mozilla/5.0 AppleWebKit/537.36 (KHTML, like Gecko; compatible; GPTBot/1.2; +https://openai.com/gptbot)"
20.171.207.239 - - [05/Jun/2025:08:48:52 +0200] "GET /files/folmeres_terkepeszet_tv_mod_velemenyezesre.pdf HTTP/1.1" 200 188935 "-" "Mozilla/5.0 AppleWebKit/537.36 (KHTML, like Gecko; compatible; GPTBot/1.2; +https://openai.com/gptbot)"
20.171.207.252 - - [05/Jun/2025:08:49:13 +0200] "GET /drupal/node/1448 HTTP/1.1" 200 - "-" "Mozilla/5.0 AppleWebKit/537.36 (KHTML, like Gecko; compatible; GPTBot/1.2; +https://openai.com/gptbot)"
20.171.207.239 - - [05/Jun/2025:08:49:52 +0200] "GET /files/hm_rendelet_tervezet_8_2002_hm_rendelet_modositasarol.pdf HTTP/1.1" 200 106998 "-" "Mozilla/5.0 AppleWebKit/537.36 (KHTML, like Gecko; compatible; GPTBot/1.2; +https://openai.com/gptbot)"
216.244.66.200 - - [05/Jun/2025:08:50:00 +0200] "GET /robots.txt HTTP/1.1" 200 1590 "-" "Mozilla/5.0 (compatible; DotBot/1.2; +https://opensiteexplorer.org/dotbot; help@moz.com)"
216.244.66.200 - - [05/Jun/2025:08:50:02 +0200] "GET /robots.txt HTTP/1.1" 200 1590 "-" "Mozilla/5.0 (compatible; DotBot/1.2; +https://opensiteexplorer.org/dotbot; help@moz.com)"
20.171.207.252 - - [05/Jun/2025:08:50:18 +0200] "GET /drupal/node/1273 HTTP/1.1" 200 - "-" "Mozilla/5.0 AppleWebKit/537.36 (KHTML, like Gecko; compatible; GPTBot/1.2; +https://openai.com/gptbot)"
195.82.146.212 - - [05/Jun/2025:08:50:19 +0200] "GET / HTTP/1.0" 200 - "http://jogalkotas.hu/" "Mozilla/5.0 (Windows NT 10.0; Win64; x64) AppleWebKit/537.36 (KHTML, like Gecko) Chrome/129.0.0.0 Safari/537.36"
20.171.207.239 - - [05/Jun/2025:08:50:49 +0200] "GET /files/hm_rendelet_tervezet_kedvezmenyes_udultetes_rendjerol.pdf HTTP/1.1" 200 122649 "-" "Mozilla/5.0 AppleWebKit/537.36 (KHTML, like Gecko; compatible; GPTBot/1.2; +https://openai.com/gptbot)"
20.171.207.252 - - [05/Jun/2025:08:51:23 +0200] "GET /node/2535 HTTP/1.1" 200 - "-" "Mozilla/5.0 AppleWebKit/537.36 (KHTML, like Gecko; compatible; GPTBot/1.2; +https://openai.com/gptbot)"
20.171.207.239 - - [05/Jun/2025:08:51:41 +0200] "GET /files/korm_rend_terv_allamhaztartas_eltero.pdf HTTP/1.1" 200 437665 "-" "Mozilla/5.0 AppleWebKit/537.36 (KHTML, like Gecko; compatible; GPTBot/1.2; +https://openai.com/gptbot)"
20.171.207.252 - - [05/Jun/2025:08:52:23 +0200] "GET /node/2582 HTTP/1.1" 200 - "-" "Mozilla/5.0 AppleWebKit/537.36 (KHTML, like Gecko; compatible; GPTBot/1.2; +https://openai.com/gptbot)"
20.171.207.239 - - [05/Jun/2025:08:52:28 +0200] "GET /files/hm_rendelet_tervezet_katonak_illetmenyerol_es_juttatasairol.pdf HTTP/1.1" 200 171290 "-" "Mozilla/5.0 AppleWebKit/537.36 (KHTML, like Gecko; compatible; GPTBot/1.2; +https://openai.com/gptbot)"
20.171.207.239 - - [05/Jun/2025:08:53:11 +0200] "GET /files/allatvedelmi_birsag_kormrend_velemenyezesre.pdf HTTP/1.1" 200 174661 "-" "Mozilla/5.0 AppleWebKit/537.36 (KHTML, like Gecko; compatible; GPTBot/1.2; +https://openai.com/gptbot)"
20.171.207.252 - - [05/Jun/2025:08:53:27 +0200] "GET /node/2588 HTTP/1.1" 200 - "-" "Mozilla/5.0 AppleWebKit/537.36 (KHTML, like Gecko; compatible; GPTBot/1.2; +https://openai.com/gptbot)"
20.171.207.239 - - [05/Jun/2025:08:53:50 +0200] "GET /files/gyermekszegenyseg_tervezet_2_vezossz_070125.pdf HTTP/1.1" 200 194621 "-" "Mozilla/5.0 AppleWebKit/537.36 (KHTML, like Gecko; compatible; GPTBot/1.2; +https://openai.com/gptbot)"
20.171.207.252 - - [05/Jun/2025:08:54:33 +0200] "GET /node/2562 HTTP/1.1" 200 - "-" "Mozilla/5.0 AppleWebKit/537.36 (KHTML, like Gecko; compatible; GPTBot/1.2; +https://openai.com/gptbot)"
20.171.207.239 - - [05/Jun/2025:08:54:55 +0200] "GET /node/1004 HTTP/1.1" 200 - "-" "Mozilla/5.0 AppleWebKit/537.36 (KHTML, like Gecko; compatible; GPTBot/1.2; +https://openai.com/gptbot)"
20.171.207.239 - - [05/Jun/2025:08:55:25 +0200] "GET /node/2034 HTTP/1.1" 200 - "-" "Mozilla/5.0 AppleWebKit/537.36 (KHTML, like Gecko; compatible; GPTBot/1.2; +https://openai.com/gptbot)"
20.171.207.252 - - [05/Jun/2025:08:55:37 +0200] "GET / HTTP/1.1" 200 - "-" "Mozilla/5.0 AppleWebKit/537.36 (KHTML, like Gecko; compatible; GPTBot/1.2; +https://openai.com/gptbot)"
20.171.207.239 - - [05/Jun/2025:08:56:27 +0200] "GET /node/2618 HTTP/1.1" 200 - "-" "Mozilla/5.0 AppleWebKit/537.36 (KHTML, like Gecko; compatible; GPTBot/1.2; +https://openai.com/gptbot)"
20.171.207.252 - - [05/Jun/2025:08:56:37 +0200] "GET /node/2556 HTTP/1.1" 200 - "-" "Mozilla/5.0 AppleWebKit/537.36 (KHTML, like Gecko; compatible; GPTBot/1.2; +https://openai.com/gptbot)"
20.171.207.239 - - [05/Jun/2025:08:57:33 +0200] "GET /node/1549 HTTP/1.1" 200 - "-" "Mozilla/5.0 AppleWebKit/537.36 (KHTML, like Gecko; compatible; GPTBot/1.2; +https://openai.com/gptbot)"
20.171.207.252 - - [05/Jun/2025:08:57:38 +0200] "GET /node/2464 HTTP/1.1" 200 - "-" "Mozilla/5.0 AppleWebKit/537.36 (KHTML, like Gecko; compatible; GPTBot/1.2; +https://openai.com/gptbot)"
20.171.207.239 - - [05/Jun/2025:08:58:38 +0200] "GET /node/1034 HTTP/1.1" 200 - "-" "Mozilla/5.0 AppleWebKit/537.36 (KHTML, like Gecko; compatible; GPTBot/1.2; +https://openai.com/gptbot)"
20.171.207.252 - - [05/Jun/2025:08:58:42 +0200] "GET /node/2552 HTTP/1.1" 200 - "-" "Mozilla/5.0 AppleWebKit/537.36 (KHTML, like Gecko; compatible; GPTBot/1.2; +https://openai.com/gptbot)"
