216.244.66.200 - - [05/Jun/2025:19:34:38 +0200] "GET /files/32per2004_eszcsm_rend_mod_090603.doc HTTP/1.1" 200 49664 "-" "Mozilla/5.0 (compatible; DotBot/1.2; +https://opensiteexplorer.org/dotbot; help@moz.com)"
216.244.66.200 - - [05/Jun/2025:19:35:18 +0200] "GET /files/34_2007_hmrend_mositas.pdf HTTP/1.1" 200 195322 "-" "Mozilla/5.0 (compatible; DotBot/1.2; +https://opensiteexplorer.org/dotbot; help@moz.com)"
216.244.66.200 - - [05/Jun/2025:19:36:01 +0200] "GET /files/3_2004_om_fmm_mod_061214.pdf HTTP/1.1" 200 257074 "-" "Mozilla/5.0 (compatible; DotBot/1.2; +https://opensiteexplorer.org/dotbot; help@moz.com)"
216.244.66.200 - - [05/Jun/2025:19:36:33 +0200] "GET /files/PIC_tervezet_20090211.doc HTTP/1.1" 200 80896 "-" "Mozilla/5.0 (compatible; DotBot/1.2; +https://opensiteexplorer.org/dotbot; help@moz.com)"
216.244.66.200 - - [05/Jun/2025:19:37:05 +0200] "GET /files/_melln583eddnn4rb8c5q0_.pdf HTTP/1.1" 200 97727 "-" "Mozilla/5.0 (compatible; DotBot/1.2; +https://opensiteexplorer.org/dotbot; help@moz.com)"
216.244.66.200 - - [05/Jun/2025:19:37:35 +0200] "GET /files/indokolas_devizarendelet.pdf HTTP/1.1" 200 83961 "-" "Mozilla/5.0 (compatible; DotBot/1.2; +https://opensiteexplorer.org/dotbot; help@moz.com)"
66.249.64.11 - - [05/Jun/2025:19:38:01 +0200] "GET /node/26 HTTP/1.1" 200 - "-" "Mozilla/5.0 (Linux; Android 6.0.1; Nexus 5X Build/MMB29P) AppleWebKit/537.36 (KHTML, like Gecko) Chrome/137.0.7151.68 Mobile Safari/537.36 (compatible; Googlebot/2.1; +http://www.google.com/bot.html)"
216.244.66.200 - - [05/Jun/2025:19:38:04 +0200] "GET /files/korm_eloterj_2008-07-08.pdf HTTP/1.1" 200 130313 "-" "Mozilla/5.0 (compatible; DotBot/1.2; +https://opensiteexplorer.org/dotbot; help@moz.com)"
216.244.66.200 - - [05/Jun/2025:19:38:33 +0200] "GET /files/legvedelmi_celu_repules.pdf HTTP/1.1" 200 158938 "-" "Mozilla/5.0 (compatible; DotBot/1.2; +https://opensiteexplorer.org/dotbot; help@moz.com)"
216.244.66.200 - - [05/Jun/2025:19:39:01 +0200] "GET /files/szakkepzes_isk_9_evftam_060303.pdf HTTP/1.1" 200 184517 "-" "Mozilla/5.0 (compatible; DotBot/1.2; +https://opensiteexplorer.org/dotbot; help@moz.com)"
216.244.66.200 - - [05/Jun/2025:19:39:33 +0200] "GET /files/drogback_eloterj_4_ogy_hatarozat_061129.pdf HTTP/1.1" 200 161887 "-" "Mozilla/5.0 (compatible; DotBot/1.2; +https://opensiteexplorer.org/dotbot; help@moz.com)"
216.244.66.200 - - [05/Jun/2025:19:40:04 +0200] "GET /files/jogszabalyszovegindokolaskozigegyeztesre.doc HTTP/1.1" 200 34304 "-" "Mozilla/5.0 (compatible; DotBot/1.2; +https://opensiteexplorer.org/dotbot; help@moz.com)"
216.244.66.200 - - [05/Jun/2025:19:40:35 +0200] "GET /files/szakkepesites_rendelettervezet_080421.pdf HTTP/1.1" 200 142479 "-" "Mozilla/5.0 (compatible; DotBot/1.2; +https://opensiteexplorer.org/dotbot; help@moz.com)"
216.244.66.200 - - [05/Jun/2025:19:41:36 +0200] "GET /files/19_2003___iv__29___eszcsm_rendelet_m%C3%83%C2%B3dos%C3%83%C2%ADt%C3%83%C2%A1sa_8.doc HTTP/1.1" 200 - "-" "Mozilla/5.0 (compatible; DotBot/1.2; +https://opensiteexplorer.org/dotbot; help@moz.com)"
216.244.66.200 - - [05/Jun/2025:19:42:26 +0200] "GET /files/A%20n%C3%83%C2%B6v%C3%83%C2%A9nyv%C3%83%C2%A9delemr%C3%85%E2%80%98l%20sz%C3%83%C2%B3l%C3%83%C2%B3%202000-2.doc HTTP/1.1" 200 - "-" "Mozilla/5.0 (compatible; DotBot/1.2; +https://opensiteexplorer.org/dotbot; help@moz.com)"
216.244.66.200 - - [05/Jun/2025:19:43:16 +0200] "GET /files/M%C3%83%C2%A1solat%20eredetijeptke_-_2._melleklet_a_kormanyhatarozathoz_-_090629.xls HTTP/1.1" 200 - "-" "Mozilla/5.0 (compatible; DotBot/1.2; +https://opensiteexplorer.org/dotbot; help@moz.com)"
216.244.66.200 - - [05/Jun/2025:19:43:36 +0200] "GET /files/TK83.doc HTTP/1.1" 200 79872 "-" "Mozilla/5.0 (compatible; DotBot/1.2; +https://opensiteexplorer.org/dotbot; help@moz.com)"
216.244.66.200 - - [05/Jun/2025:19:44:06 +0200] "GET /files/1214_3_mell.xls HTTP/1.1" 200 35328 "-" "Mozilla/5.0 (compatible; DotBot/1.2; +https://opensiteexplorer.org/dotbot; help@moz.com)"
216.244.66.200 - - [05/Jun/2025:19:44:40 +0200] "GET /files/14831_7.pdf HTTP/1.1" 200 501317 "-" "Mozilla/5.0 (compatible; DotBot/1.2; +https://opensiteexplorer.org/dotbot; help@moz.com)"
216.244.66.200 - - [05/Jun/2025:19:45:12 +0200] "GET /files/3218_szak_070124.pdf HTTP/1.1" 200 130499 "-" "Mozilla/5.0 (compatible; DotBot/1.2; +https://opensiteexplorer.org/dotbot; help@moz.com)"
216.244.66.200 - - [05/Jun/2025:19:45:40 +0200] "GET /files/KHEM_4462_10_norma.doc HTTP/1.1" 200 83456 "-" "Mozilla/5.0 (compatible; DotBot/1.2; +https://opensiteexplorer.org/dotbot; help@moz.com)"
216.244.66.200 - - [05/Jun/2025:19:46:14 +0200] "GET /files/NFGM7978.doc HTTP/1.1" 200 285696 "-" "Mozilla/5.0 (compatible; DotBot/1.2; +https://opensiteexplorer.org/dotbot; help@moz.com)"
216.244.66.200 - - [05/Jun/2025:19:46:57 +0200] "GET /files/info_terv_080612.pdf HTTP/1.1" 200 323635 "-" "Mozilla/5.0 (compatible; DotBot/1.2; +https://opensiteexplorer.org/dotbot; help@moz.com)"
216.244.66.200 - - [05/Jun/2025:19:47:49 +0200] "GET /files/ket__eloterjesztes.pdf HTTP/1.1" 200 487570 "-" "Mozilla/5.0 (compatible; DotBot/1.2; +https://opensiteexplorer.org/dotbot; help@moz.com)"
216.244.66.200 - - [05/Jun/2025:19:48:25 +0200] "GET /files/kioto_vhr_mod_kozig.pdf HTTP/1.1" 200 264624 "-" "Mozilla/5.0 (compatible; DotBot/1.2; +https://opensiteexplorer.org/dotbot; help@moz.com)"
216.244.66.200 - - [05/Jun/2025:19:49:02 +0200] "GET /files/ptk_bevezetes_0.pdf HTTP/1.1" 200 129012 "-" "Mozilla/5.0 (compatible; DotBot/1.2; +https://opensiteexplorer.org/dotbot; help@moz.com)"
216.244.66.200 - - [05/Jun/2025:19:49:37 +0200] "GET /files/szekhelyszolg.doc HTTP/1.1" 200 31232 "-" "Mozilla/5.0 (compatible; DotBot/1.2; +https://opensiteexplorer.org/dotbot; help@moz.com)"
216.244.66.200 - - [05/Jun/2025:19:50:18 +0200] "GET /files/tervezet_Szarvasi.pdf HTTP/1.1" 200 171068 "-" "Mozilla/5.0 (compatible; DotBot/1.2; +https://opensiteexplorer.org/dotbot; help@moz.com)"
216.244.66.200 - - [05/Jun/2025:19:51:11 +0200] "GET /files/tnyr_eloterj_061204.pdf HTTP/1.1" 200 318156 "-" "Mozilla/5.0 (compatible; DotBot/1.2; +https://opensiteexplorer.org/dotbot; help@moz.com)"
216.244.66.200 - - [05/Jun/2025:19:51:43 +0200] "GET /files/vendeg_termek.zip HTTP/1.1" 200 49183 "-" "Mozilla/5.0 (compatible; DotBot/1.2; +https://opensiteexplorer.org/dotbot; help@moz.com)"
216.244.66.200 - - [05/Jun/2025:19:52:20 +0200] "GET /files/14_2005_fmm_rend_mod_terv_090622.pdf HTTP/1.1" 200 200878 "-" "Mozilla/5.0 (compatible; DotBot/1.2; +https://opensiteexplorer.org/dotbot; help@moz.com)"
216.244.66.200 - - [05/Jun/2025:19:53:12 +0200] "GET /files/2008_2009_tanev_rend_080319.pdf HTTP/1.1" 200 392004 "-" "Mozilla/5.0 (compatible; DotBot/1.2; +https://opensiteexplorer.org/dotbot; help@moz.com)"
216.244.66.200 - - [05/Jun/2025:19:53:51 +0200] "GET /files/32_99_fvm_mod_velemenyezesre.pdf HTTP/1.1" 200 193037 "-" "Mozilla/5.0 (compatible; DotBot/1.2; +https://opensiteexplorer.org/dotbot; help@moz.com)"
216.244.66.200 - - [05/Jun/2025:19:54:41 +0200] "GET /files/4_mell_FAVI_KARINFO_BA.doc HTTP/1.1" 200 391168 "-" "Mozilla/5.0 (compatible; DotBot/1.2; +https://opensiteexplorer.org/dotbot; help@moz.com)"
216.244.66.200 - - [05/Jun/2025:19:55:14 +0200] "GET /files/52per2005_Eum_min_rend_mod_terv_090528.doc HTTP/1.1" 200 33280 "-" "Mozilla/5.0 (compatible; DotBot/1.2; +https://opensiteexplorer.org/dotbot; help@moz.com)"
216.244.66.200 - - [05/Jun/2025:19:55:52 +0200] "GET /files/5_sz_melleklet_061031.pdf HTTP/1.1" 200 165675 "-" "Mozilla/5.0 (compatible; DotBot/1.2; +https://opensiteexplorer.org/dotbot; help@moz.com)"
216.244.66.200 - - [05/Jun/2025:19:56:57 +0200] "GET /files/Idtv%20szakmapolitik%C3%83%C2%A1ra.doc HTTP/1.1" 200 - "-" "Mozilla/5.0 (compatible; DotBot/1.2; +https://opensiteexplorer.org/dotbot; help@moz.com)"
216.244.66.200 - - [05/Jun/2025:19:57:27 +0200] "GET /files/felveteli_2009_terv_081103.pdf HTTP/1.1" 200 330316 "-" "Mozilla/5.0 (compatible; DotBot/1.2; +https://opensiteexplorer.org/dotbot; help@moz.com)"
216.244.66.200 - - [05/Jun/2025:19:58:03 +0200] "GET /files/itkr_2_sz_melleklet_061031.pdf HTTP/1.1" 200 102435 "-" "Mozilla/5.0 (compatible; DotBot/1.2; +https://opensiteexplorer.org/dotbot; help@moz.com)"
216.244.66.200 - - [05/Jun/2025:19:58:37 +0200] "GET /files/ketvh_elekt_ert_terv.090817.doc HTTP/1.1" 200 96768 "-" "Mozilla/5.0 (compatible; DotBot/1.2; +https://opensiteexplorer.org/dotbot; help@moz.com)"
216.244.66.200 - - [05/Jun/2025:19:59:08 +0200] "GET /files/kormeloterj_novved_birsag.pdf HTTP/1.1" 200 161913 "-" "Mozilla/5.0 (compatible; DotBot/1.2; +https://opensiteexplorer.org/dotbot; help@moz.com)"
216.244.66.200 - - [05/Jun/2025:19:59:38 +0200] "GET /files/magyar_szerb_hatarat_torvenyjavaslat.pdf HTTP/1.1" 200 235352 "-" "Mozilla/5.0 (compatible; DotBot/1.2; +https://opensiteexplorer.org/dotbot; help@moz.com)"
216.244.66.200 - - [05/Jun/2025:20:00:05 +0200] "GET /files/rendorifaindokolasmarc.28.doc HTTP/1.1" 200 36352 "-" "Mozilla/5.0 (compatible; DotBot/1.2; +https://opensiteexplorer.org/dotbot; help@moz.com)"
216.244.66.200 - - [05/Jun/2025:20:01:03 +0200] "GET /user/31/notify HTTP/1.1" 200 - "-" "Mozilla/5.0 (compatible; DotBot/1.2; +https://opensiteexplorer.org/dotbot; help@moz.com)"
216.244.66.200 - - [05/Jun/2025:20:01:53 +0200] "GET /files/Erd%C3%85%E2%80%98t%C3%83%C2%B6rv%C3%83%C2%A9ny%202005.dec.22.-1.doc HTTP/1.1" 200 - "-" "Mozilla/5.0 (compatible; DotBot/1.2; +https://opensiteexplorer.org/dotbot; help@moz.com)"
82.165.84.16 - - [05/Jun/2025:20:08:20 +0200] "HEAD /Backup.zip HTTP/1.1" 200 - "-" "-"
216.244.66.200 - - [05/Jun/2025:20:12:04 +0200] "GET /robots.txt HTTP/1.1" 200 1590 "-" "Mozilla/5.0 (compatible; DotBot/1.2; +https://opensiteexplorer.org/dotbot; help@moz.com)"
216.244.66.200 - - [05/Jun/2025:20:12:04 +0200] "GET /robots.txt HTTP/1.1" 200 1590 "-" "Mozilla/5.0 (compatible; DotBot/1.2; +https://opensiteexplorer.org/dotbot; help@moz.com)"
145.236.50.46 - - [05/Jun/2025:20:12:46 +0200] "GET /files/ptk.csaladjog_0.pdf HTTP/1.1" 200 429444 "-" "Mozilla/5.0 (iPhone; CPU iPhone OS 18_5 like Mac OS X) AppleWebKit/605.1.15 (KHTML, like Gecko) Version/18.5 Mobile/15E148 Safari/604.1"
145.236.50.46 - - [05/Jun/2025:20:12:52 +0200] "GET /favicon.ico HTTP/1.1" 404 57 "-" "NetworkingExtension/8621.2.5.10.10 Network/4277.122.6 iOS/18.5"
145.236.50.46 - - [05/Jun/2025:20:12:52 +0200] "GET /files/ptk.csaladjog_0.pdf HTTP/1.1" 200 429444 "-" "Mozilla/5.0 (Macintosh; Intel Mac OS X 10_11_1) AppleWebKit/601.2.4 (KHTML, like Gecko) Version/9.0.1 Safari/601.2.4 facebookexternalhit/1.1 Facebot Twitterbot/1.0"
145.236.50.46 - - [05/Jun/2025:20:13:18 +0200] "GET /apple-touch-icon-120x120-precomposed.png HTTP/1.1" 200 - "-" "Mozilla/5.0 (iPhone; CPU iPhone OS 18_5 like Mac OS X) AppleWebKit/605.1.15 (KHTML, like Gecko) Safari"
145.236.50.46 - - [05/Jun/2025:20:13:24 +0200] "GET /apple-touch-icon-precomposed.png HTTP/1.1" 200 - "-" "NetworkingExtension/8621.2.5.10.10 Network/4277.122.6 iOS/18.5"
145.236.50.46 - - [05/Jun/2025:20:13:24 +0200] "GET /apple-touch-icon.png HTTP/1.1" 200 - "-" "NetworkingExtension/8621.2.5.10.10 Network/4277.122.6 iOS/18.5"
8.210.186.38 - - [05/Jun/2025:20:13:50 +0200] "GET /files/hadkotelesek_hm_eum_rendelet_tervezet.pdf HTTP/1.1" 200 182181 "-" "Mozilla/5.0 (Macintosh; Intel Mac OS X 10_12_9) AppleWebKit/595.1 (KHTML, like Gecko) Chrome/105.0.0.0 Safari/595.1 Edg/105.0.3843.78"
4.227.36.54 - - [05/Jun/2025:20:16:19 +0200] "GET /robots.txt HTTP/1.1" 200 1590 "-" "Mozilla/5.0 AppleWebKit/537.36 (KHTML, like Gecko; compatible; GPTBot/1.2; +https://openai.com/gptbot)"
20.171.207.75 - - [05/Jun/2025:20:16:52 +0200] "GET /drupal/files/bizott_2006_j%C3%BAli.pdf HTTP/1.1" 200 - "-" "Mozilla/5.0 AppleWebKit/537.36 (KHTML, like Gecko; compatible; GPTBot/1.2; +https://openai.com/gptbot)"
20.171.207.75 - - [05/Jun/2025:20:17:22 +0200] "GET /%E2%80%A6%C3%BAli.pdf HTTP/1.1" 200 - "-" "Mozilla/5.0 AppleWebKit/537.36 (KHTML, like Gecko; compatible; GPTBot/1.2; +https://openai.com/gptbot)"
216.244.66.200 - - [05/Jun/2025:20:22:18 +0200] "GET /node/91 HTTP/1.1" 200 - "-" "Mozilla/5.0 (compatible; DotBot/1.2; +https://opensiteexplorer.org/dotbot; help@moz.com)"
216.244.66.200 - - [05/Jun/2025:20:25:02 +0200] "GET /files/A%20n%C3%83%C2%B6v%C3%83%C2%A9nyv%C3%83%C2%A9delemr%C3%85%E2%80%98l%20sz%C3%83%C2%B3l%C3%83%C2%B3%202000-1.doc HTTP/1.1" 200 - "-" "Mozilla/5.0 (compatible; DotBot/1.2; +https://opensiteexplorer.org/dotbot; help@moz.com)"
216.244.66.200 - - [05/Jun/2025:20:26:10 +0200] "GET /files/bluetongue_08.01.pdf HTTP/1.1" 200 165832 "-" "Mozilla/5.0 (compatible; DotBot/1.2; +https://opensiteexplorer.org/dotbot; help@moz.com)"
216.244.66.200 - - [05/Jun/2025:20:26:32 +0200] "GET /files/esely_terv_080220.pdf HTTP/1.1" 200 881906 "-" "Mozilla/5.0 (compatible; DotBot/1.2; +https://opensiteexplorer.org/dotbot; help@moz.com)"
216.244.66.200 - - [05/Jun/2025:20:26:51 +0200] "GET /files/r205_rendelet.doc HTTP/1.1" 200 44032 "-" "Mozilla/5.0 (compatible; DotBot/1.2; +https://opensiteexplorer.org/dotbot; help@moz.com)"
216.244.66.200 - - [05/Jun/2025:20:27:11 +0200] "GET /files/tamop_terv_090528.pdf HTTP/1.1" 200 290684 "-" "Mozilla/5.0 (compatible; DotBot/1.2; +https://opensiteexplorer.org/dotbot; help@moz.com)"
216.244.66.200 - - [05/Jun/2025:20:27:30 +0200] "GET /files/0223_2007adatlapok_tervezet_0122.xls HTTP/1.1" 200 108544 "-" "Mozilla/5.0 (compatible; DotBot/1.2; +https://opensiteexplorer.org/dotbot; help@moz.com)"
216.244.66.200 - - [05/Jun/2025:20:27:50 +0200] "GET /files/150_1992_terv_100301.pdf HTTP/1.1" 200 1468151 "-" "Mozilla/5.0 (compatible; DotBot/1.2; +https://opensiteexplorer.org/dotbot; help@moz.com)"
216.244.66.200 - - [05/Jun/2025:20:28:06 +0200] "GET /files/89_2004_fvm_mod_egyeztetesre.pdf HTTP/1.1" 200 252995 "-" "Mozilla/5.0 (compatible; DotBot/1.2; +https://opensiteexplorer.org/dotbot; help@moz.com)"
216.244.66.200 - - [05/Jun/2025:20:28:21 +0200] "GET /files/htsz_nyil_tabla_terv_071218.pdf HTTP/1.1" 200 131228 "-" "Mozilla/5.0 (compatible; DotBot/1.2; +https://opensiteexplorer.org/dotbot; help@moz.com)"
216.244.66.200 - - [05/Jun/2025:20:28:39 +0200] "GET /files/iuszolg-eloterjesztes_kozigre.doc HTTP/1.1" 200 788480 "-" "Mozilla/5.0 (compatible; DotBot/1.2; +https://opensiteexplorer.org/dotbot; help@moz.com)"
216.244.66.200 - - [05/Jun/2025:20:28:59 +0200] "GET /files/kulfoldiek_foglalkoztatasa_060316.pdf HTTP/1.1" 200 159451 "-" "Mozilla/5.0 (compatible; DotBot/1.2; +https://opensiteexplorer.org/dotbot; help@moz.com)"
216.244.66.200 - - [05/Jun/2025:20:29:23 +0200] "GET /files/ofp_0710_terv_070625.pdf HTTP/1.1" 200 276575 "-" "Mozilla/5.0 (compatible; DotBot/1.2; +https://opensiteexplorer.org/dotbot; help@moz.com)"
216.244.66.200 - - [05/Jun/2025:20:30:05 +0200] "GET /files/onk_hiv_zene_enekkarok_mell_090203.pdf HTTP/1.1" 200 166040 "-" "Mozilla/5.0 (compatible; DotBot/1.2; +https://opensiteexplorer.org/dotbot; help@moz.com)"
216.244.66.200 - - [05/Jun/2025:20:30:56 +0200] "GET /files/roma_tervezet_070124.pdf HTTP/1.1" 200 413724 "-" "Mozilla/5.0 (compatible; DotBot/1.2; +https://opensiteexplorer.org/dotbot; help@moz.com)"
216.244.66.200 - - [05/Jun/2025:20:31:36 +0200] "GET /files/ANTSZ_hat_elj_kolts_Korm_rend_terv_100419.doc HTTP/1.1" 200 185344 "-" "Mozilla/5.0 (compatible; DotBot/1.2; +https://opensiteexplorer.org/dotbot; help@moz.com)"
216.244.66.200 - - [05/Jun/2025:20:32:19 +0200] "GET /files/hm_rendelet_tervezet_oltozkodesi_szabalyzat_modositas.pdf HTTP/1.1" 200 207416 "-" "Mozilla/5.0 (compatible; DotBot/1.2; +https://opensiteexplorer.org/dotbot; help@moz.com)"
216.244.66.200 - - [05/Jun/2025:20:33:23 +0200] "GET /files/P%C3%83%C5%93M%20lak%C3%83%C2%A1sc%C3%83%C2%A9l%C3%83%C2%BA%20k%C3%83%C2%B6lcs%C3%83%C2%B6n%C3%83%C2%B6k.doc HTTP/1.1" 200 - "-" "Mozilla/5.0 (compatible; DotBot/1.2; +https://opensiteexplorer.org/dotbot; help@moz.com)"
216.244.66.200 - - [05/Jun/2025:20:34:13 +0200] "GET /taxonomy/term/100?page=1 HTTP/1.1" 200 - "-" "Mozilla/5.0 (compatible; DotBot/1.2; +https://opensiteexplorer.org/dotbot; help@moz.com)"
8.210.160.153 - - [05/Jun/2025:21:05:25 +0200] "GET /files/tervezesi_eloirasok_om_r_allig_egy_060310.pdf HTTP/1.1" 200 113494 "-" "Mozilla/5.0 (Macintosh; Intel Mac OS X 10_14_10) AppleWebKit/586.1 (KHTML, like Gecko) Chrome/105.0.0.0 Safari/586.1 Edg/105.0.2226.43"
216.244.66.200 - - [05/Jun/2025:21:13:09 +0200] "GET /robots.txt HTTP/1.1" 200 1590 "-" "Mozilla/5.0 (compatible; DotBot/1.2; +https://opensiteexplorer.org/dotbot; help@moz.com)"
216.244.66.200 - - [05/Jun/2025:21:13:09 +0200] "GET /robots.txt HTTP/1.1" 200 1590 "-" "Mozilla/5.0 (compatible; DotBot/1.2; +https://opensiteexplorer.org/dotbot; help@moz.com)"
66.249.64.10 - - [05/Jun/2025:21:17:18 +0200] "GET /files/kkb_061120.pdf HTTP/1.1" 200 268078 "-" "Googlebot/2.1 (+http://www.google.com/bot.html)"
66.249.64.11 - - [05/Jun/2025:21:18:22 +0200] "GET /files/14831_7.pdf HTTP/1.1" 200 501317 "-" "Googlebot/2.1 (+http://www.google.com/bot.html)"
66.249.64.9 - - [05/Jun/2025:21:22:24 +0200] "GET /files/xx_fejezeti_terv_090218.pdf HTTP/1.1" 200 255163 "-" "Googlebot/2.1 (+http://www.google.com/bot.html)"
66.249.70.67 - - [05/Jun/2025:21:28:41 +0200] "GET /robots.txt HTTP/1.1" 200 1590 "-" "Mozilla/5.0 (compatible; Googlebot/2.1; +http://www.google.com/bot.html)"
66.249.70.67 - - [05/Jun/2025:21:28:42 +0200] "GET /files/gyamhatosag_eloterj_061204.pdf HTTP/1.1" 200 597742 "-" "Googlebot/2.1 (+http://www.google.com/bot.html)"
66.249.64.9 - - [05/Jun/2025:21:29:15 +0200] "GET /files/3443.pdf HTTP/1.1" 200 186463 "-" "Googlebot/2.1 (+http://www.google.com/bot.html)"
199.47.82.19 - - [05/Jun/2025:21:30:54 +0200] "GET /robots.txt HTTP/1.1" 200 1590 "-" "Turnitin (https://bit.ly/2UvnfoQ)"
199.47.82.19 - - [05/Jun/2025:21:31:26 +0200] "GET /drupal/node?from=40 HTTP/1.1" 200 - "-" "Turnitin (https://bit.ly/2UvnfoQ)"
66.249.64.9 - - [05/Jun/2025:21:32:13 +0200] "GET /files/hajozo_3melleklet.pdf HTTP/1.1" 200 661395 "-" "Googlebot/2.1 (+http://www.google.com/bot.html)"
216.244.66.200 - - [05/Jun/2025:21:37:05 +0200] "GET /files/elektronikus.doc HTTP/1.1" 200 43520 "-" "Mozilla/5.0 (compatible; DotBot/1.2; +https://opensiteexplorer.org/dotbot; help@moz.com)"
216.244.66.200 - - [05/Jun/2025:21:37:53 +0200] "GET /files/10596_vizsgaszervezes_080609.pdf HTTP/1.1" 200 407932 "-" "Mozilla/5.0 (compatible; DotBot/1.2; +https://opensiteexplorer.org/dotbot; help@moz.com)"
216.244.66.200 - - [05/Jun/2025:21:38:29 +0200] "GET /files/A82D9693EE7B8315C125711600575572.htm.txt HTTP/1.1" 200 136881 "-" "Mozilla/5.0 (compatible; DotBot/1.2; +https://opensiteexplorer.org/dotbot; help@moz.com)"
216.244.66.200 - - [05/Jun/2025:21:39:04 +0200] "GET /files/Megyer-hegy_rendelet.pdf HTTP/1.1" 200 167911 "-" "Mozilla/5.0 (compatible; DotBot/1.2; +https://opensiteexplorer.org/dotbot; help@moz.com)"
216.244.66.200 - - [05/Jun/2025:21:39:53 +0200] "GET /files/allatgyogyaszati_keszitmenyek2006_01_31.pdf HTTP/1.1" 200 490468 "-" "Mozilla/5.0 (compatible; DotBot/1.2; +https://opensiteexplorer.org/dotbot; help@moz.com)"
216.244.66.200 - - [05/Jun/2025:21:40:27 +0200] "GET /files/bny_adatszolgaltatas_honlapra.doc HTTP/1.1" 200 140288 "-" "Mozilla/5.0 (compatible; DotBot/1.2; +https://opensiteexplorer.org/dotbot; help@moz.com)"
216.244.66.200 - - [05/Jun/2025:21:41:10 +0200] "GET /files/fogyved_kormrend_terv_090624-1.pdf HTTP/1.1" 200 191745 "-" "Mozilla/5.0 (compatible; DotBot/1.2; +https://opensiteexplorer.org/dotbot; help@moz.com)"
216.244.66.200 - - [05/Jun/2025:21:41:43 +0200] "GET /files/helyi_onkormanyzatok_muzeumok.doc HTTP/1.1" 200 40448 "-" "Mozilla/5.0 (compatible; DotBot/1.2; +https://opensiteexplorer.org/dotbot; help@moz.com)"
216.244.66.200 - - [05/Jun/2025:21:42:17 +0200] "GET /files/itkr_vezetoi_osszefoglalo_061031.pdf HTTP/1.1" 200 140745 "-" "Mozilla/5.0 (compatible; DotBot/1.2; +https://opensiteexplorer.org/dotbot; help@moz.com)"
4.227.36.28 - - [05/Jun/2025:21:42:18 +0200] "GET /robots.txt HTTP/1.1" 200 1590 "-" "Mozilla/5.0 AppleWebKit/537.36 (KHTML, like Gecko; compatible; GPTBot/1.2; +https://openai.com/gptbot)"
20.171.207.227 - - [05/Jun/2025:21:42:58 +0200] "GET /moodle/calendar/view.php?loan=100 HTTP/1.1" 200 - "-" "Mozilla/5.0 AppleWebKit/537.36 (KHTML, like Gecko; compatible; GPTBot/1.2; +https://openai.com/gptbot)"
216.244.66.200 - - [05/Jun/2025:21:43:06 +0200] "GET /files/korbetartozas_2007_03_27.doc HTTP/1.1" 200 369664 "-" "Mozilla/5.0 (compatible; DotBot/1.2; +https://opensiteexplorer.org/dotbot; help@moz.com)"
216.244.66.200 - - [05/Jun/2025:21:43:47 +0200] "GET /files/normaszoveg_szakmapolra_01.27.doc HTTP/1.1" 200 113664 "-" "Mozilla/5.0 (compatible; DotBot/1.2; +https://opensiteexplorer.org/dotbot; help@moz.com)"
66.249.70.67 - - [05/Jun/2025:21:44:18 +0200] "GET /files/hm_rendelet_tervezet_katasztrofak_elleni_vedekezes.pdf HTTP/1.1" 200 116508 "-" "Googlebot/2.1 (+http://www.google.com/bot.html)"
216.244.66.200 - - [05/Jun/2025:21:44:21 +0200] "GET /files/rat2005vegimodrend_2_melleklet_1222.doc HTTP/1.1" 200 50176 "-" "Mozilla/5.0 (compatible; DotBot/1.2; +https://opensiteexplorer.org/dotbot; help@moz.com)"
216.244.66.200 - - [05/Jun/2025:21:45:22 +0200] "GET /files/FoldesA_Jogalkot%C3%83%C2%A1s%20%C3%83%C2%A9s%20infoszabads%C3%83%C2%A1g.ppt HTTP/1.1" 200 - "-" "Mozilla/5.0 (compatible; DotBot/1.2; +https://opensiteexplorer.org/dotbot; help@moz.com)"
216.244.66.200 - - [05/Jun/2025:22:00:51 +0200] "GET /robots.txt HTTP/1.1" 200 1590 "-" "Mozilla/5.0 (compatible; DotBot/1.2; +https://opensiteexplorer.org/dotbot; help@moz.com)"
134.236.18.10 - - [05/Jun/2025:22:23:46 +0200] "GET / HTTP/1.1" 200 - "https://www.google.com/" "Mozilla/5.0 (Linux; Android 6.0.1; Nexus 5X Build/MMB29P) AppleWebKit/537.36 (KHTML, like Gecko) Chrome/W.X.Y.Z Mobile Safari/537.36 (compatible; Googlebot/2.1; +http://www.google.com/bot.html)"
134.236.18.10 - - [05/Jun/2025:22:24:18 +0200] "GET / HTTP/1.1" 200 - "https://www.google.com/" "Mozilla/5.0 (Linux; Android 6.0.1; Nexus 5X Build/MMB29P) AppleWebKit/537.36 (KHTML, like Gecko) Chrome/W.X.Y.Z Mobile Safari/537.36 (compatible; Googlebot/2.1; +http://www.google.com/bot.html)"
216.244.66.200 - - [05/Jun/2025:22:25:32 +0200] "GET /taxonomy/term/89/0/feed HTTP/1.1" 200 - "-" "Mozilla/5.0 (compatible; DotBot/1.2; +https://opensiteexplorer.org/dotbot; help@moz.com)"
66.249.64.9 - - [05/Jun/2025:22:26:06 +0200] "GET /files/gyermekek_helyzete_2005_terv_061211.pdf HTTP/1.1" 200 1027608 "-" "Googlebot/2.1 (+http://www.google.com/bot.html)"
66.249.64.11 - - [05/Jun/2025:22:42:25 +0200] "GET /files/felsooo_finanszterv_080124.pdf HTTP/1.1" 200 307884 "-" "Googlebot/2.1 (+http://www.google.com/bot.html)"
20.171.207.227 - - [05/Jun/2025:23:26:03 +0200] "GET /user/register HTTP/1.1" 200 - "-" "Mozilla/5.0 AppleWebKit/537.36 (KHTML, like Gecko; compatible; GPTBot/1.2; +https://openai.com/gptbot)"
66.249.64.10 - - [05/Jun/2025:23:29:24 +0200] "GET /files/ptk_kotelmi_jog.pdf HTTP/1.1" 200 706298 "-" "Mozilla/5.0 (Linux; Android 6.0.1; Nexus 5X Build/MMB29P) AppleWebKit/537.36 (KHTML, like Gecko) Chrome/136.0.7103.113 Mobile Safari/537.36 (compatible; GoogleOther)"
66.249.64.11 - - [05/Jun/2025:23:39:17 +0200] "GET /files/ptk_kotelmi_jog.pdf HTTP/1.1" 200 706298 "-" "Mozilla/5.0 (Linux; Android 6.0.1; Nexus 5X Build/MMB29P) AppleWebKit/537.36 (KHTML, like Gecko) Chrome/136.0.7103.113 Mobile Safari/537.36 (compatible; Googlebot/2.1; +http://www.google.com/bot.html)"
20.171.207.227 - - [05/Jun/2025:23:44:35 +0200] "GET /user/register HTTP/1.1" 200 - "-" "Mozilla/5.0 AppleWebKit/537.36 (KHTML, like Gecko; compatible; GPTBot/1.2; +https://openai.com/gptbot)"
20.171.207.227 - - [05/Jun/2025:23:45:22 +0200] "GET /user/register HTTP/1.1" 200 - "-" "Mozilla/5.0 AppleWebKit/537.36 (KHTML, like Gecko; compatible; GPTBot/1.2; +https://openai.com/gptbot)"
51.210.214.160 - - [05/Jun/2025:23:46:03 +0200] "GET /taxonomy/term/99/0/feed HTTP/1.1" 200 - "-" "Mozilla/5.0 (X11; Linux i686) AppleWebKit/537.36 (KHTML, like Gecko) Chrome/30.0.1599.66 Safari/537.36"
66.249.70.65 - - [05/Jun/2025:23:47:59 +0200] "GET /?gf_page=upload HTTP/1.1" 200 - "-" "Mozilla/5.0 (Linux; Android 6.0.1; Nexus 5X Build/MMB29P) AppleWebKit/537.36 (KHTML, like Gecko) Chrome/136.0.7103.113 Mobile Safari/537.36 (compatible; Googlebot/2.1; +http://www.google.com/bot.html)"
4.227.36.10 - - [05/Jun/2025:23:49:25 +0200] "GET /robots.txt HTTP/1.1" 200 1590 "-" "Mozilla/5.0 AppleWebKit/537.36 (KHTML, like Gecko; compatible; GPTBot/1.2; +https://openai.com/gptbot)"
20.171.207.227 - - [05/Jun/2025:23:51:36 +0200] "GET /user/register HTTP/1.1" 200 - "-" "Mozilla/5.0 AppleWebKit/537.36 (KHTML, like Gecko; compatible; GPTBot/1.2; +https://openai.com/gptbot)"
66.249.64.10 - - [05/Jun/2025:23:56:37 +0200] "GET / HTTP/1.1" 200 - "-" "Mozilla/5.0 (Linux; Android 6.0.1; Nexus 5X Build/MMB29P) AppleWebKit/537.36 (KHTML, like Gecko) Chrome/99.0.4844.84 Mobile Safari/537.36 (compatible; Googlebot/2.1; +http://www.google.com/bot.html)"
66.249.64.9 - - [05/Jun/2025:23:57:09 +0200] "GET / HTTP/1.1" 200 - "-" "Mozilla/5.0 (compatible; Googlebot/2.1; +http://www.google.com/bot.html)"
66.249.70.66 - - [05/Jun/2025:23:57:10 +0200] "GET /files/NKPIII_2sz_mell_kormhat.pdf HTTP/1.1" 200 83490 "-" "Googlebot/2.1 (+http://www.google.com/bot.html)"
20.191.45.212 - - [05/Jun/2025:23:57:39 +0200] "GET /favicon.ico HTTP/1.1" 404 57 "http://www.jogalkotas.hu/favicon.ico" "DuckDuckBot/1.1; (+http://duckduckgo.com/duckduckbot.html)"
20.191.45.212 - - [05/Jun/2025:23:58:01 +0200] "GET / HTTP/1.1" 200 - "http://www.jogalkotas.hu/" "DuckDuckBot/1.1; (+http://duckduckgo.com/duckduckbot.html)"
66.249.64.9 - - [05/Jun/2025:23:58:37 +0200] "GET / HTTP/1.1" 200 - "-" "Mozilla/5.0 (Linux; Android 6.0.1; Nexus 5X Build/MMB29P) AppleWebKit/537.36 (KHTML, like Gecko) Chrome/136.0.7103.113 Mobile Safari/537.36 (compatible; Googlebot/2.1; +http://www.google.com/bot.html)"
20.171.207.227 - - [05/Jun/2025:23:59:03 +0200] "GET /moodle/calendar/view.php?loan=100 HTTP/1.1" 200 - "-" "Mozilla/5.0 AppleWebKit/537.36 (KHTML, like Gecko; compatible; GPTBot/1.2; +https://openai.com/gptbot)"
66.249.64.9 - - [05/Jun/2025:23:59:09 +0200] "GET / HTTP/1.1" 200 - "-" "Mozilla/5.0 (compatible; Googlebot/2.1; +http://www.google.com/bot.html)"
66.249.70.65 - - [06/Jun/2025:00:00:13 +0200] "GET /files/eloterjesztes_szakmapol_utan_atdolgozott_090410.doc HTTP/1.1" 200 753152 "-" "Mozilla/5.0 (Linux; Android 6.0.1; Nexus 5X Build/MMB29P) AppleWebKit/537.36 (KHTML, like Gecko) Chrome/136.0.7103.113 Mobile Safari/537.36 (compatible; Googlebot/2.1; +http://www.google.com/bot.html)"
66.249.70.66 - - [06/Jun/2025:00:00:14 +0200] "GET /files/ptk_kotelmi_jog_0.pdf HTTP/1.1" 200 706298 "-" "Mozilla/5.0 (Linux; Android 6.0.1; Nexus 5X Build/MMB29P) AppleWebKit/537.36 (KHTML, like Gecko) Chrome/136.0.7103.113 Mobile Safari/537.36 (compatible; Googlebot/2.1; +http://www.google.com/bot.html)"
20.171.207.227 - - [06/Jun/2025:00:00:25 +0200] "GET /user/register HTTP/1.1" 200 - "-" "Mozilla/5.0 AppleWebKit/537.36 (KHTML, like Gecko; compatible; GPTBot/1.2; +https://openai.com/gptbot)"
66.249.64.9 - - [06/Jun/2025:00:00:40 +0200] "GET /files/lakrendmod_javaslat_indokolas_200709251.pdf HTTP/1.1" 200 122804 "-" "Googlebot/2.1 (+http://www.google.com/bot.html)"
66.249.64.9 - - [06/Jun/2025:00:05:37 +0200] "GET /files/gkm_kkv_strategia_20070907.pdf HTTP/1.1" 200 880672 "-" "Googlebot/2.1 (+http://www.google.com/bot.html)"
144.76.14.54 - - [06/Jun/2025:00:06:49 +0200] "GET /robots.txt HTTP/1.1" 200 1590 "-" "Mozilla/5.0 (Windows NT 10.0; Win64; x64; trendictionbot0.5.0; trendiction search; http://www.trendiction.de/bot; please let us know of any problems; web at trendiction.com) Gecko/20100101 Firefox/125.0"
144.76.14.54 - - [06/Jun/2025:00:07:22 +0200] "GET / HTTP/1.1" 200 - "-" "Mozilla/5.0 (Windows NT 10.0; Win64; x64; trendictionbot0.5.0; trendiction search; http://www.trendiction.de/bot; please let us know of any problems; web at trendiction.com) Gecko/20100101 Firefox/125.0"
144.76.14.54 - - [06/Jun/2025:00:07:54 +0200] "GET / HTTP/1.1" 200 - "-" "Mozilla/5.0 (Windows NT 10.0; Win64; x64; trendictionbot0.5.0; trendiction search; http://www.trendiction.de/bot; please let us know of any problems; web at trendiction.com) Gecko/20100101 Firefox/125.0"
66.249.64.9 - - [06/Jun/2025:00:08:17 +0200] "GET /files/vezetoi_osszefoglalo_061031.pdf HTTP/1.1" 200 147148 "-" "Googlebot/2.1 (+http://www.google.com/bot.html)"
144.76.14.54 - - [06/Jun/2025:00:08:26 +0200] "GET / HTTP/1.1" 200 - "-" "Mozilla/5.0 (Windows NT 10.0; Win64; x64; trendictionbot0.5.0; trendiction search; http://www.trendiction.de/bot; please let us know of any problems; web at trendiction.com) Gecko/20100101 Firefox/125.0"
144.76.14.54 - - [06/Jun/2025:00:08:58 +0200] "GET / HTTP/1.1" 200 - "-" "Mozilla/5.0 (Windows NT 10.0; Win64; x64; trendictionbot0.5.0; trendiction search; http://www.trendiction.de/bot; please let us know of any problems; web at trendiction.com) Gecko/20100101 Firefox/125.0"
207.166.160.49 - - [06/Jun/2025:00:10:36 +0200] "GET /files/NFGM3656.pdf HTTP/1.1" 200 34294 "-" "Mozilla/5.0 (Macintosh; Intel Mac OS X 10.15; rv:133.0) Gecko/20100101 Firefox/133.0"
207.166.160.88 - - [06/Jun/2025:00:10:37 +0200] "GET /files/NFGM3656.pdf HTTP/1.1" 200 154520 "-" "Mozilla/5.0 (Macintosh; Intel Mac OS X 10.15; rv:133.0) Gecko/20100101 Firefox/133.0"
66.249.70.66 - - [06/Jun/2025:00:14:15 +0200] "GET /files/kormeloterj_fogyeselykozalap.pdf HTTP/1.1" 200 358532 "-" "Googlebot/2.1 (+http://www.google.com/bot.html)"
20.171.207.101 - - [06/Jun/2025:00:19:32 +0200] "GET / HTTP/1.1" 200 - "-" "Mozilla/5.0 AppleWebKit/537.36 (KHTML, like Gecko; compatible; GPTBot/1.2; +https://openai.com/gptbot)"
20.171.207.227 - - [06/Jun/2025:00:19:32 +0200] "GET / HTTP/1.1" 200 - "-" "Mozilla/5.0 AppleWebKit/537.36 (KHTML, like Gecko; compatible; GPTBot/1.2; +https://openai.com/gptbot)"
20.171.207.101 - - [06/Jun/2025:00:24:51 +0200] "GET /server/php/ HTTP/1.1" 200 - "-" "Mozilla/5.0 AppleWebKit/537.36 (KHTML, like Gecko; compatible; GPTBot/1.2; +https://openai.com/gptbot)"
20.171.207.227 - - [06/Jun/2025:00:24:51 +0200] "GET /node/1157 HTTP/1.1" 200 - "-" "Mozilla/5.0 AppleWebKit/537.36 (KHTML, like Gecko; compatible; GPTBot/1.2; +https://openai.com/gptbot)"
20.171.207.101 - - [06/Jun/2025:00:25:23 +0200] "GET / HTTP/1.1" 200 - "-" "Mozilla/5.0 AppleWebKit/537.36 (KHTML, like Gecko; compatible; GPTBot/1.2; +https://openai.com/gptbot)"
20.171.207.227 - - [06/Jun/2025:00:25:24 +0200] "GET / HTTP/1.1" 200 - "-" "Mozilla/5.0 AppleWebKit/537.36 (KHTML, like Gecko; compatible; GPTBot/1.2; +https://openai.com/gptbot)"
20.171.207.227 - - [06/Jun/2025:00:26:24 +0200] "GET /taxonomy/term/87 HTTP/1.1" 200 - "-" "Mozilla/5.0 AppleWebKit/537.36 (KHTML, like Gecko; compatible; GPTBot/1.2; +https://openai.com/gptbot)"
66.249.64.9 - - [06/Jun/2025:00:26:27 +0200] "GET /files/nemzetkozi_karterites.pdf HTTP/1.1" 200 423190 "-" "Googlebot/2.1 (+http://www.google.com/bot.html)"
20.171.207.101 - - [06/Jun/2025:00:26:27 +0200] "GET /wp-content/plugins/photo-gallery/filemanager/UploadHandler.php HTTP/1.1" 200 - "-" "Mozilla/5.0 AppleWebKit/537.36 (KHTML, like Gecko; compatible; GPTBot/1.2; +https://openai.com/gptbot)"
20.171.207.227 - - [06/Jun/2025:00:27:26 +0200] "GET /node/81 HTTP/1.1" 200 - "-" "Mozilla/5.0 AppleWebKit/537.36 (KHTML, like Gecko; compatible; GPTBot/1.2; +https://openai.com/gptbot)"
20.171.207.101 - - [06/Jun/2025:00:27:31 +0200] "GET /taxonomy/term/92 HTTP/1.1" 200 - "-" "Mozilla/5.0 AppleWebKit/537.36 (KHTML, like Gecko; compatible; GPTBot/1.2; +https://openai.com/gptbot)"
20.171.207.227 - - [06/Jun/2025:00:28:27 +0200] "GET /node/792 HTTP/1.1" 200 - "-" "Mozilla/5.0 AppleWebKit/537.36 (KHTML, like Gecko; compatible; GPTBot/1.2; +https://openai.com/gptbot)"
20.171.207.101 - - [06/Jun/2025:00:28:34 +0200] "GET /taxonomy/term/55%2057%2058%2059%2060%2061%2062%2063%2064%2065%2066%2067%2068%2069%2070%2071%2072%2073%2074%2075?page=1 HTTP/1.1" 200 - "-" "Mozilla/5.0 AppleWebKit/537.36 (KHTML, like Gecko; compatible; GPTBot/1.2; +https://openai.com/gptbot)"
20.171.207.227 - - [06/Jun/2025:00:29:28 +0200] "GET /taxonomy/term/42/0 HTTP/1.1" 200 - "-" "Mozilla/5.0 AppleWebKit/537.36 (KHTML, like Gecko; compatible; GPTBot/1.2; +https://openai.com/gptbot)"
20.171.207.101 - - [06/Jun/2025:00:29:36 +0200] "GET /index.php?option=com_users&view=registration HTTP/1.1" 200 - "-" "Mozilla/5.0 AppleWebKit/537.36 (KHTML, like Gecko; compatible; GPTBot/1.2; +https://openai.com/gptbot)"
20.171.207.227 - - [06/Jun/2025:00:30:31 +0200] "GET /mwg-internal/de5fs23hu73ds/progress?id=xPJ_7YXDg_N9Wa3x0DVWsS93udryzBnqncPmTzowzTo%2C HTTP/1.1" 200 - "-" "Mozilla/5.0 AppleWebKit/537.36 (KHTML, like Gecko; compatible; GPTBot/1.2; +https://openai.com/gptbot)"
20.171.207.101 - - [06/Jun/2025:00:30:38 +0200] "GET /taxonomy/term/74 HTTP/1.1" 200 - "-" "Mozilla/5.0 AppleWebKit/537.36 (KHTML, like Gecko; compatible; GPTBot/1.2; +https://openai.com/gptbot)"
20.171.207.227 - - [06/Jun/2025:00:31:35 +0200] "GET /taxonomy/term/18 HTTP/1.1" 200 - "-" "Mozilla/5.0 AppleWebKit/537.36 (KHTML, like Gecko; compatible; GPTBot/1.2; +https://openai.com/gptbot)"
20.171.207.101 - - [06/Jun/2025:00:31:43 +0200] "GET /taxonomy/term/66 HTTP/1.1" 200 - "-" "Mozilla/5.0 AppleWebKit/537.36 (KHTML, like Gecko; compatible; GPTBot/1.2; +https://openai.com/gptbot)"
20.171.207.227 - - [06/Jun/2025:00:32:35 +0200] "GET /server/php/ HTTP/1.1" 200 - "-" "Mozilla/5.0 AppleWebKit/537.36 (KHTML, like Gecko; compatible; GPTBot/1.2; +https://openai.com/gptbot)"
20.171.207.101 - - [06/Jun/2025:00:32:46 +0200] "GET /taxonomy/term/57 HTTP/1.1" 200 - "-" "Mozilla/5.0 AppleWebKit/537.36 (KHTML, like Gecko; compatible; GPTBot/1.2; +https://openai.com/gptbot)"
20.171.207.227 - - [06/Jun/2025:00:33:38 +0200] "GET /node/1856 HTTP/1.1" 200 - "-" "Mozilla/5.0 AppleWebKit/537.36 (KHTML, like Gecko; compatible; GPTBot/1.2; +https://openai.com/gptbot)"
20.171.207.101 - - [06/Jun/2025:00:33:48 +0200] "GET /taxonomy/term/55%2057%2058%2059%2060%2061%2062%2063%2064%2065%2066%2067%2068%2069%2070%2071%2072%2073%2074%2075?page=1%27%5B0%5D HTTP/1.1" 200 - "-" "Mozilla/5.0 AppleWebKit/537.36 (KHTML, like Gecko; compatible; GPTBot/1.2; +https://openai.com/gptbot)"
20.171.207.227 - - [06/Jun/2025:00:34:42 +0200] "GET /wp-content/plugins/photo-gallery/filemanager/UploadHandler.php HTTP/1.1" 200 - "-" "Mozilla/5.0 AppleWebKit/537.36 (KHTML, like Gecko; compatible; GPTBot/1.2; +https://openai.com/gptbot)"
20.171.207.101 - - [06/Jun/2025:00:34:53 +0200] "GET /taxonomy/term/28?page=4 HTTP/1.1" 200 - "-" "Mozilla/5.0 AppleWebKit/537.36 (KHTML, like Gecko; compatible; GPTBot/1.2; +https://openai.com/gptbot)"
20.171.207.227 - - [06/Jun/2025:00:35:44 +0200] "GET /moodle/calendar/view.%3Cem%3Ephp%3C/em%3E?loan=13 HTTP/1.1" 200 - "-" "Mozilla/5.0 AppleWebKit/537.36 (KHTML, like Gecko; compatible; GPTBot/1.2; +https://openai.com/gptbot)"
154.16.192.208 - - [06/Jun/2025:00:35:53 +0200] "GET /robots.txt HTTP/1.1" 200 1590 "-" "Mozilla/5.0 (Windows; U; Windows NT 6.1; en-US; rv:1.9.1.5) Gecko/20091102 Firefox/3.5.5 (.NET CLR 3.5.30729)"
154.16.192.208 - - [06/Jun/2025:00:35:53 +0200] "GET /robots.txt HTTP/1.1" 200 1590 "-" "Mozilla/5.0 (Windows; U; Windows NT 6.1; en-US; rv:1.9.1.5) Gecko/20091102 Firefox/3.5.5 (.NET CLR 3.5.30729)"
154.16.192.208 - - [06/Jun/2025:00:36:10 +0200] "GET /files/ekozig2010strategia_0604.pdf HTTP/1.1" 200 34538 "-" "Mozilla/5.0 (Windows; U; Windows NT 6.1; en-US; rv:1.9.1.5) Gecko/20091102 Firefox/3.5.5 (.NET CLR 3.5.30729)"
154.16.192.208 - - [06/Jun/2025:00:36:24 +0200] "GET / HTTP/1.1" 200 - "-" "Mozilla/5.0 (Windows; U; Windows NT 6.1; en-US; rv:1.9.1.5) Gecko/20091102 Firefox/3.5.5 (.NET CLR 3.5.30729)"
154.16.192.208 - - [06/Jun/2025:00:36:24 +0200] "GET / HTTP/1.1" 200 - "-" "Mozilla/5.0 (Windows; U; Windows NT 6.1; en-US; rv:1.9.1.5) Gecko/20091102 Firefox/3.5.5 (.NET CLR 3.5.30729)"
66.249.70.65 - - [06/Jun/2025:00:49:27 +0200] "GET /files/fogyasztovedelmi_jogszabalyok_alkalmazasaer_0.pdf HTTP/1.1" 200 60858 "-" "Googlebot/2.1 (+http://www.google.com/bot.html)"
66.249.64.9 - - [06/Jun/2025:01:16:11 +0200] "GET /files/korm_vet_epit.pdf HTTP/1.1" 304 - "-" "Mozilla/5.0 (Linux; Android 6.0.1; Nexus 5X Build/MMB29P) AppleWebKit/537.36 (KHTML, like Gecko) Chrome/136.0.7103.113 Mobile Safari/537.36 (compatible; Googlebot/2.1; +http://www.google.com/bot.html)"
216.244.66.200 - - [06/Jun/2025:01:21:24 +0200] "GET /robots.txt HTTP/1.1" 200 1590 "-" "Mozilla/5.0 (compatible; DotBot/1.2; +https://opensiteexplorer.org/dotbot; help@moz.com)"
216.244.66.200 - - [06/Jun/2025:01:21:26 +0200] "GET /robots.txt HTTP/1.1" 200 1590 "-" "Mozilla/5.0 (compatible; DotBot/1.2; +https://opensiteexplorer.org/dotbot; help@moz.com)"
216.244.66.200 - - [06/Jun/2025:01:24:30 +0200] "GET /node?page=8 HTTP/1.1" 200 - "-" "Mozilla/5.0 (compatible; DotBot/1.2; +https://opensiteexplorer.org/dotbot; help@moz.com)"
216.244.66.200 - - [06/Jun/2025:01:25:01 +0200] "GET /node/2551 HTTP/1.1" 200 - "-" "Mozilla/5.0 (compatible; DotBot/1.2; +https://opensiteexplorer.org/dotbot; help@moz.com)"
43.159.128.237 - - [06/Jun/2025:01:25:16 +0200] "GET / HTTP/1.1" 200 - "-" "Mozilla/5.0 (iPhone; CPU iPhone OS 13_2_3 like Mac OS X) AppleWebKit/605.1.15 (KHTML, like Gecko) Version/13.0.3 Mobile/15E148 Safari/604.1"
216.244.66.200 - - [06/Jun/2025:01:25:41 +0200] "GET /node/2611 HTTP/1.1" 200 - "-" "Mozilla/5.0 (compatible; DotBot/1.2; +https://opensiteexplorer.org/dotbot; help@moz.com)"
216.244.66.200 - - [06/Jun/2025:01:26:31 +0200] "GET /taxonomy/term/83 HTTP/1.1" 200 - "-" "Mozilla/5.0 (compatible; DotBot/1.2; +https://opensiteexplorer.org/dotbot; help@moz.com)"
216.244.66.200 - - [06/Jun/2025:01:27:21 +0200] "GET /node?page=148 HTTP/1.1" 200 - "-" "Mozilla/5.0 (compatible; DotBot/1.2; +https://opensiteexplorer.org/dotbot; help@moz.com)"
216.244.66.200 - - [06/Jun/2025:01:28:11 +0200] "GET /node?page=201 HTTP/1.1" 200 - "-" "Mozilla/5.0 (compatible; DotBot/1.2; +https://opensiteexplorer.org/dotbot; help@moz.com)"
216.244.66.200 - - [06/Jun/2025:01:29:02 +0200] "GET /node?page=63 HTTP/1.1" 200 - "-" "Mozilla/5.0 (compatible; DotBot/1.2; +https://opensiteexplorer.org/dotbot; help@moz.com)"
216.244.66.200 - - [06/Jun/2025:01:29:52 +0200] "GET /node?page=84 HTTP/1.1" 200 - "-" "Mozilla/5.0 (compatible; DotBot/1.2; +https://opensiteexplorer.org/dotbot; help@moz.com)"
216.244.66.200 - - [06/Jun/2025:01:30:42 +0200] "GET /node/310 HTTP/1.1" 200 - "-" "Mozilla/5.0 (compatible; DotBot/1.2; +https://opensiteexplorer.org/dotbot; help@moz.com)"
216.244.66.200 - - [06/Jun/2025:01:31:32 +0200] "GET /node/389 HTTP/1.1" 200 - "-" "Mozilla/5.0 (compatible; DotBot/1.2; +https://opensiteexplorer.org/dotbot; help@moz.com)"
216.244.66.200 - - [06/Jun/2025:01:32:23 +0200] "GET /node/534 HTTP/1.1" 200 - "-" "Mozilla/5.0 (compatible; DotBot/1.2; +https://opensiteexplorer.org/dotbot; help@moz.com)"
66.249.70.67 - - [06/Jun/2025:02:14:09 +0200] "GET /files/mediacios_rendelkezesek_a_be_-ben_indokolas.pdf HTTP/1.1" 200 82373 "-" "Mozilla/5.0 (Linux; Android 6.0.1; Nexus 5X Build/MMB29P) AppleWebKit/537.36 (KHTML, like Gecko) Chrome/136.0.7103.113 Mobile Safari/537.36 (compatible; GoogleOther)"
66.249.64.9 - - [06/Jun/2025:02:27:12 +0200] "GET /files/legikozlvedszabkormelo.pdf HTTP/1.1" 200 239092 "-" "Mozilla/5.0 (Linux; Android 6.0.1; Nexus 5X Build/MMB29P) AppleWebKit/537.36 (KHTML, like Gecko) Chrome/136.0.7103.113 Mobile Safari/537.36 (compatible; Googlebot/2.1; +http://www.google.com/bot.html)"
89.169.15.216 - - [06/Jun/2025:02:31:15 +0200] "GET /?q=user/login HTTP/1.1" 200 - "-" "Mozilla/5.0 (Macintosh; Intel Mac OS X 10_12_0) AppleWebKit/537.36 (KHTML, like Gecko) Chrome/53.0.2819.87 Safari/537.36"
89.169.15.216 - - [06/Jun/2025:02:31:30 +0200] "GET /?q=user/login HTTP/1.1" 200 - "-" "Mozilla/5.0 (X11; Ubuntu; Linux i686 on x86_64) AppleWebKit/537.36 (KHTML, like Gecko) Chrome/54.0.2869.58 Safari/537.36"
5.255.231.246 - - [06/Jun/2025:02:48:49 +0200] "GET /robots.txt HTTP/1.1" 200 1590 "-" "Mozilla/5.0 (compatible; YandexBot/3.0; +http://yandex.com/bots)"
95.108.213.172 - - [06/Jun/2025:02:49:21 +0200] "GET /taxonomy/term/29 HTTP/1.1" 200 - "-" "Mozilla/5.0 (compatible; YandexBot/3.0; +http://yandex.com/bots)"
87.229.6.213 - - [06/Jun/2025:02:56:08 +0200] "GET / HTTP/1.1" 200 - "-" "Mozilla/5.0 (Windows NT 10.0; Win64; x64) AppleWebKit/537.36 (KHTML, like Gecko) Chrome/80.0.3987.132 Safari/537.36"
66.249.70.67 - - [06/Jun/2025:02:59:09 +0200] "GET /files/adomanyozhato_kituntetesek.pdf HTTP/1.1" 200 157740 "-" "Mozilla/5.0 (Linux; Android 6.0.1; Nexus 5X Build/MMB29P) AppleWebKit/537.36 (KHTML, like Gecko) Chrome/136.0.7103.113 Mobile Safari/537.36 (compatible; GoogleOther)"
216.244.66.200 - - [06/Jun/2025:03:07:30 +0200] "GET /robots.txt HTTP/1.1" 200 1590 "-" "Mozilla/5.0 (compatible; DotBot/1.2; +https://opensiteexplorer.org/dotbot; help@moz.com)"
213.180.203.25 - - [06/Jun/2025:03:07:56 +0200] "GET /taxonomy/term/29 HTTP/1.1" 200 - "-" "Mozilla/5.0 (compatible; YandexBot/3.0; +http://yandex.com/bots)"
216.244.66.200 - - [06/Jun/2025:03:12:09 +0200] "GET /node/12 HTTP/1.1" 200 - "-" "Mozilla/5.0 (compatible; DotBot/1.2; +https://opensiteexplorer.org/dotbot; help@moz.com)"
207.166.160.232 - - [06/Jun/2025:03:12:54 +0200] "GET /files/2_sz_melleklet_061031.pdf HTTP/1.1" 200 34296 "-" "Mozilla/5.0 (Macintosh; Intel Mac OS X 10.15; rv:133.0) Gecko/20100101 Firefox/133.0"
207.166.160.0 - - [06/Jun/2025:03:12:55 +0200] "GET /files/2_sz_melleklet_061031.pdf HTTP/1.1" 200 56446 "-" "Mozilla/5.0 (Macintosh; Intel Mac OS X 10.15; rv:133.0) Gecko/20100101 Firefox/133.0"
66.249.70.66 - - [06/Jun/2025:03:28:28 +0200] "GET /files/telepules_dok.pdf HTTP/1.1" 200 390907 "-" "Googlebot/2.1 (+http://www.google.com/bot.html)"
66.249.64.10 - - [06/Jun/2025:03:32:43 +0200] "GET /files/itkr_2008_eloterjesztes.pdf HTTP/1.1" 200 287744 "-" "Googlebot/2.1 (+http://www.google.com/bot.html)"
66.249.64.11 - - [06/Jun/2025:03:34:24 +0200] "GET /files/katonai_repules_tervezet.pdf HTTP/1.1" 200 140902 "-" "Googlebot/2.1 (+http://www.google.com/bot.html)"
66.249.70.67 - - [06/Jun/2025:03:38:32 +0200] "GET /files/NFGM2172.pdf HTTP/1.1" 200 254751 "-" "Googlebot/2.1 (+http://www.google.com/bot.html)"
66.249.70.67 - - [06/Jun/2025:03:44:08 +0200] "GET /files/szomszedos_060206.pdf HTTP/1.1" 200 152161 "-" "Mozilla/5.0 (Linux; Android 6.0.1; Nexus 5X Build/MMB29P) AppleWebKit/537.36 (KHTML, like Gecko) Chrome/136.0.7103.113 Mobile Safari/537.36 (compatible; GoogleOther)"
51.210.214.160 - - [06/Jun/2025:03:44:15 +0200] "GET /taxonomy/term/46/0/feed HTTP/1.1" 200 - "-" "Mozilla/5.0 (X11; Linux i686) AppleWebKit/537.36 (KHTML, like Gecko) Chrome/30.0.1599.66 Safari/537.36"
216.244.66.200 - - [06/Jun/2025:03:53:53 +0200] "GET /robots.txt HTTP/1.1" 200 1590 "-" "Mozilla/5.0 (compatible; DotBot/1.2; +https://opensiteexplorer.org/dotbot; help@moz.com)"
66.249.70.67 - - [06/Jun/2025:03:56:43 +0200] "GET /files/szakmai_es_inf_normativa_060310.pdf HTTP/1.1" 200 159262 "-" "Googlebot/2.1 (+http://www.google.com/bot.html)"
216.244.66.200 - - [06/Jun/2025:03:58:21 +0200] "GET /node/2531 HTTP/1.1" 200 - "-" "Mozilla/5.0 (compatible; DotBot/1.2; +https://opensiteexplorer.org/dotbot; help@moz.com)"
216.244.66.200 - - [06/Jun/2025:03:58:52 +0200] "GET /node/794 HTTP/1.1" 200 - "-" "Mozilla/5.0 (compatible; DotBot/1.2; +https://opensiteexplorer.org/dotbot; help@moz.com)"
66.249.70.67 - - [06/Jun/2025:03:59:09 +0200] "GET /files/10_2000tervezet_kozigre_1013.pdf HTTP/1.1" 200 140906 "-" "Mozilla/5.0 (Linux; Android 6.0.1; Nexus 5X Build/MMB29P) AppleWebKit/537.36 (KHTML, like Gecko) Chrome/136.0.7103.113 Mobile Safari/537.36 (compatible; GoogleOther)"
66.249.70.67 - - [06/Jun/2025:04:29:10 +0200] "GET /files/0215_azonos_t_s.pdf HTTP/1.1" 200 41730 "-" "Mozilla/5.0 (Linux; Android 6.0.1; Nexus 5X Build/MMB29P) AppleWebKit/537.36 (KHTML, like Gecko) Chrome/136.0.7103.113 Mobile Safari/537.36 (compatible; GoogleOther)"
216.244.66.200 - - [06/Jun/2025:04:40:11 +0200] "GET /robots.txt HTTP/1.1" 200 1590 "-" "Mozilla/5.0 (compatible; DotBot/1.2; +https://opensiteexplorer.org/dotbot; help@moz.com)"
216.244.66.200 - - [06/Jun/2025:04:40:13 +0200] "GET /robots.txt HTTP/1.1" 200 1590 "-" "Mozilla/5.0 (compatible; DotBot/1.2; +https://opensiteexplorer.org/dotbot; help@moz.com)"
216.244.66.200 - - [06/Jun/2025:04:43:49 +0200] "GET /node/999 HTTP/1.1" 200 - "-" "Mozilla/5.0 (compatible; DotBot/1.2; +https://opensiteexplorer.org/dotbot; help@moz.com)"
216.244.66.200 - - [06/Jun/2025:04:44:19 +0200] "GET /node/119 HTTP/1.1" 200 - "-" "Mozilla/5.0 (compatible; DotBot/1.2; +https://opensiteexplorer.org/dotbot; help@moz.com)"
216.244.66.200 - - [06/Jun/2025:04:45:00 +0200] "GET /node/1707 HTTP/1.1" 200 - "-" "Mozilla/5.0 (compatible; DotBot/1.2; +https://opensiteexplorer.org/dotbot; help@moz.com)"
216.244.66.200 - - [06/Jun/2025:04:45:50 +0200] "GET /node/1751 HTTP/1.1" 200 - "-" "Mozilla/5.0 (compatible; DotBot/1.2; +https://opensiteexplorer.org/dotbot; help@moz.com)"
216.244.66.200 - - [06/Jun/2025:04:46:40 +0200] "GET /node/2049 HTTP/1.1" 200 - "-" "Mozilla/5.0 (compatible; DotBot/1.2; +https://opensiteexplorer.org/dotbot; help@moz.com)"
216.244.66.200 - - [06/Jun/2025:04:47:30 +0200] "GET /node/208 HTTP/1.1" 200 - "-" "Mozilla/5.0 (compatible; DotBot/1.2; +https://opensiteexplorer.org/dotbot; help@moz.com)"
216.244.66.200 - - [06/Jun/2025:04:48:20 +0200] "GET /node/329 HTTP/1.1" 200 - "-" "Mozilla/5.0 (compatible; DotBot/1.2; +https://opensiteexplorer.org/dotbot; help@moz.com)"
216.244.66.200 - - [06/Jun/2025:04:49:11 +0200] "GET /node/464 HTTP/1.1" 200 - "-" "Mozilla/5.0 (compatible; DotBot/1.2; +https://opensiteexplorer.org/dotbot; help@moz.com)"
216.244.66.200 - - [06/Jun/2025:04:50:01 +0200] "GET /taxonomy/term/1?page=52 HTTP/1.1" 200 - "-" "Mozilla/5.0 (compatible; DotBot/1.2; +https://opensiteexplorer.org/dotbot; help@moz.com)"
216.244.66.200 - - [06/Jun/2025:04:50:51 +0200] "GET /taxonomy/term/21?page=21 HTTP/1.1" 200 - "-" "Mozilla/5.0 (compatible; DotBot/1.2; +https://opensiteexplorer.org/dotbot; help@moz.com)"
216.244.66.200 - - [06/Jun/2025:04:51:41 +0200] "GET /taxonomy/term/40?page=29 HTTP/1.1" 200 - "-" "Mozilla/5.0 (compatible; DotBot/1.2; +https://opensiteexplorer.org/dotbot; help@moz.com)"
66.249.70.66 - - [06/Jun/2025:05:05:43 +0200] "GET /files/Eloterjesztes_2007_10_10.pdf HTTP/1.1" 200 160410 "-" "Googlebot/2.1 (+http://www.google.com/bot.html)"
66.249.70.66 - - [06/Jun/2025:05:14:09 +0200] "GET /files/Tervezet_a_fizetesi_meghagyasos_eljarassal_kapcsolatos_rendeletekrol.pdf HTTP/1.1" 200 772531 "-" "Mozilla/5.0 (Linux; Android 6.0.1; Nexus 5X Build/MMB29P) AppleWebKit/537.36 (KHTML, like Gecko) Chrome/136.0.7103.113 Mobile Safari/537.36 (compatible; GoogleOther)"
87.97.57.41 - - [06/Jun/2025:05:16:43 +0200] "GET /files/hadkotelesek_hm_eum_rendelet_tervezet_melleklet.pdf HTTP/1.1" 200 713160 "-" "Mozilla/5.0 (Linux; Android 10; K) AppleWebKit/537.36 (KHTML, like Gecko) Chrome/137.0.0.0 Mobile Safari/537.36"
146.174.175.98 - - [06/Jun/2025:05:38:14 +0200] "GET /taxonomy/term/55%2057%2058%2059%2060%2061%2062%2063%2064%2065%2066%2067%2068%2069%2070%2071%2072%2073%2074%2075?page=1 HTTP/1.1" 200 - "-" "Mozilla/5.0 (Windows NT 5.1) AppleWebKit/537.36 (KHTML, like Gecko) Chrome/36.0.1985.67 Safari/537.36"
54.219.138.101 - - [06/Jun/2025:05:41:11 +0200] "GET / HTTP/1.1" 200 - "-" "bitdiscovery-suggestions"
66.249.64.9 - - [06/Jun/2025:05:58:12 +0200] "GET /files/_2g9oa2t42ee0meub9cagn4st0cs_.pdf HTTP/1.1" 304 - "-" "Mozilla/5.0 (Linux; Android 6.0.1; Nexus 5X Build/MMB29P) AppleWebKit/537.36 (KHTML, like Gecko) Chrome/136.0.7103.113 Mobile Safari/537.36 (compatible; Googlebot/2.1; +http://www.google.com/bot.html)"
66.249.70.66 - - [06/Jun/2025:05:59:09 +0200] "GET /files/onyf_eloterj_061204.pdf HTTP/1.1" 200 218058 "-" "Mozilla/5.0 (Linux; Android 6.0.1; Nexus 5X Build/MMB29P) AppleWebKit/537.36 (KHTML, like Gecko) Chrome/136.0.7103.113 Mobile Safari/537.36 (compatible; GoogleOther)"
66.249.70.67 - - [06/Jun/2025:06:18:03 +0200] "GET /files/fulbrighteloterjesztes20060327.pdf HTTP/1.1" 200 141899 "-" "Googlebot/2.1 (+http://www.google.com/bot.html)"
147.185.132.115 - - [06/Jun/2025:06:23:51 +0200] "GET / HTTP/1.1" 200 - "-" "Expanse, a Palo Alto Networks company, searches across the global IPv4 space multiple times per day to identify customers' presences on the Internet. If you would like to be excluded from our scans, please send IP addresses/domains to: scaninfo@paloaltonetworks.com"
216.244.66.200 - - [06/Jun/2025:06:24:39 +0200] "GET /robots.txt HTTP/1.1" 200 1590 "-" "Mozilla/5.0 (compatible; DotBot/1.2; +https://opensiteexplorer.org/dotbot; help@moz.com)"
216.244.66.200 - - [06/Jun/2025:06:24:39 +0200] "GET /robots.txt HTTP/1.1" 200 1590 "-" "Mozilla/5.0 (compatible; DotBot/1.2; +https://opensiteexplorer.org/dotbot; help@moz.com)"
216.244.66.200 - - [06/Jun/2025:06:29:05 +0200] "GET /node/91 HTTP/1.1" 200 - "-" "Mozilla/5.0 (compatible; DotBot/1.2; +https://opensiteexplorer.org/dotbot; help@moz.com)"
66.249.64.10 - - [06/Jun/2025:06:29:20 +0200] "GET /files/7_mell_FAVI_KARINFO_B3.doc HTTP/1.1" 304 - "-" "Mozilla/5.0 (Linux; Android 6.0.1; Nexus 5X Build/MMB29P) AppleWebKit/537.36 (KHTML, like Gecko) Chrome/136.0.7103.113 Mobile Safari/537.36 (compatible; Googlebot/2.1; +http://www.google.com/bot.html)"
216.244.66.200 - - [06/Jun/2025:06:29:35 +0200] "GET /node/1030 HTTP/1.1" 200 - "-" "Mozilla/5.0 (compatible; DotBot/1.2; +https://opensiteexplorer.org/dotbot; help@moz.com)"
216.244.66.200 - - [06/Jun/2025:06:30:15 +0200] "GET /node/808 HTTP/1.1" 200 - "-" "Mozilla/5.0 (compatible; DotBot/1.2; +https://opensiteexplorer.org/dotbot; help@moz.com)"
66.249.64.9 - - [06/Jun/2025:06:31:48 +0200] "GET /files/gyermekszegenyseg_tervezet_4_ogyhat_070125.pdf HTTP/1.1" 200 142893 "-" "Googlebot/2.1 (+http://www.google.com/bot.html)"
66.249.70.66 - - [06/Jun/2025:06:38:11 +0200] "GET /files/indok.pdf HTTP/1.1" 200 50987 "-" "Googlebot/2.1 (+http://www.google.com/bot.html)"
