216.244.66.200 - - [10/Jun/2025:09:50:27 +0200] "GET /files/0403_igszolgdij_0322.doc HTTP/1.1" 200 312832 "-" "Mozilla/5.0 (compatible; DotBot/1.2; +https://opensiteexplorer.org/dotbot; help@moz.com)"
216.244.66.200 - - [10/Jun/2025:09:51:33 +0200] "GET /files/a_szakmai_protokollok_k%C3%83%C2%A9sz%C3%83%C2%ADt%C3%83%C2%A9s%C3%83%C2%A9nek_elj%C3%83%C2%A1r%C3%83%C2%A1srendj%C3%83%C2%A9r%C3%85%E2%80%98l_sz%C3%83%C2%B3l%C3%83%C2%B3_e%C3%83%C2%BCm_rendelet_tervezet_12.doc HTTP/1.1" 200 - "-" "Mozilla/5.0 (compatible; DotBot/1.2; +https://opensiteexplorer.org/dotbot; help@moz.com)"
216.244.66.200 - - [10/Jun/2025:09:53:34 +0200] "GET /taxonomy/term/107/0/feed HTTP/1.1" 200 - "-" "Mozilla/5.0 (compatible; DotBot/1.2; +https://opensiteexplorer.org/dotbot; help@moz.com)"
74.208.59.106 - - [10/Jun/2025:09:56:42 +0200] "HEAD /public_html.zip HTTP/1.1" 200 - "-" "-"
205.196.217.57 - - [10/Jun/2025:09:56:50 +0200] "HEAD /wordpress.zip HTTP/1.1" 200 - "-" "-"
37.187.94.3 - - [10/Jun/2025:09:58:21 +0200] "GET /robots.txt HTTP/1.1" 200 1590 "-" "Mozilla/5.0 (compatible; MJ12bot/v1.4.8; http://mj12bot.com/)"
37.187.94.3 - - [10/Jun/2025:09:59:03 +0200] "GET /files/9-93.normasz%C3%83%C2%B6veg.m%C3%83%C2%B3d.2007.febr.T%C3%83?RCA.doc HTTP/1.1" 200 - "-" "Mozilla/5.0 (compatible; MJ12bot/v1.4.8; http://mj12bot.com/)"
66.249.70.65 - - [10/Jun/2025:09:59:30 +0200] "GET /files/1745_10.pdf HTTP/1.1" 200 159484 "-" "Googlebot/2.1 (+http://www.google.com/bot.html)"
66.249.64.11 - - [10/Jun/2025:10:08:15 +0200] "GET / HTTP/1.1" 200 - "-" "Mozilla/5.0 (Linux; Android 6.0.1; Nexus 5X Build/MMB29P) AppleWebKit/537.36 (KHTML, like Gecko) Chrome/99.0.4844.84 Mobile Safari/537.36 (compatible; Googlebot/2.1; +http://www.google.com/bot.html)"
216.244.66.200 - - [10/Jun/2025:10:08:31 +0200] "GET /node/453 HTTP/1.1" 200 - "-" "Mozilla/5.0 (compatible; DotBot/1.2; +https://opensiteexplorer.org/dotbot; help@moz.com)"
66.249.64.10 - - [10/Jun/2025:10:08:47 +0200] "GET / HTTP/1.1" 200 - "-" "Mozilla/5.0 (compatible; Googlebot/2.1; +http://www.google.com/bot.html)"
66.249.64.9 - - [10/Jun/2025:10:09:19 +0200] "GET / HTTP/1.1" 200 - "-" "Mozilla/5.0 (Linux; Android 6.0.1; Nexus 5X Build/MMB29P) AppleWebKit/537.36 (KHTML, like Gecko) Chrome/136.0.7103.113 Mobile Safari/537.36 (compatible; Googlebot/2.1; +http://www.google.com/bot.html)"
66.249.64.10 - - [10/Jun/2025:10:09:51 +0200] "GET / HTTP/1.1" 200 - "-" "Mozilla/5.0 (compatible; Googlebot/2.1; +http://www.google.com/bot.html)"
91.33.170.138 - - [10/Jun/2025:10:16:51 +0200] "GET /files/cegbejegyzesi_eljaras_21_per_2006__02_12_fin.doc HTTP/1.1" 200 54272 "-" "Mozilla/5.0 (Windows NT 10.0; WOW64; Trident/7.0; rv:11.0) like Gecko"
85.204.70.102 - - [10/Jun/2025:10:26:48 +0200] "GET / HTTP/1.1" 200 - "-" "Mozilla/5.0 (Windows NT 10.0; Win64; x64) AppleWebKit/537.36 (KHTML, like Gecko) Chrome/78.0.3904.108 Safari/537.36"
91.238.180.174 - - [10/Jun/2025:10:27:16 +0200] "GET / HTTP/1.1" 200 - "-" "Mozilla/5.0 (Windows NT 10.0; Win64; x64) AppleWebKit/537.36 (KHTML, like Gecko) Chrome/78.0.3904.108 Safari/537.36"
146.70.194.244 - - [10/Jun/2025:10:32:25 +0200] "GET / HTTP/1.1" 200 - "-" "Mozilla/5.0 (Windows NT 10.0; Win64; x64) AppleWebKit/537.36 (KHTML, like Gecko) Chrome/78.0.3904.108 Safari/537.36"
146.70.194.244 - - [10/Jun/2025:10:32:57 +0200] "GET / HTTP/1.1" 200 - "-" "Mozilla/5.0 (Windows NT 10.0; Win64; x64) AppleWebKit/537.36 (KHTML, like Gecko) Chrome/78.0.3904.108 Safari/537.36"
146.70.194.244 - - [10/Jun/2025:10:33:29 +0200] "GET /wp-includes/wlwmanifest.xml HTTP/1.1" 200 - "-" "Mozilla/5.0 (Windows NT 10.0; Win64; x64) AppleWebKit/537.36 (KHTML, like Gecko) Chrome/78.0.3904.108 Safari/537.36"
216.244.66.200 - - [10/Jun/2025:10:33:37 +0200] "GET /robots.txt HTTP/1.1" 200 1590 "-" "Mozilla/5.0 (compatible; DotBot/1.2; +https://opensiteexplorer.org/dotbot; help@moz.com)"
216.244.66.200 - - [10/Jun/2025:10:44:25 +0200] "GET /files/9-2002_im_rend__szakami_indokolas.doc HTTP/1.1" 200 101376 "-" "Mozilla/5.0 (compatible; DotBot/1.2; +https://opensiteexplorer.org/dotbot; help@moz.com)"
216.244.66.200 - - [10/Jun/2025:10:44:37 +0200] "GET /files/_5adgmopt2ehgn4ql0doml6rrddtpmm1kbkdl6cobcek_.pdf HTTP/1.1" 200 150283 "-" "Mozilla/5.0 (compatible; DotBot/1.2; +https://opensiteexplorer.org/dotbot; help@moz.com)"
66.249.70.66 - - [10/Jun/2025:11:32:11 +0200] "GET /files/alk_tvjav.pdf HTTP/1.1" 304 - "-" "Mozilla/5.0 (Linux; Android 6.0.1; Nexus 5X Build/MMB29P) AppleWebKit/537.36 (KHTML, like Gecko) Chrome/136.0.7103.113 Mobile Safari/537.36 (compatible; Googlebot/2.1; +http://www.google.com/bot.html)"
216.244.66.200 - - [10/Jun/2025:11:38:41 +0200] "GET /robots.txt HTTP/1.1" 200 1590 "-" "Mozilla/5.0 (compatible; DotBot/1.2; +https://opensiteexplorer.org/dotbot; help@moz.com)"
216.244.66.200 - - [10/Jun/2025:11:49:43 +0200] "GET /files/kulfoldiek_foglalkoztatasa_060316.pdf HTTP/1.1" 200 159451 "-" "Mozilla/5.0 (compatible; DotBot/1.2; +https://opensiteexplorer.org/dotbot; help@moz.com)"
216.244.66.200 - - [10/Jun/2025:11:49:43 +0200] "GET /files/k%C3%83%C2%B6zgy%C3%83%C2%B3gyell%C3%83%C2%A1t%C3%83%C2%A1ssal_kapcsolatos_%C3%83%C2%BAj_e%C3%83%C2%BCm_rendelet_tervezet_6.doc HTTP/1.1" 200 - "-" "Mozilla/5.0 (compatible; DotBot/1.2; +https://opensiteexplorer.org/dotbot; help@moz.com)"
216.244.66.200 - - [10/Jun/2025:11:49:55 +0200] "GET /files/nivodij_terv_091113.pdf HTTP/1.1" 200 321685 "-" "Mozilla/5.0 (compatible; DotBot/1.2; +https://opensiteexplorer.org/dotbot; help@moz.com)"
4.227.36.104 - - [10/Jun/2025:12:06:34 +0200] "GET /robots.txt HTTP/1.1" 200 1590 "-" "Mozilla/5.0 AppleWebKit/537.36 (KHTML, like Gecko; compatible; GPTBot/1.2; +https://openai.com/gptbot)"
20.171.207.143 - - [10/Jun/2025:12:07:15 +0200] "GET / HTTP/1.1" 200 - "-" "Mozilla/5.0 AppleWebKit/537.36 (KHTML, like Gecko; compatible; GPTBot/1.2; +https://openai.com/gptbot)"
20.171.207.143 - - [10/Jun/2025:12:07:45 +0200] "GET /drupal/node/27 HTTP/1.1" 200 - "-" "Mozilla/5.0 AppleWebKit/537.36 (KHTML, like Gecko; compatible; GPTBot/1.2; +https://openai.com/gptbot)"
216.244.66.200 - - [10/Jun/2025:12:28:54 +0200] "GET /robots.txt HTTP/1.1" 200 1590 "-" "Mozilla/5.0 (compatible; DotBot/1.2; +https://opensiteexplorer.org/dotbot; help@moz.com)"
216.244.66.200 - - [10/Jun/2025:12:28:56 +0200] "GET /robots.txt HTTP/1.1" 200 1590 "-" "Mozilla/5.0 (compatible; DotBot/1.2; +https://opensiteexplorer.org/dotbot; help@moz.com)"
185.117.225.11 - - [10/Jun/2025:12:29:04 +0200] "GET /robots.txt HTTP/1.1" 200 1590 "-" "python-requests/2.31.0"
185.117.225.11 - - [10/Jun/2025:12:29:36 +0200] "GET / HTTP/1.1" 200 - "-" "Mozilla/5.0 (compatible; BitSightBot/1.0)"
216.244.66.200 - - [10/Jun/2025:12:37:01 +0200] "GET /taxonomy/term/41 HTTP/1.1" 200 - "-" "Mozilla/5.0 (compatible; DotBot/1.2; +https://opensiteexplorer.org/dotbot; help@moz.com)"
66.249.64.10 - - [10/Jun/2025:12:38:39 +0200] "GET /files/elismereses_hm_rendelet_modositasa.pdf HTTP/1.1" 200 109153 "-" "Googlebot/2.1 (+http://www.google.com/bot.html)"
66.249.70.66 - - [10/Jun/2025:12:38:51 +0200] "GET /files/rendtervezet_20060508.pdf HTTP/1.1" 200 109603 "-" "Googlebot/2.1 (+http://www.google.com/bot.html)"
216.244.66.200 - - [10/Jun/2025:12:42:35 +0200] "GET /files/0306_tjf_110el_t..doc HTTP/1.1" 200 780800 "-" "Mozilla/5.0 (compatible; DotBot/1.2; +https://opensiteexplorer.org/dotbot; help@moz.com)"
216.244.66.200 - - [10/Jun/2025:12:42:47 +0200] "GET /files/37per2004_ESZCSM_rend_mod_100302.doc HTTP/1.1" 200 108544 "-" "Mozilla/5.0 (compatible; DotBot/1.2; +https://opensiteexplorer.org/dotbot; help@moz.com)"
216.244.66.200 - - [10/Jun/2025:12:43:29 +0200] "GET /files/60_2004___vii__6___eszcsm_rendelet_m%C3%83%C2%B3dos%C3%83%C2%ADt%C3%83%C2%A1sa_6.doc HTTP/1.1" 200 - "-" "Mozilla/5.0 (compatible; DotBot/1.2; +https://opensiteexplorer.org/dotbot; help@moz.com)"
216.244.66.200 - - [10/Jun/2025:12:44:10 +0200] "GET /files/a_szakmai_protokollok_k%C3%83%C2%A9sz%C3%83%C2%ADt%C3%83%C2%A9s%C3%83%C2%A9nek_elj%C3%83%C2%A1r%C3%83%C2%A1srendj%C3%83%C2%A9r%C3%85%E2%80%98l_sz%C3%83%C2%B3l%C3%83%C2%B3_e%C3%83%C2%BCm_rendelet_tervezet_10.doc HTTP/1.1" 200 - "-" "Mozilla/5.0 (compatible; DotBot/1.2; +https://opensiteexplorer.org/dotbot; help@moz.com)"
216.244.66.200 - - [10/Jun/2025:12:44:30 +0200] "GET /files/alapf_muv_okt_kovet_III_060414.pdf HTTP/1.1" 200 252060 "-" "Mozilla/5.0 (compatible; DotBot/1.2; +https://opensiteexplorer.org/dotbot; help@moz.com)"
216.244.66.200 - - [10/Jun/2025:12:45:01 +0200] "GET /files/indok.pdf HTTP/1.1" 200 50987 "-" "Mozilla/5.0 (compatible; DotBot/1.2; +https://opensiteexplorer.org/dotbot; help@moz.com)"
216.244.66.200 - - [10/Jun/2025:12:49:12 +0200] "GET /node/2520 HTTP/1.1" 200 - "-" "Mozilla/5.0 (compatible; DotBot/1.2; +https://opensiteexplorer.org/dotbot; help@moz.com)"
216.244.66.200 - - [10/Jun/2025:12:49:41 +0200] "GET /node/2615 HTTP/1.1" 200 - "-" "Mozilla/5.0 (compatible; DotBot/1.2; +https://opensiteexplorer.org/dotbot; help@moz.com)"
216.244.66.200 - - [10/Jun/2025:12:50:10 +0200] "GET /node/2605 HTTP/1.1" 200 - "-" "Mozilla/5.0 (compatible; DotBot/1.2; +https://opensiteexplorer.org/dotbot; help@moz.com)"
216.244.66.200 - - [10/Jun/2025:12:56:53 +0200] "GET /node?page=112 HTTP/1.1" 200 - "-" "Mozilla/5.0 (compatible; DotBot/1.2; +https://opensiteexplorer.org/dotbot; help@moz.com)"
216.244.66.200 - - [10/Jun/2025:12:57:44 +0200] "GET /node?page=82 HTTP/1.1" 200 - "-" "Mozilla/5.0 (compatible; DotBot/1.2; +https://opensiteexplorer.org/dotbot; help@moz.com)"
66.249.64.11 - - [10/Jun/2025:12:58:08 +0200] "GET /drupal/files/ekozig_strategia.pdf HTTP/1.1" 200 - "-" "Googlebot/2.1 (+http://www.google.com/bot.html)"
216.244.66.200 - - [10/Jun/2025:12:58:35 +0200] "GET /node/2004 HTTP/1.1" 200 - "-" "Mozilla/5.0 (compatible; DotBot/1.2; +https://opensiteexplorer.org/dotbot; help@moz.com)"
47.84.160.49 - - [10/Jun/2025:12:59:00 +0200] "GET /drupal/files/korkedv_minrend_terv_070626.pdf HTTP/1.1" 200 - "-" "Mozilla/5.0 (X11; Linux x86_64) AppleWebKit/537.36 (KHTML, like Gecko) Internet Explorer/81.0.1010.19 Safari/537.36"
216.244.66.200 - - [10/Jun/2025:12:59:25 +0200] "GET /node?page=241 HTTP/1.1" 200 - "-" "Mozilla/5.0 (compatible; DotBot/1.2; +https://opensiteexplorer.org/dotbot; help@moz.com)"
47.84.144.160 - - [10/Jun/2025:12:59:30 +0200] "GET /drupal/files/korkedv_minrend_terv_070626.pdf HTTP/1.1" 200 - "-" "Mozilla/5.0 (Windows NT 6.1; WOW64) AppleWebKit/537.36 (KHTML, like Gecko) Chrome/95.0.1558.134 Safari/537.36"
66.249.70.67 - - [10/Jun/2025:12:59:43 +0200] "GET /files/erdok_tuz_elleni_vedelme.pdf HTTP/1.1" 200 161948 "-" "Googlebot/2.1 (+http://www.google.com/bot.html)"
216.244.66.200 - - [10/Jun/2025:13:00:16 +0200] "GET /node?page=47 HTTP/1.1" 200 - "-" "Mozilla/5.0 (compatible; DotBot/1.2; +https://opensiteexplorer.org/dotbot; help@moz.com)"
216.244.66.200 - - [10/Jun/2025:13:01:06 +0200] "GET /node?page=65 HTTP/1.1" 200 - "-" "Mozilla/5.0 (compatible; DotBot/1.2; +https://opensiteexplorer.org/dotbot; help@moz.com)"
216.244.66.200 - - [10/Jun/2025:13:01:56 +0200] "GET /node?page=69 HTTP/1.1" 200 - "-" "Mozilla/5.0 (compatible; DotBot/1.2; +https://opensiteexplorer.org/dotbot; help@moz.com)"
216.244.66.200 - - [10/Jun/2025:13:02:47 +0200] "GET /node/1066 HTTP/1.1" 200 - "-" "Mozilla/5.0 (compatible; DotBot/1.2; +https://opensiteexplorer.org/dotbot; help@moz.com)"
66.249.64.9 - - [10/Jun/2025:13:09:22 +0200] "GET /files/14409_9.pdf HTTP/1.1" 200 298621 "-" "Googlebot/2.1 (+http://www.google.com/bot.html)"
170.106.107.87 - - [10/Jun/2025:13:21:28 +0200] "GET / HTTP/1.1" 200 - "-" "Mozilla/5.0 (iPhone; CPU iPhone OS 13_2_3 like Mac OS X) AppleWebKit/605.1.15 (KHTML, like Gecko) Version/13.0.3 Mobile/15E148 Safari/604.1"
216.244.66.200 - - [10/Jun/2025:13:24:02 +0200] "GET /robots.txt HTTP/1.1" 200 1590 "-" "Mozilla/5.0 (compatible; DotBot/1.2; +https://opensiteexplorer.org/dotbot; help@moz.com)"
216.244.66.200 - - [10/Jun/2025:13:24:02 +0200] "GET /robots.txt HTTP/1.1" 200 1590 "-" "Mozilla/5.0 (compatible; DotBot/1.2; +https://opensiteexplorer.org/dotbot; help@moz.com)"
52.167.144.67 - - [10/Jun/2025:13:32:32 +0200] "GET /robots.txt HTTP/1.1" 200 1590 "-" "Mozilla/5.0 AppleWebKit/537.36 (KHTML, like Gecko; compatible; bingbot/2.0; +http://www.bing.com/bingbot.htm) Chrome/116.0.1938.76 Safari/537.36"
157.55.39.200 - - [10/Jun/2025:13:32:45 +0200] "GET /files/HU-BIH_Szoc_Bizt_Egy_Vegrehajtasi_Megall_egyezmeny.doc HTTP/1.1" 200 232960 "-" "Mozilla/5.0 AppleWebKit/537.36 (KHTML, like Gecko; compatible; bingbot/2.0; +http://www.bing.com/bingbot.htm) Chrome/116.0.1938.76 Safari/537.36"
216.244.66.200 - - [10/Jun/2025:13:42:31 +0200] "GET /node/2557 HTTP/1.1" 200 - "-" "Mozilla/5.0 (compatible; DotBot/1.2; +https://opensiteexplorer.org/dotbot; help@moz.com)"
216.244.66.200 - - [10/Jun/2025:13:43:01 +0200] "GET /taxonomy/term/88 HTTP/1.1" 200 - "-" "Mozilla/5.0 (compatible; DotBot/1.2; +https://opensiteexplorer.org/dotbot; help@moz.com)"
216.244.66.200 - - [10/Jun/2025:13:43:31 +0200] "GET /node/2547 HTTP/1.1" 200 - "-" "Mozilla/5.0 (compatible; DotBot/1.2; +https://opensiteexplorer.org/dotbot; help@moz.com)"
216.244.66.200 - - [10/Jun/2025:13:44:26 +0200] "GET /node/31 HTTP/1.1" 200 - "-" "Mozilla/5.0 (compatible; DotBot/1.2; +https://opensiteexplorer.org/dotbot; help@moz.com)"
216.244.66.200 - - [10/Jun/2025:13:51:55 +0200] "GET /node?page=72 HTTP/1.1" 200 - "-" "Mozilla/5.0 (compatible; DotBot/1.2; +https://opensiteexplorer.org/dotbot; help@moz.com)"
216.244.66.200 - - [10/Jun/2025:13:52:45 +0200] "GET /node?page=89 HTTP/1.1" 200 - "-" "Mozilla/5.0 (compatible; DotBot/1.2; +https://opensiteexplorer.org/dotbot; help@moz.com)"
216.244.66.200 - - [10/Jun/2025:13:53:35 +0200] "GET /user/10 HTTP/1.1" 200 - "-" "Mozilla/5.0 (compatible; DotBot/1.2; +https://opensiteexplorer.org/dotbot; help@moz.com)"
216.244.66.200 - - [10/Jun/2025:13:54:26 +0200] "GET /taxonomy/term/52?page=23 HTTP/1.1" 200 - "-" "Mozilla/5.0 (compatible; DotBot/1.2; +https://opensiteexplorer.org/dotbot; help@moz.com)"
216.244.66.200 - - [10/Jun/2025:13:55:16 +0200] "GET /node/1275 HTTP/1.1" 200 - "-" "Mozilla/5.0 (compatible; DotBot/1.2; +https://opensiteexplorer.org/dotbot; help@moz.com)"
216.244.66.200 - - [10/Jun/2025:13:56:06 +0200] "GET /node/1307 HTTP/1.1" 200 - "-" "Mozilla/5.0 (compatible; DotBot/1.2; +https://opensiteexplorer.org/dotbot; help@moz.com)"
216.244.66.200 - - [10/Jun/2025:13:56:57 +0200] "GET /node/1506 HTTP/1.1" 200 - "-" "Mozilla/5.0 (compatible; DotBot/1.2; +https://opensiteexplorer.org/dotbot; help@moz.com)"
185.47.163.138 - - [10/Jun/2025:13:58:10 +0200] "GET /files/ptk.csaladjog_0.pdf HTTP/1.1" 200 429444 "https://www.google.com/" "Mozilla/5.0 (Windows NT 10.0; Win64; x64) AppleWebKit/537.36 (KHTML, like Gecko) Chrome/137.0.0.0 Safari/537.36"
185.47.163.138 - - [10/Jun/2025:13:58:10 +0200] "GET /favicon.ico HTTP/1.1" 404 57 "http://jogalkotas.hu/files/ptk.csaladjog_0.pdf" "Mozilla/5.0 (Windows NT 10.0; Win64; x64) AppleWebKit/537.36 (KHTML, like Gecko) Chrome/137.0.0.0 Safari/537.36"
84.206.11.96 - - [10/Jun/2025:14:00:34 +0200] "GET /favicon.ico HTTP/1.1" 404 57 "http://www.jogalkotas.hu/files/tanev_rendje_2007_08_061229.pdf" "Mozilla/5.0 (Windows NT 10.0; Win64; x64) AppleWebKit/537.36 (KHTML, like Gecko) Chrome/137.0.0.0 Safari/537.36 Edg/137.0.0.0"
84.206.11.96 - - [10/Jun/2025:14:00:34 +0200] "GET /files/tanev_rendje_2007_08_061229.pdf HTTP/1.1" 200 215910 "https://www.bing.com/" "Mozilla/5.0 (Windows NT 10.0; Win64; x64) AppleWebKit/537.36 (KHTML, like Gecko) Chrome/137.0.0.0 Safari/537.36 Edg/137.0.0.0"
185.54.229.34 - - [10/Jun/2025:14:18:40 +0200] "GET / HTTP/1.1" 200 - "-" "Mozilla/5.0 (Windows NT 10.0; Win64; x64) AppleWebKit/537.36 (KHTML, like Gecko) Chrome/58.0.3029.110 Safari/537.3"
185.54.229.34 - - [10/Jun/2025:14:19:17 +0200] "GET / HTTP/1.1" 200 - "-" "Mozilla/5.0 (Windows NT 10.0; Win64; x64) AppleWebKit/537.36 (KHTML, like Gecko) Chrome/58.0.3029.110 Safari/537.3"
216.244.66.200 - - [10/Jun/2025:14:22:08 +0200] "GET /robots.txt HTTP/1.1" 200 1590 "-" "Mozilla/5.0 (compatible; DotBot/1.2; +https://opensiteexplorer.org/dotbot; help@moz.com)"
216.244.66.200 - - [10/Jun/2025:14:22:09 +0200] "GET /robots.txt HTTP/1.1" 200 1590 "-" "Mozilla/5.0 (compatible; DotBot/1.2; +https://opensiteexplorer.org/dotbot; help@moz.com)"
66.249.64.9 - - [10/Jun/2025:14:25:06 +0200] "GET /files/ptk_kotelmi_jog.pdf HTTP/1.1" 200 706298 "-" "Mozilla/5.0 (Linux; Android 6.0.1; Nexus 5X Build/MMB29P) AppleWebKit/537.36 (KHTML, like Gecko) Chrome/136.0.7103.113 Mobile Safari/537.36 (compatible; GoogleOther)"
216.244.66.200 - - [10/Jun/2025:14:31:12 +0200] "GET /taxonomy/term/31 HTTP/1.1" 200 - "-" "Mozilla/5.0 (compatible; DotBot/1.2; +https://opensiteexplorer.org/dotbot; help@moz.com)"
216.244.66.200 - - [10/Jun/2025:14:34:10 +0200] "GET /files/TK432.pdf HTTP/1.1" 200 221096 "-" "Mozilla/5.0 (compatible; DotBot/1.2; +https://opensiteexplorer.org/dotbot; help@moz.com)"
216.244.66.200 - - [10/Jun/2025:14:34:48 +0200] "GET /files/indoklas.pdf HTTP/1.1" 200 49300 "-" "Mozilla/5.0 (compatible; DotBot/1.2; +https://opensiteexplorer.org/dotbot; help@moz.com)"
216.244.66.200 - - [10/Jun/2025:14:37:38 +0200] "GET /taxonomy/term/40/0/feed HTTP/1.1" 200 - "-" "Mozilla/5.0 (compatible; DotBot/1.2; +https://opensiteexplorer.org/dotbot; help@moz.com)"
84.206.11.128 - - [10/Jun/2025:14:37:57 +0200] "GET /files/ooszi.pdf HTTP/1.1" 200 429252 "https://www.google.com/" "Mozilla/5.0 (Windows NT 10.0; Win64; x64; rv:139.0) Gecko/20100101 Firefox/139.0"
216.244.66.200 - - [10/Jun/2025:14:42:26 +0200] "GET /taxonomy/term/81 HTTP/1.1" 200 - "-" "Mozilla/5.0 (compatible; DotBot/1.2; +https://opensiteexplorer.org/dotbot; help@moz.com)"
216.244.66.200 - - [10/Jun/2025:14:43:41 +0200] "GET /node/2522 HTTP/1.1" 200 - "-" "Mozilla/5.0 (compatible; DotBot/1.2; +https://opensiteexplorer.org/dotbot; help@moz.com)"
66.249.64.10 - - [10/Jun/2025:14:43:58 +0200] "GET /node/26 HTTP/1.1" 200 - "-" "Mozilla/5.0 (Linux; Android 6.0.1; Nexus 5X Build/MMB29P) AppleWebKit/537.36 (KHTML, like Gecko) Chrome/137.0.7151.68 Mobile Safari/537.36 (compatible; Googlebot/2.1; +http://www.google.com/bot.html)"
66.249.64.11 - - [10/Jun/2025:14:44:00 +0200] "GET /files/ptk_kotelmi_jog.pdf HTTP/1.1" 200 706298 "-" "Mozilla/5.0 (Linux; Android 6.0.1; Nexus 5X Build/MMB29P) AppleWebKit/537.36 (KHTML, like Gecko) Chrome/136.0.7103.113 Mobile Safari/537.36 (compatible; Googlebot/2.1; +http://www.google.com/bot.html)"
216.244.66.200 - - [10/Jun/2025:14:45:33 +0200] "GET /taxonomy/term/47?page=3 HTTP/1.1" 200 - "-" "Mozilla/5.0 (compatible; DotBot/1.2; +https://opensiteexplorer.org/dotbot; help@moz.com)"
216.244.66.200 - - [10/Jun/2025:14:50:06 +0200] "GET /node?page=90 HTTP/1.1" 200 - "-" "Mozilla/5.0 (compatible; DotBot/1.2; +https://opensiteexplorer.org/dotbot; help@moz.com)"
216.244.66.200 - - [10/Jun/2025:14:51:40 +0200] "GET /node?page=177 HTTP/1.1" 200 - "-" "Mozilla/5.0 (compatible; DotBot/1.2; +https://opensiteexplorer.org/dotbot; help@moz.com)"
216.244.66.200 - - [10/Jun/2025:14:52:31 +0200] "GET /node/1070 HTTP/1.1" 200 - "-" "Mozilla/5.0 (compatible; DotBot/1.2; +https://opensiteexplorer.org/dotbot; help@moz.com)"
216.244.66.200 - - [10/Jun/2025:14:53:21 +0200] "GET /node/1333 HTTP/1.1" 200 - "-" "Mozilla/5.0 (compatible; DotBot/1.2; +https://opensiteexplorer.org/dotbot; help@moz.com)"
66.249.64.9 - - [10/Jun/2025:14:53:23 +0200] "GET /files/ptk_kotelmi_jog.pdf HTTP/1.1" 200 706298 "-" "Mozilla/5.0 (Linux; Android 6.0.1; Nexus 5X Build/MMB29P) AppleWebKit/537.36 (KHTML, like Gecko) Chrome/136.0.7103.113 Mobile Safari/537.36 (compatible; GoogleOther)"
216.244.66.200 - - [10/Jun/2025:14:54:12 +0200] "GET /node/1460 HTTP/1.1" 200 - "-" "Mozilla/5.0 (compatible; DotBot/1.2; +https://opensiteexplorer.org/dotbot; help@moz.com)"
216.244.66.200 - - [10/Jun/2025:14:55:02 +0200] "GET /node/1476 HTTP/1.1" 200 - "-" "Mozilla/5.0 (compatible; DotBot/1.2; +https://opensiteexplorer.org/dotbot; help@moz.com)"
216.244.66.200 - - [10/Jun/2025:14:55:53 +0200] "GET /node/1904 HTTP/1.1" 200 - "-" "Mozilla/5.0 (compatible; DotBot/1.2; +https://opensiteexplorer.org/dotbot; help@moz.com)"
216.244.66.200 - - [10/Jun/2025:15:13:06 +0200] "GET /robots.txt HTTP/1.1" 200 1590 "-" "Mozilla/5.0 (compatible; DotBot/1.2; +https://opensiteexplorer.org/dotbot; help@moz.com)"
216.244.66.200 - - [10/Jun/2025:15:13:08 +0200] "GET /robots.txt HTTP/1.1" 200 1590 "-" "Mozilla/5.0 (compatible; DotBot/1.2; +https://opensiteexplorer.org/dotbot; help@moz.com)"
216.244.66.200 - - [10/Jun/2025:15:22:57 +0200] "GET /files/28_2009_OM-rend.pdf HTTP/1.1" 200 143910 "-" "Mozilla/5.0 (compatible; DotBot/1.2; +https://opensiteexplorer.org/dotbot; help@moz.com)"
216.244.66.200 - - [10/Jun/2025:15:23:31 +0200] "GET /files/66per1999_EuM_rend_mod_100414.doc HTTP/1.1" 200 511488 "-" "Mozilla/5.0 (compatible; DotBot/1.2; +https://opensiteexplorer.org/dotbot; help@moz.com)"
216.244.66.200 - - [10/Jun/2025:15:24:05 +0200] "GET /files/ng_terv_100217.pdf HTTP/1.1" 200 281151 "-" "Mozilla/5.0 (compatible; DotBot/1.2; +https://opensiteexplorer.org/dotbot; help@moz.com)"
216.244.66.200 - - [10/Jun/2025:15:24:33 +0200] "GET /files/szab_javaslat.pdf HTTP/1.1" 200 115217 "-" "Mozilla/5.0 (compatible; DotBot/1.2; +https://opensiteexplorer.org/dotbot; help@moz.com)"
216.244.66.200 - - [10/Jun/2025:15:30:28 +0200] "GET /taxonomy/term/92 HTTP/1.1" 200 - "-" "Mozilla/5.0 (compatible; DotBot/1.2; +https://opensiteexplorer.org/dotbot; help@moz.com)"
216.244.66.200 - - [10/Jun/2025:15:31:18 +0200] "GET /taxonomy/term/93 HTTP/1.1" 200 - "-" "Mozilla/5.0 (compatible; DotBot/1.2; +https://opensiteexplorer.org/dotbot; help@moz.com)"
216.244.66.200 - - [10/Jun/2025:15:32:19 +0200] "GET /taxonomy/term/47?page=1 HTTP/1.1" 200 - "-" "Mozilla/5.0 (compatible; DotBot/1.2; +https://opensiteexplorer.org/dotbot; help@moz.com)"
216.244.66.200 - - [10/Jun/2025:15:36:27 +0200] "GET /node?page=153 HTTP/1.1" 200 - "-" "Mozilla/5.0 (compatible; DotBot/1.2; +https://opensiteexplorer.org/dotbot; help@moz.com)"
216.244.66.200 - - [10/Jun/2025:15:37:18 +0200] "GET /node?page=37 HTTP/1.1" 200 - "-" "Mozilla/5.0 (compatible; DotBot/1.2; +https://opensiteexplorer.org/dotbot; help@moz.com)"
216.244.66.200 - - [10/Jun/2025:15:38:08 +0200] "GET /node/413 HTTP/1.1" 200 - "-" "Mozilla/5.0 (compatible; DotBot/1.2; +https://opensiteexplorer.org/dotbot; help@moz.com)"
216.244.66.200 - - [10/Jun/2025:15:39:01 +0200] "GET /node?page=32 HTTP/1.1" 200 - "-" "Mozilla/5.0 (compatible; DotBot/1.2; +https://opensiteexplorer.org/dotbot; help@moz.com)"
216.244.66.200 - - [10/Jun/2025:15:39:51 +0200] "GET /node/1235 HTTP/1.1" 200 - "-" "Mozilla/5.0 (compatible; DotBot/1.2; +https://opensiteexplorer.org/dotbot; help@moz.com)"
66.249.64.9 - - [10/Jun/2025:15:39:58 +0200] "GET /files/4326_7.pdf HTTP/1.1" 200 123580 "-" "Googlebot/2.1 (+http://www.google.com/bot.html)"
216.244.66.200 - - [10/Jun/2025:15:40:41 +0200] "GET /node/1539 HTTP/1.1" 200 - "-" "Mozilla/5.0 (compatible; DotBot/1.2; +https://opensiteexplorer.org/dotbot; help@moz.com)"
216.244.66.200 - - [10/Jun/2025:15:41:32 +0200] "GET /node/1679 HTTP/1.1" 200 - "-" "Mozilla/5.0 (compatible; DotBot/1.2; +https://opensiteexplorer.org/dotbot; help@moz.com)"
216.244.66.200 - - [10/Jun/2025:15:42:23 +0200] "GET /node/176 HTTP/1.1" 200 - "-" "Mozilla/5.0 (compatible; DotBot/1.2; +https://opensiteexplorer.org/dotbot; help@moz.com)"
66.249.64.11 - - [10/Jun/2025:15:44:54 +0200] "GET /files/TK45_2.pdf HTTP/1.1" 200 153680 "-" "Googlebot/2.1 (+http://www.google.com/bot.html)"
84.206.48.119 - - [10/Jun/2025:15:57:20 +0200] "GET /favicon.ico HTTP/1.1" 404 57 "http://jogalkotas.hu/files/orszszi_terv_070530.pdf" "Mozilla/5.0 (Windows NT 10.0; Win64; x64) AppleWebKit/537.36 (KHTML, like Gecko) Chrome/137.0.0.0 Safari/537.36 Edg/137.0.0.0"
84.206.48.119 - - [10/Jun/2025:15:57:20 +0200] "GET /files/orszszi_terv_070530.pdf HTTP/1.1" 200 478463 "https://www.bing.com/" "Mozilla/5.0 (Windows NT 10.0; Win64; x64) AppleWebKit/537.36 (KHTML, like Gecko) Chrome/137.0.0.0 Safari/537.36 Edg/137.0.0.0"
216.244.66.200 - - [10/Jun/2025:16:04:07 +0200] "GET /robots.txt HTTP/1.1" 200 1590 "-" "Mozilla/5.0 (compatible; DotBot/1.2; +https://opensiteexplorer.org/dotbot; help@moz.com)"
216.244.66.200 - - [10/Jun/2025:16:04:09 +0200] "GET /robots.txt HTTP/1.1" 200 1590 "-" "Mozilla/5.0 (compatible; DotBot/1.2; +https://opensiteexplorer.org/dotbot; help@moz.com)"
216.244.66.200 - - [10/Jun/2025:16:14:23 +0200] "GET /files/0509_k_zig_egyeztet_sre.doc HTTP/1.1" 200 657920 "-" "Mozilla/5.0 (compatible; DotBot/1.2; +https://opensiteexplorer.org/dotbot; help@moz.com)"
216.244.66.200 - - [10/Jun/2025:16:14:33 +0200] "GET /files/Alapitookiratmod.pdf HTTP/1.1" 200 21920 "-" "Mozilla/5.0 (compatible; DotBot/1.2; +https://opensiteexplorer.org/dotbot; help@moz.com)"
216.244.66.200 - - [10/Jun/2025:16:15:16 +0200] "GET /files/Magyar%20%C3%83%E2%80%B0lelmiszerk%C3%83%C2%B6nyv.doc HTTP/1.1" 200 - "-" "Mozilla/5.0 (compatible; DotBot/1.2; +https://opensiteexplorer.org/dotbot; help@moz.com)"
216.244.66.200 - - [10/Jun/2025:16:15:26 +0200] "GET /files/TK45_2.pdf HTTP/1.1" 200 153680 "-" "Mozilla/5.0 (compatible; DotBot/1.2; +https://opensiteexplorer.org/dotbot; help@moz.com)"
216.244.66.200 - - [10/Jun/2025:16:15:47 +0200] "GET /files/hm_bm_pm_tervezet_2006_marcius_internetre.pdf HTTP/1.1" 200 410700 "-" "Mozilla/5.0 (compatible; DotBot/1.2; +https://opensiteexplorer.org/dotbot; help@moz.com)"
92.116.74.79 - - [10/Jun/2025:16:21:37 +0200] "GET /files/cegbejegyzesi_eljaras_21_per_2006__02_12_fin.doc HTTP/1.1" 200 54272 "-" "Mozilla/5.0 (Windows NT 10.0; WOW64; Trident/7.0; rv:11.0) like Gecko"
216.244.66.200 - - [10/Jun/2025:16:22:53 +0200] "GET /node/2526 HTTP/1.1" 200 - "-" "Mozilla/5.0 (compatible; DotBot/1.2; +https://opensiteexplorer.org/dotbot; help@moz.com)"
178.156.145.153 - - [10/Jun/2025:16:27:06 +0200] "GET /files/43per2005_eum_rendelet__mod.doc HTTP/1.1" 200 73728 "-" "Mozilla/5.0 (Windows NT 10.0; Win64; x64) AppleWebKit/537.36 (KHTML, like Gecko) Chrome/84.0.4147.105 Safari/537.36"
173.249.58.161 - - [10/Jun/2025:16:27:08 +0200] "GET /config/.env HTTP/1.1" 200 - "-" "Mozilla/5.0 (X11; U; Linux i686; en-US) AppleWebKit/534.15 (KHTML, like Gecko) Ubuntu/10.10 Chromium/10.0.613.0 Chrome/10.0.613.0 Safari/534.15"
216.244.66.200 - - [10/Jun/2025:16:27:36 +0200] "GET /node?page=133 HTTP/1.1" 200 - "-" "Mozilla/5.0 (compatible; DotBot/1.2; +https://opensiteexplorer.org/dotbot; help@moz.com)"
216.244.66.200 - - [10/Jun/2025:16:28:26 +0200] "GET /node?page=179 HTTP/1.1" 200 - "-" "Mozilla/5.0 (compatible; DotBot/1.2; +https://opensiteexplorer.org/dotbot; help@moz.com)"
216.244.66.200 - - [10/Jun/2025:16:29:17 +0200] "GET /node?page=194 HTTP/1.1" 200 - "-" "Mozilla/5.0 (compatible; DotBot/1.2; +https://opensiteexplorer.org/dotbot; help@moz.com)"
216.244.66.200 - - [10/Jun/2025:16:30:07 +0200] "GET /node?page=197 HTTP/1.1" 200 - "-" "Mozilla/5.0 (compatible; DotBot/1.2; +https://opensiteexplorer.org/dotbot; help@moz.com)"
216.244.66.200 - - [10/Jun/2025:16:30:58 +0200] "GET /node?page=206 HTTP/1.1" 200 - "-" "Mozilla/5.0 (compatible; DotBot/1.2; +https://opensiteexplorer.org/dotbot; help@moz.com)"
216.244.66.200 - - [10/Jun/2025:16:31:48 +0200] "GET /node?page=52 HTTP/1.1" 200 - "-" "Mozilla/5.0 (compatible; DotBot/1.2; +https://opensiteexplorer.org/dotbot; help@moz.com)"
216.244.66.200 - - [10/Jun/2025:16:32:38 +0200] "GET /node?page=28 HTTP/1.1" 200 - "-" "Mozilla/5.0 (compatible; DotBot/1.2; +https://opensiteexplorer.org/dotbot; help@moz.com)"
216.244.66.200 - - [10/Jun/2025:16:33:29 +0200] "GET /taxonomy/term/25?page=6 HTTP/1.1" 200 - "-" "Mozilla/5.0 (compatible; DotBot/1.2; +https://opensiteexplorer.org/dotbot; help@moz.com)"
216.244.66.200 - - [10/Jun/2025:16:34:19 +0200] "GET /node/114 HTTP/1.1" 200 - "-" "Mozilla/5.0 (compatible; DotBot/1.2; +https://opensiteexplorer.org/dotbot; help@moz.com)"
216.244.66.200 - - [10/Jun/2025:16:35:09 +0200] "GET /node/1267 HTTP/1.1" 200 - "-" "Mozilla/5.0 (compatible; DotBot/1.2; +https://opensiteexplorer.org/dotbot; help@moz.com)"
203.83.11.13 - - [10/Jun/2025:16:37:29 +0200] "GET / HTTP/1.1" 200 - "-" "Mozilla/5.0"
18.97.14.87 - - [10/Jun/2025:16:37:38 +0200] "GET /robots.txt HTTP/1.1" 200 1590 "-" "CCBot/2.0 (https://commoncrawl.org/faq/)"
18.97.14.87 - - [10/Jun/2025:16:38:10 +0200] "GET / HTTP/1.1" 200 - "-" "CCBot/2.0 (https://commoncrawl.org/faq/)"
18.97.14.87 - - [10/Jun/2025:16:38:42 +0200] "GET / HTTP/1.1" 200 - "-" "CCBot/2.0 (https://commoncrawl.org/faq/)"
37.76.38.254 - - [10/Jun/2025:16:44:04 +0200] "GET /files/hadkotelesek_hm_eum_rendelet_tervezet_melleklet.pdf HTTP/1.1" 200 713160 "-" "Mozilla/5.0 (Linux; Android 10; K) AppleWebKit/537.36 (KHTML, like Gecko) Chrome/136.0.0.0 Mobile Safari/537.36"
66.249.64.9 - - [10/Jun/2025:16:51:38 +0200] "GET /files/kutato_kjtvhr_mod_070828.pdf HTTP/1.1" 200 275804 "-" "Googlebot/2.1 (+http://www.google.com/bot.html)"
216.244.66.200 - - [10/Jun/2025:17:07:45 +0200] "GET /robots.txt HTTP/1.1" 200 1590 "-" "Mozilla/5.0 (compatible; DotBot/1.2; +https://opensiteexplorer.org/dotbot; help@moz.com)"
216.244.66.200 - - [10/Jun/2025:17:07:45 +0200] "GET /robots.txt HTTP/1.1" 200 1590 "-" "Mozilla/5.0 (compatible; DotBot/1.2; +https://opensiteexplorer.org/dotbot; help@moz.com)"
66.249.64.11 - - [10/Jun/2025:17:08:57 +0200] "GET /files/155244.pdf HTTP/1.1" 200 210169 "-" "Googlebot/2.1 (+http://www.google.com/bot.html)"
66.249.70.67 - - [10/Jun/2025:17:12:19 +0200] "GET /files/51995[1].pdf HTTP/1.1" 304 - "-" "Mozilla/5.0 (Linux; Android 6.0.1; Nexus 5X Build/MMB29P) AppleWebKit/537.36 (KHTML, like Gecko) Chrome/136.0.7103.113 Mobile Safari/537.36 (compatible; Googlebot/2.1; +http://www.google.com/bot.html)"
216.244.66.200 - - [10/Jun/2025:17:17:18 +0200] "GET /files/IRM%20Felszamolo_nevjegyzek_terv_090928_0.doc HTTP/1.1" 200 77824 "-" "Mozilla/5.0 (compatible; DotBot/1.2; +https://opensiteexplorer.org/dotbot; help@moz.com)"
84.206.47.34 - - [10/Jun/2025:17:17:50 +0200] "GET /files/Tuzszolszab..pdf HTTP/1.1" 200 424954 "https://www.google.com/" "Mozilla/5.0 (Windows NT 10.0; Win64; x64; rv:139.0) Gecko/20100101 Firefox/139.0"
37.76.16.170 - - [10/Jun/2025:17:19:08 +0200] "GET /files/Tuzszolszab..pdf HTTP/1.1" 200 424954 "https://www.google.com/" "Mozilla/5.0 (Linux; Android 10; K) AppleWebKit/537.36 (KHTML, like Gecko) Chrome/136.0.0.0 Mobile Safari/537.36"
216.244.66.200 - - [10/Jun/2025:17:25:41 +0200] "GET /taxonomy/term/101?page=5 HTTP/1.1" 200 - "-" "Mozilla/5.0 (compatible; DotBot/1.2; +https://opensiteexplorer.org/dotbot; help@moz.com)"
216.244.66.200 - - [10/Jun/2025:17:32:21 +0200] "GET /node/115 HTTP/1.1" 200 - "-" "Mozilla/5.0 (compatible; DotBot/1.2; +https://opensiteexplorer.org/dotbot; help@moz.com)"
216.244.66.200 - - [10/Jun/2025:17:32:53 +0200] "GET /taxonomy/term/49?page=8 HTTP/1.1" 200 - "-" "Mozilla/5.0 (compatible; DotBot/1.2; +https://opensiteexplorer.org/dotbot; help@moz.com)"
216.244.66.200 - - [10/Jun/2025:17:33:45 +0200] "GET /node/50 HTTP/1.1" 200 - "-" "Mozilla/5.0 (compatible; DotBot/1.2; +https://opensiteexplorer.org/dotbot; help@moz.com)"
216.244.66.200 - - [10/Jun/2025:17:34:36 +0200] "GET /node?page=162 HTTP/1.1" 200 - "-" "Mozilla/5.0 (compatible; DotBot/1.2; +https://opensiteexplorer.org/dotbot; help@moz.com)"
216.244.66.200 - - [10/Jun/2025:17:35:27 +0200] "GET /node?page=46 HTTP/1.1" 200 - "-" "Mozilla/5.0 (compatible; DotBot/1.2; +https://opensiteexplorer.org/dotbot; help@moz.com)"
216.244.66.200 - - [10/Jun/2025:17:36:18 +0200] "GET /node?page=62 HTTP/1.1" 200 - "-" "Mozilla/5.0 (compatible; DotBot/1.2; +https://opensiteexplorer.org/dotbot; help@moz.com)"
216.244.66.200 - - [10/Jun/2025:17:37:08 +0200] "GET /node/1217 HTTP/1.1" 200 - "-" "Mozilla/5.0 (compatible; DotBot/1.2; +https://opensiteexplorer.org/dotbot; help@moz.com)"
216.244.66.200 - - [10/Jun/2025:17:37:59 +0200] "GET /node/1274 HTTP/1.1" 200 - "-" "Mozilla/5.0 (compatible; DotBot/1.2; +https://opensiteexplorer.org/dotbot; help@moz.com)"
216.244.66.200 - - [10/Jun/2025:17:38:49 +0200] "GET /node/1518 HTTP/1.1" 200 - "-" "Mozilla/5.0 (compatible; DotBot/1.2; +https://opensiteexplorer.org/dotbot; help@moz.com)"
216.244.66.200 - - [10/Jun/2025:17:39:39 +0200] "GET /node/157 HTTP/1.1" 200 - "-" "Mozilla/5.0 (compatible; DotBot/1.2; +https://opensiteexplorer.org/dotbot; help@moz.com)"
85.209.132.14 - - [10/Jun/2025:17:40:37 +0200] "GET / HTTP/1.1" 200 - "https://www.google.com/" "Mozilla/5.0 (Windows NT 10.0; Win64; x64) AppleWebKit/537.36 (KHTML, like Gecko) Chrome/122.0.0.0 Safari/537.36 DNSScanner/1.0 (+https://rapef.info/_contacts/)"
157.55.39.204 - - [10/Jun/2025:17:54:35 +0200] "GET /files/onkorm_muzeumok_terv_080130.pdf HTTP/1.1" 200 307931 "-" "Mozilla/5.0 AppleWebKit/537.36 (KHTML, like Gecko; compatible; bingbot/2.0; +http://www.bing.com/bingbot.htm) Chrome/116.0.1938.76 Safari/537.36"
216.244.66.200 - - [10/Jun/2025:17:58:19 +0200] "GET /robots.txt HTTP/1.1" 200 1590 "-" "Mozilla/5.0 (compatible; DotBot/1.2; +https://opensiteexplorer.org/dotbot; help@moz.com)"
216.244.66.200 - - [10/Jun/2025:17:58:20 +0200] "GET /robots.txt HTTP/1.1" 200 1590 "-" "Mozilla/5.0 (compatible; DotBot/1.2; +https://opensiteexplorer.org/dotbot; help@moz.com)"
66.249.70.66 - - [10/Jun/2025:18:01:21 +0200] "GET /files/2009janaug.pdf HTTP/1.1" 200 81829 "-" "Mozilla/5.0 AppleWebKit/537.36 (KHTML, like Gecko; compatible; GoogleOther) Chrome/136.0.7103.113 Safari/537.36"
216.244.66.200 - - [10/Jun/2025:18:09:16 +0200] "GET /files/17_2008_mod_terv_100301.pdf HTTP/1.1" 200 233440 "-" "Mozilla/5.0 (compatible; DotBot/1.2; +https://opensiteexplorer.org/dotbot; help@moz.com)"
216.244.66.200 - - [10/Jun/2025:18:09:27 +0200] "GET /files/2_kozzetetel_koltsegterites.doc HTTP/1.1" 200 55296 "-" "Mozilla/5.0 (compatible; DotBot/1.2; +https://opensiteexplorer.org/dotbot; help@moz.com)"
216.244.66.200 - - [10/Jun/2025:18:10:09 +0200] "GET /files/a_233per2000_m%C3%83%C2%B3d_071210.doc HTTP/1.1" 200 - "-" "Mozilla/5.0 (compatible; DotBot/1.2; +https://opensiteexplorer.org/dotbot; help@moz.com)"
216.244.66.200 - - [10/Jun/2025:18:14:48 +0200] "GET /node?page=12 HTTP/1.1" 200 - "-" "Mozilla/5.0 (compatible; DotBot/1.2; +https://opensiteexplorer.org/dotbot; help@moz.com)"
216.244.66.200 - - [10/Jun/2025:18:15:38 +0200] "GET /taxonomy/term/59 HTTP/1.1" 200 - "-" "Mozilla/5.0 (compatible; DotBot/1.2; +https://opensiteexplorer.org/dotbot; help@moz.com)"
216.244.66.200 - - [10/Jun/2025:18:16:08 +0200] "GET /taxonomy/term/76 HTTP/1.1" 200 - "-" "Mozilla/5.0 (compatible; DotBot/1.2; +https://opensiteexplorer.org/dotbot; help@moz.com)"
216.244.66.200 - - [10/Jun/2025:18:16:39 +0200] "GET /taxonomy/term/54 HTTP/1.1" 200 - "-" "Mozilla/5.0 (compatible; DotBot/1.2; +https://opensiteexplorer.org/dotbot; help@moz.com)"
216.244.66.200 - - [10/Jun/2025:18:23:37 +0200] "GET /node?page=158 HTTP/1.1" 200 - "-" "Mozilla/5.0 (compatible; DotBot/1.2; +https://opensiteexplorer.org/dotbot; help@moz.com)"
216.244.66.200 - - [10/Jun/2025:18:24:27 +0200] "GET /node?page=164 HTTP/1.1" 200 - "-" "Mozilla/5.0 (compatible; DotBot/1.2; +https://opensiteexplorer.org/dotbot; help@moz.com)"
216.244.66.200 - - [10/Jun/2025:18:25:18 +0200] "GET /node?page=98 HTTP/1.1" 200 - "-" "Mozilla/5.0 (compatible; DotBot/1.2; +https://opensiteexplorer.org/dotbot; help@moz.com)"
216.244.66.200 - - [10/Jun/2025:18:26:08 +0200] "GET /node/2077 HTTP/1.1" 200 - "-" "Mozilla/5.0 (compatible; DotBot/1.2; +https://opensiteexplorer.org/dotbot; help@moz.com)"
216.244.66.200 - - [10/Jun/2025:18:26:58 +0200] "GET /node?page=31 HTTP/1.1" 200 - "-" "Mozilla/5.0 (compatible; DotBot/1.2; +https://opensiteexplorer.org/dotbot; help@moz.com)"
216.244.66.200 - - [10/Jun/2025:18:27:50 +0200] "GET /taxonomy/term/1?page=219 HTTP/1.1" 200 - "-" "Mozilla/5.0 (compatible; DotBot/1.2; +https://opensiteexplorer.org/dotbot; help@moz.com)"
66.249.70.65 - - [10/Jun/2025:18:31:03 +0200] "GET /files/nevhasznalat_terv_070717.pdf HTTP/1.1" 200 72864 "-" "Googlebot/2.1 (+http://www.google.com/bot.html)"
66.249.70.67 - - [10/Jun/2025:18:41:23 +0200] "GET /files/2009Aug.pdf HTTP/1.1" 200 42469 "-" "Googlebot/2.1 (+http://www.google.com/bot.html)"
66.249.70.66 - - [10/Jun/2025:18:42:26 +0200] "GET /files/_1c9nmopt0e9q6it3fdc_.pdf HTTP/1.1" 200 236317 "-" "Googlebot/2.1 (+http://www.google.com/bot.html)"
66.249.64.9 - - [10/Jun/2025:18:49:52 +0200] "GET /files/80_2004_rendmod_vez_osszefogl_070803.pdf HTTP/1.1" 200 94585 "-" "Googlebot/2.1 (+http://www.google.com/bot.html)"
66.249.70.67 - - [10/Jun/2025:19:06:38 +0200] "GET /files/miniszt_2007_majus.pdf HTTP/1.1" 200 29194 "-" "Googlebot/2.1 (+http://www.google.com/bot.html)"
52.167.144.163 - - [10/Jun/2025:19:07:16 +0200] "GET /files/KHEM_284_3_norma.doc HTTP/1.1" 200 261632 "-" "Mozilla/5.0 AppleWebKit/537.36 (KHTML, like Gecko; compatible; bingbot/2.0; +http://www.bing.com/bingbot.htm) Chrome/116.0.1938.76 Safari/537.36"
66.249.64.11 - - [10/Jun/2025:19:12:30 +0200] "GET /files/4535.pdf HTTP/1.1" 200 144044 "-" "Googlebot/2.1 (+http://www.google.com/bot.html)"
3.101.230.216 - - [10/Jun/2025:19:34:55 +0200] "HEAD / HTTP/1.1" 200 - "-" "bitdiscovery"
213.180.203.218 - - [10/Jun/2025:19:38:56 +0200] "GET /robots.txt HTTP/1.1" 200 1590 "-" "Mozilla/5.0 (compatible; YandexBot/3.0; +http://yandex.com/bots)"
95.108.213.161 - - [10/Jun/2025:19:39:28 +0200] "GET /files/ptk.csaladjog.pdf. HTTP/1.1" 200 - "-" "Mozilla/5.0 (compatible; YandexBot/3.0; +http://yandex.com/bots)"
52.167.144.219 - - [10/Jun/2025:19:54:53 +0200] "GET /files/2006.doc HTTP/1.1" 200 56832 "-" "Mozilla/5.0 AppleWebKit/537.36 (KHTML, like Gecko; compatible; bingbot/2.0; +http://www.bing.com/bingbot.htm) Chrome/116.0.1938.76 Safari/537.36"
43.135.145.73 - - [10/Jun/2025:20:17:49 +0200] "GET / HTTP/1.1" 200 - "-" "Mozilla/5.0 (iPhone; CPU iPhone OS 13_2_3 like Mac OS X) AppleWebKit/605.1.15 (KHTML, like Gecko) Version/13.0.3 Mobile/15E148 Safari/604.1"
52.167.144.169 - - [10/Jun/2025:20:23:34 +0200] "GET /files/korbetartozas_2007_03_27.doc HTTP/1.1" 200 369664 "-" "Mozilla/5.0 AppleWebKit/537.36 (KHTML, like Gecko; compatible; bingbot/2.0; +http://www.bing.com/bingbot.htm) Chrome/116.0.1938.76 Safari/537.36"
43.153.96.233 - - [10/Jun/2025:20:27:09 +0200] "GET / HTTP/1.1" 200 - "-" "Mozilla/5.0 (iPhone; CPU iPhone OS 13_2_3 like Mac OS X) AppleWebKit/605.1.15 (KHTML, like Gecko) Version/13.0.3 Mobile/15E148 Safari/604.1"
216.244.66.200 - - [10/Jun/2025:20:36:52 +0200] "GET /robots.txt HTTP/1.1" 200 1590 "-" "Mozilla/5.0 (compatible; DotBot/1.2; +https://opensiteexplorer.org/dotbot; help@moz.com)"
20.191.45.212 - - [10/Jun/2025:20:42:55 +0200] "GET /favicon.ico HTTP/1.1" 404 57 "http://www.jogalkotas.hu/favicon.ico" "DuckDuckBot/1.1; (+http://duckduckgo.com/duckduckbot.html)"
20.191.45.212 - - [10/Jun/2025:20:43:18 +0200] "GET / HTTP/1.1" 200 - "http://www.jogalkotas.hu/" "DuckDuckBot/1.1; (+http://duckduckgo.com/duckduckbot.html)"
66.249.70.66 - - [10/Jun/2025:21:01:27 +0200] "GET /files/7_2001_fvm_mod.pdf HTTP/1.1" 200 164382 "-" "Mozilla/5.0 (Linux; Android 6.0.1; Nexus 5X Build/MMB29P) AppleWebKit/537.36 (KHTML, like Gecko) Chrome/136.0.7103.113 Mobile Safari/537.36 (compatible; GoogleOther)"
134.255.41.1 - - [10/Jun/2025:21:04:42 +0200] "GET /files/OTSZ%20rendelet.pdf HTTP/1.1" 200 168000 "-" "Mozilla/5.0 (Linux; Android 10; K) AppleWebKit/537.36 (KHTML, like Gecko) Chrome/137.0.0.0 Mobile Safari/537.36"
216.244.66.200 - - [10/Jun/2025:21:06:53 +0200] "GET /files/a_szakmai_protokollok_k%C3%83%C2%A9sz%C3%83%C2%ADt%C3%83%C2%A9s%C3%83%C2%A9nek_elj%C3%83%C2%A1r%C3%83%C2%A1srendj%C3%83%C2%A9r%C3%85%E2%80%98l_sz%C3%83%C2%B3l%C3%83%C2%B3_e%C3%83%C2%BCm_rendelet_tervezet_10.doc HTTP/1.1" 200 - "-" "Mozilla/5.0 (compatible; DotBot/1.2; +https://opensiteexplorer.org/dotbot; help@moz.com)"
66.249.70.66 - - [10/Jun/2025:21:13:49 +0200] "GET / HTTP/1.1" 200 - "-" "Mozilla/5.0 (compatible; Googlebot/2.1; +http://www.google.com/bot.html)"
66.249.70.66 - - [10/Jun/2025:21:14:21 +0200] "GET / HTTP/1.1" 200 - "-" "Mozilla/5.0 (Linux; Android 6.0.1; Nexus 5X Build/MMB29P) AppleWebKit/537.36 (KHTML, like Gecko) Chrome/99.0.4844.84 Mobile Safari/537.36 (compatible; Googlebot/2.1; +http://www.google.com/bot.html)"
66.249.70.65 - - [10/Jun/2025:21:14:53 +0200] "GET / HTTP/1.1" 200 - "-" "Mozilla/5.0 (compatible; Googlebot/2.1; +http://www.google.com/bot.html)"
66.249.70.65 - - [10/Jun/2025:21:15:25 +0200] "GET / HTTP/1.1" 200 - "-" "Mozilla/5.0 (Linux; Android 6.0.1; Nexus 5X Build/MMB29P) AppleWebKit/537.36 (KHTML, like Gecko) Chrome/136.0.7103.113 Mobile Safari/537.36 (compatible; Googlebot/2.1; +http://www.google.com/bot.html)"
216.244.66.200 - - [10/Jun/2025:21:27:19 +0200] "GET /robots.txt HTTP/1.1" 200 1590 "-" "Mozilla/5.0 (compatible; DotBot/1.2; +https://opensiteexplorer.org/dotbot; help@moz.com)"
216.244.66.200 - - [10/Jun/2025:21:27:21 +0200] "GET /robots.txt HTTP/1.1" 200 1590 "-" "Mozilla/5.0 (compatible; DotBot/1.2; +https://opensiteexplorer.org/dotbot; help@moz.com)"
66.249.70.66 - - [10/Jun/2025:21:31:33 +0200] "GET /files/xx_fejezeti_terv_090218.pdf HTTP/1.1" 200 255163 "-" "Mozilla/5.0 (Linux; Android 6.0.1; Nexus 5X Build/MMB29P) AppleWebKit/537.36 (KHTML, like Gecko) Chrome/136.0.7103.113 Mobile Safari/537.36 (compatible; GoogleOther)"
216.244.66.200 - - [10/Jun/2025:21:33:28 +0200] "GET /node/2509 HTTP/1.1" 200 - "-" "Mozilla/5.0 (compatible; DotBot/1.2; +https://opensiteexplorer.org/dotbot; help@moz.com)"
216.244.66.200 - - [10/Jun/2025:21:33:53 +0200] "GET /taxonomy/term/27 HTTP/1.1" 200 - "-" "Mozilla/5.0 (compatible; DotBot/1.2; +https://opensiteexplorer.org/dotbot; help@moz.com)"
66.249.70.66 - - [10/Jun/2025:21:41:29 +0200] "GET /files/nemz_kieg_tam_terv_081111.pdf HTTP/1.1" 200 134762 "-" "Googlebot/2.1 (+http://www.google.com/bot.html)"
216.244.66.200 - - [10/Jun/2025:21:41:51 +0200] "GET /files/T11741.doc HTTP/1.1" 200 710656 "-" "Mozilla/5.0 (compatible; DotBot/1.2; +https://opensiteexplorer.org/dotbot; help@moz.com)"
216.244.66.200 - - [10/Jun/2025:21:42:12 +0200] "GET /files/_vdlgmeub1e8mn4rrdk1n76uj5e9t0d2r4g9pj4c1g6o_.pdf HTTP/1.1" 200 231148 "-" "Mozilla/5.0 (compatible; DotBot/1.2; +https://opensiteexplorer.org/dotbot; help@moz.com)"
216.244.66.200 - - [10/Jun/2025:21:43:02 +0200] "GET /files/a_finansz%C3%83%C2%ADroz%C3%83%C2%A1si_protokollok_k%C3%83%C2%A9sz%C3%83%C2%ADt%C3%83%C2%A9s%C3%83%C2%A9nek_elj%C3%83%C2%A1r%C3%83%C2%A1srendj%C3%83%C2%A9r%C3%85%E2%80%98l_sz%C3%83%C2%B3l%C3%83%C2%B3_e%C3%83%C2%BCm_rendelet_tervezet_8.doc HTTP/1.1" 200 - "-" "Mozilla/5.0 (compatible; DotBot/1.2; +https://opensiteexplorer.org/dotbot; help@moz.com)"
216.244.66.200 - - [10/Jun/2025:21:43:22 +0200] "GET /files/indoklas_1.pdf HTTP/1.1" 200 87390 "-" "Mozilla/5.0 (compatible; DotBot/1.2; +https://opensiteexplorer.org/dotbot; help@moz.com)"
216.244.66.200 - - [10/Jun/2025:21:43:53 +0200] "GET /files/konyvtari_minosites_terv_100114.pdf HTTP/1.1" 200 106694 "-" "Mozilla/5.0 (compatible; DotBot/1.2; +https://opensiteexplorer.org/dotbot; help@moz.com)"
216.244.66.200 - - [10/Jun/2025:21:44:53 +0200] "GET /node?page=6 HTTP/1.1" 200 - "-" "Mozilla/5.0 (compatible; DotBot/1.2; +https://opensiteexplorer.org/dotbot; help@moz.com)"
216.244.66.200 - - [10/Jun/2025:21:46:12 +0200] "GET /node/2517 HTTP/1.1" 200 - "-" "Mozilla/5.0 (compatible; DotBot/1.2; +https://opensiteexplorer.org/dotbot; help@moz.com)"
216.244.66.200 - - [10/Jun/2025:21:48:58 +0200] "GET /node/2525 HTTP/1.1" 200 - "-" "Mozilla/5.0 (compatible; DotBot/1.2; +https://opensiteexplorer.org/dotbot; help@moz.com)"
91.33.170.138 - - [10/Jun/2025:21:50:31 +0200] "GET /files/cegbejegyzesi_eljaras_21_per_2006__02_12_fin.doc HTTP/1.1" 200 54272 "-" "Mozilla/5.0 (Windows NT 10.0; WOW64; Trident/7.0; rv:11.0) like Gecko"
66.249.70.66 - - [10/Jun/2025:21:50:56 +0200] "GET /files/elemiszerkonyv_melleklet.pdf HTTP/1.1" 200 19554 "-" "Googlebot/2.1 (+http://www.google.com/bot.html)"
216.244.66.200 - - [10/Jun/2025:21:54:37 +0200] "GET /node?page=223 HTTP/1.1" 200 - "-" "Mozilla/5.0 (compatible; DotBot/1.2; +https://opensiteexplorer.org/dotbot; help@moz.com)"
216.244.66.200 - - [10/Jun/2025:21:56:35 +0200] "GET /node?page=204 HTTP/1.1" 200 - "-" "Mozilla/5.0 (compatible; DotBot/1.2; +https://opensiteexplorer.org/dotbot; help@moz.com)"
216.244.66.200 - - [10/Jun/2025:21:57:05 +0200] "GET /node/1051 HTTP/1.1" 200 - "-" "Mozilla/5.0 (compatible; DotBot/1.2; +https://opensiteexplorer.org/dotbot; help@moz.com)"
216.244.66.200 - - [10/Jun/2025:21:57:56 +0200] "GET /node/1343 HTTP/1.1" 200 - "-" "Mozilla/5.0 (compatible; DotBot/1.2; +https://opensiteexplorer.org/dotbot; help@moz.com)"
216.244.66.200 - - [10/Jun/2025:21:58:46 +0200] "GET /node/1352 HTTP/1.1" 200 - "-" "Mozilla/5.0 (compatible; DotBot/1.2; +https://opensiteexplorer.org/dotbot; help@moz.com)"
216.244.66.200 - - [10/Jun/2025:21:59:37 +0200] "GET /node/1452 HTTP/1.1" 200 - "-" "Mozilla/5.0 (compatible; DotBot/1.2; +https://opensiteexplorer.org/dotbot; help@moz.com)"
216.244.66.200 - - [10/Jun/2025:22:00:27 +0200] "GET /node/1602 HTTP/1.1" 200 - "-" "Mozilla/5.0 (compatible; DotBot/1.2; +https://opensiteexplorer.org/dotbot; help@moz.com)"
66.249.70.67 - - [10/Jun/2025:22:06:00 +0200] "GET /files/tk19.pdf HTTP/1.1" 304 - "-" "Mozilla/5.0 (Linux; Android 6.0.1; Nexus 5X Build/MMB29P) AppleWebKit/537.36 (KHTML, like Gecko) Chrome/136.0.7103.113 Mobile Safari/537.36 (compatible; Googlebot/2.1; +http://www.google.com/bot.html)"
18.97.9.96 - - [10/Jun/2025:22:13:26 +0200] "GET /robots.txt HTTP/1.1" 200 1590 "-" "Mozilla/5.0 AppleWebKit/537.36 (KHTML, like Gecko; compatible; PerplexityBot/1.0; +https://perplexity.ai/perplexitybot), Mozilla/5.0 (Macintosh; Intel Mac OS X 10.15; rv:130.0) Gecko/20100101 Firefox/130.0"
18.97.9.96 - - [10/Jun/2025:22:13:49 +0200] "GET /files/7_2001_fvm_mod.pdf HTTP/1.1" 200 164382 "-" "Mozilla/5.0 AppleWebKit/537.36 (KHTML, like Gecko; compatible; PerplexityBot/1.0; +https://perplexity.ai/perplexitybot), Mozilla/5.0 (Macintosh; Intel Mac OS X 10.15; rv:130.0) Gecko/20100101 Firefox/130.0"
216.244.66.200 - - [10/Jun/2025:22:19:08 +0200] "GET /robots.txt HTTP/1.1" 200 1590 "-" "Mozilla/5.0 (compatible; DotBot/1.2; +https://opensiteexplorer.org/dotbot; help@moz.com)"
216.244.66.200 - - [10/Jun/2025:22:19:10 +0200] "GET /robots.txt HTTP/1.1" 200 1590 "-" "Mozilla/5.0 (compatible; DotBot/1.2; +https://opensiteexplorer.org/dotbot; help@moz.com)"
216.244.66.200 - - [10/Jun/2025:22:24:55 +0200] "GET /taxonomy/term/25 HTTP/1.1" 200 - "-" "Mozilla/5.0 (compatible; DotBot/1.2; +https://opensiteexplorer.org/dotbot; help@moz.com)"
216.244.66.200 - - [10/Jun/2025:22:25:25 +0200] "GET /taxonomy/term/35 HTTP/1.1" 200 - "-" "Mozilla/5.0 (compatible; DotBot/1.2; +https://opensiteexplorer.org/dotbot; help@moz.com)"
216.244.66.200 - - [10/Jun/2025:22:32:26 +0200] "GET /files/R225indok.doc HTTP/1.1" 200 36864 "-" "Mozilla/5.0 (compatible; DotBot/1.2; +https://opensiteexplorer.org/dotbot; help@moz.com)"
216.244.66.200 - - [10/Jun/2025:22:32:46 +0200] "GET /files/kirendeltvedodij.pdf HTTP/1.1" 200 48520 "-" "Mozilla/5.0 (compatible; DotBot/1.2; +https://opensiteexplorer.org/dotbot; help@moz.com)"
216.244.66.200 - - [10/Jun/2025:22:34:46 +0200] "GET /node/2619 HTTP/1.1" 200 - "-" "Mozilla/5.0 (compatible; DotBot/1.2; +https://opensiteexplorer.org/dotbot; help@moz.com)"
194.42.196.113 - - [10/Jun/2025:22:38:27 +0200] "GET / HTTP/1.1" 200 - "-" "Mozilla/5.0"
216.244.66.200 - - [10/Jun/2025:22:43:02 +0200] "GET /node?page=75 HTTP/1.1" 200 - "-" "Mozilla/5.0 (compatible; DotBot/1.2; +https://opensiteexplorer.org/dotbot; help@moz.com)"
216.244.66.200 - - [10/Jun/2025:22:43:52 +0200] "GET /node?page=97 HTTP/1.1" 200 - "-" "Mozilla/5.0 (compatible; DotBot/1.2; +https://opensiteexplorer.org/dotbot; help@moz.com)"
216.244.66.200 - - [10/Jun/2025:22:44:52 +0200] "GET /node?page=132 HTTP/1.1" 200 - "-" "Mozilla/5.0 (compatible; DotBot/1.2; +https://opensiteexplorer.org/dotbot; help@moz.com)"
216.244.66.200 - - [10/Jun/2025:22:45:43 +0200] "GET /node?page=19 HTTP/1.1" 200 - "-" "Mozilla/5.0 (compatible; DotBot/1.2; +https://opensiteexplorer.org/dotbot; help@moz.com)"
216.244.66.200 - - [10/Jun/2025:22:46:33 +0200] "GET /node?page=201 HTTP/1.1" 200 - "-" "Mozilla/5.0 (compatible; DotBot/1.2; +https://opensiteexplorer.org/dotbot; help@moz.com)"
216.244.66.200 - - [10/Jun/2025:22:47:23 +0200] "GET /node/1278 HTTP/1.1" 200 - "-" "Mozilla/5.0 (compatible; DotBot/1.2; +https://opensiteexplorer.org/dotbot; help@moz.com)"
216.244.66.200 - - [10/Jun/2025:22:48:14 +0200] "GET /node/1673 HTTP/1.1" 200 - "-" "Mozilla/5.0 (compatible; DotBot/1.2; +https://opensiteexplorer.org/dotbot; help@moz.com)"
216.244.66.200 - - [10/Jun/2025:22:49:04 +0200] "GET /node/1768 HTTP/1.1" 200 - "-" "Mozilla/5.0 (compatible; DotBot/1.2; +https://opensiteexplorer.org/dotbot; help@moz.com)"
213.180.203.7 - - [10/Jun/2025:22:49:44 +0200] "GET /robots.txt HTTP/1.1" 200 1590 "-" "Mozilla/5.0 (compatible; YandexBot/3.0; +http://yandex.com/bots)"
216.244.66.200 - - [10/Jun/2025:22:49:54 +0200] "GET /node/1829 HTTP/1.1" 200 - "-" "Mozilla/5.0 (compatible; DotBot/1.2; +https://opensiteexplorer.org/dotbot; help@moz.com)"
5.255.231.147 - - [10/Jun/2025:22:50:17 +0200] "GET /taxonomy/term/27 HTTP/1.1" 200 - "-" "Mozilla/5.0 (compatible; YandexBot/3.0; +http://yandex.com/bots)"
216.244.66.200 - - [10/Jun/2025:22:50:44 +0200] "GET /node/1890 HTTP/1.1" 200 - "-" "Mozilla/5.0 (compatible; DotBot/1.2; +https://opensiteexplorer.org/dotbot; help@moz.com)"
66.249.70.67 - - [10/Jun/2025:23:16:48 +0200] "GET /files/nnofnyktidrfeersz_terv_091105.pdf HTTP/1.1" 200 172971 "-" "Mozilla/5.0 (Linux; Android 6.0.1; Nexus 5X Build/MMB29P) AppleWebKit/537.36 (KHTML, like Gecko) Chrome/136.0.7103.113 Mobile Safari/537.36 (compatible; GoogleOther)"
216.244.66.200 - - [10/Jun/2025:23:19:49 +0200] "GET /robots.txt HTTP/1.1" 200 1590 "-" "Mozilla/5.0 (compatible; DotBot/1.2; +https://opensiteexplorer.org/dotbot; help@moz.com)"
