66.249.70.67 - - [09/Jun/2025:08:30:50 +0200] "GET /files/2_sz_melleklet_061031.pdf HTTP/1.1" 304 - "-" "Mozilla/5.0 (Linux; Android 6.0.1; Nexus 5X Build/MMB29P) AppleWebKit/537.36 (KHTML, like Gecko) Chrome/136.0.7103.113 Mobile Safari/537.36 (compatible; Googlebot/2.1; +http://www.google.com/bot.html)"
194.145.227.125 - - [09/Jun/2025:08:41:48 +0200] "GET /assets/fileupload/server/php/index.php?file=tf2rghf.jpg HTTP/1.1" 200 - "-" "ALittle Client"
34.78.184.176 - - [09/Jun/2025:08:50:24 +0200] "GET / HTTP/1.1" 200 - "-" "Mozilla/5.0 (Windows NT 10.0; Win64; x64) AppleWebKit/537.36 (KHTML, like Gecko) Chrome/84.0.4147.105 Safari/537.36"
216.244.66.200 - - [09/Jun/2025:09:01:12 +0200] "GET /robots.txt HTTP/1.1" 200 1590 "-" "Mozilla/5.0 (compatible; DotBot/1.2; +https://opensiteexplorer.org/dotbot; help@moz.com)"
216.244.66.200 - - [09/Jun/2025:09:01:12 +0200] "GET /robots.txt HTTP/1.1" 200 1590 "-" "Mozilla/5.0 (compatible; DotBot/1.2; +https://opensiteexplorer.org/dotbot; help@moz.com)"
18.144.3.89 - - [09/Jun/2025:09:08:49 +0200] "GET / HTTP/1.1" 200 - "-" "bitdiscovery-suggestions"
216.244.66.200 - - [09/Jun/2025:09:10:42 +0200] "GET /files/uj_OVSZ_KvVM_rend_kozigazgatasi_egyeztetes.pdf HTTP/1.1" 200 208836 "-" "Mozilla/5.0 (compatible; DotBot/1.2; +https://opensiteexplorer.org/dotbot; help@moz.com)"
216.244.66.200 - - [09/Jun/2025:09:11:37 +0200] "GET /taxonomy/term/86/0/feed HTTP/1.1" 200 - "-" "Mozilla/5.0 (compatible; DotBot/1.2; +https://opensiteexplorer.org/dotbot; help@moz.com)"
216.244.66.200 - - [09/Jun/2025:09:11:48 +0200] "GET /files/kormany_rendelet_terevezet_a_a_befogado_nemzeti_tamogatas_reszletes_kormanyzati_feladatairol.pdf HTTP/1.1" 200 152511 "-" "Mozilla/5.0 (compatible; DotBot/1.2; +https://opensiteexplorer.org/dotbot; help@moz.com)"
92.116.75.23 - - [09/Jun/2025:09:39:19 +0200] "GET /files/cegbejegyzesi_eljaras_21_per_2006__02_12_fin.doc HTTP/1.1" 200 54272 "-" "Mozilla/5.0 (Windows NT 10.0; WOW64; Trident/7.0; rv:11.0) like Gecko"
207.166.160.52 - - [09/Jun/2025:10:09:10 +0200] "GET /files/nem-konvencionalis_korm_rend_090202.doc HTTP/1.1" 200 34291 "-" "Mozilla/5.0 (Macintosh; Intel Mac OS X 10.15; rv:133.0) Gecko/20100101 Firefox/133.0"
207.166.160.52 - - [09/Jun/2025:10:09:13 +0200] "GET /files/nem-konvencionalis_korm_rend_090202.doc HTTP/1.1" 200 873472 "-" "Mozilla/5.0 (Macintosh; Intel Mac OS X 10.15; rv:133.0) Gecko/20100101 Firefox/133.0"
54.67.118.47 - - [09/Jun/2025:10:12:10 +0200] "GET / HTTP/1.1" 200 - "-" "bitdiscovery-suggestions"
37.76.9.127 - - [09/Jun/2025:10:33:44 +0200] "GET /files/hadkotelesek_hm_eum_rendelet_tervezet_melleklet.pdf HTTP/1.1" 200 713160 "-" "Mozilla/5.0 (Linux; Android 10; K) AppleWebKit/537.36 (KHTML, like Gecko) SamsungBrowser/28.0 Chrome/130.0.0.0 Mobile Safari/537.36"
216.244.66.200 - - [09/Jun/2025:10:42:15 +0200] "GET /robots.txt HTTP/1.1" 200 1590 "-" "Mozilla/5.0 (compatible; DotBot/1.2; +https://opensiteexplorer.org/dotbot; help@moz.com)"
216.244.66.200 - - [09/Jun/2025:10:42:15 +0200] "GET /robots.txt HTTP/1.1" 200 1590 "-" "Mozilla/5.0 (compatible; DotBot/1.2; +https://opensiteexplorer.org/dotbot; help@moz.com)"
216.244.66.200 - - [09/Jun/2025:10:48:17 +0200] "GET /files/_5ihn6mrridmg6subqc5q6inr9e9gn8t50e9klut35e9r0_.pdf HTTP/1.1" 200 341288 "-" "Mozilla/5.0 (compatible; DotBot/1.2; +https://opensiteexplorer.org/dotbot; help@moz.com)"
216.244.66.200 - - [09/Jun/2025:10:48:37 +0200] "GET /files/hmrend_tervezet_mh_legvedelmi_keszenleti_repuleseirol.pdf HTTP/1.1" 200 114953 "-" "Mozilla/5.0 (compatible; DotBot/1.2; +https://opensiteexplorer.org/dotbot; help@moz.com)"
216.244.66.200 - - [09/Jun/2025:10:48:58 +0200] "GET /files/megfelel__si_t__bl__zat_561_2006_ek__KKt_b__rs__ghoz.doc HTTP/1.1" 200 77824 "-" "Mozilla/5.0 (compatible; DotBot/1.2; +https://opensiteexplorer.org/dotbot; help@moz.com)"
216.244.66.200 - - [09/Jun/2025:10:49:49 +0200] "GET /taxonomy/term/64/0/feed HTTP/1.1" 200 - "-" "Mozilla/5.0 (compatible; DotBot/1.2; +https://opensiteexplorer.org/dotbot; help@moz.com)"
216.244.66.200 - - [09/Jun/2025:10:50:40 +0200] "GET /taxonomy/term/76/0/feed HTTP/1.1" 200 - "-" "Mozilla/5.0 (compatible; DotBot/1.2; +https://opensiteexplorer.org/dotbot; help@moz.com)"
213.180.203.28 - - [09/Jun/2025:11:53:13 +0200] "GET /robots.txt HTTP/1.1" 200 1590 "-" "Mozilla/5.0 (compatible; YandexBot/3.0; +http://yandex.com/bots)"
87.250.224.249 - - [09/Jun/2025:11:53:44 +0200] "GET /drupal/ HTTP/1.1" 200 - "-" "Mozilla/5.0 (compatible; YandexBot/3.0; +http://yandex.com/bots)"
95.108.213.151 - - [09/Jun/2025:11:54:27 +0200] "GET /taxonomy/term/35 HTTP/1.1" 200 - "-" "Mozilla/5.0 (compatible; YandexBot/3.0; +http://yandex.com/bots)"
146.174.160.87 - - [09/Jun/2025:12:02:12 +0200] "GET /taxonomy/term/55%2057%2058%2059%2060%2061%2062%2063%2064%2065%2066%2067%2068%2069%2070%2071%2072%2073%2074%2075 HTTP/1.1" 200 - "-" "Mozilla/5.0 (Windows NT 5.1) AppleWebKit/535.6 (KHTML, like Gecko) Chrome/16.0.897.0 Safari/535.6"
66.249.70.65 - - [09/Jun/2025:12:25:04 +0200] "GET /files/okirattariterv.pdf HTTP/1.1" 304 - "-" "Mozilla/5.0 (Linux; Android 6.0.1; Nexus 5X Build/MMB29P) AppleWebKit/537.36 (KHTML, like Gecko) Chrome/136.0.7103.113 Mobile Safari/537.36 (compatible; Googlebot/2.1; +http://www.google.com/bot.html)"
91.33.166.51 - - [09/Jun/2025:12:28:33 +0200] "GET /files/szakertoidijazas.doc HTTP/1.1" 200 59392 "-" "Mozilla/5.0 (Windows NT 10.0; WOW64; Trident/7.0; rv:11.0) like Gecko"
89.135.15.240 - - [09/Jun/2025:12:39:05 +0200] "GET /favicon.ico HTTP/1.1" 404 57 "http://www.jogalkotas.hu/files/ooszi.pdf" "Mozilla/5.0 (Windows NT 10.0; Win64; x64) AppleWebKit/537.36 (KHTML, like Gecko) Chrome/137.0.0.0 Safari/537.36"
89.135.15.240 - - [09/Jun/2025:12:39:05 +0200] "GET /files/ooszi.pdf HTTP/1.1" 200 429252 "https://www.google.com/" "Mozilla/5.0 (Windows NT 10.0; Win64; x64) AppleWebKit/537.36 (KHTML, like Gecko) Chrome/137.0.0.0 Safari/537.36"
193.6.201.253 - - [09/Jun/2025:12:52:58 +0200] "HEAD /node/357 HTTP/1.0" 200 - "-" "w3m/0.5.3+git20190105"
193.6.201.253 - - [09/Jun/2025:12:53:30 +0200] "HEAD /node/357 HTTP/1.0" 200 - "-" "w3m/0.5.3+git20190105"
45.135.232.205 - - [09/Jun/2025:13:28:57 +0200] "GET /.svn HTTP/1.1" 200 - "-" "python-requests/2.32.3"
43.155.140.157 - - [09/Jun/2025:13:41:45 +0200] "GET / HTTP/1.1" 200 - "-" "Mozilla/5.0 (iPhone; CPU iPhone OS 13_2_3 like Mac OS X) AppleWebKit/605.1.15 (KHTML, like Gecko) Version/13.0.3 Mobile/15E148 Safari/604.1"
173.249.58.161 - - [09/Jun/2025:15:18:44 +0200] "GET /api/.env HTTP/1.1" 200 - "-" "Mozilla/5.0 (Macintosh; Intel Mac OS X 10_10_4) AppleWebKit/537.36 (KHTML, like Gecko) Chrome/76.0.3809.100 Safari/537.36"
52.169.74.74 - - [09/Jun/2025:15:22:30 +0200] "GET /xx.php HTTP/1.1" 200 - "-" "-"
66.249.70.67 - - [09/Jun/2025:15:32:54 +0200] "GET /files/egyesrend%C3%A9szeti.pdf HTTP/1.1" 200 473994 "-" "Mozilla/5.0 (Linux; Android 6.0.1; Nexus 5X Build/MMB29P) AppleWebKit/537.36 (KHTML, like Gecko) Chrome/136.0.7103.113 Mobile Safari/537.36 (compatible; Googlebot/2.1; +http://www.google.com/bot.html)"
20.191.45.212 - - [09/Jun/2025:15:34:40 +0200] "GET /favicon.ico HTTP/1.1" 404 57 "http://www.jogalkotas.hu/favicon.ico" "DuckDuckBot/1.1; (+http://duckduckgo.com/duckduckbot.html)"
20.191.45.212 - - [09/Jun/2025:15:35:02 +0200] "GET / HTTP/1.1" 200 - "http://www.jogalkotas.hu/" "DuckDuckBot/1.1; (+http://duckduckgo.com/duckduckbot.html)"
66.249.64.10 - - [09/Jun/2025:15:40:38 +0200] "GET /robots.txt HTTP/1.1" 200 1590 "-" "Mozilla/5.0 (compatible; Googlebot/2.1; +http://www.google.com/bot.html)"
66.249.64.11 - - [09/Jun/2025:15:43:53 +0200] "GET /robots.txt HTTP/1.1" 200 1590 "-" "Mozilla/5.0 (compatible; Googlebot/2.1; +http://www.google.com/bot.html)"
66.249.64.10 - - [09/Jun/2025:15:43:54 +0200] "GET /files/ippc.pdf HTTP/1.1" 200 251837 "-" "Googlebot/2.1 (+http://www.google.com/bot.html)"
66.249.70.67 - - [09/Jun/2025:15:49:22 +0200] "GET /files/normativa_terv_070416.pdf HTTP/1.1" 200 289697 "-" "Googlebot/2.1 (+http://www.google.com/bot.html)"
66.249.70.66 - - [09/Jun/2025:15:58:23 +0200] "GET /files/_lg9oa2t42ee0meub9dpsmir3mk1n78obieig76_.pdf HTTP/1.1" 200 150189 "-" "Googlebot/2.1 (+http://www.google.com/bot.html)"
66.249.64.11 - - [09/Jun/2025:16:01:30 +0200] "GET /node/1157 HTTP/1.1" 200 - "-" "Mozilla/5.0 (Linux; Android 6.0.1; Nexus 5X Build/MMB29P) AppleWebKit/537.36 (KHTML, like Gecko) Chrome/136.0.7103.113 Mobile Safari/537.36 (compatible; GoogleOther)"
66.249.64.11 - - [09/Jun/2025:16:19:58 +0200] "GET /files/5melleklet.pdf HTTP/1.1" 200 54355 "-" "Googlebot/2.1 (+http://www.google.com/bot.html)"
34.76.218.255 - - [09/Jun/2025:16:30:48 +0200] "GET /robots.txt HTTP/1.1" 200 1590 "-" "Mozilla/5.0 (compatible; VelenPublicWebCrawler/1.0; +https://velen.io)"
66.249.70.66 - - [09/Jun/2025:16:44:43 +0200] "GET /files/_bde0mopkkdhi74pblehgnl83j_.pdf HTTP/1.1" 200 182982 "-" "Googlebot/2.1 (+http://www.google.com/bot.html)"
66.249.64.10 - - [09/Jun/2025:16:57:00 +0200] "GET /files/cseh_magyar_terv_070523.pdf HTTP/1.1" 200 210579 "-" "Mozilla/5.0 (Linux; Android 6.0.1; Nexus 5X Build/MMB29P) AppleWebKit/537.36 (KHTML, like Gecko) Chrome/136.0.7103.113 Mobile Safari/537.36 (compatible; Googlebot/2.1; +http://www.google.com/bot.html)"
66.249.70.67 - - [09/Jun/2025:17:26:21 +0200] "GET /files/hatar.pdf HTTP/1.1" 200 148826 "-" "Googlebot/2.1 (+http://www.google.com/bot.html)"
66.249.70.65 - - [09/Jun/2025:17:29:39 +0200] "GET /files/11340_2.pdf HTTP/1.1" 200 109543 "-" "Googlebot/2.1 (+http://www.google.com/bot.html)"
66.249.64.10 - - [09/Jun/2025:17:40:29 +0200] "GET /files/katonak_illetmenyerol_es_illetmenyjellegu_juttatasairol_tervezet.pdf HTTP/1.1" 200 166093 "-" "Googlebot/2.1 (+http://www.google.com/bot.html)"
4.227.36.63 - - [09/Jun/2025:17:53:05 +0200] "GET /robots.txt HTTP/1.1" 200 1590 "-" "Mozilla/5.0 AppleWebKit/537.36 (KHTML, like Gecko; compatible; GPTBot/1.2; +https://openai.com/gptbot)"
66.249.64.10 - - [09/Jun/2025:17:53:26 +0200] "GET /files/kornyezetvedelmi_megbizott_modositas.pdf HTTP/1.1" 200 76547 "-" "Googlebot/2.1 (+http://www.google.com/bot.html)"
20.171.207.64 - - [09/Jun/2025:17:53:39 +0200] "GET / HTTP/1.1" 200 - "-" "Mozilla/5.0 AppleWebKit/537.36 (KHTML, like Gecko; compatible; GPTBot/1.2; +https://openai.com/gptbot)"
20.171.207.64 - - [09/Jun/2025:17:54:09 +0200] "GET / HTTP/1.1" 200 - "-" "Mozilla/5.0 AppleWebKit/537.36 (KHTML, like Gecko; compatible; GPTBot/1.2; +https://openai.com/gptbot)"
18.97.9.102 - - [09/Jun/2025:18:01:07 +0200] "GET /robots.txt HTTP/1.1" 200 1590 "-" "Mozilla/5.0 AppleWebKit/537.36 (KHTML, like Gecko; compatible; PerplexityBot/1.0; +https://perplexity.ai/perplexitybot), Mozilla/5.0 (Macintosh; Intel Mac OS X 10.15; rv:130.0) Gecko/20100101 Firefox/130.0"
18.97.9.101 - - [09/Jun/2025:18:01:08 +0200] "GET /files/KHEM_8735_(normasz__veg).doc HTTP/1.1" 200 136192 "-" "Mozilla/5.0 AppleWebKit/537.36 (KHTML, like Gecko; compatible; PerplexityBot/1.0; +https://perplexity.ai/perplexitybot), Mozilla/5.0 (Macintosh; Intel Mac OS X 10.15; rv:130.0) Gecko/20100101 Firefox/130.0"
216.244.66.200 - - [09/Jun/2025:18:06:51 +0200] "GET /robots.txt HTTP/1.1" 200 1590 "-" "Mozilla/5.0 (compatible; DotBot/1.2; +https://opensiteexplorer.org/dotbot; help@moz.com)"
216.244.66.200 - - [09/Jun/2025:18:13:26 +0200] "GET /taxonomy/term/82/0/feed HTTP/1.1" 200 - "-" "Mozilla/5.0 (compatible; DotBot/1.2; +https://opensiteexplorer.org/dotbot; help@moz.com)"
66.249.64.9 - - [09/Jun/2025:18:15:39 +0200] "GET /files/filmrendelet_terv_080708.pdf HTTP/1.1" 200 270638 "-" "Googlebot/2.1 (+http://www.google.com/bot.html)"
66.249.64.10 - - [09/Jun/2025:18:16:01 +0200] "GET /files/0207_KSZF_MeHVM_rend_terv.pdf HTTP/1.1" 200 183759 "-" "Googlebot/2.1 (+http://www.google.com/bot.html)"
66.249.64.10 - - [09/Jun/2025:18:22:39 +0200] "GET /files/termofold_igenybevetel_eloterjesztes.pdf HTTP/1.1" 200 211330 "-" "Googlebot/2.1 (+http://www.google.com/bot.html)"
66.249.64.11 - - [09/Jun/2025:18:35:16 +0200] "GET /files/szmr_eloterj_061204.pdf HTTP/1.1" 200 885273 "-" "Googlebot/2.1 (+http://www.google.com/bot.html)"
4.227.36.68 - - [09/Jun/2025:18:35:30 +0200] "GET /robots.txt HTTP/1.1" 200 1590 "-" "Mozilla/5.0 AppleWebKit/537.36 (KHTML, like Gecko; compatible; GPTBot/1.2; +https://openai.com/gptbot)"
20.171.207.239 - - [09/Jun/2025:18:36:00 +0200] "GET /favicon.ico HTTP/1.1" 404 57 "-" "Mozilla/5.0 AppleWebKit/537.36 (KHTML, like Gecko; compatible; GPTBot/1.2; +https://openai.com/gptbot)"
20.171.207.64 - - [09/Jun/2025:18:36:02 +0200] "GET / HTTP/1.1" 200 - "-" "Mozilla/5.0 AppleWebKit/537.36 (KHTML, like Gecko; compatible; GPTBot/1.2; +https://openai.com/gptbot)"
20.171.207.239 - - [09/Jun/2025:18:36:02 +0200] "GET / HTTP/1.1" 200 - "-" "Mozilla/5.0 AppleWebKit/537.36 (KHTML, like Gecko; compatible; GPTBot/1.2; +https://openai.com/gptbot)"
66.249.70.67 - - [09/Jun/2025:18:48:59 +0200] "GET /files/eszk_terv_090831.pdf HTTP/1.1" 200 2349990 "-" "Mozilla/5.0 (Linux; Android 6.0.1; Nexus 5X Build/MMB29P) AppleWebKit/537.36 (KHTML, like Gecko) Chrome/136.0.7103.113 Mobile Safari/537.36 (compatible; Googlebot/2.1; +http://www.google.com/bot.html)"
66.249.64.9 - - [09/Jun/2025:19:01:29 +0200] "GET /taxonomy/term/56 HTTP/1.1" 200 - "-" "Mozilla/5.0 (Linux; Android 6.0.1; Nexus 5X Build/MMB29P) AppleWebKit/537.36 (KHTML, like Gecko) Chrome/136.0.7103.113 Mobile Safari/537.36 (compatible; GoogleOther)"
66.249.64.9 - - [09/Jun/2025:19:16:27 +0200] "GET /files/indokolas_mutragya1.pdf HTTP/1.1" 200 81408 "-" "Googlebot/2.1 (+http://www.google.com/bot.html)"
66.249.64.10 - - [09/Jun/2025:19:16:31 +0200] "GET /files/13687_3.pdf HTTP/1.1" 200 193032 "-" "Googlebot/2.1 (+http://www.google.com/bot.html)"
66.249.70.67 - - [09/Jun/2025:19:16:41 +0200] "GET /files/ekozig_strategia.pdf HTTP/1.1" 200 731185 "-" "Googlebot/2.1 (+http://www.google.com/bot.html)"
91.33.170.138 - - [09/Jun/2025:19:43:35 +0200] "GET /files/cegbejegyzesi_eljaras_21_per_2006__02_12_fin.doc HTTP/1.1" 200 54272 "-" "Mozilla/5.0 (Windows NT 10.0; WOW64; Trident/7.0; rv:11.0) like Gecko"
92.116.75.23 - - [09/Jun/2025:19:46:08 +0200] "GET /files/szakertoidijazas.doc HTTP/1.1" 200 59392 "-" "Mozilla/5.0 (Windows NT 10.0; WOW64; Trident/7.0; rv:11.0) like Gecko"
66.249.70.66 - - [09/Jun/2025:19:47:28 +0200] "GET /files/TK37_2.pdf HTTP/1.1" 200 62440 "-" "Googlebot/2.1 (+http://www.google.com/bot.html)"
216.244.66.200 - - [09/Jun/2025:19:52:50 +0200] "GET /robots.txt HTTP/1.1" 200 1590 "-" "Mozilla/5.0 (compatible; DotBot/1.2; +https://opensiteexplorer.org/dotbot; help@moz.com)"
216.244.66.200 - - [09/Jun/2025:19:52:50 +0200] "GET /robots.txt HTTP/1.1" 200 1590 "-" "Mozilla/5.0 (compatible; DotBot/1.2; +https://opensiteexplorer.org/dotbot; help@moz.com)"
66.249.64.9 - - [09/Jun/2025:19:53:46 +0200] "GET /files/14390_10.pdf HTTP/1.1" 200 866257 "-" "Googlebot/2.1 (+http://www.google.com/bot.html)"
66.249.70.66 - - [09/Jun/2025:19:54:50 +0200] "GET /files/22_2004_fmm_om_rendelet.pdf HTTP/1.1" 200 177009 "-" "Googlebot/2.1 (+http://www.google.com/bot.html)"
66.249.64.9 - - [09/Jun/2025:19:57:46 +0200] "GET /files/elelmisz_bizt_hatfelugy_tv_eloterj.pdf HTTP/1.1" 200 481719 "-" "Googlebot/2.1 (+http://www.google.com/bot.html)"
216.244.66.200 - - [09/Jun/2025:19:58:22 +0200] "GET /taxonomy/term/58/0/feed HTTP/1.1" 200 - "-" "Mozilla/5.0 (compatible; DotBot/1.2; +https://opensiteexplorer.org/dotbot; help@moz.com)"
216.244.66.200 - - [09/Jun/2025:19:58:57 +0200] "GET /taxonomy/term/26/0/feed HTTP/1.1" 200 - "-" "Mozilla/5.0 (compatible; DotBot/1.2; +https://opensiteexplorer.org/dotbot; help@moz.com)"
216.244.66.200 - - [09/Jun/2025:19:59:40 +0200] "GET /taxonomy/term/31/0/feed HTTP/1.1" 200 - "-" "Mozilla/5.0 (compatible; DotBot/1.2; +https://opensiteexplorer.org/dotbot; help@moz.com)"
66.249.70.67 - - [09/Jun/2025:20:04:49 +0200] "GET /files/89_2004_fvm_mod_egyeztetesre.pdf HTTP/1.1" 200 252995 "-" "Googlebot/2.1 (+http://www.google.com/bot.html)"
66.249.64.11 - - [09/Jun/2025:20:05:30 +0200] "GET /drupal/files/ekozig2010strategia_0604.pdf HTTP/1.1" 200 - "-" "Googlebot/2.1 (+http://www.google.com/bot.html)"
66.249.64.9 - - [09/Jun/2025:20:07:09 +0200] "GET /files/jogharm0000.pdf HTTP/1.1" 200 30582 "-" "Googlebot/2.1 (+http://www.google.com/bot.html)"
51.210.214.160 - - [09/Jun/2025:20:11:50 +0200] "GET /taxonomy/term/21/0/feed HTTP/1.1" 200 - "-" "Mozilla/5.0 (X11; Linux i686) AppleWebKit/537.36 (KHTML, like Gecko) Chrome/30.0.1599.66 Safari/537.36"
66.249.70.66 - - [09/Jun/2025:20:13:36 +0200] "GET /files/kedvezm_kisters_kormrend.pdf HTTP/1.1" 200 230664 "-" "Googlebot/2.1 (+http://www.google.com/bot.html)"
216.244.66.200 - - [09/Jun/2025:20:38:30 +0200] "GET /robots.txt HTTP/1.1" 200 1590 "-" "Mozilla/5.0 (compatible; DotBot/1.2; +https://opensiteexplorer.org/dotbot; help@moz.com)"
66.249.70.66 - - [09/Jun/2025:20:41:54 +0200] "GET / HTTP/1.1" 200 - "-" "Mozilla/5.0 (Linux; Android 6.0.1; Nexus 5X Build/MMB29P) AppleWebKit/537.36 (KHTML, like Gecko) Chrome/99.0.4844.84 Mobile Safari/537.36 (compatible; Googlebot/2.1; +http://www.google.com/bot.html)"
84.17.35.119 - - [09/Jun/2025:20:42:06 +0200] "GET /file.php HTTP/1.1" 200 - "-" "Mozilla/5.0 (Windows NT 6.1; Win64; x64) AppleWebKit/537.36 (KHTML, like Gecko) Chrome/74.0.3729.169 Safari/537.36"
84.17.35.119 - - [09/Jun/2025:20:42:16 +0200] "GET /wp-content/plugins/pwnd-1/ HTTP/1.1" 200 - "-" "Mozilla/5.0 (Windows NT 10.0; Win64; x64) AppleWebKit/537.36 (KHTML, like Gecko) Chrome/80.0.3987.149 Safari/537.36"
66.249.70.65 - - [09/Jun/2025:20:42:26 +0200] "GET / HTTP/1.1" 200 - "-" "Mozilla/5.0 (compatible; Googlebot/2.1; +http://www.google.com/bot.html)"
66.249.70.67 - - [09/Jun/2025:20:42:58 +0200] "GET / HTTP/1.1" 200 - "-" "Mozilla/5.0 (Linux; Android 6.0.1; Nexus 5X Build/MMB29P) AppleWebKit/537.36 (KHTML, like Gecko) Chrome/136.0.7103.113 Mobile Safari/537.36 (compatible; Googlebot/2.1; +http://www.google.com/bot.html)"
66.249.70.66 - - [09/Jun/2025:20:43:30 +0200] "GET / HTTP/1.1" 200 - "-" "Mozilla/5.0 (compatible; Googlebot/2.1; +http://www.google.com/bot.html)"
216.244.66.200 - - [09/Jun/2025:20:43:49 +0200] "GET /files/t%C3%83%C2%A1rc%C3%83%C2%A1ra%2023.2002.E%C3%83%C2%BCM%20rendelet.doc HTTP/1.1" 200 - "-" "Mozilla/5.0 (compatible; DotBot/1.2; +https://opensiteexplorer.org/dotbot; help@moz.com)"
216.244.66.200 - - [09/Jun/2025:21:25:40 +0200] "GET /robots.txt HTTP/1.1" 200 1590 "-" "Mozilla/5.0 (compatible; DotBot/1.2; +https://opensiteexplorer.org/dotbot; help@moz.com)"
216.244.66.200 - - [09/Jun/2025:21:25:41 +0200] "GET /robots.txt HTTP/1.1" 200 1590 "-" "Mozilla/5.0 (compatible; DotBot/1.2; +https://opensiteexplorer.org/dotbot; help@moz.com)"
66.249.64.11 - - [09/Jun/2025:21:25:52 +0200] "GET /files/itkr_rendelet_061031.pdf HTTP/1.1" 200 153033 "-" "Googlebot/2.1 (+http://www.google.com/bot.html)"
66.249.64.9 - - [09/Jun/2025:21:29:58 +0200] "GET /files/2_sz_melleklet_061031.pdf HTTP/1.1" 200 56446 "-" "Googlebot/2.1 (+http://www.google.com/bot.html)"
216.244.66.200 - - [09/Jun/2025:21:32:45 +0200] "GET /files/t%C3%83%C2%B6rvjav09els%C3%85%E2%80%98f%C3%83%C2%A9l%C3%83%C2%A9v.pdf HTTP/1.1" 200 - "-" "Mozilla/5.0 (compatible; DotBot/1.2; +https://opensiteexplorer.org/dotbot; help@moz.com)"
216.244.66.200 - - [09/Jun/2025:21:33:16 +0200] "GET /taxonomy/term/38/0/feed HTTP/1.1" 200 - "-" "Mozilla/5.0 (compatible; DotBot/1.2; +https://opensiteexplorer.org/dotbot; help@moz.com)"
66.249.70.66 - - [09/Jun/2025:21:43:01 +0200] "GET /robots.txt HTTP/1.1" 200 1590 "-" "Mozilla/5.0 (compatible; Googlebot/2.1; +http://www.google.com/bot.html)"
66.249.70.66 - - [09/Jun/2025:21:43:03 +0200] "GET /files/NFGM_1538.pdf HTTP/1.1" 200 474412 "-" "Googlebot/2.1 (+http://www.google.com/bot.html)"
66.249.64.9 - - [09/Jun/2025:21:43:04 +0200] "GET /files/fontos_es_bizalmas_munkakorok_060913.pdf HTTP/1.1" 200 114801 "-" "Googlebot/2.1 (+http://www.google.com/bot.html)"
170.106.163.84 - - [09/Jun/2025:21:43:33 +0200] "GET / HTTP/1.1" 200 - "-" "Mozilla/5.0 (iPhone; CPU iPhone OS 13_2_3 like Mac OS X) AppleWebKit/605.1.15 (KHTML, like Gecko) Version/13.0.3 Mobile/15E148 Safari/604.1"
66.249.64.10 - - [09/Jun/2025:21:44:04 +0200] "GET /files/nka_vhr_071206.pdf HTTP/1.1" 200 140355 "-" "Googlebot/2.1 (+http://www.google.com/bot.html)"
20.191.45.212 - - [09/Jun/2025:21:53:55 +0200] "GET /favicon.ico HTTP/1.1" 404 57 "http://www.jogalkotas.hu/favicon.ico" "DuckDuckBot/1.1; (+http://duckduckgo.com/duckduckbot.html)"
20.191.45.212 - - [09/Jun/2025:21:54:18 +0200] "GET / HTTP/1.1" 200 - "http://www.jogalkotas.hu/" "DuckDuckBot/1.1; (+http://duckduckgo.com/duckduckbot.html)"
66.249.64.10 - - [09/Jun/2025:22:02:27 +0200] "GET /node/1017 HTTP/1.1" 200 - "-" "Mozilla/5.0 (Linux; Android 6.0.1; Nexus 5X Build/MMB29P) AppleWebKit/537.36 (KHTML, like Gecko) Chrome/136.0.7103.113 Mobile Safari/537.36 (compatible; Googlebot/2.1; +http://www.google.com/bot.html)"
66.249.64.9 - - [09/Jun/2025:22:09:13 +0200] "GET /files/elelmiszer_utalvany_modositas.pdf HTTP/1.1" 200 75067 "-" "Googlebot/2.1 (+http://www.google.com/bot.html)"
95.108.213.195 - - [09/Jun/2025:22:24:59 +0200] "GET /robots.txt HTTP/1.1" 200 1590 "-" "Mozilla/5.0 (compatible; YandexBot/3.0; +http://yandex.com/bots)"
95.108.213.246 - - [09/Jun/2025:22:25:31 +0200] "GET /drupal/node/1401 HTTP/1.1" 200 - "-" "Mozilla/5.0 (compatible; YandexBot/3.0; +http://yandex.com/bots)"
87.250.224.124 - - [09/Jun/2025:22:42:13 +0200] "GET /dru- HTTP/1.1" 200 - "-" "Mozilla/5.0 (compatible; YandexBot/3.0; +http://yandex.com/bots)"
66.249.70.66 - - [09/Jun/2025:22:53:02 +0200] "GET /files/Az_anyakonyvi_eljarasrol_szolo_2010_evi_I_torveny_vegrehajtasarol_szolo_kormanyrendelet_tervezete.pdf HTTP/1.1" 200 80604 "-" "Googlebot/2.1 (+http://www.google.com/bot.html)"
66.249.70.65 - - [09/Jun/2025:23:13:18 +0200] "GET /files/megfelelesi.pdf HTTP/1.1" 200 91717 "-" "Googlebot/2.1 (+http://www.google.com/bot.html)"
66.249.64.11 - - [09/Jun/2025:23:17:02 +0200] "GET /files/szakszo_muszaki_2mell.pdf HTTP/1.1" 200 131784 "-" "Googlebot/2.1 (+http://www.google.com/bot.html)"
66.249.64.10 - - [09/Jun/2025:23:23:32 +0200] "GET /files/kozig-egyezt-eloterj.pdf HTTP/1.1" 304 - "-" "Mozilla/5.0 (Linux; Android 6.0.1; Nexus 5X Build/MMB29P) AppleWebKit/537.36 (KHTML, like Gecko) Chrome/136.0.7103.113 Mobile Safari/537.36 (compatible; Googlebot/2.1; +http://www.google.com/bot.html)"
66.249.64.9 - - [09/Jun/2025:23:32:25 +0200] "GET /files/14_4.pdf HTTP/1.1" 200 298509 "-" "Googlebot/2.1 (+http://www.google.com/bot.html)"
66.249.64.9 - - [09/Jun/2025:23:43:26 +0200] "GET /files/ifj_szoc_gyv_rend_terv_061211.pdf HTTP/1.1" 200 245506 "-" "Googlebot/2.1 (+http://www.google.com/bot.html)"
66.249.70.65 - - [10/Jun/2025:00:01:00 +0200] "GET /files/NFGM9761.pdf HTTP/1.1" 200 204582 "-" "Mozilla/5.0 (Linux; Android 6.0.1; Nexus 5X Build/MMB29P) AppleWebKit/537.36 (KHTML, like Gecko) Chrome/136.0.7103.113 Mobile Safari/537.36 (compatible; GoogleOther)"
66.249.70.65 - - [10/Jun/2025:00:13:10 +0200] "GET /files/NFGM9761.pdf HTTP/1.1" 200 204582 "-" "Mozilla/5.0 (Linux; Android 6.0.1; Nexus 5X Build/MMB29P) AppleWebKit/537.36 (KHTML, like Gecko) Chrome/136.0.7103.113 Mobile Safari/537.36 (compatible; Googlebot/2.1; +http://www.google.com/bot.html)"
66.249.64.9 - - [10/Jun/2025:00:13:17 +0200] "GET /files/_ocljnipbjg9oa2t42ee0meub9_.pdf HTTP/1.1" 200 191910 "-" "Googlebot/2.1 (+http://www.google.com/bot.html)"
66.249.70.67 - - [10/Jun/2025:00:21:36 +0200] "GET /files/karteritesi_feleloseg_terezet.pdf HTTP/1.1" 200 235277 "-" "Googlebot/2.1 (+http://www.google.com/bot.html)"
213.180.203.203 - - [10/Jun/2025:01:07:10 +0200] "GET /robots.txt HTTP/1.1" 200 1590 "-" "Mozilla/5.0 (compatible; YandexBot/3.0; +http://yandex.com/bots)"
66.249.70.66 - - [10/Jun/2025:01:07:35 +0200] "GET /files/NFGM_1539.pdf HTTP/1.1" 200 206627 "-" "Googlebot/2.1 (+http://www.google.com/bot.html)"
5.255.231.108 - - [10/Jun/2025:01:07:42 +0200] "GET /drupal/node/1448 HTTP/1.1" 200 - "-" "Mozilla/5.0 (compatible; YandexBot/3.0; +http://yandex.com/bots)"
66.249.70.66 - - [10/Jun/2025:01:08:54 +0200] "GET /files/elektronikus_h.pdf HTTP/1.1" 200 79752 "-" "Googlebot/2.1 (+http://www.google.com/bot.html)"
66.249.70.65 - - [10/Jun/2025:01:17:36 +0200] "GET /files/hm_rendelet_tervezet_szolgalati_viszony_mod.pdf HTTP/1.1" 200 139827 "-" "Googlebot/2.1 (+http://www.google.com/bot.html)"
66.249.70.65 - - [10/Jun/2025:01:20:07 +0200] "GET /files/bizott_2007_05.pdf HTTP/1.1" 200 60990 "-" "Googlebot/2.1 (+http://www.google.com/bot.html)"
66.249.64.11 - - [10/Jun/2025:01:30:23 +0200] "GET /files/hmrendfejezetikezelesueloir.pdf HTTP/1.1" 200 131337 "-" "Googlebot/2.1 (+http://www.google.com/bot.html)"
66.249.70.67 - - [10/Jun/2025:01:32:34 +0200] "GET /files/_mc9nmopt0e9q6it3fdcmmgobk_.pdf HTTP/1.1" 200 100151 "-" "Googlebot/2.1 (+http://www.google.com/bot.html)"
66.249.70.65 - - [10/Jun/2025:01:41:01 +0200] "GET /files/1594_11.pdf HTTP/1.1" 200 358011 "-" "Googlebot/2.1 (+http://www.google.com/bot.html)"
66.249.70.66 - - [10/Jun/2025:01:42:36 +0200] "GET /files/jelentos_vg_kerdesek_vegleges_1222.pdf HTTP/1.1" 200 1190830 "-" "Googlebot/2.1 (+http://www.google.com/bot.html)"
66.249.64.10 - - [10/Jun/2025:01:43:21 +0200] "GET /files/szszital_foldrajzi_arujelzo_korm_tervezet.pdf HTTP/1.1" 200 74219 "-" "Googlebot/2.1 (+http://www.google.com/bot.html)"
66.249.70.67 - - [10/Jun/2025:01:53:48 +0200] "GET /files/TK68.pdf HTTP/1.1" 200 122995 "-" "Googlebot/2.1 (+http://www.google.com/bot.html)"
4.227.36.104 - - [10/Jun/2025:02:26:54 +0200] "GET /robots.txt HTTP/1.1" 200 1590 "-" "Mozilla/5.0 AppleWebKit/537.36 (KHTML, like Gecko; compatible; GPTBot/1.2; +https://openai.com/gptbot)"
20.171.207.143 - - [10/Jun/2025:02:27:26 +0200] "GET /drupal/files/OHT HTTP/1.1" 200 - "-" "Mozilla/5.0 AppleWebKit/537.36 (KHTML, like Gecko; compatible; GPTBot/1.2; +https://openai.com/gptbot)"
82.197.68.54 - - [10/Jun/2025:02:31:23 +0200] "GET / HTTP/1.1" 200 - "-" "Go-http-client/1.1"
207.180.223.50 - - [10/Jun/2025:03:10:50 +0200] "GET /api/.env HTTP/1.1" 200 - "-" "Mozilla/5.0 (OS/2; Warp 4.5; rv:31.0) Gecko/20100101 Firefox/31.0"
66.249.64.9 - - [10/Jun/2025:03:19:21 +0200] "GET /files/11134.pdf HTTP/1.1" 200 170109 "-" "Googlebot/2.1 (+http://www.google.com/bot.html)"
66.249.70.66 - - [10/Jun/2025:03:20:52 +0200] "GET /files/Tper4221_tv%20_jav.pdf HTTP/1.1" 200 959251 "-" "Googlebot/2.1 (+http://www.google.com/bot.html)"
66.249.64.12 - - [10/Jun/2025:03:36:48 +0200] "GET /node/1031 HTTP/1.1" 200 - "-" "Mozilla/5.0 (Linux; Android 6.0.1; Nexus 5X Build/MMB29P) AppleWebKit/537.36 (KHTML, like Gecko) Chrome/136.0.7103.113 Mobile Safari/537.36 (compatible; Googlebot/2.1; +http://www.google.com/bot.html)"
185.177.72.205 - - [10/Jun/2025:04:04:13 +0200] "GET /.git/HEAD HTTP/1.1" 200 - "-" "-"
185.177.72.205 - - [10/Jun/2025:04:04:48 +0200] "GET / HTTP/1.1" 200 - "-" "Mozilla/5.0 (Windows NT 10.0; Win64; x64) AppleWebKit/537.36 (KHTML, like Gecko) Chrome/91.0.4472.124 Safari/537.36"
185.177.72.205 - - [10/Jun/2025:04:05:26 +0200] "GET /.env HTTP/1.1" 200 - "-" "Mozilla/5.0 (Windows NT 10.0; Win64; x64) AppleWebKit/537.36 (KHTML, like Gecko) Chrome/91.0.4472.124 Safari/537.36"
185.177.72.205 - - [10/Jun/2025:04:06:01 +0200] "GET /phpinfo HTTP/1.1" 200 - "-" "Mozilla/5.0 (Windows NT 10.0; Win64; x64) AppleWebKit/537.36 (KHTML, like Gecko) Chrome/91.0.4472.124 Safari/537.36"
185.177.72.205 - - [10/Jun/2025:04:06:27 +0200] "GET /phpinfo.php HTTP/1.1" 200 - "-" "Mozilla/5.0 (Windows NT 10.0; Win64; x64) AppleWebKit/537.36 (KHTML, like Gecko) Chrome/91.0.4472.124 Safari/537.36"
185.177.72.205 - - [10/Jun/2025:04:06:57 +0200] "GET /portal/.env HTTP/1.1" 200 - "-" "Mozilla/5.0 (Windows NT 10.0; Win64; x64) AppleWebKit/537.36 (KHTML, like Gecko) Chrome/91.0.4472.124 Safari/537.36"
66.249.70.66 - - [10/Jun/2025:04:07:30 +0200] "GET /files/riepst_terv_100412.pdf HTTP/1.1" 200 883438 "-" "Mozilla/5.0 (Linux; Android 6.0.1; Nexus 5X Build/MMB29P) AppleWebKit/537.36 (KHTML, like Gecko) Chrome/136.0.7103.113 Mobile Safari/537.36 (compatible; GoogleOther)"
185.177.72.205 - - [10/Jun/2025:04:07:31 +0200] "GET /env/.env HTTP/1.1" 200 - "-" "Mozilla/5.0 (Windows NT 10.0; Win64; x64) AppleWebKit/537.36 (KHTML, like Gecko) Chrome/91.0.4472.124 Safari/537.36"
185.177.72.205 - - [10/Jun/2025:04:08:08 +0200] "GET /api/.env HTTP/1.1" 200 - "-" "Mozilla/5.0 (Windows NT 10.0; Win64; x64) AppleWebKit/537.36 (KHTML, like Gecko) Chrome/91.0.4472.124 Safari/537.36"
185.177.72.205 - - [10/Jun/2025:04:08:42 +0200] "GET /app/.env HTTP/1.1" 200 - "-" "Mozilla/5.0 (Windows NT 10.0; Win64; x64) AppleWebKit/537.36 (KHTML, like Gecko) Chrome/91.0.4472.124 Safari/537.36"
185.177.72.205 - - [10/Jun/2025:04:09:13 +0200] "GET /dev/.env HTTP/1.1" 200 - "-" "Mozilla/5.0 (Windows NT 10.0; Win64; x64) AppleWebKit/537.36 (KHTML, like Gecko) Chrome/91.0.4472.124 Safari/537.36"
185.177.72.205 - - [10/Jun/2025:04:09:55 +0200] "GET /new/.env HTTP/1.1" 200 - "-" "Mozilla/5.0 (Windows NT 10.0; Win64; x64) AppleWebKit/537.36 (KHTML, like Gecko) Chrome/91.0.4472.124 Safari/537.36"
185.177.72.205 - - [10/Jun/2025:04:10:27 +0200] "GET /new/.env.local HTTP/1.1" 200 - "-" "Mozilla/5.0 (Windows NT 10.0; Win64; x64) AppleWebKit/537.36 (KHTML, like Gecko) Chrome/91.0.4472.124 Safari/537.36"
185.177.72.205 - - [10/Jun/2025:04:10:56 +0200] "GET /new/.env.production HTTP/1.1" 200 - "-" "Mozilla/5.0 (Windows NT 10.0; Win64; x64) AppleWebKit/537.36 (KHTML, like Gecko) Chrome/91.0.4472.124 Safari/537.36"
185.177.72.205 - - [10/Jun/2025:04:11:29 +0200] "GET /new/.env.staging HTTP/1.1" 200 - "-" "Mozilla/5.0 (Windows NT 10.0; Win64; x64) AppleWebKit/537.36 (KHTML, like Gecko) Chrome/91.0.4472.124 Safari/537.36"
185.177.72.205 - - [10/Jun/2025:04:12:01 +0200] "GET /_phpinfo.php HTTP/1.1" 200 - "-" "Mozilla/5.0 (Windows NT 10.0; Win64; x64) AppleWebKit/537.36 (KHTML, like Gecko) Chrome/91.0.4472.124 Safari/537.36"
185.177.72.205 - - [10/Jun/2025:04:12:42 +0200] "GET /_profiler/phpinfo HTTP/1.1" 200 - "-" "Mozilla/5.0 (Windows NT 10.0; Win64; x64) AppleWebKit/537.36 (KHTML, like Gecko) Chrome/91.0.4472.124 Safari/537.36"
54.151.49.163 - - [10/Jun/2025:04:13:07 +0200] "GET / HTTP/1.1" 200 - "-" "bitdiscovery-suggestions"
185.177.72.205 - - [10/Jun/2025:04:13:16 +0200] "GET /_profiler/phpinfo/info.php HTTP/1.1" 200 - "-" "Mozilla/5.0 (Windows NT 10.0; Win64; x64) AppleWebKit/537.36 (KHTML, like Gecko) Chrome/91.0.4472.124 Safari/537.36"
185.177.72.205 - - [10/Jun/2025:04:13:50 +0200] "GET /_profiler/phpinfo/phpinfo.php HTTP/1.1" 200 - "-" "Mozilla/5.0 (Windows NT 10.0; Win64; x64) AppleWebKit/537.36 (KHTML, like Gecko) Chrome/91.0.4472.124 Safari/537.36"
185.177.72.205 - - [10/Jun/2025:04:14:17 +0200] "GET /wp-config HTTP/1.1" 200 - "-" "Mozilla/5.0 (Windows NT 10.0; Win64; x64) AppleWebKit/537.36 (KHTML, like Gecko) Chrome/91.0.4472.124 Safari/537.36"
185.177.72.205 - - [10/Jun/2025:04:14:41 +0200] "GET /aws-secret.yaml HTTP/1.1" 200 - "-" "Mozilla/5.0 (Windows NT 10.0; Win64; x64) AppleWebKit/537.36 (KHTML, like Gecko) Chrome/91.0.4472.124 Safari/537.36"
185.177.72.205 - - [10/Jun/2025:04:15:10 +0200] "GET /awstats/.env HTTP/1.1" 200 - "-" "Mozilla/5.0 (Windows NT 10.0; Win64; x64) AppleWebKit/537.36 (KHTML, like Gecko) Chrome/91.0.4472.124 Safari/537.36"
185.177.72.205 - - [10/Jun/2025:04:15:38 +0200] "GET /conf/.env HTTP/1.1" 200 - "-" "Mozilla/5.0 (Windows NT 10.0; Win64; x64) AppleWebKit/537.36 (KHTML, like Gecko) Chrome/91.0.4472.124 Safari/537.36"
185.177.72.205 - - [10/Jun/2025:04:16:07 +0200] "GET /cron/.env HTTP/1.1" 200 - "-" "Mozilla/5.0 (Windows NT 10.0; Win64; x64) AppleWebKit/537.36 (KHTML, like Gecko) Chrome/91.0.4472.124 Safari/537.36"
185.177.72.205 - - [10/Jun/2025:04:16:33 +0200] "GET /www/.env HTTP/1.1" 200 - "-" "Mozilla/5.0 (Windows NT 10.0; Win64; x64) AppleWebKit/537.36 (KHTML, like Gecko) Chrome/91.0.4472.124 Safari/537.36"
185.177.72.205 - - [10/Jun/2025:04:17:01 +0200] "GET /docker/.env HTTP/1.1" 200 - "-" "Mozilla/5.0 (Windows NT 10.0; Win64; x64) AppleWebKit/537.36 (KHTML, like Gecko) Chrome/91.0.4472.124 Safari/537.36"
185.177.72.205 - - [10/Jun/2025:04:17:33 +0200] "GET /docker/app/.env HTTP/1.1" 200 - "-" "Mozilla/5.0 (Windows NT 10.0; Win64; x64) AppleWebKit/537.36 (KHTML, like Gecko) Chrome/91.0.4472.124 Safari/537.36"
185.177.72.205 - - [10/Jun/2025:04:18:02 +0200] "GET /env.backup HTTP/1.1" 200 - "-" "Mozilla/5.0 (Windows NT 10.0; Win64; x64) AppleWebKit/537.36 (KHTML, like Gecko) Chrome/91.0.4472.124 Safari/537.36"
34.162.119.74 - - [10/Jun/2025:05:12:34 +0200] "GET / HTTP/1.1" 200 - "-" "Mozilla/5.0"
87.250.224.29 - - [10/Jun/2025:05:30:33 +0200] "GET /robots.txt HTTP/1.1" 200 1590 "-" "Mozilla/5.0 (compatible; YandexBot/3.0; +http://yandex.com/bots)"
5.255.231.18 - - [10/Jun/2025:05:31:06 +0200] "GET /drupal/ HTTP/1.1" 200 - "-" "Mozilla/5.0 (compatible; YandexBot/3.0; +http://yandex.com/bots)"
66.249.64.10 - - [10/Jun/2025:05:36:07 +0200] "GET /files/szakszo_legiforgalmi_iranyito_3mell.pdf HTTP/1.1" 200 383563 "-" "Googlebot/2.1 (+http://www.google.com/bot.html)"
66.249.70.65 - - [10/Jun/2025:05:44:35 +0200] "GET /files/kulfoldiek_foglalkoztatasa_060316.pdf HTTP/1.1" 200 159451 "-" "Googlebot/2.1 (+http://www.google.com/bot.html)"
66.249.70.66 - - [10/Jun/2025:05:45:05 +0200] "GET /files/hadkotelesek_hm_rendelet_tervezet.pdf HTTP/1.1" 200 107684 "-" "Googlebot/2.1 (+http://www.google.com/bot.html)"
66.249.70.67 - - [10/Jun/2025:05:46:59 +0200] "GET /files/reszletes_0.pdf HTTP/1.1" 200 276067 "-" "Googlebot/2.1 (+http://www.google.com/bot.html)"
66.249.70.65 - - [10/Jun/2025:05:47:50 +0200] "GET /files/hm_rendelet_tervezet_27_2008_modositas.pdf HTTP/1.1" 200 237623 "-" "Googlebot/2.1 (+http://www.google.com/bot.html)"
94.247.172.129 - - [10/Jun/2025:05:48:17 +0200] "GET / HTTP/1.1" 200 - "-" "Mozilla/5.0 (Macintosh; Intel Mac OS X 10_9_2)"
66.249.70.67 - - [10/Jun/2025:05:51:29 +0200] "GET /files/NFGM4660.pdf HTTP/1.1" 200 478452 "-" "Googlebot/2.1 (+http://www.google.com/bot.html)"
66.249.70.65 - - [10/Jun/2025:06:01:04 +0200] "GET /files/5280_kult_int_070208.pdf HTTP/1.1" 200 165464 "-" "Mozilla/5.0 AppleWebKit/537.36 (KHTML, like Gecko; compatible; GoogleOther) Chrome/136.0.7103.113 Safari/537.36"
66.249.70.67 - - [10/Jun/2025:06:01:06 +0200] "GET /files/3802_16.pdf HTTP/1.1" 200 571634 "-" "Mozilla/5.0 AppleWebKit/537.36 (KHTML, like Gecko; compatible; GoogleOther) Chrome/136.0.7103.113 Safari/537.36"
66.249.64.11 - - [10/Jun/2025:06:09:38 +0200] "GET /files/8_9_2000_min_rend_terv_061211.pdf HTTP/1.1" 200 423767 "-" "Googlebot/2.1 (+http://www.google.com/bot.html)"
66.249.70.66 - - [10/Jun/2025:06:12:59 +0200] "GET /files/normaszoveg_tervezete_honlapra_060404.pdf HTTP/1.1" 200 189421 "-" "Googlebot/2.1 (+http://www.google.com/bot.html)"
216.244.66.200 - - [10/Jun/2025:06:14:02 +0200] "GET /robots.txt HTTP/1.1" 200 1590 "-" "Mozilla/5.0 (compatible; DotBot/1.2; +https://opensiteexplorer.org/dotbot; help@moz.com)"
4.227.36.91 - - [10/Jun/2025:06:17:03 +0200] "GET /robots.txt HTTP/1.1" 200 1590 "-" "Mozilla/5.0 AppleWebKit/537.36 (KHTML, like Gecko; compatible; GPTBot/1.2; +https://openai.com/gptbot)"
20.171.207.89 - - [10/Jun/2025:06:17:42 +0200] "GET /moodle/calendar/view.php?loan=100 HTTP/1.1" 200 - "-" "Mozilla/5.0 AppleWebKit/537.36 (KHTML, like Gecko; compatible; GPTBot/1.2; +https://openai.com/gptbot)"
216.244.66.200 - - [10/Jun/2025:06:21:28 +0200] "GET /files/150_1992_terv_100301.pdf HTTP/1.1" 200 465850 "-" "Mozilla/5.0 (compatible; DotBot/1.2; +https://opensiteexplorer.org/dotbot; help@moz.com)"
216.244.66.200 - - [10/Jun/2025:06:21:51 +0200] "GET /files/t%C5%B1zv%C3%A9delmi%20technika1.pdf HTTP/1.1" 200 223609 "-" "Mozilla/5.0 (compatible; DotBot/1.2; +https://opensiteexplorer.org/dotbot; help@moz.com)"
54.177.29.98 - - [10/Jun/2025:06:29:46 +0200] "GET / HTTP/1.1" 200 - "-" "bitdiscovery-suggestions"
66.249.64.13 - - [10/Jun/2025:06:30:10 +0200] "GET /files/ekjszsz_terv_090629.pdf HTTP/1.1" 200 184796 "-" "Googlebot/2.1 (+http://www.google.com/bot.html)"
20.171.207.89 - - [10/Jun/2025:06:36:25 +0200] "GET /moodle/calendar/view.php?loan=100 HTTP/1.1" 200 - "-" "Mozilla/5.0 AppleWebKit/537.36 (KHTML, like Gecko; compatible; GPTBot/1.2; +https://openai.com/gptbot)"
43.166.240.231 - - [10/Jun/2025:06:36:58 +0200] "GET / HTTP/1.1" 200 - "-" "Mozilla/5.0 (iPhone; CPU iPhone OS 13_2_3 like Mac OS X) AppleWebKit/605.1.15 (KHTML, like Gecko) Version/13.0.3 Mobile/15E148 Safari/604.1"
66.249.64.9 - - [10/Jun/2025:06:37:16 +0200] "GET /files/7_mell_FAVI_KARINFO_B3.doc HTTP/1.1" 304 - "-" "Mozilla/5.0 (Linux; Android 6.0.1; Nexus 5X Build/MMB29P) AppleWebKit/537.36 (KHTML, like Gecko) Chrome/136.0.7103.113 Mobile Safari/537.36 (compatible; Googlebot/2.1; +http://www.google.com/bot.html)"
66.249.64.10 - - [10/Jun/2025:06:43:37 +0200] "GET /files/hjt_2008_tervezet.pdf HTTP/1.1" 200 182668 "-" "Googlebot/2.1 (+http://www.google.com/bot.html)"
216.244.66.200 - - [10/Jun/2025:07:01:07 +0200] "GET /robots.txt HTTP/1.1" 200 1590 "-" "Mozilla/5.0 (compatible; DotBot/1.2; +https://opensiteexplorer.org/dotbot; help@moz.com)"
216.244.66.200 - - [10/Jun/2025:07:01:07 +0200] "GET /robots.txt HTTP/1.1" 200 1590 "-" "Mozilla/5.0 (compatible; DotBot/1.2; +https://opensiteexplorer.org/dotbot; help@moz.com)"
216.244.66.200 - - [10/Jun/2025:07:09:00 +0200] "GET /files/NFGM2005_0.pdf HTTP/1.1" 200 201548 "-" "Mozilla/5.0 (compatible; DotBot/1.2; +https://opensiteexplorer.org/dotbot; help@moz.com)"
216.244.66.200 - - [10/Jun/2025:07:21:24 +0200] "GET /node/1431 HTTP/1.1" 200 - "-" "Mozilla/5.0 (compatible; DotBot/1.2; +https://opensiteexplorer.org/dotbot; help@moz.com)"
193.23.3.3 - - [10/Jun/2025:07:21:27 +0200] "GET /files/ESR_korm_eloterjesztes.pdf HTTP/1.1" 200 1021178 "-" "Mozilla/5.0 (Windows NT 10.0; Win64; x64) AppleWebKit/537.36 (KHTML, like Gecko) Chrome/126.0.0.0 Safari/537.36"
216.244.66.200 - - [10/Jun/2025:07:22:15 +0200] "GET /node/1433 HTTP/1.1" 200 - "-" "Mozilla/5.0 (compatible; DotBot/1.2; +https://opensiteexplorer.org/dotbot; help@moz.com)"
216.244.66.200 - - [10/Jun/2025:07:23:06 +0200] "GET /node/1489 HTTP/1.1" 200 - "-" "Mozilla/5.0 (compatible; DotBot/1.2; +https://opensiteexplorer.org/dotbot; help@moz.com)"
216.244.66.200 - - [10/Jun/2025:07:23:56 +0200] "GET /node/1505 HTTP/1.1" 200 - "-" "Mozilla/5.0 (compatible; DotBot/1.2; +https://opensiteexplorer.org/dotbot; help@moz.com)"
216.244.66.200 - - [10/Jun/2025:07:24:46 +0200] "GET /node/1698 HTTP/1.1" 200 - "-" "Mozilla/5.0 (compatible; DotBot/1.2; +https://opensiteexplorer.org/dotbot; help@moz.com)"
216.244.66.200 - - [10/Jun/2025:07:25:36 +0200] "GET /node/1765 HTTP/1.1" 200 - "-" "Mozilla/5.0 (compatible; DotBot/1.2; +https://opensiteexplorer.org/dotbot; help@moz.com)"
216.244.66.200 - - [10/Jun/2025:07:26:27 +0200] "GET /node/1797 HTTP/1.1" 200 - "-" "Mozilla/5.0 (compatible; DotBot/1.2; +https://opensiteexplorer.org/dotbot; help@moz.com)"
216.244.66.200 - - [10/Jun/2025:07:27:17 +0200] "GET /node/199 HTTP/1.1" 200 - "-" "Mozilla/5.0 (compatible; DotBot/1.2; +https://opensiteexplorer.org/dotbot; help@moz.com)"
216.244.66.200 - - [10/Jun/2025:07:28:08 +0200] "GET /node/2361 HTTP/1.1" 200 - "-" "Mozilla/5.0 (compatible; DotBot/1.2; +https://opensiteexplorer.org/dotbot; help@moz.com)"
216.244.66.200 - - [10/Jun/2025:07:28:58 +0200] "GET /node/487 HTTP/1.1" 200 - "-" "Mozilla/5.0 (compatible; DotBot/1.2; +https://opensiteexplorer.org/dotbot; help@moz.com)"
216.244.66.200 - - [10/Jun/2025:07:29:49 +0200] "GET /node/620 HTTP/1.1" 200 - "-" "Mozilla/5.0 (compatible; DotBot/1.2; +https://opensiteexplorer.org/dotbot; help@moz.com)"
101.198.0.182 - - [10/Jun/2025:07:41:23 +0200] "GET / HTTP/1.1" 200 - "-" "Mozilla/5.0 (Macintosh; Intel Mac OS X 10_15_7) AppleWebKit/537.36 (KHTML, like Gecko) Chrome/120.0.0.0 Safari/537.36 Edg/120.0.0.0"
18.215.112.101 - - [10/Jun/2025:07:48:00 +0200] "GET /robots.txt HTTP/1.1" 200 1590 "-" "Mozilla/5.0 AppleWebKit/537.36 (KHTML, like Gecko; compatible; Amazonbot/0.1; +https://developer.amazon.com/support/amazonbot) Chrome/119.0.6045.214 Safari/537.36"
44.207.207.36 - - [10/Jun/2025:07:48:35 +0200] "GET /drupal/files/ptk-normaszoveg-tervezet_20071029.pdf HTTP/1.1" 200 - "-" "Mozilla/5.0 AppleWebKit/537.36 (KHTML, like Gecko; compatible; Amazonbot/0.1; +https://developer.amazon.com/support/amazonbot) Chrome/119.0.6045.214 Safari/537.36"
66.249.70.65 - - [10/Jun/2025:07:50:08 +0200] "GET /files/KUM_kituntetesek.pdf HTTP/1.1" 304 - "-" "Mozilla/5.0 (Linux; Android 6.0.1; Nexus 5X Build/MMB29P) AppleWebKit/537.36 (KHTML, like Gecko) Chrome/136.0.7103.113 Mobile Safari/537.36 (compatible; Googlebot/2.1; +http://www.google.com/bot.html)"
216.244.66.200 - - [10/Jun/2025:07:51:04 +0200] "GET /robots.txt HTTP/1.1" 200 1590 "-" "Mozilla/5.0 (compatible; DotBot/1.2; +https://opensiteexplorer.org/dotbot; help@moz.com)"
216.244.66.200 - - [10/Jun/2025:07:51:06 +0200] "GET /robots.txt HTTP/1.1" 200 1590 "-" "Mozilla/5.0 (compatible; DotBot/1.2; +https://opensiteexplorer.org/dotbot; help@moz.com)"
216.244.66.200 - - [10/Jun/2025:07:59:16 +0200] "GET /files/TK50.pdf HTTP/1.1" 200 134264 "-" "Mozilla/5.0 (compatible; DotBot/1.2; +https://opensiteexplorer.org/dotbot; help@moz.com)"
216.244.66.200 - - [10/Jun/2025:07:59:29 +0200] "GET /files/jogszabszerk.pdf HTTP/1.1" 200 206549 "-" "Mozilla/5.0 (compatible; DotBot/1.2; +https://opensiteexplorer.org/dotbot; help@moz.com)"
216.244.66.200 - - [10/Jun/2025:08:00:08 +0200] "GET /files/munkaanyag_25per2006_IM_rendelet_mod.10.28..doc HTTP/1.1" 200 142848 "-" "Mozilla/5.0 (compatible; DotBot/1.2; +https://opensiteexplorer.org/dotbot; help@moz.com)"
216.244.66.200 - - [10/Jun/2025:08:14:19 +0200] "GET /node/1381 HTTP/1.1" 200 - "-" "Mozilla/5.0 (compatible; DotBot/1.2; +https://opensiteexplorer.org/dotbot; help@moz.com)"
216.244.66.200 - - [10/Jun/2025:08:15:11 +0200] "GET /node/2571 HTTP/1.1" 200 - "-" "Mozilla/5.0 (compatible; DotBot/1.2; +https://opensiteexplorer.org/dotbot; help@moz.com)"
216.244.66.200 - - [10/Jun/2025:08:16:01 +0200] "GET /node/977 HTTP/1.1" 200 - "-" "Mozilla/5.0 (compatible; DotBot/1.2; +https://opensiteexplorer.org/dotbot; help@moz.com)"
216.244.66.200 - - [10/Jun/2025:08:16:51 +0200] "GET /taxonomy/term/84 HTTP/1.1" 200 - "-" "Mozilla/5.0 (compatible; DotBot/1.2; +https://opensiteexplorer.org/dotbot; help@moz.com)"
216.244.66.200 - - [10/Jun/2025:08:17:42 +0200] "GET /taxonomy/term/39?page=1 HTTP/1.1" 200 - "-" "Mozilla/5.0 (compatible; DotBot/1.2; +https://opensiteexplorer.org/dotbot; help@moz.com)"
216.244.66.200 - - [10/Jun/2025:08:18:33 +0200] "GET /node/1038 HTTP/1.1" 200 - "-" "Mozilla/5.0 (compatible; DotBot/1.2; +https://opensiteexplorer.org/dotbot; help@moz.com)"
216.244.66.200 - - [10/Jun/2025:08:19:23 +0200] "GET /node/629 HTTP/1.1" 200 - "-" "Mozilla/5.0 (compatible; DotBot/1.2; +https://opensiteexplorer.org/dotbot; help@moz.com)"
84.206.25.11 - - [10/Jun/2025:08:46:19 +0200] "GET /files/NFGM2005.pdf HTTP/1.1" 200 201548 "https://www.bing.com/" "Mozilla/5.0 (Windows NT 10.0; Win64; x64) AppleWebKit/537.36 (KHTML, like Gecko) Chrome/137.0.0.0 Safari/537.36 Edg/137.0.0.0"
84.206.25.11 - - [10/Jun/2025:08:46:19 +0200] "GET /favicon.ico HTTP/1.1" 404 57 "http://www.jogalkotas.hu/files/NFGM2005.pdf" "Mozilla/5.0 (Windows NT 10.0; Win64; x64) AppleWebKit/537.36 (KHTML, like Gecko) Chrome/137.0.0.0 Safari/537.36 Edg/137.0.0.0"
216.244.66.200 - - [10/Jun/2025:08:53:35 +0200] "GET /robots.txt HTTP/1.1" 200 1590 "-" "Mozilla/5.0 (compatible; DotBot/1.2; +https://opensiteexplorer.org/dotbot; help@moz.com)"
216.244.66.200 - - [10/Jun/2025:08:53:36 +0200] "GET /robots.txt HTTP/1.1" 200 1590 "-" "Mozilla/5.0 (compatible; DotBot/1.2; +https://opensiteexplorer.org/dotbot; help@moz.com)"
216.244.66.200 - - [10/Jun/2025:09:01:48 +0200] "GET /files/4_efizetes_illetek_es_koltseg.doc HTTP/1.1" 200 59904 "-" "Mozilla/5.0 (compatible; DotBot/1.2; +https://opensiteexplorer.org/dotbot; help@moz.com)"
216.244.66.200 - - [10/Jun/2025:09:02:26 +0200] "GET /files/polgarivedelem.pdf HTTP/1.1" 200 211287 "-" "Mozilla/5.0 (compatible; DotBot/1.2; +https://opensiteexplorer.org/dotbot; help@moz.com)"
216.244.66.200 - - [10/Jun/2025:09:03:29 +0200] "GET /drupal/files/NFGM2005_0.pdf HTTP/1.1" 200 - "-" "Mozilla/5.0 (compatible; DotBot/1.2; +https://opensiteexplorer.org/dotbot; help@moz.com)"
216.244.66.200 - - [10/Jun/2025:09:18:34 +0200] "GET /taxonomy/term/44?page=2 HTTP/1.1" 200 - "-" "Mozilla/5.0 (compatible; DotBot/1.2; +https://opensiteexplorer.org/dotbot; help@moz.com)"
216.244.66.200 - - [10/Jun/2025:09:19:24 +0200] "GET /user/148 HTTP/1.1" 200 - "-" "Mozilla/5.0 (compatible; DotBot/1.2; +https://opensiteexplorer.org/dotbot; help@moz.com)"
66.249.64.10 - - [10/Jun/2025:09:19:32 +0200] "GET /files/muzealis_terv_071010.pdf HTTP/1.1" 200 157155 "-" "Googlebot/2.1 (+http://www.google.com/bot.html)"
66.249.70.66 - - [10/Jun/2025:09:19:50 +0200] "GET /files/100113_empa_eloterjesztes.pdf HTTP/1.1" 200 126914 "-" "Googlebot/2.1 (+http://www.google.com/bot.html)"
216.244.66.200 - - [10/Jun/2025:09:20:16 +0200] "GET /taxonomy/term/35?page=2 HTTP/1.1" 200 - "-" "Mozilla/5.0 (compatible; DotBot/1.2; +https://opensiteexplorer.org/dotbot; help@moz.com)"
145.239.65.236 - - [10/Jun/2025:09:29:42 +0200] "GET /robots.txt HTTP/1.1" 200 1590 "-" "Mozilla/5.0 (compatible; MJ12bot/v1.4.8; http://mj12bot.com/)"
145.239.65.236 - - [10/Jun/2025:09:30:24 +0200] "GET /files/19-2003-Mell%C3%83%C2%A9kletek.xls.txt HTTP/1.1" 200 - "-" "Mozilla/5.0 (compatible; MJ12bot/v1.4.8; http://mj12bot.com/)"
145.239.65.236 - - [10/Jun/2025:09:31:06 +0200] "GET /files/A%20T%C3%83%E2%80%93RV%C3%83%E2%80%B0NYJAVASLAT%20MELL%C3%83%E2%80%B0KLETEI.htm.txt HTTP/1.1" 200 - "-" "Mozilla/5.0 (compatible; MJ12bot/v1.4.8; http://mj12bot.com/)"
145.239.65.236 - - [10/Jun/2025:09:31:48 +0200] "GET /files/AZ%20%C3%83?S%20MELL%C3%83%E2%80%B0KLETEI.htm.txt HTTP/1.1" 200 - "-" "Mozilla/5.0 (compatible; MJ12bot/v1.4.8; http://mj12bot.com/)"
145.239.65.236 - - [10/Jun/2025:09:32:30 +0200] "GET /files/Alap-%C3%83%C2%A9s%20m%C3%85%C2%B1k%C3%83%C2%B6d%C3%83%C2%A9si%20nyilv%C3%83%C2%A1ntart%C3%83%C2%A1s-T%C3%83?RCA03.20..doc HTTP/1.1" 200 - "-" "Mozilla/5.0 (compatible; MJ12bot/v1.4.8; http://mj12bot.com/)"
145.239.65.236 - - [10/Jun/2025:09:33:12 +0200] "GET /files/FEJEZETI%20K%C3%83%E2%80%93TETEK.htm.txt HTTP/1.1" 200 - "-" "Mozilla/5.0 (compatible; MJ12bot/v1.4.8; http://mj12bot.com/)"
145.239.65.236 - - [10/Jun/2025:09:33:54 +0200] "GET /files/INDOKOL%C3%83?1.doc HTTP/1.1" 200 - "-" "Mozilla/5.0 (compatible; MJ12bot/v1.4.8; http://mj12bot.com/)"
145.239.65.236 - - [10/Jun/2025:09:34:36 +0200] "GET /files/INDOKOL%C3%83?S.doc HTTP/1.1" 200 - "-" "Mozilla/5.0 (compatible; MJ12bot/v1.4.8; http://mj12bot.com/)"
145.239.65.236 - - [10/Jun/2025:09:35:18 +0200] "GET /files/SzaboMate_hozz%C3%83%C2%A1f%C3%83%C2%A9r%C3%83%C2%A9s.pps HTTP/1.1" 200 - "-" "Mozilla/5.0 (compatible; MJ12bot/v1.4.8; http://mj12bot.com/)"
145.239.65.236 - - [10/Jun/2025:09:36:00 +0200] "GET /files/VEZET%C3%85?I%20%C3%83%E2%80%93SSZEFOGLAL%C3%83%E2%80%9C.doc HTTP/1.1" 200 - "-" "Mozilla/5.0 (compatible; MJ12bot/v1.4.8; http://mj12bot.com/)"
145.239.65.236 - - [10/Jun/2025:09:36:42 +0200] "GET /files/%C3%83?NTSZ%20%20061214%20Kormr.doc HTTP/1.1" 200 - "-" "Mozilla/5.0 (compatible; MJ12bot/v1.4.8; http://mj12bot.com/)"
145.239.65.236 - - [10/Jun/2025:09:36:43 +0200] "GET /robots.txt HTTP/1.1" 200 1590 "-" "Mozilla/5.0 (compatible; MJ12bot/v1.4.8; http://mj12bot.com/)"
145.239.65.236 - - [10/Jun/2025:09:37:25 +0200] "GET /files/19-2003-Mell%C3%83%C2%A9kletek.xls.txt HTTP/1.1" 200 - "-" "Mozilla/5.0 (compatible; MJ12bot/v1.4.8; http://mj12bot.com/)"
145.239.65.236 - - [10/Jun/2025:09:38:07 +0200] "GET /files/9-93.normasz%C3%83%C2%B6veg.m%C3%83%C2%B3d.2007.febr.T%C3%83?RCA.doc HTTP/1.1" 200 - "-" "Mozilla/5.0 (compatible; MJ12bot/v1.4.8; http://mj12bot.com/)"
145.239.65.236 - - [10/Jun/2025:09:38:49 +0200] "GET /files/A%20T%C3%83%E2%80%93RV%C3%83%E2%80%B0NYJAVASLAT%20MELL%C3%83%E2%80%B0KLETEI.htm.txt HTTP/1.1" 200 - "-" "Mozilla/5.0 (compatible; MJ12bot/v1.4.8; http://mj12bot.com/)"
145.239.65.236 - - [10/Jun/2025:09:39:31 +0200] "GET /files/AZ%20%C3%83?S%20MELL%C3%83%E2%80%B0KLETEI.htm.txt HTTP/1.1" 200 - "-" "Mozilla/5.0 (compatible; MJ12bot/v1.4.8; http://mj12bot.com/)"
145.239.65.236 - - [10/Jun/2025:09:40:13 +0200] "GET /files/Alap-%C3%83%C2%A9s%20m%C3%85%C2%B1k%C3%83%C2%B6d%C3%83%C2%A9si%20nyilv%C3%83%C2%A1ntart%C3%83%C2%A1s-T%C3%83?RCA03.20..doc HTTP/1.1" 200 - "-" "Mozilla/5.0 (compatible; MJ12bot/v1.4.8; http://mj12bot.com/)"
145.239.65.236 - - [10/Jun/2025:09:40:55 +0200] "GET /files/FEJEZETI%20K%C3%83%E2%80%93TETEK.htm.txt HTTP/1.1" 200 - "-" "Mozilla/5.0 (compatible; MJ12bot/v1.4.8; http://mj12bot.com/)"
216.244.66.200 - - [10/Jun/2025:09:41:23 +0200] "GET /robots.txt HTTP/1.1" 200 1590 "-" "Mozilla/5.0 (compatible; DotBot/1.2; +https://opensiteexplorer.org/dotbot; help@moz.com)"
216.244.66.200 - - [10/Jun/2025:09:41:24 +0200] "GET /robots.txt HTTP/1.1" 200 1590 "-" "Mozilla/5.0 (compatible; DotBot/1.2; +https://opensiteexplorer.org/dotbot; help@moz.com)"
145.239.65.236 - - [10/Jun/2025:09:41:37 +0200] "GET /files/INDOKOL%C3%83?1.doc HTTP/1.1" 200 - "-" "Mozilla/5.0 (compatible; MJ12bot/v1.4.8; http://mj12bot.com/)"
145.239.65.236 - - [10/Jun/2025:09:42:19 +0200] "GET /files/INDOKOL%C3%83?S.doc HTTP/1.1" 200 - "-" "Mozilla/5.0 (compatible; MJ12bot/v1.4.8; http://mj12bot.com/)"
145.239.65.236 - - [10/Jun/2025:09:43:01 +0200] "GET /files/SzaboMate_hozz%C3%83%C2%A1f%C3%83%C2%A9r%C3%83%C2%A9s.pps HTTP/1.1" 200 - "-" "Mozilla/5.0 (compatible; MJ12bot/v1.4.8; http://mj12bot.com/)"
145.239.65.236 - - [10/Jun/2025:09:43:43 +0200] "GET /files/VEZET%C3%85?I%20%C3%83%E2%80%93SSZEFOGLAL%C3%83%E2%80%9C.doc HTTP/1.1" 200 - "-" "Mozilla/5.0 (compatible; MJ12bot/v1.4.8; http://mj12bot.com/)"
145.239.65.236 - - [10/Jun/2025:09:44:25 +0200] "GET /files/%C3%83?NTSZ%20%20061214%20Kormr.doc HTTP/1.1" 200 - "-" "Mozilla/5.0 (compatible; MJ12bot/v1.4.8; http://mj12bot.com/)"
