20.171.207.89 - - [18/Jul/2025:05:09:21 +0200] "GET /index.php?option=com_adsmanager&task=upload&tmpl=component HTTP/1.1" 200 - "-" "Mozilla/5.0 AppleWebKit/537.36 (KHTML, like Gecko; compatible; GPTBot/1.2; +https://openai.com/gptbot)"
20.171.207.122 - - [18/Jul/2025:05:10:02 +0200] "GET /files/_2g9oa2t42edj6ar41ctsmar35eg_.pdf HTTP/1.1" 200 401198 "-" "Mozilla/5.0 AppleWebKit/537.36 (KHTML, like Gecko; compatible; GPTBot/1.2; +https://openai.com/gptbot)"
20.171.207.89 - - [18/Jul/2025:05:10:27 +0200] "GET /wp-content/plugins/wp-homepage-slideshow/readme.txt HTTP/1.1" 200 - "-" "Mozilla/5.0 AppleWebKit/537.36 (KHTML, like Gecko; compatible; GPTBot/1.2; +https://openai.com/gptbot)"
20.171.207.122 - - [18/Jul/2025:05:11:07 +0200] "GET /files/02-05-A(DAS)-eloterj-terv.pdf HTTP/1.1" 200 308676 "-" "Mozilla/5.0 AppleWebKit/537.36 (KHTML, like Gecko; compatible; GPTBot/1.2; +https://openai.com/gptbot)"
20.171.207.89 - - [18/Jul/2025:05:11:29 +0200] "GET /templates/default/jQuery-File-Upload/server/php/ HTTP/1.1" 200 - "-" "Mozilla/5.0 AppleWebKit/537.36 (KHTML, like Gecko; compatible; GPTBot/1.2; +https://openai.com/gptbot)"
20.171.207.122 - - [18/Jul/2025:05:12:10 +0200] "GET /files/szakmagyakorlas_0.pdf HTTP/1.1" 200 240465 "-" "Mozilla/5.0 AppleWebKit/537.36 (KHTML, like Gecko; compatible; GPTBot/1.2; +https://openai.com/gptbot)"
20.171.207.89 - - [18/Jul/2025:05:12:32 +0200] "GET /theme/assets/global/plugins/jquery-file-upload/server/php/ HTTP/1.1" 200 - "-" "Mozilla/5.0 AppleWebKit/537.36 (KHTML, like Gecko; compatible; GPTBot/1.2; +https://openai.com/gptbot)"
20.171.207.122 - - [18/Jul/2025:05:13:11 +0200] "GET /files/szakmagyakorlas_1.pdf HTTP/1.1" 200 340381 "-" "Mozilla/5.0 AppleWebKit/537.36 (KHTML, like Gecko; compatible; GPTBot/1.2; +https://openai.com/gptbot)"
20.171.207.89 - - [18/Jul/2025:05:13:35 +0200] "GET /index.php?option=com_users&view=registration HTTP/1.1" 200 - "-" "Mozilla/5.0 AppleWebKit/537.36 (KHTML, like Gecko; compatible; GPTBot/1.2; +https://openai.com/gptbot)"
20.171.207.89 - - [18/Jul/2025:05:14:36 +0200] "GET /taxonomy/term/101?page=8 HTTP/1.1" 200 - "-" "Mozilla/5.0 AppleWebKit/537.36 (KHTML, like Gecko; compatible; GPTBot/1.2; +https://openai.com/gptbot)"
20.171.207.122 - - [18/Jul/2025:05:14:42 +0200] "GET /files/xmlrpc.php HTTP/1.1" 200 - "-" "Mozilla/5.0 AppleWebKit/537.36 (KHTML, like Gecko; compatible; GPTBot/1.2; +https://openai.com/gptbot)"
20.171.207.122 - - [18/Jul/2025:05:15:14 +0200] "GET /files/m60_boly_pecs.pdf HTTP/1.1" 200 461664 "-" "Mozilla/5.0 AppleWebKit/537.36 (KHTML, like Gecko; compatible; GPTBot/1.2; +https://openai.com/gptbot)"
20.171.207.89 - - [18/Jul/2025:05:15:41 +0200] "GET /taxonomy/term/101?page=4 HTTP/1.1" 200 - "-" "Mozilla/5.0 AppleWebKit/537.36 (KHTML, like Gecko; compatible; GPTBot/1.2; +https://openai.com/gptbot)"
20.171.207.89 - - [18/Jul/2025:05:16:44 +0200] "GET /taxonomy/term/101?page=3 HTTP/1.1" 200 - "-" "Mozilla/5.0 AppleWebKit/537.36 (KHTML, like Gecko; compatible; GPTBot/1.2; +https://openai.com/gptbot)"
20.171.207.122 - - [18/Jul/2025:05:16:47 +0200] "GET /shujuku/phome.php HTTP/1.1" 200 - "-" "Mozilla/5.0 AppleWebKit/537.36 (KHTML, like Gecko; compatible; GPTBot/1.2; +https://openai.com/gptbot)"
20.171.207.122 - - [18/Jul/2025:05:17:21 +0200] "GET /files/2_mell_FAVI_ENG_r_szletes.doc HTTP/1.1" 200 282112 "-" "Mozilla/5.0 AppleWebKit/537.36 (KHTML, like Gecko; compatible; GPTBot/1.2; +https://openai.com/gptbot)"
20.171.207.89 - - [18/Jul/2025:05:17:45 +0200] "GET /taxonomy/term/49?page=22 HTTP/1.1" 200 - "-" "Mozilla/5.0 AppleWebKit/537.36 (KHTML, like Gecko; compatible; GPTBot/1.2; +https://openai.com/gptbot)"
20.171.207.122 - - [18/Jul/2025:05:18:26 +0200] "GET /files/indoklas_0.pdf HTTP/1.1" 200 84419 "-" "Mozilla/5.0 AppleWebKit/537.36 (KHTML, like Gecko; compatible; GPTBot/1.2; +https://openai.com/gptbot)"
20.171.207.89 - - [18/Jul/2025:05:18:50 +0200] "GET /taxonomy/term/101?page=7 HTTP/1.1" 200 - "-" "Mozilla/5.0 AppleWebKit/537.36 (KHTML, like Gecko; compatible; GPTBot/1.2; +https://openai.com/gptbot)"
20.171.207.122 - - [18/Jul/2025:05:19:30 +0200] "GET /files/norma_3.pdf HTTP/1.1" 200 209887 "-" "Mozilla/5.0 AppleWebKit/537.36 (KHTML, like Gecko; compatible; GPTBot/1.2; +https://openai.com/gptbot)"
20.171.207.89 - - [18/Jul/2025:05:19:51 +0200] "GET /taxonomy/term/101?page=2 HTTP/1.1" 200 - "-" "Mozilla/5.0 AppleWebKit/537.36 (KHTML, like Gecko; compatible; GPTBot/1.2; +https://openai.com/gptbot)"
20.171.207.122 - - [18/Jul/2025:05:20:33 +0200] "GET /files/indok_0.pdf HTTP/1.1" 200 89909 "-" "Mozilla/5.0 AppleWebKit/537.36 (KHTML, like Gecko; compatible; GPTBot/1.2; +https://openai.com/gptbot)"
20.171.207.89 - - [18/Jul/2025:05:20:54 +0200] "GET /taxonomy/term/101?page=5 HTTP/1.1" 200 - "-" "Mozilla/5.0 AppleWebKit/537.36 (KHTML, like Gecko; compatible; GPTBot/1.2; +https://openai.com/gptbot)"
20.171.207.89 - - [18/Jul/2025:05:21:56 +0200] "GET /taxonomy/term/101?page=9 HTTP/1.1" 200 - "-" "Mozilla/5.0 AppleWebKit/537.36 (KHTML, like Gecko; compatible; GPTBot/1.2; +https://openai.com/gptbot)"
20.171.207.122 - - [18/Jul/2025:05:22:07 +0200] "GET /server/php/ HTTP/1.1" 200 - "-" "Mozilla/5.0 AppleWebKit/537.36 (KHTML, like Gecko; compatible; GPTBot/1.2; +https://openai.com/gptbot)"
20.171.207.122 - - [18/Jul/2025:05:22:40 +0200] "GET /files/hajozo_hmrend.pdf HTTP/1.1" 200 339236 "-" "Mozilla/5.0 AppleWebKit/537.36 (KHTML, like Gecko; compatible; GPTBot/1.2; +https://openai.com/gptbot)"
20.171.207.89 - - [18/Jul/2025:05:23:02 +0200] "GET /taxonomy/term/101?page=1 HTTP/1.1" 200 - "-" "Mozilla/5.0 AppleWebKit/537.36 (KHTML, like Gecko; compatible; GPTBot/1.2; +https://openai.com/gptbot)"
20.171.207.122 - - [18/Jul/2025:05:23:43 +0200] "GET /files/pirotechnika_%28honlapra%29.doc HTTP/1.1" 200 1301504 "-" "Mozilla/5.0 AppleWebKit/537.36 (KHTML, like Gecko; compatible; GPTBot/1.2; +https://openai.com/gptbot)"
20.171.207.89 - - [18/Jul/2025:05:24:05 +0200] "GET /taxonomy/term/101?page=6 HTTP/1.1" 200 - "-" "Mozilla/5.0 AppleWebKit/537.36 (KHTML, like Gecko; compatible; GPTBot/1.2; +https://openai.com/gptbot)"
20.171.207.89 - - [18/Jul/2025:05:25:09 +0200] "GET /wp-content/plugins/wp-formgenerator/changelog.txt HTTP/1.1" 200 - "-" "Mozilla/5.0 AppleWebKit/537.36 (KHTML, like Gecko; compatible; GPTBot/1.2; +https://openai.com/gptbot)"
20.171.207.122 - - [18/Jul/2025:05:25:16 +0200] "GET /files/xmlrpc.php HTTP/1.1" 200 - "-" "Mozilla/5.0 AppleWebKit/537.36 (KHTML, like Gecko; compatible; GPTBot/1.2; +https://openai.com/gptbot)"
20.171.207.122 - - [18/Jul/2025:05:25:47 +0200] "GET /files/_bdlgmeub1e8g2q83jf9m6utl0dcg6aprpg5q78r86vdlp8p42ecp30c1m_.pdf HTTP/1.1" 200 156509 "-" "Mozilla/5.0 AppleWebKit/537.36 (KHTML, like Gecko; compatible; GPTBot/1.2; +https://openai.com/gptbot)"
20.171.207.89 - - [18/Jul/2025:05:26:10 +0200] "GET /fckeditor/editor/filemanager/upload/php/upload.php HTTP/1.1" 200 - "-" "Mozilla/5.0 AppleWebKit/537.36 (KHTML, like Gecko; compatible; GPTBot/1.2; +https://openai.com/gptbot)"
54.36.148.240 - - [18/Jul/2025:05:26:24 +0200] "GET /robots.txt HTTP/1.1" 200 1590 "-" "Mozilla/5.0 (compatible; AhrefsBot/7.0; +http://ahrefs.com/robot/)"
20.171.207.89 - - [18/Jul/2025:05:27:14 +0200] "GET /blog/wp-login.php HTTP/1.1" 200 - "-" "Mozilla/5.0 AppleWebKit/537.36 (KHTML, like Gecko; compatible; GPTBot/1.2; +https://openai.com/gptbot)"
20.171.207.122 - - [18/Jul/2025:05:27:18 +0200] "GET /moodle/calendar/view.php?loan=13 HTTP/1.1" 200 - "-" "Mozilla/5.0 AppleWebKit/537.36 (KHTML, like Gecko; compatible; GPTBot/1.2; +https://openai.com/gptbot)"
20.171.207.89 - - [18/Jul/2025:05:28:15 +0200] "GET /taxonomy/term/52?page=1 HTTP/1.1" 200 - "-" "Mozilla/5.0 AppleWebKit/537.36 (KHTML, like Gecko; compatible; GPTBot/1.2; +https://openai.com/gptbot)"
20.171.207.122 - - [18/Jul/2025:05:28:19 +0200] "GET /moodle/calendar/view.php?loan=52 HTTP/1.1" 200 - "-" "Mozilla/5.0 AppleWebKit/537.36 (KHTML, like Gecko; compatible; GPTBot/1.2; +https://openai.com/gptbot)"
40.77.167.48 - - [18/Jul/2025:05:28:21 +0200] "GET /files/223visszamutatas.pdf HTTP/1.1" 200 189463 "-" "Mozilla/5.0 AppleWebKit/537.36 (KHTML, like Gecko; compatible; bingbot/2.0; +http://www.bing.com/bingbot.htm) Chrome/116.0.1938.76 Safari/537.36"
20.171.207.122 - - [18/Jul/2025:05:28:49 +0200] "GET /files/KAT_norma_06_24.pdf HTTP/1.1" 200 200161 "-" "Mozilla/5.0 AppleWebKit/537.36 (KHTML, like Gecko; compatible; GPTBot/1.2; +https://openai.com/gptbot)"
20.171.207.89 - - [18/Jul/2025:05:29:19 +0200] "GET /taxonomy/term/47?page=7 HTTP/1.1" 200 - "-" "Mozilla/5.0 AppleWebKit/537.36 (KHTML, like Gecko; compatible; GPTBot/1.2; +https://openai.com/gptbot)"
20.171.207.122 - - [18/Jul/2025:05:29:52 +0200] "GET /files/xcv_modositas.pdf HTTP/1.1" 200 208675 "-" "Mozilla/5.0 AppleWebKit/537.36 (KHTML, like Gecko; compatible; GPTBot/1.2; +https://openai.com/gptbot)"
20.171.207.89 - - [18/Jul/2025:05:30:23 +0200] "GET /taxonomy/term/46?page=2 HTTP/1.1" 200 - "-" "Mozilla/5.0 AppleWebKit/537.36 (KHTML, like Gecko; compatible; GPTBot/1.2; +https://openai.com/gptbot)"
20.171.207.122 - - [18/Jul/2025:05:30:58 +0200] "GET /files/ptk.csaladjog.pdf HTTP/1.1" 200 429444 "-" "Mozilla/5.0 AppleWebKit/537.36 (KHTML, like Gecko; compatible; GPTBot/1.2; +https://openai.com/gptbot)"
20.171.207.89 - - [18/Jul/2025:05:31:24 +0200] "GET /taxonomy/term/47?page=3 HTTP/1.1" 200 - "-" "Mozilla/5.0 AppleWebKit/537.36 (KHTML, like Gecko; compatible; GPTBot/1.2; +https://openai.com/gptbot)"
20.171.207.122 - - [18/Jul/2025:05:32:02 +0200] "GET /files/ipari_muszaki.pdf HTTP/1.1" 200 140749 "-" "Mozilla/5.0 AppleWebKit/537.36 (KHTML, like Gecko; compatible; GPTBot/1.2; +https://openai.com/gptbot)"
20.171.207.89 - - [18/Jul/2025:05:32:29 +0200] "GET /taxonomy/term/29?page=1 HTTP/1.1" 200 - "-" "Mozilla/5.0 AppleWebKit/537.36 (KHTML, like Gecko; compatible; GPTBot/1.2; +https://openai.com/gptbot)"
47.128.32.206 - - [18/Jul/2025:05:32:57 +0200] "GET /taxonomy/term/102?page=9 HTTP/1.1" 200 - "-" "Mozilla/5.0 (Linux; Android 5.0) AppleWebKit/537.36 (KHTML, like Gecko) Mobile Safari/537.36 (compatible; Bytespider; spider-feedback@bytedance.com)"
20.171.207.122 - - [18/Jul/2025:05:33:06 +0200] "GET /files/szab_javaslat.pdf HTTP/1.1" 200 115217 "-" "Mozilla/5.0 AppleWebKit/537.36 (KHTML, like Gecko; compatible; GPTBot/1.2; +https://openai.com/gptbot)"
20.171.207.89 - - [18/Jul/2025:05:33:30 +0200] "GET /taxonomy/term/47?page=5 HTTP/1.1" 200 - "-" "Mozilla/5.0 AppleWebKit/537.36 (KHTML, like Gecko; compatible; GPTBot/1.2; +https://openai.com/gptbot)"
20.171.207.122 - - [18/Jul/2025:05:34:11 +0200] "GET /files/kkv_koncepcio.pdf HTTP/1.1" 200 497733 "-" "Mozilla/5.0 AppleWebKit/537.36 (KHTML, like Gecko; compatible; GPTBot/1.2; +https://openai.com/gptbot)"
20.171.207.89 - - [18/Jul/2025:05:34:35 +0200] "GET /taxonomy/term/28?page=4 HTTP/1.1" 200 - "-" "Mozilla/5.0 AppleWebKit/537.36 (KHTML, like Gecko; compatible; GPTBot/1.2; +https://openai.com/gptbot)"
66.249.70.34 - - [18/Jul/2025:05:35:01 +0200] "GET /files/NFGM3656.pdf HTTP/1.1" 304 - "-" "Mozilla/5.0 (Linux; Android 6.0.1; Nexus 5X Build/MMB29P) AppleWebKit/537.36 (KHTML, like Gecko) Chrome/137.0.7151.103 Mobile Safari/537.36 (compatible; Googlebot/2.1; +http://www.google.com/bot.html)"
20.171.207.89 - - [18/Jul/2025:05:35:38 +0200] "GET /taxonomy/term/46?page=3 HTTP/1.1" 200 - "-" "Mozilla/5.0 AppleWebKit/537.36 (KHTML, like Gecko; compatible; GPTBot/1.2; +https://openai.com/gptbot)"
20.171.207.122 - - [18/Jul/2025:05:35:44 +0200] "GET /js/common.js HTTP/1.1" 200 - "-" "Mozilla/5.0 AppleWebKit/537.36 (KHTML, like Gecko; compatible; GPTBot/1.2; +https://openai.com/gptbot)"
20.171.207.122 - - [18/Jul/2025:05:36:14 +0200] "GET /files/szakmaiindokolas.doc HTTP/1.1" 200 58368 "-" "Mozilla/5.0 AppleWebKit/537.36 (KHTML, like Gecko; compatible; GPTBot/1.2; +https://openai.com/gptbot)"
20.171.207.89 - - [18/Jul/2025:05:36:39 +0200] "GET /fckeditor/editor/filemanager/upload/php/upload.php HTTP/1.1" 200 - "-" "Mozilla/5.0 AppleWebKit/537.36 (KHTML, like Gecko; compatible; GPTBot/1.2; +https://openai.com/gptbot)"
47.128.124.47 - - [18/Jul/2025:05:36:57 +0200] "GET /taxonomy/term/48?page=3 HTTP/1.1" 200 - "-" "Mozilla/5.0 (Linux; Android 5.0) AppleWebKit/537.36 (KHTML, like Gecko) Mobile Safari/537.36 (compatible; Bytespider; spider-feedback@bytedance.com)"
20.171.207.122 - - [18/Jul/2025:05:37:19 +0200] "GET /files/27_2001_hm_r_mod_20080410.pdf HTTP/1.1" 200 124624 "-" "Mozilla/5.0 AppleWebKit/537.36 (KHTML, like Gecko; compatible; GPTBot/1.2; +https://openai.com/gptbot)"
20.171.207.89 - - [18/Jul/2025:05:37:45 +0200] "GET /taxonomy/term/47?page=1 HTTP/1.1" 200 - "-" "Mozilla/5.0 AppleWebKit/537.36 (KHTML, like Gecko; compatible; GPTBot/1.2; +https://openai.com/gptbot)"
20.171.207.122 - - [18/Jul/2025:05:38:21 +0200] "GET /files/NFGM1713.pdf HTTP/1.1" 200 203993 "-" "Mozilla/5.0 AppleWebKit/537.36 (KHTML, like Gecko; compatible; GPTBot/1.2; +https://openai.com/gptbot)"
20.171.207.89 - - [18/Jul/2025:05:38:49 +0200] "GET /taxonomy/term/52?page=7 HTTP/1.1" 200 - "-" "Mozilla/5.0 AppleWebKit/537.36 (KHTML, like Gecko; compatible; GPTBot/1.2; +https://openai.com/gptbot)"
20.171.207.122 - - [18/Jul/2025:05:39:23 +0200] "GET /files/NFGM9521.pdf HTTP/1.1" 200 216447 "-" "Mozilla/5.0 AppleWebKit/537.36 (KHTML, like Gecko; compatible; GPTBot/1.2; +https://openai.com/gptbot)"
20.171.207.89 - - [18/Jul/2025:05:39:50 +0200] "GET /taxonomy/term/47?page=6 HTTP/1.1" 200 - "-" "Mozilla/5.0 AppleWebKit/537.36 (KHTML, like Gecko; compatible; GPTBot/1.2; +https://openai.com/gptbot)"
20.171.207.122 - - [18/Jul/2025:05:40:26 +0200] "GET /files/NFGM4993.pdf HTTP/1.1" 200 175600 "-" "Mozilla/5.0 AppleWebKit/537.36 (KHTML, like Gecko; compatible; GPTBot/1.2; +https://openai.com/gptbot)"
216.244.66.200 - - [18/Jul/2025:05:40:38 +0200] "GET /robots.txt HTTP/1.1" 200 1590 "-" "Mozilla/5.0 (compatible; DotBot/1.2; +https://opensiteexplorer.org/dotbot; help@moz.com)"
20.171.207.89 - - [18/Jul/2025:05:40:54 +0200] "GET /taxonomy/term/47?page=7 HTTP/1.1" 200 - "-" "Mozilla/5.0 AppleWebKit/537.36 (KHTML, like Gecko; compatible; GPTBot/1.2; +https://openai.com/gptbot)"
47.128.24.51 - - [18/Jul/2025:05:40:57 +0200] "GET /taxonomy/term/102?page=6 HTTP/1.1" 200 - "-" "Mozilla/5.0 (Linux; Android 5.0) AppleWebKit/537.36 (KHTML, like Gecko) Mobile Safari/537.36 (compatible; Bytespider; spider-feedback@bytedance.com)"
20.171.207.122 - - [18/Jul/2025:05:41:29 +0200] "GET /files/NFGM9341.pdf HTTP/1.1" 200 218734 "-" "Mozilla/5.0 AppleWebKit/537.36 (KHTML, like Gecko; compatible; GPTBot/1.2; +https://openai.com/gptbot)"
20.171.207.89 - - [18/Jul/2025:05:41:55 +0200] "GET /taxonomy/term/46?page=5 HTTP/1.1" 200 - "-" "Mozilla/5.0 AppleWebKit/537.36 (KHTML, like Gecko; compatible; GPTBot/1.2; +https://openai.com/gptbot)"
20.171.207.122 - - [18/Jul/2025:05:42:31 +0200] "GET /files/NFGM2005.pdf HTTP/1.1" 200 201548 "-" "Mozilla/5.0 AppleWebKit/537.36 (KHTML, like Gecko; compatible; GPTBot/1.2; +https://openai.com/gptbot)"
20.171.207.89 - - [18/Jul/2025:05:42:56 +0200] "GET /taxonomy/term/27?page=3 HTTP/1.1" 200 - "-" "Mozilla/5.0 AppleWebKit/537.36 (KHTML, like Gecko; compatible; GPTBot/1.2; +https://openai.com/gptbot)"
20.171.207.122 - - [18/Jul/2025:05:43:34 +0200] "GET /files/NFGM6063.pdf HTTP/1.1" 200 220042 "-" "Mozilla/5.0 AppleWebKit/537.36 (KHTML, like Gecko; compatible; GPTBot/1.2; +https://openai.com/gptbot)"
20.171.207.89 - - [18/Jul/2025:05:43:58 +0200] "GET /taxonomy/term/46?page=1 HTTP/1.1" 200 - "-" "Mozilla/5.0 AppleWebKit/537.36 (KHTML, like Gecko; compatible; GPTBot/1.2; +https://openai.com/gptbot)"
20.171.207.122 - - [18/Jul/2025:05:44:38 +0200] "GET /files/NFGM2258.pdf HTTP/1.1" 200 431656 "-" "Mozilla/5.0 AppleWebKit/537.36 (KHTML, like Gecko; compatible; GPTBot/1.2; +https://openai.com/gptbot)"
20.171.207.89 - - [18/Jul/2025:05:45:02 +0200] "GET /taxonomy/term/47?page=2 HTTP/1.1" 200 - "-" "Mozilla/5.0 AppleWebKit/537.36 (KHTML, like Gecko; compatible; GPTBot/1.2; +https://openai.com/gptbot)"
20.171.207.122 - - [18/Jul/2025:05:46:07 +0200] "GET /js/common.js HTTP/1.1" 200 - "-" "Mozilla/5.0 AppleWebKit/537.36 (KHTML, like Gecko; compatible; GPTBot/1.2; +https://openai.com/gptbot)"
20.171.207.89 - - [18/Jul/2025:05:46:07 +0200] "GET /taxonomy/term/47?page=5 HTTP/1.1" 200 - "-" "Mozilla/5.0 AppleWebKit/537.36 (KHTML, like Gecko; compatible; GPTBot/1.2; +https://openai.com/gptbot)"
20.171.207.122 - - [18/Jul/2025:05:46:40 +0200] "GET /files/NFGM9761.pdf HTTP/1.1" 200 204582 "-" "Mozilla/5.0 AppleWebKit/537.36 (KHTML, like Gecko; compatible; GPTBot/1.2; +https://openai.com/gptbot)"
20.171.207.89 - - [18/Jul/2025:05:47:12 +0200] "GET /taxonomy/term/46?page=4 HTTP/1.1" 200 - "-" "Mozilla/5.0 AppleWebKit/537.36 (KHTML, like Gecko; compatible; GPTBot/1.2; +https://openai.com/gptbot)"
20.171.207.122 - - [18/Jul/2025:05:47:43 +0200] "GET /files/tartas.pdf HTTP/1.1" 200 514811 "-" "Mozilla/5.0 AppleWebKit/537.36 (KHTML, like Gecko; compatible; GPTBot/1.2; +https://openai.com/gptbot)"
20.171.207.89 - - [18/Jul/2025:05:48:16 +0200] "GET /taxonomy/term/52?page=4 HTTP/1.1" 200 - "-" "Mozilla/5.0 AppleWebKit/537.36 (KHTML, like Gecko; compatible; GPTBot/1.2; +https://openai.com/gptbot)"
20.171.207.122 - - [18/Jul/2025:05:48:46 +0200] "GET /files/ekozig_strategia.pdf HTTP/1.1" 200 731185 "-" "Mozilla/5.0 AppleWebKit/537.36 (KHTML, like Gecko; compatible; GPTBot/1.2; +https://openai.com/gptbot)"
20.171.207.89 - - [18/Jul/2025:05:49:22 +0200] "GET /taxonomy/term/20?page=1 HTTP/1.1" 200 - "-" "Mozilla/5.0 AppleWebKit/537.36 (KHTML, like Gecko; compatible; GPTBot/1.2; +https://openai.com/gptbot)"
20.171.207.122 - - [18/Jul/2025:05:49:46 +0200] "GET /files/rendelet_kozigre.doc HTTP/1.1" 200 126976 "-" "Mozilla/5.0 AppleWebKit/537.36 (KHTML, like Gecko; compatible; GPTBot/1.2; +https://openai.com/gptbot)"
216.244.66.200 - - [18/Jul/2025:05:50:12 +0200] "GET /taxonomy/term/78/0/feed HTTP/1.1" 200 - "-" "Mozilla/5.0 (compatible; DotBot/1.2; +https://opensiteexplorer.org/dotbot; help@moz.com)"
20.171.207.89 - - [18/Jul/2025:05:50:27 +0200] "GET /taxonomy/term/47?page=4 HTTP/1.1" 200 - "-" "Mozilla/5.0 AppleWebKit/537.36 (KHTML, like Gecko; compatible; GPTBot/1.2; +https://openai.com/gptbot)"
20.171.207.122 - - [18/Jul/2025:05:50:47 +0200] "GET /files/tervezet_kozigre.pdf HTTP/1.1" 200 96216 "-" "Mozilla/5.0 AppleWebKit/537.36 (KHTML, like Gecko; compatible; GPTBot/1.2; +https://openai.com/gptbot)"
20.171.207.89 - - [18/Jul/2025:05:51:28 +0200] "GET /taxonomy/term/20?page=2 HTTP/1.1" 200 - "-" "Mozilla/5.0 AppleWebKit/537.36 (KHTML, like Gecko; compatible; GPTBot/1.2; +https://openai.com/gptbot)"
20.171.207.122 - - [18/Jul/2025:05:51:52 +0200] "GET /files/1_mell_FAVI_ENG_alap.doc HTTP/1.1" 200 1641984 "-" "Mozilla/5.0 AppleWebKit/537.36 (KHTML, like Gecko; compatible; GPTBot/1.2; +https://openai.com/gptbot)"
20.171.207.89 - - [18/Jul/2025:05:52:30 +0200] "GET /taxonomy/term/52?page=5 HTTP/1.1" 200 - "-" "Mozilla/5.0 AppleWebKit/537.36 (KHTML, like Gecko; compatible; GPTBot/1.2; +https://openai.com/gptbot)"
20.171.207.122 - - [18/Jul/2025:05:52:54 +0200] "GET /files/ltv.pdf HTTP/1.1" 200 134963 "-" "Mozilla/5.0 AppleWebKit/537.36 (KHTML, like Gecko; compatible; GPTBot/1.2; +https://openai.com/gptbot)"
20.171.207.89 - - [18/Jul/2025:05:53:31 +0200] "GET /taxonomy/term/46?page=5 HTTP/1.1" 200 - "-" "Mozilla/5.0 AppleWebKit/537.36 (KHTML, like Gecko; compatible; GPTBot/1.2; +https://openai.com/gptbot)"
20.171.207.122 - - [18/Jul/2025:05:53:57 +0200] "GET /files/indokolas_mutragya2.pdf HTTP/1.1" 200 81408 "-" "Mozilla/5.0 AppleWebKit/537.36 (KHTML, like Gecko; compatible; GPTBot/1.2; +https://openai.com/gptbot)"
20.171.207.89 - - [18/Jul/2025:05:54:02 +0200] "GET /files/Tuzszolszab..pdf?_sm_nck=1 HTTP/1.1" 200 424954 "-" "Mozilla/5.0 AppleWebKit/537.36 (KHTML, like Gecko; compatible; GPTBot/1.2; +https://openai.com/gptbot)"
20.171.207.122 - - [18/Jul/2025:05:55:01 +0200] "GET /files/TK86_2.doc HTTP/1.1" 200 905216 "-" "Mozilla/5.0 AppleWebKit/537.36 (KHTML, like Gecko; compatible; GPTBot/1.2; +https://openai.com/gptbot)"
20.171.207.89 - - [18/Jul/2025:05:55:37 +0200] "GET /taxonomy/term/39/0?page=3 HTTP/1.1" 200 - "-" "Mozilla/5.0 AppleWebKit/537.36 (KHTML, like Gecko; compatible; GPTBot/1.2; +https://openai.com/gptbot)"
20.171.207.122 - - [18/Jul/2025:05:56:06 +0200] "GET /files/TK45_2.pdf HTTP/1.1" 200 153680 "-" "Mozilla/5.0 AppleWebKit/537.36 (KHTML, like Gecko; compatible; GPTBot/1.2; +https://openai.com/gptbot)"
20.171.207.89 - - [18/Jul/2025:05:56:40 +0200] "GET /taxonomy/term/44/0?page=1 HTTP/1.1" 200 - "-" "Mozilla/5.0 AppleWebKit/537.36 (KHTML, like Gecko; compatible; GPTBot/1.2; +https://openai.com/gptbot)"
20.171.207.122 - - [18/Jul/2025:05:57:07 +0200] "GET /files/TK79-1.doc HTTP/1.1" 200 72704 "-" "Mozilla/5.0 AppleWebKit/537.36 (KHTML, like Gecko; compatible; GPTBot/1.2; +https://openai.com/gptbot)"
66.249.70.35 - - [18/Jul/2025:05:57:09 +0200] "GET /files/vhr_modositas_060529_0.pdf HTTP/1.1" 200 129937 "-" "Googlebot/2.1 (+http://www.google.com/bot.html)"
20.171.207.89 - - [18/Jul/2025:05:57:41 +0200] "GET /taxonomy/term/98/0?page=9 HTTP/1.1" 200 - "-" "Mozilla/5.0 AppleWebKit/537.36 (KHTML, like Gecko; compatible; GPTBot/1.2; +https://openai.com/gptbot)"
20.171.207.122 - - [18/Jul/2025:05:58:08 +0200] "GET /files/munkaltato4.pdf HTTP/1.1" 200 337240 "-" "Mozilla/5.0 AppleWebKit/537.36 (KHTML, like Gecko; compatible; GPTBot/1.2; +https://openai.com/gptbot)"
20.171.207.89 - - [18/Jul/2025:05:58:13 +0200] "GET /files/3_mell_FAVI_ENG__ves.doc?_sm_nck=1 HTTP/1.1" 200 788480 "-" "Mozilla/5.0 AppleWebKit/537.36 (KHTML, like Gecko; compatible; GPTBot/1.2; +https://openai.com/gptbot)"
20.171.207.122 - - [18/Jul/2025:05:59:11 +0200] "GET /files/tervezet_kerka.pdf HTTP/1.1" 200 183299 "-" "Mozilla/5.0 AppleWebKit/537.36 (KHTML, like Gecko; compatible; GPTBot/1.2; +https://openai.com/gptbot)"
20.171.207.89 - - [18/Jul/2025:05:59:44 +0200] "GET /test/wp-login.php HTTP/1.1" 200 - "-" "Mozilla/5.0 AppleWebKit/537.36 (KHTML, like Gecko; compatible; GPTBot/1.2; +https://openai.com/gptbot)"
188.36.98.120 - - [18/Jul/2025:05:59:44 +0200] "GET /favicon.ico HTTP/1.1" 404 57 "http://www.jogalkotas.hu/files/ekozig2010strategia_0604.pdf" "Mozilla/5.0 (Windows NT 10.0; Win64; x64) AppleWebKit/537.36 (KHTML, like Gecko) Chrome/138.0.0.0 Safari/537.36"
188.36.98.120 - - [18/Jul/2025:05:59:44 +0200] "GET /files/ekozig2010strategia_0604.pdf HTTP/1.1" 200 820659 "https://scholar.google.com/" "Mozilla/5.0 (Windows NT 10.0; Win64; x64) AppleWebKit/537.36 (KHTML, like Gecko) Chrome/138.0.0.0 Safari/537.36"
20.171.207.122 - - [18/Jul/2025:06:00:16 +0200] "GET /files/elektronikus_h.pdf HTTP/1.1" 200 79752 "-" "Mozilla/5.0 AppleWebKit/537.36 (KHTML, like Gecko; compatible; GPTBot/1.2; +https://openai.com/gptbot)"
20.171.207.89 - - [18/Jul/2025:06:00:45 +0200] "GET /site/wp-login.php HTTP/1.1" 200 - "-" "Mozilla/5.0 AppleWebKit/537.36 (KHTML, like Gecko; compatible; GPTBot/1.2; +https://openai.com/gptbot)"
20.171.207.122 - - [18/Jul/2025:06:01:19 +0200] "GET /files/jap_internetre.pdf HTTP/1.1" 200 70115 "-" "Mozilla/5.0 AppleWebKit/537.36 (KHTML, like Gecko; compatible; GPTBot/1.2; +https://openai.com/gptbot)"
20.171.207.89 - - [18/Jul/2025:06:01:48 +0200] "GET /home/wp-login.php HTTP/1.1" 200 - "-" "Mozilla/5.0 AppleWebKit/537.36 (KHTML, like Gecko; compatible; GPTBot/1.2; +https://openai.com/gptbot)"
20.171.207.89 - - [18/Jul/2025:06:02:50 +0200] "GET /http:/jogalkotas.hu/http:/jogalkotas.hu/comment/reply/2619/ HTTP/1.1" 200 - "-" "Mozilla/5.0 AppleWebKit/537.36 (KHTML, like Gecko; compatible; GPTBot/1.2; +https://openai.com/gptbot)"
20.171.207.122 - - [18/Jul/2025:06:02:54 +0200] "GET /moodle/calendar/ HTTP/1.1" 200 - "-" "Mozilla/5.0 AppleWebKit/537.36 (KHTML, like Gecko; compatible; GPTBot/1.2; +https://openai.com/gptbot)"
20.171.207.89 - - [18/Jul/2025:06:03:51 +0200] "GET /user/register HTTP/1.1" 200 - "-" "Mozilla/5.0 AppleWebKit/537.36 (KHTML, like Gecko; compatible; GPTBot/1.2; +https://openai.com/gptbot)"
20.171.207.122 - - [18/Jul/2025:06:03:56 +0200] "GET /node?page=245 HTTP/1.1" 200 - "-" "Mozilla/5.0 AppleWebKit/537.36 (KHTML, like Gecko; compatible; GPTBot/1.2; +https://openai.com/gptbot)"
20.171.207.122 - - [18/Jul/2025:06:04:29 +0200] "GET /files/Megyer-hegy_rendelet.pdf HTTP/1.1" 200 167911 "-" "Mozilla/5.0 AppleWebKit/537.36 (KHTML, like Gecko; compatible; GPTBot/1.2; +https://openai.com/gptbot)"
20.171.207.89 - - [18/Jul/2025:06:04:57 +0200] "GET /wordpress/wp-login.php HTTP/1.1" 200 - "-" "Mozilla/5.0 AppleWebKit/537.36 (KHTML, like Gecko; compatible; GPTBot/1.2; +https://openai.com/gptbot)"
147.185.132.79 - - [18/Jul/2025:06:05:00 +0200] "GET / HTTP/1.1" 200 - "-" "Hello from Palo Alto Networks, find out more about our scans in https://docs-cortex.paloaltonetworks.com/r/1/Cortex-Xpanse/Scanning-activity"
20.171.207.122 - - [18/Jul/2025:06:05:34 +0200] "GET /files/fitness.pdf HTTP/1.1" 200 608967 "-" "Mozilla/5.0 AppleWebKit/537.36 (KHTML, like Gecko; compatible; GPTBot/1.2; +https://openai.com/gptbot)"
20.171.207.89 - - [18/Jul/2025:06:06:02 +0200] "GET /wp-json/wp/v2/users HTTP/1.1" 200 - "-" "Mozilla/5.0 AppleWebKit/537.36 (KHTML, like Gecko; compatible; GPTBot/1.2; +https://openai.com/gptbot)"
66.249.70.35 - - [18/Jul/2025:06:06:19 +0200] "GET /files/2583_6.pdf HTTP/1.1" 200 499381 "-" "Googlebot/2.1 (+http://www.google.com/bot.html)"
20.171.207.122 - - [18/Jul/2025:06:06:35 +0200] "GET /files/R178_3indoklas.pdf HTTP/1.1" 200 92789 "-" "Mozilla/5.0 AppleWebKit/537.36 (KHTML, like Gecko; compatible; GPTBot/1.2; +https://openai.com/gptbot)"
20.171.207.89 - - [18/Jul/2025:06:07:03 +0200] "GET /FCKeditor/editor/filemanager/upload/php/upload.php HTTP/1.1" 200 - "-" "Mozilla/5.0 AppleWebKit/537.36 (KHTML, like Gecko; compatible; GPTBot/1.2; +https://openai.com/gptbot)"
20.171.207.89 - - [18/Jul/2025:06:08:07 +0200] "GET /en/wp-login.php HTTP/1.1" 200 - "-" "Mozilla/5.0 AppleWebKit/537.36 (KHTML, like Gecko; compatible; GPTBot/1.2; +https://openai.com/gptbot)"
20.171.207.122 - - [18/Jul/2025:06:08:11 +0200] "GET /wp-login.php HTTP/1.1" 200 - "-" "Mozilla/5.0 AppleWebKit/537.36 (KHTML, like Gecko; compatible; GPTBot/1.2; +https://openai.com/gptbot)"
20.171.207.122 - - [18/Jul/2025:06:08:44 +0200] "GET /files/turizmus.pdf HTTP/1.1" 200 216384 "-" "Mozilla/5.0 AppleWebKit/537.36 (KHTML, like Gecko; compatible; GPTBot/1.2; +https://openai.com/gptbot)"
20.171.207.89 - - [18/Jul/2025:06:09:09 +0200] "GET /cms/wp-login.php HTTP/1.1" 200 - "-" "Mozilla/5.0 AppleWebKit/537.36 (KHTML, like Gecko; compatible; GPTBot/1.2; +https://openai.com/gptbot)"
20.171.207.122 - - [18/Jul/2025:06:09:46 +0200] "GET /files/keklampa.doc HTTP/1.1" 200 170496 "-" "Mozilla/5.0 AppleWebKit/537.36 (KHTML, like Gecko; compatible; GPTBot/1.2; +https://openai.com/gptbot)"
20.171.207.89 - - [18/Jul/2025:06:10:15 +0200] "GET /test/wp-login.php HTTP/1.1" 200 - "-" "Mozilla/5.0 AppleWebKit/537.36 (KHTML, like Gecko; compatible; GPTBot/1.2; +https://openai.com/gptbot)"
20.171.207.122 - - [18/Jul/2025:06:10:47 +0200] "GET /files/tiszalok.doc HTTP/1.1" 200 53248 "-" "Mozilla/5.0 AppleWebKit/537.36 (KHTML, like Gecko; compatible; GPTBot/1.2; +https://openai.com/gptbot)"
20.171.207.89 - - [18/Jul/2025:06:11:16 +0200] "GET /wp/wp-login.php HTTP/1.1" 200 - "-" "Mozilla/5.0 AppleWebKit/537.36 (KHTML, like Gecko; compatible; GPTBot/1.2; +https://openai.com/gptbot)"
20.171.207.122 - - [18/Jul/2025:06:11:48 +0200] "GET /files/tervezet.pdf HTTP/1.1" 200 224036 "-" "Mozilla/5.0 AppleWebKit/537.36 (KHTML, like Gecko; compatible; GPTBot/1.2; +https://openai.com/gptbot)"
20.171.207.89 - - [18/Jul/2025:06:12:20 +0200] "GET /wp-content/plugins/wp-front-end-repository/js/uploadify/uploadify.css HTTP/1.1" 200 - "-" "Mozilla/5.0 AppleWebKit/537.36 (KHTML, like Gecko; compatible; GPTBot/1.2; +https://openai.com/gptbot)"
20.171.207.122 - - [18/Jul/2025:06:12:53 +0200] "GET /files/statutum.doc HTTP/1.1" 200 166912 "-" "Mozilla/5.0 AppleWebKit/537.36 (KHTML, like Gecko; compatible; GPTBot/1.2; +https://openai.com/gptbot)"
20.171.207.89 - - [18/Jul/2025:06:13:24 +0200] "GET /home/wp-login.php HTTP/1.1" 200 - "-" "Mozilla/5.0 AppleWebKit/537.36 (KHTML, like Gecko; compatible; GPTBot/1.2; +https://openai.com/gptbot)"
20.171.207.122 - - [18/Jul/2025:06:13:58 +0200] "GET /files/tervezet.doc HTTP/1.1" 200 169984 "-" "Mozilla/5.0 AppleWebKit/537.36 (KHTML, like Gecko; compatible; GPTBot/1.2; +https://openai.com/gptbot)"
20.171.207.89 - - [18/Jul/2025:06:14:24 +0200] "GET /wordpress/wp-login.php HTTP/1.1" 200 - "-" "Mozilla/5.0 AppleWebKit/537.36 (KHTML, like Gecko; compatible; GPTBot/1.2; +https://openai.com/gptbot)"
20.171.207.122 - - [18/Jul/2025:06:15:00 +0200] "GET /files/Megyer-hegy_rendelet.pdf HTTP/1.1" 200 167911 "-" "Mozilla/5.0 AppleWebKit/537.36 (KHTML, like Gecko; compatible; GPTBot/1.2; +https://openai.com/gptbot)"
20.171.207.122 - - [18/Jul/2025:06:16:05 +0200] "GET /files/ovadek_rendelet.pdf HTTP/1.1" 200 57228 "-" "Mozilla/5.0 AppleWebKit/537.36 (KHTML, like Gecko; compatible; GPTBot/1.2; +https://openai.com/gptbot)"
4.227.36.69 - - [18/Jul/2025:06:16:06 +0200] "GET /robots.txt HTTP/1.1" 200 1590 "-" "Mozilla/5.0 AppleWebKit/537.36 (KHTML, like Gecko; compatible; GPTBot/1.2; +https://openai.com/gptbot)"
20.171.207.122 - - [18/Jul/2025:06:17:10 +0200] "GET /files/fontos-bizalmas.pdf HTTP/1.1" 200 270194 "-" "Mozilla/5.0 AppleWebKit/537.36 (KHTML, like Gecko; compatible; GPTBot/1.2; +https://openai.com/gptbot)"
20.171.207.122 - - [18/Jul/2025:06:18:12 +0200] "GET /files/egyes_nemesfem.pdf HTTP/1.1" 200 239547 "-" "Mozilla/5.0 AppleWebKit/537.36 (KHTML, like Gecko; compatible; GPTBot/1.2; +https://openai.com/gptbot)"
20.171.207.122 - - [18/Jul/2025:06:19:11 +0200] "GET /files/_0dhgmn83jca174r35eh14qsj5dpi0_.pdf HTTP/1.1" 200 99492 "-" "Mozilla/5.0 AppleWebKit/537.36 (KHTML, like Gecko; compatible; GPTBot/1.2; +https://openai.com/gptbot)"
20.171.207.122 - - [18/Jul/2025:06:20:18 +0200] "GET /files/martinsalak.pdf HTTP/1.1" 200 156911 "-" "Mozilla/5.0 AppleWebKit/537.36 (KHTML, like Gecko; compatible; GPTBot/1.2; +https://openai.com/gptbot)"
20.171.207.122 - - [18/Jul/2025:06:21:22 +0200] "GET /files/rendelet_2007-12-05-89.pdf HTTP/1.1" 200 84809 "-" "Mozilla/5.0 AppleWebKit/537.36 (KHTML, like Gecko; compatible; GPTBot/1.2; +https://openai.com/gptbot)"
20.171.207.122 - - [18/Jul/2025:06:22:26 +0200] "GET /files/IRM_kjolevelta_-kozig_09.11m.doc HTTP/1.1" 200 320512 "-" "Mozilla/5.0 AppleWebKit/537.36 (KHTML, like Gecko; compatible; GPTBot/1.2; +https://openai.com/gptbot)"
20.171.207.122 - - [18/Jul/2025:06:23:26 +0200] "GET /files/8_9_2000_min_rend_terv_061211.pdf HTTP/1.1" 200 423767 "-" "Mozilla/5.0 AppleWebKit/537.36 (KHTML, like Gecko; compatible; GPTBot/1.2; +https://openai.com/gptbot)"
20.171.207.122 - - [18/Jul/2025:06:24:31 +0200] "GET /files/NER_veny_elterj20090428kn.doc HTTP/1.1" 200 1130496 "-" "Mozilla/5.0 AppleWebKit/537.36 (KHTML, like Gecko; compatible; GPTBot/1.2; +https://openai.com/gptbot)"
20.171.207.122 - - [18/Jul/2025:06:25:36 +0200] "GET /files/kozraktar.pdf HTTP/1.1" 200 277489 "-" "Mozilla/5.0 AppleWebKit/537.36 (KHTML, like Gecko; compatible; GPTBot/1.2; +https://openai.com/gptbot)"
20.171.207.122 - - [18/Jul/2025:06:26:40 +0200] "GET /files/alkotmany.pdf HTTP/1.1" 200 78725 "-" "Mozilla/5.0 AppleWebKit/537.36 (KHTML, like Gecko; compatible; GPTBot/1.2; +https://openai.com/gptbot)"
20.171.207.122 - - [18/Jul/2025:06:27:44 +0200] "GET /files/12_2008_KvVM_rend_mod_KOZIG_2010_04_12.pdf HTTP/1.1" 200 1249898 "-" "Mozilla/5.0 AppleWebKit/537.36 (KHTML, like Gecko; compatible; GPTBot/1.2; +https://openai.com/gptbot)"
47.128.30.51 - - [18/Jul/2025:06:28:44 +0200] "GET /taxonomy/term/102?page=8 HTTP/1.1" 200 - "-" "Mozilla/5.0 (Linux; Android 5.0) AppleWebKit/537.36 (KHTML, like Gecko) Mobile Safari/537.36 (compatible; Bytespider; spider-feedback@bytedance.com)"
20.171.207.122 - - [18/Jul/2025:06:28:44 +0200] "GET /files/szakmagyakorlas.pdf HTTP/1.1" 200 172957 "-" "Mozilla/5.0 AppleWebKit/537.36 (KHTML, like Gecko; compatible; GPTBot/1.2; +https://openai.com/gptbot)"
20.171.207.122 - - [18/Jul/2025:06:29:44 +0200] "GET /files/tervezethonlapra.pdf HTTP/1.1" 200 123515 "-" "Mozilla/5.0 AppleWebKit/537.36 (KHTML, like Gecko; compatible; GPTBot/1.2; +https://openai.com/gptbot)"
20.171.207.122 - - [18/Jul/2025:06:30:50 +0200] "GET /files/bunugyijogsegely.doc HTTP/1.1" 200 436224 "-" "Mozilla/5.0 AppleWebKit/537.36 (KHTML, like Gecko; compatible; GPTBot/1.2; +https://openai.com/gptbot)"
20.171.207.122 - - [18/Jul/2025:06:31:49 +0200] "GET /files/rendelet_2007-12-05-89.pdf HTTP/1.1" 200 84809 "-" "Mozilla/5.0 AppleWebKit/537.36 (KHTML, like Gecko; compatible; GPTBot/1.2; +https://openai.com/gptbot)"
47.128.99.154 - - [18/Jul/2025:06:32:44 +0200] "GET /taxonomy/term/52?page=6 HTTP/1.1" 200 - "-" "Mozilla/5.0 (Linux; Android 5.0) AppleWebKit/537.36 (KHTML, like Gecko) Mobile Safari/537.36 (compatible; Bytespider; spider-feedback@bytedance.com)"
20.171.207.122 - - [18/Jul/2025:06:32:53 +0200] "GET /files/_meg3fmujmg9i6ar3dd5pnkobbg9p781kb_.pdf HTTP/1.1" 200 142903 "-" "Mozilla/5.0 AppleWebKit/537.36 (KHTML, like Gecko; compatible; GPTBot/1.2; +https://openai.com/gptbot)"
20.171.207.122 - - [18/Jul/2025:06:33:53 +0200] "GET /files/Atlathatosag_rendelet.pdf HTTP/1.1" 200 151669 "-" "Mozilla/5.0 AppleWebKit/537.36 (KHTML, like Gecko; compatible; GPTBot/1.2; +https://openai.com/gptbot)"
20.171.207.122 - - [18/Jul/2025:06:35:28 +0200] "GET /files/khv_eloterjesztes_dec13.doc/xmlrpc.php HTTP/1.1" 404 - "-" "Mozilla/5.0 AppleWebKit/537.36 (KHTML, like Gecko; compatible; GPTBot/1.2; +https://openai.com/gptbot)"
20.171.207.122 - - [18/Jul/2025:06:36:02 +0200] "GET /files/Natura_tervezet_kozig.pdf HTTP/1.1" 200 319422 "-" "Mozilla/5.0 AppleWebKit/537.36 (KHTML, like Gecko; compatible; GPTBot/1.2; +https://openai.com/gptbot)"
47.128.113.90 - - [18/Jul/2025:06:36:43 +0200] "GET /taxonomy/term/110 HTTP/1.1" 200 - "-" "Mozilla/5.0 (Linux; Android 5.0) AppleWebKit/537.36 (KHTML, like Gecko) Mobile Safari/537.36 (compatible; Bytespider; spider-feedback@bytedance.com)"
43.157.168.43 - - [18/Jul/2025:06:37:23 +0200] "GET / HTTP/1.1" 200 - "-" "Mozilla/5.0 (iPhone; CPU iPhone OS 13_2_3 like Mac OS X) AppleWebKit/605.1.15 (KHTML, like Gecko) Version/13.0.3 Mobile/15E148 Safari/604.1"
20.171.207.122 - - [18/Jul/2025:06:37:37 +0200] "GET /include/js/jquery/jquery.hotkeys.js HTTP/1.1" 200 - "-" "Mozilla/5.0 AppleWebKit/537.36 (KHTML, like Gecko; compatible; GPTBot/1.2; +https://openai.com/gptbot)"
20.171.207.122 - - [18/Jul/2025:06:38:10 +0200] "GET /files/KHEM_1371_3.doc HTTP/1.1" 200 113664 "-" "Mozilla/5.0 AppleWebKit/537.36 (KHTML, like Gecko; compatible; GPTBot/1.2; +https://openai.com/gptbot)"
20.171.207.122 - - [18/Jul/2025:06:39:12 +0200] "GET /files/3_mell_FAVI_ENG__ves.doc HTTP/1.1" 200 788480 "-" "Mozilla/5.0 AppleWebKit/537.36 (KHTML, like Gecko; compatible; GPTBot/1.2; +https://openai.com/gptbot)"
20.171.207.122 - - [18/Jul/2025:06:40:16 +0200] "GET /files/r54.pdf HTTP/1.1" 200 154927 "-" "Mozilla/5.0 AppleWebKit/537.36 (KHTML, like Gecko; compatible; GPTBot/1.2; +https://openai.com/gptbot)"
20.171.207.122 - - [18/Jul/2025:06:41:21 +0200] "GET /files/energetika.pdf HTTP/1.1" 200 306301 "-" "Mozilla/5.0 AppleWebKit/537.36 (KHTML, like Gecko; compatible; GPTBot/1.2; +https://openai.com/gptbot)"
20.171.207.122 - - [18/Jul/2025:06:42:27 +0200] "GET /files/birosagiui.doc HTTP/1.1" 200 210432 "-" "Mozilla/5.0 AppleWebKit/537.36 (KHTML, like Gecko; compatible; GPTBot/1.2; +https://openai.com/gptbot)"
20.171.207.122 - - [18/Jul/2025:06:43:32 +0200] "GET /files/menedekjog.doc HTTP/1.1" 200 459264 "-" "Mozilla/5.0 AppleWebKit/537.36 (KHTML, like Gecko; compatible; GPTBot/1.2; +https://openai.com/gptbot)"
20.171.207.122 - - [18/Jul/2025:06:44:35 +0200] "GET /files/ekeloterj.doc HTTP/1.1" 200 100864 "-" "Mozilla/5.0 AppleWebKit/537.36 (KHTML, like Gecko; compatible; GPTBot/1.2; +https://openai.com/gptbot)"
20.171.207.122 - - [18/Jul/2025:06:45:38 +0200] "GET /files/8_mell_FAVI_MIR_k_rnyhaszn.pdf HTTP/1.1" 200 752092 "-" "Mozilla/5.0 AppleWebKit/537.36 (KHTML, like Gecko; compatible; GPTBot/1.2; +https://openai.com/gptbot)"
20.171.207.122 - - [18/Jul/2025:06:46:38 +0200] "GET /files/Cstv_1433-1346-EK-40C-17-2006-IRMVhrmod0717.doc HTTP/1.1" 200 434176 "-" "Mozilla/5.0 AppleWebKit/537.36 (KHTML, like Gecko; compatible; GPTBot/1.2; +https://openai.com/gptbot)"
20.171.207.122 - - [18/Jul/2025:06:48:13 +0200] "GET /wp-content/themes/cameleon/includes/fileuploader/upload_handler.php HTTP/1.1" 200 - "-" "Mozilla/5.0 AppleWebKit/537.36 (KHTML, like Gecko; compatible; GPTBot/1.2; +https://openai.com/gptbot)"
20.171.207.122 - - [18/Jul/2025:06:48:46 +0200] "GET /files/dijfizetes.pdf HTTP/1.1" 200 117582 "-" "Mozilla/5.0 AppleWebKit/537.36 (KHTML, like Gecko; compatible; GPTBot/1.2; +https://openai.com/gptbot)"
20.171.207.122 - - [18/Jul/2025:06:49:49 +0200] "GET /files/epiteszek.pdf HTTP/1.1" 200 128105 "-" "Mozilla/5.0 AppleWebKit/537.36 (KHTML, like Gecko; compatible; GPTBot/1.2; +https://openai.com/gptbot)"
4.227.36.92 - - [18/Jul/2025:06:49:54 +0200] "GET /robots.txt HTTP/1.1" 200 1590 "-" "Mozilla/5.0 AppleWebKit/537.36 (KHTML, like Gecko; compatible; GPTBot/1.2; +https://openai.com/gptbot)"
20.171.207.89 - - [18/Jul/2025:06:50:26 +0200] "GET /drupal/files/NFGM2005_0.pdf HTTP/1.1" 200 - "-" "Mozilla/5.0 AppleWebKit/537.36 (KHTML, like Gecko; compatible; GPTBot/1.2; +https://openai.com/gptbot)"
20.171.207.122 - - [18/Jul/2025:06:50:54 +0200] "GET /files/mikrobi%201130.doc HTTP/1.1" 200 100352 "-" "Mozilla/5.0 AppleWebKit/537.36 (KHTML, like Gecko; compatible; GPTBot/1.2; +https://openai.com/gptbot)"
20.171.207.122 - - [18/Jul/2025:06:51:56 +0200] "GET /files/t%C5%B1zv%C3%A9delmi%20technika1.pdf HTTP/1.1" 200 223609 "-" "Mozilla/5.0 AppleWebKit/537.36 (KHTML, like Gecko; compatible; GPTBot/1.2; +https://openai.com/gptbot)"
20.171.207.122 - - [18/Jul/2025:06:53:33 +0200] "GET /files/kozigazgatasi HTTP/1.1" 200 - "-" "Mozilla/5.0 AppleWebKit/537.36 (KHTML, like Gecko; compatible; GPTBot/1.2; +https://openai.com/gptbot)"
20.171.207.122 - - [18/Jul/2025:06:54:05 +0200] "GET /files/nemesfemes.pdf HTTP/1.1" 200 163354 "-" "Mozilla/5.0 AppleWebKit/537.36 (KHTML, like Gecko; compatible; GPTBot/1.2; +https://openai.com/gptbot)"
20.171.207.122 - - [18/Jul/2025:06:55:09 +0200] "GET /files/ekeloterj.doc HTTP/1.1" 200 100864 "-" "Mozilla/5.0 AppleWebKit/537.36 (KHTML, like Gecko; compatible; GPTBot/1.2; +https://openai.com/gptbot)"
20.171.207.122 - - [18/Jul/2025:06:56:15 +0200] "GET /files/megfelelesi.pdf HTTP/1.1" 200 91717 "-" "Mozilla/5.0 AppleWebKit/537.36 (KHTML, like Gecko; compatible; GPTBot/1.2; +https://openai.com/gptbot)"
20.171.207.122 - - [18/Jul/2025:06:57:19 +0200] "GET /files/europaijogaszok.doc HTTP/1.1" 200 53248 "-" "Mozilla/5.0 AppleWebKit/537.36 (KHTML, like Gecko; compatible; GPTBot/1.2; +https://openai.com/gptbot)"
20.171.207.122 - - [18/Jul/2025:06:58:25 +0200] "GET /files/katasztrofarend.pdf HTTP/1.1" 200 125134 "-" "Mozilla/5.0 AppleWebKit/537.36 (KHTML, like Gecko; compatible; GPTBot/1.2; +https://openai.com/gptbot)"
216.73.216.181 - - [18/Jul/2025:06:59:41 +0200] "GET /robots.txt HTTP/1.1" 200 1590 "-" "Mozilla/5.0 AppleWebKit/537.36 (KHTML, like Gecko; compatible; ClaudeBot/1.0; +claudebot@anthropic.com)"
20.171.207.122 - - [18/Jul/2025:07:00:01 +0200] "GET /js/comm.js HTTP/1.1" 200 - "-" "Mozilla/5.0 AppleWebKit/537.36 (KHTML, like Gecko; compatible; GPTBot/1.2; +https://openai.com/gptbot)"
216.73.216.181 - - [18/Jul/2025:07:00:13 +0200] "GET /sitemap.xml HTTP/1.1" 200 - "-" "Mozilla/5.0 AppleWebKit/537.36 (KHTML, like Gecko; compatible; ClaudeBot/1.0; +claudebot@anthropic.com)"
20.171.207.122 - - [18/Jul/2025:07:00:36 +0200] "GET /files/TK50.pdf HTTP/1.1" 200 134264 "-" "Mozilla/5.0 AppleWebKit/537.36 (KHTML, like Gecko; compatible; GPTBot/1.2; +https://openai.com/gptbot)"
20.171.207.122 - - [18/Jul/2025:07:01:36 +0200] "GET /files/27_2009_OM-rend.pdf HTTP/1.1" 200 126463 "-" "Mozilla/5.0 AppleWebKit/537.36 (KHTML, like Gecko; compatible; GPTBot/1.2; +https://openai.com/gptbot)"
20.171.207.122 - - [18/Jul/2025:07:02:41 +0200] "GET /files/28_2009_OM-rend.pdf HTTP/1.1" 200 143910 "-" "Mozilla/5.0 AppleWebKit/537.36 (KHTML, like Gecko; compatible; GPTBot/1.2; +https://openai.com/gptbot)"
20.171.207.122 - - [18/Jul/2025:07:03:43 +0200] "GET /files/30_2009_OM-rend.pdf HTTP/1.1" 200 86189 "-" "Mozilla/5.0 AppleWebKit/537.36 (KHTML, like Gecko; compatible; GPTBot/1.2; +https://openai.com/gptbot)"
20.171.207.122 - - [18/Jul/2025:07:05:17 +0200] "GET /moodle/calendar/view.php/?loan=107 HTTP/1.1" 200 - "-" "Mozilla/5.0 AppleWebKit/537.36 (KHTML, like Gecko; compatible; GPTBot/1.2; +https://openai.com/gptbot)"
47.128.34.52 - - [18/Jul/2025:07:05:59 +0200] "GET /node/2618 HTTP/1.1" 200 - "-" "Mozilla/5.0 (Linux; Android 5.0) AppleWebKit/537.36 (KHTML, like Gecko) Mobile Safari/537.36 (compatible; Bytespider; spider-feedback@bytedance.com)"
20.171.207.122 - - [18/Jul/2025:07:06:22 +0200] "GET /moodle/calendar/view.php/?loan=196 HTTP/1.1" 200 - "-" "Mozilla/5.0 AppleWebKit/537.36 (KHTML, like Gecko; compatible; GPTBot/1.2; +https://openai.com/gptbot)"
20.171.207.122 - - [18/Jul/2025:07:07:24 +0200] "GET /plus/img/qrcode.js HTTP/1.1" 200 - "-" "Mozilla/5.0 AppleWebKit/537.36 (KHTML, like Gecko; compatible; GPTBot/1.2; +https://openai.com/gptbot)"
20.171.207.122 - - [18/Jul/2025:07:07:57 +0200] "GET /files/europaijogaszok.doc HTTP/1.1" 200 53248 "-" "Mozilla/5.0 AppleWebKit/537.36 (KHTML, like Gecko; compatible; GPTBot/1.2; +https://openai.com/gptbot)"
20.171.207.122 - - [18/Jul/2025:07:09:00 +0200] "GET /files/OVSZ-kozig1119.pdf HTTP/1.1" 200 415628 "-" "Mozilla/5.0 AppleWebKit/537.36 (KHTML, like Gecko; compatible; GPTBot/1.2; +https://openai.com/gptbot)"
20.171.207.122 - - [18/Jul/2025:07:10:03 +0200] "GET /files/PM1.doc HTTP/1.1" 200 205312 "-" "Mozilla/5.0 AppleWebKit/537.36 (KHTML, like Gecko; compatible; GPTBot/1.2; +https://openai.com/gptbot)"
20.171.207.122 - - [18/Jul/2025:07:11:35 +0200] "GET /taxonomy/term/100 HTTP/1.1" 200 - "-" "Mozilla/5.0 AppleWebKit/537.36 (KHTML, like Gecko; compatible; GPTBot/1.2; +https://openai.com/gptbot)"
20.171.207.122 - - [18/Jul/2025:07:12:37 +0200] "GET /taxonomy/term/106 HTTP/1.1" 200 - "-" "Mozilla/5.0 AppleWebKit/537.36 (KHTML, like Gecko; compatible; GPTBot/1.2; +https://openai.com/gptbot)"
20.171.207.122 - - [18/Jul/2025:07:13:41 +0200] "GET /taxonomy/term/103 HTTP/1.1" 200 - "-" "Mozilla/5.0 AppleWebKit/537.36 (KHTML, like Gecko; compatible; GPTBot/1.2; +https://openai.com/gptbot)"
216.244.66.200 - - [18/Jul/2025:07:13:58 +0200] "GET /robots.txt HTTP/1.1" 200 1590 "-" "Mozilla/5.0 (compatible; DotBot/1.2; +https://opensiteexplorer.org/dotbot; help@moz.com)"
20.171.207.122 - - [18/Jul/2025:07:14:45 +0200] "GET /e/data/html/postinfo.js HTTP/1.1" 200 - "-" "Mozilla/5.0 AppleWebKit/537.36 (KHTML, like Gecko; compatible; GPTBot/1.2; +https://openai.com/gptbot)"
20.171.207.122 - - [18/Jul/2025:07:15:15 +0200] "GET /files/okirattariterv.pdf HTTP/1.1" 200 411997 "-" "Mozilla/5.0 AppleWebKit/537.36 (KHTML, like Gecko; compatible; GPTBot/1.2; +https://openai.com/gptbot)"
20.171.207.122 - - [18/Jul/2025:07:16:17 +0200] "GET /files/leginavigacios.pdf HTTP/1.1" 200 487112 "-" "Mozilla/5.0 AppleWebKit/537.36 (KHTML, like Gecko; compatible; GPTBot/1.2; +https://openai.com/gptbot)"
124.236.100.56 - - [18/Jul/2025:07:17:02 +0200] "GET / HTTP/1.1" 200 - "-" "Mozilla/5.0 (X11; Linux x86_64) AppleWebKit/537.36 (KHTML, like Gecko) Ubuntu Chromium/61.0.3163.79 Chrome/61.0.3163.79 Safari/537.36"
20.171.207.122 - - [18/Jul/2025:07:17:17 +0200] "GET /files/agroturisztika.pdf HTTP/1.1" 200 159964 "-" "Mozilla/5.0 AppleWebKit/537.36 (KHTML, like Gecko; compatible; GPTBot/1.2; +https://openai.com/gptbot)"
20.171.207.122 - - [18/Jul/2025:07:18:52 +0200] "GET /public/js/wind.js HTTP/1.1" 200 - "-" "Mozilla/5.0 AppleWebKit/537.36 (KHTML, like Gecko; compatible; GPTBot/1.2; +https://openai.com/gptbot)"
20.171.207.122 - - [18/Jul/2025:07:19:28 +0200] "GET /files/EA_vizsg_elemzes.pdf HTTP/1.1" 200 978455 "-" "Mozilla/5.0 AppleWebKit/537.36 (KHTML, like Gecko; compatible; GPTBot/1.2; +https://openai.com/gptbot)"
20.171.207.122 - - [18/Jul/2025:07:20:28 +0200] "GET /files/polgarivedelem.pdf HTTP/1.1" 200 211287 "-" "Mozilla/5.0 AppleWebKit/537.36 (KHTML, like Gecko; compatible; GPTBot/1.2; +https://openai.com/gptbot)"
20.171.207.122 - - [18/Jul/2025:07:21:32 +0200] "GET /files/MinTerv-1-Ell-1_mell-2007-02-20.doc HTTP/1.1" 200 258048 "-" "Mozilla/5.0 AppleWebKit/537.36 (KHTML, like Gecko; compatible; GPTBot/1.2; +https://openai.com/gptbot)"
20.171.207.122 - - [18/Jul/2025:07:22:35 +0200] "GET /files/NFGM_530.pdf HTTP/1.1" 200 247239 "-" "Mozilla/5.0 AppleWebKit/537.36 (KHTML, like Gecko; compatible; GPTBot/1.2; +https://openai.com/gptbot)"
20.171.207.122 - - [18/Jul/2025:07:23:40 +0200] "GET /files/NFGM_735.pdf HTTP/1.1" 200 161666 "-" "Mozilla/5.0 AppleWebKit/537.36 (KHTML, like Gecko; compatible; GPTBot/1.2; +https://openai.com/gptbot)"
20.171.207.122 - - [18/Jul/2025:07:24:44 +0200] "GET /files/sugarvedelem.pdf HTTP/1.1" 200 134027 "-" "Mozilla/5.0 AppleWebKit/537.36 (KHTML, like Gecko; compatible; GPTBot/1.2; +https://openai.com/gptbot)"
20.171.207.122 - - [18/Jul/2025:07:25:50 +0200] "GET /files/okirattariterv.pdf HTTP/1.1" 200 411997 "-" "Mozilla/5.0 AppleWebKit/537.36 (KHTML, like Gecko; compatible; GPTBot/1.2; +https://openai.com/gptbot)"
20.171.207.122 - - [18/Jul/2025:07:26:52 +0200] "GET /files/pontrendszer.doc HTTP/1.1" 200 146944 "-" "Mozilla/5.0 AppleWebKit/537.36 (KHTML, like Gecko; compatible; GPTBot/1.2; +https://openai.com/gptbot)"
216.244.66.200 - - [18/Jul/2025:07:27:18 +0200] "GET /node/2448 HTTP/1.1" 200 - "-" "Mozilla/5.0 (compatible; DotBot/1.2; +https://opensiteexplorer.org/dotbot; help@moz.com)"
216.244.66.200 - - [18/Jul/2025:07:27:49 +0200] "GET /node/273 HTTP/1.1" 200 - "-" "Mozilla/5.0 (compatible; DotBot/1.2; +https://opensiteexplorer.org/dotbot; help@moz.com)"
20.171.207.122 - - [18/Jul/2025:07:27:55 +0200] "GET /files/LISTA.pdf HTTP/1.1" 200 64616 "-" "Mozilla/5.0 AppleWebKit/537.36 (KHTML, like Gecko; compatible; GPTBot/1.2; +https://openai.com/gptbot)"
20.171.207.122 - - [18/Jul/2025:07:28:58 +0200] "GET /files/me_1_3_51__1_080313.pdf HTTP/1.1" 200 243169 "-" "Mozilla/5.0 AppleWebKit/537.36 (KHTML, like Gecko; compatible; GPTBot/1.2; +https://openai.com/gptbot)"
20.171.207.122 - - [18/Jul/2025:07:30:03 +0200] "GET /files/6125_2_.pdf HTTP/1.1" 200 225114 "-" "Mozilla/5.0 AppleWebKit/537.36 (KHTML, like Gecko; compatible; GPTBot/1.2; +https://openai.com/gptbot)"
20.171.207.122 - - [18/Jul/2025:07:31:10 +0200] "GET /files/OHT_II_febr2.pdf HTTP/1.1" 200 994566 "-" "Mozilla/5.0 AppleWebKit/537.36 (KHTML, like Gecko; compatible; GPTBot/1.2; +https://openai.com/gptbot)"
20.171.207.122 - - [18/Jul/2025:07:32:39 +0200] "GET /taxonomy/term/55%2057%2058%2059%2060%2061%2062%2063%2064%2065%2066%2067%2068%2069%2070%2071%2072%2073%2074%2075 HTTP/1.1" 200 - "-" "Mozilla/5.0 AppleWebKit/537.36 (KHTML, like Gecko; compatible; GPTBot/1.2; +https://openai.com/gptbot)"
20.171.207.122 - - [18/Jul/2025:07:33:44 +0200] "GET /taxonomy/term/58 HTTP/1.1" 200 - "-" "Mozilla/5.0 AppleWebKit/537.36 (KHTML, like Gecko; compatible; GPTBot/1.2; +https://openai.com/gptbot)"
20.171.207.122 - - [18/Jul/2025:07:34:46 +0200] "GET /taxonomy/term/91 HTTP/1.1" 200 - "-" "Mozilla/5.0 AppleWebKit/537.36 (KHTML, like Gecko; compatible; GPTBot/1.2; +https://openai.com/gptbot)"
20.171.207.122 - - [18/Jul/2025:07:35:49 +0200] "GET /taxonomy/term/76 HTTP/1.1" 200 - "-" "Mozilla/5.0 AppleWebKit/537.36 (KHTML, like Gecko; compatible; GPTBot/1.2; +https://openai.com/gptbot)"
20.171.207.122 - - [18/Jul/2025:07:36:54 +0200] "GET /taxonomy/term/28 HTTP/1.1" 200 - "-" "Mozilla/5.0 AppleWebKit/537.36 (KHTML, like Gecko; compatible; GPTBot/1.2; +https://openai.com/gptbot)"
20.171.207.122 - - [18/Jul/2025:07:37:56 +0200] "GET /taxonomy/term/29 HTTP/1.1" 200 - "-" "Mozilla/5.0 AppleWebKit/537.36 (KHTML, like Gecko; compatible; GPTBot/1.2; +https://openai.com/gptbot)"
20.171.207.122 - - [18/Jul/2025:07:38:59 +0200] "GET /taxonomy/term/63 HTTP/1.1" 200 - "-" "Mozilla/5.0 AppleWebKit/537.36 (KHTML, like Gecko; compatible; GPTBot/1.2; +https://openai.com/gptbot)"
20.171.207.122 - - [18/Jul/2025:07:40:01 +0200] "GET /taxonomy/term/80 HTTP/1.1" 200 - "-" "Mozilla/5.0 AppleWebKit/537.36 (KHTML, like Gecko; compatible; GPTBot/1.2; +https://openai.com/gptbot)"
20.171.207.122 - - [18/Jul/2025:07:41:05 +0200] "GET /taxonomy/term/45 HTTP/1.1" 200 - "-" "Mozilla/5.0 AppleWebKit/537.36 (KHTML, like Gecko; compatible; GPTBot/1.2; +https://openai.com/gptbot)"
20.171.207.122 - - [18/Jul/2025:07:42:06 +0200] "GET /taxonomy/term/24 HTTP/1.1" 200 - "-" "Mozilla/5.0 AppleWebKit/537.36 (KHTML, like Gecko; compatible; GPTBot/1.2; +https://openai.com/gptbot)"
20.171.207.122 - - [18/Jul/2025:07:43:09 +0200] "GET /taxonomy/term/32 HTTP/1.1" 200 - "-" "Mozilla/5.0 AppleWebKit/537.36 (KHTML, like Gecko; compatible; GPTBot/1.2; +https://openai.com/gptbot)"
20.171.207.122 - - [18/Jul/2025:07:44:09 +0200] "GET /taxonomy/term/54 HTTP/1.1" 200 - "-" "Mozilla/5.0 AppleWebKit/537.36 (KHTML, like Gecko; compatible; GPTBot/1.2; +https://openai.com/gptbot)"
20.171.207.122 - - [18/Jul/2025:07:45:13 +0200] "GET /taxonomy/term/92 HTTP/1.1" 200 - "-" "Mozilla/5.0 AppleWebKit/537.36 (KHTML, like Gecko; compatible; GPTBot/1.2; +https://openai.com/gptbot)"
20.171.207.122 - - [18/Jul/2025:07:46:19 +0200] "GET /taxonomy/term/77 HTTP/1.1" 200 - "-" "Mozilla/5.0 AppleWebKit/537.36 (KHTML, like Gecko; compatible; GPTBot/1.2; +https://openai.com/gptbot)"
20.171.207.122 - - [18/Jul/2025:07:47:22 +0200] "GET /taxonomy/term/23 HTTP/1.1" 200 - "-" "Mozilla/5.0 AppleWebKit/537.36 (KHTML, like Gecko; compatible; GPTBot/1.2; +https://openai.com/gptbot)"
