66.249.64.234 - - [24/Jul/2025:06:48:55 +0200] "GET / HTTP/1.1" 200 - "-" "Mozilla/5.0 (Linux; Android 6.0.1; Nexus 5X Build/MMB29P) AppleWebKit/537.36 (KHTML, like Gecko) Chrome/137.0.7151.103 Mobile Safari/537.36 (compatible; Googlebot/2.1; +http://www.google.com/bot.html)"
66.249.64.234 - - [24/Jul/2025:06:49:27 +0200] "GET / HTTP/1.1" 200 - "-" "Mozilla/5.0 (compatible; Googlebot/2.1; +http://www.google.com/bot.html)"
216.244.66.200 - - [24/Jul/2025:06:55:17 +0200] "GET /taxonomy/term/50/0/feed HTTP/1.1" 200 - "-" "Mozilla/5.0 (compatible; DotBot/1.2; +https://opensiteexplorer.org/dotbot; help@moz.com)"
13.74.101.194 - - [24/Jul/2025:06:57:57 +0200] "GET /wp.php HTTP/1.1" 200 - "-" "-"
40.77.167.65 - - [24/Jul/2025:07:00:18 +0200] "GET /files/14per2007_EuM_rend_mod_100415.doc HTTP/1.1" 304 - "-" "Mozilla/5.0 AppleWebKit/537.36 (KHTML, like Gecko; compatible; bingbot/2.0; +http://www.bing.com/bingbot.htm) Chrome/116.0.1938.76 Safari/537.36"
111.202.31.95 - - [24/Jul/2025:07:05:27 +0200] "GET /taxonomy/term/26/0/feed HTTP/1.1" 200 - "-" "Mozilla/5.0 (Macintosh; Intel Mac OS X 10.15; rv:129.0) Gecko/20100101 Firefox/129.0"
40.77.167.79 - - [24/Jul/2025:07:32:05 +0200] "GET /node/2516 HTTP/1.1" 200 - "-" "Mozilla/5.0 AppleWebKit/537.36 (KHTML, like Gecko; compatible; bingbot/2.0; +http://www.bing.com/bingbot.htm) Chrome/116.0.1938.76 Safari/537.36"
40.77.167.79 - - [24/Jul/2025:07:32:37 +0200] "GET /node/2516 HTTP/1.1" 200 - "-" "Mozilla/5.0 AppleWebKit/537.36 (KHTML, like Gecko; compatible; bingbot/2.0; +http://www.bing.com/bingbot.htm) Chrome/116.0.1938.76 Safari/537.36"
216.73.216.113 - - [24/Jul/2025:07:33:53 +0200] "GET /robots.txt HTTP/1.1" 200 1590 "-" "Mozilla/5.0 AppleWebKit/537.36 (KHTML, like Gecko; compatible; ClaudeBot/1.0; +claudebot@anthropic.com)"
216.73.216.113 - - [24/Jul/2025:07:34:25 +0200] "GET /sitemap.xml HTTP/1.1" 200 - "-" "Mozilla/5.0 AppleWebKit/537.36 (KHTML, like Gecko; compatible; ClaudeBot/1.0; +claudebot@anthropic.com)"
111.202.31.78 - - [24/Jul/2025:07:39:12 +0200] "GET /taxonomy/term/26/0/feed HTTP/1.1" 200 - "-" "wise"
66.249.70.35 - - [24/Jul/2025:08:08:54 +0200] "GET /files/mh_beosztasi_kategoriaba_besorolas_rendfokozat.pdf HTTP/1.1" 200 103785 "-" "Mozilla/5.0 (Linux; Android 6.0.1; Nexus 5X Build/MMB29P) AppleWebKit/537.36 (KHTML, like Gecko) Chrome/137.0.7151.103 Mobile Safari/537.36 (compatible; Googlebot/2.1; +http://www.google.com/bot.html)"
101.46.8.139 - - [24/Jul/2025:08:22:34 +0200] "GET /taxonomy/term/26/0/feed HTTP/1.1" 200 - "-" "Mozilla/5.0 (Windows NT 10.0; WOW64; rv:129.0) Gecko/20100101 Firefox/129.0"
79.221.110.212 - - [24/Jul/2025:08:27:43 +0200] "GET /files/cegbejegyzesi_eljaras_21_per_2006__02_12_fin.doc HTTP/1.1" 200 54272 "-" "Mozilla/5.0 (Windows NT 10.0; WOW64; Trident/7.0; rv:11.0) like Gecko"
216.73.216.113 - - [24/Jul/2025:08:45:53 +0200] "GET /robots.txt HTTP/1.1" 200 1590 "-" "Mozilla/5.0 AppleWebKit/537.36 (KHTML, like Gecko; compatible; ClaudeBot/1.0; +claudebot@anthropic.com)"
216.73.216.113 - - [24/Jul/2025:08:46:25 +0200] "GET /sitemap.xml HTTP/1.1" 200 - "-" "Mozilla/5.0 AppleWebKit/537.36 (KHTML, like Gecko; compatible; ClaudeBot/1.0; +claudebot@anthropic.com)"
125.72.106.104 - - [24/Jul/2025:08:47:08 +0200] "GET /hasznos-informaciok HTTP/1.1" 200 - "-" "Mozilla/5.0 (X11; Linux x86_64) AppleWebKit/537.36 (KHTML, like Gecko) Chrome/113.0.5672 Safari/537.36"
110.186.8.62 - - [24/Jul/2025:08:53:53 +0200] "GET /hasznos-informaciok HTTP/1.1" 200 - "-" "Mozilla/5.0 (X11; Linux x86_64) AppleWebKit/537.36 (KHTML, like Gecko) Chrome/113.0.5672 Safari/537.36"
216.244.66.200 - - [24/Jul/2025:09:00:36 +0200] "GET /robots.txt HTTP/1.1" 200 1590 "-" "Mozilla/5.0 (compatible; DotBot/1.2; +https://opensiteexplorer.org/dotbot; help@moz.com)"
216.244.66.200 - - [24/Jul/2025:09:09:03 +0200] "GET /node/2396 HTTP/1.1" 200 - "-" "Mozilla/5.0 (compatible; DotBot/1.2; +https://opensiteexplorer.org/dotbot; help@moz.com)"
216.244.66.200 - - [24/Jul/2025:09:09:33 +0200] "GET /node/2468 HTTP/1.1" 200 - "-" "Mozilla/5.0 (compatible; DotBot/1.2; +https://opensiteexplorer.org/dotbot; help@moz.com)"
216.73.216.113 - - [24/Jul/2025:09:13:34 +0200] "GET /sitemap.xml HTTP/1.1" 200 - "-" "Mozilla/5.0 AppleWebKit/537.36 (KHTML, like Gecko; compatible; ClaudeBot/1.0; +claudebot@anthropic.com)"
40.77.167.254 - - [24/Jul/2025:09:38:29 +0200] "GET /files/Filmvagyon.doc HTTP/1.1" 304 - "-" "Mozilla/5.0 AppleWebKit/537.36 (KHTML, like Gecko; compatible; bingbot/2.0; +http://www.bing.com/bingbot.htm) Chrome/116.0.1938.76 Safari/537.36"
43.159.149.56 - - [24/Jul/2025:09:50:21 +0200] "GET / HTTP/1.1" 200 - "-" "Mozilla/5.0 (iPhone; CPU iPhone OS 13_2_3 like Mac OS X) AppleWebKit/605.1.15 (KHTML, like Gecko) Version/13.0.3 Mobile/15E148 Safari/604.1"
167.253.34.3 - - [24/Jul/2025:09:50:50 +0200] "GET /robots.txt HTTP/1.0" 200 1590 "-" "Mozilla/4.0 (compatible; fluid/0.0; +http://www.leak.info/bot.html)"
66.249.70.35 - - [24/Jul/2025:10:15:29 +0200] "GET / HTTP/1.1" 200 - "-" "Mozilla/5.0 (compatible; Googlebot/2.1; +http://www.google.com/bot.html)"
66.249.70.33 - - [24/Jul/2025:10:16:01 +0200] "GET / HTTP/1.1" 200 - "-" "Mozilla/5.0 (Linux; Android 6.0.1; Nexus 5X Build/MMB29P) AppleWebKit/537.36 (KHTML, like Gecko) Chrome/99.0.4844.84 Mobile Safari/537.36 (compatible; Googlebot/2.1; +http://www.google.com/bot.html)"
66.249.70.34 - - [24/Jul/2025:10:16:33 +0200] "GET / HTTP/1.1" 200 - "-" "Mozilla/5.0 (compatible; Googlebot/2.1; +http://www.google.com/bot.html)"
66.249.70.34 - - [24/Jul/2025:10:17:05 +0200] "GET / HTTP/1.1" 200 - "-" "Mozilla/5.0 (Linux; Android 6.0.1; Nexus 5X Build/MMB29P) AppleWebKit/537.36 (KHTML, like Gecko) Chrome/137.0.7151.103 Mobile Safari/537.36 (compatible; Googlebot/2.1; +http://www.google.com/bot.html)"
52.167.144.172 - - [24/Jul/2025:10:19:43 +0200] "GET /files/tervezet_Szarvasi.pdf HTTP/1.1" 200 171068 "-" "Mozilla/5.0 AppleWebKit/537.36 (KHTML, like Gecko; compatible; bingbot/2.0; +http://www.bing.com/bingbot.htm) Chrome/116.0.1938.76 Safari/537.36"
40.77.167.155 - - [24/Jul/2025:10:21:23 +0200] "GET /files/Ma_Ukr_szoc_bizt_egy_terv_090618.doc HTTP/1.1" 304 - "-" "Mozilla/5.0 AppleWebKit/537.36 (KHTML, like Gecko; compatible; bingbot/2.0; +http://www.bing.com/bingbot.htm) Chrome/116.0.1938.76 Safari/537.36"
216.73.216.113 - - [24/Jul/2025:10:39:03 +0200] "GET /robots.txt HTTP/1.1" 200 1590 "-" "Mozilla/5.0 AppleWebKit/537.36 (KHTML, like Gecko; compatible; ClaudeBot/1.0; +claudebot@anthropic.com)"
216.73.216.113 - - [24/Jul/2025:10:39:35 +0200] "GET /sitemap.xml HTTP/1.1" 200 - "-" "Mozilla/5.0 AppleWebKit/537.36 (KHTML, like Gecko; compatible; ClaudeBot/1.0; +claudebot@anthropic.com)"
35.195.119.58 - - [24/Jul/2025:10:55:32 +0200] "GET / HTTP/1.1" 200 - "-" "Mozilla/5.0 (Windows NT 10.0; Win64; x64) AppleWebKit/537.36 (KHTML, like Gecko) Chrome/84.0.4147.105 Safari/537.36"
40.77.167.26 - - [24/Jul/2025:10:59:14 +0200] "GET /files/mh_beosztasi_kategoriaba_besorolas_rendfokozat.pdf HTTP/1.1" 304 - "-" "Mozilla/5.0 AppleWebKit/537.36 (KHTML, like Gecko; compatible; bingbot/2.0; +http://www.bing.com/bingbot.htm) Chrome/116.0.1938.76 Safari/537.36"
216.73.216.113 - - [24/Jul/2025:11:03:38 +0200] "GET /sitemap.xml HTTP/1.1" 200 - "-" "Mozilla/5.0 AppleWebKit/537.36 (KHTML, like Gecko; compatible; ClaudeBot/1.0; +claudebot@anthropic.com)"
143.244.57.121 - - [24/Jul/2025:11:07:58 +0200] "GET / HTTP/1.1" 200 - "-" "Mozilla/5.0 (Windows NT 10.0; Win64; x64) AppleWebKit/537.36 (KHTML, like Gecko) Chrome/78.0.3904.108 Safari/537.36"
143.244.57.121 - - [24/Jul/2025:11:08:30 +0200] "GET / HTTP/1.1" 200 - "-" "Mozilla/5.0 (Windows NT 10.0; Win64; x64) AppleWebKit/537.36 (KHTML, like Gecko) Chrome/78.0.3904.108 Safari/537.36"
143.244.57.121 - - [24/Jul/2025:11:09:02 +0200] "GET /wp-includes/wlwmanifest.xml HTTP/1.1" 200 - "-" "Mozilla/5.0 (Windows NT 10.0; Win64; x64) AppleWebKit/537.36 (KHTML, like Gecko) Chrome/78.0.3904.108 Safari/537.36"
94.74.125.251 - - [24/Jul/2025:11:18:58 +0200] "GET /taxonomy/term/26/0/feed HTTP/1.1" 200 - "-" "Mozilla/5.0 (iPhone; CPU iPhone OS 16_0 like Mac OS X) AppleWebKit/605.1.15 (KHTML, like Gecko) Version/18.0 Mobile/15E148 Safari/604.1"
49.51.36.179 - - [24/Jul/2025:11:37:29 +0200] "GET / HTTP/1.1" 200 - "-" "Mozilla/5.0 (iPhone; CPU iPhone OS 13_2_3 like Mac OS X) AppleWebKit/605.1.15 (KHTML, like Gecko) Version/13.0.3 Mobile/15E148 Safari/604.1"
66.249.70.33 - - [24/Jul/2025:11:44:14 +0200] "GET /files/91_2003_mod_velemenyezesre.pdf HTTP/1.1" 304 - "-" "Mozilla/5.0 (Linux; Android 6.0.1; Nexus 5X Build/MMB29P) AppleWebKit/537.36 (KHTML, like Gecko) Chrome/137.0.7151.103 Mobile Safari/537.36 (compatible; Googlebot/2.1; +http://www.google.com/bot.html)"
137.184.37.40 - - [24/Jul/2025:11:45:48 +0200] "GET /js/tinymce/plugins/filemanager/dialog.php HTTP/1.1" 200 - "-" "Mozilla/5.0 (X11; Linux x86_64) AppleWebKit/537.36 (KHTML, like Gecko) Chrome/78.0.3904.62 Safari/537.36"
216.73.216.113 - - [24/Jul/2025:11:46:13 +0200] "GET /robots.txt HTTP/1.1" 200 1590 "-" "Mozilla/5.0 AppleWebKit/537.36 (KHTML, like Gecko; compatible; ClaudeBot/1.0; +claudebot@anthropic.com)"
216.73.216.113 - - [24/Jul/2025:11:46:44 +0200] "GET /sitemap.xml HTTP/1.1" 200 - "-" "Mozilla/5.0 AppleWebKit/537.36 (KHTML, like Gecko; compatible; ClaudeBot/1.0; +claudebot@anthropic.com)"
66.249.70.33 - - [24/Jul/2025:11:54:15 +0200] "GET /files/NFGM3656.pdf HTTP/1.1" 304 - "-" "Mozilla/5.0 (Linux; Android 6.0.1; Nexus 5X Build/MMB29P) AppleWebKit/537.36 (KHTML, like Gecko) Chrome/137.0.7151.103 Mobile Safari/537.36 (compatible; Googlebot/2.1; +http://www.google.com/bot.html)"
66.249.64.234 - - [24/Jul/2025:12:11:59 +0200] "GET /files/cervantes_egyezmeny_eloterjesztes.doc HTTP/1.1" 304 - "-" "Mozilla/5.0 (Linux; Android 6.0.1; Nexus 5X Build/MMB29P) AppleWebKit/537.36 (KHTML, like Gecko) Chrome/137.0.7151.103 Mobile Safari/537.36 (compatible; Googlebot/2.1; +http://www.google.com/bot.html)"
66.249.70.35 - - [24/Jul/2025:12:12:00 +0200] "GET /files/orszszi_terv_070530.pdf HTTP/1.1" 304 - "-" "Mozilla/5.0 (Linux; Android 6.0.1; Nexus 5X Build/MMB29P) AppleWebKit/537.36 (KHTML, like Gecko) Chrome/137.0.7151.103 Mobile Safari/537.36 (compatible; Googlebot/2.1; +http://www.google.com/bot.html)"
84.236.104.52 - - [24/Jul/2025:12:12:03 +0200] "GET /files/1220_KAR_adatlapok_kit_lt_si__tmutat_ja_2006_12_08.doc HTTP/1.1" 200 34795 "https://www.bing.com/" "Mozilla/5.0 (Windows NT 10.0; Win64; x64) AppleWebKit/537.36 (KHTML, like Gecko) Chrome/138.0.0.0 Safari/537.36 Edg/138.0.0.0"
52.108.80.15 - - [24/Jul/2025:12:12:03 +0200] "GET /files/1220_KAR_adatlapok_kit_lt_si__tmutat_ja_2006_12_08.doc HTTP/1.1" 200 691200 "-" "Mozilla/5.0 (Windows NT 10.0; Win64; x64) AppleWebKit/537.36 (KHTML, like Gecko) Chrome/89.0.4389.82 Safari/537.36 Edg/89.0.774.48"
152.53.113.64 - - [24/Jul/2025:12:17:09 +0200] "GET /drupal/files/bizott_2006_j%C3%BAli.pdf HTTP/1.1" 200 - "-" "Mozilla/5.0 (Windows NT 10.0; Win64; x64) AppleWebKit/537.36 (KHTML, like Gecko) Chrome/100.0.3433.318 Safari/537.36"
46.105.39.50 - - [24/Jul/2025:12:24:20 +0200] "GET /robots.txt HTTP/1.1" 200 1590 "-" "Mozilla/5.0 (compatible; MJ12bot/v2.0.2; http://mj12bot.com/)"
46.105.39.50 - - [24/Jul/2025:12:24:53 +0200] "GET / HTTP/1.1" 200 - "-" "Mozilla/5.0 (compatible; MJ12bot/v2.0.2; http://mj12bot.com/)"
84.236.104.52 - - [24/Jul/2025:12:26:29 +0200] "GET /files/1220_KAR_adatlapok_kit_lt_si__tmutat_ja_2006_12_08.doc HTTP/1.1" 206 1 "https://www.bing.com/" "Mozilla/5.0 (Windows NT 10.0; Win64; x64) AppleWebKit/537.36 (KHTML, like Gecko) Chrome/138.0.0.0 Safari/537.36 Edg/138.0.0.0"
84.236.104.52 - - [24/Jul/2025:12:26:29 +0200] "GET /files/1220_KAR_adatlapok_kit_lt_si__tmutat_ja_2006_12_08.doc HTTP/1.1" 206 34741 "https://www.bing.com/" "Mozilla/5.0 (Windows NT 10.0; Win64; x64) AppleWebKit/537.36 (KHTML, like Gecko) Chrome/138.0.0.0 Safari/537.36 Edg/138.0.0.0"
216.73.216.113 - - [24/Jul/2025:12:29:16 +0200] "GET /sitemap.xml HTTP/1.1" 200 - "-" "Mozilla/5.0 AppleWebKit/537.36 (KHTML, like Gecko; compatible; ClaudeBot/1.0; +claudebot@anthropic.com)"
84.236.104.52 - - [24/Jul/2025:12:32:07 +0200] "GET /files/1220_KAR_adatlapok_kit_lt_si__tmutat_ja_2006_12_08.doc HTTP/1.1" 206 1 "https://www.bing.com/" "Mozilla/5.0 (Windows NT 10.0; Win64; x64) AppleWebKit/537.36 (KHTML, like Gecko) Chrome/138.0.0.0 Safari/537.36 Edg/138.0.0.0"
84.236.104.52 - - [24/Jul/2025:12:32:07 +0200] "GET /files/1220_KAR_adatlapok_kit_lt_si__tmutat_ja_2006_12_08.doc HTTP/1.1" 206 34741 "https://www.bing.com/" "Mozilla/5.0 (Windows NT 10.0; Win64; x64) AppleWebKit/537.36 (KHTML, like Gecko) Chrome/138.0.0.0 Safari/537.36 Edg/138.0.0.0"
5.161.64.142 - - [24/Jul/2025:12:37:59 +0200] "GET /files/mikrobi%201130.doc HTTP/1.1" 200 100352 "-" "Mozilla/5.0 (Windows NT 10.0; Win64; x64) AppleWebKit/537.36 (KHTML, like Gecko) Chrome/84.0.4147.105 Safari/537.36"
95.142.120.147 - - [24/Jul/2025:12:39:39 +0200] "GET /asasx.php HTTP/1.1" 200 - "-" "Mozilla/5.0 (Windows NT 10.0; Win64; x64) AppleWebKit/537.36 (KHTML, like Gecko) Chrome/74.0.3729.157 Safari/537.36"
95.142.120.147 - - [24/Jul/2025:12:39:49 +0200] "GET /wp-content/plugins/pwnd-1/ HTTP/1.1" 200 - "-" "Mozilla/5.0 (Windows NT 10.0; Win64; x64) AppleWebKit/537.36 (KHTML, like Gecko) Chrome/84.0.4147.105 Safari/537.36"
84.206.25.11 - - [24/Jul/2025:12:40:49 +0200] "GET /files/koltsegmentes.doc HTTP/1.1" 200 70656 "https://www.google.com/" "Mozilla/5.0 (Windows NT 10.0; Win64; x64; rv:140.0) Gecko/20100101 Firefox/140.0"
66.249.70.34 - - [24/Jul/2025:13:06:04 +0200] "GET /files/epiteskivitelezes.pdf HTTP/1.1" 200 715535 "-" "Mozilla/5.0 (Linux; Android 6.0.1; Nexus 5X Build/MMB29P) AppleWebKit/537.36 (KHTML, like Gecko) Chrome/137.0.7151.103 Mobile Safari/537.36 (compatible; Googlebot/2.1; +http://www.google.com/bot.html)"
52.167.144.138 - - [24/Jul/2025:13:11:55 +0200] "GET /drupal/files/TK52-3.doc HTTP/1.1" 200 - "-" "Mozilla/5.0 AppleWebKit/537.36 (KHTML, like Gecko; compatible; bingbot/2.0; +http://www.bing.com/bingbot.htm) Chrome/116.0.1938.76 Safari/537.36"
52.167.144.138 - - [24/Jul/2025:13:12:27 +0200] "GET /drupal/files/TK52-3.doc HTTP/1.1" 200 - "-" "Mozilla/5.0 AppleWebKit/537.36 (KHTML, like Gecko; compatible; bingbot/2.0; +http://www.bing.com/bingbot.htm) Chrome/116.0.1938.76 Safari/537.36"
52.167.144.212 - - [24/Jul/2025:13:24:38 +0200] "GET /files/MinTerv-4-DR-2007-02-13.doc HTTP/1.1" 304 - "-" "Mozilla/5.0 AppleWebKit/537.36 (KHTML, like Gecko; compatible; bingbot/2.0; +http://www.bing.com/bingbot.htm) Chrome/116.0.1938.76 Safari/537.36"
47.128.116.81 - - [24/Jul/2025:13:38:09 +0200] "GET /robots.txt HTTP/1.1" 200 1590 "-" "Mozilla/5.0 (Linux; Android 5.0) AppleWebKit/537.36 (KHTML, like Gecko) Mobile Safari/537.36 (compatible; Bytespider; spider-feedback@bytedance.com)"
110.249.202.196 - - [24/Jul/2025:13:38:16 +0200] "GET /robots.txt HTTP/1.1" 200 1590 "-" "Mozilla/5.0 (Linux; Android 5.0) AppleWebKit/537.36 (KHTML, like Gecko) Mobile Safari/537.36 (compatible; Bytespider; https://zhanzhang.toutiao.com/)"
79.221.110.208 - - [24/Jul/2025:13:42:13 +0200] "GET /files/szakertoidijazas.doc HTTP/1.1" 200 59392 "-" "Mozilla/5.0 (Windows NT 10.0; WOW64; Trident/7.0; rv:11.0) like Gecko"
4.216.95.134 - - [24/Jul/2025:14:07:41 +0200] "GET /wp-content/plugins/hellopress/wp_filemanager.php HTTP/1.1" 200 - "-" "-"
51.210.214.160 - - [24/Jul/2025:14:14:07 +0200] "GET /taxonomy/term/99/0/feed HTTP/1.1" 200 - "-" "Mozilla/5.0 (X11; Linux i686) AppleWebKit/537.36 (KHTML, like Gecko) Chrome/30.0.1599.66 Safari/537.36"
216.73.216.113 - - [24/Jul/2025:14:23:55 +0200] "GET /robots.txt HTTP/1.1" 200 1590 "-" "Mozilla/5.0 AppleWebKit/537.36 (KHTML, like Gecko; compatible; ClaudeBot/1.0; +claudebot@anthropic.com)"
216.73.216.113 - - [24/Jul/2025:14:24:26 +0200] "GET /sitemap.xml HTTP/1.1" 200 - "-" "Mozilla/5.0 AppleWebKit/537.36 (KHTML, like Gecko; compatible; ClaudeBot/1.0; +claudebot@anthropic.com)"
52.167.144.192 - - [24/Jul/2025:14:32:14 +0200] "GET /files/6_birosagi_ugyvitel.doc HTTP/1.1" 200 73216 "-" "Mozilla/5.0 AppleWebKit/537.36 (KHTML, like Gecko; compatible; bingbot/2.0; +http://www.bing.com/bingbot.htm) Chrome/116.0.1938.76 Safari/537.36"
66.249.70.34 - - [24/Jul/2025:14:41:30 +0200] "GET /files/51995[1].pdf HTTP/1.1" 304 - "-" "Mozilla/5.0 (Linux; Android 6.0.1; Nexus 5X Build/MMB29P) AppleWebKit/537.36 (KHTML, like Gecko) Chrome/137.0.7151.103 Mobile Safari/537.36 (compatible; Googlebot/2.1; +http://www.google.com/bot.html)"
52.53.178.226 - - [24/Jul/2025:14:44:03 +0200] "GET / HTTP/1.1" 200 - "-" "bitdiscovery-suggestions"
43.166.7.113 - - [24/Jul/2025:15:19:53 +0200] "GET / HTTP/1.1" 200 - "-" "Mozilla/5.0 (iPhone; CPU iPhone OS 13_2_3 like Mac OS X) AppleWebKit/605.1.15 (KHTML, like Gecko) Version/13.0.3 Mobile/15E148 Safari/604.1"
216.73.216.113 - - [24/Jul/2025:15:30:59 +0200] "GET /robots.txt HTTP/1.1" 200 1590 "-" "Mozilla/5.0 AppleWebKit/537.36 (KHTML, like Gecko; compatible; ClaudeBot/1.0; +claudebot@anthropic.com)"
216.73.216.113 - - [24/Jul/2025:15:31:30 +0200] "GET /sitemap.xml HTTP/1.1" 200 - "-" "Mozilla/5.0 AppleWebKit/537.36 (KHTML, like Gecko; compatible; ClaudeBot/1.0; +claudebot@anthropic.com)"
66.249.70.34 - - [24/Jul/2025:15:41:30 +0200] "GET /files/ptk.dologi_jog.pdf HTTP/1.1" 304 - "-" "Mozilla/5.0 (Linux; Android 6.0.1; Nexus 5X Build/MMB29P) AppleWebKit/537.36 (KHTML, like Gecko) Chrome/137.0.7151.103 Mobile Safari/537.36 (compatible; Googlebot/2.1; +http://www.google.com/bot.html)"
103.90.232.143 - - [24/Jul/2025:15:41:51 +0200] "GET / HTTP/1.1" 200 - "-" "Mozilla/5.0 (Macintosh; Intel Mac OS X 10_15_7; rv:128.0) Gecko/20100101 Firefox/128.0"
52.167.144.209 - - [24/Jul/2025:15:42:18 +0200] "GET /taxonomy/term/56 HTTP/1.1" 200 - "-" "Mozilla/5.0 AppleWebKit/537.36 (KHTML, like Gecko; compatible; bingbot/2.0; +http://www.bing.com/bingbot.htm) Chrome/116.0.1938.76 Safari/537.36"
52.167.144.209 - - [24/Jul/2025:15:42:50 +0200] "GET /taxonomy/term/56 HTTP/1.1" 200 - "-" "Mozilla/5.0 AppleWebKit/537.36 (KHTML, like Gecko; compatible; bingbot/2.0; +http://www.bing.com/bingbot.htm) Chrome/116.0.1938.76 Safari/537.36"
216.73.216.28 - - [24/Jul/2025:16:07:48 +0200] "GET /robots.txt HTTP/1.1" 200 1590 "-" "Mozilla/5.0 AppleWebKit/537.36 (KHTML, like Gecko; compatible; ClaudeBot/1.0; +claudebot@anthropic.com)"
216.73.216.28 - - [24/Jul/2025:16:08:20 +0200] "GET /sitemap.xml HTTP/1.1" 200 - "-" "Mozilla/5.0 AppleWebKit/537.36 (KHTML, like Gecko; compatible; ClaudeBot/1.0; +claudebot@anthropic.com)"
40.77.167.77 - - [24/Jul/2025:16:09:17 +0200] "GET /files/66per1999_EuM_rend_mod_100414.doc HTTP/1.1" 200 511488 "-" "Mozilla/5.0 AppleWebKit/537.36 (KHTML, like Gecko; compatible; bingbot/2.0; +http://www.bing.com/bingbot.htm) Chrome/116.0.1938.76 Safari/537.36"
18.97.9.99 - - [24/Jul/2025:16:15:06 +0200] "GET /robots.txt HTTP/1.1" 200 1590 "-" "Mozilla/5.0 AppleWebKit/537.36 (KHTML, like Gecko; compatible; PerplexityBot/1.0; +https://perplexity.ai/perplexitybot)"
18.97.9.102 - - [24/Jul/2025:16:15:08 +0200] "GET /files/szakmagyakorlas.pdf HTTP/1.1" 200 172957 "-" "Mozilla/5.0 AppleWebKit/537.36 (KHTML, like Gecko; compatible; PerplexityBot/1.0; +https://perplexity.ai/perplexitybot)"
66.249.64.225 - - [24/Jul/2025:16:48:01 +0200] "GET /files/1998_94_mod_terv_090807.pdf HTTP/1.1" 200 376438 "-" "Mozilla/5.0 (Linux; Android 6.0.1; Nexus 5X Build/MMB29P) AppleWebKit/537.36 (KHTML, like Gecko) Chrome/137.0.7151.103 Mobile Safari/537.36 (compatible; Googlebot/2.1; +http://www.google.com/bot.html)"
43.157.50.58 - - [24/Jul/2025:16:56:52 +0200] "GET / HTTP/1.1" 200 - "-" "Mozilla/5.0 (iPhone; CPU iPhone OS 13_2_3 like Mac OS X) AppleWebKit/605.1.15 (KHTML, like Gecko) Version/13.0.3 Mobile/15E148 Safari/604.1"
66.249.70.33 - - [24/Jul/2025:17:11:30 +0200] "GET /files/E%C3%BCM%202006.%20I.%20f%C3%A9l%C3%A9vi%20munkaterve%20(2006.02.09.)%20-%20v%C3%A9gleges.doc HTTP/1.1" 304 - "-" "Mozilla/5.0 (Linux; Android 6.0.1; Nexus 5X Build/MMB29P) AppleWebKit/537.36 (KHTML, like Gecko) Chrome/137.0.7151.103 Mobile Safari/537.36 (compatible; Googlebot/2.1; +http://www.google.com/bot.html)"
13.74.101.194 - - [24/Jul/2025:17:28:22 +0200] "GET /wp-includes/Requests/about.php HTTP/1.1" 200 - "-" "-"
66.249.70.33 - - [24/Jul/2025:17:42:01 +0200] "GET /feed.php HTTP/1.1" 200 - "-" "Mozilla/5.0 (Linux; Android 6.0.1; Nexus 5X Build/MMB29P) AppleWebKit/537.36 (KHTML, like Gecko) Chrome/137.0.7151.103 Mobile Safari/537.36 (compatible; Googlebot/2.1; +http://www.google.com/bot.html)"
152.53.113.5 - - [24/Jul/2025:17:45:39 +0200] "GET /files/magancsod_tars_velem_09.03.06.doc HTTP/1.1" 200 652800 "-" "Mozilla/5.0 (Windows NT 10.0; Win64; x64) AppleWebKit/537.36 (KHTML, like Gecko) Chrome/100.0.3786.686 Safari/537.36"
216.73.216.113 - - [24/Jul/2025:17:50:35 +0200] "GET /robots.txt HTTP/1.1" 200 1590 "-" "Mozilla/5.0 AppleWebKit/537.36 (KHTML, like Gecko; compatible; ClaudeBot/1.0; +claudebot@anthropic.com)"
216.73.216.113 - - [24/Jul/2025:17:51:06 +0200] "GET /sitemap.xml HTTP/1.1" 200 - "-" "Mozilla/5.0 AppleWebKit/537.36 (KHTML, like Gecko; compatible; ClaudeBot/1.0; +claudebot@anthropic.com)"
216.73.216.113 - - [24/Jul/2025:18:22:46 +0200] "GET /sitemap.xml HTTP/1.1" 200 - "-" "Mozilla/5.0 AppleWebKit/537.36 (KHTML, like Gecko; compatible; ClaudeBot/1.0; +claudebot@anthropic.com)"
85.66.117.31 - - [24/Jul/2025:18:24:44 +0200] "GET /files/lakrendmod_javaslat_20071024.pdf HTTP/1.1" 200 242799 "-" "Dalvik/2.1.0 (Linux; U; Android 11; SM-A202F Build/RP1A.200720.012)"
4.227.36.63 - - [24/Jul/2025:18:25:20 +0200] "GET /robots.txt HTTP/1.1" 200 1590 "-" "Mozilla/5.0 AppleWebKit/537.36 (KHTML, like Gecko; compatible; GPTBot/1.2; +https://openai.com/gptbot)"
4.227.36.11 - - [24/Jul/2025:18:25:20 +0200] "GET /robots.txt HTTP/1.1" 200 1590 "-" "Mozilla/5.0 AppleWebKit/537.36 (KHTML, like Gecko; compatible; GPTBot/1.2; +https://openai.com/gptbot)"
20.171.207.80 - - [24/Jul/2025:18:25:59 +0200] "GET /files/ptk-normaszoveg-tervezet_20071029.pdf. HTTP/1.1" 200 - "-" "Mozilla/5.0 AppleWebKit/537.36 (KHTML, like Gecko; compatible; GPTBot/1.2; +https://openai.com/gptbot)"
20.171.207.165 - - [24/Jul/2025:18:26:02 +0200] "GET /files/ptk.csaladjog_0.pdf. HTTP/1.1" 200 - "-" "Mozilla/5.0 AppleWebKit/537.36 (KHTML, like Gecko; compatible; GPTBot/1.2; +https://openai.com/gptbot)"
20.171.207.80 - - [24/Jul/2025:18:26:29 +0200] "GET /files/ptk-normaszoveg-tervezet_20071029.pdf. HTTP/1.1" 200 - "-" "Mozilla/5.0 AppleWebKit/537.36 (KHTML, like Gecko; compatible; GPTBot/1.2; +https://openai.com/gptbot)"
40.77.167.7 - - [24/Jul/2025:18:27:29 +0200] "GET /files/134_2004_mod_mellekletek.pdf HTTP/1.1" 200 442733 "-" "Mozilla/5.0 AppleWebKit/537.36 (KHTML, like Gecko; compatible; bingbot/2.0; +http://www.bing.com/bingbot.htm) Chrome/116.0.1938.76 Safari/537.36"
91.33.174.206 - - [24/Jul/2025:18:29:40 +0200] "GET /files/cegbejegyzesi_eljaras_21_per_2006__02_12_fin.doc HTTP/1.1" 200 54272 "-" "Mozilla/5.0 (Windows NT 10.0; WOW64; Trident/7.0; rv:11.0) like Gecko"
80.98.240.102 - - [24/Jul/2025:18:34:39 +0200] "GET /files/Eloterjesztes_305.pdf HTTP/1.1" 200 214007 "-" "Mozilla/5.0 (Linux; Android 10; K) AppleWebKit/537.36 (KHTML, like Gecko) Chrome/138.0.0.0 Mobile Safari/537.36"
213.32.255.216 - - [24/Jul/2025:18:35:43 +0200] "GET /files/gyermved_gyamugy_tv_terv_090209.pdf HTTP/1.1" 200 506744 "https://google.com" "Mozilla/5.0 (Windows NT 10.0; Win64; x64) AppleWebKit/537.36 (KHTML, like Gecko) Chrome/114.0.0.0 Safari/537.36"
66.249.64.224 - - [24/Jul/2025:19:07:58 +0200] "GET /files/ekozig_strategia.pdf HTTP/1.1" 200 731185 "-" "Googlebot/2.1 (+http://www.google.com/bot.html)"
216.73.216.113 - - [24/Jul/2025:19:20:22 +0200] "GET /robots.txt HTTP/1.1" 200 1590 "-" "Mozilla/5.0 AppleWebKit/537.36 (KHTML, like Gecko; compatible; ClaudeBot/1.0; +claudebot@anthropic.com)"
216.73.216.113 - - [24/Jul/2025:19:20:55 +0200] "GET /sitemap.xml HTTP/1.1" 200 - "-" "Mozilla/5.0 AppleWebKit/537.36 (KHTML, like Gecko; compatible; ClaudeBot/1.0; +claudebot@anthropic.com)"
20.171.207.80 - - [24/Jul/2025:19:43:52 +0200] "GET /taxonomy/term/20 HTTP/1.1" 200 - "-" "Mozilla/5.0 AppleWebKit/537.36 (KHTML, like Gecko; compatible; GPTBot/1.2; +https://openai.com/gptbot)"
144.76.14.54 - - [24/Jul/2025:19:51:52 +0200] "GET /robots.txt HTTP/1.1" 200 1590 "-" "Mozilla/5.0 (Windows NT 10.0; Win64; x64; trendictionbot0.5.0; trendiction search; http://www.trendiction.de/bot; please let us know of any problems; web at trendiction.com) Gecko/20100101 Firefox/125.0"
144.76.14.54 - - [24/Jul/2025:19:52:25 +0200] "GET / HTTP/1.1" 200 - "-" "Mozilla/5.0 (Windows NT 10.0; Win64; x64; trendictionbot0.5.0; trendiction search; http://www.trendiction.de/bot; please let us know of any problems; web at trendiction.com) Gecko/20100101 Firefox/125.0"
144.76.14.54 - - [24/Jul/2025:19:52:57 +0200] "GET / HTTP/1.1" 200 - "-" "Mozilla/5.0 (Windows NT 10.0; Win64; x64; trendictionbot0.5.0; trendiction search; http://www.trendiction.de/bot; please let us know of any problems; web at trendiction.com) Gecko/20100101 Firefox/125.0"
144.76.14.54 - - [24/Jul/2025:19:53:29 +0200] "GET / HTTP/1.1" 200 - "-" "Mozilla/5.0 (Windows NT 10.0; Win64; x64; trendictionbot0.5.0; trendiction search; http://www.trendiction.de/bot; please let us know of any problems; web at trendiction.com) Gecko/20100101 Firefox/125.0"
144.76.14.54 - - [24/Jul/2025:19:54:01 +0200] "GET / HTTP/1.1" 200 - "-" "Mozilla/5.0 (Windows NT 10.0; Win64; x64; trendictionbot0.5.0; trendiction search; http://www.trendiction.de/bot; please let us know of any problems; web at trendiction.com) Gecko/20100101 Firefox/125.0"
47.82.11.28 - - [24/Jul/2025:19:58:19 +0200] "GET / HTTP/1.1" 200 - "http://www.jogalkotas.hu" "Mozilla/5.0 (Windows NT 10.0; Win64; x64) AppleWebKit/537.36 (KHTML, like Gecko) Chrome/114.0.0.0 Safari/537.36 Edg/114.0.1823.43"
20.171.207.80 - - [24/Jul/2025:19:59:25 +0200] "GET / HTTP/1.1" 200 - "-" "Mozilla/5.0 AppleWebKit/537.36 (KHTML, like Gecko; compatible; GPTBot/1.2; +https://openai.com/gptbot)"
20.171.207.80 - - [24/Jul/2025:20:00:03 +0200] "GET /files/R83_2.pdf HTTP/1.1" 200 194853 "-" "Mozilla/5.0 AppleWebKit/537.36 (KHTML, like Gecko; compatible; GPTBot/1.2; +https://openai.com/gptbot)"
20.171.207.165 - - [24/Jul/2025:20:00:37 +0200] "GET /fckeditor/editor/filemanager/upload/php/upload.php HTTP/1.1" 200 - "-" "Mozilla/5.0 AppleWebKit/537.36 (KHTML, like Gecko; compatible; GPTBot/1.2; +https://openai.com/gptbot)"
20.171.207.80 - - [24/Jul/2025:20:01:00 +0200] "GET /files/R83_2.pdf HTTP/1.1" 200 194853 "-" "Mozilla/5.0 AppleWebKit/537.36 (KHTML, like Gecko; compatible; GPTBot/1.2; +https://openai.com/gptbot)"
20.171.207.80 - - [24/Jul/2025:20:01:01 +0200] "GET / HTTP/1.1" 200 - "-" "Mozilla/5.0 AppleWebKit/537.36 (KHTML, like Gecko; compatible; GPTBot/1.2; +https://openai.com/gptbot)"
20.171.207.165 - - [24/Jul/2025:20:01:07 +0200] "GET /filemanager/connectors/php/filemanager.php HTTP/1.1" 200 - "-" "Mozilla/5.0 AppleWebKit/537.36 (KHTML, like Gecko; compatible; GPTBot/1.2; +https://openai.com/gptbot)"
20.171.207.165 - - [24/Jul/2025:20:01:37 +0200] "GET / HTTP/1.1" 200 - "-" "Mozilla/5.0 AppleWebKit/537.36 (KHTML, like Gecko; compatible; GPTBot/1.2; +https://openai.com/gptbot)"
20.171.207.165 - - [24/Jul/2025:20:02:07 +0200] "GET /FCKeditor/editor/filemanager/upload/php/upload.php HTTP/1.1" 200 - "-" "Mozilla/5.0 AppleWebKit/537.36 (KHTML, like Gecko; compatible; GPTBot/1.2; +https://openai.com/gptbot)"
20.171.207.165 - - [24/Jul/2025:20:03:10 +0200] "GET /filemanager/connectors/php/filemanager.php HTTP/1.1" 200 - "-" "Mozilla/5.0 AppleWebKit/537.36 (KHTML, like Gecko; compatible; GPTBot/1.2; +https://openai.com/gptbot)"
66.249.70.35 - - [24/Jul/2025:20:09:05 +0200] "GET /files/6357.pdf HTTP/1.1" 200 253079 "-" "Mozilla/5.0 AppleWebKit/537.36 (KHTML, like Gecko; compatible; GoogleOther) Chrome/137.0.7151.103 Safari/537.36"
20.171.207.80 - - [24/Jul/2025:20:23:36 +0200] "GET /taxonomy/term/47 HTTP/1.1" 200 - "-" "Mozilla/5.0 AppleWebKit/537.36 (KHTML, like Gecko; compatible; GPTBot/1.2; +https://openai.com/gptbot)"
20.171.207.165 - - [24/Jul/2025:20:27:10 +0200] "GET /files/tervezet_szocialis_juttatas.pdf HTTP/1.1" 200 217753 "-" "Mozilla/5.0 AppleWebKit/537.36 (KHTML, like Gecko; compatible; GPTBot/1.2; +https://openai.com/gptbot)"
20.171.207.80 - - [24/Jul/2025:20:27:42 +0200] "GET /js/common.js HTTP/1.1" 200 - "-" "Mozilla/5.0 AppleWebKit/537.36 (KHTML, like Gecko; compatible; GPTBot/1.2; +https://openai.com/gptbot)"
20.171.207.80 - - [24/Jul/2025:20:28:42 +0200] "GET /taxonomy/term/78/ HTTP/1.1" 200 - "-" "Mozilla/5.0 AppleWebKit/537.36 (KHTML, like Gecko; compatible; GPTBot/1.2; +https://openai.com/gptbot)"
20.171.207.165 - - [24/Jul/2025:20:28:45 +0200] "GET / HTTP/1.1" 200 - "-" "Mozilla/5.0 AppleWebKit/537.36 (KHTML, like Gecko; compatible; GPTBot/1.2; +https://openai.com/gptbot)"
20.171.207.80 - - [24/Jul/2025:20:29:46 +0200] "GET / HTTP/1.1" 200 - "-" "Mozilla/5.0 AppleWebKit/537.36 (KHTML, like Gecko; compatible; GPTBot/1.2; +https://openai.com/gptbot)"
20.171.207.165 - - [24/Jul/2025:20:29:50 +0200] "GET / HTTP/1.1" 200 - "-" "Mozilla/5.0 AppleWebKit/537.36 (KHTML, like Gecko; compatible; GPTBot/1.2; +https://openai.com/gptbot)"
20.171.207.165 - - [24/Jul/2025:20:30:26 +0200] "GET /robots.txt HTTP/1.1" 200 1590 "-" "Mozilla/5.0 AppleWebKit/537.36 (KHTML, like Gecko; compatible; GPTBot/1.2; +https://openai.com/gptbot)"
20.171.207.80 - - [24/Jul/2025:20:30:27 +0200] "GET /files/eloterjesztes_foldhasznalatiny_velemenyezesre_090914.pdf HTTP/1.1" 200 116288 "-" "Mozilla/5.0 AppleWebKit/537.36 (KHTML, like Gecko; compatible; GPTBot/1.2; +https://openai.com/gptbot)"
20.171.207.80 - - [24/Jul/2025:20:32:00 +0200] "GET /taxonomy/term/77/0 HTTP/1.1" 200 - "-" "Mozilla/5.0 AppleWebKit/537.36 (KHTML, like Gecko; compatible; GPTBot/1.2; +https://openai.com/gptbot)"
20.171.207.165 - - [24/Jul/2025:20:32:01 +0200] "GET /node/1034 HTTP/1.1" 200 - "-" "Mozilla/5.0 AppleWebKit/537.36 (KHTML, like Gecko; compatible; GPTBot/1.2; +https://openai.com/gptbot)"
20.171.207.80 - - [24/Jul/2025:20:33:00 +0200] "GET / HTTP/1.1" 200 - "-" "Mozilla/5.0 AppleWebKit/537.36 (KHTML, like Gecko; compatible; GPTBot/1.2; +https://openai.com/gptbot)"
20.171.207.165 - - [24/Jul/2025:20:33:02 +0200] "GET /index.php?option=com_users&view=registration HTTP/1.1" 200 - "-" "Mozilla/5.0 AppleWebKit/537.36 (KHTML, like Gecko; compatible; GPTBot/1.2; +https://openai.com/gptbot)"
20.171.207.80 - - [24/Jul/2025:20:34:02 +0200] "GET /node/1036 HTTP/1.1" 200 - "-" "Mozilla/5.0 AppleWebKit/537.36 (KHTML, like Gecko; compatible; GPTBot/1.2; +https://openai.com/gptbot)"
20.171.207.165 - - [24/Jul/2025:20:34:05 +0200] "GET /taxonomy/term/18 HTTP/1.1" 200 - "-" "Mozilla/5.0 AppleWebKit/537.36 (KHTML, like Gecko; compatible; GPTBot/1.2; +https://openai.com/gptbot)"
20.171.207.80 - - [24/Jul/2025:20:34:35 +0200] "GET /files/bitrokvedelem_kormr_terv_090814.doc HTTP/1.1" 200 102912 "-" "Mozilla/5.0 AppleWebKit/537.36 (KHTML, like Gecko; compatible; GPTBot/1.2; +https://openai.com/gptbot)"
20.171.207.165 - - [24/Jul/2025:20:35:08 +0200] "GET / HTTP/1.1" 200 - "-" "Mozilla/5.0 AppleWebKit/537.36 (KHTML, like Gecko; compatible; GPTBot/1.2; +https://openai.com/gptbot)"
20.171.207.165 - - [24/Jul/2025:20:36:09 +0200] "GET /wp-login.php HTTP/1.1" 200 - "-" "Mozilla/5.0 AppleWebKit/537.36 (KHTML, like Gecko; compatible; GPTBot/1.2; +https://openai.com/gptbot)"
20.171.207.80 - - [24/Jul/2025:20:36:11 +0200] "GET /taxonomy/term/43/0 HTTP/1.1" 200 - "-" "Mozilla/5.0 AppleWebKit/537.36 (KHTML, like Gecko; compatible; GPTBot/1.2; +https://openai.com/gptbot)"
20.171.207.165 - - [24/Jul/2025:20:37:13 +0200] "GET /taxonomy/term/18%2023%2024%2026%2025%2027%2028%2029%2052%2041%2031%2032%2098%2033%2048%20106%20103%2099%20107%2034%2049%2035%2051%20100%2036%2050%20105/0?page=111 HTTP/1.1" 200 - "-" "Mozilla/5.0 AppleWebKit/537.36 (KHTML, like Gecko; compatible; GPTBot/1.2; +https://openai.com/gptbot)"
20.171.207.80 - - [24/Jul/2025:20:37:14 +0200] "GET /taxonomy/term/42/0 HTTP/1.1" 200 - "-" "Mozilla/5.0 AppleWebKit/537.36 (KHTML, like Gecko; compatible; GPTBot/1.2; +https://openai.com/gptbot)"
20.171.207.165 - - [24/Jul/2025:20:38:13 +0200] "GET /taxonomy/term/29?page=1 HTTP/1.1" 200 - "-" "Mozilla/5.0 AppleWebKit/537.36 (KHTML, like Gecko; compatible; GPTBot/1.2; +https://openai.com/gptbot)"
20.171.207.80 - - [24/Jul/2025:20:38:17 +0200] "GET /node/81 HTTP/1.1" 200 - "-" "Mozilla/5.0 AppleWebKit/537.36 (KHTML, like Gecko; compatible; GPTBot/1.2; +https://openai.com/gptbot)"
20.171.207.165 - - [24/Jul/2025:20:39:18 +0200] "GET /taxonomy/term/26 HTTP/1.1" 200 - "-" "Mozilla/5.0 AppleWebKit/537.36 (KHTML, like Gecko; compatible; GPTBot/1.2; +https://openai.com/gptbot)"
20.171.207.80 - - [24/Jul/2025:20:39:19 +0200] "GET /taxonomy/term/87 HTTP/1.1" 200 - "-" "Mozilla/5.0 AppleWebKit/537.36 (KHTML, like Gecko; compatible; GPTBot/1.2; +https://openai.com/gptbot)"
20.171.207.80 - - [24/Jul/2025:20:39:50 +0200] "GET /files/kulfoldi_szolgalat_jarandosagok.pdf HTTP/1.1" 200 119949 "-" "Mozilla/5.0 AppleWebKit/537.36 (KHTML, like Gecko; compatible; GPTBot/1.2; +https://openai.com/gptbot)"
20.171.207.165 - - [24/Jul/2025:20:40:23 +0200] "GET /taxonomy/term/66 HTTP/1.1" 200 - "-" "Mozilla/5.0 AppleWebKit/537.36 (KHTML, like Gecko; compatible; GPTBot/1.2; +https://openai.com/gptbot)"
20.171.207.80 - - [24/Jul/2025:20:41:23 +0200] "GET /taxonomy/term/28/0?page=7 HTTP/1.1" 200 - "-" "Mozilla/5.0 AppleWebKit/537.36 (KHTML, like Gecko; compatible; GPTBot/1.2; +https://openai.com/gptbot)"
20.171.207.165 - - [24/Jul/2025:20:41:25 +0200] "GET /taxonomy/term/28?page=4 HTTP/1.1" 200 - "-" "Mozilla/5.0 AppleWebKit/537.36 (KHTML, like Gecko; compatible; GPTBot/1.2; +https://openai.com/gptbot)"
20.171.207.80 - - [24/Jul/2025:20:41:52 +0200] "GET /files/nekika_terv_080826.pdf HTTP/1.1" 200 248367 "-" "Mozilla/5.0 AppleWebKit/537.36 (KHTML, like Gecko; compatible; GPTBot/1.2; +https://openai.com/gptbot)"
20.171.207.165 - - [24/Jul/2025:20:42:27 +0200] "GET /user/register HTTP/1.1" 200 - "-" "Mozilla/5.0 AppleWebKit/537.36 (KHTML, like Gecko; compatible; GPTBot/1.2; +https://openai.com/gptbot)"
20.171.207.80 - - [24/Jul/2025:20:43:28 +0200] "GET /moodle/calendar/view.php?loan=52 HTTP/1.1" 200 - "-" "Mozilla/5.0 AppleWebKit/537.36 (KHTML, like Gecko; compatible; GPTBot/1.2; +https://openai.com/gptbot)"
20.171.207.165 - - [24/Jul/2025:20:43:32 +0200] "GET / HTTP/1.1" 200 - "-" "Mozilla/5.0 AppleWebKit/537.36 (KHTML, like Gecko; compatible; GPTBot/1.2; +https://openai.com/gptbot)"
216.244.66.200 - - [24/Jul/2025:20:44:24 +0200] "GET /robots.txt HTTP/1.1" 200 1590 "-" "Mozilla/5.0 (compatible; DotBot/1.2; +https://opensiteexplorer.org/dotbot; help@moz.com)"
20.171.207.80 - - [24/Jul/2025:20:44:33 +0200] "GET / HTTP/1.1" 200 - "-" "Mozilla/5.0 AppleWebKit/537.36 (KHTML, like Gecko; compatible; GPTBot/1.2; +https://openai.com/gptbot)"
20.171.207.165 - - [24/Jul/2025:20:44:35 +0200] "GET /node/1158 HTTP/1.1" 200 - "-" "Mozilla/5.0 AppleWebKit/537.36 (KHTML, like Gecko; compatible; GPTBot/1.2; +https://openai.com/gptbot)"
20.171.207.80 - - [24/Jul/2025:20:45:34 +0200] "GET /feed/ HTTP/1.1" 200 - "-" "Mozilla/5.0 AppleWebKit/537.36 (KHTML, like Gecko; compatible; GPTBot/1.2; +https://openai.com/gptbot)"
20.171.207.165 - - [24/Jul/2025:20:45:35 +0200] "GET /node/2553 HTTP/1.1" 200 - "-" "Mozilla/5.0 AppleWebKit/537.36 (KHTML, like Gecko; compatible; GPTBot/1.2; +https://openai.com/gptbot)"
20.171.207.80 - - [24/Jul/2025:20:46:39 +0200] "GET /moodle/calendar/view.php?loan=13 HTTP/1.1" 200 - "-" "Mozilla/5.0 AppleWebKit/537.36 (KHTML, like Gecko; compatible; GPTBot/1.2; +https://openai.com/gptbot)"
20.171.207.165 - - [24/Jul/2025:20:46:40 +0200] "GET /drupal/node/1448 HTTP/1.1" 200 - "-" "Mozilla/5.0 AppleWebKit/537.36 (KHTML, like Gecko; compatible; GPTBot/1.2; +https://openai.com/gptbot)"
20.171.207.165 - - [24/Jul/2025:20:47:43 +0200] "GET /node/2552 HTTP/1.1" 200 - "-" "Mozilla/5.0 AppleWebKit/537.36 (KHTML, like Gecko; compatible; GPTBot/1.2; +https://openai.com/gptbot)"
20.171.207.80 - - [24/Jul/2025:20:47:45 +0200] "GET /moodle/calendar/view. HTTP/1.1" 200 - "-" "Mozilla/5.0 AppleWebKit/537.36 (KHTML, like Gecko; compatible; GPTBot/1.2; +https://openai.com/gptbot)"
20.171.207.80 - - [24/Jul/2025:20:48:19 +0200] "GET /files/szakke_szakm_vizsgkov_terv_100219.pdf HTTP/1.1" 200 155837 "-" "Mozilla/5.0 AppleWebKit/537.36 (KHTML, like Gecko; compatible; GPTBot/1.2; +https://openai.com/gptbot)"
20.171.207.165 - - [24/Jul/2025:20:48:46 +0200] "GET /drupal/node/1273 HTTP/1.1" 200 - "-" "Mozilla/5.0 AppleWebKit/537.36 (KHTML, like Gecko; compatible; GPTBot/1.2; +https://openai.com/gptbot)"
4.197.236.174 - - [24/Jul/2025:20:49:05 +0200] "GET /wp-content/plugins/hellopress/wp_filemanager.php HTTP/1.1" 200 - "-" "-"
20.171.207.80 - - [24/Jul/2025:20:49:21 +0200] "GET /files/fejezeti_kum_rend_mod_2_2007.pdf HTTP/1.1" 200 184859 "-" "Mozilla/5.0 AppleWebKit/537.36 (KHTML, like Gecko; compatible; GPTBot/1.2; +https://openai.com/gptbot)"
20.171.207.165 - - [24/Jul/2025:20:49:49 +0200] "GET /node/2525 HTTP/1.1" 200 - "-" "Mozilla/5.0 AppleWebKit/537.36 (KHTML, like Gecko; compatible; GPTBot/1.2; +https://openai.com/gptbot)"
20.171.207.165 - - [24/Jul/2025:20:50:54 +0200] "GET /archivarix.cms.php HTTP/1.1" 200 - "-" "Mozilla/5.0 AppleWebKit/537.36 (KHTML, like Gecko; compatible; GPTBot/1.2; +https://openai.com/gptbot)"
20.171.207.80 - - [24/Jul/2025:20:50:58 +0200] "GET /node/2610 HTTP/1.1" 200 - "-" "Mozilla/5.0 AppleWebKit/537.36 (KHTML, like Gecko; compatible; GPTBot/1.2; +https://openai.com/gptbot)"
20.171.207.165 - - [24/Jul/2025:20:51:56 +0200] "GET /node/2588 HTTP/1.1" 200 - "-" "Mozilla/5.0 AppleWebKit/537.36 (KHTML, like Gecko; compatible; GPTBot/1.2; +https://openai.com/gptbot)"
20.171.207.80 - - [24/Jul/2025:20:52:00 +0200] "GET /node/357 HTTP/1.1" 200 - "-" "Mozilla/5.0 AppleWebKit/537.36 (KHTML, like Gecko; compatible; GPTBot/1.2; +https://openai.com/gptbot)"
188.157.37.230 - - [24/Jul/2025:20:52:51 +0200] "GET /files/szemelyugyi_igazgatas.pdf HTTP/1.1" 200 379679 "https://www.google.com/" "Mozilla/5.0 (Windows NT 10.0; Win64; x64) AppleWebKit/537.36 (KHTML, like Gecko) Chrome/138.0.0.0 Safari/537.36"
188.157.37.230 - - [24/Jul/2025:20:52:52 +0200] "GET /favicon.ico HTTP/1.1" 404 57 "http://www.jogalkotas.hu/files/szemelyugyi_igazgatas.pdf" "Mozilla/5.0 (Windows NT 10.0; Win64; x64) AppleWebKit/537.36 (KHTML, like Gecko) Chrome/138.0.0.0 Safari/537.36"
20.171.207.165 - - [24/Jul/2025:20:52:58 +0200] "GET /node/2527 HTTP/1.1" 200 - "-" "Mozilla/5.0 AppleWebKit/537.36 (KHTML, like Gecko; compatible; GPTBot/1.2; +https://openai.com/gptbot)"
20.171.207.80 - - [24/Jul/2025:20:53:04 +0200] "GET /drupal HTTP/1.1" 200 - "-" "Mozilla/5.0 AppleWebKit/537.36 (KHTML, like Gecko; compatible; GPTBot/1.2; +https://openai.com/gptbot)"
20.171.207.165 - - [24/Jul/2025:20:54:00 +0200] "GET /node/2558 HTTP/1.1" 200 - "-" "Mozilla/5.0 AppleWebKit/537.36 (KHTML, like Gecko; compatible; GPTBot/1.2; +https://openai.com/gptbot)"
20.171.207.80 - - [24/Jul/2025:20:54:05 +0200] "GET /1234.php HTTP/1.1" 200 - "-" "Mozilla/5.0 AppleWebKit/537.36 (KHTML, like Gecko; compatible; GPTBot/1.2; +https://openai.com/gptbot)"
20.171.207.80 - - [24/Jul/2025:20:55:06 +0200] "GET /taxonomy/term/89 HTTP/1.1" 200 - "-" "Mozilla/5.0 AppleWebKit/537.36 (KHTML, like Gecko; compatible; GPTBot/1.2; +https://openai.com/gptbot)"
20.171.207.165 - - [24/Jul/2025:20:55:06 +0200] "GET /node/1040 HTTP/1.1" 200 - "-" "Mozilla/5.0 AppleWebKit/537.36 (KHTML, like Gecko; compatible; GPTBot/1.2; +https://openai.com/gptbot)"
216.244.66.200 - - [24/Jul/2025:20:55:13 +0200] "GET /taxonomy/term/78/0/feed HTTP/1.1" 200 - "-" "Mozilla/5.0 (compatible; DotBot/1.2; +https://opensiteexplorer.org/dotbot; help@moz.com)"
20.171.207.80 - - [24/Jul/2025:20:56:07 +0200] "GET /taxonomy/term/36 HTTP/1.1" 200 - "-" "Mozilla/5.0 AppleWebKit/537.36 (KHTML, like Gecko; compatible; GPTBot/1.2; +https://openai.com/gptbot)"
20.171.207.165 - - [24/Jul/2025:20:56:09 +0200] "GET /node/2545 HTTP/1.1" 200 - "-" "Mozilla/5.0 AppleWebKit/537.36 (KHTML, like Gecko; compatible; GPTBot/1.2; +https://openai.com/gptbot)"
40.77.167.184 - - [24/Jul/2025:20:56:19 +0200] "GET /robots.txt HTTP/1.1" 200 1590 "-" "Mozilla/5.0 AppleWebKit/537.36 (KHTML, like Gecko; compatible; bingbot/2.0; +http://www.bing.com/bingbot.htm) Chrome/116.0.1938.76 Safari/537.36"
40.77.167.254 - - [24/Jul/2025:20:56:25 +0200] "GET /files/1325_5.pdf HTTP/1.1" 200 120507 "-" "Mozilla/5.0 AppleWebKit/537.36 (KHTML, like Gecko; compatible; bingbot/2.0; +http://www.bing.com/bingbot.htm) Chrome/116.0.1938.76 Safari/537.36"
20.171.207.80 - - [24/Jul/2025:20:57:11 +0200] "GET /taxonomy/term/29 HTTP/1.1" 200 - "-" "Mozilla/5.0 AppleWebKit/537.36 (KHTML, like Gecko; compatible; GPTBot/1.2; +https://openai.com/gptbot)"
20.171.207.165 - - [24/Jul/2025:20:57:12 +0200] "GET /node/2585 HTTP/1.1" 200 - "-" "Mozilla/5.0 AppleWebKit/537.36 (KHTML, like Gecko; compatible; GPTBot/1.2; +https://openai.com/gptbot)"
20.171.207.231 - - [24/Jul/2025:21:00:19 +0200] "GET /node/2525 HTTP/1.1" 200 - "-" "Mozilla/5.0 AppleWebKit/537.36 (KHTML, like Gecko; compatible; GPTBot/1.2; +https://openai.com/gptbot)"
20.171.207.232 - - [24/Jul/2025:21:00:22 +0200] "GET /node/2610 HTTP/1.1" 200 - "-" "Mozilla/5.0 AppleWebKit/537.36 (KHTML, like Gecko; compatible; GPTBot/1.2; +https://openai.com/gptbot)"
216.73.216.113 - - [24/Jul/2025:21:00:30 +0200] "GET /robots.txt HTTP/1.1" 200 1590 "-" "Mozilla/5.0 AppleWebKit/537.36 (KHTML, like Gecko; compatible; ClaudeBot/1.0; +claudebot@anthropic.com)"
216.73.216.113 - - [24/Jul/2025:21:01:02 +0200] "GET /sitemap.xml HTTP/1.1" 200 - "-" "Mozilla/5.0 AppleWebKit/537.36 (KHTML, like Gecko; compatible; ClaudeBot/1.0; +claudebot@anthropic.com)"
20.171.207.231 - - [24/Jul/2025:21:01:24 +0200] "GET /node/2559 HTTP/1.1" 200 - "-" "Mozilla/5.0 AppleWebKit/537.36 (KHTML, like Gecko; compatible; GPTBot/1.2; +https://openai.com/gptbot)"
20.171.207.232 - - [24/Jul/2025:21:01:25 +0200] "GET /node/1040 HTTP/1.1" 200 - "-" "Mozilla/5.0 AppleWebKit/537.36 (KHTML, like Gecko; compatible; GPTBot/1.2; +https://openai.com/gptbot)"
20.171.207.231 - - [24/Jul/2025:21:02:26 +0200] "GET /node/1019 HTTP/1.1" 200 - "-" "Mozilla/5.0 AppleWebKit/537.36 (KHTML, like Gecko; compatible; GPTBot/1.2; +https://openai.com/gptbot)"
20.171.207.232 - - [24/Jul/2025:21:02:30 +0200] "GET /node/2521 HTTP/1.1" 200 - "-" "Mozilla/5.0 AppleWebKit/537.36 (KHTML, like Gecko; compatible; GPTBot/1.2; +https://openai.com/gptbot)"
20.171.207.231 - - [24/Jul/2025:21:03:28 +0200] "GET /node/2577 HTTP/1.1" 200 - "-" "Mozilla/5.0 AppleWebKit/537.36 (KHTML, like Gecko; compatible; GPTBot/1.2; +https://openai.com/gptbot)"
20.171.207.232 - - [24/Jul/2025:21:03:36 +0200] "GET /node/2472 HTTP/1.1" 200 - "-" "Mozilla/5.0 AppleWebKit/537.36 (KHTML, like Gecko; compatible; GPTBot/1.2; +https://openai.com/gptbot)"
20.171.207.231 - - [24/Jul/2025:21:04:31 +0200] "GET /node/2377 HTTP/1.1" 200 - "-" "Mozilla/5.0 AppleWebKit/537.36 (KHTML, like Gecko; compatible; GPTBot/1.2; +https://openai.com/gptbot)"
20.171.207.232 - - [24/Jul/2025:21:04:40 +0200] "GET /node/2585 HTTP/1.1" 200 - "-" "Mozilla/5.0 AppleWebKit/537.36 (KHTML, like Gecko; compatible; GPTBot/1.2; +https://openai.com/gptbot)"
20.171.207.231 - - [24/Jul/2025:21:05:37 +0200] "GET /node/1600 HTTP/1.1" 200 - "-" "Mozilla/5.0 AppleWebKit/537.36 (KHTML, like Gecko; compatible; GPTBot/1.2; +https://openai.com/gptbot)"
20.171.207.232 - - [24/Jul/2025:21:05:41 +0200] "GET /node/1029 HTTP/1.1" 200 - "-" "Mozilla/5.0 AppleWebKit/537.36 (KHTML, like Gecko; compatible; GPTBot/1.2; +https://openai.com/gptbot)"
20.171.207.231 - - [24/Jul/2025:21:06:41 +0200] "GET /node/1040 HTTP/1.1" 200 - "-" "Mozilla/5.0 AppleWebKit/537.36 (KHTML, like Gecko; compatible; GPTBot/1.2; +https://openai.com/gptbot)"
20.171.207.232 - - [24/Jul/2025:21:06:43 +0200] "GET /node/1034 HTTP/1.1" 200 - "-" "Mozilla/5.0 AppleWebKit/537.36 (KHTML, like Gecko; compatible; GPTBot/1.2; +https://openai.com/gptbot)"
20.171.207.231 - - [24/Jul/2025:21:07:44 +0200] "GET /node/2100 HTTP/1.1" 200 - "-" "Mozilla/5.0 AppleWebKit/537.36 (KHTML, like Gecko; compatible; GPTBot/1.2; +https://openai.com/gptbot)"
20.171.207.232 - - [24/Jul/2025:21:07:48 +0200] "GET /node/2610 HTTP/1.1" 200 - "-" "Mozilla/5.0 AppleWebKit/537.36 (KHTML, like Gecko; compatible; GPTBot/1.2; +https://openai.com/gptbot)"
20.171.207.231 - - [24/Jul/2025:21:08:46 +0200] "GET /drupal/node/1273 HTTP/1.1" 200 - "-" "Mozilla/5.0 AppleWebKit/537.36 (KHTML, like Gecko; compatible; GPTBot/1.2; +https://openai.com/gptbot)"
20.171.207.232 - - [24/Jul/2025:21:08:52 +0200] "GET /node/1157 HTTP/1.1" 200 - "-" "Mozilla/5.0 AppleWebKit/537.36 (KHTML, like Gecko; compatible; GPTBot/1.2; +https://openai.com/gptbot)"
20.171.207.231 - - [24/Jul/2025:21:09:51 +0200] "GET /node/1033 HTTP/1.1" 200 - "-" "Mozilla/5.0 AppleWebKit/537.36 (KHTML, like Gecko; compatible; GPTBot/1.2; +https://openai.com/gptbot)"
20.171.207.232 - - [24/Jul/2025:21:09:56 +0200] "GET / HTTP/1.1" 200 - "-" "Mozilla/5.0 AppleWebKit/537.36 (KHTML, like Gecko; compatible; GPTBot/1.2; +https://openai.com/gptbot)"
20.171.207.231 - - [24/Jul/2025:21:10:51 +0200] "GET / HTTP/1.1" 200 - "-" "Mozilla/5.0 AppleWebKit/537.36 (KHTML, like Gecko; compatible; GPTBot/1.2; +https://openai.com/gptbot)"
20.171.207.232 - - [24/Jul/2025:21:11:01 +0200] "GET /plug/vote/plug.xml HTTP/1.1" 200 - "-" "Mozilla/5.0 AppleWebKit/537.36 (KHTML, like Gecko; compatible; GPTBot/1.2; +https://openai.com/gptbot)"
20.171.207.231 - - [24/Jul/2025:21:11:53 +0200] "GET /node/2532 HTTP/1.1" 200 - "-" "Mozilla/5.0 AppleWebKit/537.36 (KHTML, like Gecko; compatible; GPTBot/1.2; +https://openai.com/gptbot)"
20.171.207.232 - - [24/Jul/2025:21:12:02 +0200] "GET /node/1014 HTTP/1.1" 200 - "-" "Mozilla/5.0 AppleWebKit/537.36 (KHTML, like Gecko; compatible; GPTBot/1.2; +https://openai.com/gptbot)"
20.171.207.231 - - [24/Jul/2025:21:12:55 +0200] "GET /node/2454 HTTP/1.1" 200 - "-" "Mozilla/5.0 AppleWebKit/537.36 (KHTML, like Gecko; compatible; GPTBot/1.2; +https://openai.com/gptbot)"
20.171.207.232 - - [24/Jul/2025:21:13:04 +0200] "GET /node/1033 HTTP/1.1" 200 - "-" "Mozilla/5.0 AppleWebKit/537.36 (KHTML, like Gecko; compatible; GPTBot/1.2; +https://openai.com/gptbot)"
20.171.207.231 - - [24/Jul/2025:21:13:59 +0200] "GET /node/1007 HTTP/1.1" 200 - "-" "Mozilla/5.0 AppleWebKit/537.36 (KHTML, like Gecko; compatible; GPTBot/1.2; +https://openai.com/gptbot)"
20.171.207.232 - - [24/Jul/2025:21:14:06 +0200] "GET /node/1004 HTTP/1.1" 200 - "-" "Mozilla/5.0 AppleWebKit/537.36 (KHTML, like Gecko; compatible; GPTBot/1.2; +https://openai.com/gptbot)"
20.171.207.231 - - [24/Jul/2025:21:15:04 +0200] "GET /node/2464 HTTP/1.1" 200 - "-" "Mozilla/5.0 AppleWebKit/537.36 (KHTML, like Gecko; compatible; GPTBot/1.2; +https://openai.com/gptbot)"
20.171.207.232 - - [24/Jul/2025:21:15:08 +0200] "GET /node/1026 HTTP/1.1" 200 - "-" "Mozilla/5.0 AppleWebKit/537.36 (KHTML, like Gecko; compatible; GPTBot/1.2; +https://openai.com/gptbot)"
20.171.207.232 - - [24/Jul/2025:21:15:41 +0200] "GET /files/alapf_muv_okt_korm_rend_060214.pdf HTTP/1.1" 200 158587 "-" "Mozilla/5.0 AppleWebKit/537.36 (KHTML, like Gecko; compatible; GPTBot/1.2; +https://openai.com/gptbot)"
20.171.207.231 - - [24/Jul/2025:21:16:06 +0200] "GET /node/2101 HTTP/1.1" 200 - "-" "Mozilla/5.0 AppleWebKit/537.36 (KHTML, like Gecko; compatible; GPTBot/1.2; +https://openai.com/gptbot)"
20.171.207.231 - - [24/Jul/2025:21:17:10 +0200] "GET /node/1015 HTTP/1.1" 200 - "-" "Mozilla/5.0 AppleWebKit/537.36 (KHTML, like Gecko; compatible; GPTBot/1.2; +https://openai.com/gptbot)"
20.171.207.232 - - [24/Jul/2025:21:17:16 +0200] "GET /node?page=7 HTTP/1.1" 200 - "-" "Mozilla/5.0 AppleWebKit/537.36 (KHTML, like Gecko; compatible; GPTBot/1.2; +https://openai.com/gptbot)"
20.171.207.231 - - [24/Jul/2025:21:18:11 +0200] "GET /node/2582 HTTP/1.1" 200 - "-" "Mozilla/5.0 AppleWebKit/537.36 (KHTML, like Gecko; compatible; GPTBot/1.2; +https://openai.com/gptbot)"
20.171.207.232 - - [24/Jul/2025:21:18:17 +0200] "GET /node?page=2 HTTP/1.1" 200 - "-" "Mozilla/5.0 AppleWebKit/537.36 (KHTML, like Gecko; compatible; GPTBot/1.2; +https://openai.com/gptbot)"
20.171.207.231 - - [24/Jul/2025:21:19:14 +0200] "GET /node/2556 HTTP/1.1" 200 - "-" "Mozilla/5.0 AppleWebKit/537.36 (KHTML, like Gecko; compatible; GPTBot/1.2; +https://openai.com/gptbot)"
20.171.207.232 - - [24/Jul/2025:21:19:21 +0200] "GET /node/155 HTTP/1.1" 200 - "-" "Mozilla/5.0 AppleWebKit/537.36 (KHTML, like Gecko; compatible; GPTBot/1.2; +https://openai.com/gptbot)"
20.171.207.231 - - [24/Jul/2025:21:20:16 +0200] "GET /node/2290 HTTP/1.1" 200 - "-" "Mozilla/5.0 AppleWebKit/537.36 (KHTML, like Gecko; compatible; GPTBot/1.2; +https://openai.com/gptbot)"
20.171.207.232 - - [24/Jul/2025:21:20:27 +0200] "GET /node/249 HTTP/1.1" 200 - "-" "Mozilla/5.0 AppleWebKit/537.36 (KHTML, like Gecko; compatible; GPTBot/1.2; +https://openai.com/gptbot)"
20.171.207.231 - - [24/Jul/2025:21:21:18 +0200] "GET /node/2535 HTTP/1.1" 200 - "-" "Mozilla/5.0 AppleWebKit/537.36 (KHTML, like Gecko; compatible; GPTBot/1.2; +https://openai.com/gptbot)"
20.171.207.232 - - [24/Jul/2025:21:21:29 +0200] "GET /node/355 HTTP/1.1" 200 - "-" "Mozilla/5.0 AppleWebKit/537.36 (KHTML, like Gecko; compatible; GPTBot/1.2; +https://openai.com/gptbot)"
20.171.207.231 - - [24/Jul/2025:21:22:22 +0200] "GET /node/2599 HTTP/1.1" 200 - "-" "Mozilla/5.0 AppleWebKit/537.36 (KHTML, like Gecko; compatible; GPTBot/1.2; +https://openai.com/gptbot)"
20.171.207.232 - - [24/Jul/2025:21:22:30 +0200] "GET / HTTP/1.1" 200 - "-" "Mozilla/5.0 AppleWebKit/537.36 (KHTML, like Gecko; compatible; GPTBot/1.2; +https://openai.com/gptbot)"
20.171.207.231 - - [24/Jul/2025:21:23:22 +0200] "GET / HTTP/1.1" 200 - "-" "Mozilla/5.0 AppleWebKit/537.36 (KHTML, like Gecko; compatible; GPTBot/1.2; +https://openai.com/gptbot)"
