84.0.170.245 - - [06/Feb/2012:17:54:57 +0100] "GET /lb/images/loading.gif HTTP/1.1" 200 2767 "http://rulettmania.hu/" "Mozilla/5.0 (Windows; U; Windows NT 6.1; hu; rv:1.9.2.26) Gecko/20120128 Firefox/3.6.26"
84.0.170.245 - - [06/Feb/2012:17:54:57 +0100] "GET /lb/images/closelabel.gif HTTP/1.1" 200 222 "http://rulettmania.hu/" "Mozilla/5.0 (Windows; U; Windows NT 6.1; hu; rv:1.9.2.26) Gecko/20120128 Firefox/3.6.26"
91.82.213.84 - - [06/Feb/2012:18:05:28 +0100] "GET /lb/images/loading.gif HTTP/1.1" 200 2767 "http://www.rulettmania.hu/sportfogadas/index.php?foablak=szovegtorzs." "Mozilla/5.0 (Windows; U; Windows NT 5.1; hu; rv:1.9.2.17) Gecko/20110420 Firefox/3.6.17 ( .NET CLR 3.5.30729)"
91.82.213.84 - - [06/Feb/2012:18:05:28 +0100] "GET /lb/images/closelabel.gif HTTP/1.1" 200 222 "http://www.rulettmania.hu/sportfogadas/index.php?foablak=szovegtorzs." "Mozilla/5.0 (Windows; U; Windows NT 5.1; hu; rv:1.9.2.17) Gecko/20110420 Firefox/3.6.17 ( .NET CLR 3.5.30729)"
94.248.144.177 - - [06/Feb/2012:18:28:18 +0100] "GET /lb/images/closelabel.gif HTTP/1.1" 200 222 "-" "Mozilla/5.0 (Windows NT 6.1; WOW64; rv:9.0.1) Gecko/20100101 Firefox/9.0.1"
94.248.144.177 - - [06/Feb/2012:18:28:18 +0100] "GET /lb/images/loading.gif HTTP/1.1" 200 2767 "-" "Mozilla/5.0 (Windows NT 6.1; WOW64; rv:9.0.1) Gecko/20100101 Firefox/9.0.1"
84.2.88.191 - - [06/Feb/2012:18:29:25 +0100] "GET /lb/images/closelabel.gif HTTP/1.1" 200 222 "http://rulettmania.hu/index.php?foablak=nyerogep." "Mozilla/5.0 (compatible; MSIE 9.0; Windows NT 6.1; Trident/5.0)"
84.2.88.191 - - [06/Feb/2012:18:29:25 +0100] "GET /lb/images/loading.gif HTTP/1.1" 200 2767 "http://rulettmania.hu/index.php?foablak=nyerogep." "Mozilla/5.0 (compatible; MSIE 9.0; Windows NT 6.1; Trident/5.0)"
84.2.88.191 - - [06/Feb/2012:18:29:30 +0100] "GET /lb/images/blank.gif HTTP/1.1" 200 43 "http://rulettmania.hu/index.php?foablak=nyerogep." "Mozilla/5.0 (compatible; MSIE 9.0; Windows NT 6.1; Trident/5.0)"
141.105.120.150 - - [06/Feb/2012:18:33:34 +0100] "GET /robots.txt HTTP/1.0" 404 1181 "-" "Mozilla/5.0 (compatible; OpenindexDeepSpider/Nutch-1.5-dev; +http://openindex.io/spider.html; systemsATopenindexDOTio)"
141.105.120.150 - - [06/Feb/2012:18:33:34 +0100] "GET /fiok/programok.htm HTTP/1.0" 200 18165 "-" "Mozilla/5.0 (compatible; OpenindexDeepSpider/Nutch-1.5-dev; +http://openindex.io/spider.html; systemsATopenindexDOTio)"
80.99.133.18 - - [06/Feb/2012:18:40:01 +0100] "GET /lb/images/loading.gif HTTP/1.1" 200 2767 "http://www.rulettmania.hu/sportfogadas/" "Mozilla/4.0 (compatible; MSIE 8.0; Windows NT 5.1; Trident/4.0; .NET CLR 2.0.50727; .NET CLR 3.0.4506.2152; .NET CLR 3.5.30729)"
80.99.133.18 - - [06/Feb/2012:18:40:01 +0100] "GET /lb/images/closelabel.gif HTTP/1.1" 200 222 "http://www.rulettmania.hu/sportfogadas/" "Mozilla/4.0 (compatible; MSIE 8.0; Windows NT 5.1; Trident/4.0; .NET CLR 2.0.50727; .NET CLR 3.0.4506.2152; .NET CLR 3.5.30729)"
80.99.133.18 - - [06/Feb/2012:18:40:02 +0100] "GET /lb/images/blank.gif HTTP/1.1" 200 43 "http://www.rulettmania.hu/sportfogadas/" "Mozilla/4.0 (compatible; MSIE 8.0; Windows NT 5.1; Trident/4.0; .NET CLR 2.0.50727; .NET CLR 3.0.4506.2152; .NET CLR 3.5.30729)"
78.92.98.154 - - [06/Feb/2012:18:43:20 +0100] "GET /lb/images/loading.gif HTTP/1.1" 200 2767 "http://rulettmania.hu/" "Mozilla/5.0 (Windows NT 6.1; WOW64) AppleWebKit/535.7 (KHTML, like Gecko) Chrome/16.0.912.77 Safari/535.7"
78.92.98.154 - - [06/Feb/2012:18:43:20 +0100] "GET /lb/images/closelabel.gif HTTP/1.1" 200 222 "http://rulettmania.hu/" "Mozilla/5.0 (Windows NT 6.1; WOW64) AppleWebKit/535.7 (KHTML, like Gecko) Chrome/16.0.912.77 Safari/535.7"
86.181.163.69 - - [06/Feb/2012:18:48:45 +0100] "GET /lb/images/closelabel.gif HTTP/1.1" 200 222 "http://rulettmania.hu/" "Mozilla/5.0 (Windows NT 6.1; WOW64) AppleWebKit/535.7 (KHTML, like Gecko) Chrome/16.0.912.77 Safari/535.7"
86.181.163.69 - - [06/Feb/2012:18:48:45 +0100] "GET /lb/images/loading.gif HTTP/1.1" 200 2767 "http://rulettmania.hu/" "Mozilla/5.0 (Windows NT 6.1; WOW64) AppleWebKit/535.7 (KHTML, like Gecko) Chrome/16.0.912.77 Safari/535.7"
94.21.80.55 - - [06/Feb/2012:18:51:40 +0100] "GET /lb/images/loading.gif HTTP/1.1" 200 2767 "http://rulettmania.hu/" "Mozilla/5.0 (Linux; U; Android 2.3.4; hu-hu; SonyEricssonLT18i Build/4.0.2.A.0.42) AppleWebKit/533.1 (KHTML, like Gecko) Version/4.0 Mobile Safari/533.1"
94.21.80.55 - - [06/Feb/2012:18:51:40 +0100] "GET /lb/images/closelabel.gif HTTP/1.1" 200 222 "http://rulettmania.hu/" "Mozilla/5.0 (Linux; U; Android 2.3.4; hu-hu; SonyEricssonLT18i Build/4.0.2.A.0.42) AppleWebKit/533.1 (KHTML, like Gecko) Version/4.0 Mobile Safari/533.1"
80.99.133.18 - - [06/Feb/2012:18:53:34 +0100] "GET /lb/images/loading.gif HTTP/1.1" 304 - "http://www.rulettmania.hu/sportfogadas/tippek.php?foablak=tipleiras." "Mozilla/4.0 (compatible; MSIE 8.0; Windows NT 5.1; Trident/4.0; .NET CLR 2.0.50727; .NET CLR 3.0.4506.2152; .NET CLR 3.5.30729)"
80.99.133.18 - - [06/Feb/2012:18:53:34 +0100] "GET /lb/images/closelabel.gif HTTP/1.1" 304 - "http://www.rulettmania.hu/sportfogadas/tippek.php?foablak=tipleiras." "Mozilla/4.0 (compatible; MSIE 8.0; Windows NT 5.1; Trident/4.0; .NET CLR 2.0.50727; .NET CLR 3.0.4506.2152; .NET CLR 3.5.30729)"
80.99.133.18 - - [06/Feb/2012:18:53:34 +0100] "GET /lb/images/blank.gif HTTP/1.1" 304 - "http://www.rulettmania.hu/sportfogadas/tippek.php?foablak=tipleiras." "Mozilla/4.0 (compatible; MSIE 8.0; Windows NT 5.1; Trident/4.0; .NET CLR 2.0.50727; .NET CLR 3.0.4506.2152; .NET CLR 3.5.30729)"
86.101.145.54 - - [06/Feb/2012:19:05:03 +0100] "GET /lb/images/closelabel.gif HTTP/1.1" 304 - "http://rulettmania.hu/" "Mozilla/4.0 (compatible; MSIE 7.0; Windows NT 5.1; GTB7.2; .NET CLR 2.0.50727; .NET CLR 3.0.4506.2152; .NET CLR 3.5.30729; InfoPath.3)"
86.101.145.54 - - [06/Feb/2012:19:05:03 +0100] "GET /lb/images/loading.gif HTTP/1.1" 304 - "http://rulettmania.hu/" "Mozilla/4.0 (compatible; MSIE 7.0; Windows NT 5.1; GTB7.2; .NET CLR 2.0.50727; .NET CLR 3.0.4506.2152; .NET CLR 3.5.30729; InfoPath.3)"
86.101.145.54 - - [06/Feb/2012:19:05:03 +0100] "GET /lb/images/blank.gif HTTP/1.1" 304 - "http://rulettmania.hu/" "Mozilla/4.0 (compatible; MSIE 7.0; Windows NT 5.1; GTB7.2; .NET CLR 2.0.50727; .NET CLR 3.0.4506.2152; .NET CLR 3.5.30729; InfoPath.3)"
80.99.133.18 - - [06/Feb/2012:19:08:57 +0100] "GET /lb/images/closelabel.gif HTTP/1.1" 304 - "http://www.rulettmania.hu/sportfogadas/" "Mozilla/4.0 (compatible; MSIE 8.0; Windows NT 5.1; Trident/4.0; .NET CLR 2.0.50727; .NET CLR 3.0.4506.2152; .NET CLR 3.5.30729)"
80.99.133.18 - - [06/Feb/2012:19:08:57 +0100] "GET /lb/images/loading.gif HTTP/1.1" 304 - "http://www.rulettmania.hu/sportfogadas/" "Mozilla/4.0 (compatible; MSIE 8.0; Windows NT 5.1; Trident/4.0; .NET CLR 2.0.50727; .NET CLR 3.0.4506.2152; .NET CLR 3.5.30729)"
80.99.133.18 - - [06/Feb/2012:19:08:57 +0100] "GET /lb/images/blank.gif HTTP/1.1" 304 - "http://www.rulettmania.hu/sportfogadas/" "Mozilla/4.0 (compatible; MSIE 8.0; Windows NT 5.1; Trident/4.0; .NET CLR 2.0.50727; .NET CLR 3.0.4506.2152; .NET CLR 3.5.30729)"
80.98.80.245 - - [06/Feb/2012:19:17:40 +0100] "GET /lb/images/loading.gif HTTP/1.1" 200 2767 "http://rulettmania.hu/index.php?foablak=hirekshop." "Mozilla/5.0 (Windows NT 6.1; rv:9.0.1) Gecko/20100101 Firefox/9.0.1"
80.98.80.245 - - [06/Feb/2012:19:17:40 +0100] "GET /lb/images/closelabel.gif HTTP/1.1" 200 222 "http://rulettmania.hu/index.php?foablak=hirekshop." "Mozilla/5.0 (Windows NT 6.1; rv:9.0.1) Gecko/20100101 Firefox/9.0.1"
85.126.127.227 - - [06/Feb/2012:19:18:14 +0100] "GET /lb/images/loading.gif HTTP/1.1" 200 2767 "http://rulettmania.hu/" "Mozilla/5.0 (Windows NT 5.1; rv:7.0.1) Gecko/20100101 Firefox/7.0.1"
85.126.127.227 - - [06/Feb/2012:19:18:14 +0100] "GET /lb/images/closelabel.gif HTTP/1.1" 200 222 "http://rulettmania.hu/" "Mozilla/5.0 (Windows NT 5.1; rv:7.0.1) Gecko/20100101 Firefox/7.0.1"
178.164.145.135 - - [06/Feb/2012:19:47:14 +0100] "GET /lb/images/loading.gif HTTP/1.1" 200 2767 "http://rulettmania.hu/" "Mozilla/5.0 (Windows NT 6.1; rv:10.0) Gecko/20100101 Firefox/10.0"
178.164.145.135 - - [06/Feb/2012:19:47:14 +0100] "GET /lb/images/closelabel.gif HTTP/1.1" 200 222 "http://rulettmania.hu/" "Mozilla/5.0 (Windows NT 6.1; rv:10.0) Gecko/20100101 Firefox/10.0"
84.2.102.85 - - [06/Feb/2012:19:47:44 +0100] "GET /lb/images/loading.gif HTTP/1.1" 200 2767 "http://rulettmania.hu/" "Mozilla/5.0 (Windows NT 5.1) AppleWebKit/535.7 (KHTML, like Gecko) Chrome/16.0.912.77 Safari/535.7"
84.2.102.85 - - [06/Feb/2012:19:47:44 +0100] "GET /lb/images/closelabel.gif HTTP/1.1" 200 222 "http://rulettmania.hu/" "Mozilla/5.0 (Windows NT 5.1) AppleWebKit/535.7 (KHTML, like Gecko) Chrome/16.0.912.77 Safari/535.7"
87.97.40.75 - - [06/Feb/2012:19:51:49 +0100] "GET /lb/images/loading.gif HTTP/1.1" 200 2767 "http://rulettmania.hu/" "Mozilla/5.0 (Windows NT 6.1) AppleWebKit/535.7 (KHTML, like Gecko) Chrome/16.0.912.77 Safari/535.7"
87.97.40.75 - - [06/Feb/2012:19:51:49 +0100] "GET /lb/images/closelabel.gif HTTP/1.1" 200 222 "http://rulettmania.hu/" "Mozilla/5.0 (Windows NT 6.1) AppleWebKit/535.7 (KHTML, like Gecko) Chrome/16.0.912.77 Safari/535.7"
178.48.133.33 - - [06/Feb/2012:19:54:53 +0100] "GET /lb/images/closelabel.gif HTTP/1.1" 200 222 "http://rulettmania.hu/" "Mozilla/4.0 (compatible; MSIE 8.0; Windows NT 6.1; WOW64; Trident/4.0; SLCC2; .NET CLR 2.0.50727; .NET CLR 3.5.30729; .NET CLR 3.0.30729; Media Center PC 6.0; .NET4.0C; .NET4.0E)"
178.48.133.33 - - [06/Feb/2012:19:54:53 +0100] "GET /lb/images/loading.gif HTTP/1.1" 200 2767 "http://rulettmania.hu/" "Mozilla/4.0 (compatible; MSIE 8.0; Windows NT 6.1; WOW64; Trident/4.0; SLCC2; .NET CLR 2.0.50727; .NET CLR 3.5.30729; .NET CLR 3.0.30729; Media Center PC 6.0; .NET4.0C; .NET4.0E)"
178.48.133.33 - - [06/Feb/2012:19:54:53 +0100] "GET /lb/images/blank.gif HTTP/1.1" 200 43 "http://rulettmania.hu/" "Mozilla/4.0 (compatible; MSIE 8.0; Windows NT 6.1; WOW64; Trident/4.0; SLCC2; .NET CLR 2.0.50727; .NET CLR 3.5.30729; .NET CLR 3.0.30729; Media Center PC 6.0; .NET4.0C; .NET4.0E)"
188.36.178.205 - - [06/Feb/2012:19:56:55 +0100] "GET /lb/images/loading.gif HTTP/1.1" 200 2767 "http://rulettmania.hu/" "Opera/9.62 (Windows NT 5.1; U; hu) Presto/2.1.1"
188.36.178.205 - - [06/Feb/2012:19:56:55 +0100] "GET /lb/images/closelabel.gif HTTP/1.1" 200 222 "http://rulettmania.hu/" "Opera/9.62 (Windows NT 5.1; U; hu) Presto/2.1.1"
62.201.88.164 - - [06/Feb/2012:19:58:39 +0100] "GET /lb/images/closelabel.gif HTTP/1.1" 200 222 "http://rulettmania.hu/" "Mozilla/5.0 (Windows NT 6.1; WOW64; rv:9.0.1) Gecko/20100101 Firefox/9.0.1"
62.201.88.164 - - [06/Feb/2012:19:58:39 +0100] "GET /lb/images/loading.gif HTTP/1.1" 200 2767 "http://rulettmania.hu/" "Mozilla/5.0 (Windows NT 6.1; WOW64; rv:9.0.1) Gecko/20100101 Firefox/9.0.1"
94.44.9.128 - - [06/Feb/2012:19:58:47 +0100] "GET /lb/images/loading.gif HTTP/1.1" 200 2767 "http://rulettmania.hu/" "Mozilla/5.0 (Windows NT 6.1; WOW64; rv:9.0.1) Gecko/20100101 Firefox/9.0.1"
94.44.9.128 - - [06/Feb/2012:19:58:47 +0100] "GET /lb/images/closelabel.gif HTTP/1.1" 200 222 "http://rulettmania.hu/" "Mozilla/5.0 (Windows NT 6.1; WOW64; rv:9.0.1) Gecko/20100101 Firefox/9.0.1"
78.92.60.140 - - [06/Feb/2012:20:07:31 +0100] "GET /lb/images/loading.gif HTTP/1.1" 200 2767 "http://rulettmania.hu/" "Mozilla/5.0 (Windows NT 6.1; rv:9.0.1) Gecko/20100101 Firefox/9.0.1"
78.92.60.140 - - [06/Feb/2012:20:07:31 +0100] "GET /lb/images/closelabel.gif HTTP/1.1" 200 222 "http://rulettmania.hu/" "Mozilla/5.0 (Windows NT 6.1; rv:9.0.1) Gecko/20100101 Firefox/9.0.1"
91.83.203.249 - - [06/Feb/2012:20:08:32 +0100] "GET /lb/images/loading.gif HTTP/1.1" 200 2767 "http://rulettmania.hu/" "Mozilla/5.0 (Windows NT 5.1) AppleWebKit/535.7 (KHTML, like Gecko) Chrome/16.0.912.77 Safari/535.7"
91.83.203.249 - - [06/Feb/2012:20:08:32 +0100] "GET /lb/images/closelabel.gif HTTP/1.1" 200 222 "http://rulettmania.hu/" "Mozilla/5.0 (Windows NT 5.1) AppleWebKit/535.7 (KHTML, like Gecko) Chrome/16.0.912.77 Safari/535.7"
81.182.203.156 - - [06/Feb/2012:20:09:56 +0100] "GET /lb/images/loading.gif HTTP/1.1" 200 2767 "http://rulettmania.hu/" "Mozilla/5.0 (Windows NT 5.1; rv:9.0.1) Gecko/20100101 Firefox/9.0.1"
81.182.203.156 - - [06/Feb/2012:20:09:56 +0100] "GET /lb/images/closelabel.gif HTTP/1.1" 200 222 "http://rulettmania.hu/" "Mozilla/5.0 (Windows NT 5.1; rv:9.0.1) Gecko/20100101 Firefox/9.0.1"
84.2.8.178 - - [06/Feb/2012:20:15:41 +0100] "GET /lb/images/loading.gif HTTP/1.1" 200 2767 "-" "Mozilla/5.0 (Windows NT 6.0; rv:9.0.1) Gecko/20100101 Firefox/9.0.1"
84.2.8.178 - - [06/Feb/2012:20:15:41 +0100] "GET /lb/images/closelabel.gif HTTP/1.1" 200 222 "-" "Mozilla/5.0 (Windows NT 6.0; rv:9.0.1) Gecko/20100101 Firefox/9.0.1"
193.226.241.174 - - [06/Feb/2012:20:25:28 +0100] "GET /lb/images/loading.gif HTTP/1.1" 200 2767 "http://rulettmania.hu/" "Mozilla/5.0 (Windows NT 6.1; rv:10.0) Gecko/20100101 Firefox/10.0"
193.226.241.174 - - [06/Feb/2012:20:25:28 +0100] "GET /lb/images/closelabel.gif HTTP/1.1" 200 222 "http://rulettmania.hu/" "Mozilla/5.0 (Windows NT 6.1; rv:10.0) Gecko/20100101 Firefox/10.0"
81.94.253.111 - - [06/Feb/2012:20:25:37 +0100] "GET /lb/images/loading.gif HTTP/1.1" 200 2767 "http://rulettmania.hu/" "Mozilla/5.0 (Windows NT 6.1; WOW64) AppleWebKit/535.7 (KHTML, like Gecko) Chrome/16.0.912.77 Safari/535.7"
81.94.253.111 - - [06/Feb/2012:20:25:37 +0100] "GET /lb/images/closelabel.gif HTTP/1.1" 200 222 "http://rulettmania.hu/" "Mozilla/5.0 (Windows NT 6.1; WOW64) AppleWebKit/535.7 (KHTML, like Gecko) Chrome/16.0.912.77 Safari/535.7"
79.120.147.6 - - [06/Feb/2012:20:28:00 +0100] "GET /lb/images/loading.gif HTTP/1.1" 200 2767 "http://rulettmania.hu/" "Mozilla/5.0 (Windows; U; Windows NT 5.1; hu; rv:1.9.2.25) Gecko/20111212 Firefox/3.6.25 (.NET CLR 3.5.30729)"
79.120.147.6 - - [06/Feb/2012:20:28:00 +0100] "GET /lb/images/closelabel.gif HTTP/1.1" 200 222 "http://rulettmania.hu/" "Mozilla/5.0 (Windows; U; Windows NT 5.1; hu; rv:1.9.2.25) Gecko/20111212 Firefox/3.6.25 (.NET CLR 3.5.30729)"
81.182.203.156 - - [06/Feb/2012:20:29:46 +0100] "GET /lb/images/loading.gif HTTP/1.1" 304 - "http://rulettmania.hu/index.php?foablak=hirekegyeb." "Mozilla/5.0 (Windows NT 5.1; rv:9.0.1) Gecko/20100101 Firefox/9.0.1"
81.182.203.156 - - [06/Feb/2012:20:29:46 +0100] "GET /lb/images/closelabel.gif HTTP/1.1" 304 - "http://rulettmania.hu/index.php?foablak=hirekegyeb." "Mozilla/5.0 (Windows NT 5.1; rv:9.0.1) Gecko/20100101 Firefox/9.0.1"
95.108.248.30 - - [06/Feb/2012:20:30:44 +0100] "GET /robots.txt HTTP/1.1" 404 1181 "-" "Mozilla/5.0 (compatible; YandexBot/3.0; +http://yandex.com/bots)"
89.133.11.45 - - [06/Feb/2012:20:34:39 +0100] "GET /lb/images/loading.gif HTTP/1.1" 200 2767 "http://www.rulettmania.hu/" "Mozilla/5.0 (compatible; MSIE 9.0; Windows NT 6.1; Trident/5.0)"
89.133.11.45 - - [06/Feb/2012:20:34:39 +0100] "GET /lb/images/closelabel.gif HTTP/1.1" 200 222 "http://www.rulettmania.hu/" "Mozilla/5.0 (compatible; MSIE 9.0; Windows NT 6.1; Trident/5.0)"
89.133.11.45 - - [06/Feb/2012:20:34:39 +0100] "GET /lb/images/blank.gif HTTP/1.1" 200 43 "http://www.rulettmania.hu/" "Mozilla/5.0 (compatible; MSIE 9.0; Windows NT 6.1; Trident/5.0)"
92.249.146.72 - - [06/Feb/2012:20:39:33 +0100] "GET /lb/images/loading.gif HTTP/1.1" 200 2767 "http://rulettmania.hu/" "Mozilla/5.0 (Windows NT 6.1) AppleWebKit/535.7 (KHTML, like Gecko) Chrome/16.0.912.77 Safari/535.7"
92.249.146.72 - - [06/Feb/2012:20:39:33 +0100] "GET /lb/images/closelabel.gif HTTP/1.1" 200 222 "http://rulettmania.hu/" "Mozilla/5.0 (Windows NT 6.1) AppleWebKit/535.7 (KHTML, like Gecko) Chrome/16.0.912.77 Safari/535.7"
94.248.144.177 - - [06/Feb/2012:20:43:08 +0100] "GET /lb/images/loading.gif HTTP/1.1" 200 2767 "-" "Mozilla/5.0 (Windows NT 6.1; WOW64; rv:9.0.1) Gecko/20100101 Firefox/9.0.1"
94.248.144.177 - - [06/Feb/2012:20:43:08 +0100] "GET /lb/images/closelabel.gif HTTP/1.1" 200 222 "-" "Mozilla/5.0 (Windows NT 6.1; WOW64; rv:9.0.1) Gecko/20100101 Firefox/9.0.1"
95.108.248.30 - - [06/Feb/2012:20:46:04 +0100] "GET /index.htm HTTP/1.1" 200 31410 "-" "Mozilla/5.0 (compatible; YandexBot/3.0; +http://yandex.com/bots)"
95.108.248.30 - - [06/Feb/2012:20:46:15 +0100] "GET /hirek09_03.htm HTTP/1.1" 200 10726 "-" "Mozilla/5.0 (compatible; YandexBot/3.0; +http://yandex.com/bots)"
95.108.248.30 - - [06/Feb/2012:20:46:25 +0100] "GET /hirarchivum.htm HTTP/1.1" 200 13182 "-" "Mozilla/5.0 (compatible; YandexBot/3.0; +http://yandex.com/bots)"
95.108.248.30 - - [06/Feb/2012:20:46:35 +0100] "GET /magunkrol.htm HTTP/1.1" 200 9202 "-" "Mozilla/5.0 (compatible; YandexBot/3.0; +http://yandex.com/bots)"
95.108.248.30 - - [06/Feb/2012:20:46:46 +0100] "GET /hirek/hirek090619.htm HTTP/1.1" 200 7871 "-" "Mozilla/5.0 (compatible; YandexBot/3.0; +http://yandex.com/bots)"
95.108.248.30 - - [06/Feb/2012:20:47:03 +0100] "GET /hirek/hirek090510.htm HTTP/1.1" 200 12743 "-" "Mozilla/5.0 (compatible; YandexBot/3.0; +http://yandex.com/bots)"
95.108.248.30 - - [06/Feb/2012:20:47:21 +0100] "GET /hirek/Microsoft%20Word%20-%20csongradi%20duzzaszto%20velemeny%202009.06.11..doc.pdf HTTP/1.1" 200 321155 "-" "Mozilla/5.0 (compatible; YandexBot/3.0; +http://yandex.com/bots)"
95.108.248.30 - - [06/Feb/2012:20:47:50 +0100] "GET /deutsch/programme.htm HTTP/1.1" 200 6045 "-" "Mozilla/5.0 (compatible; YandexBot/3.0; +http://yandex.com/bots)"
80.99.133.18 - - [06/Feb/2012:20:55:43 +0100] "GET /lb/images/closelabel.gif HTTP/1.1" 304 - "http://www.rulettmania.hu/sportfogadas/" "Mozilla/4.0 (compatible; MSIE 8.0; Windows NT 5.1; Trident/4.0; .NET CLR 2.0.50727; .NET CLR 3.0.4506.2152; .NET CLR 3.5.30729)"
80.99.133.18 - - [06/Feb/2012:20:55:43 +0100] "GET /lb/images/loading.gif HTTP/1.1" 304 - "http://www.rulettmania.hu/sportfogadas/" "Mozilla/4.0 (compatible; MSIE 8.0; Windows NT 5.1; Trident/4.0; .NET CLR 2.0.50727; .NET CLR 3.0.4506.2152; .NET CLR 3.5.30729)"
80.99.133.18 - - [06/Feb/2012:20:55:43 +0100] "GET /lb/images/blank.gif HTTP/1.1" 304 - "http://www.rulettmania.hu/sportfogadas/" "Mozilla/4.0 (compatible; MSIE 8.0; Windows NT 5.1; Trident/4.0; .NET CLR 2.0.50727; .NET CLR 3.0.4506.2152; .NET CLR 3.5.30729)"
178.48.93.149 - - [06/Feb/2012:20:59:48 +0100] "GET /lb/images/loading.gif HTTP/1.1" 200 2767 "http://rulettmania.hu/" "Mozilla/5.0 (Windows NT 5.1) AppleWebKit/535.7 (KHTML, like Gecko) Chrome/16.0.912.77 Safari/535.7"
178.48.93.149 - - [06/Feb/2012:20:59:48 +0100] "GET /lb/images/closelabel.gif HTTP/1.1" 200 222 "http://rulettmania.hu/" "Mozilla/5.0 (Windows NT 5.1) AppleWebKit/535.7 (KHTML, like Gecko) Chrome/16.0.912.77 Safari/535.7"
195.228.132.29 - - [06/Feb/2012:21:10:43 +0100] "GET /lb/images/loading.gif HTTP/1.1" 200 2767 "http://rulettmania.hu/" "Mozilla/5.0 (Windows NT 5.1; rv:10.0) Gecko/20100101 Firefox/10.0"
195.228.132.29 - - [06/Feb/2012:21:10:43 +0100] "GET /lb/images/closelabel.gif HTTP/1.1" 200 222 "http://rulettmania.hu/" "Mozilla/5.0 (Windows NT 5.1; rv:10.0) Gecko/20100101 Firefox/10.0"
109.97.35.63 - - [06/Feb/2012:21:23:39 +0100] "GET /lb/images/loading.gif HTTP/1.1" 200 2767 "http://rulettmania.hu/" "Mozilla/5.0 (Windows NT 6.1; rv:10.0) Gecko/20100101 Firefox/10.0"
109.97.35.63 - - [06/Feb/2012:21:23:39 +0100] "GET /lb/images/closelabel.gif HTTP/1.1" 200 222 "http://rulettmania.hu/" "Mozilla/5.0 (Windows NT 6.1; rv:10.0) Gecko/20100101 Firefox/10.0"
188.143.34.209 - - [06/Feb/2012:21:32:49 +0100] "GET /lb/images/loading.gif HTTP/1.1" 200 2767 "http://rulettmania.hu/" "Mozilla/5.0 (Windows NT 5.1) AppleWebKit/535.7 (KHTML, like Gecko) Chrome/16.0.912.77 Safari/535.7"
188.143.34.209 - - [06/Feb/2012:21:32:49 +0100] "GET /lb/images/closelabel.gif HTTP/1.1" 200 222 "http://rulettmania.hu/" "Mozilla/5.0 (Windows NT 5.1) AppleWebKit/535.7 (KHTML, like Gecko) Chrome/16.0.912.77 Safari/535.7"
86.101.85.14 - - [06/Feb/2012:21:43:36 +0100] "GET /lb/images/loading.gif HTTP/1.1" 200 2767 "http://rulettmania.hu/" "Mozilla/5.0 (Symbian/3; Series60/5.2 NokiaN8-00/022.014; Profile/MIDP-2.1 Configuration/CLDC-1.1 ) AppleWebKit/533.4 (KHTML, like Gecko) NokiaBrowser/7.3.1.37 Mobile Safari/533.4 3gpp-gba"
86.101.85.14 - - [06/Feb/2012:21:43:36 +0100] "GET /lb/images/closelabel.gif HTTP/1.1" 200 222 "http://rulettmania.hu/" "Mozilla/5.0 (Symbian/3; Series60/5.2 NokiaN8-00/022.014; Profile/MIDP-2.1 Configuration/CLDC-1.1 ) AppleWebKit/533.4 (KHTML, like Gecko) NokiaBrowser/7.3.1.37 Mobile Safari/533.4 3gpp-gba"
91.83.190.143 - - [06/Feb/2012:21:48:15 +0100] "GET /lb/images/loading.gif HTTP/1.1" 200 2767 "http://rulettmania.hu/" "Mozilla/5.0 (Windows NT 5.1; rv:9.0.1) Gecko/20100101 Firefox/9.0.1"
91.83.190.143 - - [06/Feb/2012:21:48:15 +0100] "GET /lb/images/closelabel.gif HTTP/1.1" 200 222 "http://rulettmania.hu/" "Mozilla/5.0 (Windows NT 5.1; rv:9.0.1) Gecko/20100101 Firefox/9.0.1"
94.44.195.225 - - [06/Feb/2012:21:57:07 +0100] "GET /lb/images/closelabel.gif HTTP/1.1" 304 - "http://rulettmania.hu/" "Mozilla/5.0 (Windows NT 6.1; rv:11.0) Gecko/20100101 Firefox/11.0"
94.44.195.225 - - [06/Feb/2012:21:57:07 +0100] "GET /lb/images/loading.gif HTTP/1.1" 304 - "http://rulettmania.hu/" "Mozilla/5.0 (Windows NT 6.1; rv:11.0) Gecko/20100101 Firefox/11.0"
79.120.190.208 - - [06/Feb/2012:21:57:29 +0100] "GET /lb/images/closelabel.gif HTTP/1.1" 200 222 "http://www.rulettmania.hu/" "Mozilla/4.0 (compatible; MSIE 8.0; Windows NT 6.1; Trident/4.0; SLCC2; .NET CLR 2.0.50727; .NET CLR 3.5.30729; .NET CLR 3.0.30729; Media Center PC 6.0; Tablet PC 2.0; AskTbHIP/5.14.1.20007)"
79.120.190.208 - - [06/Feb/2012:21:57:29 +0100] "GET /lb/images/loading.gif HTTP/1.1" 200 2767 "http://www.rulettmania.hu/" "Mozilla/4.0 (compatible; MSIE 8.0; Windows NT 6.1; Trident/4.0; SLCC2; .NET CLR 2.0.50727; .NET CLR 3.5.30729; .NET CLR 3.0.30729; Media Center PC 6.0; Tablet PC 2.0; AskTbHIP/5.14.1.20007)"
79.120.190.208 - - [06/Feb/2012:21:57:48 +0100] "GET /lb/images/blank.gif HTTP/1.1" 200 43 "http://www.rulettmania.hu/" "Mozilla/4.0 (compatible; MSIE 8.0; Windows NT 6.1; Trident/4.0; SLCC2; .NET CLR 2.0.50727; .NET CLR 3.5.30729; .NET CLR 3.0.30729; Media Center PC 6.0; Tablet PC 2.0; AskTbHIP/5.14.1.20007)"
217.12.59.2 - - [06/Feb/2012:22:11:36 +0100] "GET /lb/images/loading.gif HTTP/1.1" 200 2767 "http://rulettmania.hu/" "Mozilla/5.0 (Windows NT 5.1; rv:10.0) Gecko/20100101 Firefox/10.0"
217.12.59.2 - - [06/Feb/2012:22:11:36 +0100] "GET /lb/images/closelabel.gif HTTP/1.1" 200 222 "http://rulettmania.hu/" "Mozilla/5.0 (Windows NT 5.1; rv:10.0) Gecko/20100101 Firefox/10.0"
94.44.195.225 - - [06/Feb/2012:22:14:22 +0100] "GET /lb/images/loading.gif HTTP/1.1" 304 - "http://rulettmania.hu/" "Mozilla/5.0 (Windows NT 6.1; rv:11.0) Gecko/20100101 Firefox/11.0"
94.44.195.225 - - [06/Feb/2012:22:14:22 +0100] "GET /lb/images/closelabel.gif HTTP/1.1" 304 - "http://rulettmania.hu/" "Mozilla/5.0 (Windows NT 6.1; rv:11.0) Gecko/20100101 Firefox/11.0"
87.97.16.27 - - [06/Feb/2012:22:15:42 +0100] "GET /lb/images/loading.gif HTTP/1.1" 200 2767 "http://rulettmania.hu/" "Mozilla/5.0 (Windows NT 5.1) AppleWebKit/535.7 (KHTML, like Gecko) Chrome/16.0.912.77 Safari/535.7"
87.97.16.27 - - [06/Feb/2012:22:15:42 +0100] "GET /lb/images/closelabel.gif HTTP/1.1" 200 222 "http://rulettmania.hu/" "Mozilla/5.0 (Windows NT 5.1) AppleWebKit/535.7 (KHTML, like Gecko) Chrome/16.0.912.77 Safari/535.7"
84.0.98.206 - - [06/Feb/2012:22:16:54 +0100] "GET /lb/images/loading.gif HTTP/1.1" 200 2767 "http://rulettmania.hu/" "Mozilla/4.0 (compatible; MSIE 8.0; Windows NT 6.1; WOW64; Trident/4.0; BTRS7391; SLCC2; .NET CLR 2.0.50727; .NET CLR 3.5.30729; .NET CLR 3.0.30729; Media Center PC 6.0; InfoPath.3; .NET CLR 1.1.4322; AskTbPTV/5.14.1.20007)"
84.0.98.206 - - [06/Feb/2012:22:16:54 +0100] "GET /lb/images/closelabel.gif HTTP/1.1" 200 222 "http://rulettmania.hu/" "Mozilla/4.0 (compatible; MSIE 8.0; Windows NT 6.1; WOW64; Trident/4.0; BTRS7391; SLCC2; .NET CLR 2.0.50727; .NET CLR 3.5.30729; .NET CLR 3.0.30729; Media Center PC 6.0; InfoPath.3; .NET CLR 1.1.4322; AskTbPTV/5.14.1.20007)"
84.0.98.206 - - [06/Feb/2012:22:16:55 +0100] "GET /lb/images/blank.gif HTTP/1.1" 200 43 "http://rulettmania.hu/" "Mozilla/4.0 (compatible; MSIE 8.0; Windows NT 6.1; WOW64; Trident/4.0; BTRS7391; SLCC2; .NET CLR 2.0.50727; .NET CLR 3.5.30729; .NET CLR 3.0.30729; Media Center PC 6.0; InfoPath.3; .NET CLR 1.1.4322; AskTbPTV/5.14.1.20007)"
130.83.167.153 - - [06/Feb/2012:22:22:28 +0100] "GET /robots.txt HTTP/1.1" 404 1181 "-" "findlinks/2.0.4 (+http://wortschatz.uni-leipzig.de/findlinks/)"
94.21.186.140 - - [06/Feb/2012:22:28:45 +0100] "GET /lb/images/closelabel.gif HTTP/1.1" 200 222 "http://rulettmania.hu/" "Mozilla/5.0 (Windows; U; Windows NT 5.1; hu; rv:1.9.2.26) Gecko/20120128 Firefox/3.6.26 (.NET CLR 3.5.30729)"
94.21.186.140 - - [06/Feb/2012:22:28:45 +0100] "GET /lb/images/loading.gif HTTP/1.1" 200 2767 "http://rulettmania.hu/" "Mozilla/5.0 (Windows; U; Windows NT 5.1; hu; rv:1.9.2.26) Gecko/20120128 Firefox/3.6.26 (.NET CLR 3.5.30729)"
87.194.161.56 - - [06/Feb/2012:22:33:06 +0100] "GET /lb/images/closelabel.gif HTTP/1.1" 200 222 "http://rulettmania.hu/" "Mozilla/5.0 (iPad; CPU OS 5_0_1 like Mac OS X) AppleWebKit/534.46 (KHTML, like Gecko) Version/5.1 Mobile/9A405 Safari/7534.48.3"
87.194.161.56 - - [06/Feb/2012:22:33:06 +0100] "GET /lb/images/loading.gif HTTP/1.1" 200 2767 "http://rulettmania.hu/" "Mozilla/5.0 (iPad; CPU OS 5_0_1 like Mac OS X) AppleWebKit/534.46 (KHTML, like Gecko) Version/5.1 Mobile/9A405 Safari/7534.48.3"
84.224.15.106 - - [06/Feb/2012:22:59:51 +0100] "GET /lb/images/loading.gif HTTP/1.1" 200 2767 "http://rulettmania.hu/" "Mozilla/5.0 (Windows NT 5.1; rv:10.0) Gecko/20100101 Firefox/10.0"
84.224.15.106 - - [06/Feb/2012:22:59:51 +0100] "GET /lb/images/closelabel.gif HTTP/1.1" 200 222 "http://rulettmania.hu/" "Mozilla/5.0 (Windows NT 5.1; rv:10.0) Gecko/20100101 Firefox/10.0"
85.5.113.31 - - [06/Feb/2012:23:05:52 +0100] "GET /lb/images/loading.gif HTTP/1.1" 200 2767 "http://rulettmania.hu/" "Mozilla/5.0 (Windows; U; Windows NT 5.1; hu; rv:1.9.2.26) Gecko/20120128 Firefox/3.6.26 ( .NET CLR 3.5.30729)"
85.5.113.31 - - [06/Feb/2012:23:05:52 +0100] "GET /lb/images/closelabel.gif HTTP/1.1" 200 222 "http://rulettmania.hu/" "Mozilla/5.0 (Windows; U; Windows NT 5.1; hu; rv:1.9.2.26) Gecko/20120128 Firefox/3.6.26 ( .NET CLR 3.5.30729)"
81.183.102.216 - - [06/Feb/2012:23:08:05 +0100] "GET /lb/images/loading.gif HTTP/1.1" 200 2767 "http://rulettmania.hu/" "Mozilla/5.0 (Windows NT 5.1) AppleWebKit/535.7 (KHTML, like Gecko) Chrome/16.0.912.77 Safari/535.7"
81.183.102.216 - - [06/Feb/2012:23:08:05 +0100] "GET /lb/images/closelabel.gif HTTP/1.1" 200 222 "http://rulettmania.hu/" "Mozilla/5.0 (Windows NT 5.1) AppleWebKit/535.7 (KHTML, like Gecko) Chrome/16.0.912.77 Safari/535.7"
86.101.153.191 - - [06/Feb/2012:23:09:07 +0100] "GET /lb/images/loading.gif HTTP/1.1" 200 2767 "http://rulettmania.hu/" "Mozilla/5.0 (Windows; U; Windows NT 6.1; hu; rv:1.9.2.6) Gecko/20100625 Firefox/3.6.6"
86.101.153.191 - - [06/Feb/2012:23:09:07 +0100] "GET /lb/images/closelabel.gif HTTP/1.1" 200 222 "http://rulettmania.hu/" "Mozilla/5.0 (Windows; U; Windows NT 6.1; hu; rv:1.9.2.6) Gecko/20100625 Firefox/3.6.6"
84.2.8.178 - - [06/Feb/2012:23:14:51 +0100] "GET /lb/images/loading.gif HTTP/1.1" 200 2767 "-" "Mozilla/5.0 (Windows NT 6.0; rv:9.0.1) Gecko/20100101 Firefox/9.0.1"
84.2.8.178 - - [06/Feb/2012:23:14:51 +0100] "GET /lb/images/closelabel.gif HTTP/1.1" 200 222 "-" "Mozilla/5.0 (Windows NT 6.0; rv:9.0.1) Gecko/20100101 Firefox/9.0.1"
78.92.210.170 - - [06/Feb/2012:23:25:47 +0100] "GET /lb/images/loading.gif HTTP/1.1" 200 2767 "http://rulettmania.hu/" "Mozilla/5.0 (Windows NT 5.1; rv:10.0) Gecko/20100101 Firefox/10.0"
78.92.210.170 - - [06/Feb/2012:23:25:47 +0100] "GET /lb/images/closelabel.gif HTTP/1.1" 200 222 "http://rulettmania.hu/" "Mozilla/5.0 (Windows NT 5.1; rv:10.0) Gecko/20100101 Firefox/10.0"
66.249.72.116 - - [06/Feb/2012:23:27:35 +0100] "GET /robots.txt HTTP/1.1" 404 1181 "-" "Mozilla/5.0 (compatible; Googlebot/2.1; +http://www.google.com/bot.html)"
66.249.66.124 - - [06/Feb/2012:23:27:35 +0100] "GET /hirarchivum.htm HTTP/1.1" 200 13182 "-" "Mozilla/5.0 (iPhone; U; CPU iPhone OS 4_1 like Mac OS X; en-us) AppleWebKit/532.9 (KHTML, like Gecko) Version/4.0.5 Mobile/8B117 Safari/6531.22.7 (compatible; Googlebot-Mobile/2.1; +http://www.google.com/bot.html)"
78.92.210.170 - - [06/Feb/2012:23:29:47 +0100] "GET /lb/images/blank.gif HTTP/1.1" 200 43 "http://rulettmania.hu/lb/css/lightbox.css" "Mozilla/5.0 (Windows NT 5.1; rv:10.0) Gecko/20100101 Firefox/10.0"
78.92.210.170 - - [06/Feb/2012:23:29:47 +0100] "GET /lb/images/nextlabel.gif HTTP/1.1" 200 305 "http://rulettmania.hu/lb/css/lightbox.css" "Mozilla/5.0 (Windows NT 5.1; rv:10.0) Gecko/20100101 Firefox/10.0"
89.144.206.151 - - [06/Feb/2012:23:31:06 +0100] "GET /lb/images/closelabel.gif HTTP/1.1" 200 222 "http://rulettmania.hu/" "Mozilla/5.0 (compatible; MSIE 9.0; Windows NT 6.1; Trident/5.0)"
89.144.206.151 - - [06/Feb/2012:23:31:06 +0100] "GET /lb/images/loading.gif HTTP/1.1" 200 2767 "http://rulettmania.hu/" "Mozilla/5.0 (compatible; MSIE 9.0; Windows NT 6.1; Trident/5.0)"
89.144.206.151 - - [06/Feb/2012:23:31:08 +0100] "GET /lb/images/blank.gif HTTP/1.1" 200 43 "http://rulettmania.hu/" "Mozilla/5.0 (compatible; MSIE 9.0; Windows NT 6.1; Trident/5.0)"
89.135.73.91 - - [06/Feb/2012:23:42:45 +0100] "GET /lb/images/closelabel.gif HTTP/1.1" 200 222 "http://rulettmania.hu/" "Mozilla/5.0 (iPhone; CPU iPhone OS 5_0_1 like Mac OS X) AppleWebKit/534.46 (KHTML, like Gecko) Version/5.1 Mobile/9A405 Safari/7534.48.3"
89.135.73.91 - - [06/Feb/2012:23:42:45 +0100] "GET /lb/images/loading.gif HTTP/1.1" 200 2767 "http://rulettmania.hu/" "Mozilla/5.0 (iPhone; CPU iPhone OS 5_0_1 like Mac OS X) AppleWebKit/534.46 (KHTML, like Gecko) Version/5.1 Mobile/9A405 Safari/7534.48.3"
94.21.186.140 - - [07/Feb/2012:00:07:39 +0100] "GET /lb/images/loading.gif HTTP/1.1" 200 2767 "http://rulettmania.hu/" "Mozilla/5.0 (Windows; U; Windows NT 5.1; hu; rv:1.9.2.26) Gecko/20120128 Firefox/3.6.26 (.NET CLR 3.5.30729)"
94.21.186.140 - - [07/Feb/2012:00:07:39 +0100] "GET /lb/images/closelabel.gif HTTP/1.1" 200 222 "http://rulettmania.hu/" "Mozilla/5.0 (Windows; U; Windows NT 5.1; hu; rv:1.9.2.26) Gecko/20120128 Firefox/3.6.26 (.NET CLR 3.5.30729)"
81.183.110.163 - - [07/Feb/2012:00:11:45 +0100] "GET /lb/images/loading.gif HTTP/1.1" 200 2767 "http://www.rulettmania.hu/" "Mozilla/5.0 (Windows NT 5.1; rv:9.0.1) Gecko/20100101 Firefox/9.0.1"
81.183.110.163 - - [07/Feb/2012:00:11:45 +0100] "GET /lb/images/closelabel.gif HTTP/1.1" 200 222 "http://www.rulettmania.hu/" "Mozilla/5.0 (Windows NT 5.1; rv:9.0.1) Gecko/20100101 Firefox/9.0.1"
81.182.213.179 - - [07/Feb/2012:00:27:53 +0100] "GET /lb/images/closelabel.gif HTTP/1.1" 200 222 "http://rulettmania.hu/" "Mozilla/5.0 (Windows NT 5.1; rv:10.0) Gecko/20100101 Firefox/10.0"
81.182.213.179 - - [07/Feb/2012:00:27:53 +0100] "GET /lb/images/loading.gif HTTP/1.1" 200 2767 "http://rulettmania.hu/" "Mozilla/5.0 (Windows NT 5.1; rv:10.0) Gecko/20100101 Firefox/10.0"
94.44.232.103 - - [07/Feb/2012:00:33:55 +0100] "GET /lb/images/closelabel.gif HTTP/1.1" 200 222 "http://www.rulettmania.hu/" "Mozilla/5.0 (Linux; U; Android 2.3.5; hu-hu; YP-G70 Build/GINGERBREAD) AppleWebKit/533.1 (KHTML, like Gecko) Version/4.0 Mobile Safari/533.1"
94.44.232.103 - - [07/Feb/2012:00:33:55 +0100] "GET /lb/images/loading.gif HTTP/1.1" 200 2767 "http://www.rulettmania.hu/" "Mozilla/5.0 (Linux; U; Android 2.3.5; hu-hu; YP-G70 Build/GINGERBREAD) AppleWebKit/533.1 (KHTML, like Gecko) Version/4.0 Mobile Safari/533.1"
80.98.137.116 - - [07/Feb/2012:00:43:53 +0100] "GET /lb/images/loading.gif HTTP/1.1" 200 2767 "http://rulettmania.hu/" "Mozilla/5.0 (Windows NT 6.0; WOW64) AppleWebKit/535.7 (KHTML, like Gecko) Chrome/16.0.912.77 Safari/535.7"
80.98.137.116 - - [07/Feb/2012:00:43:53 +0100] "GET /lb/images/closelabel.gif HTTP/1.1" 200 222 "http://rulettmania.hu/" "Mozilla/5.0 (Windows NT 6.0; WOW64) AppleWebKit/535.7 (KHTML, like Gecko) Chrome/16.0.912.77 Safari/535.7"
95.108.158.242 - - [07/Feb/2012:01:13:45 +0100] "GET /robots.txt HTTP/1.1" 404 1181 "-" "Mozilla/5.0 (compatible; YandexImages/3.0; +http://yandex.com/bots)"
84.224.239.245 - - [07/Feb/2012:01:50:23 +0100] "GET /lb/images/loading.gif HTTP/1.1" 200 2767 "http://www.rulettmania.hu/sportfogadas/" "Mozilla/5.0 (Linux; U; Android 4.0.3; hu-hu; GT-I9000 Build/GINGERBREAD) AppleWebKit/534.30 (KHTML, like Gecko) Version/4.0 Mobile Safari/534.30"
84.224.239.245 - - [07/Feb/2012:01:50:23 +0100] "GET /lb/images/closelabel.gif HTTP/1.1" 200 222 "http://www.rulettmania.hu/sportfogadas/" "Mozilla/5.0 (Linux; U; Android 4.0.3; hu-hu; GT-I9000 Build/GINGERBREAD) AppleWebKit/534.30 (KHTML, like Gecko) Version/4.0 Mobile Safari/534.30"
95.108.158.242 - - [07/Feb/2012:01:51:21 +0100] "GET /english/e04.jpg HTTP/1.1" 200 1124 "-" "Mozilla/5.0 (compatible; YandexImages/3.0; +http://yandex.com/bots)"
95.108.158.242 - - [07/Feb/2012:02:33:53 +0100] "GET /tm05.jpg HTTP/1.1" 200 2253 "-" "Mozilla/5.0 (compatible; YandexImages/3.0; +http://yandex.com/bots)"
141.105.120.153 - - [07/Feb/2012:02:36:39 +0100] "GET /robots.txt HTTP/1.0" 404 1181 "-" "Mozilla/5.0 (compatible; OpenindexDeepSpider/Nutch-1.5-dev; +http://openindex.io/spider.html; systemsATopenindexDOTio)"
141.105.120.153 - - [07/Feb/2012:02:36:39 +0100] "GET /fiok/mult.htm HTTP/1.0" 200 23227 "-" "Mozilla/5.0 (compatible; OpenindexDeepSpider/Nutch-1.5-dev; +http://openindex.io/spider.html; systemsATopenindexDOTio)"
95.108.158.242 - - [07/Feb/2012:03:11:34 +0100] "GET /tm03.jpg HTTP/1.1" 200 2212 "-" "Mozilla/5.0 (compatible; YandexImages/3.0; +http://yandex.com/bots)"
95.108.158.242 - - [07/Feb/2012:03:53:42 +0100] "GET /deutsch/d01.jpg HTTP/1.1" 200 1357 "-" "Mozilla/5.0 (compatible; YandexImages/3.0; +http://yandex.com/bots)"
95.108.158.242 - - [07/Feb/2012:04:31:10 +0100] "GET /tm06.jpg HTTP/1.1" 200 1651 "-" "Mozilla/5.0 (compatible; YandexImages/3.0; +http://yandex.com/bots)"
2.125.70.133 - - [07/Feb/2012:04:44:35 +0100] "GET /lb/images/closelabel.gif HTTP/1.1" 200 222 "http://rulettmania.hu/" "Mozilla/5.0 (Windows NT 6.1; WOW64; rv:10.0) Gecko/20100101 Firefox/10.0"
2.125.70.133 - - [07/Feb/2012:04:44:35 +0100] "GET /lb/images/loading.gif HTTP/1.1" 200 2767 "http://rulettmania.hu/" "Mozilla/5.0 (Windows NT 6.1; WOW64; rv:10.0) Gecko/20100101 Firefox/10.0"
94.21.124.180 - - [07/Feb/2012:05:02:07 +0100] "GET /lb/images/loading.gif HTTP/1.1" 200 2767 "http://rulettmania.hu/" "Mozilla/5.0 (Windows NT 6.2; rv:10.0) Gecko/20100101 Firefox/10.0"
94.21.124.180 - - [07/Feb/2012:05:02:07 +0100] "GET /lb/images/closelabel.gif HTTP/1.1" 200 222 "http://rulettmania.hu/" "Mozilla/5.0 (Windows NT 6.2; rv:10.0) Gecko/20100101 Firefox/10.0"
95.108.158.242 - - [07/Feb/2012:05:13:06 +0100] "GET /deutsch/d02.jpg HTTP/1.1" 200 1339 "-" "Mozilla/5.0 (compatible; YandexImages/3.0; +http://yandex.com/bots)"
46.107.85.60 - - [07/Feb/2012:05:21:12 +0100] "GET /lb/images/loading.gif HTTP/1.1" 200 2767 "http://rulettmania.hu/" "Mozilla/5.0 (Windows NT 6.1) AppleWebKit/535.7 (KHTML, like Gecko) Chrome/16.0.912.77 Safari/535.7"
46.107.85.60 - - [07/Feb/2012:05:21:12 +0100] "GET /lb/images/closelabel.gif HTTP/1.1" 200 222 "http://rulettmania.hu/" "Mozilla/5.0 (Windows NT 6.1) AppleWebKit/535.7 (KHTML, like Gecko) Chrome/16.0.912.77 Safari/535.7"
206.255.249.10 - - [07/Feb/2012:05:30:30 +0100] "GET /lb/images/loading.gif HTTP/1.1" 200 2767 "http://rulettmania.hu/index.php?lang=en" "Mozilla/5.0 (Windows; U; Windows NT 6.1; en-US; rv:1.9.2.25) Gecko/20111212 Firefox/3.6.25"
206.255.249.10 - - [07/Feb/2012:05:30:30 +0100] "GET /lb/images/closelabel.gif HTTP/1.1" 200 222 "http://rulettmania.hu/index.php?lang=en" "Mozilla/5.0 (Windows; U; Windows NT 6.1; en-US; rv:1.9.2.25) Gecko/20111212 Firefox/3.6.25"
66.249.66.124 - - [07/Feb/2012:05:47:29 +0100] "GET /robots.txt HTTP/1.1" 404 1181 "-" "Mozilla/5.0 (compatible; Googlebot/2.1; +http://www.google.com/bot.html)"
66.249.66.124 - - [07/Feb/2012:05:47:29 +0100] "GET /hirek08_12.htm HTTP/1.1" 200 8268 "-" "Mozilla/5.0 (compatible; Googlebot/2.1; +http://www.google.com/bot.html)"
207.46.195.105 - - [07/Feb/2012:05:48:09 +0100] "GET /robots.txt HTTP/1.1" 404 1181 "-" "Mozilla/5.0 (compatible; bingbot/2.0; +http://www.bing.com/bingbot.htm)"
66.249.66.124 - - [07/Feb/2012:05:48:59 +0100] "GET /hirek/hirek120120.htm HTTP/1.1" 304 - "-" "Mozilla/5.0 (compatible; Googlebot/2.1; +http://www.google.com/bot.html)"
66.249.66.124 - - [07/Feb/2012:05:49:06 +0100] "GET /jog/eseteink/derekegyhaza/mszh_csongrad_ugyfel_uj.pdf HTTP/1.1" 304 - "-" "Mozilla/5.0 (compatible; Googlebot/2.1; +http://www.google.com/bot.html)"
66.249.66.124 - - [07/Feb/2012:05:49:25 +0100] "GET /jog/eseteink/malom/fellebbezes_hatarnap.pdf HTTP/1.1" 304 - "-" "Mozilla/5.0 (compatible; Googlebot/2.1; +http://www.google.com/bot.html)"
66.249.66.124 - - [07/Feb/2012:05:49:59 +0100] "GET /jog/eseteink/korosladany/lgfobb_ugyeszseg_ujra.pdf HTTP/1.1" 304 - "-" "Mozilla/5.0 (compatible; Googlebot/2.1; +http://www.google.com/bot.html)"
95.108.158.242 - - [07/Feb/2012:05:50:22 +0100] "GET /english/e01.jpg HTTP/1.1" 200 967 "-" "Mozilla/5.0 (compatible; YandexImages/3.0; +http://yandex.com/bots)"
66.249.66.124 - - [07/Feb/2012:05:50:30 +0100] "GET /jog/eseteink/derekegyhaza/mszh-nak_hatarozat_keres.pdf HTTP/1.1" 304 - "-" "Mozilla/5.0 (compatible; Googlebot/2.1; +http://www.google.com/bot.html)"
95.108.248.30 - - [07/Feb/2012:05:50:41 +0100] "GET /fiok/index.html HTTP/1.1" 304 - "-" "Mozilla/5.0 (compatible; YandexBot/3.0; +http://yandex.com/bots)"
66.249.72.116 - - [07/Feb/2012:05:51:26 +0100] "GET /jog/eseteink/derekegyhaza/kotvife_kekto_kerites.pdf HTTP/1.1" 304 - "-" "Mozilla/5.0 (compatible; Googlebot/2.1; +http://www.google.com/bot.html)"
66.249.72.116 - - [07/Feb/2012:05:52:15 +0100] "GET /jog/eseteink/korosladany/np_nek_tajekoztatas.pdf HTTP/1.1" 304 - "-" "Mozilla/5.0 (compatible; Googlebot/2.1; +http://www.google.com/bot.html)"
66.249.72.116 - - [07/Feb/2012:05:53:35 +0100] "GET /jog/eseteink/derekegyhaza/dalerd-disznoskert%20szakhat-vegleges.pdf HTTP/1.1" 304 - "-" "Mozilla/5.0 (compatible; Googlebot/2.1; +http://www.google.com/bot.html)"
95.108.158.242 - - [07/Feb/2012:06:32:26 +0100] "GET /deutsch/d04.jpg HTTP/1.1" 200 1181 "-" "Mozilla/5.0 (compatible; YandexImages/3.0; +http://yandex.com/bots)"
207.189.121.44 - - [07/Feb/2012:06:35:50 +0100] "GET /lb/images/closelabel.gif HTTP/1.1" 200 222 "-" "Mozilla/5.0 (Windows; U; Windows NT 5.1; en-US; rv:1.9.2.8) Gecko/20100721 Firefox/3.6.8"
207.189.121.44 - - [07/Feb/2012:06:36:38 +0100] "GET / HTTP/1.1" 200 15604 "http://www.beklen.hu/lb/images/closelabel.gif" "Mozilla/5.0 (Windows; U; Windows NT 5.1; en-US; rv:1.9.2.8) Gecko/20100721 Firefox/3.6.8"
207.189.121.44 - - [07/Feb/2012:06:37:05 +0100] "GET / HTTP/1.1" 200 31410 "http://www.beklen.hu/lb/images/closelabel.gif" "Mozilla/5.0 (Windows; U; Windows NT 5.1; en-US; rv:1.9.2.8) Gecko/20100721 Firefox/3.6.8"
207.189.121.44 - - [07/Feb/2012:06:37:39 +0100] "GET / HTTP/1.1" 200 15604 "http://www.beklen.hu/lb/images/closelabel.gif" "Mozilla/5.0 (Windows; U; Windows NT 5.1; en-US; rv:1.9.2.8) Gecko/20100721 Firefox/3.6.8"
207.189.121.44 - - [07/Feb/2012:06:38:09 +0100] "GET / HTTP/1.1" 200 15604 "http://www.beklen.hu/lb/images/closelabel.gif" "Mozilla/5.0 (Windows; U; Windows NT 5.1; en-US; rv:1.9.2.8) Gecko/20100721 Firefox/3.6.8"
87.242.63.195 - - [07/Feb/2012:06:43:44 +0100] "GET /lb/images/loading.gif HTTP/1.1" 200 2767 "http://rulettmania.hu/" "Mozilla/5.0 (Windows NT 6.1; WOW64) AppleWebKit/535.7 (KHTML, like Gecko) Iron/16.0.950.0 Chrome/16.0.950.0 Safari/535.7"
95.108.158.242 - - [07/Feb/2012:07:09:52 +0100] "GET /deutsch/d03.jpg HTTP/1.1" 200 1235 "-" "Mozilla/5.0 (compatible; YandexImages/3.0; +http://yandex.com/bots)"
84.0.15.130 - - [07/Feb/2012:07:44:19 +0100] "GET /lb/images/loading.gif HTTP/1.1" 200 2767 "http://rulettmania.hu/" "Mozilla/5.0 (Windows NT 5.1) AppleWebKit/535.7 (KHTML, like Gecko) Chrome/16.0.912.59 Safari/535.7"
84.0.15.130 - - [07/Feb/2012:07:44:19 +0100] "GET /lb/images/closelabel.gif HTTP/1.1" 200 222 "http://rulettmania.hu/" "Mozilla/5.0 (Windows NT 5.1) AppleWebKit/535.7 (KHTML, like Gecko) Chrome/16.0.912.59 Safari/535.7"
95.108.158.242 - - [07/Feb/2012:07:51:46 +0100] "GET /english/e02.jpg HTTP/1.1" 200 1349 "-" "Mozilla/5.0 (compatible; YandexImages/3.0; +http://yandex.com/bots)"
81.183.10.218 - - [07/Feb/2012:07:55:48 +0100] "GET /lb/images/loading.gif HTTP/1.1" 200 2767 "http://rulettmania.hu/" "Mozilla/5.0 (Windows NT 6.1) AppleWebKit/535.11 (KHTML, like Gecko) Comodo_Dragon/17.1.0.0 Chrome/17.0.963.38 Safari/535.11"
81.183.10.218 - - [07/Feb/2012:07:55:48 +0100] "GET /lb/images/closelabel.gif HTTP/1.1" 200 222 "http://rulettmania.hu/" "Mozilla/5.0 (Windows NT 6.1) AppleWebKit/535.11 (KHTML, like Gecko) Comodo_Dragon/17.1.0.0 Chrome/17.0.963.38 Safari/535.11"
94.44.80.201 - - [07/Feb/2012:08:01:03 +0100] "GET /lb/images/closelabel.gif HTTP/1.1" 200 222 "http://rulettmania.hu/" "Mozilla/5.0 (Windows NT 5.1) AppleWebKit/535.7 (KHTML, like Gecko) Chrome/16.0.912.77 Safari/535.7"
94.44.80.201 - - [07/Feb/2012:08:01:04 +0100] "GET /lb/images/loading.gif HTTP/1.1" 200 2767 "http://rulettmania.hu/" "Mozilla/5.0 (Windows NT 5.1) AppleWebKit/535.7 (KHTML, like Gecko) Chrome/16.0.912.77 Safari/535.7"
95.108.158.242 - - [07/Feb/2012:08:01:04 +0100] "GET /english/e03.jpg HTTP/1.1" 200 1393 "-" "Mozilla/5.0 (compatible; YandexImages/3.0; +http://yandex.com/bots)"
89.134.88.129 - - [07/Feb/2012:08:01:55 +0100] "GET /lb/images/closelabel.gif HTTP/1.1" 200 222 "http://rulettmania.hu/" "Mozilla/4.0 (compatible; MSIE 7.0; Windows NT 5.1; GTB7.2; InfoPath.2; .NET CLR 2.0.50727; .NET CLR 3.0.4506.2152; .NET CLR 3.5.30729; .NET4.0C; .NET4.0E; AskTB5.4; Creative AutoUpdate v1.40.01)"
89.134.88.129 - - [07/Feb/2012:08:01:55 +0100] "GET /lb/images/loading.gif HTTP/1.1" 200 2767 "http://rulettmania.hu/" "Mozilla/4.0 (compatible; MSIE 7.0; Windows NT 5.1; GTB7.2; InfoPath.2; .NET CLR 2.0.50727; .NET CLR 3.0.4506.2152; .NET CLR 3.5.30729; .NET4.0C; .NET4.0E; AskTB5.4; Creative AutoUpdate v1.40.01)"
89.134.88.129 - - [07/Feb/2012:08:01:55 +0100] "GET /lb/images/blank.gif HTTP/1.1" 200 43 "http://rulettmania.hu/" "Mozilla/4.0 (compatible; MSIE 7.0; Windows NT 5.1; GTB7.2; InfoPath.2; .NET CLR 2.0.50727; .NET CLR 3.0.4506.2152; .NET CLR 3.5.30729; .NET4.0C; .NET4.0E; AskTB5.4; Creative AutoUpdate v1.40.01)"
94.27.163.74 - - [07/Feb/2012:08:20:04 +0100] "GET /lb/images/loading.gif HTTP/1.1" 200 2767 "http://www.rulettmania.hu/sportfogadas/" "Mozilla/5.0 (Windows NT 5.1; rv:9.0.1) Gecko/20100101 Firefox/9.0.1"
94.27.163.74 - - [07/Feb/2012:08:20:04 +0100] "GET /lb/images/closelabel.gif HTTP/1.1" 200 222 "http://www.rulettmania.hu/sportfogadas/" "Mozilla/5.0 (Windows NT 5.1; rv:9.0.1) Gecko/20100101 Firefox/9.0.1"
93.189.116.137 - - [07/Feb/2012:08:21:02 +0100] "GET /lb/images/closelabel.gif HTTP/1.1" 200 222 "http://www.rulettmania.hu/" "Mozilla/5.0 (Windows NT 6.0) AppleWebKit/535.7 (KHTML, like Gecko) Chrome/16.0.912.77 Safari/535.7"
93.189.116.137 - - [07/Feb/2012:08:21:02 +0100] "GET /lb/images/loading.gif HTTP/1.1" 200 2767 "http://www.rulettmania.hu/" "Mozilla/5.0 (Windows NT 6.0) AppleWebKit/535.7 (KHTML, like Gecko) Chrome/16.0.912.77 Safari/535.7"
84.3.140.15 - - [07/Feb/2012:08:22:58 +0100] "GET /lb/images/closelabel.gif HTTP/1.1" 200 222 "http://rulettmania.hu/" "Mozilla/4.0 (compatible; MSIE 8.0; Windows NT 5.1; Trident/4.0; .NET CLR 1.1.4322; .NET CLR 2.0.50727; .NET CLR 3.0.4506.2152; .NET CLR 3.5.30729; .NET4.0C)"
84.3.140.15 - - [07/Feb/2012:08:22:58 +0100] "GET /lb/images/loading.gif HTTP/1.1" 200 2767 "http://rulettmania.hu/" "Mozilla/4.0 (compatible; MSIE 8.0; Windows NT 5.1; Trident/4.0; .NET CLR 1.1.4322; .NET CLR 2.0.50727; .NET CLR 3.0.4506.2152; .NET CLR 3.5.30729; .NET4.0C)"
84.3.140.15 - - [07/Feb/2012:08:22:58 +0100] "GET /lb/images/blank.gif HTTP/1.1" 200 43 "http://rulettmania.hu/" "Mozilla/4.0 (compatible; MSIE 8.0; Windows NT 5.1; Trident/4.0; .NET CLR 1.1.4322; .NET CLR 2.0.50727; .NET CLR 3.0.4506.2152; .NET CLR 3.5.30729; .NET4.0C)"
80.99.22.229 - - [07/Feb/2012:08:30:14 +0100] "GET /lb/images/closelabel.gif HTTP/1.1" 200 222 "http://rulettmania.hu/" "Mozilla/5.0 (Windows NT 6.1; WOW64) AppleWebKit/535.7 (KHTML, like Gecko) Chrome/16.0.912.77 Safari/535.7"
80.99.22.229 - - [07/Feb/2012:08:30:14 +0100] "GET /lb/images/loading.gif HTTP/1.1" 200 2767 "http://rulettmania.hu/" "Mozilla/5.0 (Windows NT 6.1; WOW64) AppleWebKit/535.7 (KHTML, like Gecko) Chrome/16.0.912.77 Safari/535.7"
80.99.22.229 - - [07/Feb/2012:08:30:14 +0100] "GET /lb/images/blank.gif HTTP/1.1" 200 43 "http://rulettmania.hu/" "Mozilla/5.0 (Windows NT 6.1; WOW64) AppleWebKit/535.7 (KHTML, like Gecko) Chrome/16.0.912.77 Safari/535.7"
81.182.203.156 - - [07/Feb/2012:08:47:02 +0100] "GET /lb/images/loading.gif HTTP/1.1" 200 2767 "http://rulettmania.hu/" "Mozilla/5.0 (Windows NT 5.1; rv:9.0.1) Gecko/20100101 Firefox/9.0.1"
81.182.203.156 - - [07/Feb/2012:08:47:02 +0100] "GET /lb/images/closelabel.gif HTTP/1.1" 200 222 "http://rulettmania.hu/" "Mozilla/5.0 (Windows NT 5.1; rv:9.0.1) Gecko/20100101 Firefox/9.0.1"
109.61.51.221 - - [07/Feb/2012:08:58:10 +0100] "GET /fiok/programok.htm HTTP/1.1" 200 18165 "http://www.google.hu/search?q=p%C3%A1szt%C3%B3i+gyep.hu&ie=utf-8&oe=utf-8&aq=t&rls=org.mozilla:en-US:official&client=firefox-a" "Mozilla/5.0 (Windows; U; Windows NT 5.1; en-US; rv:1.8.1.20) Gecko/20081217 Firefox/2.0.0.20"
109.61.51.221 - - [07/Feb/2012:08:58:10 +0100] "GET /fiok/images/b12.jpg HTTP/1.1" 200 544 "http://www.beklen.hu/fiok/programok.htm" "Mozilla/5.0 (Windows; U; Windows NT 5.1; en-US; rv:1.8.1.20) Gecko/20081217 Firefox/2.0.0.20"
109.61.51.221 - - [07/Feb/2012:08:58:10 +0100] "GET /fiok/images/index_02_02.JPG HTTP/1.1" 200 1178 "http://www.beklen.hu/fiok/programok.htm" "Mozilla/5.0 (Windows; U; Windows NT 5.1; en-US; rv:1.8.1.20) Gecko/20081217 Firefox/2.0.0.20"
109.61.51.221 - - [07/Feb/2012:08:58:10 +0100] "GET /fiok/images/index_11.gif HTTP/1.1" 200 74 "http://www.beklen.hu/fiok/programok.htm" "Mozilla/5.0 (Windows; U; Windows NT 5.1; en-US; rv:1.8.1.20) Gecko/20081217 Firefox/2.0.0.20"
109.61.51.221 - - [07/Feb/2012:08:58:10 +0100] "GET /fiok/images/index_12_12.JPG HTTP/1.1" 200 985 "http://www.beklen.hu/fiok/programok.htm" "Mozilla/5.0 (Windows; U; Windows NT 5.1; en-US; rv:1.8.1.20) Gecko/20081217 Firefox/2.0.0.20"
109.61.51.221 - - [07/Feb/2012:08:58:10 +0100] "GET /fiok/images/index_13.gif HTTP/1.1" 200 149 "http://www.beklen.hu/fiok/programok.htm" "Mozilla/5.0 (Windows; U; Windows NT 5.1; en-US; rv:1.8.1.20) Gecko/20081217 Firefox/2.0.0.20"
109.61.51.221 - - [07/Feb/2012:08:58:10 +0100] "GET /fiok/images/index_14_14.JPG HTTP/1.1" 200 9305 "http://www.beklen.hu/fiok/programok.htm" "Mozilla/5.0 (Windows; U; Windows NT 5.1; en-US; rv:1.8.1.20) Gecko/20081217 Firefox/2.0.0.20"
109.61.51.221 - - [07/Feb/2012:08:58:10 +0100] "GET /fiok/images/index_15_15.JPG HTTP/1.1" 200 20275 "http://www.beklen.hu/fiok/programok.htm" "Mozilla/5.0 (Windows; U; Windows NT 5.1; en-US; rv:1.8.1.20) Gecko/20081217 Firefox/2.0.0.20"
109.61.51.221 - - [07/Feb/2012:08:58:10 +0100] "GET /fiok/images/index_16_16.JPG HTTP/1.1" 200 13468 "http://www.beklen.hu/fiok/programok.htm" "Mozilla/5.0 (Windows; U; Windows NT 5.1; en-US; rv:1.8.1.20) Gecko/20081217 Firefox/2.0.0.20"
109.61.51.221 - - [07/Feb/2012:08:58:10 +0100] "GET /favicon.ico HTTP/1.1" 404 1181 "-" "Mozilla/5.0 (compatible; Google Desktop/5.9.1005.12335; http://desktop.google.com/)"
109.61.51.221 - - [07/Feb/2012:08:58:10 +0100] "GET /fiok/images/index_17_17.jpg HTTP/1.1" 200 2374 "http://www.beklen.hu/fiok/programok.htm" "Mozilla/5.0 (Windows; U; Windows NT 5.1; en-US; rv:1.8.1.20) Gecko/20081217 Firefox/2.0.0.20"
109.61.51.221 - - [07/Feb/2012:08:58:10 +0100] "GET /fiok/images/index_18_18.JPG HTTP/1.1" 200 15778 "http://www.beklen.hu/fiok/programok.htm" "Mozilla/5.0 (Windows; U; Windows NT 5.1; en-US; rv:1.8.1.20) Gecko/20081217 Firefox/2.0.0.20"
109.61.51.221 - - [07/Feb/2012:08:58:10 +0100] "GET /fiok/images/index_19_19.JPG HTTP/1.1" 200 3123 "http://www.beklen.hu/fiok/programok.htm" "Mozilla/5.0 (Windows; U; Windows NT 5.1; en-US; rv:1.8.1.20) Gecko/20081217 Firefox/2.0.0.20"
109.61.51.221 - - [07/Feb/2012:08:58:10 +0100] "GET /fiok/images/index_25.gif HTTP/1.1" 200 708 "http://www.beklen.hu/fiok/programok.htm" "Mozilla/5.0 (Windows; U; Windows NT 5.1; en-US; rv:1.8.1.20) Gecko/20081217 Firefox/2.0.0.20"
109.61.51.221 - - [07/Feb/2012:08:58:10 +0100] "GET /fiok/images/index_26.gif HTTP/1.1" 200 121 "http://www.beklen.hu/fiok/programok.htm" "Mozilla/5.0 (Windows; U; Windows NT 5.1; en-US; rv:1.8.1.20) Gecko/20081217 Firefox/2.0.0.20"
109.61.51.221 - - [07/Feb/2012:08:58:10 +0100] "GET /fiok/images/index_27_27.jpg HTTP/1.1" 200 12876 "http://www.beklen.hu/fiok/programok.htm" "Mozilla/5.0 (Windows; U; Windows NT 5.1; en-US; rv:1.8.1.20) Gecko/20081217 Firefox/2.0.0.20"
109.61.51.221 - - [07/Feb/2012:08:58:10 +0100] "GET /fiok/images/spacer.gif HTTP/1.1" 200 43 "http://www.beklen.hu/fiok/programok.htm" "Mozilla/5.0 (Windows; U; Windows NT 5.1; en-US; rv:1.8.1.20) Gecko/20081217 Firefox/2.0.0.20"
109.61.51.221 - - [07/Feb/2012:08:58:11 +0100] "GET /fiok/images/a4a.jpg HTTP/1.1" 200 524 "http://www.beklen.hu/fiok/programok.htm" "Mozilla/5.0 (Windows; U; Windows NT 5.1; en-US; rv:1.8.1.20) Gecko/20081217 Firefox/2.0.0.20"
109.61.51.221 - - [07/Feb/2012:08:58:11 +0100] "GET /fiok/images/b4b.jpg HTTP/1.1" 200 524 "http://www.beklen.hu/fiok/programok.htm" "Mozilla/5.0 (Windows; U; Windows NT 5.1; en-US; rv:1.8.1.20) Gecko/20081217 Firefox/2.0.0.20"
109.61.51.221 - - [07/Feb/2012:08:58:11 +0100] "GET /fiok/images/c4c.jpg HTTP/1.1" 200 524 "http://www.beklen.hu/fiok/programok.htm" "Mozilla/5.0 (Windows; U; Windows NT 5.1; en-US; rv:1.8.1.20) Gecko/20081217 Firefox/2.0.0.20"
