95.108.248.30 - - [04/Mar/2012:09:45:39 +0100] "GET /hirek/hirek09_03.htm HTTP/1.1" 200 10810 "-" "Mozilla/5.0 (compatible; YandexBot/3.0; +http://yandex.com/bots)"
95.108.248.30 - - [04/Mar/2012:09:51:05 +0100] "GET /hirarchivum.htm HTTP/1.1" 304 - "-" "Mozilla/5.0 (compatible; YandexBot/3.0; +http://yandex.com/bots)"
65.52.108.58 - - [04/Mar/2012:09:57:53 +0100] "GET /robots.txt HTTP/1.1" 404 1181 "-" "Mozilla/5.0 (compatible; bingbot/2.0; +http://www.bing.com/bingbot.htm)"
95.108.248.30 - - [04/Mar/2012:10:02:48 +0100] "GET /hirek/hirek090302.htm HTTP/1.1" 200 8452 "-" "Mozilla/5.0 (compatible; YandexBot/3.0; +http://yandex.com/bots)"
91.147.213.129 - - [04/Mar/2012:10:02:59 +0100] "GET /lb/images/loading.gif HTTP/1.1" 200 2767 "http://rulettmania.hu/" "Mozilla/5.0 (Windows NT 6.1) AppleWebKit/535.11 (KHTML, like Gecko) Chrome/17.0.963.56 Safari/535.11"
91.147.213.129 - - [04/Mar/2012:10:02:59 +0100] "GET /lb/images/closelabel.gif HTTP/1.1" 200 222 "http://rulettmania.hu/" "Mozilla/5.0 (Windows NT 6.1) AppleWebKit/535.11 (KHTML, like Gecko) Chrome/17.0.963.56 Safari/535.11"
94.248.142.254 - - [04/Mar/2012:10:10:52 +0100] "GET /lb/images/loading.gif HTTP/1.1" 200 2767 "http://rulettmania.hu/" "Mozilla/5.0 (Windows NT 5.1) AppleWebKit/535.7 (KHTML, like Gecko) Chrome/16.0.912.63 Safari/535.7"
94.248.142.254 - - [04/Mar/2012:10:10:52 +0100] "GET /lb/images/closelabel.gif HTTP/1.1" 200 222 "http://rulettmania.hu/" "Mozilla/5.0 (Windows NT 5.1) AppleWebKit/535.7 (KHTML, like Gecko) Chrome/16.0.912.63 Safari/535.7"
89.251.44.124 - - [04/Mar/2012:10:21:42 +0100] "GET /lb/images/loading.gif HTTP/1.1" 200 2767 "http://rulettmania.hu/" "Mozilla/5.0 (Windows NT 6.1) AppleWebKit/535.2 (KHTML, like Gecko) Chrome/15.0.874.15 Safari/535.2"
89.251.44.124 - - [04/Mar/2012:10:21:42 +0100] "GET /lb/images/closelabel.gif HTTP/1.1" 200 222 "http://rulettmania.hu/" "Mozilla/5.0 (Windows NT 6.1) AppleWebKit/535.2 (KHTML, like Gecko) Chrome/15.0.874.15 Safari/535.2"
80.98.96.240 - - [04/Mar/2012:10:24:44 +0100] "GET /lb/images/loading.gif HTTP/1.1" 200 2767 "http://rulettmania.hu/index.php?foablak=hirekkoz." "Mozilla/5.0 (Windows NT 6.1; WOW64) AppleWebKit/535.11 (KHTML, like Gecko) Chrome/17.0.963.56 Safari/535.11"
80.98.96.240 - - [04/Mar/2012:10:24:44 +0100] "GET /lb/images/closelabel.gif HTTP/1.1" 200 222 "http://rulettmania.hu/index.php?foablak=hirekkoz." "Mozilla/5.0 (Windows NT 6.1; WOW64) AppleWebKit/535.11 (KHTML, like Gecko) Chrome/17.0.963.56 Safari/535.11"
80.99.133.18 - - [04/Mar/2012:10:27:04 +0100] "GET /lb/images/closelabel.gif HTTP/1.1" 200 222 "http://www.rulettmania.hu/sportfogadas/" "Mozilla/4.0 (compatible; MSIE 8.0; Windows NT 5.1; Trident/4.0; .NET CLR 2.0.50727; .NET CLR 3.0.4506.2152; .NET CLR 3.5.30729)"
80.99.133.18 - - [04/Mar/2012:10:27:04 +0100] "GET /lb/images/loading.gif HTTP/1.1" 200 2767 "http://www.rulettmania.hu/sportfogadas/" "Mozilla/4.0 (compatible; MSIE 8.0; Windows NT 5.1; Trident/4.0; .NET CLR 2.0.50727; .NET CLR 3.0.4506.2152; .NET CLR 3.5.30729)"
80.99.133.18 - - [04/Mar/2012:10:27:04 +0100] "GET /lb/images/blank.gif HTTP/1.1" 200 43 "http://www.rulettmania.hu/sportfogadas/" "Mozilla/4.0 (compatible; MSIE 8.0; Windows NT 5.1; Trident/4.0; .NET CLR 2.0.50727; .NET CLR 3.0.4506.2152; .NET CLR 3.5.30729)"
77.25.179.179 - - [04/Mar/2012:10:27:46 +0100] "GET /lb/images/loading.gif HTTP/1.1" 200 2767 "http://rulettmania.hu/index.php?foablak=forum.&labkep=welcomeInnerForum" "Mozilla/5.0 (Windows NT 5.1) AppleWebKit/535.11 (KHTML, like Gecko) Chrome/17.0.963.56 Safari/535.11"
77.25.179.179 - - [04/Mar/2012:10:27:46 +0100] "GET /lb/images/closelabel.gif HTTP/1.1" 200 222 "http://rulettmania.hu/index.php?foablak=forum.&labkep=welcomeInnerForum" "Mozilla/5.0 (Windows NT 5.1) AppleWebKit/535.11 (KHTML, like Gecko) Chrome/17.0.963.56 Safari/535.11"
78.92.84.180 - - [04/Mar/2012:10:42:16 +0100] "GET /lb/images/loading.gif HTTP/1.1" 200 2767 "http://rulettmania.hu/" "Opera/9.80 (Windows NT 6.1; U; Edition Campaign 21; hu) Presto/2.10.229 Version/11.61"
78.92.84.180 - - [04/Mar/2012:10:42:16 +0100] "GET /lb/images/closelabel.gif HTTP/1.1" 200 222 "http://rulettmania.hu/" "Opera/9.80 (Windows NT 6.1; U; Edition Campaign 21; hu) Presto/2.10.229 Version/11.61"
80.98.47.178 - - [04/Mar/2012:11:13:05 +0100] "GET /lb/images/closelabel.gif HTTP/1.1" 200 222 "http://rulettmania.hu/" "Mozilla/5.0 (compatible; MSIE 9.0; Windows NT 6.1; Trident/5.0)"
80.98.47.178 - - [04/Mar/2012:11:13:05 +0100] "GET /lb/images/loading.gif HTTP/1.1" 200 2767 "http://rulettmania.hu/" "Mozilla/5.0 (compatible; MSIE 9.0; Windows NT 6.1; Trident/5.0)"
80.98.47.178 - - [04/Mar/2012:11:13:05 +0100] "GET /lb/images/blank.gif HTTP/1.1" 200 43 "http://rulettmania.hu/" "Mozilla/5.0 (compatible; MSIE 9.0; Windows NT 6.1; Trident/5.0)"
80.98.47.178 - - [04/Mar/2012:11:38:49 +0100] "GET /lb/images/closelabel.gif HTTP/1.1" 200 222 "http://rulettmania.hu/" "Mozilla/5.0 (compatible; MSIE 9.0; Windows NT 6.1; Trident/5.0)"
80.98.47.178 - - [04/Mar/2012:11:38:49 +0100] "GET /lb/images/loading.gif HTTP/1.1" 200 2767 "http://rulettmania.hu/" "Mozilla/5.0 (compatible; MSIE 9.0; Windows NT 6.1; Trident/5.0)"
80.98.47.178 - - [04/Mar/2012:11:38:50 +0100] "GET /lb/images/blank.gif HTTP/1.1" 200 43 "http://rulettmania.hu/" "Mozilla/5.0 (compatible; MSIE 9.0; Windows NT 6.1; Trident/5.0)"
84.2.169.129 - - [04/Mar/2012:11:48:14 +0100] "GET /lb/images/loading.gif HTTP/1.1" 200 2767 "http://rulettmania.hu/sportfogadas/admin/" "Mozilla/5.0 (Windows NT 5.1; rv:9.0.1) Gecko/20100101 Firefox/9.0.1"
84.2.169.129 - - [04/Mar/2012:11:48:14 +0100] "GET /lb/images/closelabel.gif HTTP/1.1" 200 222 "http://rulettmania.hu/sportfogadas/admin/" "Mozilla/5.0 (Windows NT 5.1; rv:9.0.1) Gecko/20100101 Firefox/9.0.1"
86.101.50.33 - - [04/Mar/2012:12:19:53 +0100] "GET /lb/images/loading.gif HTTP/1.1" 200 2767 "http://rulettmania.hu/" "Mozilla/5.0 (Windows NT 6.1; rv:10.0.2) Gecko/20100101 Firefox/10.0.2"
86.101.50.33 - - [04/Mar/2012:12:19:53 +0100] "GET /lb/images/closelabel.gif HTTP/1.1" 200 222 "http://rulettmania.hu/" "Mozilla/5.0 (Windows NT 6.1; rv:10.0.2) Gecko/20100101 Firefox/10.0.2"
80.98.47.178 - - [04/Mar/2012:12:28:26 +0100] "GET /lb/images/loading.gif HTTP/1.1" 200 2767 "http://rulettmania.hu/" "Mozilla/5.0 (compatible; MSIE 9.0; Windows NT 6.1; Trident/5.0)"
80.98.47.178 - - [04/Mar/2012:12:28:26 +0100] "GET /lb/images/closelabel.gif HTTP/1.1" 200 222 "http://rulettmania.hu/" "Mozilla/5.0 (compatible; MSIE 9.0; Windows NT 6.1; Trident/5.0)"
80.98.47.178 - - [04/Mar/2012:12:28:26 +0100] "GET /lb/images/blank.gif HTTP/1.1" 200 43 "http://rulettmania.hu/" "Mozilla/5.0 (compatible; MSIE 9.0; Windows NT 6.1; Trident/5.0)"
85.238.88.45 - - [04/Mar/2012:12:28:27 +0100] "GET /lb/images/closelabel.gif HTTP/1.1" 200 222 "http://rulettmania.hu/" "Mozilla/5.0 (Windows NT 6.1) AppleWebKit/535.11 (KHTML, like Gecko) Chrome/17.0.963.56 Safari/535.11"
80.98.47.178 - - [04/Mar/2012:13:05:41 +0100] "GET /lb/images/loading.gif HTTP/1.1" 200 2767 "http://rulettmania.hu/index.php?foablak=affiliate.&labkep=welcomeInnerPartner" "Mozilla/5.0 (compatible; MSIE 9.0; Windows NT 6.1; Trident/5.0)"
80.98.47.178 - - [04/Mar/2012:13:05:41 +0100] "GET /lb/images/closelabel.gif HTTP/1.1" 200 222 "http://rulettmania.hu/index.php?foablak=affiliate.&labkep=welcomeInnerPartner" "Mozilla/5.0 (compatible; MSIE 9.0; Windows NT 6.1; Trident/5.0)"
80.98.47.178 - - [04/Mar/2012:13:05:43 +0100] "GET /lb/images/blank.gif HTTP/1.1" 200 43 "http://rulettmania.hu/index.php?foablak=affiliate.&labkep=welcomeInnerPartner" "Mozilla/5.0 (compatible; MSIE 9.0; Windows NT 6.1; Trident/5.0)"
194.149.63.121 - - [04/Mar/2012:13:07:45 +0100] "GET /lb/images/closelabel.gif HTTP/1.1" 200 222 "http://rulettmania.hu/" "Mozilla/5.0 (compatible; MSIE 9.0; Windows NT 6.1; WOW64; Trident/5.0)"
194.149.63.121 - - [04/Mar/2012:13:07:45 +0100] "GET /lb/images/blank.gif HTTP/1.1" 200 43 "http://rulettmania.hu/" "Mozilla/5.0 (compatible; MSIE 9.0; Windows NT 6.1; WOW64; Trident/5.0)"
194.149.63.121 - - [04/Mar/2012:13:07:45 +0100] "GET /lb/images/loading.gif HTTP/1.1" 200 2767 "http://rulettmania.hu/" "Mozilla/5.0 (compatible; MSIE 9.0; Windows NT 6.1; WOW64; Trident/5.0)"
82.131.218.143 - - [04/Mar/2012:13:34:40 +0100] "GET /lb/images/loading.gif HTTP/1.1" 200 2767 "-" "Mozilla/5.0 (Windows NT 6.1; WOW64; rv:10.0.2) Gecko/20100101 Firefox/10.0.2"
82.131.218.143 - - [04/Mar/2012:13:34:40 +0100] "GET /lb/images/closelabel.gif HTTP/1.1" 200 222 "-" "Mozilla/5.0 (Windows NT 6.1; WOW64; rv:10.0.2) Gecko/20100101 Firefox/10.0.2"
89.186.96.249 - - [04/Mar/2012:13:40:06 +0100] "GET /lb/images/loading.gif HTTP/1.1" 200 2767 "http://rulettmania.hu/" "Mozilla/5.0 (Windows NT 5.1; rv:10.0.2) Gecko/20100101 Firefox/10.0.2"
89.186.96.249 - - [04/Mar/2012:13:40:06 +0100] "GET /lb/images/closelabel.gif HTTP/1.1" 200 222 "http://rulettmania.hu/" "Mozilla/5.0 (Windows NT 5.1; rv:10.0.2) Gecko/20100101 Firefox/10.0.2"
95.108.248.30 - - [04/Mar/2012:13:42:03 +0100] "GET /hirek/klimatv_civilcikk.doc HTTP/1.1" 200 78336 "-" "Mozilla/5.0 (compatible; YandexBot/3.0; +http://yandex.com/bots)"
178.48.92.121 - - [04/Mar/2012:14:01:20 +0100] "GET /lb/images/loading.gif HTTP/1.1" 200 2767 "http://rulettmania.hu/index.php?foablak=webshop.&labkep=welcomeInnerShop" "Mozilla/5.0 (Windows NT 5.1; rv:10.0.2) Gecko/20100101 Firefox/10.0.2"
178.48.92.121 - - [04/Mar/2012:14:01:20 +0100] "GET /lb/images/closelabel.gif HTTP/1.1" 200 222 "http://rulettmania.hu/index.php?foablak=webshop.&labkep=welcomeInnerShop" "Mozilla/5.0 (Windows NT 5.1; rv:10.0.2) Gecko/20100101 Firefox/10.0.2"
79.120.164.176 - - [04/Mar/2012:14:09:36 +0100] "GET /lb/images/loading.gif HTTP/1.1" 200 2767 "http://www.rulettmania.hu/index.php?foablak=szovegtorzs.&labkep=welcomeInner" "Mozilla/4.0 (compatible; MSIE 7.0; Windows NT 5.1; GTB7.3; .NET CLR 2.0.50727; InfoPath.1; .NET CLR 3.0.4506.2152; .NET CLR 3.5.30729)"
79.120.164.176 - - [04/Mar/2012:14:09:36 +0100] "GET /lb/images/closelabel.gif HTTP/1.1" 200 222 "http://www.rulettmania.hu/index.php?foablak=szovegtorzs.&labkep=welcomeInner" "Mozilla/4.0 (compatible; MSIE 7.0; Windows NT 5.1; GTB7.3; .NET CLR 2.0.50727; InfoPath.1; .NET CLR 3.0.4506.2152; .NET CLR 3.5.30729)"
79.120.164.176 - - [04/Mar/2012:14:09:42 +0100] "GET /lb/images/blank.gif HTTP/1.1" 200 43 "http://www.rulettmania.hu/index.php?foablak=szovegtorzs.&labkep=welcomeInner" "Mozilla/4.0 (compatible; MSIE 7.0; Windows NT 5.1; GTB7.3; .NET CLR 2.0.50727; InfoPath.1; .NET CLR 3.0.4506.2152; .NET CLR 3.5.30729)"
79.120.164.176 - - [04/Mar/2012:14:13:00 +0100] "GET /lb/images/loading.gif HTTP/1.1" 304 - "http://www.rulettmania.hu/index.php?foablak=affiliate.&labkep=welcomeInnerPartner" "Mozilla/4.0 (compatible; MSIE 7.0; Windows NT 5.1; GTB7.3; .NET CLR 2.0.50727; InfoPath.1; .NET CLR 3.0.4506.2152; .NET CLR 3.5.30729)"
79.120.164.176 - - [04/Mar/2012:14:13:00 +0100] "GET /lb/images/closelabel.gif HTTP/1.1" 304 - "http://www.rulettmania.hu/index.php?foablak=affiliate.&labkep=welcomeInnerPartner" "Mozilla/4.0 (compatible; MSIE 7.0; Windows NT 5.1; GTB7.3; .NET CLR 2.0.50727; InfoPath.1; .NET CLR 3.0.4506.2152; .NET CLR 3.5.30729)"
79.120.164.176 - - [04/Mar/2012:14:13:04 +0100] "GET /lb/images/blank.gif HTTP/1.1" 304 - "http://www.rulettmania.hu/index.php?foablak=affiliate.&labkep=welcomeInnerPartner" "Mozilla/4.0 (compatible; MSIE 7.0; Windows NT 5.1; GTB7.3; .NET CLR 2.0.50727; InfoPath.1; .NET CLR 3.0.4506.2152; .NET CLR 3.5.30729)"
77.21.147.173 - - [04/Mar/2012:14:16:34 +0100] "GET /fiok/kornyezet.htm HTTP/1.1" 200 22582 "-" "findlinks/2.0.2 (+http://wortschatz.uni-leipzig.de/findlinks/)"
193.224.131.44 - - [04/Mar/2012:14:31:05 +0100] "GET /lb/images/loading.gif HTTP/1.1" 200 2767 "http://rulettmania.hu/" "Mozilla/5.0 (Windows NT 6.1; WOW64) AppleWebKit/535.11 (KHTML, like Gecko) Chrome/17.0.963.56 Safari/535.11"
193.224.131.44 - - [04/Mar/2012:14:31:05 +0100] "GET /lb/images/closelabel.gif HTTP/1.1" 200 222 "http://rulettmania.hu/" "Mozilla/5.0 (Windows NT 6.1; WOW64) AppleWebKit/535.11 (KHTML, like Gecko) Chrome/17.0.963.56 Safari/535.11"
65.52.110.22 - - [04/Mar/2012:14:32:54 +0100] "GET /hirek/Natura_2000es_gyepgazdalkodas_eloirasai.ppt HTTP/1.1" 200 333312 "-" "Mozilla/5.0 (compatible; bingbot/2.0; +http://www.bing.com/bingbot.htm)"
85.238.88.45 - - [04/Mar/2012:15:02:44 +0100] "GET /lb/images/loading.gif HTTP/1.1" 200 2767 "http://rulettmania.hu/" "Mozilla/5.0 (Windows NT 6.1; WOW64) AppleWebKit/535.11 (KHTML, like Gecko) Chrome/17.0.963.56 Safari/535.11"
85.238.88.45 - - [04/Mar/2012:15:02:44 +0100] "GET /lb/images/closelabel.gif HTTP/1.1" 200 222 "http://rulettmania.hu/" "Mozilla/5.0 (Windows NT 6.1; WOW64) AppleWebKit/535.11 (KHTML, like Gecko) Chrome/17.0.963.56 Safari/535.11"
178.48.86.188 - - [04/Mar/2012:15:12:33 +0100] "GET /lb/images/closelabel.gif HTTP/1.1" 200 222 "http://rulettmania.hu/" "Opera/9.80 (Windows NT 6.1; U; hu) Presto/2.10.229 Version/11.61"
178.48.86.188 - - [04/Mar/2012:15:12:33 +0100] "GET /lb/images/loading.gif HTTP/1.1" 200 2767 "http://rulettmania.hu/" "Opera/9.80 (Windows NT 6.1; U; hu) Presto/2.10.229 Version/11.61"
85.90.182.62 - - [04/Mar/2012:15:19:48 +0100] "GET /lb/images/loading.gif HTTP/1.1" 200 2767 "http://rulettmania.hu/" "Mozilla/5.0 (Windows NT 6.1; rv:10.0.2) Gecko/20100101 Firefox/10.0.2"
85.90.182.62 - - [04/Mar/2012:15:19:48 +0100] "GET /lb/images/closelabel.gif HTTP/1.1" 200 222 "http://rulettmania.hu/" "Mozilla/5.0 (Windows NT 6.1; rv:10.0.2) Gecko/20100101 Firefox/10.0.2"
86.101.41.140 - - [04/Mar/2012:15:23:04 +0100] "GET /lb/images/loading.gif HTTP/1.1" 200 2767 "http://rulettmania.hu/" "Mozilla/5.0 (Windows NT 5.1) AppleWebKit/535.11 (KHTML, like Gecko) Chrome/17.0.963.56 Safari/535.11"
86.101.41.140 - - [04/Mar/2012:15:23:04 +0100] "GET /lb/images/closelabel.gif HTTP/1.1" 200 222 "http://rulettmania.hu/" "Mozilla/5.0 (Windows NT 5.1) AppleWebKit/535.11 (KHTML, like Gecko) Chrome/17.0.963.56 Safari/535.11"
92.63.249.231 - - [04/Mar/2012:15:39:07 +0100] "GET /lb/images/loading.gif HTTP/1.1" 200 2767 "http://rulettmania.hu/" "Mozilla/5.0 (Windows NT 5.1; rv:2.0.1) Gecko/20100101 Firefox/4.0.1"
92.63.249.231 - - [04/Mar/2012:15:39:07 +0100] "GET /lb/images/closelabel.gif HTTP/1.1" 200 222 "http://rulettmania.hu/" "Mozilla/5.0 (Windows NT 5.1; rv:2.0.1) Gecko/20100101 Firefox/4.0.1"
130.83.167.153 - - [04/Mar/2012:15:41:33 +0100] "GET /fiok/index.html HTTP/1.1" 200 20554 "-" "findlinks/2.0.4 (+http://wortschatz.uni-leipzig.de/findlinks/)"
208.115.113.84 - - [04/Mar/2012:15:55:02 +0100] "GET /robots.txt HTTP/1.1" 404 1181 "-" "Mozilla/5.0 (compatible; Ezooms/1.0; ezooms.bot@gmail.com)"
193.225.54.108 - - [04/Mar/2012:15:57:16 +0100] "GET /lb/images/loading.gif HTTP/1.1" 200 2767 "http://rulettmania.hu/" "Mozilla/5.0 (Windows NT 6.1; WOW64) AppleWebKit/535.11 (KHTML, like Gecko) Chrome/17.0.963.56 Safari/535.11"
193.225.54.108 - - [04/Mar/2012:15:57:16 +0100] "GET /lb/images/closelabel.gif HTTP/1.1" 200 222 "http://rulettmania.hu/" "Mozilla/5.0 (Windows NT 6.1; WOW64) AppleWebKit/535.11 (KHTML, like Gecko) Chrome/17.0.963.56 Safari/535.11"
84.0.116.67 - - [04/Mar/2012:16:05:23 +0100] "GET /lb/images/loading.gif HTTP/1.1" 200 2767 "http://www.rulettmania.hu/index.php?x=3" "Opera/9.80 (Windows NT 6.1; U; hu) Presto/2.6.30 Version/10.63"
84.0.116.67 - - [04/Mar/2012:16:05:23 +0100] "GET /lb/images/closelabel.gif HTTP/1.1" 200 222 "http://www.rulettmania.hu/index.php?x=3" "Opera/9.80 (Windows NT 6.1; U; hu) Presto/2.6.30 Version/10.63"
86.101.194.162 - - [04/Mar/2012:16:15:54 +0100] "GET /lb/images/loading.gif HTTP/1.1" 200 2767 "http://rulettmania.hu/index.php?foablak=szovegtorzs2." "Mozilla/5.0 (Windows NT 5.1; rv:10.0.2) Gecko/20100101 Firefox/10.0.2"
86.101.194.162 - - [04/Mar/2012:16:15:54 +0100] "GET /lb/images/closelabel.gif HTTP/1.1" 200 222 "http://rulettmania.hu/index.php?foablak=szovegtorzs2." "Mozilla/5.0 (Windows NT 5.1; rv:10.0.2) Gecko/20100101 Firefox/10.0.2"
89.135.19.67 - - [04/Mar/2012:16:37:59 +0100] "GET /lb/images/closelabel.gif HTTP/1.1" 200 222 "http://rulettmania.hu/" "Mozilla/5.0 (Windows NT 5.1; rv:10.0.2) Gecko/20100101 Firefox/10.0.2"
89.135.19.67 - - [04/Mar/2012:16:37:59 +0100] "GET /lb/images/loading.gif HTTP/1.1" 200 2767 "http://rulettmania.hu/" "Mozilla/5.0 (Windows NT 5.1; rv:10.0.2) Gecko/20100101 Firefox/10.0.2"
82.131.218.143 - - [04/Mar/2012:17:05:15 +0100] "GET /lb/images/loading.gif HTTP/1.1" 200 2767 "http://rulettmania.hu/" "Mozilla/5.0 (Symbian/3; Series60/5.2 Nokia500/010.029; Profile/MIDP-2.1 Configuration/CLDC-1.1 ) AppleWebKit/533.4 (KHTML, like Gecko) NokiaBrowser/7.3.1.37 Mobile Safari/533.4 3gpp-gba"
82.131.218.143 - - [04/Mar/2012:17:05:15 +0100] "GET /lb/images/closelabel.gif HTTP/1.1" 200 222 "http://rulettmania.hu/" "Mozilla/5.0 (Symbian/3; Series60/5.2 Nokia500/010.029; Profile/MIDP-2.1 Configuration/CLDC-1.1 ) AppleWebKit/533.4 (KHTML, like Gecko) NokiaBrowser/7.3.1.37 Mobile Safari/533.4 3gpp-gba"
77.21.147.115 - - [04/Mar/2012:17:08:50 +0100] "GET /hirek08_12.htm HTTP/1.1" 200 8268 "-" "findlinks/2.0.2 (+http://wortschatz.uni-leipzig.de/findlinks/)"
66.249.71.212 - - [04/Mar/2012:17:09:22 +0100] "GET /khb.htm HTTP/1.1" 200 8325 "-" "Mozilla/5.0 (compatible; Googlebot/2.1; +http://www.google.com/bot.html)"
208.115.113.84 - - [04/Mar/2012:17:19:34 +0100] "GET /deutsch/index.htm HTTP/1.1" 200 5324 "-" "Mozilla/5.0 (compatible; Ezooms/1.0; ezooms.bot@gmail.com)"
80.98.47.178 - - [04/Mar/2012:17:22:40 +0100] "GET /lb/images/loading.gif HTTP/1.1" 200 2767 "http://rulettmania.hu/" "Mozilla/5.0 (compatible; MSIE 9.0; Windows NT 6.1; Trident/5.0)"
80.98.47.178 - - [04/Mar/2012:17:22:40 +0100] "GET /lb/images/closelabel.gif HTTP/1.1" 200 222 "http://rulettmania.hu/" "Mozilla/5.0 (compatible; MSIE 9.0; Windows NT 6.1; Trident/5.0)"
80.98.47.178 - - [04/Mar/2012:17:22:42 +0100] "GET /lb/images/blank.gif HTTP/1.1" 200 43 "http://rulettmania.hu/" "Mozilla/5.0 (compatible; MSIE 9.0; Windows NT 6.1; Trident/5.0)"
95.108.248.30 - - [04/Mar/2012:17:35:28 +0100] "GET /hirek/hirek090510.htm HTTP/1.1" 200 12743 "-" "Mozilla/5.0 (compatible; YandexBot/3.0; +http://yandex.com/bots)"
212.96.49.53 - - [04/Mar/2012:17:49:14 +0100] "GET /lb/images/loading.gif HTTP/1.1" 200 2767 "http://www.rulettmania.hu/sportfogadas/index.php?foablak=szovegtorzs." "Mozilla/5.0 (Windows NT 6.1; rv:10.0.2) Gecko/20100101 Firefox/10.0.2"
212.96.49.53 - - [04/Mar/2012:17:49:14 +0100] "GET /lb/images/closelabel.gif HTTP/1.1" 200 222 "http://www.rulettmania.hu/sportfogadas/index.php?foablak=szovegtorzs." "Mozilla/5.0 (Windows NT 6.1; rv:10.0.2) Gecko/20100101 Firefox/10.0.2"
82.176.105.227 - - [04/Mar/2012:17:54:00 +0100] "GET /lb/images/closelabel.gif HTTP/1.1" 200 222 "http://rulettmania.hu/" "Mozilla/5.0 (Windows; U; Windows NT 5.1; hu; rv:1.9.2.27) Gecko/20120216 AskTbPTV2/3.14.1.20007 Firefox/3.6.27"
82.176.105.227 - - [04/Mar/2012:17:54:01 +0100] "GET /lb/images/loading.gif HTTP/1.1" 200 2767 "http://rulettmania.hu/" "Mozilla/5.0 (Windows; U; Windows NT 5.1; hu; rv:1.9.2.27) Gecko/20120216 AskTbPTV2/3.14.1.20007 Firefox/3.6.27"
95.108.248.30 - - [04/Mar/2012:17:54:37 +0100] "GET /hirek/hirek090930.htm HTTP/1.1" 200 7044 "-" "Mozilla/5.0 (compatible; YandexBot/3.0; +http://yandex.com/bots)"
89.135.75.137 - - [04/Mar/2012:18:00:32 +0100] "GET /lb/images/loading.gif HTTP/1.1" 200 2767 "http://rulettmania.hu/" "Mozilla/5.0 (X11; U; Linux i686; en-US) AppleWebKit/534.21 (KHTML, like Gecko) Chrome/11.0.678.0 Safari/534.21"
89.135.75.137 - - [04/Mar/2012:18:00:32 +0100] "GET /lb/images/closelabel.gif HTTP/1.1" 200 222 "http://rulettmania.hu/" "Mozilla/5.0 (X11; U; Linux i686; en-US) AppleWebKit/534.21 (KHTML, like Gecko) Chrome/11.0.678.0 Safari/534.21"
130.43.241.65 - - [04/Mar/2012:18:04:04 +0100] "GET /lb/images/loading.gif HTTP/1.1" 304 - "http://rulettmania.hu/" "Mozilla/5.0 (Windows NT 6.1; rv:11.0) Gecko/20100101 Firefox/11.0"
130.43.241.65 - - [04/Mar/2012:18:04:04 +0100] "GET /lb/images/closelabel.gif HTTP/1.1" 304 - "http://rulettmania.hu/" "Mozilla/5.0 (Windows NT 6.1; rv:11.0) Gecko/20100101 Firefox/11.0"
178.164.246.175 - - [04/Mar/2012:18:18:04 +0100] "GET /lb/images/loading.gif HTTP/1.1" 200 2767 "http://rulettmania.hu/" "Mozilla/4.0 (compatible; MSIE 8.0; Windows NT 6.1; Trident/4.0; GTB7.3; SLCC2; .NET CLR 2.0.50727; .NET CLR 3.5.30729; .NET CLR 3.0.30729; Media Center PC 6.0)"
178.164.246.175 - - [04/Mar/2012:18:18:04 +0100] "GET /lb/images/closelabel.gif HTTP/1.1" 200 222 "http://rulettmania.hu/" "Mozilla/4.0 (compatible; MSIE 8.0; Windows NT 6.1; Trident/4.0; GTB7.3; SLCC2; .NET CLR 2.0.50727; .NET CLR 3.5.30729; .NET CLR 3.0.30729; Media Center PC 6.0)"
178.164.246.175 - - [04/Mar/2012:18:18:04 +0100] "GET /lb/images/blank.gif HTTP/1.1" 200 43 "http://rulettmania.hu/" "Mozilla/4.0 (compatible; MSIE 8.0; Windows NT 6.1; Trident/4.0; GTB7.3; SLCC2; .NET CLR 2.0.50727; .NET CLR 3.5.30729; .NET CLR 3.0.30729; Media Center PC 6.0)"
178.48.92.121 - - [04/Mar/2012:18:21:06 +0100] "GET /lb/images/closelabel.gif HTTP/1.1" 200 222 "http://rulettmania.hu/index.php?foablak=webshop.&labkep=welcomeInnerShop" "Mozilla/5.0 (Windows NT 5.1; rv:10.0.2) Gecko/20100101 Firefox/10.0.2"
178.48.92.121 - - [04/Mar/2012:18:21:06 +0100] "GET /lb/images/loading.gif HTTP/1.1" 200 2767 "http://rulettmania.hu/index.php?foablak=webshop.&labkep=welcomeInnerShop" "Mozilla/5.0 (Windows NT 5.1; rv:10.0.2) Gecko/20100101 Firefox/10.0.2"
80.98.47.178 - - [04/Mar/2012:18:35:14 +0100] "GET /lb/images/loading.gif HTTP/1.1" 200 2767 "http://rulettmania.hu/" "Mozilla/5.0 (compatible; MSIE 9.0; Windows NT 6.1; Trident/5.0)"
80.98.47.178 - - [04/Mar/2012:18:35:14 +0100] "GET /lb/images/closelabel.gif HTTP/1.1" 200 222 "http://rulettmania.hu/" "Mozilla/5.0 (compatible; MSIE 9.0; Windows NT 6.1; Trident/5.0)"
80.98.47.178 - - [04/Mar/2012:18:35:16 +0100] "GET /lb/images/blank.gif HTTP/1.1" 200 43 "http://rulettmania.hu/" "Mozilla/5.0 (compatible; MSIE 9.0; Windows NT 6.1; Trident/5.0)"
94.21.8.6 - - [04/Mar/2012:18:44:57 +0100] "GET /lb/images/loading.gif HTTP/1.1" 200 2767 "http://rulettmania.hu/" "Mozilla/5.0 (Windows NT 6.1; WOW64) AppleWebKit/535.11 (KHTML, like Gecko) Chrome/17.0.963.56 Safari/535.11"
94.21.8.6 - - [04/Mar/2012:18:44:57 +0100] "GET /lb/images/closelabel.gif HTTP/1.1" 200 222 "http://rulettmania.hu/" "Mozilla/5.0 (Windows NT 6.1; WOW64) AppleWebKit/535.11 (KHTML, like Gecko) Chrome/17.0.963.56 Safari/535.11"
208.115.111.68 - - [04/Mar/2012:18:48:09 +0100] "GET /robots.txt HTTP/1.1" 404 1181 "-" "Mozilla/5.0 (compatible; Ezooms/1.0; ezooms.bot@gmail.com)"
66.249.71.212 - - [04/Mar/2012:18:55:01 +0100] "GET /robots.txt HTTP/1.1" 404 1181 "-" "Mozilla/5.0 (compatible; Googlebot/2.1; +http://www.google.com/bot.html)"
66.249.66.100 - - [04/Mar/2012:18:55:01 +0100] "GET /khb/beklen_2006_kh_jelentes.pdf HTTP/1.1" 200 171488 "-" "Mozilla/5.0 (compatible; Googlebot/2.1; +http://www.google.com/bot.html)"
89.133.25.174 - - [04/Mar/2012:18:57:13 +0100] "GET /lb/images/loading.gif HTTP/1.1" 200 2767 "http://www.rulettmania.hu/index.php?lang=hu" "Mozilla/5.0 (Windows; U; Windows NT 6.1; hu; rv:1.9.2.8) Gecko/20100722 Firefox/3.6.8"
89.133.25.174 - - [04/Mar/2012:18:57:13 +0100] "GET /lb/images/closelabel.gif HTTP/1.1" 200 222 "http://www.rulettmania.hu/index.php?lang=hu" "Mozilla/5.0 (Windows; U; Windows NT 6.1; hu; rv:1.9.2.8) Gecko/20100722 Firefox/3.6.8"
81.183.117.85 - - [04/Mar/2012:18:59:17 +0100] "GET /jog/eseteink/kavicszatony/index.htm HTTP/1.1" 200 16432 "http://www.google.hu/url?sa=t&rct=j&q=hat%C3%A1sbecsl%C3%A9s*%20kotr%C3%A1s*&source=web&cd=4&ved=0CD4QFjAD&url=http%3A%2F%2Fwww.beklen.hu%2Fjog%2Feseteink%2Fkavicszatony%2Findex.htm&ei=6apTT9V9zvfhBPel5LsN&usg=AFQjCNHAfqrsZE2TfBbq3tq_cB6VL-ktnQ" "Mozilla/4.0 (compatible; MSIE 8.0; Windows NT 5.1; Trident/4.0; InfoPath.1)"
81.183.117.85 - - [04/Mar/2012:18:59:17 +0100] "GET /jog/style.css HTTP/1.1" 200 21413 "http://www.beklen.hu/jog/eseteink/kavicszatony/index.htm" "Mozilla/4.0 (compatible; MSIE 8.0; Windows NT 5.1; Trident/4.0; InfoPath.1)"
81.183.117.85 - - [04/Mar/2012:18:59:18 +0100] "GET /jog/jquery.js HTTP/1.1" 200 72174 "http://www.beklen.hu/jog/eseteink/kavicszatony/index.htm" "Mozilla/4.0 (compatible; MSIE 8.0; Windows NT 5.1; Trident/4.0; InfoPath.1)"
81.183.117.85 - - [04/Mar/2012:18:59:18 +0100] "GET /jog/script.js HTTP/1.1" 200 5674 "http://www.beklen.hu/jog/eseteink/kavicszatony/index.htm" "Mozilla/4.0 (compatible; MSIE 8.0; Windows NT 5.1; Trident/4.0; InfoPath.1)"
81.183.117.85 - - [04/Mar/2012:18:59:18 +0100] "GET /jog/lb/js/prototype.js HTTP/1.1" 200 47603 "http://www.beklen.hu/jog/eseteink/kavicszatony/index.htm" "Mozilla/4.0 (compatible; MSIE 8.0; Windows NT 5.1; Trident/4.0; InfoPath.1)"
81.183.117.85 - - [04/Mar/2012:18:59:18 +0100] "GET /jog/lb/js/scriptaculous.js?load=effects HTTP/1.1" 200 2152 "http://www.beklen.hu/jog/eseteink/kavicszatony/index.htm" "Mozilla/4.0 (compatible; MSIE 8.0; Windows NT 5.1; Trident/4.0; InfoPath.1)"
81.183.117.85 - - [04/Mar/2012:18:59:18 +0100] "GET /jog/lb/js/effects.js HTTP/1.1" 200 31969 "http://www.beklen.hu/jog/eseteink/kavicszatony/index.htm" "Mozilla/4.0 (compatible; MSIE 8.0; Windows NT 5.1; Trident/4.0; InfoPath.1)"
81.183.117.85 - - [04/Mar/2012:18:59:19 +0100] "GET /jog/lb/js/lightbox.js HTTP/1.1" 200 23431 "http://www.beklen.hu/jog/eseteink/kavicszatony/index.htm" "Mozilla/4.0 (compatible; MSIE 8.0; Windows NT 5.1; Trident/4.0; InfoPath.1)"
81.183.117.85 - - [04/Mar/2012:18:59:19 +0100] "GET /jog/lb/css/lightbox.css HTTP/1.1" 200 1715 "http://www.beklen.hu/jog/eseteink/kavicszatony/index.htm" "Mozilla/4.0 (compatible; MSIE 8.0; Windows NT 5.1; Trident/4.0; InfoPath.1)"
81.183.117.85 - - [04/Mar/2012:18:59:19 +0100] "GET /jog/eseteink/kavicszatony/dscf0084_.jpg HTTP/1.1" 200 2611 "http://www.beklen.hu/jog/eseteink/kavicszatony/index.htm" "Mozilla/4.0 (compatible; MSIE 8.0; Windows NT 5.1; Trident/4.0; InfoPath.1)"
81.183.117.85 - - [04/Mar/2012:18:59:19 +0100] "GET /jog/eseteink/kavicszatony/dscf0024_.jpg HTTP/1.1" 200 2902 "http://www.beklen.hu/jog/eseteink/kavicszatony/index.htm" "Mozilla/4.0 (compatible; MSIE 8.0; Windows NT 5.1; Trident/4.0; InfoPath.1)"
81.183.117.85 - - [04/Mar/2012:18:59:19 +0100] "GET /jog/img/file_pdf.png HTTP/1.1" 200 581 "http://www.beklen.hu/jog/eseteink/kavicszatony/index.htm" "Mozilla/4.0 (compatible; MSIE 8.0; Windows NT 5.1; Trident/4.0; InfoPath.1)"
81.183.117.85 - - [04/Mar/2012:18:59:19 +0100] "GET /jog/images/spacer.gif HTTP/1.1" 200 43 "http://www.beklen.hu/jog/eseteink/kavicszatony/index.htm" "Mozilla/4.0 (compatible; MSIE 8.0; Windows NT 5.1; Trident/4.0; InfoPath.1)"
81.183.117.85 - - [04/Mar/2012:18:59:19 +0100] "GET /jog/images/Bottom_texture.jpg HTTP/1.1" 200 193775 "http://www.beklen.hu/jog/eseteink/kavicszatony/index.htm" "Mozilla/4.0 (compatible; MSIE 8.0; Windows NT 5.1; Trident/4.0; InfoPath.1)"
81.183.117.85 - - [04/Mar/2012:18:59:20 +0100] "GET /jog/images/header.png HTTP/1.1" 200 170837 "http://www.beklen.hu/jog/eseteink/kavicszatony/index.htm" "Mozilla/4.0 (compatible; MSIE 8.0; Windows NT 5.1; Trident/4.0; InfoPath.1)"
81.183.117.85 - - [04/Mar/2012:18:59:20 +0100] "GET /jog/images/nav.png HTTP/1.1" 200 10482 "http://www.beklen.hu/jog/eseteink/kavicszatony/index.htm" "Mozilla/4.0 (compatible; MSIE 8.0; Windows NT 5.1; Trident/4.0; InfoPath.1)"
81.183.117.85 - - [04/Mar/2012:18:59:20 +0100] "GET /jog/images/menuitem.png HTTP/1.1" 200 20398 "http://www.beklen.hu/jog/eseteink/kavicszatony/index.htm" "Mozilla/4.0 (compatible; MSIE 8.0; Windows NT 5.1; Trident/4.0; InfoPath.1)"
81.183.117.85 - - [04/Mar/2012:18:59:20 +0100] "GET /jog/images/subitem.png HTTP/1.1" 200 81 "http://www.beklen.hu/jog/eseteink/kavicszatony/index.htm" "Mozilla/4.0 (compatible; MSIE 8.0; Windows NT 5.1; Trident/4.0; InfoPath.1)"
81.183.117.85 - - [04/Mar/2012:18:59:20 +0100] "GET /jog/images/post_h.png HTTP/1.1" 200 292 "http://www.beklen.hu/jog/eseteink/kavicszatony/index.htm" "Mozilla/4.0 (compatible; MSIE 8.0; Windows NT 5.1; Trident/4.0; InfoPath.1)"
81.183.117.85 - - [04/Mar/2012:18:59:20 +0100] "GET /jog/images/post_v.png HTTP/1.1" 200 310 "http://www.beklen.hu/jog/eseteink/kavicszatony/index.htm" "Mozilla/4.0 (compatible; MSIE 8.0; Windows NT 5.1; Trident/4.0; InfoPath.1)"
81.183.117.85 - - [04/Mar/2012:18:59:20 +0100] "GET /jog/images/post_s.png HTTP/1.1" 200 466 "http://www.beklen.hu/jog/eseteink/kavicszatony/index.htm" "Mozilla/4.0 (compatible; MSIE 8.0; Windows NT 5.1; Trident/4.0; InfoPath.1)"
81.183.117.85 - - [04/Mar/2012:18:59:20 +0100] "GET /jog/images/post_c.png HTTP/1.1" 200 204 "http://www.beklen.hu/jog/eseteink/kavicszatony/index.htm" "Mozilla/4.0 (compatible; MSIE 8.0; Windows NT 5.1; Trident/4.0; InfoPath.1)"
81.183.117.85 - - [04/Mar/2012:18:59:21 +0100] "GET /jog/favicon.ico HTTP/1.1" 200 1150 "-" "Mozilla/4.0 (compatible; MSIE 8.0; Windows NT 5.1; Trident/4.0; InfoPath.1)"
95.102.86.95 - - [04/Mar/2012:19:08:30 +0100] "GET /lb/images/loading.gif HTTP/1.1" 200 2767 "http://rulettmania.hu/" "Mozilla/5.0 (Windows NT 6.1; WOW64; rv:10.0.2) Gecko/20100101 Firefox/10.0.2"
95.102.86.95 - - [04/Mar/2012:19:08:30 +0100] "GET /lb/images/closelabel.gif HTTP/1.1" 200 222 "http://rulettmania.hu/" "Mozilla/5.0 (Windows NT 6.1; WOW64; rv:10.0.2) Gecko/20100101 Firefox/10.0.2"
92.239.236.230 - - [04/Mar/2012:19:16:33 +0100] "GET /lb/images/loading.gif HTTP/1.1" 200 2767 "http://rulettmania.hu/" "Mozilla/5.0 (Windows NT 6.0) AppleWebKit/535.11 (KHTML, like Gecko) Chrome/17.0.963.56 Safari/535.11"
92.239.236.230 - - [04/Mar/2012:19:16:33 +0100] "GET /lb/images/closelabel.gif HTTP/1.1" 200 222 "http://rulettmania.hu/" "Mozilla/5.0 (Windows NT 6.0) AppleWebKit/535.11 (KHTML, like Gecko) Chrome/17.0.963.56 Safari/535.11"
157.55.16.177 - - [04/Mar/2012:19:27:18 +0100] "GET /robots.txt HTTP/1.1" 404 1181 "-" "Mozilla/5.0 (compatible; bingbot/2.0; +http://www.bing.com/bingbot.htm)"
157.55.16.177 - - [04/Mar/2012:19:27:41 +0100] "GET /kapcsolat.htm HTTP/1.1" 304 - "-" "Mozilla/5.0 (compatible; bingbot/2.0; +http://www.bing.com/bingbot.htm)"
86.101.203.49 - - [04/Mar/2012:19:30:45 +0100] "GET /lb/images/loading.gif HTTP/1.1" 200 2767 "http://www.rulettmania.hu/sportfogadas/admin/index.php" "Mozilla/5.0 (compatible; MSIE 9.0; Windows NT 6.1; Trident/5.0; BOIE9;HUHU)"
86.101.203.49 - - [04/Mar/2012:19:30:45 +0100] "GET /lb/images/closelabel.gif HTTP/1.1" 200 222 "http://www.rulettmania.hu/sportfogadas/admin/index.php" "Mozilla/5.0 (compatible; MSIE 9.0; Windows NT 6.1; Trident/5.0; BOIE9;HUHU)"
86.101.203.49 - - [04/Mar/2012:19:30:49 +0100] "GET /lb/images/blank.gif HTTP/1.1" 200 43 "http://www.rulettmania.hu/sportfogadas/admin/index.php" "Mozilla/5.0 (compatible; MSIE 9.0; Windows NT 6.1; Trident/5.0; BOIE9;HUHU)"
87.97.47.119 - - [04/Mar/2012:20:02:07 +0100] "GET /lb/images/loading.gif HTTP/1.1" 200 2767 "http://rulettmania.hu/" "Mozilla/5.0 (Windows NT 5.1; rv:10.0.2) Gecko/20100101 Firefox/10.0.2"
87.97.47.119 - - [04/Mar/2012:20:02:08 +0100] "GET /lb/images/closelabel.gif HTTP/1.1" 200 222 "http://rulettmania.hu/" "Mozilla/5.0 (Windows NT 5.1; rv:10.0.2) Gecko/20100101 Firefox/10.0.2"
80.98.47.178 - - [04/Mar/2012:20:02:44 +0100] "GET /lb/images/closelabel.gif HTTP/1.1" 200 222 "http://rulettmania.hu/" "Mozilla/5.0 (compatible; MSIE 9.0; Windows NT 6.1; Trident/5.0)"
80.98.47.178 - - [04/Mar/2012:20:02:44 +0100] "GET /lb/images/loading.gif HTTP/1.1" 200 2767 "http://rulettmania.hu/" "Mozilla/5.0 (compatible; MSIE 9.0; Windows NT 6.1; Trident/5.0)"
80.98.47.178 - - [04/Mar/2012:20:02:44 +0100] "GET /lb/images/blank.gif HTTP/1.1" 200 43 "http://rulettmania.hu/" "Mozilla/5.0 (compatible; MSIE 9.0; Windows NT 6.1; Trident/5.0)"
208.115.111.68 - - [04/Mar/2012:20:33:41 +0100] "GET /nca06.htm HTTP/1.1" 200 19034 "-" "Mozilla/5.0 (compatible; Ezooms/1.0; ezooms.bot@gmail.com)"
66.249.66.100 - - [04/Mar/2012:20:53:35 +0100] "GET /khb/beklen_2005_kh_jelent%C3%A9s.pdf HTTP/1.1" 404 1181 "-" "Mozilla/5.0 (compatible; Googlebot/2.1; +http://www.google.com/bot.html)"
95.108.248.30 - - [04/Mar/2012:21:24:40 +0100] "GET /hirek/jelentkezesi_lap.doc HTTP/1.1" 304 - "-" "Mozilla/5.0 (compatible; YandexBot/3.0; +http://yandex.com/bots)"
95.108.248.30 - - [04/Mar/2012:21:24:42 +0100] "GET /deutsch/index.htm HTTP/1.1" 304 - "-" "Mozilla/5.0 (compatible; YandexBot/3.0; +http://yandex.com/bots)"
80.98.47.178 - - [04/Mar/2012:21:25:12 +0100] "GET /lb/images/loading.gif HTTP/1.1" 200 2767 "http://rulettmania.hu/" "Mozilla/5.0 (compatible; MSIE 9.0; Windows NT 6.1; Trident/5.0)"
80.98.47.178 - - [04/Mar/2012:21:25:12 +0100] "GET /lb/images/closelabel.gif HTTP/1.1" 200 222 "http://rulettmania.hu/" "Mozilla/5.0 (compatible; MSIE 9.0; Windows NT 6.1; Trident/5.0)"
80.98.47.178 - - [04/Mar/2012:21:25:13 +0100] "GET /lb/images/blank.gif HTTP/1.1" 200 43 "http://rulettmania.hu/index.php?foablak=affiliate.&labkep=welcomeInnerPartner" "Mozilla/5.0 (compatible; MSIE 9.0; Windows NT 6.1; Trident/5.0)"
89.133.185.111 - - [04/Mar/2012:21:33:40 +0100] "GET /lb/images/closelabel.gif HTTP/1.1" 200 222 "http://rulettmania.hu/" "Mozilla/5.0 (compatible; MSIE 9.0; Windows NT 6.1; Trident/5.0)"
89.133.185.111 - - [04/Mar/2012:21:33:40 +0100] "GET /lb/images/loading.gif HTTP/1.1" 200 2767 "http://rulettmania.hu/" "Mozilla/5.0 (compatible; MSIE 9.0; Windows NT 6.1; Trident/5.0)"
89.133.185.111 - - [04/Mar/2012:21:35:18 +0100] "GET /lb/images/blank.gif HTTP/1.1" 200 43 "http://rulettmania.hu/" "Mozilla/5.0 (compatible; MSIE 9.0; Windows NT 6.1; Trident/5.0)"
91.83.65.248 - - [04/Mar/2012:21:49:13 +0100] "GET /lb/images/loading.gif HTTP/1.1" 200 2767 "http://rulettmania.hu/index.php?foablak=aszf.&labkep=welcomeInner" "Mozilla/5.0 (Windows; U; Windows NT 6.1; hu; rv:1.9.2.27) Gecko/20120216 Firefox/3.6.27"
91.83.65.248 - - [04/Mar/2012:21:49:13 +0100] "GET /lb/images/closelabel.gif HTTP/1.1" 200 222 "http://rulettmania.hu/index.php?foablak=aszf.&labkep=welcomeInner" "Mozilla/5.0 (Windows; U; Windows NT 6.1; hu; rv:1.9.2.27) Gecko/20120216 Firefox/3.6.27"
82.131.218.143 - - [04/Mar/2012:21:53:03 +0100] "GET /lb/images/loading.gif HTTP/1.1" 200 2767 "-" "Mozilla/5.0 (Windows NT 6.1; WOW64; rv:10.0.2) Gecko/20100101 Firefox/10.0.2"
82.131.218.143 - - [04/Mar/2012:21:53:03 +0100] "GET /lb/images/closelabel.gif HTTP/1.1" 200 222 "-" "Mozilla/5.0 (Windows NT 6.1; WOW64; rv:10.0.2) Gecko/20100101 Firefox/10.0.2"
193.224.131.44 - - [04/Mar/2012:22:03:08 +0100] "GET /lb/images/loading.gif HTTP/1.1" 200 2767 "http://rulettmania.hu/" "Mozilla/5.0 (Windows NT 6.1; WOW64) AppleWebKit/535.11 (KHTML, like Gecko) Chrome/17.0.963.56 Safari/535.11"
193.224.131.44 - - [04/Mar/2012:22:03:08 +0100] "GET /lb/images/closelabel.gif HTTP/1.1" 200 222 "http://rulettmania.hu/" "Mozilla/5.0 (Windows NT 6.1; WOW64) AppleWebKit/535.11 (KHTML, like Gecko) Chrome/17.0.963.56 Safari/535.11"
87.97.47.119 - - [04/Mar/2012:22:07:06 +0100] "GET /lb/images/closelabel.gif HTTP/1.1" 200 222 "http://rulettmania.hu/" "Mozilla/5.0 (Windows NT 5.1; rv:10.0.2) Gecko/20100101 Firefox/10.0.2"
87.97.47.119 - - [04/Mar/2012:22:07:06 +0100] "GET /lb/images/loading.gif HTTP/1.1" 200 2767 "http://rulettmania.hu/" "Mozilla/5.0 (Windows NT 5.1; rv:10.0.2) Gecko/20100101 Firefox/10.0.2"
208.115.113.84 - - [04/Mar/2012:23:38:26 +0100] "GET /robots.txt HTTP/1.1" 404 1181 "-" "Mozilla/5.0 (compatible; Ezooms/1.0; ezooms.bot@gmail.com)"
94.21.99.195 - - [04/Mar/2012:23:39:21 +0100] "GET /lb/images/loading.gif HTTP/1.1" 200 2767 "http://rulettmania.hu/" "Mozilla/5.0 (Windows; U; Windows NT 6.1; hu; rv:1.9.2.10) Gecko/20100914 Firefox/3.6.10"
94.21.99.195 - - [04/Mar/2012:23:39:21 +0100] "GET /lb/images/closelabel.gif HTTP/1.1" 200 222 "http://rulettmania.hu/" "Mozilla/5.0 (Windows; U; Windows NT 6.1; hu; rv:1.9.2.10) Gecko/20100914 Firefox/3.6.10"
208.107.186.76 - - [04/Mar/2012:23:59:10 +0100] "GET /robots.txt HTTP/1.0" 404 1181 "-" "Mozilla/5.0 (compatible; MJ12bot/v1.4.2; http://www.majestic12.co.uk/bot.php?+)"
208.107.186.76 - - [04/Mar/2012:23:59:13 +0100] "GET / HTTP/1.1" 200 23794 "-" "Mozilla/5.0 (compatible; MJ12bot/v1.4.2; http://www.majestic12.co.uk/bot.php?+)"
79.120.164.62 - - [05/Mar/2012:00:18:38 +0100] "GET /lb/images/closelabel.gif HTTP/1.1" 200 222 "http://rulettmania.hu/index.php?foablak=szovegtorzs.&labkep=welcomeInner" "Mozilla/4.0 (compatible; MSIE 8.0; Windows NT 5.1; Trident/4.0; GTB5; .NET CLR 2.0.50727; .NET CLR 3.0.4506.2152; .NET CLR 3.5.30729; .NET CLR 1.1.4322; InfoPath.1; .NET4.0C; .NET4.0E; BRI/2; AskTbORJ/5.14.1.20007)"
79.120.164.62 - - [05/Mar/2012:00:18:38 +0100] "GET /lb/images/blank.gif HTTP/1.1" 200 43 "http://rulettmania.hu/index.php?foablak=szovegtorzs.&labkep=welcomeInner" "Mozilla/4.0 (compatible; MSIE 8.0; Windows NT 5.1; Trident/4.0; GTB5; .NET CLR 2.0.50727; .NET CLR 3.0.4506.2152; .NET CLR 3.5.30729; .NET CLR 1.1.4322; InfoPath.1; .NET4.0C; .NET4.0E; BRI/2; AskTbORJ/5.14.1.20007)"
79.120.164.62 - - [05/Mar/2012:00:18:38 +0100] "GET /lb/images/loading.gif HTTP/1.1" 200 2767 "http://rulettmania.hu/index.php?foablak=szovegtorzs.&labkep=welcomeInner" "Mozilla/4.0 (compatible; MSIE 8.0; Windows NT 5.1; Trident/4.0; GTB5; .NET CLR 2.0.50727; .NET CLR 3.0.4506.2152; .NET CLR 3.5.30729; .NET CLR 1.1.4322; InfoPath.1; .NET4.0C; .NET4.0E; BRI/2; AskTbORJ/5.14.1.20007)"
95.108.248.30 - - [05/Mar/2012:00:32:16 +0100] "GET /robots.txt HTTP/1.1" 404 1181 "-" "Mozilla/5.0 (compatible; YandexBot/3.0; +http://yandex.com/bots)"
95.108.248.30 - - [05/Mar/2012:00:32:18 +0100] "GET /deutsch/stellen.htm HTTP/1.1" 200 6824 "-" "Mozilla/5.0 (compatible; YandexBot/3.0; +http://yandex.com/bots)"
95.108.248.30 - - [05/Mar/2012:00:32:21 +0100] "GET / HTTP/1.1" 200 23794 "-" "Mozilla/5.0 (compatible; YandexBot/3.0; +http://yandex.com/bots)"
95.108.248.30 - - [05/Mar/2012:00:34:06 +0100] "GET /hirek/hirek100420.htm HTTP/1.1" 200 7914 "-" "Mozilla/5.0 (compatible; YandexBot/3.0; +http://yandex.com/bots)"
88.56.254.134 - - [05/Mar/2012:00:51:03 +0100] "GET / HTTP/1.1" 200 23794 "-" "Java/1.4.1_04"
88.56.254.134 - - [05/Mar/2012:00:51:04 +0100] "GET /hirarchivum.htm HTTP/1.1" 200 24981 "-" "Java/1.4.1_04"
88.56.254.134 - - [05/Mar/2012:00:51:05 +0100] "GET /index.htm HTTP/1.1" 200 23794 "-" "Java/1.4.1_04"
88.56.254.134 - - [05/Mar/2012:00:51:06 +0100] "GET /kapcsolat.htm HTTP/1.1" 200 6889 "-" "Java/1.4.1_04"
88.56.254.134 - - [05/Mar/2012:00:51:07 +0100] "GET /magunkrol.htm HTTP/1.1" 200 9202 "-" "Java/1.4.1_04"
88.56.254.134 - - [05/Mar/2012:00:51:07 +0100] "GET /media.htm HTTP/1.1" 200 5208 "-" "Java/1.4.1_04"
88.56.254.134 - - [05/Mar/2012:00:51:07 +0100] "GET /programok.htm HTTP/1.1" 200 6416 "-" "Java/1.4.1_04"
88.56.254.134 - - [05/Mar/2012:00:51:09 +0100] "GET /vill.cs HTTP/1.1" 200 2676 "-" "Java/1.4.1_04"
88.56.254.134 - - [05/Mar/2012:00:51:09 +0100] "GET /hirek08_10.htm HTTP/1.1" 200 6946 "-" "Java/1.4.1_04"
88.56.254.134 - - [05/Mar/2012:00:51:10 +0100] "GET /hirek08_11.htm HTTP/1.1" 200 7253 "-" "Java/1.4.1_04"
88.56.254.134 - - [05/Mar/2012:00:51:11 +0100] "GET /hirek08_12.htm HTTP/1.1" 200 8268 "-" "Java/1.4.1_04"
88.56.254.134 - - [05/Mar/2012:00:51:11 +0100] "GET /hirek09_01.htm HTTP/1.1" 200 6841 "-" "Java/1.4.1_04"
88.56.254.134 - - [05/Mar/2012:00:51:11 +0100] "GET /hirek09_02.htm HTTP/1.1" 200 7450 "-" "Java/1.4.1_04"
88.56.254.134 - - [05/Mar/2012:00:51:11 +0100] "GET /hirek09_03.htm HTTP/1.1" 200 10726 "-" "Java/1.4.1_04"
88.56.254.134 - - [05/Mar/2012:00:51:12 +0100] "GET /&url=kapcsolat.htm HTTP/1.1" 404 1181 "-" "Java/1.4.1_04"
88.56.254.134 - - [05/Mar/2012:00:51:12 +0100] "GET /&url=programok.htm HTTP/1.1" 404 1181 "-" "Java/1.4.1_04"
88.56.254.134 - - [05/Mar/2012:00:51:12 +0100] "GET /&url=adomanyi.htm HTTP/1.1" 404 1181 "-" "Java/1.4.1_04"
88.56.254.134 - - [05/Mar/2012:00:51:13 +0100] "GET /bunt.htm HTTP/1.1" 200 5683 "-" "Java/1.4.1_04"
88.56.254.134 - - [05/Mar/2012:00:51:13 +0100] "GET /civilmuhely.htm HTTP/1.1" 200 8450 "-" "Java/1.4.1_04"
88.56.254.134 - - [05/Mar/2012:00:51:13 +0100] "GET /khb.htm HTTP/1.1" 200 8325 "-" "Java/1.4.1_04"
88.56.254.134 - - [05/Mar/2012:00:51:13 +0100] "GET /nca.htm HTTP/1.1" 200 7467 "-" "Java/1.4.1_04"
88.56.254.134 - - [05/Mar/2012:00:51:14 +0100] "GET /ncta.htm HTTP/1.1" 200 7221 "-" "Java/1.4.1_04"
88.56.254.134 - - [05/Mar/2012:00:51:14 +0100] "GET /nka.htm HTTP/1.1" 200 6221 "-" "Java/1.4.1_04"
88.56.254.134 - - [05/Mar/2012:00:51:15 +0100] "GET /szakmai.htm HTTP/1.1" 200 6054 "-" "Java/1.4.1_04"
88.56.254.134 - - [05/Mar/2012:00:51:15 +0100] "GET /ncta_a.htm HTTP/1.1" 200 7260 "-" "Java/1.4.1_04"
88.56.254.134 - - [05/Mar/2012:00:51:15 +0100] "GET /&url=civilmuhely.htm HTTP/1.1" 404 1181 "-" "Java/1.4.1_04"
88.56.254.134 - - [05/Mar/2012:00:51:15 +0100] "GET /&url=magunkrol.htm HTTP/1.1" 404 1181 "-" "Java/1.4.1_04"
88.56.254.134 - - [05/Mar/2012:00:51:16 +0100] "GET /nca04.htm HTTP/1.1" 200 16378 "-" "Java/1.4.1_04"
88.56.254.134 - - [05/Mar/2012:00:51:17 +0100] "GET /nca05.htm HTTP/1.1" 200 16412 "-" "Java/1.4.1_04"
88.56.254.134 - - [05/Mar/2012:00:51:18 +0100] "GET /nca06.htm HTTP/1.1" 200 19034 "-" "Java/1.4.1_04"
88.56.254.134 - - [05/Mar/2012:00:51:18 +0100] "GET /nca07.htm HTTP/1.1" 200 21968 "-" "Java/1.4.1_04"
88.56.254.134 - - [05/Mar/2012:00:51:19 +0100] "GET /nca08.htm HTTP/1.1" 200 21795 "-" "Java/1.4.1_04"
88.56.254.134 - - [05/Mar/2012:00:51:20 +0100] "GET /nca09.htm HTTP/1.1" 200 24315 "-" "Java/1.4.1_04"
88.56.254.134 - - [05/Mar/2012:00:51:21 +0100] "GET /nca10.htm HTTP/1.1" 200 16648 "-" "Java/1.4.1_04"
88.56.254.134 - - [05/Mar/2012:00:51:21 +0100] "GET /nca11.htm HTTP/1.1" 200 7133 "-" "Java/1.4.1_04"
88.56.254.134 - - [05/Mar/2012:00:51:21 +0100] "GET /kiadvanyok.htm HTTP/1.1" 200 8206 "-" "Java/1.4.1_04"
88.56.254.134 - - [05/Mar/2012:00:51:22 +0100] "GET /deutsch/index.htm HTTP/1.1" 200 5324 "-" "Java/1.4.1_04"
88.56.254.134 - - [05/Mar/2012:00:51:24 +0100] "GET /english/index.htm HTTP/1.1" 200 5262 "-" "Java/1.4.1_04"
88.56.254.134 - - [05/Mar/2012:00:51:26 +0100] "GET /fiok/index.html HTTP/1.1" 200 20554 "-" "Java/1.4.1_04"
88.56.254.134 - - [05/Mar/2012:00:51:26 +0100] "GET /hirek/hirek091015.htm HTTP/1.1" 200 7046 "-" "Java/1.4.1_04"
88.56.254.134 - - [05/Mar/2012:00:51:27 +0100] "GET /hirek/hirek091102.htm HTTP/1.1" 200 8538 "-" "Java/1.4.1_04"
88.56.254.134 - - [05/Mar/2012:00:51:29 +0100] "GET /hirek/hirek091103.htm HTTP/1.1" 200 7301 "-" "Java/1.4.1_04"
88.56.254.134 - - [05/Mar/2012:00:51:30 +0100] "GET /hirek/hirek091221.htm HTTP/1.1" 200 6740 "-" "Java/1.4.1_04"
88.56.254.134 - - [05/Mar/2012:00:51:30 +0100] "GET /hirek/hirek100225.htm HTTP/1.1" 200 7288 "-" "Java/1.4.1_04"
79.120.190.208 - - [05/Mar/2012:01:17:08 +0100] "GET /lb/images/closelabel.gif HTTP/1.1" 200 222 "http://www.rulettmania.hu/" "Mozilla/5.0 (Windows NT 6.1; rv:10.0.2) Gecko/20100101 Firefox/10.0.2"
79.120.190.208 - - [05/Mar/2012:01:17:08 +0100] "GET /lb/images/loading.gif HTTP/1.1" 200 2767 "http://www.rulettmania.hu/" "Mozilla/5.0 (Windows NT 6.1; rv:10.0.2) Gecko/20100101 Firefox/10.0.2"
208.115.113.84 - - [05/Mar/2012:01:22:26 +0100] "GET /english/programs.htm HTTP/1.1" 200 5614 "-" "Mozilla/5.0 (compatible; Ezooms/1.0; ezooms.bot@gmail.com)"
208.115.113.84 - - [05/Mar/2012:01:22:36 +0100] "GET /hirek/hirek090509.htm HTTP/1.1" 200 7803 "-" "Mozilla/5.0 (compatible; Ezooms/1.0; ezooms.bot@gmail.com)"
110.174.34.84 - - [05/Mar/2012:01:24:00 +0100] "GET /lb/images/loading.gif HTTP/1.1" 200 2767 "http://rulettmania.hu/" "Mozilla/5.0 (Windows NT 6.1; WOW64; rv:9.0.1) Gecko/20100101 Firefox/9.0.1"
110.174.34.84 - - [05/Mar/2012:01:24:00 +0100] "GET /lb/images/closelabel.gif HTTP/1.1" 200 222 "http://rulettmania.hu/" "Mozilla/5.0 (Windows NT 6.1; WOW64; rv:9.0.1) Gecko/20100101 Firefox/9.0.1"
95.108.248.30 - - [05/Mar/2012:01:24:26 +0100] "GET /hirek/hirek091221.htm HTTP/1.1" 304 - "-" "Mozilla/5.0 (compatible; YandexBot/3.0; +http://yandex.com/bots)"
95.108.248.30 - - [05/Mar/2012:01:27:54 +0100] "GET /hirek/hirek100305.htm HTTP/1.1" 304 - "-" "Mozilla/5.0 (compatible; YandexBot/3.0; +http://yandex.com/bots)"
84.2.108.143 - - [05/Mar/2012:01:46:13 +0100] "GET /lb/images/loading.gif HTTP/1.1" 200 2767 "http://rulettmania.hu/" "Mozilla/4.0 (compatible; MSIE 8.0; Windows NT 5.1; Trident/4.0; BTRS122332; Mozilla/4.0 (compatible; MSIE 6.0; Windows NT 5.1; SV1) ; .NET CLR 2.0.50727; .NET CLR 3.0.4506.2152; .NET CLR 3.5.30729)"
84.2.108.143 - - [05/Mar/2012:01:46:13 +0100] "GET /lb/images/closelabel.gif HTTP/1.1" 200 222 "http://rulettmania.hu/" "Mozilla/4.0 (compatible; MSIE 8.0; Windows NT 5.1; Trident/4.0; BTRS122332; Mozilla/4.0 (compatible; MSIE 6.0; Windows NT 5.1; SV1) ; .NET CLR 2.0.50727; .NET CLR 3.0.4506.2152; .NET CLR 3.5.30729)"
84.2.108.143 - - [05/Mar/2012:01:46:13 +0100] "GET /lb/images/blank.gif HTTP/1.1" 200 43 "http://rulettmania.hu/" "Mozilla/4.0 (compatible; MSIE 8.0; Windows NT 5.1; Trident/4.0; BTRS122332; Mozilla/4.0 (compatible; MSIE 6.0; Windows NT 5.1; SV1) ; .NET CLR 2.0.50727; .NET CLR 3.0.4506.2152; .NET CLR 3.5.30729)"
84.2.108.143 - - [05/Mar/2012:01:47:11 +0100] "GET /lb/images/loading.gif HTTP/1.1" 304 - "http://www.rulettmania.hu/sportfogadas/" "Mozilla/4.0 (compatible; MSIE 8.0; Windows NT 5.1; Trident/4.0; BTRS122332; Mozilla/4.0 (compatible; MSIE 6.0; Windows NT 5.1; SV1) ; .NET CLR 2.0.50727; .NET CLR 3.0.4506.2152; .NET CLR 3.5.30729)"
84.2.108.143 - - [05/Mar/2012:01:47:11 +0100] "GET /lb/images/closelabel.gif HTTP/1.1" 304 - "http://www.rulettmania.hu/sportfogadas/" "Mozilla/4.0 (compatible; MSIE 8.0; Windows NT 5.1; Trident/4.0; BTRS122332; Mozilla/4.0 (compatible; MSIE 6.0; Windows NT 5.1; SV1) ; .NET CLR 2.0.50727; .NET CLR 3.0.4506.2152; .NET CLR 3.5.30729)"
84.2.108.143 - - [05/Mar/2012:01:51:00 +0100] "GET /lb/images/blank.gif HTTP/1.1" 304 - "http://www.rulettmania.hu/sportfogadas/index2.php?foablak=fogadasitipusok." "Mozilla/4.0 (compatible; MSIE 8.0; Windows NT 5.1; Trident/4.0; BTRS122332; Mozilla/4.0 (compatible; MSIE 6.0; Windows NT 5.1; SV1) ; .NET CLR 2.0.50727; .NET CLR 3.0.4506.2152; .NET CLR 3.5.30729)"
95.108.248.30 - - [05/Mar/2012:01:54:44 +0100] "GET /hirek/klimatv_civilcikk.doc HTTP/1.1" 200 78336 "-" "Mozilla/5.0 (compatible; YandexBot/3.0; +http://yandex.com/bots)"
84.2.108.143 - - [05/Mar/2012:02:13:35 +0100] "GET /lb/images/loading.gif HTTP/1.1" 304 - "http://www.rulettmania.hu/sportfogadas/index2.php?foablak=szovegtorzs." "Mozilla/4.0 (compatible; MSIE 8.0; Windows NT 5.1; Trident/4.0; BTRS122332; Mozilla/4.0 (compatible; MSIE 6.0; Windows NT 5.1; SV1) ; .NET CLR 2.0.50727; .NET CLR 3.0.4506.2152; .NET CLR 3.5.30729)"
84.2.108.143 - - [05/Mar/2012:02:13:35 +0100] "GET /lb/images/closelabel.gif HTTP/1.1" 304 - "http://www.rulettmania.hu/sportfogadas/index2.php?foablak=szovegtorzs." "Mozilla/4.0 (compatible; MSIE 8.0; Windows NT 5.1; Trident/4.0; BTRS122332; Mozilla/4.0 (compatible; MSIE 6.0; Windows NT 5.1; SV1) ; .NET CLR 2.0.50727; .NET CLR 3.0.4506.2152; .NET CLR 3.5.30729)"
84.2.108.143 - - [05/Mar/2012:02:13:35 +0100] "GET /lb/images/blank.gif HTTP/1.1" 304 - "http://www.rulettmania.hu/sportfogadas/index2.php?foablak=szovegtorzs." "Mozilla/4.0 (compatible; MSIE 8.0; Windows NT 5.1; Trident/4.0; BTRS122332; Mozilla/4.0 (compatible; MSIE 6.0; Windows NT 5.1; SV1) ; .NET CLR 2.0.50727; .NET CLR 3.0.4506.2152; .NET CLR 3.5.30729)"
84.2.108.143 - - [05/Mar/2012:02:16:11 +0100] "GET /lb/images/loading.gif HTTP/1.1" 304 - "http://www.rulettmania.hu/sportfogadas/index2.php?foablak=szovegtorzs." "Mozilla/4.0 (compatible; MSIE 8.0; Windows NT 5.1; Trident/4.0; BTRS122332; Mozilla/4.0 (compatible; MSIE 6.0; Windows NT 5.1; SV1) ; .NET CLR 2.0.50727; .NET CLR 3.0.4506.2152; .NET CLR 3.5.30729)"
84.2.108.143 - - [05/Mar/2012:02:16:11 +0100] "GET /lb/images/closelabel.gif HTTP/1.1" 304 - "http://www.rulettmania.hu/sportfogadas/index2.php?foablak=szovegtorzs." "Mozilla/4.0 (compatible; MSIE 8.0; Windows NT 5.1; Trident/4.0; BTRS122332; Mozilla/4.0 (compatible; MSIE 6.0; Windows NT 5.1; SV1) ; .NET CLR 2.0.50727; .NET CLR 3.0.4506.2152; .NET CLR 3.5.30729)"
84.2.108.143 - - [05/Mar/2012:02:16:47 +0100] "GET /lb/images/blank.gif HTTP/1.1" 304 - "http://www.rulettmania.hu/sportfogadas/index2.php?foablak=segitseg." "Mozilla/4.0 (compatible; MSIE 8.0; Windows NT 5.1; Trident/4.0; BTRS122332; Mozilla/4.0 (compatible; MSIE 6.0; Windows NT 5.1; SV1) ; .NET CLR 2.0.50727; .NET CLR 3.0.4506.2152; .NET CLR 3.5.30729)"
84.2.108.143 - - [05/Mar/2012:02:25:20 +0100] "GET /lb/images/closelabel.gif HTTP/1.1" 304 - "http://www.rulettmania.hu/index.php?foablak=blog.&labkep=welcomeInnerBlog" "Mozilla/4.0 (compatible; MSIE 8.0; Windows NT 5.1; Trident/4.0; BTRS122332; Mozilla/4.0 (compatible; MSIE 6.0; Windows NT 5.1; SV1) ; .NET CLR 2.0.50727; .NET CLR 3.0.4506.2152; .NET CLR 3.5.30729)"
84.2.108.143 - - [05/Mar/2012:02:25:20 +0100] "GET /lb/images/loading.gif HTTP/1.1" 304 - "http://www.rulettmania.hu/index.php?foablak=blog.&labkep=welcomeInnerBlog" "Mozilla/4.0 (compatible; MSIE 8.0; Windows NT 5.1; Trident/4.0; BTRS122332; Mozilla/4.0 (compatible; MSIE 6.0; Windows NT 5.1; SV1) ; .NET CLR 2.0.50727; .NET CLR 3.0.4506.2152; .NET CLR 3.5.30729)"
84.2.108.143 - - [05/Mar/2012:02:25:20 +0100] "GET /lb/images/blank.gif HTTP/1.1" 304 - "http://www.rulettmania.hu/index.php?foablak=blog.&labkep=welcomeInnerBlog" "Mozilla/4.0 (compatible; MSIE 8.0; Windows NT 5.1; Trident/4.0; BTRS122332; Mozilla/4.0 (compatible; MSIE 6.0; Windows NT 5.1; SV1) ; .NET CLR 2.0.50727; .NET CLR 3.0.4506.2152; .NET CLR 3.5.30729)"
84.2.108.143 - - [05/Mar/2012:02:29:16 +0100] "GET /lb/images/loading.gif HTTP/1.1" 304 - "http://www.rulettmania.hu/index.php?foablak=hirekkoz." "Mozilla/4.0 (compatible; MSIE 8.0; Windows NT 5.1; Trident/4.0; BTRS122332; Mozilla/4.0 (compatible; MSIE 6.0; Windows NT 5.1; SV1) ; .NET CLR 2.0.50727; .NET CLR 3.0.4506.2152; .NET CLR 3.5.30729)"
