94.27.180.135 - - [03/Mar/2012:12:54:55 +0100] "GET /lb/images/loading.gif HTTP/1.1" 200 2767 "http://www.rulettmania.hu/" "Mozilla/4.0 (compatible; MSIE 8.0; Windows NT 5.1; Trident/4.0; .NET CLR 2.0.50727; .NET CLR 3.0.4506.2152; .NET CLR 3.5.30729)"
94.27.180.135 - - [03/Mar/2012:12:54:58 +0100] "GET /lb/images/blank.gif HTTP/1.1" 200 43 "http://www.rulettmania.hu/" "Mozilla/4.0 (compatible; MSIE 8.0; Windows NT 5.1; Trident/4.0; .NET CLR 2.0.50727; .NET CLR 3.0.4506.2152; .NET CLR 3.5.30729)"
94.27.180.135 - - [03/Mar/2012:12:56:04 +0100] "GET /lb/images/loading.gif HTTP/1.1" 304 - "http://www.rulettmania.hu/index.php?foablak=hirekkoz." "Mozilla/4.0 (compatible; MSIE 8.0; Windows NT 5.1; Trident/4.0; .NET CLR 2.0.50727; .NET CLR 3.0.4506.2152; .NET CLR 3.5.30729)"
94.27.180.135 - - [03/Mar/2012:12:56:04 +0100] "GET /lb/images/closelabel.gif HTTP/1.1" 304 - "http://www.rulettmania.hu/index.php?foablak=hirekkoz." "Mozilla/4.0 (compatible; MSIE 8.0; Windows NT 5.1; Trident/4.0; .NET CLR 2.0.50727; .NET CLR 3.0.4506.2152; .NET CLR 3.5.30729)"
94.27.180.135 - - [03/Mar/2012:12:56:04 +0100] "GET /lb/images/blank.gif HTTP/1.1" 304 - "http://www.rulettmania.hu/index.php?foablak=hirekkoz." "Mozilla/4.0 (compatible; MSIE 8.0; Windows NT 5.1; Trident/4.0; .NET CLR 2.0.50727; .NET CLR 3.0.4506.2152; .NET CLR 3.5.30729)"
80.98.47.178 - - [03/Mar/2012:13:00:57 +0100] "GET /lb/images/loading.gif HTTP/1.1" 200 2767 "http://rulettmania.hu/" "Mozilla/5.0 (compatible; MSIE 9.0; Windows NT 6.1; Trident/5.0)"
80.98.47.178 - - [03/Mar/2012:13:00:57 +0100] "GET /lb/images/closelabel.gif HTTP/1.1" 200 222 "http://rulettmania.hu/" "Mozilla/5.0 (compatible; MSIE 9.0; Windows NT 6.1; Trident/5.0)"
80.98.47.178 - - [03/Mar/2012:13:00:58 +0100] "GET /lb/images/blank.gif HTTP/1.1" 200 43 "http://rulettmania.hu/" "Mozilla/5.0 (compatible; MSIE 9.0; Windows NT 6.1; Trident/5.0)"
82.145.208.57 - - [03/Mar/2012:13:08:29 +0100] "GET /lb/images/closelabel.gif HTTP/1.1" 200 222 "http://rulettmania.hu/" "Opera/9.80 (BlackBerry; Opera Mini/5.1.22303/27.1287; U; hu) Presto/2.8.119 Version/11.10"
82.145.208.57 - - [03/Mar/2012:13:08:29 +0100] "GET /lb/images/loading.gif HTTP/1.1" 200 2767 "http://rulettmania.hu/" "Opera/9.80 (BlackBerry; Opera Mini/5.1.22303/27.1287; U; hu) Presto/2.8.119 Version/11.10"
91.120.94.132 - - [03/Mar/2012:13:18:33 +0100] "GET /lb/images/loading.gif HTTP/1.1" 200 2767 "http://rulettmania.hu/" "Mozilla/5.0 (Windows NT 5.1; rv:10.0.2) Gecko/20100101 Firefox/10.0.2"
91.120.94.132 - - [03/Mar/2012:13:18:33 +0100] "GET /lb/images/closelabel.gif HTTP/1.1" 200 222 "http://rulettmania.hu/" "Mozilla/5.0 (Windows NT 5.1; rv:10.0.2) Gecko/20100101 Firefox/10.0.2"
87.97.19.234 - - [03/Mar/2012:13:34:55 +0100] "GET /lb/images/loading.gif HTTP/1.1" 200 2767 "-" "Mozilla/5.0 (Windows NT 6.1; WOW64; rv:10.0.2) Gecko/20100101 Firefox/10.0.2"
87.97.19.234 - - [03/Mar/2012:13:34:55 +0100] "GET /lb/images/closelabel.gif HTTP/1.1" 200 222 "-" "Mozilla/5.0 (Windows NT 6.1; WOW64; rv:10.0.2) Gecko/20100101 Firefox/10.0.2"
80.98.47.178 - - [03/Mar/2012:13:38:09 +0100] "GET /lb/images/closelabel.gif HTTP/1.1" 200 222 "http://rulettmania.hu/" "Mozilla/5.0 (compatible; MSIE 9.0; Windows NT 6.1; Trident/5.0)"
80.98.47.178 - - [03/Mar/2012:13:38:09 +0100] "GET /lb/images/loading.gif HTTP/1.1" 200 2767 "http://rulettmania.hu/" "Mozilla/5.0 (compatible; MSIE 9.0; Windows NT 6.1; Trident/5.0)"
80.98.47.178 - - [03/Mar/2012:13:38:10 +0100] "GET /lb/images/blank.gif HTTP/1.1" 200 43 "http://rulettmania.hu/" "Mozilla/5.0 (compatible; MSIE 9.0; Windows NT 6.1; Trident/5.0)"
139.18.2.17 - - [03/Mar/2012:14:14:38 +0100] "GET /deutsch/index.htm HTTP/1.1" 200 5324 "-" "findlinks/2.1.5 (+http://wortschatz.uni-leipzig.de/findlinks/)"
80.98.47.178 - - [03/Mar/2012:14:15:20 +0100] "GET /lb/images/loading.gif HTTP/1.1" 200 2767 "http://rulettmania.hu/" "Mozilla/5.0 (compatible; MSIE 9.0; Windows NT 6.1; Trident/5.0)"
80.98.47.178 - - [03/Mar/2012:14:15:20 +0100] "GET /lb/images/closelabel.gif HTTP/1.1" 200 222 "http://rulettmania.hu/" "Mozilla/5.0 (compatible; MSIE 9.0; Windows NT 6.1; Trident/5.0)"
80.98.47.178 - - [03/Mar/2012:14:15:21 +0100] "GET /lb/images/blank.gif HTTP/1.1" 200 43 "http://rulettmania.hu/" "Mozilla/5.0 (compatible; MSIE 9.0; Windows NT 6.1; Trident/5.0)"
80.99.133.18 - - [03/Mar/2012:14:24:58 +0100] "GET /lb/images/loading.gif HTTP/1.1" 200 2767 "http://www.rulettmania.hu/sportfogadas/" "Mozilla/4.0 (compatible; MSIE 8.0; Windows NT 5.1; Trident/4.0; .NET CLR 2.0.50727; .NET CLR 3.0.4506.2152; .NET CLR 3.5.30729)"
80.99.133.18 - - [03/Mar/2012:14:24:58 +0100] "GET /lb/images/closelabel.gif HTTP/1.1" 200 222 "http://www.rulettmania.hu/sportfogadas/" "Mozilla/4.0 (compatible; MSIE 8.0; Windows NT 5.1; Trident/4.0; .NET CLR 2.0.50727; .NET CLR 3.0.4506.2152; .NET CLR 3.5.30729)"
80.99.133.18 - - [03/Mar/2012:14:24:58 +0100] "GET /lb/images/blank.gif HTTP/1.1" 200 43 "http://www.rulettmania.hu/sportfogadas/" "Mozilla/4.0 (compatible; MSIE 8.0; Windows NT 5.1; Trident/4.0; .NET CLR 2.0.50727; .NET CLR 3.0.4506.2152; .NET CLR 3.5.30729)"
178.48.86.188 - - [03/Mar/2012:14:37:30 +0100] "GET /lb/images/loading.gif HTTP/1.1" 200 2767 "http://rulettmania.hu/" "Opera/9.80 (Windows NT 6.1; U; hu) Presto/2.10.229 Version/11.61"
178.48.86.188 - - [03/Mar/2012:14:37:30 +0100] "GET /lb/images/closelabel.gif HTTP/1.1" 200 222 "http://rulettmania.hu/" "Opera/9.80 (Windows NT 6.1; U; hu) Presto/2.10.229 Version/11.61"
80.98.47.178 - - [03/Mar/2012:14:44:48 +0100] "GET /lb/images/closelabel.gif HTTP/1.1" 200 222 "http://rulettmania.hu/" "Mozilla/5.0 (compatible; MSIE 9.0; Windows NT 6.1; Trident/5.0)"
80.98.47.178 - - [03/Mar/2012:14:44:48 +0100] "GET /lb/images/loading.gif HTTP/1.1" 200 2767 "http://rulettmania.hu/" "Mozilla/5.0 (compatible; MSIE 9.0; Windows NT 6.1; Trident/5.0)"
80.98.47.178 - - [03/Mar/2012:14:44:49 +0100] "GET /lb/images/blank.gif HTTP/1.1" 200 43 "http://rulettmania.hu/" "Mozilla/5.0 (compatible; MSIE 9.0; Windows NT 6.1; Trident/5.0)"
89.132.226.104 - - [03/Mar/2012:15:11:14 +0100] "GET /lb/images/loading.gif HTTP/1.1" 200 2767 "http://rulettmania.hu/" "Mozilla/5.0 (Windows NT 6.1) AppleWebKit/535.11 (KHTML, like Gecko) Chrome/17.0.963.56 Safari/535.11"
89.132.226.104 - - [03/Mar/2012:15:11:14 +0100] "GET /lb/images/closelabel.gif HTTP/1.1" 200 222 "http://rulettmania.hu/" "Mozilla/5.0 (Windows NT 6.1) AppleWebKit/535.11 (KHTML, like Gecko) Chrome/17.0.963.56 Safari/535.11"
87.97.126.128 - - [03/Mar/2012:15:29:51 +0100] "GET /lb/images/loading.gif HTTP/1.1" 200 2767 "http://www.rulettmania.hu/" "Mozilla/5.0 (Windows NT 5.1) AppleWebKit/535.11 (KHTML, like Gecko) Chrome/17.0.963.56 Safari/535.11"
87.97.126.128 - - [03/Mar/2012:15:29:51 +0100] "GET /lb/images/closelabel.gif HTTP/1.1" 200 222 "http://www.rulettmania.hu/" "Mozilla/5.0 (Windows NT 5.1) AppleWebKit/535.11 (KHTML, like Gecko) Chrome/17.0.963.56 Safari/535.11"
80.99.133.18 - - [03/Mar/2012:15:43:35 +0100] "GET /lb/images/loading.gif HTTP/1.1" 304 - "http://www.rulettmania.hu/sportfogadas/" "Mozilla/4.0 (compatible; MSIE 8.0; Windows NT 5.1; Trident/4.0; .NET CLR 2.0.50727; .NET CLR 3.0.4506.2152; .NET CLR 3.5.30729)"
80.99.133.18 - - [03/Mar/2012:15:43:35 +0100] "GET /lb/images/closelabel.gif HTTP/1.1" 304 - "http://www.rulettmania.hu/sportfogadas/" "Mozilla/4.0 (compatible; MSIE 8.0; Windows NT 5.1; Trident/4.0; .NET CLR 2.0.50727; .NET CLR 3.0.4506.2152; .NET CLR 3.5.30729)"
80.99.133.18 - - [03/Mar/2012:15:43:35 +0100] "GET /lb/images/blank.gif HTTP/1.1" 304 - "http://www.rulettmania.hu/sportfogadas/" "Mozilla/4.0 (compatible; MSIE 8.0; Windows NT 5.1; Trident/4.0; .NET CLR 2.0.50727; .NET CLR 3.0.4506.2152; .NET CLR 3.5.30729)"
84.224.225.166 - - [03/Mar/2012:15:44:51 +0100] "GET /lb/images/loading.gif HTTP/1.1" 200 2767 "http://www.rulettmania.hu/" "Mozilla/5.0 (Windows; U; Windows NT 5.1; hu; rv:1.9.2.27) Gecko/20120216 AskTbDVS2/3.14.1.20007 Firefox/3.6.27 ( .NET CLR 3.5.30729)"
84.224.225.166 - - [03/Mar/2012:15:44:51 +0100] "GET /lb/images/closelabel.gif HTTP/1.1" 200 222 "http://www.rulettmania.hu/" "Mozilla/5.0 (Windows; U; Windows NT 5.1; hu; rv:1.9.2.27) Gecko/20120216 AskTbDVS2/3.14.1.20007 Firefox/3.6.27 ( .NET CLR 3.5.30729)"
80.99.133.18 - - [03/Mar/2012:15:56:44 +0100] "GET /lb/images/loading.gif HTTP/1.1" 304 - "http://www.rulettmania.hu/sportfogadas/" "Mozilla/4.0 (compatible; MSIE 8.0; Windows NT 5.1; Trident/4.0; .NET CLR 2.0.50727; .NET CLR 3.0.4506.2152; .NET CLR 3.5.30729)"
80.99.133.18 - - [03/Mar/2012:15:56:44 +0100] "GET /lb/images/closelabel.gif HTTP/1.1" 304 - "http://www.rulettmania.hu/sportfogadas/" "Mozilla/4.0 (compatible; MSIE 8.0; Windows NT 5.1; Trident/4.0; .NET CLR 2.0.50727; .NET CLR 3.0.4506.2152; .NET CLR 3.5.30729)"
80.99.133.18 - - [03/Mar/2012:15:56:44 +0100] "GET /lb/images/blank.gif HTTP/1.1" 304 - "http://www.rulettmania.hu/sportfogadas/" "Mozilla/4.0 (compatible; MSIE 8.0; Windows NT 5.1; Trident/4.0; .NET CLR 2.0.50727; .NET CLR 3.0.4506.2152; .NET CLR 3.5.30729)"
81.183.28.45 - - [03/Mar/2012:16:03:22 +0100] "GET /lb/images/closelabel.gif HTTP/1.1" 200 222 "http://rulettmania.hu/" "Mozilla/5.0 (Windows NT 5.1) AppleWebKit/535.11 (KHTML, like Gecko) Chrome/17.0.963.56 Safari/535.11"
81.183.28.45 - - [03/Mar/2012:16:03:22 +0100] "GET /lb/images/loading.gif HTTP/1.1" 200 2767 "http://rulettmania.hu/" "Mozilla/5.0 (Windows NT 5.1) AppleWebKit/535.11 (KHTML, like Gecko) Chrome/17.0.963.56 Safari/535.11"
80.120.74.130 - - [03/Mar/2012:16:37:27 +0100] "GET /lb/images/loading.gif HTTP/1.1" 200 2767 "http://rulettmania.hu/index.php?foablak=szovegtorzs.&labkep=welcomeInner" "Mozilla/5.0 (Windows NT 6.1) AppleWebKit/535.11 (KHTML, like Gecko) Chrome/17.0.963.56 Safari/535.11"
80.120.74.130 - - [03/Mar/2012:16:37:27 +0100] "GET /lb/images/closelabel.gif HTTP/1.1" 200 222 "http://rulettmania.hu/index.php?foablak=szovegtorzs.&labkep=welcomeInner" "Mozilla/5.0 (Windows NT 6.1) AppleWebKit/535.11 (KHTML, like Gecko) Chrome/17.0.963.56 Safari/535.11"
188.6.115.119 - - [03/Mar/2012:16:59:22 +0100] "GET /lb/images/closelabel.gif HTTP/1.1" 200 222 "http://rulettmania.hu/index.php?foablak=adatvedelem.&labkep=welcomeInner" "Mozilla/4.0 (compatible; MSIE 8.0; Windows NT 5.1; Trident/4.0; .NET CLR 2.0.50727; .NET CLR 3.0.4506.2152; .NET CLR 3.5.30729; BRI/2)"
188.6.115.119 - - [03/Mar/2012:16:59:22 +0100] "GET /lb/images/loading.gif HTTP/1.1" 200 2767 "http://rulettmania.hu/index.php?foablak=adatvedelem.&labkep=welcomeInner" "Mozilla/4.0 (compatible; MSIE 8.0; Windows NT 5.1; Trident/4.0; .NET CLR 2.0.50727; .NET CLR 3.0.4506.2152; .NET CLR 3.5.30729; BRI/2)"
188.6.115.119 - - [03/Mar/2012:16:59:24 +0100] "GET /lb/images/blank.gif HTTP/1.1" 200 43 "http://rulettmania.hu/index.php?foablak=adatvedelem.&labkep=welcomeInner" "Mozilla/4.0 (compatible; MSIE 8.0; Windows NT 5.1; Trident/4.0; .NET CLR 2.0.50727; .NET CLR 3.0.4506.2152; .NET CLR 3.5.30729; BRI/2)"
66.249.66.100 - - [03/Mar/2012:17:12:20 +0100] "GET /robots.txt HTTP/1.1" 404 1181 "-" "Mozilla/5.0 (compatible; Googlebot/2.1; +http://www.google.com/bot.html)"
66.249.66.100 - - [03/Mar/2012:17:12:20 +0100] "GET /jog/eseteink/korosladany/korosladany_kereset_vegleges.pdf HTTP/1.1" 304 - "-" "Mozilla/5.0 (compatible; Googlebot/2.1; +http://www.google.com/bot.html)"
208.115.113.84 - - [03/Mar/2012:17:34:28 +0100] "GET /robots.txt HTTP/1.1" 404 1181 "-" "Mozilla/5.0 (compatible; Ezooms/1.0; ezooms.bot@gmail.com)"
87.97.19.234 - - [03/Mar/2012:17:44:10 +0100] "GET /lb/images/loading.gif HTTP/1.1" 200 2767 "-" "Mozilla/5.0 (Windows NT 6.1; WOW64; rv:10.0.2) Gecko/20100101 Firefox/10.0.2"
87.97.19.234 - - [03/Mar/2012:17:44:10 +0100] "GET /lb/images/closelabel.gif HTTP/1.1" 200 222 "-" "Mozilla/5.0 (Windows NT 6.1; WOW64; rv:10.0.2) Gecko/20100101 Firefox/10.0.2"
66.249.71.212 - - [03/Mar/2012:17:44:57 +0100] "GET /jog/eseteink/audi/audi_gyor_restoration_measures15-.pdf HTTP/1.1" 304 - "-" "Mozilla/5.0 (compatible; Googlebot/2.1; +http://www.google.com/bot.html)"
130.83.167.153 - - [03/Mar/2012:18:12:03 +0100] "GET / HTTP/1.1" 200 23794 "-" "findlinks/2.0.4 (+http://wortschatz.uni-leipzig.de/findlinks/)"
86.104.57.111 - - [03/Mar/2012:18:14:07 +0100] "GET /lb/images/loading.gif HTTP/1.1" 200 2767 "http://www.rulettmania.hu/sportfogadas/index.php?foablak=szovegtorzs." "Mozilla/5.0 (Windows; U; Windows NT 6.1; en-US; rv:1.9.2.27) Gecko/20120216 Firefox/3.6.27"
86.104.57.111 - - [03/Mar/2012:18:14:07 +0100] "GET /lb/images/closelabel.gif HTTP/1.1" 200 222 "http://www.rulettmania.hu/sportfogadas/index.php?foablak=szovegtorzs." "Mozilla/5.0 (Windows; U; Windows NT 6.1; en-US; rv:1.9.2.27) Gecko/20120216 Firefox/3.6.27"
94.44.75.1 - - [03/Mar/2012:18:25:05 +0100] "GET /lb/images/closelabel.gif HTTP/1.1" 200 222 "http://rulettmania.hu/" "Mozilla/5.0 (Windows NT 6.1) AppleWebKit/535.11 (KHTML, like Gecko) Chrome/17.0.963.56 Safari/535.11"
94.44.75.1 - - [03/Mar/2012:18:25:05 +0100] "GET /lb/images/loading.gif HTTP/1.1" 200 2767 "http://rulettmania.hu/" "Mozilla/5.0 (Windows NT 6.1) AppleWebKit/535.11 (KHTML, like Gecko) Chrome/17.0.963.56 Safari/535.11"
80.98.47.178 - - [03/Mar/2012:18:28:02 +0100] "GET /lb/images/loading.gif HTTP/1.1" 200 2767 "http://rulettmania.hu/" "Mozilla/5.0 (compatible; MSIE 9.0; Windows NT 6.1; Trident/5.0)"
80.98.47.178 - - [03/Mar/2012:18:28:02 +0100] "GET /lb/images/closelabel.gif HTTP/1.1" 200 222 "http://rulettmania.hu/" "Mozilla/5.0 (compatible; MSIE 9.0; Windows NT 6.1; Trident/5.0)"
80.98.47.178 - - [03/Mar/2012:18:28:02 +0100] "GET /lb/images/blank.gif HTTP/1.1" 200 43 "http://rulettmania.hu/" "Mozilla/5.0 (compatible; MSIE 9.0; Windows NT 6.1; Trident/5.0)"
68.89.1.85 - - [03/Mar/2012:18:29:16 +0100] "GET /robots.txt HTTP/1.0" 404 1181 "-" "Mozilla/5.0 (compatible; MJ12bot/v1.4.2; http://www.majestic12.co.uk/bot.php?+)"
68.89.1.85 - - [03/Mar/2012:18:29:17 +0100] "GET /fiok HTTP/1.1" 301 312 "-" "Mozilla/5.0 (compatible; MJ12bot/v1.4.2; http://www.majestic12.co.uk/bot.php?+)"
68.89.1.85 - - [03/Mar/2012:18:29:19 +0100] "GET /fiok/ HTTP/1.1" 200 20554 "-" "Mozilla/5.0 (compatible; MJ12bot/v1.4.2; http://www.majestic12.co.uk/bot.php?+)"
80.98.84.80 - - [03/Mar/2012:18:30:00 +0100] "GET /lb/images/loading.gif HTTP/1.1" 200 2767 "http://rulettmania.hu/index.php?lang=hu" "Mozilla/5.0 (Windows NT 6.1; WOW64) AppleWebKit/535.11 (KHTML, like Gecko) Chrome/17.0.963.56 Safari/535.11"
80.98.84.80 - - [03/Mar/2012:18:30:00 +0100] "GET /lb/images/closelabel.gif HTTP/1.1" 200 222 "http://rulettmania.hu/index.php?lang=hu" "Mozilla/5.0 (Windows NT 6.1; WOW64) AppleWebKit/535.11 (KHTML, like Gecko) Chrome/17.0.963.56 Safari/535.11"
86.101.145.54 - - [03/Mar/2012:18:32:58 +0100] "GET /lb/images/closelabel.gif HTTP/1.1" 200 222 "http://rulettmania.hu/" "Mozilla/4.0 (compatible; MSIE 7.0; Windows NT 5.1; GTB7.3; .NET CLR 2.0.50727; .NET CLR 3.0.4506.2152; .NET CLR 3.5.30729; InfoPath.3)"
86.101.145.54 - - [03/Mar/2012:18:32:58 +0100] "GET /lb/images/loading.gif HTTP/1.1" 200 2767 "http://rulettmania.hu/" "Mozilla/4.0 (compatible; MSIE 7.0; Windows NT 5.1; GTB7.3; .NET CLR 2.0.50727; .NET CLR 3.0.4506.2152; .NET CLR 3.5.30729; InfoPath.3)"
86.101.145.54 - - [03/Mar/2012:18:32:58 +0100] "GET /lb/images/blank.gif HTTP/1.1" 200 43 "http://rulettmania.hu/" "Mozilla/4.0 (compatible; MSIE 7.0; Windows NT 5.1; GTB7.3; .NET CLR 2.0.50727; .NET CLR 3.0.4506.2152; .NET CLR 3.5.30729; InfoPath.3)"
89.134.241.57 - - [03/Mar/2012:18:36:40 +0100] "GET /lb/images/closelabel.gif HTTP/1.1" 200 222 "http://rulettmania.hu/" "Mozilla/5.0 (Windows NT 6.1; rv:10.0.2) Gecko/20100101 Firefox/10.0.2"
89.134.241.57 - - [03/Mar/2012:18:36:40 +0100] "GET /lb/images/loading.gif HTTP/1.1" 200 2767 "http://rulettmania.hu/" "Mozilla/5.0 (Windows NT 6.1; rv:10.0.2) Gecko/20100101 Firefox/10.0.2"
81.182.14.42 - - [03/Mar/2012:18:42:52 +0100] "GET /lb/images/loading.gif HTTP/1.1" 200 2767 "http://rulettmania.hu/index.php?foablak=nyerogep." "Opera/9.80 (Windows NT 5.1; U; Distribution 00; hu) Presto/2.10.229 Version/11.61"
81.182.14.42 - - [03/Mar/2012:18:42:52 +0100] "GET /lb/images/closelabel.gif HTTP/1.1" 200 222 "http://rulettmania.hu/index.php?foablak=nyerogep." "Opera/9.80 (Windows NT 5.1; U; Distribution 00; hu) Presto/2.10.229 Version/11.61"
94.44.56.21 - - [03/Mar/2012:19:01:05 +0100] "GET /lb/images/loading.gif HTTP/1.1" 304 - "http://rulettmania.hu/" "Mozilla/5.0 (Windows NT 6.1; rv:11.0) Gecko/20100101 Firefox/11.0"
94.44.56.21 - - [03/Mar/2012:19:01:05 +0100] "GET /lb/images/closelabel.gif HTTP/1.1" 304 - "http://rulettmania.hu/" "Mozilla/5.0 (Windows NT 6.1; rv:11.0) Gecko/20100101 Firefox/11.0"
208.115.113.84 - - [03/Mar/2012:19:01:55 +0100] "GET /nka.htm HTTP/1.1" 200 6221 "-" "Mozilla/5.0 (compatible; Ezooms/1.0; ezooms.bot@gmail.com)"
84.3.209.93 - - [03/Mar/2012:19:04:27 +0100] "GET /lb/images/loading.gif HTTP/1.1" 200 2767 "http://rulettmania.hu/" "Mozilla/5.0 (Windows NT 6.1) AppleWebKit/535.11 (KHTML, like Gecko) Chrome/17.0.963.56 Safari/535.11"
84.3.209.93 - - [03/Mar/2012:19:04:27 +0100] "GET /lb/images/closelabel.gif HTTP/1.1" 200 222 "http://rulettmania.hu/" "Mozilla/5.0 (Windows NT 6.1) AppleWebKit/535.11 (KHTML, like Gecko) Chrome/17.0.963.56 Safari/535.11"
80.98.47.178 - - [03/Mar/2012:19:37:05 +0100] "GET /lb/images/closelabel.gif HTTP/1.1" 200 222 "http://rulettmania.hu/" "Mozilla/5.0 (compatible; MSIE 9.0; Windows NT 6.1; Trident/5.0)"
80.98.47.178 - - [03/Mar/2012:19:37:05 +0100] "GET /lb/images/blank.gif HTTP/1.1" 200 43 "http://rulettmania.hu/" "Mozilla/5.0 (compatible; MSIE 9.0; Windows NT 6.1; Trident/5.0)"
80.98.47.178 - - [03/Mar/2012:19:37:05 +0100] "GET /lb/images/loading.gif HTTP/1.1" 200 2767 "http://rulettmania.hu/" "Mozilla/5.0 (compatible; MSIE 9.0; Windows NT 6.1; Trident/5.0)"
157.55.16.221 - - [03/Mar/2012:19:56:39 +0100] "GET /robots.txt HTTP/1.1" 404 1181 "-" "Mozilla/5.0 (compatible; bingbot/2.0; +http://www.bing.com/bingbot.htm)"
92.249.205.168 - - [03/Mar/2012:20:16:51 +0100] "GET /lb/images/loading.gif HTTP/1.1" 200 2767 "http://www.rulettmania.hu/" "Mozilla/5.0 (Windows NT 6.0; rv:10.0.2) Gecko/20100101 Firefox/10.0.2"
92.249.205.168 - - [03/Mar/2012:20:16:51 +0100] "GET /lb/images/closelabel.gif HTTP/1.1" 200 222 "http://www.rulettmania.hu/" "Mozilla/5.0 (Windows NT 6.0; rv:10.0.2) Gecko/20100101 Firefox/10.0.2"
87.97.19.234 - - [03/Mar/2012:20:50:21 +0100] "GET /lb/images/loading.gif HTTP/1.1" 200 2767 "-" "Mozilla/5.0 (Windows NT 6.1; WOW64; rv:10.0.2) Gecko/20100101 Firefox/10.0.2"
87.97.19.234 - - [03/Mar/2012:20:50:21 +0100] "GET /lb/images/closelabel.gif HTTP/1.1" 200 222 "-" "Mozilla/5.0 (Windows NT 6.1; WOW64; rv:10.0.2) Gecko/20100101 Firefox/10.0.2"
208.115.113.84 - - [03/Mar/2012:20:50:53 +0100] "GET /robots.txt HTTP/1.1" 404 1181 "-" "Mozilla/5.0 (compatible; Ezooms/1.0; ezooms.bot@gmail.com)"
46.107.64.241 - - [03/Mar/2012:20:58:52 +0100] "GET /lb/images/loading.gif HTTP/1.1" 200 2767 "http://rulettmania.hu/" "Mozilla/5.0 (Windows NT 5.1; rv:10.0) Gecko/20100101 Firefox/10.0"
46.107.64.241 - - [03/Mar/2012:20:58:52 +0100] "GET /lb/images/closelabel.gif HTTP/1.1" 200 222 "http://rulettmania.hu/" "Mozilla/5.0 (Windows NT 5.1; rv:10.0) Gecko/20100101 Firefox/10.0"
80.98.47.178 - - [03/Mar/2012:21:04:57 +0100] "GET /lb/images/loading.gif HTTP/1.1" 200 2767 "http://rulettmania.hu/" "Mozilla/5.0 (compatible; MSIE 9.0; Windows NT 6.1; Trident/5.0)"
80.98.47.178 - - [03/Mar/2012:21:04:58 +0100] "GET /lb/images/closelabel.gif HTTP/1.1" 200 222 "http://rulettmania.hu/" "Mozilla/5.0 (compatible; MSIE 9.0; Windows NT 6.1; Trident/5.0)"
80.98.47.178 - - [03/Mar/2012:21:04:58 +0100] "GET /lb/images/blank.gif HTTP/1.1" 200 43 "http://rulettmania.hu/" "Mozilla/5.0 (compatible; MSIE 9.0; Windows NT 6.1; Trident/5.0)"
157.55.16.221 - - [03/Mar/2012:21:08:10 +0100] "GET / HTTP/1.1" 304 - "-" "Mozilla/5.0 (compatible; bingbot/2.0; +http://www.bing.com/bingbot.htm)"
80.99.133.18 - - [03/Mar/2012:21:10:49 +0100] "GET /lb/images/closelabel.gif HTTP/1.1" 200 222 "http://www.rulettmania.hu/sportfogadas/" "Mozilla/4.0 (compatible; MSIE 8.0; Windows NT 5.1; Trident/4.0; .NET CLR 2.0.50727; .NET CLR 3.0.4506.2152; .NET CLR 3.5.30729)"
80.99.133.18 - - [03/Mar/2012:21:10:49 +0100] "GET /lb/images/loading.gif HTTP/1.1" 200 2767 "http://www.rulettmania.hu/sportfogadas/" "Mozilla/4.0 (compatible; MSIE 8.0; Windows NT 5.1; Trident/4.0; .NET CLR 2.0.50727; .NET CLR 3.0.4506.2152; .NET CLR 3.5.30729)"
80.99.133.18 - - [03/Mar/2012:21:10:49 +0100] "GET /lb/images/blank.gif HTTP/1.1" 200 43 "http://www.rulettmania.hu/sportfogadas/" "Mozilla/4.0 (compatible; MSIE 8.0; Windows NT 5.1; Trident/4.0; .NET CLR 2.0.50727; .NET CLR 3.0.4506.2152; .NET CLR 3.5.30729)"
85.238.88.45 - - [03/Mar/2012:21:12:37 +0100] "GET /lb/images/loading.gif HTTP/1.1" 200 2767 "http://rulettmania.hu/" "Mozilla/5.0 (Windows NT 6.1) AppleWebKit/535.11 (KHTML, like Gecko) Chrome/17.0.963.56 Safari/535.11"
85.238.88.45 - - [03/Mar/2012:21:12:37 +0100] "GET /lb/images/closelabel.gif HTTP/1.1" 200 222 "http://rulettmania.hu/" "Mozilla/5.0 (Windows NT 6.1) AppleWebKit/535.11 (KHTML, like Gecko) Chrome/17.0.963.56 Safari/535.11"
89.132.11.26 - - [03/Mar/2012:21:36:33 +0100] "GET /lb/images/closelabel.gif HTTP/1.1" 200 222 "http://rulettmania.hu/" "Mozilla/5.0 (Windows NT 5.1) AppleWebKit/535.11 (KHTML, like Gecko) Chrome/17.0.963.56 Safari/535.11"
89.132.11.26 - - [03/Mar/2012:21:36:33 +0100] "GET /lb/images/loading.gif HTTP/1.1" 200 2767 "http://rulettmania.hu/" "Mozilla/5.0 (Windows NT 5.1) AppleWebKit/535.11 (KHTML, like Gecko) Chrome/17.0.963.56 Safari/535.11"
80.98.47.178 - - [03/Mar/2012:21:42:05 +0100] "GET /lb/images/loading.gif HTTP/1.1" 200 2767 "http://rulettmania.hu/index.php?foablak=affiliate.&labkep=welcomeInnerPartner" "Mozilla/5.0 (compatible; MSIE 9.0; Windows NT 6.1; Trident/5.0)"
80.98.47.178 - - [03/Mar/2012:21:42:05 +0100] "GET /lb/images/closelabel.gif HTTP/1.1" 200 222 "http://rulettmania.hu/index.php?foablak=affiliate.&labkep=welcomeInnerPartner" "Mozilla/5.0 (compatible; MSIE 9.0; Windows NT 6.1; Trident/5.0)"
80.98.47.178 - - [03/Mar/2012:21:42:05 +0100] "GET /lb/images/blank.gif HTTP/1.1" 200 43 "http://rulettmania.hu/index.php?foablak=affiliate.&labkep=welcomeInnerPartner" "Mozilla/5.0 (compatible; MSIE 9.0; Windows NT 6.1; Trident/5.0)"
84.224.45.245 - - [03/Mar/2012:21:45:09 +0100] "GET /lb/images/loading.gif HTTP/1.1" 200 2767 "http://www.rulettmania.hu/sportfogadas/" "Mozilla/5.0 (Windows NT 6.0; rv:10.0.2) Gecko/20100101 Firefox/10.0.2"
84.224.45.245 - - [03/Mar/2012:21:45:09 +0100] "GET /lb/images/closelabel.gif HTTP/1.1" 200 222 "http://www.rulettmania.hu/sportfogadas/" "Mozilla/5.0 (Windows NT 6.0; rv:10.0.2) Gecko/20100101 Firefox/10.0.2"
84.21.19.110 - - [03/Mar/2012:21:45:32 +0100] "GET /lb/images/loading.gif HTTP/1.1" 200 2767 "http://www.rulettmania.hu/sportfogadas/admin/index.php" "Mozilla/5.0 (compatible; MSIE 9.0; Windows NT 6.1; Trident/5.0; BOIE9;HUHU)"
84.21.19.110 - - [03/Mar/2012:21:45:32 +0100] "GET /lb/images/closelabel.gif HTTP/1.1" 200 222 "http://www.rulettmania.hu/sportfogadas/admin/index.php" "Mozilla/5.0 (compatible; MSIE 9.0; Windows NT 6.1; Trident/5.0; BOIE9;HUHU)"
84.21.19.110 - - [03/Mar/2012:21:45:34 +0100] "GET /lb/images/blank.gif HTTP/1.1" 200 43 "http://www.rulettmania.hu/sportfogadas/admin/index.php" "Mozilla/5.0 (compatible; MSIE 9.0; Windows NT 6.1; Trident/5.0; BOIE9;HUHU)"
87.97.1.53 - - [03/Mar/2012:21:59:32 +0100] "GET /lb/images/loading.gif HTTP/1.1" 200 2767 "http://rulettmania.hu/" "Mozilla/5.0 (Windows NT 5.1; rv:10.0.2) Gecko/20100101 Firefox/10.0.2"
87.97.1.53 - - [03/Mar/2012:21:59:32 +0100] "GET /lb/images/closelabel.gif HTTP/1.1" 200 222 "http://rulettmania.hu/" "Mozilla/5.0 (Windows NT 5.1; rv:10.0.2) Gecko/20100101 Firefox/10.0.2"
178.48.104.94 - - [03/Mar/2012:22:07:12 +0100] "GET /lb/images/loading.gif HTTP/1.1" 200 2767 "http://www.rulettmania.hu/" "Mozilla/5.0 (Windows NT 5.1; rv:10.0.2) Gecko/20100101 Firefox/10.0.2"
178.48.104.94 - - [03/Mar/2012:22:07:12 +0100] "GET /lb/images/closelabel.gif HTTP/1.1" 200 222 "http://www.rulettmania.hu/" "Mozilla/5.0 (Windows NT 5.1; rv:10.0.2) Gecko/20100101 Firefox/10.0.2"
208.115.113.84 - - [03/Mar/2012:22:12:00 +0100] "GET /magunkrol.htm HTTP/1.1" 200 9202 "-" "Mozilla/5.0 (compatible; Ezooms/1.0; ezooms.bot@gmail.com)"
81.182.14.42 - - [03/Mar/2012:22:27:38 +0100] "GET /lb/images/loading.gif HTTP/1.1" 200 2767 "http://www.rulettmania.hu/index.php?foablak=nyerogep." "Opera/9.80 (Windows NT 5.1; U; Distribution 00; hu) Presto/2.10.229 Version/11.61"
81.182.14.42 - - [03/Mar/2012:22:27:38 +0100] "GET /lb/images/closelabel.gif HTTP/1.1" 200 222 "http://www.rulettmania.hu/index.php?foablak=nyerogep." "Opera/9.80 (Windows NT 5.1; U; Distribution 00; hu) Presto/2.10.229 Version/11.61"
80.99.133.18 - - [03/Mar/2012:22:37:33 +0100] "GET /lb/images/closelabel.gif HTTP/1.1" 304 - "http://www.rulettmania.hu/sportfogadas/" "Mozilla/4.0 (compatible; MSIE 8.0; Windows NT 5.1; Trident/4.0; .NET CLR 2.0.50727; .NET CLR 3.0.4506.2152; .NET CLR 3.5.30729)"
80.99.133.18 - - [03/Mar/2012:22:37:33 +0100] "GET /lb/images/loading.gif HTTP/1.1" 304 - "http://www.rulettmania.hu/sportfogadas/" "Mozilla/4.0 (compatible; MSIE 8.0; Windows NT 5.1; Trident/4.0; .NET CLR 2.0.50727; .NET CLR 3.0.4506.2152; .NET CLR 3.5.30729)"
80.99.133.18 - - [03/Mar/2012:22:37:33 +0100] "GET /lb/images/blank.gif HTTP/1.1" 304 - "http://www.rulettmania.hu/sportfogadas/" "Mozilla/4.0 (compatible; MSIE 8.0; Windows NT 5.1; Trident/4.0; .NET CLR 2.0.50727; .NET CLR 3.0.4506.2152; .NET CLR 3.5.30729)"
208.115.111.68 - - [03/Mar/2012:22:42:59 +0100] "GET /robots.txt HTTP/1.1" 404 1181 "-" "Mozilla/5.0 (compatible; Ezooms/1.0; ezooms.bot@gmail.com)"
178.48.88.151 - - [03/Mar/2012:23:08:29 +0100] "GET /lb/images/closelabel.gif HTTP/1.1" 200 222 "http://rulettmania.hu/" "Mozilla/5.0 (Windows NT 6.0; rv:10.0.2) Gecko/20100101 Firefox/10.0.2"
178.48.88.151 - - [03/Mar/2012:23:08:29 +0100] "GET /lb/images/loading.gif HTTP/1.1" 200 2767 "http://rulettmania.hu/" "Mozilla/5.0 (Windows NT 6.0; rv:10.0.2) Gecko/20100101 Firefox/10.0.2"
94.44.181.28 - - [03/Mar/2012:23:12:27 +0100] "GET /jog/jogszabalyok/egyezm_bonn.pdf HTTP/1.1" 200 77213 "http://www.google.hu/url?sa=t&rct=j&q=bonni%20egyezm%C3%A9ny&source=web&cd=12&ved=0CCsQFjABOAo&url=http%3A%2F%2Fwww.beklen.hu%2Fjog%2Fjogszabalyok%2Fegyezm_bonn.pdf&ei=RZdST7CuI5GyhAf2_JjRCw&usg=AFQjCNF8CnK_T_E7qPKyrBhZlOoh2kyf-Q" "Mozilla/5.0 (Windows NT 6.1; WOW64; rv:8.0.1) Gecko/20100101 Firefox/8.0.1"
94.44.181.28 - - [03/Mar/2012:23:12:31 +0100] "GET /favicon.ico HTTP/1.1" 404 1181 "-" "Mozilla/5.0 (Windows NT 6.1; WOW64; rv:8.0.1) Gecko/20100101 Firefox/8.0.1"
79.120.190.208 - - [03/Mar/2012:23:15:35 +0100] "GET /lb/images/loading.gif HTTP/1.1" 200 2767 "http://www.rulettmania.hu/" "Mozilla/5.0 (Windows NT 6.1; rv:10.0.2) Gecko/20100101 Firefox/10.0.2"
79.120.190.208 - - [03/Mar/2012:23:15:35 +0100] "GET /lb/images/closelabel.gif HTTP/1.1" 200 222 "http://www.rulettmania.hu/" "Mozilla/5.0 (Windows NT 6.1; rv:10.0.2) Gecko/20100101 Firefox/10.0.2"
95.108.248.30 - - [03/Mar/2012:23:27:02 +0100] "GET /robots.txt HTTP/1.1" 404 1181 "-" "Mozilla/5.0 (compatible; YandexBot/3.0; +http://yandex.com/bots)"
85.23.163.244 - - [03/Mar/2012:23:32:02 +0100] "GET /robots.txt HTTP/1.0" 404 1181 "-" "Mozilla/5.0 (compatible; MJ12bot/v1.4.2; http://www.majestic12.co.uk/bot.php?+)"
85.23.163.244 - - [03/Mar/2012:23:32:09 +0100] "GET / HTTP/1.0" 200 23794 "-" "Mozilla/5.0 (compatible; MJ12bot/v1.4.2; http://www.majestic12.co.uk/bot.php?+)"
89.182.16.127 - - [03/Mar/2012:23:33:35 +0100] "GET /nca.htm HTTP/1.1" 200 7467 "-" "findlinks/2.0.2 (+http://wortschatz.uni-leipzig.de/findlinks/)"
87.194.161.56 - - [03/Mar/2012:23:46:39 +0100] "GET /lb/images/loading.gif HTTP/1.1" 200 2767 "http://rulettmania.hu/" "Mozilla/5.0 (iPad; CPU OS 5_0_1 like Mac OS X) AppleWebKit/534.46 (KHTML, like Gecko) Version/5.1 Mobile/9A405 Safari/7534.48.3"
87.194.161.56 - - [03/Mar/2012:23:46:39 +0100] "GET /lb/images/closelabel.gif HTTP/1.1" 200 222 "http://rulettmania.hu/" "Mozilla/5.0 (iPad; CPU OS 5_0_1 like Mac OS X) AppleWebKit/534.46 (KHTML, like Gecko) Version/5.1 Mobile/9A405 Safari/7534.48.3"
94.44.56.21 - - [04/Mar/2012:00:18:10 +0100] "GET /lb/images/loading.gif HTTP/1.1" 304 - "http://rulettmania.hu/" "Mozilla/5.0 (Windows NT 6.1; rv:11.0) Gecko/20100101 Firefox/11.0"
94.44.56.21 - - [04/Mar/2012:00:18:10 +0100] "GET /lb/images/closelabel.gif HTTP/1.1" 304 - "http://rulettmania.hu/" "Mozilla/5.0 (Windows NT 6.1; rv:11.0) Gecko/20100101 Firefox/11.0"
208.115.111.68 - - [04/Mar/2012:00:23:41 +0100] "GET /nca09.htm HTTP/1.1" 200 24315 "-" "Mozilla/5.0 (compatible; Ezooms/1.0; ezooms.bot@gmail.com)"
91.82.240.71 - - [04/Mar/2012:00:32:33 +0100] "GET /lb/images/loading.gif HTTP/1.1" 200 2767 "http://rulettmania.hu/index.php?foablak=kapcsolat.&labkep=welcomeInnerKapcsolat" "Opera/9.80 (Android 2.3.3; Linux; Opera Mobi/ADR-1110171336; U; hu) Presto/2.9.201 Version/11.50"
91.82.240.71 - - [04/Mar/2012:00:32:33 +0100] "GET /lb/images/closelabel.gif HTTP/1.1" 200 222 "http://rulettmania.hu/index.php?foablak=kapcsolat.&labkep=welcomeInnerKapcsolat" "Opera/9.80 (Android 2.3.3; Linux; Opera Mobi/ADR-1110171336; U; hu) Presto/2.9.201 Version/11.50"
80.98.96.240 - - [04/Mar/2012:00:41:15 +0100] "GET /lb/images/closelabel.gif HTTP/1.1" 200 222 "http://rulettmania.hu/index.php?foablak=hirekkoz." "Mozilla/5.0 (Windows NT 6.1; WOW64) AppleWebKit/535.11 (KHTML, like Gecko) Chrome/17.0.963.56 Safari/535.11"
80.98.96.240 - - [04/Mar/2012:00:41:15 +0100] "GET /lb/images/loading.gif HTTP/1.1" 200 2767 "http://rulettmania.hu/index.php?foablak=hirekkoz." "Mozilla/5.0 (Windows NT 6.1; WOW64) AppleWebKit/535.11 (KHTML, like Gecko) Chrome/17.0.963.56 Safari/535.11"
84.3.168.223 - - [04/Mar/2012:00:41:30 +0100] "GET /lb/images/loading.gif HTTP/1.1" 200 2767 "http://rulettmania.hu/" "Mozilla/5.0 (compatible; MSIE 9.0; Windows NT 6.1; WOW64; Trident/5.0)"
84.3.168.223 - - [04/Mar/2012:00:41:30 +0100] "GET /lb/images/closelabel.gif HTTP/1.1" 200 222 "http://rulettmania.hu/" "Mozilla/5.0 (compatible; MSIE 9.0; Windows NT 6.1; WOW64; Trident/5.0)"
84.3.168.223 - - [04/Mar/2012:00:41:34 +0100] "GET /lb/images/blank.gif HTTP/1.1" 200 43 "http://rulettmania.hu/" "Mozilla/5.0 (compatible; MSIE 9.0; Windows NT 6.1; WOW64; Trident/5.0)"
86.101.131.78 - - [04/Mar/2012:00:52:21 +0100] "GET /lb/images/closelabel.gif HTTP/1.1" 200 222 "http://www.rulettmania.hu/index.php?foablak=hirektermekeink." "Mozilla/5.0 (Windows NT 5.1; rv:10.0.2) Gecko/20100101 Firefox/10.0.2"
86.101.131.78 - - [04/Mar/2012:00:52:21 +0100] "GET /lb/images/loading.gif HTTP/1.1" 200 2767 "http://www.rulettmania.hu/index.php?foablak=hirektermekeink." "Mozilla/5.0 (Windows NT 5.1; rv:10.0.2) Gecko/20100101 Firefox/10.0.2"
66.249.66.100 - - [04/Mar/2012:01:16:57 +0100] "GET /jog/eseteink/poroszlo/villa__.jpg HTTP/1.1" 200 7062 "-" "Googlebot-Image/1.0"
95.108.248.30 - - [04/Mar/2012:01:37:13 +0100] "GET / HTTP/1.1" 200 23794 "-" "Mozilla/5.0 (compatible; YandexBot/3.0; +http://yandex.com/bots)"
94.21.129.232 - - [04/Mar/2012:01:43:25 +0100] "GET /lb/images/loading.gif HTTP/1.1" 200 2767 "http://rulettmania.hu/" "Mozilla/5.0 (Windows NT 6.1; WOW64; rv:10.0.2) Gecko/20100101 Firefox/10.0.2"
94.21.129.232 - - [04/Mar/2012:01:43:25 +0100] "GET /lb/images/closelabel.gif HTTP/1.1" 200 222 "http://rulettmania.hu/" "Mozilla/5.0 (Windows NT 6.1; WOW64; rv:10.0.2) Gecko/20100101 Firefox/10.0.2"
66.249.66.100 - - [04/Mar/2012:02:10:28 +0100] "GET /jog/eseteink/poroszlo/villa.jpg HTTP/1.1" 200 110558 "-" "Googlebot-Image/1.0"
88.56.254.134 - - [04/Mar/2012:02:49:39 +0100] "GET / HTTP/1.1" 200 23794 "-" "Java/1.4.1_04"
88.56.254.134 - - [04/Mar/2012:02:49:39 +0100] "GET /hirarchivum.htm HTTP/1.1" 200 24981 "-" "Java/1.4.1_04"
88.56.254.134 - - [04/Mar/2012:02:49:40 +0100] "GET /index.htm HTTP/1.1" 200 23794 "-" "Java/1.4.1_04"
88.56.254.134 - - [04/Mar/2012:02:49:41 +0100] "GET /kapcsolat.htm HTTP/1.1" 200 6889 "-" "Java/1.4.1_04"
88.56.254.134 - - [04/Mar/2012:02:49:41 +0100] "GET /magunkrol.htm HTTP/1.1" 200 9202 "-" "Java/1.4.1_04"
88.56.254.134 - - [04/Mar/2012:02:49:42 +0100] "GET /media.htm HTTP/1.1" 200 5208 "-" "Java/1.4.1_04"
88.56.254.134 - - [04/Mar/2012:02:49:42 +0100] "GET /programok.htm HTTP/1.1" 200 6416 "-" "Java/1.4.1_04"
88.56.254.134 - - [04/Mar/2012:02:49:42 +0100] "GET /vill.cs HTTP/1.1" 200 2676 "-" "Java/1.4.1_04"
88.56.254.134 - - [04/Mar/2012:02:49:43 +0100] "GET /hirek08_10.htm HTTP/1.1" 200 6946 "-" "Java/1.4.1_04"
88.56.254.134 - - [04/Mar/2012:02:49:43 +0100] "GET /hirek08_11.htm HTTP/1.1" 200 7253 "-" "Java/1.4.1_04"
88.56.254.134 - - [04/Mar/2012:02:49:43 +0100] "GET /hirek08_12.htm HTTP/1.1" 200 8268 "-" "Java/1.4.1_04"
88.56.254.134 - - [04/Mar/2012:02:49:44 +0100] "GET /hirek09_01.htm HTTP/1.1" 200 6841 "-" "Java/1.4.1_04"
88.56.254.134 - - [04/Mar/2012:02:49:44 +0100] "GET /hirek09_02.htm HTTP/1.1" 200 7450 "-" "Java/1.4.1_04"
88.56.254.134 - - [04/Mar/2012:02:49:44 +0100] "GET /hirek09_03.htm HTTP/1.1" 200 10726 "-" "Java/1.4.1_04"
88.56.254.134 - - [04/Mar/2012:02:49:45 +0100] "GET /&url=kapcsolat.htm HTTP/1.1" 404 1181 "-" "Java/1.4.1_04"
88.56.254.134 - - [04/Mar/2012:02:49:45 +0100] "GET /&url=programok.htm HTTP/1.1" 404 1181 "-" "Java/1.4.1_04"
88.56.254.134 - - [04/Mar/2012:02:49:45 +0100] "GET /&url=adomanyi.htm HTTP/1.1" 404 1181 "-" "Java/1.4.1_04"
88.56.254.134 - - [04/Mar/2012:02:49:45 +0100] "GET /bunt.htm HTTP/1.1" 200 5683 "-" "Java/1.4.1_04"
88.56.254.134 - - [04/Mar/2012:02:49:46 +0100] "GET /civilmuhely.htm HTTP/1.1" 200 8450 "-" "Java/1.4.1_04"
88.56.254.134 - - [04/Mar/2012:02:49:46 +0100] "GET /khb.htm HTTP/1.1" 200 8325 "-" "Java/1.4.1_04"
88.56.254.134 - - [04/Mar/2012:02:49:46 +0100] "GET /nca.htm HTTP/1.1" 200 7467 "-" "Java/1.4.1_04"
88.56.254.134 - - [04/Mar/2012:02:49:47 +0100] "GET /ncta.htm HTTP/1.1" 200 7221 "-" "Java/1.4.1_04"
88.56.254.134 - - [04/Mar/2012:02:49:47 +0100] "GET /nka.htm HTTP/1.1" 200 6221 "-" "Java/1.4.1_04"
88.56.254.134 - - [04/Mar/2012:02:49:47 +0100] "GET /szakmai.htm HTTP/1.1" 200 6054 "-" "Java/1.4.1_04"
88.56.254.134 - - [04/Mar/2012:02:49:47 +0100] "GET /ncta_a.htm HTTP/1.1" 200 7260 "-" "Java/1.4.1_04"
88.56.254.134 - - [04/Mar/2012:02:49:48 +0100] "GET /&url=civilmuhely.htm HTTP/1.1" 404 1181 "-" "Java/1.4.1_04"
88.56.254.134 - - [04/Mar/2012:02:49:48 +0100] "GET /&url=magunkrol.htm HTTP/1.1" 404 1181 "-" "Java/1.4.1_04"
88.56.254.134 - - [04/Mar/2012:02:49:48 +0100] "GET /nca04.htm HTTP/1.1" 200 16378 "-" "Java/1.4.1_04"
88.56.254.134 - - [04/Mar/2012:02:49:50 +0100] "GET /nca05.htm HTTP/1.1" 200 16412 "-" "Java/1.4.1_04"
88.56.254.134 - - [04/Mar/2012:02:49:50 +0100] "GET /nca06.htm HTTP/1.1" 200 19034 "-" "Java/1.4.1_04"
88.56.254.134 - - [04/Mar/2012:02:49:51 +0100] "GET /nca07.htm HTTP/1.1" 200 21968 "-" "Java/1.4.1_04"
88.56.254.134 - - [04/Mar/2012:02:49:51 +0100] "GET /nca08.htm HTTP/1.1" 200 21795 "-" "Java/1.4.1_04"
88.56.254.134 - - [04/Mar/2012:02:49:52 +0100] "GET /nca09.htm HTTP/1.1" 200 24315 "-" "Java/1.4.1_04"
88.56.254.134 - - [04/Mar/2012:02:49:52 +0100] "GET /nca10.htm HTTP/1.1" 200 16648 "-" "Java/1.4.1_04"
88.56.254.134 - - [04/Mar/2012:02:49:53 +0100] "GET /nca11.htm HTTP/1.1" 200 7133 "-" "Java/1.4.1_04"
88.56.254.134 - - [04/Mar/2012:02:49:53 +0100] "GET /kiadvanyok.htm HTTP/1.1" 200 8206 "-" "Java/1.4.1_04"
88.56.254.134 - - [04/Mar/2012:02:49:54 +0100] "GET /deutsch/index.htm HTTP/1.1" 200 5324 "-" "Java/1.4.1_04"
88.56.254.134 - - [04/Mar/2012:02:49:54 +0100] "GET /english/index.htm HTTP/1.1" 200 5262 "-" "Java/1.4.1_04"
88.56.254.134 - - [04/Mar/2012:02:49:54 +0100] "GET /fiok/index.html HTTP/1.1" 200 20554 "-" "Java/1.4.1_04"
88.56.254.134 - - [04/Mar/2012:02:49:55 +0100] "GET /hirek/hirek091015.htm HTTP/1.1" 200 7046 "-" "Java/1.4.1_04"
88.56.254.134 - - [04/Mar/2012:02:49:55 +0100] "GET /hirek/hirek091102.htm HTTP/1.1" 200 8538 "-" "Java/1.4.1_04"
88.56.254.134 - - [04/Mar/2012:02:49:56 +0100] "GET /hirek/hirek091103.htm HTTP/1.1" 200 7301 "-" "Java/1.4.1_04"
88.56.254.134 - - [04/Mar/2012:02:49:56 +0100] "GET /hirek/hirek091221.htm HTTP/1.1" 200 6740 "-" "Java/1.4.1_04"
88.56.254.134 - - [04/Mar/2012:02:49:56 +0100] "GET /hirek/hirek100225.htm HTTP/1.1" 200 7288 "-" "Java/1.4.1_04"
66.249.71.212 - - [04/Mar/2012:03:02:33 +0100] "GET /media.htm HTTP/1.1" 304 - "-" "Mozilla/5.0 (iPhone; U; CPU iPhone OS 4_1 like Mac OS X; en-us) AppleWebKit/532.9 (KHTML, like Gecko) Version/4.0.5 Mobile/8B117 Safari/6531.22.7 (compatible; Googlebot-Mobile/2.1; +http://www.google.com/bot.html)"
130.83.167.153 - - [04/Mar/2012:03:23:04 +0100] "GET /hirek08_10.htm HTTP/1.1" 200 6946 "-" "findlinks/2.0.4 (+http://wortschatz.uni-leipzig.de/findlinks/)"
77.21.147.115 - - [04/Mar/2012:03:59:45 +0100] "GET /fiok/programok.htm HTTP/1.1" 200 18165 "-" "findlinks/2.0.2 (+http://wortschatz.uni-leipzig.de/findlinks/)"
66.249.66.100 - - [04/Mar/2012:04:08:25 +0100] "GET /jog/eseteink/korosladany/kozig_hivatalnak_erdeklodes.pdf HTTP/1.1" 304 - "-" "Mozilla/5.0 (compatible; Googlebot/2.1; +http://www.google.com/bot.html)"
95.108.248.30 - - [04/Mar/2012:04:12:06 +0100] "GET /hirek/hirek091015.htm HTTP/1.1" 200 7046 "-" "Mozilla/5.0 (compatible; YandexBot/3.0; +http://yandex.com/bots)"
66.249.71.212 - - [04/Mar/2012:04:31:08 +0100] "GET /jog/eseteink/poroszlo/panasz_poroszlo.pdf HTTP/1.1" 200 180096 "-" "Mozilla/5.0 (compatible; Googlebot/2.1; +http://www.google.com/bot.html)"
66.249.66.100 - - [04/Mar/2012:04:32:28 +0100] "GET /jog/eseteink/korosladany/beavatkozas_tajekoztat_mszh.pdf HTTP/1.1" 304 - "-" "Mozilla/5.0 (compatible; Googlebot/2.1; +http://www.google.com/bot.html)"
66.249.71.212 - - [04/Mar/2012:04:32:51 +0100] "GET /jog/eseteink/derekegyhaza/mszh_kozpontnak_tajekoztataskeres.pdf HTTP/1.1" 304 - "-" "Mozilla/5.0 (compatible; Googlebot/2.1; +http://www.google.com/bot.html)"
66.249.71.212 - - [04/Mar/2012:04:38:11 +0100] "GET /jog/eseteink/derekegyhaza/tajekoztatas_keres_mszh_kozp.pdf HTTP/1.1" 304 - "-" "Mozilla/5.0 (compatible; Googlebot/2.1; +http://www.google.com/bot.html)"
78.92.53.92 - - [04/Mar/2012:04:44:43 +0100] "GET /lb/images/loading.gif HTTP/1.1" 200 2767 "http://rulettmania.hu/" "Mozilla/4.0 (compatible; MSIE 8.0; Windows NT 6.1; WOW64; Trident/4.0; BTRS7391; SLCC2; .NET CLR 2.0.50727; .NET CLR 3.5.30729; .NET CLR 3.0.30729; Media Center PC 6.0; InfoPath.3; .NET CLR 1.1.4322; AskTbPTV/5.14.1.20007)"
78.92.53.92 - - [04/Mar/2012:04:44:43 +0100] "GET /lb/images/closelabel.gif HTTP/1.1" 200 222 "http://rulettmania.hu/" "Mozilla/4.0 (compatible; MSIE 8.0; Windows NT 6.1; WOW64; Trident/4.0; BTRS7391; SLCC2; .NET CLR 2.0.50727; .NET CLR 3.5.30729; .NET CLR 3.0.30729; Media Center PC 6.0; InfoPath.3; .NET CLR 1.1.4322; AskTbPTV/5.14.1.20007)"
78.92.53.92 - - [04/Mar/2012:04:44:44 +0100] "GET /lb/images/blank.gif HTTP/1.1" 200 43 "http://rulettmania.hu/" "Mozilla/4.0 (compatible; MSIE 8.0; Windows NT 6.1; WOW64; Trident/4.0; BTRS7391; SLCC2; .NET CLR 2.0.50727; .NET CLR 3.5.30729; .NET CLR 3.0.30729; Media Center PC 6.0; InfoPath.3; .NET CLR 1.1.4322; AskTbPTV/5.14.1.20007)"
66.249.66.100 - - [04/Mar/2012:04:48:29 +0100] "GET /jog/eseteink/derekegyhaza/vizjogi_derekegyhaza_osztvez.pdf HTTP/1.1" 304 - "-" "Mozilla/5.0 (compatible; Googlebot/2.1; +http://www.google.com/bot.html)"
66.249.66.100 - - [04/Mar/2012:04:54:02 +0100] "GET /jog/eseteink/derekegyhaza/nemzeti_park_adatkeres_derekegyhaza20061222.pdf HTTP/1.1" 304 - "-" "Mozilla/5.0 (compatible; Googlebot/2.1; +http://www.google.com/bot.html)"
66.249.66.100 - - [04/Mar/2012:05:24:46 +0100] "GET /robots.txt HTTP/1.1" 404 1181 "-" "Mozilla/5.0 (compatible; Googlebot/2.1; +http://www.google.com/bot.html)"
66.249.66.100 - - [04/Mar/2012:05:24:46 +0100] "GET /jog/eseteink/korosladany/dalerd%20lb%20itelet_001.pdf HTTP/1.1" 304 - "-" "Mozilla/5.0 (compatible; Googlebot/2.1; +http://www.google.com/bot.html)"
66.249.66.100 - - [04/Mar/2012:05:51:20 +0100] "GET /jog/eseteink/korosladany/vegzes_dalerd_birsag.pdf HTTP/1.1" 304 - "-" "Mozilla/5.0 (compatible; Googlebot/2.1; +http://www.google.com/bot.html)"
139.18.2.17 - - [04/Mar/2012:06:25:15 +0100] "GET /hirek09_01.htm HTTP/1.1" 200 6841 "-" "findlinks/2.1.5 (+http://wortschatz.uni-leipzig.de/findlinks/)"
66.249.66.100 - - [04/Mar/2012:06:26:06 +0100] "GET /jog/eseteink/korosladany/szakerto_dij_birosag.doc.pdf HTTP/1.1" 304 - "-" "Mozilla/5.0 (compatible; Googlebot/2.1; +http://www.google.com/bot.html)"
66.249.71.212 - - [04/Mar/2012:07:00:56 +0100] "GET /jog/eseteink/korosladany/nimfea%20vm%20vegzes_001.pdf HTTP/1.1" 304 - "-" "Mozilla/5.0 (compatible; Googlebot/2.1; +http://www.google.com/bot.html)"
95.108.248.30 - - [04/Mar/2012:07:11:03 +0100] "GET /magunkrol.htm HTTP/1.1" 200 9202 "-" "Mozilla/5.0 (compatible; YandexBot/3.0; +http://yandex.com/bots)"
74.112.123.67 - - [04/Mar/2012:07:42:51 +0100] "GET / HTTP/1.1" 200 23794 "-" "Java/1.6.0_29"
74.112.123.67 - - [04/Mar/2012:07:42:52 +0100] "GET /hirarchivum.htm HTTP/1.1" 200 24981 "-" "Java/1.6.0_29"
74.112.123.67 - - [04/Mar/2012:07:42:53 +0100] "GET /index.htm HTTP/1.1" 200 23794 "-" "Java/1.6.0_29"
74.112.123.67 - - [04/Mar/2012:07:42:54 +0100] "GET /kapcsolat.htm HTTP/1.1" 200 6889 "-" "Java/1.6.0_29"
74.112.123.67 - - [04/Mar/2012:07:42:54 +0100] "GET /magunkrol.htm HTTP/1.1" 200 9202 "-" "Java/1.6.0_29"
74.112.123.67 - - [04/Mar/2012:07:42:55 +0100] "GET /media.htm HTTP/1.1" 200 5208 "-" "Java/1.6.0_29"
74.112.123.67 - - [04/Mar/2012:07:42:55 +0100] "GET /programok.htm HTTP/1.1" 200 6416 "-" "Java/1.6.0_29"
74.112.123.67 - - [04/Mar/2012:07:42:56 +0100] "GET /vill.cs HTTP/1.1" 200 2676 "-" "Java/1.6.0_29"
74.112.123.67 - - [04/Mar/2012:07:42:56 +0100] "GET /hirek08_10.htm HTTP/1.1" 200 6946 "-" "Java/1.6.0_29"
74.112.123.67 - - [04/Mar/2012:07:42:56 +0100] "GET /hirek08_11.htm HTTP/1.1" 200 7253 "-" "Java/1.6.0_29"
74.112.123.67 - - [04/Mar/2012:07:42:57 +0100] "GET /hirek08_12.htm HTTP/1.1" 200 8268 "-" "Java/1.6.0_29"
74.112.123.67 - - [04/Mar/2012:07:42:57 +0100] "GET /hirek09_01.htm HTTP/1.1" 200 6841 "-" "Java/1.6.0_29"
74.112.123.67 - - [04/Mar/2012:07:42:58 +0100] "GET /hirek09_02.htm HTTP/1.1" 200 7450 "-" "Java/1.6.0_29"
74.112.123.67 - - [04/Mar/2012:07:42:58 +0100] "GET /hirek09_03.htm HTTP/1.1" 200 10726 "-" "Java/1.6.0_29"
74.112.123.67 - - [04/Mar/2012:07:42:58 +0100] "GET /&url=kapcsolat.htm HTTP/1.1" 404 1181 "-" "Java/1.6.0_29"
74.112.123.67 - - [04/Mar/2012:07:42:59 +0100] "GET /&url=programok.htm HTTP/1.1" 404 1181 "-" "Java/1.6.0_29"
74.112.123.67 - - [04/Mar/2012:07:42:59 +0100] "GET /&url=adomanyi.htm HTTP/1.1" 404 1181 "-" "Java/1.6.0_29"
74.112.123.67 - - [04/Mar/2012:07:42:59 +0100] "GET /bunt.htm HTTP/1.1" 200 5683 "-" "Java/1.6.0_29"
74.112.123.67 - - [04/Mar/2012:07:43:00 +0100] "GET /civilmuhely.htm HTTP/1.1" 200 8450 "-" "Java/1.6.0_29"
74.112.123.67 - - [04/Mar/2012:07:43:00 +0100] "GET /khb.htm HTTP/1.1" 200 8325 "-" "Java/1.6.0_29"
74.112.123.67 - - [04/Mar/2012:07:43:01 +0100] "GET /nca.htm HTTP/1.1" 200 7467 "-" "Java/1.6.0_29"
74.112.123.67 - - [04/Mar/2012:07:43:01 +0100] "GET /ncta.htm HTTP/1.1" 200 7221 "-" "Java/1.6.0_29"
74.112.123.67 - - [04/Mar/2012:07:43:01 +0100] "GET /nka.htm HTTP/1.1" 200 6221 "-" "Java/1.6.0_29"
74.112.123.67 - - [04/Mar/2012:07:43:02 +0100] "GET /szakmai.htm HTTP/1.1" 200 6054 "-" "Java/1.6.0_29"
74.112.123.67 - - [04/Mar/2012:07:43:02 +0100] "GET /ncta_a.htm HTTP/1.1" 200 7260 "-" "Java/1.6.0_29"
74.112.123.67 - - [04/Mar/2012:07:43:02 +0100] "GET /&url=civilmuhely.htm HTTP/1.1" 404 1181 "-" "Java/1.6.0_29"
74.112.123.67 - - [04/Mar/2012:07:43:03 +0100] "GET /&url=magunkrol.htm HTTP/1.1" 404 1181 "-" "Java/1.6.0_29"
74.112.123.67 - - [04/Mar/2012:07:43:03 +0100] "GET /nca04.htm HTTP/1.1" 200 16378 "-" "Java/1.6.0_29"
74.112.123.67 - - [04/Mar/2012:07:43:04 +0100] "GET /nca05.htm HTTP/1.1" 200 16412 "-" "Java/1.6.0_29"
74.112.123.67 - - [04/Mar/2012:07:43:04 +0100] "GET /nca06.htm HTTP/1.1" 200 19034 "-" "Java/1.6.0_29"
74.112.123.67 - - [04/Mar/2012:07:43:05 +0100] "GET /nca07.htm HTTP/1.1" 200 21968 "-" "Java/1.6.0_29"
74.112.123.67 - - [04/Mar/2012:07:43:06 +0100] "GET /nca08.htm HTTP/1.1" 200 21795 "-" "Java/1.6.0_29"
74.112.123.67 - - [04/Mar/2012:07:43:07 +0100] "GET /nca09.htm HTTP/1.1" 200 24315 "-" "Java/1.6.0_29"
74.112.123.67 - - [04/Mar/2012:07:43:08 +0100] "GET /nca10.htm HTTP/1.1" 200 16648 "-" "Java/1.6.0_29"
74.112.123.67 - - [04/Mar/2012:07:43:09 +0100] "GET /nca11.htm HTTP/1.1" 200 7133 "-" "Java/1.6.0_29"
74.112.123.67 - - [04/Mar/2012:07:43:09 +0100] "GET /kiadvanyok.htm HTTP/1.1" 200 8206 "-" "Java/1.6.0_29"
74.112.123.67 - - [04/Mar/2012:07:43:10 +0100] "GET /deutsch/index.htm HTTP/1.1" 200 5324 "-" "Java/1.6.0_29"
74.112.123.67 - - [04/Mar/2012:07:43:10 +0100] "GET /english/index.htm HTTP/1.1" 200 5262 "-" "Java/1.6.0_29"
74.112.123.67 - - [04/Mar/2012:07:43:11 +0100] "GET /fiok/index.html HTTP/1.1" 200 20554 "-" "Java/1.6.0_29"
74.112.123.67 - - [04/Mar/2012:07:43:12 +0100] "GET /hirek/hirek091015.htm HTTP/1.1" 200 7046 "-" "Java/1.6.0_29"
74.112.123.67 - - [04/Mar/2012:07:43:12 +0100] "GET /hirek/hirek091102.htm HTTP/1.1" 200 8538 "-" "Java/1.6.0_29"
74.112.123.67 - - [04/Mar/2012:07:43:12 +0100] "GET /hirek/hirek091103.htm HTTP/1.1" 200 7301 "-" "Java/1.6.0_29"
74.112.123.67 - - [04/Mar/2012:07:43:13 +0100] "GET /hirek/hirek091221.htm HTTP/1.1" 200 6740 "-" "Java/1.6.0_29"
74.112.123.67 - - [04/Mar/2012:07:43:14 +0100] "GET /hirek/hirek100225.htm HTTP/1.1" 200 7288 "-" "Java/1.6.0_29"
81.0.109.150 - - [04/Mar/2012:07:44:34 +0100] "GET /lb/images/closelabel.gif HTTP/1.1" 200 222 "http://www.rulettmania.hu/" "Mozilla/5.0 (Windows NT 6.1) AppleWebKit/535.11 (KHTML, like Gecko) Chrome/17.0.963.56 Safari/535.11"
81.0.109.150 - - [04/Mar/2012:07:44:34 +0100] "GET /lb/images/loading.gif HTTP/1.1" 200 2767 "http://www.rulettmania.hu/" "Mozilla/5.0 (Windows NT 6.1) AppleWebKit/535.11 (KHTML, like Gecko) Chrome/17.0.963.56 Safari/535.11"
85.238.90.188 - - [04/Mar/2012:07:51:22 +0100] "GET /lb/images/loading.gif HTTP/1.1" 200 2767 "http://rulettmania.hu/" "Mozilla/5.0 (Windows NT 6.1) AppleWebKit/535.11 (KHTML, like Gecko) Chrome/17.0.963.56 Safari/535.11"
85.238.90.188 - - [04/Mar/2012:07:51:22 +0100] "GET /lb/images/closelabel.gif HTTP/1.1" 200 222 "http://rulettmania.hu/" "Mozilla/5.0 (Windows NT 6.1) AppleWebKit/535.11 (KHTML, like Gecko) Chrome/17.0.963.56 Safari/535.11"
66.249.71.212 - - [04/Mar/2012:08:06:31 +0100] "GET /hirek/hirek120207.htm HTTP/1.1" 200 6586 "-" "Mozilla/5.0 (iPhone; U; CPU iPhone OS 4_1 like Mac OS X; en-us) AppleWebKit/532.9 (KHTML, like Gecko) Version/4.0.5 Mobile/8B117 Safari/6531.22.7 (compatible; Googlebot-Mobile/2.1; +http://www.google.com/bot.html)"
213.253.217.40 - - [04/Mar/2012:08:13:19 +0100] "GET /lb/images/loading.gif HTTP/1.1" 200 2767 "http://www.rulettmania.hu/" "Mozilla/5.0 (Windows NT 6.1) AppleWebKit/535.11 (KHTML, like Gecko) Chrome/17.0.963.56 Safari/535.11"
213.253.217.40 - - [04/Mar/2012:08:13:19 +0100] "GET /lb/images/closelabel.gif HTTP/1.1" 200 222 "http://www.rulettmania.hu/" "Mozilla/5.0 (Windows NT 6.1) AppleWebKit/535.11 (KHTML, like Gecko) Chrome/17.0.963.56 Safari/535.11"
66.249.71.212 - - [04/Mar/2012:08:15:19 +0100] "GET /hirek/jogi.jpg HTTP/1.1" 200 26142 "http://www.beklen.hu/hirek/hirek120207.htm" "Mozilla/5.0 (compatible; Googlebot/2.1; +http://www.google.com/bot.html)"
66.249.71.212 - - [04/Mar/2012:08:15:19 +0100] "GET /hirek/nca_logo.jpg HTTP/1.1" 200 4244 "http://www.beklen.hu/hirek/hirek120207.htm" "Mozilla/5.0 (compatible; Googlebot/2.1; +http://www.google.com/bot.html)"
66.249.71.212 - - [04/Mar/2012:08:15:22 +0100] "GET /hirek/szines_vm_logo.jpg HTTP/1.1" 200 9207 "http://www.beklen.hu/hirek/hirek120207.htm" "Mozilla/5.0 (compatible; Googlebot/2.1; +http://www.google.com/bot.html)"
86.101.50.33 - - [04/Mar/2012:08:41:53 +0100] "GET /lb/images/closelabel.gif HTTP/1.1" 200 222 "http://rulettmania.hu/" "Mozilla/5.0 (Windows NT 6.1; rv:10.0.2) Gecko/20100101 Firefox/10.0.2"
86.101.50.33 - - [04/Mar/2012:08:41:53 +0100] "GET /lb/images/loading.gif HTTP/1.1" 200 2767 "http://rulettmania.hu/" "Mozilla/5.0 (Windows NT 6.1; rv:10.0.2) Gecko/20100101 Firefox/10.0.2"
66.226.77.39 - - [04/Mar/2012:09:03:55 +0100] "GET / HTTP/1.1" 200 23794 "-" "Mozilla/5.0 (Windows NT 6.1; rv:7.0.1) Gecko/20100101 Firefox/7.0.1"
66.226.77.39 - - [04/Mar/2012:09:03:56 +0100] "GET / HTTP/1.1" 200 23794 "http://www.beklen.hu" "Mozilla/5.0 (Windows NT 6.1; rv:7.0.1) Gecko/20100101 Firefox/7.0.1"
66.226.77.39 - - [04/Mar/2012:09:03:57 +0100] "GET /hirek/hirek091103.htm HTTP/1.1" 200 7301 "http://www.beklen.hu/hirek/Microsoft Word - csongradi duzzaszto velemeny 2009.06.11..doc.pdf" "Mozilla/5.0 (Windows NT 6.1; rv:7.0.1) Gecko/20100101 Firefox/7.0.1"
66.226.77.39 - - [04/Mar/2012:09:03:58 +0100] "GET /hirek/klimatv_civilcikk.doc HTTP/1.1" 200 78336 "http://www.beklen.hu/hirek/hirek091103.htm" "Mozilla/5.0 (Windows NT 6.1; rv:7.0.1) Gecko/20100101 Firefox/7.0.1"
66.226.77.39 - - [04/Mar/2012:09:03:58 +0100] "GET /kapcsolat.htm HTTP/1.1" 200 6889 "http://www.beklen.hu/hirek/klimatv_civilcikk.doc" "Mozilla/5.0 (Windows NT 6.1; rv:7.0.1) Gecko/20100101 Firefox/7.0.1"
80.98.47.178 - - [04/Mar/2012:09:24:48 +0100] "GET /lb/images/loading.gif HTTP/1.1" 200 2767 "http://rulettmania.hu/" "Mozilla/5.0 (compatible; MSIE 9.0; Windows NT 6.1; Trident/5.0)"
80.98.47.178 - - [04/Mar/2012:09:24:48 +0100] "GET /lb/images/closelabel.gif HTTP/1.1" 200 222 "http://rulettmania.hu/" "Mozilla/5.0 (compatible; MSIE 9.0; Windows NT 6.1; Trident/5.0)"
80.98.47.178 - - [04/Mar/2012:09:24:48 +0100] "GET /lb/images/blank.gif HTTP/1.1" 200 43 "http://rulettmania.hu/" "Mozilla/5.0 (compatible; MSIE 9.0; Windows NT 6.1; Trident/5.0)"
95.108.248.30 - - [04/Mar/2012:09:37:23 +0100] "GET /hirek/Microsoft%20Word%20-%20csongradi%20duzzaszto%20velemeny%202009.06.11..doc.pdf HTTP/1.1" 200 321155 "-" "Mozilla/5.0 (compatible; YandexBot/3.0; +http://yandex.com/bots)"
