188.156.0.229 - - [30/Mar/2012:08:35:14 +0200] "GET /felhivas.htm HTTP/1.1" 304 - "-" "Mozilla/5.0 (iPhone; CPU iPhone OS 5_1 like Mac OS X) AppleWebKit/534.46 (KHTML, like Gecko) Version/5.1 Mobile/9B176 Safari/7534.48.3"
66.249.71.162 - - [30/Mar/2012:09:37:56 +0200] "GET /robots.txt HTTP/1.1" 404 1181 "-" "Mozilla/5.0 (compatible; Googlebot/2.1; +http://www.google.com/bot.html)"
66.249.71.162 - - [30/Mar/2012:09:37:56 +0200] "GET /hirek/hirek100305.htm HTTP/1.1" 304 - "-" "Mozilla/5.0 (iPhone; U; CPU iPhone OS 4_1 like Mac OS X; en-us) AppleWebKit/532.9 (KHTML, like Gecko) Version/4.0.5 Mobile/8B117 Safari/6531.22.7 (compatible; Googlebot-Mobile/2.1; +http://www.google.com/bot.html)"
66.249.71.162 - - [30/Mar/2012:09:43:00 +0200] "GET /vill.cs HTTP/1.1" 200 2676 "-" "Mozilla/5.0 (compatible; Googlebot/2.1; +http://www.google.com/bot.html)"
208.115.113.84 - - [30/Mar/2012:10:03:55 +0200] "GET /robots.txt HTTP/1.1" 404 1181 "-" "Mozilla/5.0 (compatible; Ezooms/1.0; ezooms.bot@gmail.com)"
65.52.104.84 - - [30/Mar/2012:10:26:21 +0200] "GET /kapcsolat.htm HTTP/1.1" 304 - "-" "Mozilla/5.0 (compatible; bingbot/2.0; +http://www.bing.com/bingbot.htm)"
208.115.113.84 - - [30/Mar/2012:12:00:06 +0200] "GET /fiok/programok.htm HTTP/1.1" 200 18165 "-" "Mozilla/5.0 (compatible; Ezooms/1.0; ezooms.bot@gmail.com)"
208.115.113.84 - - [30/Mar/2012:12:00:08 +0200] "GET /hirek/hirek100728.htm HTTP/1.1" 200 7560 "-" "Mozilla/5.0 (compatible; Ezooms/1.0; ezooms.bot@gmail.com)"
66.249.71.162 - - [30/Mar/2012:12:04:29 +0200] "GET /jog/eseteink.htm HTTP/1.1" 200 17277 "-" "Mozilla/5.0 (compatible; Googlebot/2.1; +http://www.google.com/bot.html)"
66.249.71.162 - - [30/Mar/2012:12:16:13 +0200] "GET /jog/eseteink/korosladany/kepek/img_5365__.jpg HTTP/1.1" 200 5864 "-" "Mozilla/5.0 (compatible; Googlebot/2.1; +http://www.google.com/bot.html)"
66.249.71.162 - - [30/Mar/2012:12:16:14 +0200] "GET /jog/eseteink/poroszlo/villa_.jpg HTTP/1.1" 200 3841 "-" "Mozilla/5.0 (compatible; Googlebot/2.1; +http://www.google.com/bot.html)"
66.249.71.162 - - [30/Mar/2012:12:16:17 +0200] "GET /jog/eseteink/derekegyhaza/37-433.jpg HTTP/1.1" 200 3573 "-" "Mozilla/5.0 (compatible; Googlebot/2.1; +http://www.google.com/bot.html)"
66.249.71.162 - - [30/Mar/2012:12:16:19 +0200] "GET /jog/eseteink/dakar/k.jpg HTTP/1.1" 200 2687 "-" "Mozilla/5.0 (compatible; Googlebot/2.1; +http://www.google.com/bot.html)"
66.249.71.162 - - [30/Mar/2012:12:16:20 +0200] "GET /jog/eseteink/audi/audi%20-%20natura%202000_.jpg HTTP/1.1" 200 4882 "-" "Mozilla/5.0 (compatible; Googlebot/2.1; +http://www.google.com/bot.html)"
66.249.71.162 - - [30/Mar/2012:12:16:22 +0200] "GET /jog/eseteink/malom/fotok/img_3057_.jpg HTTP/1.1" 200 6339 "-" "Mozilla/5.0 (compatible; Googlebot/2.1; +http://www.google.com/bot.html)"
66.249.71.162 - - [30/Mar/2012:12:16:24 +0200] "GET /jog/eseteink/kavicszatony/dscf0084_.jpg HTTP/1.1" 200 2611 "-" "Mozilla/5.0 (compatible; Googlebot/2.1; +http://www.google.com/bot.html)"
66.249.71.162 - - [30/Mar/2012:12:16:27 +0200] "GET /jog/eseteink/duzzaszto/koros.jpg HTTP/1.1" 200 201463 "-" "Mozilla/5.0 (compatible; Googlebot/2.1; +http://www.google.com/bot.html)"
149.200.83.140 - - [30/Mar/2012:13:20:53 +0200] "GET /lb/images/loading.gif HTTP/1.1" 200 2767 "http://www.rulettmania.hu/sportfogadas/" "Mozilla/5.0 (iPhone; CPU iPhone OS 5_0_1 like Mac OS X) AppleWebKit/534.46 (KHTML, like Gecko) Version/5.1 Mobile/9A405 Safari/7534.48.3"
149.200.83.140 - - [30/Mar/2012:13:20:53 +0200] "GET /lb/images/closelabel.gif HTTP/1.1" 200 222 "http://www.rulettmania.hu/sportfogadas/" "Mozilla/5.0 (iPhone; CPU iPhone OS 5_0_1 like Mac OS X) AppleWebKit/534.46 (KHTML, like Gecko) Version/5.1 Mobile/9A405 Safari/7534.48.3"
207.46.195.242 - - [30/Mar/2012:13:20:56 +0200] "GET /robots.txt HTTP/1.1" 404 1181 "-" "Mozilla/5.0 (compatible; bingbot/2.0; +http://www.bing.com/bingbot.htm)"
207.46.195.242 - - [30/Mar/2012:13:45:48 +0200] "GET /index.htm HTTP/1.1" 304 - "-" "Mozilla/5.0 (compatible; bingbot/2.0; +http://www.bing.com/bingbot.htm)"
146.50.79.106 - - [30/Mar/2012:14:10:01 +0200] "GET /robots.txt HTTP/1.1" 404 1181 "-" "Java/1.6.0_07"
146.50.79.106 - - [30/Mar/2012:14:10:01 +0200] "GET /fiok/ HTTP/1.1" 200 20554 "-" "Java/1.6.0_07"
77.20.154.156 - - [30/Mar/2012:14:48:31 +0200] "GET /fiok/gazdasag.htm HTTP/1.1" 200 22480 "-" "findlinks/2.0.2 (+http://wortschatz.uni-leipzig.de/findlinks/)"
208.115.111.68 - - [30/Mar/2012:16:05:52 +0200] "GET /robots.txt HTTP/1.1" 404 1181 "-" "Mozilla/5.0 (compatible; Ezooms/1.0; ezooms.bot@gmail.com)"
95.108.248.30 - - [30/Mar/2012:16:22:52 +0200] "GET /index.htm HTTP/1.1" 200 23794 "-" "Mozilla/5.0 (compatible; YandexBot/3.0; +http://yandex.com/bots)"
139.18.2.209 - - [30/Mar/2012:16:36:40 +0200] "GET /index.htm HTTP/1.1" 200 23794 "-" "findlinks/2.0.1 (+http://wortschatz.uni-leipzig.de/findlinks/)"
80.98.210.155 - - [30/Mar/2012:17:06:40 +0200] "GET /hirek/Natura_2000es_gyepgazdalkodas_eloirasai.ppt HTTP/1.1" 200 333312 "http://www.google.hu/url?sa=t&rct=j&q=natura%202000%20ppt&source=web&cd=16&ved=0CEIQFjAFOAo&url=http%3A%2F%2Fwww.beklen.hu%2Fhirek%2FNatura_2000es_gyepgazdalkodas_eloirasai.ppt&ei=6Mt1T67vCszFtAbusoDEAw&usg=AFQjCNG8LfbJHhsQnf2GHHlP2nweoOOGlQ&sig2=gMRnfJTxLxTd5vQnpbIA9Q" "Mozilla/5.0 (Windows NT 5.1; rv:7.0.1) Gecko/20100101 Firefox/7.0.1"
208.115.111.68 - - [30/Mar/2012:17:54:50 +0200] "GET /fiok/program_reszek/csaladbarat.htm HTTP/1.1" 200 20928 "-" "Mozilla/5.0 (compatible; Ezooms/1.0; ezooms.bot@gmail.com)"
208.115.111.68 - - [30/Mar/2012:17:54:53 +0200] "GET /fiok/program_reszek/konferancia.htm HTTP/1.1" 200 21668 "-" "Mozilla/5.0 (compatible; Ezooms/1.0; ezooms.bot@gmail.com)"
95.108.248.30 - - [30/Mar/2012:18:36:32 +0200] "GET /robots.txt HTTP/1.1" 404 1181 "-" "Mozilla/5.0 (compatible; YandexBot/3.0; +http://yandex.com/bots)"
213.46.43.79 - - [30/Mar/2012:18:41:30 +0200] "GET / HTTP/1.1" 200 23794 "-" "Java/1.4.1_04"
213.46.43.79 - - [30/Mar/2012:18:41:32 +0200] "GET /hirarchivum.htm HTTP/1.1" 200 24981 "-" "Java/1.4.1_04"
213.46.43.79 - - [30/Mar/2012:18:41:32 +0200] "GET /index.htm HTTP/1.1" 200 23794 "-" "Java/1.4.1_04"
213.46.43.79 - - [30/Mar/2012:18:41:33 +0200] "GET /kapcsolat.htm HTTP/1.1" 200 6889 "-" "Java/1.4.1_04"
213.46.43.79 - - [30/Mar/2012:18:41:34 +0200] "GET /magunkrol.htm HTTP/1.1" 200 9202 "-" "Java/1.4.1_04"
213.46.43.79 - - [30/Mar/2012:18:41:34 +0200] "GET /media.htm HTTP/1.1" 200 5208 "-" "Java/1.4.1_04"
213.46.43.79 - - [30/Mar/2012:18:41:34 +0200] "GET /programok.htm HTTP/1.1" 200 6558 "-" "Java/1.4.1_04"
213.46.43.79 - - [30/Mar/2012:18:41:34 +0200] "GET /vill.cs HTTP/1.1" 200 2676 "-" "Java/1.4.1_04"
213.46.43.79 - - [30/Mar/2012:18:41:34 +0200] "GET /hirek08_10.htm HTTP/1.1" 200 6946 "-" "Java/1.4.1_04"
213.46.43.79 - - [30/Mar/2012:18:41:35 +0200] "GET /hirek08_11.htm HTTP/1.1" 200 7253 "-" "Java/1.4.1_04"
213.46.43.79 - - [30/Mar/2012:18:41:35 +0200] "GET /hirek08_12.htm HTTP/1.1" 200 8268 "-" "Java/1.4.1_04"
213.46.43.79 - - [30/Mar/2012:18:41:35 +0200] "GET /hirek09_01.htm HTTP/1.1" 200 6841 "-" "Java/1.4.1_04"
213.46.43.79 - - [30/Mar/2012:18:41:35 +0200] "GET /hirek09_02.htm HTTP/1.1" 200 7450 "-" "Java/1.4.1_04"
213.46.43.79 - - [30/Mar/2012:18:41:36 +0200] "GET /hirek09_03.htm HTTP/1.1" 200 10726 "-" "Java/1.4.1_04"
213.46.43.79 - - [30/Mar/2012:18:41:36 +0200] "GET /&url=kapcsolat.htm HTTP/1.1" 404 1181 "-" "Java/1.4.1_04"
213.46.43.79 - - [30/Mar/2012:18:41:37 +0200] "GET /&url=programok.htm HTTP/1.1" 404 1181 "-" "Java/1.4.1_04"
213.46.43.79 - - [30/Mar/2012:18:41:37 +0200] "GET /&url=adomanyi.htm HTTP/1.1" 404 1181 "-" "Java/1.4.1_04"
213.46.43.79 - - [30/Mar/2012:18:41:37 +0200] "GET /bunt.htm HTTP/1.1" 200 5683 "-" "Java/1.4.1_04"
213.46.43.79 - - [30/Mar/2012:18:41:37 +0200] "GET /civilmuhely.htm HTTP/1.1" 200 8450 "-" "Java/1.4.1_04"
213.46.43.79 - - [30/Mar/2012:18:41:37 +0200] "GET /felhivas.htm HTTP/1.1" 200 7289 "-" "Java/1.4.1_04"
213.46.43.79 - - [30/Mar/2012:18:41:37 +0200] "GET /khb.htm HTTP/1.1" 200 8325 "-" "Java/1.4.1_04"
213.46.43.79 - - [30/Mar/2012:18:41:38 +0200] "GET /nca.htm HTTP/1.1" 200 7467 "-" "Java/1.4.1_04"
213.46.43.79 - - [30/Mar/2012:18:41:38 +0200] "GET /ncta.htm HTTP/1.1" 200 7221 "-" "Java/1.4.1_04"
213.46.43.79 - - [30/Mar/2012:18:41:38 +0200] "GET /nka.htm HTTP/1.1" 200 6221 "-" "Java/1.4.1_04"
213.46.43.79 - - [30/Mar/2012:18:41:38 +0200] "GET /szakmai.htm HTTP/1.1" 200 6054 "-" "Java/1.4.1_04"
213.46.43.79 - - [30/Mar/2012:18:41:39 +0200] "GET /ncta_a.htm HTTP/1.1" 200 7260 "-" "Java/1.4.1_04"
213.46.43.79 - - [30/Mar/2012:18:41:39 +0200] "GET /&url=civilmuhely.htm HTTP/1.1" 404 1181 "-" "Java/1.4.1_04"
213.46.43.79 - - [30/Mar/2012:18:41:39 +0200] "GET /&url=magunkrol.htm HTTP/1.1" 404 1181 "-" "Java/1.4.1_04"
213.46.43.79 - - [30/Mar/2012:18:41:39 +0200] "GET /nca04.htm HTTP/1.1" 200 16378 "-" "Java/1.4.1_04"
213.46.43.79 - - [30/Mar/2012:18:41:39 +0200] "GET /nca05.htm HTTP/1.1" 200 16412 "-" "Java/1.4.1_04"
213.46.43.79 - - [30/Mar/2012:18:41:40 +0200] "GET /nca06.htm HTTP/1.1" 200 19034 "-" "Java/1.4.1_04"
213.46.43.79 - - [30/Mar/2012:18:41:40 +0200] "GET /nca07.htm HTTP/1.1" 200 21968 "-" "Java/1.4.1_04"
213.46.43.79 - - [30/Mar/2012:18:41:40 +0200] "GET /nca08.htm HTTP/1.1" 200 21795 "-" "Java/1.4.1_04"
213.46.43.79 - - [30/Mar/2012:18:41:41 +0200] "GET /nca09.htm HTTP/1.1" 200 24315 "-" "Java/1.4.1_04"
213.46.43.79 - - [30/Mar/2012:18:41:42 +0200] "GET /nca10.htm HTTP/1.1" 200 16648 "-" "Java/1.4.1_04"
213.46.43.79 - - [30/Mar/2012:18:41:42 +0200] "GET /nca11.htm HTTP/1.1" 200 7133 "-" "Java/1.4.1_04"
213.46.43.79 - - [30/Mar/2012:18:41:43 +0200] "GET /kiadvanyok.htm HTTP/1.1" 200 8206 "-" "Java/1.4.1_04"
213.46.43.79 - - [30/Mar/2012:18:41:43 +0200] "GET /deutsch/index.htm HTTP/1.1" 200 5324 "-" "Java/1.4.1_04"
213.46.43.79 - - [30/Mar/2012:18:41:43 +0200] "GET /english/index.htm HTTP/1.1" 200 5262 "-" "Java/1.4.1_04"
213.46.43.79 - - [30/Mar/2012:18:41:44 +0200] "GET /fiok/index.html HTTP/1.1" 200 20554 "-" "Java/1.4.1_04"
213.46.43.79 - - [30/Mar/2012:18:41:45 +0200] "GET /hirek/hirek091015.htm HTTP/1.1" 200 7046 "-" "Java/1.4.1_04"
213.46.43.79 - - [30/Mar/2012:18:41:45 +0200] "GET /hirek/hirek091102.htm HTTP/1.1" 200 8538 "-" "Java/1.4.1_04"
213.46.43.79 - - [30/Mar/2012:18:41:45 +0200] "GET /hirek/hirek091103.htm HTTP/1.1" 200 7301 "-" "Java/1.4.1_04"
213.46.43.79 - - [30/Mar/2012:18:41:45 +0200] "GET /hirek/hirek091221.htm HTTP/1.1" 200 6740 "-" "Java/1.4.1_04"
66.249.71.162 - - [30/Mar/2012:19:17:02 +0200] "GET /hirek/090510/szuletesunnepe011.jpg HTTP/1.1" 304 - "-" "Googlebot-Image/1.0"
176.31.247.216 - - [30/Mar/2012:19:46:45 +0200] "GET /robots.txt HTTP/1.0" 404 1181 "-" "Mozilla/5.0 (compatible; MJ12bot/v1.4.2; http://www.majestic12.co.uk/bot.php?+)"
176.31.247.216 - - [30/Mar/2012:19:46:47 +0200] "GET / HTTP/1.0" 200 23794 "-" "Mozilla/5.0 (compatible; MJ12bot/v1.4.2; http://www.majestic12.co.uk/bot.php?+)"
66.249.71.162 - - [30/Mar/2012:20:41:22 +0200] "GET /nca07.htm HTTP/1.1" 200 21968 "-" "Mozilla/5.0 (compatible; Googlebot/2.1; +http://www.google.com/bot.html)"
77.20.4.67 - - [30/Mar/2012:20:46:02 +0200] "GET /programok.htm HTTP/1.1" 200 6558 "-" "findlinks/2.0.2 (+http://wortschatz.uni-leipzig.de/findlinks/)"
95.108.248.30 - - [30/Mar/2012:21:05:37 +0200] "GET / HTTP/1.1" 200 23794 "-" "Mozilla/5.0 (compatible; YandexBot/3.0; +http://yandex.com/bots)"
207.46.204.180 - - [30/Mar/2012:21:08:08 +0200] "GET /robots.txt HTTP/1.1" 404 1181 "-" "Mozilla/5.0 (compatible; bingbot/2.0; +http://www.bing.com/bingbot.htm)"
207.46.204.180 - - [30/Mar/2012:21:09:12 +0200] "GET /hirek/Microsoft%20Word%20-%20csongradi%20duzzaszto%20velemeny%202009.06.11..doc.pdf HTTP/1.1" 200 321155 "-" "Mozilla/5.0 (compatible; bingbot/2.0; +http://www.bing.com/bingbot.htm)"
66.249.71.162 - - [30/Mar/2012:22:14:08 +0200] "GET /robots.txt HTTP/1.1" 404 1181 "-" "Mozilla/5.0 (compatible; Googlebot/2.1; +http://www.google.com/bot.html)"
66.249.71.162 - - [30/Mar/2012:22:14:08 +0200] "GET /civilmuhely.htm HTTP/1.1" 200 8450 "-" "Mozilla/5.0 (iPhone; U; CPU iPhone OS 4_1 like Mac OS X; en-us) AppleWebKit/532.9 (KHTML, like Gecko) Version/4.0.5 Mobile/8B117 Safari/6531.22.7 (compatible; Googlebot-Mobile/2.1; +http://www.google.com/bot.html)"
95.108.248.30 - - [30/Mar/2012:22:38:46 +0200] "GET /hirek/hirek090428.htm HTTP/1.1" 304 - "-" "Mozilla/5.0 (compatible; YandexBot/3.0; +http://yandex.com/bots)"
89.182.91.72 - - [30/Mar/2012:23:58:29 +0200] "GET /fiok/kapcsolat.htm HTTP/1.1" 200 17416 "-" "findlinks/2.0.2 (+http://wortschatz.uni-leipzig.de/findlinks/)"
217.69.134.91 - - [31/Mar/2012:00:32:27 +0200] "GET /robots.txt HTTP/1.0" 404 1181 "-" "Mail.RU/2.0"
208.115.113.84 - - [31/Mar/2012:02:29:59 +0200] "GET /robots.txt HTTP/1.1" 404 1181 "-" "Mozilla/5.0 (compatible; Ezooms/1.0; ezooms.bot@gmail.com)"
95.108.248.30 - - [31/Mar/2012:04:26:12 +0200] "GET /programok.htm HTTP/1.1" 200 6558 "-" "Mozilla/5.0 (compatible; YandexBot/3.0; +http://yandex.com/bots)"
208.115.113.84 - - [31/Mar/2012:04:36:19 +0200] "GET /hirek/hirek101027.htm HTTP/1.1" 200 9627 "-" "Mozilla/5.0 (compatible; Ezooms/1.0; ezooms.bot@gmail.com)"
208.115.111.68 - - [31/Mar/2012:05:12:05 +0200] "GET /robots.txt HTTP/1.1" 404 1181 "-" "Mozilla/5.0 (compatible; Ezooms/1.0; ezooms.bot@gmail.com)"
95.108.248.30 - - [31/Mar/2012:05:30:22 +0200] "GET /khb/beklen_2006_kh_jelentes.pdf HTTP/1.1" 304 - "-" "Mozilla/5.0 (compatible; YandexBot/3.0; +http://yandex.com/bots)"
66.249.71.162 - - [31/Mar/2012:06:38:34 +0200] "GET /fiok/kepek/03.jpg HTTP/1.1" 200 80154 "-" "Googlebot-Image/1.0"
66.249.71.162 - - [31/Mar/2012:07:01:51 +0200] "GET /fiok/kepek/01.jpg HTTP/1.1" 200 233771 "-" "Googlebot-Image/1.0"
66.249.71.162 - - [31/Mar/2012:07:30:42 +0200] "GET /fiok/kepek/02.jpg HTTP/1.1" 200 82993 "-" "Googlebot-Image/1.0"
207.46.195.242 - - [31/Mar/2012:07:58:58 +0200] "GET /robots.txt HTTP/1.1" 404 1181 "-" "Mozilla/5.0 (compatible; bingbot/2.0; +http://www.bing.com/bingbot.htm)"
207.46.195.242 - - [31/Mar/2012:07:59:44 +0200] "GET /index.htm HTTP/1.1" 304 - "-" "Mozilla/5.0 (compatible; bingbot/2.0; +http://www.bing.com/bingbot.htm)"
66.249.71.162 - - [31/Mar/2012:08:17:27 +0200] "GET /media.htm HTTP/1.1" 304 - "-" "Mozilla/5.0 (iPhone; U; CPU iPhone OS 4_1 like Mac OS X; en-us) AppleWebKit/532.9 (KHTML, like Gecko) Version/4.0.5 Mobile/8B117 Safari/6531.22.7 (compatible; Googlebot-Mobile/2.1; +http://www.google.com/bot.html)"
66.249.71.162 - - [31/Mar/2012:09:11:16 +0200] "GET /hirek/hirek091102.htm HTTP/1.1" 200 8538 "-" "Mozilla/5.0 (compatible; Googlebot/2.1; +http://www.google.com/bot.html)"
80.57.135.119 - - [31/Mar/2012:09:26:54 +0200] "GET / HTTP/1.1" 200 23794 "-" "Java/1.6.0_31"
80.57.135.119 - - [31/Mar/2012:09:26:55 +0200] "GET /hirarchivum.htm HTTP/1.1" 200 24981 "-" "Java/1.6.0_31"
80.57.135.119 - - [31/Mar/2012:09:26:55 +0200] "GET /index.htm HTTP/1.1" 200 23794 "-" "Java/1.6.0_31"
80.57.135.119 - - [31/Mar/2012:09:26:55 +0200] "GET /kapcsolat.htm HTTP/1.1" 200 6889 "-" "Java/1.6.0_31"
80.57.135.119 - - [31/Mar/2012:09:26:56 +0200] "GET /magunkrol.htm HTTP/1.1" 200 9202 "-" "Java/1.6.0_31"
80.57.135.119 - - [31/Mar/2012:09:26:56 +0200] "GET /media.htm HTTP/1.1" 200 5208 "-" "Java/1.6.0_31"
80.57.135.119 - - [31/Mar/2012:09:26:57 +0200] "GET /programok.htm HTTP/1.1" 200 6558 "-" "Java/1.6.0_31"
80.57.135.119 - - [31/Mar/2012:09:26:57 +0200] "GET /vill.cs HTTP/1.1" 200 2676 "-" "Java/1.6.0_31"
80.57.135.119 - - [31/Mar/2012:09:26:57 +0200] "GET /hirek08_10.htm HTTP/1.1" 200 6946 "-" "Java/1.6.0_31"
80.57.135.119 - - [31/Mar/2012:09:26:57 +0200] "GET /hirek08_11.htm HTTP/1.1" 200 7253 "-" "Java/1.6.0_31"
80.57.135.119 - - [31/Mar/2012:09:26:58 +0200] "GET /hirek08_12.htm HTTP/1.1" 200 8268 "-" "Java/1.6.0_31"
80.57.135.119 - - [31/Mar/2012:09:26:58 +0200] "GET /hirek09_01.htm HTTP/1.1" 200 6841 "-" "Java/1.6.0_31"
80.57.135.119 - - [31/Mar/2012:09:26:58 +0200] "GET /hirek09_02.htm HTTP/1.1" 200 7450 "-" "Java/1.6.0_31"
80.57.135.119 - - [31/Mar/2012:09:26:59 +0200] "GET /hirek09_03.htm HTTP/1.1" 200 10726 "-" "Java/1.6.0_31"
80.57.135.119 - - [31/Mar/2012:09:26:59 +0200] "GET /&url=kapcsolat.htm HTTP/1.1" 404 1181 "-" "Java/1.6.0_31"
80.57.135.119 - - [31/Mar/2012:09:26:59 +0200] "GET /&url=programok.htm HTTP/1.1" 404 1181 "-" "Java/1.6.0_31"
80.57.135.119 - - [31/Mar/2012:09:27:00 +0200] "GET /&url=adomanyi.htm HTTP/1.1" 404 1181 "-" "Java/1.6.0_31"
80.57.135.119 - - [31/Mar/2012:09:27:00 +0200] "GET /bunt.htm HTTP/1.1" 200 5683 "-" "Java/1.6.0_31"
80.57.135.119 - - [31/Mar/2012:09:27:00 +0200] "GET /civilmuhely.htm HTTP/1.1" 200 8450 "-" "Java/1.6.0_31"
80.57.135.119 - - [31/Mar/2012:09:27:01 +0200] "GET /felhivas.htm HTTP/1.1" 200 7289 "-" "Java/1.6.0_31"
80.57.135.119 - - [31/Mar/2012:09:27:01 +0200] "GET /khb.htm HTTP/1.1" 200 8325 "-" "Java/1.6.0_31"
80.57.135.119 - - [31/Mar/2012:09:27:01 +0200] "GET /nca.htm HTTP/1.1" 200 7467 "-" "Java/1.6.0_31"
80.57.135.119 - - [31/Mar/2012:09:27:01 +0200] "GET /ncta.htm HTTP/1.1" 200 7221 "-" "Java/1.6.0_31"
80.57.135.119 - - [31/Mar/2012:09:27:02 +0200] "GET /nka.htm HTTP/1.1" 200 6221 "-" "Java/1.6.0_31"
80.57.135.119 - - [31/Mar/2012:09:27:02 +0200] "GET /szakmai.htm HTTP/1.1" 200 6054 "-" "Java/1.6.0_31"
80.57.135.119 - - [31/Mar/2012:09:27:02 +0200] "GET /ncta_a.htm HTTP/1.1" 200 7260 "-" "Java/1.6.0_31"
80.57.135.119 - - [31/Mar/2012:09:27:03 +0200] "GET /&url=civilmuhely.htm HTTP/1.1" 404 1181 "-" "Java/1.6.0_31"
80.57.135.119 - - [31/Mar/2012:09:27:03 +0200] "GET /&url=magunkrol.htm HTTP/1.1" 404 1181 "-" "Java/1.6.0_31"
80.57.135.119 - - [31/Mar/2012:09:27:03 +0200] "GET /nca04.htm HTTP/1.1" 200 16378 "-" "Java/1.6.0_31"
80.57.135.119 - - [31/Mar/2012:09:27:04 +0200] "GET /nca05.htm HTTP/1.1" 200 16412 "-" "Java/1.6.0_31"
80.57.135.119 - - [31/Mar/2012:09:27:04 +0200] "GET /nca06.htm HTTP/1.1" 200 19034 "-" "Java/1.6.0_31"
80.57.135.119 - - [31/Mar/2012:09:27:05 +0200] "GET /nca07.htm HTTP/1.1" 200 21968 "-" "Java/1.6.0_31"
80.57.135.119 - - [31/Mar/2012:09:27:05 +0200] "GET /nca08.htm HTTP/1.1" 200 21795 "-" "Java/1.6.0_31"
80.57.135.119 - - [31/Mar/2012:09:27:05 +0200] "GET /nca09.htm HTTP/1.1" 200 24315 "-" "Java/1.6.0_31"
80.57.135.119 - - [31/Mar/2012:09:27:06 +0200] "GET /nca10.htm HTTP/1.1" 200 16648 "-" "Java/1.6.0_31"
80.57.135.119 - - [31/Mar/2012:09:27:06 +0200] "GET /nca11.htm HTTP/1.1" 200 7133 "-" "Java/1.6.0_31"
80.57.135.119 - - [31/Mar/2012:09:27:06 +0200] "GET /kiadvanyok.htm HTTP/1.1" 200 8206 "-" "Java/1.6.0_31"
80.57.135.119 - - [31/Mar/2012:09:27:07 +0200] "GET /deutsch/index.htm HTTP/1.1" 200 5324 "-" "Java/1.6.0_31"
80.57.135.119 - - [31/Mar/2012:09:27:07 +0200] "GET /english/index.htm HTTP/1.1" 200 5262 "-" "Java/1.6.0_31"
80.57.135.119 - - [31/Mar/2012:09:27:08 +0200] "GET /fiok/index.html HTTP/1.1" 200 20554 "-" "Java/1.6.0_31"
80.57.135.119 - - [31/Mar/2012:09:27:08 +0200] "GET /hirek/hirek091015.htm HTTP/1.1" 200 7046 "-" "Java/1.6.0_31"
80.57.135.119 - - [31/Mar/2012:09:27:08 +0200] "GET /hirek/hirek091102.htm HTTP/1.1" 200 8538 "-" "Java/1.6.0_31"
80.57.135.119 - - [31/Mar/2012:09:27:09 +0200] "GET /hirek/hirek091103.htm HTTP/1.1" 200 7301 "-" "Java/1.6.0_31"
80.57.135.119 - - [31/Mar/2012:09:27:09 +0200] "GET /hirek/hirek091221.htm HTTP/1.1" 200 6740 "-" "Java/1.6.0_31"
66.249.71.162 - - [31/Mar/2012:09:34:02 +0200] "GET /fiok/program_reszek/konferancia.htm HTTP/1.1" 200 21668 "-" "Mozilla/5.0 (compatible; Googlebot/2.1; +http://www.google.com/bot.html)"
95.108.248.30 - - [31/Mar/2012:09:46:09 +0200] "GET /kapcsolat.htm HTTP/1.1" 200 6889 "-" "Mozilla/5.0 (compatible; YandexBot/3.0; +http://yandex.com/bots)"
208.115.111.68 - - [31/Mar/2012:09:57:09 +0200] "GET /robots.txt HTTP/1.1" 404 1181 "-" "Mozilla/5.0 (compatible; Ezooms/1.0; ezooms.bot@gmail.com)"
66.249.71.162 - - [31/Mar/2012:10:19:48 +0200] "GET /robots.txt HTTP/1.1" 404 1181 "-" "Mozilla/5.0 (compatible; Googlebot/2.1; +http://www.google.com/bot.html)"
66.249.71.162 - - [31/Mar/2012:10:19:49 +0200] "GET /hirek/hirek101027.htm HTTP/1.1" 304 - "-" "Mozilla/5.0 (compatible; Googlebot/2.1; +http://www.google.com/bot.html)"
207.46.204.180 - - [31/Mar/2012:10:55:47 +0200] "GET /robots.txt HTTP/1.1" 404 1181 "-" "Mozilla/5.0 (compatible; bingbot/2.0; +http://www.bing.com/bingbot.htm)"
95.108.248.30 - - [31/Mar/2012:10:59:51 +0200] "GET /hirek/hirek090428.htm HTTP/1.1" 304 - "-" "Mozilla/5.0 (compatible; YandexBot/3.0; +http://yandex.com/bots)"
77.20.154.156 - - [31/Mar/2012:11:12:01 +0200] "GET / HTTP/1.1" 200 23794 "-" "findlinks/2.0.2 (+http://wortschatz.uni-leipzig.de/findlinks/)"
66.249.71.162 - - [31/Mar/2012:11:18:42 +0200] "GET /hirek/hirek101025.htm HTTP/1.1" 304 - "-" "Mozilla/5.0 (compatible; Googlebot/2.1; +http://www.google.com/bot.html)"
66.249.71.162 - - [31/Mar/2012:11:21:54 +0200] "GET /hirek/hirek091103.htm HTTP/1.1" 200 7301 "-" "Mozilla/5.0 (compatible; Googlebot/2.1; +http://www.google.com/bot.html)"
217.69.134.91 - - [31/Mar/2012:11:37:13 +0200] "GET /sitemap.xml HTTP/1.0" 404 1181 "-" "Mail.RU/2.0"
66.249.71.162 - - [31/Mar/2012:11:50:55 +0200] "GET /hirek/hirek091221.htm HTTP/1.1" 200 6740 "-" "Mozilla/5.0 (compatible; Googlebot/2.1; +http://www.google.com/bot.html)"
208.115.111.68 - - [31/Mar/2012:11:54:24 +0200] "GET /media.htm HTTP/1.1" 200 5208 "-" "Mozilla/5.0 (compatible; Ezooms/1.0; ezooms.bot@gmail.com)"
66.249.71.162 - - [31/Mar/2012:12:28:29 +0200] "GET /hirek/hirek100810.htm HTTP/1.1" 304 - "-" "Mozilla/5.0 (compatible; Googlebot/2.1; +http://www.google.com/bot.html)"
207.46.193.50 - - [31/Mar/2012:12:44:32 +0200] "GET / HTTP/1.1" 200 23794 "-" "Mozilla/4.0 (compatible; MSIE 8.0; Windows NT 5.1; Trident/4.0; SV1; .NET CLR 1.1.4322; .NET CLR 2.0.40607; .NET CLR 3.0.04506.648)"
207.46.193.50 - - [31/Mar/2012:12:44:33 +0200] "GET /vill.cs HTTP/1.1" 200 2676 "http://www.beklen.hu/" "Mozilla/4.0 (compatible; MSIE 8.0; Windows NT 5.1; Trident/4.0; SV1; .NET CLR 1.1.4322; .NET CLR 2.0.40607; .NET CLR 3.0.04506.648)"
207.46.193.50 - - [31/Mar/2012:12:44:35 +0200] "GET /lb/js/scriptaculous.js?load=effects HTTP/1.1" 200 2152 "http://www.beklen.hu/" "Mozilla/4.0 (compatible; MSIE 8.0; Windows NT 5.1; Trident/4.0; SV1; .NET CLR 1.1.4322; .NET CLR 2.0.40607; .NET CLR 3.0.04506.648)"
207.46.193.50 - - [31/Mar/2012:12:44:35 +0200] "GET /lb/js/prototype.js HTTP/1.1" 200 47603 "http://www.beklen.hu/" "Mozilla/4.0 (compatible; MSIE 8.0; Windows NT 5.1; Trident/4.0; SV1; .NET CLR 1.1.4322; .NET CLR 2.0.40607; .NET CLR 3.0.04506.648)"
207.46.193.50 - - [31/Mar/2012:12:44:37 +0200] "GET /lb/js/lightbox.js HTTP/1.1" 200 23424 "http://www.beklen.hu/" "Mozilla/4.0 (compatible; MSIE 8.0; Windows NT 5.1; Trident/4.0; SV1; .NET CLR 1.1.4322; .NET CLR 2.0.40607; .NET CLR 3.0.04506.648)"
207.46.193.50 - - [31/Mar/2012:12:44:37 +0200] "GET /lb/css/lightbox.css HTTP/1.1" 200 1715 "http://www.beklen.hu/" "Mozilla/4.0 (compatible; MSIE 8.0; Windows NT 5.1; Trident/4.0; SV1; .NET CLR 1.1.4322; .NET CLR 2.0.40607; .NET CLR 3.0.04506.648)"
207.46.193.50 - - [31/Mar/2012:12:44:39 +0200] "GET /lb/js/effects.js HTTP/1.1" 200 31969 "http://www.beklen.hu/" "Mozilla/4.0 (compatible; MSIE 8.0; Windows NT 5.1; Trident/4.0; SV1; .NET CLR 1.1.4322; .NET CLR 2.0.40607; .NET CLR 3.0.04506.648)"
66.249.71.162 - - [31/Mar/2012:13:07:52 +0200] "GET /hirek/hirek100804.htm HTTP/1.1" 304 - "-" "Mozilla/5.0 (compatible; Googlebot/2.1; +http://www.google.com/bot.html)"
66.249.71.162 - - [31/Mar/2012:13:50:31 +0200] "GET /hirek/Natura_2000es_gyepgazdalkodas_eloirasai.ppt HTTP/1.1" 304 - "-" "Mozilla/5.0 (compatible; Googlebot/2.1; +http://www.google.com/bot.html)"
95.108.248.30 - - [31/Mar/2012:14:24:30 +0200] "GET /media.htm HTTP/1.1" 200 5208 "-" "Mozilla/5.0 (compatible; YandexBot/3.0; +http://yandex.com/bots)"
95.108.248.30 - - [31/Mar/2012:14:24:33 +0200] "GET /khb/beklen_2005_kh_jelentes.pdf HTTP/1.1" 304 - "-" "Mozilla/5.0 (compatible; YandexBot/3.0; +http://yandex.com/bots)"
213.186.127.13 - - [31/Mar/2012:15:33:48 +0200] "GET /robots.txt HTTP/1.1" 404 1181 "-" "Mozilla/5.0 (compatible; AhrefsBot/2.0; +http://ahrefs.com/robot/)"
213.186.127.13 - - [31/Mar/2012:15:33:48 +0200] "GET /robots.txt HTTP/1.1" 404 1181 "-" "Mozilla/5.0 (compatible; AhrefsBot/2.0; +http://ahrefs.com/robot/)"
208.115.111.68 - - [31/Mar/2012:16:00:44 +0200] "GET /robots.txt HTTP/1.1" 404 1181 "-" "Mozilla/5.0 (compatible; Ezooms/1.0; ezooms.bot@gmail.com)"
208.115.111.68 - - [31/Mar/2012:18:01:27 +0200] "GET /ncta_a.htm HTTP/1.1" 200 7260 "-" "Mozilla/5.0 (compatible; Ezooms/1.0; ezooms.bot@gmail.com)"
95.108.248.30 - - [31/Mar/2012:18:52:40 +0200] "GET /robots.txt HTTP/1.1" 404 1181 "-" "Mozilla/5.0 (compatible; YandexBot/3.0; +http://yandex.com/bots)"
66.249.72.101 - - [31/Mar/2012:19:02:13 +0200] "GET /robots.txt HTTP/1.1" 404 1181 "-" "Mozilla/5.0 (compatible; Googlebot/2.1; +http://www.google.com/bot.html)"
66.249.72.101 - - [31/Mar/2012:19:02:13 +0200] "GET /khb.htm HTTP/1.1" 200 8325 "-" "Mozilla/5.0 (iPhone; U; CPU iPhone OS 4_1 like Mac OS X; en-us) AppleWebKit/532.9 (KHTML, like Gecko) Version/4.0.5 Mobile/8B117 Safari/6531.22.7 (compatible; Googlebot-Mobile/2.1; +http://www.google.com/bot.html)"
95.108.248.30 - - [31/Mar/2012:19:20:31 +0200] "GET /programok.htm HTTP/1.1" 304 - "-" "Mozilla/5.0 (compatible; YandexBot/3.0; +http://yandex.com/bots)"
77.20.154.156 - - [31/Mar/2012:19:30:20 +0200] "GET /fiok/mult.htm HTTP/1.1" 200 23227 "-" "findlinks/2.0.2 (+http://wortschatz.uni-leipzig.de/findlinks/)"
66.249.72.101 - - [31/Mar/2012:19:30:38 +0200] "GET /hirek/eszkozok/002.jpg HTTP/1.1" 200 61589 "-" "Googlebot-Image/1.0"
46.107.117.158 - - [31/Mar/2012:19:59:12 +0200] "GET /robots.txt HTTP/1.0" 404 1181 "-" "Mozilla/5.0 (compatible; MJ12bot/v1.4.2; http://www.majestic12.co.uk/bot.php?+)"
46.107.117.158 - - [31/Mar/2012:19:59:14 +0200] "GET / HTTP/1.0" 200 23794 "-" "Mozilla/5.0 (compatible; MJ12bot/v1.4.2; http://www.majestic12.co.uk/bot.php?+)"
66.249.72.101 - - [31/Mar/2012:19:59:26 +0200] "GET /hirek/eszkozok/001.jpg HTTP/1.1" 200 68879 "-" "Googlebot-Image/1.0"
66.249.72.101 - - [31/Mar/2012:20:28:14 +0200] "GET /hirek/eszkozok/004.jpg HTTP/1.1" 200 66529 "-" "Googlebot-Image/1.0"
66.249.72.101 - - [31/Mar/2012:20:58:03 +0200] "GET /hirek/eszkozok/006.jpg HTTP/1.1" 200 73379 "-" "Googlebot-Image/1.0"
208.115.111.68 - - [31/Mar/2012:21:00:20 +0200] "GET /robots.txt HTTP/1.1" 404 1181 "-" "Mozilla/5.0 (compatible; Ezooms/1.0; ezooms.bot@gmail.com)"
208.115.111.68 - - [31/Mar/2012:22:55:42 +0200] "GET /fiok/kornyezet.htm HTTP/1.1" 200 22582 "-" "Mozilla/5.0 (compatible; Ezooms/1.0; ezooms.bot@gmail.com)"
207.46.199.240 - - [31/Mar/2012:23:20:00 +0200] "GET /robots.txt HTTP/1.1" 404 1181 "-" "msnbot-media/1.1 (+http://search.msn.com/msnbot.htm)"
207.46.199.240 - - [31/Mar/2012:23:20:02 +0200] "GET /images/72_nfu.jpg HTTP/1.1" 200 603912 "-" "msnbot-media/1.1 (+http://search.msn.com/msnbot.htm)"
207.46.199.240 - - [31/Mar/2012:23:20:03 +0200] "GET /hirek/hirek100305.htm HTTP/1.1" 200 7091 "-" "msnbot-media/1.1 (+http://search.msn.com/msnbot.htm)"
94.248.129.207 - - [31/Mar/2012:23:57:29 +0200] "GET /lb/images/closelabel.gif HTTP/1.1" 200 222 "http://www.rulettmania.hu/sportfogadas/index.php?foablak=szovegtorzs." "Mozilla/5.0 (compatible; MSIE 9.0; Windows NT 6.1; Trident/5.0)"
94.248.129.207 - - [31/Mar/2012:23:57:29 +0200] "GET /lb/images/loading.gif HTTP/1.1" 200 2767 "http://www.rulettmania.hu/sportfogadas/index.php?foablak=szovegtorzs." "Mozilla/5.0 (compatible; MSIE 9.0; Windows NT 6.1; Trident/5.0)"
94.248.129.207 - - [31/Mar/2012:23:57:29 +0200] "GET /lb/images/blank.gif HTTP/1.1" 200 43 "http://www.rulettmania.hu/sportfogadas/index.php?foablak=szovegtorzs." "Mozilla/5.0 (compatible; MSIE 9.0; Windows NT 6.1; Trident/5.0)"