95.108.248.30 - - [09/Mar/2012:21:39:52 +0100] "GET /hirek/hirek090619.htm HTTP/1.1" 200 7871 "-" "Mozilla/5.0 (compatible; YandexBot/3.0; +http://yandex.com/bots)"
141.105.120.154 - - [09/Mar/2012:21:55:41 +0100] "GET /robots.txt HTTP/1.0" 404 1181 "-" "Mozilla/5.0 (compatible; OpenindexDeepSpider/Nutch-1.5-dev; +http://www.openindex.io/en/webmasters/spider.html)"
141.105.120.154 - - [09/Mar/2012:21:55:41 +0100] "GET /hirek/hirek090509.htm HTTP/1.0" 200 7803 "-" "Mozilla/5.0 (compatible; OpenindexDeepSpider/Nutch-1.5-dev; +http://www.openindex.io/en/webmasters/spider.html)"
77.21.147.115 - - [09/Mar/2012:22:34:35 +0100] "GET /hirek/hirek101025.htm HTTP/1.1" 200 8786 "-" "findlinks/2.0.2 (+http://wortschatz.uni-leipzig.de/findlinks/)"
141.105.120.152 - - [09/Mar/2012:23:05:49 +0100] "GET /robots.txt HTTP/1.0" 404 1181 "-" "Mozilla/5.0 (compatible; OpenindexDeepSpider/Nutch-1.5-dev; +http://www.openindex.io/en/webmasters/spider.html)"
141.105.120.152 - - [09/Mar/2012:23:05:49 +0100] "GET /jog/jogszabalyok/4_2010kje.pdf HTTP/1.0" 404 1181 "-" "Mozilla/5.0 (compatible; OpenindexDeepSpider/Nutch-1.5-dev; +http://www.openindex.io/en/webmasters/spider.html)"
141.105.120.152 - - [09/Mar/2012:23:43:50 +0100] "GET /jog/jogszabalyok/vki_en_hu_hivatalos_20040901.pdf HTTP/1.0" 200 1062287 "-" "Mozilla/5.0 (compatible; OpenindexDeepSpider/Nutch-1.5-dev; +http://www.openindex.io/en/webmasters/spider.html)"
141.105.120.153 - - [09/Mar/2012:23:56:14 +0100] "GET /robots.txt HTTP/1.0" 404 1181 "-" "Mozilla/5.0 (compatible; OpenindexDeepSpider/Nutch-1.5-dev; +http://www.openindex.io/en/webmasters/spider.html)"
141.105.120.153 - - [09/Mar/2012:23:56:15 +0100] "GET /jog/jogszabalyok/aarhus_egyezmeny.pdf HTTP/1.0" 200 177386 "-" "Mozilla/5.0 (compatible; OpenindexDeepSpider/Nutch-1.5-dev; +http://www.openindex.io/en/webmasters/spider.html)"
95.108.248.30 - - [10/Mar/2012:00:21:27 +0100] "GET /kapcsolat.htm HTTP/1.1" 200 6889 "-" "Mozilla/5.0 (compatible; YandexBot/3.0; +http://yandex.com/bots)"
86.101.8.9 - - [10/Mar/2012:00:55:48 +0100] "GET / HTTP/1.1" 200 23794 "-" "Mozilla/4.0 (compatible; MSIE 8.0; Windows NT 5.1; Trident/4.0; GTB7.3; .NET CLR 1.1.4322; InfoPath.1)"
86.101.8.9 - - [10/Mar/2012:00:55:48 +0100] "GET /lb/js/prototype.js HTTP/1.1" 200 47603 "http://www.beklen.hu/" "Mozilla/4.0 (compatible; MSIE 8.0; Windows NT 5.1; Trident/4.0; GTB7.3; .NET CLR 1.1.4322; InfoPath.1)"
86.101.8.9 - - [10/Mar/2012:00:55:48 +0100] "GET /vill.cs HTTP/1.1" 200 2676 "http://www.beklen.hu/" "Mozilla/4.0 (compatible; MSIE 8.0; Windows NT 5.1; Trident/4.0; GTB7.3; .NET CLR 1.1.4322; InfoPath.1)"
86.101.8.9 - - [10/Mar/2012:00:55:48 +0100] "GET /lb/js/scriptaculous.js?load=effects HTTP/1.1" 200 2152 "http://www.beklen.hu/" "Mozilla/4.0 (compatible; MSIE 8.0; Windows NT 5.1; Trident/4.0; GTB7.3; .NET CLR 1.1.4322; InfoPath.1)"
86.101.8.9 - - [10/Mar/2012:00:55:49 +0100] "GET /lb/js/effects.js HTTP/1.1" 200 31969 "http://www.beklen.hu/" "Mozilla/4.0 (compatible; MSIE 8.0; Windows NT 5.1; Trident/4.0; GTB7.3; .NET CLR 1.1.4322; InfoPath.1)"
86.101.8.9 - - [10/Mar/2012:00:55:49 +0100] "GET /lb/js/lightbox.js HTTP/1.1" 200 23424 "http://www.beklen.hu/" "Mozilla/4.0 (compatible; MSIE 8.0; Windows NT 5.1; Trident/4.0; GTB7.3; .NET CLR 1.1.4322; InfoPath.1)"
86.101.8.9 - - [10/Mar/2012:00:55:49 +0100] "GET /lb/css/lightbox.css HTTP/1.1" 200 1715 "http://www.beklen.hu/" "Mozilla/4.0 (compatible; MSIE 8.0; Windows NT 5.1; Trident/4.0; GTB7.3; .NET CLR 1.1.4322; InfoPath.1)"
86.101.8.9 - - [10/Mar/2012:00:55:49 +0100] "GET /tm01.jpg HTTP/1.1" 200 1080 "http://www.beklen.hu/" "Mozilla/4.0 (compatible; MSIE 8.0; Windows NT 5.1; Trident/4.0; GTB7.3; .NET CLR 1.1.4322; InfoPath.1)"
86.101.8.9 - - [10/Mar/2012:00:55:49 +0100] "GET /bg.jpg HTTP/1.1" 200 566 "http://www.beklen.hu/" "Mozilla/4.0 (compatible; MSIE 8.0; Windows NT 5.1; Trident/4.0; GTB7.3; .NET CLR 1.1.4322; InfoPath.1)"
86.101.8.9 - - [10/Mar/2012:00:55:49 +0100] "GET /tm07.jpg HTTP/1.1" 200 1007 "http://www.beklen.hu/" "Mozilla/4.0 (compatible; MSIE 8.0; Windows NT 5.1; Trident/4.0; GTB7.3; .NET CLR 1.1.4322; InfoPath.1)"
86.101.8.9 - - [10/Mar/2012:00:55:49 +0100] "GET /tm03_.jpg HTTP/1.1" 200 1787 "http://www.beklen.hu/" "Mozilla/4.0 (compatible; MSIE 8.0; Windows NT 5.1; Trident/4.0; GTB7.3; .NET CLR 1.1.4322; InfoPath.1)"
86.101.8.9 - - [10/Mar/2012:00:55:49 +0100] "GET /tm04_.jpg HTTP/1.1" 200 2058 "http://www.beklen.hu/" "Mozilla/4.0 (compatible; MSIE 8.0; Windows NT 5.1; Trident/4.0; GTB7.3; .NET CLR 1.1.4322; InfoPath.1)"
86.101.8.9 - - [10/Mar/2012:00:55:49 +0100] "GET /tm05_.jpg HTTP/1.1" 200 1839 "http://www.beklen.hu/" "Mozilla/4.0 (compatible; MSIE 8.0; Windows NT 5.1; Trident/4.0; GTB7.3; .NET CLR 1.1.4322; InfoPath.1)"
86.101.8.9 - - [10/Mar/2012:00:55:49 +0100] "GET /bottom_main.jpg HTTP/1.1" 200 96820 "http://www.beklen.hu/" "Mozilla/4.0 (compatible; MSIE 8.0; Windows NT 5.1; Trident/4.0; GTB7.3; .NET CLR 1.1.4322; InfoPath.1)"
86.101.8.9 - - [10/Mar/2012:00:55:49 +0100] "GET /a1_projekt_tabla_infra_cs3_beklenhaz_.jpg HTTP/1.1" 200 8994 "http://www.beklen.hu/" "Mozilla/4.0 (compatible; MSIE 8.0; Windows NT 5.1; Trident/4.0; GTB7.3; .NET CLR 1.1.4322; InfoPath.1)"
86.101.8.9 - - [10/Mar/2012:00:55:49 +0100] "GET /jog_honlap_.jpg HTTP/1.1" 200 7186 "http://www.beklen.hu/" "Mozilla/4.0 (compatible; MSIE 8.0; Windows NT 5.1; Trident/4.0; GTB7.3; .NET CLR 1.1.4322; InfoPath.1)"
86.101.8.9 - - [10/Mar/2012:00:55:49 +0100] "GET /tm02.jpg HTTP/1.1" 200 1873 "http://www.beklen.hu/" "Mozilla/4.0 (compatible; MSIE 8.0; Windows NT 5.1; Trident/4.0; GTB7.3; .NET CLR 1.1.4322; InfoPath.1)"
86.101.8.9 - - [10/Mar/2012:00:55:49 +0100] "GET /tm06_.jpg HTTP/1.1" 200 1382 "http://www.beklen.hu/" "Mozilla/4.0 (compatible; MSIE 8.0; Windows NT 5.1; Trident/4.0; GTB7.3; .NET CLR 1.1.4322; InfoPath.1)"
86.101.8.9 - - [10/Mar/2012:00:55:58 +0100] "GET /nimfea_project_250x250.gif HTTP/1.1" 200 2986583 "http://www.beklen.hu/" "Mozilla/4.0 (compatible; MSIE 8.0; Windows NT 5.1; Trident/4.0; GTB7.3; .NET CLR 1.1.4322; InfoPath.1)"
86.101.8.9 - - [10/Mar/2012:00:55:58 +0100] "GET /favicon.ico HTTP/1.1" 404 1181 "-" "Mozilla/4.0 (compatible; MSIE 8.0; Windows NT 5.1; Trident/4.0; GTB7.3; .NET CLR 1.1.4322; InfoPath.1)"
86.101.8.9 - - [10/Mar/2012:00:56:01 +0100] "GET /tm05.jpg HTTP/1.1" 200 2253 "http://www.beklen.hu/" "Mozilla/4.0 (compatible; MSIE 8.0; Windows NT 5.1; Trident/4.0; GTB7.3; .NET CLR 1.1.4322; InfoPath.1)"
86.101.8.9 - - [10/Mar/2012:00:56:01 +0100] "GET /tm04.jpg HTTP/1.1" 200 2613 "http://www.beklen.hu/" "Mozilla/4.0 (compatible; MSIE 8.0; Windows NT 5.1; Trident/4.0; GTB7.3; .NET CLR 1.1.4322; InfoPath.1)"
86.101.8.9 - - [10/Mar/2012:00:56:01 +0100] "GET /tm02_.jpg HTTP/1.1" 200 1524 "http://www.beklen.hu/" "Mozilla/4.0 (compatible; MSIE 8.0; Windows NT 5.1; Trident/4.0; GTB7.3; .NET CLR 1.1.4322; InfoPath.1)"
86.101.8.9 - - [10/Mar/2012:00:56:01 +0100] "GET /lb/images/closelabel.gif HTTP/1.1" 200 222 "http://www.beklen.hu/" "Mozilla/4.0 (compatible; MSIE 8.0; Windows NT 5.1; Trident/4.0; GTB7.3; .NET CLR 1.1.4322; InfoPath.1)"
86.101.8.9 - - [10/Mar/2012:00:56:03 +0100] "GET /tm06.jpg HTTP/1.1" 200 1651 "http://www.beklen.hu/" "Mozilla/4.0 (compatible; MSIE 8.0; Windows NT 5.1; Trident/4.0; GTB7.3; .NET CLR 1.1.4322; InfoPath.1)"
86.101.8.9 - - [10/Mar/2012:00:56:04 +0100] "GET /lb/images/loading.gif HTTP/1.1" 200 2767 "http://www.beklen.hu/" "Mozilla/4.0 (compatible; MSIE 8.0; Windows NT 5.1; Trident/4.0; GTB7.3; .NET CLR 1.1.4322; InfoPath.1)"
86.101.8.9 - - [10/Mar/2012:00:56:05 +0100] "GET /tm03.jpg HTTP/1.1" 200 2212 "http://www.beklen.hu/" "Mozilla/4.0 (compatible; MSIE 8.0; Windows NT 5.1; Trident/4.0; GTB7.3; .NET CLR 1.1.4322; InfoPath.1)"
86.101.8.9 - - [10/Mar/2012:00:56:18 +0100] "GET /programok.htm HTTP/1.1" 200 6416 "http://www.beklen.hu/" "Mozilla/4.0 (compatible; MSIE 8.0; Windows NT 5.1; Trident/4.0; GTB7.3; .NET CLR 1.1.4322; InfoPath.1)"
86.101.8.9 - - [10/Mar/2012:00:56:18 +0100] "GET /bottom_.jpg HTTP/1.1" 200 93419 "http://www.beklen.hu/programok.htm" "Mozilla/4.0 (compatible; MSIE 8.0; Windows NT 5.1; Trident/4.0; GTB7.3; .NET CLR 1.1.4322; InfoPath.1)"
86.101.8.9 - - [10/Mar/2012:00:56:20 +0100] "GET /favicon.ico HTTP/1.1" 404 1181 "-" "Mozilla/4.0 (compatible; MSIE 8.0; Windows NT 5.1; Trident/4.0; GTB7.3; .NET CLR 1.1.4322; InfoPath.1)"
86.101.8.9 - - [10/Mar/2012:00:56:28 +0100] "GET /ncta.htm HTTP/1.1" 200 7221 "http://www.beklen.hu/programok.htm" "Mozilla/4.0 (compatible; MSIE 8.0; Windows NT 5.1; Trident/4.0; GTB7.3; .NET CLR 1.1.4322; InfoPath.1)"
208.115.113.84 - - [10/Mar/2012:00:59:34 +0100] "GET /robots.txt HTTP/1.1" 404 1181 "-" "Mozilla/5.0 (compatible; Ezooms/1.0; ezooms.bot@gmail.com)"
141.105.120.153 - - [10/Mar/2012:01:21:02 +0100] "GET /jog/pub/szoro.pdf HTTP/1.0" 200 398619 "-" "Mozilla/5.0 (compatible; OpenindexDeepSpider/Nutch-1.5-dev; +http://www.openindex.io/en/webmasters/spider.html)"
193.226.249.246 - - [10/Mar/2012:01:38:33 +0100] "GET /lb/images/loading.gif HTTP/1.1" 200 2767 "http://rulettmania.hu/sportfogadas/" "Mozilla/5.0 (Windows NT 5.1; rv:10.0.2) Gecko/20100101 Firefox/10.0.2"
193.226.249.246 - - [10/Mar/2012:01:38:33 +0100] "GET /lb/images/closelabel.gif HTTP/1.1" 200 222 "http://rulettmania.hu/sportfogadas/" "Mozilla/5.0 (Windows NT 5.1; rv:10.0.2) Gecko/20100101 Firefox/10.0.2"
213.186.127.13 - - [10/Mar/2012:01:43:52 +0100] "GET /fiok/programok.htm HTTP/1.1" 200 18165 "-" "Mozilla/5.0 (compatible; AhrefsBot/2.0; +http://ahrefs.com/robot/)"
208.115.113.84 - - [10/Mar/2012:02:15:46 +0100] "GET /nca.htm HTTP/1.1" 200 7467 "-" "Mozilla/5.0 (compatible; Ezooms/1.0; ezooms.bot@gmail.com)"
141.105.120.152 - - [10/Mar/2012:02:28:00 +0100] "GET /robots.txt HTTP/1.0" 404 1181 "-" "Mozilla/5.0 (compatible; OpenindexDeepSpider/Nutch-1.5-dev; +http://www.openindex.io/en/webmasters/spider.html)"
141.105.120.152 - - [10/Mar/2012:02:28:00 +0100] "GET /jog/eseteink/audi/index.htm HTTP/1.0" 200 15938 "-" "Mozilla/5.0 (compatible; OpenindexDeepSpider/Nutch-1.5-dev; +http://www.openindex.io/en/webmasters/spider.html)"
64.127.117.99 - - [10/Mar/2012:02:44:12 +0100] "GET //wp-content/plugins/uBillboard/ HTTP/1.1" 404 1181 "-" "Mozilla/5.0"
95.108.248.30 - - [10/Mar/2012:02:49:33 +0100] "GET /nka.htm HTTP/1.1" 304 - "-" "Mozilla/5.0 (compatible; YandexBot/3.0; +http://yandex.com/bots)"
95.108.248.30 - - [10/Mar/2012:03:12:03 +0100] "GET /hirek/hirek090428.htm HTTP/1.1" 304 - "-" "Mozilla/5.0 (compatible; YandexBot/3.0; +http://yandex.com/bots)"
141.105.120.152 - - [10/Mar/2012:03:18:50 +0100] "GET /english/programs.htm HTTP/1.0" 200 5614 "-" "Mozilla/5.0 (compatible; OpenindexDeepSpider/Nutch-1.5-dev; +http://www.openindex.io/en/webmasters/spider.html)"
141.105.120.152 - - [10/Mar/2012:03:54:37 +0100] "GET /robots.txt HTTP/1.0" 404 1181 "-" "Mozilla/5.0 (compatible; OpenindexDeepSpider/Nutch-1.5-dev; +http://www.openindex.io/en/webmasters/spider.html)"
95.108.248.30 - - [10/Mar/2012:04:00:24 +0100] "GET / HTTP/1.1" 200 23794 "-" "Mozilla/5.0 (compatible; YandexBot/3.0; +http://yandex.com/bots)"
141.105.120.152 - - [10/Mar/2012:04:35:21 +0100] "GET /jog/jogszabalyok/egyezm_bonn.pdf HTTP/1.0" 200 77213 "-" "Mozilla/5.0 (compatible; OpenindexDeepSpider/Nutch-1.5-dev; +http://www.openindex.io/en/webmasters/spider.html)"
66.249.71.136 - - [10/Mar/2012:04:50:34 +0100] "GET /hirek/hirek091102.htm HTTP/1.1" 304 - "-" "Mozilla/5.0 (compatible; Googlebot/2.1; +http://www.google.com/bot.html)"
95.108.248.30 - - [10/Mar/2012:04:54:02 +0100] "GET /hirek/hirek091102.htm HTTP/1.1" 304 - "-" "Mozilla/5.0 (compatible; YandexBot/3.0; +http://yandex.com/bots)"
141.105.120.153 - - [10/Mar/2012:05:16:33 +0100] "GET /robots.txt HTTP/1.0" 404 1181 "-" "Mozilla/5.0 (compatible; OpenindexDeepSpider/Nutch-1.5-dev; +http://www.openindex.io/en/webmasters/spider.html)"
141.105.120.153 - - [10/Mar/2012:05:16:33 +0100] "GET /jog/eseteink/poroszlo/index.htm HTTP/1.0" 200 16861 "-" "Mozilla/5.0 (compatible; OpenindexDeepSpider/Nutch-1.5-dev; +http://www.openindex.io/en/webmasters/spider.html)"
89.134.73.34 - - [10/Mar/2012:05:19:43 +0100] "GET /lb/images/closelabel.gif HTTP/1.1" 200 222 "http://rulettmania.hu/sportfogadas/" "Mozilla/5.0 (Windows NT 5.1) AppleWebKit/535.11 (KHTML, like Gecko) Chrome/17.0.963.78 Safari/535.11"
89.134.73.34 - - [10/Mar/2012:05:19:43 +0100] "GET /lb/images/loading.gif HTTP/1.1" 200 2767 "http://rulettmania.hu/sportfogadas/" "Mozilla/5.0 (Windows NT 5.1) AppleWebKit/535.11 (KHTML, like Gecko) Chrome/17.0.963.78 Safari/535.11"
208.115.111.68 - - [10/Mar/2012:05:44:58 +0100] "GET /robots.txt HTTP/1.1" 404 1181 "-" "Mozilla/5.0 (compatible; Ezooms/1.0; ezooms.bot@gmail.com)"
141.105.120.153 - - [10/Mar/2012:05:54:11 +0100] "GET /jog/jogszabalyok/348_2006.korm.rendelet.pdf HTTP/1.0" 200 198403 "-" "Mozilla/5.0 (compatible; OpenindexDeepSpider/Nutch-1.5-dev; +http://www.openindex.io/en/webmasters/spider.html)"
66.249.71.136 - - [10/Mar/2012:06:36:56 +0100] "GET /robots.txt HTTP/1.1" 404 1181 "-" "Mozilla/5.0 (compatible; Googlebot/2.1; +http://www.google.com/bot.html)"
66.249.66.212 - - [10/Mar/2012:06:36:56 +0100] "GET /hirek/hirek091103.htm HTTP/1.1" 304 - "-" "Mozilla/5.0 (compatible; Googlebot/2.1; +http://www.google.com/bot.html)"
95.108.248.30 - - [10/Mar/2012:06:39:00 +0100] "GET /nca.htm HTTP/1.1" 304 - "-" "Mozilla/5.0 (compatible; YandexBot/3.0; +http://yandex.com/bots)"
208.115.111.68 - - [10/Mar/2012:07:02:00 +0100] "GET /hirek/hirek090428.htm HTTP/1.1" 200 24808 "-" "Mozilla/5.0 (compatible; Ezooms/1.0; ezooms.bot@gmail.com)"
66.249.66.212 - - [10/Mar/2012:07:06:49 +0100] "GET /hirek/hirek091221.htm HTTP/1.1" 304 - "-" "Mozilla/5.0 (compatible; Googlebot/2.1; +http://www.google.com/bot.html)"
213.186.127.13 - - [10/Mar/2012:07:21:21 +0100] "GET /fiok/kapcsolat.htm HTTP/1.1" 200 17416 "-" "Mozilla/5.0 (compatible; AhrefsBot/2.0; +http://ahrefs.com/robot/)"
141.105.120.151 - - [10/Mar/2012:07:33:41 +0100] "GET /robots.txt HTTP/1.0" 404 1181 "-" "Mozilla/5.0 (compatible; OpenindexDeepSpider/Nutch-1.5-dev; +http://www.openindex.io/en/webmasters/spider.html)"
141.105.120.151 - - [10/Mar/2012:07:33:41 +0100] "GET /khb/beklen_2004_kh_jelentes.pdf HTTP/1.0" 200 89003 "-" "Mozilla/5.0 (compatible; OpenindexDeepSpider/Nutch-1.5-dev; +http://www.openindex.io/en/webmasters/spider.html)"
66.249.66.212 - - [10/Mar/2012:08:00:07 +0100] "GET /hirek/hirek101027.htm HTTP/1.1" 304 - "-" "Mozilla/5.0 (compatible; Googlebot/2.1; +http://www.google.com/bot.html)"
141.105.120.151 - - [10/Mar/2012:08:10:40 +0100] "GET /jog/jogszabalyok/termeszetvedelmi_torveny.pdf HTTP/1.0" 200 470027 "-" "Mozilla/5.0 (compatible; OpenindexDeepSpider/Nutch-1.5-dev; +http://www.openindex.io/en/webmasters/spider.html)"
208.115.113.84 - - [10/Mar/2012:08:22:53 +0100] "GET /robots.txt HTTP/1.1" 404 1181 "-" "Mozilla/5.0 (compatible; Ezooms/1.0; ezooms.bot@gmail.com)"
95.108.248.30 - - [10/Mar/2012:08:31:53 +0100] "GET /hirek/hirek09_03.htm HTTP/1.1" 200 10810 "-" "Mozilla/5.0 (compatible; YandexBot/3.0; +http://yandex.com/bots)"
95.108.248.30 - - [10/Mar/2012:08:31:55 +0100] "GET /hirarchivum.htm HTTP/1.1" 304 - "-" "Mozilla/5.0 (compatible; YandexBot/3.0; +http://yandex.com/bots)"
141.105.120.154 - - [10/Mar/2012:08:58:22 +0100] "GET /robots.txt HTTP/1.0" 404 1181 "-" "Mozilla/5.0 (compatible; OpenindexDeepSpider/Nutch-1.5-dev; +http://www.openindex.io/en/webmasters/spider.html)"
141.105.120.154 - - [10/Mar/2012:08:58:23 +0100] "GET /jog/jogszabalyok/regp2001lxxxitvaarhus.pdf HTTP/1.0" 200 234500 "-" "Mozilla/5.0 (compatible; OpenindexDeepSpider/Nutch-1.5-dev; +http://www.openindex.io/en/webmasters/spider.html)"
66.249.71.136 - - [10/Mar/2012:09:05:01 +0100] "GET /hirek/Natura_2000es_gyepgazdalkodas_eloirasai.ppt HTTP/1.1" 200 333312 "-" "Mozilla/5.0 (compatible; Googlebot/2.1; +http://www.google.com/bot.html)"
95.108.248.30 - - [10/Mar/2012:09:11:50 +0100] "GET /magunkrol.htm HTTP/1.1" 200 9202 "-" "Mozilla/5.0 (compatible; YandexBot/3.0; +http://yandex.com/bots)"
77.242.145.27 - - [10/Mar/2012:09:17:53 +0100] "GET /lb/images/loading.gif HTTP/1.1" 200 2767 "http://rulettmania.hu/sportfogadas/" "Mozilla/5.0 (Windows NT 5.1; rv:10.0.2) Gecko/20100101 Firefox/10.0.2"
77.242.145.27 - - [10/Mar/2012:09:17:53 +0100] "GET /lb/images/closelabel.gif HTTP/1.1" 200 222 "http://rulettmania.hu/sportfogadas/" "Mozilla/5.0 (Windows NT 5.1; rv:10.0.2) Gecko/20100101 Firefox/10.0.2"
149.154.158.162 - - [10/Mar/2012:09:18:29 +0100] "GET /robots.txt HTTP/1.0" 404 1181 "-" "Mozilla/5.0 (compatible; MJ12bot/v1.4.2; http://www.majestic12.co.uk/bot.php?+)"
149.154.158.162 - - [10/Mar/2012:09:18:31 +0100] "GET / HTTP/1.0" 200 23794 "-" "Mozilla/5.0 (compatible; MJ12bot/v1.4.2; http://www.majestic12.co.uk/bot.php?+)"
208.115.111.68 - - [10/Mar/2012:09:26:27 +0100] "GET /robots.txt HTTP/1.1" 404 1181 "-" "Mozilla/5.0 (compatible; Ezooms/1.0; ezooms.bot@gmail.com)"
208.115.113.84 - - [10/Mar/2012:09:38:47 +0100] "GET /hirarchivum.htm HTTP/1.1" 200 24981 "-" "Mozilla/5.0 (compatible; Ezooms/1.0; ezooms.bot@gmail.com)"
95.108.248.30 - - [10/Mar/2012:09:40:51 +0100] "GET /hirek/Microsoft%20Word%20-%20csongradi%20duzzaszto%20velemeny%202009.06.11..doc.pdf HTTP/1.1" 200 321155 "-" "Mozilla/5.0 (compatible; YandexBot/3.0; +http://yandex.com/bots)"
66.249.66.212 - - [10/Mar/2012:10:06:59 +0100] "GET /hirek/hirek100810.htm HTTP/1.1" 200 8123 "-" "Mozilla/5.0 (compatible; Googlebot/2.1; +http://www.google.com/bot.html)"
31.46.188.140 - - [10/Mar/2012:10:07:59 +0100] "GET /lb/images/closelabel.gif HTTP/1.1" 200 222 "http://rulettmania.hu/sportfogadas/admin/" "Mozilla/5.0 (Windows NT 5.1; rv:9.0.1) Gecko/20100101 Firefox/9.0.1"
31.46.188.140 - - [10/Mar/2012:10:07:59 +0100] "GET /lb/images/loading.gif HTTP/1.1" 200 2767 "http://rulettmania.hu/sportfogadas/admin/" "Mozilla/5.0 (Windows NT 5.1; rv:9.0.1) Gecko/20100101 Firefox/9.0.1"
95.108.248.30 - - [10/Mar/2012:10:12:20 +0100] "GET /robots.txt HTTP/1.1" 404 1181 "-" "Mozilla/5.0 (compatible; YandexBot/3.0; +http://yandex.com/bots)"
95.108.248.30 - - [10/Mar/2012:10:17:45 +0100] "GET /hirek/hirek090302.htm HTTP/1.1" 200 8452 "-" "Mozilla/5.0 (compatible; YandexBot/3.0; +http://yandex.com/bots)"
141.105.120.154 - - [10/Mar/2012:10:22:11 +0100] "GET /jog/eseteink/autopalya/index.htm HTTP/1.0" 200 11311 "-" "Mozilla/5.0 (compatible; OpenindexDeepSpider/Nutch-1.5-dev; +http://www.openindex.io/en/webmasters/spider.html)"
208.115.111.68 - - [10/Mar/2012:10:51:51 +0100] "GET /hirek/hirek09_02.htm HTTP/1.1" 200 7534 "-" "Mozilla/5.0 (compatible; Ezooms/1.0; ezooms.bot@gmail.com)"
66.249.71.136 - - [10/Mar/2012:10:57:55 +0100] "GET /hirek/hirek100804.htm HTTP/1.1" 304 - "-" "Mozilla/5.0 (compatible; Googlebot/2.1; +http://www.google.com/bot.html)"
80.99.133.18 - - [10/Mar/2012:10:58:37 +0100] "GET /lb/images/loading.gif HTTP/1.1" 200 2767 "http://www.rulettmania.hu/sportfogadas/" "Mozilla/4.0 (compatible; MSIE 8.0; Windows NT 5.1; Trident/4.0; .NET CLR 2.0.50727; .NET CLR 3.0.4506.2152; .NET CLR 3.5.30729)"
80.99.133.18 - - [10/Mar/2012:10:58:37 +0100] "GET /lb/images/closelabel.gif HTTP/1.1" 200 222 "http://www.rulettmania.hu/sportfogadas/" "Mozilla/4.0 (compatible; MSIE 8.0; Windows NT 5.1; Trident/4.0; .NET CLR 2.0.50727; .NET CLR 3.0.4506.2152; .NET CLR 3.5.30729)"
80.99.133.18 - - [10/Mar/2012:10:58:37 +0100] "GET /lb/images/blank.gif HTTP/1.1" 200 43 "http://www.rulettmania.hu/sportfogadas/" "Mozilla/4.0 (compatible; MSIE 8.0; Windows NT 5.1; Trident/4.0; .NET CLR 2.0.50727; .NET CLR 3.0.4506.2152; .NET CLR 3.5.30729)"
141.105.120.151 - - [10/Mar/2012:11:00:04 +0100] "GET /robots.txt HTTP/1.0" 404 1181 "-" "Mozilla/5.0 (compatible; OpenindexDeepSpider/Nutch-1.5-dev; +http://www.openindex.io/en/webmasters/spider.html)"
66.249.71.136 - - [10/Mar/2012:11:00:05 +0100] "GET /hirek/hirek101025.htm HTTP/1.1" 200 8786 "-" "Mozilla/5.0 (compatible; Googlebot/2.1; +http://www.google.com/bot.html)"
95.108.248.30 - - [10/Mar/2012:11:20:06 +0100] "GET /hirek/hirek090510.htm HTTP/1.1" 200 12743 "-" "Mozilla/5.0 (compatible; YandexBot/3.0; +http://yandex.com/bots)"
95.108.248.30 - - [10/Mar/2012:11:20:47 +0100] "GET /hirek/klimatv_civilcikk.doc HTTP/1.1" 200 78336 "-" "Mozilla/5.0 (compatible; YandexBot/3.0; +http://yandex.com/bots)"
95.108.248.30 - - [10/Mar/2012:11:20:49 +0100] "GET /hirek/hirek091015.htm HTTP/1.1" 200 7046 "-" "Mozilla/5.0 (compatible; YandexBot/3.0; +http://yandex.com/bots)"
80.99.133.18 - - [10/Mar/2012:11:25:55 +0100] "GET /lb/images/closelabel.gif HTTP/1.1" 304 - "http://www.rulettmania.hu/sportfogadas/index2.php?foablak=szovegtorzs." "Mozilla/4.0 (compatible; MSIE 8.0; Windows NT 5.1; Trident/4.0; .NET CLR 2.0.50727; .NET CLR 3.0.4506.2152; .NET CLR 3.5.30729)"
80.99.133.18 - - [10/Mar/2012:11:25:55 +0100] "GET /lb/images/loading.gif HTTP/1.1" 304 - "http://www.rulettmania.hu/sportfogadas/index2.php?foablak=szovegtorzs." "Mozilla/4.0 (compatible; MSIE 8.0; Windows NT 5.1; Trident/4.0; .NET CLR 2.0.50727; .NET CLR 3.0.4506.2152; .NET CLR 3.5.30729)"
80.99.133.18 - - [10/Mar/2012:11:25:55 +0100] "GET /lb/images/blank.gif HTTP/1.1" 304 - "http://www.rulettmania.hu/sportfogadas/index2.php?foablak=szovegtorzs." "Mozilla/4.0 (compatible; MSIE 8.0; Windows NT 5.1; Trident/4.0; .NET CLR 2.0.50727; .NET CLR 3.0.4506.2152; .NET CLR 3.5.30729)"
95.108.248.30 - - [10/Mar/2012:11:28:01 +0100] "GET /deutsch/index.htm HTTP/1.1" 200 5324 "-" "Mozilla/5.0 (compatible; YandexBot/3.0; +http://yandex.com/bots)"
95.108.248.30 - - [10/Mar/2012:11:28:03 +0100] "GET /hirek/hirek090930.htm HTTP/1.1" 200 7044 "-" "Mozilla/5.0 (compatible; YandexBot/3.0; +http://yandex.com/bots)"
95.108.248.30 - - [10/Mar/2012:11:28:05 +0100] "GET /khb/beklen_2005_kh_jelentes.pdf HTTP/1.1" 304 - "-" "Mozilla/5.0 (compatible; YandexBot/3.0; +http://yandex.com/bots)"
95.108.248.30 - - [10/Mar/2012:11:28:08 +0100] "GET /khb/beklen_2006_kh_jelentes.pdf HTTP/1.1" 304 - "-" "Mozilla/5.0 (compatible; YandexBot/3.0; +http://yandex.com/bots)"
141.105.120.151 - - [10/Mar/2012:11:31:18 +0100] "GET /jog/eseteink/duzzaszto/index.htm HTTP/1.0" 200 10470 "-" "Mozilla/5.0 (compatible; OpenindexDeepSpider/Nutch-1.5-dev; +http://www.openindex.io/en/webmasters/spider.html)"
95.108.248.30 - - [10/Mar/2012:11:39:34 +0100] "GET /hirek/hirek101025.htm HTTP/1.1" 200 8786 "-" "Mozilla/5.0 (compatible; YandexBot/3.0; +http://yandex.com/bots)"
139.18.2.17 - - [10/Mar/2012:11:56:06 +0100] "GET /hirek/hirek091103.htm HTTP/1.1" 200 7301 "-" "findlinks/2.1.5 (+http://wortschatz.uni-leipzig.de/findlinks/)"
86.101.203.49 - - [10/Mar/2012:12:16:13 +0100] "GET /lb/images/closelabel.gif HTTP/1.1" 200 222 "http://www.rulettmania.hu/sportfogadas/admin/index.php" "Mozilla/5.0 (compatible; MSIE 9.0; Windows NT 6.1; Trident/5.0; BOIE9;HUHU)"
86.101.203.49 - - [10/Mar/2012:12:16:13 +0100] "GET /lb/images/loading.gif HTTP/1.1" 200 2767 "http://www.rulettmania.hu/sportfogadas/admin/index.php" "Mozilla/5.0 (compatible; MSIE 9.0; Windows NT 6.1; Trident/5.0; BOIE9;HUHU)"
86.101.203.49 - - [10/Mar/2012:12:16:14 +0100] "GET /lb/images/blank.gif HTTP/1.1" 200 43 "http://www.rulettmania.hu/sportfogadas/admin/index.php" "Mozilla/5.0 (compatible; MSIE 9.0; Windows NT 6.1; Trident/5.0; BOIE9;HUHU)"
89.182.17.6 - - [10/Mar/2012:12:35:58 +0100] "GET /hirek/hirek090428.htm HTTP/1.1" 200 24808 "-" "findlinks/2.0.2 (+http://wortschatz.uni-leipzig.de/findlinks/)"
208.115.111.68 - - [10/Mar/2012:12:54:17 +0100] "GET /robots.txt HTTP/1.1" 404 1181 "-" "Mozilla/5.0 (compatible; Ezooms/1.0; ezooms.bot@gmail.com)"
208.115.111.68 - - [10/Mar/2012:13:03:09 +0100] "GET /fiok HTTP/1.1" 301 312 "-" "Mozilla/5.0 (compatible; Ezooms/1.0; ezooms.bot@gmail.com)"
141.105.120.153 - - [10/Mar/2012:13:19:53 +0100] "GET /robots.txt HTTP/1.0" 404 1181 "-" "Mozilla/5.0 (compatible; OpenindexDeepSpider/Nutch-1.5-dev; +http://www.openindex.io/en/webmasters/spider.html)"
141.105.120.153 - - [10/Mar/2012:13:19:53 +0100] "GET /jog/jogszabalyok/1952._evi_iii._torveny_a_polgari_perrendtartasrol.pdf HTTP/1.0" 404 1181 "-" "Mozilla/5.0 (compatible; OpenindexDeepSpider/Nutch-1.5-dev; +http://www.openindex.io/en/webmasters/spider.html)"
141.105.120.153 - - [10/Mar/2012:13:23:01 +0100] "GET /jog/jogszabalyok/conventions_hu.pdf HTTP/1.0" 200 1414196 "-" "Mozilla/5.0 (compatible; OpenindexDeepSpider/Nutch-1.5-dev; +http://www.openindex.io/en/webmasters/spider.html)"
201.209.185.81 - - [10/Mar/2012:13:43:33 +0100] "GET / HTTP/1.1" 200 23794 "-" "Java/1.4.1_04"
201.209.185.81 - - [10/Mar/2012:13:43:35 +0100] "GET /hirarchivum.htm HTTP/1.1" 200 24981 "-" "Java/1.4.1_04"
201.209.185.81 - - [10/Mar/2012:13:43:37 +0100] "GET /index.htm HTTP/1.1" 200 23794 "-" "Java/1.4.1_04"
201.209.185.81 - - [10/Mar/2012:13:43:37 +0100] "GET /kapcsolat.htm HTTP/1.1" 200 6889 "-" "Java/1.4.1_04"
201.209.185.81 - - [10/Mar/2012:13:43:38 +0100] "GET /magunkrol.htm HTTP/1.1" 200 9202 "-" "Java/1.4.1_04"
201.209.185.81 - - [10/Mar/2012:13:43:39 +0100] "GET /media.htm HTTP/1.1" 200 5208 "-" "Java/1.4.1_04"
201.209.185.81 - - [10/Mar/2012:13:43:39 +0100] "GET /programok.htm HTTP/1.1" 200 6416 "-" "Java/1.4.1_04"
201.209.185.81 - - [10/Mar/2012:13:43:40 +0100] "GET /vill.cs HTTP/1.1" 200 2676 "-" "Java/1.4.1_04"
201.209.185.81 - - [10/Mar/2012:13:43:41 +0100] "GET /hirek08_10.htm HTTP/1.1" 200 6946 "-" "Java/1.4.1_04"
201.209.185.81 - - [10/Mar/2012:13:43:42 +0100] "GET /hirek08_11.htm HTTP/1.1" 200 7253 "-" "Java/1.4.1_04"
201.209.185.81 - - [10/Mar/2012:13:43:43 +0100] "GET /hirek08_12.htm HTTP/1.1" 200 8268 "-" "Java/1.4.1_04"
201.209.185.81 - - [10/Mar/2012:13:43:44 +0100] "GET /hirek09_01.htm HTTP/1.1" 200 6841 "-" "Java/1.4.1_04"
201.209.185.81 - - [10/Mar/2012:13:43:45 +0100] "GET /hirek09_02.htm HTTP/1.1" 200 7450 "-" "Java/1.4.1_04"
201.209.185.81 - - [10/Mar/2012:13:43:46 +0100] "GET /hirek09_03.htm HTTP/1.1" 200 10726 "-" "Java/1.4.1_04"
201.209.185.81 - - [10/Mar/2012:13:43:47 +0100] "GET /&url=kapcsolat.htm HTTP/1.1" 404 1181 "-" "Java/1.4.1_04"
201.209.185.81 - - [10/Mar/2012:13:43:48 +0100] "GET /&url=programok.htm HTTP/1.1" 404 1181 "-" "Java/1.4.1_04"
201.209.185.81 - - [10/Mar/2012:13:43:49 +0100] "GET /&url=adomanyi.htm HTTP/1.1" 404 1181 "-" "Java/1.4.1_04"
201.209.185.81 - - [10/Mar/2012:13:43:50 +0100] "GET /bunt.htm HTTP/1.1" 200 5683 "-" "Java/1.4.1_04"
201.209.185.81 - - [10/Mar/2012:13:43:51 +0100] "GET /civilmuhely.htm HTTP/1.1" 200 8450 "-" "Java/1.4.1_04"
201.209.185.81 - - [10/Mar/2012:13:43:52 +0100] "GET /khb.htm HTTP/1.1" 200 8325 "-" "Java/1.4.1_04"
201.209.185.81 - - [10/Mar/2012:13:43:52 +0100] "GET /nca.htm HTTP/1.1" 200 7467 "-" "Java/1.4.1_04"
201.209.185.81 - - [10/Mar/2012:13:43:53 +0100] "GET /ncta.htm HTTP/1.1" 200 7221 "-" "Java/1.4.1_04"
201.209.185.81 - - [10/Mar/2012:13:43:54 +0100] "GET /nka.htm HTTP/1.1" 200 6221 "-" "Java/1.4.1_04"
201.209.185.81 - - [10/Mar/2012:13:43:55 +0100] "GET /szakmai.htm HTTP/1.1" 200 6054 "-" "Java/1.4.1_04"
201.209.185.81 - - [10/Mar/2012:13:43:56 +0100] "GET /ncta_a.htm HTTP/1.1" 200 7260 "-" "Java/1.4.1_04"
201.209.185.81 - - [10/Mar/2012:13:43:58 +0100] "GET /&url=civilmuhely.htm HTTP/1.1" 404 1181 "-" "Java/1.4.1_04"
201.209.185.81 - - [10/Mar/2012:13:43:59 +0100] "GET /&url=magunkrol.htm HTTP/1.1" 404 1181 "-" "Java/1.4.1_04"
201.209.185.81 - - [10/Mar/2012:13:44:00 +0100] "GET /nca04.htm HTTP/1.1" 200 16378 "-" "Java/1.4.1_04"
201.209.185.81 - - [10/Mar/2012:13:44:02 +0100] "GET /nca05.htm HTTP/1.1" 200 16412 "-" "Java/1.4.1_04"
201.209.185.81 - - [10/Mar/2012:13:44:03 +0100] "GET /nca06.htm HTTP/1.1" 200 19034 "-" "Java/1.4.1_04"
201.209.185.81 - - [10/Mar/2012:13:44:03 +0100] "GET /nca07.htm HTTP/1.1" 200 21968 "-" "Java/1.4.1_04"
201.209.185.81 - - [10/Mar/2012:13:44:07 +0100] "GET /nca08.htm HTTP/1.1" 200 21795 "-" "Java/1.4.1_04"
201.209.185.81 - - [10/Mar/2012:13:44:09 +0100] "GET /nca09.htm HTTP/1.1" 200 24315 "-" "Java/1.4.1_04"
201.209.185.81 - - [10/Mar/2012:13:44:10 +0100] "GET /nca10.htm HTTP/1.1" 200 16648 "-" "Java/1.4.1_04"
201.209.185.81 - - [10/Mar/2012:13:44:12 +0100] "GET /nca11.htm HTTP/1.1" 200 7133 "-" "Java/1.4.1_04"
201.209.185.81 - - [10/Mar/2012:13:44:13 +0100] "GET /kiadvanyok.htm HTTP/1.1" 200 8206 "-" "Java/1.4.1_04"
201.209.185.81 - - [10/Mar/2012:13:44:14 +0100] "GET /deutsch/index.htm HTTP/1.1" 200 5324 "-" "Java/1.4.1_04"
201.209.185.81 - - [10/Mar/2012:13:44:14 +0100] "GET /english/index.htm HTTP/1.1" 200 5262 "-" "Java/1.4.1_04"
201.209.185.81 - - [10/Mar/2012:13:44:16 +0100] "GET /fiok/index.html HTTP/1.1" 200 20554 "-" "Java/1.4.1_04"
201.209.185.81 - - [10/Mar/2012:13:44:17 +0100] "GET /hirek/hirek091015.htm HTTP/1.1" 200 7046 "-" "Java/1.4.1_04"
201.209.185.81 - - [10/Mar/2012:13:44:18 +0100] "GET /hirek/hirek091102.htm HTTP/1.1" 200 8538 "-" "Java/1.4.1_04"
201.209.185.81 - - [10/Mar/2012:13:44:19 +0100] "GET /hirek/hirek091103.htm HTTP/1.1" 200 7301 "-" "Java/1.4.1_04"
201.209.185.81 - - [10/Mar/2012:13:44:19 +0100] "GET /hirek/hirek091221.htm HTTP/1.1" 200 6740 "-" "Java/1.4.1_04"
201.209.185.81 - - [10/Mar/2012:13:44:20 +0100] "GET /hirek/hirek100225.htm HTTP/1.1" 200 7288 "-" "Java/1.4.1_04"
2.102.135.68 - - [10/Mar/2012:14:05:19 +0100] "GET /lb/images/loading.gif HTTP/1.1" 200 2767 "http://rulettmania.hu/sportfogadas/" "Mozilla/5.0 (Windows NT 5.1; rv:10.0.2) Gecko/20100101 Firefox/10.0.2"
2.102.135.68 - - [10/Mar/2012:14:05:19 +0100] "GET /lb/images/closelabel.gif HTTP/1.1" 200 222 "http://rulettmania.hu/sportfogadas/" "Mozilla/5.0 (Windows NT 5.1; rv:10.0.2) Gecko/20100101 Firefox/10.0.2"
208.115.111.68 - - [10/Mar/2012:14:42:31 +0100] "GET /robots.txt HTTP/1.1" 404 1181 "-" "Mozilla/5.0 (compatible; Ezooms/1.0; ezooms.bot@gmail.com)"
80.99.133.18 - - [10/Mar/2012:14:59:26 +0100] "GET /lb/images/closelabel.gif HTTP/1.1" 200 222 "http://www.rulettmania.hu/sportfogadas/" "Mozilla/4.0 (compatible; MSIE 8.0; Windows NT 5.1; Trident/4.0; .NET CLR 2.0.50727; .NET CLR 3.0.4506.2152; .NET CLR 3.5.30729)"
80.99.133.18 - - [10/Mar/2012:14:59:26 +0100] "GET /lb/images/loading.gif HTTP/1.1" 200 2767 "http://www.rulettmania.hu/sportfogadas/" "Mozilla/4.0 (compatible; MSIE 8.0; Windows NT 5.1; Trident/4.0; .NET CLR 2.0.50727; .NET CLR 3.0.4506.2152; .NET CLR 3.5.30729)"
80.99.133.18 - - [10/Mar/2012:14:59:26 +0100] "GET /lb/images/blank.gif HTTP/1.1" 200 43 "http://www.rulettmania.hu/sportfogadas/" "Mozilla/4.0 (compatible; MSIE 8.0; Windows NT 5.1; Trident/4.0; .NET CLR 2.0.50727; .NET CLR 3.0.4506.2152; .NET CLR 3.5.30729)"
208.115.113.84 - - [10/Mar/2012:15:05:15 +0100] "GET /robots.txt HTTP/1.1" 404 1181 "-" "Mozilla/5.0 (compatible; Ezooms/1.0; ezooms.bot@gmail.com)"
141.105.120.152 - - [10/Mar/2012:15:18:41 +0100] "GET /robots.txt HTTP/1.0" 404 1181 "-" "Mozilla/5.0 (compatible; OpenindexDeepSpider/Nutch-1.5-dev; +http://www.openindex.io/en/webmasters/spider.html)"
141.105.120.152 - - [10/Mar/2012:15:18:44 +0100] "GET /jog/pub/fuzet_beliv_jav2.pdf HTTP/1.0" 200 775632 "-" "Mozilla/5.0 (compatible; OpenindexDeepSpider/Nutch-1.5-dev; +http://www.openindex.io/en/webmasters/spider.html)"
80.99.133.18 - - [10/Mar/2012:15:20:02 +0100] "GET /lb/images/loading.gif HTTP/1.1" 304 - "http://www.rulettmania.hu/sportfogadas/tippek.php?foablak=lista1." "Mozilla/4.0 (compatible; MSIE 8.0; Windows NT 5.1; Trident/4.0; .NET CLR 2.0.50727; .NET CLR 3.0.4506.2152; .NET CLR 3.5.30729)"
80.99.133.18 - - [10/Mar/2012:15:20:02 +0100] "GET /lb/images/closelabel.gif HTTP/1.1" 304 - "http://www.rulettmania.hu/sportfogadas/tippek.php?foablak=lista1." "Mozilla/4.0 (compatible; MSIE 8.0; Windows NT 5.1; Trident/4.0; .NET CLR 2.0.50727; .NET CLR 3.0.4506.2152; .NET CLR 3.5.30729)"
80.99.133.18 - - [10/Mar/2012:15:20:02 +0100] "GET /lb/images/blank.gif HTTP/1.1" 304 - "http://www.rulettmania.hu/sportfogadas/tippek.php?foablak=lista1." "Mozilla/4.0 (compatible; MSIE 8.0; Windows NT 5.1; Trident/4.0; .NET CLR 2.0.50727; .NET CLR 3.0.4506.2152; .NET CLR 3.5.30729)"
92.239.236.230 - - [10/Mar/2012:15:34:27 +0100] "GET /lb/images/closelabel.gif HTTP/1.1" 200 222 "http://rulettmania.hu/sportfogadas/" "Mozilla/5.0 (Windows NT 6.0) AppleWebKit/535.11 (KHTML, like Gecko) Chrome/17.0.963.78 Safari/535.11"
92.239.236.230 - - [10/Mar/2012:15:34:27 +0100] "GET /lb/images/loading.gif HTTP/1.1" 200 2767 "http://rulettmania.hu/sportfogadas/" "Mozilla/5.0 (Windows NT 6.0) AppleWebKit/535.11 (KHTML, like Gecko) Chrome/17.0.963.78 Safari/535.11"
66.249.71.136 - - [10/Mar/2012:15:45:48 +0100] "GET /jog/eseteink/audi/2011_3951.pdf HTTP/1.1" 304 - "-" "Mozilla/5.0 (compatible; Googlebot/2.1; +http://www.google.com/bot.html)"
208.115.111.68 - - [10/Mar/2012:15:58:41 +0100] "GET /fiok/program_reszek/lovaglas.htm HTTP/1.1" 200 21486 "-" "Mozilla/5.0 (compatible; Ezooms/1.0; ezooms.bot@gmail.com)"
208.115.111.68 - - [10/Mar/2012:15:58:52 +0100] "GET /ncta.htm HTTP/1.1" 200 7221 "-" "Mozilla/5.0 (compatible; Ezooms/1.0; ezooms.bot@gmail.com)"
208.115.113.84 - - [10/Mar/2012:16:24:23 +0100] "GET /hirek/hirek09_03.htm HTTP/1.1" 200 10810 "-" "Mozilla/5.0 (compatible; Ezooms/1.0; ezooms.bot@gmail.com)"
66.249.66.212 - - [10/Mar/2012:16:36:31 +0100] "GET /jog/eseteink/audi/gestdem_2011-3951_-_benedek_sallai_-_demande_confirmative.pdf HTTP/1.1" 304 - "-" "Mozilla/5.0 (compatible; Googlebot/2.1; +http://www.google.com/bot.html)"
80.99.70.159 - - [10/Mar/2012:16:51:26 +0100] "GET / HTTP/1.1" 200 23794 "http://nimfea.hu/tagszervezeteink/index.htm" "Mozilla/5.0 (Windows NT 6.0; WOW64) AppleWebKit/535.11 (KHTML, like Gecko) Chrome/17.0.963.78 Safari/535.11"
80.99.70.159 - - [10/Mar/2012:16:51:27 +0100] "GET /vill.cs HTTP/1.1" 200 2676 "http://www.beklen.hu/" "Mozilla/5.0 (Windows NT 6.0; WOW64) AppleWebKit/535.11 (KHTML, like Gecko) Chrome/17.0.963.78 Safari/535.11"
80.99.70.159 - - [10/Mar/2012:16:51:27 +0100] "GET /lb/js/scriptaculous.js?load=effects HTTP/1.1" 200 2152 "http://www.beklen.hu/" "Mozilla/5.0 (Windows NT 6.0; WOW64) AppleWebKit/535.11 (KHTML, like Gecko) Chrome/17.0.963.78 Safari/535.11"
80.99.70.159 - - [10/Mar/2012:16:51:27 +0100] "GET /lb/js/lightbox.js HTTP/1.1" 200 23424 "http://www.beklen.hu/" "Mozilla/5.0 (Windows NT 6.0; WOW64) AppleWebKit/535.11 (KHTML, like Gecko) Chrome/17.0.963.78 Safari/535.11"
80.99.70.159 - - [10/Mar/2012:16:51:27 +0100] "GET /lb/css/lightbox.css HTTP/1.1" 200 1715 "http://www.beklen.hu/" "Mozilla/5.0 (Windows NT 6.0; WOW64) AppleWebKit/535.11 (KHTML, like Gecko) Chrome/17.0.963.78 Safari/535.11"
80.99.70.159 - - [10/Mar/2012:16:51:27 +0100] "GET /lb/js/prototype.js HTTP/1.1" 200 47603 "http://www.beklen.hu/" "Mozilla/5.0 (Windows NT 6.0; WOW64) AppleWebKit/535.11 (KHTML, like Gecko) Chrome/17.0.963.78 Safari/535.11"
80.99.70.159 - - [10/Mar/2012:16:51:27 +0100] "GET /lb/js/effects.js HTTP/1.1" 200 31969 "http://www.beklen.hu/" "Mozilla/5.0 (Windows NT 6.0; WOW64) AppleWebKit/535.11 (KHTML, like Gecko) Chrome/17.0.963.78 Safari/535.11"
80.99.70.159 - - [10/Mar/2012:16:51:27 +0100] "GET /bg.jpg HTTP/1.1" 200 566 "http://www.beklen.hu/" "Mozilla/5.0 (Windows NT 6.0; WOW64) AppleWebKit/535.11 (KHTML, like Gecko) Chrome/17.0.963.78 Safari/535.11"
80.99.70.159 - - [10/Mar/2012:16:51:27 +0100] "GET /tm01.jpg HTTP/1.1" 200 1080 "http://www.beklen.hu/" "Mozilla/5.0 (Windows NT 6.0; WOW64) AppleWebKit/535.11 (KHTML, like Gecko) Chrome/17.0.963.78 Safari/535.11"
80.99.70.159 - - [10/Mar/2012:16:51:27 +0100] "GET /tm02.jpg HTTP/1.1" 200 1873 "http://www.beklen.hu/" "Mozilla/5.0 (Windows NT 6.0; WOW64) AppleWebKit/535.11 (KHTML, like Gecko) Chrome/17.0.963.78 Safari/535.11"
80.99.70.159 - - [10/Mar/2012:16:51:27 +0100] "GET /tm03_.jpg HTTP/1.1" 200 1787 "http://www.beklen.hu/" "Mozilla/5.0 (Windows NT 6.0; WOW64) AppleWebKit/535.11 (KHTML, like Gecko) Chrome/17.0.963.78 Safari/535.11"
80.99.70.159 - - [10/Mar/2012:16:51:27 +0100] "GET /tm05_.jpg HTTP/1.1" 200 1839 "http://www.beklen.hu/" "Mozilla/5.0 (Windows NT 6.0; WOW64) AppleWebKit/535.11 (KHTML, like Gecko) Chrome/17.0.963.78 Safari/535.11"
80.99.70.159 - - [10/Mar/2012:16:51:27 +0100] "GET /tm04_.jpg HTTP/1.1" 200 2058 "http://www.beklen.hu/" "Mozilla/5.0 (Windows NT 6.0; WOW64) AppleWebKit/535.11 (KHTML, like Gecko) Chrome/17.0.963.78 Safari/535.11"
80.99.70.159 - - [10/Mar/2012:16:51:27 +0100] "GET /tm06_.jpg HTTP/1.1" 200 1382 "http://www.beklen.hu/" "Mozilla/5.0 (Windows NT 6.0; WOW64) AppleWebKit/535.11 (KHTML, like Gecko) Chrome/17.0.963.78 Safari/535.11"
80.99.70.159 - - [10/Mar/2012:16:51:27 +0100] "GET /tm07.jpg HTTP/1.1" 200 1007 "http://www.beklen.hu/" "Mozilla/5.0 (Windows NT 6.0; WOW64) AppleWebKit/535.11 (KHTML, like Gecko) Chrome/17.0.963.78 Safari/535.11"
80.99.70.159 - - [10/Mar/2012:16:51:27 +0100] "GET /a1_projekt_tabla_infra_cs3_beklenhaz_.jpg HTTP/1.1" 200 8994 "http://www.beklen.hu/" "Mozilla/5.0 (Windows NT 6.0; WOW64) AppleWebKit/535.11 (KHTML, like Gecko) Chrome/17.0.963.78 Safari/535.11"
80.99.70.159 - - [10/Mar/2012:16:51:27 +0100] "GET /jog_honlap_.jpg HTTP/1.1" 200 7186 "http://www.beklen.hu/" "Mozilla/5.0 (Windows NT 6.0; WOW64) AppleWebKit/535.11 (KHTML, like Gecko) Chrome/17.0.963.78 Safari/535.11"
80.99.70.159 - - [10/Mar/2012:16:51:27 +0100] "GET /bottom_main.jpg HTTP/1.1" 200 96820 "http://www.beklen.hu/" "Mozilla/5.0 (Windows NT 6.0; WOW64) AppleWebKit/535.11 (KHTML, like Gecko) Chrome/17.0.963.78 Safari/535.11"
80.99.70.159 - - [10/Mar/2012:16:51:29 +0100] "GET /nimfea_project_250x250.gif HTTP/1.1" 200 2986583 "http://www.beklen.hu/" "Mozilla/5.0 (Windows NT 6.0; WOW64) AppleWebKit/535.11 (KHTML, like Gecko) Chrome/17.0.963.78 Safari/535.11"
80.99.70.159 - - [10/Mar/2012:16:51:29 +0100] "GET /lb/images/loading.gif HTTP/1.1" 200 2767 "http://www.beklen.hu/" "Mozilla/5.0 (Windows NT 6.0; WOW64) AppleWebKit/535.11 (KHTML, like Gecko) Chrome/17.0.963.78 Safari/535.11"
80.99.70.159 - - [10/Mar/2012:16:51:29 +0100] "GET /lb/images/closelabel.gif HTTP/1.1" 200 222 "http://www.beklen.hu/" "Mozilla/5.0 (Windows NT 6.0; WOW64) AppleWebKit/535.11 (KHTML, like Gecko) Chrome/17.0.963.78 Safari/535.11"
80.99.70.159 - - [10/Mar/2012:16:51:29 +0100] "GET /tm06.jpg HTTP/1.1" 200 1651 "http://www.beklen.hu/" "Mozilla/5.0 (Windows NT 6.0; WOW64) AppleWebKit/535.11 (KHTML, like Gecko) Chrome/17.0.963.78 Safari/535.11"
80.99.70.159 - - [10/Mar/2012:16:51:29 +0100] "GET /tm04.jpg HTTP/1.1" 200 2613 "http://www.beklen.hu/" "Mozilla/5.0 (Windows NT 6.0; WOW64) AppleWebKit/535.11 (KHTML, like Gecko) Chrome/17.0.963.78 Safari/535.11"
80.99.70.159 - - [10/Mar/2012:16:51:29 +0100] "GET /tm05.jpg HTTP/1.1" 200 2253 "http://www.beklen.hu/" "Mozilla/5.0 (Windows NT 6.0; WOW64) AppleWebKit/535.11 (KHTML, like Gecko) Chrome/17.0.963.78 Safari/535.11"
80.99.70.159 - - [10/Mar/2012:16:51:29 +0100] "GET /tm02_.jpg HTTP/1.1" 200 1524 "http://www.beklen.hu/" "Mozilla/5.0 (Windows NT 6.0; WOW64) AppleWebKit/535.11 (KHTML, like Gecko) Chrome/17.0.963.78 Safari/535.11"
80.99.70.159 - - [10/Mar/2012:16:51:29 +0100] "GET /tm03.jpg HTTP/1.1" 200 2212 "http://www.beklen.hu/" "Mozilla/5.0 (Windows NT 6.0; WOW64) AppleWebKit/535.11 (KHTML, like Gecko) Chrome/17.0.963.78 Safari/535.11"
80.99.70.159 - - [10/Mar/2012:16:51:29 +0100] "GET /favicon.ico HTTP/1.1" 404 1181 "-" "Mozilla/5.0 (Windows NT 6.0; WOW64) AppleWebKit/535.11 (KHTML, like Gecko) Chrome/17.0.963.78 Safari/535.11"
84.21.19.110 - - [10/Mar/2012:17:46:02 +0100] "GET /lb/images/closelabel.gif HTTP/1.1" 200 222 "http://www.rulettmania.hu/sportfogadas/admin/index.php" "Mozilla/5.0 (compatible; MSIE 9.0; Windows NT 6.1; Trident/5.0; BOIE9;HUHU)"
84.21.19.110 - - [10/Mar/2012:17:46:02 +0100] "GET /lb/images/loading.gif HTTP/1.1" 200 2767 "http://www.rulettmania.hu/sportfogadas/admin/index.php" "Mozilla/5.0 (compatible; MSIE 9.0; Windows NT 6.1; Trident/5.0; BOIE9;HUHU)"
84.21.19.110 - - [10/Mar/2012:17:46:04 +0100] "GET /lb/images/blank.gif HTTP/1.1" 200 43 "http://www.rulettmania.hu/sportfogadas/admin/index.php" "Mozilla/5.0 (compatible; MSIE 9.0; Windows NT 6.1; Trident/5.0; BOIE9;HUHU)"
95.108.248.30 - - [10/Mar/2012:18:25:06 +0100] "GET /szakmai.htm HTTP/1.1" 304 - "-" "Mozilla/5.0 (compatible; YandexBot/3.0; +http://yandex.com/bots)"
95.108.248.30 - - [10/Mar/2012:18:25:09 +0100] "GET /hirek/jelentkezesi_lap.doc HTTP/1.1" 304 - "-" "Mozilla/5.0 (compatible; YandexBot/3.0; +http://yandex.com/bots)"
95.108.248.30 - - [10/Mar/2012:18:25:11 +0100] "GET /hirek/hirek100804.htm HTTP/1.1" 200 8056 "-" "Mozilla/5.0 (compatible; YandexBot/3.0; +http://yandex.com/bots)"
130.83.167.153 - - [10/Mar/2012:18:31:11 +0100] "GET /hirek/hirek100305.htm HTTP/1.1" 200 7091 "-" "findlinks/2.1.5 (+http://wortschatz.uni-leipzig.de/findlinks/)"
213.186.127.13 - - [10/Mar/2012:18:36:21 +0100] "GET /fiok/fiok.html HTTP/1.1" 200 20723 "-" "Mozilla/5.0 (compatible; AhrefsBot/2.0; +http://ahrefs.com/robot/)"
130.83.167.153 - - [10/Mar/2012:19:02:08 +0100] "GET /hirek/hirek090602.htm HTTP/1.1" 200 7261 "-" "findlinks/2.1.5 (+http://wortschatz.uni-leipzig.de/findlinks/)"
208.115.113.84 - - [10/Mar/2012:19:11:16 +0100] "GET /robots.txt HTTP/1.1" 404 1181 "-" "Mozilla/5.0 (compatible; Ezooms/1.0; ezooms.bot@gmail.com)"
66.249.71.136 - - [10/Mar/2012:19:31:07 +0100] "GET /robots.txt HTTP/1.1" 404 1181 "-" "Mozilla/5.0 (compatible; Googlebot/2.1; +http://www.google.com/bot.html)"
66.249.71.136 - - [10/Mar/2012:19:31:07 +0100] "GET /hirek/090510/szuletesunnepe034_.jpg HTTP/1.1" 304 - "-" "Googlebot-Image/1.0"
66.249.66.212 - - [10/Mar/2012:19:32:05 +0100] "GET /hirek/hirek090428.htm HTTP/1.1" 304 - "-" "Mozilla/5.0 (iPhone; U; CPU iPhone OS 4_1 like Mac OS X; en-us) AppleWebKit/532.9 (KHTML, like Gecko) Version/4.0.5 Mobile/8B117 Safari/6531.22.7 (compatible; Googlebot-Mobile/2.1; +http://www.google.com/bot.html)"
84.0.130.126 - - [10/Mar/2012:20:25:08 +0100] "GET /lb/images/closelabel.gif HTTP/1.1" 200 222 "-" "Mozilla/4.0 (compatible; MSIE 7.0; Windows NT 5.1; Trident/4.0; .NET CLR 1.1.4322; .NET CLR 2.0.50727; InfoPath.2)"
84.0.130.126 - - [10/Mar/2012:20:25:08 +0100] "GET /lb/images/loading.gif HTTP/1.1" 200 2767 "-" "Mozilla/4.0 (compatible; MSIE 7.0; Windows NT 5.1; Trident/4.0; .NET CLR 1.1.4322; .NET CLR 2.0.50727; InfoPath.2)"
84.0.130.126 - - [10/Mar/2012:20:25:08 +0100] "GET /lb/images/blank.gif HTTP/1.1" 200 43 "-" "Mozilla/4.0 (compatible; MSIE 7.0; Windows NT 5.1; Trident/4.0; .NET CLR 1.1.4322; .NET CLR 2.0.50727; InfoPath.2)"
208.115.113.84 - - [10/Mar/2012:20:25:36 +0100] "GET /index.htm HTTP/1.1" 200 23794 "-" "Mozilla/5.0 (compatible; Ezooms/1.0; ezooms.bot@gmail.com)"
213.186.127.13 - - [10/Mar/2012:20:44:42 +0100] "GET /fiok/program_reszek/lovaglas.htm HTTP/1.1" 200 21486 "-" "Mozilla/5.0 (compatible; AhrefsBot/2.0; +http://ahrefs.com/robot/)"
66.249.66.212 - - [10/Mar/2012:20:46:06 +0100] "GET /robots.txt HTTP/1.1" 404 1181 "-" "Mozilla/5.0 (compatible; Googlebot/2.1; +http://www.google.com/bot.html)"
66.249.72.72 - - [10/Mar/2012:20:46:07 +0100] "GET /hirek/hirek101027.htm HTTP/1.1" 200 9627 "-" "Mozilla/5.0 (iPhone; U; CPU iPhone OS 4_1 like Mac OS X; en-us) AppleWebKit/532.9 (KHTML, like Gecko) Version/4.0.5 Mobile/8B117 Safari/6531.22.7 (compatible; Googlebot-Mobile/2.1; +http://www.google.com/bot.html)"
66.249.72.72 - - [10/Mar/2012:20:52:24 +0100] "GET /hirek/printscreenek/banner_mkne.jpg HTTP/1.1" 200 70862 "http://www.beklen.hu/hirek/hirek101027.htm" "Mozilla/5.0 (compatible; Googlebot/2.1; +http://www.google.com/bot.html)"
66.249.66.212 - - [10/Mar/2012:20:52:25 +0100] "GET /hirek/printscreenek/Magosfa.jpg HTTP/1.1" 200 73726 "http://www.beklen.hu/hirek/hirek101027.htm" "Mozilla/5.0 (compatible; Googlebot/2.1; +http://www.google.com/bot.html)"
66.249.72.72 - - [10/Mar/2012:20:52:27 +0100] "GET /hirek/printscreenek/banner_emisszio.jpg HTTP/1.1" 200 103015 "http://www.beklen.hu/hirek/hirek101027.htm" "Mozilla/5.0 (compatible; Googlebot/2.1; +http://www.google.com/bot.html)"
66.249.72.72 - - [10/Mar/2012:20:52:30 +0100] "GET /hirek/printscreenek/banner_kothalo.jpg HTTP/1.1" 200 82838 "http://www.beklen.hu/hirek/hirek101027.htm" "Mozilla/5.0 (compatible; Googlebot/2.1; +http://www.google.com/bot.html)"
66.249.66.212 - - [10/Mar/2012:20:52:31 +0100] "GET /hirek/printscreenek/banner_humusz2.jpg HTTP/1.1" 200 80222 "http://www.beklen.hu/hirek/hirek101027.htm" "Mozilla/5.0 (compatible; Googlebot/2.1; +http://www.google.com/bot.html)"
66.249.66.212 - - [10/Mar/2012:20:52:32 +0100] "GET /hirek/printscreenek/banner_zoldkor.jpg HTTP/1.1" 200 83308 "http://www.beklen.hu/hirek/hirek101027.htm" "Mozilla/5.0 (compatible; Googlebot/2.1; +http://www.google.com/bot.html)"
80.99.133.18 - - [10/Mar/2012:20:54:16 +0100] "GET /lb/images/loading.gif HTTP/1.1" 200 2767 "http://www.rulettmania.hu/sportfogadas/" "Mozilla/4.0 (compatible; MSIE 8.0; Windows NT 5.1; Trident/4.0; .NET CLR 2.0.50727; .NET CLR 3.0.4506.2152; .NET CLR 3.5.30729)"
80.99.133.18 - - [10/Mar/2012:20:54:16 +0100] "GET /lb/images/closelabel.gif HTTP/1.1" 200 222 "http://www.rulettmania.hu/sportfogadas/" "Mozilla/4.0 (compatible; MSIE 8.0; Windows NT 5.1; Trident/4.0; .NET CLR 2.0.50727; .NET CLR 3.0.4506.2152; .NET CLR 3.5.30729)"
80.99.133.18 - - [10/Mar/2012:20:54:16 +0100] "GET /lb/images/blank.gif HTTP/1.1" 200 43 "http://www.rulettmania.hu/sportfogadas/" "Mozilla/4.0 (compatible; MSIE 8.0; Windows NT 5.1; Trident/4.0; .NET CLR 2.0.50727; .NET CLR 3.0.4506.2152; .NET CLR 3.5.30729)"
84.0.130.126 - - [10/Mar/2012:21:34:33 +0100] "GET /lb/images/closelabel.gif HTTP/1.1" 304 - "-" "Mozilla/4.0 (compatible; MSIE 7.0; Windows NT 5.1; Trident/4.0; .NET CLR 1.1.4322; .NET CLR 2.0.50727; InfoPath.2)"
84.0.130.126 - - [10/Mar/2012:21:34:33 +0100] "GET /lb/images/loading.gif HTTP/1.1" 304 - "-" "Mozilla/4.0 (compatible; MSIE 7.0; Windows NT 5.1; Trident/4.0; .NET CLR 1.1.4322; .NET CLR 2.0.50727; InfoPath.2)"
84.0.130.126 - - [10/Mar/2012:21:34:33 +0100] "GET /lb/images/blank.gif HTTP/1.1" 304 - "-" "Mozilla/4.0 (compatible; MSIE 7.0; Windows NT 5.1; Trident/4.0; .NET CLR 1.1.4322; .NET CLR 2.0.50727; InfoPath.2)"
84.0.229.243 - - [10/Mar/2012:21:43:54 +0100] "GET /lb/images/loading.gif HTTP/1.1" 200 2767 "http://rulettmania.hu/sportfogadas/admin/" "Mozilla/5.0 (Windows NT 5.1; rv:9.0.1) Gecko/20100101 Firefox/9.0.1"
84.0.229.243 - - [10/Mar/2012:21:43:54 +0100] "GET /lb/images/closelabel.gif HTTP/1.1" 200 222 "http://rulettmania.hu/sportfogadas/admin/" "Mozilla/5.0 (Windows NT 5.1; rv:9.0.1) Gecko/20100101 Firefox/9.0.1"
178.48.153.175 - - [10/Mar/2012:22:13:03 +0100] "GET /lb/images/loading.gif HTTP/1.1" 200 2767 "http://rulettmania.hu/sportfogadas/" "Mozilla/5.0 (Windows NT 5.1) AppleWebKit/535.11 (KHTML, like Gecko) Chrome/17.0.963.78 Safari/535.11"
178.48.153.175 - - [10/Mar/2012:22:13:03 +0100] "GET /lb/images/closelabel.gif HTTP/1.1" 200 222 "http://rulettmania.hu/sportfogadas/" "Mozilla/5.0 (Windows NT 5.1) AppleWebKit/535.11 (KHTML, like Gecko) Chrome/17.0.963.78 Safari/535.11"
193.47.80.41 - - [10/Mar/2012:22:30:21 +0100] "GET /robots.txt HTTP/1.1" 404 1181 "-" "Mozilla/5.0 (compatible; Exabot/3.0; +http://www.exabot.com/go/robot)"
193.47.80.41 - - [10/Mar/2012:22:30:21 +0100] "GET /deutsch/programme.htm HTTP/1.1" 304 - "-" "Mozilla/5.0 (compatible; Exabot/3.0; +http://www.exabot.com/go/robot)"
141.105.120.152 - - [10/Mar/2012:23:57:33 +0100] "GET /robots.txt HTTP/1.0" 404 1181 "-" "Mozilla/5.0 (compatible; OpenindexDeepSpider/Nutch-1.5-dev; +http://www.openindex.io/en/webmasters/spider.html)"
141.105.120.152 - - [10/Mar/2012:23:57:34 +0100] "GET /jog/jogszabalyok/2011_clxxv.pdf HTTP/1.0" 200 361132 "-" "Mozilla/5.0 (compatible; OpenindexDeepSpider/Nutch-1.5-dev; +http://www.openindex.io/en/webmasters/spider.html)"
208.115.111.68 - - [11/Mar/2012:02:10:58 +0100] "GET /robots.txt HTTP/1.1" 404 1181 "-" "Mozilla/5.0 (compatible; Ezooms/1.0; ezooms.bot@gmail.com)"
66.249.66.212 - - [11/Mar/2012:02:27:48 +0100] "GET /hirek/hirek120120.htm HTTP/1.1" 304 - "-" "Mozilla/5.0 (compatible; Googlebot/2.1; +http://www.google.com/bot.html)"
174.55.4.24 - - [11/Mar/2012:02:46:24 +0100] "GET /lb/images/loading.gif HTTP/1.1" 200 2767 "http://rulettmania.hu/sportfogadas/" "Mozilla/5.0 (Windows NT 6.1; WOW64; rv:10.0.2) Gecko/20100101 Firefox/10.0.2"
174.55.4.24 - - [11/Mar/2012:02:46:24 +0100] "GET /lb/images/closelabel.gif HTTP/1.1" 200 222 "http://rulettmania.hu/sportfogadas/" "Mozilla/5.0 (Windows NT 6.1; WOW64; rv:10.0.2) Gecko/20100101 Firefox/10.0.2"
66.249.72.72 - - [11/Mar/2012:02:58:49 +0100] "GET /fiok/program_reszek/taborok.htm HTTP/1.1" 200 23942 "-" "Mozilla/5.0 (compatible; Googlebot/2.1; +http://www.google.com/bot.html)"
95.108.248.30 - - [11/Mar/2012:03:05:37 +0100] "GET /deutsch/stellen.htm HTTP/1.1" 200 6824 "-" "Mozilla/5.0 (compatible; YandexBot/3.0; +http://yandex.com/bots)"
208.115.111.68 - - [11/Mar/2012:03:36:49 +0100] "GET /robots.txt HTTP/1.1" 404 1181 "-" "Mozilla/5.0 (compatible; Ezooms/1.0; ezooms.bot@gmail.com)"
66.249.66.212 - - [11/Mar/2012:04:15:39 +0100] "GET /jog/eseteink/korosladany/tajekoztatas_keres_atikotevife.pdf HTTP/1.1" 304 - "-" "Mozilla/5.0 (compatible; Googlebot/2.1; +http://www.google.com/bot.html)"
208.115.111.68 - - [11/Mar/2012:04:49:28 +0100] "GET /hirek09_02.htm HTTP/1.1" 200 7450 "-" "Mozilla/5.0 (compatible; Ezooms/1.0; ezooms.bot@gmail.com)"
208.115.111.68 - - [11/Mar/2012:04:49:39 +0100] "GET /nca10.htm HTTP/1.1" 200 16648 "-" "Mozilla/5.0 (compatible; Ezooms/1.0; ezooms.bot@gmail.com)"
208.115.113.84 - - [11/Mar/2012:05:31:22 +0100] "GET /robots.txt HTTP/1.1" 404 1181 "-" "Mozilla/5.0 (compatible; Ezooms/1.0; ezooms.bot@gmail.com)"
130.83.167.153 - - [11/Mar/2012:05:44:41 +0100] "GET /hirek/hirek100225.htm HTTP/1.1" 200 7288 "-" "findlinks/2.1.5 (+http://wortschatz.uni-leipzig.de/findlinks/)"
213.186.127.13 - - [11/Mar/2012:05:51:22 +0100] "GET /fiok/kornyezet.htm HTTP/1.1" 200 22582 "-" "Mozilla/5.0 (compatible; AhrefsBot/2.0; +http://ahrefs.com/robot/)"
66.249.66.212 - - [11/Mar/2012:06:37:25 +0100] "GET /hirek/hirek090509.htm HTTP/1.1" 304 - "-" "Mozilla/5.0 (iPhone; U; CPU iPhone OS 4_1 like Mac OS X; en-us) AppleWebKit/532.9 (KHTML, like Gecko) Version/4.0.5 Mobile/8B117 Safari/6531.22.7 (compatible; Googlebot-Mobile/2.1; +http://www.google.com/bot.html)"
