212.92.26.162 - - [06/Mar/2012:23:29:27 +0100] "GET /bg.jpg HTTP/1.1" 304 - "http://www.beklen.hu/programok.htm" "Mozilla/4.0 (compatible; MSIE 8.0; Windows NT 5.1; Trident/4.0; .NET CLR 2.0.50727)"
212.92.26.162 - - [06/Mar/2012:23:29:27 +0100] "GET /tm01.jpg HTTP/1.1" 304 - "http://www.beklen.hu/programok.htm" "Mozilla/4.0 (compatible; MSIE 8.0; Windows NT 5.1; Trident/4.0; .NET CLR 2.0.50727)"
212.92.26.162 - - [06/Mar/2012:23:29:27 +0100] "GET /tm03_.jpg HTTP/1.1" 304 - "http://www.beklen.hu/programok.htm" "Mozilla/4.0 (compatible; MSIE 8.0; Windows NT 5.1; Trident/4.0; .NET CLR 2.0.50727)"
212.92.26.162 - - [06/Mar/2012:23:29:27 +0100] "GET /tm02_.jpg HTTP/1.1" 200 1524 "http://www.beklen.hu/programok.htm" "Mozilla/4.0 (compatible; MSIE 8.0; Windows NT 5.1; Trident/4.0; .NET CLR 2.0.50727)"
212.92.26.162 - - [06/Mar/2012:23:29:27 +0100] "GET /tm06_.jpg HTTP/1.1" 304 - "http://www.beklen.hu/programok.htm" "Mozilla/4.0 (compatible; MSIE 8.0; Windows NT 5.1; Trident/4.0; .NET CLR 2.0.50727)"
212.92.26.162 - - [06/Mar/2012:23:29:27 +0100] "GET /tm05_.jpg HTTP/1.1" 304 - "http://www.beklen.hu/programok.htm" "Mozilla/4.0 (compatible; MSIE 8.0; Windows NT 5.1; Trident/4.0; .NET CLR 2.0.50727)"
212.92.26.162 - - [06/Mar/2012:23:29:27 +0100] "GET /tm04.jpg HTTP/1.1" 304 - "http://www.beklen.hu/programok.htm" "Mozilla/4.0 (compatible; MSIE 8.0; Windows NT 5.1; Trident/4.0; .NET CLR 2.0.50727)"
212.92.26.162 - - [06/Mar/2012:23:29:27 +0100] "GET /tm07.jpg HTTP/1.1" 304 - "http://www.beklen.hu/programok.htm" "Mozilla/4.0 (compatible; MSIE 8.0; Windows NT 5.1; Trident/4.0; .NET CLR 2.0.50727)"
212.92.26.162 - - [06/Mar/2012:23:29:27 +0100] "GET /bottom_.jpg HTTP/1.1" 200 93419 "http://www.beklen.hu/programok.htm" "Mozilla/4.0 (compatible; MSIE 8.0; Windows NT 5.1; Trident/4.0; .NET CLR 2.0.50727)"
212.92.26.162 - - [06/Mar/2012:23:29:27 +0100] "GET /favicon.ico HTTP/1.1" 404 1181 "-" "Mozilla/4.0 (compatible; MSIE 8.0; Windows NT 5.1; Trident/4.0; .NET CLR 2.0.50727)"
212.92.26.162 - - [06/Mar/2012:23:29:27 +0100] "GET /tm02.jpg HTTP/1.1" 304 - "http://www.beklen.hu/programok.htm" "Mozilla/4.0 (compatible; MSIE 8.0; Windows NT 5.1; Trident/4.0; .NET CLR 2.0.50727)"
212.92.26.162 - - [06/Mar/2012:23:29:27 +0100] "GET /tm06.jpg HTTP/1.1" 200 1651 "http://www.beklen.hu/programok.htm" "Mozilla/4.0 (compatible; MSIE 8.0; Windows NT 5.1; Trident/4.0; .NET CLR 2.0.50727)"
212.92.26.162 - - [06/Mar/2012:23:29:27 +0100] "GET /tm03.jpg HTTP/1.1" 200 2212 "http://www.beklen.hu/programok.htm" "Mozilla/4.0 (compatible; MSIE 8.0; Windows NT 5.1; Trident/4.0; .NET CLR 2.0.50727)"
212.92.26.162 - - [06/Mar/2012:23:29:27 +0100] "GET /tm05.jpg HTTP/1.1" 200 2253 "http://www.beklen.hu/programok.htm" "Mozilla/4.0 (compatible; MSIE 8.0; Windows NT 5.1; Trident/4.0; .NET CLR 2.0.50727)"
212.92.26.162 - - [06/Mar/2012:23:29:29 +0100] "GET /tm04_.jpg HTTP/1.1" 304 - "http://www.beklen.hu/programok.htm" "Mozilla/4.0 (compatible; MSIE 8.0; Windows NT 5.1; Trident/4.0; .NET CLR 2.0.50727)"
212.92.26.162 - - [06/Mar/2012:23:29:29 +0100] "GET /tm05_.jpg HTTP/1.1" 304 - "http://www.beklen.hu/programok.htm" "Mozilla/4.0 (compatible; MSIE 8.0; Windows NT 5.1; Trident/4.0; .NET CLR 2.0.50727)"
141.105.120.153 - - [06/Mar/2012:23:37:01 +0100] "GET /khb/beklen_2005_kh_jelentes.pdf HTTP/1.0" 200 109779 "-" "Mozilla/5.0 (compatible; OpenindexDeepSpider/Nutch-1.5-dev; +http://www.openindex.io/en/webmasters/spider.html)"
89.134.182.193 - - [06/Mar/2012:23:41:55 +0100] "GET /lb/images/loading.gif HTTP/1.1" 200 2767 "http://rulettmania.hu/" "Mozilla/5.0 (Windows NT 6.1; WOW64) AppleWebKit/535.11 (KHTML, like Gecko) Chrome/17.0.963.56 Safari/535.11"
89.134.182.193 - - [06/Mar/2012:23:41:55 +0100] "GET /lb/images/closelabel.gif HTTP/1.1" 200 222 "http://rulettmania.hu/" "Mozilla/5.0 (Windows NT 6.1; WOW64) AppleWebKit/535.11 (KHTML, like Gecko) Chrome/17.0.963.56 Safari/535.11"
91.82.65.103 - - [06/Mar/2012:23:43:03 +0100] "GET /lb/images/loading.gif HTTP/1.1" 200 2767 "http://rulettmania.hu/" "Mozilla/5.0 (Windows; U; Windows NT 5.1; hu; rv:1.9.2.27) Gecko/20120216 Firefox/3.6.27"
91.82.65.103 - - [06/Mar/2012:23:43:03 +0100] "GET /lb/images/closelabel.gif HTTP/1.1" 200 222 "http://rulettmania.hu/" "Mozilla/5.0 (Windows; U; Windows NT 5.1; hu; rv:1.9.2.27) Gecko/20120216 Firefox/3.6.27"
82.145.209.187 - - [06/Mar/2012:23:51:28 +0100] "GET /lb/images/loading.gif HTTP/1.1" 200 2767 "http://www.rulettmania.hu/" "Opera/9.80 (Android; Opera Mini/6.1.25577/27.1316; U; hu) Presto/2.8.119 Version/11.10"
82.145.209.187 - - [06/Mar/2012:23:51:28 +0100] "GET /lb/images/closelabel.gif HTTP/1.1" 200 222 "http://www.rulettmania.hu/" "Opera/9.80 (Android; Opera Mini/6.1.25577/27.1316; U; hu) Presto/2.8.119 Version/11.10"
208.115.111.68 - - [06/Mar/2012:23:51:56 +0100] "GET /robots.txt HTTP/1.1" 404 1181 "-" "Mozilla/5.0 (compatible; Ezooms/1.0; ezooms.bot@gmail.com)"
80.98.47.178 - - [06/Mar/2012:23:54:49 +0100] "GET /lb/images/loading.gif HTTP/1.1" 200 2767 "http://rulettmania.hu/" "Mozilla/5.0 (compatible; MSIE 9.0; Windows NT 6.1; Trident/5.0)"
80.98.47.178 - - [06/Mar/2012:23:54:49 +0100] "GET /lb/images/closelabel.gif HTTP/1.1" 200 222 "http://rulettmania.hu/" "Mozilla/5.0 (compatible; MSIE 9.0; Windows NT 6.1; Trident/5.0)"
80.98.47.178 - - [06/Mar/2012:23:54:49 +0100] "GET /lb/images/blank.gif HTTP/1.1" 200 43 "http://rulettmania.hu/" "Mozilla/5.0 (compatible; MSIE 9.0; Windows NT 6.1; Trident/5.0)"
80.98.47.178 - - [06/Mar/2012:23:56:10 +0100] "GET /lb/images/loading.gif HTTP/1.1" 200 2767 "http://rulettmania.hu/" "Mozilla/5.0 (Windows NT 6.1) AppleWebKit/535.11 (KHTML, like Gecko) Chrome/17.0.963.56 Safari/535.11"
80.98.47.178 - - [06/Mar/2012:23:56:10 +0100] "GET /lb/images/closelabel.gif HTTP/1.1" 200 222 "http://rulettmania.hu/" "Mozilla/5.0 (Windows NT 6.1) AppleWebKit/535.11 (KHTML, like Gecko) Chrome/17.0.963.56 Safari/535.11"
91.82.241.160 - - [07/Mar/2012:00:05:25 +0100] "GET /lb/images/loading.gif HTTP/1.1" 200 2767 "http://rulettmania.hu/index.php?foablak=kapcsolat.&labkep=welcomeInnerKapcsolat" "Opera/9.80 (Android 2.3.3; Linux; Opera Mobi/ADR-1110171336; U; hu) Presto/2.9.201 Version/11.50"
91.82.241.160 - - [07/Mar/2012:00:05:25 +0100] "GET /lb/images/closelabel.gif HTTP/1.1" 200 222 "http://rulettmania.hu/index.php?foablak=kapcsolat.&labkep=welcomeInnerKapcsolat" "Opera/9.80 (Android 2.3.3; Linux; Opera Mobi/ADR-1110171336; U; hu) Presto/2.9.201 Version/11.50"
208.107.186.72 - - [07/Mar/2012:00:46:19 +0100] "GET /robots.txt HTTP/1.0" 404 1181 "-" "Mozilla/5.0 (compatible; MJ12bot/v1.4.2; http://www.majestic12.co.uk/bot.php?+)"
208.107.186.72 - - [07/Mar/2012:00:46:21 +0100] "GET / HTTP/1.1" 200 23794 "-" "Mozilla/5.0 (compatible; MJ12bot/v1.4.2; http://www.majestic12.co.uk/bot.php?+)"
208.115.111.68 - - [07/Mar/2012:01:07:27 +0100] "GET /hirek/hirek100810.htm HTTP/1.1" 200 8123 "-" "Mozilla/5.0 (compatible; Ezooms/1.0; ezooms.bot@gmail.com)"
92.249.205.53 - - [07/Mar/2012:01:09:42 +0100] "GET /lb/images/loading.gif HTTP/1.1" 200 2767 "http://rulettmania.hu/index.php?foablak=hirekshop." "Mozilla/5.0 (Windows NT 5.1) AppleWebKit/535.11 (KHTML, like Gecko) Chrome/17.0.963.56 Safari/535.11"
92.249.205.53 - - [07/Mar/2012:01:09:42 +0100] "GET /lb/images/closelabel.gif HTTP/1.1" 200 222 "http://rulettmania.hu/index.php?foablak=hirekshop." "Mozilla/5.0 (Windows NT 5.1) AppleWebKit/535.11 (KHTML, like Gecko) Chrome/17.0.963.56 Safari/535.11"
95.108.248.30 - - [07/Mar/2012:01:32:30 +0100] "GET /programok.htm HTTP/1.1" 200 6416 "-" "Mozilla/5.0 (compatible; YandexBot/3.0; +http://yandex.com/bots)"
81.182.94.226 - - [07/Mar/2012:01:50:35 +0100] "GET /lb/images/blank.gif HTTP/1.1" 200 43 "http://rulettmania.hu/" "Mozilla/4.0 (compatible; MSIE 8.0; Windows NT 5.1; Trident/4.0; BTRS122332; Mozilla/4.0 (compatible; MSIE 6.0; Windows NT 5.1; SV1) ; .NET CLR 2.0.50727; .NET CLR 3.0.4506.2152; .NET CLR 3.5.30729)"
81.182.94.226 - - [07/Mar/2012:01:50:35 +0100] "GET /lb/images/closelabel.gif HTTP/1.1" 200 222 "http://rulettmania.hu/" "Mozilla/4.0 (compatible; MSIE 8.0; Windows NT 5.1; Trident/4.0; BTRS122332; Mozilla/4.0 (compatible; MSIE 6.0; Windows NT 5.1; SV1) ; .NET CLR 2.0.50727; .NET CLR 3.0.4506.2152; .NET CLR 3.5.30729)"
81.182.94.226 - - [07/Mar/2012:01:50:35 +0100] "GET /lb/images/loading.gif HTTP/1.1" 200 2767 "http://rulettmania.hu/" "Mozilla/4.0 (compatible; MSIE 8.0; Windows NT 5.1; Trident/4.0; BTRS122332; Mozilla/4.0 (compatible; MSIE 6.0; Windows NT 5.1; SV1) ; .NET CLR 2.0.50727; .NET CLR 3.0.4506.2152; .NET CLR 3.5.30729)"
81.182.94.226 - - [07/Mar/2012:01:50:43 +0100] "GET /lb/images/loading.gif HTTP/1.1" 304 - "http://www.rulettmania.hu/sportfogadas/" "Mozilla/4.0 (compatible; MSIE 8.0; Windows NT 5.1; Trident/4.0; BTRS122332; Mozilla/4.0 (compatible; MSIE 6.0; Windows NT 5.1; SV1) ; .NET CLR 2.0.50727; .NET CLR 3.0.4506.2152; .NET CLR 3.5.30729)"
81.182.94.226 - - [07/Mar/2012:01:50:43 +0100] "GET /lb/images/closelabel.gif HTTP/1.1" 304 - "http://www.rulettmania.hu/sportfogadas/" "Mozilla/4.0 (compatible; MSIE 8.0; Windows NT 5.1; Trident/4.0; BTRS122332; Mozilla/4.0 (compatible; MSIE 6.0; Windows NT 5.1; SV1) ; .NET CLR 2.0.50727; .NET CLR 3.0.4506.2152; .NET CLR 3.5.30729)"
81.182.94.226 - - [07/Mar/2012:01:51:38 +0100] "GET /lb/images/blank.gif HTTP/1.1" 304 - "http://www.rulettmania.hu/sportfogadas/tippek.php?foablak=lista1." "Mozilla/4.0 (compatible; MSIE 8.0; Windows NT 5.1; Trident/4.0; BTRS122332; Mozilla/4.0 (compatible; MSIE 6.0; Windows NT 5.1; SV1) ; .NET CLR 2.0.50727; .NET CLR 3.0.4506.2152; .NET CLR 3.5.30729)"
157.55.16.86 - - [07/Mar/2012:02:09:09 +0100] "GET /robots.txt HTTP/1.1" 404 1181 "-" "Mozilla/5.0 (compatible; bingbot/2.0; +http://www.bing.com/bingbot.htm)"
81.169.143.225 - - [07/Mar/2012:02:19:16 +0100] "GET /muieblackcat HTTP/1.1" 404 1181 "-" "-"
81.169.143.225 - - [07/Mar/2012:02:19:23 +0100] "GET //phpMyAdmin-2.5.6-rc1/index.php HTTP/1.1" 404 1181 "-" "-"
81.169.143.225 - - [07/Mar/2012:02:19:26 +0100] "GET //phpMyAdmin-2.5.6/index.php HTTP/1.1" 404 1181 "-" "-"
188.6.16.116 - - [07/Mar/2012:02:22:05 +0100] "GET /lb/images/loading.gif HTTP/1.1" 200 2767 "http://rulettmania.hu/" "Mozilla/5.0 (Windows NT 5.1; rv:10.0.2) Gecko/20100101 Firefox/10.0.2"
188.6.16.116 - - [07/Mar/2012:02:22:05 +0100] "GET /lb/images/closelabel.gif HTTP/1.1" 200 222 "http://rulettmania.hu/" "Mozilla/5.0 (Windows NT 5.1; rv:10.0.2) Gecko/20100101 Firefox/10.0.2"
141.105.120.150 - - [07/Mar/2012:02:24:51 +0100] "GET /robots.txt HTTP/1.0" 404 1181 "-" "Mozilla/5.0 (compatible; OpenindexDeepSpider/Nutch-1.5-dev; +http://www.openindex.io/en/webmasters/spider.html)"
141.105.120.150 - - [07/Mar/2012:02:24:51 +0100] "GET /jog/rendorsegifeljelentes.htm HTTP/1.0" 200 13536 "-" "Mozilla/5.0 (compatible; OpenindexDeepSpider/Nutch-1.5-dev; +http://www.openindex.io/en/webmasters/spider.html)"
156.56.95.92 - - [07/Mar/2012:03:56:09 +0100] "GET /lb/images/closelabel.gif HTTP/1.1" 200 222 "http://www.rulettmania.hu/" "Mozilla/4.0 (compatible; MSIE 6.0; Windows NT 5.1)"
156.56.95.92 - - [07/Mar/2012:03:56:09 +0100] "GET /lb/images/loading.gif HTTP/1.1" 200 2767 "http://www.rulettmania.hu/" "Mozilla/4.0 (compatible; MSIE 6.0; Windows NT 5.1)"
207.46.13.206 - - [07/Mar/2012:04:15:44 +0100] "GET / HTTP/1.1" 304 - "-" "Mozilla/5.0 (compatible; bingbot/2.0; +http://www.bing.com/bingbot.htm)"
207.46.13.206 - - [07/Mar/2012:04:30:44 +0100] "GET / HTTP/1.1" 200 23794 "-" "Mozilla/5.0 (compatible; bingbot/2.0; +http://www.bing.com/bingbot.htm)"
66.249.66.100 - - [07/Mar/2012:05:02:17 +0100] "GET /robots.txt HTTP/1.1" 404 1181 "-" "Mozilla/5.0 (compatible; Googlebot/2.1; +http://www.google.com/bot.html)"
66.249.66.100 - - [07/Mar/2012:05:02:17 +0100] "GET /hirek/hirek090302.htm HTTP/1.1" 304 - "-" "Mozilla/5.0 (iPhone; U; CPU iPhone OS 4_1 like Mac OS X; en-us) AppleWebKit/532.9 (KHTML, like Gecko) Version/4.0.5 Mobile/8B117 Safari/6531.22.7 (compatible; Googlebot-Mobile/2.1; +http://www.google.com/bot.html)"
95.108.248.30 - - [07/Mar/2012:05:31:28 +0100] "GET /hirek/hirek091102.htm HTTP/1.1" 304 - "-" "Mozilla/5.0 (compatible; YandexBot/3.0; +http://yandex.com/bots)"
89.132.26.245 - - [07/Mar/2012:05:48:40 +0100] "GET /lb/images/loading.gif HTTP/1.1" 200 2767 "http://rulettmania.hu/" "Mozilla/5.0 (Windows NT 5.1) AppleWebKit/535.11 (KHTML, like Gecko) Chrome/17.0.963.65 Safari/535.11"
89.132.26.245 - - [07/Mar/2012:05:48:40 +0100] "GET /lb/images/closelabel.gif HTTP/1.1" 200 222 "http://rulettmania.hu/" "Mozilla/5.0 (Windows NT 5.1) AppleWebKit/535.11 (KHTML, like Gecko) Chrome/17.0.963.65 Safari/535.11"
141.105.120.152 - - [07/Mar/2012:05:55:46 +0100] "GET /robots.txt HTTP/1.0" 404 1181 "-" "Mozilla/5.0 (compatible; OpenindexDeepSpider/Nutch-1.5-dev; +http://www.openindex.io/en/webmasters/spider.html)"
141.105.120.152 - - [07/Mar/2012:05:55:46 +0100] "GET /jog/tippek.htm HTTP/1.0" 200 13697 "-" "Mozilla/5.0 (compatible; OpenindexDeepSpider/Nutch-1.5-dev; +http://www.openindex.io/en/webmasters/spider.html)"
82.31.133.97 - - [07/Mar/2012:06:00:46 +0100] "GET /lb/images/loading.gif HTTP/1.1" 200 2767 "http://rulettmania.hu/" "Mozilla/5.0 (Windows NT 6.1; WOW64) AppleWebKit/535.11 (KHTML, like Gecko) Chrome/17.0.963.66 Safari/535.11"
82.31.133.97 - - [07/Mar/2012:06:00:46 +0100] "GET /lb/images/closelabel.gif HTTP/1.1" 200 222 "http://rulettmania.hu/" "Mozilla/5.0 (Windows NT 6.1; WOW64) AppleWebKit/535.11 (KHTML, like Gecko) Chrome/17.0.963.66 Safari/535.11"
141.105.120.152 - - [07/Mar/2012:06:08:51 +0100] "GET /nca11.htm HTTP/1.0" 200 7133 "-" "Mozilla/5.0 (compatible; OpenindexDeepSpider/Nutch-1.5-dev; +http://www.openindex.io/en/webmasters/spider.html)"
208.115.111.68 - - [07/Mar/2012:06:50:29 +0100] "GET /robots.txt HTTP/1.1" 404 1181 "-" "Mozilla/5.0 (compatible; Ezooms/1.0; ezooms.bot@gmail.com)"
139.18.2.17 - - [07/Mar/2012:07:29:02 +0100] "GET /hirek/hirek100225.htm HTTP/1.1" 200 7288 "-" "findlinks/2.1.5 (+http://wortschatz.uni-leipzig.de/findlinks/)"
91.82.39.193 - - [07/Mar/2012:07:51:19 +0100] "GET /lb/images/loading.gif HTTP/1.1" 200 2767 "http://rulettmania.hu/" "Mozilla/5.0 (Windows NT 6.1) AppleWebKit/535.11 (KHTML, like Gecko) Chrome/17.0.963.56 Safari/535.11"
91.82.39.193 - - [07/Mar/2012:07:51:19 +0100] "GET /lb/images/closelabel.gif HTTP/1.1" 200 222 "http://rulettmania.hu/" "Mozilla/5.0 (Windows NT 6.1) AppleWebKit/535.11 (KHTML, like Gecko) Chrome/17.0.963.56 Safari/535.11"
91.82.39.193 - - [07/Mar/2012:07:51:19 +0100] "GET /lb/images/blank.gif HTTP/1.1" 200 43 "http://rulettmania.hu/" "Mozilla/5.0 (Windows NT 6.1) AppleWebKit/535.11 (KHTML, like Gecko) Chrome/17.0.963.56 Safari/535.11"
195.56.9.95 - - [07/Mar/2012:08:01:09 +0100] "GET /lb/images/loading.gif HTTP/1.1" 200 2767 "http://rulettmania.hu/" "Mozilla/5.0 (Windows NT 5.1; rv:10.0.2) Gecko/20100101 Firefox/10.0.2"
195.56.9.95 - - [07/Mar/2012:08:01:09 +0100] "GET /lb/images/closelabel.gif HTTP/1.1" 200 222 "http://rulettmania.hu/" "Mozilla/5.0 (Windows NT 5.1; rv:10.0.2) Gecko/20100101 Firefox/10.0.2"
208.115.111.68 - - [07/Mar/2012:08:10:35 +0100] "GET /hirek/hirek090930.htm HTTP/1.1" 200 7044 "-" "Mozilla/5.0 (compatible; Ezooms/1.0; ezooms.bot@gmail.com)"
188.44.244.24 - - [07/Mar/2012:08:14:18 +0100] "GET /lb/images/loading.gif HTTP/1.1" 200 2767 "http://rulettmania.hu/index.php?foablak=kapcsolat.&labkep=welcomeInnerKapcsolat" "Opera/9.80 (Android 2.3.3; Linux; Opera Mobi/ADR-1110171336; U; hu) Presto/2.9.201 Version/11.50"
188.44.244.24 - - [07/Mar/2012:08:14:19 +0100] "GET /lb/images/closelabel.gif HTTP/1.1" 200 222 "http://rulettmania.hu/index.php?foablak=kapcsolat.&labkep=welcomeInnerKapcsolat" "Opera/9.80 (Android 2.3.3; Linux; Opera Mobi/ADR-1110171336; U; hu) Presto/2.9.201 Version/11.50"
95.108.248.30 - - [07/Mar/2012:08:19:15 +0100] "GET /robots.txt HTTP/1.1" 404 1181 "-" "Mozilla/5.0 (compatible; YandexBot/3.0; +http://yandex.com/bots)"
95.108.248.30 - - [07/Mar/2012:08:19:26 +0100] "GET /nca.htm HTTP/1.1" 304 - "-" "Mozilla/5.0 (compatible; YandexBot/3.0; +http://yandex.com/bots)"
84.3.63.252 - - [07/Mar/2012:08:30:18 +0100] "GET /lb/images/loading.gif HTTP/1.1" 200 2767 "http://rulettmania.hu/" "Mozilla/5.0 (Windows NT 5.1) AppleWebKit/535.7 (KHTML, like Gecko) Chrome/16.0.912.77 Safari/535.7"
84.3.63.252 - - [07/Mar/2012:08:30:18 +0100] "GET /lb/images/closelabel.gif HTTP/1.1" 200 222 "http://rulettmania.hu/" "Mozilla/5.0 (Windows NT 5.1) AppleWebKit/535.7 (KHTML, like Gecko) Chrome/16.0.912.77 Safari/535.7"
92.249.188.155 - - [07/Mar/2012:08:47:04 +0100] "GET /lb/images/loading.gif HTTP/1.1" 200 2767 "http://rulettmania.hu/" "Mozilla/5.0 (Windows NT 5.1; rv:10.0.2) Gecko/20100101 Firefox/10.0.2"
92.249.188.155 - - [07/Mar/2012:08:47:04 +0100] "GET /lb/images/closelabel.gif HTTP/1.1" 200 222 "http://rulettmania.hu/" "Mozilla/5.0 (Windows NT 5.1; rv:10.0.2) Gecko/20100101 Firefox/10.0.2"
89.135.19.67 - - [07/Mar/2012:08:49:28 +0100] "GET /lb/images/closelabel.gif HTTP/1.1" 200 222 "http://rulettmania.hu/" "Mozilla/5.0 (Windows NT 5.1; rv:10.0.2) Gecko/20100101 Firefox/10.0.2"
89.135.19.67 - - [07/Mar/2012:08:49:28 +0100] "GET /lb/images/loading.gif HTTP/1.1" 200 2767 "http://rulettmania.hu/" "Mozilla/5.0 (Windows NT 5.1; rv:10.0.2) Gecko/20100101 Firefox/10.0.2"
89.133.25.174 - - [07/Mar/2012:09:07:20 +0100] "GET /lb/images/closelabel.gif HTTP/1.1" 200 222 "http://www.rulettmania.hu/index.php?lang=hu" "Mozilla/5.0 (Windows; U; Windows NT 6.1; hu; rv:1.9.2.8) Gecko/20100722 Firefox/3.6.8"
89.133.25.174 - - [07/Mar/2012:09:07:20 +0100] "GET /lb/images/loading.gif HTTP/1.1" 200 2767 "http://www.rulettmania.hu/index.php?lang=hu" "Mozilla/5.0 (Windows; U; Windows NT 6.1; hu; rv:1.9.2.8) Gecko/20100722 Firefox/3.6.8"
208.115.113.84 - - [07/Mar/2012:09:09:43 +0100] "GET /robots.txt HTTP/1.1" 404 1181 "-" "Mozilla/5.0 (compatible; Ezooms/1.0; ezooms.bot@gmail.com)"
77.234.86.215 - - [07/Mar/2012:09:24:01 +0100] "GET /lb/images/loading.gif HTTP/1.1" 200 2767 "http://www.rulettmania.hu/" "Mozilla/4.0 (compatible; MSIE 8.0; Windows NT 5.1; Trident/4.0; GTB7.3; .NET CLR 1.1.4322; .NET CLR 2.0.50727; .NET CLR 3.0.4506.2152; .NET CLR 3.5.30729; BRI/2; .NET4.0C; InfoPath.2)"
77.234.86.215 - - [07/Mar/2012:09:24:01 +0100] "GET /lb/images/closelabel.gif HTTP/1.1" 200 222 "http://www.rulettmania.hu/" "Mozilla/4.0 (compatible; MSIE 8.0; Windows NT 5.1; Trident/4.0; GTB7.3; .NET CLR 1.1.4322; .NET CLR 2.0.50727; .NET CLR 3.0.4506.2152; .NET CLR 3.5.30729; BRI/2; .NET4.0C; InfoPath.2)"
77.234.86.215 - - [07/Mar/2012:09:24:02 +0100] "GET /lb/images/blank.gif HTTP/1.1" 200 43 "http://www.rulettmania.hu/" "Mozilla/4.0 (compatible; MSIE 8.0; Windows NT 5.1; Trident/4.0; GTB7.3; .NET CLR 1.1.4322; .NET CLR 2.0.50727; .NET CLR 3.0.4506.2152; .NET CLR 3.5.30729; BRI/2; .NET4.0C; InfoPath.2)"
81.183.237.211 - - [07/Mar/2012:09:34:24 +0100] "GET /lb/images/loading.gif HTTP/1.1" 200 2767 "http://rulettmania.hu/" "Mozilla/5.0 (Windows NT 6.1; rv:9.0.1) Gecko/20100101 Firefox/9.0.1"
81.183.237.211 - - [07/Mar/2012:09:34:24 +0100] "GET /lb/images/closelabel.gif HTTP/1.1" 200 222 "http://rulettmania.hu/" "Mozilla/5.0 (Windows NT 6.1; rv:9.0.1) Gecko/20100101 Firefox/9.0.1"
77.21.147.173 - - [07/Mar/2012:09:36:10 +0100] "GET /fiok/program_reszek/turazas.htm HTTP/1.1" 200 22754 "-" "findlinks/2.0.2 (+http://wortschatz.uni-leipzig.de/findlinks/)"
195.91.56.125 - - [07/Mar/2012:09:38:46 +0100] "GET /lb/images/loading.gif HTTP/1.1" 200 2767 "http://rulettmania.hu/index.php?lang=sk" "Mozilla/5.0 (Windows NT 5.1; rv:10.0.2) Gecko/20100101 Firefox/10.0.2"
195.91.56.125 - - [07/Mar/2012:09:38:46 +0100] "GET /lb/images/closelabel.gif HTTP/1.1" 200 222 "http://rulettmania.hu/index.php?lang=sk" "Mozilla/5.0 (Windows NT 5.1; rv:10.0.2) Gecko/20100101 Firefox/10.0.2"
176.226.35.25 - - [07/Mar/2012:09:43:53 +0100] "GET /lb/images/loading.gif HTTP/1.1" 200 2767 "http://rulettmania.hu/index.php?foablak=kapcsolat.&labkep=welcomeInnerKapcsolat" "Opera/9.80 (Android 2.3.3; Linux; Opera Mobi/ADR-1110171336; U; hu) Presto/2.9.201 Version/11.50"
176.226.35.25 - - [07/Mar/2012:09:43:53 +0100] "GET /lb/images/closelabel.gif HTTP/1.1" 200 222 "http://rulettmania.hu/index.php?foablak=kapcsolat.&labkep=welcomeInnerKapcsolat" "Opera/9.80 (Android 2.3.3; Linux; Opera Mobi/ADR-1110171336; U; hu) Presto/2.9.201 Version/11.50"
89.186.119.111 - - [07/Mar/2012:09:49:52 +0100] "GET /lb/images/loading.gif HTTP/1.1" 200 2767 "http://rulettmania.hu/" "Mozilla/5.0 (Windows NT 5.1; rv:10.0.2) Gecko/20100101 Firefox/10.0.2"
89.186.119.111 - - [07/Mar/2012:09:49:52 +0100] "GET /lb/images/closelabel.gif HTTP/1.1" 200 222 "http://rulettmania.hu/" "Mozilla/5.0 (Windows NT 5.1; rv:10.0.2) Gecko/20100101 Firefox/10.0.2"
174.55.4.24 - - [07/Mar/2012:10:00:26 +0100] "GET /lb/images/loading.gif HTTP/1.1" 200 2767 "http://rulettmania.hu/" "Mozilla/5.0 (Windows NT 6.1; WOW64; rv:10.0.2) Gecko/20100101 Firefox/10.0.2"
174.55.4.24 - - [07/Mar/2012:10:00:26 +0100] "GET /lb/images/closelabel.gif HTTP/1.1" 200 222 "http://rulettmania.hu/" "Mozilla/5.0 (Windows NT 6.1; WOW64; rv:10.0.2) Gecko/20100101 Firefox/10.0.2"
208.115.113.84 - - [07/Mar/2012:10:06:01 +0100] "GET /hirek/hirek120120.htm HTTP/1.1" 200 6634 "-" "Mozilla/5.0 (compatible; Ezooms/1.0; ezooms.bot@gmail.com)"
77.21.147.115 - - [07/Mar/2012:10:08:01 +0100] "GET /fiok/news.html HTTP/1.1" 404 1181 "-" "findlinks/2.0.2 (+http://wortschatz.uni-leipzig.de/findlinks/)"
66.249.66.100 - - [07/Mar/2012:10:10:50 +0100] "GET /robots.txt HTTP/1.1" 404 1181 "-" "Mozilla/5.0 (compatible; Googlebot/2.1; +http://www.google.com/bot.html)"
66.249.71.212 - - [07/Mar/2012:10:10:51 +0100] "GET /hirarchivum.htm HTTP/1.1" 304 - "-" "Mozilla/5.0 (compatible; Googlebot/2.1; +http://www.google.com/bot.html)"
213.178.113.63 - - [07/Mar/2012:10:18:18 +0100] "GET /lb/images/loading.gif HTTP/1.1" 200 2767 "http://rulettmania.hu/" "Mozilla/5.0 (compatible; MSIE 9.0; Windows NT 6.1; Trident/5.0)"
213.178.113.63 - - [07/Mar/2012:10:18:19 +0100] "GET /lb/images/closelabel.gif HTTP/1.1" 200 222 "http://rulettmania.hu/" "Mozilla/5.0 (compatible; MSIE 9.0; Windows NT 6.1; Trident/5.0)"
89.132.31.106 - - [07/Mar/2012:10:24:14 +0100] "GET /lb/images/loading.gif HTTP/1.1" 200 2767 "http://www.rulettmania.hu/" "Mozilla/5.0 (Windows NT 6.0) AppleWebKit/535.11 (KHTML, like Gecko) Chrome/17.0.963.56 Safari/535.11 CoolNovo/2.0.1.40"
89.132.31.106 - - [07/Mar/2012:10:24:14 +0100] "GET /lb/images/closelabel.gif HTTP/1.1" 200 222 "http://www.rulettmania.hu/" "Mozilla/5.0 (Windows NT 6.0) AppleWebKit/535.11 (KHTML, like Gecko) Chrome/17.0.963.56 Safari/535.11 CoolNovo/2.0.1.40"
80.99.133.18 - - [07/Mar/2012:10:27:49 +0100] "GET /lb/images/closelabel.gif HTTP/1.1" 200 222 "http://www.rulettmania.hu/sportfogadas/" "Mozilla/4.0 (compatible; MSIE 8.0; Windows NT 5.1; Trident/4.0; .NET CLR 2.0.50727; .NET CLR 3.0.4506.2152; .NET CLR 3.5.30729)"
80.99.133.18 - - [07/Mar/2012:10:27:49 +0100] "GET /lb/images/loading.gif HTTP/1.1" 200 2767 "http://www.rulettmania.hu/sportfogadas/" "Mozilla/4.0 (compatible; MSIE 8.0; Windows NT 5.1; Trident/4.0; .NET CLR 2.0.50727; .NET CLR 3.0.4506.2152; .NET CLR 3.5.30729)"
80.99.133.18 - - [07/Mar/2012:10:27:49 +0100] "GET /lb/images/blank.gif HTTP/1.1" 200 43 "http://www.rulettmania.hu/sportfogadas/" "Mozilla/4.0 (compatible; MSIE 8.0; Windows NT 5.1; Trident/4.0; .NET CLR 2.0.50727; .NET CLR 3.0.4506.2152; .NET CLR 3.5.30729)"
84.0.147.219 - - [07/Mar/2012:10:27:52 +0100] "GET /lb/images/loading.gif HTTP/1.1" 200 2767 "http://rulettmania.hu/sportfogadas/admin/" "Mozilla/5.0 (Windows NT 5.1; rv:9.0.1) Gecko/20100101 Firefox/9.0.1"
84.0.147.219 - - [07/Mar/2012:10:27:52 +0100] "GET /lb/images/closelabel.gif HTTP/1.1" 200 222 "http://rulettmania.hu/sportfogadas/admin/" "Mozilla/5.0 (Windows NT 5.1; rv:9.0.1) Gecko/20100101 Firefox/9.0.1"
208.115.111.68 - - [07/Mar/2012:10:40:52 +0100] "GET /robots.txt HTTP/1.1" 404 1181 "-" "Mozilla/5.0 (compatible; Ezooms/1.0; ezooms.bot@gmail.com)"
66.249.66.100 - - [07/Mar/2012:10:44:41 +0100] "GET /jog/eseteink/poroszlo/poroszlo-epitkezes_hitvk.pdf HTTP/1.1" 200 192233 "-" "Mozilla/5.0 (compatible; Googlebot/2.1; +http://www.google.com/bot.html)"
212.183.128.113 - - [07/Mar/2012:11:05:43 +0100] "GET /lb/images/loading.gif HTTP/1.1" 200 2767 "http://rulettmania.hu/index.php?lang=en" "Mozilla/5.0 (Linux; U; Android 2.3.4; en-gb; Nexus One Build/GRJ22) AppleWebKit/533.1 (KHTML, like Gecko) Version/4.0 Mobile Safari/533.1"
212.183.128.113 - - [07/Mar/2012:11:05:43 +0100] "GET /lb/images/closelabel.gif HTTP/1.1" 200 222 "http://rulettmania.hu/index.php?lang=en" "Mozilla/5.0 (Linux; U; Android 2.3.4; en-gb; Nexus One Build/GRJ22) AppleWebKit/533.1 (KHTML, like Gecko) Version/4.0 Mobile Safari/533.1"
95.85.129.62 - - [07/Mar/2012:11:13:06 +0100] "GET /lb/images/loading.gif HTTP/1.1" 200 2767 "http://rulettmania.hu/" "Mozilla/5.0 (Windows NT 6.1) AppleWebKit/535.11 (KHTML, like Gecko) Chrome/17.0.963.66 Safari/535.11"
95.85.129.62 - - [07/Mar/2012:11:13:06 +0100] "GET /lb/images/closelabel.gif HTTP/1.1" 200 222 "http://rulettmania.hu/" "Mozilla/5.0 (Windows NT 6.1) AppleWebKit/535.11 (KHTML, like Gecko) Chrome/17.0.963.66 Safari/535.11"
95.108.248.30 - - [07/Mar/2012:11:13:18 +0100] "GET /nka.htm HTTP/1.1" 304 - "-" "Mozilla/5.0 (compatible; YandexBot/3.0; +http://yandex.com/bots)"
95.108.248.30 - - [07/Mar/2012:11:13:21 +0100] "GET /hirek/hirek090428.htm HTTP/1.1" 304 - "-" "Mozilla/5.0 (compatible; YandexBot/3.0; +http://yandex.com/bots)"
86.101.203.49 - - [07/Mar/2012:11:18:11 +0100] "GET /lb/images/loading.gif HTTP/1.1" 200 2767 "http://www.rulettmania.hu/sportfogadas/admin/index.php" "Mozilla/5.0 (compatible; MSIE 9.0; Windows NT 6.1; Trident/5.0; BOIE9;HUHU)"
86.101.203.49 - - [07/Mar/2012:11:18:11 +0100] "GET /lb/images/closelabel.gif HTTP/1.1" 200 222 "http://www.rulettmania.hu/sportfogadas/admin/index.php" "Mozilla/5.0 (compatible; MSIE 9.0; Windows NT 6.1; Trident/5.0; BOIE9;HUHU)"
86.101.203.49 - - [07/Mar/2012:11:18:12 +0100] "GET /lb/images/blank.gif HTTP/1.1" 200 43 "http://www.rulettmania.hu/sportfogadas/admin/index.php" "Mozilla/5.0 (compatible; MSIE 9.0; Windows NT 6.1; Trident/5.0; BOIE9;HUHU)"
78.92.31.189 - - [07/Mar/2012:11:24:05 +0100] "GET /lb/images/loading.gif HTTP/1.1" 304 - "http://rulettmania.hu/" "Mozilla/4.0 (compatible; MSIE 8.0; Windows NT 5.1; Trident/4.0; BTRS122332; Mozilla/4.0 (compatible; MSIE 6.0; Windows NT 5.1; SV1) ; .NET CLR 2.0.50727; .NET CLR 3.0.4506.2152; .NET CLR 3.5.30729)"
78.92.31.189 - - [07/Mar/2012:11:24:05 +0100] "GET /lb/images/closelabel.gif HTTP/1.1" 304 - "http://rulettmania.hu/" "Mozilla/4.0 (compatible; MSIE 8.0; Windows NT 5.1; Trident/4.0; BTRS122332; Mozilla/4.0 (compatible; MSIE 6.0; Windows NT 5.1; SV1) ; .NET CLR 2.0.50727; .NET CLR 3.0.4506.2152; .NET CLR 3.5.30729)"
78.92.31.189 - - [07/Mar/2012:11:24:06 +0100] "GET /lb/images/blank.gif HTTP/1.1" 304 - "http://rulettmania.hu/" "Mozilla/4.0 (compatible; MSIE 8.0; Windows NT 5.1; Trident/4.0; BTRS122332; Mozilla/4.0 (compatible; MSIE 6.0; Windows NT 5.1; SV1) ; .NET CLR 2.0.50727; .NET CLR 3.0.4506.2152; .NET CLR 3.5.30729)"
78.92.31.189 - - [07/Mar/2012:11:24:15 +0100] "GET /lb/images/loading.gif HTTP/1.1" 304 - "http://www.rulettmania.hu/sportfogadas/" "Mozilla/4.0 (compatible; MSIE 8.0; Windows NT 5.1; Trident/4.0; BTRS122332; Mozilla/4.0 (compatible; MSIE 6.0; Windows NT 5.1; SV1) ; .NET CLR 2.0.50727; .NET CLR 3.0.4506.2152; .NET CLR 3.5.30729)"
78.92.31.189 - - [07/Mar/2012:11:24:15 +0100] "GET /lb/images/closelabel.gif HTTP/1.1" 304 - "http://www.rulettmania.hu/sportfogadas/" "Mozilla/4.0 (compatible; MSIE 8.0; Windows NT 5.1; Trident/4.0; BTRS122332; Mozilla/4.0 (compatible; MSIE 6.0; Windows NT 5.1; SV1) ; .NET CLR 2.0.50727; .NET CLR 3.0.4506.2152; .NET CLR 3.5.30729)"
78.92.31.189 - - [07/Mar/2012:11:24:31 +0100] "GET /lb/images/blank.gif HTTP/1.1" 304 - "http://www.rulettmania.hu/sportfogadas/" "Mozilla/4.0 (compatible; MSIE 8.0; Windows NT 5.1; Trident/4.0; BTRS122332; Mozilla/4.0 (compatible; MSIE 6.0; Windows NT 5.1; SV1) ; .NET CLR 2.0.50727; .NET CLR 3.0.4506.2152; .NET CLR 3.5.30729)"
78.92.31.189 - - [07/Mar/2012:11:27:42 +0100] "GET /lb/images/loading.gif HTTP/1.1" 304 - "http://www.rulettmania.hu/sportfogadas/tippek.php?foablak=lista." "Mozilla/4.0 (compatible; MSIE 8.0; Windows NT 5.1; Trident/4.0; BTRS122332; Mozilla/4.0 (compatible; MSIE 6.0; Windows NT 5.1; SV1) ; .NET CLR 2.0.50727; .NET CLR 3.0.4506.2152; .NET CLR 3.5.30729)"
78.92.31.189 - - [07/Mar/2012:11:27:42 +0100] "GET /lb/images/closelabel.gif HTTP/1.1" 304 - "http://www.rulettmania.hu/sportfogadas/tippek.php?foablak=lista." "Mozilla/4.0 (compatible; MSIE 8.0; Windows NT 5.1; Trident/4.0; BTRS122332; Mozilla/4.0 (compatible; MSIE 6.0; Windows NT 5.1; SV1) ; .NET CLR 2.0.50727; .NET CLR 3.0.4506.2152; .NET CLR 3.5.30729)"
78.92.31.189 - - [07/Mar/2012:11:27:59 +0100] "GET /lb/images/blank.gif HTTP/1.1" 304 - "http://www.rulettmania.hu/sportfogadas/tippek.php?foablak=lista." "Mozilla/4.0 (compatible; MSIE 8.0; Windows NT 5.1; Trident/4.0; BTRS122332; Mozilla/4.0 (compatible; MSIE 6.0; Windows NT 5.1; SV1) ; .NET CLR 2.0.50727; .NET CLR 3.0.4506.2152; .NET CLR 3.5.30729)"
139.18.2.17 - - [07/Mar/2012:11:28:22 +0100] "GET /hirek/hirek090605.htm HTTP/1.1" 200 7994 "-" "findlinks/2.1.5 (+http://wortschatz.uni-leipzig.de/findlinks/)"
89.135.51.161 - - [07/Mar/2012:11:36:32 +0100] "GET /lb/images/loading.gif HTTP/1.1" 200 2767 "http://rulettmania.hu/" "Mozilla/5.0 (Windows NT 6.1) AppleWebKit/535.1 (KHTML, like Gecko) Chrome/13.0.782.218 Safari/535.1"
89.135.51.161 - - [07/Mar/2012:11:36:32 +0100] "GET /lb/images/closelabel.gif HTTP/1.1" 200 222 "http://rulettmania.hu/" "Mozilla/5.0 (Windows NT 6.1) AppleWebKit/535.1 (KHTML, like Gecko) Chrome/13.0.782.218 Safari/535.1"
66.249.66.100 - - [07/Mar/2012:11:37:31 +0100] "GET /hirek/hirek100804.htm HTTP/1.1" 200 8056 "-" "Mozilla/5.0 (iPhone; U; CPU iPhone OS 4_1 like Mac OS X; en-us) AppleWebKit/532.9 (KHTML, like Gecko) Version/4.0.5 Mobile/8B117 Safari/6531.22.7 (compatible; Googlebot-Mobile/2.1; +http://www.google.com/bot.html)"
78.92.31.189 - - [07/Mar/2012:11:38:09 +0100] "GET /lb/images/loading.gif HTTP/1.1" 304 - "http://www.rulettmania.hu/sportfogadas/tippek.php?foablak=lista1." "Mozilla/4.0 (compatible; MSIE 8.0; Windows NT 5.1; Trident/4.0; BTRS122332; Mozilla/4.0 (compatible; MSIE 6.0; Windows NT 5.1; SV1) ; .NET CLR 2.0.50727; .NET CLR 3.0.4506.2152; .NET CLR 3.5.30729)"
78.92.31.189 - - [07/Mar/2012:11:38:09 +0100] "GET /lb/images/closelabel.gif HTTP/1.1" 304 - "http://www.rulettmania.hu/sportfogadas/tippek.php?foablak=lista1." "Mozilla/4.0 (compatible; MSIE 8.0; Windows NT 5.1; Trident/4.0; BTRS122332; Mozilla/4.0 (compatible; MSIE 6.0; Windows NT 5.1; SV1) ; .NET CLR 2.0.50727; .NET CLR 3.0.4506.2152; .NET CLR 3.5.30729)"
78.92.31.189 - - [07/Mar/2012:11:38:41 +0100] "GET /lb/images/blank.gif HTTP/1.1" 304 - "http://www.rulettmania.hu/sportfogadas/tippek.php?foablak=lista1." "Mozilla/4.0 (compatible; MSIE 8.0; Windows NT 5.1; Trident/4.0; BTRS122332; Mozilla/4.0 (compatible; MSIE 6.0; Windows NT 5.1; SV1) ; .NET CLR 2.0.50727; .NET CLR 3.0.4506.2152; .NET CLR 3.5.30729)"
80.99.133.18 - - [07/Mar/2012:11:51:18 +0100] "GET /lb/images/closelabel.gif HTTP/1.1" 200 222 "http://www.rulettmania.hu/sportfogadas/" "Mozilla/4.0 (compatible; MSIE 8.0; Windows NT 5.1; Trident/4.0; .NET CLR 2.0.50727; .NET CLR 3.0.4506.2152; .NET CLR 3.5.30729)"
80.99.133.18 - - [07/Mar/2012:11:51:18 +0100] "GET /lb/images/loading.gif HTTP/1.1" 200 2767 "http://www.rulettmania.hu/sportfogadas/" "Mozilla/4.0 (compatible; MSIE 8.0; Windows NT 5.1; Trident/4.0; .NET CLR 2.0.50727; .NET CLR 3.0.4506.2152; .NET CLR 3.5.30729)"
80.99.133.18 - - [07/Mar/2012:11:51:18 +0100] "GET /lb/images/blank.gif HTTP/1.1" 200 43 "http://www.rulettmania.hu/sportfogadas/" "Mozilla/4.0 (compatible; MSIE 8.0; Windows NT 5.1; Trident/4.0; .NET CLR 2.0.50727; .NET CLR 3.0.4506.2152; .NET CLR 3.5.30729)"
66.249.66.100 - - [07/Mar/2012:11:54:15 +0100] "GET /hirek/klimatv_civilcikk.doc HTTP/1.1" 304 - "-" "Mozilla/5.0 (compatible; Googlebot/2.1; +http://www.google.com/bot.html)"
66.249.66.100 - - [07/Mar/2012:11:56:44 +0100] "GET /lb/css/lightbox.css HTTP/1.1" 200 1715 "http://www.beklen.hu/hirek/hirek100804.htm" "Mozilla/5.0 (compatible; Googlebot/2.1; +http://www.google.com/bot.html)"
66.249.66.100 - - [07/Mar/2012:11:56:45 +0100] "GET /lb/js/lightbox.js HTTP/1.1" 200 23424 "http://www.beklen.hu/hirek/hirek100804.htm" "Mozilla/5.0 (compatible; Googlebot/2.1; +http://www.google.com/bot.html)"
66.249.66.100 - - [07/Mar/2012:11:56:46 +0100] "GET /lb/js/prototype.js HTTP/1.1" 200 47603 "http://www.beklen.hu/hirek/hirek100804.htm" "Mozilla/5.0 (compatible; Googlebot/2.1; +http://www.google.com/bot.html)"
66.249.66.100 - - [07/Mar/2012:11:56:49 +0100] "GET /lb/js/effects.js HTTP/1.1" 200 31969 "http://www.beklen.hu/hirek/hirek100804.htm" "Mozilla/5.0 (compatible; Googlebot/2.1; +http://www.google.com/bot.html)"
66.249.71.212 - - [07/Mar/2012:11:56:53 +0100] "GET /hirek/fotok_tablokrol/DSCF2545.jpg HTTP/1.1" 200 143957 "http://www.beklen.hu/hirek/hirek100804.htm" "Mozilla/5.0 (compatible; Googlebot/2.1; +http://www.google.com/bot.html)"
66.249.66.100 - - [07/Mar/2012:11:56:57 +0100] "GET /hirek/fotok_tablokrol/DSCF2537.jpg HTTP/1.1" 200 131805 "http://www.beklen.hu/hirek/hirek100804.htm" "Mozilla/5.0 (compatible; Googlebot/2.1; +http://www.google.com/bot.html)"
66.249.71.212 - - [07/Mar/2012:11:56:58 +0100] "GET /hirek/fotok_tablokrol/DSCF2539.jpg HTTP/1.1" 200 178526 "http://www.beklen.hu/hirek/hirek100804.htm" "Mozilla/5.0 (compatible; Googlebot/2.1; +http://www.google.com/bot.html)"
66.249.71.212 - - [07/Mar/2012:11:56:59 +0100] "GET /hirek/fotok_tablokrol/DSCF2538.jpg HTTP/1.1" 200 156802 "http://www.beklen.hu/hirek/hirek100804.htm" "Mozilla/5.0 (compatible; Googlebot/2.1; +http://www.google.com/bot.html)"
208.115.111.68 - - [07/Mar/2012:12:00:51 +0100] "GET /fiok/kapcsolat.htm HTTP/1.1" 200 17416 "-" "Mozilla/5.0 (compatible; Ezooms/1.0; ezooms.bot@gmail.com)"
84.3.63.252 - - [07/Mar/2012:12:02:18 +0100] "GET /lb/images/loading.gif HTTP/1.1" 200 2767 "http://rulettmania.hu/" "Mozilla/5.0 (Windows NT 5.1) AppleWebKit/535.7 (KHTML, like Gecko) Chrome/16.0.912.77 Safari/535.7"
84.3.63.252 - - [07/Mar/2012:12:02:18 +0100] "GET /lb/images/closelabel.gif HTTP/1.1" 200 222 "http://rulettmania.hu/" "Mozilla/5.0 (Windows NT 5.1) AppleWebKit/535.7 (KHTML, like Gecko) Chrome/16.0.912.77 Safari/535.7"
80.99.133.18 - - [07/Mar/2012:12:17:54 +0100] "GET /lb/images/loading.gif HTTP/1.1" 304 - "http://www.rulettmania.hu/sportfogadas/tippek.php?foablak=lista3." "Mozilla/4.0 (compatible; MSIE 8.0; Windows NT 5.1; Trident/4.0; .NET CLR 2.0.50727; .NET CLR 3.0.4506.2152; .NET CLR 3.5.30729)"
80.99.133.18 - - [07/Mar/2012:12:17:54 +0100] "GET /lb/images/closelabel.gif HTTP/1.1" 304 - "http://www.rulettmania.hu/sportfogadas/tippek.php?foablak=lista3." "Mozilla/4.0 (compatible; MSIE 8.0; Windows NT 5.1; Trident/4.0; .NET CLR 2.0.50727; .NET CLR 3.0.4506.2152; .NET CLR 3.5.30729)"
80.99.133.18 - - [07/Mar/2012:12:17:54 +0100] "GET /lb/images/blank.gif HTTP/1.1" 304 - "http://www.rulettmania.hu/sportfogadas/tippek.php?foablak=lista3." "Mozilla/4.0 (compatible; MSIE 8.0; Windows NT 5.1; Trident/4.0; .NET CLR 2.0.50727; .NET CLR 3.0.4506.2152; .NET CLR 3.5.30729)"
141.105.120.151 - - [07/Mar/2012:12:29:27 +0100] "GET /robots.txt HTTP/1.0" 404 1181 "-" "Mozilla/5.0 (compatible; OpenindexDeepSpider/Nutch-1.5-dev; +http://www.openindex.io/en/webmasters/spider.html)"
141.105.120.151 - - [07/Mar/2012:12:29:26 +0100] "GET /jog/slapp.htm HTTP/1.0" 200 21314 "-" "Mozilla/5.0 (compatible; OpenindexDeepSpider/Nutch-1.5-dev; +http://www.openindex.io/en/webmasters/spider.html)"
84.225.38.23 - - [07/Mar/2012:12:29:51 +0100] "GET /lb/images/loading.gif HTTP/1.1" 200 2767 "http://rulettmania.hu/" "Mozilla/5.0 (Windows NT 6.1; rv:10.0.2) Gecko/20100101 Firefox/10.0.2"
84.225.38.23 - - [07/Mar/2012:12:29:51 +0100] "GET /lb/images/closelabel.gif HTTP/1.1" 200 222 "http://rulettmania.hu/" "Mozilla/5.0 (Windows NT 6.1; rv:10.0.2) Gecko/20100101 Firefox/10.0.2"
91.82.82.89 - - [07/Mar/2012:12:32:45 +0100] "GET /lb/images/loading.gif HTTP/1.1" 200 2767 "http://rulettmania.hu/" "Mozilla/5.0 (Windows NT 5.1; rv:10.0.2) Gecko/20100101 Firefox/10.0.2"
91.82.82.89 - - [07/Mar/2012:12:32:45 +0100] "GET /lb/images/closelabel.gif HTTP/1.1" 200 222 "http://rulettmania.hu/" "Mozilla/5.0 (Windows NT 5.1; rv:10.0.2) Gecko/20100101 Firefox/10.0.2"
86.101.181.21 - - [07/Mar/2012:12:35:29 +0100] "GET /lb/images/closelabel.gif HTTP/1.1" 200 222 "http://webcache.googleusercontent.com/search?q=cache:8Myy6njOtWsJ:rulettmania.hu/+rulett&cd=3&hl=hu&ct=clnk&gl=hu" "Mozilla/5.0 (Windows; U; Windows NT 5.1; hu; rv:1.9.1.8) Gecko/20100202 Firefox/3.5.8 (.NET CLR 3.5.30729)"
86.101.181.21 - - [07/Mar/2012:12:35:29 +0100] "GET /lb/images/loading.gif HTTP/1.1" 200 2767 "http://webcache.googleusercontent.com/search?q=cache:8Myy6njOtWsJ:rulettmania.hu/+rulett&cd=3&hl=hu&ct=clnk&gl=hu" "Mozilla/5.0 (Windows; U; Windows NT 5.1; hu; rv:1.9.1.8) Gecko/20100202 Firefox/3.5.8 (.NET CLR 3.5.30729)"
212.96.34.15 - - [07/Mar/2012:12:44:41 +0100] "GET /lb/images/closelabel.gif HTTP/1.1" 200 222 "http://www.rulettmania.hu/" "Mozilla/4.0 (compatible; MSIE 8.0; Windows NT 5.1; Trident/4.0; .NET CLR 1.1.4322)"
212.96.34.15 - - [07/Mar/2012:12:44:41 +0100] "GET /lb/images/loading.gif HTTP/1.1" 200 2767 "http://www.rulettmania.hu/" "Mozilla/4.0 (compatible; MSIE 8.0; Windows NT 5.1; Trident/4.0; .NET CLR 1.1.4322)"
212.96.34.15 - - [07/Mar/2012:12:44:52 +0100] "GET /lb/images/blank.gif HTTP/1.1" 200 43 "http://www.rulettmania.hu/" "Mozilla/4.0 (compatible; MSIE 8.0; Windows NT 5.1; Trident/4.0; .NET CLR 1.1.4322)"
212.96.34.15 - - [07/Mar/2012:12:48:34 +0100] "GET /lb/images/closelabel.gif HTTP/1.1" 304 - "http://www.rulettmania.hu/" "Mozilla/4.0 (compatible; MSIE 8.0; Windows NT 5.1; Trident/4.0; .NET CLR 1.1.4322)"
212.96.34.15 - - [07/Mar/2012:12:48:34 +0100] "GET /lb/images/loading.gif HTTP/1.1" 304 - "http://www.rulettmania.hu/" "Mozilla/4.0 (compatible; MSIE 8.0; Windows NT 5.1; Trident/4.0; .NET CLR 1.1.4322)"
212.96.34.15 - - [07/Mar/2012:12:48:39 +0100] "GET /lb/images/blank.gif HTTP/1.1" 304 - "http://www.rulettmania.hu/" "Mozilla/4.0 (compatible; MSIE 8.0; Windows NT 5.1; Trident/4.0; .NET CLR 1.1.4322)"
141.105.120.151 - - [07/Mar/2012:12:50:04 +0100] "GET /khb/beklen_2010_kh_jelentes.pdf HTTP/1.0" 200 252786 "-" "Mozilla/5.0 (compatible; OpenindexDeepSpider/Nutch-1.5-dev; +http://www.openindex.io/en/webmasters/spider.html)"
66.249.66.100 - - [07/Mar/2012:12:56:03 +0100] "GET /hirek/hirek100420.htm HTTP/1.1" 304 - "-" "Mozilla/5.0 (compatible; Googlebot/2.1; +http://www.google.com/bot.html)"
212.96.34.15 - - [07/Mar/2012:12:56:09 +0100] "GET /lb/images/closelabel.gif HTTP/1.1" 304 - "http://www.rulettmania.hu/" "Mozilla/4.0 (compatible; MSIE 8.0; Windows NT 5.1; Trident/4.0; .NET CLR 1.1.4322)"
212.96.34.15 - - [07/Mar/2012:12:56:09 +0100] "GET /lb/images/loading.gif HTTP/1.1" 304 - "http://www.rulettmania.hu/" "Mozilla/4.0 (compatible; MSIE 8.0; Windows NT 5.1; Trident/4.0; .NET CLR 1.1.4322)"
212.96.34.15 - - [07/Mar/2012:12:56:17 +0100] "GET /lb/images/blank.gif HTTP/1.1" 304 - "http://www.rulettmania.hu/" "Mozilla/4.0 (compatible; MSIE 8.0; Windows NT 5.1; Trident/4.0; .NET CLR 1.1.4322)"
212.96.34.15 - - [07/Mar/2012:12:59:19 +0100] "GET /lb/images/closelabel.gif HTTP/1.1" 304 - "http://rulettmania.hu/" "Mozilla/4.0 (compatible; MSIE 8.0; Windows NT 5.1; Trident/4.0; .NET CLR 1.1.4322)"
212.96.34.15 - - [07/Mar/2012:12:59:19 +0100] "GET /lb/images/loading.gif HTTP/1.1" 304 - "http://rulettmania.hu/" "Mozilla/4.0 (compatible; MSIE 8.0; Windows NT 5.1; Trident/4.0; .NET CLR 1.1.4322)"
212.96.34.15 - - [07/Mar/2012:12:59:20 +0100] "GET /lb/images/blank.gif HTTP/1.1" 304 - "http://rulettmania.hu/" "Mozilla/4.0 (compatible; MSIE 8.0; Windows NT 5.1; Trident/4.0; .NET CLR 1.1.4322)"
193.231.163.106 - - [07/Mar/2012:13:19:37 +0100] "GET /lb/images/loading.gif HTTP/1.1" 200 2767 "http://rulettmania.hu/index.php?foablak=nyerogep." "Mozilla/5.0 (Windows; U; Windows NT 5.1; en-US; rv:1.9.1.19) Gecko/20110420 Firefox/3.5.19 (.NET CLR 3.5.30729)"
193.231.163.106 - - [07/Mar/2012:13:19:37 +0100] "GET /lb/images/closelabel.gif HTTP/1.1" 200 222 "http://rulettmania.hu/index.php?foablak=nyerogep." "Mozilla/5.0 (Windows; U; Windows NT 5.1; en-US; rv:1.9.1.19) Gecko/20110420 Firefox/3.5.19 (.NET CLR 3.5.30729)"
84.0.184.98 - - [07/Mar/2012:13:28:51 +0100] "GET /lb/images/loading.gif HTTP/1.1" 200 2767 "http://rulettmania.hu/" "Mozilla/5.0 (Windows NT 5.1) AppleWebKit/535.11 (KHTML, like Gecko) Chrome/17.0.963.66 Safari/535.11"
84.0.184.98 - - [07/Mar/2012:13:28:51 +0100] "GET /lb/images/closelabel.gif HTTP/1.1" 200 222 "http://rulettmania.hu/" "Mozilla/5.0 (Windows NT 5.1) AppleWebKit/535.11 (KHTML, like Gecko) Chrome/17.0.963.66 Safari/535.11"
109.105.7.26 - - [07/Mar/2012:13:28:53 +0100] "GET /hirek/Natura_2000es_gyepgazdalkodas_eloirasai.ppt HTTP/1.1" 200 333312 "http://www.google.hu/url?sa=t&rct=j&q=natura%202000%20gazd%C3%A1lkod%C3%A1si%20napl%C3%B3&source=web&cd=7&ved=0CFwQFjAG&url=http%3A%2F%2Fwww.beklen.hu%2Fhirek%2FNatura_2000es_gyepgazdalkodas_eloirasai.ppt&ei=rVJXT6jtNon0sgbb9Nm2DA&usg=AFQjCNG8LfbJHhsQnf2GHHlP2nweoOOGlQ" "Mozilla/5.0 (Windows NT 5.1; rv:10.0.2) Gecko/20100101 Firefox/10.0.2"
85.66.216.106 - - [07/Mar/2012:13:29:43 +0100] "GET /lb/images/loading.gif HTTP/1.1" 200 2767 "http://rulettmania.hu/" "Mozilla/5.0 (Windows NT 6.1) AppleWebKit/535.24 (KHTML, like Gecko) Chrome/19.0.1055.1 Safari/535.24"
85.66.216.106 - - [07/Mar/2012:13:29:43 +0100] "GET /lb/images/closelabel.gif HTTP/1.1" 200 222 "http://rulettmania.hu/" "Mozilla/5.0 (Windows NT 6.1) AppleWebKit/535.24 (KHTML, like Gecko) Chrome/19.0.1055.1 Safari/535.24"
145.236.111.7 - - [07/Mar/2012:13:53:53 +0100] "GET /lb/images/loading.gif HTTP/1.1" 200 2767 "http://rulettmania.hu/" "Mozilla/5.0 (Windows NT 6.1; WOW64; rv:10.0.2) Gecko/20100101 Firefox/10.0.2"
145.236.111.7 - - [07/Mar/2012:13:53:53 +0100] "GET /lb/images/closelabel.gif HTTP/1.1" 200 222 "http://rulettmania.hu/" "Mozilla/5.0 (Windows NT 6.1; WOW64; rv:10.0.2) Gecko/20100101 Firefox/10.0.2"
80.99.66.18 - - [07/Mar/2012:13:53:58 +0100] "GET /lb/images/closelabel.gif HTTP/1.1" 200 222 "http://www.rulettmania.hu/" "Mozilla/4.0 (compatible; MSIE 8.0; Windows NT 6.1; Trident/4.0; SLCC2; .NET CLR 2.0.50727; .NET CLR 3.5.30729; .NET CLR 3.0.30729; Media Center PC 6.0; InfoPath.2)"
80.99.66.18 - - [07/Mar/2012:13:53:58 +0100] "GET /lb/images/loading.gif HTTP/1.1" 200 2767 "http://www.rulettmania.hu/" "Mozilla/4.0 (compatible; MSIE 8.0; Windows NT 6.1; Trident/4.0; SLCC2; .NET CLR 2.0.50727; .NET CLR 3.5.30729; .NET CLR 3.0.30729; Media Center PC 6.0; InfoPath.2)"
80.99.66.18 - - [07/Mar/2012:13:53:59 +0100] "GET /lb/images/blank.gif HTTP/1.1" 200 43 "http://www.rulettmania.hu/" "Mozilla/4.0 (compatible; MSIE 8.0; Windows NT 6.1; Trident/4.0; SLCC2; .NET CLR 2.0.50727; .NET CLR 3.5.30729; .NET CLR 3.0.30729; Media Center PC 6.0; InfoPath.2)"
213.181.211.252 - - [07/Mar/2012:14:01:52 +0100] "GET /lb/images/loading.gif HTTP/1.1" 200 2767 "http://rulettmania.hu/" "Mozilla/4.0 (compatible; MSIE 8.0; Windows NT 5.1; Trident/4.0)"
213.181.211.252 - - [07/Mar/2012:14:01:52 +0100] "GET /lb/images/closelabel.gif HTTP/1.1" 200 222 "http://rulettmania.hu/" "Mozilla/4.0 (compatible; MSIE 8.0; Windows NT 5.1; Trident/4.0)"
213.181.211.252 - - [07/Mar/2012:14:01:57 +0100] "GET /lb/images/blank.gif HTTP/1.1" 200 43 "http://rulettmania.hu/" "Mozilla/4.0 (compatible; MSIE 8.0; Windows NT 5.1; Trident/4.0)"
95.108.248.30 - - [07/Mar/2012:14:05:56 +0100] "GET /szakmai.htm HTTP/1.1" 304 - "-" "Mozilla/5.0 (compatible; YandexBot/3.0; +http://yandex.com/bots)"
95.108.248.30 - - [07/Mar/2012:14:06:00 +0100] "GET /programok.htm HTTP/1.1" 304 - "-" "Mozilla/5.0 (compatible; YandexBot/3.0; +http://yandex.com/bots)"
195.56.9.95 - - [07/Mar/2012:14:16:04 +0100] "GET /lb/images/loading.gif HTTP/1.1" 200 2767 "http://rulettmania.hu/" "Mozilla/5.0 (Windows NT 5.1; rv:10.0.2) Gecko/20100101 Firefox/10.0.2"
195.56.9.95 - - [07/Mar/2012:14:16:04 +0100] "GET /lb/images/closelabel.gif HTTP/1.1" 200 222 "http://rulettmania.hu/" "Mozilla/5.0 (Windows NT 5.1; rv:10.0.2) Gecko/20100101 Firefox/10.0.2"
80.99.104.199 - - [07/Mar/2012:14:22:25 +0100] "GET /lb/images/loading.gif HTTP/1.1" 200 2767 "http://rulettmania.hu/" "Mozilla/5.0 (Windows NT 5.1; rv:10.0.2) Gecko/20100101 Firefox/10.0.2"
80.99.104.199 - - [07/Mar/2012:14:22:25 +0100] "GET /lb/images/closelabel.gif HTTP/1.1" 200 222 "http://rulettmania.hu/" "Mozilla/5.0 (Windows NT 5.1; rv:10.0.2) Gecko/20100101 Firefox/10.0.2"
80.98.234.10 - - [07/Mar/2012:14:24:26 +0100] "GET /lb/images/loading.gif HTTP/1.1" 200 2767 "http://rulettmania.hu/" "Mozilla/4.0 (compatible; MSIE 8.0; Windows NT 5.1; Trident/4.0; Mozilla/4.0 (compatible; MSIE 6.0; Windows NT 5.1; SV1) ; .NET CLR 1.1.4322; .NET CLR 2.0.50727; .NET CLR 3.0.4506.2152; .NET CLR 3.5.30729)"
80.98.234.10 - - [07/Mar/2012:14:24:26 +0100] "GET /lb/images/closelabel.gif HTTP/1.1" 200 222 "http://rulettmania.hu/" "Mozilla/4.0 (compatible; MSIE 8.0; Windows NT 5.1; Trident/4.0; Mozilla/4.0 (compatible; MSIE 6.0; Windows NT 5.1; SV1) ; .NET CLR 1.1.4322; .NET CLR 2.0.50727; .NET CLR 3.0.4506.2152; .NET CLR 3.5.30729)"
80.98.234.10 - - [07/Mar/2012:14:24:27 +0100] "GET /lb/images/blank.gif HTTP/1.1" 200 43 "http://rulettmania.hu/" "Mozilla/4.0 (compatible; MSIE 8.0; Windows NT 5.1; Trident/4.0; Mozilla/4.0 (compatible; MSIE 6.0; Windows NT 5.1; SV1) ; .NET CLR 1.1.4322; .NET CLR 2.0.50727; .NET CLR 3.0.4506.2152; .NET CLR 3.5.30729)"
80.98.234.10 - - [07/Mar/2012:14:26:44 +0100] "GET /lb/images/loading.gif HTTP/1.1" 304 - "http://www.rulettmania.hu/sportfogadas/" "Mozilla/4.0 (compatible; MSIE 8.0; Windows NT 5.1; Trident/4.0; Mozilla/4.0 (compatible; MSIE 6.0; Windows NT 5.1; SV1) ; .NET CLR 1.1.4322; .NET CLR 2.0.50727; .NET CLR 3.0.4506.2152; .NET CLR 3.5.30729)"
80.98.234.10 - - [07/Mar/2012:14:26:44 +0100] "GET /lb/images/closelabel.gif HTTP/1.1" 304 - "http://www.rulettmania.hu/sportfogadas/" "Mozilla/4.0 (compatible; MSIE 8.0; Windows NT 5.1; Trident/4.0; Mozilla/4.0 (compatible; MSIE 6.0; Windows NT 5.1; SV1) ; .NET CLR 1.1.4322; .NET CLR 2.0.50727; .NET CLR 3.0.4506.2152; .NET CLR 3.5.30729)"
199.253.99.254 - - [07/Mar/2012:14:26:49 +0100] "GET /lb/images/closelabel.gif HTTP/1.1" 200 222 "http://www.rulettmania.hu/" "Mozilla/5.0 (Windows NT 5.1; rv:10.0.2) Gecko/20100101 Firefox/10.0.2"
199.253.99.254 - - [07/Mar/2012:14:26:49 +0100] "GET /lb/images/loading.gif HTTP/1.1" 200 2767 "http://www.rulettmania.hu/" "Mozilla/5.0 (Windows NT 5.1; rv:10.0.2) Gecko/20100101 Firefox/10.0.2"
80.98.234.10 - - [07/Mar/2012:14:26:55 +0100] "GET /lb/images/blank.gif HTTP/1.1" 304 - "http://www.rulettmania.hu/sportfogadas/" "Mozilla/4.0 (compatible; MSIE 8.0; Windows NT 5.1; Trident/4.0; Mozilla/4.0 (compatible; MSIE 6.0; Windows NT 5.1; SV1) ; .NET CLR 1.1.4322; .NET CLR 2.0.50727; .NET CLR 3.0.4506.2152; .NET CLR 3.5.30729)"
145.236.110.156 - - [07/Mar/2012:14:40:57 +0100] "GET /lb/images/closelabel.gif HTTP/1.1" 200 222 "http://rulettmania.hu/" "Mozilla/5.0 (Windows NT 5.1; rv:9.0.1) Gecko/20100101 Firefox/9.0.1"
145.236.110.156 - - [07/Mar/2012:14:40:57 +0100] "GET /lb/images/loading.gif HTTP/1.1" 200 2767 "http://rulettmania.hu/" "Mozilla/5.0 (Windows NT 5.1; rv:9.0.1) Gecko/20100101 Firefox/9.0.1"
212.183.128.189 - - [07/Mar/2012:14:42:57 +0100] "GET /lb/images/loading.gif HTTP/1.1" 200 2767 "http://www.rulettmania.hu/" "Mozilla/5.0 (Linux; U; Android 2.3.4; en-gb; Nexus One Build/GRJ22) AppleWebKit/533.1 (KHTML, like Gecko) Version/4.0 Mobile Safari/533.1"
212.183.128.189 - - [07/Mar/2012:14:42:57 +0100] "GET /lb/images/closelabel.gif HTTP/1.1" 200 222 "http://www.rulettmania.hu/" "Mozilla/5.0 (Linux; U; Android 2.3.4; en-gb; Nexus One Build/GRJ22) AppleWebKit/533.1 (KHTML, like Gecko) Version/4.0 Mobile Safari/533.1"
212.183.128.189 - - [07/Mar/2012:14:49:34 +0100] "GET /lb/images/loading.gif HTTP/1.1" 200 2767 "http://rulettmania.hu/" "Mozilla/5.0 (Linux; U; Android 2.3.4; en-gb; Nexus One Build/GRJ22) AppleWebKit/533.1 (KHTML, like Gecko) Version/4.0 Mobile Safari/533.1"
212.183.128.189 - - [07/Mar/2012:14:49:34 +0100] "GET /lb/images/closelabel.gif HTTP/1.1" 200 222 "http://rulettmania.hu/" "Mozilla/5.0 (Linux; U; Android 2.3.4; en-gb; Nexus One Build/GRJ22) AppleWebKit/533.1 (KHTML, like Gecko) Version/4.0 Mobile Safari/533.1"
139.18.2.17 - - [07/Mar/2012:14:51:10 +0100] "GET /hirek/hirek101213.htm HTTP/1.1" 200 8671 "-" "findlinks/2.1.5 (+http://wortschatz.uni-leipzig.de/findlinks/)"
31.46.128.156 - - [07/Mar/2012:15:07:43 +0100] "GET /lb/images/loading.gif HTTP/1.1" 200 2767 "http://rulettmania.hu/" "Mozilla/5.0 (Windows NT 5.1; rv:10.0.2) Gecko/20100101 Firefox/10.0.2"
31.46.128.156 - - [07/Mar/2012:15:07:43 +0100] "GET /lb/images/closelabel.gif HTTP/1.1" 200 222 "http://rulettmania.hu/" "Mozilla/5.0 (Windows NT 5.1; rv:10.0.2) Gecko/20100101 Firefox/10.0.2"
92.249.194.233 - - [07/Mar/2012:15:12:42 +0100] "GET /lb/images/loading.gif HTTP/1.1" 200 2767 "http://rulettmania.hu/" "Mozilla/5.0 (Windows; U; Windows NT 5.1; hu; rv:1.9.2.27) Gecko/20120216 Firefox/3.6.27"
92.249.194.233 - - [07/Mar/2012:15:12:42 +0100] "GET /lb/images/closelabel.gif HTTP/1.1" 200 222 "http://rulettmania.hu/" "Mozilla/5.0 (Windows; U; Windows NT 5.1; hu; rv:1.9.2.27) Gecko/20120216 Firefox/3.6.27"
95.108.248.30 - - [07/Mar/2012:15:22:48 +0100] "GET /bunt.htm HTTP/1.1" 304 - "-" "Mozilla/5.0 (compatible; YandexBot/3.0; +http://yandex.com/bots)"
95.108.248.30 - - [07/Mar/2012:15:22:51 +0100] "GET /khb/beklen_2005_kh_jelentes.pdf HTTP/1.1" 304 - "-" "Mozilla/5.0 (compatible; YandexBot/3.0; +http://yandex.com/bots)"
