188.36.131.113 - - [01/Mar/2012:23:41:49 +0100] "GET /lb/images/blank.gif HTTP/1.1" 200 43 "http://www.rulettmania.hu/" "Mozilla/4.0 (compatible; MSIE 7.0; Windows NT 5.1; .NET CLR 2.0.50727; .NET CLR 3.0.4506.2152; .NET CLR 3.5.30729)"
66.249.66.100 - - [01/Mar/2012:23:52:42 +0100] "GET /fiok/kapcsolat.htm HTTP/1.1" 304 - "-" "Mozilla/5.0 (compatible; Googlebot/2.1; +http://www.google.com/bot.html)"
82.131.134.92 - - [01/Mar/2012:23:57:05 +0100] "GET /lb/images/loading.gif HTTP/1.1" 200 2767 "http://rulettmania.hu/index.php?foablak=kapcsolat.&labkep=welcomeInnerKapcsolat" "Opera/9.80 (Android 2.3.3; Linux; Opera Mobi/ADR-1110171336; U; hu) Presto/2.9.201 Version/11.50"
82.131.134.92 - - [01/Mar/2012:23:57:05 +0100] "GET /lb/images/closelabel.gif HTTP/1.1" 200 222 "http://rulettmania.hu/index.php?foablak=kapcsolat.&labkep=welcomeInnerKapcsolat" "Opera/9.80 (Android 2.3.3; Linux; Opera Mobi/ADR-1110171336; U; hu) Presto/2.9.201 Version/11.50"
82.131.134.92 - - [01/Mar/2012:23:59:50 +0100] "GET /lb/images/blank.gif HTTP/1.1" 200 43 "http://rulettmania.hu/index.php?foablak=blog.&labkep=welcomeInnerBlog" "Opera/9.80 (Android 2.3.3; Linux; Opera Mobi/ADR-1110171336; U; hu) Presto/2.9.201 Version/11.50"
66.249.66.100 - - [02/Mar/2012:00:25:59 +0100] "GET /fiok/kapcsolat.htm HTTP/1.1" 304 - "-" "Mozilla/5.0 (compatible; Googlebot/2.1; +http://www.google.com/bot.html)"
207.46.13.148 - - [02/Mar/2012:00:38:26 +0100] "GET /robots.txt HTTP/1.1" 404 1181 "-" "Mozilla/5.0 (compatible; bingbot/2.0; +http://www.bing.com/bingbot.htm)"
141.105.120.154 - - [02/Mar/2012:00:38:40 +0100] "GET /robots.txt HTTP/1.0" 404 1181 "-" "Mozilla/5.0 (compatible; OpenindexDeepSpider/Nutch-1.5-dev; +http://www.openindex.io/en/webmasters/spider.html; systemsATopenindexDOTio)"
141.105.120.154 - - [02/Mar/2012:00:38:41 +0100] "GET /english/introduction.htm HTTP/1.0" 200 6502 "-" "Mozilla/5.0 (compatible; OpenindexDeepSpider/Nutch-1.5-dev; +http://www.openindex.io/en/webmasters/spider.html; systemsATopenindexDOTio)"
207.46.13.148 - - [02/Mar/2012:00:39:10 +0100] "GET /fiok/kornyezet.htm HTTP/1.1" 304 - "-" "Mozilla/5.0 (compatible; bingbot/2.0; +http://www.bing.com/bingbot.htm)"
141.105.120.154 - - [02/Mar/2012:00:59:27 +0100] "GET /hirek/hirek08_12.htm HTTP/1.0" 200 8352 "-" "Mozilla/5.0 (compatible; OpenindexDeepSpider/Nutch-1.5-dev; +http://www.openindex.io/en/webmasters/spider.html; systemsATopenindexDOTio)"
141.105.120.150 - - [02/Mar/2012:01:27:50 +0100] "GET /robots.txt HTTP/1.0" 404 1181 "-" "Mozilla/5.0 (compatible; OpenindexDeepSpider/Nutch-1.5-dev; +http://www.openindex.io/en/webmasters/spider.html; systemsATopenindexDOTio)"
141.105.120.150 - - [02/Mar/2012:01:27:50 +0100] "GET /hirek/hirek120207.htm HTTP/1.0" 200 6586 "-" "Mozilla/5.0 (compatible; OpenindexDeepSpider/Nutch-1.5-dev; +http://www.openindex.io/en/webmasters/spider.html; systemsATopenindexDOTio)"
174.55.4.24 - - [02/Mar/2012:01:33:26 +0100] "GET /lb/images/closelabel.gif HTTP/1.1" 200 222 "http://rulettmania.hu/" "Mozilla/5.0 (Windows NT 6.1; WOW64; rv:10.0.2) Gecko/20100101 Firefox/10.0.2"
174.55.4.24 - - [02/Mar/2012:01:33:26 +0100] "GET /lb/images/loading.gif HTTP/1.1" 200 2767 "http://rulettmania.hu/" "Mozilla/5.0 (Windows NT 6.1; WOW64; rv:10.0.2) Gecko/20100101 Firefox/10.0.2"
141.105.120.150 - - [02/Mar/2012:01:39:09 +0100] "GET /hirek/hirek09_02.htm HTTP/1.0" 200 7534 "-" "Mozilla/5.0 (compatible; OpenindexDeepSpider/Nutch-1.5-dev; +http://www.openindex.io/en/webmasters/spider.html; systemsATopenindexDOTio)"
110.174.34.84 - - [02/Mar/2012:01:55:42 +0100] "GET /lb/images/blank.gif HTTP/1.1" 200 43 "http://rulettmania.hu/index.php?foablak=blog.&labkep=welcomeInnerBlog" "Mozilla/5.0 (Windows NT 6.1; WOW64) AppleWebKit/535.11 (KHTML, like Gecko) Chrome/17.0.963.56 Safari/535.11"
110.174.34.84 - - [02/Mar/2012:01:55:53 +0100] "GET /lb/images/nextlabel.gif HTTP/1.1" 200 305 "http://rulettmania.hu/index.php?foablak=blog.&labkep=welcomeInnerBlog" "Mozilla/5.0 (Windows NT 6.1; WOW64) AppleWebKit/535.11 (KHTML, like Gecko) Chrome/17.0.963.56 Safari/535.11"
141.105.120.154 - - [02/Mar/2012:03:15:45 +0100] "GET /robots.txt HTTP/1.0" 404 1181 "-" "Mozilla/5.0 (compatible; OpenindexDeepSpider/Nutch-1.5-dev; +http://www.openindex.io/en/webmasters/spider.html; systemsATopenindexDOTio)"
141.105.120.154 - - [02/Mar/2012:03:15:45 +0100] "GET /khb.htm HTTP/1.0" 200 8325 "-" "Mozilla/5.0 (compatible; OpenindexDeepSpider/Nutch-1.5-dev; +http://www.openindex.io/en/webmasters/spider.html; systemsATopenindexDOTio)"
66.249.66.100 - - [02/Mar/2012:03:20:23 +0100] "GET /magunkrol.htm HTTP/1.1" 304 - "-" "Mozilla/5.0 (iPhone; U; CPU iPhone OS 4_1 like Mac OS X; en-us) AppleWebKit/532.9 (KHTML, like Gecko) Version/4.0.5 Mobile/8B117 Safari/6531.22.7 (compatible; Googlebot-Mobile/2.1; +http://www.google.com/bot.html)"
141.105.120.154 - - [02/Mar/2012:03:55:40 +0100] "GET /hirek08_12.htm HTTP/1.0" 200 8268 "-" "Mozilla/5.0 (compatible; OpenindexDeepSpider/Nutch-1.5-dev; +http://www.openindex.io/en/webmasters/spider.html; systemsATopenindexDOTio)"
64.60.64.178 - - [02/Mar/2012:04:07:26 +0100] "GET / HTTP/1.1" 200 23794 "-" "Java/1.6.0_30"
64.60.64.178 - - [02/Mar/2012:04:07:27 +0100] "GET /hirarchivum.htm HTTP/1.1" 200 24981 "-" "Java/1.6.0_30"
64.60.64.178 - - [02/Mar/2012:04:07:28 +0100] "GET /index.htm HTTP/1.1" 200 23794 "-" "Java/1.6.0_30"
64.60.64.178 - - [02/Mar/2012:04:07:28 +0100] "GET /kapcsolat.htm HTTP/1.1" 200 6889 "-" "Java/1.6.0_30"
64.60.64.178 - - [02/Mar/2012:04:07:29 +0100] "GET /magunkrol.htm HTTP/1.1" 200 9202 "-" "Java/1.6.0_30"
64.60.64.178 - - [02/Mar/2012:04:07:29 +0100] "GET /media.htm HTTP/1.1" 200 5208 "-" "Java/1.6.0_30"
64.60.64.178 - - [02/Mar/2012:04:07:29 +0100] "GET /programok.htm HTTP/1.1" 200 6416 "-" "Java/1.6.0_30"
64.60.64.178 - - [02/Mar/2012:04:07:30 +0100] "GET /vill.cs HTTP/1.1" 200 2676 "-" "Java/1.6.0_30"
64.60.64.178 - - [02/Mar/2012:04:07:30 +0100] "GET /hirek08_10.htm HTTP/1.1" 200 6946 "-" "Java/1.6.0_30"
64.60.64.178 - - [02/Mar/2012:04:07:31 +0100] "GET /hirek08_11.htm HTTP/1.1" 200 7253 "-" "Java/1.6.0_30"
64.60.64.178 - - [02/Mar/2012:04:07:31 +0100] "GET /hirek08_12.htm HTTP/1.1" 200 8268 "-" "Java/1.6.0_30"
64.60.64.178 - - [02/Mar/2012:04:07:31 +0100] "GET /hirek09_01.htm HTTP/1.1" 200 6841 "-" "Java/1.6.0_30"
64.60.64.178 - - [02/Mar/2012:04:07:32 +0100] "GET /hirek09_02.htm HTTP/1.1" 200 7450 "-" "Java/1.6.0_30"
64.60.64.178 - - [02/Mar/2012:04:07:32 +0100] "GET /hirek09_03.htm HTTP/1.1" 200 10726 "-" "Java/1.6.0_30"
64.60.64.178 - - [02/Mar/2012:04:07:35 +0100] "GET /&url=kapcsolat.htm HTTP/1.1" 404 1181 "-" "Java/1.6.0_30"
64.60.64.178 - - [02/Mar/2012:04:07:36 +0100] "GET /&url=programok.htm HTTP/1.1" 404 1181 "-" "Java/1.6.0_30"
64.60.64.178 - - [02/Mar/2012:04:07:36 +0100] "GET /&url=adomanyi.htm HTTP/1.1" 404 1181 "-" "Java/1.6.0_30"
64.60.64.178 - - [02/Mar/2012:04:07:37 +0100] "GET /bunt.htm HTTP/1.1" 200 5683 "-" "Java/1.6.0_30"
64.60.64.178 - - [02/Mar/2012:04:07:39 +0100] "GET /civilmuhely.htm HTTP/1.1" 200 8450 "-" "Java/1.6.0_30"
64.60.64.178 - - [02/Mar/2012:04:07:40 +0100] "GET /khb.htm HTTP/1.1" 200 8325 "-" "Java/1.6.0_30"
64.60.64.178 - - [02/Mar/2012:04:07:40 +0100] "GET /nca.htm HTTP/1.1" 200 7467 "-" "Java/1.6.0_30"
64.60.64.178 - - [02/Mar/2012:04:07:41 +0100] "GET /ncta.htm HTTP/1.1" 200 7221 "-" "Java/1.6.0_30"
64.60.64.178 - - [02/Mar/2012:04:07:41 +0100] "GET /nka.htm HTTP/1.1" 200 6221 "-" "Java/1.6.0_30"
64.60.64.178 - - [02/Mar/2012:04:07:41 +0100] "GET /szakmai.htm HTTP/1.1" 200 6054 "-" "Java/1.6.0_30"
64.60.64.178 - - [02/Mar/2012:04:07:41 +0100] "GET /ncta_a.htm HTTP/1.1" 200 7260 "-" "Java/1.6.0_30"
64.60.64.178 - - [02/Mar/2012:04:07:42 +0100] "GET /&url=civilmuhely.htm HTTP/1.1" 404 1181 "-" "Java/1.6.0_30"
64.60.64.178 - - [02/Mar/2012:04:07:42 +0100] "GET /&url=magunkrol.htm HTTP/1.1" 404 1181 "-" "Java/1.6.0_30"
64.60.64.178 - - [02/Mar/2012:04:07:42 +0100] "GET /nca04.htm HTTP/1.1" 200 16378 "-" "Java/1.6.0_30"
64.60.64.178 - - [02/Mar/2012:04:07:43 +0100] "GET /nca05.htm HTTP/1.1" 200 16412 "-" "Java/1.6.0_30"
64.60.64.178 - - [02/Mar/2012:04:07:44 +0100] "GET /nca06.htm HTTP/1.1" 200 19034 "-" "Java/1.6.0_30"
64.60.64.178 - - [02/Mar/2012:04:07:44 +0100] "GET /nca07.htm HTTP/1.1" 200 21968 "-" "Java/1.6.0_30"
64.60.64.178 - - [02/Mar/2012:04:07:45 +0100] "GET /nca08.htm HTTP/1.1" 200 21795 "-" "Java/1.6.0_30"
64.60.64.178 - - [02/Mar/2012:04:07:45 +0100] "GET /nca09.htm HTTP/1.1" 200 24315 "-" "Java/1.6.0_30"
64.60.64.178 - - [02/Mar/2012:04:07:46 +0100] "GET /nca10.htm HTTP/1.1" 200 16648 "-" "Java/1.6.0_30"
64.60.64.178 - - [02/Mar/2012:04:07:47 +0100] "GET /nca11.htm HTTP/1.1" 200 7133 "-" "Java/1.6.0_30"
64.60.64.178 - - [02/Mar/2012:04:07:47 +0100] "GET /kiadvanyok.htm HTTP/1.1" 200 8206 "-" "Java/1.6.0_30"
64.60.64.178 - - [02/Mar/2012:04:07:48 +0100] "GET /deutsch/index.htm HTTP/1.1" 200 5324 "-" "Java/1.6.0_30"
64.60.64.178 - - [02/Mar/2012:04:07:48 +0100] "GET /english/index.htm HTTP/1.1" 200 5262 "-" "Java/1.6.0_30"
64.60.64.178 - - [02/Mar/2012:04:07:48 +0100] "GET /fiok/index.html HTTP/1.1" 200 20554 "-" "Java/1.6.0_30"
64.60.64.178 - - [02/Mar/2012:04:07:49 +0100] "GET /hirek/hirek091015.htm HTTP/1.1" 200 7046 "-" "Java/1.6.0_30"
64.60.64.178 - - [02/Mar/2012:04:07:49 +0100] "GET /hirek/hirek091102.htm HTTP/1.1" 200 8538 "-" "Java/1.6.0_30"
64.60.64.178 - - [02/Mar/2012:04:07:50 +0100] "GET /hirek/hirek091103.htm HTTP/1.1" 200 7301 "-" "Java/1.6.0_30"
64.60.64.178 - - [02/Mar/2012:04:07:50 +0100] "GET /hirek/hirek091221.htm HTTP/1.1" 200 6740 "-" "Java/1.6.0_30"
64.60.64.178 - - [02/Mar/2012:04:07:51 +0100] "GET /hirek/hirek100225.htm HTTP/1.1" 200 7288 "-" "Java/1.6.0_30"
94.248.144.177 - - [02/Mar/2012:07:02:46 +0100] "GET /lb/images/loading.gif HTTP/1.1" 200 2767 "-" "Mozilla/5.0 (Windows NT 6.1; WOW64; rv:10.0.2) Gecko/20100101 Firefox/10.0.2"
94.248.144.177 - - [02/Mar/2012:07:02:46 +0100] "GET /lb/images/closelabel.gif HTTP/1.1" 200 222 "-" "Mozilla/5.0 (Windows NT 6.1; WOW64; rv:10.0.2) Gecko/20100101 Firefox/10.0.2"
81.182.161.131 - - [02/Mar/2012:07:15:54 +0100] "GET /lb/images/loading.gif HTTP/1.1" 200 2767 "http://rulettmania.hu/" "Mozilla/5.0 (Windows NT 6.1; WOW64) AppleWebKit/535.11 (KHTML, like Gecko) Chrome/17.0.963.56 Safari/535.11"
81.182.161.131 - - [02/Mar/2012:07:15:54 +0100] "GET /lb/images/closelabel.gif HTTP/1.1" 200 222 "http://rulettmania.hu/" "Mozilla/5.0 (Windows NT 6.1; WOW64) AppleWebKit/535.11 (KHTML, like Gecko) Chrome/17.0.963.56 Safari/535.11"
66.249.66.100 - - [02/Mar/2012:07:48:24 +0100] "GET /robots.txt HTTP/1.1" 404 1181 "-" "Mozilla/5.0 (compatible; Googlebot/2.1; +http://www.google.com/bot.html)"
66.249.66.100 - - [02/Mar/2012:07:48:25 +0100] "GET /hirek/Microsoft%20Word%20-%20csongradi%20duzzaszto%20velemeny%202009.06.11..doc.pdf HTTP/1.1" 200 321155 "-" "Mozilla/5.0 (compatible; Googlebot/2.1; +http://www.google.com/bot.html)"
66.249.66.100 - - [02/Mar/2012:08:02:05 +0100] "GET /khb/beklen_2010_kh_jelentes.pdf HTTP/1.1" 200 252786 "-" "Mozilla/5.0 (compatible; Googlebot/2.1; +http://www.google.com/bot.html)"
188.44.220.97 - - [02/Mar/2012:08:20:39 +0100] "GET /lb/images/loading.gif HTTP/1.1" 200 2767 "http://rulettmania.hu/index.php?foablak=kapcsolat.&labkep=welcomeInnerKapcsolat" "Opera/9.80 (Android 2.3.3; Linux; Opera Mobi/ADR-1110171336; U; hu) Presto/2.9.201 Version/11.50"
188.44.220.97 - - [02/Mar/2012:08:20:39 +0100] "GET /lb/images/closelabel.gif HTTP/1.1" 200 222 "http://rulettmania.hu/index.php?foablak=kapcsolat.&labkep=welcomeInnerKapcsolat" "Opera/9.80 (Android 2.3.3; Linux; Opera Mobi/ADR-1110171336; U; hu) Presto/2.9.201 Version/11.50"
46.139.230.16 - - [02/Mar/2012:08:28:16 +0100] "GET /lb/images/closelabel.gif HTTP/1.1" 200 222 "http://www.rulettmania.hu/" "Mozilla/5.0 (Windows NT 5.1; rv:10.0.2) Gecko/20100101 Firefox/10.0.2"
46.139.230.16 - - [02/Mar/2012:08:28:16 +0100] "GET /lb/images/loading.gif HTTP/1.1" 200 2767 "http://www.rulettmania.hu/" "Mozilla/5.0 (Windows NT 5.1; rv:10.0.2) Gecko/20100101 Firefox/10.0.2"
195.56.9.138 - - [02/Mar/2012:08:44:44 +0100] "GET /lb/images/loading.gif HTTP/1.1" 200 2767 "http://rulettmania.hu/" "Mozilla/5.0 (Windows NT 5.1; rv:10.0.2) Gecko/20100101 Firefox/10.0.2"
195.56.9.138 - - [02/Mar/2012:08:44:44 +0100] "GET /lb/images/closelabel.gif HTTP/1.1" 200 222 "http://rulettmania.hu/" "Mozilla/5.0 (Windows NT 5.1; rv:10.0.2) Gecko/20100101 Firefox/10.0.2"
89.134.88.129 - - [02/Mar/2012:08:44:56 +0100] "GET /lb/images/loading.gif HTTP/1.1" 200 2767 "http://rulettmania.hu/" "Mozilla/4.0 (compatible; MSIE 7.0; Windows NT 5.1; GTB7.3; InfoPath.2; .NET CLR 2.0.50727; .NET CLR 3.0.4506.2152; .NET CLR 3.5.30729; .NET4.0C; .NET4.0E; AskTB5.4; Creative AutoUpdate v1.40.01)"
89.134.88.129 - - [02/Mar/2012:08:44:56 +0100] "GET /lb/images/closelabel.gif HTTP/1.1" 200 222 "http://rulettmania.hu/" "Mozilla/4.0 (compatible; MSIE 7.0; Windows NT 5.1; GTB7.3; InfoPath.2; .NET CLR 2.0.50727; .NET CLR 3.0.4506.2152; .NET CLR 3.5.30729; .NET4.0C; .NET4.0E; AskTB5.4; Creative AutoUpdate v1.40.01)"
89.134.88.129 - - [02/Mar/2012:08:44:56 +0100] "GET /lb/images/blank.gif HTTP/1.1" 200 43 "http://rulettmania.hu/" "Mozilla/4.0 (compatible; MSIE 7.0; Windows NT 5.1; GTB7.3; InfoPath.2; .NET CLR 2.0.50727; .NET CLR 3.0.4506.2152; .NET CLR 3.5.30729; .NET4.0C; .NET4.0E; AskTB5.4; Creative AutoUpdate v1.40.01)"
80.98.47.178 - - [02/Mar/2012:09:29:45 +0100] "GET /lb/images/loading.gif HTTP/1.1" 200 2767 "http://rulettmania.hu/" "Mozilla/5.0 (compatible; MSIE 9.0; Windows NT 6.1; Trident/5.0)"
80.98.47.178 - - [02/Mar/2012:09:29:45 +0100] "GET /lb/images/closelabel.gif HTTP/1.1" 200 222 "http://rulettmania.hu/" "Mozilla/5.0 (compatible; MSIE 9.0; Windows NT 6.1; Trident/5.0)"
80.98.47.178 - - [02/Mar/2012:09:29:45 +0100] "GET /lb/images/blank.gif HTTP/1.1" 200 43 "http://rulettmania.hu/" "Mozilla/5.0 (compatible; MSIE 9.0; Windows NT 6.1; Trident/5.0)"
66.249.66.100 - - [02/Mar/2012:09:39:18 +0100] "GET /deutsch/index.htm HTTP/1.1" 200 5324 "-" "Mozilla/5.0 (compatible; Googlebot/2.1; +http://www.google.com/bot.html)"
85.32.170.210 - - [02/Mar/2012:09:56:58 +0100] "GET / HTTP/1.1" 200 23794 "-" "Java/1.6.0_07"
85.32.170.210 - - [02/Mar/2012:09:56:59 +0100] "GET /hirarchivum.htm HTTP/1.1" 200 24981 "-" "Java/1.6.0_07"
85.32.170.210 - - [02/Mar/2012:09:57:00 +0100] "GET /index.htm HTTP/1.1" 200 23794 "-" "Java/1.6.0_07"
85.32.170.210 - - [02/Mar/2012:09:57:01 +0100] "GET /kapcsolat.htm HTTP/1.1" 200 6889 "-" "Java/1.6.0_07"
85.32.170.210 - - [02/Mar/2012:09:57:03 +0100] "GET /magunkrol.htm HTTP/1.1" 200 9202 "-" "Java/1.6.0_07"
85.32.170.210 - - [02/Mar/2012:09:57:04 +0100] "GET /media.htm HTTP/1.1" 200 5208 "-" "Java/1.6.0_07"
85.32.170.210 - - [02/Mar/2012:09:57:04 +0100] "GET /programok.htm HTTP/1.1" 200 6416 "-" "Java/1.6.0_07"
85.32.170.210 - - [02/Mar/2012:09:57:05 +0100] "GET /vill.cs HTTP/1.1" 200 2676 "-" "Java/1.6.0_07"
85.32.170.210 - - [02/Mar/2012:09:57:05 +0100] "GET /hirek08_10.htm HTTP/1.1" 200 6946 "-" "Java/1.6.0_07"
85.32.170.210 - - [02/Mar/2012:09:57:07 +0100] "GET /hirek08_11.htm HTTP/1.1" 200 7253 "-" "Java/1.6.0_07"
85.32.170.210 - - [02/Mar/2012:09:57:07 +0100] "GET /hirek08_12.htm HTTP/1.1" 200 8268 "-" "Java/1.6.0_07"
85.32.170.210 - - [02/Mar/2012:09:57:08 +0100] "GET /hirek09_01.htm HTTP/1.1" 200 6841 "-" "Java/1.6.0_07"
85.32.170.210 - - [02/Mar/2012:09:57:08 +0100] "GET /hirek09_02.htm HTTP/1.1" 200 7450 "-" "Java/1.6.0_07"
85.32.170.210 - - [02/Mar/2012:09:57:08 +0100] "GET /hirek09_03.htm HTTP/1.1" 200 10726 "-" "Java/1.6.0_07"
85.32.170.210 - - [02/Mar/2012:09:57:09 +0100] "GET /&url=kapcsolat.htm HTTP/1.1" 404 1181 "-" "Java/1.6.0_07"
85.32.170.210 - - [02/Mar/2012:09:57:10 +0100] "GET /&url=programok.htm HTTP/1.1" 404 1181 "-" "Java/1.6.0_07"
85.32.170.210 - - [02/Mar/2012:09:57:10 +0100] "GET /&url=adomanyi.htm HTTP/1.1" 404 1181 "-" "Java/1.6.0_07"
85.32.170.210 - - [02/Mar/2012:09:57:11 +0100] "GET /bunt.htm HTTP/1.1" 200 5683 "-" "Java/1.6.0_07"
85.32.170.210 - - [02/Mar/2012:09:57:12 +0100] "GET /civilmuhely.htm HTTP/1.1" 200 8450 "-" "Java/1.6.0_07"
85.32.170.210 - - [02/Mar/2012:09:57:13 +0100] "GET /khb.htm HTTP/1.1" 200 8325 "-" "Java/1.6.0_07"
85.32.170.210 - - [02/Mar/2012:09:57:13 +0100] "GET /nca.htm HTTP/1.1" 200 7467 "-" "Java/1.6.0_07"
85.32.170.210 - - [02/Mar/2012:09:57:17 +0100] "GET /ncta.htm HTTP/1.1" 200 7221 "-" "Java/1.6.0_07"
85.32.170.210 - - [02/Mar/2012:09:57:18 +0100] "GET /nka.htm HTTP/1.1" 200 6221 "-" "Java/1.6.0_07"
85.32.170.210 - - [02/Mar/2012:09:57:18 +0100] "GET /szakmai.htm HTTP/1.1" 200 6054 "-" "Java/1.6.0_07"
85.32.170.210 - - [02/Mar/2012:09:57:21 +0100] "GET /ncta_a.htm HTTP/1.1" 200 7260 "-" "Java/1.6.0_07"
85.32.170.210 - - [02/Mar/2012:09:57:22 +0100] "GET /&url=civilmuhely.htm HTTP/1.1" 404 1181 "-" "Java/1.6.0_07"
85.32.170.210 - - [02/Mar/2012:09:57:23 +0100] "GET /&url=magunkrol.htm HTTP/1.1" 404 1181 "-" "Java/1.6.0_07"
85.32.170.210 - - [02/Mar/2012:09:57:24 +0100] "GET /nca04.htm HTTP/1.1" 200 16378 "-" "Java/1.6.0_07"
85.32.170.210 - - [02/Mar/2012:09:57:26 +0100] "GET /nca05.htm HTTP/1.1" 200 16412 "-" "Java/1.6.0_07"
85.32.170.210 - - [02/Mar/2012:09:57:27 +0100] "GET /nca06.htm HTTP/1.1" 200 19034 "-" "Java/1.6.0_07"
85.32.170.210 - - [02/Mar/2012:09:57:30 +0100] "GET /nca07.htm HTTP/1.1" 200 21968 "-" "Java/1.6.0_07"
85.32.170.210 - - [02/Mar/2012:09:57:34 +0100] "GET /nca08.htm HTTP/1.1" 200 21795 "-" "Java/1.6.0_07"
85.32.170.210 - - [02/Mar/2012:09:57:35 +0100] "GET /nca09.htm HTTP/1.1" 200 24315 "-" "Java/1.6.0_07"
85.32.170.210 - - [02/Mar/2012:09:57:41 +0100] "GET /nca10.htm HTTP/1.1" 200 16648 "-" "Java/1.6.0_07"
85.32.170.210 - - [02/Mar/2012:09:57:43 +0100] "GET /nca11.htm HTTP/1.1" 200 7133 "-" "Java/1.6.0_07"
85.32.170.210 - - [02/Mar/2012:09:57:44 +0100] "GET /kiadvanyok.htm HTTP/1.1" 200 8206 "-" "Java/1.6.0_07"
85.32.170.210 - - [02/Mar/2012:09:57:44 +0100] "GET /deutsch/index.htm HTTP/1.1" 200 5324 "-" "Java/1.6.0_07"
85.32.170.210 - - [02/Mar/2012:09:57:45 +0100] "GET /english/index.htm HTTP/1.1" 200 5262 "-" "Java/1.6.0_07"
85.32.170.210 - - [02/Mar/2012:09:57:45 +0100] "GET /fiok/index.html HTTP/1.1" 200 20554 "-" "Java/1.6.0_07"
85.32.170.210 - - [02/Mar/2012:09:57:46 +0100] "GET /hirek/hirek091015.htm HTTP/1.1" 200 7046 "-" "Java/1.6.0_07"
85.32.170.210 - - [02/Mar/2012:09:57:46 +0100] "GET /hirek/hirek091102.htm HTTP/1.1" 200 8538 "-" "Java/1.6.0_07"
85.32.170.210 - - [02/Mar/2012:09:57:47 +0100] "GET /hirek/hirek091103.htm HTTP/1.1" 200 7301 "-" "Java/1.6.0_07"
85.32.170.210 - - [02/Mar/2012:09:57:48 +0100] "GET /hirek/hirek091221.htm HTTP/1.1" 200 6740 "-" "Java/1.6.0_07"
85.32.170.210 - - [02/Mar/2012:09:57:48 +0100] "GET /hirek/hirek100225.htm HTTP/1.1" 200 7288 "-" "Java/1.6.0_07"
66.249.66.100 - - [02/Mar/2012:10:12:16 +0100] "GET /hirek/hirek091015.htm HTTP/1.1" 304 - "-" "Mozilla/5.0 (compatible; Googlebot/2.1; +http://www.google.com/bot.html)"
195.56.9.138 - - [02/Mar/2012:10:14:27 +0100] "GET /lb/images/closelabel.gif HTTP/1.1" 200 222 "http://rulettmania.hu/" "Mozilla/5.0 (Windows NT 5.1; rv:10.0.2) Gecko/20100101 Firefox/10.0.2"
195.56.9.138 - - [02/Mar/2012:10:14:27 +0100] "GET /lb/images/loading.gif HTTP/1.1" 200 2767 "http://rulettmania.hu/" "Mozilla/5.0 (Windows NT 5.1; rv:10.0.2) Gecko/20100101 Firefox/10.0.2"
84.21.19.110 - - [02/Mar/2012:10:25:42 +0100] "GET /lb/images/loading.gif HTTP/1.1" 200 2767 "http://www.rulettmania.hu/sportfogadas/admin/index.php" "Mozilla/5.0 (compatible; MSIE 9.0; Windows NT 6.1; Trident/5.0; BOIE9;HUHU)"
84.21.19.110 - - [02/Mar/2012:10:25:42 +0100] "GET /lb/images/closelabel.gif HTTP/1.1" 200 222 "http://www.rulettmania.hu/sportfogadas/admin/index.php" "Mozilla/5.0 (compatible; MSIE 9.0; Windows NT 6.1; Trident/5.0; BOIE9;HUHU)"
84.21.19.110 - - [02/Mar/2012:10:25:43 +0100] "GET /lb/images/blank.gif HTTP/1.1" 200 43 "http://www.rulettmania.hu/sportfogadas/admin/index.php" "Mozilla/5.0 (compatible; MSIE 9.0; Windows NT 6.1; Trident/5.0; BOIE9;HUHU)"
80.98.154.63 - - [02/Mar/2012:11:33:01 +0100] "GET /lb/images/loading.gif HTTP/1.1" 200 2767 "http://rulettmania.hu/" "Mozilla/5.0 (Macintosh; Intel Mac OS X 10_7_3) AppleWebKit/534.53.11 (KHTML, like Gecko) Version/5.1.3 Safari/534.53.10"
80.98.154.63 - - [02/Mar/2012:11:33:01 +0100] "GET /lb/images/closelabel.gif HTTP/1.1" 200 222 "http://rulettmania.hu/" "Mozilla/5.0 (Macintosh; Intel Mac OS X 10_7_3) AppleWebKit/534.53.11 (KHTML, like Gecko) Version/5.1.3 Safari/534.53.10"
82.145.211.102 - - [02/Mar/2012:11:42:17 +0100] "GET /lb/images/loading.gif HTTP/1.1" 200 2767 "http://www.rulettmania.hu/" "Opera/9.80 (Android; Opera Mini/6.5.27452/27.1287; U; hu) Presto/2.8.119 Version/11.10"
82.145.211.102 - - [02/Mar/2012:11:42:17 +0100] "GET /lb/images/closelabel.gif HTTP/1.1" 200 222 "http://www.rulettmania.hu/" "Opera/9.80 (Android; Opera Mini/6.5.27452/27.1287; U; hu) Presto/2.8.119 Version/11.10"
80.98.47.178 - - [02/Mar/2012:11:53:55 +0100] "GET /lb/images/closelabel.gif HTTP/1.1" 200 222 "http://rulettmania.hu/" "Mozilla/5.0 (compatible; MSIE 9.0; Windows NT 6.1; Trident/5.0)"
80.98.47.178 - - [02/Mar/2012:11:53:55 +0100] "GET /lb/images/loading.gif HTTP/1.1" 200 2767 "http://rulettmania.hu/" "Mozilla/5.0 (compatible; MSIE 9.0; Windows NT 6.1; Trident/5.0)"
80.98.47.178 - - [02/Mar/2012:11:53:56 +0100] "GET /lb/images/blank.gif HTTP/1.1" 200 43 "http://rulettmania.hu/" "Mozilla/5.0 (compatible; MSIE 9.0; Windows NT 6.1; Trident/5.0)"
84.3.104.113 - - [02/Mar/2012:11:55:18 +0100] "GET /lb/images/loading.gif HTTP/1.1" 200 2767 "http://rulettmania.hu/" "Mozilla/5.0 (Windows; U; Windows NT 6.1; hu; rv:1.9.2.27) Gecko/20120216 Firefox/3.6.27"
84.3.104.113 - - [02/Mar/2012:11:55:18 +0100] "GET /lb/images/closelabel.gif HTTP/1.1" 200 222 "http://rulettmania.hu/" "Mozilla/5.0 (Windows; U; Windows NT 6.1; hu; rv:1.9.2.27) Gecko/20120216 Firefox/3.6.27"
195.228.127.213 - - [02/Mar/2012:12:10:21 +0100] "GET /lb/images/loading.gif HTTP/1.1" 200 2767 "http://rulettmania.hu/" "Mozilla/5.0 (Windows NT 5.1; rv:10.0.2) Gecko/20100101 Firefox/10.0.2"
195.228.127.213 - - [02/Mar/2012:12:10:21 +0100] "GET /lb/images/closelabel.gif HTTP/1.1" 200 222 "http://rulettmania.hu/" "Mozilla/5.0 (Windows NT 5.1; rv:10.0.2) Gecko/20100101 Firefox/10.0.2"
80.98.47.178 - - [02/Mar/2012:12:12:21 +0100] "GET /lb/images/closelabel.gif HTTP/1.1" 200 222 "http://rulettmania.hu/" "Mozilla/5.0 (compatible; MSIE 9.0; Windows NT 6.1; Trident/5.0)"
80.98.47.178 - - [02/Mar/2012:12:12:21 +0100] "GET /lb/images/loading.gif HTTP/1.1" 200 2767 "http://rulettmania.hu/" "Mozilla/5.0 (compatible; MSIE 9.0; Windows NT 6.1; Trident/5.0)"
80.98.47.178 - - [02/Mar/2012:12:12:21 +0100] "GET /lb/images/blank.gif HTTP/1.1" 200 43 "http://rulettmania.hu/" "Mozilla/5.0 (compatible; MSIE 9.0; Windows NT 6.1; Trident/5.0)"
80.98.154.63 - - [02/Mar/2012:12:28:49 +0100] "GET /lb/images/blank.gif HTTP/1.1" 200 43 "http://rulettmania.hu/index.php?foablak=blog.&labkep=welcomeInnerBlog" "Mozilla/5.0 (Macintosh; Intel Mac OS X 10_7_3) AppleWebKit/534.53.11 (KHTML, like Gecko) Version/5.1.3 Safari/534.53.10"
80.98.154.63 - - [02/Mar/2012:12:28:50 +0100] "GET /lb/images/nextlabel.gif HTTP/1.1" 200 305 "http://rulettmania.hu/index.php?foablak=blog.&labkep=welcomeInnerBlog" "Mozilla/5.0 (Macintosh; Intel Mac OS X 10_7_3) AppleWebKit/534.53.11 (KHTML, like Gecko) Version/5.1.3 Safari/534.53.10"
80.98.47.178 - - [02/Mar/2012:12:48:21 +0100] "GET /lb/images/closelabel.gif HTTP/1.1" 200 222 "http://rulettmania.hu/" "Mozilla/5.0 (compatible; MSIE 9.0; Windows NT 6.1; Trident/5.0)"
80.98.47.178 - - [02/Mar/2012:12:48:21 +0100] "GET /lb/images/loading.gif HTTP/1.1" 200 2767 "http://rulettmania.hu/" "Mozilla/5.0 (compatible; MSIE 9.0; Windows NT 6.1; Trident/5.0)"
80.98.47.178 - - [02/Mar/2012:12:48:22 +0100] "GET /lb/images/blank.gif HTTP/1.1" 200 43 "http://rulettmania.hu/" "Mozilla/5.0 (compatible; MSIE 9.0; Windows NT 6.1; Trident/5.0)"
78.131.21.77 - - [02/Mar/2012:12:53:48 +0100] "GET /lb/images/closelabel.gif HTTP/1.1" 200 222 "http://rulettmania.hu/" "Mozilla/5.0 (Windows NT 5.1; rv:10.0.2) Gecko/20100101 Firefox/10.0.2"
78.131.21.77 - - [02/Mar/2012:12:53:48 +0100] "GET /lb/images/loading.gif HTTP/1.1" 200 2767 "http://rulettmania.hu/" "Mozilla/5.0 (Windows NT 5.1; rv:10.0.2) Gecko/20100101 Firefox/10.0.2"
84.0.120.234 - - [02/Mar/2012:12:56:09 +0100] "GET /lb/images/closelabel.gif HTTP/1.1" 200 222 "http://rulettmania.hu/" "Mozilla/5.0 (compatible; MSIE 9.0; Windows NT 6.1; Trident/5.0)"
84.0.120.234 - - [02/Mar/2012:12:56:09 +0100] "GET /lb/images/loading.gif HTTP/1.1" 200 2767 "http://rulettmania.hu/" "Mozilla/5.0 (compatible; MSIE 9.0; Windows NT 6.1; Trident/5.0)"
84.0.120.234 - - [02/Mar/2012:12:56:09 +0100] "GET /lb/images/blank.gif HTTP/1.1" 200 43 "http://rulettmania.hu/" "Mozilla/5.0 (compatible; MSIE 9.0; Windows NT 6.1; Trident/5.0)"
217.43.143.193 - - [02/Mar/2012:12:57:14 +0100] "GET /lb/images/loading.gif HTTP/1.1" 200 2767 "http://rulettmania.hu/" "Mozilla/5.0 (Windows NT 5.1) AppleWebKit/535.11 (KHTML, like Gecko) Chrome/17.0.963.56 Safari/535.11"
217.43.143.193 - - [02/Mar/2012:12:57:14 +0100] "GET /lb/images/closelabel.gif HTTP/1.1" 200 222 "http://rulettmania.hu/" "Mozilla/5.0 (Windows NT 5.1) AppleWebKit/535.11 (KHTML, like Gecko) Chrome/17.0.963.56 Safari/535.11"
94.21.61.30 - - [02/Mar/2012:13:08:02 +0100] "GET /lb/images/closelabel.gif HTTP/1.1" 200 222 "http://rulettmania.hu/" "Mozilla/5.0 (Windows NT 5.1; rv:10.0.2) Gecko/20100101 Firefox/10.0.2"
94.21.61.30 - - [02/Mar/2012:13:08:02 +0100] "GET /lb/images/loading.gif HTTP/1.1" 200 2767 "http://rulettmania.hu/" "Mozilla/5.0 (Windows NT 5.1; rv:10.0.2) Gecko/20100101 Firefox/10.0.2"
141.105.120.154 - - [02/Mar/2012:13:09:09 +0100] "GET /robots.txt HTTP/1.0" 404 1181 "-" "Mozilla/5.0 (compatible; OpenindexDeepSpider/Nutch-1.5-dev; +http://www.openindex.io/en/webmasters/spider.html; systemsATopenindexDOTio)"
141.105.120.154 - - [02/Mar/2012:13:09:09 +0100] "GET /hirek/hirek090303.htm HTTP/1.0" 200 7721 "-" "Mozilla/5.0 (compatible; OpenindexDeepSpider/Nutch-1.5-dev; +http://www.openindex.io/en/webmasters/spider.html; systemsATopenindexDOTio)"
188.143.69.8 - - [02/Mar/2012:13:14:35 +0100] "GET /lb/images/closelabel.gif HTTP/1.1" 200 222 "http://rulettmania.hu/" "Mozilla/5.0 (Windows NT 6.1; rv:10.0.2) Gecko/20100101 Firefox/10.0.2"
188.143.69.8 - - [02/Mar/2012:13:14:35 +0100] "GET /lb/images/loading.gif HTTP/1.1" 200 2767 "http://rulettmania.hu/" "Mozilla/5.0 (Windows NT 6.1; rv:10.0.2) Gecko/20100101 Firefox/10.0.2"
86.101.128.101 - - [02/Mar/2012:13:35:33 +0100] "GET /lb/images/loading.gif HTTP/1.1" 200 2767 "http://www.rulettmania.hu/" "Mozilla/5.0 (Windows NT 6.1; WOW64; rv:10.0.2) Gecko/20100101 Firefox/10.0.2"
86.101.128.101 - - [02/Mar/2012:13:35:33 +0100] "GET /lb/images/closelabel.gif HTTP/1.1" 200 222 "http://www.rulettmania.hu/" "Mozilla/5.0 (Windows NT 6.1; WOW64; rv:10.0.2) Gecko/20100101 Firefox/10.0.2"
89.135.125.133 - - [02/Mar/2012:13:36:14 +0100] "GET /lb/images/loading.gif HTTP/1.1" 200 2767 "http://www.rulettmania.hu/" "Mozilla/5.0 (Windows NT 6.1) AppleWebKit/535.11 (KHTML, like Gecko) Chrome/17.0.963.56 Safari/535.11"
89.135.125.133 - - [02/Mar/2012:13:36:14 +0100] "GET /lb/images/closelabel.gif HTTP/1.1" 200 222 "http://www.rulettmania.hu/" "Mozilla/5.0 (Windows NT 6.1) AppleWebKit/535.11 (KHTML, like Gecko) Chrome/17.0.963.56 Safari/535.11"
66.249.66.100 - - [02/Mar/2012:13:46:55 +0100] "GET /hirek/hirek100225.htm HTTP/1.1" 200 7288 "-" "Mozilla/5.0 (iPhone; U; CPU iPhone OS 4_1 like Mac OS X; en-us) AppleWebKit/532.9 (KHTML, like Gecko) Version/4.0.5 Mobile/8B117 Safari/6531.22.7 (compatible; Googlebot-Mobile/2.1; +http://www.google.com/bot.html)"
80.98.47.178 - - [02/Mar/2012:14:00:41 +0100] "GET /lb/images/closelabel.gif HTTP/1.1" 200 222 "http://rulettmania.hu/" "Mozilla/5.0 (compatible; MSIE 9.0; Windows NT 6.1; Trident/5.0)"
80.98.47.178 - - [02/Mar/2012:14:00:41 +0100] "GET /lb/images/loading.gif HTTP/1.1" 200 2767 "http://rulettmania.hu/" "Mozilla/5.0 (compatible; MSIE 9.0; Windows NT 6.1; Trident/5.0)"
80.98.47.178 - - [02/Mar/2012:14:00:42 +0100] "GET /lb/images/blank.gif HTTP/1.1" 200 43 "http://rulettmania.hu/" "Mozilla/5.0 (compatible; MSIE 9.0; Windows NT 6.1; Trident/5.0)"
86.101.128.101 - - [02/Mar/2012:14:04:15 +0100] "GET /lb/images/closelabel.gif HTTP/1.1" 200 222 "http://www.rulettmania.hu/index.php?foablak=szovegtorzs.&labkep=welcomeInner" "Mozilla/5.0 (Windows NT 6.1; WOW64; rv:10.0.2) Gecko/20100101 Firefox/10.0.2"
86.101.128.101 - - [02/Mar/2012:14:04:15 +0100] "GET /lb/images/loading.gif HTTP/1.1" 200 2767 "http://www.rulettmania.hu/index.php?foablak=szovegtorzs.&labkep=welcomeInner" "Mozilla/5.0 (Windows NT 6.1; WOW64; rv:10.0.2) Gecko/20100101 Firefox/10.0.2"
176.226.14.184 - - [02/Mar/2012:14:04:35 +0100] "GET /lb/images/loading.gif HTTP/1.1" 200 2767 "http://rulettmania.hu/index.php?foablak=kapcsolat.&labkep=welcomeInnerKapcsolat" "Opera/9.80 (Android 2.3.3; Linux; Opera Mobi/ADR-1110171336; U; hu) Presto/2.9.201 Version/11.50"
176.226.14.184 - - [02/Mar/2012:14:04:35 +0100] "GET /lb/images/closelabel.gif HTTP/1.1" 200 222 "http://rulettmania.hu/index.php?foablak=kapcsolat.&labkep=welcomeInnerKapcsolat" "Opera/9.80 (Android 2.3.3; Linux; Opera Mobi/ADR-1110171336; U; hu) Presto/2.9.201 Version/11.50"
109.74.48.8 - - [02/Mar/2012:14:04:40 +0100] "GET /lb/images/loading.gif HTTP/1.0" 200 2767 "http://rulettmania.hu/" "Mozilla/5.0 (Windows NT 5.1) AppleWebKit/535.11 (KHTML, like Gecko) Chrome/17.0.963.56 Safari/535.11"
109.74.48.8 - - [02/Mar/2012:14:04:40 +0100] "GET /lb/images/closelabel.gif HTTP/1.0" 200 222 "http://rulettmania.hu/" "Mozilla/5.0 (Windows NT 5.1) AppleWebKit/535.11 (KHTML, like Gecko) Chrome/17.0.963.56 Safari/535.11"
141.105.120.152 - - [02/Mar/2012:14:05:43 +0100] "GET /robots.txt HTTP/1.0" 404 1181 "-" "Mozilla/5.0 (compatible; OpenindexDeepSpider/Nutch-1.5-dev; +http://www.openindex.io/en/webmasters/spider.html; systemsATopenindexDOTio)"
141.105.120.152 - - [02/Mar/2012:14:05:43 +0100] "GET /hirek09_03.htm HTTP/1.0" 200 10726 "-" "Mozilla/5.0 (compatible; OpenindexDeepSpider/Nutch-1.5-dev; +http://www.openindex.io/en/webmasters/spider.html; systemsATopenindexDOTio)"
78.92.15.220 - - [02/Mar/2012:14:39:01 +0100] "GET /lb/images/loading.gif HTTP/1.1" 200 2767 "http://rulettmania.hu/" "Mozilla/5.0 (X11; Linux x86_64; rv:10.0.2) Gecko/20100101 Firefox/10.0.2"
78.92.15.220 - - [02/Mar/2012:14:39:01 +0100] "GET /lb/images/closelabel.gif HTTP/1.1" 200 222 "http://rulettmania.hu/" "Mozilla/5.0 (X11; Linux x86_64; rv:10.0.2) Gecko/20100101 Firefox/10.0.2"
94.21.61.30 - - [02/Mar/2012:14:46:41 +0100] "GET /lb/images/loading.gif HTTP/1.1" 200 2767 "http://rulettmania.hu/" "Mozilla/5.0 (Windows NT 5.1; rv:10.0.2) Gecko/20100101 Firefox/10.0.2"
94.21.61.30 - - [02/Mar/2012:14:46:41 +0100] "GET /lb/images/closelabel.gif HTTP/1.1" 200 222 "http://rulettmania.hu/" "Mozilla/5.0 (Windows NT 5.1; rv:10.0.2) Gecko/20100101 Firefox/10.0.2"
114.73.63.193 - - [02/Mar/2012:15:04:21 +0100] "GET /lb/images/loading.gif HTTP/1.1" 200 2767 "http://rulettmania.hu/index.php?lang=hr" "Mozilla/5.0 (Windows NT 6.1; WOW64; rv:10.0.2) Gecko/20120216 Firefox/10.0.2 SeaMonkey/2.7.2"
114.73.63.193 - - [02/Mar/2012:15:04:21 +0100] "GET /lb/images/closelabel.gif HTTP/1.1" 200 222 "http://rulettmania.hu/index.php?lang=hr" "Mozilla/5.0 (Windows NT 6.1; WOW64; rv:10.0.2) Gecko/20120216 Firefox/10.0.2 SeaMonkey/2.7.2"
141.105.120.152 - - [02/Mar/2012:15:31:00 +0100] "GET /ncta.htm HTTP/1.0" 200 7221 "-" "Mozilla/5.0 (compatible; OpenindexDeepSpider/Nutch-1.5-dev; +http://www.openindex.io/en/webmasters/spider.html; systemsATopenindexDOTio)"
213.186.127.13 - - [02/Mar/2012:16:00:26 +0100] "GET /fiok HTTP/1.1" 301 312 "-" "Mozilla/5.0 (compatible; AhrefsBot/2.0; +http://ahrefs.com/robot/)"
178.48.86.188 - - [02/Mar/2012:16:01:49 +0100] "GET /lb/images/loading.gif HTTP/1.1" 200 2767 "http://rulettmania.hu/" "Opera/9.80 (Windows NT 6.1; U; hu) Presto/2.10.229 Version/11.61"
178.48.86.188 - - [02/Mar/2012:16:01:49 +0100] "GET /lb/images/closelabel.gif HTTP/1.1" 200 222 "http://rulettmania.hu/" "Opera/9.80 (Windows NT 6.1; U; hu) Presto/2.10.229 Version/11.61"
79.185.144.11 - - [02/Mar/2012:16:06:21 +0100] "GET /lb/images/loading.gif HTTP/1.1" 200 2767 "http://rulettmania.hu/" "Mozilla/5.0 (Windows NT 6.1; WOW64; rv:10.0.2) Gecko/20100101 Firefox/10.0.2"
79.185.144.11 - - [02/Mar/2012:16:06:21 +0100] "GET /lb/images/closelabel.gif HTTP/1.1" 200 222 "http://rulettmania.hu/" "Mozilla/5.0 (Windows NT 6.1; WOW64; rv:10.0.2) Gecko/20100101 Firefox/10.0.2"
87.97.111.249 - - [02/Mar/2012:16:06:51 +0100] "GET /jog/eseteink/dakar/dakar_dabas_ugyeszseg_hatarozat.pdf HTTP/1.1" 206 4616 "-" "Mozilla/4.0 (compatible; MSIE 7.0; Windows NT 5.1)"
87.97.111.249 - - [02/Mar/2012:16:06:51 +0100] "GET /jog/eseteink/dakar/dakar_dabas_ugyeszseg_hatarozat.pdf HTTP/1.1" 200 294912 "-" "Mozilla/4.0 (compatible; MSIE 7.0; Windows NT 5.1)"
87.97.111.249 - - [02/Mar/2012:16:07:09 +0100] "GET /jog/eseteink/dakar/dakar_dabas_ugyeszseg_hatarozat.pdf HTTP/1.1" 206 2583505 "-" "Mozilla/4.0 (compatible; MSIE 7.0; Windows NT 5.1)"
87.97.111.249 - - [02/Mar/2012:16:07:10 +0100] "GET /jog/eseteink/dakar/dakar_dabas_ugyeszseg_hatarozat.pdf HTTP/1.1" 206 38 "-" "Mozilla/4.0 (compatible; MSIE 7.0; Windows NT 5.1)"
87.97.111.249 - - [02/Mar/2012:16:07:11 +0100] "GET /jog/eseteink/dakar/dakar_dabas_ugyeszseg_hatarozat.pdf HTTP/1.1" 206 662 "-" "Mozilla/4.0 (compatible; MSIE 7.0; Windows NT 5.1)"
46.139.220.39 - - [02/Mar/2012:16:14:44 +0100] "GET /lb/images/loading.gif HTTP/1.1" 200 2767 "http://www.rulettmania.hu/sportfogadas/" "Mozilla/5.0 (Windows NT 5.1; rv:10.0.2) Gecko/20100101 Firefox/10.0.2"
46.139.220.39 - - [02/Mar/2012:16:14:44 +0100] "GET /lb/images/closelabel.gif HTTP/1.1" 200 222 "http://www.rulettmania.hu/sportfogadas/" "Mozilla/5.0 (Windows NT 5.1; rv:10.0.2) Gecko/20100101 Firefox/10.0.2"
89.223.209.248 - - [02/Mar/2012:16:15:48 +0100] "GET /lb/images/loading.gif HTTP/1.1" 200 2767 "http://rulettmania.hu/index.php?foablak=szovegtorzs2." "Mozilla/5.0 (Windows NT 5.1; rv:10.0.2) Gecko/20100101 Firefox/10.0.2"
89.223.209.248 - - [02/Mar/2012:16:15:48 +0100] "GET /lb/images/closelabel.gif HTTP/1.1" 200 222 "http://rulettmania.hu/index.php?foablak=szovegtorzs2." "Mozilla/5.0 (Windows NT 5.1; rv:10.0.2) Gecko/20100101 Firefox/10.0.2"
84.225.49.225 - - [02/Mar/2012:16:21:13 +0100] "GET /lb/images/loading.gif HTTP/1.1" 200 2767 "http://rulettmania.hu/" "Mozilla/5.0 (Windows; U; Windows NT 6.1; hu; rv:1.9.2.24) Gecko/20111103 Firefox/3.6.24"
84.225.49.225 - - [02/Mar/2012:16:21:13 +0100] "GET /lb/images/closelabel.gif HTTP/1.1" 200 222 "http://rulettmania.hu/" "Mozilla/5.0 (Windows; U; Windows NT 6.1; hu; rv:1.9.2.24) Gecko/20111103 Firefox/3.6.24"
92.249.176.70 - - [02/Mar/2012:17:11:29 +0100] "GET /lb/images/loading.gif HTTP/1.1" 200 2767 "http://rulettmania.hu/" "Mozilla/5.0 (Symbian/3; Series60/5.2 Nokia500/010.029; Profile/MIDP-2.1 Configuration/CLDC-1.1 ) AppleWebKit/533.4 (KHTML, like Gecko) NokiaBrowser/7.3.1.37 Mobile Safari/533.4 3gpp-gba"
92.249.176.70 - - [02/Mar/2012:17:11:29 +0100] "GET /lb/images/closelabel.gif HTTP/1.1" 200 222 "http://rulettmania.hu/" "Mozilla/5.0 (Symbian/3; Series60/5.2 Nokia500/010.029; Profile/MIDP-2.1 Configuration/CLDC-1.1 ) AppleWebKit/533.4 (KHTML, like Gecko) NokiaBrowser/7.3.1.37 Mobile Safari/533.4 3gpp-gba"
178.48.92.121 - - [02/Mar/2012:17:29:14 +0100] "GET /lb/images/closelabel.gif HTTP/1.1" 200 222 "http://rulettmania.hu/index.php?foablak=webshop.&labkep=welcomeInnerShop" "Mozilla/5.0 (Windows NT 5.1; rv:10.0.2) Gecko/20100101 Firefox/10.0.2"
178.48.92.121 - - [02/Mar/2012:17:29:14 +0100] "GET /lb/images/loading.gif HTTP/1.1" 200 2767 "http://rulettmania.hu/index.php?foablak=webshop.&labkep=welcomeInnerShop" "Mozilla/5.0 (Windows NT 5.1; rv:10.0.2) Gecko/20100101 Firefox/10.0.2"
80.98.47.178 - - [02/Mar/2012:17:51:31 +0100] "GET /lb/images/closelabel.gif HTTP/1.1" 200 222 "http://rulettmania.hu/" "Mozilla/5.0 (compatible; MSIE 9.0; Windows NT 6.1; Trident/5.0)"
80.98.47.178 - - [02/Mar/2012:17:51:31 +0100] "GET /lb/images/loading.gif HTTP/1.1" 200 2767 "http://rulettmania.hu/" "Mozilla/5.0 (compatible; MSIE 9.0; Windows NT 6.1; Trident/5.0)"
80.98.47.178 - - [02/Mar/2012:17:51:31 +0100] "GET /lb/images/blank.gif HTTP/1.1" 200 43 "http://rulettmania.hu/" "Mozilla/5.0 (compatible; MSIE 9.0; Windows NT 6.1; Trident/5.0)"
173.227.230.236 - - [02/Mar/2012:18:01:34 +0100] "GET / HTTP/1.1" 200 23794 "-" "Mozilla/5.0 (Windows; U; Windows NT 5.1; en-US; rv:1.9.2.8) Gecko/20100721 Firefox/3.6.8"
173.227.230.236 - - [02/Mar/2012:18:01:37 +0100] "GET /fiok/index.html HTTP/1.1" 200 20554 "http://www.beklen.hu" "Mozilla/5.0 (Windows; U; Windows NT 5.1; en-US; rv:1.9.2.8) Gecko/20100721 Firefox/3.6.8"
173.227.230.236 - - [02/Mar/2012:18:01:52 +0100] "GET /hirek/hirek091221.htm HTTP/1.1" 200 6740 "http://www.beklen.hu" "Mozilla/5.0 (Windows; U; Windows NT 5.1; en-US; rv:1.9.2.8) Gecko/20100721 Firefox/3.6.8"
173.227.230.236 - - [02/Mar/2012:18:01:54 +0100] "GET /hirek/hirek100804.htm HTTP/1.1" 200 8056 "http://www.beklen.hu" "Mozilla/5.0 (Windows; U; Windows NT 5.1; en-US; rv:1.9.2.8) Gecko/20100721 Firefox/3.6.8"
173.227.230.236 - - [02/Mar/2012:18:01:59 +0100] "GET /hirek/hirek101213.htm HTTP/1.1" 200 8671 "http://www.beklen.hu" "Mozilla/5.0 (Windows; U; Windows NT 5.1; en-US; rv:1.9.2.8) Gecko/20100721 Firefox/3.6.8"
173.227.230.236 - - [02/Mar/2012:18:02:14 +0100] "GET /hirek/hirek100305.htm HTTP/1.1" 200 7091 "http://www.beklen.hu" "Mozilla/5.0 (Windows; U; Windows NT 5.1; en-US; rv:1.9.2.8) Gecko/20100721 Firefox/3.6.8"
80.98.47.178 - - [02/Mar/2012:18:13:47 +0100] "GET /lb/images/closelabel.gif HTTP/1.1" 200 222 "http://rulettmania.hu/" "Mozilla/5.0 (compatible; MSIE 9.0; Windows NT 6.1; Trident/5.0)"
80.98.47.178 - - [02/Mar/2012:18:13:47 +0100] "GET /lb/images/loading.gif HTTP/1.1" 200 2767 "http://rulettmania.hu/" "Mozilla/5.0 (compatible; MSIE 9.0; Windows NT 6.1; Trident/5.0)"
80.98.47.178 - - [02/Mar/2012:18:13:47 +0100] "GET /lb/images/blank.gif HTTP/1.1" 200 43 "http://rulettmania.hu/" "Mozilla/5.0 (compatible; MSIE 9.0; Windows NT 6.1; Trident/5.0)"
91.82.25.113 - - [02/Mar/2012:18:48:16 +0100] "GET /lb/images/loading.gif HTTP/1.1" 200 2767 "http://rulettmania.hu/" "Mozilla/5.0 (Windows; U; Windows NT 5.1; hu; rv:1.9.2.27) Gecko/20120216 Firefox/3.6.27"
91.82.25.113 - - [02/Mar/2012:18:48:16 +0100] "GET /lb/images/closelabel.gif HTTP/1.1" 200 222 "http://rulettmania.hu/" "Mozilla/5.0 (Windows; U; Windows NT 5.1; hu; rv:1.9.2.27) Gecko/20120216 Firefox/3.6.27"
91.82.31.105 - - [02/Mar/2012:19:01:11 +0100] "GET /lb/images/loading.gif HTTP/1.1" 200 2767 "http://rulettmania.hu/index.php?foablak=hirekvegyes." "Mozilla/5.0 (Windows NT 6.1; WOW64; rv:10.0.2) Gecko/20100101 Firefox/10.0.2"
91.82.31.105 - - [02/Mar/2012:19:01:11 +0100] "GET /lb/images/closelabel.gif HTTP/1.1" 200 222 "http://rulettmania.hu/index.php?foablak=hirekvegyes." "Mozilla/5.0 (Windows NT 6.1; WOW64; rv:10.0.2) Gecko/20100101 Firefox/10.0.2"
141.105.120.150 - - [02/Mar/2012:19:10:53 +0100] "GET /robots.txt HTTP/1.0" 404 1181 "-" "Mozilla/5.0 (compatible; OpenindexDeepSpider/Nutch-1.5-dev; +http://www.openindex.io/en/webmasters/spider.html)"
141.105.120.150 - - [02/Mar/2012:19:10:53 +0100] "GET /hirek/hirek090619.htm HTTP/1.0" 200 7871 "-" "Mozilla/5.0 (compatible; OpenindexDeepSpider/Nutch-1.5-dev; +http://www.openindex.io/en/webmasters/spider.html)"
31.188.4.105 - - [02/Mar/2012:19:18:24 +0100] "GET /lb/images/loading.gif HTTP/1.1" 200 2767 "http://rulettmania.hu/" "Mozilla/5.0 (Windows NT 6.1) AppleWebKit/535.11 (KHTML, like Gecko) Chrome/17.0.963.56 Safari/535.11"
31.188.4.105 - - [02/Mar/2012:19:18:24 +0100] "GET /lb/images/closelabel.gif HTTP/1.1" 200 222 "http://rulettmania.hu/" "Mozilla/5.0 (Windows NT 6.1) AppleWebKit/535.11 (KHTML, like Gecko) Chrome/17.0.963.56 Safari/535.11"
81.182.173.193 - - [02/Mar/2012:19:35:19 +0100] "GET /lb/images/loading.gif HTTP/1.1" 200 2767 "http://rulettmania.hu/" "Mozilla/5.0 (Windows NT 5.1) AppleWebKit/535.11 (KHTML, like Gecko) Chrome/17.0.963.56 Safari/535.11"
81.182.173.193 - - [02/Mar/2012:19:35:19 +0100] "GET /lb/images/closelabel.gif HTTP/1.1" 200 222 "http://rulettmania.hu/" "Mozilla/5.0 (Windows NT 5.1) AppleWebKit/535.11 (KHTML, like Gecko) Chrome/17.0.963.56 Safari/535.11"
81.183.61.167 - - [02/Mar/2012:19:40:40 +0100] "GET /lb/images/loading.gif HTTP/1.1" 200 2767 "http://rulettmania.hu/" "Mozilla/5.0 (Windows NT 6.1; rv:10.0.2) Gecko/20100101 Firefox/10.0.2"
81.183.61.167 - - [02/Mar/2012:19:40:40 +0100] "GET /lb/images/closelabel.gif HTTP/1.1" 200 222 "http://rulettmania.hu/" "Mozilla/5.0 (Windows NT 6.1; rv:10.0.2) Gecko/20100101 Firefox/10.0.2"
66.249.66.100 - - [02/Mar/2012:19:44:37 +0100] "GET /robots.txt HTTP/1.1" 404 1181 "-" "Mozilla/5.0 (compatible; Googlebot/2.1; +http://www.google.com/bot.html)"
66.249.72.72 - - [02/Mar/2012:19:44:38 +0100] "GET /fiok/program_reszek/lovaglas.htm HTTP/1.1" 200 21486 "-" "Mozilla/5.0 (compatible; Googlebot/2.1; +http://www.google.com/bot.html)"
80.98.47.178 - - [02/Mar/2012:19:51:10 +0100] "GET /lb/images/closelabel.gif HTTP/1.1" 200 222 "http://rulettmania.hu/" "Mozilla/5.0 (compatible; MSIE 9.0; Windows NT 6.1; Trident/5.0)"
80.98.47.178 - - [02/Mar/2012:19:51:10 +0100] "GET /lb/images/loading.gif HTTP/1.1" 200 2767 "http://rulettmania.hu/" "Mozilla/5.0 (compatible; MSIE 9.0; Windows NT 6.1; Trident/5.0)"
80.98.47.178 - - [02/Mar/2012:19:51:11 +0100] "GET /lb/images/blank.gif HTTP/1.1" 200 43 "http://rulettmania.hu/" "Mozilla/5.0 (compatible; MSIE 9.0; Windows NT 6.1; Trident/5.0)"
82.144.188.114 - - [02/Mar/2012:19:57:52 +0100] "GET /lb/images/loading.gif HTTP/1.1" 200 2767 "http://rulettmania.hu/" "Mozilla/5.0 (Windows NT 5.1; rv:10.0.2) Gecko/20100101 Firefox/10.0.2"
82.144.188.114 - - [02/Mar/2012:19:57:52 +0100] "GET /lb/images/closelabel.gif HTTP/1.1" 200 222 "http://rulettmania.hu/" "Mozilla/5.0 (Windows NT 5.1; rv:10.0.2) Gecko/20100101 Firefox/10.0.2"
81.182.235.126 - - [02/Mar/2012:19:58:47 +0100] "GET /lb/images/loading.gif HTTP/1.1" 200 2767 "http://www.rulettmania.hu/index.php?x=3" "Opera/9.80 (Windows NT 6.1; U; hu) Presto/2.6.30 Version/10.63"
81.182.235.126 - - [02/Mar/2012:19:58:47 +0100] "GET /lb/images/closelabel.gif HTTP/1.1" 200 222 "http://www.rulettmania.hu/index.php?x=3" "Opera/9.80 (Windows NT 6.1; U; hu) Presto/2.6.30 Version/10.63"
84.236.55.34 - - [02/Mar/2012:19:59:34 +0100] "GET /lb/images/loading.gif HTTP/1.1" 200 2767 "http://rulettmania.hu/" "Mozilla/5.0 (Windows NT 6.1; WOW64) AppleWebKit/535.11 (KHTML, like Gecko) Chrome/17.0.963.56 Safari/535.11"
84.236.55.34 - - [02/Mar/2012:19:59:34 +0100] "GET /lb/images/closelabel.gif HTTP/1.1" 200 222 "http://rulettmania.hu/" "Mozilla/5.0 (Windows NT 6.1; WOW64) AppleWebKit/535.11 (KHTML, like Gecko) Chrome/17.0.963.56 Safari/535.11"
89.133.251.130 - - [02/Mar/2012:20:14:39 +0100] "GET /lb/images/loading.gif HTTP/1.1" 200 2767 "http://www.rulettmania.hu/sportfogadas/index.php?foablak=szovegtorzs." "Mozilla/5.0 (Windows NT 6.1) AppleWebKit/535.11 (KHTML, like Gecko) Chrome/17.0.963.56 Safari/535.11"
89.133.251.130 - - [02/Mar/2012:20:14:39 +0100] "GET /lb/images/closelabel.gif HTTP/1.1" 200 222 "http://www.rulettmania.hu/sportfogadas/index.php?foablak=szovegtorzs." "Mozilla/5.0 (Windows NT 6.1) AppleWebKit/535.11 (KHTML, like Gecko) Chrome/17.0.963.56 Safari/535.11"
80.99.133.18 - - [02/Mar/2012:20:20:06 +0100] "GET /lb/images/loading.gif HTTP/1.1" 200 2767 "http://www.rulettmania.hu/sportfogadas/" "Mozilla/4.0 (compatible; MSIE 8.0; Windows NT 5.1; Trident/4.0; .NET CLR 2.0.50727; .NET CLR 3.0.4506.2152; .NET CLR 3.5.30729)"
80.99.133.18 - - [02/Mar/2012:20:20:06 +0100] "GET /lb/images/closelabel.gif HTTP/1.1" 200 222 "http://www.rulettmania.hu/sportfogadas/" "Mozilla/4.0 (compatible; MSIE 8.0; Windows NT 5.1; Trident/4.0; .NET CLR 2.0.50727; .NET CLR 3.0.4506.2152; .NET CLR 3.5.30729)"
80.99.133.18 - - [02/Mar/2012:20:20:06 +0100] "GET /lb/images/blank.gif HTTP/1.1" 200 43 "http://www.rulettmania.hu/sportfogadas/" "Mozilla/4.0 (compatible; MSIE 8.0; Windows NT 5.1; Trident/4.0; .NET CLR 2.0.50727; .NET CLR 3.0.4506.2152; .NET CLR 3.5.30729)"
86.101.50.33 - - [02/Mar/2012:20:47:24 +0100] "GET /lb/images/loading.gif HTTP/1.1" 200 2767 "http://rulettmania.hu/" "Mozilla/5.0 (Windows NT 6.1; rv:9.0.1) Gecko/20100101 Firefox/9.0.1"
86.101.50.33 - - [02/Mar/2012:20:47:24 +0100] "GET /lb/images/closelabel.gif HTTP/1.1" 200 222 "http://rulettmania.hu/" "Mozilla/5.0 (Windows NT 6.1; rv:9.0.1) Gecko/20100101 Firefox/9.0.1"
89.134.200.39 - - [02/Mar/2012:21:06:31 +0100] "GET /lb/images/loading.gif HTTP/1.1" 200 2767 "http://rulettmania.hu/" "Mozilla/5.0 (Windows NT 5.1) AppleWebKit/535.11 (KHTML, like Gecko) Chrome/17.0.963.56 Safari/535.11"
89.134.200.39 - - [02/Mar/2012:21:06:31 +0100] "GET /lb/images/closelabel.gif HTTP/1.1" 200 222 "http://rulettmania.hu/" "Mozilla/5.0 (Windows NT 5.1) AppleWebKit/535.11 (KHTML, like Gecko) Chrome/17.0.963.56 Safari/535.11"
66.249.66.100 - - [02/Mar/2012:21:13:44 +0100] "GET /fiok/program_reszek/news.html HTTP/1.1" 404 1181 "-" "Mozilla/5.0 (compatible; Googlebot/2.1; +http://www.google.com/bot.html)"
80.123.39.0 - - [02/Mar/2012:21:25:04 +0100] "GET /lb/images/loading.gif HTTP/1.1" 200 2767 "http://rulettmania.hu/" "Mozilla/5.0 (Windows NT 6.1; WOW64; rv:10.0.2) Gecko/20100101 Firefox/10.0.2"
80.123.39.0 - - [02/Mar/2012:21:25:04 +0100] "GET /lb/images/closelabel.gif HTTP/1.1" 200 222 "http://rulettmania.hu/" "Mozilla/5.0 (Windows NT 6.1; WOW64; rv:10.0.2) Gecko/20100101 Firefox/10.0.2"
80.98.47.178 - - [02/Mar/2012:21:44:08 +0100] "GET /lb/images/loading.gif HTTP/1.1" 200 2767 "http://rulettmania.hu/" "Mozilla/5.0 (compatible; MSIE 9.0; Windows NT 6.1; Trident/5.0)"
80.98.47.178 - - [02/Mar/2012:21:44:08 +0100] "GET /lb/images/closelabel.gif HTTP/1.1" 200 222 "http://rulettmania.hu/" "Mozilla/5.0 (compatible; MSIE 9.0; Windows NT 6.1; Trident/5.0)"
80.98.47.178 - - [02/Mar/2012:21:44:09 +0100] "GET /lb/images/blank.gif HTTP/1.1" 200 43 "http://rulettmania.hu/" "Mozilla/5.0 (compatible; MSIE 9.0; Windows NT 6.1; Trident/5.0)"
188.6.158.252 - - [02/Mar/2012:21:50:06 +0100] "GET /jog/jogszabalyok/1_erdo.pdf HTTP/1.1" 200 70174 "http://www.google.hu/url?sa=t&rct=j&q=erd%C5%91t%C3%B6rv%C3%A9ny%20gomba%20szed%C3%A9si%20szab%C3%A1lyok&source=web&cd=6&ved=0CEMQFjAF&url=http%3A%2F%2Fwww.beklen.hu%2Fjog%2Fjogszabalyok%2F1_erdo.pdf&ei=ljFRT8K6M8yGswaXtuGVDA&usg=AFQjCNHz-UPHDhHJ7J5c2giVd91b1JOxWQ&sig2=lm7apXQyG-J7hq1gM0WuhA" "Mozilla/5.0 (Windows NT 5.1) AppleWebKit/535.11 (KHTML, like Gecko) Chrome/17.0.963.56 Safari/535.11"
188.6.158.252 - - [02/Mar/2012:21:50:06 +0100] "GET /jog/jogszabalyok/1_erdo.pdf HTTP/1.1" 206 32768 "http://www.beklen.hu/jog/jogszabalyok/1_erdo.pdf" "Mozilla/5.0 (Windows NT 5.1) AppleWebKit/535.11 (KHTML, like Gecko) Chrome/17.0.963.56 Safari/535.11"
188.6.158.252 - - [02/Mar/2012:21:50:06 +0100] "GET /favicon.ico HTTP/1.1" 404 1181 "-" "Mozilla/5.0 (Windows NT 5.1) AppleWebKit/535.11 (KHTML, like Gecko) Chrome/17.0.963.56 Safari/535.11"
188.6.158.252 - - [02/Mar/2012:21:50:07 +0100] "GET /jog/jogszabalyok/1_erdo.pdf HTTP/1.1" 206 729026 "http://www.beklen.hu/jog/jogszabalyok/1_erdo.pdf" "Mozilla/5.0 (Windows NT 5.1) AppleWebKit/535.11 (KHTML, like Gecko) Chrome/17.0.963.56 Safari/535.11"
188.6.158.252 - - [02/Mar/2012:21:50:08 +0100] "GET /favicon.ico HTTP/1.1" 404 1181 "-" "Mozilla/5.0 (Windows NT 5.1) AppleWebKit/535.11 (KHTML, like Gecko) Chrome/17.0.963.56 Safari/535.11"
188.6.158.252 - - [02/Mar/2012:22:33:56 +0100] "GET /favicon.ico HTTP/1.1" 404 1181 "-" "Mozilla/5.0 (Windows NT 5.1) AppleWebKit/535.11 (KHTML, like Gecko) Chrome/17.0.963.56 Safari/535.11"
188.6.158.252 - - [02/Mar/2012:22:33:56 +0100] "GET /favicon.ico HTTP/1.1" 404 1181 "-" "Mozilla/5.0 (Windows NT 5.1) AppleWebKit/535.11 (KHTML, like Gecko) Chrome/17.0.963.56 Safari/535.11"
80.98.96.240 - - [02/Mar/2012:22:45:43 +0100] "GET /lb/images/loading.gif HTTP/1.1" 200 2767 "http://rulettmania.hu/index.php?foablak=hirekkoz." "Mozilla/5.0 (Windows NT 6.1; WOW64) AppleWebKit/535.11 (KHTML, like Gecko) Chrome/17.0.963.56 Safari/535.11"
80.98.96.240 - - [02/Mar/2012:22:45:43 +0100] "GET /lb/images/closelabel.gif HTTP/1.1" 200 222 "http://rulettmania.hu/index.php?foablak=hirekkoz." "Mozilla/5.0 (Windows NT 6.1; WOW64) AppleWebKit/535.11 (KHTML, like Gecko) Chrome/17.0.963.56 Safari/535.11"
80.99.133.18 - - [02/Mar/2012:22:52:33 +0100] "GET /lb/images/closelabel.gif HTTP/1.1" 200 222 "http://www.rulettmania.hu/sportfogadas/" "Mozilla/4.0 (compatible; MSIE 8.0; Windows NT 5.1; Trident/4.0; .NET CLR 2.0.50727; .NET CLR 3.0.4506.2152; .NET CLR 3.5.30729)"
80.99.133.18 - - [02/Mar/2012:22:52:33 +0100] "GET /lb/images/loading.gif HTTP/1.1" 200 2767 "http://www.rulettmania.hu/sportfogadas/" "Mozilla/4.0 (compatible; MSIE 8.0; Windows NT 5.1; Trident/4.0; .NET CLR 2.0.50727; .NET CLR 3.0.4506.2152; .NET CLR 3.5.30729)"
80.99.133.18 - - [02/Mar/2012:22:52:33 +0100] "GET /lb/images/blank.gif HTTP/1.1" 200 43 "http://www.rulettmania.hu/sportfogadas/" "Mozilla/4.0 (compatible; MSIE 8.0; Windows NT 5.1; Trident/4.0; .NET CLR 2.0.50727; .NET CLR 3.0.4506.2152; .NET CLR 3.5.30729)"
66.249.66.100 - - [02/Mar/2012:23:04:19 +0100] "GET /fiok/program_reszek/programok/02.jpg HTTP/1.1" 200 217640 "-" "Googlebot-Image/1.0"
66.249.66.100 - - [02/Mar/2012:23:10:06 +0100] "GET /fiok/program_reszek/programok/03.jpg HTTP/1.1" 200 137518 "-" "Googlebot-Image/1.0"
176.31.247.216 - - [02/Mar/2012:23:11:32 +0100] "GET /robots.txt HTTP/1.0" 404 1181 "-" "Mozilla/5.0 (compatible; MJ12bot/v1.4.2; http://www.majestic12.co.uk/bot.php?+)"
176.31.247.216 - - [02/Mar/2012:23:11:34 +0100] "GET / HTTP/1.0" 200 23794 "-" "Mozilla/5.0 (compatible; MJ12bot/v1.4.2; http://www.majestic12.co.uk/bot.php?+)"
