184.72.70.99 - - [22/Mar/2012:21:42:13 +0100] "GET /hirek/hirek091102.htm HTTP/1.1" 200 8538 "" "EC2LinkFinder"
184.72.70.99 - - [22/Mar/2012:21:42:15 +0100] "GET /hirek/hirek091015.htm HTTP/1.1" 200 7046 "" "EC2LinkFinder"
184.72.70.99 - - [22/Mar/2012:21:42:18 +0100] "GET /hirek/klimatv_civilcikk.doc HTTP/1.1" 200 78336 "" "EC2LinkFinder"
184.72.70.99 - - [22/Mar/2012:21:42:20 +0100] "GET /hirarchivum.htm HTTP/1.1" 200 24981 "" "EC2LinkFinder"
184.72.70.99 - - [22/Mar/2012:21:42:22 +0100] "GET /ncta.htm HTTP/1.1" 200 7221 "" "EC2LinkFinder"
184.72.70.99 - - [22/Mar/2012:21:42:24 +0100] "GET /jog/index.htm HTTP/1.1" 200 13138 "" "EC2LinkFinder"
184.72.70.99 - - [22/Mar/2012:21:42:26 +0100] "GET /bunt.htm HTTP/1.1" 200 5683 "" "EC2LinkFinder"
184.72.70.99 - - [22/Mar/2012:21:42:28 +0100] "GET /szakmai.htm HTTP/1.1" 200 6054 "" "EC2LinkFinder"
184.72.70.99 - - [22/Mar/2012:21:42:30 +0100] "GET /civilmuhely.htm HTTP/1.1" 200 8450 "" "EC2LinkFinder"
184.72.70.99 - - [22/Mar/2012:21:42:32 +0100] "GET /nca.htm HTTP/1.1" 200 7467 "" "EC2LinkFinder"
184.72.70.99 - - [22/Mar/2012:21:42:34 +0100] "GET /nka.htm HTTP/1.1" 200 6221 "" "EC2LinkFinder"
184.72.70.99 - - [22/Mar/2012:21:42:36 +0100] "GET /khb.htm HTTP/1.1" 200 8325 "" "EC2LinkFinder"
184.72.70.99 - - [22/Mar/2012:21:42:39 +0100] "GET /english/introduction.htm HTTP/1.1" 200 6502 "" "EC2LinkFinder"
184.72.70.99 - - [22/Mar/2012:21:42:40 +0100] "GET /english/programs.htm HTTP/1.1" 200 5614 "" "EC2LinkFinder"
184.72.70.99 - - [22/Mar/2012:21:42:42 +0100] "GET /english/contact.htm HTTP/1.1" 200 4601 "" "EC2LinkFinder"
184.72.70.99 - - [22/Mar/2012:21:42:44 +0100] "GET /deutsch/stellen.htm HTTP/1.1" 200 6824 "" "EC2LinkFinder"
184.72.70.99 - - [22/Mar/2012:21:42:47 +0100] "GET /deutsch/programme.htm HTTP/1.1" 200 6045 "" "EC2LinkFinder"
184.72.70.99 - - [22/Mar/2012:21:42:49 +0100] "GET /deutsch/kontakt.htm HTTP/1.1" 200 4769 "" "EC2LinkFinder"
184.72.70.99 - - [22/Mar/2012:21:42:51 +0100] "GET /fiok/fiok.html HTTP/1.1" 200 20723 "" "EC2LinkFinder"
184.72.70.99 - - [22/Mar/2012:21:42:53 +0100] "GET /fiok/news.html HTTP/1.1" 404 1181 "" "EC2LinkFinder"
184.72.70.99 - - [22/Mar/2012:21:42:55 +0100] "GET /fiok/images/nevadonk.JPG HTTP/1.1" 200 56167 "" "EC2LinkFinder"
184.72.70.99 - - [22/Mar/2012:21:42:57 +0100] "GET /fiok/mult.htm HTTP/1.1" 200 23227 "" "EC2LinkFinder"
184.72.70.99 - - [22/Mar/2012:21:43:00 +0100] "GET /fiok/programok.htm HTTP/1.1" 200 18165 "" "EC2LinkFinder"
184.72.70.99 - - [22/Mar/2012:21:43:02 +0100] "GET /fiok/kornyezet.htm HTTP/1.1" 200 22582 "" "EC2LinkFinder"
184.72.70.99 - - [22/Mar/2012:21:43:04 +0100] "GET /fiok/gazdasag.htm HTTP/1.1" 200 22480 "" "EC2LinkFinder"
93.198.56.217 - - [22/Mar/2012:21:47:37 +0100] "GET /fiok/gazdasag.htm HTTP/1.1" 200 22480 "-" "findlinks/2.0.2 (+http://wortschatz.uni-leipzig.de/findlinks/)"
141.105.120.154 - - [22/Mar/2012:22:20:52 +0100] "GET /robots.txt HTTP/1.0" 404 1181 "-" "Mozilla/5.0 (compatible; OpenindexDeepSpider/Nutch-1.5-dev; +http://www.openindex.io/en/webmasters/spider.html)"
141.105.120.154 - - [22/Mar/2012:22:20:52 +0100] "GET /jog/eseteink/korosladany/apvrt_nek3.pdf HTTP/1.0" 200 167171 "-" "Mozilla/5.0 (compatible; OpenindexDeepSpider/Nutch-1.5-dev; +http://www.openindex.io/en/webmasters/spider.html)"
141.105.120.154 - - [22/Mar/2012:22:25:34 +0100] "GET /jog/eseteink/korosladany/oktvf-nek2.pdf HTTP/1.0" 200 110838 "-" "Mozilla/5.0 (compatible; OpenindexDeepSpider/Nutch-1.5-dev; +http://www.openindex.io/en/webmasters/spider.html)"
141.105.120.154 - - [22/Mar/2012:22:58:56 +0100] "GET /robots.txt HTTP/1.0" 404 1181 "-" "Mozilla/5.0 (compatible; OpenindexDeepSpider/Nutch-1.5-dev; +http://www.openindex.io/en/webmasters/spider.html)"
141.105.120.154 - - [22/Mar/2012:22:58:57 +0100] "GET /jog/eseteink/korosladany/korosladany_ugyeszseg.pdf HTTP/1.0" 200 166586 "-" "Mozilla/5.0 (compatible; OpenindexDeepSpider/Nutch-1.5-dev; +http://www.openindex.io/en/webmasters/spider.html)"
208.115.113.84 - - [22/Mar/2012:23:04:46 +0100] "GET /robots.txt HTTP/1.1" 404 1181 "-" "Mozilla/5.0 (compatible; Ezooms/1.0; ezooms.bot@gmail.com)"
95.108.248.30 - - [22/Mar/2012:23:49:49 +0100] "GET /hirek/hirek090428.htm HTTP/1.1" 304 - "-" "Mozilla/5.0 (compatible; YandexBot/3.0; +http://yandex.com/bots)"
208.115.113.84 - - [23/Mar/2012:00:22:46 +0100] "GET /nca07.htm HTTP/1.1" 200 21968 "-" "Mozilla/5.0 (compatible; Ezooms/1.0; ezooms.bot@gmail.com)"
208.115.111.68 - - [23/Mar/2012:00:54:53 +0100] "GET /robots.txt HTTP/1.1" 404 1181 "-" "Mozilla/5.0 (compatible; Ezooms/1.0; ezooms.bot@gmail.com)"
141.105.120.152 - - [23/Mar/2012:01:01:44 +0100] "GET /robots.txt HTTP/1.0" 404 1181 "-" "Mozilla/5.0 (compatible; OpenindexDeepSpider/Nutch-1.5-dev; +http://www.openindex.io/en/webmasters/spider.html)"
141.105.120.152 - - [23/Mar/2012:01:01:44 +0100] "GET /jog/eseteink/korosladany/kotevife_miert_nincs_eltiltas2.pdf HTTP/1.0" 200 148141 "-" "Mozilla/5.0 (compatible; OpenindexDeepSpider/Nutch-1.5-dev; +http://www.openindex.io/en/webmasters/spider.html)"
141.105.120.152 - - [23/Mar/2012:01:17:50 +0100] "GET /jog/eseteink/korosladany/ujabb_panasz.pdf HTTP/1.0" 200 464769 "-" "Mozilla/5.0 (compatible; OpenindexDeepSpider/Nutch-1.5-dev; +http://www.openindex.io/en/webmasters/spider.html)"
95.108.248.30 - - [23/Mar/2012:02:20:14 +0100] "GET /khb/beklen_2006_kh_jelentes.pdf HTTP/1.1" 304 - "-" "Mozilla/5.0 (compatible; YandexBot/3.0; +http://yandex.com/bots)"
208.115.113.84 - - [23/Mar/2012:02:27:12 +0100] "GET /robots.txt HTTP/1.1" 404 1181 "-" "Mozilla/5.0 (compatible; Ezooms/1.0; ezooms.bot@gmail.com)"
66.249.72.72 - - [23/Mar/2012:03:20:17 +0100] "GET /fiok/program_reszek/lovaglas.htm HTTP/1.1" 304 - "-" "Mozilla/5.0 (compatible; Googlebot/2.1; +http://www.google.com/bot.html)"
208.115.113.84 - - [23/Mar/2012:03:48:02 +0100] "GET /fiok/program_reszek/erdei_iskola.htm HTTP/1.1" 200 21601 "-" "Mozilla/5.0 (compatible; Ezooms/1.0; ezooms.bot@gmail.com)"
208.115.113.84 - - [23/Mar/2012:03:48:05 +0100] "GET /fiok/program_reszek/taborok.htm HTTP/1.1" 200 23942 "-" "Mozilla/5.0 (compatible; Ezooms/1.0; ezooms.bot@gmail.com)"
95.108.248.30 - - [23/Mar/2012:04:36:30 +0100] "GET /robots.txt HTTP/1.1" 404 1181 "-" "Mozilla/5.0 (compatible; YandexBot/3.0; +http://yandex.com/bots)"
66.249.72.72 - - [23/Mar/2012:04:52:47 +0100] "GET /hirek/Microsoft%20Word%20-%20csongradi%20duzzaszto%20velemeny%202009.06.11..doc.pdf HTTP/1.1" 304 - "-" "Mozilla/5.0 (compatible; Googlebot/2.1; +http://www.google.com/bot.html)"
95.108.248.30 - - [23/Mar/2012:05:00:23 +0100] "GET /khb/beklen_2005_kh_jelentes.pdf HTTP/1.1" 304 - "-" "Mozilla/5.0 (compatible; YandexBot/3.0; +http://yandex.com/bots)"
208.115.113.84 - - [23/Mar/2012:05:16:42 +0100] "GET /robots.txt HTTP/1.1" 404 1181 "-" "Mozilla/5.0 (compatible; Ezooms/1.0; ezooms.bot@gmail.com)"
38.101.148.126 - - [23/Mar/2012:05:21:58 +0100] "GET /robots.txt HTTP/1.1" 404 1181 "-" "Mozilla/5.0 (compatible; discobot/2.0; +http://discoveryengine.com/discobot.html)"
38.101.148.126 - - [23/Mar/2012:05:22:04 +0100] "GET /fiok HTTP/1.1" 301 312 "-" "Mozilla/5.0 (compatible; discobot/2.0; +http://discoveryengine.com/discobot.html)"
66.249.72.72 - - [23/Mar/2012:06:04:36 +0100] "GET /robots.txt HTTP/1.1" 404 1181 "-" "Mozilla/5.0 (compatible; Googlebot/2.1; +http://www.google.com/bot.html)"
66.249.72.72 - - [23/Mar/2012:06:04:37 +0100] "GET /jog/jogszabalyok/kornyezetvedelmi_torveny.pdf HTTP/1.1" 200 245188 "-" "Mozilla/5.0 (compatible; Googlebot/2.1; +http://www.google.com/bot.html)"
208.115.111.68 - - [23/Mar/2012:06:33:22 +0100] "GET /robots.txt HTTP/1.1" 404 1181 "-" "Mozilla/5.0 (compatible; Ezooms/1.0; ezooms.bot@gmail.com)"
208.115.113.84 - - [23/Mar/2012:06:34:08 +0100] "GET /kapcsolat.htm HTTP/1.1" 200 6889 "-" "Mozilla/5.0 (compatible; Ezooms/1.0; ezooms.bot@gmail.com)"
66.249.72.72 - - [23/Mar/2012:07:02:28 +0100] "GET /hirek/hirek091015.htm HTTP/1.1" 304 - "-" "Mozilla/5.0 (compatible; Googlebot/2.1; +http://www.google.com/bot.html)"
208.115.111.68 - - [23/Mar/2012:07:24:00 +0100] "GET /nca08.htm HTTP/1.1" 200 21795 "-" "Mozilla/5.0 (compatible; Ezooms/1.0; ezooms.bot@gmail.com)"
66.249.72.72 - - [23/Mar/2012:07:31:09 +0100] "GET /hirek/hirek120207.htm HTTP/1.1" 304 - "-" "Mozilla/5.0 (iPhone; U; CPU iPhone OS 4_1 like Mac OS X; en-us) AppleWebKit/532.9 (KHTML, like Gecko) Version/4.0.5 Mobile/8B117 Safari/6531.22.7 (compatible; Googlebot-Mobile/2.1; +http://www.google.com/bot.html)"
141.105.120.152 - - [23/Mar/2012:10:10:23 +0100] "GET /robots.txt HTTP/1.0" 404 1181 "-" "Mozilla/5.0 (compatible; OpenindexDeepSpider/Nutch-1.5-dev; +http://www.openindex.io/en/webmasters/spider.html)"
141.105.120.152 - - [23/Mar/2012:10:10:23 +0100] "GET /jog/eseteink/korosladany/kozig_hivatalnak_erdeklodes.pdf HTTP/1.0" 200 142061 "-" "Mozilla/5.0 (compatible; OpenindexDeepSpider/Nutch-1.5-dev; +http://www.openindex.io/en/webmasters/spider.html)"
89.182.46.14 - - [23/Mar/2012:10:24:21 +0100] "GET /fiok/program_reszek/csaladbarat.htm HTTP/1.1" 200 20928 "-" "findlinks/2.0.2 (+http://wortschatz.uni-leipzig.de/findlinks/)"
141.105.120.152 - - [23/Mar/2012:10:26:31 +0100] "GET /jog/eseteink/korosladany/szeged_birosag2.pdf HTTP/1.0" 200 95330 "-" "Mozilla/5.0 (compatible; OpenindexDeepSpider/Nutch-1.5-dev; +http://www.openindex.io/en/webmasters/spider.html)"
141.105.120.151 - - [23/Mar/2012:11:07:27 +0100] "GET /robots.txt HTTP/1.0" 404 1181 "-" "Mozilla/5.0 (compatible; OpenindexDeepSpider/Nutch-1.5-dev; +http://www.openindex.io/en/webmasters/spider.html)"
141.105.120.151 - - [23/Mar/2012:11:29:39 +0100] "GET /jog/eseteink/korosladany/nemzeti_park_adatkeres_korosladany.pdf HTTP/1.0" 200 82235 "-" "Mozilla/5.0 (compatible; OpenindexDeepSpider/Nutch-1.5-dev; +http://www.openindex.io/en/webmasters/spider.html)"
208.115.113.84 - - [23/Mar/2012:12:58:57 +0100] "GET /robots.txt HTTP/1.1" 404 1181 "-" "Mozilla/5.0 (compatible; Ezooms/1.0; ezooms.bot@gmail.com)"
141.105.120.153 - - [23/Mar/2012:13:05:04 +0100] "GET /robots.txt HTTP/1.0" 404 1181 "-" "Mozilla/5.0 (compatible; OpenindexDeepSpider/Nutch-1.5-dev; +http://www.openindex.io/en/webmasters/spider.html)"
141.105.120.153 - - [23/Mar/2012:13:05:04 +0100] "GET /jog/eseteink/korosladany/korosladany-kvktvf.pdf HTTP/1.0" 200 95989 "-" "Mozilla/5.0 (compatible; OpenindexDeepSpider/Nutch-1.5-dev; +http://www.openindex.io/en/webmasters/spider.html)"
141.105.120.153 - - [23/Mar/2012:13:13:09 +0100] "GET /jog/eseteink/korosladany/panasz_rendorsegi_hatarozat_ellen.pdf HTTP/1.0" 200 148679 "-" "Mozilla/5.0 (compatible; OpenindexDeepSpider/Nutch-1.5-dev; +http://www.openindex.io/en/webmasters/spider.html)"
95.108.248.30 - - [23/Mar/2012:13:22:54 +0100] "GET /hirek/hirek09_03.htm HTTP/1.1" 200 10810 "-" "Mozilla/5.0 (compatible; YandexBot/3.0; +http://yandex.com/bots)"
208.115.111.68 - - [23/Mar/2012:13:36:18 +0100] "GET /robots.txt HTTP/1.1" 404 1181 "-" "Mozilla/5.0 (compatible; Ezooms/1.0; ezooms.bot@gmail.com)"
208.115.113.84 - - [23/Mar/2012:14:14:51 +0100] "GET /hirek/hirek100305.htm HTTP/1.1" 200 7091 "-" "Mozilla/5.0 (compatible; Ezooms/1.0; ezooms.bot@gmail.com)"
88.131.106.1 - - [23/Mar/2012:14:49:23 +0100] "GET /robots.txt HTTP/1.0" 404 1181 "-" "Mozilla/5.0 (Windows; U; Windows NT 5.1; en-US) Speedy Spider (http://www.entireweb.com/about/search_tech/speedy_spider/)"
88.131.106.6 - - [23/Mar/2012:14:49:23 +0100] "GET /hirek/hirek090930.htm HTTP/1.0" 200 7044 "-" "Mozilla/5.0 (Windows; U; Windows NT 5.1; en-US) Speedy Spider (http://www.entireweb.com/about/search_tech/speedy_spider/)"
208.115.111.68 - - [23/Mar/2012:14:55:16 +0100] "GET /english/introduction.htm HTTP/1.1" 200 6502 "-" "Mozilla/5.0 (compatible; Ezooms/1.0; ezooms.bot@gmail.com)"
188.36.31.199 - - [23/Mar/2012:15:20:54 +0100] "GET /magunkrol.htm HTTP/1.1" 200 9202 "http://www.beklen.hu/" "Mozilla/5.0 (compatible; MSIE 9.0; Windows NT 6.1; WOW64; Trident/5.0)"
188.36.31.199 - - [23/Mar/2012:15:20:57 +0100] "GET /khb.htm HTTP/1.1" 200 8325 "http://www.beklen.hu/programok.htm" "Mozilla/5.0 (compatible; MSIE 9.0; Windows NT 6.1; WOW64; Trident/5.0)"
188.36.31.199 - - [23/Mar/2012:15:20:59 +0100] "GET /khb/beklen_2010_kh_jelentes.pdf HTTP/1.1" 200 252786 "http://www.beklen.hu/khb.htm" "Mozilla/5.0 (compatible; MSIE 9.0; Windows NT 6.1; WOW64; Trident/5.0)"
188.36.31.199 - - [23/Mar/2012:15:21:46 +0100] "GET /khb/beklen_2009_kh_jelentes.pdf HTTP/1.1" 200 258938 "http://www.beklen.hu/khb.htm" "Mozilla/5.0 (compatible; MSIE 9.0; Windows NT 6.1; WOW64; Trident/5.0)"
188.36.31.199 - - [23/Mar/2012:15:21:48 +0100] "GET /khb/beklen_2008_kh_jelentes.pdf HTTP/1.1" 200 284192 "http://www.beklen.hu/khb.htm" "Mozilla/5.0 (compatible; MSIE 9.0; Windows NT 6.1; WOW64; Trident/5.0)"
188.165.248.204 - - [23/Mar/2012:15:24:32 +0100] "GET /robots.txt HTTP/1.0" 404 1181 "-" "Mozilla/5.0 (compatible; MJ12bot/v1.4.2; http://www.majestic12.co.uk/bot.php?+)"
188.165.248.204 - - [23/Mar/2012:15:24:34 +0100] "GET / HTTP/1.0" 200 23794 "-" "Mozilla/5.0 (compatible; MJ12bot/v1.4.2; http://www.majestic12.co.uk/bot.php?+)"
66.249.72.72 - - [23/Mar/2012:15:50:15 +0100] "GET /english/programs.htm HTTP/1.1" 200 5614 "-" "Mozilla/5.0 (iPhone; U; CPU iPhone OS 4_1 like Mac OS X; en-us) AppleWebKit/532.9 (KHTML, like Gecko) Version/4.0.5 Mobile/8B117 Safari/6531.22.7 (compatible; Googlebot-Mobile/2.1; +http://www.google.com/bot.html)"
95.108.248.30 - - [23/Mar/2012:16:34:54 +0100] "GET /hirek/Microsoft%20Word%20-%20csongradi%20duzzaszto%20velemeny%202009.06.11..doc.pdf HTTP/1.1" 200 321155 "-" "Mozilla/5.0 (compatible; YandexBot/3.0; +http://yandex.com/bots)"
85.214.216.239 - - [23/Mar/2012:16:53:52 +0100] "GET / HTTP/1.1" 200 23794 "http://r-domain.net/beklen.hu" "-"
141.105.120.153 - - [23/Mar/2012:17:18:57 +0100] "GET /robots.txt HTTP/1.0" 404 1181 "-" "Mozilla/5.0 (compatible; OpenindexDeepSpider/Nutch-1.5-dev; +http://www.openindex.io/en/webmasters/spider.html)"
95.108.248.30 - - [23/Mar/2012:18:54:50 +0100] "GET /hirek/hirek090302.htm HTTP/1.1" 200 8452 "-" "Mozilla/5.0 (compatible; YandexBot/3.0; +http://yandex.com/bots)"
95.108.248.30 - - [23/Mar/2012:21:06:53 +0100] "GET /hirarchivum.htm HTTP/1.1" 304 - "-" "Mozilla/5.0 (compatible; YandexBot/3.0; +http://yandex.com/bots)"
208.115.113.84 - - [23/Mar/2012:21:08:21 +0100] "GET /robots.txt HTTP/1.1" 404 1181 "-" "Mozilla/5.0 (compatible; Ezooms/1.0; ezooms.bot@gmail.com)"
208.115.113.84 - - [23/Mar/2012:22:24:08 +0100] "GET /hirek/hirek08_10.htm HTTP/1.1" 200 7030 "-" "Mozilla/5.0 (compatible; Ezooms/1.0; ezooms.bot@gmail.com)"
139.18.2.209 - - [23/Mar/2012:22:40:36 +0100] "GET /robots.txt HTTP/1.1" 404 1181 "-" "findlinks/2.0.1 (+http://wortschatz.uni-leipzig.de/findlinks/)"
95.108.248.30 - - [23/Mar/2012:22:55:40 +0100] "GET /hirek/hirek090510.htm HTTP/1.1" 200 12743 "-" "Mozilla/5.0 (compatible; YandexBot/3.0; +http://yandex.com/bots)"
213.186.127.13 - - [24/Mar/2012:01:13:21 +0100] "GET /fiok/mult.htm HTTP/1.1" 200 23227 "-" "Mozilla/5.0 (compatible; AhrefsBot/2.0; +http://ahrefs.com/robot/)"
217.69.134.91 - - [24/Mar/2012:01:20:34 +0100] "GET / HTTP/1.0" 200 23794 "-" "Mail.RU/2.0"
95.108.248.30 - - [24/Mar/2012:01:20:41 +0100] "GET /english/index.htm HTTP/1.1" 200 5262 "-" "Mozilla/5.0 (compatible; YandexBot/3.0; +http://yandex.com/bots)"
95.108.248.30 - - [24/Mar/2012:02:52:41 +0100] "GET /magunkrol.htm HTTP/1.1" 200 9202 "-" "Mozilla/5.0 (compatible; YandexBot/3.0; +http://yandex.com/bots)"
77.251.185.101 - - [24/Mar/2012:03:22:17 +0100] "GET / HTTP/1.1" 200 23794 "-" "Java/1.6.0_23"
77.251.185.101 - - [24/Mar/2012:03:22:18 +0100] "GET /hirarchivum.htm HTTP/1.1" 200 24981 "-" "Java/1.6.0_23"
77.251.185.101 - - [24/Mar/2012:03:22:18 +0100] "GET /index.htm HTTP/1.1" 200 23794 "-" "Java/1.6.0_23"
77.251.185.101 - - [24/Mar/2012:03:22:18 +0100] "GET /kapcsolat.htm HTTP/1.1" 200 6889 "-" "Java/1.6.0_23"
77.251.185.101 - - [24/Mar/2012:03:22:18 +0100] "GET /magunkrol.htm HTTP/1.1" 200 9202 "-" "Java/1.6.0_23"
77.251.185.101 - - [24/Mar/2012:03:22:18 +0100] "GET /media.htm HTTP/1.1" 200 5208 "-" "Java/1.6.0_23"
77.251.185.101 - - [24/Mar/2012:03:22:18 +0100] "GET /programok.htm HTTP/1.1" 200 6416 "-" "Java/1.6.0_23"
77.251.185.101 - - [24/Mar/2012:03:22:18 +0100] "GET /vill.cs HTTP/1.1" 200 2676 "-" "Java/1.6.0_23"
77.251.185.101 - - [24/Mar/2012:03:22:18 +0100] "GET /hirek08_10.htm HTTP/1.1" 200 6946 "-" "Java/1.6.0_23"
77.251.185.101 - - [24/Mar/2012:03:22:18 +0100] "GET /hirek08_11.htm HTTP/1.1" 200 7253 "-" "Java/1.6.0_23"
77.251.185.101 - - [24/Mar/2012:03:22:19 +0100] "GET /hirek08_12.htm HTTP/1.1" 200 8268 "-" "Java/1.6.0_23"
77.251.185.101 - - [24/Mar/2012:03:22:19 +0100] "GET /hirek09_01.htm HTTP/1.1" 200 6841 "-" "Java/1.6.0_23"
77.251.185.101 - - [24/Mar/2012:03:22:19 +0100] "GET /hirek09_02.htm HTTP/1.1" 200 7450 "-" "Java/1.6.0_23"
77.251.185.101 - - [24/Mar/2012:03:22:19 +0100] "GET /hirek09_03.htm HTTP/1.1" 200 10726 "-" "Java/1.6.0_23"
77.251.185.101 - - [24/Mar/2012:03:22:19 +0100] "GET /&url=kapcsolat.htm HTTP/1.1" 404 1181 "-" "Java/1.6.0_23"
77.251.185.101 - - [24/Mar/2012:03:24:34 +0100] "GET /ncta.htm HTTP/1.1" 200 7221 "-" "Java/1.6.0_23"
77.251.185.101 - - [24/Mar/2012:03:24:34 +0100] "GET /nka.htm HTTP/1.1" 200 6221 "-" "Java/1.6.0_23"
77.251.185.101 - - [24/Mar/2012:03:24:35 +0100] "GET /szakmai.htm HTTP/1.1" 200 6054 "-" "Java/1.6.0_23"
77.251.185.101 - - [24/Mar/2012:03:24:35 +0100] "GET /ncta_a.htm HTTP/1.1" 200 7260 "-" "Java/1.6.0_23"
77.251.185.101 - - [24/Mar/2012:03:24:35 +0100] "GET /kiadvanyok.htm HTTP/1.1" 200 8206 "-" "Java/1.6.0_23"
77.251.185.101 - - [24/Mar/2012:03:24:35 +0100] "GET /deutsch/index.htm HTTP/1.1" 200 5324 "-" "Java/1.6.0_23"
77.251.185.101 - - [24/Mar/2012:03:24:35 +0100] "GET /english/index.htm HTTP/1.1" 200 5262 "-" "Java/1.6.0_23"
77.251.185.101 - - [24/Mar/2012:03:24:35 +0100] "GET /fiok/index.html HTTP/1.1" 200 20554 "-" "Java/1.6.0_23"
77.251.185.101 - - [24/Mar/2012:03:25:48 +0100] "GET /hirek/hirek091221.htm HTTP/1.1" 200 6740 "-" "Java/1.6.0_23"
77.251.185.101 - - [24/Mar/2012:03:25:48 +0100] "GET /hirek/hirek100225.htm HTTP/1.1" 200 7288 "-" "Java/1.6.0_23"
77.251.185.101 - - [24/Mar/2012:03:25:48 +0100] "GET /hirek/hirek100305.htm HTTP/1.1" 200 7091 "-" "Java/1.6.0_23"
77.251.185.101 - - [24/Mar/2012:03:25:48 +0100] "GET /hirek/hirek100420.htm HTTP/1.1" 200 7914 "-" "Java/1.6.0_23"
77.251.185.101 - - [24/Mar/2012:03:25:48 +0100] "GET /hirek/hirek100728.htm HTTP/1.1" 200 7560 "-" "Java/1.6.0_23"
77.251.185.101 - - [24/Mar/2012:03:25:48 +0100] "GET /hirek/hirek100804.htm HTTP/1.1" 200 8056 "-" "Java/1.6.0_23"
77.251.185.101 - - [24/Mar/2012:03:25:48 +0100] "GET /hirek/hirek100810.htm HTTP/1.1" 200 8123 "-" "Java/1.6.0_23"
77.251.185.101 - - [24/Mar/2012:03:25:49 +0100] "GET /hirek/hirek101025.htm HTTP/1.1" 200 8786 "-" "Java/1.6.0_23"
77.251.185.101 - - [24/Mar/2012:03:25:58 +0100] "GET /hirek/hirek101027.htm HTTP/1.1" 200 9627 "-" "Java/1.6.0_23"
77.251.185.101 - - [24/Mar/2012:03:25:58 +0100] "GET /hirek/hirek101213.htm HTTP/1.1" 200 8671 "-" "Java/1.6.0_23"
77.251.185.101 - - [24/Mar/2012:03:25:58 +0100] "GET /hirek/hirek120120.htm HTTP/1.1" 200 6634 "-" "Java/1.6.0_23"
77.251.185.101 - - [24/Mar/2012:03:25:58 +0100] "GET /hirek/hirek120207.htm HTTP/1.1" 200 6586 "-" "Java/1.6.0_23"
204.236.243.38 - - [24/Mar/2012:03:55:30 +0100] "GET /robots.txt HTTP/1.1" 404 1181 "" "EC2LinkFinder"
204.236.243.38 - - [24/Mar/2012:03:55:31 +0100] "GET / HTTP/1.1" 200 23794 "" "EC2LinkFinder"
204.236.243.38 - - [24/Mar/2012:03:55:33 +0100] "GET /index.htm HTTP/1.1" 200 23794 "" "EC2LinkFinder"
204.236.243.38 - - [24/Mar/2012:03:55:35 +0100] "GET /magunkrol.htm HTTP/1.1" 200 9202 "" "EC2LinkFinder"
204.236.243.38 - - [24/Mar/2012:03:55:37 +0100] "GET /programok.htm HTTP/1.1" 200 6416 "" "EC2LinkFinder"
204.236.243.38 - - [24/Mar/2012:03:55:39 +0100] "GET /kapcsolat.htm HTTP/1.1" 200 6889 "" "EC2LinkFinder"
204.236.243.38 - - [24/Mar/2012:03:55:41 +0100] "GET /media.htm HTTP/1.1" 200 5208 "" "EC2LinkFinder"
204.236.243.38 - - [24/Mar/2012:03:55:42 +0100] "GET /english/index.htm HTTP/1.1" 200 5262 "" "EC2LinkFinder"
204.236.243.38 - - [24/Mar/2012:03:55:44 +0100] "GET /deutsch/index.htm HTTP/1.1" 200 5324 "" "EC2LinkFinder"
204.236.243.38 - - [24/Mar/2012:03:55:47 +0100] "GET /fiok/index.html HTTP/1.1" 200 20554 "" "EC2LinkFinder"
204.236.243.38 - - [24/Mar/2012:03:55:49 +0100] "GET /a1_projekt_tabla_infra_cs3_beklenhaz.jpg HTTP/1.1" 200 73344 "" "EC2LinkFinder"
204.236.243.38 - - [24/Mar/2012:03:55:51 +0100] "GET /hirek/hirek120207.htm HTTP/1.1" 200 6586 "" "EC2LinkFinder"
204.236.243.38 - - [24/Mar/2012:03:55:53 +0100] "GET /hirek/hirek120120.htm HTTP/1.1" 200 6634 "" "EC2LinkFinder"
204.236.243.38 - - [24/Mar/2012:03:55:55 +0100] "GET /hirek/hirek101213.htm HTTP/1.1" 200 8671 "" "EC2LinkFinder"
204.236.243.38 - - [24/Mar/2012:03:55:57 +0100] "GET /hirek/hirek101027.htm HTTP/1.1" 200 9627 "" "EC2LinkFinder"
204.236.243.38 - - [24/Mar/2012:03:55:59 +0100] "GET /hirek/hirek101025.htm HTTP/1.1" 200 8786 "" "EC2LinkFinder"
204.236.243.38 - - [24/Mar/2012:03:56:00 +0100] "GET /hirek/hirek100810.htm HTTP/1.1" 200 8123 "" "EC2LinkFinder"
204.236.243.38 - - [24/Mar/2012:03:56:02 +0100] "GET /hirek/hirek100804.htm HTTP/1.1" 200 8056 "" "EC2LinkFinder"
204.236.243.38 - - [24/Mar/2012:03:56:04 +0100] "GET /hirek/hirek100728.htm HTTP/1.1" 200 7560 "" "EC2LinkFinder"
204.236.243.38 - - [24/Mar/2012:03:56:06 +0100] "GET /hirek/hirek100420.htm HTTP/1.1" 200 7914 "" "EC2LinkFinder"
204.236.243.38 - - [24/Mar/2012:03:56:08 +0100] "GET /hirek/hirek100305.htm HTTP/1.1" 200 7091 "" "EC2LinkFinder"
204.236.243.38 - - [24/Mar/2012:03:56:10 +0100] "GET /hirek/hirek100225.htm HTTP/1.1" 200 7288 "" "EC2LinkFinder"
204.236.243.38 - - [24/Mar/2012:03:56:12 +0100] "GET /hirek/hirek091221.htm HTTP/1.1" 200 6740 "" "EC2LinkFinder"
204.236.243.38 - - [24/Mar/2012:03:56:13 +0100] "GET /hirek/hirek091103.htm HTTP/1.1" 200 7301 "" "EC2LinkFinder"
204.236.243.38 - - [24/Mar/2012:03:56:15 +0100] "GET /hirek/hirek091102.htm HTTP/1.1" 200 8538 "" "EC2LinkFinder"
204.236.243.38 - - [24/Mar/2012:03:56:17 +0100] "GET /hirek/hirek091015.htm HTTP/1.1" 200 7046 "" "EC2LinkFinder"
204.236.243.38 - - [24/Mar/2012:03:56:20 +0100] "GET /hirek/klimatv_civilcikk.doc HTTP/1.1" 200 78336 "" "EC2LinkFinder"
204.236.243.38 - - [24/Mar/2012:03:56:22 +0100] "GET /hirarchivum.htm HTTP/1.1" 200 24981 "" "EC2LinkFinder"
204.236.243.38 - - [24/Mar/2012:03:56:24 +0100] "GET /ncta.htm HTTP/1.1" 200 7221 "" "EC2LinkFinder"
204.236.243.38 - - [24/Mar/2012:03:56:26 +0100] "GET /jog/index.htm HTTP/1.1" 200 13138 "" "EC2LinkFinder"
204.236.243.38 - - [24/Mar/2012:03:56:28 +0100] "GET /bunt.htm HTTP/1.1" 200 5683 "" "EC2LinkFinder"
204.236.243.38 - - [24/Mar/2012:03:56:30 +0100] "GET /szakmai.htm HTTP/1.1" 200 6054 "" "EC2LinkFinder"
204.236.243.38 - - [24/Mar/2012:03:56:32 +0100] "GET /civilmuhely.htm HTTP/1.1" 200 8450 "" "EC2LinkFinder"
204.236.243.38 - - [24/Mar/2012:03:56:33 +0100] "GET /nca.htm HTTP/1.1" 200 7467 "" "EC2LinkFinder"
204.236.243.38 - - [24/Mar/2012:03:56:35 +0100] "GET /nka.htm HTTP/1.1" 200 6221 "" "EC2LinkFinder"
204.236.243.38 - - [24/Mar/2012:03:56:37 +0100] "GET /khb.htm HTTP/1.1" 200 8325 "" "EC2LinkFinder"
204.236.243.38 - - [24/Mar/2012:03:56:39 +0100] "GET /english/introduction.htm HTTP/1.1" 200 6502 "" "EC2LinkFinder"
204.236.243.38 - - [24/Mar/2012:03:56:41 +0100] "GET /english/programs.htm HTTP/1.1" 200 5614 "" "EC2LinkFinder"
204.236.243.38 - - [24/Mar/2012:03:56:43 +0100] "GET /english/contact.htm HTTP/1.1" 200 4601 "" "EC2LinkFinder"
204.236.243.38 - - [24/Mar/2012:03:56:45 +0100] "GET /deutsch/stellen.htm HTTP/1.1" 200 6824 "" "EC2LinkFinder"
204.236.243.38 - - [24/Mar/2012:03:56:47 +0100] "GET /deutsch/programme.htm HTTP/1.1" 200 6045 "" "EC2LinkFinder"
204.236.243.38 - - [24/Mar/2012:03:56:49 +0100] "GET /deutsch/kontakt.htm HTTP/1.1" 200 4769 "" "EC2LinkFinder"
204.236.243.38 - - [24/Mar/2012:03:56:51 +0100] "GET /fiok/fiok.html HTTP/1.1" 200 20723 "" "EC2LinkFinder"
204.236.243.38 - - [24/Mar/2012:03:56:53 +0100] "GET /fiok/news.html HTTP/1.1" 404 1181 "" "EC2LinkFinder"
204.236.243.38 - - [24/Mar/2012:03:56:55 +0100] "GET /fiok/images/nevadonk.JPG HTTP/1.1" 200 56167 "" "EC2LinkFinder"
204.236.243.38 - - [24/Mar/2012:03:56:57 +0100] "GET /fiok/mult.htm HTTP/1.1" 200 23227 "" "EC2LinkFinder"
204.236.243.38 - - [24/Mar/2012:03:56:59 +0100] "GET /fiok/programok.htm HTTP/1.1" 200 18165 "" "EC2LinkFinder"
204.236.243.38 - - [24/Mar/2012:03:57:01 +0100] "GET /fiok/kornyezet.htm HTTP/1.1" 200 22582 "" "EC2LinkFinder"
204.236.243.38 - - [24/Mar/2012:03:57:04 +0100] "GET /fiok/gazdasag.htm HTTP/1.1" 200 22480 "" "EC2LinkFinder"
95.108.248.30 - - [24/Mar/2012:04:34:40 +0100] "GET /hirek/klimatv_civilcikk.doc HTTP/1.1" 200 78336 "-" "Mozilla/5.0 (compatible; YandexBot/3.0; +http://yandex.com/bots)"
208.115.111.68 - - [24/Mar/2012:05:26:03 +0100] "GET /robots.txt HTTP/1.1" 404 1181 "-" "Mozilla/5.0 (compatible; Ezooms/1.0; ezooms.bot@gmail.com)"
95.108.248.30 - - [24/Mar/2012:06:22:49 +0100] "GET /robots.txt HTTP/1.1" 404 1181 "-" "Mozilla/5.0 (compatible; YandexBot/3.0; +http://yandex.com/bots)"
208.115.111.68 - - [24/Mar/2012:06:40:55 +0100] "GET /hirek/hirek090428.htm HTTP/1.1" 200 24808 "-" "Mozilla/5.0 (compatible; Ezooms/1.0; ezooms.bot@gmail.com)"
95.108.248.30 - - [24/Mar/2012:08:31:53 +0100] "GET /hirek/hirek091015.htm HTTP/1.1" 200 7046 "-" "Mozilla/5.0 (compatible; YandexBot/3.0; +http://yandex.com/bots)"
208.115.113.84 - - [24/Mar/2012:08:36:28 +0100] "GET /robots.txt HTTP/1.1" 404 1181 "-" "Mozilla/5.0 (compatible; Ezooms/1.0; ezooms.bot@gmail.com)"
208.115.111.68 - - [24/Mar/2012:08:42:50 +0100] "GET /robots.txt HTTP/1.1" 404 1181 "-" "Mozilla/5.0 (compatible; Ezooms/1.0; ezooms.bot@gmail.com)"
66.249.72.72 - - [24/Mar/2012:09:08:27 +0100] "GET /robots.txt HTTP/1.1" 404 1181 "-" "Mozilla/5.0 (compatible; Googlebot/2.1; +http://www.google.com/bot.html)"
66.249.72.72 - - [24/Mar/2012:09:08:28 +0100] "GET /hirarchivum.htm HTTP/1.1" 304 - "-" "Mozilla/5.0 (iPhone; U; CPU iPhone OS 4_1 like Mac OS X; en-us) AppleWebKit/532.9 (KHTML, like Gecko) Version/4.0.5 Mobile/8B117 Safari/6531.22.7 (compatible; Googlebot-Mobile/2.1; +http://www.google.com/bot.html)"
71.168.105.197 - - [24/Mar/2012:09:18:08 +0100] "GET /robots.txt HTTP/1.0" 404 1181 "-" "Mozilla/5.0 (compatible; MJ12bot/v1.4.2; http://www.majestic12.co.uk/bot.php?+)"
71.168.105.197 - - [24/Mar/2012:09:18:10 +0100] "GET /deutsch/index.htm HTTP/1.1" 200 5324 "-" "Mozilla/5.0 (compatible; MJ12bot/v1.4.2; http://www.majestic12.co.uk/bot.php?+)"
71.168.105.197 - - [24/Mar/2012:09:18:12 +0100] "GET /english/index.htm HTTP/1.1" 200 5262 "-" "Mozilla/5.0 (compatible; MJ12bot/v1.4.2; http://www.majestic12.co.uk/bot.php?+)"
71.168.105.197 - - [24/Mar/2012:09:18:14 +0100] "GET /fiok/index.html HTTP/1.1" 200 20554 "-" "Mozilla/5.0 (compatible; MJ12bot/v1.4.2; http://www.majestic12.co.uk/bot.php?+)"
71.168.105.197 - - [24/Mar/2012:09:18:17 +0100] "GET /hirarchivum.htm HTTP/1.1" 200 24981 "-" "Mozilla/5.0 (compatible; MJ12bot/v1.4.2; http://www.majestic12.co.uk/bot.php?+)"
71.168.105.197 - - [24/Mar/2012:09:18:20 +0100] "GET /hirek/hirek090301.htm HTTP/1.1" 200 7022 "-" "Mozilla/5.0 (compatible; MJ12bot/v1.4.2; http://www.majestic12.co.uk/bot.php?+)"
71.168.105.197 - - [24/Mar/2012:09:18:21 +0100] "GET /hirek/hirek090302.htm HTTP/1.1" 200 8452 "-" "Mozilla/5.0 (compatible; MJ12bot/v1.4.2; http://www.majestic12.co.uk/bot.php?+)"
71.168.105.197 - - [24/Mar/2012:09:18:23 +0100] "GET /hirek/hirek090303.htm HTTP/1.1" 200 7721 "-" "Mozilla/5.0 (compatible; MJ12bot/v1.4.2; http://www.majestic12.co.uk/bot.php?+)"
71.168.105.197 - - [24/Mar/2012:09:18:25 +0100] "GET /hirek/hirek090428.htm HTTP/1.1" 200 24808 "-" "Mozilla/5.0 (compatible; MJ12bot/v1.4.2; http://www.majestic12.co.uk/bot.php?+)"
71.168.105.197 - - [24/Mar/2012:09:18:27 +0100] "GET /hirek/hirek090509.htm HTTP/1.1" 200 7803 "-" "Mozilla/5.0 (compatible; MJ12bot/v1.4.2; http://www.majestic12.co.uk/bot.php?+)"
71.168.105.197 - - [24/Mar/2012:09:18:29 +0100] "GET /hirek/hirek090510.htm HTTP/1.1" 200 12743 "-" "Mozilla/5.0 (compatible; MJ12bot/v1.4.2; http://www.majestic12.co.uk/bot.php?+)"
71.168.105.197 - - [24/Mar/2012:09:18:31 +0100] "GET /hirek/hirek090602.htm HTTP/1.1" 200 7261 "-" "Mozilla/5.0 (compatible; MJ12bot/v1.4.2; http://www.majestic12.co.uk/bot.php?+)"
71.168.105.197 - - [24/Mar/2012:09:18:33 +0100] "GET /hirek/hirek090605.htm HTTP/1.1" 200 7994 "-" "Mozilla/5.0 (compatible; MJ12bot/v1.4.2; http://www.majestic12.co.uk/bot.php?+)"
71.168.105.197 - - [24/Mar/2012:09:18:35 +0100] "GET /hirek/hirek090619.htm HTTP/1.1" 200 7871 "-" "Mozilla/5.0 (compatible; MJ12bot/v1.4.2; http://www.majestic12.co.uk/bot.php?+)"
71.168.105.197 - - [24/Mar/2012:09:18:37 +0100] "GET /hirek/hirek090930.htm HTTP/1.1" 200 7044 "-" "Mozilla/5.0 (compatible; MJ12bot/v1.4.2; http://www.majestic12.co.uk/bot.php?+)"
71.168.105.197 - - [24/Mar/2012:09:18:39 +0100] "GET /hirek/hirek091015.htm HTTP/1.1" 200 7046 "-" "Mozilla/5.0 (compatible; MJ12bot/v1.4.2; http://www.majestic12.co.uk/bot.php?+)"
71.168.105.197 - - [24/Mar/2012:09:18:40 +0100] "GET /hirek/hirek091102.htm HTTP/1.1" 200 8538 "-" "Mozilla/5.0 (compatible; MJ12bot/v1.4.2; http://www.majestic12.co.uk/bot.php?+)"
71.168.105.197 - - [24/Mar/2012:09:18:42 +0100] "GET /hirek/hirek091103.htm HTTP/1.1" 200 7301 "-" "Mozilla/5.0 (compatible; MJ12bot/v1.4.2; http://www.majestic12.co.uk/bot.php?+)"
71.168.105.197 - - [24/Mar/2012:09:18:44 +0100] "GET /hirek/hirek091221.htm HTTP/1.1" 200 6740 "-" "Mozilla/5.0 (compatible; MJ12bot/v1.4.2; http://www.majestic12.co.uk/bot.php?+)"
71.168.105.197 - - [24/Mar/2012:09:18:46 +0100] "GET /hirek/hirek09_03.htm HTTP/1.1" 200 10810 "-" "Mozilla/5.0 (compatible; MJ12bot/v1.4.2; http://www.majestic12.co.uk/bot.php?+)"
71.168.105.197 - - [24/Mar/2012:09:18:48 +0100] "GET /hirek/hirek100225.htm HTTP/1.1" 200 7288 "-" "Mozilla/5.0 (compatible; MJ12bot/v1.4.2; http://www.majestic12.co.uk/bot.php?+)"
71.168.105.197 - - [24/Mar/2012:09:18:49 +0100] "GET /hirek/hirek100305.htm HTTP/1.1" 200 7091 "-" "Mozilla/5.0 (compatible; MJ12bot/v1.4.2; http://www.majestic12.co.uk/bot.php?+)"
71.168.105.197 - - [24/Mar/2012:09:18:51 +0100] "GET /hirek/hirek100420.htm HTTP/1.1" 200 7914 "-" "Mozilla/5.0 (compatible; MJ12bot/v1.4.2; http://www.majestic12.co.uk/bot.php?+)"
71.168.105.197 - - [24/Mar/2012:09:18:53 +0100] "GET /hirek/hirek100728.htm HTTP/1.1" 200 7560 "-" "Mozilla/5.0 (compatible; MJ12bot/v1.4.2; http://www.majestic12.co.uk/bot.php?+)"
71.168.105.197 - - [24/Mar/2012:09:18:55 +0100] "GET /hirek/hirek100804.htm HTTP/1.1" 200 8056 "-" "Mozilla/5.0 (compatible; MJ12bot/v1.4.2; http://www.majestic12.co.uk/bot.php?+)"
71.168.105.197 - - [24/Mar/2012:09:18:57 +0100] "GET /hirek/hirek100810.htm HTTP/1.1" 200 8123 "-" "Mozilla/5.0 (compatible; MJ12bot/v1.4.2; http://www.majestic12.co.uk/bot.php?+)"
71.168.105.197 - - [24/Mar/2012:09:18:58 +0100] "GET /hirek/hirek101025.htm HTTP/1.1" 200 8786 "-" "Mozilla/5.0 (compatible; MJ12bot/v1.4.2; http://www.majestic12.co.uk/bot.php?+)"
71.168.105.197 - - [24/Mar/2012:09:19:00 +0100] "GET /hirek/hirek101027.htm HTTP/1.1" 200 9627 "-" "Mozilla/5.0 (compatible; MJ12bot/v1.4.2; http://www.majestic12.co.uk/bot.php?+)"
71.168.105.197 - - [24/Mar/2012:09:19:02 +0100] "GET /hirek/hirek101213.htm HTTP/1.1" 200 8671 "-" "Mozilla/5.0 (compatible; MJ12bot/v1.4.2; http://www.majestic12.co.uk/bot.php?+)"
71.168.105.197 - - [24/Mar/2012:09:19:04 +0100] "GET /hirek09_03.htm HTTP/1.1" 200 10726 "-" "Mozilla/5.0 (compatible; MJ12bot/v1.4.2; http://www.majestic12.co.uk/bot.php?+)"
71.168.105.197 - - [24/Mar/2012:09:19:06 +0100] "GET /index.htm HTTP/1.1" 200 23794 "-" "Mozilla/5.0 (compatible; MJ12bot/v1.4.2; http://www.majestic12.co.uk/bot.php?+)"
71.168.105.197 - - [24/Mar/2012:09:19:08 +0100] "GET /kapcsolat.htm HTTP/1.1" 200 6889 "-" "Mozilla/5.0 (compatible; MJ12bot/v1.4.2; http://www.majestic12.co.uk/bot.php?+)"
71.168.105.197 - - [24/Mar/2012:09:19:10 +0100] "GET /magunkrol.htm HTTP/1.1" 200 9202 "-" "Mozilla/5.0 (compatible; MJ12bot/v1.4.2; http://www.majestic12.co.uk/bot.php?+)"
71.168.105.197 - - [24/Mar/2012:09:19:12 +0100] "GET /media.htm HTTP/1.1" 200 5208 "-" "Mozilla/5.0 (compatible; MJ12bot/v1.4.2; http://www.majestic12.co.uk/bot.php?+)"
71.168.105.197 - - [24/Mar/2012:09:19:13 +0100] "GET /programok.htm HTTP/1.1" 200 6416 "-" "Mozilla/5.0 (compatible; MJ12bot/v1.4.2; http://www.majestic12.co.uk/bot.php?+)"
208.115.113.84 - - [24/Mar/2012:09:28:23 +0100] "GET /nca.htm HTTP/1.1" 200 7467 "-" "Mozilla/5.0 (compatible; Ezooms/1.0; ezooms.bot@gmail.com)"
208.115.111.68 - - [24/Mar/2012:10:04:10 +0100] "GET /hirek/hirek09_02.htm HTTP/1.1" 200 7534 "-" "Mozilla/5.0 (compatible; Ezooms/1.0; ezooms.bot@gmail.com)"
95.108.248.30 - - [24/Mar/2012:10:38:22 +0100] "GET /deutsch/index.htm HTTP/1.1" 200 5324 "-" "Mozilla/5.0 (compatible; YandexBot/3.0; +http://yandex.com/bots)"
208.115.111.68 - - [24/Mar/2012:10:44:35 +0100] "GET /robots.txt HTTP/1.1" 404 1181 "-" "Mozilla/5.0 (compatible; Ezooms/1.0; ezooms.bot@gmail.com)"
77.20.4.67 - - [24/Mar/2012:10:44:45 +0100] "GET /magunkrol.htm HTTP/1.1" 200 9202 "-" "findlinks/2.0.2 (+http://wortschatz.uni-leipzig.de/findlinks/)"
208.115.111.68 - - [24/Mar/2012:10:54:28 +0100] "GET /fiok HTTP/1.1" 301 312 "-" "Mozilla/5.0 (compatible; Ezooms/1.0; ezooms.bot@gmail.com)"
95.108.248.30 - - [24/Mar/2012:11:32:45 +0100] "GET /hirek/hirek090930.htm HTTP/1.1" 200 7044 "-" "Mozilla/5.0 (compatible; YandexBot/3.0; +http://yandex.com/bots)"
95.108.248.30 - - [24/Mar/2012:13:51:12 +0100] "GET /hirek/jelentkezesi_lap.doc HTTP/1.1" 304 - "-" "Mozilla/5.0 (compatible; YandexBot/3.0; +http://yandex.com/bots)"
208.115.111.68 - - [24/Mar/2012:14:29:54 +0100] "GET /robots.txt HTTP/1.1" 404 1181 "-" "Mozilla/5.0 (compatible; Ezooms/1.0; ezooms.bot@gmail.com)"
95.108.248.30 - - [24/Mar/2012:14:54:32 +0100] "GET /deutsch/stellen.htm HTTP/1.1" 200 6824 "-" "Mozilla/5.0 (compatible; YandexBot/3.0; +http://yandex.com/bots)"
66.249.72.72 - - [24/Mar/2012:15:40:36 +0100] "GET /jog/index.htm HTTP/1.1" 200 13138 "-" "Mozilla/5.0 (iPhone; U; CPU iPhone OS 4_1 like Mac OS X; en-us) AppleWebKit/532.9 (KHTML, like Gecko) Version/4.0.5 Mobile/8B117 Safari/6531.22.7 (compatible; Googlebot-Mobile/2.1; +http://www.google.com/bot.html)"
208.115.111.68 - - [24/Mar/2012:15:44:27 +0100] "GET /fiok/program_reszek/lovaglas.htm HTTP/1.1" 200 21486 "-" "Mozilla/5.0 (compatible; Ezooms/1.0; ezooms.bot@gmail.com)"
208.115.111.68 - - [24/Mar/2012:15:44:38 +0100] "GET /ncta.htm HTTP/1.1" 200 7221 "-" "Mozilla/5.0 (compatible; Ezooms/1.0; ezooms.bot@gmail.com)"
66.249.72.72 - - [24/Mar/2012:15:47:36 +0100] "GET /jog/img/magyar_cimer.png HTTP/1.1" 200 1900 "http://www.beklen.hu/jog/index.htm" "Mozilla/5.0 (compatible; Googlebot/2.1; +http://www.google.com/bot.html)"
66.249.72.72 - - [24/Mar/2012:15:47:37 +0100] "GET /jog/img/320/sargarigo2.jpg HTTP/1.1" 200 17500 "http://www.beklen.hu/jog/index.htm" "Mozilla/5.0 (compatible; Googlebot/2.1; +http://www.google.com/bot.html)"
66.249.72.72 - - [24/Mar/2012:15:47:38 +0100] "GET /jog/img/nca_logo_.png HTTP/1.1" 200 7180 "http://www.beklen.hu/jog/index.htm" "Mozilla/5.0 (compatible; Googlebot/2.1; +http://www.google.com/bot.html)"
66.249.72.72 - - [24/Mar/2012:15:47:39 +0100] "GET /jog/images/menuitem.png HTTP/1.1" 200 20398 "http://www.beklen.hu/jog/index.htm" "Mozilla/5.0 (compatible; Googlebot/2.1; +http://www.google.com/bot.html)"
208.115.113.84 - - [24/Mar/2012:16:13:37 +0100] "GET /robots.txt HTTP/1.1" 404 1181 "-" "Mozilla/5.0 (compatible; Ezooms/1.0; ezooms.bot@gmail.com)"
87.194.162.194 - - [24/Mar/2012:16:34:32 +0100] "GET /robots.txt HTTP/1.0" 404 1181 "-" "Mozilla/5.0 (compatible; MJ12bot/v1.4.2; http://www.majestic12.co.uk/bot.php?+)"
87.194.162.194 - - [24/Mar/2012:16:34:34 +0100] "GET / HTTP/1.1" 200 23794 "-" "Mozilla/5.0 (compatible; MJ12bot/v1.4.2; http://www.majestic12.co.uk/bot.php?+)"
208.115.113.84 - - [24/Mar/2012:17:33:24 +0100] "GET /hirarchivum.htm HTTP/1.1" 200 24981 "-" "Mozilla/5.0 (compatible; Ezooms/1.0; ezooms.bot@gmail.com)"
95.108.248.30 - - [24/Mar/2012:18:06:33 +0100] "GET /programok.htm HTTP/1.1" 304 - "-" "Mozilla/5.0 (compatible; YandexBot/3.0; +http://yandex.com/bots)"
84.0.130.152 - - [24/Mar/2012:18:46:37 +0100] "GET / HTTP/1.1" 200 23794 "http://www.nimfea.hu/tagszervezeteink/index.htm" "Mozilla/4.0 (compatible; MSIE 8.0; Windows NT 5.1; Trident/4.0; InfoPath.1; AskTbORJ/5.13.1.18107)"
84.0.130.152 - - [24/Mar/2012:18:46:38 +0100] "GET /vill.cs HTTP/1.1" 200 2676 "http://www.beklen.hu/" "Mozilla/4.0 (compatible; MSIE 8.0; Windows NT 5.1; Trident/4.0; InfoPath.1; AskTbORJ/5.13.1.18107)"
84.0.130.152 - - [24/Mar/2012:18:46:38 +0100] "GET /vill.cs HTTP/1.1" 200 2676 "http://www.beklen.hu/" "Mozilla/4.0 (compatible; MSIE 8.0; Windows NT 5.1; Trident/4.0; InfoPath.1; AskTbORJ/5.13.1.18107)"
84.0.130.152 - - [24/Mar/2012:18:46:38 +0100] "GET /lb/js/prototype.js HTTP/1.1" 200 47603 "http://www.beklen.hu/" "Mozilla/4.0 (compatible; MSIE 8.0; Windows NT 5.1; Trident/4.0; InfoPath.1; AskTbORJ/5.13.1.18107)"
84.0.130.152 - - [24/Mar/2012:18:46:38 +0100] "GET /lb/js/scriptaculous.js?load=effects HTTP/1.1" 200 2152 "http://www.beklen.hu/" "Mozilla/4.0 (compatible; MSIE 8.0; Windows NT 5.1; Trident/4.0; InfoPath.1; AskTbORJ/5.13.1.18107)"
84.0.130.152 - - [24/Mar/2012:18:46:38 +0100] "GET /lb/js/effects.js HTTP/1.1" 200 31969 "http://www.beklen.hu/" "Mozilla/4.0 (compatible; MSIE 8.0; Windows NT 5.1; Trident/4.0; InfoPath.1; AskTbORJ/5.13.1.18107)"
84.0.130.152 - - [24/Mar/2012:18:46:39 +0100] "GET /lb/js/lightbox.js HTTP/1.1" 200 23424 "http://www.beklen.hu/" "Mozilla/4.0 (compatible; MSIE 8.0; Windows NT 5.1; Trident/4.0; InfoPath.1; AskTbORJ/5.13.1.18107)"
84.0.130.152 - - [24/Mar/2012:18:46:39 +0100] "GET /lb/css/lightbox.css HTTP/1.1" 200 1715 "http://www.beklen.hu/" "Mozilla/4.0 (compatible; MSIE 8.0; Windows NT 5.1; Trident/4.0; InfoPath.1; AskTbORJ/5.13.1.18107)"
84.0.130.152 - - [24/Mar/2012:18:46:39 +0100] "GET /bg.jpg HTTP/1.1" 200 566 "http://www.beklen.hu/" "Mozilla/4.0 (compatible; MSIE 8.0; Windows NT 5.1; Trident/4.0; InfoPath.1; AskTbORJ/5.13.1.18107)"
84.0.130.152 - - [24/Mar/2012:18:46:39 +0100] "GET /tm03_.jpg HTTP/1.1" 200 1787 "http://www.beklen.hu/" "Mozilla/4.0 (compatible; MSIE 8.0; Windows NT 5.1; Trident/4.0; InfoPath.1; AskTbORJ/5.13.1.18107)"
84.0.130.152 - - [24/Mar/2012:18:46:39 +0100] "GET /tm04_.jpg HTTP/1.1" 200 2058 "http://www.beklen.hu/" "Mozilla/4.0 (compatible; MSIE 8.0; Windows NT 5.1; Trident/4.0; InfoPath.1; AskTbORJ/5.13.1.18107)"
84.0.130.152 - - [24/Mar/2012:18:46:39 +0100] "GET /tm02.jpg HTTP/1.1" 200 1873 "http://www.beklen.hu/" "Mozilla/4.0 (compatible; MSIE 8.0; Windows NT 5.1; Trident/4.0; InfoPath.1; AskTbORJ/5.13.1.18107)"
84.0.130.152 - - [24/Mar/2012:18:46:39 +0100] "GET /tm06_.jpg HTTP/1.1" 200 1382 "http://www.beklen.hu/" "Mozilla/4.0 (compatible; MSIE 8.0; Windows NT 5.1; Trident/4.0; InfoPath.1; AskTbORJ/5.13.1.18107)"
84.0.130.152 - - [24/Mar/2012:18:46:39 +0100] "GET /tm07.jpg HTTP/1.1" 200 1007 "http://www.beklen.hu/" "Mozilla/4.0 (compatible; MSIE 8.0; Windows NT 5.1; Trident/4.0; InfoPath.1; AskTbORJ/5.13.1.18107)"
84.0.130.152 - - [24/Mar/2012:18:46:39 +0100] "GET /jog_honlap_.jpg HTTP/1.1" 200 7186 "http://www.beklen.hu/" "Mozilla/4.0 (compatible; MSIE 8.0; Windows NT 5.1; Trident/4.0; InfoPath.1; AskTbORJ/5.13.1.18107)"
84.0.130.152 - - [24/Mar/2012:18:46:39 +0100] "GET /tm01.jpg HTTP/1.1" 200 1080 "http://www.beklen.hu/" "Mozilla/4.0 (compatible; MSIE 8.0; Windows NT 5.1; Trident/4.0; InfoPath.1; AskTbORJ/5.13.1.18107)"
84.0.130.152 - - [24/Mar/2012:18:46:40 +0100] "GET /a1_projekt_tabla_infra_cs3_beklenhaz_.jpg HTTP/1.1" 200 8994 "http://www.beklen.hu/" "Mozilla/4.0 (compatible; MSIE 8.0; Windows NT 5.1; Trident/4.0; InfoPath.1; AskTbORJ/5.13.1.18107)"
84.0.130.152 - - [24/Mar/2012:18:46:40 +0100] "GET /tm05_.jpg HTTP/1.1" 200 1839 "http://www.beklen.hu/" "Mozilla/4.0 (compatible; MSIE 8.0; Windows NT 5.1; Trident/4.0; InfoPath.1; AskTbORJ/5.13.1.18107)"
84.0.130.152 - - [24/Mar/2012:18:46:40 +0100] "GET /bottom_main.jpg HTTP/1.1" 200 96820 "http://www.beklen.hu/" "Mozilla/4.0 (compatible; MSIE 8.0; Windows NT 5.1; Trident/4.0; InfoPath.1; AskTbORJ/5.13.1.18107)"
84.0.130.152 - - [24/Mar/2012:18:46:44 +0100] "GET /nimfea_project_250x250.gif HTTP/1.1" 200 2986583 "http://www.beklen.hu/" "Mozilla/4.0 (compatible; MSIE 8.0; Windows NT 5.1; Trident/4.0; InfoPath.1; AskTbORJ/5.13.1.18107)"
84.0.130.152 - - [24/Mar/2012:18:46:44 +0100] "GET /tm06.jpg HTTP/1.1" 200 1651 "http://www.beklen.hu/" "Mozilla/4.0 (compatible; MSIE 8.0; Windows NT 5.1; Trident/4.0; InfoPath.1; AskTbORJ/5.13.1.18107)"
84.0.130.152 - - [24/Mar/2012:18:46:45 +0100] "GET /favicon.ico HTTP/1.1" 404 1181 "-" "Mozilla/4.0 (compatible; MSIE 8.0; Windows NT 5.1; Trident/4.0; InfoPath.1; AskTbORJ/5.13.1.18107)"
84.0.130.152 - - [24/Mar/2012:18:46:45 +0100] "GET /tm04.jpg HTTP/1.1" 200 2613 "http://www.beklen.hu/" "Mozilla/4.0 (compatible; MSIE 8.0; Windows NT 5.1; Trident/4.0; InfoPath.1; AskTbORJ/5.13.1.18107)"
84.0.130.152 - - [24/Mar/2012:18:46:45 +0100] "GET /tm05.jpg HTTP/1.1" 200 2253 "http://www.beklen.hu/" "Mozilla/4.0 (compatible; MSIE 8.0; Windows NT 5.1; Trident/4.0; InfoPath.1; AskTbORJ/5.13.1.18107)"
84.0.130.152 - - [24/Mar/2012:18:46:46 +0100] "GET /tm06.jpg HTTP/1.1" 200 1651 "http://www.beklen.hu/" "Mozilla/4.0 (compatible; MSIE 8.0; Windows NT 5.1; Trident/4.0; InfoPath.1; AskTbORJ/5.13.1.18107)"
84.0.130.152 - - [24/Mar/2012:18:46:46 +0100] "GET /tm02_.jpg HTTP/1.1" 200 1524 "http://www.beklen.hu/" "Mozilla/4.0 (compatible; MSIE 8.0; Windows NT 5.1; Trident/4.0; InfoPath.1; AskTbORJ/5.13.1.18107)"
84.0.130.152 - - [24/Mar/2012:18:46:46 +0100] "GET /lb/images/closelabel.gif HTTP/1.1" 200 222 "http://www.beklen.hu/" "Mozilla/4.0 (compatible; MSIE 8.0; Windows NT 5.1; Trident/4.0; InfoPath.1; AskTbORJ/5.13.1.18107)"
84.0.130.152 - - [24/Mar/2012:18:46:47 +0100] "GET /lb/images/loading.gif HTTP/1.1" 200 2767 "http://www.beklen.hu/" "Mozilla/4.0 (compatible; MSIE 8.0; Windows NT 5.1; Trident/4.0; InfoPath.1; AskTbORJ/5.13.1.18107)"
84.0.130.152 - - [24/Mar/2012:18:46:47 +0100] "GET /tm03.jpg HTTP/1.1" 200 2212 "http://www.beklen.hu/" "Mozilla/4.0 (compatible; MSIE 8.0; Windows NT 5.1; Trident/4.0; InfoPath.1; AskTbORJ/5.13.1.18107)"
84.0.130.152 - - [24/Mar/2012:18:46:58 +0100] "GET /lb/images/blank.gif HTTP/1.1" 200 43 "http://www.beklen.hu/" "Mozilla/4.0 (compatible; MSIE 8.0; Windows NT 5.1; Trident/4.0; InfoPath.1; AskTbORJ/5.13.1.18107)"
84.0.130.152 - - [24/Mar/2012:18:46:58 +0100] "GET /fiok/index.html HTTP/1.1" 200 20554 "http://www.beklen.hu/" "Mozilla/4.0 (compatible; MSIE 8.0; Windows NT 5.1; Trident/4.0; InfoPath.1; AskTbORJ/5.13.1.18107)"
66.249.72.72 - - [24/Mar/2012:19:26:23 +0100] "GET /jog/jogszabalyok/kornyezetvedelmi_torveny.pdf HTTP/1.1" 200 245188 "-" "Mozilla/5.0 (compatible; Googlebot/2.1; +http://www.google.com/bot.html)"
77.20.158.103 - - [24/Mar/2012:20:10:16 +0100] "GET /hirek/hirek090428.htm HTTP/1.1" 200 24808 "-" "findlinks/2.0.2 (+http://wortschatz.uni-leipzig.de/findlinks/)"
95.108.248.30 - - [24/Mar/2012:23:42:07 +0100] "GET /deutsch/kontakt.htm HTTP/1.1" 200 4769 "-" "Mozilla/5.0 (compatible; YandexBot/3.0; +http://yandex.com/bots)"
208.115.113.84 - - [25/Mar/2012:00:05:11 +0100] "GET /robots.txt HTTP/1.1" 404 1181 "-" "Mozilla/5.0 (compatible; Ezooms/1.0; ezooms.bot@gmail.com)"
208.115.113.84 - - [25/Mar/2012:01:21:30 +0100] "GET /hirek/hirek09_03.htm HTTP/1.1" 200 10810 "-" "Mozilla/5.0 (compatible; Ezooms/1.0; ezooms.bot@gmail.com)"
208.115.111.68 - - [25/Mar/2012:01:45:07 +0100] "GET /robots.txt HTTP/1.1" 404 1181 "-" "Mozilla/5.0 (compatible; Ezooms/1.0; ezooms.bot@gmail.com)"
95.108.248.30 - - [25/Mar/2012:03:11:45 +0200] "GET /index.htm HTTP/1.1" 200 23794 "-" "Mozilla/5.0 (compatible; YandexBot/3.0; +http://yandex.com/bots)"
208.115.111.68 - - [25/Mar/2012:03:59:02 +0200] "GET /hirek09_02.htm HTTP/1.1" 200 7450 "-" "Mozilla/5.0 (compatible; Ezooms/1.0; ezooms.bot@gmail.com)"
208.115.111.68 - - [25/Mar/2012:03:59:13 +0200] "GET /nca10.htm HTTP/1.1" 200 16648 "-" "Mozilla/5.0 (compatible; Ezooms/1.0; ezooms.bot@gmail.com)"
208.115.113.84 - - [25/Mar/2012:04:24:14 +0200] "GET /robots.txt HTTP/1.1" 404 1181 "-" "Mozilla/5.0 (compatible; Ezooms/1.0; ezooms.bot@gmail.com)"
95.27.196.33 - - [25/Mar/2012:04:30:34 +0200] "GET / HTTP/1.0" 200 23794 "http://yandex.ru/yandsearch?text=beklen.hu" "Mozilla/4.0 (compatible; MSIE 6.0; Windows NT 5.1; SV1)"
95.27.196.33 - - [25/Mar/2012:04:30:34 +0200] "GET /vill.cs HTTP/1.0" 200 2676 "http://beklen.hu/" "Mozilla/4.0 (compatible; MSIE 6.0; Windows NT 5.1; SV1)"
95.27.196.33 - - [25/Mar/2012:04:30:35 +0200] "GET /lb/js/prototype.js HTTP/1.0" 200 47603 "http://beklen.hu/" "Mozilla/4.0 (compatible; MSIE 6.0; Windows NT 5.1; SV1)"
95.27.196.33 - - [25/Mar/2012:04:30:35 +0200] "GET /lb/js/scriptaculous.js?load=effects HTTP/1.0" 200 2152 "http://beklen.hu/" "Mozilla/4.0 (compatible; MSIE 6.0; Windows NT 5.1; SV1)"
95.27.196.33 - - [25/Mar/2012:04:30:35 +0200] "GET /lb/js/effects.js HTTP/1.0" 200 31969 "http://beklen.hu/" "Mozilla/4.0 (compatible; MSIE 6.0; Windows NT 5.1; SV1)"
95.27.196.33 - - [25/Mar/2012:04:30:36 +0200] "GET /lb/js/lightbox.js HTTP/1.0" 200 23424 "http://beklen.hu/" "Mozilla/4.0 (compatible; MSIE 6.0; Windows NT 5.1; SV1)"
95.27.196.33 - - [25/Mar/2012:04:30:36 +0200] "GET /lb/css/lightbox.css HTTP/1.0" 200 1715 "http://beklen.hu/" "Mozilla/4.0 (compatible; MSIE 6.0; Windows NT 5.1; SV1)"
208.115.113.84 - - [25/Mar/2012:05:42:45 +0200] "GET /index.htm HTTP/1.1" 200 23794 "-" "Mozilla/5.0 (compatible; Ezooms/1.0; ezooms.bot@gmail.com)"
77.20.158.103 - - [25/Mar/2012:05:53:50 +0200] "GET /fiok/program_reszek/erdei_iskola.htm HTTP/1.1" 200 21601 "-" "findlinks/2.0.2 (+http://wortschatz.uni-leipzig.de/findlinks/)"
95.108.248.30 - - [25/Mar/2012:06:02:55 +0200] "GET / HTTP/1.1" 200 23794 "-" "Mozilla/5.0 (compatible; YandexBot/3.0; +http://yandex.com/bots)"
77.20.4.67 - - [25/Mar/2012:06:20:04 +0200] "GET /fiok/program_reszek/lovaglas.htm HTTP/1.1" 200 21486 "-" "findlinks/2.0.2 (+http://wortschatz.uni-leipzig.de/findlinks/)"
141.105.120.150 - - [25/Mar/2012:07:32:04 +0200] "GET /robots.txt HTTP/1.0" 404 1181 "-" "Mozilla/5.0 (compatible; OpenindexDeepSpider/Nutch-1.5-dev; +http://www.openindex.io/en/webmasters/spider.html)"
141.105.120.150 - - [25/Mar/2012:07:32:04 +0200] "GET /jog/eseteink/korosladany/elso_feljelentes_rendorsegnek.pdf HTTP/1.0" 200 536446 "-" "Mozilla/5.0 (compatible; OpenindexDeepSpider/Nutch-1.5-dev; +http://www.openindex.io/en/webmasters/spider.html)"
141.105.120.150 - - [25/Mar/2012:07:32:10 +0200] "GET /jog/eseteink/korosladany/k\xc3\xb6zighivatalnak_lad\xc3\xa1ny.pdf HTTP/1.0" 404 1181 "-" "Mozilla/5.0 (compatible; OpenindexDeepSpider/Nutch-1.5-dev; +http://www.openindex.io/en/webmasters/spider.html)"
77.20.158.103 - - [25/Mar/2012:07:32:38 +0200] "GET /media.htm HTTP/1.1" 200 5208 "-" "findlinks/2.0.2 (+http://wortschatz.uni-leipzig.de/findlinks/)"
66.249.72.72 - - [25/Mar/2012:07:59:11 +0200] "GET /robots.txt HTTP/1.1" 404 1181 "-" "Mozilla/5.0 (compatible; Googlebot/2.1; +http://www.google.com/bot.html)"
66.249.72.72 - - [25/Mar/2012:07:59:11 +0200] "GET /hirek/hirek091221.htm HTTP/1.1" 304 - "-" "Mozilla/5.0 (iPhone; U; CPU iPhone OS 4_1 like Mac OS X; en-us) AppleWebKit/532.9 (KHTML, like Gecko) Version/4.0.5 Mobile/8B117 Safari/6531.22.7 (compatible; Googlebot-Mobile/2.1; +http://www.google.com/bot.html)"
66.249.72.225 - - [25/Mar/2012:08:26:11 +0200] "GET /robots.txt HTTP/1.1" 404 1181 "-" "Mozilla/5.0 (compatible; Googlebot/2.1; +http://www.google.com/bot.html)"
66.249.72.225 - - [25/Mar/2012:08:26:11 +0200] "GET / HTTP/1.1" 304 - "-" "Mozilla/5.0 (compatible; Googlebot/2.1; +http://www.google.com/bot.html)"
95.108.248.30 - - [25/Mar/2012:08:35:27 +0200] "GET /robots.txt HTTP/1.1" 404 1181 "-" "Mozilla/5.0 (compatible; YandexBot/3.0; +http://yandex.com/bots)"
208.115.111.68 - - [25/Mar/2012:09:46:46 +0200] "GET /robots.txt HTTP/1.1" 404 1181 "-" "Mozilla/5.0 (compatible; Ezooms/1.0; ezooms.bot@gmail.com)"
77.20.4.67 - - [25/Mar/2012:10:28:19 +0200] "GET /kapcsolat.htm HTTP/1.1" 200 6889 "-" "findlinks/2.0.2 (+http://wortschatz.uni-leipzig.de/findlinks/)"
208.115.111.68 - - [25/Mar/2012:10:59:58 +0200] "GET /hirek/hirek090215.htm HTTP/1.1" 200 9398 "-" "Mozilla/5.0 (compatible; Ezooms/1.0; ezooms.bot@gmail.com)"
145.236.207.62 - - [25/Mar/2012:11:28:18 +0200] "GET /jog/ HTTP/1.1" 200 13138 "-" "Mozilla/5.0 (Macintosh; Intel Mac OS X 10.6; rv:9.0.1) Gecko/20100101 Firefox/9.0.1"
145.236.207.62 - - [25/Mar/2012:11:28:18 +0200] "GET /jog/script.js HTTP/1.1" 200 5674 "http://www.beklen.hu/jog/" "Mozilla/5.0 (Macintosh; Intel Mac OS X 10.6; rv:9.0.1) Gecko/20100101 Firefox/9.0.1"
145.236.207.62 - - [25/Mar/2012:11:28:18 +0200] "GET /jog/style.css HTTP/1.1" 200 21413 "http://www.beklen.hu/jog/" "Mozilla/5.0 (Macintosh; Intel Mac OS X 10.6; rv:9.0.1) Gecko/20100101 Firefox/9.0.1"
145.236.207.62 - - [25/Mar/2012:11:28:18 +0200] "GET /jog/favicon.ico HTTP/1.1" 200 1150 "-" "Mozilla/5.0 (Macintosh; Intel Mac OS X 10.6; rv:9.0.1) Gecko/20100101 Firefox/9.0.1"
145.236.207.62 - - [25/Mar/2012:11:28:18 +0200] "GET /jog/img/320/sargarigo2.jpg HTTP/1.1" 200 17500 "http://www.beklen.hu/jog/" "Mozilla/5.0 (Macintosh; Intel Mac OS X 10.6; rv:9.0.1) Gecko/20100101 Firefox/9.0.1"
145.236.207.62 - - [25/Mar/2012:11:28:18 +0200] "GET /jog/img/nca_logo_.png HTTP/1.1" 200 7180 "http://www.beklen.hu/jog/" "Mozilla/5.0 (Macintosh; Intel Mac OS X 10.6; rv:9.0.1) Gecko/20100101 Firefox/9.0.1"
145.236.207.62 - - [25/Mar/2012:11:28:18 +0200] "GET /jog/jquery.js HTTP/1.1" 200 72174 "http://www.beklen.hu/jog/" "Mozilla/5.0 (Macintosh; Intel Mac OS X 10.6; rv:9.0.1) Gecko/20100101 Firefox/9.0.1"
