208.115.111.68 - - [13/Mar/2012:14:20:07 +0100] "GET / HTTP/1.1" 200 23794 "-" "Mozilla/5.0 (compatible; Ezooms/1.0; ezooms.bot@gmail.com)"
91.83.62.212 - - [13/Mar/2012:15:18:52 +0100] "GET /fiok/ HTTP/1.1" 200 20554 "-" "Java/1.6.0_26"
95.108.248.30 - - [13/Mar/2012:16:07:41 +0100] "GET /robots.txt HTTP/1.1" 404 1181 "-" "Mozilla/5.0 (compatible; YandexBot/3.0; +http://yandex.com/bots)"
95.108.248.30 - - [13/Mar/2012:16:07:43 +0100] "GET /media.htm HTTP/1.1" 200 5208 "-" "Mozilla/5.0 (compatible; YandexBot/3.0; +http://yandex.com/bots)"
213.186.127.13 - - [13/Mar/2012:16:14:41 +0100] "GET /fiok/program_reszek/konferancia.htm HTTP/1.1" 200 21668 "-" "Mozilla/5.0 (compatible; AhrefsBot/2.0; +http://ahrefs.com/robot/)"
193.225.93.58 - - [13/Mar/2012:16:19:11 +0100] "GET /jog/eseteink/derekegyhaza/kotvife_kekto_3.pdf HTTP/1.1" 200 136539 "http://www.google.hu/url?sa=t&rct=j&q=j%C3%A1noska%20ferenc&source=web&cd=283&ved=0CC0QFjACOJgC&url=http%3A%2F%2Fwww.beklen.hu%2Fjog%2Feseteink%2Fderekegyhaza%2Fkotvife_kekto_3.pdf&ei=WGVfT4zHIIbltQaTt-27CQ&usg=AFQjCNHBMxrQfMmkEGco64JX9fVv0Lhsnw" "Mozilla/5.0 (Windows NT 6.1; WOW64; rv:6.0.2) Gecko/20100101 Firefox/6.0.2"
193.225.93.58 - - [13/Mar/2012:16:19:12 +0100] "GET /favicon.ico HTTP/1.1" 404 1181 "-" "Mozilla/5.0 (Windows NT 6.1; WOW64; rv:6.0.2) Gecko/20100101 Firefox/6.0.2"
193.225.93.58 - - [13/Mar/2012:16:19:12 +0100] "GET /favicon.ico HTTP/1.1" 404 1181 "-" "Mozilla/5.0 (Windows NT 6.1; WOW64; rv:6.0.2) Gecko/20100101 Firefox/6.0.2"
193.225.93.58 - - [13/Mar/2012:16:19:12 +0100] "GET /favicon.ico HTTP/1.1" 404 1181 "-" "Mozilla/5.0 (Windows NT 6.1; WOW64; rv:6.0.2) Gecko/20100101 Firefox/6.0.2"
193.47.80.41 - - [13/Mar/2012:17:01:44 +0100] "GET /magunkrol.htm HTTP/1.1" 304 - "-" "Mozilla/5.0 (compatible; Exabot/3.0; +http://www.exabot.com/go/robot)"
95.108.248.30 - - [13/Mar/2012:19:02:27 +0100] "GET /hirek/Natura_2000es_gyepgazdalkodas_eloirasai.ppt HTTP/1.1" 304 - "-" "Mozilla/5.0 (compatible; YandexBot/3.0; +http://yandex.com/bots)"
77.21.147.115 - - [13/Mar/2012:20:56:09 +0100] "GET /robots.txt HTTP/1.1" 404 1181 "-" "findlinks/2.0.2 (+http://wortschatz.uni-leipzig.de/findlinks/)"
208.115.111.68 - - [13/Mar/2012:22:16:42 +0100] "GET /robots.txt HTTP/1.1" 404 1181 "-" "Mozilla/5.0 (compatible; Ezooms/1.0; ezooms.bot@gmail.com)"
208.115.111.68 - - [13/Mar/2012:22:26:26 +0100] "GET /fiok/ HTTP/1.1" 200 20554 "-" "Mozilla/5.0 (compatible; Ezooms/1.0; ezooms.bot@gmail.com)"
208.115.111.68 - - [13/Mar/2012:23:42:19 +0100] "GET /deutsch/stellen.htm HTTP/1.1" 200 6824 "-" "Mozilla/5.0 (compatible; Ezooms/1.0; ezooms.bot@gmail.com)"
95.108.248.30 - - [14/Mar/2012:00:34:45 +0100] "GET / HTTP/1.1" 200 23794 "-" "Mozilla/5.0 (compatible; YandexBot/3.0; +http://yandex.com/bots)"
95.108.248.30 - - [14/Mar/2012:00:40:14 +0100] "GET /magunkrol.htm HTTP/1.1" 200 9202 "-" "Mozilla/5.0 (compatible; YandexBot/3.0; +http://yandex.com/bots)"
95.108.248.30 - - [14/Mar/2012:00:40:16 +0100] "GET /hirek/hirek090302.htm HTTP/1.1" 200 8452 "-" "Mozilla/5.0 (compatible; YandexBot/3.0; +http://yandex.com/bots)"
95.108.248.30 - - [14/Mar/2012:00:40:19 +0100] "GET /hirek/Microsoft%20Word%20-%20csongradi%20duzzaszto%20velemeny%202009.06.11..doc.pdf HTTP/1.1" 200 321155 "-" "Mozilla/5.0 (compatible; YandexBot/3.0; +http://yandex.com/bots)"
208.115.111.68 - - [14/Mar/2012:01:42:35 +0100] "GET /robots.txt HTTP/1.1" 404 1181 "-" "Mozilla/5.0 (compatible; Ezooms/1.0; ezooms.bot@gmail.com)"
95.108.248.30 - - [14/Mar/2012:01:51:22 +0100] "GET /hirarchivum.htm HTTP/1.1" 304 - "-" "Mozilla/5.0 (compatible; YandexBot/3.0; +http://yandex.com/bots)"
208.115.111.68 - - [14/Mar/2012:02:55:33 +0100] "GET /civilmuhely.htm HTTP/1.1" 200 8450 "-" "Mozilla/5.0 (compatible; Ezooms/1.0; ezooms.bot@gmail.com)"
213.186.127.13 - - [14/Mar/2012:03:29:42 +0100] "GET /fiok/program_reszek/csaladbarat.htm HTTP/1.1" 200 20928 "-" "Mozilla/5.0 (compatible; AhrefsBot/2.0; +http://ahrefs.com/robot/)"
207.46.195.237 - - [14/Mar/2012:04:25:29 +0100] "GET /robots.txt HTTP/1.1" 404 1181 "-" "Mozilla/5.0 (compatible; bingbot/2.0; +http://www.bing.com/bingbot.htm)"
208.115.111.68 - - [14/Mar/2012:05:00:47 +0100] "GET /robots.txt HTTP/1.1" 404 1181 "-" "Mozilla/5.0 (compatible; Ezooms/1.0; ezooms.bot@gmail.com)"
208.115.111.68 - - [14/Mar/2012:06:23:46 +0100] "GET /robots.txt HTTP/1.1" 404 1181 "-" "Mozilla/5.0 (compatible; Ezooms/1.0; ezooms.bot@gmail.com)"
207.46.13.100 - - [14/Mar/2012:07:03:12 +0100] "GET /index.htm HTTP/1.1" 200 23794 "-" "Mozilla/5.0 (compatible; bingbot/2.0; +http://www.bing.com/bingbot.htm)"
95.108.248.30 - - [14/Mar/2012:07:22:46 +0100] "GET /hirek/hirek09_03.htm HTTP/1.1" 200 10810 "-" "Mozilla/5.0 (compatible; YandexBot/3.0; +http://yandex.com/bots)"
213.186.127.13 - - [14/Mar/2012:07:25:47 +0100] "GET /fiok/gazdasag.htm HTTP/1.1" 200 22480 "-" "Mozilla/5.0 (compatible; AhrefsBot/2.0; +http://ahrefs.com/robot/)"
95.108.248.30 - - [14/Mar/2012:07:26:24 +0100] "GET /hirek/hirek090510.htm HTTP/1.1" 200 12743 "-" "Mozilla/5.0 (compatible; YandexBot/3.0; +http://yandex.com/bots)"
95.108.248.30 - - [14/Mar/2012:07:26:41 +0100] "GET /english/index.htm HTTP/1.1" 200 5262 "-" "Mozilla/5.0 (compatible; YandexBot/3.0; +http://yandex.com/bots)"
95.108.248.30 - - [14/Mar/2012:07:26:43 +0100] "GET /hirek/klimatv_civilcikk.doc HTTP/1.1" 200 78336 "-" "Mozilla/5.0 (compatible; YandexBot/3.0; +http://yandex.com/bots)"
95.108.248.30 - - [14/Mar/2012:07:37:40 +0100] "GET /media.htm HTTP/1.1" 200 5208 "-" "Mozilla/5.0 (compatible; YandexBot/3.0; +http://yandex.com/bots)"
208.115.111.68 - - [14/Mar/2012:07:40:29 +0100] "GET /fiok/program_reszek/turazas.htm HTTP/1.1" 200 22754 "-" "Mozilla/5.0 (compatible; Ezooms/1.0; ezooms.bot@gmail.com)"
95.108.248.30 - - [14/Mar/2012:07:48:38 +0100] "GET /hirek/hirek091015.htm HTTP/1.1" 200 7046 "-" "Mozilla/5.0 (compatible; YandexBot/3.0; +http://yandex.com/bots)"
121.254.173.130 - - [14/Mar/2012:08:25:18 +0100] "GET / HTTP/1.0" 200 23794 "-" "Mozilla/4.0 (compatible; MSIE 7.0; Windows NT 5.1; .NET CLR 2.0.50727; .NET CLR 1.1.4322)"
121.254.173.130 - - [14/Mar/2012:08:25:19 +0100] "GET /deutsch/index.htm HTTP/1.0" 200 5324 "-" "Mozilla/4.0 (compatible; MSIE 7.0; Windows NT 5.1; .NET CLR 2.0.50727; .NET CLR 1.1.4322)"
121.254.173.130 - - [14/Mar/2012:08:25:20 +0100] "GET /index.htm HTTP/1.0" 200 23794 "-" "Mozilla/4.0 (compatible; MSIE 7.0; Windows NT 5.1; .NET CLR 2.0.50727; .NET CLR 1.1.4322)"
121.254.173.130 - - [14/Mar/2012:08:25:22 +0100] "GET /hirek/hirek100804.htm HTTP/1.0" 200 8056 "-" "Mozilla/4.0 (compatible; MSIE 7.0; Windows NT 5.1; .NET CLR 2.0.50727; .NET CLR 1.1.4322)"
121.254.173.130 - - [14/Mar/2012:08:25:23 +0100] "GET /hirek/hirek091221.htm HTTP/1.0" 200 6740 "-" "Mozilla/4.0 (compatible; MSIE 7.0; Windows NT 5.1; .NET CLR 2.0.50727; .NET CLR 1.1.4322)"
121.254.173.130 - - [14/Mar/2012:08:25:24 +0100] "GET /hirek/hirek120120.htm HTTP/1.0" 200 6634 "-" "Mozilla/4.0 (compatible; MSIE 7.0; Windows NT 5.1; .NET CLR 2.0.50727; .NET CLR 1.1.4322)"
121.254.173.130 - - [14/Mar/2012:08:25:24 +0100] "GET /hirarchivum.htm HTTP/1.0" 200 24981 "-" "Mozilla/4.0 (compatible; MSIE 7.0; Windows NT 5.1; .NET CLR 2.0.50727; .NET CLR 1.1.4322)"
121.254.173.130 - - [14/Mar/2012:08:25:25 +0100] "GET /hirek/hirek100420.htm HTTP/1.0" 200 7914 "-" "Mozilla/4.0 (compatible; MSIE 7.0; Windows NT 5.1; .NET CLR 2.0.50727; .NET CLR 1.1.4322)"
121.254.173.130 - - [14/Mar/2012:08:25:26 +0100] "GET /hirek/hirek100810.htm HTTP/1.0" 200 8123 "-" "Mozilla/4.0 (compatible; MSIE 7.0; Windows NT 5.1; .NET CLR 2.0.50727; .NET CLR 1.1.4322)"
121.254.173.130 - - [14/Mar/2012:08:25:26 +0100] "GET /deutsch/programme.htm HTTP/1.0" 200 6045 "-" "Mozilla/4.0 (compatible; MSIE 7.0; Windows NT 5.1; .NET CLR 2.0.50727; .NET CLR 1.1.4322)"
121.254.173.130 - - [14/Mar/2012:08:25:27 +0100] "GET /deutsch/kontakt.htm HTTP/1.0" 200 4769 "-" "Mozilla/4.0 (compatible; MSIE 7.0; Windows NT 5.1; .NET CLR 2.0.50727; .NET CLR 1.1.4322)"
121.254.173.130 - - [14/Mar/2012:08:25:28 +0100] "GET /hirek/fiok/index.html HTTP/1.0" 404 1181 "-" "Mozilla/4.0 (compatible; MSIE 7.0; Windows NT 5.1; .NET CLR 2.0.50727; .NET CLR 1.1.4322)"
121.254.173.130 - - [14/Mar/2012:08:25:29 +0100] "GET /hirek/hirek090215.htm HTTP/1.0" 200 9398 "-" "Mozilla/4.0 (compatible; MSIE 7.0; Windows NT 5.1; .NET CLR 2.0.50727; .NET CLR 1.1.4322)"
121.254.173.130 - - [14/Mar/2012:08:25:30 +0100] "GET /hirek/hirek08_11.htm HTTP/1.0" 200 7337 "-" "Mozilla/4.0 (compatible; MSIE 7.0; Windows NT 5.1; .NET CLR 2.0.50727; .NET CLR 1.1.4322)"
208.115.113.84 - - [14/Mar/2012:08:42:50 +0100] "GET /robots.txt HTTP/1.1" 404 1181 "-" "Mozilla/5.0 (compatible; Ezooms/1.0; ezooms.bot@gmail.com)"
66.249.66.212 - - [14/Mar/2012:08:43:43 +0100] "GET /robots.txt HTTP/1.1" 404 1181 "-" "Mozilla/5.0 (compatible; Googlebot/2.1; +http://www.google.com/bot.html)"
66.249.66.212 - - [14/Mar/2012:08:43:43 +0100] "GET /fiok/kornyezet.htm HTTP/1.1" 304 - "-" "Mozilla/5.0 (compatible; Googlebot/2.1; +http://www.google.com/bot.html)"
208.115.113.84 - - [14/Mar/2012:09:56:23 +0100] "GET /hirek/hirek090303.htm HTTP/1.1" 200 7721 "-" "Mozilla/5.0 (compatible; Ezooms/1.0; ezooms.bot@gmail.com)"
141.105.120.152 - - [14/Mar/2012:10:11:41 +0100] "GET /robots.txt HTTP/1.0" 404 1181 "-" "Mozilla/5.0 (compatible; OpenindexDeepSpider/Nutch-1.5-dev; +http://www.openindex.io/en/webmasters/spider.html)"
208.115.111.68 - - [14/Mar/2012:10:13:56 +0100] "GET /robots.txt HTTP/1.1" 404 1181 "-" "Mozilla/5.0 (compatible; Ezooms/1.0; ezooms.bot@gmail.com)"
77.20.4.67 - - [14/Mar/2012:10:15:33 +0100] "GET /fiok/program_reszek/taborok.htm HTTP/1.1" 200 23942 "-" "findlinks/2.0.2 (+http://wortschatz.uni-leipzig.de/findlinks/)"
141.105.120.152 - - [14/Mar/2012:10:53:08 +0100] "GET /jog/eseteink/korosladany/index.htm HTTP/1.0" 200 30481 "-" "Mozilla/5.0 (compatible; OpenindexDeepSpider/Nutch-1.5-dev; +http://www.openindex.io/en/webmasters/spider.html)"
188.165.248.204 - - [14/Mar/2012:10:57:37 +0100] "GET /robots.txt HTTP/1.0" 404 1181 "-" "Mozilla/5.0 (compatible; MJ12bot/v1.4.2; http://www.majestic12.co.uk/bot.php?+)"
188.165.248.204 - - [14/Mar/2012:10:57:39 +0100] "GET / HTTP/1.0" 200 23794 "-" "Mozilla/5.0 (compatible; MJ12bot/v1.4.2; http://www.majestic12.co.uk/bot.php?+)"
88.131.106.1 - - [14/Mar/2012:11:17:45 +0100] "GET /robots.txt HTTP/1.0" 404 1181 "-" "Mozilla/5.0 (Windows; U; Windows NT 5.1; en-US) Speedy Spider (http://www.entireweb.com/about/search_tech/speedy_spider/)"
88.131.106.7 - - [14/Mar/2012:11:17:50 +0100] "GET /hirek/hirek091103.htm HTTP/1.0" 200 7301 "-" "Mozilla/5.0 (Windows; U; Windows NT 5.1; en-US) Speedy Spider (http://www.entireweb.com/about/search_tech/speedy_spider/)"
66.249.66.212 - - [14/Mar/2012:11:18:41 +0100] "GET /hirek/hirek100225.htm HTTP/1.1" 200 7288 "-" "Mozilla/5.0 (compatible; Googlebot/2.1; +http://www.google.com/bot.html)"
65.52.109.151 - - [14/Mar/2012:11:53:10 +0100] "GET /hirek/Microsoft%20Word%20-%20csongradi%20duzzaszto%20velemeny%202009.06.11..doc.pdf HTTP/1.1" 200 321155 "-" "Mozilla/5.0 (compatible; bingbot/2.0; +http://www.bing.com/bingbot.htm)"
208.115.111.68 - - [14/Mar/2012:11:54:00 +0100] "GET /hirek/hirek090302.htm HTTP/1.1" 200 8452 "-" "Mozilla/5.0 (compatible; Ezooms/1.0; ezooms.bot@gmail.com)"
109.123.117.146 - - [14/Mar/2012:12:13:15 +0100] "GET http://www.beklen.hu/robots.txt HTTP/1.0" 404 1181 "-" "Mozilla/5.0 (compatible; SWEBot/1.0; +http://swebot.net)"
141.105.120.154 - - [14/Mar/2012:12:28:05 +0100] "GET /robots.txt HTTP/1.0" 404 1181 "-" "Mozilla/5.0 (compatible; OpenindexDeepSpider/Nutch-1.5-dev; +http://www.openindex.io/en/webmasters/spider.html)"
141.105.120.154 - - [14/Mar/2012:12:28:05 +0100] "GET /jog/jogszabalyok/polgari_perrendtartas_xx_fejezet.pdf HTTP/1.0" 404 1181 "-" "Mozilla/5.0 (compatible; OpenindexDeepSpider/Nutch-1.5-dev; +http://www.openindex.io/en/webmasters/spider.html)"
176.241.23.250 - - [14/Mar/2012:12:44:33 +0100] "GET / HTTP/1.1" 200 23794 "http://www.nimfea.hu/tagszervezeteink/index.htm" "Opera/9.80 (Windows NT 5.1; U; hu) Presto/2.10.229 Version/11.61"
176.241.23.250 - - [14/Mar/2012:12:44:33 +0100] "GET /vill.cs HTTP/1.1" 200 2676 "http://www.beklen.hu/" "Opera/9.80 (Windows NT 5.1; U; hu) Presto/2.10.229 Version/11.61"
176.241.23.250 - - [14/Mar/2012:12:44:33 +0100] "GET /lb/css/lightbox.css HTTP/1.1" 200 1715 "http://www.beklen.hu/" "Opera/9.80 (Windows NT 5.1; U; hu) Presto/2.10.229 Version/11.61"
176.241.23.250 - - [14/Mar/2012:12:44:33 +0100] "GET /lb/js/scriptaculous.js?load=effects HTTP/1.1" 200 2152 "http://www.beklen.hu/" "Opera/9.80 (Windows NT 5.1; U; hu) Presto/2.10.229 Version/11.61"
176.241.23.250 - - [14/Mar/2012:12:44:33 +0100] "GET /lb/js/lightbox.js HTTP/1.1" 200 23424 "http://www.beklen.hu/" "Opera/9.80 (Windows NT 5.1; U; hu) Presto/2.10.229 Version/11.61"
176.241.23.250 - - [14/Mar/2012:12:44:34 +0100] "GET /lb/js/prototype.js HTTP/1.1" 200 47603 "http://www.beklen.hu/" "Opera/9.80 (Windows NT 5.1; U; hu) Presto/2.10.229 Version/11.61"
176.241.23.250 - - [14/Mar/2012:12:44:34 +0100] "GET /lb/js/effects.js HTTP/1.1" 200 31969 "http://www.beklen.hu/" "Opera/9.80 (Windows NT 5.1; U; hu) Presto/2.10.229 Version/11.61"
176.241.23.250 - - [14/Mar/2012:12:44:34 +0100] "GET /favicon.ico HTTP/1.1" 404 1181 "http://www.beklen.hu/" "Opera/9.80 (Windows NT 5.1; U; hu) Presto/2.10.229 Version/11.61"
176.241.23.250 - - [14/Mar/2012:12:44:34 +0100] "GET /tm01.jpg HTTP/1.1" 200 1080 "http://www.beklen.hu/" "Opera/9.80 (Windows NT 5.1; U; hu) Presto/2.10.229 Version/11.61"
176.241.23.250 - - [14/Mar/2012:12:44:34 +0100] "GET /tm02.jpg HTTP/1.1" 200 1873 "http://www.beklen.hu/" "Opera/9.80 (Windows NT 5.1; U; hu) Presto/2.10.229 Version/11.61"
176.241.23.250 - - [14/Mar/2012:12:44:34 +0100] "GET /tm03_.jpg HTTP/1.1" 200 1787 "http://www.beklen.hu/" "Opera/9.80 (Windows NT 5.1; U; hu) Presto/2.10.229 Version/11.61"
176.241.23.250 - - [14/Mar/2012:12:44:34 +0100] "GET /tm05_.jpg HTTP/1.1" 200 1839 "http://www.beklen.hu/" "Opera/9.80 (Windows NT 5.1; U; hu) Presto/2.10.229 Version/11.61"
176.241.23.250 - - [14/Mar/2012:12:44:34 +0100] "GET /tm06_.jpg HTTP/1.1" 200 1382 "http://www.beklen.hu/" "Opera/9.80 (Windows NT 5.1; U; hu) Presto/2.10.229 Version/11.61"
176.241.23.250 - - [14/Mar/2012:12:44:34 +0100] "GET /tm07.jpg HTTP/1.1" 200 1007 "http://www.beklen.hu/" "Opera/9.80 (Windows NT 5.1; U; hu) Presto/2.10.229 Version/11.61"
176.241.23.250 - - [14/Mar/2012:12:44:34 +0100] "GET /tm04_.jpg HTTP/1.1" 200 2058 "http://www.beklen.hu/" "Opera/9.80 (Windows NT 5.1; U; hu) Presto/2.10.229 Version/11.61"
176.241.23.250 - - [14/Mar/2012:12:44:34 +0100] "GET /a1_projekt_tabla_infra_cs3_beklenhaz_.jpg HTTP/1.1" 200 8994 "http://www.beklen.hu/" "Opera/9.80 (Windows NT 5.1; U; hu) Presto/2.10.229 Version/11.61"
176.241.23.250 - - [14/Mar/2012:12:44:34 +0100] "GET /a1_projekt_tabla_infra_cs3_beklenhaz_.jpg HTTP/1.1" 200 8994 "http://www.beklen.hu/" "Opera/9.80 (Windows NT 5.1; U; hu) Presto/2.10.229 Version/11.61"
176.241.23.250 - - [14/Mar/2012:12:44:34 +0100] "GET /bg.jpg HTTP/1.1" 200 566 "http://www.beklen.hu/" "Opera/9.80 (Windows NT 5.1; U; hu) Presto/2.10.229 Version/11.61"
176.241.23.250 - - [14/Mar/2012:12:44:34 +0100] "GET /jog_honlap_.jpg HTTP/1.1" 200 7186 "http://www.beklen.hu/" "Opera/9.80 (Windows NT 5.1; U; hu) Presto/2.10.229 Version/11.61"
176.241.23.250 - - [14/Mar/2012:12:44:34 +0100] "GET /jog_honlap_.jpg HTTP/1.1" 200 7186 "http://www.beklen.hu/" "Opera/9.80 (Windows NT 5.1; U; hu) Presto/2.10.229 Version/11.61"
176.241.23.250 - - [14/Mar/2012:12:44:35 +0100] "GET /bottom_main.jpg HTTP/1.1" 200 96820 "http://www.beklen.hu/" "Opera/9.80 (Windows NT 5.1; U; hu) Presto/2.10.229 Version/11.61"
176.241.23.250 - - [14/Mar/2012:12:44:39 +0100] "GET /nimfea_project_250x250.gif HTTP/1.1" 200 2986583 "http://www.beklen.hu/" "Opera/9.80 (Windows NT 5.1; U; hu) Presto/2.10.229 Version/11.61"
176.241.23.250 - - [14/Mar/2012:12:44:39 +0100] "GET /tm02_.jpg HTTP/1.1" 200 1524 "http://www.beklen.hu/" "Opera/9.80 (Windows NT 5.1; U; hu) Presto/2.10.229 Version/11.61"
176.241.23.250 - - [14/Mar/2012:12:44:39 +0100] "GET /lb/images/closelabel.gif HTTP/1.1" 200 222 "http://www.beklen.hu/" "Opera/9.80 (Windows NT 5.1; U; hu) Presto/2.10.229 Version/11.61"
176.241.23.250 - - [14/Mar/2012:12:44:39 +0100] "GET /lb/images/loading.gif HTTP/1.1" 200 2767 "http://www.beklen.hu/" "Opera/9.80 (Windows NT 5.1; U; hu) Presto/2.10.229 Version/11.61"
176.241.23.250 - - [14/Mar/2012:12:44:39 +0100] "GET /tm04.jpg HTTP/1.1" 200 2613 "http://www.beklen.hu/" "Opera/9.80 (Windows NT 5.1; U; hu) Presto/2.10.229 Version/11.61"
176.241.23.250 - - [14/Mar/2012:12:44:39 +0100] "GET /tm05.jpg HTTP/1.1" 200 2253 "http://www.beklen.hu/" "Opera/9.80 (Windows NT 5.1; U; hu) Presto/2.10.229 Version/11.61"
176.241.23.250 - - [14/Mar/2012:12:44:39 +0100] "GET /tm06.jpg HTTP/1.1" 200 1651 "http://www.beklen.hu/" "Opera/9.80 (Windows NT 5.1; U; hu) Presto/2.10.229 Version/11.61"
176.241.23.250 - - [14/Mar/2012:12:44:39 +0100] "GET /tm03.jpg HTTP/1.1" 200 2212 "http://www.beklen.hu/" "Opera/9.80 (Windows NT 5.1; U; hu) Presto/2.10.229 Version/11.61"
176.241.23.250 - - [14/Mar/2012:12:44:39 +0100] "GET /tm03.jpg HTTP/1.1" 200 2212 "http://www.beklen.hu/" "Opera/9.80 (Windows NT 5.1; U; hu) Presto/2.10.229 Version/11.61"
176.241.23.250 - - [14/Mar/2012:12:44:43 +0100] "GET /a1_projekt_tabla_infra_cs3_beklenhaz.jpg HTTP/1.1" 200 73344 "http://www.beklen.hu/" "Opera/9.80 (Windows NT 5.1; U; hu) Presto/2.10.229 Version/11.61"
176.241.23.250 - - [14/Mar/2012:12:44:54 +0100] "GET /hirek/hirek101025.htm HTTP/1.1" 200 8786 "http://www.beklen.hu/" "Opera/9.80 (Windows NT 5.1; U; hu) Presto/2.10.229 Version/11.61"
176.241.23.250 - - [14/Mar/2012:12:44:54 +0100] "GET /images/nfuszolnoknorveg.JPG HTTP/1.1" 200 13113 "http://www.beklen.hu/hirek/hirek101025.htm" "Opera/9.80 (Windows NT 5.1; U; hu) Presto/2.10.229 Version/11.61"
176.241.23.250 - - [14/Mar/2012:12:44:54 +0100] "GET /hirek/printscreenek/oktatokozpont.JPG HTTP/1.1" 200 119626 "http://www.beklen.hu/hirek/hirek101025.htm" "Opera/9.80 (Windows NT 5.1; U; hu) Presto/2.10.229 Version/11.61"
176.241.23.250 - - [14/Mar/2012:12:44:58 +0100] "GET /fiok/index.html HTTP/1.1" 200 20554 "http://www.beklen.hu/hirek/hirek101025.htm" "Opera/9.80 (Windows NT 5.1; U; hu) Presto/2.10.229 Version/11.61"
176.241.23.250 - - [14/Mar/2012:12:44:58 +0100] "GET /fiok/css/js/scriptaculous.js?load=effects HTTP/1.1" 200 2152 "http://www.beklen.hu/fiok/index.html" "Opera/9.80 (Windows NT 5.1; U; hu) Presto/2.10.229 Version/11.61"
176.241.23.250 - - [14/Mar/2012:12:44:58 +0100] "GET /fiok/css/lightbox.css HTTP/1.1" 200 1715 "http://www.beklen.hu/fiok/index.html" "Opera/9.80 (Windows NT 5.1; U; hu) Presto/2.10.229 Version/11.61"
176.241.23.250 - - [14/Mar/2012:12:44:58 +0100] "GET /fiok/css/js/lightbox.js HTTP/1.1" 200 23424 "http://www.beklen.hu/fiok/index.html" "Opera/9.80 (Windows NT 5.1; U; hu) Presto/2.10.229 Version/11.61"
176.241.23.250 - - [14/Mar/2012:12:44:58 +0100] "GET /fiok/css/js/prototype.js HTTP/1.1" 200 47603 "http://www.beklen.hu/fiok/index.html" "Opera/9.80 (Windows NT 5.1; U; hu) Presto/2.10.229 Version/11.61"
176.241.23.250 - - [14/Mar/2012:12:44:58 +0100] "GET /fiok/css/js/effects.js HTTP/1.1" 200 31969 "http://www.beklen.hu/fiok/index.html" "Opera/9.80 (Windows NT 5.1; U; hu) Presto/2.10.229 Version/11.61"
176.241.23.250 - - [14/Mar/2012:12:44:58 +0100] "GET /fiok/images/index_02_02.JPG HTTP/1.1" 200 1178 "http://www.beklen.hu/fiok/index.html" "Opera/9.80 (Windows NT 5.1; U; hu) Presto/2.10.229 Version/11.61"
176.241.23.250 - - [14/Mar/2012:12:44:58 +0100] "GET /fiok/images/index_16_16.JPG HTTP/1.1" 200 13468 "http://www.beklen.hu/fiok/index.html" "Opera/9.80 (Windows NT 5.1; U; hu) Presto/2.10.229 Version/11.61"
176.241.23.250 - - [14/Mar/2012:12:44:58 +0100] "GET /fiok/images/index_11.gif HTTP/1.1" 200 74 "http://www.beklen.hu/fiok/index.html" "Opera/9.80 (Windows NT 5.1; U; hu) Presto/2.10.229 Version/11.61"
176.241.23.250 - - [14/Mar/2012:12:44:58 +0100] "GET /fiok/images/index_14_14.JPG HTTP/1.1" 200 9305 "http://www.beklen.hu/fiok/index.html" "Opera/9.80 (Windows NT 5.1; U; hu) Presto/2.10.229 Version/11.61"
176.241.23.250 - - [14/Mar/2012:12:44:58 +0100] "GET /fiok/images/index_21_21.JPG HTTP/1.1" 404 1181 "http://www.beklen.hu/fiok/index.html" "Opera/9.80 (Windows NT 5.1; U; hu) Presto/2.10.229 Version/11.61"
176.241.23.250 - - [14/Mar/2012:12:44:58 +0100] "GET /fiok/images/index_15_15.JPG HTTP/1.1" 200 20275 "http://www.beklen.hu/fiok/index.html" "Opera/9.80 (Windows NT 5.1; U; hu) Presto/2.10.229 Version/11.61"
176.241.23.250 - - [14/Mar/2012:12:44:58 +0100] "GET /fiok/images/index_25_25.jpg HTTP/1.1" 200 4960 "http://www.beklen.hu/fiok/index.html" "Opera/9.80 (Windows NT 5.1; U; hu) Presto/2.10.229 Version/11.61"
176.241.23.250 - - [14/Mar/2012:12:44:58 +0100] "GET /fiok/images/index_12_12.JPG HTTP/1.1" 200 985 "http://www.beklen.hu/fiok/index.html" "Opera/9.80 (Windows NT 5.1; U; hu) Presto/2.10.229 Version/11.61"
176.241.23.250 - - [14/Mar/2012:12:44:58 +0100] "GET /fiok/images/index_13.gif HTTP/1.1" 200 149 "http://www.beklen.hu/fiok/index.html" "Opera/9.80 (Windows NT 5.1; U; hu) Presto/2.10.229 Version/11.61"
176.241.23.250 - - [14/Mar/2012:12:44:58 +0100] "GET /fiok/images/index_17_17.jpg HTTP/1.1" 200 2374 "http://www.beklen.hu/fiok/index.html" "Opera/9.80 (Windows NT 5.1; U; hu) Presto/2.10.229 Version/11.61"
176.241.23.250 - - [14/Mar/2012:12:44:58 +0100] "GET /fiok/images/c4c.jpg HTTP/1.1" 200 524 "http://www.beklen.hu/fiok/index.html" "Opera/9.80 (Windows NT 5.1; U; hu) Presto/2.10.229 Version/11.61"
176.241.23.250 - - [14/Mar/2012:12:44:58 +0100] "GET /fiok/images/a4a.jpg HTTP/1.1" 200 524 "http://www.beklen.hu/fiok/index.html" "Opera/9.80 (Windows NT 5.1; U; hu) Presto/2.10.229 Version/11.61"
176.241.23.250 - - [14/Mar/2012:12:44:58 +0100] "GET /fiok/images/index_18_18.JPG HTTP/1.1" 200 15778 "http://www.beklen.hu/fiok/index.html" "Opera/9.80 (Windows NT 5.1; U; hu) Presto/2.10.229 Version/11.61"
176.241.23.250 - - [14/Mar/2012:12:44:58 +0100] "GET /fiok/images/index_19_19.JPG HTTP/1.1" 200 3123 "http://www.beklen.hu/fiok/index.html" "Opera/9.80 (Windows NT 5.1; U; hu) Presto/2.10.229 Version/11.61"
176.241.23.250 - - [14/Mar/2012:12:44:58 +0100] "GET /fiok/images/index_26.gif HTTP/1.1" 200 121 "http://www.beklen.hu/fiok/index.html" "Opera/9.80 (Windows NT 5.1; U; hu) Presto/2.10.229 Version/11.61"
176.241.23.250 - - [14/Mar/2012:12:44:58 +0100] "GET /fiok/images/index_22.gif HTTP/1.1" 200 227 "http://www.beklen.hu/fiok/index.html" "Opera/9.80 (Windows NT 5.1; U; hu) Presto/2.10.229 Version/11.61"
176.241.23.250 - - [14/Mar/2012:12:44:58 +0100] "GET /fiok/images/szovegkep.JPG HTTP/1.1" 200 12792 "http://www.beklen.hu/fiok/index.html" "Opera/9.80 (Windows NT 5.1; U; hu) Presto/2.10.229 Version/11.61"
176.241.23.250 - - [14/Mar/2012:12:44:58 +0100] "GET /fiok/images/index_27_27.jpg HTTP/1.1" 200 12876 "http://www.beklen.hu/fiok/index.html" "Opera/9.80 (Windows NT 5.1; U; hu) Presto/2.10.229 Version/11.61"
176.241.23.250 - - [14/Mar/2012:12:44:58 +0100] "GET /fiok/images/d4d.jpg HTTP/1.1" 200 524 "http://www.beklen.hu/fiok/index.html" "Opera/9.80 (Windows NT 5.1; U; hu) Presto/2.10.229 Version/11.61"
176.241.23.250 - - [14/Mar/2012:12:44:58 +0100] "GET /fiok/images/index_28.gif HTTP/1.1" 200 262 "http://www.beklen.hu/fiok/index.html" "Opera/9.80 (Windows NT 5.1; U; hu) Presto/2.10.229 Version/11.61"
176.241.23.250 - - [14/Mar/2012:12:44:58 +0100] "GET /fiok/images/e4e.jpg HTTP/1.1" 200 524 "http://www.beklen.hu/fiok/index.html" "Opera/9.80 (Windows NT 5.1; U; hu) Presto/2.10.229 Version/11.61"
176.241.23.250 - - [14/Mar/2012:12:44:58 +0100] "GET /fiok/images/b4b.jpg HTTP/1.1" 200 524 "http://www.beklen.hu/fiok/index.html" "Opera/9.80 (Windows NT 5.1; U; hu) Presto/2.10.229 Version/11.61"
176.241.23.250 - - [14/Mar/2012:12:44:58 +0100] "GET /fiok/images/spacer.gif HTTP/1.1" 200 43 "http://www.beklen.hu/fiok/index.html" "Opera/9.80 (Windows NT 5.1; U; hu) Presto/2.10.229 Version/11.61"
176.241.23.250 - - [14/Mar/2012:12:44:58 +0100] "GET /fiok/images/index_24.gif HTTP/1.1" 200 227 "http://www.beklen.hu/fiok/index.html" "Opera/9.80 (Windows NT 5.1; U; hu) Presto/2.10.229 Version/11.61"
176.241.23.250 - - [14/Mar/2012:12:44:58 +0100] "GET /fiok/images/b12.jpg HTTP/1.1" 200 544 "http://www.beklen.hu/fiok/index.html" "Opera/9.80 (Windows NT 5.1; U; hu) Presto/2.10.229 Version/11.61"
176.241.23.250 - - [14/Mar/2012:12:44:58 +0100] "GET /fiok/images/index_24.gif HTTP/1.1" 200 227 "http://www.beklen.hu/fiok/index.html" "Opera/9.80 (Windows NT 5.1; U; hu) Presto/2.10.229 Version/11.61"
176.241.23.250 - - [14/Mar/2012:12:44:58 +0100] "GET /fiok/images/e4e.jpg HTTP/1.1" 200 524 "http://www.beklen.hu/fiok/index.html" "Opera/9.80 (Windows NT 5.1; U; hu) Presto/2.10.229 Version/11.61"
176.241.23.250 - - [14/Mar/2012:12:44:59 +0100] "GET /fiok/images/b4b.jpg HTTP/1.1" 200 524 "http://www.beklen.hu/fiok/index.html" "Opera/9.80 (Windows NT 5.1; U; hu) Presto/2.10.229 Version/11.61"
176.241.23.250 - - [14/Mar/2012:12:44:59 +0100] "GET /fiok/images/index_27_27.jpg HTTP/1.1" 200 12876 "http://www.beklen.hu/fiok/index.html" "Opera/9.80 (Windows NT 5.1; U; hu) Presto/2.10.229 Version/11.61"
176.241.23.250 - - [14/Mar/2012:12:44:59 +0100] "GET /fiok/images/szovegkep.JPG HTTP/1.1" 200 12792 "http://www.beklen.hu/fiok/index.html" "Opera/9.80 (Windows NT 5.1; U; hu) Presto/2.10.229 Version/11.61"
95.108.248.30 - - [14/Mar/2012:13:41:34 +0100] "GET /deutsch/index.htm HTTP/1.1" 200 5324 "-" "Mozilla/5.0 (compatible; YandexBot/3.0; +http://yandex.com/bots)"
95.108.248.30 - - [14/Mar/2012:13:41:36 +0100] "GET /hirek/hirek090930.htm HTTP/1.1" 200 7044 "-" "Mozilla/5.0 (compatible; YandexBot/3.0; +http://yandex.com/bots)"
152.66.15.32 - - [14/Mar/2012:13:42:01 +0100] "GET /hirek/hirek090428.htm HTTP/1.1" 200 24808 "http://www.google.hu/url?sa=t&rct=j&q=szatm%C3%A1ri%20d%C3%B3ra&source=web&cd=83&ved=0CC8QFjACOFA&url=http%3A%2F%2Fwww.beklen.hu%2Fhirek%2Fhirek090428.htm&ei=B5JgT8_yMcX0sgaE8qn9BQ&usg=AFQjCNHZ-KkWAeRHcDDhZyX-oiRyYXMOzg" "Mozilla/4.0 (compatible; MSIE 8.0; Windows NT 5.1; Trident/4.0; GTB7.3; .NET CLR 1.1.4322; .NET CLR 2.0.50727; .NET CLR 3.0.4506.2152; .NET CLR 3.5.30729)"
152.66.15.32 - - [14/Mar/2012:13:42:01 +0100] "GET /vill.cs HTTP/1.1" 200 2676 "http://www.beklen.hu/hirek/hirek090428.htm" "Mozilla/4.0 (compatible; MSIE 8.0; Windows NT 5.1; Trident/4.0; GTB7.3; .NET CLR 1.1.4322; .NET CLR 2.0.50727; .NET CLR 3.0.4506.2152; .NET CLR 3.5.30729)"
152.66.15.32 - - [14/Mar/2012:13:42:01 +0100] "GET /tm01.jpg HTTP/1.1" 200 1080 "http://www.beklen.hu/hirek/hirek090428.htm" "Mozilla/4.0 (compatible; MSIE 8.0; Windows NT 5.1; Trident/4.0; GTB7.3; .NET CLR 1.1.4322; .NET CLR 2.0.50727; .NET CLR 3.0.4506.2152; .NET CLR 3.5.30729)"
152.66.15.32 - - [14/Mar/2012:13:42:01 +0100] "GET /bg.jpg HTTP/1.1" 200 566 "http://www.beklen.hu/hirek/hirek090428.htm" "Mozilla/4.0 (compatible; MSIE 8.0; Windows NT 5.1; Trident/4.0; GTB7.3; .NET CLR 1.1.4322; .NET CLR 2.0.50727; .NET CLR 3.0.4506.2152; .NET CLR 3.5.30729)"
152.66.15.32 - - [14/Mar/2012:13:42:01 +0100] "GET /tm04_.jpg HTTP/1.1" 200 2058 "http://www.beklen.hu/hirek/hirek090428.htm" "Mozilla/4.0 (compatible; MSIE 8.0; Windows NT 5.1; Trident/4.0; GTB7.3; .NET CLR 1.1.4322; .NET CLR 2.0.50727; .NET CLR 3.0.4506.2152; .NET CLR 3.5.30729)"
152.66.15.32 - - [14/Mar/2012:13:42:01 +0100] "GET /tm03_.jpg HTTP/1.1" 200 1787 "http://www.beklen.hu/hirek/hirek090428.htm" "Mozilla/4.0 (compatible; MSIE 8.0; Windows NT 5.1; Trident/4.0; GTB7.3; .NET CLR 1.1.4322; .NET CLR 2.0.50727; .NET CLR 3.0.4506.2152; .NET CLR 3.5.30729)"
152.66.15.32 - - [14/Mar/2012:13:42:01 +0100] "GET /tm05_.jpg HTTP/1.1" 200 1839 "http://www.beklen.hu/hirek/hirek090428.htm" "Mozilla/4.0 (compatible; MSIE 8.0; Windows NT 5.1; Trident/4.0; GTB7.3; .NET CLR 1.1.4322; .NET CLR 2.0.50727; .NET CLR 3.0.4506.2152; .NET CLR 3.5.30729)"
152.66.15.32 - - [14/Mar/2012:13:42:01 +0100] "GET /tm06_.jpg HTTP/1.1" 200 1382 "http://www.beklen.hu/hirek/hirek090428.htm" "Mozilla/4.0 (compatible; MSIE 8.0; Windows NT 5.1; Trident/4.0; GTB7.3; .NET CLR 1.1.4322; .NET CLR 2.0.50727; .NET CLR 3.0.4506.2152; .NET CLR 3.5.30729)"
152.66.15.32 - - [14/Mar/2012:13:42:01 +0100] "GET /tm02_.jpg HTTP/1.1" 200 1524 "http://www.beklen.hu/hirek/hirek090428.htm" "Mozilla/4.0 (compatible; MSIE 8.0; Windows NT 5.1; Trident/4.0; GTB7.3; .NET CLR 1.1.4322; .NET CLR 2.0.50727; .NET CLR 3.0.4506.2152; .NET CLR 3.5.30729)"
152.66.15.32 - - [14/Mar/2012:13:42:01 +0100] "GET /tm07.jpg HTTP/1.1" 200 1007 "http://www.beklen.hu/hirek/hirek090428.htm" "Mozilla/4.0 (compatible; MSIE 8.0; Windows NT 5.1; Trident/4.0; GTB7.3; .NET CLR 1.1.4322; .NET CLR 2.0.50727; .NET CLR 3.0.4506.2152; .NET CLR 3.5.30729)"
152.66.15.32 - - [14/Mar/2012:13:42:01 +0100] "GET /bottom_main.jpg HTTP/1.1" 200 96820 "http://www.beklen.hu/hirek/hirek090428.htm" "Mozilla/4.0 (compatible; MSIE 8.0; Windows NT 5.1; Trident/4.0; GTB7.3; .NET CLR 1.1.4322; .NET CLR 2.0.50727; .NET CLR 3.0.4506.2152; .NET CLR 3.5.30729)"
152.66.15.32 - - [14/Mar/2012:13:42:01 +0100] "GET /hirek/nca_logo.jpg HTTP/1.1" 200 4244 "http://www.beklen.hu/hirek/hirek090428.htm" "Mozilla/4.0 (compatible; MSIE 8.0; Windows NT 5.1; Trident/4.0; GTB7.3; .NET CLR 1.1.4322; .NET CLR 2.0.50727; .NET CLR 3.0.4506.2152; .NET CLR 3.5.30729)"
152.66.15.32 - - [14/Mar/2012:13:42:01 +0100] "GET /tm02.jpg HTTP/1.1" 200 1873 "http://www.beklen.hu/hirek/hirek090428.htm" "Mozilla/4.0 (compatible; MSIE 8.0; Windows NT 5.1; Trident/4.0; GTB7.3; .NET CLR 1.1.4322; .NET CLR 2.0.50727; .NET CLR 3.0.4506.2152; .NET CLR 3.5.30729)"
152.66.15.32 - - [14/Mar/2012:13:42:01 +0100] "GET /tm04.jpg HTTP/1.1" 200 2613 "http://www.beklen.hu/hirek/hirek090428.htm" "Mozilla/4.0 (compatible; MSIE 8.0; Windows NT 5.1; Trident/4.0; GTB7.3; .NET CLR 1.1.4322; .NET CLR 2.0.50727; .NET CLR 3.0.4506.2152; .NET CLR 3.5.30729)"
152.66.15.32 - - [14/Mar/2012:13:42:01 +0100] "GET /tm06.jpg HTTP/1.1" 200 1651 "http://www.beklen.hu/hirek/hirek090428.htm" "Mozilla/4.0 (compatible; MSIE 8.0; Windows NT 5.1; Trident/4.0; GTB7.3; .NET CLR 1.1.4322; .NET CLR 2.0.50727; .NET CLR 3.0.4506.2152; .NET CLR 3.5.30729)"
152.66.15.32 - - [14/Mar/2012:13:42:01 +0100] "GET /tm05.jpg HTTP/1.1" 200 2253 "http://www.beklen.hu/hirek/hirek090428.htm" "Mozilla/4.0 (compatible; MSIE 8.0; Windows NT 5.1; Trident/4.0; GTB7.3; .NET CLR 1.1.4322; .NET CLR 2.0.50727; .NET CLR 3.0.4506.2152; .NET CLR 3.5.30729)"
152.66.15.32 - - [14/Mar/2012:13:42:01 +0100] "GET /tm03.jpg HTTP/1.1" 200 2212 "http://www.beklen.hu/hirek/hirek090428.htm" "Mozilla/4.0 (compatible; MSIE 8.0; Windows NT 5.1; Trident/4.0; GTB7.3; .NET CLR 1.1.4322; .NET CLR 2.0.50727; .NET CLR 3.0.4506.2152; .NET CLR 3.5.30729)"
152.66.15.32 - - [14/Mar/2012:13:42:01 +0100] "GET /favicon.ico HTTP/1.1" 404 1181 "-" "Mozilla/4.0 (compatible; MSIE 8.0; Windows NT 5.1; Trident/4.0; GTB7.3; .NET CLR 1.1.4322; .NET CLR 2.0.50727; .NET CLR 3.0.4506.2152; .NET CLR 3.5.30729)"
141.105.120.151 - - [14/Mar/2012:14:10:04 +0100] "GET /robots.txt HTTP/1.0" 404 1181 "-" "Mozilla/5.0 (compatible; OpenindexDeepSpider/Nutch-1.5-dev; +http://www.openindex.io/en/webmasters/spider.html)"
141.105.120.151 - - [14/Mar/2012:14:10:04 +0100] "GET /nka.htm HTTP/1.0" 200 6221 "-" "Mozilla/5.0 (compatible; OpenindexDeepSpider/Nutch-1.5-dev; +http://www.openindex.io/en/webmasters/spider.html)"
66.249.66.212 - - [14/Mar/2012:17:07:31 +0100] "GET /fiok/program_reszek/csaladbarat.htm HTTP/1.1" 200 20928 "-" "Mozilla/5.0 (iPhone; U; CPU iPhone OS 4_1 like Mac OS X; en-us) AppleWebKit/532.9 (KHTML, like Gecko) Version/4.0.5 Mobile/8B117 Safari/6531.22.7 (compatible; Googlebot-Mobile/2.1; +http://www.google.com/bot.html)"
66.249.66.212 - - [14/Mar/2012:17:15:28 +0100] "GET /fiok/program_reszek/programok/23.jpg HTTP/1.1" 200 230784 "http://www.beklen.hu/fiok/program_reszek/csaladbarat.htm" "Mozilla/5.0 (compatible; Googlebot/2.1; +http://www.google.com/bot.html)"
66.249.66.212 - - [14/Mar/2012:17:15:29 +0100] "GET /fiok/program_reszek/programok/22.jpg HTTP/1.1" 200 179335 "http://www.beklen.hu/fiok/program_reszek/csaladbarat.htm" "Mozilla/5.0 (compatible; Googlebot/2.1; +http://www.google.com/bot.html)"
213.186.127.13 - - [14/Mar/2012:18:35:40 +0100] "GET /fiok/program_reszek/& HTTP/1.1" 404 1181 "-" "Mozilla/5.0 (compatible; AhrefsBot/2.0; +http://ahrefs.com/robot/)"
66.249.66.212 - - [14/Mar/2012:19:45:48 +0100] "GET /jog/jogszabalyok/2001-es%20vedett%20lista.pdf HTTP/1.1" 304 - "-" "Mozilla/5.0 (compatible; Googlebot/2.1; +http://www.google.com/bot.html)"
65.52.104.88 - - [14/Mar/2012:20:07:31 +0100] "GET /robots.txt HTTP/1.1" 404 1181 "-" "Mozilla/5.0 (compatible; bingbot/2.0; +http://www.bing.com/bingbot.htm)"
65.52.104.88 - - [14/Mar/2012:20:21:46 +0100] "GET / HTTP/1.1" 304 - "-" "Mozilla/5.0 (compatible; bingbot/2.0; +http://www.bing.com/bingbot.htm)"
193.47.80.41 - - [14/Mar/2012:21:05:38 +0100] "GET /robots.txt HTTP/1.1" 404 1181 "-" "Mozilla/5.0 (compatible; Exabot/3.0; +http://www.exabot.com/go/robot)"
193.47.80.41 - - [14/Mar/2012:21:05:38 +0100] "GET / HTTP/1.1" 304 - "-" "Mozilla/5.0 (compatible; Exabot/3.0; +http://www.exabot.com/go/robot)"
208.115.111.68 - - [14/Mar/2012:21:07:59 +0100] "GET /robots.txt HTTP/1.1" 404 1181 "-" "Mozilla/5.0 (compatible; Ezooms/1.0; ezooms.bot@gmail.com)"
94.44.103.22 - - [14/Mar/2012:21:26:27 +0100] "GET /hirek/nca_logo.jpg HTTP/1.1" 200 4244 "http://www.google.hu/search?q=dalma+dance+club&hl=hu&client=safari&tbo=d&source=lnms&tbm=isch&ei=c_xgT-S0LNDGswad442RBg&sa=X&oi=mode_link&ct=mode&cd=2&ved=0CAcQ_AUoATgK&biw=1024&bih=644" "Mozilla/5.0 (iPad; CPU OS 5_0_1 like Mac OS X) AppleWebKit/534.46 (KHTML, like Gecko) Version/5.1 Mobile/9A405 Safari/7534.48.3"
208.115.111.68 - - [14/Mar/2012:22:21:30 +0100] "GET /hirek/hirek091221.htm HTTP/1.1" 200 6740 "-" "Mozilla/5.0 (compatible; Ezooms/1.0; ezooms.bot@gmail.com)"
81.182.126.70 - - [14/Mar/2012:22:35:38 +0100] "GET / HTTP/1.1" 200 23794 "http://www.nimfea.hu/hirek.php" "Mozilla/5.0 (Windows NT 5.1; rv:10.0.2) Gecko/20100101 Firefox/10.0.2"
81.182.126.70 - - [14/Mar/2012:22:35:38 +0100] "GET /vill.cs HTTP/1.1" 200 2676 "http://www.beklen.hu/" "Mozilla/5.0 (Windows NT 5.1; rv:10.0.2) Gecko/20100101 Firefox/10.0.2"
81.182.126.70 - - [14/Mar/2012:22:35:38 +0100] "GET /lb/js/lightbox.js HTTP/1.1" 200 23424 "http://www.beklen.hu/" "Mozilla/5.0 (Windows NT 5.1; rv:10.0.2) Gecko/20100101 Firefox/10.0.2"
81.182.126.70 - - [14/Mar/2012:22:35:38 +0100] "GET /lb/css/lightbox.css HTTP/1.1" 200 1715 "http://www.beklen.hu/" "Mozilla/5.0 (Windows NT 5.1; rv:10.0.2) Gecko/20100101 Firefox/10.0.2"
81.182.126.70 - - [14/Mar/2012:22:35:38 +0100] "GET /lb/js/scriptaculous.js?load=effects HTTP/1.1" 200 2152 "http://www.beklen.hu/" "Mozilla/5.0 (Windows NT 5.1; rv:10.0.2) Gecko/20100101 Firefox/10.0.2"
81.182.126.70 - - [14/Mar/2012:22:35:38 +0100] "GET /tm01.jpg HTTP/1.1" 200 1080 "http://www.beklen.hu/" "Mozilla/5.0 (Windows NT 5.1; rv:10.0.2) Gecko/20100101 Firefox/10.0.2"
81.182.126.70 - - [14/Mar/2012:22:35:38 +0100] "GET /tm02.jpg HTTP/1.1" 200 1873 "http://www.beklen.hu/" "Mozilla/5.0 (Windows NT 5.1; rv:10.0.2) Gecko/20100101 Firefox/10.0.2"
81.182.126.70 - - [14/Mar/2012:22:35:38 +0100] "GET /tm03_.jpg HTTP/1.1" 200 1787 "http://www.beklen.hu/" "Mozilla/5.0 (Windows NT 5.1; rv:10.0.2) Gecko/20100101 Firefox/10.0.2"
81.182.126.70 - - [14/Mar/2012:22:35:38 +0100] "GET /tm04_.jpg HTTP/1.1" 200 2058 "http://www.beklen.hu/" "Mozilla/5.0 (Windows NT 5.1; rv:10.0.2) Gecko/20100101 Firefox/10.0.2"
81.182.126.70 - - [14/Mar/2012:22:35:38 +0100] "GET /tm05_.jpg HTTP/1.1" 200 1839 "http://www.beklen.hu/" "Mozilla/5.0 (Windows NT 5.1; rv:10.0.2) Gecko/20100101 Firefox/10.0.2"
81.182.126.70 - - [14/Mar/2012:22:35:38 +0100] "GET /tm06_.jpg HTTP/1.1" 200 1382 "http://www.beklen.hu/" "Mozilla/5.0 (Windows NT 5.1; rv:10.0.2) Gecko/20100101 Firefox/10.0.2"
81.182.126.70 - - [14/Mar/2012:22:35:38 +0100] "GET /tm07.jpg HTTP/1.1" 200 1007 "http://www.beklen.hu/" "Mozilla/5.0 (Windows NT 5.1; rv:10.0.2) Gecko/20100101 Firefox/10.0.2"
81.182.126.70 - - [14/Mar/2012:22:35:38 +0100] "GET /a1_projekt_tabla_infra_cs3_beklenhaz_.jpg HTTP/1.1" 200 8994 "http://www.beklen.hu/" "Mozilla/5.0 (Windows NT 5.1; rv:10.0.2) Gecko/20100101 Firefox/10.0.2"
81.182.126.70 - - [14/Mar/2012:22:35:38 +0100] "GET /jog_honlap_.jpg HTTP/1.1" 200 7186 "http://www.beklen.hu/" "Mozilla/5.0 (Windows NT 5.1; rv:10.0.2) Gecko/20100101 Firefox/10.0.2"
81.182.126.70 - - [14/Mar/2012:22:35:38 +0100] "GET /lb/js/prototype.js HTTP/1.1" 200 47603 "http://www.beklen.hu/" "Mozilla/5.0 (Windows NT 5.1; rv:10.0.2) Gecko/20100101 Firefox/10.0.2"
81.182.126.70 - - [14/Mar/2012:22:35:38 +0100] "GET /lb/js/effects.js HTTP/1.1" 200 31969 "http://www.beklen.hu/" "Mozilla/5.0 (Windows NT 5.1; rv:10.0.2) Gecko/20100101 Firefox/10.0.2"
81.182.126.70 - - [14/Mar/2012:22:35:39 +0100] "GET /bg.jpg HTTP/1.1" 200 566 "http://www.beklen.hu/" "Mozilla/5.0 (Windows NT 5.1; rv:10.0.2) Gecko/20100101 Firefox/10.0.2"
81.182.126.70 - - [14/Mar/2012:22:35:39 +0100] "GET /bottom_main.jpg HTTP/1.1" 200 96820 "http://www.beklen.hu/vill.cs" "Mozilla/5.0 (Windows NT 5.1; rv:10.0.2) Gecko/20100101 Firefox/10.0.2"
81.182.126.70 - - [14/Mar/2012:22:35:49 +0100] "GET /nimfea_project_250x250.gif HTTP/1.1" 200 2986583 "http://www.beklen.hu/" "Mozilla/5.0 (Windows NT 5.1; rv:10.0.2) Gecko/20100101 Firefox/10.0.2"
81.182.126.70 - - [14/Mar/2012:22:35:50 +0100] "GET /lb/images/loading.gif HTTP/1.1" 200 2767 "http://www.beklen.hu/" "Mozilla/5.0 (Windows NT 5.1; rv:10.0.2) Gecko/20100101 Firefox/10.0.2"
81.182.126.70 - - [14/Mar/2012:22:35:50 +0100] "GET /lb/images/closelabel.gif HTTP/1.1" 200 222 "http://www.beklen.hu/" "Mozilla/5.0 (Windows NT 5.1; rv:10.0.2) Gecko/20100101 Firefox/10.0.2"
81.182.126.70 - - [14/Mar/2012:22:35:50 +0100] "GET /tm04.jpg HTTP/1.1" 200 2613 "http://www.beklen.hu/" "Mozilla/5.0 (Windows NT 5.1; rv:10.0.2) Gecko/20100101 Firefox/10.0.2"
81.182.126.70 - - [14/Mar/2012:22:35:50 +0100] "GET /tm05.jpg HTTP/1.1" 200 2253 "http://www.beklen.hu/" "Mozilla/5.0 (Windows NT 5.1; rv:10.0.2) Gecko/20100101 Firefox/10.0.2"
81.182.126.70 - - [14/Mar/2012:22:35:50 +0100] "GET /tm02_.jpg HTTP/1.1" 200 1524 "http://www.beklen.hu/" "Mozilla/5.0 (Windows NT 5.1; rv:10.0.2) Gecko/20100101 Firefox/10.0.2"
81.182.126.70 - - [14/Mar/2012:22:35:50 +0100] "GET /tm06.jpg HTTP/1.1" 200 1651 "http://www.beklen.hu/" "Mozilla/5.0 (Windows NT 5.1; rv:10.0.2) Gecko/20100101 Firefox/10.0.2"
81.182.126.70 - - [14/Mar/2012:22:35:50 +0100] "GET /tm03.jpg HTTP/1.1" 200 2212 "http://www.beklen.hu/" "Mozilla/5.0 (Windows NT 5.1; rv:10.0.2) Gecko/20100101 Firefox/10.0.2"
81.182.126.70 - - [14/Mar/2012:22:35:50 +0100] "GET /favicon.ico HTTP/1.1" 404 1181 "-" "Mozilla/5.0 (Windows NT 5.1; rv:10.0.2) Gecko/20100101 Firefox/10.0.2"
81.182.126.70 - - [14/Mar/2012:22:35:50 +0100] "GET /favicon.ico HTTP/1.1" 404 1181 "-" "Mozilla/5.0 (Windows NT 5.1; rv:10.0.2) Gecko/20100101 Firefox/10.0.2"
81.182.126.70 - - [14/Mar/2012:22:35:51 +0100] "GET /magunkrol.htm HTTP/1.1" 200 9202 "http://www.beklen.hu/" "Mozilla/5.0 (Windows NT 5.1; rv:10.0.2) Gecko/20100101 Firefox/10.0.2"
81.182.126.70 - - [14/Mar/2012:22:35:51 +0100] "GET /bottom_.jpg HTTP/1.1" 200 93419 "http://www.beklen.hu/vill.cs" "Mozilla/5.0 (Windows NT 5.1; rv:10.0.2) Gecko/20100101 Firefox/10.0.2"
81.182.126.70 - - [14/Mar/2012:22:36:15 +0100] "GET /programok.htm HTTP/1.1" 200 6416 "http://www.beklen.hu/magunkrol.htm" "Mozilla/5.0 (Windows NT 5.1; rv:10.0.2) Gecko/20100101 Firefox/10.0.2"
81.182.126.70 - - [14/Mar/2012:22:36:29 +0100] "GET /khb.htm HTTP/1.1" 200 8325 "http://www.beklen.hu/programok.htm" "Mozilla/5.0 (Windows NT 5.1; rv:10.0.2) Gecko/20100101 Firefox/10.0.2"
81.182.126.70 - - [14/Mar/2012:22:36:38 +0100] "GET /khb/beklen_2010_kh_jelentes.pdf HTTP/1.1" 200 252786 "http://www.beklen.hu/khb.htm" "Mozilla/5.0 (Windows NT 5.1; rv:10.0.2) Gecko/20100101 Firefox/10.0.2"
81.182.126.70 - - [14/Mar/2012:22:39:37 +0100] "GET /khb/beklen_2009_kh_jelentes.pdf HTTP/1.1" 200 258938 "http://www.beklen.hu/khb.htm" "Mozilla/5.0 (Windows NT 5.1; rv:10.0.2) Gecko/20100101 Firefox/10.0.2"
81.182.126.70 - - [14/Mar/2012:22:42:10 +0100] "GET /khb/beklen_2008_kh_jelentes.pdf HTTP/1.1" 200 284192 "http://www.beklen.hu/khb.htm" "Mozilla/5.0 (Windows NT 5.1; rv:10.0.2) Gecko/20100101 Firefox/10.0.2"
81.182.126.70 - - [14/Mar/2012:22:43:22 +0100] "GET /khb/beklen_2007_kh_jelentes.pdf HTTP/1.1" 200 485951 "http://www.beklen.hu/khb.htm" "Mozilla/5.0 (Windows NT 5.1; rv:10.0.2) Gecko/20100101 Firefox/10.0.2"
81.182.126.70 - - [14/Mar/2012:22:43:55 +0100] "GET /kapcsolat.htm HTTP/1.1" 200 6889 "http://www.beklen.hu/khb.htm" "Mozilla/5.0 (Windows NT 5.1; rv:10.0.2) Gecko/20100101 Firefox/10.0.2"
81.182.126.70 - - [14/Mar/2012:22:43:55 +0100] "GET /felsorol.css HTTP/1.1" 200 240 "http://www.beklen.hu/kapcsolat.htm" "Mozilla/5.0 (Windows NT 5.1; rv:10.0.2) Gecko/20100101 Firefox/10.0.2"
81.182.126.70 - - [14/Mar/2012:22:44:36 +0100] "GET /media.htm HTTP/1.1" 200 5208 "http://www.beklen.hu/kapcsolat.htm" "Mozilla/5.0 (Windows NT 5.1; rv:10.0.2) Gecko/20100101 Firefox/10.0.2"
81.182.126.70 - - [14/Mar/2012:22:46:06 +0100] "GET /index.htm HTTP/1.1" 200 23794 "http://www.beklen.hu/magunkrol.htm" "Mozilla/5.0 (Windows NT 5.1; rv:10.0.2) Gecko/20100101 Firefox/10.0.2"
81.182.126.70 - - [14/Mar/2012:22:46:06 +0100] "GET /lb/js/scriptaculous.js?load=effects HTTP/1.1" 304 - "http://www.beklen.hu/index.htm" "Mozilla/5.0 (Windows NT 5.1; rv:10.0.2) Gecko/20100101 Firefox/10.0.2"
81.182.126.70 - - [14/Mar/2012:22:46:42 +0100] "GET /hirek/hirek120120.htm HTTP/1.1" 200 6634 "http://www.beklen.hu/index.htm" "Mozilla/5.0 (Windows NT 5.1; rv:10.0.2) Gecko/20100101 Firefox/10.0.2"
81.182.126.70 - - [14/Mar/2012:22:46:42 +0100] "GET /hirek/fak.jpg HTTP/1.1" 200 6301 "http://www.beklen.hu/hirek/hirek120120.htm" "Mozilla/5.0 (Windows NT 5.1; rv:10.0.2) Gecko/20100101 Firefox/10.0.2"
81.182.126.70 - - [14/Mar/2012:22:46:42 +0100] "GET /hirek/szines_vm_logo.jpg HTTP/1.1" 200 9207 "http://www.beklen.hu/hirek/hirek120120.htm" "Mozilla/5.0 (Windows NT 5.1; rv:10.0.2) Gecko/20100101 Firefox/10.0.2"
95.108.248.30 - - [14/Mar/2012:22:59:42 +0100] "GET /robots.txt HTTP/1.1" 404 1181 "-" "Mozilla/5.0 (compatible; YandexBot/3.0; +http://yandex.com/bots)"
95.108.248.30 - - [15/Mar/2012:00:33:45 +0100] "GET /hirek/jelentkezesi_lap.doc HTTP/1.1" 304 - "-" "Mozilla/5.0 (compatible; YandexBot/3.0; +http://yandex.com/bots)"
139.18.2.17 - - [15/Mar/2012:01:44:28 +0100] "GET /magunkrol.htm HTTP/1.1" 200 9202 "-" "findlinks/2.1.5 (+http://wortschatz.uni-leipzig.de/findlinks/)"
95.108.158.242 - - [15/Mar/2012:01:59:20 +0100] "GET /robots.txt HTTP/1.1" 404 1181 "-" "Mozilla/5.0 (compatible; YandexImages/3.0; +http://yandex.com/bots)"
208.115.113.84 - - [15/Mar/2012:03:39:38 +0100] "GET /robots.txt HTTP/1.1" 404 1181 "-" "Mozilla/5.0 (compatible; Ezooms/1.0; ezooms.bot@gmail.com)"
95.108.248.30 - - [15/Mar/2012:04:34:46 +0100] "GET /bunt.htm HTTP/1.1" 304 - "-" "Mozilla/5.0 (compatible; YandexBot/3.0; +http://yandex.com/bots)"
208.115.113.84 - - [15/Mar/2012:04:51:24 +0100] "GET /hirek08_12.htm HTTP/1.1" 200 8268 "-" "Mozilla/5.0 (compatible; Ezooms/1.0; ezooms.bot@gmail.com)"
95.108.248.30 - - [15/Mar/2012:07:31:54 +0100] "GET /deutsch/stellen.htm HTTP/1.1" 200 6824 "-" "Mozilla/5.0 (compatible; YandexBot/3.0; +http://yandex.com/bots)"
130.83.167.153 - - [15/Mar/2012:09:05:25 +0100] "GET /fiok/program_reszek/erdei_iskola.htm HTTP/1.1" 200 21601 "-" "findlinks/2.1.5 (+http://wortschatz.uni-leipzig.de/findlinks/)"
213.186.127.13 - - [15/Mar/2012:09:41:39 +0100] "GET /robots.txt HTTP/1.1" 404 1181 "-" "Mozilla/5.0 (compatible; AhrefsBot/2.0; +http://ahrefs.com/robot/)"
130.83.167.153 - - [15/Mar/2012:09:52:06 +0100] "GET /hirek/fiok/index.html HTTP/1.1" 404 1181 "-" "findlinks/2.1.5 (+http://wortschatz.uni-leipzig.de/findlinks/)"
95.108.248.30 - - [15/Mar/2012:10:32:32 +0100] "GET /szakmai.htm HTTP/1.1" 304 - "-" "Mozilla/5.0 (compatible; YandexBot/3.0; +http://yandex.com/bots)"
208.115.111.68 - - [15/Mar/2012:11:04:15 +0100] "GET /robots.txt HTTP/1.1" 404 1181 "-" "Mozilla/5.0 (compatible; Ezooms/1.0; ezooms.bot@gmail.com)"
212.113.47.89 - - [15/Mar/2012:11:15:06 +0100] "GET /robots.txt HTTP/1.0" 404 1181 "-" "Mozilla/5.0 (compatible; MJ12bot/v1.4.2; http://www.majestic12.co.uk/bot.php?+)"
212.113.47.89 - - [15/Mar/2012:11:15:08 +0100] "GET / HTTP/1.1" 200 23794 "-" "Mozilla/5.0 (compatible; MJ12bot/v1.4.2; http://www.majestic12.co.uk/bot.php?+)"
77.20.158.103 - - [15/Mar/2012:11:23:00 +0100] "GET /fiok/program_reszek/konferancia.htm HTTP/1.1" 200 21668 "-" "findlinks/2.0.2 (+http://wortschatz.uni-leipzig.de/findlinks/)"
141.105.120.154 - - [15/Mar/2012:11:34:45 +0100] "GET /robots.txt HTTP/1.0" 404 1181 "-" "Mozilla/5.0 (compatible; OpenindexDeepSpider/Nutch-1.5-dev; +http://www.openindex.io/en/webmasters/spider.html)"
141.105.120.154 - - [15/Mar/2012:11:34:46 +0100] "GET /jog/pub/+jog_jav.pdf HTTP/1.0" 200 819776 "-" "Mozilla/5.0 (compatible; OpenindexDeepSpider/Nutch-1.5-dev; +http://www.openindex.io/en/webmasters/spider.html)"
208.115.111.68 - - [15/Mar/2012:12:34:59 +0100] "GET /hirek/hirek08_11.htm HTTP/1.1" 200 7337 "-" "Mozilla/5.0 (compatible; Ezooms/1.0; ezooms.bot@gmail.com)"
208.115.111.68 - - [15/Mar/2012:12:35:10 +0100] "GET /hirek/hirek101025.htm HTTP/1.1" 200 8786 "-" "Mozilla/5.0 (compatible; Ezooms/1.0; ezooms.bot@gmail.com)"
66.249.66.212 - - [15/Mar/2012:13:03:19 +0100] "GET /robots.txt HTTP/1.1" 404 1181 "-" "Mozilla/5.0 (compatible; Googlebot/2.1; +http://www.google.com/bot.html)"
66.249.66.212 - - [15/Mar/2012:13:03:19 +0100] "GET /fiok/program_reszek/erdei_iskola.htm HTTP/1.1" 200 21601 "-" "Mozilla/5.0 (iPhone; U; CPU iPhone OS 4_1 like Mac OS X; en-us) AppleWebKit/532.9 (KHTML, like Gecko) Version/4.0.5 Mobile/8B117 Safari/6531.22.7 (compatible; Googlebot-Mobile/2.1; +http://www.google.com/bot.html)"
141.105.120.151 - - [15/Mar/2012:13:52:20 +0100] "GET /robots.txt HTTP/1.0" 404 1181 "-" "Mozilla/5.0 (compatible; OpenindexDeepSpider/Nutch-1.5-dev; +http://www.openindex.io/en/webmasters/spider.html)"
141.105.120.151 - - [15/Mar/2012:13:52:24 +0100] "GET /jog/pub/rally_kiadvany_mtvsz.pdf HTTP/1.0" 200 630857 "-" "Mozilla/5.0 (compatible; OpenindexDeepSpider/Nutch-1.5-dev; +http://www.openindex.io/en/webmasters/spider.html)"
95.108.248.30 - - [15/Mar/2012:14:23:28 +0100] "GET /programok.htm HTTP/1.1" 304 - "-" "Mozilla/5.0 (compatible; YandexBot/3.0; +http://yandex.com/bots)"
95.108.248.30 - - [15/Mar/2012:15:41:55 +0100] "GET /deutsch/kontakt.htm HTTP/1.1" 200 4769 "-" "Mozilla/5.0 (compatible; YandexBot/3.0; +http://yandex.com/bots)"
95.108.248.30 - - [15/Mar/2012:16:09:32 +0100] "GET /hirek/fiok/index.html HTTP/1.1" 404 1181 "-" "Mozilla/5.0 (compatible; YandexBot/3.0; +http://yandex.com/bots)"
193.47.80.41 - - [15/Mar/2012:16:16:54 +0100] "GET /deutsch/kontakt.htm HTTP/1.1" 200 4769 "-" "Mozilla/5.0 (compatible; Exabot/3.0; +http://www.exabot.com/go/robot)"
213.186.127.13 - - [15/Mar/2012:17:05:40 +0100] "GET /fiok/mult.htm HTTP/1.1" 200 23227 "-" "Mozilla/5.0 (compatible; AhrefsBot/2.0; +http://ahrefs.com/robot/)"
66.249.72.72 - - [15/Mar/2012:17:52:13 +0100] "GET /deutsch/programme.htm HTTP/1.1" 200 6045 "-" "Mozilla/5.0 (compatible; Googlebot/2.1; +http://www.google.com/bot.html)"
141.105.120.152 - - [15/Mar/2012:17:52:21 +0100] "GET /robots.txt HTTP/1.0" 404 1181 "-" "Mozilla/5.0 (compatible; OpenindexDeepSpider/Nutch-1.5-dev; +http://www.openindex.io/en/webmasters/spider.html)"
141.105.120.152 - - [15/Mar/2012:17:52:22 +0100] "GET /jog/jogszabalyok/vki_en_hu_hivatalos_20040901.pdf HTTP/1.0" 200 1062287 "-" "Mozilla/5.0 (compatible; OpenindexDeepSpider/Nutch-1.5-dev; +http://www.openindex.io/en/webmasters/spider.html)"
95.108.248.30 - - [15/Mar/2012:18:10:08 +0100] "GET /ncta_a.htm HTTP/1.1" 304 - "-" "Mozilla/5.0 (compatible; YandexBot/3.0; +http://yandex.com/bots)"
217.249.148.142 - - [15/Mar/2012:18:10:33 +0100] "GET /hirek/hirek101213.htm HTTP/1.1" 200 8671 "-" "findlinks/2.0.2 (+http://wortschatz.uni-leipzig.de/findlinks/)"
64.127.117.99 - - [15/Mar/2012:19:06:21 +0100] "GET //wp-content/plugins/uBillboard/timthumb.php HTTP/1.1" 404 1181 "-" "Mozilla/5.0"
208.115.113.84 - - [15/Mar/2012:19:09:08 +0100] "GET /robots.txt HTTP/1.1" 404 1181 "-" "Mozilla/5.0 (compatible; Ezooms/1.0; ezooms.bot@gmail.com)"
77.20.158.103 - - [15/Mar/2012:19:56:23 +0100] "GET /fiok/program_reszek/lovaglas.htm HTTP/1.1" 200 21486 "-" "findlinks/2.0.2 (+http://wortschatz.uni-leipzig.de/findlinks/)"
208.115.113.84 - - [15/Mar/2012:20:21:50 +0100] "GET /fiok/programok.htm HTTP/1.1" 200 18165 "-" "Mozilla/5.0 (compatible; Ezooms/1.0; ezooms.bot@gmail.com)"
208.115.113.84 - - [15/Mar/2012:20:21:52 +0100] "GET /hirek/hirek100728.htm HTTP/1.1" 200 7560 "-" "Mozilla/5.0 (compatible; Ezooms/1.0; ezooms.bot@gmail.com)"
77.20.4.67 - - [15/Mar/2012:22:04:32 +0100] "GET /programok.htm HTTP/1.1" 200 6416 "-" "findlinks/2.0.2 (+http://wortschatz.uni-leipzig.de/findlinks/)"
66.249.66.212 - - [15/Mar/2012:22:04:36 +0100] "GET /fiok/ HTTP/1.1" 200 20554 "-" "Mozilla/5.0 (compatible; Googlebot/2.1; +http://www.google.com/bot.html)"
82.170.168.91 - - [16/Mar/2012:01:04:46 +0100] "GET / HTTP/1.1" 200 23794 "-" "Java/1.6.0_20"
82.170.168.91 - - [16/Mar/2012:01:04:47 +0100] "GET /hirarchivum.htm HTTP/1.1" 200 24981 "-" "Java/1.6.0_20"
82.170.168.91 - - [16/Mar/2012:01:04:48 +0100] "GET /index.htm HTTP/1.1" 200 23794 "-" "Java/1.6.0_20"
82.170.168.91 - - [16/Mar/2012:01:04:49 +0100] "GET /kapcsolat.htm HTTP/1.1" 200 6889 "-" "Java/1.6.0_20"
82.170.168.91 - - [16/Mar/2012:01:04:50 +0100] "GET /magunkrol.htm HTTP/1.1" 200 9202 "-" "Java/1.6.0_20"
82.170.168.91 - - [16/Mar/2012:01:04:50 +0100] "GET /media.htm HTTP/1.1" 200 5208 "-" "Java/1.6.0_20"
