178.48.128.207 - - [27/Mar/2012:20:51:17 +0200] "GET /favicon.ico HTTP/1.1" 404 1181 "-" "Mozilla/5.0 (Windows NT 5.1; rv:11.0) Gecko/20100101 Firefox/11.0"
178.48.128.207 - - [27/Mar/2012:20:51:17 +0200] "GET /lb/images/closelabel.gif HTTP/1.1" 200 222 "http://www.beklen.hu/fiok/" "Mozilla/5.0 (Windows NT 5.1; rv:11.0) Gecko/20100101 Firefox/11.0"
178.48.128.207 - - [27/Mar/2012:20:51:17 +0200] "GET /favicon.ico HTTP/1.1" 404 1181 "-" "Mozilla/5.0 (Windows NT 5.1; rv:11.0) Gecko/20100101 Firefox/11.0"
178.48.128.207 - - [27/Mar/2012:20:51:28 +0200] "GET /fiok/kapcsolat.htm HTTP/1.1" 200 17416 "http://www.beklen.hu/fiok/" "Mozilla/5.0 (Windows NT 5.1; rv:11.0) Gecko/20100101 Firefox/11.0"
178.48.128.207 - - [27/Mar/2012:20:51:29 +0200] "GET /fiok/images/index_25.gif HTTP/1.1" 200 708 "http://www.beklen.hu/fiok/kapcsolat.htm" "Mozilla/5.0 (Windows NT 5.1; rv:11.0) Gecko/20100101 Firefox/11.0"
178.48.128.207 - - [27/Mar/2012:20:51:35 +0200] "GET /fiok/images/index_21_21.JPG HTTP/1.1" 404 1181 "http://www.beklen.hu/fiok/" "Mozilla/5.0 (Windows NT 5.1; rv:11.0) Gecko/20100101 Firefox/11.0"
85.66.186.218 - - [27/Mar/2012:21:43:19 +0200] "GET /lb/images/closelabel.gif HTTP/1.1" 200 222 "http://www.rulettmania.hu/sportfogadas/index.php?foablak=szovegtorzs." "Mozilla/5.0 (Windows NT 6.1; WOW64; rv:11.0) Gecko/20100101 Firefox/11.0"
85.66.186.218 - - [27/Mar/2012:21:43:19 +0200] "GET /lb/images/loading.gif HTTP/1.1" 200 2767 "http://www.rulettmania.hu/sportfogadas/index.php?foablak=szovegtorzs." "Mozilla/5.0 (Windows NT 6.1; WOW64; rv:11.0) Gecko/20100101 Firefox/11.0"
95.108.248.30 - - [27/Mar/2012:21:46:10 +0200] "GET /index.htm HTTP/1.1" 200 23794 "-" "Mozilla/5.0 (compatible; YandexBot/3.0; +http://yandex.com/bots)"
208.115.111.68 - - [27/Mar/2012:21:54:50 +0200] "GET /deutsch/stellen.htm HTTP/1.1" 200 6824 "-" "Mozilla/5.0 (compatible; Ezooms/1.0; ezooms.bot@gmail.com)"
95.108.248.30 - - [27/Mar/2012:22:01:15 +0200] "GET /hirek/jelentkezesi_lap.doc HTTP/1.1" 304 - "-" "Mozilla/5.0 (compatible; YandexBot/3.0; +http://yandex.com/bots)"
208.115.113.84 - - [27/Mar/2012:22:51:19 +0200] "GET /robots.txt HTTP/1.1" 404 1181 "-" "Mozilla/5.0 (compatible; Ezooms/1.0; ezooms.bot@gmail.com)"
77.243.215.48 - - [27/Mar/2012:23:44:21 +0200] "GET /hirek/Natura_2000es_gyepgazdalkodas_eloirasai.ppt HTTP/1.1" 200 75520 "http://www.google.co.uk/url?sa=t&rct=j&q=erdei+n%C3%B6v%C3%A9nyek+ppt&source=web&cd=140&ved=0CGoQFjAJOIIB&url=http%3A%2F%2Fwww.beklen.hu%2Fhirek%2FNatura_2000es_gyepgazdalkodas_eloirasai.ppt&ei=gDRyT4PKBJCLswbovbnjDQ&usg=AFQjCNG8LfbJHhsQnf2GHHlP2nweoOOGlQ" "Mozilla/4.0 (compatible; MSIE 8.0; Windows NT 5.1; Trident/4.0; .NET CLR 1.1.4322; .NET4.0C)"
77.243.215.48 - - [27/Mar/2012:23:44:25 +0200] "GET /hirek/Natura_2000es_gyepgazdalkodas_eloirasai.ppt HTTP/1.1" 200 333312 "http://www.google.co.uk/url?sa=t&rct=j&q=erdei+n%C3%B6v%C3%A9nyek+ppt&source=web&cd=140&ved=0CGoQFjAJOIIB&url=http%3A%2F%2Fwww.beklen.hu%2Fhirek%2FNatura_2000es_gyepgazdalkodas_eloirasai.ppt&ei=gDRyT4PKBJCLswbovbnjDQ&usg=AFQjCNG8LfbJHhsQnf2GHHlP2nweoOOGlQ" "Mozilla/4.0 (compatible; MSIE 8.0; Windows NT 5.1; Trident/4.0; .NET CLR 1.1.4322; .NET4.0C)"
77.243.215.48 - - [27/Mar/2012:23:44:26 +0200] "OPTIONS /hirek/ HTTP/1.1" 200 - "-" "Microsoft Office Protocol Discovery"
130.83.167.153 - - [28/Mar/2012:00:23:11 +0200] "GET /fiok/news.html HTTP/1.1" 404 1181 "-" "findlinks/2.1.5 (+http://wortschatz.uni-leipzig.de/findlinks/)"
208.115.113.84 - - [28/Mar/2012:00:45:55 +0200] "GET /english/index.htm HTTP/1.1" 200 5262 "-" "Mozilla/5.0 (compatible; Ezooms/1.0; ezooms.bot@gmail.com)"
208.115.113.84 - - [28/Mar/2012:00:45:59 +0200] "GET /hirek/hirek100804.htm HTTP/1.1" 200 8056 "-" "Mozilla/5.0 (compatible; Ezooms/1.0; ezooms.bot@gmail.com)"
208.115.111.68 - - [28/Mar/2012:01:08:47 +0200] "GET /robots.txt HTTP/1.1" 404 1181 "-" "Mozilla/5.0 (compatible; Ezooms/1.0; ezooms.bot@gmail.com)"
66.249.72.72 - - [28/Mar/2012:02:39:39 +0200] "GET /robots.txt HTTP/1.1" 404 1181 "-" "Mozilla/5.0 (compatible; Googlebot/2.1; +http://www.google.com/bot.html)"
66.249.72.72 - - [28/Mar/2012:02:39:40 +0200] "GET /jog/eseteink/audi/additional_information_on_the_compensatory_measures_provided_by_hungarian_authorities_at_the_request_of_the_commission_3.pdf HTTP/1.1" 304 - "-" "Mozilla/5.0 (compatible; Googlebot/2.1; +http://www.google.com/bot.html)"
66.249.72.72 - - [28/Mar/2012:02:43:24 +0200] "GET /jog/eseteink/audi/additional_information_on_the_compensatory_measures_provided_by_hungarian_authorities_at_the_request_of_the_commission_1.pdf HTTP/1.1" 304 - "-" "Mozilla/5.0 (compatible; Googlebot/2.1; +http://www.google.com/bot.html)"
66.249.72.72 - - [28/Mar/2012:02:44:32 +0200] "GET /deutsch/stellen.htm HTTP/1.1" 200 6824 "-" "Mozilla/5.0 (compatible; Googlebot/2.1; +http://www.google.com/bot.html)"
208.115.111.68 - - [28/Mar/2012:02:54:15 +0200] "GET /civilmuhely.htm HTTP/1.1" 200 8450 "-" "Mozilla/5.0 (compatible; Ezooms/1.0; ezooms.bot@gmail.com)"
66.249.72.72 - - [28/Mar/2012:03:18:26 +0200] "GET /jog/eseteink/audi/application_of_hungarian_authorities_for_the_commission_opinion_2.pdf HTTP/1.1" 304 - "-" "Mozilla/5.0 (compatible; Googlebot/2.1; +http://www.google.com/bot.html)"
66.249.72.72 - - [28/Mar/2012:03:20:39 +0200] "GET /jog/eseteink/audi/application_of_hungarian_authorities_for_the_commission_opinion_1.pdf HTTP/1.1" 304 - "-" "Mozilla/5.0 (compatible; Googlebot/2.1; +http://www.google.com/bot.html)"
66.249.72.72 - - [28/Mar/2012:03:55:48 +0200] "GET /jog/eseteink/audi/additional_information_provided_by_hungarian_authorities_at_the_request_of_the_commission.pdf HTTP/1.1" 304 - "-" "Mozilla/5.0 (compatible; Googlebot/2.1; +http://www.google.com/bot.html)"
95.108.248.30 - - [28/Mar/2012:04:02:47 +0200] "GET /deutsch/stellen.htm HTTP/1.1" 200 6824 "-" "Mozilla/5.0 (compatible; YandexBot/3.0; +http://yandex.com/bots)"
208.115.111.68 - - [28/Mar/2012:04:03:59 +0200] "GET /robots.txt HTTP/1.1" 404 1181 "-" "Mozilla/5.0 (compatible; Ezooms/1.0; ezooms.bot@gmail.com)"
207.46.13.117 - - [28/Mar/2012:05:33:39 +0200] "GET /robots.txt HTTP/1.1" 404 1181 "-" "Mozilla/5.0 (compatible; bingbot/2.0; +http://www.bing.com/bingbot.htm)"
207.46.12.74 - - [28/Mar/2012:05:34:36 +0200] "GET /media.htm HTTP/1.1" 200 5208 "-" "Mozilla/5.0 (Windows NT 6.1; WOW64) AppleWebKit/534+ (KHTML, like Gecko) BingPreview/1.0b"
207.46.12.74 - - [28/Mar/2012:05:34:36 +0200] "GET /vill.cs HTTP/1.1" 200 2676 "http://www.beklen.hu/media.htm" "Mozilla/5.0 (Windows NT 6.1; WOW64) AppleWebKit/534+ (KHTML, like Gecko) BingPreview/1.0b"
208.115.111.68 - - [28/Mar/2012:05:53:08 +0200] "GET /fiok/program_reszek/turazas.htm HTTP/1.1" 200 22754 "-" "Mozilla/5.0 (compatible; Ezooms/1.0; ezooms.bot@gmail.com)"
207.46.13.117 - - [28/Mar/2012:06:35:59 +0200] "GET /media.htm HTTP/1.1" 304 - "-" "Mozilla/5.0 (compatible; bingbot/2.0; +http://www.bing.com/bingbot.htm)"
66.249.72.72 - - [28/Mar/2012:07:10:37 +0200] "GET /magunkrol.htm HTTP/1.1" 304 - "-" "Mozilla/5.0 (iPhone; U; CPU iPhone OS 4_1 like Mac OS X; en-us) AppleWebKit/532.9 (KHTML, like Gecko) Version/4.0.5 Mobile/8B117 Safari/6531.22.7 (compatible; Googlebot-Mobile/2.1; +http://www.google.com/bot.html)"
208.115.111.68 - - [28/Mar/2012:07:45:00 +0200] "GET /robots.txt HTTP/1.1" 404 1181 "-" "Mozilla/5.0 (compatible; Ezooms/1.0; ezooms.bot@gmail.com)"
188.36.31.199 - - [28/Mar/2012:08:13:14 +0200] "GET /programok.htm HTTP/1.1" 304 - "-" "Mozilla/5.0 (compatible; MSIE 9.0; Windows NT 6.1; WOW64; Trident/5.0)"
188.36.31.199 - - [28/Mar/2012:08:13:17 +0200] "GET /felhivas.htm HTTP/1.1" 304 - "http://www.beklen.hu/programok.htm" "Mozilla/5.0 (compatible; MSIE 9.0; Windows NT 6.1; WOW64; Trident/5.0)"
208.115.111.68 - - [28/Mar/2012:09:33:03 +0200] "GET /hirek/hirek090302.htm HTTP/1.1" 200 8452 "-" "Mozilla/5.0 (compatible; Ezooms/1.0; ezooms.bot@gmail.com)"
61.111.15.20 - - [28/Mar/2012:11:05:20 +0200] "GET /jog/eseteink/malom/fellebbezes_hatarnap.pdf HTTP/1.0" 200 156928 "-" "Mozilla/5.0 (Windows NT 6.1; WOW64) AppleWebKit/535.1 (KHTML, like Gecko) Chrome/13.0.782.215 Safari/535.1"
66.249.72.72 - - [28/Mar/2012:12:42:04 +0200] "GET /hirek/printscreenek/banner_humusz2.jpg HTTP/1.1" 304 - "-" "Googlebot-Image/1.0"
66.249.72.72 - - [28/Mar/2012:13:05:12 +0200] "GET /hirek/klimatv_civilcikk.doc HTTP/1.1" 200 78336 "-" "Mozilla/5.0 (compatible; Googlebot/2.1; +http://www.google.com/bot.html)"
188.36.31.199 - - [28/Mar/2012:13:12:20 +0200] "GET / HTTP/1.1" 304 - "-" "Mozilla/5.0 (compatible; MSIE 9.0; Windows NT 6.1; WOW64; Trident/5.0)"
188.36.31.199 - - [28/Mar/2012:13:12:20 +0200] "GET /jog_honlap_.jpg HTTP/1.1" 304 - "http://www.beklen.hu/" "Mozilla/5.0 (compatible; MSIE 9.0; Windows NT 6.1; WOW64; Trident/5.0)"
188.36.31.199 - - [28/Mar/2012:13:12:27 +0200] "GET /felhivas.doc HTTP/1.1" 200 63488 "http://www.beklen.hu/felhivas.htm" "Mozilla/5.0 (compatible; MSIE 9.0; Windows NT 6.1; WOW64; Trident/5.0)"
188.36.31.199 - - [28/Mar/2012:13:12:28 +0200] "OPTIONS / HTTP/1.1" 200 - "-" "Microsoft Office Protocol Discovery"
188.36.31.199 - - [28/Mar/2012:13:12:28 +0200] "HEAD /felhivas.doc HTTP/1.1" 200 0 "-" "Microsoft Office Existence Discovery"
188.36.31.199 - - [28/Mar/2012:13:12:28 +0200] "OPTIONS / HTTP/1.1" 200 - "-" "Microsoft-WebDAV-MiniRedir/6.1.7601"
188.36.31.199 - - [28/Mar/2012:13:12:28 +0200] "PROPFIND / HTTP/1.1" 405 1174 "-" "Microsoft-WebDAV-MiniRedir/6.1.7601"
188.36.31.199 - - [28/Mar/2012:13:12:28 +0200] "PROPFIND / HTTP/1.1" 405 1174 "-" "Microsoft-WebDAV-MiniRedir/6.1.7601"
188.36.31.199 - - [28/Mar/2012:13:12:31 +0200] "HEAD /felhivas.doc HTTP/1.1" 200 0 "-" "Microsoft Office Existence Discovery"
188.36.31.199 - - [28/Mar/2012:13:12:31 +0200] "PROPFIND / HTTP/1.1" 405 1174 "-" "Microsoft-WebDAV-MiniRedir/6.1.7601"
188.36.31.199 - - [28/Mar/2012:13:12:31 +0200] "PROPFIND / HTTP/1.1" 405 1174 "-" "Microsoft-WebDAV-MiniRedir/6.1.7601"
188.36.31.199 - - [28/Mar/2012:13:13:01 +0200] "PROPFIND / HTTP/1.1" 405 1174 "-" "Microsoft-WebDAV-MiniRedir/6.1.7601"
188.36.31.199 - - [28/Mar/2012:13:13:01 +0200] "PROPFIND / HTTP/1.1" 405 1174 "-" "Microsoft-WebDAV-MiniRedir/6.1.7601"
66.249.72.72 - - [28/Mar/2012:13:31:20 +0200] "GET /jog/pub/rally_kiadvany_mtvsz.pdf HTTP/1.1" 200 630857 "-" "Mozilla/5.0 (compatible; Googlebot/2.1; +http://www.google.com/bot.html)"
66.249.72.72 - - [28/Mar/2012:13:50:39 +0200] "GET /jog/jogszabalyok/2001-es%20vedett%20lista.pdf HTTP/1.1" 304 - "-" "Mozilla/5.0 (compatible; Googlebot/2.1; +http://www.google.com/bot.html)"
139.18.2.209 - - [28/Mar/2012:14:03:43 +0200] "GET /robots.txt HTTP/1.1" 404 1181 "-" "findlinks/2.0.1 (+http://wortschatz.uni-leipzig.de/findlinks/)"
66.249.72.72 - - [28/Mar/2012:14:18:57 +0200] "GET /jog/pub/muszakisportok.jpg HTTP/1.1" 304 - "-" "Googlebot-Image/1.0"
66.249.72.72 - - [28/Mar/2012:14:42:45 +0200] "GET /robots.txt HTTP/1.1" 404 1181 "-" "Mozilla/5.0 (compatible; Googlebot/2.1; +http://www.google.com/bot.html)"
66.249.72.72 - - [28/Mar/2012:14:42:50 +0200] "GET /hirarchivum.htm HTTP/1.1" 304 - "-" "Mozilla/5.0 (compatible; Googlebot/2.1; +http://www.google.com/bot.html)"
66.249.72.72 - - [28/Mar/2012:14:53:12 +0200] "GET /hirek/hirek090930.htm HTTP/1.1" 200 7044 "-" "Mozilla/5.0 (compatible; Googlebot/2.1; +http://www.google.com/bot.html)"
95.108.248.30 - - [28/Mar/2012:14:57:27 +0200] "GET /programok.htm HTTP/1.1" 200 6558 "-" "Mozilla/5.0 (compatible; YandexBot/3.0; +http://yandex.com/bots)"
66.249.72.72 - - [28/Mar/2012:15:26:02 +0200] "GET /hirek/hirek100420.htm HTTP/1.1" 304 - "-" "Mozilla/5.0 (compatible; Googlebot/2.1; +http://www.google.com/bot.html)"
145.236.110.128 - - [28/Mar/2012:15:54:27 +0200] "GET / HTTP/1.1" 200 23794 "-" "Mozilla/5.0 (Macintosh; Intel Mac OS X 10.6; rv:8.0) Gecko/20100101 Firefox/8.0"
145.236.110.128 - - [28/Mar/2012:15:54:27 +0200] "GET /vill.cs HTTP/1.1" 200 2676 "http://www.beklen.hu/" "Mozilla/5.0 (Macintosh; Intel Mac OS X 10.6; rv:8.0) Gecko/20100101 Firefox/8.0"
145.236.110.128 - - [28/Mar/2012:15:54:27 +0200] "GET /tm02.jpg HTTP/1.1" 200 1873 "http://www.beklen.hu/" "Mozilla/5.0 (Macintosh; Intel Mac OS X 10.6; rv:8.0) Gecko/20100101 Firefox/8.0"
145.236.110.128 - - [28/Mar/2012:15:54:27 +0200] "GET /tm01.jpg HTTP/1.1" 200 1080 "http://www.beklen.hu/" "Mozilla/5.0 (Macintosh; Intel Mac OS X 10.6; rv:8.0) Gecko/20100101 Firefox/8.0"
145.236.110.128 - - [28/Mar/2012:15:54:27 +0200] "GET /lb/css/lightbox.css HTTP/1.1" 200 1715 "http://www.beklen.hu/" "Mozilla/5.0 (Macintosh; Intel Mac OS X 10.6; rv:8.0) Gecko/20100101 Firefox/8.0"
145.236.110.128 - - [28/Mar/2012:15:54:27 +0200] "GET /lb/js/prototype.js HTTP/1.1" 200 47603 "http://www.beklen.hu/" "Mozilla/5.0 (Macintosh; Intel Mac OS X 10.6; rv:8.0) Gecko/20100101 Firefox/8.0"
145.236.110.128 - - [28/Mar/2012:15:54:27 +0200] "GET /lb/js/scriptaculous.js?load=effects HTTP/1.1" 200 2152 "http://www.beklen.hu/" "Mozilla/5.0 (Macintosh; Intel Mac OS X 10.6; rv:8.0) Gecko/20100101 Firefox/8.0"
145.236.110.128 - - [28/Mar/2012:15:54:27 +0200] "GET /lb/js/lightbox.js HTTP/1.1" 200 23424 "http://www.beklen.hu/" "Mozilla/5.0 (Macintosh; Intel Mac OS X 10.6; rv:8.0) Gecko/20100101 Firefox/8.0"
145.236.110.128 - - [28/Mar/2012:15:54:27 +0200] "GET /tm03_.jpg HTTP/1.1" 200 1787 "http://www.beklen.hu/" "Mozilla/5.0 (Macintosh; Intel Mac OS X 10.6; rv:8.0) Gecko/20100101 Firefox/8.0"
145.236.110.128 - - [28/Mar/2012:15:54:27 +0200] "GET /tm04_.jpg HTTP/1.1" 200 2058 "http://www.beklen.hu/" "Mozilla/5.0 (Macintosh; Intel Mac OS X 10.6; rv:8.0) Gecko/20100101 Firefox/8.0"
145.236.110.128 - - [28/Mar/2012:15:54:27 +0200] "GET /tm05_.jpg HTTP/1.1" 200 1839 "http://www.beklen.hu/" "Mozilla/5.0 (Macintosh; Intel Mac OS X 10.6; rv:8.0) Gecko/20100101 Firefox/8.0"
145.236.110.128 - - [28/Mar/2012:15:54:27 +0200] "GET /tm06_.jpg HTTP/1.1" 200 1382 "http://www.beklen.hu/" "Mozilla/5.0 (Macintosh; Intel Mac OS X 10.6; rv:8.0) Gecko/20100101 Firefox/8.0"
145.236.110.128 - - [28/Mar/2012:15:54:27 +0200] "GET /tm07.jpg HTTP/1.1" 200 1007 "http://www.beklen.hu/" "Mozilla/5.0 (Macintosh; Intel Mac OS X 10.6; rv:8.0) Gecko/20100101 Firefox/8.0"
145.236.110.128 - - [28/Mar/2012:15:54:27 +0200] "GET /a1_projekt_tabla_infra_cs3_beklenhaz_.jpg HTTP/1.1" 200 8994 "http://www.beklen.hu/" "Mozilla/5.0 (Macintosh; Intel Mac OS X 10.6; rv:8.0) Gecko/20100101 Firefox/8.0"
145.236.110.128 - - [28/Mar/2012:15:54:27 +0200] "GET /jog_honlap_.jpg HTTP/1.1" 200 7186 "http://www.beklen.hu/" "Mozilla/5.0 (Macintosh; Intel Mac OS X 10.6; rv:8.0) Gecko/20100101 Firefox/8.0"
145.236.110.128 - - [28/Mar/2012:15:54:27 +0200] "GET /lb/js/effects.js HTTP/1.1" 200 31969 "http://www.beklen.hu/" "Mozilla/5.0 (Macintosh; Intel Mac OS X 10.6; rv:8.0) Gecko/20100101 Firefox/8.0"
145.236.110.128 - - [28/Mar/2012:15:54:27 +0200] "GET /bg.jpg HTTP/1.1" 200 566 "http://www.beklen.hu/" "Mozilla/5.0 (Macintosh; Intel Mac OS X 10.6; rv:8.0) Gecko/20100101 Firefox/8.0"
145.236.110.128 - - [28/Mar/2012:15:54:28 +0200] "GET /bottom_main.jpg HTTP/1.1" 200 96820 "http://www.beklen.hu/vill.cs" "Mozilla/5.0 (Macintosh; Intel Mac OS X 10.6; rv:8.0) Gecko/20100101 Firefox/8.0"
145.236.110.128 - - [28/Mar/2012:15:54:31 +0200] "GET /nimfea_project_250x250.gif HTTP/1.1" 200 2986583 "http://www.beklen.hu/" "Mozilla/5.0 (Macintosh; Intel Mac OS X 10.6; rv:8.0) Gecko/20100101 Firefox/8.0"
145.236.110.128 - - [28/Mar/2012:15:54:31 +0200] "GET /tm05.jpg HTTP/1.1" 200 2253 "http://www.beklen.hu/" "Mozilla/5.0 (Macintosh; Intel Mac OS X 10.6; rv:8.0) Gecko/20100101 Firefox/8.0"
145.236.110.128 - - [28/Mar/2012:15:54:31 +0200] "GET /lb/images/closelabel.gif HTTP/1.1" 200 222 "http://www.beklen.hu/" "Mozilla/5.0 (Macintosh; Intel Mac OS X 10.6; rv:8.0) Gecko/20100101 Firefox/8.0"
145.236.110.128 - - [28/Mar/2012:15:54:31 +0200] "GET /lb/images/loading.gif HTTP/1.1" 200 2767 "http://www.beklen.hu/" "Mozilla/5.0 (Macintosh; Intel Mac OS X 10.6; rv:8.0) Gecko/20100101 Firefox/8.0"
145.236.110.128 - - [28/Mar/2012:15:54:31 +0200] "GET /tm06.jpg HTTP/1.1" 200 1651 "http://www.beklen.hu/" "Mozilla/5.0 (Macintosh; Intel Mac OS X 10.6; rv:8.0) Gecko/20100101 Firefox/8.0"
145.236.110.128 - - [28/Mar/2012:15:54:31 +0200] "GET /tm04.jpg HTTP/1.1" 200 2613 "http://www.beklen.hu/" "Mozilla/5.0 (Macintosh; Intel Mac OS X 10.6; rv:8.0) Gecko/20100101 Firefox/8.0"
145.236.110.128 - - [28/Mar/2012:15:54:31 +0200] "GET /tm02_.jpg HTTP/1.1" 200 1524 "http://www.beklen.hu/" "Mozilla/5.0 (Macintosh; Intel Mac OS X 10.6; rv:8.0) Gecko/20100101 Firefox/8.0"
145.236.110.128 - - [28/Mar/2012:15:54:31 +0200] "GET /favicon.ico HTTP/1.1" 404 1181 "-" "Mozilla/5.0 (Macintosh; Intel Mac OS X 10.6; rv:8.0) Gecko/20100101 Firefox/8.0"
145.236.110.128 - - [28/Mar/2012:15:54:31 +0200] "GET /tm03.jpg HTTP/1.1" 200 2212 "http://www.beklen.hu/" "Mozilla/5.0 (Macintosh; Intel Mac OS X 10.6; rv:8.0) Gecko/20100101 Firefox/8.0"
145.236.110.128 - - [28/Mar/2012:15:54:31 +0200] "GET /favicon.ico HTTP/1.1" 404 1181 "-" "Mozilla/5.0 (Macintosh; Intel Mac OS X 10.6; rv:8.0) Gecko/20100101 Firefox/8.0"
91.137.145.91 - - [28/Mar/2012:16:02:55 +0200] "GET /hirek/Natura_2000es_gyepgazdalkodas_eloirasai.ppt HTTP/1.1" 200 333312 "http://www.google.hu/url?sa=t&rct=j&q=natura%202000%20evente%201%20tanfolyam&source=web&cd=2&ved=0CD4QFjAB&url=http%3A%2F%2Fwww.beklen.hu%2Fhirek%2FNatura_2000es_gyepgazdalkodas_eloirasai.ppt&ei=BRpzT-TRGYzcsgaF07nTDQ&usg=AFQjCNG8LfbJHhsQnf2GHHlP2nweoOOGlQ" "Mozilla/5.0 (Windows NT 5.1; rv:11.0) Gecko/20100101 Firefox/11.0"
91.137.145.91 - - [28/Mar/2012:16:03:02 +0200] "GET /hirek/Natura_2000es_gyepgazdalkodas_eloirasai.ppt HTTP/1.1" 200 333312 "http://www.google.hu/url?sa=t&rct=j&q=natura%202000%20evente%201%20tanfolyam&source=web&cd=2&ved=0CD4QFjAB&url=http%3A%2F%2Fwww.beklen.hu%2Fhirek%2FNatura_2000es_gyepgazdalkodas_eloirasai.ppt&ei=BRpzT-TRGYzcsgaF07nTDQ&usg=AFQjCNG8LfbJHhsQnf2GHHlP2nweoOOGlQ" "Mozilla/5.0 (Windows NT 5.1; rv:11.0) Gecko/20100101 Firefox/11.0"
95.108.248.30 - - [28/Mar/2012:16:17:39 +0200] "GET /robots.txt HTTP/1.1" 404 1181 "-" "Mozilla/5.0 (compatible; YandexBot/3.0; +http://yandex.com/bots)"
95.108.248.30 - - [28/Mar/2012:16:56:47 +0200] "GET / HTTP/1.1" 200 23794 "-" "Mozilla/5.0 (compatible; YandexBot/3.0; +http://yandex.com/bots)"
207.46.193.37 - - [28/Mar/2012:17:08:51 +0200] "GET / HTTP/1.1" 200 23794 "-" "Mozilla/4.0 (compatible; MSIE 8.0; Windows NT 5.2; Trident/4.0; SLCC1; .NET CLR 1.1.4322; .NET CLR 2.0.50727; .NET CLR 3.0.04506.648)"
207.46.193.37 - - [28/Mar/2012:17:08:58 +0200] "GET /vill.cs HTTP/1.1" 200 2676 "http://www.beklen.hu/" "Mozilla/4.0 (compatible; MSIE 8.0; Windows NT 5.2; Trident/4.0; SLCC1; .NET CLR 1.1.4322; .NET CLR 2.0.50727; .NET CLR 3.0.04506.648)"
207.46.193.37 - - [28/Mar/2012:17:08:59 +0200] "GET /lb/js/prototype.js HTTP/1.1" 200 47603 "http://www.beklen.hu/" "Mozilla/4.0 (compatible; MSIE 8.0; Windows NT 5.2; Trident/4.0; SLCC1; .NET CLR 1.1.4322; .NET CLR 2.0.50727; .NET CLR 3.0.04506.648)"
207.46.193.37 - - [28/Mar/2012:17:08:59 +0200] "GET /lb/js/lightbox.js HTTP/1.1" 200 23424 "http://www.beklen.hu/" "Mozilla/4.0 (compatible; MSIE 8.0; Windows NT 5.2; Trident/4.0; SLCC1; .NET CLR 1.1.4322; .NET CLR 2.0.50727; .NET CLR 3.0.04506.648)"
207.46.193.37 - - [28/Mar/2012:17:09:00 +0200] "GET /lb/js/scriptaculous.js?load=effects HTTP/1.1" 200 2152 "http://www.beklen.hu/" "Mozilla/4.0 (compatible; MSIE 8.0; Windows NT 5.2; Trident/4.0; SLCC1; .NET CLR 1.1.4322; .NET CLR 2.0.50727; .NET CLR 3.0.04506.648)"
207.46.193.37 - - [28/Mar/2012:17:09:00 +0200] "GET /lb/css/lightbox.css HTTP/1.1" 200 1715 "http://www.beklen.hu/" "Mozilla/4.0 (compatible; MSIE 8.0; Windows NT 5.2; Trident/4.0; SLCC1; .NET CLR 1.1.4322; .NET CLR 2.0.50727; .NET CLR 3.0.04506.648)"
207.46.193.37 - - [28/Mar/2012:17:09:02 +0200] "GET /lb/js/effects.js HTTP/1.1" 200 31969 "http://www.beklen.hu/" "Mozilla/4.0 (compatible; MSIE 8.0; Windows NT 5.2; Trident/4.0; SLCC1; .NET CLR 1.1.4322; .NET CLR 2.0.50727; .NET CLR 3.0.04506.648)"
108.166.93.147 - - [28/Mar/2012:18:52:22 +0200] "GET /muieblackcat HTTP/1.1" 404 1181 "-" "-"
108.166.93.147 - - [28/Mar/2012:18:52:23 +0200] "GET //index.php HTTP/1.1" 404 1181 "-" "-"
108.166.93.147 - - [28/Mar/2012:18:52:39 +0200] "GET //mysql/index.php HTTP/1.1" 404 1181 "-" "-"
108.166.93.147 - - [28/Mar/2012:18:52:45 +0200] "GET //phpadmin/index.php HTTP/1.1" 404 1181 "-" "-"
108.166.93.147 - - [28/Mar/2012:18:52:48 +0200] "GET //phpmyadmin/index.php HTTP/1.1" 404 1181 "-" "-"
108.166.93.147 - - [28/Mar/2012:18:52:49 +0200] "GET //phpmyadmin1/index.php HTTP/1.1" 404 1181 "-" "-"
108.166.93.147 - - [28/Mar/2012:18:52:55 +0200] "GET //web/phpMyAdmin/index.php HTTP/1.1" 404 1181 "-" "-"
108.166.93.147 - - [28/Mar/2012:18:52:55 +0200] "GET //xampp/phpmyadmin/index.php HTTP/1.1" 404 1181 "-" "-"
108.166.93.147 - - [28/Mar/2012:18:53:02 +0200] "GET //websql/index.php HTTP/1.1" 404 1181 "-" "-"
108.166.93.147 - - [28/Mar/2012:18:53:02 +0200] "GET //phpmyadmin/index.php HTTP/1.1" 404 1181 "-" "-"
108.166.93.147 - - [28/Mar/2012:18:53:03 +0200] "GET //phpMyAdmin/index.php HTTP/1.1" 404 1181 "-" "-"
108.166.93.147 - - [28/Mar/2012:18:53:12 +0200] "GET //phpMyAdmin-2.2.6/index.php HTTP/1.1" 404 1181 "-" "-"
108.166.93.147 - - [28/Mar/2012:18:53:18 +0200] "GET //phpMyAdmin-2.5.5-rc1/index.php HTTP/1.1" 404 1181 "-" "-"
108.166.93.147 - - [28/Mar/2012:18:53:22 +0200] "GET //phpMyAdmin-2.5.5/index.php HTTP/1.1" 404 1181 "-" "-"
108.166.93.147 - - [28/Mar/2012:18:53:22 +0200] "GET //phpMyAdmin-2.5.5-pl1/index.php HTTP/1.1" 404 1181 "-" "-"
108.166.93.147 - - [28/Mar/2012:18:53:22 +0200] "GET //phpMyAdmin-2.5.6-rc1/index.php HTTP/1.1" 404 1181 "-" "-"
96.2.31.16 - - [28/Mar/2012:19:05:14 +0200] "GET /robots.txt HTTP/1.0" 404 1181 "-" "Mozilla/5.0 (compatible; MJ12bot/v1.4.2; http://www.majestic12.co.uk/bot.php?+)"
96.2.31.16 - - [28/Mar/2012:19:05:16 +0200] "GET / HTTP/1.1" 200 23794 "-" "Mozilla/5.0 (compatible; MJ12bot/v1.4.2; http://www.majestic12.co.uk/bot.php?+)"
66.249.72.72 - - [28/Mar/2012:19:42:03 +0200] "GET /bunt.htm HTTP/1.1" 200 5683 "-" "Mozilla/5.0 (iPhone; U; CPU iPhone OS 4_1 like Mac OS X; en-us) AppleWebKit/532.9 (KHTML, like Gecko) Version/4.0.5 Mobile/8B117 Safari/6531.22.7 (compatible; Googlebot-Mobile/2.1; +http://www.google.com/bot.html)"
208.115.111.68 - - [28/Mar/2012:21:23:56 +0200] "GET /robots.txt HTTP/1.1" 404 1181 "-" "Mozilla/5.0 (compatible; Ezooms/1.0; ezooms.bot@gmail.com)"
94.44.15.116 - - [28/Mar/2012:21:44:03 +0200] "GET /jog/eseteink/derekegyhaza/index.htm HTTP/1.1" 200 34210 "http://www.google.com/url?sa=t&rct=j&q=&esrc=s&source=web&cd=4&ved=0CDsQFjAD&url=http%3A%2F%2Fwww.beklen.hu%2Fjog%2Feseteink%2Fderekegyhaza%2Findex.htm&ei=bmlzT9XFAoXe4QS97ryYDw&usg=AFQjCNErFXeah-vVflY-9rE9_dfaQVYeSg&sig2=HiZ63LnNUHiFoBBw6bJhJg" "Mozilla/5.0 (Ubuntu; X11; Linux i686; rv:9.0.1) Gecko/20100101 Firefox/9.0.1"
94.44.15.116 - - [28/Mar/2012:21:44:03 +0200] "GET /jog/script.js HTTP/1.1" 200 5674 "http://www.beklen.hu/jog/eseteink/derekegyhaza/index.htm" "Mozilla/5.0 (Ubuntu; X11; Linux i686; rv:9.0.1) Gecko/20100101 Firefox/9.0.1"
94.44.15.116 - - [28/Mar/2012:21:44:03 +0200] "GET /jog/lb/js/scriptaculous.js?load=effects HTTP/1.1" 200 2152 "http://www.beklen.hu/jog/eseteink/derekegyhaza/index.htm" "Mozilla/5.0 (Ubuntu; X11; Linux i686; rv:9.0.1) Gecko/20100101 Firefox/9.0.1"
94.44.15.116 - - [28/Mar/2012:21:44:03 +0200] "GET /jog/lb/js/lightbox.js HTTP/1.1" 200 23431 "http://www.beklen.hu/jog/eseteink/derekegyhaza/index.htm" "Mozilla/5.0 (Ubuntu; X11; Linux i686; rv:9.0.1) Gecko/20100101 Firefox/9.0.1"
94.44.15.116 - - [28/Mar/2012:21:44:03 +0200] "GET /jog/lb/css/lightbox.css HTTP/1.1" 200 1715 "http://www.beklen.hu/jog/eseteink/derekegyhaza/index.htm" "Mozilla/5.0 (Ubuntu; X11; Linux i686; rv:9.0.1) Gecko/20100101 Firefox/9.0.1"
94.44.15.116 - - [28/Mar/2012:21:44:03 +0200] "GET /jog/style.css HTTP/1.1" 200 21413 "http://www.beklen.hu/jog/eseteink/derekegyhaza/index.htm" "Mozilla/5.0 (Ubuntu; X11; Linux i686; rv:9.0.1) Gecko/20100101 Firefox/9.0.1"
94.44.15.116 - - [28/Mar/2012:21:44:03 +0200] "GET /jog/eseteink/derekegyhaza/37-433.jpg HTTP/1.1" 200 3573 "http://www.beklen.hu/jog/eseteink/derekegyhaza/index.htm" "Mozilla/5.0 (Ubuntu; X11; Linux i686; rv:9.0.1) Gecko/20100101 Firefox/9.0.1"
94.44.15.116 - - [28/Mar/2012:21:44:03 +0200] "GET /jog/img/file_pdf.png HTTP/1.1" 200 581 "http://www.beklen.hu/jog/eseteink/derekegyhaza/index.htm" "Mozilla/5.0 (Ubuntu; X11; Linux i686; rv:9.0.1) Gecko/20100101 Firefox/9.0.1"
94.44.15.116 - - [28/Mar/2012:21:44:03 +0200] "GET /jog/lb/js/prototype.js HTTP/1.1" 200 47603 "http://www.beklen.hu/jog/eseteink/derekegyhaza/index.htm" "Mozilla/5.0 (Ubuntu; X11; Linux i686; rv:9.0.1) Gecko/20100101 Firefox/9.0.1"
94.44.15.116 - - [28/Mar/2012:21:44:04 +0200] "GET /jog/img/file_jpg.png HTTP/1.1" 200 607 "http://www.beklen.hu/jog/eseteink/derekegyhaza/index.htm" "Mozilla/5.0 (Ubuntu; X11; Linux i686; rv:9.0.1) Gecko/20100101 Firefox/9.0.1"
94.44.15.116 - - [28/Mar/2012:21:44:04 +0200] "GET /jog/jquery.js HTTP/1.1" 200 72174 "http://www.beklen.hu/jog/eseteink/derekegyhaza/index.htm" "Mozilla/5.0 (Ubuntu; X11; Linux i686; rv:9.0.1) Gecko/20100101 Firefox/9.0.1"
94.44.15.116 - - [28/Mar/2012:21:44:04 +0200] "GET /jog/eseteink/derekegyhaza/kepek/37-431__.jpg HTTP/1.1" 200 4706 "http://www.beklen.hu/jog/eseteink/derekegyhaza/index.htm" "Mozilla/5.0 (Ubuntu; X11; Linux i686; rv:9.0.1) Gecko/20100101 Firefox/9.0.1"
94.44.15.116 - - [28/Mar/2012:21:44:04 +0200] "GET /jog/eseteink/derekegyhaza/kepek/37-431_o_2005__.jpg HTTP/1.1" 200 5766 "http://www.beklen.hu/jog/eseteink/derekegyhaza/index.htm" "Mozilla/5.0 (Ubuntu; X11; Linux i686; rv:9.0.1) Gecko/20100101 Firefox/9.0.1"
94.44.15.116 - - [28/Mar/2012:21:44:04 +0200] "GET /jog/eseteink/derekegyhaza/kepek/37-433__.jpg HTTP/1.1" 200 4596 "http://www.beklen.hu/jog/eseteink/derekegyhaza/index.htm" "Mozilla/5.0 (Ubuntu; X11; Linux i686; rv:9.0.1) Gecko/20100101 Firefox/9.0.1"
94.44.15.116 - - [28/Mar/2012:21:44:04 +0200] "GET /jog/eseteink/derekegyhaza/kepek/37-433_o_2005__.jpg HTTP/1.1" 200 5388 "http://www.beklen.hu/jog/eseteink/derekegyhaza/index.htm" "Mozilla/5.0 (Ubuntu; X11; Linux i686; rv:9.0.1) Gecko/20100101 Firefox/9.0.1"
94.44.15.116 - - [28/Mar/2012:21:44:04 +0200] "GET /jog/eseteink/derekegyhaza/kepek/dalerd__.jpg HTTP/1.1" 200 6281 "http://www.beklen.hu/jog/eseteink/derekegyhaza/index.htm" "Mozilla/5.0 (Ubuntu; X11; Linux i686; rv:9.0.1) Gecko/20100101 Firefox/9.0.1"
94.44.15.116 - - [28/Mar/2012:21:44:04 +0200] "GET /jog/eseteink/derekegyhaza/kepek/vadaskert-szakhat_.jpg HTTP/1.1" 200 8903 "http://www.beklen.hu/jog/eseteink/derekegyhaza/index.htm" "Mozilla/5.0 (Ubuntu; X11; Linux i686; rv:9.0.1) Gecko/20100101 Firefox/9.0.1"
94.44.15.116 - - [28/Mar/2012:21:44:04 +0200] "GET /jog/lb/js/effects.js HTTP/1.1" 200 31969 "http://www.beklen.hu/jog/eseteink/derekegyhaza/index.htm" "Mozilla/5.0 (Ubuntu; X11; Linux i686; rv:9.0.1) Gecko/20100101 Firefox/9.0.1"
94.44.15.116 - - [28/Mar/2012:21:44:04 +0200] "GET /jog/favicon.ico HTTP/1.1" 200 1150 "-" "Mozilla/5.0 (Ubuntu; X11; Linux i686; rv:9.0.1) Gecko/20100101 Firefox/9.0.1"
94.44.15.116 - - [28/Mar/2012:21:44:04 +0200] "GET /jog/images/menuitem.png HTTP/1.1" 200 20398 "http://www.beklen.hu/jog/style.css" "Mozilla/5.0 (Ubuntu; X11; Linux i686; rv:9.0.1) Gecko/20100101 Firefox/9.0.1"
94.44.15.116 - - [28/Mar/2012:21:44:04 +0200] "GET /jog/images/nav.png HTTP/1.1" 200 10482 "http://www.beklen.hu/jog/style.css" "Mozilla/5.0 (Ubuntu; X11; Linux i686; rv:9.0.1) Gecko/20100101 Firefox/9.0.1"
94.44.15.116 - - [28/Mar/2012:21:44:04 +0200] "GET /jog/images/spacer.gif HTTP/1.1" 200 43 "http://www.beklen.hu/jog/style.css" "Mozilla/5.0 (Ubuntu; X11; Linux i686; rv:9.0.1) Gecko/20100101 Firefox/9.0.1"
94.44.15.116 - - [28/Mar/2012:21:44:04 +0200] "GET /jog/images/subitem.png HTTP/1.1" 200 81 "http://www.beklen.hu/jog/style.css" "Mozilla/5.0 (Ubuntu; X11; Linux i686; rv:9.0.1) Gecko/20100101 Firefox/9.0.1"
94.44.15.116 - - [28/Mar/2012:21:44:04 +0200] "GET /jog/images/post_s.png HTTP/1.1" 200 466 "http://www.beklen.hu/jog/style.css" "Mozilla/5.0 (Ubuntu; X11; Linux i686; rv:9.0.1) Gecko/20100101 Firefox/9.0.1"
94.44.15.116 - - [28/Mar/2012:21:44:04 +0200] "GET /jog/images/post_h.png HTTP/1.1" 200 292 "http://www.beklen.hu/jog/style.css" "Mozilla/5.0 (Ubuntu; X11; Linux i686; rv:9.0.1) Gecko/20100101 Firefox/9.0.1"
94.44.15.116 - - [28/Mar/2012:21:44:04 +0200] "GET /jog/images/post_v.png HTTP/1.1" 200 310 "http://www.beklen.hu/jog/style.css" "Mozilla/5.0 (Ubuntu; X11; Linux i686; rv:9.0.1) Gecko/20100101 Firefox/9.0.1"
94.44.15.116 - - [28/Mar/2012:21:44:04 +0200] "GET /jog/images/post_c.png HTTP/1.1" 200 204 "http://www.beklen.hu/jog/style.css" "Mozilla/5.0 (Ubuntu; X11; Linux i686; rv:9.0.1) Gecko/20100101 Firefox/9.0.1"
94.44.15.116 - - [28/Mar/2012:21:44:05 +0200] "GET /jog/images/header.png HTTP/1.1" 200 170837 "http://www.beklen.hu/jog/style.css" "Mozilla/5.0 (Ubuntu; X11; Linux i686; rv:9.0.1) Gecko/20100101 Firefox/9.0.1"
94.44.15.116 - - [28/Mar/2012:21:44:05 +0200] "GET /jog/images/Bottom_texture.jpg HTTP/1.1" 200 193775 "http://www.beklen.hu/jog/style.css" "Mozilla/5.0 (Ubuntu; X11; Linux i686; rv:9.0.1) Gecko/20100101 Firefox/9.0.1"
94.44.15.116 - - [28/Mar/2012:21:44:19 +0200] "GET /jog/eseteink/derekegyhaza/kotvife_kekto20061116.pdf HTTP/1.1" 200 144190 "http://www.beklen.hu/jog/eseteink/derekegyhaza/index.htm" "Mozilla/5.0 (Ubuntu; X11; Linux i686; rv:9.0.1) Gecko/20100101 Firefox/9.0.1"
66.249.72.72 - - [28/Mar/2012:22:15:09 +0200] "GET /hirek/fotok_alsoberettyo/DSCF2478.jpg HTTP/1.1" 304 - "-" "Googlebot-Image/1.0"
94.44.15.116 - - [28/Mar/2012:22:42:59 +0200] "GET /jog/lb/js/scriptaculous.js?load=effects HTTP/1.1" 304 - "http://www.beklen.hu/jog/eseteink/derekegyhaza/index.htm" "Mozilla/5.0 (Ubuntu; X11; Linux i686; rv:9.0.1) Gecko/20100101 Firefox/9.0.1"
94.44.15.116 - - [28/Mar/2012:22:43:23 +0200] "GET /jog/eseteink/derekegyhaza/fvm_kekto.pdf HTTP/1.1" 200 125833 "http://www.beklen.hu/jog/eseteink/derekegyhaza/index.htm" "Mozilla/5.0 (Ubuntu; X11; Linux i686; rv:9.0.1) Gecko/20100101 Firefox/9.0.1"
65.52.104.26 - - [28/Mar/2012:22:52:43 +0200] "GET /robots.txt HTTP/1.1" 404 1181 "-" "Mozilla/5.0 (compatible; bingbot/2.0; +http://www.bing.com/bingbot.htm)"
65.52.104.26 - - [28/Mar/2012:22:53:23 +0200] "GET / HTTP/1.1" 304 - "-" "Mozilla/5.0 (compatible; bingbot/2.0; +http://www.bing.com/bingbot.htm)"
95.26.17.181 - - [28/Mar/2012:23:00:08 +0200] "GET / HTTP/1.0" 200 23794 "http://yandex.ru/yandsearch?text=beklen.hu" "Mozilla/4.0 (compatible; MSIE 7.0; Windows NT 5.1; .NET CLR 1.1.4322; .NET CLR 2.0.50727; .NET CLR 3.0.04506.648; .NET CLR 3.5.21022; InfoPath.1)"
95.26.17.181 - - [28/Mar/2012:23:00:08 +0200] "GET /vill.cs HTTP/1.0" 200 2676 "http://beklen.hu/" "Mozilla/4.0 (compatible; MSIE 7.0; Windows NT 5.1; .NET CLR 1.1.4322; .NET CLR 2.0.50727; .NET CLR 3.0.04506.648; .NET CLR 3.5.21022; InfoPath.1)"
95.26.17.181 - - [28/Mar/2012:23:00:08 +0200] "GET /lb/js/prototype.js HTTP/1.0" 200 47603 "http://beklen.hu/" "Mozilla/4.0 (compatible; MSIE 7.0; Windows NT 5.1; .NET CLR 1.1.4322; .NET CLR 2.0.50727; .NET CLR 3.0.04506.648; .NET CLR 3.5.21022; InfoPath.1)"
95.26.17.181 - - [28/Mar/2012:23:00:09 +0200] "GET /lb/js/scriptaculous.js?load=effects HTTP/1.0" 200 2152 "http://beklen.hu/" "Mozilla/4.0 (compatible; MSIE 7.0; Windows NT 5.1; .NET CLR 1.1.4322; .NET CLR 2.0.50727; .NET CLR 3.0.04506.648; .NET CLR 3.5.21022; InfoPath.1)"
95.26.17.181 - - [28/Mar/2012:23:00:09 +0200] "GET /lb/js/effects.js HTTP/1.0" 200 31969 "http://beklen.hu/" "Mozilla/4.0 (compatible; MSIE 7.0; Windows NT 5.1; .NET CLR 1.1.4322; .NET CLR 2.0.50727; .NET CLR 3.0.04506.648; .NET CLR 3.5.21022; InfoPath.1)"
95.26.17.181 - - [28/Mar/2012:23:00:09 +0200] "GET /lb/js/lightbox.js HTTP/1.0" 200 23424 "http://beklen.hu/" "Mozilla/4.0 (compatible; MSIE 7.0; Windows NT 5.1; .NET CLR 1.1.4322; .NET CLR 2.0.50727; .NET CLR 3.0.04506.648; .NET CLR 3.5.21022; InfoPath.1)"
95.26.17.181 - - [28/Mar/2012:23:00:09 +0200] "GET /lb/css/lightbox.css HTTP/1.0" 200 1715 "http://beklen.hu/" "Mozilla/4.0 (compatible; MSIE 7.0; Windows NT 5.1; .NET CLR 1.1.4322; .NET CLR 2.0.50727; .NET CLR 3.0.04506.648; .NET CLR 3.5.21022; InfoPath.1)"
208.115.113.84 - - [28/Mar/2012:23:21:49 +0200] "GET /robots.txt HTTP/1.1" 404 1181 "-" "Mozilla/5.0 (compatible; Ezooms/1.0; ezooms.bot@gmail.com)"
77.20.4.67 - - [29/Mar/2012:02:08:48 +0200] "GET /fiok/program_reszek/csaladbarat.htm HTTP/1.1" 200 20928 "-" "findlinks/2.0.2 (+http://wortschatz.uni-leipzig.de/findlinks/)"
95.108.248.30 - - [29/Mar/2012:04:18:39 +0200] "GET /hirek/hirek090619.htm HTTP/1.1" 200 7871 "-" "Mozilla/5.0 (compatible; YandexBot/3.0; +http://yandex.com/bots)"
66.249.72.101 - - [29/Mar/2012:04:29:02 +0200] "GET /robots.txt HTTP/1.1" 404 1181 "-" "Mozilla/5.0 (compatible; Googlebot/2.1; +http://www.google.com/bot.html)"
66.249.72.101 - - [29/Mar/2012:04:29:02 +0200] "GET /deutsch/kontakt.htm HTTP/1.1" 304 - "-" "Mozilla/5.0 (compatible; Googlebot/2.1; +http://www.google.com/bot.html)"
95.108.248.30 - - [29/Mar/2012:04:29:13 +0200] "GET /khb/beklen_2005_kh_jelentes.pdf HTTP/1.1" 304 - "-" "Mozilla/5.0 (compatible; YandexBot/3.0; +http://yandex.com/bots)"
95.108.248.30 - - [29/Mar/2012:04:29:15 +0200] "GET /magunkrol.htm HTTP/1.1" 200 9202 "-" "Mozilla/5.0 (compatible; YandexBot/3.0; +http://yandex.com/bots)"
88.131.106.2 - - [29/Mar/2012:07:42:53 +0200] "GET /robots.txt HTTP/1.0" 404 1181 "-" "Mozilla/5.0 (Windows; U; Windows NT 5.1; en-US) Speedy Spider (http://www.entireweb.com/about/search_tech/speedy_spider/)"
88.131.106.7 - - [29/Mar/2012:07:42:54 +0200] "GET /fiok/ HTTP/1.0" 200 20554 "-" "Mozilla/5.0 (Windows; U; Windows NT 5.1; en-US) Speedy Spider (http://www.entireweb.com/about/search_tech/speedy_spider/)"
213.186.127.13 - - [29/Mar/2012:08:23:44 +0200] "GET /fiok/fiok.html HTTP/1.1" 200 20723 "-" "Mozilla/5.0 (compatible; AhrefsBot/2.0; +http://ahrefs.com/robot/)"
78.92.106.175 - - [29/Mar/2012:09:54:23 +0200] "GET /lb/images/loading.gif HTTP/1.1" 200 2767 "http://rulettmania.hu/sportfogadas/admin/" "Mozilla/5.0 (Windows NT 5.1; rv:9.0.1) Gecko/20100101 Firefox/9.0.1"
78.92.106.175 - - [29/Mar/2012:09:54:23 +0200] "GET /lb/images/closelabel.gif HTTP/1.1" 200 222 "http://rulettmania.hu/sportfogadas/admin/" "Mozilla/5.0 (Windows NT 5.1; rv:9.0.1) Gecko/20100101 Firefox/9.0.1"
66.249.72.101 - - [29/Mar/2012:11:04:47 +0200] "GET / HTTP/1.1" 304 - "-" "Mozilla/5.0 (compatible; Googlebot/2.1; +http://www.google.com/bot.html)"
195.111.2.2 - - [29/Mar/2012:11:05:18 +0200] "GET /robots.txt HTTP/1.1" 404 1181 "-" "WIRE/0.22 (Linux; x86_64; Bot,Robot,Spider,Crawler)"
95.108.248.30 - - [29/Mar/2012:11:11:36 +0200] "GET /kapcsolat.htm HTTP/1.1" 200 6889 "-" "Mozilla/5.0 (compatible; YandexBot/3.0; +http://yandex.com/bots)"
66.249.72.101 - - [29/Mar/2012:11:39:15 +0200] "GET /fiok/program_reszek/lovaglas.htm HTTP/1.1" 304 - "-" "Mozilla/5.0 (compatible; Googlebot/2.1; +http://www.google.com/bot.html)"
66.249.72.101 - - [29/Mar/2012:11:45:42 +0200] "GET /fiok/fiok.html HTTP/1.1" 200 20723 "-" "Mozilla/5.0 (compatible; Googlebot/2.1; +http://www.google.com/bot.html)"
208.115.111.68 - - [29/Mar/2012:12:05:58 +0200] "GET /robots.txt HTTP/1.1" 404 1181 "-" "Mozilla/5.0 (compatible; Ezooms/1.0; ezooms.bot@gmail.com)"
77.20.4.67 - - [29/Mar/2012:12:45:47 +0200] "GET /english/index.htm HTTP/1.1" 200 5262 "-" "findlinks/2.0.2 (+http://wortschatz.uni-leipzig.de/findlinks/)"
84.0.114.120 - - [29/Mar/2012:12:55:09 +0200] "GET /hirek/Microsoft%20Word%20-%20csongradi%20duzzaszto%20velemeny%202009.06.11..doc.pdf HTTP/1.1" 200 215720 "http://www.google.hu/url?sa=t&rct=j&q=&esrc=s&source=web&cd=1&ved=0CCgQFjAA&url=http%3A%2F%2Fwww.beklen.hu%2Fhirek%2FMicrosoft%2520Word%2520-%2520csongradi%2520duzzaszto%2520velemeny%25202009.06.11..doc.pdf&ei=gT90T8aiKMzusgbc1JnlDQ&usg=AFQjCNFZPghMWVofegiJiS14gfDFz9r65A&sig2=9TbofxCBETiixw46a0znvg" "Mozilla/5.0 (Windows NT 6.1) AppleWebKit/535.11 (KHTML, like Gecko) Chrome/17.0.963.83 Safari/535.11"
84.0.114.120 - - [29/Mar/2012:12:55:10 +0200] "GET /hirek/Microsoft%20Word%20-%20csongradi%20duzzaszto%20velemeny%202009.06.11..doc.pdf HTTP/1.1" 206 32768 "http://www.beklen.hu/hirek/Microsoft%20Word%20-%20csongradi%20duzzaszto%20velemeny%202009.06.11..doc.pdf" "Mozilla/5.0 (Windows NT 6.1) AppleWebKit/535.11 (KHTML, like Gecko) Chrome/17.0.963.83 Safari/535.11"
84.0.114.120 - - [29/Mar/2012:12:55:10 +0200] "GET /favicon.ico HTTP/1.1" 404 1181 "-" "Mozilla/5.0 (Windows NT 6.1) AppleWebKit/535.11 (KHTML, like Gecko) Chrome/17.0.963.83 Safari/535.11"
84.0.114.120 - - [29/Mar/2012:12:55:10 +0200] "GET /hirek/Microsoft%20Word%20-%20csongradi%20duzzaszto%20velemeny%202009.06.11..doc.pdf HTTP/1.1" 206 115991 "http://www.beklen.hu/hirek/Microsoft%20Word%20-%20csongradi%20duzzaszto%20velemeny%202009.06.11..doc.pdf" "Mozilla/5.0 (Windows NT 6.1) AppleWebKit/535.11 (KHTML, like Gecko) Chrome/17.0.963.83 Safari/535.11"
84.0.114.120 - - [29/Mar/2012:12:55:10 +0200] "GET /hirek/Microsoft%20Word%20-%20csongradi%20duzzaszto%20velemeny%202009.06.11..doc.pdf HTTP/1.1" 206 32768 "http://www.beklen.hu/hirek/Microsoft%20Word%20-%20csongradi%20duzzaszto%20velemeny%202009.06.11..doc.pdf" "Mozilla/5.0 (Windows NT 6.1) AppleWebKit/535.11 (KHTML, like Gecko) Chrome/17.0.963.83 Safari/535.11"
84.0.114.120 - - [29/Mar/2012:12:55:10 +0200] "GET /hirek/Microsoft%20Word%20-%20csongradi%20duzzaszto%20velemeny%202009.06.11..doc.pdf HTTP/1.1" 206 32768 "http://www.beklen.hu/hirek/Microsoft%20Word%20-%20csongradi%20duzzaszto%20velemeny%202009.06.11..doc.pdf" "Mozilla/5.0 (Windows NT 6.1) AppleWebKit/535.11 (KHTML, like Gecko) Chrome/17.0.963.83 Safari/535.11"
84.0.114.120 - - [29/Mar/2012:12:55:10 +0200] "GET /hirek/Microsoft%20Word%20-%20csongradi%20duzzaszto%20velemeny%202009.06.11..doc.pdf HTTP/1.1" 206 32768 "http://www.beklen.hu/hirek/Microsoft%20Word%20-%20csongradi%20duzzaszto%20velemeny%202009.06.11..doc.pdf" "Mozilla/5.0 (Windows NT 6.1) AppleWebKit/535.11 (KHTML, like Gecko) Chrome/17.0.963.83 Safari/535.11"
84.0.114.120 - - [29/Mar/2012:12:55:10 +0200] "GET /hirek/Microsoft%20Word%20-%20csongradi%20duzzaszto%20velemeny%202009.06.11..doc.pdf HTTP/1.1" 206 32768 "http://www.beklen.hu/hirek/Microsoft%20Word%20-%20csongradi%20duzzaszto%20velemeny%202009.06.11..doc.pdf" "Mozilla/5.0 (Windows NT 6.1) AppleWebKit/535.11 (KHTML, like Gecko) Chrome/17.0.963.83 Safari/535.11"
84.0.114.120 - - [29/Mar/2012:12:55:10 +0200] "GET /hirek/Microsoft%20Word%20-%20csongradi%20duzzaszto%20velemeny%202009.06.11..doc.pdf HTTP/1.1" 206 41324 "http://www.beklen.hu/hirek/Microsoft%20Word%20-%20csongradi%20duzzaszto%20velemeny%202009.06.11..doc.pdf" "Mozilla/5.0 (Windows NT 6.1) AppleWebKit/535.11 (KHTML, like Gecko) Chrome/17.0.963.83 Safari/535.11"
208.115.111.68 - - [29/Mar/2012:13:53:46 +0200] "GET /hirek/hirek08_11.htm HTTP/1.1" 200 7337 "-" "Mozilla/5.0 (compatible; Ezooms/1.0; ezooms.bot@gmail.com)"
208.115.111.68 - - [29/Mar/2012:13:53:58 +0200] "GET /hirek/hirek101025.htm HTTP/1.1" 200 8786 "-" "Mozilla/5.0 (compatible; Ezooms/1.0; ezooms.bot@gmail.com)"
66.249.72.101 - - [29/Mar/2012:14:04:03 +0200] "GET /fiok/images/nevadonk.jpg HTTP/1.1" 404 1181 "-" "Googlebot-Image/1.0"
66.249.72.101 - - [29/Mar/2012:14:09:54 +0200] "GET /fiok/images/szovegkep.jpg HTTP/1.1" 404 1181 "-" "Googlebot-Image/1.0"
95.108.248.30 - - [29/Mar/2012:14:15:33 +0200] "GET /hirek/Microsoft%20Word%20-%20csongradi%20duzzaszto%20velemeny%202009.06.11..doc.pdf HTTP/1.1" 200 321155 "-" "Mozilla/5.0 (compatible; YandexBot/3.0; +http://yandex.com/bots)"
77.20.154.156 - - [29/Mar/2012:14:56:54 +0200] "GET /fiok/index.html HTTP/1.1" 200 20554 "-" "findlinks/2.0.2 (+http://wortschatz.uni-leipzig.de/findlinks/)"
95.108.248.30 - - [29/Mar/2012:17:37:45 +0200] "GET /robots.txt HTTP/1.1" 404 1181 "-" "Mozilla/5.0 (compatible; YandexBot/3.0; +http://yandex.com/bots)"
80.99.45.62 - - [29/Mar/2012:18:11:42 +0200] "GET /hirek/Natura_2000es_gyepgazdalkodas_eloirasai.ppt HTTP/1.1" 200 333312 "http://www.google.hu/url?sa=t&rct=j&q=natura%202000%20kasz%C3%A1l%C3%A1s&source=web&cd=4&ved=0CEEQFjAD&url=http%3A%2F%2Fwww.beklen.hu%2Fhirek%2FNatura_2000es_gyepgazdalkodas_eloirasai.ppt&ei=b4l0T8PSGYXMtAallc3PDQ&usg=AFQjCNG8LfbJHhsQnf2GHHlP2nweoOOGlQ&sig2=UiNmJNwX3wfGPMbhEwUYcA" "Mozilla/5.0 (Macintosh; Intel Mac OS X 10_7_3) AppleWebKit/534.54.16 (KHTML, like Gecko) Version/5.1.4 Safari/534.54.16"
139.18.2.17 - - [29/Mar/2012:18:39:46 +0200] "GET /fiok/program_reszek/erdei_iskola.htm HTTP/1.1" 200 21601 "-" "findlinks/2.1.5 (+http://wortschatz.uni-leipzig.de/findlinks/)"
208.115.113.84 - - [29/Mar/2012:19:14:54 +0200] "GET /robots.txt HTTP/1.1" 404 1181 "-" "Mozilla/5.0 (compatible; Ezooms/1.0; ezooms.bot@gmail.com)"
77.20.154.156 - - [29/Mar/2012:19:27:56 +0200] "GET /fiok/kornyezet.htm HTTP/1.1" 200 22582 "-" "findlinks/2.0.2 (+http://wortschatz.uni-leipzig.de/findlinks/)"
188.165.248.204 - - [29/Mar/2012:19:32:32 +0200] "GET /robots.txt HTTP/1.0" 404 1181 "-" "Mozilla/5.0 (compatible; MJ12bot/v1.4.2; http://www.majestic12.co.uk/bot.php?+)"
188.165.248.204 - - [29/Mar/2012:19:32:34 +0200] "GET / HTTP/1.0" 200 23794 "-" "Mozilla/5.0 (compatible; MJ12bot/v1.4.2; http://www.majestic12.co.uk/bot.php?+)"
95.108.248.30 - - [29/Mar/2012:19:54:04 +0200] "GET /hirek/hirek09_03.htm HTTP/1.1" 200 10810 "-" "Mozilla/5.0 (compatible; YandexBot/3.0; +http://yandex.com/bots)"
66.249.71.162 - - [29/Mar/2012:19:56:46 +0200] "GET /robots.txt HTTP/1.1" 404 1181 "-" "Mozilla/5.0 (compatible; Googlebot/2.1; +http://www.google.com/bot.html)"
66.249.71.162 - - [29/Mar/2012:19:56:46 +0200] "GET /hirek/090509/2_.jpg HTTP/1.1" 304 - "-" "Googlebot-Image/1.0"
66.249.71.162 - - [29/Mar/2012:19:58:38 +0200] "GET /hirek/090510/szuletesunnepe043_.jpg HTTP/1.1" 304 - "-" "Googlebot-Image/1.0"
95.108.248.30 - - [29/Mar/2012:21:41:30 +0200] "GET /english/index.htm HTTP/1.1" 200 5262 "-" "Mozilla/5.0 (compatible; YandexBot/3.0; +http://yandex.com/bots)"
109.105.7.26 - - [29/Mar/2012:22:17:49 +0200] "GET /hirek/Natura_2000es_gyepgazdalkodas_eloirasai.ppt HTTP/1.1" 200 333312 "http://www.google.hu/url?sa=t&rct=j&q=el%C5%91%C3%ADr%C3%A1sok%20natura%202000%20ter%C3%BCleteken%20ppt&source=web&cd=8&ved=0CE8QFjAH&url=http%3A%2F%2Fwww.beklen.hu%2Fhirek%2FNatura_2000es_gyepgazdalkodas_eloirasai.ppt&ei=qcB0T6P9C5HCswbS8fFV&usg=AFQjCNG8LfbJHhsQnf2GHHlP2nweoOOGlQ" "Mozilla/5.0 (Windows NT 5.1; rv:11.0) Gecko/20100101 Firefox/11.0"
95.108.248.30 - - [29/Mar/2012:23:13:58 +0200] "GET /hirarchivum.htm HTTP/1.1" 304 - "-" "Mozilla/5.0 (compatible; YandexBot/3.0; +http://yandex.com/bots)"
95.108.248.30 - - [29/Mar/2012:23:44:08 +0200] "GET /hirek/klimatv_civilcikk.doc HTTP/1.1" 200 78336 "-" "Mozilla/5.0 (compatible; YandexBot/3.0; +http://yandex.com/bots)"
213.186.127.13 - - [30/Mar/2012:00:26:03 +0200] "GET /fiok/program_reszek/lovaglas.htm HTTP/1.1" 200 21486 "-" "Mozilla/5.0 (compatible; AhrefsBot/2.0; +http://ahrefs.com/robot/)"
95.108.248.30 - - [30/Mar/2012:00:37:26 +0200] "GET /hirek/hirek090930.htm HTTP/1.1" 200 7044 "-" "Mozilla/5.0 (compatible; YandexBot/3.0; +http://yandex.com/bots)"
95.108.248.30 - - [30/Mar/2012:00:37:29 +0200] "GET /magunkrol.htm HTTP/1.1" 200 9202 "-" "Mozilla/5.0 (compatible; YandexBot/3.0; +http://yandex.com/bots)"
95.108.248.30 - - [30/Mar/2012:00:37:31 +0200] "GET /deutsch/index.htm HTTP/1.1" 200 5324 "-" "Mozilla/5.0 (compatible; YandexBot/3.0; +http://yandex.com/bots)"
95.108.248.30 - - [30/Mar/2012:00:37:33 +0200] "GET /hirek/jelentkezesi_lap.doc HTTP/1.1" 304 - "-" "Mozilla/5.0 (compatible; YandexBot/3.0; +http://yandex.com/bots)"
95.108.248.30 - - [30/Mar/2012:00:46:58 +0200] "GET /khb/beklen_2006_kh_jelentes.pdf HTTP/1.1" 304 - "-" "Mozilla/5.0 (compatible; YandexBot/3.0; +http://yandex.com/bots)"
66.249.71.162 - - [30/Mar/2012:04:14:07 +0200] "GET / HTTP/1.1" 304 - "-" "Mozilla/5.0 (iPhone; U; CPU iPhone OS 4_1 like Mac OS X; en-us) AppleWebKit/532.9 (KHTML, like Gecko) Version/4.0.5 Mobile/8B117 Safari/6531.22.7 (compatible; Googlebot-Mobile/2.1; +http://www.google.com/bot.html)"
77.20.154.156 - - [30/Mar/2012:05:03:15 +0200] "GET /hirek/fiok/index.html HTTP/1.1" 404 1181 "-" "findlinks/2.0.2 (+http://wortschatz.uni-leipzig.de/findlinks/)"
139.18.2.17 - - [30/Mar/2012:05:09:44 +0200] "GET /hirek/hirek090605.htm HTTP/1.1" 200 7994 "-" "findlinks/2.1.5 (+http://wortschatz.uni-leipzig.de/findlinks/)"
77.20.154.156 - - [30/Mar/2012:06:50:08 +0200] "GET /magunkrol.htm HTTP/1.1" 200 9202 "-" "findlinks/2.0.2 (+http://wortschatz.uni-leipzig.de/findlinks/)"
65.52.104.84 - - [30/Mar/2012:07:44:40 +0200] "GET /robots.txt HTTP/1.1" 404 1181 "-" "Mozilla/5.0 (compatible; bingbot/2.0; +http://www.bing.com/bingbot.htm)"
65.52.104.84 - - [30/Mar/2012:07:45:43 +0200] "GET /kapcsolat.htm HTTP/1.1" 304 - "-" "Mozilla/5.0 (compatible; bingbot/2.0; +http://www.bing.com/bingbot.htm)"
89.134.88.153 - - [30/Mar/2012:08:26:19 +0200] "GET /jog/eseteink/autopalya/index.htm HTTP/1.1" 200 11311 "http://www.google.hu/url?sa=t&rct=j&q=tik%C3%B6tevife&source=web&cd=4&ved=0CDoQFjAD&url=http%3A%2F%2Fwww.beklen.hu%2Fjog%2Feseteink%2Fautopalya%2Findex.htm&ei=B1J1T9vfCOb80QWcvfSiDQ&usg=AFQjCNHw6_T27H4gTJhF-Ett94BP37Am-g" "Mozilla/5.0 (Windows NT 6.1; WOW64; rv:11.0) Gecko/20100101 Firefox/11.0"
89.134.88.153 - - [30/Mar/2012:08:26:20 +0200] "GET /jog/script.js HTTP/1.1" 200 5674 "http://www.beklen.hu/jog/eseteink/autopalya/index.htm" "Mozilla/5.0 (Windows NT 6.1; WOW64; rv:11.0) Gecko/20100101 Firefox/11.0"
89.134.88.153 - - [30/Mar/2012:08:26:20 +0200] "GET /jog/style.css HTTP/1.1" 200 21413 "http://www.beklen.hu/jog/eseteink/autopalya/index.htm" "Mozilla/5.0 (Windows NT 6.1; WOW64; rv:11.0) Gecko/20100101 Firefox/11.0"
89.134.88.153 - - [30/Mar/2012:08:26:20 +0200] "GET /jog/lb/js/scriptaculous.js?load=effects HTTP/1.1" 200 2152 "http://www.beklen.hu/jog/eseteink/autopalya/index.htm" "Mozilla/5.0 (Windows NT 6.1; WOW64; rv:11.0) Gecko/20100101 Firefox/11.0"
89.134.88.153 - - [30/Mar/2012:08:26:20 +0200] "GET /jog/lb/js/lightbox.js HTTP/1.1" 200 23431 "http://www.beklen.hu/jog/eseteink/autopalya/index.htm" "Mozilla/5.0 (Windows NT 6.1; WOW64; rv:11.0) Gecko/20100101 Firefox/11.0"
89.134.88.153 - - [30/Mar/2012:08:26:20 +0200] "GET /jog/lb/css/lightbox.css HTTP/1.1" 200 1715 "http://www.beklen.hu/jog/eseteink/autopalya/index.htm" "Mozilla/5.0 (Windows NT 6.1; WOW64; rv:11.0) Gecko/20100101 Firefox/11.0"
89.134.88.153 - - [30/Mar/2012:08:26:20 +0200] "GET /jog/eseteink/autopalya/ap.jpg HTTP/1.1" 200 3947 "http://www.beklen.hu/jog/eseteink/autopalya/index.htm" "Mozilla/5.0 (Windows NT 6.1; WOW64; rv:11.0) Gecko/20100101 Firefox/11.0"
89.134.88.153 - - [30/Mar/2012:08:26:20 +0200] "GET /jog/img/file_jpg.png HTTP/1.1" 200 607 "http://www.beklen.hu/jog/eseteink/autopalya/index.htm" "Mozilla/5.0 (Windows NT 6.1; WOW64; rv:11.0) Gecko/20100101 Firefox/11.0"
89.134.88.153 - - [30/Mar/2012:08:26:20 +0200] "GET /jog/img/file_pdf.png HTTP/1.1" 200 581 "http://www.beklen.hu/jog/eseteink/autopalya/index.htm" "Mozilla/5.0 (Windows NT 6.1; WOW64; rv:11.0) Gecko/20100101 Firefox/11.0"
89.134.88.153 - - [30/Mar/2012:08:26:20 +0200] "GET /jog/favicon.ico HTTP/1.1" 200 1150 "-" "Mozilla/5.0 (Windows NT 6.1; WOW64; rv:11.0) Gecko/20100101 Firefox/11.0"
89.134.88.153 - - [30/Mar/2012:08:26:20 +0200] "GET /jog/jquery.js HTTP/1.1" 200 72174 "http://www.beklen.hu/jog/eseteink/autopalya/index.htm" "Mozilla/5.0 (Windows NT 6.1; WOW64; rv:11.0) Gecko/20100101 Firefox/11.0"
89.134.88.153 - - [30/Mar/2012:08:26:20 +0200] "GET /jog/lb/js/prototype.js HTTP/1.1" 200 47603 "http://www.beklen.hu/jog/eseteink/autopalya/index.htm" "Mozilla/5.0 (Windows NT 6.1; WOW64; rv:11.0) Gecko/20100101 Firefox/11.0"
89.134.88.153 - - [30/Mar/2012:08:26:20 +0200] "GET /jog/lb/js/effects.js HTTP/1.1" 200 31969 "http://www.beklen.hu/jog/eseteink/autopalya/index.htm" "Mozilla/5.0 (Windows NT 6.1; WOW64; rv:11.0) Gecko/20100101 Firefox/11.0"
89.134.88.153 - - [30/Mar/2012:08:26:20 +0200] "GET /jog/images/nav.png HTTP/1.1" 200 10482 "http://www.beklen.hu/jog/style.css" "Mozilla/5.0 (Windows NT 6.1; WOW64; rv:11.0) Gecko/20100101 Firefox/11.0"
89.134.88.153 - - [30/Mar/2012:08:26:20 +0200] "GET /jog/images/spacer.gif HTTP/1.1" 200 43 "http://www.beklen.hu/jog/style.css" "Mozilla/5.0 (Windows NT 6.1; WOW64; rv:11.0) Gecko/20100101 Firefox/11.0"
89.134.88.153 - - [30/Mar/2012:08:26:20 +0200] "GET /jog/images/subitem.png HTTP/1.1" 200 81 "http://www.beklen.hu/jog/style.css" "Mozilla/5.0 (Windows NT 6.1; WOW64; rv:11.0) Gecko/20100101 Firefox/11.0"
89.134.88.153 - - [30/Mar/2012:08:26:20 +0200] "GET /jog/images/post_s.png HTTP/1.1" 200 466 "http://www.beklen.hu/jog/style.css" "Mozilla/5.0 (Windows NT 6.1; WOW64; rv:11.0) Gecko/20100101 Firefox/11.0"
89.134.88.153 - - [30/Mar/2012:08:26:20 +0200] "GET /jog/images/menuitem.png HTTP/1.1" 200 20398 "http://www.beklen.hu/jog/style.css" "Mozilla/5.0 (Windows NT 6.1; WOW64; rv:11.0) Gecko/20100101 Firefox/11.0"
89.134.88.153 - - [30/Mar/2012:08:26:20 +0200] "GET /jog/images/post_v.png HTTP/1.1" 200 310 "http://www.beklen.hu/jog/style.css" "Mozilla/5.0 (Windows NT 6.1; WOW64; rv:11.0) Gecko/20100101 Firefox/11.0"
89.134.88.153 - - [30/Mar/2012:08:26:20 +0200] "GET /jog/images/post_h.png HTTP/1.1" 200 292 "http://www.beklen.hu/jog/style.css" "Mozilla/5.0 (Windows NT 6.1; WOW64; rv:11.0) Gecko/20100101 Firefox/11.0"
89.134.88.153 - - [30/Mar/2012:08:26:20 +0200] "GET /jog/images/post_c.png HTTP/1.1" 200 204 "http://www.beklen.hu/jog/style.css" "Mozilla/5.0 (Windows NT 6.1; WOW64; rv:11.0) Gecko/20100101 Firefox/11.0"
89.134.88.153 - - [30/Mar/2012:08:26:20 +0200] "GET /jog/images/header.png HTTP/1.1" 200 170837 "http://www.beklen.hu/jog/style.css" "Mozilla/5.0 (Windows NT 6.1; WOW64; rv:11.0) Gecko/20100101 Firefox/11.0"
89.134.88.153 - - [30/Mar/2012:08:26:20 +0200] "GET /jog/images/Bottom_texture.jpg HTTP/1.1" 200 193775 "http://www.beklen.hu/jog/style.css" "Mozilla/5.0 (Windows NT 6.1; WOW64; rv:11.0) Gecko/20100101 Firefox/11.0"
