66.249.72.72 - - [11/Mar/2012:06:43:32 +0100] "GET /images/magyar_cimer1.jpg HTTP/1.1" 200 3874 "-" "Mozilla/5.0 (compatible; Googlebot/2.1; +http://www.google.com/bot.html)"
208.115.113.84 - - [11/Mar/2012:06:49:48 +0100] "GET /hirek09_03.htm HTTP/1.1" 200 10726 "-" "Mozilla/5.0 (compatible; Ezooms/1.0; ezooms.bot@gmail.com)"
188.143.74.69 - - [11/Mar/2012:07:10:43 +0100] "GET /lb/images/loading.gif HTTP/1.1" 200 2767 "http://rulettmania.hu/sportfogadas/" "Mozilla/5.0 (Windows NT 5.1; rv:10.0.2) Gecko/20100101 Firefox/10.0.2"
188.143.74.69 - - [11/Mar/2012:07:10:43 +0100] "GET /lb/images/closelabel.gif HTTP/1.1" 200 222 "http://rulettmania.hu/sportfogadas/" "Mozilla/5.0 (Windows NT 5.1; rv:10.0.2) Gecko/20100101 Firefox/10.0.2"
89.182.94.153 - - [11/Mar/2012:07:42:17 +0100] "GET /fiok/program_reszek/turazas.htm HTTP/1.1" 200 22754 "-" "findlinks/2.0.2 (+http://wortschatz.uni-leipzig.de/findlinks/)"
213.186.127.13 - - [11/Mar/2012:07:59:41 +0100] "GET /fiok/index.html HTTP/1.1" 200 20554 "-" "Mozilla/5.0 (compatible; AhrefsBot/2.0; +http://ahrefs.com/robot/)"
139.18.2.209 - - [11/Mar/2012:08:09:52 +0100] "GET /fiok/news.html HTTP/1.1" 404 1181 "-" "findlinks/2.0.1 (+http://wortschatz.uni-leipzig.de/findlinks/)"
95.108.248.30 - - [11/Mar/2012:08:19:55 +0100] "GET /english/index.htm HTTP/1.1" 200 5262 "-" "Mozilla/5.0 (compatible; YandexBot/3.0; +http://yandex.com/bots)"
84.1.52.29 - - [11/Mar/2012:08:22:15 +0100] "GET /lb/images/closelabel.gif HTTP/1.1" 200 222 "http://rulettmania.hu/sportfogadas/" "Mozilla/5.0 (Windows NT 6.1; WOW64) AppleWebKit/535.11 (KHTML, like Gecko) Chrome/17.0.963.78 Safari/535.11"
84.1.52.29 - - [11/Mar/2012:08:22:15 +0100] "GET /lb/images/loading.gif HTTP/1.1" 200 2767 "http://rulettmania.hu/sportfogadas/" "Mozilla/5.0 (Windows NT 6.1; WOW64) AppleWebKit/535.11 (KHTML, like Gecko) Chrome/17.0.963.78 Safari/535.11"
77.21.147.115 - - [11/Mar/2012:09:21:54 +0100] "GET /hirek/hirek090605.htm HTTP/1.1" 200 7994 "-" "findlinks/2.0.2 (+http://wortschatz.uni-leipzig.de/findlinks/)"
46.139.93.148 - - [11/Mar/2012:09:21:55 +0100] "GET /lb/images/loading.gif HTTP/1.1" 200 2767 "http://www.rulettmania.hu/sportfogadas/index.php?foablak=szovegtorzs." "Mozilla/5.0 (Windows NT 5.1; rv:10.0.2) Gecko/20100101 Firefox/10.0.2"
46.139.93.148 - - [11/Mar/2012:09:21:55 +0100] "GET /lb/images/closelabel.gif HTTP/1.1" 200 222 "http://www.rulettmania.hu/sportfogadas/index.php?foablak=szovegtorzs." "Mozilla/5.0 (Windows NT 5.1; rv:10.0.2) Gecko/20100101 Firefox/10.0.2"
208.115.113.84 - - [11/Mar/2012:09:22:28 +0100] "GET /robots.txt HTTP/1.1" 404 1181 "-" "Mozilla/5.0 (compatible; Ezooms/1.0; ezooms.bot@gmail.com)"
141.105.120.153 - - [11/Mar/2012:09:47:15 +0100] "GET /robots.txt HTTP/1.0" 404 1181 "-" "Mozilla/5.0 (compatible; OpenindexDeepSpider/Nutch-1.5-dev; +http://www.openindex.io/en/webmasters/spider.html)"
141.105.120.153 - - [11/Mar/2012:09:47:17 +0100] "GET /jog/pub/fuzet_beliv_jav2angol.pdf HTTP/1.0" 200 811793 "-" "Mozilla/5.0 (compatible; OpenindexDeepSpider/Nutch-1.5-dev; +http://www.openindex.io/en/webmasters/spider.html)"
141.105.120.153 - - [11/Mar/2012:10:11:35 +0100] "GET /nca06.htm HTTP/1.0" 200 19034 "-" "Mozilla/5.0 (compatible; OpenindexDeepSpider/Nutch-1.5-dev; +http://www.openindex.io/en/webmasters/spider.html)"
84.21.19.110 - - [11/Mar/2012:10:13:11 +0100] "GET /lb/images/closelabel.gif HTTP/1.1" 200 222 "http://www.rulettmania.hu/sportfogadas/admin/index.php" "Mozilla/5.0 (compatible; MSIE 9.0; Windows NT 6.1; Trident/5.0; BOIE9;HUHU)"
84.21.19.110 - - [11/Mar/2012:10:13:11 +0100] "GET /lb/images/loading.gif HTTP/1.1" 200 2767 "http://www.rulettmania.hu/sportfogadas/admin/index.php" "Mozilla/5.0 (compatible; MSIE 9.0; Windows NT 6.1; Trident/5.0; BOIE9;HUHU)"
84.21.19.110 - - [11/Mar/2012:10:13:12 +0100] "GET /lb/images/blank.gif HTTP/1.1" 200 43 "http://www.rulettmania.hu/sportfogadas/admin/index.php" "Mozilla/5.0 (compatible; MSIE 9.0; Windows NT 6.1; Trident/5.0; BOIE9;HUHU)"
208.115.111.68 - - [11/Mar/2012:10:15:34 +0100] "GET /robots.txt HTTP/1.1" 404 1181 "-" "Mozilla/5.0 (compatible; Ezooms/1.0; ezooms.bot@gmail.com)"
95.108.248.30 - - [11/Mar/2012:10:35:16 +0100] "GET /robots.txt HTTP/1.1" 404 1181 "-" "Mozilla/5.0 (compatible; YandexBot/3.0; +http://yandex.com/bots)"
95.108.248.30 - - [11/Mar/2012:10:35:18 +0100] "GET / HTTP/1.1" 200 23794 "-" "Mozilla/5.0 (compatible; YandexBot/3.0; +http://yandex.com/bots)"
208.115.113.84 - - [11/Mar/2012:10:39:09 +0100] "GET /hirek/hirek100225.htm HTTP/1.1" 200 7288 "-" "Mozilla/5.0 (compatible; Ezooms/1.0; ezooms.bot@gmail.com)"
208.115.113.84 - - [11/Mar/2012:10:39:11 +0100] "GET /nca11.htm HTTP/1.1" 200 7133 "-" "Mozilla/5.0 (compatible; Ezooms/1.0; ezooms.bot@gmail.com)"
188.143.47.133 - - [11/Mar/2012:10:54:59 +0100] "GET /lb/images/loading.gif HTTP/1.1" 200 2767 "http://www.rulettmania.hu/sportfogadas/regiszter.php" "Mozilla/5.0 (Windows NT 6.1; rv:10.0.2) Gecko/20100101 Firefox/10.0.2"
188.143.47.133 - - [11/Mar/2012:10:54:59 +0100] "GET /lb/images/closelabel.gif HTTP/1.1" 200 222 "http://www.rulettmania.hu/sportfogadas/regiszter.php" "Mozilla/5.0 (Windows NT 6.1; rv:10.0.2) Gecko/20100101 Firefox/10.0.2"
65.52.109.199 - - [11/Mar/2012:11:19:25 +0100] "GET /media.htm HTTP/1.1" 304 - "-" "Mozilla/5.0 (compatible; bingbot/2.0; +http://www.bing.com/bingbot.htm)"
65.52.109.199 - - [11/Mar/2012:11:20:29 +0100] "GET /robots.txt HTTP/1.1" 404 1181 "-" "Mozilla/5.0 (compatible; bingbot/2.0; +http://www.bing.com/bingbot.htm)"
207.46.204.162 - - [11/Mar/2012:11:20:47 +0100] "GET /media.htm HTTP/1.1" 200 5208 "-" "Mozilla/5.0 (Windows NT 6.1; WOW64) AppleWebKit/534+ (KHTML, like Gecko) BingPreview/1.0b"
207.46.204.162 - - [11/Mar/2012:11:20:49 +0100] "GET /vill.cs HTTP/1.1" 200 2676 "http://www.beklen.hu/media.htm" "Mozilla/5.0 (Windows NT 6.1; WOW64) AppleWebKit/534+ (KHTML, like Gecko) BingPreview/1.0b"
208.115.111.68 - - [11/Mar/2012:11:26:12 +0100] "GET /hirek/hirek090215.htm HTTP/1.1" 200 9398 "-" "Mozilla/5.0 (compatible; Ezooms/1.0; ezooms.bot@gmail.com)"
141.105.120.151 - - [11/Mar/2012:12:02:25 +0100] "GET /robots.txt HTTP/1.0" 404 1181 "-" "Mozilla/5.0 (compatible; OpenindexDeepSpider/Nutch-1.5-dev; +http://www.openindex.io/en/webmasters/spider.html)"
141.105.120.151 - - [11/Mar/2012:12:02:25 +0100] "GET /jog/jogszabalyok/polgari_perrendtartas_xx_fejezet.pdf HTTP/1.0" 404 1181 "-" "Mozilla/5.0 (compatible; OpenindexDeepSpider/Nutch-1.5-dev; +http://www.openindex.io/en/webmasters/spider.html)"
95.108.248.30 - - [11/Mar/2012:12:06:26 +0100] "GET /bunt.htm HTTP/1.1" 304 - "-" "Mozilla/5.0 (compatible; YandexBot/3.0; +http://yandex.com/bots)"
141.105.120.151 - - [11/Mar/2012:12:13:00 +0100] "GET /jog/pub/rally_kiadvany_mtvsz.pdf HTTP/1.0" 200 630857 "-" "Mozilla/5.0 (compatible; OpenindexDeepSpider/Nutch-1.5-dev; +http://www.openindex.io/en/webmasters/spider.html)"
95.108.248.30 - - [11/Mar/2012:13:31:25 +0100] "GET /programok.htm HTTP/1.1" 304 - "-" "Mozilla/5.0 (compatible; YandexBot/3.0; +http://yandex.com/bots)"
84.21.19.110 - - [11/Mar/2012:13:55:17 +0100] "GET /lb/images/loading.gif HTTP/1.1" 200 2767 "http://www.rulettmania.hu/sportfogadas/admin/index.php" "Mozilla/5.0 (compatible; MSIE 9.0; Windows NT 6.1; Trident/5.0; BOIE9;HUHU)"
84.21.19.110 - - [11/Mar/2012:13:55:17 +0100] "GET /lb/images/closelabel.gif HTTP/1.1" 200 222 "http://www.rulettmania.hu/sportfogadas/admin/index.php" "Mozilla/5.0 (compatible; MSIE 9.0; Windows NT 6.1; Trident/5.0; BOIE9;HUHU)"
84.21.19.110 - - [11/Mar/2012:13:55:17 +0100] "GET /lb/images/blank.gif HTTP/1.1" 200 43 "http://www.rulettmania.hu/sportfogadas/admin/index.php" "Mozilla/5.0 (compatible; MSIE 9.0; Windows NT 6.1; Trident/5.0; BOIE9;HUHU)"
66.249.66.212 - - [11/Mar/2012:13:57:28 +0100] "GET /robots.txt HTTP/1.1" 404 1181 "-" "Mozilla/5.0 (compatible; Googlebot/2.1; +http://www.google.com/bot.html)"
66.249.72.72 - - [11/Mar/2012:13:57:28 +0100] "GET /hirek/hirek101213.htm HTTP/1.1" 200 8671 "-" "Mozilla/5.0 (iPhone; U; CPU iPhone OS 4_1 like Mac OS X; en-us) AppleWebKit/532.9 (KHTML, like Gecko) Version/4.0.5 Mobile/8B117 Safari/6531.22.7 (compatible; Googlebot-Mobile/2.1; +http://www.google.com/bot.html)"
208.115.111.68 - - [11/Mar/2012:13:58:59 +0100] "GET /robots.txt HTTP/1.1" 404 1181 "-" "Mozilla/5.0 (compatible; Ezooms/1.0; ezooms.bot@gmail.com)"
66.249.66.212 - - [11/Mar/2012:14:18:30 +0100] "GET /jog/eseteink/poroszlo/keresetlevel_javitott_poroszlo.pdf HTTP/1.1" 200 173206 "-" "Mozilla/5.0 (compatible; Googlebot/2.1; +http://www.google.com/bot.html)"
92.249.227.254 - - [11/Mar/2012:15:11:19 +0100] "GET /lb/images/loading.gif HTTP/1.1" 200 2767 "http://rulettmania.hu/sportfogadas/" "Mozilla/4.0 (compatible; MSIE 7.0; Windows NT 6.0; SLCC1; .NET CLR 2.0.50727; Media Center PC 5.0; .NET CLR 3.5.30729; .NET CLR 3.0.30618; .NET4.0C; AskTbORJ/5.14.1.20007)"
92.249.227.254 - - [11/Mar/2012:15:11:19 +0100] "GET /lb/images/closelabel.gif HTTP/1.1" 200 222 "http://rulettmania.hu/sportfogadas/" "Mozilla/4.0 (compatible; MSIE 7.0; Windows NT 6.0; SLCC1; .NET CLR 2.0.50727; Media Center PC 5.0; .NET CLR 3.5.30729; .NET CLR 3.0.30618; .NET4.0C; AskTbORJ/5.14.1.20007)"
92.249.227.254 - - [11/Mar/2012:15:11:19 +0100] "GET /lb/images/blank.gif HTTP/1.1" 200 43 "http://rulettmania.hu/sportfogadas/" "Mozilla/4.0 (compatible; MSIE 7.0; Windows NT 6.0; SLCC1; .NET CLR 2.0.50727; Media Center PC 5.0; .NET CLR 3.5.30729; .NET CLR 3.0.30618; .NET4.0C; AskTbORJ/5.14.1.20007)"
208.115.111.68 - - [11/Mar/2012:15:24:07 +0100] "GET /bunt.htm HTTP/1.1" 200 5683 "-" "Mozilla/5.0 (compatible; Ezooms/1.0; ezooms.bot@gmail.com)"
208.115.111.68 - - [11/Mar/2012:15:24:11 +0100] "GET /hirek/hirek090602.htm HTTP/1.1" 200 7261 "-" "Mozilla/5.0 (compatible; Ezooms/1.0; ezooms.bot@gmail.com)"
78.92.222.185 - - [11/Mar/2012:15:38:02 +0100] "GET /lb/images/loading.gif HTTP/1.1" 200 2767 "http://rulettmania.hu/sportfogadas/" "Mozilla/5.0 (Windows NT 6.0; rv:9.0.1) Gecko/20100101 Firefox/9.0.1"
78.92.222.185 - - [11/Mar/2012:15:38:02 +0100] "GET /lb/images/closelabel.gif HTTP/1.1" 200 222 "http://rulettmania.hu/sportfogadas/" "Mozilla/5.0 (Windows NT 6.0; rv:9.0.1) Gecko/20100101 Firefox/9.0.1"
87.97.18.214 - - [11/Mar/2012:15:40:50 +0100] "GET /lb/images/loading.gif HTTP/1.1" 200 2767 "http://rulettmania.hu/sportfogadas/admin/" "Mozilla/5.0 (Windows NT 5.1; rv:10.0.2) Gecko/20100101 Firefox/10.0.2"
87.97.18.214 - - [11/Mar/2012:15:40:50 +0100] "GET /lb/images/closelabel.gif HTTP/1.1" 200 222 "http://rulettmania.hu/sportfogadas/admin/" "Mozilla/5.0 (Windows NT 5.1; rv:10.0.2) Gecko/20100101 Firefox/10.0.2"
213.186.127.13 - - [11/Mar/2012:17:06:21 +0100] "GET /fiok/& HTTP/1.1" 404 1181 "-" "Mozilla/5.0 (compatible; AhrefsBot/2.0; +http://ahrefs.com/robot/)"
95.102.161.168 - - [11/Mar/2012:18:46:05 +0100] "GET /lb/images/loading.gif HTTP/1.1" 200 2767 "http://rulettmania.hu/sportfogadas/" "Mozilla/5.0 (Windows NT 6.1; WOW64; rv:10.0.2) Gecko/20100101 Firefox/10.0.2"
95.102.161.168 - - [11/Mar/2012:18:46:05 +0100] "GET /lb/images/closelabel.gif HTTP/1.1" 200 222 "http://rulettmania.hu/sportfogadas/" "Mozilla/5.0 (Windows NT 6.1; WOW64; rv:10.0.2) Gecko/20100101 Firefox/10.0.2"
65.52.104.88 - - [11/Mar/2012:18:55:01 +0100] "GET /robots.txt HTTP/1.1" 404 1181 "-" "Mozilla/5.0 (compatible; bingbot/2.0; +http://www.bing.com/bingbot.htm)"
130.83.167.161 - - [11/Mar/2012:19:03:58 +0100] "GET /robots.txt HTTP/1.1" 404 1181 "-" "findlinks/2.1.5 (+http://wortschatz.uni-leipzig.de/findlinks/)"
213.186.127.13 - - [11/Mar/2012:19:14:42 +0100] "GET /fiok/program_reszek/madarmegfigyeles.htm HTTP/1.1" 200 21825 "-" "Mozilla/5.0 (compatible; AhrefsBot/2.0; +http://ahrefs.com/robot/)"
188.143.18.241 - - [11/Mar/2012:19:27:12 +0100] "GET /lb/images/loading.gif HTTP/1.1" 200 2767 "http://rulettmania.hu/sportfogadas/" "Mozilla/5.0 (Windows NT 5.1; rv:10.0.2) Gecko/20100101 Firefox/10.0.2"
188.143.18.241 - - [11/Mar/2012:19:27:12 +0100] "GET /lb/images/closelabel.gif HTTP/1.1" 200 222 "http://rulettmania.hu/sportfogadas/" "Mozilla/5.0 (Windows NT 5.1; rv:10.0.2) Gecko/20100101 Firefox/10.0.2"
208.115.113.84 - - [11/Mar/2012:19:46:43 +0100] "GET /robots.txt HTTP/1.1" 404 1181 "-" "Mozilla/5.0 (compatible; Ezooms/1.0; ezooms.bot@gmail.com)"
64.127.117.99 - - [11/Mar/2012:19:49:24 +0100] "GET / HTTP/1.1" 200 23794 "-" "Mozilla/5.0"
64.127.117.99 - - [11/Mar/2012:19:49:24 +0100] "GET //PMA/ HTTP/1.1" 404 1181 "-" "Mozilla/5.0"
64.127.117.99 - - [11/Mar/2012:19:49:24 +0100] "GET //admin/ HTTP/1.1" 404 1181 "-" "Mozilla/5.0"
64.127.117.99 - - [11/Mar/2012:19:49:27 +0100] "GET //dbadmin/ HTTP/1.1" 404 1181 "-" "Mozilla/5.0"
64.127.117.99 - - [11/Mar/2012:19:49:28 +0100] "GET //mya/ HTTP/1.1" 404 1181 "-" "Mozilla/5.0"
64.127.117.99 - - [11/Mar/2012:19:49:31 +0100] "GET //mysql/ HTTP/1.1" 404 1181 "-" "Mozilla/5.0"
64.127.117.99 - - [11/Mar/2012:19:49:31 +0100] "GET //mysqladmin/ HTTP/1.1" 404 1181 "-" "Mozilla/5.0"
64.127.117.99 - - [11/Mar/2012:19:49:32 +0100] "GET //mysqlmanager/ HTTP/1.1" 404 1181 "-" "Mozilla/5.0"
64.127.117.99 - - [11/Mar/2012:19:49:38 +0100] "GET //phpadmin3/ HTTP/1.1" 404 1181 "-" "Mozilla/5.0"
64.127.117.99 - - [11/Mar/2012:19:49:42 +0100] "GET //phpmyadmin/ HTTP/1.1" 404 1181 "-" "Mozilla/5.0"
64.127.117.99 - - [11/Mar/2012:19:49:45 +0100] "GET //pma/ HTTP/1.1" 404 1181 "-" "Mozilla/5.0"
64.127.117.99 - - [11/Mar/2012:19:49:53 +0100] "GET //sqlmanager/ HTTP/1.1" 404 1181 "-" "Mozilla/5.0"
64.127.117.99 - - [11/Mar/2012:19:49:54 +0100] "GET //sqlweb/ HTTP/1.1" 404 1181 "-" "Mozilla/5.0"
64.127.117.99 - - [11/Mar/2012:19:49:54 +0100] "GET //webadmin/ HTTP/1.1" 404 1181 "-" "Mozilla/5.0"
64.127.117.99 - - [11/Mar/2012:19:49:54 +0100] "GET //webdb/ HTTP/1.1" 404 1181 "-" "Mozilla/5.0"
64.127.117.99 - - [11/Mar/2012:19:49:55 +0100] "GET //websql/ HTTP/1.1" 404 1181 "-" "Mozilla/5.0"
66.249.72.72 - - [11/Mar/2012:19:55:34 +0100] "GET /fiok/program_reszek/programok/06.jpg HTTP/1.1" 200 134948 "-" "Googlebot-Image/1.0"
94.21.236.196 - - [11/Mar/2012:20:05:25 +0100] "GET /lb/images/loading.gif HTTP/1.1" 200 2767 "http://rulettmania.hu/sportfogadas/" "Mozilla/5.0 (Windows NT 6.1; WOW64; rv:10.0.2) Gecko/20100101 Firefox/10.0.2"
94.21.236.196 - - [11/Mar/2012:20:05:25 +0100] "GET /lb/images/closelabel.gif HTTP/1.1" 200 222 "http://rulettmania.hu/sportfogadas/" "Mozilla/5.0 (Windows NT 6.1; WOW64; rv:10.0.2) Gecko/20100101 Firefox/10.0.2"
66.249.66.212 - - [11/Mar/2012:20:17:18 +0100] "GET /fiok/program_reszek/programok/25.jpg HTTP/1.1" 200 159458 "-" "Googlebot-Image/1.0"
66.249.72.72 - - [11/Mar/2012:20:37:48 +0100] "GET /fiok/program_reszek/programok/08.jpg HTTP/1.1" 200 103988 "-" "Googlebot-Image/1.0"
80.239.242.174 - - [11/Mar/2012:20:46:47 +0100] "GET /lb/images/loading.gif HTTP/1.1" 200 2767 "http://rulettmania.hu/sportfogadas/" "Opera/9.80 (Windows NT 6.1; U; Edition Labs OOPP; hu) Presto/2.10.238 Version/12.00"
80.239.242.174 - - [11/Mar/2012:20:46:47 +0100] "GET /lb/images/closelabel.gif HTTP/1.1" 200 222 "http://rulettmania.hu/sportfogadas/" "Opera/9.80 (Windows NT 6.1; U; Edition Labs OOPP; hu) Presto/2.10.238 Version/12.00"
213.186.127.13 - - [11/Mar/2012:20:52:24 +0100] "GET /robots.txt HTTP/1.1" 404 1181 "-" "Mozilla/5.0 (compatible; AhrefsBot/2.0; +http://ahrefs.com/robot/)"
208.115.113.84 - - [11/Mar/2012:20:59:51 +0100] "GET /fiok/mult.htm HTTP/1.1" 200 23227 "-" "Mozilla/5.0 (compatible; Ezooms/1.0; ezooms.bot@gmail.com)"
66.249.66.212 - - [11/Mar/2012:21:08:11 +0100] "GET /fiok/program_reszek/programok/24.jpg HTTP/1.1" 200 76426 "-" "Googlebot-Image/1.0"
84.3.209.93 - - [11/Mar/2012:21:09:17 +0100] "GET /lb/images/loading.gif HTTP/1.1" 200 2767 "http://rulettmania.hu/sportfogadas/" "Mozilla/5.0 (Windows NT 6.1) AppleWebKit/535.11 (KHTML, like Gecko) Chrome/17.0.963.56 Safari/535.11"
84.3.209.93 - - [11/Mar/2012:21:09:17 +0100] "GET /lb/images/closelabel.gif HTTP/1.1" 200 222 "http://rulettmania.hu/sportfogadas/" "Mozilla/5.0 (Windows NT 6.1) AppleWebKit/535.11 (KHTML, like Gecko) Chrome/17.0.963.56 Safari/535.11"
66.249.66.212 - - [11/Mar/2012:21:27:55 +0100] "GET /fiok/program_reszek/programok/07.jpg HTTP/1.1" 200 262705 "-" "Googlebot-Image/1.0"
66.249.66.212 - - [11/Mar/2012:21:46:58 +0100] "GET /fiok/program_reszek/programok/05.jpg HTTP/1.1" 200 206789 "-" "Googlebot-Image/1.0"
89.135.30.52 - - [11/Mar/2012:22:56:23 +0100] "GET /lb/images/loading.gif HTTP/1.1" 200 2767 "http://www.rulettmania.hu/sportfogadas/" "Mozilla/5.0 (Windows NT 6.1; WOW64) AppleWebKit/535.11 (KHTML, like Gecko) Chrome/17.0.963.78 Safari/535.11"
89.135.30.52 - - [11/Mar/2012:22:56:23 +0100] "GET /lb/images/closelabel.gif HTTP/1.1" 200 222 "http://www.rulettmania.hu/sportfogadas/" "Mozilla/5.0 (Windows NT 6.1; WOW64) AppleWebKit/535.11 (KHTML, like Gecko) Chrome/17.0.963.78 Safari/535.11"
87.97.39.218 - - [11/Mar/2012:23:03:51 +0100] "GET /lb/images/loading.gif HTTP/1.1" 200 2767 "http://rulettmania.hu/sportfogadas/" "Mozilla/4.0 (compatible; MSIE 7.0; Windows NT 6.1; Trident/5.0; SLCC2; .NET CLR 2.0.50727; .NET CLR 3.5.30729; .NET CLR 3.0.30729; Media Center PC 6.0; .NET4.0C; AskTbORJ/5.14.1.20007)"
87.97.39.218 - - [11/Mar/2012:23:03:51 +0100] "GET /lb/images/closelabel.gif HTTP/1.1" 200 222 "http://rulettmania.hu/sportfogadas/" "Mozilla/4.0 (compatible; MSIE 7.0; Windows NT 6.1; Trident/5.0; SLCC2; .NET CLR 2.0.50727; .NET CLR 3.5.30729; .NET CLR 3.0.30729; Media Center PC 6.0; .NET4.0C; AskTbORJ/5.14.1.20007)"
87.97.39.218 - - [11/Mar/2012:23:04:26 +0100] "GET /lb/images/blank.gif HTTP/1.1" 200 43 "http://rulettmania.hu/sportfogadas/regiszter.php" "Mozilla/4.0 (compatible; MSIE 7.0; Windows NT 6.1; Trident/5.0; SLCC2; .NET CLR 2.0.50727; .NET CLR 3.5.30729; .NET CLR 3.0.30729; Media Center PC 6.0; .NET4.0C; AskTbORJ/5.14.1.20007)"
84.21.19.110 - - [11/Mar/2012:23:12:47 +0100] "GET /lb/images/loading.gif HTTP/1.1" 200 2767 "http://www.rulettmania.hu/sportfogadas/admin/index.php" "Mozilla/5.0 (compatible; MSIE 9.0; Windows NT 6.1; Trident/5.0; BOIE9;HUHU)"
84.21.19.110 - - [11/Mar/2012:23:12:47 +0100] "GET /lb/images/closelabel.gif HTTP/1.1" 200 222 "http://www.rulettmania.hu/sportfogadas/admin/index.php" "Mozilla/5.0 (compatible; MSIE 9.0; Windows NT 6.1; Trident/5.0; BOIE9;HUHU)"
84.21.19.110 - - [11/Mar/2012:23:12:48 +0100] "GET /lb/images/blank.gif HTTP/1.1" 200 43 "http://www.rulettmania.hu/sportfogadas/admin/index.php" "Mozilla/5.0 (compatible; MSIE 9.0; Windows NT 6.1; Trident/5.0; BOIE9;HUHU)"
46.165.197.141 - - [12/Mar/2012:00:10:01 +0100] "GET /robots.txt HTTP/1.0" 404 1181 "-" "Mozilla/5.0 (compatible; MJ12bot/v1.4.2; http://www.majestic12.co.uk/bot.php?+)"
46.165.197.141 - - [12/Mar/2012:00:10:02 +0100] "GET /deutsch/kontakt.htm HTTP/1.0" 200 4769 "-" "Mozilla/5.0 (compatible; MJ12bot/v1.4.2; http://www.majestic12.co.uk/bot.php?+)"
46.165.197.141 - - [12/Mar/2012:00:10:03 +0100] "GET /fiok HTTP/1.0" 301 300 "-" "Mozilla/5.0 (compatible; MJ12bot/v1.4.2; http://www.majestic12.co.uk/bot.php?+)"
46.165.197.141 - - [12/Mar/2012:00:10:05 +0100] "GET /fiok/ HTTP/1.0" 200 20554 "-" "Mozilla/5.0 (compatible; MJ12bot/v1.4.2; http://www.majestic12.co.uk/bot.php?+)"
46.165.197.141 - - [12/Mar/2012:00:10:06 +0100] "GET /fiok/gazdasag.htm HTTP/1.0" 200 22480 "-" "Mozilla/5.0 (compatible; MJ12bot/v1.4.2; http://www.majestic12.co.uk/bot.php?+)"
46.165.197.141 - - [12/Mar/2012:00:10:08 +0100] "GET /fiok/index.html HTTP/1.0" 200 20554 "-" "Mozilla/5.0 (compatible; MJ12bot/v1.4.2; http://www.majestic12.co.uk/bot.php?+)"
46.165.197.141 - - [12/Mar/2012:00:10:09 +0100] "GET /hirarchivum.htm HTTP/1.0" 200 24981 "-" "Mozilla/5.0 (compatible; MJ12bot/v1.4.2; http://www.majestic12.co.uk/bot.php?+)"
46.165.197.141 - - [12/Mar/2012:00:10:11 +0100] "GET /hirek/hirek090301.htm HTTP/1.0" 200 7022 "-" "Mozilla/5.0 (compatible; MJ12bot/v1.4.2; http://www.majestic12.co.uk/bot.php?+)"
46.165.197.141 - - [12/Mar/2012:00:10:12 +0100] "GET /hirek/hirek090428.htm HTTP/1.0" 200 24808 "-" "Mozilla/5.0 (compatible; MJ12bot/v1.4.2; http://www.majestic12.co.uk/bot.php?+)"
46.165.197.141 - - [12/Mar/2012:00:10:14 +0100] "GET /hirek/hirek101027.htm HTTP/1.0" 200 9627 "-" "Mozilla/5.0 (compatible; MJ12bot/v1.4.2; http://www.majestic12.co.uk/bot.php?+)"
46.165.197.141 - - [12/Mar/2012:00:10:15 +0100] "GET /hirek/hirek101213.htm HTTP/1.0" 200 8671 "-" "Mozilla/5.0 (compatible; MJ12bot/v1.4.2; http://www.majestic12.co.uk/bot.php?+)"
46.165.197.141 - - [12/Mar/2012:00:10:16 +0100] "GET /kapcsolat.htm HTTP/1.0" 200 6889 "-" "Mozilla/5.0 (compatible; MJ12bot/v1.4.2; http://www.majestic12.co.uk/bot.php?+)"
46.165.197.141 - - [12/Mar/2012:00:10:18 +0100] "GET /magunkrol.htm HTTP/1.0" 200 9202 "-" "Mozilla/5.0 (compatible; MJ12bot/v1.4.2; http://www.majestic12.co.uk/bot.php?+)"
173.208.241.226 - - [12/Mar/2012:00:49:33 +0100] "GET /robots.txt HTTP/1.0" 404 1181 "-" "Mozilla/5.0 (compatible; MJ12bot/v1.4.2; http://www.majestic12.co.uk/bot.php?+)"
173.208.241.226 - - [12/Mar/2012:00:49:35 +0100] "GET /jog/index.htm HTTP/1.0" 200 13138 "-" "Mozilla/5.0 (compatible; MJ12bot/v1.4.2; http://www.majestic12.co.uk/bot.php?+)"
95.108.248.30 - - [12/Mar/2012:01:24:34 +0100] "GET /deutsch/kontakt.htm HTTP/1.1" 200 4769 "-" "Mozilla/5.0 (compatible; YandexBot/3.0; +http://yandex.com/bots)"
208.115.111.68 - - [12/Mar/2012:01:36:44 +0100] "GET /robots.txt HTTP/1.1" 404 1181 "-" "Mozilla/5.0 (compatible; Ezooms/1.0; ezooms.bot@gmail.com)"
139.18.2.17 - - [12/Mar/2012:02:05:21 +0100] "GET /hirek/hirek101213.htm HTTP/1.1" 200 8671 "-" "findlinks/2.1.5 (+http://wortschatz.uni-leipzig.de/findlinks/)"
87.97.118.115 - - [12/Mar/2012:02:22:32 +0100] "GET /lb/images/loading.gif HTTP/1.1" 200 2767 "http://rulettmania.hu/sportfogadas/" "Mozilla/5.0 (Windows NT 6.1) AppleWebKit/535.11 (KHTML, like Gecko) Chrome/17.0.963.78 Safari/535.11"
87.97.118.115 - - [12/Mar/2012:02:22:32 +0100] "GET /lb/images/closelabel.gif HTTP/1.1" 200 222 "http://rulettmania.hu/sportfogadas/" "Mozilla/5.0 (Windows NT 6.1) AppleWebKit/535.11 (KHTML, like Gecko) Chrome/17.0.963.78 Safari/535.11"
208.115.113.84 - - [12/Mar/2012:02:58:49 +0100] "GET /robots.txt HTTP/1.1" 404 1181 "-" "Mozilla/5.0 (compatible; Ezooms/1.0; ezooms.bot@gmail.com)"
208.115.111.68 - - [12/Mar/2012:02:59:14 +0100] "GET /hirek/hirek091103.htm HTTP/1.1" 200 7301 "-" "Mozilla/5.0 (compatible; Ezooms/1.0; ezooms.bot@gmail.com)"
208.115.111.68 - - [12/Mar/2012:02:59:25 +0100] "GET /hirek08_10.htm HTTP/1.1" 200 6946 "-" "Mozilla/5.0 (compatible; Ezooms/1.0; ezooms.bot@gmail.com)"
95.108.248.30 - - [12/Mar/2012:03:51:55 +0100] "GET /hirek/hirek100810.htm HTTP/1.1" 200 8123 "-" "Mozilla/5.0 (compatible; YandexBot/3.0; +http://yandex.com/bots)"
95.108.248.30 - - [12/Mar/2012:04:05:27 +0100] "GET /hirarchivum.htm HTTP/1.1" 200 24981 "-" "Mozilla/5.0 (compatible; YandexBot/3.0; +http://yandex.com/bots)"
208.115.113.84 - - [12/Mar/2012:04:12:18 +0100] "GET /deutsch/kontakt.htm HTTP/1.1" 200 4769 "-" "Mozilla/5.0 (compatible; Ezooms/1.0; ezooms.bot@gmail.com)"
208.115.113.84 - - [12/Mar/2012:04:12:29 +0100] "GET /hirek08_11.htm HTTP/1.1" 200 7253 "-" "Mozilla/5.0 (compatible; Ezooms/1.0; ezooms.bot@gmail.com)"
208.115.113.84 - - [12/Mar/2012:04:12:40 +0100] "GET /nca05.htm HTTP/1.1" 200 16412 "-" "Mozilla/5.0 (compatible; Ezooms/1.0; ezooms.bot@gmail.com)"
95.108.248.30 - - [12/Mar/2012:04:13:08 +0100] "GET /ncta_a.htm HTTP/1.1" 304 - "-" "Mozilla/5.0 (compatible; YandexBot/3.0; +http://yandex.com/bots)"
130.83.167.153 - - [12/Mar/2012:04:24:51 +0100] "GET /media.htm HTTP/1.1" 200 5208 "-" "findlinks/2.1.5 (+http://wortschatz.uni-leipzig.de/findlinks/)"
95.108.248.30 - - [12/Mar/2012:05:12:58 +0100] "GET /english/index.htm HTTP/1.1" 304 - "-" "Mozilla/5.0 (compatible; YandexBot/3.0; +http://yandex.com/bots)"
208.115.113.84 - - [12/Mar/2012:06:23:34 +0100] "GET /robots.txt HTTP/1.1" 404 1181 "-" "Mozilla/5.0 (compatible; Ezooms/1.0; ezooms.bot@gmail.com)"
208.115.113.84 - - [12/Mar/2012:07:37:06 +0100] "GET /fiok/gazdasag.htm HTTP/1.1" 200 22480 "-" "Mozilla/5.0 (compatible; Ezooms/1.0; ezooms.bot@gmail.com)"
208.115.113.84 - - [12/Mar/2012:07:37:16 +0100] "GET /hirek/hirek090510.htm HTTP/1.1" 200 12743 "-" "Mozilla/5.0 (compatible; Ezooms/1.0; ezooms.bot@gmail.com)"
208.115.113.84 - - [12/Mar/2012:07:37:27 +0100] "GET /hirek/hirek091102.htm HTTP/1.1" 200 8538 "-" "Mozilla/5.0 (compatible; Ezooms/1.0; ezooms.bot@gmail.com)"
194.38.100.203 - - [12/Mar/2012:07:53:58 +0100] "GET /lb/images/loading.gif HTTP/1.1" 304 - "http://rulettmania.hu/sportfogadas/" "Mozilla/5.0 (Windows NT 6.1) AppleWebKit/535.11 (KHTML, like Gecko) Chrome/17.0.963.78 Safari/535.11"
84.2.100.194 - - [12/Mar/2012:08:44:43 +0100] "GET /lb/images/closelabel.gif HTTP/1.1" 200 222 "http://rulettmania.hu/sportfogadas/admin/" "Mozilla/5.0 (Windows NT 5.1; rv:9.0.1) Gecko/20100101 Firefox/9.0.1"
84.2.100.194 - - [12/Mar/2012:08:44:43 +0100] "GET /lb/images/loading.gif HTTP/1.1" 200 2767 "http://rulettmania.hu/sportfogadas/admin/" "Mozilla/5.0 (Windows NT 5.1; rv:9.0.1) Gecko/20100101 Firefox/9.0.1"
208.115.111.68 - - [12/Mar/2012:09:12:44 +0100] "GET /robots.txt HTTP/1.1" 404 1181 "-" "Mozilla/5.0 (compatible; Ezooms/1.0; ezooms.bot@gmail.com)"
89.134.88.129 - - [12/Mar/2012:09:15:46 +0100] "GET /lb/images/loading.gif HTTP/1.1" 200 2767 "http://rulettmania.hu/sportfogadas/" "Mozilla/5.0 (Windows NT 5.1) AppleWebKit/535.11 (KHTML, like Gecko) Chrome/17.0.963.78 Safari/535.11"
89.134.88.129 - - [12/Mar/2012:09:15:46 +0100] "GET /lb/images/closelabel.gif HTTP/1.1" 200 222 "http://rulettmania.hu/sportfogadas/" "Mozilla/5.0 (Windows NT 5.1) AppleWebKit/535.11 (KHTML, like Gecko) Chrome/17.0.963.78 Safari/535.11"
95.108.248.30 - - [12/Mar/2012:09:16:08 +0100] "GET /hirek/hirek101027.htm HTTP/1.1" 200 9627 "-" "Mozilla/5.0 (compatible; YandexBot/3.0; +http://yandex.com/bots)"
109.87.138.71 - - [12/Mar/2012:10:18:52 +0100] "GET /robots.txt HTTP/1.0" 404 1181 "-" "Mozilla/5.0 (compatible; MJ12bot/v1.4.2; http://www.majestic12.co.uk/bot.php?+)"
109.87.138.71 - - [12/Mar/2012:10:22:15 +0100] "GET / HTTP/1.1" 200 23794 "-" "Mozilla/5.0 (compatible; MJ12bot/v1.4.2; http://www.majestic12.co.uk/bot.php?+)"
208.115.111.68 - - [12/Mar/2012:10:38:40 +0100] "GET /khb.htm HTTP/1.1" 200 8325 "-" "Mozilla/5.0 (compatible; Ezooms/1.0; ezooms.bot@gmail.com)"
84.21.19.110 - - [12/Mar/2012:11:16:59 +0100] "GET /lb/images/closelabel.gif HTTP/1.1" 200 222 "http://www.rulettmania.hu/sportfogadas/admin/index.php" "Mozilla/5.0 (compatible; MSIE 9.0; Windows NT 6.1; Trident/5.0; BOIE9;HUHU)"
84.21.19.110 - - [12/Mar/2012:11:16:59 +0100] "GET /lb/images/loading.gif HTTP/1.1" 200 2767 "http://www.rulettmania.hu/sportfogadas/admin/index.php" "Mozilla/5.0 (compatible; MSIE 9.0; Windows NT 6.1; Trident/5.0; BOIE9;HUHU)"
84.21.19.110 - - [12/Mar/2012:11:17:01 +0100] "GET /lb/images/blank.gif HTTP/1.1" 200 43 "http://www.rulettmania.hu/sportfogadas/admin/index.php" "Mozilla/5.0 (compatible; MSIE 9.0; Windows NT 6.1; Trident/5.0; BOIE9;HUHU)"
66.249.72.72 - - [12/Mar/2012:11:54:23 +0100] "GET /robots.txt HTTP/1.1" 404 1181 "-" "Mozilla/5.0 (compatible; Googlebot/2.1; +http://www.google.com/bot.html)"
66.249.72.72 - - [12/Mar/2012:11:54:23 +0100] "GET /fiok/program_reszek/taborok.htm HTTP/1.1" 200 23942 "-" "Mozilla/5.0 (compatible; Googlebot/2.1; +http://www.google.com/bot.html)"
95.108.248.30 - - [12/Mar/2012:12:26:39 +0100] "GET /robots.txt HTTP/1.1" 404 1181 "-" "Mozilla/5.0 (compatible; YandexBot/3.0; +http://yandex.com/bots)"
80.99.133.18 - - [12/Mar/2012:13:17:21 +0100] "GET /lb/images/closelabel.gif HTTP/1.1" 200 222 "http://www.rulettmania.hu/sportfogadas/" "Mozilla/4.0 (compatible; MSIE 8.0; Windows NT 5.1; Trident/4.0; .NET CLR 2.0.50727; .NET CLR 3.0.4506.2152; .NET CLR 3.5.30729)"
80.99.133.18 - - [12/Mar/2012:13:17:21 +0100] "GET /lb/images/loading.gif HTTP/1.1" 200 2767 "http://www.rulettmania.hu/sportfogadas/" "Mozilla/4.0 (compatible; MSIE 8.0; Windows NT 5.1; Trident/4.0; .NET CLR 2.0.50727; .NET CLR 3.0.4506.2152; .NET CLR 3.5.30729)"
80.99.133.18 - - [12/Mar/2012:13:17:21 +0100] "GET /lb/images/blank.gif HTTP/1.1" 200 43 "http://www.rulettmania.hu/sportfogadas/" "Mozilla/4.0 (compatible; MSIE 8.0; Windows NT 5.1; Trident/4.0; .NET CLR 2.0.50727; .NET CLR 3.0.4506.2152; .NET CLR 3.5.30729)"
66.249.66.212 - - [12/Mar/2012:13:53:30 +0100] "GET /hirek/hirek120120.htm HTTP/1.1" 200 6634 "-" "Mozilla/5.0 (iPhone; U; CPU iPhone OS 4_1 like Mac OS X; en-us) AppleWebKit/532.9 (KHTML, like Gecko) Version/4.0.5 Mobile/8B117 Safari/6531.22.7 (compatible; Googlebot-Mobile/2.1; +http://www.google.com/bot.html)"
66.249.66.212 - - [12/Mar/2012:13:53:42 +0100] "GET /jog/eseteink/korosladany/tajekoztatas_keres_atikotevife.pdf HTTP/1.1" 304 - "-" "Mozilla/5.0 (compatible; Googlebot/2.1; +http://www.google.com/bot.html)"
141.105.120.152 - - [12/Mar/2012:14:19:15 +0100] "GET /robots.txt HTTP/1.0" 404 1181 "-" "Mozilla/5.0 (compatible; OpenindexDeepSpider/Nutch-1.5-dev; +http://www.openindex.io/en/webmasters/spider.html)"
141.105.120.152 - - [12/Mar/2012:14:19:16 +0100] "GET /jog/jogszabalyok/biodiverzitas_egyezmeny.pdf HTTP/1.0" 200 198401 "-" "Mozilla/5.0 (compatible; OpenindexDeepSpider/Nutch-1.5-dev; +http://www.openindex.io/en/webmasters/spider.html)"
204.11.219.107 - - [12/Mar/2012:14:38:47 +0100] "GET /lb/images/closelabel.gif HTTP/1.1" 200 222 "http://rulettmania.hu/sportfogadas/" "Mozilla/5.0 (X11; U; Linux; en-US) AppleWebKit/532.4 (KHTML, like Gecko) Qt/4.6.3 Safari/532.4"
204.11.219.107 - - [12/Mar/2012:14:38:47 +0100] "GET /lb/images/loading.gif HTTP/1.1" 200 2767 "http://rulettmania.hu/sportfogadas/" "Mozilla/5.0 (X11; U; Linux; en-US) AppleWebKit/532.4 (KHTML, like Gecko) Qt/4.6.3 Safari/532.4"
204.11.219.107 - - [12/Mar/2012:14:40:26 +0100] "GET /lb/images/loading.gif HTTP/1.1" 200 2767 "http://rulettmania.hu/sportfogadas/" "Mozilla/5.0 (X11; U; Linux; en-US) AppleWebKit/532.4 (KHTML, like Gecko) Qt/4.6.3 Safari/532.4"
204.11.219.107 - - [12/Mar/2012:14:40:26 +0100] "GET /lb/images/closelabel.gif HTTP/1.1" 200 222 "http://rulettmania.hu/sportfogadas/" "Mozilla/5.0 (X11; U; Linux; en-US) AppleWebKit/532.4 (KHTML, like Gecko) Qt/4.6.3 Safari/532.4"
66.249.72.72 - - [12/Mar/2012:14:55:10 +0100] "GET /hirek/fak.jpg HTTP/1.1" 200 6301 "http://www.beklen.hu/hirek/hirek120120.htm" "Mozilla/5.0 (compatible; Googlebot/2.1; +http://www.google.com/bot.html)"
80.99.133.18 - - [12/Mar/2012:15:41:43 +0100] "GET /lb/images/closelabel.gif HTTP/1.1" 200 222 "http://www.rulettmania.hu/sportfogadas/" "Mozilla/4.0 (compatible; MSIE 8.0; Windows NT 5.1; Trident/4.0; .NET CLR 2.0.50727; .NET CLR 3.0.4506.2152; .NET CLR 3.5.30729)"
80.99.133.18 - - [12/Mar/2012:15:41:43 +0100] "GET /lb/images/loading.gif HTTP/1.1" 200 2767 "http://www.rulettmania.hu/sportfogadas/" "Mozilla/4.0 (compatible; MSIE 8.0; Windows NT 5.1; Trident/4.0; .NET CLR 2.0.50727; .NET CLR 3.0.4506.2152; .NET CLR 3.5.30729)"
80.99.133.18 - - [12/Mar/2012:15:41:44 +0100] "GET /lb/images/blank.gif HTTP/1.1" 200 43 "http://www.rulettmania.hu/sportfogadas/" "Mozilla/4.0 (compatible; MSIE 8.0; Windows NT 5.1; Trident/4.0; .NET CLR 2.0.50727; .NET CLR 3.0.4506.2152; .NET CLR 3.5.30729)"
95.108.248.30 - - [12/Mar/2012:15:44:32 +0100] "GET /index.htm HTTP/1.1" 200 23794 "-" "Mozilla/5.0 (compatible; YandexBot/3.0; +http://yandex.com/bots)"
95.108.248.30 - - [12/Mar/2012:15:44:34 +0100] "GET /hirek/hirek091102.htm HTTP/1.1" 304 - "-" "Mozilla/5.0 (compatible; YandexBot/3.0; +http://yandex.com/bots)"
207.46.194.85 - - [12/Mar/2012:16:13:16 +0100] "GET /robots.txt HTTP/1.1" 404 1181 "-" "msnbot-media/1.1 (+http://search.msn.com/msnbot.htm)"
207.46.194.85 - - [12/Mar/2012:16:13:24 +0100] "GET /nimfea_project_250x250.gif HTTP/1.1" 200 2986583 "-" "msnbot-media/1.1 (+http://search.msn.com/msnbot.htm)"
207.46.194.85 - - [12/Mar/2012:16:13:25 +0100] "GET / HTTP/1.1" 200 23794 "-" "msnbot-media/1.1 (+http://search.msn.com/msnbot.htm)"
82.131.222.165 - - [12/Mar/2012:16:47:42 +0100] "GET /lb/images/loading.gif HTTP/1.1" 200 2767 "http://rulettmania.hu/sportfogadas/admin/" "Mozilla/5.0 (Windows NT 5.1; rv:10.0.2) Gecko/20100101 Firefox/10.0.2"
82.131.222.165 - - [12/Mar/2012:16:47:42 +0100] "GET /lb/images/closelabel.gif HTTP/1.1" 200 222 "http://rulettmania.hu/sportfogadas/admin/" "Mozilla/5.0 (Windows NT 5.1; rv:10.0.2) Gecko/20100101 Firefox/10.0.2"
173.227.230.236 - - [12/Mar/2012:17:14:49 +0100] "GET /lb/images/loading.gif HTTP/1.1" 200 2767 "-" "Mozilla/5.0 (Windows; U; Windows NT 5.1; en-US; rv:1.9.2.8) Gecko/20100721 Firefox/3.6.8"
173.227.230.236 - - [12/Mar/2012:17:14:58 +0100] "GET / HTTP/1.1" 200 23794 "http://www.beklen.hu/lb/images/loading.gif" "Mozilla/5.0 (Windows; U; Windows NT 5.1; en-US; rv:1.9.2.8) Gecko/20100721 Firefox/3.6.8"
173.227.230.236 - - [12/Mar/2012:17:15:09 +0100] "GET /fiok/index.html HTTP/1.1" 200 20554 "http://www.beklen.hu" "Mozilla/5.0 (Windows; U; Windows NT 5.1; en-US; rv:1.9.2.8) Gecko/20100721 Firefox/3.6.8"
173.227.230.236 - - [12/Mar/2012:17:15:25 +0100] "GET /hirek/hirek091221.htm HTTP/1.1" 200 6740 "http://www.beklen.hu" "Mozilla/5.0 (Windows; U; Windows NT 5.1; en-US; rv:1.9.2.8) Gecko/20100721 Firefox/3.6.8"
173.227.230.236 - - [12/Mar/2012:17:15:28 +0100] "GET /hirek/hirek100804.htm HTTP/1.1" 200 8056 "http://www.beklen.hu" "Mozilla/5.0 (Windows; U; Windows NT 5.1; en-US; rv:1.9.2.8) Gecko/20100721 Firefox/3.6.8"
173.227.230.236 - - [12/Mar/2012:17:15:33 +0100] "GET /hirek/hirek101213.htm HTTP/1.1" 200 8671 "http://www.beklen.hu" "Mozilla/5.0 (Windows; U; Windows NT 5.1; en-US; rv:1.9.2.8) Gecko/20100721 Firefox/3.6.8"
208.115.113.84 - - [12/Mar/2012:17:35:45 +0100] "GET /robots.txt HTTP/1.1" 404 1181 "-" "Mozilla/5.0 (compatible; Ezooms/1.0; ezooms.bot@gmail.com)"
213.186.127.13 - - [12/Mar/2012:17:44:42 +0100] "GET /fiok/program_reszek/taborok.htm HTTP/1.1" 200 23942 "-" "Mozilla/5.0 (compatible; AhrefsBot/2.0; +http://ahrefs.com/robot/)"
31.46.96.132 - - [12/Mar/2012:18:25:48 +0100] "GET /lb/images/loading.gif HTTP/1.1" 200 2767 "http://rulettmania.hu/sportfogadas/" "Mozilla/5.0 (Windows NT 5.1; rv:10.0.2) Gecko/20100101 Firefox/10.0.2"
31.46.96.132 - - [12/Mar/2012:18:25:48 +0100] "GET /lb/images/closelabel.gif HTTP/1.1" 200 222 "http://rulettmania.hu/sportfogadas/" "Mozilla/5.0 (Windows NT 5.1; rv:10.0.2) Gecko/20100101 Firefox/10.0.2"
66.249.72.72 - - [12/Mar/2012:18:26:09 +0100] "GET /fiok/program_reszek/images/d4d.jpg HTTP/1.1" 200 524 "http://www.beklen.hu/fiok/program_reszek/taborok.htm" "Mozilla/5.0 (compatible; Googlebot/2.1; +http://www.google.com/bot.html)"
66.249.66.212 - - [12/Mar/2012:18:26:09 +0100] "GET /fiok/program_reszek/images/index_13.gif HTTP/1.1" 200 149 "http://www.beklen.hu/fiok/program_reszek/taborok.htm" "Mozilla/5.0 (compatible; Googlebot/2.1; +http://www.google.com/bot.html)"
66.249.66.212 - - [12/Mar/2012:18:26:10 +0100] "GET /fiok/program_reszek/images/index_11.gif HTTP/1.1" 200 74 "http://www.beklen.hu/fiok/program_reszek/taborok.htm" "Mozilla/5.0 (compatible; Googlebot/2.1; +http://www.google.com/bot.html)"
66.249.72.72 - - [12/Mar/2012:18:26:11 +0100] "GET /fiok/program_reszek/images/b12.jpg HTTP/1.1" 200 544 "http://www.beklen.hu/fiok/program_reszek/taborok.htm" "Mozilla/5.0 (compatible; Googlebot/2.1; +http://www.google.com/bot.html)"
66.249.66.212 - - [12/Mar/2012:18:26:12 +0100] "GET /fiok/program_reszek/images/b4b.jpg HTTP/1.1" 200 524 "http://www.beklen.hu/fiok/program_reszek/taborok.htm" "Mozilla/5.0 (compatible; Googlebot/2.1; +http://www.google.com/bot.html)"
66.249.72.72 - - [12/Mar/2012:18:26:14 +0100] "GET /fiok/program_reszek/images/a4a.jpg HTTP/1.1" 200 524 "http://www.beklen.hu/fiok/program_reszek/taborok.htm" "Mozilla/5.0 (compatible; Googlebot/2.1; +http://www.google.com/bot.html)"
66.249.66.212 - - [12/Mar/2012:18:26:15 +0100] "GET /fiok/program_reszek/images/index_12_12.JPG HTTP/1.1" 200 985 "http://www.beklen.hu/fiok/program_reszek/taborok.htm" "Mozilla/5.0 (compatible; Googlebot/2.1; +http://www.google.com/bot.html)"
66.249.66.212 - - [12/Mar/2012:18:26:16 +0100] "GET /fiok/program_reszek/images/index_14_14.JPG HTTP/1.1" 200 9305 "http://www.beklen.hu/fiok/program_reszek/taborok.htm" "Mozilla/5.0 (compatible; Googlebot/2.1; +http://www.google.com/bot.html)"
66.249.72.72 - - [12/Mar/2012:18:26:17 +0100] "GET /fiok/program_reszek/programok/24.jpg HTTP/1.1" 200 76426 "http://www.beklen.hu/fiok/program_reszek/taborok.htm" "Mozilla/5.0 (compatible; Googlebot/2.1; +http://www.google.com/bot.html)"
66.249.72.72 - - [12/Mar/2012:18:26:20 +0100] "GET /fiok/program_reszek/programok/25.jpg HTTP/1.1" 200 159458 "http://www.beklen.hu/fiok/program_reszek/taborok.htm" "Mozilla/5.0 (compatible; Googlebot/2.1; +http://www.google.com/bot.html)"
66.249.66.212 - - [12/Mar/2012:18:26:20 +0100] "GET /fiok/program_reszek/programok/05.jpg HTTP/1.1" 200 206789 "http://www.beklen.hu/fiok/program_reszek/taborok.htm" "Mozilla/5.0 (compatible; Googlebot/2.1; +http://www.google.com/bot.html)"
66.249.66.212 - - [12/Mar/2012:18:26:22 +0100] "GET /fiok/program_reszek/programok/08.jpg HTTP/1.1" 200 103988 "http://www.beklen.hu/fiok/program_reszek/taborok.htm" "Mozilla/5.0 (compatible; Googlebot/2.1; +http://www.google.com/bot.html)"
66.249.72.72 - - [12/Mar/2012:18:26:23 +0100] "GET /fiok/program_reszek/programok/06.jpg HTTP/1.1" 200 134948 "http://www.beklen.hu/fiok/program_reszek/taborok.htm" "Mozilla/5.0 (compatible; Googlebot/2.1; +http://www.google.com/bot.html)"
66.249.72.72 - - [12/Mar/2012:18:26:26 +0100] "GET /fiok/program_reszek/programok/07.jpg HTTP/1.1" 200 262705 "http://www.beklen.hu/fiok/program_reszek/taborok.htm" "Mozilla/5.0 (compatible; Googlebot/2.1; +http://www.google.com/bot.html)"
66.249.66.212 - - [12/Mar/2012:18:26:26 +0100] "GET /fiok/program_reszek/images/index_22.gif HTTP/1.1" 200 227 "http://www.beklen.hu/fiok/program_reszek/taborok.htm" "Mozilla/5.0 (compatible; Googlebot/2.1; +http://www.google.com/bot.html)"
66.249.72.72 - - [12/Mar/2012:18:26:27 +0100] "GET /fiok/program_reszek/images/index_27_27.jpg HTTP/1.1" 200 12876 "http://www.beklen.hu/fiok/program_reszek/taborok.htm" "Mozilla/5.0 (compatible; Googlebot/2.1; +http://www.google.com/bot.html)"
66.249.72.72 - - [12/Mar/2012:18:26:28 +0100] "GET /fiok/program_reszek/images/index_25.gif HTTP/1.1" 200 708 "http://www.beklen.hu/fiok/program_reszek/taborok.htm" "Mozilla/5.0 (compatible; Googlebot/2.1; +http://www.google.com/bot.html)"
66.249.66.212 - - [12/Mar/2012:18:26:29 +0100] "GET /fiok/program_reszek/images/index_24.gif HTTP/1.1" 200 227 "http://www.beklen.hu/fiok/program_reszek/taborok.htm" "Mozilla/5.0 (compatible; Googlebot/2.1; +http://www.google.com/bot.html)"
66.249.66.212 - - [12/Mar/2012:18:26:30 +0100] "GET /fiok/program_reszek/images/index_26.gif HTTP/1.1" 200 121 "http://www.beklen.hu/fiok/program_reszek/taborok.htm" "Mozilla/5.0 (compatible; Googlebot/2.1; +http://www.google.com/bot.html)"
66.249.66.212 - - [12/Mar/2012:18:26:31 +0100] "GET /fiok/program_reszek/images/index_18_18.JPG HTTP/1.1" 200 15778 "http://www.beklen.hu/fiok/program_reszek/taborok.htm" "Mozilla/5.0 (compatible; Googlebot/2.1; +http://www.google.com/bot.html)"
208.115.113.84 - - [12/Mar/2012:18:48:15 +0100] "GET /english/contact.htm HTTP/1.1" 200 4601 "-" "Mozilla/5.0 (compatible; Ezooms/1.0; ezooms.bot@gmail.com)"
217.249.141.169 - - [12/Mar/2012:18:52:05 +0100] "GET /magunkrol.htm HTTP/1.1" 200 9202 "-" "findlinks/2.0.2 (+http://wortschatz.uni-leipzig.de/findlinks/)"
178.48.92.121 - - [12/Mar/2012:18:53:57 +0100] "GET /lb/images/closelabel.gif HTTP/1.1" 200 222 "http://rulettmania.hu/sportfogadas/" "Mozilla/5.0 (Windows NT 5.1; rv:10.0.2) Gecko/20100101 Firefox/10.0.2"
178.48.92.121 - - [12/Mar/2012:18:53:57 +0100] "GET /lb/images/loading.gif HTTP/1.1" 200 2767 "http://rulettmania.hu/sportfogadas/" "Mozilla/5.0 (Windows NT 5.1; rv:10.0.2) Gecko/20100101 Firefox/10.0.2"
130.83.167.153 - - [12/Mar/2012:20:10:13 +0100] "GET /fiok/gazdasag.htm HTTP/1.1" 200 22480 "-" "findlinks/2.1.5 (+http://wortschatz.uni-leipzig.de/findlinks/)"
193.47.80.41 - - [12/Mar/2012:20:31:29 +0100] "GET /robots.txt HTTP/1.1" 404 1181 "-" "Mozilla/5.0 (compatible; Exabot/3.0; +http://www.exabot.com/go/robot)"
193.47.80.41 - - [12/Mar/2012:20:31:29 +0100] "GET /hirek/hirek090619.htm HTTP/1.1" 304 - "-" "Mozilla/5.0 (compatible; Exabot/3.0; +http://www.exabot.com/go/robot)"
193.47.80.41 - - [12/Mar/2012:20:31:32 +0100] "GET /hirek/hirek090605.htm HTTP/1.1" 304 - "-" "Mozilla/5.0 (compatible; Exabot/3.0; +http://www.exabot.com/go/robot)"
83.233.186.30 - - [12/Mar/2012:21:30:18 +0100] "GET / HTTP/1.1" 200 23794 "-" "Mozilla/4.0 (CMS Crawler: http://www.cmscrawler.com)"
207.46.199.247 - - [12/Mar/2012:21:55:31 +0100] "GET /robots.txt HTTP/1.1" 404 1181 "-" "msnbot-media/1.1 (+http://search.msn.com/msnbot.htm)"
207.46.199.247 - - [12/Mar/2012:21:55:32 +0100] "GET /a1_projekt_tabla_infra_cs3_beklenhaz.jpg HTTP/1.1" 200 73344 "-" "msnbot-media/1.1 (+http://search.msn.com/msnbot.htm)"
207.46.199.247 - - [12/Mar/2012:21:55:32 +0100] "GET / HTTP/1.1" 200 23794 "-" "msnbot-media/1.1 (+http://search.msn.com/msnbot.htm)"
66.249.66.212 - - [12/Mar/2012:23:03:32 +0100] "GET /jog/eseteink/poroszlo/keresetlevel_javitott_poroszlo.pdf HTTP/1.1" 200 173206 "-" "Mozilla/5.0 (compatible; Googlebot/2.1; +http://www.google.com/bot.html)"
89.182.23.119 - - [13/Mar/2012:00:43:15 +0100] "GET /hirek/hirek090428.htm HTTP/1.1" 200 24808 "-" "findlinks/2.0.2 (+http://wortschatz.uni-leipzig.de/findlinks/)"
95.108.248.30 - - [13/Mar/2012:00:51:51 +0100] "GET /hirek/hirek090619.htm HTTP/1.1" 200 7871 "-" "Mozilla/5.0 (compatible; YandexBot/3.0; +http://yandex.com/bots)"
207.46.194.89 - - [13/Mar/2012:01:13:11 +0100] "GET /robots.txt HTTP/1.1" 404 1181 "-" "msnbot-media/1.1 (+http://search.msn.com/msnbot.htm)"
207.46.194.89 - - [13/Mar/2012:01:13:11 +0100] "GET /a1_projekt_tabla_infra_cs3_beklenhaz_.jpg HTTP/1.1" 200 8994 "-" "msnbot-media/1.1 (+http://search.msn.com/msnbot.htm)"
207.46.194.89 - - [13/Mar/2012:01:13:11 +0100] "GET / HTTP/1.1" 200 23794 "-" "msnbot-media/1.1 (+http://search.msn.com/msnbot.htm)"
207.189.121.44 - - [13/Mar/2012:01:29:25 +0100] "GET /lb/images/loading.gif HTTP/1.1" 200 2767 "-" "Mozilla/5.0 (Windows; U; Windows NT 5.1; en-US; rv:1.9.2.8) Gecko/20100721 Firefox/3.6.8"
207.189.121.44 - - [13/Mar/2012:01:29:42 +0100] "GET / HTTP/1.1" 200 23794 "http://www.beklen.hu/lb/images/loading.gif" "Mozilla/5.0 (Windows; U; Windows NT 5.1; en-US; rv:1.9.2.8) Gecko/20100721 Firefox/3.6.8"
207.189.121.44 - - [13/Mar/2012:01:30:22 +0100] "GET /fiok/index.html HTTP/1.1" 200 20554 "http://www.beklen.hu" "Mozilla/5.0 (Windows; U; Windows NT 5.1; en-US; rv:1.9.2.8) Gecko/20100721 Firefox/3.6.8"
207.189.121.44 - - [13/Mar/2012:01:30:44 +0100] "GET /hirek/hirek091221.htm HTTP/1.1" 200 6740 "http://www.beklen.hu" "Mozilla/5.0 (Windows; U; Windows NT 5.1; en-US; rv:1.9.2.8) Gecko/20100721 Firefox/3.6.8"
207.189.121.44 - - [13/Mar/2012:01:31:06 +0100] "GET /hirek/hirek100804.htm HTTP/1.1" 200 8056 "http://www.beklen.hu" "Mozilla/5.0 (Windows; U; Windows NT 5.1; en-US; rv:1.9.2.8) Gecko/20100721 Firefox/3.6.8"
207.189.121.44 - - [13/Mar/2012:01:31:39 +0100] "GET /hirek/hirek100804.htm HTTP/1.1" 200 8056 "http://www.beklen.hu" "Mozilla/5.0 (Windows; U; Windows NT 5.1; en-US; rv:1.9.2.8) Gecko/20100721 Firefox/3.6.8"
207.189.121.44 - - [13/Mar/2012:01:31:51 +0100] "GET /hirek/hirek101213.htm HTTP/1.1" 200 8671 "http://www.beklen.hu" "Mozilla/5.0 (Windows; U; Windows NT 5.1; en-US; rv:1.9.2.8) Gecko/20100721 Firefox/3.6.8"
208.115.111.68 - - [13/Mar/2012:01:58:03 +0100] "GET /robots.txt HTTP/1.1" 404 1181 "-" "Mozilla/5.0 (compatible; Ezooms/1.0; ezooms.bot@gmail.com)"
139.18.2.209 - - [13/Mar/2012:02:24:28 +0100] "GET /hirek/fiok/index.html HTTP/1.1" 404 1181 "-" "findlinks/2.0.1 (+http://wortschatz.uni-leipzig.de/findlinks/)"
95.108.248.30 - - [13/Mar/2012:02:35:33 +0100] "GET /kapcsolat.htm HTTP/1.1" 200 6889 "-" "Mozilla/5.0 (compatible; YandexBot/3.0; +http://yandex.com/bots)"
95.108.248.30 - - [13/Mar/2012:02:35:36 +0100] "GET /nca.htm HTTP/1.1" 304 - "-" "Mozilla/5.0 (compatible; YandexBot/3.0; +http://yandex.com/bots)"
208.115.111.68 - - [13/Mar/2012:03:13:50 +0100] "GET /hirek/hirek091015.htm HTTP/1.1" 200 7046 "-" "Mozilla/5.0 (compatible; Ezooms/1.0; ezooms.bot@gmail.com)"
208.115.111.68 - - [13/Mar/2012:03:14:00 +0100] "GET /hirek/hirek101213.htm HTTP/1.1" 200 8671 "-" "Mozilla/5.0 (compatible; Ezooms/1.0; ezooms.bot@gmail.com)"
207.46.13.101 - - [13/Mar/2012:04:40:50 +0100] "GET /robots.txt HTTP/1.1" 404 1181 "-" "Mozilla/5.0 (compatible; bingbot/2.0; +http://www.bing.com/bingbot.htm)"
207.46.13.101 - - [13/Mar/2012:04:53:00 +0100] "GET /deutsch/index.htm HTTP/1.1" 304 - "-" "Mozilla/5.0 (compatible; bingbot/2.0; +http://www.bing.com/bingbot.htm)"
95.108.248.30 - - [13/Mar/2012:06:53:51 +0100] "GET /hirek/hirek091102.htm HTTP/1.1" 304 - "-" "Mozilla/5.0 (compatible; YandexBot/3.0; +http://yandex.com/bots)"
77.21.147.173 - - [13/Mar/2012:08:02:03 +0100] "GET /hirek/hirek090605.htm HTTP/1.1" 200 7994 "-" "findlinks/2.0.2 (+http://wortschatz.uni-leipzig.de/findlinks/)"
208.115.113.84 - - [13/Mar/2012:08:36:40 +0100] "GET /robots.txt HTTP/1.1" 404 1181 "-" "Mozilla/5.0 (compatible; Ezooms/1.0; ezooms.bot@gmail.com)"
139.18.2.17 - - [13/Mar/2012:08:40:45 +0100] "GET /deutsch/index.htm HTTP/1.1" 200 5324 "-" "findlinks/2.1.5 (+http://wortschatz.uni-leipzig.de/findlinks/)"
95.108.248.30 - - [13/Mar/2012:09:04:38 +0100] "GET /hirek/hirek090428.htm HTTP/1.1" 304 - "-" "Mozilla/5.0 (compatible; YandexBot/3.0; +http://yandex.com/bots)"
208.115.111.68 - - [13/Mar/2012:09:23:42 +0100] "GET /robots.txt HTTP/1.1" 404 1181 "-" "Mozilla/5.0 (compatible; Ezooms/1.0; ezooms.bot@gmail.com)"
208.115.113.84 - - [13/Mar/2012:09:50:38 +0100] "GET /english/index.htm HTTP/1.1" 200 5262 "-" "Mozilla/5.0 (compatible; Ezooms/1.0; ezooms.bot@gmail.com)"
208.115.113.84 - - [13/Mar/2012:09:50:54 +0100] "GET /hirek/hirek100804.htm HTTP/1.1" 200 8056 "-" "Mozilla/5.0 (compatible; Ezooms/1.0; ezooms.bot@gmail.com)"
66.249.72.72 - - [13/Mar/2012:09:53:14 +0100] "GET /robots.txt HTTP/1.1" 404 1181 "-" "Mozilla/5.0 (compatible; Googlebot/2.1; +http://www.google.com/bot.html)"
66.249.66.212 - - [13/Mar/2012:09:53:14 +0100] "GET /hirek/hirek120207.htm HTTP/1.1" 304 - "-" "Mozilla/5.0 (compatible; Googlebot/2.1; +http://www.google.com/bot.html)"
213.186.127.13 - - [13/Mar/2012:10:37:11 +0100] "GET /fiok/program_reszek/turazas.htm HTTP/1.1" 200 22754 "-" "Mozilla/5.0 (compatible; AhrefsBot/2.0; +http://ahrefs.com/robot/)"
208.115.111.68 - - [13/Mar/2012:10:40:08 +0100] "GET /hirek/hirek090605.htm HTTP/1.1" 200 7994 "-" "Mozilla/5.0 (compatible; Ezooms/1.0; ezooms.bot@gmail.com)"
208.115.111.68 - - [13/Mar/2012:10:40:19 +0100] "GET /programok.htm HTTP/1.1" 200 6416 "-" "Mozilla/5.0 (compatible; Ezooms/1.0; ezooms.bot@gmail.com)"
81.182.52.130 - - [13/Mar/2012:10:43:27 +0100] "GET /robots.txt HTTP/1.0" 404 1181 "-" "Mozilla/5.0 (compatible; MJ12bot/v1.4.2; http://www.majestic12.co.uk/bot.php?+)"
81.182.52.130 - - [13/Mar/2012:10:43:29 +0100] "GET / HTTP/1.0" 200 23794 "-" "Mozilla/5.0 (compatible; MJ12bot/v1.4.2; http://www.majestic12.co.uk/bot.php?+)"
95.108.248.30 - - [13/Mar/2012:11:53:49 +0100] "GET /nka.htm HTTP/1.1" 304 - "-" "Mozilla/5.0 (compatible; YandexBot/3.0; +http://yandex.com/bots)"
95.108.248.30 - - [13/Mar/2012:11:59:07 +0100] "GET /khb/beklen_2005_kh_jelentes.pdf HTTP/1.1" 304 - "-" "Mozilla/5.0 (compatible; YandexBot/3.0; +http://yandex.com/bots)"
141.105.120.151 - - [13/Mar/2012:13:19:37 +0100] "GET /robots.txt HTTP/1.0" 404 1181 "-" "Mozilla/5.0 (compatible; OpenindexDeepSpider/Nutch-1.5-dev; +http://www.openindex.io/en/webmasters/spider.html)"
141.105.120.151 - - [13/Mar/2012:13:19:38 +0100] "GET /jog/jogszabalyok/4_2010kje.pdf HTTP/1.0" 404 1181 "-" "Mozilla/5.0 (compatible; OpenindexDeepSpider/Nutch-1.5-dev; +http://www.openindex.io/en/webmasters/spider.html)"
213.186.127.13 - - [13/Mar/2012:13:26:51 +0100] "GET /robots.txt HTTP/1.1" 404 1181 "-" "Mozilla/5.0 (compatible; AhrefsBot/2.0; +http://ahrefs.com/robot/)"
66.249.66.212 - - [13/Mar/2012:13:28:21 +0100] "GET /hirek/klimatv_civilcikk.doc HTTP/1.1" 200 78336 "-" "Mozilla/5.0 (iPhone; U; CPU iPhone OS 4_1 like Mac OS X; en-us) AppleWebKit/532.9 (KHTML, like Gecko) Version/4.0.5 Mobile/8B117 Safari/6531.22.7 (compatible; Googlebot-Mobile/2.1; +http://www.google.com/bot.html)"
141.105.120.151 - - [13/Mar/2012:14:04:10 +0100] "GET /jog/pub/rally_kiadvany_mtvsz.pdf HTTP/1.0" 200 630857 "-" "Mozilla/5.0 (compatible; OpenindexDeepSpider/Nutch-1.5-dev; +http://www.openindex.io/en/webmasters/spider.html)"
84.0.233.253 - - [13/Mar/2012:14:08:09 +0100] "GET /lb/images/loading.gif HTTP/1.1" 304 - "-" "Mozilla/4.0 (compatible; MSIE 7.0; Windows NT 5.1; Trident/4.0; .NET CLR 1.1.4322; .NET CLR 2.0.50727; InfoPath.2)"
84.0.233.253 - - [13/Mar/2012:14:08:09 +0100] "GET /lb/images/closelabel.gif HTTP/1.1" 304 - "-" "Mozilla/4.0 (compatible; MSIE 7.0; Windows NT 5.1; Trident/4.0; .NET CLR 1.1.4322; .NET CLR 2.0.50727; InfoPath.2)"
84.0.233.253 - - [13/Mar/2012:14:08:09 +0100] "GET /lb/images/blank.gif HTTP/1.1" 304 - "-" "Mozilla/4.0 (compatible; MSIE 7.0; Windows NT 5.1; Trident/4.0; .NET CLR 1.1.4322; .NET CLR 2.0.50727; InfoPath.2)"
208.115.111.68 - - [13/Mar/2012:14:08:11 +0100] "GET /robots.txt HTTP/1.1" 404 1181 "-" "Mozilla/5.0 (compatible; Ezooms/1.0; ezooms.bot@gmail.com)"
84.0.233.253 - - [13/Mar/2012:14:08:42 +0100] "GET /lb/images/loading.gif HTTP/1.1" 304 - "-" "Mozilla/4.0 (compatible; MSIE 7.0; Windows NT 5.1; Trident/4.0; .NET CLR 1.1.4322; .NET CLR 2.0.50727; InfoPath.2)"
84.0.233.253 - - [13/Mar/2012:14:08:42 +0100] "GET /lb/images/closelabel.gif HTTP/1.1" 304 - "-" "Mozilla/4.0 (compatible; MSIE 7.0; Windows NT 5.1; Trident/4.0; .NET CLR 1.1.4322; .NET CLR 2.0.50727; InfoPath.2)"
193.47.80.41 - - [13/Mar/2012:14:16:45 +0100] "GET /kapcsolat.htm HTTP/1.1" 304 - "-" "Mozilla/5.0 (compatible; Exabot/3.0; +http://www.exabot.com/go/robot)"
