89.134.100.36 - - [21/Jun/2012:14:04:08 +0200] "GET /hirek08_10.htm HTTP/1.1" 200 6946 "-" "Java/1.6.0_04"
89.134.100.36 - - [21/Jun/2012:14:04:08 +0200] "GET /hirek08_11.htm HTTP/1.1" 200 7253 "-" "Java/1.6.0_04"
89.134.100.36 - - [21/Jun/2012:14:04:08 +0200] "GET /hirek08_12.htm HTTP/1.1" 200 8268 "-" "Java/1.6.0_04"
89.134.100.36 - - [21/Jun/2012:14:04:08 +0200] "GET /hirek09_01.htm HTTP/1.1" 200 6841 "-" "Java/1.6.0_04"
89.134.100.36 - - [21/Jun/2012:14:04:08 +0200] "GET /hirek09_02.htm HTTP/1.1" 200 7450 "-" "Java/1.6.0_04"
89.134.100.36 - - [21/Jun/2012:14:04:08 +0200] "GET /hirek09_03.htm HTTP/1.1" 200 10726 "-" "Java/1.6.0_04"
89.134.100.36 - - [21/Jun/2012:14:04:08 +0200] "GET /&url=kapcsolat.htm HTTP/1.1" 404 1181 "-" "Java/1.6.0_04"
208.115.113.84 - - [21/Jun/2012:15:23:54 +0200] "GET /jog/publikaciok.htm HTTP/1.1" 200 17866 "-" "Mozilla/5.0 (compatible; Ezooms/1.0; ezooms.bot@gmail.com)"
193.67.24.103 - - [21/Jun/2012:15:41:09 +0200] "GET /fiok/ HTTP/1.1" 200 20554 "http://humusz.hu/linkek" "Mozilla/5.0 (Windows NT 5.1; rv:10.0.2) Gecko/20100101 Firefox/10.0.2"
193.67.24.103 - - [21/Jun/2012:15:41:09 +0200] "GET /fiok/css/lightbox.css HTTP/1.1" 200 1715 "http://www.beklen.hu/fiok/" "Mozilla/5.0 (Windows NT 5.1; rv:10.0.2) Gecko/20100101 Firefox/10.0.2"
193.67.24.103 - - [21/Jun/2012:15:41:09 +0200] "GET /fiok/images/index_11.gif HTTP/1.1" 200 74 "http://www.beklen.hu/fiok/" "Mozilla/5.0 (Windows NT 5.1; rv:10.0.2) Gecko/20100101 Firefox/10.0.2"
193.67.24.103 - - [21/Jun/2012:15:41:09 +0200] "GET /fiok/images/index_02_02.JPG HTTP/1.1" 200 1178 "http://www.beklen.hu/fiok/" "Mozilla/5.0 (Windows NT 5.1; rv:10.0.2) Gecko/20100101 Firefox/10.0.2"
193.67.24.103 - - [21/Jun/2012:15:41:10 +0200] "GET /fiok/css/js/scriptaculous.js?load=effects HTTP/1.1" 200 2152 "http://www.beklen.hu/fiok/" "Mozilla/5.0 (Windows NT 5.1; rv:10.0.2) Gecko/20100101 Firefox/10.0.2"
193.67.24.103 - - [21/Jun/2012:15:41:10 +0200] "GET /fiok/images/index_12_12.JPG HTTP/1.1" 200 985 "http://www.beklen.hu/fiok/" "Mozilla/5.0 (Windows NT 5.1; rv:10.0.2) Gecko/20100101 Firefox/10.0.2"
193.67.24.103 - - [21/Jun/2012:15:41:10 +0200] "GET /fiok/images/index_13.gif HTTP/1.1" 200 149 "http://www.beklen.hu/fiok/" "Mozilla/5.0 (Windows NT 5.1; rv:10.0.2) Gecko/20100101 Firefox/10.0.2"
193.67.24.103 - - [21/Jun/2012:15:41:10 +0200] "GET /fiok/css/js/lightbox.js HTTP/1.1" 200 23424 "http://www.beklen.hu/fiok/" "Mozilla/5.0 (Windows NT 5.1; rv:10.0.2) Gecko/20100101 Firefox/10.0.2"
193.67.24.103 - - [21/Jun/2012:15:41:10 +0200] "GET /fiok/css/js/prototype.js HTTP/1.1" 200 47603 "http://www.beklen.hu/fiok/" "Mozilla/5.0 (Windows NT 5.1; rv:10.0.2) Gecko/20100101 Firefox/10.0.2"
193.67.24.103 - - [21/Jun/2012:15:41:10 +0200] "GET /fiok/images/index_14_14.JPG HTTP/1.1" 200 9305 "http://www.beklen.hu/fiok/" "Mozilla/5.0 (Windows NT 5.1; rv:10.0.2) Gecko/20100101 Firefox/10.0.2"
193.67.24.103 - - [21/Jun/2012:15:41:10 +0200] "GET /fiok/images/index_16_16.JPG HTTP/1.1" 200 13468 "http://www.beklen.hu/fiok/" "Mozilla/5.0 (Windows NT 5.1; rv:10.0.2) Gecko/20100101 Firefox/10.0.2"
193.67.24.103 - - [21/Jun/2012:15:41:10 +0200] "GET /fiok/images/index_17_17.jpg HTTP/1.1" 200 2374 "http://www.beklen.hu/fiok/" "Mozilla/5.0 (Windows NT 5.1; rv:10.0.2) Gecko/20100101 Firefox/10.0.2"
193.67.24.103 - - [21/Jun/2012:15:41:10 +0200] "GET /fiok/images/index_15_15.JPG HTTP/1.1" 200 20275 "http://www.beklen.hu/fiok/" "Mozilla/5.0 (Windows NT 5.1; rv:10.0.2) Gecko/20100101 Firefox/10.0.2"
193.67.24.103 - - [21/Jun/2012:15:41:10 +0200] "GET /fiok/images/index_19_19.JPG HTTP/1.1" 200 3123 "http://www.beklen.hu/fiok/" "Mozilla/5.0 (Windows NT 5.1; rv:10.0.2) Gecko/20100101 Firefox/10.0.2"
193.67.24.103 - - [21/Jun/2012:15:41:10 +0200] "GET /fiok/images/index_18_18.JPG HTTP/1.1" 200 15778 "http://www.beklen.hu/fiok/" "Mozilla/5.0 (Windows NT 5.1; rv:10.0.2) Gecko/20100101 Firefox/10.0.2"
193.67.24.103 - - [21/Jun/2012:15:41:10 +0200] "GET /fiok/images/szovegkep.JPG HTTP/1.1" 200 12792 "http://www.beklen.hu/fiok/" "Mozilla/5.0 (Windows NT 5.1; rv:10.0.2) Gecko/20100101 Firefox/10.0.2"
193.67.24.103 - - [21/Jun/2012:15:41:10 +0200] "GET /fiok/images/index_21_21.JPG HTTP/1.1" 404 1181 "http://www.beklen.hu/fiok/" "Mozilla/5.0 (Windows NT 5.1; rv:10.0.2) Gecko/20100101 Firefox/10.0.2"
193.67.24.103 - - [21/Jun/2012:15:41:11 +0200] "GET /fiok/images/index_26.gif HTTP/1.1" 200 121 "http://www.beklen.hu/fiok/" "Mozilla/5.0 (Windows NT 5.1; rv:10.0.2) Gecko/20100101 Firefox/10.0.2"
193.67.24.103 - - [21/Jun/2012:15:41:11 +0200] "GET /fiok/images/index_25_25.jpg HTTP/1.1" 200 4960 "http://www.beklen.hu/fiok/" "Mozilla/5.0 (Windows NT 5.1; rv:10.0.2) Gecko/20100101 Firefox/10.0.2"
193.67.24.103 - - [21/Jun/2012:15:41:11 +0200] "GET /fiok/images/index_27_27.jpg HTTP/1.1" 200 12876 "http://www.beklen.hu/fiok/" "Mozilla/5.0 (Windows NT 5.1; rv:10.0.2) Gecko/20100101 Firefox/10.0.2"
193.67.24.103 - - [21/Jun/2012:15:41:11 +0200] "GET /fiok/images/a4a.jpg HTTP/1.1" 200 524 "http://www.beklen.hu/fiok/" "Mozilla/5.0 (Windows NT 5.1; rv:10.0.2) Gecko/20100101 Firefox/10.0.2"
193.67.24.103 - - [21/Jun/2012:15:41:11 +0200] "GET /fiok/images/spacer.gif HTTP/1.1" 200 43 "http://www.beklen.hu/fiok/" "Mozilla/5.0 (Windows NT 5.1; rv:10.0.2) Gecko/20100101 Firefox/10.0.2"
193.67.24.103 - - [21/Jun/2012:15:41:11 +0200] "GET /fiok/images/b4b.jpg HTTP/1.1" 200 524 "http://www.beklen.hu/fiok/" "Mozilla/5.0 (Windows NT 5.1; rv:10.0.2) Gecko/20100101 Firefox/10.0.2"
193.67.24.103 - - [21/Jun/2012:15:41:11 +0200] "GET /fiok/images/c4c.jpg HTTP/1.1" 200 524 "http://www.beklen.hu/fiok/" "Mozilla/5.0 (Windows NT 5.1; rv:10.0.2) Gecko/20100101 Firefox/10.0.2"
193.67.24.103 - - [21/Jun/2012:15:41:11 +0200] "GET /fiok/images/d4d.jpg HTTP/1.1" 200 524 "http://www.beklen.hu/fiok/" "Mozilla/5.0 (Windows NT 5.1; rv:10.0.2) Gecko/20100101 Firefox/10.0.2"
193.67.24.103 - - [21/Jun/2012:15:41:11 +0200] "GET /fiok/images/e4e.jpg HTTP/1.1" 200 524 "http://www.beklen.hu/fiok/" "Mozilla/5.0 (Windows NT 5.1; rv:10.0.2) Gecko/20100101 Firefox/10.0.2"
193.67.24.103 - - [21/Jun/2012:15:41:11 +0200] "GET /fiok/css/js/effects.js HTTP/1.1" 200 31969 "http://www.beklen.hu/fiok/" "Mozilla/5.0 (Windows NT 5.1; rv:10.0.2) Gecko/20100101 Firefox/10.0.2"
193.67.24.103 - - [21/Jun/2012:15:41:12 +0200] "GET /fiok/images/b12.jpg HTTP/1.1" 200 544 "http://www.beklen.hu/fiok/" "Mozilla/5.0 (Windows NT 5.1; rv:10.0.2) Gecko/20100101 Firefox/10.0.2"
193.67.24.103 - - [21/Jun/2012:15:41:12 +0200] "GET /fiok/images/index_21_21.JPG HTTP/1.1" 404 1181 "http://www.beklen.hu/fiok/" "Mozilla/5.0 (Windows NT 5.1; rv:10.0.2) Gecko/20100101 Firefox/10.0.2"
193.67.24.103 - - [21/Jun/2012:15:41:12 +0200] "GET /fiok/images/index_22.gif HTTP/1.1" 200 227 "http://www.beklen.hu/fiok/" "Mozilla/5.0 (Windows NT 5.1; rv:10.0.2) Gecko/20100101 Firefox/10.0.2"
193.67.24.103 - - [21/Jun/2012:15:41:12 +0200] "GET /fiok/images/index_28.gif HTTP/1.1" 200 262 "http://www.beklen.hu/fiok/" "Mozilla/5.0 (Windows NT 5.1; rv:10.0.2) Gecko/20100101 Firefox/10.0.2"
193.67.24.103 - - [21/Jun/2012:15:41:12 +0200] "GET /fiok/images/index_24.gif HTTP/1.1" 200 227 "http://www.beklen.hu/fiok/" "Mozilla/5.0 (Windows NT 5.1; rv:10.0.2) Gecko/20100101 Firefox/10.0.2"
193.67.24.103 - - [21/Jun/2012:15:41:13 +0200] "GET /favicon.ico HTTP/1.1" 404 1181 "-" "Mozilla/5.0 (Windows NT 5.1; rv:10.0.2) Gecko/20100101 Firefox/10.0.2"
193.67.24.103 - - [21/Jun/2012:15:41:13 +0200] "GET /lb/images/loading.gif HTTP/1.1" 200 2767 "http://www.beklen.hu/fiok/" "Mozilla/5.0 (Windows NT 5.1; rv:10.0.2) Gecko/20100101 Firefox/10.0.2"
193.67.24.103 - - [21/Jun/2012:15:41:13 +0200] "GET /lb/images/closelabel.gif HTTP/1.1" 200 222 "http://www.beklen.hu/fiok/" "Mozilla/5.0 (Windows NT 5.1; rv:10.0.2) Gecko/20100101 Firefox/10.0.2"
193.67.24.103 - - [21/Jun/2012:15:41:13 +0200] "GET /favicon.ico HTTP/1.1" 404 1181 "-" "Mozilla/5.0 (Windows NT 5.1; rv:10.0.2) Gecko/20100101 Firefox/10.0.2"
208.115.113.84 - - [21/Jun/2012:17:16:25 +0200] "GET /robots.txt HTTP/1.1" 404 1181 "-" "Mozilla/5.0 (compatible; Ezooms/1.0; ezooms.bot@gmail.com)"
66.249.72.2 - - [21/Jun/2012:18:49:05 +0200] "GET /jog/jogszabalyok/2011_clxxv.pdf HTTP/1.1" 200 361132 "-" "Mozilla/5.0 (compatible; Googlebot/2.1; +http://www.google.com/bot.html)"
208.115.113.84 - - [21/Jun/2012:18:52:06 +0200] "GET /jog/publikaciok.htm HTTP/1.1" 200 17866 "-" "Mozilla/5.0 (compatible; Ezooms/1.0; ezooms.bot@gmail.com)"
66.249.72.2 - - [21/Jun/2012:19:08:25 +0200] "GET /jog/pub/fuzet_beliv_jav2.pdf HTTP/1.1" 200 775632 "-" "Mozilla/5.0 (compatible; Googlebot/2.1; +http://www.google.com/bot.html)"
139.18.2.209 - - [21/Jun/2012:20:32:58 +0200] "GET /programok.htm HTTP/1.1" 200 6444 "-" "findlinks/2.6 (+http://wortschatz.uni-leipzig.de/findlinks/)"
89.134.100.36 - - [21/Jun/2012:20:36:28 +0200] "GET / HTTP/1.1" 200 23794 "-" "Java/1.6.0_31"
89.134.100.36 - - [21/Jun/2012:20:36:29 +0200] "GET /hirarchivum.htm HTTP/1.1" 200 24981 "-" "Java/1.6.0_31"
89.134.100.36 - - [21/Jun/2012:20:36:29 +0200] "GET /index.htm HTTP/1.1" 200 23794 "-" "Java/1.6.0_31"
89.134.100.36 - - [21/Jun/2012:20:36:29 +0200] "GET /kapcsolat.htm HTTP/1.1" 200 6889 "-" "Java/1.6.0_31"
89.134.100.36 - - [21/Jun/2012:20:36:29 +0200] "GET /magunkrol.htm HTTP/1.1" 200 9202 "-" "Java/1.6.0_31"
89.134.100.36 - - [21/Jun/2012:20:36:30 +0200] "GET /media.htm HTTP/1.1" 200 5208 "-" "Java/1.6.0_31"
89.134.100.36 - - [21/Jun/2012:20:36:30 +0200] "GET /programok.htm HTTP/1.1" 200 6444 "-" "Java/1.6.0_31"
89.134.100.36 - - [21/Jun/2012:20:36:30 +0200] "GET /vill.cs HTTP/1.1" 200 2676 "-" "Java/1.6.0_31"
89.134.100.36 - - [21/Jun/2012:20:36:30 +0200] "GET /hirek08_10.htm HTTP/1.1" 200 6946 "-" "Java/1.6.0_31"
89.134.100.36 - - [21/Jun/2012:20:36:30 +0200] "GET /hirek08_11.htm HTTP/1.1" 200 7253 "-" "Java/1.6.0_31"
89.134.100.36 - - [21/Jun/2012:20:36:31 +0200] "GET /hirek08_12.htm HTTP/1.1" 200 8268 "-" "Java/1.6.0_31"
89.134.100.36 - - [21/Jun/2012:20:36:31 +0200] "GET /hirek09_01.htm HTTP/1.1" 200 6841 "-" "Java/1.6.0_31"
89.134.100.36 - - [21/Jun/2012:20:36:31 +0200] "GET /hirek09_02.htm HTTP/1.1" 200 7450 "-" "Java/1.6.0_31"
89.134.100.36 - - [21/Jun/2012:20:36:32 +0200] "GET /hirek09_03.htm HTTP/1.1" 200 10726 "-" "Java/1.6.0_31"
89.134.100.36 - - [21/Jun/2012:20:36:32 +0200] "GET /&url=kapcsolat.htm HTTP/1.1" 404 1181 "-" "Java/1.6.0_31"
208.115.113.84 - - [21/Jun/2012:20:42:52 +0200] "GET /robots.txt HTTP/1.1" 404 1181 "-" "Mozilla/5.0 (compatible; Ezooms/1.0; ezooms.bot@gmail.com)"
208.115.113.84 - - [21/Jun/2012:22:17:32 +0200] "GET /jog/publikaciok.htm HTTP/1.1" 200 17866 "-" "Mozilla/5.0 (compatible; Ezooms/1.0; ezooms.bot@gmail.com)"
66.249.68.229 - - [21/Jun/2012:22:19:02 +0200] "GET /robots.txt HTTP/1.1" 404 1181 "-" "Mozilla/5.0 (compatible; Googlebot/2.1; +http://www.google.com/bot.html)"
66.249.68.229 - - [21/Jun/2012:22:19:11 +0200] "GET /jog/eseteink/malom/ilona_bontas.pdf HTTP/1.1" 200 4556816 "-" "Mozilla/5.0 (compatible; Googlebot/2.1; +http://www.google.com/bot.html)"
208.115.113.84 - - [22/Jun/2012:00:09:35 +0200] "GET /robots.txt HTTP/1.1" 404 1181 "-" "Mozilla/5.0 (compatible; Ezooms/1.0; ezooms.bot@gmail.com)"
66.249.73.16 - - [22/Jun/2012:00:34:45 +0200] "GET /robots.txt HTTP/1.1" 404 1181 "-" "Mozilla/5.0 (compatible; Googlebot/2.1; +http://www.google.com/bot.html)"
66.249.73.16 - - [22/Jun/2012:00:34:49 +0200] "GET /jog/eseteink/audi/ferto-hansag_ii.pdf HTTP/1.1" 200 293257 "-" "Mozilla/5.0 (compatible; Googlebot/2.1; +http://www.google.com/bot.html)"
66.249.73.16 - - [22/Jun/2012:00:43:43 +0200] "GET /jog/eseteink/autopalya/m85-itelet.pdf HTTP/1.1" 200 711298 "-" "Mozilla/5.0 (compatible; Googlebot/2.1; +http://www.google.com/bot.html)"
208.115.113.84 - - [22/Jun/2012:00:44:57 +0200] "GET /robots.txt HTTP/1.1" 404 1181 "-" "Mozilla/5.0 (compatible; Ezooms/1.0; ezooms.bot@gmail.com)"
66.249.73.16 - - [22/Jun/2012:00:48:53 +0200] "GET /jog/eseteink/poroszlo/petone%20dr.pdf HTTP/1.1" 200 55023 "-" "Mozilla/5.0 (compatible; Googlebot/2.1; +http://www.google.com/bot.html)"
66.249.73.16 - - [22/Jun/2012:00:48:57 +0200] "GET /jog/eseteink/poroszlo/poroszlo-hnp.pdf HTTP/1.1" 200 112892 "-" "Mozilla/5.0 (compatible; Googlebot/2.1; +http://www.google.com/bot.html)"
208.80.194.59 - - [22/Jun/2012:01:22:35 +0200] "GET /fiok/images/index_21_21.JPG HTTP/1.0" 404 1181 "-" "Mozilla/4.0 (compatible; MSIE 7.0; America Online Browser 1.1; Windows NT 5.1; FunWebProducts; .NET CLR 1.1.4322; ZangoToolbar 4.8.2)"
66.249.73.16 - - [22/Jun/2012:01:35:47 +0200] "GET /jog/eseteink/malom/ugyfel_fellebbez.pdf HTTP/1.1" 200 286280 "-" "Mozilla/5.0 (compatible; Googlebot/2.1; +http://www.google.com/bot.html)"
66.249.73.16 - - [22/Jun/2012:01:45:54 +0200] "GET /jog/eseteink/poroszlo/poroszlo-kozig.pdf HTTP/1.1" 200 139846 "-" "Mozilla/5.0 (compatible; Googlebot/2.1; +http://www.google.com/bot.html)"
208.115.113.84 - - [22/Jun/2012:02:17:15 +0200] "GET /jog/publikaciok.htm HTTP/1.1" 200 17866 "-" "Mozilla/5.0 (compatible; Ezooms/1.0; ezooms.bot@gmail.com)"
208.107.186.77 - - [22/Jun/2012:03:19:45 +0200] "GET /robots.txt HTTP/1.0" 404 1181 "-" "Mozilla/5.0 (compatible; MJ12bot/v1.4.3; http://www.majestic12.co.uk/bot.php?+)"
208.107.186.77 - - [22/Jun/2012:03:19:47 +0200] "GET /deutsch/index.htm HTTP/1.1" 200 5324 "-" "Mozilla/5.0 (compatible; MJ12bot/v1.4.3; http://www.majestic12.co.uk/bot.php?+)"
208.107.186.77 - - [22/Jun/2012:03:19:48 +0200] "GET /english/index.htm HTTP/1.1" 200 5262 "-" "Mozilla/5.0 (compatible; MJ12bot/v1.4.3; http://www.majestic12.co.uk/bot.php?+)"
208.107.186.77 - - [22/Jun/2012:03:19:50 +0200] "GET /fiok/index.html HTTP/1.1" 200 20554 "-" "Mozilla/5.0 (compatible; MJ12bot/v1.4.3; http://www.majestic12.co.uk/bot.php?+)"
208.107.186.77 - - [22/Jun/2012:03:19:54 +0200] "GET /hirarchivum.htm HTTP/1.1" 200 24981 "-" "Mozilla/5.0 (compatible; MJ12bot/v1.4.3; http://www.majestic12.co.uk/bot.php?+)"
208.107.186.77 - - [22/Jun/2012:03:19:56 +0200] "GET /hirek/hirek090301.htm HTTP/1.1" 200 7022 "-" "Mozilla/5.0 (compatible; MJ12bot/v1.4.3; http://www.majestic12.co.uk/bot.php?+)"
208.107.186.77 - - [22/Jun/2012:03:19:58 +0200] "GET /hirek/hirek090302.htm HTTP/1.1" 200 8452 "-" "Mozilla/5.0 (compatible; MJ12bot/v1.4.3; http://www.majestic12.co.uk/bot.php?+)"
208.107.186.77 - - [22/Jun/2012:03:20:00 +0200] "GET /hirek/hirek090303.htm HTTP/1.1" 200 7721 "-" "Mozilla/5.0 (compatible; MJ12bot/v1.4.3; http://www.majestic12.co.uk/bot.php?+)"
208.107.186.77 - - [22/Jun/2012:03:20:02 +0200] "GET /hirek/hirek090428.htm HTTP/1.1" 200 24808 "-" "Mozilla/5.0 (compatible; MJ12bot/v1.4.3; http://www.majestic12.co.uk/bot.php?+)"
208.107.186.77 - - [22/Jun/2012:03:20:04 +0200] "GET /hirek/hirek090509.htm HTTP/1.1" 200 7803 "-" "Mozilla/5.0 (compatible; MJ12bot/v1.4.3; http://www.majestic12.co.uk/bot.php?+)"
208.107.186.77 - - [22/Jun/2012:03:20:08 +0200] "GET /hirek/hirek090510.htm HTTP/1.1" 200 12743 "-" "Mozilla/5.0 (compatible; MJ12bot/v1.4.3; http://www.majestic12.co.uk/bot.php?+)"
208.107.186.77 - - [22/Jun/2012:03:20:10 +0200] "GET /hirek/hirek090602.htm HTTP/1.1" 200 7261 "-" "Mozilla/5.0 (compatible; MJ12bot/v1.4.3; http://www.majestic12.co.uk/bot.php?+)"
208.107.186.77 - - [22/Jun/2012:03:20:11 +0200] "GET /hirek/hirek090605.htm HTTP/1.1" 200 7994 "-" "Mozilla/5.0 (compatible; MJ12bot/v1.4.3; http://www.majestic12.co.uk/bot.php?+)"
208.107.186.77 - - [22/Jun/2012:03:20:13 +0200] "GET /hirek/hirek090619.htm HTTP/1.1" 200 7871 "-" "Mozilla/5.0 (compatible; MJ12bot/v1.4.3; http://www.majestic12.co.uk/bot.php?+)"
208.107.186.77 - - [22/Jun/2012:03:20:15 +0200] "GET /hirek/hirek090930.htm HTTP/1.1" 200 7044 "-" "Mozilla/5.0 (compatible; MJ12bot/v1.4.3; http://www.majestic12.co.uk/bot.php?+)"
208.107.186.77 - - [22/Jun/2012:03:20:17 +0200] "GET /hirek/hirek091015.htm HTTP/1.1" 200 7046 "-" "Mozilla/5.0 (compatible; MJ12bot/v1.4.3; http://www.majestic12.co.uk/bot.php?+)"
208.107.186.77 - - [22/Jun/2012:03:20:19 +0200] "GET /hirek/hirek091102.htm HTTP/1.1" 200 8538 "-" "Mozilla/5.0 (compatible; MJ12bot/v1.4.3; http://www.majestic12.co.uk/bot.php?+)"
208.107.186.77 - - [22/Jun/2012:03:20:21 +0200] "GET /hirek/hirek091103.htm HTTP/1.1" 200 7301 "-" "Mozilla/5.0 (compatible; MJ12bot/v1.4.3; http://www.majestic12.co.uk/bot.php?+)"
208.107.186.77 - - [22/Jun/2012:03:20:23 +0200] "GET /hirek/hirek091221.htm HTTP/1.1" 200 6740 "-" "Mozilla/5.0 (compatible; MJ12bot/v1.4.3; http://www.majestic12.co.uk/bot.php?+)"
208.107.186.77 - - [22/Jun/2012:03:20:25 +0200] "GET /hirek/hirek09_03.htm HTTP/1.1" 200 10810 "-" "Mozilla/5.0 (compatible; MJ12bot/v1.4.3; http://www.majestic12.co.uk/bot.php?+)"
208.107.186.77 - - [22/Jun/2012:03:20:27 +0200] "GET /hirek/hirek100225.htm HTTP/1.1" 200 7288 "-" "Mozilla/5.0 (compatible; MJ12bot/v1.4.3; http://www.majestic12.co.uk/bot.php?+)"
208.107.186.77 - - [22/Jun/2012:03:20:29 +0200] "GET /hirek/hirek100305.htm HTTP/1.1" 200 7091 "-" "Mozilla/5.0 (compatible; MJ12bot/v1.4.3; http://www.majestic12.co.uk/bot.php?+)"
208.107.186.77 - - [22/Jun/2012:03:20:31 +0200] "GET /hirek/hirek100420.htm HTTP/1.1" 200 7914 "-" "Mozilla/5.0 (compatible; MJ12bot/v1.4.3; http://www.majestic12.co.uk/bot.php?+)"
208.107.186.77 - - [22/Jun/2012:03:20:33 +0200] "GET /hirek/hirek100728.htm HTTP/1.1" 200 7560 "-" "Mozilla/5.0 (compatible; MJ12bot/v1.4.3; http://www.majestic12.co.uk/bot.php?+)"
208.107.186.77 - - [22/Jun/2012:03:20:35 +0200] "GET /hirek/hirek100804.htm HTTP/1.1" 200 8056 "-" "Mozilla/5.0 (compatible; MJ12bot/v1.4.3; http://www.majestic12.co.uk/bot.php?+)"
208.107.186.77 - - [22/Jun/2012:03:20:36 +0200] "GET /hirek/hirek100810.htm HTTP/1.1" 200 8123 "-" "Mozilla/5.0 (compatible; MJ12bot/v1.4.3; http://www.majestic12.co.uk/bot.php?+)"
208.107.186.77 - - [22/Jun/2012:03:20:39 +0200] "GET /hirek/hirek101025.htm HTTP/1.1" 200 8786 "-" "Mozilla/5.0 (compatible; MJ12bot/v1.4.3; http://www.majestic12.co.uk/bot.php?+)"
208.107.186.77 - - [22/Jun/2012:03:20:40 +0200] "GET /hirek/hirek101027.htm HTTP/1.1" 200 9627 "-" "Mozilla/5.0 (compatible; MJ12bot/v1.4.3; http://www.majestic12.co.uk/bot.php?+)"
208.107.186.77 - - [22/Jun/2012:03:20:43 +0200] "GET /hirek/hirek101213.htm HTTP/1.1" 200 8671 "-" "Mozilla/5.0 (compatible; MJ12bot/v1.4.3; http://www.majestic12.co.uk/bot.php?+)"
208.107.186.77 - - [22/Jun/2012:03:20:44 +0200] "GET /hirek09_03.htm HTTP/1.1" 200 10726 "-" "Mozilla/5.0 (compatible; MJ12bot/v1.4.3; http://www.majestic12.co.uk/bot.php?+)"
208.107.186.77 - - [22/Jun/2012:03:20:46 +0200] "GET /index.htm HTTP/1.1" 200 23794 "-" "Mozilla/5.0 (compatible; MJ12bot/v1.4.3; http://www.majestic12.co.uk/bot.php?+)"
208.107.186.77 - - [22/Jun/2012:03:20:48 +0200] "GET /kapcsolat.htm HTTP/1.1" 200 6889 "-" "Mozilla/5.0 (compatible; MJ12bot/v1.4.3; http://www.majestic12.co.uk/bot.php?+)"
208.107.186.77 - - [22/Jun/2012:03:20:53 +0200] "GET /magunkrol.htm HTTP/1.1" 200 9202 "-" "Mozilla/5.0 (compatible; MJ12bot/v1.4.3; http://www.majestic12.co.uk/bot.php?+)"
208.107.186.77 - - [22/Jun/2012:03:20:55 +0200] "GET /media.htm HTTP/1.1" 200 5208 "-" "Mozilla/5.0 (compatible; MJ12bot/v1.4.3; http://www.majestic12.co.uk/bot.php?+)"
208.107.186.77 - - [22/Jun/2012:03:20:57 +0200] "GET /programok.htm HTTP/1.1" 200 6444 "-" "Mozilla/5.0 (compatible; MJ12bot/v1.4.3; http://www.majestic12.co.uk/bot.php?+)"
66.249.68.229 - - [22/Jun/2012:03:23:29 +0200] "GET /robots.txt HTTP/1.1" 404 1181 "-" "Mozilla/5.0 (compatible; Googlebot/2.1; +http://www.google.com/bot.html)"
66.249.68.229 - - [22/Jun/2012:03:23:31 +0200] "GET /jog/eseteink/kavicszatony/fellebbezes.pdf HTTP/1.1" 200 201532 "-" "Mozilla/5.0 (compatible; Googlebot/2.1; +http://www.google.com/bot.html)"
66.249.68.229 - - [22/Jun/2012:03:23:44 +0200] "GET /jog/eseteink/kavicszatony/mura_valasz.pdf HTTP/1.1" 200 105721 "-" "Mozilla/5.0 (compatible; Googlebot/2.1; +http://www.google.com/bot.html)"
66.249.68.229 - - [22/Jun/2012:03:24:01 +0200] "GET /jog/eseteink/dakar/dakar_ugyeszseg_lp.pdf HTTP/1.1" 200 218784 "-" "Mozilla/5.0 (compatible; Googlebot/2.1; +http://www.google.com/bot.html)"
66.249.68.229 - - [22/Jun/2012:03:38:28 +0200] "GET /jog/eseteink/audi/audi_epiteszeti_elj.pdf HTTP/1.1" 200 384562 "-" "Mozilla/5.0 (compatible; Googlebot/2.1; +http://www.google.com/bot.html)"
66.249.68.229 - - [22/Jun/2012:03:38:30 +0200] "GET /jog/eseteink/poroszlo/panasz_poroszlo.pdf HTTP/1.1" 200 180096 "-" "Mozilla/5.0 (compatible; Googlebot/2.1; +http://www.google.com/bot.html)"
208.115.113.84 - - [22/Jun/2012:04:11:38 +0200] "GET /robots.txt HTTP/1.1" 404 1181 "-" "Mozilla/5.0 (compatible; Ezooms/1.0; ezooms.bot@gmail.com)"
66.249.73.16 - - [22/Jun/2012:04:24:31 +0200] "GET /jog/eseteink/malom/bontasi_fellebbezes.pdf HTTP/1.1" 200 339293 "-" "Mozilla/5.0 (compatible; Googlebot/2.1; +http://www.google.com/bot.html)"
66.249.68.229 - - [22/Jun/2012:04:49:55 +0200] "GET /jog/eseteink/kavicszatony/tajekoztatas.pdf HTTP/1.1" 200 153465 "-" "Mozilla/5.0 (compatible; Googlebot/2.1; +http://www.google.com/bot.html)"
66.249.68.229 - - [22/Jun/2012:04:56:11 +0200] "GET /jog/jogszabalyok/kornyezetvedelmi_torveny.pdf HTTP/1.1" 200 245188 "-" "Mozilla/5.0 (compatible; Googlebot/2.1; +http://www.google.com/bot.html)"
208.115.113.84 - - [22/Jun/2012:05:46:56 +0200] "GET /jog/publikaciok.htm HTTP/1.1" 200 17866 "-" "Mozilla/5.0 (compatible; Ezooms/1.0; ezooms.bot@gmail.com)"
207.46.204.242 - - [22/Jun/2012:06:12:05 +0200] "GET /robots.txt HTTP/1.1" 404 1181 "-" "Mozilla/5.0 (compatible; bingbot/2.0; +http://www.bing.com/bingbot.htm)"
207.46.204.242 - - [22/Jun/2012:06:13:36 +0200] "GET /hirarchivum.htm HTTP/1.1" 304 - "-" "Mozilla/5.0 (compatible; bingbot/2.0; +http://www.bing.com/bingbot.htm)"
208.115.113.84 - - [22/Jun/2012:07:37:19 +0200] "GET /robots.txt HTTP/1.1" 404 1181 "-" "Mozilla/5.0 (compatible; Ezooms/1.0; ezooms.bot@gmail.com)"
208.115.113.84 - - [22/Jun/2012:09:04:03 +0200] "GET /robots.txt HTTP/1.1" 404 1181 "-" "Mozilla/5.0 (compatible; Ezooms/1.0; ezooms.bot@gmail.com)"
66.249.71.226 - - [22/Jun/2012:09:18:28 +0200] "GET /robots.txt HTTP/1.1" 404 1181 "-" "Mozilla/5.0 (compatible; Googlebot/2.1; +http://www.google.com/bot.html)"
66.249.71.226 - - [22/Jun/2012:09:18:30 +0200] "GET /jog/eseteink/malom/fellebbezes_hatarnap.pdf HTTP/1.1" 200 156928 "-" "Mozilla/5.0 (compatible; Googlebot/2.1; +http://www.google.com/bot.html)"
89.123.37.52 - - [22/Jun/2012:09:37:00 +0200] "GET / HTTP/1.1" 200 23794 "-" "Java/1.6.0_04"
89.123.37.52 - - [22/Jun/2012:09:37:00 +0200] "GET /hirarchivum.htm HTTP/1.1" 200 24981 "-" "Java/1.6.0_04"
89.123.37.52 - - [22/Jun/2012:09:37:03 +0200] "GET /index.htm HTTP/1.1" 200 23794 "-" "Java/1.6.0_04"
89.123.37.52 - - [22/Jun/2012:09:37:04 +0200] "GET /kapcsolat.htm HTTP/1.1" 200 6889 "-" "Java/1.6.0_04"
89.123.37.52 - - [22/Jun/2012:09:37:04 +0200] "GET /magunkrol.htm HTTP/1.1" 200 9202 "-" "Java/1.6.0_04"
89.123.37.52 - - [22/Jun/2012:09:37:05 +0200] "GET /media.htm HTTP/1.1" 200 5208 "-" "Java/1.6.0_04"
89.123.37.52 - - [22/Jun/2012:09:37:05 +0200] "GET /programok.htm HTTP/1.1" 200 6444 "-" "Java/1.6.0_04"
89.123.37.52 - - [22/Jun/2012:09:37:05 +0200] "GET /vill.cs HTTP/1.1" 200 2676 "-" "Java/1.6.0_04"
89.123.37.52 - - [22/Jun/2012:09:37:05 +0200] "GET /hirek08_10.htm HTTP/1.1" 200 6946 "-" "Java/1.6.0_04"
89.123.37.52 - - [22/Jun/2012:09:37:06 +0200] "GET /hirek08_11.htm HTTP/1.1" 200 7253 "-" "Java/1.6.0_04"
89.123.37.52 - - [22/Jun/2012:09:37:06 +0200] "GET /hirek08_12.htm HTTP/1.1" 200 8268 "-" "Java/1.6.0_04"
89.123.37.52 - - [22/Jun/2012:09:37:07 +0200] "GET /hirek09_01.htm HTTP/1.1" 200 6841 "-" "Java/1.6.0_04"
89.123.37.52 - - [22/Jun/2012:09:37:08 +0200] "GET /hirek09_02.htm HTTP/1.1" 200 7450 "-" "Java/1.6.0_04"
89.123.37.52 - - [22/Jun/2012:09:37:08 +0200] "GET /hirek09_03.htm HTTP/1.1" 200 10726 "-" "Java/1.6.0_04"
89.123.37.52 - - [22/Jun/2012:09:37:08 +0200] "GET /&url=kapcsolat.htm HTTP/1.1" 404 1181 "-" "Java/1.6.0_04"
89.123.37.52 - - [22/Jun/2012:09:37:08 +0200] "GET /&url=programok.htm HTTP/1.1" 404 1181 "-" "Java/1.6.0_04"
89.123.37.52 - - [22/Jun/2012:09:37:09 +0200] "GET /&url=adomanyi.htm HTTP/1.1" 404 1181 "-" "Java/1.6.0_04"
89.123.37.52 - - [22/Jun/2012:09:37:09 +0200] "GET /bunt.htm HTTP/1.1" 200 5683 "-" "Java/1.6.0_04"
89.123.37.52 - - [22/Jun/2012:09:37:11 +0200] "GET /civilmuhely.htm HTTP/1.1" 200 8450 "-" "Java/1.6.0_04"
89.123.37.52 - - [22/Jun/2012:09:37:12 +0200] "GET /khb.htm HTTP/1.1" 200 8719 "-" "Java/1.6.0_04"
89.123.37.52 - - [22/Jun/2012:09:37:13 +0200] "GET /nca.htm HTTP/1.1" 200 7467 "-" "Java/1.6.0_04"
89.123.37.52 - - [22/Jun/2012:09:37:13 +0200] "GET /ncta.htm HTTP/1.1" 200 7221 "-" "Java/1.6.0_04"
89.123.37.52 - - [22/Jun/2012:09:37:15 +0200] "GET /nka.htm HTTP/1.1" 200 6221 "-" "Java/1.6.0_04"
89.123.37.52 - - [22/Jun/2012:09:37:15 +0200] "GET /szakmai.htm HTTP/1.1" 200 6054 "-" "Java/1.6.0_04"
89.123.37.52 - - [22/Jun/2012:09:37:16 +0200] "GET /ncta_a.htm HTTP/1.1" 200 7260 "-" "Java/1.6.0_04"
89.123.37.52 - - [22/Jun/2012:09:37:16 +0200] "GET /&url=civilmuhely.htm HTTP/1.1" 404 1181 "-" "Java/1.6.0_04"
89.123.37.52 - - [22/Jun/2012:09:37:16 +0200] "GET /&url=magunkrol.htm HTTP/1.1" 404 1181 "-" "Java/1.6.0_04"
89.123.37.52 - - [22/Jun/2012:09:37:16 +0200] "GET /nca04.htm HTTP/1.1" 200 16378 "-" "Java/1.6.0_04"
89.123.37.52 - - [22/Jun/2012:09:37:17 +0200] "GET /nca05.htm HTTP/1.1" 200 16412 "-" "Java/1.6.0_04"
89.123.37.52 - - [22/Jun/2012:09:37:17 +0200] "GET /nca06.htm HTTP/1.1" 200 19034 "-" "Java/1.6.0_04"
89.123.37.52 - - [22/Jun/2012:09:37:17 +0200] "GET /nca07.htm HTTP/1.1" 200 21968 "-" "Java/1.6.0_04"
89.123.37.52 - - [22/Jun/2012:09:37:18 +0200] "GET /nca08.htm HTTP/1.1" 200 21795 "-" "Java/1.6.0_04"
89.123.37.52 - - [22/Jun/2012:09:37:18 +0200] "GET /nca09.htm HTTP/1.1" 200 24315 "-" "Java/1.6.0_04"
89.123.37.52 - - [22/Jun/2012:09:37:19 +0200] "GET /nca10.htm HTTP/1.1" 200 16648 "-" "Java/1.6.0_04"
89.123.37.52 - - [22/Jun/2012:09:37:19 +0200] "GET /nca11.htm HTTP/1.1" 200 7133 "-" "Java/1.6.0_04"
89.123.37.52 - - [22/Jun/2012:09:37:19 +0200] "GET /kiadvanyok.htm HTTP/1.1" 200 8206 "-" "Java/1.6.0_04"
89.123.37.52 - - [22/Jun/2012:09:37:20 +0200] "GET /deutsch/index.htm HTTP/1.1" 200 5324 "-" "Java/1.6.0_04"
89.123.37.52 - - [22/Jun/2012:09:37:20 +0200] "GET /english/index.htm HTTP/1.1" 200 5262 "-" "Java/1.6.0_04"
89.123.37.52 - - [22/Jun/2012:09:37:20 +0200] "GET /fiok/index.html HTTP/1.1" 200 20554 "-" "Java/1.6.0_04"
89.123.37.52 - - [22/Jun/2012:09:37:22 +0200] "GET /hirek/hirek091015.htm HTTP/1.1" 200 7046 "-" "Java/1.6.0_04"
89.123.37.52 - - [22/Jun/2012:09:37:23 +0200] "GET /hirek/hirek091102.htm HTTP/1.1" 200 8538 "-" "Java/1.6.0_04"
89.123.37.52 - - [22/Jun/2012:09:37:23 +0200] "GET /hirek/hirek091103.htm HTTP/1.1" 200 7301 "-" "Java/1.6.0_04"
89.123.37.52 - - [22/Jun/2012:09:37:23 +0200] "GET /hirek/hirek091221.htm HTTP/1.1" 200 6740 "-" "Java/1.6.0_04"
89.123.37.52 - - [22/Jun/2012:09:37:23 +0200] "GET /hirek/hirek100225.htm HTTP/1.1" 200 7288 "-" "Java/1.6.0_04"
89.134.100.36 - - [22/Jun/2012:09:38:18 +0200] "GET / HTTP/1.1" 200 23794 "-" "Java/1.6.0_21"
89.134.100.36 - - [22/Jun/2012:09:38:18 +0200] "GET /hirarchivum.htm HTTP/1.1" 200 24981 "-" "Java/1.6.0_21"
89.134.100.36 - - [22/Jun/2012:09:38:18 +0200] "GET /index.htm HTTP/1.1" 200 23794 "-" "Java/1.6.0_21"
89.134.100.36 - - [22/Jun/2012:09:38:19 +0200] "GET /kapcsolat.htm HTTP/1.1" 200 6889 "-" "Java/1.6.0_21"
89.134.100.36 - - [22/Jun/2012:09:38:19 +0200] "GET /magunkrol.htm HTTP/1.1" 200 9202 "-" "Java/1.6.0_21"
89.134.100.36 - - [22/Jun/2012:09:38:19 +0200] "GET /media.htm HTTP/1.1" 200 5208 "-" "Java/1.6.0_21"
89.134.100.36 - - [22/Jun/2012:09:38:19 +0200] "GET /programok.htm HTTP/1.1" 200 6444 "-" "Java/1.6.0_21"
89.134.100.36 - - [22/Jun/2012:09:38:19 +0200] "GET /vill.cs HTTP/1.1" 200 2676 "-" "Java/1.6.0_21"
89.134.100.36 - - [22/Jun/2012:09:38:19 +0200] "GET /hirek08_10.htm HTTP/1.1" 200 6946 "-" "Java/1.6.0_21"
89.134.100.36 - - [22/Jun/2012:09:38:19 +0200] "GET /hirek08_11.htm HTTP/1.1" 200 7253 "-" "Java/1.6.0_21"
89.134.100.36 - - [22/Jun/2012:09:38:19 +0200] "GET /hirek08_12.htm HTTP/1.1" 200 8268 "-" "Java/1.6.0_21"
89.134.100.36 - - [22/Jun/2012:09:38:19 +0200] "GET /hirek09_01.htm HTTP/1.1" 200 6841 "-" "Java/1.6.0_21"
89.134.100.36 - - [22/Jun/2012:09:38:20 +0200] "GET /hirek09_02.htm HTTP/1.1" 200 7450 "-" "Java/1.6.0_21"
89.134.100.36 - - [22/Jun/2012:09:38:20 +0200] "GET /hirek09_03.htm HTTP/1.1" 200 10726 "-" "Java/1.6.0_21"
89.134.100.36 - - [22/Jun/2012:09:38:20 +0200] "GET /&url=kapcsolat.htm HTTP/1.1" 404 1181 "-" "Java/1.6.0_21"
89.134.100.36 - - [22/Jun/2012:09:38:20 +0200] "GET /&url=programok.htm HTTP/1.1" 404 1181 "-" "Java/1.6.0_21"
89.134.100.36 - - [22/Jun/2012:09:38:20 +0200] "GET /&url=adomanyi.htm HTTP/1.1" 404 1181 "-" "Java/1.6.0_21"
89.134.100.36 - - [22/Jun/2012:09:38:20 +0200] "GET /bunt.htm HTTP/1.1" 200 5683 "-" "Java/1.6.0_21"
89.134.100.36 - - [22/Jun/2012:09:38:21 +0200] "GET /civilmuhely.htm HTTP/1.1" 200 8450 "-" "Java/1.6.0_21"
89.134.100.36 - - [22/Jun/2012:09:38:21 +0200] "GET /khb.htm HTTP/1.1" 200 8719 "-" "Java/1.6.0_21"
208.115.113.84 - - [22/Jun/2012:10:02:05 +0200] "GET /robots.txt HTTP/1.1" 404 1181 "-" "Mozilla/5.0 (compatible; Ezooms/1.0; ezooms.bot@gmail.com)"
66.249.71.226 - - [22/Jun/2012:10:23:47 +0200] "GET /jog/eseteink/poroszlo/poroszlo-ombudsman.pdf HTTP/1.1" 200 161212 "-" "Mozilla/5.0 (compatible; Googlebot/2.1; +http://www.google.com/bot.html)"
66.249.71.226 - - [22/Jun/2012:10:52:37 +0200] "GET /jog/eseteink/kavicszatony/mura_bejelentes.pdf HTTP/1.1" 200 161377 "-" "Mozilla/5.0 (compatible; Googlebot/2.1; +http://www.google.com/bot.html)"
66.249.71.226 - - [22/Jun/2012:11:33:20 +0200] "GET /jog/eseteink/poroszlo/poroszlo-onkormnyzat.pdf HTTP/1.1" 200 142360 "-" "Mozilla/5.0 (compatible; Googlebot/2.1; +http://www.google.com/bot.html)"
66.249.71.226 - - [22/Jun/2012:11:34:22 +0200] "GET /jog/eseteink/kavicszatony/mura_fellebbezes.pdf HTTP/1.1" 200 151541 "-" "Mozilla/5.0 (compatible; Googlebot/2.1; +http://www.google.com/bot.html)"
66.249.71.226 - - [22/Jun/2012:11:34:24 +0200] "GET /jog/eseteink/duzzaszto/gyulavari_kotelezes1.pdf HTTP/1.1" 200 68117 "-" "Mozilla/5.0 (compatible; Googlebot/2.1; +http://www.google.com/bot.html)"
208.115.113.84 - - [22/Jun/2012:11:35:10 +0200] "GET /jog/publikaciok.htm HTTP/1.1" 200 17866 "-" "Mozilla/5.0 (compatible; Ezooms/1.0; ezooms.bot@gmail.com)"
66.249.71.226 - - [22/Jun/2012:11:36:57 +0200] "GET /jog/eseteink/poroszlo/poroszlo-zoldhatosag.pdf HTTP/1.1" 200 107018 "-" "Mozilla/5.0 (compatible; Googlebot/2.1; +http://www.google.com/bot.html)"
66.249.71.226 - - [22/Jun/2012:11:39:48 +0200] "GET /jog/eseteink/kavicszatony/mura_bejelentes1.pdf HTTP/1.1" 200 214943 "-" "Mozilla/5.0 (compatible; Googlebot/2.1; +http://www.google.com/bot.html)"
66.249.71.226 - - [22/Jun/2012:11:51:17 +0200] "GET /jog/eseteink/duzzaszto/gyulavari_kotelezes2.pdf HTTP/1.1" 200 68503 "-" "Mozilla/5.0 (compatible; Googlebot/2.1; +http://www.google.com/bot.html)"
66.249.71.226 - - [22/Jun/2012:11:54:42 +0200] "GET /jog/eseteink/kavicszatony/mura_fellebbezes1.pdf HTTP/1.1" 200 213658 "-" "Mozilla/5.0 (compatible; Googlebot/2.1; +http://www.google.com/bot.html)"
66.249.71.226 - - [22/Jun/2012:11:55:41 +0200] "GET /jog/eseteink/audi/eu.%20biz.%20fotitkaranak.pdf HTTP/1.1" 200 214051 "-" "Mozilla/5.0 (compatible; Googlebot/2.1; +http://www.google.com/bot.html)"
66.249.71.226 - - [22/Jun/2012:11:55:49 +0200] "GET /jog/eseteink/kavicszatony/mura_bejelentesbk.pdf HTTP/1.1" 200 156885 "-" "Mozilla/5.0 (compatible; Googlebot/2.1; +http://www.google.com/bot.html)"
66.249.71.226 - - [22/Jun/2012:13:01:01 +0200] "GET /jog/eseteink/dakar/kdtktvf_dakar_fellebbezes.pdf HTTP/1.1" 200 150345 "-" "Mozilla/5.0 (compatible; Googlebot/2.1; +http://www.google.com/bot.html)"
66.249.71.226 - - [22/Jun/2012:13:01:44 +0200] "GET /jog/eseteink/kavicszatony/kavicszatony_ugyfel.pdf HTTP/1.1" 200 186515 "-" "Mozilla/5.0 (compatible; Googlebot/2.1; +http://www.google.com/bot.html)"
66.249.71.226 - - [22/Jun/2012:13:01:50 +0200] "GET /jog/eseteink/kavicszatony/nimfea_fellebbezes.pdf HTTP/1.1" 200 229593 "-" "Mozilla/5.0 (compatible; Googlebot/2.1; +http://www.google.com/bot.html)"
208.115.113.84 - - [22/Jun/2012:13:30:05 +0200] "GET /robots.txt HTTP/1.1" 404 1181 "-" "Mozilla/5.0 (compatible; Ezooms/1.0; ezooms.bot@gmail.com)"
178.154.210.252 - - [22/Jun/2012:13:31:23 +0200] "GET /robots.txt HTTP/1.1" 404 1181 "-" "Mozilla/5.0 (compatible; YandexBot/3.0; +http://yandex.com/bots)"
66.249.71.226 - - [22/Jun/2012:13:57:43 +0200] "GET /jog/eseteink/dakar/dakar_0804_kdvktvf_engedely.pdf HTTP/1.1" 200 7453005 "-" "Mozilla/5.0 (compatible; Googlebot/2.1; +http://www.google.com/bot.html)"
66.249.71.226 - - [22/Jun/2012:14:08:18 +0200] "GET /jog/eseteink/poroszlo/poroszlo-epitkezes_hitvk.pdf HTTP/1.1" 200 192233 "-" "Mozilla/5.0 (compatible; Googlebot/2.1; +http://www.google.com/bot.html)"
66.249.71.226 - - [22/Jun/2012:14:08:20 +0200] "GET /jog/eseteink/autopalya/ugyfel-m9-oktvf20061108.pdf HTTP/1.1" 200 132171 "-" "Mozilla/5.0 (compatible; Googlebot/2.1; +http://www.google.com/bot.html)"
66.249.71.226 - - [22/Jun/2012:14:23:41 +0200] "GET /jog/eseteink/dakar/dakar_0804_kdtktvf_engedely.pdf HTTP/1.1" 200 4090849 "-" "Mozilla/5.0 (compatible; Googlebot/2.1; +http://www.google.com/bot.html)"
66.249.71.226 - - [22/Jun/2012:14:38:57 +0200] "GET /jog/eseteink/dakar/dakar_dabas_ugyeszseg_valasz.pdf HTTP/1.1" 200 8391282 "-" "Mozilla/5.0 (compatible; Googlebot/2.1; +http://www.google.com/bot.html)"
208.115.113.84 - - [22/Jun/2012:15:05:35 +0200] "GET /jog/publikaciok.htm HTTP/1.1" 200 17866 "-" "Mozilla/5.0 (compatible; Ezooms/1.0; ezooms.bot@gmail.com)"
130.83.167.153 - - [22/Jun/2012:16:14:42 +0200] "GET / HTTP/1.1" 200 23794 "-" "findlinks/2.6 (+http://wortschatz.uni-leipzig.de/findlinks/)"
178.154.210.252 - - [22/Jun/2012:16:51:05 +0200] "GET / HTTP/1.1" 200 23794 "-" "Mozilla/5.0 (compatible; YandexBot/3.0; +http://yandex.com/bots)"
208.115.113.84 - - [22/Jun/2012:16:57:43 +0200] "GET /robots.txt HTTP/1.1" 404 1181 "-" "Mozilla/5.0 (compatible; Ezooms/1.0; ezooms.bot@gmail.com)"
78.131.54.15 - - [22/Jun/2012:17:45:08 +0200] "GET /jog/eseteink/korosladany/srbvadi_srb.pdf HTTP/1.1" 200 151172 "http://www.google.hu/url?sa=t&rct=j&q=&esrc=s&source=web&cd=9&ved=0CGYQFjAI&url=http%3A%2F%2Fwww.beklen.hu%2Fjog%2Feseteink%2Fkorosladany%2Fsrbvadi_srb.pdf&ei=iJLkT8CsGcrzsgb7pqj-CA&usg=AFQjCNFk8Vyn4OZHl3ZeGPTIGu59zJMipg&sig2=QqUOKaAwTqCcWMCma4cWqg" "Mozilla/5.0 (Windows NT 5.1) AppleWebKit/536.5 (KHTML, like Gecko) Chrome/19.0.1084.56 Safari/536.5"
78.131.54.15 - - [22/Jun/2012:17:45:08 +0200] "GET /favicon.ico HTTP/1.1" 404 1181 "-" "Mozilla/5.0 (Windows NT 5.1) AppleWebKit/536.5 (KHTML, like Gecko) Chrome/19.0.1084.56 Safari/536.5"
208.115.113.84 - - [22/Jun/2012:18:31:22 +0200] "GET /jog/publikaciok.htm HTTP/1.1" 200 17866 "-" "Mozilla/5.0 (compatible; Ezooms/1.0; ezooms.bot@gmail.com)"
89.134.100.36 - - [22/Jun/2012:19:40:48 +0200] "GET / HTTP/1.1" 200 23794 "-" "Java/1.6.0_31"
208.115.113.84 - - [22/Jun/2012:20:23:36 +0200] "GET /robots.txt HTTP/1.1" 404 1181 "-" "Mozilla/5.0 (compatible; Ezooms/1.0; ezooms.bot@gmail.com)"
208.115.113.84 - - [22/Jun/2012:21:58:53 +0200] "GET /jog/publikaciok.htm HTTP/1.1" 200 17866 "-" "Mozilla/5.0 (compatible; Ezooms/1.0; ezooms.bot@gmail.com)"
208.115.113.84 - - [22/Jun/2012:23:45:38 +0200] "GET /robots.txt HTTP/1.1" 404 1181 "-" "Mozilla/5.0 (compatible; Ezooms/1.0; ezooms.bot@gmail.com)"
147.251.48.4 - - [23/Jun/2012:01:21:34 +0200] "GET /robots.txt HTTP/1.1" 404 1181 "-" "Mozilla/5.0 (compatible; SpiderLing (a SPIDER for LINGustic research); http://nlp.fi.muni.cz/projects/biwec/)"
147.251.48.4 - - [23/Jun/2012:01:27:33 +0200] "GET /jog/eseteink/korosladany/index.htm HTTP/1.1" 200 30713 "-" "Mozilla/5.0 (compatible; SpiderLing (a SPIDER for LINGustic research); http://nlp.fi.muni.cz/projects/biwec/)"
147.251.48.4 - - [23/Jun/2012:01:34:09 +0200] "GET /hirek/hirek100420.htm HTTP/1.1" 200 7914 "-" "Mozilla/5.0 (compatible; SpiderLing (a SPIDER for LINGustic research); http://nlp.fi.muni.cz/projects/biwec/)"
147.251.48.4 - - [23/Jun/2012:01:37:14 +0200] "GET /jog/tapasztalatszerzok.htm HTTP/1.1" 200 12148 "-" "Mozilla/5.0 (compatible; SpiderLing (a SPIDER for LINGustic research); http://nlp.fi.muni.cz/projects/biwec/)"
208.115.113.84 - - [23/Jun/2012:01:42:33 +0200] "GET /robots.txt HTTP/1.1" 404 1181 "-" "Mozilla/5.0 (compatible; Ezooms/1.0; ezooms.bot@gmail.com)"
147.251.48.4 - - [23/Jun/2012:01:43:05 +0200] "GET /jog/rendorsegifeljelentes.htm HTTP/1.1" 200 13536 "-" "Mozilla/5.0 (compatible; SpiderLing (a SPIDER for LINGustic research); http://nlp.fi.muni.cz/projects/biwec/)"
147.251.48.4 - - [23/Jun/2012:01:48:30 +0200] "GET /fiok/kapcsolat.htm HTTP/1.1" 200 17416 "-" "Mozilla/5.0 (compatible; SpiderLing (a SPIDER for LINGustic research); http://nlp.fi.muni.cz/projects/biwec/)"
147.251.48.4 - - [23/Jun/2012:01:57:21 +0200] "GET /fiok/index.html HTTP/1.1" 200 20554 "-" "Mozilla/5.0 (compatible; SpiderLing (a SPIDER for LINGustic research); http://nlp.fi.muni.cz/projects/biwec/)"
147.251.48.4 - - [23/Jun/2012:02:02:33 +0200] "GET /hirek/hirek100810.htm HTTP/1.1" 200 8123 "-" "Mozilla/5.0 (compatible; SpiderLing (a SPIDER for LINGustic research); http://nlp.fi.muni.cz/projects/biwec/)"
147.251.48.4 - - [23/Jun/2012:02:06:29 +0200] "GET /jog/ugyeszsegek.htm HTTP/1.1" 200 13810 "-" "Mozilla/5.0 (compatible; SpiderLing (a SPIDER for LINGustic research); http://nlp.fi.muni.cz/projects/biwec/)"
147.251.48.4 - - [23/Jun/2012:02:13:08 +0200] "GET /jog/eseteink/duzzaszto/index.htm HTTP/1.1" 200 10470 "-" "Mozilla/5.0 (compatible; SpiderLing (a SPIDER for LINGustic research); http://nlp.fi.muni.cz/projects/biwec/)"
147.251.48.4 - - [23/Jun/2012:02:19:08 +0200] "GET /kapcsolat.htm HTTP/1.1" 200 6889 "-" "Mozilla/5.0 (compatible; SpiderLing (a SPIDER for LINGustic research); http://nlp.fi.muni.cz/projects/biwec/)"
147.251.48.4 - - [23/Jun/2012:02:23:50 +0200] "GET /jog/jogihatter.htm HTTP/1.1" 200 18691 "-" "Mozilla/5.0 (compatible; SpiderLing (a SPIDER for LINGustic research); http://nlp.fi.muni.cz/projects/biwec/)"
147.251.48.4 - - [23/Jun/2012:02:31:13 +0200] "GET /hirek/hirek090602.htm HTTP/1.1" 200 7261 "-" "Mozilla/5.0 (compatible; SpiderLing (a SPIDER for LINGustic research); http://nlp.fi.muni.cz/projects/biwec/)"
147.251.48.4 - - [23/Jun/2012:02:32:12 +0200] "GET /index.htm HTTP/1.1" 200 23794 "-" "Mozilla/5.0 (compatible; SpiderLing (a SPIDER for LINGustic research); http://nlp.fi.muni.cz/projects/biwec/)"
147.251.48.4 - - [23/Jun/2012:02:40:15 +0200] "GET /jog/eljarasokrol.htm HTTP/1.1" 200 14427 "-" "Mozilla/5.0 (compatible; SpiderLing (a SPIDER for LINGustic research); http://nlp.fi.muni.cz/projects/biwec/)"
147.251.48.4 - - [23/Jun/2012:02:45:14 +0200] "GET /fiok/kornyezet.htm HTTP/1.1" 200 22582 "-" "Mozilla/5.0 (compatible; SpiderLing (a SPIDER for LINGustic research); http://nlp.fi.muni.cz/projects/biwec/)"
147.251.48.4 - - [23/Jun/2012:02:48:34 +0200] "GET /fiok/gazdasag.htm HTTP/1.1" 200 22480 "-" "Mozilla/5.0 (compatible; SpiderLing (a SPIDER for LINGustic research); http://nlp.fi.muni.cz/projects/biwec/)"
147.251.48.4 - - [23/Jun/2012:02:50:28 +0200] "GET /hirarchivum.htm HTTP/1.1" 200 24981 "-" "Mozilla/5.0 (compatible; SpiderLing (a SPIDER for LINGustic research); http://nlp.fi.muni.cz/projects/biwec/)"
147.251.48.4 - - [23/Jun/2012:02:56:11 +0200] "GET /jog/eseteink/derekegyhaza/index.htm HTTP/1.1" 200 34210 "-" "Mozilla/5.0 (compatible; SpiderLing (a SPIDER for LINGustic research); http://nlp.fi.muni.cz/projects/biwec/)"
147.251.48.4 - - [23/Jun/2012:03:05:31 +0200] "GET /hirek/hirek090428.htm HTTP/1.1" 200 24808 "-" "Mozilla/5.0 (compatible; SpiderLing (a SPIDER for LINGustic research); http://nlp.fi.muni.cz/projects/biwec/)"
147.251.48.4 - - [23/Jun/2012:03:09:11 +0200] "GET /hirek/hirek091015.htm HTTP/1.1" 200 7046 "-" "Mozilla/5.0 (compatible; SpiderLing (a SPIDER for LINGustic research); http://nlp.fi.muni.cz/projects/biwec/)"
208.115.113.84 - - [23/Jun/2012:03:12:19 +0200] "GET /jog/publikaciok.htm HTTP/1.1" 200 17866 "-" "Mozilla/5.0 (compatible; Ezooms/1.0; ezooms.bot@gmail.com)"
147.251.48.4 - - [23/Jun/2012:03:15:23 +0200] "GET /hirek/hirek091221.htm HTTP/1.1" 200 6740 "-" "Mozilla/5.0 (compatible; SpiderLing (a SPIDER for LINGustic research); http://nlp.fi.muni.cz/projects/biwec/)"
147.251.48.4 - - [23/Jun/2012:03:19:06 +0200] "GET /hirek/hirek120120.htm HTTP/1.1" 200 6634 "-" "Mozilla/5.0 (compatible; SpiderLing (a SPIDER for LINGustic research); http://nlp.fi.muni.cz/projects/biwec/)"
66.249.72.2 - - [23/Jun/2012:03:22:24 +0200] "GET /robots.txt HTTP/1.1" 404 1181 "-" "Mozilla/5.0 (compatible; Googlebot/2.1; +http://www.google.com/bot.html)"
66.249.72.2 - - [23/Jun/2012:03:22:25 +0200] "GET /hirek/Natura_2000es_gyepgazdalkodas_eloirasai.ppt HTTP/1.1" 200 333312 "-" "Mozilla/5.0 (iPhone; U; CPU iPhone OS 4_1 like Mac OS X; en-us) AppleWebKit/532.9 (KHTML, like Gecko) Version/4.0.5 Mobile/8B117 Safari/6531.22.7 (compatible; Googlebot-Mobile/2.1; +http://www.google.com/bot.html)"
66.249.72.2 - - [23/Jun/2012:03:24:38 +0200] "GET /jog/eseteink/kavicszatony/mura%20fellebb%20nimfea.pdf HTTP/1.1" 200 257093 "-" "Mozilla/5.0 (compatible; Googlebot/2.1; +http://www.google.com/bot.html)"
147.251.48.4 - - [23/Jun/2012:03:28:07 +0200] "GET /fiok/fiok.html HTTP/1.1" 200 20723 "-" "Mozilla/5.0 (compatible; SpiderLing (a SPIDER for LINGustic research); http://nlp.fi.muni.cz/projects/biwec/)"
147.251.48.4 - - [23/Jun/2012:03:31:20 +0200] "GET /hirek/hirek091102.htm HTTP/1.1" 200 8538 "-" "Mozilla/5.0 (compatible; SpiderLing (a SPIDER for LINGustic research); http://nlp.fi.muni.cz/projects/biwec/)"
147.251.48.4 - - [23/Jun/2012:03:35:17 +0200] "GET / HTTP/1.1" 200 23794 "-" "Mozilla/5.0 (compatible; SpiderLing (a SPIDER for LINGustic research); http://nlp.fi.muni.cz/projects/biwec/)"
147.251.48.4 - - [23/Jun/2012:03:44:35 +0200] "GET /hirek/hirek090930.htm HTTP/1.1" 200 7044 "-" "Mozilla/5.0 (compatible; SpiderLing (a SPIDER for LINGustic research); http://nlp.fi.muni.cz/projects/biwec/)"
147.251.48.4 - - [23/Jun/2012:03:45:46 +0200] "GET /hirek/hirek101025.htm HTTP/1.1" 200 8786 "-" "Mozilla/5.0 (compatible; SpiderLing (a SPIDER for LINGustic research); http://nlp.fi.muni.cz/projects/biwec/)"
147.251.48.4 - - [23/Jun/2012:03:50:28 +0200] "GET /jog/adathozzaferes.htm HTTP/1.1" 200 13800 "-" "Mozilla/5.0 (compatible; SpiderLing (a SPIDER for LINGustic research); http://nlp.fi.muni.cz/projects/biwec/)"
147.251.48.4 - - [23/Jun/2012:03:52:43 +0200] "GET /fiok/mult.htm HTTP/1.1" 200 23227 "-" "Mozilla/5.0 (compatible; SpiderLing (a SPIDER for LINGustic research); http://nlp.fi.muni.cz/projects/biwec/)"
139.18.2.17 - - [23/Jun/2012:03:54:33 +0200] "GET /robots.txt HTTP/1.1" 404 1181 "-" "findlinks/2.6 (+http://wortschatz.uni-leipzig.de/findlinks/)"
147.251.48.4 - - [23/Jun/2012:03:55:41 +0200] "GET /jog/eseteink/malom/index.htm HTTP/1.1" 200 17507 "-" "Mozilla/5.0 (compatible; SpiderLing (a SPIDER for LINGustic research); http://nlp.fi.muni.cz/projects/biwec/)"
147.251.48.4 - - [23/Jun/2012:04:01:15 +0200] "GET /hirek08_12.htm HTTP/1.1" 200 8268 "-" "Mozilla/5.0 (compatible; SpiderLing (a SPIDER for LINGustic research); http://nlp.fi.muni.cz/projects/biwec/)"
147.251.48.4 - - [23/Jun/2012:04:05:35 +0200] "GET /fiok/program_reszek/csaladbarat.htm HTTP/1.1" 200 20928 "-" "Mozilla/5.0 (compatible; SpiderLing (a SPIDER for LINGustic research); http://nlp.fi.muni.cz/projects/biwec/)"
147.251.48.4 - - [23/Jun/2012:04:07:18 +0200] "GET /hirek/hirek08_11.htm HTTP/1.1" 200 7337 "-" "Mozilla/5.0 (compatible; SpiderLing (a SPIDER for LINGustic research); http://nlp.fi.muni.cz/projects/biwec/)"
147.251.48.4 - - [23/Jun/2012:04:10:57 +0200] "GET /media.htm HTTP/1.1" 200 5208 "-" "Mozilla/5.0 (compatible; SpiderLing (a SPIDER for LINGustic research); http://nlp.fi.muni.cz/projects/biwec/)"
147.251.48.4 - - [23/Jun/2012:04:20:06 +0200] "GET /hirek/hirek08_12.htm HTTP/1.1" 200 8352 "-" "Mozilla/5.0 (compatible; SpiderLing (a SPIDER for LINGustic research); http://nlp.fi.muni.cz/projects/biwec/)"
147.251.48.4 - - [23/Jun/2012:04:22:55 +0200] "GET /hirek/hirek09_01.htm HTTP/1.1" 200 6925 "-" "Mozilla/5.0 (compatible; SpiderLing (a SPIDER for LINGustic research); http://nlp.fi.muni.cz/projects/biwec/)"
147.251.48.4 - - [23/Jun/2012:04:27:39 +0200] "GET /hirek/hirek08_10.htm HTTP/1.1" 200 7030 "-" "Mozilla/5.0 (compatible; SpiderLing (a SPIDER for LINGustic research); http://nlp.fi.muni.cz/projects/biwec/)"
147.251.48.4 - - [23/Jun/2012:04:31:39 +0200] "GET /hirek/hirek090509.htm HTTP/1.1" 200 7803 "-" "Mozilla/5.0 (compatible; SpiderLing (a SPIDER for LINGustic research); http://nlp.fi.muni.cz/projects/biwec/)"
147.251.48.4 - - [23/Jun/2012:04:38:06 +0200] "GET /jog/polgariper.htm HTTP/1.1" 200 13964 "-" "Mozilla/5.0 (compatible; SpiderLing (a SPIDER for LINGustic research); http://nlp.fi.muni.cz/projects/biwec/)"
147.251.48.4 - - [23/Jun/2012:04:46:03 +0200] "GET /jog/eljaraskezd.htm HTTP/1.1" 200 13730 "-" "Mozilla/5.0 (compatible; SpiderLing (a SPIDER for LINGustic research); http://nlp.fi.muni.cz/projects/biwec/)"
147.251.48.4 - - [23/Jun/2012:04:48:03 +0200] "GET /magunkrol.htm HTTP/1.1" 200 9202 "-" "Mozilla/5.0 (compatible; SpiderLing (a SPIDER for LINGustic research); http://nlp.fi.muni.cz/projects/biwec/)"
147.251.48.4 - - [23/Jun/2012:04:54:43 +0200] "GET /fiok/program_reszek/lovaglas.htm HTTP/1.1" 200 21486 "-" "Mozilla/5.0 (compatible; SpiderLing (a SPIDER for LINGustic research); http://nlp.fi.muni.cz/projects/biwec/)"
147.251.48.4 - - [23/Jun/2012:04:56:09 +0200] "GET /jog/eseteink/malom/(http://www.mok.hu/index.php?pg=news_2_12350 HTTP/1.1" 404 1181 "-" "Mozilla/5.0 (compatible; SpiderLing (a SPIDER for LINGustic research); http://nlp.fi.muni.cz/projects/biwec/)"
147.251.48.4 - - [23/Jun/2012:04:56:57 +0200] "GET /hirek/hirek09_02.htm HTTP/1.1" 200 7534 "-" "Mozilla/5.0 (compatible; SpiderLing (a SPIDER for LINGustic research); http://nlp.fi.muni.cz/projects/biwec/)"
208.115.113.84 - - [23/Jun/2012:05:05:01 +0200] "GET /robots.txt HTTP/1.1" 404 1181 "-" "Mozilla/5.0 (compatible; Ezooms/1.0; ezooms.bot@gmail.com)"
147.251.48.4 - - [23/Jun/2012:05:06:37 +0200] "GET /fiok/programok.htm HTTP/1.1" 200 18165 "-" "Mozilla/5.0 (compatible; SpiderLing (a SPIDER for LINGustic research); http://nlp.fi.muni.cz/projects/biwec/)"
147.251.48.4 - - [23/Jun/2012:05:11:03 +0200] "GET /hirek/hirek100804.htm HTTP/1.1" 200 8056 "-" "Mozilla/5.0 (compatible; SpiderLing (a SPIDER for LINGustic research); http://nlp.fi.muni.cz/projects/biwec/)"
147.251.48.4 - - [23/Jun/2012:05:13:46 +0200] "GET /jog/ugyfeljogok.htm HTTP/1.1" 200 14279 "-" "Mozilla/5.0 (compatible; SpiderLing (a SPIDER for LINGustic research); http://nlp.fi.muni.cz/projects/biwec/)"
147.251.48.4 - - [23/Jun/2012:05:17:24 +0200] "GET /fiok/program_reszek/madarmegfigyeles.htm HTTP/1.1" 200 21825 "-" "Mozilla/5.0 (compatible; SpiderLing (a SPIDER for LINGustic research); http://nlp.fi.muni.cz/projects/biwec/)"
65.52.110.34 - - [23/Jun/2012:05:24:19 +0200] "GET /robots.txt HTTP/1.1" 404 1181 "-" "Mozilla/5.0 (compatible; bingbot/2.0; +http://www.bing.com/bingbot.htm)"
147.251.48.4 - - [23/Jun/2012:05:25:31 +0200] "GET /jog/publikaciok.htm HTTP/1.1" 200 17866 "-" "Mozilla/5.0 (compatible; SpiderLing (a SPIDER for LINGustic research); http://nlp.fi.muni.cz/projects/biwec/)"
147.251.48.4 - - [23/Jun/2012:05:25:42 +0200] "GET /hirek/hirek120207.htm HTTP/1.1" 200 6586 "-" "Mozilla/5.0 (compatible; SpiderLing (a SPIDER for LINGustic research); http://nlp.fi.muni.cz/projects/biwec/)"
147.251.48.4 - - [23/Jun/2012:05:30:26 +0200] "GET /hirek08_11.htm HTTP/1.1" 200 7253 "-" "Mozilla/5.0 (compatible; SpiderLing (a SPIDER for LINGustic research); http://nlp.fi.muni.cz/projects/biwec/)"
147.251.48.4 - - [23/Jun/2012:05:35:08 +0200] "GET /fiok/program_reszek/konferancia.htm HTTP/1.1" 200 21668 "-" "Mozilla/5.0 (compatible; SpiderLing (a SPIDER for LINGustic research); http://nlp.fi.muni.cz/projects/biwec/)"
65.52.110.34 - - [23/Jun/2012:05:38:11 +0200] "GET /media.htm HTTP/1.1" 200 5208 "-" "Mozilla/5.0 (compatible; bingbot/2.0; +http://www.bing.com/bingbot.htm)"
147.251.48.4 - - [23/Jun/2012:05:39:32 +0200] "GET /hirek/hirek090510.htm HTTP/1.1" 200 12743 "-" "Mozilla/5.0 (compatible; SpiderLing (a SPIDER for LINGustic research); http://nlp.fi.muni.cz/projects/biwec/)"
147.251.48.4 - - [23/Jun/2012:05:40:18 +0200] "GET /fiok/ HTTP/1.1" 200 20554 "-" "Mozilla/5.0 (compatible; SpiderLing (a SPIDER for LINGustic research); http://nlp.fi.muni.cz/projects/biwec/)"
66.249.72.2 - - [23/Jun/2012:05:41:48 +0200] "GET /hirek/hirek091102.htm HTTP/1.1" 304 - "-" "Mozilla/5.0 (compatible; Googlebot/2.1; +http://www.google.com/bot.html)"
147.251.48.4 - - [23/Jun/2012:05:43:51 +0200] "GET /hirek08_10.htm HTTP/1.1" 200 6946 "-" "Mozilla/5.0 (compatible; SpiderLing (a SPIDER for LINGustic research); http://nlp.fi.muni.cz/projects/biwec/)"
147.251.48.4 - - [23/Jun/2012:05:44:30 +0200] "GET /hirek/hirek090215.htm HTTP/1.1" 200 9398 "-" "Mozilla/5.0 (compatible; SpiderLing (a SPIDER for LINGustic research); http://nlp.fi.muni.cz/projects/biwec/)"
147.251.48.4 - - [23/Jun/2012:05:49:19 +0200] "GET /jog/eseteink/audi/index.htm HTTP/1.1" 200 15938 "-" "Mozilla/5.0 (compatible; SpiderLing (a SPIDER for LINGustic research); http://nlp.fi.muni.cz/projects/biwec/)"
147.251.48.4 - - [23/Jun/2012:05:52:49 +0200] "GET /fiok/program_reszek/erdei_iskola.htm HTTP/1.1" 200 21601 "-" "Mozilla/5.0 (compatible; SpiderLing (a SPIDER for LINGustic research); http://nlp.fi.muni.cz/projects/biwec/)"
147.251.48.4 - - [23/Jun/2012:05:54:15 +0200] "GET /hirek/hirek091103.htm HTTP/1.1" 200 7301 "-" "Mozilla/5.0 (compatible; SpiderLing (a SPIDER for LINGustic research); http://nlp.fi.muni.cz/projects/biwec/)"
