81.144.138.34 - - [16/Jun/2012:18:36:07 +0200] "GET /programok.htm HTTP/1.1" 200 6444 "-" "Wotbox/2.0 (bot@wotbox.com; http://www.wotbox.com)"
81.144.138.34 - - [16/Jun/2012:18:36:13 +0200] "GET /kapcsolat.htm HTTP/1.1" 200 6889 "-" "Wotbox/2.0 (bot@wotbox.com; http://www.wotbox.com)"
81.144.138.34 - - [16/Jun/2012:18:36:20 +0200] "GET /media.htm HTTP/1.1" 200 5208 "-" "Wotbox/2.0 (bot@wotbox.com; http://www.wotbox.com)"
81.144.138.34 - - [16/Jun/2012:18:36:27 +0200] "GET /english/index.htm HTTP/1.1" 200 5262 "-" "Wotbox/2.0 (bot@wotbox.com; http://www.wotbox.com)"
81.144.138.34 - - [16/Jun/2012:18:36:33 +0200] "GET /deutsch/index.htm HTTP/1.1" 200 5324 "-" "Wotbox/2.0 (bot@wotbox.com; http://www.wotbox.com)"
81.144.138.34 - - [16/Jun/2012:18:36:40 +0200] "GET /fiok/index.html HTTP/1.1" 200 20554 "-" "Wotbox/2.0 (bot@wotbox.com; http://www.wotbox.com)"
81.144.138.34 - - [16/Jun/2012:18:36:47 +0200] "GET /hirek/hirek120207.htm HTTP/1.1" 200 6586 "-" "Wotbox/2.0 (bot@wotbox.com; http://www.wotbox.com)"
81.144.138.34 - - [16/Jun/2012:18:36:55 +0200] "GET /hirek/hirek120120.htm HTTP/1.1" 200 6634 "-" "Wotbox/2.0 (bot@wotbox.com; http://www.wotbox.com)"
81.144.138.34 - - [16/Jun/2012:18:37:01 +0200] "GET /hirek/hirek101213.htm HTTP/1.1" 200 8671 "-" "Wotbox/2.0 (bot@wotbox.com; http://www.wotbox.com)"
81.144.138.34 - - [16/Jun/2012:18:37:08 +0200] "GET /hirek/hirek101027.htm HTTP/1.1" 200 9627 "-" "Wotbox/2.0 (bot@wotbox.com; http://www.wotbox.com)"
81.144.138.34 - - [16/Jun/2012:18:37:17 +0200] "GET /hirek/hirek101025.htm HTTP/1.1" 200 8786 "-" "Wotbox/2.0 (bot@wotbox.com; http://www.wotbox.com)"
81.144.138.34 - - [16/Jun/2012:18:37:25 +0200] "GET /hirek/hirek100810.htm HTTP/1.1" 200 8123 "-" "Wotbox/2.0 (bot@wotbox.com; http://www.wotbox.com)"
81.144.138.34 - - [16/Jun/2012:18:37:33 +0200] "GET /hirek/hirek100804.htm HTTP/1.1" 200 8056 "-" "Wotbox/2.0 (bot@wotbox.com; http://www.wotbox.com)"
81.144.138.34 - - [16/Jun/2012:18:37:40 +0200] "GET /hirek/hirek100728.htm HTTP/1.1" 200 7560 "-" "Wotbox/2.0 (bot@wotbox.com; http://www.wotbox.com)"
81.144.138.34 - - [16/Jun/2012:18:37:46 +0200] "GET /hirek/hirek100420.htm HTTP/1.1" 200 7914 "-" "Wotbox/2.0 (bot@wotbox.com; http://www.wotbox.com)"
81.144.138.34 - - [16/Jun/2012:18:37:52 +0200] "GET /hirek/hirek100305.htm HTTP/1.1" 200 7091 "-" "Wotbox/2.0 (bot@wotbox.com; http://www.wotbox.com)"
81.144.138.34 - - [16/Jun/2012:18:37:59 +0200] "GET /hirek/hirek100225.htm HTTP/1.1" 200 7288 "-" "Wotbox/2.0 (bot@wotbox.com; http://www.wotbox.com)"
81.144.138.34 - - [16/Jun/2012:18:38:06 +0200] "GET /hirek/hirek091221.htm HTTP/1.1" 200 6740 "-" "Wotbox/2.0 (bot@wotbox.com; http://www.wotbox.com)"
81.144.138.34 - - [16/Jun/2012:18:38:14 +0200] "GET /hirek/hirek091103.htm HTTP/1.1" 200 7301 "-" "Wotbox/2.0 (bot@wotbox.com; http://www.wotbox.com)"
81.144.138.34 - - [16/Jun/2012:18:38:22 +0200] "GET /hirek/hirek091102.htm HTTP/1.1" 200 8538 "-" "Wotbox/2.0 (bot@wotbox.com; http://www.wotbox.com)"
81.144.138.34 - - [16/Jun/2012:18:38:29 +0200] "GET /hirek/hirek091015.htm HTTP/1.1" 200 7046 "-" "Wotbox/2.0 (bot@wotbox.com; http://www.wotbox.com)"
81.144.138.34 - - [16/Jun/2012:18:38:34 +0200] "GET /hirarchivum.htm HTTP/1.1" 200 24981 "-" "Wotbox/2.0 (bot@wotbox.com; http://www.wotbox.com)"
81.144.138.34 - - [16/Jun/2012:18:38:41 +0200] "GET /ncta.htm HTTP/1.1" 200 7221 "-" "Wotbox/2.0 (bot@wotbox.com; http://www.wotbox.com)"
81.144.138.34 - - [16/Jun/2012:18:38:48 +0200] "GET /jog/index.htm HTTP/1.1" 200 13138 "-" "Wotbox/2.0 (bot@wotbox.com; http://www.wotbox.com)"
81.144.138.34 - - [16/Jun/2012:18:38:57 +0200] "GET /bunt.htm HTTP/1.1" 200 5683 "-" "Wotbox/2.0 (bot@wotbox.com; http://www.wotbox.com)"
81.144.138.34 - - [16/Jun/2012:18:39:04 +0200] "GET /szakmai.htm HTTP/1.1" 200 6054 "-" "Wotbox/2.0 (bot@wotbox.com; http://www.wotbox.com)"
81.144.138.34 - - [16/Jun/2012:18:39:11 +0200] "GET /civilmuhely.htm HTTP/1.1" 200 8450 "-" "Wotbox/2.0 (bot@wotbox.com; http://www.wotbox.com)"
81.144.138.34 - - [16/Jun/2012:18:39:19 +0200] "GET /nca.htm HTTP/1.1" 200 7467 "-" "Wotbox/2.0 (bot@wotbox.com; http://www.wotbox.com)"
81.144.138.34 - - [16/Jun/2012:18:39:26 +0200] "GET /nka.htm HTTP/1.1" 200 6221 "-" "Wotbox/2.0 (bot@wotbox.com; http://www.wotbox.com)"
81.144.138.34 - - [16/Jun/2012:18:39:34 +0200] "GET /khb.htm HTTP/1.1" 200 8719 "-" "Wotbox/2.0 (bot@wotbox.com; http://www.wotbox.com)"
81.144.138.34 - - [16/Jun/2012:18:39:40 +0200] "GET /english/introduction.htm HTTP/1.1" 200 6502 "-" "Wotbox/2.0 (bot@wotbox.com; http://www.wotbox.com)"
81.144.138.34 - - [16/Jun/2012:18:39:50 +0200] "GET /english/programs.htm HTTP/1.1" 200 5614 "-" "Wotbox/2.0 (bot@wotbox.com; http://www.wotbox.com)"
81.144.138.34 - - [16/Jun/2012:18:39:56 +0200] "GET /english/contact.htm HTTP/1.1" 200 4601 "-" "Wotbox/2.0 (bot@wotbox.com; http://www.wotbox.com)"
81.144.138.34 - - [16/Jun/2012:18:40:04 +0200] "GET /deutsch/stellen.htm HTTP/1.1" 200 6824 "-" "Wotbox/2.0 (bot@wotbox.com; http://www.wotbox.com)"
81.144.138.34 - - [16/Jun/2012:18:40:09 +0200] "GET /deutsch/programme.htm HTTP/1.1" 200 6045 "-" "Wotbox/2.0 (bot@wotbox.com; http://www.wotbox.com)"
81.144.138.34 - - [16/Jun/2012:18:40:16 +0200] "GET /deutsch/kontakt.htm HTTP/1.1" 200 4769 "-" "Wotbox/2.0 (bot@wotbox.com; http://www.wotbox.com)"
81.144.138.34 - - [16/Jun/2012:18:40:25 +0200] "GET /fiok/fiok.html HTTP/1.1" 200 15503 "-" "Wotbox/2.0 (bot@wotbox.com; http://www.wotbox.com)"
81.144.138.34 - - [16/Jun/2012:18:40:31 +0200] "GET /fiok/news.html HTTP/1.1" 404 1181 "-" "Wotbox/2.0 (bot@wotbox.com; http://www.wotbox.com)"
139.18.2.209 - - [16/Jun/2012:18:40:36 +0200] "GET /szakmai.htm HTTP/1.1" 200 6054 "-" "findlinks/2.6 (+http://wortschatz.uni-leipzig.de/findlinks/)"
81.144.138.34 - - [16/Jun/2012:18:40:38 +0200] "GET /fiok/images/nevadonk.JPG HTTP/1.1" 200 56167 "-" "Wotbox/2.0 (bot@wotbox.com; http://www.wotbox.com)"
81.144.138.34 - - [16/Jun/2012:18:40:47 +0200] "GET /fiok/mult.htm HTTP/1.1" 200 23227 "-" "Wotbox/2.0 (bot@wotbox.com; http://www.wotbox.com)"
81.144.138.34 - - [16/Jun/2012:18:40:55 +0200] "GET /fiok/programok.htm HTTP/1.1" 200 18165 "-" "Wotbox/2.0 (bot@wotbox.com; http://www.wotbox.com)"
81.144.138.34 - - [16/Jun/2012:18:41:01 +0200] "GET /fiok/kornyezet.htm HTTP/1.1" 200 22582 "-" "Wotbox/2.0 (bot@wotbox.com; http://www.wotbox.com)"
81.144.138.34 - - [16/Jun/2012:18:41:07 +0200] "GET /fiok/gazdasag.htm HTTP/1.1" 200 22480 "-" "Wotbox/2.0 (bot@wotbox.com; http://www.wotbox.com)"
81.144.138.34 - - [16/Jun/2012:18:41:14 +0200] "GET /fiok/kapcsolat.htm HTTP/1.1" 200 17416 "-" "Wotbox/2.0 (bot@wotbox.com; http://www.wotbox.com)"
81.144.138.34 - - [16/Jun/2012:18:41:21 +0200] "GET /hirek/fiok/index.html HTTP/1.1" 404 1181 "-" "Wotbox/2.0 (bot@wotbox.com; http://www.wotbox.com)"
81.144.138.34 - - [16/Jun/2012:18:41:30 +0200] "GET /hirek/printscreenek/oktatokozpont.JPG HTTP/1.1" 200 119626 "-" "Wotbox/2.0 (bot@wotbox.com; http://www.wotbox.com)"
81.144.138.34 - - [16/Jun/2012:18:41:37 +0200] "GET /hirek/Natura_2000es_gyepgazdalkodas_eloirasai.ppt HTTP/1.1" 200 15563 "-" "Wotbox/2.0 (bot@wotbox.com; http://www.wotbox.com)"
208.115.113.84 - - [16/Jun/2012:20:01:09 +0200] "GET /robots.txt HTTP/1.1" 404 1181 "-" "Mozilla/5.0 (compatible; Ezooms/1.0; ezooms.bot@gmail.com)"
208.115.113.84 - - [16/Jun/2012:21:40:37 +0200] "GET /jog/publikaciok.htm HTTP/1.1" 200 17866 "-" "Mozilla/5.0 (compatible; Ezooms/1.0; ezooms.bot@gmail.com)"
77.20.4.67 - - [16/Jun/2012:22:43:02 +0200] "GET /programok.htm HTTP/1.1" 200 6444 "-" "findlinks/2.0.2 (+http://wortschatz.uni-leipzig.de/findlinks/)"
208.115.113.84 - - [16/Jun/2012:23:28:19 +0200] "GET /robots.txt HTTP/1.1" 404 1181 "-" "Mozilla/5.0 (compatible; Ezooms/1.0; ezooms.bot@gmail.com)"
208.115.113.84 - - [17/Jun/2012:00:09:20 +0200] "GET /robots.txt HTTP/1.1" 404 1181 "-" "Mozilla/5.0 (compatible; Ezooms/1.0; ezooms.bot@gmail.com)"
178.154.210.252 - - [17/Jun/2012:01:18:00 +0200] "GET /english/introduction.htm HTTP/1.1" 304 - "-" "Mozilla/5.0 (compatible; YandexBot/3.0; +http://yandex.com/bots)"
208.115.113.84 - - [17/Jun/2012:01:48:15 +0200] "GET /jog/publikaciok.htm HTTP/1.1" 200 17866 "-" "Mozilla/5.0 (compatible; Ezooms/1.0; ezooms.bot@gmail.com)"
208.115.113.84 - - [17/Jun/2012:03:34:28 +0200] "GET /robots.txt HTTP/1.1" 404 1181 "-" "Mozilla/5.0 (compatible; Ezooms/1.0; ezooms.bot@gmail.com)"
178.154.210.252 - - [17/Jun/2012:04:00:26 +0200] "GET /robots.txt HTTP/1.1" 404 1181 "-" "Mozilla/5.0 (compatible; YandexBot/3.0; +http://yandex.com/bots)"
207.46.199.52 - - [17/Jun/2012:04:37:19 +0200] "GET /robots.txt HTTP/1.1" 404 1181 "-" "Mozilla/5.0 (compatible; bingbot/2.0; +http://www.bing.com/bingbot.htm)"
207.46.199.52 - - [17/Jun/2012:04:38:04 +0200] "GET /jog/eseteink/dakar/dakar_ugyeszseg_lp.pdf HTTP/1.1" 200 218784 "-" "Mozilla/5.0 (compatible; bingbot/2.0; +http://www.bing.com/bingbot.htm)"
66.249.72.2 - - [17/Jun/2012:05:34:00 +0200] "GET /robots.txt HTTP/1.1" 404 1181 "-" "Mozilla/5.0 (compatible; Googlebot/2.1; +http://www.google.com/bot.html)"
66.249.72.2 - - [17/Jun/2012:05:34:00 +0200] "GET /jog/eseteink/poroszlo/petone%20dr.pdf HTTP/1.1" 200 55023 "-" "Mozilla/5.0 (compatible; Googlebot/2.1; +http://www.google.com/bot.html)"
208.115.113.84 - - [17/Jun/2012:05:45:12 +0200] "GET /robots.txt HTTP/1.1" 404 1181 "-" "Mozilla/5.0 (compatible; Ezooms/1.0; ezooms.bot@gmail.com)"
178.154.210.252 - - [17/Jun/2012:06:18:18 +0200] "GET /english/programs.htm HTTP/1.1" 304 - "-" "Mozilla/5.0 (compatible; YandexBot/3.0; +http://yandex.com/bots)"
208.115.113.84 - - [17/Jun/2012:07:24:55 +0200] "GET /jog/publikaciok.htm HTTP/1.1" 200 17866 "-" "Mozilla/5.0 (compatible; Ezooms/1.0; ezooms.bot@gmail.com)"
66.249.72.2 - - [17/Jun/2012:07:33:59 +0200] "GET /robots.txt HTTP/1.1" 404 1181 "-" "Mozilla/5.0 (compatible; Googlebot/2.1; +http://www.google.com/bot.html)"
66.249.72.2 - - [17/Jun/2012:07:33:59 +0200] "GET /jog/eseteink/poroszlo/keresetlevel_javitott_poroszlo.pdf HTTP/1.1" 304 - "-" "Mozilla/5.0 (compatible; Googlebot/2.1; +http://www.google.com/bot.html)"
66.249.72.240 - - [17/Jun/2012:08:22:11 +0200] "GET /robots.txt HTTP/1.1" 404 1181 "-" "Mozilla/5.0 (compatible; Googlebot/2.1; +http://www.google.com/bot.html)"
66.249.72.240 - - [17/Jun/2012:08:22:11 +0200] "GET /hirek/hirek120120.htm HTTP/1.1" 304 - "-" "Mozilla/5.0 (compatible; Googlebot/2.1; +http://www.google.com/bot.html)"
178.154.210.252 - - [17/Jun/2012:08:22:22 +0200] "GET /civilmuhely.htm HTTP/1.1" 304 - "-" "Mozilla/5.0 (compatible; YandexBot/3.0; +http://yandex.com/bots)"
208.115.113.84 - - [17/Jun/2012:09:11:02 +0200] "GET /robots.txt HTTP/1.1" 404 1181 "-" "Mozilla/5.0 (compatible; Ezooms/1.0; ezooms.bot@gmail.com)"
178.154.210.252 - - [17/Jun/2012:10:34:22 +0200] "GET / HTTP/1.1" 200 23794 "-" "Mozilla/5.0 (compatible; YandexBot/3.0; +http://yandex.com/bots)"
208.115.113.84 - - [17/Jun/2012:10:48:25 +0200] "GET /jog/publikaciok.htm HTTP/1.1" 200 17866 "-" "Mozilla/5.0 (compatible; Ezooms/1.0; ezooms.bot@gmail.com)"
178.164.244.56 - - [17/Jun/2012:11:42:23 +0200] "GET /fiok/kornyezet.htm HTTP/1.1" 200 22582 "http://www.google.hu/url?sa=t&rct=j&q=%C3%A1rt%C3%A9ri%20%C3%A9s%20v%C3%A9derd%C5%91&source=web&cd=9&ved=0CGAQFjAI&url=http%3A%2F%2Fwww.beklen.hu%2Ffiok%2Fkornyezet.htm&ei=9aXdT-W0F-TP4QT286mkCg&usg=AFQjCNFZMSU5d1bFuqWM4ea3Ca4-zGAufg" "Opera/9.80 (Windows NT 5.1; U; hu) Presto/2.10.229 Version/11.64"
178.164.244.56 - - [17/Jun/2012:11:42:23 +0200] "GET /fiok/css/lightbox.css HTTP/1.1" 200 1715 "http://www.beklen.hu/fiok/kornyezet.htm" "Opera/9.80 (Windows NT 5.1; U; hu) Presto/2.10.229 Version/11.64"
178.164.244.56 - - [17/Jun/2012:11:42:23 +0200] "GET /fiok/css/js/scriptaculous.js?load=effects HTTP/1.1" 200 2152 "http://www.beklen.hu/fiok/kornyezet.htm" "Opera/9.80 (Windows NT 5.1; U; hu) Presto/2.10.229 Version/11.64"
178.164.244.56 - - [17/Jun/2012:11:42:23 +0200] "GET /fiok/css/js/lightbox.js HTTP/1.1" 200 23424 "http://www.beklen.hu/fiok/kornyezet.htm" "Opera/9.80 (Windows NT 5.1; U; hu) Presto/2.10.229 Version/11.64"
178.164.244.56 - - [17/Jun/2012:11:42:23 +0200] "GET /fiok/css/js/prototype.js HTTP/1.1" 200 47603 "http://www.beklen.hu/fiok/kornyezet.htm" "Opera/9.80 (Windows NT 5.1; U; hu) Presto/2.10.229 Version/11.64"
178.164.244.56 - - [17/Jun/2012:11:42:23 +0200] "GET /fiok/css/js/effects.js HTTP/1.1" 200 31969 "http://www.beklen.hu/fiok/kornyezet.htm" "Opera/9.80 (Windows NT 5.1; U; hu) Presto/2.10.229 Version/11.64"
178.164.244.56 - - [17/Jun/2012:11:42:24 +0200] "GET /fiok/images/index_02_02.JPG HTTP/1.1" 200 1178 "http://www.beklen.hu/fiok/kornyezet.htm" "Opera/9.80 (Windows NT 5.1; U; hu) Presto/2.10.229 Version/11.64"
178.164.244.56 - - [17/Jun/2012:11:42:24 +0200] "GET /fiok/images/index_13.gif HTTP/1.1" 200 149 "http://www.beklen.hu/fiok/kornyezet.htm" "Opera/9.80 (Windows NT 5.1; U; hu) Presto/2.10.229 Version/11.64"
178.164.244.56 - - [17/Jun/2012:11:42:24 +0200] "GET /fiok/images/index_12_12.JPG HTTP/1.1" 200 985 "http://www.beklen.hu/fiok/kornyezet.htm" "Opera/9.80 (Windows NT 5.1; U; hu) Presto/2.10.229 Version/11.64"
178.164.244.56 - - [17/Jun/2012:11:42:24 +0200] "GET /fiok/images/index_14_14.JPG HTTP/1.1" 200 9305 "http://www.beklen.hu/fiok/kornyezet.htm" "Opera/9.80 (Windows NT 5.1; U; hu) Presto/2.10.229 Version/11.64"
178.164.244.56 - - [17/Jun/2012:11:42:24 +0200] "GET /fiok/images/index_11.gif HTTP/1.1" 200 74 "http://www.beklen.hu/fiok/kornyezet.htm" "Opera/9.80 (Windows NT 5.1; U; hu) Presto/2.10.229 Version/11.64"
178.164.244.56 - - [17/Jun/2012:11:42:24 +0200] "GET /fiok/images/index_19_19.JPG HTTP/1.1" 200 3123 "http://www.beklen.hu/fiok/kornyezet.htm" "Opera/9.80 (Windows NT 5.1; U; hu) Presto/2.10.229 Version/11.64"
178.164.244.56 - - [17/Jun/2012:11:42:24 +0200] "GET /fiok/images/index_16_16.JPG HTTP/1.1" 200 13468 "http://www.beklen.hu/fiok/kornyezet.htm" "Opera/9.80 (Windows NT 5.1; U; hu) Presto/2.10.229 Version/11.64"
178.164.244.56 - - [17/Jun/2012:11:42:24 +0200] "GET /fiok/images/index_17_17.jpg HTTP/1.1" 200 2374 "http://www.beklen.hu/fiok/kornyezet.htm" "Opera/9.80 (Windows NT 5.1; U; hu) Presto/2.10.229 Version/11.64"
178.164.244.56 - - [17/Jun/2012:11:42:24 +0200] "GET /fiok/images/a4a.jpg HTTP/1.1" 200 524 "http://www.beklen.hu/fiok/kornyezet.htm" "Opera/9.80 (Windows NT 5.1; U; hu) Presto/2.10.229 Version/11.64"
178.164.244.56 - - [17/Jun/2012:11:42:24 +0200] "GET /fiok/images/spacer.gif HTTP/1.1" 200 43 "http://www.beklen.hu/fiok/kornyezet.htm" "Opera/9.80 (Windows NT 5.1; U; hu) Presto/2.10.229 Version/11.64"
178.164.244.56 - - [17/Jun/2012:11:42:24 +0200] "GET /fiok/images/index_26.gif HTTP/1.1" 200 121 "http://www.beklen.hu/fiok/kornyezet.htm" "Opera/9.80 (Windows NT 5.1; U; hu) Presto/2.10.229 Version/11.64"
178.164.244.56 - - [17/Jun/2012:11:42:24 +0200] "GET /favicon.ico HTTP/1.1" 404 1181 "http://www.beklen.hu/fiok/kornyezet.htm" "Opera/9.80 (Windows NT 5.1; U; hu) Presto/2.10.229 Version/11.64"
178.164.244.56 - - [17/Jun/2012:11:42:24 +0200] "GET /fiok/images/index_18_18.JPG HTTP/1.1" 200 15778 "http://www.beklen.hu/fiok/kornyezet.htm" "Opera/9.80 (Windows NT 5.1; U; hu) Presto/2.10.229 Version/11.64"
178.164.244.56 - - [17/Jun/2012:11:42:24 +0200] "GET /fiok/images/d4d.jpg HTTP/1.1" 200 524 "http://www.beklen.hu/fiok/kornyezet.htm" "Opera/9.80 (Windows NT 5.1; U; hu) Presto/2.10.229 Version/11.64"
178.164.244.56 - - [17/Jun/2012:11:42:24 +0200] "GET /fiok/images/b4b.jpg HTTP/1.1" 200 524 "http://www.beklen.hu/fiok/kornyezet.htm" "Opera/9.80 (Windows NT 5.1; U; hu) Presto/2.10.229 Version/11.64"
178.164.244.56 - - [17/Jun/2012:11:42:24 +0200] "GET /fiok/images/index_25.gif HTTP/1.1" 200 708 "http://www.beklen.hu/fiok/kornyezet.htm" "Opera/9.80 (Windows NT 5.1; U; hu) Presto/2.10.229 Version/11.64"
178.164.244.56 - - [17/Jun/2012:11:42:24 +0200] "GET /fiok/images/index_15_15.JPG HTTP/1.1" 200 20275 "http://www.beklen.hu/fiok/kornyezet.htm" "Opera/9.80 (Windows NT 5.1; U; hu) Presto/2.10.229 Version/11.64"
178.164.244.56 - - [17/Jun/2012:11:42:24 +0200] "GET /fiok/images/index_27_27.jpg HTTP/1.1" 200 12876 "http://www.beklen.hu/fiok/kornyezet.htm" "Opera/9.80 (Windows NT 5.1; U; hu) Presto/2.10.229 Version/11.64"
178.164.244.56 - - [17/Jun/2012:11:42:24 +0200] "GET /fiok/images/e4e.jpg HTTP/1.1" 200 524 "http://www.beklen.hu/fiok/kornyezet.htm" "Opera/9.80 (Windows NT 5.1; U; hu) Presto/2.10.229 Version/11.64"
178.164.244.56 - - [17/Jun/2012:11:42:24 +0200] "GET /fiok/images/e4e.jpg HTTP/1.1" 200 524 "http://www.beklen.hu/fiok/kornyezet.htm" "Opera/9.80 (Windows NT 5.1; U; hu) Presto/2.10.229 Version/11.64"
178.164.244.56 - - [17/Jun/2012:11:42:24 +0200] "GET /fiok/images/c4c.jpg HTTP/1.1" 200 524 "http://www.beklen.hu/fiok/kornyezet.htm" "Opera/9.80 (Windows NT 5.1; U; hu) Presto/2.10.229 Version/11.64"
178.164.244.56 - - [17/Jun/2012:11:42:24 +0200] "GET /fiok/kepek/03.jpg HTTP/1.1" 200 80154 "http://www.beklen.hu/fiok/kornyezet.htm" "Opera/9.80 (Windows NT 5.1; U; hu) Presto/2.10.229 Version/11.64"
178.164.244.56 - - [17/Jun/2012:11:42:24 +0200] "GET /fiok/kepek/02.jpg HTTP/1.1" 200 82993 "http://www.beklen.hu/fiok/kornyezet.htm" "Opera/9.80 (Windows NT 5.1; U; hu) Presto/2.10.229 Version/11.64"
178.164.244.56 - - [17/Jun/2012:11:42:24 +0200] "GET /fiok/kepek/03.jpg HTTP/1.1" 200 80154 "http://www.beklen.hu/fiok/kornyezet.htm" "Opera/9.80 (Windows NT 5.1; U; hu) Presto/2.10.229 Version/11.64"
178.164.244.56 - - [17/Jun/2012:11:42:24 +0200] "GET /fiok/images/b4b.jpg HTTP/1.1" 200 524 "http://www.beklen.hu/fiok/kornyezet.htm" "Opera/9.80 (Windows NT 5.1; U; hu) Presto/2.10.229 Version/11.64"
178.164.244.56 - - [17/Jun/2012:11:42:24 +0200] "GET /fiok/images/index_28.gif HTTP/1.1" 200 262 "http://www.beklen.hu/fiok/kornyezet.htm" "Opera/9.80 (Windows NT 5.1; U; hu) Presto/2.10.229 Version/11.64"
178.164.244.56 - - [17/Jun/2012:11:42:24 +0200] "GET /fiok/images/b12.jpg HTTP/1.1" 200 544 "http://www.beklen.hu/fiok/kornyezet.htm" "Opera/9.80 (Windows NT 5.1; U; hu) Presto/2.10.229 Version/11.64"
178.164.244.56 - - [17/Jun/2012:11:42:24 +0200] "GET /fiok/images/index_28.gif HTTP/1.1" 200 262 "http://www.beklen.hu/fiok/kornyezet.htm" "Opera/9.80 (Windows NT 5.1; U; hu) Presto/2.10.229 Version/11.64"
178.164.244.56 - - [17/Jun/2012:11:42:24 +0200] "GET /fiok/images/index_24.gif HTTP/1.1" 200 227 "http://www.beklen.hu/fiok/kornyezet.htm" "Opera/9.80 (Windows NT 5.1; U; hu) Presto/2.10.229 Version/11.64"
178.164.244.56 - - [17/Jun/2012:11:42:24 +0200] "GET /fiok/kepek/02.jpg HTTP/1.1" 200 82993 "http://www.beklen.hu/fiok/kornyezet.htm" "Opera/9.80 (Windows NT 5.1; U; hu) Presto/2.10.229 Version/11.64"
178.164.244.56 - - [17/Jun/2012:11:42:24 +0200] "GET /fiok/images/index_22.gif HTTP/1.1" 200 227 "http://www.beklen.hu/fiok/kornyezet.htm" "Opera/9.80 (Windows NT 5.1; U; hu) Presto/2.10.229 Version/11.64"
178.164.244.56 - - [17/Jun/2012:11:42:24 +0200] "GET /lb/images/loading.gif HTTP/1.1" 200 2767 "http://www.beklen.hu/fiok/kornyezet.htm" "Opera/9.80 (Windows NT 5.1; U; hu) Presto/2.10.229 Version/11.64"
178.164.244.56 - - [17/Jun/2012:11:42:24 +0200] "GET /lb/images/closelabel.gif HTTP/1.1" 200 222 "http://www.beklen.hu/fiok/kornyezet.htm" "Opera/9.80 (Windows NT 5.1; U; hu) Presto/2.10.229 Version/11.64"
208.115.113.84 - - [17/Jun/2012:12:36:21 +0200] "GET /robots.txt HTTP/1.1" 404 1181 "-" "Mozilla/5.0 (compatible; Ezooms/1.0; ezooms.bot@gmail.com)"
66.249.72.2 - - [17/Jun/2012:12:50:26 +0200] "GET / HTTP/1.1" 304 - "-" "Mozilla/5.0 (compatible; Googlebot/2.1; +http://www.google.com/bot.html)"
66.249.72.240 - - [17/Jun/2012:13:09:04 +0200] "GET /jog/jogszabalyok/Natura2000_gyepkezelesi_rendelet.pdf HTTP/1.1" 304 - "-" "Mozilla/5.0 (compatible; Googlebot/2.1; +http://www.google.com/bot.html)"
208.115.113.84 - - [17/Jun/2012:14:16:16 +0200] "GET /jog/publikaciok.htm HTTP/1.1" 200 17866 "-" "Mozilla/5.0 (compatible; Ezooms/1.0; ezooms.bot@gmail.com)"
62.249.170.129 - - [17/Jun/2012:14:29:08 +0200] "GET /robots.txt HTTP/1.0" 404 1181 "-" "Mozilla/5.0 (compatible; MJ12bot/v1.4.3; http://www.majestic12.co.uk/bot.php?+)"
62.249.170.129 - - [17/Jun/2012:14:29:10 +0200] "GET / HTTP/1.1" 200 23794 "-" "Mozilla/5.0 (compatible; MJ12bot/v1.4.3; http://www.majestic12.co.uk/bot.php?+)"
208.115.113.84 - - [17/Jun/2012:16:01:34 +0200] "GET /robots.txt HTTP/1.1" 404 1181 "-" "Mozilla/5.0 (compatible; Ezooms/1.0; ezooms.bot@gmail.com)"
66.249.71.25 - - [17/Jun/2012:17:21:16 +0200] "GET /robots.txt HTTP/1.1" 404 1181 "-" "Mozilla/5.0 (compatible; Googlebot/2.1; +http://www.google.com/bot.html)"
66.249.71.25 - - [17/Jun/2012:17:21:16 +0200] "GET /jog/jogszabalyok/kornyezetvedelmi_torveny.pdf HTTP/1.1" 304 - "-" "Mozilla/5.0 (compatible; Googlebot/2.1; +http://www.google.com/bot.html)"
208.115.113.84 - - [17/Jun/2012:17:41:03 +0200] "GET /jog/publikaciok.htm HTTP/1.1" 200 17866 "-" "Mozilla/5.0 (compatible; Ezooms/1.0; ezooms.bot@gmail.com)"
208.115.113.84 - - [17/Jun/2012:19:28:15 +0200] "GET /robots.txt HTTP/1.1" 404 1181 "-" "Mozilla/5.0 (compatible; Ezooms/1.0; ezooms.bot@gmail.com)"
208.115.113.84 - - [17/Jun/2012:21:41:39 +0200] "GET /robots.txt HTTP/1.1" 404 1181 "-" "Mozilla/5.0 (compatible; Ezooms/1.0; ezooms.bot@gmail.com)"
66.249.71.226 - - [17/Jun/2012:22:46:20 +0200] "GET /robots.txt HTTP/1.1" 404 1181 "-" "Mozilla/5.0 (compatible; Googlebot/2.1; +http://www.google.com/bot.html)"
66.249.71.226 - - [17/Jun/2012:22:46:21 +0200] "GET /jog/eseteink/korosladany/beavatkozas_tajekoztat_mszh.pdf HTTP/1.1" 200 143606 "-" "Mozilla/5.0 (compatible; Googlebot/2.1; +http://www.google.com/bot.html)"
208.115.113.84 - - [17/Jun/2012:23:31:05 +0200] "GET /jog/publikaciok.htm HTTP/1.1" 200 17866 "-" "Mozilla/5.0 (compatible; Ezooms/1.0; ezooms.bot@gmail.com)"
208.115.113.84 - - [18/Jun/2012:01:06:07 +0200] "GET /robots.txt HTTP/1.1" 404 1181 "-" "Mozilla/5.0 (compatible; Ezooms/1.0; ezooms.bot@gmail.com)"
208.115.113.84 - - [18/Jun/2012:02:42:50 +0200] "GET /jog/publikaciok.htm HTTP/1.1" 200 17866 "-" "Mozilla/5.0 (compatible; Ezooms/1.0; ezooms.bot@gmail.com)"
77.20.4.67 - - [18/Jun/2012:02:56:02 +0200] "GET / HTTP/1.1" 200 23794 "-" "findlinks/2.0.2 (+http://wortschatz.uni-leipzig.de/findlinks/)"
66.249.71.226 - - [18/Jun/2012:02:57:41 +0200] "GET /jog/jogszabalyok/vadaszati_torveny.pdf HTTP/1.1" 200 741096 "-" "Mozilla/5.0 (compatible; Googlebot/2.1; +http://www.google.com/bot.html)"
178.154.210.252 - - [18/Jun/2012:03:24:08 +0200] "GET /index.htm HTTP/1.1" 200 23794 "-" "Mozilla/5.0 (compatible; YandexBot/3.0; +http://yandex.com/bots)"
208.115.113.84 - - [18/Jun/2012:04:32:02 +0200] "GET /robots.txt HTTP/1.1" 404 1181 "-" "Mozilla/5.0 (compatible; Ezooms/1.0; ezooms.bot@gmail.com)"
208.115.113.84 - - [18/Jun/2012:06:14:12 +0200] "GET /jog/publikaciok.htm HTTP/1.1" 200 17866 "-" "Mozilla/5.0 (compatible; Ezooms/1.0; ezooms.bot@gmail.com)"
184.107.247.194 - - [18/Jun/2012:07:18:41 +0200] "GET / HTTP/1.0" 200 23794 "http://www.beklen.hu/" "Mozilla/5.0 (Windows NT 5.1; rv:11.0) Gecko/20100101 Firefox/11.0"
2.136.94.225 - - [18/Jun/2012:07:22:59 +0200] "GET / HTTP/1.1" 200 23794 "-" "Java/1.7.0_04"
2.136.94.225 - - [18/Jun/2012:07:22:58 +0200] "GET /hirarchivum.htm HTTP/1.1" 200 24981 "-" "Java/1.7.0_04"
2.136.94.225 - - [18/Jun/2012:07:22:59 +0200] "GET /index.htm HTTP/1.1" 200 23794 "-" "Java/1.7.0_04"
2.136.94.225 - - [18/Jun/2012:07:23:00 +0200] "GET /kapcsolat.htm HTTP/1.1" 200 6889 "-" "Java/1.7.0_04"
2.136.94.225 - - [18/Jun/2012:07:23:00 +0200] "GET /magunkrol.htm HTTP/1.1" 200 9202 "-" "Java/1.7.0_04"
2.136.94.225 - - [18/Jun/2012:07:23:00 +0200] "GET /media.htm HTTP/1.1" 200 5208 "-" "Java/1.7.0_04"
2.136.94.225 - - [18/Jun/2012:07:23:01 +0200] "GET /programok.htm HTTP/1.1" 200 6444 "-" "Java/1.7.0_04"
2.136.94.225 - - [18/Jun/2012:07:23:01 +0200] "GET /vill.cs HTTP/1.1" 200 2676 "-" "Java/1.7.0_04"
2.136.94.225 - - [18/Jun/2012:07:23:01 +0200] "GET /hirek08_10.htm HTTP/1.1" 200 6946 "-" "Java/1.7.0_04"
2.136.94.225 - - [18/Jun/2012:07:23:02 +0200] "GET /hirek08_11.htm HTTP/1.1" 200 7253 "-" "Java/1.7.0_04"
2.136.94.225 - - [18/Jun/2012:07:23:02 +0200] "GET /hirek08_12.htm HTTP/1.1" 200 8268 "-" "Java/1.7.0_04"
2.136.94.225 - - [18/Jun/2012:07:23:03 +0200] "GET /hirek09_01.htm HTTP/1.1" 200 6841 "-" "Java/1.7.0_04"
2.136.94.225 - - [18/Jun/2012:07:23:03 +0200] "GET /hirek09_02.htm HTTP/1.1" 200 7450 "-" "Java/1.7.0_04"
2.136.94.225 - - [18/Jun/2012:07:23:04 +0200] "GET /hirek09_03.htm HTTP/1.1" 200 10726 "-" "Java/1.7.0_04"
2.136.94.225 - - [18/Jun/2012:07:23:04 +0200] "GET /&url=kapcsolat.htm HTTP/1.1" 404 1181 "-" "Java/1.7.0_04"
2.136.94.225 - - [18/Jun/2012:07:23:04 +0200] "GET /&url=programok.htm HTTP/1.1" 404 1181 "-" "Java/1.7.0_04"
2.136.94.225 - - [18/Jun/2012:07:23:05 +0200] "GET /&url=adomanyi.htm HTTP/1.1" 404 1181 "-" "Java/1.7.0_04"
2.136.94.225 - - [18/Jun/2012:07:23:05 +0200] "GET /bunt.htm HTTP/1.1" 200 5683 "-" "Java/1.7.0_04"
2.136.94.225 - - [18/Jun/2012:07:23:05 +0200] "GET /civilmuhely.htm HTTP/1.1" 200 8450 "-" "Java/1.7.0_04"
2.136.94.225 - - [18/Jun/2012:07:23:06 +0200] "GET /khb.htm HTTP/1.1" 200 8719 "-" "Java/1.7.0_04"
2.136.94.225 - - [18/Jun/2012:07:23:06 +0200] "GET /nca.htm HTTP/1.1" 200 7467 "-" "Java/1.7.0_04"
2.136.94.225 - - [18/Jun/2012:07:23:07 +0200] "GET /ncta.htm HTTP/1.1" 200 7221 "-" "Java/1.7.0_04"
2.136.94.225 - - [18/Jun/2012:07:23:07 +0200] "GET /nka.htm HTTP/1.1" 200 6221 "-" "Java/1.7.0_04"
2.136.94.225 - - [18/Jun/2012:07:23:07 +0200] "GET /szakmai.htm HTTP/1.1" 200 6054 "-" "Java/1.7.0_04"
2.136.94.225 - - [18/Jun/2012:07:23:07 +0200] "GET /ncta_a.htm HTTP/1.1" 200 7260 "-" "Java/1.7.0_04"
2.136.94.225 - - [18/Jun/2012:07:23:08 +0200] "GET /&url=civilmuhely.htm HTTP/1.1" 404 1181 "-" "Java/1.7.0_04"
2.136.94.225 - - [18/Jun/2012:07:23:08 +0200] "GET /&url=magunkrol.htm HTTP/1.1" 404 1181 "-" "Java/1.7.0_04"
2.136.94.225 - - [18/Jun/2012:07:23:08 +0200] "GET /nca04.htm HTTP/1.1" 200 16378 "-" "Java/1.7.0_04"
2.136.94.225 - - [18/Jun/2012:07:23:09 +0200] "GET /nca05.htm HTTP/1.1" 200 16412 "-" "Java/1.7.0_04"
2.136.94.225 - - [18/Jun/2012:07:23:09 +0200] "GET /nca06.htm HTTP/1.1" 200 19034 "-" "Java/1.7.0_04"
2.136.94.225 - - [18/Jun/2012:07:23:10 +0200] "GET /nca07.htm HTTP/1.1" 200 21968 "-" "Java/1.7.0_04"
2.136.94.225 - - [18/Jun/2012:07:23:11 +0200] "GET /nca08.htm HTTP/1.1" 200 21795 "-" "Java/1.7.0_04"
2.136.94.225 - - [18/Jun/2012:07:23:11 +0200] "GET /nca09.htm HTTP/1.1" 200 24315 "-" "Java/1.7.0_04"
2.136.94.225 - - [18/Jun/2012:07:23:12 +0200] "GET /nca10.htm HTTP/1.1" 200 16648 "-" "Java/1.7.0_04"
2.136.94.225 - - [18/Jun/2012:07:23:12 +0200] "GET /nca11.htm HTTP/1.1" 200 7133 "-" "Java/1.7.0_04"
2.136.94.225 - - [18/Jun/2012:07:23:12 +0200] "GET /kiadvanyok.htm HTTP/1.1" 200 8206 "-" "Java/1.7.0_04"
2.136.94.225 - - [18/Jun/2012:07:23:13 +0200] "GET /deutsch/index.htm HTTP/1.1" 200 5324 "-" "Java/1.7.0_04"
2.136.94.225 - - [18/Jun/2012:07:23:13 +0200] "GET /english/index.htm HTTP/1.1" 200 5262 "-" "Java/1.7.0_04"
2.136.94.225 - - [18/Jun/2012:07:23:14 +0200] "GET /fiok/index.html HTTP/1.1" 200 20554 "-" "Java/1.7.0_04"
2.136.94.225 - - [18/Jun/2012:07:23:14 +0200] "GET /hirek/hirek091015.htm HTTP/1.1" 200 7046 "-" "Java/1.7.0_04"
2.136.94.225 - - [18/Jun/2012:07:23:15 +0200] "GET /hirek/hirek091102.htm HTTP/1.1" 200 8538 "-" "Java/1.7.0_04"
2.136.94.225 - - [18/Jun/2012:07:23:16 +0200] "GET /hirek/hirek091103.htm HTTP/1.1" 200 7301 "-" "Java/1.7.0_04"
2.136.94.225 - - [18/Jun/2012:07:23:16 +0200] "GET /hirek/hirek091221.htm HTTP/1.1" 200 6740 "-" "Java/1.7.0_04"
2.136.94.225 - - [18/Jun/2012:07:23:17 +0200] "GET /hirek/hirek100225.htm HTTP/1.1" 200 7288 "-" "Java/1.7.0_04"
208.115.113.84 - - [18/Jun/2012:07:57:52 +0200] "GET /robots.txt HTTP/1.1" 404 1181 "-" "Mozilla/5.0 (compatible; Ezooms/1.0; ezooms.bot@gmail.com)"
217.69.133.31 - - [18/Jun/2012:08:36:45 +0200] "GET / HTTP/1.0" 200 23794 "-" "Mozilla/5.0 (compatible; Mail.RU/2.0)"
66.249.71.25 - - [18/Jun/2012:09:29:23 +0200] "GET /robots.txt HTTP/1.1" 404 1181 "-" "Mozilla/5.0 (compatible; Googlebot/2.1; +http://www.google.com/bot.html)"
66.249.71.25 - - [18/Jun/2012:09:29:23 +0200] "GET /jog/jogszabalyok/2008_evi_liii_torveny_hatalyos_cites_fuggelekek.doc HTTP/1.1" 304 - "-" "Mozilla/5.0 (compatible; Googlebot/2.1; +http://www.google.com/bot.html)"
207.46.199.52 - - [18/Jun/2012:09:31:23 +0200] "GET /robots.txt HTTP/1.1" 404 1181 "-" "Mozilla/5.0 (compatible; bingbot/2.0; +http://www.bing.com/bingbot.htm)"
207.46.199.52 - - [18/Jun/2012:09:32:05 +0200] "GET / HTTP/1.1" 304 - "-" "Mozilla/5.0 (compatible; bingbot/2.0; +http://www.bing.com/bingbot.htm)"
208.115.113.84 - - [18/Jun/2012:09:35:58 +0200] "GET /jog/publikaciok.htm HTTP/1.1" 200 17866 "-" "Mozilla/5.0 (compatible; Ezooms/1.0; ezooms.bot@gmail.com)"
207.46.13.100 - - [18/Jun/2012:10:13:09 +0200] "GET /hirek/hirek090619.htm HTTP/1.1" 304 - "-" "Mozilla/5.0 (compatible; bingbot/2.0; +http://www.bing.com/bingbot.htm)"
66.249.71.226 - - [18/Jun/2012:10:44:40 +0200] "GET / HTTP/1.1" 200 23794 "-" "Mozilla/5.0 (iPhone; U; CPU iPhone OS 4_1 like Mac OS X; en-us) AppleWebKit/532.9 (KHTML, like Gecko) Version/4.0.5 Mobile/8B117 Safari/6531.22.7 (compatible; Googlebot-Mobile/2.1; +http://www.google.com/bot.html)"
66.249.71.226 - - [18/Jun/2012:10:48:38 +0200] "GET /robots.txt HTTP/1.1" 404 1181 "-" "Mozilla/5.0 (compatible; Googlebot/2.1; +http://www.google.com/bot.html)"
66.249.71.226 - - [18/Jun/2012:10:48:38 +0200] "GET /hirek/hirek090428.htm HTTP/1.1" 304 - "-" "Mozilla/5.0 (compatible; Googlebot/2.1; +http://www.google.com/bot.html)"
66.249.71.226 - - [18/Jun/2012:10:55:21 +0200] "GET /lb/js/lightbox.js HTTP/1.1" 200 23424 "-" "Mozilla/5.0 (compatible; Googlebot/2.1; +http://www.google.com/bot.html)"
66.249.71.226 - - [18/Jun/2012:10:55:22 +0200] "GET /lb/js/prototype.js HTTP/1.1" 200 47603 "-" "Mozilla/5.0 (compatible; Googlebot/2.1; +http://www.google.com/bot.html)"
66.249.71.226 - - [18/Jun/2012:10:55:25 +0200] "GET /lb/js/effects.js HTTP/1.1" 200 31969 "-" "Mozilla/5.0 (compatible; Googlebot/2.1; +http://www.google.com/bot.html)"
66.249.71.226 - - [18/Jun/2012:10:55:26 +0200] "GET /lb/css/lightbox.css HTTP/1.1" 200 1715 "-" "Mozilla/5.0 (compatible; Googlebot/2.1; +http://www.google.com/bot.html)"
67.195.111.251 - - [18/Jun/2012:10:59:54 +0200] "GET /robots.txt HTTP/1.0" 404 1181 "-" "Mozilla/5.0 (compatible; Yahoo! Slurp; http://help.yahoo.com/help/us/ysearch/slurp)"
67.195.111.251 - - [18/Jun/2012:10:59:55 +0200] "GET /SlurpConfirm404/goodriddance.htm HTTP/1.0" 404 1181 "-" "Mozilla/5.0 (compatible; Yahoo! Slurp; http://help.yahoo.com/help/us/ysearch/slurp)"
208.115.113.84 - - [18/Jun/2012:11:24:52 +0200] "GET /robots.txt HTTP/1.1" 404 1181 "-" "Mozilla/5.0 (compatible; Ezooms/1.0; ezooms.bot@gmail.com)"
178.154.210.252 - - [18/Jun/2012:12:41:48 +0200] "GET /robots.txt HTTP/1.1" 404 1181 "-" "Mozilla/5.0 (compatible; YandexBot/3.0; +http://yandex.com/bots)"
178.154.210.252 - - [18/Jun/2012:12:41:50 +0200] "GET / HTTP/1.1" 200 23794 "-" "Mozilla/5.0 (compatible; YandexBot/3.0; +http://yandex.com/bots)"
195.228.161.126 - - [18/Jun/2012:13:01:25 +0200] "GET /jog/eseteink/derekegyhaza/asz_kerites_ugyfel_fellebezes.pdf HTTP/1.0" 200 145899 "http://www.google.hu/url?sa=t&rct=j&q=nimfea+term%C3%A9szetv%C3%A9delmi+egyes%C3%BClt&source=web&cd=6&ved=0CF0QFjAF&url=http%3A%2F%2Fwww.beklen.hu%2Fjog%2Feseteink%2Fderekegyhaza%2Fasz_kerites_ugyfel_fellebezes.pdf&ei=YQrfT4nGEMio4gTG8oikCg&usg=AFQjCNH4m_Uvhrd8zccSefvZPDEETTsVAA" "Mozilla/5.0 (Windows NT 6.1; WOW64; rv:13.0) Gecko/20100101 Firefox/13.0"
195.228.161.126 - - [18/Jun/2012:13:01:25 +0200] "GET /favicon.ico HTTP/1.0" 404 1181 "-" "Mozilla/5.0 (Windows NT 6.1; WOW64; rv:13.0) Gecko/20100101 Firefox/13.0"
195.228.161.126 - - [18/Jun/2012:13:01:26 +0200] "GET /favicon.ico HTTP/1.0" 404 1181 "-" "Mozilla/5.0 (Windows NT 6.1; WOW64; rv:13.0) Gecko/20100101 Firefox/13.0"
195.228.161.126 - - [18/Jun/2012:13:01:26 +0200] "GET /favicon.ico HTTP/1.0" 404 1181 "-" "Mozilla/5.0 (Windows NT 6.1; WOW64; rv:13.0) Gecko/20100101 Firefox/13.0"
66.249.71.226 - - [18/Jun/2012:13:10:42 +0200] "GET /hirarchivum.htm HTTP/1.1" 304 - "-" "Mozilla/5.0 (iPhone; U; CPU iPhone OS 4_1 like Mac OS X; en-us) AppleWebKit/532.9 (KHTML, like Gecko) Version/4.0.5 Mobile/8B117 Safari/6531.22.7 (compatible; Googlebot-Mobile/2.1; +http://www.google.com/bot.html)"
208.115.113.84 - - [18/Jun/2012:13:44:29 +0200] "GET /robots.txt HTTP/1.1" 404 1181 "-" "Mozilla/5.0 (compatible; Ezooms/1.0; ezooms.bot@gmail.com)"
208.115.113.84 - - [18/Jun/2012:14:29:54 +0200] "GET /robots.txt HTTP/1.1" 404 1181 "-" "Mozilla/5.0 (compatible; Ezooms/1.0; ezooms.bot@gmail.com)"
178.154.210.252 - - [18/Jun/2012:14:40:14 +0200] "GET /hirek/hirek091103.htm HTTP/1.1" 304 - "-" "Mozilla/5.0 (compatible; YandexBot/3.0; +http://yandex.com/bots)"
77.20.4.67 - - [18/Jun/2012:16:01:55 +0200] "GET /robots.txt HTTP/1.1" 404 1181 "-" "findlinks/2.0.2 (+http://wortschatz.uni-leipzig.de/findlinks/)"
208.115.113.84 - - [18/Jun/2012:16:11:49 +0200] "GET /jog/publikaciok.htm HTTP/1.1" 200 17866 "-" "Mozilla/5.0 (compatible; Ezooms/1.0; ezooms.bot@gmail.com)"
66.249.72.2 - - [18/Jun/2012:16:35:33 +0200] "GET /robots.txt HTTP/1.1" 404 1181 "-" "Mozilla/5.0 (compatible; Googlebot/2.1; +http://www.google.com/bot.html)"
66.249.72.2 - - [18/Jun/2012:16:35:34 +0200] "GET /jog/pub/jogi.jpg HTTP/1.1" 200 98889 "-" "Googlebot-Image/1.0"
213.186.119.142 - - [18/Jun/2012:16:44:41 +0200] "GET /fiok/ HTTP/1.1" 200 20554 "-" "Mozilla/5.0 (compatible; AhrefsBot/3.0; +http://ahrefs.com/robot/)"
67.195.111.251 - - [18/Jun/2012:17:01:30 +0200] "GET /SlurpConfirm404/lovewillkeepus/tennis.htm HTTP/1.0" 404 1181 "-" "Mozilla/5.0 (compatible; Yahoo! Slurp; http://help.yahoo.com/help/us/ysearch/slurp)"
208.115.113.84 - - [18/Jun/2012:17:47:53 +0200] "GET /robots.txt HTTP/1.1" 404 1181 "-" "Mozilla/5.0 (compatible; Ezooms/1.0; ezooms.bot@gmail.com)"
139.18.2.209 - - [18/Jun/2012:17:55:08 +0200] "GET /robots.txt HTTP/1.1" 404 1181 "-" "findlinks/2.6 (+http://wortschatz.uni-leipzig.de/findlinks/)"
178.154.210.252 - - [18/Jun/2012:18:04:34 +0200] "GET /hirek/hirek101213.htm HTTP/1.1" 304 - "-" "Mozilla/5.0 (compatible; YandexBot/3.0; +http://yandex.com/bots)"
89.123.6.61 - - [18/Jun/2012:18:21:50 +0200] "GET / HTTP/1.1" 200 23794 "-" "Java/1.6.0_04"
89.123.6.61 - - [18/Jun/2012:18:21:52 +0200] "GET /hirarchivum.htm HTTP/1.1" 200 24981 "-" "Java/1.6.0_04"
89.123.6.61 - - [18/Jun/2012:18:21:53 +0200] "GET /index.htm HTTP/1.1" 200 23794 "-" "Java/1.6.0_04"
89.123.6.61 - - [18/Jun/2012:18:21:54 +0200] "GET /kapcsolat.htm HTTP/1.1" 200 6889 "-" "Java/1.6.0_04"
89.123.6.61 - - [18/Jun/2012:18:21:54 +0200] "GET /magunkrol.htm HTTP/1.1" 200 9202 "-" "Java/1.6.0_04"
89.123.6.61 - - [18/Jun/2012:18:21:54 +0200] "GET /media.htm HTTP/1.1" 200 5208 "-" "Java/1.6.0_04"
89.123.6.61 - - [18/Jun/2012:18:21:55 +0200] "GET /programok.htm HTTP/1.1" 200 6444 "-" "Java/1.6.0_04"
89.123.6.61 - - [18/Jun/2012:18:21:56 +0200] "GET /vill.cs HTTP/1.1" 200 2676 "-" "Java/1.6.0_04"
89.123.6.61 - - [18/Jun/2012:18:21:56 +0200] "GET /hirek08_10.htm HTTP/1.1" 200 6946 "-" "Java/1.6.0_04"
89.123.6.61 - - [18/Jun/2012:18:21:56 +0200] "GET /hirek08_11.htm HTTP/1.1" 200 7253 "-" "Java/1.6.0_04"
89.123.6.61 - - [18/Jun/2012:18:21:56 +0200] "GET /hirek08_12.htm HTTP/1.1" 200 8268 "-" "Java/1.6.0_04"
89.123.6.61 - - [18/Jun/2012:18:21:57 +0200] "GET /hirek09_01.htm HTTP/1.1" 200 6841 "-" "Java/1.6.0_04"
89.123.6.61 - - [18/Jun/2012:18:21:57 +0200] "GET /hirek09_02.htm HTTP/1.1" 200 7450 "-" "Java/1.6.0_04"
89.123.6.61 - - [18/Jun/2012:18:21:58 +0200] "GET /hirek09_03.htm HTTP/1.1" 200 10726 "-" "Java/1.6.0_04"
89.123.6.61 - - [18/Jun/2012:18:21:58 +0200] "GET /&url=kapcsolat.htm HTTP/1.1" 404 1181 "-" "Java/1.6.0_04"
89.123.6.61 - - [18/Jun/2012:18:21:58 +0200] "GET /&url=programok.htm HTTP/1.1" 404 1181 "-" "Java/1.6.0_04"
89.123.6.61 - - [18/Jun/2012:18:21:58 +0200] "GET /&url=adomanyi.htm HTTP/1.1" 404 1181 "-" "Java/1.6.0_04"
89.123.6.61 - - [18/Jun/2012:18:21:58 +0200] "GET /bunt.htm HTTP/1.1" 200 5683 "-" "Java/1.6.0_04"
89.123.6.61 - - [18/Jun/2012:18:21:58 +0200] "GET /civilmuhely.htm HTTP/1.1" 200 8450 "-" "Java/1.6.0_04"
89.123.6.61 - - [18/Jun/2012:18:21:59 +0200] "GET /khb.htm HTTP/1.1" 200 8719 "-" "Java/1.6.0_04"
89.123.6.61 - - [18/Jun/2012:18:21:59 +0200] "GET /nca.htm HTTP/1.1" 200 7467 "-" "Java/1.6.0_04"
89.123.6.61 - - [18/Jun/2012:18:21:59 +0200] "GET /ncta.htm HTTP/1.1" 200 7221 "-" "Java/1.6.0_04"
89.123.6.61 - - [18/Jun/2012:18:21:59 +0200] "GET /nka.htm HTTP/1.1" 200 6221 "-" "Java/1.6.0_04"
89.123.6.61 - - [18/Jun/2012:18:21:59 +0200] "GET /szakmai.htm HTTP/1.1" 200 6054 "-" "Java/1.6.0_04"
89.123.6.61 - - [18/Jun/2012:18:21:59 +0200] "GET /ncta_a.htm HTTP/1.1" 200 7260 "-" "Java/1.6.0_04"
89.123.6.61 - - [18/Jun/2012:18:22:00 +0200] "GET /&url=civilmuhely.htm HTTP/1.1" 404 1181 "-" "Java/1.6.0_04"
89.123.6.61 - - [18/Jun/2012:18:22:00 +0200] "GET /&url=magunkrol.htm HTTP/1.1" 404 1181 "-" "Java/1.6.0_04"
89.123.6.61 - - [18/Jun/2012:18:22:00 +0200] "GET /nca04.htm HTTP/1.1" 200 16378 "-" "Java/1.6.0_04"
89.123.6.61 - - [18/Jun/2012:18:22:00 +0200] "GET /nca05.htm HTTP/1.1" 200 16412 "-" "Java/1.6.0_04"
89.123.6.61 - - [18/Jun/2012:18:22:01 +0200] "GET /nca06.htm HTTP/1.1" 200 19034 "-" "Java/1.6.0_04"
89.123.6.61 - - [18/Jun/2012:18:22:01 +0200] "GET /nca07.htm HTTP/1.1" 200 21968 "-" "Java/1.6.0_04"
89.123.6.61 - - [18/Jun/2012:18:22:02 +0200] "GET /nca08.htm HTTP/1.1" 200 21795 "-" "Java/1.6.0_04"
89.123.6.61 - - [18/Jun/2012:18:22:02 +0200] "GET /nca09.htm HTTP/1.1" 200 24315 "-" "Java/1.6.0_04"
89.123.6.61 - - [18/Jun/2012:18:22:02 +0200] "GET /nca10.htm HTTP/1.1" 200 16648 "-" "Java/1.6.0_04"
89.123.6.61 - - [18/Jun/2012:18:22:03 +0200] "GET /nca11.htm HTTP/1.1" 200 7133 "-" "Java/1.6.0_04"
89.123.6.61 - - [18/Jun/2012:18:22:03 +0200] "GET /kiadvanyok.htm HTTP/1.1" 200 8206 "-" "Java/1.6.0_04"
89.123.6.61 - - [18/Jun/2012:18:22:03 +0200] "GET /deutsch/index.htm HTTP/1.1" 200 5324 "-" "Java/1.6.0_04"
89.123.6.61 - - [18/Jun/2012:18:22:03 +0200] "GET /english/index.htm HTTP/1.1" 200 5262 "-" "Java/1.6.0_04"
89.123.6.61 - - [18/Jun/2012:18:22:03 +0200] "GET /fiok/index.html HTTP/1.1" 200 20554 "-" "Java/1.6.0_04"
89.123.6.61 - - [18/Jun/2012:18:22:04 +0200] "GET /hirek/hirek091015.htm HTTP/1.1" 200 7046 "-" "Java/1.6.0_04"
89.123.6.61 - - [18/Jun/2012:18:22:04 +0200] "GET /hirek/hirek091102.htm HTTP/1.1" 200 8538 "-" "Java/1.6.0_04"
89.123.6.61 - - [18/Jun/2012:18:22:04 +0200] "GET /hirek/hirek091103.htm HTTP/1.1" 200 7301 "-" "Java/1.6.0_04"
89.123.6.61 - - [18/Jun/2012:18:22:04 +0200] "GET /hirek/hirek091221.htm HTTP/1.1" 200 6740 "-" "Java/1.6.0_04"
89.123.6.61 - - [18/Jun/2012:18:22:05 +0200] "GET /hirek/hirek100225.htm HTTP/1.1" 200 7288 "-" "Java/1.6.0_04"
66.249.72.2 - - [18/Jun/2012:18:28:13 +0200] "GET /jog/pub/szoro.jpg HTTP/1.1" 200 111261 "-" "Googlebot-Image/1.0"
208.115.113.84 - - [18/Jun/2012:19:04:04 +0200] "GET /jog/publikaciok.htm HTTP/1.1" 200 17866 "-" "Mozilla/5.0 (compatible; Ezooms/1.0; ezooms.bot@gmail.com)"
208.115.113.84 - - [18/Jun/2012:21:15:10 +0200] "GET /robots.txt HTTP/1.1" 404 1181 "-" "Mozilla/5.0 (compatible; Ezooms/1.0; ezooms.bot@gmail.com)"
176.9.172.132 - - [18/Jun/2012:21:43:15 +0200] "GET /fiok/ HTTP/1.1" 200 20554 "http://www.beklen.hu/" "Mozilla/4.0 (compatible; MSIE 6.0; Windows NT 5.1; SV1; FunWebProducts; .NET CLR 1.1.4322; PeoplePal 6.2)"
208.115.113.84 - - [18/Jun/2012:22:54:16 +0200] "GET /jog/publikaciok.htm HTTP/1.1" 200 17866 "-" "Mozilla/5.0 (compatible; Ezooms/1.0; ezooms.bot@gmail.com)"
74.125.78.83 - - [18/Jun/2012:23:57:25 +0200] "GET /jog/rendorsegifeljelentes.htm HTTP/1.1" 200 13536 "http://www.google.com/search" "Mozilla/5.0 (X11; Linux x86_64) AppleWebKit/536.8 (KHTML, like Gecko; Google Web Preview) Chrome/19.0.1084.36 Safari/536.8"
74.125.78.90 - - [18/Jun/2012:23:57:25 +0200] "GET /jog/css/script.js HTTP/1.1" 200 6975 "http://www.beklen.hu/jog/rendorsegifeljelentes.htm" "Mozilla/5.0 (X11; Linux x86_64) AppleWebKit/536.8 (KHTML, like Gecko; Google Web Preview) Chrome/19.0.1084.36 Safari/536.8"
74.125.78.88 - - [18/Jun/2012:23:57:25 +0200] "GET /jog/css/style.css HTTP/1.1" 200 23764 "http://www.beklen.hu/jog/rendorsegifeljelentes.htm" "Mozilla/5.0 (X11; Linux x86_64) AppleWebKit/536.8 (KHTML, like Gecko; Google Web Preview) Chrome/19.0.1084.36 Safari/536.8"
74.125.78.83 - - [18/Jun/2012:23:57:26 +0200] "GET /jog/css/jquery.js HTTP/1.1" 200 72174 "http://www.beklen.hu/jog/rendorsegifeljelentes.htm" "Mozilla/5.0 (X11; Linux x86_64) AppleWebKit/536.8 (KHTML, like Gecko; Google Web Preview) Chrome/19.0.1084.36 Safari/536.8"
74.125.78.90 - - [18/Jun/2012:23:57:26 +0200] "GET /jog2/images/nav.png HTTP/1.1" 200 11000 "http://www.beklen.hu/jog/rendorsegifeljelentes.htm" "Mozilla/5.0 (X11; Linux x86_64) AppleWebKit/536.8 (KHTML, like Gecko; Google Web Preview) Chrome/19.0.1084.36 Safari/536.8"
74.125.78.91 - - [18/Jun/2012:23:57:26 +0200] "GET /jog2/images/sidebar_bg.png HTTP/1.1" 200 96 "http://www.beklen.hu/jog/rendorsegifeljelentes.htm" "Mozilla/5.0 (X11; Linux x86_64) AppleWebKit/536.8 (KHTML, like Gecko; Google Web Preview) Chrome/19.0.1084.36 Safari/536.8"
74.125.78.94 - - [18/Jun/2012:23:57:26 +0200] "GET /jog2/images/post_v.png HTTP/1.1" 200 310 "http://www.beklen.hu/jog/rendorsegifeljelentes.htm" "Mozilla/5.0 (X11; Linux x86_64) AppleWebKit/536.8 (KHTML, like Gecko; Google Web Preview) Chrome/19.0.1084.36 Safari/536.8"
74.125.78.93 - - [18/Jun/2012:23:57:26 +0200] "GET /jog2/images/vmenuitem.png HTTP/1.1" 200 1672 "http://www.beklen.hu/jog/rendorsegifeljelentes.htm" "Mozilla/5.0 (X11; Linux x86_64) AppleWebKit/536.8 (KHTML, like Gecko; Google Web Preview) Chrome/19.0.1084.36 Safari/536.8"
74.125.78.91 - - [18/Jun/2012:23:57:26 +0200] "GET /jog2/images/post_c.png HTTP/1.1" 200 204 "http://www.beklen.hu/jog/rendorsegifeljelentes.htm" "Mozilla/5.0 (X11; Linux x86_64) AppleWebKit/536.8 (KHTML, like Gecko; Google Web Preview) Chrome/19.0.1084.36 Safari/536.8"
74.125.78.102 - - [18/Jun/2012:23:57:26 +0200] "GET /jog2/images/subitem.png HTTP/1.1" 200 81 "http://www.beklen.hu/jog/rendorsegifeljelentes.htm" "Mozilla/5.0 (X11; Linux x86_64) AppleWebKit/536.8 (KHTML, like Gecko; Google Web Preview) Chrome/19.0.1084.36 Safari/536.8"
74.125.78.89 - - [18/Jun/2012:23:57:26 +0200] "GET /jog/img/320/t15.jpg HTTP/1.1" 200 16655 "http://www.beklen.hu/jog/rendorsegifeljelentes.htm" "Mozilla/5.0 (X11; Linux x86_64) AppleWebKit/536.8 (KHTML, like Gecko; Google Web Preview) Chrome/19.0.1084.36 Safari/536.8"
74.125.18.160 - - [18/Jun/2012:23:57:26 +0200] "GET /jog2/images/post_s.png HTTP/1.1" 200 466 "http://www.beklen.hu/jog/rendorsegifeljelentes.htm" "Mozilla/5.0 (X11; Linux x86_64) AppleWebKit/536.8 (KHTML, like Gecko; Google Web Preview) Chrome/19.0.1084.36 Safari/536.8"
74.125.78.85 - - [18/Jun/2012:23:57:26 +0200] "GET /jog2/images/menuitem.png HTTP/1.1" 200 20960 "http://www.beklen.hu/jog/rendorsegifeljelentes.htm" "Mozilla/5.0 (X11; Linux x86_64) AppleWebKit/536.8 (KHTML, like Gecko; Google Web Preview) Chrome/19.0.1084.36 Safari/536.8"
74.125.78.83 - - [18/Jun/2012:23:57:26 +0200] "GET /jog2/images/header.png HTTP/1.1" 200 170837 "http://www.beklen.hu/jog/rendorsegifeljelentes.htm" "Mozilla/5.0 (X11; Linux x86_64) AppleWebKit/536.8 (KHTML, like Gecko; Google Web Preview) Chrome/19.0.1084.36 Safari/536.8"
74.125.18.157 - - [18/Jun/2012:23:57:26 +0200] "GET /jog2/images/button.png HTTP/1.1" 200 27118 "http://www.beklen.hu/jog/rendorsegifeljelentes.htm" "Mozilla/5.0 (X11; Linux x86_64) AppleWebKit/536.8 (KHTML, like Gecko; Google Web Preview) Chrome/19.0.1084.36 Safari/536.8"
74.125.78.101 - - [18/Jun/2012:23:57:26 +0200] "GET /jog2/images/Bottom_texture.jpg HTTP/1.1" 200 193775 "http://www.beklen.hu/jog/rendorsegifeljelentes.htm" "Mozilla/5.0 (X11; Linux x86_64) AppleWebKit/536.8 (KHTML, like Gecko; Google Web Preview) Chrome/19.0.1084.36 Safari/536.8"
74.125.78.82 - - [18/Jun/2012:23:57:26 +0200] "GET /jog2/images/spacer.gif HTTP/1.1" 200 43 "http://www.beklen.hu/jog/rendorsegifeljelentes.htm" "Mozilla/5.0 (X11; Linux x86_64) AppleWebKit/536.8 (KHTML, like Gecko; Google Web Preview) Chrome/19.0.1084.36 Safari/536.8"
74.125.78.100 - - [18/Jun/2012:23:57:26 +0200] "GET /jog2/images/post_h.png HTTP/1.1" 200 292 "http://www.beklen.hu/jog/rendorsegifeljelentes.htm" "Mozilla/5.0 (X11; Linux x86_64) AppleWebKit/536.8 (KHTML, like Gecko; Google Web Preview) Chrome/19.0.1084.36 Safari/536.8"
81.183.13.44 - - [18/Jun/2012:23:57:50 +0200] "GET /jog/rendorsegifeljelentes.htm HTTP/1.1" 200 13536 "http://www.google.hu/url?sa=t&rct=j&q=&esrc=s&source=web&cd=10&ved=0CGsQFjAJ&url=http%3A%2F%2Fwww.beklen.hu%2Fjog%2Frendorsegifeljelentes.htm&ei=LqTfT-KfLIXetAa-3ujXCA&usg=AFQjCNF6NBU8rZGFxiiLW9XvMVqNDopLSA&sig2=AZIbYYFyx7RuQ6YdMq_btw" "Mozilla/5.0 (Windows NT 5.1) AppleWebKit/536.5 (KHTML, like Gecko) Chrome/19.0.1084.56 Safari/536.5"
81.183.13.44 - - [18/Jun/2012:23:57:50 +0200] "GET /jog/css/style.css HTTP/1.1" 200 23764 "http://www.beklen.hu/jog/rendorsegifeljelentes.htm" "Mozilla/5.0 (Windows NT 5.1) AppleWebKit/536.5 (KHTML, like Gecko) Chrome/19.0.1084.56 Safari/536.5"
81.183.13.44 - - [18/Jun/2012:23:57:50 +0200] "GET /jog/css/script.js HTTP/1.1" 200 6975 "http://www.beklen.hu/jog/rendorsegifeljelentes.htm" "Mozilla/5.0 (Windows NT 5.1) AppleWebKit/536.5 (KHTML, like Gecko) Chrome/19.0.1084.56 Safari/536.5"
81.183.13.44 - - [18/Jun/2012:23:57:50 +0200] "GET /jog/css/jquery.js HTTP/1.1" 200 72174 "http://www.beklen.hu/jog/rendorsegifeljelentes.htm" "Mozilla/5.0 (Windows NT 5.1) AppleWebKit/536.5 (KHTML, like Gecko) Chrome/19.0.1084.56 Safari/536.5"
81.183.13.44 - - [18/Jun/2012:23:57:51 +0200] "GET /jog2/images/nav.png HTTP/1.1" 200 11000 "http://www.beklen.hu/jog/rendorsegifeljelentes.htm" "Mozilla/5.0 (Windows NT 5.1) AppleWebKit/536.5 (KHTML, like Gecko) Chrome/19.0.1084.56 Safari/536.5"
81.183.13.44 - - [18/Jun/2012:23:57:51 +0200] "GET /jog2/images/spacer.gif HTTP/1.1" 200 43 "http://www.beklen.hu/jog/rendorsegifeljelentes.htm" "Mozilla/5.0 (Windows NT 5.1) AppleWebKit/536.5 (KHTML, like Gecko) Chrome/19.0.1084.56 Safari/536.5"
81.183.13.44 - - [18/Jun/2012:23:57:51 +0200] "GET /jog2/images/subitem.png HTTP/1.1" 200 81 "http://www.beklen.hu/jog/rendorsegifeljelentes.htm" "Mozilla/5.0 (Windows NT 5.1) AppleWebKit/536.5 (KHTML, like Gecko) Chrome/19.0.1084.56 Safari/536.5"
81.183.13.44 - - [18/Jun/2012:23:57:51 +0200] "GET /jog2/images/sidebar_bg.png HTTP/1.1" 200 96 "http://www.beklen.hu/jog/rendorsegifeljelentes.htm" "Mozilla/5.0 (Windows NT 5.1) AppleWebKit/536.5 (KHTML, like Gecko) Chrome/19.0.1084.56 Safari/536.5"
81.183.13.44 - - [18/Jun/2012:23:57:51 +0200] "GET /jog2/images/vmenuitem.png HTTP/1.1" 200 1672 "http://www.beklen.hu/jog/rendorsegifeljelentes.htm" "Mozilla/5.0 (Windows NT 5.1) AppleWebKit/536.5 (KHTML, like Gecko) Chrome/19.0.1084.56 Safari/536.5"
81.183.13.44 - - [18/Jun/2012:23:57:51 +0200] "GET /jog2/images/post_s.png HTTP/1.1" 200 466 "http://www.beklen.hu/jog/rendorsegifeljelentes.htm" "Mozilla/5.0 (Windows NT 5.1) AppleWebKit/536.5 (KHTML, like Gecko) Chrome/19.0.1084.56 Safari/536.5"
81.183.13.44 - - [18/Jun/2012:23:57:51 +0200] "GET /jog2/images/post_h.png HTTP/1.1" 200 292 "http://www.beklen.hu/jog/rendorsegifeljelentes.htm" "Mozilla/5.0 (Windows NT 5.1) AppleWebKit/536.5 (KHTML, like Gecko) Chrome/19.0.1084.56 Safari/536.5"
81.183.13.44 - - [18/Jun/2012:23:57:51 +0200] "GET /jog2/images/post_v.png HTTP/1.1" 200 310 "http://www.beklen.hu/jog/rendorsegifeljelentes.htm" "Mozilla/5.0 (Windows NT 5.1) AppleWebKit/536.5 (KHTML, like Gecko) Chrome/19.0.1084.56 Safari/536.5"
81.183.13.44 - - [18/Jun/2012:23:57:51 +0200] "GET /jog2/images/post_c.png HTTP/1.1" 200 204 "http://www.beklen.hu/jog/rendorsegifeljelentes.htm" "Mozilla/5.0 (Windows NT 5.1) AppleWebKit/536.5 (KHTML, like Gecko) Chrome/19.0.1084.56 Safari/536.5"
81.183.13.44 - - [18/Jun/2012:23:57:51 +0200] "GET /jog/img/320/t15.jpg HTTP/1.1" 200 16655 "http://www.beklen.hu/jog/rendorsegifeljelentes.htm" "Mozilla/5.0 (Windows NT 5.1) AppleWebKit/536.5 (KHTML, like Gecko) Chrome/19.0.1084.56 Safari/536.5"
81.183.13.44 - - [18/Jun/2012:23:57:51 +0200] "GET /jog2/images/menuitem.png HTTP/1.1" 200 20960 "http://www.beklen.hu/jog/rendorsegifeljelentes.htm" "Mozilla/5.0 (Windows NT 5.1) AppleWebKit/536.5 (KHTML, like Gecko) Chrome/19.0.1084.56 Safari/536.5"
81.183.13.44 - - [18/Jun/2012:23:57:51 +0200] "GET /jog2/images/button.png HTTP/1.1" 200 27118 "http://www.beklen.hu/jog/rendorsegifeljelentes.htm" "Mozilla/5.0 (Windows NT 5.1) AppleWebKit/536.5 (KHTML, like Gecko) Chrome/19.0.1084.56 Safari/536.5"
81.183.13.44 - - [18/Jun/2012:23:57:52 +0200] "GET /jog2/images/Bottom_texture.jpg HTTP/1.1" 200 193775 "http://www.beklen.hu/jog/rendorsegifeljelentes.htm" "Mozilla/5.0 (Windows NT 5.1) AppleWebKit/536.5 (KHTML, like Gecko) Chrome/19.0.1084.56 Safari/536.5"
81.183.13.44 - - [18/Jun/2012:23:57:52 +0200] "GET /jog2/images/header.png HTTP/1.1" 200 170837 "http://www.beklen.hu/jog/rendorsegifeljelentes.htm" "Mozilla/5.0 (Windows NT 5.1) AppleWebKit/536.5 (KHTML, like Gecko) Chrome/19.0.1084.56 Safari/536.5"
81.183.13.44 - - [18/Jun/2012:23:57:52 +0200] "GET /jog/favicon.ico HTTP/1.1" 200 1150 "-" "Mozilla/5.0 (Windows NT 5.1) AppleWebKit/536.5 (KHTML, like Gecko) Chrome/19.0.1084.56 Safari/536.5"
208.115.113.84 - - [19/Jun/2012:00:41:13 +0200] "GET /robots.txt HTTP/1.1" 404 1181 "-" "Mozilla/5.0 (compatible; Ezooms/1.0; ezooms.bot@gmail.com)"
208.115.113.84 - - [19/Jun/2012:01:55:55 +0200] "GET /jog/publikaciok.htm HTTP/1.1" 200 17866 "-" "Mozilla/5.0 (compatible; Ezooms/1.0; ezooms.bot@gmail.com)"
66.249.72.2 - - [19/Jun/2012:02:09:00 +0200] "GET /jog/pub/natura.jpg HTTP/1.1" 200 34079 "-" "Googlebot-Image/1.0"
208.115.113.84 - - [19/Jun/2012:04:07:40 +0200] "GET /robots.txt HTTP/1.1" 404 1181 "-" "Mozilla/5.0 (compatible; Ezooms/1.0; ezooms.bot@gmail.com)"
