208.115.113.84 - - [09/Jun/2012:01:08:16 +0200] "GET /robots.txt HTTP/1.1" 404 1181 "-" "Mozilla/5.0 (compatible; Ezooms/1.0; ezooms.bot@gmail.com)"
208.115.113.84 - - [09/Jun/2012:02:27:10 +0200] "GET /jog/publikaciok.htm HTTP/1.1" 200 17866 "-" "Mozilla/5.0 (compatible; Ezooms/1.0; ezooms.bot@gmail.com)"
208.115.113.84 - - [09/Jun/2012:04:32:57 +0200] "GET /robots.txt HTTP/1.1" 404 1181 "-" "Mozilla/5.0 (compatible; Ezooms/1.0; ezooms.bot@gmail.com)"
208.115.113.84 - - [09/Jun/2012:05:46:34 +0200] "GET /jog/publikaciok.htm HTTP/1.1" 200 17866 "-" "Mozilla/5.0 (compatible; Ezooms/1.0; ezooms.bot@gmail.com)"
178.154.210.252 - - [09/Jun/2012:05:58:01 +0200] "GET /hirek/hirek100804.htm HTTP/1.1" 304 - "-" "Mozilla/5.0 (compatible; YandexBot/3.0; +http://yandex.com/bots)"
89.186.100.211 - - [09/Jun/2012:06:56:15 +0200] "GET /hirek/Natura_2000es_gyepgazdalkodas_eloirasai.ppt HTTP/1.1" 200 333312 "http://www.google.hu/url?sa=t&rct=j&q=natura%202000%20kasz%C3%A1l%C3%A1s&source=web&cd=3&sqi=2&ved=0CFUQFjAC&url=http%3A%2F%2Fwww.beklen.hu%2Fhirek%2FNatura_2000es_gyepgazdalkodas_eloirasai.ppt&ei=cdbST6OTForOtAb6r5jVDw&usg=AFQjCNG8LfbJHhsQnf2GHHlP2nweoOOGlQ" "Mozilla/5.0 (Windows NT 6.1; rv:12.0) Gecko/20100101 Firefox/12.0"
208.115.113.84 - - [09/Jun/2012:07:59:40 +0200] "GET /robots.txt HTTP/1.1" 404 1181 "-" "Mozilla/5.0 (compatible; Ezooms/1.0; ezooms.bot@gmail.com)"
66.249.72.2 - - [09/Jun/2012:08:22:04 +0200] "GET /robots.txt HTTP/1.1" 404 1181 "-" "Mozilla/5.0 (compatible; Googlebot/2.1; +http://www.google.com/bot.html)"
66.249.72.2 - - [09/Jun/2012:08:22:04 +0200] "GET /hirek/hirek101213.htm HTTP/1.1" 304 - "-" "Mozilla/5.0 (compatible; Googlebot/2.1; +http://www.google.com/bot.html)"
66.249.72.240 - - [09/Jun/2012:08:53:49 +0200] "GET /robots.txt HTTP/1.1" 404 1181 "-" "Mozilla/5.0 (compatible; Googlebot/2.1; +http://www.google.com/bot.html)"
66.249.72.240 - - [09/Jun/2012:08:53:49 +0200] "GET /jog/jogszabalyok/kornyezetvedelmi_torveny.pdf HTTP/1.1" 304 - "-" "Mozilla/5.0 (compatible; Googlebot/2.1; +http://www.google.com/bot.html)"
208.115.113.84 - - [09/Jun/2012:09:14:58 +0200] "GET /jog/publikaciok.htm HTTP/1.1" 200 17866 "-" "Mozilla/5.0 (compatible; Ezooms/1.0; ezooms.bot@gmail.com)"
66.249.72.2 - - [09/Jun/2012:09:16:52 +0200] "GET /hirek/hirek100728.htm HTTP/1.1" 200 7560 "-" "Mozilla/5.0 (compatible; Googlebot/2.1; +http://www.google.com/bot.html)"
66.249.72.2 - - [09/Jun/2012:11:19:03 +0200] "GET /jog/eseteink/korosladany/oktvf-nek2.pdf HTTP/1.1" 304 - "-" "Mozilla/5.0 (compatible; Googlebot/2.1; +http://www.google.com/bot.html)"
178.154.210.252 - - [09/Jun/2012:11:22:18 +0200] "GET / HTTP/1.1" 200 23794 "-" "Mozilla/5.0 (compatible; YandexBot/3.0; +http://yandex.com/bots)"
208.115.113.84 - - [09/Jun/2012:11:25:17 +0200] "GET /robots.txt HTTP/1.1" 404 1181 "-" "Mozilla/5.0 (compatible; Ezooms/1.0; ezooms.bot@gmail.com)"
139.18.2.209 - - [09/Jun/2012:12:58:46 +0200] "GET /szakmai.htm HTTP/1.1" 200 6054 "-" "findlinks/2.6 (+http://wortschatz.uni-leipzig.de/findlinks/)"
208.115.113.84 - - [09/Jun/2012:13:05:08 +0200] "GET /jog/publikaciok.htm HTTP/1.1" 200 17866 "-" "Mozilla/5.0 (compatible; Ezooms/1.0; ezooms.bot@gmail.com)"
80.99.169.106 - - [09/Jun/2012:13:13:52 +0200] "GET /jog/eseteink/derekegyhaza/ugyeszseg_1.pdf HTTP/1.1" 200 28814 "http://www.google.hu/url?sa=t&rct=j&q=nevel%C5%91kert%20vadaskert&source=web&cd=1&ved=0CDgQFjAA&url=http%3A%2F%2Fwww.beklen.hu%2Fjog%2Feseteink%2Fderekegyhaza%2Fugyeszseg_1.pdf&ei=2y_TT5ynMIXKtAbn2uyXDw&usg=AFQjCNGGkYkL0ybWLNa8e2knitDA6AAIrQ" "Mozilla/5.0 (compatible; MSIE 9.0; Windows NT 6.1; Trident/5.0)"
80.99.169.106 - - [09/Jun/2012:13:13:52 +0200] "GET /favicon.ico HTTP/1.1" 404 1181 "-" "Mozilla/5.0 (compatible; MSIE 9.0; Windows NT 6.1; Trident/5.0)"
80.99.169.106 - - [09/Jun/2012:13:13:52 +0200] "GET /jog/eseteink/derekegyhaza/ugyeszseg_1.pdf HTTP/1.1" 206 246559 "-" "Mozilla/5.0 (compatible; MSIE 9.0; Windows NT 6.1; Trident/5.0)"
213.93.87.91 - - [09/Jun/2012:13:27:14 +0200] "GET /robots.txt HTTP/1.0" 404 1181 "-" "Mozilla/5.0 (compatible; MJ12bot/v1.4.3; http://www.majestic12.co.uk/bot.php?+)"
213.93.87.91 - - [09/Jun/2012:13:27:16 +0200] "GET / HTTP/1.1" 200 23794 "-" "Mozilla/5.0 (compatible; MJ12bot/v1.4.3; http://www.majestic12.co.uk/bot.php?+)"
208.115.113.84 - - [09/Jun/2012:13:46:24 +0200] "GET /robots.txt HTTP/1.1" 404 1181 "-" "Mozilla/5.0 (compatible; Ezooms/1.0; ezooms.bot@gmail.com)"
139.18.2.17 - - [09/Jun/2012:13:50:49 +0200] "GET /programok.htm HTTP/1.1" 200 6444 "-" "findlinks/2.6 (+http://wortschatz.uni-leipzig.de/findlinks/)"
217.69.133.31 - - [09/Jun/2012:14:48:53 +0200] "GET / HTTP/1.0" 200 23794 "-" "Mozilla/5.0 (compatible; Mail.RU/2.0)"
208.115.113.84 - - [09/Jun/2012:15:28:49 +0200] "GET /jog/publikaciok.htm HTTP/1.1" 200 17866 "-" "Mozilla/5.0 (compatible; Ezooms/1.0; ezooms.bot@gmail.com)"
66.249.72.2 - - [09/Jun/2012:15:46:01 +0200] "GET /jog/eseteink/derekegyhaza/index.htm HTTP/1.1" 200 34210 "-" "Mozilla/5.0 (compatible; Googlebot/2.1; +http://www.google.com/bot.html)"
157.55.18.23 - - [09/Jun/2012:16:03:38 +0200] "GET /robots.txt HTTP/1.1" 404 1181 "-" "Mozilla/5.0 (compatible; bingbot/2.0; +http://www.bing.com/bingbot.htm)"
157.55.18.23 - - [09/Jun/2012:16:04:31 +0200] "GET /hirek/hirek100305.htm HTTP/1.1" 304 - "-" "Mozilla/5.0 (compatible; bingbot/2.0; +http://www.bing.com/bingbot.htm)"
66.249.72.2 - - [09/Jun/2012:16:12:04 +0200] "GET /jog/eseteink/derekegyhaza/kepek/37-433__.jpg HTTP/1.1" 200 4596 "-" "Mozilla/5.0 (compatible; Googlebot/2.1; +http://www.google.com/bot.html)"
66.249.72.2 - - [09/Jun/2012:16:12:05 +0200] "GET /jog/eseteink/derekegyhaza/kepek/37-431__.jpg HTTP/1.1" 200 4706 "-" "Mozilla/5.0 (compatible; Googlebot/2.1; +http://www.google.com/bot.html)"
66.249.72.2 - - [09/Jun/2012:16:12:08 +0200] "GET /jog/eseteink/derekegyhaza/kepek/37-431_o_2005__.jpg HTTP/1.1" 200 5766 "-" "Mozilla/5.0 (compatible; Googlebot/2.1; +http://www.google.com/bot.html)"
66.249.72.2 - - [09/Jun/2012:16:12:09 +0200] "GET /jog/eseteink/derekegyhaza/kepek/37-433_o_2005__.jpg HTTP/1.1" 200 5388 "-" "Mozilla/5.0 (compatible; Googlebot/2.1; +http://www.google.com/bot.html)"
66.249.72.2 - - [09/Jun/2012:16:12:10 +0200] "GET /jog/eseteink/derekegyhaza/kepek/vadaskert-szakhat_.jpg HTTP/1.1" 200 8903 "-" "Mozilla/5.0 (compatible; Googlebot/2.1; +http://www.google.com/bot.html)"
66.249.72.2 - - [09/Jun/2012:16:12:11 +0200] "GET /jog/eseteink/derekegyhaza/kepek/dalerd__.jpg HTTP/1.1" 200 6281 "-" "Mozilla/5.0 (compatible; Googlebot/2.1; +http://www.google.com/bot.html)"
66.249.72.2 - - [09/Jun/2012:16:12:12 +0200] "GET /jog/script.js HTTP/1.1" 200 5674 "-" "Mozilla/5.0 (compatible; Googlebot/2.1; +http://www.google.com/bot.html)"
66.249.72.2 - - [09/Jun/2012:16:12:15 +0200] "GET /jog/style.css HTTP/1.1" 200 21413 "-" "Mozilla/5.0 (compatible; Googlebot/2.1; +http://www.google.com/bot.html)"
66.249.72.2 - - [09/Jun/2012:16:12:16 +0200] "GET /jog/lb/js/scriptaculous.js?load=effects HTTP/1.1" 200 2152 "-" "Mozilla/5.0 (compatible; Googlebot/2.1; +http://www.google.com/bot.html)"
66.249.72.2 - - [09/Jun/2012:16:12:17 +0200] "GET /jog/lb/js/lightbox.js HTTP/1.1" 200 23431 "-" "Mozilla/5.0 (compatible; Googlebot/2.1; +http://www.google.com/bot.html)"
66.249.72.2 - - [09/Jun/2012:16:12:18 +0200] "GET /jog/lb/js/prototype.js HTTP/1.1" 200 47603 "-" "Mozilla/5.0 (compatible; Googlebot/2.1; +http://www.google.com/bot.html)"
66.249.72.2 - - [09/Jun/2012:16:12:19 +0200] "GET /jog/lb/css/lightbox.css HTTP/1.1" 200 1715 "-" "Mozilla/5.0 (compatible; Googlebot/2.1; +http://www.google.com/bot.html)"
66.249.72.2 - - [09/Jun/2012:16:12:21 +0200] "GET /jog/lb/js/effects.js HTTP/1.1" 200 31969 "-" "Mozilla/5.0 (compatible; Googlebot/2.1; +http://www.google.com/bot.html)"
66.249.72.2 - - [09/Jun/2012:16:12:22 +0200] "GET /jog/jquery.js HTTP/1.1" 200 72174 "-" "Mozilla/5.0 (compatible; Googlebot/2.1; +http://www.google.com/bot.html)"
66.249.72.2 - - [09/Jun/2012:16:23:12 +0200] "GET /jog/eseteink/derekegyhaza/erd%C3%A9szet_kekto_kerites.pdf HTTP/1.1" 404 1181 "-" "Mozilla/5.0 (compatible; Googlebot/2.1; +http://www.google.com/bot.html)"
66.249.72.2 - - [09/Jun/2012:16:51:40 +0200] "GET /jog/eseteink/derekegyhaza/mszh_kekto_fellebbez%C3%A9s.pdf HTTP/1.1" 404 1181 "-" "Mozilla/5.0 (compatible; Googlebot/2.1; +http://www.google.com/bot.html)"
208.115.113.84 - - [09/Jun/2012:17:12:52 +0200] "GET /robots.txt HTTP/1.1" 404 1181 "-" "Mozilla/5.0 (compatible; Ezooms/1.0; ezooms.bot@gmail.com)"
84.3.54.236 - - [09/Jun/2012:17:20:27 +0200] "GET /jog/jogszabalyok/1_erdo.pdf HTTP/1.1" 200 761794 "http://www.google.com/url?sa=t&rct=j&q=fels%C5%91szenterzs%C3%A9bet%20%20gomba%20szed%C3%A9s&source=web&cd=9&ved=0CG4QFjAI&url=http%3A%2F%2Fwww.beklen.hu%2Fjog%2Fjogszabalyok%2F1_erdo.pdf&ei=dWnTT-3LCvHa4QSb4qC8Aw&usg=AFQjCNHz-UPHDhHJ7J5c2giVd91b1JOxWQ" "Mozilla/5.0 (Macintosh; Intel Mac OS X 10_7_4) AppleWebKit/534.56.5 (KHTML, like Gecko) Version/5.1.6 Safari/534.56.5"
66.249.72.2 - - [09/Jun/2012:17:20:28 +0200] "GET /jog/eseteink/derekegyhaza/v%C3%ADzjogi_derekegyh%C3%A1za2.pdf HTTP/1.1" 404 1181 "-" "Mozilla/5.0 (compatible; Googlebot/2.1; +http://www.google.com/bot.html)"
66.249.72.2 - - [09/Jun/2012:17:48:25 +0200] "GET /jog/eseteink/derekegyhaza/t%C3%A1j%C3%A9koztat%C3%B3_az_fvmhivatal-nak.pdf HTTP/1.1" 404 1181 "-" "Mozilla/5.0 (compatible; Googlebot/2.1; +http://www.google.com/bot.html)"
178.154.210.252 - - [09/Jun/2012:18:04:16 +0200] "GET /index.htm HTTP/1.1" 200 23794 "-" "Mozilla/5.0 (compatible; YandexBot/3.0; +http://yandex.com/bots)"
66.249.72.2 - - [09/Jun/2012:18:12:41 +0200] "GET /jog/eseteink/derekegyhaza/nemzeti_parkoknak_t%C3%A1j%C3%A9koztatas_keres.pdf HTTP/1.1" 404 1181 "-" "Mozilla/5.0 (compatible; Googlebot/2.1; +http://www.google.com/bot.html)"
208.115.113.84 - - [09/Jun/2012:18:50:53 +0200] "GET /jog/publikaciok.htm HTTP/1.1" 200 17866 "-" "Mozilla/5.0 (compatible; Ezooms/1.0; ezooms.bot@gmail.com)"
208.115.113.84 - - [09/Jun/2012:20:37:29 +0200] "GET /robots.txt HTTP/1.1" 404 1181 "-" "Mozilla/5.0 (compatible; Ezooms/1.0; ezooms.bot@gmail.com)"
66.249.72.2 - - [09/Jun/2012:21:18:30 +0200] "GET /robots.txt HTTP/1.1" 404 1181 "-" "Mozilla/5.0 (compatible; Googlebot/2.1; +http://www.google.com/bot.html)"
66.249.72.2 - - [09/Jun/2012:21:18:31 +0200] "GET /jog/eseteink/derekegyhaza/biroi_vegzes.pdf HTTP/1.1" 304 - "-" "Mozilla/5.0 (compatible; Googlebot/2.1; +http://www.google.com/bot.html)"
66.249.72.2 - - [09/Jun/2012:21:24:32 +0200] "GET /jog/eseteink/derekegyhaza/aesznek_derekegyhaza_kerites_3.pdf HTTP/1.1" 304 - "-" "Mozilla/5.0 (compatible; Googlebot/2.1; +http://www.google.com/bot.html)"
66.249.72.2 - - [09/Jun/2012:21:25:49 +0200] "GET /jog/eseteink/derekegyhaza/knpi_valasznimfeanak.pdf HTTP/1.1" 304 - "-" "Mozilla/5.0 (compatible; Googlebot/2.1; +http://www.google.com/bot.html)"
66.249.72.2 - - [09/Jun/2012:21:27:07 +0200] "GET /jog/eseteink/derekegyhaza/mszh-nak_hatarozat_keres.pdf HTTP/1.1" 304 - "-" "Mozilla/5.0 (compatible; Googlebot/2.1; +http://www.google.com/bot.html)"
66.249.72.2 - - [09/Jun/2012:21:49:58 +0200] "GET /jog/eseteink/derekegyhaza/mszh_ugyfel.pdf HTTP/1.1" 304 - "-" "Mozilla/5.0 (compatible; Googlebot/2.1; +http://www.google.com/bot.html)"
208.115.113.84 - - [09/Jun/2012:21:55:51 +0200] "GET /jog/publikaciok.htm HTTP/1.1" 200 17866 "-" "Mozilla/5.0 (compatible; Ezooms/1.0; ezooms.bot@gmail.com)"
66.249.72.240 - - [09/Jun/2012:23:28:43 +0200] "GET /robots.txt HTTP/1.1" 404 1181 "-" "Mozilla/5.0 (compatible; Googlebot/2.1; +http://www.google.com/bot.html)"
66.249.72.240 - - [09/Jun/2012:23:28:44 +0200] "GET /jog/jogszabalyok/2008_evi_liii_torveny_hatalyos_cites_fuggelekek.doc HTTP/1.1" 304 - "-" "Mozilla/5.0 (compatible; Googlebot/2.1; +http://www.google.com/bot.html)"
208.115.113.84 - - [10/Jun/2012:00:02:02 +0200] "GET /robots.txt HTTP/1.1" 404 1181 "-" "Mozilla/5.0 (compatible; Ezooms/1.0; ezooms.bot@gmail.com)"
83.233.186.82 - - [10/Jun/2012:00:17:45 +0200] "GET / HTTP/1.1" 200 23794 "-" "Mozilla/4.0 (CMS Crawler: http://www.cmscrawler.com)"
178.154.210.252 - - [10/Jun/2012:00:22:49 +0200] "GET /robots.txt HTTP/1.1" 404 1181 "-" "Mozilla/5.0 (compatible; YandexBot/3.0; +http://yandex.com/bots)"
66.249.72.240 - - [10/Jun/2012:00:55:33 +0200] "GET /jog/eseteink/derekegyhaza/kotvife_kekto_2.pdf HTTP/1.1" 304 - "-" "Mozilla/5.0 (compatible; Googlebot/2.1; +http://www.google.com/bot.html)"
208.115.113.84 - - [10/Jun/2012:01:14:28 +0200] "GET /jog/publikaciok.htm HTTP/1.1" 200 17866 "-" "Mozilla/5.0 (compatible; Ezooms/1.0; ezooms.bot@gmail.com)"
208.115.113.84 - - [10/Jun/2012:03:27:26 +0200] "GET /robots.txt HTTP/1.1" 404 1181 "-" "Mozilla/5.0 (compatible; Ezooms/1.0; ezooms.bot@gmail.com)"
208.115.113.84 - - [10/Jun/2012:04:11:26 +0200] "GET /robots.txt HTTP/1.1" 404 1181 "-" "Mozilla/5.0 (compatible; Ezooms/1.0; ezooms.bot@gmail.com)"
208.115.113.84 - - [10/Jun/2012:05:53:13 +0200] "GET /jog/publikaciok.htm HTTP/1.1" 200 17866 "-" "Mozilla/5.0 (compatible; Ezooms/1.0; ezooms.bot@gmail.com)"
157.55.18.24 - - [10/Jun/2012:06:15:33 +0200] "GET /robots.txt HTTP/1.1" 404 1181 "-" "Mozilla/5.0 (compatible; bingbot/2.0; +http://www.bing.com/bingbot.htm)"
157.55.18.24 - - [10/Jun/2012:06:19:47 +0200] "GET /kapcsolat.htm HTTP/1.1" 304 - "-" "Mozilla/5.0 (compatible; bingbot/2.0; +http://www.bing.com/bingbot.htm)"
178.154.210.252 - - [10/Jun/2012:06:27:21 +0200] "GET /index.htm HTTP/1.1" 200 23794 "-" "Mozilla/5.0 (compatible; YandexBot/3.0; +http://yandex.com/bots)"
212.64.78.90 - - [10/Jun/2012:06:41:43 +0200] "GET / HTTP/1.1" 200 23794 "-" "Java/1.4.1_04"
212.64.78.90 - - [10/Jun/2012:06:41:44 +0200] "GET /hirarchivum.htm HTTP/1.1" 200 24981 "-" "Java/1.4.1_04"
212.64.78.90 - - [10/Jun/2012:06:41:44 +0200] "GET /index.htm HTTP/1.1" 200 23794 "-" "Java/1.4.1_04"
212.64.78.90 - - [10/Jun/2012:06:41:44 +0200] "GET /kapcsolat.htm HTTP/1.1" 200 6889 "-" "Java/1.4.1_04"
212.64.78.90 - - [10/Jun/2012:06:41:44 +0200] "GET /magunkrol.htm HTTP/1.1" 200 9202 "-" "Java/1.4.1_04"
212.64.78.90 - - [10/Jun/2012:06:41:44 +0200] "GET /media.htm HTTP/1.1" 200 5208 "-" "Java/1.4.1_04"
212.64.78.90 - - [10/Jun/2012:06:41:44 +0200] "GET /programok.htm HTTP/1.1" 200 6444 "-" "Java/1.4.1_04"
212.64.78.90 - - [10/Jun/2012:06:41:44 +0200] "GET /vill.cs HTTP/1.1" 200 2676 "-" "Java/1.4.1_04"
212.64.78.90 - - [10/Jun/2012:06:41:45 +0200] "GET /hirek08_10.htm HTTP/1.1" 200 6946 "-" "Java/1.4.1_04"
212.64.78.90 - - [10/Jun/2012:06:41:45 +0200] "GET /hirek08_11.htm HTTP/1.1" 200 7253 "-" "Java/1.4.1_04"
212.64.78.90 - - [10/Jun/2012:06:41:45 +0200] "GET /hirek08_12.htm HTTP/1.1" 200 8268 "-" "Java/1.4.1_04"
212.64.78.90 - - [10/Jun/2012:06:41:45 +0200] "GET /hirek09_01.htm HTTP/1.1" 200 6841 "-" "Java/1.4.1_04"
212.64.78.90 - - [10/Jun/2012:06:41:45 +0200] "GET /hirek09_02.htm HTTP/1.1" 200 7450 "-" "Java/1.4.1_04"
212.64.78.90 - - [10/Jun/2012:06:41:45 +0200] "GET /hirek09_03.htm HTTP/1.1" 200 10726 "-" "Java/1.4.1_04"
212.64.78.90 - - [10/Jun/2012:06:41:46 +0200] "GET /&url=kapcsolat.htm HTTP/1.1" 404 1181 "-" "Java/1.4.1_04"
212.64.78.90 - - [10/Jun/2012:06:41:46 +0200] "GET /&url=programok.htm HTTP/1.1" 404 1181 "-" "Java/1.4.1_04"
212.64.78.90 - - [10/Jun/2012:06:41:46 +0200] "GET /&url=adomanyi.htm HTTP/1.1" 404 1181 "-" "Java/1.4.1_04"
212.64.78.90 - - [10/Jun/2012:06:41:46 +0200] "GET /bunt.htm HTTP/1.1" 200 5683 "-" "Java/1.4.1_04"
212.64.78.90 - - [10/Jun/2012:06:41:46 +0200] "GET /civilmuhely.htm HTTP/1.1" 200 8450 "-" "Java/1.4.1_04"
212.64.78.90 - - [10/Jun/2012:06:41:47 +0200] "GET /khb.htm HTTP/1.1" 200 8719 "-" "Java/1.4.1_04"
212.64.78.90 - - [10/Jun/2012:06:41:47 +0200] "GET /nca.htm HTTP/1.1" 200 7467 "-" "Java/1.4.1_04"
212.64.78.90 - - [10/Jun/2012:06:41:47 +0200] "GET /ncta.htm HTTP/1.1" 200 7221 "-" "Java/1.4.1_04"
212.64.78.90 - - [10/Jun/2012:06:41:47 +0200] "GET /nka.htm HTTP/1.1" 200 6221 "-" "Java/1.4.1_04"
212.64.78.90 - - [10/Jun/2012:06:41:47 +0200] "GET /szakmai.htm HTTP/1.1" 200 6054 "-" "Java/1.4.1_04"
212.64.78.90 - - [10/Jun/2012:06:41:47 +0200] "GET /ncta_a.htm HTTP/1.1" 200 7260 "-" "Java/1.4.1_04"
212.64.78.90 - - [10/Jun/2012:06:41:48 +0200] "GET /&url=civilmuhely.htm HTTP/1.1" 404 1181 "-" "Java/1.4.1_04"
212.64.78.90 - - [10/Jun/2012:06:41:48 +0200] "GET /&url=magunkrol.htm HTTP/1.1" 404 1181 "-" "Java/1.4.1_04"
212.64.78.90 - - [10/Jun/2012:06:41:48 +0200] "GET /nca04.htm HTTP/1.1" 200 16378 "-" "Java/1.4.1_04"
212.64.78.90 - - [10/Jun/2012:06:41:48 +0200] "GET /nca05.htm HTTP/1.1" 200 16412 "-" "Java/1.4.1_04"
212.64.78.90 - - [10/Jun/2012:06:41:48 +0200] "GET /nca06.htm HTTP/1.1" 200 19034 "-" "Java/1.4.1_04"
212.64.78.90 - - [10/Jun/2012:06:41:49 +0200] "GET /nca07.htm HTTP/1.1" 200 21968 "-" "Java/1.4.1_04"
212.64.78.90 - - [10/Jun/2012:06:41:49 +0200] "GET /nca08.htm HTTP/1.1" 200 21795 "-" "Java/1.4.1_04"
212.64.78.90 - - [10/Jun/2012:06:41:49 +0200] "GET /nca09.htm HTTP/1.1" 200 24315 "-" "Java/1.4.1_04"
212.64.78.90 - - [10/Jun/2012:06:41:49 +0200] "GET /nca10.htm HTTP/1.1" 200 16648 "-" "Java/1.4.1_04"
212.64.78.90 - - [10/Jun/2012:06:41:49 +0200] "GET /nca11.htm HTTP/1.1" 200 7133 "-" "Java/1.4.1_04"
212.64.78.90 - - [10/Jun/2012:06:41:50 +0200] "GET /kiadvanyok.htm HTTP/1.1" 200 8206 "-" "Java/1.4.1_04"
212.64.78.90 - - [10/Jun/2012:06:41:50 +0200] "GET /deutsch/index.htm HTTP/1.1" 200 5324 "-" "Java/1.4.1_04"
212.64.78.90 - - [10/Jun/2012:06:41:50 +0200] "GET /english/index.htm HTTP/1.1" 200 5262 "-" "Java/1.4.1_04"
212.64.78.90 - - [10/Jun/2012:06:41:50 +0200] "GET /fiok/index.html HTTP/1.1" 200 20554 "-" "Java/1.4.1_04"
212.64.78.90 - - [10/Jun/2012:06:41:50 +0200] "GET /hirek/hirek091015.htm HTTP/1.1" 200 7046 "-" "Java/1.4.1_04"
212.64.78.90 - - [10/Jun/2012:06:41:51 +0200] "GET /hirek/hirek091102.htm HTTP/1.1" 200 8538 "-" "Java/1.4.1_04"
212.64.78.90 - - [10/Jun/2012:06:41:51 +0200] "GET /hirek/hirek091103.htm HTTP/1.1" 200 7301 "-" "Java/1.4.1_04"
212.64.78.90 - - [10/Jun/2012:06:41:51 +0200] "GET /hirek/hirek091221.htm HTTP/1.1" 200 6740 "-" "Java/1.4.1_04"
212.64.78.90 - - [10/Jun/2012:06:41:51 +0200] "GET /hirek/hirek100225.htm HTTP/1.1" 200 7288 "-" "Java/1.4.1_04"
208.115.113.84 - - [10/Jun/2012:07:36:45 +0200] "GET /robots.txt HTTP/1.1" 404 1181 "-" "Mozilla/5.0 (compatible; Ezooms/1.0; ezooms.bot@gmail.com)"
66.249.72.2 - - [10/Jun/2012:07:57:14 +0200] "GET /magunkrol.htm HTTP/1.1" 304 - "-" "Mozilla/5.0 (compatible; Googlebot/2.1; +http://www.google.com/bot.html)"
208.115.113.84 - - [10/Jun/2012:09:43:38 +0200] "GET /robots.txt HTTP/1.1" 404 1181 "-" "Mozilla/5.0 (compatible; Ezooms/1.0; ezooms.bot@gmail.com)"
66.249.72.240 - - [10/Jun/2012:10:27:06 +0200] "GET /deutsch/programme.htm HTTP/1.1" 304 - "-" "Mozilla/5.0 (compatible; Googlebot/2.1; +http://www.google.com/bot.html)"
208.115.113.84 - - [10/Jun/2012:11:23:48 +0200] "GET /jog/publikaciok.htm HTTP/1.1" 200 17866 "-" "Mozilla/5.0 (compatible; Ezooms/1.0; ezooms.bot@gmail.com)"
66.249.72.2 - - [10/Jun/2012:12:19:48 +0200] "GET /robots.txt HTTP/1.1" 404 1181 "-" "Mozilla/5.0 (compatible; Googlebot/2.1; +http://www.google.com/bot.html)"
66.249.72.2 - - [10/Jun/2012:12:19:48 +0200] "GET /programok.htm HTTP/1.1" 200 6444 "-" "Mozilla/5.0 (compatible; Googlebot/2.1; +http://www.google.com/bot.html)"
178.154.210.252 - - [10/Jun/2012:12:50:45 +0200] "GET /hirek/hirek100810.htm HTTP/1.1" 304 - "-" "Mozilla/5.0 (compatible; YandexBot/3.0; +http://yandex.com/bots)"
208.115.113.84 - - [10/Jun/2012:13:13:00 +0200] "GET /robots.txt HTTP/1.1" 404 1181 "-" "Mozilla/5.0 (compatible; Ezooms/1.0; ezooms.bot@gmail.com)"
66.249.72.2 - - [10/Jun/2012:13:34:39 +0200] "GET /hirek/hirek091102.htm HTTP/1.1" 304 - "-" "Mozilla/5.0 (iPhone; U; CPU iPhone OS 4_1 like Mac OS X; en-us) AppleWebKit/532.9 (KHTML, like Gecko) Version/4.0.5 Mobile/8B117 Safari/6531.22.7 (compatible; Googlebot-Mobile/2.1; +http://www.google.com/bot.html)"
178.154.210.252 - - [10/Jun/2012:14:06:13 +0200] "GET /hirarchivum.htm HTTP/1.1" 304 - "-" "Mozilla/5.0 (compatible; YandexBot/3.0; +http://yandex.com/bots)"
88.89.47.219 - - [10/Jun/2012:14:13:27 +0200] "GET /robots.txt HTTP/1.0" 404 1181 "-" "Mozilla/5.0 (compatible; MJ12bot/v1.4.3; http://www.majestic12.co.uk/bot.php?+)"
88.89.47.219 - - [10/Jun/2012:14:13:28 +0200] "GET / HTTP/1.0" 200 23794 "-" "Mozilla/5.0 (compatible; MJ12bot/v1.4.3; http://www.majestic12.co.uk/bot.php?+)"
208.115.113.84 - - [10/Jun/2012:14:31:40 +0200] "GET /jog/publikaciok.htm HTTP/1.1" 200 17866 "-" "Mozilla/5.0 (compatible; Ezooms/1.0; ezooms.bot@gmail.com)"
157.55.18.24 - - [10/Jun/2012:14:52:02 +0200] "GET /robots.txt HTTP/1.1" 404 1181 "-" "Mozilla/5.0 (compatible; bingbot/2.0; +http://www.bing.com/bingbot.htm)"
157.55.18.24 - - [10/Jun/2012:14:54:07 +0200] "GET /jog/eseteink/poroszlo/index.htm HTTP/1.1" 200 16861 "-" "Mozilla/5.0 (compatible; bingbot/2.0; +http://www.bing.com/bingbot.htm)"
178.154.210.252 - - [10/Jun/2012:15:22:53 +0200] "GET /english/index.htm HTTP/1.1" 200 5262 "-" "Mozilla/5.0 (compatible; YandexBot/3.0; +http://yandex.com/bots)"
178.154.210.252 - - [10/Jun/2012:16:16:53 +0200] "GET /hirek/hirek101027.htm HTTP/1.1" 304 - "-" "Mozilla/5.0 (compatible; YandexBot/3.0; +http://yandex.com/bots)"
208.115.113.84 - - [10/Jun/2012:16:39:56 +0200] "GET /robots.txt HTTP/1.1" 404 1181 "-" "Mozilla/5.0 (compatible; Ezooms/1.0; ezooms.bot@gmail.com)"
208.115.113.84 - - [10/Jun/2012:18:23:42 +0200] "GET /jog/publikaciok.htm HTTP/1.1" 200 17866 "-" "Mozilla/5.0 (compatible; Ezooms/1.0; ezooms.bot@gmail.com)"
178.154.210.252 - - [10/Jun/2012:18:23:50 +0200] "GET / HTTP/1.1" 200 23794 "-" "Mozilla/5.0 (compatible; YandexBot/3.0; +http://yandex.com/bots)"
208.115.113.84 - - [10/Jun/2012:20:05:23 +0200] "GET /robots.txt HTTP/1.1" 404 1181 "-" "Mozilla/5.0 (compatible; Ezooms/1.0; ezooms.bot@gmail.com)"
208.115.113.84 - - [10/Jun/2012:21:45:23 +0200] "GET /jog/publikaciok.htm HTTP/1.1" 200 17866 "-" "Mozilla/5.0 (compatible; Ezooms/1.0; ezooms.bot@gmail.com)"
208.115.113.84 - - [10/Jun/2012:23:30:42 +0200] "GET /robots.txt HTTP/1.1" 404 1181 "-" "Mozilla/5.0 (compatible; Ezooms/1.0; ezooms.bot@gmail.com)"
130.83.167.153 - - [11/Jun/2012:00:01:58 +0200] "GET /robots.txt HTTP/1.1" 404 1181 "-" "findlinks/2.6 (+http://wortschatz.uni-leipzig.de/findlinks/)"
208.115.113.84 - - [11/Jun/2012:01:45:14 +0200] "GET /robots.txt HTTP/1.1" 404 1181 "-" "Mozilla/5.0 (compatible; Ezooms/1.0; ezooms.bot@gmail.com)"
208.115.113.84 - - [11/Jun/2012:02:26:17 +0200] "GET /robots.txt HTTP/1.1" 404 1181 "-" "Mozilla/5.0 (compatible; Ezooms/1.0; ezooms.bot@gmail.com)"
208.115.113.84 - - [11/Jun/2012:04:07:42 +0200] "GET /jog/publikaciok.htm HTTP/1.1" 200 17866 "-" "Mozilla/5.0 (compatible; Ezooms/1.0; ezooms.bot@gmail.com)"
66.249.72.2 - - [11/Jun/2012:05:04:51 +0200] "GET /robots.txt HTTP/1.1" 404 1181 "-" "Mozilla/5.0 (compatible; Googlebot/2.1; +http://www.google.com/bot.html)"
66.249.72.2 - - [11/Jun/2012:05:04:52 +0200] "GET /fiok/ HTTP/1.1" 304 - "-" "Mozilla/5.0 (compatible; Googlebot/2.1; +http://www.google.com/bot.html)"
178.154.210.252 - - [11/Jun/2012:05:40:44 +0200] "GET /robots.txt HTTP/1.1" 404 1181 "-" "Mozilla/5.0 (compatible; YandexBot/3.0; +http://yandex.com/bots)"
208.115.113.84 - - [11/Jun/2012:05:49:29 +0200] "GET /robots.txt HTTP/1.1" 404 1181 "-" "Mozilla/5.0 (compatible; Ezooms/1.0; ezooms.bot@gmail.com)"
178.154.210.252 - - [11/Jun/2012:06:04:33 +0200] "GET /hirek/hirek090930.htm HTTP/1.1" 304 - "-" "Mozilla/5.0 (compatible; YandexBot/3.0; +http://yandex.com/bots)"
178.154.210.252 - - [11/Jun/2012:06:04:35 +0200] "GET /hirek/hirek091102.htm HTTP/1.1" 200 8538 "-" "Mozilla/5.0 (compatible; YandexBot/3.0; +http://yandex.com/bots)"
208.115.113.84 - - [11/Jun/2012:07:31:24 +0200] "GET /jog/publikaciok.htm HTTP/1.1" 200 17866 "-" "Mozilla/5.0 (compatible; Ezooms/1.0; ezooms.bot@gmail.com)"
178.154.210.252 - - [11/Jun/2012:07:38:54 +0200] "GET /programok.htm HTTP/1.1" 304 - "-" "Mozilla/5.0 (compatible; YandexBot/3.0; +http://yandex.com/bots)"
78.92.165.33 - - [11/Jun/2012:09:08:11 +0200] "GET /hirek09_02.htm HTTP/1.1" 200 7450 "http://www.google.hu/url?sa=t&rct=j&q=&esrc=s&source=web&cd=9&ved=0CGoQFjAI&url=http%3A%2F%2Fwww.beklen.hu%2Fhirek09_02.htm&ei=KJfVT4q7DInbsgbkneXpDw&usg=AFQjCNGb0Bu4WLNer8Gf2tr1HWUMXdLzhw&sig2=dcuQ8VA0Q5cLi4oEDRrTxg" "Mozilla/5.0 (Windows NT 5.1; rv:12.0) Gecko/20100101 Firefox/12.0"
78.92.165.33 - - [11/Jun/2012:09:08:11 +0200] "GET /tm01.jpg HTTP/1.1" 200 1080 "http://www.beklen.hu/hirek09_02.htm" "Mozilla/5.0 (Windows NT 5.1; rv:12.0) Gecko/20100101 Firefox/12.0"
78.92.165.33 - - [11/Jun/2012:09:08:11 +0200] "GET /tm02_.jpg HTTP/1.1" 200 1524 "http://www.beklen.hu/hirek09_02.htm" "Mozilla/5.0 (Windows NT 5.1; rv:12.0) Gecko/20100101 Firefox/12.0"
78.92.165.33 - - [11/Jun/2012:09:08:11 +0200] "GET /vill.cs HTTP/1.1" 200 2676 "http://www.beklen.hu/hirek09_02.htm" "Mozilla/5.0 (Windows NT 5.1; rv:12.0) Gecko/20100101 Firefox/12.0"
78.92.165.33 - - [11/Jun/2012:09:08:11 +0200] "GET /tm03_.jpg HTTP/1.1" 200 1787 "http://www.beklen.hu/hirek09_02.htm" "Mozilla/5.0 (Windows NT 5.1; rv:12.0) Gecko/20100101 Firefox/12.0"
78.92.165.33 - - [11/Jun/2012:09:08:11 +0200] "GET /tm05_.jpg HTTP/1.1" 200 1839 "http://www.beklen.hu/hirek09_02.htm" "Mozilla/5.0 (Windows NT 5.1; rv:12.0) Gecko/20100101 Firefox/12.0"
78.92.165.33 - - [11/Jun/2012:09:08:11 +0200] "GET /tm06_.jpg HTTP/1.1" 200 1382 "http://www.beklen.hu/hirek09_02.htm" "Mozilla/5.0 (Windows NT 5.1; rv:12.0) Gecko/20100101 Firefox/12.0"
78.92.165.33 - - [11/Jun/2012:09:08:11 +0200] "GET /tm04_.jpg HTTP/1.1" 200 2058 "http://www.beklen.hu/hirek09_02.htm" "Mozilla/5.0 (Windows NT 5.1; rv:12.0) Gecko/20100101 Firefox/12.0"
78.92.165.33 - - [11/Jun/2012:09:08:11 +0200] "GET /tm07.jpg HTTP/1.1" 200 1007 "http://www.beklen.hu/hirek09_02.htm" "Mozilla/5.0 (Windows NT 5.1; rv:12.0) Gecko/20100101 Firefox/12.0"
78.92.165.33 - - [11/Jun/2012:09:08:11 +0200] "GET /bg.jpg HTTP/1.1" 200 566 "http://www.beklen.hu/hirek09_02.htm" "Mozilla/5.0 (Windows NT 5.1; rv:12.0) Gecko/20100101 Firefox/12.0"
78.92.165.33 - - [11/Jun/2012:09:08:11 +0200] "GET /bottom_main.jpg HTTP/1.1" 200 96820 "http://www.beklen.hu/vill.cs" "Mozilla/5.0 (Windows NT 5.1; rv:12.0) Gecko/20100101 Firefox/12.0"
78.92.165.33 - - [11/Jun/2012:09:08:11 +0200] "GET /tm06.jpg HTTP/1.1" 200 1651 "http://www.beklen.hu/hirek09_02.htm" "Mozilla/5.0 (Windows NT 5.1; rv:12.0) Gecko/20100101 Firefox/12.0"
78.92.165.33 - - [11/Jun/2012:09:08:11 +0200] "GET /tm05.jpg HTTP/1.1" 200 2253 "http://www.beklen.hu/hirek09_02.htm" "Mozilla/5.0 (Windows NT 5.1; rv:12.0) Gecko/20100101 Firefox/12.0"
78.92.165.33 - - [11/Jun/2012:09:08:11 +0200] "GET /tm02.jpg HTTP/1.1" 200 1873 "http://www.beklen.hu/hirek09_02.htm" "Mozilla/5.0 (Windows NT 5.1; rv:12.0) Gecko/20100101 Firefox/12.0"
78.92.165.33 - - [11/Jun/2012:09:08:11 +0200] "GET /tm04.jpg HTTP/1.1" 200 2613 "http://www.beklen.hu/hirek09_02.htm" "Mozilla/5.0 (Windows NT 5.1; rv:12.0) Gecko/20100101 Firefox/12.0"
78.92.165.33 - - [11/Jun/2012:09:08:11 +0200] "GET /tm03.jpg HTTP/1.1" 200 2212 "http://www.beklen.hu/hirek09_02.htm" "Mozilla/5.0 (Windows NT 5.1; rv:12.0) Gecko/20100101 Firefox/12.0"
78.92.165.33 - - [11/Jun/2012:09:08:11 +0200] "GET /favicon.ico HTTP/1.1" 404 1181 "-" "Mozilla/5.0 (Windows NT 5.1; rv:12.0) Gecko/20100101 Firefox/12.0"
78.92.165.33 - - [11/Jun/2012:09:08:11 +0200] "GET /favicon.ico HTTP/1.1" 404 1181 "-" "Mozilla/5.0 (Windows NT 5.1; rv:12.0) Gecko/20100101 Firefox/12.0"
178.154.210.252 - - [11/Jun/2012:09:08:38 +0200] "GET /deutsch/index.htm HTTP/1.1" 304 - "-" "Mozilla/5.0 (compatible; YandexBot/3.0; +http://yandex.com/bots)"
208.115.113.84 - - [11/Jun/2012:09:17:09 +0200] "GET /robots.txt HTTP/1.1" 404 1181 "-" "Mozilla/5.0 (compatible; Ezooms/1.0; ezooms.bot@gmail.com)"
208.115.113.84 - - [11/Jun/2012:10:16:43 +0200] "GET /robots.txt HTTP/1.1" 404 1181 "-" "Mozilla/5.0 (compatible; Ezooms/1.0; ezooms.bot@gmail.com)"
178.154.210.252 - - [11/Jun/2012:10:24:30 +0200] "GET /magunkrol.htm HTTP/1.1" 304 - "-" "Mozilla/5.0 (compatible; YandexBot/3.0; +http://yandex.com/bots)"
178.154.210.252 - - [11/Jun/2012:10:41:31 +0200] "GET /english/index.htm HTTP/1.1" 200 5262 "-" "Mozilla/5.0 (compatible; YandexBot/3.0; +http://yandex.com/bots)"
84.1.209.84 - - [11/Jun/2012:11:10:49 +0200] "GET /lb/js/scriptaculous.js?load=effects HTTP/1.1" 304 - "http://www.beklen.hu/" "Mozilla/5.0 (Macintosh; Intel Mac OS X 10.6; rv:11.0) Gecko/20100101 Firefox/11.0"
84.1.209.84 - - [11/Jun/2012:11:14:24 +0200] "GET /programok.htm HTTP/1.1" 304 - "http://www.beklen.hu/magunkrol.htm" "Mozilla/5.0 (Macintosh; Intel Mac OS X 10.6; rv:11.0) Gecko/20100101 Firefox/11.0"
84.1.209.84 - - [11/Jun/2012:11:14:31 +0200] "GET /khb/beklen_2010_kh_jelentes.pdf HTTP/1.1" 200 252786 "http://www.beklen.hu/khb.htm" "Mozilla/5.0 (Macintosh; Intel Mac OS X 10.6; rv:11.0) Gecko/20100101 Firefox/11.0"
62.77.234.171 - - [11/Jun/2012:11:27:55 +0200] "GET /jog/eseteink/dakar/dakar_dabas_ugyeszseg_valasz.pdf HTTP/1.1" 206 1219 "-" "Mozilla/5.0 (Windows NT 5.1; rv:13.0) Gecko/20100101 Firefox/13.0"
62.77.234.171 - - [11/Jun/2012:11:27:55 +0200] "GET /jog/eseteink/dakar/dakar_dabas_ugyeszseg_valasz.pdf HTTP/1.1" 200 686408 "http://www.google.hu/url?sa=t&rct=j&q=nyilatkozatban%20mondjanak%20le%20fellebbez%C3%A9si%20jogukr%C3%B3l.&source=web&cd=2&ved=0CFEQFjAB&url=http%3A%2F%2Fwww.beklen.hu%2Fjog%2Feseteink%2Fdakar%2Fdakar_dabas_ugyeszseg_valasz.pdf&ei=FbrVT96PBqmk4ATYx9SJAw&usg=AFQjCNH7SWqI-FnybenlxOM5YFYjH9gaQQ" "Mozilla/5.0 (Windows NT 5.1; rv:13.0) Gecko/20100101 Firefox/13.0"
62.77.234.171 - - [11/Jun/2012:11:27:56 +0200] "GET /jog/eseteink/dakar/dakar_dabas_ugyeszseg_valasz.pdf HTTP/1.1" 206 657 "-" "Mozilla/5.0 (Windows NT 5.1; rv:13.0) Gecko/20100101 Firefox/13.0"
62.77.234.171 - - [11/Jun/2012:11:27:56 +0200] "GET /jog/eseteink/dakar/dakar_dabas_ugyeszseg_valasz.pdf HTTP/1.1" 206 324574 "-" "Mozilla/5.0 (Windows NT 5.1; rv:13.0) Gecko/20100101 Firefox/13.0"
62.77.234.171 - - [11/Jun/2012:11:27:56 +0200] "GET /favicon.ico HTTP/1.1" 404 1181 "-" "Mozilla/5.0 (Windows NT 5.1; rv:13.0) Gecko/20100101 Firefox/13.0"
62.77.234.171 - - [11/Jun/2012:11:27:56 +0200] "GET /favicon.ico HTTP/1.1" 404 1181 "-" "Mozilla/5.0 (Windows NT 5.1; rv:13.0) Gecko/20100101 Firefox/13.0"
62.77.234.171 - - [11/Jun/2012:11:27:59 +0200] "GET /jog/eseteink/dakar/dakar_dabas_ugyeszseg_valasz.pdf HTTP/1.1" 206 1240 "-" "Mozilla/5.0 (Windows NT 5.1; rv:13.0) Gecko/20100101 Firefox/13.0"
62.77.234.171 - - [11/Jun/2012:11:28:02 +0200] "GET /jog/eseteink/dakar/dakar_dabas_ugyeszseg_valasz.pdf HTTP/1.1" 206 1345575 "-" "Mozilla/5.0 (Windows NT 5.1; rv:13.0) Gecko/20100101 Firefox/13.0"
178.154.210.252 - - [11/Jun/2012:11:40:17 +0200] "GET /hirek/hirek091015.htm HTTP/1.1" 304 - "-" "Mozilla/5.0 (compatible; YandexBot/3.0; +http://yandex.com/bots)"
188.36.24.182 - - [11/Jun/2012:11:50:37 +0200] "GET / HTTP/1.1" 200 23794 "-" "Mozilla/5.0 (compatible; MSIE 9.0; Windows NT 6.1; WOW64; Trident/5.0)"
188.36.24.182 - - [11/Jun/2012:11:50:37 +0200] "GET /vill.cs HTTP/1.1" 200 2676 "http://www.beklen.hu/" "Mozilla/5.0 (compatible; MSIE 9.0; Windows NT 6.1; WOW64; Trident/5.0)"
188.36.24.182 - - [11/Jun/2012:11:50:37 +0200] "GET /vill.cs HTTP/1.1" 200 2676 "http://www.beklen.hu/" "Mozilla/5.0 (compatible; MSIE 9.0; Windows NT 6.1; WOW64; Trident/5.0)"
188.36.24.182 - - [11/Jun/2012:11:50:37 +0200] "GET /lb/js/prototype.js HTTP/1.1" 200 0 "http://www.beklen.hu/" "Mozilla/5.0 (compatible; MSIE 9.0; Windows NT 6.1; WOW64; Trident/5.0)"
188.36.24.182 - - [11/Jun/2012:11:50:37 +0200] "GET /lb/js/lightbox.js HTTP/1.1" 200 0 "http://www.beklen.hu/" "Mozilla/5.0 (compatible; MSIE 9.0; Windows NT 6.1; WOW64; Trident/5.0)"
188.36.24.182 - - [11/Jun/2012:11:50:37 +0200] "GET /lb/js/scriptaculous.js?load=effects HTTP/1.1" 200 2152 "http://www.beklen.hu/" "Mozilla/5.0 (compatible; MSIE 9.0; Windows NT 6.1; WOW64; Trident/5.0)"
188.36.24.182 - - [11/Jun/2012:11:50:37 +0200] "GET /lb/js/scriptaculous.js?load=effects HTTP/1.1" 200 2152 "http://www.beklen.hu/" "Mozilla/5.0 (compatible; MSIE 9.0; Windows NT 6.1; WOW64; Trident/5.0)"
188.36.24.182 - - [11/Jun/2012:11:50:37 +0200] "GET /lb/css/lightbox.css HTTP/1.1" 200 1715 "http://www.beklen.hu/" "Mozilla/5.0 (compatible; MSIE 9.0; Windows NT 6.1; WOW64; Trident/5.0)"
188.36.24.182 - - [11/Jun/2012:11:50:37 +0200] "GET /lb/css/lightbox.css HTTP/1.1" 200 1715 "http://www.beklen.hu/" "Mozilla/5.0 (compatible; MSIE 9.0; Windows NT 6.1; WOW64; Trident/5.0)"
188.36.24.182 - - [11/Jun/2012:11:50:37 +0200] "GET /lb/js/lightbox.js HTTP/1.1" 200 23424 "http://www.beklen.hu/" "Mozilla/5.0 (compatible; MSIE 9.0; Windows NT 6.1; WOW64; Trident/5.0)"
188.36.24.182 - - [11/Jun/2012:11:50:37 +0200] "GET /lb/js/prototype.js HTTP/1.1" 200 47603 "http://www.beklen.hu/" "Mozilla/5.0 (compatible; MSIE 9.0; Windows NT 6.1; WOW64; Trident/5.0)"
188.36.24.182 - - [11/Jun/2012:11:50:38 +0200] "GET /tm01.jpg HTTP/1.1" 200 1080 "http://www.beklen.hu/" "Mozilla/5.0 (compatible; MSIE 9.0; Windows NT 6.1; WOW64; Trident/5.0)"
188.36.24.182 - - [11/Jun/2012:11:50:38 +0200] "GET /tm02.jpg HTTP/1.1" 200 1873 "http://www.beklen.hu/" "Mozilla/5.0 (compatible; MSIE 9.0; Windows NT 6.1; WOW64; Trident/5.0)"
188.36.24.182 - - [11/Jun/2012:11:50:38 +0200] "GET /tm04_.jpg HTTP/1.1" 200 2058 "http://www.beklen.hu/" "Mozilla/5.0 (compatible; MSIE 9.0; Windows NT 6.1; WOW64; Trident/5.0)"
188.36.24.182 - - [11/Jun/2012:11:50:38 +0200] "GET /tm03_.jpg HTTP/1.1" 200 1787 "http://www.beklen.hu/" "Mozilla/5.0 (compatible; MSIE 9.0; Windows NT 6.1; WOW64; Trident/5.0)"
188.36.24.182 - - [11/Jun/2012:11:50:38 +0200] "GET /tm05_.jpg HTTP/1.1" 200 1839 "http://www.beklen.hu/" "Mozilla/5.0 (compatible; MSIE 9.0; Windows NT 6.1; WOW64; Trident/5.0)"
188.36.24.182 - - [11/Jun/2012:11:50:38 +0200] "GET /tm06_.jpg HTTP/1.1" 200 1382 "http://www.beklen.hu/" "Mozilla/5.0 (compatible; MSIE 9.0; Windows NT 6.1; WOW64; Trident/5.0)"
188.36.24.182 - - [11/Jun/2012:11:50:38 +0200] "GET /lb/js/effects.js HTTP/1.1" 200 31969 "http://www.beklen.hu/" "Mozilla/5.0 (compatible; MSIE 9.0; Windows NT 6.1; WOW64; Trident/5.0)"
188.36.24.182 - - [11/Jun/2012:11:50:38 +0200] "GET /tm07.jpg HTTP/1.1" 200 1007 "http://www.beklen.hu/" "Mozilla/5.0 (compatible; MSIE 9.0; Windows NT 6.1; WOW64; Trident/5.0)"
188.36.24.182 - - [11/Jun/2012:11:50:38 +0200] "GET /jog_honlap_.jpg HTTP/1.1" 200 7186 "http://www.beklen.hu/" "Mozilla/5.0 (compatible; MSIE 9.0; Windows NT 6.1; WOW64; Trident/5.0)"
188.36.24.182 - - [11/Jun/2012:11:50:38 +0200] "GET /a1_projekt_tabla_infra_cs3_beklenhaz_.jpg HTTP/1.1" 200 8994 "http://www.beklen.hu/" "Mozilla/5.0 (compatible; MSIE 9.0; Windows NT 6.1; WOW64; Trident/5.0)"
188.36.24.182 - - [11/Jun/2012:11:50:38 +0200] "GET /bg.jpg HTTP/1.1" 200 566 "http://www.beklen.hu/" "Mozilla/5.0 (compatible; MSIE 9.0; Windows NT 6.1; WOW64; Trident/5.0)"
188.36.24.182 - - [11/Jun/2012:11:50:38 +0200] "GET /bottom_main.jpg HTTP/1.1" 200 96820 "http://www.beklen.hu/" "Mozilla/5.0 (compatible; MSIE 9.0; Windows NT 6.1; WOW64; Trident/5.0)"
188.36.24.182 - - [11/Jun/2012:11:50:38 +0200] "GET /nimfea_project_250x250.gif HTTP/1.1" 200 2986583 "http://www.beklen.hu/" "Mozilla/5.0 (compatible; MSIE 9.0; Windows NT 6.1; WOW64; Trident/5.0)"
188.36.24.182 - - [11/Jun/2012:11:50:38 +0200] "GET /favicon.ico HTTP/1.1" 404 1181 "-" "Mozilla/5.0 (compatible; MSIE 9.0; Windows NT 6.1; WOW64; Trident/5.0)"
188.36.24.182 - - [11/Jun/2012:11:50:38 +0200] "GET /tm04.jpg HTTP/1.1" 200 2613 "http://www.beklen.hu/" "Mozilla/5.0 (compatible; MSIE 9.0; Windows NT 6.1; WOW64; Trident/5.0)"
188.36.24.182 - - [11/Jun/2012:11:50:38 +0200] "GET /tm06.jpg HTTP/1.1" 200 1651 "http://www.beklen.hu/" "Mozilla/5.0 (compatible; MSIE 9.0; Windows NT 6.1; WOW64; Trident/5.0)"
188.36.24.182 - - [11/Jun/2012:11:50:38 +0200] "GET /tm05.jpg HTTP/1.1" 200 2253 "http://www.beklen.hu/" "Mozilla/5.0 (compatible; MSIE 9.0; Windows NT 6.1; WOW64; Trident/5.0)"
188.36.24.182 - - [11/Jun/2012:11:50:38 +0200] "GET /tm02_.jpg HTTP/1.1" 200 1524 "http://www.beklen.hu/" "Mozilla/5.0 (compatible; MSIE 9.0; Windows NT 6.1; WOW64; Trident/5.0)"
188.36.24.182 - - [11/Jun/2012:11:50:38 +0200] "GET /tm03.jpg HTTP/1.1" 200 2212 "http://www.beklen.hu/" "Mozilla/5.0 (compatible; MSIE 9.0; Windows NT 6.1; WOW64; Trident/5.0)"
188.36.24.182 - - [11/Jun/2012:11:50:38 +0200] "GET /lb/images/loading.gif HTTP/1.1" 200 2767 "http://www.beklen.hu/" "Mozilla/5.0 (compatible; MSIE 9.0; Windows NT 6.1; WOW64; Trident/5.0)"
188.36.24.182 - - [11/Jun/2012:11:50:38 +0200] "GET /lb/images/closelabel.gif HTTP/1.1" 200 222 "http://www.beklen.hu/" "Mozilla/5.0 (compatible; MSIE 9.0; Windows NT 6.1; WOW64; Trident/5.0)"
188.36.24.182 - - [11/Jun/2012:11:50:52 +0200] "GET /kapcsolat.htm HTTP/1.1" 200 6889 "http://www.beklen.hu/" "Mozilla/5.0 (compatible; MSIE 9.0; Windows NT 6.1; WOW64; Trident/5.0)"
188.36.24.182 - - [11/Jun/2012:11:50:52 +0200] "GET /felsorol.css HTTP/1.1" 200 240 "http://www.beklen.hu/kapcsolat.htm" "Mozilla/5.0 (compatible; MSIE 9.0; Windows NT 6.1; WOW64; Trident/5.0)"
188.36.24.182 - - [11/Jun/2012:11:50:52 +0200] "GET /felsorol.css HTTP/1.1" 200 240 "http://www.beklen.hu/kapcsolat.htm" "Mozilla/5.0 (compatible; MSIE 9.0; Windows NT 6.1; WOW64; Trident/5.0)"
188.36.24.182 - - [11/Jun/2012:11:50:52 +0200] "GET /bottom_.jpg HTTP/1.1" 200 93419 "http://www.beklen.hu/kapcsolat.htm" "Mozilla/5.0 (compatible; MSIE 9.0; Windows NT 6.1; WOW64; Trident/5.0)"
188.36.24.182 - - [11/Jun/2012:11:50:53 +0200] "GET /favicon.ico HTTP/1.1" 404 1181 "-" "Mozilla/5.0 (compatible; MSIE 9.0; Windows NT 6.1; WOW64; Trident/5.0)"
208.115.113.84 - - [11/Jun/2012:11:56:49 +0200] "GET /jog/publikaciok.htm HTTP/1.1" 200 17866 "-" "Mozilla/5.0 (compatible; Ezooms/1.0; ezooms.bot@gmail.com)"
188.36.24.182 - - [11/Jun/2012:12:08:13 +0200] "GET /index.htm HTTP/1.1" 200 23794 "http://www.beklen.hu/kapcsolat.htm" "Mozilla/5.0 (compatible; MSIE 9.0; Windows NT 6.1; WOW64; Trident/5.0)"
188.36.24.182 - - [11/Jun/2012:12:41:15 +0200] "GET /lb/images/blank.gif HTTP/1.1" 200 43 "http://www.beklen.hu/" "Mozilla/5.0 (compatible; MSIE 9.0; Windows NT 6.1; WOW64; Trident/5.0)"
178.154.210.252 - - [11/Jun/2012:12:54:37 +0200] "GET /media.htm HTTP/1.1" 304 - "-" "Mozilla/5.0 (compatible; YandexBot/3.0; +http://yandex.com/bots)"
208.115.113.84 - - [11/Jun/2012:13:43:30 +0200] "GET /robots.txt HTTP/1.1" 404 1181 "-" "Mozilla/5.0 (compatible; Ezooms/1.0; ezooms.bot@gmail.com)"
178.154.210.252 - - [11/Jun/2012:14:21:27 +0200] "GET /kapcsolat.htm HTTP/1.1" 304 - "-" "Mozilla/5.0 (compatible; YandexBot/3.0; +http://yandex.com/bots)"
178.154.210.252 - - [11/Jun/2012:16:45:47 +0200] "GET /hirarchivum.htm HTTP/1.1" 304 - "-" "Mozilla/5.0 (compatible; YandexBot/3.0; +http://yandex.com/bots)"
81.183.209.115 - - [11/Jun/2012:17:02:29 +0200] "GET /hirek/Natura_2000es_gyepgazdalkodas_eloirasai.ppt HTTP/1.1" 200 333312 "http://kereso.startlap.hu/?q=natura+2000+blokkok&sise=a&altsearch=1&search=google" "Mozilla/5.0 (Windows NT 5.1; rv:13.0) Gecko/20100101 Firefox/13.0"
66.249.72.2 - - [11/Jun/2012:17:08:28 +0200] "GET /robots.txt HTTP/1.1" 404 1181 "-" "Mozilla/5.0 (compatible; Googlebot/2.1; +http://www.google.com/bot.html)"
66.249.72.2 - - [11/Jun/2012:17:08:29 +0200] "GET /jog/eseteink/audi/audi_gyor_restoration_measures1-10.pdf HTTP/1.1" 304 - "-" "Mozilla/5.0 (compatible; Googlebot/2.1; +http://www.google.com/bot.html)"
95.211.139.1 - - [11/Jun/2012:17:48:23 +0200] "GET /robots.txt HTTP/1.0" 404 1181 "-" "Mozilla/5.0 (compatible; AcoonBot/4.11.0; +http://www.acoon.de/robot.asp)"
95.211.139.1 - - [11/Jun/2012:17:48:23 +0200] "GET /fiok/ HTTP/1.0" 200 20554 "-" "Mozilla/5.0 (compatible; AcoonBot/4.11.0; +http://www.acoon.de/robot.asp)"
66.249.72.2 - - [11/Jun/2012:18:43:07 +0200] "GET /jog/eseteink/korosladany/2108_001.pdf HTTP/1.1" 304 - "-" "Mozilla/5.0 (compatible; Googlebot/2.1; +http://www.google.com/bot.html)"
65.52.110.26 - - [11/Jun/2012:20:26:29 +0200] "GET /robots.txt HTTP/1.1" 404 1181 "-" "Mozilla/5.0 (compatible; bingbot/2.0; +http://www.bing.com/bingbot.htm)"
65.52.111.215 - - [11/Jun/2012:20:27:30 +0200] "GET /programok.htm HTTP/1.1" 200 6444 "-" "Mozilla/5.0 (Windows NT 6.1; WOW64) AppleWebKit/534+ (KHTML, like Gecko) BingPreview/1.0b"
65.52.111.215 - - [11/Jun/2012:20:27:30 +0200] "GET /vill.cs HTTP/1.1" 200 2676 "http://www.beklen.hu/programok.htm" "Mozilla/5.0 (Windows NT 6.1; WOW64) AppleWebKit/534+ (KHTML, like Gecko) BingPreview/1.0b"
147.251.48.4 - - [11/Jun/2012:20:27:50 +0200] "GET /robots.txt HTTP/1.1" 404 1181 "-" "Mozilla/5.0 (compatible; SpiderLing (a SPIDER for LINGustic research); http://nlp.fi.muni.cz/projects/biwec/)"
147.251.48.4 - - [11/Jun/2012:20:30:35 +0200] "GET /fiok/ HTTP/1.1" 200 20554 "-" "Mozilla/5.0 (compatible; SpiderLing (a SPIDER for LINGustic research); http://nlp.fi.muni.cz/projects/biwec/)"
147.251.48.4 - - [11/Jun/2012:20:32:02 +0200] "GET / HTTP/1.1" 200 23794 "-" "Mozilla/5.0 (compatible; SpiderLing (a SPIDER for LINGustic research); http://nlp.fi.muni.cz/projects/biwec/)"
147.251.48.4 - - [11/Jun/2012:20:36:23 +0200] "GET /hirek/hirek100420.htm HTTP/1.1" 200 7914 "-" "Mozilla/5.0 (compatible; SpiderLing (a SPIDER for LINGustic research); http://nlp.fi.muni.cz/projects/biwec/)"
147.251.48.4 - - [11/Jun/2012:20:37:56 +0200] "GET /fiok/kapcsolat.htm HTTP/1.1" 200 17416 "-" "Mozilla/5.0 (compatible; SpiderLing (a SPIDER for LINGustic research); http://nlp.fi.muni.cz/projects/biwec/)"
147.251.48.4 - - [11/Jun/2012:20:40:28 +0200] "GET /fiok/index.html HTTP/1.1" 200 20554 "-" "Mozilla/5.0 (compatible; SpiderLing (a SPIDER for LINGustic research); http://nlp.fi.muni.cz/projects/biwec/)"
147.251.48.4 - - [11/Jun/2012:20:40:51 +0200] "GET /hirek/hirek100810.htm HTTP/1.1" 200 8123 "-" "Mozilla/5.0 (compatible; SpiderLing (a SPIDER for LINGustic research); http://nlp.fi.muni.cz/projects/biwec/)"
147.251.48.4 - - [11/Jun/2012:20:42:36 +0200] "GET /kapcsolat.htm HTTP/1.1" 200 6889 "-" "Mozilla/5.0 (compatible; SpiderLing (a SPIDER for LINGustic research); http://nlp.fi.muni.cz/projects/biwec/)"
147.251.48.4 - - [11/Jun/2012:20:43:54 +0200] "GET /media.htm HTTP/1.1" 200 5208 "-" "Mozilla/5.0 (compatible; SpiderLing (a SPIDER for LINGustic research); http://nlp.fi.muni.cz/projects/biwec/)"
147.251.48.4 - - [11/Jun/2012:20:47:02 +0200] "GET /index.htm HTTP/1.1" 200 23794 "-" "Mozilla/5.0 (compatible; SpiderLing (a SPIDER for LINGustic research); http://nlp.fi.muni.cz/projects/biwec/)"
147.251.48.4 - - [11/Jun/2012:20:49:23 +0200] "GET /fiok/kornyezet.htm HTTP/1.1" 200 22582 "-" "Mozilla/5.0 (compatible; SpiderLing (a SPIDER for LINGustic research); http://nlp.fi.muni.cz/projects/biwec/)"
147.251.48.4 - - [11/Jun/2012:20:52:00 +0200] "GET /hirarchivum.htm HTTP/1.1" 200 24981 "-" "Mozilla/5.0 (compatible; SpiderLing (a SPIDER for LINGustic research); http://nlp.fi.muni.cz/projects/biwec/)"
147.251.48.4 - - [11/Jun/2012:20:55:05 +0200] "GET /fiok/gazdasag.htm HTTP/1.1" 200 22480 "-" "Mozilla/5.0 (compatible; SpiderLing (a SPIDER for LINGustic research); http://nlp.fi.muni.cz/projects/biwec/)"
147.251.48.4 - - [11/Jun/2012:20:55:25 +0200] "GET /hirek/hirek091015.htm HTTP/1.1" 200 7046 "-" "Mozilla/5.0 (compatible; SpiderLing (a SPIDER for LINGustic research); http://nlp.fi.muni.cz/projects/biwec/)"
147.251.48.4 - - [11/Jun/2012:20:58:24 +0200] "GET /hirek/hirek091221.htm HTTP/1.1" 200 6740 "-" "Mozilla/5.0 (compatible; SpiderLing (a SPIDER for LINGustic research); http://nlp.fi.muni.cz/projects/biwec/)"
147.251.48.4 - - [11/Jun/2012:21:00:41 +0200] "GET /hirek/hirek120120.htm HTTP/1.1" 200 6634 "-" "Mozilla/5.0 (compatible; SpiderLing (a SPIDER for LINGustic research); http://nlp.fi.muni.cz/projects/biwec/)"
147.251.48.4 - - [11/Jun/2012:21:03:58 +0200] "GET /hirek/hirek091102.htm HTTP/1.1" 200 8538 "-" "Mozilla/5.0 (compatible; SpiderLing (a SPIDER for LINGustic research); http://nlp.fi.muni.cz/projects/biwec/)"
147.251.48.4 - - [11/Jun/2012:21:05:04 +0200] "GET /fiok/mult.htm HTTP/1.1" 200 23227 "-" "Mozilla/5.0 (compatible; SpiderLing (a SPIDER for LINGustic research); http://nlp.fi.muni.cz/projects/biwec/)"
147.251.48.4 - - [11/Jun/2012:21:07:47 +0200] "GET /hirek/hirek101025.htm HTTP/1.1" 200 8786 "-" "Mozilla/5.0 (compatible; SpiderLing (a SPIDER for LINGustic research); http://nlp.fi.muni.cz/projects/biwec/)"
147.251.48.4 - - [11/Jun/2012:21:11:28 +0200] "GET /fiok/fiok.html HTTP/1.1" 200 20723 "-" "Mozilla/5.0 (compatible; SpiderLing (a SPIDER for LINGustic research); http://nlp.fi.muni.cz/projects/biwec/)"
147.251.48.4 - - [11/Jun/2012:21:14:07 +0200] "GET /hirek08_12.htm HTTP/1.1" 200 8268 "-" "Mozilla/5.0 (compatible; SpiderLing (a SPIDER for LINGustic research); http://nlp.fi.muni.cz/projects/biwec/)"
147.251.48.4 - - [11/Jun/2012:21:15:41 +0200] "GET /hirek/hirek08_11.htm HTTP/1.1" 200 7337 "-" "Mozilla/5.0 (compatible; SpiderLing (a SPIDER for LINGustic research); http://nlp.fi.muni.cz/projects/biwec/)"
147.251.48.4 - - [11/Jun/2012:21:21:52 +0200] "GET /magunkrol.htm HTTP/1.1" 200 9202 "-" "Mozilla/5.0 (compatible; SpiderLing (a SPIDER for LINGustic research); http://nlp.fi.muni.cz/projects/biwec/)"
147.251.48.4 - - [11/Jun/2012:21:23:55 +0200] "GET /hirek/hirek100225.htm HTTP/1.1" 200 7288 "-" "Mozilla/5.0 (compatible; SpiderLing (a SPIDER for LINGustic research); http://nlp.fi.muni.cz/projects/biwec/)"
147.251.48.4 - - [11/Jun/2012:21:24:30 +0200] "GET /hirek/hirek120207.htm HTTP/1.1" 200 6586 "-" "Mozilla/5.0 (compatible; SpiderLing (a SPIDER for LINGustic research); http://nlp.fi.muni.cz/projects/biwec/)"
147.251.48.4 - - [11/Jun/2012:21:26:06 +0200] "GET /hirek/hirek090619.htm HTTP/1.1" 200 7871 "-" "Mozilla/5.0 (compatible; SpiderLing (a SPIDER for LINGustic research); http://nlp.fi.muni.cz/projects/biwec/)"
147.251.48.4 - - [11/Jun/2012:21:28:37 +0200] "GET /hirek/fiok/index.html HTTP/1.1" 404 1181 "-" "Mozilla/5.0 (compatible; SpiderLing (a SPIDER for LINGustic research); http://nlp.fi.muni.cz/projects/biwec/)"
147.251.48.4 - - [11/Jun/2012:21:31:42 +0200] "GET /hirek/hirek09_02.htm HTTP/1.1" 200 7534 "-" "Mozilla/5.0 (compatible; SpiderLing (a SPIDER for LINGustic research); http://nlp.fi.muni.cz/projects/biwec/)"
147.251.48.4 - - [11/Jun/2012:21:34:54 +0200] "GET /hirek09_01.htm HTTP/1.1" 200 6841 "-" "Mozilla/5.0 (compatible; SpiderLing (a SPIDER for LINGustic research); http://nlp.fi.muni.cz/projects/biwec/)"
147.251.48.4 - - [11/Jun/2012:21:37:08 +0200] "GET /hirek09_03.htm HTTP/1.1" 200 10726 "-" "Mozilla/5.0 (compatible; SpiderLing (a SPIDER for LINGustic research); http://nlp.fi.muni.cz/projects/biwec/)"
147.251.48.4 - - [11/Jun/2012:21:39:37 +0200] "GET /hirek08_10.htm HTTP/1.1" 200 6946 "-" "Mozilla/5.0 (compatible; SpiderLing (a SPIDER for LINGustic research); http://nlp.fi.muni.cz/projects/biwec/)"
178.154.210.252 - - [11/Jun/2012:21:41:51 +0200] "GET /deutsch/kontakt.htm HTTP/1.1" 200 4769 "-" "Mozilla/5.0 (compatible; YandexBot/3.0; +http://yandex.com/bots)"
147.251.48.4 - - [11/Jun/2012:21:42:43 +0200] "GET /fiok/programok.htm HTTP/1.1" 200 18165 "-" "Mozilla/5.0 (compatible; SpiderLing (a SPIDER for LINGustic research); http://nlp.fi.muni.cz/projects/biwec/)"
147.251.48.4 - - [11/Jun/2012:21:49:14 +0200] "GET /english/index.htm HTTP/1.1" 200 5262 "-" "Mozilla/5.0 (compatible; SpiderLing (a SPIDER for LINGustic research); http://nlp.fi.muni.cz/projects/biwec/)"
147.251.48.4 - - [11/Jun/2012:21:53:34 +0200] "GET /hirek/hirek090605.htm HTTP/1.1" 200 7994 "-" "Mozilla/5.0 (compatible; SpiderLing (a SPIDER for LINGustic research); http://nlp.fi.muni.cz/projects/biwec/)"
147.251.48.4 - - [11/Jun/2012:21:57:26 +0200] "GET /jog/index.htm HTTP/1.1" 200 13138 "-" "Mozilla/5.0 (compatible; SpiderLing (a SPIDER for LINGustic research); http://nlp.fi.muni.cz/projects/biwec/)"
147.251.48.4 - - [11/Jun/2012:21:57:55 +0200] "GET /hirek/hirek090930.htm HTTP/1.1" 200 7044 "-" "Mozilla/5.0 (compatible; SpiderLing (a SPIDER for LINGustic research); http://nlp.fi.muni.cz/projects/biwec/)"
147.251.48.4 - - [11/Jun/2012:22:02:00 +0200] "GET /hirek/hirek09_03.htm HTTP/1.1" 200 10810 "-" "Mozilla/5.0 (compatible; SpiderLing (a SPIDER for LINGustic research); http://nlp.fi.muni.cz/projects/biwec/)"
147.251.48.4 - - [11/Jun/2012:22:02:38 +0200] "GET /jog/zoldombudsman.htm HTTP/1.1" 200 13369 "-" "Mozilla/5.0 (compatible; SpiderLing (a SPIDER for LINGustic research); http://nlp.fi.muni.cz/projects/biwec/)"
147.251.48.4 - - [11/Jun/2012:22:05:46 +0200] "GET /fiok/program_reszek/turazas.htm HTTP/1.1" 200 22754 "-" "Mozilla/5.0 (compatible; SpiderLing (a SPIDER for LINGustic research); http://nlp.fi.muni.cz/projects/biwec/)"
147.251.48.4 - - [11/Jun/2012:22:07:33 +0200] "GET /hirek/hirek090302.htm HTTP/1.1" 200 8452 "-" "Mozilla/5.0 (compatible; SpiderLing (a SPIDER for LINGustic research); http://nlp.fi.muni.cz/projects/biwec/)"
147.251.48.4 - - [11/Jun/2012:22:11:57 +0200] "GET /hirek08_11.htm HTTP/1.1" 200 7253 "-" "Mozilla/5.0 (compatible; SpiderLing (a SPIDER for LINGustic research); http://nlp.fi.muni.cz/projects/biwec/)"
147.251.48.4 - - [11/Jun/2012:22:13:23 +0200] "GET /hirek/hirek090303.htm HTTP/1.1" 200 7721 "-" "Mozilla/5.0 (compatible; SpiderLing (a SPIDER for LINGustic research); http://nlp.fi.muni.cz/projects/biwec/)"
147.251.48.4 - - [11/Jun/2012:22:16:08 +0200] "GET /hirek/hirek090215.htm HTTP/1.1" 200 9398 "-" "Mozilla/5.0 (compatible; SpiderLing (a SPIDER for LINGustic research); http://nlp.fi.muni.cz/projects/biwec/)"
147.251.48.4 - - [11/Jun/2012:22:19:06 +0200] "GET /hirek/hirek090301.htm HTTP/1.1" 200 7022 "-" "Mozilla/5.0 (compatible; SpiderLing (a SPIDER for LINGustic research); http://nlp.fi.muni.cz/projects/biwec/)"
147.251.48.4 - - [11/Jun/2012:22:21:20 +0200] "GET /hirek/hirek100804.htm HTTP/1.1" 200 8056 "-" "Mozilla/5.0 (compatible; SpiderLing (a SPIDER for LINGustic research); http://nlp.fi.muni.cz/projects/biwec/)"
