84.1.209.68 - - [06/Jun/2012:22:39:37 +0200] "GET /fiok/css/js/lightbox.js HTTP/1.1" 200 23424 "http://www.beklen.hu/fiok/program_reszek/turazas.htm" "Opera/9.80 (Android 2.2.2; Linux; Opera Mobi/ADR-1204201824; U; hu) Presto/2.10.254 Version/12.00"
84.1.209.68 - - [06/Jun/2012:22:39:37 +0200] "GET /fiok/css/js/scriptaculous.js?load=effects HTTP/1.1" 200 2152 "http://www.beklen.hu/fiok/program_reszek/turazas.htm" "Opera/9.80 (Android 2.2.2; Linux; Opera Mobi/ADR-1204201824; U; hu) Presto/2.10.254 Version/12.00"
84.1.209.68 - - [06/Jun/2012:22:39:37 +0200] "GET /fiok/program_reszek/images/index_11.gif HTTP/1.1" 200 74 "http://www.beklen.hu/fiok/program_reszek/turazas.htm" "Opera/9.80 (Android 2.2.2; Linux; Opera Mobi/ADR-1204201824; U; hu) Presto/2.10.254 Version/12.00"
84.1.209.68 - - [06/Jun/2012:22:39:37 +0200] "GET /fiok/program_reszek/images/index_27_27.jpg HTTP/1.1" 200 12876 "http://www.beklen.hu/fiok/program_reszek/turazas.htm" "Opera/9.80 (Android 2.2.2; Linux; Opera Mobi/ADR-1204201824; U; hu) Presto/2.10.254 Version/12.00"
84.1.209.68 - - [06/Jun/2012:22:39:37 +0200] "GET /fiok/program_reszek/images/index_02_02.JPG HTTP/1.1" 200 1178 "http://www.beklen.hu/fiok/program_reszek/turazas.htm" "Opera/9.80 (Android 2.2.2; Linux; Opera Mobi/ADR-1204201824; U; hu) Presto/2.10.254 Version/12.00"
84.1.209.68 - - [06/Jun/2012:22:39:37 +0200] "GET /fiok/css/js/prototype.js HTTP/1.1" 200 47603 "http://www.beklen.hu/fiok/program_reszek/turazas.htm" "Opera/9.80 (Android 2.2.2; Linux; Opera Mobi/ADR-1204201824; U; hu) Presto/2.10.254 Version/12.00"
84.1.209.68 - - [06/Jun/2012:22:39:37 +0200] "GET /fiok/program_reszek/images/index_15_15.JPG HTTP/1.1" 200 20275 "http://www.beklen.hu/fiok/program_reszek/turazas.htm" "Opera/9.80 (Android 2.2.2; Linux; Opera Mobi/ADR-1204201824; U; hu) Presto/2.10.254 Version/12.00"
84.1.209.68 - - [06/Jun/2012:22:39:37 +0200] "GET /favicon.ico HTTP/1.1" 404 1181 "http://www.beklen.hu/fiok/program_reszek/turazas.htm" "Opera/9.80 (Android 2.2.2; Linux; Opera Mobi/ADR-1204201824; U; hu) Presto/2.10.254 Version/12.00"
84.1.209.68 - - [06/Jun/2012:22:39:37 +0200] "GET /fiok/program_reszek/images/index_12_12.JPG HTTP/1.1" 200 985 "http://www.beklen.hu/fiok/program_reszek/turazas.htm" "Opera/9.80 (Android 2.2.2; Linux; Opera Mobi/ADR-1204201824; U; hu) Presto/2.10.254 Version/12.00"
84.1.209.68 - - [06/Jun/2012:22:39:37 +0200] "GET /fiok/program_reszek/images/index_17_17.jpg HTTP/1.1" 200 2374 "http://www.beklen.hu/fiok/program_reszek/turazas.htm" "Opera/9.80 (Android 2.2.2; Linux; Opera Mobi/ADR-1204201824; U; hu) Presto/2.10.254 Version/12.00"
84.1.209.68 - - [06/Jun/2012:22:39:37 +0200] "GET /fiok/program_reszek/images/index_13.gif HTTP/1.1" 200 149 "http://www.beklen.hu/fiok/program_reszek/turazas.htm" "Opera/9.80 (Android 2.2.2; Linux; Opera Mobi/ADR-1204201824; U; hu) Presto/2.10.254 Version/12.00"
84.1.209.68 - - [06/Jun/2012:22:39:37 +0200] "GET /fiok/program_reszek/images/index_14_14.JPG HTTP/1.1" 200 9305 "http://www.beklen.hu/fiok/program_reszek/turazas.htm" "Opera/9.80 (Android 2.2.2; Linux; Opera Mobi/ADR-1204201824; U; hu) Presto/2.10.254 Version/12.00"
84.1.209.68 - - [06/Jun/2012:22:39:37 +0200] "GET /fiok/program_reszek/images/index_16_16.JPG HTTP/1.1" 200 13468 "http://www.beklen.hu/fiok/program_reszek/turazas.htm" "Opera/9.80 (Android 2.2.2; Linux; Opera Mobi/ADR-1204201824; U; hu) Presto/2.10.254 Version/12.00"
84.1.209.68 - - [06/Jun/2012:22:39:37 +0200] "GET /fiok/program_reszek/images/index_19_19.JPG HTTP/1.1" 200 3123 "http://www.beklen.hu/fiok/program_reszek/turazas.htm" "Opera/9.80 (Android 2.2.2; Linux; Opera Mobi/ADR-1204201824; U; hu) Presto/2.10.254 Version/12.00"
84.1.209.68 - - [06/Jun/2012:22:39:37 +0200] "GET /fiok/css/js/effects.js HTTP/1.1" 200 31969 "http://www.beklen.hu/fiok/program_reszek/turazas.htm" "Opera/9.80 (Android 2.2.2; Linux; Opera Mobi/ADR-1204201824; U; hu) Presto/2.10.254 Version/12.00"
84.1.209.68 - - [06/Jun/2012:22:39:37 +0200] "GET /fiok/program_reszek/images/e4e.jpg HTTP/1.1" 200 524 "http://www.beklen.hu/fiok/program_reszek/turazas.htm" "Opera/9.80 (Android 2.2.2; Linux; Opera Mobi/ADR-1204201824; U; hu) Presto/2.10.254 Version/12.00"
84.1.209.68 - - [06/Jun/2012:22:39:37 +0200] "GET /fiok/program_reszek/images/index_26.gif HTTP/1.1" 200 121 "http://www.beklen.hu/fiok/program_reszek/turazas.htm" "Opera/9.80 (Android 2.2.2; Linux; Opera Mobi/ADR-1204201824; U; hu) Presto/2.10.254 Version/12.00"
84.1.209.68 - - [06/Jun/2012:22:39:37 +0200] "GET /fiok/program_reszek/images/index_25.gif HTTP/1.1" 200 708 "http://www.beklen.hu/fiok/program_reszek/turazas.htm" "Opera/9.80 (Android 2.2.2; Linux; Opera Mobi/ADR-1204201824; U; hu) Presto/2.10.254 Version/12.00"
84.1.209.68 - - [06/Jun/2012:22:39:37 +0200] "GET /fiok/program_reszek/images/c4c.jpg HTTP/1.1" 200 524 "http://www.beklen.hu/fiok/program_reszek/turazas.htm" "Opera/9.80 (Android 2.2.2; Linux; Opera Mobi/ADR-1204201824; U; hu) Presto/2.10.254 Version/12.00"
84.1.209.68 - - [06/Jun/2012:22:39:37 +0200] "GET /fiok/program_reszek/images/index_18_18.JPG HTTP/1.1" 200 15778 "http://www.beklen.hu/fiok/program_reszek/turazas.htm" "Opera/9.80 (Android 2.2.2; Linux; Opera Mobi/ADR-1204201824; U; hu) Presto/2.10.254 Version/12.00"
84.1.209.68 - - [06/Jun/2012:22:39:37 +0200] "GET /fiok/program_reszek/images/spacer.gif HTTP/1.1" 200 43 "http://www.beklen.hu/fiok/program_reszek/turazas.htm" "Opera/9.80 (Android 2.2.2; Linux; Opera Mobi/ADR-1204201824; U; hu) Presto/2.10.254 Version/12.00"
84.1.209.68 - - [06/Jun/2012:22:39:37 +0200] "GET /fiok/program_reszek/images/d4d.jpg HTTP/1.1" 200 524 "http://www.beklen.hu/fiok/program_reszek/turazas.htm" "Opera/9.80 (Android 2.2.2; Linux; Opera Mobi/ADR-1204201824; U; hu) Presto/2.10.254 Version/12.00"
84.1.209.68 - - [06/Jun/2012:22:39:38 +0200] "GET /fiok/program_reszek/images/b4b.jpg HTTP/1.1" 200 524 "http://www.beklen.hu/fiok/program_reszek/turazas.htm" "Opera/9.80 (Android 2.2.2; Linux; Opera Mobi/ADR-1204201824; U; hu) Presto/2.10.254 Version/12.00"
84.1.209.68 - - [06/Jun/2012:22:39:38 +0200] "GET /fiok/program_reszek/images/a4a.jpg HTTP/1.1" 200 524 "http://www.beklen.hu/fiok/program_reszek/turazas.htm" "Opera/9.80 (Android 2.2.2; Linux; Opera Mobi/ADR-1204201824; U; hu) Presto/2.10.254 Version/12.00"
84.1.209.68 - - [06/Jun/2012:22:39:38 +0200] "GET /fiok/program_reszek/programok/18.jpg HTTP/1.1" 200 225255 "http://www.beklen.hu/fiok/program_reszek/turazas.htm" "Opera/9.80 (Android 2.2.2; Linux; Opera Mobi/ADR-1204201824; U; hu) Presto/2.10.254 Version/12.00"
84.1.209.68 - - [06/Jun/2012:22:39:38 +0200] "GET /fiok/program_reszek/programok/21.jpg HTTP/1.1" 200 261695 "http://www.beklen.hu/fiok/program_reszek/turazas.htm" "Opera/9.80 (Android 2.2.2; Linux; Opera Mobi/ADR-1204201824; U; hu) Presto/2.10.254 Version/12.00"
84.1.209.68 - - [06/Jun/2012:22:39:38 +0200] "GET /fiok/program_reszek/programok/19.jpg HTTP/1.1" 200 196464 "http://www.beklen.hu/fiok/program_reszek/turazas.htm" "Opera/9.80 (Android 2.2.2; Linux; Opera Mobi/ADR-1204201824; U; hu) Presto/2.10.254 Version/12.00"
84.1.209.68 - - [06/Jun/2012:22:39:39 +0200] "GET /fiok/program_reszek/programok/20.jpg HTTP/1.1" 200 187831 "http://www.beklen.hu/fiok/program_reszek/turazas.htm" "Opera/9.80 (Android 2.2.2; Linux; Opera Mobi/ADR-1204201824; U; hu) Presto/2.10.254 Version/12.00"
84.1.209.68 - - [06/Jun/2012:22:39:39 +0200] "GET /fiok/program_reszek/images/b12.jpg HTTP/1.1" 200 544 "http://www.beklen.hu/fiok/program_reszek/turazas.htm" "Opera/9.80 (Android 2.2.2; Linux; Opera Mobi/ADR-1204201824; U; hu) Presto/2.10.254 Version/12.00"
84.1.209.68 - - [06/Jun/2012:22:39:39 +0200] "GET /fiok/program_reszek/images/index_22.gif HTTP/1.1" 200 227 "http://www.beklen.hu/fiok/program_reszek/turazas.htm" "Opera/9.80 (Android 2.2.2; Linux; Opera Mobi/ADR-1204201824; U; hu) Presto/2.10.254 Version/12.00"
84.1.209.68 - - [06/Jun/2012:22:39:39 +0200] "GET /fiok/program_reszek/images/index_24.gif HTTP/1.1" 200 227 "http://www.beklen.hu/fiok/program_reszek/turazas.htm" "Opera/9.80 (Android 2.2.2; Linux; Opera Mobi/ADR-1204201824; U; hu) Presto/2.10.254 Version/12.00"
84.1.209.68 - - [06/Jun/2012:22:39:39 +0200] "GET /fiok/program_reszek/images/index_28.gif HTTP/1.1" 200 262 "http://www.beklen.hu/fiok/program_reszek/turazas.htm" "Opera/9.80 (Android 2.2.2; Linux; Opera Mobi/ADR-1204201824; U; hu) Presto/2.10.254 Version/12.00"
208.115.113.84 - - [06/Jun/2012:23:27:41 +0200] "GET /jog/publikaciok.htm HTTP/1.1" 200 17866 "-" "Mozilla/5.0 (compatible; Ezooms/1.0; ezooms.bot@gmail.com)"
208.115.113.84 - - [07/Jun/2012:01:11:31 +0200] "GET /robots.txt HTTP/1.1" 404 1181 "-" "Mozilla/5.0 (compatible; Ezooms/1.0; ezooms.bot@gmail.com)"
208.115.113.84 - - [07/Jun/2012:02:28:57 +0200] "GET /jog/publikaciok.htm HTTP/1.1" 200 17866 "-" "Mozilla/5.0 (compatible; Ezooms/1.0; ezooms.bot@gmail.com)"
208.115.113.84 - - [07/Jun/2012:04:37:13 +0200] "GET /robots.txt HTTP/1.1" 404 1181 "-" "Mozilla/5.0 (compatible; Ezooms/1.0; ezooms.bot@gmail.com)"
208.115.113.84 - - [07/Jun/2012:06:20:40 +0200] "GET /jog/publikaciok.htm HTTP/1.1" 200 17866 "-" "Mozilla/5.0 (compatible; Ezooms/1.0; ezooms.bot@gmail.com)"
66.249.72.2 - - [07/Jun/2012:06:58:06 +0200] "GET /robots.txt HTTP/1.1" 404 1181 "-" "Mozilla/5.0 (compatible; Googlebot/2.1; +http://www.google.com/bot.html)"
66.249.72.2 - - [07/Jun/2012:06:58:06 +0200] "GET / HTTP/1.1" 304 - "-" "Mozilla/5.0 (compatible; Googlebot/2.1; +http://www.google.com/bot.html)"
178.154.210.252 - - [07/Jun/2012:07:11:37 +0200] "GET /robots.txt HTTP/1.1" 404 1181 "-" "Mozilla/5.0 (compatible; YandexBot/3.0; +http://yandex.com/bots)"
178.154.210.252 - - [07/Jun/2012:07:11:39 +0200] "GET /fiok/index.html HTTP/1.1" 304 - "-" "Mozilla/5.0 (compatible; YandexBot/3.0; +http://yandex.com/bots)"
208.115.113.84 - - [07/Jun/2012:08:04:58 +0200] "GET /robots.txt HTTP/1.1" 404 1181 "-" "Mozilla/5.0 (compatible; Ezooms/1.0; ezooms.bot@gmail.com)"
178.154.210.252 - - [07/Jun/2012:08:54:37 +0200] "GET / HTTP/1.1" 200 23794 "-" "Mozilla/5.0 (compatible; YandexBot/3.0; +http://yandex.com/bots)"
208.115.113.84 - - [07/Jun/2012:09:47:08 +0200] "GET /jog/publikaciok.htm HTTP/1.1" 200 17866 "-" "Mozilla/5.0 (compatible; Ezooms/1.0; ezooms.bot@gmail.com)"
178.154.210.252 - - [07/Jun/2012:10:19:19 +0200] "GET /fiok/ HTTP/1.1" 304 - "-" "Mozilla/5.0 (compatible; YandexBot/3.0; +http://yandex.com/bots)"
213.186.122.3 - - [07/Jun/2012:10:37:28 +0200] "GET /hirek/fiok/index.html HTTP/1.1" 404 1181 "-" "Mozilla/5.0 (compatible; AhrefsBot/3.0; +http://ahrefs.com/robot/)"
213.186.127.3 - - [07/Jun/2012:11:03:37 +0200] "GET /hirek/hirek100420.htm HTTP/1.1" 200 7914 "-" "Mozilla/5.0 (compatible; AhrefsBot/3.0; +http://ahrefs.com/robot/)"
212.113.37.106 - - [07/Jun/2012:11:07:27 +0200] "GET /fiok/program_reszek/lovaglas.htm HTTP/1.1" 200 21486 "-" "Mozilla/5.0 (compatible; AhrefsBot/3.0; +http://ahrefs.com/robot/)"
208.115.113.84 - - [07/Jun/2012:11:34:52 +0200] "GET /robots.txt HTTP/1.1" 404 1181 "-" "Mozilla/5.0 (compatible; Ezooms/1.0; ezooms.bot@gmail.com)"
217.69.133.31 - - [07/Jun/2012:11:38:41 +0200] "GET /robots.txt HTTP/1.0" 404 1181 "-" "Mozilla/5.0 (compatible; Mail.RU/2.0)"
208.107.186.72 - - [07/Jun/2012:12:49:41 +0200] "GET /robots.txt HTTP/1.0" 404 1181 "-" "Mozilla/5.0 (compatible; MJ12bot/v1.4.3; http://www.majestic12.co.uk/bot.php?+)"
208.107.186.72 - - [07/Jun/2012:12:49:43 +0200] "GET / HTTP/1.1" 200 23794 "-" "Mozilla/5.0 (compatible; MJ12bot/v1.4.3; http://www.majestic12.co.uk/bot.php?+)"
208.115.113.84 - - [07/Jun/2012:13:43:21 +0200] "GET /robots.txt HTTP/1.1" 404 1181 "-" "Mozilla/5.0 (compatible; Ezooms/1.0; ezooms.bot@gmail.com)"
66.249.72.240 - - [07/Jun/2012:15:00:22 +0200] "GET /robots.txt HTTP/1.1" 404 1181 "-" "Mozilla/5.0 (compatible; Googlebot/2.1; +http://www.google.com/bot.html)"
66.249.72.240 - - [07/Jun/2012:15:00:22 +0200] "GET /hirek/hirek091103.htm HTTP/1.1" 304 - "-" "Mozilla/5.0 (compatible; Googlebot/2.1; +http://www.google.com/bot.html)"
208.115.113.84 - - [07/Jun/2012:15:26:22 +0200] "GET /jog/publikaciok.htm HTTP/1.1" 200 17866 "-" "Mozilla/5.0 (compatible; Ezooms/1.0; ezooms.bot@gmail.com)"
79.150.190.21 - - [07/Jun/2012:16:47:29 +0200] "GET /jog/eseteink/korosladany/panasz_rendorsegi_hatarozat_ellen.pdf HTTP/1.1" 200 148679 "http://www.google.es/url?sa=t&rct=j&q=vaddiszn%C3%B3skertek%20magyarorsz%C3%A1gon&source=web&cd=29&ved=0CGMQFjAIOBQ&url=http%3A%2F%2Fwww.beklen.hu%2Fjog%2Feseteink%2Fkorosladany%2Fpanasz_rendorsegi_hatarozat_ellen.pdf&ei=6r7QT9LiJcOh0QWSzbjJCw&usg=AFQjCNGNb8Nr_jgATEBOj7QRLS-LK5eO4w" "Mozilla/5.0 (Windows NT 5.1; rv:12.0) Gecko/20100101 Firefox/12.0"
79.150.190.21 - - [07/Jun/2012:16:47:29 +0200] "GET /jog/eseteink/korosladany/panasz_rendorsegi_hatarozat_ellen.pdf HTTP/1.1" 206 116106 "-" "Mozilla/5.0 (Windows NT 5.1; rv:12.0) Gecko/20100101 Firefox/12.0"
79.150.190.21 - - [07/Jun/2012:16:47:30 +0200] "GET /favicon.ico HTTP/1.1" 404 1181 "-" "Mozilla/5.0 (Windows NT 5.1; rv:12.0) Gecko/20100101 Firefox/12.0"
79.150.190.21 - - [07/Jun/2012:16:47:30 +0200] "GET /favicon.ico HTTP/1.1" 404 1181 "-" "Mozilla/5.0 (Windows NT 5.1; rv:12.0) Gecko/20100101 Firefox/12.0"
208.115.113.84 - - [07/Jun/2012:17:12:07 +0200] "GET /robots.txt HTTP/1.1" 404 1181 "-" "Mozilla/5.0 (compatible; Ezooms/1.0; ezooms.bot@gmail.com)"
74.125.189.22 - - [07/Jun/2012:17:42:47 +0200] "GET /jog/eseteink/audi/audi_gyor_restoration_measures1-10.pdf HTTP/1.1" 200 4247194 "-" "Mozilla/5.0 (en-us) AppleWebKit/534.14 (KHTML, like Gecko; Google Wireless Transcoder) Chrome/9.0.597 Safari/534.14"
66.249.72.2 - - [07/Jun/2012:18:15:14 +0200] "GET /hirek08_11.htm HTTP/1.1" 304 - "-" "Mozilla/5.0 (compatible; Googlebot/2.1; +http://www.google.com/bot.html)"
207.46.199.245 - - [07/Jun/2012:18:35:51 +0200] "GET /robots.txt HTTP/1.1" 404 1181 "-" "msnbot-media/1.1 (+http://search.msn.com/msnbot.htm)"
207.46.199.245 - - [07/Jun/2012:18:35:54 +0200] "GET /images/72_nfu.jpg HTTP/1.1" 200 603912 "-" "msnbot-media/1.1 (+http://search.msn.com/msnbot.htm)"
207.46.199.245 - - [07/Jun/2012:18:35:54 +0200] "GET /hirek/hirek100305.htm HTTP/1.1" 200 7091 "-" "msnbot-media/1.1 (+http://search.msn.com/msnbot.htm)"
208.115.113.84 - - [07/Jun/2012:18:56:04 +0200] "GET /jog/publikaciok.htm HTTP/1.1" 200 17866 "-" "Mozilla/5.0 (compatible; Ezooms/1.0; ezooms.bot@gmail.com)"
66.249.72.2 - - [07/Jun/2012:20:15:33 +0200] "GET /robots.txt HTTP/1.1" 404 1181 "-" "Mozilla/5.0 (compatible; Googlebot/2.1; +http://www.google.com/bot.html)"
66.249.72.2 - - [07/Jun/2012:20:15:34 +0200] "GET /jog/pub/fuzet_beliv_jav2.pdf HTTP/1.1" 304 - "-" "Mozilla/5.0 (compatible; Googlebot/2.1; +http://www.google.com/bot.html)"
157.55.18.9 - - [07/Jun/2012:20:33:17 +0200] "GET /robots.txt HTTP/1.1" 404 1181 "-" "Mozilla/5.0 (compatible; bingbot/2.0; +http://www.bing.com/bingbot.htm)"
157.55.18.9 - - [07/Jun/2012:20:33:58 +0200] "GET / HTTP/1.1" 304 - "-" "Mozilla/5.0 (compatible; bingbot/2.0; +http://www.bing.com/bingbot.htm)"
208.115.113.84 - - [07/Jun/2012:20:38:21 +0200] "GET /robots.txt HTTP/1.1" 404 1181 "-" "Mozilla/5.0 (compatible; Ezooms/1.0; ezooms.bot@gmail.com)"
213.186.127.6 - - [07/Jun/2012:22:15:47 +0200] "GET /fiok/program_reszek/taborok.htm HTTP/1.1" 200 23942 "-" "Mozilla/5.0 (compatible; AhrefsBot/3.0; +http://ahrefs.com/robot/)"
208.115.113.84 - - [07/Jun/2012:22:16:40 +0200] "GET /jog/publikaciok.htm HTTP/1.1" 200 17866 "-" "Mozilla/5.0 (compatible; Ezooms/1.0; ezooms.bot@gmail.com)"
213.186.119.136 - - [07/Jun/2012:22:31:25 +0200] "GET /hirek/hirek100225.htm HTTP/1.1" 200 7288 "-" "Mozilla/5.0 (compatible; AhrefsBot/3.0; +http://ahrefs.com/robot/)"
213.186.119.138 - - [07/Jun/2012:22:38:55 +0200] "GET /deutsch/index.htm HTTP/1.1" 200 5324 "-" "Mozilla/5.0 (compatible; AhrefsBot/3.0; +http://ahrefs.com/robot/)"
213.186.119.132 - - [07/Jun/2012:22:46:25 +0200] "GET /hirek/hirek100804.htm HTTP/1.1" 200 8056 "-" "Mozilla/5.0 (compatible; AhrefsBot/3.0; +http://ahrefs.com/robot/)"
176.31.100.88 - - [07/Jun/2012:22:48:26 +0200] "GET / HTTP/1.1" 200 23794 "-" "-"
213.186.127.14 - - [07/Jun/2012:22:52:47 +0200] "GET /fiok/program_reszek/erdei_iskola.htm HTTP/1.1" 200 21601 "-" "Mozilla/5.0 (compatible; AhrefsBot/3.0; +http://ahrefs.com/robot/)"
213.186.127.5 - - [07/Jun/2012:23:00:43 +0200] "GET /hirek/hirek101213.htm HTTP/1.1" 200 8671 "-" "Mozilla/5.0 (compatible; AhrefsBot/3.0; +http://ahrefs.com/robot/)"
208.115.113.84 - - [08/Jun/2012:00:04:20 +0200] "GET /robots.txt HTTP/1.1" 404 1181 "-" "Mozilla/5.0 (compatible; Ezooms/1.0; ezooms.bot@gmail.com)"
71.168.105.197 - - [08/Jun/2012:01:23:37 +0200] "GET /robots.txt HTTP/1.0" 404 1181 "-" "Mozilla/5.0 (compatible; MJ12bot/v1.4.3; http://www.majestic12.co.uk/bot.php?+)"
71.168.105.197 - - [08/Jun/2012:01:23:39 +0200] "GET /deutsch/index.htm HTTP/1.1" 200 5324 "-" "Mozilla/5.0 (compatible; MJ12bot/v1.4.3; http://www.majestic12.co.uk/bot.php?+)"
71.168.105.197 - - [08/Jun/2012:01:23:40 +0200] "GET /english/index.htm HTTP/1.1" 200 5262 "-" "Mozilla/5.0 (compatible; MJ12bot/v1.4.3; http://www.majestic12.co.uk/bot.php?+)"
71.168.105.197 - - [08/Jun/2012:01:23:42 +0200] "GET /fiok/index.html HTTP/1.1" 200 20554 "-" "Mozilla/5.0 (compatible; MJ12bot/v1.4.3; http://www.majestic12.co.uk/bot.php?+)"
71.168.105.197 - - [08/Jun/2012:01:23:44 +0200] "GET /hirarchivum.htm HTTP/1.1" 200 24981 "-" "Mozilla/5.0 (compatible; MJ12bot/v1.4.3; http://www.majestic12.co.uk/bot.php?+)"
71.168.105.197 - - [08/Jun/2012:01:23:46 +0200] "GET /hirek/hirek090301.htm HTTP/1.1" 200 7022 "-" "Mozilla/5.0 (compatible; MJ12bot/v1.4.3; http://www.majestic12.co.uk/bot.php?+)"
71.168.105.197 - - [08/Jun/2012:01:23:48 +0200] "GET /hirek/hirek090302.htm HTTP/1.1" 200 8452 "-" "Mozilla/5.0 (compatible; MJ12bot/v1.4.3; http://www.majestic12.co.uk/bot.php?+)"
71.168.105.197 - - [08/Jun/2012:01:23:50 +0200] "GET /hirek/hirek090303.htm HTTP/1.1" 200 7721 "-" "Mozilla/5.0 (compatible; MJ12bot/v1.4.3; http://www.majestic12.co.uk/bot.php?+)"
71.168.105.197 - - [08/Jun/2012:01:23:52 +0200] "GET /hirek/hirek090428.htm HTTP/1.1" 200 24808 "-" "Mozilla/5.0 (compatible; MJ12bot/v1.4.3; http://www.majestic12.co.uk/bot.php?+)"
71.168.105.197 - - [08/Jun/2012:01:23:54 +0200] "GET /hirek/hirek090509.htm HTTP/1.1" 200 7803 "-" "Mozilla/5.0 (compatible; MJ12bot/v1.4.3; http://www.majestic12.co.uk/bot.php?+)"
71.168.105.197 - - [08/Jun/2012:01:23:56 +0200] "GET /hirek/hirek090510.htm HTTP/1.1" 200 12743 "-" "Mozilla/5.0 (compatible; MJ12bot/v1.4.3; http://www.majestic12.co.uk/bot.php?+)"
71.168.105.197 - - [08/Jun/2012:01:23:58 +0200] "GET /hirek/hirek090602.htm HTTP/1.1" 200 7261 "-" "Mozilla/5.0 (compatible; MJ12bot/v1.4.3; http://www.majestic12.co.uk/bot.php?+)"
71.168.105.197 - - [08/Jun/2012:01:24:00 +0200] "GET /hirek/hirek090605.htm HTTP/1.1" 200 7994 "-" "Mozilla/5.0 (compatible; MJ12bot/v1.4.3; http://www.majestic12.co.uk/bot.php?+)"
71.168.105.197 - - [08/Jun/2012:01:24:01 +0200] "GET /hirek/hirek090619.htm HTTP/1.1" 200 7871 "-" "Mozilla/5.0 (compatible; MJ12bot/v1.4.3; http://www.majestic12.co.uk/bot.php?+)"
71.168.105.197 - - [08/Jun/2012:01:24:03 +0200] "GET /hirek/hirek090930.htm HTTP/1.1" 200 7044 "-" "Mozilla/5.0 (compatible; MJ12bot/v1.4.3; http://www.majestic12.co.uk/bot.php?+)"
71.168.105.197 - - [08/Jun/2012:01:24:05 +0200] "GET /hirek/hirek091015.htm HTTP/1.1" 200 7046 "-" "Mozilla/5.0 (compatible; MJ12bot/v1.4.3; http://www.majestic12.co.uk/bot.php?+)"
71.168.105.197 - - [08/Jun/2012:01:24:07 +0200] "GET /hirek/hirek091102.htm HTTP/1.1" 200 8538 "-" "Mozilla/5.0 (compatible; MJ12bot/v1.4.3; http://www.majestic12.co.uk/bot.php?+)"
71.168.105.197 - - [08/Jun/2012:01:24:08 +0200] "GET /hirek/hirek091103.htm HTTP/1.1" 200 7301 "-" "Mozilla/5.0 (compatible; MJ12bot/v1.4.3; http://www.majestic12.co.uk/bot.php?+)"
71.168.105.197 - - [08/Jun/2012:01:24:10 +0200] "GET /hirek/hirek091221.htm HTTP/1.1" 200 6740 "-" "Mozilla/5.0 (compatible; MJ12bot/v1.4.3; http://www.majestic12.co.uk/bot.php?+)"
71.168.105.197 - - [08/Jun/2012:01:24:12 +0200] "GET /hirek/hirek09_03.htm HTTP/1.1" 200 10810 "-" "Mozilla/5.0 (compatible; MJ12bot/v1.4.3; http://www.majestic12.co.uk/bot.php?+)"
71.168.105.197 - - [08/Jun/2012:01:24:14 +0200] "GET /hirek/hirek100225.htm HTTP/1.1" 200 7288 "-" "Mozilla/5.0 (compatible; MJ12bot/v1.4.3; http://www.majestic12.co.uk/bot.php?+)"
71.168.105.197 - - [08/Jun/2012:01:24:16 +0200] "GET /hirek/hirek100305.htm HTTP/1.1" 200 7091 "-" "Mozilla/5.0 (compatible; MJ12bot/v1.4.3; http://www.majestic12.co.uk/bot.php?+)"
71.168.105.197 - - [08/Jun/2012:01:24:18 +0200] "GET /hirek/hirek100420.htm HTTP/1.1" 200 7914 "-" "Mozilla/5.0 (compatible; MJ12bot/v1.4.3; http://www.majestic12.co.uk/bot.php?+)"
71.168.105.197 - - [08/Jun/2012:01:24:20 +0200] "GET /hirek/hirek100728.htm HTTP/1.1" 200 7560 "-" "Mozilla/5.0 (compatible; MJ12bot/v1.4.3; http://www.majestic12.co.uk/bot.php?+)"
71.168.105.197 - - [08/Jun/2012:01:24:22 +0200] "GET /hirek/hirek100804.htm HTTP/1.1" 200 8056 "-" "Mozilla/5.0 (compatible; MJ12bot/v1.4.3; http://www.majestic12.co.uk/bot.php?+)"
71.168.105.197 - - [08/Jun/2012:01:24:23 +0200] "GET /hirek/hirek100810.htm HTTP/1.1" 200 8123 "-" "Mozilla/5.0 (compatible; MJ12bot/v1.4.3; http://www.majestic12.co.uk/bot.php?+)"
71.168.105.197 - - [08/Jun/2012:01:24:25 +0200] "GET /hirek/hirek101025.htm HTTP/1.1" 200 8786 "-" "Mozilla/5.0 (compatible; MJ12bot/v1.4.3; http://www.majestic12.co.uk/bot.php?+)"
71.168.105.197 - - [08/Jun/2012:01:24:27 +0200] "GET /hirek/hirek101027.htm HTTP/1.1" 200 9627 "-" "Mozilla/5.0 (compatible; MJ12bot/v1.4.3; http://www.majestic12.co.uk/bot.php?+)"
71.168.105.197 - - [08/Jun/2012:01:24:29 +0200] "GET /hirek/hirek101213.htm HTTP/1.1" 200 8671 "-" "Mozilla/5.0 (compatible; MJ12bot/v1.4.3; http://www.majestic12.co.uk/bot.php?+)"
71.168.105.197 - - [08/Jun/2012:01:24:31 +0200] "GET /hirek09_03.htm HTTP/1.1" 200 10726 "-" "Mozilla/5.0 (compatible; MJ12bot/v1.4.3; http://www.majestic12.co.uk/bot.php?+)"
71.168.105.197 - - [08/Jun/2012:01:24:33 +0200] "GET /index.htm HTTP/1.1" 200 23794 "-" "Mozilla/5.0 (compatible; MJ12bot/v1.4.3; http://www.majestic12.co.uk/bot.php?+)"
71.168.105.197 - - [08/Jun/2012:01:24:36 +0200] "GET /kapcsolat.htm HTTP/1.1" 200 6889 "-" "Mozilla/5.0 (compatible; MJ12bot/v1.4.3; http://www.majestic12.co.uk/bot.php?+)"
71.168.105.197 - - [08/Jun/2012:01:24:37 +0200] "GET /magunkrol.htm HTTP/1.1" 200 9202 "-" "Mozilla/5.0 (compatible; MJ12bot/v1.4.3; http://www.majestic12.co.uk/bot.php?+)"
71.168.105.197 - - [08/Jun/2012:01:24:41 +0200] "GET /media.htm HTTP/1.1" 200 5208 "-" "Mozilla/5.0 (compatible; MJ12bot/v1.4.3; http://www.majestic12.co.uk/bot.php?+)"
71.168.105.197 - - [08/Jun/2012:01:24:43 +0200] "GET /programok.htm HTTP/1.1" 200 6444 "-" "Mozilla/5.0 (compatible; MJ12bot/v1.4.3; http://www.majestic12.co.uk/bot.php?+)"
208.115.113.84 - - [08/Jun/2012:01:46:21 +0200] "GET /jog/publikaciok.htm HTTP/1.1" 200 17866 "-" "Mozilla/5.0 (compatible; Ezooms/1.0; ezooms.bot@gmail.com)"
208.115.113.84 - - [08/Jun/2012:03:29:44 +0200] "GET /robots.txt HTTP/1.1" 404 1181 "-" "Mozilla/5.0 (compatible; Ezooms/1.0; ezooms.bot@gmail.com)"
178.154.210.252 - - [08/Jun/2012:04:36:21 +0200] "GET / HTTP/1.1" 200 23794 "-" "Mozilla/5.0 (compatible; YandexBot/3.0; +http://yandex.com/bots)"
178.154.210.252 - - [08/Jun/2012:05:14:36 +0200] "GET /english/index.htm HTTP/1.1" 304 - "-" "Mozilla/5.0 (compatible; YandexBot/3.0; +http://yandex.com/bots)"
66.249.72.2 - - [08/Jun/2012:05:33:09 +0200] "GET /kapcsolat.htm HTTP/1.1" 200 6889 "-" "Mozilla/5.0 (compatible; Googlebot/2.1; +http://www.google.com/bot.html)"
208.115.113.84 - - [08/Jun/2012:05:44:47 +0200] "GET /robots.txt HTTP/1.1" 404 1181 "-" "Mozilla/5.0 (compatible; Ezooms/1.0; ezooms.bot@gmail.com)"
66.249.72.2 - - [08/Jun/2012:05:51:21 +0200] "GET /felsorol.css HTTP/1.1" 200 240 "-" "Mozilla/5.0 (compatible; Googlebot/2.1; +http://www.google.com/bot.html)"
208.115.113.84 - - [08/Jun/2012:07:01:17 +0200] "GET /jog/publikaciok.htm HTTP/1.1" 200 17866 "-" "Mozilla/5.0 (compatible; Ezooms/1.0; ezooms.bot@gmail.com)"
66.249.72.2 - - [08/Jun/2012:08:53:28 +0200] "GET /robots.txt HTTP/1.1" 404 1181 "-" "Mozilla/5.0 (compatible; Googlebot/2.1; +http://www.google.com/bot.html)"
66.249.72.2 - - [08/Jun/2012:08:53:28 +0200] "GET /hirek/hirek100305.htm HTTP/1.1" 304 - "-" "Mozilla/5.0 (compatible; Googlebot/2.1; +http://www.google.com/bot.html)"
87.181.169.91 - - [08/Jun/2012:08:57:51 +0200] "GET /robots.txt HTTP/1.1" 404 1181 "-" "findlinks/2.5 (+http://wortschatz.uni-leipzig.de/findlinks/)"
208.115.113.84 - - [08/Jun/2012:09:12:48 +0200] "GET /robots.txt HTTP/1.1" 404 1181 "-" "Mozilla/5.0 (compatible; Ezooms/1.0; ezooms.bot@gmail.com)"
66.249.72.2 - - [08/Jun/2012:10:23:15 +0200] "GET / HTTP/1.1" 304 - "-" "Mozilla/5.0 (iPhone; U; CPU iPhone OS 4_1 like Mac OS X; en-us) AppleWebKit/532.9 (KHTML, like Gecko) Version/4.0.5 Mobile/8B117 Safari/6531.22.7 (compatible; Googlebot-Mobile/2.1; +http://www.google.com/bot.html)"
208.115.113.84 - - [08/Jun/2012:10:54:33 +0200] "GET /jog/publikaciok.htm HTTP/1.1" 200 17866 "-" "Mozilla/5.0 (compatible; Ezooms/1.0; ezooms.bot@gmail.com)"
213.186.127.7 - - [08/Jun/2012:10:54:55 +0200] "GET /english/index.htm HTTP/1.1" 200 5262 "-" "Mozilla/5.0 (compatible; AhrefsBot/3.0; +http://ahrefs.com/robot/)"
212.113.37.106 - - [08/Jun/2012:11:02:25 +0200] "GET /deutsch/programme.htm HTTP/1.1" 200 6045 "-" "Mozilla/5.0 (compatible; AhrefsBot/3.0; +http://ahrefs.com/robot/)"
208.115.113.84 - - [08/Jun/2012:12:38:58 +0200] "GET /robots.txt HTTP/1.1" 404 1181 "-" "Mozilla/5.0 (compatible; Ezooms/1.0; ezooms.bot@gmail.com)"
85.23.163.223 - - [08/Jun/2012:13:05:45 +0200] "GET /robots.txt HTTP/1.0" 404 1181 "-" "Mozilla/5.0 (compatible; MJ12bot/v1.4.3; http://www.majestic12.co.uk/bot.php?+)"
85.23.163.223 - - [08/Jun/2012:13:05:48 +0200] "GET / HTTP/1.0" 200 23794 "-" "Mozilla/5.0 (compatible; MJ12bot/v1.4.3; http://www.majestic12.co.uk/bot.php?+)"
208.115.113.84 - - [08/Jun/2012:13:59:36 +0200] "GET /jog/publikaciok.htm HTTP/1.1" 200 17866 "-" "Mozilla/5.0 (compatible; Ezooms/1.0; ezooms.bot@gmail.com)"
84.206.44.118 - - [08/Jun/2012:14:23:42 +0200] "GET /jog/eseteink/derekegyhaza/index.htm HTTP/1.1" 200 34210 "http://www.google.hu/url?sa=t&rct=j&q=v%C3%A1s%C3%A1rhelyi%20k%C3%A9k-t%C3%B3&source=web&cd=5&ved=0CFgQFjAE&url=http%3A%2F%2Fwww.beklen.hu%2Fjog%2Feseteink%2Fderekegyhaza%2Findex.htm&ei=wO7RT8fKB4jk4QStiOD5Ag&usg=AFQjCNErFXeah-vVflY-9rE9_dfaQVYeSg" "Mozilla/5.0 (Windows NT 5.1) AppleWebKit/536.5 (KHTML, like Gecko) Chrome/19.0.1084.52 Safari/536.5"
84.206.44.118 - - [08/Jun/2012:14:23:42 +0200] "GET /jog/script.js HTTP/1.1" 200 5674 "http://www.beklen.hu/jog/eseteink/derekegyhaza/index.htm" "Mozilla/5.0 (Windows NT 5.1) AppleWebKit/536.5 (KHTML, like Gecko) Chrome/19.0.1084.52 Safari/536.5"
84.206.44.118 - - [08/Jun/2012:14:23:42 +0200] "GET /jog/lb/js/scriptaculous.js?load=effects HTTP/1.1" 200 2152 "http://www.beklen.hu/jog/eseteink/derekegyhaza/index.htm" "Mozilla/5.0 (Windows NT 5.1) AppleWebKit/536.5 (KHTML, like Gecko) Chrome/19.0.1084.52 Safari/536.5"
84.206.44.118 - - [08/Jun/2012:14:23:42 +0200] "GET /jog/style.css HTTP/1.1" 200 21413 "http://www.beklen.hu/jog/eseteink/derekegyhaza/index.htm" "Mozilla/5.0 (Windows NT 5.1) AppleWebKit/536.5 (KHTML, like Gecko) Chrome/19.0.1084.52 Safari/536.5"
84.206.44.118 - - [08/Jun/2012:14:23:42 +0200] "GET /jog/lb/js/prototype.js HTTP/1.1" 200 47603 "http://www.beklen.hu/jog/eseteink/derekegyhaza/index.htm" "Mozilla/5.0 (Windows NT 5.1) AppleWebKit/536.5 (KHTML, like Gecko) Chrome/19.0.1084.52 Safari/536.5"
84.206.44.118 - - [08/Jun/2012:14:23:42 +0200] "GET /jog/jquery.js HTTP/1.1" 200 72174 "http://www.beklen.hu/jog/eseteink/derekegyhaza/index.htm" "Mozilla/5.0 (Windows NT 5.1) AppleWebKit/536.5 (KHTML, like Gecko) Chrome/19.0.1084.52 Safari/536.5"
84.206.44.118 - - [08/Jun/2012:14:23:42 +0200] "GET /jog/lb/css/lightbox.css HTTP/1.1" 200 1715 "http://www.beklen.hu/jog/eseteink/derekegyhaza/index.htm" "Mozilla/5.0 (Windows NT 5.1) AppleWebKit/536.5 (KHTML, like Gecko) Chrome/19.0.1084.52 Safari/536.5"
84.206.44.118 - - [08/Jun/2012:14:23:42 +0200] "GET /jog/lb/js/lightbox.js HTTP/1.1" 200 23431 "http://www.beklen.hu/jog/eseteink/derekegyhaza/index.htm" "Mozilla/5.0 (Windows NT 5.1) AppleWebKit/536.5 (KHTML, like Gecko) Chrome/19.0.1084.52 Safari/536.5"
84.206.44.118 - - [08/Jun/2012:14:23:42 +0200] "GET /jog/lb/js/effects.js HTTP/1.1" 200 31969 "http://www.beklen.hu/jog/eseteink/derekegyhaza/index.htm" "Mozilla/5.0 (Windows NT 5.1) AppleWebKit/536.5 (KHTML, like Gecko) Chrome/19.0.1084.52 Safari/536.5"
84.206.44.118 - - [08/Jun/2012:14:23:42 +0200] "GET /jog/images/menuitem.png HTTP/1.1" 200 20398 "http://www.beklen.hu/jog/eseteink/derekegyhaza/index.htm" "Mozilla/5.0 (Windows NT 5.1) AppleWebKit/536.5 (KHTML, like Gecko) Chrome/19.0.1084.52 Safari/536.5"
84.206.44.118 - - [08/Jun/2012:14:23:42 +0200] "GET /jog/images/nav.png HTTP/1.1" 200 10482 "http://www.beklen.hu/jog/eseteink/derekegyhaza/index.htm" "Mozilla/5.0 (Windows NT 5.1) AppleWebKit/536.5 (KHTML, like Gecko) Chrome/19.0.1084.52 Safari/536.5"
84.206.44.118 - - [08/Jun/2012:14:23:42 +0200] "GET /jog/images/spacer.gif HTTP/1.1" 200 43 "http://www.beklen.hu/jog/eseteink/derekegyhaza/index.htm" "Mozilla/5.0 (Windows NT 5.1) AppleWebKit/536.5 (KHTML, like Gecko) Chrome/19.0.1084.52 Safari/536.5"
84.206.44.118 - - [08/Jun/2012:14:23:42 +0200] "GET /jog/images/subitem.png HTTP/1.1" 200 81 "http://www.beklen.hu/jog/eseteink/derekegyhaza/index.htm" "Mozilla/5.0 (Windows NT 5.1) AppleWebKit/536.5 (KHTML, like Gecko) Chrome/19.0.1084.52 Safari/536.5"
84.206.44.118 - - [08/Jun/2012:14:23:42 +0200] "GET /jog/images/post_s.png HTTP/1.1" 200 466 "http://www.beklen.hu/jog/eseteink/derekegyhaza/index.htm" "Mozilla/5.0 (Windows NT 5.1) AppleWebKit/536.5 (KHTML, like Gecko) Chrome/19.0.1084.52 Safari/536.5"
84.206.44.118 - - [08/Jun/2012:14:23:42 +0200] "GET /jog/images/Bottom_texture.jpg HTTP/1.1" 200 193775 "http://www.beklen.hu/jog/eseteink/derekegyhaza/index.htm" "Mozilla/5.0 (Windows NT 5.1) AppleWebKit/536.5 (KHTML, like Gecko) Chrome/19.0.1084.52 Safari/536.5"
84.206.44.118 - - [08/Jun/2012:14:23:43 +0200] "GET /jog/images/header.png HTTP/1.1" 200 170837 "http://www.beklen.hu/jog/eseteink/derekegyhaza/index.htm" "Mozilla/5.0 (Windows NT 5.1) AppleWebKit/536.5 (KHTML, like Gecko) Chrome/19.0.1084.52 Safari/536.5"
84.206.44.118 - - [08/Jun/2012:14:23:43 +0200] "GET /jog/images/post_c.png HTTP/1.1" 200 204 "http://www.beklen.hu/jog/eseteink/derekegyhaza/index.htm" "Mozilla/5.0 (Windows NT 5.1) AppleWebKit/536.5 (KHTML, like Gecko) Chrome/19.0.1084.52 Safari/536.5"
84.206.44.118 - - [08/Jun/2012:14:23:43 +0200] "GET /jog/eseteink/derekegyhaza/37-433.jpg HTTP/1.1" 200 3573 "http://www.beklen.hu/jog/eseteink/derekegyhaza/index.htm" "Mozilla/5.0 (Windows NT 5.1) AppleWebKit/536.5 (KHTML, like Gecko) Chrome/19.0.1084.52 Safari/536.5"
84.206.44.118 - - [08/Jun/2012:14:23:43 +0200] "GET /jog/images/post_v.png HTTP/1.1" 200 310 "http://www.beklen.hu/jog/eseteink/derekegyhaza/index.htm" "Mozilla/5.0 (Windows NT 5.1) AppleWebKit/536.5 (KHTML, like Gecko) Chrome/19.0.1084.52 Safari/536.5"
84.206.44.118 - - [08/Jun/2012:14:23:43 +0200] "GET /jog/img/file_pdf.png HTTP/1.1" 200 581 "http://www.beklen.hu/jog/eseteink/derekegyhaza/index.htm" "Mozilla/5.0 (Windows NT 5.1) AppleWebKit/536.5 (KHTML, like Gecko) Chrome/19.0.1084.52 Safari/536.5"
84.206.44.118 - - [08/Jun/2012:14:23:43 +0200] "GET /jog/img/file_jpg.png HTTP/1.1" 200 607 "http://www.beklen.hu/jog/eseteink/derekegyhaza/index.htm" "Mozilla/5.0 (Windows NT 5.1) AppleWebKit/536.5 (KHTML, like Gecko) Chrome/19.0.1084.52 Safari/536.5"
84.206.44.118 - - [08/Jun/2012:14:23:43 +0200] "GET /jog/eseteink/derekegyhaza/kepek/37-431__.jpg HTTP/1.1" 200 4706 "http://www.beklen.hu/jog/eseteink/derekegyhaza/index.htm" "Mozilla/5.0 (Windows NT 5.1) AppleWebKit/536.5 (KHTML, like Gecko) Chrome/19.0.1084.52 Safari/536.5"
84.206.44.118 - - [08/Jun/2012:14:23:43 +0200] "GET /jog/eseteink/derekegyhaza/kepek/37-431_o_2005__.jpg HTTP/1.1" 200 5766 "http://www.beklen.hu/jog/eseteink/derekegyhaza/index.htm" "Mozilla/5.0 (Windows NT 5.1) AppleWebKit/536.5 (KHTML, like Gecko) Chrome/19.0.1084.52 Safari/536.5"
84.206.44.118 - - [08/Jun/2012:14:23:43 +0200] "GET /jog/eseteink/derekegyhaza/kepek/37-433__.jpg HTTP/1.1" 200 4596 "http://www.beklen.hu/jog/eseteink/derekegyhaza/index.htm" "Mozilla/5.0 (Windows NT 5.1) AppleWebKit/536.5 (KHTML, like Gecko) Chrome/19.0.1084.52 Safari/536.5"
84.206.44.118 - - [08/Jun/2012:14:23:43 +0200] "GET /jog/eseteink/derekegyhaza/kepek/37-433_o_2005__.jpg HTTP/1.1" 200 5388 "http://www.beklen.hu/jog/eseteink/derekegyhaza/index.htm" "Mozilla/5.0 (Windows NT 5.1) AppleWebKit/536.5 (KHTML, like Gecko) Chrome/19.0.1084.52 Safari/536.5"
84.206.44.118 - - [08/Jun/2012:14:23:42 +0200] "GET /jog/eseteink/derekegyhaza/kepek/dalerd__.jpg HTTP/1.1" 200 6281 "http://www.beklen.hu/jog/eseteink/derekegyhaza/index.htm" "Mozilla/5.0 (Windows NT 5.1) AppleWebKit/536.5 (KHTML, like Gecko) Chrome/19.0.1084.52 Safari/536.5"
84.206.44.118 - - [08/Jun/2012:14:23:42 +0200] "GET /jog/eseteink/derekegyhaza/kepek/vadaskert-szakhat_.jpg HTTP/1.1" 200 8903 "http://www.beklen.hu/jog/eseteink/derekegyhaza/index.htm" "Mozilla/5.0 (Windows NT 5.1) AppleWebKit/536.5 (KHTML, like Gecko) Chrome/19.0.1084.52 Safari/536.5"
84.206.44.118 - - [08/Jun/2012:14:23:43 +0200] "GET /jog/images/post_h.png HTTP/1.1" 200 292 "http://www.beklen.hu/jog/eseteink/derekegyhaza/index.htm" "Mozilla/5.0 (Windows NT 5.1) AppleWebKit/536.5 (KHTML, like Gecko) Chrome/19.0.1084.52 Safari/536.5"
84.206.44.118 - - [08/Jun/2012:14:23:43 +0200] "GET /jog/favicon.ico HTTP/1.1" 200 1150 "-" "Mozilla/5.0 (Windows NT 5.1) AppleWebKit/536.5 (KHTML, like Gecko) Chrome/19.0.1084.52 Safari/536.5"
208.115.113.84 - - [08/Jun/2012:16:07:36 +0200] "GET /robots.txt HTTP/1.1" 404 1181 "-" "Mozilla/5.0 (compatible; Ezooms/1.0; ezooms.bot@gmail.com)"
66.249.72.2 - - [08/Jun/2012:17:00:24 +0200] "GET /hirek/hirek091015.htm HTTP/1.1" 304 - "-" "Mozilla/5.0 (iPhone; U; CPU iPhone OS 4_1 like Mac OS X; en-us) AppleWebKit/532.9 (KHTML, like Gecko) Version/4.0.5 Mobile/8B117 Safari/6531.22.7 (compatible; Googlebot-Mobile/2.1; +http://www.google.com/bot.html)"
208.115.113.84 - - [08/Jun/2012:17:48:49 +0200] "GET /jog/publikaciok.htm HTTP/1.1" 200 17866 "-" "Mozilla/5.0 (compatible; Ezooms/1.0; ezooms.bot@gmail.com)"
208.115.113.84 - - [08/Jun/2012:19:32:53 +0200] "GET /robots.txt HTTP/1.1" 404 1181 "-" "Mozilla/5.0 (compatible; Ezooms/1.0; ezooms.bot@gmail.com)"
141.105.120.153 - - [08/Jun/2012:19:35:15 +0200] "GET /robots.txt HTTP/1.0" 404 1181 "-" "Mozilla/5.0 (compatible; OpenindexShallowSpider/Nutch-1.5-dev; +http://www.openindex.io/en/webmasters/spider.html)"
141.105.120.153 - - [08/Jun/2012:19:35:16 +0200] "GET / HTTP/1.0" 200 23794 "-" "Mozilla/5.0 (compatible; OpenindexShallowSpider/Nutch-1.5-dev; +http://www.openindex.io/en/webmasters/spider.html)"
141.105.120.153 - - [08/Jun/2012:19:35:22 +0200] "GET /hirek/hirek091015.htm HTTP/1.0" 200 7046 "-" "Mozilla/5.0 (compatible; OpenindexShallowSpider/Nutch-1.5-dev; +http://www.openindex.io/en/webmasters/spider.html)"
141.105.120.153 - - [08/Jun/2012:19:35:29 +0200] "GET /index.htm HTTP/1.0" 200 23794 "-" "Mozilla/5.0 (compatible; OpenindexShallowSpider/Nutch-1.5-dev; +http://www.openindex.io/en/webmasters/spider.html)"
141.105.120.153 - - [08/Jun/2012:19:35:35 +0200] "GET /programok.htm HTTP/1.0" 200 6444 "-" "Mozilla/5.0 (compatible; OpenindexShallowSpider/Nutch-1.5-dev; +http://www.openindex.io/en/webmasters/spider.html)"
141.105.120.153 - - [08/Jun/2012:19:35:43 +0200] "GET /hirek/hirek091102.htm HTTP/1.0" 200 8538 "-" "Mozilla/5.0 (compatible; OpenindexShallowSpider/Nutch-1.5-dev; +http://www.openindex.io/en/webmasters/spider.html)"
141.105.120.153 - - [08/Jun/2012:19:35:50 +0200] "GET /kapcsolat.htm HTTP/1.0" 200 6889 "-" "Mozilla/5.0 (compatible; OpenindexShallowSpider/Nutch-1.5-dev; +http://www.openindex.io/en/webmasters/spider.html)"
141.105.120.153 - - [08/Jun/2012:19:36:00 +0200] "GET /kapcsolat.htm HTTP/1.0" 200 6889 "-" "Mozilla/5.0 (compatible; OpenindexShallowSpider/Nutch-1.5-dev; +http://www.openindex.io/en/webmasters/spider.html)"
141.105.120.153 - - [08/Jun/2012:19:36:14 +0200] "GET /magunkrol.htm HTTP/1.0" 200 9202 "-" "Mozilla/5.0 (compatible; OpenindexShallowSpider/Nutch-1.5-dev; +http://www.openindex.io/en/webmasters/spider.html)"
141.105.120.153 - - [08/Jun/2012:19:36:21 +0200] "GET /index.htm HTTP/1.0" 200 23794 "-" "Mozilla/5.0 (compatible; OpenindexShallowSpider/Nutch-1.5-dev; +http://www.openindex.io/en/webmasters/spider.html)"
141.105.120.153 - - [08/Jun/2012:19:36:28 +0200] "GET /hirek/hirek091102.htm HTTP/1.0" 200 8538 "-" "Mozilla/5.0 (compatible; OpenindexShallowSpider/Nutch-1.5-dev; +http://www.openindex.io/en/webmasters/spider.html)"
141.105.120.153 - - [08/Jun/2012:19:36:36 +0200] "GET /deutsch/index.htm HTTP/1.0" 200 5324 "-" "Mozilla/5.0 (compatible; OpenindexShallowSpider/Nutch-1.5-dev; +http://www.openindex.io/en/webmasters/spider.html)"
141.105.120.153 - - [08/Jun/2012:19:36:42 +0200] "GET /kapcsolat.htm HTTP/1.0" 200 6889 "-" "Mozilla/5.0 (compatible; OpenindexShallowSpider/Nutch-1.5-dev; +http://www.openindex.io/en/webmasters/spider.html)"
141.105.120.153 - - [08/Jun/2012:19:36:49 +0200] "GET /hirek/hirek120207.htm HTTP/1.0" 200 6586 "-" "Mozilla/5.0 (compatible; OpenindexShallowSpider/Nutch-1.5-dev; +http://www.openindex.io/en/webmasters/spider.html)"
141.105.120.153 - - [08/Jun/2012:19:36:55 +0200] "GET /kapcsolat.htm HTTP/1.0" 200 6889 "-" "Mozilla/5.0 (compatible; OpenindexShallowSpider/Nutch-1.5-dev; +http://www.openindex.io/en/webmasters/spider.html)"
141.105.120.153 - - [08/Jun/2012:19:37:02 +0200] "GET /khb.htm HTTP/1.0" 200 8719 "-" "Mozilla/5.0 (compatible; OpenindexShallowSpider/Nutch-1.5-dev; +http://www.openindex.io/en/webmasters/spider.html)"
141.105.120.153 - - [08/Jun/2012:19:37:08 +0200] "GET /index.htm HTTP/1.0" 200 23794 "-" "Mozilla/5.0 (compatible; OpenindexShallowSpider/Nutch-1.5-dev; +http://www.openindex.io/en/webmasters/spider.html)"
141.105.120.153 - - [08/Jun/2012:19:37:15 +0200] "GET /programok.htm HTTP/1.0" 200 6444 "-" "Mozilla/5.0 (compatible; OpenindexShallowSpider/Nutch-1.5-dev; +http://www.openindex.io/en/webmasters/spider.html)"
141.105.120.153 - - [08/Jun/2012:19:37:22 +0200] "GET /nka.htm HTTP/1.0" 200 6221 "-" "Mozilla/5.0 (compatible; OpenindexShallowSpider/Nutch-1.5-dev; +http://www.openindex.io/en/webmasters/spider.html)"
141.105.120.153 - - [08/Jun/2012:19:37:28 +0200] "GET /english/index.htm HTTP/1.0" 200 5262 "-" "Mozilla/5.0 (compatible; OpenindexShallowSpider/Nutch-1.5-dev; +http://www.openindex.io/en/webmasters/spider.html)"
208.115.113.84 - - [08/Jun/2012:21:43:08 +0200] "GET /robots.txt HTTP/1.1" 404 1181 "-" "Mozilla/5.0 (compatible; Ezooms/1.0; ezooms.bot@gmail.com)"
208.115.113.84 - - [08/Jun/2012:23:21:04 +0200] "GET /jog/publikaciok.htm HTTP/1.1" 200 17866 "-" "Mozilla/5.0 (compatible; Ezooms/1.0; ezooms.bot@gmail.com)"
213.186.122.2 - - [09/Jun/2012:00:09:38 +0200] "GET /english/programs.htm HTTP/1.1" 200 5614 "-" "Mozilla/5.0 (compatible; AhrefsBot/3.0; +http://ahrefs.com/robot/)"
213.186.119.135 - - [09/Jun/2012:00:19:02 +0200] "GET /deutsch/kontakt.htm HTTP/1.1" 200 4769 "-" "Mozilla/5.0 (compatible; AhrefsBot/3.0; +http://ahrefs.com/robot/)"
178.154.210.252 - - [09/Jun/2012:00:19:48 +0200] "GET /robots.txt HTTP/1.1" 404 1181 "-" "Mozilla/5.0 (compatible; YandexBot/3.0; +http://yandex.com/bots)"
178.154.210.252 - - [09/Jun/2012:00:19:50 +0200] "GET /hirek/hirek101025.htm HTTP/1.1" 304 - "-" "Mozilla/5.0 (compatible; YandexBot/3.0; +http://yandex.com/bots)"
213.186.122.2 - - [09/Jun/2012:00:24:37 +0200] "GET /fiok/program_reszek/& HTTP/1.1" 404 1181 "-" "Mozilla/5.0 (compatible; AhrefsBot/3.0; +http://ahrefs.com/robot/)"
213.186.119.139 - - [09/Jun/2012:00:34:06 +0200] "GET /english/contact.htm HTTP/1.1" 200 4601 "-" "Mozilla/5.0 (compatible; AhrefsBot/3.0; +http://ahrefs.com/robot/)"
46.35.199.189 - - [09/Jun/2012:00:37:36 +0200] "GET /jog/eljaraskezd.htm HTTP/1.1" 200 13730 "http://www.google.hu/url?sa=t&rct=j&q=kezdem%C3%A9nyez%C3%A9si%20tippek&source=web&cd=5&ved=0CFgQFjAE&url=http%3A%2F%2Fwww.beklen.hu%2Fjog%2Feljaraskezd.htm&ei=0n3ST-K8Le_U4QS68JWrAw&usg=AFQjCNEHdLNELT5dwn2EWIMor4QB6AOnQA" "Mozilla/5.0 (Windows NT 5.1) AppleWebKit/536.5 (KHTML, like Gecko) Chrome/19.0.1084.52 Safari/536.5"
46.35.199.189 - - [09/Jun/2012:00:37:37 +0200] "GET /jog/css/script.js HTTP/1.1" 200 6975 "http://www.beklen.hu/jog/eljaraskezd.htm" "Mozilla/5.0 (Windows NT 5.1) AppleWebKit/536.5 (KHTML, like Gecko) Chrome/19.0.1084.52 Safari/536.5"
46.35.199.189 - - [09/Jun/2012:00:37:37 +0200] "GET /jog/css/style.css HTTP/1.1" 200 23764 "http://www.beklen.hu/jog/eljaraskezd.htm" "Mozilla/5.0 (Windows NT 5.1) AppleWebKit/536.5 (KHTML, like Gecko) Chrome/19.0.1084.52 Safari/536.5"
46.35.199.189 - - [09/Jun/2012:00:37:37 +0200] "GET /jog/css/jquery.js HTTP/1.1" 200 72174 "http://www.beklen.hu/jog/eljaraskezd.htm" "Mozilla/5.0 (Windows NT 5.1) AppleWebKit/536.5 (KHTML, like Gecko) Chrome/19.0.1084.52 Safari/536.5"
46.35.199.189 - - [09/Jun/2012:00:37:37 +0200] "GET /jog2/images/nav.png HTTP/1.1" 200 11000 "http://www.beklen.hu/jog/eljaraskezd.htm" "Mozilla/5.0 (Windows NT 5.1) AppleWebKit/536.5 (KHTML, like Gecko) Chrome/19.0.1084.52 Safari/536.5"
46.35.199.189 - - [09/Jun/2012:00:37:37 +0200] "GET /jog2/images/spacer.gif HTTP/1.1" 200 43 "http://www.beklen.hu/jog/eljaraskezd.htm" "Mozilla/5.0 (Windows NT 5.1) AppleWebKit/536.5 (KHTML, like Gecko) Chrome/19.0.1084.52 Safari/536.5"
46.35.199.189 - - [09/Jun/2012:00:37:37 +0200] "GET /jog2/images/subitem.png HTTP/1.1" 200 81 "http://www.beklen.hu/jog/eljaraskezd.htm" "Mozilla/5.0 (Windows NT 5.1) AppleWebKit/536.5 (KHTML, like Gecko) Chrome/19.0.1084.52 Safari/536.5"
46.35.199.189 - - [09/Jun/2012:00:37:37 +0200] "GET /jog2/images/sidebar_bg.png HTTP/1.1" 200 96 "http://www.beklen.hu/jog/eljaraskezd.htm" "Mozilla/5.0 (Windows NT 5.1) AppleWebKit/536.5 (KHTML, like Gecko) Chrome/19.0.1084.52 Safari/536.5"
46.35.199.189 - - [09/Jun/2012:00:37:37 +0200] "GET /jog2/images/vmenuitem.png HTTP/1.1" 200 1672 "http://www.beklen.hu/jog/eljaraskezd.htm" "Mozilla/5.0 (Windows NT 5.1) AppleWebKit/536.5 (KHTML, like Gecko) Chrome/19.0.1084.52 Safari/536.5"
46.35.199.189 - - [09/Jun/2012:00:37:37 +0200] "GET /jog2/images/post_s.png HTTP/1.1" 200 466 "http://www.beklen.hu/jog/eljaraskezd.htm" "Mozilla/5.0 (Windows NT 5.1) AppleWebKit/536.5 (KHTML, like Gecko) Chrome/19.0.1084.52 Safari/536.5"
46.35.199.189 - - [09/Jun/2012:00:37:37 +0200] "GET /jog2/images/post_v.png HTTP/1.1" 200 310 "http://www.beklen.hu/jog/eljaraskezd.htm" "Mozilla/5.0 (Windows NT 5.1) AppleWebKit/536.5 (KHTML, like Gecko) Chrome/19.0.1084.52 Safari/536.5"
46.35.199.189 - - [09/Jun/2012:00:37:37 +0200] "GET /jog2/images/menuitem.png HTTP/1.1" 200 20960 "http://www.beklen.hu/jog/eljaraskezd.htm" "Mozilla/5.0 (Windows NT 5.1) AppleWebKit/536.5 (KHTML, like Gecko) Chrome/19.0.1084.52 Safari/536.5"
46.35.199.189 - - [09/Jun/2012:00:37:37 +0200] "GET /jog2/images/post_c.png HTTP/1.1" 200 204 "http://www.beklen.hu/jog/eljaraskezd.htm" "Mozilla/5.0 (Windows NT 5.1) AppleWebKit/536.5 (KHTML, like Gecko) Chrome/19.0.1084.52 Safari/536.5"
46.35.199.189 - - [09/Jun/2012:00:37:37 +0200] "GET /jog2/images/button.png HTTP/1.1" 200 27118 "http://www.beklen.hu/jog/eljaraskezd.htm" "Mozilla/5.0 (Windows NT 5.1) AppleWebKit/536.5 (KHTML, like Gecko) Chrome/19.0.1084.52 Safari/536.5"
46.35.199.189 - - [09/Jun/2012:00:37:37 +0200] "GET /jog/img/320/nadas.jpg HTTP/1.1" 200 22964 "http://www.beklen.hu/jog/eljaraskezd.htm" "Mozilla/5.0 (Windows NT 5.1) AppleWebKit/536.5 (KHTML, like Gecko) Chrome/19.0.1084.52 Safari/536.5"
46.35.199.189 - - [09/Jun/2012:00:37:37 +0200] "GET /jog2/images/Bottom_texture.jpg HTTP/1.1" 200 193775 "http://www.beklen.hu/jog/eljaraskezd.htm" "Mozilla/5.0 (Windows NT 5.1) AppleWebKit/536.5 (KHTML, like Gecko) Chrome/19.0.1084.52 Safari/536.5"
46.35.199.189 - - [09/Jun/2012:00:37:38 +0200] "GET /jog2/images/header.png HTTP/1.1" 200 170837 "http://www.beklen.hu/jog/eljaraskezd.htm" "Mozilla/5.0 (Windows NT 5.1) AppleWebKit/536.5 (KHTML, like Gecko) Chrome/19.0.1084.52 Safari/536.5"
46.35.199.189 - - [09/Jun/2012:00:37:39 +0200] "GET /jog2/images/post_h.png HTTP/1.1" 200 292 "http://www.beklen.hu/jog/eljaraskezd.htm" "Mozilla/5.0 (Windows NT 5.1) AppleWebKit/536.5 (KHTML, like Gecko) Chrome/19.0.1084.52 Safari/536.5"
46.35.199.189 - - [09/Jun/2012:00:37:39 +0200] "GET /jog/favicon.ico HTTP/1.1" 200 1150 "-" "Mozilla/5.0 (Windows NT 5.1) AppleWebKit/536.5 (KHTML, like Gecko) Chrome/19.0.1084.52 Safari/536.5"
213.186.119.135 - - [09/Jun/2012:00:40:56 +0200] "GET /fiok/program_reszek/news.html HTTP/1.1" 404 1181 "-" "Mozilla/5.0 (compatible; AhrefsBot/3.0; +http://ahrefs.com/robot/)"
213.186.127.9 - - [09/Jun/2012:00:54:38 +0200] "GET /english/introduction.htm HTTP/1.1" 200 6502 "-" "Mozilla/5.0 (compatible; AhrefsBot/3.0; +http://ahrefs.com/robot/)"
95.17.19.179 - - [09/Jun/2012:01:00:49 +0200] "GET / HTTP/1.1" 200 23794 "-" "Java/1.7.0_04"
95.17.19.179 - - [09/Jun/2012:01:00:49 +0200] "GET /hirarchivum.htm HTTP/1.1" 200 24981 "-" "Java/1.7.0_04"
95.17.19.179 - - [09/Jun/2012:01:00:49 +0200] "GET /index.htm HTTP/1.1" 200 23794 "-" "Java/1.7.0_04"
95.17.19.179 - - [09/Jun/2012:01:00:49 +0200] "GET /kapcsolat.htm HTTP/1.1" 200 6889 "-" "Java/1.7.0_04"
95.17.19.179 - - [09/Jun/2012:01:00:50 +0200] "GET /magunkrol.htm HTTP/1.1" 200 9202 "-" "Java/1.7.0_04"
95.17.19.179 - - [09/Jun/2012:01:00:50 +0200] "GET /media.htm HTTP/1.1" 200 5208 "-" "Java/1.7.0_04"
95.17.19.179 - - [09/Jun/2012:01:00:50 +0200] "GET /programok.htm HTTP/1.1" 200 6444 "-" "Java/1.7.0_04"
95.17.19.179 - - [09/Jun/2012:01:00:51 +0200] "GET /vill.cs HTTP/1.1" 200 2676 "-" "Java/1.7.0_04"
95.17.19.179 - - [09/Jun/2012:01:00:51 +0200] "GET /hirek08_10.htm HTTP/1.1" 200 6946 "-" "Java/1.7.0_04"
95.17.19.179 - - [09/Jun/2012:01:00:51 +0200] "GET /hirek08_11.htm HTTP/1.1" 200 7253 "-" "Java/1.7.0_04"
95.17.19.179 - - [09/Jun/2012:01:00:52 +0200] "GET /hirek08_12.htm HTTP/1.1" 200 8268 "-" "Java/1.7.0_04"
95.17.19.179 - - [09/Jun/2012:01:00:53 +0200] "GET /hirek09_01.htm HTTP/1.1" 200 6841 "-" "Java/1.7.0_04"
95.17.19.179 - - [09/Jun/2012:01:00:53 +0200] "GET /hirek09_02.htm HTTP/1.1" 200 7450 "-" "Java/1.7.0_04"
95.17.19.179 - - [09/Jun/2012:01:00:53 +0200] "GET /hirek09_03.htm HTTP/1.1" 200 10726 "-" "Java/1.7.0_04"
95.17.19.179 - - [09/Jun/2012:01:00:54 +0200] "GET /&url=kapcsolat.htm HTTP/1.1" 404 1181 "-" "Java/1.7.0_04"
95.17.19.179 - - [09/Jun/2012:01:00:54 +0200] "GET /&url=programok.htm HTTP/1.1" 404 1181 "-" "Java/1.7.0_04"
95.17.19.179 - - [09/Jun/2012:01:00:54 +0200] "GET /&url=adomanyi.htm HTTP/1.1" 404 1181 "-" "Java/1.7.0_04"
95.17.19.179 - - [09/Jun/2012:01:00:54 +0200] "GET /bunt.htm HTTP/1.1" 200 5683 "-" "Java/1.7.0_04"
95.17.19.179 - - [09/Jun/2012:01:00:55 +0200] "GET /civilmuhely.htm HTTP/1.1" 200 8450 "-" "Java/1.7.0_04"
95.17.19.179 - - [09/Jun/2012:01:00:55 +0200] "GET /khb.htm HTTP/1.1" 200 8719 "-" "Java/1.7.0_04"
95.17.19.179 - - [09/Jun/2012:01:00:55 +0200] "GET /nca.htm HTTP/1.1" 200 7467 "-" "Java/1.7.0_04"
95.17.19.179 - - [09/Jun/2012:01:00:55 +0200] "GET /ncta.htm HTTP/1.1" 200 7221 "-" "Java/1.7.0_04"
95.17.19.179 - - [09/Jun/2012:01:00:55 +0200] "GET /nka.htm HTTP/1.1" 200 6221 "-" "Java/1.7.0_04"
95.17.19.179 - - [09/Jun/2012:01:00:56 +0200] "GET /szakmai.htm HTTP/1.1" 200 6054 "-" "Java/1.7.0_04"
95.17.19.179 - - [09/Jun/2012:01:00:56 +0200] "GET /ncta_a.htm HTTP/1.1" 200 7260 "-" "Java/1.7.0_04"
95.17.19.179 - - [09/Jun/2012:01:00:56 +0200] "GET /&url=civilmuhely.htm HTTP/1.1" 404 1181 "-" "Java/1.7.0_04"
95.17.19.179 - - [09/Jun/2012:01:00:56 +0200] "GET /&url=magunkrol.htm HTTP/1.1" 404 1181 "-" "Java/1.7.0_04"
95.17.19.179 - - [09/Jun/2012:01:00:57 +0200] "GET /nca04.htm HTTP/1.1" 200 16378 "-" "Java/1.7.0_04"
95.17.19.179 - - [09/Jun/2012:01:00:57 +0200] "GET /nca05.htm HTTP/1.1" 200 16412 "-" "Java/1.7.0_04"
95.17.19.179 - - [09/Jun/2012:01:00:58 +0200] "GET /nca06.htm HTTP/1.1" 200 19034 "-" "Java/1.7.0_04"
95.17.19.179 - - [09/Jun/2012:01:00:59 +0200] "GET /nca07.htm HTTP/1.1" 200 21968 "-" "Java/1.7.0_04"
95.17.19.179 - - [09/Jun/2012:01:00:59 +0200] "GET /nca08.htm HTTP/1.1" 200 21795 "-" "Java/1.7.0_04"
95.17.19.179 - - [09/Jun/2012:01:01:00 +0200] "GET /nca09.htm HTTP/1.1" 200 24315 "-" "Java/1.7.0_04"
95.17.19.179 - - [09/Jun/2012:01:01:00 +0200] "GET /nca10.htm HTTP/1.1" 200 16648 "-" "Java/1.7.0_04"
95.17.19.179 - - [09/Jun/2012:01:01:00 +0200] "GET /nca11.htm HTTP/1.1" 200 7133 "-" "Java/1.7.0_04"
95.17.19.179 - - [09/Jun/2012:01:01:01 +0200] "GET /kiadvanyok.htm HTTP/1.1" 200 8206 "-" "Java/1.7.0_04"
95.17.19.179 - - [09/Jun/2012:01:01:01 +0200] "GET /deutsch/index.htm HTTP/1.1" 200 5324 "-" "Java/1.7.0_04"
95.17.19.179 - - [09/Jun/2012:01:01:01 +0200] "GET /english/index.htm HTTP/1.1" 200 5262 "-" "Java/1.7.0_04"
95.17.19.179 - - [09/Jun/2012:01:01:02 +0200] "GET /fiok/index.html HTTP/1.1" 200 20554 "-" "Java/1.7.0_04"
95.17.19.179 - - [09/Jun/2012:01:01:02 +0200] "GET /hirek/hirek091015.htm HTTP/1.1" 200 7046 "-" "Java/1.7.0_04"
95.17.19.179 - - [09/Jun/2012:01:01:02 +0200] "GET /hirek/hirek091102.htm HTTP/1.1" 200 8538 "-" "Java/1.7.0_04"
95.17.19.179 - - [09/Jun/2012:01:01:02 +0200] "GET /hirek/hirek091103.htm HTTP/1.1" 200 7301 "-" "Java/1.7.0_04"
95.17.19.179 - - [09/Jun/2012:01:01:03 +0200] "GET /hirek/hirek091221.htm HTTP/1.1" 200 6740 "-" "Java/1.7.0_04"
95.17.19.179 - - [09/Jun/2012:01:01:03 +0200] "GET /hirek/hirek100225.htm HTTP/1.1" 200 7288 "-" "Java/1.7.0_04"
213.186.127.13 - - [09/Jun/2012:01:03:52 +0200] "GET /deutsch/stellen.htm HTTP/1.1" 200 6824 "-" "Mozilla/5.0 (compatible; AhrefsBot/3.0; +http://ahrefs.com/robot/)"
