91.83.62.212 - - [02/Jun/2012:13:14:44 +0200] "GET /tarseljarasok.htm HTTP/1.1" 404 1181 "-" "Mozilla/5.0 (X11; U; Linux x86_64; en-GB; rv:1.8.1.6) Gecko/20070723 Iceweasel/2.0.0.6 (Debian-2.0.0.6-0etch1)"
91.83.62.212 - - [02/Jun/2012:13:14:44 +0200] "GET /rendorsegifeljelentes.htm HTTP/1.1" 404 1181 "-" "Mozilla/5.0 (X11; U; Linux x86_64; en-GB; rv:1.8.1.6) Gecko/20070723 Iceweasel/2.0.0.6 (Debian-2.0.0.6-0etch1)"
91.83.62.212 - - [02/Jun/2012:13:14:44 +0200] "GET /ugyeszsegek.htm HTTP/1.1" 404 1181 "-" "Mozilla/5.0 (X11; U; Linux x86_64; en-GB; rv:1.8.1.6) Gecko/20070723 Iceweasel/2.0.0.6 (Debian-2.0.0.6-0etch1)"
91.83.62.212 - - [02/Jun/2012:13:14:44 +0200] "GET /zoldombudsman.htm HTTP/1.1" 404 1181 "-" "Mozilla/5.0 (X11; U; Linux x86_64; en-GB; rv:1.8.1.6) Gecko/20070723 Iceweasel/2.0.0.6 (Debian-2.0.0.6-0etch1)"
91.83.62.212 - - [02/Jun/2012:13:14:45 +0200] "GET /polgariper.htm HTTP/1.1" 404 1181 "-" "Mozilla/5.0 (X11; U; Linux x86_64; en-GB; rv:1.8.1.6) Gecko/20070723 Iceweasel/2.0.0.6 (Debian-2.0.0.6-0etch1)"
91.83.62.212 - - [02/Jun/2012:13:14:45 +0200] "GET /slapp.htm HTTP/1.1" 404 1181 "-" "Mozilla/5.0 (X11; U; Linux x86_64; en-GB; rv:1.8.1.6) Gecko/20070723 Iceweasel/2.0.0.6 (Debian-2.0.0.6-0etch1)"
91.83.62.212 - - [02/Jun/2012:13:14:45 +0200] "GET /publikaciok.htm HTTP/1.1" 404 1181 "-" "Mozilla/5.0 (X11; U; Linux x86_64; en-GB; rv:1.8.1.6) Gecko/20070723 Iceweasel/2.0.0.6 (Debian-2.0.0.6-0etch1)"
91.83.62.212 - - [02/Jun/2012:13:14:45 +0200] "GET /jogihatter.htm HTTP/1.1" 404 1181 "-" "Mozilla/5.0 (X11; U; Linux x86_64; en-GB; rv:1.8.1.6) Gecko/20070723 Iceweasel/2.0.0.6 (Debian-2.0.0.6-0etch1)"
91.83.62.212 - - [02/Jun/2012:13:14:45 +0200] "GET /jogsegely.htm HTTP/1.1" 404 1181 "-" "Mozilla/5.0 (X11; U; Linux x86_64; en-GB; rv:1.8.1.6) Gecko/20070723 Iceweasel/2.0.0.6 (Debian-2.0.0.6-0etch1)"
91.83.62.212 - - [02/Jun/2012:13:14:46 +0200] "GET /tapasztalatszerzok.htm HTTP/1.1" 404 1181 "-" "Mozilla/5.0 (X11; U; Linux x86_64; en-GB; rv:1.8.1.6) Gecko/20070723 Iceweasel/2.0.0.6 (Debian-2.0.0.6-0etch1)"
91.83.62.212 - - [02/Jun/2012:13:14:46 +0200] "GET /nca04.htm HTTP/1.1" 200 16378 "-" "Mozilla/5.0 (X11; U; Linux x86_64; en-GB; rv:1.8.1.6) Gecko/20070723 Iceweasel/2.0.0.6 (Debian-2.0.0.6-0etch1)"
91.83.62.212 - - [02/Jun/2012:13:14:46 +0200] "GET /nca05.htm HTTP/1.1" 200 16412 "-" "Mozilla/5.0 (X11; U; Linux x86_64; en-GB; rv:1.8.1.6) Gecko/20070723 Iceweasel/2.0.0.6 (Debian-2.0.0.6-0etch1)"
91.83.62.212 - - [02/Jun/2012:13:14:46 +0200] "GET /nca06.htm HTTP/1.1" 200 19034 "-" "Mozilla/5.0 (X11; U; Linux x86_64; en-GB; rv:1.8.1.6) Gecko/20070723 Iceweasel/2.0.0.6 (Debian-2.0.0.6-0etch1)"
91.83.62.212 - - [02/Jun/2012:13:14:46 +0200] "GET /nca07.htm HTTP/1.1" 200 21968 "-" "Mozilla/5.0 (X11; U; Linux x86_64; en-GB; rv:1.8.1.6) Gecko/20070723 Iceweasel/2.0.0.6 (Debian-2.0.0.6-0etch1)"
91.83.62.212 - - [02/Jun/2012:13:14:47 +0200] "GET /nca08.htm HTTP/1.1" 200 21795 "-" "Mozilla/5.0 (X11; U; Linux x86_64; en-GB; rv:1.8.1.6) Gecko/20070723 Iceweasel/2.0.0.6 (Debian-2.0.0.6-0etch1)"
91.83.62.212 - - [02/Jun/2012:13:14:47 +0200] "GET /nca09.htm HTTP/1.1" 200 24315 "-" "Mozilla/5.0 (X11; U; Linux x86_64; en-GB; rv:1.8.1.6) Gecko/20070723 Iceweasel/2.0.0.6 (Debian-2.0.0.6-0etch1)"
91.83.62.212 - - [02/Jun/2012:13:14:47 +0200] "GET /nca10.htm HTTP/1.1" 200 16648 "-" "Mozilla/5.0 (X11; U; Linux x86_64; en-GB; rv:1.8.1.6) Gecko/20070723 Iceweasel/2.0.0.6 (Debian-2.0.0.6-0etch1)"
91.83.62.212 - - [02/Jun/2012:13:14:47 +0200] "GET /nca11.htm HTTP/1.1" 200 7133 "-" "Mozilla/5.0 (X11; U; Linux x86_64; en-GB; rv:1.8.1.6) Gecko/20070723 Iceweasel/2.0.0.6 (Debian-2.0.0.6-0etch1)"
91.83.62.212 - - [02/Jun/2012:13:14:47 +0200] "GET /kiadvanyok.htm HTTP/1.1" 200 8206 "-" "Mozilla/5.0 (X11; U; Linux x86_64; en-GB; rv:1.8.1.6) Gecko/20070723 Iceweasel/2.0.0.6 (Debian-2.0.0.6-0etch1)"
91.83.62.212 - - [02/Jun/2012:13:14:48 +0200] "GET /fiok.html HTTP/1.1" 404 1181 "-" "Mozilla/5.0 (X11; U; Linux x86_64; en-GB; rv:1.8.1.6) Gecko/20070723 Iceweasel/2.0.0.6 (Debian-2.0.0.6-0etch1)"
91.83.62.212 - - [02/Jun/2012:13:14:48 +0200] "GET /news.html HTTP/1.1" 404 1181 "-" "Mozilla/5.0 (X11; U; Linux x86_64; en-GB; rv:1.8.1.6) Gecko/20070723 Iceweasel/2.0.0.6 (Debian-2.0.0.6-0etch1)"
91.83.62.212 - - [02/Jun/2012:13:14:48 +0200] "GET /images/nevadonk.JPG HTTP/1.1" 404 1181 "-" "Mozilla/5.0 (X11; U; Linux x86_64; en-GB; rv:1.8.1.6) Gecko/20070723 Iceweasel/2.0.0.6 (Debian-2.0.0.6-0etch1)"
91.83.62.212 - - [02/Jun/2012:13:14:48 +0200] "GET /mult.htm HTTP/1.1" 404 1181 "-" "Mozilla/5.0 (X11; U; Linux x86_64; en-GB; rv:1.8.1.6) Gecko/20070723 Iceweasel/2.0.0.6 (Debian-2.0.0.6-0etch1)"
91.83.62.212 - - [02/Jun/2012:13:14:49 +0200] "GET /kornyezet.htm HTTP/1.1" 404 1181 "-" "Mozilla/5.0 (X11; U; Linux x86_64; en-GB; rv:1.8.1.6) Gecko/20070723 Iceweasel/2.0.0.6 (Debian-2.0.0.6-0etch1)"
91.83.62.212 - - [02/Jun/2012:13:14:49 +0200] "GET /gazdasag.htm HTTP/1.1" 404 1181 "-" "Mozilla/5.0 (X11; U; Linux x86_64; en-GB; rv:1.8.1.6) Gecko/20070723 Iceweasel/2.0.0.6 (Debian-2.0.0.6-0etch1)"
91.83.62.212 - - [02/Jun/2012:13:14:49 +0200] "GET /& HTTP/1.1" 404 1181 "-" "Mozilla/5.0 (X11; U; Linux x86_64; en-GB; rv:1.8.1.6) Gecko/20070723 Iceweasel/2.0.0.6 (Debian-2.0.0.6-0etch1)"
91.83.62.212 - - [02/Jun/2012:13:14:49 +0200] "GET /mailto:zsuzsa@nimfea.hu HTTP/1.1" 404 1181 "-" "Mozilla/5.0 (X11; U; Linux x86_64; en-GB; rv:1.8.1.6) Gecko/20070723 Iceweasel/2.0.0.6 (Debian-2.0.0.6-0etch1)"
91.83.62.212 - - [02/Jun/2012:13:14:49 +0200] "GET /mailto:eselyek@eselyekhazaszolnok.t-online.hu HTTP/1.1" 404 1181 "-" "Mozilla/5.0 (X11; U; Linux x86_64; en-GB; rv:1.8.1.6) Gecko/20070723 Iceweasel/2.0.0.6 (Debian-2.0.0.6-0etch1)"
91.83.62.212 - - [02/Jun/2012:13:14:50 +0200] "GET /mailto:skv@mtvsz.hu HTTP/1.1" 404 1181 "-" "Mozilla/5.0 (X11; U; Linux x86_64; en-GB; rv:1.8.1.6) Gecko/20070723 Iceweasel/2.0.0.6 (Debian-2.0.0.6-0etch1)"
91.83.62.212 - - [02/Jun/2012:13:14:50 +0200] "GET /mailto:fidusz@zpok.hu HTTP/1.1" 404 1181 "-" "Mozilla/5.0 (X11; U; Linux x86_64; en-GB; rv:1.8.1.6) Gecko/20070723 Iceweasel/2.0.0.6 (Debian-2.0.0.6-0etch1)"
84.225.86.221 - - [02/Jun/2012:14:05:50 +0200] "GET /fiok/css/js/scriptaculous.js?load=effects HTTP/1.1" 200 2152 "http://www.beklen.hu/fiok/kornyezet.htm" "Mozilla/5.0 (Windows NT 6.1; rv:12.0) Gecko/20100101 Firefox/12.0"
84.225.86.221 - - [02/Jun/2012:14:05:50 +0200] "GET /fiok/css/lightbox.css HTTP/1.1" 200 1715 "http://www.beklen.hu/fiok/kornyezet.htm" "Mozilla/5.0 (Windows NT 6.1; rv:12.0) Gecko/20100101 Firefox/12.0"
84.225.86.221 - - [02/Jun/2012:14:05:50 +0200] "GET /fiok/kornyezet.htm HTTP/1.1" 200 22582 "http://www.google.hu/imgres?q=%C3%A9nekesmadarak&start=169&hl=hu&client=firefox-a&sa=X&rls=org.mozilla:hu:official&channel=np&biw=1366&bih=624&addh=36&tbm=isch&prmd=imvns&tbnid=rmTG3r5mzMkbFM:&imgrefurl=http://www.beklen.hu/fiok/kornyezet.htm&docid=2PArkY8lCSN0ZM&imgurl=http://www.beklen.hu/fiok/kepek/03.jpg&w=864&h=573&ei=YAHKT46SOofUtAbl4YCABw&zoom=1&iact=hc&vpx=777&vpy=328&dur=2628&hovh=183&hovw=276&tx=142&ty=160&sig=108230680615238994303&page=8&tbnh=141&tbnw=229&ndsp=25&ved=1t:429,r:22,s:169,i:217" "Mozilla/5.0 (Windows NT 6.1; rv:12.0) Gecko/20100101 Firefox/12.0"
84.225.86.221 - - [02/Jun/2012:14:05:50 +0200] "GET /fiok/images/index_02_02.JPG HTTP/1.1" 200 1178 "http://www.beklen.hu/fiok/kornyezet.htm" "Mozilla/5.0 (Windows NT 6.1; rv:12.0) Gecko/20100101 Firefox/12.0"
84.225.86.221 - - [02/Jun/2012:14:05:50 +0200] "GET /fiok/images/index_11.gif HTTP/1.1" 200 74 "http://www.beklen.hu/fiok/kornyezet.htm" "Mozilla/5.0 (Windows NT 6.1; rv:12.0) Gecko/20100101 Firefox/12.0"
84.225.86.221 - - [02/Jun/2012:14:05:50 +0200] "GET /fiok/images/index_12_12.JPG HTTP/1.1" 200 985 "http://www.beklen.hu/fiok/kornyezet.htm" "Mozilla/5.0 (Windows NT 6.1; rv:12.0) Gecko/20100101 Firefox/12.0"
84.225.86.221 - - [02/Jun/2012:14:05:51 +0200] "GET /fiok/kepek/03.jpg HTTP/1.1" 200 80154 "http://www.google.hu/imgres?q=%C3%A9nekesmadarak&start=169&hl=hu&client=firefox-a&sa=X&rls=org.mozilla:hu:official&channel=np&biw=1366&bih=624&addh=36&tbm=isch&prmd=imvns&tbnid=rmTG3r5mzMkbFM:&imgrefurl=http://www.beklen.hu/fiok/kornyezet.htm&docid=2PArkY8lCSN0ZM&imgurl=http://www.beklen.hu/fiok/kepek/03.jpg&w=864&h=573&ei=YAHKT46SOofUtAbl4YCABw&zoom=1&iact=hc&vpx=777&vpy=328&dur=2628&hovh=183&hovw=276&tx=142&ty=160&sig=108230680615238994303&page=8&tbnh=141&tbnw=229&ndsp=25&ved=1t:429,r:22,s:169,i:217" "Mozilla/5.0 (Windows NT 6.1; rv:12.0) Gecko/20100101 Firefox/12.0"
84.225.86.221 - - [02/Jun/2012:14:05:51 +0200] "GET /fiok/images/index_13.gif HTTP/1.1" 200 149 "http://www.beklen.hu/fiok/kornyezet.htm" "Mozilla/5.0 (Windows NT 6.1; rv:12.0) Gecko/20100101 Firefox/12.0"
84.225.86.221 - - [02/Jun/2012:14:05:51 +0200] "GET /fiok/images/index_14_14.JPG HTTP/1.1" 200 9305 "http://www.beklen.hu/fiok/kornyezet.htm" "Mozilla/5.0 (Windows NT 6.1; rv:12.0) Gecko/20100101 Firefox/12.0"
84.225.86.221 - - [02/Jun/2012:14:05:51 +0200] "GET /fiok/images/index_15_15.JPG HTTP/1.1" 200 20275 "http://www.beklen.hu/fiok/kornyezet.htm" "Mozilla/5.0 (Windows NT 6.1; rv:12.0) Gecko/20100101 Firefox/12.0"
84.225.86.221 - - [02/Jun/2012:14:05:51 +0200] "GET /fiok/images/index_16_16.JPG HTTP/1.1" 200 13468 "http://www.beklen.hu/fiok/kornyezet.htm" "Mozilla/5.0 (Windows NT 6.1; rv:12.0) Gecko/20100101 Firefox/12.0"
84.225.86.221 - - [02/Jun/2012:14:05:51 +0200] "GET /fiok/images/index_17_17.jpg HTTP/1.1" 200 2374 "http://www.beklen.hu/fiok/kornyezet.htm" "Mozilla/5.0 (Windows NT 6.1; rv:12.0) Gecko/20100101 Firefox/12.0"
84.225.86.221 - - [02/Jun/2012:14:05:52 +0200] "GET /fiok/css/js/lightbox.js HTTP/1.1" 200 23424 "http://www.beklen.hu/fiok/kornyezet.htm" "Mozilla/5.0 (Windows NT 6.1; rv:12.0) Gecko/20100101 Firefox/12.0"
84.225.86.221 - - [02/Jun/2012:14:05:52 +0200] "GET /fiok/images/index_18_18.JPG HTTP/1.1" 200 15778 "http://www.beklen.hu/fiok/kornyezet.htm" "Mozilla/5.0 (Windows NT 6.1; rv:12.0) Gecko/20100101 Firefox/12.0"
84.225.86.221 - - [02/Jun/2012:14:05:52 +0200] "GET /fiok/css/js/prototype.js HTTP/1.1" 200 47603 "http://www.beklen.hu/fiok/kornyezet.htm" "Mozilla/5.0 (Windows NT 6.1; rv:12.0) Gecko/20100101 Firefox/12.0"
84.225.86.221 - - [02/Jun/2012:14:05:52 +0200] "GET /fiok/images/index_19_19.JPG HTTP/1.1" 200 3123 "http://www.beklen.hu/fiok/kornyezet.htm" "Mozilla/5.0 (Windows NT 6.1; rv:12.0) Gecko/20100101 Firefox/12.0"
84.225.86.221 - - [02/Jun/2012:14:05:53 +0200] "GET /fiok/images/index_25.gif HTTP/1.1" 200 708 "http://www.beklen.hu/fiok/kornyezet.htm" "Mozilla/5.0 (Windows NT 6.1; rv:12.0) Gecko/20100101 Firefox/12.0"
84.225.86.221 - - [02/Jun/2012:14:05:53 +0200] "GET /fiok/images/index_26.gif HTTP/1.1" 200 121 "http://www.beklen.hu/fiok/kornyezet.htm" "Mozilla/5.0 (Windows NT 6.1; rv:12.0) Gecko/20100101 Firefox/12.0"
84.225.86.221 - - [02/Jun/2012:14:05:53 +0200] "GET /fiok/images/index_27_27.jpg HTTP/1.1" 200 12876 "http://www.beklen.hu/fiok/kornyezet.htm" "Mozilla/5.0 (Windows NT 6.1; rv:12.0) Gecko/20100101 Firefox/12.0"
84.225.86.221 - - [02/Jun/2012:14:05:53 +0200] "GET /fiok/images/spacer.gif HTTP/1.1" 200 43 "http://www.beklen.hu/fiok/kornyezet.htm" "Mozilla/5.0 (Windows NT 6.1; rv:12.0) Gecko/20100101 Firefox/12.0"
84.225.86.221 - - [02/Jun/2012:14:05:53 +0200] "GET /fiok/images/a4a.jpg HTTP/1.1" 200 524 "http://www.beklen.hu/fiok/kornyezet.htm" "Mozilla/5.0 (Windows NT 6.1; rv:12.0) Gecko/20100101 Firefox/12.0"
84.225.86.221 - - [02/Jun/2012:14:05:53 +0200] "GET /fiok/images/b4b.jpg HTTP/1.1" 200 524 "http://www.beklen.hu/fiok/kornyezet.htm" "Mozilla/5.0 (Windows NT 6.1; rv:12.0) Gecko/20100101 Firefox/12.0"
84.225.86.221 - - [02/Jun/2012:14:05:53 +0200] "GET /fiok/images/c4c.jpg HTTP/1.1" 200 524 "http://www.beklen.hu/fiok/kornyezet.htm" "Mozilla/5.0 (Windows NT 6.1; rv:12.0) Gecko/20100101 Firefox/12.0"
84.225.86.221 - - [02/Jun/2012:14:05:53 +0200] "GET /fiok/images/d4d.jpg HTTP/1.1" 200 524 "http://www.beklen.hu/fiok/kornyezet.htm" "Mozilla/5.0 (Windows NT 6.1; rv:12.0) Gecko/20100101 Firefox/12.0"
84.225.86.221 - - [02/Jun/2012:14:05:54 +0200] "GET /fiok/images/e4e.jpg HTTP/1.1" 200 524 "http://www.beklen.hu/fiok/kornyezet.htm" "Mozilla/5.0 (Windows NT 6.1; rv:12.0) Gecko/20100101 Firefox/12.0"
84.225.86.221 - - [02/Jun/2012:14:05:54 +0200] "GET /fiok/kepek/02.jpg HTTP/1.1" 200 82993 "http://www.beklen.hu/fiok/kornyezet.htm" "Mozilla/5.0 (Windows NT 6.1; rv:12.0) Gecko/20100101 Firefox/12.0"
84.225.86.221 - - [02/Jun/2012:14:05:54 +0200] "GET /fiok/css/js/effects.js HTTP/1.1" 200 31969 "http://www.beklen.hu/fiok/kornyezet.htm" "Mozilla/5.0 (Windows NT 6.1; rv:12.0) Gecko/20100101 Firefox/12.0"
84.225.86.221 - - [02/Jun/2012:14:05:55 +0200] "GET /fiok/images/b12.jpg HTTP/1.1" 200 544 "http://www.beklen.hu/fiok/kornyezet.htm" "Mozilla/5.0 (Windows NT 6.1; rv:12.0) Gecko/20100101 Firefox/12.0"
84.225.86.221 - - [02/Jun/2012:14:05:55 +0200] "GET /fiok/images/index_22.gif HTTP/1.1" 200 227 "http://www.beklen.hu/fiok/kornyezet.htm" "Mozilla/5.0 (Windows NT 6.1; rv:12.0) Gecko/20100101 Firefox/12.0"
84.225.86.221 - - [02/Jun/2012:14:05:55 +0200] "GET /fiok/images/index_24.gif HTTP/1.1" 200 227 "http://www.beklen.hu/fiok/kornyezet.htm" "Mozilla/5.0 (Windows NT 6.1; rv:12.0) Gecko/20100101 Firefox/12.0"
84.225.86.221 - - [02/Jun/2012:14:05:55 +0200] "GET /fiok/images/index_28.gif HTTP/1.1" 200 262 "http://www.beklen.hu/fiok/kornyezet.htm" "Mozilla/5.0 (Windows NT 6.1; rv:12.0) Gecko/20100101 Firefox/12.0"
84.225.86.221 - - [02/Jun/2012:14:05:56 +0200] "GET /lb/images/loading.gif HTTP/1.1" 200 2767 "http://www.beklen.hu/fiok/kornyezet.htm" "Mozilla/5.0 (Windows NT 6.1; rv:12.0) Gecko/20100101 Firefox/12.0"
84.225.86.221 - - [02/Jun/2012:14:05:56 +0200] "GET /lb/images/closelabel.gif HTTP/1.1" 200 222 "http://www.beklen.hu/fiok/kornyezet.htm" "Mozilla/5.0 (Windows NT 6.1; rv:12.0) Gecko/20100101 Firefox/12.0"
84.225.86.221 - - [02/Jun/2012:14:06:02 +0200] "GET /fiok/css/js/scriptaculous.js?load=effects HTTP/1.1" 304 - "http://www.beklen.hu/fiok/kornyezet.htm" "Mozilla/5.0 (Windows NT 6.1; rv:12.0) Gecko/20100101 Firefox/12.0"
84.225.86.221 - - [02/Jun/2012:14:06:02 +0200] "GET /favicon.ico HTTP/1.1" 404 1181 "-" "Mozilla/5.0 (Windows NT 6.1; rv:12.0) Gecko/20100101 Firefox/12.0"
84.225.86.221 - - [02/Jun/2012:14:06:02 +0200] "GET /favicon.ico HTTP/1.1" 404 1181 "-" "Mozilla/5.0 (Windows NT 6.1; rv:12.0) Gecko/20100101 Firefox/12.0"
84.225.86.221 - - [02/Jun/2012:14:06:02 +0200] "GET /favicon.ico HTTP/1.1" 404 1181 "-" "Mozilla/5.0 (Windows NT 6.1; rv:12.0) Gecko/20100101 Firefox/12.0"
66.249.72.2 - - [02/Jun/2012:14:27:17 +0200] "GET /hirek/hirek090428.htm HTTP/1.1" 304 - "-" "Mozilla/5.0 (iPhone; U; CPU iPhone OS 4_1 like Mac OS X; en-us) AppleWebKit/532.9 (KHTML, like Gecko) Version/4.0.5 Mobile/8B117 Safari/6531.22.7 (compatible; Googlebot-Mobile/2.1; +http://www.google.com/bot.html)"
66.249.72.2 - - [02/Jun/2012:14:52:31 +0200] "GET /hirek/hirek091103.htm HTTP/1.1" 200 7301 "-" "Mozilla/5.0 (compatible; Googlebot/2.1; +http://www.google.com/bot.html)"
81.182.209.66 - - [02/Jun/2012:15:26:49 +0200] "GET /fiok/ HTTP/1.1" 200 20554 "http://humusz.hu/linkek" "Mozilla/5.0 (Windows NT 6.1; rv:12.0) Gecko/20100101 Firefox/12.0"
81.182.209.66 - - [02/Jun/2012:15:26:49 +0200] "GET /fiok/css/js/scriptaculous.js?load=effects HTTP/1.1" 200 2152 "http://www.beklen.hu/fiok/" "Mozilla/5.0 (Windows NT 6.1; rv:12.0) Gecko/20100101 Firefox/12.0"
81.182.209.66 - - [02/Jun/2012:15:26:49 +0200] "GET /fiok/css/js/prototype.js HTTP/1.1" 200 47603 "http://www.beklen.hu/fiok/" "Mozilla/5.0 (Windows NT 6.1; rv:12.0) Gecko/20100101 Firefox/12.0"
81.182.209.66 - - [02/Jun/2012:15:26:49 +0200] "GET /fiok/css/lightbox.css HTTP/1.1" 200 1715 "http://www.beklen.hu/fiok/" "Mozilla/5.0 (Windows NT 6.1; rv:12.0) Gecko/20100101 Firefox/12.0"
81.182.209.66 - - [02/Jun/2012:15:26:49 +0200] "GET /fiok/images/index_02_02.JPG HTTP/1.1" 200 1178 "http://www.beklen.hu/fiok/" "Mozilla/5.0 (Windows NT 6.1; rv:12.0) Gecko/20100101 Firefox/12.0"
81.182.209.66 - - [02/Jun/2012:15:26:49 +0200] "GET /fiok/images/index_11.gif HTTP/1.1" 200 74 "http://www.beklen.hu/fiok/" "Mozilla/5.0 (Windows NT 6.1; rv:12.0) Gecko/20100101 Firefox/12.0"
81.182.209.66 - - [02/Jun/2012:15:26:49 +0200] "GET /fiok/images/index_12_12.JPG HTTP/1.1" 200 985 "http://www.beklen.hu/fiok/" "Mozilla/5.0 (Windows NT 6.1; rv:12.0) Gecko/20100101 Firefox/12.0"
81.182.209.66 - - [02/Jun/2012:15:26:49 +0200] "GET /fiok/images/index_13.gif HTTP/1.1" 200 149 "http://www.beklen.hu/fiok/" "Mozilla/5.0 (Windows NT 6.1; rv:12.0) Gecko/20100101 Firefox/12.0"
81.182.209.66 - - [02/Jun/2012:15:26:49 +0200] "GET /fiok/images/index_14_14.JPG HTTP/1.1" 200 9305 "http://www.beklen.hu/fiok/" "Mozilla/5.0 (Windows NT 6.1; rv:12.0) Gecko/20100101 Firefox/12.0"
81.182.209.66 - - [02/Jun/2012:15:26:49 +0200] "GET /fiok/images/index_16_16.JPG HTTP/1.1" 200 13468 "http://www.beklen.hu/fiok/" "Mozilla/5.0 (Windows NT 6.1; rv:12.0) Gecko/20100101 Firefox/12.0"
81.182.209.66 - - [02/Jun/2012:15:26:49 +0200] "GET /fiok/images/index_17_17.jpg HTTP/1.1" 200 2374 "http://www.beklen.hu/fiok/" "Mozilla/5.0 (Windows NT 6.1; rv:12.0) Gecko/20100101 Firefox/12.0"
81.182.209.66 - - [02/Jun/2012:15:26:49 +0200] "GET /fiok/images/index_18_18.JPG HTTP/1.1" 200 15778 "http://www.beklen.hu/fiok/" "Mozilla/5.0 (Windows NT 6.1; rv:12.0) Gecko/20100101 Firefox/12.0"
81.182.209.66 - - [02/Jun/2012:15:26:49 +0200] "GET /fiok/css/js/lightbox.js HTTP/1.1" 200 23424 "http://www.beklen.hu/fiok/" "Mozilla/5.0 (Windows NT 6.1; rv:12.0) Gecko/20100101 Firefox/12.0"
81.182.209.66 - - [02/Jun/2012:15:26:49 +0200] "GET /fiok/images/index_19_19.JPG HTTP/1.1" 200 3123 "http://www.beklen.hu/fiok/" "Mozilla/5.0 (Windows NT 6.1; rv:12.0) Gecko/20100101 Firefox/12.0"
81.182.209.66 - - [02/Jun/2012:15:26:49 +0200] "GET /fiok/images/index_21_21.JPG HTTP/1.1" 404 1181 "http://www.beklen.hu/fiok/" "Mozilla/5.0 (Windows NT 6.1; rv:12.0) Gecko/20100101 Firefox/12.0"
81.182.209.66 - - [02/Jun/2012:15:26:49 +0200] "GET /fiok/images/szovegkep.JPG HTTP/1.1" 200 12792 "http://www.beklen.hu/fiok/" "Mozilla/5.0 (Windows NT 6.1; rv:12.0) Gecko/20100101 Firefox/12.0"
81.182.209.66 - - [02/Jun/2012:15:26:49 +0200] "GET /fiok/images/index_15_15.JPG HTTP/1.1" 200 20275 "http://www.beklen.hu/fiok/" "Mozilla/5.0 (Windows NT 6.1; rv:12.0) Gecko/20100101 Firefox/12.0"
81.182.209.66 - - [02/Jun/2012:15:26:49 +0200] "GET /fiok/images/index_26.gif HTTP/1.1" 200 121 "http://www.beklen.hu/fiok/" "Mozilla/5.0 (Windows NT 6.1; rv:12.0) Gecko/20100101 Firefox/12.0"
81.182.209.66 - - [02/Jun/2012:15:26:49 +0200] "GET /fiok/images/index_27_27.jpg HTTP/1.1" 200 12876 "http://www.beklen.hu/fiok/" "Mozilla/5.0 (Windows NT 6.1; rv:12.0) Gecko/20100101 Firefox/12.0"
81.182.209.66 - - [02/Jun/2012:15:26:49 +0200] "GET /fiok/images/spacer.gif HTTP/1.1" 200 43 "http://www.beklen.hu/fiok/" "Mozilla/5.0 (Windows NT 6.1; rv:12.0) Gecko/20100101 Firefox/12.0"
81.182.209.66 - - [02/Jun/2012:15:26:49 +0200] "GET /fiok/images/a4a.jpg HTTP/1.1" 200 524 "http://www.beklen.hu/fiok/" "Mozilla/5.0 (Windows NT 6.1; rv:12.0) Gecko/20100101 Firefox/12.0"
81.182.209.66 - - [02/Jun/2012:15:26:49 +0200] "GET /fiok/images/index_25_25.jpg HTTP/1.1" 200 4960 "http://www.beklen.hu/fiok/" "Mozilla/5.0 (Windows NT 6.1; rv:12.0) Gecko/20100101 Firefox/12.0"
81.182.209.66 - - [02/Jun/2012:15:26:49 +0200] "GET /fiok/images/b4b.jpg HTTP/1.1" 200 524 "http://www.beklen.hu/fiok/" "Mozilla/5.0 (Windows NT 6.1; rv:12.0) Gecko/20100101 Firefox/12.0"
81.182.209.66 - - [02/Jun/2012:15:26:49 +0200] "GET /fiok/css/js/effects.js HTTP/1.1" 200 31969 "http://www.beklen.hu/fiok/" "Mozilla/5.0 (Windows NT 6.1; rv:12.0) Gecko/20100101 Firefox/12.0"
81.182.209.66 - - [02/Jun/2012:15:26:49 +0200] "GET /fiok/images/c4c.jpg HTTP/1.1" 200 524 "http://www.beklen.hu/fiok/" "Mozilla/5.0 (Windows NT 6.1; rv:12.0) Gecko/20100101 Firefox/12.0"
81.182.209.66 - - [02/Jun/2012:15:26:49 +0200] "GET /fiok/images/d4d.jpg HTTP/1.1" 200 524 "http://www.beklen.hu/fiok/" "Mozilla/5.0 (Windows NT 6.1; rv:12.0) Gecko/20100101 Firefox/12.0"
81.182.209.66 - - [02/Jun/2012:15:26:49 +0200] "GET /fiok/images/e4e.jpg HTTP/1.1" 200 524 "http://www.beklen.hu/fiok/" "Mozilla/5.0 (Windows NT 6.1; rv:12.0) Gecko/20100101 Firefox/12.0"
81.182.209.66 - - [02/Jun/2012:15:26:50 +0200] "GET /fiok/images/b12.jpg HTTP/1.1" 200 544 "http://www.beklen.hu/fiok/" "Mozilla/5.0 (Windows NT 6.1; rv:12.0) Gecko/20100101 Firefox/12.0"
81.182.209.66 - - [02/Jun/2012:15:26:50 +0200] "GET /fiok/images/index_21_21.JPG HTTP/1.1" 404 1181 "http://www.beklen.hu/fiok/" "Mozilla/5.0 (Windows NT 6.1; rv:12.0) Gecko/20100101 Firefox/12.0"
81.182.209.66 - - [02/Jun/2012:15:26:50 +0200] "GET /fiok/images/index_22.gif HTTP/1.1" 200 227 "http://www.beklen.hu/fiok/" "Mozilla/5.0 (Windows NT 6.1; rv:12.0) Gecko/20100101 Firefox/12.0"
81.182.209.66 - - [02/Jun/2012:15:26:50 +0200] "GET /fiok/images/index_24.gif HTTP/1.1" 200 227 "http://www.beklen.hu/fiok/" "Mozilla/5.0 (Windows NT 6.1; rv:12.0) Gecko/20100101 Firefox/12.0"
81.182.209.66 - - [02/Jun/2012:15:26:50 +0200] "GET /fiok/images/index_28.gif HTTP/1.1" 200 262 "http://www.beklen.hu/fiok/" "Mozilla/5.0 (Windows NT 6.1; rv:12.0) Gecko/20100101 Firefox/12.0"
81.182.209.66 - - [02/Jun/2012:15:26:50 +0200] "GET /lb/images/loading.gif HTTP/1.1" 200 2767 "http://www.beklen.hu/fiok/" "Mozilla/5.0 (Windows NT 6.1; rv:12.0) Gecko/20100101 Firefox/12.0"
81.182.209.66 - - [02/Jun/2012:15:26:50 +0200] "GET /lb/images/closelabel.gif HTTP/1.1" 200 222 "http://www.beklen.hu/fiok/" "Mozilla/5.0 (Windows NT 6.1; rv:12.0) Gecko/20100101 Firefox/12.0"
81.182.209.66 - - [02/Jun/2012:15:26:50 +0200] "GET /favicon.ico HTTP/1.1" 404 1181 "-" "Mozilla/5.0 (Windows NT 6.1; rv:12.0) Gecko/20100101 Firefox/12.0"
81.182.209.66 - - [02/Jun/2012:15:26:50 +0200] "GET /favicon.ico HTTP/1.1" 404 1181 "-" "Mozilla/5.0 (Windows NT 6.1; rv:12.0) Gecko/20100101 Firefox/12.0"
81.182.209.66 - - [02/Jun/2012:15:26:50 +0200] "GET /favicon.ico HTTP/1.1" 404 1181 "-" "Mozilla/5.0 (Windows NT 6.1; rv:12.0) Gecko/20100101 Firefox/12.0"
81.182.209.66 - - [02/Jun/2012:15:27:27 +0200] "GET /fiok/programok.htm HTTP/1.1" 200 18165 "http://www.beklen.hu/fiok/" "Mozilla/5.0 (Windows NT 6.1; rv:12.0) Gecko/20100101 Firefox/12.0"
81.182.209.66 - - [02/Jun/2012:15:27:28 +0200] "GET /fiok/images/index_25.gif HTTP/1.1" 200 708 "http://www.beklen.hu/fiok/programok.htm" "Mozilla/5.0 (Windows NT 6.1; rv:12.0) Gecko/20100101 Firefox/12.0"
81.182.209.66 - - [02/Jun/2012:15:27:46 +0200] "GET /fiok/program_reszek/turazas.htm HTTP/1.1" 200 22754 "http://www.beklen.hu/fiok/programok.htm" "Mozilla/5.0 (Windows NT 6.1; rv:12.0) Gecko/20100101 Firefox/12.0"
81.182.209.66 - - [02/Jun/2012:15:27:46 +0200] "GET /fiok/css/js/scriptaculous.js?load=effects HTTP/1.1" 304 - "http://www.beklen.hu/fiok/program_reszek/turazas.htm" "Mozilla/5.0 (Windows NT 6.1; rv:12.0) Gecko/20100101 Firefox/12.0"
81.182.209.66 - - [02/Jun/2012:15:27:46 +0200] "GET /fiok/program_reszek/images/index_02_02.JPG HTTP/1.1" 200 1178 "http://www.beklen.hu/fiok/program_reszek/turazas.htm" "Mozilla/5.0 (Windows NT 6.1; rv:12.0) Gecko/20100101 Firefox/12.0"
81.182.209.66 - - [02/Jun/2012:15:27:46 +0200] "GET /fiok/program_reszek/images/index_12_12.JPG HTTP/1.1" 200 985 "http://www.beklen.hu/fiok/program_reszek/turazas.htm" "Mozilla/5.0 (Windows NT 6.1; rv:12.0) Gecko/20100101 Firefox/12.0"
81.182.209.66 - - [02/Jun/2012:15:27:46 +0200] "GET /fiok/program_reszek/images/index_13.gif HTTP/1.1" 200 149 "http://www.beklen.hu/fiok/program_reszek/turazas.htm" "Mozilla/5.0 (Windows NT 6.1; rv:12.0) Gecko/20100101 Firefox/12.0"
81.182.209.66 - - [02/Jun/2012:15:27:46 +0200] "GET /fiok/program_reszek/images/index_11.gif HTTP/1.1" 200 74 "http://www.beklen.hu/fiok/program_reszek/turazas.htm" "Mozilla/5.0 (Windows NT 6.1; rv:12.0) Gecko/20100101 Firefox/12.0"
81.182.209.66 - - [02/Jun/2012:15:27:46 +0200] "GET /fiok/program_reszek/images/index_14_14.JPG HTTP/1.1" 200 9305 "http://www.beklen.hu/fiok/program_reszek/turazas.htm" "Mozilla/5.0 (Windows NT 6.1; rv:12.0) Gecko/20100101 Firefox/12.0"
81.182.209.66 - - [02/Jun/2012:15:27:46 +0200] "GET /fiok/program_reszek/images/index_15_15.JPG HTTP/1.1" 200 20275 "http://www.beklen.hu/fiok/program_reszek/turazas.htm" "Mozilla/5.0 (Windows NT 6.1; rv:12.0) Gecko/20100101 Firefox/12.0"
81.182.209.66 - - [02/Jun/2012:15:27:46 +0200] "GET /fiok/program_reszek/images/index_17_17.jpg HTTP/1.1" 200 2374 "http://www.beklen.hu/fiok/program_reszek/turazas.htm" "Mozilla/5.0 (Windows NT 6.1; rv:12.0) Gecko/20100101 Firefox/12.0"
81.182.209.66 - - [02/Jun/2012:15:27:46 +0200] "GET /fiok/program_reszek/images/index_16_16.JPG HTTP/1.1" 200 13468 "http://www.beklen.hu/fiok/program_reszek/turazas.htm" "Mozilla/5.0 (Windows NT 6.1; rv:12.0) Gecko/20100101 Firefox/12.0"
81.182.209.66 - - [02/Jun/2012:15:27:46 +0200] "GET /fiok/program_reszek/images/index_18_18.JPG HTTP/1.1" 200 15778 "http://www.beklen.hu/fiok/program_reszek/turazas.htm" "Mozilla/5.0 (Windows NT 6.1; rv:12.0) Gecko/20100101 Firefox/12.0"
81.182.209.66 - - [02/Jun/2012:15:27:46 +0200] "GET /fiok/program_reszek/images/index_19_19.JPG HTTP/1.1" 200 3123 "http://www.beklen.hu/fiok/program_reszek/turazas.htm" "Mozilla/5.0 (Windows NT 6.1; rv:12.0) Gecko/20100101 Firefox/12.0"
81.182.209.66 - - [02/Jun/2012:15:27:46 +0200] "GET /fiok/program_reszek/images/index_25.gif HTTP/1.1" 200 708 "http://www.beklen.hu/fiok/program_reszek/turazas.htm" "Mozilla/5.0 (Windows NT 6.1; rv:12.0) Gecko/20100101 Firefox/12.0"
81.182.209.66 - - [02/Jun/2012:15:27:46 +0200] "GET /fiok/program_reszek/images/index_26.gif HTTP/1.1" 200 121 "http://www.beklen.hu/fiok/program_reszek/turazas.htm" "Mozilla/5.0 (Windows NT 6.1; rv:12.0) Gecko/20100101 Firefox/12.0"
81.182.209.66 - - [02/Jun/2012:15:27:46 +0200] "GET /fiok/program_reszek/images/index_27_27.jpg HTTP/1.1" 200 12876 "http://www.beklen.hu/fiok/program_reszek/turazas.htm" "Mozilla/5.0 (Windows NT 6.1; rv:12.0) Gecko/20100101 Firefox/12.0"
81.182.209.66 - - [02/Jun/2012:15:27:46 +0200] "GET /fiok/program_reszek/images/spacer.gif HTTP/1.1" 200 43 "http://www.beklen.hu/fiok/program_reszek/turazas.htm" "Mozilla/5.0 (Windows NT 6.1; rv:12.0) Gecko/20100101 Firefox/12.0"
81.182.209.66 - - [02/Jun/2012:15:27:46 +0200] "GET /fiok/program_reszek/images/a4a.jpg HTTP/1.1" 200 524 "http://www.beklen.hu/fiok/program_reszek/turazas.htm" "Mozilla/5.0 (Windows NT 6.1; rv:12.0) Gecko/20100101 Firefox/12.0"
81.182.209.66 - - [02/Jun/2012:15:27:46 +0200] "GET /fiok/program_reszek/images/b4b.jpg HTTP/1.1" 200 524 "http://www.beklen.hu/fiok/program_reszek/turazas.htm" "Mozilla/5.0 (Windows NT 6.1; rv:12.0) Gecko/20100101 Firefox/12.0"
81.182.209.66 - - [02/Jun/2012:15:27:46 +0200] "GET /fiok/program_reszek/images/c4c.jpg HTTP/1.1" 200 524 "http://www.beklen.hu/fiok/program_reszek/turazas.htm" "Mozilla/5.0 (Windows NT 6.1; rv:12.0) Gecko/20100101 Firefox/12.0"
81.182.209.66 - - [02/Jun/2012:15:27:46 +0200] "GET /fiok/program_reszek/images/d4d.jpg HTTP/1.1" 200 524 "http://www.beklen.hu/fiok/program_reszek/turazas.htm" "Mozilla/5.0 (Windows NT 6.1; rv:12.0) Gecko/20100101 Firefox/12.0"
81.182.209.66 - - [02/Jun/2012:15:27:47 +0200] "GET /fiok/program_reszek/images/e4e.jpg HTTP/1.1" 200 524 "http://www.beklen.hu/fiok/program_reszek/turazas.htm" "Mozilla/5.0 (Windows NT 6.1; rv:12.0) Gecko/20100101 Firefox/12.0"
81.182.209.66 - - [02/Jun/2012:15:27:47 +0200] "GET /fiok/program_reszek/programok/20.jpg HTTP/1.1" 200 187831 "http://www.beklen.hu/fiok/program_reszek/turazas.htm" "Mozilla/5.0 (Windows NT 6.1; rv:12.0) Gecko/20100101 Firefox/12.0"
81.182.209.66 - - [02/Jun/2012:15:27:47 +0200] "GET /fiok/program_reszek/images/index_22.gif HTTP/1.1" 200 227 "http://www.beklen.hu/fiok/program_reszek/turazas.htm" "Mozilla/5.0 (Windows NT 6.1; rv:12.0) Gecko/20100101 Firefox/12.0"
81.182.209.66 - - [02/Jun/2012:15:27:47 +0200] "GET /fiok/program_reszek/images/b12.jpg HTTP/1.1" 200 544 "http://www.beklen.hu/fiok/program_reszek/turazas.htm" "Mozilla/5.0 (Windows NT 6.1; rv:12.0) Gecko/20100101 Firefox/12.0"
81.182.209.66 - - [02/Jun/2012:15:27:47 +0200] "GET /fiok/program_reszek/programok/19.jpg HTTP/1.1" 200 196464 "http://www.beklen.hu/fiok/program_reszek/turazas.htm" "Mozilla/5.0 (Windows NT 6.1; rv:12.0) Gecko/20100101 Firefox/12.0"
81.182.209.66 - - [02/Jun/2012:15:27:47 +0200] "GET /fiok/program_reszek/images/index_24.gif HTTP/1.1" 200 227 "http://www.beklen.hu/fiok/program_reszek/turazas.htm" "Mozilla/5.0 (Windows NT 6.1; rv:12.0) Gecko/20100101 Firefox/12.0"
81.182.209.66 - - [02/Jun/2012:15:27:47 +0200] "GET /fiok/program_reszek/images/index_28.gif HTTP/1.1" 200 262 "http://www.beklen.hu/fiok/program_reszek/turazas.htm" "Mozilla/5.0 (Windows NT 6.1; rv:12.0) Gecko/20100101 Firefox/12.0"
81.182.209.66 - - [02/Jun/2012:15:27:47 +0200] "GET /fiok/program_reszek/programok/18.jpg HTTP/1.1" 200 225255 "http://www.beklen.hu/fiok/program_reszek/turazas.htm" "Mozilla/5.0 (Windows NT 6.1; rv:12.0) Gecko/20100101 Firefox/12.0"
81.182.209.66 - - [02/Jun/2012:15:27:47 +0200] "GET /fiok/program_reszek/programok/21.jpg HTTP/1.1" 200 261695 "http://www.beklen.hu/fiok/program_reszek/turazas.htm" "Mozilla/5.0 (Windows NT 6.1; rv:12.0) Gecko/20100101 Firefox/12.0"
66.249.72.2 - - [02/Jun/2012:16:07:54 +0200] "GET /hirek/hirek091221.htm HTTP/1.1" 200 6740 "-" "Mozilla/5.0 (compatible; Googlebot/2.1; +http://www.google.com/bot.html)"
66.249.72.2 - - [02/Jun/2012:19:37:07 +0200] "GET /robots.txt HTTP/1.1" 404 1181 "-" "Mozilla/5.0 (compatible; Googlebot/2.1; +http://www.google.com/bot.html)"
66.249.72.2 - - [02/Jun/2012:19:37:07 +0200] "GET /hirek/hirek100810.htm HTTP/1.1" 304 - "-" "Mozilla/5.0 (compatible; Googlebot/2.1; +http://www.google.com/bot.html)"
184.73.47.111 - - [02/Jun/2012:20:10:45 +0200] "GET / HTTP/1.0" 200 23794 "-" "Mozilla/5.0 (compatible; NetcraftSurveyAgent/1.0; +info@netcraft.com)"
208.115.113.84 - - [02/Jun/2012:21:59:38 +0200] "GET /robots.txt HTTP/1.1" 404 1181 "-" "Mozilla/5.0 (compatible; Ezooms/1.0; ezooms.bot@gmail.com)"
66.249.72.2 - - [02/Jun/2012:22:25:47 +0200] "GET /hirek/hirek100804.htm HTTP/1.1" 304 - "-" "Mozilla/5.0 (compatible; Googlebot/2.1; +http://www.google.com/bot.html)"
66.249.72.2 - - [02/Jun/2012:23:26:16 +0200] "GET /hirek/Natura_2000es_gyepgazdalkodas_eloirasai.ppt HTTP/1.1" 304 - "-" "Mozilla/5.0 (compatible; Googlebot/2.1; +http://www.google.com/bot.html)"
130.83.167.153 - - [02/Jun/2012:23:32:26 +0200] "GET / HTTP/1.1" 200 23794 "-" "findlinks/2.6 (+http://wortschatz.uni-leipzig.de/findlinks/)"
208.115.113.84 - - [02/Jun/2012:23:44:42 +0200] "GET /nca04.htm HTTP/1.1" 200 16378 "-" "Mozilla/5.0 (compatible; Ezooms/1.0; ezooms.bot@gmail.com)"
66.249.72.2 - - [03/Jun/2012:00:02:19 +0200] "GET /jog/jog/jogszabalyok/V%C3%A9dett%20fajok%202006_1_2008kieg.pdf HTTP/1.1" 404 1181 "-" "Mozilla/5.0 (compatible; Googlebot/2.1; +http://www.google.com/bot.html)"
66.249.72.2 - - [03/Jun/2012:03:03:37 +0200] "GET /hirek/hirek120120.htm HTTP/1.1" 200 6634 "-" "Mozilla/5.0 (compatible; Googlebot/2.1; +http://www.google.com/bot.html)"
95.108.248.30 - - [03/Jun/2012:05:38:50 +0200] "GET /robots.txt HTTP/1.1" 404 1181 "-" "Mozilla/5.0 (compatible; YandexBot/3.0; +http://yandex.com/bots)"
207.46.13.117 - - [03/Jun/2012:07:44:49 +0200] "GET /robots.txt HTTP/1.1" 404 1181 "-" "Mozilla/5.0 (compatible; bingbot/2.0; +http://www.bing.com/bingbot.htm)"
207.46.13.117 - - [03/Jun/2012:07:45:44 +0200] "GET /media.htm HTTP/1.1" 304 - "-" "Mozilla/5.0 (compatible; bingbot/2.0; +http://www.bing.com/bingbot.htm)"
207.46.199.24 - - [03/Jun/2012:07:45:47 +0200] "GET /media.htm HTTP/1.1" 200 5208 "-" "Mozilla/5.0 (Windows NT 6.1; WOW64) AppleWebKit/534+ (KHTML, like Gecko) BingPreview/1.0b"
207.46.199.24 - - [03/Jun/2012:07:45:48 +0200] "GET /vill.cs HTTP/1.1" 200 2676 "http://www.beklen.hu/media.htm" "Mozilla/5.0 (Windows NT 6.1; WOW64) AppleWebKit/534+ (KHTML, like Gecko) BingPreview/1.0b"
77.20.4.67 - - [03/Jun/2012:08:51:08 +0200] "GET /robots.txt HTTP/1.1" 404 1181 "-" "findlinks/2.0.2 (+http://wortschatz.uni-leipzig.de/findlinks/)"
208.115.113.84 - - [03/Jun/2012:08:53:59 +0200] "GET /robots.txt HTTP/1.1" 404 1181 "-" "Mozilla/5.0 (compatible; Ezooms/1.0; ezooms.bot@gmail.com)"
208.115.113.84 - - [03/Jun/2012:10:35:16 +0200] "GET /kiadvanyok.htm HTTP/1.1" 200 8206 "-" "Mozilla/5.0 (compatible; Ezooms/1.0; ezooms.bot@gmail.com)"
141.170.243.7 - - [03/Jun/2012:10:43:06 +0200] "GET /robots.txt HTTP/1.0" 404 1181 "-" "Mozilla/5.0 (compatible; MJ12bot/v1.4.3; http://www.majestic12.co.uk/bot.php?+)"
141.170.243.7 - - [03/Jun/2012:10:43:07 +0200] "GET / HTTP/1.1" 200 23794 "-" "Mozilla/5.0 (compatible; MJ12bot/v1.4.3; http://www.majestic12.co.uk/bot.php?+)"
95.108.248.30 - - [03/Jun/2012:10:45:39 +0200] "GET /hirek/hirek091221.htm HTTP/1.1" 200 6740 "-" "Mozilla/5.0 (compatible; YandexBot/3.0; +http://yandex.com/bots)"
217.69.133.31 - - [03/Jun/2012:10:57:22 +0200] "GET /robots.txt HTTP/1.0" 404 1181 "-" "Mozilla/5.0 (compatible; Mail.RU/2.0)"
217.69.133.31 - - [03/Jun/2012:11:01:37 +0200] "GET /sitemap.xml HTTP/1.0" 404 1181 "-" "Mozilla/5.0 (compatible; Mail.RU/2.0)"
95.108.248.30 - - [03/Jun/2012:11:07:49 +0200] "GET / HTTP/1.1" 200 23794 "-" "Mozilla/5.0 (compatible; YandexBot/3.0; +http://yandex.com/bots)"
95.108.248.30 - - [03/Jun/2012:11:07:51 +0200] "GET /hirek/hirek100305.htm HTTP/1.1" 200 7091 "-" "Mozilla/5.0 (compatible; YandexBot/3.0; +http://yandex.com/bots)"
95.108.248.30 - - [03/Jun/2012:12:04:32 +0200] "GET /deutsch/index.htm HTTP/1.1" 200 5324 "-" "Mozilla/5.0 (compatible; YandexBot/3.0; +http://yandex.com/bots)"
66.249.72.2 - - [03/Jun/2012:13:00:30 +0200] "GET /robots.txt HTTP/1.1" 404 1181 "-" "Mozilla/5.0 (compatible; Googlebot/2.1; +http://www.google.com/bot.html)"
66.249.72.2 - - [03/Jun/2012:13:00:31 +0200] "GET /hirek/hirek101213.htm HTTP/1.1" 200 8671 "-" "Mozilla/5.0 (iPhone; U; CPU iPhone OS 4_1 like Mac OS X; en-us) AppleWebKit/532.9 (KHTML, like Gecko) Version/4.0.5 Mobile/8B117 Safari/6531.22.7 (compatible; Googlebot-Mobile/2.1; +http://www.google.com/bot.html)"
66.249.72.2 - - [03/Jun/2012:14:39:55 +0200] "GET /jog/eseteink/dakar/36559-10.pdf HTTP/1.1" 304 - "-" "Mozilla/5.0 (compatible; Googlebot/2.1; +http://www.google.com/bot.html)"
208.115.113.84 - - [03/Jun/2012:15:16:35 +0200] "GET /robots.txt HTTP/1.1" 404 1181 "-" "Mozilla/5.0 (compatible; Ezooms/1.0; ezooms.bot@gmail.com)"
95.108.248.30 - - [03/Jun/2012:15:16:54 +0200] "GET /hirek/klimatv_civilcikk.doc HTTP/1.1" 304 - "-" "Mozilla/5.0 (compatible; YandexBot/3.0; +http://yandex.com/bots)"
95.108.248.30 - - [03/Jun/2012:16:57:50 +0200] "GET /hirek/hirek090428.htm HTTP/1.1" 200 24808 "-" "Mozilla/5.0 (compatible; YandexBot/3.0; +http://yandex.com/bots)"
208.115.113.84 - - [03/Jun/2012:17:02:54 +0200] "GET /nka.htm HTTP/1.1" 200 6221 "-" "Mozilla/5.0 (compatible; Ezooms/1.0; ezooms.bot@gmail.com)"
208.115.113.84 - - [03/Jun/2012:17:58:43 +0200] "GET /robots.txt HTTP/1.1" 404 1181 "-" "Mozilla/5.0 (compatible; Ezooms/1.0; ezooms.bot@gmail.com)"
208.115.113.84 - - [03/Jun/2012:19:38:41 +0200] "GET /magunkrol.htm HTTP/1.1" 200 9202 "-" "Mozilla/5.0 (compatible; Ezooms/1.0; ezooms.bot@gmail.com)"
208.115.113.84 - - [03/Jun/2012:21:41:59 +0200] "GET /robots.txt HTTP/1.1" 404 1181 "-" "Mozilla/5.0 (compatible; Ezooms/1.0; ezooms.bot@gmail.com)"
95.108.248.30 - - [03/Jun/2012:22:54:00 +0200] "GET /hirek/hirek100225.htm HTTP/1.1" 304 - "-" "Mozilla/5.0 (compatible; YandexBot/3.0; +http://yandex.com/bots)"
208.115.113.84 - - [03/Jun/2012:23:25:20 +0200] "GET /jog/publikaciok.htm HTTP/1.1" 200 17866 "-" "Mozilla/5.0 (compatible; Ezooms/1.0; ezooms.bot@gmail.com)"
208.115.113.84 - - [04/Jun/2012:01:06:46 +0200] "GET /robots.txt HTTP/1.1" 404 1181 "-" "Mozilla/5.0 (compatible; Ezooms/1.0; ezooms.bot@gmail.com)"
208.115.113.84 - - [04/Jun/2012:02:46:03 +0200] "GET /jog/publikaciok.htm HTTP/1.1" 200 17866 "-" "Mozilla/5.0 (compatible; Ezooms/1.0; ezooms.bot@gmail.com)"
66.249.72.2 - - [04/Jun/2012:02:46:53 +0200] "GET /robots.txt HTTP/1.1" 404 1181 "-" "Mozilla/5.0 (compatible; Googlebot/2.1; +http://www.google.com/bot.html)"
66.249.72.2 - - [04/Jun/2012:02:46:57 +0200] "GET /jog/eseteink/korosladany/dalerd%20lb%20itelet_001.pdf HTTP/1.1" 200 2479135 "-" "Mozilla/5.0 (compatible; Googlebot/2.1; +http://www.google.com/bot.html)"
66.249.72.2 - - [04/Jun/2012:03:05:07 +0200] "GET /jog/eseteink/korosladany/szakerto_dij_birosag.doc.pdf HTTP/1.1" 200 194442 "-" "Mozilla/5.0 (compatible; Googlebot/2.1; +http://www.google.com/bot.html)"
66.249.72.2 - - [04/Jun/2012:03:08:48 +0200] "GET /jog/eseteink/korosladany/nimfea%20vm%20vegzes_001.pdf HTTP/1.1" 200 2141078 "-" "Mozilla/5.0 (compatible; Googlebot/2.1; +http://www.google.com/bot.html)"
66.249.72.2 - - [04/Jun/2012:03:25:22 +0200] "GET /jog/eseteink/korosladany/vegzes_dalerd_birsag.pdf HTTP/1.1" 200 1941609 "-" "Mozilla/5.0 (compatible; Googlebot/2.1; +http://www.google.com/bot.html)"
208.115.113.84 - - [04/Jun/2012:04:34:12 +0200] "GET /robots.txt HTTP/1.1" 404 1181 "-" "Mozilla/5.0 (compatible; Ezooms/1.0; ezooms.bot@gmail.com)"
95.108.248.30 - - [04/Jun/2012:06:11:27 +0200] "GET /robots.txt HTTP/1.1" 404 1181 "-" "Mozilla/5.0 (compatible; YandexBot/3.0; +http://yandex.com/bots)"
208.115.113.84 - - [04/Jun/2012:06:17:57 +0200] "GET /jog/publikaciok.htm HTTP/1.1" 200 17866 "-" "Mozilla/5.0 (compatible; Ezooms/1.0; ezooms.bot@gmail.com)"
95.108.248.30 - - [04/Jun/2012:06:48:08 +0200] "GET /fiok/index.html HTTP/1.1" 304 - "-" "Mozilla/5.0 (compatible; YandexBot/3.0; +http://yandex.com/bots)"
95.108.248.30 - - [04/Jun/2012:07:00:33 +0200] "GET / HTTP/1.1" 200 23794 "-" "Mozilla/5.0 (compatible; YandexBot/3.0; +http://yandex.com/bots)"
208.115.113.84 - - [04/Jun/2012:07:59:41 +0200] "GET /robots.txt HTTP/1.1" 404 1181 "-" "Mozilla/5.0 (compatible; Ezooms/1.0; ezooms.bot@gmail.com)"
193.6.185.200 - - [04/Jun/2012:08:12:53 +0200] "GET /hirek/Microsoft%20Word%20-%20csongradi%20duzzaszto%20velemeny%202009.06.11..doc.pdf HTTP/1.1" 200 294912 "http://www.google.hu/url?sa=t&rct=j&q=natura%202000%20jel%C3%B6l%C5%91%20fajok%20list%C3%A1ja&source=web&cd=3&ved=0CFQQFjAC&url=http%3A%2F%2Fwww.beklen.hu%2Fhirek%2FMicrosoft%2520Word%2520-%2520csongradi%2520duzzaszto%2520velemeny%25202009.06.11..doc.pdf&ei=_FDMT-m3Ac7ZsgaJpsjOBg&usg=AFQjCNFZPghMWVofegiJiS14gfDFz9r65A" "Mozilla/4.0 (compatible; MSIE 8.0; Windows NT 5.1; Trident/4.0; .NET CLR 1.1.4322; .NET CLR 2.0.50727; .NET CLR 3.0.4506.2152; .NET CLR 3.5.30729)"
193.6.185.200 - - [04/Jun/2012:08:12:53 +0200] "GET /hirek/Microsoft%20Word%20-%20csongradi%20duzzaszto%20velemeny%202009.06.11..doc.pdf HTTP/1.1" 206 1382 "-" "Mozilla/4.0 (compatible; MSIE 8.0; Windows NT 5.1; Trident/4.0; .NET CLR 1.1.4322; .NET CLR 2.0.50727; .NET CLR 3.0.4506.2152; .NET CLR 3.5.30729)"
193.6.185.200 - - [04/Jun/2012:08:12:53 +0200] "GET /hirek/Microsoft%20Word%20-%20csongradi%20duzzaszto%20velemeny%202009.06.11..doc.pdf HTTP/1.1" 206 275 "-" "Mozilla/4.0 (compatible; MSIE 8.0; Windows NT 5.1; Trident/4.0; .NET CLR 1.1.4322; .NET CLR 2.0.50727; .NET CLR 3.0.4506.2152; .NET CLR 3.5.30729)"
193.6.185.200 - - [04/Jun/2012:08:12:53 +0200] "GET /hirek/Microsoft%20Word%20-%20csongradi%20duzzaszto%20velemeny%202009.06.11..doc.pdf HTTP/1.1" 206 3711 "-" "Mozilla/4.0 (compatible; MSIE 8.0; Windows NT 5.1; Trident/4.0; .NET CLR 1.1.4322; .NET CLR 2.0.50727; .NET CLR 3.0.4506.2152; .NET CLR 3.5.30729)"
193.6.185.200 - - [04/Jun/2012:08:12:53 +0200] "GET /hirek/Microsoft%20Word%20-%20csongradi%20duzzaszto%20velemeny%202009.06.11..doc.pdf HTTP/1.1" 206 127 "-" "Mozilla/4.0 (compatible; MSIE 8.0; Windows NT 5.1; Trident/4.0; .NET CLR 1.1.4322; .NET CLR 2.0.50727; .NET CLR 3.0.4506.2152; .NET CLR 3.5.30729)"
193.6.185.200 - - [04/Jun/2012:08:12:54 +0200] "GET /hirek/Microsoft%20Word%20-%20csongradi%20duzzaszto%20velemeny%202009.06.11..doc.pdf HTTP/1.1" 206 136366 "-" "Mozilla/4.0 (compatible; MSIE 8.0; Windows NT 5.1; Trident/4.0; .NET CLR 1.1.4322; .NET CLR 2.0.50727; .NET CLR 3.0.4506.2152; .NET CLR 3.5.30729)"
130.83.167.153 - - [04/Jun/2012:08:51:12 +0200] "GET /programok.htm HTTP/1.1" 200 6444 "-" "findlinks/2.6 (+http://wortschatz.uni-leipzig.de/findlinks/)"
207.46.199.46 - - [04/Jun/2012:08:59:04 +0200] "GET /robots.txt HTTP/1.1" 404 1181 "-" "Mozilla/5.0 (compatible; bingbot/2.0; +http://www.bing.com/bingbot.htm)"
207.46.199.46 - - [04/Jun/2012:08:59:48 +0200] "GET /magunkrol.htm HTTP/1.1" 304 - "-" "Mozilla/5.0 (compatible; bingbot/2.0; +http://www.bing.com/bingbot.htm)"
85.90.161.113 - - [04/Jun/2012:09:13:20 +0200] "GET /hirek/Natura_2000es_gyepgazdalkodas_eloirasai.ppt HTTP/1.1" 200 333312 "http://www.google.hu/url?sa=t&rct=j&q=natura+2000+kasz%C3%A1l%C3%A1s+ideje&source=web&cd=1&ved=0CFIQFjAA&url=http%3A%2F%2Fwww.beklen.hu%2Fhirek%2FNatura_2000es_gyepgazdalkodas_eloirasai.ppt&ei=CGDMT9uOMejN4QTcu4QT&usg=AFQjCNG8LfbJHhsQnf2GHHlP2nweoOOGlQ" "Mozilla/5.0 (Windows NT 6.1; rv:12.0) Gecko/20100101 Firefox/12.0"
208.115.113.84 - - [04/Jun/2012:09:17:16 +0200] "GET /jog/publikaciok.htm HTTP/1.1" 200 17866 "-" "Mozilla/5.0 (compatible; Ezooms/1.0; ezooms.bot@gmail.com)"
95.108.248.30 - - [04/Jun/2012:10:14:52 +0200] "GET /hirek/hirek100420.htm HTTP/1.1" 304 - "-" "Mozilla/5.0 (compatible; YandexBot/3.0; +http://yandex.com/bots)"
208.115.113.84 - - [04/Jun/2012:11:27:16 +0200] "GET /robots.txt HTTP/1.1" 404 1181 "-" "Mozilla/5.0 (compatible; Ezooms/1.0; ezooms.bot@gmail.com)"
66.249.72.2 - - [04/Jun/2012:11:42:51 +0200] "GET /hirek/hirek120120.htm HTTP/1.1" 200 6634 "-" "Mozilla/5.0 (iPhone; U; CPU iPhone OS 4_1 like Mac OS X; en-us) AppleWebKit/532.9 (KHTML, like Gecko) Version/4.0.5 Mobile/8B117 Safari/6531.22.7 (compatible; Googlebot-Mobile/2.1; +http://www.google.com/bot.html)"
195.159.221.150 - - [04/Jun/2012:11:47:59 +0200] "GET /robots.txt HTTP/1.0" 404 1181 "-" "Mozilla/5.0 (compatible; MJ12bot/v1.4.3; http://www.majestic12.co.uk/bot.php?+)"
195.159.221.150 - - [04/Jun/2012:11:48:03 +0200] "GET / HTTP/1.0" 200 23794 "-" "Mozilla/5.0 (compatible; MJ12bot/v1.4.3; http://www.majestic12.co.uk/bot.php?+)"
66.249.72.2 - - [04/Jun/2012:11:51:59 +0200] "GET /jog/jogszabalyok/2008_evi_liii_torveny_hatalyos_cites_fuggelekek.doc HTTP/1.1" 200 3005952 "-" "Mozilla/5.0 (compatible; Googlebot/2.1; +http://www.google.com/bot.html)"
95.108.248.30 - - [04/Jun/2012:12:02:33 +0200] "GET /hirek/hirek120207.htm HTTP/1.1" 304 - "-" "Mozilla/5.0 (compatible; YandexBot/3.0; +http://yandex.com/bots)"
66.249.72.2 - - [04/Jun/2012:12:02:41 +0200] "GET /hirek/fak.jpg HTTP/1.1" 200 6301 "-" "Mozilla/5.0 (compatible; Googlebot/2.1; +http://www.google.com/bot.html)"
208.115.113.84 - - [04/Jun/2012:13:05:48 +0200] "GET /robots.txt HTTP/1.1" 404 1181 "-" "Mozilla/5.0 (compatible; Ezooms/1.0; ezooms.bot@gmail.com)"
66.249.72.2 - - [04/Jun/2012:13:07:08 +0200] "GET /jog/eseteink/derekegyhaza/foldhivatalnak_2.pdf HTTP/1.1" 200 157295 "-" "Mozilla/5.0 (compatible; Googlebot/2.1; +http://www.google.com/bot.html)"
66.249.72.2 - - [04/Jun/2012:13:17:10 +0200] "GET /jog/eseteink/derekegyhaza/kotvife_kekto_vizugy.pdf HTTP/1.1" 200 103269 "-" "Mozilla/5.0 (compatible; Googlebot/2.1; +http://www.google.com/bot.html)"
176.241.10.122 - - [04/Jun/2012:13:23:32 +0200] "GET / HTTP/1.1" 200 23794 "http://nimfea.hu/tagszervezeteink/index.htm" "Mozilla/5.0 (X11; Linux i686; rv:2.0) Gecko/20100101 Firefox/4.0"
176.241.10.122 - - [04/Jun/2012:13:23:31 +0200] "GET /vill.cs HTTP/1.1" 200 2676 "http://www.beklen.hu/" "Mozilla/5.0 (X11; Linux i686; rv:2.0) Gecko/20100101 Firefox/4.0"
176.241.10.122 - - [04/Jun/2012:13:23:31 +0200] "GET /lb/css/lightbox.css HTTP/1.1" 200 1715 "http://www.beklen.hu/" "Mozilla/5.0 (X11; Linux i686; rv:2.0) Gecko/20100101 Firefox/4.0"
176.241.10.122 - - [04/Jun/2012:13:23:32 +0200] "GET /tm01.jpg HTTP/1.1" 200 1080 "http://www.beklen.hu/" "Mozilla/5.0 (X11; Linux i686; rv:2.0) Gecko/20100101 Firefox/4.0"
176.241.10.122 - - [04/Jun/2012:13:23:32 +0200] "GET /tm02.jpg HTTP/1.1" 200 1873 "http://www.beklen.hu/" "Mozilla/5.0 (X11; Linux i686; rv:2.0) Gecko/20100101 Firefox/4.0"
176.241.10.122 - - [04/Jun/2012:13:23:32 +0200] "GET /lb/js/scriptaculous.js?load=effects HTTP/1.1" 200 2152 "http://www.beklen.hu/" "Mozilla/5.0 (X11; Linux i686; rv:2.0) Gecko/20100101 Firefox/4.0"
176.241.10.122 - - [04/Jun/2012:13:23:32 +0200] "GET /tm04_.jpg HTTP/1.1" 200 2058 "http://www.beklen.hu/" "Mozilla/5.0 (X11; Linux i686; rv:2.0) Gecko/20100101 Firefox/4.0"
176.241.10.122 - - [04/Jun/2012:13:23:32 +0200] "GET /tm05_.jpg HTTP/1.1" 200 1839 "http://www.beklen.hu/" "Mozilla/5.0 (X11; Linux i686; rv:2.0) Gecko/20100101 Firefox/4.0"
176.241.10.122 - - [04/Jun/2012:13:23:32 +0200] "GET /lb/js/prototype.js HTTP/1.1" 200 47603 "http://www.beklen.hu/" "Mozilla/5.0 (X11; Linux i686; rv:2.0) Gecko/20100101 Firefox/4.0"
176.241.10.122 - - [04/Jun/2012:13:23:32 +0200] "GET /tm03_.jpg HTTP/1.1" 200 1787 "http://www.beklen.hu/" "Mozilla/5.0 (X11; Linux i686; rv:2.0) Gecko/20100101 Firefox/4.0"
176.241.10.122 - - [04/Jun/2012:13:23:32 +0200] "GET /lb/js/lightbox.js HTTP/1.1" 200 23424 "http://www.beklen.hu/" "Mozilla/5.0 (X11; Linux i686; rv:2.0) Gecko/20100101 Firefox/4.0"
176.241.10.122 - - [04/Jun/2012:13:23:32 +0200] "GET /tm06_.jpg HTTP/1.1" 200 1382 "http://www.beklen.hu/" "Mozilla/5.0 (X11; Linux i686; rv:2.0) Gecko/20100101 Firefox/4.0"
176.241.10.122 - - [04/Jun/2012:13:23:32 +0200] "GET /lb/js/effects.js HTTP/1.1" 200 31969 "http://www.beklen.hu/" "Mozilla/5.0 (X11; Linux i686; rv:2.0) Gecko/20100101 Firefox/4.0"
176.241.10.122 - - [04/Jun/2012:13:23:32 +0200] "GET /tm07.jpg HTTP/1.1" 200 1007 "http://www.beklen.hu/" "Mozilla/5.0 (X11; Linux i686; rv:2.0) Gecko/20100101 Firefox/4.0"
176.241.10.122 - - [04/Jun/2012:13:23:33 +0200] "GET /a1_projekt_tabla_infra_cs3_beklenhaz_.jpg HTTP/1.1" 200 8994 "http://www.beklen.hu/" "Mozilla/5.0 (X11; Linux i686; rv:2.0) Gecko/20100101 Firefox/4.0"
176.241.10.122 - - [04/Jun/2012:13:23:32 +0200] "GET /jog_honlap_.jpg HTTP/1.1" 200 7186 "http://www.beklen.hu/" "Mozilla/5.0 (X11; Linux i686; rv:2.0) Gecko/20100101 Firefox/4.0"
176.241.10.122 - - [04/Jun/2012:13:23:33 +0200] "GET /bg.jpg HTTP/1.1" 200 566 "http://www.beklen.hu/" "Mozilla/5.0 (X11; Linux i686; rv:2.0) Gecko/20100101 Firefox/4.0"
176.241.10.122 - - [04/Jun/2012:13:23:33 +0200] "GET /bottom_main.jpg HTTP/1.1" 200 96820 "http://www.beklen.hu/vill.cs" "Mozilla/5.0 (X11; Linux i686; rv:2.0) Gecko/20100101 Firefox/4.0"
176.241.10.122 - - [04/Jun/2012:13:23:37 +0200] "GET /nimfea_project_250x250.gif HTTP/1.1" 200 2986583 "http://www.beklen.hu/" "Mozilla/5.0 (X11; Linux i686; rv:2.0) Gecko/20100101 Firefox/4.0"
176.241.10.122 - - [04/Jun/2012:13:23:38 +0200] "GET /lb/images/loading.gif HTTP/1.1" 200 2767 "http://www.beklen.hu/" "Mozilla/5.0 (X11; Linux i686; rv:2.0) Gecko/20100101 Firefox/4.0"
176.241.10.122 - - [04/Jun/2012:13:23:38 +0200] "GET /lb/images/closelabel.gif HTTP/1.1" 200 222 "http://www.beklen.hu/" "Mozilla/5.0 (X11; Linux i686; rv:2.0) Gecko/20100101 Firefox/4.0"
176.241.10.122 - - [04/Jun/2012:13:23:38 +0200] "GET /tm04.jpg HTTP/1.1" 200 2613 "http://www.beklen.hu/" "Mozilla/5.0 (X11; Linux i686; rv:2.0) Gecko/20100101 Firefox/4.0"
176.241.10.122 - - [04/Jun/2012:13:23:38 +0200] "GET /tm05.jpg HTTP/1.1" 200 2253 "http://www.beklen.hu/" "Mozilla/5.0 (X11; Linux i686; rv:2.0) Gecko/20100101 Firefox/4.0"
176.241.10.122 - - [04/Jun/2012:13:23:38 +0200] "GET /tm06.jpg HTTP/1.1" 200 1651 "http://www.beklen.hu/" "Mozilla/5.0 (X11; Linux i686; rv:2.0) Gecko/20100101 Firefox/4.0"
176.241.10.122 - - [04/Jun/2012:13:23:38 +0200] "GET /tm02_.jpg HTTP/1.1" 200 1524 "http://www.beklen.hu/" "Mozilla/5.0 (X11; Linux i686; rv:2.0) Gecko/20100101 Firefox/4.0"
176.241.10.122 - - [04/Jun/2012:13:23:38 +0200] "GET /tm03.jpg HTTP/1.1" 200 2212 "http://www.beklen.hu/" "Mozilla/5.0 (X11; Linux i686; rv:2.0) Gecko/20100101 Firefox/4.0"
176.241.10.122 - - [04/Jun/2012:13:23:38 +0200] "GET /favicon.ico HTTP/1.1" 404 1181 "-" "Mozilla/5.0 (X11; Linux i686; rv:2.0) Gecko/20100101 Firefox/4.0"
176.241.10.122 - - [04/Jun/2012:13:23:38 +0200] "GET /favicon.ico HTTP/1.1" 404 1181 "-" "Mozilla/5.0 (X11; Linux i686; rv:2.0) Gecko/20100101 Firefox/4.0"
176.241.10.122 - - [04/Jun/2012:13:24:05 +0200] "GET /kapcsolat.htm HTTP/1.1" 200 6889 "http://www.beklen.hu/" "Mozilla/5.0 (X11; Linux i686; rv:2.0) Gecko/20100101 Firefox/4.0"
176.241.10.122 - - [04/Jun/2012:13:24:05 +0200] "GET /felsorol.css HTTP/1.1" 200 240 "http://www.beklen.hu/kapcsolat.htm" "Mozilla/5.0 (X11; Linux i686; rv:2.0) Gecko/20100101 Firefox/4.0"
176.241.10.122 - - [04/Jun/2012:13:24:05 +0200] "GET /bottom_.jpg HTTP/1.1" 200 93419 "http://www.beklen.hu/vill.cs" "Mozilla/5.0 (X11; Linux i686; rv:2.0) Gecko/20100101 Firefox/4.0"
176.241.10.122 - - [04/Jun/2012:13:24:44 +0200] "GET /index.htm HTTP/1.1" 200 23794 "http://www.beklen.hu/kapcsolat.htm" "Mozilla/5.0 (X11; Linux i686; rv:2.0) Gecko/20100101 Firefox/4.0"
176.241.10.122 - - [04/Jun/2012:13:24:45 +0200] "GET /lb/js/scriptaculous.js?load=effects HTTP/1.1" 304 - "http://www.beklen.hu/index.htm" "Mozilla/5.0 (X11; Linux i686; rv:2.0) Gecko/20100101 Firefox/4.0"
176.241.10.122 - - [04/Jun/2012:13:25:10 +0200] "GET /a1_projekt_tabla_infra_cs3_beklenhaz.jpg HTTP/1.1" 200 73344 "http://www.beklen.hu/index.htm" "Mozilla/5.0 (X11; Linux i686; rv:2.0) Gecko/20100101 Firefox/4.0"
176.241.10.122 - - [04/Jun/2012:13:25:36 +0200] "GET /magunkrol.htm HTTP/1.1" 200 9202 "http://www.beklen.hu/index.htm" "Mozilla/5.0 (X11; Linux i686; rv:2.0) Gecko/20100101 Firefox/4.0"
176.241.10.122 - - [04/Jun/2012:13:26:04 +0200] "GET /programok.htm HTTP/1.1" 200 6444 "http://www.beklen.hu/magunkrol.htm" "Mozilla/5.0 (X11; Linux i686; rv:2.0) Gecko/20100101 Firefox/4.0"
176.241.10.122 - - [04/Jun/2012:13:26:35 +0200] "GET /lb/js/scriptaculous.js?load=effects HTTP/1.1" 304 - "http://www.beklen.hu/" "Mozilla/5.0 (X11; Linux i686; rv:2.0) Gecko/20100101 Firefox/4.0"
