66.249.72.2 - - [04/Jun/2012:14:29:16 +0200] "GET /hirek/hirek090301.htm HTTP/1.1" 200 7022 "-" "Mozilla/5.0 (compatible; Googlebot/2.1; +http://www.google.com/bot.html)"
208.115.113.84 - - [04/Jun/2012:14:51:44 +0200] "GET /jog/publikaciok.htm HTTP/1.1" 200 17866 "-" "Mozilla/5.0 (compatible; Ezooms/1.0; ezooms.bot@gmail.com)"
207.46.13.48 - - [04/Jun/2012:14:57:47 +0200] "GET /robots.txt HTTP/1.1" 404 1181 "-" "Mozilla/5.0 (compatible; bingbot/2.0; +http://www.bing.com/bingbot.htm)"
207.46.13.48 - - [04/Jun/2012:14:58:47 +0200] "GET /hirarchivum.htm HTTP/1.1" 304 - "-" "Mozilla/5.0 (compatible; bingbot/2.0; +http://www.bing.com/bingbot.htm)"
208.115.113.84 - - [04/Jun/2012:16:32:55 +0200] "GET /robots.txt HTTP/1.1" 404 1181 "-" "Mozilla/5.0 (compatible; Ezooms/1.0; ezooms.bot@gmail.com)"
91.82.183.203 - - [04/Jun/2012:17:35:31 +0200] "GET /hirek/Microsoft%20Word%20-%20csongradi%20duzzaszto%20velemeny%202009.06.11..doc.pdf HTTP/1.1" 200 321155 "http://www.google.hu/url?sa=t&rct=j&q=natura%202000%20jel%C3%B6l%C5%91%20fajok%20lista&source=web&cd=8&ved=0CFoQFjAH&url=http%3A%2F%2Fwww.beklen.hu%2Fhirek%2FMicrosoft%2520Word%2520-%2520csongradi%2520duzzaszto%2520velemeny%25202009.06.11..doc.pdf&ei=WdXMT8nKFsfe4QSc_dibDQ&usg=AFQjCNFZPghMWVofegiJiS14gfDFz9r65A" "Mozilla/5.0 (Windows NT 5.1; rv:8.0) Gecko/20100101 Firefox/8.0"
91.82.183.203 - - [04/Jun/2012:17:35:33 +0200] "GET /hirek/Microsoft%20Word%20-%20csongradi%20duzzaszto%20velemeny%202009.06.11..doc.pdf HTTP/1.1" 206 117734 "-" "Mozilla/5.0 (Windows NT 5.1; rv:8.0) Gecko/20100101 Firefox/8.0"
91.82.183.203 - - [04/Jun/2012:17:35:34 +0200] "GET /hirek/Microsoft%20Word%20-%20csongradi%20duzzaszto%20velemeny%202009.06.11..doc.pdf HTTP/1.1" 206 2674 "-" "Mozilla/5.0 (Windows NT 5.1; rv:8.0) Gecko/20100101 Firefox/8.0"
91.82.183.203 - - [04/Jun/2012:17:35:34 +0200] "GET /hirek/Microsoft%20Word%20-%20csongradi%20duzzaszto%20velemeny%202009.06.11..doc.pdf HTTP/1.1" 206 13574 "-" "Mozilla/5.0 (Windows NT 5.1; rv:8.0) Gecko/20100101 Firefox/8.0"
91.82.183.203 - - [04/Jun/2012:17:35:35 +0200] "GET /favicon.ico HTTP/1.1" 404 1181 "-" "Mozilla/5.0 (Windows NT 5.1; rv:8.0) Gecko/20100101 Firefox/8.0"
91.82.183.203 - - [04/Jun/2012:17:35:35 +0200] "GET /hirek/Microsoft%20Word%20-%20csongradi%20duzzaszto%20velemeny%202009.06.11..doc.pdf HTTP/1.1" 206 391 "-" "Mozilla/5.0 (Windows NT 5.1; rv:8.0) Gecko/20100101 Firefox/8.0"
91.82.183.203 - - [04/Jun/2012:17:35:35 +0200] "GET /favicon.ico HTTP/1.1" 404 1181 "-" "Mozilla/5.0 (Windows NT 5.1; rv:8.0) Gecko/20100101 Firefox/8.0"
208.115.113.84 - - [04/Jun/2012:18:14:57 +0200] "GET /jog/publikaciok.htm HTTP/1.1" 200 17866 "-" "Mozilla/5.0 (compatible; Ezooms/1.0; ezooms.bot@gmail.com)"
95.108.248.30 - - [04/Jun/2012:19:11:04 +0200] "GET /deutsch/stellen.htm HTTP/1.1" 304 - "-" "Mozilla/5.0 (compatible; YandexBot/3.0; +http://yandex.com/bots)"
84.225.137.193 - - [04/Jun/2012:19:32:26 +0200] "GET /jog/eseteink/audi/audi_gyor_restoration_measures1-10.pdf HTTP/1.1" 200 933572 "http://www.google.hu/url?sa=t&rct=j&q=%20herk%C3%A1lyi%20erd%C5%91%20t%C3%A9rk%C3%A9p&source=web&cd=3&ved=0CGQQFjAC&url=http%3A%2F%2Fwww.beklen.hu%2Fjog%2Feseteink%2Faudi%2Faudi_gyor_restoration_measures1-10.pdf&ei=jfDMT4O1DobLtAbA-oW8Bg&usg=AFQjCNE5kCGiUpJed4VX6nFNeJ8jPtSNqA" "Mozilla/5.0 (Macintosh; Intel Mac OS X 10.6; rv:8.0.1) Gecko/20100101 Firefox/8.0.1"
208.115.113.84 - - [04/Jun/2012:19:59:14 +0200] "GET /robots.txt HTTP/1.1" 404 1181 "-" "Mozilla/5.0 (compatible; Ezooms/1.0; ezooms.bot@gmail.com)"
91.137.153.129 - - [04/Jun/2012:20:16:47 +0200] "GET /fiok/program_reszek/erdei_iskola.htm HTTP/1.1" 200 21601 "http://www.google.hu/url?sa=t&rct=j&q=&esrc=s&source=web&cd=5&ved=0CF0QFjAE&url=http%3A%2F%2Fwww.beklen.hu%2Ffiok%2Fprogram_reszek%2Ferdei_iskola.htm&ei=tfrMT_SQBs2i-gatr8lg&usg=AFQjCNFLkP_5whHCgiMO6mVWq8rnXx9aKg&sig2=SUZf-fQv4aqCddL8qudipg" "Mozilla/5.0 (Windows NT 5.1) AppleWebKit/536.5 (KHTML, like Gecko) Chrome/19.0.1084.52 Safari/536.5"
91.137.153.129 - - [04/Jun/2012:20:16:48 +0200] "GET /fiok/css/lightbox.css HTTP/1.1" 200 1715 "http://www.beklen.hu/fiok/program_reszek/erdei_iskola.htm" "Mozilla/5.0 (Windows NT 5.1) AppleWebKit/536.5 (KHTML, like Gecko) Chrome/19.0.1084.52 Safari/536.5"
91.137.153.129 - - [04/Jun/2012:20:16:48 +0200] "GET /fiok/css/js/lightbox.js HTTP/1.1" 200 23424 "http://www.beklen.hu/fiok/program_reszek/erdei_iskola.htm" "Mozilla/5.0 (Windows NT 5.1) AppleWebKit/536.5 (KHTML, like Gecko) Chrome/19.0.1084.52 Safari/536.5"
91.137.153.129 - - [04/Jun/2012:20:16:48 +0200] "GET /fiok/css/js/scriptaculous.js?load=effects HTTP/1.1" 200 2152 "http://www.beklen.hu/fiok/program_reszek/erdei_iskola.htm" "Mozilla/5.0 (Windows NT 5.1) AppleWebKit/536.5 (KHTML, like Gecko) Chrome/19.0.1084.52 Safari/536.5"
91.137.153.129 - - [04/Jun/2012:20:16:48 +0200] "GET /fiok/css/js/prototype.js HTTP/1.1" 200 47603 "http://www.beklen.hu/fiok/program_reszek/erdei_iskola.htm" "Mozilla/5.0 (Windows NT 5.1) AppleWebKit/536.5 (KHTML, like Gecko) Chrome/19.0.1084.52 Safari/536.5"
91.137.153.129 - - [04/Jun/2012:20:16:48 +0200] "GET /fiok/css/js/effects.js HTTP/1.1" 200 31969 "http://www.beklen.hu/fiok/program_reszek/erdei_iskola.htm" "Mozilla/5.0 (Windows NT 5.1) AppleWebKit/536.5 (KHTML, like Gecko) Chrome/19.0.1084.52 Safari/536.5"
91.137.153.129 - - [04/Jun/2012:20:16:48 +0200] "GET /fiok/program_reszek/images/b12.jpg HTTP/1.1" 200 544 "http://www.beklen.hu/fiok/program_reszek/erdei_iskola.htm" "Mozilla/5.0 (Windows NT 5.1) AppleWebKit/536.5 (KHTML, like Gecko) Chrome/19.0.1084.52 Safari/536.5"
91.137.153.129 - - [04/Jun/2012:20:16:48 +0200] "GET /fiok/program_reszek/images/index_02_02.JPG HTTP/1.1" 200 1178 "http://www.beklen.hu/fiok/program_reszek/erdei_iskola.htm" "Mozilla/5.0 (Windows NT 5.1) AppleWebKit/536.5 (KHTML, like Gecko) Chrome/19.0.1084.52 Safari/536.5"
91.137.153.129 - - [04/Jun/2012:20:16:48 +0200] "GET /fiok/program_reszek/images/index_11.gif HTTP/1.1" 200 74 "http://www.beklen.hu/fiok/program_reszek/erdei_iskola.htm" "Mozilla/5.0 (Windows NT 5.1) AppleWebKit/536.5 (KHTML, like Gecko) Chrome/19.0.1084.52 Safari/536.5"
91.137.153.129 - - [04/Jun/2012:20:16:48 +0200] "GET /fiok/program_reszek/images/index_12_12.JPG HTTP/1.1" 200 985 "http://www.beklen.hu/fiok/program_reszek/erdei_iskola.htm" "Mozilla/5.0 (Windows NT 5.1) AppleWebKit/536.5 (KHTML, like Gecko) Chrome/19.0.1084.52 Safari/536.5"
91.137.153.129 - - [04/Jun/2012:20:16:48 +0200] "GET /fiok/program_reszek/images/index_13.gif HTTP/1.1" 200 149 "http://www.beklen.hu/fiok/program_reszek/erdei_iskola.htm" "Mozilla/5.0 (Windows NT 5.1) AppleWebKit/536.5 (KHTML, like Gecko) Chrome/19.0.1084.52 Safari/536.5"
91.137.153.129 - - [04/Jun/2012:20:16:48 +0200] "GET /fiok/program_reszek/images/index_14_14.JPG HTTP/1.1" 200 9305 "http://www.beklen.hu/fiok/program_reszek/erdei_iskola.htm" "Mozilla/5.0 (Windows NT 5.1) AppleWebKit/536.5 (KHTML, like Gecko) Chrome/19.0.1084.52 Safari/536.5"
91.137.153.129 - - [04/Jun/2012:20:16:48 +0200] "GET /fiok/program_reszek/images/index_15_15.JPG HTTP/1.1" 200 20275 "http://www.beklen.hu/fiok/program_reszek/erdei_iskola.htm" "Mozilla/5.0 (Windows NT 5.1) AppleWebKit/536.5 (KHTML, like Gecko) Chrome/19.0.1084.52 Safari/536.5"
91.137.153.129 - - [04/Jun/2012:20:16:48 +0200] "GET /fiok/program_reszek/images/index_17_17.jpg HTTP/1.1" 200 2374 "http://www.beklen.hu/fiok/program_reszek/erdei_iskola.htm" "Mozilla/5.0 (Windows NT 5.1) AppleWebKit/536.5 (KHTML, like Gecko) Chrome/19.0.1084.52 Safari/536.5"
91.137.153.129 - - [04/Jun/2012:20:16:48 +0200] "GET /fiok/program_reszek/images/index_16_16.JPG HTTP/1.1" 200 13468 "http://www.beklen.hu/fiok/program_reszek/erdei_iskola.htm" "Mozilla/5.0 (Windows NT 5.1) AppleWebKit/536.5 (KHTML, like Gecko) Chrome/19.0.1084.52 Safari/536.5"
91.137.153.129 - - [04/Jun/2012:20:16:48 +0200] "GET /fiok/program_reszek/images/index_18_18.JPG HTTP/1.1" 200 15778 "http://www.beklen.hu/fiok/program_reszek/erdei_iskola.htm" "Mozilla/5.0 (Windows NT 5.1) AppleWebKit/536.5 (KHTML, like Gecko) Chrome/19.0.1084.52 Safari/536.5"
91.137.153.129 - - [04/Jun/2012:20:16:49 +0200] "GET /fiok/program_reszek/images/index_19_19.JPG HTTP/1.1" 200 3123 "http://www.beklen.hu/fiok/program_reszek/erdei_iskola.htm" "Mozilla/5.0 (Windows NT 5.1) AppleWebKit/536.5 (KHTML, like Gecko) Chrome/19.0.1084.52 Safari/536.5"
91.137.153.129 - - [04/Jun/2012:20:16:49 +0200] "GET /fiok/program_reszek/images/index_22.gif HTTP/1.1" 200 227 "http://www.beklen.hu/fiok/program_reszek/erdei_iskola.htm" "Mozilla/5.0 (Windows NT 5.1) AppleWebKit/536.5 (KHTML, like Gecko) Chrome/19.0.1084.52 Safari/536.5"
91.137.153.129 - - [04/Jun/2012:20:16:49 +0200] "GET /fiok/program_reszek/images/index_25.gif HTTP/1.1" 200 708 "http://www.beklen.hu/fiok/program_reszek/erdei_iskola.htm" "Mozilla/5.0 (Windows NT 5.1) AppleWebKit/536.5 (KHTML, like Gecko) Chrome/19.0.1084.52 Safari/536.5"
91.137.153.129 - - [04/Jun/2012:20:16:49 +0200] "GET /fiok/program_reszek/images/index_26.gif HTTP/1.1" 200 121 "http://www.beklen.hu/fiok/program_reszek/erdei_iskola.htm" "Mozilla/5.0 (Windows NT 5.1) AppleWebKit/536.5 (KHTML, like Gecko) Chrome/19.0.1084.52 Safari/536.5"
91.137.153.129 - - [04/Jun/2012:20:16:49 +0200] "GET /fiok/program_reszek/images/index_24.gif HTTP/1.1" 200 227 "http://www.beklen.hu/fiok/program_reszek/erdei_iskola.htm" "Mozilla/5.0 (Windows NT 5.1) AppleWebKit/536.5 (KHTML, like Gecko) Chrome/19.0.1084.52 Safari/536.5"
91.137.153.129 - - [04/Jun/2012:20:16:49 +0200] "GET /fiok/program_reszek/images/index_28.gif HTTP/1.1" 200 262 "http://www.beklen.hu/fiok/program_reszek/erdei_iskola.htm" "Mozilla/5.0 (Windows NT 5.1) AppleWebKit/536.5 (KHTML, like Gecko) Chrome/19.0.1084.52 Safari/536.5"
91.137.153.129 - - [04/Jun/2012:20:16:49 +0200] "GET /fiok/program_reszek/images/spacer.gif HTTP/1.1" 200 43 "http://www.beklen.hu/fiok/program_reszek/erdei_iskola.htm" "Mozilla/5.0 (Windows NT 5.1) AppleWebKit/536.5 (KHTML, like Gecko) Chrome/19.0.1084.52 Safari/536.5"
91.137.153.129 - - [04/Jun/2012:20:16:49 +0200] "GET /fiok/program_reszek/images/index_27_27.jpg HTTP/1.1" 200 12876 "http://www.beklen.hu/fiok/program_reszek/erdei_iskola.htm" "Mozilla/5.0 (Windows NT 5.1) AppleWebKit/536.5 (KHTML, like Gecko) Chrome/19.0.1084.52 Safari/536.5"
91.137.153.129 - - [04/Jun/2012:20:16:49 +0200] "GET /fiok/program_reszek/images/a4a.jpg HTTP/1.1" 200 524 "http://www.beklen.hu/fiok/program_reszek/erdei_iskola.htm" "Mozilla/5.0 (Windows NT 5.1) AppleWebKit/536.5 (KHTML, like Gecko) Chrome/19.0.1084.52 Safari/536.5"
91.137.153.129 - - [04/Jun/2012:20:16:49 +0200] "GET /fiok/program_reszek/images/b4b.jpg HTTP/1.1" 200 524 "http://www.beklen.hu/fiok/program_reszek/erdei_iskola.htm" "Mozilla/5.0 (Windows NT 5.1) AppleWebKit/536.5 (KHTML, like Gecko) Chrome/19.0.1084.52 Safari/536.5"
91.137.153.129 - - [04/Jun/2012:20:16:49 +0200] "GET /fiok/program_reszek/images/c4c.jpg HTTP/1.1" 200 524 "http://www.beklen.hu/fiok/program_reszek/erdei_iskola.htm" "Mozilla/5.0 (Windows NT 5.1) AppleWebKit/536.5 (KHTML, like Gecko) Chrome/19.0.1084.52 Safari/536.5"
91.137.153.129 - - [04/Jun/2012:20:16:49 +0200] "GET /fiok/program_reszek/programok/27.jpg HTTP/1.1" 200 146348 "http://www.beklen.hu/fiok/program_reszek/erdei_iskola.htm" "Mozilla/5.0 (Windows NT 5.1) AppleWebKit/536.5 (KHTML, like Gecko) Chrome/19.0.1084.52 Safari/536.5"
91.137.153.129 - - [04/Jun/2012:20:16:49 +0200] "GET /fiok/program_reszek/images/d4d.jpg HTTP/1.1" 200 524 "http://www.beklen.hu/fiok/program_reszek/erdei_iskola.htm" "Mozilla/5.0 (Windows NT 5.1) AppleWebKit/536.5 (KHTML, like Gecko) Chrome/19.0.1084.52 Safari/536.5"
91.137.153.129 - - [04/Jun/2012:20:16:49 +0200] "GET /fiok/program_reszek/images/e4e.jpg HTTP/1.1" 200 524 "http://www.beklen.hu/fiok/program_reszek/erdei_iskola.htm" "Mozilla/5.0 (Windows NT 5.1) AppleWebKit/536.5 (KHTML, like Gecko) Chrome/19.0.1084.52 Safari/536.5"
91.137.153.129 - - [04/Jun/2012:20:16:49 +0200] "GET /fiok/program_reszek/programok/28.jpg HTTP/1.1" 200 206789 "http://www.beklen.hu/fiok/program_reszek/erdei_iskola.htm" "Mozilla/5.0 (Windows NT 5.1) AppleWebKit/536.5 (KHTML, like Gecko) Chrome/19.0.1084.52 Safari/536.5"
91.137.153.129 - - [04/Jun/2012:20:16:49 +0200] "GET /lb/images/loading.gif HTTP/1.1" 200 2767 "http://www.beklen.hu/fiok/program_reszek/erdei_iskola.htm" "Mozilla/5.0 (Windows NT 5.1) AppleWebKit/536.5 (KHTML, like Gecko) Chrome/19.0.1084.52 Safari/536.5"
91.137.153.129 - - [04/Jun/2012:20:16:49 +0200] "GET /lb/images/closelabel.gif HTTP/1.1" 200 222 "http://www.beklen.hu/fiok/program_reszek/erdei_iskola.htm" "Mozilla/5.0 (Windows NT 5.1) AppleWebKit/536.5 (KHTML, like Gecko) Chrome/19.0.1084.52 Safari/536.5"
91.137.153.129 - - [04/Jun/2012:20:16:49 +0200] "GET /favicon.ico HTTP/1.1" 404 1181 "-" "Mozilla/5.0 (Windows NT 5.1) AppleWebKit/536.5 (KHTML, like Gecko) Chrome/19.0.1084.52 Safari/536.5"
208.115.113.84 - - [04/Jun/2012:21:41:44 +0200] "GET /jog/publikaciok.htm HTTP/1.1" 200 17866 "-" "Mozilla/5.0 (compatible; Ezooms/1.0; ezooms.bot@gmail.com)"
208.115.113.84 - - [04/Jun/2012:23:24:51 +0200] "GET /robots.txt HTTP/1.1" 404 1181 "-" "Mozilla/5.0 (compatible; Ezooms/1.0; ezooms.bot@gmail.com)"
66.249.72.2 - - [05/Jun/2012:00:08:08 +0200] "GET /robots.txt HTTP/1.1" 404 1181 "-" "Mozilla/5.0 (compatible; Googlebot/2.1; +http://www.google.com/bot.html)"
66.249.72.2 - - [05/Jun/2012:00:08:09 +0200] "GET /jog/eseteink/kavicszatony/kavicszatony_ugyfel.pdf HTTP/1.1" 200 186515 "-" "Mozilla/5.0 (compatible; Googlebot/2.1; +http://www.google.com/bot.html)"
208.115.113.84 - - [05/Jun/2012:01:03:09 +0200] "GET /jog/publikaciok.htm HTTP/1.1" 200 17866 "-" "Mozilla/5.0 (compatible; Ezooms/1.0; ezooms.bot@gmail.com)"
208.115.113.84 - - [05/Jun/2012:01:45:47 +0200] "GET /robots.txt HTTP/1.1" 404 1181 "-" "Mozilla/5.0 (compatible; Ezooms/1.0; ezooms.bot@gmail.com)"
95.108.151.244 - - [05/Jun/2012:02:09:51 +0200] "GET /robots.txt HTTP/1.1" 404 1181 "-" "Mozilla/5.0 (compatible; YandexBot/3.0; +http://yandex.com/bots)"
95.108.151.244 - - [05/Jun/2012:02:09:52 +0200] "GET / HTTP/1.1" 200 23794 "-" "Mozilla/5.0 (compatible; YandexBot/3.0; +http://yandex.com/bots)"
95.108.151.244 - - [05/Jun/2012:02:09:53 +0200] "GET / HTTP/1.1" 200 23794 "-" "Mozilla/5.0 (compatible; YandexBot/3.0; +http://yandex.com/bots)"
95.108.248.30 - - [05/Jun/2012:02:59:16 +0200] "GET / HTTP/1.1" 200 23794 "-" "Mozilla/5.0 (compatible; YandexBot/3.0; +http://yandex.com/bots)"
208.115.113.84 - - [05/Jun/2012:03:24:30 +0200] "GET /jog/publikaciok.htm HTTP/1.1" 200 17866 "-" "Mozilla/5.0 (compatible; Ezooms/1.0; ezooms.bot@gmail.com)"
130.83.167.153 - - [05/Jun/2012:04:30:50 +0200] "GET /szakmai.htm HTTP/1.1" 200 6054 "-" "findlinks/2.6 (+http://wortschatz.uni-leipzig.de/findlinks/)"
95.108.248.30 - - [05/Jun/2012:04:47:18 +0200] "GET /hirek/hirek100728.htm HTTP/1.1" 200 7560 "-" "Mozilla/5.0 (compatible; YandexBot/3.0; +http://yandex.com/bots)"
208.115.113.84 - - [05/Jun/2012:05:14:00 +0200] "GET /robots.txt HTTP/1.1" 404 1181 "-" "Mozilla/5.0 (compatible; Ezooms/1.0; ezooms.bot@gmail.com)"
208.115.113.84 - - [05/Jun/2012:05:51:42 +0200] "GET /robots.txt HTTP/1.1" 404 1181 "-" "Mozilla/5.0 (compatible; Ezooms/1.0; ezooms.bot@gmail.com)"
208.115.113.84 - - [05/Jun/2012:07:34:35 +0200] "GET /jog/publikaciok.htm HTTP/1.1" 200 17866 "-" "Mozilla/5.0 (compatible; Ezooms/1.0; ezooms.bot@gmail.com)"
208.115.113.84 - - [05/Jun/2012:09:19:35 +0200] "GET /robots.txt HTTP/1.1" 404 1181 "-" "Mozilla/5.0 (compatible; Ezooms/1.0; ezooms.bot@gmail.com)"
193.47.80.41 - - [05/Jun/2012:09:48:13 +0200] "GET /robots.txt HTTP/1.1" 404 1181 "-" "Mozilla/5.0 (compatible; Exabot/3.0; +http://www.exabot.com/go/robot)"
193.47.80.41 - - [05/Jun/2012:09:48:13 +0200] "GET /deutsch/kontakt.htm HTTP/1.1" 304 - "-" "Mozilla/5.0 (compatible; Exabot/3.0; +http://www.exabot.com/go/robot)"
157.55.18.24 - - [05/Jun/2012:09:55:25 +0200] "GET /robots.txt HTTP/1.1" 404 1181 "-" "Mozilla/5.0 (compatible; bingbot/2.0; +http://www.bing.com/bingbot.htm)"
66.249.72.2 - - [05/Jun/2012:10:30:49 +0200] "GET /hirek/hirek120207.htm HTTP/1.1" 304 - "-" "Mozilla/5.0 (compatible; Googlebot/2.1; +http://www.google.com/bot.html)"
157.56.229.211 - - [05/Jun/2012:10:59:00 +0200] "GET /index.htm HTTP/1.1" 200 23794 "-" "Mozilla/5.0 (Windows NT 6.1; WOW64) AppleWebKit/534+ (KHTML, like Gecko) BingPreview/1.0b"
157.56.229.211 - - [05/Jun/2012:10:59:01 +0200] "GET /lb/js/prototype.js HTTP/1.1" 200 47603 "http://www.beklen.hu/index.htm" "Mozilla/5.0 (Windows NT 6.1; WOW64) AppleWebKit/534+ (KHTML, like Gecko) BingPreview/1.0b"
157.56.229.211 - - [05/Jun/2012:10:59:01 +0200] "GET /vill.cs HTTP/1.1" 200 2676 "http://www.beklen.hu/index.htm" "Mozilla/5.0 (Windows NT 6.1; WOW64) AppleWebKit/534+ (KHTML, like Gecko) BingPreview/1.0b"
157.56.229.211 - - [05/Jun/2012:10:59:01 +0200] "GET /lb/js/scriptaculous.js?load=effects HTTP/1.1" 200 2152 "http://www.beklen.hu/index.htm" "Mozilla/5.0 (Windows NT 6.1; WOW64) AppleWebKit/534+ (KHTML, like Gecko) BingPreview/1.0b"
157.56.229.211 - - [05/Jun/2012:10:59:01 +0200] "GET /lb/js/lightbox.js HTTP/1.1" 200 23424 "http://www.beklen.hu/index.htm" "Mozilla/5.0 (Windows NT 6.1; WOW64) AppleWebKit/534+ (KHTML, like Gecko) BingPreview/1.0b"
157.56.229.211 - - [05/Jun/2012:10:59:02 +0200] "GET /lb/js/effects.js HTTP/1.1" 200 31969 "http://www.beklen.hu/index.htm" "Mozilla/5.0 (Windows NT 6.1; WOW64) AppleWebKit/534+ (KHTML, like Gecko) BingPreview/1.0b"
208.115.113.84 - - [05/Jun/2012:11:01:55 +0200] "GET /jog/publikaciok.htm HTTP/1.1" 200 17866 "-" "Mozilla/5.0 (compatible; Ezooms/1.0; ezooms.bot@gmail.com)"
95.108.248.30 - - [05/Jun/2012:11:36:54 +0200] "GET /robots.txt HTTP/1.1" 404 1181 "-" "Mozilla/5.0 (compatible; YandexBot/3.0; +http://yandex.com/bots)"
95.108.248.30 - - [05/Jun/2012:11:36:56 +0200] "GET /hirek/hirek090301.htm HTTP/1.1" 200 7022 "-" "Mozilla/5.0 (compatible; YandexBot/3.0; +http://yandex.com/bots)"
66.249.72.2 - - [05/Jun/2012:11:37:08 +0200] "GET /jog/eseteink/audi/europai%20bizottsag%20audi%20adatkikeres.pdf HTTP/1.1" 304 - "-" "Mozilla/5.0 (compatible; Googlebot/2.1; +http://www.google.com/bot.html)"
195.199.102.174 - - [05/Jun/2012:12:00:51 +0200] "GET /hirek/Natura_2000es_gyepgazdalkodas_eloirasai.ppt HTTP/1.1" 200 333312 "http://www.google.hu/url?sa=t&rct=j&q=natura%202000%20kasz%C3%A1l%C3%A1s%20k%C3%A9relem&source=web&cd=1&ved=0CF0QFjAA&url=http%3A%2F%2Fwww.beklen.hu%2Fhirek%2FNatura_2000es_gyepgazdalkodas_eloirasai.ppt&ei=ztjNT8vsOdHHtAbeoJmvCw&usg=AFQjCNG8LfbJHhsQnf2GHHlP2nweoOOGlQ" "Mozilla/5.0 (Windows NT 5.1) AppleWebKit/536.5 (KHTML, like Gecko) Chrome/19.0.1084.52 Safari/536.5"
69.64.46.38 - - [05/Jun/2012:12:03:55 +0200] "GET /robots.txt HTTP/1.0" 404 1181 "-" "Mozilla/5.0 (compatible; MJ12bot/v1.4.3; http://www.majestic12.co.uk/bot.php?+)"
69.64.46.38 - - [05/Jun/2012:12:03:58 +0200] "GET / HTTP/1.1" 200 23794 "-" "Mozilla/5.0 (compatible; MJ12bot/v1.4.3; http://www.majestic12.co.uk/bot.php?+)"
66.249.72.240 - - [05/Jun/2012:12:23:07 +0200] "GET /robots.txt HTTP/1.1" 404 1181 "-" "Mozilla/5.0 (compatible; Googlebot/2.1; +http://www.google.com/bot.html)"
66.249.72.240 - - [05/Jun/2012:12:23:07 +0200] "GET / HTTP/1.1" 304 - "-" "Mozilla/5.0 (compatible; Googlebot/2.1; +http://www.google.com/bot.html)"
81.182.43.186 - - [05/Jun/2012:12:31:54 +0200] "GET /jog/jogsegely.htm HTTP/1.1" 200 14053 "http://www.google.hu/url?sa=t&rct=j&q=&esrc=s&source=web&cd=10&ved=0CHUQFjAJ&url=http%3A%2F%2Fwww.beklen.hu%2Fjog%2Fjogsegely.htm&ei=3d_NT9-SGrPY4QSJv9m7DA&usg=AFQjCNHY-bnoUxTkkaMl2IV6hUlplhQIvg" "Mozilla/5.0 (Windows NT 6.1; WOW64) AppleWebKit/536.5 (KHTML, like Gecko) Chrome/19.0.1084.52 Safari/536.5"
81.182.43.186 - - [05/Jun/2012:12:31:54 +0200] "GET /jog/style.css HTTP/1.1" 200 21413 "http://www.beklen.hu/jog/jogsegely.htm" "Mozilla/5.0 (Windows NT 6.1; WOW64) AppleWebKit/536.5 (KHTML, like Gecko) Chrome/19.0.1084.52 Safari/536.5"
81.182.43.186 - - [05/Jun/2012:12:31:54 +0200] "GET /jog/script.js HTTP/1.1" 200 5674 "http://www.beklen.hu/jog/jogsegely.htm" "Mozilla/5.0 (Windows NT 6.1; WOW64) AppleWebKit/536.5 (KHTML, like Gecko) Chrome/19.0.1084.52 Safari/536.5"
81.182.43.186 - - [05/Jun/2012:12:31:55 +0200] "GET /jog/jquery.js HTTP/1.1" 200 72174 "http://www.beklen.hu/jog/jogsegely.htm" "Mozilla/5.0 (Windows NT 6.1; WOW64) AppleWebKit/536.5 (KHTML, like Gecko) Chrome/19.0.1084.52 Safari/536.5"
81.182.43.186 - - [05/Jun/2012:12:31:55 +0200] "GET /jog/images/menuitem.png HTTP/1.1" 200 20398 "http://www.beklen.hu/jog/jogsegely.htm" "Mozilla/5.0 (Windows NT 6.1; WOW64) AppleWebKit/536.5 (KHTML, like Gecko) Chrome/19.0.1084.52 Safari/536.5"
81.182.43.186 - - [05/Jun/2012:12:31:55 +0200] "GET /jog/images/nav.png HTTP/1.1" 200 10482 "http://www.beklen.hu/jog/jogsegely.htm" "Mozilla/5.0 (Windows NT 6.1; WOW64) AppleWebKit/536.5 (KHTML, like Gecko) Chrome/19.0.1084.52 Safari/536.5"
81.182.43.186 - - [05/Jun/2012:12:31:55 +0200] "GET /jog/images/spacer.gif HTTP/1.1" 200 43 "http://www.beklen.hu/jog/jogsegely.htm" "Mozilla/5.0 (Windows NT 6.1; WOW64) AppleWebKit/536.5 (KHTML, like Gecko) Chrome/19.0.1084.52 Safari/536.5"
81.182.43.186 - - [05/Jun/2012:12:31:55 +0200] "GET /jog/images/subitem.png HTTP/1.1" 200 81 "http://www.beklen.hu/jog/jogsegely.htm" "Mozilla/5.0 (Windows NT 6.1; WOW64) AppleWebKit/536.5 (KHTML, like Gecko) Chrome/19.0.1084.52 Safari/536.5"
81.182.43.186 - - [05/Jun/2012:12:31:55 +0200] "GET /jog/images/post_s.png HTTP/1.1" 200 466 "http://www.beklen.hu/jog/jogsegely.htm" "Mozilla/5.0 (Windows NT 6.1; WOW64) AppleWebKit/536.5 (KHTML, like Gecko) Chrome/19.0.1084.52 Safari/536.5"
81.182.43.186 - - [05/Jun/2012:12:31:55 +0200] "GET /jog/images/post_h.png HTTP/1.1" 200 292 "http://www.beklen.hu/jog/jogsegely.htm" "Mozilla/5.0 (Windows NT 6.1; WOW64) AppleWebKit/536.5 (KHTML, like Gecko) Chrome/19.0.1084.52 Safari/536.5"
81.182.43.186 - - [05/Jun/2012:12:31:55 +0200] "GET /jog/images/post_v.png HTTP/1.1" 200 310 "http://www.beklen.hu/jog/jogsegely.htm" "Mozilla/5.0 (Windows NT 6.1; WOW64) AppleWebKit/536.5 (KHTML, like Gecko) Chrome/19.0.1084.52 Safari/536.5"
81.182.43.186 - - [05/Jun/2012:12:31:55 +0200] "GET /jog/images/post_c.png HTTP/1.1" 200 204 "http://www.beklen.hu/jog/jogsegely.htm" "Mozilla/5.0 (Windows NT 6.1; WOW64) AppleWebKit/536.5 (KHTML, like Gecko) Chrome/19.0.1084.52 Safari/536.5"
81.182.43.186 - - [05/Jun/2012:12:31:55 +0200] "GET /jog/images/header.png HTTP/1.1" 200 170837 "http://www.beklen.hu/jog/jogsegely.htm" "Mozilla/5.0 (Windows NT 6.1; WOW64) AppleWebKit/536.5 (KHTML, like Gecko) Chrome/19.0.1084.52 Safari/536.5"
81.182.43.186 - - [05/Jun/2012:12:31:55 +0200] "GET /jog/images/Bottom_texture.jpg HTTP/1.1" 200 193775 "http://www.beklen.hu/jog/jogsegely.htm" "Mozilla/5.0 (Windows NT 6.1; WOW64) AppleWebKit/536.5 (KHTML, like Gecko) Chrome/19.0.1084.52 Safari/536.5"
81.182.43.186 - - [05/Jun/2012:12:31:56 +0200] "GET /jog/favicon.ico HTTP/1.1" 200 1150 "-" "Mozilla/5.0 (Windows NT 6.1; WOW64) AppleWebKit/536.5 (KHTML, like Gecko) Chrome/19.0.1084.52 Safari/536.5"
208.115.113.84 - - [05/Jun/2012:12:48:01 +0200] "GET /robots.txt HTTP/1.1" 404 1181 "-" "Mozilla/5.0 (compatible; Ezooms/1.0; ezooms.bot@gmail.com)"
208.115.113.84 - - [05/Jun/2012:14:30:41 +0200] "GET /jog/publikaciok.htm HTTP/1.1" 200 17866 "-" "Mozilla/5.0 (compatible; Ezooms/1.0; ezooms.bot@gmail.com)"
208.90.57.196 - - [05/Jun/2012:14:35:21 +0200] "GET / HTTP/1.1" 200 23794 "-" "Mozilla/5.0 (Macintosh; Intel Mac OS X 10.6; rv:2.0.1) Gecko/20100101 Firefox/4.0.1"
208.90.57.196 - - [05/Jun/2012:14:35:22 +0200] "GET /english/index.htm HTTP/1.1" 200 5262 "-" "Mozilla/5.0 (Macintosh; Intel Mac OS X 10.6; rv:2.0.1) Gecko/20100101 Firefox/4.0.1"
208.115.113.84 - - [05/Jun/2012:20:54:49 +0200] "GET /robots.txt HTTP/1.1" 404 1181 "-" "Mozilla/5.0 (compatible; Ezooms/1.0; ezooms.bot@gmail.com)"
207.46.92.18 - - [05/Jun/2012:21:17:17 +0200] "GET / HTTP/1.1" 200 23794 "-" "Mozilla/5.0 (compatible; MSIE 9.0; Windows NT 6.1)"
66.249.66.36 - - [05/Jun/2012:21:50:54 +0200] "GET /robots.txt HTTP/1.1" 404 1181 "-" "Mozilla/5.0 (compatible; Googlebot/2.1; +http://www.google.com/bot.html)"
66.249.66.36 - - [05/Jun/2012:21:51:00 +0200] "GET /jog/eseteink/derekegyhaza/dalerd-disznoskert%20szakhat-vegleges.pdf HTTP/1.1" 304 - "-" "Mozilla/5.0 (compatible; Googlebot/2.1; +http://www.google.com/bot.html)"
208.115.113.84 - - [05/Jun/2012:22:37:39 +0200] "GET /jog/publikaciok.htm HTTP/1.1" 200 17866 "-" "Mozilla/5.0 (compatible; Ezooms/1.0; ezooms.bot@gmail.com)"
208.115.113.84 - - [06/Jun/2012:00:21:49 +0200] "GET /robots.txt HTTP/1.1" 404 1181 "-" "Mozilla/5.0 (compatible; Ezooms/1.0; ezooms.bot@gmail.com)"
213.186.120.196 - - [06/Jun/2012:01:22:32 +0200] "GET /robots.txt HTTP/1.1" 404 1181 "-" "Mozilla/5.0 (compatible; AhrefsBot/3.0; +http://ahrefs.com/robot/)"
208.115.113.84 - - [06/Jun/2012:02:03:57 +0200] "GET /jog/publikaciok.htm HTTP/1.1" 200 17866 "-" "Mozilla/5.0 (compatible; Ezooms/1.0; ezooms.bot@gmail.com)"
178.154.210.252 - - [06/Jun/2012:02:42:10 +0200] "GET /robots.txt HTTP/1.1" 404 1181 "-" "Mozilla/5.0 (compatible; YandexBot/3.0; +http://yandex.com/bots)"
178.154.210.252 - - [06/Jun/2012:02:42:12 +0200] "GET /deutsch/index.htm HTTP/1.1" 200 5324 "-" "Mozilla/5.0 (compatible; YandexBot/3.0; +http://yandex.com/bots)"
208.115.113.84 - - [06/Jun/2012:03:48:58 +0200] "GET /robots.txt HTTP/1.1" 404 1181 "-" "Mozilla/5.0 (compatible; Ezooms/1.0; ezooms.bot@gmail.com)"
213.186.127.7 - - [06/Jun/2012:04:29:52 +0200] "GET /fiok/program_reszek/turazas.htm HTTP/1.1" 200 22754 "-" "Mozilla/5.0 (compatible; AhrefsBot/3.0; +http://ahrefs.com/robot/)"
178.154.210.252 - - [06/Jun/2012:05:10:18 +0200] "GET /index.htm HTTP/1.1" 200 23794 "-" "Mozilla/5.0 (compatible; YandexBot/3.0; +http://yandex.com/bots)"
208.115.113.84 - - [06/Jun/2012:05:40:24 +0200] "GET /robots.txt HTTP/1.1" 404 1181 "-" "Mozilla/5.0 (compatible; Ezooms/1.0; ezooms.bot@gmail.com)"
139.18.2.209 - - [06/Jun/2012:07:20:57 +0200] "GET / HTTP/1.1" 200 23794 "-" "findlinks/2.6 (+http://wortschatz.uni-leipzig.de/findlinks/)"
208.115.113.84 - - [06/Jun/2012:07:24:39 +0200] "GET /jog/publikaciok.htm HTTP/1.1" 200 17866 "-" "Mozilla/5.0 (compatible; Ezooms/1.0; ezooms.bot@gmail.com)"
66.249.71.226 - - [06/Jun/2012:08:13:55 +0200] "GET /fiok/kornyezet.htm HTTP/1.1" 304 - "-" "Mozilla/5.0 (compatible; Googlebot/2.1; +http://www.google.com/bot.html)"
208.115.113.84 - - [06/Jun/2012:09:07:44 +0200] "GET /robots.txt HTTP/1.1" 404 1181 "-" "Mozilla/5.0 (compatible; Ezooms/1.0; ezooms.bot@gmail.com)"
188.36.100.7 - - [06/Jun/2012:10:04:17 +0200] "GET / HTTP/1.1" 200 23794 "-" "Mozilla/5.0 (Macintosh; Intel Mac OS X 10.6; rv:12.0) Gecko/20100101 Firefox/12.0"
188.36.100.7 - - [06/Jun/2012:10:04:17 +0200] "GET /vill.cs HTTP/1.1" 200 2676 "http://beklen.hu/" "Mozilla/5.0 (Macintosh; Intel Mac OS X 10.6; rv:12.0) Gecko/20100101 Firefox/12.0"
188.36.100.7 - - [06/Jun/2012:10:04:17 +0200] "GET /lb/js/scriptaculous.js?load=effects HTTP/1.1" 200 2152 "http://beklen.hu/" "Mozilla/5.0 (Macintosh; Intel Mac OS X 10.6; rv:12.0) Gecko/20100101 Firefox/12.0"
188.36.100.7 - - [06/Jun/2012:10:04:17 +0200] "GET /lb/js/lightbox.js HTTP/1.1" 200 23424 "http://beklen.hu/" "Mozilla/5.0 (Macintosh; Intel Mac OS X 10.6; rv:12.0) Gecko/20100101 Firefox/12.0"
188.36.100.7 - - [06/Jun/2012:10:04:17 +0200] "GET /lb/js/prototype.js HTTP/1.1" 200 47603 "http://beklen.hu/" "Mozilla/5.0 (Macintosh; Intel Mac OS X 10.6; rv:12.0) Gecko/20100101 Firefox/12.0"
188.36.100.7 - - [06/Jun/2012:10:04:17 +0200] "GET /lb/css/lightbox.css HTTP/1.1" 200 1715 "http://beklen.hu/" "Mozilla/5.0 (Macintosh; Intel Mac OS X 10.6; rv:12.0) Gecko/20100101 Firefox/12.0"
188.36.100.7 - - [06/Jun/2012:10:04:17 +0200] "GET /tm01.jpg HTTP/1.1" 200 1080 "http://beklen.hu/" "Mozilla/5.0 (Macintosh; Intel Mac OS X 10.6; rv:12.0) Gecko/20100101 Firefox/12.0"
188.36.100.7 - - [06/Jun/2012:10:04:17 +0200] "GET /tm02.jpg HTTP/1.1" 200 1873 "http://beklen.hu/" "Mozilla/5.0 (Macintosh; Intel Mac OS X 10.6; rv:12.0) Gecko/20100101 Firefox/12.0"
188.36.100.7 - - [06/Jun/2012:10:04:17 +0200] "GET /tm03_.jpg HTTP/1.1" 200 1787 "http://beklen.hu/" "Mozilla/5.0 (Macintosh; Intel Mac OS X 10.6; rv:12.0) Gecko/20100101 Firefox/12.0"
188.36.100.7 - - [06/Jun/2012:10:04:17 +0200] "GET /tm04_.jpg HTTP/1.1" 200 2058 "http://beklen.hu/" "Mozilla/5.0 (Macintosh; Intel Mac OS X 10.6; rv:12.0) Gecko/20100101 Firefox/12.0"
188.36.100.7 - - [06/Jun/2012:10:04:17 +0200] "GET /tm05_.jpg HTTP/1.1" 200 1839 "http://beklen.hu/" "Mozilla/5.0 (Macintosh; Intel Mac OS X 10.6; rv:12.0) Gecko/20100101 Firefox/12.0"
188.36.100.7 - - [06/Jun/2012:10:04:17 +0200] "GET /tm06_.jpg HTTP/1.1" 200 1382 "http://beklen.hu/" "Mozilla/5.0 (Macintosh; Intel Mac OS X 10.6; rv:12.0) Gecko/20100101 Firefox/12.0"
188.36.100.7 - - [06/Jun/2012:10:04:17 +0200] "GET /tm07.jpg HTTP/1.1" 200 1007 "http://beklen.hu/" "Mozilla/5.0 (Macintosh; Intel Mac OS X 10.6; rv:12.0) Gecko/20100101 Firefox/12.0"
188.36.100.7 - - [06/Jun/2012:10:04:17 +0200] "GET /a1_projekt_tabla_infra_cs3_beklenhaz_.jpg HTTP/1.1" 200 8994 "http://beklen.hu/" "Mozilla/5.0 (Macintosh; Intel Mac OS X 10.6; rv:12.0) Gecko/20100101 Firefox/12.0"
188.36.100.7 - - [06/Jun/2012:10:04:17 +0200] "GET /jog_honlap_.jpg HTTP/1.1" 200 7186 "http://beklen.hu/" "Mozilla/5.0 (Macintosh; Intel Mac OS X 10.6; rv:12.0) Gecko/20100101 Firefox/12.0"
188.36.100.7 - - [06/Jun/2012:10:04:17 +0200] "GET /lb/js/effects.js HTTP/1.1" 200 31969 "http://beklen.hu/" "Mozilla/5.0 (Macintosh; Intel Mac OS X 10.6; rv:12.0) Gecko/20100101 Firefox/12.0"
188.36.100.7 - - [06/Jun/2012:10:04:17 +0200] "GET /bg.jpg HTTP/1.1" 200 566 "http://beklen.hu/" "Mozilla/5.0 (Macintosh; Intel Mac OS X 10.6; rv:12.0) Gecko/20100101 Firefox/12.0"
188.36.100.7 - - [06/Jun/2012:10:04:18 +0200] "GET /bottom_main.jpg HTTP/1.1" 200 96820 "http://beklen.hu/vill.cs" "Mozilla/5.0 (Macintosh; Intel Mac OS X 10.6; rv:12.0) Gecko/20100101 Firefox/12.0"
188.36.100.7 - - [06/Jun/2012:10:04:21 +0200] "GET /nimfea_project_250x250.gif HTTP/1.1" 200 2986583 "http://beklen.hu/" "Mozilla/5.0 (Macintosh; Intel Mac OS X 10.6; rv:12.0) Gecko/20100101 Firefox/12.0"
188.36.100.7 - - [06/Jun/2012:10:04:21 +0200] "GET /tm04.jpg HTTP/1.1" 200 2613 "http://beklen.hu/" "Mozilla/5.0 (Macintosh; Intel Mac OS X 10.6; rv:12.0) Gecko/20100101 Firefox/12.0"
188.36.100.7 - - [06/Jun/2012:10:04:21 +0200] "GET /lb/images/loading.gif HTTP/1.1" 200 2767 "http://beklen.hu/" "Mozilla/5.0 (Macintosh; Intel Mac OS X 10.6; rv:12.0) Gecko/20100101 Firefox/12.0"
188.36.100.7 - - [06/Jun/2012:10:04:21 +0200] "GET /lb/images/closelabel.gif HTTP/1.1" 200 222 "http://beklen.hu/" "Mozilla/5.0 (Macintosh; Intel Mac OS X 10.6; rv:12.0) Gecko/20100101 Firefox/12.0"
188.36.100.7 - - [06/Jun/2012:10:04:21 +0200] "GET /tm05.jpg HTTP/1.1" 200 2253 "http://beklen.hu/" "Mozilla/5.0 (Macintosh; Intel Mac OS X 10.6; rv:12.0) Gecko/20100101 Firefox/12.0"
188.36.100.7 - - [06/Jun/2012:10:04:21 +0200] "GET /tm06.jpg HTTP/1.1" 200 1651 "http://beklen.hu/" "Mozilla/5.0 (Macintosh; Intel Mac OS X 10.6; rv:12.0) Gecko/20100101 Firefox/12.0"
188.36.100.7 - - [06/Jun/2012:10:04:21 +0200] "GET /tm02_.jpg HTTP/1.1" 200 1524 "http://beklen.hu/" "Mozilla/5.0 (Macintosh; Intel Mac OS X 10.6; rv:12.0) Gecko/20100101 Firefox/12.0"
188.36.100.7 - - [06/Jun/2012:10:04:21 +0200] "GET /tm03.jpg HTTP/1.1" 200 2212 "http://beklen.hu/" "Mozilla/5.0 (Macintosh; Intel Mac OS X 10.6; rv:12.0) Gecko/20100101 Firefox/12.0"
188.36.100.7 - - [06/Jun/2012:10:04:21 +0200] "GET /favicon.ico HTTP/1.1" 404 1181 "-" "Mozilla/5.0 (Macintosh; Intel Mac OS X 10.6; rv:12.0) Gecko/20100101 Firefox/12.0"
188.36.100.7 - - [06/Jun/2012:10:04:21 +0200] "GET /favicon.ico HTTP/1.1" 404 1181 "-" "Mozilla/5.0 (Macintosh; Intel Mac OS X 10.6; rv:12.0) Gecko/20100101 Firefox/12.0"
188.36.100.7 - - [06/Jun/2012:10:05:46 +0200] "GET /a1_projekt_tabla_infra_cs3_beklenhaz.jpg HTTP/1.1" 200 73344 "http://beklen.hu/" "Mozilla/5.0 (Macintosh; Intel Mac OS X 10.6; rv:12.0) Gecko/20100101 Firefox/12.0"
208.115.113.84 - - [06/Jun/2012:10:50:00 +0200] "GET /jog/publikaciok.htm HTTP/1.1" 200 17866 "-" "Mozilla/5.0 (compatible; Ezooms/1.0; ezooms.bot@gmail.com)"
79.120.253.2 - - [06/Jun/2012:11:21:31 +0200] "GET /jog/eseteink/audi/audi_gyor_restoration_measures1-10.pdf HTTP/1.1" 200 216332 "http://www.google.hu/url?sa=t&rct=j&q=tervezett%20utak%20gy%C5%91rszentiv%C3%A1non&source=web&cd=9&ved=0CFgQFjAI&url=http%3A%2F%2Fwww.beklen.hu%2Fjog%2Feseteink%2Faudi%2Faudi_gyor_restoration_measures1-10.pdf&ei=8x_PT6S0Osj2sgbit7WzCw&usg=AFQjCNE5kCGiUpJed4VX6nFNeJ8jPtSNqA" "Mozilla/4.0 (compatible; MSIE 7.0; Windows NT 5.1; Trident/4.0; GTB7.3; .NET CLR 1.1.4322; .NET CLR 2.0.50727; .NET CLR 3.0.4506.2152; .NET CLR 3.5.30729; .NET4.0C)"
79.120.253.2 - - [06/Jun/2012:11:21:31 +0200] "GET /jog/eseteink/audi/audi_gyor_restoration_measures1-10.pdf HTTP/1.1" 206 4096 "-" "Mozilla/4.0 (compatible; MSIE 7.0; Windows NT 5.1; Trident/4.0; GTB7.3; .NET CLR 1.1.4322; .NET CLR 2.0.50727; .NET CLR 3.0.4506.2152; .NET CLR 3.5.30729; .NET4.0C)"
79.120.253.2 - - [06/Jun/2012:11:21:31 +0200] "GET /jog/eseteink/audi/audi_gyor_restoration_measures1-10.pdf HTTP/1.1" 206 4096 "-" "Mozilla/4.0 (compatible; MSIE 7.0; Windows NT 5.1; Trident/4.0; GTB7.3; .NET CLR 1.1.4322; .NET CLR 2.0.50727; .NET CLR 3.0.4506.2152; .NET CLR 3.5.30729; .NET4.0C)"
79.120.253.2 - - [06/Jun/2012:11:21:41 +0200] "GET /jog/eseteink/audi/audi_gyor_restoration_measures1-10.pdf HTTP/1.1" 206 4128723 "-" "Mozilla/4.0 (compatible; MSIE 7.0; Windows NT 5.1; Trident/4.0; GTB7.3; .NET CLR 1.1.4322; .NET CLR 2.0.50727; .NET CLR 3.0.4506.2152; .NET CLR 3.5.30729; .NET4.0C)"
208.115.113.84 - - [06/Jun/2012:12:34:39 +0200] "GET /robots.txt HTTP/1.1" 404 1181 "-" "Mozilla/5.0 (compatible; Ezooms/1.0; ezooms.bot@gmail.com)"
188.165.248.204 - - [06/Jun/2012:12:35:31 +0200] "GET /robots.txt HTTP/1.0" 404 1181 "-" "Mozilla/5.0 (compatible; MJ12bot/v1.4.3; http://www.majestic12.co.uk/bot.php?+)"
188.165.248.204 - - [06/Jun/2012:12:35:33 +0200] "GET / HTTP/1.0" 200 23794 "-" "Mozilla/5.0 (compatible; MJ12bot/v1.4.3; http://www.majestic12.co.uk/bot.php?+)"
178.154.210.252 - - [06/Jun/2012:13:28:39 +0200] "GET /hirek/hirek090302.htm HTTP/1.1" 304 - "-" "Mozilla/5.0 (compatible; YandexBot/3.0; +http://yandex.com/bots)"
188.36.100.7 - - [06/Jun/2012:13:39:07 +0200] "GET / HTTP/1.1" 200 23794 "-" "Mozilla/5.0 (Windows NT 5.1; rv:12.0) Gecko/20100101 Firefox/12.0"
188.36.100.7 - - [06/Jun/2012:13:39:11 +0200] "GET /vill.cs HTTP/1.1" 200 2676 "http://beklen.hu/" "Mozilla/5.0 (Windows NT 5.1; rv:12.0) Gecko/20100101 Firefox/12.0"
188.36.100.7 - - [06/Jun/2012:13:39:12 +0200] "GET /lb/js/scriptaculous.js?load=effects HTTP/1.1" 200 2152 "http://beklen.hu/" "Mozilla/5.0 (Windows NT 5.1; rv:12.0) Gecko/20100101 Firefox/12.0"
188.36.100.7 - - [06/Jun/2012:13:39:12 +0200] "GET /lb/js/prototype.js HTTP/1.1" 200 47603 "http://beklen.hu/" "Mozilla/5.0 (Windows NT 5.1; rv:12.0) Gecko/20100101 Firefox/12.0"
188.36.100.7 - - [06/Jun/2012:13:39:12 +0200] "GET /lb/js/lightbox.js HTTP/1.1" 200 23424 "http://beklen.hu/" "Mozilla/5.0 (Windows NT 5.1; rv:12.0) Gecko/20100101 Firefox/12.0"
188.36.100.7 - - [06/Jun/2012:13:39:12 +0200] "GET /lb/css/lightbox.css HTTP/1.1" 200 1715 "http://beklen.hu/" "Mozilla/5.0 (Windows NT 5.1; rv:12.0) Gecko/20100101 Firefox/12.0"
188.36.100.7 - - [06/Jun/2012:13:39:12 +0200] "GET /tm01.jpg HTTP/1.1" 200 1080 "http://beklen.hu/" "Mozilla/5.0 (Windows NT 5.1; rv:12.0) Gecko/20100101 Firefox/12.0"
188.36.100.7 - - [06/Jun/2012:13:39:13 +0200] "GET /tm02.jpg HTTP/1.1" 200 1873 "http://beklen.hu/" "Mozilla/5.0 (Windows NT 5.1; rv:12.0) Gecko/20100101 Firefox/12.0"
188.36.100.7 - - [06/Jun/2012:13:39:13 +0200] "GET /tm04_.jpg HTTP/1.1" 200 2058 "http://beklen.hu/" "Mozilla/5.0 (Windows NT 5.1; rv:12.0) Gecko/20100101 Firefox/12.0"
188.36.100.7 - - [06/Jun/2012:13:39:13 +0200] "GET /tm03_.jpg HTTP/1.1" 200 1787 "http://beklen.hu/" "Mozilla/5.0 (Windows NT 5.1; rv:12.0) Gecko/20100101 Firefox/12.0"
188.36.100.7 - - [06/Jun/2012:13:39:14 +0200] "GET /tm06_.jpg HTTP/1.1" 200 1382 "http://beklen.hu/" "Mozilla/5.0 (Windows NT 5.1; rv:12.0) Gecko/20100101 Firefox/12.0"
188.36.100.7 - - [06/Jun/2012:13:39:14 +0200] "GET /tm05_.jpg HTTP/1.1" 200 1839 "http://beklen.hu/" "Mozilla/5.0 (Windows NT 5.1; rv:12.0) Gecko/20100101 Firefox/12.0"
188.36.100.7 - - [06/Jun/2012:13:39:14 +0200] "GET /tm07.jpg HTTP/1.1" 200 1007 "http://beklen.hu/" "Mozilla/5.0 (Windows NT 5.1; rv:12.0) Gecko/20100101 Firefox/12.0"
188.36.100.7 - - [06/Jun/2012:13:39:14 +0200] "GET /a1_projekt_tabla_infra_cs3_beklenhaz_.jpg HTTP/1.1" 200 8994 "http://beklen.hu/" "Mozilla/5.0 (Windows NT 5.1; rv:12.0) Gecko/20100101 Firefox/12.0"
188.36.100.7 - - [06/Jun/2012:13:39:15 +0200] "GET /jog_honlap_.jpg HTTP/1.1" 200 7186 "http://beklen.hu/" "Mozilla/5.0 (Windows NT 5.1; rv:12.0) Gecko/20100101 Firefox/12.0"
188.36.100.7 - - [06/Jun/2012:13:39:16 +0200] "GET /lb/js/effects.js HTTP/1.1" 200 31969 "http://beklen.hu/" "Mozilla/5.0 (Windows NT 5.1; rv:12.0) Gecko/20100101 Firefox/12.0"
188.36.100.7 - - [06/Jun/2012:13:39:17 +0200] "GET /nimfea_project_250x250.gif HTTP/1.1" 200 2986583 "http://beklen.hu/" "Mozilla/5.0 (Windows NT 5.1; rv:12.0) Gecko/20100101 Firefox/12.0"
188.36.100.7 - - [06/Jun/2012:13:39:18 +0200] "GET /bg.jpg HTTP/1.1" 200 566 "http://beklen.hu/" "Mozilla/5.0 (Windows NT 5.1; rv:12.0) Gecko/20100101 Firefox/12.0"
188.36.100.7 - - [06/Jun/2012:13:39:18 +0200] "GET /bottom_main.jpg HTTP/1.1" 200 96820 "http://beklen.hu/vill.cs" "Mozilla/5.0 (Windows NT 5.1; rv:12.0) Gecko/20100101 Firefox/12.0"
188.36.100.7 - - [06/Jun/2012:13:39:20 +0200] "GET /tm04.jpg HTTP/1.1" 200 2613 "http://beklen.hu/" "Mozilla/5.0 (Windows NT 5.1; rv:12.0) Gecko/20100101 Firefox/12.0"
188.36.100.7 - - [06/Jun/2012:13:39:20 +0200] "GET /tm05.jpg HTTP/1.1" 200 2253 "http://beklen.hu/" "Mozilla/5.0 (Windows NT 5.1; rv:12.0) Gecko/20100101 Firefox/12.0"
188.36.100.7 - - [06/Jun/2012:13:39:20 +0200] "GET /tm06.jpg HTTP/1.1" 200 1651 "http://beklen.hu/" "Mozilla/5.0 (Windows NT 5.1; rv:12.0) Gecko/20100101 Firefox/12.0"
188.36.100.7 - - [06/Jun/2012:13:39:20 +0200] "GET /lb/images/loading.gif HTTP/1.1" 200 2767 "http://beklen.hu/" "Mozilla/5.0 (Windows NT 5.1; rv:12.0) Gecko/20100101 Firefox/12.0"
188.36.100.7 - - [06/Jun/2012:13:39:20 +0200] "GET /tm02_.jpg HTTP/1.1" 200 1524 "http://beklen.hu/" "Mozilla/5.0 (Windows NT 5.1; rv:12.0) Gecko/20100101 Firefox/12.0"
188.36.100.7 - - [06/Jun/2012:13:39:20 +0200] "GET /lb/images/closelabel.gif HTTP/1.1" 200 222 "http://beklen.hu/" "Mozilla/5.0 (Windows NT 5.1; rv:12.0) Gecko/20100101 Firefox/12.0"
188.36.100.7 - - [06/Jun/2012:13:39:20 +0200] "GET /tm03.jpg HTTP/1.1" 200 2212 "http://beklen.hu/" "Mozilla/5.0 (Windows NT 5.1; rv:12.0) Gecko/20100101 Firefox/12.0"
188.36.100.7 - - [06/Jun/2012:13:39:20 +0200] "GET /favicon.ico HTTP/1.1" 404 1181 "-" "Mozilla/5.0 (Windows NT 5.1; rv:12.0) Gecko/20100101 Firefox/12.0"
188.36.100.7 - - [06/Jun/2012:13:39:21 +0200] "GET /favicon.ico HTTP/1.1" 404 1181 "-" "Mozilla/5.0 (Windows NT 5.1; rv:12.0) Gecko/20100101 Firefox/12.0"
188.36.100.7 - - [06/Jun/2012:13:39:35 +0200] "GET /programok.htm HTTP/1.1" 200 6444 "http://beklen.hu/" "Mozilla/5.0 (Windows NT 5.1; rv:12.0) Gecko/20100101 Firefox/12.0"
188.36.100.7 - - [06/Jun/2012:13:39:36 +0200] "GET /vill.cs HTTP/1.1" 200 2676 "http://beklen.hu/programok.htm" "Mozilla/5.0 (Windows NT 5.1; rv:12.0) Gecko/20100101 Firefox/12.0"
188.36.100.7 - - [06/Jun/2012:13:39:36 +0200] "GET /bg.jpg HTTP/1.1" 200 566 "http://beklen.hu/programok.htm" "Mozilla/5.0 (Windows NT 5.1; rv:12.0) Gecko/20100101 Firefox/12.0"
188.36.100.7 - - [06/Jun/2012:13:39:36 +0200] "GET /tm01.jpg HTTP/1.1" 200 1080 "http://beklen.hu/programok.htm" "Mozilla/5.0 (Windows NT 5.1; rv:12.0) Gecko/20100101 Firefox/12.0"
188.36.100.7 - - [06/Jun/2012:13:39:36 +0200] "GET /tm02_.jpg HTTP/1.1" 200 1524 "http://beklen.hu/programok.htm" "Mozilla/5.0 (Windows NT 5.1; rv:12.0) Gecko/20100101 Firefox/12.0"
188.36.100.7 - - [06/Jun/2012:13:39:36 +0200] "GET /tm04.jpg HTTP/1.1" 200 2613 "http://beklen.hu/programok.htm" "Mozilla/5.0 (Windows NT 5.1; rv:12.0) Gecko/20100101 Firefox/12.0"
188.36.100.7 - - [06/Jun/2012:13:39:36 +0200] "GET /tm05_.jpg HTTP/1.1" 200 1839 "http://beklen.hu/programok.htm" "Mozilla/5.0 (Windows NT 5.1; rv:12.0) Gecko/20100101 Firefox/12.0"
188.36.100.7 - - [06/Jun/2012:13:39:36 +0200] "GET /tm03_.jpg HTTP/1.1" 200 1787 "http://beklen.hu/programok.htm" "Mozilla/5.0 (Windows NT 5.1; rv:12.0) Gecko/20100101 Firefox/12.0"
188.36.100.7 - - [06/Jun/2012:13:39:36 +0200] "GET /bottom_.jpg HTTP/1.1" 200 93419 "http://beklen.hu/vill.cs" "Mozilla/5.0 (Windows NT 5.1; rv:12.0) Gecko/20100101 Firefox/12.0"
188.36.100.7 - - [06/Jun/2012:13:39:36 +0200] "GET /tm06_.jpg HTTP/1.1" 200 1382 "http://beklen.hu/programok.htm" "Mozilla/5.0 (Windows NT 5.1; rv:12.0) Gecko/20100101 Firefox/12.0"
188.36.100.7 - - [06/Jun/2012:13:39:36 +0200] "GET /tm07.jpg HTTP/1.1" 200 1007 "http://beklen.hu/programok.htm" "Mozilla/5.0 (Windows NT 5.1; rv:12.0) Gecko/20100101 Firefox/12.0"
188.36.100.7 - - [06/Jun/2012:13:39:38 +0200] "GET /tm03.jpg HTTP/1.1" 200 2212 "http://beklen.hu/programok.htm" "Mozilla/5.0 (Windows NT 5.1; rv:12.0) Gecko/20100101 Firefox/12.0"
188.36.100.7 - - [06/Jun/2012:13:39:38 +0200] "GET /tm02.jpg HTTP/1.1" 200 1873 "http://beklen.hu/programok.htm" "Mozilla/5.0 (Windows NT 5.1; rv:12.0) Gecko/20100101 Firefox/12.0"
188.36.100.7 - - [06/Jun/2012:13:39:38 +0200] "GET /tm05.jpg HTTP/1.1" 200 2253 "http://beklen.hu/programok.htm" "Mozilla/5.0 (Windows NT 5.1; rv:12.0) Gecko/20100101 Firefox/12.0"
188.36.100.7 - - [06/Jun/2012:13:39:38 +0200] "GET /tm06.jpg HTTP/1.1" 200 1651 "http://beklen.hu/programok.htm" "Mozilla/5.0 (Windows NT 5.1; rv:12.0) Gecko/20100101 Firefox/12.0"
188.36.100.7 - - [06/Jun/2012:13:39:38 +0200] "GET /khb.htm HTTP/1.1" 200 8719 "http://beklen.hu/programok.htm" "Mozilla/5.0 (Windows NT 5.1; rv:12.0) Gecko/20100101 Firefox/12.0"
188.36.100.7 - - [06/Jun/2012:13:39:39 +0200] "GET /vill.cs HTTP/1.1" 200 2676 "http://beklen.hu/khb.htm" "Mozilla/5.0 (Windows NT 5.1; rv:12.0) Gecko/20100101 Firefox/12.0"
188.36.100.7 - - [06/Jun/2012:13:39:39 +0200] "GET /tm01.jpg HTTP/1.1" 200 1080 "http://beklen.hu/khb.htm" "Mozilla/5.0 (Windows NT 5.1; rv:12.0) Gecko/20100101 Firefox/12.0"
188.36.100.7 - - [06/Jun/2012:13:39:39 +0200] "GET /tm02_.jpg HTTP/1.1" 200 1524 "http://beklen.hu/khb.htm" "Mozilla/5.0 (Windows NT 5.1; rv:12.0) Gecko/20100101 Firefox/12.0"
188.36.100.7 - - [06/Jun/2012:13:39:39 +0200] "GET /tm03.jpg HTTP/1.1" 200 2212 "http://beklen.hu/khb.htm" "Mozilla/5.0 (Windows NT 5.1; rv:12.0) Gecko/20100101 Firefox/12.0"
188.36.100.7 - - [06/Jun/2012:13:39:39 +0200] "GET /bg.jpg HTTP/1.1" 200 566 "http://beklen.hu/khb.htm" "Mozilla/5.0 (Windows NT 5.1; rv:12.0) Gecko/20100101 Firefox/12.0"
188.36.100.7 - - [06/Jun/2012:13:39:40 +0200] "GET /tm04_.jpg HTTP/1.1" 200 2058 "http://beklen.hu/khb.htm" "Mozilla/5.0 (Windows NT 5.1; rv:12.0) Gecko/20100101 Firefox/12.0"
188.36.100.7 - - [06/Jun/2012:13:39:40 +0200] "GET /tm05_.jpg HTTP/1.1" 200 1839 "http://beklen.hu/khb.htm" "Mozilla/5.0 (Windows NT 5.1; rv:12.0) Gecko/20100101 Firefox/12.0"
188.36.100.7 - - [06/Jun/2012:13:39:40 +0200] "GET /tm06_.jpg HTTP/1.1" 200 1382 "http://beklen.hu/khb.htm" "Mozilla/5.0 (Windows NT 5.1; rv:12.0) Gecko/20100101 Firefox/12.0"
188.36.100.7 - - [06/Jun/2012:13:39:40 +0200] "GET /tm07.jpg HTTP/1.1" 200 1007 "http://beklen.hu/khb.htm" "Mozilla/5.0 (Windows NT 5.1; rv:12.0) Gecko/20100101 Firefox/12.0"
188.36.100.7 - - [06/Jun/2012:13:39:40 +0200] "GET /bottom_.jpg HTTP/1.1" 200 93419 "http://beklen.hu/vill.cs" "Mozilla/5.0 (Windows NT 5.1; rv:12.0) Gecko/20100101 Firefox/12.0"
188.36.100.7 - - [06/Jun/2012:13:39:41 +0200] "GET /tm02.jpg HTTP/1.1" 200 1873 "http://beklen.hu/khb.htm" "Mozilla/5.0 (Windows NT 5.1; rv:12.0) Gecko/20100101 Firefox/12.0"
188.36.100.7 - - [06/Jun/2012:13:39:41 +0200] "GET /tm03_.jpg HTTP/1.1" 200 1787 "http://beklen.hu/khb.htm" "Mozilla/5.0 (Windows NT 5.1; rv:12.0) Gecko/20100101 Firefox/12.0"
188.36.100.7 - - [06/Jun/2012:13:39:41 +0200] "GET /tm04.jpg HTTP/1.1" 200 2613 "http://beklen.hu/khb.htm" "Mozilla/5.0 (Windows NT 5.1; rv:12.0) Gecko/20100101 Firefox/12.0"
188.36.100.7 - - [06/Jun/2012:13:39:41 +0200] "GET /tm05.jpg HTTP/1.1" 200 2253 "http://beklen.hu/khb.htm" "Mozilla/5.0 (Windows NT 5.1; rv:12.0) Gecko/20100101 Firefox/12.0"
188.36.100.7 - - [06/Jun/2012:13:39:41 +0200] "GET /tm06.jpg HTTP/1.1" 200 1651 "http://beklen.hu/khb.htm" "Mozilla/5.0 (Windows NT 5.1; rv:12.0) Gecko/20100101 Firefox/12.0"
188.36.100.7 - - [06/Jun/2012:13:39:43 +0200] "GET /khb/beklen_2010_kh_jelentes.pdf HTTP/1.1" 200 252786 "http://beklen.hu/khb.htm" "Mozilla/5.0 (Windows NT 5.1; rv:12.0) Gecko/20100101 Firefox/12.0"
188.36.100.7 - - [06/Jun/2012:13:41:04 +0200] "GET /khb.htm HTTP/1.1" 200 8719 "http://beklen.hu/programok.htm" "Mozilla/5.0 (Windows NT 5.1; rv:12.0) Gecko/20100101 Firefox/12.0"
188.36.100.7 - - [06/Jun/2012:13:41:05 +0200] "GET /vill.cs HTTP/1.1" 200 2676 "http://beklen.hu/khb.htm" "Mozilla/5.0 (Windows NT 5.1; rv:12.0) Gecko/20100101 Firefox/12.0"
188.36.100.7 - - [06/Jun/2012:13:41:06 +0200] "GET /bg.jpg HTTP/1.1" 200 566 "http://beklen.hu/khb.htm" "Mozilla/5.0 (Windows NT 5.1; rv:12.0) Gecko/20100101 Firefox/12.0"
188.36.100.7 - - [06/Jun/2012:13:41:06 +0200] "GET /tm01.jpg HTTP/1.1" 200 1080 "http://beklen.hu/khb.htm" "Mozilla/5.0 (Windows NT 5.1; rv:12.0) Gecko/20100101 Firefox/12.0"
188.36.100.7 - - [06/Jun/2012:13:41:06 +0200] "GET /tm02_.jpg HTTP/1.1" 200 1524 "http://beklen.hu/khb.htm" "Mozilla/5.0 (Windows NT 5.1; rv:12.0) Gecko/20100101 Firefox/12.0"
188.36.100.7 - - [06/Jun/2012:13:41:06 +0200] "GET /tm03.jpg HTTP/1.1" 200 2212 "http://beklen.hu/khb.htm" "Mozilla/5.0 (Windows NT 5.1; rv:12.0) Gecko/20100101 Firefox/12.0"
188.36.100.7 - - [06/Jun/2012:13:41:06 +0200] "GET /tm04_.jpg HTTP/1.1" 200 2058 "http://beklen.hu/khb.htm" "Mozilla/5.0 (Windows NT 5.1; rv:12.0) Gecko/20100101 Firefox/12.0"
188.36.100.7 - - [06/Jun/2012:13:41:06 +0200] "GET /tm05_.jpg HTTP/1.1" 200 1839 "http://beklen.hu/khb.htm" "Mozilla/5.0 (Windows NT 5.1; rv:12.0) Gecko/20100101 Firefox/12.0"
188.36.100.7 - - [06/Jun/2012:13:41:06 +0200] "GET /tm06_.jpg HTTP/1.1" 200 1382 "http://beklen.hu/khb.htm" "Mozilla/5.0 (Windows NT 5.1; rv:12.0) Gecko/20100101 Firefox/12.0"
188.36.100.7 - - [06/Jun/2012:13:41:06 +0200] "GET /tm07.jpg HTTP/1.1" 200 1007 "http://beklen.hu/khb.htm" "Mozilla/5.0 (Windows NT 5.1; rv:12.0) Gecko/20100101 Firefox/12.0"
188.36.100.7 - - [06/Jun/2012:13:41:06 +0200] "GET /bottom_.jpg HTTP/1.1" 200 93419 "http://beklen.hu/vill.cs" "Mozilla/5.0 (Windows NT 5.1; rv:12.0) Gecko/20100101 Firefox/12.0"
188.36.100.7 - - [06/Jun/2012:13:41:07 +0200] "GET /tm02.jpg HTTP/1.1" 200 1873 "http://beklen.hu/khb.htm" "Mozilla/5.0 (Windows NT 5.1; rv:12.0) Gecko/20100101 Firefox/12.0"
188.36.100.7 - - [06/Jun/2012:13:41:07 +0200] "GET /tm03_.jpg HTTP/1.1" 200 1787 "http://beklen.hu/khb.htm" "Mozilla/5.0 (Windows NT 5.1; rv:12.0) Gecko/20100101 Firefox/12.0"
188.36.100.7 - - [06/Jun/2012:13:41:07 +0200] "GET /tm04.jpg HTTP/1.1" 200 2613 "http://beklen.hu/khb.htm" "Mozilla/5.0 (Windows NT 5.1; rv:12.0) Gecko/20100101 Firefox/12.0"
188.36.100.7 - - [06/Jun/2012:13:41:07 +0200] "GET /tm05.jpg HTTP/1.1" 200 2253 "http://beklen.hu/khb.htm" "Mozilla/5.0 (Windows NT 5.1; rv:12.0) Gecko/20100101 Firefox/12.0"
188.36.100.7 - - [06/Jun/2012:13:41:07 +0200] "GET /tm06.jpg HTTP/1.1" 200 1651 "http://beklen.hu/khb.htm" "Mozilla/5.0 (Windows NT 5.1; rv:12.0) Gecko/20100101 Firefox/12.0"
188.36.100.7 - - [06/Jun/2012:13:41:45 +0200] "GET /khb.htm HTTP/1.1" 200 8719 "http://beklen.hu/programok.htm" "Mozilla/5.0 (Windows NT 5.1; rv:12.0) Gecko/20100101 Firefox/12.0"
188.36.100.7 - - [06/Jun/2012:13:41:46 +0200] "GET /vill.cs HTTP/1.1" 200 2676 "http://beklen.hu/khb.htm" "Mozilla/5.0 (Windows NT 5.1; rv:12.0) Gecko/20100101 Firefox/12.0"
188.36.100.7 - - [06/Jun/2012:13:41:46 +0200] "GET /bg.jpg HTTP/1.1" 200 566 "http://beklen.hu/khb.htm" "Mozilla/5.0 (Windows NT 5.1; rv:12.0) Gecko/20100101 Firefox/12.0"
188.36.100.7 - - [06/Jun/2012:13:41:46 +0200] "GET /tm01.jpg HTTP/1.1" 200 1080 "http://beklen.hu/khb.htm" "Mozilla/5.0 (Windows NT 5.1; rv:12.0) Gecko/20100101 Firefox/12.0"
188.36.100.7 - - [06/Jun/2012:13:41:46 +0200] "GET /tm02_.jpg HTTP/1.1" 200 1524 "http://beklen.hu/khb.htm" "Mozilla/5.0 (Windows NT 5.1; rv:12.0) Gecko/20100101 Firefox/12.0"
188.36.100.7 - - [06/Jun/2012:13:41:46 +0200] "GET /tm03.jpg HTTP/1.1" 200 2212 "http://beklen.hu/khb.htm" "Mozilla/5.0 (Windows NT 5.1; rv:12.0) Gecko/20100101 Firefox/12.0"
188.36.100.7 - - [06/Jun/2012:13:41:46 +0200] "GET /tm04_.jpg HTTP/1.1" 200 2058 "http://beklen.hu/khb.htm" "Mozilla/5.0 (Windows NT 5.1; rv:12.0) Gecko/20100101 Firefox/12.0"
188.36.100.7 - - [06/Jun/2012:13:41:46 +0200] "GET /tm05_.jpg HTTP/1.1" 200 1839 "http://beklen.hu/khb.htm" "Mozilla/5.0 (Windows NT 5.1; rv:12.0) Gecko/20100101 Firefox/12.0"
188.36.100.7 - - [06/Jun/2012:13:41:46 +0200] "GET /tm06_.jpg HTTP/1.1" 200 1382 "http://beklen.hu/khb.htm" "Mozilla/5.0 (Windows NT 5.1; rv:12.0) Gecko/20100101 Firefox/12.0"
188.36.100.7 - - [06/Jun/2012:13:41:46 +0200] "GET /tm07.jpg HTTP/1.1" 200 1007 "http://beklen.hu/khb.htm" "Mozilla/5.0 (Windows NT 5.1; rv:12.0) Gecko/20100101 Firefox/12.0"
188.36.100.7 - - [06/Jun/2012:13:41:46 +0200] "GET /bottom_.jpg HTTP/1.1" 200 93419 "http://beklen.hu/vill.cs" "Mozilla/5.0 (Windows NT 5.1; rv:12.0) Gecko/20100101 Firefox/12.0"
188.36.100.7 - - [06/Jun/2012:13:41:48 +0200] "GET /tm02.jpg HTTP/1.1" 200 1873 "http://beklen.hu/khb.htm" "Mozilla/5.0 (Windows NT 5.1; rv:12.0) Gecko/20100101 Firefox/12.0"
188.36.100.7 - - [06/Jun/2012:13:41:48 +0200] "GET /tm03_.jpg HTTP/1.1" 200 1787 "http://beklen.hu/khb.htm" "Mozilla/5.0 (Windows NT 5.1; rv:12.0) Gecko/20100101 Firefox/12.0"
