87.97.116.74 - - [13/Jun/2012:19:15:37 +0200] "GET /fiok/images/index_24.gif HTTP/1.1" 200 227 "http://www.beklen.hu/fiok/" "Mozilla/5.0 (Windows NT 5.1) AppleWebKit/536.5 (KHTML, like Gecko) Chrome/19.0.1084.56 Safari/536.5"
87.97.116.74 - - [13/Jun/2012:19:15:37 +0200] "GET /fiok/images/index_25_25.jpg HTTP/1.1" 200 4960 "http://www.beklen.hu/fiok/" "Mozilla/5.0 (Windows NT 5.1) AppleWebKit/536.5 (KHTML, like Gecko) Chrome/19.0.1084.56 Safari/536.5"
87.97.116.74 - - [13/Jun/2012:19:15:37 +0200] "GET /fiok/images/index_27_27.jpg HTTP/1.1" 200 12876 "http://www.beklen.hu/fiok/" "Mozilla/5.0 (Windows NT 5.1) AppleWebKit/536.5 (KHTML, like Gecko) Chrome/19.0.1084.56 Safari/536.5"
87.97.116.74 - - [13/Jun/2012:19:15:37 +0200] "GET /fiok/images/index_26.gif HTTP/1.1" 200 121 "http://www.beklen.hu/fiok/" "Mozilla/5.0 (Windows NT 5.1) AppleWebKit/536.5 (KHTML, like Gecko) Chrome/19.0.1084.56 Safari/536.5"
87.97.116.74 - - [13/Jun/2012:19:15:37 +0200] "GET /fiok/images/index_28.gif HTTP/1.1" 200 262 "http://www.beklen.hu/fiok/" "Mozilla/5.0 (Windows NT 5.1) AppleWebKit/536.5 (KHTML, like Gecko) Chrome/19.0.1084.56 Safari/536.5"
87.97.116.74 - - [13/Jun/2012:19:15:38 +0200] "GET /fiok/images/spacer.gif HTTP/1.1" 200 43 "http://www.beklen.hu/fiok/" "Mozilla/5.0 (Windows NT 5.1) AppleWebKit/536.5 (KHTML, like Gecko) Chrome/19.0.1084.56 Safari/536.5"
87.97.116.74 - - [13/Jun/2012:19:15:38 +0200] "GET /fiok/images/a4a.jpg HTTP/1.1" 200 524 "http://www.beklen.hu/fiok/" "Mozilla/5.0 (Windows NT 5.1) AppleWebKit/536.5 (KHTML, like Gecko) Chrome/19.0.1084.56 Safari/536.5"
87.97.116.74 - - [13/Jun/2012:19:15:38 +0200] "GET /fiok/images/b4b.jpg HTTP/1.1" 200 524 "http://www.beklen.hu/fiok/" "Mozilla/5.0 (Windows NT 5.1) AppleWebKit/536.5 (KHTML, like Gecko) Chrome/19.0.1084.56 Safari/536.5"
87.97.116.74 - - [13/Jun/2012:19:15:38 +0200] "GET /fiok/images/d4d.jpg HTTP/1.1" 200 524 "http://www.beklen.hu/fiok/" "Mozilla/5.0 (Windows NT 5.1) AppleWebKit/536.5 (KHTML, like Gecko) Chrome/19.0.1084.56 Safari/536.5"
87.97.116.74 - - [13/Jun/2012:19:15:38 +0200] "GET /fiok/images/c4c.jpg HTTP/1.1" 200 524 "http://www.beklen.hu/fiok/" "Mozilla/5.0 (Windows NT 5.1) AppleWebKit/536.5 (KHTML, like Gecko) Chrome/19.0.1084.56 Safari/536.5"
87.97.116.74 - - [13/Jun/2012:19:15:38 +0200] "GET /fiok/images/e4e.jpg HTTP/1.1" 200 524 "http://www.beklen.hu/fiok/" "Mozilla/5.0 (Windows NT 5.1) AppleWebKit/536.5 (KHTML, like Gecko) Chrome/19.0.1084.56 Safari/536.5"
87.97.116.74 - - [13/Jun/2012:19:15:38 +0200] "GET /lb/images/loading.gif HTTP/1.1" 200 2767 "http://www.beklen.hu/fiok/" "Mozilla/5.0 (Windows NT 5.1) AppleWebKit/536.5 (KHTML, like Gecko) Chrome/19.0.1084.56 Safari/536.5"
87.97.116.74 - - [13/Jun/2012:19:15:38 +0200] "GET /lb/images/closelabel.gif HTTP/1.1" 200 222 "http://www.beklen.hu/fiok/" "Mozilla/5.0 (Windows NT 5.1) AppleWebKit/536.5 (KHTML, like Gecko) Chrome/19.0.1084.56 Safari/536.5"
87.97.116.74 - - [13/Jun/2012:19:15:38 +0200] "GET /favicon.ico HTTP/1.1" 404 1181 "-" "Mozilla/5.0 (Windows NT 5.1) AppleWebKit/536.5 (KHTML, like Gecko) Chrome/19.0.1084.56 Safari/536.5"
208.115.113.84 - - [13/Jun/2012:20:30:32 +0200] "GET /robots.txt HTTP/1.1" 404 1181 "-" "Mozilla/5.0 (compatible; Ezooms/1.0; ezooms.bot@gmail.com)"
31.46.150.113 - - [13/Jun/2012:20:58:22 +0200] "GET /hirek08_11.htm HTTP/1.1" 200 7253 "http://kereso.startlap.hu/?q=M-8+as+nyomvonal&page=1&sise=a&search=google" "Mozilla/4.0 (compatible; MSIE 8.0; Windows NT 5.1; Trident/4.0; .NET CLR 2.0.50727; .NET CLR 1.1.4322; .NET CLR 3.0.4506.2152; .NET CLR 3.5.30729)"
31.46.150.113 - - [13/Jun/2012:20:58:22 +0200] "GET /vill.cs HTTP/1.1" 200 2676 "http://www.beklen.hu/hirek08_11.htm" "Mozilla/4.0 (compatible; MSIE 8.0; Windows NT 5.1; Trident/4.0; .NET CLR 2.0.50727; .NET CLR 1.1.4322; .NET CLR 3.0.4506.2152; .NET CLR 3.5.30729)"
31.46.150.113 - - [13/Jun/2012:20:58:22 +0200] "GET /bg.jpg HTTP/1.1" 200 566 "http://www.beklen.hu/hirek08_11.htm" "Mozilla/4.0 (compatible; MSIE 8.0; Windows NT 5.1; Trident/4.0; .NET CLR 2.0.50727; .NET CLR 1.1.4322; .NET CLR 3.0.4506.2152; .NET CLR 3.5.30729)"
31.46.150.113 - - [13/Jun/2012:20:58:22 +0200] "GET /tm01.jpg HTTP/1.1" 200 1080 "http://www.beklen.hu/hirek08_11.htm" "Mozilla/4.0 (compatible; MSIE 8.0; Windows NT 5.1; Trident/4.0; .NET CLR 2.0.50727; .NET CLR 1.1.4322; .NET CLR 3.0.4506.2152; .NET CLR 3.5.30729)"
31.46.150.113 - - [13/Jun/2012:20:58:22 +0200] "GET /tm03_.jpg HTTP/1.1" 200 1787 "http://www.beklen.hu/hirek08_11.htm" "Mozilla/4.0 (compatible; MSIE 8.0; Windows NT 5.1; Trident/4.0; .NET CLR 2.0.50727; .NET CLR 1.1.4322; .NET CLR 3.0.4506.2152; .NET CLR 3.5.30729)"
31.46.150.113 - - [13/Jun/2012:20:58:22 +0200] "GET /tm02_.jpg HTTP/1.1" 200 1524 "http://www.beklen.hu/hirek08_11.htm" "Mozilla/4.0 (compatible; MSIE 8.0; Windows NT 5.1; Trident/4.0; .NET CLR 2.0.50727; .NET CLR 1.1.4322; .NET CLR 3.0.4506.2152; .NET CLR 3.5.30729)"
31.46.150.113 - - [13/Jun/2012:20:58:22 +0200] "GET /tm04_.jpg HTTP/1.1" 200 2058 "http://www.beklen.hu/hirek08_11.htm" "Mozilla/4.0 (compatible; MSIE 8.0; Windows NT 5.1; Trident/4.0; .NET CLR 2.0.50727; .NET CLR 1.1.4322; .NET CLR 3.0.4506.2152; .NET CLR 3.5.30729)"
31.46.150.113 - - [13/Jun/2012:20:58:22 +0200] "GET /tm07.jpg HTTP/1.1" 200 1007 "http://www.beklen.hu/hirek08_11.htm" "Mozilla/4.0 (compatible; MSIE 8.0; Windows NT 5.1; Trident/4.0; .NET CLR 2.0.50727; .NET CLR 1.1.4322; .NET CLR 3.0.4506.2152; .NET CLR 3.5.30729)"
31.46.150.113 - - [13/Jun/2012:20:58:22 +0200] "GET /tm05_.jpg HTTP/1.1" 200 1839 "http://www.beklen.hu/hirek08_11.htm" "Mozilla/4.0 (compatible; MSIE 8.0; Windows NT 5.1; Trident/4.0; .NET CLR 2.0.50727; .NET CLR 1.1.4322; .NET CLR 3.0.4506.2152; .NET CLR 3.5.30729)"
31.46.150.113 - - [13/Jun/2012:20:58:22 +0200] "GET /tm06_.jpg HTTP/1.1" 200 1382 "http://www.beklen.hu/hirek08_11.htm" "Mozilla/4.0 (compatible; MSIE 8.0; Windows NT 5.1; Trident/4.0; .NET CLR 2.0.50727; .NET CLR 1.1.4322; .NET CLR 3.0.4506.2152; .NET CLR 3.5.30729)"
31.46.150.113 - - [13/Jun/2012:20:58:22 +0200] "GET /bottom_main.jpg HTTP/1.1" 200 96820 "http://www.beklen.hu/hirek08_11.htm" "Mozilla/4.0 (compatible; MSIE 8.0; Windows NT 5.1; Trident/4.0; .NET CLR 2.0.50727; .NET CLR 1.1.4322; .NET CLR 3.0.4506.2152; .NET CLR 3.5.30729)"
31.46.150.113 - - [13/Jun/2012:20:58:22 +0200] "GET /favicon.ico HTTP/1.1" 404 1181 "-" "Mozilla/4.0 (compatible; MSIE 8.0; Windows NT 5.1; Trident/4.0; .NET CLR 2.0.50727; .NET CLR 1.1.4322; .NET CLR 3.0.4506.2152; .NET CLR 3.5.30729)"
31.46.150.113 - - [13/Jun/2012:20:58:22 +0200] "GET /tm02.jpg HTTP/1.1" 200 1873 "http://www.beklen.hu/hirek08_11.htm" "Mozilla/4.0 (compatible; MSIE 8.0; Windows NT 5.1; Trident/4.0; .NET CLR 2.0.50727; .NET CLR 1.1.4322; .NET CLR 3.0.4506.2152; .NET CLR 3.5.30729)"
31.46.150.113 - - [13/Jun/2012:20:58:22 +0200] "GET /tm04.jpg HTTP/1.1" 200 2613 "http://www.beklen.hu/hirek08_11.htm" "Mozilla/4.0 (compatible; MSIE 8.0; Windows NT 5.1; Trident/4.0; .NET CLR 2.0.50727; .NET CLR 1.1.4322; .NET CLR 3.0.4506.2152; .NET CLR 3.5.30729)"
31.46.150.113 - - [13/Jun/2012:20:58:22 +0200] "GET /tm03.jpg HTTP/1.1" 200 2212 "http://www.beklen.hu/hirek08_11.htm" "Mozilla/4.0 (compatible; MSIE 8.0; Windows NT 5.1; Trident/4.0; .NET CLR 2.0.50727; .NET CLR 1.1.4322; .NET CLR 3.0.4506.2152; .NET CLR 3.5.30729)"
31.46.150.113 - - [13/Jun/2012:20:58:22 +0200] "GET /tm05.jpg HTTP/1.1" 200 2253 "http://www.beklen.hu/hirek08_11.htm" "Mozilla/4.0 (compatible; MSIE 8.0; Windows NT 5.1; Trident/4.0; .NET CLR 2.0.50727; .NET CLR 1.1.4322; .NET CLR 3.0.4506.2152; .NET CLR 3.5.30729)"
31.46.150.113 - - [13/Jun/2012:20:58:22 +0200] "GET /tm06.jpg HTTP/1.1" 200 1651 "http://www.beklen.hu/hirek08_11.htm" "Mozilla/4.0 (compatible; MSIE 8.0; Windows NT 5.1; Trident/4.0; .NET CLR 2.0.50727; .NET CLR 1.1.4322; .NET CLR 3.0.4506.2152; .NET CLR 3.5.30729)"
157.55.18.24 - - [13/Jun/2012:21:24:24 +0200] "GET /robots.txt HTTP/1.1" 404 1181 "-" "Mozilla/5.0 (compatible; bingbot/2.0; +http://www.bing.com/bingbot.htm)"
157.55.18.24 - - [13/Jun/2012:21:25:19 +0200] "GET /kapcsolat.htm HTTP/1.1" 200 6889 "-" "Mozilla/5.0 (compatible; bingbot/2.0; +http://www.bing.com/bingbot.htm)"
208.115.113.84 - - [13/Jun/2012:22:11:57 +0200] "GET /jog/publikaciok.htm HTTP/1.1" 200 17866 "-" "Mozilla/5.0 (compatible; Ezooms/1.0; ezooms.bot@gmail.com)"
208.115.113.84 - - [13/Jun/2012:23:57:28 +0200] "GET /robots.txt HTTP/1.1" 404 1181 "-" "Mozilla/5.0 (compatible; Ezooms/1.0; ezooms.bot@gmail.com)"
208.115.113.84 - - [14/Jun/2012:01:38:05 +0200] "GET /jog/publikaciok.htm HTTP/1.1" 200 17866 "-" "Mozilla/5.0 (compatible; Ezooms/1.0; ezooms.bot@gmail.com)"
178.154.210.252 - - [14/Jun/2012:02:33:27 +0200] "GET /robots.txt HTTP/1.1" 404 1181 "-" "Mozilla/5.0 (compatible; YandexBot/3.0; +http://yandex.com/bots)"
89.182.59.85 - - [14/Jun/2012:03:03:32 +0200] "GET /szakmai.htm HTTP/1.1" 200 6054 "-" "findlinks/2.0.2 (+http://wortschatz.uni-leipzig.de/findlinks/)"
141.105.120.152 - - [14/Jun/2012:03:18:07 +0200] "GET /robots.txt HTTP/1.0" 404 1181 "-" "Mozilla/5.0 (compatible; OpenindexDeepSpider/Nutch-1.5-dev; +http://www.openindex.io/en/webmasters/spider.html)"
141.105.120.152 - - [14/Jun/2012:03:18:07 +0200] "GET /jog/pub/rally_kiadvany_mtvsz.pdf HTTP/1.0" 304 - "-" "Mozilla/5.0 (compatible; OpenindexDeepSpider/Nutch-1.5-dev; +http://www.openindex.io/en/webmasters/spider.html)"
208.115.113.84 - - [14/Jun/2012:03:23:49 +0200] "GET /robots.txt HTTP/1.1" 404 1181 "-" "Mozilla/5.0 (compatible; Ezooms/1.0; ezooms.bot@gmail.com)"
141.105.120.152 - - [14/Jun/2012:03:32:50 +0200] "GET /jog/ugyfeljogok.htm HTTP/1.0" 304 - "-" "Mozilla/5.0 (compatible; OpenindexDeepSpider/Nutch-1.5-dev; +http://www.openindex.io/en/webmasters/spider.html)"
208.115.113.84 - - [14/Jun/2012:05:05:08 +0200] "GET /jog/publikaciok.htm HTTP/1.1" 200 17866 "-" "Mozilla/5.0 (compatible; Ezooms/1.0; ezooms.bot@gmail.com)"
65.52.108.46 - - [14/Jun/2012:05:16:23 +0200] "GET /robots.txt HTTP/1.1" 404 1181 "-" "Mozilla/5.0 (compatible; bingbot/2.0; +http://www.bing.com/bingbot.htm)"
65.52.108.46 - - [14/Jun/2012:05:17:21 +0200] "GET /hirek/hirek090605.htm HTTP/1.1" 304 - "-" "Mozilla/5.0 (compatible; bingbot/2.0; +http://www.bing.com/bingbot.htm)"
207.46.199.27 - - [14/Jun/2012:05:18:54 +0200] "GET /hirek/hirek090605.htm HTTP/1.1" 200 7994 "-" "Mozilla/5.0 (Windows NT 6.1; WOW64) AppleWebKit/534+ (KHTML, like Gecko) BingPreview/1.0b"
207.46.199.27 - - [14/Jun/2012:05:18:55 +0200] "GET /vill.cs HTTP/1.1" 200 2676 "http://www.beklen.hu/hirek/hirek090605.htm" "Mozilla/5.0 (Windows NT 6.1; WOW64) AppleWebKit/534+ (KHTML, like Gecko) BingPreview/1.0b"
208.115.113.84 - - [14/Jun/2012:05:44:17 +0200] "GET /robots.txt HTTP/1.1" 404 1181 "-" "Mozilla/5.0 (compatible; Ezooms/1.0; ezooms.bot@gmail.com)"
178.154.210.252 - - [14/Jun/2012:07:02:26 +0200] "GET /index.htm HTTP/1.1" 200 23794 "-" "Mozilla/5.0 (compatible; YandexBot/3.0; +http://yandex.com/bots)"
208.115.113.84 - - [14/Jun/2012:07:24:42 +0200] "GET /jog/publikaciok.htm HTTP/1.1" 200 17866 "-" "Mozilla/5.0 (compatible; Ezooms/1.0; ezooms.bot@gmail.com)"
82.33.181.60 - - [14/Jun/2012:07:58:15 +0200] "GET /robots.txt HTTP/1.0" 404 1181 "-" "Mozilla/5.0 (compatible; MJ12bot/v1.4.3; http://www.majestic12.co.uk/bot.php?+)"
82.33.181.60 - - [14/Jun/2012:07:58:17 +0200] "GET /fiok HTTP/1.0" 301 300 "-" "Mozilla/5.0 (compatible; MJ12bot/v1.4.3; http://www.majestic12.co.uk/bot.php?+)"
82.33.181.60 - - [14/Jun/2012:07:58:18 +0200] "GET /fiok/ HTTP/1.0" 200 20554 "-" "Mozilla/5.0 (compatible; MJ12bot/v1.4.3; http://www.majestic12.co.uk/bot.php?+)"
208.115.113.84 - - [14/Jun/2012:09:09:42 +0200] "GET /robots.txt HTTP/1.1" 404 1181 "-" "Mozilla/5.0 (compatible; Ezooms/1.0; ezooms.bot@gmail.com)"
178.154.210.252 - - [14/Jun/2012:09:19:16 +0200] "GET / HTTP/1.1" 200 23794 "-" "Mozilla/5.0 (compatible; YandexBot/3.0; +http://yandex.com/bots)"
141.105.120.151 - - [14/Jun/2012:09:35:09 +0200] "GET /robots.txt HTTP/1.0" 404 1181 "-" "Mozilla/5.0 (compatible; OpenindexDeepSpider/Nutch-1.5-dev; +http://www.openindex.io/en/webmasters/spider.html)"
141.105.120.151 - - [14/Jun/2012:09:35:09 +0200] "GET /jog/ugyeszsegek.htm HTTP/1.0" 304 - "-" "Mozilla/5.0 (compatible; OpenindexDeepSpider/Nutch-1.5-dev; +http://www.openindex.io/en/webmasters/spider.html)"
208.115.113.84 - - [14/Jun/2012:10:27:47 +0200] "GET /jog/publikaciok.htm HTTP/1.1" 200 17866 "-" "Mozilla/5.0 (compatible; Ezooms/1.0; ezooms.bot@gmail.com)"
208.115.113.84 - - [14/Jun/2012:12:36:47 +0200] "GET /robots.txt HTTP/1.1" 404 1181 "-" "Mozilla/5.0 (compatible; Ezooms/1.0; ezooms.bot@gmail.com)"
213.186.119.135 - - [14/Jun/2012:13:17:33 +0200] "GET /nka.htm HTTP/1.1" 200 6221 "-" "Mozilla/5.0 (compatible; AhrefsBot/3.0; +http://ahrefs.com/robot/)"
157.55.18.24 - - [14/Jun/2012:13:21:02 +0200] "GET /robots.txt HTTP/1.1" 404 1181 "-" "Mozilla/5.0 (compatible; bingbot/2.0; +http://www.bing.com/bingbot.htm)"
213.186.127.8 - - [14/Jun/2012:13:21:48 +0200] "GET /civilmuhely.htm HTTP/1.1" 200 8450 "-" "Mozilla/5.0 (compatible; AhrefsBot/3.0; +http://ahrefs.com/robot/)"
157.55.18.24 - - [14/Jun/2012:13:21:52 +0200] "GET /fiok/kornyezet.htm HTTP/1.1" 304 - "-" "Mozilla/5.0 (compatible; bingbot/2.0; +http://www.bing.com/bingbot.htm)"
213.186.119.133 - - [14/Jun/2012:13:25:03 +0200] "GET /szakmai.htm HTTP/1.1" 200 6054 "-" "Mozilla/5.0 (compatible; AhrefsBot/3.0; +http://ahrefs.com/robot/)"
212.113.35.162 - - [14/Jun/2012:13:28:48 +0200] "GET /jog/index.htm HTTP/1.1" 200 13138 "-" "Mozilla/5.0 (compatible; AhrefsBot/3.0; +http://ahrefs.com/robot/)"
213.186.127.4 - - [14/Jun/2012:13:37:08 +0200] "GET /bunt.htm HTTP/1.1" 200 5683 "-" "Mozilla/5.0 (compatible; AhrefsBot/3.0; +http://ahrefs.com/robot/)"
213.186.119.131 - - [14/Jun/2012:13:43:48 +0200] "GET /khb.htm HTTP/1.1" 200 8719 "-" "Mozilla/5.0 (compatible; AhrefsBot/3.0; +http://ahrefs.com/robot/)"
213.186.127.7 - - [14/Jun/2012:13:51:56 +0200] "GET /hirek/Natura_2000es_gyepgazdalkodas_eloirasai.ppt HTTP/1.1" 200 19926 "-" "Mozilla/5.0 (compatible; AhrefsBot/3.0; +http://ahrefs.com/robot/)"
213.186.119.141 - - [14/Jun/2012:13:58:48 +0200] "GET /nca.htm HTTP/1.1" 200 7467 "-" "Mozilla/5.0 (compatible; AhrefsBot/3.0; +http://ahrefs.com/robot/)"
213.186.119.142 - - [14/Jun/2012:14:10:03 +0200] "GET /ncta.htm HTTP/1.1" 200 7221 "-" "Mozilla/5.0 (compatible; AhrefsBot/3.0; +http://ahrefs.com/robot/)"
208.107.186.77 - - [14/Jun/2012:14:12:34 +0200] "GET /robots.txt HTTP/1.0" 404 1181 "-" "Mozilla/5.0 (compatible; MJ12bot/v1.4.3; http://www.majestic12.co.uk/bot.php?+)"
208.107.186.77 - - [14/Jun/2012:14:12:36 +0200] "GET / HTTP/1.1" 200 23794 "-" "Mozilla/5.0 (compatible; MJ12bot/v1.4.3; http://www.majestic12.co.uk/bot.php?+)"
213.186.119.135 - - [14/Jun/2012:14:13:48 +0200] "GET /hirek/jelentkezesi_lap.doc HTTP/1.1" 200 19937 "-" "Mozilla/5.0 (compatible; AhrefsBot/3.0; +http://ahrefs.com/robot/)"
208.115.113.84 - - [14/Jun/2012:14:17:56 +0200] "GET /jog/publikaciok.htm HTTP/1.1" 200 17866 "-" "Mozilla/5.0 (compatible; Ezooms/1.0; ezooms.bot@gmail.com)"
66.249.72.2 - - [14/Jun/2012:14:41:45 +0200] "GET /robots.txt HTTP/1.1" 404 1181 "-" "Mozilla/5.0 (compatible; Googlebot/2.1; +http://www.google.com/bot.html)"
66.249.72.2 - - [14/Jun/2012:14:41:45 +0200] "GET /hirek/hirek091103.htm HTTP/1.1" 304 - "-" "Mozilla/5.0 (iPhone; U; CPU iPhone OS 4_1 like Mac OS X; en-us) AppleWebKit/532.9 (KHTML, like Gecko) Version/4.0.5 Mobile/8B117 Safari/6531.22.7 (compatible; Googlebot-Mobile/2.1; +http://www.google.com/bot.html)"
208.115.113.84 - - [14/Jun/2012:16:02:25 +0200] "GET /robots.txt HTTP/1.1" 404 1181 "-" "Mozilla/5.0 (compatible; Ezooms/1.0; ezooms.bot@gmail.com)"
193.47.80.41 - - [14/Jun/2012:16:35:21 +0200] "GET /robots.txt HTTP/1.1" 404 1181 "-" "Mozilla/5.0 (compatible; Exabot/3.0; +http://www.exabot.com/go/robot)"
193.47.80.41 - - [14/Jun/2012:16:35:21 +0200] "GET /english/programs.htm HTTP/1.1" 304 - "-" "Mozilla/5.0 (compatible; Exabot/3.0; +http://www.exabot.com/go/robot)"
208.115.113.84 - - [14/Jun/2012:17:43:43 +0200] "GET /jog/publikaciok.htm HTTP/1.1" 200 17866 "-" "Mozilla/5.0 (compatible; Ezooms/1.0; ezooms.bot@gmail.com)"
208.115.113.84 - - [14/Jun/2012:19:28:58 +0200] "GET /robots.txt HTTP/1.1" 404 1181 "-" "Mozilla/5.0 (compatible; Ezooms/1.0; ezooms.bot@gmail.com)"
208.115.113.84 - - [14/Jun/2012:21:43:15 +0200] "GET /robots.txt HTTP/1.1" 404 1181 "-" "Mozilla/5.0 (compatible; Ezooms/1.0; ezooms.bot@gmail.com)"
193.30.164.16 - - [14/Jun/2012:22:21:53 +0200] "GET / HTTP/1.1" 200 23794 "http://www.google.hu/imgres?hl=hu&sa=X&biw=1440&bih=678&tbm=isch&prmd=imvnso&tbnid=ud2Id4uXTY32sM:&imgrefurl=http://www.beklen.hu/&docid=Sbc-Em3IScxSoM&imgurl=http://www.beklen.hu/a1_projekt_tabla_infra_cs3_beklenhaz.jpg&w=600&h=849&ei=dkfaT9L8LY3Wsgbc3bnfAg&zoom=1&iact=hc&vpx=400&vpy=174&dur=761&hovh=267&hovw=189&tx=69&ty=89&sig=108482758712475920367&page=2&tbnh=151&tbnw=107&start=18&ndsp=25&ved=1t:429,r:13,s:18,i:170" "Mozilla/5.0 (Windows NT 5.1; rv:10.0.2) Gecko/20100101 Firefox/10.0.2"
193.30.164.16 - - [14/Jun/2012:22:21:53 +0200] "GET /a1_projekt_tabla_infra_cs3_beklenhaz.jpg HTTP/1.1" 200 73344 "http://www.google.hu/imgres?hl=hu&sa=X&biw=1440&bih=678&tbm=isch&prmd=imvnso&tbnid=ud2Id4uXTY32sM:&imgrefurl=http://www.beklen.hu/&docid=Sbc-Em3IScxSoM&imgurl=http://www.beklen.hu/a1_projekt_tabla_infra_cs3_beklenhaz.jpg&w=600&h=849&ei=dkfaT9L8LY3Wsgbc3bnfAg&zoom=1&iact=hc&vpx=400&vpy=174&dur=761&hovh=267&hovw=189&tx=69&ty=89&sig=108482758712475920367&page=2&tbnh=151&tbnw=107&start=18&ndsp=25&ved=1t:429,r:13,s:18,i:170" "Mozilla/5.0 (Windows NT 5.1; rv:10.0.2) Gecko/20100101 Firefox/10.0.2"
193.30.164.16 - - [14/Jun/2012:22:21:54 +0200] "GET /vill.cs HTTP/1.1" 200 2676 "http://www.beklen.hu/" "Mozilla/5.0 (Windows NT 5.1; rv:10.0.2) Gecko/20100101 Firefox/10.0.2"
193.30.164.16 - - [14/Jun/2012:22:21:54 +0200] "GET /tm02.jpg HTTP/1.1" 200 1873 "http://www.beklen.hu/" "Mozilla/5.0 (Windows NT 5.1; rv:10.0.2) Gecko/20100101 Firefox/10.0.2"
193.30.164.16 - - [14/Jun/2012:22:21:54 +0200] "GET /tm01.jpg HTTP/1.1" 200 1080 "http://www.beklen.hu/" "Mozilla/5.0 (Windows NT 5.1; rv:10.0.2) Gecko/20100101 Firefox/10.0.2"
193.30.164.16 - - [14/Jun/2012:22:21:54 +0200] "GET /lb/css/lightbox.css HTTP/1.1" 200 1715 "http://www.beklen.hu/" "Mozilla/5.0 (Windows NT 5.1; rv:10.0.2) Gecko/20100101 Firefox/10.0.2"
193.30.164.16 - - [14/Jun/2012:22:21:54 +0200] "GET /lb/js/scriptaculous.js?load=effects HTTP/1.1" 200 2152 "http://www.beklen.hu/" "Mozilla/5.0 (Windows NT 5.1; rv:10.0.2) Gecko/20100101 Firefox/10.0.2"
193.30.164.16 - - [14/Jun/2012:22:21:54 +0200] "GET /lb/js/lightbox.js HTTP/1.1" 200 23424 "http://www.beklen.hu/" "Mozilla/5.0 (Windows NT 5.1; rv:10.0.2) Gecko/20100101 Firefox/10.0.2"
193.30.164.16 - - [14/Jun/2012:22:21:54 +0200] "GET /tm04_.jpg HTTP/1.1" 200 2058 "http://www.beklen.hu/" "Mozilla/5.0 (Windows NT 5.1; rv:10.0.2) Gecko/20100101 Firefox/10.0.2"
193.30.164.16 - - [14/Jun/2012:22:21:54 +0200] "GET /tm06_.jpg HTTP/1.1" 200 1382 "http://www.beklen.hu/" "Mozilla/5.0 (Windows NT 5.1; rv:10.0.2) Gecko/20100101 Firefox/10.0.2"
193.30.164.16 - - [14/Jun/2012:22:21:54 +0200] "GET /lb/js/prototype.js HTTP/1.1" 200 47603 "http://www.beklen.hu/" "Mozilla/5.0 (Windows NT 5.1; rv:10.0.2) Gecko/20100101 Firefox/10.0.2"
193.30.164.16 - - [14/Jun/2012:22:21:54 +0200] "GET /tm03_.jpg HTTP/1.1" 200 1787 "http://www.beklen.hu/" "Mozilla/5.0 (Windows NT 5.1; rv:10.0.2) Gecko/20100101 Firefox/10.0.2"
193.30.164.16 - - [14/Jun/2012:22:21:54 +0200] "GET /tm05_.jpg HTTP/1.1" 200 1839 "http://www.beklen.hu/" "Mozilla/5.0 (Windows NT 5.1; rv:10.0.2) Gecko/20100101 Firefox/10.0.2"
193.30.164.16 - - [14/Jun/2012:22:21:54 +0200] "GET /tm07.jpg HTTP/1.1" 200 1007 "http://www.beklen.hu/" "Mozilla/5.0 (Windows NT 5.1; rv:10.0.2) Gecko/20100101 Firefox/10.0.2"
193.30.164.16 - - [14/Jun/2012:22:21:54 +0200] "GET /a1_projekt_tabla_infra_cs3_beklenhaz_.jpg HTTP/1.1" 200 8994 "http://www.beklen.hu/" "Mozilla/5.0 (Windows NT 5.1; rv:10.0.2) Gecko/20100101 Firefox/10.0.2"
193.30.164.16 - - [14/Jun/2012:22:21:54 +0200] "GET /jog_honlap_.jpg HTTP/1.1" 200 7186 "http://www.beklen.hu/" "Mozilla/5.0 (Windows NT 5.1; rv:10.0.2) Gecko/20100101 Firefox/10.0.2"
193.30.164.16 - - [14/Jun/2012:22:21:54 +0200] "GET /lb/js/effects.js HTTP/1.1" 200 31969 "http://www.beklen.hu/" "Mozilla/5.0 (Windows NT 5.1; rv:10.0.2) Gecko/20100101 Firefox/10.0.2"
193.30.164.16 - - [14/Jun/2012:22:21:55 +0200] "GET /bg.jpg HTTP/1.1" 200 566 "http://www.beklen.hu/" "Mozilla/5.0 (Windows NT 5.1; rv:10.0.2) Gecko/20100101 Firefox/10.0.2"
193.30.164.16 - - [14/Jun/2012:22:21:57 +0200] "GET /bottom_main.jpg HTTP/1.1" 200 96820 "http://www.beklen.hu/vill.cs" "Mozilla/5.0 (Windows NT 5.1; rv:10.0.2) Gecko/20100101 Firefox/10.0.2"
193.30.164.16 - - [14/Jun/2012:22:21:58 +0200] "GET /nimfea_project_250x250.gif HTTP/1.1" 200 2986583 "http://www.beklen.hu/" "Mozilla/5.0 (Windows NT 5.1; rv:10.0.2) Gecko/20100101 Firefox/10.0.2"
193.30.164.16 - - [14/Jun/2012:22:21:59 +0200] "GET /tm04.jpg HTTP/1.1" 200 2613 "http://www.beklen.hu/" "Mozilla/5.0 (Windows NT 5.1; rv:10.0.2) Gecko/20100101 Firefox/10.0.2"
193.30.164.16 - - [14/Jun/2012:22:21:59 +0200] "GET /lb/images/closelabel.gif HTTP/1.1" 200 222 "http://www.beklen.hu/" "Mozilla/5.0 (Windows NT 5.1; rv:10.0.2) Gecko/20100101 Firefox/10.0.2"
193.30.164.16 - - [14/Jun/2012:22:21:59 +0200] "GET /tm02_.jpg HTTP/1.1" 200 1524 "http://www.beklen.hu/" "Mozilla/5.0 (Windows NT 5.1; rv:10.0.2) Gecko/20100101 Firefox/10.0.2"
193.30.164.16 - - [14/Jun/2012:22:21:59 +0200] "GET /tm05.jpg HTTP/1.1" 200 2253 "http://www.beklen.hu/" "Mozilla/5.0 (Windows NT 5.1; rv:10.0.2) Gecko/20100101 Firefox/10.0.2"
193.30.164.16 - - [14/Jun/2012:22:21:59 +0200] "GET /tm06.jpg HTTP/1.1" 200 1651 "http://www.beklen.hu/" "Mozilla/5.0 (Windows NT 5.1; rv:10.0.2) Gecko/20100101 Firefox/10.0.2"
193.30.164.16 - - [14/Jun/2012:22:21:59 +0200] "GET /lb/images/loading.gif HTTP/1.1" 200 2767 "http://www.beklen.hu/" "Mozilla/5.0 (Windows NT 5.1; rv:10.0.2) Gecko/20100101 Firefox/10.0.2"
193.30.164.16 - - [14/Jun/2012:22:21:59 +0200] "GET /tm03.jpg HTTP/1.1" 200 2212 "http://www.beklen.hu/" "Mozilla/5.0 (Windows NT 5.1; rv:10.0.2) Gecko/20100101 Firefox/10.0.2"
193.30.164.16 - - [14/Jun/2012:22:22:50 +0200] "GET /lb/js/scriptaculous.js?load=effects HTTP/1.1" 304 - "http://www.beklen.hu/" "Mozilla/5.0 (Windows NT 5.1; rv:10.0.2) Gecko/20100101 Firefox/10.0.2"
193.30.164.16 - - [14/Jun/2012:22:22:50 +0200] "GET /favicon.ico HTTP/1.1" 404 1181 "-" "Mozilla/5.0 (Windows NT 5.1; rv:10.0.2) Gecko/20100101 Firefox/10.0.2"
193.30.164.16 - - [14/Jun/2012:22:22:50 +0200] "GET /favicon.ico HTTP/1.1" 404 1181 "-" "Mozilla/5.0 (Windows NT 5.1; rv:10.0.2) Gecko/20100101 Firefox/10.0.2"
193.30.164.16 - - [14/Jun/2012:22:23:28 +0200] "GET /fiok/index.html HTTP/1.1" 200 20554 "http://www.beklen.hu/" "Mozilla/5.0 (Windows NT 5.1; rv:10.0.2) Gecko/20100101 Firefox/10.0.2"
66.249.72.2 - - [14/Jun/2012:22:40:15 +0200] "GET /jog/eseteink/korosladany/srbvadi_srb.pdf HTTP/1.1" 304 - "-" "Mozilla/5.0 (compatible; Googlebot/2.1; +http://www.google.com/bot.html)"
208.115.113.84 - - [14/Jun/2012:23:16:43 +0200] "GET /robots.txt HTTP/1.1" 404 1181 "-" "Mozilla/5.0 (compatible; Ezooms/1.0; ezooms.bot@gmail.com)"
38.111.147.84 - - [14/Jun/2012:23:58:15 +0200] "GET /robots.txt HTTP/1.0" 404 1181 "-" "TurnitinBot/2.1 (http://www.turnitin.com/robot/crawlerinfo.html)"
38.111.147.84 - - [14/Jun/2012:23:58:45 +0200] "GET /programok.htm HTTP/1.0" 200 6444 "-" "TurnitinBot/2.1 (http://www.turnitin.com/robot/crawlerinfo.html)"
38.111.147.84 - - [14/Jun/2012:23:59:20 +0200] "GET /media.htm HTTP/1.0" 200 5208 "-" "TurnitinBot/2.1 (http://www.turnitin.com/robot/crawlerinfo.html)"
38.111.147.84 - - [14/Jun/2012:23:59:54 +0200] "GET /magunkrol.htm HTTP/1.0" 200 9202 "-" "TurnitinBot/2.1 (http://www.turnitin.com/robot/crawlerinfo.html)"
38.111.147.84 - - [15/Jun/2012:00:00:28 +0200] "GET /kapcsolat.htm HTTP/1.0" 200 6889 "-" "TurnitinBot/2.1 (http://www.turnitin.com/robot/crawlerinfo.html)"
38.111.147.84 - - [15/Jun/2012:00:01:02 +0200] "GET /index.htm HTTP/1.0" 200 23794 "-" "TurnitinBot/2.1 (http://www.turnitin.com/robot/crawlerinfo.html)"
38.111.147.84 - - [15/Jun/2012:00:01:33 +0200] "GET /hirek/klimatv_civilcikk.doc HTTP/1.0" 200 78336 "-" "TurnitinBot/2.1 (http://www.turnitin.com/robot/crawlerinfo.html)"
38.111.147.84 - - [15/Jun/2012:00:02:06 +0200] "GET /hirek/hirek120207.htm HTTP/1.0" 200 6586 "-" "TurnitinBot/2.1 (http://www.turnitin.com/robot/crawlerinfo.html)"
38.111.147.84 - - [15/Jun/2012:00:02:44 +0200] "GET /hirek/hirek120120.htm HTTP/1.0" 200 6634 "-" "TurnitinBot/2.1 (http://www.turnitin.com/robot/crawlerinfo.html)"
38.111.147.84 - - [15/Jun/2012:00:03:20 +0200] "GET /hirek/hirek101213.htm HTTP/1.0" 200 8671 "-" "TurnitinBot/2.1 (http://www.turnitin.com/robot/crawlerinfo.html)"
38.111.147.84 - - [15/Jun/2012:00:03:58 +0200] "GET /hirek/hirek101027.htm HTTP/1.0" 200 9627 "-" "TurnitinBot/2.1 (http://www.turnitin.com/robot/crawlerinfo.html)"
38.111.147.84 - - [15/Jun/2012:00:04:35 +0200] "GET /hirek/hirek101025.htm HTTP/1.0" 200 8786 "-" "TurnitinBot/2.1 (http://www.turnitin.com/robot/crawlerinfo.html)"
38.111.147.84 - - [15/Jun/2012:00:04:38 +0200] "GET /robots.txt HTTP/1.0" 404 1181 "-" "TurnitinBot/2.1 (http://www.turnitin.com/robot/crawlerinfo.html)"
66.249.72.2 - - [15/Jun/2012:00:04:48 +0200] "GET /hirek/hirek090215.htm HTTP/1.1" 200 9398 "-" "Mozilla/5.0 (compatible; Googlebot/2.1; +http://www.google.com/bot.html)"
38.111.147.84 - - [15/Jun/2012:00:05:23 +0200] "GET /hirek/hirek100810.htm HTTP/1.0" 200 8123 "-" "TurnitinBot/2.1 (http://www.turnitin.com/robot/crawlerinfo.html)"
38.111.147.84 - - [15/Jun/2012:00:06:09 +0200] "GET /hirek/hirek100804.htm HTTP/1.0" 200 8056 "-" "TurnitinBot/2.1 (http://www.turnitin.com/robot/crawlerinfo.html)"
38.111.147.84 - - [15/Jun/2012:00:06:58 +0200] "GET / HTTP/1.0" 304 - "-" "TurnitinBot/2.1 (http://www.turnitin.com/robot/crawlerinfo.html)"
38.111.147.84 - - [15/Jun/2012:00:07:47 +0200] "GET / HTTP/1.0" 304 - "-" "TurnitinBot/2.1 (http://www.turnitin.com/robot/crawlerinfo.html)"
208.115.113.84 - - [15/Jun/2012:00:54:34 +0200] "GET /jog/publikaciok.htm HTTP/1.1" 200 17866 "-" "Mozilla/5.0 (compatible; Ezooms/1.0; ezooms.bot@gmail.com)"
141.105.120.154 - - [15/Jun/2012:01:18:48 +0200] "GET /robots.txt HTTP/1.0" 404 1181 "-" "Mozilla/5.0 (compatible; OpenindexDeepSpider/Nutch-1.5-dev; +http://www.openindex.io/en/webmasters/spider.html)"
141.105.120.154 - - [15/Jun/2012:01:18:48 +0200] "GET /jog/jogsegely.htm HTTP/1.0" 304 - "-" "Mozilla/5.0 (compatible; OpenindexDeepSpider/Nutch-1.5-dev; +http://www.openindex.io/en/webmasters/spider.html)"
141.105.120.154 - - [15/Jun/2012:01:20:32 +0200] "GET /jog/zoldombudsman.htm HTTP/1.0" 304 - "-" "Mozilla/5.0 (compatible; OpenindexDeepSpider/Nutch-1.5-dev; +http://www.openindex.io/en/webmasters/spider.html)"
207.46.13.100 - - [15/Jun/2012:01:22:17 +0200] "GET /robots.txt HTTP/1.1" 404 1181 "-" "Mozilla/5.0 (compatible; bingbot/2.0; +http://www.bing.com/bingbot.htm)"
141.105.120.154 - - [15/Jun/2012:01:26:22 +0200] "GET /jog/polgariper.htm HTTP/1.0" 304 - "-" "Mozilla/5.0 (compatible; OpenindexDeepSpider/Nutch-1.5-dev; +http://www.openindex.io/en/webmasters/spider.html)"
207.46.13.100 - - [15/Jun/2012:01:43:54 +0200] "GET /english/index.htm HTTP/1.1" 200 5262 "-" "Mozilla/5.0 (compatible; bingbot/2.0; +http://www.bing.com/bingbot.htm)"
141.105.120.154 - - [15/Jun/2012:01:44:34 +0200] "GET /hirek/hirek090301.htm HTTP/1.0" 304 - "-" "Mozilla/5.0 (compatible; OpenindexDeepSpider/Nutch-1.5-dev; +http://www.openindex.io/en/webmasters/spider.html)"
208.115.113.84 - - [15/Jun/2012:01:47:33 +0200] "GET /robots.txt HTTP/1.1" 404 1181 "-" "Mozilla/5.0 (compatible; Ezooms/1.0; ezooms.bot@gmail.com)"
178.154.210.252 - - [15/Jun/2012:02:38:14 +0200] "GET /robots.txt HTTP/1.1" 404 1181 "-" "Mozilla/5.0 (compatible; YandexBot/3.0; +http://yandex.com/bots)"
178.154.210.252 - - [15/Jun/2012:03:05:13 +0200] "GET /index.htm HTTP/1.1" 200 23794 "-" "Mozilla/5.0 (compatible; YandexBot/3.0; +http://yandex.com/bots)"
208.115.113.84 - - [15/Jun/2012:03:25:52 +0200] "GET /jog/publikaciok.htm HTTP/1.1" 200 17866 "-" "Mozilla/5.0 (compatible; Ezooms/1.0; ezooms.bot@gmail.com)"
208.115.113.84 - - [15/Jun/2012:05:13:21 +0200] "GET /robots.txt HTTP/1.1" 404 1181 "-" "Mozilla/5.0 (compatible; Ezooms/1.0; ezooms.bot@gmail.com)"
208.115.113.84 - - [15/Jun/2012:06:53:51 +0200] "GET /jog/publikaciok.htm HTTP/1.1" 200 17866 "-" "Mozilla/5.0 (compatible; Ezooms/1.0; ezooms.bot@gmail.com)"
141.105.120.151 - - [15/Jun/2012:07:18:31 +0200] "GET /robots.txt HTTP/1.0" 404 1181 "-" "Mozilla/5.0 (compatible; OpenindexDeepSpider/Nutch-1.5-dev; +http://www.openindex.io/en/webmasters/spider.html)"
141.105.120.151 - - [15/Jun/2012:07:18:31 +0200] "GET /jog/eseteink.htm HTTP/1.0" 304 - "-" "Mozilla/5.0 (compatible; OpenindexDeepSpider/Nutch-1.5-dev; +http://www.openindex.io/en/webmasters/spider.html)"
208.115.113.84 - - [15/Jun/2012:08:38:51 +0200] "GET /robots.txt HTTP/1.1" 404 1181 "-" "Mozilla/5.0 (compatible; Ezooms/1.0; ezooms.bot@gmail.com)"
178.154.210.252 - - [15/Jun/2012:08:43:17 +0200] "GET /hirek/hirek091015.htm HTTP/1.1" 304 - "-" "Mozilla/5.0 (compatible; YandexBot/3.0; +http://yandex.com/bots)"
208.115.113.84 - - [15/Jun/2012:10:20:08 +0200] "GET /jog/publikaciok.htm HTTP/1.1" 200 17866 "-" "Mozilla/5.0 (compatible; Ezooms/1.0; ezooms.bot@gmail.com)"
178.154.210.252 - - [15/Jun/2012:10:42:40 +0200] "GET /fiok/index.html HTTP/1.1" 304 - "-" "Mozilla/5.0 (compatible; YandexBot/3.0; +http://yandex.com/bots)"
66.249.72.240 - - [15/Jun/2012:11:13:43 +0200] "GET /robots.txt HTTP/1.1" 404 1181 "-" "Mozilla/5.0 (compatible; Googlebot/2.1; +http://www.google.com/bot.html)"
66.249.72.240 - - [15/Jun/2012:11:13:44 +0200] "GET / HTTP/1.1" 304 - "-" "Mozilla/5.0 (compatible; Googlebot/2.1; +http://www.google.com/bot.html)"
66.249.72.2 - - [15/Jun/2012:11:14:10 +0200] "GET /robots.txt HTTP/1.1" 404 1181 "-" "Mozilla/5.0 (compatible; Googlebot/2.1; +http://www.google.com/bot.html)"
66.249.72.2 - - [15/Jun/2012:11:14:10 +0200] "GET /hirek/Microsoft%20Word%20-%20csongradi%20duzzaszto%20velemeny%202009.06.11..doc.pdf HTTP/1.1" 304 - "-" "Mozilla/5.0 (compatible; Googlebot/2.1; +http://www.google.com/bot.html)"
66.249.72.2 - - [15/Jun/2012:11:47:40 +0200] "GET /jog/eseteink/autopalya/m85-itelet.pdf HTTP/1.1" 304 - "-" "Mozilla/5.0 (compatible; Googlebot/2.1; +http://www.google.com/bot.html)"
66.249.72.2 - - [15/Jun/2012:12:02:06 +0200] "GET /fiok/program_reszek/erdei_iskola.htm HTTP/1.1" 200 21601 "-" "Mozilla/5.0 (compatible; Googlebot/2.1; +http://www.google.com/bot.html)"
208.115.113.84 - - [15/Jun/2012:12:05:56 +0200] "GET /robots.txt HTTP/1.1" 404 1181 "-" "Mozilla/5.0 (compatible; Ezooms/1.0; ezooms.bot@gmail.com)"
66.249.72.2 - - [15/Jun/2012:12:26:47 +0200] "GET /fiok/program_reszek/news.html HTTP/1.1" 404 1181 "-" "Mozilla/5.0 (compatible; Googlebot/2.1; +http://www.google.com/bot.html)"
208.115.113.84 - - [15/Jun/2012:13:46:47 +0200] "GET /jog/publikaciok.htm HTTP/1.1" 200 17866 "-" "Mozilla/5.0 (compatible; Ezooms/1.0; ezooms.bot@gmail.com)"
66.249.72.2 - - [15/Jun/2012:14:25:38 +0200] "GET /hirek/hirek091015.htm HTTP/1.1" 200 7046 "-" "Mozilla/5.0 (compatible; Googlebot/2.1; +http://www.google.com/bot.html)"
208.115.113.84 - - [15/Jun/2012:15:30:50 +0200] "GET /robots.txt HTTP/1.1" 404 1181 "-" "Mozilla/5.0 (compatible; Ezooms/1.0; ezooms.bot@gmail.com)"
66.249.72.2 - - [15/Jun/2012:15:46:58 +0200] "GET /fiok/program_reszek/images/index_16_16.JPG HTTP/1.1" 200 13468 "-" "Mozilla/5.0 (compatible; Googlebot/2.1; +http://www.google.com/bot.html)"
66.249.72.2 - - [15/Jun/2012:15:47:00 +0200] "GET /fiok/program_reszek/images/index_17_17.jpg HTTP/1.1" 200 2374 "-" "Mozilla/5.0 (compatible; Googlebot/2.1; +http://www.google.com/bot.html)"
66.249.72.2 - - [15/Jun/2012:15:47:02 +0200] "GET /fiok/program_reszek/programok/28.jpg HTTP/1.1" 200 206789 "-" "Mozilla/5.0 (compatible; Googlebot/2.1; +http://www.google.com/bot.html)"
66.249.72.2 - - [15/Jun/2012:15:47:03 +0200] "GET /fiok/program_reszek/programok/27.jpg HTTP/1.1" 200 146348 "-" "Mozilla/5.0 (compatible; Googlebot/2.1; +http://www.google.com/bot.html)"
66.249.72.2 - - [15/Jun/2012:15:47:03 +0200] "GET /fiok/program_reszek/images/b12.jpg HTTP/1.1" 200 544 "-" "Mozilla/5.0 (compatible; Googlebot/2.1; +http://www.google.com/bot.html)"
66.249.72.2 - - [15/Jun/2012:15:47:04 +0200] "GET /fiok/program_reszek/images/index_24.gif HTTP/1.1" 200 227 "-" "Mozilla/5.0 (compatible; Googlebot/2.1; +http://www.google.com/bot.html)"
66.249.72.2 - - [15/Jun/2012:15:47:05 +0200] "GET /fiok/program_reszek/images/index_28.gif HTTP/1.1" 200 262 "-" "Mozilla/5.0 (compatible; Googlebot/2.1; +http://www.google.com/bot.html)"
66.249.72.2 - - [15/Jun/2012:15:47:06 +0200] "GET /fiok/program_reszek/images/index_18_18.JPG HTTP/1.1" 200 15778 "-" "Mozilla/5.0 (compatible; Googlebot/2.1; +http://www.google.com/bot.html)"
66.249.72.2 - - [15/Jun/2012:15:47:07 +0200] "GET /fiok/program_reszek/images/e4e.jpg HTTP/1.1" 200 524 "-" "Mozilla/5.0 (compatible; Googlebot/2.1; +http://www.google.com/bot.html)"
66.249.72.2 - - [15/Jun/2012:15:47:10 +0200] "GET /fiok/program_reszek/images/a4a.jpg HTTP/1.1" 200 524 "-" "Mozilla/5.0 (compatible; Googlebot/2.1; +http://www.google.com/bot.html)"
66.249.72.2 - - [15/Jun/2012:15:47:11 +0200] "GET /fiok/program_reszek/images/index_13.gif HTTP/1.1" 200 149 "-" "Mozilla/5.0 (compatible; Googlebot/2.1; +http://www.google.com/bot.html)"
66.249.72.2 - - [15/Jun/2012:15:47:12 +0200] "GET /fiok/program_reszek/images/b4b.jpg HTTP/1.1" 200 524 "-" "Mozilla/5.0 (compatible; Googlebot/2.1; +http://www.google.com/bot.html)"
66.249.72.2 - - [15/Jun/2012:15:47:12 +0200] "GET /fiok/program_reszek/images/d4d.jpg HTTP/1.1" 200 524 "-" "Mozilla/5.0 (compatible; Googlebot/2.1; +http://www.google.com/bot.html)"
66.249.72.2 - - [15/Jun/2012:15:47:15 +0200] "GET /fiok/program_reszek/images/index_15_15.JPG HTTP/1.1" 200 20275 "-" "Mozilla/5.0 (compatible; Googlebot/2.1; +http://www.google.com/bot.html)"
66.249.72.2 - - [15/Jun/2012:15:47:16 +0200] "GET /fiok/program_reszek/images/index_27_27.jpg HTTP/1.1" 200 12876 "-" "Mozilla/5.0 (compatible; Googlebot/2.1; +http://www.google.com/bot.html)"
66.249.72.2 - - [15/Jun/2012:15:47:17 +0200] "GET /fiok/program_reszek/images/index_26.gif HTTP/1.1" 200 121 "-" "Mozilla/5.0 (compatible; Googlebot/2.1; +http://www.google.com/bot.html)"
66.249.72.2 - - [15/Jun/2012:15:47:18 +0200] "GET /fiok/program_reszek/images/spacer.gif HTTP/1.1" 200 43 "-" "Mozilla/5.0 (compatible; Googlebot/2.1; +http://www.google.com/bot.html)"
66.249.72.2 - - [15/Jun/2012:15:47:19 +0200] "GET /fiok/program_reszek/images/index_12_12.JPG HTTP/1.1" 200 985 "-" "Mozilla/5.0 (compatible; Googlebot/2.1; +http://www.google.com/bot.html)"
66.249.72.2 - - [15/Jun/2012:15:47:20 +0200] "GET /fiok/program_reszek/images/c4c.jpg HTTP/1.1" 200 524 "-" "Mozilla/5.0 (compatible; Googlebot/2.1; +http://www.google.com/bot.html)"
66.249.72.2 - - [15/Jun/2012:15:47:21 +0200] "GET /fiok/program_reszek/images/index_14_14.JPG HTTP/1.1" 200 9305 "-" "Mozilla/5.0 (compatible; Googlebot/2.1; +http://www.google.com/bot.html)"
66.249.72.2 - - [15/Jun/2012:15:47:22 +0200] "GET /fiok/program_reszek/images/index_19_19.JPG HTTP/1.1" 200 3123 "-" "Mozilla/5.0 (compatible; Googlebot/2.1; +http://www.google.com/bot.html)"
66.249.72.2 - - [15/Jun/2012:15:47:23 +0200] "GET /fiok/program_reszek/images/index_02_02.JPG HTTP/1.1" 200 1178 "-" "Mozilla/5.0 (compatible; Googlebot/2.1; +http://www.google.com/bot.html)"
66.249.72.2 - - [15/Jun/2012:15:47:24 +0200] "GET /fiok/program_reszek/images/index_22.gif HTTP/1.1" 200 227 "-" "Mozilla/5.0 (compatible; Googlebot/2.1; +http://www.google.com/bot.html)"
66.249.72.2 - - [15/Jun/2012:15:47:25 +0200] "GET /fiok/program_reszek/images/index_11.gif HTTP/1.1" 200 74 "-" "Mozilla/5.0 (compatible; Googlebot/2.1; +http://www.google.com/bot.html)"
66.249.72.2 - - [15/Jun/2012:15:47:26 +0200] "GET /fiok/program_reszek/images/index_25.gif HTTP/1.1" 200 708 "-" "Mozilla/5.0 (compatible; Googlebot/2.1; +http://www.google.com/bot.html)"
157.55.18.24 - - [15/Jun/2012:16:02:37 +0200] "GET /robots.txt HTTP/1.1" 404 1181 "-" "Mozilla/5.0 (compatible; bingbot/2.0; +http://www.bing.com/bingbot.htm)"
207.46.204.213 - - [15/Jun/2012:16:05:05 +0200] "GET /kapcsolat.htm HTTP/1.1" 200 6889 "-" "Mozilla/5.0 (Windows NT 6.1; WOW64) AppleWebKit/534+ (KHTML, like Gecko) BingPreview/1.0b"
207.46.204.213 - - [15/Jun/2012:16:05:05 +0200] "GET /vill.cs HTTP/1.1" 200 2676 "http://www.beklen.hu/kapcsolat.htm" "Mozilla/5.0 (Windows NT 6.1; WOW64) AppleWebKit/534+ (KHTML, like Gecko) BingPreview/1.0b"
208.115.113.84 - - [15/Jun/2012:16:06:31 +0200] "GET /robots.txt HTTP/1.1" 404 1181 "-" "Mozilla/5.0 (compatible; Ezooms/1.0; ezooms.bot@gmail.com)"
178.154.210.252 - - [15/Jun/2012:16:37:21 +0200] "GET /fiok/ HTTP/1.1" 304 - "-" "Mozilla/5.0 (compatible; YandexBot/3.0; +http://yandex.com/bots)"
208.115.113.84 - - [15/Jun/2012:16:39:04 +0200] "GET /robots.txt HTTP/1.1" 404 1181 "-" "Mozilla/5.0 (compatible; Ezooms/1.0; ezooms.bot@gmail.com)"
208.115.113.84 - - [15/Jun/2012:18:09:49 +0200] "GET /robots.txt HTTP/1.1" 404 1181 "-" "Mozilla/5.0 (compatible; Ezooms/1.0; ezooms.bot@gmail.com)"
208.115.113.84 - - [15/Jun/2012:19:47:51 +0200] "GET /jog/publikaciok.htm HTTP/1.1" 200 17866 "-" "Mozilla/5.0 (compatible; Ezooms/1.0; ezooms.bot@gmail.com)"
139.18.2.209 - - [15/Jun/2012:20:19:03 +0200] "GET /programok.htm HTTP/1.1" 200 6444 "-" "findlinks/2.6 (+http://wortschatz.uni-leipzig.de/findlinks/)"
77.20.4.67 - - [15/Jun/2012:20:44:05 +0200] "GET /robots.txt HTTP/1.1" 404 1181 "-" "findlinks/2.0.2 (+http://wortschatz.uni-leipzig.de/findlinks/)"
66.249.72.240 - - [15/Jun/2012:21:05:52 +0200] "GET /jog/eseteink/dakar/dakar_0804_kdtktvf_engedely.pdf HTTP/1.1" 200 4090849 "-" "Mozilla/5.0 (compatible; Googlebot/2.1; +http://www.google.com/bot.html)"
208.115.113.84 - - [15/Jun/2012:21:35:17 +0200] "GET /robots.txt HTTP/1.1" 404 1181 "-" "Mozilla/5.0 (compatible; Ezooms/1.0; ezooms.bot@gmail.com)"
66.249.72.2 - - [15/Jun/2012:22:41:56 +0200] "GET /jog/eseteink/korosladany/apvrt_nek3.pdf HTTP/1.1" 304 - "-" "Mozilla/5.0 (compatible; Googlebot/2.1; +http://www.google.com/bot.html)"
66.249.72.2 - - [15/Jun/2012:22:42:55 +0200] "GET /jog/eseteink/korosladany/lgfobb_ugyeszseg_ujra.pdf HTTP/1.1" 304 - "-" "Mozilla/5.0 (compatible; Googlebot/2.1; +http://www.google.com/bot.html)"
66.249.72.2 - - [15/Jun/2012:22:46:13 +0200] "GET /jog/eseteink/korosladany/np_nek_tajekoztatas.pdf HTTP/1.1" 304 - "-" "Mozilla/5.0 (compatible; Googlebot/2.1; +http://www.google.com/bot.html)"
208.115.113.84 - - [15/Jun/2012:22:51:27 +0200] "GET /jog/publikaciok.htm HTTP/1.1" 200 17866 "-" "Mozilla/5.0 (compatible; Ezooms/1.0; ezooms.bot@gmail.com)"
66.249.72.2 - - [15/Jun/2012:23:21:53 +0200] "GET /robots.txt HTTP/1.1" 404 1181 "-" "Mozilla/5.0 (compatible; Googlebot/2.1; +http://www.google.com/bot.html)"
66.249.72.2 - - [15/Jun/2012:23:21:54 +0200] "GET /fiok/program_reszek/turazas.htm HTTP/1.1" 200 22754 "-" "Mozilla/5.0 (compatible; Googlebot/2.1; +http://www.google.com/bot.html)"
66.249.72.2 - - [16/Jun/2012:00:17:40 +0200] "GET /fiok/program_reszek/programok/19.jpg HTTP/1.1" 200 196464 "-" "Mozilla/5.0 (compatible; Googlebot/2.1; +http://www.google.com/bot.html)"
66.249.72.2 - - [16/Jun/2012:00:17:42 +0200] "GET /fiok/program_reszek/programok/20.jpg HTTP/1.1" 200 187831 "-" "Mozilla/5.0 (compatible; Googlebot/2.1; +http://www.google.com/bot.html)"
66.249.72.2 - - [16/Jun/2012:00:17:44 +0200] "GET /fiok/program_reszek/programok/18.jpg HTTP/1.1" 200 225255 "-" "Mozilla/5.0 (compatible; Googlebot/2.1; +http://www.google.com/bot.html)"
66.249.72.2 - - [16/Jun/2012:00:17:51 +0200] "GET /fiok/program_reszek/programok/21.jpg HTTP/1.1" 200 261695 "-" "Mozilla/5.0 (compatible; Googlebot/2.1; +http://www.google.com/bot.html)"
208.115.113.84 - - [16/Jun/2012:00:58:58 +0200] "GET /robots.txt HTTP/1.1" 404 1181 "-" "Mozilla/5.0 (compatible; Ezooms/1.0; ezooms.bot@gmail.com)"
208.115.113.84 - - [16/Jun/2012:02:39:19 +0200] "GET /jog/publikaciok.htm HTTP/1.1" 200 17866 "-" "Mozilla/5.0 (compatible; Ezooms/1.0; ezooms.bot@gmail.com)"
178.154.210.252 - - [16/Jun/2012:03:40:59 +0200] "GET /robots.txt HTTP/1.1" 404 1181 "-" "Mozilla/5.0 (compatible; YandexBot/3.0; +http://yandex.com/bots)"
208.115.113.84 - - [16/Jun/2012:04:23:14 +0200] "GET /robots.txt HTTP/1.1" 404 1181 "-" "Mozilla/5.0 (compatible; Ezooms/1.0; ezooms.bot@gmail.com)"
208.115.113.84 - - [16/Jun/2012:05:00:09 +0200] "GET /robots.txt HTTP/1.1" 404 1181 "-" "Mozilla/5.0 (compatible; Ezooms/1.0; ezooms.bot@gmail.com)"
178.154.210.252 - - [16/Jun/2012:05:10:35 +0200] "GET /programok.htm HTTP/1.1" 304 - "-" "Mozilla/5.0 (compatible; YandexBot/3.0; +http://yandex.com/bots)"
178.154.210.252 - - [16/Jun/2012:05:10:37 +0200] "GET /hirek/Microsoft%20Word%20-%20csongradi%20duzzaszto%20velemeny%202009.06.11..doc.pdf HTTP/1.1" 304 - "-" "Mozilla/5.0 (compatible; YandexBot/3.0; +http://yandex.com/bots)"
208.115.113.84 - - [16/Jun/2012:05:58:14 +0200] "GET /robots.txt HTTP/1.1" 404 1181 "-" "Mozilla/5.0 (compatible; Ezooms/1.0; ezooms.bot@gmail.com)"
94.75.245.17 - - [16/Jun/2012:06:01:46 +0200] "GET /wp-login.php HTTP/1.1" 404 1181 "-" "Mozilla/5.0 (Windows; U; Windows NT 6.1; en-US; rv:1.9.2.3) Gecko/20100401 Firefox/3.6.3"
178.154.210.252 - - [16/Jun/2012:06:23:07 +0200] "GET /hirek/hirek091015.htm HTTP/1.1" 304 - "-" "Mozilla/5.0 (compatible; YandexBot/3.0; +http://yandex.com/bots)"
208.115.113.84 - - [16/Jun/2012:07:34:44 +0200] "GET /robots.txt HTTP/1.1" 404 1181 "-" "Mozilla/5.0 (compatible; Ezooms/1.0; ezooms.bot@gmail.com)"
178.154.210.252 - - [16/Jun/2012:08:01:33 +0200] "GET /hirek/hirek090930.htm HTTP/1.1" 304 - "-" "Mozilla/5.0 (compatible; YandexBot/3.0; +http://yandex.com/bots)"
141.105.120.150 - - [16/Jun/2012:08:04:37 +0200] "GET /robots.txt HTTP/1.0" 404 1181 "-" "Mozilla/5.0 (compatible; OpenindexDeepSpider/Nutch-1.5-dev; +http://www.openindex.io/en/webmasters/spider.html)"
141.105.120.150 - - [16/Jun/2012:08:04:37 +0200] "GET / HTTP/1.0" 304 - "-" "Mozilla/5.0 (compatible; OpenindexDeepSpider/Nutch-1.5-dev; +http://www.openindex.io/en/webmasters/spider.html)"
66.249.72.2 - - [16/Jun/2012:08:46:47 +0200] "GET /robots.txt HTTP/1.1" 404 1181 "-" "Mozilla/5.0 (compatible; Googlebot/2.1; +http://www.google.com/bot.html)"
66.249.72.2 - - [16/Jun/2012:08:46:47 +0200] "GET /jog/eseteink/korosladany/index.htm HTTP/1.1" 304 - "-" "Mozilla/5.0 (compatible; Googlebot/2.1; +http://www.google.com/bot.html)"
66.249.72.2 - - [16/Jun/2012:09:13:24 +0200] "GET /jog/publikaciok.htm HTTP/1.1" 200 17866 "-" "Mozilla/5.0 (compatible; Googlebot/2.1; +http://www.google.com/bot.html)"
66.249.72.2 - - [16/Jun/2012:09:22:42 +0200] "GET /jog/eseteink/autopalya/index.htm HTTP/1.1" 200 11311 "-" "Mozilla/5.0 (compatible; Googlebot/2.1; +http://www.google.com/bot.html)"
66.249.72.2 - - [16/Jun/2012:09:22:57 +0200] "GET /fiok/index.html HTTP/1.1" 200 20554 "-" "Mozilla/5.0 (compatible; Googlebot/2.1; +http://www.google.com/bot.html)"
66.249.72.2 - - [16/Jun/2012:09:35:36 +0200] "GET /jog/images/nav.png HTTP/1.1" 200 10482 "-" "Mozilla/5.0 (compatible; Googlebot/2.1; +http://www.google.com/bot.html)"
66.249.72.2 - - [16/Jun/2012:09:35:37 +0200] "GET /jog/images/post_s.png HTTP/1.1" 200 466 "-" "Mozilla/5.0 (compatible; Googlebot/2.1; +http://www.google.com/bot.html)"
66.249.72.2 - - [16/Jun/2012:09:35:39 +0200] "GET /jog/images/post_v.png HTTP/1.1" 200 310 "-" "Mozilla/5.0 (compatible; Googlebot/2.1; +http://www.google.com/bot.html)"
66.249.72.2 - - [16/Jun/2012:09:35:40 +0200] "GET /jog/images/post_h.png HTTP/1.1" 200 292 "-" "Mozilla/5.0 (compatible; Googlebot/2.1; +http://www.google.com/bot.html)"
66.249.72.2 - - [16/Jun/2012:09:35:41 +0200] "GET /jog/images/spacer.gif HTTP/1.1" 200 43 "-" "Mozilla/5.0 (compatible; Googlebot/2.1; +http://www.google.com/bot.html)"
66.249.72.2 - - [16/Jun/2012:09:35:42 +0200] "GET /jog/images/subitem.png HTTP/1.1" 200 81 "-" "Mozilla/5.0 (compatible; Googlebot/2.1; +http://www.google.com/bot.html)"
66.249.72.2 - - [16/Jun/2012:09:35:43 +0200] "GET /jog/images/post_c.png HTTP/1.1" 200 204 "-" "Mozilla/5.0 (compatible; Googlebot/2.1; +http://www.google.com/bot.html)"
66.249.72.2 - - [16/Jun/2012:09:35:45 +0200] "GET /jog/images/Bottom_texture.jpg HTTP/1.1" 200 193775 "-" "Mozilla/5.0 (compatible; Googlebot/2.1; +http://www.google.com/bot.html)"
66.249.72.2 - - [16/Jun/2012:09:35:47 +0200] "GET /jog/images/header.png HTTP/1.1" 200 170837 "-" "Mozilla/5.0 (compatible; Googlebot/2.1; +http://www.google.com/bot.html)"
66.249.72.2 - - [16/Jun/2012:09:35:47 +0200] "GET /jog/eseteink/autopalya/ap.jpg HTTP/1.1" 200 3947 "-" "Mozilla/5.0 (compatible; Googlebot/2.1; +http://www.google.com/bot.html)"
208.115.113.84 - - [16/Jun/2012:09:42:50 +0200] "GET /robots.txt HTTP/1.1" 404 1181 "-" "Mozilla/5.0 (compatible; Ezooms/1.0; ezooms.bot@gmail.com)"
207.46.199.238 - - [16/Jun/2012:09:45:08 +0200] "GET /robots.txt HTTP/1.1" 404 1181 "-" "msnbot-media/1.1 (+http://search.msn.com/msnbot.htm)"
207.46.199.238 - - [16/Jun/2012:09:45:09 +0200] "GET /fiok/kepek/02.jpg HTTP/1.1" 200 82993 "-" "msnbot-media/1.1 (+http://search.msn.com/msnbot.htm)"
207.46.199.238 - - [16/Jun/2012:09:45:09 +0200] "GET /fiok/kornyezet.htm HTTP/1.1" 200 22582 "-" "msnbot-media/1.1 (+http://search.msn.com/msnbot.htm)"
66.249.72.2 - - [16/Jun/2012:09:51:23 +0200] "GET /fiok/news.html HTTP/1.1" 404 1181 "-" "Mozilla/5.0 (compatible; Googlebot/2.1; +http://www.google.com/bot.html)"
178.154.210.252 - - [16/Jun/2012:09:56:39 +0200] "GET /english/index.htm HTTP/1.1" 304 - "-" "Mozilla/5.0 (compatible; YandexBot/3.0; +http://yandex.com/bots)"
66.249.72.2 - - [16/Jun/2012:10:27:45 +0200] "GET /jog/eseteink/kavicszatony/nimfea_fellebbezes_uj_eljaras.pdf HTTP/1.1" 200 240990 "-" "Mozilla/5.0 (compatible; Googlebot/2.1; +http://www.google.com/bot.html)"
208.115.113.84 - - [16/Jun/2012:11:21:04 +0200] "GET /jog/publikaciok.htm HTTP/1.1" 200 17866 "-" "Mozilla/5.0 (compatible; Ezooms/1.0; ezooms.bot@gmail.com)"
178.154.210.252 - - [16/Jun/2012:11:46:05 +0200] "GET /deutsch/index.htm HTTP/1.1" 304 - "-" "Mozilla/5.0 (compatible; YandexBot/3.0; +http://yandex.com/bots)"
66.249.72.2 - - [16/Jun/2012:12:11:12 +0200] "GET /fiok HTTP/1.1" 301 312 "-" "Mozilla/5.0 (compatible; Googlebot/2.1; +http://www.google.com/bot.html)"
66.249.72.2 - - [16/Jun/2012:12:11:14 +0200] "GET /fiok/ HTTP/1.1" 200 20554 "-" "Mozilla/5.0 (compatible; Googlebot/2.1; +http://www.google.com/bot.html)"
208.115.113.84 - - [16/Jun/2012:13:08:43 +0200] "GET /robots.txt HTTP/1.1" 404 1181 "-" "Mozilla/5.0 (compatible; Ezooms/1.0; ezooms.bot@gmail.com)"
178.154.210.252 - - [16/Jun/2012:13:53:03 +0200] "GET /magunkrol.htm HTTP/1.1" 304 - "-" "Mozilla/5.0 (compatible; YandexBot/3.0; +http://yandex.com/bots)"
208.115.113.84 - - [16/Jun/2012:14:47:30 +0200] "GET /jog/publikaciok.htm HTTP/1.1" 200 17866 "-" "Mozilla/5.0 (compatible; Ezooms/1.0; ezooms.bot@gmail.com)"
95.168.44.223 - - [16/Jun/2012:15:07:09 +0200] "GET /jog/eseteink/korosladany/srbvadi_srb.pdf HTTP/1.1" 200 151172 "http://www.google.hu/url?sa=t&rct=j&q=term%C3%A9szetk%C3%A1ros%C3%ADt%C3%A1s%20megsz%C5%B1ntet%C5%91%20hat%C3%A1rozat&source=web&cd=1&ved=0CFEQFjAA&url=http%3A%2F%2Fwww.beklen.hu%2Fjog%2Feseteink%2Fkorosladany%2Fsrbvadi_srb.pdf&ei=54TcT-TPGI76sgavw6jxDQ&usg=AFQjCNFk8Vyn4OZHl3ZeGPTIGu59zJMipg" "Mozilla/5.0 (Windows NT 6.1; rv:9.0.1) Gecko/20111230 Firefox/9.0.1"
95.168.44.223 - - [16/Jun/2012:15:07:09 +0200] "GET /favicon.ico HTTP/1.1" 404 1181 "-" "Mozilla/5.0 (Windows NT 6.1; rv:9.0.1) Gecko/20111230 Firefox/9.0.1"
95.168.44.223 - - [16/Jun/2012:15:07:10 +0200] "GET /favicon.ico HTTP/1.1" 404 1181 "-" "Mozilla/4.0 (compatible; MSIE 7.0; Windows NT 5.1; Avant Browser)"
207.46.204.240 - - [16/Jun/2012:15:26:58 +0200] "GET /robots.txt HTTP/1.1" 404 1181 "-" "Mozilla/5.0 (compatible; bingbot/2.0; +http://www.bing.com/bingbot.htm)"
207.46.204.240 - - [16/Jun/2012:15:28:06 +0200] "GET /hirek/hirek090428.htm HTTP/1.1" 304 - "-" "Mozilla/5.0 (compatible; bingbot/2.0; +http://www.bing.com/bingbot.htm)"
178.154.210.252 - - [16/Jun/2012:16:26:50 +0200] "GET /kapcsolat.htm HTTP/1.1" 304 - "-" "Mozilla/5.0 (compatible; YandexBot/3.0; +http://yandex.com/bots)"
208.115.113.84 - - [16/Jun/2012:16:35:57 +0200] "GET /robots.txt HTTP/1.1" 404 1181 "-" "Mozilla/5.0 (compatible; Ezooms/1.0; ezooms.bot@gmail.com)"
66.249.72.2 - - [16/Jun/2012:16:53:34 +0200] "GET /hirek/hirek120207.htm HTTP/1.1" 304 - "-" "Mozilla/5.0 (iPhone; U; CPU iPhone OS 4_1 like Mac OS X; en-us) AppleWebKit/532.9 (KHTML, like Gecko) Version/4.0.5 Mobile/8B117 Safari/6531.22.7 (compatible; Googlebot-Mobile/2.1; +http://www.google.com/bot.html)"
77.20.4.67 - - [16/Jun/2012:17:50:31 +0200] "GET /szakmai.htm HTTP/1.1" 200 6054 "-" "findlinks/2.0.2 (+http://wortschatz.uni-leipzig.de/findlinks/)"
208.115.113.84 - - [16/Jun/2012:18:18:20 +0200] "GET /jog/publikaciok.htm HTTP/1.1" 200 17866 "-" "Mozilla/5.0 (compatible; Ezooms/1.0; ezooms.bot@gmail.com)"
178.154.210.252 - - [16/Jun/2012:18:28:01 +0200] "GET /hirarchivum.htm HTTP/1.1" 304 - "-" "Mozilla/5.0 (compatible; YandexBot/3.0; +http://yandex.com/bots)"
81.144.138.34 - - [16/Jun/2012:18:35:31 +0200] "GET /robots.txt HTTP/1.1" 404 1181 "-" "Wotbox/2.0 (bot@wotbox.com; http://www.wotbox.com)"
81.144.138.34 - - [16/Jun/2012:18:35:46 +0200] "GET / HTTP/1.1" 200 23794 "-" "Wotbox/2.0 (bot@wotbox.com; http://www.wotbox.com)"
81.144.138.34 - - [16/Jun/2012:18:35:51 +0200] "GET /index.htm HTTP/1.1" 200 23794 "-" "Wotbox/2.0 (bot@wotbox.com; http://www.wotbox.com)"
81.144.138.34 - - [16/Jun/2012:18:35:58 +0200] "GET /magunkrol.htm HTTP/1.1" 200 9202 "-" "Wotbox/2.0 (bot@wotbox.com; http://www.wotbox.com)"
