147.251.48.4 - - [23/Jun/2012:05:57:36 +0200] "GET /jog/eseteink.htm HTTP/1.1" 200 17277 "-" "Mozilla/5.0 (compatible; SpiderLing (a SPIDER for LINGustic research); http://nlp.fi.muni.cz/projects/biwec/)"
147.251.48.4 - - [23/Jun/2012:06:00:32 +0200] "GET /hirek/hirek101027.htm HTTP/1.1" 200 9627 "-" "Mozilla/5.0 (compatible; SpiderLing (a SPIDER for LINGustic research); http://nlp.fi.muni.cz/projects/biwec/)"
147.251.48.4 - - [23/Jun/2012:06:04:02 +0200] "GET /hirek09_02.htm HTTP/1.1" 200 7450 "-" "Mozilla/5.0 (compatible; SpiderLing (a SPIDER for LINGustic research); http://nlp.fi.muni.cz/projects/biwec/)"
147.251.48.4 - - [23/Jun/2012:06:07:18 +0200] "GET /jog/eseteink/poroszlo/index.htm HTTP/1.1" 200 16861 "-" "Mozilla/5.0 (compatible; SpiderLing (a SPIDER for LINGustic research); http://nlp.fi.muni.cz/projects/biwec/)"
147.251.48.4 - - [23/Jun/2012:06:07:42 +0200] "GET /hirek/fiok/index.html HTTP/1.1" 404 1181 "-" "Mozilla/5.0 (compatible; SpiderLing (a SPIDER for LINGustic research); http://nlp.fi.muni.cz/projects/biwec/)"
147.251.48.4 - - [23/Jun/2012:06:14:13 +0200] "GET /programok.htm HTTP/1.1" 200 6444 "-" "Mozilla/5.0 (compatible; SpiderLing (a SPIDER for LINGustic research); http://nlp.fi.muni.cz/projects/biwec/)"
147.251.48.4 - - [23/Jun/2012:06:16:03 +0200] "GET /jog/tippek.htm HTTP/1.1" 200 13697 "-" "Mozilla/5.0 (compatible; SpiderLing (a SPIDER for LINGustic research); http://nlp.fi.muni.cz/projects/biwec/)"
147.251.48.4 - - [23/Jun/2012:06:19:23 +0200] "GET /jog/jogsegely.htm HTTP/1.1" 200 14053 "-" "Mozilla/5.0 (compatible; SpiderLing (a SPIDER for LINGustic research); http://nlp.fi.muni.cz/projects/biwec/)"
147.251.48.4 - - [23/Jun/2012:06:28:59 +0200] "GET /jog/tarseljarasok.htm HTTP/1.1" 200 13316 "-" "Mozilla/5.0 (compatible; SpiderLing (a SPIDER for LINGustic research); http://nlp.fi.muni.cz/projects/biwec/)"
147.251.48.4 - - [23/Jun/2012:06:31:32 +0200] "GET /hirek/hirek090605.htm HTTP/1.1" 200 7994 "-" "Mozilla/5.0 (compatible; SpiderLing (a SPIDER for LINGustic research); http://nlp.fi.muni.cz/projects/biwec/)"
147.251.48.4 - - [23/Jun/2012:06:35:03 +0200] "GET /hirek/hirek100225.htm HTTP/1.1" 200 7288 "-" "Mozilla/5.0 (compatible; SpiderLing (a SPIDER for LINGustic research); http://nlp.fi.muni.cz/projects/biwec/)"
147.251.48.4 - - [23/Jun/2012:06:36:54 +0200] "GET /hirek/hirek090619.htm HTTP/1.1" 200 7871 "-" "Mozilla/5.0 (compatible; SpiderLing (a SPIDER for LINGustic research); http://nlp.fi.muni.cz/projects/biwec/)"
208.115.113.84 - - [23/Jun/2012:06:37:02 +0200] "GET /jog/publikaciok.htm HTTP/1.1" 200 17866 "-" "Mozilla/5.0 (compatible; Ezooms/1.0; ezooms.bot@gmail.com)"
147.251.48.4 - - [23/Jun/2012:06:42:20 +0200] "GET /hirek09_03.htm HTTP/1.1" 200 10726 "-" "Mozilla/5.0 (compatible; SpiderLing (a SPIDER for LINGustic research); http://nlp.fi.muni.cz/projects/biwec/)"
147.251.48.4 - - [23/Jun/2012:06:45:00 +0200] "GET /english/index.htm HTTP/1.1" 200 5262 "-" "Mozilla/5.0 (compatible; SpiderLing (a SPIDER for LINGustic research); http://nlp.fi.muni.cz/projects/biwec/)"
147.251.48.4 - - [23/Jun/2012:06:47:07 +0200] "GET /hirek09_01.htm HTTP/1.1" 200 6841 "-" "Mozilla/5.0 (compatible; SpiderLing (a SPIDER for LINGustic research); http://nlp.fi.muni.cz/projects/biwec/)"
147.251.48.4 - - [23/Jun/2012:06:49:38 +0200] "GET /hirek/hirek100728.htm HTTP/1.1" 200 7560 "-" "Mozilla/5.0 (compatible; SpiderLing (a SPIDER for LINGustic research); http://nlp.fi.muni.cz/projects/biwec/)"
147.251.48.4 - - [23/Jun/2012:06:53:07 +0200] "GET /jog/index.htm HTTP/1.1" 200 13138 "-" "Mozilla/5.0 (compatible; SpiderLing (a SPIDER for LINGustic research); http://nlp.fi.muni.cz/projects/biwec/)"
147.251.48.4 - - [23/Jun/2012:06:53:31 +0200] "GET /hirek/hirek09_03.htm HTTP/1.1" 200 10810 "-" "Mozilla/5.0 (compatible; SpiderLing (a SPIDER for LINGustic research); http://nlp.fi.muni.cz/projects/biwec/)"
147.251.48.4 - - [23/Jun/2012:06:55:41 +0200] "GET /fiok/program_reszek/taborok.htm HTTP/1.1" 200 23942 "-" "Mozilla/5.0 (compatible; SpiderLing (a SPIDER for LINGustic research); http://nlp.fi.muni.cz/projects/biwec/)"
147.251.48.4 - - [23/Jun/2012:07:00:37 +0200] "GET /deutsch/index.htm HTTP/1.1" 200 5324 "-" "Mozilla/5.0 (compatible; SpiderLing (a SPIDER for LINGustic research); http://nlp.fi.muni.cz/projects/biwec/)"
147.251.48.4 - - [23/Jun/2012:07:01:47 +0200] "GET /jog/zoldombudsman.htm HTTP/1.1" 200 13369 "-" "Mozilla/5.0 (compatible; SpiderLing (a SPIDER for LINGustic research); http://nlp.fi.muni.cz/projects/biwec/)"
147.251.48.4 - - [23/Jun/2012:07:02:43 +0200] "GET /fiok/program_reszek/turazas.htm HTTP/1.1" 200 22754 "-" "Mozilla/5.0 (compatible; SpiderLing (a SPIDER for LINGustic research); http://nlp.fi.muni.cz/projects/biwec/)"
147.251.48.4 - - [23/Jun/2012:07:05:59 +0200] "GET /hirek/hirek090302.htm HTTP/1.1" 200 8452 "-" "Mozilla/5.0 (compatible; SpiderLing (a SPIDER for LINGustic research); http://nlp.fi.muni.cz/projects/biwec/)"
147.251.48.4 - - [23/Jun/2012:07:09:40 +0200] "GET /hirek/hirek090303.htm HTTP/1.1" 200 7721 "-" "Mozilla/5.0 (compatible; SpiderLing (a SPIDER for LINGustic research); http://nlp.fi.muni.cz/projects/biwec/)"
147.251.48.4 - - [23/Jun/2012:07:12:25 +0200] "GET /hirek/hirek090301.htm HTTP/1.1" 200 7022 "-" "Mozilla/5.0 (compatible; SpiderLing (a SPIDER for LINGustic research); http://nlp.fi.muni.cz/projects/biwec/)"
147.251.48.4 - - [23/Jun/2012:07:15:41 +0200] "GET /fiok/news.html HTTP/1.1" 404 1181 "-" "Mozilla/5.0 (compatible; SpiderLing (a SPIDER for LINGustic research); http://nlp.fi.muni.cz/projects/biwec/)"
66.249.72.2 - - [23/Jun/2012:07:18:12 +0200] "GET /hirek/hirek101027.htm HTTP/1.1" 200 9627 "-" "Mozilla/5.0 (compatible; Googlebot/2.1; +http://www.google.com/bot.html)"
147.251.48.4 - - [23/Jun/2012:07:21:38 +0200] "GET /jog/eseteink/dakar/index.htm HTTP/1.1" 200 10482 "-" "Mozilla/5.0 (compatible; SpiderLing (a SPIDER for LINGustic research); http://nlp.fi.muni.cz/projects/biwec/)"
147.251.48.4 - - [23/Jun/2012:07:21:47 +0200] "GET /hirek/hirek100305.htm HTTP/1.1" 200 7091 "-" "Mozilla/5.0 (compatible; SpiderLing (a SPIDER for LINGustic research); http://nlp.fi.muni.cz/projects/biwec/)"
147.251.48.4 - - [23/Jun/2012:07:24:03 +0200] "GET /jog/eseteink/kavicszatony/index.htm HTTP/1.1" 200 16432 "-" "Mozilla/5.0 (compatible; SpiderLing (a SPIDER for LINGustic research); http://nlp.fi.muni.cz/projects/biwec/)"
147.251.48.4 - - [23/Jun/2012:07:29:45 +0200] "GET /hirek/hirek101213.htm HTTP/1.1" 200 8671 "-" "Mozilla/5.0 (compatible; SpiderLing (a SPIDER for LINGustic research); http://nlp.fi.muni.cz/projects/biwec/)"
147.251.48.4 - - [23/Jun/2012:07:33:44 +0200] "GET /fiok/program_reszek/news.html HTTP/1.1" 404 1181 "-" "Mozilla/5.0 (compatible; SpiderLing (a SPIDER for LINGustic research); http://nlp.fi.muni.cz/projects/biwec/)"
147.251.48.4 - - [23/Jun/2012:07:34:24 +0200] "GET /jog/eseteink/derekegyhaza/eseteink/derekegyhaza/index.htm HTTP/1.1" 404 1181 "-" "Mozilla/5.0 (compatible; SpiderLing (a SPIDER for LINGustic research); http://nlp.fi.muni.cz/projects/biwec/)"
147.251.48.4 - - [23/Jun/2012:07:37:47 +0200] "GET /jog/slapp.htm HTTP/1.1" 200 21314 "-" "Mozilla/5.0 (compatible; SpiderLing (a SPIDER for LINGustic research); http://nlp.fi.muni.cz/projects/biwec/)"
147.251.48.4 - - [23/Jun/2012:07:40:44 +0200] "GET /jog/eseteink/autopalya/index.htm HTTP/1.1" 200 11311 "-" "Mozilla/5.0 (compatible; SpiderLing (a SPIDER for LINGustic research); http://nlp.fi.muni.cz/projects/biwec/)"
66.249.72.2 - - [23/Jun/2012:07:53:31 +0200] "GET /hirek/fiok/index.html HTTP/1.1" 404 1181 "-" "Mozilla/5.0 (compatible; Googlebot/2.1; +http://www.google.com/bot.html)"
66.249.72.2 - - [23/Jun/2012:07:55:28 +0200] "GET /jog/eseteink/dakar/dakar_dabas_ugyeszseg_hatarozat.pdf HTTP/1.1" 200 2672939 "-" "Mozilla/5.0 (compatible; Googlebot/2.1; +http://www.google.com/bot.html)"
66.249.72.2 - - [23/Jun/2012:07:55:36 +0200] "GET /jog/eseteink/duzzaszto/gyulavari_duzz_felugyeloseg.pdf HTTP/1.1" 200 100180 "-" "Mozilla/5.0 (compatible; Googlebot/2.1; +http://www.google.com/bot.html)"
66.249.72.2 - - [23/Jun/2012:08:13:47 +0200] "GET /jog/eseteink/audi/audi_gyor_restoration_measures15-.pdf HTTP/1.1" 200 5551480 "-" "Mozilla/5.0 (compatible; Googlebot/2.1; +http://www.google.com/bot.html)"
66.249.72.2 - - [23/Jun/2012:08:13:56 +0200] "GET /jog/eseteink/duzzaszto/kereset_lev%C3%A9l_gyulavari.pdf HTTP/1.1" 404 1181 "-" "Mozilla/5.0 (compatible; Googlebot/2.1; +http://www.google.com/bot.html)"
208.115.113.84 - - [23/Jun/2012:08:25:27 +0200] "GET /robots.txt HTTP/1.1" 404 1181 "-" "Mozilla/5.0 (compatible; Ezooms/1.0; ezooms.bot@gmail.com)"
208.115.113.84 - - [23/Jun/2012:09:54:51 +0200] "GET /jog/publikaciok.htm HTTP/1.1" 200 17866 "-" "Mozilla/5.0 (compatible; Ezooms/1.0; ezooms.bot@gmail.com)"
66.249.72.2 - - [23/Jun/2012:10:28:34 +0200] "GET /jog/eseteink/audi/europai%20bizottsag%20fotitkarsaga.pdf HTTP/1.1" 200 374636 "-" "Mozilla/5.0 (compatible; Googlebot/2.1; +http://www.google.com/bot.html)"
66.249.72.2 - - [23/Jun/2012:10:33:07 +0200] "GET /hirek/hirek101025.htm HTTP/1.1" 304 - "-" "Mozilla/5.0 (compatible; Googlebot/2.1; +http://www.google.com/bot.html)"
66.249.72.2 - - [23/Jun/2012:10:53:32 +0200] "GET /jog/eseteink/poroszlo/keresetlevel_javitott_poroszlo.pdf HTTP/1.1" 200 173206 "-" "Mozilla/5.0 (compatible; Googlebot/2.1; +http://www.google.com/bot.html)"
66.249.72.2 - - [23/Jun/2012:11:10:41 +0200] "GET /jog/eseteink/audi/audi_gyor_restoration_measures1-10.pdf HTTP/1.1" 200 4247194 "-" "Mozilla/5.0 (compatible; Googlebot/2.1; +http://www.google.com/bot.html)"
66.249.72.2 - - [23/Jun/2012:11:29:13 +0200] "GET /hirek/hirek091103.htm HTTP/1.1" 304 - "-" "Mozilla/5.0 (compatible; Googlebot/2.1; +http://www.google.com/bot.html)"
208.115.113.84 - - [23/Jun/2012:11:46:47 +0200] "GET /robots.txt HTTP/1.1" 404 1181 "-" "Mozilla/5.0 (compatible; Ezooms/1.0; ezooms.bot@gmail.com)"
66.249.72.2 - - [23/Jun/2012:12:06:18 +0200] "GET /hirek/hirek100810.htm HTTP/1.1" 304 - "-" "Mozilla/5.0 (compatible; Googlebot/2.1; +http://www.google.com/bot.html)"
141.105.120.154 - - [23/Jun/2012:13:02:36 +0200] "GET /robots.txt HTTP/1.0" 404 1181 "-" "Mozilla/5.0 (compatible; OpenindexSpider/Nutch-1.5-dev; +http://www.openindex.io/en/webmasters/spider.html)"
141.105.120.154 - - [23/Jun/2012:13:02:36 +0200] "GET /jog/eseteink/korosladany/oktvf-nek2.pdf HTTP/1.0" 304 - "-" "Mozilla/5.0 (compatible; OpenindexSpider/Nutch-1.5-dev; +http://www.openindex.io/en/webmasters/spider.html)"
66.249.72.2 - - [23/Jun/2012:13:08:03 +0200] "GET /hirek/hirek091221.htm HTTP/1.1" 304 - "-" "Mozilla/5.0 (compatible; Googlebot/2.1; +http://www.google.com/bot.html)"
66.249.72.2 - - [23/Jun/2012:13:10:22 +0200] "GET /hirek/hirek100804.htm HTTP/1.1" 200 8056 "-" "Mozilla/5.0 (compatible; Googlebot/2.1; +http://www.google.com/bot.html)"
66.249.72.2 - - [23/Jun/2012:13:35:25 +0200] "GET /hirek/Natura_2000es_gyepgazdalkodas_eloirasai.ppt HTTP/1.1" 304 - "-" "Mozilla/5.0 (compatible; Googlebot/2.1; +http://www.google.com/bot.html)"
157.55.18.24 - - [23/Jun/2012:13:39:39 +0200] "GET /robots.txt HTTP/1.1" 404 1181 "-" "Mozilla/5.0 (compatible; bingbot/2.0; +http://www.bing.com/bingbot.htm)"
157.55.18.24 - - [23/Jun/2012:13:40:24 +0200] "GET /index.htm HTTP/1.1" 304 - "-" "Mozilla/5.0 (compatible; bingbot/2.0; +http://www.bing.com/bingbot.htm)"
208.115.113.84 - - [23/Jun/2012:13:40:45 +0200] "GET /robots.txt HTTP/1.1" 404 1181 "-" "Mozilla/5.0 (compatible; Ezooms/1.0; ezooms.bot@gmail.com)"
178.154.210.252 - - [23/Jun/2012:13:58:26 +0200] "GET /robots.txt HTTP/1.1" 404 1181 "-" "Mozilla/5.0 (compatible; YandexBot/3.0; +http://yandex.com/bots)"
208.115.113.84 - - [23/Jun/2012:14:10:22 +0200] "GET /robots.txt HTTP/1.1" 404 1181 "-" "Mozilla/5.0 (compatible; Ezooms/1.0; ezooms.bot@gmail.com)"
66.249.72.2 - - [23/Jun/2012:15:01:01 +0200] "GET /jog/eseteink/audi/audi_gyor_restoration_measures11-15.pdf HTTP/1.1" 200 4763900 "-" "Mozilla/5.0 (compatible; Googlebot/2.1; +http://www.google.com/bot.html)"
208.115.113.84 - - [23/Jun/2012:15:42:02 +0200] "GET /jog/publikaciok.htm HTTP/1.1" 200 17866 "-" "Mozilla/5.0 (compatible; Ezooms/1.0; ezooms.bot@gmail.com)"
149.154.158.142 - - [23/Jun/2012:16:09:01 +0200] "GET /robots.txt HTTP/1.0" 404 1181 "-" "Mozilla/5.0 (compatible; MJ12bot/v1.4.3; http://www.majestic12.co.uk/bot.php?+)"
149.154.158.142 - - [23/Jun/2012:16:09:02 +0200] "GET / HTTP/1.0" 200 23794 "-" "Mozilla/5.0 (compatible; MJ12bot/v1.4.3; http://www.majestic12.co.uk/bot.php?+)"
149.154.158.142 - - [23/Jun/2012:16:10:23 +0200] "GET / HTTP/1.0" 200 23794 "-" "Mozilla/5.0 (compatible; MJ12bot/v1.4.3; http://www.majestic12.co.uk/bot.php?+)"
178.154.210.252 - - [23/Jun/2012:17:13:03 +0200] "GET / HTTP/1.1" 200 23794 "-" "Mozilla/5.0 (compatible; YandexBot/3.0; +http://yandex.com/bots)"
208.115.113.84 - - [23/Jun/2012:17:30:22 +0200] "GET /robots.txt HTTP/1.1" 404 1181 "-" "Mozilla/5.0 (compatible; Ezooms/1.0; ezooms.bot@gmail.com)"
208.115.113.84 - - [23/Jun/2012:19:00:45 +0200] "GET /jog/publikaciok.htm HTTP/1.1" 200 17866 "-" "Mozilla/5.0 (compatible; Ezooms/1.0; ezooms.bot@gmail.com)"
77.20.4.67 - - [23/Jun/2012:20:05:10 +0200] "GET /robots.txt HTTP/1.1" 404 1181 "-" "findlinks/2.0.2 (+http://wortschatz.uni-leipzig.de/findlinks/)"
208.115.113.84 - - [23/Jun/2012:20:50:59 +0200] "GET /robots.txt HTTP/1.1" 404 1181 "-" "Mozilla/5.0 (compatible; Ezooms/1.0; ezooms.bot@gmail.com)"
208.115.113.84 - - [23/Jun/2012:22:21:35 +0200] "GET /jog/publikaciok.htm HTTP/1.1" 200 17866 "-" "Mozilla/5.0 (compatible; Ezooms/1.0; ezooms.bot@gmail.com)"
208.115.113.84 - - [24/Jun/2012:00:10:12 +0200] "GET /robots.txt HTTP/1.1" 404 1181 "-" "Mozilla/5.0 (compatible; Ezooms/1.0; ezooms.bot@gmail.com)"
208.115.113.84 - - [24/Jun/2012:01:39:24 +0200] "GET /jog/publikaciok.htm HTTP/1.1" 200 17866 "-" "Mozilla/5.0 (compatible; Ezooms/1.0; ezooms.bot@gmail.com)"
208.115.113.84 - - [24/Jun/2012:03:30:20 +0200] "GET /robots.txt HTTP/1.1" 404 1181 "-" "Mozilla/5.0 (compatible; Ezooms/1.0; ezooms.bot@gmail.com)"
178.154.210.252 - - [24/Jun/2012:03:50:16 +0200] "GET /index.htm HTTP/1.1" 200 23794 "-" "Mozilla/5.0 (compatible; YandexBot/3.0; +http://yandex.com/bots)"
178.154.210.252 - - [24/Jun/2012:04:24:56 +0200] "GET / HTTP/1.1" 200 23794 "-" "Mozilla/5.0 (compatible; YandexBot/3.0; +http://yandex.com/bots)"
208.115.113.84 - - [24/Jun/2012:05:01:37 +0200] "GET /jog/publikaciok.htm HTTP/1.1" 200 17866 "-" "Mozilla/5.0 (compatible; Ezooms/1.0; ezooms.bot@gmail.com)"
208.115.113.84 - - [24/Jun/2012:05:44:06 +0200] "GET /robots.txt HTTP/1.1" 404 1181 "-" "Mozilla/5.0 (compatible; Ezooms/1.0; ezooms.bot@gmail.com)"
208.115.113.84 - - [24/Jun/2012:07:15:25 +0200] "GET /jog/publikaciok.htm HTTP/1.1" 200 17866 "-" "Mozilla/5.0 (compatible; Ezooms/1.0; ezooms.bot@gmail.com)"
139.18.2.17 - - [24/Jun/2012:08:52:18 +0200] "GET /programok.htm HTTP/1.1" 200 6444 "-" "findlinks/2.6 (+http://wortschatz.uni-leipzig.de/findlinks/)"
208.115.113.84 - - [24/Jun/2012:09:03:40 +0200] "GET /robots.txt HTTP/1.1" 404 1181 "-" "Mozilla/5.0 (compatible; Ezooms/1.0; ezooms.bot@gmail.com)"
208.115.113.84 - - [24/Jun/2012:10:09:28 +0200] "GET /jog/publikaciok.htm HTTP/1.1" 200 17866 "-" "Mozilla/5.0 (compatible; Ezooms/1.0; ezooms.bot@gmail.com)"
84.1.168.18 - - [24/Jun/2012:11:51:30 +0200] "GET / HTTP/1.1" 200 23794 "http://nimfea.hu/tagszervezeteink/index.htm" "Mozilla/5.0 (Windows NT 6.0; rv:10.0) Gecko/20100101 Firefox/10.0"
84.1.168.18 - - [24/Jun/2012:11:51:30 +0200] "GET /vill.cs HTTP/1.1" 200 2676 "http://www.beklen.hu/" "Mozilla/5.0 (Windows NT 6.0; rv:10.0) Gecko/20100101 Firefox/10.0"
84.1.168.18 - - [24/Jun/2012:11:51:30 +0200] "GET /tm01.jpg HTTP/1.1" 200 1080 "http://www.beklen.hu/" "Mozilla/5.0 (Windows NT 6.0; rv:10.0) Gecko/20100101 Firefox/10.0"
84.1.168.18 - - [24/Jun/2012:11:51:30 +0200] "GET /tm02.jpg HTTP/1.1" 200 1873 "http://www.beklen.hu/" "Mozilla/5.0 (Windows NT 6.0; rv:10.0) Gecko/20100101 Firefox/10.0"
84.1.168.18 - - [24/Jun/2012:11:51:30 +0200] "GET /lb/css/lightbox.css HTTP/1.1" 200 1715 "http://www.beklen.hu/" "Mozilla/5.0 (Windows NT 6.0; rv:10.0) Gecko/20100101 Firefox/10.0"
84.1.168.18 - - [24/Jun/2012:11:51:30 +0200] "GET /lb/js/scriptaculous.js?load=effects HTTP/1.1" 200 2152 "http://www.beklen.hu/" "Mozilla/5.0 (Windows NT 6.0; rv:10.0) Gecko/20100101 Firefox/10.0"
84.1.168.18 - - [24/Jun/2012:11:51:30 +0200] "GET /tm03_.jpg HTTP/1.1" 200 1787 "http://www.beklen.hu/" "Mozilla/5.0 (Windows NT 6.0; rv:10.0) Gecko/20100101 Firefox/10.0"
84.1.168.18 - - [24/Jun/2012:11:51:30 +0200] "GET /tm04_.jpg HTTP/1.1" 200 2058 "http://www.beklen.hu/" "Mozilla/5.0 (Windows NT 6.0; rv:10.0) Gecko/20100101 Firefox/10.0"
84.1.168.18 - - [24/Jun/2012:11:51:30 +0200] "GET /tm05_.jpg HTTP/1.1" 200 1839 "http://www.beklen.hu/" "Mozilla/5.0 (Windows NT 6.0; rv:10.0) Gecko/20100101 Firefox/10.0"
84.1.168.18 - - [24/Jun/2012:11:51:30 +0200] "GET /tm06_.jpg HTTP/1.1" 200 1382 "http://www.beklen.hu/" "Mozilla/5.0 (Windows NT 6.0; rv:10.0) Gecko/20100101 Firefox/10.0"
84.1.168.18 - - [24/Jun/2012:11:51:30 +0200] "GET /tm07.jpg HTTP/1.1" 200 1007 "http://www.beklen.hu/" "Mozilla/5.0 (Windows NT 6.0; rv:10.0) Gecko/20100101 Firefox/10.0"
84.1.168.18 - - [24/Jun/2012:11:51:30 +0200] "GET /lb/js/lightbox.js HTTP/1.1" 200 23424 "http://www.beklen.hu/" "Mozilla/5.0 (Windows NT 6.0; rv:10.0) Gecko/20100101 Firefox/10.0"
84.1.168.18 - - [24/Jun/2012:11:51:30 +0200] "GET /a1_projekt_tabla_infra_cs3_beklenhaz_.jpg HTTP/1.1" 200 8994 "http://www.beklen.hu/" "Mozilla/5.0 (Windows NT 6.0; rv:10.0) Gecko/20100101 Firefox/10.0"
84.1.168.18 - - [24/Jun/2012:11:51:30 +0200] "GET /lb/js/prototype.js HTTP/1.1" 200 47603 "http://www.beklen.hu/" "Mozilla/5.0 (Windows NT 6.0; rv:10.0) Gecko/20100101 Firefox/10.0"
84.1.168.18 - - [24/Jun/2012:11:51:30 +0200] "GET /jog_honlap_.jpg HTTP/1.1" 200 7186 "http://www.beklen.hu/" "Mozilla/5.0 (Windows NT 6.0; rv:10.0) Gecko/20100101 Firefox/10.0"
84.1.168.18 - - [24/Jun/2012:11:51:31 +0200] "GET /lb/js/effects.js HTTP/1.1" 200 31969 "http://www.beklen.hu/" "Mozilla/5.0 (Windows NT 6.0; rv:10.0) Gecko/20100101 Firefox/10.0"
84.1.168.18 - - [24/Jun/2012:11:51:33 +0200] "GET /bg.jpg HTTP/1.1" 200 566 "http://www.beklen.hu/" "Mozilla/5.0 (Windows NT 6.0; rv:10.0) Gecko/20100101 Firefox/10.0"
84.1.168.18 - - [24/Jun/2012:11:51:35 +0200] "GET /bottom_main.jpg HTTP/1.1" 200 96820 "http://www.beklen.hu/vill.cs" "Mozilla/5.0 (Windows NT 6.0; rv:10.0) Gecko/20100101 Firefox/10.0"
84.1.168.18 - - [24/Jun/2012:11:51:35 +0200] "GET /nimfea_project_250x250.gif HTTP/1.1" 200 2986583 "http://www.beklen.hu/" "Mozilla/5.0 (Windows NT 6.0; rv:10.0) Gecko/20100101 Firefox/10.0"
84.1.168.18 - - [24/Jun/2012:11:51:36 +0200] "GET /lb/images/loading.gif HTTP/1.1" 200 2767 "http://www.beklen.hu/" "Mozilla/5.0 (Windows NT 6.0; rv:10.0) Gecko/20100101 Firefox/10.0"
84.1.168.18 - - [24/Jun/2012:11:51:36 +0200] "GET /lb/images/closelabel.gif HTTP/1.1" 200 222 "http://www.beklen.hu/" "Mozilla/5.0 (Windows NT 6.0; rv:10.0) Gecko/20100101 Firefox/10.0"
84.1.168.18 - - [24/Jun/2012:11:51:36 +0200] "GET /tm04.jpg HTTP/1.1" 200 2613 "http://www.beklen.hu/" "Mozilla/5.0 (Windows NT 6.0; rv:10.0) Gecko/20100101 Firefox/10.0"
84.1.168.18 - - [24/Jun/2012:11:51:36 +0200] "GET /tm05.jpg HTTP/1.1" 200 2253 "http://www.beklen.hu/" "Mozilla/5.0 (Windows NT 6.0; rv:10.0) Gecko/20100101 Firefox/10.0"
84.1.168.18 - - [24/Jun/2012:11:51:36 +0200] "GET /tm06.jpg HTTP/1.1" 200 1651 "http://www.beklen.hu/" "Mozilla/5.0 (Windows NT 6.0; rv:10.0) Gecko/20100101 Firefox/10.0"
84.1.168.18 - - [24/Jun/2012:11:51:36 +0200] "GET /tm03.jpg HTTP/1.1" 200 2212 "http://www.beklen.hu/" "Mozilla/5.0 (Windows NT 6.0; rv:10.0) Gecko/20100101 Firefox/10.0"
84.1.168.18 - - [24/Jun/2012:11:51:36 +0200] "GET /tm02_.jpg HTTP/1.1" 200 1524 "http://www.beklen.hu/" "Mozilla/5.0 (Windows NT 6.0; rv:10.0) Gecko/20100101 Firefox/10.0"
84.1.168.18 - - [24/Jun/2012:11:51:36 +0200] "GET /favicon.ico HTTP/1.1" 404 1181 "-" "Mozilla/5.0 (Windows NT 6.0; rv:10.0) Gecko/20100101 Firefox/10.0"
84.1.168.18 - - [24/Jun/2012:11:51:37 +0200] "GET /favicon.ico HTTP/1.1" 404 1181 "-" "Mozilla/5.0 (Windows NT 6.0; rv:10.0) Gecko/20100101 Firefox/10.0"
84.1.168.18 - - [24/Jun/2012:11:51:37 +0200] "GET /magunkrol.htm HTTP/1.1" 200 9202 "http://www.beklen.hu/" "Mozilla/5.0 (Windows NT 6.0; rv:10.0) Gecko/20100101 Firefox/10.0"
84.1.168.18 - - [24/Jun/2012:11:51:37 +0200] "GET /bottom_.jpg HTTP/1.1" 200 93419 "http://www.beklen.hu/vill.cs" "Mozilla/5.0 (Windows NT 6.0; rv:10.0) Gecko/20100101 Firefox/10.0"
84.1.168.18 - - [24/Jun/2012:11:51:43 +0200] "GET /kapcsolat.htm HTTP/1.1" 200 6889 "http://www.beklen.hu/magunkrol.htm" "Mozilla/5.0 (Windows NT 6.0; rv:10.0) Gecko/20100101 Firefox/10.0"
84.1.168.18 - - [24/Jun/2012:11:51:43 +0200] "GET /felsorol.css HTTP/1.1" 200 240 "http://www.beklen.hu/kapcsolat.htm" "Mozilla/5.0 (Windows NT 6.0; rv:10.0) Gecko/20100101 Firefox/10.0"
208.115.113.84 - - [24/Jun/2012:12:25:39 +0200] "GET /robots.txt HTTP/1.1" 404 1181 "-" "Mozilla/5.0 (compatible; Ezooms/1.0; ezooms.bot@gmail.com)"
66.249.72.2 - - [24/Jun/2012:13:09:36 +0200] "GET /robots.txt HTTP/1.1" 404 1181 "-" "Mozilla/5.0 (compatible; Googlebot/2.1; +http://www.google.com/bot.html)"
66.249.72.2 - - [24/Jun/2012:13:09:36 +0200] "GET /hirek/hirek120120.htm HTTP/1.1" 304 - "-" "Mozilla/5.0 (compatible; Googlebot/2.1; +http://www.google.com/bot.html)"
208.115.113.84 - - [24/Jun/2012:14:02:25 +0200] "GET /robots.txt HTTP/1.1" 404 1181 "-" "Mozilla/5.0 (compatible; Ezooms/1.0; ezooms.bot@gmail.com)"
66.249.72.2 - - [24/Jun/2012:14:05:33 +0200] "GET /jog/eseteink/audi/application_of_hungarian_authorities_for_the_commission_opinion_1.pdf HTTP/1.1" 200 3298753 "-" "Mozilla/5.0 (compatible; Googlebot/2.1; +http://www.google.com/bot.html)"
178.154.210.252 - - [24/Jun/2012:14:32:44 +0200] "GET /robots.txt HTTP/1.1" 404 1181 "-" "Mozilla/5.0 (compatible; YandexBot/3.0; +http://yandex.com/bots)"
208.115.113.84 - - [24/Jun/2012:15:31:28 +0200] "GET /jog/publikaciok.htm HTTP/1.1" 200 17866 "-" "Mozilla/5.0 (compatible; Ezooms/1.0; ezooms.bot@gmail.com)"
208.115.113.84 - - [24/Jun/2012:17:22:50 +0200] "GET /robots.txt HTTP/1.1" 404 1181 "-" "Mozilla/5.0 (compatible; Ezooms/1.0; ezooms.bot@gmail.com)"
178.154.210.252 - - [24/Jun/2012:18:36:27 +0200] "GET / HTTP/1.1" 200 23794 "-" "Mozilla/5.0 (compatible; YandexBot/3.0; +http://yandex.com/bots)"
208.115.113.84 - - [24/Jun/2012:18:58:14 +0200] "GET /jog/publikaciok.htm HTTP/1.1" 200 17866 "-" "Mozilla/5.0 (compatible; Ezooms/1.0; ezooms.bot@gmail.com)"
89.182.29.128 - - [24/Jun/2012:20:42:03 +0200] "GET /szakmai.htm HTTP/1.1" 200 6054 "-" "findlinks/2.0.2 (+http://wortschatz.uni-leipzig.de/findlinks/)"
208.115.113.84 - - [24/Jun/2012:20:43:37 +0200] "GET /robots.txt HTTP/1.1" 404 1181 "-" "Mozilla/5.0 (compatible; Ezooms/1.0; ezooms.bot@gmail.com)"
195.56.189.175 - - [24/Jun/2012:21:21:04 +0200] "GET / HTTP/1.1" 200 23794 "" "Mozilla/4.0 (compatible; MSIE 5.01; Windows NT 5.0)"
208.115.113.84 - - [24/Jun/2012:21:23:57 +0200] "GET /robots.txt HTTP/1.1" 404 1181 "-" "Mozilla/5.0 (compatible; Ezooms/1.0; ezooms.bot@gmail.com)"
66.249.72.2 - - [24/Jun/2012:22:07:08 +0200] "GET /kapcsolat.htm HTTP/1.1" 200 6889 "-" "Mozilla/5.0 (iPhone; U; CPU iPhone OS 4_1 like Mac OS X; en-us) AppleWebKit/532.9 (KHTML, like Gecko) Version/4.0.5 Mobile/8B117 Safari/6531.22.7 (compatible; Googlebot-Mobile/2.1; +http://www.google.com/bot.html)"
208.115.113.84 - - [24/Jun/2012:22:52:04 +0200] "GET /jog/publikaciok.htm HTTP/1.1" 200 17866 "-" "Mozilla/5.0 (compatible; Ezooms/1.0; ezooms.bot@gmail.com)"
178.154.210.252 - - [24/Jun/2012:22:58:48 +0200] "GET /magunkrol.htm HTTP/1.1" 304 - "-" "Mozilla/5.0 (compatible; YandexBot/3.0; +http://yandex.com/bots)"
178.154.210.252 - - [24/Jun/2012:23:53:07 +0200] "GET /programok.htm HTTP/1.1" 304 - "-" "Mozilla/5.0 (compatible; YandexBot/3.0; +http://yandex.com/bots)"
208.115.113.84 - - [25/Jun/2012:00:42:01 +0200] "GET /robots.txt HTTP/1.1" 404 1181 "-" "Mozilla/5.0 (compatible; Ezooms/1.0; ezooms.bot@gmail.com)"
178.154.210.252 - - [25/Jun/2012:01:24:19 +0200] "GET /deutsch/index.htm HTTP/1.1" 304 - "-" "Mozilla/5.0 (compatible; YandexBot/3.0; +http://yandex.com/bots)"
211.254.252.220 - - [25/Jun/2012:01:40:21 +0200] "GET /jog/eseteink/malom/fellebbezes_hatarnap.pdf HTTP/1.0" 200 156928 "-" "Mozilla/5.0 (Windows NT 6.1; WOW64) AppleWebKit/535.1 (KHTML, like Gecko) Chrome/13.0.782.215 Safari/535.1"
208.115.113.84 - - [25/Jun/2012:02:12:53 +0200] "GET /jog/publikaciok.htm HTTP/1.1" 200 17866 "-" "Mozilla/5.0 (compatible; Ezooms/1.0; ezooms.bot@gmail.com)"
178.154.210.252 - - [25/Jun/2012:02:27:56 +0200] "GET /hirek/hirek090930.htm HTTP/1.1" 304 - "-" "Mozilla/5.0 (compatible; YandexBot/3.0; +http://yandex.com/bots)"
208.115.113.84 - - [25/Jun/2012:04:02:06 +0200] "GET /robots.txt HTTP/1.1" 404 1181 "-" "Mozilla/5.0 (compatible; Ezooms/1.0; ezooms.bot@gmail.com)"
178.154.210.252 - - [25/Jun/2012:04:15:49 +0200] "GET /hirek/hirek091015.htm HTTP/1.1" 304 - "-" "Mozilla/5.0 (compatible; YandexBot/3.0; +http://yandex.com/bots)"
193.47.80.41 - - [25/Jun/2012:05:05:46 +0200] "GET /robots.txt HTTP/1.1" 404 1181 "-" "Mozilla/5.0 (compatible; Exabot/3.0; +http://www.exabot.com/go/robot)"
193.47.80.41 - - [25/Jun/2012:05:05:46 +0200] "GET / HTTP/1.1" 304 - "-" "Mozilla/5.0 (compatible; Exabot/3.0; +http://www.exabot.com/go/robot)"
66.249.72.2 - - [25/Jun/2012:05:18:48 +0200] "GET /robots.txt HTTP/1.1" 404 1181 "-" "Mozilla/5.0 (compatible; Googlebot/2.1; +http://www.google.com/bot.html)"
66.249.72.2 - - [25/Jun/2012:05:18:49 +0200] "GET /jog/eseteink/duzzaszto/gyulai%20duzzaszto%20fellebbezes.doc HTTP/1.1" 200 218112 "-" "Mozilla/5.0 (compatible; Googlebot/2.1; +http://www.google.com/bot.html)"
66.249.72.2 - - [25/Jun/2012:05:18:50 +0200] "GET /jog/eseteink/kavicszatony/nimfea_fellebbezes_uj_eljaras.pdf HTTP/1.1" 200 240990 "-" "Mozilla/5.0 (compatible; Googlebot/2.1; +http://www.google.com/bot.html)"
178.154.210.252 - - [25/Jun/2012:05:22:25 +0200] "GET /english/index.htm HTTP/1.1" 304 - "-" "Mozilla/5.0 (compatible; YandexBot/3.0; +http://yandex.com/bots)"
208.115.113.84 - - [25/Jun/2012:05:32:54 +0200] "GET /jog/publikaciok.htm HTTP/1.1" 200 17866 "-" "Mozilla/5.0 (compatible; Ezooms/1.0; ezooms.bot@gmail.com)"
178.154.210.252 - - [25/Jun/2012:05:50:19 +0200] "GET /kapcsolat.htm HTTP/1.1" 304 - "-" "Mozilla/5.0 (compatible; YandexBot/3.0; +http://yandex.com/bots)"
141.105.120.152 - - [25/Jun/2012:06:08:26 +0200] "GET /robots.txt HTTP/1.0" 404 1181 "-" "Mozilla/5.0 (compatible; OpenindexSpider/Nutch-1.5-dev; +http://www.openindex.io/en/webmasters/spider.html)"
141.105.120.152 - - [25/Jun/2012:06:08:26 +0200] "GET /fiok HTTP/1.0" 301 300 "-" "Mozilla/5.0 (compatible; OpenindexSpider/Nutch-1.5-dev; +http://www.openindex.io/en/webmasters/spider.html)"
208.115.113.84 - - [25/Jun/2012:07:20:55 +0200] "GET /robots.txt HTTP/1.1" 404 1181 "-" "Mozilla/5.0 (compatible; Ezooms/1.0; ezooms.bot@gmail.com)"
208.115.113.84 - - [25/Jun/2012:08:52:09 +0200] "GET /jog/publikaciok.htm HTTP/1.1" 200 17866 "-" "Mozilla/5.0 (compatible; Ezooms/1.0; ezooms.bot@gmail.com)"
208.115.113.84 - - [25/Jun/2012:09:47:11 +0200] "GET /robots.txt HTTP/1.1" 404 1181 "-" "Mozilla/5.0 (compatible; Ezooms/1.0; ezooms.bot@gmail.com)"
66.249.72.240 - - [25/Jun/2012:10:03:02 +0200] "GET /robots.txt HTTP/1.1" 404 1181 "-" "Mozilla/5.0 (compatible; Googlebot/2.1; +http://www.google.com/bot.html)"
66.249.72.240 - - [25/Jun/2012:10:03:03 +0200] "GET / HTTP/1.1" 200 23794 "-" "Mozilla/5.0 (compatible; Googlebot/2.1; +http://www.google.com/bot.html)"
178.154.210.252 - - [25/Jun/2012:10:18:49 +0200] "GET /hirarchivum.htm HTTP/1.1" 304 - "-" "Mozilla/5.0 (compatible; YandexBot/3.0; +http://yandex.com/bots)"
66.249.72.2 - - [25/Jun/2012:10:42:37 +0200] "GET /robots.txt HTTP/1.1" 404 1181 "-" "Mozilla/5.0 (compatible; Googlebot/2.1; +http://www.google.com/bot.html)"
66.249.72.2 - - [25/Jun/2012:10:42:37 +0200] "GET /jog/eseteink/dakar/dakar_ugyeszseg_lp.pdf HTTP/1.1" 304 - "-" "Mozilla/5.0 (compatible; Googlebot/2.1; +http://www.google.com/bot.html)"
208.115.113.84 - - [25/Jun/2012:11:25:27 +0200] "GET /jog/publikaciok.htm HTTP/1.1" 200 17866 "-" "Mozilla/5.0 (compatible; Ezooms/1.0; ezooms.bot@gmail.com)"
208.115.113.84 - - [25/Jun/2012:13:10:55 +0200] "GET /robots.txt HTTP/1.1" 404 1181 "-" "Mozilla/5.0 (compatible; Ezooms/1.0; ezooms.bot@gmail.com)"
65.52.111.217 - - [25/Jun/2012:14:14:17 +0200] "GET /hirek/hirek090605.htm HTTP/1.1" 200 7994 "-" "Mozilla/4.0 (compatible; MSIE 7.0; Windows NT 5.1; SV1; .NET CLR 1.1.4322; .NET CLR 2.0.50727; .NET CLR 3.0.30729)"
65.52.111.217 - - [25/Jun/2012:14:14:19 +0200] "GET /vill.cs HTTP/1.1" 200 2676 "http://beklen.hu/hirek/hirek090605.htm" "Mozilla/4.0 (compatible; MSIE 7.0; Windows NT 5.1; SV1; .NET CLR 1.1.4322; .NET CLR 2.0.50727; .NET CLR 3.0.30729)"
208.115.113.84 - - [25/Jun/2012:14:42:59 +0200] "GET /jog/publikaciok.htm HTTP/1.1" 200 17866 "-" "Mozilla/5.0 (compatible; Ezooms/1.0; ezooms.bot@gmail.com)"
178.154.210.252 - - [25/Jun/2012:14:57:12 +0200] "GET /robots.txt HTTP/1.1" 404 1181 "-" "Mozilla/5.0 (compatible; YandexBot/3.0; +http://yandex.com/bots)"
208.115.113.84 - - [25/Jun/2012:16:30:59 +0200] "GET /robots.txt HTTP/1.1" 404 1181 "-" "Mozilla/5.0 (compatible; Ezooms/1.0; ezooms.bot@gmail.com)"
208.115.113.84 - - [25/Jun/2012:18:02:30 +0200] "GET /jog/publikaciok.htm HTTP/1.1" 200 17866 "-" "Mozilla/5.0 (compatible; Ezooms/1.0; ezooms.bot@gmail.com)"
178.154.210.252 - - [25/Jun/2012:18:29:57 +0200] "GET /hirek/klimatv_civilcikk.doc HTTP/1.1" 304 - "-" "Mozilla/5.0 (compatible; YandexBot/3.0; +http://yandex.com/bots)"
88.198.82.132 - - [25/Jun/2012:19:01:40 +0200] "GET /fiok/ HTTP/1.0" 200 20554 "-" "Mozilla/4.0 (compatible; MSIE 6.0; Windows NT 5.1)"
208.115.113.84 - - [25/Jun/2012:19:51:08 +0200] "GET /robots.txt HTTP/1.1" 404 1181 "-" "Mozilla/5.0 (compatible; Ezooms/1.0; ezooms.bot@gmail.com)"
178.154.210.252 - - [25/Jun/2012:19:57:33 +0200] "GET / HTTP/1.1" 200 23794 "-" "Mozilla/5.0 (compatible; YandexBot/3.0; +http://yandex.com/bots)"
208.115.113.84 - - [25/Jun/2012:20:18:08 +0200] "GET /robots.txt HTTP/1.1" 404 1181 "-" "Mozilla/5.0 (compatible; Ezooms/1.0; ezooms.bot@gmail.com)"
91.144.75.87 - - [25/Jun/2012:20:19:41 +0200] "GET /jog/eseteink/derekegyhaza/dalerd-disznoskert%20szakhat-vegleges.pdf HTTP/1.1" 200 190281 "http://www.google.hu/url?sa=t&rct=j&q=als%C3%B3-tisza%20v%C3%B6lgyi%20term%C3%A9szetv%C3%A9delmi%20hat%C3%B3s%C3%A1g&source=web&cd=7&ved=0CF8QFjAG&url=http%3A%2F%2Fwww.beklen.hu%2Fjog%2Feseteink%2Fderekegyhaza%2Fdalerd-disznoskert%2520szakhat-vegleges.pdf&ei=baroT5mIOqT64QTVzOSLAQ&usg=AFQjCNEBGu24jT5qgAFqhIXgQVRiAz7BFA" "Mozilla/5.0 (Windows NT 5.1; rv:12.0) Gecko/20100101 Firefox/12.0"
91.144.75.87 - - [25/Jun/2012:20:19:42 +0200] "GET /favicon.ico HTTP/1.1" 404 1181 "-" "Mozilla/5.0 (Windows NT 5.1; rv:12.0) Gecko/20100101 Firefox/12.0"
91.144.75.87 - - [25/Jun/2012:20:19:42 +0200] "GET /favicon.ico HTTP/1.1" 404 1181 "-" "Mozilla/5.0 (Windows NT 5.1; rv:12.0) Gecko/20100101 Firefox/12.0"
208.115.113.84 - - [25/Jun/2012:20:47:32 +0200] "GET /robots.txt HTTP/1.1" 404 1181 "-" "Mozilla/5.0 (compatible; Ezooms/1.0; ezooms.bot@gmail.com)"
66.249.72.2 - - [25/Jun/2012:21:40:05 +0200] "GET /robots.txt HTTP/1.1" 404 1181 "-" "Mozilla/5.0 (compatible; Googlebot/2.1; +http://www.google.com/bot.html)"
66.249.72.2 - - [25/Jun/2012:21:40:05 +0200] "GET /hirek/hirek090302.htm HTTP/1.1" 200 8452 "-" "Mozilla/5.0 (compatible; Googlebot/2.1; +http://www.google.com/bot.html)"
208.115.113.84 - - [25/Jun/2012:22:19:02 +0200] "GET /jog/publikaciok.htm HTTP/1.1" 200 17866 "-" "Mozilla/5.0 (compatible; Ezooms/1.0; ezooms.bot@gmail.com)"
208.115.113.84 - - [26/Jun/2012:00:06:27 +0200] "GET /robots.txt HTTP/1.1" 404 1181 "-" "Mozilla/5.0 (compatible; Ezooms/1.0; ezooms.bot@gmail.com)"
217.69.133.31 - - [26/Jun/2012:00:27:33 +0200] "GET /sitemap.xml HTTP/1.0" 404 1181 "-" "Mozilla/5.0 (compatible; Mail.RU/2.0)"
66.249.72.2 - - [26/Jun/2012:00:35:45 +0200] "GET /jog/jogszabalyok/termeszetvedelmi_torveny.pdf HTTP/1.1" 304 - "-" "Mozilla/5.0 (compatible; Googlebot/2.1; +http://www.google.com/bot.html)"
208.115.113.84 - - [26/Jun/2012:01:03:15 +0200] "GET /robots.txt HTTP/1.1" 404 1181 "-" "Mozilla/5.0 (compatible; Ezooms/1.0; ezooms.bot@gmail.com)"
207.46.13.14 - - [26/Jun/2012:01:05:15 +0200] "GET /robots.txt HTTP/1.1" 404 1181 "-" "Mozilla/5.0 (compatible; bingbot/2.0; +http://www.bing.com/bingbot.htm)"
207.46.13.14 - - [26/Jun/2012:01:06:00 +0200] "GET /jog/jogszabalyok/vadaszati_torveny.pdf HTTP/1.1" 200 741096 "-" "Mozilla/5.0 (compatible; bingbot/2.0; +http://www.bing.com/bingbot.htm)"
141.105.120.153 - - [26/Jun/2012:02:42:45 +0200] "GET /robots.txt HTTP/1.0" 404 1181 "-" "Mozilla/5.0 (compatible; OpenindexSpider/Nutch-1.5-dev; +http://www.openindex.io/en/webmasters/spider.html)"
141.105.120.153 - - [26/Jun/2012:02:42:45 +0200] "GET /jog/eseteink/korosladany/kozig_hivatalnak_erdeklodes.pdf HTTP/1.0" 304 - "-" "Mozilla/5.0 (compatible; OpenindexSpider/Nutch-1.5-dev; +http://www.openindex.io/en/webmasters/spider.html)"
208.115.113.84 - - [26/Jun/2012:02:46:22 +0200] "GET /robots.txt HTTP/1.1" 404 1181 "-" "Mozilla/5.0 (compatible; Ezooms/1.0; ezooms.bot@gmail.com)"
31.4.245.34 - - [26/Jun/2012:04:16:00 +0200] "GET / HTTP/1.1" 200 23794 "-" "Java/1.6.0_31"
31.4.245.34 - - [26/Jun/2012:04:16:03 +0200] "GET /hirarchivum.htm HTTP/1.1" 200 24981 "-" "Java/1.6.0_31"
31.4.245.34 - - [26/Jun/2012:04:16:04 +0200] "GET /index.htm HTTP/1.1" 200 23794 "-" "Java/1.6.0_31"
31.4.245.34 - - [26/Jun/2012:04:16:05 +0200] "GET /kapcsolat.htm HTTP/1.1" 200 6889 "-" "Java/1.6.0_31"
31.4.245.34 - - [26/Jun/2012:04:16:05 +0200] "GET /magunkrol.htm HTTP/1.1" 200 9202 "-" "Java/1.6.0_31"
31.4.245.34 - - [26/Jun/2012:04:16:06 +0200] "GET /media.htm HTTP/1.1" 200 5208 "-" "Java/1.6.0_31"
31.4.245.34 - - [26/Jun/2012:04:16:07 +0200] "GET /programok.htm HTTP/1.1" 200 6444 "-" "Java/1.6.0_31"
31.4.245.34 - - [26/Jun/2012:04:16:08 +0200] "GET /vill.cs HTTP/1.1" 200 2676 "-" "Java/1.6.0_31"
31.4.245.34 - - [26/Jun/2012:04:16:09 +0200] "GET /hirek08_10.htm HTTP/1.1" 200 6946 "-" "Java/1.6.0_31"
31.4.245.34 - - [26/Jun/2012:04:16:09 +0200] "GET /hirek08_11.htm HTTP/1.1" 200 7253 "-" "Java/1.6.0_31"
31.4.245.34 - - [26/Jun/2012:04:16:11 +0200] "GET /hirek08_12.htm HTTP/1.1" 200 8268 "-" "Java/1.6.0_31"
31.4.245.34 - - [26/Jun/2012:04:16:12 +0200] "GET /hirek09_01.htm HTTP/1.1" 200 6841 "-" "Java/1.6.0_31"
31.4.245.34 - - [26/Jun/2012:04:16:12 +0200] "GET /hirek09_02.htm HTTP/1.1" 200 7450 "-" "Java/1.6.0_31"
31.4.245.34 - - [26/Jun/2012:04:16:13 +0200] "GET /hirek09_03.htm HTTP/1.1" 200 10726 "-" "Java/1.6.0_31"
31.4.245.34 - - [26/Jun/2012:04:16:14 +0200] "GET /&url=kapcsolat.htm HTTP/1.1" 404 1181 "-" "Java/1.6.0_31"
31.4.245.34 - - [26/Jun/2012:04:16:35 +0200] "GET /bunt.htm HTTP/1.1" 200 5683 "-" "Java/1.6.0_31"
31.4.245.34 - - [26/Jun/2012:04:16:35 +0200] "GET /civilmuhely.htm HTTP/1.1" 200 8450 "-" "Java/1.6.0_31"
31.4.245.34 - - [26/Jun/2012:04:16:36 +0200] "GET /khb.htm HTTP/1.1" 200 8719 "-" "Java/1.6.0_31"
31.4.245.34 - - [26/Jun/2012:04:16:37 +0200] "GET /nca.htm HTTP/1.1" 200 7467 "-" "Java/1.6.0_31"
31.4.245.34 - - [26/Jun/2012:04:16:37 +0200] "GET /ncta.htm HTTP/1.1" 200 7221 "-" "Java/1.6.0_31"
31.4.245.34 - - [26/Jun/2012:04:16:38 +0200] "GET /nka.htm HTTP/1.1" 200 6221 "-" "Java/1.6.0_31"
31.4.245.34 - - [26/Jun/2012:04:16:39 +0200] "GET /szakmai.htm HTTP/1.1" 200 6054 "-" "Java/1.6.0_31"
31.4.245.34 - - [26/Jun/2012:04:16:40 +0200] "GET /ncta_a.htm HTTP/1.1" 200 7260 "-" "Java/1.6.0_31"
31.4.245.34 - - [26/Jun/2012:04:16:40 +0200] "GET /&url=civilmuhely.htm HTTP/1.1" 404 1181 "-" "Java/1.6.0_31"
31.4.245.34 - - [26/Jun/2012:04:16:42 +0200] "GET /&url=magunkrol.htm HTTP/1.1" 404 1181 "-" "Java/1.6.0_31"
31.4.245.34 - - [26/Jun/2012:04:16:44 +0200] "GET /nca04.htm HTTP/1.1" 200 16378 "-" "Java/1.6.0_31"
31.4.245.34 - - [26/Jun/2012:04:16:47 +0200] "GET /nca05.htm HTTP/1.1" 200 16412 "-" "Java/1.6.0_31"
31.4.245.34 - - [26/Jun/2012:04:16:48 +0200] "GET /nca06.htm HTTP/1.1" 200 19034 "-" "Java/1.6.0_31"
31.4.245.34 - - [26/Jun/2012:04:16:49 +0200] "GET /nca07.htm HTTP/1.1" 200 21968 "-" "Java/1.6.0_31"
31.4.245.34 - - [26/Jun/2012:04:16:50 +0200] "GET /nca08.htm HTTP/1.1" 200 21795 "-" "Java/1.6.0_31"
31.4.245.34 - - [26/Jun/2012:04:16:51 +0200] "GET /nca09.htm HTTP/1.1" 200 24315 "-" "Java/1.6.0_31"
31.4.245.34 - - [26/Jun/2012:04:16:51 +0200] "GET /nca10.htm HTTP/1.1" 200 16648 "-" "Java/1.6.0_31"
31.4.245.34 - - [26/Jun/2012:04:16:52 +0200] "GET /nca11.htm HTTP/1.1" 200 7133 "-" "Java/1.6.0_31"
31.4.245.34 - - [26/Jun/2012:04:16:53 +0200] "GET /kiadvanyok.htm HTTP/1.1" 200 8206 "-" "Java/1.6.0_31"
31.4.245.34 - - [26/Jun/2012:04:17:03 +0200] "GET /english/index.htm HTTP/1.1" 200 5262 "-" "Java/1.6.0_31"
31.4.245.34 - - [26/Jun/2012:04:17:03 +0200] "GET /fiok/index.html HTTP/1.1" 200 20554 "-" "Java/1.6.0_31"
31.4.245.34 - - [26/Jun/2012:04:17:04 +0200] "GET /hirek/hirek091015.htm HTTP/1.1" 200 7046 "-" "Java/1.6.0_31"
31.4.245.34 - - [26/Jun/2012:04:17:04 +0200] "GET /hirek/hirek091102.htm HTTP/1.1" 200 8538 "-" "Java/1.6.0_31"
31.4.245.34 - - [26/Jun/2012:04:17:04 +0200] "GET /hirek/hirek091103.htm HTTP/1.1" 200 7301 "-" "Java/1.6.0_31"
31.4.245.34 - - [26/Jun/2012:04:17:05 +0200] "GET /hirek/hirek091221.htm HTTP/1.1" 200 6740 "-" "Java/1.6.0_31"
31.4.245.34 - - [26/Jun/2012:04:17:05 +0200] "GET /hirek/hirek100225.htm HTTP/1.1" 200 7288 "-" "Java/1.6.0_31"
208.115.113.84 - - [26/Jun/2012:04:24:35 +0200] "GET /jog/publikaciok.htm HTTP/1.1" 200 17866 "-" "Mozilla/5.0 (compatible; Ezooms/1.0; ezooms.bot@gmail.com)"
208.115.113.84 - - [26/Jun/2012:05:47:43 +0200] "GET /robots.txt HTTP/1.1" 404 1181 "-" "Mozilla/5.0 (compatible; Ezooms/1.0; ezooms.bot@gmail.com)"
178.154.210.252 - - [26/Jun/2012:06:21:53 +0200] "GET /media.htm HTTP/1.1" 304 - "-" "Mozilla/5.0 (compatible; YandexBot/3.0; +http://yandex.com/bots)"
208.115.113.84 - - [26/Jun/2012:07:17:54 +0200] "GET /jog/publikaciok.htm HTTP/1.1" 200 17866 "-" "Mozilla/5.0 (compatible; Ezooms/1.0; ezooms.bot@gmail.com)"
66.249.72.2 - - [26/Jun/2012:08:29:12 +0200] "GET /robots.txt HTTP/1.1" 404 1181 "-" "Mozilla/5.0 (compatible; Googlebot/2.1; +http://www.google.com/bot.html)"
66.249.72.2 - - [26/Jun/2012:08:29:12 +0200] "GET /hirek/hirek120207.htm HTTP/1.1" 200 6586 "-" "Mozilla/5.0 (compatible; Googlebot/2.1; +http://www.google.com/bot.html)"
66.249.72.2 - - [26/Jun/2012:08:46:42 +0200] "GET /hirek/szines_vm_logo.jpg HTTP/1.1" 200 9207 "-" "Googlebot-Image/1.0"
208.115.113.84 - - [26/Jun/2012:09:08:24 +0200] "GET /robots.txt HTTP/1.1" 404 1181 "-" "Mozilla/5.0 (compatible; Ezooms/1.0; ezooms.bot@gmail.com)"
66.249.72.2 - - [26/Jun/2012:10:38:04 +0200] "GET /jog/pub/rally_kiadvany_mtvsz.pdf HTTP/1.1" 200 630857 "-" "Mozilla/5.0 (compatible; Googlebot/2.1; +http://www.google.com/bot.html)"
208.115.113.84 - - [26/Jun/2012:10:43:28 +0200] "GET /jog/publikaciok.htm HTTP/1.1" 200 17866 "-" "Mozilla/5.0 (compatible; Ezooms/1.0; ezooms.bot@gmail.com)"
66.249.72.2 - - [26/Jun/2012:11:04:45 +0200] "GET /deutsch/stellen.htm HTTP/1.1" 200 6824 "-" "Mozilla/5.0 (compatible; Googlebot/2.1; +http://www.google.com/bot.html)"
217.69.133.31 - - [26/Jun/2012:11:56:36 +0200] "GET / HTTP/1.0" 200 23794 "-" "Mozilla/5.0 (compatible; Mail.RU/2.0)"
208.115.113.84 - - [26/Jun/2012:12:26:51 +0200] "GET /robots.txt HTTP/1.1" 404 1181 "-" "Mozilla/5.0 (compatible; Ezooms/1.0; ezooms.bot@gmail.com)"
195.228.22.54 - - [26/Jun/2012:13:20:40 +0200] "GET / HTTP/1.1" 200 23794 "http://www.google.hu/url?sa=t&rct=j&q=beklen%20alap%C3%ADtv%C3%A1ny&source=web&cd=1&ved=0CFEQFjAA&url=http%3A%2F%2Fwww.beklen.hu%2F&ei=AZvpT7nJG4bXtAaAupHDDg&usg=AFQjCNEP-2laihep9vegTwNlHcl4us-iaw" "Mozilla/5.0 (Windows; U; Windows NT 5.1; hu; rv:1.9.0.19) Gecko/2010031422 Firefox/3.0.19"
195.228.22.54 - - [26/Jun/2012:13:20:41 +0200] "GET /vill.cs HTTP/1.1" 200 2676 "http://www.beklen.hu/" "Mozilla/5.0 (Windows; U; Windows NT 5.1; hu; rv:1.9.0.19) Gecko/2010031422 Firefox/3.0.19"
195.228.22.54 - - [26/Jun/2012:13:20:41 +0200] "GET /lb/js/prototype.js HTTP/1.1" 200 47603 "http://www.beklen.hu/" "Mozilla/5.0 (Windows; U; Windows NT 5.1; hu; rv:1.9.0.19) Gecko/2010031422 Firefox/3.0.19"
195.228.22.54 - - [26/Jun/2012:13:20:41 +0200] "GET /lb/js/scriptaculous.js?load=effects HTTP/1.1" 200 2152 "http://www.beklen.hu/" "Mozilla/5.0 (Windows; U; Windows NT 5.1; hu; rv:1.9.0.19) Gecko/2010031422 Firefox/3.0.19"
195.228.22.54 - - [26/Jun/2012:13:20:41 +0200] "GET /lb/js/effects.js HTTP/1.1" 200 31969 "http://www.beklen.hu/" "Mozilla/5.0 (Windows; U; Windows NT 5.1; hu; rv:1.9.0.19) Gecko/2010031422 Firefox/3.0.19"
195.228.22.54 - - [26/Jun/2012:13:20:42 +0200] "GET /lb/js/lightbox.js HTTP/1.1" 200 23424 "http://www.beklen.hu/" "Mozilla/5.0 (Windows; U; Windows NT 5.1; hu; rv:1.9.0.19) Gecko/2010031422 Firefox/3.0.19"
195.228.22.54 - - [26/Jun/2012:13:20:42 +0200] "GET /lb/css/lightbox.css HTTP/1.1" 200 1715 "http://www.beklen.hu/" "Mozilla/5.0 (Windows; U; Windows NT 5.1; hu; rv:1.9.0.19) Gecko/2010031422 Firefox/3.0.19"
195.228.22.54 - - [26/Jun/2012:13:20:43 +0200] "GET /bg.jpg HTTP/1.1" 200 566 "http://www.beklen.hu/" "Mozilla/5.0 (Windows; U; Windows NT 5.1; hu; rv:1.9.0.19) Gecko/2010031422 Firefox/3.0.19"
195.228.22.54 - - [26/Jun/2012:13:20:43 +0200] "GET /tm01.jpg HTTP/1.1" 200 1080 "http://www.beklen.hu/" "Mozilla/5.0 (Windows; U; Windows NT 5.1; hu; rv:1.9.0.19) Gecko/2010031422 Firefox/3.0.19"
195.228.22.54 - - [26/Jun/2012:13:20:43 +0200] "GET /tm02.jpg HTTP/1.1" 200 1873 "http://www.beklen.hu/" "Mozilla/5.0 (Windows; U; Windows NT 5.1; hu; rv:1.9.0.19) Gecko/2010031422 Firefox/3.0.19"
195.228.22.54 - - [26/Jun/2012:13:20:43 +0200] "GET /tm03_.jpg HTTP/1.1" 200 1787 "http://www.beklen.hu/" "Mozilla/5.0 (Windows; U; Windows NT 5.1; hu; rv:1.9.0.19) Gecko/2010031422 Firefox/3.0.19"
195.228.22.54 - - [26/Jun/2012:13:20:43 +0200] "GET /tm05_.jpg HTTP/1.1" 200 1839 "http://www.beklen.hu/" "Mozilla/5.0 (Windows; U; Windows NT 5.1; hu; rv:1.9.0.19) Gecko/2010031422 Firefox/3.0.19"
195.228.22.54 - - [26/Jun/2012:13:20:43 +0200] "GET /tm04_.jpg HTTP/1.1" 200 2058 "http://www.beklen.hu/" "Mozilla/5.0 (Windows; U; Windows NT 5.1; hu; rv:1.9.0.19) Gecko/2010031422 Firefox/3.0.19"
195.228.22.54 - - [26/Jun/2012:13:20:43 +0200] "GET /tm06_.jpg HTTP/1.1" 200 1382 "http://www.beklen.hu/" "Mozilla/5.0 (Windows; U; Windows NT 5.1; hu; rv:1.9.0.19) Gecko/2010031422 Firefox/3.0.19"
195.228.22.54 - - [26/Jun/2012:13:20:43 +0200] "GET /tm07.jpg HTTP/1.1" 200 1007 "http://www.beklen.hu/" "Mozilla/5.0 (Windows; U; Windows NT 5.1; hu; rv:1.9.0.19) Gecko/2010031422 Firefox/3.0.19"
195.228.22.54 - - [26/Jun/2012:13:20:43 +0200] "GET /a1_projekt_tabla_infra_cs3_beklenhaz_.jpg HTTP/1.1" 200 8994 "http://www.beklen.hu/" "Mozilla/5.0 (Windows; U; Windows NT 5.1; hu; rv:1.9.0.19) Gecko/2010031422 Firefox/3.0.19"
195.228.22.54 - - [26/Jun/2012:13:20:43 +0200] "GET /jog_honlap_.jpg HTTP/1.1" 200 7186 "http://www.beklen.hu/" "Mozilla/5.0 (Windows; U; Windows NT 5.1; hu; rv:1.9.0.19) Gecko/2010031422 Firefox/3.0.19"
195.228.22.54 - - [26/Jun/2012:13:20:43 +0200] "GET /bottom_main.jpg HTTP/1.1" 200 96820 "http://www.beklen.hu/vill.cs" "Mozilla/5.0 (Windows; U; Windows NT 5.1; hu; rv:1.9.0.19) Gecko/2010031422 Firefox/3.0.19"
195.228.22.54 - - [26/Jun/2012:13:20:57 +0200] "GET /nimfea_project_250x250.gif HTTP/1.1" 200 2986583 "http://www.beklen.hu/" "Mozilla/5.0 (Windows; U; Windows NT 5.1; hu; rv:1.9.0.19) Gecko/2010031422 Firefox/3.0.19"
195.228.22.54 - - [26/Jun/2012:13:20:59 +0200] "GET /lb/images/loading.gif HTTP/1.1" 200 2767 "http://www.beklen.hu/" "Mozilla/5.0 (Windows; U; Windows NT 5.1; hu; rv:1.9.0.19) Gecko/2010031422 Firefox/3.0.19"
195.228.22.54 - - [26/Jun/2012:13:20:59 +0200] "GET /lb/images/closelabel.gif HTTP/1.1" 200 222 "http://www.beklen.hu/" "Mozilla/5.0 (Windows; U; Windows NT 5.1; hu; rv:1.9.0.19) Gecko/2010031422 Firefox/3.0.19"
195.228.22.54 - - [26/Jun/2012:13:20:59 +0200] "GET /tm04.jpg HTTP/1.1" 200 2613 "http://www.beklen.hu/" "Mozilla/5.0 (Windows; U; Windows NT 5.1; hu; rv:1.9.0.19) Gecko/2010031422 Firefox/3.0.19"
195.228.22.54 - - [26/Jun/2012:13:20:59 +0200] "GET /tm02_.jpg HTTP/1.1" 200 1524 "http://www.beklen.hu/" "Mozilla/5.0 (Windows; U; Windows NT 5.1; hu; rv:1.9.0.19) Gecko/2010031422 Firefox/3.0.19"
195.228.22.54 - - [26/Jun/2012:13:20:59 +0200] "GET /tm05.jpg HTTP/1.1" 200 2253 "http://www.beklen.hu/" "Mozilla/5.0 (Windows; U; Windows NT 5.1; hu; rv:1.9.0.19) Gecko/2010031422 Firefox/3.0.19"
195.228.22.54 - - [26/Jun/2012:13:20:59 +0200] "GET /tm06.jpg HTTP/1.1" 200 1651 "http://www.beklen.hu/" "Mozilla/5.0 (Windows; U; Windows NT 5.1; hu; rv:1.9.0.19) Gecko/2010031422 Firefox/3.0.19"
195.228.22.54 - - [26/Jun/2012:13:20:59 +0200] "GET /tm03.jpg HTTP/1.1" 200 2212 "http://www.beklen.hu/" "Mozilla/5.0 (Windows; U; Windows NT 5.1; hu; rv:1.9.0.19) Gecko/2010031422 Firefox/3.0.19"
195.228.22.54 - - [26/Jun/2012:13:20:59 +0200] "GET /favicon.ico HTTP/1.1" 404 1181 "-" "Mozilla/5.0 (Windows; U; Windows NT 5.1; hu; rv:1.9.0.19) Gecko/2010031422 Firefox/3.0.19"
195.228.22.54 - - [26/Jun/2012:13:21:01 +0200] "GET /programok.htm HTTP/1.1" 200 6444 "http://www.beklen.hu/" "Mozilla/5.0 (Windows; U; Windows NT 5.1; hu; rv:1.9.0.19) Gecko/2010031422 Firefox/3.0.19"
195.228.22.54 - - [26/Jun/2012:13:21:02 +0200] "GET /bottom_.jpg HTTP/1.1" 200 93419 "http://www.beklen.hu/vill.cs" "Mozilla/5.0 (Windows; U; Windows NT 5.1; hu; rv:1.9.0.19) Gecko/2010031422 Firefox/3.0.19"
195.228.22.54 - - [26/Jun/2012:13:21:05 +0200] "GET /favicon.ico HTTP/1.1" 404 1181 "-" "Mozilla/5.0 (Windows; U; Windows NT 5.1; hu; rv:1.9.0.19) Gecko/2010031422 Firefox/3.0.19"
195.228.22.54 - - [26/Jun/2012:13:21:08 +0200] "GET /kapcsolat.htm HTTP/1.1" 200 6889 "http://www.beklen.hu/programok.htm" "Mozilla/5.0 (Windows; U; Windows NT 5.1; hu; rv:1.9.0.19) Gecko/2010031422 Firefox/3.0.19"
195.228.22.54 - - [26/Jun/2012:13:21:08 +0200] "GET /felsorol.css HTTP/1.1" 200 240 "http://www.beklen.hu/kapcsolat.htm" "Mozilla/5.0 (Windows; U; Windows NT 5.1; hu; rv:1.9.0.19) Gecko/2010031422 Firefox/3.0.19"
195.228.22.54 - - [26/Jun/2012:13:21:57 +0200] "GET /magunkrol.htm HTTP/1.1" 200 9202 "http://www.beklen.hu/programok.htm" "Mozilla/5.0 (Windows; U; Windows NT 5.1; hu; rv:1.9.0.19) Gecko/2010031422 Firefox/3.0.19"
195.228.22.54 - - [26/Jun/2012:13:22:20 +0200] "GET /media.htm HTTP/1.1" 200 5208 "http://www.beklen.hu/kapcsolat.htm" "Mozilla/5.0 (Windows; U; Windows NT 5.1; hu; rv:1.9.0.19) Gecko/2010031422 Firefox/3.0.19"
195.228.22.54 - - [26/Jun/2012:13:22:27 +0200] "GET /index.htm HTTP/1.1" 200 23794 "http://www.beklen.hu/media.htm" "Mozilla/5.0 (Windows; U; Windows NT 5.1; hu; rv:1.9.0.19) Gecko/2010031422 Firefox/3.0.19"
195.228.22.54 - - [26/Jun/2012:13:23:23 +0200] "GET /hirek/hirek100810.htm HTTP/1.1" 200 8123 "http://www.beklen.hu/index.htm" "Mozilla/5.0 (Windows; U; Windows NT 5.1; hu; rv:1.9.0.19) Gecko/2010031422 Firefox/3.0.19"
195.228.22.54 - - [26/Jun/2012:13:23:24 +0200] "GET /images/nfuszolnoknorveg.JPG HTTP/1.1" 200 13113 "http://www.beklen.hu/hirek/hirek100810.htm" "Mozilla/5.0 (Windows; U; Windows NT 5.1; hu; rv:1.9.0.19) Gecko/2010031422 Firefox/3.0.19"
195.228.22.54 - - [26/Jun/2012:13:23:24 +0200] "GET /hirek/fotok_alsoberettyo/DSCF2486.jpg HTTP/1.1" 200 99189 "http://www.beklen.hu/hirek/hirek100810.htm" "Mozilla/5.0 (Windows; U; Windows NT 5.1; hu; rv:1.9.0.19) Gecko/2010031422 Firefox/3.0.19"
195.228.22.54 - - [26/Jun/2012:13:23:24 +0200] "GET /hirek/fotok_alsoberettyo/DSCF2490.jpg HTTP/1.1" 200 97869 "http://www.beklen.hu/hirek/hirek100810.htm" "Mozilla/5.0 (Windows; U; Windows NT 5.1; hu; rv:1.9.0.19) Gecko/2010031422 Firefox/3.0.19"
195.228.22.54 - - [26/Jun/2012:13:23:24 +0200] "GET /hirek/fotok_alsoberettyo/DSCF2488.jpg HTTP/1.1" 200 99470 "http://www.beklen.hu/hirek/hirek100810.htm" "Mozilla/5.0 (Windows; U; Windows NT 5.1; hu; rv:1.9.0.19) Gecko/2010031422 Firefox/3.0.19"
195.228.22.54 - - [26/Jun/2012:13:23:24 +0200] "GET /hirek/fotok_alsoberettyo/DSCF2478.jpg HTTP/1.1" 200 119998 "http://www.beklen.hu/hirek/hirek100810.htm" "Mozilla/5.0 (Windows; U; Windows NT 5.1; hu; rv:1.9.0.19) Gecko/2010031422 Firefox/3.0.19"
208.115.113.84 - - [26/Jun/2012:13:56:48 +0200] "GET /jog/publikaciok.htm HTTP/1.1" 200 17866 "-" "Mozilla/5.0 (compatible; Ezooms/1.0; ezooms.bot@gmail.com)"
66.249.72.2 - - [26/Jun/2012:14:02:47 +0200] "GET /hirek/hirek090930.htm HTTP/1.1" 200 7044 "-" "Mozilla/5.0 (compatible; Googlebot/2.1; +http://www.google.com/bot.html)"
66.249.72.2 - - [26/Jun/2012:14:33:58 +0200] "GET /jog/eseteink/derekegyhaza/dalerd-disznoskert%20szakhat-vegleges.pdf HTTP/1.1" 200 190281 "-" "Mozilla/5.0 (compatible; Googlebot/2.1; +http://www.google.com/bot.html)"
178.154.210.252 - - [26/Jun/2012:15:27:53 +0200] "GET /robots.txt HTTP/1.1" 404 1181 "-" "Mozilla/5.0 (compatible; YandexBot/3.0; +http://yandex.com/bots)"
178.154.210.252 - - [26/Jun/2012:15:28:02 +0200] "GET /fiok HTTP/1.1" 301 312 "-" "Mozilla/5.0 (compatible; YandexBot/3.0; +http://yandex.com/bots)"
178.154.210.252 - - [26/Jun/2012:15:29:48 +0200] "GET / HTTP/1.1" 200 23794 "-" "Mozilla/5.0 (compatible; YandexBot/3.0; +http://yandex.com/bots)"
178.154.210.252 - - [26/Jun/2012:15:29:51 +0200] "GET /fiok/ HTTP/1.1" 304 - "-" "Mozilla/5.0 (compatible; YandexBot/3.0; +http://yandex.com/bots)"
208.115.113.84 - - [26/Jun/2012:15:46:27 +0200] "GET /robots.txt HTTP/1.1" 404 1181 "-" "Mozilla/5.0 (compatible; Ezooms/1.0; ezooms.bot@gmail.com)"
139.18.2.17 - - [26/Jun/2012:15:48:09 +0200] "GET /robots.txt HTTP/1.1" 404 1181 "-" "findlinks/2.6 (+http://wortschatz.uni-leipzig.de/findlinks/)"
