78.131.56.71 - - [19/Jun/2012:13:07:56 +0200] "GET /jog/images/post_c.png HTTP/1.0" 200 204 "http://www.beklen.hu/jog/index.htm" "Mozilla/5.0 (Windows NT 5.1) AppleWebKit/536.5 (KHTML, like Gecko) Chrome/19.0.1084.56 Safari/536.5"
78.131.56.71 - - [19/Jun/2012:13:07:56 +0200] "GET /jog/img/nca_logo_.png HTTP/1.0" 200 7180 "http://www.beklen.hu/jog/index.htm" "Mozilla/5.0 (Windows NT 5.1) AppleWebKit/536.5 (KHTML, like Gecko) Chrome/19.0.1084.56 Safari/536.5"
78.131.56.71 - - [19/Jun/2012:13:07:56 +0200] "GET /jog/img/320/sargarigo2.jpg HTTP/1.0" 200 17500 "http://www.beklen.hu/jog/index.htm" "Mozilla/5.0 (Windows NT 5.1) AppleWebKit/536.5 (KHTML, like Gecko) Chrome/19.0.1084.56 Safari/536.5"
78.131.56.71 - - [19/Jun/2012:13:07:56 +0200] "GET /jog/img/magyar_cimer.png HTTP/1.0" 200 1900 "http://www.beklen.hu/jog/index.htm" "Mozilla/5.0 (Windows NT 5.1) AppleWebKit/536.5 (KHTML, like Gecko) Chrome/19.0.1084.56 Safari/536.5"
78.131.56.71 - - [19/Jun/2012:13:07:56 +0200] "GET /jog/favicon.ico HTTP/1.0" 200 1150 "-" "Mozilla/5.0 (Windows NT 5.1) AppleWebKit/536.5 (KHTML, like Gecko) Chrome/19.0.1084.56 Safari/536.5"
208.115.113.84 - - [19/Jun/2012:13:13:03 +0200] "GET /robots.txt HTTP/1.1" 404 1181 "-" "Mozilla/5.0 (compatible; Ezooms/1.0; ezooms.bot@gmail.com)"
91.82.33.1 - - [19/Jun/2012:14:35:16 +0200] "GET /hirek08_11.htm HTTP/1.1" 200 7253 "http://www.google.hu/url?sa=t&rct=j&q=M8+aut%C3%B3%C3%BAt+szakasz+nyomvonal%C3%A1nak+kijel%C3%B6l%C3%A9se&source=web&cd=1&ved=0CEwQFjAA&url=http%3A%2F%2Fwww.beklen.hu%2Fhirek08_11.htm&ei=AHLgT_vRLq764QTP38jZDQ&usg=AFQjCNGR9TEjhDUubMBe4VQcbiVFDPGP3Q" "Mozilla/5.0 (Windows NT 6.1; rv:12.0) Gecko/20100101 Firefox/12.0"
91.82.33.1 - - [19/Jun/2012:14:35:16 +0200] "GET /vill.cs HTTP/1.1" 200 2676 "http://www.beklen.hu/hirek08_11.htm" "Mozilla/5.0 (Windows NT 6.1; rv:12.0) Gecko/20100101 Firefox/12.0"
91.82.33.1 - - [19/Jun/2012:14:35:16 +0200] "GET /tm01.jpg HTTP/1.1" 200 1080 "http://www.beklen.hu/hirek08_11.htm" "Mozilla/5.0 (Windows NT 6.1; rv:12.0) Gecko/20100101 Firefox/12.0"
91.82.33.1 - - [19/Jun/2012:14:35:16 +0200] "GET /tm02_.jpg HTTP/1.1" 200 1524 "http://www.beklen.hu/hirek08_11.htm" "Mozilla/5.0 (Windows NT 6.1; rv:12.0) Gecko/20100101 Firefox/12.0"
91.82.33.1 - - [19/Jun/2012:14:35:16 +0200] "GET /tm03_.jpg HTTP/1.1" 200 1787 "http://www.beklen.hu/hirek08_11.htm" "Mozilla/5.0 (Windows NT 6.1; rv:12.0) Gecko/20100101 Firefox/12.0"
91.82.33.1 - - [19/Jun/2012:14:35:16 +0200] "GET /tm05_.jpg HTTP/1.1" 200 1839 "http://www.beklen.hu/hirek08_11.htm" "Mozilla/5.0 (Windows NT 6.1; rv:12.0) Gecko/20100101 Firefox/12.0"
91.82.33.1 - - [19/Jun/2012:14:35:16 +0200] "GET /tm06_.jpg HTTP/1.1" 200 1382 "http://www.beklen.hu/hirek08_11.htm" "Mozilla/5.0 (Windows NT 6.1; rv:12.0) Gecko/20100101 Firefox/12.0"
91.82.33.1 - - [19/Jun/2012:14:35:16 +0200] "GET /tm04_.jpg HTTP/1.1" 200 2058 "http://www.beklen.hu/hirek08_11.htm" "Mozilla/5.0 (Windows NT 6.1; rv:12.0) Gecko/20100101 Firefox/12.0"
91.82.33.1 - - [19/Jun/2012:14:35:16 +0200] "GET /tm07.jpg HTTP/1.1" 200 1007 "http://www.beklen.hu/hirek08_11.htm" "Mozilla/5.0 (Windows NT 6.1; rv:12.0) Gecko/20100101 Firefox/12.0"
91.82.33.1 - - [19/Jun/2012:14:35:16 +0200] "GET /bg.jpg HTTP/1.1" 200 566 "http://www.beklen.hu/hirek08_11.htm" "Mozilla/5.0 (Windows NT 6.1; rv:12.0) Gecko/20100101 Firefox/12.0"
91.82.33.1 - - [19/Jun/2012:14:35:17 +0200] "GET /bottom_main.jpg HTTP/1.1" 200 96820 "http://www.beklen.hu/vill.cs" "Mozilla/5.0 (Windows NT 6.1; rv:12.0) Gecko/20100101 Firefox/12.0"
91.82.33.1 - - [19/Jun/2012:14:35:17 +0200] "GET /tm04.jpg HTTP/1.1" 200 2613 "http://www.beklen.hu/hirek08_11.htm" "Mozilla/5.0 (Windows NT 6.1; rv:12.0) Gecko/20100101 Firefox/12.0"
91.82.33.1 - - [19/Jun/2012:14:35:17 +0200] "GET /tm02.jpg HTTP/1.1" 200 1873 "http://www.beklen.hu/hirek08_11.htm" "Mozilla/5.0 (Windows NT 6.1; rv:12.0) Gecko/20100101 Firefox/12.0"
91.82.33.1 - - [19/Jun/2012:14:35:17 +0200] "GET /tm05.jpg HTTP/1.1" 200 2253 "http://www.beklen.hu/hirek08_11.htm" "Mozilla/5.0 (Windows NT 6.1; rv:12.0) Gecko/20100101 Firefox/12.0"
91.82.33.1 - - [19/Jun/2012:14:35:17 +0200] "GET /tm06.jpg HTTP/1.1" 200 1651 "http://www.beklen.hu/hirek08_11.htm" "Mozilla/5.0 (Windows NT 6.1; rv:12.0) Gecko/20100101 Firefox/12.0"
91.82.33.1 - - [19/Jun/2012:14:35:17 +0200] "GET /tm03.jpg HTTP/1.1" 200 2212 "http://www.beklen.hu/hirek08_11.htm" "Mozilla/5.0 (Windows NT 6.1; rv:12.0) Gecko/20100101 Firefox/12.0"
91.82.33.1 - - [19/Jun/2012:14:35:17 +0200] "GET /favicon.ico HTTP/1.1" 404 1181 "-" "Mozilla/5.0 (Windows NT 6.1; rv:12.0) Gecko/20100101 Firefox/12.0"
91.82.33.1 - - [19/Jun/2012:14:35:17 +0200] "GET /favicon.ico HTTP/1.1" 404 1181 "-" "Mozilla/5.0 (Windows NT 6.1; rv:12.0) Gecko/20100101 Firefox/12.0"
91.82.33.1 - - [19/Jun/2012:14:35:17 +0200] "GET /favicon.ico HTTP/1.1" 404 1181 "-" "Mozilla/5.0 (Windows NT 6.1; rv:12.0) Gecko/20100101 Firefox/12.0"
109.129.38.188 - - [19/Jun/2012:14:50:26 +0200] "GET /jog/pub/fuzet_beliv_jav2angol.pdf HTTP/1.1" 200 811793 "http://www.google.be/url?sa=t&rct=j&q=domogled%20%E2%80%93%20valea%20cernei%20bear%20population&source=web&cd=20&ved=0CG8QFjAJOAo&url=http%3A%2F%2Fwww.beklen.hu%2Fjog%2Fpub%2Ffuzet_beliv_jav2angol.pdf&ei=1HTgT5z6I471-gaG7tmtDQ&usg=AFQjCNHJLYsRNzQmAhTA8pC8TuEWhOiFmw" "Mozilla/5.0 (compatible; MSIE 9.0; Windows NT 6.1; Win64; x64; Trident/5.0)"
208.115.113.84 - - [19/Jun/2012:14:54:46 +0200] "GET /jog/publikaciok.htm HTTP/1.1" 200 17866 "-" "Mozilla/5.0 (compatible; Ezooms/1.0; ezooms.bot@gmail.com)"
74.125.78.91 - - [19/Jun/2012:15:46:42 +0200] "GET /hirek/hirek090605.htm HTTP/1.1" 200 7994 "http://www.google.com/search" "Mozilla/5.0 (X11; Linux x86_64) AppleWebKit/536.8 (KHTML, like Gecko; Google Web Preview) Chrome/19.0.1084.36 Safari/536.8"
74.125.78.84 - - [19/Jun/2012:15:46:42 +0200] "GET /vill.cs HTTP/1.1" 200 2676 "http://www.beklen.hu/hirek/hirek090605.htm" "Mozilla/5.0 (X11; Linux x86_64) AppleWebKit/536.8 (KHTML, like Gecko; Google Web Preview) Chrome/19.0.1084.36 Safari/536.8"
74.125.78.91 - - [19/Jun/2012:15:46:42 +0200] "GET /tm02_.jpg HTTP/1.1" 200 1524 "http://www.beklen.hu/hirek/hirek090605.htm" "Mozilla/5.0 (X11; Linux x86_64) AppleWebKit/536.8 (KHTML, like Gecko; Google Web Preview) Chrome/19.0.1084.36 Safari/536.8"
74.125.78.93 - - [19/Jun/2012:15:46:42 +0200] "GET /tm01.jpg HTTP/1.1" 200 1080 "http://www.beklen.hu/hirek/hirek090605.htm" "Mozilla/5.0 (X11; Linux x86_64) AppleWebKit/536.8 (KHTML, like Gecko; Google Web Preview) Chrome/19.0.1084.36 Safari/536.8"
74.125.78.100 - - [19/Jun/2012:15:46:42 +0200] "GET /tm06_.jpg HTTP/1.1" 200 1382 "http://www.beklen.hu/hirek/hirek090605.htm" "Mozilla/5.0 (X11; Linux x86_64) AppleWebKit/536.8 (KHTML, like Gecko; Google Web Preview) Chrome/19.0.1084.36 Safari/536.8"
74.125.78.90 - - [19/Jun/2012:15:46:42 +0200] "GET /tm03_.jpg HTTP/1.1" 200 1787 "http://www.beklen.hu/hirek/hirek090605.htm" "Mozilla/5.0 (X11; Linux x86_64) AppleWebKit/536.8 (KHTML, like Gecko; Google Web Preview) Chrome/19.0.1084.36 Safari/536.8"
74.125.78.95 - - [19/Jun/2012:15:46:42 +0200] "GET /bg.jpg HTTP/1.1" 200 566 "http://www.beklen.hu/hirek/hirek090605.htm" "Mozilla/5.0 (X11; Linux x86_64) AppleWebKit/536.8 (KHTML, like Gecko; Google Web Preview) Chrome/19.0.1084.36 Safari/536.8"
74.125.78.101 - - [19/Jun/2012:15:46:42 +0200] "GET /tm05_.jpg HTTP/1.1" 200 1839 "http://www.beklen.hu/hirek/hirek090605.htm" "Mozilla/5.0 (X11; Linux x86_64) AppleWebKit/536.8 (KHTML, like Gecko; Google Web Preview) Chrome/19.0.1084.36 Safari/536.8"
74.125.78.92 - - [19/Jun/2012:15:46:42 +0200] "GET /tm07.jpg HTTP/1.1" 200 1007 "http://www.beklen.hu/hirek/hirek090605.htm" "Mozilla/5.0 (X11; Linux x86_64) AppleWebKit/536.8 (KHTML, like Gecko; Google Web Preview) Chrome/19.0.1084.36 Safari/536.8"
74.125.78.89 - - [19/Jun/2012:15:46:43 +0200] "GET /bottom_main.jpg HTTP/1.1" 200 96820 "http://www.beklen.hu/hirek/hirek090605.htm" "Mozilla/5.0 (X11; Linux x86_64) AppleWebKit/536.8 (KHTML, like Gecko; Google Web Preview) Chrome/19.0.1084.36 Safari/536.8"
74.125.78.80 - - [19/Jun/2012:15:46:44 +0200] "GET /tm04_.jpg HTTP/1.1" 200 2058 "http://www.beklen.hu/hirek/hirek090605.htm" "Mozilla/5.0 (X11; Linux x86_64) AppleWebKit/536.8 (KHTML, like Gecko; Google Web Preview) Chrome/19.0.1084.36 Safari/536.8"
208.115.113.84 - - [19/Jun/2012:16:40:32 +0200] "GET /robots.txt HTTP/1.1" 404 1181 "-" "Mozilla/5.0 (compatible; Ezooms/1.0; ezooms.bot@gmail.com)"
74.125.78.90 - - [19/Jun/2012:18:05:40 +0200] "GET /jog/index.htm HTTP/1.1" 200 13138 "http://www.google.com/search" "Mozilla/5.0 (X11; Linux x86_64) AppleWebKit/536.8 (KHTML, like Gecko; Google Web Preview) Chrome/19.0.1084.36 Safari/536.8"
74.125.78.90 - - [19/Jun/2012:18:05:40 +0200] "GET /jog/style.css HTTP/1.1" 200 21413 "http://www.beklen.hu/jog/index.htm" "Mozilla/5.0 (X11; Linux x86_64) AppleWebKit/536.8 (KHTML, like Gecko; Google Web Preview) Chrome/19.0.1084.36 Safari/536.8"
74.125.78.98 - - [19/Jun/2012:18:05:41 +0200] "GET /jog/jquery.js HTTP/1.1" 200 72174 "http://www.beklen.hu/jog/index.htm" "Mozilla/5.0 (X11; Linux x86_64) AppleWebKit/536.8 (KHTML, like Gecko; Google Web Preview) Chrome/19.0.1084.36 Safari/536.8"
74.125.78.98 - - [19/Jun/2012:18:05:41 +0200] "GET /jog/images/nav.png HTTP/1.1" 200 10482 "http://www.beklen.hu/jog/index.htm" "Mozilla/5.0 (X11; Linux x86_64) AppleWebKit/536.8 (KHTML, like Gecko; Google Web Preview) Chrome/19.0.1084.36 Safari/536.8"
74.125.78.87 - - [19/Jun/2012:18:05:41 +0200] "GET /jog/images/post_c.png HTTP/1.1" 200 204 "http://www.beklen.hu/jog/index.htm" "Mozilla/5.0 (X11; Linux x86_64) AppleWebKit/536.8 (KHTML, like Gecko; Google Web Preview) Chrome/19.0.1084.36 Safari/536.8"
74.125.78.94 - - [19/Jun/2012:18:05:41 +0200] "GET /jog/images/subitem.png HTTP/1.1" 200 81 "http://www.beklen.hu/jog/index.htm" "Mozilla/5.0 (X11; Linux x86_64) AppleWebKit/536.8 (KHTML, like Gecko; Google Web Preview) Chrome/19.0.1084.36 Safari/536.8"
74.125.78.92 - - [19/Jun/2012:18:05:41 +0200] "GET /jog/img/magyar_cimer.png HTTP/1.1" 200 1900 "http://www.beklen.hu/jog/index.htm" "Mozilla/5.0 (X11; Linux x86_64) AppleWebKit/536.8 (KHTML, like Gecko; Google Web Preview) Chrome/19.0.1084.36 Safari/536.8"
74.125.78.86 - - [19/Jun/2012:18:05:41 +0200] "GET /jog/images/spacer.gif HTTP/1.1" 200 43 "http://www.beklen.hu/jog/index.htm" "Mozilla/5.0 (X11; Linux x86_64) AppleWebKit/536.8 (KHTML, like Gecko; Google Web Preview) Chrome/19.0.1084.36 Safari/536.8"
74.125.78.99 - - [19/Jun/2012:18:05:41 +0200] "GET /jog/images/menuitem.png HTTP/1.1" 200 20398 "http://www.beklen.hu/jog/index.htm" "Mozilla/5.0 (X11; Linux x86_64) AppleWebKit/536.8 (KHTML, like Gecko; Google Web Preview) Chrome/19.0.1084.36 Safari/536.8"
74.125.78.81 - - [19/Jun/2012:18:05:41 +0200] "GET /jog/img/nca_logo_.png HTTP/1.1" 200 7180 "http://www.beklen.hu/jog/index.htm" "Mozilla/5.0 (X11; Linux x86_64) AppleWebKit/536.8 (KHTML, like Gecko; Google Web Preview) Chrome/19.0.1084.36 Safari/536.8"
74.125.78.103 - - [19/Jun/2012:18:05:41 +0200] "GET /jog/images/header.png HTTP/1.1" 200 170837 "http://www.beklen.hu/jog/index.htm" "Mozilla/5.0 (X11; Linux x86_64) AppleWebKit/536.8 (KHTML, like Gecko; Google Web Preview) Chrome/19.0.1084.36 Safari/536.8"
74.125.78.88 - - [19/Jun/2012:18:05:41 +0200] "GET /jog/img/320/sargarigo2.jpg HTTP/1.1" 200 17500 "http://www.beklen.hu/jog/index.htm" "Mozilla/5.0 (X11; Linux x86_64) AppleWebKit/536.8 (KHTML, like Gecko; Google Web Preview) Chrome/19.0.1084.36 Safari/536.8"
74.125.78.97 - - [19/Jun/2012:18:05:41 +0200] "GET /jog/images/post_s.png HTTP/1.1" 200 466 "http://www.beklen.hu/jog/index.htm" "Mozilla/5.0 (X11; Linux x86_64) AppleWebKit/536.8 (KHTML, like Gecko; Google Web Preview) Chrome/19.0.1084.36 Safari/536.8"
74.125.78.86 - - [19/Jun/2012:18:05:42 +0200] "GET /jog/slapp.htm HTTP/1.1" 200 21314 "http://www.google.com/search" "Mozilla/5.0 (X11; Linux x86_64) AppleWebKit/536.8 (KHTML, like Gecko; Google Web Preview) Chrome/19.0.1084.36 Safari/536.8"
74.125.78.82 - - [19/Jun/2012:18:05:43 +0200] "GET /jog/img/hammer.jpg HTTP/1.1" 200 10094 "http://www.beklen.hu/jog/slapp.htm" "Mozilla/5.0 (X11; Linux x86_64) AppleWebKit/536.8 (KHTML, like Gecko; Google Web Preview) Chrome/19.0.1084.36 Safari/536.8"
74.125.78.95 - - [19/Jun/2012:18:05:43 +0200] "GET /jog2/images/button.png HTTP/1.1" 200 27118 "http://www.beklen.hu/jog/slapp.htm" "Mozilla/5.0 (X11; Linux x86_64) AppleWebKit/536.8 (KHTML, like Gecko; Google Web Preview) Chrome/19.0.1084.36 Safari/536.8"
74.125.78.98 - - [19/Jun/2012:18:05:43 +0200] "GET /jog/images/Bottom_texture.jpg HTTP/1.1" 200 193775 "http://www.beklen.hu/jog/index.htm" "Mozilla/5.0 (X11; Linux x86_64) AppleWebKit/536.8 (KHTML, like Gecko; Google Web Preview) Chrome/19.0.1084.36 Safari/536.8"
188.120.25.162 - - [19/Jun/2012:18:17:19 +0200] "GET /jog/eseteink/kavicszatony/index.htm HTTP/1.1" 200 16432 "http://www.google.hu/imgres?q=Gobio+albipinnatus&start=171&hl=sk&gbv=2&biw=1707&bih=875&tbm=isch&tbnid=PQTOJMJBmzirWM:&imgrefurl=http://www.beklen.hu/jog/eseteink/kavicszatony/index.htm&docid=j72a441xYSz4AM&itg=1&imgurl=http://www.beklen.hu/jog/eseteink/kavicszatony/dscf0024.jpg&w=900&h=596&ei=9KXgT8HgE8bi4QTvkKn0DQ&zoom=1&iact=hc&vpx=1198&vpy=465&dur=5814&hovh=183&hovw=276&tx=183&ty=104&sig=102350717824879271006&page=6&tbnh=156&tbnw=208&ndsp=35&ved=1t:429,r:12,s:171,i:42" "Mozilla/5.0 (compatible; MSIE 9.0; Windows NT 6.1; Trident/5.0)"
188.120.25.162 - - [19/Jun/2012:18:17:19 +0200] "GET /jog/style.css HTTP/1.1" 200 21413 "http://www.beklen.hu/jog/eseteink/kavicszatony/index.htm" "Mozilla/5.0 (compatible; MSIE 9.0; Windows NT 6.1; Trident/5.0)"
188.120.25.162 - - [19/Jun/2012:18:17:19 +0200] "GET /jog/eseteink/kavicszatony/dscf0024.jpg HTTP/1.1" 200 83600 "http://www.google.hu/imgres?q=Gobio+albipinnatus&start=171&hl=sk&gbv=2&biw=1707&bih=875&tbm=isch&tbnid=PQTOJMJBmzirWM:&imgrefurl=http://www.beklen.hu/jog/eseteink/kavicszatony/index.htm&docid=j72a441xYSz4AM&itg=1&imgurl=http://www.beklen.hu/jog/eseteink/kavicszatony/dscf0024.jpg&w=900&h=596&ei=9KXgT8HgE8bi4QTvkKn0DQ&zoom=1&iact=hc&vpx=1198&vpy=465&dur=5814&hovh=183&hovw=276&tx=183&ty=104&sig=102350717824879271006&page=6&tbnh=156&tbnw=208&ndsp=35&ved=1t:429,r:12,s:171,i:42" "Mozilla/5.0 (compatible; MSIE 9.0; Windows NT 6.1; Trident/5.0)"
188.120.25.162 - - [19/Jun/2012:18:17:19 +0200] "GET /jog/script.js HTTP/1.1" 200 5674 "http://www.beklen.hu/jog/eseteink/kavicszatony/index.htm" "Mozilla/5.0 (compatible; MSIE 9.0; Windows NT 6.1; Trident/5.0)"
188.120.25.162 - - [19/Jun/2012:18:17:19 +0200] "GET /jog/lb/js/scriptaculous.js?load=effects HTTP/1.1" 200 2152 "http://www.beklen.hu/jog/eseteink/kavicszatony/index.htm" "Mozilla/5.0 (compatible; MSIE 9.0; Windows NT 6.1; Trident/5.0)"
188.120.25.162 - - [19/Jun/2012:18:17:19 +0200] "GET /jog/lb/js/lightbox.js HTTP/1.1" 200 23431 "http://www.beklen.hu/jog/eseteink/kavicszatony/index.htm" "Mozilla/5.0 (compatible; MSIE 9.0; Windows NT 6.1; Trident/5.0)"
188.120.25.162 - - [19/Jun/2012:18:17:19 +0200] "GET /jog/lb/css/lightbox.css HTTP/1.1" 200 1715 "http://www.beklen.hu/jog/eseteink/kavicszatony/index.htm" "Mozilla/5.0 (compatible; MSIE 9.0; Windows NT 6.1; Trident/5.0)"
188.120.25.162 - - [19/Jun/2012:18:17:19 +0200] "GET /jog/eseteink/kavicszatony/dscf0084_.jpg HTTP/1.1" 200 2611 "http://www.beklen.hu/jog/eseteink/kavicszatony/index.htm" "Mozilla/5.0 (compatible; MSIE 9.0; Windows NT 6.1; Trident/5.0)"
188.120.25.162 - - [19/Jun/2012:18:17:19 +0200] "GET /jog/eseteink/kavicszatony/dscf0024_.jpg HTTP/1.1" 200 2902 "http://www.beklen.hu/jog/eseteink/kavicszatony/index.htm" "Mozilla/5.0 (compatible; MSIE 9.0; Windows NT 6.1; Trident/5.0)"
188.120.25.162 - - [19/Jun/2012:18:17:19 +0200] "GET /jog/img/file_pdf.png HTTP/1.1" 200 581 "http://www.beklen.hu/jog/eseteink/kavicszatony/index.htm" "Mozilla/5.0 (compatible; MSIE 9.0; Windows NT 6.1; Trident/5.0)"
188.120.25.162 - - [19/Jun/2012:18:17:19 +0200] "GET /jog/jquery.js HTTP/1.1" 200 72174 "http://www.beklen.hu/jog/eseteink/kavicszatony/index.htm" "Mozilla/5.0 (compatible; MSIE 9.0; Windows NT 6.1; Trident/5.0)"
188.120.25.162 - - [19/Jun/2012:18:17:19 +0200] "GET /jog/lb/js/prototype.js HTTP/1.1" 200 47603 "http://www.beklen.hu/jog/eseteink/kavicszatony/index.htm" "Mozilla/5.0 (compatible; MSIE 9.0; Windows NT 6.1; Trident/5.0)"
188.120.25.162 - - [19/Jun/2012:18:17:20 +0200] "GET /jog/lb/js/effects.js HTTP/1.1" 200 31969 "http://www.beklen.hu/jog/eseteink/kavicszatony/index.htm" "Mozilla/5.0 (compatible; MSIE 9.0; Windows NT 6.1; Trident/5.0)"
188.120.25.162 - - [19/Jun/2012:18:17:20 +0200] "GET /jog/images/spacer.gif HTTP/1.1" 200 43 "http://www.beklen.hu/jog/eseteink/kavicszatony/index.htm" "Mozilla/5.0 (compatible; MSIE 9.0; Windows NT 6.1; Trident/5.0)"
188.120.25.162 - - [19/Jun/2012:18:17:20 +0200] "GET /jog/images/nav.png HTTP/1.1" 200 10482 "http://www.beklen.hu/jog/eseteink/kavicszatony/index.htm" "Mozilla/5.0 (compatible; MSIE 9.0; Windows NT 6.1; Trident/5.0)"
188.120.25.162 - - [19/Jun/2012:18:17:20 +0200] "GET /jog/images/menuitem.png HTTP/1.1" 200 20398 "http://www.beklen.hu/jog/eseteink/kavicszatony/index.htm" "Mozilla/5.0 (compatible; MSIE 9.0; Windows NT 6.1; Trident/5.0)"
188.120.25.162 - - [19/Jun/2012:18:17:20 +0200] "GET /jog/images/subitem.png HTTP/1.1" 200 81 "http://www.beklen.hu/jog/eseteink/kavicszatony/index.htm" "Mozilla/5.0 (compatible; MSIE 9.0; Windows NT 6.1; Trident/5.0)"
188.120.25.162 - - [19/Jun/2012:18:17:20 +0200] "GET /jog/images/post_s.png HTTP/1.1" 200 466 "http://www.beklen.hu/jog/eseteink/kavicszatony/index.htm" "Mozilla/5.0 (compatible; MSIE 9.0; Windows NT 6.1; Trident/5.0)"
188.120.25.162 - - [19/Jun/2012:18:17:20 +0200] "GET /jog/images/post_v.png HTTP/1.1" 200 310 "http://www.beklen.hu/jog/eseteink/kavicszatony/index.htm" "Mozilla/5.0 (compatible; MSIE 9.0; Windows NT 6.1; Trident/5.0)"
188.120.25.162 - - [19/Jun/2012:18:17:20 +0200] "GET /jog/images/post_h.png HTTP/1.1" 200 292 "http://www.beklen.hu/jog/eseteink/kavicszatony/index.htm" "Mozilla/5.0 (compatible; MSIE 9.0; Windows NT 6.1; Trident/5.0)"
188.120.25.162 - - [19/Jun/2012:18:17:20 +0200] "GET /jog/images/post_c.png HTTP/1.1" 200 204 "http://www.beklen.hu/jog/eseteink/kavicszatony/index.htm" "Mozilla/5.0 (compatible; MSIE 9.0; Windows NT 6.1; Trident/5.0)"
188.120.25.162 - - [19/Jun/2012:18:17:20 +0200] "GET /jog/images/Bottom_texture.jpg HTTP/1.1" 200 193775 "http://www.beklen.hu/jog/eseteink/kavicszatony/index.htm" "Mozilla/5.0 (compatible; MSIE 9.0; Windows NT 6.1; Trident/5.0)"
188.120.25.162 - - [19/Jun/2012:18:17:20 +0200] "GET /jog/images/header.png HTTP/1.1" 200 170837 "http://www.beklen.hu/jog/eseteink/kavicszatony/index.htm" "Mozilla/5.0 (compatible; MSIE 9.0; Windows NT 6.1; Trident/5.0)"
188.120.25.162 - - [19/Jun/2012:18:17:25 +0200] "GET /favicon.ico HTTP/1.1" 404 1181 "-" "Mozilla/5.0 (compatible; MSIE 9.0; Windows NT 6.1; Trident/5.0)"
208.115.113.84 - - [19/Jun/2012:18:19:35 +0200] "GET /jog/publikaciok.htm HTTP/1.1" 200 17866 "-" "Mozilla/5.0 (compatible; Ezooms/1.0; ezooms.bot@gmail.com)"
208.115.113.84 - - [19/Jun/2012:20:05:47 +0200] "GET /robots.txt HTTP/1.1" 404 1181 "-" "Mozilla/5.0 (compatible; Ezooms/1.0; ezooms.bot@gmail.com)"
66.249.72.2 - - [19/Jun/2012:21:22:09 +0200] "GET /robots.txt HTTP/1.1" 404 1181 "-" "Mozilla/5.0 (compatible; Googlebot/2.1; +http://www.google.com/bot.html)"
66.249.72.2 - - [19/Jun/2012:21:22:09 +0200] "GET /fiok/program_reszek/taborok.htm HTTP/1.1" 200 23942 "-" "Mozilla/5.0 (compatible; Googlebot/2.1; +http://www.google.com/bot.html)"
208.115.113.84 - - [19/Jun/2012:21:46:06 +0200] "GET /jog/publikaciok.htm HTTP/1.1" 200 17866 "-" "Mozilla/5.0 (compatible; Ezooms/1.0; ezooms.bot@gmail.com)"
66.249.72.2 - - [19/Jun/2012:22:47:25 +0200] "GET /jog/pub/natura_eng.jpg HTTP/1.1" 200 41860 "-" "Googlebot-Image/1.0"
66.249.72.2 - - [19/Jun/2012:23:16:10 +0200] "GET /fiok/program_reszek/programok/24.jpg HTTP/1.1" 200 76426 "-" "Mozilla/5.0 (compatible; Googlebot/2.1; +http://www.google.com/bot.html)"
66.249.72.2 - - [19/Jun/2012:23:16:15 +0200] "GET /fiok/program_reszek/programok/08.jpg HTTP/1.1" 200 103988 "-" "Mozilla/5.0 (compatible; Googlebot/2.1; +http://www.google.com/bot.html)"
66.249.72.2 - - [19/Jun/2012:23:16:16 +0200] "GET /fiok/program_reszek/programok/25.jpg HTTP/1.1" 200 159458 "-" "Mozilla/5.0 (compatible; Googlebot/2.1; +http://www.google.com/bot.html)"
66.249.72.2 - - [19/Jun/2012:23:16:18 +0200] "GET /fiok/program_reszek/programok/06.jpg HTTP/1.1" 200 134948 "-" "Mozilla/5.0 (compatible; Googlebot/2.1; +http://www.google.com/bot.html)"
66.249.72.2 - - [19/Jun/2012:23:16:19 +0200] "GET /fiok/program_reszek/programok/05.jpg HTTP/1.1" 200 206789 "-" "Mozilla/5.0 (compatible; Googlebot/2.1; +http://www.google.com/bot.html)"
66.249.72.2 - - [19/Jun/2012:23:16:20 +0200] "GET /fiok/program_reszek/programok/07.jpg HTTP/1.1" 200 262705 "-" "Mozilla/5.0 (compatible; Googlebot/2.1; +http://www.google.com/bot.html)"
208.115.113.84 - - [19/Jun/2012:23:29:38 +0200] "GET /robots.txt HTTP/1.1" 404 1181 "-" "Mozilla/5.0 (compatible; Ezooms/1.0; ezooms.bot@gmail.com)"
89.134.100.36 - - [20/Jun/2012:00:59:11 +0200] "GET / HTTP/1.1" 200 23794 "-" "Java/1.6.0_31"
89.134.100.36 - - [20/Jun/2012:00:59:11 +0200] "GET /hirarchivum.htm HTTP/1.1" 200 24981 "-" "Java/1.6.0_31"
89.134.100.36 - - [20/Jun/2012:00:59:12 +0200] "GET /index.htm HTTP/1.1" 200 23794 "-" "Java/1.6.0_31"
89.134.100.36 - - [20/Jun/2012:00:59:12 +0200] "GET /kapcsolat.htm HTTP/1.1" 200 6889 "-" "Java/1.6.0_31"
89.134.100.36 - - [20/Jun/2012:00:59:12 +0200] "GET /magunkrol.htm HTTP/1.1" 200 9202 "-" "Java/1.6.0_31"
89.134.100.36 - - [20/Jun/2012:00:59:12 +0200] "GET /media.htm HTTP/1.1" 200 5208 "-" "Java/1.6.0_31"
89.134.100.36 - - [20/Jun/2012:00:59:12 +0200] "GET /programok.htm HTTP/1.1" 200 6444 "-" "Java/1.6.0_31"
89.134.100.36 - - [20/Jun/2012:00:59:12 +0200] "GET /vill.cs HTTP/1.1" 200 2676 "-" "Java/1.6.0_31"
89.134.100.36 - - [20/Jun/2012:00:59:12 +0200] "GET /hirek08_10.htm HTTP/1.1" 200 6946 "-" "Java/1.6.0_31"
89.134.100.36 - - [20/Jun/2012:00:59:12 +0200] "GET /hirek08_11.htm HTTP/1.1" 200 7253 "-" "Java/1.6.0_31"
89.134.100.36 - - [20/Jun/2012:00:59:13 +0200] "GET /hirek08_12.htm HTTP/1.1" 200 8268 "-" "Java/1.6.0_31"
89.134.100.36 - - [20/Jun/2012:00:59:13 +0200] "GET /hirek09_01.htm HTTP/1.1" 200 6841 "-" "Java/1.6.0_31"
89.134.100.36 - - [20/Jun/2012:00:59:13 +0200] "GET /hirek09_02.htm HTTP/1.1" 200 7450 "-" "Java/1.6.0_31"
89.134.100.36 - - [20/Jun/2012:00:59:13 +0200] "GET /hirek09_03.htm HTTP/1.1" 200 10726 "-" "Java/1.6.0_31"
89.134.100.36 - - [20/Jun/2012:00:59:13 +0200] "GET /&url=kapcsolat.htm HTTP/1.1" 404 1181 "-" "Java/1.6.0_31"
208.115.113.84 - - [20/Jun/2012:01:45:56 +0200] "GET /robots.txt HTTP/1.1" 404 1181 "-" "Mozilla/5.0 (compatible; Ezooms/1.0; ezooms.bot@gmail.com)"
208.115.113.84 - - [20/Jun/2012:03:23:07 +0200] "GET /jog/publikaciok.htm HTTP/1.1" 200 17866 "-" "Mozilla/5.0 (compatible; Ezooms/1.0; ezooms.bot@gmail.com)"
87.212.86.124 - - [20/Jun/2012:03:57:51 +0200] "GET / HTTP/1.1" 200 23794 "-" "Java/1.6.0_06"
87.212.86.124 - - [20/Jun/2012:03:57:51 +0200] "GET /hirarchivum.htm HTTP/1.1" 200 24981 "-" "Java/1.6.0_06"
87.212.86.124 - - [20/Jun/2012:03:57:51 +0200] "GET /index.htm HTTP/1.1" 200 23794 "-" "Java/1.6.0_06"
87.212.86.124 - - [20/Jun/2012:03:57:52 +0200] "GET /kapcsolat.htm HTTP/1.1" 200 6889 "-" "Java/1.6.0_06"
87.212.86.124 - - [20/Jun/2012:03:57:52 +0200] "GET /magunkrol.htm HTTP/1.1" 200 9202 "-" "Java/1.6.0_06"
87.212.86.124 - - [20/Jun/2012:03:57:52 +0200] "GET /media.htm HTTP/1.1" 200 5208 "-" "Java/1.6.0_06"
87.212.86.124 - - [20/Jun/2012:03:57:52 +0200] "GET /programok.htm HTTP/1.1" 200 6444 "-" "Java/1.6.0_06"
87.212.86.124 - - [20/Jun/2012:03:57:52 +0200] "GET /vill.cs HTTP/1.1" 200 2676 "-" "Java/1.6.0_06"
87.212.86.124 - - [20/Jun/2012:03:57:52 +0200] "GET /hirek08_10.htm HTTP/1.1" 200 6946 "-" "Java/1.6.0_06"
87.212.86.124 - - [20/Jun/2012:03:57:53 +0200] "GET /hirek08_11.htm HTTP/1.1" 200 7253 "-" "Java/1.6.0_06"
87.212.86.124 - - [20/Jun/2012:03:57:53 +0200] "GET /hirek08_12.htm HTTP/1.1" 200 8268 "-" "Java/1.6.0_06"
87.212.86.124 - - [20/Jun/2012:03:57:53 +0200] "GET /hirek09_01.htm HTTP/1.1" 200 6841 "-" "Java/1.6.0_06"
87.212.86.124 - - [20/Jun/2012:03:57:53 +0200] "GET /hirek09_02.htm HTTP/1.1" 200 7450 "-" "Java/1.6.0_06"
87.212.86.124 - - [20/Jun/2012:03:57:53 +0200] "GET /hirek09_03.htm HTTP/1.1" 200 10726 "-" "Java/1.6.0_06"
87.212.86.124 - - [20/Jun/2012:03:57:54 +0200] "GET /&url=kapcsolat.htm HTTP/1.1" 404 1181 "-" "Java/1.6.0_06"
87.212.86.124 - - [20/Jun/2012:03:57:57 +0200] "GET /&url=programok.htm HTTP/1.1" 404 1181 "-" "Java/1.6.0_06"
87.212.86.124 - - [20/Jun/2012:03:57:57 +0200] "GET /&url=adomanyi.htm HTTP/1.1" 404 1181 "-" "Java/1.6.0_06"
87.212.86.124 - - [20/Jun/2012:03:57:57 +0200] "GET /bunt.htm HTTP/1.1" 200 5683 "-" "Java/1.6.0_06"
87.212.86.124 - - [20/Jun/2012:03:57:57 +0200] "GET /civilmuhely.htm HTTP/1.1" 200 8450 "-" "Java/1.6.0_06"
87.212.86.124 - - [20/Jun/2012:03:57:57 +0200] "GET /khb.htm HTTP/1.1" 200 8719 "-" "Java/1.6.0_06"
87.212.86.124 - - [20/Jun/2012:03:57:58 +0200] "GET /nca.htm HTTP/1.1" 200 7467 "-" "Java/1.6.0_06"
87.212.86.124 - - [20/Jun/2012:03:57:58 +0200] "GET /ncta.htm HTTP/1.1" 200 7221 "-" "Java/1.6.0_06"
87.212.86.124 - - [20/Jun/2012:03:57:58 +0200] "GET /nka.htm HTTP/1.1" 200 6221 "-" "Java/1.6.0_06"
87.212.86.124 - - [20/Jun/2012:03:57:58 +0200] "GET /szakmai.htm HTTP/1.1" 200 6054 "-" "Java/1.6.0_06"
87.212.86.124 - - [20/Jun/2012:03:57:59 +0200] "GET /ncta_a.htm HTTP/1.1" 200 7260 "-" "Java/1.6.0_06"
87.212.86.124 - - [20/Jun/2012:03:57:59 +0200] "GET /&url=civilmuhely.htm HTTP/1.1" 404 1181 "-" "Java/1.6.0_06"
87.212.86.124 - - [20/Jun/2012:03:57:59 +0200] "GET /&url=magunkrol.htm HTTP/1.1" 404 1181 "-" "Java/1.6.0_06"
87.212.86.124 - - [20/Jun/2012:03:57:59 +0200] "GET /nca04.htm HTTP/1.1" 200 16378 "-" "Java/1.6.0_06"
87.212.86.124 - - [20/Jun/2012:03:57:59 +0200] "GET /nca05.htm HTTP/1.1" 200 16412 "-" "Java/1.6.0_06"
87.212.86.124 - - [20/Jun/2012:03:58:00 +0200] "GET /nca06.htm HTTP/1.1" 200 19034 "-" "Java/1.6.0_06"
87.212.86.124 - - [20/Jun/2012:03:58:00 +0200] "GET /nca07.htm HTTP/1.1" 200 21968 "-" "Java/1.6.0_06"
87.212.86.124 - - [20/Jun/2012:03:58:01 +0200] "GET /nca08.htm HTTP/1.1" 200 21795 "-" "Java/1.6.0_06"
87.212.86.124 - - [20/Jun/2012:03:58:01 +0200] "GET /nca09.htm HTTP/1.1" 200 24315 "-" "Java/1.6.0_06"
87.212.86.124 - - [20/Jun/2012:03:58:01 +0200] "GET /nca10.htm HTTP/1.1" 200 16648 "-" "Java/1.6.0_06"
87.212.86.124 - - [20/Jun/2012:03:58:01 +0200] "GET /nca11.htm HTTP/1.1" 200 7133 "-" "Java/1.6.0_06"
87.212.86.124 - - [20/Jun/2012:03:58:02 +0200] "GET /kiadvanyok.htm HTTP/1.1" 200 8206 "-" "Java/1.6.0_06"
87.212.86.124 - - [20/Jun/2012:03:58:02 +0200] "GET /deutsch/index.htm HTTP/1.1" 200 5324 "-" "Java/1.6.0_06"
87.212.86.124 - - [20/Jun/2012:03:58:02 +0200] "GET /english/index.htm HTTP/1.1" 200 5262 "-" "Java/1.6.0_06"
87.212.86.124 - - [20/Jun/2012:03:58:02 +0200] "GET /fiok/index.html HTTP/1.1" 200 20554 "-" "Java/1.6.0_06"
87.212.86.124 - - [20/Jun/2012:03:58:03 +0200] "GET /hirek/hirek091015.htm HTTP/1.1" 200 7046 "-" "Java/1.6.0_06"
87.212.86.124 - - [20/Jun/2012:03:58:03 +0200] "GET /hirek/hirek091102.htm HTTP/1.1" 200 8538 "-" "Java/1.6.0_06"
87.212.86.124 - - [20/Jun/2012:03:58:03 +0200] "GET /hirek/hirek091103.htm HTTP/1.1" 200 7301 "-" "Java/1.6.0_06"
87.212.86.124 - - [20/Jun/2012:03:58:03 +0200] "GET /hirek/hirek091221.htm HTTP/1.1" 200 6740 "-" "Java/1.6.0_06"
87.212.86.124 - - [20/Jun/2012:03:58:03 +0200] "GET /hirek/hirek100225.htm HTTP/1.1" 200 7288 "-" "Java/1.6.0_06"
89.134.100.36 - - [20/Jun/2012:04:51:44 +0200] "GET / HTTP/1.1" 200 23794 "-" "Java/1.6.0_31"
89.134.100.36 - - [20/Jun/2012:04:51:44 +0200] "GET /hirarchivum.htm HTTP/1.1" 200 24981 "-" "Java/1.6.0_31"
89.134.100.36 - - [20/Jun/2012:04:51:44 +0200] "GET /index.htm HTTP/1.1" 200 23794 "-" "Java/1.6.0_31"
89.134.100.36 - - [20/Jun/2012:04:51:44 +0200] "GET /kapcsolat.htm HTTP/1.1" 200 6889 "-" "Java/1.6.0_31"
89.134.100.36 - - [20/Jun/2012:04:51:44 +0200] "GET /magunkrol.htm HTTP/1.1" 200 9202 "-" "Java/1.6.0_31"
89.134.100.36 - - [20/Jun/2012:04:51:44 +0200] "GET /media.htm HTTP/1.1" 200 5208 "-" "Java/1.6.0_31"
89.134.100.36 - - [20/Jun/2012:04:51:44 +0200] "GET /programok.htm HTTP/1.1" 200 6444 "-" "Java/1.6.0_31"
89.134.100.36 - - [20/Jun/2012:04:51:44 +0200] "GET /vill.cs HTTP/1.1" 200 2676 "-" "Java/1.6.0_31"
89.134.100.36 - - [20/Jun/2012:04:51:44 +0200] "GET /hirek08_10.htm HTTP/1.1" 200 6946 "-" "Java/1.6.0_31"
89.134.100.36 - - [20/Jun/2012:04:51:45 +0200] "GET /hirek08_11.htm HTTP/1.1" 200 7253 "-" "Java/1.6.0_31"
89.134.100.36 - - [20/Jun/2012:04:51:45 +0200] "GET /hirek08_12.htm HTTP/1.1" 200 8268 "-" "Java/1.6.0_31"
89.134.100.36 - - [20/Jun/2012:04:51:45 +0200] "GET /hirek09_01.htm HTTP/1.1" 200 6841 "-" "Java/1.6.0_31"
89.134.100.36 - - [20/Jun/2012:04:51:45 +0200] "GET /hirek09_02.htm HTTP/1.1" 200 7450 "-" "Java/1.6.0_31"
89.134.100.36 - - [20/Jun/2012:04:51:45 +0200] "GET /hirek09_03.htm HTTP/1.1" 200 10726 "-" "Java/1.6.0_31"
89.134.100.36 - - [20/Jun/2012:04:51:45 +0200] "GET /&url=kapcsolat.htm HTTP/1.1" 404 1181 "-" "Java/1.6.0_31"
208.115.113.84 - - [20/Jun/2012:05:16:47 +0200] "GET /robots.txt HTTP/1.1" 404 1181 "-" "Mozilla/5.0 (compatible; Ezooms/1.0; ezooms.bot@gmail.com)"
208.115.113.84 - - [20/Jun/2012:06:04:00 +0200] "GET /robots.txt HTTP/1.1" 404 1181 "-" "Mozilla/5.0 (compatible; Ezooms/1.0; ezooms.bot@gmail.com)"
178.154.210.252 - - [20/Jun/2012:06:34:32 +0200] "GET /robots.txt HTTP/1.1" 404 1181 "-" "Mozilla/5.0 (compatible; YandexBot/3.0; +http://yandex.com/bots)"
208.115.113.84 - - [20/Jun/2012:07:46:33 +0200] "GET /jog/publikaciok.htm HTTP/1.1" 200 17866 "-" "Mozilla/5.0 (compatible; Ezooms/1.0; ezooms.bot@gmail.com)"
66.249.72.2 - - [20/Jun/2012:08:14:59 +0200] "GET /robots.txt HTTP/1.1" 404 1181 "-" "Mozilla/5.0 (compatible; Googlebot/2.1; +http://www.google.com/bot.html)"
66.249.72.2 - - [20/Jun/2012:08:14:59 +0200] "GET /hirarchivum.htm HTTP/1.1" 200 24981 "-" "Mozilla/5.0 (compatible; Googlebot/2.1; +http://www.google.com/bot.html)"
66.249.72.2 - - [20/Jun/2012:08:21:16 +0200] "GET /english/introduction.htm HTTP/1.1" 200 6502 "-" "Mozilla/5.0 (compatible; Googlebot/2.1; +http://www.google.com/bot.html)"
66.249.72.2 - - [20/Jun/2012:08:55:50 +0200] "GET /images/demnet_.jpg HTTP/1.1" 200 4808 "-" "Mozilla/5.0 (compatible; Googlebot/2.1; +http://www.google.com/bot.html)"
66.249.72.2 - - [20/Jun/2012:08:55:54 +0200] "GET /images/karpatok_.jpg HTTP/1.1" 200 15902 "-" "Mozilla/5.0 (compatible; Googlebot/2.1; +http://www.google.com/bot.html)"
66.249.72.2 - - [20/Jun/2012:08:55:56 +0200] "GET /images/nca_logo.jpg HTTP/1.1" 200 4244 "-" "Mozilla/5.0 (compatible; Googlebot/2.1; +http://www.google.com/bot.html)"
66.249.72.2 - - [20/Jun/2012:08:55:57 +0200] "GET /images/kvvm.jpg HTTP/1.1" 200 5375 "-" "Mozilla/5.0 (compatible; Googlebot/2.1; +http://www.google.com/bot.html)"
66.249.72.2 - - [20/Jun/2012:08:55:58 +0200] "GET /images/autonomia_.jpg HTTP/1.1" 200 14792 "-" "Mozilla/5.0 (compatible; Googlebot/2.1; +http://www.google.com/bot.html)"
66.249.72.2 - - [20/Jun/2012:08:56:00 +0200] "GET /images/okotars_szines_.jpg HTTP/1.1" 200 23743 "-" "Mozilla/5.0 (compatible; Googlebot/2.1; +http://www.google.com/bot.html)"
208.115.113.84 - - [20/Jun/2012:09:30:29 +0200] "GET /robots.txt HTTP/1.1" 404 1181 "-" "Mozilla/5.0 (compatible; Ezooms/1.0; ezooms.bot@gmail.com)"
95.211.139.1 - - [20/Jun/2012:09:47:21 +0200] "GET /robots.txt HTTP/1.0" 404 1181 "-" "Mozilla/5.0 (compatible; AcoonBot/4.11.1; +http://www.acoon.de/robot.asp)"
95.211.139.1 - - [20/Jun/2012:09:47:22 +0200] "GET /fiok HTTP/1.0" 301 300 "-" "Mozilla/5.0 (compatible; AcoonBot/4.11.1; +http://www.acoon.de/robot.asp)"
178.154.210.252 - - [20/Jun/2012:10:43:25 +0200] "GET /hirek/klimatv_civilcikk.doc HTTP/1.1" 304 - "-" "Mozilla/5.0 (compatible; YandexBot/3.0; +http://yandex.com/bots)"
208.115.113.84 - - [20/Jun/2012:11:08:19 +0200] "GET /jog/publikaciok.htm HTTP/1.1" 200 17866 "-" "Mozilla/5.0 (compatible; Ezooms/1.0; ezooms.bot@gmail.com)"
66.249.72.2 - - [20/Jun/2012:12:11:34 +0200] "GET /robots.txt HTTP/1.1" 404 1181 "-" "Mozilla/5.0 (compatible; Googlebot/2.1; +http://www.google.com/bot.html)"
66.249.72.2 - - [20/Jun/2012:12:11:34 +0200] "GET /hirek/klimatv_civilcikk.doc HTTP/1.1" 304 - "-" "Mozilla/5.0 (compatible; Googlebot/2.1; +http://www.google.com/bot.html)"
208.115.113.84 - - [20/Jun/2012:12:57:12 +0200] "GET /robots.txt HTTP/1.1" 404 1181 "-" "Mozilla/5.0 (compatible; Ezooms/1.0; ezooms.bot@gmail.com)"
178.154.210.252 - - [20/Jun/2012:13:55:27 +0200] "GET /media.htm HTTP/1.1" 304 - "-" "Mozilla/5.0 (compatible; YandexBot/3.0; +http://yandex.com/bots)"
66.249.72.2 - - [20/Jun/2012:14:00:12 +0200] "GET /hirek/hirek100420.htm HTTP/1.1" 200 7914 "-" "Mozilla/5.0 (compatible; Googlebot/2.1; +http://www.google.com/bot.html)"
208.115.113.84 - - [20/Jun/2012:14:40:29 +0200] "GET /jog/publikaciok.htm HTTP/1.1" 200 17866 "-" "Mozilla/5.0 (compatible; Ezooms/1.0; ezooms.bot@gmail.com)"
66.249.72.2 - - [20/Jun/2012:14:40:31 +0200] "GET /hirek/hirek091221.htm HTTP/1.1" 304 - "-" "Mozilla/5.0 (iPhone; U; CPU iPhone OS 4_1 like Mac OS X; en-us) AppleWebKit/532.9 (KHTML, like Gecko) Version/4.0.5 Mobile/8B117 Safari/6531.22.7 (compatible; Googlebot-Mobile/2.1; +http://www.google.com/bot.html)"
65.52.104.19 - - [20/Jun/2012:15:12:18 +0200] "GET /robots.txt HTTP/1.1" 404 1181 "-" "Mozilla/5.0 (compatible; bingbot/2.0; +http://www.bing.com/bingbot.htm)"
65.52.104.19 - - [20/Jun/2012:15:13:10 +0200] "GET / HTTP/1.1" 304 - "-" "Mozilla/5.0 (compatible; bingbot/2.0; +http://www.bing.com/bingbot.htm)"
207.46.204.164 - - [20/Jun/2012:15:14:38 +0200] "GET / HTTP/1.1" 200 23794 "-" "Mozilla/5.0 (Windows NT 6.1; WOW64) AppleWebKit/534+ (KHTML, like Gecko) BingPreview/1.0b"
207.46.204.164 - - [20/Jun/2012:15:14:39 +0200] "GET /vill.cs HTTP/1.1" 200 2676 "http://www.beklen.hu/" "Mozilla/5.0 (Windows NT 6.1; WOW64) AppleWebKit/534+ (KHTML, like Gecko) BingPreview/1.0b"
207.46.204.164 - - [20/Jun/2012:15:14:39 +0200] "GET /lb/js/scriptaculous.js?load=effects HTTP/1.1" 200 2152 "http://www.beklen.hu/" "Mozilla/5.0 (Windows NT 6.1; WOW64) AppleWebKit/534+ (KHTML, like Gecko) BingPreview/1.0b"
207.46.204.164 - - [20/Jun/2012:15:14:39 +0200] "GET /lb/js/prototype.js HTTP/1.1" 200 47603 "http://www.beklen.hu/" "Mozilla/5.0 (Windows NT 6.1; WOW64) AppleWebKit/534+ (KHTML, like Gecko) BingPreview/1.0b"
207.46.204.164 - - [20/Jun/2012:15:14:40 +0200] "GET /lb/js/lightbox.js HTTP/1.1" 200 23424 "http://www.beklen.hu/" "Mozilla/5.0 (Windows NT 6.1; WOW64) AppleWebKit/534+ (KHTML, like Gecko) BingPreview/1.0b"
207.46.204.164 - - [20/Jun/2012:15:14:41 +0200] "GET /lb/js/effects.js HTTP/1.1" 200 31969 "http://www.beklen.hu/" "Mozilla/5.0 (Windows NT 6.1; WOW64) AppleWebKit/534+ (KHTML, like Gecko) BingPreview/1.0b"
203.77.76.152 - - [20/Jun/2012:15:33:59 +0200] "GET /robots.txt HTTP/1.0" 404 1181 "-" "Mozilla/5.0 (compatible; MJ12bot/v1.4.3; http://www.majestic12.co.uk/bot.php?+)"
203.77.76.152 - - [20/Jun/2012:15:34:02 +0200] "GET / HTTP/1.1" 200 23794 "-" "Mozilla/5.0 (compatible; MJ12bot/v1.4.3; http://www.majestic12.co.uk/bot.php?+)"
208.115.113.84 - - [20/Jun/2012:16:23:29 +0200] "GET /robots.txt HTTP/1.1" 404 1181 "-" "Mozilla/5.0 (compatible; Ezooms/1.0; ezooms.bot@gmail.com)"
208.115.113.84 - - [20/Jun/2012:18:02:21 +0200] "GET /jog/publikaciok.htm HTTP/1.1" 200 17866 "-" "Mozilla/5.0 (compatible; Ezooms/1.0; ezooms.bot@gmail.com)"
208.115.113.84 - - [20/Jun/2012:19:49:28 +0200] "GET /robots.txt HTTP/1.1" 404 1181 "-" "Mozilla/5.0 (compatible; Ezooms/1.0; ezooms.bot@gmail.com)"
66.249.72.2 - - [20/Jun/2012:20:56:30 +0200] "GET /jog/pub/muszakisportok.jpg HTTP/1.1" 200 37960 "-" "Googlebot-Image/1.0"
89.134.100.36 - - [20/Jun/2012:21:38:41 +0200] "GET / HTTP/1.1" 200 23794 "-" "Java/1.6.0_21"
89.134.100.36 - - [20/Jun/2012:21:38:41 +0200] "GET /hirarchivum.htm HTTP/1.1" 200 24981 "-" "Java/1.6.0_21"
89.134.100.36 - - [20/Jun/2012:21:38:41 +0200] "GET /index.htm HTTP/1.1" 200 23794 "-" "Java/1.6.0_21"
89.134.100.36 - - [20/Jun/2012:21:38:42 +0200] "GET /kapcsolat.htm HTTP/1.1" 200 6889 "-" "Java/1.6.0_21"
89.134.100.36 - - [20/Jun/2012:21:38:42 +0200] "GET /magunkrol.htm HTTP/1.1" 200 9202 "-" "Java/1.6.0_21"
89.134.100.36 - - [20/Jun/2012:21:38:42 +0200] "GET /media.htm HTTP/1.1" 200 5208 "-" "Java/1.6.0_21"
89.134.100.36 - - [20/Jun/2012:21:38:42 +0200] "GET /programok.htm HTTP/1.1" 200 6444 "-" "Java/1.6.0_21"
89.134.100.36 - - [20/Jun/2012:21:38:42 +0200] "GET /vill.cs HTTP/1.1" 200 2676 "-" "Java/1.6.0_21"
89.134.100.36 - - [20/Jun/2012:21:38:42 +0200] "GET /hirek08_10.htm HTTP/1.1" 200 6946 "-" "Java/1.6.0_21"
89.134.100.36 - - [20/Jun/2012:21:38:42 +0200] "GET /hirek08_11.htm HTTP/1.1" 200 7253 "-" "Java/1.6.0_21"
89.134.100.36 - - [20/Jun/2012:21:38:43 +0200] "GET /hirek08_12.htm HTTP/1.1" 200 8268 "-" "Java/1.6.0_21"
89.134.100.36 - - [20/Jun/2012:21:38:43 +0200] "GET /hirek09_01.htm HTTP/1.1" 200 6841 "-" "Java/1.6.0_21"
89.134.100.36 - - [20/Jun/2012:21:38:43 +0200] "GET /hirek09_02.htm HTTP/1.1" 200 7450 "-" "Java/1.6.0_21"
89.134.100.36 - - [20/Jun/2012:21:38:43 +0200] "GET /hirek09_03.htm HTTP/1.1" 200 10726 "-" "Java/1.6.0_21"
89.134.100.36 - - [20/Jun/2012:21:38:43 +0200] "GET /&url=kapcsolat.htm HTTP/1.1" 404 1181 "-" "Java/1.6.0_21"
208.115.113.84 - - [20/Jun/2012:21:38:50 +0200] "GET /robots.txt HTTP/1.1" 404 1181 "-" "Mozilla/5.0 (compatible; Ezooms/1.0; ezooms.bot@gmail.com)"
178.154.210.252 - - [20/Jun/2012:22:25:54 +0200] "GET / HTTP/1.1" 200 23794 "-" "Mozilla/5.0 (compatible; YandexBot/3.0; +http://yandex.com/bots)"
208.115.113.84 - - [20/Jun/2012:23:18:25 +0200] "GET /jog/publikaciok.htm HTTP/1.1" 200 17866 "-" "Mozilla/5.0 (compatible; Ezooms/1.0; ezooms.bot@gmail.com)"
208.115.113.84 - - [21/Jun/2012:01:06:06 +0200] "GET /robots.txt HTTP/1.1" 404 1181 "-" "Mozilla/5.0 (compatible; Ezooms/1.0; ezooms.bot@gmail.com)"
66.249.72.2 - - [21/Jun/2012:01:11:24 +0200] "GET /robots.txt HTTP/1.1" 404 1181 "-" "Mozilla/5.0 (compatible; Googlebot/2.1; +http://www.google.com/bot.html)"
66.249.72.2 - - [21/Jun/2012:01:11:25 +0200] "GET /jog/pub/jav_slapp_borito1.jpg HTTP/1.1" 200 24923 "-" "Googlebot-Image/1.0"
50.136.120.128 - - [21/Jun/2012:01:40:48 +0200] "GET / HTTP/1.1" 200 23794 "-" "Java/1.6.0_21"
50.136.120.128 - - [21/Jun/2012:01:40:52 +0200] "GET /hirarchivum.htm HTTP/1.1" 200 24981 "-" "Java/1.6.0_21"
50.136.120.128 - - [21/Jun/2012:01:40:54 +0200] "GET /index.htm HTTP/1.1" 200 23794 "-" "Java/1.6.0_21"
50.136.120.128 - - [21/Jun/2012:01:40:55 +0200] "GET /kapcsolat.htm HTTP/1.1" 200 6889 "-" "Java/1.6.0_21"
50.136.120.128 - - [21/Jun/2012:01:40:56 +0200] "GET /magunkrol.htm HTTP/1.1" 200 9202 "-" "Java/1.6.0_21"
50.136.120.128 - - [21/Jun/2012:01:40:58 +0200] "GET /media.htm HTTP/1.1" 200 5208 "-" "Java/1.6.0_21"
50.136.120.128 - - [21/Jun/2012:01:40:59 +0200] "GET /programok.htm HTTP/1.1" 200 6444 "-" "Java/1.6.0_21"
50.136.120.128 - - [21/Jun/2012:01:41:02 +0200] "GET /vill.cs HTTP/1.1" 200 2676 "-" "Java/1.6.0_21"
50.136.120.128 - - [21/Jun/2012:01:41:07 +0200] "GET /hirek08_10.htm HTTP/1.1" 200 6946 "-" "Java/1.6.0_21"
50.136.120.128 - - [21/Jun/2012:01:41:08 +0200] "GET /hirek08_11.htm HTTP/1.1" 200 7253 "-" "Java/1.6.0_21"
50.136.120.128 - - [21/Jun/2012:01:41:09 +0200] "GET /hirek08_12.htm HTTP/1.1" 200 8268 "-" "Java/1.6.0_21"
50.136.120.128 - - [21/Jun/2012:01:41:10 +0200] "GET /hirek09_01.htm HTTP/1.1" 200 6841 "-" "Java/1.6.0_21"
50.136.120.128 - - [21/Jun/2012:01:41:10 +0200] "GET /hirek09_02.htm HTTP/1.1" 200 7450 "-" "Java/1.6.0_21"
50.136.120.128 - - [21/Jun/2012:01:41:17 +0200] "GET /hirek09_03.htm HTTP/1.1" 200 10726 "-" "Java/1.6.0_21"
50.136.120.128 - - [21/Jun/2012:01:41:18 +0200] "GET /&url=kapcsolat.htm HTTP/1.1" 404 1181 "-" "Java/1.6.0_21"
50.136.120.128 - - [21/Jun/2012:01:41:21 +0200] "GET /&url=programok.htm HTTP/1.1" 404 1181 "-" "Java/1.6.0_21"
50.136.120.128 - - [21/Jun/2012:01:41:22 +0200] "GET /&url=adomanyi.htm HTTP/1.1" 404 1181 "-" "Java/1.6.0_21"
50.136.120.128 - - [21/Jun/2012:01:41:22 +0200] "GET /bunt.htm HTTP/1.1" 200 5683 "-" "Java/1.6.0_21"
50.136.120.128 - - [21/Jun/2012:01:41:23 +0200] "GET /civilmuhely.htm HTTP/1.1" 200 8450 "-" "Java/1.6.0_21"
50.136.120.128 - - [21/Jun/2012:01:41:24 +0200] "GET /khb.htm HTTP/1.1" 200 8719 "-" "Java/1.6.0_21"
50.136.120.128 - - [21/Jun/2012:01:41:26 +0200] "GET /nca.htm HTTP/1.1" 200 7467 "-" "Java/1.6.0_21"
50.136.120.128 - - [21/Jun/2012:01:41:30 +0200] "GET /ncta.htm HTTP/1.1" 200 7221 "-" "Java/1.6.0_21"
50.136.120.128 - - [21/Jun/2012:01:41:31 +0200] "GET /nka.htm HTTP/1.1" 200 6221 "-" "Java/1.6.0_21"
50.136.120.128 - - [21/Jun/2012:01:41:32 +0200] "GET /szakmai.htm HTTP/1.1" 200 6054 "-" "Java/1.6.0_21"
50.136.120.128 - - [21/Jun/2012:01:41:34 +0200] "GET /ncta_a.htm HTTP/1.1" 200 7260 "-" "Java/1.6.0_21"
50.136.120.128 - - [21/Jun/2012:01:41:39 +0200] "GET /&url=civilmuhely.htm HTTP/1.1" 404 1181 "-" "Java/1.6.0_21"
50.136.120.128 - - [21/Jun/2012:01:41:40 +0200] "GET /&url=magunkrol.htm HTTP/1.1" 404 1181 "-" "Java/1.6.0_21"
50.136.120.128 - - [21/Jun/2012:01:41:44 +0200] "GET /nca04.htm HTTP/1.1" 200 16378 "-" "Java/1.6.0_21"
50.136.120.128 - - [21/Jun/2012:01:41:49 +0200] "GET /nca05.htm HTTP/1.1" 200 16412 "-" "Java/1.6.0_21"
50.136.120.128 - - [21/Jun/2012:01:41:50 +0200] "GET /nca06.htm HTTP/1.1" 200 19034 "-" "Java/1.6.0_21"
50.136.120.128 - - [21/Jun/2012:01:41:52 +0200] "GET /nca07.htm HTTP/1.1" 200 21968 "-" "Java/1.6.0_21"
50.136.120.128 - - [21/Jun/2012:01:41:53 +0200] "GET /nca08.htm HTTP/1.1" 200 21795 "-" "Java/1.6.0_21"
50.136.120.128 - - [21/Jun/2012:01:41:56 +0200] "GET /nca09.htm HTTP/1.1" 200 24315 "-" "Java/1.6.0_21"
50.136.120.128 - - [21/Jun/2012:01:41:58 +0200] "GET /nca10.htm HTTP/1.1" 200 16648 "-" "Java/1.6.0_21"
50.136.120.128 - - [21/Jun/2012:01:41:59 +0200] "GET /nca11.htm HTTP/1.1" 200 7133 "-" "Java/1.6.0_21"
50.136.120.128 - - [21/Jun/2012:01:42:03 +0200] "GET /kiadvanyok.htm HTTP/1.1" 200 8206 "-" "Java/1.6.0_21"
50.136.120.128 - - [21/Jun/2012:01:42:10 +0200] "GET /deutsch/index.htm HTTP/1.1" 200 5324 "-" "Java/1.6.0_21"
50.136.120.128 - - [21/Jun/2012:01:42:19 +0200] "GET /english/index.htm HTTP/1.1" 200 5262 "-" "Java/1.6.0_21"
50.136.120.128 - - [21/Jun/2012:01:42:20 +0200] "GET /fiok/index.html HTTP/1.1" 200 20554 "-" "Java/1.6.0_21"
50.136.120.128 - - [21/Jun/2012:01:42:22 +0200] "GET /hirek/hirek091015.htm HTTP/1.1" 200 7046 "-" "Java/1.6.0_21"
50.136.120.128 - - [21/Jun/2012:01:42:23 +0200] "GET /hirek/hirek091102.htm HTTP/1.1" 200 8538 "-" "Java/1.6.0_21"
50.136.120.128 - - [21/Jun/2012:01:42:24 +0200] "GET /hirek/hirek091103.htm HTTP/1.1" 200 7301 "-" "Java/1.6.0_21"
50.136.120.128 - - [21/Jun/2012:01:42:26 +0200] "GET /hirek/hirek091221.htm HTTP/1.1" 200 6740 "-" "Java/1.6.0_21"
50.136.120.128 - - [21/Jun/2012:01:42:27 +0200] "GET /hirek/hirek100225.htm HTTP/1.1" 200 7288 "-" "Java/1.6.0_21"
208.115.113.84 - - [21/Jun/2012:02:45:58 +0200] "GET /jog/publikaciok.htm HTTP/1.1" 200 17866 "-" "Mozilla/5.0 (compatible; Ezooms/1.0; ezooms.bot@gmail.com)"
65.52.109.146 - - [21/Jun/2012:03:39:18 +0200] "GET /robots.txt HTTP/1.1" 404 1181 "-" "Mozilla/5.0 (compatible; bingbot/2.0; +http://www.bing.com/bingbot.htm)"
65.52.109.146 - - [21/Jun/2012:03:40:05 +0200] "GET /magunkrol.htm HTTP/1.1" 200 9202 "-" "Mozilla/5.0 (compatible; bingbot/2.0; +http://www.bing.com/bingbot.htm)"
208.115.113.84 - - [21/Jun/2012:04:32:00 +0200] "GET /robots.txt HTTP/1.1" 404 1181 "-" "Mozilla/5.0 (compatible; Ezooms/1.0; ezooms.bot@gmail.com)"
89.134.100.36 - - [21/Jun/2012:05:05:39 +0200] "GET / HTTP/1.1" 200 23794 "-" "Java/1.6.0_21"
89.134.100.36 - - [21/Jun/2012:05:05:39 +0200] "GET /hirarchivum.htm HTTP/1.1" 200 24981 "-" "Java/1.6.0_21"
89.134.100.36 - - [21/Jun/2012:05:05:40 +0200] "GET /index.htm HTTP/1.1" 200 23794 "-" "Java/1.6.0_21"
89.134.100.36 - - [21/Jun/2012:05:05:40 +0200] "GET /kapcsolat.htm HTTP/1.1" 200 6889 "-" "Java/1.6.0_21"
89.134.100.36 - - [21/Jun/2012:05:05:40 +0200] "GET /magunkrol.htm HTTP/1.1" 200 9202 "-" "Java/1.6.0_21"
89.134.100.36 - - [21/Jun/2012:05:05:41 +0200] "GET /media.htm HTTP/1.1" 200 5208 "-" "Java/1.6.0_21"
89.134.100.36 - - [21/Jun/2012:05:05:41 +0200] "GET /programok.htm HTTP/1.1" 200 6444 "-" "Java/1.6.0_21"
89.134.100.36 - - [21/Jun/2012:05:05:41 +0200] "GET /vill.cs HTTP/1.1" 200 2676 "-" "Java/1.6.0_21"
89.134.100.36 - - [21/Jun/2012:05:05:41 +0200] "GET /hirek08_10.htm HTTP/1.1" 200 6946 "-" "Java/1.6.0_21"
89.134.100.36 - - [21/Jun/2012:05:05:42 +0200] "GET /hirek08_11.htm HTTP/1.1" 200 7253 "-" "Java/1.6.0_21"
89.134.100.36 - - [21/Jun/2012:05:05:42 +0200] "GET /hirek08_12.htm HTTP/1.1" 200 8268 "-" "Java/1.6.0_21"
89.134.100.36 - - [21/Jun/2012:05:05:42 +0200] "GET /hirek09_01.htm HTTP/1.1" 200 6841 "-" "Java/1.6.0_21"
89.134.100.36 - - [21/Jun/2012:05:05:42 +0200] "GET /hirek09_02.htm HTTP/1.1" 200 7450 "-" "Java/1.6.0_21"
89.134.100.36 - - [21/Jun/2012:05:05:42 +0200] "GET /hirek09_03.htm HTTP/1.1" 200 10726 "-" "Java/1.6.0_21"
89.134.100.36 - - [21/Jun/2012:05:05:42 +0200] "GET /&url=kapcsolat.htm HTTP/1.1" 404 1181 "-" "Java/1.6.0_21"
77.20.4.67 - - [21/Jun/2012:05:40:04 +0200] "GET /robots.txt HTTP/1.1" 404 1181 "-" "findlinks/2.0.2 (+http://wortschatz.uni-leipzig.de/findlinks/)"
208.115.113.84 - - [21/Jun/2012:06:11:02 +0200] "GET /jog/publikaciok.htm HTTP/1.1" 200 17866 "-" "Mozilla/5.0 (compatible; Ezooms/1.0; ezooms.bot@gmail.com)"
66.249.72.2 - - [21/Jun/2012:06:30:03 +0200] "GET /jog/eseteink/dakar/dakar_0804_kdtktvf_engedely.pdf HTTP/1.1" 304 - "-" "Mozilla/5.0 (compatible; Googlebot/2.1; +http://www.google.com/bot.html)"
65.52.110.22 - - [21/Jun/2012:06:33:15 +0200] "GET /robots.txt HTTP/1.1" 404 1181 "-" "Mozilla/5.0 (compatible; bingbot/2.0; +http://www.bing.com/bingbot.htm)"
65.52.110.22 - - [21/Jun/2012:06:34:08 +0200] "GET /kapcsolat.htm HTTP/1.1" 304 - "-" "Mozilla/5.0 (compatible; bingbot/2.0; +http://www.bing.com/bingbot.htm)"
66.249.72.2 - - [21/Jun/2012:07:04:10 +0200] "GET /jog/jogszabalyok/onkormanyzati.pdf HTTP/1.1" 200 231668 "-" "Mozilla/5.0 (compatible; Googlebot/2.1; +http://www.google.com/bot.html)"
178.154.210.252 - - [21/Jun/2012:07:44:08 +0200] "GET /robots.txt HTTP/1.1" 404 1181 "-" "Mozilla/5.0 (compatible; YandexBot/3.0; +http://yandex.com/bots)"
208.115.113.84 - - [21/Jun/2012:08:02:31 +0200] "GET /robots.txt HTTP/1.1" 404 1181 "-" "Mozilla/5.0 (compatible; Ezooms/1.0; ezooms.bot@gmail.com)"
66.249.72.2 - - [21/Jun/2012:08:09:18 +0200] "GET /jog/eseteink/malom/ugyfel.pdf HTTP/1.1" 200 287556 "-" "Mozilla/5.0 (compatible; Googlebot/2.1; +http://www.google.com/bot.html)"
139.18.2.209 - - [21/Jun/2012:09:13:05 +0200] "GET /szakmai.htm HTTP/1.1" 200 6054 "-" "findlinks/2.6 (+http://wortschatz.uni-leipzig.de/findlinks/)"
208.115.113.84 - - [21/Jun/2012:09:13:23 +0200] "GET /jog/publikaciok.htm HTTP/1.1" 200 17866 "-" "Mozilla/5.0 (compatible; Ezooms/1.0; ezooms.bot@gmail.com)"
66.249.72.2 - - [21/Jun/2012:11:23:14 +0200] "GET /jog/eseteink/dakar/36559-10.pdf HTTP/1.1" 200 241989 "-" "Mozilla/5.0 (compatible; Googlebot/2.1; +http://www.google.com/bot.html)"
208.115.113.84 - - [21/Jun/2012:11:28:44 +0200] "GET /robots.txt HTTP/1.1" 404 1181 "-" "Mozilla/5.0 (compatible; Ezooms/1.0; ezooms.bot@gmail.com)"
194.88.46.85 - - [21/Jun/2012:11:52:24 +0200] "GET /jog/eseteink/audi/audi_gyor_restoration_measures1-10.pdf HTTP/1.0" 200 4247194 "http://www.google.hu/url?sa=t&rct=j&q=g%C3%B6ny%C5%B1i-homokvid%C3%A9k&source=web&cd=8&ved=0CF0QFjAH&url=http%3A%2F%2Fwww.beklen.hu%2Fjog%2Feseteink%2Faudi%2Faudi_gyor_restoration_measures1-10.pdf&ei=ke7iT_ngJ4vs-gbfnITHAw&usg=AFQjCNE5kCGiUpJed4VX6nFNeJ8jPtSNqA" "Mozilla/5.0 (compatible; MSIE 9.0; Windows NT 6.1; Trident/5.0)"
178.154.210.252 - - [21/Jun/2012:11:59:44 +0200] "GET /fiok/index.html HTTP/1.1" 304 - "-" "Mozilla/5.0 (compatible; YandexBot/3.0; +http://yandex.com/bots)"
66.249.72.2 - - [21/Jun/2012:12:11:15 +0200] "GET /jog/eseteink/audi/2011_3951.pdf HTTP/1.1" 200 252978 "-" "Mozilla/5.0 (compatible; Googlebot/2.1; +http://www.google.com/bot.html)"
208.115.113.84 - - [21/Jun/2012:13:03:11 +0200] "GET /jog/publikaciok.htm HTTP/1.1" 200 17866 "-" "Mozilla/5.0 (compatible; Ezooms/1.0; ezooms.bot@gmail.com)"
178.154.210.252 - - [21/Jun/2012:13:17:23 +0200] "GET /fiok/ HTTP/1.1" 304 - "-" "Mozilla/5.0 (compatible; YandexBot/3.0; +http://yandex.com/bots)"
208.115.113.84 - - [21/Jun/2012:13:48:39 +0200] "GET /robots.txt HTTP/1.1" 404 1181 "-" "Mozilla/5.0 (compatible; Ezooms/1.0; ezooms.bot@gmail.com)"
178.154.210.252 - - [21/Jun/2012:13:52:23 +0200] "GET / HTTP/1.1" 200 23794 "-" "Mozilla/5.0 (compatible; YandexBot/3.0; +http://yandex.com/bots)"
66.249.72.2 - - [21/Jun/2012:13:53:04 +0200] "GET /robots.txt HTTP/1.1" 404 1181 "-" "Mozilla/5.0 (compatible; Googlebot/2.1; +http://www.google.com/bot.html)"
66.249.72.2 - - [21/Jun/2012:13:53:04 +0200] "GET /jog/eseteink/derekegyhaza/foldhivatalnak_1.pdf HTTP/1.1" 304 - "-" "Mozilla/5.0 (compatible; Googlebot/2.1; +http://www.google.com/bot.html)"
89.134.100.36 - - [21/Jun/2012:14:04:06 +0200] "GET / HTTP/1.1" 200 23794 "-" "Java/1.6.0_04"
89.134.100.36 - - [21/Jun/2012:14:04:06 +0200] "GET /hirarchivum.htm HTTP/1.1" 200 24981 "-" "Java/1.6.0_04"
89.134.100.36 - - [21/Jun/2012:14:04:07 +0200] "GET /index.htm HTTP/1.1" 200 23794 "-" "Java/1.6.0_04"
89.134.100.36 - - [21/Jun/2012:14:04:07 +0200] "GET /kapcsolat.htm HTTP/1.1" 200 6889 "-" "Java/1.6.0_04"
89.134.100.36 - - [21/Jun/2012:14:04:07 +0200] "GET /magunkrol.htm HTTP/1.1" 200 9202 "-" "Java/1.6.0_04"
89.134.100.36 - - [21/Jun/2012:14:04:07 +0200] "GET /media.htm HTTP/1.1" 200 5208 "-" "Java/1.6.0_04"
89.134.100.36 - - [21/Jun/2012:14:04:08 +0200] "GET /programok.htm HTTP/1.1" 200 6444 "-" "Java/1.6.0_04"
89.134.100.36 - - [21/Jun/2012:14:04:08 +0200] "GET /vill.cs HTTP/1.1" 200 2676 "-" "Java/1.6.0_04"
