80.98.234.154 - - [27/Jun/2012:15:14:29 +0200] "GET /fiok/images/index_19_19.JPG HTTP/1.1" 200 3123 "http://www.beklen.hu/fiok/" "Mozilla/5.0 (Windows NT 5.1; rv:13.0) Gecko/20100101 Firefox/13.0.1"
80.98.234.154 - - [27/Jun/2012:15:14:29 +0200] "GET /fiok/css/js/effects.js HTTP/1.1" 200 31969 "http://www.beklen.hu/fiok/" "Mozilla/5.0 (Windows NT 5.1; rv:13.0) Gecko/20100101 Firefox/13.0.1"
80.98.234.154 - - [27/Jun/2012:15:14:29 +0200] "GET /fiok/images/szovegkep.JPG HTTP/1.1" 200 12792 "http://www.beklen.hu/fiok/" "Mozilla/5.0 (Windows NT 5.1; rv:13.0) Gecko/20100101 Firefox/13.0.1"
80.98.234.154 - - [27/Jun/2012:15:14:29 +0200] "GET /fiok/images/spacer.gif HTTP/1.1" 200 43 "http://www.beklen.hu/fiok/" "Mozilla/5.0 (Windows NT 5.1; rv:13.0) Gecko/20100101 Firefox/13.0.1"
80.98.234.154 - - [27/Jun/2012:15:14:29 +0200] "GET /fiok/images/index_26.gif HTTP/1.1" 200 121 "http://www.beklen.hu/fiok/" "Mozilla/5.0 (Windows NT 5.1; rv:13.0) Gecko/20100101 Firefox/13.0.1"
80.98.234.154 - - [27/Jun/2012:15:14:29 +0200] "GET /fiok/images/index_25_25.jpg HTTP/1.1" 200 4960 "http://www.beklen.hu/fiok/" "Mozilla/5.0 (Windows NT 5.1; rv:13.0) Gecko/20100101 Firefox/13.0.1"
80.98.234.154 - - [27/Jun/2012:15:14:29 +0200] "GET /fiok/images/index_27_27.jpg HTTP/1.1" 200 12876 "http://www.beklen.hu/fiok/" "Mozilla/5.0 (Windows NT 5.1; rv:13.0) Gecko/20100101 Firefox/13.0.1"
80.98.234.154 - - [27/Jun/2012:15:14:29 +0200] "GET /fiok/images/index_21_21.JPG HTTP/1.1" 404 1181 "http://www.beklen.hu/fiok/" "Mozilla/5.0 (Windows NT 5.1; rv:13.0) Gecko/20100101 Firefox/13.0.1"
80.98.234.154 - - [27/Jun/2012:15:14:29 +0200] "GET /fiok/images/a4a.jpg HTTP/1.1" 200 524 "http://www.beklen.hu/fiok/" "Mozilla/5.0 (Windows NT 5.1; rv:13.0) Gecko/20100101 Firefox/13.0.1"
80.98.234.154 - - [27/Jun/2012:15:14:29 +0200] "GET /fiok/images/c4c.jpg HTTP/1.1" 200 524 "http://www.beklen.hu/fiok/" "Mozilla/5.0 (Windows NT 5.1; rv:13.0) Gecko/20100101 Firefox/13.0.1"
80.98.234.154 - - [27/Jun/2012:15:14:29 +0200] "GET /fiok/images/b4b.jpg HTTP/1.1" 200 524 "http://www.beklen.hu/fiok/" "Mozilla/5.0 (Windows NT 5.1; rv:13.0) Gecko/20100101 Firefox/13.0.1"
80.98.234.154 - - [27/Jun/2012:15:14:29 +0200] "GET /fiok/images/d4d.jpg HTTP/1.1" 200 524 "http://www.beklen.hu/fiok/" "Mozilla/5.0 (Windows NT 5.1; rv:13.0) Gecko/20100101 Firefox/13.0.1"
80.98.234.154 - - [27/Jun/2012:15:14:29 +0200] "GET /fiok/images/e4e.jpg HTTP/1.1" 200 524 "http://www.beklen.hu/fiok/" "Mozilla/5.0 (Windows NT 5.1; rv:13.0) Gecko/20100101 Firefox/13.0.1"
80.98.234.154 - - [27/Jun/2012:15:14:29 +0200] "GET /fiok/images/b12.jpg HTTP/1.1" 200 544 "http://www.beklen.hu/fiok/" "Mozilla/5.0 (Windows NT 5.1; rv:13.0) Gecko/20100101 Firefox/13.0.1"
80.98.234.154 - - [27/Jun/2012:15:14:29 +0200] "GET /fiok/images/index_28.gif HTTP/1.1" 200 262 "http://www.beklen.hu/fiok/" "Mozilla/5.0 (Windows NT 5.1; rv:13.0) Gecko/20100101 Firefox/13.0.1"
80.98.234.154 - - [27/Jun/2012:15:14:29 +0200] "GET /fiok/images/index_22.gif HTTP/1.1" 200 227 "http://www.beklen.hu/fiok/" "Mozilla/5.0 (Windows NT 5.1; rv:13.0) Gecko/20100101 Firefox/13.0.1"
80.98.234.154 - - [27/Jun/2012:15:14:29 +0200] "GET /fiok/images/index_24.gif HTTP/1.1" 200 227 "http://www.beklen.hu/fiok/" "Mozilla/5.0 (Windows NT 5.1; rv:13.0) Gecko/20100101 Firefox/13.0.1"
80.98.234.154 - - [27/Jun/2012:15:14:29 +0200] "GET /favicon.ico HTTP/1.1" 404 1181 "-" "Mozilla/5.0 (Windows NT 5.1; rv:13.0) Gecko/20100101 Firefox/13.0.1"
80.98.234.154 - - [27/Jun/2012:15:14:29 +0200] "GET /lb/images/closelabel.gif HTTP/1.1" 200 222 "http://www.beklen.hu/fiok/" "Mozilla/5.0 (Windows NT 5.1; rv:13.0) Gecko/20100101 Firefox/13.0.1"
80.98.234.154 - - [27/Jun/2012:15:14:29 +0200] "GET /lb/images/loading.gif HTTP/1.1" 200 2767 "http://www.beklen.hu/fiok/" "Mozilla/5.0 (Windows NT 5.1; rv:13.0) Gecko/20100101 Firefox/13.0.1"
80.98.234.154 - - [27/Jun/2012:15:14:30 +0200] "GET /favicon.ico HTTP/1.1" 404 1181 "-" "Mozilla/5.0 (Windows NT 5.1; rv:13.0) Gecko/20100101 Firefox/13.0.1"
207.46.199.50 - - [27/Jun/2012:15:22:06 +0200] "GET /hirek/Microsoft%20Word%20-%20csongradi%20duzzaszto%20velemeny%202009.06.11..doc.pdf HTTP/1.1" 200 321155 "-" "Mozilla/5.0 (compatible; bingbot/2.0; +http://www.bing.com/bingbot.htm)"
178.154.210.252 - - [27/Jun/2012:15:49:19 +0200] "GET /robots.txt HTTP/1.1" 404 1181 "-" "Mozilla/5.0 (compatible; YandexBot/3.0; +http://yandex.com/bots)"
178.154.210.252 - - [27/Jun/2012:15:54:08 +0200] "GET /magunkrol.htm HTTP/1.1" 200 9202 "-" "Mozilla/5.0 (compatible; YandexBot/3.0; +http://yandex.com/bots)"
208.115.113.84 - - [27/Jun/2012:17:52:19 +0200] "GET /robots.txt HTTP/1.1" 404 1181 "-" "Mozilla/5.0 (compatible; Ezooms/1.0; ezooms.bot@gmail.com)"
217.69.133.31 - - [27/Jun/2012:18:40:10 +0200] "GET /robots.txt HTTP/1.0" 404 1181 "-" "Mozilla/5.0 (compatible; Mail.RU/2.0)"
208.115.113.84 - - [27/Jun/2012:19:11:33 +0200] "GET /deutsch/index.htm HTTP/1.1" 200 5324 "-" "Mozilla/5.0 (compatible; Ezooms/1.0; ezooms.bot@gmail.com)"
178.154.210.252 - - [27/Jun/2012:19:56:14 +0200] "GET / HTTP/1.1" 200 23794 "-" "Mozilla/5.0 (compatible; YandexBot/3.0; +http://yandex.com/bots)"
65.52.109.8 - - [27/Jun/2012:20:51:51 +0200] "GET /robots.txt HTTP/1.1" 404 1181 "-" "Mozilla/5.0 (compatible; bingbot/2.0; +http://www.bing.com/bingbot.htm)"
65.52.109.8 - - [27/Jun/2012:20:56:52 +0200] "GET /hirek/hirek100305.htm HTTP/1.1" 304 - "-" "Mozilla/5.0 (compatible; bingbot/2.0; +http://www.bing.com/bingbot.htm)"
89.134.100.36 - - [27/Jun/2012:22:06:33 +0200] "GET / HTTP/1.1" 200 23794 "-" "Java/1.6.0_21"
89.134.100.36 - - [27/Jun/2012:22:06:34 +0200] "GET /hirarchivum.htm HTTP/1.1" 200 24981 "-" "Java/1.6.0_21"
89.134.100.36 - - [27/Jun/2012:22:06:34 +0200] "GET /index.htm HTTP/1.1" 200 23794 "-" "Java/1.6.0_21"
89.134.100.36 - - [27/Jun/2012:22:06:35 +0200] "GET /kapcsolat.htm HTTP/1.1" 200 6889 "-" "Java/1.6.0_21"
89.134.100.36 - - [27/Jun/2012:22:06:35 +0200] "GET /magunkrol.htm HTTP/1.1" 200 9202 "-" "Java/1.6.0_21"
89.134.100.36 - - [27/Jun/2012:22:06:35 +0200] "GET /media.htm HTTP/1.1" 200 5208 "-" "Java/1.6.0_21"
89.134.100.36 - - [27/Jun/2012:22:06:35 +0200] "GET /programok.htm HTTP/1.1" 200 6444 "-" "Java/1.6.0_21"
89.134.100.36 - - [27/Jun/2012:22:06:36 +0200] "GET /vill.cs HTTP/1.1" 200 2676 "-" "Java/1.6.0_21"
89.134.100.36 - - [27/Jun/2012:22:06:36 +0200] "GET /hirek08_10.htm HTTP/1.1" 200 6946 "-" "Java/1.6.0_21"
89.134.100.36 - - [27/Jun/2012:22:06:36 +0200] "GET /hirek08_11.htm HTTP/1.1" 200 7253 "-" "Java/1.6.0_21"
89.134.100.36 - - [27/Jun/2012:22:06:36 +0200] "GET /hirek08_12.htm HTTP/1.1" 200 8268 "-" "Java/1.6.0_21"
89.134.100.36 - - [27/Jun/2012:22:06:36 +0200] "GET /hirek09_01.htm HTTP/1.1" 200 6841 "-" "Java/1.6.0_21"
89.134.100.36 - - [27/Jun/2012:22:06:37 +0200] "GET /hirek09_02.htm HTTP/1.1" 200 7450 "-" "Java/1.6.0_21"
89.134.100.36 - - [27/Jun/2012:22:06:37 +0200] "GET /hirek09_03.htm HTTP/1.1" 200 10726 "-" "Java/1.6.0_21"
89.134.100.36 - - [27/Jun/2012:22:06:37 +0200] "GET /&url=kapcsolat.htm HTTP/1.1" 404 1181 "-" "Java/1.6.0_21"
89.134.100.36 - - [27/Jun/2012:22:06:38 +0200] "GET /&url=programok.htm HTTP/1.1" 404 1181 "-" "Java/1.6.0_21"
89.134.100.36 - - [27/Jun/2012:22:06:38 +0200] "GET /&url=adomanyi.htm HTTP/1.1" 404 1181 "-" "Java/1.6.0_21"
89.134.100.36 - - [27/Jun/2012:22:06:38 +0200] "GET /bunt.htm HTTP/1.1" 200 5683 "-" "Java/1.6.0_21"
89.134.100.36 - - [27/Jun/2012:22:06:38 +0200] "GET /civilmuhely.htm HTTP/1.1" 200 8450 "-" "Java/1.6.0_21"
89.134.100.36 - - [27/Jun/2012:22:06:38 +0200] "GET /khb.htm HTTP/1.1" 200 8719 "-" "Java/1.6.0_21"
149.200.49.182 - - [27/Jun/2012:23:11:09 +0200] "GET /jog/index.htm HTTP/1.1" 200 13138 "http://www.google.hu/url?sa=t&source=web&cd=10&ved=0CGEQFjAJ&url=http%3A%2F%2Fwww.beklen.hu%2Fjog%2Findex.htm&rct=j&q=kozerdeku%20bejelento%20uldozese&ei=vXbrT7ecEYfKtAa_yqyMBg&usg=AFQjCNEmgTeVHwBtO8iQVY-eWvWPZeKIfw" "Mozilla/5.0 (Linux; U; Android 2.3.5; hu-hu; HTC_Rhyme_S510b Build/GRJ90) AppleWebKit/533.1 (KHTML, like Gecko) Version/4.0 Mobile Safari/533.1"
149.200.49.182 - - [27/Jun/2012:23:11:10 +0200] "GET /jog/style.css HTTP/1.1" 200 21413 "http://www.beklen.hu/jog/index.htm" "Mozilla/5.0 (Linux; U; Android 2.3.5; hu-hu; HTC_Rhyme_S510b Build/GRJ90) AppleWebKit/533.1 (KHTML, like Gecko) Version/4.0 Mobile Safari/533.1"
149.200.49.182 - - [27/Jun/2012:23:11:10 +0200] "GET /jog/script.js HTTP/1.1" 200 5674 "http://www.beklen.hu/jog/index.htm" "Mozilla/5.0 (Linux; U; Android 2.3.5; hu-hu; HTC_Rhyme_S510b Build/GRJ90) AppleWebKit/533.1 (KHTML, like Gecko) Version/4.0 Mobile Safari/533.1"
149.200.49.182 - - [27/Jun/2012:23:11:10 +0200] "GET /jog/jquery.js HTTP/1.1" 200 72174 "http://www.beklen.hu/jog/index.htm" "Mozilla/5.0 (Linux; U; Android 2.3.5; hu-hu; HTC_Rhyme_S510b Build/GRJ90) AppleWebKit/533.1 (KHTML, like Gecko) Version/4.0 Mobile Safari/533.1"
149.200.49.182 - - [27/Jun/2012:23:11:11 +0200] "GET /jog/images/nav.png HTTP/1.1" 200 10482 "http://www.beklen.hu/jog/index.htm" "Mozilla/5.0 (Linux; U; Android 2.3.5; hu-hu; HTC_Rhyme_S510b Build/GRJ90) AppleWebKit/533.1 (KHTML, like Gecko) Version/4.0 Mobile Safari/533.1"
149.200.49.182 - - [27/Jun/2012:23:11:11 +0200] "GET /jog/images/menuitem.png HTTP/1.1" 200 20398 "http://www.beklen.hu/jog/index.htm" "Mozilla/5.0 (Linux; U; Android 2.3.5; hu-hu; HTC_Rhyme_S510b Build/GRJ90) AppleWebKit/533.1 (KHTML, like Gecko) Version/4.0 Mobile Safari/533.1"
149.200.49.182 - - [27/Jun/2012:23:11:11 +0200] "GET /jog/images/subitem.png HTTP/1.1" 200 81 "http://www.beklen.hu/jog/index.htm" "Mozilla/5.0 (Linux; U; Android 2.3.5; hu-hu; HTC_Rhyme_S510b Build/GRJ90) AppleWebKit/533.1 (KHTML, like Gecko) Version/4.0 Mobile Safari/533.1"
149.200.49.182 - - [27/Jun/2012:23:11:11 +0200] "GET /jog/images/post_h.png HTTP/1.1" 200 292 "http://www.beklen.hu/jog/index.htm" "Mozilla/5.0 (Linux; U; Android 2.3.5; hu-hu; HTC_Rhyme_S510b Build/GRJ90) AppleWebKit/533.1 (KHTML, like Gecko) Version/4.0 Mobile Safari/533.1"
149.200.49.182 - - [27/Jun/2012:23:11:11 +0200] "GET /jog/images/post_s.png HTTP/1.1" 200 466 "http://www.beklen.hu/jog/index.htm" "Mozilla/5.0 (Linux; U; Android 2.3.5; hu-hu; HTC_Rhyme_S510b Build/GRJ90) AppleWebKit/533.1 (KHTML, like Gecko) Version/4.0 Mobile Safari/533.1"
149.200.49.182 - - [27/Jun/2012:23:11:11 +0200] "GET /jog/images/spacer.gif HTTP/1.1" 200 43 "http://www.beklen.hu/jog/index.htm" "Mozilla/5.0 (Linux; U; Android 2.3.5; hu-hu; HTC_Rhyme_S510b Build/GRJ90) AppleWebKit/533.1 (KHTML, like Gecko) Version/4.0 Mobile Safari/533.1"
149.200.49.182 - - [27/Jun/2012:23:11:11 +0200] "GET /jog/images/post_v.png HTTP/1.1" 200 310 "http://www.beklen.hu/jog/index.htm" "Mozilla/5.0 (Linux; U; Android 2.3.5; hu-hu; HTC_Rhyme_S510b Build/GRJ90) AppleWebKit/533.1 (KHTML, like Gecko) Version/4.0 Mobile Safari/533.1"
149.200.49.182 - - [27/Jun/2012:23:11:11 +0200] "GET /jog/images/post_c.png HTTP/1.1" 200 204 "http://www.beklen.hu/jog/index.htm" "Mozilla/5.0 (Linux; U; Android 2.3.5; hu-hu; HTC_Rhyme_S510b Build/GRJ90) AppleWebKit/533.1 (KHTML, like Gecko) Version/4.0 Mobile Safari/533.1"
149.200.49.182 - - [27/Jun/2012:23:11:11 +0200] "GET /jog/img/320/sargarigo2.jpg HTTP/1.1" 200 17500 "http://www.beklen.hu/jog/index.htm" "Mozilla/5.0 (Linux; U; Android 2.3.5; hu-hu; HTC_Rhyme_S510b Build/GRJ90) AppleWebKit/533.1 (KHTML, like Gecko) Version/4.0 Mobile Safari/533.1"
149.200.49.182 - - [27/Jun/2012:23:11:11 +0200] "GET /jog/img/nca_logo_.png HTTP/1.1" 200 7180 "http://www.beklen.hu/jog/index.htm" "Mozilla/5.0 (Linux; U; Android 2.3.5; hu-hu; HTC_Rhyme_S510b Build/GRJ90) AppleWebKit/533.1 (KHTML, like Gecko) Version/4.0 Mobile Safari/533.1"
149.200.49.182 - - [27/Jun/2012:23:11:11 +0200] "GET /jog/img/magyar_cimer.png HTTP/1.1" 200 1900 "http://www.beklen.hu/jog/index.htm" "Mozilla/5.0 (Linux; U; Android 2.3.5; hu-hu; HTC_Rhyme_S510b Build/GRJ90) AppleWebKit/533.1 (KHTML, like Gecko) Version/4.0 Mobile Safari/533.1"
149.200.49.182 - - [27/Jun/2012:23:11:11 +0200] "GET /jog/images/header.png HTTP/1.1" 200 170837 "http://www.beklen.hu/jog/index.htm" "Mozilla/5.0 (Linux; U; Android 2.3.5; hu-hu; HTC_Rhyme_S510b Build/GRJ90) AppleWebKit/533.1 (KHTML, like Gecko) Version/4.0 Mobile Safari/533.1"
149.200.49.182 - - [27/Jun/2012:23:11:11 +0200] "GET /jog/images/Bottom_texture.jpg HTTP/1.1" 200 193775 "http://www.beklen.hu/jog/index.htm" "Mozilla/5.0 (Linux; U; Android 2.3.5; hu-hu; HTC_Rhyme_S510b Build/GRJ90) AppleWebKit/533.1 (KHTML, like Gecko) Version/4.0 Mobile Safari/533.1"
149.200.49.182 - - [27/Jun/2012:23:11:11 +0200] "GET /jog/favicon.ico HTTP/1.1" 200 1150 "http://www.beklen.hu/jog/index.htm" "Mozilla/5.0 (Linux; U; Android 2.3.5; hu-hu; HTC_Rhyme_S510b Build/GRJ90) AppleWebKit/533.1 (KHTML, like Gecko) Version/4.0 Mobile Safari/533.1"
193.30.164.14 - - [28/Jun/2012:00:13:06 +0200] "GET /jog/eseteink/derekegyhaza/index.htm HTTP/1.1" 200 34210 "http://www.google.hu/url?sa=t&rct=j&q=natura%202000%20fellebbez%C3%A9s&source=web&cd=9&ved=0CFsQFjAI&url=http%3A%2F%2Fwww.beklen.hu%2Fjog%2Feseteink%2Fderekegyhaza%2Findex.htm&ei=AVnrT_jJEsixtAaDleS9BQ&usg=AFQjCNErFXeah-vVflY-9rE9_dfaQVYeSg" "Mozilla/5.0 (Windows NT 5.1; rv:13.0) Gecko/20100101 Firefox/13.0.1"
193.30.164.14 - - [28/Jun/2012:00:13:06 +0200] "GET /jog/style.css HTTP/1.1" 200 21413 "http://www.beklen.hu/jog/eseteink/derekegyhaza/index.htm" "Mozilla/5.0 (Windows NT 5.1; rv:13.0) Gecko/20100101 Firefox/13.0.1"
193.30.164.14 - - [28/Jun/2012:00:13:06 +0200] "GET /jog/eseteink/derekegyhaza/kepek/37-431__.jpg HTTP/1.1" 200 4706 "http://www.beklen.hu/jog/eseteink/derekegyhaza/index.htm" "Mozilla/5.0 (Windows NT 5.1; rv:13.0) Gecko/20100101 Firefox/13.0.1"
193.30.164.14 - - [28/Jun/2012:00:13:06 +0200] "GET /jog/eseteink/derekegyhaza/kepek/dalerd__.jpg HTTP/1.1" 200 6281 "http://www.beklen.hu/jog/eseteink/derekegyhaza/index.htm" "Mozilla/5.0 (Windows NT 5.1; rv:13.0) Gecko/20100101 Firefox/13.0.1"
193.30.164.14 - - [28/Jun/2012:00:13:06 +0200] "GET /jog/eseteink/derekegyhaza/kepek/vadaskert-szakhat_.jpg HTTP/1.1" 200 8903 "http://www.beklen.hu/jog/eseteink/derekegyhaza/index.htm" "Mozilla/5.0 (Windows NT 5.1; rv:13.0) Gecko/20100101 Firefox/13.0.1"
193.30.164.14 - - [28/Jun/2012:00:13:06 +0200] "GET /jog/script.js HTTP/1.1" 200 5674 "http://www.beklen.hu/jog/eseteink/derekegyhaza/index.htm" "Mozilla/5.0 (Windows NT 5.1; rv:13.0) Gecko/20100101 Firefox/13.0.1"
193.30.164.14 - - [28/Jun/2012:00:13:06 +0200] "GET /jog/lb/js/scriptaculous.js?load=effects HTTP/1.1" 200 2152 "http://www.beklen.hu/jog/eseteink/derekegyhaza/index.htm" "Mozilla/5.0 (Windows NT 5.1; rv:13.0) Gecko/20100101 Firefox/13.0.1"
193.30.164.14 - - [28/Jun/2012:00:13:06 +0200] "GET /jog/jquery.js HTTP/1.1" 200 72174 "http://www.beklen.hu/jog/eseteink/derekegyhaza/index.htm" "Mozilla/5.0 (Windows NT 5.1; rv:13.0) Gecko/20100101 Firefox/13.0.1"
193.30.164.14 - - [28/Jun/2012:00:13:06 +0200] "GET /jog/lb/js/lightbox.js HTTP/1.1" 200 23431 "http://www.beklen.hu/jog/eseteink/derekegyhaza/index.htm" "Mozilla/5.0 (Windows NT 5.1; rv:13.0) Gecko/20100101 Firefox/13.0.1"
193.30.164.14 - - [28/Jun/2012:00:13:07 +0200] "GET /jog/eseteink/derekegyhaza/37-433.jpg HTTP/1.1" 200 3573 "http://www.beklen.hu/jog/eseteink/derekegyhaza/index.htm" "Mozilla/5.0 (Windows NT 5.1; rv:13.0) Gecko/20100101 Firefox/13.0.1"
193.30.164.14 - - [28/Jun/2012:00:13:07 +0200] "GET /jog/lb/js/prototype.js HTTP/1.1" 200 47603 "http://www.beklen.hu/jog/eseteink/derekegyhaza/index.htm" "Mozilla/5.0 (Windows NT 5.1; rv:13.0) Gecko/20100101 Firefox/13.0.1"
193.30.164.14 - - [28/Jun/2012:00:13:07 +0200] "GET /jog/favicon.ico HTTP/1.1" 200 1150 "-" "Mozilla/5.0 (Windows NT 5.1; rv:13.0) Gecko/20100101 Firefox/13.0.1"
193.30.164.14 - - [28/Jun/2012:00:13:07 +0200] "GET /jog/lb/css/lightbox.css HTTP/1.1" 200 1715 "http://www.beklen.hu/jog/eseteink/derekegyhaza/index.htm" "Mozilla/5.0 (Windows NT 5.1; rv:13.0) Gecko/20100101 Firefox/13.0.1"
193.30.164.14 - - [28/Jun/2012:00:13:07 +0200] "GET /jog/img/file_pdf.png HTTP/1.1" 200 581 "http://www.beklen.hu/jog/eseteink/derekegyhaza/index.htm" "Mozilla/5.0 (Windows NT 5.1; rv:13.0) Gecko/20100101 Firefox/13.0.1"
193.30.164.14 - - [28/Jun/2012:00:13:07 +0200] "GET /jog/eseteink/derekegyhaza/kepek/37-433__.jpg HTTP/1.1" 200 4596 "http://www.beklen.hu/jog/eseteink/derekegyhaza/index.htm" "Mozilla/5.0 (Windows NT 5.1; rv:13.0) Gecko/20100101 Firefox/13.0.1"
193.30.164.14 - - [28/Jun/2012:00:13:07 +0200] "GET /jog/img/file_jpg.png HTTP/1.1" 200 607 "http://www.beklen.hu/jog/eseteink/derekegyhaza/index.htm" "Mozilla/5.0 (Windows NT 5.1; rv:13.0) Gecko/20100101 Firefox/13.0.1"
193.30.164.14 - - [28/Jun/2012:00:13:07 +0200] "GET /jog/lb/js/effects.js HTTP/1.1" 200 31969 "http://www.beklen.hu/jog/eseteink/derekegyhaza/index.htm" "Mozilla/5.0 (Windows NT 5.1; rv:13.0) Gecko/20100101 Firefox/13.0.1"
193.30.164.14 - - [28/Jun/2012:00:13:07 +0200] "GET /jog/eseteink/derekegyhaza/kepek/37-431_o_2005__.jpg HTTP/1.1" 200 5766 "http://www.beklen.hu/jog/eseteink/derekegyhaza/index.htm" "Mozilla/5.0 (Windows NT 5.1; rv:13.0) Gecko/20100101 Firefox/13.0.1"
193.30.164.14 - - [28/Jun/2012:00:13:07 +0200] "GET /jog/images/menuitem.png HTTP/1.1" 200 20398 "http://www.beklen.hu/jog/style.css" "Mozilla/5.0 (Windows NT 5.1; rv:13.0) Gecko/20100101 Firefox/13.0.1"
193.30.164.14 - - [28/Jun/2012:00:13:07 +0200] "GET /jog/images/nav.png HTTP/1.1" 200 10482 "http://www.beklen.hu/jog/style.css" "Mozilla/5.0 (Windows NT 5.1; rv:13.0) Gecko/20100101 Firefox/13.0.1"
193.30.164.14 - - [28/Jun/2012:00:13:07 +0200] "GET /jog/images/subitem.png HTTP/1.1" 200 81 "http://www.beklen.hu/jog/style.css" "Mozilla/5.0 (Windows NT 5.1; rv:13.0) Gecko/20100101 Firefox/13.0.1"
193.30.164.14 - - [28/Jun/2012:00:13:07 +0200] "GET /jog/images/post_s.png HTTP/1.1" 200 466 "http://www.beklen.hu/jog/style.css" "Mozilla/5.0 (Windows NT 5.1; rv:13.0) Gecko/20100101 Firefox/13.0.1"
193.30.164.14 - - [28/Jun/2012:00:13:07 +0200] "GET /jog/images/post_h.png HTTP/1.1" 200 292 "http://www.beklen.hu/jog/style.css" "Mozilla/5.0 (Windows NT 5.1; rv:13.0) Gecko/20100101 Firefox/13.0.1"
193.30.164.14 - - [28/Jun/2012:00:13:07 +0200] "GET /jog/images/spacer.gif HTTP/1.1" 200 43 "http://www.beklen.hu/jog/style.css" "Mozilla/5.0 (Windows NT 5.1; rv:13.0) Gecko/20100101 Firefox/13.0.1"
193.30.164.14 - - [28/Jun/2012:00:13:07 +0200] "GET /jog/images/post_c.png HTTP/1.1" 200 204 "http://www.beklen.hu/jog/style.css" "Mozilla/5.0 (Windows NT 5.1; rv:13.0) Gecko/20100101 Firefox/13.0.1"
193.30.164.14 - - [28/Jun/2012:00:13:07 +0200] "GET /jog/images/post_v.png HTTP/1.1" 200 310 "http://www.beklen.hu/jog/style.css" "Mozilla/5.0 (Windows NT 5.1; rv:13.0) Gecko/20100101 Firefox/13.0.1"
193.30.164.14 - - [28/Jun/2012:00:13:08 +0200] "GET /jog/images/Bottom_texture.jpg HTTP/1.1" 200 193775 "http://www.beklen.hu/jog/style.css" "Mozilla/5.0 (Windows NT 5.1; rv:13.0) Gecko/20100101 Firefox/13.0.1"
193.30.164.14 - - [28/Jun/2012:00:13:08 +0200] "GET /jog/images/header.png HTTP/1.1" 200 170837 "http://www.beklen.hu/jog/style.css" "Mozilla/5.0 (Windows NT 5.1; rv:13.0) Gecko/20100101 Firefox/13.0.1"
193.30.164.14 - - [28/Jun/2012:00:13:09 +0200] "GET /jog/eseteink/derekegyhaza/kepek/37-433_o_2005__.jpg HTTP/1.1" 200 5388 "http://www.beklen.hu/jog/eseteink/derekegyhaza/index.htm" "Mozilla/5.0 (Windows NT 5.1; rv:13.0) Gecko/20100101 Firefox/13.0.1"
207.46.204.242 - - [28/Jun/2012:00:55:08 +0200] "GET /robots.txt HTTP/1.1" 404 1181 "-" "Mozilla/5.0 (compatible; bingbot/2.0; +http://www.bing.com/bingbot.htm)"
207.46.204.242 - - [28/Jun/2012:00:55:49 +0200] "GET /khb.htm HTTP/1.1" 200 8719 "-" "Mozilla/5.0 (compatible; bingbot/2.0; +http://www.bing.com/bingbot.htm)"
66.249.72.2 - - [28/Jun/2012:01:55:13 +0200] "GET /robots.txt HTTP/1.1" 404 1181 "-" "Mozilla/5.0 (compatible; Googlebot/2.1; +http://www.google.com/bot.html)"
66.249.72.2 - - [28/Jun/2012:01:55:13 +0200] "GET /jog/images/menuitem.png HTTP/1.1" 200 20398 "-" "Mozilla/5.0 (compatible; Googlebot/2.1; +http://www.google.com/bot.html)"
208.115.113.84 - - [28/Jun/2012:01:55:16 +0200] "GET /robots.txt HTTP/1.1" 404 1181 "-" "Mozilla/5.0 (compatible; Ezooms/1.0; ezooms.bot@gmail.com)"
208.115.113.84 - - [28/Jun/2012:03:12:42 +0200] "GET /english/programs.htm HTTP/1.1" 200 5614 "-" "Mozilla/5.0 (compatible; Ezooms/1.0; ezooms.bot@gmail.com)"
208.115.113.84 - - [28/Jun/2012:03:12:44 +0200] "GET /hirek/hirek090509.htm HTTP/1.1" 200 7803 "-" "Mozilla/5.0 (compatible; Ezooms/1.0; ezooms.bot@gmail.com)"
66.249.72.2 - - [28/Jun/2012:06:01:54 +0200] "GET /hirek08_11.htm HTTP/1.1" 304 - "-" "Mozilla/5.0 (compatible; Googlebot/2.1; +http://www.google.com/bot.html)"
208.115.111.68 - - [28/Jun/2012:07:49:13 +0200] "GET /robots.txt HTTP/1.1" 404 1181 "-" "Mozilla/5.0 (compatible; Ezooms/1.0; ezooms.bot@gmail.com)"
66.249.72.2 - - [28/Jun/2012:08:10:25 +0200] "GET /jog/tarseljarasok.htm HTTP/1.1" 200 13316 "-" "Mozilla/5.0 (compatible; Googlebot/2.1; +http://www.google.com/bot.html)"
141.105.120.152 - - [28/Jun/2012:08:54:39 +0200] "GET /robots.txt HTTP/1.0" 404 1181 "-" "Mozilla/5.0 (compatible; OpenindexSpider/Nutch-1.5-dev; +http://www.openindex.io/en/webmasters/spider.html)"
141.105.120.152 - - [28/Jun/2012:08:54:39 +0200] "GET /jog/adathozzaferes.htm HTTP/1.0" 304 - "-" "Mozilla/5.0 (compatible; OpenindexSpider/Nutch-1.5-dev; +http://www.openindex.io/en/webmasters/spider.html)"
208.115.111.68 - - [28/Jun/2012:09:07:47 +0200] "GET /hirek/hirek091015.htm HTTP/1.1" 200 7046 "-" "Mozilla/5.0 (compatible; Ezooms/1.0; ezooms.bot@gmail.com)"
208.115.111.68 - - [28/Jun/2012:09:07:51 +0200] "GET /hirek/hirek101213.htm HTTP/1.1" 200 8671 "-" "Mozilla/5.0 (compatible; Ezooms/1.0; ezooms.bot@gmail.com)"
66.249.72.240 - - [28/Jun/2012:09:42:44 +0200] "GET /robots.txt HTTP/1.1" 404 1181 "-" "Mozilla/5.0 (compatible; Googlebot/2.1; +http://www.google.com/bot.html)"
66.249.72.240 - - [28/Jun/2012:09:42:44 +0200] "GET /deutsch/index.htm HTTP/1.1" 304 - "-" "Mozilla/5.0 (compatible; Googlebot/2.1; +http://www.google.com/bot.html)"
157.55.18.46 - - [28/Jun/2012:10:36:27 +0200] "GET /hirek/hirek090605.htm HTTP/1.1" 200 7994 "-" "Mozilla/4.0 (compatible; MSIE 7.0; Windows NT 5.2; SLCC1; .NET CLR 1.1.4325; .NET CLR 2.0.50727; .NET CLR 3.0.04506.648)"
157.55.18.46 - - [28/Jun/2012:10:36:28 +0200] "GET /vill.cs HTTP/1.1" 200 2676 "http://beklen.hu/hirek/hirek090605.htm" "Mozilla/4.0 (compatible; MSIE 7.0; Windows NT 5.2; SLCC1; .NET CLR 1.1.4325; .NET CLR 2.0.50727; .NET CLR 3.0.04506.648)"
157.55.112.225 - - [28/Jun/2012:10:38:18 +0200] "GET /jog/eseteink/korosladany/index.htm HTTP/1.1" 200 30713 "-" "Mozilla/4.0 (compatible; MSIE 7.0; Windows NT 5.2; SLCC1; .NET CLR 1.1.4325; .NET CLR 2.0.40607; .NET CLR 3.0.30729; .NET CLR 3.5.30707; MS-RTC LM 8)"
157.55.112.225 - - [28/Jun/2012:10:38:21 +0200] "GET /jog/style.css HTTP/1.1" 200 21413 "http://beklen.hu/jog/eseteink/korosladany/index.htm" "Mozilla/4.0 (compatible; MSIE 7.0; Windows NT 5.2; SLCC1; .NET CLR 1.1.4325; .NET CLR 2.0.40607; .NET CLR 3.0.30729; .NET CLR 3.5.30707; MS-RTC LM 8)"
157.55.112.225 - - [28/Jun/2012:10:38:22 +0200] "GET /jog/eseteink/korosladany/style.ie7.css HTTP/1.1" 404 1181 "http://beklen.hu/jog/eseteink/korosladany/index.htm" "Mozilla/4.0 (compatible; MSIE 7.0; Windows NT 5.2; SLCC1; .NET CLR 1.1.4325; .NET CLR 2.0.40607; .NET CLR 3.0.30729; .NET CLR 3.5.30707; MS-RTC LM 8)"
157.55.112.225 - - [28/Jun/2012:10:38:23 +0200] "GET /jog/jquery.js HTTP/1.1" 200 72174 "http://beklen.hu/jog/eseteink/korosladany/index.htm" "Mozilla/4.0 (compatible; MSIE 7.0; Windows NT 5.2; SLCC1; .NET CLR 1.1.4325; .NET CLR 2.0.40607; .NET CLR 3.0.30729; .NET CLR 3.5.30707; MS-RTC LM 8)"
157.55.112.225 - - [28/Jun/2012:10:38:30 +0200] "GET /jog/script.js HTTP/1.1" 200 5674 "http://beklen.hu/jog/eseteink/korosladany/index.htm" "Mozilla/4.0 (compatible; MSIE 7.0; Windows NT 5.2; SLCC1; .NET CLR 1.1.4325; .NET CLR 2.0.40607; .NET CLR 3.0.30729; .NET CLR 3.5.30707; MS-RTC LM 8)"
157.55.112.225 - - [28/Jun/2012:10:38:31 +0200] "GET /jog/lb/js/prototype.js HTTP/1.1" 200 47603 "http://beklen.hu/jog/eseteink/korosladany/index.htm" "Mozilla/4.0 (compatible; MSIE 7.0; Windows NT 5.2; SLCC1; .NET CLR 1.1.4325; .NET CLR 2.0.40607; .NET CLR 3.0.30729; .NET CLR 3.5.30707; MS-RTC LM 8)"
157.55.112.225 - - [28/Jun/2012:10:38:35 +0200] "GET /jog/lb/js/scriptaculous.js?load=effects HTTP/1.1" 200 2152 "http://beklen.hu/jog/eseteink/korosladany/index.htm" "Mozilla/4.0 (compatible; MSIE 7.0; Windows NT 5.2; SLCC1; .NET CLR 1.1.4325; .NET CLR 2.0.40607; .NET CLR 3.0.30729; .NET CLR 3.5.30707; MS-RTC LM 8)"
157.55.112.225 - - [28/Jun/2012:10:38:35 +0200] "GET /jog/lb/js/effects.js HTTP/1.1" 200 31969 "http://beklen.hu/jog/eseteink/korosladany/index.htm" "Mozilla/4.0 (compatible; MSIE 7.0; Windows NT 5.2; SLCC1; .NET CLR 1.1.4325; .NET CLR 2.0.40607; .NET CLR 3.0.30729; .NET CLR 3.5.30707; MS-RTC LM 8)"
157.55.112.225 - - [28/Jun/2012:10:38:36 +0200] "GET /jog/lb/js/lightbox.js HTTP/1.1" 200 23431 "http://beklen.hu/jog/eseteink/korosladany/index.htm" "Mozilla/4.0 (compatible; MSIE 7.0; Windows NT 5.2; SLCC1; .NET CLR 1.1.4325; .NET CLR 2.0.40607; .NET CLR 3.0.30729; .NET CLR 3.5.30707; MS-RTC LM 8)"
157.55.112.225 - - [28/Jun/2012:10:38:38 +0200] "GET /jog/lb/css/lightbox.css HTTP/1.1" 200 1715 "http://beklen.hu/jog/eseteink/korosladany/index.htm" "Mozilla/4.0 (compatible; MSIE 7.0; Windows NT 5.2; SLCC1; .NET CLR 1.1.4325; .NET CLR 2.0.40607; .NET CLR 3.0.30729; .NET CLR 3.5.30707; MS-RTC LM 8)"
193.91.81.178 - - [28/Jun/2012:10:43:30 +0200] "GET /jog/eseteink/korosladany/elso_feljelentes_rendorsegnek.pdf HTTP/1.1" 200 536446 "http://www.google.hu/url?sa=t&rct=j&q=tisztelt%20rend%C5%91rkapit%C3%A1nys%C3%A1g&source=web&cd=3&ved=0CFgQFjAC&url=http%3A%2F%2Fwww.beklen.hu%2Fjog%2Feseteink%2Fkorosladany%2Felso_feljelentes_rendorsegnek.pdf&ei=BxnsT_CrOaWl4gT1g9mWBQ&usg=AFQjCNFX9GUNXowUgE0NeqT3XpcUmL72ag" "Opera/9.80 (Windows NT 6.1; U; Distribution 00; hu) Presto/2.10.289 Version/12.00"
157.55.112.211 - - [28/Jun/2012:10:57:23 +0200] "GET /magunkrol.htm HTTP/1.1" 200 9202 "-" "Mozilla/4.0 (compatible; MSIE 7.0; Windows NT 5.2; SV1; .NET CLR 1.1.4322; .NET CLR 2.0.50727; .NET CLR 3.0.04506.648)"
157.55.112.211 - - [28/Jun/2012:10:57:24 +0200] "GET /vill.cs HTTP/1.1" 200 2676 "http://beklen.hu/magunkrol.htm" "Mozilla/4.0 (compatible; MSIE 7.0; Windows NT 5.2; SV1; .NET CLR 1.1.4322; .NET CLR 2.0.50727; .NET CLR 3.0.04506.648)"
66.249.72.2 - - [28/Jun/2012:10:58:40 +0200] "GET /jog/jogszabalyok/biodiverzitas_egyezmeny.pdf HTTP/1.1" 200 198401 "-" "Mozilla/5.0 (compatible; Googlebot/2.1; +http://www.google.com/bot.html)"
157.55.18.9 - - [28/Jun/2012:11:12:03 +0200] "GET /robots.txt HTTP/1.1" 404 1181 "-" "Mozilla/5.0 (compatible; bingbot/2.0; +http://www.bing.com/bingbot.htm)"
157.55.18.9 - - [28/Jun/2012:11:12:48 +0200] "GET /hirek08_12.htm HTTP/1.1" 304 - "-" "Mozilla/5.0 (compatible; bingbot/2.0; +http://www.bing.com/bingbot.htm)"
62.64.65.58 - - [28/Jun/2012:11:28:31 +0200] "GET /robots.txt HTTP/1.0" 404 1181 "-" "Mozilla/5.0 (compatible; MJ12bot/v1.4.3; http://www.majestic12.co.uk/bot.php?+)"
62.64.65.58 - - [28/Jun/2012:11:28:33 +0200] "GET /fiok HTTP/1.0" 301 300 "-" "Mozilla/5.0 (compatible; MJ12bot/v1.4.3; http://www.majestic12.co.uk/bot.php?+)"
62.64.65.58 - - [28/Jun/2012:11:28:35 +0200] "GET /fiok/ HTTP/1.0" 200 20554 "-" "Mozilla/5.0 (compatible; MJ12bot/v1.4.3; http://www.majestic12.co.uk/bot.php?+)"
66.249.72.2 - - [28/Jun/2012:12:01:04 +0200] "GET / HTTP/1.1" 200 23794 "-" "Mozilla/5.0 (iPhone; U; CPU iPhone OS 4_1 like Mac OS X; en-us) AppleWebKit/532.9 (KHTML, like Gecko) Version/4.0.5 Mobile/8B117 Safari/6531.22.7 (compatible; Googlebot-Mobile/2.1; +http://www.google.com/bot.html)"
208.115.113.84 - - [28/Jun/2012:12:47:08 +0200] "GET /robots.txt HTTP/1.1" 404 1181 "-" "Mozilla/5.0 (compatible; Ezooms/1.0; ezooms.bot@gmail.com)"
213.186.127.13 - - [28/Jun/2012:13:16:59 +0200] "GET / HTTP/1.1" 200 23794 "-" "Mozilla/5.0 (compatible; AhrefsBot/3.1; +http://ahrefs.com/robot/)"
109.75.98.164 - - [28/Jun/2012:13:24:26 +0200] "GET /fiok/ HTTP/1.1" 200 20554 "-" "Mozilla/4.0 (compatible; MSIE 6.0; Windows NT 5.1; SV1; .NET CLR 2.0.50727)"
109.75.98.164 - - [28/Jun/2012:13:24:26 +0200] "GET /fiok/gazdasag.htm HTTP/1.1" 200 22480 "-" "Mozilla/4.0 (compatible; MSIE 6.0; Windows NT 5.1; SV1; .NET CLR 2.0.50727)"
109.75.98.164 - - [28/Jun/2012:13:24:26 +0200] "GET /fiok/kapcsolat.htm HTTP/1.1" 200 17416 "-" "Mozilla/4.0 (compatible; MSIE 6.0; Windows NT 5.1; SV1; .NET CLR 2.0.50727)"
109.75.98.164 - - [28/Jun/2012:13:24:27 +0200] "GET /fiok/kornyezet.htm HTTP/1.1" 200 22582 "-" "Mozilla/4.0 (compatible; MSIE 6.0; Windows NT 5.1; SV1; .NET CLR 2.0.50727)"
109.75.98.164 - - [28/Jun/2012:13:24:27 +0200] "GET /fiok/mult.htm HTTP/1.1" 200 23227 "-" "Mozilla/4.0 (compatible; MSIE 6.0; Windows NT 5.1; SV1; .NET CLR 2.0.50727)"
109.75.98.164 - - [28/Jun/2012:13:24:27 +0200] "GET /fiok/programok.htm HTTP/1.1" 200 18165 "-" "Mozilla/4.0 (compatible; MSIE 6.0; Windows NT 5.1; SV1; .NET CLR 2.0.50727)"
66.249.72.2 - - [28/Jun/2012:14:42:09 +0200] "GET /robots.txt HTTP/1.1" 404 1181 "-" "Mozilla/5.0 (compatible; Googlebot/2.1; +http://www.google.com/bot.html)"
66.249.72.2 - - [28/Jun/2012:14:42:10 +0200] "GET /jog/eseteink/kavicszatony/mura_fellebbezes.pdf HTTP/1.1" 304 - "-" "Mozilla/5.0 (compatible; Googlebot/2.1; +http://www.google.com/bot.html)"
208.115.113.84 - - [28/Jun/2012:14:47:02 +0200] "GET /hirek/hirek090605.htm HTTP/1.1" 200 7994 "-" "Mozilla/5.0 (compatible; Ezooms/1.0; ezooms.bot@gmail.com)"
208.115.113.84 - - [28/Jun/2012:14:47:05 +0200] "GET /programok.htm HTTP/1.1" 200 6444 "-" "Mozilla/5.0 (compatible; Ezooms/1.0; ezooms.bot@gmail.com)"
81.160.193.46 - - [28/Jun/2012:15:25:10 +0200] "GET /jog/eseteink/dakar/dakar_0804_kdtktvf_engedely.pdf HTTP/1.1" 206 32768 "http://www.beklen.hu/jog/eseteink/dakar/dakar_0804_kdtktvf_engedely.pdf" "Mozilla/5.0 (Windows NT 5.1) AppleWebKit/536.5 (KHTML, like Gecko) Chrome/19.0.1084.56 Safari/536.5"
81.160.193.46 - - [28/Jun/2012:15:25:10 +0200] "GET /favicon.ico HTTP/1.1" 404 1181 "-" "Mozilla/5.0 (Windows NT 5.1) AppleWebKit/536.5 (KHTML, like Gecko) Chrome/19.0.1084.56 Safari/536.5"
81.160.193.46 - - [28/Jun/2012:15:25:11 +0200] "GET /jog/eseteink/dakar/dakar_0804_kdtktvf_engedely.pdf HTTP/1.1" 200 179012 "http://www.google.hu/url?sa=t&rct=j&q=mikl%C3%A1d&source=web&cd=5&ved=0CFIQFjAE&url=http%3A%2F%2Fwww.beklen.hu%2Fjog%2Feseteink%2Fdakar%2Fdakar_0804_kdtktvf_engedely.pdf&ei=TFLsT92VLsel4gTf_tCWBQ&usg=AFQjCNH-VMsbmZ_lF37AT6J7M0O4112TSw" "Mozilla/5.0 (Windows NT 5.1) AppleWebKit/536.5 (KHTML, like Gecko) Chrome/19.0.1084.56 Safari/536.5"
81.160.193.46 - - [28/Jun/2012:15:25:22 +0200] "GET /jog/eseteink/dakar/dakar_0804_kdtktvf_engedely.pdf HTTP/1.1" 206 1316436 "http://www.beklen.hu/jog/eseteink/dakar/dakar_0804_kdtktvf_engedely.pdf" "Mozilla/5.0 (Windows NT 5.1) AppleWebKit/536.5 (KHTML, like Gecko) Chrome/19.0.1084.56 Safari/536.5"
81.160.193.46 - - [28/Jun/2012:15:25:23 +0200] "GET /jog/eseteink/dakar/dakar_0804_kdtktvf_engedely.pdf HTTP/1.1" 206 32768 "http://www.beklen.hu/jog/eseteink/dakar/dakar_0804_kdtktvf_engedely.pdf" "Mozilla/5.0 (Windows NT 5.1) AppleWebKit/536.5 (KHTML, like Gecko) Chrome/19.0.1084.56 Safari/536.5"
81.160.193.46 - - [28/Jun/2012:15:25:23 +0200] "GET /jog/eseteink/dakar/dakar_0804_kdtktvf_engedely.pdf HTTP/1.1" 206 32768 "http://www.beklen.hu/jog/eseteink/dakar/dakar_0804_kdtktvf_engedely.pdf" "Mozilla/5.0 (Windows NT 5.1) AppleWebKit/536.5 (KHTML, like Gecko) Chrome/19.0.1084.56 Safari/536.5"
81.160.193.46 - - [28/Jun/2012:15:25:25 +0200] "GET /jog/eseteink/dakar/dakar_0804_kdtktvf_engedely.pdf HTTP/1.1" 206 32768 "http://www.beklen.hu/jog/eseteink/dakar/dakar_0804_kdtktvf_engedely.pdf" "Mozilla/5.0 (Windows NT 5.1) AppleWebKit/536.5 (KHTML, like Gecko) Chrome/19.0.1084.56 Safari/536.5"
81.160.193.46 - - [28/Jun/2012:15:25:25 +0200] "GET /jog/eseteink/dakar/dakar_0804_kdtktvf_engedely.pdf HTTP/1.1" 206 32768 "http://www.beklen.hu/jog/eseteink/dakar/dakar_0804_kdtktvf_engedely.pdf" "Mozilla/5.0 (Windows NT 5.1) AppleWebKit/536.5 (KHTML, like Gecko) Chrome/19.0.1084.56 Safari/536.5"
81.160.193.46 - - [28/Jun/2012:15:25:26 +0200] "GET /jog/eseteink/dakar/dakar_0804_kdtktvf_engedely.pdf HTTP/1.1" 206 32768 "http://www.beklen.hu/jog/eseteink/dakar/dakar_0804_kdtktvf_engedely.pdf" "Mozilla/5.0 (Windows NT 5.1) AppleWebKit/536.5 (KHTML, like Gecko) Chrome/19.0.1084.56 Safari/536.5"
81.160.193.46 - - [28/Jun/2012:15:25:26 +0200] "GET /jog/eseteink/dakar/dakar_0804_kdtktvf_engedely.pdf HTTP/1.1" 206 32768 "http://www.beklen.hu/jog/eseteink/dakar/dakar_0804_kdtktvf_engedely.pdf" "Mozilla/5.0 (Windows NT 5.1) AppleWebKit/536.5 (KHTML, like Gecko) Chrome/19.0.1084.56 Safari/536.5"
81.160.193.46 - - [28/Jun/2012:15:25:27 +0200] "GET /jog/eseteink/dakar/dakar_0804_kdtktvf_engedely.pdf HTTP/1.1" 206 32768 "http://www.beklen.hu/jog/eseteink/dakar/dakar_0804_kdtktvf_engedely.pdf" "Mozilla/5.0 (Windows NT 5.1) AppleWebKit/536.5 (KHTML, like Gecko) Chrome/19.0.1084.56 Safari/536.5"
81.160.193.46 - - [28/Jun/2012:15:25:27 +0200] "GET /jog/eseteink/dakar/dakar_0804_kdtktvf_engedely.pdf HTTP/1.1" 206 32768 "http://www.beklen.hu/jog/eseteink/dakar/dakar_0804_kdtktvf_engedely.pdf" "Mozilla/5.0 (Windows NT 5.1) AppleWebKit/536.5 (KHTML, like Gecko) Chrome/19.0.1084.56 Safari/536.5"
81.160.193.46 - - [28/Jun/2012:15:25:27 +0200] "GET /jog/eseteink/dakar/dakar_0804_kdtktvf_engedely.pdf HTTP/1.1" 206 32768 "http://www.beklen.hu/jog/eseteink/dakar/dakar_0804_kdtktvf_engedely.pdf" "Mozilla/5.0 (Windows NT 5.1) AppleWebKit/536.5 (KHTML, like Gecko) Chrome/19.0.1084.56 Safari/536.5"
81.160.193.46 - - [28/Jun/2012:15:25:28 +0200] "GET /jog/eseteink/dakar/dakar_0804_kdtktvf_engedely.pdf HTTP/1.1" 206 65536 "http://www.beklen.hu/jog/eseteink/dakar/dakar_0804_kdtktvf_engedely.pdf" "Mozilla/5.0 (Windows NT 5.1) AppleWebKit/536.5 (KHTML, like Gecko) Chrome/19.0.1084.56 Safari/536.5"
81.160.193.46 - - [28/Jun/2012:15:25:29 +0200] "GET /jog/eseteink/dakar/dakar_0804_kdtktvf_engedely.pdf HTTP/1.1" 206 65536 "http://www.beklen.hu/jog/eseteink/dakar/dakar_0804_kdtktvf_engedely.pdf" "Mozilla/5.0 (Windows NT 5.1) AppleWebKit/536.5 (KHTML, like Gecko) Chrome/19.0.1084.56 Safari/536.5"
81.160.193.46 - - [28/Jun/2012:15:25:30 +0200] "GET /jog/eseteink/dakar/dakar_0804_kdtktvf_engedely.pdf HTTP/1.1" 206 65536 "http://www.beklen.hu/jog/eseteink/dakar/dakar_0804_kdtktvf_engedely.pdf" "Mozilla/5.0 (Windows NT 5.1) AppleWebKit/536.5 (KHTML, like Gecko) Chrome/19.0.1084.56 Safari/536.5"
81.160.193.46 - - [28/Jun/2012:15:25:30 +0200] "GET /jog/eseteink/dakar/dakar_0804_kdtktvf_engedely.pdf HTTP/1.1" 206 65536 "http://www.beklen.hu/jog/eseteink/dakar/dakar_0804_kdtktvf_engedely.pdf" "Mozilla/5.0 (Windows NT 5.1) AppleWebKit/536.5 (KHTML, like Gecko) Chrome/19.0.1084.56 Safari/536.5"
81.160.193.46 - - [28/Jun/2012:15:25:31 +0200] "GET /jog/eseteink/dakar/dakar_0804_kdtktvf_engedely.pdf HTTP/1.1" 206 65536 "http://www.beklen.hu/jog/eseteink/dakar/dakar_0804_kdtktvf_engedely.pdf" "Mozilla/5.0 (Windows NT 5.1) AppleWebKit/536.5 (KHTML, like Gecko) Chrome/19.0.1084.56 Safari/536.5"
81.160.193.46 - - [28/Jun/2012:15:25:32 +0200] "GET /jog/eseteink/dakar/dakar_0804_kdtktvf_engedely.pdf HTTP/1.1" 206 65536 "http://www.beklen.hu/jog/eseteink/dakar/dakar_0804_kdtktvf_engedely.pdf" "Mozilla/5.0 (Windows NT 5.1) AppleWebKit/536.5 (KHTML, like Gecko) Chrome/19.0.1084.56 Safari/536.5"
81.160.193.46 - - [28/Jun/2012:15:25:33 +0200] "GET /jog/eseteink/dakar/dakar_0804_kdtktvf_engedely.pdf HTTP/1.1" 206 65536 "http://www.beklen.hu/jog/eseteink/dakar/dakar_0804_kdtktvf_engedely.pdf" "Mozilla/5.0 (Windows NT 5.1) AppleWebKit/536.5 (KHTML, like Gecko) Chrome/19.0.1084.56 Safari/536.5"
81.160.193.46 - - [28/Jun/2012:15:25:35 +0200] "GET /jog/eseteink/dakar/dakar_0804_kdtktvf_engedely.pdf HTTP/1.1" 206 65536 "http://www.beklen.hu/jog/eseteink/dakar/dakar_0804_kdtktvf_engedely.pdf" "Mozilla/5.0 (Windows NT 5.1) AppleWebKit/536.5 (KHTML, like Gecko) Chrome/19.0.1084.56 Safari/536.5"
81.160.193.46 - - [28/Jun/2012:15:25:35 +0200] "GET /jog/eseteink/dakar/dakar_0804_kdtktvf_engedely.pdf HTTP/1.1" 206 65536 "http://www.beklen.hu/jog/eseteink/dakar/dakar_0804_kdtktvf_engedely.pdf" "Mozilla/5.0 (Windows NT 5.1) AppleWebKit/536.5 (KHTML, like Gecko) Chrome/19.0.1084.56 Safari/536.5"
81.160.193.46 - - [28/Jun/2012:15:25:37 +0200] "GET /jog/eseteink/dakar/dakar_0804_kdtktvf_engedely.pdf HTTP/1.1" 206 161976 "http://www.beklen.hu/jog/eseteink/dakar/dakar_0804_kdtktvf_engedely.pdf" "Mozilla/5.0 (Windows NT 5.1) AppleWebKit/536.5 (KHTML, like Gecko) Chrome/19.0.1084.56 Safari/536.5"
81.160.193.46 - - [28/Jun/2012:15:25:40 +0200] "GET /jog/eseteink/dakar/dakar_0804_kdtktvf_engedely.pdf HTTP/1.1" 206 464785 "http://www.beklen.hu/jog/eseteink/dakar/dakar_0804_kdtktvf_engedely.pdf" "Mozilla/5.0 (Windows NT 5.1) AppleWebKit/536.5 (KHTML, like Gecko) Chrome/19.0.1084.56 Safari/536.5"
81.160.193.46 - - [28/Jun/2012:15:25:47 +0200] "GET /jog/eseteink/dakar/dakar_0804_kdtktvf_engedely.pdf HTTP/1.1" 206 656307 "http://www.beklen.hu/jog/eseteink/dakar/dakar_0804_kdtktvf_engedely.pdf" "Mozilla/5.0 (Windows NT 5.1) AppleWebKit/536.5 (KHTML, like Gecko) Chrome/19.0.1084.56 Safari/536.5"
81.160.193.46 - - [28/Jun/2012:15:25:54 +0200] "GET /jog/eseteink/dakar/dakar_0804_kdtktvf_engedely.pdf HTTP/1.1" 206 573841 "http://www.beklen.hu/jog/eseteink/dakar/dakar_0804_kdtktvf_engedely.pdf" "Mozilla/5.0 (Windows NT 5.1) AppleWebKit/536.5 (KHTML, like Gecko) Chrome/19.0.1084.56 Safari/536.5"
81.160.193.46 - - [28/Jun/2012:15:25:55 +0200] "GET /favicon.ico HTTP/1.1" 404 1181 "-" "Mozilla/5.0 (Windows NT 5.1) AppleWebKit/536.5 (KHTML, like Gecko) Chrome/19.0.1084.56 Safari/536.5"
66.249.72.2 - - [28/Jun/2012:16:55:12 +0200] "GET /magunkrol.htm HTTP/1.1" 200 9202 "-" "Mozilla/5.0 (iPhone; U; CPU iPhone OS 4_1 like Mac OS X; en-us) AppleWebKit/532.9 (KHTML, like Gecko) Version/4.0.5 Mobile/8B117 Safari/6531.22.7 (compatible; Googlebot-Mobile/2.1; +http://www.google.com/bot.html)"
66.249.72.2 - - [28/Jun/2012:17:34:18 +0200] "GET /vill.cs HTTP/1.1" 200 2676 "-" "Mozilla/5.0 (compatible; Googlebot/2.1; +http://www.google.com/bot.html)"
69.28.58.75 - - [28/Jun/2012:17:46:38 +0200] "GET /robots.txt HTTP/1.0" 404 1181 "-" "nutch-1.4/Nutch-1.4"
69.28.58.75 - - [28/Jun/2012:17:46:39 +0200] "GET / HTTP/1.0" 200 23794 "-" "nutch-1.4/Nutch-1.4"
193.47.80.41 - - [28/Jun/2012:17:58:34 +0200] "GET /robots.txt HTTP/1.1" 404 1181 "-" "Mozilla/5.0 (compatible; Exabot/3.0; +http://www.exabot.com/go/robot)"
193.47.80.41 - - [28/Jun/2012:17:58:34 +0200] "GET / HTTP/1.1" 304 - "-" "Mozilla/5.0 (compatible; Exabot/3.0; +http://www.exabot.com/go/robot)"
178.154.210.252 - - [28/Jun/2012:18:02:58 +0200] "GET /robots.txt HTTP/1.1" 404 1181 "-" "Mozilla/5.0 (compatible; YandexBot/3.0; +http://yandex.com/bots)"
141.105.120.152 - - [28/Jun/2012:18:39:15 +0200] "GET /robots.txt HTTP/1.0" 404 1181 "-" "Mozilla/5.0 (compatible; OpenindexSpider/Nutch-1.5-dev; +http://www.openindex.io/en/webmasters/spider.html)"
141.105.120.152 - - [28/Jun/2012:18:39:15 +0200] "GET /jog/eseteink/korosladany/apvrt_nek3.pdf HTTP/1.0" 304 - "-" "Mozilla/5.0 (compatible; OpenindexSpider/Nutch-1.5-dev; +http://www.openindex.io/en/webmasters/spider.html)"
112.78.201.133 - - [28/Jun/2012:19:27:30 +0200] "GET /fiok/ HTTP/1.1" 200 20554 "-" "Mozilla/5.0 (Windows NT 6.1; WOW64; rv:5.0.1) Gecko/20100101 Firefox/5.0.1"
60.56.224.10 - - [28/Jun/2012:19:28:33 +0200] "GET /fiok/programok.htm HTTP/1.1" 200 18165 "-" "Mozilla/5.0 (Windows NT 6.1; WOW64; rv:5.0.1) Gecko/20100101 Firefox/5.0.1"
208.115.113.84 - - [28/Jun/2012:19:43:03 +0200] "GET /robots.txt HTTP/1.1" 404 1181 "-" "Mozilla/5.0 (compatible; Ezooms/1.0; ezooms.bot@gmail.com)"
208.115.113.84 - - [28/Jun/2012:20:00:24 +0200] "GET / HTTP/1.1" 200 23794 "-" "Mozilla/5.0 (compatible; Ezooms/1.0; ezooms.bot@gmail.com)"
213.186.127.11 - - [28/Jun/2012:20:01:14 +0200] "GET /english/index.htm HTTP/1.1" 200 5262 "-" "Mozilla/5.0 (compatible; AhrefsBot/3.1; +http://ahrefs.com/robot/)"
213.186.122.3 - - [28/Jun/2012:20:03:06 +0200] "GET /hirek/hirek120120.htm HTTP/1.1" 200 6634 "-" "Mozilla/5.0 (compatible; AhrefsBot/3.1; +http://ahrefs.com/robot/)"
82.170.120.200 - - [28/Jun/2012:20:06:21 +0200] "GET / HTTP/1.1" 200 23794 "-" "Java/1.7.0_04"
82.170.120.200 - - [28/Jun/2012:20:06:21 +0200] "GET /hirarchivum.htm HTTP/1.1" 200 24981 "-" "Java/1.7.0_04"
82.170.120.200 - - [28/Jun/2012:20:06:22 +0200] "GET /index.htm HTTP/1.1" 200 23794 "-" "Java/1.7.0_04"
82.170.120.200 - - [28/Jun/2012:20:06:23 +0200] "GET /kapcsolat.htm HTTP/1.1" 200 6889 "-" "Java/1.7.0_04"
82.170.120.200 - - [28/Jun/2012:20:06:23 +0200] "GET /magunkrol.htm HTTP/1.1" 200 9202 "-" "Java/1.7.0_04"
82.170.120.200 - - [28/Jun/2012:20:06:23 +0200] "GET /media.htm HTTP/1.1" 200 5208 "-" "Java/1.7.0_04"
82.170.120.200 - - [28/Jun/2012:20:06:23 +0200] "GET /programok.htm HTTP/1.1" 200 6444 "-" "Java/1.7.0_04"
82.170.120.200 - - [28/Jun/2012:20:06:24 +0200] "GET /vill.cs HTTP/1.1" 200 2676 "-" "Java/1.7.0_04"
82.170.120.200 - - [28/Jun/2012:20:06:24 +0200] "GET /hirek08_10.htm HTTP/1.1" 200 6946 "-" "Java/1.7.0_04"
82.170.120.200 - - [28/Jun/2012:20:06:24 +0200] "GET /hirek08_11.htm HTTP/1.1" 200 7253 "-" "Java/1.7.0_04"
82.170.120.200 - - [28/Jun/2012:20:06:24 +0200] "GET /hirek08_12.htm HTTP/1.1" 200 8268 "-" "Java/1.7.0_04"
82.170.120.200 - - [28/Jun/2012:20:06:24 +0200] "GET /hirek09_01.htm HTTP/1.1" 200 6841 "-" "Java/1.7.0_04"
82.170.120.200 - - [28/Jun/2012:20:06:25 +0200] "GET /hirek09_02.htm HTTP/1.1" 200 7450 "-" "Java/1.7.0_04"
82.170.120.200 - - [28/Jun/2012:20:06:25 +0200] "GET /hirek09_03.htm HTTP/1.1" 200 10726 "-" "Java/1.7.0_04"
82.170.120.200 - - [28/Jun/2012:20:06:25 +0200] "GET /&url=kapcsolat.htm HTTP/1.1" 404 1181 "-" "Java/1.7.0_04"
82.170.120.200 - - [28/Jun/2012:20:06:25 +0200] "GET /&url=programok.htm HTTP/1.1" 404 1181 "-" "Java/1.7.0_04"
82.170.120.200 - - [28/Jun/2012:20:06:25 +0200] "GET /&url=adomanyi.htm HTTP/1.1" 404 1181 "-" "Java/1.7.0_04"
82.170.120.200 - - [28/Jun/2012:20:06:25 +0200] "GET /bunt.htm HTTP/1.1" 200 5683 "-" "Java/1.7.0_04"
82.170.120.200 - - [28/Jun/2012:20:06:26 +0200] "GET /civilmuhely.htm HTTP/1.1" 200 8450 "-" "Java/1.7.0_04"
82.170.120.200 - - [28/Jun/2012:20:06:26 +0200] "GET /khb.htm HTTP/1.1" 200 8719 "-" "Java/1.7.0_04"
82.170.120.200 - - [28/Jun/2012:20:06:26 +0200] "GET /nca.htm HTTP/1.1" 200 7467 "-" "Java/1.7.0_04"
82.170.120.200 - - [28/Jun/2012:20:06:26 +0200] "GET /ncta.htm HTTP/1.1" 200 7221 "-" "Java/1.7.0_04"
82.170.120.200 - - [28/Jun/2012:20:06:26 +0200] "GET /nka.htm HTTP/1.1" 200 6221 "-" "Java/1.7.0_04"
82.170.120.200 - - [28/Jun/2012:20:06:26 +0200] "GET /szakmai.htm HTTP/1.1" 200 6054 "-" "Java/1.7.0_04"
82.170.120.200 - - [28/Jun/2012:20:06:27 +0200] "GET /ncta_a.htm HTTP/1.1" 200 7260 "-" "Java/1.7.0_04"
82.170.120.200 - - [28/Jun/2012:20:06:27 +0200] "GET /&url=civilmuhely.htm HTTP/1.1" 404 1181 "-" "Java/1.7.0_04"
82.170.120.200 - - [28/Jun/2012:20:06:27 +0200] "GET /&url=magunkrol.htm HTTP/1.1" 404 1181 "-" "Java/1.7.0_04"
82.170.120.200 - - [28/Jun/2012:20:06:27 +0200] "GET /nca04.htm HTTP/1.1" 200 16378 "-" "Java/1.7.0_04"
82.170.120.200 - - [28/Jun/2012:20:06:28 +0200] "GET /nca05.htm HTTP/1.1" 200 16412 "-" "Java/1.7.0_04"
82.170.120.200 - - [28/Jun/2012:20:06:28 +0200] "GET /nca06.htm HTTP/1.1" 200 19034 "-" "Java/1.7.0_04"
82.170.120.200 - - [28/Jun/2012:20:06:28 +0200] "GET /nca07.htm HTTP/1.1" 200 21968 "-" "Java/1.7.0_04"
82.170.120.200 - - [28/Jun/2012:20:06:29 +0200] "GET /nca08.htm HTTP/1.1" 200 21795 "-" "Java/1.7.0_04"
82.170.120.200 - - [28/Jun/2012:20:06:29 +0200] "GET /nca09.htm HTTP/1.1" 200 24315 "-" "Java/1.7.0_04"
82.170.120.200 - - [28/Jun/2012:20:06:29 +0200] "GET /nca10.htm HTTP/1.1" 200 16648 "-" "Java/1.7.0_04"
82.170.120.200 - - [28/Jun/2012:20:06:30 +0200] "GET /nca11.htm HTTP/1.1" 200 7133 "-" "Java/1.7.0_04"
82.170.120.200 - - [28/Jun/2012:20:06:30 +0200] "GET /kiadvanyok.htm HTTP/1.1" 200 8206 "-" "Java/1.7.0_04"
82.170.120.200 - - [28/Jun/2012:20:06:30 +0200] "GET /deutsch/index.htm HTTP/1.1" 200 5324 "-" "Java/1.7.0_04"
82.170.120.200 - - [28/Jun/2012:20:06:30 +0200] "GET /english/index.htm HTTP/1.1" 200 5262 "-" "Java/1.7.0_04"
82.170.120.200 - - [28/Jun/2012:20:06:30 +0200] "GET /fiok/index.html HTTP/1.1" 200 20554 "-" "Java/1.7.0_04"
82.170.120.200 - - [28/Jun/2012:20:06:31 +0200] "GET /hirek/hirek091015.htm HTTP/1.1" 200 7046 "-" "Java/1.7.0_04"
82.170.120.200 - - [28/Jun/2012:20:06:31 +0200] "GET /hirek/hirek091102.htm HTTP/1.1" 200 8538 "-" "Java/1.7.0_04"
82.170.120.200 - - [28/Jun/2012:20:06:31 +0200] "GET /hirek/hirek091103.htm HTTP/1.1" 200 7301 "-" "Java/1.7.0_04"
82.170.120.200 - - [28/Jun/2012:20:06:31 +0200] "GET /hirek/hirek091221.htm HTTP/1.1" 200 6740 "-" "Java/1.7.0_04"
82.170.120.200 - - [28/Jun/2012:20:06:31 +0200] "GET /hirek/hirek100225.htm HTTP/1.1" 200 7288 "-" "Java/1.7.0_04"
213.186.127.2 - - [28/Jun/2012:20:20:00 +0200] "GET /hirek/hirek100305.htm HTTP/1.1" 200 7091 "-" "Mozilla/5.0 (compatible; AhrefsBot/3.1; +http://ahrefs.com/robot/)"
213.186.122.2 - - [28/Jun/2012:20:23:44 +0200] "GET /hirek/Microsoft%20Word%20-%20csongradi%20duzzaszto%20velemeny%202009.06.11..doc.pdf HTTP/1.1" 200 64828 "-" "Mozilla/5.0 (compatible; AhrefsBot/3.1; +http://ahrefs.com/robot/)"
213.186.120.196 - - [28/Jun/2012:20:25:37 +0200] "GET /media.htm HTTP/1.1" 200 5208 "-" "Mozilla/5.0 (compatible; AhrefsBot/3.1; +http://ahrefs.com/robot/)"
213.186.127.7 - - [28/Jun/2012:20:27:28 +0200] "GET /hirek/hirek100420.htm HTTP/1.1" 200 7914 "-" "Mozilla/5.0 (compatible; AhrefsBot/3.1; +http://ahrefs.com/robot/)"
66.249.72.240 - - [28/Jun/2012:20:27:29 +0200] "GET /jog/eseteink/derekegyhaza/fvm_kekto_fellebbezes_jelzese.pdf HTTP/1.1" 304 - "-" "Mozilla/5.0 (compatible; Googlebot/2.1; +http://www.google.com/bot.html)"
213.186.119.135 - - [28/Jun/2012:20:29:20 +0200] "GET /programok.htm HTTP/1.1" 200 6444 "-" "Mozilla/5.0 (compatible; AhrefsBot/3.1; +http://ahrefs.com/robot/)"
213.186.119.138 - - [28/Jun/2012:20:31:14 +0200] "GET /fiok/ HTTP/1.1" 200 20554 "-" "Mozilla/5.0 (compatible; AhrefsBot/3.1; +http://ahrefs.com/robot/)"
213.186.127.10 - - [28/Jun/2012:20:42:28 +0200] "GET /hirek/hirek100804.htm HTTP/1.1" 200 8056 "-" "Mozilla/5.0 (compatible; AhrefsBot/3.1; +http://ahrefs.com/robot/)"
213.186.127.14 - - [28/Jun/2012:20:48:05 +0200] "GET /hirek/hirek100810.htm HTTP/1.1" 200 8123 "-" "Mozilla/5.0 (compatible; AhrefsBot/3.1; +http://ahrefs.com/robot/)"
208.115.113.84 - - [28/Jun/2012:21:14:49 +0200] "GET /robots.txt HTTP/1.1" 404 1181 "-" "Mozilla/5.0 (compatible; Ezooms/1.0; ezooms.bot@gmail.com)"
178.154.210.252 - - [28/Jun/2012:21:26:29 +0200] "GET /fiok/ HTTP/1.1" 304 - "-" "Mozilla/5.0 (compatible; YandexBot/3.0; +http://yandex.com/bots)"
208.115.113.84 - - [28/Jun/2012:21:34:02 +0200] "GET / HTTP/1.1" 200 23794 "-" "Mozilla/5.0 (compatible; Ezooms/1.0; ezooms.bot@gmail.com)"
66.249.72.2 - - [28/Jun/2012:22:27:04 +0200] "GET /hirek/hirek090930.htm HTTP/1.1" 304 - "-" "Mozilla/5.0 (compatible; Googlebot/2.1; +http://www.google.com/bot.html)"
65.52.108.198 - - [29/Jun/2012:01:16:42 +0200] "GET /robots.txt HTTP/1.1" 404 1181 "-" "Mozilla/5.0 (compatible; bingbot/2.0; +http://www.bing.com/bingbot.htm)"
65.52.108.198 - - [29/Jun/2012:01:17:23 +0200] "GET /jog/eseteink/poroszlo/index.htm HTTP/1.1" 304 - "-" "Mozilla/5.0 (compatible; bingbot/2.0; +http://www.bing.com/bingbot.htm)"
208.115.113.84 - - [29/Jun/2012:01:22:19 +0200] "GET /robots.txt HTTP/1.1" 404 1181 "-" "Mozilla/5.0 (compatible; Ezooms/1.0; ezooms.bot@gmail.com)"
208.115.113.84 - - [29/Jun/2012:01:34:46 +0200] "GET /fiok/ HTTP/1.1" 200 20554 "-" "Mozilla/5.0 (compatible; Ezooms/1.0; ezooms.bot@gmail.com)"
66.249.72.2 - - [29/Jun/2012:01:57:10 +0200] "GET /jog/eseteink/poroszlo/index.htm HTTP/1.1" 304 - "-" "Mozilla/5.0 (compatible; Googlebot/2.1; +http://www.google.com/bot.html)"
66.249.72.240 - - [29/Jun/2012:02:30:40 +0200] "GET /robots.txt HTTP/1.1" 404 1181 "-" "Mozilla/5.0 (compatible; Googlebot/2.1; +http://www.google.com/bot.html)"
66.249.72.240 - - [29/Jun/2012:02:30:40 +0200] "GET /fiok/mult.htm HTTP/1.1" 304 - "-" "Mozilla/5.0 (compatible; Googlebot/2.1; +http://www.google.com/bot.html)"
66.249.72.2 - - [29/Jun/2012:02:52:40 +0200] "GET /robots.txt HTTP/1.1" 404 1181 "-" "Mozilla/5.0 (compatible; Googlebot/2.1; +http://www.google.com/bot.html)"
66.249.72.2 - - [29/Jun/2012:02:52:40 +0200] "GET /kapcsolat.htm HTTP/1.1" 304 - "-" "Mozilla/5.0 (compatible; Googlebot/2.1; +http://www.google.com/bot.html)"
208.115.113.84 - - [29/Jun/2012:02:59:09 +0200] "GET /deutsch/stellen.htm HTTP/1.1" 200 6824 "-" "Mozilla/5.0 (compatible; Ezooms/1.0; ezooms.bot@gmail.com)"
178.154.210.252 - - [29/Jun/2012:03:43:14 +0200] "GET /fiok/index.html HTTP/1.1" 304 - "-" "Mozilla/5.0 (compatible; YandexBot/3.0; +http://yandex.com/bots)"
208.115.111.68 - - [29/Jun/2012:03:44:53 +0200] "GET /robots.txt HTTP/1.1" 404 1181 "-" "Mozilla/5.0 (compatible; Ezooms/1.0; ezooms.bot@gmail.com)"
66.249.72.2 - - [29/Jun/2012:04:28:23 +0200] "GET /jog/eseteink/korosladany/2108_001.pdf HTTP/1.1" 304 - "-" "Mozilla/5.0 (compatible; Googlebot/2.1; +http://www.google.com/bot.html)"
208.115.113.84 - - [29/Jun/2012:04:39:31 +0200] "GET /robots.txt HTTP/1.1" 404 1181 "-" "Mozilla/5.0 (compatible; Ezooms/1.0; ezooms.bot@gmail.com)"
208.115.111.68 - - [29/Jun/2012:05:16:22 +0200] "GET /szakmai.htm HTTP/1.1" 200 6054 "-" "Mozilla/5.0 (compatible; Ezooms/1.0; ezooms.bot@gmail.com)"
208.115.113.84 - - [29/Jun/2012:06:19:52 +0200] "GET /civilmuhely.htm HTTP/1.1" 200 8450 "-" "Mozilla/5.0 (compatible; Ezooms/1.0; ezooms.bot@gmail.com)"
208.115.113.84 - - [29/Jun/2012:06:33:40 +0200] "GET /robots.txt HTTP/1.1" 404 1181 "-" "Mozilla/5.0 (compatible; Ezooms/1.0; ezooms.bot@gmail.com)"
208.115.113.84 - - [29/Jun/2012:08:16:28 +0200] "GET /fiok/program_reszek/turazas.htm HTTP/1.1" 200 22754 "-" "Mozilla/5.0 (compatible; Ezooms/1.0; ezooms.bot@gmail.com)"
