84.0.130.84 - - [29/Jun/2012:09:37:00 +0200] "GET / HTTP/1.1" 200 23794 "-" "Mozilla/5.0 (Macintosh; Intel Mac OS X 10.6; rv:12.0) Gecko/20100101 Firefox/12.0"
84.0.130.84 - - [29/Jun/2012:09:37:00 +0200] "GET /vill.cs HTTP/1.1" 200 2676 "http://www.beklen.hu/" "Mozilla/5.0 (Macintosh; Intel Mac OS X 10.6; rv:12.0) Gecko/20100101 Firefox/12.0"
84.0.130.84 - - [29/Jun/2012:09:37:00 +0200] "GET /tm01.jpg HTTP/1.1" 200 1080 "http://www.beklen.hu/" "Mozilla/5.0 (Macintosh; Intel Mac OS X 10.6; rv:12.0) Gecko/20100101 Firefox/12.0"
84.0.130.84 - - [29/Jun/2012:09:37:00 +0200] "GET /lb/js/scriptaculous.js?load=effects HTTP/1.1" 200 2152 "http://www.beklen.hu/" "Mozilla/5.0 (Macintosh; Intel Mac OS X 10.6; rv:12.0) Gecko/20100101 Firefox/12.0"
84.0.130.84 - - [29/Jun/2012:09:37:00 +0200] "GET /lb/css/lightbox.css HTTP/1.1" 200 1715 "http://www.beklen.hu/" "Mozilla/5.0 (Macintosh; Intel Mac OS X 10.6; rv:12.0) Gecko/20100101 Firefox/12.0"
84.0.130.84 - - [29/Jun/2012:09:37:00 +0200] "GET /lb/js/prototype.js HTTP/1.1" 200 47603 "http://www.beklen.hu/" "Mozilla/5.0 (Macintosh; Intel Mac OS X 10.6; rv:12.0) Gecko/20100101 Firefox/12.0"
84.0.130.84 - - [29/Jun/2012:09:37:00 +0200] "GET /lb/js/lightbox.js HTTP/1.1" 200 23424 "http://www.beklen.hu/" "Mozilla/5.0 (Macintosh; Intel Mac OS X 10.6; rv:12.0) Gecko/20100101 Firefox/12.0"
84.0.130.84 - - [29/Jun/2012:09:37:00 +0200] "GET /tm02.jpg HTTP/1.1" 200 1873 "http://www.beklen.hu/" "Mozilla/5.0 (Macintosh; Intel Mac OS X 10.6; rv:12.0) Gecko/20100101 Firefox/12.0"
84.0.130.84 - - [29/Jun/2012:09:37:00 +0200] "GET /tm03_.jpg HTTP/1.1" 200 1787 "http://www.beklen.hu/" "Mozilla/5.0 (Macintosh; Intel Mac OS X 10.6; rv:12.0) Gecko/20100101 Firefox/12.0"
84.0.130.84 - - [29/Jun/2012:09:37:00 +0200] "GET /tm05_.jpg HTTP/1.1" 200 1839 "http://www.beklen.hu/" "Mozilla/5.0 (Macintosh; Intel Mac OS X 10.6; rv:12.0) Gecko/20100101 Firefox/12.0"
84.0.130.84 - - [29/Jun/2012:09:37:00 +0200] "GET /tm04_.jpg HTTP/1.1" 200 2058 "http://www.beklen.hu/" "Mozilla/5.0 (Macintosh; Intel Mac OS X 10.6; rv:12.0) Gecko/20100101 Firefox/12.0"
84.0.130.84 - - [29/Jun/2012:09:37:00 +0200] "GET /tm06_.jpg HTTP/1.1" 200 1382 "http://www.beklen.hu/" "Mozilla/5.0 (Macintosh; Intel Mac OS X 10.6; rv:12.0) Gecko/20100101 Firefox/12.0"
84.0.130.84 - - [29/Jun/2012:09:37:00 +0200] "GET /tm07.jpg HTTP/1.1" 200 1007 "http://www.beklen.hu/" "Mozilla/5.0 (Macintosh; Intel Mac OS X 10.6; rv:12.0) Gecko/20100101 Firefox/12.0"
84.0.130.84 - - [29/Jun/2012:09:37:00 +0200] "GET /jog_honlap_.jpg HTTP/1.1" 200 7186 "http://www.beklen.hu/" "Mozilla/5.0 (Macintosh; Intel Mac OS X 10.6; rv:12.0) Gecko/20100101 Firefox/12.0"
84.0.130.84 - - [29/Jun/2012:09:37:00 +0200] "GET /a1_projekt_tabla_infra_cs3_beklenhaz_.jpg HTTP/1.1" 200 8994 "http://www.beklen.hu/" "Mozilla/5.0 (Macintosh; Intel Mac OS X 10.6; rv:12.0) Gecko/20100101 Firefox/12.0"
84.0.130.84 - - [29/Jun/2012:09:37:00 +0200] "GET /lb/js/effects.js HTTP/1.1" 200 31969 "http://www.beklen.hu/" "Mozilla/5.0 (Macintosh; Intel Mac OS X 10.6; rv:12.0) Gecko/20100101 Firefox/12.0"
84.0.130.84 - - [29/Jun/2012:09:37:00 +0200] "GET /bg.jpg HTTP/1.1" 200 566 "http://www.beklen.hu/" "Mozilla/5.0 (Macintosh; Intel Mac OS X 10.6; rv:12.0) Gecko/20100101 Firefox/12.0"
84.0.130.84 - - [29/Jun/2012:09:37:01 +0200] "GET /bottom_main.jpg HTTP/1.1" 200 96820 "http://www.beklen.hu/vill.cs" "Mozilla/5.0 (Macintosh; Intel Mac OS X 10.6; rv:12.0) Gecko/20100101 Firefox/12.0"
84.0.130.84 - - [29/Jun/2012:09:37:02 +0200] "GET /tm05.jpg HTTP/1.1" 200 2253 "http://www.beklen.hu/" "Mozilla/5.0 (Macintosh; Intel Mac OS X 10.6; rv:12.0) Gecko/20100101 Firefox/12.0"
84.0.130.84 - - [29/Jun/2012:09:37:02 +0200] "GET /tm04.jpg HTTP/1.1" 200 2613 "http://www.beklen.hu/" "Mozilla/5.0 (Macintosh; Intel Mac OS X 10.6; rv:12.0) Gecko/20100101 Firefox/12.0"
84.0.130.84 - - [29/Jun/2012:09:37:02 +0200] "GET /nimfea_project_250x250.gif HTTP/1.1" 200 1671168 "http://www.beklen.hu/" "Mozilla/5.0 (Macintosh; Intel Mac OS X 10.6; rv:12.0) Gecko/20100101 Firefox/12.0"
84.0.130.84 - - [29/Jun/2012:09:37:02 +0200] "GET /programok.htm HTTP/1.1" 200 6444 "http://www.beklen.hu/" "Mozilla/5.0 (Macintosh; Intel Mac OS X 10.6; rv:12.0) Gecko/20100101 Firefox/12.0"
84.0.130.84 - - [29/Jun/2012:09:37:02 +0200] "GET /favicon.ico HTTP/1.1" 404 1181 "-" "Mozilla/5.0 (Macintosh; Intel Mac OS X 10.6; rv:12.0) Gecko/20100101 Firefox/12.0"
84.0.130.84 - - [29/Jun/2012:09:37:02 +0200] "GET /favicon.ico HTTP/1.1" 404 1181 "-" "Mozilla/5.0 (Macintosh; Intel Mac OS X 10.6; rv:12.0) Gecko/20100101 Firefox/12.0"
84.0.130.84 - - [29/Jun/2012:09:37:02 +0200] "GET /tm02_.jpg HTTP/1.1" 200 1524 "http://www.beklen.hu/programok.htm" "Mozilla/5.0 (Macintosh; Intel Mac OS X 10.6; rv:12.0) Gecko/20100101 Firefox/12.0"
84.0.130.84 - - [29/Jun/2012:09:37:03 +0200] "GET /bottom_.jpg HTTP/1.1" 200 93419 "http://www.beklen.hu/vill.cs" "Mozilla/5.0 (Macintosh; Intel Mac OS X 10.6; rv:12.0) Gecko/20100101 Firefox/12.0"
84.0.130.84 - - [29/Jun/2012:09:37:03 +0200] "GET /tm03.jpg HTTP/1.1" 200 2212 "http://www.beklen.hu/programok.htm" "Mozilla/5.0 (Macintosh; Intel Mac OS X 10.6; rv:12.0) Gecko/20100101 Firefox/12.0"
84.0.130.84 - - [29/Jun/2012:09:37:03 +0200] "GET /tm06.jpg HTTP/1.1" 200 1651 "http://www.beklen.hu/programok.htm" "Mozilla/5.0 (Macintosh; Intel Mac OS X 10.6; rv:12.0) Gecko/20100101 Firefox/12.0"
84.0.130.84 - - [29/Jun/2012:09:37:04 +0200] "GET /khb.htm HTTP/1.1" 200 8719 "http://www.beklen.hu/programok.htm" "Mozilla/5.0 (Macintosh; Intel Mac OS X 10.6; rv:12.0) Gecko/20100101 Firefox/12.0"
84.0.130.84 - - [29/Jun/2012:09:37:06 +0200] "GET /khb/beklen_2011_kh_jelentes.pdf HTTP/1.1" 200 327511 "http://www.beklen.hu/khb.htm" "Mozilla/5.0 (Macintosh; Intel Mac OS X 10.6; rv:12.0) Gecko/20100101 Firefox/12.0"
66.249.72.2 - - [29/Jun/2012:09:37:13 +0200] "GET /hirek/hirek100305.htm HTTP/1.1" 304 - "-" "Mozilla/5.0 (compatible; Googlebot/2.1; +http://www.google.com/bot.html)"
130.83.167.153 - - [29/Jun/2012:10:00:07 +0200] "GET / HTTP/1.1" 200 23794 "-" "findlinks/2.6 (+http://wortschatz.uni-leipzig.de/findlinks/)"
208.115.113.84 - - [29/Jun/2012:10:01:54 +0200] "GET /robots.txt HTTP/1.1" 404 1181 "-" "Mozilla/5.0 (compatible; Ezooms/1.0; ezooms.bot@gmail.com)"
213.186.122.2 - - [29/Jun/2012:10:15:54 +0200] "GET /civilmuhely.htm HTTP/1.1" 200 8450 "-" "Mozilla/5.0 (compatible; AhrefsBot/3.1; +http://ahrefs.com/robot/)"
213.186.127.11 - - [29/Jun/2012:10:17:46 +0200] "GET /hirek/hirek091102.htm HTTP/1.1" 200 8538 "-" "Mozilla/5.0 (compatible; AhrefsBot/3.1; +http://ahrefs.com/robot/)"
213.186.119.141 - - [29/Jun/2012:10:29:00 +0200] "GET /hirek/hirek100225.htm HTTP/1.1" 200 7288 "-" "Mozilla/5.0 (compatible; AhrefsBot/3.1; +http://ahrefs.com/robot/)"
213.186.120.196 - - [29/Jun/2012:10:30:55 +0200] "GET /bunt.htm HTTP/1.1" 200 5683 "-" "Mozilla/5.0 (compatible; AhrefsBot/3.1; +http://ahrefs.com/robot/)"
212.113.35.162 - - [29/Jun/2012:10:34:39 +0200] "GET /fiok/kapcsolat.htm HTTP/1.1" 200 17416 "-" "Mozilla/5.0 (compatible; AhrefsBot/3.1; +http://ahrefs.com/robot/)"
212.113.37.106 - - [29/Jun/2012:10:42:11 +0200] "GET /fiok/kornyezet.htm HTTP/1.1" 200 22582 "-" "Mozilla/5.0 (compatible; AhrefsBot/3.1; +http://ahrefs.com/robot/)"
213.186.127.10 - - [29/Jun/2012:10:44:02 +0200] "GET /hirek/hirek101213.htm HTTP/1.1" 200 8671 "-" "Mozilla/5.0 (compatible; AhrefsBot/3.1; +http://ahrefs.com/robot/)"
213.186.127.8 - - [29/Jun/2012:10:45:53 +0200] "GET /deutsch/index.htm HTTP/1.1" 200 5324 "-" "Mozilla/5.0 (compatible; AhrefsBot/3.1; +http://ahrefs.com/robot/)"
213.186.127.14 - - [29/Jun/2012:10:49:38 +0200] "GET /fiok/mult.htm HTTP/1.1" 200 23227 "-" "Mozilla/5.0 (compatible; AhrefsBot/3.1; +http://ahrefs.com/robot/)"
213.186.127.12 - - [29/Jun/2012:10:55:16 +0200] "GET /index.htm HTTP/1.1" 200 23794 "-" "Mozilla/5.0 (compatible; AhrefsBot/3.1; +http://ahrefs.com/robot/)"
213.186.127.10 - - [29/Jun/2012:11:04:39 +0200] "GET /fiok/& HTTP/1.1" 404 1181 "-" "Mozilla/5.0 (compatible; AhrefsBot/3.1; +http://ahrefs.com/robot/)"
178.154.210.252 - - [29/Jun/2012:11:04:44 +0200] "GET /index.htm HTTP/1.1" 200 23794 "-" "Mozilla/5.0 (compatible; YandexBot/3.0; +http://yandex.com/bots)"
213.186.127.9 - - [29/Jun/2012:11:09:18 +0200] "GET /ncta.htm HTTP/1.1" 200 7221 "-" "Mozilla/5.0 (compatible; AhrefsBot/3.1; +http://ahrefs.com/robot/)"
213.186.122.3 - - [29/Jun/2012:11:10:16 +0200] "GET /hirek/fiok/index.html HTTP/1.1" 404 1181 "-" "Mozilla/5.0 (compatible; AhrefsBot/3.1; +http://ahrefs.com/robot/)"
213.186.127.4 - - [29/Jun/2012:11:11:09 +0200] "GET /nka.htm HTTP/1.1" 200 6221 "-" "Mozilla/5.0 (compatible; AhrefsBot/3.1; +http://ahrefs.com/robot/)"
212.113.35.162 - - [29/Jun/2012:11:12:11 +0200] "GET /fiok/fiok.html HTTP/1.1" 200 20723 "-" "Mozilla/5.0 (compatible; AhrefsBot/3.1; +http://ahrefs.com/robot/)"
212.113.35.162 - - [29/Jun/2012:11:14:01 +0200] "GET /hirek/hirek091015.htm HTTP/1.1" 200 7046 "-" "Mozilla/5.0 (compatible; AhrefsBot/3.1; +http://ahrefs.com/robot/)"
208.115.113.84 - - [29/Jun/2012:11:32:58 +0200] "GET /hirek/hirek090302.htm HTTP/1.1" 200 8452 "-" "Mozilla/5.0 (compatible; Ezooms/1.0; ezooms.bot@gmail.com)"
208.115.113.84 - - [29/Jun/2012:11:32:58 +0200] "GET /jog/ugyeszsegek.htm HTTP/1.1" 200 13810 "-" "Mozilla/5.0 (compatible; Ezooms/1.0; ezooms.bot@gmail.com)"
31.46.60.79 - - [29/Jun/2012:11:34:02 +0200] "GET /hirek/Microsoft%20Word%20-%20csongradi%20duzzaszto%20velemeny%202009.06.11..doc.pdf HTTP/1.1" 200 321155 "http://www.google.hu/url?sa=t&rct=j&q=huhn10004&source=web&cd=10&ved=0CF4QFjAJ&url=http%3A%2F%2Fwww.beklen.hu%2Fhirek%2FMicrosoft%2520Word%2520-%2520csongradi%2520duzzaszto%2520velemeny%25202009.06.11..doc.pdf&ei=z3XtT9e0EcrEsgbb6dSODw&usg=AFQjCNFZPghMWVofegiJiS14gfDFz9r65A" "Mozilla/5.0 (Windows NT 5.1; rv:13.0) Gecko/20100101 Firefox/13.0.1"
31.46.60.79 - - [29/Jun/2012:11:34:03 +0200] "GET /favicon.ico HTTP/1.1" 404 1181 "-" "Mozilla/5.0 (Windows NT 5.1; rv:13.0) Gecko/20100101 Firefox/13.0.1"
31.46.60.79 - - [29/Jun/2012:11:34:03 +0200] "GET /favicon.ico HTTP/1.1" 404 1181 "-" "Mozilla/5.0 (Windows NT 5.1; rv:13.0) Gecko/20100101 Firefox/13.0.1"
178.154.210.252 - - [29/Jun/2012:12:34:45 +0200] "GET /programok.htm HTTP/1.1" 200 6444 "-" "Mozilla/5.0 (compatible; YandexBot/3.0; +http://yandex.com/bots)"
207.46.199.39 - - [29/Jun/2012:13:45:06 +0200] "GET /robots.txt HTTP/1.1" 404 1181 "-" "Mozilla/5.0 (compatible; bingbot/2.0; +http://www.bing.com/bingbot.htm)"
207.46.199.39 - - [29/Jun/2012:13:46:00 +0200] "GET /kapcsolat.htm HTTP/1.1" 304 - "-" "Mozilla/5.0 (compatible; bingbot/2.0; +http://www.bing.com/bingbot.htm)"
208.115.111.68 - - [29/Jun/2012:14:03:06 +0200] "GET /robots.txt HTTP/1.1" 404 1181 "-" "Mozilla/5.0 (compatible; Ezooms/1.0; ezooms.bot@gmail.com)"
66.249.71.226 - - [29/Jun/2012:15:29:45 +0200] "GET /robots.txt HTTP/1.1" 404 1181 "-" "Mozilla/5.0 (compatible; Googlebot/2.1; +http://www.google.com/bot.html)"
66.249.71.226 - - [29/Jun/2012:15:29:45 +0200] "GET /hirek/hirek100305.htm HTTP/1.1" 304 - "-" "Mozilla/5.0 (iPhone; U; CPU iPhone OS 4_1 like Mac OS X; en-us) AppleWebKit/532.9 (KHTML, like Gecko) Version/4.0.5 Mobile/8B117 Safari/6531.22.7 (compatible; Googlebot-Mobile/2.1; +http://www.google.com/bot.html)"
208.115.111.68 - - [29/Jun/2012:15:48:59 +0200] "GET /fiok/program_reszek/news.html HTTP/1.1" 404 1181 "-" "Mozilla/5.0 (compatible; Ezooms/1.0; ezooms.bot@gmail.com)"
66.249.71.226 - - [29/Jun/2012:16:48:22 +0200] "GET /jog/polgariper.htm HTTP/1.1" 304 - "-" "Mozilla/5.0 (compatible; Googlebot/2.1; +http://www.google.com/bot.html)"
89.135.153.187 - - [29/Jun/2012:16:49:23 +0200] "GET /jog/eseteink/audi/audi_gyor_restoration_measures11-15.pdf HTTP/1.1" 200 189184 "http://www.google.hu/url?sa=t&rct=j&q=hukn20036&source=web&cd=7&ved=0CFgQFjAG&url=http%3A%2F%2Fwww.beklen.hu%2Fjog%2Feseteink%2Faudi%2Faudi_gyor_restoration_measures11-15.pdf&ei=aMDtT6GlGMHOsgae57GODw&usg=AFQjCNFxI6Zlto-XfyCL3u6l_GrUUh9Ztw" "Mozilla/5.0 (Windows NT 5.1) AppleWebKit/536.5 (KHTML, like Gecko) Chrome/19.0.1084.56 Safari/536.5"
89.135.153.187 - - [29/Jun/2012:16:49:23 +0200] "GET /jog/eseteink/audi/audi_gyor_restoration_measures11-15.pdf HTTP/1.1" 206 32768 "http://www.beklen.hu/jog/eseteink/audi/audi_gyor_restoration_measures11-15.pdf" "Mozilla/5.0 (Windows NT 5.1) AppleWebKit/536.5 (KHTML, like Gecko) Chrome/19.0.1084.56 Safari/536.5"
89.135.153.187 - - [29/Jun/2012:16:49:24 +0200] "GET /favicon.ico HTTP/1.1" 404 1181 "-" "Mozilla/5.0 (Windows NT 5.1) AppleWebKit/536.5 (KHTML, like Gecko) Chrome/19.0.1084.56 Safari/536.5"
89.135.153.187 - - [29/Jun/2012:16:50:39 +0200] "GET /jog/eseteink/audi/audi_gyor_restoration_measures11-15.pdf HTTP/1.1" 206 4731132 "http://www.beklen.hu/jog/eseteink/audi/audi_gyor_restoration_measures11-15.pdf" "Mozilla/5.0 (Windows NT 5.1) AppleWebKit/536.5 (KHTML, like Gecko) Chrome/19.0.1084.56 Safari/536.5"
89.135.153.187 - - [29/Jun/2012:16:50:43 +0200] "GET /favicon.ico HTTP/1.1" 404 1181 "-" "Mozilla/5.0 (Windows NT 5.1) AppleWebKit/536.5 (KHTML, like Gecko) Chrome/19.0.1084.56 Safari/536.5"
114.32.109.44 - - [29/Jun/2012:17:01:13 +0200] "GET /robots.txt HTTP/1.0" 404 1181 "-" "Mozilla/5.0 (compatible; MJ12bot/v1.4.3; http://www.majestic12.co.uk/bot.php?+)"
114.32.109.44 - - [29/Jun/2012:17:01:19 +0200] "GET / HTTP/1.1" 200 23794 "-" "Mozilla/5.0 (compatible; MJ12bot/v1.4.3; http://www.majestic12.co.uk/bot.php?+)"
213.186.127.13 - - [29/Jun/2012:18:11:13 +0200] "GET /jog/index.htm HTTP/1.1" 200 13138 "-" "Mozilla/5.0 (compatible; AhrefsBot/3.1; +http://ahrefs.com/robot/)"
213.186.122.2 - - [29/Jun/2012:18:13:06 +0200] "GET /english/introduction.htm HTTP/1.1" 200 6502 "-" "Mozilla/5.0 (compatible; AhrefsBot/3.1; +http://ahrefs.com/robot/)"
213.186.127.4 - - [29/Jun/2012:18:16:51 +0200] "GET /fiok/programok.htm HTTP/1.1" 200 18165 "-" "Mozilla/5.0 (compatible; AhrefsBot/3.1; +http://ahrefs.com/robot/)"
213.186.119.144 - - [29/Jun/2012:18:18:41 +0200] "GET /khb.htm HTTP/1.1" 200 8719 "-" "Mozilla/5.0 (compatible; AhrefsBot/3.1; +http://ahrefs.com/robot/)"
212.113.35.162 - - [29/Jun/2012:18:24:22 +0200] "GET /hirarchivum.htm HTTP/1.1" 200 24981 "-" "Mozilla/5.0 (compatible; AhrefsBot/3.1; +http://ahrefs.com/robot/)"
212.113.37.106 - - [29/Jun/2012:18:28:07 +0200] "GET /english/programs.htm HTTP/1.1" 200 5614 "-" "Mozilla/5.0 (compatible; AhrefsBot/3.1; +http://ahrefs.com/robot/)"
213.186.127.10 - - [29/Jun/2012:18:31:50 +0200] "GET /hirek/hirek091103.htm HTTP/1.1" 200 7301 "-" "Mozilla/5.0 (compatible; AhrefsBot/3.1; +http://ahrefs.com/robot/)"
213.186.122.3 - - [29/Jun/2012:18:39:21 +0200] "GET /hirek/hirek091221.htm HTTP/1.1" 200 6740 "-" "Mozilla/5.0 (compatible; AhrefsBot/3.1; +http://ahrefs.com/robot/)"
212.113.35.162 - - [29/Jun/2012:18:43:06 +0200] "GET /fiok HTTP/1.1" 301 312 "-" "Mozilla/5.0 (compatible; AhrefsBot/3.1; +http://ahrefs.com/robot/)"
213.186.119.141 - - [29/Jun/2012:18:46:50 +0200] "GET /hirek/hirek100728.htm HTTP/1.1" 200 7560 "-" "Mozilla/5.0 (compatible; AhrefsBot/3.1; +http://ahrefs.com/robot/)"
213.186.127.13 - - [29/Jun/2012:18:54:21 +0200] "GET /fiok/gazdasag.htm HTTP/1.1" 200 22480 "-" "Mozilla/5.0 (compatible; AhrefsBot/3.1; +http://ahrefs.com/robot/)"
213.186.127.28 - - [29/Jun/2012:18:56:12 +0200] "GET /hirek/hirek101027.htm HTTP/1.1" 200 9627 "-" "Mozilla/5.0 (compatible; AhrefsBot/3.1; +http://ahrefs.com/robot/)"
212.113.35.162 - - [29/Jun/2012:18:59:58 +0200] "GET /hirek/hirek120207.htm HTTP/1.1" 200 6586 "-" "Mozilla/5.0 (compatible; AhrefsBot/3.1; +http://ahrefs.com/robot/)"
178.154.210.252 - - [29/Jun/2012:19:37:18 +0200] "GET /robots.txt HTTP/1.1" 404 1181 "-" "Mozilla/5.0 (compatible; YandexBot/3.0; +http://yandex.com/bots)"
178.154.210.252 - - [29/Jun/2012:19:56:03 +0200] "GET /hirek09_03.htm HTTP/1.1" 304 - "-" "Mozilla/5.0 (compatible; YandexBot/3.0; +http://yandex.com/bots)"
178.154.210.252 - - [29/Jun/2012:19:56:05 +0200] "GET /nca.htm HTTP/1.1" 304 - "-" "Mozilla/5.0 (compatible; YandexBot/3.0; +http://yandex.com/bots)"
178.154.210.252 - - [29/Jun/2012:22:20:12 +0200] "GET /kapcsolat.htm HTTP/1.1" 304 - "-" "Mozilla/5.0 (compatible; YandexBot/3.0; +http://yandex.com/bots)"
208.115.111.68 - - [29/Jun/2012:23:29:20 +0200] "GET /robots.txt HTTP/1.1" 404 1181 "-" "Mozilla/5.0 (compatible; Ezooms/1.0; ezooms.bot@gmail.com)"
208.115.113.84 - - [30/Jun/2012:01:00:24 +0200] "GET /robots.txt HTTP/1.1" 404 1181 "-" "Mozilla/5.0 (compatible; Ezooms/1.0; ezooms.bot@gmail.com)"
208.115.111.68 - - [30/Jun/2012:02:22:49 +0200] "GET /robots.txt HTTP/1.1" 404 1181 "-" "Mozilla/5.0 (compatible; Ezooms/1.0; ezooms.bot@gmail.com)"
208.115.113.84 - - [30/Jun/2012:02:43:28 +0200] "GET /hirek/hirek091221.htm HTTP/1.1" 200 6740 "-" "Mozilla/5.0 (compatible; Ezooms/1.0; ezooms.bot@gmail.com)"
75.149.26.86 - - [30/Jun/2012:02:56:22 +0200] "GET /fiok/ HTTP/1.0" 200 20554 "-" "-"
212.113.37.105 - - [30/Jun/2012:03:12:53 +0200] "GET /szakmai.htm HTTP/1.1" 200 6054 "-" "Mozilla/5.0 (compatible; AhrefsBot/3.1; +http://ahrefs.com/robot/)"
213.186.127.4 - - [30/Jun/2012:03:16:37 +0200] "GET /hirek/Natura_2000es_gyepgazdalkodas_eloirasai.ppt HTTP/1.1" 200 18478 "-" "Mozilla/5.0 (compatible; AhrefsBot/3.1; +http://ahrefs.com/robot/)"
139.18.2.209 - - [30/Jun/2012:03:24:04 +0200] "GET /robots.txt HTTP/1.1" 404 1181 "-" "findlinks/2.6 (+http://wortschatz.uni-leipzig.de/findlinks/)"
212.113.35.162 - - [30/Jun/2012:03:39:08 +0200] "GET /deutsch/programme.htm HTTP/1.1" 200 6045 "-" "Mozilla/5.0 (compatible; AhrefsBot/3.1; +http://ahrefs.com/robot/)"
212.113.37.106 - - [30/Jun/2012:03:42:52 +0200] "GET /hirek/klimatv_civilcikk.doc HTTP/1.1" 200 78336 "-" "Mozilla/5.0 (compatible; AhrefsBot/3.1; +http://ahrefs.com/robot/)"
208.115.111.68 - - [30/Jun/2012:03:57:58 +0200] "GET /hirek/hirek120120.htm HTTP/1.1" 200 6634 "-" "Mozilla/5.0 (compatible; Ezooms/1.0; ezooms.bot@gmail.com)"
66.249.72.2 - - [30/Jun/2012:05:02:11 +0200] "GET /robots.txt HTTP/1.1" 404 1181 "-" "Mozilla/5.0 (compatible; Googlebot/2.1; +http://www.google.com/bot.html)"
66.249.72.2 - - [30/Jun/2012:05:02:21 +0200] "GET /jog/eseteink/dakar/dakar_dabas_ugyeszseg_valasz.pdf HTTP/1.1" 200 8391282 "-" "Mozilla/5.0 (compatible; Googlebot/2.1; +http://www.google.com/bot.html)"
178.154.210.252 - - [30/Jun/2012:05:56:43 +0200] "GET / HTTP/1.1" 200 23794 "-" "Mozilla/5.0 (compatible; YandexBot/3.0; +http://yandex.com/bots)"
208.115.113.84 - - [30/Jun/2012:06:42:07 +0200] "GET /robots.txt HTTP/1.1" 404 1181 "-" "Mozilla/5.0 (compatible; Ezooms/1.0; ezooms.bot@gmail.com)"
208.115.113.84 - - [30/Jun/2012:08:30:18 +0200] "GET /hirek/hirek08_11.htm HTTP/1.1" 200 7337 "-" "Mozilla/5.0 (compatible; Ezooms/1.0; ezooms.bot@gmail.com)"
208.115.113.84 - - [30/Jun/2012:08:30:19 +0200] "GET /hirek/hirek101025.htm HTTP/1.1" 200 8786 "-" "Mozilla/5.0 (compatible; Ezooms/1.0; ezooms.bot@gmail.com)"
208.115.111.68 - - [30/Jun/2012:09:25:21 +0200] "GET /robots.txt HTTP/1.1" 404 1181 "-" "Mozilla/5.0 (compatible; Ezooms/1.0; ezooms.bot@gmail.com)"
195.228.164.143 - - [30/Jun/2012:11:17:26 +0200] "GET / HTTP/1.1" 200 23794 "-" "Mozilla/5.0 (Macintosh; Intel Mac OS X 10.6; rv:12.0) Gecko/20100101 Firefox/12.0"
195.228.164.143 - - [30/Jun/2012:11:17:26 +0200] "GET /vill.cs HTTP/1.1" 200 2676 "http://www.beklen.hu/" "Mozilla/5.0 (Macintosh; Intel Mac OS X 10.6; rv:12.0) Gecko/20100101 Firefox/12.0"
195.228.164.143 - - [30/Jun/2012:11:17:26 +0200] "GET /tm01.jpg HTTP/1.1" 200 1080 "http://www.beklen.hu/" "Mozilla/5.0 (Macintosh; Intel Mac OS X 10.6; rv:12.0) Gecko/20100101 Firefox/12.0"
195.228.164.143 - - [30/Jun/2012:11:17:26 +0200] "GET /tm02.jpg HTTP/1.1" 200 1873 "http://www.beklen.hu/" "Mozilla/5.0 (Macintosh; Intel Mac OS X 10.6; rv:12.0) Gecko/20100101 Firefox/12.0"
195.228.164.143 - - [30/Jun/2012:11:17:26 +0200] "GET /lb/css/lightbox.css HTTP/1.1" 200 1715 "http://www.beklen.hu/" "Mozilla/5.0 (Macintosh; Intel Mac OS X 10.6; rv:12.0) Gecko/20100101 Firefox/12.0"
195.228.164.143 - - [30/Jun/2012:11:17:26 +0200] "GET /lb/js/scriptaculous.js?load=effects HTTP/1.1" 200 2152 "http://www.beklen.hu/" "Mozilla/5.0 (Macintosh; Intel Mac OS X 10.6; rv:12.0) Gecko/20100101 Firefox/12.0"
195.228.164.143 - - [30/Jun/2012:11:17:26 +0200] "GET /lb/js/lightbox.js HTTP/1.1" 200 23424 "http://www.beklen.hu/" "Mozilla/5.0 (Macintosh; Intel Mac OS X 10.6; rv:12.0) Gecko/20100101 Firefox/12.0"
195.228.164.143 - - [30/Jun/2012:11:17:26 +0200] "GET /lb/js/prototype.js HTTP/1.1" 200 47603 "http://www.beklen.hu/" "Mozilla/5.0 (Macintosh; Intel Mac OS X 10.6; rv:12.0) Gecko/20100101 Firefox/12.0"
195.228.164.143 - - [30/Jun/2012:11:17:26 +0200] "GET /tm03_.jpg HTTP/1.1" 200 1787 "http://www.beklen.hu/" "Mozilla/5.0 (Macintosh; Intel Mac OS X 10.6; rv:12.0) Gecko/20100101 Firefox/12.0"
195.228.164.143 - - [30/Jun/2012:11:17:26 +0200] "GET /tm04_.jpg HTTP/1.1" 200 2058 "http://www.beklen.hu/" "Mozilla/5.0 (Macintosh; Intel Mac OS X 10.6; rv:12.0) Gecko/20100101 Firefox/12.0"
195.228.164.143 - - [30/Jun/2012:11:17:26 +0200] "GET /tm05_.jpg HTTP/1.1" 200 1839 "http://www.beklen.hu/" "Mozilla/5.0 (Macintosh; Intel Mac OS X 10.6; rv:12.0) Gecko/20100101 Firefox/12.0"
195.228.164.143 - - [30/Jun/2012:11:17:26 +0200] "GET /tm06_.jpg HTTP/1.1" 200 1382 "http://www.beklen.hu/" "Mozilla/5.0 (Macintosh; Intel Mac OS X 10.6; rv:12.0) Gecko/20100101 Firefox/12.0"
195.228.164.143 - - [30/Jun/2012:11:17:26 +0200] "GET /tm07.jpg HTTP/1.1" 200 1007 "http://www.beklen.hu/" "Mozilla/5.0 (Macintosh; Intel Mac OS X 10.6; rv:12.0) Gecko/20100101 Firefox/12.0"
195.228.164.143 - - [30/Jun/2012:11:17:26 +0200] "GET /a1_projekt_tabla_infra_cs3_beklenhaz_.jpg HTTP/1.1" 200 8994 "http://www.beklen.hu/" "Mozilla/5.0 (Macintosh; Intel Mac OS X 10.6; rv:12.0) Gecko/20100101 Firefox/12.0"
195.228.164.143 - - [30/Jun/2012:11:17:26 +0200] "GET /jog_honlap_.jpg HTTP/1.1" 200 7186 "http://www.beklen.hu/" "Mozilla/5.0 (Macintosh; Intel Mac OS X 10.6; rv:12.0) Gecko/20100101 Firefox/12.0"
195.228.164.143 - - [30/Jun/2012:11:17:27 +0200] "GET /lb/js/effects.js HTTP/1.1" 200 31969 "http://www.beklen.hu/" "Mozilla/5.0 (Macintosh; Intel Mac OS X 10.6; rv:12.0) Gecko/20100101 Firefox/12.0"
195.228.164.143 - - [30/Jun/2012:11:17:27 +0200] "GET /bg.jpg HTTP/1.1" 200 566 "http://www.beklen.hu/" "Mozilla/5.0 (Macintosh; Intel Mac OS X 10.6; rv:12.0) Gecko/20100101 Firefox/12.0"
195.228.164.143 - - [30/Jun/2012:11:17:27 +0200] "GET /tm02_.jpg HTTP/1.1" 200 1524 "http://www.beklen.hu/" "Mozilla/5.0 (Macintosh; Intel Mac OS X 10.6; rv:12.0) Gecko/20100101 Firefox/12.0"
195.228.164.143 - - [30/Jun/2012:11:17:28 +0200] "GET /bottom_main.jpg HTTP/1.1" 200 96820 "http://www.beklen.hu/vill.cs" "Mozilla/5.0 (Macintosh; Intel Mac OS X 10.6; rv:12.0) Gecko/20100101 Firefox/12.0"
195.228.164.143 - - [30/Jun/2012:11:17:29 +0200] "GET /tm05.jpg HTTP/1.1" 200 2253 "http://www.beklen.hu/" "Mozilla/5.0 (Macintosh; Intel Mac OS X 10.6; rv:12.0) Gecko/20100101 Firefox/12.0"
195.228.164.143 - - [30/Jun/2012:11:17:29 +0200] "GET /tm04.jpg HTTP/1.1" 200 2613 "http://www.beklen.hu/" "Mozilla/5.0 (Macintosh; Intel Mac OS X 10.6; rv:12.0) Gecko/20100101 Firefox/12.0"
195.228.164.143 - - [30/Jun/2012:11:17:30 +0200] "GET /nimfea_project_250x250.gif HTTP/1.1" 200 1910240 "http://www.beklen.hu/" "Mozilla/5.0 (Macintosh; Intel Mac OS X 10.6; rv:12.0) Gecko/20100101 Firefox/12.0"
195.228.164.143 - - [30/Jun/2012:11:17:30 +0200] "GET /programok.htm HTTP/1.1" 200 6444 "http://www.beklen.hu/" "Mozilla/5.0 (Macintosh; Intel Mac OS X 10.6; rv:12.0) Gecko/20100101 Firefox/12.0"
195.228.164.143 - - [30/Jun/2012:11:17:30 +0200] "GET /favicon.ico HTTP/1.1" 404 1181 "-" "Mozilla/5.0 (Macintosh; Intel Mac OS X 10.6; rv:12.0) Gecko/20100101 Firefox/12.0"
195.228.164.143 - - [30/Jun/2012:11:17:30 +0200] "GET /favicon.ico HTTP/1.1" 404 1181 "-" "Mozilla/5.0 (Macintosh; Intel Mac OS X 10.6; rv:12.0) Gecko/20100101 Firefox/12.0"
195.228.164.143 - - [30/Jun/2012:11:17:30 +0200] "GET /bottom_.jpg HTTP/1.1" 200 93419 "http://www.beklen.hu/vill.cs" "Mozilla/5.0 (Macintosh; Intel Mac OS X 10.6; rv:12.0) Gecko/20100101 Firefox/12.0"
195.228.164.143 - - [30/Jun/2012:11:17:31 +0200] "GET /tm03.jpg HTTP/1.1" 200 2212 "http://www.beklen.hu/programok.htm" "Mozilla/5.0 (Macintosh; Intel Mac OS X 10.6; rv:12.0) Gecko/20100101 Firefox/12.0"
195.228.164.143 - - [30/Jun/2012:11:17:31 +0200] "GET /tm06.jpg HTTP/1.1" 200 1651 "http://www.beklen.hu/programok.htm" "Mozilla/5.0 (Macintosh; Intel Mac OS X 10.6; rv:12.0) Gecko/20100101 Firefox/12.0"
195.228.164.143 - - [30/Jun/2012:11:17:32 +0200] "GET /khb.htm HTTP/1.1" 200 8719 "http://www.beklen.hu/programok.htm" "Mozilla/5.0 (Macintosh; Intel Mac OS X 10.6; rv:12.0) Gecko/20100101 Firefox/12.0"
141.105.120.153 - - [30/Jun/2012:13:21:07 +0200] "GET /robots.txt HTTP/1.0" 404 1181 "-" "Mozilla/5.0 (compatible; OpenindexSpider/Nutch-1.5-dev; +http://www.openindex.io/en/webmasters/spider.html)"
141.105.120.153 - - [30/Jun/2012:13:21:07 +0200] "GET /fiok/kapcsolat.htm HTTP/1.0" 304 - "-" "Mozilla/5.0 (compatible; OpenindexSpider/Nutch-1.5-dev; +http://www.openindex.io/en/webmasters/spider.html)"
66.249.72.2 - - [30/Jun/2012:13:29:35 +0200] "GET /hirek/hirek101213.htm HTTP/1.1" 304 - "-" "Mozilla/5.0 (compatible; Googlebot/2.1; +http://www.google.com/bot.html)"
178.154.210.252 - - [30/Jun/2012:15:06:21 +0200] "GET /hirek/hirek120120.htm HTTP/1.1" 200 6634 "-" "Mozilla/5.0 (compatible; YandexBot/3.0; +http://yandex.com/bots)"
77.20.4.67 - - [30/Jun/2012:15:08:28 +0200] "GET /robots.txt HTTP/1.1" 404 1181 "-" "findlinks/2.0.2 (+http://wortschatz.uni-leipzig.de/findlinks/)"
213.186.127.10 - - [30/Jun/2012:16:48:13 +0200] "GET /fiok/program_reszek/konferancia.htm HTTP/1.1" 200 21668 "-" "Mozilla/5.0 (compatible; AhrefsBot/3.1; +http://ahrefs.com/robot/)"
213.186.127.10 - - [30/Jun/2012:16:50:05 +0200] "GET /nca.htm HTTP/1.1" 200 7467 "-" "Mozilla/5.0 (compatible; AhrefsBot/3.1; +http://ahrefs.com/robot/)"
212.113.37.105 - - [30/Jun/2012:16:55:45 +0200] "GET /fiok/program_reszek/lovaglas.htm HTTP/1.1" 200 21486 "-" "Mozilla/5.0 (compatible; AhrefsBot/3.1; +http://ahrefs.com/robot/)"
213.186.119.142 - - [30/Jun/2012:17:03:14 +0200] "GET /fiok/program_reszek/madarmegfigyeles.htm HTTP/1.1" 200 21825 "-" "Mozilla/5.0 (compatible; AhrefsBot/3.1; +http://ahrefs.com/robot/)"
213.186.127.13 - - [30/Jun/2012:17:10:45 +0200] "GET /fiok/program_reszek/taborok.htm HTTP/1.1" 200 23942 "-" "Mozilla/5.0 (compatible; AhrefsBot/3.1; +http://ahrefs.com/robot/)"
213.186.127.4 - - [30/Jun/2012:17:14:28 +0200] "GET /deutsch/kontakt.htm HTTP/1.1" 200 4769 "-" "Mozilla/5.0 (compatible; AhrefsBot/3.1; +http://ahrefs.com/robot/)"
213.186.122.2 - - [30/Jun/2012:17:18:16 +0200] "GET /fiok/program_reszek/turazas.htm HTTP/1.1" 200 22754 "-" "Mozilla/5.0 (compatible; AhrefsBot/3.1; +http://ahrefs.com/robot/)"
213.186.127.11 - - [30/Jun/2012:17:29:30 +0200] "GET /english/contact.htm HTTP/1.1" 200 4601 "-" "Mozilla/5.0 (compatible; AhrefsBot/3.1; +http://ahrefs.com/robot/)"
213.186.127.7 - - [30/Jun/2012:17:33:13 +0200] "GET /hirek/jelentkezesi_lap.doc HTTP/1.1" 200 19937 "-" "Mozilla/5.0 (compatible; AhrefsBot/3.1; +http://ahrefs.com/robot/)"
208.115.111.68 - - [30/Jun/2012:17:54:06 +0200] "GET /robots.txt HTTP/1.1" 404 1181 "-" "Mozilla/5.0 (compatible; Ezooms/1.0; ezooms.bot@gmail.com)"
66.249.72.2 - - [30/Jun/2012:18:38:42 +0200] "GET /robots.txt HTTP/1.1" 404 1181 "-" "Mozilla/5.0 (compatible; Googlebot/2.1; +http://www.google.com/bot.html)"
66.249.72.2 - - [30/Jun/2012:18:38:43 +0200] "GET /jog/eseteink/derekegyhaza/index.htm HTTP/1.1" 304 - "-" "Mozilla/5.0 (compatible; Googlebot/2.1; +http://www.google.com/bot.html)"
86.166.205.251 - - [30/Jun/2012:18:49:29 +0200] "GET /jog/pub/fuzet_beliv_jav2angol.pdf HTTP/1.1" 200 153526 "http://www.google.co.uk/url?sa=t&rct=j&q=&esrc=s&source=web&cd=13&ved=0CFEQFjACOAo&url=http%3A%2F%2Fwww.beklen.hu%2Fjog%2Fpub%2Ffuzet_beliv_jav2angol.pdf&ei=7M7uT5_bCZKr8QP92PmFDQ&usg=AFQjCNHJLYsRNzQmAhTA8pC8TuEWhOiFmw&sig2=MINVgxD0K_1qDT0Ekjzo5A" "Mozilla/5.0 (Windows NT 5.1) AppleWebKit/536.5 (KHTML, like Gecko) Chrome/19.0.1084.56 Safari/536.5"
86.166.205.251 - - [30/Jun/2012:18:49:29 +0200] "GET /jog/pub/fuzet_beliv_jav2angol.pdf HTTP/1.1" 206 32768 "http://www.beklen.hu/jog/pub/fuzet_beliv_jav2angol.pdf" "Mozilla/5.0 (Windows NT 5.1) AppleWebKit/536.5 (KHTML, like Gecko) Chrome/19.0.1084.56 Safari/536.5"
86.166.205.251 - - [30/Jun/2012:18:49:29 +0200] "GET /favicon.ico HTTP/1.1" 404 1181 "-" "Mozilla/5.0 (Windows NT 5.1) AppleWebKit/536.5 (KHTML, like Gecko) Chrome/19.0.1084.56 Safari/536.5"
86.166.205.251 - - [30/Jun/2012:18:49:29 +0200] "GET /jog/pub/fuzet_beliv_jav2angol.pdf HTTP/1.1" 206 32768 "http://www.beklen.hu/jog/pub/fuzet_beliv_jav2angol.pdf" "Mozilla/5.0 (Windows NT 5.1) AppleWebKit/536.5 (KHTML, like Gecko) Chrome/19.0.1084.56 Safari/536.5"
86.166.205.251 - - [30/Jun/2012:18:49:30 +0200] "GET /jog/pub/fuzet_beliv_jav2angol.pdf HTTP/1.1" 206 32768 "http://www.beklen.hu/jog/pub/fuzet_beliv_jav2angol.pdf" "Mozilla/5.0 (Windows NT 5.1) AppleWebKit/536.5 (KHTML, like Gecko) Chrome/19.0.1084.56 Safari/536.5"
86.166.205.251 - - [30/Jun/2012:18:49:30 +0200] "GET /jog/pub/fuzet_beliv_jav2angol.pdf HTTP/1.1" 206 32768 "http://www.beklen.hu/jog/pub/fuzet_beliv_jav2angol.pdf" "Mozilla/5.0 (Windows NT 5.1) AppleWebKit/536.5 (KHTML, like Gecko) Chrome/19.0.1084.56 Safari/536.5"
86.166.205.251 - - [30/Jun/2012:18:49:30 +0200] "GET /jog/pub/fuzet_beliv_jav2angol.pdf HTTP/1.1" 206 32768 "http://www.beklen.hu/jog/pub/fuzet_beliv_jav2angol.pdf" "Mozilla/5.0 (Windows NT 5.1) AppleWebKit/536.5 (KHTML, like Gecko) Chrome/19.0.1084.56 Safari/536.5"
86.166.205.251 - - [30/Jun/2012:18:49:30 +0200] "GET /jog/pub/fuzet_beliv_jav2angol.pdf HTTP/1.1" 206 32768 "http://www.beklen.hu/jog/pub/fuzet_beliv_jav2angol.pdf" "Mozilla/5.0 (Windows NT 5.1) AppleWebKit/536.5 (KHTML, like Gecko) Chrome/19.0.1084.56 Safari/536.5"
86.166.205.251 - - [30/Jun/2012:18:49:31 +0200] "GET /jog/pub/fuzet_beliv_jav2angol.pdf HTTP/1.1" 206 32768 "http://www.beklen.hu/jog/pub/fuzet_beliv_jav2angol.pdf" "Mozilla/5.0 (Windows NT 5.1) AppleWebKit/536.5 (KHTML, like Gecko) Chrome/19.0.1084.56 Safari/536.5"
86.166.205.251 - - [30/Jun/2012:18:49:31 +0200] "GET /jog/pub/fuzet_beliv_jav2angol.pdf HTTP/1.1" 206 32768 "http://www.beklen.hu/jog/pub/fuzet_beliv_jav2angol.pdf" "Mozilla/5.0 (Windows NT 5.1) AppleWebKit/536.5 (KHTML, like Gecko) Chrome/19.0.1084.56 Safari/536.5"
86.166.205.251 - - [30/Jun/2012:18:49:31 +0200] "GET /jog/pub/fuzet_beliv_jav2angol.pdf HTTP/1.1" 206 32768 "http://www.beklen.hu/jog/pub/fuzet_beliv_jav2angol.pdf" "Mozilla/5.0 (Windows NT 5.1) AppleWebKit/536.5 (KHTML, like Gecko) Chrome/19.0.1084.56 Safari/536.5"
86.166.205.251 - - [30/Jun/2012:18:49:31 +0200] "GET /jog/pub/fuzet_beliv_jav2angol.pdf HTTP/1.1" 206 32768 "http://www.beklen.hu/jog/pub/fuzet_beliv_jav2angol.pdf" "Mozilla/5.0 (Windows NT 5.1) AppleWebKit/536.5 (KHTML, like Gecko) Chrome/19.0.1084.56 Safari/536.5"
86.166.205.251 - - [30/Jun/2012:18:49:32 +0200] "GET /jog/pub/fuzet_beliv_jav2angol.pdf HTTP/1.1" 206 32768 "http://www.beklen.hu/jog/pub/fuzet_beliv_jav2angol.pdf" "Mozilla/5.0 (Windows NT 5.1) AppleWebKit/536.5 (KHTML, like Gecko) Chrome/19.0.1084.56 Safari/536.5"
86.166.205.251 - - [30/Jun/2012:18:49:32 +0200] "GET /jog/pub/fuzet_beliv_jav2angol.pdf HTTP/1.1" 206 65536 "http://www.beklen.hu/jog/pub/fuzet_beliv_jav2angol.pdf" "Mozilla/5.0 (Windows NT 5.1) AppleWebKit/536.5 (KHTML, like Gecko) Chrome/19.0.1084.56 Safari/536.5"
86.166.205.251 - - [30/Jun/2012:18:49:32 +0200] "GET /jog/pub/fuzet_beliv_jav2angol.pdf HTTP/1.1" 206 65536 "http://www.beklen.hu/jog/pub/fuzet_beliv_jav2angol.pdf" "Mozilla/5.0 (Windows NT 5.1) AppleWebKit/536.5 (KHTML, like Gecko) Chrome/19.0.1084.56 Safari/536.5"
86.166.205.251 - - [30/Jun/2012:18:49:32 +0200] "GET /jog/pub/fuzet_beliv_jav2angol.pdf HTTP/1.1" 206 65536 "http://www.beklen.hu/jog/pub/fuzet_beliv_jav2angol.pdf" "Mozilla/5.0 (Windows NT 5.1) AppleWebKit/536.5 (KHTML, like Gecko) Chrome/19.0.1084.56 Safari/536.5"
86.166.205.251 - - [30/Jun/2012:18:49:33 +0200] "GET /jog/pub/fuzet_beliv_jav2angol.pdf HTTP/1.1" 206 65536 "http://www.beklen.hu/jog/pub/fuzet_beliv_jav2angol.pdf" "Mozilla/5.0 (Windows NT 5.1) AppleWebKit/536.5 (KHTML, like Gecko) Chrome/19.0.1084.56 Safari/536.5"
86.166.205.251 - - [30/Jun/2012:18:49:33 +0200] "GET /jog/pub/fuzet_beliv_jav2angol.pdf HTTP/1.1" 206 65536 "http://www.beklen.hu/jog/pub/fuzet_beliv_jav2angol.pdf" "Mozilla/5.0 (Windows NT 5.1) AppleWebKit/536.5 (KHTML, like Gecko) Chrome/19.0.1084.56 Safari/536.5"
86.166.205.251 - - [30/Jun/2012:18:49:33 +0200] "GET /jog/pub/fuzet_beliv_jav2angol.pdf HTTP/1.1" 206 123665 "http://www.beklen.hu/jog/pub/fuzet_beliv_jav2angol.pdf" "Mozilla/5.0 (Windows NT 5.1) AppleWebKit/536.5 (KHTML, like Gecko) Chrome/19.0.1084.56 Safari/536.5"
208.115.111.68 - - [30/Jun/2012:19:23:26 +0200] "GET /nca07.htm HTTP/1.1" 200 21968 "-" "Mozilla/5.0 (compatible; Ezooms/1.0; ezooms.bot@gmail.com)"
208.115.111.68 - - [30/Jun/2012:20:26:49 +0200] "GET /robots.txt HTTP/1.1" 404 1181 "-" "Mozilla/5.0 (compatible; Ezooms/1.0; ezooms.bot@gmail.com)"
66.249.72.240 - - [30/Jun/2012:21:43:17 +0200] "GET /robots.txt HTTP/1.1" 404 1181 "-" "Mozilla/5.0 (compatible; Googlebot/2.1; +http://www.google.com/bot.html)"
66.249.72.240 - - [30/Jun/2012:21:43:17 +0200] "GET /jog/jogszabalyok/kornyezetvedelmi_torveny.pdf HTTP/1.1" 304 - "-" "Mozilla/5.0 (compatible; Googlebot/2.1; +http://www.google.com/bot.html)"
208.115.111.68 - - [30/Jun/2012:21:56:01 +0200] "GET /fiok/program_reszek/erdei_iskola.htm HTTP/1.1" 200 21601 "-" "Mozilla/5.0 (compatible; Ezooms/1.0; ezooms.bot@gmail.com)"
208.115.111.68 - - [30/Jun/2012:21:56:06 +0200] "GET /fiok/program_reszek/taborok.htm HTTP/1.1" 200 23942 "-" "Mozilla/5.0 (compatible; Ezooms/1.0; ezooms.bot@gmail.com)"
66.249.72.2 - - [30/Jun/2012:23:31:43 +0200] "GET /jog/eseteink/poroszlo/keresetlevel_javitott_poroszlo.pdf HTTP/1.1" 304 - "-" "Mozilla/5.0 (compatible; Googlebot/2.1; +http://www.google.com/bot.html)"