66.249.66.152 - - [05/Sep/2012:14:15:19 +0200] "GET /robots.txt HTTP/1.1" 404 1181 "-" "Mozilla/5.0 (compatible; Googlebot/2.1; +http://www.google.com/bot.html)"
66.249.66.152 - - [05/Sep/2012:14:15:19 +0200] "GET /hirek08_12.htm HTTP/1.1" 304 - "-" "Mozilla/5.0 (compatible; Googlebot/2.1; +http://www.google.com/bot.html)"
37.140.141.19 - - [05/Sep/2012:14:56:39 +0200] "GET /hirek/090510/szuletesunnepe034_.jpg HTTP/1.1" 200 5541 "-" "Mozilla/5.0 (compatible; YandexImages/3.0; +http://yandex.com/bots)"
37.140.141.19 - - [05/Sep/2012:15:14:21 +0200] "GET /hirek/090510/szuletesunnepe044.jpg HTTP/1.1" 200 66054 "-" "Mozilla/5.0 (compatible; YandexImages/3.0; +http://yandex.com/bots)"
37.140.141.19 - - [05/Sep/2012:15:32:07 +0200] "GET /hirek/090510/szuletesunnepe027_.jpg HTTP/1.1" 200 6004 "-" "Mozilla/5.0 (compatible; YandexImages/3.0; +http://yandex.com/bots)"
208.115.113.84 - - [05/Sep/2012:15:56:07 +0200] "GET /robots.txt HTTP/1.1" 404 1181 "-" "Mozilla/5.0 (compatible; Ezooms/1.0; ezooms.bot@gmail.com)"
37.140.141.19 - - [05/Sep/2012:15:56:50 +0200] "GET /a1_projekt_tabla_infra_cs3_beklenhaz_.jpg HTTP/1.1" 200 8994 "-" "Mozilla/5.0 (compatible; YandexImages/3.0; +http://yandex.com/bots)"
37.140.141.19 - - [05/Sep/2012:16:16:42 +0200] "GET /fiok/images/index_18_18.JPG HTTP/1.1" 200 15778 "-" "Mozilla/5.0 (compatible; YandexImages/3.0; +http://yandex.com/bots)"
66.249.66.152 - - [05/Sep/2012:16:27:09 +0200] "GET /hirek08_12.htm HTTP/1.1" 304 - "-" "Mozilla/5.0 (compatible; Googlebot/2.1; +http://www.google.com/bot.html)"
37.140.141.19 - - [05/Sep/2012:16:37:15 +0200] "GET /images/demnet_.jpg HTTP/1.1" 200 4808 "-" "Mozilla/5.0 (compatible; YandexImages/3.0; +http://yandex.com/bots)"
208.115.113.84 - - [05/Sep/2012:16:55:56 +0200] "GET /civilmuhely.htm HTTP/1.1" 200 8450 "-" "Mozilla/5.0 (compatible; Ezooms/1.0; ezooms.bot@gmail.com)"
37.140.141.19 - - [05/Sep/2012:17:00:13 +0200] "GET /a1_projekt_tabla_infra_cs3_beklenhaz.jpg HTTP/1.1" 200 73344 "-" "Mozilla/5.0 (compatible; YandexImages/3.0; +http://yandex.com/bots)"
178.154.210.252 - - [05/Sep/2012:17:03:06 +0200] "GET /robots.txt HTTP/1.1" 404 1181 "-" "Mozilla/5.0 (compatible; YandexBot/3.0; +http://yandex.com/bots)"
178.154.210.252 - - [05/Sep/2012:17:03:08 +0200] "GET /programok.htm HTTP/1.1" 304 - "-" "Mozilla/5.0 (compatible; YandexBot/3.0; +http://yandex.com/bots)"
37.140.141.19 - - [05/Sep/2012:17:21:53 +0200] "GET /jog/img/320/sargarigo2.jpg HTTP/1.1" 200 17500 "-" "Mozilla/5.0 (compatible; YandexImages/3.0; +http://yandex.com/bots)"
92.85.32.76 - - [05/Sep/2012:17:26:09 +0200] "GET / HTTP/1.1" 200 23778 "-" "Java/1.6.0_04"
92.85.32.76 - - [05/Sep/2012:17:26:10 +0200] "GET /hirarchivum.htm HTTP/1.1" 200 24981 "-" "Java/1.6.0_04"
92.85.32.76 - - [05/Sep/2012:17:26:10 +0200] "GET /index.htm HTTP/1.1" 200 23778 "-" "Java/1.6.0_04"
92.85.32.76 - - [05/Sep/2012:17:26:10 +0200] "GET /kapcsolat.htm HTTP/1.1" 200 6889 "-" "Java/1.6.0_04"
92.85.32.76 - - [05/Sep/2012:17:26:10 +0200] "GET /magunkrol.htm HTTP/1.1" 200 9202 "-" "Java/1.6.0_04"
92.85.32.76 - - [05/Sep/2012:17:26:10 +0200] "GET /media.htm HTTP/1.1" 200 5208 "-" "Java/1.6.0_04"
92.85.32.76 - - [05/Sep/2012:17:26:10 +0200] "GET /programok.htm HTTP/1.1" 200 6444 "-" "Java/1.6.0_04"
92.85.32.76 - - [05/Sep/2012:17:26:10 +0200] "GET /vill.cs HTTP/1.1" 200 2676 "-" "Java/1.6.0_04"
92.85.32.76 - - [05/Sep/2012:17:26:11 +0200] "GET /hirek08_10.htm HTTP/1.1" 200 6946 "-" "Java/1.6.0_04"
92.85.32.76 - - [05/Sep/2012:17:26:11 +0200] "GET /hirek08_11.htm HTTP/1.1" 200 7253 "-" "Java/1.6.0_04"
92.85.32.76 - - [05/Sep/2012:17:26:11 +0200] "GET /hirek08_12.htm HTTP/1.1" 200 8268 "-" "Java/1.6.0_04"
92.85.32.76 - - [05/Sep/2012:17:26:11 +0200] "GET /hirek09_01.htm HTTP/1.1" 200 6841 "-" "Java/1.6.0_04"
92.85.32.76 - - [05/Sep/2012:17:26:11 +0200] "GET /hirek09_02.htm HTTP/1.1" 200 7450 "-" "Java/1.6.0_04"
92.85.32.76 - - [05/Sep/2012:17:26:11 +0200] "GET /hirek09_03.htm HTTP/1.1" 200 10726 "-" "Java/1.6.0_04"
92.85.32.76 - - [05/Sep/2012:17:26:11 +0200] "GET /&url=kapcsolat.htm HTTP/1.1" 404 1181 "-" "Java/1.6.0_04"
92.85.32.76 - - [05/Sep/2012:17:26:11 +0200] "GET /&url=programok.htm HTTP/1.1" 404 1181 "-" "Java/1.6.0_04"
92.85.32.76 - - [05/Sep/2012:17:26:12 +0200] "GET /&url=adomanyi.htm HTTP/1.1" 404 1181 "-" "Java/1.6.0_04"
92.85.32.76 - - [05/Sep/2012:17:26:12 +0200] "GET /bunt.htm HTTP/1.1" 200 5683 "-" "Java/1.6.0_04"
92.85.32.76 - - [05/Sep/2012:17:26:12 +0200] "GET /civilmuhely.htm HTTP/1.1" 200 8450 "-" "Java/1.6.0_04"
92.85.32.76 - - [05/Sep/2012:17:26:12 +0200] "GET /khb.htm HTTP/1.1" 200 8719 "-" "Java/1.6.0_04"
92.85.32.76 - - [05/Sep/2012:17:26:12 +0200] "GET /nca.htm HTTP/1.1" 200 7467 "-" "Java/1.6.0_04"
92.85.32.76 - - [05/Sep/2012:17:26:12 +0200] "GET /ncta.htm HTTP/1.1" 200 7221 "-" "Java/1.6.0_04"
92.85.32.76 - - [05/Sep/2012:17:26:12 +0200] "GET /nka.htm HTTP/1.1" 200 6221 "-" "Java/1.6.0_04"
92.85.32.76 - - [05/Sep/2012:17:26:12 +0200] "GET /szakmai.htm HTTP/1.1" 200 6054 "-" "Java/1.6.0_04"
92.85.32.76 - - [05/Sep/2012:17:26:13 +0200] "GET /ncta_a.htm HTTP/1.1" 200 7260 "-" "Java/1.6.0_04"
92.85.32.76 - - [05/Sep/2012:17:26:13 +0200] "GET /&url=civilmuhely.htm HTTP/1.1" 404 1181 "-" "Java/1.6.0_04"
92.85.32.76 - - [05/Sep/2012:17:26:13 +0200] "GET /&url=magunkrol.htm HTTP/1.1" 404 1181 "-" "Java/1.6.0_04"
92.85.32.76 - - [05/Sep/2012:17:26:13 +0200] "GET /nca04.htm HTTP/1.1" 200 16378 "-" "Java/1.6.0_04"
92.85.32.76 - - [05/Sep/2012:17:26:13 +0200] "GET /nca05.htm HTTP/1.1" 200 16412 "-" "Java/1.6.0_04"
92.85.32.76 - - [05/Sep/2012:17:26:14 +0200] "GET /nca06.htm HTTP/1.1" 200 19034 "-" "Java/1.6.0_04"
92.85.32.76 - - [05/Sep/2012:17:26:14 +0200] "GET /nca07.htm HTTP/1.1" 200 21968 "-" "Java/1.6.0_04"
92.85.32.76 - - [05/Sep/2012:17:26:14 +0200] "GET /nca08.htm HTTP/1.1" 200 21795 "-" "Java/1.6.0_04"
92.85.32.76 - - [05/Sep/2012:17:26:14 +0200] "GET /nca09.htm HTTP/1.1" 200 24315 "-" "Java/1.6.0_04"
92.85.32.76 - - [05/Sep/2012:17:26:14 +0200] "GET /nca10.htm HTTP/1.1" 200 16648 "-" "Java/1.6.0_04"
92.85.32.76 - - [05/Sep/2012:17:26:14 +0200] "GET /nca11.htm HTTP/1.1" 200 7133 "-" "Java/1.6.0_04"
92.85.32.76 - - [05/Sep/2012:17:26:15 +0200] "GET /kiadvanyok.htm HTTP/1.1" 200 8206 "-" "Java/1.6.0_04"
92.85.32.76 - - [05/Sep/2012:17:26:15 +0200] "GET /deutsch/index.htm HTTP/1.1" 200 5324 "-" "Java/1.6.0_04"
92.85.32.76 - - [05/Sep/2012:17:26:15 +0200] "GET /english/index.htm HTTP/1.1" 200 5262 "-" "Java/1.6.0_04"
92.85.32.76 - - [05/Sep/2012:17:26:15 +0200] "GET /fiok/index.html HTTP/1.1" 200 20554 "-" "Java/1.6.0_04"
92.85.32.76 - - [05/Sep/2012:17:26:15 +0200] "GET /hirek/hirek091015.htm HTTP/1.1" 200 7046 "-" "Java/1.6.0_04"
92.85.32.76 - - [05/Sep/2012:17:26:15 +0200] "GET /hirek/hirek091102.htm HTTP/1.1" 200 8538 "-" "Java/1.6.0_04"
92.85.32.76 - - [05/Sep/2012:17:26:15 +0200] "GET /hirek/hirek091103.htm HTTP/1.1" 200 7301 "-" "Java/1.6.0_04"
92.85.32.76 - - [05/Sep/2012:17:26:16 +0200] "GET /hirek/hirek091221.htm HTTP/1.1" 200 6740 "-" "Java/1.6.0_04"
92.85.32.76 - - [05/Sep/2012:17:26:16 +0200] "GET /hirek/hirek100225.htm HTTP/1.1" 200 7288 "-" "Java/1.6.0_04"
37.140.141.19 - - [05/Sep/2012:17:45:25 +0200] "GET /fiok/images/index_16_16.JPG HTTP/1.1" 200 13468 "-" "Mozilla/5.0 (compatible; YandexImages/3.0; +http://yandex.com/bots)"
37.140.141.19 - - [05/Sep/2012:18:08:58 +0200] "GET /hirek/090510/szuletesunnepe021_.jpg HTTP/1.1" 200 5721 "-" "Mozilla/5.0 (compatible; YandexImages/3.0; +http://yandex.com/bots)"
180.76.5.143 - - [05/Sep/2012:18:24:22 +0200] "GET /fiok/program_reszek/csaladbarat.htm HTTP/1.1" 304 - "-" "Mozilla/5.0 (compatible; Baiduspider/2.0; +http://www.baidu.com/search/spider.html)"
66.249.66.152 - - [05/Sep/2012:18:26:16 +0200] "GET /jog/eseteink/audi/index.htm HTTP/1.1" 304 - "-" "Mozilla/5.0 (compatible; Googlebot/2.1; +http://www.google.com/bot.html)"
66.249.66.152 - - [05/Sep/2012:18:26:54 +0200] "GET /hirek/hirek101027.htm HTTP/1.1" 304 - "-" "Mozilla/5.0 (iPhone; U; CPU iPhone OS 4_1 like Mac OS X; en-us) AppleWebKit/532.9 (KHTML, like Gecko) Version/4.0.5 Mobile/8B117 Safari/6531.22.7 (compatible; Googlebot-Mobile/2.1; +http://www.google.com/bot.html)"
37.140.141.19 - - [05/Sep/2012:18:31:56 +0200] "GET /images/72_nfu.jpg HTTP/1.1" 200 603912 "-" "Mozilla/5.0 (compatible; YandexImages/3.0; +http://yandex.com/bots)"
37.140.141.19 - - [05/Sep/2012:18:54:14 +0200] "GET /hirek/090510/szuletesunnepe050_.jpg HTTP/1.1" 200 5308 "-" "Mozilla/5.0 (compatible; YandexImages/3.0; +http://yandex.com/bots)"
37.140.141.19 - - [05/Sep/2012:19:17:37 +0200] "GET /hirek/szines_vm_logo.jpg HTTP/1.1" 200 9207 "-" "Mozilla/5.0 (compatible; YandexImages/3.0; +http://yandex.com/bots)"
37.140.141.19 - - [05/Sep/2012:19:42:17 +0200] "GET /jog_honlap_.jpg HTTP/1.1" 200 7186 "-" "Mozilla/5.0 (compatible; YandexImages/3.0; +http://yandex.com/bots)"
208.115.113.84 - - [05/Sep/2012:19:48:07 +0200] "GET /robots.txt HTTP/1.1" 404 1181 "-" "Mozilla/5.0 (compatible; Ezooms/1.0; ezooms.bot@gmail.com)"
178.154.210.252 - - [05/Sep/2012:20:03:24 +0200] "GET /fiok HTTP/1.1" 301 312 "-" "Mozilla/5.0 (compatible; YandexBot/3.0; +http://yandex.com/bots)"
37.140.141.19 - - [05/Sep/2012:20:04:55 +0200] "GET /fiok/images/index_15_15.JPG HTTP/1.1" 200 20275 "-" "Mozilla/5.0 (compatible; YandexImages/3.0; +http://yandex.com/bots)"
180.76.5.141 - - [05/Sep/2012:20:22:02 +0200] "GET /fiok/index.html HTTP/1.1" 200 20554 "-" "Mozilla/5.0 (compatible; Baiduspider/2.0; +http://www.baidu.com/search/spider.html)"
180.76.5.191 - - [05/Sep/2012:20:22:04 +0200] "GET /fiok/ HTTP/1.1" 200 20554 "-" "Mozilla/5.0 (compatible; Baiduspider/2.0; +http://www.baidu.com/search/spider.html)"
37.140.141.19 - - [05/Sep/2012:20:30:40 +0200] "GET /images/magyar_cimer1.jpg HTTP/1.1" 200 3874 "-" "Mozilla/5.0 (compatible; YandexImages/3.0; +http://yandex.com/bots)"
37.140.141.19 - - [05/Sep/2012:20:53:43 +0200] "GET /hirek/090510/szuletesunnepe066_.jpg HTTP/1.1" 200 4841 "-" "Mozilla/5.0 (compatible; YandexImages/3.0; +http://yandex.com/bots)"
89.123.46.229 - - [05/Sep/2012:20:54:58 +0200] "GET / HTTP/1.1" 200 23778 "-" "Java/1.6.0_04"
89.123.46.229 - - [05/Sep/2012:20:54:59 +0200] "GET /hirarchivum.htm HTTP/1.1" 200 24981 "-" "Java/1.6.0_04"
89.123.46.229 - - [05/Sep/2012:20:54:59 +0200] "GET /index.htm HTTP/1.1" 200 23778 "-" "Java/1.6.0_04"
89.123.46.229 - - [05/Sep/2012:20:54:59 +0200] "GET /kapcsolat.htm HTTP/1.1" 200 6889 "-" "Java/1.6.0_04"
89.123.46.229 - - [05/Sep/2012:20:55:00 +0200] "GET /magunkrol.htm HTTP/1.1" 200 9202 "-" "Java/1.6.0_04"
89.123.46.229 - - [05/Sep/2012:20:55:00 +0200] "GET /media.htm HTTP/1.1" 200 5208 "-" "Java/1.6.0_04"
89.123.46.229 - - [05/Sep/2012:20:55:00 +0200] "GET /programok.htm HTTP/1.1" 200 6444 "-" "Java/1.6.0_04"
89.123.46.229 - - [05/Sep/2012:20:55:00 +0200] "GET /vill.cs HTTP/1.1" 200 2676 "-" "Java/1.6.0_04"
89.123.46.229 - - [05/Sep/2012:20:55:00 +0200] "GET /hirek08_10.htm HTTP/1.1" 200 6946 "-" "Java/1.6.0_04"
89.123.46.229 - - [05/Sep/2012:20:55:00 +0200] "GET /hirek08_11.htm HTTP/1.1" 200 7253 "-" "Java/1.6.0_04"
89.123.46.229 - - [05/Sep/2012:20:55:01 +0200] "GET /hirek08_12.htm HTTP/1.1" 200 8268 "-" "Java/1.6.0_04"
89.123.46.229 - - [05/Sep/2012:20:55:01 +0200] "GET /hirek09_01.htm HTTP/1.1" 200 6841 "-" "Java/1.6.0_04"
89.123.46.229 - - [05/Sep/2012:20:55:01 +0200] "GET /hirek09_02.htm HTTP/1.1" 200 7450 "-" "Java/1.6.0_04"
89.123.46.229 - - [05/Sep/2012:20:55:01 +0200] "GET /hirek09_03.htm HTTP/1.1" 200 10726 "-" "Java/1.6.0_04"
89.123.46.229 - - [05/Sep/2012:20:55:02 +0200] "GET /&url=kapcsolat.htm HTTP/1.1" 404 1181 "-" "Java/1.6.0_04"
89.123.46.229 - - [05/Sep/2012:20:55:02 +0200] "GET /&url=programok.htm HTTP/1.1" 404 1181 "-" "Java/1.6.0_04"
89.123.46.229 - - [05/Sep/2012:20:55:02 +0200] "GET /&url=adomanyi.htm HTTP/1.1" 404 1181 "-" "Java/1.6.0_04"
89.123.46.229 - - [05/Sep/2012:20:55:02 +0200] "GET /bunt.htm HTTP/1.1" 200 5683 "-" "Java/1.6.0_04"
89.123.46.229 - - [05/Sep/2012:20:55:02 +0200] "GET /civilmuhely.htm HTTP/1.1" 200 8450 "-" "Java/1.6.0_04"
89.123.46.229 - - [05/Sep/2012:20:55:02 +0200] "GET /khb.htm HTTP/1.1" 200 8719 "-" "Java/1.6.0_04"
89.123.46.229 - - [05/Sep/2012:20:55:03 +0200] "GET /nca.htm HTTP/1.1" 200 7467 "-" "Java/1.6.0_04"
89.123.46.229 - - [05/Sep/2012:20:55:03 +0200] "GET /ncta.htm HTTP/1.1" 200 7221 "-" "Java/1.6.0_04"
89.123.46.229 - - [05/Sep/2012:20:55:03 +0200] "GET /nka.htm HTTP/1.1" 200 6221 "-" "Java/1.6.0_04"
89.123.46.229 - - [05/Sep/2012:20:55:03 +0200] "GET /szakmai.htm HTTP/1.1" 200 6054 "-" "Java/1.6.0_04"
89.123.46.229 - - [05/Sep/2012:20:55:03 +0200] "GET /ncta_a.htm HTTP/1.1" 200 7260 "-" "Java/1.6.0_04"
89.123.46.229 - - [05/Sep/2012:20:55:03 +0200] "GET /&url=civilmuhely.htm HTTP/1.1" 404 1181 "-" "Java/1.6.0_04"
89.123.46.229 - - [05/Sep/2012:20:55:03 +0200] "GET /&url=magunkrol.htm HTTP/1.1" 404 1181 "-" "Java/1.6.0_04"
89.123.46.229 - - [05/Sep/2012:20:55:03 +0200] "GET /nca04.htm HTTP/1.1" 200 16378 "-" "Java/1.6.0_04"
89.123.46.229 - - [05/Sep/2012:20:55:04 +0200] "GET /nca05.htm HTTP/1.1" 200 16412 "-" "Java/1.6.0_04"
89.123.46.229 - - [05/Sep/2012:20:55:04 +0200] "GET /nca06.htm HTTP/1.1" 200 19034 "-" "Java/1.6.0_04"
89.123.46.229 - - [05/Sep/2012:20:55:04 +0200] "GET /nca07.htm HTTP/1.1" 200 21968 "-" "Java/1.6.0_04"
89.123.46.229 - - [05/Sep/2012:20:55:05 +0200] "GET /nca08.htm HTTP/1.1" 200 21795 "-" "Java/1.6.0_04"
89.123.46.229 - - [05/Sep/2012:20:55:05 +0200] "GET /nca09.htm HTTP/1.1" 200 24315 "-" "Java/1.6.0_04"
89.123.46.229 - - [05/Sep/2012:20:55:05 +0200] "GET /nca10.htm HTTP/1.1" 200 16648 "-" "Java/1.6.0_04"
89.123.46.229 - - [05/Sep/2012:20:55:06 +0200] "GET /nca11.htm HTTP/1.1" 200 7133 "-" "Java/1.6.0_04"
89.123.46.229 - - [05/Sep/2012:20:55:06 +0200] "GET /kiadvanyok.htm HTTP/1.1" 200 8206 "-" "Java/1.6.0_04"
89.123.46.229 - - [05/Sep/2012:20:55:06 +0200] "GET /deutsch/index.htm HTTP/1.1" 200 5324 "-" "Java/1.6.0_04"
89.123.46.229 - - [05/Sep/2012:20:55:07 +0200] "GET /english/index.htm HTTP/1.1" 200 5262 "-" "Java/1.6.0_04"
89.123.46.229 - - [05/Sep/2012:20:55:07 +0200] "GET /fiok/index.html HTTP/1.1" 200 20554 "-" "Java/1.6.0_04"
89.123.46.229 - - [05/Sep/2012:20:55:07 +0200] "GET /hirek/hirek091015.htm HTTP/1.1" 200 7046 "-" "Java/1.6.0_04"
89.123.46.229 - - [05/Sep/2012:20:55:08 +0200] "GET /hirek/hirek091102.htm HTTP/1.1" 200 8538 "-" "Java/1.6.0_04"
89.123.46.229 - - [05/Sep/2012:20:55:08 +0200] "GET /hirek/hirek091103.htm HTTP/1.1" 200 7301 "-" "Java/1.6.0_04"
89.123.46.229 - - [05/Sep/2012:20:55:08 +0200] "GET /hirek/hirek091221.htm HTTP/1.1" 200 6740 "-" "Java/1.6.0_04"
89.123.46.229 - - [05/Sep/2012:20:55:08 +0200] "GET /hirek/hirek100225.htm HTTP/1.1" 200 7288 "-" "Java/1.6.0_04"
37.140.141.19 - - [05/Sep/2012:21:18:09 +0200] "GET /hirek/090510/szuletesunnepe030.jpg HTTP/1.1" 200 53089 "-" "Mozilla/5.0 (compatible; YandexImages/3.0; +http://yandex.com/bots)"
37.140.141.19 - - [05/Sep/2012:21:43:45 +0200] "GET /hirek/fak.jpg HTTP/1.1" 200 6301 "-" "Mozilla/5.0 (compatible; YandexImages/3.0; +http://yandex.com/bots)"
208.115.113.84 - - [05/Sep/2012:21:43:50 +0200] "GET /hirek/hirek090302.htm HTTP/1.1" 200 8452 "-" "Mozilla/5.0 (compatible; Ezooms/1.0; ezooms.bot@gmail.com)"
208.115.113.84 - - [05/Sep/2012:21:43:52 +0200] "GET /jog/ugyeszsegek.htm HTTP/1.1" 200 13810 "-" "Mozilla/5.0 (compatible; Ezooms/1.0; ezooms.bot@gmail.com)"
37.140.141.19 - - [05/Sep/2012:22:09:19 +0200] "GET /hirek/090510/szuletesunnepe011_.jpg HTTP/1.1" 200 5207 "-" "Mozilla/5.0 (compatible; YandexImages/3.0; +http://yandex.com/bots)"
37.140.141.19 - - [05/Sep/2012:22:33:43 +0200] "GET /tm02_.jpg HTTP/1.1" 200 1524 "-" "Mozilla/5.0 (compatible; YandexImages/3.0; +http://yandex.com/bots)"
79.120.166.100 - - [05/Sep/2012:22:34:17 +0200] "GET /hirek/Natura_2000es_gyepgazdalkodas_eloirasai.ppt HTTP/1.1" 200 333312 "http://www.google.hu/url?sa=t&rct=j&q=&esrc=s&source=web&cd=4&ved=0CDUQFjAD&url=http%3A%2F%2Fwww.beklen.hu%2Fhirek%2FNatura_2000es_gyepgazdalkodas_eloirasai.ppt&ei=PLdHUPmXAvD14QSh3ICQBQ&usg=AFQjCNG8LfbJHhsQnf2GHHlP2nweoOOGlQ" "Mozilla/5.0 (Windows NT 6.1; rv:15.0) Gecko/20100101 Firefox/15.0"
37.140.141.19 - - [05/Sep/2012:22:57:45 +0200] "GET /hirek/eszkozok/eszkoz1.jpg HTTP/1.1" 200 24142 "-" "Mozilla/5.0 (compatible; YandexImages/3.0; +http://yandex.com/bots)"
37.140.141.19 - - [05/Sep/2012:23:24:07 +0200] "GET /tm07.jpg HTTP/1.1" 200 1007 "-" "Mozilla/5.0 (compatible; YandexImages/3.0; +http://yandex.com/bots)"
37.140.141.19 - - [05/Sep/2012:23:51:17 +0200] "GET /english/e02.jpg HTTP/1.1" 200 1349 "-" "Mozilla/5.0 (compatible; YandexImages/3.0; +http://yandex.com/bots)"
37.140.141.19 - - [06/Sep/2012:00:19:13 +0200] "GET /images/kvvm_logo.jpg HTTP/1.1" 200 4763 "-" "Mozilla/5.0 (compatible; YandexImages/3.0; +http://yandex.com/bots)"
66.249.66.152 - - [06/Sep/2012:00:32:29 +0200] "GET /jog/eseteink/dakar/dakar_dabas_ugyeszseg_valasz.pdf HTTP/1.1" 200 8391282 "-" "Mozilla/5.0 (compatible; Googlebot/2.1; +http://www.google.com/bot.html)"
37.140.141.19 - - [06/Sep/2012:00:46:56 +0200] "GET /hirek/090510/szuletesunnepe055.jpg HTTP/1.1" 200 75954 "-" "Mozilla/5.0 (compatible; YandexImages/3.0; +http://yandex.com/bots)"
66.249.71.209 - - [06/Sep/2012:00:53:02 +0200] "GET /jog/eseteink/derekegyhaza/foldhivatalnak_1.pdf HTTP/1.1" 304 - "-" "Mozilla/5.0 (compatible; Googlebot/2.1; +http://www.google.com/bot.html)"
157.56.93.201 - - [06/Sep/2012:01:05:50 +0200] "GET /robots.txt HTTP/1.1" 404 1181 "-" "Mozilla/5.0 (compatible; bingbot/2.0; +http://www.bing.com/bingbot.htm)"
37.140.141.19 - - [06/Sep/2012:01:15:54 +0200] "GET /hirek/090510/szuletesunnepe059_.jpg HTTP/1.1" 200 5509 "-" "Mozilla/5.0 (compatible; YandexImages/3.0; +http://yandex.com/bots)"
178.154.210.252 - - [06/Sep/2012:01:27:59 +0200] "GET /fiok/index.html HTTP/1.1" 200 20554 "-" "Mozilla/5.0 (compatible; YandexBot/3.0; +http://yandex.com/bots)"
66.249.71.209 - - [06/Sep/2012:01:32:47 +0200] "GET /fiok/kornyezet.htm HTTP/1.1" 200 22582 "-" "Mozilla/5.0 (compatible; Googlebot/2.1; +http://www.google.com/bot.html)"
66.249.66.152 - - [06/Sep/2012:01:42:54 +0200] "GET /fiok/programok.htm HTTP/1.1" 200 18165 "-" "Mozilla/5.0 (compatible; Googlebot/2.1; +http://www.google.com/bot.html)"
37.140.141.19 - - [06/Sep/2012:01:47:09 +0200] "GET /hirek/090510/szuletesunnepe075_.jpg HTTP/1.1" 200 5720 "-" "Mozilla/5.0 (compatible; YandexImages/3.0; +http://yandex.com/bots)"
157.56.93.201 - - [06/Sep/2012:01:52:18 +0200] "GET /jog/publikaciok.htm HTTP/1.1" 200 17866 "-" "Mozilla/5.0 (compatible; bingbot/2.0; +http://www.bing.com/bingbot.htm)"
37.140.141.19 - - [06/Sep/2012:02:16:19 +0200] "GET /hirek/ee_oeh_szolnok_kicsi.jpg HTTP/1.1" 200 10135 "-" "Mozilla/5.0 (compatible; YandexImages/3.0; +http://yandex.com/bots)"
208.115.111.68 - - [06/Sep/2012:02:18:56 +0200] "GET /robots.txt HTTP/1.1" 404 1181 "-" "Mozilla/5.0 (compatible; Ezooms/1.0; ezooms.bot@gmail.com)"
180.76.6.28 - - [06/Sep/2012:02:20:22 +0200] "GET /fiok/kornyezet.htm HTTP/1.1" 304 - "-" "Mozilla/5.0 (compatible; Baiduspider/2.0; +http://www.baidu.com/search/spider.html)"
37.140.141.19 - - [06/Sep/2012:02:44:58 +0200] "GET /hirek/090510/szuletesunnepe051.jpg HTTP/1.1" 200 64827 "-" "Mozilla/5.0 (compatible; YandexImages/3.0; +http://yandex.com/bots)"
66.249.66.242 - - [06/Sep/2012:02:53:27 +0200] "GET /robots.txt HTTP/1.1" 404 1181 "-" "Mozilla/5.0 (compatible; Googlebot/2.1; +http://www.google.com/bot.html)"
66.249.66.242 - - [06/Sep/2012:02:53:27 +0200] "GET /fiok/kapcsolat.htm HTTP/1.1" 200 17416 "-" "Mozilla/5.0 (compatible; Googlebot/2.1; +http://www.google.com/bot.html)"
37.140.141.19 - - [06/Sep/2012:03:14:13 +0200] "GET /images/nca_logo.jpg HTTP/1.1" 200 4244 "-" "Mozilla/5.0 (compatible; YandexImages/3.0; +http://yandex.com/bots)"
208.115.113.84 - - [06/Sep/2012:03:37:27 +0200] "GET /robots.txt HTTP/1.1" 404 1181 "-" "Mozilla/5.0 (compatible; Ezooms/1.0; ezooms.bot@gmail.com)"
37.140.141.19 - - [06/Sep/2012:03:44:02 +0200] "GET /hirek/090510/szuletesunnepe065.jpg HTTP/1.1" 200 57867 "-" "Mozilla/5.0 (compatible; YandexImages/3.0; +http://yandex.com/bots)"
131.253.46.112 - - [06/Sep/2012:03:57:18 +0200] "GET /robots.txt HTTP/1.1" 404 1181 "-" "Mozilla/5.0 (compatible; bingbot/2.0; +http://www.bing.com/bingbot.htm)"
37.140.141.19 - - [06/Sep/2012:04:12:43 +0200] "GET /hirek/090510/szuletesunnepe051_.jpg HTTP/1.1" 200 5497 "-" "Mozilla/5.0 (compatible; YandexImages/3.0; +http://yandex.com/bots)"
37.140.141.19 - - [06/Sep/2012:04:41:27 +0200] "GET /images/kvvm.jpg HTTP/1.1" 200 5375 "-" "Mozilla/5.0 (compatible; YandexImages/3.0; +http://yandex.com/bots)"
37.140.141.19 - - [06/Sep/2012:05:09:31 +0200] "GET /hirek/090510/szuletesunnepe027.jpg HTTP/1.1" 200 68059 "-" "Mozilla/5.0 (compatible; YandexImages/3.0; +http://yandex.com/bots)"
217.69.133.31 - - [06/Sep/2012:05:13:28 +0200] "GET / HTTP/1.0" 200 23778 "-" "Mozilla/5.0 (compatible; Mail.RU/2.0)"
37.140.141.19 - - [06/Sep/2012:05:36:57 +0200] "GET /tm04_.jpg HTTP/1.1" 200 2058 "-" "Mozilla/5.0 (compatible; YandexImages/3.0; +http://yandex.com/bots)"
208.115.113.84 - - [06/Sep/2012:05:39:53 +0200] "GET /jog/eseteink/audi/index.htm HTTP/1.1" 200 15938 "-" "Mozilla/5.0 (compatible; Ezooms/1.0; ezooms.bot@gmail.com)"
37.140.141.19 - - [06/Sep/2012:06:05:30 +0200] "GET /tm05_.jpg HTTP/1.1" 200 1839 "-" "Mozilla/5.0 (compatible; YandexImages/3.0; +http://yandex.com/bots)"
131.253.46.112 - - [06/Sep/2012:06:08:49 +0200] "GET /jog/jogihatter.htm HTTP/1.1" 200 18691 "-" "Mozilla/5.0 (compatible; bingbot/2.0; +http://www.bing.com/bingbot.htm)"
208.115.111.68 - - [06/Sep/2012:06:25:33 +0200] "GET /robots.txt HTTP/1.1" 404 1181 "-" "Mozilla/5.0 (compatible; Ezooms/1.0; ezooms.bot@gmail.com)"
37.140.141.19 - - [06/Sep/2012:06:33:18 +0200] "GET /hirek/090510/szuletesunnepe090.jpg HTTP/1.1" 200 48650 "-" "Mozilla/5.0 (compatible; YandexImages/3.0; +http://yandex.com/bots)"
37.140.141.19 - - [06/Sep/2012:07:01:50 +0200] "GET /images/okotars_szines_.jpg HTTP/1.1" 200 23743 "-" "Mozilla/5.0 (compatible; YandexImages/3.0; +http://yandex.com/bots)"
37.140.141.19 - - [06/Sep/2012:07:27:58 +0200] "GET /hirek/090510/szuletesunnepe078.jpg HTTP/1.1" 200 56868 "-" "Mozilla/5.0 (compatible; YandexImages/3.0; +http://yandex.com/bots)"
208.115.113.84 - - [06/Sep/2012:07:45:35 +0200] "GET /robots.txt HTTP/1.1" 404 1181 "-" "Mozilla/5.0 (compatible; Ezooms/1.0; ezooms.bot@gmail.com)"
66.249.66.242 - - [06/Sep/2012:07:51:51 +0200] "GET /jog HTTP/1.1" 301 311 "-" "Mozilla/5.0 (compatible; Googlebot/2.1; +http://www.google.com/bot.html)"
66.249.66.242 - - [06/Sep/2012:07:51:53 +0200] "GET /jog/ HTTP/1.1" 200 13138 "-" "Mozilla/5.0 (compatible; Googlebot/2.1; +http://www.google.com/bot.html)"
37.140.141.19 - - [06/Sep/2012:07:55:16 +0200] "GET /tm04.jpg HTTP/1.1" 200 2613 "-" "Mozilla/5.0 (compatible; YandexImages/3.0; +http://yandex.com/bots)"
66.249.66.242 - - [06/Sep/2012:08:02:05 +0200] "GET /hirarchivum.htm HTTP/1.1" 200 24981 "-" "Mozilla/5.0 (compatible; Googlebot/2.1; +http://www.google.com/bot.html)"
72.30.142.250 - - [06/Sep/2012:08:10:37 +0200] "GET /robots.txt HTTP/1.0" 404 1181 "-" "Mozilla/5.0 (compatible; Yahoo! Slurp; http://help.yahoo.com/help/us/ysearch/slurp)"
72.30.142.250 - - [06/Sep/2012:08:10:38 +0200] "GET /fiok/ HTTP/1.0" 200 20554 "-" "Mozilla/5.0 (compatible; Yahoo! Slurp; http://help.yahoo.com/help/us/ysearch/slurp)"
72.30.142.250 - - [06/Sep/2012:08:10:41 +0200] "GET /fiok/css/lightbox.css HTTP/1.0" 200 1715 "http://www.beklen.hu/fiok/" "Mozilla/5.0 (compatible; Yahoo! Slurp; http://help.yahoo.com/help/us/ysearch/slurp)"
66.249.66.242 - - [06/Sep/2012:08:16:26 +0200] "GET /deutsch/index.htm HTTP/1.1" 200 5324 "-" "Mozilla/5.0 (compatible; Googlebot/2.1; +http://www.google.com/bot.html)"
66.249.71.209 - - [06/Sep/2012:08:16:44 +0200] "GET /jog/eseteink/korosladany/srbvadi_srb.pdf HTTP/1.1" 200 151172 "-" "Mozilla/5.0 (compatible; Googlebot/2.1; +http://www.google.com/bot.html)"
66.249.66.242 - - [06/Sep/2012:08:21:59 +0200] "GET /english/index.htm HTTP/1.1" 200 5262 "-" "Mozilla/5.0 (compatible; Googlebot/2.1; +http://www.google.com/bot.html)"
37.140.141.19 - - [06/Sep/2012:08:22:14 +0200] "GET /hirek/090510/szuletesunnepe025.jpg HTTP/1.1" 200 52551 "-" "Mozilla/5.0 (compatible; YandexImages/3.0; +http://yandex.com/bots)"
208.115.113.84 - - [06/Sep/2012:08:37:08 +0200] "GET / HTTP/1.1" 200 23778 "-" "Mozilla/5.0 (compatible; Ezooms/1.0; ezooms.bot@gmail.com)"
66.249.71.209 - - [06/Sep/2012:08:51:57 +0200] "GET /hirek/hirek091103.htm HTTP/1.1" 200 7301 "-" "Mozilla/5.0 (compatible; Googlebot/2.1; +http://www.google.com/bot.html)"
37.140.141.19 - - [06/Sep/2012:08:52:45 +0200] "GET /images/autonomia_.jpg HTTP/1.1" 200 14792 "-" "Mozilla/5.0 (compatible; YandexImages/3.0; +http://yandex.com/bots)"
66.249.66.242 - - [06/Sep/2012:09:02:38 +0200] "GET /hirek/hirek091221.htm HTTP/1.1" 200 6740 "-" "Mozilla/5.0 (compatible; Googlebot/2.1; +http://www.google.com/bot.html)"
66.249.66.242 - - [06/Sep/2012:09:17:58 +0200] "GET /hirek/hirek101025.htm HTTP/1.1" 200 8786 "-" "Mozilla/5.0 (compatible; Googlebot/2.1; +http://www.google.com/bot.html)"
37.140.141.19 - - [06/Sep/2012:09:19:33 +0200] "GET /hirek/090510/szuletesunnepe037_.jpg HTTP/1.1" 200 5702 "-" "Mozilla/5.0 (compatible; YandexImages/3.0; +http://yandex.com/bots)"
66.249.66.242 - - [06/Sep/2012:09:21:56 +0200] "GET /hirek/hirek100305.htm HTTP/1.1" 200 7091 "-" "Mozilla/5.0 (compatible; Googlebot/2.1; +http://www.google.com/bot.html)"
37.140.141.19 - - [06/Sep/2012:09:47:00 +0200] "GET /hirek/090510/szuletesunnepe043_.jpg HTTP/1.1" 200 5750 "-" "Mozilla/5.0 (compatible; YandexImages/3.0; +http://yandex.com/bots)"
37.140.141.19 - - [06/Sep/2012:10:15:22 +0200] "GET /hirek/090510/szuletesunnepe090_.jpg HTTP/1.1" 200 4837 "-" "Mozilla/5.0 (compatible; YandexImages/3.0; +http://yandex.com/bots)"
91.225.123.2 - - [06/Sep/2012:10:18:34 +0200] "GET /robots.txt HTTP/1.0" 404 1181 "-" "Mozilla/5.0 (compatible; MJ12bot/v1.4.3; http://www.majestic12.co.uk/bot.php?+)"
91.225.123.2 - - [06/Sep/2012:10:18:36 +0200] "GET / HTTP/1.1" 200 23778 "-" "Mozilla/5.0 (compatible; MJ12bot/v1.4.3; http://www.majestic12.co.uk/bot.php?+)"
208.115.111.68 - - [06/Sep/2012:10:20:53 +0200] "GET /robots.txt HTTP/1.1" 404 1181 "-" "Mozilla/5.0 (compatible; Ezooms/1.0; ezooms.bot@gmail.com)"
37.140.141.19 - - [06/Sep/2012:10:45:24 +0200] "GET /hirek/090510/szuletesunnepe055_.jpg HTTP/1.1" 200 6152 "-" "Mozilla/5.0 (compatible; YandexImages/3.0; +http://yandex.com/bots)"
37.140.141.19 - - [06/Sep/2012:11:15:22 +0200] "GET /hirek/090510/szuletesunnepe011.jpg HTTP/1.1" 200 52497 "-" "Mozilla/5.0 (compatible; YandexImages/3.0; +http://yandex.com/bots)"
37.140.141.19 - - [06/Sep/2012:11:44:24 +0200] "GET /tm03.jpg HTTP/1.1" 200 2212 "-" "Mozilla/5.0 (compatible; YandexImages/3.0; +http://yandex.com/bots)"
37.140.141.19 - - [06/Sep/2012:12:13:18 +0200] "GET /tm01.jpg HTTP/1.1" 200 1080 "-" "Mozilla/5.0 (compatible; YandexImages/3.0; +http://yandex.com/bots)"
66.249.66.242 - - [06/Sep/2012:12:22:32 +0200] "GET /hirek/hirek101213.htm HTTP/1.1" 200 8671 "-" "Mozilla/5.0 (compatible; Googlebot/2.1; +http://www.google.com/bot.html)"
66.249.66.242 - - [06/Sep/2012:12:26:50 +0200] "GET /hirek/hirek091015.htm HTTP/1.1" 200 7046 "-" "Mozilla/5.0 (compatible; Googlebot/2.1; +http://www.google.com/bot.html)"
37.140.141.19 - - [06/Sep/2012:12:38:10 +0200] "GET /hirek/090510/szuletesunnepe078_.jpg HTTP/1.1" 200 5170 "-" "Mozilla/5.0 (compatible; YandexImages/3.0; +http://yandex.com/bots)"
66.249.66.242 - - [06/Sep/2012:13:02:16 +0200] "GET /hirek/hirek100804.htm HTTP/1.1" 200 8056 "-" "Mozilla/5.0 (compatible; Googlebot/2.1; +http://www.google.com/bot.html)"
37.140.141.19 - - [06/Sep/2012:13:03:07 +0200] "GET /nimfea_project_250x250.gif HTTP/1.1" 200 2986583 "-" "Mozilla/5.0 (compatible; YandexImages/3.0; +http://yandex.com/bots)"
131.253.47.154 - - [06/Sep/2012:13:06:28 +0200] "GET /robots.txt HTTP/1.1" 404 1181 "-" "Mozilla/5.0 (compatible; bingbot/2.0; +http://www.bing.com/bingbot.htm)"
66.249.66.242 - - [06/Sep/2012:13:22:56 +0200] "GET /hirek/hirek101027.htm HTTP/1.1" 200 9627 "-" "Mozilla/5.0 (compatible; Googlebot/2.1; +http://www.google.com/bot.html)"
37.140.141.19 - - [06/Sep/2012:13:31:45 +0200] "GET /robots.txt HTTP/1.1" 404 1181 "-" "Mozilla/5.0 (compatible; YandexImages/3.0; +http://yandex.com/bots)"
66.249.71.209 - - [06/Sep/2012:13:52:17 +0200] "GET /hirek/hirek091102.htm HTTP/1.1" 200 8538 "-" "Mozilla/5.0 (compatible; Googlebot/2.1; +http://www.google.com/bot.html)"
37.140.141.19 - - [06/Sep/2012:13:58:09 +0200] "GET /tm02.jpg HTTP/1.1" 200 1873 "-" "Mozilla/5.0 (compatible; YandexImages/3.0; +http://yandex.com/bots)"
66.249.71.209 - - [06/Sep/2012:14:02:22 +0200] "GET /hirek/hirek100728.htm HTTP/1.1" 200 7560 "-" "Mozilla/5.0 (compatible; Googlebot/2.1; +http://www.google.com/bot.html)"
37.140.141.19 - - [06/Sep/2012:14:22:43 +0200] "GET /fiok/images/index_14_14.JPG HTTP/1.1" 200 9305 "-" "Mozilla/5.0 (compatible; YandexImages/3.0; +http://yandex.com/bots)"
37.140.141.19 - - [06/Sep/2012:14:48:01 +0200] "GET /hirek/eszkozok/eszkoz2.jpg HTTP/1.1" 200 28386 "-" "Mozilla/5.0 (compatible; YandexImages/3.0; +http://yandex.com/bots)"
37.140.141.19 - - [06/Sep/2012:15:13:24 +0200] "GET /hirek/nca_logo.jpg HTTP/1.1" 200 4244 "-" "Mozilla/5.0 (compatible; YandexImages/3.0; +http://yandex.com/bots)"
37.140.141.19 - - [06/Sep/2012:15:38:23 +0200] "GET /tm03_.jpg HTTP/1.1" 200 1787 "-" "Mozilla/5.0 (compatible; YandexImages/3.0; +http://yandex.com/bots)"
37.140.141.19 - - [06/Sep/2012:16:04:19 +0200] "GET /hirek/090510/szuletesunnepe025_.jpg HTTP/1.1" 200 5268 "-" "Mozilla/5.0 (compatible; YandexImages/3.0; +http://yandex.com/bots)"
37.140.141.19 - - [06/Sep/2012:16:28:43 +0200] "GET /hirek/090510/szuletesunnepe066.jpg HTTP/1.1" 200 51997 "-" "Mozilla/5.0 (compatible; YandexImages/3.0; +http://yandex.com/bots)"
208.115.113.84 - - [06/Sep/2012:16:38:11 +0200] "GET /robots.txt HTTP/1.1" 404 1181 "-" "Mozilla/5.0 (compatible; Ezooms/1.0; ezooms.bot@gmail.com)"
208.115.113.84 - - [06/Sep/2012:16:52:45 +0200] "GET /fiok/ HTTP/1.1" 200 20554 "-" "Mozilla/5.0 (compatible; Ezooms/1.0; ezooms.bot@gmail.com)"
37.140.141.19 - - [06/Sep/2012:16:53:57 +0200] "GET /hirek/090510/szuletesunnepe075.jpg HTTP/1.1" 200 63297 "-" "Mozilla/5.0 (compatible; YandexImages/3.0; +http://yandex.com/bots)"
37.140.141.19 - - [06/Sep/2012:17:22:55 +0200] "GET /tm06_.jpg HTTP/1.1" 200 1382 "-" "Mozilla/5.0 (compatible; YandexImages/3.0; +http://yandex.com/bots)"
66.249.71.209 - - [06/Sep/2012:17:35:28 +0200] "GET /robots.txt HTTP/1.1" 404 1181 "-" "Mozilla/5.0 (compatible; Googlebot/2.1; +http://www.google.com/bot.html)"
66.249.71.209 - - [06/Sep/2012:17:35:29 +0200] "GET / HTTP/1.1" 200 23778 "-" "Mozilla/5.0 (iPhone; U; CPU iPhone OS 4_1 like Mac OS X; en-us) AppleWebKit/532.9 (KHTML, like Gecko) Version/4.0.5 Mobile/8B117 Safari/6531.22.7 (compatible; Googlebot-Mobile/2.1; +http://www.google.com/bot.html)"
37.140.141.19 - - [06/Sep/2012:17:47:27 +0200] "GET /hirek/090510/szuletesunnepe050.jpg HTTP/1.1" 200 61039 "-" "Mozilla/5.0 (compatible; YandexImages/3.0; +http://yandex.com/bots)"
37.140.141.19 - - [06/Sep/2012:18:12:52 +0200] "GET /hirek/090510/szuletesunnepe030_.jpg HTTP/1.1" 200 5352 "-" "Mozilla/5.0 (compatible; YandexImages/3.0; +http://yandex.com/bots)"
37.140.141.19 - - [06/Sep/2012:18:38:36 +0200] "GET /images/norway_grants_.jpg HTTP/1.1" 200 4440 "-" "Mozilla/5.0 (compatible; YandexImages/3.0; +http://yandex.com/bots)"
91.83.94.161 - - [06/Sep/2012:18:53:18 +0200] "GET /jog/jogszabalyok/1_erdo.pdf HTTP/1.1" 200 284314 "http://www.google.hu/url?sa=t&rct=j&q=%20berzence%20erd%C5%91birtokoss%C3%A1gi%20tagok%20jegyt%C3%A9ke&source=web&cd=2&ved=0CCoQFjAB&url=http%3A%2F%2Fwww.beklen.hu%2Fjog%2Fjogszabalyok%2F1_erdo.pdf&ei=3tRIUMkLgsm0BvCggfAO&usg=AFQjCNHz-UPHDhHJ7J5c2giVd91b1JOxWQ" "Mozilla/5.0 (Windows NT 5.1) AppleWebKit/537.1 (KHTML, like Gecko) Chrome/21.0.1180.89 Safari/537.1"
91.83.94.161 - - [06/Sep/2012:18:53:19 +0200] "GET /favicon.ico HTTP/1.1" 404 1181 "-" "Mozilla/5.0 (Windows NT 5.1) AppleWebKit/537.1 (KHTML, like Gecko) Chrome/21.0.1180.89 Safari/537.1"
91.83.94.161 - - [06/Sep/2012:18:53:19 +0200] "GET /jog/jogszabalyok/1_erdo.pdf HTTP/1.1" 206 32768 "http://www.beklen.hu/jog/jogszabalyok/1_erdo.pdf" "Mozilla/5.0 (Windows NT 5.1) AppleWebKit/537.1 (KHTML, like Gecko) Chrome/21.0.1180.89 Safari/537.1"
91.83.94.161 - - [06/Sep/2012:18:53:21 +0200] "GET /jog/jogszabalyok/1_erdo.pdf HTTP/1.1" 206 729026 "http://www.beklen.hu/jog/jogszabalyok/1_erdo.pdf" "Mozilla/5.0 (Windows NT 5.1) AppleWebKit/537.1 (KHTML, like Gecko) Chrome/21.0.1180.89 Safari/537.1"
91.83.94.161 - - [06/Sep/2012:18:53:22 +0200] "GET /favicon.ico HTTP/1.1" 404 1181 "-" "Mozilla/5.0 (Windows NT 5.1) AppleWebKit/537.1 (KHTML, like Gecko) Chrome/21.0.1180.89 Safari/537.1"
208.115.113.84 - - [06/Sep/2012:18:53:40 +0200] "GET /deutsch/stellen.htm HTTP/1.1" 200 6824 "-" "Mozilla/5.0 (compatible; Ezooms/1.0; ezooms.bot@gmail.com)"
37.140.141.19 - - [06/Sep/2012:19:03:58 +0200] "GET /jog/img/nca_logo_.png HTTP/1.1" 200 7180 "-" "Mozilla/5.0 (compatible; YandexImages/3.0; +http://yandex.com/bots)"
157.55.35.34 - - [06/Sep/2012:19:28:48 +0200] "GET /robots.txt HTTP/1.1" 404 1181 "-" "Mozilla/5.0 (compatible; bingbot/2.0; +http://www.bing.com/bingbot.htm)"
37.140.141.19 - - [06/Sep/2012:19:32:38 +0200] "GET /images/karpatok_.jpg HTTP/1.1" 200 15902 "-" "Mozilla/5.0 (compatible; YandexImages/3.0; +http://yandex.com/bots)"
157.55.35.34 - - [06/Sep/2012:19:36:48 +0200] "GET /deutsch/index.htm HTTP/1.1" 200 5324 "-" "Mozilla/5.0 (compatible; bingbot/2.0; +http://www.bing.com/bingbot.htm)"
37.140.141.19 - - [06/Sep/2012:20:01:31 +0200] "GET /hirek/090510/szuletesunnepe037.jpg HTTP/1.1" 200 72107 "-" "Mozilla/5.0 (compatible; YandexImages/3.0; +http://yandex.com/bots)"
37.140.141.19 - - [06/Sep/2012:20:28:09 +0200] "GET /english/e03.jpg HTTP/1.1" 200 1393 "-" "Mozilla/5.0 (compatible; YandexImages/3.0; +http://yandex.com/bots)"
37.140.141.19 - - [06/Sep/2012:20:58:39 +0200] "GET /hirek/090510/szuletesunnepe021.jpg HTTP/1.1" 200 58618 "-" "Mozilla/5.0 (compatible; YandexImages/3.0; +http://yandex.com/bots)"
66.249.66.178 - - [06/Sep/2012:21:12:23 +0200] "GET /hirek/hirek100225.htm HTTP/1.1" 200 7288 "-" "Mozilla/5.0 (compatible; Googlebot/2.1; +http://www.google.com/bot.html)"
37.140.141.19 - - [06/Sep/2012:21:30:15 +0200] "GET /hirek/090510/szuletesunnepe065_.jpg HTTP/1.1" 200 5503 "-" "Mozilla/5.0 (compatible; YandexImages/3.0; +http://yandex.com/bots)"
66.249.71.209 - - [06/Sep/2012:21:50:19 +0200] "GET /hirek/hirek090301.htm HTTP/1.1" 200 7022 "-" "Mozilla/5.0 (compatible; Googlebot/2.1; +http://www.google.com/bot.html)"
37.140.141.19 - - [06/Sep/2012:21:58:37 +0200] "GET /hirek/090510/szuletesunnepe044_.jpg HTTP/1.1" 200 5672 "-" "Mozilla/5.0 (compatible; YandexImages/3.0; +http://yandex.com/bots)"
66.249.66.178 - - [06/Sep/2012:22:23:12 +0200] "GET /hirek/hirek120120.htm HTTP/1.1" 200 6634 "-" "Mozilla/5.0 (compatible; Googlebot/2.1; +http://www.google.com/bot.html)"
208.115.111.68 - - [06/Sep/2012:22:24:30 +0200] "GET /robots.txt HTTP/1.1" 404 1181 "-" "Mozilla/5.0 (compatible; Ezooms/1.0; ezooms.bot@gmail.com)"
37.140.141.19 - - [06/Sep/2012:22:29:17 +0200] "GET /hirek/eszkozok/eszkoz4.jpg HTTP/1.1" 200 51541 "-" "Mozilla/5.0 (compatible; YandexImages/3.0; +http://yandex.com/bots)"
37.140.141.19 - - [06/Sep/2012:22:55:04 +0200] "GET /jog/img/magyar_cimer.png HTTP/1.1" 200 1900 "-" "Mozilla/5.0 (compatible; YandexImages/3.0; +http://yandex.com/bots)"
37.140.141.19 - - [06/Sep/2012:23:24:42 +0200] "GET /english/e01.jpg HTTP/1.1" 200 967 "-" "Mozilla/5.0 (compatible; YandexImages/3.0; +http://yandex.com/bots)"
66.249.66.178 - - [06/Sep/2012:23:27:40 +0200] "GET /hirek/hirek090428.htm HTTP/1.1" 304 - "-" "Mozilla/5.0 (iPhone; U; CPU iPhone OS 4_1 like Mac OS X; en-us) AppleWebKit/532.9 (KHTML, like Gecko) Version/4.0.5 Mobile/8B117 Safari/6531.22.7 (compatible; Googlebot-Mobile/2.1; +http://www.google.com/bot.html)"
66.249.66.178 - - [07/Sep/2012:00:02:45 +0200] "GET /hirek/hirek100420.htm HTTP/1.1" 200 7914 "-" "Mozilla/5.0 (compatible; Googlebot/2.1; +http://www.google.com/bot.html)"
66.249.66.178 - - [07/Sep/2012:00:10:41 +0200] "GET /hirek/hirek120207.htm HTTP/1.1" 200 6586 "-" "Mozilla/5.0 (compatible; Googlebot/2.1; +http://www.google.com/bot.html)"
178.154.210.252 - - [07/Sep/2012:00:15:39 +0200] "GET /robots.txt HTTP/1.1" 404 1181 "-" "Mozilla/5.0 (compatible; YandexBot/3.0; +http://yandex.com/bots)"
178.154.210.252 - - [07/Sep/2012:00:15:42 +0200] "GET /nca.htm HTTP/1.1" 200 7467 "-" "Mozilla/5.0 (compatible; YandexBot/3.0; +http://yandex.com/bots)"
208.115.113.84 - - [07/Sep/2012:00:22:27 +0200] "GET /robots.txt HTTP/1.1" 404 1181 "-" "Mozilla/5.0 (compatible; Ezooms/1.0; ezooms.bot@gmail.com)"
131.253.46.102 - - [07/Sep/2012:01:24:58 +0200] "GET /robots.txt HTTP/1.1" 404 1181 "-" "Mozilla/5.0 (compatible; bingbot/2.0; +http://www.bing.com/bingbot.htm)"
131.253.46.102 - - [07/Sep/2012:01:25:59 +0200] "GET /jog/adathozzaferes.htm HTTP/1.1" 200 13800 "-" "Mozilla/5.0 (compatible; bingbot/2.0; +http://www.bing.com/bingbot.htm)"
208.115.111.68 - - [07/Sep/2012:02:22:30 +0200] "GET /robots.txt HTTP/1.1" 404 1181 "-" "Mozilla/5.0 (compatible; Ezooms/1.0; ezooms.bot@gmail.com)"
208.115.113.84 - - [07/Sep/2012:02:46:51 +0200] "GET /fiok/program_reszek/turazas.htm HTTP/1.1" 200 22754 "-" "Mozilla/5.0 (compatible; Ezooms/1.0; ezooms.bot@gmail.com)"
180.76.5.190 - - [07/Sep/2012:03:00:28 +0200] "GET /fiok/index.html HTTP/1.1" 200 20554 "-" "Mozilla/5.0 (compatible; Baiduspider/2.0; +http://www.baidu.com/search/spider.html)"
180.76.5.138 - - [07/Sep/2012:03:00:30 +0200] "GET /fiok/ HTTP/1.1" 200 20554 "-" "Mozilla/5.0 (compatible; Baiduspider/2.0; +http://www.baidu.com/search/spider.html)"
208.115.111.68 - - [07/Sep/2012:05:05:17 +0200] "GET /hirek09_03.htm HTTP/1.1" 200 10726 "-" "Mozilla/5.0 (compatible; Ezooms/1.0; ezooms.bot@gmail.com)"
37.140.141.19 - - [07/Sep/2012:05:24:50 +0200] "GET /english/e04.jpg HTTP/1.1" 200 1124 "-" "Mozilla/5.0 (compatible; YandexImages/3.0; +http://yandex.com/bots)"
95.211.139.1 - - [07/Sep/2012:06:12:33 +0200] "GET /robots.txt HTTP/1.0" 404 1181 "-" "Mozilla/5.0 (compatible; AcoonBot/4.11.1; +http://www.acoon.de/robot.asp)"
95.211.139.1 - - [07/Sep/2012:06:12:34 +0200] "GET /fiok/ HTTP/1.0" 200 20554 "-" "Mozilla/5.0 (compatible; AcoonBot/4.11.1; +http://www.acoon.de/robot.asp)"
66.249.66.24 - - [07/Sep/2012:06:21:21 +0200] "GET /robots.txt HTTP/1.1" 404 1181 "-" "Mozilla/5.0 (compatible; Googlebot/2.1; +http://www.google.com/bot.html)"
66.249.66.24 - - [07/Sep/2012:06:21:21 +0200] "GET /hirek/Microsoft%20Word%20-%20csongradi%20duzzaszto%20velemeny%202009.06.11..doc.pdf HTTP/1.1" 200 321155 "-" "Mozilla/5.0 (compatible; Googlebot/2.1; +http://www.google.com/bot.html)"
178.255.215.69 - - [07/Sep/2012:06:44:47 +0200] "GET /robots.txt HTTP/1.1" 404 1181 "-" "Mozilla/5.0 (compatible; Exabot/3.0; +http://www.exabot.com/go/robot)"
178.255.215.69 - - [07/Sep/2012:06:44:47 +0200] "GET / HTTP/1.1" 200 23778 "-" "Mozilla/5.0 (compatible; Exabot/3.0; +http://www.exabot.com/go/robot)"
208.115.113.84 - - [07/Sep/2012:08:21:03 +0200] "GET /robots.txt HTTP/1.1" 404 1181 "-" "Mozilla/5.0 (compatible; Ezooms/1.0; ezooms.bot@gmail.com)"
180.76.5.110 - - [07/Sep/2012:08:57:41 +0200] "GET /fiok/program_reszek/taborok.htm HTTP/1.1" 200 23942 "-" "Mozilla/5.0 (compatible; Baiduspider/2.0; +http://www.baidu.com/search/spider.html)"
180.76.5.197 - - [07/Sep/2012:09:20:23 +0200] "GET /robots.txt HTTP/1.1" 404 1181 "-" "Mozilla/5.0 (compatible; Baiduspider/2.0; +http://www.baidu.com/search/spider.html)"
188.36.24.182 - - [07/Sep/2012:09:29:13 +0200] "GET / HTTP/1.1" 200 23778 "-" "Mozilla/5.0 (compatible; MSIE 9.0; Windows NT 6.1; WOW64; Trident/5.0)"
188.36.24.182 - - [07/Sep/2012:09:29:13 +0200] "GET /vill.cs HTTP/1.1" 200 2676 "http://beklen.hu/" "Mozilla/5.0 (compatible; MSIE 9.0; Windows NT 6.1; WOW64; Trident/5.0)"
188.36.24.182 - - [07/Sep/2012:09:29:13 +0200] "GET /vill.cs HTTP/1.1" 200 2676 "http://beklen.hu/" "Mozilla/5.0 (compatible; MSIE 9.0; Windows NT 6.1; WOW64; Trident/5.0)"
188.36.24.182 - - [07/Sep/2012:09:29:13 +0200] "GET /tm01.jpg HTTP/1.1" 200 1080 "http://beklen.hu/" "Mozilla/5.0 (compatible; MSIE 9.0; Windows NT 6.1; WOW64; Trident/5.0)"
188.36.24.182 - - [07/Sep/2012:09:29:13 +0200] "GET /lb/js/prototype.js HTTP/1.1" 200 0 "http://beklen.hu/" "Mozilla/5.0 (compatible; MSIE 9.0; Windows NT 6.1; WOW64; Trident/5.0)"
188.36.24.182 - - [07/Sep/2012:09:29:13 +0200] "GET /tm02.jpg HTTP/1.1" 200 1873 "http://beklen.hu/" "Mozilla/5.0 (compatible; MSIE 9.0; Windows NT 6.1; WOW64; Trident/5.0)"
188.36.24.182 - - [07/Sep/2012:09:29:13 +0200] "GET /lb/css/lightbox.css HTTP/1.1" 200 1715 "http://beklen.hu/" "Mozilla/5.0 (compatible; MSIE 9.0; Windows NT 6.1; WOW64; Trident/5.0)"
188.36.24.182 - - [07/Sep/2012:09:29:13 +0200] "GET /lb/js/scriptaculous.js?load=effects HTTP/1.1" 200 2152 "http://beklen.hu/" "Mozilla/5.0 (compatible; MSIE 9.0; Windows NT 6.1; WOW64; Trident/5.0)"
188.36.24.182 - - [07/Sep/2012:09:29:13 +0200] "GET /lb/js/lightbox.js HTTP/1.1" 200 23424 "http://beklen.hu/" "Mozilla/5.0 (compatible; MSIE 9.0; Windows NT 6.1; WOW64; Trident/5.0)"
188.36.24.182 - - [07/Sep/2012:09:29:13 +0200] "GET /tm05_.jpg HTTP/1.1" 200 1839 "http://beklen.hu/" "Mozilla/5.0 (compatible; MSIE 9.0; Windows NT 6.1; WOW64; Trident/5.0)"
188.36.24.182 - - [07/Sep/2012:09:29:13 +0200] "GET /tm03_.jpg HTTP/1.1" 200 1787 "http://beklen.hu/" "Mozilla/5.0 (compatible; MSIE 9.0; Windows NT 6.1; WOW64; Trident/5.0)"
188.36.24.182 - - [07/Sep/2012:09:29:13 +0200] "GET /tm04_.jpg HTTP/1.1" 200 2058 "http://beklen.hu/" "Mozilla/5.0 (compatible; MSIE 9.0; Windows NT 6.1; WOW64; Trident/5.0)"
188.36.24.182 - - [07/Sep/2012:09:29:13 +0200] "GET /tm06_.jpg HTTP/1.1" 200 1382 "http://beklen.hu/" "Mozilla/5.0 (compatible; MSIE 9.0; Windows NT 6.1; WOW64; Trident/5.0)"
188.36.24.182 - - [07/Sep/2012:09:29:13 +0200] "GET /tm07.jpg HTTP/1.1" 200 1007 "http://beklen.hu/" "Mozilla/5.0 (compatible; MSIE 9.0; Windows NT 6.1; WOW64; Trident/5.0)"
188.36.24.182 - - [07/Sep/2012:09:29:13 +0200] "GET /a1_projekt_tabla_infra_cs3_beklenhaz_.jpg HTTP/1.1" 200 8994 "http://beklen.hu/" "Mozilla/5.0 (compatible; MSIE 9.0; Windows NT 6.1; WOW64; Trident/5.0)"
188.36.24.182 - - [07/Sep/2012:09:29:13 +0200] "GET /lb/js/prototype.js HTTP/1.1" 200 47603 "http://beklen.hu/" "Mozilla/5.0 (compatible; MSIE 9.0; Windows NT 6.1; WOW64; Trident/5.0)"
188.36.24.182 - - [07/Sep/2012:09:29:13 +0200] "GET /jog_honlap_.jpg HTTP/1.1" 200 7186 "http://beklen.hu/" "Mozilla/5.0 (compatible; MSIE 9.0; Windows NT 6.1; WOW64; Trident/5.0)"
188.36.24.182 - - [07/Sep/2012:09:29:13 +0200] "GET /lb/js/effects.js HTTP/1.1" 200 31969 "http://beklen.hu/" "Mozilla/5.0 (compatible; MSIE 9.0; Windows NT 6.1; WOW64; Trident/5.0)"
188.36.24.182 - - [07/Sep/2012:09:29:13 +0200] "GET /bg.jpg HTTP/1.1" 200 566 "http://beklen.hu/" "Mozilla/5.0 (compatible; MSIE 9.0; Windows NT 6.1; WOW64; Trident/5.0)"
188.36.24.182 - - [07/Sep/2012:09:29:14 +0200] "GET /bottom_main.jpg HTTP/1.1" 200 96820 "http://beklen.hu/" "Mozilla/5.0 (compatible; MSIE 9.0; Windows NT 6.1; WOW64; Trident/5.0)"
188.36.24.182 - - [07/Sep/2012:09:29:14 +0200] "GET /tm05.jpg HTTP/1.1" 200 2253 "http://beklen.hu/" "Mozilla/5.0 (compatible; MSIE 9.0; Windows NT 6.1; WOW64; Trident/5.0)"
188.36.24.182 - - [07/Sep/2012:09:29:14 +0200] "GET /nimfea_project_250x250.gif HTTP/1.1" 200 2986583 "http://beklen.hu/" "Mozilla/5.0 (compatible; MSIE 9.0; Windows NT 6.1; WOW64; Trident/5.0)"
188.36.24.182 - - [07/Sep/2012:09:29:14 +0200] "GET /tm02_.jpg HTTP/1.1" 200 1524 "http://beklen.hu/" "Mozilla/5.0 (compatible; MSIE 9.0; Windows NT 6.1; WOW64; Trident/5.0)"
188.36.24.182 - - [07/Sep/2012:09:29:14 +0200] "GET /tm06.jpg HTTP/1.1" 200 1651 "http://beklen.hu/" "Mozilla/5.0 (compatible; MSIE 9.0; Windows NT 6.1; WOW64; Trident/5.0)"
188.36.24.182 - - [07/Sep/2012:09:29:14 +0200] "GET /tm04.jpg HTTP/1.1" 200 2613 "http://beklen.hu/" "Mozilla/5.0 (compatible; MSIE 9.0; Windows NT 6.1; WOW64; Trident/5.0)"
188.36.24.182 - - [07/Sep/2012:09:29:14 +0200] "GET /tm03.jpg HTTP/1.1" 200 2212 "http://beklen.hu/" "Mozilla/5.0 (compatible; MSIE 9.0; Windows NT 6.1; WOW64; Trident/5.0)"
188.36.24.182 - - [07/Sep/2012:09:29:14 +0200] "GET /lb/images/closelabel.gif HTTP/1.1" 200 222 "http://beklen.hu/" "Mozilla/5.0 (compatible; MSIE 9.0; Windows NT 6.1; WOW64; Trident/5.0)"
188.36.24.182 - - [07/Sep/2012:09:29:14 +0200] "GET /lb/images/loading.gif HTTP/1.1" 200 2767 "http://beklen.hu/" "Mozilla/5.0 (compatible; MSIE 9.0; Windows NT 6.1; WOW64; Trident/5.0)"
188.36.24.182 - - [07/Sep/2012:09:31:41 +0200] "GET /lb/images/blank.gif HTTP/1.1" 200 43 "http://beklen.hu/" "Mozilla/5.0 (compatible; MSIE 9.0; Windows NT 6.1; WOW64; Trident/5.0)"
188.36.24.182 - - [07/Sep/2012:10:08:19 +0200] "GET /magunkrol.htm HTTP/1.1" 200 9202 "http://beklen.hu/" "Mozilla/5.0 (compatible; MSIE 9.0; Windows NT 6.1; WOW64; Trident/5.0)"
188.36.24.182 - - [07/Sep/2012:10:08:19 +0200] "GET /bottom_.jpg HTTP/1.1" 200 93419 "http://beklen.hu/magunkrol.htm" "Mozilla/5.0 (compatible; MSIE 9.0; Windows NT 6.1; WOW64; Trident/5.0)"
208.115.113.84 - - [07/Sep/2012:10:45:23 +0200] "GET /jog/eseteink/dakar/index.htm HTTP/1.1" 200 10482 "-" "Mozilla/5.0 (compatible; Ezooms/1.0; ezooms.bot@gmail.com)"
157.55.32.184 - - [07/Sep/2012:10:51:24 +0200] "GET /robots.txt HTTP/1.1" 404 1181 "-" "Mozilla/5.0 (compatible; bingbot/2.0; +http://www.bing.com/bingbot.htm)"
37.140.141.19 - - [07/Sep/2012:11:24:41 +0200] "GET /hirek/090510/szuletesunnepe034.jpg HTTP/1.1" 200 55354 "-" "Mozilla/5.0 (compatible; YandexImages/3.0; +http://yandex.com/bots)"
131.253.47.177 - - [07/Sep/2012:11:42:08 +0200] "GET /jog/tippek.htm HTTP/1.1" 200 13697 "-" "Mozilla/5.0 (compatible; bingbot/2.0; +http://www.bing.com/bingbot.htm)"
72.30.142.237 - - [07/Sep/2012:11:42:33 +0200] "GET /robots.txt HTTP/1.0" 404 1181 "-" "Mozilla/5.0 (compatible; Yahoo! Slurp; http://help.yahoo.com/help/us/ysearch/slurp)"
131.253.46.102 - - [07/Sep/2012:13:03:54 +0200] "GET /robots.txt HTTP/1.1" 404 1181 "-" "Mozilla/5.0 (compatible; bingbot/2.0; +http://www.bing.com/bingbot.htm)"
131.253.46.102 - - [07/Sep/2012:13:07:45 +0200] "GET /jog/eseteink/poroszlo/poroszlo-zoldhatosag.pdf HTTP/1.1" 200 107018 "-" "Mozilla/5.0 (compatible; bingbot/2.0; +http://www.bing.com/bingbot.htm)"
131.253.47.177 - - [07/Sep/2012:13:27:33 +0200] "GET /jog/tippek.htm HTTP/1.1" 200 13697 "-" "Mozilla/5.0 (compatible; bingbot/2.0; +http://www.bing.com/bingbot.htm)"
66.249.66.60 - - [07/Sep/2012:17:00:03 +0200] "GET / HTTP/1.1" 200 23778 "-" "Mozilla/5.0 (compatible; Googlebot/2.1; +http://www.google.com/bot.html)"
66.249.66.115 - - [07/Sep/2012:17:06:29 +0200] "GET /robots.txt HTTP/1.1" 404 1181 "-" "Mozilla/5.0 (compatible; Googlebot/2.1; +http://www.google.com/bot.html)"
66.249.71.57 - - [07/Sep/2012:17:06:29 +0200] "GET / HTTP/1.1" 200 23778 "-" "Mozilla/5.0 (compatible; Googlebot/2.1; +http://www.google.com/bot.html)"
66.249.71.209 - - [07/Sep/2012:17:20:29 +0200] "GET /jog/eseteink/korosladany/index.htm HTTP/1.1" 304 - "-" "Mozilla/5.0 (compatible; Googlebot/2.1; +http://www.google.com/bot.html)"
178.154.210.252 - - [07/Sep/2012:17:29:39 +0200] "GET / HTTP/1.1" 200 23778 "-" "Mozilla/5.0 (compatible; YandexBot/3.0; +http://yandex.com/bots)"
66.249.71.209 - - [07/Sep/2012:18:20:23 +0200] "GET /jog/eseteink/autopalya/m85-itelet.pdf HTTP/1.1" 304 - "-" "Mozilla/5.0 (compatible; Googlebot/2.1; +http://www.google.com/bot.html)"
66.249.71.209 - - [07/Sep/2012:18:25:47 +0200] "GET /robots.txt HTTP/1.1" 404 1181 "-" "Mozilla/5.0 (compatible; Googlebot/2.1; +http://www.google.com/bot.html)"
66.249.66.60 - - [07/Sep/2012:18:25:47 +0200] "GET /jog/eseteink/autopalya/index.htm HTTP/1.1" 200 11311 "-" "Mozilla/5.0 (compatible; Googlebot/2.1; +http://www.google.com/bot.html)"
66.249.66.60 - - [07/Sep/2012:18:32:24 +0200] "GET /jog/eseteink/audi/gestdem_2011-3951_-_benedek_sallai_-_demande_confirmative.pdf HTTP/1.1" 304 - "-" "Mozilla/5.0 (compatible; Googlebot/2.1; +http://www.google.com/bot.html)"
66.249.66.60 - - [07/Sep/2012:18:39:15 +0200] "GET /fiok/fiok.html HTTP/1.1" 200 20723 "-" "Mozilla/5.0 (compatible; Googlebot/2.1; +http://www.google.com/bot.html)"
66.249.66.60 - - [07/Sep/2012:18:46:07 +0200] "GET /fiok/program_reszek/turazas.htm HTTP/1.1" 200 22754 "-" "Mozilla/5.0 (compatible; Googlebot/2.1; +http://www.google.com/bot.html)"
66.249.66.60 - - [07/Sep/2012:18:46:33 +0200] "GET /deutsch/kontakt.htm HTTP/1.1" 200 4769 "-" "Mozilla/5.0 (compatible; Googlebot/2.1; +http://www.google.com/bot.html)"
66.249.71.209 - - [07/Sep/2012:18:59:19 +0200] "GET /jog/eseteink/malom/index.htm HTTP/1.1" 304 - "-" "Mozilla/5.0 (compatible; Googlebot/2.1; +http://www.google.com/bot.html)"
66.249.71.209 - - [07/Sep/2012:19:02:08 +0200] "GET /jog/publikaciok.htm HTTP/1.1" 200 17866 "-" "Mozilla/5.0 (compatible; Googlebot/2.1; +http://www.google.com/bot.html)"
66.249.66.60 - - [07/Sep/2012:19:05:06 +0200] "GET /jog/eseteink/derekegyhaza/kotvife_kekto_3.pdf HTTP/1.1" 304 - "-" "Mozilla/5.0 (compatible; Googlebot/2.1; +http://www.google.com/bot.html)"
66.249.66.60 - - [07/Sep/2012:19:16:35 +0200] "GET /jog/jogszabalyok/7217_1997_kozhasznu.pdf HTTP/1.1" 200 330146 "-" "Mozilla/5.0 (compatible; Googlebot/2.1; +http://www.google.com/bot.html)"
66.249.66.60 - - [07/Sep/2012:19:21:48 +0200] "GET /ncta.htm HTTP/1.1" 304 - "-" "Mozilla/5.0 (compatible; Googlebot/2.1; +http://www.google.com/bot.html)"
66.249.66.60 - - [07/Sep/2012:19:28:48 +0200] "GET /khb/beklen_2009_kh_jelentes.pdf HTTP/1.1" 304 - "-" "Mozilla/5.0 (compatible; Googlebot/2.1; +http://www.google.com/bot.html)"
