178.154.210.252 - - [20/Sep/2012:11:10:58 +0200] "GET /hirek/hirek101213.htm HTTP/1.1" 304 - "-" "Mozilla/5.0 (compatible; YandexBot/3.0; +http://yandex.com/bots)"
139.18.2.209 - - [20/Sep/2012:11:59:06 +0200] "GET /hirek/hirek091015.htm HTTP/1.1" 200 7046 "-" "findlinks/2.6 (+http://wortschatz.uni-leipzig.de/findlinks/)"
130.83.167.153 - - [20/Sep/2012:12:07:40 +0200] "GET /hirek/hirek101025.htm HTTP/1.1" 200 8786 "-" "findlinks/2.6 (+http://wortschatz.uni-leipzig.de/findlinks/)"
178.154.210.252 - - [20/Sep/2012:12:09:24 +0200] "GET /hirarchivum.htm HTTP/1.1" 200 24981 "-" "Mozilla/5.0 (compatible; YandexBot/3.0; +http://yandex.com/bots)"
66.249.66.252 - - [20/Sep/2012:12:25:59 +0200] "GET /jog/eseteink/korosladany/panasz_rendorsegi_hatarozat_ellen.pdf HTTP/1.1" 304 - "-" "Mozilla/5.0 (compatible; Googlebot/2.1; +http://www.google.com/bot.html)"
178.154.210.252 - - [20/Sep/2012:13:00:30 +0200] "GET / HTTP/1.1" 200 23778 "-" "Mozilla/5.0 (compatible; YandexBot/3.0; +http://yandex.com/bots)"
66.249.66.252 - - [20/Sep/2012:13:05:23 +0200] "GET /jog/eseteink/audi/audi_gyor_restoration_measures11-15.pdf HTTP/1.1" 304 - "-" "Mozilla/5.0 (compatible; Googlebot/2.1; +http://www.google.com/bot.html)"
66.249.66.252 - - [20/Sep/2012:13:06:19 +0200] "GET /jog/eseteink/audi/europai%20bizottsag%20audi%20adatkikeres.pdf HTTP/1.1" 304 - "-" "Mozilla/5.0 (compatible; Googlebot/2.1; +http://www.google.com/bot.html)"
66.249.71.232 - - [20/Sep/2012:13:17:41 +0200] "GET /fiok/program_reszek/lovaglas.htm HTTP/1.1" 304 - "-" "Mozilla/5.0 (compatible; Googlebot/2.1; +http://www.google.com/bot.html)"
66.249.66.252 - - [20/Sep/2012:13:24:23 +0200] "GET /jog/eseteink/korosladany/elso_feljelentes_rendorsegnek.pdf HTTP/1.1" 304 - "-" "Mozilla/5.0 (compatible; Googlebot/2.1; +http://www.google.com/bot.html)"
178.154.210.252 - - [20/Sep/2012:13:25:04 +0200] "GET /hirek/hirek091103.htm HTTP/1.1" 200 7301 "-" "Mozilla/5.0 (compatible; YandexBot/3.0; +http://yandex.com/bots)"
66.249.71.232 - - [20/Sep/2012:13:27:41 +0200] "GET /fiok/mult.htm HTTP/1.1" 304 - "-" "Mozilla/5.0 (compatible; Googlebot/2.1; +http://www.google.com/bot.html)"
180.76.5.182 - - [20/Sep/2012:13:49:15 +0200] "GET /fiok/kornyezet.htm HTTP/1.1" 304 - "-" "Mozilla/5.0 (compatible; Baiduspider/2.0; +http://www.baidu.com/search/spider.html)"
66.249.66.252 - - [20/Sep/2012:13:57:54 +0200] "GET /jog/eseteink/dakar/dakar_0804_kdtktvf_engedely.pdf HTTP/1.1" 304 - "-" "Mozilla/5.0 (compatible; Googlebot/2.1; +http://www.google.com/bot.html)"
208.115.111.68 - - [20/Sep/2012:14:23:19 +0200] "GET /robots.txt HTTP/1.1" 404 1181 "-" "Mozilla/5.0 (compatible; Ezooms/1.0; ezooms.bot@gmail.com)"
178.154.210.252 - - [20/Sep/2012:14:30:46 +0200] "GET /hirek/hirek120207.htm HTTP/1.1" 304 - "-" "Mozilla/5.0 (compatible; YandexBot/3.0; +http://yandex.com/bots)"
178.154.210.252 - - [20/Sep/2012:14:46:18 +0200] "GET /magunkrol.htm HTTP/1.1" 200 9202 "-" "Mozilla/5.0 (compatible; YandexBot/3.0; +http://yandex.com/bots)"
208.115.113.84 - - [20/Sep/2012:16:22:58 +0200] "GET /robots.txt HTTP/1.1" 404 1181 "-" "Mozilla/5.0 (compatible; Ezooms/1.0; ezooms.bot@gmail.com)"
157.55.33.19 - - [20/Sep/2012:16:32:15 +0200] "GET /robots.txt HTTP/1.1" 404 1181 "-" "Mozilla/5.0 (compatible; bingbot/2.0; +http://www.bing.com/bingbot.htm)"
157.55.33.19 - - [20/Sep/2012:17:50:28 +0200] "GET /hirek/hirek100305.htm HTTP/1.1" 304 - "-" "Mozilla/5.0 (compatible; bingbot/2.0; +http://www.bing.com/bingbot.htm)"
139.18.2.17 - - [20/Sep/2012:17:56:52 +0200] "GET /hirek/hirek101213.htm HTTP/1.1" 200 8671 "-" "findlinks/2.6 (+http://wortschatz.uni-leipzig.de/findlinks/)"
208.115.113.84 - - [20/Sep/2012:18:28:53 +0200] "GET /hirek/hirek090215.htm HTTP/1.1" 200 9398 "-" "Mozilla/5.0 (compatible; Ezooms/1.0; ezooms.bot@gmail.com)"
139.18.2.17 - - [20/Sep/2012:18:34:19 +0200] "GET /hirek/hirek100225.htm HTTP/1.1" 200 7288 "-" "findlinks/2.6 (+http://wortschatz.uni-leipzig.de/findlinks/)"
178.154.210.252 - - [20/Sep/2012:19:58:21 +0200] "GET /hirek/hirek100420.htm HTTP/1.1" 304 - "-" "Mozilla/5.0 (compatible; YandexBot/3.0; +http://yandex.com/bots)"
85.195.101.146 - - [20/Sep/2012:20:04:53 +0200] "GET / HTTP/1.1" 200 23778 "http://domains.checkparams.com/index.php?q=beklen.hu" "Mozilla/5.0 (compatible; DCPbot/1.2; +http://domains.checkparams.com/)"
208.115.113.84 - - [20/Sep/2012:20:09:06 +0200] "GET /robots.txt HTTP/1.1" 404 1181 "-" "Mozilla/5.0 (compatible; Ezooms/1.0; ezooms.bot@gmail.com)"
66.249.66.252 - - [20/Sep/2012:20:54:21 +0200] "GET /robots.txt HTTP/1.1" 404 1181 "-" "Mozilla/5.0 (compatible; Googlebot/2.1; +http://www.google.com/bot.html)"
66.249.66.252 - - [20/Sep/2012:20:54:21 +0200] "GET /hirek/klimatv_civilcikk.doc HTTP/1.1" 200 78336 "-" "Mozilla/5.0 (compatible; Googlebot/2.1; +http://www.google.com/bot.html)"
139.18.2.17 - - [20/Sep/2012:21:56:19 +0200] "GET /programok.htm HTTP/1.1" 200 6444 "-" "findlinks/2.6 (+http://wortschatz.uni-leipzig.de/findlinks/)"
178.154.210.252 - - [20/Sep/2012:22:02:13 +0200] "GET /hirek/klimatv_civilcikk.doc HTTP/1.1" 200 78336 "-" "Mozilla/5.0 (compatible; YandexBot/3.0; +http://yandex.com/bots)"
208.115.111.68 - - [20/Sep/2012:22:26:51 +0200] "GET /robots.txt HTTP/1.1" 404 1181 "-" "Mozilla/5.0 (compatible; Ezooms/1.0; ezooms.bot@gmail.com)"
208.115.113.84 - - [20/Sep/2012:22:33:27 +0200] "GET /jog/eljarasokrol.htm HTTP/1.1" 200 14427 "-" "Mozilla/5.0 (compatible; Ezooms/1.0; ezooms.bot@gmail.com)"
31.4.245.68 - - [20/Sep/2012:22:47:33 +0200] "GET / HTTP/1.1" 200 23778 "-" "Java/1.4.1_04"
31.4.245.68 - - [20/Sep/2012:22:47:33 +0200] "GET /hirarchivum.htm HTTP/1.1" 200 24981 "-" "Java/1.4.1_04"
31.4.245.68 - - [20/Sep/2012:22:47:33 +0200] "GET /index.htm HTTP/1.1" 200 23778 "-" "Java/1.4.1_04"
31.4.245.68 - - [20/Sep/2012:22:47:34 +0200] "GET /kapcsolat.htm HTTP/1.1" 200 6889 "-" "Java/1.4.1_04"
31.4.245.68 - - [20/Sep/2012:22:47:34 +0200] "GET /magunkrol.htm HTTP/1.1" 200 9202 "-" "Java/1.4.1_04"
31.4.245.68 - - [20/Sep/2012:22:47:34 +0200] "GET /media.htm HTTP/1.1" 200 5208 "-" "Java/1.4.1_04"
31.4.245.68 - - [20/Sep/2012:22:47:34 +0200] "GET /programok.htm HTTP/1.1" 200 6444 "-" "Java/1.4.1_04"
31.4.245.68 - - [20/Sep/2012:22:47:35 +0200] "GET /vill.cs HTTP/1.1" 200 2676 "-" "Java/1.4.1_04"
31.4.245.68 - - [20/Sep/2012:22:47:35 +0200] "GET /hirek08_10.htm HTTP/1.1" 200 6946 "-" "Java/1.4.1_04"
31.4.245.68 - - [20/Sep/2012:22:47:35 +0200] "GET /hirek08_11.htm HTTP/1.1" 200 7253 "-" "Java/1.4.1_04"
31.4.245.68 - - [20/Sep/2012:22:47:35 +0200] "GET /hirek08_12.htm HTTP/1.1" 200 8268 "-" "Java/1.4.1_04"
31.4.245.68 - - [20/Sep/2012:22:47:35 +0200] "GET /hirek09_01.htm HTTP/1.1" 200 6841 "-" "Java/1.4.1_04"
31.4.245.68 - - [20/Sep/2012:22:47:36 +0200] "GET /hirek09_02.htm HTTP/1.1" 200 7450 "-" "Java/1.4.1_04"
31.4.245.68 - - [20/Sep/2012:22:47:36 +0200] "GET /hirek09_03.htm HTTP/1.1" 200 10726 "-" "Java/1.4.1_04"
31.4.245.68 - - [20/Sep/2012:22:47:36 +0200] "GET /&url=kapcsolat.htm HTTP/1.1" 404 1181 "-" "Java/1.4.1_04"
31.4.245.68 - - [20/Sep/2012:22:47:36 +0200] "GET /&url=programok.htm HTTP/1.1" 404 1181 "-" "Java/1.4.1_04"
31.4.245.68 - - [20/Sep/2012:22:47:37 +0200] "GET /&url=adomanyi.htm HTTP/1.1" 404 1181 "-" "Java/1.4.1_04"
31.4.245.68 - - [20/Sep/2012:22:47:37 +0200] "GET /bunt.htm HTTP/1.1" 200 5683 "-" "Java/1.4.1_04"
31.4.245.68 - - [20/Sep/2012:22:47:37 +0200] "GET /civilmuhely.htm HTTP/1.1" 200 8450 "-" "Java/1.4.1_04"
31.4.245.68 - - [20/Sep/2012:22:47:37 +0200] "GET /khb.htm HTTP/1.1" 200 8719 "-" "Java/1.4.1_04"
31.4.245.68 - - [20/Sep/2012:22:47:38 +0200] "GET /nca.htm HTTP/1.1" 200 7467 "-" "Java/1.4.1_04"
31.4.245.68 - - [20/Sep/2012:22:47:38 +0200] "GET /ncta.htm HTTP/1.1" 200 7221 "-" "Java/1.4.1_04"
31.4.245.68 - - [20/Sep/2012:22:47:38 +0200] "GET /nka.htm HTTP/1.1" 200 6221 "-" "Java/1.4.1_04"
31.4.245.68 - - [20/Sep/2012:22:47:38 +0200] "GET /szakmai.htm HTTP/1.1" 200 6054 "-" "Java/1.4.1_04"
31.4.245.68 - - [20/Sep/2012:22:47:39 +0200] "GET /ncta_a.htm HTTP/1.1" 200 7260 "-" "Java/1.4.1_04"
31.4.245.68 - - [20/Sep/2012:22:47:39 +0200] "GET /&url=civilmuhely.htm HTTP/1.1" 404 1181 "-" "Java/1.4.1_04"
31.4.245.68 - - [20/Sep/2012:22:47:39 +0200] "GET /&url=magunkrol.htm HTTP/1.1" 404 1181 "-" "Java/1.4.1_04"
31.4.245.68 - - [20/Sep/2012:22:47:39 +0200] "GET /nca04.htm HTTP/1.1" 200 16378 "-" "Java/1.4.1_04"
31.4.245.68 - - [20/Sep/2012:22:47:40 +0200] "GET /nca05.htm HTTP/1.1" 200 16412 "-" "Java/1.4.1_04"
31.4.245.68 - - [20/Sep/2012:22:47:48 +0200] "GET /nca06.htm HTTP/1.1" 200 19034 "-" "Java/1.4.1_04"
31.4.245.68 - - [20/Sep/2012:22:47:48 +0200] "GET /nca07.htm HTTP/1.1" 200 21968 "-" "Java/1.4.1_04"
31.4.245.68 - - [20/Sep/2012:22:47:49 +0200] "GET /nca08.htm HTTP/1.1" 200 21795 "-" "Java/1.4.1_04"
31.4.245.68 - - [20/Sep/2012:22:47:49 +0200] "GET /nca09.htm HTTP/1.1" 200 24315 "-" "Java/1.4.1_04"
31.4.245.68 - - [20/Sep/2012:22:47:49 +0200] "GET /nca10.htm HTTP/1.1" 200 16648 "-" "Java/1.4.1_04"
31.4.245.68 - - [20/Sep/2012:22:47:50 +0200] "GET /nca11.htm HTTP/1.1" 200 7133 "-" "Java/1.4.1_04"
31.4.245.68 - - [20/Sep/2012:22:47:50 +0200] "GET /kiadvanyok.htm HTTP/1.1" 200 8206 "-" "Java/1.4.1_04"
31.4.245.68 - - [20/Sep/2012:22:47:50 +0200] "GET /deutsch/index.htm HTTP/1.1" 200 5324 "-" "Java/1.4.1_04"
31.4.245.68 - - [20/Sep/2012:22:47:50 +0200] "GET /english/index.htm HTTP/1.1" 200 5262 "-" "Java/1.4.1_04"
31.4.245.68 - - [20/Sep/2012:22:47:51 +0200] "GET /fiok/index.html HTTP/1.1" 200 20554 "-" "Java/1.4.1_04"
31.4.245.68 - - [20/Sep/2012:22:47:51 +0200] "GET /hirek/hirek091015.htm HTTP/1.1" 200 7046 "-" "Java/1.4.1_04"
31.4.245.68 - - [20/Sep/2012:22:47:52 +0200] "GET /hirek/hirek091102.htm HTTP/1.1" 200 8538 "-" "Java/1.4.1_04"
31.4.245.68 - - [20/Sep/2012:22:47:52 +0200] "GET /hirek/hirek091103.htm HTTP/1.1" 200 7301 "-" "Java/1.4.1_04"
31.4.245.68 - - [20/Sep/2012:22:47:52 +0200] "GET /hirek/hirek091221.htm HTTP/1.1" 200 6740 "-" "Java/1.4.1_04"
31.4.245.68 - - [20/Sep/2012:22:47:52 +0200] "GET /hirek/hirek100225.htm HTTP/1.1" 200 7288 "-" "Java/1.4.1_04"
178.154.210.252 - - [20/Sep/2012:23:36:28 +0200] "GET /fiok/index.html HTTP/1.1" 200 20554 "-" "Mozilla/5.0 (compatible; YandexBot/3.0; +http://yandex.com/bots)"
66.249.66.252 - - [20/Sep/2012:23:38:40 +0200] "GET /kapcsolat.htm HTTP/1.1" 200 6889 "-" "Mozilla/5.0 (iPhone; U; CPU iPhone OS 4_1 like Mac OS X; en-us) AppleWebKit/532.9 (KHTML, like Gecko) Version/4.0.5 Mobile/8B117 Safari/6531.22.7 (compatible; Googlebot-Mobile/2.1; +http://www.google.com/bot.html)"
66.249.66.252 - - [20/Sep/2012:23:38:46 +0200] "GET /jog/eseteink/dakar/dakar_0804_kdvktvf_engedely.pdf HTTP/1.1" 304 - "-" "Mozilla/5.0 (compatible; Googlebot/2.1; +http://www.google.com/bot.html)"
66.249.66.252 - - [20/Sep/2012:23:42:55 +0200] "GET /felsorol.css HTTP/1.1" 200 240 "-" "Mozilla/5.0 (compatible; Googlebot/2.1; +http://www.google.com/bot.html)"
208.115.113.84 - - [21/Sep/2012:00:36:29 +0200] "GET /robots.txt HTTP/1.1" 404 1181 "-" "Mozilla/5.0 (compatible; Ezooms/1.0; ezooms.bot@gmail.com)"
66.249.66.252 - - [21/Sep/2012:00:47:56 +0200] "GET /fiok/program_reszek/taborok.htm HTTP/1.1" 304 - "-" "Mozilla/5.0 (compatible; Googlebot/2.1; +http://www.google.com/bot.html)"
66.249.71.57 - - [21/Sep/2012:00:56:13 +0200] "GET /robots.txt HTTP/1.1" 404 1181 "-" "Mozilla/5.0 (compatible; Googlebot/2.1; +http://www.google.com/bot.html)"
66.249.66.115 - - [21/Sep/2012:00:56:13 +0200] "GET /jog/jogszabalyok/2011_clxxv.pdf HTTP/1.1" 304 - "-" "Mozilla/5.0 (compatible; Googlebot/2.1; +http://www.google.com/bot.html)"
66.249.66.252 - - [21/Sep/2012:01:35:03 +0200] "GET /hirek/jelentkezesi_lap.doc HTTP/1.1" 304 - "-" "Mozilla/5.0 (compatible; Googlebot/2.1; +http://www.google.com/bot.html)"
178.154.210.252 - - [21/Sep/2012:01:48:15 +0200] "GET /hirek/hirek091015.htm HTTP/1.1" 200 7046 "-" "Mozilla/5.0 (compatible; YandexBot/3.0; +http://yandex.com/bots)"
178.154.210.252 - - [21/Sep/2012:01:54:35 +0200] "GET /robots.txt HTTP/1.1" 404 1181 "-" "Mozilla/5.0 (compatible; YandexBot/3.0; +http://yandex.com/bots)"
208.115.111.68 - - [21/Sep/2012:02:20:37 +0200] "GET /robots.txt HTTP/1.1" 404 1181 "-" "Mozilla/5.0 (compatible; Ezooms/1.0; ezooms.bot@gmail.com)"
208.115.113.84 - - [21/Sep/2012:02:45:05 +0200] "GET /hirek/hirek091103.htm HTTP/1.1" 200 7301 "-" "Mozilla/5.0 (compatible; Ezooms/1.0; ezooms.bot@gmail.com)"
208.115.113.84 - - [21/Sep/2012:02:45:07 +0200] "GET /hirek08_10.htm HTTP/1.1" 200 6946 "-" "Mozilla/5.0 (compatible; Ezooms/1.0; ezooms.bot@gmail.com)"
178.154.210.252 - - [21/Sep/2012:04:29:51 +0200] "GET /programok.htm HTTP/1.1" 200 6444 "-" "Mozilla/5.0 (compatible; YandexBot/3.0; +http://yandex.com/bots)"
208.115.113.84 - - [21/Sep/2012:04:30:37 +0200] "GET /robots.txt HTTP/1.1" 404 1181 "-" "Mozilla/5.0 (compatible; Ezooms/1.0; ezooms.bot@gmail.com)"
77.20.5.126 - - [21/Sep/2012:04:38:58 +0200] "GET /jog/zoldombudsman.htm HTTP/1.1" 200 13369 "-" "findlinks/2.0.2 (+http://wortschatz.uni-leipzig.de/findlinks/)"
66.249.66.252 - - [21/Sep/2012:06:30:42 +0200] "GET /jog/jogszabalyok/conventions_hu.pdf HTTP/1.1" 304 - "-" "Mozilla/5.0 (compatible; Googlebot/2.1; +http://www.google.com/bot.html)"
208.115.113.84 - - [21/Sep/2012:06:38:50 +0200] "GET /khb.htm HTTP/1.1" 200 8719 "-" "Mozilla/5.0 (compatible; Ezooms/1.0; ezooms.bot@gmail.com)"
178.154.210.252 - - [21/Sep/2012:06:52:22 +0200] "GET /hirek/hirek101027.htm HTTP/1.1" 304 - "-" "Mozilla/5.0 (compatible; YandexBot/3.0; +http://yandex.com/bots)"
66.249.66.252 - - [21/Sep/2012:07:22:26 +0200] "GET /hirek08_12.htm HTTP/1.1" 304 - "-" "Mozilla/5.0 (compatible; Googlebot/2.1; +http://www.google.com/bot.html)"
139.18.2.17 - - [21/Sep/2012:07:59:27 +0200] "GET /hirek/hirek091102.htm HTTP/1.1" 200 8538 "-" "findlinks/2.6 (+http://wortschatz.uni-leipzig.de/findlinks/)"
157.55.33.100 - - [21/Sep/2012:08:25:13 +0200] "GET /robots.txt HTTP/1.1" 404 1181 "-" "Mozilla/5.0 (compatible; bingbot/2.0; +http://www.bing.com/bingbot.htm)"
157.55.33.100 - - [21/Sep/2012:08:27:28 +0200] "GET / HTTP/1.1" 304 - "-" "Mozilla/5.0 (compatible; bingbot/2.0; +http://www.bing.com/bingbot.htm)"
66.249.66.252 - - [21/Sep/2012:08:37:01 +0200] "GET /hirek08_12.htm HTTP/1.1" 304 - "-" "Mozilla/5.0 (compatible; Googlebot/2.1; +http://www.google.com/bot.html)"
180.76.5.63 - - [21/Sep/2012:09:01:47 +0200] "GET /fiok/kapcsolat.htm HTTP/1.1" 304 - "-" "Mozilla/5.0 (compatible; Baiduspider/2.0; +http://www.baidu.com/search/spider.html)"
157.55.35.99 - - [21/Sep/2012:09:05:44 +0200] "GET /english/index.htm HTTP/1.1" 200 5262 "-" "Mozilla/5.0 (compatible; bingbot/2.0; +http://www.bing.com/bingbot.htm)"
139.18.2.17 - - [21/Sep/2012:09:49:54 +0200] "GET /ncta.htm HTTP/1.1" 200 7221 "-" "findlinks/2.6 (+http://wortschatz.uni-leipzig.de/findlinks/)"
80.98.215.124 - - [21/Sep/2012:10:18:55 +0200] "GET / HTTP/1.1" 200 23778 "http://www.google.hu/url?sa=t&rct=j&q=&esrc=s&source=web&cd=9&cad=rja&ved=0CGUQFjAI&url=http%3A%2F%2Fwww.beklen.hu%2F&ei=ziJcUNC6D5OGswaOqICYBg&usg=AFQjCNEP-2laihep9vegTwNlHcl4us-iaw&sig2=tBf8FC_8G2dFkI8a3wVTJQ" "Mozilla/5.0 (Windows NT 6.1; rv:15.0) Gecko/20100101 Firefox/15.0.1"
80.98.215.124 - - [21/Sep/2012:10:18:55 +0200] "GET /vill.cs HTTP/1.1" 200 2676 "http://www.beklen.hu/" "Mozilla/5.0 (Windows NT 6.1; rv:15.0) Gecko/20100101 Firefox/15.0.1"
80.98.215.124 - - [21/Sep/2012:10:18:55 +0200] "GET /lb/js/scriptaculous.js?load=effects HTTP/1.1" 200 2152 "http://www.beklen.hu/" "Mozilla/5.0 (Windows NT 6.1; rv:15.0) Gecko/20100101 Firefox/15.0.1"
80.98.215.124 - - [21/Sep/2012:10:18:55 +0200] "GET /tm01.jpg HTTP/1.1" 200 1080 "http://www.beklen.hu/" "Mozilla/5.0 (Windows NT 6.1; rv:15.0) Gecko/20100101 Firefox/15.0.1"
80.98.215.124 - - [21/Sep/2012:10:18:55 +0200] "GET /lb/js/lightbox.js HTTP/1.1" 200 23424 "http://www.beklen.hu/" "Mozilla/5.0 (Windows NT 6.1; rv:15.0) Gecko/20100101 Firefox/15.0.1"
80.98.215.124 - - [21/Sep/2012:10:18:55 +0200] "GET /lb/css/lightbox.css HTTP/1.1" 200 1715 "http://www.beklen.hu/" "Mozilla/5.0 (Windows NT 6.1; rv:15.0) Gecko/20100101 Firefox/15.0.1"
80.98.215.124 - - [21/Sep/2012:10:18:55 +0200] "GET /tm02.jpg HTTP/1.1" 200 1873 "http://www.beklen.hu/" "Mozilla/5.0 (Windows NT 6.1; rv:15.0) Gecko/20100101 Firefox/15.0.1"
80.98.215.124 - - [21/Sep/2012:10:18:55 +0200] "GET /tm03_.jpg HTTP/1.1" 200 1787 "http://www.beklen.hu/" "Mozilla/5.0 (Windows NT 6.1; rv:15.0) Gecko/20100101 Firefox/15.0.1"
80.98.215.124 - - [21/Sep/2012:10:18:55 +0200] "GET /tm04_.jpg HTTP/1.1" 200 2058 "http://www.beklen.hu/" "Mozilla/5.0 (Windows NT 6.1; rv:15.0) Gecko/20100101 Firefox/15.0.1"
80.98.215.124 - - [21/Sep/2012:10:18:55 +0200] "GET /tm05_.jpg HTTP/1.1" 200 1839 "http://www.beklen.hu/" "Mozilla/5.0 (Windows NT 6.1; rv:15.0) Gecko/20100101 Firefox/15.0.1"
80.98.215.124 - - [21/Sep/2012:10:18:55 +0200] "GET /tm06_.jpg HTTP/1.1" 200 1382 "http://www.beklen.hu/" "Mozilla/5.0 (Windows NT 6.1; rv:15.0) Gecko/20100101 Firefox/15.0.1"
80.98.215.124 - - [21/Sep/2012:10:18:55 +0200] "GET /tm07.jpg HTTP/1.1" 200 1007 "http://www.beklen.hu/" "Mozilla/5.0 (Windows NT 6.1; rv:15.0) Gecko/20100101 Firefox/15.0.1"
80.98.215.124 - - [21/Sep/2012:10:18:55 +0200] "GET /lb/js/prototype.js HTTP/1.1" 200 47603 "http://www.beklen.hu/" "Mozilla/5.0 (Windows NT 6.1; rv:15.0) Gecko/20100101 Firefox/15.0.1"
80.98.215.124 - - [21/Sep/2012:10:18:55 +0200] "GET /a1_projekt_tabla_infra_cs3_beklenhaz_.jpg HTTP/1.1" 200 8994 "http://www.beklen.hu/" "Mozilla/5.0 (Windows NT 6.1; rv:15.0) Gecko/20100101 Firefox/15.0.1"
80.98.215.124 - - [21/Sep/2012:10:18:55 +0200] "GET /jog_honlap_.jpg HTTP/1.1" 200 7186 "http://www.beklen.hu/" "Mozilla/5.0 (Windows NT 6.1; rv:15.0) Gecko/20100101 Firefox/15.0.1"
80.98.215.124 - - [21/Sep/2012:10:18:55 +0200] "GET /lb/js/effects.js HTTP/1.1" 200 31969 "http://www.beklen.hu/" "Mozilla/5.0 (Windows NT 6.1; rv:15.0) Gecko/20100101 Firefox/15.0.1"
80.98.215.124 - - [21/Sep/2012:10:18:56 +0200] "GET /bg.jpg HTTP/1.1" 200 566 "http://www.beklen.hu/" "Mozilla/5.0 (Windows NT 6.1; rv:15.0) Gecko/20100101 Firefox/15.0.1"
80.98.215.124 - - [21/Sep/2012:10:18:57 +0200] "GET /bottom_main.jpg HTTP/1.1" 200 96820 "http://www.beklen.hu/vill.cs" "Mozilla/5.0 (Windows NT 6.1; rv:15.0) Gecko/20100101 Firefox/15.0.1"
80.98.215.124 - - [21/Sep/2012:10:18:57 +0200] "GET /nimfea_project_250x250.gif HTTP/1.1" 200 2986583 "http://www.beklen.hu/" "Mozilla/5.0 (Windows NT 6.1; rv:15.0) Gecko/20100101 Firefox/15.0.1"
80.98.215.124 - - [21/Sep/2012:10:18:57 +0200] "GET /tm05.jpg HTTP/1.1" 200 2253 "http://www.beklen.hu/" "Mozilla/5.0 (Windows NT 6.1; rv:15.0) Gecko/20100101 Firefox/15.0.1"
80.98.215.124 - - [21/Sep/2012:10:18:57 +0200] "GET /lb/images/closelabel.gif HTTP/1.1" 200 222 "http://www.beklen.hu/" "Mozilla/5.0 (Windows NT 6.1; rv:15.0) Gecko/20100101 Firefox/15.0.1"
80.98.215.124 - - [21/Sep/2012:10:18:57 +0200] "GET /tm04.jpg HTTP/1.1" 200 2613 "http://www.beklen.hu/" "Mozilla/5.0 (Windows NT 6.1; rv:15.0) Gecko/20100101 Firefox/15.0.1"
80.98.215.124 - - [21/Sep/2012:10:18:57 +0200] "GET /tm06.jpg HTTP/1.1" 200 1651 "http://www.beklen.hu/" "Mozilla/5.0 (Windows NT 6.1; rv:15.0) Gecko/20100101 Firefox/15.0.1"
80.98.215.124 - - [21/Sep/2012:10:18:57 +0200] "GET /tm02_.jpg HTTP/1.1" 200 1524 "http://www.beklen.hu/" "Mozilla/5.0 (Windows NT 6.1; rv:15.0) Gecko/20100101 Firefox/15.0.1"
80.98.215.124 - - [21/Sep/2012:10:18:57 +0200] "GET /lb/images/loading.gif HTTP/1.1" 200 2767 "http://www.beklen.hu/" "Mozilla/5.0 (Windows NT 6.1; rv:15.0) Gecko/20100101 Firefox/15.0.1"
80.98.215.124 - - [21/Sep/2012:10:18:57 +0200] "GET /tm03.jpg HTTP/1.1" 200 2212 "http://www.beklen.hu/" "Mozilla/5.0 (Windows NT 6.1; rv:15.0) Gecko/20100101 Firefox/15.0.1"
80.98.215.124 - - [21/Sep/2012:10:18:57 +0200] "GET /favicon.ico HTTP/1.1" 404 1181 "-" "Mozilla/5.0 (Windows NT 6.1; rv:15.0) Gecko/20100101 Firefox/15.0.1"
80.98.215.124 - - [21/Sep/2012:10:19:15 +0200] "GET /a1_projekt_tabla_infra_cs3_beklenhaz.jpg HTTP/1.1" 200 73344 "http://www.beklen.hu/" "Mozilla/5.0 (Windows NT 6.1; rv:15.0) Gecko/20100101 Firefox/15.0.1"
178.154.210.252 - - [21/Sep/2012:10:25:29 +0200] "GET /english/index.htm HTTP/1.1" 200 5262 "-" "Mozilla/5.0 (compatible; YandexBot/3.0; +http://yandex.com/bots)"
157.55.33.100 - - [21/Sep/2012:11:05:33 +0200] "GET /robots.txt HTTP/1.1" 404 1181 "-" "Mozilla/5.0 (compatible; bingbot/2.0; +http://www.bing.com/bingbot.htm)"
157.55.35.99 - - [21/Sep/2012:11:09:30 +0200] "GET /hirek/hirek101027.htm HTTP/1.1" 200 9627 "-" "Mozilla/5.0 (compatible; bingbot/2.0; +http://www.bing.com/bingbot.htm)"
157.55.32.77 - - [21/Sep/2012:11:12:51 +0200] "GET /hirek/hirek100225.htm HTTP/1.1" 200 7288 "-" "Mozilla/5.0 (compatible; bingbot/2.0; +http://www.bing.com/bingbot.htm)"
157.55.33.22 - - [21/Sep/2012:11:22:23 +0200] "GET /hirek/hirek100728.htm HTTP/1.1" 200 7560 "-" "Mozilla/5.0 (compatible; bingbot/2.0; +http://www.bing.com/bingbot.htm)"
157.55.33.100 - - [21/Sep/2012:11:22:29 +0200] "GET /hirek/hirek120207.htm HTTP/1.1" 200 6586 "-" "Mozilla/5.0 (compatible; bingbot/2.0; +http://www.bing.com/bingbot.htm)"
157.55.35.99 - - [21/Sep/2012:11:22:37 +0200] "GET /jog/eljaraskezd.htm HTTP/1.1" 200 13730 "-" "Mozilla/5.0 (compatible; bingbot/2.0; +http://www.bing.com/bingbot.htm)"
157.55.35.99 - - [21/Sep/2012:11:22:45 +0200] "GET /jog/tarseljarasok.htm HTTP/1.1" 200 13316 "-" "Mozilla/5.0 (compatible; bingbot/2.0; +http://www.bing.com/bingbot.htm)"
157.55.35.99 - - [21/Sep/2012:11:22:49 +0200] "GET /hirek08_10.htm HTTP/1.1" 200 6946 "-" "Mozilla/5.0 (compatible; bingbot/2.0; +http://www.bing.com/bingbot.htm)"
157.55.35.99 - - [21/Sep/2012:11:22:53 +0200] "GET /hirek09_03.htm HTTP/1.1" 200 10726 "-" "Mozilla/5.0 (compatible; bingbot/2.0; +http://www.bing.com/bingbot.htm)"
157.55.35.99 - - [21/Sep/2012:11:22:56 +0200] "GET /jog/jogszabalyok/vadaszati_torveny.pdf HTTP/1.1" 200 34654 "-" "Mozilla/5.0 (compatible; bingbot/2.0; +http://www.bing.com/bingbot.htm)"
157.55.33.22 - - [21/Sep/2012:11:24:53 +0200] "GET /hirek/hirek100804.htm HTTP/1.1" 200 8056 "-" "Mozilla/5.0 (compatible; bingbot/2.0; +http://www.bing.com/bingbot.htm)"
88.198.200.8 - - [21/Sep/2012:11:30:06 +0200] "GET /robots.txt HTTP/1.0" 404 1181 "-" "Mozilla/5.0 (compatible; MJ12bot/v1.4.3; http://www.majestic12.co.uk/bot.php?+)"
88.198.200.8 - - [21/Sep/2012:11:30:22 +0200] "GET / HTTP/1.0" 200 23778 "-" "Mozilla/5.0 (compatible; MJ12bot/v1.4.3; http://www.majestic12.co.uk/bot.php?+)"
66.249.71.57 - - [21/Sep/2012:11:39:23 +0200] "GET /jog/jogszabalyok/348_2006.korm.rendelet.pdf HTTP/1.1" 304 - "-" "Mozilla/5.0 (compatible; Googlebot/2.1; +http://www.google.com/bot.html)"
131.253.47.191 - - [21/Sep/2012:11:40:20 +0200] "GET /hirek/hirek091221.htm HTTP/1.1" 200 6740 "-" "Mozilla/5.0 (compatible; bingbot/2.0; +http://www.bing.com/bingbot.htm)"
131.253.47.191 - - [21/Sep/2012:11:42:00 +0200] "GET /hirek/hirek100420.htm HTTP/1.1" 200 7914 "-" "Mozilla/5.0 (compatible; bingbot/2.0; +http://www.bing.com/bingbot.htm)"
157.55.33.22 - - [21/Sep/2012:11:43:38 +0200] "GET /hirek/hirek100810.htm HTTP/1.1" 200 8123 "-" "Mozilla/5.0 (compatible; bingbot/2.0; +http://www.bing.com/bingbot.htm)"
157.55.33.22 - - [21/Sep/2012:11:43:45 +0200] "GET /hirek/hirek120120.htm HTTP/1.1" 200 6634 "-" "Mozilla/5.0 (compatible; bingbot/2.0; +http://www.bing.com/bingbot.htm)"
157.55.33.22 - - [21/Sep/2012:11:43:50 +0200] "GET /jog/jogihatter.htm HTTP/1.1" 200 18691 "-" "Mozilla/5.0 (compatible; bingbot/2.0; +http://www.bing.com/bingbot.htm)"
157.55.33.22 - - [21/Sep/2012:11:43:54 +0200] "GET /jog/polgariper.htm HTTP/1.1" 200 13964 "-" "Mozilla/5.0 (compatible; bingbot/2.0; +http://www.bing.com/bingbot.htm)"
157.55.33.22 - - [21/Sep/2012:11:43:58 +0200] "GET /jog/eseteink/poroszlo/index.htm HTTP/1.1" 200 16861 "-" "Mozilla/5.0 (compatible; bingbot/2.0; +http://www.bing.com/bingbot.htm)"
131.253.47.191 - - [21/Sep/2012:11:48:23 +0200] "GET /jog/eseteink/korosladany/panasz_rendorsegi_hatarozat_ellen.pdf HTTP/1.1" 200 34654 "-" "Mozilla/5.0 (compatible; bingbot/2.0; +http://www.bing.com/bingbot.htm)"
157.55.33.100 - - [21/Sep/2012:11:55:20 +0200] "GET /jog/adathozzaferes.htm HTTP/1.1" 200 13800 "-" "Mozilla/5.0 (compatible; bingbot/2.0; +http://www.bing.com/bingbot.htm)"
157.55.33.100 - - [21/Sep/2012:11:56:49 +0200] "GET /jog/eseteink.htm HTTP/1.1" 200 17277 "-" "Mozilla/5.0 (compatible; bingbot/2.0; +http://www.bing.com/bingbot.htm)"
131.253.47.191 - - [21/Sep/2012:11:59:29 +0200] "GET /jog/publikaciok.htm HTTP/1.1" 200 17866 "-" "Mozilla/5.0 (compatible; bingbot/2.0; +http://www.bing.com/bingbot.htm)"
157.55.33.100 - - [21/Sep/2012:11:59:59 +0200] "GET /jog/index.htm HTTP/1.1" 200 13138 "-" "Mozilla/5.0 (compatible; bingbot/2.0; +http://www.bing.com/bingbot.htm)"
157.55.33.100 - - [21/Sep/2012:12:01:19 +0200] "GET /jog/ugyfeljogok.htm HTTP/1.1" 200 14279 "-" "Mozilla/5.0 (compatible; bingbot/2.0; +http://www.bing.com/bingbot.htm)"
157.55.33.100 - - [21/Sep/2012:12:10:25 +0200] "GET /jog/zoldombudsman.htm HTTP/1.1" 200 13369 "-" "Mozilla/5.0 (compatible; bingbot/2.0; +http://www.bing.com/bingbot.htm)"
157.55.32.164 - - [21/Sep/2012:12:10:25 +0200] "GET /hirek/hirek100305.htm HTTP/1.1" 200 7091 "-" "Mozilla/5.0 (compatible; bingbot/2.0; +http://www.bing.com/bingbot.htm)"
208.115.113.84 - - [21/Sep/2012:12:13:43 +0200] "GET /robots.txt HTTP/1.1" 404 1181 "-" "Mozilla/5.0 (compatible; Ezooms/1.0; ezooms.bot@gmail.com)"
131.253.47.191 - - [21/Sep/2012:12:24:31 +0200] "GET /jog/slapp.htm HTTP/1.1" 200 21314 "-" "Mozilla/5.0 (compatible; bingbot/2.0; +http://www.bing.com/bingbot.htm)"
157.55.32.164 - - [21/Sep/2012:12:24:31 +0200] "GET /hirek/hirek101025.htm HTTP/1.1" 200 8786 "-" "Mozilla/5.0 (compatible; bingbot/2.0; +http://www.bing.com/bingbot.htm)"
131.253.47.191 - - [21/Sep/2012:12:24:32 +0200] "GET /jog/tapasztalatszerzok.htm HTTP/1.1" 200 12148 "-" "Mozilla/5.0 (compatible; bingbot/2.0; +http://www.bing.com/bingbot.htm)"
157.55.32.164 - - [21/Sep/2012:12:24:32 +0200] "GET /hirek/hirek101213.htm HTTP/1.1" 200 8671 "-" "Mozilla/5.0 (compatible; bingbot/2.0; +http://www.bing.com/bingbot.htm)"
131.253.47.191 - - [21/Sep/2012:12:24:33 +0200] "GET /jog/tippek.htm HTTP/1.1" 200 13697 "-" "Mozilla/5.0 (compatible; bingbot/2.0; +http://www.bing.com/bingbot.htm)"
131.253.47.191 - - [21/Sep/2012:12:24:34 +0200] "GET /hirek08_11.htm HTTP/1.1" 200 7253 "-" "Mozilla/5.0 (compatible; bingbot/2.0; +http://www.bing.com/bingbot.htm)"
157.55.32.164 - - [21/Sep/2012:12:24:34 +0200] "GET /hirek/klimatv_civilcikk.doc HTTP/1.1" 200 78336 "-" "Mozilla/5.0 (compatible; bingbot/2.0; +http://www.bing.com/bingbot.htm)"
131.253.47.191 - - [21/Sep/2012:12:24:35 +0200] "GET /hirek09_02.htm HTTP/1.1" 200 7450 "-" "Mozilla/5.0 (compatible; bingbot/2.0; +http://www.bing.com/bingbot.htm)"
157.55.33.19 - - [21/Sep/2012:12:24:35 +0200] "GET /jog/rendorsegifeljelentes.htm HTTP/1.1" 200 13536 "-" "Mozilla/5.0 (compatible; bingbot/2.0; +http://www.bing.com/bingbot.htm)"
157.55.32.75 - - [21/Sep/2012:12:24:36 +0200] "GET /hirek/hirek091103.htm HTTP/1.1" 200 7301 "-" "Mozilla/5.0 (compatible; bingbot/2.0; +http://www.bing.com/bingbot.htm)"
157.55.32.75 - - [21/Sep/2012:12:24:37 +0200] "GET /hirek08_12.htm HTTP/1.1" 200 8268 "-" "Mozilla/5.0 (compatible; bingbot/2.0; +http://www.bing.com/bingbot.htm)"
157.55.32.164 - - [21/Sep/2012:12:24:38 +0200] "GET /jog/jogsegely.htm HTTP/1.1" 200 14053 "-" "Mozilla/5.0 (compatible; bingbot/2.0; +http://www.bing.com/bingbot.htm)"
157.55.32.75 - - [21/Sep/2012:12:24:38 +0200] "GET /hirek09_01.htm HTTP/1.1" 200 6841 "-" "Mozilla/5.0 (compatible; bingbot/2.0; +http://www.bing.com/bingbot.htm)"
157.55.32.164 - - [21/Sep/2012:12:24:39 +0200] "GET /jog/ugyeszsegek.htm HTTP/1.1" 200 13810 "-" "Mozilla/5.0 (compatible; bingbot/2.0; +http://www.bing.com/bingbot.htm)"
139.18.2.17 - - [21/Sep/2012:12:49:51 +0200] "GET /magunkrol.htm HTTP/1.1" 200 9202 "-" "findlinks/2.6 (+http://wortschatz.uni-leipzig.de/findlinks/)"
139.18.2.17 - - [21/Sep/2012:13:19:23 +0200] "GET /jog/tapasztalatszerzok.htm HTTP/1.1" 200 12148 "-" "findlinks/2.6 (+http://wortschatz.uni-leipzig.de/findlinks/)"
208.115.113.84 - - [21/Sep/2012:14:29:17 +0200] "GET /hirek/hirek091015.htm HTTP/1.1" 200 7046 "-" "Mozilla/5.0 (compatible; Ezooms/1.0; ezooms.bot@gmail.com)"
208.115.113.84 - - [21/Sep/2012:14:29:21 +0200] "GET /hirek/hirek101213.htm HTTP/1.1" 200 8671 "-" "Mozilla/5.0 (compatible; Ezooms/1.0; ezooms.bot@gmail.com)"
80.98.215.124 - - [21/Sep/2012:16:24:03 +0200] "GET /lb/js/scriptaculous.js?load=effects HTTP/1.1" 304 - "http://www.beklen.hu/" "Mozilla/5.0 (Windows NT 6.1; rv:15.0) Gecko/20100101 Firefox/15.0.1"
80.98.215.124 - - [21/Sep/2012:16:24:04 +0200] "GET /favicon.ico HTTP/1.1" 404 1181 "-" "Mozilla/5.0 (Windows NT 6.1; rv:15.0) Gecko/20100101 Firefox/15.0.1"
80.98.215.124 - - [21/Sep/2012:16:24:20 +0200] "GET /hirek/hirek101027.htm HTTP/1.1" 200 9627 "http://www.beklen.hu/" "Mozilla/5.0 (Windows NT 6.1; rv:15.0) Gecko/20100101 Firefox/15.0.1"
80.98.215.124 - - [21/Sep/2012:16:24:21 +0200] "GET /lb/js/scriptaculous.js?load=effects HTTP/1.1" 304 - "http://www.beklen.hu/hirek/hirek101027.htm" "Mozilla/5.0 (Windows NT 6.1; rv:15.0) Gecko/20100101 Firefox/15.0.1"
80.98.215.124 - - [21/Sep/2012:16:24:21 +0200] "GET /hirek/printscreenek/banner_emisszio.jpg HTTP/1.1" 200 103015 "http://www.beklen.hu/hirek/hirek101027.htm" "Mozilla/5.0 (Windows NT 6.1; rv:15.0) Gecko/20100101 Firefox/15.0.1"
80.98.215.124 - - [21/Sep/2012:16:24:21 +0200] "GET /hirek/printscreenek/banner_mkne.jpg HTTP/1.1" 200 70862 "http://www.beklen.hu/hirek/hirek101027.htm" "Mozilla/5.0 (Windows NT 6.1; rv:15.0) Gecko/20100101 Firefox/15.0.1"
80.98.215.124 - - [21/Sep/2012:16:24:21 +0200] "GET /hirek/printscreenek/Magosfa.jpg HTTP/1.1" 200 73726 "http://www.beklen.hu/hirek/hirek101027.htm" "Mozilla/5.0 (Windows NT 6.1; rv:15.0) Gecko/20100101 Firefox/15.0.1"
80.98.215.124 - - [21/Sep/2012:16:24:21 +0200] "GET /hirek/printscreenek/banner_humusz2.jpg HTTP/1.1" 200 80222 "http://www.beklen.hu/hirek/hirek101027.htm" "Mozilla/5.0 (Windows NT 6.1; rv:15.0) Gecko/20100101 Firefox/15.0.1"
80.98.215.124 - - [21/Sep/2012:16:24:21 +0200] "GET /hirek/printscreenek/banner_kothalo.jpg HTTP/1.1" 200 82838 "http://www.beklen.hu/hirek/hirek101027.htm" "Mozilla/5.0 (Windows NT 6.1; rv:15.0) Gecko/20100101 Firefox/15.0.1"
80.98.215.124 - - [21/Sep/2012:16:24:21 +0200] "GET /hirek/printscreenek/banner_zoldkor.jpg HTTP/1.1" 200 83308 "http://www.beklen.hu/hirek/hirek101027.htm" "Mozilla/5.0 (Windows NT 6.1; rv:15.0) Gecko/20100101 Firefox/15.0.1"
80.98.215.124 - - [21/Sep/2012:16:24:21 +0200] "GET /images/nfuszolnoknorveg.JPG HTTP/1.1" 200 13113 "http://www.beklen.hu/hirek/hirek101027.htm" "Mozilla/5.0 (Windows NT 6.1; rv:15.0) Gecko/20100101 Firefox/15.0.1"
80.98.215.124 - - [21/Sep/2012:16:24:26 +0200] "GET /lb/images/blank.gif HTTP/1.1" 200 43 "http://www.beklen.hu/lb/css/lightbox.css" "Mozilla/5.0 (Windows NT 6.1; rv:15.0) Gecko/20100101 Firefox/15.0.1"
80.98.215.124 - - [21/Sep/2012:16:24:26 +0200] "GET /lb/images/nextlabel.gif HTTP/1.1" 200 305 "http://www.beklen.hu/lb/css/lightbox.css" "Mozilla/5.0 (Windows NT 6.1; rv:15.0) Gecko/20100101 Firefox/15.0.1"
80.98.215.124 - - [21/Sep/2012:16:24:44 +0200] "GET /hirek/fiok/index.html HTTP/1.1" 404 1181 "http://www.beklen.hu/hirek/hirek101027.htm" "Mozilla/5.0 (Windows NT 6.1; rv:15.0) Gecko/20100101 Firefox/15.0.1"
208.115.113.84 - - [21/Sep/2012:16:26:18 +0200] "GET /robots.txt HTTP/1.1" 404 1181 "-" "Mozilla/5.0 (compatible; Ezooms/1.0; ezooms.bot@gmail.com)"
80.98.215.124 - - [21/Sep/2012:16:31:54 +0200] "GET /lb/js/scriptaculous.js?load=effects HTTP/1.1" 304 - "http://www.beklen.hu/" "Mozilla/5.0 (Windows NT 6.1; rv:15.0) Gecko/20100101 Firefox/15.0.1"
80.98.215.124 - - [21/Sep/2012:16:32:05 +0200] "GET /magunkrol.htm HTTP/1.1" 200 9202 "http://www.beklen.hu/" "Mozilla/5.0 (Windows NT 6.1; rv:15.0) Gecko/20100101 Firefox/15.0.1"
80.98.215.124 - - [21/Sep/2012:16:32:06 +0200] "GET /bottom_.jpg HTTP/1.1" 200 93419 "http://www.beklen.hu/vill.cs" "Mozilla/5.0 (Windows NT 6.1; rv:15.0) Gecko/20100101 Firefox/15.0.1"
80.98.215.124 - - [21/Sep/2012:16:32:14 +0200] "GET /programok.htm HTTP/1.1" 200 6444 "http://www.beklen.hu/" "Mozilla/5.0 (Windows NT 6.1; rv:15.0) Gecko/20100101 Firefox/15.0.1"
80.98.215.124 - - [21/Sep/2012:16:32:29 +0200] "GET /hirek/hirek120207.htm HTTP/1.1" 200 6586 "http://www.beklen.hu/" "Mozilla/5.0 (Windows NT 6.1; rv:15.0) Gecko/20100101 Firefox/15.0.1"
80.98.215.124 - - [21/Sep/2012:16:32:29 +0200] "GET /hirek/jogi.jpg HTTP/1.1" 200 26142 "http://www.beklen.hu/hirek/hirek120207.htm" "Mozilla/5.0 (Windows NT 6.1; rv:15.0) Gecko/20100101 Firefox/15.0.1"
80.98.215.124 - - [21/Sep/2012:16:32:29 +0200] "GET /hirek/szines_vm_logo.jpg HTTP/1.1" 200 9207 "http://www.beklen.hu/hirek/hirek120207.htm" "Mozilla/5.0 (Windows NT 6.1; rv:15.0) Gecko/20100101 Firefox/15.0.1"
80.98.215.124 - - [21/Sep/2012:16:32:29 +0200] "GET /hirek/nca_logo.jpg HTTP/1.1" 200 4244 "http://www.beklen.hu/hirek/hirek120207.htm" "Mozilla/5.0 (Windows NT 6.1; rv:15.0) Gecko/20100101 Firefox/15.0.1"
80.98.215.124 - - [21/Sep/2012:16:32:40 +0200] "GET /lb/js/scriptaculous.js?load=effects HTTP/1.1" 304 - "http://www.beklen.hu/hirek/hirek101027.htm" "Mozilla/5.0 (Windows NT 6.1; rv:15.0) Gecko/20100101 Firefox/15.0.1"
80.98.215.124 - - [21/Sep/2012:16:33:18 +0200] "GET /hirek/hirek101025.htm HTTP/1.1" 200 8786 "http://www.beklen.hu/" "Mozilla/5.0 (Windows NT 6.1; rv:15.0) Gecko/20100101 Firefox/15.0.1"
80.98.215.124 - - [21/Sep/2012:16:33:18 +0200] "GET /lb/js/scriptaculous.js?load=effects HTTP/1.1" 304 - "http://www.beklen.hu/hirek/hirek101025.htm" "Mozilla/5.0 (Windows NT 6.1; rv:15.0) Gecko/20100101 Firefox/15.0.1"
80.98.215.124 - - [21/Sep/2012:16:33:19 +0200] "GET /hirek/printscreenek/oktatokozpont.JPG HTTP/1.1" 200 119626 "http://www.beklen.hu/hirek/hirek101025.htm" "Mozilla/5.0 (Windows NT 6.1; rv:15.0) Gecko/20100101 Firefox/15.0.1"
80.98.215.124 - - [21/Sep/2012:16:33:21 +0200] "GET /hirek/fiok/index.html HTTP/1.1" 404 1181 "http://www.beklen.hu/hirek/hirek101025.htm" "Mozilla/5.0 (Windows NT 6.1; rv:15.0) Gecko/20100101 Firefox/15.0.1"
80.98.215.124 - - [21/Sep/2012:16:33:23 +0200] "GET /lb/images/prevlabel.gif HTTP/1.1" 200 307 "http://www.beklen.hu/lb/css/lightbox.css" "Mozilla/5.0 (Windows NT 6.1; rv:15.0) Gecko/20100101 Firefox/15.0.1"
80.98.215.124 - - [21/Sep/2012:16:33:29 +0200] "GET /fiok/index.html HTTP/1.1" 200 20554 "http://www.beklen.hu/hirek/hirek101025.htm" "Mozilla/5.0 (Windows NT 6.1; rv:15.0) Gecko/20100101 Firefox/15.0.1"
80.98.215.124 - - [21/Sep/2012:16:33:29 +0200] "GET /fiok/css/lightbox.css HTTP/1.1" 200 1715 "http://www.beklen.hu/fiok/index.html" "Mozilla/5.0 (Windows NT 6.1; rv:15.0) Gecko/20100101 Firefox/15.0.1"
80.98.215.124 - - [21/Sep/2012:16:33:29 +0200] "GET /fiok/css/js/scriptaculous.js?load=effects HTTP/1.1" 200 2152 "http://www.beklen.hu/fiok/index.html" "Mozilla/5.0 (Windows NT 6.1; rv:15.0) Gecko/20100101 Firefox/15.0.1"
80.98.215.124 - - [21/Sep/2012:16:33:29 +0200] "GET /fiok/css/js/lightbox.js HTTP/1.1" 200 23424 "http://www.beklen.hu/fiok/index.html" "Mozilla/5.0 (Windows NT 6.1; rv:15.0) Gecko/20100101 Firefox/15.0.1"
80.98.215.124 - - [21/Sep/2012:16:33:29 +0200] "GET /fiok/images/index_02_02.JPG HTTP/1.1" 200 1178 "http://www.beklen.hu/fiok/index.html" "Mozilla/5.0 (Windows NT 6.1; rv:15.0) Gecko/20100101 Firefox/15.0.1"
80.98.215.124 - - [21/Sep/2012:16:33:29 +0200] "GET /fiok/images/index_11.gif HTTP/1.1" 200 74 "http://www.beklen.hu/fiok/index.html" "Mozilla/5.0 (Windows NT 6.1; rv:15.0) Gecko/20100101 Firefox/15.0.1"
80.98.215.124 - - [21/Sep/2012:16:33:29 +0200] "GET /fiok/images/index_12_12.JPG HTTP/1.1" 200 985 "http://www.beklen.hu/fiok/index.html" "Mozilla/5.0 (Windows NT 6.1; rv:15.0) Gecko/20100101 Firefox/15.0.1"
80.98.215.124 - - [21/Sep/2012:16:33:29 +0200] "GET /fiok/images/index_13.gif HTTP/1.1" 200 149 "http://www.beklen.hu/fiok/index.html" "Mozilla/5.0 (Windows NT 6.1; rv:15.0) Gecko/20100101 Firefox/15.0.1"
80.98.215.124 - - [21/Sep/2012:16:33:29 +0200] "GET /fiok/images/index_14_14.JPG HTTP/1.1" 200 9305 "http://www.beklen.hu/fiok/index.html" "Mozilla/5.0 (Windows NT 6.1; rv:15.0) Gecko/20100101 Firefox/15.0.1"
80.98.215.124 - - [21/Sep/2012:16:33:29 +0200] "GET /fiok/images/index_15_15.JPG HTTP/1.1" 200 20275 "http://www.beklen.hu/fiok/index.html" "Mozilla/5.0 (Windows NT 6.1; rv:15.0) Gecko/20100101 Firefox/15.0.1"
80.98.215.124 - - [21/Sep/2012:16:33:29 +0200] "GET /fiok/images/index_16_16.JPG HTTP/1.1" 200 13468 "http://www.beklen.hu/fiok/index.html" "Mozilla/5.0 (Windows NT 6.1; rv:15.0) Gecko/20100101 Firefox/15.0.1"
80.98.215.124 - - [21/Sep/2012:16:33:29 +0200] "GET /fiok/images/index_17_17.jpg HTTP/1.1" 200 2374 "http://www.beklen.hu/fiok/index.html" "Mozilla/5.0 (Windows NT 6.1; rv:15.0) Gecko/20100101 Firefox/15.0.1"
80.98.215.124 - - [21/Sep/2012:16:33:30 +0200] "GET /fiok/images/index_18_18.JPG HTTP/1.1" 200 15778 "http://www.beklen.hu/fiok/index.html" "Mozilla/5.0 (Windows NT 6.1; rv:15.0) Gecko/20100101 Firefox/15.0.1"
80.98.215.124 - - [21/Sep/2012:16:33:30 +0200] "GET /fiok/images/index_19_19.JPG HTTP/1.1" 200 3123 "http://www.beklen.hu/fiok/index.html" "Mozilla/5.0 (Windows NT 6.1; rv:15.0) Gecko/20100101 Firefox/15.0.1"
80.98.215.124 - - [21/Sep/2012:16:33:30 +0200] "GET /fiok/images/index_21_21.JPG HTTP/1.1" 404 1181 "http://www.beklen.hu/fiok/index.html" "Mozilla/5.0 (Windows NT 6.1; rv:15.0) Gecko/20100101 Firefox/15.0.1"
80.98.215.124 - - [21/Sep/2012:16:33:30 +0200] "GET /fiok/images/szovegkep.JPG HTTP/1.1" 200 12792 "http://www.beklen.hu/fiok/index.html" "Mozilla/5.0 (Windows NT 6.1; rv:15.0) Gecko/20100101 Firefox/15.0.1"
80.98.215.124 - - [21/Sep/2012:16:33:30 +0200] "GET /fiok/images/index_25_25.jpg HTTP/1.1" 200 4960 "http://www.beklen.hu/fiok/index.html" "Mozilla/5.0 (Windows NT 6.1; rv:15.0) Gecko/20100101 Firefox/15.0.1"
80.98.215.124 - - [21/Sep/2012:16:33:30 +0200] "GET /fiok/images/index_27_27.jpg HTTP/1.1" 200 12876 "http://www.beklen.hu/fiok/index.html" "Mozilla/5.0 (Windows NT 6.1; rv:15.0) Gecko/20100101 Firefox/15.0.1"
80.98.215.124 - - [21/Sep/2012:16:33:30 +0200] "GET /fiok/images/index_26.gif HTTP/1.1" 200 121 "http://www.beklen.hu/fiok/index.html" "Mozilla/5.0 (Windows NT 6.1; rv:15.0) Gecko/20100101 Firefox/15.0.1"
80.98.215.124 - - [21/Sep/2012:16:33:30 +0200] "GET /fiok/images/spacer.gif HTTP/1.1" 200 43 "http://www.beklen.hu/fiok/index.html" "Mozilla/5.0 (Windows NT 6.1; rv:15.0) Gecko/20100101 Firefox/15.0.1"
80.98.215.124 - - [21/Sep/2012:16:33:30 +0200] "GET /fiok/images/a4a.jpg HTTP/1.1" 200 524 "http://www.beklen.hu/fiok/index.html" "Mozilla/5.0 (Windows NT 6.1; rv:15.0) Gecko/20100101 Firefox/15.0.1"
80.98.215.124 - - [21/Sep/2012:16:33:30 +0200] "GET /fiok/images/c4c.jpg HTTP/1.1" 200 524 "http://www.beklen.hu/fiok/index.html" "Mozilla/5.0 (Windows NT 6.1; rv:15.0) Gecko/20100101 Firefox/15.0.1"
80.98.215.124 - - [21/Sep/2012:16:33:30 +0200] "GET /fiok/images/b4b.jpg HTTP/1.1" 200 524 "http://www.beklen.hu/fiok/index.html" "Mozilla/5.0 (Windows NT 6.1; rv:15.0) Gecko/20100101 Firefox/15.0.1"
80.98.215.124 - - [21/Sep/2012:16:33:30 +0200] "GET /fiok/images/d4d.jpg HTTP/1.1" 200 524 "http://www.beklen.hu/fiok/index.html" "Mozilla/5.0 (Windows NT 6.1; rv:15.0) Gecko/20100101 Firefox/15.0.1"
80.98.215.124 - - [21/Sep/2012:16:33:30 +0200] "GET /fiok/images/e4e.jpg HTTP/1.1" 200 524 "http://www.beklen.hu/fiok/index.html" "Mozilla/5.0 (Windows NT 6.1; rv:15.0) Gecko/20100101 Firefox/15.0.1"
80.98.215.124 - - [21/Sep/2012:16:33:30 +0200] "GET /fiok/css/js/prototype.js HTTP/1.1" 200 47603 "http://www.beklen.hu/fiok/index.html" "Mozilla/5.0 (Windows NT 6.1; rv:15.0) Gecko/20100101 Firefox/15.0.1"
80.98.215.124 - - [21/Sep/2012:16:33:30 +0200] "GET /fiok/css/js/effects.js HTTP/1.1" 200 31969 "http://www.beklen.hu/fiok/index.html" "Mozilla/5.0 (Windows NT 6.1; rv:15.0) Gecko/20100101 Firefox/15.0.1"
80.98.215.124 - - [21/Sep/2012:16:33:30 +0200] "GET /fiok/images/b12.jpg HTTP/1.1" 200 544 "http://www.beklen.hu/fiok/index.html" "Mozilla/5.0 (Windows NT 6.1; rv:15.0) Gecko/20100101 Firefox/15.0.1"
80.98.215.124 - - [21/Sep/2012:16:33:30 +0200] "GET /fiok/images/index_21_21.JPG HTTP/1.1" 404 1181 "http://www.beklen.hu/fiok/index.html" "Mozilla/5.0 (Windows NT 6.1; rv:15.0) Gecko/20100101 Firefox/15.0.1"
80.98.215.124 - - [21/Sep/2012:16:33:30 +0200] "GET /fiok/images/index_22.gif HTTP/1.1" 200 227 "http://www.beklen.hu/fiok/index.html" "Mozilla/5.0 (Windows NT 6.1; rv:15.0) Gecko/20100101 Firefox/15.0.1"
80.98.215.124 - - [21/Sep/2012:16:33:30 +0200] "GET /fiok/images/index_24.gif HTTP/1.1" 200 227 "http://www.beklen.hu/fiok/index.html" "Mozilla/5.0 (Windows NT 6.1; rv:15.0) Gecko/20100101 Firefox/15.0.1"
80.98.215.124 - - [21/Sep/2012:16:33:30 +0200] "GET /fiok/images/index_28.gif HTTP/1.1" 200 262 "http://www.beklen.hu/fiok/index.html" "Mozilla/5.0 (Windows NT 6.1; rv:15.0) Gecko/20100101 Firefox/15.0.1"
80.98.215.124 - - [21/Sep/2012:16:33:43 +0200] "GET /fiok/programok.htm HTTP/1.1" 200 18165 "http://www.beklen.hu/fiok/index.html" "Mozilla/5.0 (Windows NT 6.1; rv:15.0) Gecko/20100101 Firefox/15.0.1"
80.98.215.124 - - [21/Sep/2012:16:33:44 +0200] "GET /fiok/images/index_25.gif HTTP/1.1" 200 708 "http://www.beklen.hu/fiok/programok.htm" "Mozilla/5.0 (Windows NT 6.1; rv:15.0) Gecko/20100101 Firefox/15.0.1"
80.98.215.124 - - [21/Sep/2012:16:33:53 +0200] "GET /fiok/program_reszek/csaladbarat.htm HTTP/1.1" 200 20928 "http://www.beklen.hu/fiok/programok.htm" "Mozilla/5.0 (Windows NT 6.1; rv:15.0) Gecko/20100101 Firefox/15.0.1"
80.98.215.124 - - [21/Sep/2012:16:33:53 +0200] "GET /fiok/css/js/scriptaculous.js?load=effects HTTP/1.1" 304 - "http://www.beklen.hu/fiok/program_reszek/csaladbarat.htm" "Mozilla/5.0 (Windows NT 6.1; rv:15.0) Gecko/20100101 Firefox/15.0.1"
80.98.215.124 - - [21/Sep/2012:16:33:53 +0200] "GET /fiok/program_reszek/images/index_02_02.JPG HTTP/1.1" 200 1178 "http://www.beklen.hu/fiok/program_reszek/csaladbarat.htm" "Mozilla/5.0 (Windows NT 6.1; rv:15.0) Gecko/20100101 Firefox/15.0.1"
80.98.215.124 - - [21/Sep/2012:16:33:53 +0200] "GET /fiok/program_reszek/images/index_13.gif HTTP/1.1" 200 149 "http://www.beklen.hu/fiok/program_reszek/csaladbarat.htm" "Mozilla/5.0 (Windows NT 6.1; rv:15.0) Gecko/20100101 Firefox/15.0.1"
80.98.215.124 - - [21/Sep/2012:16:33:53 +0200] "GET /fiok/program_reszek/images/index_14_14.JPG HTTP/1.1" 200 9305 "http://www.beklen.hu/fiok/program_reszek/csaladbarat.htm" "Mozilla/5.0 (Windows NT 6.1; rv:15.0) Gecko/20100101 Firefox/15.0.1"
80.98.215.124 - - [21/Sep/2012:16:33:53 +0200] "GET /fiok/program_reszek/images/index_11.gif HTTP/1.1" 200 74 "http://www.beklen.hu/fiok/program_reszek/csaladbarat.htm" "Mozilla/5.0 (Windows NT 6.1; rv:15.0) Gecko/20100101 Firefox/15.0.1"
80.98.215.124 - - [21/Sep/2012:16:33:53 +0200] "GET /fiok/program_reszek/images/index_12_12.JPG HTTP/1.1" 200 985 "http://www.beklen.hu/fiok/program_reszek/csaladbarat.htm" "Mozilla/5.0 (Windows NT 6.1; rv:15.0) Gecko/20100101 Firefox/15.0.1"
80.98.215.124 - - [21/Sep/2012:16:33:53 +0200] "GET /fiok/program_reszek/images/index_15_15.JPG HTTP/1.1" 200 20275 "http://www.beklen.hu/fiok/program_reszek/csaladbarat.htm" "Mozilla/5.0 (Windows NT 6.1; rv:15.0) Gecko/20100101 Firefox/15.0.1"
80.98.215.124 - - [21/Sep/2012:16:33:53 +0200] "GET /fiok/program_reszek/images/index_16_16.JPG HTTP/1.1" 200 13468 "http://www.beklen.hu/fiok/program_reszek/csaladbarat.htm" "Mozilla/5.0 (Windows NT 6.1; rv:15.0) Gecko/20100101 Firefox/15.0.1"
80.98.215.124 - - [21/Sep/2012:16:33:53 +0200] "GET /fiok/program_reszek/images/index_17_17.jpg HTTP/1.1" 200 2374 "http://www.beklen.hu/fiok/program_reszek/csaladbarat.htm" "Mozilla/5.0 (Windows NT 6.1; rv:15.0) Gecko/20100101 Firefox/15.0.1"
80.98.215.124 - - [21/Sep/2012:16:33:53 +0200] "GET /fiok/program_reszek/images/index_18_18.JPG HTTP/1.1" 200 15778 "http://www.beklen.hu/fiok/program_reszek/csaladbarat.htm" "Mozilla/5.0 (Windows NT 6.1; rv:15.0) Gecko/20100101 Firefox/15.0.1"
80.98.215.124 - - [21/Sep/2012:16:33:53 +0200] "GET /fiok/program_reszek/images/index_19_19.JPG HTTP/1.1" 200 3123 "http://www.beklen.hu/fiok/program_reszek/csaladbarat.htm" "Mozilla/5.0 (Windows NT 6.1; rv:15.0) Gecko/20100101 Firefox/15.0.1"
80.98.215.124 - - [21/Sep/2012:16:33:53 +0200] "GET /fiok/program_reszek/images/index_25.gif HTTP/1.1" 200 708 "http://www.beklen.hu/fiok/program_reszek/csaladbarat.htm" "Mozilla/5.0 (Windows NT 6.1; rv:15.0) Gecko/20100101 Firefox/15.0.1"
80.98.215.124 - - [21/Sep/2012:16:33:53 +0200] "GET /fiok/program_reszek/images/index_26.gif HTTP/1.1" 200 121 "http://www.beklen.hu/fiok/program_reszek/csaladbarat.htm" "Mozilla/5.0 (Windows NT 6.1; rv:15.0) Gecko/20100101 Firefox/15.0.1"
80.98.215.124 - - [21/Sep/2012:16:33:53 +0200] "GET /fiok/program_reszek/images/index_27_27.jpg HTTP/1.1" 200 12876 "http://www.beklen.hu/fiok/program_reszek/csaladbarat.htm" "Mozilla/5.0 (Windows NT 6.1; rv:15.0) Gecko/20100101 Firefox/15.0.1"
80.98.215.124 - - [21/Sep/2012:16:33:53 +0200] "GET /fiok/program_reszek/images/spacer.gif HTTP/1.1" 200 43 "http://www.beklen.hu/fiok/program_reszek/csaladbarat.htm" "Mozilla/5.0 (Windows NT 6.1; rv:15.0) Gecko/20100101 Firefox/15.0.1"
80.98.215.124 - - [21/Sep/2012:16:33:53 +0200] "GET /fiok/program_reszek/images/b4b.jpg HTTP/1.1" 200 524 "http://www.beklen.hu/fiok/program_reszek/csaladbarat.htm" "Mozilla/5.0 (Windows NT 6.1; rv:15.0) Gecko/20100101 Firefox/15.0.1"
80.98.215.124 - - [21/Sep/2012:16:33:53 +0200] "GET /fiok/program_reszek/images/a4a.jpg HTTP/1.1" 200 524 "http://www.beklen.hu/fiok/program_reszek/csaladbarat.htm" "Mozilla/5.0 (Windows NT 6.1; rv:15.0) Gecko/20100101 Firefox/15.0.1"
80.98.215.124 - - [21/Sep/2012:16:33:53 +0200] "GET /fiok/program_reszek/images/c4c.jpg HTTP/1.1" 200 524 "http://www.beklen.hu/fiok/program_reszek/csaladbarat.htm" "Mozilla/5.0 (Windows NT 6.1; rv:15.0) Gecko/20100101 Firefox/15.0.1"
80.98.215.124 - - [21/Sep/2012:16:33:53 +0200] "GET /fiok/program_reszek/images/d4d.jpg HTTP/1.1" 200 524 "http://www.beklen.hu/fiok/program_reszek/csaladbarat.htm" "Mozilla/5.0 (Windows NT 6.1; rv:15.0) Gecko/20100101 Firefox/15.0.1"
80.98.215.124 - - [21/Sep/2012:16:33:53 +0200] "GET /fiok/program_reszek/images/e4e.jpg HTTP/1.1" 200 524 "http://www.beklen.hu/fiok/program_reszek/csaladbarat.htm" "Mozilla/5.0 (Windows NT 6.1; rv:15.0) Gecko/20100101 Firefox/15.0.1"
80.98.215.124 - - [21/Sep/2012:16:33:53 +0200] "GET /fiok/program_reszek/images/index_24.gif HTTP/1.1" 200 227 "http://www.beklen.hu/fiok/program_reszek/csaladbarat.htm" "Mozilla/5.0 (Windows NT 6.1; rv:15.0) Gecko/20100101 Firefox/15.0.1"
80.98.215.124 - - [21/Sep/2012:16:33:53 +0200] "GET /fiok/program_reszek/programok/23.jpg HTTP/1.1" 200 230784 "http://www.beklen.hu/fiok/program_reszek/csaladbarat.htm" "Mozilla/5.0 (Windows NT 6.1; rv:15.0) Gecko/20100101 Firefox/15.0.1"
80.98.215.124 - - [21/Sep/2012:16:33:53 +0200] "GET /fiok/program_reszek/images/b12.jpg HTTP/1.1" 200 544 "http://www.beklen.hu/fiok/program_reszek/csaladbarat.htm" "Mozilla/5.0 (Windows NT 6.1; rv:15.0) Gecko/20100101 Firefox/15.0.1"
80.98.215.124 - - [21/Sep/2012:16:33:53 +0200] "GET /fiok/program_reszek/images/index_22.gif HTTP/1.1" 200 227 "http://www.beklen.hu/fiok/program_reszek/csaladbarat.htm" "Mozilla/5.0 (Windows NT 6.1; rv:15.0) Gecko/20100101 Firefox/15.0.1"
80.98.215.124 - - [21/Sep/2012:16:33:53 +0200] "GET /fiok/program_reszek/images/index_28.gif HTTP/1.1" 200 262 "http://www.beklen.hu/fiok/program_reszek/csaladbarat.htm" "Mozilla/5.0 (Windows NT 6.1; rv:15.0) Gecko/20100101 Firefox/15.0.1"
80.98.215.124 - - [21/Sep/2012:16:33:53 +0200] "GET /fiok/program_reszek/programok/22.jpg HTTP/1.1" 200 179335 "http://www.beklen.hu/fiok/program_reszek/csaladbarat.htm" "Mozilla/5.0 (Windows NT 6.1; rv:15.0) Gecko/20100101 Firefox/15.0.1"
89.133.232.185 - - [21/Sep/2012:16:47:12 +0200] "HEAD /fiok/ HTTP/1.1" 200 0 "-" "Xenu Link Sleuth/1.3.8"
80.98.215.124 - - [21/Sep/2012:16:47:41 +0200] "GET /lb/js/scriptaculous.js?load=effects HTTP/1.1" 304 - "http://www.beklen.hu/" "Mozilla/5.0 (Windows NT 6.1; rv:15.0) Gecko/20100101 Firefox/15.0.1"
208.115.111.68 - - [21/Sep/2012:18:13:45 +0200] "GET /robots.txt HTTP/1.1" 404 1181 "-" "Mozilla/5.0 (compatible; Ezooms/1.0; ezooms.bot@gmail.com)"
208.115.113.84 - - [21/Sep/2012:18:31:17 +0200] "GET /hirek/hirek090605.htm HTTP/1.1" 200 7994 "-" "Mozilla/5.0 (compatible; Ezooms/1.0; ezooms.bot@gmail.com)"
208.115.113.84 - - [21/Sep/2012:18:31:20 +0200] "GET /programok.htm HTTP/1.1" 200 6444 "-" "Mozilla/5.0 (compatible; Ezooms/1.0; ezooms.bot@gmail.com)"
66.249.66.252 - - [21/Sep/2012:20:29:06 +0200] "GET /robots.txt HTTP/1.1" 404 1181 "-" "Mozilla/5.0 (compatible; Googlebot/2.1; +http://www.google.com/bot.html)"
66.249.71.232 - - [21/Sep/2012:20:29:07 +0200] "GET /media.htm HTTP/1.1" 304 - "-" "Mozilla/5.0 (compatible; Googlebot/2.1; +http://www.google.com/bot.html)"
66.249.66.252 - - [21/Sep/2012:20:34:09 +0200] "GET /jog/eseteink/audi/additional_information_on_the_compensatory_measures_provided_by_hungarian_authorities_at_the_request_of_the_commission_3.pdf HTTP/1.1" 304 - "-" "Mozilla/5.0 (compatible; Googlebot/2.1; +http://www.google.com/bot.html)"
66.249.66.252 - - [21/Sep/2012:21:23:15 +0200] "GET /jog/jogszabalyok/2011_clxxv.pdf HTTP/1.1" 304 - "-" "Mozilla/5.0 (compatible; Googlebot/2.1; +http://www.google.com/bot.html)"
66.249.66.252 - - [21/Sep/2012:21:29:15 +0200] "GET /jog/eseteink/derekegyhaza/foldhivatalnak_1.pdf HTTP/1.1" 200 145216 "-" "Mozilla/5.0 (compatible; Googlebot/2.1; +http://www.google.com/bot.html)"
208.115.111.68 - - [21/Sep/2012:22:14:26 +0200] "GET /robots.txt HTTP/1.1" 404 1181 "-" "Mozilla/5.0 (compatible; Ezooms/1.0; ezooms.bot@gmail.com)"
139.18.2.17 - - [21/Sep/2012:22:16:46 +0200] "GET /nca07.htm HTTP/1.1" 200 21968 "-" "findlinks/2.6 (+http://wortschatz.uni-leipzig.de/findlinks/)"
82.168.50.220 - - [21/Sep/2012:22:23:28 +0200] "GET / HTTP/1.1" 200 23778 "-" "Java/1.6.0_35"
