82.168.50.220 - - [21/Sep/2012:22:23:28 +0200] "GET /hirarchivum.htm HTTP/1.1" 200 24981 "-" "Java/1.6.0_35"
82.168.50.220 - - [21/Sep/2012:22:23:29 +0200] "GET /index.htm HTTP/1.1" 200 23778 "-" "Java/1.6.0_35"
82.168.50.220 - - [21/Sep/2012:22:23:29 +0200] "GET /kapcsolat.htm HTTP/1.1" 200 6889 "-" "Java/1.6.0_35"
82.168.50.220 - - [21/Sep/2012:22:23:29 +0200] "GET /magunkrol.htm HTTP/1.1" 200 9202 "-" "Java/1.6.0_35"
82.168.50.220 - - [21/Sep/2012:22:23:29 +0200] "GET /media.htm HTTP/1.1" 200 5208 "-" "Java/1.6.0_35"
82.168.50.220 - - [21/Sep/2012:22:23:29 +0200] "GET /programok.htm HTTP/1.1" 200 6444 "-" "Java/1.6.0_35"
82.168.50.220 - - [21/Sep/2012:22:23:29 +0200] "GET /vill.cs HTTP/1.1" 200 2676 "-" "Java/1.6.0_35"
82.168.50.220 - - [21/Sep/2012:22:23:31 +0200] "GET /hirek08_10.htm HTTP/1.1" 200 6946 "-" "Java/1.6.0_35"
82.168.50.220 - - [21/Sep/2012:22:23:31 +0200] "GET /hirek08_11.htm HTTP/1.1" 200 7253 "-" "Java/1.6.0_35"
82.168.50.220 - - [21/Sep/2012:22:23:31 +0200] "GET /hirek08_12.htm HTTP/1.1" 200 8268 "-" "Java/1.6.0_35"
82.168.50.220 - - [21/Sep/2012:22:23:31 +0200] "GET /hirek09_01.htm HTTP/1.1" 200 6841 "-" "Java/1.6.0_35"
82.168.50.220 - - [21/Sep/2012:22:23:31 +0200] "GET /hirek09_02.htm HTTP/1.1" 200 7450 "-" "Java/1.6.0_35"
82.168.50.220 - - [21/Sep/2012:22:23:32 +0200] "GET /hirek09_03.htm HTTP/1.1" 200 10726 "-" "Java/1.6.0_35"
82.168.50.220 - - [21/Sep/2012:22:23:32 +0200] "GET /&url=kapcsolat.htm HTTP/1.1" 404 1181 "-" "Java/1.6.0_35"
82.168.50.220 - - [21/Sep/2012:22:23:32 +0200] "GET /&url=programok.htm HTTP/1.1" 404 1181 "-" "Java/1.6.0_35"
82.168.50.220 - - [21/Sep/2012:22:23:32 +0200] "GET /&url=adomanyi.htm HTTP/1.1" 404 1181 "-" "Java/1.6.0_35"
82.168.50.220 - - [21/Sep/2012:22:23:32 +0200] "GET /bunt.htm HTTP/1.1" 200 5683 "-" "Java/1.6.0_35"
82.168.50.220 - - [21/Sep/2012:22:23:33 +0200] "GET /civilmuhely.htm HTTP/1.1" 200 8450 "-" "Java/1.6.0_35"
82.168.50.220 - - [21/Sep/2012:22:23:33 +0200] "GET /khb.htm HTTP/1.1" 200 8719 "-" "Java/1.6.0_35"
82.168.50.220 - - [21/Sep/2012:22:23:33 +0200] "GET /nca.htm HTTP/1.1" 200 7467 "-" "Java/1.6.0_35"
82.168.50.220 - - [21/Sep/2012:22:23:33 +0200] "GET /ncta.htm HTTP/1.1" 200 7221 "-" "Java/1.6.0_35"
82.168.50.220 - - [21/Sep/2012:22:23:33 +0200] "GET /nka.htm HTTP/1.1" 200 6221 "-" "Java/1.6.0_35"
82.168.50.220 - - [21/Sep/2012:22:23:33 +0200] "GET /szakmai.htm HTTP/1.1" 200 6054 "-" "Java/1.6.0_35"
82.168.50.220 - - [21/Sep/2012:22:23:33 +0200] "GET /ncta_a.htm HTTP/1.1" 200 7260 "-" "Java/1.6.0_35"
82.168.50.220 - - [21/Sep/2012:22:23:34 +0200] "GET /&url=civilmuhely.htm HTTP/1.1" 404 1181 "-" "Java/1.6.0_35"
82.168.50.220 - - [21/Sep/2012:22:23:34 +0200] "GET /&url=magunkrol.htm HTTP/1.1" 404 1181 "-" "Java/1.6.0_35"
82.168.50.220 - - [21/Sep/2012:22:23:34 +0200] "GET /nca04.htm HTTP/1.1" 200 16378 "-" "Java/1.6.0_35"
82.168.50.220 - - [21/Sep/2012:22:23:34 +0200] "GET /nca05.htm HTTP/1.1" 200 16412 "-" "Java/1.6.0_35"
82.168.50.220 - - [21/Sep/2012:22:23:35 +0200] "GET /nca06.htm HTTP/1.1" 200 19034 "-" "Java/1.6.0_35"
82.168.50.220 - - [21/Sep/2012:22:23:36 +0200] "GET /nca07.htm HTTP/1.1" 200 21968 "-" "Java/1.6.0_35"
82.168.50.220 - - [21/Sep/2012:22:23:36 +0200] "GET /nca08.htm HTTP/1.1" 200 21795 "-" "Java/1.6.0_35"
82.168.50.220 - - [21/Sep/2012:22:23:36 +0200] "GET /nca09.htm HTTP/1.1" 200 24315 "-" "Java/1.6.0_35"
82.168.50.220 - - [21/Sep/2012:22:23:36 +0200] "GET /nca10.htm HTTP/1.1" 200 16648 "-" "Java/1.6.0_35"
82.168.50.220 - - [21/Sep/2012:22:23:37 +0200] "GET /nca11.htm HTTP/1.1" 200 7133 "-" "Java/1.6.0_35"
82.168.50.220 - - [21/Sep/2012:22:23:37 +0200] "GET /kiadvanyok.htm HTTP/1.1" 200 8206 "-" "Java/1.6.0_35"
82.168.50.220 - - [21/Sep/2012:22:23:37 +0200] "GET /deutsch/index.htm HTTP/1.1" 200 5324 "-" "Java/1.6.0_35"
82.168.50.220 - - [21/Sep/2012:22:23:37 +0200] "GET /english/index.htm HTTP/1.1" 200 5262 "-" "Java/1.6.0_35"
82.168.50.220 - - [21/Sep/2012:22:23:38 +0200] "GET /fiok/index.html HTTP/1.1" 200 20554 "-" "Java/1.6.0_35"
82.168.50.220 - - [21/Sep/2012:22:23:38 +0200] "GET /hirek/hirek091015.htm HTTP/1.1" 200 7046 "-" "Java/1.6.0_35"
82.168.50.220 - - [21/Sep/2012:22:23:38 +0200] "GET /hirek/hirek091102.htm HTTP/1.1" 200 8538 "-" "Java/1.6.0_35"
82.168.50.220 - - [21/Sep/2012:22:23:38 +0200] "GET /hirek/hirek091103.htm HTTP/1.1" 200 7301 "-" "Java/1.6.0_35"
82.168.50.220 - - [21/Sep/2012:22:23:38 +0200] "GET /hirek/hirek091221.htm HTTP/1.1" 200 6740 "-" "Java/1.6.0_35"
82.168.50.220 - - [21/Sep/2012:22:23:39 +0200] "GET /hirek/hirek100225.htm HTTP/1.1" 200 7288 "-" "Java/1.6.0_35"
66.249.66.252 - - [21/Sep/2012:22:28:42 +0200] "GET /magunkrol.htm HTTP/1.1" 200 9202 "-" "Mozilla/5.0 (iPhone; U; CPU iPhone OS 4_1 like Mac OS X; en-us) AppleWebKit/532.9 (KHTML, like Gecko) Version/4.0.5 Mobile/8B117 Safari/6531.22.7 (compatible; Googlebot-Mobile/2.1; +http://www.google.com/bot.html)"
66.249.71.57 - - [21/Sep/2012:22:37:46 +0200] "GET /robots.txt HTTP/1.1" 404 1181 "-" "Mozilla/5.0 (compatible; Googlebot/2.1; +http://www.google.com/bot.html)"
66.249.66.115 - - [21/Sep/2012:22:37:46 +0200] "GET /jog/jogszabalyok/regp2001lxxxitvaarhus.pdf HTTP/1.1" 304 - "-" "Mozilla/5.0 (compatible; Googlebot/2.1; +http://www.google.com/bot.html)"
66.249.66.252 - - [21/Sep/2012:23:33:52 +0200] "GET /bunt.htm HTTP/1.1" 200 5683 "-" "Mozilla/5.0 (compatible; Googlebot/2.1; +http://www.google.com/bot.html)"
208.115.113.84 - - [22/Sep/2012:00:05:33 +0200] "GET /robots.txt HTTP/1.1" 404 1181 "-" "Mozilla/5.0 (compatible; Ezooms/1.0; ezooms.bot@gmail.com)"
178.154.210.252 - - [22/Sep/2012:01:03:08 +0200] "GET /robots.txt HTTP/1.1" 404 1181 "-" "Mozilla/5.0 (compatible; YandexBot/3.0; +http://yandex.com/bots)"
178.154.210.252 - - [22/Sep/2012:01:03:10 +0200] "GET /hirek/hirek101213.htm HTTP/1.1" 200 8671 "-" "Mozilla/5.0 (compatible; YandexBot/3.0; +http://yandex.com/bots)"
78.92.170.150 - - [22/Sep/2012:01:05:20 +0200] "GET /jog/script.js HTTP/1.1" 200 5674 "http://webcache.googleusercontent.com/search?q=cache:VZLDnaHzxNMJ:www.beklen.hu/jog/eseteink/korosladany/index.htm+&cd=59&hl=hu&ct=clnk&gl=hu" "Mozilla/5.0 (Windows NT 5.1; rv:15.0) Gecko/20100101 Firefox/15.0.1"
78.92.170.150 - - [22/Sep/2012:01:05:21 +0200] "GET /jog/lb/js/scriptaculous.js?load=effects HTTP/1.1" 200 2152 "http://webcache.googleusercontent.com/search?q=cache:VZLDnaHzxNMJ:www.beklen.hu/jog/eseteink/korosladany/index.htm+&cd=59&hl=hu&ct=clnk&gl=hu" "Mozilla/5.0 (Windows NT 5.1; rv:15.0) Gecko/20100101 Firefox/15.0.1"
78.92.170.150 - - [22/Sep/2012:01:05:21 +0200] "GET /jog/lb/css/lightbox.css HTTP/1.1" 200 1715 "http://webcache.googleusercontent.com/search?q=cache:VZLDnaHzxNMJ:www.beklen.hu/jog/eseteink/korosladany/index.htm+&cd=59&hl=hu&ct=clnk&gl=hu" "Mozilla/5.0 (Windows NT 5.1; rv:15.0) Gecko/20100101 Firefox/15.0.1"
78.92.170.150 - - [22/Sep/2012:01:05:21 +0200] "GET /jog/jquery.js HTTP/1.1" 200 72174 "http://webcache.googleusercontent.com/search?q=cache:VZLDnaHzxNMJ:www.beklen.hu/jog/eseteink/korosladany/index.htm+&cd=59&hl=hu&ct=clnk&gl=hu" "Mozilla/5.0 (Windows NT 5.1; rv:15.0) Gecko/20100101 Firefox/15.0.1"
78.92.170.150 - - [22/Sep/2012:01:05:21 +0200] "GET /jog/lb/js/lightbox.js HTTP/1.1" 200 23431 "http://webcache.googleusercontent.com/search?q=cache:VZLDnaHzxNMJ:www.beklen.hu/jog/eseteink/korosladany/index.htm+&cd=59&hl=hu&ct=clnk&gl=hu" "Mozilla/5.0 (Windows NT 5.1; rv:15.0) Gecko/20100101 Firefox/15.0.1"
78.92.170.150 - - [22/Sep/2012:01:05:21 +0200] "GET /jog/style.css HTTP/1.1" 200 21413 "http://webcache.googleusercontent.com/search?q=cache:VZLDnaHzxNMJ:www.beklen.hu/jog/eseteink/korosladany/index.htm+&cd=59&hl=hu&ct=clnk&gl=hu" "Mozilla/5.0 (Windows NT 5.1; rv:15.0) Gecko/20100101 Firefox/15.0.1"
78.92.170.150 - - [22/Sep/2012:01:05:21 +0200] "GET /jog/img/file_pdf.png HTTP/1.1" 200 581 "http://webcache.googleusercontent.com/search?q=cache:VZLDnaHzxNMJ:www.beklen.hu/jog/eseteink/korosladany/index.htm+&cd=59&hl=hu&ct=clnk&gl=hu" "Mozilla/5.0 (Windows NT 5.1; rv:15.0) Gecko/20100101 Firefox/15.0.1"
78.92.170.150 - - [22/Sep/2012:01:05:21 +0200] "GET /jog/eseteink/korosladany/kepek/img_5356__.jpg HTTP/1.1" 200 6290 "http://webcache.googleusercontent.com/search?q=cache:VZLDnaHzxNMJ:www.beklen.hu/jog/eseteink/korosladany/index.htm+&cd=59&hl=hu&ct=clnk&gl=hu" "Mozilla/5.0 (Windows NT 5.1; rv:15.0) Gecko/20100101 Firefox/15.0.1"
78.92.170.150 - - [22/Sep/2012:01:05:21 +0200] "GET /jog/eseteink/korosladany/kepek/img_5363__.jpg HTTP/1.1" 200 12677 "http://webcache.googleusercontent.com/search?q=cache:VZLDnaHzxNMJ:www.beklen.hu/jog/eseteink/korosladany/index.htm+&cd=59&hl=hu&ct=clnk&gl=hu" "Mozilla/5.0 (Windows NT 5.1; rv:15.0) Gecko/20100101 Firefox/15.0.1"
78.92.170.150 - - [22/Sep/2012:01:05:21 +0200] "GET /jog/eseteink/korosladany/kepek/img_5365__.jpg HTTP/1.1" 200 5864 "http://webcache.googleusercontent.com/search?q=cache:VZLDnaHzxNMJ:www.beklen.hu/jog/eseteink/korosladany/index.htm+&cd=59&hl=hu&ct=clnk&gl=hu" "Mozilla/5.0 (Windows NT 5.1; rv:15.0) Gecko/20100101 Firefox/15.0.1"
78.92.170.150 - - [22/Sep/2012:01:05:21 +0200] "GET /jog/eseteink/korosladany/kepek/img_3b_.jpg HTTP/1.1" 200 4927 "http://webcache.googleusercontent.com/search?q=cache:VZLDnaHzxNMJ:www.beklen.hu/jog/eseteink/korosladany/index.htm+&cd=59&hl=hu&ct=clnk&gl=hu" "Mozilla/5.0 (Windows NT 5.1; rv:15.0) Gecko/20100101 Firefox/15.0.1"
78.92.170.150 - - [22/Sep/2012:01:05:21 +0200] "GET /jog/eseteink/korosladany/kepek/img_2_.jpg HTTP/1.1" 200 4423 "http://webcache.googleusercontent.com/search?q=cache:VZLDnaHzxNMJ:www.beklen.hu/jog/eseteink/korosladany/index.htm+&cd=59&hl=hu&ct=clnk&gl=hu" "Mozilla/5.0 (Windows NT 5.1; rv:15.0) Gecko/20100101 Firefox/15.0.1"
78.92.170.150 - - [22/Sep/2012:01:05:21 +0200] "GET /jog/eseteink/korosladany/kepek/img_1_.jpg HTTP/1.1" 200 4568 "http://webcache.googleusercontent.com/search?q=cache:VZLDnaHzxNMJ:www.beklen.hu/jog/eseteink/korosladany/index.htm+&cd=59&hl=hu&ct=clnk&gl=hu" "Mozilla/5.0 (Windows NT 5.1; rv:15.0) Gecko/20100101 Firefox/15.0.1"
78.92.170.150 - - [22/Sep/2012:01:05:21 +0200] "GET /jog/lb/js/prototype.js HTTP/1.1" 200 47603 "http://webcache.googleusercontent.com/search?q=cache:VZLDnaHzxNMJ:www.beklen.hu/jog/eseteink/korosladany/index.htm+&cd=59&hl=hu&ct=clnk&gl=hu" "Mozilla/5.0 (Windows NT 5.1; rv:15.0) Gecko/20100101 Firefox/15.0.1"
78.92.170.150 - - [22/Sep/2012:01:05:21 +0200] "GET /jog/eseteink/korosladany/kepek/img_5_.jpg HTTP/1.1" 200 5254 "http://webcache.googleusercontent.com/search?q=cache:VZLDnaHzxNMJ:www.beklen.hu/jog/eseteink/korosladany/index.htm+&cd=59&hl=hu&ct=clnk&gl=hu" "Mozilla/5.0 (Windows NT 5.1; rv:15.0) Gecko/20100101 Firefox/15.0.1"
78.92.170.150 - - [22/Sep/2012:01:05:21 +0200] "GET /jog/eseteink/korosladany/kepek/img_4_.jpg HTTP/1.1" 200 6420 "http://webcache.googleusercontent.com/search?q=cache:VZLDnaHzxNMJ:www.beklen.hu/jog/eseteink/korosladany/index.htm+&cd=59&hl=hu&ct=clnk&gl=hu" "Mozilla/5.0 (Windows NT 5.1; rv:15.0) Gecko/20100101 Firefox/15.0.1"
78.92.170.150 - - [22/Sep/2012:01:05:21 +0200] "GET /jog/eseteink/korosladany/kepek/img_3a_.jpg HTTP/1.1" 200 7788 "http://webcache.googleusercontent.com/search?q=cache:VZLDnaHzxNMJ:www.beklen.hu/jog/eseteink/korosladany/index.htm+&cd=59&hl=hu&ct=clnk&gl=hu" "Mozilla/5.0 (Windows NT 5.1; rv:15.0) Gecko/20100101 Firefox/15.0.1"
78.92.170.150 - - [22/Sep/2012:01:05:21 +0200] "GET /jog/favicon.ico HTTP/1.1" 200 1150 "-" "Mozilla/5.0 (Windows NT 5.1; rv:15.0) Gecko/20100101 Firefox/15.0.1"
78.92.170.150 - - [22/Sep/2012:01:05:21 +0200] "GET /jog/lb/js/effects.js HTTP/1.1" 200 31969 "http://webcache.googleusercontent.com/search?q=cache:VZLDnaHzxNMJ:www.beklen.hu/jog/eseteink/korosladany/index.htm+&cd=59&hl=hu&ct=clnk&gl=hu" "Mozilla/5.0 (Windows NT 5.1; rv:15.0) Gecko/20100101 Firefox/15.0.1"
78.92.170.150 - - [22/Sep/2012:01:05:21 +0200] "GET /jog/images/Bottom_texture.jpg HTTP/1.1" 200 193775 "http://www.beklen.hu/jog/style.css" "Mozilla/5.0 (Windows NT 5.1; rv:15.0) Gecko/20100101 Firefox/15.0.1"
78.92.170.150 - - [22/Sep/2012:01:05:21 +0200] "GET /jog/images/menuitem.png HTTP/1.1" 200 20398 "http://www.beklen.hu/jog/style.css" "Mozilla/5.0 (Windows NT 5.1; rv:15.0) Gecko/20100101 Firefox/15.0.1"
78.92.170.150 - - [22/Sep/2012:01:05:21 +0200] "GET /jog/images/nav.png HTTP/1.1" 200 10482 "http://www.beklen.hu/jog/style.css" "Mozilla/5.0 (Windows NT 5.1; rv:15.0) Gecko/20100101 Firefox/15.0.1"
78.92.170.150 - - [22/Sep/2012:01:05:21 +0200] "GET /jog/images/post_s.png HTTP/1.1" 200 466 "http://www.beklen.hu/jog/style.css" "Mozilla/5.0 (Windows NT 5.1; rv:15.0) Gecko/20100101 Firefox/15.0.1"
78.92.170.150 - - [22/Sep/2012:01:05:21 +0200] "GET /jog/images/spacer.gif HTTP/1.1" 200 43 "http://www.beklen.hu/jog/style.css" "Mozilla/5.0 (Windows NT 5.1; rv:15.0) Gecko/20100101 Firefox/15.0.1"
78.92.170.150 - - [22/Sep/2012:01:05:21 +0200] "GET /jog/images/subitem.png HTTP/1.1" 200 81 "http://www.beklen.hu/jog/style.css" "Mozilla/5.0 (Windows NT 5.1; rv:15.0) Gecko/20100101 Firefox/15.0.1"
78.92.170.150 - - [22/Sep/2012:01:05:21 +0200] "GET /jog/images/post_h.png HTTP/1.1" 200 292 "http://www.beklen.hu/jog/style.css" "Mozilla/5.0 (Windows NT 5.1; rv:15.0) Gecko/20100101 Firefox/15.0.1"
78.92.170.150 - - [22/Sep/2012:01:05:21 +0200] "GET /jog/images/post_v.png HTTP/1.1" 200 310 "http://www.beklen.hu/jog/style.css" "Mozilla/5.0 (Windows NT 5.1; rv:15.0) Gecko/20100101 Firefox/15.0.1"
78.92.170.150 - - [22/Sep/2012:01:05:21 +0200] "GET /jog/images/post_c.png HTTP/1.1" 200 204 "http://www.beklen.hu/jog/style.css" "Mozilla/5.0 (Windows NT 5.1; rv:15.0) Gecko/20100101 Firefox/15.0.1"
78.92.170.150 - - [22/Sep/2012:01:05:21 +0200] "GET /jog/images/header.png HTTP/1.1" 200 170837 "http://www.beklen.hu/jog/style.css" "Mozilla/5.0 (Windows NT 5.1; rv:15.0) Gecko/20100101 Firefox/15.0.1"
78.92.170.150 - - [22/Sep/2012:01:05:40 +0200] "GET /jog/eseteink/korosladany/%C3%BCgy%C3%A9szs%C3%A9g_1_derekegyhaza.pdf HTTP/1.1" 404 1181 "http://webcache.googleusercontent.com/search?q=cache:VZLDnaHzxNMJ:www.beklen.hu/jog/eseteink/korosladany/index.htm+&cd=59&hl=hu&ct=clnk&gl=hu" "Mozilla/5.0 (Windows NT 5.1; rv:15.0) Gecko/20100101 Firefox/15.0.1"
78.92.170.150 - - [22/Sep/2012:01:05:40 +0200] "GET /favicon.ico HTTP/1.1" 404 1181 "-" "Mozilla/5.0 (Windows NT 5.1; rv:15.0) Gecko/20100101 Firefox/15.0.1"
78.92.170.150 - - [22/Sep/2012:01:05:40 +0200] "GET /favicon.ico HTTP/1.1" 404 1181 "-" "Mozilla/5.0 (Windows NT 5.1; rv:15.0) Gecko/20100101 Firefox/15.0.1"
66.249.66.252 - - [22/Sep/2012:01:23:23 +0200] "GET /nca11.htm HTTP/1.1" 304 - "-" "Mozilla/5.0 (compatible; Googlebot/2.1; +http://www.google.com/bot.html)"
208.115.111.68 - - [22/Sep/2012:02:14:45 +0200] "GET /robots.txt HTTP/1.1" 404 1181 "-" "Mozilla/5.0 (compatible; Ezooms/1.0; ezooms.bot@gmail.com)"
208.115.113.84 - - [22/Sep/2012:02:28:16 +0200] "GET /civilmuhely.htm HTTP/1.1" 200 8450 "-" "Mozilla/5.0 (compatible; Ezooms/1.0; ezooms.bot@gmail.com)"
66.249.66.252 - - [22/Sep/2012:04:29:22 +0200] "GET /robots.txt HTTP/1.1" 404 1181 "-" "Mozilla/5.0 (compatible; Googlebot/2.1; +http://www.google.com/bot.html)"
66.249.66.252 - - [22/Sep/2012:04:29:22 +0200] "GET /khb/beklen_2011_kh_jelentes.pdf HTTP/1.1" 304 - "-" "Mozilla/5.0 (compatible; Googlebot/2.1; +http://www.google.com/bot.html)"
208.115.113.84 - - [22/Sep/2012:04:42:05 +0200] "GET /robots.txt HTTP/1.1" 404 1181 "-" "Mozilla/5.0 (compatible; Ezooms/1.0; ezooms.bot@gmail.com)"
66.249.66.252 - - [22/Sep/2012:04:43:47 +0200] "GET /fiok/images/nevadonk.jpg HTTP/1.1" 404 1181 "-" "Googlebot-Image/1.0"
157.55.35.99 - - [22/Sep/2012:05:10:38 +0200] "GET /robots.txt HTTP/1.1" 404 1181 "-" "Mozilla/5.0 (compatible; bingbot/2.0; +http://www.bing.com/bingbot.htm)"
157.55.35.99 - - [22/Sep/2012:05:29:59 +0200] "GET /jog/eljaraskezd.htm HTTP/1.1" 200 13730 "-" "Mozilla/5.0 (compatible; bingbot/2.0; +http://www.bing.com/bingbot.htm)"
157.55.35.99 - - [22/Sep/2012:06:42:52 +0200] "GET /robots.txt HTTP/1.1" 404 1181 "-" "Mozilla/5.0 (compatible; bingbot/2.0; +http://www.bing.com/bingbot.htm)"
208.115.113.84 - - [22/Sep/2012:06:50:39 +0200] "GET /hirek/hirek090302.htm HTTP/1.1" 200 8452 "-" "Mozilla/5.0 (compatible; Ezooms/1.0; ezooms.bot@gmail.com)"
208.115.113.84 - - [22/Sep/2012:06:50:47 +0200] "GET /jog/ugyeszsegek.htm HTTP/1.1" 200 13810 "-" "Mozilla/5.0 (compatible; Ezooms/1.0; ezooms.bot@gmail.com)"
157.55.35.99 - - [22/Sep/2012:07:17:00 +0200] "GET /english/index.htm HTTP/1.1" 200 5262 "-" "Mozilla/5.0 (compatible; bingbot/2.0; +http://www.bing.com/bingbot.htm)"
157.55.35.99 - - [22/Sep/2012:07:18:22 +0200] "GET /jog/eljaraskezd.htm HTTP/1.1" 200 13730 "-" "Mozilla/5.0 (compatible; bingbot/2.0; +http://www.bing.com/bingbot.htm)"
157.55.33.77 - - [22/Sep/2012:07:41:17 +0200] "GET /civilmuhely.htm HTTP/1.1" 200 8450 "-" "Mozilla/5.0 (compatible; bingbot/2.0; +http://www.bing.com/bingbot.htm)"
157.55.33.77 - - [22/Sep/2012:07:41:28 +0200] "GET /nca.htm HTTP/1.1" 200 7467 "-" "Mozilla/5.0 (compatible; bingbot/2.0; +http://www.bing.com/bingbot.htm)"
157.55.33.77 - - [22/Sep/2012:07:45:00 +0200] "GET /fiok/index.html HTTP/1.1" 200 20554 "-" "Mozilla/5.0 (compatible; bingbot/2.0; +http://www.bing.com/bingbot.htm)"
157.55.33.77 - - [22/Sep/2012:07:46:12 +0200] "GET /fiok/kornyezet.htm HTTP/1.1" 200 22582 "-" "Mozilla/5.0 (compatible; bingbot/2.0; +http://www.bing.com/bingbot.htm)"
157.55.32.84 - - [22/Sep/2012:07:50:56 +0200] "GET /nka.htm HTTP/1.1" 200 6221 "-" "Mozilla/5.0 (compatible; bingbot/2.0; +http://www.bing.com/bingbot.htm)"
157.55.32.84 - - [22/Sep/2012:07:52:28 +0200] "GET /deutsch/stellen.htm HTTP/1.1" 200 6824 "-" "Mozilla/5.0 (compatible; bingbot/2.0; +http://www.bing.com/bingbot.htm)"
157.55.33.100 - - [22/Sep/2012:07:53:00 +0200] "GET /magunkrol.htm HTTP/1.1" 200 9202 "-" "Mozilla/5.0 (compatible; bingbot/2.0; +http://www.bing.com/bingbot.htm)"
157.55.32.84 - - [22/Sep/2012:07:53:52 +0200] "GET /hirek/hirek091102.htm HTTP/1.1" 200 8538 "-" "Mozilla/5.0 (compatible; bingbot/2.0; +http://www.bing.com/bingbot.htm)"
157.55.32.164 - - [22/Sep/2012:07:54:26 +0200] "GET /fiok HTTP/1.1" 301 312 "-" "Mozilla/5.0 (compatible; bingbot/2.0; +http://www.bing.com/bingbot.htm)"
157.55.32.164 - - [22/Sep/2012:07:55:57 +0200] "GET /fiok/mult.htm HTTP/1.1" 200 23227 "-" "Mozilla/5.0 (compatible; bingbot/2.0; +http://www.bing.com/bingbot.htm)"
157.55.32.164 - - [22/Sep/2012:07:57:29 +0200] "GET /fiok/news.html HTTP/1.1" 404 1181 "-" "Mozilla/5.0 (compatible; bingbot/2.0; +http://www.bing.com/bingbot.htm)"
157.55.32.164 - - [22/Sep/2012:08:00:25 +0200] "GET /fiok/programok.htm HTTP/1.1" 200 18165 "-" "Mozilla/5.0 (compatible; bingbot/2.0; +http://www.bing.com/bingbot.htm)"
131.253.47.191 - - [22/Sep/2012:08:21:33 +0200] "GET /media.htm HTTP/1.1" 200 5208 "-" "Mozilla/5.0 (compatible; bingbot/2.0; +http://www.bing.com/bingbot.htm)"
131.253.47.191 - - [22/Sep/2012:08:21:33 +0200] "GET /szakmai.htm HTTP/1.1" 200 6054 "-" "Mozilla/5.0 (compatible; bingbot/2.0; +http://www.bing.com/bingbot.htm)"
157.55.32.75 - - [22/Sep/2012:08:22:03 +0200] "GET /deutsch/kontakt.htm HTTP/1.1" 200 4769 "-" "Mozilla/5.0 (compatible; bingbot/2.0; +http://www.bing.com/bingbot.htm)"
157.55.33.19 - - [22/Sep/2012:08:25:33 +0200] "GET /deutsch/index.htm HTTP/1.1" 200 5324 "-" "Mozilla/5.0 (compatible; bingbot/2.0; +http://www.bing.com/bingbot.htm)"
157.55.33.19 - - [22/Sep/2012:08:25:34 +0200] "GET /bunt.htm HTTP/1.1" 200 5683 "-" "Mozilla/5.0 (compatible; bingbot/2.0; +http://www.bing.com/bingbot.htm)"
157.55.33.19 - - [22/Sep/2012:08:25:34 +0200] "GET /khb.htm HTTP/1.1" 200 8719 "-" "Mozilla/5.0 (compatible; bingbot/2.0; +http://www.bing.com/bingbot.htm)"
157.55.33.19 - - [22/Sep/2012:08:25:35 +0200] "GET /fiok/fiok.html HTTP/1.1" 200 20723 "-" "Mozilla/5.0 (compatible; bingbot/2.0; +http://www.bing.com/bingbot.htm)"
157.55.33.19 - - [22/Sep/2012:08:25:36 +0200] "GET /fiok/gazdasag.htm HTTP/1.1" 200 22480 "-" "Mozilla/5.0 (compatible; bingbot/2.0; +http://www.bing.com/bingbot.htm)"
157.55.33.19 - - [22/Sep/2012:08:25:38 +0200] "GET /fiok/kapcsolat.htm HTTP/1.1" 200 17416 "-" "Mozilla/5.0 (compatible; bingbot/2.0; +http://www.bing.com/bingbot.htm)"
180.76.6.225 - - [22/Sep/2012:08:50:37 +0200] "GET /robots.txt HTTP/1.1" 404 1181 "-" "Mozilla/5.0 (compatible; Baiduspider/2.0; +http://www.baidu.com/search/spider.html)"
66.249.66.252 - - [22/Sep/2012:09:16:25 +0200] "GET /jog/eseteink/kavicszatony/bfnpi%20fellebbezese%20mura%20kotras%20vj%20eng.pdf HTTP/1.1" 304 - "-" "Mozilla/5.0 (compatible; Googlebot/2.1; +http://www.google.com/bot.html)"
66.249.66.252 - - [22/Sep/2012:09:20:14 +0200] "GET /jog/eseteink/audi/application_of_hungarian_authorities_for_the_commission_opinion_1.pdf HTTP/1.1" 304 - "-" "Mozilla/5.0 (compatible; Googlebot/2.1; +http://www.google.com/bot.html)"
66.249.71.232 - - [22/Sep/2012:09:23:34 +0200] "GET /jog/eseteink/autopalya/m85-itelet.pdf HTTP/1.1" 304 - "-" "Mozilla/5.0 (compatible; Googlebot/2.1; +http://www.google.com/bot.html)"
66.249.71.232 - - [22/Sep/2012:09:24:26 +0200] "GET /jog/ugyfeljogok.htm HTTP/1.1" 200 14279 "-" "Mozilla/5.0 (compatible; Googlebot/2.1; +http://www.google.com/bot.html)"
66.249.66.252 - - [22/Sep/2012:09:24:32 +0200] "GET /jog/publikaciok.htm HTTP/1.1" 304 - "-" "Mozilla/5.0 (compatible; Googlebot/2.1; +http://www.google.com/bot.html)"
66.249.66.252 - - [22/Sep/2012:09:36:14 +0200] "GET /jog/tapasztalatszerzok.htm HTTP/1.1" 200 12148 "-" "Mozilla/5.0 (compatible; Googlebot/2.1; +http://www.google.com/bot.html)"
66.249.66.115 - - [22/Sep/2012:09:38:05 +0200] "GET /robots.txt HTTP/1.1" 404 1181 "-" "Mozilla/5.0 (compatible; Googlebot/2.1; +http://www.google.com/bot.html)"
66.249.66.115 - - [22/Sep/2012:09:38:05 +0200] "GET /jog/jogszabalyok/conventions_hu.pdf HTTP/1.1" 304 - "-" "Mozilla/5.0 (compatible; Googlebot/2.1; +http://www.google.com/bot.html)"
66.249.71.232 - - [22/Sep/2012:09:38:43 +0200] "GET /jog/eseteink/kavicszatony/mura_fellebbezes1.pdf HTTP/1.1" 304 - "-" "Mozilla/5.0 (compatible; Googlebot/2.1; +http://www.google.com/bot.html)"
66.249.71.232 - - [22/Sep/2012:09:48:24 +0200] "GET /hirek/Natura_2000es_gyepgazdalkodas_eloirasai.ppt HTTP/1.1" 304 - "-" "Mozilla/5.0 (compatible; Googlebot/2.1; +http://www.google.com/bot.html)"
66.249.71.232 - - [22/Sep/2012:09:55:59 +0200] "GET / HTTP/1.1" 304 - "-" "Mozilla/5.0 (compatible; Googlebot/2.1; +http://www.google.com/bot.html)"
66.249.66.115 - - [22/Sep/2012:09:56:40 +0200] "GET /jog/jogszabalyok/2011_clxxv.pdf HTTP/1.1" 304 - "-" "Mozilla/5.0 (compatible; Googlebot/2.1; +http://www.google.com/bot.html)"
180.76.6.36 - - [22/Sep/2012:10:37:39 +0200] "GET /fiok/program_reszek/konferancia.htm HTTP/1.1" 304 - "-" "Mozilla/5.0 (compatible; Baiduspider/2.0; +http://www.baidu.com/search/spider.html)"
37.140.141.19 - - [22/Sep/2012:11:06:34 +0200] "GET /robots.txt HTTP/1.1" 404 1181 "-" "Mozilla/5.0 (compatible; YandexImages/3.0; +http://yandex.com/bots)"
66.249.71.232 - - [22/Sep/2012:11:36:33 +0200] "GET /hirek09_02.htm HTTP/1.1" 304 - "-" "Mozilla/5.0 (compatible; Googlebot/2.1; +http://www.google.com/bot.html)"
37.140.141.19 - - [22/Sep/2012:11:47:30 +0200] "GET /tm04_.jpg HTTP/1.1" 200 2058 "-" "Mozilla/5.0 (compatible; YandexImages/3.0; +http://yandex.com/bots)"
208.115.113.84 - - [22/Sep/2012:12:10:56 +0200] "GET /robots.txt HTTP/1.1" 404 1181 "-" "Mozilla/5.0 (compatible; Ezooms/1.0; ezooms.bot@gmail.com)"
37.140.141.19 - - [22/Sep/2012:12:28:05 +0200] "GET /images/nca_logo.jpg HTTP/1.1" 200 4244 "-" "Mozilla/5.0 (compatible; YandexImages/3.0; +http://yandex.com/bots)"
37.140.141.19 - - [22/Sep/2012:13:10:00 +0200] "GET /deutsch/d03.jpg HTTP/1.1" 200 1235 "-" "Mozilla/5.0 (compatible; YandexImages/3.0; +http://yandex.com/bots)"
139.18.2.17 - - [22/Sep/2012:13:39:48 +0200] "GET /robots.txt HTTP/1.1" 404 1181 "-" "findlinks/2.6 (+http://wortschatz.uni-leipzig.de/findlinks/)"
66.249.66.115 - - [22/Sep/2012:13:47:26 +0200] "GET /jog/eseteink.htm HTTP/1.1" 200 17277 "-" "Mozilla/5.0 (compatible; Googlebot/2.1; +http://www.google.com/bot.html)"
37.140.141.19 - - [22/Sep/2012:13:53:09 +0200] "GET /tm03_.jpg HTTP/1.1" 200 1787 "-" "Mozilla/5.0 (compatible; YandexImages/3.0; +http://yandex.com/bots)"
208.115.111.68 - - [22/Sep/2012:14:10:38 +0200] "GET /robots.txt HTTP/1.1" 404 1181 "-" "Mozilla/5.0 (compatible; Ezooms/1.0; ezooms.bot@gmail.com)"
66.249.66.252 - - [22/Sep/2012:14:23:46 +0200] "GET /hirek/hirek100305.htm HTTP/1.1" 200 7091 "-" "Mozilla/5.0 (compatible; Googlebot/2.1; +http://www.google.com/bot.html)"
208.115.113.84 - - [22/Sep/2012:14:24:53 +0200] "GET /jog/eseteink/audi/index.htm HTTP/1.1" 200 15938 "-" "Mozilla/5.0 (compatible; Ezooms/1.0; ezooms.bot@gmail.com)"
66.249.71.232 - - [22/Sep/2012:14:28:38 +0200] "GET /images/kvvm_logo.jpg HTTP/1.1" 200 4763 "-" "Mozilla/5.0 (compatible; Googlebot/2.1; +http://www.google.com/bot.html)"
66.249.66.252 - - [22/Sep/2012:14:28:41 +0200] "GET /images/72_nfu.jpg HTTP/1.1" 200 603912 "-" "Mozilla/5.0 (compatible; Googlebot/2.1; +http://www.google.com/bot.html)"
37.140.141.19 - - [22/Sep/2012:14:36:16 +0200] "GET /images/kvvm.jpg HTTP/1.1" 200 5375 "-" "Mozilla/5.0 (compatible; YandexImages/3.0; +http://yandex.com/bots)"
37.140.141.19 - - [22/Sep/2012:15:18:41 +0200] "GET /tm02_.jpg HTTP/1.1" 200 1524 "-" "Mozilla/5.0 (compatible; YandexImages/3.0; +http://yandex.com/bots)"
208.115.113.84 - - [22/Sep/2012:16:06:41 +0200] "GET /robots.txt HTTP/1.1" 404 1181 "-" "Mozilla/5.0 (compatible; Ezooms/1.0; ezooms.bot@gmail.com)"
37.140.141.19 - - [22/Sep/2012:16:08:25 +0200] "GET /tm02.jpg HTTP/1.1" 200 1873 "-" "Mozilla/5.0 (compatible; YandexImages/3.0; +http://yandex.com/bots)"
208.115.113.84 - - [22/Sep/2012:16:40:43 +0200] "GET / HTTP/1.1" 200 23778 "-" "Mozilla/5.0 (compatible; Ezooms/1.0; ezooms.bot@gmail.com)"
66.249.66.252 - - [22/Sep/2012:16:53:00 +0200] "GET /robots.txt HTTP/1.1" 404 1181 "-" "Mozilla/5.0 (compatible; Googlebot/2.1; +http://www.google.com/bot.html)"
66.249.66.252 - - [22/Sep/2012:16:53:00 +0200] "GET /fiok/kornyezet.htm HTTP/1.1" 304 - "-" "Mozilla/5.0 (compatible; Googlebot/2.1; +http://www.google.com/bot.html)"
37.140.141.19 - - [22/Sep/2012:16:59:04 +0200] "GET /images/autonomia_.jpg HTTP/1.1" 200 14792 "-" "Mozilla/5.0 (compatible; YandexImages/3.0; +http://yandex.com/bots)"
37.140.141.19 - - [22/Sep/2012:17:52:59 +0200] "GET /english/e01.jpg HTTP/1.1" 200 967 "-" "Mozilla/5.0 (compatible; YandexImages/3.0; +http://yandex.com/bots)"
208.115.111.68 - - [22/Sep/2012:18:09:58 +0200] "GET /robots.txt HTTP/1.1" 404 1181 "-" "Mozilla/5.0 (compatible; Ezooms/1.0; ezooms.bot@gmail.com)"
66.249.66.252 - - [22/Sep/2012:18:36:40 +0200] "GET /robots.txt HTTP/1.1" 404 1181 "-" "Mozilla/5.0 (compatible; Googlebot/2.1; +http://www.google.com/bot.html)"
66.249.72.84 - - [22/Sep/2012:18:36:41 +0200] "GET /jog/jogszabalyok/1_erdo.pdf HTTP/1.1" 200 761794 "-" "Mozilla/5.0 (compatible; Googlebot/2.1; +http://www.google.com/bot.html)"
37.140.141.19 - - [22/Sep/2012:18:52:07 +0200] "GET /images/norway_grants_.jpg HTTP/1.1" 200 4440 "-" "Mozilla/5.0 (compatible; YandexImages/3.0; +http://yandex.com/bots)"
66.249.66.252 - - [22/Sep/2012:19:00:59 +0200] "GET /jog/eseteink/autopalya/index.htm HTTP/1.1" 304 - "-" "Mozilla/5.0 (compatible; Googlebot/2.1; +http://www.google.com/bot.html)"
131.253.46.112 - - [22/Sep/2012:19:20:16 +0200] "GET /robots.txt HTTP/1.1" 404 1181 "-" "Mozilla/5.0 (compatible; bingbot/2.0; +http://www.bing.com/bingbot.htm)"
66.249.66.252 - - [22/Sep/2012:19:21:22 +0200] "GET /ncta_a.htm HTTP/1.1" 304 - "-" "Mozilla/5.0 (compatible; Googlebot/2.1; +http://www.google.com/bot.html)"
37.140.141.19 - - [22/Sep/2012:19:46:31 +0200] "GET /a1_projekt_tabla_infra_cs3_beklenhaz_.jpg HTTP/1.1" 200 8994 "-" "Mozilla/5.0 (compatible; YandexImages/3.0; +http://yandex.com/bots)"
66.249.66.252 - - [22/Sep/2012:19:54:50 +0200] "GET /jog/jogszabalyok/1_erdo.pdf HTTP/1.1" 200 761794 "-" "Mozilla/5.0 (compatible; Googlebot/2.1; +http://www.google.com/bot.html)"
66.249.66.252 - - [22/Sep/2012:20:06:15 +0200] "GET /fiok/fiok.html HTTP/1.1" 304 - "-" "Mozilla/5.0 (compatible; Googlebot/2.1; +http://www.google.com/bot.html)"
66.249.66.252 - - [22/Sep/2012:20:06:29 +0200] "GET /jog/tippek.htm HTTP/1.1" 200 13697 "-" "Mozilla/5.0 (compatible; Googlebot/2.1; +http://www.google.com/bot.html)"
66.249.72.84 - - [22/Sep/2012:20:17:52 +0200] "GET /fiok/gazdasag.htm HTTP/1.1" 304 - "-" "Mozilla/5.0 (compatible; Googlebot/2.1; +http://www.google.com/bot.html)"
131.253.46.112 - - [22/Sep/2012:20:29:35 +0200] "GET /jog/ugyeszsegek.htm HTTP/1.1" 200 13810 "-" "Mozilla/5.0 (compatible; bingbot/2.0; +http://www.bing.com/bingbot.htm)"
66.249.66.252 - - [22/Sep/2012:20:33:33 +0200] "GET /jog/eseteink/korosladany/korosladany-fvm.pdf HTTP/1.1" 304 - "-" "Mozilla/5.0 (compatible; Googlebot/2.1; +http://www.google.com/bot.html)"
66.249.66.252 - - [22/Sep/2012:20:37:22 +0200] "GET /jog/eseteink/korosladany/lgfobb_ugyeszseg_ujra.pdf HTTP/1.1" 304 - "-" "Mozilla/5.0 (compatible; Googlebot/2.1; +http://www.google.com/bot.html)"
66.249.66.252 - - [22/Sep/2012:20:37:44 +0200] "GET /jog/eseteink/kavicszatony/index.htm HTTP/1.1" 200 16432 "-" "Mozilla/5.0 (compatible; Googlebot/2.1; +http://www.google.com/bot.html)"
37.140.141.19 - - [22/Sep/2012:20:48:29 +0200] "GET /jog/img/nca_logo_.png HTTP/1.1" 200 7180 "-" "Mozilla/5.0 (compatible; YandexImages/3.0; +http://yandex.com/bots)"
66.249.72.196 - - [22/Sep/2012:20:52:49 +0200] "GET /robots.txt HTTP/1.1" 404 1181 "-" "Mozilla/5.0 (compatible; Googlebot/2.1; +http://www.google.com/bot.html)"
66.249.66.115 - - [22/Sep/2012:20:52:49 +0200] "GET /jog/jogszabalyok/348_2006.korm.rendelet.pdf HTTP/1.1" 304 - "-" "Mozilla/5.0 (compatible; Googlebot/2.1; +http://www.google.com/bot.html)"
208.115.111.68 - - [22/Sep/2012:20:57:57 +0200] "GET /hirek09_03.htm HTTP/1.1" 200 10726 "-" "Mozilla/5.0 (compatible; Ezooms/1.0; ezooms.bot@gmail.com)"
37.140.141.19 - - [22/Sep/2012:21:46:47 +0200] "GET /english/e03.jpg HTTP/1.1" 200 1393 "-" "Mozilla/5.0 (compatible; YandexImages/3.0; +http://yandex.com/bots)"
37.140.141.19 - - [22/Sep/2012:22:45:28 +0200] "GET /deutsch/d02.jpg HTTP/1.1" 200 1339 "-" "Mozilla/5.0 (compatible; YandexImages/3.0; +http://yandex.com/bots)"
66.249.66.252 - - [22/Sep/2012:22:53:37 +0200] "GET / HTTP/1.1" 200 23778 "-" "Mozilla/5.0 (iPhone; U; CPU iPhone OS 4_1 like Mac OS X; en-us) AppleWebKit/532.9 (KHTML, like Gecko) Version/4.0.5 Mobile/8B117 Safari/6531.22.7 (compatible; Googlebot-Mobile/2.1; +http://www.google.com/bot.html)"
37.140.141.19 - - [22/Sep/2012:23:47:01 +0200] "GET /tm01.jpg HTTP/1.1" 200 1080 "-" "Mozilla/5.0 (compatible; YandexImages/3.0; +http://yandex.com/bots)"
208.115.113.84 - - [23/Sep/2012:00:17:04 +0200] "GET /robots.txt HTTP/1.1" 404 1181 "-" "Mozilla/5.0 (compatible; Ezooms/1.0; ezooms.bot@gmail.com)"
208.115.113.84 - - [23/Sep/2012:00:36:24 +0200] "GET /fiok/ HTTP/1.1" 200 20554 "-" "Mozilla/5.0 (compatible; Ezooms/1.0; ezooms.bot@gmail.com)"
37.140.141.19 - - [23/Sep/2012:00:46:40 +0200] "GET /images/72_nfu.jpg HTTP/1.1" 200 603912 "-" "Mozilla/5.0 (compatible; YandexImages/3.0; +http://yandex.com/bots)"
178.154.210.252 - - [23/Sep/2012:01:26:44 +0200] "GET /robots.txt HTTP/1.1" 404 1181 "-" "Mozilla/5.0 (compatible; YandexBot/3.0; +http://yandex.com/bots)"
37.140.141.19 - - [23/Sep/2012:01:46:09 +0200] "GET /images/kvvm_logo.jpg HTTP/1.1" 200 4763 "-" "Mozilla/5.0 (compatible; YandexImages/3.0; +http://yandex.com/bots)"
208.115.113.84 - - [23/Sep/2012:02:37:43 +0200] "GET /deutsch/stellen.htm HTTP/1.1" 200 6824 "-" "Mozilla/5.0 (compatible; Ezooms/1.0; ezooms.bot@gmail.com)"
37.140.141.19 - - [23/Sep/2012:02:59:35 +0200] "GET /tm04.jpg HTTP/1.1" 200 2613 "-" "Mozilla/5.0 (compatible; YandexImages/3.0; +http://yandex.com/bots)"
66.249.66.252 - - [23/Sep/2012:03:12:02 +0200] "GET /jog/eseteink/kavicszatony/kavicszatony_ugyfel.pdf HTTP/1.1" 304 - "-" "Mozilla/5.0 (compatible; Googlebot/2.1; +http://www.google.com/bot.html)"
178.154.210.252 - - [23/Sep/2012:03:16:04 +0200] "GET /index.htm HTTP/1.1" 200 23778 "-" "Mozilla/5.0 (compatible; YandexBot/3.0; +http://yandex.com/bots)"
180.76.5.54 - - [23/Sep/2012:04:00:24 +0200] "GET /fiok/program_reszek/turazas.htm HTTP/1.1" 304 - "-" "Mozilla/5.0 (compatible; Baiduspider/2.0; +http://www.baidu.com/search/spider.html)"
37.140.141.19 - - [23/Sep/2012:04:15:06 +0200] "GET /tm05_.jpg HTTP/1.1" 200 1839 "-" "Mozilla/5.0 (compatible; YandexImages/3.0; +http://yandex.com/bots)"
66.249.66.252 - - [23/Sep/2012:04:49:01 +0200] "GET /hirek/hirek100225.htm HTTP/1.1" 304 - "-" "Mozilla/5.0 (iPhone; U; CPU iPhone OS 4_1 like Mac OS X; en-us) AppleWebKit/532.9 (KHTML, like Gecko) Version/4.0.5 Mobile/8B117 Safari/6531.22.7 (compatible; Googlebot-Mobile/2.1; +http://www.google.com/bot.html)"
37.140.141.19 - - [23/Sep/2012:05:31:16 +0200] "GET /images/karpatok_.jpg HTTP/1.1" 200 15902 "-" "Mozilla/5.0 (compatible; YandexImages/3.0; +http://yandex.com/bots)"
208.115.111.68 - - [23/Sep/2012:06:11:46 +0200] "GET /robots.txt HTTP/1.1" 404 1181 "-" "Mozilla/5.0 (compatible; Ezooms/1.0; ezooms.bot@gmail.com)"
66.249.66.252 - - [23/Sep/2012:06:28:25 +0200] "GET /jog/polgariper.htm HTTP/1.1" 304 - "-" "Mozilla/5.0 (compatible; Googlebot/2.1; +http://www.google.com/bot.html)"
66.249.66.252 - - [23/Sep/2012:06:44:21 +0200] "GET /robots.txt HTTP/1.1" 404 1181 "-" "Mozilla/5.0 (compatible; Googlebot/2.1; +http://www.google.com/bot.html)"
66.249.66.252 - - [23/Sep/2012:06:44:21 +0200] "GET /jog/eseteink/dakar/dakar_dabas_ugyeszseg_valasz.pdf HTTP/1.1" 304 - "-" "Mozilla/5.0 (compatible; Googlebot/2.1; +http://www.google.com/bot.html)"
37.140.141.19 - - [23/Sep/2012:06:48:46 +0200] "GET /images/eea_logo_.jpg HTTP/1.1" 200 32098 "-" "Mozilla/5.0 (compatible; YandexImages/3.0; +http://yandex.com/bots)"
66.249.66.115 - - [23/Sep/2012:07:47:43 +0200] "GET /robots.txt HTTP/1.1" 404 1181 "-" "Mozilla/5.0 (compatible; Googlebot/2.1; +http://www.google.com/bot.html)"
66.249.66.115 - - [23/Sep/2012:07:47:43 +0200] "GET /jog/jogszabalyok/regp2001lxxxitvaarhus.pdf HTTP/1.1" 304 - "-" "Mozilla/5.0 (compatible; Googlebot/2.1; +http://www.google.com/bot.html)"
66.249.72.84 - - [23/Sep/2012:07:54:17 +0200] "GET /hirek/hirek090302.htm HTTP/1.1" 200 8452 "-" "Mozilla/5.0 (compatible; Googlebot/2.1; +http://www.google.com/bot.html)"
66.249.66.252 - - [23/Sep/2012:07:54:48 +0200] "GET /nca06.htm HTTP/1.1" 304 - "-" "Mozilla/5.0 (compatible; Googlebot/2.1; +http://www.google.com/bot.html)"
37.140.141.19 - - [23/Sep/2012:08:09:47 +0200] "GET /images/demnet_.jpg HTTP/1.1" 200 4808 "-" "Mozilla/5.0 (compatible; YandexImages/3.0; +http://yandex.com/bots)"
178.255.215.69 - - [23/Sep/2012:08:10:49 +0200] "GET /robots.txt HTTP/1.1" 404 1181 "-" "Mozilla/5.0 (compatible; Exabot/3.0; +http://www.exabot.com/go/robot)"
178.255.215.69 - - [23/Sep/2012:08:11:05 +0200] "GET /deutsch/programme.htm HTTP/1.1" 304 - "-" "Mozilla/5.0 (compatible; Exabot/3.0; +http://www.exabot.com/go/robot)"
178.6.59.186 - - [23/Sep/2012:08:14:32 +0200] "GET /szakmai.htm HTTP/1.1" 200 6054 "-" "findlinks/2.6 (+http://wortschatz.uni-leipzig.de/findlinks/)"
208.115.113.84 - - [23/Sep/2012:08:17:25 +0200] "GET /robots.txt HTTP/1.1" 404 1181 "-" "Mozilla/5.0 (compatible; Ezooms/1.0; ezooms.bot@gmail.com)"
37.140.141.19 - - [23/Sep/2012:09:27:23 +0200] "GET /deutsch/d04.jpg HTTP/1.1" 200 1181 "-" "Mozilla/5.0 (compatible; YandexImages/3.0; +http://yandex.com/bots)"
208.115.111.68 - - [23/Sep/2012:10:20:24 +0200] "GET /robots.txt HTTP/1.1" 404 1181 "-" "Mozilla/5.0 (compatible; Ezooms/1.0; ezooms.bot@gmail.com)"
208.115.113.84 - - [23/Sep/2012:10:36:05 +0200] "GET /fiok/program_reszek/turazas.htm HTTP/1.1" 200 22754 "-" "Mozilla/5.0 (compatible; Ezooms/1.0; ezooms.bot@gmail.com)"
178.154.210.252 - - [23/Sep/2012:10:38:12 +0200] "GET /kapcsolat.htm HTTP/1.1" 304 - "-" "Mozilla/5.0 (compatible; YandexBot/3.0; +http://yandex.com/bots)"
37.140.141.19 - - [23/Sep/2012:10:42:02 +0200] "GET /jog/img/magyar_cimer.png HTTP/1.1" 200 1900 "-" "Mozilla/5.0 (compatible; YandexImages/3.0; +http://yandex.com/bots)"
178.255.215.69 - - [23/Sep/2012:11:24:25 +0200] "GET /robots.txt HTTP/1.1" 404 1181 "-" "Mozilla/5.0 (compatible; Exabot/3.0; +http://www.exabot.com/go/robot)"
178.255.215.69 - - [23/Sep/2012:11:24:25 +0200] "GET / HTTP/1.1" 200 23778 "-" "Mozilla/5.0 (compatible; Exabot/3.0; +http://www.exabot.com/go/robot)"
74.125.78.92 - - [23/Sep/2012:12:05:47 +0200] "GET /fiok/mult.htm HTTP/1.1" 200 23227 "http://www.google.com/search" "Mozilla/5.0 (X11; Linux x86_64) AppleWebKit/536.8 (KHTML, like Gecko; Google Web Preview) Chrome/19.0.1084.36 Safari/536.8"
74.125.78.92 - - [23/Sep/2012:12:05:47 +0200] "GET /fiok/css/lightbox.css HTTP/1.1" 200 1715 "http://www.beklen.hu/fiok/mult.htm" "Mozilla/5.0 (X11; Linux x86_64) AppleWebKit/536.8 (KHTML, like Gecko; Google Web Preview) Chrome/19.0.1084.36 Safari/536.8"
74.125.78.91 - - [23/Sep/2012:12:05:47 +0200] "GET /fiok/css/js/scriptaculous.js?load=effects HTTP/1.1" 200 2152 "http://www.beklen.hu/fiok/mult.htm" "Mozilla/5.0 (X11; Linux x86_64) AppleWebKit/536.8 (KHTML, like Gecko; Google Web Preview) Chrome/19.0.1084.36 Safari/536.8"
74.125.78.91 - - [23/Sep/2012:12:05:47 +0200] "GET /fiok/css/js/lightbox.js HTTP/1.1" 200 23424 "http://www.beklen.hu/fiok/mult.htm" "Mozilla/5.0 (X11; Linux x86_64) AppleWebKit/536.8 (KHTML, like Gecko; Google Web Preview) Chrome/19.0.1084.36 Safari/536.8"
74.125.78.91 - - [23/Sep/2012:12:05:47 +0200] "GET /fiok/css/js/prototype.js HTTP/1.1" 200 47603 "http://www.beklen.hu/fiok/mult.htm" "Mozilla/5.0 (X11; Linux x86_64) AppleWebKit/536.8 (KHTML, like Gecko; Google Web Preview) Chrome/19.0.1084.36 Safari/536.8"
74.125.78.91 - - [23/Sep/2012:12:05:47 +0200] "GET /fiok/css/js/effects.js HTTP/1.1" 200 31969 "http://www.beklen.hu/fiok/mult.htm" "Mozilla/5.0 (X11; Linux x86_64) AppleWebKit/536.8 (KHTML, like Gecko; Google Web Preview) Chrome/19.0.1084.36 Safari/536.8"
74.125.78.91 - - [23/Sep/2012:12:05:47 +0200] "GET /fiok/images/b12.jpg HTTP/1.1" 200 544 "http://www.beklen.hu/fiok/mult.htm" "Mozilla/5.0 (X11; Linux x86_64) AppleWebKit/536.8 (KHTML, like Gecko; Google Web Preview) Chrome/19.0.1084.36 Safari/536.8"
74.125.78.91 - - [23/Sep/2012:12:05:47 +0200] "GET /fiok/images/index_13.gif HTTP/1.1" 200 149 "http://www.beklen.hu/fiok/mult.htm" "Mozilla/5.0 (X11; Linux x86_64) AppleWebKit/536.8 (KHTML, like Gecko; Google Web Preview) Chrome/19.0.1084.36 Safari/536.8"
74.125.78.91 - - [23/Sep/2012:12:05:47 +0200] "GET /fiok/images/index_02_02.JPG HTTP/1.1" 200 1178 "http://www.beklen.hu/fiok/mult.htm" "Mozilla/5.0 (X11; Linux x86_64) AppleWebKit/536.8 (KHTML, like Gecko; Google Web Preview) Chrome/19.0.1084.36 Safari/536.8"
74.125.78.92 - - [23/Sep/2012:12:05:47 +0200] "GET /fiok/images/index_15_15.JPG HTTP/1.1" 200 20275 "http://www.beklen.hu/fiok/mult.htm" "Mozilla/5.0 (X11; Linux x86_64) AppleWebKit/536.8 (KHTML, like Gecko; Google Web Preview) Chrome/19.0.1084.36 Safari/536.8"
74.125.78.94 - - [23/Sep/2012:12:05:47 +0200] "GET /fiok/images/index_14_14.JPG HTTP/1.1" 200 9305 "http://www.beklen.hu/fiok/mult.htm" "Mozilla/5.0 (X11; Linux x86_64) AppleWebKit/536.8 (KHTML, like Gecko; Google Web Preview) Chrome/19.0.1084.36 Safari/536.8"
74.125.78.96 - - [23/Sep/2012:12:05:47 +0200] "GET /fiok/images/index_12_12.JPG HTTP/1.1" 200 985 "http://www.beklen.hu/fiok/mult.htm" "Mozilla/5.0 (X11; Linux x86_64) AppleWebKit/536.8 (KHTML, like Gecko; Google Web Preview) Chrome/19.0.1084.36 Safari/536.8"
74.125.78.95 - - [23/Sep/2012:12:05:47 +0200] "GET /fiok/images/index_16_16.JPG HTTP/1.1" 200 13468 "http://www.beklen.hu/fiok/mult.htm" "Mozilla/5.0 (X11; Linux x86_64) AppleWebKit/536.8 (KHTML, like Gecko; Google Web Preview) Chrome/19.0.1084.36 Safari/536.8"
74.125.78.97 - - [23/Sep/2012:12:05:47 +0200] "GET /fiok/images/index_19_19.JPG HTTP/1.1" 200 3123 "http://www.beklen.hu/fiok/mult.htm" "Mozilla/5.0 (X11; Linux x86_64) AppleWebKit/536.8 (KHTML, like Gecko; Google Web Preview) Chrome/19.0.1084.36 Safari/536.8"
74.125.78.91 - - [23/Sep/2012:12:05:47 +0200] "GET /fiok/images/index_27_27.jpg HTTP/1.1" 200 12876 "http://www.beklen.hu/fiok/mult.htm" "Mozilla/5.0 (X11; Linux x86_64) AppleWebKit/536.8 (KHTML, like Gecko; Google Web Preview) Chrome/19.0.1084.36 Safari/536.8"
74.125.78.91 - - [23/Sep/2012:12:05:47 +0200] "GET /fiok/images/index_28.gif HTTP/1.1" 200 262 "http://www.beklen.hu/fiok/mult.htm" "Mozilla/5.0 (X11; Linux x86_64) AppleWebKit/536.8 (KHTML, like Gecko; Google Web Preview) Chrome/19.0.1084.36 Safari/536.8"
74.125.78.91 - - [23/Sep/2012:12:05:47 +0200] "GET /fiok/images/spacer.gif HTTP/1.1" 200 43 "http://www.beklen.hu/fiok/mult.htm" "Mozilla/5.0 (X11; Linux x86_64) AppleWebKit/536.8 (KHTML, like Gecko; Google Web Preview) Chrome/19.0.1084.36 Safari/536.8"
74.125.78.96 - - [23/Sep/2012:12:05:47 +0200] "GET /fiok/images/a4a.jpg HTTP/1.1" 200 524 "http://www.beklen.hu/fiok/mult.htm" "Mozilla/5.0 (X11; Linux x86_64) AppleWebKit/536.8 (KHTML, like Gecko; Google Web Preview) Chrome/19.0.1084.36 Safari/536.8"
74.125.78.91 - - [23/Sep/2012:12:05:47 +0200] "GET /fiok/images/b4b.jpg HTTP/1.1" 200 524 "http://www.beklen.hu/fiok/mult.htm" "Mozilla/5.0 (X11; Linux x86_64) AppleWebKit/536.8 (KHTML, like Gecko; Google Web Preview) Chrome/19.0.1084.36 Safari/536.8"
74.125.78.92 - - [23/Sep/2012:12:05:47 +0200] "GET /fiok/images/c4c.jpg HTTP/1.1" 200 524 "http://www.beklen.hu/fiok/mult.htm" "Mozilla/5.0 (X11; Linux x86_64) AppleWebKit/536.8 (KHTML, like Gecko; Google Web Preview) Chrome/19.0.1084.36 Safari/536.8"
74.125.78.91 - - [23/Sep/2012:12:05:47 +0200] "GET /fiok/images/d4d.jpg HTTP/1.1" 200 524 "http://www.beklen.hu/fiok/mult.htm" "Mozilla/5.0 (X11; Linux x86_64) AppleWebKit/536.8 (KHTML, like Gecko; Google Web Preview) Chrome/19.0.1084.36 Safari/536.8"
74.125.78.94 - - [23/Sep/2012:12:05:47 +0200] "GET /fiok/images/e4e.jpg HTTP/1.1" 200 524 "http://www.beklen.hu/fiok/mult.htm" "Mozilla/5.0 (X11; Linux x86_64) AppleWebKit/536.8 (KHTML, like Gecko; Google Web Preview) Chrome/19.0.1084.36 Safari/536.8"
74.125.78.100 - - [23/Sep/2012:12:05:48 +0200] "GET /fiok/oktatokozpont/04.JPG HTTP/1.1" 200 218557 "http://www.beklen.hu/fiok/mult.htm" "Mozilla/5.0 (X11; Linux x86_64) AppleWebKit/536.8 (KHTML, like Gecko; Google Web Preview) Chrome/19.0.1084.36 Safari/536.8"
74.125.78.99 - - [23/Sep/2012:12:05:48 +0200] "GET /fiok/oktatokozpont/05.JPG HTTP/1.1" 200 299454 "http://www.beklen.hu/fiok/mult.htm" "Mozilla/5.0 (X11; Linux x86_64) AppleWebKit/536.8 (KHTML, like Gecko; Google Web Preview) Chrome/19.0.1084.36 Safari/536.8"
74.125.78.98 - - [23/Sep/2012:12:05:49 +0200] "GET /fiok/oktatokozpont/01.JPG HTTP/1.1" 200 320996 "http://www.beklen.hu/fiok/mult.htm" "Mozilla/5.0 (X11; Linux x86_64) AppleWebKit/536.8 (KHTML, like Gecko; Google Web Preview) Chrome/19.0.1084.36 Safari/536.8"
74.125.78.101 - - [23/Sep/2012:12:05:49 +0200] "GET /fiok/images/index_17_17.jpg HTTP/1.1" 200 2374 "http://www.beklen.hu/fiok/mult.htm" "Mozilla/5.0 (X11; Linux x86_64) AppleWebKit/536.8 (KHTML, like Gecko; Google Web Preview) Chrome/19.0.1084.36 Safari/536.8"
74.125.78.83 - - [23/Sep/2012:12:05:49 +0200] "GET /fiok/images/index_11.gif HTTP/1.1" 200 74 "http://www.beklen.hu/fiok/mult.htm" "Mozilla/5.0 (X11; Linux x86_64) AppleWebKit/536.8 (KHTML, like Gecko; Google Web Preview) Chrome/19.0.1084.36 Safari/536.8"
74.125.78.103 - - [23/Sep/2012:12:05:49 +0200] "GET /fiok/images/index_18_18.JPG HTTP/1.1" 200 15778 "http://www.beklen.hu/fiok/mult.htm" "Mozilla/5.0 (X11; Linux x86_64) AppleWebKit/536.8 (KHTML, like Gecko; Google Web Preview) Chrome/19.0.1084.36 Safari/536.8"
74.125.78.85 - - [23/Sep/2012:12:05:49 +0200] "GET /fiok/images/index_26.gif HTTP/1.1" 200 121 "http://www.beklen.hu/fiok/mult.htm" "Mozilla/5.0 (X11; Linux x86_64) AppleWebKit/536.8 (KHTML, like Gecko; Google Web Preview) Chrome/19.0.1084.36 Safari/536.8"
74.125.78.82 - - [23/Sep/2012:12:05:49 +0200] "GET /fiok/images/index_22.gif HTTP/1.1" 200 227 "http://www.beklen.hu/fiok/mult.htm" "Mozilla/5.0 (X11; Linux x86_64) AppleWebKit/536.8 (KHTML, like Gecko; Google Web Preview) Chrome/19.0.1084.36 Safari/536.8"
74.125.78.81 - - [23/Sep/2012:12:05:49 +0200] "GET /fiok/images/index_25.gif HTTP/1.1" 200 708 "http://www.beklen.hu/fiok/mult.htm" "Mozilla/5.0 (X11; Linux x86_64) AppleWebKit/536.8 (KHTML, like Gecko; Google Web Preview) Chrome/19.0.1084.36 Safari/536.8"
74.125.78.84 - - [23/Sep/2012:12:05:49 +0200] "GET /fiok/images/index_24.gif HTTP/1.1" 200 227 "http://www.beklen.hu/fiok/mult.htm" "Mozilla/5.0 (X11; Linux x86_64) AppleWebKit/536.8 (KHTML, like Gecko; Google Web Preview) Chrome/19.0.1084.36 Safari/536.8"
74.125.78.102 - - [23/Sep/2012:12:05:49 +0200] "GET /fiok/oktatokozpont/02.JPG HTTP/1.1" 200 284929 "http://www.beklen.hu/fiok/mult.htm" "Mozilla/5.0 (X11; Linux x86_64) AppleWebKit/536.8 (KHTML, like Gecko; Google Web Preview) Chrome/19.0.1084.36 Safari/536.8"
74.125.78.80 - - [23/Sep/2012:12:05:49 +0200] "GET /fiok/oktatokozpont/03.JPG HTTP/1.1" 200 292887 "http://www.beklen.hu/fiok/mult.htm" "Mozilla/5.0 (X11; Linux x86_64) AppleWebKit/536.8 (KHTML, like Gecko; Google Web Preview) Chrome/19.0.1084.36 Safari/536.8"
74.125.78.80 - - [23/Sep/2012:12:05:50 +0200] "GET /lb/images/loading.gif HTTP/1.1" 200 2767 "http://www.beklen.hu/fiok/mult.htm" "Mozilla/5.0 (X11; Linux x86_64) AppleWebKit/536.8 (KHTML, like Gecko; Google Web Preview) Chrome/19.0.1084.36 Safari/536.8"
74.125.78.102 - - [23/Sep/2012:12:05:50 +0200] "GET /lb/images/closelabel.gif HTTP/1.1" 200 222 "http://www.beklen.hu/fiok/mult.htm" "Mozilla/5.0 (X11; Linux x86_64) AppleWebKit/536.8 (KHTML, like Gecko; Google Web Preview) Chrome/19.0.1084.36 Safari/536.8"
37.140.141.19 - - [23/Sep/2012:13:03:41 +0200] "GET /robots.txt HTTP/1.1" 404 1181 "-" "Mozilla/5.0 (compatible; YandexImages/3.0; +http://yandex.com/bots)"
37.140.141.19 - - [23/Sep/2012:14:10:11 +0200] "GET /english/e04.jpg HTTP/1.1" 200 1124 "-" "Mozilla/5.0 (compatible; YandexImages/3.0; +http://yandex.com/bots)"
208.115.111.68 - - [23/Sep/2012:14:22:23 +0200] "GET /robots.txt HTTP/1.1" 404 1181 "-" "Mozilla/5.0 (compatible; Ezooms/1.0; ezooms.bot@gmail.com)"
139.18.2.17 - - [23/Sep/2012:15:06:45 +0200] "GET /ncta_a.htm HTTP/1.1" 200 7260 "-" "findlinks/2.6 (+http://wortschatz.uni-leipzig.de/findlinks/)"
37.140.141.19 - - [23/Sep/2012:15:15:49 +0200] "GET /deutsch/d01.jpg HTTP/1.1" 200 1357 "-" "Mozilla/5.0 (compatible; YandexImages/3.0; +http://yandex.com/bots)"
94.199.182.115 - - [23/Sep/2012:15:21:07 +0200] "GET /jog/jogsegely.htm HTTP/1.1" 200 14053 "-" "-"
94.199.182.115 - - [23/Sep/2012:15:21:07 +0200] "GET /index.htm HTTP/1.1" 200 23778 "-" "-"
139.18.2.209 - - [23/Sep/2012:15:36:59 +0200] "GET /nca04.htm HTTP/1.1" 200 16378 "-" "findlinks/2.6 (+http://wortschatz.uni-leipzig.de/findlinks/)"
208.115.113.84 - - [23/Sep/2012:16:19:21 +0200] "GET /robots.txt HTTP/1.1" 404 1181 "-" "Mozilla/5.0 (compatible; Ezooms/1.0; ezooms.bot@gmail.com)"
37.140.141.19 - - [23/Sep/2012:16:21:55 +0200] "GET /tm06_.jpg HTTP/1.1" 200 1382 "-" "Mozilla/5.0 (compatible; YandexImages/3.0; +http://yandex.com/bots)"
180.76.5.61 - - [23/Sep/2012:16:28:14 +0200] "GET /fiok/program_reszek/madarmegfigyeles.htm HTTP/1.1" 304 - "-" "Mozilla/5.0 (compatible; Baiduspider/2.0; +http://www.baidu.com/search/spider.html)"
37.140.141.19 - - [23/Sep/2012:17:24:44 +0200] "GET /nimfea_project_250x250.gif HTTP/1.1" 200 2986583 "-" "Mozilla/5.0 (compatible; YandexImages/3.0; +http://yandex.com/bots)"
208.115.113.84 - - [23/Sep/2012:17:53:29 +0200] "GET /jog/eseteink/dakar/index.htm HTTP/1.1" 200 10482 "-" "Mozilla/5.0 (compatible; Ezooms/1.0; ezooms.bot@gmail.com)"
208.115.111.68 - - [23/Sep/2012:18:11:38 +0200] "GET /robots.txt HTTP/1.1" 404 1181 "-" "Mozilla/5.0 (compatible; Ezooms/1.0; ezooms.bot@gmail.com)"
37.140.141.19 - - [23/Sep/2012:18:28:48 +0200] "GET /english/e02.jpg HTTP/1.1" 200 1349 "-" "Mozilla/5.0 (compatible; YandexImages/3.0; +http://yandex.com/bots)"
66.249.66.252 - - [23/Sep/2012:18:45:38 +0200] "GET /robots.txt HTTP/1.1" 404 1181 "-" "Mozilla/5.0 (compatible; Googlebot/2.1; +http://www.google.com/bot.html)"
66.249.66.252 - - [23/Sep/2012:18:45:39 +0200] "GET /hirek/hirek090509.htm HTTP/1.1" 304 - "-" "Mozilla/5.0 (compatible; Googlebot/2.1; +http://www.google.com/bot.html)"
130.83.167.153 - - [23/Sep/2012:18:50:54 +0200] "GET /jog/tapasztalatszerzok.htm HTTP/1.1" 200 12148 "-" "findlinks/2.6 (+http://wortschatz.uni-leipzig.de/findlinks/)"
139.18.2.17 - - [23/Sep/2012:19:06:31 +0200] "GET /jog/ugyfeljogok.htm HTTP/1.1" 200 14279 "-" "findlinks/2.6 (+http://wortschatz.uni-leipzig.de/findlinks/)"
37.140.141.19 - - [23/Sep/2012:19:34:39 +0200] "GET /jog_honlap_.jpg HTTP/1.1" 200 7186 "-" "Mozilla/5.0 (compatible; YandexImages/3.0; +http://yandex.com/bots)"
37.140.141.19 - - [23/Sep/2012:20:37:46 +0200] "GET /images/okotars_szines_.jpg HTTP/1.1" 200 23743 "-" "Mozilla/5.0 (compatible; YandexImages/3.0; +http://yandex.com/bots)"
37.140.141.19 - - [23/Sep/2012:21:41:44 +0200] "GET /jog/img/320/sargarigo2.jpg HTTP/1.1" 200 17500 "-" "Mozilla/5.0 (compatible; YandexImages/3.0; +http://yandex.com/bots)"
66.249.66.252 - - [23/Sep/2012:22:31:26 +0200] "GET /hirek/hirek100305.htm HTTP/1.1" 304 - "-" "Mozilla/5.0 (iPhone; U; CPU iPhone OS 4_1 like Mac OS X; en-us) AppleWebKit/532.9 (KHTML, like Gecko) Version/4.0.5 Mobile/8B117 Safari/6531.22.7 (compatible; Googlebot-Mobile/2.1; +http://www.google.com/bot.html)"
37.140.141.19 - - [23/Sep/2012:22:39:00 +0200] "GET /tm03.jpg HTTP/1.1" 200 2212 "-" "Mozilla/5.0 (compatible; YandexImages/3.0; +http://yandex.com/bots)"
131.253.47.191 - - [23/Sep/2012:22:40:30 +0200] "GET /robots.txt HTTP/1.1" 404 1181 "-" "Mozilla/5.0 (compatible; bingbot/2.0; +http://www.bing.com/bingbot.htm)"
65.55.208.145 - - [23/Sep/2012:23:23:37 +0200] "GET /media.htm HTTP/1.1" 200 5208 "-" "Mozilla/5.0 (Windows NT 6.1; WOW64) AppleWebKit/534+ (KHTML, like Gecko) BingPreview/1.0b"
