66.249.66.60 - - [11/Sep/2012:08:21:12 +0200] "GET /jog/eseteink/derekegyhaza/vizjogi_derekegyhaza.pdf HTTP/1.1" 304 - "-" "Mozilla/5.0 (compatible; Googlebot/2.1; +http://www.google.com/bot.html)"
208.115.113.84 - - [11/Sep/2012:08:26:43 +0200] "GET /robots.txt HTTP/1.1" 404 1181 "-" "Mozilla/5.0 (compatible; Ezooms/1.0; ezooms.bot@gmail.com)"
66.249.66.60 - - [11/Sep/2012:08:56:30 +0200] "GET /jog/eseteink/derekegyhaza/csongrad_biro_beavatkozas_hianya.doc.pdf HTTP/1.1" 304 - "-" "Mozilla/5.0 (compatible; Googlebot/2.1; +http://www.google.com/bot.html)"
66.249.66.60 - - [11/Sep/2012:09:35:02 +0200] "GET /jog/eseteink/derekegyhaza/mszh_kozpontnak_ugyfel_uj.pdf HTTP/1.1" 304 - "-" "Mozilla/5.0 (compatible; Googlebot/2.1; +http://www.google.com/bot.html)"
66.249.66.60 - - [11/Sep/2012:09:38:16 +0200] "GET /jog/eseteink/derekegyhaza/vizjogi_ltesitmeny2.pdf HTTP/1.1" 304 - "-" "Mozilla/5.0 (compatible; Googlebot/2.1; +http://www.google.com/bot.html)"
180.76.5.144 - - [11/Sep/2012:09:43:52 +0200] "GET /fiok/program_reszek/csaladbarat.htm HTTP/1.1" 304 - "-" "Mozilla/5.0 (compatible; Baiduspider/2.0; +http://www.baidu.com/search/spider.html)"
178.154.210.252 - - [11/Sep/2012:09:51:15 +0200] "GET /robots.txt HTTP/1.1" 404 1181 "-" "Mozilla/5.0 (compatible; YandexBot/3.0; +http://yandex.com/bots)"
66.249.66.60 - - [11/Sep/2012:10:14:30 +0200] "GET /jog/eseteink/derekegyhaza/csongrad_biro_beavatkozas_hianya.doc.pdf HTTP/1.1" 304 - "-" "Mozilla/5.0 (compatible; Googlebot/2.1; +http://www.google.com/bot.html)"
208.115.111.68 - - [11/Sep/2012:10:22:53 +0200] "GET /robots.txt HTTP/1.1" 404 1181 "-" "Mozilla/5.0 (compatible; Ezooms/1.0; ezooms.bot@gmail.com)"
208.115.113.84 - - [11/Sep/2012:10:48:45 +0200] "GET /nca09.htm HTTP/1.1" 200 24315 "-" "Mozilla/5.0 (compatible; Ezooms/1.0; ezooms.bot@gmail.com)"
208.115.113.84 - - [11/Sep/2012:12:21:31 +0200] "GET /robots.txt HTTP/1.1" 404 1181 "-" "Mozilla/5.0 (compatible; Ezooms/1.0; ezooms.bot@gmail.com)"
72.30.142.237 - - [11/Sep/2012:13:01:57 +0200] "GET /robots.txt HTTP/1.0" 404 1181 "-" "Mozilla/5.0 (compatible; Yahoo! Slurp; http://help.yahoo.com/help/us/ysearch/slurp)"
72.30.142.237 - - [11/Sep/2012:13:01:57 +0200] "GET /fiok/news.html HTTP/1.0" 404 1181 "-" "Mozilla/5.0 (compatible; Yahoo! Slurp; http://help.yahoo.com/help/us/ysearch/slurp)"
72.30.142.237 - - [11/Sep/2012:13:49:52 +0200] "GET / HTTP/1.0" 200 23778 "-" "Mozilla/5.0 (compatible; Yahoo! Slurp; http://help.yahoo.com/help/us/ysearch/slurp)"
72.30.142.237 - - [11/Sep/2012:13:49:55 +0200] "GET /vill.cs HTTP/1.0" 200 2676 "http://www.beklen.hu/" "Mozilla/5.0 (compatible; Yahoo! Slurp; http://help.yahoo.com/help/us/ysearch/slurp)"
72.30.142.237 - - [11/Sep/2012:13:49:57 +0200] "GET /lb/css/lightbox.css HTTP/1.0" 200 1715 "http://www.beklen.hu/" "Mozilla/5.0 (compatible; Yahoo! Slurp; http://help.yahoo.com/help/us/ysearch/slurp)"
139.18.2.17 - - [11/Sep/2012:14:09:10 +0200] "GET /jog/zoldombudsman.htm HTTP/1.1" 200 13369 "-" "findlinks/2.6 (+http://wortschatz.uni-leipzig.de/findlinks/)"
208.115.111.68 - - [11/Sep/2012:14:16:09 +0200] "GET /robots.txt HTTP/1.1" 404 1181 "-" "Mozilla/5.0 (compatible; Ezooms/1.0; ezooms.bot@gmail.com)"
66.249.66.60 - - [11/Sep/2012:14:23:06 +0200] "GET /nca.htm HTTP/1.1" 200 7467 "-" "Mozilla/5.0 (compatible; Googlebot/2.1; +http://www.google.com/bot.html)"
80.98.212.41 - - [11/Sep/2012:14:31:32 +0200] "GET /fiok/ HTTP/1.1" 200 20554 "http://www.humusz.hu/linkek" "Mozilla/5.0 (Windows NT 6.1) AppleWebKit/537.1 (KHTML, like Gecko) Chrome/21.0.1180.89 Safari/537.1"
80.98.212.41 - - [11/Sep/2012:14:31:32 +0200] "GET /fiok/css/lightbox.css HTTP/1.1" 200 1715 "http://www.beklen.hu/fiok/" "Mozilla/5.0 (Windows NT 6.1) AppleWebKit/537.1 (KHTML, like Gecko) Chrome/21.0.1180.89 Safari/537.1"
80.98.212.41 - - [11/Sep/2012:14:31:33 +0200] "GET /fiok/css/js/scriptaculous.js?load=effects HTTP/1.1" 200 2152 "http://www.beklen.hu/fiok/" "Mozilla/5.0 (Windows NT 6.1) AppleWebKit/537.1 (KHTML, like Gecko) Chrome/21.0.1180.89 Safari/537.1"
80.98.212.41 - - [11/Sep/2012:14:31:33 +0200] "GET /fiok/css/js/prototype.js HTTP/1.1" 200 47603 "http://www.beklen.hu/fiok/" "Mozilla/5.0 (Windows NT 6.1) AppleWebKit/537.1 (KHTML, like Gecko) Chrome/21.0.1180.89 Safari/537.1"
80.98.212.41 - - [11/Sep/2012:14:31:33 +0200] "GET /fiok/css/js/lightbox.js HTTP/1.1" 200 23424 "http://www.beklen.hu/fiok/" "Mozilla/5.0 (Windows NT 6.1) AppleWebKit/537.1 (KHTML, like Gecko) Chrome/21.0.1180.89 Safari/537.1"
80.98.212.41 - - [11/Sep/2012:14:31:33 +0200] "GET /fiok/css/js/effects.js HTTP/1.1" 200 31969 "http://www.beklen.hu/fiok/" "Mozilla/5.0 (Windows NT 6.1) AppleWebKit/537.1 (KHTML, like Gecko) Chrome/21.0.1180.89 Safari/537.1"
80.98.212.41 - - [11/Sep/2012:14:31:33 +0200] "GET /fiok/images/b12.jpg HTTP/1.1" 200 544 "http://www.beklen.hu/fiok/" "Mozilla/5.0 (Windows NT 6.1) AppleWebKit/537.1 (KHTML, like Gecko) Chrome/21.0.1180.89 Safari/537.1"
80.98.212.41 - - [11/Sep/2012:14:31:33 +0200] "GET /fiok/images/index_11.gif HTTP/1.1" 200 74 "http://www.beklen.hu/fiok/" "Mozilla/5.0 (Windows NT 6.1) AppleWebKit/537.1 (KHTML, like Gecko) Chrome/21.0.1180.89 Safari/537.1"
80.98.212.41 - - [11/Sep/2012:14:31:33 +0200] "GET /fiok/images/index_02_02.JPG HTTP/1.1" 200 1178 "http://www.beklen.hu/fiok/" "Mozilla/5.0 (Windows NT 6.1) AppleWebKit/537.1 (KHTML, like Gecko) Chrome/21.0.1180.89 Safari/537.1"
80.98.212.41 - - [11/Sep/2012:14:31:33 +0200] "GET /fiok/images/index_13.gif HTTP/1.1" 200 149 "http://www.beklen.hu/fiok/" "Mozilla/5.0 (Windows NT 6.1) AppleWebKit/537.1 (KHTML, like Gecko) Chrome/21.0.1180.89 Safari/537.1"
80.98.212.41 - - [11/Sep/2012:14:31:33 +0200] "GET /fiok/images/index_14_14.JPG HTTP/1.1" 200 9305 "http://www.beklen.hu/fiok/" "Mozilla/5.0 (Windows NT 6.1) AppleWebKit/537.1 (KHTML, like Gecko) Chrome/21.0.1180.89 Safari/537.1"
80.98.212.41 - - [11/Sep/2012:14:31:33 +0200] "GET /fiok/images/index_12_12.JPG HTTP/1.1" 200 985 "http://www.beklen.hu/fiok/" "Mozilla/5.0 (Windows NT 6.1) AppleWebKit/537.1 (KHTML, like Gecko) Chrome/21.0.1180.89 Safari/537.1"
80.98.212.41 - - [11/Sep/2012:14:31:33 +0200] "GET /fiok/images/index_19_19.JPG HTTP/1.1" 200 3123 "http://www.beklen.hu/fiok/" "Mozilla/5.0 (Windows NT 6.1) AppleWebKit/537.1 (KHTML, like Gecko) Chrome/21.0.1180.89 Safari/537.1"
80.98.212.41 - - [11/Sep/2012:14:31:33 +0200] "GET /fiok/images/index_16_16.JPG HTTP/1.1" 200 13468 "http://www.beklen.hu/fiok/" "Mozilla/5.0 (Windows NT 6.1) AppleWebKit/537.1 (KHTML, like Gecko) Chrome/21.0.1180.89 Safari/537.1"
80.98.212.41 - - [11/Sep/2012:14:31:33 +0200] "GET /fiok/images/index_17_17.jpg HTTP/1.1" 200 2374 "http://www.beklen.hu/fiok/" "Mozilla/5.0 (Windows NT 6.1) AppleWebKit/537.1 (KHTML, like Gecko) Chrome/21.0.1180.89 Safari/537.1"
80.98.212.41 - - [11/Sep/2012:14:31:33 +0200] "GET /fiok/images/index_18_18.JPG HTTP/1.1" 200 15778 "http://www.beklen.hu/fiok/" "Mozilla/5.0 (Windows NT 6.1) AppleWebKit/537.1 (KHTML, like Gecko) Chrome/21.0.1180.89 Safari/537.1"
80.98.212.41 - - [11/Sep/2012:14:31:33 +0200] "GET /fiok/images/index_15_15.JPG HTTP/1.1" 200 20275 "http://www.beklen.hu/fiok/" "Mozilla/5.0 (Windows NT 6.1) AppleWebKit/537.1 (KHTML, like Gecko) Chrome/21.0.1180.89 Safari/537.1"
80.98.212.41 - - [11/Sep/2012:14:31:33 +0200] "GET /fiok/images/index_22.gif HTTP/1.1" 200 227 "http://www.beklen.hu/fiok/" "Mozilla/5.0 (Windows NT 6.1) AppleWebKit/537.1 (KHTML, like Gecko) Chrome/21.0.1180.89 Safari/537.1"
80.98.212.41 - - [11/Sep/2012:14:31:33 +0200] "GET /fiok/images/szovegkep.JPG HTTP/1.1" 200 12792 "http://www.beklen.hu/fiok/" "Mozilla/5.0 (Windows NT 6.1) AppleWebKit/537.1 (KHTML, like Gecko) Chrome/21.0.1180.89 Safari/537.1"
80.98.212.41 - - [11/Sep/2012:14:31:33 +0200] "GET /fiok/images/index_24.gif HTTP/1.1" 200 227 "http://www.beklen.hu/fiok/" "Mozilla/5.0 (Windows NT 6.1) AppleWebKit/537.1 (KHTML, like Gecko) Chrome/21.0.1180.89 Safari/537.1"
80.98.212.41 - - [11/Sep/2012:14:31:33 +0200] "GET /fiok/images/index_28.gif HTTP/1.1" 200 262 "http://www.beklen.hu/fiok/" "Mozilla/5.0 (Windows NT 6.1) AppleWebKit/537.1 (KHTML, like Gecko) Chrome/21.0.1180.89 Safari/537.1"
80.98.212.41 - - [11/Sep/2012:14:31:33 +0200] "GET /fiok/images/spacer.gif HTTP/1.1" 200 43 "http://www.beklen.hu/fiok/" "Mozilla/5.0 (Windows NT 6.1) AppleWebKit/537.1 (KHTML, like Gecko) Chrome/21.0.1180.89 Safari/537.1"
80.98.212.41 - - [11/Sep/2012:14:31:33 +0200] "GET /fiok/images/index_21_21.JPG HTTP/1.1" 404 1181 "http://www.beklen.hu/fiok/" "Mozilla/5.0 (Windows NT 6.1) AppleWebKit/537.1 (KHTML, like Gecko) Chrome/21.0.1180.89 Safari/537.1"
80.98.212.41 - - [11/Sep/2012:14:31:33 +0200] "GET /fiok/images/index_26.gif HTTP/1.1" 200 121 "http://www.beklen.hu/fiok/" "Mozilla/5.0 (Windows NT 6.1) AppleWebKit/537.1 (KHTML, like Gecko) Chrome/21.0.1180.89 Safari/537.1"
80.98.212.41 - - [11/Sep/2012:14:31:33 +0200] "GET /fiok/images/index_25_25.jpg HTTP/1.1" 200 4960 "http://www.beklen.hu/fiok/" "Mozilla/5.0 (Windows NT 6.1) AppleWebKit/537.1 (KHTML, like Gecko) Chrome/21.0.1180.89 Safari/537.1"
80.98.212.41 - - [11/Sep/2012:14:31:33 +0200] "GET /fiok/images/index_27_27.jpg HTTP/1.1" 200 12876 "http://www.beklen.hu/fiok/" "Mozilla/5.0 (Windows NT 6.1) AppleWebKit/537.1 (KHTML, like Gecko) Chrome/21.0.1180.89 Safari/537.1"
80.98.212.41 - - [11/Sep/2012:14:31:33 +0200] "GET /fiok/images/b4b.jpg HTTP/1.1" 200 524 "http://www.beklen.hu/fiok/" "Mozilla/5.0 (Windows NT 6.1) AppleWebKit/537.1 (KHTML, like Gecko) Chrome/21.0.1180.89 Safari/537.1"
80.98.212.41 - - [11/Sep/2012:14:31:33 +0200] "GET /fiok/images/c4c.jpg HTTP/1.1" 200 524 "http://www.beklen.hu/fiok/" "Mozilla/5.0 (Windows NT 6.1) AppleWebKit/537.1 (KHTML, like Gecko) Chrome/21.0.1180.89 Safari/537.1"
80.98.212.41 - - [11/Sep/2012:14:31:33 +0200] "GET /fiok/images/a4a.jpg HTTP/1.1" 200 524 "http://www.beklen.hu/fiok/" "Mozilla/5.0 (Windows NT 6.1) AppleWebKit/537.1 (KHTML, like Gecko) Chrome/21.0.1180.89 Safari/537.1"
80.98.212.41 - - [11/Sep/2012:14:31:33 +0200] "GET /fiok/images/d4d.jpg HTTP/1.1" 200 524 "http://www.beklen.hu/fiok/" "Mozilla/5.0 (Windows NT 6.1) AppleWebKit/537.1 (KHTML, like Gecko) Chrome/21.0.1180.89 Safari/537.1"
80.98.212.41 - - [11/Sep/2012:14:31:33 +0200] "GET /fiok/images/e4e.jpg HTTP/1.1" 200 524 "http://www.beklen.hu/fiok/" "Mozilla/5.0 (Windows NT 6.1) AppleWebKit/537.1 (KHTML, like Gecko) Chrome/21.0.1180.89 Safari/537.1"
80.98.212.41 - - [11/Sep/2012:14:31:33 +0200] "GET /lb/images/loading.gif HTTP/1.1" 200 2767 "http://www.beklen.hu/fiok/" "Mozilla/5.0 (Windows NT 6.1) AppleWebKit/537.1 (KHTML, like Gecko) Chrome/21.0.1180.89 Safari/537.1"
80.98.212.41 - - [11/Sep/2012:14:31:33 +0200] "GET /lb/images/closelabel.gif HTTP/1.1" 200 222 "http://www.beklen.hu/fiok/" "Mozilla/5.0 (Windows NT 6.1) AppleWebKit/537.1 (KHTML, like Gecko) Chrome/21.0.1180.89 Safari/537.1"
80.98.212.41 - - [11/Sep/2012:14:31:33 +0200] "GET /favicon.ico HTTP/1.1" 404 1181 "-" "Mozilla/5.0 (Windows NT 6.1) AppleWebKit/537.1 (KHTML, like Gecko) Chrome/21.0.1180.89 Safari/537.1"
208.115.113.84 - - [11/Sep/2012:14:44:47 +0200] "GET /hirek/hirek09_01.htm HTTP/1.1" 200 6925 "-" "Mozilla/5.0 (compatible; Ezooms/1.0; ezooms.bot@gmail.com)"
178.154.210.252 - - [11/Sep/2012:14:59:53 +0200] "GET /media.htm HTTP/1.1" 200 5208 "-" "Mozilla/5.0 (compatible; YandexBot/3.0; +http://yandex.com/bots)"
84.0.135.24 - - [11/Sep/2012:14:59:57 +0200] "GET / HTTP/1.1" 200 23778 "-" "Mozilla/5.0 (Macintosh; Intel Mac OS X 10.7; rv:15.0) Gecko/20100101 Firefox/15.0"
84.0.135.24 - - [11/Sep/2012:14:59:57 +0200] "GET /vill.cs HTTP/1.1" 200 2676 "http://beklen.hu/" "Mozilla/5.0 (Macintosh; Intel Mac OS X 10.7; rv:15.0) Gecko/20100101 Firefox/15.0"
84.0.135.24 - - [11/Sep/2012:14:59:57 +0200] "GET /lb/js/lightbox.js HTTP/1.1" 200 23424 "http://beklen.hu/" "Mozilla/5.0 (Macintosh; Intel Mac OS X 10.7; rv:15.0) Gecko/20100101 Firefox/15.0"
84.0.135.24 - - [11/Sep/2012:14:59:57 +0200] "GET /lb/css/lightbox.css HTTP/1.1" 200 1715 "http://beklen.hu/" "Mozilla/5.0 (Macintosh; Intel Mac OS X 10.7; rv:15.0) Gecko/20100101 Firefox/15.0"
84.0.135.24 - - [11/Sep/2012:14:59:57 +0200] "GET /lb/js/scriptaculous.js?load=effects HTTP/1.1" 200 2152 "http://beklen.hu/" "Mozilla/5.0 (Macintosh; Intel Mac OS X 10.7; rv:15.0) Gecko/20100101 Firefox/15.0"
84.0.135.24 - - [11/Sep/2012:14:59:57 +0200] "GET /lb/js/prototype.js HTTP/1.1" 200 47603 "http://beklen.hu/" "Mozilla/5.0 (Macintosh; Intel Mac OS X 10.7; rv:15.0) Gecko/20100101 Firefox/15.0"
84.0.135.24 - - [11/Sep/2012:14:59:57 +0200] "GET /tm01.jpg HTTP/1.1" 200 1080 "http://beklen.hu/" "Mozilla/5.0 (Macintosh; Intel Mac OS X 10.7; rv:15.0) Gecko/20100101 Firefox/15.0"
84.0.135.24 - - [11/Sep/2012:14:59:57 +0200] "GET /tm02.jpg HTTP/1.1" 200 1873 "http://beklen.hu/" "Mozilla/5.0 (Macintosh; Intel Mac OS X 10.7; rv:15.0) Gecko/20100101 Firefox/15.0"
84.0.135.24 - - [11/Sep/2012:14:59:57 +0200] "GET /tm03_.jpg HTTP/1.1" 200 1787 "http://beklen.hu/" "Mozilla/5.0 (Macintosh; Intel Mac OS X 10.7; rv:15.0) Gecko/20100101 Firefox/15.0"
84.0.135.24 - - [11/Sep/2012:14:59:57 +0200] "GET /tm04_.jpg HTTP/1.1" 200 2058 "http://beklen.hu/" "Mozilla/5.0 (Macintosh; Intel Mac OS X 10.7; rv:15.0) Gecko/20100101 Firefox/15.0"
84.0.135.24 - - [11/Sep/2012:14:59:57 +0200] "GET /tm06_.jpg HTTP/1.1" 200 1382 "http://beklen.hu/" "Mozilla/5.0 (Macintosh; Intel Mac OS X 10.7; rv:15.0) Gecko/20100101 Firefox/15.0"
84.0.135.24 - - [11/Sep/2012:14:59:57 +0200] "GET /tm05_.jpg HTTP/1.1" 200 1839 "http://beklen.hu/" "Mozilla/5.0 (Macintosh; Intel Mac OS X 10.7; rv:15.0) Gecko/20100101 Firefox/15.0"
84.0.135.24 - - [11/Sep/2012:14:59:57 +0200] "GET /tm07.jpg HTTP/1.1" 200 1007 "http://beklen.hu/" "Mozilla/5.0 (Macintosh; Intel Mac OS X 10.7; rv:15.0) Gecko/20100101 Firefox/15.0"
84.0.135.24 - - [11/Sep/2012:14:59:57 +0200] "GET /a1_projekt_tabla_infra_cs3_beklenhaz_.jpg HTTP/1.1" 200 8994 "http://beklen.hu/" "Mozilla/5.0 (Macintosh; Intel Mac OS X 10.7; rv:15.0) Gecko/20100101 Firefox/15.0"
84.0.135.24 - - [11/Sep/2012:14:59:57 +0200] "GET /jog_honlap_.jpg HTTP/1.1" 200 7186 "http://beklen.hu/" "Mozilla/5.0 (Macintosh; Intel Mac OS X 10.7; rv:15.0) Gecko/20100101 Firefox/15.0"
84.0.135.24 - - [11/Sep/2012:14:59:58 +0200] "GET /lb/js/effects.js HTTP/1.1" 200 31969 "http://beklen.hu/" "Mozilla/5.0 (Macintosh; Intel Mac OS X 10.7; rv:15.0) Gecko/20100101 Firefox/15.0"
84.0.135.24 - - [11/Sep/2012:14:59:58 +0200] "GET /bg.jpg HTTP/1.1" 200 566 "http://beklen.hu/" "Mozilla/5.0 (Macintosh; Intel Mac OS X 10.7; rv:15.0) Gecko/20100101 Firefox/15.0"
84.0.135.24 - - [11/Sep/2012:14:59:59 +0200] "GET /tm03.jpg HTTP/1.1" 200 2212 "http://beklen.hu/" "Mozilla/5.0 (Macintosh; Intel Mac OS X 10.7; rv:15.0) Gecko/20100101 Firefox/15.0"
84.0.135.24 - - [11/Sep/2012:14:59:59 +0200] "GET /bottom_main.jpg HTTP/1.1" 200 96820 "http://beklen.hu/vill.cs" "Mozilla/5.0 (Macintosh; Intel Mac OS X 10.7; rv:15.0) Gecko/20100101 Firefox/15.0"
84.0.135.24 - - [11/Sep/2012:15:00:01 +0200] "GET /nimfea_project_250x250.gif HTTP/1.1" 200 2986583 "http://beklen.hu/" "Mozilla/5.0 (Macintosh; Intel Mac OS X 10.7; rv:15.0) Gecko/20100101 Firefox/15.0"
84.0.135.24 - - [11/Sep/2012:15:00:01 +0200] "GET /tm04.jpg HTTP/1.1" 200 2613 "http://beklen.hu/" "Mozilla/5.0 (Macintosh; Intel Mac OS X 10.7; rv:15.0) Gecko/20100101 Firefox/15.0"
84.0.135.24 - - [11/Sep/2012:15:00:01 +0200] "GET /tm05.jpg HTTP/1.1" 200 2253 "http://beklen.hu/" "Mozilla/5.0 (Macintosh; Intel Mac OS X 10.7; rv:15.0) Gecko/20100101 Firefox/15.0"
84.0.135.24 - - [11/Sep/2012:15:00:01 +0200] "GET /favicon.ico HTTP/1.1" 404 1181 "-" "Mozilla/5.0 (Macintosh; Intel Mac OS X 10.7; rv:15.0) Gecko/20100101 Firefox/15.0"
84.0.135.24 - - [11/Sep/2012:15:00:01 +0200] "GET /tm06.jpg HTTP/1.1" 200 1651 "http://beklen.hu/" "Mozilla/5.0 (Macintosh; Intel Mac OS X 10.7; rv:15.0) Gecko/20100101 Firefox/15.0"
84.0.135.24 - - [11/Sep/2012:15:00:01 +0200] "GET /tm02_.jpg HTTP/1.1" 200 1524 "http://beklen.hu/" "Mozilla/5.0 (Macintosh; Intel Mac OS X 10.7; rv:15.0) Gecko/20100101 Firefox/15.0"
84.0.135.24 - - [11/Sep/2012:15:00:01 +0200] "GET /lb/images/loading.gif HTTP/1.1" 200 2767 "http://beklen.hu/" "Mozilla/5.0 (Macintosh; Intel Mac OS X 10.7; rv:15.0) Gecko/20100101 Firefox/15.0"
84.0.135.24 - - [11/Sep/2012:15:00:01 +0200] "GET /lb/images/closelabel.gif HTTP/1.1" 200 222 "http://beklen.hu/" "Mozilla/5.0 (Macintosh; Intel Mac OS X 10.7; rv:15.0) Gecko/20100101 Firefox/15.0"
84.0.135.24 - - [11/Sep/2012:15:00:05 +0200] "GET /jog HTTP/1.1" 301 311 "http://beklen.hu/" "Mozilla/5.0 (Macintosh; Intel Mac OS X 10.7; rv:15.0) Gecko/20100101 Firefox/15.0"
84.0.135.24 - - [11/Sep/2012:15:00:05 +0200] "GET /jog/ HTTP/1.1" 200 13138 "http://beklen.hu/" "Mozilla/5.0 (Macintosh; Intel Mac OS X 10.7; rv:15.0) Gecko/20100101 Firefox/15.0"
84.0.135.24 - - [11/Sep/2012:15:00:05 +0200] "GET /jog/script.js HTTP/1.1" 200 5674 "http://www.beklen.hu/jog/" "Mozilla/5.0 (Macintosh; Intel Mac OS X 10.7; rv:15.0) Gecko/20100101 Firefox/15.0"
84.0.135.24 - - [11/Sep/2012:15:00:05 +0200] "GET /jog/favicon.ico HTTP/1.1" 200 1150 "-" "Mozilla/5.0 (Macintosh; Intel Mac OS X 10.7; rv:15.0) Gecko/20100101 Firefox/15.0"
84.0.135.24 - - [11/Sep/2012:15:00:05 +0200] "GET /jog/img/320/sargarigo2.jpg HTTP/1.1" 200 17500 "http://www.beklen.hu/jog/" "Mozilla/5.0 (Macintosh; Intel Mac OS X 10.7; rv:15.0) Gecko/20100101 Firefox/15.0"
84.0.135.24 - - [11/Sep/2012:15:00:05 +0200] "GET /jog/img/nca_logo_.png HTTP/1.1" 200 7180 "http://www.beklen.hu/jog/" "Mozilla/5.0 (Macintosh; Intel Mac OS X 10.7; rv:15.0) Gecko/20100101 Firefox/15.0"
84.0.135.24 - - [11/Sep/2012:15:00:05 +0200] "GET /jog/img/magyar_cimer.png HTTP/1.1" 200 1900 "http://www.beklen.hu/jog/" "Mozilla/5.0 (Macintosh; Intel Mac OS X 10.7; rv:15.0) Gecko/20100101 Firefox/15.0"
84.0.135.24 - - [11/Sep/2012:15:00:05 +0200] "GET /jog/jquery.js HTTP/1.1" 200 72174 "http://www.beklen.hu/jog/" "Mozilla/5.0 (Macintosh; Intel Mac OS X 10.7; rv:15.0) Gecko/20100101 Firefox/15.0"
84.0.135.24 - - [11/Sep/2012:15:00:05 +0200] "GET /jog/style.css HTTP/1.1" 200 21413 "http://www.beklen.hu/jog/" "Mozilla/5.0 (Macintosh; Intel Mac OS X 10.7; rv:15.0) Gecko/20100101 Firefox/15.0"
84.0.135.24 - - [11/Sep/2012:15:00:05 +0200] "GET /jog/images/Bottom_texture.jpg HTTP/1.1" 200 193775 "http://www.beklen.hu/jog/style.css" "Mozilla/5.0 (Macintosh; Intel Mac OS X 10.7; rv:15.0) Gecko/20100101 Firefox/15.0"
84.0.135.24 - - [11/Sep/2012:15:00:06 +0200] "GET /jog/images/menuitem.png HTTP/1.1" 200 20398 "http://www.beklen.hu/jog/style.css" "Mozilla/5.0 (Macintosh; Intel Mac OS X 10.7; rv:15.0) Gecko/20100101 Firefox/15.0"
84.0.135.24 - - [11/Sep/2012:15:00:06 +0200] "GET /jog/images/nav.png HTTP/1.1" 200 10482 "http://www.beklen.hu/jog/style.css" "Mozilla/5.0 (Macintosh; Intel Mac OS X 10.7; rv:15.0) Gecko/20100101 Firefox/15.0"
84.0.135.24 - - [11/Sep/2012:15:00:06 +0200] "GET /jog/images/spacer.gif HTTP/1.1" 200 43 "http://www.beklen.hu/jog/style.css" "Mozilla/5.0 (Macintosh; Intel Mac OS X 10.7; rv:15.0) Gecko/20100101 Firefox/15.0"
84.0.135.24 - - [11/Sep/2012:15:00:06 +0200] "GET /jog/images/subitem.png HTTP/1.1" 200 81 "http://www.beklen.hu/jog/style.css" "Mozilla/5.0 (Macintosh; Intel Mac OS X 10.7; rv:15.0) Gecko/20100101 Firefox/15.0"
84.0.135.24 - - [11/Sep/2012:15:00:06 +0200] "GET /jog/images/post_s.png HTTP/1.1" 200 466 "http://www.beklen.hu/jog/style.css" "Mozilla/5.0 (Macintosh; Intel Mac OS X 10.7; rv:15.0) Gecko/20100101 Firefox/15.0"
84.0.135.24 - - [11/Sep/2012:15:00:06 +0200] "GET /jog/images/post_h.png HTTP/1.1" 200 292 "http://www.beklen.hu/jog/style.css" "Mozilla/5.0 (Macintosh; Intel Mac OS X 10.7; rv:15.0) Gecko/20100101 Firefox/15.0"
84.0.135.24 - - [11/Sep/2012:15:00:06 +0200] "GET /jog/images/post_v.png HTTP/1.1" 200 310 "http://www.beklen.hu/jog/style.css" "Mozilla/5.0 (Macintosh; Intel Mac OS X 10.7; rv:15.0) Gecko/20100101 Firefox/15.0"
84.0.135.24 - - [11/Sep/2012:15:00:06 +0200] "GET /jog/images/post_c.png HTTP/1.1" 200 204 "http://www.beklen.hu/jog/style.css" "Mozilla/5.0 (Macintosh; Intel Mac OS X 10.7; rv:15.0) Gecko/20100101 Firefox/15.0"
84.0.135.24 - - [11/Sep/2012:15:00:06 +0200] "GET /jog/images/header.png HTTP/1.1" 200 170837 "http://www.beklen.hu/jog/style.css" "Mozilla/5.0 (Macintosh; Intel Mac OS X 10.7; rv:15.0) Gecko/20100101 Firefox/15.0"
84.0.135.24 - - [11/Sep/2012:15:00:14 +0200] "GET /jog/eseteink.htm HTTP/1.1" 200 17277 "http://www.beklen.hu/jog/" "Mozilla/5.0 (Macintosh; Intel Mac OS X 10.7; rv:15.0) Gecko/20100101 Firefox/15.0"
84.0.135.24 - - [11/Sep/2012:15:00:14 +0200] "GET /jog/lb/js/scriptaculous.js?load=effects HTTP/1.1" 200 2152 "http://www.beklen.hu/jog/eseteink.htm" "Mozilla/5.0 (Macintosh; Intel Mac OS X 10.7; rv:15.0) Gecko/20100101 Firefox/15.0"
84.0.135.24 - - [11/Sep/2012:15:00:14 +0200] "GET /jog/lb/css/lightbox.css HTTP/1.1" 200 1715 "http://www.beklen.hu/jog/eseteink.htm" "Mozilla/5.0 (Macintosh; Intel Mac OS X 10.7; rv:15.0) Gecko/20100101 Firefox/15.0"
84.0.135.24 - - [11/Sep/2012:15:00:14 +0200] "GET /jog/lb/js/lightbox.js HTTP/1.1" 200 23431 "http://www.beklen.hu/jog/eseteink.htm" "Mozilla/5.0 (Macintosh; Intel Mac OS X 10.7; rv:15.0) Gecko/20100101 Firefox/15.0"
84.0.135.24 - - [11/Sep/2012:15:00:14 +0200] "GET /jog/lb/js/prototype.js HTTP/1.1" 200 47603 "http://www.beklen.hu/jog/eseteink.htm" "Mozilla/5.0 (Macintosh; Intel Mac OS X 10.7; rv:15.0) Gecko/20100101 Firefox/15.0"
84.0.135.24 - - [11/Sep/2012:15:00:14 +0200] "GET /jog/eseteink/audi/audi%20-%20natura%202000_.jpg HTTP/1.1" 200 4882 "http://www.beklen.hu/jog/eseteink.htm" "Mozilla/5.0 (Macintosh; Intel Mac OS X 10.7; rv:15.0) Gecko/20100101 Firefox/15.0"
84.0.135.24 - - [11/Sep/2012:15:00:14 +0200] "GET /jog/eseteink/korosladany/kepek/img_5365__.jpg HTTP/1.1" 200 5864 "http://www.beklen.hu/jog/eseteink.htm" "Mozilla/5.0 (Macintosh; Intel Mac OS X 10.7; rv:15.0) Gecko/20100101 Firefox/15.0"
84.0.135.24 - - [11/Sep/2012:15:00:14 +0200] "GET /jog/eseteink/derekegyhaza/37-433.jpg HTTP/1.1" 200 3573 "http://www.beklen.hu/jog/eseteink.htm" "Mozilla/5.0 (Macintosh; Intel Mac OS X 10.7; rv:15.0) Gecko/20100101 Firefox/15.0"
84.0.135.24 - - [11/Sep/2012:15:00:14 +0200] "GET /jog/eseteink/dakar/k.jpg HTTP/1.1" 200 2687 "http://www.beklen.hu/jog/eseteink.htm" "Mozilla/5.0 (Macintosh; Intel Mac OS X 10.7; rv:15.0) Gecko/20100101 Firefox/15.0"
84.0.135.24 - - [11/Sep/2012:15:00:14 +0200] "GET /jog/eseteink/kavicszatony/dscf0084_.jpg HTTP/1.1" 200 2611 "http://www.beklen.hu/jog/eseteink.htm" "Mozilla/5.0 (Macintosh; Intel Mac OS X 10.7; rv:15.0) Gecko/20100101 Firefox/15.0"
84.0.135.24 - - [11/Sep/2012:15:00:14 +0200] "GET /jog/eseteink/autopalya/ap.jpg HTTP/1.1" 200 3947 "http://www.beklen.hu/jog/eseteink.htm" "Mozilla/5.0 (Macintosh; Intel Mac OS X 10.7; rv:15.0) Gecko/20100101 Firefox/15.0"
84.0.135.24 - - [11/Sep/2012:15:00:14 +0200] "GET /jog/eseteink/malom/fotok/img_3057_.jpg HTTP/1.1" 200 6339 "http://www.beklen.hu/jog/eseteink.htm" "Mozilla/5.0 (Macintosh; Intel Mac OS X 10.7; rv:15.0) Gecko/20100101 Firefox/15.0"
84.0.135.24 - - [11/Sep/2012:15:00:14 +0200] "GET /jog/eseteink/poroszlo/villa_.jpg HTTP/1.1" 200 3841 "http://www.beklen.hu/jog/eseteink.htm" "Mozilla/5.0 (Macintosh; Intel Mac OS X 10.7; rv:15.0) Gecko/20100101 Firefox/15.0"
84.0.135.24 - - [11/Sep/2012:15:00:14 +0200] "GET /jog/lb/js/effects.js HTTP/1.1" 200 31969 "http://www.beklen.hu/jog/eseteink.htm" "Mozilla/5.0 (Macintosh; Intel Mac OS X 10.7; rv:15.0) Gecko/20100101 Firefox/15.0"
84.0.135.24 - - [11/Sep/2012:15:00:14 +0200] "GET /jog/eseteink/duzzaszto/koros.jpg HTTP/1.1" 200 201463 "http://www.beklen.hu/jog/eseteink.htm" "Mozilla/5.0 (Macintosh; Intel Mac OS X 10.7; rv:15.0) Gecko/20100101 Firefox/15.0"
84.0.135.24 - - [11/Sep/2012:15:00:23 +0200] "GET /jog/publikaciok.htm HTTP/1.1" 200 17866 "http://www.beklen.hu/jog/eseteink.htm" "Mozilla/5.0 (Macintosh; Intel Mac OS X 10.7; rv:15.0) Gecko/20100101 Firefox/15.0"
84.0.135.24 - - [11/Sep/2012:15:00:23 +0200] "GET /jog/lb/js/scriptaculous.js?load=effects HTTP/1.1" 304 - "http://www.beklen.hu/jog/publikaciok.htm" "Mozilla/5.0 (Macintosh; Intel Mac OS X 10.7; rv:15.0) Gecko/20100101 Firefox/15.0"
84.0.135.24 - - [11/Sep/2012:15:00:24 +0200] "GET /jog/pub/jogi_.jpg HTTP/1.1" 200 7625 "http://www.beklen.hu/jog/publikaciok.htm" "Mozilla/5.0 (Macintosh; Intel Mac OS X 10.7; rv:15.0) Gecko/20100101 Firefox/15.0"
84.0.135.24 - - [11/Sep/2012:15:00:24 +0200] "GET /jog/pub/natura_.jpg HTTP/1.1" 200 5649 "http://www.beklen.hu/jog/publikaciok.htm" "Mozilla/5.0 (Macintosh; Intel Mac OS X 10.7; rv:15.0) Gecko/20100101 Firefox/15.0"
84.0.135.24 - - [11/Sep/2012:15:00:24 +0200] "GET /jog/pub/jav_slapp_borito1_.jpg HTTP/1.1" 200 4482 "http://www.beklen.hu/jog/publikaciok.htm" "Mozilla/5.0 (Macintosh; Intel Mac OS X 10.7; rv:15.0) Gecko/20100101 Firefox/15.0"
84.0.135.24 - - [11/Sep/2012:15:00:24 +0200] "GET /jog/pub/muszakisportok_.jpg HTTP/1.1" 200 6055 "http://www.beklen.hu/jog/publikaciok.htm" "Mozilla/5.0 (Macintosh; Intel Mac OS X 10.7; rv:15.0) Gecko/20100101 Firefox/15.0"
84.0.135.24 - - [11/Sep/2012:15:00:24 +0200] "GET /jog/pub/natura_eng_.jpg HTTP/1.1" 200 5963 "http://www.beklen.hu/jog/publikaciok.htm" "Mozilla/5.0 (Macintosh; Intel Mac OS X 10.7; rv:15.0) Gecko/20100101 Firefox/15.0"
84.0.135.24 - - [11/Sep/2012:15:00:24 +0200] "GET /jog/pub/szoro_.jpg HTTP/1.1" 200 8316 "http://www.beklen.hu/jog/publikaciok.htm" "Mozilla/5.0 (Macintosh; Intel Mac OS X 10.7; rv:15.0) Gecko/20100101 Firefox/15.0"
84.0.135.24 - - [11/Sep/2012:15:00:35 +0200] "GET /jog/jogihatter.htm HTTP/1.1" 200 18691 "http://www.beklen.hu/jog/publikaciok.htm" "Mozilla/5.0 (Macintosh; Intel Mac OS X 10.7; rv:15.0) Gecko/20100101 Firefox/15.0"
84.0.135.24 - - [11/Sep/2012:15:00:35 +0200] "GET /jog/img/file_pdf.png HTTP/1.1" 200 581 "http://www.beklen.hu/jog/jogihatter.htm" "Mozilla/5.0 (Macintosh; Intel Mac OS X 10.7; rv:15.0) Gecko/20100101 Firefox/15.0"
84.0.135.24 - - [11/Sep/2012:15:00:35 +0200] "GET /jog/img/file_doc.png HTTP/1.1" 200 598 "http://www.beklen.hu/jog/jogihatter.htm" "Mozilla/5.0 (Macintosh; Intel Mac OS X 10.7; rv:15.0) Gecko/20100101 Firefox/15.0"
84.0.135.24 - - [11/Sep/2012:15:00:35 +0200] "GET /jog/img/file_zip.png HTTP/1.1" 200 622 "http://www.beklen.hu/jog/jogihatter.htm" "Mozilla/5.0 (Macintosh; Intel Mac OS X 10.7; rv:15.0) Gecko/20100101 Firefox/15.0"
84.0.135.24 - - [11/Sep/2012:15:00:36 +0200] "GET /jog/jogsegely.htm HTTP/1.1" 200 14053 "http://www.beklen.hu/jog/jogihatter.htm" "Mozilla/5.0 (Macintosh; Intel Mac OS X 10.7; rv:15.0) Gecko/20100101 Firefox/15.0"
84.0.135.24 - - [11/Sep/2012:15:00:37 +0200] "GET /jog/tapasztalatszerzok.htm HTTP/1.1" 200 12148 "http://www.beklen.hu/jog/jogsegely.htm" "Mozilla/5.0 (Macintosh; Intel Mac OS X 10.7; rv:15.0) Gecko/20100101 Firefox/15.0"
84.0.135.24 - - [11/Sep/2012:15:00:37 +0200] "GET /jog/img/tamogatok.jpg HTTP/1.1" 200 18468 "http://www.beklen.hu/jog/tapasztalatszerzok.htm" "Mozilla/5.0 (Macintosh; Intel Mac OS X 10.7; rv:15.0) Gecko/20100101 Firefox/15.0"
84.0.135.24 - - [11/Sep/2012:15:00:37 +0200] "GET /jog/images/postbullets.png HTTP/1.1" 200 175 "http://www.beklen.hu/jog/style.css" "Mozilla/5.0 (Macintosh; Intel Mac OS X 10.7; rv:15.0) Gecko/20100101 Firefox/15.0"
84.0.135.24 - - [11/Sep/2012:15:00:42 +0200] "GET /jog/index.htm HTTP/1.1" 200 13138 "http://www.beklen.hu/jog/tapasztalatszerzok.htm" "Mozilla/5.0 (Macintosh; Intel Mac OS X 10.7; rv:15.0) Gecko/20100101 Firefox/15.0"
178.154.210.252 - - [11/Sep/2012:15:02:54 +0200] "GET /hirek/hirek090605.htm HTTP/1.1" 200 7994 "-" "Mozilla/5.0 (compatible; YandexBot/3.0; +http://yandex.com/bots)"
66.249.66.60 - - [11/Sep/2012:15:04:49 +0200] "GET /jog/eseteink/duzzaszto/gyulavari_kotelezes2.pdf HTTP/1.1" 304 - "-" "Mozilla/5.0 (compatible; Googlebot/2.1; +http://www.google.com/bot.html)"
66.249.66.60 - - [11/Sep/2012:15:31:39 +0200] "GET /jog/slapp.htm HTTP/1.1" 304 - "-" "Mozilla/5.0 (compatible; Googlebot/2.1; +http://www.google.com/bot.html)"
72.30.142.237 - - [11/Sep/2012:15:37:12 +0200] "GET /fiok/mult.htm HTTP/1.0" 200 23227 "-" "Mozilla/5.0 (compatible; Yahoo! Slurp; http://help.yahoo.com/help/us/ysearch/slurp)"
72.30.142.237 - - [11/Sep/2012:15:37:14 +0200] "GET /fiok/css/lightbox.css HTTP/1.0" 200 1715 "http://www.beklen.hu/fiok/mult.htm" "Mozilla/5.0 (compatible; Yahoo! Slurp; http://help.yahoo.com/help/us/ysearch/slurp)"
180.76.5.159 - - [11/Sep/2012:15:42:59 +0200] "GET /fiok/program_reszek/turazas.htm HTTP/1.1" 304 - "-" "Mozilla/5.0 (compatible; Baiduspider/2.0; +http://www.baidu.com/search/spider.html)"
66.249.66.60 - - [11/Sep/2012:16:57:15 +0200] "GET /jog/eseteink/kavicszatony/tajekoztatas.pdf HTTP/1.1" 304 - "-" "Mozilla/5.0 (compatible; Googlebot/2.1; +http://www.google.com/bot.html)"
66.249.66.60 - - [11/Sep/2012:18:29:09 +0200] "GET /jog/eseteink/derekegyhaza/aesznek_derekegyhaza_kerites_2.pdf HTTP/1.1" 304 - "-" "Mozilla/5.0 (compatible; Googlebot/2.1; +http://www.google.com/bot.html)"
66.249.66.60 - - [11/Sep/2012:18:32:36 +0200] "GET /jog/eseteink/derekegyhaza/asz_kerites_ugyfel_fellebezes.pdf HTTP/1.1" 304 - "-" "Mozilla/5.0 (compatible; Googlebot/2.1; +http://www.google.com/bot.html)"
66.249.66.60 - - [11/Sep/2012:18:58:29 +0200] "GET /hirek/hirek091102.htm HTTP/1.1" 304 - "-" "Mozilla/5.0 (iPhone; U; CPU iPhone OS 4_1 like Mac OS X; en-us) AppleWebKit/532.9 (KHTML, like Gecko) Version/4.0.5 Mobile/8B117 Safari/6531.22.7 (compatible; Googlebot-Mobile/2.1; +http://www.google.com/bot.html)"
66.249.66.60 - - [11/Sep/2012:19:03:26 +0200] "GET /jog/eseteink/korosladany/beavatkozas_pesti_birosag.pdf HTTP/1.1" 304 - "-" "Mozilla/5.0 (compatible; Googlebot/2.1; +http://www.google.com/bot.html)"
66.249.71.232 - - [11/Sep/2012:19:08:34 +0200] "GET /jog/eseteink/korosladany/nemzeti_park_adatkeres_korosladany.pdf HTTP/1.1" 304 - "-" "Mozilla/5.0 (compatible; Googlebot/2.1; +http://www.google.com/bot.html)"
66.249.66.60 - - [11/Sep/2012:19:25:10 +0200] "GET /robots.txt HTTP/1.1" 404 1181 "-" "Mozilla/5.0 (compatible; Googlebot/2.1; +http://www.google.com/bot.html)"
66.249.71.232 - - [11/Sep/2012:19:25:11 +0200] "GET /jog/eseteink/korosladany/ujra_allamitikarnak_koztiszt_mulasztas_miatt.pdf HTTP/1.1" 304 - "-" "Mozilla/5.0 (compatible; Googlebot/2.1; +http://www.google.com/bot.html)"
66.249.66.60 - - [11/Sep/2012:19:30:07 +0200] "GET /fiok/gazdasag.htm HTTP/1.1" 304 - "-" "Mozilla/5.0 (compatible; Googlebot/2.1; +http://www.google.com/bot.html)"
65.55.52.115 - - [11/Sep/2012:21:35:17 +0200] "GET /robots.txt HTTP/1.1" 404 1181 "-" "Mozilla/5.0 (compatible; bingbot/2.0; +http://www.bing.com/bingbot.htm)"
157.56.93.191 - - [11/Sep/2012:21:35:17 +0200] "GET /robots.txt HTTP/1.1" 404 1181 "-" "Mozilla/5.0 (compatible; bingbot/2.0; +http://www.bing.com/bingbot.htm)"
65.55.52.115 - - [11/Sep/2012:21:35:55 +0200] "GET /index.htm HTTP/1.1" 200 23778 "-" "Mozilla/5.0 (compatible; bingbot/2.0; +http://www.bing.com/bingbot.htm)"
65.55.24.221 - - [11/Sep/2012:21:36:23 +0200] "GET /programok.htm HTTP/1.1" 200 6444 "-" "Mozilla/5.0 (compatible; bingbot/2.0; +http://www.bing.com/bingbot.htm)"
157.56.93.194 - - [11/Sep/2012:21:36:35 +0200] "GET /jog/eseteink/korosladany/ HTTP/1.1" 200 30713 "-" "Mozilla/5.0 (compatible; bingbot/2.0; +http://www.bing.com/bingbot.htm)"
157.56.93.191 - - [11/Sep/2012:21:46:22 +0200] "GET /jog/eseteink/poroszlo/ HTTP/1.1" 200 16861 "-" "Mozilla/5.0 (compatible; bingbot/2.0; +http://www.bing.com/bingbot.htm)"
157.56.93.191 - - [11/Sep/2012:21:46:26 +0200] "GET /jog/eseteink/dakar/ HTTP/1.1" 200 10482 "-" "Mozilla/5.0 (compatible; bingbot/2.0; +http://www.bing.com/bingbot.htm)"
77.20.5.126 - - [11/Sep/2012:23:43:11 +0200] "GET /nka.htm HTTP/1.1" 200 6221 "-" "findlinks/2.0.2 (+http://wortschatz.uni-leipzig.de/findlinks/)"
157.56.93.194 - - [12/Sep/2012:00:22:53 +0200] "GET /robots.txt HTTP/1.1" 404 1181 "-" "Mozilla/5.0 (compatible; bingbot/2.0; +http://www.bing.com/bingbot.htm)"
157.56.93.194 - - [12/Sep/2012:00:24:11 +0200] "GET /jog/eseteink/dakar/dakar_ugyeszseg_lp.pdf HTTP/1.1" 200 218784 "-" "Mozilla/5.0 (compatible; bingbot/2.0; +http://www.bing.com/bingbot.htm)"
208.115.111.68 - - [12/Sep/2012:02:20:13 +0200] "GET /robots.txt HTTP/1.1" 404 1181 "-" "Mozilla/5.0 (compatible; Ezooms/1.0; ezooms.bot@gmail.com)"
180.76.5.168 - - [12/Sep/2012:02:36:54 +0200] "GET /fiok/program_reszek/madarmegfigyeles.htm HTTP/1.1" 304 - "-" "Mozilla/5.0 (compatible; Baiduspider/2.0; +http://www.baidu.com/search/spider.html)"
180.76.5.168 - - [12/Sep/2012:02:52:20 +0200] "GET /robots.txt HTTP/1.1" 404 1181 "-" "Mozilla/5.0 (compatible; Baiduspider/2.0; +http://www.baidu.com/search/spider.html)"
77.20.5.126 - - [12/Sep/2012:03:38:41 +0200] "GET /nca08.htm HTTP/1.1" 200 21795 "-" "findlinks/2.0.2 (+http://wortschatz.uni-leipzig.de/findlinks/)"
130.83.167.153 - - [12/Sep/2012:04:46:34 +0200] "GET /jog/index.htm HTTP/1.1" 200 13138 "-" "findlinks/2.6 (+http://wortschatz.uni-leipzig.de/findlinks/)"
66.249.71.232 - - [12/Sep/2012:05:19:19 +0200] "GET /jog/eseteink/kavicszatony/mura%20fellebb%20nimfea.pdf HTTP/1.1" 304 - "-" "Mozilla/5.0 (compatible; Googlebot/2.1; +http://www.google.com/bot.html)"
66.249.66.60 - - [12/Sep/2012:05:22:16 +0200] "GET /jog/eseteink/audi/ferto-hansag_ii.pdf HTTP/1.1" 304 - "-" "Mozilla/5.0 (compatible; Googlebot/2.1; +http://www.google.com/bot.html)"
66.249.66.60 - - [12/Sep/2012:06:33:33 +0200] "GET /jog/eseteink/audi/eu.%20biz.%20fotitkaranak.pdf HTTP/1.1" 304 - "-" "Mozilla/5.0 (compatible; Googlebot/2.1; +http://www.google.com/bot.html)"
66.249.66.60 - - [12/Sep/2012:07:24:34 +0200] "GET /jog/eseteink/korosladany/korosladany-fvm.pdf HTTP/1.1" 304 - "-" "Mozilla/5.0 (compatible; Googlebot/2.1; +http://www.google.com/bot.html)"
66.249.66.60 - - [12/Sep/2012:08:06:26 +0200] "GET /robots.txt HTTP/1.1" 404 1181 "-" "Mozilla/5.0 (compatible; Googlebot/2.1; +http://www.google.com/bot.html)"
66.249.66.60 - - [12/Sep/2012:08:06:26 +0200] "GET /jog/eseteink/autopalya/ugyfel-m9-oktvf20061108.pdf HTTP/1.1" 304 - "-" "Mozilla/5.0 (compatible; Googlebot/2.1; +http://www.google.com/bot.html)"
77.20.5.126 - - [12/Sep/2012:08:11:47 +0200] "GET /bunt.htm HTTP/1.1" 200 5683 "-" "findlinks/2.0.2 (+http://wortschatz.uni-leipzig.de/findlinks/)"
84.83.203.118 - - [12/Sep/2012:09:58:09 +0200] "GET / HTTP/1.1" 200 23778 "-" "Java/1.6.0_29"
84.83.203.118 - - [12/Sep/2012:09:58:09 +0200] "GET /hirarchivum.htm HTTP/1.1" 200 24981 "-" "Java/1.6.0_29"
84.83.203.118 - - [12/Sep/2012:09:58:10 +0200] "GET /index.htm HTTP/1.1" 200 23778 "-" "Java/1.6.0_29"
84.83.203.118 - - [12/Sep/2012:09:58:10 +0200] "GET /kapcsolat.htm HTTP/1.1" 200 6889 "-" "Java/1.6.0_29"
84.83.203.118 - - [12/Sep/2012:09:58:10 +0200] "GET /magunkrol.htm HTTP/1.1" 200 9202 "-" "Java/1.6.0_29"
84.83.203.118 - - [12/Sep/2012:09:58:10 +0200] "GET /media.htm HTTP/1.1" 200 5208 "-" "Java/1.6.0_29"
84.83.203.118 - - [12/Sep/2012:09:58:10 +0200] "GET /programok.htm HTTP/1.1" 200 6444 "-" "Java/1.6.0_29"
84.83.203.118 - - [12/Sep/2012:09:58:10 +0200] "GET /vill.cs HTTP/1.1" 200 2676 "-" "Java/1.6.0_29"
84.83.203.118 - - [12/Sep/2012:09:58:10 +0200] "GET /hirek08_10.htm HTTP/1.1" 200 6946 "-" "Java/1.6.0_29"
84.83.203.118 - - [12/Sep/2012:09:58:11 +0200] "GET /hirek08_11.htm HTTP/1.1" 200 7253 "-" "Java/1.6.0_29"
84.83.203.118 - - [12/Sep/2012:09:58:11 +0200] "GET /hirek08_12.htm HTTP/1.1" 200 8268 "-" "Java/1.6.0_29"
84.83.203.118 - - [12/Sep/2012:09:58:11 +0200] "GET /hirek09_01.htm HTTP/1.1" 200 6841 "-" "Java/1.6.0_29"
84.83.203.118 - - [12/Sep/2012:09:58:11 +0200] "GET /hirek09_02.htm HTTP/1.1" 200 7450 "-" "Java/1.6.0_29"
84.83.203.118 - - [12/Sep/2012:09:58:11 +0200] "GET /hirek09_03.htm HTTP/1.1" 200 10726 "-" "Java/1.6.0_29"
84.83.203.118 - - [12/Sep/2012:09:58:11 +0200] "GET /&url=kapcsolat.htm HTTP/1.1" 404 1181 "-" "Java/1.6.0_29"
84.83.203.118 - - [12/Sep/2012:09:58:11 +0200] "GET /&url=programok.htm HTTP/1.1" 404 1181 "-" "Java/1.6.0_29"
84.83.203.118 - - [12/Sep/2012:09:58:11 +0200] "GET /&url=adomanyi.htm HTTP/1.1" 404 1181 "-" "Java/1.6.0_29"
84.83.203.118 - - [12/Sep/2012:09:58:12 +0200] "GET /bunt.htm HTTP/1.1" 200 5683 "-" "Java/1.6.0_29"
84.83.203.118 - - [12/Sep/2012:09:58:12 +0200] "GET /civilmuhely.htm HTTP/1.1" 200 8450 "-" "Java/1.6.0_29"
84.83.203.118 - - [12/Sep/2012:09:58:12 +0200] "GET /khb.htm HTTP/1.1" 200 8719 "-" "Java/1.6.0_29"
84.83.203.118 - - [12/Sep/2012:09:58:12 +0200] "GET /nca.htm HTTP/1.1" 200 7467 "-" "Java/1.6.0_29"
84.83.203.118 - - [12/Sep/2012:09:58:12 +0200] "GET /ncta.htm HTTP/1.1" 200 7221 "-" "Java/1.6.0_29"
84.83.203.118 - - [12/Sep/2012:09:58:12 +0200] "GET /nka.htm HTTP/1.1" 200 6221 "-" "Java/1.6.0_29"
84.83.203.118 - - [12/Sep/2012:09:58:12 +0200] "GET /szakmai.htm HTTP/1.1" 200 6054 "-" "Java/1.6.0_29"
84.83.203.118 - - [12/Sep/2012:09:58:12 +0200] "GET /ncta_a.htm HTTP/1.1" 200 7260 "-" "Java/1.6.0_29"
84.83.203.118 - - [12/Sep/2012:09:58:12 +0200] "GET /&url=civilmuhely.htm HTTP/1.1" 404 1181 "-" "Java/1.6.0_29"
84.83.203.118 - - [12/Sep/2012:09:58:13 +0200] "GET /&url=magunkrol.htm HTTP/1.1" 404 1181 "-" "Java/1.6.0_29"
84.83.203.118 - - [12/Sep/2012:09:58:13 +0200] "GET /nca04.htm HTTP/1.1" 200 16378 "-" "Java/1.6.0_29"
84.83.203.118 - - [12/Sep/2012:09:58:13 +0200] "GET /nca05.htm HTTP/1.1" 200 16412 "-" "Java/1.6.0_29"
84.83.203.118 - - [12/Sep/2012:09:58:13 +0200] "GET /nca06.htm HTTP/1.1" 200 19034 "-" "Java/1.6.0_29"
84.83.203.118 - - [12/Sep/2012:09:58:13 +0200] "GET /nca07.htm HTTP/1.1" 200 21968 "-" "Java/1.6.0_29"
84.83.203.118 - - [12/Sep/2012:09:58:14 +0200] "GET /nca08.htm HTTP/1.1" 200 21795 "-" "Java/1.6.0_29"
84.83.203.118 - - [12/Sep/2012:09:58:14 +0200] "GET /nca09.htm HTTP/1.1" 200 24315 "-" "Java/1.6.0_29"
84.83.203.118 - - [12/Sep/2012:09:58:14 +0200] "GET /nca10.htm HTTP/1.1" 200 16648 "-" "Java/1.6.0_29"
84.83.203.118 - - [12/Sep/2012:09:58:14 +0200] "GET /nca11.htm HTTP/1.1" 200 7133 "-" "Java/1.6.0_29"
84.83.203.118 - - [12/Sep/2012:09:58:14 +0200] "GET /kiadvanyok.htm HTTP/1.1" 200 8206 "-" "Java/1.6.0_29"
84.83.203.118 - - [12/Sep/2012:09:58:14 +0200] "GET /deutsch/index.htm HTTP/1.1" 200 5324 "-" "Java/1.6.0_29"
84.83.203.118 - - [12/Sep/2012:09:58:14 +0200] "GET /english/index.htm HTTP/1.1" 200 5262 "-" "Java/1.6.0_29"
84.83.203.118 - - [12/Sep/2012:09:58:15 +0200] "GET /fiok/index.html HTTP/1.1" 200 20554 "-" "Java/1.6.0_29"
84.83.203.118 - - [12/Sep/2012:09:58:15 +0200] "GET /hirek/hirek091015.htm HTTP/1.1" 200 7046 "-" "Java/1.6.0_29"
84.83.203.118 - - [12/Sep/2012:09:58:16 +0200] "GET /hirek/hirek091102.htm HTTP/1.1" 200 8538 "-" "Java/1.6.0_29"
84.83.203.118 - - [12/Sep/2012:09:58:16 +0200] "GET /hirek/hirek091103.htm HTTP/1.1" 200 7301 "-" "Java/1.6.0_29"
84.83.203.118 - - [12/Sep/2012:09:58:16 +0200] "GET /hirek/hirek091221.htm HTTP/1.1" 200 6740 "-" "Java/1.6.0_29"
84.83.203.118 - - [12/Sep/2012:09:58:16 +0200] "GET /hirek/hirek100225.htm HTTP/1.1" 200 7288 "-" "Java/1.6.0_29"
66.249.66.60 - - [12/Sep/2012:10:02:14 +0200] "GET /hirek/hirek090602.htm HTTP/1.1" 200 7261 "-" "Mozilla/5.0 (iPhone; U; CPU iPhone OS 4_1 like Mac OS X; en-us) AppleWebKit/532.9 (KHTML, like Gecko) Version/4.0.5 Mobile/8B117 Safari/6531.22.7 (compatible; Googlebot-Mobile/2.1; +http://www.google.com/bot.html)"
66.249.66.60 - - [12/Sep/2012:10:18:44 +0200] "GET /images/eea_logo_.jpg HTTP/1.1" 200 32098 "-" "Mozilla/5.0 (compatible; Googlebot/2.1; +http://www.google.com/bot.html)"
66.249.66.60 - - [12/Sep/2012:10:18:46 +0200] "GET /images/norway_grants_.jpg HTTP/1.1" 200 4440 "-" "Mozilla/5.0 (compatible; Googlebot/2.1; +http://www.google.com/bot.html)"
71.176.66.14 - - [12/Sep/2012:10:36:37 +0200] "GET /robots.txt HTTP/1.0" 404 1181 "-" "Mozilla/5.0 (compatible; MJ12bot/v1.4.3; http://www.majestic12.co.uk/bot.php?+)"
71.176.66.14 - - [12/Sep/2012:10:36:40 +0200] "GET / HTTP/1.0" 200 23778 "-" "Mozilla/5.0 (compatible; MJ12bot/v1.4.3; http://www.majestic12.co.uk/bot.php?+)"
66.249.66.60 - - [12/Sep/2012:10:48:37 +0200] "GET /nca07.htm HTTP/1.1" 304 - "-" "Mozilla/5.0 (compatible; Googlebot/2.1; +http://www.google.com/bot.html)"
66.249.66.60 - - [12/Sep/2012:10:54:34 +0200] "GET /jog/eseteink/korosladany/elso_feljelentes_rendorsegnek.pdf HTTP/1.1" 304 - "-" "Mozilla/5.0 (compatible; Googlebot/2.1; +http://www.google.com/bot.html)"
66.249.66.60 - - [12/Sep/2012:10:57:54 +0200] "GET /fiok/mult.htm HTTP/1.1" 304 - "-" "Mozilla/5.0 (compatible; Googlebot/2.1; +http://www.google.com/bot.html)"
66.249.66.60 - - [12/Sep/2012:11:18:02 +0200] "GET /jog/eseteink/korosladany/lgfobb_ugyeszseg_ujra.pdf HTTP/1.1" 304 - "-" "Mozilla/5.0 (compatible; Googlebot/2.1; +http://www.google.com/bot.html)"
66.249.71.232 - - [12/Sep/2012:11:20:03 +0200] "GET /jog/eseteink/korosladany/oktvf-nek2.pdf HTTP/1.1" 304 - "-" "Mozilla/5.0 (compatible; Googlebot/2.1; +http://www.google.com/bot.html)"
217.69.133.31 - - [12/Sep/2012:12:41:15 +0200] "GET /robots.txt HTTP/1.0" 404 1181 "-" "Mozilla/5.0 (compatible; Mail.RU/2.0)"
66.249.66.60 - - [12/Sep/2012:13:39:37 +0200] "GET / HTTP/1.1" 200 23778 "-" "Mozilla/5.0 (compatible; Googlebot/2.1; +http://www.google.com/bot.html)"
84.206.44.115 - - [12/Sep/2012:14:44:30 +0200] "GET /jog/eseteink/kavicszatony/bfnpi%20fellebbezese%20mura%20kotras%20vj%20eng.pdf HTTP/1.1" 200 219591 "http://www.google.hu/url?sa=t&rct=j&q=2001%2F2006%20(x.2.)%20korm%C3%A1nyrendelet&source=web&cd=1&ved=0CCEQFjAA&url=http%3A%2F%2Fwww.beklen.hu%2Fjog%2Feseteink%2Fkavicszatony%2Fbfnpi%2520fellebbezese%2520mura%2520kotras%2520vj%2520eng.pdf&ei=q4NQULCYD-Wm4gTCvIDgDQ&usg=AFQjCNFlYWRCt3BgAKpHYLT1a2LXIFewFA" "Mozilla/5.0 (Windows NT 5.1; rv:13.0) Gecko/20100101 Firefox/13.0.1"
84.206.44.115 - - [12/Sep/2012:14:44:31 +0200] "GET /favicon.ico HTTP/1.1" 404 1181 "-" "Mozilla/5.0 (Windows NT 5.1; rv:13.0) Gecko/20100101 Firefox/13.0.1"
84.206.44.115 - - [12/Sep/2012:14:44:31 +0200] "GET /favicon.ico HTTP/1.1" 404 1181 "-" "Mozilla/5.0 (Windows NT 5.1; rv:13.0) Gecko/20100101 Firefox/13.0.1"
157.56.93.187 - - [12/Sep/2012:15:36:50 +0200] "GET /robots.txt HTTP/1.1" 404 1181 "-" "Mozilla/5.0 (compatible; bingbot/2.0; +http://www.bing.com/bingbot.htm)"
157.56.93.187 - - [12/Sep/2012:16:01:19 +0200] "GET /jog/eseteink/poroszlo/index.htm HTTP/1.1" 304 - "-" "Mozilla/5.0 (compatible; bingbot/2.0; +http://www.bing.com/bingbot.htm)"
77.20.5.126 - - [12/Sep/2012:16:35:26 +0200] "GET /jog/polgariper.htm HTTP/1.1" 200 13964 "-" "findlinks/2.0.2 (+http://wortschatz.uni-leipzig.de/findlinks/)"
208.115.113.84 - - [12/Sep/2012:16:35:41 +0200] "GET /robots.txt HTTP/1.1" 404 1181 "-" "Mozilla/5.0 (compatible; Ezooms/1.0; ezooms.bot@gmail.com)"
66.249.66.60 - - [12/Sep/2012:17:29:06 +0200] "GET /hirek/hirek100728.htm HTTP/1.1" 304 - "-" "Mozilla/5.0 (compatible; Googlebot/2.1; +http://www.google.com/bot.html)"
178.154.210.252 - - [12/Sep/2012:18:04:03 +0200] "GET /robots.txt HTTP/1.1" 404 1181 "-" "Mozilla/5.0 (compatible; YandexBot/3.0; +http://yandex.com/bots)"
208.115.111.68 - - [12/Sep/2012:18:19:44 +0200] "GET /robots.txt HTTP/1.1" 404 1181 "-" "Mozilla/5.0 (compatible; Ezooms/1.0; ezooms.bot@gmail.com)"
157.56.93.194 - - [12/Sep/2012:18:24:53 +0200] "GET /robots.txt HTTP/1.1" 404 1181 "-" "Mozilla/5.0 (compatible; bingbot/2.0; +http://www.bing.com/bingbot.htm)"
208.115.113.84 - - [12/Sep/2012:18:53:48 +0200] "GET /hirek/hirek08_12.htm HTTP/1.1" 200 8352 "-" "Mozilla/5.0 (compatible; Ezooms/1.0; ezooms.bot@gmail.com)"
157.56.93.194 - - [12/Sep/2012:19:27:00 +0200] "GET /jog/ugyfeljogok.htm HTTP/1.1" 200 14279 "-" "Mozilla/5.0 (compatible; bingbot/2.0; +http://www.bing.com/bingbot.htm)"
66.249.66.60 - - [12/Sep/2012:20:06:52 +0200] "GET /robots.txt HTTP/1.1" 404 1181 "-" "Mozilla/5.0 (compatible; Googlebot/2.1; +http://www.google.com/bot.html)"
66.249.66.60 - - [12/Sep/2012:20:06:53 +0200] "GET /hirek08_11.htm HTTP/1.1" 304 - "-" "Mozilla/5.0 (iPhone; U; CPU iPhone OS 4_1 like Mac OS X; en-us) AppleWebKit/532.9 (KHTML, like Gecko) Version/4.0.5 Mobile/8B117 Safari/6531.22.7 (compatible; Googlebot-Mobile/2.1; +http://www.google.com/bot.html)"
208.115.111.68 - - [12/Sep/2012:21:03:44 +0200] "GET /hirek/hirek101027.htm HTTP/1.1" 200 9627 "-" "Mozilla/5.0 (compatible; Ezooms/1.0; ezooms.bot@gmail.com)"
208.115.111.68 - - [12/Sep/2012:21:03:46 +0200] "GET /jog/eseteink/korosladany/index.htm HTTP/1.1" 200 30713 "-" "Mozilla/5.0 (compatible; Ezooms/1.0; ezooms.bot@gmail.com)"
208.115.111.68 - - [12/Sep/2012:21:03:46 +0200] "GET /jog/rendorsegifeljelentes.htm HTTP/1.1" 200 13536 "-" "Mozilla/5.0 (compatible; Ezooms/1.0; ezooms.bot@gmail.com)"
66.249.66.60 - - [12/Sep/2012:21:16:10 +0200] "GET /jog/pub/+jog_jav.pdf HTTP/1.1" 304 - "-" "Mozilla/5.0 (compatible; Googlebot/2.1; +http://www.google.com/bot.html)"
180.76.5.181 - - [12/Sep/2012:21:45:42 +0200] "GET /fiok/program_reszek/taborok.htm HTTP/1.1" 200 23942 "-" "Mozilla/5.0 (compatible; Baiduspider/2.0; +http://www.baidu.com/search/spider.html)"
66.249.66.60 - - [12/Sep/2012:21:50:00 +0200] "GET /jog/pub/+jog_jav.pdf HTTP/1.1" 304 - "-" "Mozilla/5.0 (compatible; Googlebot/2.1; +http://www.google.com/bot.html)"
178.154.210.252 - - [12/Sep/2012:21:52:36 +0200] "GET /hirek/hirek091015.htm HTTP/1.1" 200 7046 "-" "Mozilla/5.0 (compatible; YandexBot/3.0; +http://yandex.com/bots)"
66.249.66.60 - - [12/Sep/2012:22:01:42 +0200] "GET /jog/jogszabalyok/egyezm_bern.pdf HTTP/1.1" 304 - "-" "Mozilla/5.0 (compatible; Googlebot/2.1; +http://www.google.com/bot.html)"
66.249.71.232 - - [12/Sep/2012:22:02:10 +0200] "GET /jog/eseteink/poroszlo/poroszlo-zoldhatosag.pdf HTTP/1.1" 304 - "-" "Mozilla/5.0 (compatible; Googlebot/2.1; +http://www.google.com/bot.html)"
66.249.71.232 - - [12/Sep/2012:22:04:07 +0200] "GET /jog/eseteink/poroszlo/poroszlo-kozig.pdf HTTP/1.1" 304 - "-" "Mozilla/5.0 (compatible; Googlebot/2.1; +http://www.google.com/bot.html)"
66.249.66.60 - - [12/Sep/2012:22:04:27 +0200] "GET /jog/eseteink/poroszlo/poroszlo-hnp.pdf HTTP/1.1" 304 - "-" "Mozilla/5.0 (compatible; Googlebot/2.1; +http://www.google.com/bot.html)"
66.249.66.60 - - [12/Sep/2012:22:06:05 +0200] "GET /jog/eseteink/derekegyhaza/aesznek_derekegyhaza_kerites_3.pdf HTTP/1.1" 304 - "-" "Mozilla/5.0 (compatible; Googlebot/2.1; +http://www.google.com/bot.html)"
66.249.71.232 - - [12/Sep/2012:22:08:46 +0200] "GET /jog/eseteink/kavicszatony/mura_bejelentesbk.pdf HTTP/1.1" 304 - "-" "Mozilla/5.0 (compatible; Googlebot/2.1; +http://www.google.com/bot.html)"
66.249.71.232 - - [12/Sep/2012:22:10:08 +0200] "GET /jog/eseteink/derekegyhaza/knpi_valasznimfeanak.pdf HTTP/1.1" 304 - "-" "Mozilla/5.0 (compatible; Googlebot/2.1; +http://www.google.com/bot.html)"
66.249.71.232 - - [12/Sep/2012:22:10:59 +0200] "GET /jog/eseteink/korosladany/korosladany_kvktf_.pdf HTTP/1.1" 304 - "-" "Mozilla/5.0 (compatible; Googlebot/2.1; +http://www.google.com/bot.html)"
66.249.66.60 - - [12/Sep/2012:22:11:51 +0200] "GET /jog/eseteink/korosladany/nimfea%20vm%20vegzes_001.pdf HTTP/1.1" 304 - "-" "Mozilla/5.0 (compatible; Googlebot/2.1; +http://www.google.com/bot.html)"
178.154.210.252 - - [12/Sep/2012:22:24:16 +0200] "GET /hirek/hirek100225.htm HTTP/1.1" 304 - "-" "Mozilla/5.0 (compatible; YandexBot/3.0; +http://yandex.com/bots)"
77.20.5.126 - - [12/Sep/2012:23:12:13 +0200] "GET /khb.htm HTTP/1.1" 200 8719 "-" "findlinks/2.0.2 (+http://wortschatz.uni-leipzig.de/findlinks/)"
85.214.216.239 - - [12/Sep/2012:23:43:47 +0200] "GET / HTTP/1.1" 200 23778 "http://r-domain.net/beklen.hu" "-"
208.115.113.84 - - [13/Sep/2012:00:29:49 +0200] "GET /robots.txt HTTP/1.1" 404 1181 "-" "Mozilla/5.0 (compatible; Ezooms/1.0; ezooms.bot@gmail.com)"
79.172.242.139 - - [13/Sep/2012:00:45:26 +0200] "GET / HTTP/1.1" 200 23778 "-" "Java/1.6.0_04"
79.172.242.139 - - [13/Sep/2012:00:45:26 +0200] "GET /hirarchivum.htm HTTP/1.1" 200 24981 "-" "Java/1.6.0_04"
79.172.242.139 - - [13/Sep/2012:00:45:26 +0200] "GET /index.htm HTTP/1.1" 200 23778 "-" "Java/1.6.0_04"
79.172.242.139 - - [13/Sep/2012:00:45:27 +0200] "GET /kapcsolat.htm HTTP/1.1" 200 6889 "-" "Java/1.6.0_04"
79.172.242.139 - - [13/Sep/2012:00:45:27 +0200] "GET /magunkrol.htm HTTP/1.1" 200 9202 "-" "Java/1.6.0_04"
79.172.242.139 - - [13/Sep/2012:00:45:27 +0200] "GET /media.htm HTTP/1.1" 200 5208 "-" "Java/1.6.0_04"
79.172.242.139 - - [13/Sep/2012:00:45:27 +0200] "GET /programok.htm HTTP/1.1" 200 6444 "-" "Java/1.6.0_04"
79.172.242.139 - - [13/Sep/2012:00:45:27 +0200] "GET /vill.cs HTTP/1.1" 200 2676 "-" "Java/1.6.0_04"
79.172.242.139 - - [13/Sep/2012:00:45:27 +0200] "GET /hirek08_10.htm HTTP/1.1" 200 6946 "-" "Java/1.6.0_04"
79.172.242.139 - - [13/Sep/2012:00:45:28 +0200] "GET /hirek08_11.htm HTTP/1.1" 200 7253 "-" "Java/1.6.0_04"
79.172.242.139 - - [13/Sep/2012:00:45:28 +0200] "GET /hirek08_12.htm HTTP/1.1" 200 8268 "-" "Java/1.6.0_04"
79.172.242.139 - - [13/Sep/2012:00:45:28 +0200] "GET /hirek09_01.htm HTTP/1.1" 200 6841 "-" "Java/1.6.0_04"
79.172.242.139 - - [13/Sep/2012:00:45:28 +0200] "GET /hirek09_02.htm HTTP/1.1" 200 7450 "-" "Java/1.6.0_04"
79.172.242.139 - - [13/Sep/2012:00:45:28 +0200] "GET /hirek09_03.htm HTTP/1.1" 200 10726 "-" "Java/1.6.0_04"
79.172.242.139 - - [13/Sep/2012:00:45:29 +0200] "GET /&url=kapcsolat.htm HTTP/1.1" 404 1181 "-" "Java/1.6.0_04"
79.172.242.139 - - [13/Sep/2012:00:45:29 +0200] "GET /&url=programok.htm HTTP/1.1" 404 1181 "-" "Java/1.6.0_04"
79.172.242.139 - - [13/Sep/2012:00:45:29 +0200] "GET /&url=adomanyi.htm HTTP/1.1" 404 1181 "-" "Java/1.6.0_04"
79.172.242.139 - - [13/Sep/2012:00:45:29 +0200] "GET /bunt.htm HTTP/1.1" 200 5683 "-" "Java/1.6.0_04"
79.172.242.139 - - [13/Sep/2012:00:45:30 +0200] "GET /civilmuhely.htm HTTP/1.1" 200 8450 "-" "Java/1.6.0_04"
79.172.242.139 - - [13/Sep/2012:00:45:30 +0200] "GET /khb.htm HTTP/1.1" 200 8719 "-" "Java/1.6.0_04"
79.172.242.139 - - [13/Sep/2012:00:45:30 +0200] "GET /nca.htm HTTP/1.1" 200 7467 "-" "Java/1.6.0_04"
79.172.242.139 - - [13/Sep/2012:00:45:30 +0200] "GET /ncta.htm HTTP/1.1" 200 7221 "-" "Java/1.6.0_04"
79.172.242.139 - - [13/Sep/2012:00:45:30 +0200] "GET /nka.htm HTTP/1.1" 200 6221 "-" "Java/1.6.0_04"
79.172.242.139 - - [13/Sep/2012:00:45:30 +0200] "GET /szakmai.htm HTTP/1.1" 200 6054 "-" "Java/1.6.0_04"
