37.140.141.19 - - [24/Sep/2012:22:10:39 +0200] "GET /hirek/090510/szuletesunnepe065.jpg HTTP/1.1" 200 57867 "-" "Mozilla/5.0 (compatible; YandexImages/3.0; +http://yandex.com/bots)"
139.18.2.17 - - [24/Sep/2012:22:23:42 +0200] "GET /ncta.htm HTTP/1.1" 200 7221 "-" "findlinks/2.6 (+http://wortschatz.uni-leipzig.de/findlinks/)"
208.115.113.84 - - [24/Sep/2012:22:34:27 +0200] "GET /fiok/news.html HTTP/1.1" 404 1181 "-" "Mozilla/5.0 (compatible; Ezooms/1.0; ezooms.bot@gmail.com)"
37.140.141.19 - - [24/Sep/2012:22:41:52 +0200] "GET /a1_projekt_tabla_infra_cs3_beklenhaz_.jpg HTTP/1.1" 200 8994 "-" "Mozilla/5.0 (compatible; YandexImages/3.0; +http://yandex.com/bots)"
139.18.2.209 - - [24/Sep/2012:23:04:56 +0200] "GET /media.htm HTTP/1.1" 200 5208 "-" "findlinks/2.6 (+http://wortschatz.uni-leipzig.de/findlinks/)"
66.249.72.84 - - [24/Sep/2012:23:06:25 +0200] "GET /robots.txt HTTP/1.1" 404 1181 "-" "Mozilla/5.0 (compatible; Googlebot/2.1; +http://www.google.com/bot.html)"
66.249.72.84 - - [24/Sep/2012:23:06:25 +0200] "GET /media.htm HTTP/1.1" 200 5208 "-" "Mozilla/5.0 (iPhone; U; CPU iPhone OS 4_1 like Mac OS X; en-us) AppleWebKit/532.9 (KHTML, like Gecko) Version/4.0.5 Mobile/8B117 Safari/6531.22.7 (compatible; Googlebot-Mobile/2.1; +http://www.google.com/bot.html)"
37.140.141.19 - - [24/Sep/2012:23:12:43 +0200] "GET /tm05_.jpg HTTP/1.1" 200 1839 "-" "Mozilla/5.0 (compatible; YandexImages/3.0; +http://yandex.com/bots)"
180.76.6.227 - - [24/Sep/2012:23:17:53 +0200] "GET /fiok/program_reszek/csaladbarat.htm HTTP/1.1" 304 - "-" "Mozilla/5.0 (compatible; Baiduspider/2.0; +http://www.baidu.com/search/spider.html)"
37.140.141.19 - - [24/Sep/2012:23:43:11 +0200] "GET /hirek/090510/szuletesunnepe021.jpg HTTP/1.1" 200 58618 "-" "Mozilla/5.0 (compatible; YandexImages/3.0; +http://yandex.com/bots)"
94.21.218.131 - - [24/Sep/2012:23:45:05 +0200] "GET / HTTP/1.1" 200 23778 "http://nimfea.hu/tagszervezeteink/index.htm" "Mozilla/5.0 (Windows NT 6.1; WOW64) AppleWebKit/537.1 (KHTML, like Gecko) Chrome/21.0.1180.89 Safari/537.1"
94.21.218.131 - - [24/Sep/2012:23:45:05 +0200] "GET /vill.cs HTTP/1.1" 200 2676 "http://www.beklen.hu/" "Mozilla/5.0 (Windows NT 6.1; WOW64) AppleWebKit/537.1 (KHTML, like Gecko) Chrome/21.0.1180.89 Safari/537.1"
94.21.218.131 - - [24/Sep/2012:23:45:05 +0200] "GET /lb/css/lightbox.css HTTP/1.1" 200 1715 "http://www.beklen.hu/" "Mozilla/5.0 (Windows NT 6.1; WOW64) AppleWebKit/537.1 (KHTML, like Gecko) Chrome/21.0.1180.89 Safari/537.1"
94.21.218.131 - - [24/Sep/2012:23:45:05 +0200] "GET /lb/js/scriptaculous.js?load=effects HTTP/1.1" 200 2152 "http://www.beklen.hu/" "Mozilla/5.0 (Windows NT 6.1; WOW64) AppleWebKit/537.1 (KHTML, like Gecko) Chrome/21.0.1180.89 Safari/537.1"
94.21.218.131 - - [24/Sep/2012:23:45:05 +0200] "GET /lb/js/lightbox.js HTTP/1.1" 200 23424 "http://www.beklen.hu/" "Mozilla/5.0 (Windows NT 6.1; WOW64) AppleWebKit/537.1 (KHTML, like Gecko) Chrome/21.0.1180.89 Safari/537.1"
94.21.218.131 - - [24/Sep/2012:23:45:05 +0200] "GET /lb/js/prototype.js HTTP/1.1" 200 47603 "http://www.beklen.hu/" "Mozilla/5.0 (Windows NT 6.1; WOW64) AppleWebKit/537.1 (KHTML, like Gecko) Chrome/21.0.1180.89 Safari/537.1"
94.21.218.131 - - [24/Sep/2012:23:45:05 +0200] "GET /lb/js/effects.js HTTP/1.1" 200 31969 "http://www.beklen.hu/" "Mozilla/5.0 (Windows NT 6.1; WOW64) AppleWebKit/537.1 (KHTML, like Gecko) Chrome/21.0.1180.89 Safari/537.1"
94.21.218.131 - - [24/Sep/2012:23:45:06 +0200] "GET /tm05_.jpg HTTP/1.1" 200 1839 "http://www.beklen.hu/" "Mozilla/5.0 (Windows NT 6.1; WOW64) AppleWebKit/537.1 (KHTML, like Gecko) Chrome/21.0.1180.89 Safari/537.1"
94.21.218.131 - - [24/Sep/2012:23:45:06 +0200] "GET /tm02.jpg HTTP/1.1" 200 1873 "http://www.beklen.hu/" "Mozilla/5.0 (Windows NT 6.1; WOW64) AppleWebKit/537.1 (KHTML, like Gecko) Chrome/21.0.1180.89 Safari/537.1"
94.21.218.131 - - [24/Sep/2012:23:45:06 +0200] "GET /tm04_.jpg HTTP/1.1" 200 2058 "http://www.beklen.hu/" "Mozilla/5.0 (Windows NT 6.1; WOW64) AppleWebKit/537.1 (KHTML, like Gecko) Chrome/21.0.1180.89 Safari/537.1"
94.21.218.131 - - [24/Sep/2012:23:45:06 +0200] "GET /tm01.jpg HTTP/1.1" 200 1080 "http://www.beklen.hu/" "Mozilla/5.0 (Windows NT 6.1; WOW64) AppleWebKit/537.1 (KHTML, like Gecko) Chrome/21.0.1180.89 Safari/537.1"
94.21.218.131 - - [24/Sep/2012:23:45:06 +0200] "GET /tm03_.jpg HTTP/1.1" 200 1787 "http://www.beklen.hu/" "Mozilla/5.0 (Windows NT 6.1; WOW64) AppleWebKit/537.1 (KHTML, like Gecko) Chrome/21.0.1180.89 Safari/537.1"
94.21.218.131 - - [24/Sep/2012:23:45:06 +0200] "GET /bg.jpg HTTP/1.1" 200 566 "http://www.beklen.hu/" "Mozilla/5.0 (Windows NT 6.1; WOW64) AppleWebKit/537.1 (KHTML, like Gecko) Chrome/21.0.1180.89 Safari/537.1"
94.21.218.131 - - [24/Sep/2012:23:45:06 +0200] "GET /tm06_.jpg HTTP/1.1" 200 1382 "http://www.beklen.hu/" "Mozilla/5.0 (Windows NT 6.1; WOW64) AppleWebKit/537.1 (KHTML, like Gecko) Chrome/21.0.1180.89 Safari/537.1"
94.21.218.131 - - [24/Sep/2012:23:45:06 +0200] "GET /a1_projekt_tabla_infra_cs3_beklenhaz_.jpg HTTP/1.1" 200 8994 "http://www.beklen.hu/" "Mozilla/5.0 (Windows NT 6.1; WOW64) AppleWebKit/537.1 (KHTML, like Gecko) Chrome/21.0.1180.89 Safari/537.1"
94.21.218.131 - - [24/Sep/2012:23:45:06 +0200] "GET /tm07.jpg HTTP/1.1" 200 1007 "http://www.beklen.hu/" "Mozilla/5.0 (Windows NT 6.1; WOW64) AppleWebKit/537.1 (KHTML, like Gecko) Chrome/21.0.1180.89 Safari/537.1"
94.21.218.131 - - [24/Sep/2012:23:45:06 +0200] "GET /jog_honlap_.jpg HTTP/1.1" 200 7186 "http://www.beklen.hu/" "Mozilla/5.0 (Windows NT 6.1; WOW64) AppleWebKit/537.1 (KHTML, like Gecko) Chrome/21.0.1180.89 Safari/537.1"
94.21.218.131 - - [24/Sep/2012:23:45:06 +0200] "GET /bottom_main.jpg HTTP/1.1" 200 96820 "http://www.beklen.hu/" "Mozilla/5.0 (Windows NT 6.1; WOW64) AppleWebKit/537.1 (KHTML, like Gecko) Chrome/21.0.1180.89 Safari/537.1"
94.21.218.131 - - [24/Sep/2012:23:45:07 +0200] "GET /nimfea_project_250x250.gif HTTP/1.1" 200 2986583 "http://www.beklen.hu/" "Mozilla/5.0 (Windows NT 6.1; WOW64) AppleWebKit/537.1 (KHTML, like Gecko) Chrome/21.0.1180.89 Safari/537.1"
94.21.218.131 - - [24/Sep/2012:23:45:07 +0200] "GET /lb/images/loading.gif HTTP/1.1" 200 2767 "http://www.beklen.hu/" "Mozilla/5.0 (Windows NT 6.1; WOW64) AppleWebKit/537.1 (KHTML, like Gecko) Chrome/21.0.1180.89 Safari/537.1"
94.21.218.131 - - [24/Sep/2012:23:45:07 +0200] "GET /lb/images/closelabel.gif HTTP/1.1" 200 222 "http://www.beklen.hu/" "Mozilla/5.0 (Windows NT 6.1; WOW64) AppleWebKit/537.1 (KHTML, like Gecko) Chrome/21.0.1180.89 Safari/537.1"
94.21.218.131 - - [24/Sep/2012:23:45:07 +0200] "GET /tm05.jpg HTTP/1.1" 200 2253 "http://www.beklen.hu/" "Mozilla/5.0 (Windows NT 6.1; WOW64) AppleWebKit/537.1 (KHTML, like Gecko) Chrome/21.0.1180.89 Safari/537.1"
94.21.218.131 - - [24/Sep/2012:23:45:07 +0200] "GET /tm06.jpg HTTP/1.1" 200 1651 "http://www.beklen.hu/" "Mozilla/5.0 (Windows NT 6.1; WOW64) AppleWebKit/537.1 (KHTML, like Gecko) Chrome/21.0.1180.89 Safari/537.1"
94.21.218.131 - - [24/Sep/2012:23:45:07 +0200] "GET /tm02_.jpg HTTP/1.1" 200 1524 "http://www.beklen.hu/" "Mozilla/5.0 (Windows NT 6.1; WOW64) AppleWebKit/537.1 (KHTML, like Gecko) Chrome/21.0.1180.89 Safari/537.1"
94.21.218.131 - - [24/Sep/2012:23:45:07 +0200] "GET /tm04.jpg HTTP/1.1" 200 2613 "http://www.beklen.hu/" "Mozilla/5.0 (Windows NT 6.1; WOW64) AppleWebKit/537.1 (KHTML, like Gecko) Chrome/21.0.1180.89 Safari/537.1"
94.21.218.131 - - [24/Sep/2012:23:45:07 +0200] "GET /tm03.jpg HTTP/1.1" 200 2212 "http://www.beklen.hu/" "Mozilla/5.0 (Windows NT 6.1; WOW64) AppleWebKit/537.1 (KHTML, like Gecko) Chrome/21.0.1180.89 Safari/537.1"
94.21.218.131 - - [24/Sep/2012:23:45:07 +0200] "GET /favicon.ico HTTP/1.1" 404 1181 "-" "Mozilla/5.0 (Windows NT 6.1; WOW64) AppleWebKit/537.1 (KHTML, like Gecko) Chrome/21.0.1180.89 Safari/537.1"
157.55.33.31 - - [24/Sep/2012:23:49:48 +0200] "GET /robots.txt HTTP/1.1" 404 1181 "-" "Mozilla/5.0 (compatible; bingbot/2.0; +http://www.bing.com/bingbot.htm)"
157.55.33.31 - - [24/Sep/2012:23:50:54 +0200] "GET /ncta.htm HTTP/1.1" 200 7221 "-" "Mozilla/5.0 (compatible; bingbot/2.0; +http://www.bing.com/bingbot.htm)"
131.253.47.155 - - [24/Sep/2012:23:51:12 +0200] "GET /hirek08_12.htm HTTP/1.1" 200 8268 "-" "Mozilla/5.0 (compatible; bingbot/2.0; +http://www.bing.com/bingbot.htm)"
157.55.33.77 - - [24/Sep/2012:23:51:22 +0200] "GET /civilmuhely.htm HTTP/1.1" 200 8450 "-" "Mozilla/5.0 (compatible; bingbot/2.0; +http://www.bing.com/bingbot.htm)"
157.55.33.77 - - [24/Sep/2012:23:51:26 +0200] "GET /nca.htm HTTP/1.1" 200 7467 "-" "Mozilla/5.0 (compatible; bingbot/2.0; +http://www.bing.com/bingbot.htm)"
131.253.47.155 - - [25/Sep/2012:00:01:00 +0200] "GET /hirek09_01.htm HTTP/1.1" 200 6841 "-" "Mozilla/5.0 (compatible; bingbot/2.0; +http://www.bing.com/bingbot.htm)"
178.154.210.252 - - [25/Sep/2012:00:02:14 +0200] "GET /hirek/hirek101025.htm HTTP/1.1" 304 - "-" "Mozilla/5.0 (compatible; YandexBot/3.0; +http://yandex.com/bots)"
37.140.141.19 - - [25/Sep/2012:00:12:46 +0200] "GET /images/kvvm_logo.jpg HTTP/1.1" 200 4763 "-" "Mozilla/5.0 (compatible; YandexImages/3.0; +http://yandex.com/bots)"
37.140.141.19 - - [25/Sep/2012:00:42:49 +0200] "GET /hirek/090510/szuletesunnepe050_.jpg HTTP/1.1" 200 5308 "-" "Mozilla/5.0 (compatible; YandexImages/3.0; +http://yandex.com/bots)"
157.55.33.19 - - [25/Sep/2012:01:09:33 +0200] "GET /deutsch/index.htm HTTP/1.1" 200 5324 "-" "Mozilla/5.0 (compatible; bingbot/2.0; +http://www.bing.com/bingbot.htm)"
157.55.34.28 - - [25/Sep/2012:01:09:33 +0200] "GET /jog/jogszabalyok/vadaszati_torveny.pdf HTTP/1.1" 200 34654 "-" "Mozilla/5.0 (compatible; bingbot/2.0; +http://www.bing.com/bingbot.htm)"
157.55.33.19 - - [25/Sep/2012:01:09:34 +0200] "GET /bunt.htm HTTP/1.1" 200 5683 "-" "Mozilla/5.0 (compatible; bingbot/2.0; +http://www.bing.com/bingbot.htm)"
157.55.34.28 - - [25/Sep/2012:01:09:34 +0200] "GET /hirek08_10.htm HTTP/1.1" 200 6946 "-" "Mozilla/5.0 (compatible; bingbot/2.0; +http://www.bing.com/bingbot.htm)"
157.55.34.28 - - [25/Sep/2012:01:09:35 +0200] "GET /hirek09_03.htm HTTP/1.1" 200 10726 "-" "Mozilla/5.0 (compatible; bingbot/2.0; +http://www.bing.com/bingbot.htm)"
157.55.33.19 - - [25/Sep/2012:01:09:35 +0200] "GET /khb.htm HTTP/1.1" 200 8719 "-" "Mozilla/5.0 (compatible; bingbot/2.0; +http://www.bing.com/bingbot.htm)"
37.140.141.19 - - [25/Sep/2012:01:13:17 +0200] "GET /hirek/090510/szuletesunnepe025_.jpg HTTP/1.1" 200 5268 "-" "Mozilla/5.0 (compatible; YandexImages/3.0; +http://yandex.com/bots)"
131.253.47.191 - - [25/Sep/2012:01:16:00 +0200] "GET /media.htm HTTP/1.1" 200 5208 "-" "Mozilla/5.0 (compatible; bingbot/2.0; +http://www.bing.com/bingbot.htm)"
131.253.47.191 - - [25/Sep/2012:01:16:00 +0200] "GET /hirek08_11.htm HTTP/1.1" 200 7253 "-" "Mozilla/5.0 (compatible; bingbot/2.0; +http://www.bing.com/bingbot.htm)"
131.253.47.191 - - [25/Sep/2012:01:16:01 +0200] "GET /hirek09_02.htm HTTP/1.1" 200 7450 "-" "Mozilla/5.0 (compatible; bingbot/2.0; +http://www.bing.com/bingbot.htm)"
37.140.141.19 - - [25/Sep/2012:01:43:25 +0200] "GET /hirek/090510/szuletesunnepe051_.jpg HTTP/1.1" 200 5497 "-" "Mozilla/5.0 (compatible; YandexImages/3.0; +http://yandex.com/bots)"
37.140.141.19 - - [25/Sep/2012:02:12:33 +0200] "GET /images/nca_logo.jpg HTTP/1.1" 200 4244 "-" "Mozilla/5.0 (compatible; YandexImages/3.0; +http://yandex.com/bots)"
37.140.141.19 - - [25/Sep/2012:02:41:05 +0200] "GET /tm03.jpg HTTP/1.1" 200 2212 "-" "Mozilla/5.0 (compatible; YandexImages/3.0; +http://yandex.com/bots)"
37.140.141.19 - - [25/Sep/2012:03:11:17 +0200] "GET /images/okotars_szines_.jpg HTTP/1.1" 200 23743 "-" "Mozilla/5.0 (compatible; YandexImages/3.0; +http://yandex.com/bots)"
178.154.210.252 - - [25/Sep/2012:03:24:53 +0200] "GET /robots.txt HTTP/1.1" 404 1181 "-" "Mozilla/5.0 (compatible; YandexBot/3.0; +http://yandex.com/bots)"
66.249.72.84 - - [25/Sep/2012:03:41:08 +0200] "GET /jog/eseteink/poroszlo/index.htm HTTP/1.1" 200 16861 "-" "Mozilla/5.0 (compatible; Googlebot/2.1; +http://www.google.com/bot.html)"
37.140.141.19 - - [25/Sep/2012:03:42:17 +0200] "GET /hirek/090510/szuletesunnepe011.jpg HTTP/1.1" 200 52497 "-" "Mozilla/5.0 (compatible; YandexImages/3.0; +http://yandex.com/bots)"
37.140.141.19 - - [25/Sep/2012:04:33:51 +0200] "GET /hirek/090510/szuletesunnepe034.jpg HTTP/1.1" 200 55354 "-" "Mozilla/5.0 (compatible; YandexImages/3.0; +http://yandex.com/bots)"
178.154.210.252 - - [25/Sep/2012:05:15:57 +0200] "GET /hirek/hirek100804.htm HTTP/1.1" 304 - "-" "Mozilla/5.0 (compatible; YandexBot/3.0; +http://yandex.com/bots)"
37.140.141.19 - - [25/Sep/2012:05:26:13 +0200] "GET /tm04.jpg HTTP/1.1" 200 2613 "-" "Mozilla/5.0 (compatible; YandexImages/3.0; +http://yandex.com/bots)"
37.140.141.19 - - [25/Sep/2012:06:20:32 +0200] "GET /images/demnet_.jpg HTTP/1.1" 200 4808 "-" "Mozilla/5.0 (compatible; YandexImages/3.0; +http://yandex.com/bots)"
157.55.34.28 - - [25/Sep/2012:06:26:55 +0200] "GET /robots.txt HTTP/1.1" 404 1181 "-" "Mozilla/5.0 (compatible; bingbot/2.0; +http://www.bing.com/bingbot.htm)"
157.55.34.28 - - [25/Sep/2012:07:13:18 +0200] "GET /jog/jogszabalyok/vadaszati_torveny.pdf HTTP/1.1" 200 741096 "-" "Mozilla/5.0 (compatible; bingbot/2.0; +http://www.bing.com/bingbot.htm)"
37.140.141.19 - - [25/Sep/2012:07:15:21 +0200] "GET /robots.txt HTTP/1.1" 404 1181 "-" "Mozilla/5.0 (compatible; YandexImages/3.0; +http://yandex.com/bots)"
178.154.210.252 - - [25/Sep/2012:07:17:57 +0200] "GET /hirek/hirek100810.htm HTTP/1.1" 304 - "-" "Mozilla/5.0 (compatible; YandexBot/3.0; +http://yandex.com/bots)"
37.140.141.19 - - [25/Sep/2012:08:09:30 +0200] "GET /hirek/090510/szuletesunnepe027_.jpg HTTP/1.1" 200 6004 "-" "Mozilla/5.0 (compatible; YandexImages/3.0; +http://yandex.com/bots)"
37.140.141.19 - - [25/Sep/2012:09:03:49 +0200] "GET /images/72_nfu.jpg HTTP/1.1" 200 603912 "-" "Mozilla/5.0 (compatible; YandexImages/3.0; +http://yandex.com/bots)"
37.140.141.19 - - [25/Sep/2012:09:56:37 +0200] "GET /tm02.jpg HTTP/1.1" 200 1873 "-" "Mozilla/5.0 (compatible; YandexImages/3.0; +http://yandex.com/bots)"
37.140.141.19 - - [25/Sep/2012:10:49:42 +0200] "GET /jog/img/nca_logo_.png HTTP/1.1" 200 7180 "-" "Mozilla/5.0 (compatible; YandexImages/3.0; +http://yandex.com/bots)"
131.253.47.191 - - [25/Sep/2012:11:15:11 +0200] "GET /robots.txt HTTP/1.1" 404 1181 "-" "Mozilla/5.0 (compatible; bingbot/2.0; +http://www.bing.com/bingbot.htm)"
37.140.141.19 - - [25/Sep/2012:11:40:32 +0200] "GET /hirek/090510/szuletesunnepe059_.jpg HTTP/1.1" 200 5509 "-" "Mozilla/5.0 (compatible; YandexImages/3.0; +http://yandex.com/bots)"
139.18.2.17 - - [25/Sep/2012:12:04:53 +0200] "GET /nca06.htm HTTP/1.1" 200 19034 "-" "findlinks/2.6 (+http://wortschatz.uni-leipzig.de/findlinks/)"
84.1.151.141 - - [25/Sep/2012:12:27:40 +0200] "GET /hirek/Natura_2000es_gyepgazdalkodas_eloirasai.ppt HTTP/1.1" 200 333312 "http://search.yahoo.com/search?p=natura+2000+ter%C3%BClet%C3%A9n+termelhet%C5%91+n%C3%B6v%C3%A9nyek&ei=UTF-8&fr=chr-greentree_ff&ilc=12&type=937811" "Mozilla/5.0 (Windows NT 5.1; rv:14.0) Gecko/20100101 Firefox/14.0.1"
37.140.141.19 - - [25/Sep/2012:12:33:29 +0200] "GET /jog_honlap_.jpg HTTP/1.1" 200 7186 "-" "Mozilla/5.0 (compatible; YandexImages/3.0; +http://yandex.com/bots)"
37.140.141.19 - - [25/Sep/2012:13:25:45 +0200] "GET /images/norway_grants_.jpg HTTP/1.1" 200 4440 "-" "Mozilla/5.0 (compatible; YandexImages/3.0; +http://yandex.com/bots)"
37.140.141.19 - - [25/Sep/2012:14:16:33 +0200] "GET /hirek/090510/szuletesunnepe027.jpg HTTP/1.1" 200 68059 "-" "Mozilla/5.0 (compatible; YandexImages/3.0; +http://yandex.com/bots)"
80.98.215.124 - - [25/Sep/2012:14:32:33 +0200] "GET / HTTP/1.1" 200 23778 "http://www.nimfea.hu/tagszervezeteink/index.htm" "Mozilla/5.0 (Windows NT 6.1; rv:15.0) Gecko/20100101 Firefox/15.0.1"
80.98.215.124 - - [25/Sep/2012:14:32:34 +0200] "GET /vill.cs HTTP/1.1" 200 2676 "http://www.beklen.hu/" "Mozilla/5.0 (Windows NT 6.1; rv:15.0) Gecko/20100101 Firefox/15.0.1"
80.98.215.124 - - [25/Sep/2012:14:32:34 +0200] "GET /tm01.jpg HTTP/1.1" 200 1080 "http://www.beklen.hu/" "Mozilla/5.0 (Windows NT 6.1; rv:15.0) Gecko/20100101 Firefox/15.0.1"
80.98.215.124 - - [25/Sep/2012:14:32:34 +0200] "GET /lb/css/lightbox.css HTTP/1.1" 200 1715 "http://www.beklen.hu/" "Mozilla/5.0 (Windows NT 6.1; rv:15.0) Gecko/20100101 Firefox/15.0.1"
80.98.215.124 - - [25/Sep/2012:14:32:34 +0200] "GET /lb/js/scriptaculous.js?load=effects HTTP/1.1" 200 2152 "http://www.beklen.hu/" "Mozilla/5.0 (Windows NT 6.1; rv:15.0) Gecko/20100101 Firefox/15.0.1"
80.98.215.124 - - [25/Sep/2012:14:32:34 +0200] "GET /lb/js/lightbox.js HTTP/1.1" 200 23424 "http://www.beklen.hu/" "Mozilla/5.0 (Windows NT 6.1; rv:15.0) Gecko/20100101 Firefox/15.0.1"
80.98.215.124 - - [25/Sep/2012:14:32:34 +0200] "GET /tm02.jpg HTTP/1.1" 200 1873 "http://www.beklen.hu/" "Mozilla/5.0 (Windows NT 6.1; rv:15.0) Gecko/20100101 Firefox/15.0.1"
80.98.215.124 - - [25/Sep/2012:14:32:34 +0200] "GET /lb/js/prototype.js HTTP/1.1" 200 47603 "http://www.beklen.hu/" "Mozilla/5.0 (Windows NT 6.1; rv:15.0) Gecko/20100101 Firefox/15.0.1"
80.98.215.124 - - [25/Sep/2012:14:32:34 +0200] "GET /tm03_.jpg HTTP/1.1" 200 1787 "http://www.beklen.hu/" "Mozilla/5.0 (Windows NT 6.1; rv:15.0) Gecko/20100101 Firefox/15.0.1"
80.98.215.124 - - [25/Sep/2012:14:32:34 +0200] "GET /tm04_.jpg HTTP/1.1" 200 2058 "http://www.beklen.hu/" "Mozilla/5.0 (Windows NT 6.1; rv:15.0) Gecko/20100101 Firefox/15.0.1"
80.98.215.124 - - [25/Sep/2012:14:32:34 +0200] "GET /tm05_.jpg HTTP/1.1" 200 1839 "http://www.beklen.hu/" "Mozilla/5.0 (Windows NT 6.1; rv:15.0) Gecko/20100101 Firefox/15.0.1"
80.98.215.124 - - [25/Sep/2012:14:32:34 +0200] "GET /tm06_.jpg HTTP/1.1" 200 1382 "http://www.beklen.hu/" "Mozilla/5.0 (Windows NT 6.1; rv:15.0) Gecko/20100101 Firefox/15.0.1"
80.98.215.124 - - [25/Sep/2012:14:32:34 +0200] "GET /lb/js/effects.js HTTP/1.1" 200 31969 "http://www.beklen.hu/" "Mozilla/5.0 (Windows NT 6.1; rv:15.0) Gecko/20100101 Firefox/15.0.1"
80.98.215.124 - - [25/Sep/2012:14:32:34 +0200] "GET /tm07.jpg HTTP/1.1" 200 1007 "http://www.beklen.hu/" "Mozilla/5.0 (Windows NT 6.1; rv:15.0) Gecko/20100101 Firefox/15.0.1"
80.98.215.124 - - [25/Sep/2012:14:32:34 +0200] "GET /a1_projekt_tabla_infra_cs3_beklenhaz_.jpg HTTP/1.1" 200 8994 "http://www.beklen.hu/" "Mozilla/5.0 (Windows NT 6.1; rv:15.0) Gecko/20100101 Firefox/15.0.1"
80.98.215.124 - - [25/Sep/2012:14:32:34 +0200] "GET /jog_honlap_.jpg HTTP/1.1" 200 7186 "http://www.beklen.hu/" "Mozilla/5.0 (Windows NT 6.1; rv:15.0) Gecko/20100101 Firefox/15.0.1"
80.98.215.124 - - [25/Sep/2012:14:32:34 +0200] "GET /bg.jpg HTTP/1.1" 200 566 "http://www.beklen.hu/" "Mozilla/5.0 (Windows NT 6.1; rv:15.0) Gecko/20100101 Firefox/15.0.1"
80.98.215.124 - - [25/Sep/2012:14:32:35 +0200] "GET /bottom_main.jpg HTTP/1.1" 200 96820 "http://www.beklen.hu/vill.cs" "Mozilla/5.0 (Windows NT 6.1; rv:15.0) Gecko/20100101 Firefox/15.0.1"
80.98.215.124 - - [25/Sep/2012:14:32:36 +0200] "GET /nimfea_project_250x250.gif HTTP/1.1" 200 2986583 "http://www.beklen.hu/" "Mozilla/5.0 (Windows NT 6.1; rv:15.0) Gecko/20100101 Firefox/15.0.1"
80.98.215.124 - - [25/Sep/2012:14:32:36 +0200] "GET /tm04.jpg HTTP/1.1" 200 2613 "http://www.beklen.hu/" "Mozilla/5.0 (Windows NT 6.1; rv:15.0) Gecko/20100101 Firefox/15.0.1"
80.98.215.124 - - [25/Sep/2012:14:32:36 +0200] "GET /tm05.jpg HTTP/1.1" 200 2253 "http://www.beklen.hu/" "Mozilla/5.0 (Windows NT 6.1; rv:15.0) Gecko/20100101 Firefox/15.0.1"
80.98.215.124 - - [25/Sep/2012:14:32:36 +0200] "GET /tm06.jpg HTTP/1.1" 200 1651 "http://www.beklen.hu/" "Mozilla/5.0 (Windows NT 6.1; rv:15.0) Gecko/20100101 Firefox/15.0.1"
80.98.215.124 - - [25/Sep/2012:14:32:36 +0200] "GET /lb/images/closelabel.gif HTTP/1.1" 200 222 "http://www.beklen.hu/" "Mozilla/5.0 (Windows NT 6.1; rv:15.0) Gecko/20100101 Firefox/15.0.1"
80.98.215.124 - - [25/Sep/2012:14:32:36 +0200] "GET /tm02_.jpg HTTP/1.1" 200 1524 "http://www.beklen.hu/" "Mozilla/5.0 (Windows NT 6.1; rv:15.0) Gecko/20100101 Firefox/15.0.1"
80.98.215.124 - - [25/Sep/2012:14:32:36 +0200] "GET /lb/images/loading.gif HTTP/1.1" 200 2767 "http://www.beklen.hu/" "Mozilla/5.0 (Windows NT 6.1; rv:15.0) Gecko/20100101 Firefox/15.0.1"
80.98.215.124 - - [25/Sep/2012:14:32:36 +0200] "GET /tm03.jpg HTTP/1.1" 200 2212 "http://www.beklen.hu/" "Mozilla/5.0 (Windows NT 6.1; rv:15.0) Gecko/20100101 Firefox/15.0.1"
80.98.215.124 - - [25/Sep/2012:14:32:36 +0200] "GET /favicon.ico HTTP/1.1" 404 1181 "-" "Mozilla/5.0 (Windows NT 6.1; rv:15.0) Gecko/20100101 Firefox/15.0.1"
80.98.215.124 - - [25/Sep/2012:14:32:51 +0200] "GET /a1_projekt_tabla_infra_cs3_beklenhaz.jpg HTTP/1.1" 200 73344 "http://www.beklen.hu/" "Mozilla/5.0 (Windows NT 6.1; rv:15.0) Gecko/20100101 Firefox/15.0.1"
80.98.215.124 - - [25/Sep/2012:14:33:03 +0200] "GET /jog HTTP/1.1" 301 311 "http://www.beklen.hu/" "Mozilla/5.0 (Windows NT 6.1; rv:15.0) Gecko/20100101 Firefox/15.0.1"
80.98.215.124 - - [25/Sep/2012:14:33:03 +0200] "GET /jog/ HTTP/1.1" 200 13138 "http://www.beklen.hu/" "Mozilla/5.0 (Windows NT 6.1; rv:15.0) Gecko/20100101 Firefox/15.0.1"
80.98.215.124 - - [25/Sep/2012:14:33:04 +0200] "GET /jog/style.css HTTP/1.1" 200 21413 "http://www.beklen.hu/jog/" "Mozilla/5.0 (Windows NT 6.1; rv:15.0) Gecko/20100101 Firefox/15.0.1"
80.98.215.124 - - [25/Sep/2012:14:33:04 +0200] "GET /jog/img/magyar_cimer.png HTTP/1.1" 200 1900 "http://www.beklen.hu/jog/" "Mozilla/5.0 (Windows NT 6.1; rv:15.0) Gecko/20100101 Firefox/15.0.1"
80.98.215.124 - - [25/Sep/2012:14:33:04 +0200] "GET /jog/img/nca_logo_.png HTTP/1.1" 200 7180 "http://www.beklen.hu/jog/" "Mozilla/5.0 (Windows NT 6.1; rv:15.0) Gecko/20100101 Firefox/15.0.1"
80.98.215.124 - - [25/Sep/2012:14:33:04 +0200] "GET /jog/script.js HTTP/1.1" 200 5674 "http://www.beklen.hu/jog/" "Mozilla/5.0 (Windows NT 6.1; rv:15.0) Gecko/20100101 Firefox/15.0.1"
80.98.215.124 - - [25/Sep/2012:14:33:04 +0200] "GET /jog/favicon.ico HTTP/1.1" 200 1150 "-" "Mozilla/5.0 (Windows NT 6.1; rv:15.0) Gecko/20100101 Firefox/15.0.1"
80.98.215.124 - - [25/Sep/2012:14:33:04 +0200] "GET /jog/img/320/sargarigo2.jpg HTTP/1.1" 200 17500 "http://www.beklen.hu/jog/" "Mozilla/5.0 (Windows NT 6.1; rv:15.0) Gecko/20100101 Firefox/15.0.1"
80.98.215.124 - - [25/Sep/2012:14:33:04 +0200] "GET /jog/jquery.js HTTP/1.1" 200 72174 "http://www.beklen.hu/jog/" "Mozilla/5.0 (Windows NT 6.1; rv:15.0) Gecko/20100101 Firefox/15.0.1"
80.98.215.124 - - [25/Sep/2012:14:33:05 +0200] "GET /jog/images/menuitem.png HTTP/1.1" 200 20398 "http://www.beklen.hu/jog/style.css" "Mozilla/5.0 (Windows NT 6.1; rv:15.0) Gecko/20100101 Firefox/15.0.1"
80.98.215.124 - - [25/Sep/2012:14:33:05 +0200] "GET /jog/images/nav.png HTTP/1.1" 200 10482 "http://www.beklen.hu/jog/style.css" "Mozilla/5.0 (Windows NT 6.1; rv:15.0) Gecko/20100101 Firefox/15.0.1"
80.98.215.124 - - [25/Sep/2012:14:33:05 +0200] "GET /jog/images/spacer.gif HTTP/1.1" 200 43 "http://www.beklen.hu/jog/style.css" "Mozilla/5.0 (Windows NT 6.1; rv:15.0) Gecko/20100101 Firefox/15.0.1"
80.98.215.124 - - [25/Sep/2012:14:33:05 +0200] "GET /jog/images/subitem.png HTTP/1.1" 200 81 "http://www.beklen.hu/jog/style.css" "Mozilla/5.0 (Windows NT 6.1; rv:15.0) Gecko/20100101 Firefox/15.0.1"
80.98.215.124 - - [25/Sep/2012:14:33:05 +0200] "GET /jog/images/Bottom_texture.jpg HTTP/1.1" 200 193775 "http://www.beklen.hu/jog/style.css" "Mozilla/5.0 (Windows NT 6.1; rv:15.0) Gecko/20100101 Firefox/15.0.1"
80.98.215.124 - - [25/Sep/2012:14:33:05 +0200] "GET /jog/images/post_s.png HTTP/1.1" 200 466 "http://www.beklen.hu/jog/style.css" "Mozilla/5.0 (Windows NT 6.1; rv:15.0) Gecko/20100101 Firefox/15.0.1"
80.98.215.124 - - [25/Sep/2012:14:33:05 +0200] "GET /jog/images/post_v.png HTTP/1.1" 200 310 "http://www.beklen.hu/jog/style.css" "Mozilla/5.0 (Windows NT 6.1; rv:15.0) Gecko/20100101 Firefox/15.0.1"
80.98.215.124 - - [25/Sep/2012:14:33:05 +0200] "GET /jog/images/post_h.png HTTP/1.1" 200 292 "http://www.beklen.hu/jog/style.css" "Mozilla/5.0 (Windows NT 6.1; rv:15.0) Gecko/20100101 Firefox/15.0.1"
80.98.215.124 - - [25/Sep/2012:14:33:05 +0200] "GET /jog/images/post_c.png HTTP/1.1" 200 204 "http://www.beklen.hu/jog/style.css" "Mozilla/5.0 (Windows NT 6.1; rv:15.0) Gecko/20100101 Firefox/15.0.1"
80.98.215.124 - - [25/Sep/2012:14:33:05 +0200] "GET /jog/images/header.png HTTP/1.1" 200 170837 "http://www.beklen.hu/jog/style.css" "Mozilla/5.0 (Windows NT 6.1; rv:15.0) Gecko/20100101 Firefox/15.0.1"
131.253.47.191 - - [25/Sep/2012:15:04:36 +0200] "GET /jog/eseteink/korosladany/panasz_rendorsegi_hatarozat_ellen.pdf HTTP/1.1" 200 148679 "-" "Mozilla/5.0 (compatible; bingbot/2.0; +http://www.bing.com/bingbot.htm)"
37.140.141.19 - - [25/Sep/2012:15:07:20 +0200] "GET /tm04_.jpg HTTP/1.1" 200 2058 "-" "Mozilla/5.0 (compatible; YandexImages/3.0; +http://yandex.com/bots)"
37.140.141.19 - - [25/Sep/2012:16:00:56 +0200] "GET /nimfea_project_250x250.gif HTTP/1.1" 200 2986583 "-" "Mozilla/5.0 (compatible; YandexImages/3.0; +http://yandex.com/bots)"
208.115.113.84 - - [25/Sep/2012:16:14:55 +0200] "GET /robots.txt HTTP/1.1" 404 1181 "-" "Mozilla/5.0 (compatible; Ezooms/1.0; ezooms.bot@gmail.com)"
139.18.2.17 - - [25/Sep/2012:16:26:12 +0200] "GET /jog/jogihatter.htm HTTP/1.1" 200 18691 "-" "findlinks/2.6 (+http://wortschatz.uni-leipzig.de/findlinks/)"
80.98.215.124 - - [25/Sep/2012:16:38:57 +0200] "GET /lb/js/scriptaculous.js?load=effects HTTP/1.1" 304 - "http://www.beklen.hu/" "Mozilla/5.0 (Windows NT 6.1; rv:15.0) Gecko/20100101 Firefox/15.0.1"
37.140.141.19 - - [25/Sep/2012:16:53:47 +0200] "GET /hirek/090510/szuletesunnepe090_.jpg HTTP/1.1" 200 4837 "-" "Mozilla/5.0 (compatible; YandexImages/3.0; +http://yandex.com/bots)"
37.140.141.19 - - [25/Sep/2012:17:45:57 +0200] "GET /hirek/090510/szuletesunnepe037.jpg HTTP/1.1" 200 72107 "-" "Mozilla/5.0 (compatible; YandexImages/3.0; +http://yandex.com/bots)"
208.115.113.84 - - [25/Sep/2012:18:24:00 +0200] "GET /fiok/index.html HTTP/1.1" 200 20554 "-" "Mozilla/5.0 (compatible; Ezooms/1.0; ezooms.bot@gmail.com)"
180.76.5.160 - - [25/Sep/2012:18:26:03 +0200] "GET /fiok/kornyezet.htm HTTP/1.1" 304 - "-" "Mozilla/5.0 (compatible; Baiduspider/2.0; +http://www.baidu.com/search/spider.html)"
80.98.215.124 - - [25/Sep/2012:18:38:21 +0200] "GET /lb/js/scriptaculous.js?load=effects HTTP/1.1" 304 - "http://www.beklen.hu/" "Mozilla/5.0 (Windows NT 6.1; rv:15.0) Gecko/20100101 Firefox/15.0.1"
37.140.141.19 - - [25/Sep/2012:18:38:50 +0200] "GET /tm06_.jpg HTTP/1.1" 200 1382 "-" "Mozilla/5.0 (compatible; YandexImages/3.0; +http://yandex.com/bots)"
80.98.215.124 - - [25/Sep/2012:18:38:51 +0200] "GET /magunkrol.htm HTTP/1.1" 200 9202 "http://www.beklen.hu/" "Mozilla/5.0 (Windows NT 6.1; rv:15.0) Gecko/20100101 Firefox/15.0.1"
80.98.215.124 - - [25/Sep/2012:18:38:52 +0200] "GET /bottom_.jpg HTTP/1.1" 200 93419 "http://www.beklen.hu/vill.cs" "Mozilla/5.0 (Windows NT 6.1; rv:15.0) Gecko/20100101 Firefox/15.0.1"
80.98.215.124 - - [25/Sep/2012:18:39:02 +0200] "GET /programok.htm HTTP/1.1" 200 6444 "http://www.beklen.hu/magunkrol.htm" "Mozilla/5.0 (Windows NT 6.1; rv:15.0) Gecko/20100101 Firefox/15.0.1"
80.98.215.124 - - [25/Sep/2012:18:39:10 +0200] "GET /khb.htm HTTP/1.1" 200 8719 "http://www.beklen.hu/programok.htm" "Mozilla/5.0 (Windows NT 6.1; rv:15.0) Gecko/20100101 Firefox/15.0.1"
80.98.215.124 - - [25/Sep/2012:18:39:16 +0200] "GET /khb/beklen_2011_kh_jelentes.pdf HTTP/1.1" 200 6014974 "http://www.beklen.hu/khb.htm" "Mozilla/5.0 (Windows NT 6.1; rv:15.0) Gecko/20100101 Firefox/15.0.1"
80.98.215.124 - - [25/Sep/2012:18:42:12 +0200] "GET /khb/beklen_2007_kh_jelentes.pdf HTTP/1.1" 200 485951 "http://www.beklen.hu/khb.htm" "Mozilla/5.0 (Windows NT 6.1; rv:15.0) Gecko/20100101 Firefox/15.0.1"
80.98.215.124 - - [25/Sep/2012:18:46:18 +0200] "GET /khb/beklen_2008_kh_jelentes.pdf HTTP/1.1" 200 284192 "http://www.beklen.hu/khb.htm" "Mozilla/5.0 (Windows NT 6.1; rv:15.0) Gecko/20100101 Firefox/15.0.1"
80.98.215.124 - - [25/Sep/2012:18:54:01 +0200] "GET /khb/beklen_2009_kh_jelentes.pdf HTTP/1.1" 200 258938 "http://www.beklen.hu/khb.htm" "Mozilla/5.0 (Windows NT 6.1; rv:15.0) Gecko/20100101 Firefox/15.0.1"
80.98.215.124 - - [25/Sep/2012:19:00:46 +0200] "GET /khb/beklen_2010_kh_jelentes.pdf HTTP/1.1" 200 252786 "http://www.beklen.hu/khb.htm" "Mozilla/5.0 (Windows NT 6.1; rv:15.0) Gecko/20100101 Firefox/15.0.1"
37.140.141.19 - - [25/Sep/2012:19:29:22 +0200] "GET /tm07.jpg HTTP/1.1" 200 1007 "-" "Mozilla/5.0 (compatible; YandexImages/3.0; +http://yandex.com/bots)"
80.98.215.124 - - [25/Sep/2012:20:01:20 +0200] "GET /lb/js/scriptaculous.js?load=effects HTTP/1.1" 304 - "http://www.beklen.hu/" "Mozilla/5.0 (Windows NT 6.1; rv:15.0) Gecko/20100101 Firefox/15.0.1"
80.98.215.124 - - [25/Sep/2012:20:03:18 +0200] "GET /media.htm HTTP/1.1" 200 5208 "http://www.beklen.hu/" "Mozilla/5.0 (Windows NT 6.1; rv:15.0) Gecko/20100101 Firefox/15.0.1"
80.98.215.124 - - [25/Sep/2012:20:03:31 +0200] "GET /index.htm HTTP/1.1" 200 23778 "http://www.beklen.hu/magunkrol.htm" "Mozilla/5.0 (Windows NT 6.1; rv:15.0) Gecko/20100101 Firefox/15.0.1"
80.98.215.124 - - [25/Sep/2012:20:03:31 +0200] "GET /index.htm HTTP/1.1" 200 23778 "http://www.beklen.hu/magunkrol.htm" "Mozilla/5.0 (Windows NT 6.1; rv:15.0) Gecko/20100101 Firefox/15.0.1"
80.98.215.124 - - [25/Sep/2012:20:03:32 +0200] "GET /lb/js/scriptaculous.js?load=effects HTTP/1.1" 304 - "http://www.beklen.hu/index.htm" "Mozilla/5.0 (Windows NT 6.1; rv:15.0) Gecko/20100101 Firefox/15.0.1"
37.140.141.19 - - [25/Sep/2012:20:21:53 +0200] "GET /tm02_.jpg HTTP/1.1" 200 1524 "-" "Mozilla/5.0 (compatible; YandexImages/3.0; +http://yandex.com/bots)"
178.154.210.252 - - [25/Sep/2012:20:30:55 +0200] "GET /magunkrol.htm HTTP/1.1" 304 - "-" "Mozilla/5.0 (compatible; YandexBot/3.0; +http://yandex.com/bots)"
37.140.141.19 - - [25/Sep/2012:21:26:12 +0200] "GET /deutsch/d01.jpg HTTP/1.1" 200 1357 "-" "Mozilla/5.0 (compatible; YandexImages/3.0; +http://yandex.com/bots)"
66.249.72.84 - - [25/Sep/2012:21:27:58 +0200] "GET /robots.txt HTTP/1.1" 404 1181 "-" "Mozilla/5.0 (compatible; Googlebot/2.1; +http://www.google.com/bot.html)"
66.249.66.252 - - [25/Sep/2012:21:27:59 +0200] "GET /hirek/hirek100420.htm HTTP/1.1" 304 - "-" "Mozilla/5.0 (iPhone; U; CPU iPhone OS 4_1 like Mac OS X; en-us) AppleWebKit/532.9 (KHTML, like Gecko) Version/4.0.5 Mobile/8B117 Safari/6531.22.7 (compatible; Googlebot-Mobile/2.1; +http://www.google.com/bot.html)"
208.115.111.68 - - [25/Sep/2012:22:06:33 +0200] "GET /robots.txt HTTP/1.1" 404 1181 "-" "Mozilla/5.0 (compatible; Ezooms/1.0; ezooms.bot@gmail.com)"
213.186.120.196 - - [25/Sep/2012:23:37:10 +0200] "GET /robots.txt HTTP/1.1" 404 1181 "-" "Mozilla/5.0 (compatible; AhrefsBot/3.1; +http://ahrefs.com/robot/)"
208.115.113.84 - - [26/Sep/2012:00:14:39 +0200] "GET /robots.txt HTTP/1.1" 404 1181 "-" "Mozilla/5.0 (compatible; Ezooms/1.0; ezooms.bot@gmail.com)"
178.154.210.252 - - [26/Sep/2012:00:37:47 +0200] "GET /hirek/hirek120120.htm HTTP/1.1" 200 6634 "-" "Mozilla/5.0 (compatible; YandexBot/3.0; +http://yandex.com/bots)"
37.140.141.19 - - [26/Sep/2012:00:38:23 +0200] "GET /robots.txt HTTP/1.1" 404 1181 "-" "Mozilla/5.0 (compatible; YandexImages/3.0; +http://yandex.com/bots)"
37.140.141.19 - - [26/Sep/2012:00:55:55 +0200] "GET /images/karpatok_.jpg HTTP/1.1" 200 15902 "-" "Mozilla/5.0 (compatible; YandexImages/3.0; +http://yandex.com/bots)"
37.140.141.19 - - [26/Sep/2012:01:13:27 +0200] "GET /hirek/090510/szuletesunnepe025_.jpg HTTP/1.1" 200 5268 "-" "Mozilla/5.0 (compatible; YandexImages/3.0; +http://yandex.com/bots)"
37.140.141.19 - - [26/Sep/2012:01:30:59 +0200] "GET /english/e04.jpg HTTP/1.1" 200 1124 "-" "Mozilla/5.0 (compatible; YandexImages/3.0; +http://yandex.com/bots)"
37.140.141.19 - - [26/Sep/2012:01:49:33 +0200] "GET /images/okotars_szines_.jpg HTTP/1.1" 200 23743 "-" "Mozilla/5.0 (compatible; YandexImages/3.0; +http://yandex.com/bots)"
37.140.141.19 - - [26/Sep/2012:02:08:08 +0200] "GET /jog/img/magyar_cimer.png HTTP/1.1" 200 1900 "-" "Mozilla/5.0 (compatible; YandexImages/3.0; +http://yandex.com/bots)"
208.115.113.84 - - [26/Sep/2012:02:21:09 +0200] "GET /fiok/kornyezet.htm HTTP/1.1" 200 22582 "-" "Mozilla/5.0 (compatible; Ezooms/1.0; ezooms.bot@gmail.com)"
208.115.113.84 - - [26/Sep/2012:02:21:11 +0200] "GET /jog/ugyfeljogok.htm HTTP/1.1" 200 14279 "-" "Mozilla/5.0 (compatible; Ezooms/1.0; ezooms.bot@gmail.com)"
37.140.141.19 - - [26/Sep/2012:02:58:34 +0200] "GET /hirek/090510/szuletesunnepe034_.jpg HTTP/1.1" 200 5541 "-" "Mozilla/5.0 (compatible; YandexImages/3.0; +http://yandex.com/bots)"
37.140.141.19 - - [26/Sep/2012:03:52:03 +0200] "GET /hirek/090510/szuletesunnepe044.jpg HTTP/1.1" 200 66054 "-" "Mozilla/5.0 (compatible; YandexImages/3.0; +http://yandex.com/bots)"
180.76.5.55 - - [26/Sep/2012:04:14:25 +0200] "GET /fiok/program_reszek/csaladbarat.htm HTTP/1.1" 304 - "-" "Mozilla/5.0 (compatible; Baiduspider/2.0; +http://www.baidu.com/search/spider.html)"
37.140.141.19 - - [26/Sep/2012:04:31:50 +0200] "GET /a1_projekt_tabla_infra_cs3_beklenhaz_.jpg HTTP/1.1" 200 8994 "-" "Mozilla/5.0 (compatible; YandexImages/3.0; +http://yandex.com/bots)"
37.140.141.19 - - [26/Sep/2012:04:48:36 +0200] "GET /hirek/090510/szuletesunnepe021.jpg HTTP/1.1" 200 58618 "-" "Mozilla/5.0 (compatible; YandexImages/3.0; +http://yandex.com/bots)"
37.140.141.19 - - [26/Sep/2012:05:21:43 +0200] "GET /hirek/090510/szuletesunnepe030_.jpg HTTP/1.1" 200 5352 "-" "Mozilla/5.0 (compatible; YandexImages/3.0; +http://yandex.com/bots)"
37.140.141.19 - - [26/Sep/2012:05:41:40 +0200] "GET /hirek/090510/szuletesunnepe050_.jpg HTTP/1.1" 200 5308 "-" "Mozilla/5.0 (compatible; YandexImages/3.0; +http://yandex.com/bots)"
37.140.141.19 - - [26/Sep/2012:06:08:51 +0200] "GET /tm02.jpg HTTP/1.1" 200 1873 "-" "Mozilla/5.0 (compatible; YandexImages/3.0; +http://yandex.com/bots)"
66.249.66.252 - - [26/Sep/2012:06:16:26 +0200] "GET /hirek09_01.htm HTTP/1.1" 200 6841 "-" "Mozilla/5.0 (compatible; Googlebot/2.1; +http://www.google.com/bot.html)"
37.140.141.19 - - [26/Sep/2012:06:36:08 +0200] "GET /images/72_nfu.jpg HTTP/1.1" 200 603912 "-" "Mozilla/5.0 (compatible; YandexImages/3.0; +http://yandex.com/bots)"
80.99.225.100 - - [26/Sep/2012:06:36:50 +0200] "GET /jog/polgariper.htm HTTP/1.1" 200 13964 "http://www.google.hu/url?sa=t&rct=j&q=polg%C3%A1ri+per+ind%C3%ADt%C3%A1sa&source=web&cd=13&ved=0CCkQFjACOAo&url=http%3A%2F%2Fwww.beklen.hu%2Fjog%2Fpolgariper.htm&ei=XoZiULiAHIrNtAbUz4GgDQ&usg=AFQjCNFPU2vclhU7sO2TgbJoo8vqvE-YTg" "Mozilla/5.0 (Windows NT 6.1; WOW64) AppleWebKit/537.1 (KHTML, like Gecko) Chrome/21.0.1180.89 Safari/537.1"
80.99.225.100 - - [26/Sep/2012:06:36:50 +0200] "GET /jog/css/script.js HTTP/1.1" 200 6975 "http://www.beklen.hu/jog/polgariper.htm" "Mozilla/5.0 (Windows NT 6.1; WOW64) AppleWebKit/537.1 (KHTML, like Gecko) Chrome/21.0.1180.89 Safari/537.1"
80.99.225.100 - - [26/Sep/2012:06:36:50 +0200] "GET /jog/css/style.css HTTP/1.1" 200 23764 "http://www.beklen.hu/jog/polgariper.htm" "Mozilla/5.0 (Windows NT 6.1; WOW64) AppleWebKit/537.1 (KHTML, like Gecko) Chrome/21.0.1180.89 Safari/537.1"
80.99.225.100 - - [26/Sep/2012:06:36:50 +0200] "GET /jog/css/jquery.js HTTP/1.1" 200 72174 "http://www.beklen.hu/jog/polgariper.htm" "Mozilla/5.0 (Windows NT 6.1; WOW64) AppleWebKit/537.1 (KHTML, like Gecko) Chrome/21.0.1180.89 Safari/537.1"
80.99.225.100 - - [26/Sep/2012:06:36:51 +0200] "GET /jog2/images/nav.png HTTP/1.1" 200 11000 "http://www.beklen.hu/jog/polgariper.htm" "Mozilla/5.0 (Windows NT 6.1; WOW64) AppleWebKit/537.1 (KHTML, like Gecko) Chrome/21.0.1180.89 Safari/537.1"
80.99.225.100 - - [26/Sep/2012:06:36:51 +0200] "GET /jog2/images/spacer.gif HTTP/1.1" 200 43 "http://www.beklen.hu/jog/polgariper.htm" "Mozilla/5.0 (Windows NT 6.1; WOW64) AppleWebKit/537.1 (KHTML, like Gecko) Chrome/21.0.1180.89 Safari/537.1"
80.99.225.100 - - [26/Sep/2012:06:36:51 +0200] "GET /jog2/images/menuitem.png HTTP/1.1" 200 20960 "http://www.beklen.hu/jog/polgariper.htm" "Mozilla/5.0 (Windows NT 6.1; WOW64) AppleWebKit/537.1 (KHTML, like Gecko) Chrome/21.0.1180.89 Safari/537.1"
80.99.225.100 - - [26/Sep/2012:06:36:51 +0200] "GET /jog2/images/subitem.png HTTP/1.1" 200 81 "http://www.beklen.hu/jog/polgariper.htm" "Mozilla/5.0 (Windows NT 6.1; WOW64) AppleWebKit/537.1 (KHTML, like Gecko) Chrome/21.0.1180.89 Safari/537.1"
80.99.225.100 - - [26/Sep/2012:06:36:51 +0200] "GET /jog2/images/sidebar_bg.png HTTP/1.1" 200 96 "http://www.beklen.hu/jog/polgariper.htm" "Mozilla/5.0 (Windows NT 6.1; WOW64) AppleWebKit/537.1 (KHTML, like Gecko) Chrome/21.0.1180.89 Safari/537.1"
80.99.225.100 - - [26/Sep/2012:06:36:51 +0200] "GET /jog2/images/vmenuitem.png HTTP/1.1" 200 1672 "http://www.beklen.hu/jog/polgariper.htm" "Mozilla/5.0 (Windows NT 6.1; WOW64) AppleWebKit/537.1 (KHTML, like Gecko) Chrome/21.0.1180.89 Safari/537.1"
80.99.225.100 - - [26/Sep/2012:06:36:51 +0200] "GET /jog2/images/post_s.png HTTP/1.1" 200 466 "http://www.beklen.hu/jog/polgariper.htm" "Mozilla/5.0 (Windows NT 6.1; WOW64) AppleWebKit/537.1 (KHTML, like Gecko) Chrome/21.0.1180.89 Safari/537.1"
80.99.225.100 - - [26/Sep/2012:06:36:51 +0200] "GET /jog2/images/post_h.png HTTP/1.1" 200 292 "http://www.beklen.hu/jog/polgariper.htm" "Mozilla/5.0 (Windows NT 6.1; WOW64) AppleWebKit/537.1 (KHTML, like Gecko) Chrome/21.0.1180.89 Safari/537.1"
80.99.225.100 - - [26/Sep/2012:06:36:51 +0200] "GET /jog2/images/post_v.png HTTP/1.1" 200 310 "http://www.beklen.hu/jog/polgariper.htm" "Mozilla/5.0 (Windows NT 6.1; WOW64) AppleWebKit/537.1 (KHTML, like Gecko) Chrome/21.0.1180.89 Safari/537.1"
80.99.225.100 - - [26/Sep/2012:06:36:51 +0200] "GET /jog2/images/post_c.png HTTP/1.1" 200 204 "http://www.beklen.hu/jog/polgariper.htm" "Mozilla/5.0 (Windows NT 6.1; WOW64) AppleWebKit/537.1 (KHTML, like Gecko) Chrome/21.0.1180.89 Safari/537.1"
80.99.225.100 - - [26/Sep/2012:06:36:51 +0200] "GET /jog/img/320/albofalevel1.jpg HTTP/1.1" 200 14351 "http://www.beklen.hu/jog/polgariper.htm" "Mozilla/5.0 (Windows NT 6.1; WOW64) AppleWebKit/537.1 (KHTML, like Gecko) Chrome/21.0.1180.89 Safari/537.1"
80.99.225.100 - - [26/Sep/2012:06:36:51 +0200] "GET /jog2/images/button.png HTTP/1.1" 200 27118 "http://www.beklen.hu/jog/polgariper.htm" "Mozilla/5.0 (Windows NT 6.1; WOW64) AppleWebKit/537.1 (KHTML, like Gecko) Chrome/21.0.1180.89 Safari/537.1"
80.99.225.100 - - [26/Sep/2012:06:36:52 +0200] "GET /jog2/images/header.png HTTP/1.1" 200 170837 "http://www.beklen.hu/jog/polgariper.htm" "Mozilla/5.0 (Windows NT 6.1; WOW64) AppleWebKit/537.1 (KHTML, like Gecko) Chrome/21.0.1180.89 Safari/537.1"
80.99.225.100 - - [26/Sep/2012:06:36:52 +0200] "GET /jog2/images/Bottom_texture.jpg HTTP/1.1" 200 193775 "http://www.beklen.hu/jog/polgariper.htm" "Mozilla/5.0 (Windows NT 6.1; WOW64) AppleWebKit/537.1 (KHTML, like Gecko) Chrome/21.0.1180.89 Safari/537.1"
80.99.225.100 - - [26/Sep/2012:06:36:53 +0200] "GET /jog/favicon.ico HTTP/1.1" 200 1150 "-" "Mozilla/5.0 (Windows NT 6.1; WOW64) AppleWebKit/537.1 (KHTML, like Gecko) Chrome/21.0.1180.89 Safari/537.1"
37.140.141.19 - - [26/Sep/2012:07:01:15 +0200] "GET /images/kvvm_logo.jpg HTTP/1.1" 200 4763 "-" "Mozilla/5.0 (compatible; YandexImages/3.0; +http://yandex.com/bots)"
37.140.141.19 - - [26/Sep/2012:07:28:35 +0200] "GET /hirek/090510/szuletesunnepe027_.jpg HTTP/1.1" 200 6004 "-" "Mozilla/5.0 (compatible; YandexImages/3.0; +http://yandex.com/bots)"
37.140.141.19 - - [26/Sep/2012:07:55:30 +0200] "GET /tm04_.jpg HTTP/1.1" 200 2058 "-" "Mozilla/5.0 (compatible; YandexImages/3.0; +http://yandex.com/bots)"
95.108.151.244 - - [26/Sep/2012:07:56:55 +0200] "GET /robots.txt HTTP/1.1" 404 1181 "-" "Mozilla/5.0 (compatible; YandexBot/3.0; +http://yandex.com/bots)"
95.108.151.244 - - [26/Sep/2012:07:56:56 +0200] "GET / HTTP/1.1" 200 23778 "-" "Mozilla/5.0 (compatible; YandexBot/3.0; +http://yandex.com/bots)"
95.108.151.244 - - [26/Sep/2012:07:56:57 +0200] "GET / HTTP/1.1" 200 23778 "-" "Mozilla/5.0 (compatible; YandexBot/3.0; +http://yandex.com/bots)"
66.249.66.252 - - [26/Sep/2012:08:08:16 +0200] "GET / HTTP/1.1" 200 23778 "-" "Mozilla/5.0 (compatible; Googlebot/2.1; +http://www.google.com/bot.html)"
37.140.141.19 - - [26/Sep/2012:08:21:03 +0200] "GET /jog/img/nca_logo_.png HTTP/1.1" 200 7180 "-" "Mozilla/5.0 (compatible; YandexImages/3.0; +http://yandex.com/bots)"
37.140.141.19 - - [26/Sep/2012:08:49:11 +0200] "GET /images/norway_grants_.jpg HTTP/1.1" 200 4440 "-" "Mozilla/5.0 (compatible; YandexImages/3.0; +http://yandex.com/bots)"
37.140.141.19 - - [26/Sep/2012:09:16:09 +0200] "GET /tm04.jpg HTTP/1.1" 200 2613 "-" "Mozilla/5.0 (compatible; YandexImages/3.0; +http://yandex.com/bots)"
37.140.141.19 - - [26/Sep/2012:09:44:03 +0200] "GET /hirek/090510/szuletesunnepe043.jpg HTTP/1.1" 200 71018 "-" "Mozilla/5.0 (compatible; YandexImages/3.0; +http://yandex.com/bots)"
37.140.141.19 - - [26/Sep/2012:10:13:25 +0200] "GET /hirek/090510/szuletesunnepe021_.jpg HTTP/1.1" 200 5721 "-" "Mozilla/5.0 (compatible; YandexImages/3.0; +http://yandex.com/bots)"
37.140.141.19 - - [26/Sep/2012:10:44:14 +0200] "GET /tm06_.jpg HTTP/1.1" 200 1382 "-" "Mozilla/5.0 (compatible; YandexImages/3.0; +http://yandex.com/bots)"
37.140.141.19 - - [26/Sep/2012:11:14:54 +0200] "GET /hirek/090510/szuletesunnepe027.jpg HTTP/1.1" 200 68059 "-" "Mozilla/5.0 (compatible; YandexImages/3.0; +http://yandex.com/bots)"
157.55.33.110 - - [26/Sep/2012:11:28:59 +0200] "GET /robots.txt HTTP/1.1" 404 1181 "-" "Mozilla/5.0 (compatible; bingbot/2.0; +http://www.bing.com/bingbot.htm)"
37.140.141.19 - - [26/Sep/2012:11:44:47 +0200] "GET /hirek/090510/szuletesunnepe011_.jpg HTTP/1.1" 200 5207 "-" "Mozilla/5.0 (compatible; YandexImages/3.0; +http://yandex.com/bots)"
157.55.33.110 - - [26/Sep/2012:11:46:41 +0200] "GET /magunkrol.htm HTTP/1.1" 200 9202 "-" "Mozilla/5.0 (compatible; bingbot/2.0; +http://www.bing.com/bingbot.htm)"
208.115.113.84 - - [26/Sep/2012:12:13:44 +0200] "GET /robots.txt HTTP/1.1" 404 1181 "-" "Mozilla/5.0 (compatible; Ezooms/1.0; ezooms.bot@gmail.com)"
37.140.141.19 - - [26/Sep/2012:12:13:53 +0200] "GET /hirek/090510/szuletesunnepe065.jpg HTTP/1.1" 200 57867 "-" "Mozilla/5.0 (compatible; YandexImages/3.0; +http://yandex.com/bots)"
37.140.141.19 - - [26/Sep/2012:12:46:00 +0200] "GET /hirek/090510/szuletesunnepe051.jpg HTTP/1.1" 200 64827 "-" "Mozilla/5.0 (compatible; YandexImages/3.0; +http://yandex.com/bots)"
37.140.141.19 - - [26/Sep/2012:13:15:43 +0200] "GET /hirek/090510/szuletesunnepe078.jpg HTTP/1.1" 200 56868 "-" "Mozilla/5.0 (compatible; YandexImages/3.0; +http://yandex.com/bots)"
37.140.141.19 - - [26/Sep/2012:13:48:55 +0200] "GET /hirek/090510/szuletesunnepe078_.jpg HTTP/1.1" 200 5170 "-" "Mozilla/5.0 (compatible; YandexImages/3.0; +http://yandex.com/bots)"
37.140.141.19 - - [26/Sep/2012:14:19:43 +0200] "GET /tm03_.jpg HTTP/1.1" 200 1787 "-" "Mozilla/5.0 (compatible; YandexImages/3.0; +http://yandex.com/bots)"
157.55.33.110 - - [26/Sep/2012:14:22:11 +0200] "GET /robots.txt HTTP/1.1" 404 1181 "-" "Mozilla/5.0 (compatible; bingbot/2.0; +http://www.bing.com/bingbot.htm)"
157.55.33.110 - - [26/Sep/2012:14:24:22 +0200] "GET / HTTP/1.1" 304 - "-" "Mozilla/5.0 (compatible; bingbot/2.0; +http://www.bing.com/bingbot.htm)"
208.115.113.84 - - [26/Sep/2012:14:24:37 +0200] "GET /jog/adathozzaferes.htm HTTP/1.1" 200 13800 "-" "Mozilla/5.0 (compatible; Ezooms/1.0; ezooms.bot@gmail.com)"
208.115.113.84 - - [26/Sep/2012:14:24:37 +0200] "GET /media.htm HTTP/1.1" 200 5208 "-" "Mozilla/5.0 (compatible; Ezooms/1.0; ezooms.bot@gmail.com)"
37.140.141.19 - - [26/Sep/2012:14:53:18 +0200] "GET /hirek/090510/szuletesunnepe051_.jpg HTTP/1.1" 200 5497 "-" "Mozilla/5.0 (compatible; YandexImages/3.0; +http://yandex.com/bots)"
37.140.141.19 - - [26/Sep/2012:15:22:38 +0200] "GET /images/autonomia_.jpg HTTP/1.1" 200 14792 "-" "Mozilla/5.0 (compatible; YandexImages/3.0; +http://yandex.com/bots)"
37.140.141.19 - - [26/Sep/2012:15:51:31 +0200] "GET /hirek/090510/szuletesunnepe050.jpg HTTP/1.1" 200 61039 "-" "Mozilla/5.0 (compatible; YandexImages/3.0; +http://yandex.com/bots)"
37.140.141.19 - - [26/Sep/2012:16:28:54 +0200] "GET /hirek/090510/szuletesunnepe090.jpg HTTP/1.1" 200 48650 "-" "Mozilla/5.0 (compatible; YandexImages/3.0; +http://yandex.com/bots)"
37.140.141.19 - - [26/Sep/2012:17:06:52 +0200] "GET /tm07.jpg HTTP/1.1" 200 1007 "-" "Mozilla/5.0 (compatible; YandexImages/3.0; +http://yandex.com/bots)"
37.140.141.19 - - [26/Sep/2012:17:43:49 +0200] "GET /deutsch/d01.jpg HTTP/1.1" 200 1357 "-" "Mozilla/5.0 (compatible; YandexImages/3.0; +http://yandex.com/bots)"
208.115.111.68 - - [26/Sep/2012:18:07:03 +0200] "GET /robots.txt HTTP/1.1" 404 1181 "-" "Mozilla/5.0 (compatible; Ezooms/1.0; ezooms.bot@gmail.com)"
95.108.151.244 - - [26/Sep/2012:18:17:45 +0200] "GET /robots.txt HTTP/1.1" 404 1181 "-" "Mozilla/5.0 (compatible; YandexBot/3.0; +http://yandex.com/bots)"
95.108.151.244 - - [26/Sep/2012:18:17:46 +0200] "GET / HTTP/1.1" 200 23778 "-" "Mozilla/5.0 (compatible; YandexBot/3.0; +http://yandex.com/bots)"
95.108.151.244 - - [26/Sep/2012:18:17:47 +0200] "GET / HTTP/1.1" 200 23778 "-" "Mozilla/5.0 (compatible; YandexBot/3.0; +http://yandex.com/bots)"
37.140.141.19 - - [26/Sep/2012:18:22:43 +0200] "GET /deutsch/d02.jpg HTTP/1.1" 200 1339 "-" "Mozilla/5.0 (compatible; YandexImages/3.0; +http://yandex.com/bots)"
139.18.2.17 - - [26/Sep/2012:18:41:49 +0200] "GET /jog/zoldombudsman.htm HTTP/1.1" 200 13369 "-" "findlinks/2.6 (+http://wortschatz.uni-leipzig.de/findlinks/)"
37.140.141.19 - - [26/Sep/2012:19:01:19 +0200] "GET /english/e02.jpg HTTP/1.1" 200 1349 "-" "Mozilla/5.0 (compatible; YandexImages/3.0; +http://yandex.com/bots)"
180.76.6.224 - - [26/Sep/2012:19:31:06 +0200] "GET /fiok/program_reszek/taborok.htm HTTP/1.1" 200 23942 "-" "Mozilla/5.0 (compatible; Baiduspider/2.0; +http://www.baidu.com/search/spider.html)"
37.140.141.19 - - [26/Sep/2012:19:42:23 +0200] "GET /hirek/090510/szuletesunnepe055.jpg HTTP/1.1" 200 75954 "-" "Mozilla/5.0 (compatible; YandexImages/3.0; +http://yandex.com/bots)"
208.115.113.84 - - [26/Sep/2012:20:13:14 +0200] "GET /robots.txt HTTP/1.1" 404 1181 "-" "Mozilla/5.0 (compatible; Ezooms/1.0; ezooms.bot@gmail.com)"
37.140.141.19 - - [26/Sep/2012:20:20:06 +0200] "GET /hirek/090510/szuletesunnepe065_.jpg HTTP/1.1" 200 5503 "-" "Mozilla/5.0 (compatible; YandexImages/3.0; +http://yandex.com/bots)"
37.140.141.19 - - [26/Sep/2012:20:58:12 +0200] "GET /jog_honlap_.jpg HTTP/1.1" 200 7186 "-" "Mozilla/5.0 (compatible; YandexImages/3.0; +http://yandex.com/bots)"
208.115.111.68 - - [26/Sep/2012:21:04:35 +0200] "GET /hirek08_12.htm HTTP/1.1" 200 8268 "-" "Mozilla/5.0 (compatible; Ezooms/1.0; ezooms.bot@gmail.com)"
66.249.66.252 - - [26/Sep/2012:21:05:07 +0200] "GET /robots.txt HTTP/1.1" 404 1181 "-" "Mozilla/5.0 (compatible; Googlebot/2.1; +http://www.google.com/bot.html)"
66.249.66.252 - - [26/Sep/2012:21:05:07 +0200] "GET / HTTP/1.1" 200 23778 "-" "Mozilla/5.0 (iPhone; U; CPU iPhone OS 4_1 like Mac OS X; en-us) AppleWebKit/532.9 (KHTML, like Gecko) Version/4.0.5 Mobile/8B117 Safari/6531.22.7 (compatible; Googlebot-Mobile/2.1; +http://www.google.com/bot.html)"
66.249.66.252 - - [26/Sep/2012:21:33:09 +0200] "GET /vill.cs HTTP/1.1" 200 2676 "-" "Mozilla/5.0 (compatible; Googlebot/2.1; +http://www.google.com/bot.html)"
37.140.141.19 - - [26/Sep/2012:21:34:56 +0200] "GET /images/magyar_cimer1.jpg HTTP/1.1" 200 3874 "-" "Mozilla/5.0 (compatible; YandexImages/3.0; +http://yandex.com/bots)"
180.76.5.52 - - [26/Sep/2012:21:52:38 +0200] "GET /robots.txt HTTP/1.1" 404 1181 "-" "Mozilla/5.0 (compatible; Baiduspider/2.0; +http://www.baidu.com/search/spider.html)"
208.115.111.68 - - [26/Sep/2012:22:08:29 +0200] "GET /robots.txt HTTP/1.1" 404 1181 "-" "Mozilla/5.0 (compatible; Ezooms/1.0; ezooms.bot@gmail.com)"
37.140.141.19 - - [26/Sep/2012:22:11:09 +0200] "GET /hirek/090510/szuletesunnepe037_.jpg HTTP/1.1" 200 5702 "-" "Mozilla/5.0 (compatible; YandexImages/3.0; +http://yandex.com/bots)"
208.115.113.84 - - [26/Sep/2012:22:20:52 +0200] "GET /ncta_a.htm HTTP/1.1" 200 7260 "-" "Mozilla/5.0 (compatible; Ezooms/1.0; ezooms.bot@gmail.com)"
139.18.2.17 - - [26/Sep/2012:22:25:27 +0200] "GET /nka.htm HTTP/1.1" 200 6221 "-" "findlinks/2.6 (+http://wortschatz.uni-leipzig.de/findlinks/)"
79.120.147.144 - - [26/Sep/2012:22:26:16 +0200] "GET / HTTP/1.1" 200 23778 "http://www.google.hu/search?sourceid=chrome&ie=UTF-8&q=Beklen+a+Nagykuns%C3%A1gi+Civil+T%C3%A1rsadalom%C3%A9rt+Alap%C3%ADtv%C3%A1ny" "Mozilla/5.0 (Windows NT 6.2; WOW64) AppleWebKit/535.19 (KHTML, like Gecko) Chrome/18.0.1025.152 Safari/535.19 CoolNovo/2.0.3.55"
79.120.147.144 - - [26/Sep/2012:22:26:16 +0200] "GET /vill.cs HTTP/1.1" 200 2676 "http://www.beklen.hu/" "Mozilla/5.0 (Windows NT 6.2; WOW64) AppleWebKit/535.19 (KHTML, like Gecko) Chrome/18.0.1025.152 Safari/535.19 CoolNovo/2.0.3.55"
79.120.147.144 - - [26/Sep/2012:22:26:16 +0200] "GET /lb/css/lightbox.css HTTP/1.1" 200 1715 "http://www.beklen.hu/" "Mozilla/5.0 (Windows NT 6.2; WOW64) AppleWebKit/535.19 (KHTML, like Gecko) Chrome/18.0.1025.152 Safari/535.19 CoolNovo/2.0.3.55"
79.120.147.144 - - [26/Sep/2012:22:26:16 +0200] "GET /lb/js/lightbox.js HTTP/1.1" 200 23424 "http://www.beklen.hu/" "Mozilla/5.0 (Windows NT 6.2; WOW64) AppleWebKit/535.19 (KHTML, like Gecko) Chrome/18.0.1025.152 Safari/535.19 CoolNovo/2.0.3.55"
79.120.147.144 - - [26/Sep/2012:22:26:16 +0200] "GET /lb/js/scriptaculous.js?load=effects HTTP/1.1" 200 2152 "http://www.beklen.hu/" "Mozilla/5.0 (Windows NT 6.2; WOW64) AppleWebKit/535.19 (KHTML, like Gecko) Chrome/18.0.1025.152 Safari/535.19 CoolNovo/2.0.3.55"
79.120.147.144 - - [26/Sep/2012:22:26:16 +0200] "GET /lb/js/prototype.js HTTP/1.1" 200 47603 "http://www.beklen.hu/" "Mozilla/5.0 (Windows NT 6.2; WOW64) AppleWebKit/535.19 (KHTML, like Gecko) Chrome/18.0.1025.152 Safari/535.19 CoolNovo/2.0.3.55"
79.120.147.144 - - [26/Sep/2012:22:26:16 +0200] "GET /lb/js/effects.js HTTP/1.1" 200 31969 "http://www.beklen.hu/" "Mozilla/5.0 (Windows NT 6.2; WOW64) AppleWebKit/535.19 (KHTML, like Gecko) Chrome/18.0.1025.152 Safari/535.19 CoolNovo/2.0.3.55"
79.120.147.144 - - [26/Sep/2012:22:26:17 +0200] "GET /bg.jpg HTTP/1.1" 200 566 "http://www.beklen.hu/" "Mozilla/5.0 (Windows NT 6.2; WOW64) AppleWebKit/535.19 (KHTML, like Gecko) Chrome/18.0.1025.152 Safari/535.19 CoolNovo/2.0.3.55"
