79.172.242.139 - - [13/Sep/2012:00:45:31 +0200] "GET /ncta_a.htm HTTP/1.1" 200 7260 "-" "Java/1.6.0_04"
79.172.242.139 - - [13/Sep/2012:00:45:31 +0200] "GET /&url=civilmuhely.htm HTTP/1.1" 404 1181 "-" "Java/1.6.0_04"
79.172.242.139 - - [13/Sep/2012:00:45:31 +0200] "GET /&url=magunkrol.htm HTTP/1.1" 404 1181 "-" "Java/1.6.0_04"
79.172.242.139 - - [13/Sep/2012:00:45:31 +0200] "GET /nca04.htm HTTP/1.1" 200 16378 "-" "Java/1.6.0_04"
79.172.242.139 - - [13/Sep/2012:00:45:32 +0200] "GET /nca05.htm HTTP/1.1" 200 16412 "-" "Java/1.6.0_04"
79.172.242.139 - - [13/Sep/2012:00:45:32 +0200] "GET /nca06.htm HTTP/1.1" 200 19034 "-" "Java/1.6.0_04"
79.172.242.139 - - [13/Sep/2012:00:45:32 +0200] "GET /nca07.htm HTTP/1.1" 200 21968 "-" "Java/1.6.0_04"
79.172.242.139 - - [13/Sep/2012:00:45:32 +0200] "GET /nca08.htm HTTP/1.1" 200 21795 "-" "Java/1.6.0_04"
79.172.242.139 - - [13/Sep/2012:00:45:33 +0200] "GET /nca09.htm HTTP/1.1" 200 24315 "-" "Java/1.6.0_04"
79.172.242.139 - - [13/Sep/2012:00:45:33 +0200] "GET /nca10.htm HTTP/1.1" 200 16648 "-" "Java/1.6.0_04"
79.172.242.139 - - [13/Sep/2012:00:45:33 +0200] "GET /nca11.htm HTTP/1.1" 200 7133 "-" "Java/1.6.0_04"
79.172.242.139 - - [13/Sep/2012:00:45:33 +0200] "GET /kiadvanyok.htm HTTP/1.1" 200 8206 "-" "Java/1.6.0_04"
79.172.242.139 - - [13/Sep/2012:00:45:34 +0200] "GET /deutsch/index.htm HTTP/1.1" 200 5324 "-" "Java/1.6.0_04"
79.172.242.139 - - [13/Sep/2012:00:45:34 +0200] "GET /english/index.htm HTTP/1.1" 200 5262 "-" "Java/1.6.0_04"
79.172.242.139 - - [13/Sep/2012:00:45:34 +0200] "GET /fiok/index.html HTTP/1.1" 200 20554 "-" "Java/1.6.0_04"
79.172.242.139 - - [13/Sep/2012:00:45:34 +0200] "GET /hirek/hirek091015.htm HTTP/1.1" 200 7046 "-" "Java/1.6.0_04"
79.172.242.139 - - [13/Sep/2012:00:45:35 +0200] "GET /hirek/hirek091102.htm HTTP/1.1" 200 8538 "-" "Java/1.6.0_04"
79.172.242.139 - - [13/Sep/2012:00:45:35 +0200] "GET /hirek/hirek091103.htm HTTP/1.1" 200 7301 "-" "Java/1.6.0_04"
79.172.242.139 - - [13/Sep/2012:00:45:35 +0200] "GET /hirek/hirek091221.htm HTTP/1.1" 200 6740 "-" "Java/1.6.0_04"
79.172.242.139 - - [13/Sep/2012:00:45:35 +0200] "GET /hirek/hirek100225.htm HTTP/1.1" 200 7288 "-" "Java/1.6.0_04"
208.115.111.68 - - [13/Sep/2012:01:57:24 +0200] "GET /robots.txt HTTP/1.1" 404 1181 "-" "Mozilla/5.0 (compatible; Ezooms/1.0; ezooms.bot@gmail.com)"
77.20.5.126 - - [13/Sep/2012:02:12:53 +0200] "GET /jog/eljaraskezd.htm HTTP/1.1" 200 13730 "-" "findlinks/2.0.2 (+http://wortschatz.uni-leipzig.de/findlinks/)"
77.20.5.126 - - [13/Sep/2012:02:41:46 +0200] "GET /jog/publikaciok.htm HTTP/1.1" 200 17866 "-" "findlinks/2.0.2 (+http://wortschatz.uni-leipzig.de/findlinks/)"
208.115.113.84 - - [13/Sep/2012:02:42:09 +0200] "GET /hirek/hirek100810.htm HTTP/1.1" 200 8123 "-" "Mozilla/5.0 (compatible; Ezooms/1.0; ezooms.bot@gmail.com)"
208.115.111.68 - - [13/Sep/2012:03:28:10 +0200] "GET /hirek/hirek120207.htm HTTP/1.1" 200 6586 "-" "Mozilla/5.0 (compatible; Ezooms/1.0; ezooms.bot@gmail.com)"
180.76.5.175 - - [13/Sep/2012:03:43:27 +0200] "GET /fiok/program_reszek/lovaglas.htm HTTP/1.1" 304 - "-" "Mozilla/5.0 (compatible; Baiduspider/2.0; +http://www.baidu.com/search/spider.html)"
178.154.210.252 - - [13/Sep/2012:07:37:38 +0200] "GET /hirek/Microsoft%20Word%20-%20csongradi%20duzzaszto%20velemeny%202009.06.11..doc.pdf HTTP/1.1" 304 - "-" "Mozilla/5.0 (compatible; YandexBot/3.0; +http://yandex.com/bots)"
178.154.210.252 - - [13/Sep/2012:08:35:50 +0200] "GET /kapcsolat.htm HTTP/1.1" 200 6889 "-" "Mozilla/5.0 (compatible; YandexBot/3.0; +http://yandex.com/bots)"
178.154.210.252 - - [13/Sep/2012:09:51:40 +0200] "GET /deutsch/index.htm HTTP/1.1" 200 5324 "-" "Mozilla/5.0 (compatible; YandexBot/3.0; +http://yandex.com/bots)"
157.56.93.194 - - [13/Sep/2012:10:22:06 +0200] "GET /robots.txt HTTP/1.1" 404 1181 "-" "Mozilla/5.0 (compatible; bingbot/2.0; +http://www.bing.com/bingbot.htm)"
157.56.93.194 - - [13/Sep/2012:10:34:57 +0200] "GET /jog/rendorsegifeljelentes.htm HTTP/1.1" 200 13536 "-" "Mozilla/5.0 (compatible; bingbot/2.0; +http://www.bing.com/bingbot.htm)"
178.154.210.252 - - [13/Sep/2012:10:44:51 +0200] "GET /hirek/hirek101213.htm HTTP/1.1" 304 - "-" "Mozilla/5.0 (compatible; YandexBot/3.0; +http://yandex.com/bots)"
178.154.210.252 - - [13/Sep/2012:10:44:53 +0200] "GET /fiok HTTP/1.1" 301 312 "-" "Mozilla/5.0 (compatible; YandexBot/3.0; +http://yandex.com/bots)"
178.154.210.252 - - [13/Sep/2012:10:49:17 +0200] "GET /magunkrol.htm HTTP/1.1" 200 9202 "-" "Mozilla/5.0 (compatible; YandexBot/3.0; +http://yandex.com/bots)"
178.154.210.252 - - [13/Sep/2012:10:49:20 +0200] "GET /hirek/hirek120120.htm HTTP/1.1" 304 - "-" "Mozilla/5.0 (compatible; YandexBot/3.0; +http://yandex.com/bots)"
178.154.210.252 - - [13/Sep/2012:10:49:22 +0200] "GET /fiok/ HTTP/1.1" 200 20554 "-" "Mozilla/5.0 (compatible; YandexBot/3.0; +http://yandex.com/bots)"
66.249.66.60 - - [13/Sep/2012:10:57:13 +0200] "GET /robots.txt HTTP/1.1" 404 1181 "-" "Mozilla/5.0 (compatible; Googlebot/2.1; +http://www.google.com/bot.html)"
66.249.66.60 - - [13/Sep/2012:10:57:14 +0200] "GET /jog/jogszabalyok/onkormanyzati.pdf HTTP/1.1" 200 231668 "-" "Mozilla/5.0 (compatible; Googlebot/2.1; +http://www.google.com/bot.html)"
91.137.131.45 - - [13/Sep/2012:11:27:38 +0200] "GET / HTTP/1.1" 200 23778 "http://www.nimfea.hu/tagszervezeteink/index.htm" "Mozilla/5.0 (Windows NT 6.1; rv:15.0) Gecko/20100101 Firefox/15.0.1"
91.137.131.45 - - [13/Sep/2012:11:27:38 +0200] "GET /vill.cs HTTP/1.1" 200 2676 "http://www.beklen.hu/" "Mozilla/5.0 (Windows NT 6.1; rv:15.0) Gecko/20100101 Firefox/15.0.1"
91.137.131.45 - - [13/Sep/2012:11:27:38 +0200] "GET /lb/js/scriptaculous.js?load=effects HTTP/1.1" 200 2152 "http://www.beklen.hu/" "Mozilla/5.0 (Windows NT 6.1; rv:15.0) Gecko/20100101 Firefox/15.0.1"
91.137.131.45 - - [13/Sep/2012:11:27:38 +0200] "GET /lb/css/lightbox.css HTTP/1.1" 200 1715 "http://www.beklen.hu/" "Mozilla/5.0 (Windows NT 6.1; rv:15.0) Gecko/20100101 Firefox/15.0.1"
91.137.131.45 - - [13/Sep/2012:11:27:38 +0200] "GET /lb/js/lightbox.js HTTP/1.1" 200 23424 "http://www.beklen.hu/" "Mozilla/5.0 (Windows NT 6.1; rv:15.0) Gecko/20100101 Firefox/15.0.1"
91.137.131.45 - - [13/Sep/2012:11:27:38 +0200] "GET /tm01.jpg HTTP/1.1" 200 1080 "http://www.beklen.hu/" "Mozilla/5.0 (Windows NT 6.1; rv:15.0) Gecko/20100101 Firefox/15.0.1"
91.137.131.45 - - [13/Sep/2012:11:27:38 +0200] "GET /tm02.jpg HTTP/1.1" 200 1873 "http://www.beklen.hu/" "Mozilla/5.0 (Windows NT 6.1; rv:15.0) Gecko/20100101 Firefox/15.0.1"
91.137.131.45 - - [13/Sep/2012:11:27:38 +0200] "GET /tm03_.jpg HTTP/1.1" 200 1787 "http://www.beklen.hu/" "Mozilla/5.0 (Windows NT 6.1; rv:15.0) Gecko/20100101 Firefox/15.0.1"
91.137.131.45 - - [13/Sep/2012:11:27:38 +0200] "GET /tm04_.jpg HTTP/1.1" 200 2058 "http://www.beklen.hu/" "Mozilla/5.0 (Windows NT 6.1; rv:15.0) Gecko/20100101 Firefox/15.0.1"
91.137.131.45 - - [13/Sep/2012:11:27:38 +0200] "GET /tm05_.jpg HTTP/1.1" 200 1839 "http://www.beklen.hu/" "Mozilla/5.0 (Windows NT 6.1; rv:15.0) Gecko/20100101 Firefox/15.0.1"
91.137.131.45 - - [13/Sep/2012:11:27:39 +0200] "GET /tm06_.jpg HTTP/1.1" 200 1382 "http://www.beklen.hu/" "Mozilla/5.0 (Windows NT 6.1; rv:15.0) Gecko/20100101 Firefox/15.0.1"
91.137.131.45 - - [13/Sep/2012:11:27:39 +0200] "GET /tm07.jpg HTTP/1.1" 200 1007 "http://www.beklen.hu/" "Mozilla/5.0 (Windows NT 6.1; rv:15.0) Gecko/20100101 Firefox/15.0.1"
91.137.131.45 - - [13/Sep/2012:11:27:39 +0200] "GET /a1_projekt_tabla_infra_cs3_beklenhaz_.jpg HTTP/1.1" 200 8994 "http://www.beklen.hu/" "Mozilla/5.0 (Windows NT 6.1; rv:15.0) Gecko/20100101 Firefox/15.0.1"
91.137.131.45 - - [13/Sep/2012:11:27:39 +0200] "GET /jog_honlap_.jpg HTTP/1.1" 200 7186 "http://www.beklen.hu/" "Mozilla/5.0 (Windows NT 6.1; rv:15.0) Gecko/20100101 Firefox/15.0.1"
91.137.131.45 - - [13/Sep/2012:11:27:39 +0200] "GET /lb/js/prototype.js HTTP/1.1" 200 47603 "http://www.beklen.hu/" "Mozilla/5.0 (Windows NT 6.1; rv:15.0) Gecko/20100101 Firefox/15.0.1"
91.137.131.45 - - [13/Sep/2012:11:27:39 +0200] "GET /lb/js/effects.js HTTP/1.1" 200 31969 "http://www.beklen.hu/" "Mozilla/5.0 (Windows NT 6.1; rv:15.0) Gecko/20100101 Firefox/15.0.1"
91.137.131.45 - - [13/Sep/2012:11:27:39 +0200] "GET /bg.jpg HTTP/1.1" 200 566 "http://www.beklen.hu/" "Mozilla/5.0 (Windows NT 6.1; rv:15.0) Gecko/20100101 Firefox/15.0.1"
91.137.131.45 - - [13/Sep/2012:11:27:39 +0200] "GET /bottom_main.jpg HTTP/1.1" 200 96820 "http://www.beklen.hu/vill.cs" "Mozilla/5.0 (Windows NT 6.1; rv:15.0) Gecko/20100101 Firefox/15.0.1"
91.137.131.45 - - [13/Sep/2012:11:27:48 +0200] "GET /nimfea_project_250x250.gif HTTP/1.1" 200 2986583 "http://www.beklen.hu/" "Mozilla/5.0 (Windows NT 6.1; rv:15.0) Gecko/20100101 Firefox/15.0.1"
91.137.131.45 - - [13/Sep/2012:11:27:49 +0200] "GET /tm04.jpg HTTP/1.1" 200 2613 "http://www.beklen.hu/" "Mozilla/5.0 (Windows NT 6.1; rv:15.0) Gecko/20100101 Firefox/15.0.1"
91.137.131.45 - - [13/Sep/2012:11:27:49 +0200] "GET /lb/images/closelabel.gif HTTP/1.1" 200 222 "http://www.beklen.hu/" "Mozilla/5.0 (Windows NT 6.1; rv:15.0) Gecko/20100101 Firefox/15.0.1"
91.137.131.45 - - [13/Sep/2012:11:27:49 +0200] "GET /tm02_.jpg HTTP/1.1" 200 1524 "http://www.beklen.hu/" "Mozilla/5.0 (Windows NT 6.1; rv:15.0) Gecko/20100101 Firefox/15.0.1"
91.137.131.45 - - [13/Sep/2012:11:27:49 +0200] "GET /tm05.jpg HTTP/1.1" 200 2253 "http://www.beklen.hu/" "Mozilla/5.0 (Windows NT 6.1; rv:15.0) Gecko/20100101 Firefox/15.0.1"
91.137.131.45 - - [13/Sep/2012:11:27:49 +0200] "GET /lb/images/loading.gif HTTP/1.1" 200 2767 "http://www.beklen.hu/" "Mozilla/5.0 (Windows NT 6.1; rv:15.0) Gecko/20100101 Firefox/15.0.1"
91.137.131.45 - - [13/Sep/2012:11:27:49 +0200] "GET /tm06.jpg HTTP/1.1" 200 1651 "http://www.beklen.hu/" "Mozilla/5.0 (Windows NT 6.1; rv:15.0) Gecko/20100101 Firefox/15.0.1"
91.137.131.45 - - [13/Sep/2012:11:27:49 +0200] "GET /tm03.jpg HTTP/1.1" 200 2212 "http://www.beklen.hu/" "Mozilla/5.0 (Windows NT 6.1; rv:15.0) Gecko/20100101 Firefox/15.0.1"
91.137.131.45 - - [13/Sep/2012:11:27:49 +0200] "GET /favicon.ico HTTP/1.1" 404 1181 "-" "Mozilla/5.0 (Windows NT 6.1; rv:15.0) Gecko/20100101 Firefox/15.0.1"
91.137.131.45 - - [13/Sep/2012:11:27:49 +0200] "GET /favicon.ico HTTP/1.1" 404 1181 "-" "Mozilla/5.0 (Windows NT 6.1; rv:15.0) Gecko/20100101 Firefox/15.0.1"
77.20.5.126 - - [13/Sep/2012:12:45:47 +0200] "GET /jog/slapp.htm HTTP/1.1" 200 21314 "-" "findlinks/2.0.2 (+http://wortschatz.uni-leipzig.de/findlinks/)"
66.249.66.60 - - [13/Sep/2012:12:47:18 +0200] "GET /nca05.htm HTTP/1.1" 200 16412 "-" "Mozilla/5.0 (compatible; Googlebot/2.1; +http://www.google.com/bot.html)"
178.154.210.252 - - [13/Sep/2012:13:17:29 +0200] "GET /hirarchivum.htm HTTP/1.1" 200 24981 "-" "Mozilla/5.0 (compatible; YandexBot/3.0; +http://yandex.com/bots)"
66.249.66.60 - - [13/Sep/2012:13:22:05 +0200] "GET /jog/eseteink/derekegyhaza/ugyeszseg_1.pdf HTTP/1.1" 304 - "-" "Mozilla/5.0 (compatible; Googlebot/2.1; +http://www.google.com/bot.html)"
66.249.66.60 - - [13/Sep/2012:14:00:01 +0200] "GET /hirek/hirek090215.htm HTTP/1.1" 200 9398 "-" "Mozilla/5.0 (compatible; Googlebot/2.1; +http://www.google.com/bot.html)"
66.249.66.60 - - [13/Sep/2012:14:14:50 +0200] "GET /jog/pub/szoro.pdf HTTP/1.1" 304 - "-" "Mozilla/5.0 (compatible; Googlebot/2.1; +http://www.google.com/bot.html)"
81.202.218.106 - - [13/Sep/2012:14:24:44 +0200] "GET / HTTP/1.1" 200 23778 "-" "Java/1.6.0_20"
81.202.218.106 - - [13/Sep/2012:14:24:45 +0200] "GET /hirarchivum.htm HTTP/1.1" 200 24981 "-" "Java/1.6.0_20"
81.202.218.106 - - [13/Sep/2012:14:24:45 +0200] "GET /index.htm HTTP/1.1" 200 23778 "-" "Java/1.6.0_20"
81.202.218.106 - - [13/Sep/2012:14:24:45 +0200] "GET /kapcsolat.htm HTTP/1.1" 200 6889 "-" "Java/1.6.0_20"
81.202.218.106 - - [13/Sep/2012:14:24:45 +0200] "GET /magunkrol.htm HTTP/1.1" 200 9202 "-" "Java/1.6.0_20"
81.202.218.106 - - [13/Sep/2012:14:24:45 +0200] "GET /media.htm HTTP/1.1" 200 5208 "-" "Java/1.6.0_20"
81.202.218.106 - - [13/Sep/2012:14:24:46 +0200] "GET /programok.htm HTTP/1.1" 200 6444 "-" "Java/1.6.0_20"
81.202.218.106 - - [13/Sep/2012:14:24:46 +0200] "GET /vill.cs HTTP/1.1" 200 2676 "-" "Java/1.6.0_20"
81.202.218.106 - - [13/Sep/2012:14:24:46 +0200] "GET /hirek08_10.htm HTTP/1.1" 200 6946 "-" "Java/1.6.0_20"
81.202.218.106 - - [13/Sep/2012:14:24:46 +0200] "GET /hirek08_11.htm HTTP/1.1" 200 7253 "-" "Java/1.6.0_20"
81.202.218.106 - - [13/Sep/2012:14:24:46 +0200] "GET /hirek08_12.htm HTTP/1.1" 200 8268 "-" "Java/1.6.0_20"
81.202.218.106 - - [13/Sep/2012:14:24:46 +0200] "GET /hirek09_01.htm HTTP/1.1" 200 6841 "-" "Java/1.6.0_20"
81.202.218.106 - - [13/Sep/2012:14:24:46 +0200] "GET /hirek09_02.htm HTTP/1.1" 200 7450 "-" "Java/1.6.0_20"
81.202.218.106 - - [13/Sep/2012:14:24:47 +0200] "GET /hirek09_03.htm HTTP/1.1" 200 10726 "-" "Java/1.6.0_20"
81.202.218.106 - - [13/Sep/2012:14:24:47 +0200] "GET /&url=kapcsolat.htm HTTP/1.1" 404 1181 "-" "Java/1.6.0_20"
81.202.218.106 - - [13/Sep/2012:14:24:47 +0200] "GET /&url=programok.htm HTTP/1.1" 404 1181 "-" "Java/1.6.0_20"
81.202.218.106 - - [13/Sep/2012:14:24:47 +0200] "GET /&url=adomanyi.htm HTTP/1.1" 404 1181 "-" "Java/1.6.0_20"
81.202.218.106 - - [13/Sep/2012:14:24:48 +0200] "GET /bunt.htm HTTP/1.1" 200 5683 "-" "Java/1.6.0_20"
81.202.218.106 - - [13/Sep/2012:14:24:48 +0200] "GET /civilmuhely.htm HTTP/1.1" 200 8450 "-" "Java/1.6.0_20"
81.202.218.106 - - [13/Sep/2012:14:24:48 +0200] "GET /khb.htm HTTP/1.1" 200 8719 "-" "Java/1.6.0_20"
81.202.218.106 - - [13/Sep/2012:14:24:48 +0200] "GET /nca.htm HTTP/1.1" 200 7467 "-" "Java/1.6.0_20"
81.202.218.106 - - [13/Sep/2012:14:24:48 +0200] "GET /ncta.htm HTTP/1.1" 200 7221 "-" "Java/1.6.0_20"
81.202.218.106 - - [13/Sep/2012:14:24:49 +0200] "GET /nka.htm HTTP/1.1" 200 6221 "-" "Java/1.6.0_20"
81.202.218.106 - - [13/Sep/2012:14:24:49 +0200] "GET /szakmai.htm HTTP/1.1" 200 6054 "-" "Java/1.6.0_20"
81.202.218.106 - - [13/Sep/2012:14:24:50 +0200] "GET /ncta_a.htm HTTP/1.1" 200 7260 "-" "Java/1.6.0_20"
81.202.218.106 - - [13/Sep/2012:14:24:50 +0200] "GET /&url=civilmuhely.htm HTTP/1.1" 404 1181 "-" "Java/1.6.0_20"
81.202.218.106 - - [13/Sep/2012:14:24:50 +0200] "GET /&url=magunkrol.htm HTTP/1.1" 404 1181 "-" "Java/1.6.0_20"
81.202.218.106 - - [13/Sep/2012:14:24:50 +0200] "GET /nca04.htm HTTP/1.1" 200 16378 "-" "Java/1.6.0_20"
81.202.218.106 - - [13/Sep/2012:14:24:51 +0200] "GET /nca05.htm HTTP/1.1" 200 16412 "-" "Java/1.6.0_20"
81.202.218.106 - - [13/Sep/2012:14:24:51 +0200] "GET /nca06.htm HTTP/1.1" 200 19034 "-" "Java/1.6.0_20"
81.202.218.106 - - [13/Sep/2012:14:24:52 +0200] "GET /nca07.htm HTTP/1.1" 200 21968 "-" "Java/1.6.0_20"
81.202.218.106 - - [13/Sep/2012:14:24:52 +0200] "GET /nca08.htm HTTP/1.1" 200 21795 "-" "Java/1.6.0_20"
81.202.218.106 - - [13/Sep/2012:14:24:53 +0200] "GET /nca09.htm HTTP/1.1" 200 24315 "-" "Java/1.6.0_20"
81.202.218.106 - - [13/Sep/2012:14:24:53 +0200] "GET /nca10.htm HTTP/1.1" 200 16648 "-" "Java/1.6.0_20"
81.202.218.106 - - [13/Sep/2012:14:24:53 +0200] "GET /nca11.htm HTTP/1.1" 200 7133 "-" "Java/1.6.0_20"
81.202.218.106 - - [13/Sep/2012:14:24:53 +0200] "GET /kiadvanyok.htm HTTP/1.1" 200 8206 "-" "Java/1.6.0_20"
81.202.218.106 - - [13/Sep/2012:14:24:54 +0200] "GET /deutsch/index.htm HTTP/1.1" 200 5324 "-" "Java/1.6.0_20"
81.202.218.106 - - [13/Sep/2012:14:24:54 +0200] "GET /english/index.htm HTTP/1.1" 200 5262 "-" "Java/1.6.0_20"
81.202.218.106 - - [13/Sep/2012:14:24:54 +0200] "GET /fiok/index.html HTTP/1.1" 200 20554 "-" "Java/1.6.0_20"
81.202.218.106 - - [13/Sep/2012:14:24:54 +0200] "GET /hirek/hirek091015.htm HTTP/1.1" 200 7046 "-" "Java/1.6.0_20"
81.202.218.106 - - [13/Sep/2012:14:24:54 +0200] "GET /hirek/hirek091102.htm HTTP/1.1" 200 8538 "-" "Java/1.6.0_20"
81.202.218.106 - - [13/Sep/2012:14:24:54 +0200] "GET /hirek/hirek091103.htm HTTP/1.1" 200 7301 "-" "Java/1.6.0_20"
81.202.218.106 - - [13/Sep/2012:14:24:55 +0200] "GET /hirek/hirek091221.htm HTTP/1.1" 200 6740 "-" "Java/1.6.0_20"
81.202.218.106 - - [13/Sep/2012:14:24:55 +0200] "GET /hirek/hirek100225.htm HTTP/1.1" 200 7288 "-" "Java/1.6.0_20"
66.249.66.60 - - [13/Sep/2012:14:35:32 +0200] "GET /jog/eseteink/derekegyhaza/kotvife_kekto20061116.pdf HTTP/1.1" 304 - "-" "Mozilla/5.0 (compatible; Googlebot/2.1; +http://www.google.com/bot.html)"
178.154.210.252 - - [13/Sep/2012:14:40:08 +0200] "GET /hirek/hirek120207.htm HTTP/1.1" 304 - "-" "Mozilla/5.0 (compatible; YandexBot/3.0; +http://yandex.com/bots)"
66.249.71.232 - - [13/Sep/2012:14:41:19 +0200] "GET /hirek/hirek09_03.htm HTTP/1.1" 200 10810 "-" "Mozilla/5.0 (iPhone; U; CPU iPhone OS 4_1 like Mac OS X; en-us) AppleWebKit/532.9 (KHTML, like Gecko) Version/4.0.5 Mobile/8B117 Safari/6531.22.7 (compatible; Googlebot-Mobile/2.1; +http://www.google.com/bot.html)"
66.249.66.60 - - [13/Sep/2012:14:52:46 +0200] "GET /jog/eseteink/derekegyhaza/masodfoknak.pdf HTTP/1.1" 304 - "-" "Mozilla/5.0 (compatible; Googlebot/2.1; +http://www.google.com/bot.html)"
66.249.66.60 - - [13/Sep/2012:15:02:00 +0200] "GET /jog/eseteink/derekegyhaza/kereset_level_derekegyhaza_mszh_vegleges.pdf HTTP/1.1" 304 - "-" "Mozilla/5.0 (compatible; Googlebot/2.1; +http://www.google.com/bot.html)"
66.249.66.60 - - [13/Sep/2012:15:17:16 +0200] "GET /khb/beklen_2008_kh_jelentes.pdf HTTP/1.1" 304 - "-" "Mozilla/5.0 (compatible; Googlebot/2.1; +http://www.google.com/bot.html)"
208.115.113.84 - - [13/Sep/2012:15:23:51 +0200] "GET /robots.txt HTTP/1.1" 404 1181 "-" "Mozilla/5.0 (compatible; Ezooms/1.0; ezooms.bot@gmail.com)"
66.249.66.60 - - [13/Sep/2012:15:26:41 +0200] "GET /jog/eseteink/derekegyhaza/kereset_level_kerites_mszh_vegleges.doc.pdf HTTP/1.1" 304 - "-" "Mozilla/5.0 (compatible; Googlebot/2.1; +http://www.google.com/bot.html)"
66.249.71.232 - - [13/Sep/2012:15:35:56 +0200] "GET /khb/beklen_2008_kh_jelentes.pdf HTTP/1.1" 304 - "-" "Mozilla/5.0 (compatible; Googlebot/2.1; +http://www.google.com/bot.html)"
66.249.66.60 - - [13/Sep/2012:16:08:56 +0200] "GET /jog/eseteink/derekegyhaza/tajekoztatas_keres_mszh_kozp2.pdf HTTP/1.1" 304 - "-" "Mozilla/5.0 (compatible; Googlebot/2.1; +http://www.google.com/bot.html)"
92.85.32.76 - - [13/Sep/2012:17:09:44 +0200] "GET / HTTP/1.1" 200 23778 "-" "Java/1.6.0_04"
92.85.32.76 - - [13/Sep/2012:17:09:45 +0200] "GET /hirarchivum.htm HTTP/1.1" 200 24981 "-" "Java/1.6.0_04"
92.85.32.76 - - [13/Sep/2012:17:09:45 +0200] "GET /index.htm HTTP/1.1" 200 23778 "-" "Java/1.6.0_04"
92.85.32.76 - - [13/Sep/2012:17:09:45 +0200] "GET /kapcsolat.htm HTTP/1.1" 200 6889 "-" "Java/1.6.0_04"
92.85.32.76 - - [13/Sep/2012:17:09:45 +0200] "GET /magunkrol.htm HTTP/1.1" 200 9202 "-" "Java/1.6.0_04"
92.85.32.76 - - [13/Sep/2012:17:09:46 +0200] "GET /media.htm HTTP/1.1" 200 5208 "-" "Java/1.6.0_04"
92.85.32.76 - - [13/Sep/2012:17:09:46 +0200] "GET /programok.htm HTTP/1.1" 200 6444 "-" "Java/1.6.0_04"
92.85.32.76 - - [13/Sep/2012:17:09:46 +0200] "GET /vill.cs HTTP/1.1" 200 2676 "-" "Java/1.6.0_04"
92.85.32.76 - - [13/Sep/2012:17:09:46 +0200] "GET /hirek08_10.htm HTTP/1.1" 200 6946 "-" "Java/1.6.0_04"
92.85.32.76 - - [13/Sep/2012:17:09:46 +0200] "GET /hirek08_11.htm HTTP/1.1" 200 7253 "-" "Java/1.6.0_04"
92.85.32.76 - - [13/Sep/2012:17:09:46 +0200] "GET /hirek08_12.htm HTTP/1.1" 200 8268 "-" "Java/1.6.0_04"
92.85.32.76 - - [13/Sep/2012:17:09:47 +0200] "GET /hirek09_01.htm HTTP/1.1" 200 6841 "-" "Java/1.6.0_04"
92.85.32.76 - - [13/Sep/2012:17:09:47 +0200] "GET /hirek09_02.htm HTTP/1.1" 200 7450 "-" "Java/1.6.0_04"
92.85.32.76 - - [13/Sep/2012:17:09:47 +0200] "GET /hirek09_03.htm HTTP/1.1" 200 10726 "-" "Java/1.6.0_04"
92.85.32.76 - - [13/Sep/2012:17:09:47 +0200] "GET /&url=kapcsolat.htm HTTP/1.1" 404 1181 "-" "Java/1.6.0_04"
92.85.32.76 - - [13/Sep/2012:17:09:47 +0200] "GET /&url=programok.htm HTTP/1.1" 404 1181 "-" "Java/1.6.0_04"
92.85.32.76 - - [13/Sep/2012:17:09:47 +0200] "GET /&url=adomanyi.htm HTTP/1.1" 404 1181 "-" "Java/1.6.0_04"
92.85.32.76 - - [13/Sep/2012:17:09:47 +0200] "GET /bunt.htm HTTP/1.1" 200 5683 "-" "Java/1.6.0_04"
92.85.32.76 - - [13/Sep/2012:17:09:47 +0200] "GET /civilmuhely.htm HTTP/1.1" 200 8450 "-" "Java/1.6.0_04"
92.85.32.76 - - [13/Sep/2012:17:09:48 +0200] "GET /khb.htm HTTP/1.1" 200 8719 "-" "Java/1.6.0_04"
92.85.32.76 - - [13/Sep/2012:17:09:48 +0200] "GET /nca.htm HTTP/1.1" 200 7467 "-" "Java/1.6.0_04"
92.85.32.76 - - [13/Sep/2012:17:09:48 +0200] "GET /ncta.htm HTTP/1.1" 200 7221 "-" "Java/1.6.0_04"
92.85.32.76 - - [13/Sep/2012:17:09:48 +0200] "GET /nka.htm HTTP/1.1" 200 6221 "-" "Java/1.6.0_04"
92.85.32.76 - - [13/Sep/2012:17:09:48 +0200] "GET /szakmai.htm HTTP/1.1" 200 6054 "-" "Java/1.6.0_04"
92.85.32.76 - - [13/Sep/2012:17:09:48 +0200] "GET /ncta_a.htm HTTP/1.1" 200 7260 "-" "Java/1.6.0_04"
92.85.32.76 - - [13/Sep/2012:17:09:51 +0200] "GET /&url=civilmuhely.htm HTTP/1.1" 404 1181 "-" "Java/1.6.0_04"
92.85.32.76 - - [13/Sep/2012:17:09:52 +0200] "GET /&url=magunkrol.htm HTTP/1.1" 404 1181 "-" "Java/1.6.0_04"
92.85.32.76 - - [13/Sep/2012:17:09:52 +0200] "GET /nca04.htm HTTP/1.1" 200 16378 "-" "Java/1.6.0_04"
92.85.32.76 - - [13/Sep/2012:17:09:52 +0200] "GET /nca05.htm HTTP/1.1" 200 16412 "-" "Java/1.6.0_04"
92.85.32.76 - - [13/Sep/2012:17:09:52 +0200] "GET /nca06.htm HTTP/1.1" 200 19034 "-" "Java/1.6.0_04"
92.85.32.76 - - [13/Sep/2012:17:09:52 +0200] "GET /nca07.htm HTTP/1.1" 200 21968 "-" "Java/1.6.0_04"
92.85.32.76 - - [13/Sep/2012:17:09:53 +0200] "GET /nca08.htm HTTP/1.1" 200 21795 "-" "Java/1.6.0_04"
92.85.32.76 - - [13/Sep/2012:17:09:53 +0200] "GET /nca09.htm HTTP/1.1" 200 24315 "-" "Java/1.6.0_04"
92.85.32.76 - - [13/Sep/2012:17:09:53 +0200] "GET /nca10.htm HTTP/1.1" 200 16648 "-" "Java/1.6.0_04"
92.85.32.76 - - [13/Sep/2012:17:09:53 +0200] "GET /nca11.htm HTTP/1.1" 200 7133 "-" "Java/1.6.0_04"
92.85.32.76 - - [13/Sep/2012:17:09:53 +0200] "GET /kiadvanyok.htm HTTP/1.1" 200 8206 "-" "Java/1.6.0_04"
92.85.32.76 - - [13/Sep/2012:17:09:53 +0200] "GET /deutsch/index.htm HTTP/1.1" 200 5324 "-" "Java/1.6.0_04"
92.85.32.76 - - [13/Sep/2012:17:09:54 +0200] "GET /english/index.htm HTTP/1.1" 200 5262 "-" "Java/1.6.0_04"
92.85.32.76 - - [13/Sep/2012:17:09:54 +0200] "GET /fiok/index.html HTTP/1.1" 200 20554 "-" "Java/1.6.0_04"
92.85.32.76 - - [13/Sep/2012:17:09:54 +0200] "GET /hirek/hirek091015.htm HTTP/1.1" 200 7046 "-" "Java/1.6.0_04"
92.85.32.76 - - [13/Sep/2012:17:09:54 +0200] "GET /hirek/hirek091102.htm HTTP/1.1" 200 8538 "-" "Java/1.6.0_04"
92.85.32.76 - - [13/Sep/2012:17:09:54 +0200] "GET /hirek/hirek091103.htm HTTP/1.1" 200 7301 "-" "Java/1.6.0_04"
92.85.32.76 - - [13/Sep/2012:17:09:54 +0200] "GET /hirek/hirek091221.htm HTTP/1.1" 200 6740 "-" "Java/1.6.0_04"
92.85.32.76 - - [13/Sep/2012:17:09:54 +0200] "GET /hirek/hirek100225.htm HTTP/1.1" 200 7288 "-" "Java/1.6.0_04"
208.115.113.84 - - [13/Sep/2012:18:30:56 +0200] "GET /hirek/hirek090930.htm HTTP/1.1" 200 7044 "-" "Mozilla/5.0 (compatible; Ezooms/1.0; ezooms.bot@gmail.com)"
178.154.210.252 - - [13/Sep/2012:19:26:28 +0200] "GET /robots.txt HTTP/1.1" 404 1181 "-" "Mozilla/5.0 (compatible; YandexBot/3.0; +http://yandex.com/bots)"
178.154.210.252 - - [13/Sep/2012:19:26:31 +0200] "GET /jog/index.htm HTTP/1.1" 304 - "-" "Mozilla/5.0 (compatible; YandexBot/3.0; +http://yandex.com/bots)"
180.76.5.53 - - [13/Sep/2012:20:13:31 +0200] "GET /fiok/program_reszek/taborok.htm HTTP/1.1" 200 23942 "-" "Mozilla/5.0 (compatible; Baiduspider/2.0; +http://www.baidu.com/search/spider.html)"
66.249.66.60 - - [13/Sep/2012:22:03:43 +0200] "GET /robots.txt HTTP/1.1" 404 1181 "-" "Mozilla/5.0 (compatible; Googlebot/2.1; +http://www.google.com/bot.html)"
66.249.71.232 - - [13/Sep/2012:22:03:43 +0200] "GET /jog/eseteink.htm HTTP/1.1" 200 17277 "-" "Mozilla/5.0 (iPhone; U; CPU iPhone OS 4_1 like Mac OS X; en-us) AppleWebKit/532.9 (KHTML, like Gecko) Version/4.0.5 Mobile/8B117 Safari/6531.22.7 (compatible; Googlebot-Mobile/2.1; +http://www.google.com/bot.html)"
178.154.210.252 - - [13/Sep/2012:22:06:21 +0200] "GET /hirek/hirek100420.htm HTTP/1.1" 304 - "-" "Mozilla/5.0 (compatible; YandexBot/3.0; +http://yandex.com/bots)"
178.154.210.252 - - [13/Sep/2012:22:08:07 +0200] "GET /hirek/hirek091102.htm HTTP/1.1" 304 - "-" "Mozilla/5.0 (compatible; YandexBot/3.0; +http://yandex.com/bots)"
208.115.111.68 - - [13/Sep/2012:22:18:29 +0200] "GET /robots.txt HTTP/1.1" 404 1181 "-" "Mozilla/5.0 (compatible; Ezooms/1.0; ezooms.bot@gmail.com)"
66.249.66.60 - - [14/Sep/2012:00:05:54 +0200] "GET /jog/eseteink/korosladany/dalerd%20birsag.pdf HTTP/1.1" 304 - "-" "Mozilla/5.0 (compatible; Googlebot/2.1; +http://www.google.com/bot.html)"
66.249.66.60 - - [14/Sep/2012:01:01:25 +0200] "GET /jog/eseteink/dakar/36559-10.pdf HTTP/1.1" 304 - "-" "Mozilla/5.0 (compatible; Googlebot/2.1; +http://www.google.com/bot.html)"
178.154.210.252 - - [14/Sep/2012:01:06:57 +0200] "GET /fiok/index.html HTTP/1.1" 200 20554 "-" "Mozilla/5.0 (compatible; YandexBot/3.0; +http://yandex.com/bots)"
66.249.66.60 - - [14/Sep/2012:01:24:49 +0200] "GET /jog/eseteink/kavicszatony/nimfea_fellebbezes.pdf HTTP/1.1" 304 - "-" "Mozilla/5.0 (compatible; Googlebot/2.1; +http://www.google.com/bot.html)"
180.76.5.88 - - [14/Sep/2012:01:43:25 +0200] "GET /fiok/program_reszek/taborok.htm HTTP/1.1" 200 23942 "-" "Mozilla/5.0 (compatible; Baiduspider/2.0; +http://www.baidu.com/search/spider.html)"
180.76.5.178 - - [14/Sep/2012:02:10:27 +0200] "GET /fiok/program_reszek/konferancia.htm HTTP/1.1" 304 - "-" "Mozilla/5.0 (compatible; Baiduspider/2.0; +http://www.baidu.com/search/spider.html)"
66.249.66.60 - - [14/Sep/2012:02:39:22 +0200] "GET /jog/eseteink/korosladany/beavatkozas_tajekoztat_mszh.pdf HTTP/1.1" 200 143606 "-" "Mozilla/5.0 (compatible; Googlebot/2.1; +http://www.google.com/bot.html)"
178.154.210.252 - - [14/Sep/2012:03:25:23 +0200] "GET /programok.htm HTTP/1.1" 200 6444 "-" "Mozilla/5.0 (compatible; YandexBot/3.0; +http://yandex.com/bots)"
66.249.66.60 - - [14/Sep/2012:03:31:52 +0200] "GET /jog/eseteink/dakar/dakar_ugyeszseg_lp.pdf HTTP/1.1" 200 218784 "-" "Mozilla/5.0 (compatible; Googlebot/2.1; +http://www.google.com/bot.html)"
66.249.66.60 - - [14/Sep/2012:04:28:55 +0200] "GET /jog/eseteink/derekegyhaza/mszh_kozpontnak_tajekoztataskeres.pdf HTTP/1.1" 304 - "-" "Mozilla/5.0 (compatible; Googlebot/2.1; +http://www.google.com/bot.html)"
178.154.210.252 - - [14/Sep/2012:05:28:38 +0200] "GET /hirek/hirek091015.htm HTTP/1.1" 200 7046 "-" "Mozilla/5.0 (compatible; YandexBot/3.0; +http://yandex.com/bots)"
66.249.66.60 - - [14/Sep/2012:06:32:43 +0200] "GET /jog/eseteink/korosladany/fellebbezes_kv_engedly.doc.pdf HTTP/1.1" 304 - "-" "Mozilla/5.0 (compatible; Googlebot/2.1; +http://www.google.com/bot.html)"
66.249.66.60 - - [14/Sep/2012:06:33:11 +0200] "GET /fiok/programok.htm HTTP/1.1" 304 - "-" "Mozilla/5.0 (compatible; Googlebot/2.1; +http://www.google.com/bot.html)"
66.249.66.60 - - [14/Sep/2012:06:51:54 +0200] "GET /jog/eseteink/korosladany/korosl%20felfugg_srb.pdf HTTP/1.1" 304 - "-" "Mozilla/5.0 (compatible; Googlebot/2.1; +http://www.google.com/bot.html)"
66.249.66.60 - - [14/Sep/2012:07:19:55 +0200] "GET /jog/eseteink/derekegyhaza/biroi_vegzes.pdf HTTP/1.1" 304 - "-" "Mozilla/5.0 (compatible; Googlebot/2.1; +http://www.google.com/bot.html)"
66.249.66.60 - - [14/Sep/2012:07:22:04 +0200] "GET /jog/eseteink/poroszlo/panasz_poroszlo.pdf HTTP/1.1" 304 - "-" "Mozilla/5.0 (compatible; Googlebot/2.1; +http://www.google.com/bot.html)"
77.20.5.126 - - [14/Sep/2012:07:34:30 +0200] "GET /jog/tippek.htm HTTP/1.1" 200 13697 "-" "findlinks/2.0.2 (+http://wortschatz.uni-leipzig.de/findlinks/)"
180.76.5.91 - - [14/Sep/2012:07:40:57 +0200] "GET /fiok/program_reszek/konferancia.htm HTTP/1.1" 304 - "-" "Mozilla/5.0 (compatible; Baiduspider/2.0; +http://www.baidu.com/search/spider.html)"
66.249.66.60 - - [14/Sep/2012:08:06:09 +0200] "GET /jog/eseteink/korosladany/korosladany_kereset_vegleges.pdf HTTP/1.1" 304 - "-" "Mozilla/5.0 (compatible; Googlebot/2.1; +http://www.google.com/bot.html)"
66.249.66.60 - - [14/Sep/2012:08:41:45 +0200] "GET /jog/eseteink/korosladany/beavatkozas_tajekoztat_mszh.pdf HTTP/1.1" 200 143606 "-" "Mozilla/5.0 (compatible; Googlebot/2.1; +http://www.google.com/bot.html)"
66.249.66.60 - - [14/Sep/2012:08:46:29 +0200] "GET /jog/eseteink/korosladany/dalerd%20lb%20itelet_001.pdf HTTP/1.1" 304 - "-" "Mozilla/5.0 (compatible; Googlebot/2.1; +http://www.google.com/bot.html)"
206.225.81.95 - - [14/Sep/2012:08:46:38 +0200] "GET / HTTP/1.1" 200 23778 "-" "Mozilla/5.0 (Windows NT 6.1; rv:14.0) Gecko/20100101 Firefox/14.0.1"
178.154.210.252 - - [14/Sep/2012:08:52:15 +0200] "GET /hirek/hirek101027.htm HTTP/1.1" 304 - "-" "Mozilla/5.0 (compatible; YandexBot/3.0; +http://yandex.com/bots)"
178.154.210.252 - - [14/Sep/2012:09:53:15 +0200] "GET /jog/ HTTP/1.1" 200 13138 "-" "Mozilla/5.0 (compatible; YandexBot/3.0; +http://yandex.com/bots)"
180.76.5.58 - - [14/Sep/2012:12:31:08 +0200] "GET /robots.txt HTTP/1.1" 404 1181 "-" "Mozilla/5.0 (compatible; Baiduspider/2.0; +http://www.baidu.com/search/spider.html)"
178.154.210.252 - - [14/Sep/2012:12:34:52 +0200] "GET /hirek/klimatv_civilcikk.doc HTTP/1.1" 200 78336 "-" "Mozilla/5.0 (compatible; YandexBot/3.0; +http://yandex.com/bots)"
208.115.111.68 - - [14/Sep/2012:14:06:05 +0200] "GET /robots.txt HTTP/1.1" 404 1181 "-" "Mozilla/5.0 (compatible; Ezooms/1.0; ezooms.bot@gmail.com)"
157.55.35.112 - - [14/Sep/2012:15:14:47 +0200] "GET /robots.txt HTTP/1.1" 404 1181 "-" "Mozilla/5.0 (compatible; bingbot/2.0; +http://www.bing.com/bingbot.htm)"
157.55.35.112 - - [14/Sep/2012:15:15:59 +0200] "GET /jog/tarseljarasok.htm HTTP/1.1" 200 13316 "-" "Mozilla/5.0 (compatible; bingbot/2.0; +http://www.bing.com/bingbot.htm)"
66.249.71.232 - - [14/Sep/2012:15:35:44 +0200] "GET /robots.txt HTTP/1.1" 404 1181 "-" "Mozilla/5.0 (compatible; Googlebot/2.1; +http://www.google.com/bot.html)"
66.249.66.60 - - [14/Sep/2012:15:35:44 +0200] "GET /jog/eseteink/korosladany/2108_001.pdf HTTP/1.1" 304 - "-" "Mozilla/5.0 (compatible; Googlebot/2.1; +http://www.google.com/bot.html)"
66.249.66.60 - - [14/Sep/2012:15:59:33 +0200] "GET /jog/eseteink/poroszlo/poroszlo-ombudsman.pdf HTTP/1.1" 304 - "-" "Mozilla/5.0 (compatible; Googlebot/2.1; +http://www.google.com/bot.html)"
37.140.141.19 - - [14/Sep/2012:16:08:48 +0200] "GET /robots.txt HTTP/1.1" 404 1181 "-" "Mozilla/5.0 (compatible; YandexImages/3.0; +http://yandex.com/bots)"
66.249.66.60 - - [14/Sep/2012:16:10:47 +0200] "GET /hirek/hirek090605.htm HTTP/1.1" 304 - "-" "Mozilla/5.0 (compatible; Googlebot/2.1; +http://www.google.com/bot.html)"
66.249.66.60 - - [14/Sep/2012:16:22:40 +0200] "GET /jog/eseteink/korosladany/2108_001.pdf HTTP/1.1" 304 - "-" "Mozilla/5.0 (compatible; Googlebot/2.1; +http://www.google.com/bot.html)"
178.154.210.252 - - [14/Sep/2012:16:46:20 +0200] "GET /english/index.htm HTTP/1.1" 304 - "-" "Mozilla/5.0 (compatible; YandexBot/3.0; +http://yandex.com/bots)"
37.140.141.19 - - [14/Sep/2012:16:52:41 +0200] "GET /tm04_.jpg HTTP/1.1" 200 2058 "-" "Mozilla/5.0 (compatible; YandexImages/3.0; +http://yandex.com/bots)"
66.249.66.60 - - [14/Sep/2012:16:55:13 +0200] "GET /jog/eseteink/audi/additional_information_on_the_compensatory_measures_provided_by_hungarian_authorities_at_the_request_of_the_commission_1.pdf HTTP/1.1" 304 - "-" "Mozilla/5.0 (compatible; Googlebot/2.1; +http://www.google.com/bot.html)"
208.115.111.68 - - [14/Sep/2012:16:57:56 +0200] "GET /nka.htm HTTP/1.1" 200 6221 "-" "Mozilla/5.0 (compatible; Ezooms/1.0; ezooms.bot@gmail.com)"
66.249.66.60 - - [14/Sep/2012:17:04:16 +0200] "GET /jog/eseteink/dakar/dakar_0804_kdtktvf_engedely.pdf HTTP/1.1" 304 - "-" "Mozilla/5.0 (compatible; Googlebot/2.1; +http://www.google.com/bot.html)"
66.249.66.60 - - [14/Sep/2012:17:07:12 +0200] "GET /jog/eseteink/korosladany/np_nek_tajekoztatas.pdf HTTP/1.1" 304 - "-" "Mozilla/5.0 (compatible; Googlebot/2.1; +http://www.google.com/bot.html)"
66.249.66.60 - - [14/Sep/2012:17:09:22 +0200] "GET /jog/eseteink/duzzaszto/gyulavari_duzz_felugyeloseg.pdf HTTP/1.1" 304 - "-" "Mozilla/5.0 (compatible; Googlebot/2.1; +http://www.google.com/bot.html)"
37.140.141.19 - - [14/Sep/2012:17:36:55 +0200] "GET /images/kvvm_logo.jpg HTTP/1.1" 200 4763 "-" "Mozilla/5.0 (compatible; YandexImages/3.0; +http://yandex.com/bots)"
66.249.66.60 - - [14/Sep/2012:17:59:54 +0200] "GET /jog/eseteink/kavicszatony/index.htm HTTP/1.1" 304 - "-" "Mozilla/5.0 (compatible; Googlebot/2.1; +http://www.google.com/bot.html)"
66.249.66.60 - - [14/Sep/2012:18:10:03 +0200] "GET /hirek/hirek090301.htm HTTP/1.1" 200 7022 "-" "Mozilla/5.0 (iPhone; U; CPU iPhone OS 4_1 like Mac OS X; en-us) AppleWebKit/532.9 (KHTML, like Gecko) Version/4.0.5 Mobile/8B117 Safari/6531.22.7 (compatible; Googlebot-Mobile/2.1; +http://www.google.com/bot.html)"
208.115.111.68 - - [14/Sep/2012:18:24:51 +0200] "GET /robots.txt HTTP/1.1" 404 1181 "-" "Mozilla/5.0 (compatible; Ezooms/1.0; ezooms.bot@gmail.com)"
37.140.141.19 - - [14/Sep/2012:18:25:23 +0200] "GET /tm05_.jpg HTTP/1.1" 200 1839 "-" "Mozilla/5.0 (compatible; YandexImages/3.0; +http://yandex.com/bots)"
66.249.66.60 - - [14/Sep/2012:18:34:48 +0200] "GET /jog/eseteink/derekegyhaza/natura_letesitmeny2.pdf HTTP/1.1" 304 - "-" "Mozilla/5.0 (compatible; Googlebot/2.1; +http://www.google.com/bot.html)"
66.249.72.66 - - [14/Sep/2012:19:14:27 +0200] "GET /robots.txt HTTP/1.1" 404 1181 "-" "Mozilla/5.0 (compatible; Googlebot/2.1; +http://www.google.com/bot.html)"
66.249.72.66 - - [14/Sep/2012:19:14:27 +0200] "GET /fiok/program_reszek/turazas.htm HTTP/1.1" 304 - "-" "Mozilla/5.0 (compatible; Googlebot/2.1; +http://www.google.com/bot.html)"
37.140.141.19 - - [14/Sep/2012:19:15:32 +0200] "GET /jog/img/magyar_cimer.png HTTP/1.1" 200 1900 "-" "Mozilla/5.0 (compatible; YandexImages/3.0; +http://yandex.com/bots)"
178.154.210.252 - - [14/Sep/2012:19:28:41 +0200] "GET /robots.txt HTTP/1.1" 404 1181 "-" "Mozilla/5.0 (compatible; YandexBot/3.0; +http://yandex.com/bots)"
66.249.66.60 - - [14/Sep/2012:20:05:56 +0200] "GET / HTTP/1.1" 200 23778 "-" "Mozilla/5.0 (iPhone; U; CPU iPhone OS 4_1 like Mac OS X; en-us) AppleWebKit/532.9 (KHTML, like Gecko) Version/4.0.5 Mobile/8B117 Safari/6531.22.7 (compatible; Googlebot-Mobile/2.1; +http://www.google.com/bot.html)"
37.140.141.19 - - [14/Sep/2012:20:08:17 +0200] "GET /images/norway_grants_.jpg HTTP/1.1" 200 4440 "-" "Mozilla/5.0 (compatible; YandexImages/3.0; +http://yandex.com/bots)"
66.249.66.60 - - [14/Sep/2012:20:29:02 +0200] "GET /jog/eseteink/audi/additional_information_provided_by_hungarian_authorities_at_the_request_of_the_commission.pdf HTTP/1.1" 200 3547052 "-" "Mozilla/5.0 (compatible; Googlebot/2.1; +http://www.google.com/bot.html)"
37.140.141.19 - - [14/Sep/2012:21:00:19 +0200] "GET /tm07.jpg HTTP/1.1" 200 1007 "-" "Mozilla/5.0 (compatible; YandexImages/3.0; +http://yandex.com/bots)"
66.249.66.60 - - [14/Sep/2012:21:17:27 +0200] "GET /hirek/hirek090619.htm HTTP/1.1" 304 - "-" "Mozilla/5.0 (compatible; Googlebot/2.1; +http://www.google.com/bot.html)"
66.249.66.60 - - [14/Sep/2012:21:52:26 +0200] "GET /hirek/hirek090619.htm HTTP/1.1" 304 - "-" "Mozilla/5.0 (compatible; Googlebot/2.1; +http://www.google.com/bot.html)"
37.140.141.19 - - [14/Sep/2012:21:57:18 +0200] "GET /english/e02.jpg HTTP/1.1" 200 1349 "-" "Mozilla/5.0 (compatible; YandexImages/3.0; +http://yandex.com/bots)"
66.249.66.60 - - [14/Sep/2012:21:58:23 +0200] "GET /hirek/hirek091103.htm HTTP/1.1" 304 - "-" "Mozilla/5.0 (iPhone; U; CPU iPhone OS 4_1 like Mac OS X; en-us) AppleWebKit/532.9 (KHTML, like Gecko) Version/4.0.5 Mobile/8B117 Safari/6531.22.7 (compatible; Googlebot-Mobile/2.1; +http://www.google.com/bot.html)"
77.20.5.126 - - [14/Sep/2012:22:16:00 +0200] "GET /jog/tarseljarasok.htm HTTP/1.1" 200 13316 "-" "findlinks/2.0.2 (+http://wortschatz.uni-leipzig.de/findlinks/)"
208.115.111.68 - - [14/Sep/2012:22:16:31 +0200] "GET /robots.txt HTTP/1.1" 404 1181 "-" "Mozilla/5.0 (compatible; Ezooms/1.0; ezooms.bot@gmail.com)"
178.154.210.252 - - [14/Sep/2012:22:22:20 +0200] "GET / HTTP/1.1" 200 23778 "-" "Mozilla/5.0 (compatible; YandexBot/3.0; +http://yandex.com/bots)"
66.249.66.60 - - [14/Sep/2012:22:49:42 +0200] "GET /jog/eseteink/dakar/kdtktvf_dakar_fellebbezes.pdf HTTP/1.1" 304 - "-" "Mozilla/5.0 (compatible; Googlebot/2.1; +http://www.google.com/bot.html)"
37.140.141.19 - - [14/Sep/2012:22:54:16 +0200] "GET /images/eea_logo_.jpg HTTP/1.1" 200 32098 "-" "Mozilla/5.0 (compatible; YandexImages/3.0; +http://yandex.com/bots)"
66.249.72.66 - - [14/Sep/2012:23:25:09 +0200] "GET /jog/eseteink/derekegyhaza/nemzeti_park_adatkeres_derekegyhaza20061222.pdf HTTP/1.1" 304 - "-" "Mozilla/5.0 (compatible; Googlebot/2.1; +http://www.google.com/bot.html)"
157.55.35.112 - - [14/Sep/2012:23:45:17 +0200] "GET /robots.txt HTTP/1.1" 404 1181 "-" "Mozilla/5.0 (compatible; bingbot/2.0; +http://www.bing.com/bingbot.htm)"
157.55.35.112 - - [14/Sep/2012:23:52:34 +0200] "GET /jog/eseteink/korosladany/index.htm HTTP/1.1" 304 - "-" "Mozilla/5.0 (compatible; bingbot/2.0; +http://www.bing.com/bingbot.htm)"
37.140.141.19 - - [14/Sep/2012:23:59:51 +0200] "GET /english/e03.jpg HTTP/1.1" 200 1393 "-" "Mozilla/5.0 (compatible; YandexImages/3.0; +http://yandex.com/bots)"
208.115.113.84 - - [15/Sep/2012:00:21:26 +0200] "GET /robots.txt HTTP/1.1" 404 1181 "-" "Mozilla/5.0 (compatible; Ezooms/1.0; ezooms.bot@gmail.com)"
66.249.66.60 - - [15/Sep/2012:00:51:48 +0200] "GET /jog/eseteink/korosladany/korosladany_ugyeszseg.pdf HTTP/1.1" 304 - "-" "Mozilla/5.0 (compatible; Googlebot/2.1; +http://www.google.com/bot.html)"
37.140.141.19 - - [15/Sep/2012:01:05:08 +0200] "GET /tm06_.jpg HTTP/1.1" 200 1382 "-" "Mozilla/5.0 (compatible; YandexImages/3.0; +http://yandex.com/bots)"
66.249.66.60 - - [15/Sep/2012:01:16:39 +0200] "GET /jog/eseteink/korosladany/nemzeti_park_felmeres_kerese.pdf HTTP/1.1" 304 - "-" "Mozilla/5.0 (compatible; Googlebot/2.1; +http://www.google.com/bot.html)"
66.249.66.60 - - [15/Sep/2012:01:44:57 +0200] "GET /jog/eseteink/korosladany/mszhnak_miert_nincs_ismetelt_eljaras.pdf HTTP/1.1" 304 - "-" "Mozilla/5.0 (compatible; Googlebot/2.1; +http://www.google.com/bot.html)"
37.140.141.19 - - [15/Sep/2012:02:08:52 +0200] "GET /english/e04.jpg HTTP/1.1" 200 1124 "-" "Mozilla/5.0 (compatible; YandexImages/3.0; +http://yandex.com/bots)"
66.249.66.60 - - [15/Sep/2012:02:08:52 +0200] "GET /jog/eseteink/korosladany/vegzes_dalerd_birsag.pdf HTTP/1.1" 304 - "-" "Mozilla/5.0 (compatible; Googlebot/2.1; +http://www.google.com/bot.html)"
208.115.111.68 - - [15/Sep/2012:02:13:32 +0200] "GET /robots.txt HTTP/1.1" 404 1181 "-" "Mozilla/5.0 (compatible; Ezooms/1.0; ezooms.bot@gmail.com)"
208.115.113.84 - - [15/Sep/2012:02:30:25 +0200] "GET /hirek/hirek100420.htm HTTP/1.1" 200 7914 "-" "Mozilla/5.0 (compatible; Ezooms/1.0; ezooms.bot@gmail.com)"
217.69.133.31 - - [15/Sep/2012:02:50:01 +0200] "GET / HTTP/1.0" 200 23778 "-" "Mozilla/5.0 (compatible; Mail.RU/2.0)"
66.249.66.60 - - [15/Sep/2012:02:50:50 +0200] "GET /jog/eseteink/korosladany/szeged_birosag2.pdf HTTP/1.1" 304 - "-" "Mozilla/5.0 (compatible; Googlebot/2.1; +http://www.google.com/bot.html)"
37.140.141.19 - - [15/Sep/2012:03:12:28 +0200] "GET /a1_projekt_tabla_infra_cs3_beklenhaz_.jpg HTTP/1.1" 200 8994 "-" "Mozilla/5.0 (compatible; YandexImages/3.0; +http://yandex.com/bots)"
131.253.46.212 - - [15/Sep/2012:04:16:54 +0200] "GET /robots.txt HTTP/1.1" 404 1181 "-" "Mozilla/5.0 (compatible; bingbot/2.0; +http://www.bing.com/bingbot.htm)"
37.140.141.19 - - [15/Sep/2012:04:20:26 +0200] "GET /a1_projekt_tabla_infra_cs3_beklenhaz.jpg HTTP/1.1" 200 73344 "-" "Mozilla/5.0 (compatible; YandexImages/3.0; +http://yandex.com/bots)"
66.249.66.60 - - [15/Sep/2012:04:23:26 +0200] "GET /jog/eseteink/korosladany/szakerto_dij_birosag.doc.pdf HTTP/1.1" 304 - "-" "Mozilla/5.0 (compatible; Googlebot/2.1; +http://www.google.com/bot.html)"
131.253.46.212 - - [15/Sep/2012:04:23:32 +0200] "GET /kapcsolat.htm HTTP/1.1" 200 6889 "-" "Mozilla/5.0 (compatible; bingbot/2.0; +http://www.bing.com/bingbot.htm)"
157.55.35.100 - - [15/Sep/2012:04:38:06 +0200] "GET / HTTP/1.1" 200 23778 "-" "Mozilla/5.0 (compatible; bingbot/2.0; +http://www.bing.com/bingbot.htm)"
157.55.35.100 - - [15/Sep/2012:04:59:38 +0200] "GET /jog/eseteink/korosladany/ HTTP/1.1" 200 30713 "-" "Mozilla/5.0 (compatible; bingbot/2.0; +http://www.bing.com/bingbot.htm)"
157.55.35.80 - - [15/Sep/2012:04:59:39 +0200] "GET /jog/eseteink/poroszlo/ HTTP/1.1" 200 16861 "-" "Mozilla/5.0 (compatible; bingbot/2.0; +http://www.bing.com/bingbot.htm)"
157.55.35.100 - - [15/Sep/2012:04:59:39 +0200] "GET /programok.htm HTTP/1.1" 200 6444 "-" "Mozilla/5.0 (compatible; bingbot/2.0; +http://www.bing.com/bingbot.htm)"
157.55.35.80 - - [15/Sep/2012:04:59:40 +0200] "GET /fiok/ HTTP/1.1" 200 20554 "-" "Mozilla/5.0 (compatible; bingbot/2.0; +http://www.bing.com/bingbot.htm)"
157.55.35.80 - - [15/Sep/2012:04:59:41 +0200] "GET /jog/eseteink/dakar/ HTTP/1.1" 200 10482 "-" "Mozilla/5.0 (compatible; bingbot/2.0; +http://www.bing.com/bingbot.htm)"
157.55.32.60 - - [15/Sep/2012:05:06:06 +0200] "GET /index.htm HTTP/1.1" 200 23778 "-" "Mozilla/5.0 (compatible; bingbot/2.0; +http://www.bing.com/bingbot.htm)"
210.97.192.230 - - [15/Sep/2012:05:17:13 +0200] "GET /jog/eseteink/korosladany/vegzes_dalerd_birsag.pdf HTTP/1.0" 200 1941609 "-" "Mozilla/5.0 (Windows NT 6.1; WOW64) AppleWebKit/535.1 (KHTML, like Gecko) Chrome/13.0.782.215 Safari/535.1"
37.140.141.19 - - [15/Sep/2012:05:23:01 +0200] "GET /images/autonomia_.jpg HTTP/1.1" 200 14792 "-" "Mozilla/5.0 (compatible; YandexImages/3.0; +http://yandex.com/bots)"
77.20.5.126 - - [15/Sep/2012:05:24:33 +0200] "GET /index.htm HTTP/1.1" 200 23778 "-" "findlinks/2.0.2 (+http://wortschatz.uni-leipzig.de/findlinks/)"
37.140.141.19 - - [15/Sep/2012:06:28:08 +0200] "GET /nimfea_project_250x250.gif HTTP/1.1" 200 2986583 "-" "Mozilla/5.0 (compatible; YandexImages/3.0; +http://yandex.com/bots)"
37.140.141.19 - - [15/Sep/2012:07:57:10 +0200] "GET /images/kvvm.jpg HTTP/1.1" 200 5375 "-" "Mozilla/5.0 (compatible; YandexImages/3.0; +http://yandex.com/bots)"
208.115.113.84 - - [15/Sep/2012:08:13:16 +0200] "GET /robots.txt HTTP/1.1" 404 1181 "-" "Mozilla/5.0 (compatible; Ezooms/1.0; ezooms.bot@gmail.com)"
66.249.66.60 - - [15/Sep/2012:09:04:46 +0200] "GET /robots.txt HTTP/1.1" 404 1181 "-" "Mozilla/5.0 (compatible; Googlebot/2.1; +http://www.google.com/bot.html)"
66.249.72.66 - - [15/Sep/2012:09:04:47 +0200] "GET /jog/eseteink/korosladany/apvrt_nek3.pdf HTTP/1.1" 200 167171 "-" "Mozilla/5.0 (compatible; Googlebot/2.1; +http://www.google.com/bot.html)"
37.140.141.19 - - [15/Sep/2012:09:20:06 +0200] "GET /images/nca_logo.jpg HTTP/1.1" 200 4244 "-" "Mozilla/5.0 (compatible; YandexImages/3.0; +http://yandex.com/bots)"
208.115.111.68 - - [15/Sep/2012:10:11:57 +0200] "GET /robots.txt HTTP/1.1" 404 1181 "-" "Mozilla/5.0 (compatible; Ezooms/1.0; ezooms.bot@gmail.com)"
208.115.113.84 - - [15/Sep/2012:10:27:48 +0200] "GET /hirek09_01.htm HTTP/1.1" 200 6841 "-" "Mozilla/5.0 (compatible; Ezooms/1.0; ezooms.bot@gmail.com)"
37.140.141.19 - - [15/Sep/2012:10:45:12 +0200] "GET /tm03.jpg HTTP/1.1" 200 2212 "-" "Mozilla/5.0 (compatible; YandexImages/3.0; +http://yandex.com/bots)"
62.141.37.234 - - [15/Sep/2012:10:59:21 +0200] "GET /robots.txt HTTP/1.0" 404 1181 "-" "Mozilla/5.0 (compatible; MJ12bot/v1.4.3; http://www.majestic12.co.uk/bot.php?+)"
62.141.37.234 - - [15/Sep/2012:10:59:23 +0200] "GET / HTTP/1.0" 200 23778 "-" "Mozilla/5.0 (compatible; MJ12bot/v1.4.3; http://www.majestic12.co.uk/bot.php?+)"
180.76.5.113 - - [15/Sep/2012:11:04:38 +0200] "GET /fiok/kornyezet.htm HTTP/1.1" 304 - "-" "Mozilla/5.0 (compatible; Baiduspider/2.0; +http://www.baidu.com/search/spider.html)"
139.18.2.209 - - [15/Sep/2012:11:35:36 +0200] "GET /hirek/hirek120207.htm HTTP/1.1" 200 6586 "-" "findlinks/2.6 (+http://wortschatz.uni-leipzig.de/findlinks/)"
178.154.210.252 - - [15/Sep/2012:11:47:58 +0200] "GET / HTTP/1.1" 200 23778 "-" "Mozilla/5.0 (compatible; YandexBot/3.0; +http://yandex.com/bots)"
37.140.141.19 - - [15/Sep/2012:12:11:00 +0200] "GET /tm03_.jpg HTTP/1.1" 200 1787 "-" "Mozilla/5.0 (compatible; YandexImages/3.0; +http://yandex.com/bots)"
208.115.113.84 - - [15/Sep/2012:12:17:48 +0200] "GET /robots.txt HTTP/1.1" 404 1181 "-" "Mozilla/5.0 (compatible; Ezooms/1.0; ezooms.bot@gmail.com)"
66.249.66.60 - - [15/Sep/2012:12:53:40 +0200] "GET /jog/eseteink/poroszlo/index.htm HTTP/1.1" 304 - "-" "Mozilla/5.0 (compatible; Googlebot/2.1; +http://www.google.com/bot.html)"
5.45.202.218 - - [15/Sep/2012:13:03:19 +0200] "GET /robots.txt HTTP/1.1" 404 1181 "-" "Mozilla/5.0 (compatible; YandexBot/3.0; +http://yandex.com/bots)"
5.45.202.218 - - [15/Sep/2012:13:03:24 +0200] "GET /fiok/ HTTP/1.1" 200 20554 "-" "Mozilla/5.0 (compatible; YandexBot/3.0; +http://yandex.com/bots)"
5.45.202.218 - - [15/Sep/2012:13:03:29 +0200] "GET /fiok/ HTTP/1.1" 200 20554 "-" "Mozilla/5.0 (compatible; YandexBot/3.0; +http://yandex.com/bots)"
5.45.202.218 - - [15/Sep/2012:13:03:34 +0200] "GET /fiok/index.html HTTP/1.1" 200 20554 "-" "Mozilla/5.0 (compatible; YandexBot/3.0; +http://yandex.com/bots)"
5.45.202.218 - - [15/Sep/2012:13:03:39 +0200] "GET /fiok/index.html HTTP/1.1" 200 20554 "-" "Mozilla/5.0 (compatible; YandexBot/3.0; +http://yandex.com/bots)"
208.115.111.68 - - [15/Sep/2012:13:04:15 +0200] "GET /deutsch/index.htm HTTP/1.1" 200 5324 "-" "Mozilla/5.0 (compatible; Ezooms/1.0; ezooms.bot@gmail.com)"
178.154.210.252 - - [15/Sep/2012:13:32:41 +0200] "GET /hirek/hirek101027.htm HTTP/1.1" 200 9627 "-" "Mozilla/5.0 (compatible; YandexBot/3.0; +http://yandex.com/bots)"
37.140.141.19 - - [15/Sep/2012:13:38:39 +0200] "GET /english/e01.jpg HTTP/1.1" 200 967 "-" "Mozilla/5.0 (compatible; YandexImages/3.0; +http://yandex.com/bots)"
66.249.66.60 - - [15/Sep/2012:13:40:43 +0200] "GET /jog/eseteink/derekegyhaza/index.htm HTTP/1.1" 304 - "-" "Mozilla/5.0 (compatible; Googlebot/2.1; +http://www.google.com/bot.html)"
208.115.111.68 - - [15/Sep/2012:14:09:33 +0200] "GET /robots.txt HTTP/1.1" 404 1181 "-" "Mozilla/5.0 (compatible; Ezooms/1.0; ezooms.bot@gmail.com)"
208.115.113.84 - - [15/Sep/2012:14:40:33 +0200] "GET /fiok/program_reszek/madarmegfigyeles.htm HTTP/1.1" 200 21825 "-" "Mozilla/5.0 (compatible; Ezooms/1.0; ezooms.bot@gmail.com)"
37.140.141.19 - - [15/Sep/2012:15:03:06 +0200] "GET /images/demnet_.jpg HTTP/1.1" 200 4808 "-" "Mozilla/5.0 (compatible; YandexImages/3.0; +http://yandex.com/bots)"
208.115.111.68 - - [15/Sep/2012:17:02:34 +0200] "GET /magunkrol.htm HTTP/1.1" 200 9202 "-" "Mozilla/5.0 (compatible; Ezooms/1.0; ezooms.bot@gmail.com)"
37.140.141.19 - - [15/Sep/2012:17:37:01 +0200] "GET /robots.txt HTTP/1.1" 404 1181 "-" "Mozilla/5.0 (compatible; YandexImages/3.0; +http://yandex.com/bots)"
66.249.72.66 - - [15/Sep/2012:17:44:25 +0200] "GET /robots.txt HTTP/1.1" 404 1181 "-" "Mozilla/5.0 (compatible; Googlebot/2.1; +http://www.google.com/bot.html)"
66.249.66.60 - - [15/Sep/2012:17:44:25 +0200] "GET /jog/eseteink/korosladany/felugyelosegnek_3.pdf HTTP/1.1" 304 - "-" "Mozilla/5.0 (compatible; Googlebot/2.1; +http://www.google.com/bot.html)"
208.115.111.68 - - [15/Sep/2012:18:21:51 +0200] "GET /robots.txt HTTP/1.1" 404 1181 "-" "Mozilla/5.0 (compatible; Ezooms/1.0; ezooms.bot@gmail.com)"
66.249.66.60 - - [15/Sep/2012:18:24:27 +0200] "GET /jog/jogszabalyok/vadaszati_torveny.pdf HTTP/1.1" 200 741096 "-" "Mozilla/5.0 (compatible; Googlebot/2.1; +http://www.google.com/bot.html)"
66.249.66.60 - - [15/Sep/2012:18:39:36 +0200] "GET /khb.htm HTTP/1.1" 200 8719 "-" "Mozilla/5.0 (compatible; Googlebot/2.1; +http://www.google.com/bot.html)"
37.140.141.19 - - [15/Sep/2012:18:44:08 +0200] "GET /images/72_nfu.jpg HTTP/1.1" 200 603912 "-" "Mozilla/5.0 (compatible; YandexImages/3.0; +http://yandex.com/bots)"
157.55.35.100 - - [15/Sep/2012:19:04:23 +0200] "GET /robots.txt HTTP/1.1" 404 1181 "-" "Mozilla/5.0 (compatible; bingbot/2.0; +http://www.bing.com/bingbot.htm)"
66.249.66.60 - - [15/Sep/2012:19:15:04 +0200] "GET /khb/beklen_2011_kh_jelentes.pdf HTTP/1.1" 200 6014974 "-" "Mozilla/5.0 (compatible; Googlebot/2.1; +http://www.google.com/bot.html)"
66.249.66.60 - - [15/Sep/2012:19:19:09 +0200] "GET /fiok/program_reszek/madarmegfigyeles.htm HTTP/1.1" 200 21825 "-" "Mozilla/5.0 (compatible; Googlebot/2.1; +http://www.google.com/bot.html)"
157.55.35.100 - - [15/Sep/2012:19:40:43 +0200] "GET / HTTP/1.1" 304 - "-" "Mozilla/5.0 (compatible; bingbot/2.0; +http://www.bing.com/bingbot.htm)"
66.249.66.60 - - [15/Sep/2012:19:45:48 +0200] "GET /khb/beklen_2005_kh_jelent%C3%A9s.pdf HTTP/1.1" 404 1181 "-" "Mozilla/5.0 (compatible; Googlebot/2.1; +http://www.google.com/bot.html)"
178.154.210.252 - - [15/Sep/2012:19:55:45 +0200] "GET /robots.txt HTTP/1.1" 404 1181 "-" "Mozilla/5.0 (compatible; YandexBot/3.0; +http://yandex.com/bots)"
37.140.141.19 - - [15/Sep/2012:19:56:34 +0200] "GET /images/okotars_szines_.jpg HTTP/1.1" 200 23743 "-" "Mozilla/5.0 (compatible; YandexImages/3.0; +http://yandex.com/bots)"
66.249.66.60 - - [15/Sep/2012:20:25:49 +0200] "GET /fiok/program_reszek/news.html HTTP/1.1" 404 1181 "-" "Mozilla/5.0 (compatible; Googlebot/2.1; +http://www.google.com/bot.html)"
37.140.141.19 - - [15/Sep/2012:21:03:29 +0200] "GET /jog/img/320/sargarigo2.jpg HTTP/1.1" 200 17500 "-" "Mozilla/5.0 (compatible; YandexImages/3.0; +http://yandex.com/bots)"
208.115.111.68 - - [15/Sep/2012:21:04:45 +0200] "GET /english/programs.htm HTTP/1.1" 200 5614 "-" "Mozilla/5.0 (compatible; Ezooms/1.0; ezooms.bot@gmail.com)"
208.115.111.68 - - [15/Sep/2012:21:04:47 +0200] "GET /hirek/hirek090509.htm HTTP/1.1" 200 7803 "-" "Mozilla/5.0 (compatible; Ezooms/1.0; ezooms.bot@gmail.com)"
37.140.141.19 - - [15/Sep/2012:22:12:31 +0200] "GET /images/karpatok_.jpg HTTP/1.1" 200 15902 "-" "Mozilla/5.0 (compatible; YandexImages/3.0; +http://yandex.com/bots)"
66.249.66.60 - - [15/Sep/2012:22:18:20 +0200] "GET /hirek08_10.htm HTTP/1.1" 304 - "-" "Mozilla/5.0 (compatible; Googlebot/2.1; +http://www.google.com/bot.html)"
66.249.72.66 - - [15/Sep/2012:22:24:59 +0200] "GET /hirek08_11.htm HTTP/1.1" 304 - "-" "Mozilla/5.0 (compatible; Googlebot/2.1; +http://www.google.com/bot.html)"
