66.249.66.60 - - [15/Sep/2012:23:01:27 +0200] "GET /fiok/program_reszek/turazas.htm HTTP/1.1" 200 22754 "-" "Mozilla/5.0 (iPhone; U; CPU iPhone OS 4_1 like Mac OS X; en-us) AppleWebKit/532.9 (KHTML, like Gecko) Version/4.0.5 Mobile/8B117 Safari/6531.22.7 (compatible; Googlebot-Mobile/2.1; +http://www.google.com/bot.html)"
37.140.141.19 - - [15/Sep/2012:23:20:00 +0200] "GET /jog_honlap_.jpg HTTP/1.1" 200 7186 "-" "Mozilla/5.0 (compatible; YandexImages/3.0; +http://yandex.com/bots)"
66.249.66.60 - - [15/Sep/2012:23:24:32 +0200] "GET /fiok/program_reszek/images/index_14_14.JPG HTTP/1.1" 200 9305 "-" "Mozilla/5.0 (compatible; Googlebot/2.1; +http://www.google.com/bot.html)"
66.249.66.60 - - [15/Sep/2012:23:24:33 +0200] "GET /fiok/program_reszek/images/b4b.jpg HTTP/1.1" 200 524 "-" "Mozilla/5.0 (compatible; Googlebot/2.1; +http://www.google.com/bot.html)"
66.249.66.60 - - [15/Sep/2012:23:24:34 +0200] "GET /fiok/program_reszek/images/c4c.jpg HTTP/1.1" 200 524 "-" "Mozilla/5.0 (compatible; Googlebot/2.1; +http://www.google.com/bot.html)"
66.249.72.66 - - [15/Sep/2012:23:24:35 +0200] "GET /fiok/program_reszek/images/index_02_02.JPG HTTP/1.1" 200 1178 "-" "Mozilla/5.0 (compatible; Googlebot/2.1; +http://www.google.com/bot.html)"
66.249.66.60 - - [15/Sep/2012:23:24:36 +0200] "GET /fiok/program_reszek/images/index_11.gif HTTP/1.1" 200 74 "-" "Mozilla/5.0 (compatible; Googlebot/2.1; +http://www.google.com/bot.html)"
66.249.72.66 - - [15/Sep/2012:23:24:36 +0200] "GET /fiok/program_reszek/images/a4a.jpg HTTP/1.1" 200 524 "-" "Mozilla/5.0 (compatible; Googlebot/2.1; +http://www.google.com/bot.html)"
66.249.66.60 - - [15/Sep/2012:23:24:37 +0200] "GET /fiok/program_reszek/images/e4e.jpg HTTP/1.1" 200 524 "-" "Mozilla/5.0 (compatible; Googlebot/2.1; +http://www.google.com/bot.html)"
66.249.66.60 - - [15/Sep/2012:23:24:38 +0200] "GET /fiok/program_reszek/images/b12.jpg HTTP/1.1" 200 544 "-" "Mozilla/5.0 (compatible; Googlebot/2.1; +http://www.google.com/bot.html)"
66.249.66.60 - - [15/Sep/2012:23:24:38 +0200] "GET /fiok/program_reszek/images/index_13.gif HTTP/1.1" 200 149 "-" "Mozilla/5.0 (compatible; Googlebot/2.1; +http://www.google.com/bot.html)"
66.249.66.60 - - [15/Sep/2012:23:24:39 +0200] "GET /fiok/program_reszek/images/index_12_12.JPG HTTP/1.1" 200 985 "-" "Mozilla/5.0 (compatible; Googlebot/2.1; +http://www.google.com/bot.html)"
66.249.66.60 - - [15/Sep/2012:23:24:40 +0200] "GET /fiok/program_reszek/images/d4d.jpg HTTP/1.1" 200 524 "-" "Mozilla/5.0 (compatible; Googlebot/2.1; +http://www.google.com/bot.html)"
66.249.72.66 - - [15/Sep/2012:23:24:41 +0200] "GET /fiok/program_reszek/images/spacer.gif HTTP/1.1" 200 43 "-" "Mozilla/5.0 (compatible; Googlebot/2.1; +http://www.google.com/bot.html)"
66.249.66.60 - - [15/Sep/2012:23:24:41 +0200] "GET /fiok/program_reszek/images/index_24.gif HTTP/1.1" 200 227 "-" "Mozilla/5.0 (compatible; Googlebot/2.1; +http://www.google.com/bot.html)"
66.249.72.66 - - [15/Sep/2012:23:24:42 +0200] "GET /fiok/program_reszek/images/index_28.gif HTTP/1.1" 200 262 "-" "Mozilla/5.0 (compatible; Googlebot/2.1; +http://www.google.com/bot.html)"
66.249.66.60 - - [15/Sep/2012:23:24:43 +0200] "GET /fiok/program_reszek/images/index_26.gif HTTP/1.1" 200 121 "-" "Mozilla/5.0 (compatible; Googlebot/2.1; +http://www.google.com/bot.html)"
66.249.66.60 - - [15/Sep/2012:23:24:45 +0200] "GET /fiok/program_reszek/images/index_19_19.JPG HTTP/1.1" 200 3123 "-" "Mozilla/5.0 (compatible; Googlebot/2.1; +http://www.google.com/bot.html)"
66.249.66.60 - - [15/Sep/2012:23:24:45 +0200] "GET /fiok/program_reszek/images/index_22.gif HTTP/1.1" 200 227 "-" "Mozilla/5.0 (compatible; Googlebot/2.1; +http://www.google.com/bot.html)"
66.249.66.60 - - [15/Sep/2012:23:24:47 +0200] "GET /fiok/program_reszek/images/index_25.gif HTTP/1.1" 200 708 "-" "Mozilla/5.0 (compatible; Googlebot/2.1; +http://www.google.com/bot.html)"
66.249.66.60 - - [15/Sep/2012:23:24:48 +0200] "GET /fiok/program_reszek/images/index_27_27.jpg HTTP/1.1" 200 12876 "-" "Mozilla/5.0 (compatible; Googlebot/2.1; +http://www.google.com/bot.html)"
66.249.66.60 - - [15/Sep/2012:23:24:48 +0200] "GET /fiok/program_reszek/programok/20.jpg HTTP/1.1" 200 187831 "-" "Mozilla/5.0 (compatible; Googlebot/2.1; +http://www.google.com/bot.html)"
66.249.66.60 - - [15/Sep/2012:23:24:49 +0200] "GET /fiok/program_reszek/programok/18.jpg HTTP/1.1" 200 225255 "-" "Mozilla/5.0 (compatible; Googlebot/2.1; +http://www.google.com/bot.html)"
66.249.66.60 - - [15/Sep/2012:23:24:50 +0200] "GET /fiok/program_reszek/images/index_17_17.jpg HTTP/1.1" 200 2374 "-" "Mozilla/5.0 (compatible; Googlebot/2.1; +http://www.google.com/bot.html)"
66.249.66.60 - - [15/Sep/2012:23:24:51 +0200] "GET /fiok/program_reszek/images/index_18_18.JPG HTTP/1.1" 200 15778 "-" "Mozilla/5.0 (compatible; Googlebot/2.1; +http://www.google.com/bot.html)"
66.249.72.66 - - [15/Sep/2012:23:24:52 +0200] "GET /fiok/program_reszek/programok/19.jpg HTTP/1.1" 200 196464 "-" "Mozilla/5.0 (compatible; Googlebot/2.1; +http://www.google.com/bot.html)"
66.249.66.60 - - [15/Sep/2012:23:24:52 +0200] "GET /fiok/program_reszek/images/index_16_16.JPG HTTP/1.1" 200 13468 "-" "Mozilla/5.0 (compatible; Googlebot/2.1; +http://www.google.com/bot.html)"
66.249.66.60 - - [15/Sep/2012:23:24:53 +0200] "GET /fiok/program_reszek/images/index_15_15.JPG HTTP/1.1" 200 20275 "-" "Mozilla/5.0 (compatible; Googlebot/2.1; +http://www.google.com/bot.html)"
66.249.66.60 - - [15/Sep/2012:23:24:54 +0200] "GET /fiok/program_reszek/programok/21.jpg HTTP/1.1" 200 261695 "-" "Mozilla/5.0 (compatible; Googlebot/2.1; +http://www.google.com/bot.html)"
66.249.72.66 - - [15/Sep/2012:23:52:56 +0200] "GET /jog/eseteink/audi/audi_gyor_restoration_measures1-10.pdf HTTP/1.1" 304 - "-" "Mozilla/5.0 (compatible; Googlebot/2.1; +http://www.google.com/bot.html)"
37.140.141.19 - - [16/Sep/2012:00:30:25 +0200] "GET /tm02.jpg HTTP/1.1" 200 1873 "-" "Mozilla/5.0 (compatible; YandexImages/3.0; +http://yandex.com/bots)"
157.55.35.100 - - [16/Sep/2012:01:02:14 +0200] "GET /robots.txt HTTP/1.1" 404 1181 "-" "Mozilla/5.0 (compatible; bingbot/2.0; +http://www.bing.com/bingbot.htm)"
157.55.35.100 - - [16/Sep/2012:01:05:03 +0200] "GET / HTTP/1.1" 304 - "-" "Mozilla/5.0 (compatible; bingbot/2.0; +http://www.bing.com/bingbot.htm)"
66.249.66.60 - - [16/Sep/2012:01:36:32 +0200] "GET /szakmai.htm HTTP/1.1" 304 - "-" "Mozilla/5.0 (compatible; Googlebot/2.1; +http://www.google.com/bot.html)"
37.140.141.19 - - [16/Sep/2012:01:36:44 +0200] "GET /tm02_.jpg HTTP/1.1" 200 1524 "-" "Mozilla/5.0 (compatible; YandexImages/3.0; +http://yandex.com/bots)"
178.154.210.252 - - [16/Sep/2012:01:41:20 +0200] "GET /index.htm HTTP/1.1" 200 23778 "-" "Mozilla/5.0 (compatible; YandexBot/3.0; +http://yandex.com/bots)"
178.154.210.252 - - [16/Sep/2012:01:41:23 +0200] "GET /khb.htm HTTP/1.1" 304 - "-" "Mozilla/5.0 (compatible; YandexBot/3.0; +http://yandex.com/bots)"
66.249.66.60 - - [16/Sep/2012:02:38:04 +0200] "GET /fiok/kapcsolat.htm HTTP/1.1" 304 - "-" "Mozilla/5.0 (compatible; Googlebot/2.1; +http://www.google.com/bot.html)"
37.140.141.19 - - [16/Sep/2012:02:39:19 +0200] "GET /tm04.jpg HTTP/1.1" 200 2613 "-" "Mozilla/5.0 (compatible; YandexImages/3.0; +http://yandex.com/bots)"
180.76.5.101 - - [16/Sep/2012:02:45:47 +0200] "GET /fiok/program_reszek/turazas.htm HTTP/1.1" 304 - "-" "Mozilla/5.0 (compatible; Baiduspider/2.0; +http://www.baidu.com/search/spider.html)"
208.115.113.84 - - [16/Sep/2012:02:50:32 +0200] "GET /robots.txt HTTP/1.1" 404 1181 "-" "Mozilla/5.0 (compatible; Ezooms/1.0; ezooms.bot@gmail.com)"
131.253.46.207 - - [16/Sep/2012:02:55:38 +0200] "GET /robots.txt HTTP/1.1" 404 1181 "-" "Mozilla/5.0 (compatible; bingbot/2.0; +http://www.bing.com/bingbot.htm)"
131.253.46.207 - - [16/Sep/2012:03:10:04 +0200] "GET /jog/eljarasokrol.htm HTTP/1.1" 200 14427 "-" "Mozilla/5.0 (compatible; bingbot/2.0; +http://www.bing.com/bingbot.htm)"
66.249.66.60 - - [16/Sep/2012:03:42:03 +0200] "GET /jog/eseteink/derekegyhaza/kotvife_kekto_3.pdf HTTP/1.1" 304 - "-" "Mozilla/5.0 (compatible; Googlebot/2.1; +http://www.google.com/bot.html)"
66.249.66.60 - - [16/Sep/2012:03:48:22 +0200] "GET /jog/eseteink/audi/gestdem_2011-3951_-_benedek_sallai_-_demande_confirmative.pdf HTTP/1.1" 304 - "-" "Mozilla/5.0 (compatible; Googlebot/2.1; +http://www.google.com/bot.html)"
37.140.141.19 - - [16/Sep/2012:04:21:52 +0200] "GET /jog/img/nca_logo_.png HTTP/1.1" 200 7180 "-" "Mozilla/5.0 (compatible; YandexImages/3.0; +http://yandex.com/bots)"
66.249.66.60 - - [16/Sep/2012:04:24:45 +0200] "GET /jog/jogsegely.htm HTTP/1.1" 200 14053 "-" "Mozilla/5.0 (compatible; Googlebot/2.1; +http://www.google.com/bot.html)"
66.249.66.60 - - [16/Sep/2012:04:28:29 +0200] "GET /jog/jogihatter.htm HTTP/1.1" 200 18691 "-" "Mozilla/5.0 (compatible; Googlebot/2.1; +http://www.google.com/bot.html)"
66.249.66.60 - - [16/Sep/2012:04:32:32 +0200] "GET /jog/eseteink/korosladany/korosladany-onkormanyzat.pdf HTTP/1.1" 304 - "-" "Mozilla/5.0 (compatible; Googlebot/2.1; +http://www.google.com/bot.html)"
66.249.66.60 - - [16/Sep/2012:05:01:00 +0200] "GET /jog/jogszabalyok/4_2010kje.pdf HTTP/1.1" 404 1181 "-" "Mozilla/5.0 (compatible; Googlebot/2.1; +http://www.google.com/bot.html)"
66.249.72.66 - - [16/Sep/2012:05:13:04 +0200] "GET /nka.htm HTTP/1.1" 304 - "-" "Mozilla/5.0 (compatible; Googlebot/2.1; +http://www.google.com/bot.html)"
66.249.66.60 - - [16/Sep/2012:05:29:52 +0200] "GET /jog/jogszabalyok/2011.%20%C3%A9vi%20CXII.pdf HTTP/1.1" 404 1181 "-" "Mozilla/5.0 (compatible; Googlebot/2.1; +http://www.google.com/bot.html)"
157.55.32.98 - - [16/Sep/2012:05:33:09 +0200] "GET /robots.txt HTTP/1.1" 404 1181 "-" "Mozilla/5.0 (compatible; bingbot/2.0; +http://www.bing.com/bingbot.htm)"
66.249.66.60 - - [16/Sep/2012:06:07:35 +0200] "GET /robots.txt HTTP/1.1" 404 1181 "-" "Mozilla/5.0 (compatible; Googlebot/2.1; +http://www.google.com/bot.html)"
66.249.66.60 - - [16/Sep/2012:06:07:36 +0200] "GET /jog/jogszabalyok/polgari_perrendtartas_xx_fejezet.pdf HTTP/1.1" 404 1181 "-" "Mozilla/5.0 (compatible; Googlebot/2.1; +http://www.google.com/bot.html)"
66.249.66.60 - - [16/Sep/2012:06:12:24 +0200] "GET /hirek/szines_vm_logo.jpg HTTP/1.1" 304 - "-" "Googlebot-Image/1.0"
66.249.66.60 - - [16/Sep/2012:06:26:25 +0200] "GET /jog/jogszabalyok/V%C3%A9dett%20fajok%202006_1_2008kieg.pdf HTTP/1.1" 404 1181 "-" "Mozilla/5.0 (compatible; Googlebot/2.1; +http://www.google.com/bot.html)"
208.115.113.84 - - [16/Sep/2012:06:33:09 +0200] "GET /hirek/hirek090301.htm HTTP/1.1" 200 7022 "-" "Mozilla/5.0 (compatible; Ezooms/1.0; ezooms.bot@gmail.com)"
66.249.72.66 - - [16/Sep/2012:06:49:59 +0200] "GET /jog/jogszabalyok/1952._evi_iii._torveny_a_polgari_perrendtartasrol.pdf HTTP/1.1" 404 1181 "-" "Mozilla/5.0 (compatible; Googlebot/2.1; +http://www.google.com/bot.html)"
157.55.32.98 - - [16/Sep/2012:06:57:36 +0200] "GET /hirek/hirek090428.htm HTTP/1.1" 304 - "-" "Mozilla/5.0 (compatible; bingbot/2.0; +http://www.bing.com/bingbot.htm)"
66.249.66.60 - - [16/Sep/2012:07:17:11 +0200] "GET /jog/jog/jogszabalyok/V%C3%A9dett%20fajok%202006_1_2008kieg.pdf HTTP/1.1" 404 1181 "-" "Mozilla/5.0 (compatible; Googlebot/2.1; +http://www.google.com/bot.html)"
66.249.66.60 - - [16/Sep/2012:07:40:40 +0200] "GET /jog/eseteink/korosladany/oktvf-nek.pdf HTTP/1.1" 304 - "-" "Mozilla/5.0 (compatible; Googlebot/2.1; +http://www.google.com/bot.html)"
37.140.141.19 - - [16/Sep/2012:08:09:29 +0200] "GET /robots.txt HTTP/1.1" 404 1181 "-" "Mozilla/5.0 (compatible; YandexImages/3.0; +http://yandex.com/bots)"
208.115.113.84 - - [16/Sep/2012:08:15:51 +0200] "GET /robots.txt HTTP/1.1" 404 1181 "-" "Mozilla/5.0 (compatible; Ezooms/1.0; ezooms.bot@gmail.com)"
66.249.66.60 - - [16/Sep/2012:08:48:08 +0200] "GET /jog/eseteink/korosladany/korosladany-kvktvf.pdf HTTP/1.1" 304 - "-" "Mozilla/5.0 (compatible; Googlebot/2.1; +http://www.google.com/bot.html)"
37.140.141.19 - - [16/Sep/2012:08:51:17 +0200] "GET /tm02.jpg HTTP/1.1" 200 1873 "-" "Mozilla/5.0 (compatible; YandexImages/3.0; +http://yandex.com/bots)"
77.20.5.126 - - [16/Sep/2012:08:56:16 +0200] "GET /robots.txt HTTP/1.1" 404 1181 "-" "findlinks/2.0.2 (+http://wortschatz.uni-leipzig.de/findlinks/)"
37.140.141.19 - - [16/Sep/2012:09:37:31 +0200] "GET /jog/img/320/sargarigo2.jpg HTTP/1.1" 200 17500 "-" "Mozilla/5.0 (compatible; YandexImages/3.0; +http://yandex.com/bots)"
37.140.141.19 - - [16/Sep/2012:10:18:41 +0200] "GET /images/eea_logo_.jpg HTTP/1.1" 200 32098 "-" "Mozilla/5.0 (compatible; YandexImages/3.0; +http://yandex.com/bots)"
66.249.66.115 - - [16/Sep/2012:10:25:52 +0200] "GET /robots.txt HTTP/1.1" 404 1181 "-" "Mozilla/5.0 (compatible; Googlebot/2.1; +http://www.google.com/bot.html)"
66.249.66.115 - - [16/Sep/2012:10:25:52 +0200] "GET /jog/pub/rally_kiadvany_mtvsz.pdf HTTP/1.1" 304 - "-" "Mozilla/5.0 (compatible; Googlebot/2.1; +http://www.google.com/bot.html)"
208.115.113.84 - - [16/Sep/2012:10:32:54 +0200] "GET /fiok/kapcsolat.htm HTTP/1.1" 200 17416 "-" "Mozilla/5.0 (compatible; Ezooms/1.0; ezooms.bot@gmail.com)"
208.115.113.84 - - [16/Sep/2012:10:32:54 +0200] "GET /jog/index.htm HTTP/1.1" 200 13138 "-" "Mozilla/5.0 (compatible; Ezooms/1.0; ezooms.bot@gmail.com)"
37.140.141.19 - - [16/Sep/2012:11:03:16 +0200] "GET /jog/img/magyar_cimer.png HTTP/1.1" 200 1900 "-" "Mozilla/5.0 (compatible; YandexImages/3.0; +http://yandex.com/bots)"
131.253.46.116 - - [16/Sep/2012:11:35:13 +0200] "GET /robots.txt HTTP/1.1" 404 1181 "-" "Mozilla/5.0 (compatible; bingbot/2.0; +http://www.bing.com/bingbot.htm)"
178.154.210.252 - - [16/Sep/2012:11:46:30 +0200] "GET /hirek/hirek091103.htm HTTP/1.1" 304 - "-" "Mozilla/5.0 (compatible; YandexBot/3.0; +http://yandex.com/bots)"
37.140.141.19 - - [16/Sep/2012:11:49:18 +0200] "GET /tm03_.jpg HTTP/1.1" 200 1787 "-" "Mozilla/5.0 (compatible; YandexImages/3.0; +http://yandex.com/bots)"
208.115.113.84 - - [16/Sep/2012:12:16:48 +0200] "GET /robots.txt HTTP/1.1" 404 1181 "-" "Mozilla/5.0 (compatible; Ezooms/1.0; ezooms.bot@gmail.com)"
66.249.66.60 - - [16/Sep/2012:12:31:47 +0200] "GET /hirek/Natura_2000es_gyepgazdalkodas_eloirasai.ppt HTTP/1.1" 200 333312 "-" "Mozilla/5.0 (compatible; Googlebot/2.1; +http://www.google.com/bot.html)"
37.140.141.19 - - [16/Sep/2012:12:35:10 +0200] "GET /jog_honlap_.jpg HTTP/1.1" 200 7186 "-" "Mozilla/5.0 (compatible; YandexImages/3.0; +http://yandex.com/bots)"
66.249.66.60 - - [16/Sep/2012:13:14:50 +0200] "GET /jog/eseteink/poroszlo/petone%20dr.pdf HTTP/1.1" 304 - "-" "Mozilla/5.0 (compatible; Googlebot/2.1; +http://www.google.com/bot.html)"
37.140.141.19 - - [16/Sep/2012:13:25:04 +0200] "GET /images/nca_logo.jpg HTTP/1.1" 200 4244 "-" "Mozilla/5.0 (compatible; YandexImages/3.0; +http://yandex.com/bots)"
37.140.141.19 - - [16/Sep/2012:14:18:16 +0200] "GET /tm04_.jpg HTTP/1.1" 200 2058 "-" "Mozilla/5.0 (compatible; YandexImages/3.0; +http://yandex.com/bots)"
46.4.100.231 - - [16/Sep/2012:14:28:37 +0200] "GET /robots.txt HTTP/1.1" 404 1181 "-" "BacklinkCrawler (http://www.backlinktest.com/crawler.html)"
46.4.100.231 - - [16/Sep/2012:14:28:37 +0200] "GET /sitemap.xml HTTP/1.1" 404 1181 "-" "BacklinkCrawler (http://www.backlinktest.com/crawler.html)"
46.4.100.231 - - [16/Sep/2012:14:28:40 +0200] "GET / HTTP/1.1" 200 23778 "-" "BacklinkCrawler (http://www.backlinktest.com/crawler.html)"
46.4.100.231 - - [16/Sep/2012:14:28:41 +0200] "GET /hirarchivum.htm HTTP/1.1" 200 24981 "-" "BacklinkCrawler (http://www.backlinktest.com/crawler.html)"
46.4.100.231 - - [16/Sep/2012:14:28:43 +0200] "GET /hirek/hirek091015.htm HTTP/1.1" 200 7046 "-" "BacklinkCrawler (http://www.backlinktest.com/crawler.html)"
46.4.100.231 - - [16/Sep/2012:14:28:45 +0200] "GET /hirek/hirek091102.htm HTTP/1.1" 200 8538 "-" "BacklinkCrawler (http://www.backlinktest.com/crawler.html)"
46.4.100.231 - - [16/Sep/2012:14:28:47 +0200] "GET /hirek/hirek091103.htm HTTP/1.1" 200 7301 "-" "BacklinkCrawler (http://www.backlinktest.com/crawler.html)"
46.4.100.231 - - [16/Sep/2012:14:28:49 +0200] "GET /hirek/hirek091221.htm HTTP/1.1" 200 6740 "-" "BacklinkCrawler (http://www.backlinktest.com/crawler.html)"
46.4.100.231 - - [16/Sep/2012:14:28:51 +0200] "GET /hirek/hirek100225.htm HTTP/1.1" 200 7288 "-" "BacklinkCrawler (http://www.backlinktest.com/crawler.html)"
46.4.100.231 - - [16/Sep/2012:14:28:53 +0200] "GET /hirek/hirek100305.htm HTTP/1.1" 200 7091 "-" "BacklinkCrawler (http://www.backlinktest.com/crawler.html)"
46.4.100.231 - - [16/Sep/2012:14:28:55 +0200] "GET /hirek/hirek100420.htm HTTP/1.1" 200 7914 "-" "BacklinkCrawler (http://www.backlinktest.com/crawler.html)"
46.4.100.231 - - [16/Sep/2012:14:28:57 +0200] "GET /hirek/hirek100728.htm HTTP/1.1" 200 7560 "-" "BacklinkCrawler (http://www.backlinktest.com/crawler.html)"
46.4.100.231 - - [16/Sep/2012:14:29:00 +0200] "GET /hirek/hirek100804.htm HTTP/1.1" 200 8056 "-" "BacklinkCrawler (http://www.backlinktest.com/crawler.html)"
46.4.100.231 - - [16/Sep/2012:14:29:01 +0200] "GET /hirek/hirek100810.htm HTTP/1.1" 200 8123 "-" "BacklinkCrawler (http://www.backlinktest.com/crawler.html)"
46.4.100.231 - - [16/Sep/2012:14:29:03 +0200] "GET /hirek/hirek101025.htm HTTP/1.1" 200 8786 "-" "BacklinkCrawler (http://www.backlinktest.com/crawler.html)"
46.4.100.231 - - [16/Sep/2012:14:29:05 +0200] "GET /hirek/hirek101027.htm HTTP/1.1" 200 9627 "-" "BacklinkCrawler (http://www.backlinktest.com/crawler.html)"
46.4.100.231 - - [16/Sep/2012:14:29:07 +0200] "GET /hirek/hirek101213.htm HTTP/1.1" 200 8671 "-" "BacklinkCrawler (http://www.backlinktest.com/crawler.html)"
46.4.100.231 - - [16/Sep/2012:14:29:09 +0200] "GET /hirek/hirek120120.htm HTTP/1.1" 200 6634 "-" "BacklinkCrawler (http://www.backlinktest.com/crawler.html)"
46.4.100.231 - - [16/Sep/2012:14:29:11 +0200] "GET /hirek/hirek120207.htm HTTP/1.1" 200 6586 "-" "BacklinkCrawler (http://www.backlinktest.com/crawler.html)"
46.4.100.231 - - [16/Sep/2012:14:29:13 +0200] "GET /jog HTTP/1.1" 301 311 "-" "BacklinkCrawler (http://www.backlinktest.com/crawler.html)"
46.4.100.231 - - [16/Sep/2012:14:29:15 +0200] "GET /fiok/index.html HTTP/1.1" 200 20554 "-" "BacklinkCrawler (http://www.backlinktest.com/crawler.html)"
46.4.100.231 - - [16/Sep/2012:14:29:18 +0200] "GET /deutsch/index.htm HTTP/1.1" 200 5324 "-" "BacklinkCrawler (http://www.backlinktest.com/crawler.html)"
46.4.100.231 - - [16/Sep/2012:14:29:19 +0200] "GET /english/index.htm HTTP/1.1" 200 5262 "-" "BacklinkCrawler (http://www.backlinktest.com/crawler.html)"
46.4.100.231 - - [16/Sep/2012:14:29:21 +0200] "GET /media.htm HTTP/1.1" 200 5208 "-" "BacklinkCrawler (http://www.backlinktest.com/crawler.html)"
46.4.100.231 - - [16/Sep/2012:14:29:23 +0200] "GET /kapcsolat.htm HTTP/1.1" 200 6889 "-" "BacklinkCrawler (http://www.backlinktest.com/crawler.html)"
46.4.100.231 - - [16/Sep/2012:14:29:25 +0200] "GET /programok.htm HTTP/1.1" 200 6444 "-" "BacklinkCrawler (http://www.backlinktest.com/crawler.html)"
46.4.100.231 - - [16/Sep/2012:14:29:27 +0200] "GET /magunkrol.htm HTTP/1.1" 200 9202 "-" "BacklinkCrawler (http://www.backlinktest.com/crawler.html)"
46.4.100.231 - - [16/Sep/2012:14:29:29 +0200] "GET /index.htm HTTP/1.1" 200 23778 "-" "BacklinkCrawler (http://www.backlinktest.com/crawler.html)"
46.4.100.231 - - [16/Sep/2012:14:29:31 +0200] "GET /hirek/hirek090930.htm HTTP/1.1" 200 7044 "-" "BacklinkCrawler (http://www.backlinktest.com/crawler.html)"
46.4.100.231 - - [16/Sep/2012:14:29:33 +0200] "GET /hirek/hirek090619.htm HTTP/1.1" 200 7871 "-" "BacklinkCrawler (http://www.backlinktest.com/crawler.html)"
46.4.100.231 - - [16/Sep/2012:14:29:36 +0200] "GET /hirek/hirek090605.htm HTTP/1.1" 200 7994 "-" "BacklinkCrawler (http://www.backlinktest.com/crawler.html)"
46.4.100.231 - - [16/Sep/2012:14:29:37 +0200] "GET /hirek/hirek090602.htm HTTP/1.1" 200 7261 "-" "BacklinkCrawler (http://www.backlinktest.com/crawler.html)"
46.4.100.231 - - [16/Sep/2012:14:29:39 +0200] "GET /hirek/hirek090510.htm HTTP/1.1" 200 12743 "-" "BacklinkCrawler (http://www.backlinktest.com/crawler.html)"
46.4.100.231 - - [16/Sep/2012:14:29:41 +0200] "GET /hirek/hirek090509.htm HTTP/1.1" 200 7803 "-" "BacklinkCrawler (http://www.backlinktest.com/crawler.html)"
46.4.100.231 - - [16/Sep/2012:14:29:43 +0200] "GET /hirek/hirek090428.htm HTTP/1.1" 200 24808 "-" "BacklinkCrawler (http://www.backlinktest.com/crawler.html)"
208.115.113.84 - - [16/Sep/2012:14:29:44 +0200] "GET /nca08.htm HTTP/1.1" 200 21795 "-" "Mozilla/5.0 (compatible; Ezooms/1.0; ezooms.bot@gmail.com)"
46.4.100.231 - - [16/Sep/2012:14:29:45 +0200] "GET /hirek/hirek090303.htm HTTP/1.1" 200 7721 "-" "BacklinkCrawler (http://www.backlinktest.com/crawler.html)"
46.4.100.231 - - [16/Sep/2012:14:29:47 +0200] "GET /hirek/hirek090302.htm HTTP/1.1" 200 8452 "-" "BacklinkCrawler (http://www.backlinktest.com/crawler.html)"
46.4.100.231 - - [16/Sep/2012:14:29:49 +0200] "GET /hirek/hirek090301.htm HTTP/1.1" 200 7022 "-" "BacklinkCrawler (http://www.backlinktest.com/crawler.html)"
46.4.100.231 - - [16/Sep/2012:14:29:51 +0200] "GET /hirek/hirek09_03.htm HTTP/1.1" 200 10810 "-" "BacklinkCrawler (http://www.backlinktest.com/crawler.html)"
46.4.100.231 - - [16/Sep/2012:14:29:54 +0200] "GET /hirek09_03.htm HTTP/1.1" 200 10726 "-" "BacklinkCrawler (http://www.backlinktest.com/crawler.html)"
46.4.100.231 - - [16/Sep/2012:14:29:55 +0200] "GET /hirek/hirek090215.htm HTTP/1.1" 200 9398 "-" "BacklinkCrawler (http://www.backlinktest.com/crawler.html)"
46.4.100.231 - - [16/Sep/2012:14:29:57 +0200] "GET /hirek09_02.htm HTTP/1.1" 200 7450 "-" "BacklinkCrawler (http://www.backlinktest.com/crawler.html)"
46.4.100.231 - - [16/Sep/2012:14:29:59 +0200] "GET /hirek/hirek09_02.htm HTTP/1.1" 200 7534 "-" "BacklinkCrawler (http://www.backlinktest.com/crawler.html)"
46.4.100.231 - - [16/Sep/2012:14:30:01 +0200] "GET /hirek09_01.htm HTTP/1.1" 200 6841 "-" "BacklinkCrawler (http://www.backlinktest.com/crawler.html)"
46.4.100.231 - - [16/Sep/2012:14:30:03 +0200] "GET /hirek/hirek09_01.htm HTTP/1.1" 200 6925 "-" "BacklinkCrawler (http://www.backlinktest.com/crawler.html)"
46.4.100.231 - - [16/Sep/2012:14:30:05 +0200] "GET /hirek08_12.htm HTTP/1.1" 200 8268 "-" "BacklinkCrawler (http://www.backlinktest.com/crawler.html)"
46.4.100.231 - - [16/Sep/2012:14:30:07 +0200] "GET /hirek/hirek08_12.htm HTTP/1.1" 200 8352 "-" "BacklinkCrawler (http://www.backlinktest.com/crawler.html)"
46.4.100.231 - - [16/Sep/2012:14:30:10 +0200] "GET /hirek08_11.htm HTTP/1.1" 200 7253 "-" "BacklinkCrawler (http://www.backlinktest.com/crawler.html)"
46.4.100.231 - - [16/Sep/2012:14:30:11 +0200] "GET /hirek/hirek08_11.htm HTTP/1.1" 200 7337 "-" "BacklinkCrawler (http://www.backlinktest.com/crawler.html)"
46.4.100.231 - - [16/Sep/2012:14:30:13 +0200] "GET /hirek08_10.htm HTTP/1.1" 200 6946 "-" "BacklinkCrawler (http://www.backlinktest.com/crawler.html)"
46.4.100.231 - - [16/Sep/2012:14:30:15 +0200] "GET /hirek/hirek08_10.htm HTTP/1.1" 200 7030 "-" "BacklinkCrawler (http://www.backlinktest.com/crawler.html)"
46.4.100.231 - - [16/Sep/2012:14:30:17 +0200] "GET /fiok.html HTTP/1.1" 404 1181 "-" "BacklinkCrawler (http://www.backlinktest.com/crawler.html)"
46.4.100.231 - - [16/Sep/2012:14:30:19 +0200] "GET /news.html HTTP/1.1" 404 1181 "-" "BacklinkCrawler (http://www.backlinktest.com/crawler.html)"
46.4.100.231 - - [16/Sep/2012:14:30:21 +0200] "GET /mult.htm HTTP/1.1" 404 1181 "-" "BacklinkCrawler (http://www.backlinktest.com/crawler.html)"
46.4.100.231 - - [16/Sep/2012:14:30:23 +0200] "GET /kornyezet.htm HTTP/1.1" 404 1181 "-" "BacklinkCrawler (http://www.backlinktest.com/crawler.html)"
46.4.100.231 - - [16/Sep/2012:14:30:25 +0200] "GET /gazdasag.htm HTTP/1.1" 404 1181 "-" "BacklinkCrawler (http://www.backlinktest.com/crawler.html)"
46.4.100.231 - - [16/Sep/2012:14:30:27 +0200] "GET /stellen.htm HTTP/1.1" 404 1181 "-" "BacklinkCrawler (http://www.backlinktest.com/crawler.html)"
46.4.100.231 - - [16/Sep/2012:14:30:29 +0200] "GET /programme.htm HTTP/1.1" 404 1181 "-" "BacklinkCrawler (http://www.backlinktest.com/crawler.html)"
46.4.100.231 - - [16/Sep/2012:14:30:31 +0200] "GET /kontakt.htm HTTP/1.1" 404 1181 "-" "BacklinkCrawler (http://www.backlinktest.com/crawler.html)"
46.4.100.231 - - [16/Sep/2012:14:30:33 +0200] "GET /introduction.htm HTTP/1.1" 404 1181 "-" "BacklinkCrawler (http://www.backlinktest.com/crawler.html)"
46.4.100.231 - - [16/Sep/2012:14:30:35 +0200] "GET /programs.htm HTTP/1.1" 404 1181 "-" "BacklinkCrawler (http://www.backlinktest.com/crawler.html)"
46.4.100.231 - - [16/Sep/2012:14:30:37 +0200] "GET /contact.htm HTTP/1.1" 404 1181 "-" "BacklinkCrawler (http://www.backlinktest.com/crawler.html)"
46.4.100.231 - - [16/Sep/2012:14:30:39 +0200] "GET /ncta.htm HTTP/1.1" 200 7221 "-" "BacklinkCrawler (http://www.backlinktest.com/crawler.html)"
66.249.66.60 - - [16/Sep/2012:14:43:09 +0200] "GET /jog/images/subitem.png HTTP/1.1" 200 81 "-" "Mozilla/5.0 (compatible; Googlebot/2.1; +http://www.google.com/bot.html)"
66.249.72.66 - - [16/Sep/2012:14:43:10 +0200] "GET /jog/images/post_c.png HTTP/1.1" 200 204 "-" "Mozilla/5.0 (compatible; Googlebot/2.1; +http://www.google.com/bot.html)"
66.249.66.60 - - [16/Sep/2012:14:43:10 +0200] "GET /jog/images/post_s.png HTTP/1.1" 200 466 "-" "Mozilla/5.0 (compatible; Googlebot/2.1; +http://www.google.com/bot.html)"
66.249.72.66 - - [16/Sep/2012:14:43:11 +0200] "GET /jog/images/post_v.png HTTP/1.1" 200 310 "-" "Mozilla/5.0 (compatible; Googlebot/2.1; +http://www.google.com/bot.html)"
66.249.66.60 - - [16/Sep/2012:14:43:12 +0200] "GET /jog/images/spacer.gif HTTP/1.1" 200 43 "-" "Mozilla/5.0 (compatible; Googlebot/2.1; +http://www.google.com/bot.html)"
66.249.66.60 - - [16/Sep/2012:14:43:12 +0200] "GET /jog/images/post_h.png HTTP/1.1" 200 292 "-" "Mozilla/5.0 (compatible; Googlebot/2.1; +http://www.google.com/bot.html)"
66.249.66.60 - - [16/Sep/2012:14:43:13 +0200] "GET /jog/images/nav.png HTTP/1.1" 200 10482 "-" "Mozilla/5.0 (compatible; Googlebot/2.1; +http://www.google.com/bot.html)"
66.249.66.60 - - [16/Sep/2012:14:43:14 +0200] "GET /jog/images/header.png HTTP/1.1" 200 170837 "-" "Mozilla/5.0 (compatible; Googlebot/2.1; +http://www.google.com/bot.html)"
66.249.66.60 - - [16/Sep/2012:14:43:15 +0200] "GET /jog/images/Bottom_texture.jpg HTTP/1.1" 200 193775 "-" "Mozilla/5.0 (compatible; Googlebot/2.1; +http://www.google.com/bot.html)"
66.249.66.60 - - [16/Sep/2012:14:44:40 +0200] "GET /jog/eseteink/derekegyhaza/foldhivatalnak_2.pdf HTTP/1.1" 304 - "-" "Mozilla/5.0 (compatible; Googlebot/2.1; +http://www.google.com/bot.html)"
66.249.72.66 - - [16/Sep/2012:15:05:05 +0200] "GET /jog/pub/fuzet_beliv_jav2.pdf HTTP/1.1" 304 - "-" "Mozilla/5.0 (compatible; Googlebot/2.1; +http://www.google.com/bot.html)"
37.140.141.19 - - [16/Sep/2012:15:08:57 +0200] "GET /images/norway_grants_.jpg HTTP/1.1" 200 4440 "-" "Mozilla/5.0 (compatible; YandexImages/3.0; +http://yandex.com/bots)"
66.249.66.60 - - [16/Sep/2012:15:31:11 +0200] "GET / HTTP/1.1" 304 - "-" "Mozilla/5.0 (compatible; Googlebot/2.1; +http://www.google.com/bot.html)"
66.249.66.60 - - [16/Sep/2012:15:39:00 +0200] "GET /jog/eseteink/duzzaszto/index.htm HTTP/1.1" 304 - "-" "Mozilla/5.0 (compatible; Googlebot/2.1; +http://www.google.com/bot.html)"
66.249.66.60 - - [16/Sep/2012:15:42:40 +0200] "GET /jog/eseteink/kavicszatony/mura_bejelentes.pdf HTTP/1.1" 304 - "-" "Mozilla/5.0 (compatible; Googlebot/2.1; +http://www.google.com/bot.html)"
66.249.66.60 - - [16/Sep/2012:15:44:05 +0200] "GET /jog/rendorsegifeljelentes.htm HTTP/1.1" 304 - "-" "Mozilla/5.0 (compatible; Googlebot/2.1; +http://www.google.com/bot.html)"
66.249.66.60 - - [16/Sep/2012:15:44:42 +0200] "GET /jog/adathozzaferes.htm HTTP/1.1" 304 - "-" "Mozilla/5.0 (compatible; Googlebot/2.1; +http://www.google.com/bot.html)"
66.249.72.66 - - [16/Sep/2012:15:53:55 +0200] "GET /jog/slapp.htm HTTP/1.1" 304 - "-" "Mozilla/5.0 (compatible; Googlebot/2.1; +http://www.google.com/bot.html)"
66.249.72.66 - - [16/Sep/2012:15:57:14 +0200] "GET /jog/eseteink/korosladany/beavatkozas_pesti_birosag.pdf HTTP/1.1" 304 - "-" "Mozilla/5.0 (compatible; Googlebot/2.1; +http://www.google.com/bot.html)"
66.249.66.60 - - [16/Sep/2012:15:59:46 +0200] "GET /jog/eseteink/korosladany/nimfea%20vm%20vegzes_001.pdf HTTP/1.1" 304 - "-" "Mozilla/5.0 (compatible; Googlebot/2.1; +http://www.google.com/bot.html)"
66.249.66.60 - - [16/Sep/2012:16:02:35 +0200] "GET /jog/eseteink/korosladany/dalerd%20lb%20itelet_001.pdf HTTP/1.1" 304 - "-" "Mozilla/5.0 (compatible; Googlebot/2.1; +http://www.google.com/bot.html)"
37.140.141.19 - - [16/Sep/2012:16:04:22 +0200] "GET /images/okotars_szines_.jpg HTTP/1.1" 200 23743 "-" "Mozilla/5.0 (compatible; YandexImages/3.0; +http://yandex.com/bots)"
208.115.113.84 - - [16/Sep/2012:16:16:38 +0200] "GET /robots.txt HTTP/1.1" 404 1181 "-" "Mozilla/5.0 (compatible; Ezooms/1.0; ezooms.bot@gmail.com)"
37.140.141.19 - - [16/Sep/2012:17:01:43 +0200] "GET /images/karpatok_.jpg HTTP/1.1" 200 15902 "-" "Mozilla/5.0 (compatible; YandexImages/3.0; +http://yandex.com/bots)"
37.140.141.19 - - [16/Sep/2012:17:54:47 +0200] "GET /tm06_.jpg HTTP/1.1" 200 1382 "-" "Mozilla/5.0 (compatible; YandexImages/3.0; +http://yandex.com/bots)"
208.115.113.84 - - [16/Sep/2012:18:31:50 +0200] "GET /english/introduction.htm HTTP/1.1" 200 6502 "-" "Mozilla/5.0 (compatible; Ezooms/1.0; ezooms.bot@gmail.com)"
37.140.141.19 - - [16/Sep/2012:18:49:30 +0200] "GET /images/72_nfu.jpg HTTP/1.1" 200 603912 "-" "Mozilla/5.0 (compatible; YandexImages/3.0; +http://yandex.com/bots)"
66.249.72.182 - - [16/Sep/2012:19:43:18 +0200] "GET /robots.txt HTTP/1.1" 404 1181 "-" "Mozilla/5.0 (compatible; Googlebot/2.1; +http://www.google.com/bot.html)"
66.249.66.115 - - [16/Sep/2012:19:43:18 +0200] "GET / HTTP/1.1" 200 23778 "-" "Mozilla/5.0 (compatible; Googlebot/2.1; +http://www.google.com/bot.html)"
37.140.141.19 - - [16/Sep/2012:19:44:10 +0200] "GET /deutsch/d03.jpg HTTP/1.1" 200 1235 "-" "Mozilla/5.0 (compatible; YandexImages/3.0; +http://yandex.com/bots)"
157.55.35.112 - - [16/Sep/2012:19:54:11 +0200] "GET /robots.txt HTTP/1.1" 404 1181 "-" "Mozilla/5.0 (compatible; bingbot/2.0; +http://www.bing.com/bingbot.htm)"
157.55.35.112 - - [16/Sep/2012:20:14:46 +0200] "GET /media.htm HTTP/1.1" 200 5208 "-" "Mozilla/5.0 (compatible; bingbot/2.0; +http://www.bing.com/bingbot.htm)"
157.55.32.116 - - [16/Sep/2012:20:20:54 +0200] "GET /jog/jogszabalyok/vadaszati_torveny.pdf HTTP/1.1" 200 34654 "-" "Mozilla/5.0 (compatible; bingbot/2.0; +http://www.bing.com/bingbot.htm)"
37.140.141.19 - - [16/Sep/2012:20:38:15 +0200] "GET /deutsch/d04.jpg HTTP/1.1" 200 1181 "-" "Mozilla/5.0 (compatible; YandexImages/3.0; +http://yandex.com/bots)"
157.55.33.125 - - [16/Sep/2012:20:42:59 +0200] "GET /deutsch/index.htm HTTP/1.1" 200 5324 "-" "Mozilla/5.0 (compatible; bingbot/2.0; +http://www.bing.com/bingbot.htm)"
66.249.66.60 - - [16/Sep/2012:21:18:44 +0200] "GET /robots.txt HTTP/1.1" 404 1181 "-" "Mozilla/5.0 (compatible; Googlebot/2.1; +http://www.google.com/bot.html)"
66.249.66.60 - - [16/Sep/2012:21:18:44 +0200] "GET /hirek/hirek120207.htm HTTP/1.1" 304 - "-" "Mozilla/5.0 (iPhone; U; CPU iPhone OS 4_1 like Mac OS X; en-us) AppleWebKit/532.9 (KHTML, like Gecko) Version/4.0.5 Mobile/8B117 Safari/6531.22.7 (compatible; Googlebot-Mobile/2.1; +http://www.google.com/bot.html)"
37.140.141.19 - - [16/Sep/2012:21:34:32 +0200] "GET /deutsch/d02.jpg HTTP/1.1" 200 1339 "-" "Mozilla/5.0 (compatible; YandexImages/3.0; +http://yandex.com/bots)"
37.140.141.19 - - [16/Sep/2012:22:28:53 +0200] "GET /images/demnet_.jpg HTTP/1.1" 200 4808 "-" "Mozilla/5.0 (compatible; YandexImages/3.0; +http://yandex.com/bots)"
37.140.141.19 - - [16/Sep/2012:23:27:12 +0200] "GET /images/kvvm.jpg HTTP/1.1" 200 5375 "-" "Mozilla/5.0 (compatible; YandexImages/3.0; +http://yandex.com/bots)"
37.140.141.19 - - [17/Sep/2012:00:20:42 +0200] "GET /english/e03.jpg HTTP/1.1" 200 1393 "-" "Mozilla/5.0 (compatible; YandexImages/3.0; +http://yandex.com/bots)"
66.249.66.60 - - [17/Sep/2012:00:43:28 +0200] "GET /fiok/ HTTP/1.1" 304 - "-" "Mozilla/5.0 (compatible; Googlebot/2.1; +http://www.google.com/bot.html)"
66.249.66.60 - - [17/Sep/2012:00:45:36 +0200] "GET /fiok/ HTTP/1.1" 304 - "-" "Mozilla/5.0 (compatible; Googlebot/2.1; +http://www.google.com/bot.html)"
37.140.141.19 - - [17/Sep/2012:01:14:40 +0200] "GET /tm07.jpg HTTP/1.1" 200 1007 "-" "Mozilla/5.0 (compatible; YandexImages/3.0; +http://yandex.com/bots)"
37.140.141.19 - - [17/Sep/2012:02:08:46 +0200] "GET /jog/img/nca_logo_.png HTTP/1.1" 200 7180 "-" "Mozilla/5.0 (compatible; YandexImages/3.0; +http://yandex.com/bots)"
157.55.35.112 - - [17/Sep/2012:02:21:56 +0200] "GET /robots.txt HTTP/1.1" 404 1181 "-" "Mozilla/5.0 (compatible; bingbot/2.0; +http://www.bing.com/bingbot.htm)"
157.55.35.112 - - [17/Sep/2012:02:26:14 +0200] "GET /jog/eseteink/poroszlo/poroszlo-ombudsman.pdf HTTP/1.1" 200 161212 "-" "Mozilla/5.0 (compatible; bingbot/2.0; +http://www.bing.com/bingbot.htm)"
66.249.72.182 - - [17/Sep/2012:02:41:39 +0200] "GET /jog/jogszabalyok/2011_clxxv.pdf HTTP/1.1" 304 - "-" "Mozilla/5.0 (compatible; Googlebot/2.1; +http://www.google.com/bot.html)"
66.249.66.60 - - [17/Sep/2012:02:55:51 +0200] "GET /jog/eseteink/malom/index.htm HTTP/1.1" 304 - "-" "Mozilla/5.0 (compatible; Googlebot/2.1; +http://www.google.com/bot.html)"
37.140.141.19 - - [17/Sep/2012:03:02:55 +0200] "GET /a1_projekt_tabla_infra_cs3_beklenhaz_.jpg HTTP/1.1" 200 8994 "-" "Mozilla/5.0 (compatible; YandexImages/3.0; +http://yandex.com/bots)"
157.55.35.112 - - [17/Sep/2012:03:09:31 +0200] "GET /jog/eseteink/poroszlo/poroszlo-ombudsman.pdf HTTP/1.1" 200 161212 "-" "Mozilla/5.0 (compatible; bingbot/2.0; +http://www.bing.com/bingbot.htm)"
66.249.66.60 - - [17/Sep/2012:03:31:37 +0200] "GET /jog/eseteink/dakar/index.htm HTTP/1.1" 304 - "-" "Mozilla/5.0 (compatible; Googlebot/2.1; +http://www.google.com/bot.html)"
37.140.141.19 - - [17/Sep/2012:03:57:38 +0200] "GET /tm04.jpg HTTP/1.1" 200 2613 "-" "Mozilla/5.0 (compatible; YandexImages/3.0; +http://yandex.com/bots)"
5.45.202.218 - - [17/Sep/2012:04:34:28 +0200] "GET /robots.txt HTTP/1.1" 404 1181 "-" "Mozilla/5.0 (compatible; YandexBot/3.0; +http://yandex.com/bots)"
5.45.202.218 - - [17/Sep/2012:04:34:33 +0200] "GET /fiok/ HTTP/1.1" 200 20554 "-" "Mozilla/5.0 (compatible; YandexBot/3.0; +http://yandex.com/bots)"
5.45.202.218 - - [17/Sep/2012:04:34:38 +0200] "GET /fiok/ HTTP/1.1" 200 20554 "-" "Mozilla/5.0 (compatible; YandexBot/3.0; +http://yandex.com/bots)"
5.45.202.218 - - [17/Sep/2012:04:34:43 +0200] "GET /fiok/index.html HTTP/1.1" 200 20554 "-" "Mozilla/5.0 (compatible; YandexBot/3.0; +http://yandex.com/bots)"
5.45.202.218 - - [17/Sep/2012:04:34:48 +0200] "GET /fiok/index.html HTTP/1.1" 200 20554 "-" "Mozilla/5.0 (compatible; YandexBot/3.0; +http://yandex.com/bots)"
66.249.66.60 - - [17/Sep/2012:04:48:29 +0200] "GET /jog/eseteink/kavicszatony/mura_bejelentes1.pdf HTTP/1.1" 304 - "-" "Mozilla/5.0 (compatible; Googlebot/2.1; +http://www.google.com/bot.html)"
66.249.66.60 - - [17/Sep/2012:04:53:00 +0200] "GET /jog/eseteink/derekegyhaza/lev_nimfea_36868.pdf HTTP/1.1" 304 - "-" "Mozilla/5.0 (compatible; Googlebot/2.1; +http://www.google.com/bot.html)"
37.140.141.19 - - [17/Sep/2012:04:55:15 +0200] "GET /a1_projekt_tabla_infra_cs3_beklenhaz.jpg HTTP/1.1" 200 73344 "-" "Mozilla/5.0 (compatible; YandexImages/3.0; +http://yandex.com/bots)"
66.249.66.60 - - [17/Sep/2012:05:05:26 +0200] "GET /jog/eseteink/derekegyhaza/tajekoztatas_keres_mszh_kozp.pdf HTTP/1.1" 304 - "-" "Mozilla/5.0 (compatible; Googlebot/2.1; +http://www.google.com/bot.html)"
66.249.66.60 - - [17/Sep/2012:05:06:33 +0200] "GET /jog/eseteink/derekegyhaza/kotvife_kekto_kerites.pdf HTTP/1.1" 304 - "-" "Mozilla/5.0 (compatible; Googlebot/2.1; +http://www.google.com/bot.html)"
66.249.66.60 - - [17/Sep/2012:05:32:01 +0200] "GET /jog/eseteink/derekegyhaza/kotevife_volt_e_skv.pdf HTTP/1.1" 304 - "-" "Mozilla/5.0 (compatible; Googlebot/2.1; +http://www.google.com/bot.html)"
66.249.66.60 - - [17/Sep/2012:05:34:01 +0200] "GET /jog/eseteink/korosladany/nemzeti_park_adatkeres_korosladany.pdf HTTP/1.1" 304 - "-" "Mozilla/5.0 (compatible; Googlebot/2.1; +http://www.google.com/bot.html)"
37.140.141.19 - - [17/Sep/2012:05:48:50 +0200] "GET /tm01.jpg HTTP/1.1" 200 1080 "-" "Mozilla/5.0 (compatible; YandexImages/3.0; +http://yandex.com/bots)"
66.249.66.60 - - [17/Sep/2012:06:00:00 +0200] "GET /jog/eseteink/korosladany/ujra_allamitikarnak_koztiszt_mulasztas_miatt.pdf HTTP/1.1" 304 - "-" "Mozilla/5.0 (compatible; Googlebot/2.1; +http://www.google.com/bot.html)"
37.140.141.19 - - [17/Sep/2012:06:41:54 +0200] "GET /nimfea_project_250x250.gif HTTP/1.1" 200 2986583 "-" "Mozilla/5.0 (compatible; YandexImages/3.0; +http://yandex.com/bots)"
66.249.66.60 - - [17/Sep/2012:07:30:37 +0200] "GET /jog/eseteink/korosladany/oktvf-nek2.pdf HTTP/1.1" 304 - "-" "Mozilla/5.0 (compatible; Googlebot/2.1; +http://www.google.com/bot.html)"
37.140.141.19 - - [17/Sep/2012:07:35:27 +0200] "GET /tm02_.jpg HTTP/1.1" 200 1524 "-" "Mozilla/5.0 (compatible; YandexImages/3.0; +http://yandex.com/bots)"
208.115.113.84 - - [17/Sep/2012:08:07:43 +0200] "GET /robots.txt HTTP/1.1" 404 1181 "-" "Mozilla/5.0 (compatible; Ezooms/1.0; ezooms.bot@gmail.com)"
83.149.126.98 - - [17/Sep/2012:08:15:20 +0200] "GET /robots.txt HTTP/1.0" 404 1181 "-" "Mozilla/5.0 (compatible; MJ12bot/v1.4.3; http://www.majestic12.co.uk/bot.php?+)"
83.149.126.98 - - [17/Sep/2012:08:15:22 +0200] "GET /bunt.htm HTTP/1.0" 200 5683 "-" "Mozilla/5.0 (compatible; MJ12bot/v1.4.3; http://www.majestic12.co.uk/bot.php?+)"
83.149.126.98 - - [17/Sep/2012:08:15:23 +0200] "GET /civilmuhely.htm HTTP/1.0" 200 8450 "-" "Mozilla/5.0 (compatible; MJ12bot/v1.4.3; http://www.majestic12.co.uk/bot.php?+)"
83.149.126.98 - - [17/Sep/2012:08:15:25 +0200] "GET /deutsch/kontakt.htm HTTP/1.0" 200 4769 "-" "Mozilla/5.0 (compatible; MJ12bot/v1.4.3; http://www.majestic12.co.uk/bot.php?+)"
83.149.126.98 - - [17/Sep/2012:08:15:26 +0200] "GET /deutsch/programme.htm HTTP/1.0" 200 6045 "-" "Mozilla/5.0 (compatible; MJ12bot/v1.4.3; http://www.majestic12.co.uk/bot.php?+)"
83.149.126.98 - - [17/Sep/2012:08:15:28 +0200] "GET /deutsch/stellen.htm HTTP/1.0" 200 6824 "-" "Mozilla/5.0 (compatible; MJ12bot/v1.4.3; http://www.majestic12.co.uk/bot.php?+)"
83.149.126.98 - - [17/Sep/2012:08:15:29 +0200] "GET /english/contact.htm HTTP/1.0" 200 4601 "-" "Mozilla/5.0 (compatible; MJ12bot/v1.4.3; http://www.majestic12.co.uk/bot.php?+)"
83.149.126.98 - - [17/Sep/2012:08:15:31 +0200] "GET /english/introduction.htm HTTP/1.0" 200 6502 "-" "Mozilla/5.0 (compatible; MJ12bot/v1.4.3; http://www.majestic12.co.uk/bot.php?+)"
83.149.126.98 - - [17/Sep/2012:08:15:32 +0200] "GET /english/programs.htm HTTP/1.0" 200 5614 "-" "Mozilla/5.0 (compatible; MJ12bot/v1.4.3; http://www.majestic12.co.uk/bot.php?+)"
83.149.126.98 - - [17/Sep/2012:08:15:33 +0200] "GET /fiok/fiok.html HTTP/1.0" 406 435 "-" "Mozilla/5.0 (compatible; MJ12bot/v1.4.3; http://www.majestic12.co.uk/bot.php?+)"
83.149.126.98 - - [17/Sep/2012:08:15:35 +0200] "GET /fiok/gazdasag.htm HTTP/1.0" 200 22480 "-" "Mozilla/5.0 (compatible; MJ12bot/v1.4.3; http://www.majestic12.co.uk/bot.php?+)"
83.149.126.98 - - [17/Sep/2012:08:15:36 +0200] "GET /fiok/kapcsolat.htm HTTP/1.0" 200 17416 "-" "Mozilla/5.0 (compatible; MJ12bot/v1.4.3; http://www.majestic12.co.uk/bot.php?+)"
83.149.126.98 - - [17/Sep/2012:08:15:38 +0200] "GET /fiok/kornyezet.htm HTTP/1.0" 200 22582 "-" "Mozilla/5.0 (compatible; MJ12bot/v1.4.3; http://www.majestic12.co.uk/bot.php?+)"
83.149.126.98 - - [17/Sep/2012:08:15:39 +0200] "GET /fiok/mult.htm HTTP/1.0" 200 23227 "-" "Mozilla/5.0 (compatible; MJ12bot/v1.4.3; http://www.majestic12.co.uk/bot.php?+)"
83.149.126.98 - - [17/Sep/2012:08:15:41 +0200] "GET /fiok/news.html HTTP/1.0" 404 1181 "-" "Mozilla/5.0 (compatible; MJ12bot/v1.4.3; http://www.majestic12.co.uk/bot.php?+)"
83.149.126.98 - - [17/Sep/2012:08:15:43 +0200] "GET /fiok/programok.htm HTTP/1.0" 200 18165 "-" "Mozilla/5.0 (compatible; MJ12bot/v1.4.3; http://www.majestic12.co.uk/bot.php?+)"
83.149.126.98 - - [17/Sep/2012:08:15:44 +0200] "GET /hirek/fiok/index.html HTTP/1.0" 404 1181 "-" "Mozilla/5.0 (compatible; MJ12bot/v1.4.3; http://www.majestic12.co.uk/bot.php?+)"
83.149.126.98 - - [17/Sep/2012:08:15:45 +0200] "GET /hirek/hirek08_10.htm HTTP/1.0" 200 7030 "-" "Mozilla/5.0 (compatible; MJ12bot/v1.4.3; http://www.majestic12.co.uk/bot.php?+)"
83.149.126.98 - - [17/Sep/2012:08:15:47 +0200] "GET /hirek/hirek08_11.htm HTTP/1.0" 200 7337 "-" "Mozilla/5.0 (compatible; MJ12bot/v1.4.3; http://www.majestic12.co.uk/bot.php?+)"
83.149.126.98 - - [17/Sep/2012:08:15:48 +0200] "GET /hirek/hirek08_12.htm HTTP/1.0" 200 8352 "-" "Mozilla/5.0 (compatible; MJ12bot/v1.4.3; http://www.majestic12.co.uk/bot.php?+)"
83.149.126.98 - - [17/Sep/2012:08:15:50 +0200] "GET /hirek/hirek090215.htm HTTP/1.0" 200 9398 "-" "Mozilla/5.0 (compatible; MJ12bot/v1.4.3; http://www.majestic12.co.uk/bot.php?+)"
83.149.126.98 - - [17/Sep/2012:08:15:51 +0200] "GET /hirek/hirek09_01.htm HTTP/1.0" 200 6925 "-" "Mozilla/5.0 (compatible; MJ12bot/v1.4.3; http://www.majestic12.co.uk/bot.php?+)"
83.149.126.98 - - [17/Sep/2012:08:15:53 +0200] "GET /hirek/hirek09_02.htm HTTP/1.0" 200 7534 "-" "Mozilla/5.0 (compatible; MJ12bot/v1.4.3; http://www.majestic12.co.uk/bot.php?+)"
83.149.126.98 - - [17/Sep/2012:08:15:54 +0200] "GET /hirek08_10.htm HTTP/1.0" 200 6946 "-" "Mozilla/5.0 (compatible; MJ12bot/v1.4.3; http://www.majestic12.co.uk/bot.php?+)"
83.149.126.98 - - [17/Sep/2012:08:15:56 +0200] "GET /hirek08_11.htm HTTP/1.0" 200 7253 "-" "Mozilla/5.0 (compatible; MJ12bot/v1.4.3; http://www.majestic12.co.uk/bot.php?+)"
83.149.126.98 - - [17/Sep/2012:08:15:57 +0200] "GET /hirek08_12.htm HTTP/1.0" 200 8268 "-" "Mozilla/5.0 (compatible; MJ12bot/v1.4.3; http://www.majestic12.co.uk/bot.php?+)"
83.149.126.98 - - [17/Sep/2012:08:15:58 +0200] "GET /hirek09_01.htm HTTP/1.0" 200 6841 "-" "Mozilla/5.0 (compatible; MJ12bot/v1.4.3; http://www.majestic12.co.uk/bot.php?+)"
83.149.126.98 - - [17/Sep/2012:08:16:00 +0200] "GET /hirek09_02.htm HTTP/1.0" 200 7450 "-" "Mozilla/5.0 (compatible; MJ12bot/v1.4.3; http://www.majestic12.co.uk/bot.php?+)"
83.149.126.98 - - [17/Sep/2012:08:16:01 +0200] "GET /khb.htm HTTP/1.0" 200 8719 "-" "Mozilla/5.0 (compatible; MJ12bot/v1.4.3; http://www.majestic12.co.uk/bot.php?+)"
83.149.126.98 - - [17/Sep/2012:08:16:03 +0200] "GET /nca.htm HTTP/1.0" 200 7467 "-" "Mozilla/5.0 (compatible; MJ12bot/v1.4.3; http://www.majestic12.co.uk/bot.php?+)"
83.149.126.98 - - [17/Sep/2012:08:16:04 +0200] "GET /ncta.htm HTTP/1.0" 200 7221 "-" "Mozilla/5.0 (compatible; MJ12bot/v1.4.3; http://www.majestic12.co.uk/bot.php?+)"
83.149.126.98 - - [17/Sep/2012:08:16:06 +0200] "GET /nka.htm HTTP/1.0" 200 6221 "-" "Mozilla/5.0 (compatible; MJ12bot/v1.4.3; http://www.majestic12.co.uk/bot.php?+)"
83.149.126.98 - - [17/Sep/2012:08:16:07 +0200] "GET /szakmai.htm HTTP/1.0" 200 6054 "-" "Mozilla/5.0 (compatible; MJ12bot/v1.4.3; http://www.majestic12.co.uk/bot.php?+)"
188.6.161.42 - - [17/Sep/2012:09:21:48 +0200] "GET /hirek/Natura_2000es_gyepgazdalkodas_eloirasai.ppt HTTP/1.1" 200 62600 "http://www.google.hu/url?sa=t&rct=j&q=natura%202000%20%C3%A1prilis%20kasz%C3%A1l%C3%A1s&source=web&cd=10&cad=rja&ved=0CGEQFjAJ&url=http%3A%2F%2Fwww.beklen.hu%2Fhirek%2FNatura_2000es_gyepgazdalkodas_eloirasai.ppt&ei=Nc9WUP-4K8rBswb5jIHAAw&usg=AFQjCNG8LfbJHhsQnf2GHHlP2nweoOOGlQ" "Mozilla/4.0 (compatible; MSIE 8.0; Windows NT 5.1; Trident/4.0; .NET CLR 1.1.4322; .NET CLR 2.0.50727)"
188.6.161.42 - - [17/Sep/2012:09:21:53 +0200] "GET /hirek/Natura_2000es_gyepgazdalkodas_eloirasai.ppt HTTP/1.1" 206 325120 "http://www.google.hu/url?sa=t&rct=j&q=natura%202000%20%C3%A1prilis%20kasz%C3%A1l%C3%A1s&source=web&cd=10&cad=rja&ved=0CGEQFjAJ&url=http%3A%2F%2Fwww.beklen.hu%2Fhirek%2FNatura_2000es_gyepgazdalkodas_eloirasai.ppt&ei=Nc9WUP-4K8rBswb5jIHAAw&usg=AFQjCNG8LfbJHhsQnf2GHHlP2nweoOOGlQ" "Mozilla/4.0 (compatible; MSIE 8.0; Windows NT 5.1; Trident/4.0; .NET CLR 1.1.4322; .NET CLR 2.0.50727)"
188.6.161.42 - - [17/Sep/2012:09:21:54 +0200] "OPTIONS /hirek/ HTTP/1.1" 200 - "-" "Microsoft Office Protocol Discovery"
188.6.161.42 - - [17/Sep/2012:09:21:54 +0200] "HEAD /hirek/Natura_2000es_gyepgazdalkodas_eloirasai.ppt HTTP/1.1" 200 0 "-" "Microsoft Office Existence Discovery"
77.20.5.126 - - [17/Sep/2012:10:02:34 +0200] "GET /jog/eljaraskezd.htm HTTP/1.1" 200 13730 "-" "findlinks/2.0.2 (+http://wortschatz.uni-leipzig.de/findlinks/)"
66.249.72.66 - - [17/Sep/2012:10:06:34 +0200] "GET /robots.txt HTTP/1.1" 404 1181 "-" "Mozilla/5.0 (compatible; Googlebot/2.1; +http://www.google.com/bot.html)"
66.249.66.60 - - [17/Sep/2012:10:06:34 +0200] "GET /hirek/hirek091102.htm HTTP/1.1" 304 - "-" "Mozilla/5.0 (compatible; Googlebot/2.1; +http://www.google.com/bot.html)"
66.249.66.60 - - [17/Sep/2012:10:14:26 +0200] "GET /hirek/hirek101025.htm HTTP/1.1" 200 8786 "-" "Mozilla/5.0 (compatible; Googlebot/2.1; +http://www.google.com/bot.html)"
66.249.66.60 - - [17/Sep/2012:10:25:37 +0200] "GET /hirek/hirek100810.htm HTTP/1.1" 200 8123 "-" "Mozilla/5.0 (compatible; Googlebot/2.1; +http://www.google.com/bot.html)"
66.249.66.60 - - [17/Sep/2012:10:29:28 +0200] "GET /hirek/hirek091103.htm HTTP/1.1" 304 - "-" "Mozilla/5.0 (compatible; Googlebot/2.1; +http://www.google.com/bot.html)"
208.115.113.84 - - [17/Sep/2012:10:30:33 +0200] "GET /jog/ HTTP/1.1" 200 13138 "-" "Mozilla/5.0 (compatible; Ezooms/1.0; ezooms.bot@gmail.com)"
208.115.113.84 - - [17/Sep/2012:10:30:33 +0200] "GET /jog/jogsegely.htm HTTP/1.1" 200 14053 "-" "Mozilla/5.0 (compatible; Ezooms/1.0; ezooms.bot@gmail.com)"
66.249.72.66 - - [17/Sep/2012:10:42:35 +0200] "GET /hirek/fiok/index.html HTTP/1.1" 404 1181 "-" "Mozilla/5.0 (compatible; Googlebot/2.1; +http://www.google.com/bot.html)"
178.154.210.252 - - [17/Sep/2012:10:51:17 +0200] "GET /robots.txt HTTP/1.1" 404 1181 "-" "Mozilla/5.0 (compatible; YandexBot/3.0; +http://yandex.com/bots)"
178.154.210.252 - - [17/Sep/2012:10:51:20 +0200] "GET /hirek/Microsoft%20Word%20-%20csongradi%20duzzaszto%20velemeny%202009.06.11..doc.pdf HTTP/1.1" 200 321155 "-" "Mozilla/5.0 (compatible; YandexBot/3.0; +http://yandex.com/bots)"
66.249.66.60 - - [17/Sep/2012:11:01:26 +0200] "GET /hirek/hirek091221.htm HTTP/1.1" 304 - "-" "Mozilla/5.0 (compatible; Googlebot/2.1; +http://www.google.com/bot.html)"
157.55.35.53 - - [17/Sep/2012:11:07:46 +0200] "GET /robots.txt HTTP/1.1" 404 1181 "-" "Mozilla/5.0 (compatible; bingbot/2.0; +http://www.bing.com/bingbot.htm)"
66.249.66.115 - - [17/Sep/2012:11:48:57 +0200] "GET /robots.txt HTTP/1.1" 404 1181 "-" "Mozilla/5.0 (compatible; Googlebot/2.1; +http://www.google.com/bot.html)"
66.249.66.115 - - [17/Sep/2012:11:48:57 +0200] "GET /fiok/program_reszek/turazas.htm HTTP/1.1" 200 22754 "-" "Mozilla/5.0 (compatible; Googlebot/2.1; +http://www.google.com/bot.html)"
157.55.35.53 - - [17/Sep/2012:12:04:45 +0200] "GET /jog/slapp.htm HTTP/1.1" 200 21314 "-" "Mozilla/5.0 (compatible; bingbot/2.0; +http://www.bing.com/bingbot.htm)"
208.115.113.84 - - [17/Sep/2012:12:26:53 +0200] "GET /robots.txt HTTP/1.1" 404 1181 "-" "Mozilla/5.0 (compatible; Ezooms/1.0; ezooms.bot@gmail.com)"
46.165.197.142 - - [17/Sep/2012:12:29:41 +0200] "GET /robots.txt HTTP/1.0" 404 1181 "-" "Mozilla/5.0 (compatible; MJ12bot/v1.4.3; http://www.majestic12.co.uk/bot.php?+)"
46.165.197.142 - - [17/Sep/2012:12:29:43 +0200] "GET /fiok.html HTTP/1.0" 404 1181 "-" "Mozilla/5.0 (compatible; MJ12bot/v1.4.3; http://www.majestic12.co.uk/bot.php?+)"
46.165.197.142 - - [17/Sep/2012:12:29:45 +0200] "GET /gazdasag.htm HTTP/1.0" 404 1181 "-" "Mozilla/5.0 (compatible; MJ12bot/v1.4.3; http://www.majestic12.co.uk/bot.php?+)"
46.165.197.142 - - [17/Sep/2012:12:29:47 +0200] "GET /kornyezet.htm HTTP/1.0" 404 1181 "-" "Mozilla/5.0 (compatible; MJ12bot/v1.4.3; http://www.majestic12.co.uk/bot.php?+)"
46.165.197.142 - - [17/Sep/2012:12:29:48 +0200] "GET /mult.htm HTTP/1.0" 404 1181 "-" "Mozilla/5.0 (compatible; MJ12bot/v1.4.3; http://www.majestic12.co.uk/bot.php?+)"
46.165.197.142 - - [17/Sep/2012:12:29:50 +0200] "GET /news.html HTTP/1.0" 404 1181 "-" "Mozilla/5.0 (compatible; MJ12bot/v1.4.3; http://www.majestic12.co.uk/bot.php?+)"
66.249.66.60 - - [17/Sep/2012:12:43:07 +0200] "GET /jog/eseteink/korosladany/srbvadi_srb.pdf HTTP/1.1" 304 - "-" "Mozilla/5.0 (compatible; Googlebot/2.1; +http://www.google.com/bot.html)"
66.249.66.60 - - [17/Sep/2012:13:16:14 +0200] "GET /jog/eseteink/korosladany/index.htm HTTP/1.1" 304 - "-" "Mozilla/5.0 (compatible; Googlebot/2.1; +http://www.google.com/bot.html)"
208.115.111.68 - - [17/Sep/2012:14:17:02 +0200] "GET /robots.txt HTTP/1.1" 404 1181 "-" "Mozilla/5.0 (compatible; Ezooms/1.0; ezooms.bot@gmail.com)"
208.115.113.84 - - [17/Sep/2012:14:36:32 +0200] "GET /hirek/hirek090619.htm HTTP/1.1" 200 7871 "-" "Mozilla/5.0 (compatible; Ezooms/1.0; ezooms.bot@gmail.com)"
157.56.229.187 - - [17/Sep/2012:15:11:01 +0200] "GET /robots.txt HTTP/1.1" 404 1181 "-" "Mozilla/5.0 (compatible; bingbot/2.0; +http://www.bing.com/bingbot.htm)"
66.249.66.60 - - [17/Sep/2012:15:35:10 +0200] "GET /robots.txt HTTP/1.1" 404 1181 "-" "Mozilla/5.0 (compatible; Googlebot/2.1; +http://www.google.com/bot.html)"
66.249.66.60 - - [17/Sep/2012:15:35:10 +0200] "GET /hirek/klimatv_civilcikk.doc HTTP/1.1" 304 - "-" "Mozilla/5.0 (compatible; Googlebot/2.1; +http://www.google.com/bot.html)"
37.140.141.19 - - [17/Sep/2012:15:48:09 +0200] "GET /robots.txt HTTP/1.1" 404 1181 "-" "Mozilla/5.0 (compatible; YandexImages/3.0; +http://yandex.com/bots)"
180.76.5.88 - - [17/Sep/2012:15:55:05 +0200] "GET /fiok/program_reszek/erdei_iskola.htm HTTP/1.1" 304 - "-" "Mozilla/5.0 (compatible; Baiduspider/2.0; +http://www.baidu.com/search/spider.html)"
208.115.113.84 - - [17/Sep/2012:16:14:40 +0200] "GET /robots.txt HTTP/1.1" 404 1181 "-" "Mozilla/5.0 (compatible; Ezooms/1.0; ezooms.bot@gmail.com)"
66.249.66.60 - - [17/Sep/2012:16:22:04 +0200] "GET /jog/jogszabalyok/1995.%20evi%20XCIII.%20torveny.pdf HTTP/1.1" 200 125662 "-" "Mozilla/5.0 (compatible; Googlebot/2.1; +http://www.google.com/bot.html)"
208.115.111.68 - - [17/Sep/2012:17:02:47 +0200] "GET /szakmai.htm HTTP/1.1" 200 6054 "-" "Mozilla/5.0 (compatible; Ezooms/1.0; ezooms.bot@gmail.com)"
