84.2.101.115 - - [08/Sep/2012:21:20:24 +0200] "GET /bottom_.jpg HTTP/1.1" 200 93419 "http://www.beklen.hu/media.htm" "Mozilla/4.0 (compatible; MSIE 8.0; Windows NT 6.1; Trident/4.0; BTRS123639; SLCC2; .NET CLR 2.0.50727; .NET CLR 3.5.30729; .NET CLR 3.0.30729; Media Center PC 6.0; .NET4.0C; BOIE9;ENUS)"
84.2.101.115 - - [08/Sep/2012:21:20:24 +0200] "GET /tm02.jpg HTTP/1.1" 304 - "http://www.beklen.hu/media.htm" "Mozilla/4.0 (compatible; MSIE 8.0; Windows NT 6.1; Trident/4.0; BTRS123639; SLCC2; .NET CLR 2.0.50727; .NET CLR 3.5.30729; .NET CLR 3.0.30729; Media Center PC 6.0; .NET4.0C; BOIE9;ENUS)"
84.2.101.115 - - [08/Sep/2012:21:20:24 +0200] "GET /tm03.jpg HTTP/1.1" 304 - "http://www.beklen.hu/media.htm" "Mozilla/4.0 (compatible; MSIE 8.0; Windows NT 6.1; Trident/4.0; BTRS123639; SLCC2; .NET CLR 2.0.50727; .NET CLR 3.5.30729; .NET CLR 3.0.30729; Media Center PC 6.0; .NET4.0C; BOIE9;ENUS)"
84.2.101.115 - - [08/Sep/2012:21:20:24 +0200] "GET /tm04.jpg HTTP/1.1" 304 - "http://www.beklen.hu/media.htm" "Mozilla/4.0 (compatible; MSIE 8.0; Windows NT 6.1; Trident/4.0; BTRS123639; SLCC2; .NET CLR 2.0.50727; .NET CLR 3.5.30729; .NET CLR 3.0.30729; Media Center PC 6.0; .NET4.0C; BOIE9;ENUS)"
84.2.101.115 - - [08/Sep/2012:21:20:24 +0200] "GET /tm05.jpg HTTP/1.1" 304 - "http://www.beklen.hu/media.htm" "Mozilla/4.0 (compatible; MSIE 8.0; Windows NT 6.1; Trident/4.0; BTRS123639; SLCC2; .NET CLR 2.0.50727; .NET CLR 3.5.30729; .NET CLR 3.0.30729; Media Center PC 6.0; .NET4.0C; BOIE9;ENUS)"
84.2.101.115 - - [08/Sep/2012:21:20:24 +0200] "GET /favicon.ico HTTP/1.1" 404 1181 "-" "Mozilla/4.0 (compatible; MSIE 8.0; Windows NT 6.1; Trident/4.0; BTRS123639; SLCC2; .NET CLR 2.0.50727; .NET CLR 3.5.30729; .NET CLR 3.0.30729; Media Center PC 6.0; .NET4.0C; BOIE9;ENUS)"
84.2.101.115 - - [08/Sep/2012:21:20:27 +0200] "GET /magunkrol.htm HTTP/1.1" 200 9202 "http://www.beklen.hu/media.htm" "Mozilla/4.0 (compatible; MSIE 8.0; Windows NT 6.1; Trident/4.0; BTRS123639; SLCC2; .NET CLR 2.0.50727; .NET CLR 3.5.30729; .NET CLR 3.0.30729; Media Center PC 6.0; .NET4.0C; BOIE9;ENUS)"
84.2.101.115 - - [08/Sep/2012:21:20:27 +0200] "GET /vill.cs HTTP/1.1" 304 - "http://www.beklen.hu/magunkrol.htm" "Mozilla/4.0 (compatible; MSIE 8.0; Windows NT 6.1; Trident/4.0; BTRS123639; SLCC2; .NET CLR 2.0.50727; .NET CLR 3.5.30729; .NET CLR 3.0.30729; Media Center PC 6.0; .NET4.0C; BOIE9;ENUS)"
84.2.101.115 - - [08/Sep/2012:21:20:27 +0200] "GET /vill.cs HTTP/1.1" 304 - "http://www.beklen.hu/magunkrol.htm" "Mozilla/4.0 (compatible; MSIE 8.0; Windows NT 6.1; Trident/4.0; BTRS123639; SLCC2; .NET CLR 2.0.50727; .NET CLR 3.5.30729; .NET CLR 3.0.30729; Media Center PC 6.0; .NET4.0C; BOIE9;ENUS)"
84.2.101.115 - - [08/Sep/2012:21:20:27 +0200] "GET /bg.jpg HTTP/1.1" 304 - "http://www.beklen.hu/magunkrol.htm" "Mozilla/4.0 (compatible; MSIE 8.0; Windows NT 6.1; Trident/4.0; BTRS123639; SLCC2; .NET CLR 2.0.50727; .NET CLR 3.5.30729; .NET CLR 3.0.30729; Media Center PC 6.0; .NET4.0C; BOIE9;ENUS)"
84.2.101.115 - - [08/Sep/2012:21:20:27 +0200] "GET /tm01.jpg HTTP/1.1" 304 - "http://www.beklen.hu/magunkrol.htm" "Mozilla/4.0 (compatible; MSIE 8.0; Windows NT 6.1; Trident/4.0; BTRS123639; SLCC2; .NET CLR 2.0.50727; .NET CLR 3.5.30729; .NET CLR 3.0.30729; Media Center PC 6.0; .NET4.0C; BOIE9;ENUS)"
84.2.101.115 - - [08/Sep/2012:21:20:27 +0200] "GET /tm02_.jpg HTTP/1.1" 304 - "http://www.beklen.hu/magunkrol.htm" "Mozilla/4.0 (compatible; MSIE 8.0; Windows NT 6.1; Trident/4.0; BTRS123639; SLCC2; .NET CLR 2.0.50727; .NET CLR 3.5.30729; .NET CLR 3.0.30729; Media Center PC 6.0; .NET4.0C; BOIE9;ENUS)"
84.2.101.115 - - [08/Sep/2012:21:20:27 +0200] "GET /tm03.jpg HTTP/1.1" 304 - "http://www.beklen.hu/magunkrol.htm" "Mozilla/4.0 (compatible; MSIE 8.0; Windows NT 6.1; Trident/4.0; BTRS123639; SLCC2; .NET CLR 2.0.50727; .NET CLR 3.5.30729; .NET CLR 3.0.30729; Media Center PC 6.0; .NET4.0C; BOIE9;ENUS)"
84.2.101.115 - - [08/Sep/2012:21:20:27 +0200] "GET /tm05_.jpg HTTP/1.1" 304 - "http://www.beklen.hu/magunkrol.htm" "Mozilla/4.0 (compatible; MSIE 8.0; Windows NT 6.1; Trident/4.0; BTRS123639; SLCC2; .NET CLR 2.0.50727; .NET CLR 3.5.30729; .NET CLR 3.0.30729; Media Center PC 6.0; .NET4.0C; BOIE9;ENUS)"
84.2.101.115 - - [08/Sep/2012:21:20:27 +0200] "GET /tm06_.jpg HTTP/1.1" 304 - "http://www.beklen.hu/magunkrol.htm" "Mozilla/4.0 (compatible; MSIE 8.0; Windows NT 6.1; Trident/4.0; BTRS123639; SLCC2; .NET CLR 2.0.50727; .NET CLR 3.5.30729; .NET CLR 3.0.30729; Media Center PC 6.0; .NET4.0C; BOIE9;ENUS)"
84.2.101.115 - - [08/Sep/2012:21:20:27 +0200] "GET /tm07.jpg HTTP/1.1" 304 - "http://www.beklen.hu/magunkrol.htm" "Mozilla/4.0 (compatible; MSIE 8.0; Windows NT 6.1; Trident/4.0; BTRS123639; SLCC2; .NET CLR 2.0.50727; .NET CLR 3.5.30729; .NET CLR 3.0.30729; Media Center PC 6.0; .NET4.0C; BOIE9;ENUS)"
84.2.101.115 - - [08/Sep/2012:21:20:27 +0200] "GET /tm04_.jpg HTTP/1.1" 304 - "http://www.beklen.hu/magunkrol.htm" "Mozilla/4.0 (compatible; MSIE 8.0; Windows NT 6.1; Trident/4.0; BTRS123639; SLCC2; .NET CLR 2.0.50727; .NET CLR 3.5.30729; .NET CLR 3.0.30729; Media Center PC 6.0; .NET4.0C; BOIE9;ENUS)"
84.2.101.115 - - [08/Sep/2012:21:20:27 +0200] "GET /bottom_.jpg HTTP/1.1" 304 - "http://www.beklen.hu/magunkrol.htm" "Mozilla/4.0 (compatible; MSIE 8.0; Windows NT 6.1; Trident/4.0; BTRS123639; SLCC2; .NET CLR 2.0.50727; .NET CLR 3.5.30729; .NET CLR 3.0.30729; Media Center PC 6.0; .NET4.0C; BOIE9;ENUS)"
84.2.101.115 - - [08/Sep/2012:21:20:27 +0200] "GET /tm02.jpg HTTP/1.1" 304 - "http://www.beklen.hu/magunkrol.htm" "Mozilla/4.0 (compatible; MSIE 8.0; Windows NT 6.1; Trident/4.0; BTRS123639; SLCC2; .NET CLR 2.0.50727; .NET CLR 3.5.30729; .NET CLR 3.0.30729; Media Center PC 6.0; .NET4.0C; BOIE9;ENUS)"
84.2.101.115 - - [08/Sep/2012:21:20:27 +0200] "GET /tm04.jpg HTTP/1.1" 304 - "http://www.beklen.hu/magunkrol.htm" "Mozilla/4.0 (compatible; MSIE 8.0; Windows NT 6.1; Trident/4.0; BTRS123639; SLCC2; .NET CLR 2.0.50727; .NET CLR 3.5.30729; .NET CLR 3.0.30729; Media Center PC 6.0; .NET4.0C; BOIE9;ENUS)"
84.2.101.115 - - [08/Sep/2012:21:20:27 +0200] "GET /tm05.jpg HTTP/1.1" 304 - "http://www.beklen.hu/magunkrol.htm" "Mozilla/4.0 (compatible; MSIE 8.0; Windows NT 6.1; Trident/4.0; BTRS123639; SLCC2; .NET CLR 2.0.50727; .NET CLR 3.5.30729; .NET CLR 3.0.30729; Media Center PC 6.0; .NET4.0C; BOIE9;ENUS)"
84.2.101.115 - - [08/Sep/2012:21:20:27 +0200] "GET /tm06.jpg HTTP/1.1" 304 - "http://www.beklen.hu/magunkrol.htm" "Mozilla/4.0 (compatible; MSIE 8.0; Windows NT 6.1; Trident/4.0; BTRS123639; SLCC2; .NET CLR 2.0.50727; .NET CLR 3.5.30729; .NET CLR 3.0.30729; Media Center PC 6.0; .NET4.0C; BOIE9;ENUS)"
84.2.101.115 - - [08/Sep/2012:21:20:27 +0200] "GET /tm03_.jpg HTTP/1.1" 304 - "http://www.beklen.hu/magunkrol.htm" "Mozilla/4.0 (compatible; MSIE 8.0; Windows NT 6.1; Trident/4.0; BTRS123639; SLCC2; .NET CLR 2.0.50727; .NET CLR 3.5.30729; .NET CLR 3.0.30729; Media Center PC 6.0; .NET4.0C; BOIE9;ENUS)"
84.2.101.115 - - [08/Sep/2012:21:20:29 +0200] "GET /tm04_.jpg HTTP/1.1" 304 - "http://www.beklen.hu/magunkrol.htm" "Mozilla/4.0 (compatible; MSIE 8.0; Windows NT 6.1; Trident/4.0; BTRS123639; SLCC2; .NET CLR 2.0.50727; .NET CLR 3.5.30729; .NET CLR 3.0.30729; Media Center PC 6.0; .NET4.0C; BOIE9;ENUS)"
84.2.101.115 - - [08/Sep/2012:21:20:29 +0200] "GET /tm03_.jpg HTTP/1.1" 304 - "http://www.beklen.hu/magunkrol.htm" "Mozilla/4.0 (compatible; MSIE 8.0; Windows NT 6.1; Trident/4.0; BTRS123639; SLCC2; .NET CLR 2.0.50727; .NET CLR 3.5.30729; .NET CLR 3.0.30729; Media Center PC 6.0; .NET4.0C; BOIE9;ENUS)"
84.2.101.115 - - [08/Sep/2012:21:20:30 +0200] "GET /tm02_.jpg HTTP/1.1" 304 - "http://www.beklen.hu/magunkrol.htm" "Mozilla/4.0 (compatible; MSIE 8.0; Windows NT 6.1; Trident/4.0; BTRS123639; SLCC2; .NET CLR 2.0.50727; .NET CLR 3.5.30729; .NET CLR 3.0.30729; Media Center PC 6.0; .NET4.0C; BOIE9;ENUS)"
84.2.101.115 - - [08/Sep/2012:21:20:30 +0200] "GET /tm03_.jpg HTTP/1.1" 304 - "http://www.beklen.hu/magunkrol.htm" "Mozilla/4.0 (compatible; MSIE 8.0; Windows NT 6.1; Trident/4.0; BTRS123639; SLCC2; .NET CLR 2.0.50727; .NET CLR 3.5.30729; .NET CLR 3.0.30729; Media Center PC 6.0; .NET4.0C; BOIE9;ENUS)"
84.2.101.115 - - [08/Sep/2012:21:20:30 +0200] "GET /tm04_.jpg HTTP/1.1" 304 - "http://www.beklen.hu/magunkrol.htm" "Mozilla/4.0 (compatible; MSIE 8.0; Windows NT 6.1; Trident/4.0; BTRS123639; SLCC2; .NET CLR 2.0.50727; .NET CLR 3.5.30729; .NET CLR 3.0.30729; Media Center PC 6.0; .NET4.0C; BOIE9;ENUS)"
84.2.101.115 - - [08/Sep/2012:21:20:31 +0200] "GET /tm05_.jpg HTTP/1.1" 304 - "http://www.beklen.hu/magunkrol.htm" "Mozilla/4.0 (compatible; MSIE 8.0; Windows NT 6.1; Trident/4.0; BTRS123639; SLCC2; .NET CLR 2.0.50727; .NET CLR 3.5.30729; .NET CLR 3.0.30729; Media Center PC 6.0; .NET4.0C; BOIE9;ENUS)"
84.2.101.115 - - [08/Sep/2012:21:20:31 +0200] "GET /tm04_.jpg HTTP/1.1" 304 - "http://www.beklen.hu/magunkrol.htm" "Mozilla/4.0 (compatible; MSIE 8.0; Windows NT 6.1; Trident/4.0; BTRS123639; SLCC2; .NET CLR 2.0.50727; .NET CLR 3.5.30729; .NET CLR 3.0.30729; Media Center PC 6.0; .NET4.0C; BOIE9;ENUS)"
208.115.113.84 - - [08/Sep/2012:22:39:36 +0200] "GET /fiok/news.html HTTP/1.1" 404 1181 "-" "Mozilla/5.0 (compatible; Ezooms/1.0; ezooms.bot@gmail.com)"
180.76.6.26 - - [09/Sep/2012:00:24:36 +0200] "GET /fiok/program_reszek/erdei_iskola.htm HTTP/1.1" 304 - "-" "Mozilla/5.0 (compatible; Baiduspider/2.0; +http://www.baidu.com/search/spider.html)"
180.76.5.169 - - [09/Sep/2012:00:28:08 +0200] "GET /fiok/fiok.html HTTP/1.1" 200 20723 "-" "Mozilla/5.0 (compatible; Baiduspider/2.0; +http://www.baidu.com/search/spider.html)"
66.249.66.60 - - [09/Sep/2012:01:33:12 +0200] "GET /robots.txt HTTP/1.1" 404 1181 "-" "Mozilla/5.0 (compatible; Googlebot/2.1; +http://www.google.com/bot.html)"
66.249.66.60 - - [09/Sep/2012:01:33:12 +0200] "GET /fiok/kornyezet.htm HTTP/1.1" 304 - "-" "Mozilla/5.0 (compatible; Googlebot/2.1; +http://www.google.com/bot.html)"
208.115.111.68 - - [09/Sep/2012:02:13:52 +0200] "GET /robots.txt HTTP/1.1" 404 1181 "-" "Mozilla/5.0 (compatible; Ezooms/1.0; ezooms.bot@gmail.com)"
50.17.56.150 - - [09/Sep/2012:04:15:29 +0200] "GET / HTTP/1.0" 200 23778 "-" "Mozilla/5.0 (compatible; NetcraftSurveyAgent/1.0; +info@netcraft.com)"
178.154.210.252 - - [09/Sep/2012:05:10:37 +0200] "GET /index.htm HTTP/1.1" 200 23778 "-" "Mozilla/5.0 (compatible; YandexBot/3.0; +http://yandex.com/bots)"
72.30.142.237 - - [09/Sep/2012:05:13:47 +0200] "GET /robots.txt HTTP/1.0" 404 1181 "-" "Mozilla/5.0 (compatible; Yahoo! Slurp; http://help.yahoo.com/help/us/ysearch/slurp)"
208.115.111.68 - - [09/Sep/2012:06:13:02 +0200] "GET /robots.txt HTTP/1.1" 404 1181 "-" "Mozilla/5.0 (compatible; Ezooms/1.0; ezooms.bot@gmail.com)"
37.140.141.19 - - [09/Sep/2012:06:20:08 +0200] "GET /robots.txt HTTP/1.1" 404 1181 "-" "Mozilla/5.0 (compatible; YandexImages/3.0; +http://yandex.com/bots)"
178.154.210.252 - - [09/Sep/2012:06:44:23 +0200] "GET /hirek/hirek100804.htm HTTP/1.1" 200 8056 "-" "Mozilla/5.0 (compatible; YandexBot/3.0; +http://yandex.com/bots)"
178.154.210.252 - - [09/Sep/2012:06:46:40 +0200] "GET /hirek/hirek091221.htm HTTP/1.1" 304 - "-" "Mozilla/5.0 (compatible; YandexBot/3.0; +http://yandex.com/bots)"
178.154.210.252 - - [09/Sep/2012:06:51:46 +0200] "GET /hirek/klimatv_civilcikk.doc HTTP/1.1" 200 78336 "-" "Mozilla/5.0 (compatible; YandexBot/3.0; +http://yandex.com/bots)"
178.154.210.252 - - [09/Sep/2012:06:58:52 +0200] "GET /hirek/hirek100728.htm HTTP/1.1" 304 - "-" "Mozilla/5.0 (compatible; YandexBot/3.0; +http://yandex.com/bots)"
37.140.141.19 - - [09/Sep/2012:07:03:23 +0200] "GET /english/e01.jpg HTTP/1.1" 200 967 "-" "Mozilla/5.0 (compatible; YandexImages/3.0; +http://yandex.com/bots)"
178.154.210.252 - - [09/Sep/2012:07:49:32 +0200] "GET /robots.txt HTTP/1.1" 404 1181 "-" "Mozilla/5.0 (compatible; YandexBot/3.0; +http://yandex.com/bots)"
178.154.210.252 - - [09/Sep/2012:07:49:34 +0200] "GET /hirek/hirek101025.htm HTTP/1.1" 200 8786 "-" "Mozilla/5.0 (compatible; YandexBot/3.0; +http://yandex.com/bots)"
37.140.141.19 - - [09/Sep/2012:07:51:12 +0200] "GET /images/karpatok_.jpg HTTP/1.1" 200 15902 "-" "Mozilla/5.0 (compatible; YandexImages/3.0; +http://yandex.com/bots)"
180.76.5.97 - - [09/Sep/2012:08:15:22 +0200] "GET /fiok/kapcsolat.htm HTTP/1.1" 304 - "-" "Mozilla/5.0 (compatible; Baiduspider/2.0; +http://www.baidu.com/search/spider.html)"
37.140.141.19 - - [09/Sep/2012:08:40:37 +0200] "GET /images/autonomia_.jpg HTTP/1.1" 200 14792 "-" "Mozilla/5.0 (compatible; YandexImages/3.0; +http://yandex.com/bots)"
178.154.210.252 - - [09/Sep/2012:09:25:02 +0200] "GET /hirek/hirek101027.htm HTTP/1.1" 304 - "-" "Mozilla/5.0 (compatible; YandexBot/3.0; +http://yandex.com/bots)"
178.154.210.252 - - [09/Sep/2012:09:25:04 +0200] "GET /hirek/hirek100810.htm HTTP/1.1" 200 8123 "-" "Mozilla/5.0 (compatible; YandexBot/3.0; +http://yandex.com/bots)"
37.140.141.19 - - [09/Sep/2012:09:34:27 +0200] "GET /tm03.jpg HTTP/1.1" 200 2212 "-" "Mozilla/5.0 (compatible; YandexImages/3.0; +http://yandex.com/bots)"
208.115.111.68 - - [09/Sep/2012:10:14:58 +0200] "GET /robots.txt HTTP/1.1" 404 1181 "-" "Mozilla/5.0 (compatible; Ezooms/1.0; ezooms.bot@gmail.com)"
66.249.71.232 - - [09/Sep/2012:10:28:26 +0200] "GET /robots.txt HTTP/1.1" 404 1181 "-" "Mozilla/5.0 (compatible; Googlebot/2.1; +http://www.google.com/bot.html)"
66.249.66.60 - - [09/Sep/2012:10:28:26 +0200] "GET /jog/pub/fuzet_beliv_jav2.pdf HTTP/1.1" 200 775632 "-" "Mozilla/5.0 (compatible; Googlebot/2.1; +http://www.google.com/bot.html)"
188.165.248.204 - - [09/Sep/2012:10:30:36 +0200] "GET /robots.txt HTTP/1.0" 404 1181 "-" "Mozilla/5.0 (compatible; MJ12bot/v1.4.3; http://www.majestic12.co.uk/bot.php?+)"
188.165.248.204 - - [09/Sep/2012:10:30:45 +0200] "GET / HTTP/1.0" 200 23778 "-" "Mozilla/5.0 (compatible; MJ12bot/v1.4.3; http://www.majestic12.co.uk/bot.php?+)"
37.140.141.19 - - [09/Sep/2012:10:34:02 +0200] "GET /images/norway_grants_.jpg HTTP/1.1" 200 4440 "-" "Mozilla/5.0 (compatible; YandexImages/3.0; +http://yandex.com/bots)"
37.140.141.19 - - [09/Sep/2012:11:31:00 +0200] "GET /images/okotars_szines_.jpg HTTP/1.1" 200 23743 "-" "Mozilla/5.0 (compatible; YandexImages/3.0; +http://yandex.com/bots)"
66.249.66.60 - - [09/Sep/2012:12:09:51 +0200] "GET /fiok/ HTTP/1.1" 304 - "-" "Mozilla/5.0 (iPhone; U; CPU iPhone OS 4_1 like Mac OS X; en-us) AppleWebKit/532.9 (KHTML, like Gecko) Version/4.0.5 Mobile/8B117 Safari/6531.22.7 (compatible; Googlebot-Mobile/2.1; +http://www.google.com/bot.html)"
37.140.141.19 - - [09/Sep/2012:12:32:34 +0200] "GET /images/demnet_.jpg HTTP/1.1" 200 4808 "-" "Mozilla/5.0 (compatible; YandexImages/3.0; +http://yandex.com/bots)"
37.140.141.19 - - [09/Sep/2012:13:38:03 +0200] "GET /images/eea_logo_.jpg HTTP/1.1" 200 32098 "-" "Mozilla/5.0 (compatible; YandexImages/3.0; +http://yandex.com/bots)"
77.20.5.126 - - [09/Sep/2012:14:15:30 +0200] "GET /nca06.htm HTTP/1.1" 200 19034 "-" "findlinks/2.0.2 (+http://wortschatz.uni-leipzig.de/findlinks/)"
37.140.141.19 - - [09/Sep/2012:14:43:57 +0200] "GET /jog/img/magyar_cimer.png HTTP/1.1" 200 1900 "-" "Mozilla/5.0 (compatible; YandexImages/3.0; +http://yandex.com/bots)"
157.55.32.86 - - [09/Sep/2012:15:45:45 +0200] "GET /robots.txt HTTP/1.1" 404 1181 "-" "Mozilla/5.0 (compatible; bingbot/2.0; +http://www.bing.com/bingbot.htm)"
37.140.141.19 - - [09/Sep/2012:15:48:50 +0200] "GET /tm04.jpg HTTP/1.1" 200 2613 "-" "Mozilla/5.0 (compatible; YandexImages/3.0; +http://yandex.com/bots)"
208.115.113.84 - - [09/Sep/2012:16:24:44 +0200] "GET /robots.txt HTTP/1.1" 404 1181 "-" "Mozilla/5.0 (compatible; Ezooms/1.0; ezooms.bot@gmail.com)"
157.55.32.86 - - [09/Sep/2012:16:33:52 +0200] "GET /jog/eseteink/poroszlo/poroszlo-hnp.pdf HTTP/1.1" 200 112892 "-" "Mozilla/5.0 (compatible; bingbot/2.0; +http://www.bing.com/bingbot.htm)"
37.140.141.19 - - [09/Sep/2012:16:52:25 +0200] "GET /a1_projekt_tabla_infra_cs3_beklenhaz.jpg HTTP/1.1" 200 73344 "-" "Mozilla/5.0 (compatible; YandexImages/3.0; +http://yandex.com/bots)"
66.249.66.60 - - [09/Sep/2012:16:56:08 +0200] "GET /jog/eseteink/kavicszatony/mura_fellebbezes1.pdf HTTP/1.1" 304 - "-" "Mozilla/5.0 (compatible; Googlebot/2.1; +http://www.google.com/bot.html)"
66.249.66.60 - - [09/Sep/2012:17:44:42 +0200] "GET /jog/eseteink/kavicszatony/mura_bejelentes.pdf HTTP/1.1" 304 - "-" "Mozilla/5.0 (compatible; Googlebot/2.1; +http://www.google.com/bot.html)"
37.140.141.19 - - [09/Sep/2012:17:56:51 +0200] "GET /english/e02.jpg HTTP/1.1" 200 1349 "-" "Mozilla/5.0 (compatible; YandexImages/3.0; +http://yandex.com/bots)"
66.249.71.232 - - [09/Sep/2012:18:15:33 +0200] "GET /jog/eseteink/kavicszatony/fellebbezes.pdf HTTP/1.1" 304 - "-" "Mozilla/5.0 (compatible; Googlebot/2.1; +http://www.google.com/bot.html)"
66.249.66.60 - - [09/Sep/2012:18:16:56 +0200] "GET /jog/eseteink/malom/fellebbezes_hatarnap.pdf HTTP/1.1" 304 - "-" "Mozilla/5.0 (compatible; Googlebot/2.1; +http://www.google.com/bot.html)"
66.249.66.60 - - [09/Sep/2012:18:18:02 +0200] "GET /jog/eseteink/derekegyhaza/tajekoztatas_keres_mszh_kozp.pdf HTTP/1.1" 304 - "-" "Mozilla/5.0 (compatible; Googlebot/2.1; +http://www.google.com/bot.html)"
66.249.66.60 - - [09/Sep/2012:18:19:08 +0200] "GET /fiok/program_reszek/csaladbarat.htm HTTP/1.1" 304 - "-" "Mozilla/5.0 (compatible; Googlebot/2.1; +http://www.google.com/bot.html)"
66.249.71.232 - - [09/Sep/2012:18:23:54 +0200] "GET /jog/eseteink/kavicszatony/mura_bejelentes1.pdf HTTP/1.1" 304 - "-" "Mozilla/5.0 (compatible; Googlebot/2.1; +http://www.google.com/bot.html)"
66.249.71.232 - - [09/Sep/2012:18:31:07 +0200] "GET /jog/pub/fuzet_beliv_jav2angol.pdf HTTP/1.1" 304 - "-" "Mozilla/5.0 (compatible; Googlebot/2.1; +http://www.google.com/bot.html)"
66.249.66.60 - - [09/Sep/2012:18:38:27 +0200] "GET /fiok/ HTTP/1.1" 304 - "-" "Mozilla/5.0 (iPhone; U; CPU iPhone OS 4_1 like Mac OS X; en-us) AppleWebKit/532.9 (KHTML, like Gecko) Version/4.0.5 Mobile/8B117 Safari/6531.22.7 (compatible; Googlebot-Mobile/2.1; +http://www.google.com/bot.html)"
208.115.113.84 - - [09/Sep/2012:18:40:43 +0200] "GET /fiok/index.html HTTP/1.1" 200 20554 "-" "Mozilla/5.0 (compatible; Ezooms/1.0; ezooms.bot@gmail.com)"
66.249.66.60 - - [09/Sep/2012:18:52:07 +0200] "GET /jog/eseteink/duzzaszto/gyulavari_kotelezes1.pdf HTTP/1.1" 304 - "-" "Mozilla/5.0 (compatible; Googlebot/2.1; +http://www.google.com/bot.html)"
37.140.141.19 - - [09/Sep/2012:19:14:54 +0200] "GET /images/kvvm.jpg HTTP/1.1" 200 5375 "-" "Mozilla/5.0 (compatible; YandexImages/3.0; +http://yandex.com/bots)"
37.140.141.19 - - [09/Sep/2012:20:32:28 +0200] "GET /jog/img/nca_logo_.png HTTP/1.1" 200 7180 "-" "Mozilla/5.0 (compatible; YandexImages/3.0; +http://yandex.com/bots)"
77.20.5.126 - - [09/Sep/2012:21:39:58 +0200] "GET /jog/jogihatter.htm HTTP/1.1" 200 18691 "-" "findlinks/2.0.2 (+http://wortschatz.uni-leipzig.de/findlinks/)"
37.140.141.19 - - [09/Sep/2012:21:50:25 +0200] "GET /jog_honlap_.jpg HTTP/1.1" 200 7186 "-" "Mozilla/5.0 (compatible; YandexImages/3.0; +http://yandex.com/bots)"
72.30.142.237 - - [09/Sep/2012:22:34:54 +0200] "GET /robots.txt HTTP/1.0" 404 1181 "-" "Mozilla/5.0 (compatible; Yahoo! Slurp; http://help.yahoo.com/help/us/ysearch/slurp)"
180.76.5.172 - - [09/Sep/2012:22:52:53 +0200] "GET /fiok/program_reszek/konferancia.htm HTTP/1.1" 304 - "-" "Mozilla/5.0 (compatible; Baiduspider/2.0; +http://www.baidu.com/search/spider.html)"
178.154.210.252 - - [09/Sep/2012:23:05:27 +0200] "GET /hirek/hirek101025.htm HTTP/1.1" 304 - "-" "Mozilla/5.0 (compatible; YandexBot/3.0; +http://yandex.com/bots)"
37.140.141.19 - - [09/Sep/2012:23:08:34 +0200] "GET /tm07.jpg HTTP/1.1" 200 1007 "-" "Mozilla/5.0 (compatible; YandexImages/3.0; +http://yandex.com/bots)"
208.115.113.84 - - [10/Sep/2012:00:25:45 +0200] "GET /robots.txt HTTP/1.1" 404 1181 "-" "Mozilla/5.0 (compatible; Ezooms/1.0; ezooms.bot@gmail.com)"
37.140.141.19 - - [10/Sep/2012:00:27:03 +0200] "GET /tm04_.jpg HTTP/1.1" 200 2058 "-" "Mozilla/5.0 (compatible; YandexImages/3.0; +http://yandex.com/bots)"
178.154.210.252 - - [10/Sep/2012:00:32:51 +0200] "GET /english/index.htm HTTP/1.1" 200 5262 "-" "Mozilla/5.0 (compatible; YandexBot/3.0; +http://yandex.com/bots)"
37.140.141.19 - - [10/Sep/2012:01:44:53 +0200] "GET /tm06_.jpg HTTP/1.1" 200 1382 "-" "Mozilla/5.0 (compatible; YandexImages/3.0; +http://yandex.com/bots)"
208.115.113.84 - - [10/Sep/2012:02:33:46 +0200] "GET /jog/ugyfeljogok.htm HTTP/1.1" 200 14279 "-" "Mozilla/5.0 (compatible; Ezooms/1.0; ezooms.bot@gmail.com)"
208.115.113.84 - - [10/Sep/2012:02:33:48 +0200] "GET /fiok/kornyezet.htm HTTP/1.1" 200 22582 "-" "Mozilla/5.0 (compatible; Ezooms/1.0; ezooms.bot@gmail.com)"
178.154.210.252 - - [10/Sep/2012:02:46:05 +0200] "GET /hirek/hirek100810.htm HTTP/1.1" 304 - "-" "Mozilla/5.0 (compatible; YandexBot/3.0; +http://yandex.com/bots)"
37.140.141.19 - - [10/Sep/2012:03:03:42 +0200] "GET /jog/img/320/sargarigo2.jpg HTTP/1.1" 200 17500 "-" "Mozilla/5.0 (compatible; YandexImages/3.0; +http://yandex.com/bots)"
78.131.88.33 - - [10/Sep/2012:03:06:34 +0200] "GET / HTTP/1.1" 200 23778 "-" "Mozilla/4.0"
78.131.88.33 - - [10/Sep/2012:04:00:59 +0200] "GET / HTTP/1.1" 200 23778 "-" "Mozilla/4.0"
37.140.141.19 - - [10/Sep/2012:04:23:04 +0200] "GET /tm05_.jpg HTTP/1.1" 200 1839 "-" "Mozilla/5.0 (compatible; YandexImages/3.0; +http://yandex.com/bots)"
178.154.210.252 - - [10/Sep/2012:04:52:05 +0200] "GET /hirek/hirek100804.htm HTTP/1.1" 304 - "-" "Mozilla/5.0 (compatible; YandexBot/3.0; +http://yandex.com/bots)"
180.76.5.59 - - [10/Sep/2012:04:53:29 +0200] "GET /fiok/program_reszek/erdei_iskola.htm HTTP/1.1" 304 - "-" "Mozilla/5.0 (compatible; Baiduspider/2.0; +http://www.baidu.com/search/spider.html)"
66.249.66.60 - - [10/Sep/2012:06:46:40 +0200] "GET /robots.txt HTTP/1.1" 404 1181 "-" "Mozilla/5.0 (compatible; Googlebot/2.1; +http://www.google.com/bot.html)"
66.249.66.60 - - [10/Sep/2012:06:46:40 +0200] "GET /jog/eseteink/dakar/dakar_dabas_ugyeszseg_hatarozat.pdf HTTP/1.1" 304 - "-" "Mozilla/5.0 (compatible; Googlebot/2.1; +http://www.google.com/bot.html)"
178.154.210.252 - - [10/Sep/2012:07:09:32 +0200] "GET /hirek/hirek090930.htm HTTP/1.1" 200 7044 "-" "Mozilla/5.0 (compatible; YandexBot/3.0; +http://yandex.com/bots)"
66.249.66.60 - - [10/Sep/2012:07:33:25 +0200] "GET /jog/eljarasokrol.htm HTTP/1.1" 304 - "-" "Mozilla/5.0 (compatible; Googlebot/2.1; +http://www.google.com/bot.html)"
208.115.113.84 - - [10/Sep/2012:08:39:14 +0200] "GET /robots.txt HTTP/1.1" 404 1181 "-" "Mozilla/5.0 (compatible; Ezooms/1.0; ezooms.bot@gmail.com)"
178.154.210.252 - - [10/Sep/2012:09:45:07 +0200] "GET /robots.txt HTTP/1.1" 404 1181 "-" "Mozilla/5.0 (compatible; YandexBot/3.0; +http://yandex.com/bots)"
66.249.66.60 - - [10/Sep/2012:09:49:08 +0200] "GET /jog/eseteink/audi/audi_gyor_restoration_measures11-15.pdf HTTP/1.1" 304 - "-" "Mozilla/5.0 (compatible; Googlebot/2.1; +http://www.google.com/bot.html)"
178.48.113.7 - - [10/Sep/2012:10:08:21 +0200] "GET /fiok/ HTTP/1.1" 200 20554 "http://www.humusz.hu/linkek" "Mozilla/5.0 (X11; Ubuntu; Linux i686; rv:10.0.2) Gecko/20100101 Firefox/10.0.2"
178.48.113.7 - - [10/Sep/2012:10:08:21 +0200] "GET /fiok/css/js/scriptaculous.js?load=effects HTTP/1.1" 200 2152 "http://www.beklen.hu/fiok/" "Mozilla/5.0 (X11; Ubuntu; Linux i686; rv:10.0.2) Gecko/20100101 Firefox/10.0.2"
178.48.113.7 - - [10/Sep/2012:10:08:21 +0200] "GET /fiok/css/js/prototype.js HTTP/1.1" 200 47603 "http://www.beklen.hu/fiok/" "Mozilla/5.0 (X11; Ubuntu; Linux i686; rv:10.0.2) Gecko/20100101 Firefox/10.0.2"
178.48.113.7 - - [10/Sep/2012:10:08:21 +0200] "GET /fiok/css/lightbox.css HTTP/1.1" 200 1715 "http://www.beklen.hu/fiok/" "Mozilla/5.0 (X11; Ubuntu; Linux i686; rv:10.0.2) Gecko/20100101 Firefox/10.0.2"
178.48.113.7 - - [10/Sep/2012:10:08:21 +0200] "GET /fiok/images/index_02_02.JPG HTTP/1.1" 200 1178 "http://www.beklen.hu/fiok/" "Mozilla/5.0 (X11; Ubuntu; Linux i686; rv:10.0.2) Gecko/20100101 Firefox/10.0.2"
178.48.113.7 - - [10/Sep/2012:10:08:21 +0200] "GET /fiok/images/index_11.gif HTTP/1.1" 200 74 "http://www.beklen.hu/fiok/" "Mozilla/5.0 (X11; Ubuntu; Linux i686; rv:10.0.2) Gecko/20100101 Firefox/10.0.2"
178.48.113.7 - - [10/Sep/2012:10:08:21 +0200] "GET /fiok/images/index_12_12.JPG HTTP/1.1" 200 985 "http://www.beklen.hu/fiok/" "Mozilla/5.0 (X11; Ubuntu; Linux i686; rv:10.0.2) Gecko/20100101 Firefox/10.0.2"
178.48.113.7 - - [10/Sep/2012:10:08:21 +0200] "GET /fiok/images/index_13.gif HTTP/1.1" 200 149 "http://www.beklen.hu/fiok/" "Mozilla/5.0 (X11; Ubuntu; Linux i686; rv:10.0.2) Gecko/20100101 Firefox/10.0.2"
178.48.113.7 - - [10/Sep/2012:10:08:21 +0200] "GET /fiok/css/js/lightbox.js HTTP/1.1" 200 23424 "http://www.beklen.hu/fiok/" "Mozilla/5.0 (X11; Ubuntu; Linux i686; rv:10.0.2) Gecko/20100101 Firefox/10.0.2"
178.48.113.7 - - [10/Sep/2012:10:08:21 +0200] "GET /fiok/images/index_14_14.JPG HTTP/1.1" 200 9305 "http://www.beklen.hu/fiok/" "Mozilla/5.0 (X11; Ubuntu; Linux i686; rv:10.0.2) Gecko/20100101 Firefox/10.0.2"
178.48.113.7 - - [10/Sep/2012:10:08:21 +0200] "GET /fiok/images/index_17_17.jpg HTTP/1.1" 200 2374 "http://www.beklen.hu/fiok/" "Mozilla/5.0 (X11; Ubuntu; Linux i686; rv:10.0.2) Gecko/20100101 Firefox/10.0.2"
178.48.113.7 - - [10/Sep/2012:10:08:21 +0200] "GET /fiok/images/index_16_16.JPG HTTP/1.1" 200 13468 "http://www.beklen.hu/fiok/" "Mozilla/5.0 (X11; Ubuntu; Linux i686; rv:10.0.2) Gecko/20100101 Firefox/10.0.2"
178.48.113.7 - - [10/Sep/2012:10:08:21 +0200] "GET /fiok/images/index_19_19.JPG HTTP/1.1" 200 3123 "http://www.beklen.hu/fiok/" "Mozilla/5.0 (X11; Ubuntu; Linux i686; rv:10.0.2) Gecko/20100101 Firefox/10.0.2"
178.48.113.7 - - [10/Sep/2012:10:08:22 +0200] "GET /fiok/images/szovegkep.JPG HTTP/1.1" 200 12792 "http://www.beklen.hu/fiok/" "Mozilla/5.0 (X11; Ubuntu; Linux i686; rv:10.0.2) Gecko/20100101 Firefox/10.0.2"
178.48.113.7 - - [10/Sep/2012:10:08:22 +0200] "GET /fiok/images/index_18_18.JPG HTTP/1.1" 200 15778 "http://www.beklen.hu/fiok/" "Mozilla/5.0 (X11; Ubuntu; Linux i686; rv:10.0.2) Gecko/20100101 Firefox/10.0.2"
178.48.113.7 - - [10/Sep/2012:10:08:22 +0200] "GET /fiok/images/index_15_15.JPG HTTP/1.1" 200 20275 "http://www.beklen.hu/fiok/" "Mozilla/5.0 (X11; Ubuntu; Linux i686; rv:10.0.2) Gecko/20100101 Firefox/10.0.2"
178.48.113.7 - - [10/Sep/2012:10:08:22 +0200] "GET /fiok/images/index_26.gif HTTP/1.1" 200 121 "http://www.beklen.hu/fiok/" "Mozilla/5.0 (X11; Ubuntu; Linux i686; rv:10.0.2) Gecko/20100101 Firefox/10.0.2"
178.48.113.7 - - [10/Sep/2012:10:08:22 +0200] "GET /fiok/images/index_25_25.jpg HTTP/1.1" 200 4960 "http://www.beklen.hu/fiok/" "Mozilla/5.0 (X11; Ubuntu; Linux i686; rv:10.0.2) Gecko/20100101 Firefox/10.0.2"
178.48.113.7 - - [10/Sep/2012:10:08:22 +0200] "GET /fiok/images/index_27_27.jpg HTTP/1.1" 200 12876 "http://www.beklen.hu/fiok/" "Mozilla/5.0 (X11; Ubuntu; Linux i686; rv:10.0.2) Gecko/20100101 Firefox/10.0.2"
178.48.113.7 - - [10/Sep/2012:10:08:22 +0200] "GET /fiok/images/index_21_21.JPG HTTP/1.1" 404 1181 "http://www.beklen.hu/fiok/" "Mozilla/5.0 (X11; Ubuntu; Linux i686; rv:10.0.2) Gecko/20100101 Firefox/10.0.2"
178.48.113.7 - - [10/Sep/2012:10:08:22 +0200] "GET /fiok/images/spacer.gif HTTP/1.1" 200 43 "http://www.beklen.hu/fiok/" "Mozilla/5.0 (X11; Ubuntu; Linux i686; rv:10.0.2) Gecko/20100101 Firefox/10.0.2"
178.48.113.7 - - [10/Sep/2012:10:08:22 +0200] "GET /fiok/images/a4a.jpg HTTP/1.1" 200 524 "http://www.beklen.hu/fiok/" "Mozilla/5.0 (X11; Ubuntu; Linux i686; rv:10.0.2) Gecko/20100101 Firefox/10.0.2"
178.48.113.7 - - [10/Sep/2012:10:08:22 +0200] "GET /fiok/images/b4b.jpg HTTP/1.1" 200 524 "http://www.beklen.hu/fiok/" "Mozilla/5.0 (X11; Ubuntu; Linux i686; rv:10.0.2) Gecko/20100101 Firefox/10.0.2"
178.48.113.7 - - [10/Sep/2012:10:08:22 +0200] "GET /fiok/images/c4c.jpg HTTP/1.1" 200 524 "http://www.beklen.hu/fiok/" "Mozilla/5.0 (X11; Ubuntu; Linux i686; rv:10.0.2) Gecko/20100101 Firefox/10.0.2"
178.48.113.7 - - [10/Sep/2012:10:08:22 +0200] "GET /fiok/images/d4d.jpg HTTP/1.1" 200 524 "http://www.beklen.hu/fiok/" "Mozilla/5.0 (X11; Ubuntu; Linux i686; rv:10.0.2) Gecko/20100101 Firefox/10.0.2"
178.48.113.7 - - [10/Sep/2012:10:08:22 +0200] "GET /fiok/images/e4e.jpg HTTP/1.1" 200 524 "http://www.beklen.hu/fiok/" "Mozilla/5.0 (X11; Ubuntu; Linux i686; rv:10.0.2) Gecko/20100101 Firefox/10.0.2"
178.48.113.7 - - [10/Sep/2012:10:08:22 +0200] "GET /fiok/css/js/effects.js HTTP/1.1" 200 31969 "http://www.beklen.hu/fiok/" "Mozilla/5.0 (X11; Ubuntu; Linux i686; rv:10.0.2) Gecko/20100101 Firefox/10.0.2"
178.48.113.7 - - [10/Sep/2012:10:08:22 +0200] "GET /fiok/images/b12.jpg HTTP/1.1" 200 544 "http://www.beklen.hu/fiok/" "Mozilla/5.0 (X11; Ubuntu; Linux i686; rv:10.0.2) Gecko/20100101 Firefox/10.0.2"
178.48.113.7 - - [10/Sep/2012:10:08:22 +0200] "GET /fiok/images/index_21_21.JPG HTTP/1.1" 404 1181 "http://www.beklen.hu/fiok/" "Mozilla/5.0 (X11; Ubuntu; Linux i686; rv:10.0.2) Gecko/20100101 Firefox/10.0.2"
178.48.113.7 - - [10/Sep/2012:10:08:22 +0200] "GET /fiok/images/index_22.gif HTTP/1.1" 200 227 "http://www.beklen.hu/fiok/" "Mozilla/5.0 (X11; Ubuntu; Linux i686; rv:10.0.2) Gecko/20100101 Firefox/10.0.2"
178.48.113.7 - - [10/Sep/2012:10:08:22 +0200] "GET /fiok/images/index_28.gif HTTP/1.1" 200 262 "http://www.beklen.hu/fiok/" "Mozilla/5.0 (X11; Ubuntu; Linux i686; rv:10.0.2) Gecko/20100101 Firefox/10.0.2"
178.48.113.7 - - [10/Sep/2012:10:08:22 +0200] "GET /fiok/images/index_24.gif HTTP/1.1" 200 227 "http://www.beklen.hu/fiok/" "Mozilla/5.0 (X11; Ubuntu; Linux i686; rv:10.0.2) Gecko/20100101 Firefox/10.0.2"
178.48.113.7 - - [10/Sep/2012:10:08:22 +0200] "GET /favicon.ico HTTP/1.1" 404 1181 "-" "Mozilla/5.0 (X11; Ubuntu; Linux i686; rv:10.0.2) Gecko/20100101 Firefox/10.0.2"
178.48.113.7 - - [10/Sep/2012:10:08:22 +0200] "GET /lb/images/closelabel.gif HTTP/1.1" 200 222 "http://www.beklen.hu/fiok/" "Mozilla/5.0 (X11; Ubuntu; Linux i686; rv:10.0.2) Gecko/20100101 Firefox/10.0.2"
178.48.113.7 - - [10/Sep/2012:10:08:22 +0200] "GET /lb/images/loading.gif HTTP/1.1" 200 2767 "http://www.beklen.hu/fiok/" "Mozilla/5.0 (X11; Ubuntu; Linux i686; rv:10.0.2) Gecko/20100101 Firefox/10.0.2"
178.48.113.7 - - [10/Sep/2012:10:08:22 +0200] "GET /favicon.ico HTTP/1.1" 404 1181 "-" "Mozilla/5.0 (X11; Ubuntu; Linux i686; rv:10.0.2) Gecko/20100101 Firefox/10.0.2"
208.115.113.84 - - [10/Sep/2012:10:52:54 +0200] "GET /media.htm HTTP/1.1" 200 5208 "-" "Mozilla/5.0 (compatible; Ezooms/1.0; ezooms.bot@gmail.com)"
208.115.113.84 - - [10/Sep/2012:10:52:56 +0200] "GET /jog/adathozzaferes.htm HTTP/1.1" 200 13800 "-" "Mozilla/5.0 (compatible; Ezooms/1.0; ezooms.bot@gmail.com)"
66.249.66.60 - - [10/Sep/2012:11:01:00 +0200] "GET /jog/eseteink/korosladany/ujabb_panasz.pdf HTTP/1.1" 304 - "-" "Mozilla/5.0 (compatible; Googlebot/2.1; +http://www.google.com/bot.html)"
69.164.111.198 - - [10/Sep/2012:11:07:22 +0200] "GET /JOG/ESETEINK/DAKAR/DAKAR_UGYESZSEG_LP.PDF HTTP/1.0" 404 1181 "-" "Mozilla/4.0 (compatible; MSIE 8.0; Windows NT 6.1; WOW64; Trident/4.0; SLCC2; .NET CLR 2.0.50727; .NET CLR 3.5.30729; .NET CLR 3.0.30729; Media Center PC 6.0; MDDC)"
37.140.141.19 - - [10/Sep/2012:11:56:58 +0200] "GET /robots.txt HTTP/1.1" 404 1181 "-" "Mozilla/5.0 (compatible; YandexImages/3.0; +http://yandex.com/bots)"
66.249.66.60 - - [10/Sep/2012:11:59:36 +0200] "GET /hirek/hirek090428.htm HTTP/1.1" 304 - "-" "Mozilla/5.0 (compatible; Googlebot/2.1; +http://www.google.com/bot.html)"
66.249.66.60 - - [10/Sep/2012:12:19:07 +0200] "GET /jog/eseteink/derekegyhaza/lev_nimfea_36868.pdf HTTP/1.1" 304 - "-" "Mozilla/5.0 (compatible; Googlebot/2.1; +http://www.google.com/bot.html)"
66.249.66.60 - - [10/Sep/2012:12:31:44 +0200] "GET /jog/rendorsegifeljelentes.htm HTTP/1.1" 304 - "-" "Mozilla/5.0 (compatible; Googlebot/2.1; +http://www.google.com/bot.html)"
37.140.141.19 - - [10/Sep/2012:12:33:29 +0200] "GET /nimfea_project_250x250.gif HTTP/1.1" 200 2986583 "-" "Mozilla/5.0 (compatible; YandexImages/3.0; +http://yandex.com/bots)"
66.249.66.60 - - [10/Sep/2012:12:40:54 +0200] "GET /jog/adathozzaferes.htm HTTP/1.1" 304 - "-" "Mozilla/5.0 (compatible; Googlebot/2.1; +http://www.google.com/bot.html)"
66.249.66.60 - - [10/Sep/2012:12:57:59 +0200] "GET /jog/eseteink/derekegyhaza/kotvife_kekto_kerites.pdf HTTP/1.1" 304 - "-" "Mozilla/5.0 (compatible; Googlebot/2.1; +http://www.google.com/bot.html)"
37.140.141.19 - - [10/Sep/2012:13:13:01 +0200] "GET /tm01.jpg HTTP/1.1" 200 1080 "-" "Mozilla/5.0 (compatible; YandexImages/3.0; +http://yandex.com/bots)"
66.249.66.60 - - [10/Sep/2012:13:28:34 +0200] "GET /jog/eseteink/derekegyhaza/kotevife_volt_e_skv.pdf HTTP/1.1" 304 - "-" "Mozilla/5.0 (compatible; Googlebot/2.1; +http://www.google.com/bot.html)"
66.249.66.60 - - [10/Sep/2012:13:44:45 +0200] "GET /jog/eseteink/derekegyhaza/fvm_kekto.pdf HTTP/1.1" 304 - "-" "Mozilla/5.0 (compatible; Googlebot/2.1; +http://www.google.com/bot.html)"
37.140.141.19 - - [10/Sep/2012:13:51:35 +0200] "GET /tm03_.jpg HTTP/1.1" 200 1787 "-" "Mozilla/5.0 (compatible; YandexImages/3.0; +http://yandex.com/bots)"
208.115.111.68 - - [10/Sep/2012:14:17:11 +0200] "GET /robots.txt HTTP/1.1" 404 1181 "-" "Mozilla/5.0 (compatible; Ezooms/1.0; ezooms.bot@gmail.com)"
180.76.5.57 - - [10/Sep/2012:14:29:43 +0200] "GET /fiok HTTP/1.1" 301 312 "-" "Mozilla/5.0 (compatible; Baiduspider/2.0; +http://www.baidu.com/search/spider.html)"
180.76.5.96 - - [10/Sep/2012:14:29:44 +0200] "GET /fiok/ HTTP/1.1" 200 20554 "-" "Mozilla/5.0 (compatible; Baiduspider/2.0; +http://www.baidu.com/search/spider.html)"
37.140.141.19 - - [10/Sep/2012:14:31:31 +0200] "GET /english/e03.jpg HTTP/1.1" 200 1393 "-" "Mozilla/5.0 (compatible; YandexImages/3.0; +http://yandex.com/bots)"
72.30.142.237 - - [10/Sep/2012:14:37:59 +0200] "GET /robots.txt HTTP/1.0" 404 1181 "-" "Mozilla/5.0 (compatible; Yahoo! Slurp; http://help.yahoo.com/help/us/ysearch/slurp)"
37.140.141.19 - - [10/Sep/2012:15:10:25 +0200] "GET /tm02.jpg HTTP/1.1" 200 1873 "-" "Mozilla/5.0 (compatible; YandexImages/3.0; +http://yandex.com/bots)"
37.140.141.19 - - [10/Sep/2012:15:46:38 +0200] "GET /a1_projekt_tabla_infra_cs3_beklenhaz_.jpg HTTP/1.1" 200 8994 "-" "Mozilla/5.0 (compatible; YandexImages/3.0; +http://yandex.com/bots)"
208.115.113.84 - - [10/Sep/2012:16:18:43 +0200] "GET /robots.txt HTTP/1.1" 404 1181 "-" "Mozilla/5.0 (compatible; Ezooms/1.0; ezooms.bot@gmail.com)"
37.140.141.19 - - [10/Sep/2012:16:22:19 +0200] "GET /english/e04.jpg HTTP/1.1" 200 1124 "-" "Mozilla/5.0 (compatible; YandexImages/3.0; +http://yandex.com/bots)"
178.154.210.252 - - [10/Sep/2012:16:49:26 +0200] "GET / HTTP/1.1" 200 23778 "-" "Mozilla/5.0 (compatible; YandexBot/3.0; +http://yandex.com/bots)"
37.140.141.19 - - [10/Sep/2012:16:59:01 +0200] "GET /images/nca_logo.jpg HTTP/1.1" 200 4244 "-" "Mozilla/5.0 (compatible; YandexImages/3.0; +http://yandex.com/bots)"
208.115.111.68 - - [10/Sep/2012:17:01:43 +0200] "GET /english/index.htm HTTP/1.1" 200 5262 "-" "Mozilla/5.0 (compatible; Ezooms/1.0; ezooms.bot@gmail.com)"
208.115.111.68 - - [10/Sep/2012:17:01:43 +0200] "GET /hirek/hirek100804.htm HTTP/1.1" 200 8056 "-" "Mozilla/5.0 (compatible; Ezooms/1.0; ezooms.bot@gmail.com)"
178.154.210.252 - - [10/Sep/2012:17:17:06 +0200] "GET /jog HTTP/1.1" 301 311 "-" "Mozilla/5.0 (compatible; YandexBot/3.0; +http://yandex.com/bots)"
37.140.141.19 - - [10/Sep/2012:17:19:37 +0200] "GET /tm02_.jpg HTTP/1.1" 200 1524 "-" "Mozilla/5.0 (compatible; YandexImages/3.0; +http://yandex.com/bots)"
178.255.215.69 - - [10/Sep/2012:17:20:26 +0200] "GET /robots.txt HTTP/1.1" 404 1181 "-" "Mozilla/5.0 (compatible; Exabot/3.0; +http://www.exabot.com/go/robot)"
178.255.215.69 - - [10/Sep/2012:17:20:26 +0200] "GET / HTTP/1.1" 200 23778 "-" "Mozilla/5.0 (compatible; Exabot/3.0; +http://www.exabot.com/go/robot)"
66.249.66.60 - - [10/Sep/2012:17:22:19 +0200] "GET / HTTP/1.1" 200 23778 "-" "Mozilla/5.0 (iPhone; U; CPU iPhone OS 4_1 like Mac OS X; en-us) AppleWebKit/532.9 (KHTML, like Gecko) Version/4.0.5 Mobile/8B117 Safari/6531.22.7 (compatible; Googlebot-Mobile/2.1; +http://www.google.com/bot.html)"
66.249.66.60 - - [10/Sep/2012:17:32:05 +0200] "GET /lb/css/lightbox.css HTTP/1.1" 200 1715 "-" "Mozilla/5.0 (compatible; Googlebot/2.1; +http://www.google.com/bot.html)"
66.249.71.232 - - [10/Sep/2012:17:32:06 +0200] "GET /lb/js/lightbox.js HTTP/1.1" 200 23424 "-" "Mozilla/5.0 (compatible; Googlebot/2.1; +http://www.google.com/bot.html)"
66.249.66.60 - - [10/Sep/2012:17:32:08 +0200] "GET /lb/js/prototype.js HTTP/1.1" 200 47603 "-" "Mozilla/5.0 (compatible; Googlebot/2.1; +http://www.google.com/bot.html)"
66.249.66.60 - - [10/Sep/2012:17:32:08 +0200] "GET /lb/js/effects.js HTTP/1.1" 200 31969 "-" "Mozilla/5.0 (compatible; Googlebot/2.1; +http://www.google.com/bot.html)"
208.115.113.84 - - [10/Sep/2012:18:44:27 +0200] "GET /ncta_a.htm HTTP/1.1" 200 7260 "-" "Mozilla/5.0 (compatible; Ezooms/1.0; ezooms.bot@gmail.com)"
66.249.71.232 - - [10/Sep/2012:18:58:08 +0200] "GET /robots.txt HTTP/1.1" 404 1181 "-" "Mozilla/5.0 (compatible; Googlebot/2.1; +http://www.google.com/bot.html)"
66.249.66.60 - - [10/Sep/2012:18:58:08 +0200] "GET /hirek/hirek091015.htm HTTP/1.1" 304 - "-" "Mozilla/5.0 (iPhone; U; CPU iPhone OS 4_1 like Mac OS X; en-us) AppleWebKit/532.9 (KHTML, like Gecko) Version/4.0.5 Mobile/8B117 Safari/6531.22.7 (compatible; Googlebot-Mobile/2.1; +http://www.google.com/bot.html)"
157.56.93.194 - - [10/Sep/2012:19:55:15 +0200] "GET /robots.txt HTTP/1.1" 404 1181 "-" "Mozilla/5.0 (compatible; bingbot/2.0; +http://www.bing.com/bingbot.htm)"
157.56.93.212 - - [10/Sep/2012:20:11:53 +0200] "GET / HTTP/1.1" 200 23778 "-" "Mozilla/5.0 (Windows NT 6.1; WOW64) AppleWebKit/534+ (KHTML, like Gecko) BingPreview/1.0b"
65.52.111.245 - - [10/Sep/2012:20:30:19 +0200] "GET /hirek/hirek090605.htm HTTP/1.1" 200 7994 "-" "Mozilla/5.0 (Windows NT 6.1; WOW64) AppleWebKit/534+ (KHTML, like Gecko) BingPreview/1.0b"
157.56.93.191 - - [10/Sep/2012:20:30:26 +0200] "GET /hirek/hirek090605.htm HTTP/1.1" 304 - "-" "Mozilla/5.0 (compatible; bingbot/2.0; +http://www.bing.com/bingbot.htm)"
131.253.46.207 - - [10/Sep/2012:20:30:27 +0200] "GET /robots.txt HTTP/1.1" 404 1181 "-" "Mozilla/5.0 (compatible; bingbot/2.0; +http://www.bing.com/bingbot.htm)"
65.52.111.245 - - [10/Sep/2012:20:31:11 +0200] "GET /vill.cs HTTP/1.1" 200 2676 "-" "Mozilla/5.0 (Windows NT 6.1; WOW64) AppleWebKit/534+ (KHTML, like Gecko) BingPreview/1.0b"
208.115.113.84 - - [10/Sep/2012:20:34:58 +0200] "GET /robots.txt HTTP/1.1" 404 1181 "-" "Mozilla/5.0 (compatible; Ezooms/1.0; ezooms.bot@gmail.com)"
74.125.78.83 - - [10/Sep/2012:21:11:43 +0200] "GET /jog/ HTTP/1.1" 200 13138 "http://www.google.com/search" "Mozilla/5.0 (X11; Linux x86_64) AppleWebKit/536.8 (KHTML, like Gecko; Google Web Preview) Chrome/19.0.1084.36 Safari/536.8"
74.125.78.83 - - [10/Sep/2012:21:11:43 +0200] "GET /jog/style.css HTTP/1.1" 200 21413 "http://www.beklen.hu/jog/" "Mozilla/5.0 (X11; Linux x86_64) AppleWebKit/536.8 (KHTML, like Gecko; Google Web Preview) Chrome/19.0.1084.36 Safari/536.8"
74.125.78.83 - - [10/Sep/2012:21:11:43 +0200] "GET /jog/script.js HTTP/1.1" 200 5674 "http://www.beklen.hu/jog/" "Mozilla/5.0 (X11; Linux x86_64) AppleWebKit/536.8 (KHTML, like Gecko; Google Web Preview) Chrome/19.0.1084.36 Safari/536.8"
74.125.78.83 - - [10/Sep/2012:21:11:43 +0200] "GET /jog/jquery.js HTTP/1.1" 200 72174 "http://www.beklen.hu/jog/" "Mozilla/5.0 (X11; Linux x86_64) AppleWebKit/536.8 (KHTML, like Gecko; Google Web Preview) Chrome/19.0.1084.36 Safari/536.8"
74.125.78.83 - - [10/Sep/2012:21:11:43 +0200] "GET /jog/images/nav.png HTTP/1.1" 200 10482 "http://www.beklen.hu/jog/" "Mozilla/5.0 (X11; Linux x86_64) AppleWebKit/536.8 (KHTML, like Gecko; Google Web Preview) Chrome/19.0.1084.36 Safari/536.8"
74.125.78.85 - - [10/Sep/2012:21:11:43 +0200] "GET /jog/images/spacer.gif HTTP/1.1" 200 43 "http://www.beklen.hu/jog/" "Mozilla/5.0 (X11; Linux x86_64) AppleWebKit/536.8 (KHTML, like Gecko; Google Web Preview) Chrome/19.0.1084.36 Safari/536.8"
74.125.78.83 - - [10/Sep/2012:21:11:43 +0200] "GET /jog/images/menuitem.png HTTP/1.1" 200 20398 "http://www.beklen.hu/jog/" "Mozilla/5.0 (X11; Linux x86_64) AppleWebKit/536.8 (KHTML, like Gecko; Google Web Preview) Chrome/19.0.1084.36 Safari/536.8"
74.125.78.85 - - [10/Sep/2012:21:11:43 +0200] "GET /jog/images/header.png HTTP/1.1" 200 170837 "http://www.beklen.hu/jog/" "Mozilla/5.0 (X11; Linux x86_64) AppleWebKit/536.8 (KHTML, like Gecko; Google Web Preview) Chrome/19.0.1084.36 Safari/536.8"
74.125.78.83 - - [10/Sep/2012:21:11:43 +0200] "GET /jog/images/Bottom_texture.jpg HTTP/1.1" 200 193775 "http://www.beklen.hu/jog/" "Mozilla/5.0 (X11; Linux x86_64) AppleWebKit/536.8 (KHTML, like Gecko; Google Web Preview) Chrome/19.0.1084.36 Safari/536.8"
74.125.78.85 - - [10/Sep/2012:21:11:43 +0200] "GET /jog/img/nca_logo_.png HTTP/1.1" 200 7180 "http://www.beklen.hu/jog/" "Mozilla/5.0 (X11; Linux x86_64) AppleWebKit/536.8 (KHTML, like Gecko; Google Web Preview) Chrome/19.0.1084.36 Safari/536.8"
74.125.78.85 - - [10/Sep/2012:21:11:44 +0200] "GET /jog/images/post_c.png HTTP/1.1" 200 204 "http://www.beklen.hu/jog/" "Mozilla/5.0 (X11; Linux x86_64) AppleWebKit/536.8 (KHTML, like Gecko; Google Web Preview) Chrome/19.0.1084.36 Safari/536.8"
74.125.78.85 - - [10/Sep/2012:21:11:44 +0200] "GET /jog/images/subitem.png HTTP/1.1" 200 81 "http://www.beklen.hu/jog/" "Mozilla/5.0 (X11; Linux x86_64) AppleWebKit/536.8 (KHTML, like Gecko; Google Web Preview) Chrome/19.0.1084.36 Safari/536.8"
74.125.78.85 - - [10/Sep/2012:21:11:44 +0200] "GET /jog/images/post_s.png HTTP/1.1" 200 466 "http://www.beklen.hu/jog/" "Mozilla/5.0 (X11; Linux x86_64) AppleWebKit/536.8 (KHTML, like Gecko; Google Web Preview) Chrome/19.0.1084.36 Safari/536.8"
74.125.78.85 - - [10/Sep/2012:21:11:45 +0200] "GET /jog/images/post_h.png HTTP/1.1" 200 292 "http://www.beklen.hu/jog/" "Mozilla/5.0 (X11; Linux x86_64) AppleWebKit/536.8 (KHTML, like Gecko; Google Web Preview) Chrome/19.0.1084.36 Safari/536.8"
74.125.78.85 - - [10/Sep/2012:21:11:45 +0200] "GET /jog/images/post_v.png HTTP/1.1" 200 310 "http://www.beklen.hu/jog/" "Mozilla/5.0 (X11; Linux x86_64) AppleWebKit/536.8 (KHTML, like Gecko; Google Web Preview) Chrome/19.0.1084.36 Safari/536.8"
74.125.78.85 - - [10/Sep/2012:21:11:46 +0200] "GET /jog/img/magyar_cimer.png HTTP/1.1" 200 1900 "http://www.beklen.hu/jog/" "Mozilla/5.0 (X11; Linux x86_64) AppleWebKit/536.8 (KHTML, like Gecko; Google Web Preview) Chrome/19.0.1084.36 Safari/536.8"
74.125.78.85 - - [10/Sep/2012:21:11:46 +0200] "GET /jog/img/320/sargarigo2.jpg HTTP/1.1" 200 17500 "http://www.beklen.hu/jog/" "Mozilla/5.0 (X11; Linux x86_64) AppleWebKit/536.8 (KHTML, like Gecko; Google Web Preview) Chrome/19.0.1084.36 Safari/536.8"
157.56.93.212 - - [10/Sep/2012:21:13:20 +0200] "GET /vill.cs HTTP/1.1" 200 2676 "http://www.beklen.hu/" "Mozilla/5.0 (Windows NT 6.1; WOW64) AppleWebKit/534+ (KHTML, like Gecko) BingPreview/1.0b"
157.56.93.212 - - [10/Sep/2012:21:13:20 +0200] "GET /lb/js/scriptaculous.js?load=effects HTTP/1.1" 200 2152 "http://www.beklen.hu/" "Mozilla/5.0 (Windows NT 6.1; WOW64) AppleWebKit/534+ (KHTML, like Gecko) BingPreview/1.0b"
157.56.93.212 - - [10/Sep/2012:21:13:20 +0200] "GET /lb/js/lightbox.js HTTP/1.1" 200 23424 "http://www.beklen.hu/" "Mozilla/5.0 (Windows NT 6.1; WOW64) AppleWebKit/534+ (KHTML, like Gecko) BingPreview/1.0b"
157.56.93.212 - - [10/Sep/2012:21:13:20 +0200] "GET /lb/js/prototype.js HTTP/1.1" 200 47603 "http://www.beklen.hu/" "Mozilla/5.0 (Windows NT 6.1; WOW64) AppleWebKit/534+ (KHTML, like Gecko) BingPreview/1.0b"
157.56.93.212 - - [10/Sep/2012:21:13:21 +0200] "GET /lb/js/effects.js HTTP/1.1" 200 31969 "http://www.beklen.hu/" "Mozilla/5.0 (Windows NT 6.1; WOW64) AppleWebKit/534+ (KHTML, like Gecko) BingPreview/1.0b"
66.249.66.60 - - [10/Sep/2012:21:33:41 +0200] "GET /jog/eseteink/korosladany/korosladany-onkormanyzat.pdf HTTP/1.1" 304 - "-" "Mozilla/5.0 (compatible; Googlebot/2.1; +http://www.google.com/bot.html)"
66.249.66.60 - - [10/Sep/2012:22:19:12 +0200] "GET /jog/eseteink/korosladany/felugyelosegnek_3.pdf HTTP/1.1" 304 - "-" "Mozilla/5.0 (compatible; Googlebot/2.1; +http://www.google.com/bot.html)"
66.249.66.60 - - [10/Sep/2012:22:34:09 +0200] "GET /jog/eseteink/derekegyhaza/kotvife_kekto_2.pdf HTTP/1.1" 304 - "-" "Mozilla/5.0 (compatible; Googlebot/2.1; +http://www.google.com/bot.html)"
208.115.113.84 - - [10/Sep/2012:22:49:45 +0200] "GET /jog/zoldombudsman.htm HTTP/1.1" 200 13369 "-" "Mozilla/5.0 (compatible; Ezooms/1.0; ezooms.bot@gmail.com)"
66.249.66.60 - - [10/Sep/2012:23:01:03 +0200] "GET /fiok/program_reszek/programok/03.jpg HTTP/1.1" 200 137518 "-" "Googlebot-Image/1.0"
66.249.66.60 - - [10/Sep/2012:23:37:52 +0200] "GET /jog/eseteink/derekegyhaza/fvm_kekto_fellebbezes_jelzese.pdf HTTP/1.1" 304 - "-" "Mozilla/5.0 (compatible; Googlebot/2.1; +http://www.google.com/bot.html)"
66.249.66.60 - - [10/Sep/2012:23:52:53 +0200] "GET /fiok/program_reszek/erdei_iskola.htm HTTP/1.1" 304 - "-" "Mozilla/5.0 (compatible; Googlebot/2.1; +http://www.google.com/bot.html)"
66.249.66.60 - - [10/Sep/2012:23:54:14 +0200] "GET /jog/eseteink/derekegyhaza/fvm_kekto_fellebbezes_jelzese.pdf HTTP/1.1" 304 - "-" "Mozilla/5.0 (compatible; Googlebot/2.1; +http://www.google.com/bot.html)"
66.249.66.60 - - [10/Sep/2012:23:59:31 +0200] "GET /jog/eseteink/derekegyhaza/vizjogi_derekegyhaza_osztvez.pdf HTTP/1.1" 304 - "-" "Mozilla/5.0 (compatible; Googlebot/2.1; +http://www.google.com/bot.html)"
66.249.66.60 - - [11/Sep/2012:00:05:45 +0200] "GET /jog/eseteink/derekegyhaza/kotevife_ugyfel_uj.pdf HTTP/1.1" 304 - "-" "Mozilla/5.0 (compatible; Googlebot/2.1; +http://www.google.com/bot.html)"
66.249.66.60 - - [11/Sep/2012:00:11:51 +0200] "GET /jog/eseteink/derekegyhaza/erdofelugyeloseg_letesitmeny2.pdf HTTP/1.1" 304 - "-" "Mozilla/5.0 (compatible; Googlebot/2.1; +http://www.google.com/bot.html)"
178.154.210.252 - - [11/Sep/2012:00:25:32 +0200] "GET /hirek/hirek090605.htm HTTP/1.1" 200 7994 "-" "Mozilla/5.0 (compatible; YandexBot/3.0; +http://yandex.com/bots)"
66.249.66.60 - - [11/Sep/2012:00:46:06 +0200] "GET /jog/eseteink/derekegyhaza/mszh_csongrad_ugyfel_uj.pdf HTTP/1.1" 304 - "-" "Mozilla/5.0 (compatible; Googlebot/2.1; +http://www.google.com/bot.html)"
66.249.66.60 - - [11/Sep/2012:01:32:11 +0200] "GET /jog/eseteink/derekegyhaza/mszh-nak_tajekoztatas_ovasrol.pdf HTTP/1.1" 304 - "-" "Mozilla/5.0 (compatible; Googlebot/2.1; +http://www.google.com/bot.html)"
66.249.66.60 - - [11/Sep/2012:01:33:52 +0200] "GET /jog/eseteink/derekegyhaza/vizjogi_derekegyhaza_osztvez.pdf HTTP/1.1" 304 - "-" "Mozilla/5.0 (compatible; Googlebot/2.1; +http://www.google.com/bot.html)"
66.249.66.60 - - [11/Sep/2012:02:20:13 +0200] "GET /fiok/program_reszek/programok/01.jpg HTTP/1.1" 200 274237 "-" "Googlebot-Image/1.0"
66.249.66.60 - - [11/Sep/2012:02:40:45 +0200] "GET /jog/eseteink/derekegyhaza/dalerd-disznoskert%20szakhat-vegleges.pdf HTTP/1.1" 304 - "-" "Mozilla/5.0 (compatible; Googlebot/2.1; +http://www.google.com/bot.html)"
66.249.66.60 - - [11/Sep/2012:02:51:21 +0200] "GET /jog/polgariper.htm HTTP/1.1" 304 - "-" "Mozilla/5.0 (compatible; Googlebot/2.1; +http://www.google.com/bot.html)"
66.249.66.60 - - [11/Sep/2012:03:14:33 +0200] "GET /jog/eseteink/korosladany/panasz_rendorsegi_hatarozat_ellen.pdf HTTP/1.1" 304 - "-" "Mozilla/5.0 (compatible; Googlebot/2.1; +http://www.google.com/bot.html)"
66.249.66.60 - - [11/Sep/2012:03:54:20 +0200] "GET /jog/eseteink.htm HTTP/1.1" 304 - "-" "Mozilla/5.0 (compatible; Googlebot/2.1; +http://www.google.com/bot.html)"
180.76.5.49 - - [11/Sep/2012:04:05:20 +0200] "GET /fiok/news.html HTTP/1.1" 404 1181 "-" "Mozilla/5.0 (compatible; Baiduspider/2.0; +http://www.baidu.com/search/spider.html)"
66.249.71.232 - - [11/Sep/2012:04:12:25 +0200] "GET /fiok/program_reszek/programok/02.jpg HTTP/1.1" 200 217640 "-" "Googlebot-Image/1.0"
208.115.113.84 - - [11/Sep/2012:04:27:47 +0200] "GET /robots.txt HTTP/1.1" 404 1181 "-" "Mozilla/5.0 (compatible; Ezooms/1.0; ezooms.bot@gmail.com)"
83.233.186.82 - - [11/Sep/2012:06:00:57 +0200] "GET / HTTP/1.1" 200 23778 "-" "Mozilla/4.0 (CMS Crawler: http://www.cmscrawler.com)"
66.249.71.232 - - [11/Sep/2012:06:02:16 +0200] "GET /jog/jogszabalyok/348_2006.korm.rendelet.pdf HTTP/1.1" 304 - "-" "Mozilla/5.0 (compatible; Googlebot/2.1; +http://www.google.com/bot.html)"
208.115.113.84 - - [11/Sep/2012:06:50:03 +0200] "GET /jog/slapp.htm HTTP/1.1" 200 21314 "-" "Mozilla/5.0 (compatible; Ezooms/1.0; ezooms.bot@gmail.com)"
208.115.113.84 - - [11/Sep/2012:06:50:04 +0200] "GET /nca06.htm HTTP/1.1" 200 19034 "-" "Mozilla/5.0 (compatible; Ezooms/1.0; ezooms.bot@gmail.com)"
157.56.93.187 - - [11/Sep/2012:07:12:36 +0200] "GET /robots.txt HTTP/1.1" 404 1181 "-" "Mozilla/5.0 (compatible; bingbot/2.0; +http://www.bing.com/bingbot.htm)"
157.56.93.187 - - [11/Sep/2012:07:13:28 +0200] "GET /jog/eseteink/poroszlo/keresetlevel_javitott_poroszlo.pdf HTTP/1.1" 200 173206 "-" "Mozilla/5.0 (compatible; bingbot/2.0; +http://www.bing.com/bingbot.htm)"
66.249.66.60 - - [11/Sep/2012:07:19:09 +0200] "GET /robots.txt HTTP/1.1" 404 1181 "-" "Mozilla/5.0 (compatible; Googlebot/2.1; +http://www.google.com/bot.html)"
66.249.66.60 - - [11/Sep/2012:07:19:09 +0200] "GET /jog/eseteink/korosladany/kotevife_miert_nincs_eltiltas2.pdf HTTP/1.1" 304 - "-" "Mozilla/5.0 (compatible; Googlebot/2.1; +http://www.google.com/bot.html)"
66.249.66.60 - - [11/Sep/2012:07:46:20 +0200] "GET /jog/eseteink/kavicszatony/mura_valasz.pdf HTTP/1.1" 304 - "-" "Mozilla/5.0 (compatible; Googlebot/2.1; +http://www.google.com/bot.html)"
66.249.66.60 - - [11/Sep/2012:07:50:46 +0200] "GET /jog/jogszabalyok/egyezm_bonn.pdf HTTP/1.1" 304 - "-" "Mozilla/5.0 (compatible; Googlebot/2.1; +http://www.google.com/bot.html)"
66.249.66.60 - - [11/Sep/2012:07:58:25 +0200] "GET /jog/eseteink/derekegyhaza/fvm_kekto_ujra.pdf HTTP/1.1" 304 - "-" "Mozilla/5.0 (compatible; Googlebot/2.1; +http://www.google.com/bot.html)"
180.76.5.170 - - [11/Sep/2012:08:02:13 +0200] "GET /fiok/kornyezet.htm HTTP/1.1" 304 - "-" "Mozilla/5.0 (compatible; Baiduspider/2.0; +http://www.baidu.com/search/spider.html)"
