180.76.5.61 - - [01/Sep/2012:00:24:46 +0200] "GET / HTTP/1.1" 200 23778 "-" "Mozilla/5.0 (compatible; Baiduspider/2.0; +http://www.baidu.com/search/spider.html)"
213.186.119.139 - - [01/Sep/2012:00:25:03 +0200] "GET /hirek/hirek100225.htm HTTP/1.1" 200 7288 "-" "Mozilla/5.0 (compatible; AhrefsBot/3.1; +http://ahrefs.com/robot/)"
213.186.122.2 - - [01/Sep/2012:01:32:34 +0200] "GET /civilmuhely.htm HTTP/1.1" 200 8450 "-" "Mozilla/5.0 (compatible; AhrefsBot/3.1; +http://ahrefs.com/robot/)"
213.186.127.8 - - [01/Sep/2012:03:48:22 +0200] "GET /fiok/news.html HTTP/1.1" 404 1181 "-" "Mozilla/5.0 (compatible; AhrefsBot/3.1; +http://ahrefs.com/robot/)"
66.249.71.209 - - [01/Sep/2012:04:37:04 +0200] "GET /robots.txt HTTP/1.1" 404 1181 "-" "Mozilla/5.0 (compatible; Googlebot/2.1; +http://www.google.com/bot.html)"
66.249.66.152 - - [01/Sep/2012:04:37:05 +0200] "GET /hirek/hirek101213.htm HTTP/1.1" 304 - "-" "Mozilla/5.0 (compatible; Googlebot/2.1; +http://www.google.com/bot.html)"
213.186.119.138 - - [01/Sep/2012:04:55:04 +0200] "GET /hirek/hirek100420.htm HTTP/1.1" 200 7914 "-" "Mozilla/5.0 (compatible; AhrefsBot/3.1; +http://ahrefs.com/robot/)"
213.186.127.14 - - [01/Sep/2012:06:02:34 +0200] "GET /english/programs.htm HTTP/1.1" 200 5614 "-" "Mozilla/5.0 (compatible; AhrefsBot/3.1; +http://ahrefs.com/robot/)"
213.186.127.6 - - [01/Sep/2012:07:10:03 +0200] "GET /hirek/hirek100728.htm HTTP/1.1" 200 7560 "-" "Mozilla/5.0 (compatible; AhrefsBot/3.1; +http://ahrefs.com/robot/)"
213.186.119.132 - - [01/Sep/2012:08:17:33 +0200] "GET /fiok/program_reszek/& HTTP/1.1" 404 1181 "-" "Mozilla/5.0 (compatible; AhrefsBot/3.1; +http://ahrefs.com/robot/)"
66.249.71.209 - - [01/Sep/2012:08:36:17 +0200] "GET /jog/eseteink/derekegyhaza/dalerd-disznoskert%20szakhat-vegleges.pdf HTTP/1.1" 200 190281 "-" "Mozilla/5.0 (compatible; Googlebot/2.1; +http://www.google.com/bot.html)"
157.55.34.180 - - [01/Sep/2012:08:58:35 +0200] "GET /robots.txt HTTP/1.1" 404 1181 "-" "Mozilla/5.0 (compatible; bingbot/2.0; +http://www.bing.com/bingbot.htm)"
66.249.71.209 - - [01/Sep/2012:09:24:31 +0200] "GET /jog/eseteink/derekegyhaza/index.htm HTTP/1.1" 304 - "-" "Mozilla/5.0 (compatible; Googlebot/2.1; +http://www.google.com/bot.html)"
213.186.119.141 - - [01/Sep/2012:09:25:04 +0200] "GET /hirek/hirek100804.htm HTTP/1.1" 200 8056 "-" "Mozilla/5.0 (compatible; AhrefsBot/3.1; +http://ahrefs.com/robot/)"
208.115.111.68 - - [01/Sep/2012:09:52:05 +0200] "GET /robots.txt HTTP/1.1" 404 1181 "-" "Mozilla/5.0 (compatible; Ezooms/1.0; ezooms.bot@gmail.com)"
213.186.120.196 - - [01/Sep/2012:10:32:59 +0200] "GET /deutsch/programme.htm HTTP/1.1" 200 6045 "-" "Mozilla/5.0 (compatible; AhrefsBot/3.1; +http://ahrefs.com/robot/)"
82.80.249.137 - - [01/Sep/2012:11:00:57 +0200] "GET / HTTP/1.0" 200 23778 "-" "Mozilla/5.0 (X11; Ubuntu; Linux x86_64; rv:11.0) Gecko/20100101 Firefox/11.0"
82.80.249.137 - - [01/Sep/2012:11:00:57 +0200] "GET /hirek/hirek100804.htm HTTP/1.0" 200 8056 "http://www.beklen.hu" "Mozilla/5.0 (X11; Ubuntu; Linux x86_64; rv:11.0) Gecko/20100101 Firefox/11.0"
82.80.249.137 - - [01/Sep/2012:11:00:57 +0200] "GET /hirek/hirek100810.htm HTTP/1.0" 200 8123 "http://www.beklen.hu" "Mozilla/5.0 (X11; Ubuntu; Linux x86_64; rv:11.0) Gecko/20100101 Firefox/11.0"
82.80.249.137 - - [01/Sep/2012:11:00:57 +0200] "GET /hirek/hirek101025.htm HTTP/1.0" 200 8786 "http://www.beklen.hu" "Mozilla/5.0 (X11; Ubuntu; Linux x86_64; rv:11.0) Gecko/20100101 Firefox/11.0"
82.80.249.137 - - [01/Sep/2012:11:00:57 +0200] "GET /hirek/hirek101213.htm HTTP/1.0" 200 8671 "http://www.beklen.hu" "Mozilla/5.0 (X11; Ubuntu; Linux x86_64; rv:11.0) Gecko/20100101 Firefox/11.0"
82.80.249.137 - - [01/Sep/2012:11:00:57 +0200] "GET /hirek/hirek101027.htm HTTP/1.0" 200 9627 "http://www.beklen.hu" "Mozilla/5.0 (X11; Ubuntu; Linux x86_64; rv:11.0) Gecko/20100101 Firefox/11.0"
82.80.249.137 - - [01/Sep/2012:11:00:58 +0200] "GET /hirek/hirek120120.htm HTTP/1.0" 200 6634 "http://www.beklen.hu" "Mozilla/5.0 (X11; Ubuntu; Linux x86_64; rv:11.0) Gecko/20100101 Firefox/11.0"
82.80.249.137 - - [01/Sep/2012:11:00:58 +0200] "GET /index.htm HTTP/1.0" 200 23778 "http://www.beklen.hu" "Mozilla/5.0 (X11; Ubuntu; Linux x86_64; rv:11.0) Gecko/20100101 Firefox/11.0"
82.80.249.137 - - [01/Sep/2012:11:00:58 +0200] "GET /hirek/hirek100728.htm HTTP/1.0" 200 7560 "http://www.beklen.hu" "Mozilla/5.0 (X11; Ubuntu; Linux x86_64; rv:11.0) Gecko/20100101 Firefox/11.0"
82.80.249.137 - - [01/Sep/2012:11:00:58 +0200] "GET /hirek/hirek120207.htm HTTP/1.0" 200 6586 "http://www.beklen.hu" "Mozilla/5.0 (X11; Ubuntu; Linux x86_64; rv:11.0) Gecko/20100101 Firefox/11.0"
82.80.249.137 - - [01/Sep/2012:11:00:58 +0200] "GET /kapcsolat.htm HTTP/1.0" 200 6889 "http://www.beklen.hu" "Mozilla/5.0 (X11; Ubuntu; Linux x86_64; rv:11.0) Gecko/20100101 Firefox/11.0"
82.80.249.137 - - [01/Sep/2012:11:00:58 +0200] "GET /deutsch/index.htm HTTP/1.0" 200 5324 "http://www.beklen.hu" "Mozilla/5.0 (X11; Ubuntu; Linux x86_64; rv:11.0) Gecko/20100101 Firefox/11.0"
82.80.249.137 - - [01/Sep/2012:11:00:58 +0200] "GET /jog HTTP/1.0" 301 299 "http://www.beklen.hu" "Mozilla/5.0 (X11; Ubuntu; Linux x86_64; rv:11.0) Gecko/20100101 Firefox/11.0"
82.80.249.137 - - [01/Sep/2012:11:00:58 +0200] "GET /media.htm HTTP/1.0" 200 5208 "http://www.beklen.hu" "Mozilla/5.0 (X11; Ubuntu; Linux x86_64; rv:11.0) Gecko/20100101 Firefox/11.0"
82.80.249.137 - - [01/Sep/2012:11:00:58 +0200] "GET /english/index.htm HTTP/1.0" 200 5262 "http://www.beklen.hu" "Mozilla/5.0 (X11; Ubuntu; Linux x86_64; rv:11.0) Gecko/20100101 Firefox/11.0"
82.80.249.137 - - [01/Sep/2012:11:00:58 +0200] "GET /a1_projekt_tabla_infra_cs3_beklenhaz.jpg HTTP/1.0" 200 73344 "http://www.beklen.hu" "Mozilla/5.0 (X11; Ubuntu; Linux x86_64; rv:11.0) Gecko/20100101 Firefox/11.0"
82.80.249.137 - - [01/Sep/2012:11:00:58 +0200] "GET /programok.htm HTTP/1.0" 200 6444 "http://www.beklen.hu" "Mozilla/5.0 (X11; Ubuntu; Linux x86_64; rv:11.0) Gecko/20100101 Firefox/11.0"
82.80.249.137 - - [01/Sep/2012:11:00:58 +0200] "GET /fiok/index.html HTTP/1.0" 200 20554 "http://www.beklen.hu" "Mozilla/5.0 (X11; Ubuntu; Linux x86_64; rv:11.0) Gecko/20100101 Firefox/11.0"
82.80.249.137 - - [01/Sep/2012:11:00:58 +0200] "GET /magunkrol.htm HTTP/1.0" 200 9202 "http://www.beklen.hu" "Mozilla/5.0 (X11; Ubuntu; Linux x86_64; rv:11.0) Gecko/20100101 Firefox/11.0"
82.80.249.137 - - [01/Sep/2012:11:00:59 +0200] "GET /jog/ HTTP/1.0" 200 13138 "http://www.beklen.hu" "Mozilla/5.0 (X11; Ubuntu; Linux x86_64; rv:11.0) Gecko/20100101 Firefox/11.0"
212.113.37.105 - - [01/Sep/2012:11:41:04 +0200] "GET /hirek/hirek100810.htm HTTP/1.1" 200 8123 "-" "Mozilla/5.0 (compatible; AhrefsBot/3.1; +http://ahrefs.com/robot/)"
208.115.111.68 - - [01/Sep/2012:12:12:11 +0200] "GET /szakmai.htm HTTP/1.1" 200 6054 "-" "Mozilla/5.0 (compatible; Ezooms/1.0; ezooms.bot@gmail.com)"
180.76.5.157 - - [01/Sep/2012:12:12:26 +0200] "GET /fiok/program_reszek/csaladbarat.htm HTTP/1.1" 304 - "-" "Mozilla/5.0 (compatible; Baiduspider/2.0; +http://www.baidu.com/search/spider.html)"
213.186.119.135 - - [01/Sep/2012:12:47:33 +0200] "GET /fiok/program_reszek/csaladbarat.htm HTTP/1.1" 200 20928 "-" "Mozilla/5.0 (compatible; AhrefsBot/3.1; +http://ahrefs.com/robot/)"
213.186.119.134 - - [01/Sep/2012:13:55:04 +0200] "GET /hirek/hirek101025.htm HTTP/1.1" 200 8786 "-" "Mozilla/5.0 (compatible; AhrefsBot/3.1; +http://ahrefs.com/robot/)"
178.154.210.252 - - [01/Sep/2012:14:19:28 +0200] "GET /robots.txt HTTP/1.1" 404 1181 "-" "Mozilla/5.0 (compatible; YandexBot/3.0; +http://yandex.com/bots)"
213.186.119.134 - - [01/Sep/2012:15:02:33 +0200] "GET /fiok HTTP/1.1" 301 312 "-" "Mozilla/5.0 (compatible; AhrefsBot/3.1; +http://ahrefs.com/robot/)"
213.186.119.144 - - [01/Sep/2012:16:10:04 +0200] "GET /hirek/hirek101027.htm HTTP/1.1" 200 9627 "-" "Mozilla/5.0 (compatible; AhrefsBot/3.1; +http://ahrefs.com/robot/)"
213.186.119.137 - - [01/Sep/2012:17:17:34 +0200] "GET /fiok/program_reszek/erdei_iskola.htm HTTP/1.1" 200 21601 "-" "Mozilla/5.0 (compatible; AhrefsBot/3.1; +http://ahrefs.com/robot/)"
66.249.66.152 - - [01/Sep/2012:18:22:26 +0200] "GET /robots.txt HTTP/1.1" 404 1181 "-" "Mozilla/5.0 (compatible; Googlebot/2.1; +http://www.google.com/bot.html)"
66.249.71.209 - - [01/Sep/2012:18:22:26 +0200] "GET /hirek/hirek100728.htm HTTP/1.1" 304 - "-" "Mozilla/5.0 (iPhone; U; CPU iPhone OS 4_1 like Mac OS X; en-us) AppleWebKit/532.9 (KHTML, like Gecko) Version/4.0.5 Mobile/8B117 Safari/6531.22.7 (compatible; Googlebot-Mobile/2.1; +http://www.google.com/bot.html)"
213.186.119.138 - - [01/Sep/2012:18:25:04 +0200] "GET /hirek/hirek101213.htm HTTP/1.1" 200 8671 "-" "Mozilla/5.0 (compatible; AhrefsBot/3.1; +http://ahrefs.com/robot/)"
178.154.210.252 - - [01/Sep/2012:18:28:32 +0200] "GET /index.htm HTTP/1.1" 200 23778 "-" "Mozilla/5.0 (compatible; YandexBot/3.0; +http://yandex.com/bots)"
178.154.210.252 - - [01/Sep/2012:19:16:34 +0200] "GET /hirek/hirek091103.htm HTTP/1.1" 304 - "-" "Mozilla/5.0 (compatible; YandexBot/3.0; +http://yandex.com/bots)"
213.186.127.3 - - [01/Sep/2012:19:32:33 +0200] "GET /bunt.htm HTTP/1.1" 200 5683 "-" "Mozilla/5.0 (compatible; AhrefsBot/3.1; +http://ahrefs.com/robot/)"
157.55.35.79 - - [01/Sep/2012:19:55:54 +0200] "GET /robots.txt HTTP/1.1" 404 1181 "-" "Mozilla/5.0 (compatible; bingbot/2.0; +http://www.bing.com/bingbot.htm)"
81.144.138.34 - - [01/Sep/2012:20:29:01 +0200] "GET /robots.txt HTTP/1.1" 404 1181 "-" "Wotbox/2.01 (+http://www.wotbox.com/bot/)"
81.144.138.34 - - [01/Sep/2012:20:29:12 +0200] "GET / HTTP/1.1" 200 23778 "-" "Wotbox/2.01 (+http://www.wotbox.com/bot/)"
81.144.138.34 - - [01/Sep/2012:20:29:18 +0200] "GET /index.htm HTTP/1.1" 200 23778 "-" "Wotbox/2.01 (+http://www.wotbox.com/bot/)"
81.144.138.34 - - [01/Sep/2012:20:29:23 +0200] "GET /magunkrol.htm HTTP/1.1" 200 9202 "-" "Wotbox/2.01 (+http://www.wotbox.com/bot/)"
81.144.138.34 - - [01/Sep/2012:20:29:29 +0200] "GET /programok.htm HTTP/1.1" 200 6444 "-" "Wotbox/2.01 (+http://www.wotbox.com/bot/)"
81.144.138.34 - - [01/Sep/2012:20:29:36 +0200] "GET /kapcsolat.htm HTTP/1.1" 200 6889 "-" "Wotbox/2.01 (+http://www.wotbox.com/bot/)"
81.144.138.34 - - [01/Sep/2012:20:29:42 +0200] "GET /media.htm HTTP/1.1" 200 5208 "-" "Wotbox/2.01 (+http://www.wotbox.com/bot/)"
81.144.138.34 - - [01/Sep/2012:20:29:47 +0200] "GET /english/index.htm HTTP/1.1" 200 5262 "-" "Wotbox/2.01 (+http://www.wotbox.com/bot/)"
81.144.138.34 - - [01/Sep/2012:20:29:52 +0200] "GET /deutsch/index.htm HTTP/1.1" 200 5324 "-" "Wotbox/2.01 (+http://www.wotbox.com/bot/)"
81.144.138.34 - - [01/Sep/2012:20:29:58 +0200] "GET /fiok/index.html HTTP/1.1" 200 20554 "-" "Wotbox/2.01 (+http://www.wotbox.com/bot/)"
81.144.138.34 - - [01/Sep/2012:20:30:03 +0200] "GET /jog HTTP/1.1" 301 311 "-" "Wotbox/2.01 (+http://www.wotbox.com/bot/)"
81.144.138.34 - - [01/Sep/2012:20:30:09 +0200] "GET /hirek/hirek120207.htm HTTP/1.1" 200 6586 "-" "Wotbox/2.01 (+http://www.wotbox.com/bot/)"
81.144.138.34 - - [01/Sep/2012:20:30:14 +0200] "GET /hirek/hirek120120.htm HTTP/1.1" 200 6634 "-" "Wotbox/2.01 (+http://www.wotbox.com/bot/)"
81.144.138.34 - - [01/Sep/2012:20:30:19 +0200] "GET /hirek/hirek101213.htm HTTP/1.1" 200 8671 "-" "Wotbox/2.01 (+http://www.wotbox.com/bot/)"
81.144.138.34 - - [01/Sep/2012:20:30:28 +0200] "GET /hirek/hirek101027.htm HTTP/1.1" 200 9627 "-" "Wotbox/2.01 (+http://www.wotbox.com/bot/)"
81.144.138.34 - - [01/Sep/2012:20:30:33 +0200] "GET /hirek/hirek101025.htm HTTP/1.1" 200 8786 "-" "Wotbox/2.01 (+http://www.wotbox.com/bot/)"
81.144.138.34 - - [01/Sep/2012:20:30:39 +0200] "GET /hirek/hirek100810.htm HTTP/1.1" 200 8123 "-" "Wotbox/2.01 (+http://www.wotbox.com/bot/)"
81.144.138.34 - - [01/Sep/2012:20:30:44 +0200] "GET /hirek/hirek100804.htm HTTP/1.1" 200 8056 "-" "Wotbox/2.01 (+http://www.wotbox.com/bot/)"
81.144.138.34 - - [01/Sep/2012:20:30:50 +0200] "GET /hirek/hirek100728.htm HTTP/1.1" 200 7560 "-" "Wotbox/2.01 (+http://www.wotbox.com/bot/)"
81.144.138.34 - - [01/Sep/2012:20:30:56 +0200] "GET /hirek/hirek100420.htm HTTP/1.1" 200 7914 "-" "Wotbox/2.01 (+http://www.wotbox.com/bot/)"
81.144.138.34 - - [01/Sep/2012:20:31:01 +0200] "GET /hirek/hirek100305.htm HTTP/1.1" 200 7091 "-" "Wotbox/2.01 (+http://www.wotbox.com/bot/)"
81.144.138.34 - - [01/Sep/2012:20:31:06 +0200] "GET /hirek/hirek100225.htm HTTP/1.1" 200 7288 "-" "Wotbox/2.01 (+http://www.wotbox.com/bot/)"
81.144.138.34 - - [01/Sep/2012:20:31:12 +0200] "GET /hirek/hirek091221.htm HTTP/1.1" 200 6740 "-" "Wotbox/2.01 (+http://www.wotbox.com/bot/)"
81.144.138.34 - - [01/Sep/2012:20:31:18 +0200] "GET /hirek/hirek091103.htm HTTP/1.1" 200 7301 "-" "Wotbox/2.01 (+http://www.wotbox.com/bot/)"
81.144.138.34 - - [01/Sep/2012:20:31:23 +0200] "GET /hirek/hirek091102.htm HTTP/1.1" 200 8538 "-" "Wotbox/2.01 (+http://www.wotbox.com/bot/)"
81.144.138.34 - - [01/Sep/2012:20:31:29 +0200] "GET /hirek/hirek091015.htm HTTP/1.1" 200 7046 "-" "Wotbox/2.01 (+http://www.wotbox.com/bot/)"
81.144.138.34 - - [01/Sep/2012:20:31:34 +0200] "GET /hirarchivum.htm HTTP/1.1" 200 24981 "-" "Wotbox/2.01 (+http://www.wotbox.com/bot/)"
81.144.138.34 - - [01/Sep/2012:20:31:40 +0200] "GET /ncta.htm HTTP/1.1" 200 7221 "-" "Wotbox/2.01 (+http://www.wotbox.com/bot/)"
81.144.138.34 - - [01/Sep/2012:20:31:45 +0200] "GET /jog/index.htm HTTP/1.1" 200 13138 "-" "Wotbox/2.01 (+http://www.wotbox.com/bot/)"
81.144.138.34 - - [01/Sep/2012:20:31:50 +0200] "GET /bunt.htm HTTP/1.1" 200 5683 "-" "Wotbox/2.01 (+http://www.wotbox.com/bot/)"
81.144.138.34 - - [01/Sep/2012:20:31:56 +0200] "GET /szakmai.htm HTTP/1.1" 200 6054 "-" "Wotbox/2.01 (+http://www.wotbox.com/bot/)"
81.144.138.34 - - [01/Sep/2012:20:32:01 +0200] "GET /civilmuhely.htm HTTP/1.1" 200 8450 "-" "Wotbox/2.01 (+http://www.wotbox.com/bot/)"
81.144.138.34 - - [01/Sep/2012:20:32:07 +0200] "GET /nca.htm HTTP/1.1" 200 7467 "-" "Wotbox/2.01 (+http://www.wotbox.com/bot/)"
81.144.138.34 - - [01/Sep/2012:20:32:12 +0200] "GET /nka.htm HTTP/1.1" 200 6221 "-" "Wotbox/2.01 (+http://www.wotbox.com/bot/)"
81.144.138.34 - - [01/Sep/2012:20:32:18 +0200] "GET /khb.htm HTTP/1.1" 200 8719 "-" "Wotbox/2.01 (+http://www.wotbox.com/bot/)"
81.144.138.34 - - [01/Sep/2012:20:32:23 +0200] "GET /english/introduction.htm HTTP/1.1" 200 6502 "-" "Wotbox/2.01 (+http://www.wotbox.com/bot/)"
81.144.138.34 - - [01/Sep/2012:20:32:29 +0200] "GET /english/programs.htm HTTP/1.1" 200 5614 "-" "Wotbox/2.01 (+http://www.wotbox.com/bot/)"
81.144.138.34 - - [01/Sep/2012:20:32:34 +0200] "GET /english/contact.htm HTTP/1.1" 200 4601 "-" "Wotbox/2.01 (+http://www.wotbox.com/bot/)"
81.144.138.34 - - [01/Sep/2012:20:32:39 +0200] "GET /deutsch/stellen.htm HTTP/1.1" 200 6824 "-" "Wotbox/2.01 (+http://www.wotbox.com/bot/)"
81.144.138.34 - - [01/Sep/2012:20:32:45 +0200] "GET /deutsch/programme.htm HTTP/1.1" 200 6045 "-" "Wotbox/2.01 (+http://www.wotbox.com/bot/)"
81.144.138.34 - - [01/Sep/2012:20:32:50 +0200] "GET /deutsch/kontakt.htm HTTP/1.1" 200 4769 "-" "Wotbox/2.01 (+http://www.wotbox.com/bot/)"
81.144.138.34 - - [01/Sep/2012:20:32:55 +0200] "GET /fiok/fiok.html HTTP/1.1" 200 15503 "-" "Wotbox/2.01 (+http://www.wotbox.com/bot/)"
81.144.138.34 - - [01/Sep/2012:20:33:01 +0200] "GET /fiok/news.html HTTP/1.1" 404 1181 "-" "Wotbox/2.01 (+http://www.wotbox.com/bot/)"
81.144.138.34 - - [01/Sep/2012:20:33:06 +0200] "GET /fiok/images/nevadonk.JPG HTTP/1.1" 200 56167 "-" "Wotbox/2.01 (+http://www.wotbox.com/bot/)"
81.144.138.34 - - [01/Sep/2012:20:33:12 +0200] "GET /fiok/mult.htm HTTP/1.1" 200 23227 "-" "Wotbox/2.01 (+http://www.wotbox.com/bot/)"
81.144.138.34 - - [01/Sep/2012:20:33:18 +0200] "GET /fiok/programok.htm HTTP/1.1" 200 18165 "-" "Wotbox/2.01 (+http://www.wotbox.com/bot/)"
81.144.138.34 - - [01/Sep/2012:20:33:24 +0200] "GET /fiok/kornyezet.htm HTTP/1.1" 200 22582 "-" "Wotbox/2.01 (+http://www.wotbox.com/bot/)"
81.144.138.34 - - [01/Sep/2012:20:33:29 +0200] "GET /fiok/gazdasag.htm HTTP/1.1" 200 22480 "-" "Wotbox/2.01 (+http://www.wotbox.com/bot/)"
81.144.138.34 - - [01/Sep/2012:20:33:35 +0200] "GET /fiok/kapcsolat.htm HTTP/1.1" 200 17416 "-" "Wotbox/2.01 (+http://www.wotbox.com/bot/)"
81.144.138.34 - - [01/Sep/2012:20:33:40 +0200] "GET /jog/ HTTP/1.1" 200 13138 "-" "Wotbox/2.01 (+http://www.wotbox.com/bot/)"
81.144.138.34 - - [01/Sep/2012:20:33:46 +0200] "GET /hirek/fiok/index.html HTTP/1.1" 404 1181 "-" "Wotbox/2.01 (+http://www.wotbox.com/bot/)"
81.144.138.34 - - [01/Sep/2012:20:33:54 +0200] "GET /hirek/printscreenek/oktatokozpont.JPG HTTP/1.1" 200 119626 "-" "Wotbox/2.01 (+http://www.wotbox.com/bot/)"
81.144.138.34 - - [01/Sep/2012:20:34:00 +0200] "GET /hirek/Natura_2000es_gyepgazdalkodas_eloirasai.ppt HTTP/1.1" 200 15563 "-" "Wotbox/2.01 (+http://www.wotbox.com/bot/)"
81.144.138.34 - - [01/Sep/2012:20:34:05 +0200] "GET /hirek/hirek090930.htm HTTP/1.1" 200 7044 "-" "Wotbox/2.01 (+http://www.wotbox.com/bot/)"
81.144.138.34 - - [01/Sep/2012:20:34:10 +0200] "GET /hirek/hirek090619.htm HTTP/1.1" 200 7871 "-" "Wotbox/2.01 (+http://www.wotbox.com/bot/)"
81.144.138.34 - - [01/Sep/2012:20:34:16 +0200] "GET /hirek/hirek090605.htm HTTP/1.1" 200 7994 "-" "Wotbox/2.01 (+http://www.wotbox.com/bot/)"
81.144.138.34 - - [01/Sep/2012:20:34:21 +0200] "GET /hirek/hirek090602.htm HTTP/1.1" 200 7261 "-" "Wotbox/2.01 (+http://www.wotbox.com/bot/)"
81.144.138.34 - - [01/Sep/2012:20:34:27 +0200] "GET /hirek/hirek090510.htm HTTP/1.1" 200 12743 "-" "Wotbox/2.01 (+http://www.wotbox.com/bot/)"
81.144.138.34 - - [01/Sep/2012:20:34:32 +0200] "GET /hirek/hirek090509.htm HTTP/1.1" 200 7803 "-" "Wotbox/2.01 (+http://www.wotbox.com/bot/)"
81.144.138.34 - - [01/Sep/2012:20:34:38 +0200] "GET /hirek/hirek090428.htm HTTP/1.1" 200 24808 "-" "Wotbox/2.01 (+http://www.wotbox.com/bot/)"
81.144.138.34 - - [01/Sep/2012:20:34:44 +0200] "GET /hirek/hirek090303.htm HTTP/1.1" 200 7721 "-" "Wotbox/2.01 (+http://www.wotbox.com/bot/)"
81.144.138.34 - - [01/Sep/2012:20:34:49 +0200] "GET /hirek/hirek090302.htm HTTP/1.1" 200 8452 "-" "Wotbox/2.01 (+http://www.wotbox.com/bot/)"
81.144.138.34 - - [01/Sep/2012:20:34:54 +0200] "GET /hirek/hirek090301.htm HTTP/1.1" 200 7022 "-" "Wotbox/2.01 (+http://www.wotbox.com/bot/)"
81.144.138.34 - - [01/Sep/2012:20:35:00 +0200] "GET /hirek/hirek09_03.htm HTTP/1.1" 200 10810 "-" "Wotbox/2.01 (+http://www.wotbox.com/bot/)"
81.144.138.34 - - [01/Sep/2012:20:35:05 +0200] "GET /hirek09_03.htm HTTP/1.1" 200 10726 "-" "Wotbox/2.01 (+http://www.wotbox.com/bot/)"
81.144.138.34 - - [01/Sep/2012:20:35:11 +0200] "GET /hirek/hirek090215.htm HTTP/1.1" 200 9398 "-" "Wotbox/2.01 (+http://www.wotbox.com/bot/)"
81.144.138.34 - - [01/Sep/2012:20:35:16 +0200] "GET /hirek09_02.htm HTTP/1.1" 200 7450 "-" "Wotbox/2.01 (+http://www.wotbox.com/bot/)"
213.186.119.135 - - [01/Sep/2012:20:40:04 +0200] "GET /hirek/hirek120120.htm HTTP/1.1" 200 6634 "-" "Mozilla/5.0 (compatible; AhrefsBot/3.1; +http://ahrefs.com/robot/)"
178.154.210.252 - - [01/Sep/2012:21:03:59 +0200] "GET /english/programs.htm HTTP/1.1" 200 5614 "-" "Mozilla/5.0 (compatible; YandexBot/3.0; +http://yandex.com/bots)"
178.154.210.252 - - [01/Sep/2012:21:04:02 +0200] "GET /hirek/hirek100305.htm HTTP/1.1" 304 - "-" "Mozilla/5.0 (compatible; YandexBot/3.0; +http://yandex.com/bots)"
213.186.127.9 - - [01/Sep/2012:21:47:34 +0200] "GET /fiok/program_reszek/konferancia.htm HTTP/1.1" 200 21668 "-" "Mozilla/5.0 (compatible; AhrefsBot/3.1; +http://ahrefs.com/robot/)"
213.186.127.8 - - [01/Sep/2012:22:55:03 +0200] "GET /hirek/hirek120207.htm HTTP/1.1" 200 6586 "-" "Mozilla/5.0 (compatible; AhrefsBot/3.1; +http://ahrefs.com/robot/)"
180.76.5.51 - - [01/Sep/2012:23:06:36 +0200] "GET / HTTP/1.1" 200 23778 "-" "Mozilla/5.0 (compatible; Baiduspider/2.0; +http://www.baidu.com/search/spider.html)"
213.186.119.137 - - [02/Sep/2012:00:02:34 +0200] "GET /fiok/ HTTP/1.1" 200 20554 "-" "Mozilla/5.0 (compatible; AhrefsBot/3.1; +http://ahrefs.com/robot/)"
178.154.210.252 - - [02/Sep/2012:00:40:31 +0200] "GET /deutsch/kontakt.htm HTTP/1.1" 304 - "-" "Mozilla/5.0 (compatible; YandexBot/3.0; +http://yandex.com/bots)"
178.154.210.252 - - [02/Sep/2012:00:56:05 +0200] "GET /deutsch/index.htm HTTP/1.1" 304 - "-" "Mozilla/5.0 (compatible; YandexBot/3.0; +http://yandex.com/bots)"
213.186.119.134 - - [02/Sep/2012:01:10:03 +0200] "GET /hirek/jelentkezesi_lap.doc HTTP/1.1" 200 19937 "-" "Mozilla/5.0 (compatible; AhrefsBot/3.1; +http://ahrefs.com/robot/)"
208.115.111.68 - - [02/Sep/2012:01:42:08 +0200] "GET /robots.txt HTTP/1.1" 404 1181 "-" "Mozilla/5.0 (compatible; Ezooms/1.0; ezooms.bot@gmail.com)"
213.186.119.141 - - [02/Sep/2012:02:17:34 +0200] "GET /fiok/program_reszek/lovaglas.htm HTTP/1.1" 200 21486 "-" "Mozilla/5.0 (compatible; AhrefsBot/3.1; +http://ahrefs.com/robot/)"
178.154.210.252 - - [02/Sep/2012:02:36:55 +0200] "GET /english/introduction.htm HTTP/1.1" 200 6502 "-" "Mozilla/5.0 (compatible; YandexBot/3.0; +http://yandex.com/bots)"
180.76.5.143 - - [02/Sep/2012:03:02:47 +0200] "GET /fiok/kornyezet.htm HTTP/1.1" 304 - "-" "Mozilla/5.0 (compatible; Baiduspider/2.0; +http://www.baidu.com/search/spider.html)"
213.186.119.132 - - [02/Sep/2012:03:25:03 +0200] "GET /hirek/klimatv_civilcikk.doc HTTP/1.1" 200 19938 "-" "Mozilla/5.0 (compatible; AhrefsBot/3.1; +http://ahrefs.com/robot/)"
208.115.111.68 - - [02/Sep/2012:03:49:52 +0200] "GET /jog/tapasztalatszerzok.htm HTTP/1.1" 200 12148 "-" "Mozilla/5.0 (compatible; Ezooms/1.0; ezooms.bot@gmail.com)"
208.115.111.68 - - [02/Sep/2012:03:49:53 +0200] "GET /jog/tippek.htm HTTP/1.1" 200 13697 "-" "Mozilla/5.0 (compatible; Ezooms/1.0; ezooms.bot@gmail.com)"
192.114.71.13 - - [02/Sep/2012:04:08:42 +0200] "GET / HTTP/1.1" 200 23778 "-" "Mozilla/4.0 (compatible; MSIE 7.0; Windows NT 5.1; .NET CLR 1.1.4322; InfoPath.1; .NET CLR 2.0.50727)"
213.186.127.28 - - [02/Sep/2012:04:32:34 +0200] "GET /deutsch/stellen.htm HTTP/1.1" 200 6824 "-" "Mozilla/5.0 (compatible; AhrefsBot/3.1; +http://ahrefs.com/robot/)"
178.154.210.252 - - [02/Sep/2012:04:48:01 +0200] "GET /media.htm HTTP/1.1" 200 5208 "-" "Mozilla/5.0 (compatible; YandexBot/3.0; +http://yandex.com/bots)"
213.186.119.143 - - [02/Sep/2012:05:40:04 +0200] "GET /index.htm HTTP/1.1" 200 23778 "-" "Mozilla/5.0 (compatible; AhrefsBot/3.1; +http://ahrefs.com/robot/)"
157.55.112.243 - - [02/Sep/2012:06:00:45 +0200] "GET /hirek/hirek090428.htm HTTP/1.1" 200 24808 "-" "Mozilla/4.0 (compatible; MSIE 7.0; Windows NT 5.2; SLCC1; .NET CLR 1.1.4325; .NET CLR 2.0.40607; .NET CLR 3.0.30729; .NET CLR 3.5.30707; InfoPath.2)"
157.55.112.243 - - [02/Sep/2012:06:00:52 +0200] "GET /vill.cs HTTP/1.1" 200 2676 "http://www.beklen.hu/hirek/hirek090428.htm" "Mozilla/4.0 (compatible; MSIE 7.0; Windows NT 5.2; SLCC1; .NET CLR 1.1.4325; .NET CLR 2.0.40607; .NET CLR 3.0.30729; .NET CLR 3.5.30707; InfoPath.2)"
157.55.36.52 - - [02/Sep/2012:06:35:55 +0200] "GET /robots.txt HTTP/1.1" 404 1181 "-" "Mozilla/5.0 (compatible; bingbot/2.0; +http://www.bing.com/bingbot.htm)"
213.186.127.11 - - [02/Sep/2012:06:47:34 +0200] "GET /fiok/program_reszek/madarmegfigyeles.htm HTTP/1.1" 200 21825 "-" "Mozilla/5.0 (compatible; AhrefsBot/3.1; +http://ahrefs.com/robot/)"
178.154.210.252 - - [02/Sep/2012:07:07:51 +0200] "GET /fiok/ HTTP/1.1" 200 20554 "-" "Mozilla/5.0 (compatible; YandexBot/3.0; +http://yandex.com/bots)"
180.76.5.96 - - [02/Sep/2012:07:17:11 +0200] "GET /fiok/program_reszek/turazas.htm HTTP/1.1" 304 - "-" "Mozilla/5.0 (compatible; Baiduspider/2.0; +http://www.baidu.com/search/spider.html)"
157.55.36.52 - - [02/Sep/2012:07:21:49 +0200] "GET /jog/eseteink/poroszlo/panasz_poroszlo.pdf HTTP/1.1" 200 180096 "-" "Mozilla/5.0 (compatible; bingbot/2.0; +http://www.bing.com/bingbot.htm)"
212.113.35.162 - - [02/Sep/2012:07:55:35 +0200] "GET /jog/index.htm HTTP/1.1" 200 13138 "-" "Mozilla/5.0 (compatible; AhrefsBot/3.1; +http://ahrefs.com/robot/)"
66.249.66.152 - - [02/Sep/2012:07:56:26 +0200] "GET /robots.txt HTTP/1.1" 404 1181 "-" "Mozilla/5.0 (compatible; Googlebot/2.1; +http://www.google.com/bot.html)"
66.249.66.152 - - [02/Sep/2012:07:56:27 +0200] "GET /jog/jogszabalyok/2008_evi_liii_torveny_hatalyos_cites_fuggelekek.doc HTTP/1.1" 200 3005952 "-" "Mozilla/5.0 (compatible; Googlebot/2.1; +http://www.google.com/bot.html)"
213.186.127.5 - - [02/Sep/2012:09:02:33 +0200] "GET /fiok/& HTTP/1.1" 404 1181 "-" "Mozilla/5.0 (compatible; AhrefsBot/3.1; +http://ahrefs.com/robot/)"
178.154.210.252 - - [02/Sep/2012:09:21:19 +0200] "GET /programok.htm HTTP/1.1" 200 6444 "-" "Mozilla/5.0 (compatible; YandexBot/3.0; +http://yandex.com/bots)"
208.115.111.68 - - [02/Sep/2012:09:42:33 +0200] "GET /robots.txt HTTP/1.1" 404 1181 "-" "Mozilla/5.0 (compatible; Ezooms/1.0; ezooms.bot@gmail.com)"
178.154.210.252 - - [02/Sep/2012:10:42:02 +0200] "GET /hirek/hirek091015.htm HTTP/1.1" 200 7046 "-" "Mozilla/5.0 (compatible; YandexBot/3.0; +http://yandex.com/bots)"
208.115.111.68 - - [02/Sep/2012:11:09:59 +0200] "GET /hirek/hirek120120.htm HTTP/1.1" 200 6634 "-" "Mozilla/5.0 (compatible; Ezooms/1.0; ezooms.bot@gmail.com)"
208.115.111.68 - - [02/Sep/2012:11:10:03 +0200] "GET /jog/eseteink/malom/index.htm HTTP/1.1" 200 17507 "-" "Mozilla/5.0 (compatible; Ezooms/1.0; ezooms.bot@gmail.com)"
178.154.210.252 - - [02/Sep/2012:11:12:02 +0200] "GET /hirek/hirek100225.htm HTTP/1.1" 200 7288 "-" "Mozilla/5.0 (compatible; YandexBot/3.0; +http://yandex.com/bots)"
66.249.66.152 - - [02/Sep/2012:11:39:50 +0200] "GET /programok.htm HTTP/1.1" 304 - "-" "Mozilla/5.0 (compatible; Googlebot/2.1; +http://www.google.com/bot.html)"
66.249.71.209 - - [02/Sep/2012:12:20:24 +0200] "GET /jog/eseteink/derekegyhaza/foldhivatalnak_2.pdf HTTP/1.1" 200 157295 "-" "Mozilla/5.0 (compatible; Googlebot/2.1; +http://www.google.com/bot.html)"
66.249.66.152 - - [02/Sep/2012:12:21:17 +0200] "GET /jog/eseteink/derekegyhaza/kotvife_kekto_vizugy.pdf HTTP/1.1" 200 103269 "-" "Mozilla/5.0 (compatible; Googlebot/2.1; +http://www.google.com/bot.html)"
89.134.139.211 - - [02/Sep/2012:12:56:37 +0200] "GET /jog/eseteink/derekegyhaza/index.htm HTTP/1.1" 200 34210 "http://www.google.hu/imgres?q=k%C3%A9rv%C3%A9ny+elutas%C3%ADt%C3%A1sa&um=1&hl=hu&sa=N&biw=1440&bih=799&tbm=isch&tbnid=l5NFvwJDT76e0M:&imgrefurl=http://www.beklen.hu/jog/eseteink/derekegyhaza/index.htm&imgurl=http://www.beklen.hu/jog/eseteink/derekegyhaza/mszhk_masodfok_ugyfel_elutasitas_1.jpg&w=1674&h=2277&ei=YjtDUOv5FMzLsgbgkoHgDQ&zoom=1&iact=hc&vpx=956&vpy=267&dur=8&hovh=262&hovw=192&tx=129&ty=223&sig=107792162624701556388&page=1&tbnh=159&tbnw=129&start=0&ndsp=30&ved=1t:429,r:12,s:0,i:109" "Mozilla/5.0 (Windows NT 6.1) AppleWebKit/537.1 (KHTML, like Gecko) Chrome/21.0.1180.89 Safari/537.1"
89.134.139.211 - - [02/Sep/2012:12:56:38 +0200] "GET /jog/style.css HTTP/1.1" 200 21413 "http://www.beklen.hu/jog/eseteink/derekegyhaza/index.htm" "Mozilla/5.0 (Windows NT 6.1) AppleWebKit/537.1 (KHTML, like Gecko) Chrome/21.0.1180.89 Safari/537.1"
89.134.139.211 - - [02/Sep/2012:12:56:38 +0200] "GET /jog/lb/css/lightbox.css HTTP/1.1" 200 1715 "http://www.beklen.hu/jog/eseteink/derekegyhaza/index.htm" "Mozilla/5.0 (Windows NT 6.1) AppleWebKit/537.1 (KHTML, like Gecko) Chrome/21.0.1180.89 Safari/537.1"
89.134.139.211 - - [02/Sep/2012:12:56:38 +0200] "GET /jog/script.js HTTP/1.1" 200 5674 "http://www.beklen.hu/jog/eseteink/derekegyhaza/index.htm" "Mozilla/5.0 (Windows NT 6.1) AppleWebKit/537.1 (KHTML, like Gecko) Chrome/21.0.1180.89 Safari/537.1"
89.134.139.211 - - [02/Sep/2012:12:56:38 +0200] "GET /jog/lb/js/scriptaculous.js?load=effects HTTP/1.1" 200 2152 "http://www.beklen.hu/jog/eseteink/derekegyhaza/index.htm" "Mozilla/5.0 (Windows NT 6.1) AppleWebKit/537.1 (KHTML, like Gecko) Chrome/21.0.1180.89 Safari/537.1"
89.134.139.211 - - [02/Sep/2012:12:56:38 +0200] "GET /jog/lb/js/lightbox.js HTTP/1.1" 200 23431 "http://www.beklen.hu/jog/eseteink/derekegyhaza/index.htm" "Mozilla/5.0 (Windows NT 6.1) AppleWebKit/537.1 (KHTML, like Gecko) Chrome/21.0.1180.89 Safari/537.1"
89.134.139.211 - - [02/Sep/2012:12:56:38 +0200] "GET /jog/jquery.js HTTP/1.1" 200 72174 "http://www.beklen.hu/jog/eseteink/derekegyhaza/index.htm" "Mozilla/5.0 (Windows NT 6.1) AppleWebKit/537.1 (KHTML, like Gecko) Chrome/21.0.1180.89 Safari/537.1"
89.134.139.211 - - [02/Sep/2012:12:56:38 +0200] "GET /jog/lb/js/prototype.js HTTP/1.1" 200 47603 "http://www.beklen.hu/jog/eseteink/derekegyhaza/index.htm" "Mozilla/5.0 (Windows NT 6.1) AppleWebKit/537.1 (KHTML, like Gecko) Chrome/21.0.1180.89 Safari/537.1"
89.134.139.211 - - [02/Sep/2012:12:56:38 +0200] "GET /jog/eseteink/derekegyhaza/mszhk_masodfok_ugyfel_elutasitas_1.jpg HTTP/1.1" 200 995513 "http://www.google.hu/imgres?q=k%C3%A9rv%C3%A9ny+elutas%C3%ADt%C3%A1sa&um=1&hl=hu&sa=N&biw=1440&bih=799&tbm=isch&tbnid=l5NFvwJDT76e0M:&imgrefurl=http://www.beklen.hu/jog/eseteink/derekegyhaza/index.htm&imgurl=http://www.beklen.hu/jog/eseteink/derekegyhaza/mszhk_masodfok_ugyfel_elutasitas_1.jpg&w=1674&h=2277&ei=YjtDUOv5FMzLsgbgkoHgDQ&zoom=1&iact=hc&vpx=956&vpy=267&dur=8&hovh=262&hovw=192&tx=129&ty=223&sig=107792162624701556388&page=1&tbnh=159&tbnw=129&start=0&ndsp=30&ved=1t:429,r:12,s:0,i:109" "Mozilla/5.0 (Windows NT 6.1) AppleWebKit/537.1 (KHTML, like Gecko) Chrome/21.0.1180.89 Safari/537.1"
89.134.139.211 - - [02/Sep/2012:12:56:38 +0200] "GET /jog/lb/js/effects.js HTTP/1.1" 200 31969 "http://www.beklen.hu/jog/eseteink/derekegyhaza/index.htm" "Mozilla/5.0 (Windows NT 6.1) AppleWebKit/537.1 (KHTML, like Gecko) Chrome/21.0.1180.89 Safari/537.1"
89.134.139.211 - - [02/Sep/2012:12:56:38 +0200] "GET /jog/images/spacer.gif HTTP/1.1" 200 43 "http://www.beklen.hu/jog/eseteink/derekegyhaza/index.htm" "Mozilla/5.0 (Windows NT 6.1) AppleWebKit/537.1 (KHTML, like Gecko) Chrome/21.0.1180.89 Safari/537.1"
89.134.139.211 - - [02/Sep/2012:12:56:38 +0200] "GET /jog/images/nav.png HTTP/1.1" 200 10482 "http://www.beklen.hu/jog/eseteink/derekegyhaza/index.htm" "Mozilla/5.0 (Windows NT 6.1) AppleWebKit/537.1 (KHTML, like Gecko) Chrome/21.0.1180.89 Safari/537.1"
89.134.139.211 - - [02/Sep/2012:12:56:38 +0200] "GET /jog/images/subitem.png HTTP/1.1" 200 81 "http://www.beklen.hu/jog/eseteink/derekegyhaza/index.htm" "Mozilla/5.0 (Windows NT 6.1) AppleWebKit/537.1 (KHTML, like Gecko) Chrome/21.0.1180.89 Safari/537.1"
89.134.139.211 - - [02/Sep/2012:12:56:38 +0200] "GET /jog/images/menuitem.png HTTP/1.1" 200 20398 "http://www.beklen.hu/jog/eseteink/derekegyhaza/index.htm" "Mozilla/5.0 (Windows NT 6.1) AppleWebKit/537.1 (KHTML, like Gecko) Chrome/21.0.1180.89 Safari/537.1"
89.134.139.211 - - [02/Sep/2012:12:56:38 +0200] "GET /jog/images/post_s.png HTTP/1.1" 200 466 "http://www.beklen.hu/jog/eseteink/derekegyhaza/index.htm" "Mozilla/5.0 (Windows NT 6.1) AppleWebKit/537.1 (KHTML, like Gecko) Chrome/21.0.1180.89 Safari/537.1"
89.134.139.211 - - [02/Sep/2012:12:56:38 +0200] "GET /jog/images/post_h.png HTTP/1.1" 200 292 "http://www.beklen.hu/jog/eseteink/derekegyhaza/index.htm" "Mozilla/5.0 (Windows NT 6.1) AppleWebKit/537.1 (KHTML, like Gecko) Chrome/21.0.1180.89 Safari/537.1"
89.134.139.211 - - [02/Sep/2012:12:56:38 +0200] "GET /jog/images/post_v.png HTTP/1.1" 200 310 "http://www.beklen.hu/jog/eseteink/derekegyhaza/index.htm" "Mozilla/5.0 (Windows NT 6.1) AppleWebKit/537.1 (KHTML, like Gecko) Chrome/21.0.1180.89 Safari/537.1"
89.134.139.211 - - [02/Sep/2012:12:56:38 +0200] "GET /jog/images/post_c.png HTTP/1.1" 200 204 "http://www.beklen.hu/jog/eseteink/derekegyhaza/index.htm" "Mozilla/5.0 (Windows NT 6.1) AppleWebKit/537.1 (KHTML, like Gecko) Chrome/21.0.1180.89 Safari/537.1"
89.134.139.211 - - [02/Sep/2012:12:56:38 +0200] "GET /jog/eseteink/derekegyhaza/37-433.jpg HTTP/1.1" 200 3573 "http://www.beklen.hu/jog/eseteink/derekegyhaza/index.htm" "Mozilla/5.0 (Windows NT 6.1) AppleWebKit/537.1 (KHTML, like Gecko) Chrome/21.0.1180.89 Safari/537.1"
89.134.139.211 - - [02/Sep/2012:12:56:38 +0200] "GET /jog/img/file_pdf.png HTTP/1.1" 200 581 "http://www.beklen.hu/jog/eseteink/derekegyhaza/index.htm" "Mozilla/5.0 (Windows NT 6.1) AppleWebKit/537.1 (KHTML, like Gecko) Chrome/21.0.1180.89 Safari/537.1"
89.134.139.211 - - [02/Sep/2012:12:56:38 +0200] "GET /jog/img/file_jpg.png HTTP/1.1" 200 607 "http://www.beklen.hu/jog/eseteink/derekegyhaza/index.htm" "Mozilla/5.0 (Windows NT 6.1) AppleWebKit/537.1 (KHTML, like Gecko) Chrome/21.0.1180.89 Safari/537.1"
89.134.139.211 - - [02/Sep/2012:12:56:39 +0200] "GET /jog/eseteink/derekegyhaza/kepek/37-431__.jpg HTTP/1.1" 200 4706 "http://www.beklen.hu/jog/eseteink/derekegyhaza/index.htm" "Mozilla/5.0 (Windows NT 6.1) AppleWebKit/537.1 (KHTML, like Gecko) Chrome/21.0.1180.89 Safari/537.1"
89.134.139.211 - - [02/Sep/2012:12:56:39 +0200] "GET /jog/eseteink/derekegyhaza/kepek/37-433__.jpg HTTP/1.1" 200 4596 "http://www.beklen.hu/jog/eseteink/derekegyhaza/index.htm" "Mozilla/5.0 (Windows NT 6.1) AppleWebKit/537.1 (KHTML, like Gecko) Chrome/21.0.1180.89 Safari/537.1"
89.134.139.211 - - [02/Sep/2012:12:56:39 +0200] "GET /jog/eseteink/derekegyhaza/kepek/37-431_o_2005__.jpg HTTP/1.1" 200 5766 "http://www.beklen.hu/jog/eseteink/derekegyhaza/index.htm" "Mozilla/5.0 (Windows NT 6.1) AppleWebKit/537.1 (KHTML, like Gecko) Chrome/21.0.1180.89 Safari/537.1"
89.134.139.211 - - [02/Sep/2012:12:56:39 +0200] "GET /jog/images/header.png HTTP/1.1" 200 170837 "http://www.beklen.hu/jog/eseteink/derekegyhaza/index.htm" "Mozilla/5.0 (Windows NT 6.1) AppleWebKit/537.1 (KHTML, like Gecko) Chrome/21.0.1180.89 Safari/537.1"
89.134.139.211 - - [02/Sep/2012:12:56:39 +0200] "GET /jog/eseteink/derekegyhaza/kepek/37-433_o_2005__.jpg HTTP/1.1" 200 5388 "http://www.beklen.hu/jog/eseteink/derekegyhaza/index.htm" "Mozilla/5.0 (Windows NT 6.1) AppleWebKit/537.1 (KHTML, like Gecko) Chrome/21.0.1180.89 Safari/537.1"
89.134.139.211 - - [02/Sep/2012:12:56:39 +0200] "GET /jog/eseteink/derekegyhaza/kepek/dalerd__.jpg HTTP/1.1" 200 6281 "http://www.beklen.hu/jog/eseteink/derekegyhaza/index.htm" "Mozilla/5.0 (Windows NT 6.1) AppleWebKit/537.1 (KHTML, like Gecko) Chrome/21.0.1180.89 Safari/537.1"
89.134.139.211 - - [02/Sep/2012:12:56:39 +0200] "GET /jog/eseteink/derekegyhaza/kepek/vadaskert-szakhat_.jpg HTTP/1.1" 200 8903 "http://www.beklen.hu/jog/eseteink/derekegyhaza/index.htm" "Mozilla/5.0 (Windows NT 6.1) AppleWebKit/537.1 (KHTML, like Gecko) Chrome/21.0.1180.89 Safari/537.1"
89.134.139.211 - - [02/Sep/2012:12:56:39 +0200] "GET /jog/images/Bottom_texture.jpg HTTP/1.1" 200 193775 "http://www.beklen.hu/jog/eseteink/derekegyhaza/index.htm" "Mozilla/5.0 (Windows NT 6.1) AppleWebKit/537.1 (KHTML, like Gecko) Chrome/21.0.1180.89 Safari/537.1"
180.76.5.146 - - [02/Sep/2012:13:15:58 +0200] "GET /fiok/ HTTP/1.1" 304 - "-" "Mozilla/5.0 (compatible; Baiduspider/2.0; +http://www.baidu.com/search/spider.html)"
46.29.140.215 - - [02/Sep/2012:13:26:17 +0200] "GET /jog/eseteink/audi/audi_gyor_restoration_measures1-10.pdf HTTP/1.1" 200 2134132 "http://www.google.hu/url?sa=t&rct=j&q=g%C3%B6ny%C5%B1i-homokvid%C3%A9k&source=web&cd=4&ved=0CDUQFjAD&url=http%3A%2F%2Fwww.beklen.hu%2Fjog%2Feseteink%2Faudi%2Faudi_gyor_restoration_measures1-10.pdf&ei=4EFDUJnWLqTP4QT-qIDQBA&usg=AFQjCNE5kCGiUpJed4VX6nFNeJ8jPtSNqA" "Mozilla/5.0 (compatible; MSIE 9.0; Windows NT 6.1; Trident/5.0)"
178.154.210.252 - - [02/Sep/2012:14:34:03 +0200] "GET /robots.txt HTTP/1.1" 404 1181 "-" "Mozilla/5.0 (compatible; YandexBot/3.0; +http://yandex.com/bots)"
178.154.210.252 - - [02/Sep/2012:15:43:17 +0200] "GET / HTTP/1.1" 200 23778 "-" "Mozilla/5.0 (compatible; YandexBot/3.0; +http://yandex.com/bots)"
66.249.71.209 - - [02/Sep/2012:16:11:20 +0200] "GET /magunkrol.htm HTTP/1.1" 304 - "-" "Mozilla/5.0 (compatible; Googlebot/2.1; +http://www.google.com/bot.html)"
178.154.210.252 - - [02/Sep/2012:16:42:16 +0200] "GET /hirarchivum.htm HTTP/1.1" 200 24981 "-" "Mozilla/5.0 (compatible; YandexBot/3.0; +http://yandex.com/bots)"
83.149.126.98 - - [02/Sep/2012:17:05:27 +0200] "GET /robots.txt HTTP/1.0" 404 1181 "-" "Mozilla/5.0 (compatible; MJ12bot/v1.4.3; http://www.majestic12.co.uk/bot.php?+)"
83.149.126.98 - - [02/Sep/2012:17:05:28 +0200] "GET /fiok HTTP/1.0" 301 300 "-" "Mozilla/5.0 (compatible; MJ12bot/v1.4.3; http://www.majestic12.co.uk/bot.php?+)"
83.149.126.98 - - [02/Sep/2012:17:05:30 +0200] "GET /fiok/ HTTP/1.0" 200 20554 "-" "Mozilla/5.0 (compatible; MJ12bot/v1.4.3; http://www.majestic12.co.uk/bot.php?+)"
157.55.35.41 - - [02/Sep/2012:17:45:00 +0200] "GET /robots.txt HTTP/1.1" 404 1181 "-" "Mozilla/5.0 (compatible; bingbot/2.0; +http://www.bing.com/bingbot.htm)"
178.154.210.252 - - [02/Sep/2012:18:12:00 +0200] "GET /civilmuhely.htm HTTP/1.1" 200 8450 "-" "Mozilla/5.0 (compatible; YandexBot/3.0; +http://yandex.com/bots)"
66.249.66.152 - - [02/Sep/2012:18:17:03 +0200] "GET /hirek/hirek100810.htm HTTP/1.1" 304 - "-" "Mozilla/5.0 (iPhone; U; CPU iPhone OS 4_1 like Mac OS X; en-us) AppleWebKit/532.9 (KHTML, like Gecko) Version/4.0.5 Mobile/8B117 Safari/6531.22.7 (compatible; Googlebot-Mobile/2.1; +http://www.google.com/bot.html)"
180.76.5.60 - - [02/Sep/2012:18:33:15 +0200] "GET /robots.txt HTTP/1.1" 404 1181 "-" "Mozilla/5.0 (compatible; Baiduspider/2.0; +http://www.baidu.com/search/spider.html)"
178.154.210.252 - - [02/Sep/2012:18:58:53 +0200] "GET /fiok/ HTTP/1.1" 200 20554 "-" "Mozilla/5.0 (compatible; YandexBot/3.0; +http://yandex.com/bots)"
157.55.33.83 - - [02/Sep/2012:19:43:01 +0200] "GET /robots.txt HTTP/1.1" 404 1181 "-" "Mozilla/5.0 (compatible; bingbot/2.0; +http://www.bing.com/bingbot.htm)"
178.154.210.252 - - [02/Sep/2012:20:14:05 +0200] "GET /hirek/hirek120207.htm HTTP/1.1" 304 - "-" "Mozilla/5.0 (compatible; YandexBot/3.0; +http://yandex.com/bots)"
178.154.210.252 - - [02/Sep/2012:21:28:16 +0200] "GET /hirek/hirek09_03.htm HTTP/1.1" 200 10810 "-" "Mozilla/5.0 (compatible; YandexBot/3.0; +http://yandex.com/bots)"
178.154.210.252 - - [02/Sep/2012:22:00:41 +0200] "GET /magunkrol.htm HTTP/1.1" 200 9202 "-" "Mozilla/5.0 (compatible; YandexBot/3.0; +http://yandex.com/bots)"
180.76.5.182 - - [02/Sep/2012:22:26:44 +0200] "GET /fiok/kapcsolat.htm HTTP/1.1" 304 - "-" "Mozilla/5.0 (compatible; Baiduspider/2.0; +http://www.baidu.com/search/spider.html)"
91.137.174.210 - - [02/Sep/2012:23:30:05 +0200] "GET /hirek08_12.htm HTTP/1.1" 200 8268 "http://www.google.hu/url?sa=t&rct=j&q=&esrc=s&source=web&cd=348&ved=0CFMQFjAHONQC&url=http%3A%2F%2Fwww.beklen.hu%2Fhirek08_12.htm&ei=xc9DUJm1BcTesgaPvIGgBw&usg=AFQjCNEBPBVKxNlniNJ5WqfbKeHEEn6VCw" "Mozilla/5.0 (Windows NT 5.1; rv:14.0) Gecko/20100101 Firefox/14.0.1"
91.137.174.210 - - [02/Sep/2012:23:30:05 +0200] "GET /vill.cs HTTP/1.1" 200 2676 "http://www.beklen.hu/hirek08_12.htm" "Mozilla/5.0 (Windows NT 5.1; rv:14.0) Gecko/20100101 Firefox/14.0.1"
91.137.174.210 - - [02/Sep/2012:23:30:05 +0200] "GET /tm01.jpg HTTP/1.1" 200 1080 "http://www.beklen.hu/hirek08_12.htm" "Mozilla/5.0 (Windows NT 5.1; rv:14.0) Gecko/20100101 Firefox/14.0.1"
91.137.174.210 - - [02/Sep/2012:23:30:05 +0200] "GET /tm02_.jpg HTTP/1.1" 200 1524 "http://www.beklen.hu/hirek08_12.htm" "Mozilla/5.0 (Windows NT 5.1; rv:14.0) Gecko/20100101 Firefox/14.0.1"
91.137.174.210 - - [02/Sep/2012:23:30:05 +0200] "GET /tm03_.jpg HTTP/1.1" 200 1787 "http://www.beklen.hu/hirek08_12.htm" "Mozilla/5.0 (Windows NT 5.1; rv:14.0) Gecko/20100101 Firefox/14.0.1"
91.137.174.210 - - [02/Sep/2012:23:30:05 +0200] "GET /tm05_.jpg HTTP/1.1" 200 1839 "http://www.beklen.hu/hirek08_12.htm" "Mozilla/5.0 (Windows NT 5.1; rv:14.0) Gecko/20100101 Firefox/14.0.1"
91.137.174.210 - - [02/Sep/2012:23:30:05 +0200] "GET /tm04_.jpg HTTP/1.1" 200 2058 "http://www.beklen.hu/hirek08_12.htm" "Mozilla/5.0 (Windows NT 5.1; rv:14.0) Gecko/20100101 Firefox/14.0.1"
91.137.174.210 - - [02/Sep/2012:23:30:05 +0200] "GET /tm06_.jpg HTTP/1.1" 200 1382 "http://www.beklen.hu/hirek08_12.htm" "Mozilla/5.0 (Windows NT 5.1; rv:14.0) Gecko/20100101 Firefox/14.0.1"
91.137.174.210 - - [02/Sep/2012:23:30:05 +0200] "GET /tm07.jpg HTTP/1.1" 200 1007 "http://www.beklen.hu/hirek08_12.htm" "Mozilla/5.0 (Windows NT 5.1; rv:14.0) Gecko/20100101 Firefox/14.0.1"
91.137.174.210 - - [02/Sep/2012:23:30:05 +0200] "GET /bg.jpg HTTP/1.1" 200 566 "http://www.beklen.hu/hirek08_12.htm" "Mozilla/5.0 (Windows NT 5.1; rv:14.0) Gecko/20100101 Firefox/14.0.1"
91.137.174.210 - - [02/Sep/2012:23:30:06 +0200] "GET /bottom_main.jpg HTTP/1.1" 200 96820 "http://www.beklen.hu/vill.cs" "Mozilla/5.0 (Windows NT 5.1; rv:14.0) Gecko/20100101 Firefox/14.0.1"
91.137.174.210 - - [02/Sep/2012:23:30:07 +0200] "GET /tm02.jpg HTTP/1.1" 200 1873 "http://www.beklen.hu/hirek08_12.htm" "Mozilla/5.0 (Windows NT 5.1; rv:14.0) Gecko/20100101 Firefox/14.0.1"
91.137.174.210 - - [02/Sep/2012:23:30:07 +0200] "GET /tm04.jpg HTTP/1.1" 200 2613 "http://www.beklen.hu/hirek08_12.htm" "Mozilla/5.0 (Windows NT 5.1; rv:14.0) Gecko/20100101 Firefox/14.0.1"
91.137.174.210 - - [02/Sep/2012:23:30:07 +0200] "GET /tm03.jpg HTTP/1.1" 200 2212 "http://www.beklen.hu/hirek08_12.htm" "Mozilla/5.0 (Windows NT 5.1; rv:14.0) Gecko/20100101 Firefox/14.0.1"
91.137.174.210 - - [02/Sep/2012:23:30:07 +0200] "GET /tm05.jpg HTTP/1.1" 200 2253 "http://www.beklen.hu/hirek08_12.htm" "Mozilla/5.0 (Windows NT 5.1; rv:14.0) Gecko/20100101 Firefox/14.0.1"
91.137.174.210 - - [02/Sep/2012:23:30:07 +0200] "GET /tm06.jpg HTTP/1.1" 200 1651 "http://www.beklen.hu/hirek08_12.htm" "Mozilla/5.0 (Windows NT 5.1; rv:14.0) Gecko/20100101 Firefox/14.0.1"
91.137.174.210 - - [02/Sep/2012:23:30:07 +0200] "GET /favicon.ico HTTP/1.1" 404 1181 "-" "Mozilla/5.0 (Windows NT 5.1; rv:14.0) Gecko/20100101 Firefox/14.0.1"
178.154.210.252 - - [03/Sep/2012:00:01:05 +0200] "GET /hirek/hirek120120.htm HTTP/1.1" 304 - "-" "Mozilla/5.0 (compatible; YandexBot/3.0; +http://yandex.com/bots)"
157.55.33.47 - - [03/Sep/2012:00:34:43 +0200] "GET /robots.txt HTTP/1.1" 404 1181 "-" "Mozilla/5.0 (compatible; bingbot/2.0; +http://www.bing.com/bingbot.htm)"
157.55.33.83 - - [03/Sep/2012:00:41:42 +0200] "GET /kapcsolat.htm HTTP/1.1" 304 - "-" "Mozilla/5.0 (compatible; bingbot/2.0; +http://www.bing.com/bingbot.htm)"
178.154.210.252 - - [03/Sep/2012:01:15:28 +0200] "GET /deutsch/index.htm HTTP/1.1" 200 5324 "-" "Mozilla/5.0 (compatible; YandexBot/3.0; +http://yandex.com/bots)"
157.55.34.180 - - [03/Sep/2012:02:18:36 +0200] "GET /robots.txt HTTP/1.1" 404 1181 "-" "Mozilla/5.0 (compatible; bingbot/2.0; +http://www.bing.com/bingbot.htm)"
178.154.210.252 - - [03/Sep/2012:02:33:41 +0200] "GET /hirek/hirek101213.htm HTTP/1.1" 304 - "-" "Mozilla/5.0 (compatible; YandexBot/3.0; +http://yandex.com/bots)"
157.55.34.180 - - [03/Sep/2012:03:10:49 +0200] "GET /jog/index.htm HTTP/1.1" 200 13138 "-" "Mozilla/5.0 (compatible; bingbot/2.0; +http://www.bing.com/bingbot.htm)"
178.154.210.252 - - [03/Sep/2012:03:59:11 +0200] "GET /hirek/Microsoft%20Word%20-%20csongradi%20duzzaszto%20velemeny%202009.06.11..doc.pdf HTTP/1.1" 304 - "-" "Mozilla/5.0 (compatible; YandexBot/3.0; +http://yandex.com/bots)"
178.154.210.252 - - [03/Sep/2012:05:14:52 +0200] "GET /kapcsolat.htm HTTP/1.1" 200 6889 "-" "Mozilla/5.0 (compatible; YandexBot/3.0; +http://yandex.com/bots)"
65.55.52.87 - - [03/Sep/2012:06:07:43 +0200] "GET /robots.txt HTTP/1.1" 404 1181 "-" "Mozilla/5.0 (compatible; bingbot/2.0; +http://www.bing.com/bingbot.htm)"
178.154.210.252 - - [03/Sep/2012:06:30:20 +0200] "GET /hirek/klimatv_civilcikk.doc HTTP/1.1" 200 78336 "-" "Mozilla/5.0 (compatible; YandexBot/3.0; +http://yandex.com/bots)"
66.249.66.152 - - [03/Sep/2012:06:47:42 +0200] "GET /robots.txt HTTP/1.1" 404 1181 "-" "Mozilla/5.0 (compatible; Googlebot/2.1; +http://www.google.com/bot.html)"
66.249.66.152 - - [03/Sep/2012:06:47:43 +0200] "GET /khb/beklen_2010_kh_jelentes.pdf HTTP/1.1" 200 252786 "-" "Mozilla/5.0 (compatible; Googlebot/2.1; +http://www.google.com/bot.html)"
178.154.210.252 - - [03/Sep/2012:07:46:21 +0200] "GET /hirek/jelentkezesi_lap.doc HTTP/1.1" 200 251392 "-" "Mozilla/5.0 (compatible; YandexBot/3.0; +http://yandex.com/bots)"
188.36.100.222 - - [03/Sep/2012:08:16:59 +0200] "GET / HTTP/1.1" 200 23778 "http://www.nimfea.hu/tagszervezeteink/index.htm" "Mozilla/5.0 (Windows NT 6.1; rv:15.0) Gecko/20100101 Firefox/15.0"
188.36.100.222 - - [03/Sep/2012:08:16:59 +0200] "GET /tm01.jpg HTTP/1.1" 200 1080 "http://www.beklen.hu/" "Mozilla/5.0 (Windows NT 6.1; rv:15.0) Gecko/20100101 Firefox/15.0"
188.36.100.222 - - [03/Sep/2012:08:16:59 +0200] "GET /vill.cs HTTP/1.1" 200 2676 "http://www.beklen.hu/" "Mozilla/5.0 (Windows NT 6.1; rv:15.0) Gecko/20100101 Firefox/15.0"
188.36.100.222 - - [03/Sep/2012:08:16:59 +0200] "GET /lb/js/scriptaculous.js?load=effects HTTP/1.1" 200 2152 "http://www.beklen.hu/" "Mozilla/5.0 (Windows NT 6.1; rv:15.0) Gecko/20100101 Firefox/15.0"
188.36.100.222 - - [03/Sep/2012:08:16:59 +0200] "GET /lb/css/lightbox.css HTTP/1.1" 200 1715 "http://www.beklen.hu/" "Mozilla/5.0 (Windows NT 6.1; rv:15.0) Gecko/20100101 Firefox/15.0"
188.36.100.222 - - [03/Sep/2012:08:16:59 +0200] "GET /tm02.jpg HTTP/1.1" 200 1873 "http://www.beklen.hu/" "Mozilla/5.0 (Windows NT 6.1; rv:15.0) Gecko/20100101 Firefox/15.0"
188.36.100.222 - - [03/Sep/2012:08:16:59 +0200] "GET /tm03_.jpg HTTP/1.1" 200 1787 "http://www.beklen.hu/" "Mozilla/5.0 (Windows NT 6.1; rv:15.0) Gecko/20100101 Firefox/15.0"
188.36.100.222 - - [03/Sep/2012:08:16:59 +0200] "GET /tm04_.jpg HTTP/1.1" 200 2058 "http://www.beklen.hu/" "Mozilla/5.0 (Windows NT 6.1; rv:15.0) Gecko/20100101 Firefox/15.0"
188.36.100.222 - - [03/Sep/2012:08:16:59 +0200] "GET /tm05_.jpg HTTP/1.1" 200 1839 "http://www.beklen.hu/" "Mozilla/5.0 (Windows NT 6.1; rv:15.0) Gecko/20100101 Firefox/15.0"
188.36.100.222 - - [03/Sep/2012:08:16:59 +0200] "GET /tm06_.jpg HTTP/1.1" 200 1382 "http://www.beklen.hu/" "Mozilla/5.0 (Windows NT 6.1; rv:15.0) Gecko/20100101 Firefox/15.0"
188.36.100.222 - - [03/Sep/2012:08:16:59 +0200] "GET /tm07.jpg HTTP/1.1" 200 1007 "http://www.beklen.hu/" "Mozilla/5.0 (Windows NT 6.1; rv:15.0) Gecko/20100101 Firefox/15.0"
188.36.100.222 - - [03/Sep/2012:08:16:59 +0200] "GET /lb/js/lightbox.js HTTP/1.1" 200 23424 "http://www.beklen.hu/" "Mozilla/5.0 (Windows NT 6.1; rv:15.0) Gecko/20100101 Firefox/15.0"
188.36.100.222 - - [03/Sep/2012:08:16:59 +0200] "GET /a1_projekt_tabla_infra_cs3_beklenhaz_.jpg HTTP/1.1" 200 8994 "http://www.beklen.hu/" "Mozilla/5.0 (Windows NT 6.1; rv:15.0) Gecko/20100101 Firefox/15.0"
188.36.100.222 - - [03/Sep/2012:08:16:59 +0200] "GET /jog_honlap_.jpg HTTP/1.1" 200 7186 "http://www.beklen.hu/" "Mozilla/5.0 (Windows NT 6.1; rv:15.0) Gecko/20100101 Firefox/15.0"
188.36.100.222 - - [03/Sep/2012:08:16:59 +0200] "GET /lb/js/prototype.js HTTP/1.1" 200 47603 "http://www.beklen.hu/" "Mozilla/5.0 (Windows NT 6.1; rv:15.0) Gecko/20100101 Firefox/15.0"
188.36.100.222 - - [03/Sep/2012:08:17:00 +0200] "GET /lb/js/effects.js HTTP/1.1" 200 31969 "http://www.beklen.hu/" "Mozilla/5.0 (Windows NT 6.1; rv:15.0) Gecko/20100101 Firefox/15.0"
188.36.100.222 - - [03/Sep/2012:08:17:00 +0200] "GET /bg.jpg HTTP/1.1" 200 566 "http://www.beklen.hu/" "Mozilla/5.0 (Windows NT 6.1; rv:15.0) Gecko/20100101 Firefox/15.0"
188.36.100.222 - - [03/Sep/2012:08:17:01 +0200] "GET /bottom_main.jpg HTTP/1.1" 200 96820 "http://www.beklen.hu/vill.cs" "Mozilla/5.0 (Windows NT 6.1; rv:15.0) Gecko/20100101 Firefox/15.0"
188.36.100.222 - - [03/Sep/2012:08:17:08 +0200] "GET /nimfea_project_250x250.gif HTTP/1.1" 200 2986583 "http://www.beklen.hu/" "Mozilla/5.0 (Windows NT 6.1; rv:15.0) Gecko/20100101 Firefox/15.0"
188.36.100.222 - - [03/Sep/2012:08:17:08 +0200] "GET /tm03.jpg HTTP/1.1" 200 2212 "http://www.beklen.hu/" "Mozilla/5.0 (Windows NT 6.1; rv:15.0) Gecko/20100101 Firefox/15.0"
188.36.100.222 - - [03/Sep/2012:08:17:08 +0200] "GET /lb/images/loading.gif HTTP/1.1" 200 2767 "http://www.beklen.hu/" "Mozilla/5.0 (Windows NT 6.1; rv:15.0) Gecko/20100101 Firefox/15.0"
188.36.100.222 - - [03/Sep/2012:08:17:08 +0200] "GET /lb/images/closelabel.gif HTTP/1.1" 200 222 "http://www.beklen.hu/" "Mozilla/5.0 (Windows NT 6.1; rv:15.0) Gecko/20100101 Firefox/15.0"
188.36.100.222 - - [03/Sep/2012:08:17:08 +0200] "GET /tm04.jpg HTTP/1.1" 200 2613 "http://www.beklen.hu/" "Mozilla/5.0 (Windows NT 6.1; rv:15.0) Gecko/20100101 Firefox/15.0"
188.36.100.222 - - [03/Sep/2012:08:17:08 +0200] "GET /tm05.jpg HTTP/1.1" 200 2253 "http://www.beklen.hu/" "Mozilla/5.0 (Windows NT 6.1; rv:15.0) Gecko/20100101 Firefox/15.0"
188.36.100.222 - - [03/Sep/2012:08:17:08 +0200] "GET /tm06.jpg HTTP/1.1" 200 1651 "http://www.beklen.hu/" "Mozilla/5.0 (Windows NT 6.1; rv:15.0) Gecko/20100101 Firefox/15.0"
188.36.100.222 - - [03/Sep/2012:08:17:08 +0200] "GET /tm02_.jpg HTTP/1.1" 200 1524 "http://www.beklen.hu/" "Mozilla/5.0 (Windows NT 6.1; rv:15.0) Gecko/20100101 Firefox/15.0"
188.36.100.222 - - [03/Sep/2012:08:17:08 +0200] "GET /magunkrol.htm HTTP/1.1" 200 9202 "http://www.beklen.hu/" "Mozilla/5.0 (Windows NT 6.1; rv:15.0) Gecko/20100101 Firefox/15.0"
188.36.100.222 - - [03/Sep/2012:08:17:08 +0200] "GET /favicon.ico HTTP/1.1" 404 1181 "-" "Mozilla/5.0 (Windows NT 6.1; rv:15.0) Gecko/20100101 Firefox/15.0"
188.36.100.222 - - [03/Sep/2012:08:17:08 +0200] "GET /favicon.ico HTTP/1.1" 404 1181 "-" "Mozilla/5.0 (Windows NT 6.1; rv:15.0) Gecko/20100101 Firefox/15.0"
188.36.100.222 - - [03/Sep/2012:08:17:08 +0200] "GET /tm02_.jpg HTTP/1.1" 200 1524 "http://www.beklen.hu/magunkrol.htm" "Mozilla/5.0 (Windows NT 6.1; rv:15.0) Gecko/20100101 Firefox/15.0"
188.36.100.222 - - [03/Sep/2012:08:17:09 +0200] "GET /bottom_.jpg HTTP/1.1" 200 93419 "http://www.beklen.hu/vill.cs" "Mozilla/5.0 (Windows NT 6.1; rv:15.0) Gecko/20100101 Firefox/15.0"
188.36.100.222 - - [03/Sep/2012:08:17:17 +0200] "GET /tm04.jpg HTTP/1.1" 200 2613 "http://www.beklen.hu/magunkrol.htm" "Mozilla/5.0 (Windows NT 6.1; rv:15.0) Gecko/20100101 Firefox/15.0"
188.36.100.222 - - [03/Sep/2012:08:17:18 +0200] "GET /tm05.jpg HTTP/1.1" 200 2253 "http://www.beklen.hu/magunkrol.htm" "Mozilla/5.0 (Windows NT 6.1; rv:15.0) Gecko/20100101 Firefox/15.0"
188.36.100.222 - - [03/Sep/2012:08:17:18 +0200] "GET /tm06.jpg HTTP/1.1" 200 1651 "http://www.beklen.hu/magunkrol.htm" "Mozilla/5.0 (Windows NT 6.1; rv:15.0) Gecko/20100101 Firefox/15.0"
188.36.100.222 - - [03/Sep/2012:08:17:18 +0200] "GET /kapcsolat.htm HTTP/1.1" 200 6889 "http://www.beklen.hu/magunkrol.htm" "Mozilla/5.0 (Windows NT 6.1; rv:15.0) Gecko/20100101 Firefox/15.0"
