79.120.147.144 - - [26/Sep/2012:22:26:17 +0200] "GET /tm01.jpg HTTP/1.1" 200 1080 "http://www.beklen.hu/" "Mozilla/5.0 (Windows NT 6.2; WOW64) AppleWebKit/535.19 (KHTML, like Gecko) Chrome/18.0.1025.152 Safari/535.19 CoolNovo/2.0.3.55"
79.120.147.144 - - [26/Sep/2012:22:26:17 +0200] "GET /tm02.jpg HTTP/1.1" 200 1873 "http://www.beklen.hu/" "Mozilla/5.0 (Windows NT 6.2; WOW64) AppleWebKit/535.19 (KHTML, like Gecko) Chrome/18.0.1025.152 Safari/535.19 CoolNovo/2.0.3.55"
79.120.147.144 - - [26/Sep/2012:22:26:17 +0200] "GET /tm03_.jpg HTTP/1.1" 200 1787 "http://www.beklen.hu/" "Mozilla/5.0 (Windows NT 6.2; WOW64) AppleWebKit/535.19 (KHTML, like Gecko) Chrome/18.0.1025.152 Safari/535.19 CoolNovo/2.0.3.55"
79.120.147.144 - - [26/Sep/2012:22:26:17 +0200] "GET /tm05_.jpg HTTP/1.1" 200 1839 "http://www.beklen.hu/" "Mozilla/5.0 (Windows NT 6.2; WOW64) AppleWebKit/535.19 (KHTML, like Gecko) Chrome/18.0.1025.152 Safari/535.19 CoolNovo/2.0.3.55"
79.120.147.144 - - [26/Sep/2012:22:26:17 +0200] "GET /tm06_.jpg HTTP/1.1" 200 1382 "http://www.beklen.hu/" "Mozilla/5.0 (Windows NT 6.2; WOW64) AppleWebKit/535.19 (KHTML, like Gecko) Chrome/18.0.1025.152 Safari/535.19 CoolNovo/2.0.3.55"
79.120.147.144 - - [26/Sep/2012:22:26:17 +0200] "GET /tm07.jpg HTTP/1.1" 200 1007 "http://www.beklen.hu/" "Mozilla/5.0 (Windows NT 6.2; WOW64) AppleWebKit/535.19 (KHTML, like Gecko) Chrome/18.0.1025.152 Safari/535.19 CoolNovo/2.0.3.55"
79.120.147.144 - - [26/Sep/2012:22:26:17 +0200] "GET /tm04_.jpg HTTP/1.1" 200 2058 "http://www.beklen.hu/" "Mozilla/5.0 (Windows NT 6.2; WOW64) AppleWebKit/535.19 (KHTML, like Gecko) Chrome/18.0.1025.152 Safari/535.19 CoolNovo/2.0.3.55"
79.120.147.144 - - [26/Sep/2012:22:26:17 +0200] "GET /a1_projekt_tabla_infra_cs3_beklenhaz_.jpg HTTP/1.1" 200 8994 "http://www.beklen.hu/" "Mozilla/5.0 (Windows NT 6.2; WOW64) AppleWebKit/535.19 (KHTML, like Gecko) Chrome/18.0.1025.152 Safari/535.19 CoolNovo/2.0.3.55"
79.120.147.144 - - [26/Sep/2012:22:26:17 +0200] "GET /jog_honlap_.jpg HTTP/1.1" 200 7186 "http://www.beklen.hu/" "Mozilla/5.0 (Windows NT 6.2; WOW64) AppleWebKit/535.19 (KHTML, like Gecko) Chrome/18.0.1025.152 Safari/535.19 CoolNovo/2.0.3.55"
79.120.147.144 - - [26/Sep/2012:22:26:17 +0200] "GET /bottom_main.jpg HTTP/1.1" 200 96820 "http://www.beklen.hu/" "Mozilla/5.0 (Windows NT 6.2; WOW64) AppleWebKit/535.19 (KHTML, like Gecko) Chrome/18.0.1025.152 Safari/535.19 CoolNovo/2.0.3.55"
79.120.147.144 - - [26/Sep/2012:22:26:19 +0200] "GET /tm04.jpg HTTP/1.1" 200 2613 "http://www.beklen.hu/" "Mozilla/5.0 (Windows NT 6.2; WOW64) AppleWebKit/535.19 (KHTML, like Gecko) Chrome/18.0.1025.152 Safari/535.19 CoolNovo/2.0.3.55"
79.120.147.144 - - [26/Sep/2012:22:26:19 +0200] "GET /tm05.jpg HTTP/1.1" 200 2253 "http://www.beklen.hu/" "Mozilla/5.0 (Windows NT 6.2; WOW64) AppleWebKit/535.19 (KHTML, like Gecko) Chrome/18.0.1025.152 Safari/535.19 CoolNovo/2.0.3.55"
79.120.147.144 - - [26/Sep/2012:22:26:19 +0200] "GET /nimfea_project_250x250.gif HTTP/1.1" 200 608438 "http://www.beklen.hu/" "Mozilla/5.0 (Windows NT 6.2; WOW64) AppleWebKit/535.19 (KHTML, like Gecko) Chrome/18.0.1025.152 Safari/535.19 CoolNovo/2.0.3.55"
79.120.147.144 - - [26/Sep/2012:22:26:19 +0200] "GET /kapcsolat.htm HTTP/1.1" 200 6889 "http://www.beklen.hu/" "Mozilla/5.0 (Windows NT 6.2; WOW64) AppleWebKit/535.19 (KHTML, like Gecko) Chrome/18.0.1025.152 Safari/535.19 CoolNovo/2.0.3.55"
79.120.147.144 - - [26/Sep/2012:22:26:19 +0200] "GET /favicon.ico HTTP/1.1" 404 1181 "-" "Mozilla/5.0 (Windows NT 6.2; WOW64) AppleWebKit/535.19 (KHTML, like Gecko) Chrome/18.0.1025.152 Safari/535.19 CoolNovo/2.0.3.55"
79.120.147.144 - - [26/Sep/2012:22:26:20 +0200] "GET /felsorol.css HTTP/1.1" 200 240 "http://www.beklen.hu/kapcsolat.htm" "Mozilla/5.0 (Windows NT 6.2; WOW64) AppleWebKit/535.19 (KHTML, like Gecko) Chrome/18.0.1025.152 Safari/535.19 CoolNovo/2.0.3.55"
79.120.147.144 - - [26/Sep/2012:22:26:20 +0200] "GET /tm02_.jpg HTTP/1.1" 200 1524 "http://www.beklen.hu/kapcsolat.htm" "Mozilla/5.0 (Windows NT 6.2; WOW64) AppleWebKit/535.19 (KHTML, like Gecko) Chrome/18.0.1025.152 Safari/535.19 CoolNovo/2.0.3.55"
79.120.147.144 - - [26/Sep/2012:22:26:20 +0200] "GET /bottom_.jpg HTTP/1.1" 200 93419 "http://www.beklen.hu/kapcsolat.htm" "Mozilla/5.0 (Windows NT 6.2; WOW64) AppleWebKit/535.19 (KHTML, like Gecko) Chrome/18.0.1025.152 Safari/535.19 CoolNovo/2.0.3.55"
79.120.147.144 - - [26/Sep/2012:22:26:20 +0200] "GET /tm03.jpg HTTP/1.1" 200 2212 "http://www.beklen.hu/kapcsolat.htm" "Mozilla/5.0 (Windows NT 6.2; WOW64) AppleWebKit/535.19 (KHTML, like Gecko) Chrome/18.0.1025.152 Safari/535.19 CoolNovo/2.0.3.55"
79.120.147.144 - - [26/Sep/2012:22:26:20 +0200] "GET /tm06.jpg HTTP/1.1" 200 1651 "http://www.beklen.hu/kapcsolat.htm" "Mozilla/5.0 (Windows NT 6.2; WOW64) AppleWebKit/535.19 (KHTML, like Gecko) Chrome/18.0.1025.152 Safari/535.19 CoolNovo/2.0.3.55"
79.120.147.144 - - [26/Sep/2012:22:26:21 +0200] "GET /favicon.ico HTTP/1.1" 404 1181 "-" "Mozilla/5.0 (Windows NT 6.2; WOW64) AppleWebKit/535.19 (KHTML, like Gecko) Chrome/18.0.1025.152 Safari/535.19 CoolNovo/2.0.3.55"
79.120.147.144 - - [26/Sep/2012:22:26:28 +0200] "GET /magunkrol.htm HTTP/1.1" 200 9202 "http://www.beklen.hu/kapcsolat.htm" "Mozilla/5.0 (Windows NT 6.2; WOW64) AppleWebKit/535.19 (KHTML, like Gecko) Chrome/18.0.1025.152 Safari/535.19 CoolNovo/2.0.3.55"
79.120.147.144 - - [26/Sep/2012:22:26:29 +0200] "GET /favicon.ico HTTP/1.1" 404 1181 "-" "Mozilla/5.0 (Windows NT 6.2; WOW64) AppleWebKit/535.19 (KHTML, like Gecko) Chrome/18.0.1025.152 Safari/535.19 CoolNovo/2.0.3.55"
37.140.141.19 - - [26/Sep/2012:22:49:41 +0200] "GET /hirek/090510/szuletesunnepe044_.jpg HTTP/1.1" 200 5672 "-" "Mozilla/5.0 (compatible; YandexImages/3.0; +http://yandex.com/bots)"
66.249.72.84 - - [26/Sep/2012:23:06:00 +0200] "GET /hirek/klimatv_civilcikk.doc HTTP/1.1" 200 78336 "-" "Mozilla/5.0 (iPhone; U; CPU iPhone OS 4_1 like Mac OS X; en-us) AppleWebKit/532.9 (KHTML, like Gecko) Version/4.0.5 Mobile/8B117 Safari/6531.22.7 (compatible; Googlebot-Mobile/2.1; +http://www.google.com/bot.html)"
37.140.141.19 - - [26/Sep/2012:23:27:28 +0200] "GET /hirek/090510/szuletesunnepe011.jpg HTTP/1.1" 200 52497 "-" "Mozilla/5.0 (compatible; YandexImages/3.0; +http://yandex.com/bots)"
139.18.2.209 - - [26/Sep/2012:23:59:03 +0200] "GET /nca08.htm HTTP/1.1" 200 21795 "-" "findlinks/2.6 (+http://wortschatz.uni-leipzig.de/findlinks/)"
208.115.113.84 - - [27/Sep/2012:00:11:52 +0200] "GET /robots.txt HTTP/1.1" 404 1181 "-" "Mozilla/5.0 (compatible; Ezooms/1.0; ezooms.bot@gmail.com)"
77.20.5.126 - - [27/Sep/2012:00:25:34 +0200] "GET /jog/index.htm HTTP/1.1" 200 13138 "-" "findlinks/2.0.2 (+http://wortschatz.uni-leipzig.de/findlinks/)"
37.140.141.19 - - [27/Sep/2012:01:00:41 +0200] "GET /robots.txt HTTP/1.1" 404 1181 "-" "Mozilla/5.0 (compatible; YandexImages/3.0; +http://yandex.com/bots)"
208.115.111.68 - - [27/Sep/2012:01:05:21 +0200] "GET /hirek/hirek090303.htm HTTP/1.1" 200 7721 "-" "Mozilla/5.0 (compatible; Ezooms/1.0; ezooms.bot@gmail.com)"
66.249.66.252 - - [27/Sep/2012:01:39:56 +0200] "GET /fiok/images/szovegkep.jpg HTTP/1.1" 404 1181 "-" "Googlebot-Image/1.0"
77.20.5.126 - - [27/Sep/2012:01:47:12 +0200] "GET /bunt.htm HTTP/1.1" 200 5683 "-" "findlinks/2.0.2 (+http://wortschatz.uni-leipzig.de/findlinks/)"
37.140.141.19 - - [27/Sep/2012:01:51:25 +0200] "GET /images/nca_logo.jpg HTTP/1.1" 200 4244 "-" "Mozilla/5.0 (compatible; YandexImages/3.0; +http://yandex.com/bots)"
208.115.113.84 - - [27/Sep/2012:02:25:53 +0200] "GET /jog/zoldombudsman.htm HTTP/1.1" 200 13369 "-" "Mozilla/5.0 (compatible; Ezooms/1.0; ezooms.bot@gmail.com)"
37.140.141.19 - - [27/Sep/2012:02:41:29 +0200] "GET /hirek/090510/szuletesunnepe075.jpg HTTP/1.1" 200 63297 "-" "Mozilla/5.0 (compatible; YandexImages/3.0; +http://yandex.com/bots)"
83.149.126.98 - - [27/Sep/2012:02:47:15 +0200] "GET /robots.txt HTTP/1.0" 404 1181 "-" "Mozilla/5.0 (compatible; MJ12bot/v1.4.3; http://www.majestic12.co.uk/bot.php?+)"
83.149.126.98 - - [27/Sep/2012:02:47:16 +0200] "GET /fiok HTTP/1.0" 301 300 "-" "Mozilla/5.0 (compatible; MJ12bot/v1.4.3; http://www.majestic12.co.uk/bot.php?+)"
83.149.126.98 - - [27/Sep/2012:02:47:18 +0200] "GET /fiok/ HTTP/1.0" 200 20554 "-" "Mozilla/5.0 (compatible; MJ12bot/v1.4.3; http://www.majestic12.co.uk/bot.php?+)"
37.140.141.19 - - [27/Sep/2012:03:32:08 +0200] "GET /hirek/090510/szuletesunnepe034.jpg HTTP/1.1" 200 55354 "-" "Mozilla/5.0 (compatible; YandexImages/3.0; +http://yandex.com/bots)"
37.140.141.19 - - [27/Sep/2012:04:23:00 +0200] "GET /hirek/090510/szuletesunnepe025.jpg HTTP/1.1" 200 52551 "-" "Mozilla/5.0 (compatible; YandexImages/3.0; +http://yandex.com/bots)"
130.83.167.153 - - [27/Sep/2012:05:08:50 +0200] "GET /jog/polgariper.htm HTTP/1.1" 200 13964 "-" "findlinks/2.6 (+http://wortschatz.uni-leipzig.de/findlinks/)"
37.140.141.19 - - [27/Sep/2012:05:11:51 +0200] "GET /hirek/090510/szuletesunnepe066.jpg HTTP/1.1" 200 51997 "-" "Mozilla/5.0 (compatible; YandexImages/3.0; +http://yandex.com/bots)"
178.154.210.252 - - [27/Sep/2012:05:44:19 +0200] "GET /robots.txt HTTP/1.1" 404 1181 "-" "Mozilla/5.0 (compatible; YandexBot/3.0; +http://yandex.com/bots)"
66.249.66.115 - - [27/Sep/2012:05:55:13 +0200] "GET /robots.txt HTTP/1.1" 404 1181 "-" "Mozilla/5.0 (compatible; Googlebot/2.1; +http://www.google.com/bot.html)"
66.249.72.182 - - [27/Sep/2012:05:55:14 +0200] "GET / HTTP/1.1" 200 23778 "-" "Mozilla/5.0 (compatible; Googlebot/2.1; +http://www.google.com/bot.html)"
37.140.141.19 - - [27/Sep/2012:06:01:28 +0200] "GET /hirek/090510/szuletesunnepe043_.jpg HTTP/1.1" 200 5750 "-" "Mozilla/5.0 (compatible; YandexImages/3.0; +http://yandex.com/bots)"
37.140.141.19 - - [27/Sep/2012:06:50:30 +0200] "GET /hirek/090510/szuletesunnepe055_.jpg HTTP/1.1" 200 6152 "-" "Mozilla/5.0 (compatible; YandexImages/3.0; +http://yandex.com/bots)"
37.140.141.19 - - [27/Sep/2012:07:38:52 +0200] "GET /tm01.jpg HTTP/1.1" 200 1080 "-" "Mozilla/5.0 (compatible; YandexImages/3.0; +http://yandex.com/bots)"
130.83.167.153 - - [27/Sep/2012:07:39:48 +0200] "GET /khb.htm HTTP/1.1" 200 8719 "-" "findlinks/2.6 (+http://wortschatz.uni-leipzig.de/findlinks/)"
208.115.113.84 - - [27/Sep/2012:08:14:41 +0200] "GET /robots.txt HTTP/1.1" 404 1181 "-" "Mozilla/5.0 (compatible; Ezooms/1.0; ezooms.bot@gmail.com)"
37.140.141.19 - - [27/Sep/2012:08:28:33 +0200] "GET /a1_projekt_tabla_infra_cs3_beklenhaz.jpg HTTP/1.1" 200 73344 "-" "Mozilla/5.0 (compatible; YandexImages/3.0; +http://yandex.com/bots)"
77.20.5.126 - - [27/Sep/2012:08:46:48 +0200] "GET /jog/eljaraskezd.htm HTTP/1.1" 200 13730 "-" "findlinks/2.0.2 (+http://wortschatz.uni-leipzig.de/findlinks/)"
139.18.2.17 - - [27/Sep/2012:08:57:11 +0200] "GET /jog/publikaciok.htm HTTP/1.1" 200 17866 "-" "findlinks/2.6 (+http://wortschatz.uni-leipzig.de/findlinks/)"
157.55.34.183 - - [27/Sep/2012:09:05:52 +0200] "GET /robots.txt HTTP/1.1" 404 1181 "-" "Mozilla/5.0 (compatible; bingbot/2.0; +http://www.bing.com/bingbot.htm)"
157.55.34.183 - - [27/Sep/2012:09:07:48 +0200] "GET / HTTP/1.1" 304 - "-" "Mozilla/5.0 (compatible; bingbot/2.0; +http://www.bing.com/bingbot.htm)"
37.140.141.19 - - [27/Sep/2012:09:18:11 +0200] "GET /nimfea_project_250x250.gif HTTP/1.1" 200 2986583 "-" "Mozilla/5.0 (compatible; YandexImages/3.0; +http://yandex.com/bots)"
37.140.141.19 - - [27/Sep/2012:10:06:58 +0200] "GET /hirek/090510/szuletesunnepe066_.jpg HTTP/1.1" 200 4841 "-" "Mozilla/5.0 (compatible; YandexImages/3.0; +http://yandex.com/bots)"
208.115.111.68 - - [27/Sep/2012:10:10:35 +0200] "GET /robots.txt HTTP/1.1" 404 1181 "-" "Mozilla/5.0 (compatible; Ezooms/1.0; ezooms.bot@gmail.com)"
208.115.113.84 - - [27/Sep/2012:10:31:01 +0200] "GET /jog/slapp.htm HTTP/1.1" 200 21314 "-" "Mozilla/5.0 (compatible; Ezooms/1.0; ezooms.bot@gmail.com)"
208.115.113.84 - - [27/Sep/2012:10:31:01 +0200] "GET /nca06.htm HTTP/1.1" 200 19034 "-" "Mozilla/5.0 (compatible; Ezooms/1.0; ezooms.bot@gmail.com)"
37.140.141.19 - - [27/Sep/2012:10:54:41 +0200] "GET /deutsch/d04.jpg HTTP/1.1" 200 1181 "-" "Mozilla/5.0 (compatible; YandexImages/3.0; +http://yandex.com/bots)"
178.154.210.252 - - [27/Sep/2012:11:31:42 +0200] "GET /nca.htm HTTP/1.1" 304 - "-" "Mozilla/5.0 (compatible; YandexBot/3.0; +http://yandex.com/bots)"
37.140.141.19 - - [27/Sep/2012:11:44:49 +0200] "GET /images/demnet_.jpg HTTP/1.1" 200 4808 "-" "Mozilla/5.0 (compatible; YandexImages/3.0; +http://yandex.com/bots)"
178.154.210.252 - - [27/Sep/2012:11:59:52 +0200] "GET /nca.htm HTTP/1.1" 304 - "-" "Mozilla/5.0 (compatible; YandexBot/3.0; +http://yandex.com/bots)"
208.115.113.84 - - [27/Sep/2012:12:13:34 +0200] "GET /robots.txt HTTP/1.1" 404 1181 "-" "Mozilla/5.0 (compatible; Ezooms/1.0; ezooms.bot@gmail.com)"
193.91.222.123 - - [27/Sep/2012:12:23:09 +0200] "GET /robots.txt HTTP/1.0" 404 1181 "-" "Mozilla/5.0 (compatible; MJ12bot/v1.4.3; http://www.majestic12.co.uk/bot.php?+)"
193.91.222.123 - - [27/Sep/2012:12:23:42 +0200] "GET / HTTP/1.0" 200 23778 "-" "Mozilla/5.0 (compatible; MJ12bot/v1.4.3; http://www.majestic12.co.uk/bot.php?+)"
37.140.141.19 - - [27/Sep/2012:12:35:21 +0200] "GET /english/e01.jpg HTTP/1.1" 200 967 "-" "Mozilla/5.0 (compatible; YandexImages/3.0; +http://yandex.com/bots)"
139.18.2.17 - - [27/Sep/2012:12:56:14 +0200] "GET /jog/slapp.htm HTTP/1.1" 200 21314 "-" "findlinks/2.6 (+http://wortschatz.uni-leipzig.de/findlinks/)"
37.140.141.19 - - [27/Sep/2012:13:23:48 +0200] "GET /hirek/090510/szuletesunnepe059_.jpg HTTP/1.1" 200 5509 "-" "Mozilla/5.0 (compatible; YandexImages/3.0; +http://yandex.com/bots)"
37.140.141.19 - - [27/Sep/2012:14:12:28 +0200] "GET /tm02_.jpg HTTP/1.1" 200 1524 "-" "Mozilla/5.0 (compatible; YandexImages/3.0; +http://yandex.com/bots)"
208.115.113.84 - - [27/Sep/2012:14:28:17 +0200] "GET /nca09.htm HTTP/1.1" 200 24315 "-" "Mozilla/5.0 (compatible; Ezooms/1.0; ezooms.bot@gmail.com)"
37.140.141.19 - - [27/Sep/2012:15:01:04 +0200] "GET /hirek/090510/szuletesunnepe075_.jpg HTTP/1.1" 200 5720 "-" "Mozilla/5.0 (compatible; YandexImages/3.0; +http://yandex.com/bots)"
66.249.66.252 - - [27/Sep/2012:15:35:45 +0200] "GET /robots.txt HTTP/1.1" 404 1181 "-" "Mozilla/5.0 (compatible; Googlebot/2.1; +http://www.google.com/bot.html)"
66.249.66.252 - - [27/Sep/2012:15:35:46 +0200] "GET /jog/jogszabalyok/regp2001lxxxitvaarhus.pdf HTTP/1.1" 304 - "-" "Mozilla/5.0 (compatible; Googlebot/2.1; +http://www.google.com/bot.html)"
37.140.141.19 - - [27/Sep/2012:15:48:47 +0200] "GET /english/e03.jpg HTTP/1.1" 200 1393 "-" "Mozilla/5.0 (compatible; YandexImages/3.0; +http://yandex.com/bots)"
208.115.113.84 - - [27/Sep/2012:16:11:40 +0200] "GET /robots.txt HTTP/1.1" 404 1181 "-" "Mozilla/5.0 (compatible; Ezooms/1.0; ezooms.bot@gmail.com)"
37.140.141.19 - - [27/Sep/2012:16:37:58 +0200] "GET /hirek/090510/szuletesunnepe037.jpg HTTP/1.1" 200 72107 "-" "Mozilla/5.0 (compatible; YandexImages/3.0; +http://yandex.com/bots)"
37.140.141.19 - - [27/Sep/2012:17:25:19 +0200] "GET /hirek/090510/szuletesunnepe090_.jpg HTTP/1.1" 200 4837 "-" "Mozilla/5.0 (compatible; YandexImages/3.0; +http://yandex.com/bots)"
37.140.141.19 - - [27/Sep/2012:18:12:42 +0200] "GET /hirek/090510/szuletesunnepe030.jpg HTTP/1.1" 200 53089 "-" "Mozilla/5.0 (compatible; YandexImages/3.0; +http://yandex.com/bots)"
208.115.113.84 - - [27/Sep/2012:18:21:25 +0200] "GET /hirek/hirek09_01.htm HTTP/1.1" 200 6925 "-" "Mozilla/5.0 (compatible; Ezooms/1.0; ezooms.bot@gmail.com)"
37.140.141.19 - - [27/Sep/2012:19:01:22 +0200] "GET /images/eea_logo_.jpg HTTP/1.1" 200 32098 "-" "Mozilla/5.0 (compatible; YandexImages/3.0; +http://yandex.com/bots)"
178.154.210.252 - - [27/Sep/2012:19:33:24 +0200] "GET / HTTP/1.1" 200 23778 "-" "Mozilla/5.0 (compatible; YandexBot/3.0; +http://yandex.com/bots)"
37.140.141.19 - - [27/Sep/2012:19:47:28 +0200] "GET /tm05_.jpg HTTP/1.1" 200 1839 "-" "Mozilla/5.0 (compatible; YandexImages/3.0; +http://yandex.com/bots)"
139.18.2.17 - - [27/Sep/2012:20:17:23 +0200] "GET /jog/tippek.htm HTTP/1.1" 200 13697 "-" "findlinks/2.6 (+http://wortschatz.uni-leipzig.de/findlinks/)"
37.140.141.19 - - [27/Sep/2012:20:34:53 +0200] "GET /jog/img/320/sargarigo2.jpg HTTP/1.1" 200 17500 "-" "Mozilla/5.0 (compatible; YandexImages/3.0; +http://yandex.com/bots)"
37.140.141.19 - - [27/Sep/2012:21:20:55 +0200] "GET /images/kvvm.jpg HTTP/1.1" 200 5375 "-" "Mozilla/5.0 (compatible; YandexImages/3.0; +http://yandex.com/bots)"
178.154.210.252 - - [27/Sep/2012:21:21:25 +0200] "GET /bunt.htm HTTP/1.1" 200 5683 "-" "Mozilla/5.0 (compatible; YandexBot/3.0; +http://yandex.com/bots)"
37.140.141.19 - - [27/Sep/2012:22:07:28 +0200] "GET /deutsch/d03.jpg HTTP/1.1" 200 1235 "-" "Mozilla/5.0 (compatible; YandexImages/3.0; +http://yandex.com/bots)"
37.140.141.19 - - [27/Sep/2012:23:02:22 +0200] "GET /tm03.jpg HTTP/1.1" 200 2212 "-" "Mozilla/5.0 (compatible; YandexImages/3.0; +http://yandex.com/bots)"
180.76.5.141 - - [28/Sep/2012:00:12:42 +0200] "GET /robots.txt HTTP/1.1" 404 1181 "-" "Mozilla/5.0 (compatible; Baiduspider/2.0; +http://www.baidu.com/search/spider.html)"
178.154.210.252 - - [28/Sep/2012:01:39:24 +0200] "GET /szakmai.htm HTTP/1.1" 200 6054 "-" "Mozilla/5.0 (compatible; YandexBot/3.0; +http://yandex.com/bots)"
66.249.66.252 - - [28/Sep/2012:01:59:14 +0200] "GET /robots.txt HTTP/1.1" 404 1181 "-" "Mozilla/5.0 (compatible; Googlebot/2.1; +http://www.google.com/bot.html)"
66.249.66.252 - - [28/Sep/2012:01:59:14 +0200] "GET /programok.htm HTTP/1.1" 200 6444 "-" "Mozilla/5.0 (iPhone; U; CPU iPhone OS 4_1 like Mac OS X; en-us) AppleWebKit/532.9 (KHTML, like Gecko) Version/4.0.5 Mobile/8B117 Safari/6531.22.7 (compatible; Googlebot-Mobile/2.1; +http://www.google.com/bot.html)"
77.20.5.126 - - [28/Sep/2012:03:29:57 +0200] "GET /jog/tarseljarasok.htm HTTP/1.1" 200 13316 "-" "findlinks/2.0.2 (+http://wortschatz.uni-leipzig.de/findlinks/)"
178.154.210.252 - - [28/Sep/2012:04:23:41 +0200] "GET /hirek/hirek090605.htm HTTP/1.1" 304 - "-" "Mozilla/5.0 (compatible; YandexBot/3.0; +http://yandex.com/bots)"
178.154.210.252 - - [28/Sep/2012:06:20:19 +0200] "GET /robots.txt HTTP/1.1" 404 1181 "-" "Mozilla/5.0 (compatible; YandexBot/3.0; +http://yandex.com/bots)"
139.18.2.17 - - [28/Sep/2012:06:46:04 +0200] "GET /index.htm HTTP/1.1" 200 23778 "-" "findlinks/2.6 (+http://wortschatz.uni-leipzig.de/findlinks/)"
178.154.210.252 - - [28/Sep/2012:08:14:04 +0200] "GET /jog/index.htm HTTP/1.1" 304 - "-" "Mozilla/5.0 (compatible; YandexBot/3.0; +http://yandex.com/bots)"
66.249.71.232 - - [28/Sep/2012:08:31:25 +0200] "GET /robots.txt HTTP/1.1" 404 1181 "-" "Mozilla/5.0 (compatible; Googlebot/2.1; +http://www.google.com/bot.html)"
66.249.66.252 - - [28/Sep/2012:08:31:26 +0200] "GET /hirek/hirek090428.htm HTTP/1.1" 200 24808 "-" "Mozilla/5.0 (compatible; Googlebot/2.1; +http://www.google.com/bot.html)"
66.249.66.252 - - [28/Sep/2012:08:44:02 +0200] "GET /hirek/nca_logo.jpg HTTP/1.1" 200 4244 "-" "Mozilla/5.0 (compatible; Googlebot/2.1; +http://www.google.com/bot.html)"
94.21.6.118 - - [28/Sep/2012:09:01:58 +0200] "GET / HTTP/1.1" 200 23778 "http://www.google.hu/url?sa=t&rct=j&q=beklen%20alap%C3%ADtv%C3%A1ny&source=web&cd=2&sqi=2&ved=0CCcQFjAB&url=http%3A%2F%2Fwww.beklen.hu%2F&ei=YEtlUJuDIJHHswaYqYCIDQ&usg=AFQjCNEP-2laihep9vegTwNlHcl4us-iaw" "Mozilla/5.0 (Windows NT 5.1; rv:15.0) Gecko/20100101 Firefox/15.0.1"
94.21.6.118 - - [28/Sep/2012:09:01:58 +0200] "GET /vill.cs HTTP/1.1" 200 2676 "http://www.beklen.hu/" "Mozilla/5.0 (Windows NT 5.1; rv:15.0) Gecko/20100101 Firefox/15.0.1"
94.21.6.118 - - [28/Sep/2012:09:01:58 +0200] "GET /lb/css/lightbox.css HTTP/1.1" 200 1715 "http://www.beklen.hu/" "Mozilla/5.0 (Windows NT 5.1; rv:15.0) Gecko/20100101 Firefox/15.0.1"
94.21.6.118 - - [28/Sep/2012:09:01:58 +0200] "GET /tm01.jpg HTTP/1.1" 200 1080 "http://www.beklen.hu/" "Mozilla/5.0 (Windows NT 5.1; rv:15.0) Gecko/20100101 Firefox/15.0.1"
94.21.6.118 - - [28/Sep/2012:09:01:58 +0200] "GET /lb/js/scriptaculous.js?load=effects HTTP/1.1" 200 2152 "http://www.beklen.hu/" "Mozilla/5.0 (Windows NT 5.1; rv:15.0) Gecko/20100101 Firefox/15.0.1"
94.21.6.118 - - [28/Sep/2012:09:01:58 +0200] "GET /lb/js/prototype.js HTTP/1.1" 200 47603 "http://www.beklen.hu/" "Mozilla/5.0 (Windows NT 5.1; rv:15.0) Gecko/20100101 Firefox/15.0.1"
94.21.6.118 - - [28/Sep/2012:09:01:58 +0200] "GET /tm02.jpg HTTP/1.1" 200 1873 "http://www.beklen.hu/" "Mozilla/5.0 (Windows NT 5.1; rv:15.0) Gecko/20100101 Firefox/15.0.1"
94.21.6.118 - - [28/Sep/2012:09:01:58 +0200] "GET /tm04_.jpg HTTP/1.1" 200 2058 "http://www.beklen.hu/" "Mozilla/5.0 (Windows NT 5.1; rv:15.0) Gecko/20100101 Firefox/15.0.1"
94.21.6.118 - - [28/Sep/2012:09:01:58 +0200] "GET /lb/js/lightbox.js HTTP/1.1" 200 23424 "http://www.beklen.hu/" "Mozilla/5.0 (Windows NT 5.1; rv:15.0) Gecko/20100101 Firefox/15.0.1"
94.21.6.118 - - [28/Sep/2012:09:01:58 +0200] "GET /tm03_.jpg HTTP/1.1" 200 1787 "http://www.beklen.hu/" "Mozilla/5.0 (Windows NT 5.1; rv:15.0) Gecko/20100101 Firefox/15.0.1"
94.21.6.118 - - [28/Sep/2012:09:01:59 +0200] "GET /tm05_.jpg HTTP/1.1" 200 1839 "http://www.beklen.hu/" "Mozilla/5.0 (Windows NT 5.1; rv:15.0) Gecko/20100101 Firefox/15.0.1"
94.21.6.118 - - [28/Sep/2012:09:01:59 +0200] "GET /tm06_.jpg HTTP/1.1" 200 1382 "http://www.beklen.hu/" "Mozilla/5.0 (Windows NT 5.1; rv:15.0) Gecko/20100101 Firefox/15.0.1"
94.21.6.118 - - [28/Sep/2012:09:01:59 +0200] "GET /tm07.jpg HTTP/1.1" 200 1007 "http://www.beklen.hu/" "Mozilla/5.0 (Windows NT 5.1; rv:15.0) Gecko/20100101 Firefox/15.0.1"
94.21.6.118 - - [28/Sep/2012:09:01:59 +0200] "GET /a1_projekt_tabla_infra_cs3_beklenhaz_.jpg HTTP/1.1" 200 8994 "http://www.beklen.hu/" "Mozilla/5.0 (Windows NT 5.1; rv:15.0) Gecko/20100101 Firefox/15.0.1"
94.21.6.118 - - [28/Sep/2012:09:01:59 +0200] "GET /jog_honlap_.jpg HTTP/1.1" 200 7186 "http://www.beklen.hu/" "Mozilla/5.0 (Windows NT 5.1; rv:15.0) Gecko/20100101 Firefox/15.0.1"
94.21.6.118 - - [28/Sep/2012:09:02:00 +0200] "GET /lb/js/effects.js HTTP/1.1" 200 31969 "http://www.beklen.hu/" "Mozilla/5.0 (Windows NT 5.1; rv:15.0) Gecko/20100101 Firefox/15.0.1"
94.21.6.118 - - [28/Sep/2012:09:02:03 +0200] "GET /bg.jpg HTTP/1.1" 200 566 "http://www.beklen.hu/" "Mozilla/5.0 (Windows NT 5.1; rv:15.0) Gecko/20100101 Firefox/15.0.1"
94.21.6.118 - - [28/Sep/2012:09:02:04 +0200] "GET /bottom_main.jpg HTTP/1.1" 200 96820 "http://www.beklen.hu/vill.cs" "Mozilla/5.0 (Windows NT 5.1; rv:15.0) Gecko/20100101 Firefox/15.0.1"
94.21.6.118 - - [28/Sep/2012:09:02:06 +0200] "GET /tm05.jpg HTTP/1.1" 200 2253 "http://www.beklen.hu/" "Mozilla/5.0 (Windows NT 5.1; rv:15.0) Gecko/20100101 Firefox/15.0.1"
94.21.6.118 - - [28/Sep/2012:09:02:06 +0200] "GET /kapcsolat.htm HTTP/1.1" 200 6889 "http://www.beklen.hu/" "Mozilla/5.0 (Windows NT 5.1; rv:15.0) Gecko/20100101 Firefox/15.0.1"
94.21.6.118 - - [28/Sep/2012:09:02:06 +0200] "GET /favicon.ico HTTP/1.1" 404 1181 "-" "Mozilla/5.0 (Windows NT 5.1; rv:15.0) Gecko/20100101 Firefox/15.0.1"
94.21.6.118 - - [28/Sep/2012:09:02:06 +0200] "GET /nimfea_project_250x250.gif HTTP/1.1" 200 1494658 "http://www.beklen.hu/" "Mozilla/5.0 (Windows NT 5.1; rv:15.0) Gecko/20100101 Firefox/15.0.1"
94.21.6.118 - - [28/Sep/2012:09:02:06 +0200] "GET /felsorol.css HTTP/1.1" 200 240 "http://www.beklen.hu/kapcsolat.htm" "Mozilla/5.0 (Windows NT 5.1; rv:15.0) Gecko/20100101 Firefox/15.0.1"
94.21.6.118 - - [28/Sep/2012:09:02:06 +0200] "GET /tm02_.jpg HTTP/1.1" 200 1524 "http://www.beklen.hu/kapcsolat.htm" "Mozilla/5.0 (Windows NT 5.1; rv:15.0) Gecko/20100101 Firefox/15.0.1"
94.21.6.118 - - [28/Sep/2012:09:02:07 +0200] "GET /bottom_.jpg HTTP/1.1" 200 93419 "http://www.beklen.hu/vill.cs" "Mozilla/5.0 (Windows NT 5.1; rv:15.0) Gecko/20100101 Firefox/15.0.1"
94.21.6.118 - - [28/Sep/2012:09:02:07 +0200] "GET /tm03.jpg HTTP/1.1" 200 2212 "http://www.beklen.hu/kapcsolat.htm" "Mozilla/5.0 (Windows NT 5.1; rv:15.0) Gecko/20100101 Firefox/15.0.1"
94.21.6.118 - - [28/Sep/2012:09:02:07 +0200] "GET /tm06.jpg HTTP/1.1" 200 1651 "http://www.beklen.hu/kapcsolat.htm" "Mozilla/5.0 (Windows NT 5.1; rv:15.0) Gecko/20100101 Firefox/15.0.1"
94.21.6.118 - - [28/Sep/2012:09:02:07 +0200] "GET /tm04.jpg HTTP/1.1" 200 2613 "http://www.beklen.hu/kapcsolat.htm" "Mozilla/5.0 (Windows NT 5.1; rv:15.0) Gecko/20100101 Firefox/15.0.1"
94.21.6.118 - - [28/Sep/2012:09:02:11 +0200] "GET /magunkrol.htm HTTP/1.1" 200 9202 "http://www.beklen.hu/kapcsolat.htm" "Mozilla/5.0 (Windows NT 5.1; rv:15.0) Gecko/20100101 Firefox/15.0.1"
94.21.6.118 - - [28/Sep/2012:09:03:37 +0200] "GET /nimfea_project_250x250.gif HTTP/1.1" 206 276959 "http://www.beklen.hu/" "Mozilla/5.0 (Windows NT 5.1; rv:15.0) Gecko/20100101 Firefox/15.0.1"
178.154.210.252 - - [28/Sep/2012:09:22:46 +0200] "GET /jog/ HTTP/1.1" 304 - "-" "Mozilla/5.0 (compatible; YandexBot/3.0; +http://yandex.com/bots)"
208.115.111.68 - - [28/Sep/2012:10:09:33 +0200] "GET /robots.txt HTTP/1.1" 404 1181 "-" "Mozilla/5.0 (compatible; Ezooms/1.0; ezooms.bot@gmail.com)"
131.253.41.203 - - [28/Sep/2012:11:07:01 +0200] "GET /robots.txt HTTP/1.1" 404 1181 "-" "msnbot-media/1.1 (+http://search.msn.com/msnbot.htm)"
131.253.41.203 - - [28/Sep/2012:11:07:01 +0200] "GET /images/norway_grants_.jpg HTTP/1.1" 200 4440 "-" "msnbot-media/1.1 (+http://search.msn.com/msnbot.htm)"
178.154.210.252 - - [28/Sep/2012:11:07:58 +0200] "GET /hirek/Natura_2000es_gyepgazdalkodas_eloirasai.ppt HTTP/1.1" 200 333312 "-" "Mozilla/5.0 (compatible; YandexBot/3.0; +http://yandex.com/bots)"
178.154.210.252 - - [28/Sep/2012:11:16:16 +0200] "GET /khb/beklen_2006_kh_jelentes.pdf HTTP/1.1" 200 171488 "-" "Mozilla/5.0 (compatible; YandexBot/3.0; +http://yandex.com/bots)"
178.154.210.252 - - [28/Sep/2012:11:16:19 +0200] "GET /kapcsolat.htm HTTP/1.1" 200 6889 "-" "Mozilla/5.0 (compatible; YandexBot/3.0; +http://yandex.com/bots)"
139.18.2.17 - - [28/Sep/2012:12:45:56 +0200] "GET /magunkrol.htm HTTP/1.1" 200 9202 "-" "findlinks/2.6 (+http://wortschatz.uni-leipzig.de/findlinks/)"
157.55.33.19 - - [28/Sep/2012:12:54:49 +0200] "GET /robots.txt HTTP/1.1" 404 1181 "-" "Mozilla/5.0 (compatible; bingbot/2.0; +http://www.bing.com/bingbot.htm)"
157.55.33.19 - - [28/Sep/2012:12:56:00 +0200] "GET /deutsch/index.htm HTTP/1.1" 304 - "-" "Mozilla/5.0 (compatible; bingbot/2.0; +http://www.bing.com/bingbot.htm)"
178.154.210.252 - - [28/Sep/2012:13:00:22 +0200] "GET /ncta.htm HTTP/1.1" 200 7221 "-" "Mozilla/5.0 (compatible; YandexBot/3.0; +http://yandex.com/bots)"
208.115.111.68 - - [28/Sep/2012:13:04:55 +0200] "GET /hirek/hirek101027.htm HTTP/1.1" 200 9627 "-" "Mozilla/5.0 (compatible; Ezooms/1.0; ezooms.bot@gmail.com)"
208.115.111.68 - - [28/Sep/2012:13:04:58 +0200] "GET /jog/eseteink/korosladany/index.htm HTTP/1.1" 200 30713 "-" "Mozilla/5.0 (compatible; Ezooms/1.0; ezooms.bot@gmail.com)"
208.115.111.68 - - [28/Sep/2012:13:04:59 +0200] "GET /jog/rendorsegifeljelentes.htm HTTP/1.1" 200 13536 "-" "Mozilla/5.0 (compatible; Ezooms/1.0; ezooms.bot@gmail.com)"
178.154.210.252 - - [28/Sep/2012:14:26:46 +0200] "GET /hirek/hirek09_03.htm HTTP/1.1" 200 10810 "-" "Mozilla/5.0 (compatible; YandexBot/3.0; +http://yandex.com/bots)"
178.154.210.252 - - [28/Sep/2012:14:36:26 +0200] "GET /civilmuhely.htm HTTP/1.1" 200 8450 "-" "Mozilla/5.0 (compatible; YandexBot/3.0; +http://yandex.com/bots)"
178.154.210.252 - - [28/Sep/2012:14:46:57 +0200] "GET /hirek09_03.htm HTTP/1.1" 200 10726 "-" "Mozilla/5.0 (compatible; YandexBot/3.0; +http://yandex.com/bots)"
157.55.35.87 - - [28/Sep/2012:15:58:31 +0200] "GET /robots.txt HTTP/1.1" 404 1181 "-" "Mozilla/5.0 (compatible; bingbot/2.0; +http://www.bing.com/bingbot.htm)"
178.154.210.252 - - [28/Sep/2012:16:02:48 +0200] "GET /hirek/hirek090302.htm HTTP/1.1" 200 8452 "-" "Mozilla/5.0 (compatible; YandexBot/3.0; +http://yandex.com/bots)"
157.55.35.87 - - [28/Sep/2012:16:04:40 +0200] "GET /hirek/hirek090605.htm HTTP/1.1" 304 - "-" "Mozilla/5.0 (compatible; bingbot/2.0; +http://www.bing.com/bingbot.htm)"
178.154.210.252 - - [28/Sep/2012:16:38:48 +0200] "GET /deutsch/kontakt.htm HTTP/1.1" 200 4769 "-" "Mozilla/5.0 (compatible; YandexBot/3.0; +http://yandex.com/bots)"
139.18.2.17 - - [28/Sep/2012:16:52:10 +0200] "GET /fiok/kornyezet.htm HTTP/1.1" 200 22582 "-" "findlinks/2.6 (+http://wortschatz.uni-leipzig.de/findlinks/)"
139.18.2.17 - - [28/Sep/2012:17:06:27 +0200] "GET /hirek/hirek091015.htm HTTP/1.1" 200 7046 "-" "findlinks/2.6 (+http://wortschatz.uni-leipzig.de/findlinks/)"
178.154.210.252 - - [28/Sep/2012:17:52:37 +0200] "GET /english/programs.htm HTTP/1.1" 200 5614 "-" "Mozilla/5.0 (compatible; YandexBot/3.0; +http://yandex.com/bots)"
208.115.111.68 - - [28/Sep/2012:18:09:15 +0200] "GET /robots.txt HTTP/1.1" 404 1181 "-" "Mozilla/5.0 (compatible; Ezooms/1.0; ezooms.bot@gmail.com)"
180.76.5.145 - - [28/Sep/2012:18:34:31 +0200] "GET /fiok/program_reszek/madarmegfigyeles.htm HTTP/1.1" 304 - "-" "Mozilla/5.0 (compatible; Baiduspider/2.0; +http://www.baidu.com/search/spider.html)"
178.154.210.252 - - [28/Sep/2012:19:04:57 +0200] "GET /english/introduction.htm HTTP/1.1" 200 6502 "-" "Mozilla/5.0 (compatible; YandexBot/3.0; +http://yandex.com/bots)"
131.253.46.116 - - [28/Sep/2012:20:42:40 +0200] "GET /robots.txt HTTP/1.1" 404 1181 "-" "Mozilla/5.0 (compatible; bingbot/2.0; +http://www.bing.com/bingbot.htm)"
208.115.113.84 - - [28/Sep/2012:20:45:06 +0200] "GET /robots.txt HTTP/1.1" 404 1181 "-" "Mozilla/5.0 (compatible; Ezooms/1.0; ezooms.bot@gmail.com)"
131.253.46.116 - - [28/Sep/2012:21:03:08 +0200] "GET /jog/eseteink/dakar/dakar_ugyeszseg_lp.pdf HTTP/1.1" 200 218784 "-" "Mozilla/5.0 (compatible; bingbot/2.0; +http://www.bing.com/bingbot.htm)"
208.115.111.68 - - [28/Sep/2012:21:05:06 +0200] "GET /robots.txt HTTP/1.1" 404 1181 "-" "Mozilla/5.0 (compatible; Ezooms/1.0; ezooms.bot@gmail.com)"
178.154.210.252 - - [28/Sep/2012:21:17:01 +0200] "GET /deutsch/stellen.htm HTTP/1.1" 200 6824 "-" "Mozilla/5.0 (compatible; YandexBot/3.0; +http://yandex.com/bots)"
178.154.210.252 - - [28/Sep/2012:21:21:47 +0200] "GET /khb/beklen_2005_kh_jelentes.pdf HTTP/1.1" 200 109779 "-" "Mozilla/5.0 (compatible; YandexBot/3.0; +http://yandex.com/bots)"
66.249.66.252 - - [28/Sep/2012:21:33:44 +0200] "GET /robots.txt HTTP/1.1" 404 1181 "-" "Mozilla/5.0 (compatible; Googlebot/2.1; +http://www.google.com/bot.html)"
66.249.72.84 - - [28/Sep/2012:21:33:45 +0200] "GET /hirek08_12.htm HTTP/1.1" 200 8268 "-" "Mozilla/5.0 (iPhone; U; CPU iPhone OS 4_1 like Mac OS X; en-us) AppleWebKit/532.9 (KHTML, like Gecko) Version/4.0.5 Mobile/8B117 Safari/6531.22.7 (compatible; Googlebot-Mobile/2.1; +http://www.google.com/bot.html)"
208.115.113.84 - - [28/Sep/2012:22:51:14 +0200] "GET /hirek/hirek08_12.htm HTTP/1.1" 200 8352 "-" "Mozilla/5.0 (compatible; Ezooms/1.0; ezooms.bot@gmail.com)"
178.255.215.69 - - [28/Sep/2012:23:30:45 +0200] "GET /robots.txt HTTP/1.1" 404 1181 "-" "Mozilla/5.0 (compatible; Exabot/3.0; +http://www.exabot.com/go/robot)"
178.255.215.69 - - [28/Sep/2012:23:30:45 +0200] "GET /hirek/hirek090509.htm HTTP/1.1" 304 - "-" "Mozilla/5.0 (compatible; Exabot/3.0; +http://www.exabot.com/go/robot)"
139.18.2.209 - - [29/Sep/2012:01:09:46 +0200] "GET /robots.txt HTTP/1.1" 404 1181 "-" "findlinks/2.6 (+http://wortschatz.uni-leipzig.de/findlinks/)"
66.249.66.252 - - [29/Sep/2012:01:21:57 +0200] "GET /jog/eseteink/derekegyhaza/mszh-nak_hatarozat_keres.pdf HTTP/1.1" 304 - "-" "Mozilla/5.0 (compatible; Googlebot/2.1; +http://www.google.com/bot.html)"
157.55.33.19 - - [29/Sep/2012:03:22:21 +0200] "GET /robots.txt HTTP/1.1" 404 1181 "-" "Mozilla/5.0 (compatible; bingbot/2.0; +http://www.bing.com/bingbot.htm)"
157.55.33.19 - - [29/Sep/2012:03:23:39 +0200] "GET /deutsch/index.htm HTTP/1.1" 304 - "-" "Mozilla/5.0 (compatible; bingbot/2.0; +http://www.bing.com/bingbot.htm)"
208.115.113.84 - - [29/Sep/2012:04:22:42 +0200] "GET /robots.txt HTTP/1.1" 404 1181 "-" "Mozilla/5.0 (compatible; Ezooms/1.0; ezooms.bot@gmail.com)"
208.115.113.84 - - [29/Sep/2012:06:25:28 +0200] "GET /hirek/hirek100810.htm HTTP/1.1" 200 8123 "-" "Mozilla/5.0 (compatible; Ezooms/1.0; ezooms.bot@gmail.com)"
139.18.2.17 - - [29/Sep/2012:11:03:31 +0200] "GET /hirek/hirek100728.htm HTTP/1.1" 200 7560 "-" "findlinks/2.6 (+http://wortschatz.uni-leipzig.de/findlinks/)"
139.18.2.17 - - [29/Sep/2012:11:47:47 +0200] "GET /hirek/hirek101027.htm HTTP/1.1" 200 9627 "-" "findlinks/2.6 (+http://wortschatz.uni-leipzig.de/findlinks/)"
139.18.2.209 - - [29/Sep/2012:11:55:43 +0200] "GET /fiok/kapcsolat.htm HTTP/1.1" 200 17416 "-" "findlinks/2.6 (+http://wortschatz.uni-leipzig.de/findlinks/)"
66.249.66.252 - - [29/Sep/2012:12:01:12 +0200] "GET /robots.txt HTTP/1.1" 404 1181 "-" "Mozilla/5.0 (compatible; Googlebot/2.1; +http://www.google.com/bot.html)"
66.249.66.252 - - [29/Sep/2012:12:01:13 +0200] "GET /jog/jogszabalyok/2001-es%20vedett%20lista.pdf HTTP/1.1" 200 681051 "-" "Mozilla/5.0 (compatible; Googlebot/2.1; +http://www.google.com/bot.html)"
157.55.34.180 - - [29/Sep/2012:12:38:35 +0200] "GET /robots.txt HTTP/1.1" 404 1181 "-" "Mozilla/5.0 (compatible; bingbot/2.0; +http://www.bing.com/bingbot.htm)"
65.55.24.237 - - [29/Sep/2012:12:40:35 +0200] "GET /nca11.htm HTTP/1.1" 200 7133 "-" "Mozilla/5.0 (compatible; bingbot/2.0; +http://www.bing.com/bingbot.htm)"
65.55.24.237 - - [29/Sep/2012:12:41:38 +0200] "GET /deutsch/programme.htm HTTP/1.1" 200 6045 "-" "Mozilla/5.0 (compatible; bingbot/2.0; +http://www.bing.com/bingbot.htm)"
157.55.32.84 - - [29/Sep/2012:12:42:44 +0200] "GET /programok.htm HTTP/1.1" 200 6444 "-" "Mozilla/5.0 (compatible; bingbot/2.0; +http://www.bing.com/bingbot.htm)"
188.36.24.182 - - [29/Sep/2012:13:02:36 +0200] "GET / HTTP/1.1" 200 23778 "http://www.google.hu/url?sa=t&rct=j&q=&esrc=s&source=web&cd=1&ved=0CCQQFjAA&url=http%3A%2F%2Fwww.beklen.hu%2F&ei=StVmUM2mB8nE4gTn2IHYBg&usg=AFQjCNEP-2laihep9vegTwNlHcl4us-iaw&sig2=1gppsoJ1_kCc0tF3fzkbXQ" "Mozilla/5.0 (Windows NT 6.1; WOW64; rv:15.0) Gecko/20100101 Firefox/15.0.1"
188.36.24.182 - - [29/Sep/2012:13:02:36 +0200] "GET /vill.cs HTTP/1.1" 200 2676 "http://www.beklen.hu/" "Mozilla/5.0 (Windows NT 6.1; WOW64; rv:15.0) Gecko/20100101 Firefox/15.0.1"
188.36.24.182 - - [29/Sep/2012:13:02:36 +0200] "GET /tm01.jpg HTTP/1.1" 200 1080 "http://www.beklen.hu/" "Mozilla/5.0 (Windows NT 6.1; WOW64; rv:15.0) Gecko/20100101 Firefox/15.0.1"
188.36.24.182 - - [29/Sep/2012:13:02:36 +0200] "GET /lb/css/lightbox.css HTTP/1.1" 200 1715 "http://www.beklen.hu/" "Mozilla/5.0 (Windows NT 6.1; WOW64; rv:15.0) Gecko/20100101 Firefox/15.0.1"
188.36.24.182 - - [29/Sep/2012:13:02:36 +0200] "GET /lb/js/scriptaculous.js?load=effects HTTP/1.1" 200 2152 "http://www.beklen.hu/" "Mozilla/5.0 (Windows NT 6.1; WOW64; rv:15.0) Gecko/20100101 Firefox/15.0.1"
188.36.24.182 - - [29/Sep/2012:13:02:36 +0200] "GET /lb/js/lightbox.js HTTP/1.1" 200 23424 "http://www.beklen.hu/" "Mozilla/5.0 (Windows NT 6.1; WOW64; rv:15.0) Gecko/20100101 Firefox/15.0.1"
188.36.24.182 - - [29/Sep/2012:13:02:36 +0200] "GET /tm02.jpg HTTP/1.1" 200 1873 "http://www.beklen.hu/" "Mozilla/5.0 (Windows NT 6.1; WOW64; rv:15.0) Gecko/20100101 Firefox/15.0.1"
188.36.24.182 - - [29/Sep/2012:13:02:36 +0200] "GET /tm03_.jpg HTTP/1.1" 200 1787 "http://www.beklen.hu/" "Mozilla/5.0 (Windows NT 6.1; WOW64; rv:15.0) Gecko/20100101 Firefox/15.0.1"
188.36.24.182 - - [29/Sep/2012:13:02:36 +0200] "GET /tm05_.jpg HTTP/1.1" 200 1839 "http://www.beklen.hu/" "Mozilla/5.0 (Windows NT 6.1; WOW64; rv:15.0) Gecko/20100101 Firefox/15.0.1"
188.36.24.182 - - [29/Sep/2012:13:02:36 +0200] "GET /tm04_.jpg HTTP/1.1" 200 2058 "http://www.beklen.hu/" "Mozilla/5.0 (Windows NT 6.1; WOW64; rv:15.0) Gecko/20100101 Firefox/15.0.1"
188.36.24.182 - - [29/Sep/2012:13:02:36 +0200] "GET /tm06_.jpg HTTP/1.1" 200 1382 "http://www.beklen.hu/" "Mozilla/5.0 (Windows NT 6.1; WOW64; rv:15.0) Gecko/20100101 Firefox/15.0.1"
188.36.24.182 - - [29/Sep/2012:13:02:36 +0200] "GET /tm07.jpg HTTP/1.1" 200 1007 "http://www.beklen.hu/" "Mozilla/5.0 (Windows NT 6.1; WOW64; rv:15.0) Gecko/20100101 Firefox/15.0.1"
188.36.24.182 - - [29/Sep/2012:13:02:36 +0200] "GET /lb/js/prototype.js HTTP/1.1" 200 47603 "http://www.beklen.hu/" "Mozilla/5.0 (Windows NT 6.1; WOW64; rv:15.0) Gecko/20100101 Firefox/15.0.1"
188.36.24.182 - - [29/Sep/2012:13:02:36 +0200] "GET /jog_honlap_.jpg HTTP/1.1" 200 7186 "http://www.beklen.hu/" "Mozilla/5.0 (Windows NT 6.1; WOW64; rv:15.0) Gecko/20100101 Firefox/15.0.1"
188.36.24.182 - - [29/Sep/2012:13:02:36 +0200] "GET /a1_projekt_tabla_infra_cs3_beklenhaz_.jpg HTTP/1.1" 200 8994 "http://www.beklen.hu/" "Mozilla/5.0 (Windows NT 6.1; WOW64; rv:15.0) Gecko/20100101 Firefox/15.0.1"
188.36.24.182 - - [29/Sep/2012:13:02:36 +0200] "GET /lb/js/effects.js HTTP/1.1" 200 31969 "http://www.beklen.hu/" "Mozilla/5.0 (Windows NT 6.1; WOW64; rv:15.0) Gecko/20100101 Firefox/15.0.1"
188.36.24.182 - - [29/Sep/2012:13:02:36 +0200] "GET /bg.jpg HTTP/1.1" 200 566 "http://www.beklen.hu/" "Mozilla/5.0 (Windows NT 6.1; WOW64; rv:15.0) Gecko/20100101 Firefox/15.0.1"
188.36.24.182 - - [29/Sep/2012:13:02:36 +0200] "GET /bottom_main.jpg HTTP/1.1" 200 96820 "http://www.beklen.hu/vill.cs" "Mozilla/5.0 (Windows NT 6.1; WOW64; rv:15.0) Gecko/20100101 Firefox/15.0.1"
188.36.24.182 - - [29/Sep/2012:13:02:37 +0200] "GET /nimfea_project_250x250.gif HTTP/1.1" 200 2986583 "http://www.beklen.hu/" "Mozilla/5.0 (Windows NT 6.1; WOW64; rv:15.0) Gecko/20100101 Firefox/15.0.1"
188.36.24.182 - - [29/Sep/2012:13:02:37 +0200] "GET /lb/images/closelabel.gif HTTP/1.1" 200 222 "http://www.beklen.hu/" "Mozilla/5.0 (Windows NT 6.1; WOW64; rv:15.0) Gecko/20100101 Firefox/15.0.1"
188.36.24.182 - - [29/Sep/2012:13:02:37 +0200] "GET /lb/images/loading.gif HTTP/1.1" 200 2767 "http://www.beklen.hu/" "Mozilla/5.0 (Windows NT 6.1; WOW64; rv:15.0) Gecko/20100101 Firefox/15.0.1"
188.36.24.182 - - [29/Sep/2012:13:02:37 +0200] "GET /tm06.jpg HTTP/1.1" 200 1651 "http://www.beklen.hu/" "Mozilla/5.0 (Windows NT 6.1; WOW64; rv:15.0) Gecko/20100101 Firefox/15.0.1"
188.36.24.182 - - [29/Sep/2012:13:02:37 +0200] "GET /tm05.jpg HTTP/1.1" 200 2253 "http://www.beklen.hu/" "Mozilla/5.0 (Windows NT 6.1; WOW64; rv:15.0) Gecko/20100101 Firefox/15.0.1"
188.36.24.182 - - [29/Sep/2012:13:02:37 +0200] "GET /favicon.ico HTTP/1.1" 404 1181 "-" "Mozilla/5.0 (Windows NT 6.1; WOW64; rv:15.0) Gecko/20100101 Firefox/15.0.1"
188.36.24.182 - - [29/Sep/2012:13:02:37 +0200] "GET /tm04.jpg HTTP/1.1" 200 2613 "http://www.beklen.hu/" "Mozilla/5.0 (Windows NT 6.1; WOW64; rv:15.0) Gecko/20100101 Firefox/15.0.1"
188.36.24.182 - - [29/Sep/2012:13:02:37 +0200] "GET /tm03.jpg HTTP/1.1" 200 2212 "http://www.beklen.hu/" "Mozilla/5.0 (Windows NT 6.1; WOW64; rv:15.0) Gecko/20100101 Firefox/15.0.1"
188.36.24.182 - - [29/Sep/2012:13:02:37 +0200] "GET /tm02_.jpg HTTP/1.1" 200 1524 "http://www.beklen.hu/" "Mozilla/5.0 (Windows NT 6.1; WOW64; rv:15.0) Gecko/20100101 Firefox/15.0.1"
188.36.24.182 - - [29/Sep/2012:13:02:43 +0200] "GET /magunkrol.htm HTTP/1.1" 200 9202 "http://www.beklen.hu/" "Mozilla/5.0 (Windows NT 6.1; WOW64; rv:15.0) Gecko/20100101 Firefox/15.0.1"
188.36.24.182 - - [29/Sep/2012:13:02:43 +0200] "GET /bottom_.jpg HTTP/1.1" 200 93419 "http://www.beklen.hu/vill.cs" "Mozilla/5.0 (Windows NT 6.1; WOW64; rv:15.0) Gecko/20100101 Firefox/15.0.1"
188.36.24.182 - - [29/Sep/2012:13:02:51 +0200] "GET /programok.htm HTTP/1.1" 200 6444 "http://www.beklen.hu/magunkrol.htm" "Mozilla/5.0 (Windows NT 6.1; WOW64; rv:15.0) Gecko/20100101 Firefox/15.0.1"
65.55.24.237 - - [29/Sep/2012:13:05:06 +0200] "GET /khb/beklen_2009_kh_jelentes.pdf HTTP/1.1" 200 34654 "-" "Mozilla/5.0 (compatible; bingbot/2.0; +http://www.bing.com/bingbot.htm)"
157.55.34.180 - - [29/Sep/2012:13:07:45 +0200] "GET /kapcsolat.htm HTTP/1.1" 200 6889 "-" "Mozilla/5.0 (compatible; bingbot/2.0; +http://www.bing.com/bingbot.htm)"
66.249.76.62 - - [29/Sep/2012:13:08:30 +0200] "GET /nca04.htm HTTP/1.1" 304 - "-" "Mozilla/5.0 (compatible; Googlebot/2.1; +http://www.google.com/bot.html)"
31.46.61.54 - - [29/Sep/2012:13:27:59 +0200] "GET / HTTP/1.1" 200 23778 "-" "Mozilla/5.0 (compatible; MSIE 9.0; Windows NT 6.1; WOW64; Trident/5.0)"
31.46.61.54 - - [29/Sep/2012:13:27:59 +0200] "GET /vill.cs HTTP/1.1" 200 2676 "http://beklen.hu/" "Mozilla/5.0 (compatible; MSIE 9.0; Windows NT 6.1; WOW64; Trident/5.0)"
31.46.61.54 - - [29/Sep/2012:13:27:59 +0200] "GET /vill.cs HTTP/1.1" 200 2676 "http://beklen.hu/" "Mozilla/5.0 (compatible; MSIE 9.0; Windows NT 6.1; WOW64; Trident/5.0)"
31.46.61.54 - - [29/Sep/2012:13:27:59 +0200] "GET /lb/js/lightbox.js HTTP/1.1" 200 23424 "http://beklen.hu/" "Mozilla/5.0 (compatible; MSIE 9.0; Windows NT 6.1; WOW64; Trident/5.0)"
31.46.61.54 - - [29/Sep/2012:13:27:59 +0200] "GET /lb/js/scriptaculous.js?load=effects HTTP/1.1" 200 2152 "http://beklen.hu/" "Mozilla/5.0 (compatible; MSIE 9.0; Windows NT 6.1; WOW64; Trident/5.0)"
31.46.61.54 - - [29/Sep/2012:13:27:59 +0200] "GET /lb/css/lightbox.css HTTP/1.1" 200 1715 "http://beklen.hu/" "Mozilla/5.0 (compatible; MSIE 9.0; Windows NT 6.1; WOW64; Trident/5.0)"
31.46.61.54 - - [29/Sep/2012:13:27:59 +0200] "GET /tm01.jpg HTTP/1.1" 200 1080 "http://beklen.hu/" "Mozilla/5.0 (compatible; MSIE 9.0; Windows NT 6.1; WOW64; Trident/5.0)"
31.46.61.54 - - [29/Sep/2012:13:27:59 +0200] "GET /tm02.jpg HTTP/1.1" 200 1873 "http://beklen.hu/" "Mozilla/5.0 (compatible; MSIE 9.0; Windows NT 6.1; WOW64; Trident/5.0)"
31.46.61.54 - - [29/Sep/2012:13:27:59 +0200] "GET /tm03_.jpg HTTP/1.1" 200 1787 "http://beklen.hu/" "Mozilla/5.0 (compatible; MSIE 9.0; Windows NT 6.1; WOW64; Trident/5.0)"
31.46.61.54 - - [29/Sep/2012:13:27:59 +0200] "GET /tm04_.jpg HTTP/1.1" 200 2058 "http://beklen.hu/" "Mozilla/5.0 (compatible; MSIE 9.0; Windows NT 6.1; WOW64; Trident/5.0)"
31.46.61.54 - - [29/Sep/2012:13:27:59 +0200] "GET /tm05_.jpg HTTP/1.1" 200 1839 "http://beklen.hu/" "Mozilla/5.0 (compatible; MSIE 9.0; Windows NT 6.1; WOW64; Trident/5.0)"
31.46.61.54 - - [29/Sep/2012:13:27:59 +0200] "GET /tm06_.jpg HTTP/1.1" 200 1382 "http://beklen.hu/" "Mozilla/5.0 (compatible; MSIE 9.0; Windows NT 6.1; WOW64; Trident/5.0)"
31.46.61.54 - - [29/Sep/2012:13:27:59 +0200] "GET /tm07.jpg HTTP/1.1" 200 1007 "http://beklen.hu/" "Mozilla/5.0 (compatible; MSIE 9.0; Windows NT 6.1; WOW64; Trident/5.0)"
31.46.61.54 - - [29/Sep/2012:13:27:59 +0200] "GET /a1_projekt_tabla_infra_cs3_beklenhaz_.jpg HTTP/1.1" 200 8994 "http://beklen.hu/" "Mozilla/5.0 (compatible; MSIE 9.0; Windows NT 6.1; WOW64; Trident/5.0)"
31.46.61.54 - - [29/Sep/2012:13:27:59 +0200] "GET /jog_honlap_.jpg HTTP/1.1" 200 7186 "http://beklen.hu/" "Mozilla/5.0 (compatible; MSIE 9.0; Windows NT 6.1; WOW64; Trident/5.0)"
31.46.61.54 - - [29/Sep/2012:13:27:59 +0200] "GET /lb/js/prototype.js HTTP/1.1" 200 47603 "http://beklen.hu/" "Mozilla/5.0 (compatible; MSIE 9.0; Windows NT 6.1; WOW64; Trident/5.0)"
31.46.61.54 - - [29/Sep/2012:13:27:59 +0200] "GET /lb/js/effects.js HTTP/1.1" 200 31969 "http://beklen.hu/" "Mozilla/5.0 (compatible; MSIE 9.0; Windows NT 6.1; WOW64; Trident/5.0)"
31.46.61.54 - - [29/Sep/2012:13:28:00 +0200] "GET /bg.jpg HTTP/1.1" 200 566 "http://beklen.hu/" "Mozilla/5.0 (compatible; MSIE 9.0; Windows NT 6.1; WOW64; Trident/5.0)"
31.46.61.54 - - [29/Sep/2012:13:28:00 +0200] "GET /bottom_main.jpg HTTP/1.1" 200 96820 "http://beklen.hu/" "Mozilla/5.0 (compatible; MSIE 9.0; Windows NT 6.1; WOW64; Trident/5.0)"
31.46.61.54 - - [29/Sep/2012:13:28:01 +0200] "GET /tm03.jpg HTTP/1.1" 200 2212 "http://beklen.hu/" "Mozilla/5.0 (compatible; MSIE 9.0; Windows NT 6.1; WOW64; Trident/5.0)"
31.46.61.54 - - [29/Sep/2012:13:28:06 +0200] "GET /nimfea_project_250x250.gif HTTP/1.1" 200 2986583 "http://beklen.hu/" "Mozilla/5.0 (compatible; MSIE 9.0; Windows NT 6.1; WOW64; Trident/5.0)"
31.46.61.54 - - [29/Sep/2012:13:28:06 +0200] "GET /tm04.jpg HTTP/1.1" 200 2613 "http://beklen.hu/" "Mozilla/5.0 (compatible; MSIE 9.0; Windows NT 6.1; WOW64; Trident/5.0)"
31.46.61.54 - - [29/Sep/2012:13:28:06 +0200] "GET /favicon.ico HTTP/1.1" 404 1181 "-" "Mozilla/5.0 (compatible; MSIE 9.0; Windows NT 6.1; WOW64; Trident/5.0)"
31.46.61.54 - - [29/Sep/2012:13:28:06 +0200] "GET /lb/images/closelabel.gif HTTP/1.1" 200 222 "http://beklen.hu/" "Mozilla/5.0 (compatible; MSIE 9.0; Windows NT 6.1; WOW64; Trident/5.0)"
31.46.61.54 - - [29/Sep/2012:13:28:06 +0200] "GET /lb/images/loading.gif HTTP/1.1" 200 2767 "http://beklen.hu/" "Mozilla/5.0 (compatible; MSIE 9.0; Windows NT 6.1; WOW64; Trident/5.0)"
31.46.61.54 - - [29/Sep/2012:13:28:06 +0200] "GET /tm05.jpg HTTP/1.1" 200 2253 "http://beklen.hu/" "Mozilla/5.0 (compatible; MSIE 9.0; Windows NT 6.1; WOW64; Trident/5.0)"
31.46.61.54 - - [29/Sep/2012:13:28:06 +0200] "GET /tm06.jpg HTTP/1.1" 200 1651 "http://beklen.hu/" "Mozilla/5.0 (compatible; MSIE 9.0; Windows NT 6.1; WOW64; Trident/5.0)"
31.46.61.54 - - [29/Sep/2012:13:28:06 +0200] "GET /tm02_.jpg HTTP/1.1" 200 1524 "http://beklen.hu/" "Mozilla/5.0 (compatible; MSIE 9.0; Windows NT 6.1; WOW64; Trident/5.0)"
31.46.61.54 - - [29/Sep/2012:13:28:06 +0200] "GET /tm03.jpg HTTP/1.1" 200 2212 "http://beklen.hu/" "Mozilla/5.0 (compatible; MSIE 9.0; Windows NT 6.1; WOW64; Trident/5.0)"
157.55.32.84 - - [29/Sep/2012:13:30:34 +0200] "GET /english/index.htm HTTP/1.1" 200 5262 "-" "Mozilla/5.0 (compatible; bingbot/2.0; +http://www.bing.com/bingbot.htm)"
157.55.34.180 - - [29/Sep/2012:13:32:40 +0200] "GET /nca05.htm HTTP/1.1" 200 16412 "-" "Mozilla/5.0 (compatible; bingbot/2.0; +http://www.bing.com/bingbot.htm)"
91.137.131.45 - - [29/Sep/2012:13:38:01 +0200] "GET /vill.cs HTTP/1.1" 200 2676 "http://www.beklen.hu/" "Mozilla/5.0 (Windows NT 5.1; rv:15.0) Gecko/20100101 Firefox/15.0.1"
91.137.131.45 - - [29/Sep/2012:13:38:01 +0200] "GET / HTTP/1.1" 200 23778 "http://www.nimfea.hu/tagszervezeteink/index.htm" "Mozilla/5.0 (Windows NT 5.1; rv:15.0) Gecko/20100101 Firefox/15.0.1"
91.137.131.45 - - [29/Sep/2012:13:38:01 +0200] "GET /lb/js/scriptaculous.js?load=effects HTTP/1.1" 200 2152 "http://www.beklen.hu/" "Mozilla/5.0 (Windows NT 5.1; rv:15.0) Gecko/20100101 Firefox/15.0.1"
91.137.131.45 - - [29/Sep/2012:13:38:01 +0200] "GET /lb/css/lightbox.css HTTP/1.1" 200 1715 "http://www.beklen.hu/" "Mozilla/5.0 (Windows NT 5.1; rv:15.0) Gecko/20100101 Firefox/15.0.1"
91.137.131.45 - - [29/Sep/2012:13:38:01 +0200] "GET /tm03_.jpg HTTP/1.1" 200 1787 "http://www.beklen.hu/" "Mozilla/5.0 (Windows NT 5.1; rv:15.0) Gecko/20100101 Firefox/15.0.1"
91.137.131.45 - - [29/Sep/2012:13:38:01 +0200] "GET /tm02.jpg HTTP/1.1" 200 1873 "http://www.beklen.hu/" "Mozilla/5.0 (Windows NT 5.1; rv:15.0) Gecko/20100101 Firefox/15.0.1"
91.137.131.45 - - [29/Sep/2012:13:38:01 +0200] "GET /tm04_.jpg HTTP/1.1" 200 2058 "http://www.beklen.hu/" "Mozilla/5.0 (Windows NT 5.1; rv:15.0) Gecko/20100101 Firefox/15.0.1"
91.137.131.45 - - [29/Sep/2012:13:38:01 +0200] "GET /lb/js/prototype.js HTTP/1.1" 200 47603 "http://www.beklen.hu/" "Mozilla/5.0 (Windows NT 5.1; rv:15.0) Gecko/20100101 Firefox/15.0.1"
91.137.131.45 - - [29/Sep/2012:13:38:01 +0200] "GET /lb/js/lightbox.js HTTP/1.1" 200 23424 "http://www.beklen.hu/" "Mozilla/5.0 (Windows NT 5.1; rv:15.0) Gecko/20100101 Firefox/15.0.1"
91.137.131.45 - - [29/Sep/2012:13:38:01 +0200] "GET /tm05_.jpg HTTP/1.1" 200 1839 "http://www.beklen.hu/" "Mozilla/5.0 (Windows NT 5.1; rv:15.0) Gecko/20100101 Firefox/15.0.1"
91.137.131.45 - - [29/Sep/2012:13:38:01 +0200] "GET /tm06_.jpg HTTP/1.1" 200 1382 "http://www.beklen.hu/" "Mozilla/5.0 (Windows NT 5.1; rv:15.0) Gecko/20100101 Firefox/15.0.1"
91.137.131.45 - - [29/Sep/2012:13:38:01 +0200] "GET /tm07.jpg HTTP/1.1" 200 1007 "http://www.beklen.hu/" "Mozilla/5.0 (Windows NT 5.1; rv:15.0) Gecko/20100101 Firefox/15.0.1"
91.137.131.45 - - [29/Sep/2012:13:38:01 +0200] "GET /a1_projekt_tabla_infra_cs3_beklenhaz_.jpg HTTP/1.1" 200 8994 "http://www.beklen.hu/" "Mozilla/5.0 (Windows NT 5.1; rv:15.0) Gecko/20100101 Firefox/15.0.1"
91.137.131.45 - - [29/Sep/2012:13:38:01 +0200] "GET /jog_honlap_.jpg HTTP/1.1" 200 7186 "http://www.beklen.hu/" "Mozilla/5.0 (Windows NT 5.1; rv:15.0) Gecko/20100101 Firefox/15.0.1"
91.137.131.45 - - [29/Sep/2012:13:38:01 +0200] "GET /lb/js/effects.js HTTP/1.1" 200 31969 "http://www.beklen.hu/" "Mozilla/5.0 (Windows NT 5.1; rv:15.0) Gecko/20100101 Firefox/15.0.1"
91.137.131.45 - - [29/Sep/2012:13:38:01 +0200] "GET /bg.jpg HTTP/1.1" 200 566 "http://www.beklen.hu/" "Mozilla/5.0 (Windows NT 5.1; rv:15.0) Gecko/20100101 Firefox/15.0.1"
91.137.131.45 - - [29/Sep/2012:13:38:02 +0200] "GET /bottom_main.jpg HTTP/1.1" 200 96820 "http://www.beklen.hu/vill.cs" "Mozilla/5.0 (Windows NT 5.1; rv:15.0) Gecko/20100101 Firefox/15.0.1"
91.137.131.45 - - [29/Sep/2012:13:38:03 +0200] "GET /tm01.jpg HTTP/1.1" 200 1080 "http://www.beklen.hu/" "Mozilla/5.0 (Windows NT 5.1; rv:15.0) Gecko/20100101 Firefox/15.0.1"
91.137.131.45 - - [29/Sep/2012:13:38:13 +0200] "GET /nimfea_project_250x250.gif HTTP/1.1" 200 2902098 "http://www.beklen.hu/" "Mozilla/5.0 (Windows NT 5.1; rv:15.0) Gecko/20100101 Firefox/15.0.1"
91.137.131.45 - - [29/Sep/2012:13:38:13 +0200] "GET /favicon.ico HTTP/1.1" 404 1181 "-" "Mozilla/5.0 (Windows NT 5.1; rv:15.0) Gecko/20100101 Firefox/15.0.1"
91.137.131.45 - - [29/Sep/2012:13:38:13 +0200] "GET /hirek/hirek120207.htm HTTP/1.1" 200 6586 "http://www.beklen.hu/" "Mozilla/5.0 (Windows NT 5.1; rv:15.0) Gecko/20100101 Firefox/15.0.1"
91.137.131.45 - - [29/Sep/2012:13:38:13 +0200] "GET /tm02_.jpg HTTP/1.1" 200 1524 "http://www.beklen.hu/hirek/hirek120207.htm" "Mozilla/5.0 (Windows NT 5.1; rv:15.0) Gecko/20100101 Firefox/15.0.1"
91.137.131.45 - - [29/Sep/2012:13:38:13 +0200] "GET /hirek/szines_vm_logo.jpg HTTP/1.1" 200 9207 "http://www.beklen.hu/hirek/hirek120207.htm" "Mozilla/5.0 (Windows NT 5.1; rv:15.0) Gecko/20100101 Firefox/15.0.1"
91.137.131.45 - - [29/Sep/2012:13:38:13 +0200] "GET /hirek/nca_logo.jpg HTTP/1.1" 200 4244 "http://www.beklen.hu/hirek/hirek120207.htm" "Mozilla/5.0 (Windows NT 5.1; rv:15.0) Gecko/20100101 Firefox/15.0.1"
91.137.131.45 - - [29/Sep/2012:13:38:13 +0200] "GET /hirek/jogi.jpg HTTP/1.1" 200 26142 "http://www.beklen.hu/hirek/hirek120207.htm" "Mozilla/5.0 (Windows NT 5.1; rv:15.0) Gecko/20100101 Firefox/15.0.1"
91.137.131.45 - - [29/Sep/2012:13:38:13 +0200] "GET /tm04.jpg HTTP/1.1" 200 2613 "http://www.beklen.hu/hirek/hirek120207.htm" "Mozilla/5.0 (Windows NT 5.1; rv:15.0) Gecko/20100101 Firefox/15.0.1"
