188.36.100.222 - - [03/Sep/2012:08:17:19 +0200] "GET /felsorol.css HTTP/1.1" 200 240 "http://www.beklen.hu/kapcsolat.htm" "Mozilla/5.0 (Windows NT 6.1; rv:15.0) Gecko/20100101 Firefox/15.0"
65.55.52.87 - - [03/Sep/2012:08:20:43 +0200] "GET /jog/eseteink/korosladany/%C3%BCgy%C3%A9szs%C3%A9g_1_derekegyhaza.pdf HTTP/1.1" 404 1181 "-" "Mozilla/5.0 (compatible; bingbot/2.0; +http://www.bing.com/bingbot.htm)"
157.55.32.144 - - [03/Sep/2012:08:27:22 +0200] "GET /robots.txt HTTP/1.1" 404 1181 "-" "Mozilla/5.0 (compatible; bingbot/2.0; +http://www.bing.com/bingbot.htm)"
188.36.24.182 - - [03/Sep/2012:08:59:20 +0200] "GET / HTTP/1.1" 200 23778 "-" "Mozilla/5.0 (compatible; MSIE 9.0; Windows NT 6.1; WOW64; Trident/5.0)"
188.36.24.182 - - [03/Sep/2012:08:59:20 +0200] "GET /vill.cs HTTP/1.1" 200 2676 "http://beklen.hu/" "Mozilla/5.0 (compatible; MSIE 9.0; Windows NT 6.1; WOW64; Trident/5.0)"
188.36.24.182 - - [03/Sep/2012:08:59:20 +0200] "GET /lb/css/lightbox.css HTTP/1.1" 200 1715 "http://beklen.hu/" "Mozilla/5.0 (compatible; MSIE 9.0; Windows NT 6.1; WOW64; Trident/5.0)"
188.36.24.182 - - [03/Sep/2012:08:59:20 +0200] "GET /lb/js/scriptaculous.js?load=effects HTTP/1.1" 200 2152 "http://beklen.hu/" "Mozilla/5.0 (compatible; MSIE 9.0; Windows NT 6.1; WOW64; Trident/5.0)"
188.36.24.182 - - [03/Sep/2012:08:59:20 +0200] "GET /lb/js/lightbox.js HTTP/1.1" 200 23424 "http://beklen.hu/" "Mozilla/5.0 (compatible; MSIE 9.0; Windows NT 6.1; WOW64; Trident/5.0)"
188.36.24.182 - - [03/Sep/2012:08:59:20 +0200] "GET /lb/js/lightbox.js HTTP/1.1" 200 23424 "http://beklen.hu/" "Mozilla/5.0 (compatible; MSIE 9.0; Windows NT 6.1; WOW64; Trident/5.0)"
188.36.24.182 - - [03/Sep/2012:08:59:20 +0200] "GET /lb/js/prototype.js HTTP/1.1" 200 32768 "http://beklen.hu/" "Mozilla/5.0 (compatible; MSIE 9.0; Windows NT 6.1; WOW64; Trident/5.0)"
188.36.24.182 - - [03/Sep/2012:08:59:21 +0200] "GET /lb/js/prototype.js HTTP/1.1" 200 47603 "http://beklen.hu/" "Mozilla/5.0 (compatible; MSIE 9.0; Windows NT 6.1; WOW64; Trident/5.0)"
188.36.24.182 - - [03/Sep/2012:08:59:21 +0200] "GET /tm02.jpg HTTP/1.1" 200 1873 "http://beklen.hu/" "Mozilla/5.0 (compatible; MSIE 9.0; Windows NT 6.1; WOW64; Trident/5.0)"
188.36.24.182 - - [03/Sep/2012:08:59:21 +0200] "GET /tm01.jpg HTTP/1.1" 200 1080 "http://beklen.hu/" "Mozilla/5.0 (compatible; MSIE 9.0; Windows NT 6.1; WOW64; Trident/5.0)"
188.36.24.182 - - [03/Sep/2012:08:59:21 +0200] "GET /tm03_.jpg HTTP/1.1" 200 1787 "http://beklen.hu/" "Mozilla/5.0 (compatible; MSIE 9.0; Windows NT 6.1; WOW64; Trident/5.0)"
188.36.24.182 - - [03/Sep/2012:08:59:21 +0200] "GET /tm05_.jpg HTTP/1.1" 200 1839 "http://beklen.hu/" "Mozilla/5.0 (compatible; MSIE 9.0; Windows NT 6.1; WOW64; Trident/5.0)"
188.36.24.182 - - [03/Sep/2012:08:59:21 +0200] "GET /tm07.jpg HTTP/1.1" 200 1007 "http://beklen.hu/" "Mozilla/5.0 (compatible; MSIE 9.0; Windows NT 6.1; WOW64; Trident/5.0)"
188.36.24.182 - - [03/Sep/2012:08:59:21 +0200] "GET /tm06_.jpg HTTP/1.1" 200 1382 "http://beklen.hu/" "Mozilla/5.0 (compatible; MSIE 9.0; Windows NT 6.1; WOW64; Trident/5.0)"
188.36.24.182 - - [03/Sep/2012:08:59:21 +0200] "GET /tm04_.jpg HTTP/1.1" 200 2058 "http://beklen.hu/" "Mozilla/5.0 (compatible; MSIE 9.0; Windows NT 6.1; WOW64; Trident/5.0)"
188.36.24.182 - - [03/Sep/2012:08:59:21 +0200] "GET /a1_projekt_tabla_infra_cs3_beklenhaz_.jpg HTTP/1.1" 200 8994 "http://beklen.hu/" "Mozilla/5.0 (compatible; MSIE 9.0; Windows NT 6.1; WOW64; Trident/5.0)"
188.36.24.182 - - [03/Sep/2012:08:59:21 +0200] "GET /jog_honlap_.jpg HTTP/1.1" 200 7186 "http://beklen.hu/" "Mozilla/5.0 (compatible; MSIE 9.0; Windows NT 6.1; WOW64; Trident/5.0)"
188.36.24.182 - - [03/Sep/2012:08:59:21 +0200] "GET /lb/js/effects.js HTTP/1.1" 200 31969 "http://beklen.hu/" "Mozilla/5.0 (compatible; MSIE 9.0; Windows NT 6.1; WOW64; Trident/5.0)"
188.36.24.182 - - [03/Sep/2012:08:59:21 +0200] "GET /bg.jpg HTTP/1.1" 200 566 "http://beklen.hu/" "Mozilla/5.0 (compatible; MSIE 9.0; Windows NT 6.1; WOW64; Trident/5.0)"
188.36.24.182 - - [03/Sep/2012:08:59:21 +0200] "GET /bg.jpg HTTP/1.1" 200 566 "http://beklen.hu/" "Mozilla/5.0 (compatible; MSIE 9.0; Windows NT 6.1; WOW64; Trident/5.0)"
188.36.24.182 - - [03/Sep/2012:08:59:21 +0200] "GET /bottom_main.jpg HTTP/1.1" 200 96820 "http://beklen.hu/" "Mozilla/5.0 (compatible; MSIE 9.0; Windows NT 6.1; WOW64; Trident/5.0)"
188.36.24.182 - - [03/Sep/2012:08:59:22 +0200] "GET /nimfea_project_250x250.gif HTTP/1.1" 200 2986583 "http://beklen.hu/" "Mozilla/5.0 (compatible; MSIE 9.0; Windows NT 6.1; WOW64; Trident/5.0)"
188.36.24.182 - - [03/Sep/2012:08:59:22 +0200] "GET /tm04.jpg HTTP/1.1" 200 2613 "http://beklen.hu/" "Mozilla/5.0 (compatible; MSIE 9.0; Windows NT 6.1; WOW64; Trident/5.0)"
188.36.24.182 - - [03/Sep/2012:08:59:22 +0200] "GET /lb/images/loading.gif HTTP/1.1" 200 2767 "http://beklen.hu/" "Mozilla/5.0 (compatible; MSIE 9.0; Windows NT 6.1; WOW64; Trident/5.0)"
188.36.24.182 - - [03/Sep/2012:08:59:22 +0200] "GET /tm03.jpg HTTP/1.1" 200 2212 "http://beklen.hu/" "Mozilla/5.0 (compatible; MSIE 9.0; Windows NT 6.1; WOW64; Trident/5.0)"
188.36.24.182 - - [03/Sep/2012:08:59:22 +0200] "GET /tm05.jpg HTTP/1.1" 200 2253 "http://beklen.hu/" "Mozilla/5.0 (compatible; MSIE 9.0; Windows NT 6.1; WOW64; Trident/5.0)"
188.36.24.182 - - [03/Sep/2012:08:59:22 +0200] "GET /lb/images/closelabel.gif HTTP/1.1" 200 222 "http://beklen.hu/" "Mozilla/5.0 (compatible; MSIE 9.0; Windows NT 6.1; WOW64; Trident/5.0)"
188.36.24.182 - - [03/Sep/2012:08:59:22 +0200] "GET /tm02_.jpg HTTP/1.1" 200 1524 "http://beklen.hu/" "Mozilla/5.0 (compatible; MSIE 9.0; Windows NT 6.1; WOW64; Trident/5.0)"
188.36.24.182 - - [03/Sep/2012:08:59:22 +0200] "GET /tm06.jpg HTTP/1.1" 200 1651 "http://beklen.hu/" "Mozilla/5.0 (compatible; MSIE 9.0; Windows NT 6.1; WOW64; Trident/5.0)"
188.36.24.182 - - [03/Sep/2012:08:59:24 +0200] "GET /programok.htm HTTP/1.1" 200 6444 "http://beklen.hu/" "Mozilla/5.0 (compatible; MSIE 9.0; Windows NT 6.1; WOW64; Trident/5.0)"
188.36.24.182 - - [03/Sep/2012:08:59:24 +0200] "GET /bottom_.jpg HTTP/1.1" 200 93419 "http://beklen.hu/programok.htm" "Mozilla/5.0 (compatible; MSIE 9.0; Windows NT 6.1; WOW64; Trident/5.0)"
188.36.24.182 - - [03/Sep/2012:08:59:25 +0200] "GET /khb.htm HTTP/1.1" 200 8719 "http://beklen.hu/programok.htm" "Mozilla/5.0 (compatible; MSIE 9.0; Windows NT 6.1; WOW64; Trident/5.0)"
188.36.24.182 - - [03/Sep/2012:08:59:29 +0200] "GET /khb/beklen_2011_kh_jelentes.pdf HTTP/1.1" 200 6014974 "http://beklen.hu/khb.htm" "Mozilla/5.0 (compatible; MSIE 9.0; Windows NT 6.1; WOW64; Trident/5.0)"
188.36.24.182 - - [03/Sep/2012:09:27:14 +0200] "GET /khb/beklen_2010_kh_jelentes.pdf HTTP/1.1" 200 252786 "http://beklen.hu/khb.htm" "Mozilla/5.0 (compatible; MSIE 9.0; Windows NT 6.1; WOW64; Trident/5.0)"
188.36.24.182 - - [03/Sep/2012:09:37:09 +0200] "GET /khb/beklen_2009_kh_jelentes.pdf HTTP/1.1" 200 258938 "http://beklen.hu/khb.htm" "Mozilla/5.0 (compatible; MSIE 9.0; Windows NT 6.1; WOW64; Trident/5.0)"
188.36.24.182 - - [03/Sep/2012:09:44:51 +0200] "GET /khb/beklen_2008_kh_jelentes.pdf HTTP/1.1" 200 284192 "http://beklen.hu/khb.htm" "Mozilla/5.0 (compatible; MSIE 9.0; Windows NT 6.1; WOW64; Trident/5.0)"
88.112.34.202 - - [03/Sep/2012:10:03:55 +0200] "GET /robots.txt HTTP/1.0" 404 1181 "-" "Mozilla/5.0 (compatible; MJ12bot/v1.4.3; http://www.majestic12.co.uk/bot.php?+)"
88.112.34.202 - - [03/Sep/2012:10:04:06 +0200] "GET / HTTP/1.1" 200 23778 "-" "Mozilla/5.0 (compatible; MJ12bot/v1.4.3; http://www.majestic12.co.uk/bot.php?+)"
178.154.210.252 - - [03/Sep/2012:10:17:18 +0200] "GET /hirek/hirek120207.htm HTTP/1.1" 200 6586 "-" "Mozilla/5.0 (compatible; YandexBot/3.0; +http://yandex.com/bots)"
157.55.33.19 - - [03/Sep/2012:10:48:13 +0200] "GET /robots.txt HTTP/1.1" 404 1181 "-" "Mozilla/5.0 (compatible; bingbot/2.0; +http://www.bing.com/bingbot.htm)"
178.154.210.252 - - [03/Sep/2012:13:01:03 +0200] "GET /hirek/hirek100420.htm HTTP/1.1" 200 7914 "-" "Mozilla/5.0 (compatible; YandexBot/3.0; +http://yandex.com/bots)"
65.55.52.97 - - [03/Sep/2012:13:01:32 +0200] "GET /robots.txt HTTP/1.1" 404 1181 "-" "Mozilla/5.0 (compatible; bingbot/2.0; +http://www.bing.com/bingbot.htm)"
65.55.52.97 - - [03/Sep/2012:13:35:08 +0200] "GET /jog/eseteink/poroszlo/poroszlo-epitkezes_hitvk.pdf HTTP/1.1" 200 192233 "-" "Mozilla/5.0 (compatible; bingbot/2.0; +http://www.bing.com/bingbot.htm)"
65.55.52.97 - - [03/Sep/2012:14:28:59 +0200] "GET /robots.txt HTTP/1.1" 404 1181 "-" "Mozilla/5.0 (compatible; bingbot/2.0; +http://www.bing.com/bingbot.htm)"
65.55.52.97 - - [03/Sep/2012:14:30:20 +0200] "GET /deutsch/index.htm HTTP/1.1" 200 5324 "-" "Mozilla/5.0 (compatible; bingbot/2.0; +http://www.bing.com/bingbot.htm)"
178.154.210.252 - - [03/Sep/2012:15:33:47 +0200] "GET /robots.txt HTTP/1.1" 404 1181 "-" "Mozilla/5.0 (compatible; YandexBot/3.0; +http://yandex.com/bots)"
208.115.113.84 - - [03/Sep/2012:16:30:15 +0200] "GET /robots.txt HTTP/1.1" 404 1181 "-" "Mozilla/5.0 (compatible; Ezooms/1.0; ezooms.bot@gmail.com)"
79.120.177.10 - - [03/Sep/2012:16:51:22 +0200] "GET / HTTP/1.1" 200 23778 "-" "Mozilla/5.0 (X11; U; Linux x86_64; C) AppleWebKit/533.3 (KHTML, like Gecko) Qt/4.8.0 Safari/533.3"
79.120.177.10 - - [03/Sep/2012:16:51:22 +0200] "GET /vill.cs HTTP/1.1" 200 2676 "http://www.beklen.hu/" "Mozilla/5.0 (X11; U; Linux x86_64; C) AppleWebKit/533.3 (KHTML, like Gecko) Qt/4.8.0 Safari/533.3"
79.120.177.10 - - [03/Sep/2012:16:51:22 +0200] "GET /lb/js/scriptaculous.js?load=effects HTTP/1.1" 200 2152 "http://www.beklen.hu/" "Mozilla/5.0 (X11; U; Linux x86_64; C) AppleWebKit/533.3 (KHTML, like Gecko) Qt/4.8.0 Safari/533.3"
79.120.177.10 - - [03/Sep/2012:16:51:22 +0200] "GET /lb/css/lightbox.css HTTP/1.1" 200 1715 "http://www.beklen.hu/" "Mozilla/5.0 (X11; U; Linux x86_64; C) AppleWebKit/533.3 (KHTML, like Gecko) Qt/4.8.0 Safari/533.3"
79.120.177.10 - - [03/Sep/2012:16:51:22 +0200] "GET /lb/js/lightbox.js HTTP/1.1" 200 23424 "http://www.beklen.hu/" "Mozilla/5.0 (X11; U; Linux x86_64; C) AppleWebKit/533.3 (KHTML, like Gecko) Qt/4.8.0 Safari/533.3"
79.120.177.10 - - [03/Sep/2012:16:51:22 +0200] "GET /lb/js/prototype.js HTTP/1.1" 200 47603 "http://www.beklen.hu/" "Mozilla/5.0 (X11; U; Linux x86_64; C) AppleWebKit/533.3 (KHTML, like Gecko) Qt/4.8.0 Safari/533.3"
79.120.177.10 - - [03/Sep/2012:16:51:22 +0200] "GET /lb/js/effects.js HTTP/1.1" 200 31969 "http://www.beklen.hu/" "Mozilla/5.0 (X11; U; Linux x86_64; C) AppleWebKit/533.3 (KHTML, like Gecko) Qt/4.8.0 Safari/533.3"
79.120.177.10 - - [03/Sep/2012:16:51:23 +0200] "GET /bg.jpg HTTP/1.1" 200 566 "http://www.beklen.hu/" "Mozilla/5.0 (X11; U; Linux x86_64; C) AppleWebKit/533.3 (KHTML, like Gecko) Qt/4.8.0 Safari/533.3"
79.120.177.10 - - [03/Sep/2012:16:51:23 +0200] "GET /tm04_.jpg HTTP/1.1" 200 2058 "http://www.beklen.hu/" "Mozilla/5.0 (X11; U; Linux x86_64; C) AppleWebKit/533.3 (KHTML, like Gecko) Qt/4.8.0 Safari/533.3"
79.120.177.10 - - [03/Sep/2012:16:51:23 +0200] "GET /tm05_.jpg HTTP/1.1" 200 1839 "http://www.beklen.hu/" "Mozilla/5.0 (X11; U; Linux x86_64; C) AppleWebKit/533.3 (KHTML, like Gecko) Qt/4.8.0 Safari/533.3"
79.120.177.10 - - [03/Sep/2012:16:51:23 +0200] "GET /tm02.jpg HTTP/1.1" 200 1873 "http://www.beklen.hu/" "Mozilla/5.0 (X11; U; Linux x86_64; C) AppleWebKit/533.3 (KHTML, like Gecko) Qt/4.8.0 Safari/533.3"
79.120.177.10 - - [03/Sep/2012:16:51:23 +0200] "GET /tm01.jpg HTTP/1.1" 200 1080 "http://www.beklen.hu/" "Mozilla/5.0 (X11; U; Linux x86_64; C) AppleWebKit/533.3 (KHTML, like Gecko) Qt/4.8.0 Safari/533.3"
79.120.177.10 - - [03/Sep/2012:16:51:23 +0200] "GET /tm03_.jpg HTTP/1.1" 200 1787 "http://www.beklen.hu/" "Mozilla/5.0 (X11; U; Linux x86_64; C) AppleWebKit/533.3 (KHTML, like Gecko) Qt/4.8.0 Safari/533.3"
79.120.177.10 - - [03/Sep/2012:16:51:23 +0200] "GET /tm06_.jpg HTTP/1.1" 200 1382 "http://www.beklen.hu/" "Mozilla/5.0 (X11; U; Linux x86_64; C) AppleWebKit/533.3 (KHTML, like Gecko) Qt/4.8.0 Safari/533.3"
79.120.177.10 - - [03/Sep/2012:16:51:23 +0200] "GET /tm07.jpg HTTP/1.1" 200 1007 "http://www.beklen.hu/" "Mozilla/5.0 (X11; U; Linux x86_64; C) AppleWebKit/533.3 (KHTML, like Gecko) Qt/4.8.0 Safari/533.3"
79.120.177.10 - - [03/Sep/2012:16:51:23 +0200] "GET /a1_projekt_tabla_infra_cs3_beklenhaz_.jpg HTTP/1.1" 200 8994 "http://www.beklen.hu/" "Mozilla/5.0 (X11; U; Linux x86_64; C) AppleWebKit/533.3 (KHTML, like Gecko) Qt/4.8.0 Safari/533.3"
79.120.177.10 - - [03/Sep/2012:16:51:23 +0200] "GET /jog_honlap_.jpg HTTP/1.1" 200 7186 "http://www.beklen.hu/" "Mozilla/5.0 (X11; U; Linux x86_64; C) AppleWebKit/533.3 (KHTML, like Gecko) Qt/4.8.0 Safari/533.3"
79.120.177.10 - - [03/Sep/2012:16:51:23 +0200] "GET /bottom_main.jpg HTTP/1.1" 200 96820 "http://www.beklen.hu/" "Mozilla/5.0 (X11; U; Linux x86_64; C) AppleWebKit/533.3 (KHTML, like Gecko) Qt/4.8.0 Safari/533.3"
79.120.177.10 - - [03/Sep/2012:16:51:23 +0200] "GET /nimfea_project_250x250.gif HTTP/1.1" 200 2986583 "http://www.beklen.hu/" "Mozilla/5.0 (X11; U; Linux x86_64; C) AppleWebKit/533.3 (KHTML, like Gecko) Qt/4.8.0 Safari/533.3"
79.120.177.10 - - [03/Sep/2012:16:51:23 +0200] "GET /tm06.jpg HTTP/1.1" 200 1651 "http://www.beklen.hu/" "Mozilla/5.0 (X11; U; Linux x86_64; C) AppleWebKit/533.3 (KHTML, like Gecko) Qt/4.8.0 Safari/533.3"
79.120.177.10 - - [03/Sep/2012:16:51:23 +0200] "GET /tm04.jpg HTTP/1.1" 200 2613 "http://www.beklen.hu/" "Mozilla/5.0 (X11; U; Linux x86_64; C) AppleWebKit/533.3 (KHTML, like Gecko) Qt/4.8.0 Safari/533.3"
79.120.177.10 - - [03/Sep/2012:16:51:23 +0200] "GET /lb/images/closelabel.gif HTTP/1.1" 200 222 "http://www.beklen.hu/" "Mozilla/5.0 (X11; U; Linux x86_64; C) AppleWebKit/533.3 (KHTML, like Gecko) Qt/4.8.0 Safari/533.3"
79.120.177.10 - - [03/Sep/2012:16:51:23 +0200] "GET /tm05.jpg HTTP/1.1" 200 2253 "http://www.beklen.hu/" "Mozilla/5.0 (X11; U; Linux x86_64; C) AppleWebKit/533.3 (KHTML, like Gecko) Qt/4.8.0 Safari/533.3"
79.120.177.10 - - [03/Sep/2012:16:51:23 +0200] "GET /tm02_.jpg HTTP/1.1" 200 1524 "http://www.beklen.hu/" "Mozilla/5.0 (X11; U; Linux x86_64; C) AppleWebKit/533.3 (KHTML, like Gecko) Qt/4.8.0 Safari/533.3"
79.120.177.10 - - [03/Sep/2012:16:51:23 +0200] "GET /lb/images/loading.gif HTTP/1.1" 200 2767 "http://www.beklen.hu/" "Mozilla/5.0 (X11; U; Linux x86_64; C) AppleWebKit/533.3 (KHTML, like Gecko) Qt/4.8.0 Safari/533.3"
79.120.177.10 - - [03/Sep/2012:16:51:23 +0200] "GET /tm03.jpg HTTP/1.1" 200 2212 "http://www.beklen.hu/" "Mozilla/5.0 (X11; U; Linux x86_64; C) AppleWebKit/533.3 (KHTML, like Gecko) Qt/4.8.0 Safari/533.3"
208.115.111.68 - - [03/Sep/2012:18:01:40 +0200] "GET /robots.txt HTTP/1.1" 404 1181 "-" "Mozilla/5.0 (compatible; Ezooms/1.0; ezooms.bot@gmail.com)"
208.115.113.84 - - [03/Sep/2012:18:05:11 +0200] "GET /hirek09_02.htm HTTP/1.1" 200 7450 "-" "Mozilla/5.0 (compatible; Ezooms/1.0; ezooms.bot@gmail.com)"
208.115.113.84 - - [03/Sep/2012:18:05:12 +0200] "GET /jog/jogihatter.htm HTTP/1.1" 200 18691 "-" "Mozilla/5.0 (compatible; Ezooms/1.0; ezooms.bot@gmail.com)"
208.115.113.84 - - [03/Sep/2012:18:05:13 +0200] "GET /nca10.htm HTTP/1.1" 200 16648 "-" "Mozilla/5.0 (compatible; Ezooms/1.0; ezooms.bot@gmail.com)"
66.249.66.152 - - [03/Sep/2012:18:46:53 +0200] "GET /robots.txt HTTP/1.1" 404 1181 "-" "Mozilla/5.0 (compatible; Googlebot/2.1; +http://www.google.com/bot.html)"
66.249.66.152 - - [03/Sep/2012:18:46:53 +0200] "GET /hirek/hirek100804.htm HTTP/1.1" 304 - "-" "Mozilla/5.0 (iPhone; U; CPU iPhone OS 4_1 like Mac OS X; en-us) AppleWebKit/532.9 (KHTML, like Gecko) Version/4.0.5 Mobile/8B117 Safari/6531.22.7 (compatible; Googlebot-Mobile/2.1; +http://www.google.com/bot.html)"
178.154.210.252 - - [03/Sep/2012:19:10:09 +0200] "GET /nka.htm HTTP/1.1" 304 - "-" "Mozilla/5.0 (compatible; YandexBot/3.0; +http://yandex.com/bots)"
37.140.141.19 - - [03/Sep/2012:19:12:21 +0200] "GET /robots.txt HTTP/1.1" 404 1181 "-" "Mozilla/5.0 (compatible; YandexImages/3.0; +http://yandex.com/bots)"
37.140.141.19 - - [03/Sep/2012:20:36:22 +0200] "GET /deutsch/d02.jpg HTTP/1.1" 200 1339 "-" "Mozilla/5.0 (compatible; YandexImages/3.0; +http://yandex.com/bots)"
134.255.125.132 - - [03/Sep/2012:20:37:03 +0200] "GET /jog/eseteink/korosladany/panasz_rendorsegi_hatarozat_ellen.pdf HTTP/1.1" 200 148679 "http://www.google.hu/url?sa=t&rct=j&q=vaddiszn%C3%B3skert%20l%C3%A9tes%C3%ADt%C3%A9se&source=web&cd=15&ved=0CDgQFjAEOAo&url=http%3A%2F%2Fwww.beklen.hu%2Fjog%2Feseteink%2Fkorosladany%2Fpanasz_rendorsegi_hatarozat_ellen.pdf&ei=hfhEUPLJGsr04QSdxIDoCA&usg=AFQjCNGNb8Nr_jgATEBOj7QRLS-LK5eO4w" "Mozilla/4.0 (compatible; MSIE 8.0; Windows NT 5.1; Trident/4.0)"
81.182.233.136 - - [03/Sep/2012:21:03:01 +0200] "GET /jog/eseteink/kavicszatony/mura_bejelentes.pdf HTTP/1.1" 200 161377 "http://www.google.hu/url?sa=t&rct=j&q=&esrc=s&source=web&cd=8&cad=rja&ved=0CE0QFjAH&url=http%3A%2F%2Fwww.beklen.hu%2Fjog%2Feseteink%2Fkavicszatony%2Fmura_bejelentes.pdf&ei=9vtEUNydCNHP4QSGtIGgCw&usg=AFQjCNHYhfF4povgjZYpeQA9CeRBlMwPuA" "Mozilla/5.0 (Windows NT 5.1; rv:9.0.1) Gecko/20100101 Firefox/9.0.1"
81.182.233.136 - - [03/Sep/2012:21:03:03 +0200] "GET /favicon.ico HTTP/1.1" 404 1181 "-" "Mozilla/5.0 (Windows NT 5.1; rv:9.0.1) Gecko/20100101 Firefox/9.0.1"
81.182.233.136 - - [03/Sep/2012:21:03:03 +0200] "GET /favicon.ico HTTP/1.1" 404 1181 "-" "Mozilla/5.0 (Windows NT 5.1; rv:9.0.1) Gecko/20100101 Firefox/9.0.1"
178.154.210.252 - - [03/Sep/2012:21:48:13 +0200] "GET /english/contact.htm HTTP/1.1" 304 - "-" "Mozilla/5.0 (compatible; YandexBot/3.0; +http://yandex.com/bots)"
37.140.141.19 - - [03/Sep/2012:22:07:31 +0200] "GET /tm02.jpg HTTP/1.1" 200 1873 "-" "Mozilla/5.0 (compatible; YandexImages/3.0; +http://yandex.com/bots)"
37.140.141.19 - - [03/Sep/2012:23:45:03 +0200] "GET /nimfea_project_250x250.gif HTTP/1.1" 200 2986583 "-" "Mozilla/5.0 (compatible; YandexImages/3.0; +http://yandex.com/bots)"
37.140.141.19 - - [04/Sep/2012:01:30:31 +0200] "GET /tm02_.jpg HTTP/1.1" 200 1524 "-" "Mozilla/5.0 (compatible; YandexImages/3.0; +http://yandex.com/bots)"
131.253.46.241 - - [04/Sep/2012:02:28:55 +0200] "GET /robots.txt HTTP/1.1" 404 1181 "-" "Mozilla/5.0 (compatible; bingbot/2.0; +http://www.bing.com/bingbot.htm)"
131.253.46.241 - - [04/Sep/2012:02:43:15 +0200] "GET /jog/eseteink/korosladany/korosl%20felfugg_srb.pdf HTTP/1.1" 200 124124 "-" "Mozilla/5.0 (compatible; bingbot/2.0; +http://www.bing.com/bingbot.htm)"
37.140.141.19 - - [04/Sep/2012:03:20:27 +0200] "GET /tm03_.jpg HTTP/1.1" 200 1787 "-" "Mozilla/5.0 (compatible; YandexImages/3.0; +http://yandex.com/bots)"
37.140.141.19 - - [04/Sep/2012:05:15:06 +0200] "GET /tm06_.jpg HTTP/1.1" 200 1382 "-" "Mozilla/5.0 (compatible; YandexImages/3.0; +http://yandex.com/bots)"
208.115.111.68 - - [04/Sep/2012:06:47:05 +0200] "GET /robots.txt HTTP/1.1" 404 1181 "-" "Mozilla/5.0 (compatible; Ezooms/1.0; ezooms.bot@gmail.com)"
37.140.141.19 - - [04/Sep/2012:07:07:08 +0200] "GET /tm07.jpg HTTP/1.1" 200 1007 "-" "Mozilla/5.0 (compatible; YandexImages/3.0; +http://yandex.com/bots)"
65.55.52.97 - - [04/Sep/2012:07:38:27 +0200] "GET /robots.txt HTTP/1.1" 404 1181 "-" "Mozilla/5.0 (compatible; bingbot/2.0; +http://www.bing.com/bingbot.htm)"
65.55.52.97 - - [04/Sep/2012:07:40:06 +0200] "GET / HTTP/1.1" 304 - "-" "Mozilla/5.0 (compatible; bingbot/2.0; +http://www.bing.com/bingbot.htm)"
180.76.6.233 - - [04/Sep/2012:08:40:56 +0200] "GET /fiok/kapcsolat.htm HTTP/1.1" 304 - "-" "Mozilla/5.0 (compatible; Baiduspider/2.0; +http://www.baidu.com/search/spider.html)"
65.55.52.113 - - [04/Sep/2012:09:06:29 +0200] "GET /robots.txt HTTP/1.1" 404 1181 "-" "Mozilla/5.0 (compatible; bingbot/2.0; +http://www.bing.com/bingbot.htm)"
37.140.141.19 - - [04/Sep/2012:09:32:18 +0200] "GET /deutsch/d04.jpg HTTP/1.1" 200 1181 "-" "Mozilla/5.0 (compatible; YandexImages/3.0; +http://yandex.com/bots)"
65.55.52.113 - - [04/Sep/2012:09:58:13 +0200] "GET /media.htm HTTP/1.1" 304 - "-" "Mozilla/5.0 (compatible; bingbot/2.0; +http://www.bing.com/bingbot.htm)"
66.249.66.115 - - [04/Sep/2012:11:30:25 +0200] "GET /robots.txt HTTP/1.1" 404 1181 "-" "Mozilla/5.0 (compatible; Googlebot/2.1; +http://www.google.com/bot.html)"
66.249.66.115 - - [04/Sep/2012:11:30:26 +0200] "GET / HTTP/1.1" 200 23778 "-" "Mozilla/5.0 (compatible; Googlebot/2.1; +http://www.google.com/bot.html)"
66.249.66.152 - - [04/Sep/2012:11:42:19 +0200] "GET /robots.txt HTTP/1.1" 404 1181 "-" "Mozilla/5.0 (compatible; Googlebot/2.1; +http://www.google.com/bot.html)"
66.249.66.152 - - [04/Sep/2012:11:42:19 +0200] "GET /fiok/ HTTP/1.1" 200 20554 "-" "Mozilla/5.0 (compatible; Googlebot/2.1; +http://www.google.com/bot.html)"
37.140.141.19 - - [04/Sep/2012:11:56:54 +0200] "GET /jog/img/nca_logo_.png HTTP/1.1" 200 7180 "-" "Mozilla/5.0 (compatible; YandexImages/3.0; +http://yandex.com/bots)"
66.249.66.152 - - [04/Sep/2012:12:41:05 +0200] "GET /fiok/news.html HTTP/1.1" 404 1181 "-" "Mozilla/5.0 (compatible; Googlebot/2.1; +http://www.google.com/bot.html)"
180.76.5.65 - - [04/Sep/2012:12:42:30 +0200] "GET /robots.txt HTTP/1.1" 404 1181 "-" "Mozilla/5.0 (compatible; Baiduspider/2.0; +http://www.baidu.com/search/spider.html)"
188.36.235.106 - - [04/Sep/2012:13:28:13 +0200] "GET /jog/jogszabalyok/1_erdo.pdf HTTP/1.1" 200 761794 "http://www.google.hu/url?sa=t&rct=j&q=&esrc=s&source=web&cd=12&ved=0CCYQFjABOAo&url=http%3A%2F%2Fwww.beklen.hu%2Fjog%2Fjogszabalyok%2F1_erdo.pdf&ei=xOVFUKyHJsbjtQbHpYCYDQ&usg=AFQjCNHz-UPHDhHJ7J5c2giVd91b1JOxWQ" "Mozilla/5.0 (Windows NT 5.1; rv:14.0) Gecko/20100101 Firefox/14.0.1"
188.36.235.106 - - [04/Sep/2012:13:28:14 +0200] "GET /favicon.ico HTTP/1.1" 404 1181 "-" "Mozilla/5.0 (Windows NT 5.1; rv:14.0) Gecko/20100101 Firefox/14.0.1"
188.36.235.106 - - [04/Sep/2012:13:28:14 +0200] "GET /favicon.ico HTTP/1.1" 404 1181 "-" "Mozilla/5.0 (Windows NT 5.1; rv:14.0) Gecko/20100101 Firefox/14.0.1"
208.115.111.68 - - [04/Sep/2012:14:18:02 +0200] "GET /robots.txt HTTP/1.1" 404 1181 "-" "Mozilla/5.0 (compatible; Ezooms/1.0; ezooms.bot@gmail.com)"
37.140.141.19 - - [04/Sep/2012:14:21:05 +0200] "GET /jog/img/320/sargarigo2.jpg HTTP/1.1" 200 17500 "-" "Mozilla/5.0 (compatible; YandexImages/3.0; +http://yandex.com/bots)"
66.249.66.152 - - [04/Sep/2012:14:42:14 +0200] "GET /fiok/mult.htm HTTP/1.1" 200 23227 "-" "Mozilla/5.0 (compatible; Googlebot/2.1; +http://www.google.com/bot.html)"
66.249.66.152 - - [04/Sep/2012:15:13:13 +0200] "GET /fiok/fiok.html HTTP/1.1" 200 20723 "-" "Mozilla/5.0 (compatible; Googlebot/2.1; +http://www.google.com/bot.html)"
66.249.66.152 - - [04/Sep/2012:15:22:25 +0200] "GET /fiok/gazdasag.htm HTTP/1.1" 200 22480 "-" "Mozilla/5.0 (compatible; Googlebot/2.1; +http://www.google.com/bot.html)"
66.249.72.66 - - [04/Sep/2012:15:46:22 +0200] "GET /fiok/images/szovegkep.JPG HTTP/1.1" 200 12792 "-" "Mozilla/5.0 (compatible; Googlebot/2.1; +http://www.google.com/bot.html)"
66.249.72.66 - - [04/Sep/2012:15:46:25 +0200] "GET /fiok/images/index_21_21.JPG HTTP/1.1" 404 1181 "-" "Mozilla/5.0 (compatible; Googlebot/2.1; +http://www.google.com/bot.html)"
66.249.66.152 - - [04/Sep/2012:15:46:27 +0200] "GET /fiok/images/index_25_25.jpg HTTP/1.1" 200 4960 "-" "Mozilla/5.0 (compatible; Googlebot/2.1; +http://www.google.com/bot.html)"
208.115.113.84 - - [04/Sep/2012:16:05:41 +0200] "GET /robots.txt HTTP/1.1" 404 1181 "-" "Mozilla/5.0 (compatible; Ezooms/1.0; ezooms.bot@gmail.com)"
178.154.210.252 - - [04/Sep/2012:16:24:44 +0200] "GET /robots.txt HTTP/1.1" 404 1181 "-" "Mozilla/5.0 (compatible; YandexBot/3.0; +http://yandex.com/bots)"
37.140.141.19 - - [04/Sep/2012:16:46:47 +0200] "GET /tm04_.jpg HTTP/1.1" 200 2058 "-" "Mozilla/5.0 (compatible; YandexImages/3.0; +http://yandex.com/bots)"
217.69.133.31 - - [04/Sep/2012:16:51:48 +0200] "GET /robots.txt HTTP/1.0" 404 1181 "-" "Mozilla/5.0 (compatible; Mail.RU/2.0)"
208.115.113.84 - - [04/Sep/2012:17:24:48 +0200] "GET /hirek08_10.htm HTTP/1.1" 200 6946 "-" "Mozilla/5.0 (compatible; Ezooms/1.0; ezooms.bot@gmail.com)"
157.55.32.109 - - [04/Sep/2012:17:40:44 +0200] "GET /robots.txt HTTP/1.1" 404 1181 "-" "Mozilla/5.0 (compatible; bingbot/2.0; +http://www.bing.com/bingbot.htm)"
66.249.66.152 - - [04/Sep/2012:17:52:53 +0200] "GET /robots.txt HTTP/1.1" 404 1181 "-" "Mozilla/5.0 (compatible; Googlebot/2.1; +http://www.google.com/bot.html)"
66.249.71.209 - - [04/Sep/2012:17:52:59 +0200] "GET /jog/eseteink/audi/audi_gyor_restoration_measures1-10.pdf HTTP/1.1" 200 4247194 "-" "Mozilla/5.0 (compatible; Googlebot/2.1; +http://www.google.com/bot.html)"
178.154.210.252 - - [04/Sep/2012:17:58:05 +0200] "GET / HTTP/1.1" 200 23778 "-" "Mozilla/5.0 (compatible; YandexBot/3.0; +http://yandex.com/bots)"
208.115.111.68 - - [04/Sep/2012:18:22:50 +0200] "GET /robots.txt HTTP/1.1" 404 1181 "-" "Mozilla/5.0 (compatible; Ezooms/1.0; ezooms.bot@gmail.com)"
66.249.66.152 - - [04/Sep/2012:19:15:58 +0200] "GET /hirek/hirek101025.htm HTTP/1.1" 304 - "-" "Mozilla/5.0 (iPhone; U; CPU iPhone OS 4_1 like Mac OS X; en-us) AppleWebKit/532.9 (KHTML, like Gecko) Version/4.0.5 Mobile/8B117 Safari/6531.22.7 (compatible; Googlebot-Mobile/2.1; +http://www.google.com/bot.html)"
157.55.32.58 - - [04/Sep/2012:20:18:18 +0200] "GET /robots.txt HTTP/1.1" 404 1181 "-" "Mozilla/5.0 (compatible; bingbot/2.0; +http://www.bing.com/bingbot.htm)"
84.2.164.149 - - [04/Sep/2012:20:18:31 +0200] "GET /jog HTTP/1.1" 301 311 "http://www.nimfea.hu/hirek.php" "Mozilla/5.0 (Macintosh; Intel Mac OS X 10.6; rv:12.0) Gecko/20100101 Firefox/12.0"
84.2.164.149 - - [04/Sep/2012:20:18:32 +0200] "GET /jog/ HTTP/1.1" 200 13138 "http://www.nimfea.hu/hirek.php" "Mozilla/5.0 (Macintosh; Intel Mac OS X 10.6; rv:12.0) Gecko/20100101 Firefox/12.0"
84.2.164.149 - - [04/Sep/2012:20:18:32 +0200] "GET /jog/style.css HTTP/1.1" 200 21413 "http://www.beklen.hu/jog/" "Mozilla/5.0 (Macintosh; Intel Mac OS X 10.6; rv:12.0) Gecko/20100101 Firefox/12.0"
84.2.164.149 - - [04/Sep/2012:20:18:32 +0200] "GET /jog/script.js HTTP/1.1" 200 5674 "http://www.beklen.hu/jog/" "Mozilla/5.0 (Macintosh; Intel Mac OS X 10.6; rv:12.0) Gecko/20100101 Firefox/12.0"
84.2.164.149 - - [04/Sep/2012:20:18:32 +0200] "GET /jog/img/nca_logo_.png HTTP/1.1" 200 7180 "http://www.beklen.hu/jog/" "Mozilla/5.0 (Macintosh; Intel Mac OS X 10.6; rv:12.0) Gecko/20100101 Firefox/12.0"
84.2.164.149 - - [04/Sep/2012:20:18:32 +0200] "GET /jog/img/magyar_cimer.png HTTP/1.1" 200 1900 "http://www.beklen.hu/jog/" "Mozilla/5.0 (Macintosh; Intel Mac OS X 10.6; rv:12.0) Gecko/20100101 Firefox/12.0"
84.2.164.149 - - [04/Sep/2012:20:18:32 +0200] "GET /jog/favicon.ico HTTP/1.1" 200 1150 "-" "Mozilla/5.0 (Macintosh; Intel Mac OS X 10.6; rv:12.0) Gecko/20100101 Firefox/12.0"
84.2.164.149 - - [04/Sep/2012:20:18:32 +0200] "GET /jog/jquery.js HTTP/1.1" 200 72174 "http://www.beklen.hu/jog/" "Mozilla/5.0 (Macintosh; Intel Mac OS X 10.6; rv:12.0) Gecko/20100101 Firefox/12.0"
84.2.164.149 - - [04/Sep/2012:20:18:32 +0200] "GET /jog/img/320/sargarigo2.jpg HTTP/1.1" 200 17500 "http://www.beklen.hu/jog/" "Mozilla/5.0 (Macintosh; Intel Mac OS X 10.6; rv:12.0) Gecko/20100101 Firefox/12.0"
84.2.164.149 - - [04/Sep/2012:20:18:32 +0200] "GET /jog/images/Bottom_texture.jpg HTTP/1.1" 200 193775 "http://www.beklen.hu/jog/style.css" "Mozilla/5.0 (Macintosh; Intel Mac OS X 10.6; rv:12.0) Gecko/20100101 Firefox/12.0"
84.2.164.149 - - [04/Sep/2012:20:18:33 +0200] "GET /jog/images/spacer.gif HTTP/1.1" 200 43 "http://www.beklen.hu/jog/style.css" "Mozilla/5.0 (Macintosh; Intel Mac OS X 10.6; rv:12.0) Gecko/20100101 Firefox/12.0"
84.2.164.149 - - [04/Sep/2012:20:18:33 +0200] "GET /jog/images/subitem.png HTTP/1.1" 200 81 "http://www.beklen.hu/jog/style.css" "Mozilla/5.0 (Macintosh; Intel Mac OS X 10.6; rv:12.0) Gecko/20100101 Firefox/12.0"
84.2.164.149 - - [04/Sep/2012:20:18:33 +0200] "GET /jog/images/nav.png HTTP/1.1" 200 10482 "http://www.beklen.hu/jog/style.css" "Mozilla/5.0 (Macintosh; Intel Mac OS X 10.6; rv:12.0) Gecko/20100101 Firefox/12.0"
84.2.164.149 - - [04/Sep/2012:20:18:33 +0200] "GET /jog/images/menuitem.png HTTP/1.1" 200 20398 "http://www.beklen.hu/jog/style.css" "Mozilla/5.0 (Macintosh; Intel Mac OS X 10.6; rv:12.0) Gecko/20100101 Firefox/12.0"
84.2.164.149 - - [04/Sep/2012:20:18:33 +0200] "GET /jog/images/post_s.png HTTP/1.1" 200 466 "http://www.beklen.hu/jog/style.css" "Mozilla/5.0 (Macintosh; Intel Mac OS X 10.6; rv:12.0) Gecko/20100101 Firefox/12.0"
84.2.164.149 - - [04/Sep/2012:20:18:33 +0200] "GET /jog/images/header.png HTTP/1.1" 200 170837 "http://www.beklen.hu/jog/style.css" "Mozilla/5.0 (Macintosh; Intel Mac OS X 10.6; rv:12.0) Gecko/20100101 Firefox/12.0"
84.2.164.149 - - [04/Sep/2012:20:18:33 +0200] "GET /jog/images/post_h.png HTTP/1.1" 200 292 "http://www.beklen.hu/jog/style.css" "Mozilla/5.0 (Macintosh; Intel Mac OS X 10.6; rv:12.0) Gecko/20100101 Firefox/12.0"
84.2.164.149 - - [04/Sep/2012:20:18:33 +0200] "GET /jog/images/post_v.png HTTP/1.1" 200 310 "http://www.beklen.hu/jog/style.css" "Mozilla/5.0 (Macintosh; Intel Mac OS X 10.6; rv:12.0) Gecko/20100101 Firefox/12.0"
84.2.164.149 - - [04/Sep/2012:20:18:33 +0200] "GET /jog/images/post_c.png HTTP/1.1" 200 204 "http://www.beklen.hu/jog/style.css" "Mozilla/5.0 (Macintosh; Intel Mac OS X 10.6; rv:12.0) Gecko/20100101 Firefox/12.0"
84.2.164.149 - - [04/Sep/2012:20:18:44 +0200] "GET /jog/eseteink.htm HTTP/1.1" 200 17277 "http://www.beklen.hu/jog/" "Mozilla/5.0 (Macintosh; Intel Mac OS X 10.6; rv:12.0) Gecko/20100101 Firefox/12.0"
84.2.164.149 - - [04/Sep/2012:20:18:44 +0200] "GET /jog/eseteink/audi/audi%20-%20natura%202000_.jpg HTTP/1.1" 200 4882 "http://www.beklen.hu/jog/eseteink.htm" "Mozilla/5.0 (Macintosh; Intel Mac OS X 10.6; rv:12.0) Gecko/20100101 Firefox/12.0"
84.2.164.149 - - [04/Sep/2012:20:18:44 +0200] "GET /jog/lb/css/lightbox.css HTTP/1.1" 200 1715 "http://www.beklen.hu/jog/eseteink.htm" "Mozilla/5.0 (Macintosh; Intel Mac OS X 10.6; rv:12.0) Gecko/20100101 Firefox/12.0"
84.2.164.149 - - [04/Sep/2012:20:18:44 +0200] "GET /jog/lb/js/scriptaculous.js?load=effects HTTP/1.1" 200 2152 "http://www.beklen.hu/jog/eseteink.htm" "Mozilla/5.0 (Macintosh; Intel Mac OS X 10.6; rv:12.0) Gecko/20100101 Firefox/12.0"
84.2.164.149 - - [04/Sep/2012:20:18:44 +0200] "GET /jog/lb/js/prototype.js HTTP/1.1" 200 47603 "http://www.beklen.hu/jog/eseteink.htm" "Mozilla/5.0 (Macintosh; Intel Mac OS X 10.6; rv:12.0) Gecko/20100101 Firefox/12.0"
84.2.164.149 - - [04/Sep/2012:20:18:44 +0200] "GET /jog/lb/js/lightbox.js HTTP/1.1" 200 23431 "http://www.beklen.hu/jog/eseteink.htm" "Mozilla/5.0 (Macintosh; Intel Mac OS X 10.6; rv:12.0) Gecko/20100101 Firefox/12.0"
84.2.164.149 - - [04/Sep/2012:20:18:44 +0200] "GET /jog/eseteink/korosladany/kepek/img_5365__.jpg HTTP/1.1" 200 5864 "http://www.beklen.hu/jog/eseteink.htm" "Mozilla/5.0 (Macintosh; Intel Mac OS X 10.6; rv:12.0) Gecko/20100101 Firefox/12.0"
84.2.164.149 - - [04/Sep/2012:20:18:44 +0200] "GET /jog/eseteink/derekegyhaza/37-433.jpg HTTP/1.1" 200 3573 "http://www.beklen.hu/jog/eseteink.htm" "Mozilla/5.0 (Macintosh; Intel Mac OS X 10.6; rv:12.0) Gecko/20100101 Firefox/12.0"
84.2.164.149 - - [04/Sep/2012:20:18:44 +0200] "GET /jog/eseteink/dakar/k.jpg HTTP/1.1" 200 2687 "http://www.beklen.hu/jog/eseteink.htm" "Mozilla/5.0 (Macintosh; Intel Mac OS X 10.6; rv:12.0) Gecko/20100101 Firefox/12.0"
84.2.164.149 - - [04/Sep/2012:20:18:44 +0200] "GET /jog/eseteink/autopalya/ap.jpg HTTP/1.1" 200 3947 "http://www.beklen.hu/jog/eseteink.htm" "Mozilla/5.0 (Macintosh; Intel Mac OS X 10.6; rv:12.0) Gecko/20100101 Firefox/12.0"
84.2.164.149 - - [04/Sep/2012:20:18:44 +0200] "GET /jog/eseteink/kavicszatony/dscf0084_.jpg HTTP/1.1" 200 2611 "http://www.beklen.hu/jog/eseteink.htm" "Mozilla/5.0 (Macintosh; Intel Mac OS X 10.6; rv:12.0) Gecko/20100101 Firefox/12.0"
84.2.164.149 - - [04/Sep/2012:20:18:44 +0200] "GET /jog/eseteink/malom/fotok/img_3057_.jpg HTTP/1.1" 200 6339 "http://www.beklen.hu/jog/eseteink.htm" "Mozilla/5.0 (Macintosh; Intel Mac OS X 10.6; rv:12.0) Gecko/20100101 Firefox/12.0"
84.2.164.149 - - [04/Sep/2012:20:18:44 +0200] "GET /jog/eseteink/poroszlo/villa_.jpg HTTP/1.1" 200 3841 "http://www.beklen.hu/jog/eseteink.htm" "Mozilla/5.0 (Macintosh; Intel Mac OS X 10.6; rv:12.0) Gecko/20100101 Firefox/12.0"
84.2.164.149 - - [04/Sep/2012:20:18:44 +0200] "GET /jog/eseteink/duzzaszto/koros.jpg HTTP/1.1" 200 201463 "http://www.beklen.hu/jog/eseteink.htm" "Mozilla/5.0 (Macintosh; Intel Mac OS X 10.6; rv:12.0) Gecko/20100101 Firefox/12.0"
84.2.164.149 - - [04/Sep/2012:20:18:44 +0200] "GET /jog/lb/js/effects.js HTTP/1.1" 200 31969 "http://www.beklen.hu/jog/eseteink.htm" "Mozilla/5.0 (Macintosh; Intel Mac OS X 10.6; rv:12.0) Gecko/20100101 Firefox/12.0"
82.131.142.202 - - [04/Sep/2012:21:16:12 +0200] "GET /hirek/Microsoft%20Word%20-%20csongradi%20duzzaszto%20velemeny%202009.06.11..doc.pdf HTTP/1.1" 200 321155 "http://www.google.hu/url?sa=t&rct=j&q=&esrc=s&source=web&cd=28&ved=0CFMQFjAHOBQ&url=http%3A%2F%2Fwww.beklen.hu%2Fhirek%2FMicrosoft%2520Word%2520-%2520csongradi%2520duzzaszto%2520velemeny%25202009.06.11..doc.pdf&ei=L1NGUPDWLqjh4QSE-YGQCg&usg=AFQjCNFZPghMWVofegiJiS14gfDFz9r65A&sig2=DV0Z4k-rdHnZeP3yJCnbsw" "Mozilla/5.0 (Windows NT 5.1; rv:15.0) Gecko/20100101 Firefox/15.0"
82.131.142.202 - - [04/Sep/2012:21:16:12 +0200] "GET /favicon.ico HTTP/1.1" 404 1181 "-" "Mozilla/5.0 (Windows NT 5.1; rv:15.0) Gecko/20100101 Firefox/15.0"
208.115.111.68 - - [04/Sep/2012:22:32:04 +0200] "GET /robots.txt HTTP/1.1" 404 1181 "-" "Mozilla/5.0 (compatible; Ezooms/1.0; ezooms.bot@gmail.com)"
131.253.46.102 - - [04/Sep/2012:22:56:46 +0200] "GET /robots.txt HTTP/1.1" 404 1181 "-" "Mozilla/5.0 (compatible; bingbot/2.0; +http://www.bing.com/bingbot.htm)"
66.249.66.152 - - [04/Sep/2012:23:34:56 +0200] "GET /robots.txt HTTP/1.1" 404 1181 "-" "Mozilla/5.0 (compatible; Googlebot/2.1; +http://www.google.com/bot.html)"
66.249.66.152 - - [04/Sep/2012:23:34:56 +0200] "GET /fiok/images/szovegkep.JPG HTTP/1.1" 200 12792 "-" "Googlebot-Image/1.0"
66.249.66.152 - - [05/Sep/2012:01:16:41 +0200] "GET /fiok/images/index_17_17.jpg HTTP/1.1" 200 2374 "-" "Googlebot-Image/1.0"
37.140.141.19 - - [05/Sep/2012:03:07:08 +0200] "GET /robots.txt HTTP/1.1" 404 1181 "-" "Mozilla/5.0 (compatible; YandexImages/3.0; +http://yandex.com/bots)"
157.55.33.79 - - [05/Sep/2012:03:38:59 +0200] "GET /robots.txt HTTP/1.1" 404 1181 "-" "Mozilla/5.0 (compatible; bingbot/2.0; +http://www.bing.com/bingbot.htm)"
37.140.141.19 - - [05/Sep/2012:03:53:38 +0200] "GET /tm01.jpg HTTP/1.1" 200 1080 "-" "Mozilla/5.0 (compatible; YandexImages/3.0; +http://yandex.com/bots)"
208.115.113.84 - - [05/Sep/2012:04:00:59 +0200] "GET /robots.txt HTTP/1.1" 404 1181 "-" "Mozilla/5.0 (compatible; Ezooms/1.0; ezooms.bot@gmail.com)"
157.55.33.79 - - [05/Sep/2012:04:27:00 +0200] "GET /jog/eseteink/poroszlo/poroszlo-onkormnyzat.pdf HTTP/1.1" 200 142360 "-" "Mozilla/5.0 (compatible; bingbot/2.0; +http://www.bing.com/bingbot.htm)"
37.140.141.19 - - [05/Sep/2012:04:36:43 +0200] "GET /deutsch/d03.jpg HTTP/1.1" 200 1235 "-" "Mozilla/5.0 (compatible; YandexImages/3.0; +http://yandex.com/bots)"
208.115.113.84 - - [05/Sep/2012:05:16:54 +0200] "GET /hirek/hirek101213.htm HTTP/1.1" 200 8671 "-" "Mozilla/5.0 (compatible; Ezooms/1.0; ezooms.bot@gmail.com)"
37.140.141.19 - - [05/Sep/2012:05:24:17 +0200] "GET /jog/img/magyar_cimer.png HTTP/1.1" 200 1900 "-" "Mozilla/5.0 (compatible; YandexImages/3.0; +http://yandex.com/bots)"
37.140.141.19 - - [05/Sep/2012:06:04:58 +0200] "GET /images/nca_logo.jpg HTTP/1.1" 200 4244 "-" "Mozilla/5.0 (compatible; YandexImages/3.0; +http://yandex.com/bots)"
46.229.160.208 - - [05/Sep/2012:06:11:28 +0200] "GET /hirek/Natura_2000es_gyepgazdalkodas_eloirasai.ppt HTTP/1.1" 200 15563 "-" "Mozilla/5.0 (Windows; U; Windows NT 5.1; en-US; rv:1.9.0.5) Gecko/2008120122 Firefox/3.0.5"
208.115.111.68 - - [05/Sep/2012:06:12:37 +0200] "GET /robots.txt HTTP/1.1" 404 1181 "-" "Mozilla/5.0 (compatible; Ezooms/1.0; ezooms.bot@gmail.com)"
37.140.141.19 - - [05/Sep/2012:06:39:24 +0200] "GET /tm05_.jpg HTTP/1.1" 200 1839 "-" "Mozilla/5.0 (compatible; YandexImages/3.0; +http://yandex.com/bots)"
66.249.66.152 - - [05/Sep/2012:07:55:14 +0200] "GET /nca09.htm HTTP/1.1" 304 - "-" "Mozilla/5.0 (compatible; Googlebot/2.1; +http://www.google.com/bot.html)"
178.255.215.69 - - [05/Sep/2012:08:36:17 +0200] "GET /robots.txt HTTP/1.1" 404 1181 "-" "Mozilla/5.0 (compatible; Exabot/3.0; +http://www.exabot.com/go/robot)"
178.255.215.69 - - [05/Sep/2012:08:36:17 +0200] "GET / HTTP/1.1" 200 23778 "-" "Mozilla/5.0 (compatible; Exabot/3.0; +http://www.exabot.com/go/robot)"
66.249.66.152 - - [05/Sep/2012:10:01:01 +0200] "GET /jog/eseteink/audi/additional_information_on_the_compensatory_measures_provided_by_hungarian_authorities_at_the_request_of_the_commission_3.pdf HTTP/1.1" 304 - "-" "Mozilla/5.0 (compatible; Googlebot/2.1; +http://www.google.com/bot.html)"
141.105.120.153 - - [05/Sep/2012:10:01:45 +0200] "GET /robots.txt HTTP/1.0" 404 1181 "-" "Mozilla/5.0 (compatible; WebNL; +http://www.web.nl/webmasters/spider.html; helpdesk@web.nl)"
141.105.120.153 - - [05/Sep/2012:10:01:45 +0200] "GET /jog/ugyfeljogok.htm HTTP/1.0" 200 14279 "-" "Mozilla/5.0 (compatible; WebNL; +http://www.web.nl/webmasters/spider.html; helpdesk@web.nl)"
66.249.66.152 - - [05/Sep/2012:10:02:56 +0200] "GET / HTTP/1.1" 200 23778 "-" "Mozilla/5.0 (compatible; Googlebot/2.1; +http://www.google.com/bot.html)"
208.115.111.68 - - [05/Sep/2012:10:14:37 +0200] "GET /robots.txt HTTP/1.1" 404 1181 "-" "Mozilla/5.0 (compatible; Ezooms/1.0; ezooms.bot@gmail.com)"
141.105.120.153 - - [05/Sep/2012:10:26:52 +0200] "GET /robots.txt HTTP/1.0" 404 1181 "-" "Mozilla/5.0 (compatible; WebNL; +http://www.web.nl/webmasters/spider.html; helpdesk@web.nl)"
141.105.120.153 - - [05/Sep/2012:10:26:52 +0200] "GET /jog/eseteink.htm HTTP/1.0" 200 17277 "-" "Mozilla/5.0 (compatible; WebNL; +http://www.web.nl/webmasters/spider.html; helpdesk@web.nl)"
66.249.71.209 - - [05/Sep/2012:10:38:56 +0200] "GET /media.htm HTTP/1.1" 304 - "-" "Mozilla/5.0 (compatible; Googlebot/2.1; +http://www.google.com/bot.html)"
157.55.33.79 - - [05/Sep/2012:12:10:49 +0200] "GET /robots.txt HTTP/1.1" 404 1181 "-" "Mozilla/5.0 (compatible; bingbot/2.0; +http://www.bing.com/bingbot.htm)"
188.36.100.222 - - [05/Sep/2012:12:37:33 +0200] "GET /jog/eseteink.htm HTTP/1.1" 200 17277 "-" "Mozilla/5.0 (Windows NT 5.1; rv:15.0) Gecko/20100101 Firefox/15.0"
188.36.100.222 - - [05/Sep/2012:12:37:33 +0200] "GET /jog/style.css HTTP/1.1" 200 21413 "http://www.beklen.hu/jog/eseteink.htm" "Mozilla/5.0 (Windows NT 5.1; rv:15.0) Gecko/20100101 Firefox/15.0"
188.36.100.222 - - [05/Sep/2012:12:37:33 +0200] "GET /jog/script.js HTTP/1.1" 200 5674 "http://www.beklen.hu/jog/eseteink.htm" "Mozilla/5.0 (Windows NT 5.1; rv:15.0) Gecko/20100101 Firefox/15.0"
188.36.100.222 - - [05/Sep/2012:12:37:33 +0200] "GET /jog/lb/js/scriptaculous.js?load=effects HTTP/1.1" 200 2152 "http://www.beklen.hu/jog/eseteink.htm" "Mozilla/5.0 (Windows NT 5.1; rv:15.0) Gecko/20100101 Firefox/15.0"
188.36.100.222 - - [05/Sep/2012:12:37:33 +0200] "GET /jog/lb/js/lightbox.js HTTP/1.1" 200 23431 "http://www.beklen.hu/jog/eseteink.htm" "Mozilla/5.0 (Windows NT 5.1; rv:15.0) Gecko/20100101 Firefox/15.0"
188.36.100.222 - - [05/Sep/2012:12:37:33 +0200] "GET /jog/lb/js/prototype.js HTTP/1.1" 200 47603 "http://www.beklen.hu/jog/eseteink.htm" "Mozilla/5.0 (Windows NT 5.1; rv:15.0) Gecko/20100101 Firefox/15.0"
188.36.100.222 - - [05/Sep/2012:12:37:34 +0200] "GET /jog/lb/css/lightbox.css HTTP/1.1" 200 1715 "http://www.beklen.hu/jog/eseteink.htm" "Mozilla/5.0 (Windows NT 5.1; rv:15.0) Gecko/20100101 Firefox/15.0"
188.36.100.222 - - [05/Sep/2012:12:37:34 +0200] "GET /jog/eseteink/audi/audi%20-%20natura%202000_.jpg HTTP/1.1" 200 4882 "http://www.beklen.hu/jog/eseteink.htm" "Mozilla/5.0 (Windows NT 5.1; rv:15.0) Gecko/20100101 Firefox/15.0"
188.36.100.222 - - [05/Sep/2012:12:37:34 +0200] "GET /jog/eseteink/derekegyhaza/37-433.jpg HTTP/1.1" 200 3573 "http://www.beklen.hu/jog/eseteink.htm" "Mozilla/5.0 (Windows NT 5.1; rv:15.0) Gecko/20100101 Firefox/15.0"
188.36.100.222 - - [05/Sep/2012:12:37:34 +0200] "GET /jog/jquery.js HTTP/1.1" 200 72174 "http://www.beklen.hu/jog/eseteink.htm" "Mozilla/5.0 (Windows NT 5.1; rv:15.0) Gecko/20100101 Firefox/15.0"
188.36.100.222 - - [05/Sep/2012:12:37:34 +0200] "GET /jog/eseteink/korosladany/kepek/img_5365__.jpg HTTP/1.1" 200 5864 "http://www.beklen.hu/jog/eseteink.htm" "Mozilla/5.0 (Windows NT 5.1; rv:15.0) Gecko/20100101 Firefox/15.0"
188.36.100.222 - - [05/Sep/2012:12:37:34 +0200] "GET /jog/eseteink/dakar/k.jpg HTTP/1.1" 200 2687 "http://www.beklen.hu/jog/eseteink.htm" "Mozilla/5.0 (Windows NT 5.1; rv:15.0) Gecko/20100101 Firefox/15.0"
188.36.100.222 - - [05/Sep/2012:12:37:34 +0200] "GET /jog/eseteink/kavicszatony/dscf0084_.jpg HTTP/1.1" 200 2611 "http://www.beklen.hu/jog/eseteink.htm" "Mozilla/5.0 (Windows NT 5.1; rv:15.0) Gecko/20100101 Firefox/15.0"
188.36.100.222 - - [05/Sep/2012:12:37:34 +0200] "GET /jog/eseteink/autopalya/ap.jpg HTTP/1.1" 200 3947 "http://www.beklen.hu/jog/eseteink.htm" "Mozilla/5.0 (Windows NT 5.1; rv:15.0) Gecko/20100101 Firefox/15.0"
188.36.100.222 - - [05/Sep/2012:12:37:34 +0200] "GET /jog/eseteink/malom/fotok/img_3057_.jpg HTTP/1.1" 200 6339 "http://www.beklen.hu/jog/eseteink.htm" "Mozilla/5.0 (Windows NT 5.1; rv:15.0) Gecko/20100101 Firefox/15.0"
188.36.100.222 - - [05/Sep/2012:12:37:34 +0200] "GET /jog/eseteink/poroszlo/villa_.jpg HTTP/1.1" 200 3841 "http://www.beklen.hu/jog/eseteink.htm" "Mozilla/5.0 (Windows NT 5.1; rv:15.0) Gecko/20100101 Firefox/15.0"
188.36.100.222 - - [05/Sep/2012:12:37:34 +0200] "GET /jog/favicon.ico HTTP/1.1" 200 1150 "-" "Mozilla/5.0 (Windows NT 5.1; rv:15.0) Gecko/20100101 Firefox/15.0"
188.36.100.222 - - [05/Sep/2012:12:37:34 +0200] "GET /jog/eseteink/duzzaszto/koros.jpg HTTP/1.1" 200 201463 "http://www.beklen.hu/jog/eseteink.htm" "Mozilla/5.0 (Windows NT 5.1; rv:15.0) Gecko/20100101 Firefox/15.0"
188.36.100.222 - - [05/Sep/2012:12:37:35 +0200] "GET /jog/lb/js/effects.js HTTP/1.1" 200 31969 "http://www.beklen.hu/jog/eseteink.htm" "Mozilla/5.0 (Windows NT 5.1; rv:15.0) Gecko/20100101 Firefox/15.0"
188.36.100.222 - - [05/Sep/2012:12:37:35 +0200] "GET /jog/images/nav.png HTTP/1.1" 200 10482 "http://www.beklen.hu/jog/style.css" "Mozilla/5.0 (Windows NT 5.1; rv:15.0) Gecko/20100101 Firefox/15.0"
188.36.100.222 - - [05/Sep/2012:12:37:35 +0200] "GET /jog/images/spacer.gif HTTP/1.1" 200 43 "http://www.beklen.hu/jog/style.css" "Mozilla/5.0 (Windows NT 5.1; rv:15.0) Gecko/20100101 Firefox/15.0"
188.36.100.222 - - [05/Sep/2012:12:37:35 +0200] "GET /jog/images/menuitem.png HTTP/1.1" 200 20398 "http://www.beklen.hu/jog/style.css" "Mozilla/5.0 (Windows NT 5.1; rv:15.0) Gecko/20100101 Firefox/15.0"
188.36.100.222 - - [05/Sep/2012:12:37:35 +0200] "GET /jog/images/subitem.png HTTP/1.1" 200 81 "http://www.beklen.hu/jog/style.css" "Mozilla/5.0 (Windows NT 5.1; rv:15.0) Gecko/20100101 Firefox/15.0"
188.36.100.222 - - [05/Sep/2012:12:37:35 +0200] "GET /jog/images/post_s.png HTTP/1.1" 200 466 "http://www.beklen.hu/jog/style.css" "Mozilla/5.0 (Windows NT 5.1; rv:15.0) Gecko/20100101 Firefox/15.0"
188.36.100.222 - - [05/Sep/2012:12:37:35 +0200] "GET /jog/images/post_h.png HTTP/1.1" 200 292 "http://www.beklen.hu/jog/style.css" "Mozilla/5.0 (Windows NT 5.1; rv:15.0) Gecko/20100101 Firefox/15.0"
188.36.100.222 - - [05/Sep/2012:12:37:35 +0200] "GET /jog/images/Bottom_texture.jpg HTTP/1.1" 200 193775 "http://www.beklen.hu/jog/style.css" "Mozilla/5.0 (Windows NT 5.1; rv:15.0) Gecko/20100101 Firefox/15.0"
188.36.100.222 - - [05/Sep/2012:12:37:35 +0200] "GET /jog/images/post_v.png HTTP/1.1" 200 310 "http://www.beklen.hu/jog/style.css" "Mozilla/5.0 (Windows NT 5.1; rv:15.0) Gecko/20100101 Firefox/15.0"
188.36.100.222 - - [05/Sep/2012:12:37:35 +0200] "GET /jog/images/post_c.png HTTP/1.1" 200 204 "http://www.beklen.hu/jog/style.css" "Mozilla/5.0 (Windows NT 5.1; rv:15.0) Gecko/20100101 Firefox/15.0"
188.36.100.222 - - [05/Sep/2012:12:37:35 +0200] "GET /jog/images/header.png HTTP/1.1" 200 170837 "http://www.beklen.hu/jog/style.css" "Mozilla/5.0 (Windows NT 5.1; rv:15.0) Gecko/20100101 Firefox/15.0"
157.55.33.79 - - [05/Sep/2012:12:39:23 +0200] "GET /jog/tapasztalatszerzok.htm HTTP/1.1" 200 12148 "-" "Mozilla/5.0 (compatible; bingbot/2.0; +http://www.bing.com/bingbot.htm)"
188.36.100.222 - - [05/Sep/2012:12:48:47 +0200] "GET /jog/eseteink/duzzaszto/index.htm HTTP/1.1" 200 10470 "http://www.beklen.hu/jog/eseteink.htm" "Mozilla/5.0 (Windows NT 5.1; rv:15.0) Gecko/20100101 Firefox/15.0"
188.36.100.222 - - [05/Sep/2012:12:48:48 +0200] "GET /jog/lb/js/scriptaculous.js?load=effects HTTP/1.1" 304 - "http://www.beklen.hu/jog/eseteink/duzzaszto/index.htm" "Mozilla/5.0 (Windows NT 5.1; rv:15.0) Gecko/20100101 Firefox/15.0"
188.36.100.222 - - [05/Sep/2012:12:48:48 +0200] "GET /jog/img/file_jpg.png HTTP/1.1" 200 607 "http://www.beklen.hu/jog/eseteink/duzzaszto/index.htm" "Mozilla/5.0 (Windows NT 5.1; rv:15.0) Gecko/20100101 Firefox/15.0"
188.36.100.222 - - [05/Sep/2012:12:48:48 +0200] "GET /jog/img/file_doc.png HTTP/1.1" 200 598 "http://www.beklen.hu/jog/eseteink/duzzaszto/index.htm" "Mozilla/5.0 (Windows NT 5.1; rv:15.0) Gecko/20100101 Firefox/15.0"
188.36.100.222 - - [05/Sep/2012:12:48:48 +0200] "GET /jog/img/file_pdf.png HTTP/1.1" 200 581 "http://www.beklen.hu/jog/eseteink/duzzaszto/index.htm" "Mozilla/5.0 (Windows NT 5.1; rv:15.0) Gecko/20100101 Firefox/15.0"
188.36.100.222 - - [05/Sep/2012:12:49:19 +0200] "GET /jog/index.htm HTTP/1.1" 200 13138 "http://www.beklen.hu/jog/eseteink/duzzaszto/index.htm" "Mozilla/5.0 (Windows NT 5.1; rv:15.0) Gecko/20100101 Firefox/15.0"
188.36.100.222 - - [05/Sep/2012:12:49:19 +0200] "GET /jog/img/320/sargarigo2.jpg HTTP/1.1" 200 17500 "http://www.beklen.hu/jog/index.htm" "Mozilla/5.0 (Windows NT 5.1; rv:15.0) Gecko/20100101 Firefox/15.0"
188.36.100.222 - - [05/Sep/2012:12:49:19 +0200] "GET /jog/img/nca_logo_.png HTTP/1.1" 200 7180 "http://www.beklen.hu/jog/index.htm" "Mozilla/5.0 (Windows NT 5.1; rv:15.0) Gecko/20100101 Firefox/15.0"
188.36.100.222 - - [05/Sep/2012:12:49:19 +0200] "GET /jog/img/magyar_cimer.png HTTP/1.1" 200 1900 "http://www.beklen.hu/jog/index.htm" "Mozilla/5.0 (Windows NT 5.1; rv:15.0) Gecko/20100101 Firefox/15.0"
188.36.100.222 - - [05/Sep/2012:12:49:23 +0200] "GET /jog/lb/js/scriptaculous.js?load=effects HTTP/1.1" 304 - "http://www.beklen.hu/jog/eseteink.htm" "Mozilla/5.0 (Windows NT 5.1; rv:15.0) Gecko/20100101 Firefox/15.0"
188.36.100.222 - - [05/Sep/2012:12:49:29 +0200] "GET /jog/tapasztalatszerzok.htm HTTP/1.1" 200 12148 "http://www.beklen.hu/jog/eseteink.htm" "Mozilla/5.0 (Windows NT 5.1; rv:15.0) Gecko/20100101 Firefox/15.0"
188.36.100.222 - - [05/Sep/2012:12:49:29 +0200] "GET /jog/img/tamogatok.jpg HTTP/1.1" 200 18468 "http://www.beklen.hu/jog/tapasztalatszerzok.htm" "Mozilla/5.0 (Windows NT 5.1; rv:15.0) Gecko/20100101 Firefox/15.0"
188.36.100.222 - - [05/Sep/2012:12:49:29 +0200] "GET /jog/images/postbullets.png HTTP/1.1" 200 175 "http://www.beklen.hu/jog/style.css" "Mozilla/5.0 (Windows NT 5.1; rv:15.0) Gecko/20100101 Firefox/15.0"
188.36.100.222 - - [05/Sep/2012:12:50:03 +0200] "GET /jog/lb/js/scriptaculous.js?load=effects HTTP/1.1" 304 - "http://www.beklen.hu/jog/eseteink.htm" "Mozilla/5.0 (Windows NT 5.1; rv:15.0) Gecko/20100101 Firefox/15.0"
188.36.100.222 - - [05/Sep/2012:12:50:16 +0200] "GET /jog/lb/js/scriptaculous.js?load=effects HTTP/1.1" 304 - "http://www.beklen.hu/jog/eseteink/duzzaszto/index.htm" "Mozilla/5.0 (Windows NT 5.1; rv:15.0) Gecko/20100101 Firefox/15.0"
188.36.100.222 - - [05/Sep/2012:12:52:33 +0200] "GET /jog/eseteink/duzzaszto/vegzes3.jpg HTTP/1.1" 200 2317139 "http://www.beklen.hu/jog/eseteink/duzzaszto/index.htm" "Mozilla/5.0 (Windows NT 5.1; rv:15.0) Gecko/20100101 Firefox/15.0"
188.36.100.222 - - [05/Sep/2012:12:52:50 +0200] "GET /jog/eseteink/duzzaszto/kereset_lev%C3%A9l_gyulavari.pdf HTTP/1.1" 404 1181 "http://www.beklen.hu/jog/eseteink/duzzaszto/index.htm" "Mozilla/5.0 (Windows NT 5.1; rv:15.0) Gecko/20100101 Firefox/15.0"
188.36.100.222 - - [05/Sep/2012:12:52:50 +0200] "GET /favicon.ico HTTP/1.1" 404 1181 "-" "Mozilla/5.0 (Windows NT 5.1; rv:15.0) Gecko/20100101 Firefox/15.0"
188.36.100.222 - - [05/Sep/2012:12:52:50 +0200] "GET /favicon.ico HTTP/1.1" 404 1181 "-" "Mozilla/5.0 (Windows NT 5.1; rv:15.0) Gecko/20100101 Firefox/15.0"
188.36.100.222 - - [05/Sep/2012:12:52:55 +0200] "GET /jog/eseteink/duzzaszto/gyulavari_kotelezes1.pdf HTTP/1.1" 200 68117 "http://www.beklen.hu/jog/eseteink/duzzaszto/index.htm" "Mozilla/5.0 (Windows NT 5.1; rv:15.0) Gecko/20100101 Firefox/15.0"
188.36.100.222 - - [05/Sep/2012:12:53:19 +0200] "GET /jog/lb/js/scriptaculous.js?load=effects HTTP/1.1" 304 - "http://www.beklen.hu/jog/eseteink.htm" "Mozilla/5.0 (Windows NT 5.1; rv:15.0) Gecko/20100101 Firefox/15.0"
188.36.100.222 - - [05/Sep/2012:12:53:25 +0200] "GET /jog/eseteink/poroszlo/index.htm HTTP/1.1" 200 16861 "http://www.beklen.hu/jog/eseteink.htm" "Mozilla/5.0 (Windows NT 5.1; rv:15.0) Gecko/20100101 Firefox/15.0"
188.36.100.222 - - [05/Sep/2012:12:53:25 +0200] "GET /jog/lb/js/scriptaculous.js?load=effects HTTP/1.1" 304 - "http://www.beklen.hu/jog/eseteink/poroszlo/index.htm" "Mozilla/5.0 (Windows NT 5.1; rv:15.0) Gecko/20100101 Firefox/15.0"
188.36.100.222 - - [05/Sep/2012:12:53:25 +0200] "GET /jog/eseteink/poroszlo/villa__.jpg HTTP/1.1" 200 7062 "http://www.beklen.hu/jog/eseteink/poroszlo/index.htm" "Mozilla/5.0 (Windows NT 5.1; rv:15.0) Gecko/20100101 Firefox/15.0"
188.36.100.222 - - [05/Sep/2012:12:53:31 +0200] "GET /jog/eseteink/poroszlo/poroszlo-epitkezes_hitvk.pdf HTTP/1.1" 200 192233 "http://www.beklen.hu/jog/eseteink/poroszlo/index.htm" "Mozilla/5.0 (Windows NT 5.1; rv:15.0) Gecko/20100101 Firefox/15.0"
188.36.100.222 - - [05/Sep/2012:12:53:51 +0200] "GET /jog/lb/js/scriptaculous.js?load=effects HTTP/1.1" 304 - "http://www.beklen.hu/jog/eseteink.htm" "Mozilla/5.0 (Windows NT 5.1; rv:15.0) Gecko/20100101 Firefox/15.0"
37.140.141.19 - - [05/Sep/2012:13:41:47 +0200] "GET /robots.txt HTTP/1.1" 404 1181 "-" "Mozilla/5.0 (compatible; YandexImages/3.0; +http://yandex.com/bots)"
37.140.141.19 - - [05/Sep/2012:14:12:58 +0200] "GET /hirek/090510/szuletesunnepe043.jpg HTTP/1.1" 200 71018 "-" "Mozilla/5.0 (compatible; YandexImages/3.0; +http://yandex.com/bots)"
