66.249.78.60 - - [25/Dec/2012:21:23:01 +0100] "GET /robots.txt HTTP/1.1" 404 1181 "-" "Mozilla/5.0 (compatible; Googlebot/2.1; +http://www.google.com/bot.html)"
66.249.78.60 - - [25/Dec/2012:21:23:02 +0100] "GET /jog/eseteink/derekegyhaza/mszh_kozpontnak_ugyfel_uj.pdf HTTP/1.1" 200 109998 "-" "Googlebot/2.1 (+http://www.google.com/bot.html)"
66.249.76.62 - - [25/Dec/2012:21:25:29 +0100] "GET /jog/eseteink/derekegyhaza/fvm_kekto.pdf HTTP/1.1" 200 125833 "-" "Googlebot/2.1 (+http://www.google.com/bot.html)"
66.249.78.60 - - [25/Dec/2012:21:29:35 +0100] "GET /jog/eseteink/derekegyhaza/aesznek_derekegyhaza_kerites_3.pdf HTTP/1.1" 200 141025 "-" "Googlebot/2.1 (+http://www.google.com/bot.html)"
207.46.199.171 - - [25/Dec/2012:21:32:18 +0100] "GET /robots.txt HTTP/1.1" 404 1181 "-" "msnbot-media/1.1 (+http://search.msn.com/msnbot.htm)"
207.46.199.171 - - [25/Dec/2012:21:32:19 +0100] "GET /jog/eseteink/korosladany/kepek/img_4.jpg HTTP/1.1" 200 100540 "-" "msnbot-media/1.1 (+http://search.msn.com/msnbot.htm)"
66.249.78.60 - - [25/Dec/2012:21:39:28 +0100] "GET /jog/eseteink/korosladany/korosladany_kvktf_.pdf HTTP/1.1" 200 170079 "-" "Googlebot/2.1 (+http://www.google.com/bot.html)"
66.249.78.60 - - [25/Dec/2012:21:43:07 +0100] "GET /jog/eseteink/derekegyhaza/vizjogi_ltesitmeny2.pdf HTTP/1.1" 200 89386 "-" "Googlebot/2.1 (+http://www.google.com/bot.html)"
66.249.78.60 - - [25/Dec/2012:21:47:17 +0100] "GET /jog/eseteink/derekegyhaza/asz_kerites_ugyfel_fellebezes.pdf HTTP/1.1" 200 145899 "-" "Googlebot/2.1 (+http://www.google.com/bot.html)"
66.249.78.60 - - [25/Dec/2012:21:49:55 +0100] "GET /jog/eseteink/derekegyhaza/aesznek_derekegyhaza_kerites_2.pdf HTTP/1.1" 200 157671 "-" "Googlebot/2.1 (+http://www.google.com/bot.html)"
66.249.78.11 - - [25/Dec/2012:21:50:42 +0100] "GET /robots.txt HTTP/1.1" 404 1181 "-" "Mozilla/5.0 (compatible; Googlebot/2.1; +http://www.google.com/bot.html)"
66.249.76.11 - - [25/Dec/2012:21:50:42 +0100] "GET /hirek/hirek100804.htm HTTP/1.1" 200 8056 "-" "Mozilla/5.0 (compatible; Googlebot/2.1; +http://www.google.com/bot.html)"
66.249.78.60 - - [25/Dec/2012:21:50:47 +0100] "GET /jog/eseteink/derekegyhaza/vizjogi_derekegyhaza.pdf HTTP/1.1" 200 123514 "-" "Googlebot/2.1 (+http://www.google.com/bot.html)"
66.249.78.60 - - [25/Dec/2012:21:51:24 +0100] "GET /jog/eseteink/derekegyhaza/vizjogi_derekegyhaza_osztvez.pdf HTTP/1.1" 200 111852 "-" "Googlebot/2.1 (+http://www.google.com/bot.html)"
66.249.78.60 - - [25/Dec/2012:21:52:36 +0100] "GET /jog/eseteink/korosladany/kotevife_miert_nincs_eltiltas2.pdf HTTP/1.1" 200 148141 "-" "Googlebot/2.1 (+http://www.google.com/bot.html)"
66.249.76.11 - - [25/Dec/2012:21:56:18 +0100] "GET /hirek/hirek091221.htm HTTP/1.1" 200 6740 "-" "Mozilla/5.0 (compatible; Googlebot/2.1; +http://www.google.com/bot.html)"
66.249.78.60 - - [25/Dec/2012:21:57:09 +0100] "GET /jog/eseteink/korosladany/korosl%20felfugg_srb.pdf HTTP/1.1" 200 124124 "-" "Googlebot/2.1 (+http://www.google.com/bot.html)"
66.249.78.11 - - [25/Dec/2012:21:59:36 +0100] "GET /hirek/fotok_tablokrol/DSCF2539.jpg HTTP/1.1" 200 178526 "-" "Googlebot-Image/1.0"
66.249.78.11 - - [25/Dec/2012:21:59:37 +0100] "GET /hirek/fotok_tablokrol/DSCF2537.jpg HTTP/1.1" 200 131805 "-" "Googlebot-Image/1.0"
66.249.76.62 - - [25/Dec/2012:22:03:17 +0100] "GET /jog/eseteink/korosladany/apvrt_nek3.pdf HTTP/1.1" 200 167171 "-" "Googlebot/2.1 (+http://www.google.com/bot.html)"
66.249.78.60 - - [25/Dec/2012:22:07:14 +0100] "GET /jog/eseteink/korosladany/kozig_hivatalnak_erdeklodes.pdf HTTP/1.1" 200 142061 "-" "Googlebot/2.1 (+http://www.google.com/bot.html)"
66.249.78.60 - - [25/Dec/2012:22:07:25 +0100] "GET /jog/eseteink/malom/fotok/img_3057.jpg HTTP/1.1" 304 - "-" "Googlebot-Image/1.0"
66.249.78.60 - - [25/Dec/2012:22:07:49 +0100] "GET /jog/eseteink/derekegyhaza/mszh_ugyfel.pdf HTTP/1.1" 200 789271 "-" "Googlebot/2.1 (+http://www.google.com/bot.html)"
66.249.76.62 - - [25/Dec/2012:22:07:49 +0100] "GET /jog/eseteink/korosladany/szeged_birosag2.pdf HTTP/1.1" 200 95330 "-" "Googlebot/2.1 (+http://www.google.com/bot.html)"
66.249.78.60 - - [25/Dec/2012:22:08:44 +0100] "GET /jog/eseteink/korosladany/nimfea%20vm%20vegzes_001.pdf HTTP/1.1" 200 2141078 "-" "Googlebot/2.1 (+http://www.google.com/bot.html)"
66.249.78.60 - - [25/Dec/2012:22:08:57 +0100] "GET /jog/eseteink/derekegyhaza/masodfoknak.pdf HTTP/1.1" 200 228651 "-" "Googlebot/2.1 (+http://www.google.com/bot.html)"
66.249.76.11 - - [25/Dec/2012:22:10:07 +0100] "GET /hirek/fotok_tablokrol/DSCF2538.jpg HTTP/1.1" 200 156802 "-" "Googlebot-Image/1.0"
66.249.78.60 - - [25/Dec/2012:22:11:29 +0100] "GET /jog/eseteink/korosladany/felugyelosegnek_3.pdf HTTP/1.1" 200 121763 "-" "Googlebot/2.1 (+http://www.google.com/bot.html)"
66.249.78.60 - - [25/Dec/2012:22:13:25 +0100] "GET /jog/eseteink/derekegyhaza/foldhivatalnak_2.pdf HTTP/1.1" 200 157295 "-" "Googlebot/2.1 (+http://www.google.com/bot.html)"
66.249.78.60 - - [25/Dec/2012:22:16:06 +0100] "GET /jog/eseteink/dakar/dakar_dabas_ugyeszseg_valasz.pdf HTTP/1.1" 200 7127040 "-" "Googlebot/2.1 (+http://www.google.com/bot.html)"
66.249.78.60 - - [25/Dec/2012:22:16:27 +0100] "GET /jog/eseteink/derekegyhaza/kotvife_kekto_kerites.pdf HTTP/1.1" 200 105210 "-" "Googlebot/2.1 (+http://www.google.com/bot.html)"
66.249.78.60 - - [25/Dec/2012:22:17:00 +0100] "GET /jog/eseteink/derekegyhaza/erdofelugyeloseg_letesitmeny2.pdf HTTP/1.1" 200 89367 "-" "Googlebot/2.1 (+http://www.google.com/bot.html)"
66.249.76.62 - - [25/Dec/2012:22:17:32 +0100] "GET /jog/eseteink/dakar/dakar_0804_kdtktvf_engedely.pdf HTTP/1.1" 200 4090849 "-" "Googlebot/2.1 (+http://www.google.com/bot.html)"
66.249.78.60 - - [25/Dec/2012:22:21:02 +0100] "GET /jog/eseteink/derekegyhaza/mszh_csongrad_ugyfel_uj.pdf HTTP/1.1" 200 109006 "-" "Googlebot/2.1 (+http://www.google.com/bot.html)"
66.249.78.60 - - [25/Dec/2012:22:23:52 +0100] "GET /jog/eseteink/korosladany/nemzeti_park_adatkeres_korosladany.pdf HTTP/1.1" 200 82235 "-" "Googlebot/2.1 (+http://www.google.com/bot.html)"
66.249.78.60 - - [25/Dec/2012:22:24:16 +0100] "GET /jog/eseteink/kavicszatony/kavicszatony_ugyfel.pdf HTTP/1.1" 200 186515 "-" "Googlebot/2.1 (+http://www.google.com/bot.html)"
66.249.78.11 - - [25/Dec/2012:22:24:30 +0100] "GET /hirek/fotok_tablokrol/DSCF2545.jpg HTTP/1.1" 200 143957 "-" "Googlebot-Image/1.0"
66.249.78.60 - - [25/Dec/2012:22:26:43 +0100] "GET /jog/eseteink/korosladany/ujabb_panasz.pdf HTTP/1.1" 200 464769 "-" "Googlebot/2.1 (+http://www.google.com/bot.html)"
66.249.76.62 - - [25/Dec/2012:22:27:03 +0100] "GET /jog/eseteink/derekegyhaza/biroi_vegzes.pdf HTTP/1.1" 200 772975 "-" "Googlebot/2.1 (+http://www.google.com/bot.html)"
66.249.78.60 - - [25/Dec/2012:22:27:11 +0100] "GET /jog/eseteink/derekegyhaza/ugyeszseg_1.pdf HTTP/1.1" 200 249093 "-" "Googlebot/2.1 (+http://www.google.com/bot.html)"
66.249.78.60 - - [25/Dec/2012:22:27:53 +0100] "GET /jog/eseteink/korosladany/korosladany_ugyeszseg.pdf HTTP/1.1" 200 166586 "-" "Googlebot/2.1 (+http://www.google.com/bot.html)"
66.249.76.62 - - [25/Dec/2012:22:33:12 +0100] "GET /jog/eseteink/derekegyhaza/kotvife_kekto_3.pdf HTTP/1.1" 200 136539 "-" "Googlebot/2.1 (+http://www.google.com/bot.html)"
66.249.78.60 - - [25/Dec/2012:22:35:38 +0100] "GET /jog/eseteink/autopalya/ugyfel-m9-oktvf20061108.pdf HTTP/1.1" 200 132171 "-" "Googlebot/2.1 (+http://www.google.com/bot.html)"
66.249.78.11 - - [25/Dec/2012:22:53:01 +0100] "GET /hirek/hirek101213.htm HTTP/1.1" 200 8671 "-" "Mozilla/5.0 (compatible; Googlebot/2.1; +http://www.google.com/bot.html)"
66.249.76.62 - - [25/Dec/2012:22:54:41 +0100] "GET /hirek/Natura_2000es_gyepgazdalkodas_eloirasai.ppt HTTP/1.1" 304 - "-" "Mozilla/5.0 (compatible; Googlebot/2.1; +http://www.google.com/bot.html)"
208.115.113.84 - - [25/Dec/2012:23:18:09 +0100] "GET /robots.txt HTTP/1.1" 404 1181 "-" "Mozilla/5.0 (compatible; Ezooms/1.0; ezooms.bot@gmail.com)"
208.115.111.68 - - [25/Dec/2012:23:48:19 +0100] "GET /english/contact.htm HTTP/1.1" 200 4601 "-" "Mozilla/5.0 (compatible; Ezooms/1.0; ezooms.bot@gmail.com)"
207.46.194.44 - - [26/Dec/2012:00:05:18 +0100] "GET /robots.txt HTTP/1.1" 404 1181 "-" "msnbot-media/1.1 (+http://search.msn.com/msnbot.htm)"
207.46.194.44 - - [26/Dec/2012:00:05:19 +0100] "GET /jog/eseteink/korosladany/kepek/img_5356.jpg HTTP/1.1" 200 81920 "-" "msnbot-media/1.1 (+http://search.msn.com/msnbot.htm)"
180.76.5.95 - - [26/Dec/2012:00:48:19 +0100] "GET /fiok/program_reszek/csaladbarat.htm HTTP/1.1" 200 20928 "-" "Mozilla/5.0 (compatible; Baiduspider/2.0; +http://www.baidu.com/search/spider.html)"
208.115.111.68 - - [26/Dec/2012:01:07:48 +0100] "GET /robots.txt HTTP/1.1" 404 1181 "-" "Mozilla/5.0 (compatible; Ezooms/1.0; ezooms.bot@gmail.com)"
208.115.113.84 - - [26/Dec/2012:01:22:18 +0100] "GET /fiok/index.html HTTP/1.1" 200 20554 "-" "Mozilla/5.0 (compatible; Ezooms/1.0; ezooms.bot@gmail.com)"
66.249.78.60 - - [26/Dec/2012:01:27:23 +0100] "GET /jog/eseteink.htm HTTP/1.1" 304 - "-" "Mozilla/5.0 (iPhone; U; CPU iPhone OS 4_1 like Mac OS X; en-us) AppleWebKit/532.9 (KHTML, like Gecko) Version/4.0.5 Mobile/8B117 Safari/6531.22.7 (compatible; Googlebot-Mobile/2.1; +http://www.google.com/bot.html)"
131.253.41.58 - - [26/Dec/2012:03:08:22 +0100] "GET /robots.txt HTTP/1.1" 404 1181 "-" "msnbot-media/1.1 (+http://search.msn.com/msnbot.htm)"
131.253.41.58 - - [26/Dec/2012:03:08:22 +0100] "GET /uszt-tabla.jpg HTTP/1.1" 404 1181 "-" "msnbot-media/1.1 (+http://search.msn.com/msnbot.htm)"
208.115.111.68 - - [26/Dec/2012:03:56:29 +0100] "GET /jog/polgariper.htm HTTP/1.1" 200 13964 "-" "Mozilla/5.0 (compatible; Ezooms/1.0; ezooms.bot@gmail.com)"
146.52.210.34 - - [26/Dec/2012:06:36:47 +0100] "GET /hirek/hirek100305.htm HTTP/1.1" 200 7091 "-" "findlinks/2.0.2 (+http://wortschatz.uni-leipzig.de/findlinks/)"
66.249.78.60 - - [26/Dec/2012:06:49:34 +0100] "GET /jog/eseteink/korosladany/panasz_rendorsegi_hatarozat_ellen.pdf HTTP/1.1" 200 148679 "-" "Googlebot/2.1 (+http://www.google.com/bot.html)"
180.76.5.101 - - [26/Dec/2012:06:50:04 +0100] "GET /fiok/program_reszek/turazas.htm HTTP/1.1" 200 22754 "-" "Mozilla/5.0 (compatible; Baiduspider/2.0; +http://www.baidu.com/search/spider.html)"
66.249.78.60 - - [26/Dec/2012:06:52:20 +0100] "GET /jog/eseteink/korosladany/nemzeti_park_felmeres_kerese.pdf HTTP/1.1" 200 75836 "-" "Googlebot/2.1 (+http://www.google.com/bot.html)"
66.249.78.60 - - [26/Dec/2012:07:03:58 +0100] "GET /jog/eseteink/kavicszatony/nimfea_fellebbezes_uj_eljaras.pdf HTTP/1.1" 200 240990 "-" "Googlebot/2.1 (+http://www.google.com/bot.html)"
208.115.113.84 - - [26/Dec/2012:07:13:05 +0100] "GET /robots.txt HTTP/1.1" 404 1181 "-" "Mozilla/5.0 (compatible; Ezooms/1.0; ezooms.bot@gmail.com)"
66.249.78.60 - - [26/Dec/2012:07:33:09 +0100] "GET /jog/eseteink/dakar/dakar_0804_kdvktvf_engedely.pdf HTTP/1.1" 200 7127040 "-" "Googlebot/2.1 (+http://www.google.com/bot.html)"
180.76.6.232 - - [26/Dec/2012:07:38:45 +0100] "GET /robots.txt HTTP/1.1" 404 1181 "-" "Mozilla/5.0 (Windows NT 5.1; rv:6.0.2) Gecko/20100101 Firefox/6.0.2"
66.249.76.62 - - [26/Dec/2012:08:09:46 +0100] "GET /jog/eseteink/derekegyhaza/kereset_level_kerites_mszh_vegleges.doc.pdf HTTP/1.1" 200 103951 "-" "Googlebot/2.1 (+http://www.google.com/bot.html)"
66.249.78.60 - - [26/Dec/2012:08:13:23 +0100] "GET /jog/eseteink/korosladany/beavatkozas_tajekoztat_mszh.pdf HTTP/1.1" 200 143606 "-" "Googlebot/2.1 (+http://www.google.com/bot.html)"
139.18.2.209 - - [26/Dec/2012:08:14:29 +0100] "GET /hirek/hirek120120.htm HTTP/1.1" 200 6634 "-" "findlinks/2.6 (+http://wortschatz.uni-leipzig.de/findlinks/)"
66.249.78.60 - - [26/Dec/2012:08:29:31 +0100] "GET /hirek/hirek090619.htm HTTP/1.1" 200 7871 "-" "Mozilla/5.0 (compatible; Googlebot/2.1; +http://www.google.com/bot.html)"
178.154.210.252 - - [26/Dec/2012:08:30:44 +0100] "GET /robots.txt HTTP/1.1" 404 1181 "-" "Mozilla/5.0 (compatible; YandexBot/3.0; +http://yandex.com/bots)"
178.154.210.252 - - [26/Dec/2012:08:30:46 +0100] "GET /hirek/hirek101213.htm HTTP/1.1" 304 - "-" "Mozilla/5.0 (compatible; YandexBot/3.0; +http://yandex.com/bots)"
66.249.78.11 - - [26/Dec/2012:08:35:00 +0100] "GET /robots.txt HTTP/1.1" 404 1181 "-" "Mozilla/5.0 (compatible; Googlebot/2.1; +http://www.google.com/bot.html)"
66.249.78.11 - - [26/Dec/2012:08:35:00 +0100] "GET /hirek/hirek090428.htm HTTP/1.1" 200 24808 "-" "Mozilla/5.0 (compatible; Googlebot/2.1; +http://www.google.com/bot.html)"
66.249.78.60 - - [26/Dec/2012:08:36:11 +0100] "GET /jog/eseteink/derekegyhaza/knpi_valasznimfeanak.pdf HTTP/1.1" 200 101664 "-" "Googlebot/2.1 (+http://www.google.com/bot.html)"
66.249.78.60 - - [26/Dec/2012:08:41:31 +0100] "GET /jog/eseteink/korosladany/srbvadi_srb.pdf HTTP/1.1" 200 151172 "-" "Googlebot/2.1 (+http://www.google.com/bot.html)"
66.249.78.60 - - [26/Dec/2012:08:47:18 +0100] "GET /jog/eseteink/korosladany/oktvf-nek.pdf HTTP/1.1" 200 171164 "-" "Googlebot/2.1 (+http://www.google.com/bot.html)"
131.253.40.77 - - [26/Dec/2012:08:49:12 +0100] "GET /robots.txt HTTP/1.1" 404 1181 "-" "msnbot-media/1.1 (+http://search.msn.com/msnbot.htm)"
131.253.40.77 - - [26/Dec/2012:08:49:13 +0100] "GET /jog/eseteink/korosladany/kepek/img_5356__.jpg HTTP/1.1" 200 6290 "-" "msnbot-media/1.1 (+http://search.msn.com/msnbot.htm)"
66.249.76.62 - - [26/Dec/2012:08:50:41 +0100] "GET /jog/eseteink/korosladany/korosladany_kereset_vegleges.pdf HTTP/1.1" 200 96743 "-" "Googlebot/2.1 (+http://www.google.com/bot.html)"
66.249.78.60 - - [26/Dec/2012:08:50:45 +0100] "GET /jog/eseteink/dakar/dakar_dabas_ugyeszseg_hatarozat.pdf HTTP/1.1" 200 2672939 "-" "Googlebot/2.1 (+http://www.google.com/bot.html)"
66.249.78.60 - - [26/Dec/2012:08:51:56 +0100] "GET /jog/eseteink/kavicszatony/mura%20fellebb%20nimfea.pdf HTTP/1.1" 200 257093 "-" "Googlebot/2.1 (+http://www.google.com/bot.html)"
66.249.78.60 - - [26/Dec/2012:08:54:54 +0100] "GET /jog/eseteink/korosladany/vegzes_dalerd_birsag.pdf HTTP/1.1" 200 1941609 "-" "Googlebot/2.1 (+http://www.google.com/bot.html)"
66.249.78.60 - - [26/Dec/2012:08:57:29 +0100] "GET /jog/eseteink/derekegyhaza/tajekoztatas_keres_mszh_kozp.pdf HTTP/1.1" 200 119925 "-" "Googlebot/2.1 (+http://www.google.com/bot.html)"
66.249.78.60 - - [26/Dec/2012:09:02:08 +0100] "GET /jog/eseteink/korosladany/fellebbezes_kv_engedly.doc.pdf HTTP/1.1" 200 156678 "-" "Googlebot/2.1 (+http://www.google.com/bot.html)"
66.249.78.60 - - [26/Dec/2012:09:02:39 +0100] "GET /jog/eseteink/derekegyhaza/mszh-nak_hatarozat_keres.pdf HTTP/1.1" 200 87836 "-" "Googlebot/2.1 (+http://www.google.com/bot.html)"
66.249.76.62 - - [26/Dec/2012:09:04:33 +0100] "GET /jog/eseteink/audi/europai%20bizottsag%20audi%20adatkikeres.pdf HTTP/1.1" 200 114017 "-" "Googlebot/2.1 (+http://www.google.com/bot.html)"
66.249.78.60 - - [26/Dec/2012:09:11:05 +0100] "GET /jog/eseteink/korosladany/tajekoztatas_keres_atikotevife.pdf HTTP/1.1" 200 157985 "-" "Googlebot/2.1 (+http://www.google.com/bot.html)"
66.249.78.60 - - [26/Dec/2012:09:11:57 +0100] "GET /jog/eseteink/derekegyhaza/lev_nimfea_36868.pdf HTTP/1.1" 200 144038 "-" "Googlebot/2.1 (+http://www.google.com/bot.html)"
66.249.78.60 - - [26/Dec/2012:09:13:05 +0100] "GET /jog/eseteink/derekegyhaza/kotvife_kekto_2.pdf HTTP/1.1" 200 198882 "-" "Googlebot/2.1 (+http://www.google.com/bot.html)"
66.249.76.62 - - [26/Dec/2012:09:14:15 +0100] "GET /jog/eseteink/korosladany/korosladany-kvktvf.pdf HTTP/1.1" 200 95989 "-" "Googlebot/2.1 (+http://www.google.com/bot.html)"
66.249.78.60 - - [26/Dec/2012:09:15:22 +0100] "GET /jog/eseteink/kavicszatony/bfnpi%20fellebbezese%20mura%20kotras%20vj%20eng.pdf HTTP/1.1" 200 219591 "-" "Googlebot/2.1 (+http://www.google.com/bot.html)"
66.249.78.60 - - [26/Dec/2012:09:19:11 +0100] "GET /jog/eseteink/duzzaszto/gyulavari_duzz_felugyeloseg.pdf HTTP/1.1" 200 100180 "-" "Googlebot/2.1 (+http://www.google.com/bot.html)"
188.142.187.10 - - [26/Dec/2012:09:19:17 +0100] "GET /jog/pub/szoro.pdf HTTP/1.1" 200 398619 "http://www.google.hu/url?sa=t&rct=j&q=perveszte+fel&source=web&cd=1&sqi=2&ved=0CC8QFjAA&url=http%3A%2F%2Fwww.beklen.hu%2Fjog%2Fpub%2Fszoro.pdf&ei=6bDaUPXqG5DXsga1roHQBg&usg=AFQjCNHskh25RCwmZthKAEKNh2I0zEUXjw" "Mozilla/5.0 (Windows NT 5.1) AppleWebKit/537.4 (KHTML, like Gecko) Chrome/22.0.1229.94 Safari/537.4"
188.142.187.10 - - [26/Dec/2012:09:19:19 +0100] "GET /favicon.ico HTTP/1.1" 404 1181 "-" "Mozilla/5.0 (Windows NT 5.1) AppleWebKit/537.4 (KHTML, like Gecko) Chrome/22.0.1229.94 Safari/537.4"
188.142.187.10 - - [26/Dec/2012:09:19:23 +0100] "GET /favicon.ico HTTP/1.1" 404 1181 "-" "Mozilla/5.0 (Windows NT 5.1) AppleWebKit/537.4 (KHTML, like Gecko) Chrome/22.0.1229.94 Safari/537.4"
66.249.78.60 - - [26/Dec/2012:09:22:01 +0100] "GET /jog/eseteink/derekegyhaza/mszh-nak_tajekoztatas_ovasrol.pdf HTTP/1.1" 200 113477 "-" "Googlebot/2.1 (+http://www.google.com/bot.html)"
66.249.76.62 - - [26/Dec/2012:09:22:58 +0100] "GET /jog/eseteink/derekegyhaza/dalerd-disznoskert%20szakhat-vegleges.pdf HTTP/1.1" 200 190281 "-" "Googlebot/2.1 (+http://www.google.com/bot.html)"
66.249.78.60 - - [26/Dec/2012:09:24:35 +0100] "GET /robots.txt HTTP/1.1" 404 1181 "-" "Mozilla/5.0 (compatible; Googlebot/2.1; +http://www.google.com/bot.html)"
66.249.78.60 - - [26/Dec/2012:09:24:35 +0100] "GET /jog/eseteink/korosladany/oktvf-nek2.pdf HTTP/1.1" 200 110838 "-" "Googlebot/2.1 (+http://www.google.com/bot.html)"
66.249.76.62 - - [26/Dec/2012:09:28:28 +0100] "GET /jog/eseteink/korosladany/korosladany-onkormanyzat.pdf HTTP/1.1" 200 145046 "-" "Googlebot/2.1 (+http://www.google.com/bot.html)"
208.115.113.84 - - [26/Dec/2012:09:29:16 +0100] "GET /fiok/kornyezet.htm HTTP/1.1" 200 22582 "-" "Mozilla/5.0 (compatible; Ezooms/1.0; ezooms.bot@gmail.com)"
66.249.78.60 - - [26/Dec/2012:09:29:31 +0100] "GET /jog/eseteink/audi/audi_gyor_restoration_measures1-10.pdf HTTP/1.1" 304 - "-" "Mozilla/5.0 (compatible; Googlebot/2.1; +http://www.google.com/bot.html)"
208.115.113.84 - - [26/Dec/2012:09:29:55 +0100] "GET /jog/ugyfeljogok.htm HTTP/1.1" 200 14279 "-" "Mozilla/5.0 (compatible; Ezooms/1.0; ezooms.bot@gmail.com)"
66.249.78.60 - - [26/Dec/2012:09:31:14 +0100] "GET /jog/eseteink/korosladany/korosladany-fvm.pdf HTTP/1.1" 200 134475 "-" "Googlebot/2.1 (+http://www.google.com/bot.html)"
66.249.78.60 - - [26/Dec/2012:09:31:28 +0100] "GET /jog/eseteink/derekegyhaza/kotevife_volt_e_skv.pdf HTTP/1.1" 200 113615 "-" "Googlebot/2.1 (+http://www.google.com/bot.html)"
66.249.76.62 - - [26/Dec/2012:09:35:12 +0100] "GET /khb/beklen_2008_kh_jelentes.pdf HTTP/1.1" 304 - "-" "Mozilla/5.0 (compatible; Googlebot/2.1; +http://www.google.com/bot.html)"
66.249.76.62 - - [26/Dec/2012:09:38:40 +0100] "GET /jog/eseteink/derekegyhaza/tajekoztatas_keres_mszh_kozp2.pdf HTTP/1.1" 200 163496 "-" "Googlebot/2.1 (+http://www.google.com/bot.html)"
66.249.76.62 - - [26/Dec/2012:09:45:09 +0100] "GET /jog/eseteink/korosladany/ujra_allamitikarnak_koztiszt_mulasztas_miatt.pdf HTTP/1.1" 200 142934 "-" "Googlebot/2.1 (+http://www.google.com/bot.html)"
66.249.78.60 - - [26/Dec/2012:09:45:27 +0100] "GET /jog/eseteink/korosladany/np_nek_tajekoztatas.pdf HTTP/1.1" 200 144911 "-" "Googlebot/2.1 (+http://www.google.com/bot.html)"
66.249.76.62 - - [26/Dec/2012:09:47:24 +0100] "GET /jog/eseteink/derekegyhaza/nemzeti_park_adatkeres_derekegyhaza20061222.pdf HTTP/1.1" 200 102819 "-" "Googlebot/2.1 (+http://www.google.com/bot.html)"
66.249.78.60 - - [26/Dec/2012:09:48:46 +0100] "GET /jog/eseteink/derekegyhaza/fvm_kekto_ujra.pdf HTTP/1.1" 200 104770 "-" "Googlebot/2.1 (+http://www.google.com/bot.html)"
66.249.78.60 - - [26/Dec/2012:09:49:32 +0100] "GET /khb/beklen_2008_kh_jelentes.pdf HTTP/1.1" 304 - "-" "Mozilla/5.0 (compatible; Googlebot/2.1; +http://www.google.com/bot.html)"
66.249.78.60 - - [26/Dec/2012:09:54:06 +0100] "GET /jog/eseteink/korosladany/beavatkozas_pesti_birosag.pdf HTTP/1.1" 200 153836 "-" "Googlebot/2.1 (+http://www.google.com/bot.html)"
66.249.76.62 - - [26/Dec/2012:10:08:08 +0100] "GET /fiok/programok.htm HTTP/1.1" 200 18165 "-" "Mozilla/5.0 (compatible; Googlebot/2.1; +http://www.google.com/bot.html)"
66.249.76.11 - - [26/Dec/2012:10:12:48 +0100] "GET /jog/eseteink/korosladany/korosladany_kvktf_.pdf HTTP/1.1" 200 170079 "-" "Mozilla/5.0 (compatible; Googlebot/2.1; +http://www.google.com/bot.html)"
139.18.2.17 - - [26/Dec/2012:10:33:34 +0100] "GET /hirek/hirek100225.htm HTTP/1.1" 200 7288 "-" "findlinks/2.6 (+http://wortschatz.uni-leipzig.de/findlinks/)"
139.18.2.17 - - [26/Dec/2012:12:07:44 +0100] "GET /jog/jogihatter.htm HTTP/1.1" 200 18691 "-" "findlinks/2.6 (+http://wortschatz.uni-leipzig.de/findlinks/)"
109.61.2.154 - - [26/Dec/2012:12:08:24 +0100] "GET /jog/eseteink/derekegyhaza/index.htm HTTP/1.1" 200 34210 "http://www.google.hu/url?sa=t&rct=j&q=hal%C3%A1szat%20bejelent%C3%A9s%20let%C3%B6lt%C3%A9se&source=web&cd=5&sqi=2&ved=0CEYQFjAE&url=http%3A%2F%2Fwww.beklen.hu%2Fjog%2Feseteink%2Fderekegyhaza%2Findex.htm&ei=ndraUNTjEcfmtQbwtIDYAQ&usg=AFQjCNErFXeah-vVflY-9rE9_dfaQVYeSg&bvm=bv.1355534169,d.d2k" "Mozilla/5.0 (Windows NT 6.1) AppleWebKit/537.11 (KHTML, like Gecko) Chrome/23.0.1271.97 Safari/537.11"
109.61.2.154 - - [26/Dec/2012:12:08:24 +0100] "GET /jog/style.css HTTP/1.1" 200 21413 "http://www.beklen.hu/jog/eseteink/derekegyhaza/index.htm" "Mozilla/5.0 (Windows NT 6.1) AppleWebKit/537.11 (KHTML, like Gecko) Chrome/23.0.1271.97 Safari/537.11"
109.61.2.154 - - [26/Dec/2012:12:08:24 +0100] "GET /jog/script.js HTTP/1.1" 200 5674 "http://www.beklen.hu/jog/eseteink/derekegyhaza/index.htm" "Mozilla/5.0 (Windows NT 6.1) AppleWebKit/537.11 (KHTML, like Gecko) Chrome/23.0.1271.97 Safari/537.11"
109.61.2.154 - - [26/Dec/2012:12:08:24 +0100] "GET /jog/lb/js/scriptaculous.js?load=effects HTTP/1.1" 200 2152 "http://www.beklen.hu/jog/eseteink/derekegyhaza/index.htm" "Mozilla/5.0 (Windows NT 6.1) AppleWebKit/537.11 (KHTML, like Gecko) Chrome/23.0.1271.97 Safari/537.11"
109.61.2.154 - - [26/Dec/2012:12:08:24 +0100] "GET /jog/lb/js/lightbox.js HTTP/1.1" 200 23431 "http://www.beklen.hu/jog/eseteink/derekegyhaza/index.htm" "Mozilla/5.0 (Windows NT 6.1) AppleWebKit/537.11 (KHTML, like Gecko) Chrome/23.0.1271.97 Safari/537.11"
109.61.2.154 - - [26/Dec/2012:12:08:24 +0100] "GET /jog/jquery.js HTTP/1.1" 200 72174 "http://www.beklen.hu/jog/eseteink/derekegyhaza/index.htm" "Mozilla/5.0 (Windows NT 6.1) AppleWebKit/537.11 (KHTML, like Gecko) Chrome/23.0.1271.97 Safari/537.11"
109.61.2.154 - - [26/Dec/2012:12:08:24 +0100] "GET /jog/lb/css/lightbox.css HTTP/1.1" 200 1715 "http://www.beklen.hu/jog/eseteink/derekegyhaza/index.htm" "Mozilla/5.0 (Windows NT 6.1) AppleWebKit/537.11 (KHTML, like Gecko) Chrome/23.0.1271.97 Safari/537.11"
109.61.2.154 - - [26/Dec/2012:12:08:28 +0100] "GET /jog/lb/js/prototype.js HTTP/1.1" 200 47603 "http://www.beklen.hu/jog/eseteink/derekegyhaza/index.htm" "Mozilla/5.0 (Windows NT 6.1) AppleWebKit/537.11 (KHTML, like Gecko) Chrome/23.0.1271.97 Safari/537.11"
109.61.2.154 - - [26/Dec/2012:12:08:28 +0100] "GET /jog/lb/js/effects.js HTTP/1.1" 200 31969 "http://www.beklen.hu/jog/eseteink/derekegyhaza/index.htm" "Mozilla/5.0 (Windows NT 6.1) AppleWebKit/537.11 (KHTML, like Gecko) Chrome/23.0.1271.97 Safari/537.11"
109.61.2.154 - - [26/Dec/2012:12:08:28 +0100] "GET /jog/images/menuitem.png HTTP/1.1" 200 20398 "http://www.beklen.hu/jog/eseteink/derekegyhaza/index.htm" "Mozilla/5.0 (Windows NT 6.1) AppleWebKit/537.11 (KHTML, like Gecko) Chrome/23.0.1271.97 Safari/537.11"
109.61.2.154 - - [26/Dec/2012:12:08:28 +0100] "GET /jog/images/nav.png HTTP/1.1" 200 10482 "http://www.beklen.hu/jog/eseteink/derekegyhaza/index.htm" "Mozilla/5.0 (Windows NT 6.1) AppleWebKit/537.11 (KHTML, like Gecko) Chrome/23.0.1271.97 Safari/537.11"
109.61.2.154 - - [26/Dec/2012:12:08:28 +0100] "GET /jog/images/spacer.gif HTTP/1.1" 200 43 "http://www.beklen.hu/jog/eseteink/derekegyhaza/index.htm" "Mozilla/5.0 (Windows NT 6.1) AppleWebKit/537.11 (KHTML, like Gecko) Chrome/23.0.1271.97 Safari/537.11"
109.61.2.154 - - [26/Dec/2012:12:08:28 +0100] "GET /jog/images/subitem.png HTTP/1.1" 200 81 "http://www.beklen.hu/jog/eseteink/derekegyhaza/index.htm" "Mozilla/5.0 (Windows NT 6.1) AppleWebKit/537.11 (KHTML, like Gecko) Chrome/23.0.1271.97 Safari/537.11"
109.61.2.154 - - [26/Dec/2012:12:08:28 +0100] "GET /jog/images/post_v.png HTTP/1.1" 200 310 "http://www.beklen.hu/jog/eseteink/derekegyhaza/index.htm" "Mozilla/5.0 (Windows NT 6.1) AppleWebKit/537.11 (KHTML, like Gecko) Chrome/23.0.1271.97 Safari/537.11"
109.61.2.154 - - [26/Dec/2012:12:08:28 +0100] "GET /jog/images/post_s.png HTTP/1.1" 200 466 "http://www.beklen.hu/jog/eseteink/derekegyhaza/index.htm" "Mozilla/5.0 (Windows NT 6.1) AppleWebKit/537.11 (KHTML, like Gecko) Chrome/23.0.1271.97 Safari/537.11"
109.61.2.154 - - [26/Dec/2012:12:08:28 +0100] "GET /jog/images/post_c.png HTTP/1.1" 200 204 "http://www.beklen.hu/jog/eseteink/derekegyhaza/index.htm" "Mozilla/5.0 (Windows NT 6.1) AppleWebKit/537.11 (KHTML, like Gecko) Chrome/23.0.1271.97 Safari/537.11"
109.61.2.154 - - [26/Dec/2012:12:08:28 +0100] "GET /jog/images/post_h.png HTTP/1.1" 200 292 "http://www.beklen.hu/jog/eseteink/derekegyhaza/index.htm" "Mozilla/5.0 (Windows NT 6.1) AppleWebKit/537.11 (KHTML, like Gecko) Chrome/23.0.1271.97 Safari/537.11"
109.61.2.154 - - [26/Dec/2012:12:08:28 +0100] "GET /jog/eseteink/derekegyhaza/37-433.jpg HTTP/1.1" 200 3573 "http://www.beklen.hu/jog/eseteink/derekegyhaza/index.htm" "Mozilla/5.0 (Windows NT 6.1) AppleWebKit/537.11 (KHTML, like Gecko) Chrome/23.0.1271.97 Safari/537.11"
109.61.2.154 - - [26/Dec/2012:12:08:28 +0100] "GET /jog/img/file_pdf.png HTTP/1.1" 200 581 "http://www.beklen.hu/jog/eseteink/derekegyhaza/index.htm" "Mozilla/5.0 (Windows NT 6.1) AppleWebKit/537.11 (KHTML, like Gecko) Chrome/23.0.1271.97 Safari/537.11"
109.61.2.154 - - [26/Dec/2012:12:08:29 +0100] "GET /jog/img/file_jpg.png HTTP/1.1" 200 607 "http://www.beklen.hu/jog/eseteink/derekegyhaza/index.htm" "Mozilla/5.0 (Windows NT 6.1) AppleWebKit/537.11 (KHTML, like Gecko) Chrome/23.0.1271.97 Safari/537.11"
109.61.2.154 - - [26/Dec/2012:12:08:29 +0100] "GET /jog/eseteink/derekegyhaza/kepek/37-431__.jpg HTTP/1.1" 200 4706 "http://www.beklen.hu/jog/eseteink/derekegyhaza/index.htm" "Mozilla/5.0 (Windows NT 6.1) AppleWebKit/537.11 (KHTML, like Gecko) Chrome/23.0.1271.97 Safari/537.11"
109.61.2.154 - - [26/Dec/2012:12:08:29 +0100] "GET /jog/images/Bottom_texture.jpg HTTP/1.1" 200 193775 "http://www.beklen.hu/jog/eseteink/derekegyhaza/index.htm" "Mozilla/5.0 (Windows NT 6.1) AppleWebKit/537.11 (KHTML, like Gecko) Chrome/23.0.1271.97 Safari/537.11"
109.61.2.154 - - [26/Dec/2012:12:08:29 +0100] "GET /jog/eseteink/derekegyhaza/kepek/37-431_o_2005__.jpg HTTP/1.1" 200 5766 "http://www.beklen.hu/jog/eseteink/derekegyhaza/index.htm" "Mozilla/5.0 (Windows NT 6.1) AppleWebKit/537.11 (KHTML, like Gecko) Chrome/23.0.1271.97 Safari/537.11"
109.61.2.154 - - [26/Dec/2012:12:08:29 +0100] "GET /jog/eseteink/derekegyhaza/kepek/37-433__.jpg HTTP/1.1" 200 4596 "http://www.beklen.hu/jog/eseteink/derekegyhaza/index.htm" "Mozilla/5.0 (Windows NT 6.1) AppleWebKit/537.11 (KHTML, like Gecko) Chrome/23.0.1271.97 Safari/537.11"
109.61.2.154 - - [26/Dec/2012:12:08:29 +0100] "GET /jog/eseteink/derekegyhaza/kepek/37-433_o_2005__.jpg HTTP/1.1" 200 5388 "http://www.beklen.hu/jog/eseteink/derekegyhaza/index.htm" "Mozilla/5.0 (Windows NT 6.1) AppleWebKit/537.11 (KHTML, like Gecko) Chrome/23.0.1271.97 Safari/537.11"
109.61.2.154 - - [26/Dec/2012:12:08:29 +0100] "GET /jog/eseteink/derekegyhaza/kepek/dalerd__.jpg HTTP/1.1" 200 6281 "http://www.beklen.hu/jog/eseteink/derekegyhaza/index.htm" "Mozilla/5.0 (Windows NT 6.1) AppleWebKit/537.11 (KHTML, like Gecko) Chrome/23.0.1271.97 Safari/537.11"
109.61.2.154 - - [26/Dec/2012:12:08:29 +0100] "GET /jog/eseteink/derekegyhaza/kepek/vadaskert-szakhat_.jpg HTTP/1.1" 200 8903 "http://www.beklen.hu/jog/eseteink/derekegyhaza/index.htm" "Mozilla/5.0 (Windows NT 6.1) AppleWebKit/537.11 (KHTML, like Gecko) Chrome/23.0.1271.97 Safari/537.11"
109.61.2.154 - - [26/Dec/2012:12:08:29 +0100] "GET /jog/images/header.png HTTP/1.1" 200 170837 "http://www.beklen.hu/jog/eseteink/derekegyhaza/index.htm" "Mozilla/5.0 (Windows NT 6.1) AppleWebKit/537.11 (KHTML, like Gecko) Chrome/23.0.1271.97 Safari/537.11"
109.61.2.154 - - [26/Dec/2012:12:08:29 +0100] "GET /jog/favicon.ico HTTP/1.1" 200 1150 "-" "Mozilla/5.0 (Windows NT 6.1) AppleWebKit/537.11 (KHTML, like Gecko) Chrome/23.0.1271.97 Safari/537.11"
139.18.2.17 - - [26/Dec/2012:12:45:43 +0100] "GET /jog/zoldombudsman.htm HTTP/1.1" 200 13369 "-" "findlinks/2.6 (+http://wortschatz.uni-leipzig.de/findlinks/)"
66.249.76.62 - - [26/Dec/2012:13:21:00 +0100] "GET / HTTP/1.1" 200 23965 "-" "DoCoMo/2.0 N905i(c100;TB;W24H16) (compatible; Googlebot-Mobile/2.1; +http://www.google.com/bot.html)"
180.76.5.149 - - [26/Dec/2012:13:21:00 +0100] "GET / HTTP/1.1" 200 23965 "-" "Mozilla/5.0 (compatible; Baiduspider/2.0; +http://www.baidu.com/search/spider.html)"
173.236.21.106 - - [26/Dec/2012:14:08:10 +0100] "GET /robots.txt HTTP/1.0" 404 1181 "-" "Mozilla/5.0 (compatible; MJ12bot/v1.4.3; http://www.majestic12.co.uk/bot.php?+)"
173.236.21.106 - - [26/Dec/2012:14:08:12 +0100] "GET /deutsch/index.htm HTTP/1.0" 200 5324 "-" "Mozilla/5.0 (compatible; MJ12bot/v1.4.3; http://www.majestic12.co.uk/bot.php?+)"
173.236.21.106 - - [26/Dec/2012:14:08:14 +0100] "GET /english/index.htm HTTP/1.0" 200 5262 "-" "Mozilla/5.0 (compatible; MJ12bot/v1.4.3; http://www.majestic12.co.uk/bot.php?+)"
173.236.21.106 - - [26/Dec/2012:14:08:16 +0100] "GET /fiok/index.html HTTP/1.0" 200 20554 "-" "Mozilla/5.0 (compatible; MJ12bot/v1.4.3; http://www.majestic12.co.uk/bot.php?+)"
173.236.21.106 - - [26/Dec/2012:14:08:18 +0100] "GET /hirarchivum.htm HTTP/1.0" 200 24981 "-" "Mozilla/5.0 (compatible; MJ12bot/v1.4.3; http://www.majestic12.co.uk/bot.php?+)"
173.236.21.106 - - [26/Dec/2012:14:08:21 +0100] "GET /hirek/hirek091015.htm HTTP/1.0" 200 7046 "-" "Mozilla/5.0 (compatible; MJ12bot/v1.4.3; http://www.majestic12.co.uk/bot.php?+)"
173.236.21.106 - - [26/Dec/2012:14:08:23 +0100] "GET /hirek/hirek091102.htm HTTP/1.0" 200 8538 "-" "Mozilla/5.0 (compatible; MJ12bot/v1.4.3; http://www.majestic12.co.uk/bot.php?+)"
173.236.21.106 - - [26/Dec/2012:14:08:25 +0100] "GET /hirek/hirek091103.htm HTTP/1.0" 200 7301 "-" "Mozilla/5.0 (compatible; MJ12bot/v1.4.3; http://www.majestic12.co.uk/bot.php?+)"
173.236.21.106 - - [26/Dec/2012:14:08:27 +0100] "GET /hirek/hirek091221.htm HTTP/1.0" 200 6740 "-" "Mozilla/5.0 (compatible; MJ12bot/v1.4.3; http://www.majestic12.co.uk/bot.php?+)"
173.236.21.106 - - [26/Dec/2012:14:08:30 +0100] "GET /hirek/hirek100225.htm HTTP/1.0" 200 7288 "-" "Mozilla/5.0 (compatible; MJ12bot/v1.4.3; http://www.majestic12.co.uk/bot.php?+)"
173.236.21.106 - - [26/Dec/2012:14:08:32 +0100] "GET /hirek/hirek100305.htm HTTP/1.0" 200 7091 "-" "Mozilla/5.0 (compatible; MJ12bot/v1.4.3; http://www.majestic12.co.uk/bot.php?+)"
173.236.21.106 - - [26/Dec/2012:14:08:34 +0100] "GET /hirek/hirek100420.htm HTTP/1.0" 200 7914 "-" "Mozilla/5.0 (compatible; MJ12bot/v1.4.3; http://www.majestic12.co.uk/bot.php?+)"
173.236.21.106 - - [26/Dec/2012:14:08:36 +0100] "GET /hirek/hirek100728.htm HTTP/1.0" 200 7560 "-" "Mozilla/5.0 (compatible; MJ12bot/v1.4.3; http://www.majestic12.co.uk/bot.php?+)"
173.236.21.106 - - [26/Dec/2012:14:08:39 +0100] "GET /hirek/hirek100804.htm HTTP/1.0" 200 8056 "-" "Mozilla/5.0 (compatible; MJ12bot/v1.4.3; http://www.majestic12.co.uk/bot.php?+)"
173.236.21.106 - - [26/Dec/2012:14:08:41 +0100] "GET /hirek/hirek100810.htm HTTP/1.0" 200 8123 "-" "Mozilla/5.0 (compatible; MJ12bot/v1.4.3; http://www.majestic12.co.uk/bot.php?+)"
173.236.21.106 - - [26/Dec/2012:14:08:43 +0100] "GET /hirek/hirek101025.htm HTTP/1.0" 200 8786 "-" "Mozilla/5.0 (compatible; MJ12bot/v1.4.3; http://www.majestic12.co.uk/bot.php?+)"
173.236.21.106 - - [26/Dec/2012:14:08:46 +0100] "GET /hirek/hirek101027.htm HTTP/1.0" 200 9627 "-" "Mozilla/5.0 (compatible; MJ12bot/v1.4.3; http://www.majestic12.co.uk/bot.php?+)"
173.236.21.106 - - [26/Dec/2012:14:08:48 +0100] "GET /hirek/hirek101213.htm HTTP/1.0" 200 8671 "-" "Mozilla/5.0 (compatible; MJ12bot/v1.4.3; http://www.majestic12.co.uk/bot.php?+)"
173.236.21.106 - - [26/Dec/2012:14:08:50 +0100] "GET /hirek/hirek120120.htm HTTP/1.0" 200 6634 "-" "Mozilla/5.0 (compatible; MJ12bot/v1.4.3; http://www.majestic12.co.uk/bot.php?+)"
173.236.21.106 - - [26/Dec/2012:14:08:52 +0100] "GET /hirek/hirek120207.htm HTTP/1.0" 200 6586 "-" "Mozilla/5.0 (compatible; MJ12bot/v1.4.3; http://www.majestic12.co.uk/bot.php?+)"
173.236.21.106 - - [26/Dec/2012:14:08:55 +0100] "GET /index.htm HTTP/1.0" 200 23965 "-" "Mozilla/5.0 (compatible; MJ12bot/v1.4.3; http://www.majestic12.co.uk/bot.php?+)"
173.236.21.106 - - [26/Dec/2012:14:08:57 +0100] "GET /jog HTTP/1.0" 301 299 "-" "Mozilla/5.0 (compatible; MJ12bot/v1.4.3; http://www.majestic12.co.uk/bot.php?+)"
173.236.21.106 - - [26/Dec/2012:14:08:59 +0100] "GET /jog/ HTTP/1.0" 200 13138 "-" "Mozilla/5.0 (compatible; MJ12bot/v1.4.3; http://www.majestic12.co.uk/bot.php?+)"
173.236.21.106 - - [26/Dec/2012:14:09:01 +0100] "GET /kapcsolat.htm HTTP/1.0" 200 6889 "-" "Mozilla/5.0 (compatible; MJ12bot/v1.4.3; http://www.majestic12.co.uk/bot.php?+)"
173.236.21.106 - - [26/Dec/2012:14:09:03 +0100] "GET /magunkrol.htm HTTP/1.0" 200 9202 "-" "Mozilla/5.0 (compatible; MJ12bot/v1.4.3; http://www.majestic12.co.uk/bot.php?+)"
173.236.21.106 - - [26/Dec/2012:14:09:06 +0100] "GET /media.htm HTTP/1.0" 200 5208 "-" "Mozilla/5.0 (compatible; MJ12bot/v1.4.3; http://www.majestic12.co.uk/bot.php?+)"
173.236.21.106 - - [26/Dec/2012:14:09:08 +0100] "GET /programok.htm HTTP/1.0" 200 6444 "-" "Mozilla/5.0 (compatible; MJ12bot/v1.4.3; http://www.majestic12.co.uk/bot.php?+)"
66.249.75.62 - - [26/Dec/2012:14:35:57 +0100] "GET /robots.txt HTTP/1.1" 404 1181 "-" "Mozilla/5.0 (compatible; Googlebot/2.1; +http://www.google.com/bot.html)"
66.249.75.62 - - [26/Dec/2012:14:35:57 +0100] "GET /hirek/hirek091103.htm HTTP/1.1" 200 7301 "-" "Mozilla/5.0 (iPhone; U; CPU iPhone OS 4_1 like Mac OS X; en-us) AppleWebKit/532.9 (KHTML, like Gecko) Version/4.0.5 Mobile/8B117 Safari/6531.22.7 (compatible; Googlebot-Mobile/2.1; +http://www.google.com/bot.html)"
66.249.78.60 - - [26/Dec/2012:14:51:17 +0100] "GET /vill.cs HTTP/1.1" 200 2676 "-" "Mozilla/5.0 (compatible; Googlebot/2.1; +http://www.google.com/bot.html)"
65.55.215.54 - - [26/Dec/2012:15:13:53 +0100] "GET /robots.txt HTTP/1.1" 404 1181 "-" "msnbot-media/1.1 (+http://search.msn.com/msnbot.htm)"
65.55.215.54 - - [26/Dec/2012:15:13:55 +0100] "GET /jog/eseteink/korosladany/kepek/img_5363.jpg HTTP/1.1" 200 156339 "-" "msnbot-media/1.1 (+http://search.msn.com/msnbot.htm)"
208.115.113.84 - - [26/Dec/2012:15:15:34 +0100] "GET /robots.txt HTTP/1.1" 404 1181 "-" "Mozilla/5.0 (compatible; Ezooms/1.0; ezooms.bot@gmail.com)"
131.253.41.62 - - [26/Dec/2012:15:27:58 +0100] "GET /robots.txt HTTP/1.1" 404 1181 "-" "msnbot-media/1.1 (+http://search.msn.com/msnbot.htm)"
131.253.41.62 - - [26/Dec/2012:15:27:58 +0100] "GET /jog/eseteink/korosladany/kepek/img_5363__.jpg HTTP/1.1" 200 12677 "-" "msnbot-media/1.1 (+http://search.msn.com/msnbot.htm)"
178.32.77.80 - - [26/Dec/2012:16:19:02 +0100] "HEAD / HTTP/1.0" 200 0 "-" "Mozilla/5.0 (compatible; 4SeoHuntBot; +http://4seohunt.com/bot.html)"
178.32.77.80 - - [26/Dec/2012:16:19:02 +0100] "GET / HTTP/1.0" 200 23965 "-" "Mozilla/5.0 (compatible; 4SeoHuntBot; +http://4seohunt.com/bot.html)"
81.182.37.192 - - [26/Dec/2012:16:48:11 +0100] "GET /fiok/kornyezet.htm HTTP/1.1" 200 22582 "http://www.google.hu/imgres?q=g%C3%A1zl%C3%B3madarak&start=165&um=1&hl=hu&client=opera&sa=N&tbo=d&channel=suggest&tbm=isch&tbnid=ig9NPEVVDvONlM:&imgrefurl=http://www.beklen.hu/fiok/kornyezet.htm&docid=2PArkY8lCSN0ZM&imgurl=http://www.beklen.hu/fiok/kepek/02.jpg&w=864&h=573&ei=MBzbULf4HsyVswbsr4GQCw&zoom=1&iact=hc&vpx=782&vpy=135&dur=1791&hovh=183&hovw=276&tx=137&ty=110&sig=105862584817360816564&page=5&tbnh=134&tbnw=206&ndsp=42&ved=1t:429,r:70,s:100,i:214&biw=1280&bih=902" "Opera/9.80 (Windows NT 6.1) Presto/2.12.388 Version/12.12"
81.182.37.192 - - [26/Dec/2012:16:48:11 +0100] "GET /fiok/css/js/scriptaculous.js?load=effects HTTP/1.1" 200 2152 "http://www.beklen.hu/fiok/kornyezet.htm" "Opera/9.80 (Windows NT 6.1) Presto/2.12.388 Version/12.12"
81.182.37.192 - - [26/Dec/2012:16:48:11 +0100] "GET /fiok/css/js/lightbox.js HTTP/1.1" 200 23424 "http://www.beklen.hu/fiok/kornyezet.htm" "Opera/9.80 (Windows NT 6.1) Presto/2.12.388 Version/12.12"
81.182.37.192 - - [26/Dec/2012:16:48:11 +0100] "GET /fiok/css/lightbox.css HTTP/1.1" 200 1715 "http://www.beklen.hu/fiok/kornyezet.htm" "Opera/9.80 (Windows NT 6.1) Presto/2.12.388 Version/12.12"
81.182.37.192 - - [26/Dec/2012:16:48:11 +0100] "GET /fiok/images/index_02_02.JPG HTTP/1.1" 200 1178 "http://www.beklen.hu/fiok/kornyezet.htm" "Opera/9.80 (Windows NT 6.1) Presto/2.12.388 Version/12.12"
81.182.37.192 - - [26/Dec/2012:16:48:11 +0100] "GET /fiok/images/index_11.gif HTTP/1.1" 200 74 "http://www.beklen.hu/fiok/kornyezet.htm" "Opera/9.80 (Windows NT 6.1) Presto/2.12.388 Version/12.12"
81.182.37.192 - - [26/Dec/2012:16:48:11 +0100] "GET /fiok/images/index_12_12.JPG HTTP/1.1" 200 985 "http://www.beklen.hu/fiok/kornyezet.htm" "Opera/9.80 (Windows NT 6.1) Presto/2.12.388 Version/12.12"
81.182.37.192 - - [26/Dec/2012:16:48:11 +0100] "GET /fiok/images/index_14_14.JPG HTTP/1.1" 200 9305 "http://www.beklen.hu/fiok/kornyezet.htm" "Opera/9.80 (Windows NT 6.1) Presto/2.12.388 Version/12.12"
81.182.37.192 - - [26/Dec/2012:16:48:11 +0100] "GET /fiok/kepek/02.jpg HTTP/1.1" 200 82993 "http://www.google.hu/imgres?q=g%C3%A1zl%C3%B3madarak&start=165&um=1&hl=hu&client=opera&sa=N&tbo=d&channel=suggest&tbm=isch&tbnid=ig9NPEVVDvONlM:&imgrefurl=http://www.beklen.hu/fiok/kornyezet.htm&docid=2PArkY8lCSN0ZM&imgurl=http://www.beklen.hu/fiok/kepek/02.jpg&w=864&h=573&ei=MBzbULf4HsyVswbsr4GQCw&zoom=1&iact=hc&vpx=782&vpy=135&dur=1791&hovh=183&hovw=276&tx=137&ty=110&sig=105862584817360816564&page=5&tbnh=134&tbnw=206&ndsp=42&ved=1t:429,r:70,s:100,i:214&biw=1280&bih=902" "Opera/9.80 (Windows NT 6.1) Presto/2.12.388 Version/12.12"
81.182.37.192 - - [26/Dec/2012:16:48:11 +0100] "GET /fiok/images/index_13.gif HTTP/1.1" 200 149 "http://www.beklen.hu/fiok/kornyezet.htm" "Opera/9.80 (Windows NT 6.1) Presto/2.12.388 Version/12.12"
81.182.37.192 - - [26/Dec/2012:16:48:11 +0100] "GET /fiok/images/index_19_19.JPG HTTP/1.1" 200 3123 "http://www.beklen.hu/fiok/kornyezet.htm" "Opera/9.80 (Windows NT 6.1) Presto/2.12.388 Version/12.12"
81.182.37.192 - - [26/Dec/2012:16:48:11 +0100] "GET /fiok/images/a4a.jpg HTTP/1.1" 200 524 "http://www.beklen.hu/fiok/kornyezet.htm" "Opera/9.80 (Windows NT 6.1) Presto/2.12.388 Version/12.12"
81.182.37.192 - - [26/Dec/2012:16:48:12 +0100] "GET /fiok/images/index_17_17.jpg HTTP/1.1" 200 2374 "http://www.beklen.hu/fiok/kornyezet.htm" "Opera/9.80 (Windows NT 6.1) Presto/2.12.388 Version/12.12"
81.182.37.192 - - [26/Dec/2012:16:48:12 +0100] "GET /fiok/images/index_27_27.jpg HTTP/1.1" 200 12876 "http://www.beklen.hu/fiok/kornyezet.htm" "Opera/9.80 (Windows NT 6.1) Presto/2.12.388 Version/12.12"
81.182.37.192 - - [26/Dec/2012:16:48:12 +0100] "GET /fiok/images/e4e.jpg HTTP/1.1" 200 524 "http://www.beklen.hu/fiok/kornyezet.htm" "Opera/9.80 (Windows NT 6.1) Presto/2.12.388 Version/12.12"
81.182.37.192 - - [26/Dec/2012:16:48:12 +0100] "GET /fiok/css/js/prototype.js HTTP/1.1" 200 47603 "http://www.beklen.hu/fiok/kornyezet.htm" "Opera/9.80 (Windows NT 6.1) Presto/2.12.388 Version/12.12"
81.182.37.192 - - [26/Dec/2012:16:48:12 +0100] "GET /fiok/images/index_16_16.JPG HTTP/1.1" 200 13468 "http://www.beklen.hu/fiok/kornyezet.htm" "Opera/9.80 (Windows NT 6.1) Presto/2.12.388 Version/12.12"
81.182.37.192 - - [26/Dec/2012:16:48:12 +0100] "GET /fiok/images/index_18_18.JPG HTTP/1.1" 200 15778 "http://www.beklen.hu/fiok/kornyezet.htm" "Opera/9.80 (Windows NT 6.1) Presto/2.12.388 Version/12.12"
81.182.37.192 - - [26/Dec/2012:16:48:12 +0100] "GET /fiok/images/index_26.gif HTTP/1.1" 200 121 "http://www.beklen.hu/fiok/kornyezet.htm" "Opera/9.80 (Windows NT 6.1) Presto/2.12.388 Version/12.12"
81.182.37.192 - - [26/Dec/2012:16:48:12 +0100] "GET /fiok/images/spacer.gif HTTP/1.1" 200 43 "http://www.beklen.hu/fiok/kornyezet.htm" "Opera/9.80 (Windows NT 6.1) Presto/2.12.388 Version/12.12"
81.182.37.192 - - [26/Dec/2012:16:48:12 +0100] "GET /fiok/images/d4d.jpg HTTP/1.1" 200 524 "http://www.beklen.hu/fiok/kornyezet.htm" "Opera/9.80 (Windows NT 6.1) Presto/2.12.388 Version/12.12"
81.182.37.192 - - [26/Dec/2012:16:48:12 +0100] "GET /fiok/images/index_15_15.JPG HTTP/1.1" 200 20275 "http://www.beklen.hu/fiok/kornyezet.htm" "Opera/9.80 (Windows NT 6.1) Presto/2.12.388 Version/12.12"
81.182.37.192 - - [26/Dec/2012:16:48:12 +0100] "GET /fiok/images/index_25.gif HTTP/1.1" 200 708 "http://www.beklen.hu/fiok/kornyezet.htm" "Opera/9.80 (Windows NT 6.1) Presto/2.12.388 Version/12.12"
81.182.37.192 - - [26/Dec/2012:16:48:12 +0100] "GET /fiok/images/c4c.jpg HTTP/1.1" 200 524 "http://www.beklen.hu/fiok/kornyezet.htm" "Opera/9.80 (Windows NT 6.1) Presto/2.12.388 Version/12.12"
81.182.37.192 - - [26/Dec/2012:16:48:12 +0100] "GET /fiok/kepek/03.jpg HTTP/1.1" 200 80154 "http://www.beklen.hu/fiok/kornyezet.htm" "Opera/9.80 (Windows NT 6.1) Presto/2.12.388 Version/12.12"
81.182.37.192 - - [26/Dec/2012:16:48:12 +0100] "GET /fiok/images/b4b.jpg HTTP/1.1" 200 524 "http://www.beklen.hu/fiok/kornyezet.htm" "Opera/9.80 (Windows NT 6.1) Presto/2.12.388 Version/12.12"
81.182.37.192 - - [26/Dec/2012:16:48:12 +0100] "GET /fiok/images/c4c.jpg HTTP/1.1" 200 524 "http://www.beklen.hu/fiok/kornyezet.htm" "Opera/9.80 (Windows NT 6.1) Presto/2.12.388 Version/12.12"
81.182.37.192 - - [26/Dec/2012:16:48:12 +0100] "GET /fiok/images/spacer.gif HTTP/1.1" 200 43 "http://www.beklen.hu/fiok/kornyezet.htm" "Opera/9.80 (Windows NT 6.1) Presto/2.12.388 Version/12.12"
81.182.37.192 - - [26/Dec/2012:16:48:12 +0100] "GET /fiok/css/js/effects.js HTTP/1.1" 200 31969 "http://www.beklen.hu/fiok/kornyezet.htm" "Opera/9.80 (Windows NT 6.1) Presto/2.12.388 Version/12.12"
81.182.37.192 - - [26/Dec/2012:16:48:12 +0100] "GET /fiok/images/b4b.jpg HTTP/1.1" 200 524 "http://www.beklen.hu/fiok/kornyezet.htm" "Opera/9.80 (Windows NT 6.1) Presto/2.12.388 Version/12.12"
81.182.37.192 - - [26/Dec/2012:16:48:13 +0100] "GET /fiok/images/b12.jpg HTTP/1.1" 200 544 "http://www.beklen.hu/fiok/kornyezet.htm" "Opera/9.80 (Windows NT 6.1) Presto/2.12.388 Version/12.12"
81.182.37.192 - - [26/Dec/2012:16:48:13 +0100] "GET /fiok/images/index_22.gif HTTP/1.1" 200 227 "http://www.beklen.hu/fiok/kornyezet.htm" "Opera/9.80 (Windows NT 6.1) Presto/2.12.388 Version/12.12"
81.182.37.192 - - [26/Dec/2012:16:48:13 +0100] "GET /fiok/images/index_24.gif HTTP/1.1" 200 227 "http://www.beklen.hu/fiok/kornyezet.htm" "Opera/9.80 (Windows NT 6.1) Presto/2.12.388 Version/12.12"
81.182.37.192 - - [26/Dec/2012:16:48:13 +0100] "GET /fiok/images/index_28.gif HTTP/1.1" 200 262 "http://www.beklen.hu/fiok/kornyezet.htm" "Opera/9.80 (Windows NT 6.1) Presto/2.12.388 Version/12.12"
81.182.37.192 - - [26/Dec/2012:16:48:13 +0100] "GET /lb/images/loading.gif HTTP/1.1" 200 2767 "http://www.beklen.hu/fiok/kornyezet.htm" "Opera/9.80 (Windows NT 6.1) Presto/2.12.388 Version/12.12"
81.182.37.192 - - [26/Dec/2012:16:48:13 +0100] "GET /lb/images/closelabel.gif HTTP/1.1" 200 222 "http://www.beklen.hu/fiok/kornyezet.htm" "Opera/9.80 (Windows NT 6.1) Presto/2.12.388 Version/12.12"
81.182.37.192 - - [26/Dec/2012:16:48:15 +0100] "GET /favicon.ico HTTP/1.1" 404 1181 "http://www.beklen.hu/fiok/kornyezet.htm" "Opera/9.80 (Windows NT 6.1) Presto/2.12.388 Version/12.12"
139.18.2.209 - - [26/Dec/2012:17:21:48 +0100] "GET /media.htm HTTP/1.1" 200 5208 "-" "findlinks/2.6 (+http://wortschatz.uni-leipzig.de/findlinks/)"
65.55.212.170 - - [26/Dec/2012:17:24:36 +0100] "GET /robots.txt HTTP/1.1" 404 1181 "-" "msnbot-media/1.1 (+http://search.msn.com/msnbot.htm)"
65.55.212.170 - - [26/Dec/2012:17:24:37 +0100] "GET /jog/eseteink/korosladany/kepek/img_5.jpg HTTP/1.1" 200 61127 "-" "msnbot-media/1.1 (+http://search.msn.com/msnbot.htm)"
65.55.215.72 - - [26/Dec/2012:17:34:20 +0100] "GET /robots.txt HTTP/1.1" 404 1181 "-" "msnbot-media/1.1 (+http://search.msn.com/msnbot.htm)"
65.55.215.72 - - [26/Dec/2012:17:34:21 +0100] "GET /jog/eseteink/korosladany/kepek/img_3a.jpg HTTP/1.1" 200 62790 "-" "msnbot-media/1.1 (+http://search.msn.com/msnbot.htm)"
208.115.113.84 - - [26/Dec/2012:17:36:15 +0100] "GET /jog/adathozzaferes.htm HTTP/1.1" 200 13800 "-" "Mozilla/5.0 (compatible; Ezooms/1.0; ezooms.bot@gmail.com)"
208.115.113.84 - - [26/Dec/2012:17:36:17 +0100] "GET /media.htm HTTP/1.1" 200 5208 "-" "Mozilla/5.0 (compatible; Ezooms/1.0; ezooms.bot@gmail.com)"
66.249.78.60 - - [26/Dec/2012:18:52:25 +0100] "GET /jog/eseteink/korosladany/mszhnak_miert_nincs_ismetelt_eljaras.pdf HTTP/1.1" 200 123149 "-" "Googlebot/2.1 (+http://www.google.com/bot.html)"
66.249.78.60 - - [26/Dec/2012:19:02:00 +0100] "GET /jog/eseteink/kavicszatony/nimfea_fellebbezes.pdf HTTP/1.1" 200 229593 "-" "Googlebot/2.1 (+http://www.google.com/bot.html)"
66.249.75.62 - - [26/Dec/2012:19:04:53 +0100] "GET /jog/eseteink/korosladany/dalerd%20lb%20itelet_001.pdf HTTP/1.1" 200 2479135 "-" "Googlebot/2.1 (+http://www.google.com/bot.html)"
65.55.215.104 - - [26/Dec/2012:19:04:57 +0100] "GET /robots.txt HTTP/1.1" 404 1181 "-" "msnbot-media/1.1 (+http://search.msn.com/msnbot.htm)"
65.55.215.104 - - [26/Dec/2012:19:04:58 +0100] "GET /jog/eseteink/kavicszatony/dscf0084_.jpg HTTP/1.1" 200 2611 "-" "msnbot-media/1.1 (+http://search.msn.com/msnbot.htm)"
180.76.5.154 - - [26/Dec/2012:19:19:05 +0100] "GET /fiok/program_reszek/lovaglas.htm HTTP/1.1" 200 21486 "-" "Mozilla/5.0 (compatible; Baiduspider/2.0; +http://www.baidu.com/search/spider.html)"
87.106.19.85 - - [26/Dec/2012:19:39:32 +0100] "GET / HTTP/1.1" 200 23965 "-" "Java/1.7.0_09"
87.106.19.85 - - [26/Dec/2012:19:39:32 +0100] "GET /hirarchivum.htm HTTP/1.1" 200 24981 "-" "Java/1.7.0_09"
87.106.19.85 - - [26/Dec/2012:19:39:33 +0100] "GET /index.htm HTTP/1.1" 200 23965 "-" "Java/1.7.0_09"
87.106.19.85 - - [26/Dec/2012:19:39:33 +0100] "GET /kapcsolat.htm HTTP/1.1" 200 6889 "-" "Java/1.7.0_09"
87.106.19.85 - - [26/Dec/2012:19:39:33 +0100] "GET /magunkrol.htm HTTP/1.1" 200 9202 "-" "Java/1.7.0_09"
87.106.19.85 - - [26/Dec/2012:19:39:33 +0100] "GET /media.htm HTTP/1.1" 200 5208 "-" "Java/1.7.0_09"
87.106.19.85 - - [26/Dec/2012:19:39:33 +0100] "GET /programok.htm HTTP/1.1" 200 6444 "-" "Java/1.7.0_09"
87.106.19.85 - - [26/Dec/2012:19:39:33 +0100] "GET /vill.cs HTTP/1.1" 200 2676 "-" "Java/1.7.0_09"
87.106.19.85 - - [26/Dec/2012:19:39:33 +0100] "GET /hirek08_10.htm HTTP/1.1" 200 6946 "-" "Java/1.7.0_09"
87.106.19.85 - - [26/Dec/2012:19:39:33 +0100] "GET /hirek08_11.htm HTTP/1.1" 200 7253 "-" "Java/1.7.0_09"
87.106.19.85 - - [26/Dec/2012:19:39:34 +0100] "GET /hirek08_12.htm HTTP/1.1" 200 8268 "-" "Java/1.7.0_09"
87.106.19.85 - - [26/Dec/2012:19:39:34 +0100] "GET /hirek09_01.htm HTTP/1.1" 200 6841 "-" "Java/1.7.0_09"
87.106.19.85 - - [26/Dec/2012:19:39:34 +0100] "GET /hirek09_02.htm HTTP/1.1" 200 7450 "-" "Java/1.7.0_09"
87.106.19.85 - - [26/Dec/2012:19:39:34 +0100] "GET /hirek09_03.htm HTTP/1.1" 200 10726 "-" "Java/1.7.0_09"
87.106.19.85 - - [26/Dec/2012:19:39:34 +0100] "GET /&url=kapcsolat.htm HTTP/1.1" 404 1181 "-" "Java/1.7.0_09"
87.106.19.85 - - [26/Dec/2012:19:39:34 +0100] "GET /&url=programok.htm HTTP/1.1" 404 1181 "-" "Java/1.7.0_09"
87.106.19.85 - - [26/Dec/2012:19:39:34 +0100] "GET /&url=adomanyi.htm HTTP/1.1" 404 1181 "-" "Java/1.7.0_09"
87.106.19.85 - - [26/Dec/2012:19:39:34 +0100] "GET /bunt.htm HTTP/1.1" 200 5683 "-" "Java/1.7.0_09"
87.106.19.85 - - [26/Dec/2012:19:39:34 +0100] "GET /civilmuhely.htm HTTP/1.1" 200 8450 "-" "Java/1.7.0_09"
87.106.19.85 - - [26/Dec/2012:19:39:34 +0100] "GET /khb.htm HTTP/1.1" 200 8719 "-" "Java/1.7.0_09"
87.106.19.85 - - [26/Dec/2012:19:39:34 +0100] "GET /nca.htm HTTP/1.1" 200 7467 "-" "Java/1.7.0_09"
87.106.19.85 - - [26/Dec/2012:19:39:35 +0100] "GET /ncta.htm HTTP/1.1" 200 7221 "-" "Java/1.7.0_09"
87.106.19.85 - - [26/Dec/2012:19:39:35 +0100] "GET /nka.htm HTTP/1.1" 200 6221 "-" "Java/1.7.0_09"
87.106.19.85 - - [26/Dec/2012:19:39:35 +0100] "GET /szakmai.htm HTTP/1.1" 200 6054 "-" "Java/1.7.0_09"
87.106.19.85 - - [26/Dec/2012:19:39:35 +0100] "GET /ncta_a.htm HTTP/1.1" 200 7260 "-" "Java/1.7.0_09"
87.106.19.85 - - [26/Dec/2012:19:39:35 +0100] "GET /&url=civilmuhely.htm HTTP/1.1" 404 1181 "-" "Java/1.7.0_09"
87.106.19.85 - - [26/Dec/2012:19:39:35 +0100] "GET /&url=magunkrol.htm HTTP/1.1" 404 1181 "-" "Java/1.7.0_09"
87.106.19.85 - - [26/Dec/2012:19:39:35 +0100] "GET /nca04.htm HTTP/1.1" 200 16378 "-" "Java/1.7.0_09"
87.106.19.85 - - [26/Dec/2012:19:39:36 +0100] "GET /nca05.htm HTTP/1.1" 200 16412 "-" "Java/1.7.0_09"
87.106.19.85 - - [26/Dec/2012:19:39:36 +0100] "GET /nca06.htm HTTP/1.1" 200 19034 "-" "Java/1.7.0_09"
87.106.19.85 - - [26/Dec/2012:19:39:36 +0100] "GET /nca07.htm HTTP/1.1" 200 21968 "-" "Java/1.7.0_09"
87.106.19.85 - - [26/Dec/2012:19:39:36 +0100] "GET /nca08.htm HTTP/1.1" 200 21795 "-" "Java/1.7.0_09"
87.106.19.85 - - [26/Dec/2012:19:39:36 +0100] "GET /nca09.htm HTTP/1.1" 200 24315 "-" "Java/1.7.0_09"
87.106.19.85 - - [26/Dec/2012:19:39:37 +0100] "GET /nca10.htm HTTP/1.1" 200 16648 "-" "Java/1.7.0_09"
87.106.19.85 - - [26/Dec/2012:19:39:37 +0100] "GET /nca11.htm HTTP/1.1" 200 7133 "-" "Java/1.7.0_09"
87.106.19.85 - - [26/Dec/2012:19:39:37 +0100] "GET /kiadvanyok.htm HTTP/1.1" 200 8206 "-" "Java/1.7.0_09"
87.106.19.85 - - [26/Dec/2012:19:39:37 +0100] "GET /deutsch/index.htm HTTP/1.1" 200 5324 "-" "Java/1.7.0_09"
87.106.19.85 - - [26/Dec/2012:19:39:37 +0100] "GET /english/index.htm HTTP/1.1" 200 5262 "-" "Java/1.7.0_09"
87.106.19.85 - - [26/Dec/2012:19:39:37 +0100] "GET /fiok/index.html HTTP/1.1" 200 20554 "-" "Java/1.7.0_09"
87.106.19.85 - - [26/Dec/2012:19:39:38 +0100] "GET /hirek/hirek091015.htm HTTP/1.1" 200 7046 "-" "Java/1.7.0_09"
87.106.19.85 - - [26/Dec/2012:19:39:38 +0100] "GET /hirek/hirek091102.htm HTTP/1.1" 200 8538 "-" "Java/1.7.0_09"
87.106.19.85 - - [26/Dec/2012:19:39:38 +0100] "GET /hirek/hirek091103.htm HTTP/1.1" 200 7301 "-" "Java/1.7.0_09"
