85.17.29.107 - - [15/Dec/2012:08:30:20 +0100] "GET /khb.htm HTTP/1.1" 200 8719 "-" "Mozilla/5.0 (compatible; WBSearchBot/1.1; +http://www.warebay.com/bot.html)"
85.17.29.107 - - [15/Dec/2012:08:30:22 +0100] "GET /jog/eljarasokrol.htm HTTP/1.1" 200 14427 "-" "Mozilla/5.0 (compatible; WBSearchBot/1.1; +http://www.warebay.com/bot.html)"
85.17.29.107 - - [15/Dec/2012:08:30:22 +0100] "GET /nca06.htm HTTP/1.1" 200 19034 "-" "Mozilla/5.0 (compatible; WBSearchBot/1.1; +http://www.warebay.com/bot.html)"
85.17.29.107 - - [15/Dec/2012:08:30:24 +0100] "GET /jog/eseteink/audi/index.htm HTTP/1.1" 200 15938 "-" "Mozilla/5.0 (compatible; WBSearchBot/1.1; +http://www.warebay.com/bot.html)"
85.17.29.107 - - [15/Dec/2012:08:30:26 +0100] "GET /english/programs.htm HTTP/1.1" 200 5614 "-" "Mozilla/5.0 (compatible; WBSearchBot/1.1; +http://www.warebay.com/bot.html)"
85.17.29.107 - - [15/Dec/2012:08:30:28 +0100] "GET /nca11.htm HTTP/1.1" 200 7133 "-" "Mozilla/5.0 (compatible; WBSearchBot/1.1; +http://www.warebay.com/bot.html)"
85.17.29.107 - - [15/Dec/2012:08:30:29 +0100] "GET /jog/jogsegely.htm HTTP/1.1" 200 14053 "-" "Mozilla/5.0 (compatible; WBSearchBot/1.1; +http://www.warebay.com/bot.html)"
85.17.29.107 - - [15/Dec/2012:08:30:31 +0100] "GET /fiok/mult.htm HTTP/1.1" 200 23227 "-" "Mozilla/5.0 (compatible; WBSearchBot/1.1; +http://www.warebay.com/bot.html)"
85.17.29.107 - - [15/Dec/2012:08:30:32 +0100] "GET /fiok/kapcsolat.htm HTTP/1.1" 200 17416 "-" "Mozilla/5.0 (compatible; WBSearchBot/1.1; +http://www.warebay.com/bot.html)"
85.17.29.107 - - [15/Dec/2012:08:30:34 +0100] "GET /fiok/kornyezet.htm HTTP/1.1" 200 22582 "-" "Mozilla/5.0 (compatible; WBSearchBot/1.1; +http://www.warebay.com/bot.html)"
85.17.29.107 - - [15/Dec/2012:08:30:35 +0100] "GET /nca05.htm HTTP/1.1" 200 16412 "-" "Mozilla/5.0 (compatible; WBSearchBot/1.1; +http://www.warebay.com/bot.html)"
85.17.29.107 - - [15/Dec/2012:08:30:37 +0100] "GET /hirek/hirek090215.htm HTTP/1.1" 200 9398 "-" "Mozilla/5.0 (compatible; WBSearchBot/1.1; +http://www.warebay.com/bot.html)"
85.17.29.107 - - [15/Dec/2012:08:30:38 +0100] "GET /jog/ugyeszsegek.htm HTTP/1.1" 200 13810 "-" "Mozilla/5.0 (compatible; WBSearchBot/1.1; +http://www.warebay.com/bot.html)"
85.17.29.107 - - [15/Dec/2012:08:30:40 +0100] "GET /hirek/hirek08_11.htm HTTP/1.1" 200 7337 "-" "Mozilla/5.0 (compatible; WBSearchBot/1.1; +http://www.warebay.com/bot.html)"
85.17.29.107 - - [15/Dec/2012:08:30:42 +0100] "GET /deutsch/kontakt.htm HTTP/1.1" 200 4769 "-" "Mozilla/5.0 (compatible; WBSearchBot/1.1; +http://www.warebay.com/bot.html)"
85.17.29.107 - - [15/Dec/2012:08:30:43 +0100] "GET /nca09.htm HTTP/1.1" 200 24315 "-" "Mozilla/5.0 (compatible; WBSearchBot/1.1; +http://www.warebay.com/bot.html)"
85.17.29.107 - - [15/Dec/2012:08:30:44 +0100] "GET /nca04.htm HTTP/1.1" 200 16378 "-" "Mozilla/5.0 (compatible; WBSearchBot/1.1; +http://www.warebay.com/bot.html)"
85.17.29.107 - - [15/Dec/2012:08:30:46 +0100] "GET /hirek09_01.htm HTTP/1.1" 200 6841 "-" "Mozilla/5.0 (compatible; WBSearchBot/1.1; +http://www.warebay.com/bot.html)"
85.17.29.107 - - [15/Dec/2012:08:30:48 +0100] "GET /bunt.htm HTTP/1.1" 200 5683 "-" "Mozilla/5.0 (compatible; WBSearchBot/1.1; +http://www.warebay.com/bot.html)"
85.17.29.107 - - [15/Dec/2012:08:30:49 +0100] "GET /hirek/hirek08_12.htm HTTP/1.1" 200 8352 "-" "Mozilla/5.0 (compatible; WBSearchBot/1.1; +http://www.warebay.com/bot.html)"
85.17.29.107 - - [15/Dec/2012:08:30:51 +0100] "GET /hirek08_11.htm HTTP/1.1" 200 7253 "-" "Mozilla/5.0 (compatible; WBSearchBot/1.1; +http://www.warebay.com/bot.html)"
85.17.29.107 - - [15/Dec/2012:08:30:52 +0100] "GET /jog/rendorsegifeljelentes.htm HTTP/1.1" 200 13536 "-" "Mozilla/5.0 (compatible; WBSearchBot/1.1; +http://www.warebay.com/bot.html)"
85.17.29.107 - - [15/Dec/2012:08:30:54 +0100] "GET /hirek/hirek090302.htm HTTP/1.1" 200 8452 "-" "Mozilla/5.0 (compatible; WBSearchBot/1.1; +http://www.warebay.com/bot.html)"
85.17.29.107 - - [15/Dec/2012:08:30:56 +0100] "GET /jog/slapp.htm HTTP/1.1" 200 21314 "-" "Mozilla/5.0 (compatible; WBSearchBot/1.1; +http://www.warebay.com/bot.html)"
85.17.29.107 - - [15/Dec/2012:08:30:57 +0100] "GET /nca08.htm HTTP/1.1" 200 21795 "-" "Mozilla/5.0 (compatible; WBSearchBot/1.1; +http://www.warebay.com/bot.html)"
85.17.29.107 - - [15/Dec/2012:08:30:58 +0100] "GET /jog/eljaraskezd.htm HTTP/1.1" 200 13730 "-" "Mozilla/5.0 (compatible; WBSearchBot/1.1; +http://www.warebay.com/bot.html)"
85.17.29.107 - - [15/Dec/2012:08:31:00 +0100] "GET /fiok/fiok.html HTTP/1.1" 200 20723 "-" "Mozilla/5.0 (compatible; WBSearchBot/1.1; +http://www.warebay.com/bot.html)"
85.17.29.107 - - [15/Dec/2012:08:31:01 +0100] "GET /jog/polgariper.htm HTTP/1.1" 200 13964 "-" "Mozilla/5.0 (compatible; WBSearchBot/1.1; +http://www.warebay.com/bot.html)"
85.17.29.107 - - [15/Dec/2012:08:31:05 +0100] "GET /hirek/hirek09_03.htm HTTP/1.1" 200 10810 "-" "Mozilla/5.0 (compatible; WBSearchBot/1.1; +http://www.warebay.com/bot.html)"
85.17.29.107 - - [15/Dec/2012:08:31:07 +0100] "GET /jog/index.htm HTTP/1.1" 200 13138 "-" "Mozilla/5.0 (compatible; WBSearchBot/1.1; +http://www.warebay.com/bot.html)"
85.17.29.107 - - [15/Dec/2012:08:31:09 +0100] "GET /jog/publikaciok.htm HTTP/1.1" 200 17866 "-" "Mozilla/5.0 (compatible; WBSearchBot/1.1; +http://www.warebay.com/bot.html)"
85.17.29.107 - - [15/Dec/2012:08:31:11 +0100] "GET /nca07.htm HTTP/1.1" 200 21968 "-" "Mozilla/5.0 (compatible; WBSearchBot/1.1; +http://www.warebay.com/bot.html)"
85.17.29.107 - - [15/Dec/2012:08:31:13 +0100] "GET /fiok/fiok.html.bak HTTP/1.1" 200 20723 "-" "Mozilla/5.0 (compatible; WBSearchBot/1.1; +http://www.warebay.com/bot.html)"
85.17.29.107 - - [15/Dec/2012:08:31:16 +0100] "GET /jog/eseteink/derekegyhaza/index.htm HTTP/1.1" 200 34210 "-" "Mozilla/5.0 (compatible; WBSearchBot/1.1; +http://www.warebay.com/bot.html)"
85.17.29.107 - - [15/Dec/2012:08:31:18 +0100] "GET /jog/eseteink/derekegyhaza/eseteink/derekegyhaza/index.htm HTTP/1.1" 404 1181 "-" "Mozilla/5.0 (compatible; WBSearchBot/1.1; +http://www.warebay.com/bot.html)"
85.17.29.107 - - [15/Dec/2012:08:31:21 +0100] "GET /deutsch/stellen.htm HTTP/1.1" 200 6824 "-" "Mozilla/5.0 (compatible; WBSearchBot/1.1; +http://www.warebay.com/bot.html)"
85.17.29.107 - - [15/Dec/2012:08:31:23 +0100] "GET /nca10.htm HTTP/1.1" 200 16648 "-" "Mozilla/5.0 (compatible; WBSearchBot/1.1; +http://www.warebay.com/bot.html)"
85.17.29.107 - - [15/Dec/2012:08:31:25 +0100] "GET /ncta_a.htm HTTP/1.1" 200 7260 "-" "Mozilla/5.0 (compatible; WBSearchBot/1.1; +http://www.warebay.com/bot.html)"
85.17.29.107 - - [15/Dec/2012:08:31:27 +0100] "GET /hirek/hirek09_01.htm HTTP/1.1" 200 6925 "-" "Mozilla/5.0 (compatible; WBSearchBot/1.1; +http://www.warebay.com/bot.html)"
85.17.29.107 - - [15/Dec/2012:08:31:28 +0100] "GET /jog/eseteink/malom/index.htm HTTP/1.1" 200 17507 "-" "Mozilla/5.0 (compatible; WBSearchBot/1.1; +http://www.warebay.com/bot.html)"
85.17.29.107 - - [15/Dec/2012:08:31:30 +0100] "GET /civilmuhely.htm HTTP/1.1" 200 8450 "-" "Mozilla/5.0 (compatible; WBSearchBot/1.1; +http://www.warebay.com/bot.html)"
85.17.29.107 - - [15/Dec/2012:08:31:32 +0100] "GET /jog/eseteink/malom/(http://www.mok.hu/index.php?pg=news_2_12350 HTTP/1.1" 404 1181 "-" "Mozilla/5.0 (compatible; WBSearchBot/1.1; +http://www.warebay.com/bot.html)"
85.17.29.107 - - [15/Dec/2012:08:31:33 +0100] "GET /english/introduction.htm HTTP/1.1" 200 6502 "-" "Mozilla/5.0 (compatible; WBSearchBot/1.1; +http://www.warebay.com/bot.html)"
85.17.29.107 - - [15/Dec/2012:08:31:35 +0100] "GET /jog/jogihatter.htm HTTP/1.1" 200 18691 "-" "Mozilla/5.0 (compatible; WBSearchBot/1.1; +http://www.warebay.com/bot.html)"
85.17.29.107 - - [15/Dec/2012:08:31:37 +0100] "GET /jog/tippek.htm HTTP/1.1" 200 13697 "-" "Mozilla/5.0 (compatible; WBSearchBot/1.1; +http://www.warebay.com/bot.html)"
85.17.29.107 - - [15/Dec/2012:08:31:39 +0100] "GET /fiok/programok.htm HTTP/1.1" 200 18165 "-" "Mozilla/5.0 (compatible; WBSearchBot/1.1; +http://www.warebay.com/bot.html)"
85.17.29.107 - - [15/Dec/2012:08:31:41 +0100] "GET /fiok/program_reszek/turazas.htm HTTP/1.1" 200 22754 "-" "Mozilla/5.0 (compatible; WBSearchBot/1.1; +http://www.warebay.com/bot.html)"
85.17.29.107 - - [15/Dec/2012:08:31:43 +0100] "GET /fiok/program_reszek/news.html HTTP/1.1" 404 1181 "-" "Mozilla/5.0 (compatible; WBSearchBot/1.1; +http://www.warebay.com/bot.html)"
85.17.29.107 - - [15/Dec/2012:08:31:45 +0100] "GET /fiok/program_reszek/erdei_iskola.htm HTTP/1.1" 200 21601 "-" "Mozilla/5.0 (compatible; WBSearchBot/1.1; +http://www.warebay.com/bot.html)"
85.17.29.107 - - [15/Dec/2012:08:31:47 +0100] "GET /jog/tapasztalatszerzok.htm HTTP/1.1" 200 12148 "-" "Mozilla/5.0 (compatible; WBSearchBot/1.1; +http://www.warebay.com/bot.html)"
85.17.29.107 - - [15/Dec/2012:08:31:48 +0100] "GET /fiok/program_reszek/madarmegfigyeles.htm HTTP/1.1" 200 21825 "-" "Mozilla/5.0 (compatible; WBSearchBot/1.1; +http://www.warebay.com/bot.html)"
85.17.29.107 - - [15/Dec/2012:08:31:50 +0100] "GET /fiok/program_reszek/lovaglas.htm HTTP/1.1" 200 21486 "-" "Mozilla/5.0 (compatible; WBSearchBot/1.1; +http://www.warebay.com/bot.html)"
85.17.29.107 - - [15/Dec/2012:08:31:53 +0100] "GET /fiok/program_reszek/konferancia.htm HTTP/1.1" 200 21668 "-" "Mozilla/5.0 (compatible; WBSearchBot/1.1; +http://www.warebay.com/bot.html)"
85.17.29.107 - - [15/Dec/2012:08:31:54 +0100] "GET /hirek/hirek090509.htm HTTP/1.1" 200 7803 "-" "Mozilla/5.0 (compatible; WBSearchBot/1.1; +http://www.warebay.com/bot.html)"
85.17.29.107 - - [15/Dec/2012:08:31:56 +0100] "GET /fiok/program_reszek/taborok.htm HTTP/1.1" 200 23942 "-" "Mozilla/5.0 (compatible; WBSearchBot/1.1; +http://www.warebay.com/bot.html)"
85.17.29.107 - - [15/Dec/2012:08:31:58 +0100] "GET /hirek/hirek09_02.htm HTTP/1.1" 200 7534 "-" "Mozilla/5.0 (compatible; WBSearchBot/1.1; +http://www.warebay.com/bot.html)"
85.17.29.107 - - [15/Dec/2012:08:32:00 +0100] "GET /fiok/program_reszek/csaladbarat.htm HTTP/1.1" 200 20928 "-" "Mozilla/5.0 (compatible; WBSearchBot/1.1; +http://www.warebay.com/bot.html)"
66.249.75.62 - - [15/Dec/2012:08:44:17 +0100] "GET /robots.txt HTTP/1.1" 404 1181 "-" "Mozilla/5.0 (compatible; Googlebot/2.1; +http://www.google.com/bot.html)"
66.249.75.62 - - [15/Dec/2012:09:04:08 +0100] "GET /jog/tarseljarasok.htm HTTP/1.1" 304 - "-" "Mozilla/5.0 (compatible; Googlebot/2.1; +http://www.google.com/bot.html)"
66.249.75.62 - - [15/Dec/2012:09:04:26 +0100] "GET /jog/eseteink/korosladany/kotevife_miert_nincs_eltiltas2.pdf HTTP/1.1" 304 - "-" "Mozilla/5.0 (compatible; Googlebot/2.1; +http://www.google.com/bot.html)"
66.249.75.62 - - [15/Dec/2012:09:05:57 +0100] "GET /jog/eseteink/korosladany/mszhnak_miert_nincs_ismetelt_eljaras.pdf HTTP/1.1" 304 - "-" "Mozilla/5.0 (compatible; Googlebot/2.1; +http://www.google.com/bot.html)"
157.55.35.105 - - [15/Dec/2012:09:08:35 +0100] "GET /robots.txt HTTP/1.1" 404 1181 "-" "Mozilla/5.0 (compatible; bingbot/2.0; +http://www.bing.com/bingbot.htm)"
66.249.75.62 - - [15/Dec/2012:09:09:19 +0100] "GET /jog/eseteink/kavicszatony/mura_fellebbezes.pdf HTTP/1.1" 200 151541 "-" "Mozilla/5.0 (compatible; Googlebot/2.1; +http://www.google.com/bot.html)"
66.249.75.62 - - [15/Dec/2012:09:11:39 +0100] "GET /jog/eseteink/duzzaszto/gyulavari_kotelezes1.pdf HTTP/1.1" 200 68117 "-" "Mozilla/5.0 (compatible; Googlebot/2.1; +http://www.google.com/bot.html)"
157.55.35.105 - - [15/Dec/2012:09:11:59 +0100] "GET /jog/jogszabalyok/conventions_hu.pdf HTTP/1.1" 200 1414196 "-" "Mozilla/5.0 (compatible; bingbot/2.0; +http://www.bing.com/bingbot.htm)"
66.249.75.62 - - [15/Dec/2012:09:22:22 +0100] "GET /jog/eseteink/derekegyhaza/foldhivatalnak_2.pdf HTTP/1.1" 304 - "-" "Mozilla/5.0 (compatible; Googlebot/2.1; +http://www.google.com/bot.html)"
66.249.75.62 - - [15/Dec/2012:09:24:24 +0100] "GET /a1_projekt_tabla_infra_cs3_beklenhaz.jpg HTTP/1.1" 200 73344 "-" "Googlebot-Image/1.0"
66.249.75.62 - - [15/Dec/2012:09:30:12 +0100] "GET /jog/eseteink/derekegyhaza/kotvife_kekto20061116.pdf HTTP/1.1" 200 144190 "-" "Mozilla/5.0 (compatible; Googlebot/2.1; +http://www.google.com/bot.html)"
66.249.75.62 - - [15/Dec/2012:09:37:33 +0100] "GET /hirek/hirek090301.htm HTTP/1.1" 304 - "-" "Mozilla/5.0 (compatible; Googlebot/2.1; +http://www.google.com/bot.html)"
62.201.112.141 - - [15/Dec/2012:10:11:25 +0100] "GET /jog/pub/fuzet_beliv_jav2.pdf HTTP/1.1" 200 775632 "http://www.google.hu/url?sa=t&rct=j&q=&esrc=s&source=web&cd=91&ved=0CC8QFjAAOFo&url=http%3A%2F%2Fwww.beklen.hu%2Fjog%2Fpub%2Ffuzet_beliv_jav2.pdf&ei=qT7MUOGINZL74QS9_YC4CA&usg=AFQjCNHpUEaL5XKsbvvd9n7daxL1i54IOg" "Mozilla/5.0 (Windows NT 6.1; rv:17.0) Gecko/20100101 Firefox/17.0"
62.201.112.141 - - [15/Dec/2012:10:11:26 +0100] "GET /favicon.ico HTTP/1.1" 404 1181 "-" "Mozilla/5.0 (Windows NT 6.1; rv:17.0) Gecko/20100101 Firefox/17.0"
62.201.112.141 - - [15/Dec/2012:10:11:26 +0100] "GET /favicon.ico HTTP/1.1" 404 1181 "-" "Mozilla/5.0 (Windows NT 6.1; rv:17.0) Gecko/20100101 Firefox/17.0"
24.134.146.36 - - [15/Dec/2012:10:23:41 +0100] "GET /hirek/hirek090302.htm HTTP/1.1" 200 8452 "-" "findlinks/2.0.2 (+http://wortschatz.uni-leipzig.de/findlinks/)"
86.101.123.30 - - [15/Dec/2012:10:58:19 +0100] "GET /jog/pub/fuzet_beliv_jav2.pdf HTTP/1.1" 200 28814 "https://www.google.hu/" "Mozilla/5.0 (Windows NT 6.1; WOW64) AppleWebKit/537.11 (KHTML, like Gecko) Chrome/23.0.1271.97 Safari/537.11"
86.101.123.30 - - [15/Dec/2012:10:58:19 +0100] "GET /favicon.ico HTTP/1.1" 404 1181 "-" "Mozilla/5.0 (Windows NT 6.1; WOW64) AppleWebKit/537.11 (KHTML, like Gecko) Chrome/23.0.1271.97 Safari/537.11"
86.101.123.30 - - [15/Dec/2012:10:58:19 +0100] "GET /jog/pub/fuzet_beliv_jav2.pdf HTTP/1.1" 206 32768 "http://www.beklen.hu/jog/pub/fuzet_beliv_jav2.pdf" "Mozilla/5.0 (Windows NT 6.1; WOW64) AppleWebKit/537.11 (KHTML, like Gecko) Chrome/23.0.1271.97 Safari/537.11"
86.101.123.30 - - [15/Dec/2012:10:58:19 +0100] "GET /jog/pub/fuzet_beliv_jav2.pdf HTTP/1.1" 206 32768 "http://www.beklen.hu/jog/pub/fuzet_beliv_jav2.pdf" "Mozilla/5.0 (Windows NT 6.1; WOW64) AppleWebKit/537.11 (KHTML, like Gecko) Chrome/23.0.1271.97 Safari/537.11"
86.101.123.30 - - [15/Dec/2012:10:58:19 +0100] "GET /jog/pub/fuzet_beliv_jav2.pdf HTTP/1.1" 206 32768 "http://www.beklen.hu/jog/pub/fuzet_beliv_jav2.pdf" "Mozilla/5.0 (Windows NT 6.1; WOW64) AppleWebKit/537.11 (KHTML, like Gecko) Chrome/23.0.1271.97 Safari/537.11"
86.101.123.30 - - [15/Dec/2012:10:58:19 +0100] "GET /jog/pub/fuzet_beliv_jav2.pdf HTTP/1.1" 206 32768 "http://www.beklen.hu/jog/pub/fuzet_beliv_jav2.pdf" "Mozilla/5.0 (Windows NT 6.1; WOW64) AppleWebKit/537.11 (KHTML, like Gecko) Chrome/23.0.1271.97 Safari/537.11"
86.101.123.30 - - [15/Dec/2012:10:58:20 +0100] "GET /jog/pub/fuzet_beliv_jav2.pdf HTTP/1.1" 206 32768 "http://www.beklen.hu/jog/pub/fuzet_beliv_jav2.pdf" "Mozilla/5.0 (Windows NT 6.1; WOW64) AppleWebKit/537.11 (KHTML, like Gecko) Chrome/23.0.1271.97 Safari/537.11"
86.101.123.30 - - [15/Dec/2012:10:58:20 +0100] "GET /jog/pub/fuzet_beliv_jav2.pdf HTTP/1.1" 206 32768 "http://www.beklen.hu/jog/pub/fuzet_beliv_jav2.pdf" "Mozilla/5.0 (Windows NT 6.1; WOW64) AppleWebKit/537.11 (KHTML, like Gecko) Chrome/23.0.1271.97 Safari/537.11"
86.101.123.30 - - [15/Dec/2012:10:58:20 +0100] "GET /jog/pub/fuzet_beliv_jav2.pdf HTTP/1.1" 206 32768 "http://www.beklen.hu/jog/pub/fuzet_beliv_jav2.pdf" "Mozilla/5.0 (Windows NT 6.1; WOW64) AppleWebKit/537.11 (KHTML, like Gecko) Chrome/23.0.1271.97 Safari/537.11"
86.101.123.30 - - [15/Dec/2012:10:58:20 +0100] "GET /jog/pub/fuzet_beliv_jav2.pdf HTTP/1.1" 206 32768 "http://www.beklen.hu/jog/pub/fuzet_beliv_jav2.pdf" "Mozilla/5.0 (Windows NT 6.1; WOW64) AppleWebKit/537.11 (KHTML, like Gecko) Chrome/23.0.1271.97 Safari/537.11"
86.101.123.30 - - [15/Dec/2012:10:58:20 +0100] "GET /jog/pub/fuzet_beliv_jav2.pdf HTTP/1.1" 206 32768 "http://www.beklen.hu/jog/pub/fuzet_beliv_jav2.pdf" "Mozilla/5.0 (Windows NT 6.1; WOW64) AppleWebKit/537.11 (KHTML, like Gecko) Chrome/23.0.1271.97 Safari/537.11"
86.101.123.30 - - [15/Dec/2012:10:58:20 +0100] "GET /jog/pub/fuzet_beliv_jav2.pdf HTTP/1.1" 206 32768 "http://www.beklen.hu/jog/pub/fuzet_beliv_jav2.pdf" "Mozilla/5.0 (Windows NT 6.1; WOW64) AppleWebKit/537.11 (KHTML, like Gecko) Chrome/23.0.1271.97 Safari/537.11"
86.101.123.30 - - [15/Dec/2012:10:58:20 +0100] "GET /jog/pub/fuzet_beliv_jav2.pdf HTTP/1.1" 206 32768 "http://www.beklen.hu/jog/pub/fuzet_beliv_jav2.pdf" "Mozilla/5.0 (Windows NT 6.1; WOW64) AppleWebKit/537.11 (KHTML, like Gecko) Chrome/23.0.1271.97 Safari/537.11"
86.101.123.30 - - [15/Dec/2012:10:58:20 +0100] "GET /jog/pub/fuzet_beliv_jav2.pdf HTTP/1.1" 206 65536 "http://www.beklen.hu/jog/pub/fuzet_beliv_jav2.pdf" "Mozilla/5.0 (Windows NT 6.1; WOW64) AppleWebKit/537.11 (KHTML, like Gecko) Chrome/23.0.1271.97 Safari/537.11"
86.101.123.30 - - [15/Dec/2012:10:58:20 +0100] "GET /jog/pub/fuzet_beliv_jav2.pdf HTTP/1.1" 206 65536 "http://www.beklen.hu/jog/pub/fuzet_beliv_jav2.pdf" "Mozilla/5.0 (Windows NT 6.1; WOW64) AppleWebKit/537.11 (KHTML, like Gecko) Chrome/23.0.1271.97 Safari/537.11"
86.101.123.30 - - [15/Dec/2012:10:58:20 +0100] "GET /jog/pub/fuzet_beliv_jav2.pdf HTTP/1.1" 206 65536 "http://www.beklen.hu/jog/pub/fuzet_beliv_jav2.pdf" "Mozilla/5.0 (Windows NT 6.1; WOW64) AppleWebKit/537.11 (KHTML, like Gecko) Chrome/23.0.1271.97 Safari/537.11"
86.101.123.30 - - [15/Dec/2012:10:58:20 +0100] "GET /jog/pub/fuzet_beliv_jav2.pdf HTTP/1.1" 206 65536 "http://www.beklen.hu/jog/pub/fuzet_beliv_jav2.pdf" "Mozilla/5.0 (Windows NT 6.1; WOW64) AppleWebKit/537.11 (KHTML, like Gecko) Chrome/23.0.1271.97 Safari/537.11"
86.101.123.30 - - [15/Dec/2012:10:58:20 +0100] "GET /jog/pub/fuzet_beliv_jav2.pdf HTTP/1.1" 206 65536 "http://www.beklen.hu/jog/pub/fuzet_beliv_jav2.pdf" "Mozilla/5.0 (Windows NT 6.1; WOW64) AppleWebKit/537.11 (KHTML, like Gecko) Chrome/23.0.1271.97 Safari/537.11"
86.101.123.30 - - [15/Dec/2012:10:58:20 +0100] "GET /jog/pub/fuzet_beliv_jav2.pdf HTTP/1.1" 206 87504 "http://www.beklen.hu/jog/pub/fuzet_beliv_jav2.pdf" "Mozilla/5.0 (Windows NT 6.1; WOW64) AppleWebKit/537.11 (KHTML, like Gecko) Chrome/23.0.1271.97 Safari/537.11"
86.101.123.30 - - [15/Dec/2012:10:58:20 +0100] "GET /favicon.ico HTTP/1.1" 404 1181 "-" "Mozilla/5.0 (Windows NT 6.1; WOW64) AppleWebKit/537.11 (KHTML, like Gecko) Chrome/23.0.1271.97 Safari/537.11"
86.101.123.30 - - [15/Dec/2012:11:01:57 +0100] "GET /jog/pub/fuzet_beliv_jav2.pdf HTTP/1.1" 206 560 "http://www.beklen.hu/jog/pub/fuzet_beliv_jav2.pdf" "Mozilla/5.0 (Windows NT 6.1; WOW64) AppleWebKit/537.11 (KHTML, like Gecko) Chrome/23.0.1271.97 Safari/537.11"
86.101.123.30 - - [15/Dec/2012:11:01:57 +0100] "GET /favicon.ico HTTP/1.1" 404 1181 "-" "Mozilla/5.0 (Windows NT 6.1; WOW64) AppleWebKit/537.11 (KHTML, like Gecko) Chrome/23.0.1271.97 Safari/537.11"
208.115.113.84 - - [15/Dec/2012:11:18:27 +0100] "GET /robots.txt HTTP/1.1" 404 1181 "-" "Mozilla/5.0 (compatible; Ezooms/1.0; ezooms.bot@gmail.com)"
208.115.113.84 - - [15/Dec/2012:13:26:49 +0100] "GET /hirek/hirek100420.htm HTTP/1.1" 200 7914 "-" "Mozilla/5.0 (compatible; Ezooms/1.0; ezooms.bot@gmail.com)"
157.55.32.117 - - [15/Dec/2012:14:48:35 +0100] "GET /robots.txt HTTP/1.1" 404 1181 "-" "Mozilla/5.0 (compatible; bingbot/2.0; +http://www.bing.com/bingbot.htm)"
157.55.32.117 - - [15/Dec/2012:14:50:11 +0100] "GET /kapcsolat.htm HTTP/1.1" 200 6889 "-" "Mozilla/5.0 (compatible; bingbot/2.0; +http://www.bing.com/bingbot.htm)"
157.55.35.76 - - [15/Dec/2012:15:38:37 +0100] "GET /robots.txt HTTP/1.1" 404 1181 "-" "Mozilla/5.0 (compatible; bingbot/2.0; +http://www.bing.com/bingbot.htm)"
157.55.35.76 - - [15/Dec/2012:15:40:51 +0100] "GET /jog/eseteink/korosladany/index.htm HTTP/1.1" 304 - "-" "Mozilla/5.0 (compatible; bingbot/2.0; +http://www.bing.com/bingbot.htm)"
157.56.93.194 - - [15/Dec/2012:15:48:52 +0100] "GET /jog/eseteink.htm HTTP/1.1" 200 17277 "-" "Mozilla/5.0 (compatible; bingbot/2.0; +http://www.bing.com/bingbot.htm)"
157.55.35.105 - - [15/Dec/2012:15:53:40 +0100] "GET /vill.cs HTTP/1.1" 200 2676 "-" "Mozilla/5.0 (compatible; bingbot/2.0; +http://www.bing.com/bingbot.htm)"
208.90.57.196 - - [15/Dec/2012:17:05:44 +0100] "GET / HTTP/1.1" 200 23965 "-" "Mozilla/5.0 (Macintosh; Intel Mac OS X 10.6; rv:2.0.1) Gecko/20100101 Firefox/4.0.1"
208.90.57.196 - - [15/Dec/2012:17:05:54 +0100] "GET /english/index.htm HTTP/1.1" 200 5262 "-" "Mozilla/5.0 (Macintosh; Intel Mac OS X 10.6; rv:2.0.1) Gecko/20100101 Firefox/4.0.1"
74.125.18.211 - - [15/Dec/2012:17:11:55 +0100] "GET /jog/polgariper.htm HTTP/1.1" 200 13964 "http://www.google.com/search" "Mozilla/5.0 (X11; Linux x86_64) AppleWebKit/537.4 (KHTML, like Gecko; Google Web Preview) Chrome/22.0.1229 Safari/537.4"
74.125.18.211 - - [15/Dec/2012:17:11:55 +0100] "GET /jog/css/style.css HTTP/1.1" 200 23764 "http://www.beklen.hu/jog/polgariper.htm" "Mozilla/5.0 (X11; Linux x86_64) AppleWebKit/537.4 (KHTML, like Gecko; Google Web Preview) Chrome/22.0.1229 Safari/537.4"
74.125.18.148 - - [15/Dec/2012:17:11:55 +0100] "GET /jog/css/script.js HTTP/1.1" 200 6975 "http://www.beklen.hu/jog/polgariper.htm" "Mozilla/5.0 (X11; Linux x86_64) AppleWebKit/537.4 (KHTML, like Gecko; Google Web Preview) Chrome/22.0.1229 Safari/537.4"
74.125.18.211 - - [15/Dec/2012:17:11:55 +0100] "GET /jog/css/jquery.js HTTP/1.1" 200 72174 "http://www.beklen.hu/jog/polgariper.htm" "Mozilla/5.0 (X11; Linux x86_64) AppleWebKit/537.4 (KHTML, like Gecko; Google Web Preview) Chrome/22.0.1229 Safari/537.4"
74.125.18.211 - - [15/Dec/2012:17:11:55 +0100] "GET /jog2/images/menuitem.png HTTP/1.1" 200 20960 "http://www.beklen.hu/jog/polgariper.htm" "Mozilla/5.0 (X11; Linux x86_64) AppleWebKit/537.4 (KHTML, like Gecko; Google Web Preview) Chrome/22.0.1229 Safari/537.4"
74.125.18.152 - - [15/Dec/2012:17:11:55 +0100] "GET /jog2/images/nav.png HTTP/1.1" 200 11000 "http://www.beklen.hu/jog/polgariper.htm" "Mozilla/5.0 (X11; Linux x86_64) AppleWebKit/537.4 (KHTML, like Gecko; Google Web Preview) Chrome/22.0.1229 Safari/537.4"
74.125.18.152 - - [15/Dec/2012:17:11:55 +0100] "GET /jog2/images/post_c.png HTTP/1.1" 200 204 "http://www.beklen.hu/jog/polgariper.htm" "Mozilla/5.0 (X11; Linux x86_64) AppleWebKit/537.4 (KHTML, like Gecko; Google Web Preview) Chrome/22.0.1229 Safari/537.4"
74.125.18.211 - - [15/Dec/2012:17:11:55 +0100] "GET /jog2/images/post_h.png HTTP/1.1" 200 292 "http://www.beklen.hu/jog/polgariper.htm" "Mozilla/5.0 (X11; Linux x86_64) AppleWebKit/537.4 (KHTML, like Gecko; Google Web Preview) Chrome/22.0.1229 Safari/537.4"
74.125.18.152 - - [15/Dec/2012:17:11:55 +0100] "GET /jog2/images/vmenuitem.png HTTP/1.1" 200 1672 "http://www.beklen.hu/jog/polgariper.htm" "Mozilla/5.0 (X11; Linux x86_64) AppleWebKit/537.4 (KHTML, like Gecko; Google Web Preview) Chrome/22.0.1229 Safari/537.4"
74.125.18.152 - - [15/Dec/2012:17:11:55 +0100] "GET /jog2/images/post_v.png HTTP/1.1" 200 310 "http://www.beklen.hu/jog/polgariper.htm" "Mozilla/5.0 (X11; Linux x86_64) AppleWebKit/537.4 (KHTML, like Gecko; Google Web Preview) Chrome/22.0.1229 Safari/537.4"
74.125.18.211 - - [15/Dec/2012:17:11:55 +0100] "GET /jog2/images/sidebar_bg.png HTTP/1.1" 200 96 "http://www.beklen.hu/jog/polgariper.htm" "Mozilla/5.0 (X11; Linux x86_64) AppleWebKit/537.4 (KHTML, like Gecko; Google Web Preview) Chrome/22.0.1229 Safari/537.4"
74.125.18.152 - - [15/Dec/2012:17:11:55 +0100] "GET /jog2/images/spacer.gif HTTP/1.1" 200 43 "http://www.beklen.hu/jog/polgariper.htm" "Mozilla/5.0 (X11; Linux x86_64) AppleWebKit/537.4 (KHTML, like Gecko; Google Web Preview) Chrome/22.0.1229 Safari/537.4"
74.125.18.211 - - [15/Dec/2012:17:11:56 +0100] "GET /jog2/images/header.png HTTP/1.1" 200 170837 "http://www.beklen.hu/jog/polgariper.htm" "Mozilla/5.0 (X11; Linux x86_64) AppleWebKit/537.4 (KHTML, like Gecko; Google Web Preview) Chrome/22.0.1229 Safari/537.4"
74.125.18.148 - - [15/Dec/2012:17:11:56 +0100] "GET /jog2/images/Bottom_texture.jpg HTTP/1.1" 200 193775 "http://www.beklen.hu/jog/polgariper.htm" "Mozilla/5.0 (X11; Linux x86_64) AppleWebKit/537.4 (KHTML, like Gecko; Google Web Preview) Chrome/22.0.1229 Safari/537.4"
74.125.18.152 - - [15/Dec/2012:17:11:56 +0100] "GET /jog2/images/post_s.png HTTP/1.1" 200 466 "http://www.beklen.hu/jog/polgariper.htm" "Mozilla/5.0 (X11; Linux x86_64) AppleWebKit/537.4 (KHTML, like Gecko; Google Web Preview) Chrome/22.0.1229 Safari/537.4"
74.125.18.152 - - [15/Dec/2012:17:11:57 +0100] "GET /jog2/images/subitem.png HTTP/1.1" 200 81 "http://www.beklen.hu/jog/polgariper.htm" "Mozilla/5.0 (X11; Linux x86_64) AppleWebKit/537.4 (KHTML, like Gecko; Google Web Preview) Chrome/22.0.1229 Safari/537.4"
74.125.18.152 - - [15/Dec/2012:17:11:57 +0100] "GET /jog2/images/button.png HTTP/1.1" 200 27118 "http://www.beklen.hu/jog/polgariper.htm" "Mozilla/5.0 (X11; Linux x86_64) AppleWebKit/537.4 (KHTML, like Gecko; Google Web Preview) Chrome/22.0.1229 Safari/537.4"
74.125.18.152 - - [15/Dec/2012:17:11:58 +0100] "GET /jog/img/320/albofalevel1.jpg HTTP/1.1" 200 14351 "http://www.beklen.hu/jog/polgariper.htm" "Mozilla/5.0 (X11; Linux x86_64) AppleWebKit/537.4 (KHTML, like Gecko; Google Web Preview) Chrome/22.0.1229 Safari/537.4"
178.154.210.252 - - [15/Dec/2012:18:08:16 +0100] "GET /robots.txt HTTP/1.1" 404 1181 "-" "Mozilla/5.0 (compatible; YandexBot/3.0; +http://yandex.com/bots)"
178.154.210.252 - - [15/Dec/2012:18:08:18 +0100] "GET /hirek/hirek091015.htm HTTP/1.1" 304 - "-" "Mozilla/5.0 (compatible; YandexBot/3.0; +http://yandex.com/bots)"
65.55.212.160 - - [15/Dec/2012:18:24:46 +0100] "GET /robots.txt HTTP/1.1" 404 1181 "-" "msnbot-media/1.1 (+http://search.msn.com/msnbot.htm)"
65.55.212.160 - - [15/Dec/2012:18:24:47 +0100] "GET /images/norway_grants_.jpg HTTP/1.1" 200 4440 "-" "msnbot-media/1.1 (+http://search.msn.com/msnbot.htm)"
66.249.75.62 - - [15/Dec/2012:18:30:31 +0100] "GET /khb/beklen_2004_kh_jelentes.pdf HTTP/1.1" 200 89003 "-" "Googlebot/2.1 (+http://www.google.com/bot.html)"
180.76.5.178 - - [15/Dec/2012:18:53:52 +0100] "GET /fiok/program_reszek/taborok.htm HTTP/1.1" 304 - "-" "Mozilla/5.0 (compatible; Baiduspider/2.0; +http://www.baidu.com/search/spider.html)"
130.83.167.153 - - [15/Dec/2012:18:54:00 +0100] "GET /fiok/programok.htm HTTP/1.1" 200 18165 "-" "findlinks/2.6 (+http://wortschatz.uni-leipzig.de/findlinks/)"
66.249.75.62 - - [15/Dec/2012:19:27:52 +0100] "GET /jog/eseteink.htm HTTP/1.1" 200 17277 "-" "Mozilla/5.0 (compatible; Googlebot/2.1; +http://www.google.com/bot.html)"
66.249.75.62 - - [15/Dec/2012:19:40:12 +0100] "GET /jog/images/subitem.png HTTP/1.1" 200 81 "-" "Mozilla/5.0 (compatible; Googlebot/2.1; +http://www.google.com/bot.html)"
66.249.75.62 - - [15/Dec/2012:19:40:13 +0100] "GET /jog/images/post_s.png HTTP/1.1" 200 466 "-" "Mozilla/5.0 (compatible; Googlebot/2.1; +http://www.google.com/bot.html)"
66.249.75.62 - - [15/Dec/2012:19:40:13 +0100] "GET /jog/images/spacer.gif HTTP/1.1" 200 43 "-" "Mozilla/5.0 (compatible; Googlebot/2.1; +http://www.google.com/bot.html)"
66.249.75.62 - - [15/Dec/2012:19:40:14 +0100] "GET /jog/images/post_v.png HTTP/1.1" 200 310 "-" "Mozilla/5.0 (compatible; Googlebot/2.1; +http://www.google.com/bot.html)"
66.249.75.62 - - [15/Dec/2012:19:40:15 +0100] "GET /jog/images/header.png HTTP/1.1" 200 170837 "-" "Mozilla/5.0 (compatible; Googlebot/2.1; +http://www.google.com/bot.html)"
66.249.75.62 - - [15/Dec/2012:19:40:15 +0100] "GET /jog/images/post_h.png HTTP/1.1" 200 292 "-" "Mozilla/5.0 (compatible; Googlebot/2.1; +http://www.google.com/bot.html)"
66.249.75.62 - - [15/Dec/2012:19:40:16 +0100] "GET /jog/images/post_c.png HTTP/1.1" 200 204 "-" "Mozilla/5.0 (compatible; Googlebot/2.1; +http://www.google.com/bot.html)"
66.249.75.62 - - [15/Dec/2012:19:40:17 +0100] "GET /jog/images/nav.png HTTP/1.1" 200 10482 "-" "Mozilla/5.0 (compatible; Googlebot/2.1; +http://www.google.com/bot.html)"
66.249.75.62 - - [15/Dec/2012:19:40:18 +0100] "GET /jog/images/Bottom_texture.jpg HTTP/1.1" 200 193775 "-" "Mozilla/5.0 (compatible; Googlebot/2.1; +http://www.google.com/bot.html)"
178.154.210.252 - - [15/Dec/2012:19:40:55 +0100] "GET /deutsch/index.htm HTTP/1.1" 200 5324 "-" "Mozilla/5.0 (compatible; YandexBot/3.0; +http://yandex.com/bots)"
66.249.75.62 - - [15/Dec/2012:20:19:04 +0100] "GET /jog/eseteink/derekegyhaza/index.htm HTTP/1.1" 200 34210 "-" "Mozilla/5.0 (compatible; Googlebot/2.1; +http://www.google.com/bot.html)"
77.75.77.32 - - [15/Dec/2012:21:06:28 +0100] "GET /robots.txt HTTP/1.1" 404 1181 "-" "SeznamBot/3.0 (+http://fulltext.sblog.cz/)"
77.75.77.32 - - [15/Dec/2012:21:06:28 +0100] "GET / HTTP/1.1" 304 - "-" "SeznamBot/3.0 (+http://fulltext.sblog.cz/)"
66.249.75.62 - - [15/Dec/2012:21:12:44 +0100] "GET /robots.txt HTTP/1.1" 404 1181 "-" "Mozilla/5.0 (compatible; Googlebot/2.1; +http://www.google.com/bot.html)"
178.255.215.69 - - [15/Dec/2012:22:15:36 +0100] "GET /robots.txt HTTP/1.1" 404 1181 "-" "Mozilla/5.0 (compatible; Exabot/3.0; +http://www.exabot.com/go/robot)"
178.255.215.69 - - [15/Dec/2012:22:15:36 +0100] "GET /english/programs.htm HTTP/1.1" 304 - "-" "Mozilla/5.0 (compatible; Exabot/3.0; +http://www.exabot.com/go/robot)"
37.140.141.19 - - [16/Dec/2012:00:26:34 +0100] "GET /robots.txt HTTP/1.1" 404 1181 "-" "Mozilla/5.0 (compatible; YandexImages/3.0; +http://yandex.com/bots)"
37.140.141.19 - - [16/Dec/2012:00:26:44 +0100] "GET /jog/img/file_jpg.png HTTP/1.1" 200 607 "-" "Mozilla/5.0 (compatible; YandexImages/3.0; +http://yandex.com/bots)"
37.140.141.19 - - [16/Dec/2012:00:26:45 +0100] "GET /jog/eseteink/derekegyhaza/mszhk_masodfok_ugyfel_elutasitas_1.jpg HTTP/1.1" 200 995513 "-" "Mozilla/5.0 (compatible; YandexImages/3.0; +http://yandex.com/bots)"
37.140.141.19 - - [16/Dec/2012:00:26:50 +0100] "GET /jog/eseteink/derekegyhaza/kepek/37-433__.jpg HTTP/1.1" 200 4596 "-" "Mozilla/5.0 (compatible; YandexImages/3.0; +http://yandex.com/bots)"
37.140.141.19 - - [16/Dec/2012:00:26:57 +0100] "GET /jog/eseteink/derekegyhaza/kepek/vadaskert-szakhat_.jpg HTTP/1.1" 200 8903 "-" "Mozilla/5.0 (compatible; YandexImages/3.0; +http://yandex.com/bots)"
37.140.141.19 - - [16/Dec/2012:00:27:03 +0100] "GET /jog/eseteink/derekegyhaza/mszh_elsofok_ugyfel_elutasitas_2.jpg HTTP/1.1" 200 323121 "-" "Mozilla/5.0 (compatible; YandexImages/3.0; +http://yandex.com/bots)"
37.140.141.19 - - [16/Dec/2012:00:27:06 +0100] "GET /jog/eseteink/derekegyhaza/kepek/37-431_o_2005_.jpg HTTP/1.1" 200 104830 "-" "Mozilla/5.0 (compatible; YandexImages/3.0; +http://yandex.com/bots)"
157.55.35.105 - - [16/Dec/2012:00:27:09 +0100] "GET /robots.txt HTTP/1.1" 404 1181 "-" "Mozilla/5.0 (compatible; bingbot/2.0; +http://www.bing.com/bingbot.htm)"
37.140.141.19 - - [16/Dec/2012:00:27:11 +0100] "GET /jog/eseteink/derekegyhaza/kepek/37-433_o_2005_.jpg HTTP/1.1" 200 94705 "-" "Mozilla/5.0 (compatible; YandexImages/3.0; +http://yandex.com/bots)"
37.140.141.19 - - [16/Dec/2012:00:27:14 +0100] "GET /jog/eseteink/derekegyhaza/kepek/37-433_o_2005__.jpg HTTP/1.1" 200 5388 "-" "Mozilla/5.0 (compatible; YandexImages/3.0; +http://yandex.com/bots)"
37.140.141.19 - - [16/Dec/2012:00:27:20 +0100] "GET /jog/eseteink/derekegyhaza/mszhk_masodfok_ugyfel_elutasitas_2.jpg HTTP/1.1" 200 821381 "-" "Mozilla/5.0 (compatible; YandexImages/3.0; +http://yandex.com/bots)"
37.140.141.19 - - [16/Dec/2012:00:27:25 +0100] "GET /jog/eseteink/derekegyhaza/kepek/37-431__.jpg HTTP/1.1" 200 4706 "-" "Mozilla/5.0 (compatible; YandexImages/3.0; +http://yandex.com/bots)"
37.140.141.19 - - [16/Dec/2012:00:27:27 +0100] "GET /jog/eseteink/poroszlo/villa.jpg HTTP/1.1" 200 110558 "-" "Mozilla/5.0 (compatible; YandexImages/3.0; +http://yandex.com/bots)"
37.140.141.19 - - [16/Dec/2012:00:27:41 +0100] "GET /jog/eseteink/derekegyhaza/kepek/37-433_.jpg HTTP/1.1" 200 98095 "-" "Mozilla/5.0 (compatible; YandexImages/3.0; +http://yandex.com/bots)"
37.140.141.19 - - [16/Dec/2012:00:27:49 +0100] "GET /jog/eseteink/derekegyhaza/mszh_elsofok_ugyfel_elutasitas_1.jpg HTTP/1.1" 200 1086764 "-" "Mozilla/5.0 (compatible; YandexImages/3.0; +http://yandex.com/bots)"
37.140.141.19 - - [16/Dec/2012:00:27:52 +0100] "GET /jog/eseteink/poroszlo/villa__.jpg HTTP/1.1" 200 7062 "-" "Mozilla/5.0 (compatible; YandexImages/3.0; +http://yandex.com/bots)"
37.140.141.19 - - [16/Dec/2012:00:28:06 +0100] "GET /jog/eseteink/derekegyhaza/kepek/dalerd_.jpg HTTP/1.1" 200 126984 "-" "Mozilla/5.0 (compatible; YandexImages/3.0; +http://yandex.com/bots)"
37.140.141.19 - - [16/Dec/2012:00:28:38 +0100] "GET /jog/eseteink/derekegyhaza/37-433.jpg HTTP/1.1" 200 3573 "-" "Mozilla/5.0 (compatible; YandexImages/3.0; +http://yandex.com/bots)"
37.140.141.19 - - [16/Dec/2012:00:28:38 +0100] "GET /jog/eseteink/derekegyhaza/kepek/37-431_o_2005__.jpg HTTP/1.1" 200 5766 "-" "Mozilla/5.0 (compatible; YandexImages/3.0; +http://yandex.com/bots)"
37.140.141.19 - - [16/Dec/2012:00:28:48 +0100] "GET /jog/eseteink/derekegyhaza/kepek/vadaskert-szakhat.jpg HTTP/1.1" 200 140997 "-" "Mozilla/5.0 (compatible; YandexImages/3.0; +http://yandex.com/bots)"
37.140.141.19 - - [16/Dec/2012:00:28:51 +0100] "GET /jog/eseteink/derekegyhaza/kepek/37-431_.jpg HTTP/1.1" 200 96699 "-" "Mozilla/5.0 (compatible; YandexImages/3.0; +http://yandex.com/bots)"
157.55.35.105 - - [16/Dec/2012:00:28:55 +0100] "GET /jog/jogszabalyok/egyezm_bern.pdf HTTP/1.1" 200 77062 "-" "Mozilla/5.0 (compatible; bingbot/2.0; +http://www.bing.com/bingbot.htm)"
178.154.210.252 - - [16/Dec/2012:01:03:13 +0100] "GET /hirarchivum.htm HTTP/1.1" 304 - "-" "Mozilla/5.0 (compatible; YandexBot/3.0; +http://yandex.com/bots)"
208.115.111.68 - - [16/Dec/2012:01:13:41 +0100] "GET /robots.txt HTTP/1.1" 404 1181 "-" "Mozilla/5.0 (compatible; Ezooms/1.0; ezooms.bot@gmail.com)"
130.83.167.153 - - [16/Dec/2012:01:43:38 +0100] "GET /hirek/hirek120120.htm HTTP/1.1" 200 6634 "-" "findlinks/2.6 (+http://wortschatz.uni-leipzig.de/findlinks/)"
24.134.146.36 - - [16/Dec/2012:02:35:26 +0100] "GET /jog/rendorsegifeljelentes.htm HTTP/1.1" 200 13536 "-" "findlinks/2.0.2 (+http://wortschatz.uni-leipzig.de/findlinks/)"
113.212.70.211 - - [16/Dec/2012:02:48:01 +0100] "GET /fiok/ HTTP/1.0" 200 20554 "http://www.beklen.hu/fiok/" "Mozilla/4.0 (compatible; MSIE 6.0; Windows 98; Win 9x 4.90)"
66.249.75.62 - - [16/Dec/2012:03:25:13 +0100] "GET /jog/polgariper.htm HTTP/1.1" 304 - "-" "Mozilla/5.0 (iPhone; U; CPU iPhone OS 4_1 like Mac OS X; en-us) AppleWebKit/532.9 (KHTML, like Gecko) Version/4.0.5 Mobile/8B117 Safari/6531.22.7 (compatible; Googlebot-Mobile/2.1; +http://www.google.com/bot.html)"
208.115.111.68 - - [16/Dec/2012:03:58:39 +0100] "GET /nka.htm HTTP/1.1" 200 6221 "-" "Mozilla/5.0 (compatible; Ezooms/1.0; ezooms.bot@gmail.com)"
208.115.111.68 - - [16/Dec/2012:05:18:36 +0100] "GET /robots.txt HTTP/1.1" 404 1181 "-" "Mozilla/5.0 (compatible; Ezooms/1.0; ezooms.bot@gmail.com)"
66.249.75.62 - - [16/Dec/2012:05:42:08 +0100] "GET /jog/eseteink/korosladany/beavatkozas_tajekoztat_mszh.pdf HTTP/1.1" 200 143606 "-" "Mozilla/5.0 (compatible; Googlebot/2.1; +http://www.google.com/bot.html)"
139.18.2.17 - - [16/Dec/2012:06:30:39 +0100] "GET /hirek/hirek100225.htm HTTP/1.1" 200 7288 "-" "findlinks/2.6 (+http://wortschatz.uni-leipzig.de/findlinks/)"
37.140.141.19 - - [16/Dec/2012:07:42:07 +0100] "GET /jog/img/file_pdf.png HTTP/1.1" 200 581 "-" "Mozilla/5.0 (compatible; YandexImages/3.0; +http://yandex.com/bots)"
24.134.146.36 - - [16/Dec/2012:07:55:16 +0100] "GET /fiok/program_reszek/lovaglas.htm HTTP/1.1" 200 21486 "-" "findlinks/2.0.2 (+http://wortschatz.uni-leipzig.de/findlinks/)"
24.134.146.36 - - [16/Dec/2012:07:55:55 +0100] "GET /hirek/hirek090619.htm HTTP/1.1" 200 7871 "-" "findlinks/2.0.2 (+http://wortschatz.uni-leipzig.de/findlinks/)"
208.115.111.68 - - [16/Dec/2012:07:59:46 +0100] "GET /jog/eseteink/korosladany/ HTTP/1.1" 200 30713 "-" "Mozilla/5.0 (compatible; Ezooms/1.0; ezooms.bot@gmail.com)"
178.1.14.69 - - [16/Dec/2012:08:40:02 +0100] "GET /jog/adathozzaferes.htm HTTP/1.1" 200 13800 "-" "findlinks/2.6 (+http://wortschatz.uni-leipzig.de/findlinks/)"
208.115.111.68 - - [16/Dec/2012:09:22:07 +0100] "GET /robots.txt HTTP/1.1" 404 1181 "-" "Mozilla/5.0 (compatible; Ezooms/1.0; ezooms.bot@gmail.com)"
65.55.218.41 - - [16/Dec/2012:09:38:06 +0100] "GET /hirek/hirek100305.htm HTTP/1.1" 200 7091 "-" "Mozilla/4.0 (compatible; MSIE 7.0; Windows NT 5.2; SLCC1; .NET CLR 1.1.4322; .NET CLR 2.0.40607; .NET CLR 3.0.30729; .NET CLR 3.5.30729)"
65.55.218.41 - - [16/Dec/2012:09:38:06 +0100] "GET /vill.cs HTTP/1.1" 200 2676 "http://www.beklen.hu/hirek/hirek100305.htm" "Mozilla/4.0 (compatible; MSIE 7.0; Windows NT 5.2; SLCC1; .NET CLR 1.1.4322; .NET CLR 2.0.40607; .NET CLR 3.0.30729; .NET CLR 3.5.30729)"
81.182.43.221 - - [16/Dec/2012:10:14:28 +0100] "GET /fiok/gazdasag.htm HTTP/1.1" 200 22480 "http://www.google.hu/url?sa=t&rct=j&q=a%20szilaj%20l%C3%B3tart%C3%A9&source=web&cd=7&ved=0CFgQFjAG&url=http%3A%2F%2Fwww.beklen.hu%2Ffiok%2Fgazdasag.htm&ei=KZDNUO_OEsrTsga14oGoBg&usg=AFQjCNG-3-Xl40RoW1tEnrjbvv3nLm75uA&bvm=bv.1355325884,d.Yms" "Mozilla/5.0 (X11; Ubuntu; Linux i686; rv:17.0) Gecko/20100101 Firefox/17.0"
81.182.43.221 - - [16/Dec/2012:10:14:28 +0100] "GET /fiok/css/lightbox.css HTTP/1.1" 200 1715 "http://www.beklen.hu/fiok/gazdasag.htm" "Mozilla/5.0 (X11; Ubuntu; Linux i686; rv:17.0) Gecko/20100101 Firefox/17.0"
81.182.43.221 - - [16/Dec/2012:10:14:28 +0100] "GET /fiok/css/js/scriptaculous.js?load=effects HTTP/1.1" 200 2152 "http://www.beklen.hu/fiok/gazdasag.htm" "Mozilla/5.0 (X11; Ubuntu; Linux i686; rv:17.0) Gecko/20100101 Firefox/17.0"
81.182.43.221 - - [16/Dec/2012:10:14:28 +0100] "GET /fiok/images/index_02_02.JPG HTTP/1.1" 200 1178 "http://www.beklen.hu/fiok/gazdasag.htm" "Mozilla/5.0 (X11; Ubuntu; Linux i686; rv:17.0) Gecko/20100101 Firefox/17.0"
81.182.43.221 - - [16/Dec/2012:10:14:28 +0100] "GET /fiok/images/index_11.gif HTTP/1.1" 200 74 "http://www.beklen.hu/fiok/gazdasag.htm" "Mozilla/5.0 (X11; Ubuntu; Linux i686; rv:17.0) Gecko/20100101 Firefox/17.0"
81.182.43.221 - - [16/Dec/2012:10:14:28 +0100] "GET /fiok/images/index_12_12.JPG HTTP/1.1" 200 985 "http://www.beklen.hu/fiok/gazdasag.htm" "Mozilla/5.0 (X11; Ubuntu; Linux i686; rv:17.0) Gecko/20100101 Firefox/17.0"
81.182.43.221 - - [16/Dec/2012:10:14:29 +0100] "GET /fiok/images/index_13.gif HTTP/1.1" 200 149 "http://www.beklen.hu/fiok/gazdasag.htm" "Mozilla/5.0 (X11; Ubuntu; Linux i686; rv:17.0) Gecko/20100101 Firefox/17.0"
81.182.43.221 - - [16/Dec/2012:10:14:29 +0100] "GET /fiok/images/index_14_14.JPG HTTP/1.1" 200 9305 "http://www.beklen.hu/fiok/gazdasag.htm" "Mozilla/5.0 (X11; Ubuntu; Linux i686; rv:17.0) Gecko/20100101 Firefox/17.0"
81.182.43.221 - - [16/Dec/2012:10:14:29 +0100] "GET /fiok/css/js/lightbox.js HTTP/1.1" 200 23424 "http://www.beklen.hu/fiok/gazdasag.htm" "Mozilla/5.0 (X11; Ubuntu; Linux i686; rv:17.0) Gecko/20100101 Firefox/17.0"
81.182.43.221 - - [16/Dec/2012:10:14:29 +0100] "GET /fiok/images/index_15_15.JPG HTTP/1.1" 200 20275 "http://www.beklen.hu/fiok/gazdasag.htm" "Mozilla/5.0 (X11; Ubuntu; Linux i686; rv:17.0) Gecko/20100101 Firefox/17.0"
81.182.43.221 - - [16/Dec/2012:10:14:29 +0100] "GET /fiok/images/index_16_16.JPG HTTP/1.1" 200 13468 "http://www.beklen.hu/fiok/gazdasag.htm" "Mozilla/5.0 (X11; Ubuntu; Linux i686; rv:17.0) Gecko/20100101 Firefox/17.0"
81.182.43.221 - - [16/Dec/2012:10:14:29 +0100] "GET /fiok/images/index_17_17.jpg HTTP/1.1" 200 2374 "http://www.beklen.hu/fiok/gazdasag.htm" "Mozilla/5.0 (X11; Ubuntu; Linux i686; rv:17.0) Gecko/20100101 Firefox/17.0"
81.182.43.221 - - [16/Dec/2012:10:14:29 +0100] "GET /fiok/css/js/prototype.js HTTP/1.1" 200 47603 "http://www.beklen.hu/fiok/gazdasag.htm" "Mozilla/5.0 (X11; Ubuntu; Linux i686; rv:17.0) Gecko/20100101 Firefox/17.0"
81.182.43.221 - - [16/Dec/2012:10:14:29 +0100] "GET /fiok/images/index_18_18.JPG HTTP/1.1" 200 15778 "http://www.beklen.hu/fiok/gazdasag.htm" "Mozilla/5.0 (X11; Ubuntu; Linux i686; rv:17.0) Gecko/20100101 Firefox/17.0"
81.182.43.221 - - [16/Dec/2012:10:14:29 +0100] "GET /fiok/images/index_19_19.JPG HTTP/1.1" 200 3123 "http://www.beklen.hu/fiok/gazdasag.htm" "Mozilla/5.0 (X11; Ubuntu; Linux i686; rv:17.0) Gecko/20100101 Firefox/17.0"
81.182.43.221 - - [16/Dec/2012:10:14:29 +0100] "GET /fiok/images/index_25.gif HTTP/1.1" 200 708 "http://www.beklen.hu/fiok/gazdasag.htm" "Mozilla/5.0 (X11; Ubuntu; Linux i686; rv:17.0) Gecko/20100101 Firefox/17.0"
81.182.43.221 - - [16/Dec/2012:10:14:29 +0100] "GET /fiok/images/index_26.gif HTTP/1.1" 200 121 "http://www.beklen.hu/fiok/gazdasag.htm" "Mozilla/5.0 (X11; Ubuntu; Linux i686; rv:17.0) Gecko/20100101 Firefox/17.0"
81.182.43.221 - - [16/Dec/2012:10:14:29 +0100] "GET /fiok/images/index_27_27.jpg HTTP/1.1" 200 12876 "http://www.beklen.hu/fiok/gazdasag.htm" "Mozilla/5.0 (X11; Ubuntu; Linux i686; rv:17.0) Gecko/20100101 Firefox/17.0"
81.182.43.221 - - [16/Dec/2012:10:14:29 +0100] "GET /fiok/images/spacer.gif HTTP/1.1" 200 43 "http://www.beklen.hu/fiok/gazdasag.htm" "Mozilla/5.0 (X11; Ubuntu; Linux i686; rv:17.0) Gecko/20100101 Firefox/17.0"
81.182.43.221 - - [16/Dec/2012:10:14:29 +0100] "GET /fiok/images/a4a.jpg HTTP/1.1" 200 524 "http://www.beklen.hu/fiok/gazdasag.htm" "Mozilla/5.0 (X11; Ubuntu; Linux i686; rv:17.0) Gecko/20100101 Firefox/17.0"
81.182.43.221 - - [16/Dec/2012:10:14:29 +0100] "GET /fiok/images/b4b.jpg HTTP/1.1" 200 524 "http://www.beklen.hu/fiok/gazdasag.htm" "Mozilla/5.0 (X11; Ubuntu; Linux i686; rv:17.0) Gecko/20100101 Firefox/17.0"
81.182.43.221 - - [16/Dec/2012:10:14:29 +0100] "GET /fiok/images/c4c.jpg HTTP/1.1" 200 524 "http://www.beklen.hu/fiok/gazdasag.htm" "Mozilla/5.0 (X11; Ubuntu; Linux i686; rv:17.0) Gecko/20100101 Firefox/17.0"
81.182.43.221 - - [16/Dec/2012:10:14:29 +0100] "GET /fiok/css/js/effects.js HTTP/1.1" 200 31969 "http://www.beklen.hu/fiok/gazdasag.htm" "Mozilla/5.0 (X11; Ubuntu; Linux i686; rv:17.0) Gecko/20100101 Firefox/17.0"
81.182.43.221 - - [16/Dec/2012:10:14:29 +0100] "GET /fiok/images/d4d.jpg HTTP/1.1" 200 524 "http://www.beklen.hu/fiok/gazdasag.htm" "Mozilla/5.0 (X11; Ubuntu; Linux i686; rv:17.0) Gecko/20100101 Firefox/17.0"
81.182.43.221 - - [16/Dec/2012:10:14:29 +0100] "GET /fiok/images/e4e.jpg HTTP/1.1" 200 524 "http://www.beklen.hu/fiok/gazdasag.htm" "Mozilla/5.0 (X11; Ubuntu; Linux i686; rv:17.0) Gecko/20100101 Firefox/17.0"
81.182.43.221 - - [16/Dec/2012:10:14:29 +0100] "GET /fiok/kepek/01.jpg HTTP/1.1" 200 233771 "http://www.beklen.hu/fiok/gazdasag.htm" "Mozilla/5.0 (X11; Ubuntu; Linux i686; rv:17.0) Gecko/20100101 Firefox/17.0"
81.182.43.221 - - [16/Dec/2012:10:14:29 +0100] "GET /fiok/images/b12.jpg HTTP/1.1" 200 544 "http://www.beklen.hu/fiok/images/b12.jpg" "Mozilla/5.0 (X11; Ubuntu; Linux i686; rv:17.0) Gecko/20100101 Firefox/17.0"
81.182.43.221 - - [16/Dec/2012:10:14:29 +0100] "GET /fiok/images/index_22.gif HTTP/1.1" 200 227 "http://www.beklen.hu/fiok/images/index_22.gif" "Mozilla/5.0 (X11; Ubuntu; Linux i686; rv:17.0) Gecko/20100101 Firefox/17.0"
81.182.43.221 - - [16/Dec/2012:10:14:29 +0100] "GET /fiok/images/index_24.gif HTTP/1.1" 200 227 "http://www.beklen.hu/fiok/images/index_24.gif" "Mozilla/5.0 (X11; Ubuntu; Linux i686; rv:17.0) Gecko/20100101 Firefox/17.0"
81.182.43.221 - - [16/Dec/2012:10:14:29 +0100] "GET /fiok/images/index_28.gif HTTP/1.1" 200 262 "http://www.beklen.hu/fiok/images/index_28.gif" "Mozilla/5.0 (X11; Ubuntu; Linux i686; rv:17.0) Gecko/20100101 Firefox/17.0"
81.182.43.221 - - [16/Dec/2012:10:14:30 +0100] "GET /lb/images/loading.gif HTTP/1.1" 200 2767 "http://www.beklen.hu/fiok/gazdasag.htm" "Mozilla/5.0 (X11; Ubuntu; Linux i686; rv:17.0) Gecko/20100101 Firefox/17.0"
81.182.43.221 - - [16/Dec/2012:10:14:30 +0100] "GET /lb/images/closelabel.gif HTTP/1.1" 200 222 "http://www.beklen.hu/fiok/gazdasag.htm" "Mozilla/5.0 (X11; Ubuntu; Linux i686; rv:17.0) Gecko/20100101 Firefox/17.0"
81.182.43.221 - - [16/Dec/2012:10:14:30 +0100] "GET /favicon.ico HTTP/1.1" 404 1181 "-" "Mozilla/5.0 (X11; Ubuntu; Linux i686; rv:17.0) Gecko/20100101 Firefox/17.0"
81.182.43.221 - - [16/Dec/2012:10:14:30 +0100] "GET /favicon.ico HTTP/1.1" 404 1181 "-" "Mozilla/5.0 (X11; Ubuntu; Linux i686; rv:17.0) Gecko/20100101 Firefox/17.0"
208.115.111.68 - - [16/Dec/2012:11:05:05 +0100] "GET /jog/publikaciok.htm HTTP/1.1" 200 17866 "-" "Mozilla/5.0 (compatible; Ezooms/1.0; ezooms.bot@gmail.com)"
66.249.75.62 - - [16/Dec/2012:11:07:13 +0100] "GET /robots.txt HTTP/1.1" 404 1181 "-" "Mozilla/5.0 (compatible; Googlebot/2.1; +http://www.google.com/bot.html)"
66.249.75.62 - - [16/Dec/2012:11:07:13 +0100] "GET /jog/pub/fuzet_ HTTP/1.1" 404 1181 "-" "Mozilla/5.0 (compatible; Googlebot/2.1; +http://www.google.com/bot.html)"
208.115.113.84 - - [16/Dec/2012:15:28:27 +0100] "GET /robots.txt HTTP/1.1" 404 1181 "-" "Mozilla/5.0 (compatible; Ezooms/1.0; ezooms.bot@gmail.com)"
94.23.71.20 - - [16/Dec/2012:16:28:13 +0100] "GET / HTTP/1.0" 200 23965 "-" "Mozilla/5.0 (X11; Ubuntu; Linux i686; rv:13.0) Gecko/20100101 Firefox/13.0"
180.76.5.90 - - [16/Dec/2012:17:04:22 +0100] "GET /fiok/program_reszek/konferancia.htm HTTP/1.1" 200 21668 "-" "Mozilla/5.0 (compatible; Baiduspider/2.0; +http://www.baidu.com/search/spider.html)"
208.115.113.84 - - [16/Dec/2012:17:28:52 +0100] "GET /fiok/kapcsolat.htm HTTP/1.1" 200 17416 "-" "Mozilla/5.0 (compatible; Ezooms/1.0; ezooms.bot@gmail.com)"
208.115.113.84 - - [16/Dec/2012:17:28:52 +0100] "GET /jog/index.htm HTTP/1.1" 200 13138 "-" "Mozilla/5.0 (compatible; Ezooms/1.0; ezooms.bot@gmail.com)"
66.249.76.62 - - [16/Dec/2012:18:09:24 +0100] "GET /robots.txt HTTP/1.1" 404 1181 "-" "Mozilla/5.0 (compatible; Googlebot/2.1; +http://www.google.com/bot.html)"
66.249.76.62 - - [16/Dec/2012:18:09:25 +0100] "GET /fiok/program_reszek/madarmegfigyeles.htm HTTP/1.1" 304 - "-" "Mozilla/5.0 (compatible; Googlebot/2.1; +http://www.google.com/bot.html)"
109.199.38.143 - - [16/Dec/2012:19:00:59 +0100] "GET /jog/polgariper.htm HTTP/1.1" 200 13964 "https://www.google.hu/" "Mozilla/5.0 (Windows NT 5.1) AppleWebKit/537.11 (KHTML, like Gecko) Chrome/23.0.1271.97 Safari/537.11"
109.199.38.143 - - [16/Dec/2012:19:00:59 +0100] "GET /jog/css/script.js HTTP/1.1" 200 6975 "http://www.beklen.hu/jog/polgariper.htm" "Mozilla/5.0 (Windows NT 5.1) AppleWebKit/537.11 (KHTML, like Gecko) Chrome/23.0.1271.97 Safari/537.11"
109.199.38.143 - - [16/Dec/2012:19:00:59 +0100] "GET /jog/css/style.css HTTP/1.1" 200 23764 "http://www.beklen.hu/jog/polgariper.htm" "Mozilla/5.0 (Windows NT 5.1) AppleWebKit/537.11 (KHTML, like Gecko) Chrome/23.0.1271.97 Safari/537.11"
109.199.38.143 - - [16/Dec/2012:19:00:59 +0100] "GET /jog/css/jquery.js HTTP/1.1" 200 72174 "http://www.beklen.hu/jog/polgariper.htm" "Mozilla/5.0 (Windows NT 5.1) AppleWebKit/537.11 (KHTML, like Gecko) Chrome/23.0.1271.97 Safari/537.11"
109.199.38.143 - - [16/Dec/2012:19:00:59 +0100] "GET /jog2/images/spacer.gif HTTP/1.1" 200 43 "http://www.beklen.hu/jog/polgariper.htm" "Mozilla/5.0 (Windows NT 5.1) AppleWebKit/537.11 (KHTML, like Gecko) Chrome/23.0.1271.97 Safari/537.11"
109.199.38.143 - - [16/Dec/2012:19:01:00 +0100] "GET /jog2/images/nav.png HTTP/1.1" 200 11000 "http://www.beklen.hu/jog/polgariper.htm" "Mozilla/5.0 (Windows NT 5.1) AppleWebKit/537.11 (KHTML, like Gecko) Chrome/23.0.1271.97 Safari/537.11"
109.199.38.143 - - [16/Dec/2012:19:01:00 +0100] "GET /jog2/images/sidebar_bg.png HTTP/1.1" 200 96 "http://www.beklen.hu/jog/polgariper.htm" "Mozilla/5.0 (Windows NT 5.1) AppleWebKit/537.11 (KHTML, like Gecko) Chrome/23.0.1271.97 Safari/537.11"
109.199.38.143 - - [16/Dec/2012:19:01:00 +0100] "GET /jog2/images/vmenuitem.png HTTP/1.1" 200 1672 "http://www.beklen.hu/jog/polgariper.htm" "Mozilla/5.0 (Windows NT 5.1) AppleWebKit/537.11 (KHTML, like Gecko) Chrome/23.0.1271.97 Safari/537.11"
109.199.38.143 - - [16/Dec/2012:19:01:00 +0100] "GET /jog2/images/post_s.png HTTP/1.1" 200 466 "http://www.beklen.hu/jog/polgariper.htm" "Mozilla/5.0 (Windows NT 5.1) AppleWebKit/537.11 (KHTML, like Gecko) Chrome/23.0.1271.97 Safari/537.11"
109.199.38.143 - - [16/Dec/2012:19:01:00 +0100] "GET /jog2/images/post_h.png HTTP/1.1" 200 292 "http://www.beklen.hu/jog/polgariper.htm" "Mozilla/5.0 (Windows NT 5.1) AppleWebKit/537.11 (KHTML, like Gecko) Chrome/23.0.1271.97 Safari/537.11"
109.199.38.143 - - [16/Dec/2012:19:01:00 +0100] "GET /jog2/images/Bottom_texture.jpg HTTP/1.1" 200 193775 "http://www.beklen.hu/jog/polgariper.htm" "Mozilla/5.0 (Windows NT 5.1) AppleWebKit/537.11 (KHTML, like Gecko) Chrome/23.0.1271.97 Safari/537.11"
109.199.38.143 - - [16/Dec/2012:19:01:00 +0100] "GET /jog2/images/post_v.png HTTP/1.1" 200 310 "http://www.beklen.hu/jog/polgariper.htm" "Mozilla/5.0 (Windows NT 5.1) AppleWebKit/537.11 (KHTML, like Gecko) Chrome/23.0.1271.97 Safari/537.11"
109.199.38.143 - - [16/Dec/2012:19:01:00 +0100] "GET /jog2/images/post_c.png HTTP/1.1" 200 204 "http://www.beklen.hu/jog/polgariper.htm" "Mozilla/5.0 (Windows NT 5.1) AppleWebKit/537.11 (KHTML, like Gecko) Chrome/23.0.1271.97 Safari/537.11"
109.199.38.143 - - [16/Dec/2012:19:01:00 +0100] "GET /jog/img/320/albofalevel1.jpg HTTP/1.1" 200 14351 "http://www.beklen.hu/jog/polgariper.htm" "Mozilla/5.0 (Windows NT 5.1) AppleWebKit/537.11 (KHTML, like Gecko) Chrome/23.0.1271.97 Safari/537.11"
109.199.38.143 - - [16/Dec/2012:19:01:00 +0100] "GET /jog2/images/header.png HTTP/1.1" 200 170837 "http://www.beklen.hu/jog/polgariper.htm" "Mozilla/5.0 (Windows NT 5.1) AppleWebKit/537.11 (KHTML, like Gecko) Chrome/23.0.1271.97 Safari/537.11"
109.199.38.143 - - [16/Dec/2012:19:01:00 +0100] "GET /jog2/images/button.png HTTP/1.1" 200 27118 "http://www.beklen.hu/jog/polgariper.htm" "Mozilla/5.0 (Windows NT 5.1) AppleWebKit/537.11 (KHTML, like Gecko) Chrome/23.0.1271.97 Safari/537.11"
109.199.38.143 - - [16/Dec/2012:19:01:02 +0100] "GET /jog2/images/subitem.png HTTP/1.1" 200 81 "http://www.beklen.hu/jog/polgariper.htm" "Mozilla/5.0 (Windows NT 5.1) AppleWebKit/537.11 (KHTML, like Gecko) Chrome/23.0.1271.97 Safari/537.11"
109.199.38.143 - - [16/Dec/2012:19:01:02 +0100] "GET /jog2/images/menuitem.png HTTP/1.1" 200 20960 "http://www.beklen.hu/jog/polgariper.htm" "Mozilla/5.0 (Windows NT 5.1) AppleWebKit/537.11 (KHTML, like Gecko) Chrome/23.0.1271.97 Safari/537.11"
109.199.38.143 - - [16/Dec/2012:19:01:03 +0100] "GET /jog/favicon.ico HTTP/1.1" 200 1150 "-" "Mozilla/5.0 (Windows NT 5.1) AppleWebKit/537.11 (KHTML, like Gecko) Chrome/23.0.1271.97 Safari/537.11"
