194.176.228.50 - - [10/Dec/2012:15:50:13 +0100] "GET /jog2/images/post_v.png HTTP/1.1" 200 310 "http://www.beklen.hu/jog/slapp.htm" "Mozilla/5.0 (Symbian/3; Series60/5.3 NokiaE6-00/111.130.0625; Profile/MIDP-2.1 Configuration/CLDC-1.1 ) AppleWebKit/533.4 (KHTML, like Gecko) NokiaBrowser/7.4.2.6 Mobile Safari/533.4 3gpp-gba"
194.176.228.50 - - [10/Dec/2012:15:50:13 +0100] "GET /jog2/images/vmenuitem.png HTTP/1.1" 200 1672 "http://www.beklen.hu/jog/slapp.htm" "Mozilla/5.0 (Symbian/3; Series60/5.3 NokiaE6-00/111.130.0625; Profile/MIDP-2.1 Configuration/CLDC-1.1 ) AppleWebKit/533.4 (KHTML, like Gecko) NokiaBrowser/7.4.2.6 Mobile Safari/533.4 3gpp-gba"
194.176.228.50 - - [10/Dec/2012:15:50:13 +0100] "GET /jog2/images/post_s.png HTTP/1.1" 200 466 "http://www.beklen.hu/jog/slapp.htm" "Mozilla/5.0 (Symbian/3; Series60/5.3 NokiaE6-00/111.130.0625; Profile/MIDP-2.1 Configuration/CLDC-1.1 ) AppleWebKit/533.4 (KHTML, like Gecko) NokiaBrowser/7.4.2.6 Mobile Safari/533.4 3gpp-gba"
194.176.228.50 - - [10/Dec/2012:15:50:13 +0100] "GET /jog2/images/post_h.png HTTP/1.1" 200 292 "http://www.beklen.hu/jog/slapp.htm" "Mozilla/5.0 (Symbian/3; Series60/5.3 NokiaE6-00/111.130.0625; Profile/MIDP-2.1 Configuration/CLDC-1.1 ) AppleWebKit/533.4 (KHTML, like Gecko) NokiaBrowser/7.4.2.6 Mobile Safari/533.4 3gpp-gba"
194.176.228.50 - - [10/Dec/2012:15:50:14 +0100] "GET /jog2/images/post_c.png HTTP/1.1" 200 204 "http://www.beklen.hu/jog/slapp.htm" "Mozilla/5.0 (Symbian/3; Series60/5.3 NokiaE6-00/111.130.0625; Profile/MIDP-2.1 Configuration/CLDC-1.1 ) AppleWebKit/533.4 (KHTML, like Gecko) NokiaBrowser/7.4.2.6 Mobile Safari/533.4 3gpp-gba"
194.176.228.50 - - [10/Dec/2012:15:50:14 +0100] "GET /jog/img/hammer.jpg HTTP/1.1" 200 10094 "http://www.beklen.hu/jog/slapp.htm" "Mozilla/5.0 (Symbian/3; Series60/5.3 NokiaE6-00/111.130.0625; Profile/MIDP-2.1 Configuration/CLDC-1.1 ) AppleWebKit/533.4 (KHTML, like Gecko) NokiaBrowser/7.4.2.6 Mobile Safari/533.4 3gpp-gba"
194.176.228.50 - - [10/Dec/2012:15:50:18 +0100] "GET /jog2/images/menuitem.png HTTP/1.1" 200 20960 "http://www.beklen.hu/jog/slapp.htm" "Mozilla/5.0 (Symbian/3; Series60/5.3 NokiaE6-00/111.130.0625; Profile/MIDP-2.1 Configuration/CLDC-1.1 ) AppleWebKit/533.4 (KHTML, like Gecko) NokiaBrowser/7.4.2.6 Mobile Safari/533.4 3gpp-gba"
194.176.228.50 - - [10/Dec/2012:15:50:25 +0100] "GET /jog2/images/button.png HTTP/1.1" 200 27118 "http://www.beklen.hu/jog/slapp.htm" "Mozilla/5.0 (Symbian/3; Series60/5.3 NokiaE6-00/111.130.0625; Profile/MIDP-2.1 Configuration/CLDC-1.1 ) AppleWebKit/533.4 (KHTML, like Gecko) NokiaBrowser/7.4.2.6 Mobile Safari/533.4 3gpp-gba"
194.176.228.50 - - [10/Dec/2012:15:51:48 +0100] "GET /jog2/images/header.png HTTP/1.1" 200 170837 "http://www.beklen.hu/jog/slapp.htm" "Mozilla/5.0 (Symbian/3; Series60/5.3 NokiaE6-00/111.130.0625; Profile/MIDP-2.1 Configuration/CLDC-1.1 ) AppleWebKit/533.4 (KHTML, like Gecko) NokiaBrowser/7.4.2.6 Mobile Safari/533.4 3gpp-gba"
194.176.228.50 - - [10/Dec/2012:15:51:57 +0100] "GET /jog2/images/Bottom_texture.jpg HTTP/1.1" 200 193775 "http://www.beklen.hu/jog/slapp.htm" "Mozilla/5.0 (Symbian/3; Series60/5.3 NokiaE6-00/111.130.0625; Profile/MIDP-2.1 Configuration/CLDC-1.1 ) AppleWebKit/533.4 (KHTML, like Gecko) NokiaBrowser/7.4.2.6 Mobile Safari/533.4 3gpp-gba"
194.176.228.50 - - [10/Dec/2012:15:52:01 +0100] "GET /jog/favicon.ico HTTP/1.1" 200 1150 "http://www.beklen.hu/jog/slapp.htm" "Mozilla/5.0 (Symbian/3; Series60/5.3 NokiaE6-00/111.130.0625; Profile/MIDP-2.1 Configuration/CLDC-1.1 ) AppleWebKit/533.4 (KHTML, like Gecko) NokiaBrowser/7.4.2.6 Mobile Safari/533.4 3gpp-gba"
180.76.6.224 - - [10/Dec/2012:16:17:24 +0100] "GET /fiok/program_reszek/taborok.htm HTTP/1.1" 304 - "-" "Mozilla/5.0 (compatible; Baiduspider/2.0; +http://www.baidu.com/search/spider.html)"
66.249.76.62 - - [10/Dec/2012:16:39:08 +0100] "GET /robots.txt HTTP/1.1" 404 1181 "-" "Mozilla/5.0 (compatible; Googlebot/2.1; +http://www.google.com/bot.html)"
66.249.76.62 - - [10/Dec/2012:16:39:09 +0100] "GET /jog/eseteink/korosladany/felugyelosegnek_3.pdf HTTP/1.1" 304 - "-" "Mozilla/5.0 (compatible; Googlebot/2.1; +http://www.google.com/bot.html)"
208.115.111.68 - - [10/Dec/2012:17:20:10 +0100] "GET /robots.txt HTTP/1.1" 404 1181 "-" "Mozilla/5.0 (compatible; Ezooms/1.0; ezooms.bot@gmail.com)"
66.249.76.62 - - [10/Dec/2012:17:40:46 +0100] "GET /jog/eseteink/korosladany/index.htm HTTP/1.1" 200 30713 "-" "Mozilla/5.0 (compatible; Googlebot/2.1; +http://www.google.com/bot.html)"
66.249.76.62 - - [10/Dec/2012:17:57:12 +0100] "GET /jog/lb/css/lightbox.css HTTP/1.1" 200 1715 "-" "Mozilla/5.0 (compatible; Googlebot/2.1; +http://www.google.com/bot.html)"
66.249.76.62 - - [10/Dec/2012:17:57:14 +0100] "GET /jog/style.css HTTP/1.1" 200 21413 "-" "Mozilla/5.0 (compatible; Googlebot/2.1; +http://www.google.com/bot.html)"
66.249.76.62 - - [10/Dec/2012:18:06:59 +0100] "GET /jog/eseteink/korosladany/k%C3%B6tvife_kekto_adatkeres.pdf HTTP/1.1" 404 1181 "-" "Mozilla/5.0 (compatible; Googlebot/2.1; +http://www.google.com/bot.html)"
188.142.254.129 - - [10/Dec/2012:18:19:17 +0100] "GET /jog/eseteink/audi/audi_gyor_restoration_measures1-10.pdf HTTP/1.1" 200 242112 "http://www.google.hu/url?sa=t&rct=j&q=6260%20natura%202000&source=web&cd=4&cad=rja&ved=0CD0QFjAD&url=http%3A%2F%2Fwww.beklen.hu%2Fjog%2Feseteink%2Faudi%2Faudi_gyor_restoration_measures1-10.pdf&ei=hRnGUNf3LZCWswbFioHwCw&usg=AFQjCNE5kCGiUpJed4VX6nFNeJ8jPtSNqA" "Mozilla/5.0 (Windows NT 6.1; WOW64) AppleWebKit/537.11 (KHTML, like Gecko) Chrome/23.0.1271.95 Safari/537.11"
188.142.254.129 - - [10/Dec/2012:18:19:17 +0100] "GET /jog/eseteink/audi/audi_gyor_restoration_measures1-10.pdf HTTP/1.1" 206 32768 "http://www.beklen.hu/jog/eseteink/audi/audi_gyor_restoration_measures1-10.pdf" "Mozilla/5.0 (Windows NT 6.1; WOW64) AppleWebKit/537.11 (KHTML, like Gecko) Chrome/23.0.1271.95 Safari/537.11"
188.142.254.129 - - [10/Dec/2012:18:19:17 +0100] "GET /favicon.ico HTTP/1.1" 404 1181 "-" "Mozilla/5.0 (Windows NT 6.1; WOW64) AppleWebKit/537.11 (KHTML, like Gecko) Chrome/23.0.1271.95 Safari/537.11"
188.142.254.129 - - [10/Dec/2012:18:19:20 +0100] "GET /jog/eseteink/audi/audi_gyor_restoration_measures1-10.pdf HTTP/1.1" 206 4214426 "http://www.beklen.hu/jog/eseteink/audi/audi_gyor_restoration_measures1-10.pdf" "Mozilla/5.0 (Windows NT 6.1; WOW64) AppleWebKit/537.11 (KHTML, like Gecko) Chrome/23.0.1271.95 Safari/537.11"
66.249.76.62 - - [10/Dec/2012:18:45:43 +0100] "GET /jog/eseteink/korosladany/k%C3%B6zighivatalnak_lad%C3%A1ny.pdf HTTP/1.1" 404 1181 "-" "Mozilla/5.0 (compatible; Googlebot/2.1; +http://www.google.com/bot.html)"
66.249.76.62 - - [10/Dec/2012:19:04:11 +0100] "GET /jog/eseteink/korosladany/%C3%BCgy%C3%A9szs%C3%A9g_1_derekegyhaza.pdf HTTP/1.1" 404 1181 "-" "Mozilla/5.0 (compatible; Googlebot/2.1; +http://www.google.com/bot.html)"
66.249.76.62 - - [10/Dec/2012:19:12:34 +0100] "GET /jog/jogszabalyok/2003_evi_xxxii_torveny.doc HTTP/1.1" 200 463872 "-" "Mozilla/5.0 (compatible; Googlebot/2.1; +http://www.google.com/bot.html)"
66.249.76.62 - - [10/Dec/2012:19:28:17 +0100] "GET /jog/slapp.htm HTTP/1.1" 200 21314 "-" "Mozilla/5.0 (iPhone; U; CPU iPhone OS 4_1 like Mac OS X; en-us) AppleWebKit/532.9 (KHTML, like Gecko) Version/4.0.5 Mobile/8B117 Safari/6531.22.7 (compatible; Googlebot-Mobile/2.1; +http://www.google.com/bot.html)"
66.249.76.62 - - [10/Dec/2012:19:32:05 +0100] "GET /jog/eseteink/korosladany/k%C3%B6tefive_erdeklodes_vegrehajtassal_kapcsolatban.pdf HTTP/1.1" 404 1181 "-" "Mozilla/5.0 (compatible; Googlebot/2.1; +http://www.google.com/bot.html)"
66.249.76.62 - - [10/Dec/2012:19:36:38 +0100] "GET /jog/eseteink/korosladany/miniszt%C3%A9rium_fougyeszs%C3%A9g_felugyeleti_intezkedes.pdf HTTP/1.1" 404 1181 "-" "Mozilla/5.0 (compatible; Googlebot/2.1; +http://www.google.com/bot.html)"
66.249.76.62 - - [10/Dec/2012:19:59:33 +0100] "GET /jog/eseteink/korosladany/adatk%C3%A9r%C3%A9s_k%C3%B6r%C3%B6slad%C3%A1ny_helyi%20_v%C3%A9dett.pdf HTTP/1.1" 404 1181 "-" "Mozilla/5.0 (compatible; Googlebot/2.1; +http://www.google.com/bot.html)"
208.115.111.68 - - [10/Dec/2012:20:03:20 +0100] "GET /english/contact.htm HTTP/1.1" 200 4601 "-" "Mozilla/5.0 (compatible; Ezooms/1.0; ezooms.bot@gmail.com)"
84.2.112.110 - - [10/Dec/2012:20:10:40 +0100] "GET /jog/eseteink/korosladany/felugyelosegnek_3.pdf HTTP/1.1" 200 121763 "http://www.google.hu/url?sa=t&rct=j&q=&esrc=s&source=web&cd=51&ved=0CC0QFjAAODI&url=http%3A%2F%2Fwww.beklen.hu%2Fjog%2Feseteink%2Fkorosladany%2Ffelugyelosegnek_3.pdf&ei=pzPGUJvtOJHIswaSnoDYCQ&usg=AFQjCNHBSlVZ8QUHSOHI_mvC--Yi8t0u7Q&sig2=ukZdyB2aILvXS_ifCYZJmQ" "Mozilla/5.0 (Windows NT 5.1) AppleWebKit/537.11 (KHTML, like Gecko) Chrome/23.0.1271.95 Safari/537.11"
84.2.112.110 - - [10/Dec/2012:20:10:41 +0100] "GET /jog/eseteink/korosladany/felugyelosegnek_3.pdf HTTP/1.1" 206 32768 "http://www.beklen.hu/jog/eseteink/korosladany/felugyelosegnek_3.pdf" "Mozilla/5.0 (Windows NT 5.1) AppleWebKit/537.11 (KHTML, like Gecko) Chrome/23.0.1271.95 Safari/537.11"
84.2.112.110 - - [10/Dec/2012:20:10:41 +0100] "GET /favicon.ico HTTP/1.1" 404 1181 "-" "Mozilla/5.0 (Windows NT 5.1) AppleWebKit/537.11 (KHTML, like Gecko) Chrome/23.0.1271.95 Safari/537.11"
84.2.112.110 - - [10/Dec/2012:20:10:41 +0100] "GET /jog/eseteink/korosladany/felugyelosegnek_3.pdf HTTP/1.1" 206 81998 "http://www.beklen.hu/jog/eseteink/korosladany/felugyelosegnek_3.pdf" "Mozilla/5.0 (Windows NT 5.1) AppleWebKit/537.11 (KHTML, like Gecko) Chrome/23.0.1271.95 Safari/537.11"
84.2.112.110 - - [10/Dec/2012:20:10:42 +0100] "GET /jog/eseteink/korosladany/felugyelosegnek_3.pdf HTTP/1.1" 206 6997 "http://www.beklen.hu/jog/eseteink/korosladany/felugyelosegnek_3.pdf" "Mozilla/5.0 (Windows NT 5.1) AppleWebKit/537.11 (KHTML, like Gecko) Chrome/23.0.1271.95 Safari/537.11"
180.76.5.58 - - [10/Dec/2012:20:12:43 +0100] "GET /robots.txt HTTP/1.1" 404 1181 "-" "Mozilla/5.0 (Windows NT 5.1; rv:6.0.2) Gecko/20100101 Firefox/6.0.2"
157.55.17.75 - - [10/Dec/2012:20:28:58 +0100] "GET /jog/eseteink/korosladany/index.htm HTTP/1.1" 200 30713 "-" "Mozilla/4.0 (compatible; MSIE 7.0; Windows NT 5.1; SV1; .NET CLR 1.1.4322; .NET CLR 2.0.40607; .NET CLR 3.0.30729; .NET CLR 3.5.30729)"
157.55.17.75 - - [10/Dec/2012:20:28:59 +0100] "GET /jog/style.css HTTP/1.1" 200 21413 "http://www.beklen.hu/jog/eseteink/korosladany/index.htm" "Mozilla/4.0 (compatible; MSIE 7.0; Windows NT 5.1; SV1; .NET CLR 1.1.4322; .NET CLR 2.0.40607; .NET CLR 3.0.30729; .NET CLR 3.5.30729)"
157.55.17.75 - - [10/Dec/2012:20:28:59 +0100] "GET /jog/eseteink/korosladany/style.ie7.css HTTP/1.1" 404 1181 "http://www.beklen.hu/jog/eseteink/korosladany/index.htm" "Mozilla/4.0 (compatible; MSIE 7.0; Windows NT 5.1; SV1; .NET CLR 1.1.4322; .NET CLR 2.0.40607; .NET CLR 3.0.30729; .NET CLR 3.5.30729)"
157.55.17.75 - - [10/Dec/2012:20:29:01 +0100] "GET /jog/jquery.js HTTP/1.1" 200 72174 "http://www.beklen.hu/jog/eseteink/korosladany/index.htm" "Mozilla/4.0 (compatible; MSIE 7.0; Windows NT 5.1; SV1; .NET CLR 1.1.4322; .NET CLR 2.0.40607; .NET CLR 3.0.30729; .NET CLR 3.5.30729)"
157.55.17.75 - - [10/Dec/2012:20:29:06 +0100] "GET /jog/script.js HTTP/1.1" 200 5674 "http://www.beklen.hu/jog/eseteink/korosladany/index.htm" "Mozilla/4.0 (compatible; MSIE 7.0; Windows NT 5.1; SV1; .NET CLR 1.1.4322; .NET CLR 2.0.40607; .NET CLR 3.0.30729; .NET CLR 3.5.30729)"
157.55.17.75 - - [10/Dec/2012:20:29:07 +0100] "GET /jog/lb/js/prototype.js HTTP/1.1" 200 47603 "http://www.beklen.hu/jog/eseteink/korosladany/index.htm" "Mozilla/4.0 (compatible; MSIE 7.0; Windows NT 5.1; SV1; .NET CLR 1.1.4322; .NET CLR 2.0.40607; .NET CLR 3.0.30729; .NET CLR 3.5.30729)"
157.55.17.75 - - [10/Dec/2012:20:29:08 +0100] "GET /jog/lb/js/scriptaculous.js?load=effects HTTP/1.1" 200 2152 "http://www.beklen.hu/jog/eseteink/korosladany/index.htm" "Mozilla/4.0 (compatible; MSIE 7.0; Windows NT 5.1; SV1; .NET CLR 1.1.4322; .NET CLR 2.0.40607; .NET CLR 3.0.30729; .NET CLR 3.5.30729)"
157.55.17.75 - - [10/Dec/2012:20:29:11 +0100] "GET /jog/lb/js/effects.js HTTP/1.1" 200 31969 "http://www.beklen.hu/jog/eseteink/korosladany/index.htm" "Mozilla/4.0 (compatible; MSIE 7.0; Windows NT 5.1; SV1; .NET CLR 1.1.4322; .NET CLR 2.0.40607; .NET CLR 3.0.30729; .NET CLR 3.5.30729)"
157.55.17.75 - - [10/Dec/2012:20:29:12 +0100] "GET /jog/lb/js/lightbox.js HTTP/1.1" 200 23431 "http://www.beklen.hu/jog/eseteink/korosladany/index.htm" "Mozilla/4.0 (compatible; MSIE 7.0; Windows NT 5.1; SV1; .NET CLR 1.1.4322; .NET CLR 2.0.40607; .NET CLR 3.0.30729; .NET CLR 3.5.30729)"
157.55.17.75 - - [10/Dec/2012:20:29:14 +0100] "GET /jog/lb/css/lightbox.css HTTP/1.1" 200 1715 "http://www.beklen.hu/jog/eseteink/korosladany/index.htm" "Mozilla/4.0 (compatible; MSIE 7.0; Windows NT 5.1; SV1; .NET CLR 1.1.4322; .NET CLR 2.0.40607; .NET CLR 3.0.30729; .NET CLR 3.5.30729)"
66.249.76.62 - - [10/Dec/2012:20:42:40 +0100] "GET /fiok/gazdasag.htm HTTP/1.1" 200 22480 "-" "Mozilla/5.0 (compatible; Googlebot/2.1; +http://www.google.com/bot.html)"
66.249.76.62 - - [10/Dec/2012:20:55:24 +0100] "GET /fiok/kepek/01.jpg HTTP/1.1" 200 233771 "-" "Googlebot-Image/1.0"
66.249.76.62 - - [10/Dec/2012:21:16:13 +0100] "GET /hirek/Microsoft%20Word%20-%20csongradi%20duzzaszto%20velemeny%202009.06.11..doc.pdf HTTP/1.1" 200 321155 "-" "Googlebot/2.1 (+http://www.google.com/bot.html)"
208.115.111.68 - - [10/Dec/2012:21:17:53 +0100] "GET /robots.txt HTTP/1.1" 404 1181 "-" "Mozilla/5.0 (compatible; Ezooms/1.0; ezooms.bot@gmail.com)"
66.249.76.62 - - [10/Dec/2012:23:04:16 +0100] "GET /khb/beklen_2009_kh_jelentes.pdf HTTP/1.1" 200 258938 "-" "Mozilla/5.0 (compatible; Googlebot/2.1; +http://www.google.com/bot.html)"
178.154.210.252 - - [11/Dec/2012:00:04:02 +0100] "GET /robots.txt HTTP/1.1" 404 1181 "-" "Mozilla/5.0 (compatible; YandexBot/3.0; +http://yandex.com/bots)"
66.249.76.62 - - [11/Dec/2012:00:22:49 +0100] "GET /fiok/index.html HTTP/1.1" 200 20554 "-" "Mozilla/5.0 (compatible; Googlebot/2.1; +http://www.google.com/bot.html)"
66.249.76.62 - - [11/Dec/2012:00:25:56 +0100] "GET /fiok HTTP/1.1" 301 312 "-" "Mozilla/5.0 (compatible; Googlebot/2.1; +http://www.google.com/bot.html)"
66.249.76.62 - - [11/Dec/2012:00:25:58 +0100] "GET /fiok/ HTTP/1.1" 200 20554 "-" "Mozilla/5.0 (compatible; Googlebot/2.1; +http://www.google.com/bot.html)"
180.76.5.98 - - [11/Dec/2012:00:51:19 +0100] "GET /fiok/ HTTP/1.1" 304 - "-" "Mozilla/5.0 (compatible; Baiduspider/2.0; +http://www.baidu.com/search/spider.html)"
66.249.76.62 - - [11/Dec/2012:01:16:10 +0100] "GET /jog/eseteink/audi/audi_gyor_restoration_measures1-10.pdf HTTP/1.1" 304 - "-" "Mozilla/5.0 (compatible; Googlebot/2.1; +http://www.google.com/bot.html)"
130.83.167.153 - - [11/Dec/2012:01:25:31 +0100] "GET /jog/zoldombudsman.htm HTTP/1.1" 200 13369 "-" "findlinks/2.6 (+http://wortschatz.uni-leipzig.de/findlinks/)"
66.249.76.62 - - [11/Dec/2012:02:09:27 +0100] "GET /jog/polgariper.htm HTTP/1.1" 200 13964 "-" "Mozilla/5.0 (compatible; Googlebot/2.1; +http://www.google.com/bot.html)"
139.18.2.209 - - [11/Dec/2012:02:34:14 +0100] "GET /hirarchivum.htm HTTP/1.1" 200 24981 "-" "findlinks/2.6 (+http://wortschatz.uni-leipzig.de/findlinks/)"
66.249.76.62 - - [11/Dec/2012:02:36:35 +0100] "GET /fiok/kornyezet.htm HTTP/1.1" 200 22582 "-" "Mozilla/5.0 (compatible; Googlebot/2.1; +http://www.google.com/bot.html)"
66.249.76.62 - - [11/Dec/2012:02:41:59 +0100] "GET /fiok/kepek/03.jpg HTTP/1.1" 200 80154 "-" "Googlebot-Image/1.0"
66.249.76.62 - - [11/Dec/2012:02:42:01 +0100] "GET /fiok/kepek/02.jpg HTTP/1.1" 200 82993 "-" "Googlebot-Image/1.0"
66.249.76.62 - - [11/Dec/2012:02:57:21 +0100] "GET /fiok/programok.htm HTTP/1.1" 200 18165 "-" "Mozilla/5.0 (compatible; Googlebot/2.1; +http://www.google.com/bot.html)"
65.55.211.24 - - [11/Dec/2012:02:58:04 +0100] "GET /robots.txt HTTP/1.1" 404 1181 "-" "msnbot-media/1.1 (+http://search.msn.com/msnbot.htm)"
65.55.211.24 - - [11/Dec/2012:02:58:04 +0100] "GET /uszt-tabla_.jpg HTTP/1.1" 200 4543 "-" "msnbot-media/1.1 (+http://search.msn.com/msnbot.htm)"
66.249.76.62 - - [11/Dec/2012:03:53:38 +0100] "GET /fiok/kapcsolat.htm HTTP/1.1" 200 17416 "-" "Mozilla/5.0 (compatible; Googlebot/2.1; +http://www.google.com/bot.html)"
66.249.76.62 - - [11/Dec/2012:04:01:08 +0100] "GET /media.htm HTTP/1.1" 200 5208 "-" "Mozilla/5.0 (iPhone; U; CPU iPhone OS 4_1 like Mac OS X; en-us) AppleWebKit/532.9 (KHTML, like Gecko) Version/4.0.5 Mobile/8B117 Safari/6531.22.7 (compatible; Googlebot-Mobile/2.1; +http://www.google.com/bot.html)"
66.249.76.62 - - [11/Dec/2012:04:34:07 +0100] "GET /jog/jogszabalyok/348_2006.korm.rendelet.pdf HTTP/1.1" 304 - "-" "Mozilla/5.0 (compatible; Googlebot/2.1; +http://www.google.com/bot.html)"
130.83.167.153 - - [11/Dec/2012:04:57:08 +0100] "GET /programok.htm HTTP/1.1" 200 6444 "-" "findlinks/2.6 (+http://wortschatz.uni-leipzig.de/findlinks/)"
66.249.76.62 - - [11/Dec/2012:05:09:45 +0100] "GET /robots.txt HTTP/1.1" 404 1181 "-" "Mozilla/5.0 (compatible; Googlebot/2.1; +http://www.google.com/bot.html)"
66.249.76.62 - - [11/Dec/2012:05:09:45 +0100] "GET /jog/pub/fuzet_beliv_jav2.pdf HTTP/1.1" 304 - "-" "Mozilla/5.0 (compatible; Googlebot/2.1; +http://www.google.com/bot.html)"
178.154.210.252 - - [11/Dec/2012:05:20:35 +0100] "GET / HTTP/1.1" 200 23965 "-" "Mozilla/5.0 (compatible; YandexBot/3.0; +http://yandex.com/bots)"
66.249.76.62 - - [11/Dec/2012:05:39:01 +0100] "GET /jog/ HTTP/1.1" 200 13138 "-" "Mozilla/5.0 (compatible; Googlebot/2.1; +http://www.google.com/bot.html)"
66.249.76.62 - - [11/Dec/2012:05:54:27 +0100] "GET /jog/jogszabalyok/2011_clxxv.pdf HTTP/1.1" 304 - "-" "Mozilla/5.0 (compatible; Googlebot/2.1; +http://www.google.com/bot.html)"
66.249.76.62 - - [11/Dec/2012:05:55:16 +0100] "GET /jog/img/320/sargarigo2.jpg HTTP/1.1" 200 17500 "http://www.beklen.hu/jog/" "Mozilla/5.0 (compatible; Googlebot/2.1; +http://www.google.com/bot.html)"
66.249.76.62 - - [11/Dec/2012:05:55:23 +0100] "GET /jog/img/nca_logo_.png HTTP/1.1" 200 7180 "http://www.beklen.hu/jog/" "Mozilla/5.0 (compatible; Googlebot/2.1; +http://www.google.com/bot.html)"
66.249.76.62 - - [11/Dec/2012:05:55:25 +0100] "GET /jog/img/magyar_cimer.png HTTP/1.1" 200 1900 "http://www.beklen.hu/jog/" "Mozilla/5.0 (compatible; Googlebot/2.1; +http://www.google.com/bot.html)"
66.249.76.62 - - [11/Dec/2012:05:56:05 +0100] "GET /jog/eseteink/derekegyhaza/kotvife_kekto_3.pdf HTTP/1.1" 200 136539 "-" "Mozilla/5.0 (compatible; Googlebot/2.1; +http://www.google.com/bot.html)"
66.249.76.62 - - [11/Dec/2012:05:56:13 +0100] "GET /jog/eseteink/kavicszatony/mura_bejelentes1.pdf HTTP/1.1" 304 - "-" "Mozilla/5.0 (compatible; Googlebot/2.1; +http://www.google.com/bot.html)"
66.249.76.62 - - [11/Dec/2012:06:02:27 +0100] "GET /jog/eseteink/korosladany/korosladany_ugyeszseg.pdf HTTP/1.1" 304 - "-" "Mozilla/5.0 (compatible; Googlebot/2.1; +http://www.google.com/bot.html)"
66.249.76.62 - - [11/Dec/2012:06:03:36 +0100] "GET /jog/eseteink/audi/application_of_hungarian_authorities_for_the_commission_opinion_2.pdf HTTP/1.1" 304 - "-" "Mozilla/5.0 (compatible; Googlebot/2.1; +http://www.google.com/bot.html)"
66.249.76.62 - - [11/Dec/2012:06:05:38 +0100] "GET /jog/eseteink/dakar/dakar_0804_kdvktvf_engedely.pdf HTTP/1.1" 304 - "-" "Mozilla/5.0 (compatible; Googlebot/2.1; +http://www.google.com/bot.html)"
66.249.76.62 - - [11/Dec/2012:06:07:01 +0100] "GET /jog/eseteink/autopalya/m85-itelet.pdf HTTP/1.1" 304 - "-" "Mozilla/5.0 (compatible; Googlebot/2.1; +http://www.google.com/bot.html)"
66.249.76.62 - - [11/Dec/2012:06:07:22 +0100] "GET /jog/eseteink/dakar/dakar_0804_kdtktvf_engedely.pdf HTTP/1.1" 304 - "-" "Mozilla/5.0 (compatible; Googlebot/2.1; +http://www.google.com/bot.html)"
66.249.76.62 - - [11/Dec/2012:06:08:05 +0100] "GET /jog/eljarasokrol.htm HTTP/1.1" 304 - "-" "Mozilla/5.0 (compatible; Googlebot/2.1; +http://www.google.com/bot.html)"
66.249.76.62 - - [11/Dec/2012:06:11:27 +0100] "GET /jog/jogszabalyok/1_erdo.pdf HTTP/1.1" 304 - "-" "Mozilla/5.0 (compatible; Googlebot/2.1; +http://www.google.com/bot.html)"
66.249.76.62 - - [11/Dec/2012:06:17:35 +0100] "GET /jog/jogszabalyok/1_erdo.pdf HTTP/1.1" 304 - "-" "Mozilla/5.0 (compatible; Googlebot/2.1; +http://www.google.com/bot.html)"
208.115.113.84 - - [11/Dec/2012:07:12:58 +0100] "GET /robots.txt HTTP/1.1" 404 1181 "-" "Mozilla/5.0 (compatible; Ezooms/1.0; ezooms.bot@gmail.com)"
24.134.146.36 - - [11/Dec/2012:08:02:29 +0100] "GET /hirek/hirek100804.htm HTTP/1.1" 200 8056 "-" "findlinks/2.0.2 (+http://wortschatz.uni-leipzig.de/findlinks/)"
180.76.5.67 - - [11/Dec/2012:08:55:41 +0100] "GET /robots.txt HTTP/1.1" 404 1181 "-" "Mozilla/5.0 (Windows NT 5.1; rv:6.0.2) Gecko/20100101 Firefox/6.0.2"
195.184.19.65 - - [11/Dec/2012:09:04:07 +0100] "GET / HTTP/1.0" 200 23965 "http://www.google.hu/url?sa=t&rct=j&q=beklen+alap%C3%ADtv%C3%A1ny&source=web&cd=1&ved=0CCsQFjAA&url=http%3A%2F%2Fwww.beklen.hu%2F&ei=9OjGUOrzLdDBswbekYAo&usg=AFQjCNEP-2laihep9vegTwNlHcl4us-iaw&bvm=bv.1354675689,d.Yms" "Mozilla/4.0 (compatible; MSIE 8.0; Windows NT 5.2; Trident/4.0; .NET CLR 1.1.4322; .NET CLR 2.0.50727; .NET CLR 3.0.04506.30; .NET CLR 3.0.04506.648; .NET CLR 3.0.4506.2152; .NET CLR 3.5.30729; .NET4.0C; .NET4.0E)"
195.184.19.65 - - [11/Dec/2012:09:04:07 +0100] "GET /vill.cs HTTP/1.0" 200 2676 "http://www.beklen.hu/" "Mozilla/4.0 (compatible; MSIE 8.0; Windows NT 5.2; Trident/4.0; .NET CLR 1.1.4322; .NET CLR 2.0.50727; .NET CLR 3.0.04506.30; .NET CLR 3.0.04506.648; .NET CLR 3.0.4506.2152; .NET CLR 3.5.30729; .NET4.0C; .NET4.0E)"
195.184.19.65 - - [11/Dec/2012:09:04:07 +0100] "GET /lb/js/prototype.js HTTP/1.0" 200 47603 "http://www.beklen.hu/" "Mozilla/4.0 (compatible; MSIE 8.0; Windows NT 5.2; Trident/4.0; .NET CLR 1.1.4322; .NET CLR 2.0.50727; .NET CLR 3.0.04506.30; .NET CLR 3.0.04506.648; .NET CLR 3.0.4506.2152; .NET CLR 3.5.30729; .NET4.0C; .NET4.0E)"
195.184.19.65 - - [11/Dec/2012:09:04:07 +0100] "GET /lb/js/scriptaculous.js?load=effects HTTP/1.0" 200 2152 "http://www.beklen.hu/" "Mozilla/4.0 (compatible; MSIE 8.0; Windows NT 5.2; Trident/4.0; .NET CLR 1.1.4322; .NET CLR 2.0.50727; .NET CLR 3.0.04506.30; .NET CLR 3.0.04506.648; .NET CLR 3.0.4506.2152; .NET CLR 3.5.30729; .NET4.0C; .NET4.0E)"
195.184.19.65 - - [11/Dec/2012:09:04:07 +0100] "GET /lb/js/effects.js HTTP/1.0" 200 31969 "http://www.beklen.hu/" "Mozilla/4.0 (compatible; MSIE 8.0; Windows NT 5.2; Trident/4.0; .NET CLR 1.1.4322; .NET CLR 2.0.50727; .NET CLR 3.0.04506.30; .NET CLR 3.0.04506.648; .NET CLR 3.0.4506.2152; .NET CLR 3.5.30729; .NET4.0C; .NET4.0E)"
195.184.19.65 - - [11/Dec/2012:09:04:07 +0100] "GET /lb/js/lightbox.js HTTP/1.0" 200 23424 "http://www.beklen.hu/" "Mozilla/4.0 (compatible; MSIE 8.0; Windows NT 5.2; Trident/4.0; .NET CLR 1.1.4322; .NET CLR 2.0.50727; .NET CLR 3.0.04506.30; .NET CLR 3.0.04506.648; .NET CLR 3.0.4506.2152; .NET CLR 3.5.30729; .NET4.0C; .NET4.0E)"
195.184.19.65 - - [11/Dec/2012:09:04:07 +0100] "GET /lb/css/lightbox.css HTTP/1.0" 200 1715 "http://www.beklen.hu/" "Mozilla/4.0 (compatible; MSIE 8.0; Windows NT 5.2; Trident/4.0; .NET CLR 1.1.4322; .NET CLR 2.0.50727; .NET CLR 3.0.04506.30; .NET CLR 3.0.04506.648; .NET CLR 3.0.4506.2152; .NET CLR 3.5.30729; .NET4.0C; .NET4.0E)"
195.184.19.65 - - [11/Dec/2012:09:04:07 +0100] "GET /tm01.jpg HTTP/1.0" 200 1080 "http://www.beklen.hu/" "Mozilla/4.0 (compatible; MSIE 8.0; Windows NT 5.2; Trident/4.0; .NET CLR 1.1.4322; .NET CLR 2.0.50727; .NET CLR 3.0.04506.30; .NET CLR 3.0.04506.648; .NET CLR 3.0.4506.2152; .NET CLR 3.5.30729; .NET4.0C; .NET4.0E)"
195.184.19.65 - - [11/Dec/2012:09:04:07 +0100] "GET /bg.jpg HTTP/1.0" 200 566 "http://www.beklen.hu/" "Mozilla/4.0 (compatible; MSIE 8.0; Windows NT 5.2; Trident/4.0; .NET CLR 1.1.4322; .NET CLR 2.0.50727; .NET CLR 3.0.04506.30; .NET CLR 3.0.04506.648; .NET CLR 3.0.4506.2152; .NET CLR 3.5.30729; .NET4.0C; .NET4.0E)"
195.184.19.65 - - [11/Dec/2012:09:04:07 +0100] "GET /tm05_.jpg HTTP/1.0" 200 1839 "http://www.beklen.hu/" "Mozilla/4.0 (compatible; MSIE 8.0; Windows NT 5.2; Trident/4.0; .NET CLR 1.1.4322; .NET CLR 2.0.50727; .NET CLR 3.0.04506.30; .NET CLR 3.0.04506.648; .NET CLR 3.0.4506.2152; .NET CLR 3.5.30729; .NET4.0C; .NET4.0E)"
195.184.19.65 - - [11/Dec/2012:09:04:07 +0100] "GET /tm02.jpg HTTP/1.0" 200 1873 "http://www.beklen.hu/" "Mozilla/4.0 (compatible; MSIE 8.0; Windows NT 5.2; Trident/4.0; .NET CLR 1.1.4322; .NET CLR 2.0.50727; .NET CLR 3.0.04506.30; .NET CLR 3.0.04506.648; .NET CLR 3.0.4506.2152; .NET CLR 3.5.30729; .NET4.0C; .NET4.0E)"
195.184.19.65 - - [11/Dec/2012:09:04:07 +0100] "GET /tm03_.jpg HTTP/1.0" 200 1787 "http://www.beklen.hu/" "Mozilla/4.0 (compatible; MSIE 8.0; Windows NT 5.2; Trident/4.0; .NET CLR 1.1.4322; .NET CLR 2.0.50727; .NET CLR 3.0.04506.30; .NET CLR 3.0.04506.648; .NET CLR 3.0.4506.2152; .NET CLR 3.5.30729; .NET4.0C; .NET4.0E)"
195.184.19.65 - - [11/Dec/2012:09:04:07 +0100] "GET /tm04_.jpg HTTP/1.0" 200 2058 "http://www.beklen.hu/" "Mozilla/4.0 (compatible; MSIE 8.0; Windows NT 5.2; Trident/4.0; .NET CLR 1.1.4322; .NET CLR 2.0.50727; .NET CLR 3.0.04506.30; .NET CLR 3.0.04506.648; .NET CLR 3.0.4506.2152; .NET CLR 3.5.30729; .NET4.0C; .NET4.0E)"
195.184.19.65 - - [11/Dec/2012:09:04:07 +0100] "GET /tm06_.jpg HTTP/1.0" 200 1382 "http://www.beklen.hu/" "Mozilla/4.0 (compatible; MSIE 8.0; Windows NT 5.2; Trident/4.0; .NET CLR 1.1.4322; .NET CLR 2.0.50727; .NET CLR 3.0.04506.30; .NET CLR 3.0.04506.648; .NET CLR 3.0.4506.2152; .NET CLR 3.5.30729; .NET4.0C; .NET4.0E)"
195.184.19.65 - - [11/Dec/2012:09:04:08 +0100] "GET /a1_projekt_tabla_infra_cs3_beklenhaz_.jpg HTTP/1.0" 200 8994 "http://www.beklen.hu/" "Mozilla/4.0 (compatible; MSIE 8.0; Windows NT 5.2; Trident/4.0; .NET CLR 1.1.4322; .NET CLR 2.0.50727; .NET CLR 3.0.04506.30; .NET CLR 3.0.04506.648; .NET CLR 3.0.4506.2152; .NET CLR 3.5.30729; .NET4.0C; .NET4.0E)"
195.184.19.65 - - [11/Dec/2012:09:04:08 +0100] "GET /uszt-tabla_.jpg HTTP/1.0" 200 4543 "http://www.beklen.hu/" "Mozilla/4.0 (compatible; MSIE 8.0; Windows NT 5.2; Trident/4.0; .NET CLR 1.1.4322; .NET CLR 2.0.50727; .NET CLR 3.0.04506.30; .NET CLR 3.0.04506.648; .NET CLR 3.0.4506.2152; .NET CLR 3.5.30729; .NET4.0C; .NET4.0E)"
195.184.19.65 - - [11/Dec/2012:09:04:08 +0100] "GET /jog_honlap_.jpg HTTP/1.0" 200 7186 "http://www.beklen.hu/" "Mozilla/4.0 (compatible; MSIE 8.0; Windows NT 5.2; Trident/4.0; .NET CLR 1.1.4322; .NET CLR 2.0.50727; .NET CLR 3.0.04506.30; .NET CLR 3.0.04506.648; .NET CLR 3.0.4506.2152; .NET CLR 3.5.30729; .NET4.0C; .NET4.0E)"
195.184.19.65 - - [11/Dec/2012:09:04:08 +0100] "GET /bottom_main.jpg HTTP/1.0" 200 96820 "http://www.beklen.hu/" "Mozilla/4.0 (compatible; MSIE 8.0; Windows NT 5.2; Trident/4.0; .NET CLR 1.1.4322; .NET CLR 2.0.50727; .NET CLR 3.0.04506.30; .NET CLR 3.0.04506.648; .NET CLR 3.0.4506.2152; .NET CLR 3.5.30729; .NET4.0C; .NET4.0E)"
195.184.19.65 - - [11/Dec/2012:09:04:08 +0100] "GET /nimfea_project_250x250.gif HTTP/1.0" 200 2986583 "http://www.beklen.hu/" "Mozilla/4.0 (compatible; MSIE 8.0; Windows NT 5.2; Trident/4.0; .NET CLR 1.1.4322; .NET CLR 2.0.50727; .NET CLR 3.0.04506.30; .NET CLR 3.0.04506.648; .NET CLR 3.0.4506.2152; .NET CLR 3.5.30729; .NET4.0C; .NET4.0E)"
195.184.19.65 - - [11/Dec/2012:09:04:12 +0100] "GET /tm07.jpg HTTP/1.0" 200 1007 "http://www.beklen.hu/" "Mozilla/4.0 (compatible; MSIE 8.0; Windows NT 5.2; Trident/4.0; .NET CLR 1.1.4322; .NET CLR 2.0.50727; .NET CLR 3.0.04506.30; .NET CLR 3.0.04506.648; .NET CLR 3.0.4506.2152; .NET CLR 3.5.30729; .NET4.0C; .NET4.0E)"
208.115.113.84 - - [11/Dec/2012:09:31:56 +0100] "GET /fiok/kornyezet.htm HTTP/1.1" 200 22582 "-" "Mozilla/5.0 (compatible; Ezooms/1.0; ezooms.bot@gmail.com)"
208.115.113.84 - - [11/Dec/2012:09:32:01 +0100] "GET /jog/ugyfeljogok.htm HTTP/1.1" 200 14279 "-" "Mozilla/5.0 (compatible; Ezooms/1.0; ezooms.bot@gmail.com)"
24.134.146.36 - - [11/Dec/2012:10:33:26 +0100] "GET /magunkrol.htm HTTP/1.1" 200 9202 "-" "findlinks/2.0.2 (+http://wortschatz.uni-leipzig.de/findlinks/)"
139.18.2.17 - - [11/Dec/2012:11:44:14 +0100] "GET /bunt.htm HTTP/1.1" 200 5683 "-" "findlinks/2.6 (+http://wortschatz.uni-leipzig.de/findlinks/)"
157.55.32.93 - - [11/Dec/2012:11:46:14 +0100] "GET /robots.txt HTTP/1.1" 404 1181 "-" "Mozilla/5.0 (compatible; bingbot/2.0; +http://www.bing.com/bingbot.htm)"
157.55.32.93 - - [11/Dec/2012:11:47:58 +0100] "GET / HTTP/1.1" 200 23965 "-" "Mozilla/5.0 (compatible; bingbot/2.0; +http://www.bing.com/bingbot.htm)"
87.106.19.85 - - [11/Dec/2012:12:59:58 +0100] "GET / HTTP/1.1" 200 23965 "-" "Java/1.7.0_09"
87.106.19.85 - - [11/Dec/2012:12:59:59 +0100] "GET /hirarchivum.htm HTTP/1.1" 200 24981 "-" "Java/1.7.0_09"
87.106.19.85 - - [11/Dec/2012:12:59:59 +0100] "GET /index.htm HTTP/1.1" 200 23965 "-" "Java/1.7.0_09"
87.106.19.85 - - [11/Dec/2012:12:59:59 +0100] "GET /kapcsolat.htm HTTP/1.1" 200 6889 "-" "Java/1.7.0_09"
87.106.19.85 - - [11/Dec/2012:12:59:59 +0100] "GET /magunkrol.htm HTTP/1.1" 200 9202 "-" "Java/1.7.0_09"
87.106.19.85 - - [11/Dec/2012:12:59:59 +0100] "GET /media.htm HTTP/1.1" 200 5208 "-" "Java/1.7.0_09"
87.106.19.85 - - [11/Dec/2012:12:59:59 +0100] "GET /programok.htm HTTP/1.1" 200 6444 "-" "Java/1.7.0_09"
87.106.19.85 - - [11/Dec/2012:13:00:00 +0100] "GET /vill.cs HTTP/1.1" 200 2676 "-" "Java/1.7.0_09"
87.106.19.85 - - [11/Dec/2012:13:00:00 +0100] "GET /hirek08_10.htm HTTP/1.1" 200 6946 "-" "Java/1.7.0_09"
87.106.19.85 - - [11/Dec/2012:13:00:00 +0100] "GET /hirek08_11.htm HTTP/1.1" 200 7253 "-" "Java/1.7.0_09"
87.106.19.85 - - [11/Dec/2012:13:00:01 +0100] "GET /hirek08_12.htm HTTP/1.1" 200 8268 "-" "Java/1.7.0_09"
87.106.19.85 - - [11/Dec/2012:13:00:01 +0100] "GET /hirek09_01.htm HTTP/1.1" 200 6841 "-" "Java/1.7.0_09"
87.106.19.85 - - [11/Dec/2012:13:00:01 +0100] "GET /hirek09_02.htm HTTP/1.1" 200 7450 "-" "Java/1.7.0_09"
87.106.19.85 - - [11/Dec/2012:13:00:01 +0100] "GET /hirek09_03.htm HTTP/1.1" 200 10726 "-" "Java/1.7.0_09"
87.106.19.85 - - [11/Dec/2012:13:00:01 +0100] "GET /&url=kapcsolat.htm HTTP/1.1" 404 1181 "-" "Java/1.7.0_09"
87.106.19.85 - - [11/Dec/2012:13:00:01 +0100] "GET /&url=programok.htm HTTP/1.1" 404 1181 "-" "Java/1.7.0_09"
87.106.19.85 - - [11/Dec/2012:13:00:01 +0100] "GET /&url=adomanyi.htm HTTP/1.1" 404 1181 "-" "Java/1.7.0_09"
87.106.19.85 - - [11/Dec/2012:13:00:02 +0100] "GET /bunt.htm HTTP/1.1" 200 5683 "-" "Java/1.7.0_09"
87.106.19.85 - - [11/Dec/2012:13:00:02 +0100] "GET /civilmuhely.htm HTTP/1.1" 200 8450 "-" "Java/1.7.0_09"
87.106.19.85 - - [11/Dec/2012:13:00:02 +0100] "GET /khb.htm HTTP/1.1" 200 8719 "-" "Java/1.7.0_09"
87.106.19.85 - - [11/Dec/2012:13:00:02 +0100] "GET /nca.htm HTTP/1.1" 200 7467 "-" "Java/1.7.0_09"
87.106.19.85 - - [11/Dec/2012:13:00:02 +0100] "GET /ncta.htm HTTP/1.1" 200 7221 "-" "Java/1.7.0_09"
87.106.19.85 - - [11/Dec/2012:13:00:02 +0100] "GET /nka.htm HTTP/1.1" 200 6221 "-" "Java/1.7.0_09"
87.106.19.85 - - [11/Dec/2012:13:00:02 +0100] "GET /szakmai.htm HTTP/1.1" 200 6054 "-" "Java/1.7.0_09"
87.106.19.85 - - [11/Dec/2012:13:00:02 +0100] "GET /ncta_a.htm HTTP/1.1" 200 7260 "-" "Java/1.7.0_09"
87.106.19.85 - - [11/Dec/2012:13:00:02 +0100] "GET /&url=civilmuhely.htm HTTP/1.1" 404 1181 "-" "Java/1.7.0_09"
87.106.19.85 - - [11/Dec/2012:13:00:02 +0100] "GET /&url=magunkrol.htm HTTP/1.1" 404 1181 "-" "Java/1.7.0_09"
87.106.19.85 - - [11/Dec/2012:13:00:03 +0100] "GET /nca04.htm HTTP/1.1" 200 16378 "-" "Java/1.7.0_09"
87.106.19.85 - - [11/Dec/2012:13:00:03 +0100] "GET /nca05.htm HTTP/1.1" 200 16412 "-" "Java/1.7.0_09"
87.106.19.85 - - [11/Dec/2012:13:00:03 +0100] "GET /nca06.htm HTTP/1.1" 200 19034 "-" "Java/1.7.0_09"
87.106.19.85 - - [11/Dec/2012:13:00:03 +0100] "GET /nca07.htm HTTP/1.1" 200 21968 "-" "Java/1.7.0_09"
87.106.19.85 - - [11/Dec/2012:13:00:04 +0100] "GET /nca08.htm HTTP/1.1" 200 21795 "-" "Java/1.7.0_09"
87.106.19.85 - - [11/Dec/2012:13:00:04 +0100] "GET /nca09.htm HTTP/1.1" 200 24315 "-" "Java/1.7.0_09"
87.106.19.85 - - [11/Dec/2012:13:00:04 +0100] "GET /nca10.htm HTTP/1.1" 200 16648 "-" "Java/1.7.0_09"
87.106.19.85 - - [11/Dec/2012:13:00:04 +0100] "GET /nca11.htm HTTP/1.1" 200 7133 "-" "Java/1.7.0_09"
87.106.19.85 - - [11/Dec/2012:13:00:04 +0100] "GET /kiadvanyok.htm HTTP/1.1" 200 8206 "-" "Java/1.7.0_09"
87.106.19.85 - - [11/Dec/2012:13:00:05 +0100] "GET /deutsch/index.htm HTTP/1.1" 200 5324 "-" "Java/1.7.0_09"
87.106.19.85 - - [11/Dec/2012:13:00:05 +0100] "GET /english/index.htm HTTP/1.1" 200 5262 "-" "Java/1.7.0_09"
87.106.19.85 - - [11/Dec/2012:13:00:05 +0100] "GET /fiok/index.html HTTP/1.1" 200 20554 "-" "Java/1.7.0_09"
87.106.19.85 - - [11/Dec/2012:13:00:05 +0100] "GET /hirek/hirek091015.htm HTTP/1.1" 200 7046 "-" "Java/1.7.0_09"
87.106.19.85 - - [11/Dec/2012:13:00:05 +0100] "GET /hirek/hirek091102.htm HTTP/1.1" 200 8538 "-" "Java/1.7.0_09"
87.106.19.85 - - [11/Dec/2012:13:00:06 +0100] "GET /hirek/hirek091103.htm HTTP/1.1" 200 7301 "-" "Java/1.7.0_09"
87.106.19.85 - - [11/Dec/2012:13:00:06 +0100] "GET /hirek/hirek091221.htm HTTP/1.1" 200 6740 "-" "Java/1.7.0_09"
87.106.19.85 - - [11/Dec/2012:13:00:06 +0100] "GET /hirek/hirek100225.htm HTTP/1.1" 200 7288 "-" "Java/1.7.0_09"
208.115.113.84 - - [11/Dec/2012:15:14:10 +0100] "GET /robots.txt HTTP/1.1" 404 1181 "-" "Mozilla/5.0 (compatible; Ezooms/1.0; ezooms.bot@gmail.com)"
178.48.202.59 - - [11/Dec/2012:17:06:49 +0100] "GET /jog/eseteink/derekegyhaza/kereset_level_kerites_mszh_vegleges.doc.pdf HTTP/1.1" 200 89444 "http://www.google.com/url?sa=t&rct=j&q=nimfea%20szo%20jelentese&source=web&cd=4&ved=0CD4QFjAD&url=http%3A%2F%2Fwww.beklen.hu%2Fjog%2Feseteink%2Fderekegyhaza%2Fkereset_level_kerites_mszh_vegleges.doc.pdf&ei=_FnHUOjdD5GThgeetICwBg&usg=AFQjCNHQstzDOyMLcvoY9XaFV5ISfHfUEA&sig2=u06YuAMrXe5yFGVTmOU9_g&bvm=bv.1354675689,d.ZG4" "Mozilla/5.0 (X11; Linux; ko-KR) AppleWebKit/534.26+ (KHTML, like Gecko) Version/5.0 Safari/534.26+"
208.115.113.84 - - [11/Dec/2012:17:21:17 +0100] "GET /jog/adathozzaferes.htm HTTP/1.1" 200 13800 "-" "Mozilla/5.0 (compatible; Ezooms/1.0; ezooms.bot@gmail.com)"
208.115.113.84 - - [11/Dec/2012:17:21:20 +0100] "GET /media.htm HTTP/1.1" 200 5208 "-" "Mozilla/5.0 (compatible; Ezooms/1.0; ezooms.bot@gmail.com)"
157.55.33.112 - - [11/Dec/2012:17:27:31 +0100] "GET /robots.txt HTTP/1.1" 404 1181 "-" "Mozilla/5.0 (compatible; bingbot/2.0; +http://www.bing.com/bingbot.htm)"
65.55.52.89 - - [11/Dec/2012:17:27:31 +0100] "GET /robots.txt HTTP/1.1" 404 1181 "-" "Mozilla/5.0 (compatible; bingbot/2.0; +http://www.bing.com/bingbot.htm)"
157.55.33.112 - - [11/Dec/2012:17:29:56 +0100] "GET /hirek/hirek091015.htm HTTP/1.1" 200 7046 "-" "Mozilla/5.0 (compatible; bingbot/2.0; +http://www.bing.com/bingbot.htm)"
157.55.36.38 - - [11/Dec/2012:17:30:20 +0100] "GET /hirek/hirek091102.htm HTTP/1.1" 200 8538 "-" "Mozilla/5.0 (compatible; bingbot/2.0; +http://www.bing.com/bingbot.htm)"
65.55.52.118 - - [11/Dec/2012:17:30:27 +0100] "GET /kapcsolat.htm HTTP/1.1" 200 6889 "-" "Mozilla/5.0 (compatible; bingbot/2.0; +http://www.bing.com/bingbot.htm)"
65.55.52.118 - - [11/Dec/2012:17:30:32 +0100] "GET /jog/eseteink/poroszlo/index.htm HTTP/1.1" 200 16861 "-" "Mozilla/5.0 (compatible; bingbot/2.0; +http://www.bing.com/bingbot.htm)"
65.55.52.118 - - [11/Dec/2012:17:30:35 +0100] "GET /hirek/090510/szuletesunnepe025.jpg HTTP/1.1" 200 34661 "-" "Mozilla/5.0 (compatible; bingbot/2.0; +http://www.bing.com/bingbot.htm)"
65.55.52.89 - - [11/Dec/2012:17:30:55 +0100] "GET /khb.htm HTTP/1.1" 200 8719 "-" "Mozilla/5.0 (compatible; bingbot/2.0; +http://www.bing.com/bingbot.htm)"
65.55.52.89 - - [11/Dec/2012:17:31:02 +0100] "GET /hirek/hirek090428.htm HTTP/1.1" 200 24808 "-" "Mozilla/5.0 (compatible; bingbot/2.0; +http://www.bing.com/bingbot.htm)"
65.55.52.89 - - [11/Dec/2012:17:31:05 +0100] "GET /hirek/hirek090605.htm HTTP/1.1" 200 7994 "-" "Mozilla/5.0 (compatible; bingbot/2.0; +http://www.bing.com/bingbot.htm)"
157.55.32.93 - - [11/Dec/2012:17:32:08 +0100] "GET /magunkrol.htm HTTP/1.1" 200 9202 "-" "Mozilla/5.0 (compatible; bingbot/2.0; +http://www.bing.com/bingbot.htm)"
157.55.33.112 - - [11/Dec/2012:17:44:48 +0100] "GET /hirek/hirek091015.htm HTTP/1.1" 200 7046 "-" "Mozilla/5.0 (compatible; bingbot/2.0; +http://www.bing.com/bingbot.htm)"
157.55.36.38 - - [11/Dec/2012:17:45:19 +0100] "GET /hirek/hirek091102.htm HTTP/1.1" 200 8538 "-" "Mozilla/5.0 (compatible; bingbot/2.0; +http://www.bing.com/bingbot.htm)"
65.55.52.89 - - [11/Dec/2012:17:45:30 +0100] "GET /khb.htm HTTP/1.1" 200 8719 "-" "Mozilla/5.0 (compatible; bingbot/2.0; +http://www.bing.com/bingbot.htm)"
65.55.52.89 - - [11/Dec/2012:17:45:40 +0100] "GET /hirek/hirek090428.htm HTTP/1.1" 200 24808 "-" "Mozilla/5.0 (compatible; bingbot/2.0; +http://www.bing.com/bingbot.htm)"
65.55.52.89 - - [11/Dec/2012:17:45:44 +0100] "GET /hirek/hirek090605.htm HTTP/1.1" 200 7994 "-" "Mozilla/5.0 (compatible; bingbot/2.0; +http://www.bing.com/bingbot.htm)"
65.55.52.118 - - [11/Dec/2012:17:45:57 +0100] "GET /kapcsolat.htm HTTP/1.1" 200 6889 "-" "Mozilla/5.0 (compatible; bingbot/2.0; +http://www.bing.com/bingbot.htm)"
65.55.52.118 - - [11/Dec/2012:17:46:01 +0100] "GET /jog/eseteink/poroszlo/index.htm HTTP/1.1" 200 16861 "-" "Mozilla/5.0 (compatible; bingbot/2.0; +http://www.bing.com/bingbot.htm)"
65.55.52.118 - - [11/Dec/2012:17:46:03 +0100] "GET /hirek/090510/szuletesunnepe025.jpg HTTP/1.1" 200 34661 "-" "Mozilla/5.0 (compatible; bingbot/2.0; +http://www.bing.com/bingbot.htm)"
157.55.32.93 - - [11/Dec/2012:17:46:29 +0100] "GET /magunkrol.htm HTTP/1.1" 200 9202 "-" "Mozilla/5.0 (compatible; bingbot/2.0; +http://www.bing.com/bingbot.htm)"
157.56.93.204 - - [11/Dec/2012:17:53:51 +0100] "GET /hirek/090510/szuletesunnepe011.jpg HTTP/1.1" 200 34661 "-" "Mozilla/5.0 (compatible; bingbot/2.0; +http://www.bing.com/bingbot.htm)"
157.56.93.204 - - [11/Dec/2012:17:53:54 +0100] "GET /hirek/090510/szuletesunnepe027.jpg HTTP/1.1" 200 34660 "-" "Mozilla/5.0 (compatible; bingbot/2.0; +http://www.bing.com/bingbot.htm)"
157.56.93.204 - - [11/Dec/2012:17:53:55 +0100] "GET /hirek/hirek091103.htm HTTP/1.1" 200 7301 "-" "Mozilla/5.0 (compatible; bingbot/2.0; +http://www.bing.com/bingbot.htm)"
157.56.93.204 - - [11/Dec/2012:17:53:57 +0100] "GET /hirek/090510/szuletesunnepe011.jpg HTTP/1.1" 200 34661 "-" "Mozilla/5.0 (compatible; bingbot/2.0; +http://www.bing.com/bingbot.htm)"
157.56.93.204 - - [11/Dec/2012:17:53:58 +0100] "GET /hirek/090510/szuletesunnepe027.jpg HTTP/1.1" 200 34660 "-" "Mozilla/5.0 (compatible; bingbot/2.0; +http://www.bing.com/bingbot.htm)"
157.56.93.204 - - [11/Dec/2012:17:53:59 +0100] "GET /hirek/hirek091103.htm HTTP/1.1" 200 7301 "-" "Mozilla/5.0 (compatible; bingbot/2.0; +http://www.bing.com/bingbot.htm)"
157.56.93.193 - - [11/Dec/2012:18:18:20 +0100] "GET /hirek/Natura_2000es_gyepgazdalkodas_eloirasai.ppt HTTP/1.1" 200 333312 "-" "Mozilla/5.0 (compatible; bingbot/2.0; +http://www.bing.com/bingbot.htm)"
157.56.93.193 - - [11/Dec/2012:18:18:23 +0100] "GET /hirek/Natura_2000es_gyepgazdalkodas_eloirasai.ppt HTTP/1.1" 200 333312 "-" "Mozilla/5.0 (compatible; bingbot/2.0; +http://www.bing.com/bingbot.htm)"
157.55.33.78 - - [11/Dec/2012:18:21:48 +0100] "GET /jog/pub/fuzet_beliv_jav2.pdf HTTP/1.1" 200 34654 "-" "Mozilla/5.0 (compatible; bingbot/2.0; +http://www.bing.com/bingbot.htm)"
157.55.33.78 - - [11/Dec/2012:18:21:50 +0100] "GET /jog/pub/fuzet_beliv_jav2.pdf HTTP/1.1" 200 34654 "-" "Mozilla/5.0 (compatible; bingbot/2.0; +http://www.bing.com/bingbot.htm)"
157.55.32.142 - - [11/Dec/2012:18:50:46 +0100] "GET /media.htm HTTP/1.1" 200 5208 "-" "Mozilla/5.0 (compatible; bingbot/2.0; +http://www.bing.com/bingbot.htm)"
157.55.32.142 - - [11/Dec/2012:18:50:47 +0100] "GET /media.htm HTTP/1.1" 200 5208 "-" "Mozilla/5.0 (compatible; bingbot/2.0; +http://www.bing.com/bingbot.htm)"
139.18.2.209 - - [11/Dec/2012:18:56:04 +0100] "GET /fiok/index.html HTTP/1.1" 200 20554 "-" "findlinks/2.6 (+http://wortschatz.uni-leipzig.de/findlinks/)"
66.249.76.62 - - [11/Dec/2012:20:14:43 +0100] "GET /robots.txt HTTP/1.1" 404 1181 "-" "Mozilla/5.0 (compatible; Googlebot/2.1; +http://www.google.com/bot.html)"
66.249.76.62 - - [11/Dec/2012:20:14:43 +0100] "GET /jog/tapasztalatszerzok.htm HTTP/1.1" 200 12148 "-" "Mozilla/5.0 (iPhone; U; CPU iPhone OS 4_1 like Mac OS X; en-us) AppleWebKit/532.9 (KHTML, like Gecko) Version/4.0.5 Mobile/8B117 Safari/6531.22.7 (compatible; Googlebot-Mobile/2.1; +http://www.google.com/bot.html)"
66.249.76.62 - - [11/Dec/2012:20:34:53 +0100] "GET /jog/img/tamogatok.jpg HTTP/1.1" 200 18468 "-" "Mozilla/5.0 (compatible; Googlebot/2.1; +http://www.google.com/bot.html)"
66.249.76.62 - - [11/Dec/2012:20:34:53 +0100] "GET /jog/images/postbullets.png HTTP/1.1" 200 175 "-" "Mozilla/5.0 (compatible; Googlebot/2.1; +http://www.google.com/bot.html)"
66.249.76.62 - - [11/Dec/2012:20:41:24 +0100] "GET /hirek/szines_vm_logo.jpg HTTP/1.1" 304 - "-" "Googlebot-Image/1.0"
65.55.211.184 - - [11/Dec/2012:20:44:55 +0100] "GET /robots.txt HTTP/1.1" 404 1181 "-" "msnbot-media/1.1 (+http://search.msn.com/msnbot.htm)"
65.55.211.184 - - [11/Dec/2012:20:44:56 +0100] "GET /a1_projekt_tabla_infra_cs3_beklenhaz_.jpg HTTP/1.1" 200 8994 "-" "msnbot-media/1.1 (+http://search.msn.com/msnbot.htm)"
145.236.102.112 - - [11/Dec/2012:20:48:33 +0100] "GET /jog/script.js HTTP/1.1" 200 5674 "http://www.beklen.hu/jog/eseteink/derekegyhaza/index.htm" "Mozilla/5.0 (Windows NT 6.1) AppleWebKit/537.11 (KHTML, like Gecko) Chrome/23.0.1271.95 Safari/537.11"
145.236.102.112 - - [11/Dec/2012:20:48:33 +0100] "GET /jog/eseteink/derekegyhaza/index.htm HTTP/1.1" 200 34210 "http://www.google.hu/imgres?q=k%C3%A9relem&um=1&hl=en&tbo=d&biw=1092&bih=469&tbm=isch&tbnid=l5NFvwJDT76e0M:&imgrefurl=http://www.beklen.hu/jog/eseteink/derekegyhaza/index.htm&docid=ZTfOsU0QL27I-M&imgurl=http://www.beklen.hu/jog/eseteink/derekegyhaza/mszhk_masodfok_ugyfel_elutasitas_1.jpg&w=1674&h=2277&ei=4Y3HUOuaD86J0QHNjYCoAw&zoom=1&iact=hc&vpx=526&vpy=4&dur=4436&hovh=263&hovw=192&tx=107&ty=162&sig=114995423631729321893&page=3&tbnh=141&tbnw=108&start=52&ndsp=25&ved=1t:429,r:73,s:0,i:303" "Mozilla/5.0 (Windows NT 6.1) AppleWebKit/537.11 (KHTML, like Gecko) Chrome/23.0.1271.95 Safari/537.11"
145.236.102.112 - - [11/Dec/2012:20:48:33 +0100] "GET /jog/lb/js/scriptaculous.js?load=effects HTTP/1.1" 200 2152 "http://www.beklen.hu/jog/eseteink/derekegyhaza/index.htm" "Mozilla/5.0 (Windows NT 6.1) AppleWebKit/537.11 (KHTML, like Gecko) Chrome/23.0.1271.95 Safari/537.11"
145.236.102.112 - - [11/Dec/2012:20:48:33 +0100] "GET /jog/lb/js/lightbox.js HTTP/1.1" 200 23431 "http://www.beklen.hu/jog/eseteink/derekegyhaza/index.htm" "Mozilla/5.0 (Windows NT 6.1) AppleWebKit/537.11 (KHTML, like Gecko) Chrome/23.0.1271.95 Safari/537.11"
145.236.102.112 - - [11/Dec/2012:20:48:33 +0100] "GET /jog/style.css HTTP/1.1" 200 21413 "http://www.beklen.hu/jog/eseteink/derekegyhaza/index.htm" "Mozilla/5.0 (Windows NT 6.1) AppleWebKit/537.11 (KHTML, like Gecko) Chrome/23.0.1271.95 Safari/537.11"
145.236.102.112 - - [11/Dec/2012:20:48:33 +0100] "GET /jog/lb/css/lightbox.css HTTP/1.1" 200 1715 "http://www.beklen.hu/jog/eseteink/derekegyhaza/index.htm" "Mozilla/5.0 (Windows NT 6.1) AppleWebKit/537.11 (KHTML, like Gecko) Chrome/23.0.1271.95 Safari/537.11"
145.236.102.112 - - [11/Dec/2012:20:48:33 +0100] "GET /jog/lb/js/prototype.js HTTP/1.1" 200 47603 "http://www.beklen.hu/jog/eseteink/derekegyhaza/index.htm" "Mozilla/5.0 (Windows NT 6.1) AppleWebKit/537.11 (KHTML, like Gecko) Chrome/23.0.1271.95 Safari/537.11"
145.236.102.112 - - [11/Dec/2012:20:48:33 +0100] "GET /jog/jquery.js HTTP/1.1" 200 72174 "http://www.beklen.hu/jog/eseteink/derekegyhaza/index.htm" "Mozilla/5.0 (Windows NT 6.1) AppleWebKit/537.11 (KHTML, like Gecko) Chrome/23.0.1271.95 Safari/537.11"
145.236.102.112 - - [11/Dec/2012:20:48:33 +0100] "GET /jog/lb/js/effects.js HTTP/1.1" 200 31969 "http://www.beklen.hu/jog/eseteink/derekegyhaza/index.htm" "Mozilla/5.0 (Windows NT 6.1) AppleWebKit/537.11 (KHTML, like Gecko) Chrome/23.0.1271.95 Safari/537.11"
145.236.102.112 - - [11/Dec/2012:20:48:34 +0100] "GET /jog/images/nav.png HTTP/1.1" 200 10482 "http://www.beklen.hu/jog/eseteink/derekegyhaza/index.htm" "Mozilla/5.0 (Windows NT 6.1) AppleWebKit/537.11 (KHTML, like Gecko) Chrome/23.0.1271.95 Safari/537.11"
145.236.102.112 - - [11/Dec/2012:20:48:34 +0100] "GET /jog/images/menuitem.png HTTP/1.1" 200 20398 "http://www.beklen.hu/jog/eseteink/derekegyhaza/index.htm" "Mozilla/5.0 (Windows NT 6.1) AppleWebKit/537.11 (KHTML, like Gecko) Chrome/23.0.1271.95 Safari/537.11"
145.236.102.112 - - [11/Dec/2012:20:48:34 +0100] "GET /jog/images/spacer.gif HTTP/1.1" 200 43 "http://www.beklen.hu/jog/eseteink/derekegyhaza/index.htm" "Mozilla/5.0 (Windows NT 6.1) AppleWebKit/537.11 (KHTML, like Gecko) Chrome/23.0.1271.95 Safari/537.11"
145.236.102.112 - - [11/Dec/2012:20:48:34 +0100] "GET /jog/images/Bottom_texture.jpg HTTP/1.1" 200 193775 "http://www.beklen.hu/jog/eseteink/derekegyhaza/index.htm" "Mozilla/5.0 (Windows NT 6.1) AppleWebKit/537.11 (KHTML, like Gecko) Chrome/23.0.1271.95 Safari/537.11"
145.236.102.112 - - [11/Dec/2012:20:48:34 +0100] "GET /jog/images/subitem.png HTTP/1.1" 200 81 "http://www.beklen.hu/jog/eseteink/derekegyhaza/index.htm" "Mozilla/5.0 (Windows NT 6.1) AppleWebKit/537.11 (KHTML, like Gecko) Chrome/23.0.1271.95 Safari/537.11"
145.236.102.112 - - [11/Dec/2012:20:48:34 +0100] "GET /jog/images/post_s.png HTTP/1.1" 200 466 "http://www.beklen.hu/jog/eseteink/derekegyhaza/index.htm" "Mozilla/5.0 (Windows NT 6.1) AppleWebKit/537.11 (KHTML, like Gecko) Chrome/23.0.1271.95 Safari/537.11"
145.236.102.112 - - [11/Dec/2012:20:48:35 +0100] "GET /jog/images/post_h.png HTTP/1.1" 200 292 "http://www.beklen.hu/jog/eseteink/derekegyhaza/index.htm" "Mozilla/5.0 (Windows NT 6.1) AppleWebKit/537.11 (KHTML, like Gecko) Chrome/23.0.1271.95 Safari/537.11"
145.236.102.112 - - [11/Dec/2012:20:48:35 +0100] "GET /jog/images/post_v.png HTTP/1.1" 200 310 "http://www.beklen.hu/jog/eseteink/derekegyhaza/index.htm" "Mozilla/5.0 (Windows NT 6.1) AppleWebKit/537.11 (KHTML, like Gecko) Chrome/23.0.1271.95 Safari/537.11"
145.236.102.112 - - [11/Dec/2012:20:48:35 +0100] "GET /jog/images/post_c.png HTTP/1.1" 200 204 "http://www.beklen.hu/jog/eseteink/derekegyhaza/index.htm" "Mozilla/5.0 (Windows NT 6.1) AppleWebKit/537.11 (KHTML, like Gecko) Chrome/23.0.1271.95 Safari/537.11"
145.236.102.112 - - [11/Dec/2012:20:48:35 +0100] "GET /jog/eseteink/derekegyhaza/37-433.jpg HTTP/1.1" 200 3573 "http://www.beklen.hu/jog/eseteink/derekegyhaza/index.htm" "Mozilla/5.0 (Windows NT 6.1) AppleWebKit/537.11 (KHTML, like Gecko) Chrome/23.0.1271.95 Safari/537.11"
145.236.102.112 - - [11/Dec/2012:20:48:35 +0100] "GET /jog/images/header.png HTTP/1.1" 200 170837 "http://www.beklen.hu/jog/eseteink/derekegyhaza/index.htm" "Mozilla/5.0 (Windows NT 6.1) AppleWebKit/537.11 (KHTML, like Gecko) Chrome/23.0.1271.95 Safari/537.11"
145.236.102.112 - - [11/Dec/2012:20:48:35 +0100] "GET /jog/eseteink/derekegyhaza/mszhk_masodfok_ugyfel_elutasitas_1.jpg HTTP/1.1" 200 995513 "http://www.google.hu/imgres?q=k%C3%A9relem&um=1&hl=en&tbo=d&biw=1092&bih=469&tbm=isch&tbnid=l5NFvwJDT76e0M:&imgrefurl=http://www.beklen.hu/jog/eseteink/derekegyhaza/index.htm&docid=ZTfOsU0QL27I-M&imgurl=http://www.beklen.hu/jog/eseteink/derekegyhaza/mszhk_masodfok_ugyfel_elutasitas_1.jpg&w=1674&h=2277&ei=4Y3HUOuaD86J0QHNjYCoAw&zoom=1&iact=hc&vpx=526&vpy=4&dur=4436&hovh=263&hovw=192&tx=107&ty=162&sig=114995423631729321893&page=3&tbnh=141&tbnw=108&start=52&ndsp=25&ved=1t:429,r:73,s:0,i:303" "Mozilla/5.0 (Windows NT 6.1) AppleWebKit/537.11 (KHTML, like Gecko) Chrome/23.0.1271.95 Safari/537.11"
145.236.102.112 - - [11/Dec/2012:20:48:35 +0100] "GET /jog/img/file_pdf.png HTTP/1.1" 200 581 "http://www.beklen.hu/jog/eseteink/derekegyhaza/index.htm" "Mozilla/5.0 (Windows NT 6.1) AppleWebKit/537.11 (KHTML, like Gecko) Chrome/23.0.1271.95 Safari/537.11"
145.236.102.112 - - [11/Dec/2012:20:48:35 +0100] "GET /jog/eseteink/derekegyhaza/kepek/37-431__.jpg HTTP/1.1" 200 4706 "http://www.beklen.hu/jog/eseteink/derekegyhaza/index.htm" "Mozilla/5.0 (Windows NT 6.1) AppleWebKit/537.11 (KHTML, like Gecko) Chrome/23.0.1271.95 Safari/537.11"
145.236.102.112 - - [11/Dec/2012:20:48:35 +0100] "GET /jog/img/file_jpg.png HTTP/1.1" 200 607 "http://www.beklen.hu/jog/eseteink/derekegyhaza/index.htm" "Mozilla/5.0 (Windows NT 6.1) AppleWebKit/537.11 (KHTML, like Gecko) Chrome/23.0.1271.95 Safari/537.11"
145.236.102.112 - - [11/Dec/2012:20:48:35 +0100] "GET /jog/eseteink/derekegyhaza/kepek/37-431_o_2005__.jpg HTTP/1.1" 200 5766 "http://www.beklen.hu/jog/eseteink/derekegyhaza/index.htm" "Mozilla/5.0 (Windows NT 6.1) AppleWebKit/537.11 (KHTML, like Gecko) Chrome/23.0.1271.95 Safari/537.11"
145.236.102.112 - - [11/Dec/2012:20:48:35 +0100] "GET /jog/eseteink/derekegyhaza/kepek/37-433__.jpg HTTP/1.1" 200 4596 "http://www.beklen.hu/jog/eseteink/derekegyhaza/index.htm" "Mozilla/5.0 (Windows NT 6.1) AppleWebKit/537.11 (KHTML, like Gecko) Chrome/23.0.1271.95 Safari/537.11"
145.236.102.112 - - [11/Dec/2012:20:48:35 +0100] "GET /jog/eseteink/derekegyhaza/kepek/37-433_o_2005__.jpg HTTP/1.1" 200 5388 "http://www.beklen.hu/jog/eseteink/derekegyhaza/index.htm" "Mozilla/5.0 (Windows NT 6.1) AppleWebKit/537.11 (KHTML, like Gecko) Chrome/23.0.1271.95 Safari/537.11"
145.236.102.112 - - [11/Dec/2012:20:48:35 +0100] "GET /jog/eseteink/derekegyhaza/kepek/dalerd__.jpg HTTP/1.1" 200 6281 "http://www.beklen.hu/jog/eseteink/derekegyhaza/index.htm" "Mozilla/5.0 (Windows NT 6.1) AppleWebKit/537.11 (KHTML, like Gecko) Chrome/23.0.1271.95 Safari/537.11"
145.236.102.112 - - [11/Dec/2012:20:48:35 +0100] "GET /jog/eseteink/derekegyhaza/kepek/vadaskert-szakhat_.jpg HTTP/1.1" 200 8903 "http://www.beklen.hu/jog/eseteink/derekegyhaza/index.htm" "Mozilla/5.0 (Windows NT 6.1) AppleWebKit/537.11 (KHTML, like Gecko) Chrome/23.0.1271.95 Safari/537.11"
66.249.76.62 - - [11/Dec/2012:21:10:54 +0100] "GET /jog/eseteink/poroszlo/panasz_poroszlo.pdf HTTP/1.1" 304 - "-" "Mozilla/5.0 (compatible; Googlebot/2.1; +http://www.google.com/bot.html)"
66.249.76.62 - - [11/Dec/2012:22:45:56 +0100] "GET / HTTP/1.1" 200 23965 "-" "Mozilla/5.0 (compatible; Googlebot/2.1; +http://www.google.com/bot.html)"
208.115.113.84 - - [11/Dec/2012:23:27:33 +0100] "GET /robots.txt HTTP/1.1" 404 1181 "-" "Mozilla/5.0 (compatible; Ezooms/1.0; ezooms.bot@gmail.com)"
