62.165.204.46 - - [24/Dec/2012:08:38:25 +0100] "GET /hirek/hirek100728.htm HTTP/1.1" 200 7560 "http://beklen.hu" "Mozilla/5.0 (Windows; U; Windows NT 5.1; rv:1.7.3) Gecko/20041001 Firefox/0.10.1"
62.165.204.46 - - [24/Dec/2012:08:38:25 +0100] "GET /hirek/hirek100420.htm HTTP/1.1" 200 7914 "http://beklen.hu" "Mozilla/5.0 (Windows; U; Windows NT 5.1; rv:1.7.3) Gecko/20041001 Firefox/0.10.1"
62.165.204.46 - - [24/Dec/2012:08:38:25 +0100] "GET /hirek/hirek100420.htm HTTP/1.1" 200 7914 "http://beklen.hu" "Mozilla/5.0 (Windows; U; Windows NT 5.1; rv:1.7.3) Gecko/20041001 Firefox/0.10.1"
62.165.204.46 - - [24/Dec/2012:08:38:25 +0100] "GET /hirek/hirek100305.htm HTTP/1.1" 200 7091 "http://beklen.hu" "Mozilla/5.0 (Windows; U; Windows NT 5.1; rv:1.7.3) Gecko/20041001 Firefox/0.10.1"
62.165.204.46 - - [24/Dec/2012:08:38:25 +0100] "GET /hirek/hirek100305.htm HTTP/1.1" 200 7091 "http://beklen.hu" "Mozilla/5.0 (Windows; U; Windows NT 5.1; rv:1.7.3) Gecko/20041001 Firefox/0.10.1"
62.165.204.46 - - [24/Dec/2012:08:38:25 +0100] "GET /hirek/hirek100225.htm HTTP/1.1" 200 7288 "http://beklen.hu" "Mozilla/5.0 (Windows; U; Windows NT 5.1; rv:1.7.3) Gecko/20041001 Firefox/0.10.1"
62.165.204.46 - - [24/Dec/2012:08:38:25 +0100] "GET /hirek/hirek100225.htm HTTP/1.1" 200 7288 "http://beklen.hu" "Mozilla/5.0 (Windows; U; Windows NT 5.1; rv:1.7.3) Gecko/20041001 Firefox/0.10.1"
62.165.204.46 - - [24/Dec/2012:08:38:25 +0100] "GET /hirek/hirek091221.htm HTTP/1.1" 200 6740 "http://beklen.hu" "Mozilla/5.0 (Windows; U; Windows NT 5.1; rv:1.7.3) Gecko/20041001 Firefox/0.10.1"
62.165.204.46 - - [24/Dec/2012:08:38:25 +0100] "GET /hirek/hirek091221.htm HTTP/1.1" 200 6740 "http://beklen.hu" "Mozilla/5.0 (Windows; U; Windows NT 5.1; rv:1.7.3) Gecko/20041001 Firefox/0.10.1"
62.165.204.46 - - [24/Dec/2012:08:38:25 +0100] "GET /hirek/hirek091103.htm HTTP/1.1" 200 7301 "http://beklen.hu" "Mozilla/5.0 (Windows; U; Windows NT 5.1; rv:1.7.3) Gecko/20041001 Firefox/0.10.1"
62.165.204.46 - - [24/Dec/2012:08:38:28 +0100] "GET /hirek/hirek091103.htm HTTP/1.1" 200 7301 "http://beklen.hu" "Mozilla/5.0 (Windows; U; Windows NT 5.1; rv:1.7.3) Gecko/20041001 Firefox/0.10.1"
62.165.204.46 - - [24/Dec/2012:08:38:28 +0100] "GET /hirek/hirek091102.htm HTTP/1.1" 200 8538 "http://beklen.hu" "Mozilla/5.0 (Windows; U; Windows NT 5.1; rv:1.7.3) Gecko/20041001 Firefox/0.10.1"
62.165.204.46 - - [24/Dec/2012:08:38:28 +0100] "GET /hirek/hirek091102.htm HTTP/1.1" 200 8538 "http://beklen.hu" "Mozilla/5.0 (Windows; U; Windows NT 5.1; rv:1.7.3) Gecko/20041001 Firefox/0.10.1"
62.165.204.46 - - [24/Dec/2012:08:38:28 +0100] "GET /hirek/hirek091015.htm HTTP/1.1" 200 7046 "http://beklen.hu" "Mozilla/5.0 (Windows; U; Windows NT 5.1; rv:1.7.3) Gecko/20041001 Firefox/0.10.1"
62.165.204.46 - - [24/Dec/2012:08:38:28 +0100] "GET /hirek/hirek091015.htm HTTP/1.1" 200 7046 "http://beklen.hu" "Mozilla/5.0 (Windows; U; Windows NT 5.1; rv:1.7.3) Gecko/20041001 Firefox/0.10.1"
62.165.204.46 - - [24/Dec/2012:08:38:28 +0100] "GET /hirek/klimatv_civilcikk.doc HTTP/1.1" 200 78336 "http://beklen.hu" "Mozilla/5.0 (Windows; U; Windows NT 5.1; rv:1.7.3) Gecko/20041001 Firefox/0.10.1"
62.165.204.46 - - [24/Dec/2012:08:38:28 +0100] "GET /hirarchivum.htm HTTP/1.1" 200 24981 "http://beklen.hu" "Mozilla/5.0 (Windows; U; Windows NT 5.1; rv:1.7.3) Gecko/20041001 Firefox/0.10.1"
62.165.204.46 - - [24/Dec/2012:08:38:28 +0100] "GET /hirarchivum.htm HTTP/1.1" 200 24981 "http://beklen.hu" "Mozilla/5.0 (Windows; U; Windows NT 5.1; rv:1.7.3) Gecko/20041001 Firefox/0.10.1"
66.249.78.60 - - [24/Dec/2012:08:49:44 +0100] "GET /fiok/ HTTP/1.1" 304 - "-" "Mozilla/5.0 (compatible; Googlebot/2.1; +http://www.google.com/bot.html)"
139.18.2.17 - - [24/Dec/2012:09:06:15 +0100] "GET /jog/eljaraskezd.htm HTTP/1.1" 200 13730 "-" "findlinks/2.6 (+http://wortschatz.uni-leipzig.de/findlinks/)"
66.249.78.11 - - [24/Dec/2012:09:18:17 +0100] "GET /robots.txt HTTP/1.1" 404 1181 "-" "Mozilla/5.0 (compatible; Googlebot/2.1; +http://www.google.com/bot.html)"
66.249.76.11 - - [24/Dec/2012:09:18:17 +0100] "GET /english/index.htm HTTP/1.1" 200 5262 "-" "Mozilla/5.0 (compatible; Googlebot/2.1; +http://www.google.com/bot.html)"
208.115.113.84 - - [24/Dec/2012:09:26:01 +0100] "GET /hirek/hirek091221.htm HTTP/1.1" 200 6740 "-" "Mozilla/5.0 (compatible; Ezooms/1.0; ezooms.bot@gmail.com)"
130.83.167.153 - - [24/Dec/2012:09:33:46 +0100] "GET /jog/polgariper.htm HTTP/1.1" 200 13964 "-" "findlinks/2.6 (+http://wortschatz.uni-leipzig.de/findlinks/)"
66.249.78.11 - - [24/Dec/2012:09:43:56 +0100] "GET /english/introduction.htm HTTP/1.1" 200 6502 "-" "Mozilla/5.0 (compatible; Googlebot/2.1; +http://www.google.com/bot.html)"
5.206.140.25 - - [24/Dec/2012:09:44:12 +0100] "GET /jog/eseteink/korosladany/panasz_rendorsegi_hatarozat_ellen.pdf HTTP/1.1" 200 148679 "http://search.conduit.com/results.aspx?q=z%C3%A1rt+vaddiszn%C3%B3tart%C3%A1s+felt%C3%A9tele&Suggest=&stype=Results&FollowOn=True&SelfSearch=1&SearchType=SearchWeb&SearchSource=13&ctid=CT2786678&octid=CT2786678" "Mozilla/5.0 (Windows; U; Windows NT 5.1; hu; rv:1.9.2.12) Gecko/20101026 Firefox/3.6.12"
5.206.140.25 - - [24/Dec/2012:09:44:17 +0100] "GET /favicon.ico HTTP/1.1" 404 1181 "-" "Mozilla/5.0 (Windows; U; Windows NT 5.1; hu; rv:1.9.2.12) Gecko/20101026 Firefox/3.6.12"
66.249.76.11 - - [24/Dec/2012:09:51:57 +0100] "GET /hirarchivum.htm HTTP/1.1" 200 24981 "-" "Mozilla/5.0 (compatible; Googlebot/2.1; +http://www.google.com/bot.html)"
66.249.78.11 - - [24/Dec/2012:09:59:20 +0100] "GET /hirek09_01.htm HTTP/1.1" 200 6841 "-" "Mozilla/5.0 (compatible; Googlebot/2.1; +http://www.google.com/bot.html)"
66.249.78.11 - - [24/Dec/2012:10:01:02 +0100] "GET /hirek/hirek090215.htm HTTP/1.1" 200 9398 "-" "Mozilla/5.0 (compatible; Googlebot/2.1; +http://www.google.com/bot.html)"
66.249.78.11 - - [24/Dec/2012:10:01:21 +0100] "GET /hirek/hirek090303.htm HTTP/1.1" 200 7721 "-" "Mozilla/5.0 (compatible; Googlebot/2.1; +http://www.google.com/bot.html)"
66.249.78.60 - - [24/Dec/2012:10:13:52 +0100] "GET /fiok/ HTTP/1.1" 304 - "-" "Mozilla/5.0 (compatible; Googlebot/2.1; +http://www.google.com/bot.html)"
66.249.78.11 - - [24/Dec/2012:10:24:16 +0100] "GET /hirek09_03.htm HTTP/1.1" 200 10726 "-" "Mozilla/5.0 (compatible; Googlebot/2.1; +http://www.google.com/bot.html)"
66.249.76.11 - - [24/Dec/2012:10:44:45 +0100] "GET /hirek09_02.htm HTTP/1.1" 200 7450 "-" "Mozilla/5.0 (compatible; Googlebot/2.1; +http://www.google.com/bot.html)"
66.249.78.60 - - [24/Dec/2012:10:55:49 +0100] "GET /jog/eseteink/korosladany/panasz_rendorsegi_hatarozat_ellen.pdf HTTP/1.1" 304 - "-" "Mozilla/5.0 (compatible; Googlebot/2.1; +http://www.google.com/bot.html)"
66.249.78.11 - - [24/Dec/2012:10:57:07 +0100] "GET /hirek08_10.htm HTTP/1.1" 200 6946 "-" "Mozilla/5.0 (compatible; Googlebot/2.1; +http://www.google.com/bot.html)"
66.249.76.11 - - [24/Dec/2012:11:07:47 +0100] "GET /hirek/hirek09_03.htm HTTP/1.1" 200 10810 "-" "Mozilla/5.0 (compatible; Googlebot/2.1; +http://www.google.com/bot.html)"
66.249.78.11 - - [24/Dec/2012:11:35:35 +0100] "GET /hirek/hirek09_01.htm HTTP/1.1" 200 6925 "-" "Mozilla/5.0 (compatible; Googlebot/2.1; +http://www.google.com/bot.html)"
178.63.93.196 - - [24/Dec/2012:11:37:59 +0100] "GET / HTTP/1.1" 200 23965 "-" "Mozilla/5.0 (Windows NT 6.1; WOW64; rv:2.0.1) Gecko/20100101 Firefox/4.0.1 WebMoney Advisor"
66.249.78.11 - - [24/Dec/2012:12:10:24 +0100] "GET /hirek/hirek09_02.htm HTTP/1.1" 200 7534 "-" "Mozilla/5.0 (compatible; Googlebot/2.1; +http://www.google.com/bot.html)"
66.249.76.11 - - [24/Dec/2012:12:34:05 +0100] "GET /hirek/hirek090605.htm HTTP/1.1" 200 7994 "-" "Mozilla/5.0 (compatible; Googlebot/2.1; +http://www.google.com/bot.html)"
66.249.78.11 - - [24/Dec/2012:12:54:21 +0100] "GET /hirek/hirek090301.htm HTTP/1.1" 200 7022 "-" "Mozilla/5.0 (compatible; Googlebot/2.1; +http://www.google.com/bot.html)"
66.249.78.11 - - [24/Dec/2012:13:10:32 +0100] "GET /hirek/hirek090602.htm HTTP/1.1" 200 7261 "-" "Mozilla/5.0 (compatible; Googlebot/2.1; +http://www.google.com/bot.html)"
66.249.78.11 - - [24/Dec/2012:13:27:51 +0100] "GET /hirek/hirek090619.htm HTTP/1.1" 200 7871 "-" "Mozilla/5.0 (compatible; Googlebot/2.1; +http://www.google.com/bot.html)"
66.249.76.11 - - [24/Dec/2012:13:49:54 +0100] "GET /hirek/hirek090302.htm HTTP/1.1" 200 8452 "-" "Mozilla/5.0 (compatible; Googlebot/2.1; +http://www.google.com/bot.html)"
66.249.76.11 - - [24/Dec/2012:14:07:07 +0100] "GET /hirek/hirek090509.htm HTTP/1.1" 200 7803 "-" "Mozilla/5.0 (compatible; Googlebot/2.1; +http://www.google.com/bot.html)"
66.249.78.11 - - [24/Dec/2012:14:24:04 +0100] "GET /hirek/hirek090510.htm HTTP/1.1" 200 12743 "-" "Mozilla/5.0 (compatible; Googlebot/2.1; +http://www.google.com/bot.html)"
145.236.35.46 - - [24/Dec/2012:14:27:48 +0100] "GET /jog/jogihatter.htm HTTP/1.1" 200 18691 "http://www.google.hu/url?sa=t&rct=j&q=&esrc=s&frm=1&source=web&cd=8&ved=0CG0QFjAH&url=http%3A%2F%2Fwww.beklen.hu%2Fjog%2Fjogihatter.htm&ei=Q1jYUJvfCbT24QSO6YDIBA&usg=AFQjCNEDfkRpwRVnlkhItHjwmg30OtNygg&sig2=ZL7CVkt7yPLAMOcZHNna9g&bvm=bv.1355534169,d.Yms" "Mozilla/5.0 (compatible; MSIE 9.0; Windows NT 6.1; Win64; x64; Trident/5.0)"
145.236.35.46 - - [24/Dec/2012:14:27:48 +0100] "GET /jog/style.css HTTP/1.1" 200 21413 "http://www.beklen.hu/jog/jogihatter.htm" "Mozilla/5.0 (compatible; MSIE 9.0; Windows NT 6.1; Win64; x64; Trident/5.0)"
145.236.35.46 - - [24/Dec/2012:14:27:48 +0100] "GET /jog/script.js HTTP/1.1" 200 5674 "http://www.beklen.hu/jog/jogihatter.htm" "Mozilla/5.0 (compatible; MSIE 9.0; Windows NT 6.1; Win64; x64; Trident/5.0)"
145.236.35.46 - - [24/Dec/2012:14:27:48 +0100] "GET /jog/img/file_pdf.png HTTP/1.1" 200 581 "http://www.beklen.hu/jog/jogihatter.htm" "Mozilla/5.0 (compatible; MSIE 9.0; Windows NT 6.1; Win64; x64; Trident/5.0)"
145.236.35.46 - - [24/Dec/2012:14:27:48 +0100] "GET /jog/img/file_zip.png HTTP/1.1" 200 622 "http://www.beklen.hu/jog/jogihatter.htm" "Mozilla/5.0 (compatible; MSIE 9.0; Windows NT 6.1; Win64; x64; Trident/5.0)"
145.236.35.46 - - [24/Dec/2012:14:27:48 +0100] "GET /jog/img/file_doc.png HTTP/1.1" 200 598 "http://www.beklen.hu/jog/jogihatter.htm" "Mozilla/5.0 (compatible; MSIE 9.0; Windows NT 6.1; Win64; x64; Trident/5.0)"
145.236.35.46 - - [24/Dec/2012:14:27:48 +0100] "GET /jog/jquery.js HTTP/1.1" 200 72174 "http://www.beklen.hu/jog/jogihatter.htm" "Mozilla/5.0 (compatible; MSIE 9.0; Windows NT 6.1; Win64; x64; Trident/5.0)"
145.236.35.46 - - [24/Dec/2012:14:27:48 +0100] "GET /jog/images/post_v.png HTTP/1.1" 200 310 "http://www.beklen.hu/jog/jogihatter.htm" "Mozilla/5.0 (compatible; MSIE 9.0; Windows NT 6.1; Win64; x64; Trident/5.0)"
145.236.35.46 - - [24/Dec/2012:14:27:48 +0100] "GET /jog/images/menuitem.png HTTP/1.1" 200 20398 "http://www.beklen.hu/jog/jogihatter.htm" "Mozilla/5.0 (compatible; MSIE 9.0; Windows NT 6.1; Win64; x64; Trident/5.0)"
145.236.35.46 - - [24/Dec/2012:14:27:48 +0100] "GET /jog/images/post_c.png HTTP/1.1" 200 204 "http://www.beklen.hu/jog/jogihatter.htm" "Mozilla/5.0 (compatible; MSIE 9.0; Windows NT 6.1; Win64; x64; Trident/5.0)"
145.236.35.46 - - [24/Dec/2012:14:27:48 +0100] "GET /jog/images/post_h.png HTTP/1.1" 200 292 "http://www.beklen.hu/jog/jogihatter.htm" "Mozilla/5.0 (compatible; MSIE 9.0; Windows NT 6.1; Win64; x64; Trident/5.0)"
145.236.35.46 - - [24/Dec/2012:14:27:48 +0100] "GET /jog/images/subitem.png HTTP/1.1" 200 81 "http://www.beklen.hu/jog/jogihatter.htm" "Mozilla/5.0 (compatible; MSIE 9.0; Windows NT 6.1; Win64; x64; Trident/5.0)"
145.236.35.46 - - [24/Dec/2012:14:27:48 +0100] "GET /jog/images/nav.png HTTP/1.1" 200 10482 "http://www.beklen.hu/jog/jogihatter.htm" "Mozilla/5.0 (compatible; MSIE 9.0; Windows NT 6.1; Win64; x64; Trident/5.0)"
145.236.35.46 - - [24/Dec/2012:14:27:48 +0100] "GET /jog/images/post_s.png HTTP/1.1" 200 466 "http://www.beklen.hu/jog/jogihatter.htm" "Mozilla/5.0 (compatible; MSIE 9.0; Windows NT 6.1; Win64; x64; Trident/5.0)"
145.236.35.46 - - [24/Dec/2012:14:27:48 +0100] "GET /jog/images/spacer.gif HTTP/1.1" 200 43 "http://www.beklen.hu/jog/jogihatter.htm" "Mozilla/5.0 (compatible; MSIE 9.0; Windows NT 6.1; Win64; x64; Trident/5.0)"
145.236.35.46 - - [24/Dec/2012:14:27:49 +0100] "GET /jog/images/Bottom_texture.jpg HTTP/1.1" 200 193775 "http://www.beklen.hu/jog/jogihatter.htm" "Mozilla/5.0 (compatible; MSIE 9.0; Windows NT 6.1; Win64; x64; Trident/5.0)"
145.236.35.46 - - [24/Dec/2012:14:27:49 +0100] "GET /jog/images/header.png HTTP/1.1" 200 170837 "http://www.beklen.hu/jog/jogihatter.htm" "Mozilla/5.0 (compatible; MSIE 9.0; Windows NT 6.1; Win64; x64; Trident/5.0)"
145.236.35.46 - - [24/Dec/2012:14:27:49 +0100] "GET /jog/favicon.ico HTTP/1.1" 200 1150 "-" "Mozilla/5.0 (compatible; MSIE 9.0; Windows NT 6.1; Win64; x64; Trident/5.0)"
66.249.78.11 - - [24/Dec/2012:14:29:33 +0100] "GET /hirek/090509/5.jpg HTTP/1.1" 200 59747 "-" "Googlebot-Image/1.0"
66.249.78.11 - - [24/Dec/2012:14:31:45 +0100] "GET /hirek/090509/2.jpg HTTP/1.1" 200 61756 "-" "Googlebot-Image/1.0"
66.249.76.11 - - [24/Dec/2012:14:34:04 +0100] "GET /hirek/090509/4.jpg HTTP/1.1" 200 71857 "-" "Googlebot-Image/1.0"
66.249.78.11 - - [24/Dec/2012:14:37:32 +0100] "GET /hirek/090509/1.jpg HTTP/1.1" 200 56693 "-" "Googlebot-Image/1.0"
66.249.78.11 - - [24/Dec/2012:14:39:52 +0100] "GET /hirek/090510/szuletesunnepe075.jpg HTTP/1.1" 200 63297 "-" "Googlebot-Image/1.0"
66.249.76.11 - - [24/Dec/2012:14:40:18 +0100] "GET /hirek/090510/szuletesunnepe043.jpg HTTP/1.1" 200 71018 "-" "Googlebot-Image/1.0"
66.249.78.11 - - [24/Dec/2012:14:40:54 +0100] "GET /hirek/090510/szuletesunnepe044.jpg HTTP/1.1" 200 66054 "-" "Googlebot-Image/1.0"
66.249.76.11 - - [24/Dec/2012:14:41:29 +0100] "GET /hirek/090510/szuletesunnepe021.jpg HTTP/1.1" 200 58618 "-" "Googlebot-Image/1.0"
66.249.76.11 - - [24/Dec/2012:14:42:06 +0100] "GET /hirek/090510/szuletesunnepe090.jpg HTTP/1.1" 200 48650 "-" "Googlebot-Image/1.0"
66.249.78.11 - - [24/Dec/2012:14:42:42 +0100] "GET /hirek/090510/szuletesunnepe011.jpg HTTP/1.1" 200 52497 "-" "Googlebot-Image/1.0"
66.249.76.11 - - [24/Dec/2012:14:43:18 +0100] "GET /hirek/090510/szuletesunnepe050.jpg HTTP/1.1" 200 61039 "-" "Googlebot-Image/1.0"
66.249.78.11 - - [24/Dec/2012:14:43:54 +0100] "GET /hirek/090510/szuletesunnepe027.jpg HTTP/1.1" 200 68059 "-" "Googlebot-Image/1.0"
66.249.78.11 - - [24/Dec/2012:14:44:30 +0100] "GET /hirek/090510/szuletesunnepe051.jpg HTTP/1.1" 200 64827 "-" "Googlebot-Image/1.0"
66.249.76.11 - - [24/Dec/2012:14:45:04 +0100] "GET /hirek/090510/szuletesunnepe034.jpg HTTP/1.1" 200 55354 "-" "Googlebot-Image/1.0"
66.249.78.11 - - [24/Dec/2012:14:45:43 +0100] "GET /hirek/090510/szuletesunnepe055.jpg HTTP/1.1" 200 75954 "-" "Googlebot-Image/1.0"
66.249.78.11 - - [24/Dec/2012:14:46:19 +0100] "GET /hirek/090510/szuletesunnepe030.jpg HTTP/1.1" 200 53089 "-" "Googlebot-Image/1.0"
66.249.76.11 - - [24/Dec/2012:14:46:55 +0100] "GET /hirek/090510/szuletesunnepe066.jpg HTTP/1.1" 200 51997 "-" "Googlebot-Image/1.0"
66.249.76.11 - - [24/Dec/2012:14:47:32 +0100] "GET /hirek/090510/szuletesunnepe037.jpg HTTP/1.1" 200 72107 "-" "Googlebot-Image/1.0"
66.249.78.11 - - [24/Dec/2012:14:48:09 +0100] "GET /hirek/090510/szuletesunnepe065.jpg HTTP/1.1" 200 57867 "-" "Googlebot-Image/1.0"
66.249.78.11 - - [24/Dec/2012:14:48:47 +0100] "GET /hirek/090510/szuletesunnepe078.jpg HTTP/1.1" 200 56868 "-" "Googlebot-Image/1.0"
66.249.78.11 - - [24/Dec/2012:14:49:28 +0100] "GET /hirek/090510/szuletesunnepe025.jpg HTTP/1.1" 200 52551 "-" "Googlebot-Image/1.0"
180.76.5.113 - - [24/Dec/2012:15:33:38 +0100] "GET /fiok/program_reszek/madarmegfigyeles.htm HTTP/1.1" 200 21825 "-" "Mozilla/5.0 (compatible; Baiduspider/2.0; +http://www.baidu.com/search/spider.html)"
130.83.167.153 - - [24/Dec/2012:16:12:51 +0100] "GET /jog/index.htm HTTP/1.1" 200 13138 "-" "findlinks/2.6 (+http://wortschatz.uni-leipzig.de/findlinks/)"
31.46.226.242 - - [24/Dec/2012:16:33:03 +0100] "GET /jog/polgariper.htm HTTP/1.1" 200 13964 "http://www.google.hu/url?sa=t&rct=j&q=&esrc=s&source=web&cd=3&ved=0CD0QFjAC&url=http%3A%2F%2Fwww.beklen.hu%2Fjog%2Fpolgariper.htm&ei=rHXYUNjLCcfasgb--4CYDg&usg=AFQjCNFPU2vclhU7sO2TgbJoo8vqvE-YTg&bvm=bv.1355534169,d.Yms" "Mozilla/5.0 (Windows NT 5.1; rv:16.0) Gecko/20100101 Firefox/16.0"
31.46.226.242 - - [24/Dec/2012:16:33:03 +0100] "GET /jog/css/script.js HTTP/1.1" 200 6975 "http://www.beklen.hu/jog/polgariper.htm" "Mozilla/5.0 (Windows NT 5.1; rv:16.0) Gecko/20100101 Firefox/16.0"
31.46.226.242 - - [24/Dec/2012:16:33:03 +0100] "GET /jog/favicon.ico HTTP/1.1" 200 1150 "-" "Mozilla/5.0 (Windows NT 5.1; rv:16.0) Gecko/20100101 Firefox/16.0"
31.46.226.242 - - [24/Dec/2012:16:33:03 +0100] "GET /jog/css/style.css HTTP/1.1" 200 23764 "http://www.beklen.hu/jog/polgariper.htm" "Mozilla/5.0 (Windows NT 5.1; rv:16.0) Gecko/20100101 Firefox/16.0"
31.46.226.242 - - [24/Dec/2012:16:33:04 +0100] "GET /jog/img/320/albofalevel1.jpg HTTP/1.1" 200 14351 "http://www.beklen.hu/jog/polgariper.htm" "Mozilla/5.0 (Windows NT 5.1; rv:16.0) Gecko/20100101 Firefox/16.0"
31.46.226.242 - - [24/Dec/2012:16:33:04 +0100] "GET /jog/css/jquery.js HTTP/1.1" 200 72174 "http://www.beklen.hu/jog/polgariper.htm" "Mozilla/5.0 (Windows NT 5.1; rv:16.0) Gecko/20100101 Firefox/16.0"
31.46.226.242 - - [24/Dec/2012:16:33:04 +0100] "GET /jog2/images/spacer.gif HTTP/1.1" 200 43 "http://www.beklen.hu/jog/css/style.css" "Mozilla/5.0 (Windows NT 5.1; rv:16.0) Gecko/20100101 Firefox/16.0"
31.46.226.242 - - [24/Dec/2012:16:33:04 +0100] "GET /jog2/images/subitem.png HTTP/1.1" 200 81 "http://www.beklen.hu/jog/css/style.css" "Mozilla/5.0 (Windows NT 5.1; rv:16.0) Gecko/20100101 Firefox/16.0"
31.46.226.242 - - [24/Dec/2012:16:33:04 +0100] "GET /jog2/images/Bottom_texture.jpg HTTP/1.1" 200 193775 "http://www.beklen.hu/jog/css/style.css" "Mozilla/5.0 (Windows NT 5.1; rv:16.0) Gecko/20100101 Firefox/16.0"
31.46.226.242 - - [24/Dec/2012:16:33:04 +0100] "GET /jog2/images/menuitem.png HTTP/1.1" 200 20960 "http://www.beklen.hu/jog/css/style.css" "Mozilla/5.0 (Windows NT 5.1; rv:16.0) Gecko/20100101 Firefox/16.0"
31.46.226.242 - - [24/Dec/2012:16:33:04 +0100] "GET /jog2/images/nav.png HTTP/1.1" 200 11000 "http://www.beklen.hu/jog/css/style.css" "Mozilla/5.0 (Windows NT 5.1; rv:16.0) Gecko/20100101 Firefox/16.0"
31.46.226.242 - - [24/Dec/2012:16:33:04 +0100] "GET /jog2/images/sidebar_bg.png HTTP/1.1" 200 96 "http://www.beklen.hu/jog/css/style.css" "Mozilla/5.0 (Windows NT 5.1; rv:16.0) Gecko/20100101 Firefox/16.0"
31.46.226.242 - - [24/Dec/2012:16:33:04 +0100] "GET /jog2/images/vmenuitem.png HTTP/1.1" 200 1672 "http://www.beklen.hu/jog/css/style.css" "Mozilla/5.0 (Windows NT 5.1; rv:16.0) Gecko/20100101 Firefox/16.0"
31.46.226.242 - - [24/Dec/2012:16:33:04 +0100] "GET /jog2/images/post_v.png HTTP/1.1" 200 310 "http://www.beklen.hu/jog/css/style.css" "Mozilla/5.0 (Windows NT 5.1; rv:16.0) Gecko/20100101 Firefox/16.0"
31.46.226.242 - - [24/Dec/2012:16:33:04 +0100] "GET /jog2/images/post_h.png HTTP/1.1" 200 292 "http://www.beklen.hu/jog/css/style.css" "Mozilla/5.0 (Windows NT 5.1; rv:16.0) Gecko/20100101 Firefox/16.0"
31.46.226.242 - - [24/Dec/2012:16:33:04 +0100] "GET /jog2/images/header.png HTTP/1.1" 200 170837 "http://www.beklen.hu/jog/css/style.css" "Mozilla/5.0 (Windows NT 5.1; rv:16.0) Gecko/20100101 Firefox/16.0"
31.46.226.242 - - [24/Dec/2012:16:33:04 +0100] "GET /jog2/images/post_s.png HTTP/1.1" 200 466 "http://www.beklen.hu/jog/css/style.css" "Mozilla/5.0 (Windows NT 5.1; rv:16.0) Gecko/20100101 Firefox/16.0"
31.46.226.242 - - [24/Dec/2012:16:33:04 +0100] "GET /jog2/images/button.png HTTP/1.1" 200 27118 "http://www.beklen.hu/jog/css/style.css" "Mozilla/5.0 (Windows NT 5.1; rv:16.0) Gecko/20100101 Firefox/16.0"
31.46.226.242 - - [24/Dec/2012:16:33:04 +0100] "GET /jog2/images/post_c.png HTTP/1.1" 200 204 "http://www.beklen.hu/jog/css/style.css" "Mozilla/5.0 (Windows NT 5.1; rv:16.0) Gecko/20100101 Firefox/16.0"
146.52.210.34 - - [24/Dec/2012:16:54:29 +0100] "GET /hirek/hirek120207.htm HTTP/1.1" 200 6586 "-" "findlinks/2.0.2 (+http://wortschatz.uni-leipzig.de/findlinks/)"
139.18.2.17 - - [24/Dec/2012:17:08:20 +0100] "GET /jog/publikaciok.htm HTTP/1.1" 200 17866 "-" "findlinks/2.6 (+http://wortschatz.uni-leipzig.de/findlinks/)"
208.115.111.68 - - [24/Dec/2012:17:21:32 +0100] "GET /robots.txt HTTP/1.1" 404 1181 "-" "Mozilla/5.0 (compatible; Ezooms/1.0; ezooms.bot@gmail.com)"
66.249.78.60 - - [24/Dec/2012:18:15:55 +0100] "GET /robots.txt HTTP/1.1" 404 1181 "-" "Mozilla/5.0 (compatible; Googlebot/2.1; +http://www.google.com/bot.html)"
66.249.78.60 - - [24/Dec/2012:18:15:56 +0100] "GET /jog/jogszabalyok/1992_lxiii%20sz%20adatok.pdf HTTP/1.1" 200 200597 "-" "Googlebot/2.1 (+http://www.google.com/bot.html)"
178.154.210.252 - - [24/Dec/2012:18:36:55 +0100] "GET /robots.txt HTTP/1.1" 404 1181 "-" "Mozilla/5.0 (compatible; YandexBot/3.0; +http://yandex.com/bots)"
66.249.78.60 - - [24/Dec/2012:18:40:15 +0100] "GET /jog/pub/rally_kiadvany_mtvsz.pdf HTTP/1.1" 200 630857 "-" "Googlebot/2.1 (+http://www.google.com/bot.html)"
66.249.76.62 - - [24/Dec/2012:18:40:48 +0100] "GET /jog/eseteink/malom/ilona_bontas.pdf HTTP/1.1" 200 4556816 "-" "Googlebot/2.1 (+http://www.google.com/bot.html)"
66.249.78.60 - - [24/Dec/2012:19:16:30 +0100] "GET /jog/eseteink/autopalya/m85-itelet.pdf HTTP/1.1" 200 711298 "-" "Googlebot/2.1 (+http://www.google.com/bot.html)"
139.18.2.209 - - [24/Dec/2012:19:23:46 +0100] "GET /hirek/hirek091102.htm HTTP/1.1" 200 8538 "-" "findlinks/2.6 (+http://wortschatz.uni-leipzig.de/findlinks/)"
66.249.78.60 - - [24/Dec/2012:19:40:35 +0100] "GET /jog/eseteink/malom/fellebbezes_hatarnap.pdf HTTP/1.1" 200 156928 "-" "Googlebot/2.1 (+http://www.google.com/bot.html)"
66.249.78.60 - - [24/Dec/2012:19:49:00 +0100] "GET /jog/eseteink/kavicszatony/mura_bejelentesbk.pdf HTTP/1.1" 200 156885 "-" "Googlebot/2.1 (+http://www.google.com/bot.html)"
66.249.78.60 - - [24/Dec/2012:19:55:12 +0100] "GET /jog/pub/fuzet_beliv_jav2.pdf HTTP/1.1" 200 775632 "-" "Googlebot/2.1 (+http://www.google.com/bot.html)"
208.115.111.68 - - [24/Dec/2012:19:55:20 +0100] "GET /hirek/hirek100225.htm HTTP/1.1" 200 7288 "-" "Mozilla/5.0 (compatible; Ezooms/1.0; ezooms.bot@gmail.com)"
66.249.78.60 - - [24/Dec/2012:20:01:07 +0100] "GET /jog/eseteink/kavicszatony/mura_valasz.pdf HTTP/1.1" 200 105721 "-" "Googlebot/2.1 (+http://www.google.com/bot.html)"
66.249.78.60 - - [24/Dec/2012:20:04:33 +0100] "GET /jog/eseteink/kavicszatony/mura_fellebbezes1.pdf HTTP/1.1" 200 213658 "-" "Googlebot/2.1 (+http://www.google.com/bot.html)"
66.249.78.60 - - [24/Dec/2012:20:11:01 +0100] "GET /jog/jogszabalyok/egyezm_bonn.pdf HTTP/1.1" 200 77213 "-" "Googlebot/2.1 (+http://www.google.com/bot.html)"
66.249.78.60 - - [24/Dec/2012:20:13:40 +0100] "GET /jog/jogszabalyok/kornyezetvedelmi_torveny.pdf HTTP/1.1" 200 245188 "-" "Googlebot/2.1 (+http://www.google.com/bot.html)"
66.249.78.60 - - [24/Dec/2012:20:21:13 +0100] "GET /jog/jogszabalyok/onkormanyzati.pdf HTTP/1.1" 200 231668 "-" "Googlebot/2.1 (+http://www.google.com/bot.html)"
66.249.78.60 - - [24/Dec/2012:20:25:04 +0100] "GET /jog/jogszabalyok/vki_en_hu_hivatalos_20040901.pdf HTTP/1.1" 200 1062287 "-" "Googlebot/2.1 (+http://www.google.com/bot.html)"
66.249.78.60 - - [24/Dec/2012:20:32:09 +0100] "GET /hirek/hirek091015.htm HTTP/1.1" 200 7046 "-" "Mozilla/5.0 (iPhone; U; CPU iPhone OS 4_1 like Mac OS X; en-us) AppleWebKit/532.9 (KHTML, like Gecko) Version/4.0.5 Mobile/8B117 Safari/6531.22.7 (compatible; Googlebot-Mobile/2.1; +http://www.google.com/bot.html)"
66.249.78.60 - - [24/Dec/2012:20:33:35 +0100] "GET /jog/pub/fuzet_beliv_jav2angol.pdf HTTP/1.1" 200 811793 "-" "Googlebot/2.1 (+http://www.google.com/bot.html)"
66.249.78.60 - - [24/Dec/2012:20:33:39 +0100] "GET /jog/eseteink/malom/ugyfel.pdf HTTP/1.1" 200 287556 "-" "Googlebot/2.1 (+http://www.google.com/bot.html)"
66.249.78.11 - - [24/Dec/2012:20:35:58 +0100] "GET /robots.txt HTTP/1.1" 404 1181 "-" "Mozilla/5.0 (compatible; Googlebot/2.1; +http://www.google.com/bot.html)"
66.249.78.11 - - [24/Dec/2012:20:35:58 +0100] "GET /hirek/fiok/index.html HTTP/1.1" 404 1181 "-" "Mozilla/5.0 (compatible; Googlebot/2.1; +http://www.google.com/bot.html)"
66.249.78.60 - - [24/Dec/2012:20:43:04 +0100] "GET /images/norway_grants_.jpg HTTP/1.1" 200 4440 "-" "Mozilla/5.0 (compatible; Googlebot/2.1; +http://www.google.com/bot.html)"
66.249.78.60 - - [24/Dec/2012:20:43:04 +0100] "GET /images/kvvm_logo.jpg HTTP/1.1" 200 4763 "-" "Mozilla/5.0 (compatible; Googlebot/2.1; +http://www.google.com/bot.html)"
66.249.78.60 - - [24/Dec/2012:20:43:05 +0100] "GET /images/eea_logo_.jpg HTTP/1.1" 200 32098 "-" "Mozilla/5.0 (compatible; Googlebot/2.1; +http://www.google.com/bot.html)"
66.249.78.60 - - [24/Dec/2012:20:43:06 +0100] "GET /images/72_nfu.jpg HTTP/1.1" 200 603912 "-" "Mozilla/5.0 (compatible; Googlebot/2.1; +http://www.google.com/bot.html)"
208.115.111.68 - - [24/Dec/2012:21:16:11 +0100] "GET /robots.txt HTTP/1.1" 404 1181 "-" "Mozilla/5.0 (compatible; Ezooms/1.0; ezooms.bot@gmail.com)"
178.154.210.252 - - [24/Dec/2012:21:31:10 +0100] "GET / HTTP/1.1" 200 23965 "-" "Mozilla/5.0 (compatible; YandexBot/3.0; +http://yandex.com/bots)"
146.52.210.34 - - [24/Dec/2012:22:48:45 +0100] "GET /jog/ugyeszsegek.htm HTTP/1.1" 200 13810 "-" "findlinks/2.0.2 (+http://wortschatz.uni-leipzig.de/findlinks/)"
180.76.5.52 - - [24/Dec/2012:23:13:05 +0100] "GET /fiok/program_reszek/csaladbarat.htm HTTP/1.1" 200 20928 "-" "Mozilla/5.0 (compatible; Baiduspider/2.0; +http://www.baidu.com/search/spider.html)"
208.115.113.84 - - [24/Dec/2012:23:22:10 +0100] "GET /robots.txt HTTP/1.1" 404 1181 "-" "Mozilla/5.0 (compatible; Ezooms/1.0; ezooms.bot@gmail.com)"
66.249.78.60 - - [24/Dec/2012:23:46:20 +0100] "GET /fiok/program_reszek/images/index_27_27.jpg HTTP/1.1" 200 12876 "-" "Mozilla/5.0 (compatible; Googlebot/2.1; +http://www.google.com/bot.html)"
66.249.78.60 - - [24/Dec/2012:23:46:21 +0100] "GET /fiok/program_reszek/images/index_25.gif HTTP/1.1" 200 708 "-" "Mozilla/5.0 (compatible; Googlebot/2.1; +http://www.google.com/bot.html)"
66.249.78.60 - - [24/Dec/2012:23:46:21 +0100] "GET /fiok/program_reszek/images/index_26.gif HTTP/1.1" 200 121 "-" "Mozilla/5.0 (compatible; Googlebot/2.1; +http://www.google.com/bot.html)"
66.249.76.62 - - [24/Dec/2012:23:46:22 +0100] "GET /fiok/program_reszek/images/index_16_16.JPG HTTP/1.1" 200 13468 "-" "Mozilla/5.0 (compatible; Googlebot/2.1; +http://www.google.com/bot.html)"
66.249.78.60 - - [24/Dec/2012:23:46:23 +0100] "GET /fiok/program_reszek/images/index_15_15.JPG HTTP/1.1" 200 20275 "-" "Mozilla/5.0 (compatible; Googlebot/2.1; +http://www.google.com/bot.html)"
66.249.76.62 - - [24/Dec/2012:23:46:23 +0100] "GET /fiok/program_reszek/images/index_17_17.jpg HTTP/1.1" 200 2374 "-" "Mozilla/5.0 (compatible; Googlebot/2.1; +http://www.google.com/bot.html)"
66.249.78.60 - - [24/Dec/2012:23:46:24 +0100] "GET /fiok/program_reszek/images/spacer.gif HTTP/1.1" 200 43 "-" "Mozilla/5.0 (compatible; Googlebot/2.1; +http://www.google.com/bot.html)"
66.249.78.60 - - [24/Dec/2012:23:46:25 +0100] "GET /fiok/program_reszek/images/index_28.gif HTTP/1.1" 200 262 "-" "Mozilla/5.0 (compatible; Googlebot/2.1; +http://www.google.com/bot.html)"
208.115.111.68 - - [24/Dec/2012:23:53:56 +0100] "GET /fiok/mult.htm HTTP/1.1" 200 23227 "-" "Mozilla/5.0 (compatible; Ezooms/1.0; ezooms.bot@gmail.com)"
139.18.2.17 - - [25/Dec/2012:00:07:06 +0100] "GET /fiok/programok.htm HTTP/1.1" 200 18165 "-" "findlinks/2.6 (+http://wortschatz.uni-leipzig.de/findlinks/)"
178.32.77.83 - - [25/Dec/2012:01:06:31 +0100] "HEAD / HTTP/1.0" 200 0 "-" "Mozilla/5.0 (compatible; 4SeoHuntBot; +http://4seohunt.com/bot.html)"
178.32.77.83 - - [25/Dec/2012:01:06:33 +0100] "GET / HTTP/1.0" 200 23965 "-" "Mozilla/5.0 (compatible; 4SeoHuntBot; +http://4seohunt.com/bot.html)"
208.115.111.68 - - [25/Dec/2012:01:15:48 +0100] "GET /robots.txt HTTP/1.1" 404 1181 "-" "Mozilla/5.0 (compatible; Ezooms/1.0; ezooms.bot@gmail.com)"
208.115.113.84 - - [25/Dec/2012:01:23:01 +0100] "GET /hirek/hirek101025.htm HTTP/1.1" 200 8786 "-" "Mozilla/5.0 (compatible; Ezooms/1.0; ezooms.bot@gmail.com)"
208.115.113.84 - - [25/Dec/2012:03:20:29 +0100] "GET /robots.txt HTTP/1.1" 404 1181 "-" "Mozilla/5.0 (compatible; Ezooms/1.0; ezooms.bot@gmail.com)"
139.18.2.209 - - [25/Dec/2012:03:35:59 +0100] "GET /khb.htm HTTP/1.1" 200 8719 "-" "findlinks/2.6 (+http://wortschatz.uni-leipzig.de/findlinks/)"
208.115.111.68 - - [25/Dec/2012:03:51:53 +0100] "GET /deutsch/kontakt.htm HTTP/1.1" 200 4769 "-" "Mozilla/5.0 (compatible; Ezooms/1.0; ezooms.bot@gmail.com)"
208.115.111.68 - - [25/Dec/2012:03:51:55 +0100] "GET /jog/tarseljarasok.htm HTTP/1.1" 200 13316 "-" "Mozilla/5.0 (compatible; Ezooms/1.0; ezooms.bot@gmail.com)"
146.52.210.34 - - [25/Dec/2012:04:09:01 +0100] "GET /jog/ugyfeljogok.htm HTTP/1.1" 200 14279 "-" "findlinks/2.0.2 (+http://wortschatz.uni-leipzig.de/findlinks/)"
139.18.2.209 - - [25/Dec/2012:04:11:35 +0100] "GET /szakmai.htm HTTP/1.1" 200 6054 "-" "findlinks/2.6 (+http://wortschatz.uni-leipzig.de/findlinks/)"
66.249.78.60 - - [25/Dec/2012:04:55:37 +0100] "GET /hirek/hirek091102.htm HTTP/1.1" 200 8538 "-" "Mozilla/5.0 (iPhone; U; CPU iPhone OS 4_1 like Mac OS X; en-us) AppleWebKit/532.9 (KHTML, like Gecko) Version/4.0.5 Mobile/8B117 Safari/6531.22.7 (compatible; Googlebot-Mobile/2.1; +http://www.google.com/bot.html)"
180.76.5.153 - - [25/Dec/2012:05:12:37 +0100] "GET /fiok/program_reszek/turazas.htm HTTP/1.1" 200 22754 "-" "Mozilla/5.0 (compatible; Baiduspider/2.0; +http://www.baidu.com/search/spider.html)"
208.115.113.84 - - [25/Dec/2012:05:24:28 +0100] "GET /fiok/news.html HTTP/1.1" 404 1181 "-" "Mozilla/5.0 (compatible; Ezooms/1.0; ezooms.bot@gmail.com)"
65.55.52.96 - - [25/Dec/2012:05:56:48 +0100] "GET /robots.txt HTTP/1.1" 404 1181 "-" "Mozilla/5.0 (compatible; bingbot/2.0; +http://www.bing.com/bingbot.htm)"
65.55.52.96 - - [25/Dec/2012:05:59:21 +0100] "GET /hirek/hirek090605.htm HTTP/1.1" 304 - "-" "Mozilla/5.0 (compatible; bingbot/2.0; +http://www.bing.com/bingbot.htm)"
139.18.2.209 - - [25/Dec/2012:07:03:05 +0100] "GET / HTTP/1.1" 200 23965 "-" "findlinks/2.6 (+http://wortschatz.uni-leipzig.de/findlinks/)"
146.52.210.34 - - [25/Dec/2012:08:05:48 +0100] "GET /kiadvanyok.htm HTTP/1.1" 200 8206 "-" "findlinks/2.0.2 (+http://wortschatz.uni-leipzig.de/findlinks/)"
178.154.210.252 - - [25/Dec/2012:09:03:59 +0100] "GET /robots.txt HTTP/1.1" 404 1181 "-" "Mozilla/5.0 (compatible; YandexBot/3.0; +http://yandex.com/bots)"
178.154.210.252 - - [25/Dec/2012:09:04:01 +0100] "GET /magunkrol.htm HTTP/1.1" 200 9202 "-" "Mozilla/5.0 (compatible; YandexBot/3.0; +http://yandex.com/bots)"
66.249.76.62 - - [25/Dec/2012:09:13:13 +0100] "GET /robots.txt HTTP/1.1" 404 1181 "-" "Mozilla/5.0 (compatible; Googlebot/2.1; +http://www.google.com/bot.html)"
66.249.78.60 - - [25/Dec/2012:09:13:13 +0100] "GET /jog/eseteink/derekegyhaza/kereset_level_derekegyhaza_mszh_vegleges.pdf HTTP/1.1" 200 247768 "-" "Googlebot/2.1 (+http://www.google.com/bot.html)"
66.249.78.60 - - [25/Dec/2012:09:33:48 +0100] "GET /jog/eseteink/dakar/kdtktvf_dakar_fellebbezes.pdf HTTP/1.1" 200 150345 "-" "Googlebot/2.1 (+http://www.google.com/bot.html)"
66.249.78.11 - - [25/Dec/2012:09:34:07 +0100] "GET /robots.txt HTTP/1.1" 404 1181 "-" "Mozilla/5.0 (compatible; Googlebot/2.1; +http://www.google.com/bot.html)"
66.249.78.11 - - [25/Dec/2012:09:34:07 +0100] "GET /magunkrol.htm HTTP/1.1" 200 9202 "-" "Mozilla/5.0 (compatible; Googlebot/2.1; +http://www.google.com/bot.html)"
66.249.76.11 - - [25/Dec/2012:09:37:16 +0100] "GET /hirek/hirek100420.htm HTTP/1.1" 200 7914 "-" "Mozilla/5.0 (compatible; Googlebot/2.1; +http://www.google.com/bot.html)"
66.249.78.11 - - [25/Dec/2012:09:40:18 +0100] "GET /hirek/eszkozok/eszkoz1.jpg HTTP/1.1" 200 24142 "-" "Googlebot-Image/1.0"
66.249.78.11 - - [25/Dec/2012:09:40:19 +0100] "GET /hirek/eszkozok/eszkoz4.jpg HTTP/1.1" 200 51541 "-" "Googlebot-Image/1.0"
66.249.78.11 - - [25/Dec/2012:09:40:20 +0100] "GET /hirek/eszkozok/eszkoz2.jpg HTTP/1.1" 200 28386 "-" "Googlebot-Image/1.0"
66.249.78.11 - - [25/Dec/2012:09:40:21 +0100] "GET /hirek/eszkozok/eszkoz3.jpg HTTP/1.1" 200 28648 "-" "Googlebot-Image/1.0"
66.249.78.11 - - [25/Dec/2012:09:49:31 +0100] "GET /hirek/Microsoft%20Word%20-%20csongradi%20duzzaszto%20velemeny%202009.06.11..doc.pdf HTTP/1.1" 200 321155 "-" "Mozilla/5.0 (compatible; Googlebot/2.1; +http://www.google.com/bot.html)"
66.249.78.11 - - [25/Dec/2012:09:50:00 +0100] "GET /hirek/klimatv_civilcikk.doc HTTP/1.1" 200 78336 "-" "Mozilla/5.0 (compatible; Googlebot/2.1; +http://www.google.com/bot.html)"
66.249.78.11 - - [25/Dec/2012:09:53:13 +0100] "GET /hirek/hirek100305.htm HTTP/1.1" 200 7091 "-" "Mozilla/5.0 (compatible; Googlebot/2.1; +http://www.google.com/bot.html)"
66.249.76.11 - - [25/Dec/2012:10:01:05 +0100] "GET /hirek/hirek101025.htm HTTP/1.1" 200 8786 "-" "Mozilla/5.0 (compatible; Googlebot/2.1; +http://www.google.com/bot.html)"
66.249.78.11 - - [25/Dec/2012:10:10:05 +0100] "GET /media.htm HTTP/1.1" 200 5208 "-" "Mozilla/5.0 (compatible; Googlebot/2.1; +http://www.google.com/bot.html)"
66.249.78.11 - - [25/Dec/2012:10:10:58 +0100] "GET /hirek/printscreenek/oktatokozpont.JPG HTTP/1.1" 200 119626 "-" "Googlebot-Image/1.0"
66.249.78.60 - - [25/Dec/2012:10:16:10 +0100] "GET /jog/jogszabalyok/kek_6925_2004_cxl.pdf HTTP/1.1" 200 702411 "-" "Googlebot/2.1 (+http://www.google.com/bot.html)"
66.249.78.60 - - [25/Dec/2012:10:23:48 +0100] "GET /jog/eseteink/derekegyhaza/natura_letesitmeny2.pdf HTTP/1.1" 200 89623 "-" "Googlebot/2.1 (+http://www.google.com/bot.html)"
66.249.78.60 - - [25/Dec/2012:10:32:21 +0100] "GET /jog/eseteink/derekegyhaza/csongrad_biro_beavatkozas_hianya.doc.pdf HTTP/1.1" 200 139409 "-" "Googlebot/2.1 (+http://www.google.com/bot.html)"
66.249.78.11 - - [25/Dec/2012:10:35:40 +0100] "GET /hirek/hirek090930.htm HTTP/1.1" 200 7044 "-" "Mozilla/5.0 (compatible; Googlebot/2.1; +http://www.google.com/bot.html)"
66.249.76.62 - - [25/Dec/2012:10:36:16 +0100] "GET /jog/eseteink/korosladany/elso_feljelentes_rendorsegnek.pdf HTTP/1.1" 200 536446 "-" "Googlebot/2.1 (+http://www.google.com/bot.html)"
66.249.78.60 - - [25/Dec/2012:10:53:07 +0100] "GET /jog/eseteink/derekegyhaza/kotvife_kekto_vizugy.pdf HTTP/1.1" 200 103269 "-" "Googlebot/2.1 (+http://www.google.com/bot.html)"
66.249.76.62 - - [25/Dec/2012:11:03:54 +0100] "GET /jog/eseteink/malom/ugyfel_fellebbez.pdf HTTP/1.1" 200 286280 "-" "Googlebot/2.1 (+http://www.google.com/bot.html)"
66.249.78.60 - - [25/Dec/2012:11:09:17 +0100] "GET /jog/eseteink/derekegyhaza/kotevife_ugyfel_uj.pdf HTTP/1.1" 200 110734 "-" "Googlebot/2.1 (+http://www.google.com/bot.html)"
66.249.76.11 - - [25/Dec/2012:11:34:20 +0100] "GET /hirek/hirek091015.htm HTTP/1.1" 200 7046 "-" "Mozilla/5.0 (compatible; Googlebot/2.1; +http://www.google.com/bot.html)"
66.249.78.11 - - [25/Dec/2012:11:53:35 +0100] "GET /programok.htm HTTP/1.1" 200 6444 "-" "Mozilla/5.0 (compatible; Googlebot/2.1; +http://www.google.com/bot.html)"
66.249.76.11 - - [25/Dec/2012:12:05:15 +0100] "GET /khb.htm HTTP/1.1" 200 8719 "-" "Mozilla/5.0 (compatible; Googlebot/2.1; +http://www.google.com/bot.html)"
66.249.78.11 - - [25/Dec/2012:12:09:47 +0100] "GET /kapcsolat.htm HTTP/1.1" 200 6889 "-" "Mozilla/5.0 (compatible; Googlebot/2.1; +http://www.google.com/bot.html)"
180.76.6.223 - - [25/Dec/2012:12:15:36 +0100] "GET /fiok/kornyezet.htm HTTP/1.1" 200 22582 "-" "Mozilla/5.0 (compatible; Baiduspider/2.0; +http://www.baidu.com/search/spider.html)"
66.249.78.11 - - [25/Dec/2012:12:16:24 +0100] "GET /jog/eseteink/derekegyhaza/index.htm HTTP/1.1" 304 - "-" "Mozilla/5.0 (compatible; Googlebot/2.1; +http://www.google.com/bot.html)"
66.249.76.11 - - [25/Dec/2012:12:23:16 +0100] "GET /nka.htm HTTP/1.1" 200 6221 "-" "Mozilla/5.0 (compatible; Googlebot/2.1; +http://www.google.com/bot.html)"
66.249.76.11 - - [25/Dec/2012:12:40:07 +0100] "GET /nca.htm HTTP/1.1" 200 7467 "-" "Mozilla/5.0 (compatible; Googlebot/2.1; +http://www.google.com/bot.html)"
66.249.78.11 - - [25/Dec/2012:12:42:48 +0100] "GET /jog/jogszabalyok/regp2001lxxxitvaarhus.pdf HTTP/1.1" 200 234500 "-" "Mozilla/5.0 (compatible; Googlebot/2.1; +http://www.google.com/bot.html)"
66.249.78.11 - - [25/Dec/2012:12:43:05 +0100] "GET /jog/jogszabalyok/conventions_hu.pdf HTTP/1.1" 200 1414196 "-" "Mozilla/5.0 (compatible; Googlebot/2.1; +http://www.google.com/bot.html)"
66.249.76.11 - - [25/Dec/2012:12:48:43 +0100] "GET /jog/jogszabalyok/2011_clxxv.pdf HTTP/1.1" 304 - "-" "Mozilla/5.0 (compatible; Googlebot/2.1; +http://www.google.com/bot.html)"
66.249.78.11 - - [25/Dec/2012:12:53:42 +0100] "GET /bunt.htm HTTP/1.1" 200 5683 "-" "Mozilla/5.0 (compatible; Googlebot/2.1; +http://www.google.com/bot.html)"
84.0.233.38 - - [25/Dec/2012:13:03:02 +0100] "GET /fiok/kornyezet.htm HTTP/1.1" 200 22582 "http://www.google.hu/url?sa=t&rct=j&q=%20n%C5%91szirom%20beretty%C3%B3-foly%C3%B3&source=web&cd=4&ved=0CEAQFjAD&url=http%3A%2F%2Fwww.beklen.hu%2Ffiok%2Fkornyezet.htm&ei=15XZUKLMMqaI4ASVxIDwCA&usg=AFQjCNFZMSU5d1bFuqWM4ea3Ca4-zGAufg" "Mozilla/5.0 (Windows NT 5.1; rv:17.0) Gecko/20100101 Firefox/17.0"
84.0.233.38 - - [25/Dec/2012:13:03:03 +0100] "GET /fiok/css/js/lightbox.js HTTP/1.1" 200 23424 "http://www.beklen.hu/fiok/kornyezet.htm" "Mozilla/5.0 (Windows NT 5.1; rv:17.0) Gecko/20100101 Firefox/17.0"
84.0.233.38 - - [25/Dec/2012:13:03:03 +0100] "GET /fiok/css/js/scriptaculous.js?load=effects HTTP/1.1" 200 2152 "http://www.beklen.hu/fiok/kornyezet.htm" "Mozilla/5.0 (Windows NT 5.1; rv:17.0) Gecko/20100101 Firefox/17.0"
84.0.233.38 - - [25/Dec/2012:13:03:03 +0100] "GET /fiok/css/lightbox.css HTTP/1.1" 200 1715 "http://www.beklen.hu/fiok/kornyezet.htm" "Mozilla/5.0 (Windows NT 5.1; rv:17.0) Gecko/20100101 Firefox/17.0"
84.0.233.38 - - [25/Dec/2012:13:03:03 +0100] "GET /fiok/images/index_02_02.JPG HTTP/1.1" 200 1178 "http://www.beklen.hu/fiok/kornyezet.htm" "Mozilla/5.0 (Windows NT 5.1; rv:17.0) Gecko/20100101 Firefox/17.0"
84.0.233.38 - - [25/Dec/2012:13:03:03 +0100] "GET /fiok/images/index_11.gif HTTP/1.1" 200 74 "http://www.beklen.hu/fiok/kornyezet.htm" "Mozilla/5.0 (Windows NT 5.1; rv:17.0) Gecko/20100101 Firefox/17.0"
84.0.233.38 - - [25/Dec/2012:13:03:03 +0100] "GET /fiok/images/index_14_14.JPG HTTP/1.1" 200 9305 "http://www.beklen.hu/fiok/kornyezet.htm" "Mozilla/5.0 (Windows NT 5.1; rv:17.0) Gecko/20100101 Firefox/17.0"
84.0.233.38 - - [25/Dec/2012:13:03:03 +0100] "GET /fiok/images/index_12_12.JPG HTTP/1.1" 200 985 "http://www.beklen.hu/fiok/kornyezet.htm" "Mozilla/5.0 (Windows NT 5.1; rv:17.0) Gecko/20100101 Firefox/17.0"
84.0.233.38 - - [25/Dec/2012:13:03:03 +0100] "GET /fiok/images/index_17_17.jpg HTTP/1.1" 200 2374 "http://www.beklen.hu/fiok/kornyezet.htm" "Mozilla/5.0 (Windows NT 5.1; rv:17.0) Gecko/20100101 Firefox/17.0"
84.0.233.38 - - [25/Dec/2012:13:03:03 +0100] "GET /fiok/images/index_13.gif HTTP/1.1" 200 149 "http://www.beklen.hu/fiok/kornyezet.htm" "Mozilla/5.0 (Windows NT 5.1; rv:17.0) Gecko/20100101 Firefox/17.0"
84.0.233.38 - - [25/Dec/2012:13:03:03 +0100] "GET /fiok/images/index_15_15.JPG HTTP/1.1" 200 20275 "http://www.beklen.hu/fiok/kornyezet.htm" "Mozilla/5.0 (Windows NT 5.1; rv:17.0) Gecko/20100101 Firefox/17.0"
84.0.233.38 - - [25/Dec/2012:13:03:03 +0100] "GET /fiok/images/index_16_16.JPG HTTP/1.1" 200 13468 "http://www.beklen.hu/fiok/kornyezet.htm" "Mozilla/5.0 (Windows NT 5.1; rv:17.0) Gecko/20100101 Firefox/17.0"
84.0.233.38 - - [25/Dec/2012:13:03:03 +0100] "GET /fiok/images/index_19_19.JPG HTTP/1.1" 200 3123 "http://www.beklen.hu/fiok/kornyezet.htm" "Mozilla/5.0 (Windows NT 5.1; rv:17.0) Gecko/20100101 Firefox/17.0"
84.0.233.38 - - [25/Dec/2012:13:03:03 +0100] "GET /fiok/images/index_18_18.JPG HTTP/1.1" 200 15778 "http://www.beklen.hu/fiok/kornyezet.htm" "Mozilla/5.0 (Windows NT 5.1; rv:17.0) Gecko/20100101 Firefox/17.0"
84.0.233.38 - - [25/Dec/2012:13:03:03 +0100] "GET /fiok/kepek/03.jpg HTTP/1.1" 200 80154 "http://www.beklen.hu/fiok/kornyezet.htm" "Mozilla/5.0 (Windows NT 5.1; rv:17.0) Gecko/20100101 Firefox/17.0"
84.0.233.38 - - [25/Dec/2012:13:03:04 +0100] "GET /fiok/images/index_25.gif HTTP/1.1" 200 708 "http://www.beklen.hu/fiok/kornyezet.htm" "Mozilla/5.0 (Windows NT 5.1; rv:17.0) Gecko/20100101 Firefox/17.0"
84.0.233.38 - - [25/Dec/2012:13:03:04 +0100] "GET /fiok/images/index_26.gif HTTP/1.1" 200 121 "http://www.beklen.hu/fiok/kornyezet.htm" "Mozilla/5.0 (Windows NT 5.1; rv:17.0) Gecko/20100101 Firefox/17.0"
84.0.233.38 - - [25/Dec/2012:13:03:04 +0100] "GET /fiok/images/index_27_27.jpg HTTP/1.1" 200 12876 "http://www.beklen.hu/fiok/kornyezet.htm" "Mozilla/5.0 (Windows NT 5.1; rv:17.0) Gecko/20100101 Firefox/17.0"
84.0.233.38 - - [25/Dec/2012:13:03:04 +0100] "GET /fiok/images/spacer.gif HTTP/1.1" 200 43 "http://www.beklen.hu/fiok/kornyezet.htm" "Mozilla/5.0 (Windows NT 5.1; rv:17.0) Gecko/20100101 Firefox/17.0"
84.0.233.38 - - [25/Dec/2012:13:03:04 +0100] "GET /fiok/css/js/prototype.js HTTP/1.1" 200 47603 "http://www.beklen.hu/fiok/kornyezet.htm" "Mozilla/5.0 (Windows NT 5.1; rv:17.0) Gecko/20100101 Firefox/17.0"
84.0.233.38 - - [25/Dec/2012:13:03:05 +0100] "GET /fiok/images/b4b.jpg HTTP/1.1" 200 524 "http://www.beklen.hu/fiok/kornyezet.htm" "Mozilla/5.0 (Windows NT 5.1; rv:17.0) Gecko/20100101 Firefox/17.0"
84.0.233.38 - - [25/Dec/2012:13:03:05 +0100] "GET /fiok/images/c4c.jpg HTTP/1.1" 200 524 "http://www.beklen.hu/fiok/kornyezet.htm" "Mozilla/5.0 (Windows NT 5.1; rv:17.0) Gecko/20100101 Firefox/17.0"
84.0.233.38 - - [25/Dec/2012:13:03:05 +0100] "GET /fiok/images/a4a.jpg HTTP/1.1" 200 524 "http://www.beklen.hu/fiok/kornyezet.htm" "Mozilla/5.0 (Windows NT 5.1; rv:17.0) Gecko/20100101 Firefox/17.0"
84.0.233.38 - - [25/Dec/2012:13:03:05 +0100] "GET /fiok/images/d4d.jpg HTTP/1.1" 200 524 "http://www.beklen.hu/fiok/kornyezet.htm" "Mozilla/5.0 (Windows NT 5.1; rv:17.0) Gecko/20100101 Firefox/17.0"
84.0.233.38 - - [25/Dec/2012:13:03:05 +0100] "GET /fiok/css/js/effects.js HTTP/1.1" 200 31969 "http://www.beklen.hu/fiok/kornyezet.htm" "Mozilla/5.0 (Windows NT 5.1; rv:17.0) Gecko/20100101 Firefox/17.0"
84.0.233.38 - - [25/Dec/2012:13:03:05 +0100] "GET /fiok/images/e4e.jpg HTTP/1.1" 200 524 "http://www.beklen.hu/fiok/kornyezet.htm" "Mozilla/5.0 (Windows NT 5.1; rv:17.0) Gecko/20100101 Firefox/17.0"
84.0.233.38 - - [25/Dec/2012:13:03:05 +0100] "GET /fiok/kepek/02.jpg HTTP/1.1" 200 82993 "http://www.beklen.hu/fiok/kornyezet.htm" "Mozilla/5.0 (Windows NT 5.1; rv:17.0) Gecko/20100101 Firefox/17.0"
84.0.233.38 - - [25/Dec/2012:13:03:06 +0100] "GET /fiok/images/b12.jpg HTTP/1.1" 200 544 "http://www.beklen.hu/fiok/images/b12.jpg" "Mozilla/5.0 (Windows NT 5.1; rv:17.0) Gecko/20100101 Firefox/17.0"
84.0.233.38 - - [25/Dec/2012:13:03:06 +0100] "GET /fiok/images/index_22.gif HTTP/1.1" 200 227 "http://www.beklen.hu/fiok/images/index_22.gif" "Mozilla/5.0 (Windows NT 5.1; rv:17.0) Gecko/20100101 Firefox/17.0"
84.0.233.38 - - [25/Dec/2012:13:03:06 +0100] "GET /fiok/images/index_24.gif HTTP/1.1" 200 227 "http://www.beklen.hu/fiok/images/index_24.gif" "Mozilla/5.0 (Windows NT 5.1; rv:17.0) Gecko/20100101 Firefox/17.0"
84.0.233.38 - - [25/Dec/2012:13:03:06 +0100] "GET /fiok/images/index_28.gif HTTP/1.1" 200 262 "http://www.beklen.hu/fiok/images/index_28.gif" "Mozilla/5.0 (Windows NT 5.1; rv:17.0) Gecko/20100101 Firefox/17.0"
84.0.233.38 - - [25/Dec/2012:13:03:06 +0100] "GET /lb/images/loading.gif HTTP/1.1" 200 2767 "http://www.beklen.hu/fiok/kornyezet.htm" "Mozilla/5.0 (Windows NT 5.1; rv:17.0) Gecko/20100101 Firefox/17.0"
84.0.233.38 - - [25/Dec/2012:13:03:06 +0100] "GET /lb/images/closelabel.gif HTTP/1.1" 200 222 "http://www.beklen.hu/fiok/kornyezet.htm" "Mozilla/5.0 (Windows NT 5.1; rv:17.0) Gecko/20100101 Firefox/17.0"
84.0.233.38 - - [25/Dec/2012:13:03:06 +0100] "GET /favicon.ico HTTP/1.1" 404 1181 "-" "Mozilla/5.0 (Windows NT 5.1; rv:17.0) Gecko/20100101 Firefox/17.0"
84.0.233.38 - - [25/Dec/2012:13:03:07 +0100] "GET /favicon.ico HTTP/1.1" 404 1181 "-" "Mozilla/5.0 (Windows NT 5.1; rv:17.0) Gecko/20100101 Firefox/17.0"
66.249.78.11 - - [25/Dec/2012:13:07:00 +0100] "GET /ncta.htm HTTP/1.1" 200 7221 "-" "Mozilla/5.0 (compatible; Googlebot/2.1; +http://www.google.com/bot.html)"
178.154.210.252 - - [25/Dec/2012:13:07:02 +0100] "GET /hirek/hirek120120.htm HTTP/1.1" 304 - "-" "Mozilla/5.0 (compatible; YandexBot/3.0; +http://yandex.com/bots)"
178.154.210.252 - - [25/Dec/2012:13:25:41 +0100] "GET /hirek/hirek101027.htm HTTP/1.1" 304 - "-" "Mozilla/5.0 (compatible; YandexBot/3.0; +http://yandex.com/bots)"
66.249.78.11 - - [25/Dec/2012:13:28:22 +0100] "GET /szakmai.htm HTTP/1.1" 200 6054 "-" "Mozilla/5.0 (compatible; Googlebot/2.1; +http://www.google.com/bot.html)"
66.249.78.11 - - [25/Dec/2012:13:40:11 +0100] "GET /nca08.htm HTTP/1.1" 200 21795 "-" "Mozilla/5.0 (compatible; Googlebot/2.1; +http://www.google.com/bot.html)"
139.18.2.17 - - [25/Dec/2012:13:41:48 +0100] "GET /hirek/hirek100804.htm HTTP/1.1" 200 8056 "-" "findlinks/2.6 (+http://wortschatz.uni-leipzig.de/findlinks/)"
66.249.76.11 - - [25/Dec/2012:13:58:11 +0100] "GET /nca06.htm HTTP/1.1" 200 19034 "-" "Mozilla/5.0 (compatible; Googlebot/2.1; +http://www.google.com/bot.html)"
66.249.76.11 - - [25/Dec/2012:14:13:56 +0100] "GET /nca07.htm HTTP/1.1" 200 21968 "-" "Mozilla/5.0 (compatible; Googlebot/2.1; +http://www.google.com/bot.html)"
66.249.78.11 - - [25/Dec/2012:14:25:18 +0100] "GET /nca05.htm HTTP/1.1" 200 16412 "-" "Mozilla/5.0 (compatible; Googlebot/2.1; +http://www.google.com/bot.html)"
130.83.167.153 - - [25/Dec/2012:14:34:33 +0100] "GET /jog/zoldombudsman.htm HTTP/1.1" 200 13369 "-" "findlinks/2.6 (+http://wortschatz.uni-leipzig.de/findlinks/)"
66.249.78.11 - - [25/Dec/2012:14:38:52 +0100] "GET /nca11.htm HTTP/1.1" 200 7133 "-" "Mozilla/5.0 (compatible; Googlebot/2.1; +http://www.google.com/bot.html)"
66.249.76.11 - - [25/Dec/2012:14:59:07 +0100] "GET /nca09.htm HTTP/1.1" 200 24315 "-" "Mozilla/5.0 (compatible; Googlebot/2.1; +http://www.google.com/bot.html)"
66.249.78.11 - - [25/Dec/2012:15:22:03 +0100] "GET /nca04.htm HTTP/1.1" 200 16378 "-" "Mozilla/5.0 (compatible; Googlebot/2.1; +http://www.google.com/bot.html)"
66.249.78.11 - - [25/Dec/2012:15:45:30 +0100] "GET /nca10.htm HTTP/1.1" 200 16648 "-" "Mozilla/5.0 (compatible; Googlebot/2.1; +http://www.google.com/bot.html)"
188.109.254.68 - - [25/Dec/2012:15:54:46 +0100] "GET /hirek/hirek091103.htm HTTP/1.1" 200 7301 "-" "findlinks/2.6 (+http://wortschatz.uni-leipzig.de/findlinks/)"
130.83.167.153 - - [25/Dec/2012:16:07:32 +0100] "GET /hirek/hirek101025.htm HTTP/1.1" 200 8786 "-" "findlinks/2.6 (+http://wortschatz.uni-leipzig.de/findlinks/)"
66.249.78.11 - - [25/Dec/2012:16:15:13 +0100] "GET /ncta_a.htm HTTP/1.1" 200 7260 "-" "Mozilla/5.0 (compatible; Googlebot/2.1; +http://www.google.com/bot.html)"
66.249.78.11 - - [25/Dec/2012:16:36:46 +0100] "GET /kiadvanyok.htm HTTP/1.1" 200 8206 "-" "Mozilla/5.0 (compatible; Googlebot/2.1; +http://www.google.com/bot.html)"
66.249.78.60 - - [25/Dec/2012:16:45:50 +0100] "GET /hirek08_11.htm HTTP/1.1" 200 7253 "-" "Mozilla/5.0 (iPhone; U; CPU iPhone OS 4_1 like Mac OS X; en-us) AppleWebKit/532.9 (KHTML, like Gecko) Version/4.0.5 Mobile/8B117 Safari/6531.22.7 (compatible; Googlebot-Mobile/2.1; +http://www.google.com/bot.html)"
66.249.76.11 - - [25/Dec/2012:16:53:32 +0100] "GET /khb/beklen_2009_kh_jelentes.pdf HTTP/1.1" 200 258938 "-" "Mozilla/5.0 (compatible; Googlebot/2.1; +http://www.google.com/bot.html)"
66.249.76.11 - - [25/Dec/2012:17:15:55 +0100] "GET /khb/beklen_2007_kh_jelentes.pdf HTTP/1.1" 200 485951 "-" "Mozilla/5.0 (compatible; Googlebot/2.1; +http://www.google.com/bot.html)"
208.115.111.68 - - [25/Dec/2012:17:22:01 +0100] "GET /robots.txt HTTP/1.1" 404 1181 "-" "Mozilla/5.0 (compatible; Ezooms/1.0; ezooms.bot@gmail.com)"
66.249.78.11 - - [25/Dec/2012:17:32:29 +0100] "GET /khb/beklen_2005_kh_jelent%C3%A9s.pdf HTTP/1.1" 404 1181 "-" "Mozilla/5.0 (compatible; Googlebot/2.1; +http://www.google.com/bot.html)"
180.76.5.51 - - [25/Dec/2012:18:15:33 +0100] "GET /fiok/program_reszek/konferancia.htm HTTP/1.1" 200 21668 "-" "Mozilla/5.0 (compatible; Baiduspider/2.0; +http://www.baidu.com/search/spider.html)"
173.199.119.35 - - [25/Dec/2012:18:24:22 +0100] "GET /robots.txt HTTP/1.1" 404 1181 "-" "Mozilla/5.0 (compatible; AhrefsBot/4.0; +http://ahrefs.com/robot/)"
66.249.78.60 - - [25/Dec/2012:19:39:08 +0100] "GET /jog/eseteink/malom/fotok/img_3055.jpg HTTP/1.1" 304 - "-" "Googlebot-Image/1.0"
66.249.76.62 - - [25/Dec/2012:19:40:23 +0100] "GET / HTTP/1.1" 200 23965 "-" "Mozilla/5.0 (compatible; Googlebot/2.1; +http://www.google.com/bot.html)"
66.249.76.62 - - [25/Dec/2012:19:50:14 +0100] "GET /jog/eseteink/derekegyhaza/kotvife_kekto20061116.pdf HTTP/1.1" 200 144190 "-" "Googlebot/2.1 (+http://www.google.com/bot.html)"
208.115.111.68 - - [25/Dec/2012:19:57:15 +0100] "GET /fiok/gazdasag.htm HTTP/1.1" 200 22480 "-" "Mozilla/5.0 (compatible; Ezooms/1.0; ezooms.bot@gmail.com)"
208.115.111.68 - - [25/Dec/2012:19:57:16 +0100] "GET /hirek/hirek091102.htm HTTP/1.1" 200 8538 "-" "Mozilla/5.0 (compatible; Ezooms/1.0; ezooms.bot@gmail.com)"
66.249.78.60 - - [25/Dec/2012:20:30:53 +0100] "GET /jog/eseteink/korosladany/dalerd%20birsag.pdf HTTP/1.1" 200 95400 "-" "Googlebot/2.1 (+http://www.google.com/bot.html)"
66.249.78.60 - - [25/Dec/2012:20:49:05 +0100] "GET /jog/eseteink/korosladany/lgfobb_ugyeszseg_ujra.pdf HTTP/1.1" 200 105157 "-" "Googlebot/2.1 (+http://www.google.com/bot.html)"
66.249.78.11 - - [25/Dec/2012:21:04:46 +0100] "GET /hirek/hirek100225.htm HTTP/1.1" 200 7288 "-" "Mozilla/5.0 (compatible; Googlebot/2.1; +http://www.google.com/bot.html)"
66.249.76.11 - - [25/Dec/2012:21:05:38 +0100] "GET /hirek/hirek120207.htm HTTP/1.1" 200 6586 "-" "Mozilla/5.0 (compatible; Googlebot/2.1; +http://www.google.com/bot.html)"
66.249.78.60 - - [25/Dec/2012:21:13:13 +0100] "GET /jog/eseteink/derekegyhaza/foldhivatalnak_1.pdf HTTP/1.1" 200 145216 "-" "Googlebot/2.1 (+http://www.google.com/bot.html)"
208.115.111.68 - - [25/Dec/2012:21:13:55 +0100] "GET /robots.txt HTTP/1.1" 404 1181 "-" "Mozilla/5.0 (compatible; Ezooms/1.0; ezooms.bot@gmail.com)"
