66.249.76.11 - - [12/Dec/2012:00:32:54 +0100] "GET /robots.txt HTTP/1.1" 404 1181 "-" "Mozilla/5.0 (compatible; Googlebot/2.1; +http://www.google.com/bot.html)"
66.249.76.11 - - [12/Dec/2012:00:32:54 +0100] "GET / HTTP/1.1" 200 23965 "-" "Mozilla/5.0 (compatible; Googlebot/2.1; +http://www.google.com/bot.html)"
188.165.248.204 - - [12/Dec/2012:01:16:17 +0100] "GET /robots.txt HTTP/1.0" 404 1181 "-" "Mozilla/5.0 (compatible; MJ12bot/v1.4.3; http://www.majestic12.co.uk/bot.php?+)"
188.165.248.204 - - [12/Dec/2012:01:16:18 +0100] "GET / HTTP/1.0" 200 23965 "-" "Mozilla/5.0 (compatible; MJ12bot/v1.4.3; http://www.majestic12.co.uk/bot.php?+)"
208.115.113.84 - - [12/Dec/2012:01:25:16 +0100] "GET /ncta_a.htm HTTP/1.1" 200 7260 "-" "Mozilla/5.0 (compatible; Ezooms/1.0; ezooms.bot@gmail.com)"
139.18.2.209 - - [12/Dec/2012:01:58:42 +0100] "GET /ncta_a.htm HTTP/1.1" 200 7260 "-" "findlinks/2.6 (+http://wortschatz.uni-leipzig.de/findlinks/)"
65.55.211.24 - - [12/Dec/2012:02:16:43 +0100] "GET /robots.txt HTTP/1.1" 404 1181 "-" "msnbot-media/1.1 (+http://search.msn.com/msnbot.htm)"
65.55.211.24 - - [12/Dec/2012:02:16:44 +0100] "GET /tm04_.jpg HTTP/1.1" 200 2058 "-" "msnbot-media/1.1 (+http://search.msn.com/msnbot.htm)"
208.115.111.68 - - [12/Dec/2012:02:17:48 +0100] "GET /robots.txt HTTP/1.1" 404 1181 "-" "Mozilla/5.0 (compatible; Ezooms/1.0; ezooms.bot@gmail.com)"
139.18.2.209 - - [12/Dec/2012:02:21:36 +0100] "GET /szakmai.htm HTTP/1.1" 200 6054 "-" "findlinks/2.6 (+http://wortschatz.uni-leipzig.de/findlinks/)"
65.55.212.160 - - [12/Dec/2012:02:45:01 +0100] "GET /robots.txt HTTP/1.1" 404 1181 "-" "msnbot-media/1.1 (+http://search.msn.com/msnbot.htm)"
65.55.212.160 - - [12/Dec/2012:02:45:02 +0100] "GET /images/eea_logo_.jpg HTTP/1.1" 200 32098 "-" "msnbot-media/1.1 (+http://search.msn.com/msnbot.htm)"
208.115.113.84 - - [12/Dec/2012:03:30:01 +0100] "GET /robots.txt HTTP/1.1" 404 1181 "-" "Mozilla/5.0 (compatible; Ezooms/1.0; ezooms.bot@gmail.com)"
65.55.211.150 - - [12/Dec/2012:04:17:22 +0100] "GET /robots.txt HTTP/1.1" 404 1181 "-" "msnbot-media/1.1 (+http://search.msn.com/msnbot.htm)"
65.55.211.150 - - [12/Dec/2012:04:17:31 +0100] "GET /nimfea_project_250x250.gif HTTP/1.1" 200 2986583 "-" "msnbot-media/1.1 (+http://search.msn.com/msnbot.htm)"
208.115.113.84 - - [12/Dec/2012:05:33:06 +0100] "GET /jog/zoldombudsman.htm HTTP/1.1" 200 13369 "-" "Mozilla/5.0 (compatible; Ezooms/1.0; ezooms.bot@gmail.com)"
139.18.2.209 - - [12/Dec/2012:06:16:42 +0100] "GET /hirek/hirek100728.htm HTTP/1.1" 200 7560 "-" "findlinks/2.6 (+http://wortschatz.uni-leipzig.de/findlinks/)"
180.76.5.194 - - [12/Dec/2012:06:36:35 +0100] "GET /fiok/program_reszek/csaladbarat.htm HTTP/1.1" 200 20928 "-" "Mozilla/5.0 (compatible; Baiduspider/2.0; +http://www.baidu.com/search/spider.html)"
24.134.146.36 - - [12/Dec/2012:06:41:24 +0100] "GET /jog/eljaraskezd.htm HTTP/1.1" 200 13730 "-" "findlinks/2.0.2 (+http://wortschatz.uni-leipzig.de/findlinks/)"
31.164.164.154 - - [12/Dec/2012:07:05:34 +0100] "GET /deutsch/index.htm HTTP/1.1" 200 5324 "-" "findlinks/2.1.5 (+http://wortschatz.uni-leipzig.de/findlinks/)"
24.134.146.36 - - [12/Dec/2012:08:03:24 +0100] "GET /hirek/hirek120207.htm HTTP/1.1" 200 6586 "-" "findlinks/2.0.2 (+http://wortschatz.uni-leipzig.de/findlinks/)"
66.249.76.62 - - [12/Dec/2012:09:35:05 +0100] "GET /robots.txt HTTP/1.1" 404 1181 "-" "Mozilla/5.0 (compatible; Googlebot/2.1; +http://www.google.com/bot.html)"
66.249.76.62 - - [12/Dec/2012:09:35:05 +0100] "GET /hirek/hirek100420.htm HTTP/1.1" 304 - "-" "Mozilla/5.0 (iPhone; U; CPU iPhone OS 4_1 like Mac OS X; en-us) AppleWebKit/532.9 (KHTML, like Gecko) Version/4.0.5 Mobile/8B117 Safari/6531.22.7 (compatible; Googlebot-Mobile/2.1; +http://www.google.com/bot.html)"
180.76.5.137 - - [12/Dec/2012:09:42:48 +0100] "GET /fiok/program_reszek/lovaglas.htm HTTP/1.1" 200 21486 "-" "Mozilla/5.0 (compatible; Baiduspider/2.0; +http://www.baidu.com/search/spider.html)"
208.115.113.84 - - [12/Dec/2012:11:15:26 +0100] "GET /robots.txt HTTP/1.1" 404 1181 "-" "Mozilla/5.0 (compatible; Ezooms/1.0; ezooms.bot@gmail.com)"
130.83.167.153 - - [12/Dec/2012:11:19:31 +0100] "GET /hirek/hirek100225.htm HTTP/1.1" 200 7288 "-" "findlinks/2.6 (+http://wortschatz.uni-leipzig.de/findlinks/)"
157.55.32.93 - - [12/Dec/2012:11:40:15 +0100] "GET /robots.txt HTTP/1.1" 404 1181 "-" "Mozilla/5.0 (compatible; bingbot/2.0; +http://www.bing.com/bingbot.htm)"
157.55.32.93 - - [12/Dec/2012:11:43:05 +0100] "GET / HTTP/1.1" 200 23965 "-" "Mozilla/5.0 (compatible; bingbot/2.0; +http://www.bing.com/bingbot.htm)"
208.115.113.84 - - [12/Dec/2012:13:27:31 +0100] "GET /jog/slapp.htm HTTP/1.1" 200 21314 "-" "Mozilla/5.0 (compatible; Ezooms/1.0; ezooms.bot@gmail.com)"
195.70.55.33 - - [12/Dec/2012:14:42:36 +0100] "GET /fiok/ HTTP/1.1" 200 20554 "http://www.google.com/url?sa=t&rct=j&q=&esrc=s&source=web&cd=7&ved=0CE0QFjAG&url=http%3A%2F%2Fwww.beklen.hu%2Ffiok%2F&ei=wYnIULTsNcTssgaw5IHQBA&usg=AFQjCNFtC7TVIqJXoI7MG7L0tC6FKZ01fA&sig2=oeOsAKAeUTz7y-3ChPFCrQ&bvm=bv.1354675689,d.Yms" "Mozilla/5.0 (Windows NT 6.1; rv:14.0) Gecko/20100101 Firefox/14.0.1"
195.70.55.33 - - [12/Dec/2012:14:42:36 +0100] "GET /fiok/css/lightbox.css HTTP/1.1" 200 1715 "http://www.beklen.hu/fiok/" "Mozilla/5.0 (Windows NT 6.1; rv:14.0) Gecko/20100101 Firefox/14.0.1"
195.70.55.33 - - [12/Dec/2012:14:42:36 +0100] "GET /fiok/css/js/lightbox.js HTTP/1.1" 200 23424 "http://www.beklen.hu/fiok/" "Mozilla/5.0 (Windows NT 6.1; rv:14.0) Gecko/20100101 Firefox/14.0.1"
195.70.55.33 - - [12/Dec/2012:14:42:36 +0100] "GET /fiok/images/index_11.gif HTTP/1.1" 200 74 "http://www.beklen.hu/fiok/" "Mozilla/5.0 (Windows NT 6.1; rv:14.0) Gecko/20100101 Firefox/14.0.1"
195.70.55.33 - - [12/Dec/2012:14:42:36 +0100] "GET /fiok/css/js/scriptaculous.js?load=effects HTTP/1.1" 200 2152 "http://www.beklen.hu/fiok/" "Mozilla/5.0 (Windows NT 6.1; rv:14.0) Gecko/20100101 Firefox/14.0.1"
195.70.55.33 - - [12/Dec/2012:14:42:36 +0100] "GET /fiok/css/js/prototype.js HTTP/1.1" 200 47603 "http://www.beklen.hu/fiok/" "Mozilla/5.0 (Windows NT 6.1; rv:14.0) Gecko/20100101 Firefox/14.0.1"
195.70.55.33 - - [12/Dec/2012:14:42:36 +0100] "GET /fiok/images/index_12_12.JPG HTTP/1.1" 200 985 "http://www.beklen.hu/fiok/" "Mozilla/5.0 (Windows NT 6.1; rv:14.0) Gecko/20100101 Firefox/14.0.1"
195.70.55.33 - - [12/Dec/2012:14:42:36 +0100] "GET /fiok/images/index_02_02.JPG HTTP/1.1" 200 1178 "http://www.beklen.hu/fiok/" "Mozilla/5.0 (Windows NT 6.1; rv:14.0) Gecko/20100101 Firefox/14.0.1"
195.70.55.33 - - [12/Dec/2012:14:42:36 +0100] "GET /fiok/images/index_16_16.JPG HTTP/1.1" 200 13468 "http://www.beklen.hu/fiok/" "Mozilla/5.0 (Windows NT 6.1; rv:14.0) Gecko/20100101 Firefox/14.0.1"
195.70.55.33 - - [12/Dec/2012:14:42:36 +0100] "GET /fiok/images/index_18_18.JPG HTTP/1.1" 200 15778 "http://www.beklen.hu/fiok/" "Mozilla/5.0 (Windows NT 6.1; rv:14.0) Gecko/20100101 Firefox/14.0.1"
195.70.55.33 - - [12/Dec/2012:14:42:36 +0100] "GET /fiok/images/index_13.gif HTTP/1.1" 200 149 "http://www.beklen.hu/fiok/" "Mozilla/5.0 (Windows NT 6.1; rv:14.0) Gecko/20100101 Firefox/14.0.1"
195.70.55.33 - - [12/Dec/2012:14:42:36 +0100] "GET /fiok/images/index_17_17.jpg HTTP/1.1" 200 2374 "http://www.beklen.hu/fiok/" "Mozilla/5.0 (Windows NT 6.1; rv:14.0) Gecko/20100101 Firefox/14.0.1"
195.70.55.33 - - [12/Dec/2012:14:42:36 +0100] "GET /fiok/images/index_14_14.JPG HTTP/1.1" 200 9305 "http://www.beklen.hu/fiok/" "Mozilla/5.0 (Windows NT 6.1; rv:14.0) Gecko/20100101 Firefox/14.0.1"
195.70.55.33 - - [12/Dec/2012:14:42:36 +0100] "GET /fiok/images/index_15_15.JPG HTTP/1.1" 200 20275 "http://www.beklen.hu/fiok/" "Mozilla/5.0 (Windows NT 6.1; rv:14.0) Gecko/20100101 Firefox/14.0.1"
195.70.55.33 - - [12/Dec/2012:14:42:36 +0100] "GET /fiok/images/index_19_19.JPG HTTP/1.1" 200 3123 "http://www.beklen.hu/fiok/" "Mozilla/5.0 (Windows NT 6.1; rv:14.0) Gecko/20100101 Firefox/14.0.1"
195.70.55.33 - - [12/Dec/2012:14:42:36 +0100] "GET /fiok/images/szovegkep.JPG HTTP/1.1" 200 12792 "http://www.beklen.hu/fiok/" "Mozilla/5.0 (Windows NT 6.1; rv:14.0) Gecko/20100101 Firefox/14.0.1"
195.70.55.33 - - [12/Dec/2012:14:42:36 +0100] "GET /fiok/images/index_26.gif HTTP/1.1" 200 121 "http://www.beklen.hu/fiok/" "Mozilla/5.0 (Windows NT 6.1; rv:14.0) Gecko/20100101 Firefox/14.0.1"
195.70.55.33 - - [12/Dec/2012:14:42:36 +0100] "GET /fiok/images/index_25_25.jpg HTTP/1.1" 200 4960 "http://www.beklen.hu/fiok/" "Mozilla/5.0 (Windows NT 6.1; rv:14.0) Gecko/20100101 Firefox/14.0.1"
195.70.55.33 - - [12/Dec/2012:14:42:36 +0100] "GET /fiok/images/spacer.gif HTTP/1.1" 200 43 "http://www.beklen.hu/fiok/" "Mozilla/5.0 (Windows NT 6.1; rv:14.0) Gecko/20100101 Firefox/14.0.1"
195.70.55.33 - - [12/Dec/2012:14:42:36 +0100] "GET /fiok/images/index_27_27.jpg HTTP/1.1" 200 12876 "http://www.beklen.hu/fiok/" "Mozilla/5.0 (Windows NT 6.1; rv:14.0) Gecko/20100101 Firefox/14.0.1"
195.70.55.33 - - [12/Dec/2012:14:42:36 +0100] "GET /fiok/images/c4c.jpg HTTP/1.1" 200 524 "http://www.beklen.hu/fiok/" "Mozilla/5.0 (Windows NT 6.1; rv:14.0) Gecko/20100101 Firefox/14.0.1"
195.70.55.33 - - [12/Dec/2012:14:42:36 +0100] "GET /fiok/images/d4d.jpg HTTP/1.1" 200 524 "http://www.beklen.hu/fiok/" "Mozilla/5.0 (Windows NT 6.1; rv:14.0) Gecko/20100101 Firefox/14.0.1"
195.70.55.33 - - [12/Dec/2012:14:42:36 +0100] "GET /fiok/images/b4b.jpg HTTP/1.1" 200 524 "http://www.beklen.hu/fiok/" "Mozilla/5.0 (Windows NT 6.1; rv:14.0) Gecko/20100101 Firefox/14.0.1"
195.70.55.33 - - [12/Dec/2012:14:42:36 +0100] "GET /fiok/images/e4e.jpg HTTP/1.1" 200 524 "http://www.beklen.hu/fiok/" "Mozilla/5.0 (Windows NT 6.1; rv:14.0) Gecko/20100101 Firefox/14.0.1"
195.70.55.33 - - [12/Dec/2012:14:42:36 +0100] "GET /fiok/images/a4a.jpg HTTP/1.1" 200 524 "http://www.beklen.hu/fiok/" "Mozilla/5.0 (Windows NT 6.1; rv:14.0) Gecko/20100101 Firefox/14.0.1"
195.70.55.33 - - [12/Dec/2012:14:42:36 +0100] "GET /fiok/images/index_21_21.JPG HTTP/1.1" 404 1181 "http://www.beklen.hu/fiok/" "Mozilla/5.0 (Windows NT 6.1; rv:14.0) Gecko/20100101 Firefox/14.0.1"
195.70.55.33 - - [12/Dec/2012:14:42:36 +0100] "GET /fiok/css/js/effects.js HTTP/1.1" 200 31969 "http://www.beklen.hu/fiok/" "Mozilla/5.0 (Windows NT 6.1; rv:14.0) Gecko/20100101 Firefox/14.0.1"
195.70.55.33 - - [12/Dec/2012:14:42:36 +0100] "GET /fiok/images/index_21_21.JPG HTTP/1.1" 404 1181 "http://www.beklen.hu/fiok/" "Mozilla/5.0 (Windows NT 6.1; rv:14.0) Gecko/20100101 Firefox/14.0.1"
195.70.55.33 - - [12/Dec/2012:14:42:36 +0100] "GET /fiok/images/b12.jpg HTTP/1.1" 200 544 "http://www.beklen.hu/fiok/" "Mozilla/5.0 (Windows NT 6.1; rv:14.0) Gecko/20100101 Firefox/14.0.1"
195.70.55.33 - - [12/Dec/2012:14:42:36 +0100] "GET /fiok/images/index_22.gif HTTP/1.1" 200 227 "http://www.beklen.hu/fiok/" "Mozilla/5.0 (Windows NT 6.1; rv:14.0) Gecko/20100101 Firefox/14.0.1"
195.70.55.33 - - [12/Dec/2012:14:42:37 +0100] "GET /fiok/images/index_24.gif HTTP/1.1" 200 227 "http://www.beklen.hu/fiok/" "Mozilla/5.0 (Windows NT 6.1; rv:14.0) Gecko/20100101 Firefox/14.0.1"
195.70.55.33 - - [12/Dec/2012:14:42:37 +0100] "GET /fiok/images/index_28.gif HTTP/1.1" 200 262 "http://www.beklen.hu/fiok/" "Mozilla/5.0 (Windows NT 6.1; rv:14.0) Gecko/20100101 Firefox/14.0.1"
195.70.55.33 - - [12/Dec/2012:14:42:37 +0100] "GET /favicon.ico HTTP/1.1" 404 1181 "-" "Mozilla/5.0 (Windows NT 6.1; rv:14.0) Gecko/20100101 Firefox/14.0.1"
195.70.55.33 - - [12/Dec/2012:14:42:37 +0100] "GET /lb/images/closelabel.gif HTTP/1.1" 200 222 "http://www.beklen.hu/fiok/" "Mozilla/5.0 (Windows NT 6.1; rv:14.0) Gecko/20100101 Firefox/14.0.1"
195.70.55.33 - - [12/Dec/2012:14:42:37 +0100] "GET /lb/images/loading.gif HTTP/1.1" 200 2767 "http://www.beklen.hu/fiok/" "Mozilla/5.0 (Windows NT 6.1; rv:14.0) Gecko/20100101 Firefox/14.0.1"
157.55.32.93 - - [12/Dec/2012:14:46:48 +0100] "GET /robots.txt HTTP/1.1" 404 1181 "-" "Mozilla/5.0 (compatible; bingbot/2.0; +http://www.bing.com/bingbot.htm)"
157.55.32.93 - - [12/Dec/2012:14:51:24 +0100] "GET / HTTP/1.1" 200 23965 "-" "Mozilla/5.0 (compatible; bingbot/2.0; +http://www.bing.com/bingbot.htm)"
66.249.76.62 - - [12/Dec/2012:16:58:02 +0100] "GET /jog/img/320/imgp0112.jpg HTTP/1.1" 304 - "-" "Googlebot-Image/1.0"
208.115.111.68 - - [12/Dec/2012:17:22:50 +0100] "GET /robots.txt HTTP/1.1" 404 1181 "-" "Mozilla/5.0 (compatible; Ezooms/1.0; ezooms.bot@gmail.com)"
66.249.76.62 - - [12/Dec/2012:17:26:09 +0100] "GET /fiok/program_reszek/images/index_17_17.jpg HTTP/1.1" 304 - "-" "Googlebot-Image/1.0"
180.76.5.197 - - [12/Dec/2012:17:37:25 +0100] "GET /fiok/kornyezet.htm HTTP/1.1" 200 22582 "-" "Mozilla/5.0 (compatible; Baiduspider/2.0; +http://www.baidu.com/search/spider.html)"
94.21.6.118 - - [12/Dec/2012:18:07:44 +0100] "GET / HTTP/1.1" 200 23965 "http://www.nimfea.hu/partnereink/index.htm" "Mozilla/5.0 (Windows NT 6.1) AppleWebKit/537.11 (KHTML, like Gecko) Chrome/23.0.1271.91 Safari/537.11"
94.21.6.118 - - [12/Dec/2012:18:07:44 +0100] "GET /vill.cs HTTP/1.1" 200 2676 "http://www.beklen.hu/" "Mozilla/5.0 (Windows NT 6.1) AppleWebKit/537.11 (KHTML, like Gecko) Chrome/23.0.1271.91 Safari/537.11"
94.21.6.118 - - [12/Dec/2012:18:07:44 +0100] "GET /lb/css/lightbox.css HTTP/1.1" 200 1715 "http://www.beklen.hu/" "Mozilla/5.0 (Windows NT 6.1) AppleWebKit/537.11 (KHTML, like Gecko) Chrome/23.0.1271.91 Safari/537.11"
94.21.6.118 - - [12/Dec/2012:18:07:45 +0100] "GET /lb/js/lightbox.js HTTP/1.1" 200 23424 "http://www.beklen.hu/" "Mozilla/5.0 (Windows NT 6.1) AppleWebKit/537.11 (KHTML, like Gecko) Chrome/23.0.1271.91 Safari/537.11"
94.21.6.118 - - [12/Dec/2012:18:07:45 +0100] "GET /lb/js/scriptaculous.js?load=effects HTTP/1.1" 200 2152 "http://www.beklen.hu/" "Mozilla/5.0 (Windows NT 6.1) AppleWebKit/537.11 (KHTML, like Gecko) Chrome/23.0.1271.91 Safari/537.11"
94.21.6.118 - - [12/Dec/2012:18:07:45 +0100] "GET /lb/js/prototype.js HTTP/1.1" 200 47603 "http://www.beklen.hu/" "Mozilla/5.0 (Windows NT 6.1) AppleWebKit/537.11 (KHTML, like Gecko) Chrome/23.0.1271.91 Safari/537.11"
94.21.6.118 - - [12/Dec/2012:18:07:45 +0100] "GET /lb/js/effects.js HTTP/1.1" 200 31969 "http://www.beklen.hu/" "Mozilla/5.0 (Windows NT 6.1) AppleWebKit/537.11 (KHTML, like Gecko) Chrome/23.0.1271.91 Safari/537.11"
94.21.6.118 - - [12/Dec/2012:18:07:46 +0100] "GET /bg.jpg HTTP/1.1" 200 566 "http://www.beklen.hu/" "Mozilla/5.0 (Windows NT 6.1) AppleWebKit/537.11 (KHTML, like Gecko) Chrome/23.0.1271.91 Safari/537.11"
94.21.6.118 - - [12/Dec/2012:18:07:46 +0100] "GET /tm01.jpg HTTP/1.1" 200 1080 "http://www.beklen.hu/" "Mozilla/5.0 (Windows NT 6.1) AppleWebKit/537.11 (KHTML, like Gecko) Chrome/23.0.1271.91 Safari/537.11"
94.21.6.118 - - [12/Dec/2012:18:07:46 +0100] "GET /tm04_.jpg HTTP/1.1" 200 2058 "http://www.beklen.hu/" "Mozilla/5.0 (Windows NT 6.1) AppleWebKit/537.11 (KHTML, like Gecko) Chrome/23.0.1271.91 Safari/537.11"
94.21.6.118 - - [12/Dec/2012:18:07:46 +0100] "GET /tm03_.jpg HTTP/1.1" 200 1787 "http://www.beklen.hu/" "Mozilla/5.0 (Windows NT 6.1) AppleWebKit/537.11 (KHTML, like Gecko) Chrome/23.0.1271.91 Safari/537.11"
94.21.6.118 - - [12/Dec/2012:18:07:46 +0100] "GET /tm02.jpg HTTP/1.1" 200 1873 "http://www.beklen.hu/" "Mozilla/5.0 (Windows NT 6.1) AppleWebKit/537.11 (KHTML, like Gecko) Chrome/23.0.1271.91 Safari/537.11"
94.21.6.118 - - [12/Dec/2012:18:07:46 +0100] "GET /tm06_.jpg HTTP/1.1" 200 1382 "http://www.beklen.hu/" "Mozilla/5.0 (Windows NT 6.1) AppleWebKit/537.11 (KHTML, like Gecko) Chrome/23.0.1271.91 Safari/537.11"
94.21.6.118 - - [12/Dec/2012:18:07:46 +0100] "GET /tm07.jpg HTTP/1.1" 200 1007 "http://www.beklen.hu/" "Mozilla/5.0 (Windows NT 6.1) AppleWebKit/537.11 (KHTML, like Gecko) Chrome/23.0.1271.91 Safari/537.11"
94.21.6.118 - - [12/Dec/2012:18:07:46 +0100] "GET /a1_projekt_tabla_infra_cs3_beklenhaz_.jpg HTTP/1.1" 200 8994 "http://www.beklen.hu/" "Mozilla/5.0 (Windows NT 6.1) AppleWebKit/537.11 (KHTML, like Gecko) Chrome/23.0.1271.91 Safari/537.11"
94.21.6.118 - - [12/Dec/2012:18:07:46 +0100] "GET /jog_honlap_.jpg HTTP/1.1" 200 7186 "http://www.beklen.hu/" "Mozilla/5.0 (Windows NT 6.1) AppleWebKit/537.11 (KHTML, like Gecko) Chrome/23.0.1271.91 Safari/537.11"
94.21.6.118 - - [12/Dec/2012:18:07:46 +0100] "GET /uszt-tabla_.jpg HTTP/1.1" 200 4543 "http://www.beklen.hu/" "Mozilla/5.0 (Windows NT 6.1) AppleWebKit/537.11 (KHTML, like Gecko) Chrome/23.0.1271.91 Safari/537.11"
94.21.6.118 - - [12/Dec/2012:18:07:46 +0100] "GET /bottom_main.jpg HTTP/1.1" 200 96820 "http://www.beklen.hu/" "Mozilla/5.0 (Windows NT 6.1) AppleWebKit/537.11 (KHTML, like Gecko) Chrome/23.0.1271.91 Safari/537.11"
94.21.6.118 - - [12/Dec/2012:18:07:47 +0100] "GET /tm05_.jpg HTTP/1.1" 200 1839 "http://www.beklen.hu/" "Mozilla/5.0 (Windows NT 6.1) AppleWebKit/537.11 (KHTML, like Gecko) Chrome/23.0.1271.91 Safari/537.11"
94.21.6.118 - - [12/Dec/2012:18:07:52 +0100] "GET /nimfea_project_250x250.gif HTTP/1.1" 200 2986583 "http://www.beklen.hu/" "Mozilla/5.0 (Windows NT 6.1) AppleWebKit/537.11 (KHTML, like Gecko) Chrome/23.0.1271.91 Safari/537.11"
94.21.6.118 - - [12/Dec/2012:18:07:53 +0100] "GET /lb/images/loading.gif HTTP/1.1" 200 2767 "http://www.beklen.hu/" "Mozilla/5.0 (Windows NT 6.1) AppleWebKit/537.11 (KHTML, like Gecko) Chrome/23.0.1271.91 Safari/537.11"
94.21.6.118 - - [12/Dec/2012:18:07:53 +0100] "GET /lb/images/closelabel.gif HTTP/1.1" 200 222 "http://www.beklen.hu/" "Mozilla/5.0 (Windows NT 6.1) AppleWebKit/537.11 (KHTML, like Gecko) Chrome/23.0.1271.91 Safari/537.11"
94.21.6.118 - - [12/Dec/2012:18:07:54 +0100] "GET /tm03.jpg HTTP/1.1" 200 2212 "http://www.beklen.hu/" "Mozilla/5.0 (Windows NT 6.1) AppleWebKit/537.11 (KHTML, like Gecko) Chrome/23.0.1271.91 Safari/537.11"
94.21.6.118 - - [12/Dec/2012:18:07:55 +0100] "GET /tm04.jpg HTTP/1.1" 200 2613 "http://www.beklen.hu/" "Mozilla/5.0 (Windows NT 6.1) AppleWebKit/537.11 (KHTML, like Gecko) Chrome/23.0.1271.91 Safari/537.11"
94.21.6.118 - - [12/Dec/2012:18:07:55 +0100] "GET /tm05.jpg HTTP/1.1" 200 2253 "http://www.beklen.hu/" "Mozilla/5.0 (Windows NT 6.1) AppleWebKit/537.11 (KHTML, like Gecko) Chrome/23.0.1271.91 Safari/537.11"
94.21.6.118 - - [12/Dec/2012:18:07:55 +0100] "GET /tm06.jpg HTTP/1.1" 200 1651 "http://www.beklen.hu/" "Mozilla/5.0 (Windows NT 6.1) AppleWebKit/537.11 (KHTML, like Gecko) Chrome/23.0.1271.91 Safari/537.11"
94.21.6.118 - - [12/Dec/2012:18:07:56 +0100] "GET /tm02_.jpg HTTP/1.1" 200 1524 "http://www.beklen.hu/" "Mozilla/5.0 (Windows NT 6.1) AppleWebKit/537.11 (KHTML, like Gecko) Chrome/23.0.1271.91 Safari/537.11"
94.21.6.118 - - [12/Dec/2012:18:07:58 +0100] "GET /favicon.ico HTTP/1.1" 404 1181 "-" "Mozilla/5.0 (Windows NT 6.1) AppleWebKit/537.11 (KHTML, like Gecko) Chrome/23.0.1271.91 Safari/537.11"
94.21.6.118 - - [12/Dec/2012:18:08:23 +0100] "GET /hirek/hirek091015.htm HTTP/1.1" 200 7046 "http://www.beklen.hu/" "Mozilla/5.0 (Windows NT 6.1) AppleWebKit/537.11 (KHTML, like Gecko) Chrome/23.0.1271.91 Safari/537.11"
94.21.6.118 - - [12/Dec/2012:18:08:23 +0100] "GET /images/norway_grants_.jpg HTTP/1.1" 200 4440 "http://www.beklen.hu/hirek/hirek091015.htm" "Mozilla/5.0 (Windows NT 6.1) AppleWebKit/537.11 (KHTML, like Gecko) Chrome/23.0.1271.91 Safari/537.11"
94.21.6.118 - - [12/Dec/2012:18:08:23 +0100] "GET /images/kvvm_logo.jpg HTTP/1.1" 200 4763 "http://www.beklen.hu/hirek/hirek091015.htm" "Mozilla/5.0 (Windows NT 6.1) AppleWebKit/537.11 (KHTML, like Gecko) Chrome/23.0.1271.91 Safari/537.11"
94.21.6.118 - - [12/Dec/2012:18:08:23 +0100] "GET /images/eea_logo_.jpg HTTP/1.1" 200 32098 "http://www.beklen.hu/hirek/hirek091015.htm" "Mozilla/5.0 (Windows NT 6.1) AppleWebKit/537.11 (KHTML, like Gecko) Chrome/23.0.1271.91 Safari/537.11"
94.21.6.118 - - [12/Dec/2012:18:08:25 +0100] "GET /images/72_nfu.jpg HTTP/1.1" 200 603912 "http://www.beklen.hu/hirek/hirek091015.htm" "Mozilla/5.0 (Windows NT 6.1) AppleWebKit/537.11 (KHTML, like Gecko) Chrome/23.0.1271.91 Safari/537.11"
94.21.6.118 - - [12/Dec/2012:18:08:25 +0100] "GET /favicon.ico HTTP/1.1" 404 1181 "-" "Mozilla/5.0 (Windows NT 6.1) AppleWebKit/537.11 (KHTML, like Gecko) Chrome/23.0.1271.91 Safari/537.11"
94.21.6.118 - - [12/Dec/2012:18:08:32 +0100] "GET /programok.htm HTTP/1.1" 200 6444 "http://www.beklen.hu/hirek/hirek091015.htm" "Mozilla/5.0 (Windows NT 6.1) AppleWebKit/537.11 (KHTML, like Gecko) Chrome/23.0.1271.91 Safari/537.11"
94.21.6.118 - - [12/Dec/2012:18:08:33 +0100] "GET /bottom_.jpg HTTP/1.1" 200 93419 "http://www.beklen.hu/programok.htm" "Mozilla/5.0 (Windows NT 6.1) AppleWebKit/537.11 (KHTML, like Gecko) Chrome/23.0.1271.91 Safari/537.11"
94.21.6.118 - - [12/Dec/2012:18:08:33 +0100] "GET /favicon.ico HTTP/1.1" 404 1181 "-" "Mozilla/5.0 (Windows NT 6.1) AppleWebKit/537.11 (KHTML, like Gecko) Chrome/23.0.1271.91 Safari/537.11"
94.21.6.118 - - [12/Dec/2012:18:08:36 +0100] "GET /ncta.htm HTTP/1.1" 200 7221 "http://www.beklen.hu/programok.htm" "Mozilla/5.0 (Windows NT 6.1) AppleWebKit/537.11 (KHTML, like Gecko) Chrome/23.0.1271.91 Safari/537.11"
94.21.6.118 - - [12/Dec/2012:18:08:37 +0100] "GET /favicon.ico HTTP/1.1" 404 1181 "-" "Mozilla/5.0 (Windows NT 6.1) AppleWebKit/537.11 (KHTML, like Gecko) Chrome/23.0.1271.91 Safari/537.11"
139.18.2.209 - - [12/Dec/2012:18:46:00 +0100] "GET /jog/slapp.htm HTTP/1.1" 200 21314 "-" "findlinks/2.6 (+http://wortschatz.uni-leipzig.de/findlinks/)"
60.36.84.94 - - [12/Dec/2012:18:48:36 +0100] "GET /robots.txt HTTP/1.0" 404 1181 "-" "TosCrawler/Nutch-1.4 (http://www.toshiba.co.jp/rdc/about/crawl_info.htm; 'Rdc-crawler at ml dot toshiba dot co dot jp')"
60.36.84.94 - - [12/Dec/2012:18:48:37 +0100] "GET /hirek/hirek120207.htm HTTP/1.0" 200 6586 "-" "TosCrawler/Nutch-1.4 (http://www.toshiba.co.jp/rdc/about/crawl_info.htm; 'Rdc-crawler at ml dot toshiba dot co dot jp')"
66.249.76.62 - - [12/Dec/2012:18:49:31 +0100] "GET /hirek/hirek090602.htm HTTP/1.1" 200 7261 "-" "Mozilla/5.0 (compatible; Googlebot/2.1; +http://www.google.com/bot.html)"
60.36.84.94 - - [12/Dec/2012:18:56:18 +0100] "GET /hirek/hirek091102.htm HTTP/1.0" 200 8538 "-" "TosCrawler/Nutch-1.4 (http://www.toshiba.co.jp/rdc/about/crawl_info.htm; 'Rdc-crawler at ml dot toshiba dot co dot jp')"
60.36.84.94 - - [12/Dec/2012:19:12:26 +0100] "GET /hirek/hirek091221.htm HTTP/1.0" 200 6740 "-" "TosCrawler/Nutch-1.4 (http://www.toshiba.co.jp/rdc/about/crawl_info.htm; 'Rdc-crawler at ml dot toshiba dot co dot jp')"
208.115.113.84 - - [12/Dec/2012:19:25:53 +0100] "GET /robots.txt HTTP/1.1" 404 1181 "-" "Mozilla/5.0 (compatible; Ezooms/1.0; ezooms.bot@gmail.com)"
60.36.84.94 - - [12/Dec/2012:19:27:42 +0100] "GET /hirek/hirek100728.htm HTTP/1.0" 200 7560 "-" "TosCrawler/Nutch-1.4 (http://www.toshiba.co.jp/rdc/about/crawl_info.htm; 'Rdc-crawler at ml dot toshiba dot co dot jp')"
66.249.76.11 - - [12/Dec/2012:19:32:02 +0100] "GET /robots.txt HTTP/1.1" 404 1181 "-" "Mozilla/5.0 (compatible; Googlebot/2.1; +http://www.google.com/bot.html)"
66.249.76.11 - - [12/Dec/2012:19:32:03 +0100] "GET /jog/jogszabalyok/kornyezetvedelmi_torveny.pdf HTTP/1.1" 200 245188 "-" "Mozilla/5.0 (compatible; Googlebot/2.1; +http://www.google.com/bot.html)"
60.36.84.94 - - [12/Dec/2012:19:46:31 +0100] "GET /hirek/hirek120120.htm HTTP/1.0" 200 6634 "-" "TosCrawler/Nutch-1.4 (http://www.toshiba.co.jp/rdc/about/crawl_info.htm; 'Rdc-crawler at ml dot toshiba dot co dot jp')"
195.228.38.253 - - [12/Dec/2012:19:53:13 +0100] "GET /jog/jogszabalyok/1_erdo.pdf HTTP/1.1" 200 761794 "http://www.google.hu/url?sa=t&rct=j&q=&esrc=s&source=web&cd=10&ved=0CGQQFjAJ&url=http%3A%2F%2Fwww.beklen.hu%2Fjog%2Fjogszabalyok%2F1_erdo.pdf&ei=W8_IUNu4MoXPsgajo4DgBg&usg=AFQjCNHz-UPHDhHJ7J5c2giVd91b1JOxWQ&bvm=bv.1355272958,d.Yms" "Mozilla/5.0 (Windows NT 5.1; rv:17.0) Gecko/20100101 Firefox/17.0"
195.228.38.253 - - [12/Dec/2012:19:53:13 +0100] "GET /favicon.ico HTTP/1.1" 404 1181 "-" "Mozilla/5.0 (Windows NT 5.1; rv:17.0) Gecko/20100101 Firefox/17.0"
208.115.111.68 - - [12/Dec/2012:20:01:04 +0100] "GET /hirek/fiok/index.html HTTP/1.1" 404 1181 "-" "Mozilla/5.0 (compatible; Ezooms/1.0; ezooms.bot@gmail.com)"
60.36.84.94 - - [12/Dec/2012:20:07:27 +0100] "GET /hirek/hirek101027.htm HTTP/1.0" 200 9627 "-" "TosCrawler/Nutch-1.4 (http://www.toshiba.co.jp/rdc/about/crawl_info.htm; 'Rdc-crawler at ml dot toshiba dot co dot jp')"
60.36.84.94 - - [12/Dec/2012:20:18:50 +0100] "GET /fiok/index.html HTTP/1.0" 200 20554 "-" "TosCrawler/Nutch-1.4 (http://www.toshiba.co.jp/rdc/about/crawl_info.htm; 'Rdc-crawler at ml dot toshiba dot co dot jp')"
60.36.84.94 - - [12/Dec/2012:20:20:31 +0100] "GET /hirek/hirek100804.htm HTTP/1.0" 200 8056 "-" "TosCrawler/Nutch-1.4 (http://www.toshiba.co.jp/rdc/about/crawl_info.htm; 'Rdc-crawler at ml dot toshiba dot co dot jp')"
60.36.84.94 - - [12/Dec/2012:20:45:41 +0100] "GET /hirek/hirek100225.htm HTTP/1.0" 200 7288 "-" "TosCrawler/Nutch-1.4 (http://www.toshiba.co.jp/rdc/about/crawl_info.htm; 'Rdc-crawler at ml dot toshiba dot co dot jp')"
139.18.2.209 - - [12/Dec/2012:21:30:52 +0100] "GET /hirek/hirek091102.htm HTTP/1.1" 200 8538 "-" "findlinks/2.6 (+http://wortschatz.uni-leipzig.de/findlinks/)"
60.36.84.94 - - [12/Dec/2012:21:30:58 +0100] "GET /hirek/hirek100810.htm HTTP/1.0" 200 8123 "-" "TosCrawler/Nutch-1.4 (http://www.toshiba.co.jp/rdc/about/crawl_info.htm; 'Rdc-crawler at ml dot toshiba dot co dot jp')"
208.115.113.84 - - [12/Dec/2012:21:31:42 +0100] "GET /hirek/hirek09_01.htm HTTP/1.1" 200 6925 "-" "Mozilla/5.0 (compatible; Ezooms/1.0; ezooms.bot@gmail.com)"
66.249.76.11 - - [12/Dec/2012:21:42:56 +0100] "GET /jog/jogszabalyok/2008_evi_liii_torveny_hatalyos_cites_fuggelekek.doc HTTP/1.1" 200 3005952 "-" "Mozilla/5.0 (compatible; Googlebot/2.1; +http://www.google.com/bot.html)"
60.36.84.94 - - [12/Dec/2012:21:52:48 +0100] "GET /hirek/hirek100420.htm HTTP/1.0" 200 7914 "-" "TosCrawler/Nutch-1.4 (http://www.toshiba.co.jp/rdc/about/crawl_info.htm; 'Rdc-crawler at ml dot toshiba dot co dot jp')"
139.18.2.209 - - [12/Dec/2012:22:06:27 +0100] "GET /ncta.htm HTTP/1.1" 200 7221 "-" "findlinks/2.6 (+http://wortschatz.uni-leipzig.de/findlinks/)"
60.36.84.94 - - [12/Dec/2012:22:14:01 +0100] "GET /hirek/hirek091015.htm HTTP/1.0" 200 7046 "-" "TosCrawler/Nutch-1.4 (http://www.toshiba.co.jp/rdc/about/crawl_info.htm; 'Rdc-crawler at ml dot toshiba dot co dot jp')"
60.36.84.94 - - [12/Dec/2012:22:15:08 +0100] "GET /hirek/hirek101025.htm HTTP/1.0" 200 8786 "-" "TosCrawler/Nutch-1.4 (http://www.toshiba.co.jp/rdc/about/crawl_info.htm; 'Rdc-crawler at ml dot toshiba dot co dot jp')"
180.76.5.57 - - [12/Dec/2012:22:17:20 +0100] "GET /fiok/program_reszek/csaladbarat.htm HTTP/1.1" 200 20928 "-" "Mozilla/5.0 (compatible; Baiduspider/2.0; +http://www.baidu.com/search/spider.html)"
60.36.84.94 - - [12/Dec/2012:22:20:05 +0100] "GET /hirek/hirek100305.htm HTTP/1.0" 200 7091 "-" "TosCrawler/Nutch-1.4 (http://www.toshiba.co.jp/rdc/about/crawl_info.htm; 'Rdc-crawler at ml dot toshiba dot co dot jp')"
218.6.8.7 - - [12/Dec/2012:22:42:24 +0100] "GET /jog/eseteink/audi/audi_gyor_restoration_measures15-.pdf HTTP/1.0" 200 1146880 "http://www.beklen.hu/jog/eseteink/audi/audi_gyor_restoration_measures15-.pdf" "Mozilla/5.0 (Windows NT 5.1) AppleWebKit/535.7 (KHTML, like Gecko) Chrome/16.0.912.77 Safari/535.7"
218.6.8.7 - - [12/Dec/2012:22:42:25 +0100] "GET / HTTP/1.0" 200 23965 "http://www.beklen.hu/" "Mozilla/5.0 (Windows NT 5.1) AppleWebKit/535.7 (KHTML, like Gecko) Chrome/16.0.912.77 Safari/535.7"
66.249.76.62 - - [12/Dec/2012:22:43:29 +0100] "GET /robots.txt HTTP/1.1" 404 1181 "-" "Mozilla/5.0 (compatible; Googlebot/2.1; +http://www.google.com/bot.html)"
66.249.76.62 - - [12/Dec/2012:22:43:30 +0100] "GET /jog/eseteink/korosladany/apvrt_nek3.pdf HTTP/1.1" 200 167171 "-" "Mozilla/5.0 (compatible; Googlebot/2.1; +http://www.google.com/bot.html)"
60.36.84.94 - - [12/Dec/2012:22:53:02 +0100] "GET /hirek/hirek091103.htm HTTP/1.0" 200 7301 "-" "TosCrawler/Nutch-1.4 (http://www.toshiba.co.jp/rdc/about/crawl_info.htm; 'Rdc-crawler at ml dot toshiba dot co dot jp')"
60.36.84.94 - - [12/Dec/2012:23:05:52 +0100] "GET /jog HTTP/1.0" 301 299 "-" "TosCrawler/Nutch-1.4 (http://www.toshiba.co.jp/rdc/about/crawl_info.htm; 'Rdc-crawler at ml dot toshiba dot co dot jp')"
66.249.76.62 - - [12/Dec/2012:23:11:19 +0100] "GET /images/nca_logo.jpg HTTP/1.1" 304 - "-" "Googlebot-Image/1.0"
60.36.84.94 - - [12/Dec/2012:23:17:18 +0100] "GET /hirek/hirek101213.htm HTTP/1.0" 200 8671 "-" "TosCrawler/Nutch-1.4 (http://www.toshiba.co.jp/rdc/about/crawl_info.htm; 'Rdc-crawler at ml dot toshiba dot co dot jp')"
66.249.76.62 - - [13/Dec/2012:00:53:40 +0100] "GET /jog/ugyfeljogok.htm HTTP/1.1" 200 14279 "-" "Mozilla/5.0 (iPhone; U; CPU iPhone OS 4_1 like Mac OS X; en-us) AppleWebKit/532.9 (KHTML, like Gecko) Version/4.0.5 Mobile/8B117 Safari/6531.22.7 (compatible; Googlebot-Mobile/2.1; +http://www.google.com/bot.html)"
66.249.76.62 - - [13/Dec/2012:01:02:44 +0100] "GET /jog/img/320/l1000723.jpg HTTP/1.1" 200 8833 "-" "Mozilla/5.0 (compatible; Googlebot/2.1; +http://www.google.com/bot.html)"
66.249.76.62 - - [13/Dec/2012:01:02:50 +0100] "GET /jog/css/style.css HTTP/1.1" 200 23764 "-" "Mozilla/5.0 (compatible; Googlebot/2.1; +http://www.google.com/bot.html)"
66.249.76.62 - - [13/Dec/2012:01:02:54 +0100] "GET /jog2/images/postbullets.png HTTP/1.1" 200 175 "http://www.beklen.hu/jog/ugyfeljogok.htm" "Mozilla/5.0 (compatible; Googlebot/2.1; +http://www.google.com/bot.html)"
131.253.38.22 - - [13/Dec/2012:01:30:56 +0100] "GET /robots.txt HTTP/1.1" 404 1181 "-" "msnbot-media/1.1 (+http://search.msn.com/msnbot.htm)"
131.253.38.22 - - [13/Dec/2012:01:30:57 +0100] "GET /images/kvvm_logo.jpg HTTP/1.1" 200 4763 "-" "msnbot-media/1.1 (+http://search.msn.com/msnbot.htm)"
66.249.76.62 - - [13/Dec/2012:01:47:41 +0100] "GET /jog/tippek.htm HTTP/1.1" 200 13697 "-" "Mozilla/5.0 (compatible; Googlebot/2.1; +http://www.google.com/bot.html)"
66.249.76.62 - - [13/Dec/2012:01:59:58 +0100] "GET /english/contact.htm HTTP/1.1" 304 - "-" "Mozilla/5.0 (compatible; Googlebot/2.1; +http://www.google.com/bot.html)"
66.249.76.62 - - [13/Dec/2012:02:01:25 +0100] "GET /hirek/hirek090303.htm HTTP/1.1" 304 - "-" "Mozilla/5.0 (compatible; Googlebot/2.1; +http://www.google.com/bot.html)"
66.249.76.62 - - [13/Dec/2012:02:23:58 +0100] "GET /nca.htm HTTP/1.1" 304 - "-" "Mozilla/5.0 (compatible; Googlebot/2.1; +http://www.google.com/bot.html)"
66.249.76.62 - - [13/Dec/2012:02:24:44 +0100] "GET /ncta.htm HTTP/1.1" 304 - "-" "Mozilla/5.0 (compatible; Googlebot/2.1; +http://www.google.com/bot.html)"
66.249.76.62 - - [13/Dec/2012:03:11:23 +0100] "GET / HTTP/1.1" 200 23965 "-" "Mozilla/5.0 (iPhone; U; CPU iPhone OS 4_1 like Mac OS X; en-us) AppleWebKit/532.9 (KHTML, like Gecko) Version/4.0.5 Mobile/8B117 Safari/6531.22.7 (compatible; Googlebot-Mobile/2.1; +http://www.google.com/bot.html)"
66.249.76.62 - - [13/Dec/2012:03:27:13 +0100] "GET /lb/js/lightbox.js HTTP/1.1" 200 23424 "-" "Mozilla/5.0 (compatible; Googlebot/2.1; +http://www.google.com/bot.html)"
66.249.76.62 - - [13/Dec/2012:03:27:14 +0100] "GET /lb/css/lightbox.css HTTP/1.1" 200 1715 "-" "Mozilla/5.0 (compatible; Googlebot/2.1; +http://www.google.com/bot.html)"
66.249.76.62 - - [13/Dec/2012:03:27:16 +0100] "GET /lb/js/effects.js HTTP/1.1" 200 31969 "-" "Mozilla/5.0 (compatible; Googlebot/2.1; +http://www.google.com/bot.html)"
66.249.76.62 - - [13/Dec/2012:03:27:19 +0100] "GET /lb/js/prototype.js HTTP/1.1" 200 47603 "-" "Mozilla/5.0 (compatible; Googlebot/2.1; +http://www.google.com/bot.html)"
157.55.32.93 - - [13/Dec/2012:03:39:15 +0100] "GET /robots.txt HTTP/1.1" 404 1181 "-" "Mozilla/5.0 (compatible; bingbot/2.0; +http://www.bing.com/bingbot.htm)"
157.55.32.93 - - [13/Dec/2012:03:40:54 +0100] "GET / HTTP/1.1" 304 - "-" "Mozilla/5.0 (compatible; bingbot/2.0; +http://www.bing.com/bingbot.htm)"
66.249.76.62 - - [13/Dec/2012:06:05:05 +0100] "GET /hirek/klimatv_civilcikk.doc HTTP/1.1" 200 78336 "-" "Mozilla/5.0 (iPhone; U; CPU iPhone OS 4_1 like Mac OS X; en-us) AppleWebKit/532.9 (KHTML, like Gecko) Version/4.0.5 Mobile/8B117 Safari/6531.22.7 (compatible; Googlebot-Mobile/2.1; +http://www.google.com/bot.html)"
139.18.2.17 - - [13/Dec/2012:06:33:29 +0100] "GET /hirek/hirek100305.htm HTTP/1.1" 200 7091 "-" "findlinks/2.6 (+http://wortschatz.uni-leipzig.de/findlinks/)"
66.249.76.62 - - [13/Dec/2012:06:55:45 +0100] "GET /jog/eseteink/korosladany/beavatkozas_tajekoztat_mszh.pdf HTTP/1.1" 200 143606 "-" "Mozilla/5.0 (compatible; Googlebot/2.1; +http://www.google.com/bot.html)"
180.76.5.97 - - [13/Dec/2012:07:23:35 +0100] "GET / HTTP/1.1" 200 23965 "-" "Mozilla/5.0 (compatible; Baiduspider/2.0; +http://www.baidu.com/search/spider.html)"
178.154.210.252 - - [13/Dec/2012:07:56:25 +0100] "GET /robots.txt HTTP/1.1" 404 1181 "-" "Mozilla/5.0 (compatible; YandexBot/3.0; +http://yandex.com/bots)"
178.1.14.69 - - [13/Dec/2012:08:14:31 +0100] "GET /khb.htm HTTP/1.1" 200 8719 "-" "findlinks/2.6 (+http://wortschatz.uni-leipzig.de/findlinks/)"
74.125.189.21 - - [13/Dec/2012:08:46:04 +0100] "GET /jog/eseteink/poroszlo/keresetlevel_javitott_poroszlo.pdf HTTP/1.1" 200 173206 "-" "Mozilla/5.0 (en-us) AppleWebKit/534.14 (KHTML, like Gecko; Google Wireless Transcoder) Chrome/9.0.597 Safari/534.14"
66.249.76.62 - - [13/Dec/2012:09:18:18 +0100] "GET /jog/pub/rally_kiadvany_mtvsz.pdf HTTP/1.1" 304 - "-" "Mozilla/5.0 (compatible; Googlebot/2.1; +http://www.google.com/bot.html)"
180.76.5.97 - - [13/Dec/2012:09:49:41 +0100] "GET /fiok/kapcsolat.htm HTTP/1.1" 200 17416 "-" "Mozilla/5.0 (compatible; Baiduspider/2.0; +http://www.baidu.com/search/spider.html)"
178.154.210.252 - - [13/Dec/2012:11:25:04 +0100] "GET /jog/jogszabalyok/348_2006.korm.rendelet.pdf HTTP/1.1" 304 - "-" "Mozilla/5.0 (compatible; YandexBot/3.0; +http://yandex.com/bots)"
77.75.77.32 - - [13/Dec/2012:11:56:18 +0100] "GET /robots.txt HTTP/1.1" 404 1181 "-" "SeznamBot/3.0 (+http://fulltext.sblog.cz/)"
77.75.77.32 - - [13/Dec/2012:11:56:19 +0100] "GET /hirek/hirek101213.htm HTTP/1.1" 200 8671 "-" "SeznamBot/3.0 (+http://fulltext.sblog.cz/)"
178.154.210.252 - - [13/Dec/2012:12:28:04 +0100] "GET /jog/eseteink/korosladany/2108_001.pdf HTTP/1.1" 200 587341 "-" "Mozilla/5.0 (compatible; YandexBot/3.0; +http://yandex.com/bots)"
178.154.210.252 - - [13/Dec/2012:12:49:54 +0100] "GET /jog/eseteink/audi/europai%20bizottsag%20audi%20adatkikeres.pdf HTTP/1.1" 200 114017 "-" "Mozilla/5.0 (compatible; YandexBot/3.0; +http://yandex.com/bots)"
178.154.210.252 - - [13/Dec/2012:12:55:11 +0100] "GET /jog/eseteink/derekegyhaza/fvm_kekto.pdf HTTP/1.1" 200 125833 "-" "Mozilla/5.0 (compatible; YandexBot/3.0; +http://yandex.com/bots)"
178.154.210.252 - - [13/Dec/2012:12:55:17 +0100] "GET /jog/eseteink/derekegyhaza/fvm_kekto_ujra.pdf HTTP/1.1" 200 104770 "-" "Mozilla/5.0 (compatible; YandexBot/3.0; +http://yandex.com/bots)"
208.115.111.68 - - [13/Dec/2012:13:09:29 +0100] "GET /robots.txt HTTP/1.1" 404 1181 "-" "Mozilla/5.0 (compatible; Ezooms/1.0; ezooms.bot@gmail.com)"
178.154.210.252 - - [13/Dec/2012:13:19:37 +0100] "GET /jog/eseteink/dakar/dakar_ugyeszseg_lp.pdf HTTP/1.1" 200 218784 "-" "Mozilla/5.0 (compatible; YandexBot/3.0; +http://yandex.com/bots)"
178.154.210.252 - - [13/Dec/2012:13:43:51 +0100] "GET /jog/eseteink/derekegyhaza/kereset_level_derekegyhaza_mszh_vegleges.pdf HTTP/1.1" 200 247768 "-" "Mozilla/5.0 (compatible; YandexBot/3.0; +http://yandex.com/bots)"
178.154.210.252 - - [13/Dec/2012:14:06:46 +0100] "GET /jog/eseteink/korosladany/korosladany_kereset_vegleges.pdf HTTP/1.1" 200 96743 "-" "Mozilla/5.0 (compatible; YandexBot/3.0; +http://yandex.com/bots)"
178.154.210.252 - - [13/Dec/2012:14:30:39 +0100] "GET /jog/eseteink/audi/europai%20bizottsag%20fotitkarsaga.pdf HTTP/1.1" 200 374636 "-" "Mozilla/5.0 (compatible; YandexBot/3.0; +http://yandex.com/bots)"
178.154.210.252 - - [13/Dec/2012:14:53:53 +0100] "GET /jog/eseteink/derekegyhaza/nemzeti_parkoknak_t%C3%A1j%C3%A9koztatas_keres.pdf HTTP/1.1" 404 1181 "-" "Mozilla/5.0 (compatible; YandexBot/3.0; +http://yandex.com/bots)"
178.154.210.252 - - [13/Dec/2012:14:56:49 +0100] "GET /jog/eseteink/poroszlo/poroszlo-onkormnyzat.pdf HTTP/1.1" 200 142360 "-" "Mozilla/5.0 (compatible; YandexBot/3.0; +http://yandex.com/bots)"
178.154.210.252 - - [13/Dec/2012:14:56:51 +0100] "GET /jog/eseteink/korosladany/beavatkozas_tajekoztat_mszh.pdf HTTP/1.1" 200 143606 "-" "Mozilla/5.0 (compatible; YandexBot/3.0; +http://yandex.com/bots)"
24.134.146.36 - - [13/Dec/2012:15:07:29 +0100] "GET /jog HTTP/1.1" 301 311 "-" "findlinks/2.0.2 (+http://wortschatz.uni-leipzig.de/findlinks/)"
24.134.146.36 - - [13/Dec/2012:15:07:30 +0100] "GET /jog/ HTTP/1.1" 200 13138 "-" "findlinks/2.0.2 (+http://wortschatz.uni-leipzig.de/findlinks/)"
178.154.210.252 - - [13/Dec/2012:15:21:43 +0100] "GET /fiok/program_reszek/turazas.htm HTTP/1.1" 200 22754 "-" "Mozilla/5.0 (compatible; YandexBot/3.0; +http://yandex.com/bots)"
178.154.210.252 - - [13/Dec/2012:15:46:40 +0100] "GET /jog/eseteink/korosladany/np_nek_tajekoztatas.pdf HTTP/1.1" 200 144911 "-" "Mozilla/5.0 (compatible; YandexBot/3.0; +http://yandex.com/bots)"
208.115.111.68 - - [13/Dec/2012:15:50:22 +0100] "GET /fiok/programok.htm HTTP/1.1" 200 18165 "-" "Mozilla/5.0 (compatible; Ezooms/1.0; ezooms.bot@gmail.com)"
208.115.111.68 - - [13/Dec/2012:15:50:24 +0100] "GET /hirek/hirek100728.htm HTTP/1.1" 200 7560 "-" "Mozilla/5.0 (compatible; Ezooms/1.0; ezooms.bot@gmail.com)"
178.154.210.252 - - [13/Dec/2012:15:50:50 +0100] "GET /jog/eseteink/korosladany/szeged_birosag2.pdf HTTP/1.1" 200 95330 "-" "Mozilla/5.0 (compatible; YandexBot/3.0; +http://yandex.com/bots)"
178.154.210.252 - - [13/Dec/2012:15:58:11 +0100] "GET /jog/eseteink/derekegyhaza/mszh_ugyfel.pdf HTTP/1.1" 200 789271 "-" "Mozilla/5.0 (compatible; YandexBot/3.0; +http://yandex.com/bots)"
157.55.32.93 - - [13/Dec/2012:15:58:30 +0100] "GET /robots.txt HTTP/1.1" 404 1181 "-" "Mozilla/5.0 (compatible; bingbot/2.0; +http://www.bing.com/bingbot.htm)"
178.154.210.252 - - [13/Dec/2012:15:58:59 +0100] "GET /jog/eseteink/korosladany/apvrt_nek3.pdf HTTP/1.1" 200 167171 "-" "Mozilla/5.0 (compatible; YandexBot/3.0; +http://yandex.com/bots)"
178.154.210.252 - - [13/Dec/2012:15:59:45 +0100] "GET /jog/eseteink/korosladany/nimfea%20vm%20vegzes_001.pdf HTTP/1.1" 200 2141078 "-" "Mozilla/5.0 (compatible; YandexBot/3.0; +http://yandex.com/bots)"
178.154.210.252 - - [13/Dec/2012:16:00:07 +0100] "GET /jog/eseteink/duzzaszto/kereset_lev%C3%A9l_gyulavari.pdf HTTP/1.1" 404 1181 "-" "Mozilla/5.0 (compatible; YandexBot/3.0; +http://yandex.com/bots)"
178.154.210.252 - - [13/Dec/2012:16:00:18 +0100] "GET /jog/eseteink/korosladany/lgfobb_ugyeszseg_ujra.pdf HTTP/1.1" 200 105157 "-" "Mozilla/5.0 (compatible; YandexBot/3.0; +http://yandex.com/bots)"
178.154.210.252 - - [13/Dec/2012:16:00:29 +0100] "GET /jog/jogszabalyok/4_2010kje.pdf HTTP/1.1" 404 1181 "-" "Mozilla/5.0 (compatible; YandexBot/3.0; +http://yandex.com/bots)"
178.154.210.252 - - [13/Dec/2012:16:00:33 +0100] "GET /jog/eseteink/derekegyhaza/mszh_kozpontnak_tajekoztataskeres.pdf HTTP/1.1" 200 140264 "-" "Mozilla/5.0 (compatible; YandexBot/3.0; +http://yandex.com/bots)"
178.154.210.252 - - [13/Dec/2012:16:00:44 +0100] "GET /jog/eseteink/derekegyhaza/kotevife_ugyfel_uj.pdf HTTP/1.1" 200 110734 "-" "Mozilla/5.0 (compatible; YandexBot/3.0; +http://yandex.com/bots)"
178.154.210.252 - - [13/Dec/2012:16:01:17 +0100] "GET /jog/eseteink/derekegyhaza/kotevife_volt_e_skv.pdf HTTP/1.1" 200 113615 "-" "Mozilla/5.0 (compatible; YandexBot/3.0; +http://yandex.com/bots)"
178.154.210.252 - - [13/Dec/2012:16:50:16 +0100] "GET /jog/eseteink/kavicszatony/mura_valasz.pdf HTTP/1.1" 200 105721 "-" "Mozilla/5.0 (compatible; YandexBot/3.0; +http://yandex.com/bots)"
180.76.5.103 - - [13/Dec/2012:16:57:46 +0100] "GET /fiok/program_reszek/erdei_iskola.htm HTTP/1.1" 200 21601 "-" "Mozilla/5.0 (compatible; Baiduspider/2.0; +http://www.baidu.com/search/spider.html)"
178.154.210.252 - - [13/Dec/2012:17:10:50 +0100] "GET /jog/eseteink/dakar/36559-10.pdf HTTP/1.1" 200 241989 "-" "Mozilla/5.0 (compatible; YandexBot/3.0; +http://yandex.com/bots)"
178.154.210.252 - - [13/Dec/2012:18:03:06 +0100] "GET /jog/eseteink/malom/ugyfel.pdf HTTP/1.1" 200 287556 "-" "Mozilla/5.0 (compatible; YandexBot/3.0; +http://yandex.com/bots)"
178.154.210.252 - - [13/Dec/2012:18:34:39 +0100] "GET /jog/eseteink/poroszlo/poroszlo-zoldhatosag.pdf HTTP/1.1" 200 107018 "-" "Mozilla/5.0 (compatible; YandexBot/3.0; +http://yandex.com/bots)"
38.111.147.84 - - [13/Dec/2012:19:04:59 +0100] "GET /robots.txt HTTP/1.0" 404 1181 "-" "TurnitinBot/2.1 (http://www.turnitin.com/robot/crawlerinfo.html)"
38.111.147.84 - - [13/Dec/2012:19:05:04 +0100] "GET / HTTP/1.0" 200 23965 "-" "TurnitinBot/2.1 (http://www.turnitin.com/robot/crawlerinfo.html)"
178.154.210.252 - - [13/Dec/2012:19:28:57 +0100] "GET /jog/eseteink/audi/additional_information_provided_by_hungarian_authorities_at_the_request_of_the_commission.pdf HTTP/1.1" 200 3547052 "-" "Mozilla/5.0 (compatible; YandexBot/3.0; +http://yandex.com/bots)"
178.154.210.252 - - [13/Dec/2012:19:30:44 +0100] "GET /jog/eseteink/derekegyhaza/mszh_csongrad_ugyfel_uj.pdf HTTP/1.1" 200 109006 "-" "Mozilla/5.0 (compatible; YandexBot/3.0; +http://yandex.com/bots)"
178.154.210.252 - - [13/Dec/2012:19:30:50 +0100] "GET /jog/jogszabalyok/polgari_perrendtartas_xx_fejezet.pdf HTTP/1.1" 404 1181 "-" "Mozilla/5.0 (compatible; YandexBot/3.0; +http://yandex.com/bots)"
178.154.210.252 - - [13/Dec/2012:19:32:33 +0100] "GET /jog/eseteink/audi/audi_epiteszeti_elj.pdf HTTP/1.1" 200 384562 "-" "Mozilla/5.0 (compatible; YandexBot/3.0; +http://yandex.com/bots)"
180.76.5.53 - - [13/Dec/2012:19:57:22 +0100] "GET /fiok/program_reszek/turazas.htm HTTP/1.1" 200 22754 "-" "Mozilla/5.0 (compatible; Baiduspider/2.0; +http://www.baidu.com/search/spider.html)"
157.55.32.76 - - [13/Dec/2012:21:59:49 +0100] "GET /robots.txt HTTP/1.1" 404 1181 "-" "Mozilla/5.0 (compatible; bingbot/2.0; +http://www.bing.com/bingbot.htm)"
157.55.32.76 - - [13/Dec/2012:22:01:49 +0100] "GET /hirek/Microsoft%20Word%20-%20csongradi%20duzzaszto%20velemeny%202009.06.11..doc.pdf HTTP/1.1" 200 321155 "-" "Mozilla/5.0 (compatible; bingbot/2.0; +http://www.bing.com/bingbot.htm)"
178.154.210.252 - - [13/Dec/2012:22:05:45 +0100] "GET /jog/eseteink/korosladany/szakerto_dij_birosag.doc.pdf HTTP/1.1" 200 194442 "-" "Mozilla/5.0 (compatible; YandexBot/3.0; +http://yandex.com/bots)"
86.87.224.191 - - [13/Dec/2012:23:12:29 +0100] "GET / HTTP/1.1" 200 23965 "-" "Java/1.7.0_09"
86.87.224.191 - - [13/Dec/2012:23:12:31 +0100] "GET /hirarchivum.htm HTTP/1.1" 200 24981 "-" "Java/1.7.0_09"
86.87.224.191 - - [13/Dec/2012:23:12:31 +0100] "GET /index.htm HTTP/1.1" 200 23965 "-" "Java/1.7.0_09"
86.87.224.191 - - [13/Dec/2012:23:12:31 +0100] "GET /kapcsolat.htm HTTP/1.1" 200 6889 "-" "Java/1.7.0_09"
86.87.224.191 - - [13/Dec/2012:23:12:32 +0100] "GET /magunkrol.htm HTTP/1.1" 200 9202 "-" "Java/1.7.0_09"
86.87.224.191 - - [13/Dec/2012:23:12:32 +0100] "GET /media.htm HTTP/1.1" 200 5208 "-" "Java/1.7.0_09"
86.87.224.191 - - [13/Dec/2012:23:12:32 +0100] "GET /programok.htm HTTP/1.1" 200 6444 "-" "Java/1.7.0_09"
86.87.224.191 - - [13/Dec/2012:23:12:32 +0100] "GET /vill.cs HTTP/1.1" 200 2676 "-" "Java/1.7.0_09"
86.87.224.191 - - [13/Dec/2012:23:12:33 +0100] "GET /hirek08_10.htm HTTP/1.1" 200 6946 "-" "Java/1.7.0_09"
86.87.224.191 - - [13/Dec/2012:23:12:33 +0100] "GET /hirek08_11.htm HTTP/1.1" 200 7253 "-" "Java/1.7.0_09"
86.87.224.191 - - [13/Dec/2012:23:12:33 +0100] "GET /hirek08_12.htm HTTP/1.1" 200 8268 "-" "Java/1.7.0_09"
86.87.224.191 - - [13/Dec/2012:23:12:34 +0100] "GET /hirek09_01.htm HTTP/1.1" 200 6841 "-" "Java/1.7.0_09"
86.87.224.191 - - [13/Dec/2012:23:12:34 +0100] "GET /hirek09_02.htm HTTP/1.1" 200 7450 "-" "Java/1.7.0_09"
86.87.224.191 - - [13/Dec/2012:23:12:34 +0100] "GET /hirek09_03.htm HTTP/1.1" 200 10726 "-" "Java/1.7.0_09"
86.87.224.191 - - [13/Dec/2012:23:12:34 +0100] "GET /&url=kapcsolat.htm HTTP/1.1" 404 1181 "-" "Java/1.7.0_09"
86.87.224.191 - - [13/Dec/2012:23:12:35 +0100] "GET /&url=programok.htm HTTP/1.1" 404 1181 "-" "Java/1.7.0_09"
86.87.224.191 - - [13/Dec/2012:23:12:35 +0100] "GET /&url=adomanyi.htm HTTP/1.1" 404 1181 "-" "Java/1.7.0_09"
86.87.224.191 - - [13/Dec/2012:23:12:35 +0100] "GET /bunt.htm HTTP/1.1" 200 5683 "-" "Java/1.7.0_09"
86.87.224.191 - - [13/Dec/2012:23:12:36 +0100] "GET /civilmuhely.htm HTTP/1.1" 200 8450 "-" "Java/1.7.0_09"
86.87.224.191 - - [13/Dec/2012:23:12:36 +0100] "GET /khb.htm HTTP/1.1" 200 8719 "-" "Java/1.7.0_09"
86.87.224.191 - - [13/Dec/2012:23:12:36 +0100] "GET /nca.htm HTTP/1.1" 200 7467 "-" "Java/1.7.0_09"
86.87.224.191 - - [13/Dec/2012:23:12:37 +0100] "GET /ncta.htm HTTP/1.1" 200 7221 "-" "Java/1.7.0_09"
86.87.224.191 - - [13/Dec/2012:23:12:37 +0100] "GET /nka.htm HTTP/1.1" 200 6221 "-" "Java/1.7.0_09"
86.87.224.191 - - [13/Dec/2012:23:12:37 +0100] "GET /szakmai.htm HTTP/1.1" 200 6054 "-" "Java/1.7.0_09"
86.87.224.191 - - [13/Dec/2012:23:12:37 +0100] "GET /ncta_a.htm HTTP/1.1" 200 7260 "-" "Java/1.7.0_09"
86.87.224.191 - - [13/Dec/2012:23:12:38 +0100] "GET /&url=civilmuhely.htm HTTP/1.1" 404 1181 "-" "Java/1.7.0_09"
86.87.224.191 - - [13/Dec/2012:23:12:38 +0100] "GET /&url=magunkrol.htm HTTP/1.1" 404 1181 "-" "Java/1.7.0_09"
86.87.224.191 - - [13/Dec/2012:23:12:39 +0100] "GET /nca04.htm HTTP/1.1" 200 16378 "-" "Java/1.7.0_09"
86.87.224.191 - - [13/Dec/2012:23:12:39 +0100] "GET /nca05.htm HTTP/1.1" 200 16412 "-" "Java/1.7.0_09"
86.87.224.191 - - [13/Dec/2012:23:12:40 +0100] "GET /nca06.htm HTTP/1.1" 200 19034 "-" "Java/1.7.0_09"
86.87.224.191 - - [13/Dec/2012:23:12:40 +0100] "GET /nca07.htm HTTP/1.1" 200 21968 "-" "Java/1.7.0_09"
86.87.224.191 - - [13/Dec/2012:23:12:41 +0100] "GET /nca08.htm HTTP/1.1" 200 21795 "-" "Java/1.7.0_09"
86.87.224.191 - - [13/Dec/2012:23:12:42 +0100] "GET /nca09.htm HTTP/1.1" 200 24315 "-" "Java/1.7.0_09"
86.87.224.191 - - [13/Dec/2012:23:12:42 +0100] "GET /nca10.htm HTTP/1.1" 200 16648 "-" "Java/1.7.0_09"
86.87.224.191 - - [13/Dec/2012:23:12:42 +0100] "GET /nca11.htm HTTP/1.1" 200 7133 "-" "Java/1.7.0_09"
86.87.224.191 - - [13/Dec/2012:23:12:42 +0100] "GET /kiadvanyok.htm HTTP/1.1" 200 8206 "-" "Java/1.7.0_09"
86.87.224.191 - - [13/Dec/2012:23:12:43 +0100] "GET /deutsch/index.htm HTTP/1.1" 200 5324 "-" "Java/1.7.0_09"
86.87.224.191 - - [13/Dec/2012:23:12:43 +0100] "GET /english/index.htm HTTP/1.1" 200 5262 "-" "Java/1.7.0_09"
86.87.224.191 - - [13/Dec/2012:23:12:43 +0100] "GET /fiok/index.html HTTP/1.1" 200 20554 "-" "Java/1.7.0_09"
86.87.224.191 - - [13/Dec/2012:23:12:44 +0100] "GET /hirek/hirek091015.htm HTTP/1.1" 200 7046 "-" "Java/1.7.0_09"
86.87.224.191 - - [13/Dec/2012:23:12:45 +0100] "GET /hirek/hirek091102.htm HTTP/1.1" 200 8538 "-" "Java/1.7.0_09"
86.87.224.191 - - [13/Dec/2012:23:12:45 +0100] "GET /hirek/hirek091103.htm HTTP/1.1" 200 7301 "-" "Java/1.7.0_09"
86.87.224.191 - - [13/Dec/2012:23:12:45 +0100] "GET /hirek/hirek091221.htm HTTP/1.1" 200 6740 "-" "Java/1.7.0_09"
86.87.224.191 - - [13/Dec/2012:23:12:46 +0100] "GET /hirek/hirek100225.htm HTTP/1.1" 200 7288 "-" "Java/1.7.0_09"
208.115.113.84 - - [13/Dec/2012:23:28:58 +0100] "GET /robots.txt HTTP/1.1" 404 1181 "-" "Mozilla/5.0 (compatible; Ezooms/1.0; ezooms.bot@gmail.com)"
66.249.75.62 - - [13/Dec/2012:23:34:22 +0100] "GET /robots.txt HTTP/1.1" 404 1181 "-" "Mozilla/5.0 (compatible; Googlebot/2.1; +http://www.google.com/bot.html)"
66.249.75.62 - - [13/Dec/2012:23:34:22 +0100] "GET /hirek/090509/5.jpg HTTP/1.1" 304 - "-" "Googlebot-Image/1.0"
139.18.2.209 - - [13/Dec/2012:23:50:51 +0100] "GET /hirek/hirek100420.htm HTTP/1.1" 200 7914 "-" "findlinks/2.6 (+http://wortschatz.uni-leipzig.de/findlinks/)"
178.154.210.252 - - [14/Dec/2012:01:11:06 +0100] "GET /jog/eseteink/derekegyhaza/mszh_kekto_fellebbez%C3%A9s.pdf HTTP/1.1" 404 1181 "-" "Mozilla/5.0 (compatible; YandexBot/3.0; +http://yandex.com/bots)"
178.154.210.252 - - [14/Dec/2012:01:11:14 +0100] "GET /jog/eseteink/dakar/dakar_0804_kdtktvf_engedely.pdf HTTP/1.1" 200 4090849 "-" "Mozilla/5.0 (compatible; YandexBot/3.0; +http://yandex.com/bots)"
178.154.210.252 - - [14/Dec/2012:01:11:18 +0100] "GET /jog/eseteink/korosladany/nemzeti_park_adatkeres_korosladany.pdf HTTP/1.1" 200 82235 "-" "Mozilla/5.0 (compatible; YandexBot/3.0; +http://yandex.com/bots)"
178.154.210.252 - - [14/Dec/2012:01:11:21 +0100] "GET /jog/eseteink/derekegyhaza/masodfoknak.pdf HTTP/1.1" 200 228651 "-" "Mozilla/5.0 (compatible; YandexBot/3.0; +http://yandex.com/bots)"
178.154.210.252 - - [14/Dec/2012:01:11:23 +0100] "GET /jog/eseteink/poroszlo/keresetlevel_javitott_poroszlo.pdf HTTP/1.1" 200 173206 "-" "Mozilla/5.0 (compatible; YandexBot/3.0; +http://yandex.com/bots)"
178.154.210.252 - - [14/Dec/2012:01:11:26 +0100] "GET /jog/eseteink/kavicszatony/mura_bejelentes1.pdf HTTP/1.1" 200 214943 "-" "Mozilla/5.0 (compatible; YandexBot/3.0; +http://yandex.com/bots)"
178.154.210.252 - - [14/Dec/2012:01:11:29 +0100] "GET /jog/eseteink/kavicszatony/fellebbezes.pdf HTTP/1.1" 200 201532 "-" "Mozilla/5.0 (compatible; YandexBot/3.0; +http://yandex.com/bots)"
178.154.210.252 - - [14/Dec/2012:01:11:32 +0100] "GET /jog/eseteink/korosladany/korosladany_ugyeszseg.pdf HTTP/1.1" 200 166586 "-" "Mozilla/5.0 (compatible; YandexBot/3.0; +http://yandex.com/bots)"
178.154.210.252 - - [14/Dec/2012:01:11:36 +0100] "GET /jog/eseteink/korosladany/vegzes_dalerd_birsag.pdf HTTP/1.1" 200 1941609 "-" "Mozilla/5.0 (compatible; YandexBot/3.0; +http://yandex.com/bots)"
178.154.210.252 - - [14/Dec/2012:01:11:39 +0100] "GET /jog/eseteink/duzzaszto/gyulai%20duzzaszto%20fellebbezes.doc HTTP/1.1" 200 218112 "-" "Mozilla/5.0 (compatible; YandexBot/3.0; +http://yandex.com/bots)"
178.154.210.252 - - [14/Dec/2012:01:11:41 +0100] "GET /jog/eseteink/kavicszatony/bfnpi%20fellebbezese%20mura%20kotras%20vj%20eng.pdf HTTP/1.1" 200 219591 "-" "Mozilla/5.0 (compatible; YandexBot/3.0; +http://yandex.com/bots)"
178.154.210.252 - - [14/Dec/2012:01:11:44 +0100] "GET /jog/eseteink/korosladany/mszhnak_miert_nincs_ismetelt_eljaras.pdf HTTP/1.1" 200 123149 "-" "Mozilla/5.0 (compatible; YandexBot/3.0; +http://yandex.com/bots)"
178.154.210.252 - - [14/Dec/2012:01:11:47 +0100] "GET /jog/eseteink/derekegyhaza/vizjogi_ltesitmeny2.pdf HTTP/1.1" 200 89386 "-" "Mozilla/5.0 (compatible; YandexBot/3.0; +http://yandex.com/bots)"
