66.249.78.60 - - [29/Dec/2012:14:36:06 +0100] "GET /hirek/hirek090428.htm HTTP/1.1" 304 - "-" "Mozilla/5.0 (compatible; Googlebot/2.1; +http://www.google.com/bot.html)"
178.154.210.252 - - [29/Dec/2012:15:12:48 +0100] "GET /robots.txt HTTP/1.1" 404 1181 "-" "Mozilla/5.0 (compatible; YandexBot/3.0; +http://yandex.com/bots)"
178.154.210.252 - - [29/Dec/2012:15:12:50 +0100] "GET / HTTP/1.1" 304 - "-" "Mozilla/5.0 (compatible; YandexBot/3.0; +http://yandex.com/bots)"
66.249.78.60 - - [29/Dec/2012:15:13:19 +0100] "GET /jog/eseteink/poroszlo/index.htm HTTP/1.1" 304 - "-" "Mozilla/5.0 (compatible; Googlebot/2.1; +http://www.google.com/bot.html)"
180.76.6.28 - - [29/Dec/2012:15:26:49 +0100] "GET /fiok/kornyezet.htm HTTP/1.1" 200 22582 "-" "Mozilla/5.0 (compatible; Baiduspider/2.0; +http://www.baidu.com/search/spider.html)"
66.249.78.60 - - [29/Dec/2012:15:33:37 +0100] "GET /jog/eseteink/autopalya/m85-itelet.pdf HTTP/1.1" 304 - "-" "Mozilla/5.0 (compatible; Googlebot/2.1; +http://www.google.com/bot.html)"
208.115.111.68 - - [29/Dec/2012:15:52:05 +0100] "GET /hirek/hirek101027.htm HTTP/1.1" 200 9627 "-" "Mozilla/5.0 (compatible; Ezooms/1.0; ezooms.bot@gmail.com)"
208.115.111.68 - - [29/Dec/2012:15:52:06 +0100] "GET /jog/rendorsegifeljelentes.htm HTTP/1.1" 200 13536 "-" "Mozilla/5.0 (compatible; Ezooms/1.0; ezooms.bot@gmail.com)"
130.83.167.153 - - [29/Dec/2012:15:56:10 +0100] "GET /fiok/programok.htm HTTP/1.1" 200 18165 "-" "findlinks/2.6 (+http://wortschatz.uni-leipzig.de/findlinks/)"
139.18.2.17 - - [29/Dec/2012:16:34:47 +0100] "GET /fiok/fiok.html HTTP/1.1" 200 18727 "-" "findlinks/2.6 (+http://wortschatz.uni-leipzig.de/findlinks/)"
139.18.2.209 - - [29/Dec/2012:16:46:17 +0100] "GET / HTTP/1.1" 200 23965 "-" "findlinks/2.6 (+http://wortschatz.uni-leipzig.de/findlinks/)"
65.55.215.40 - - [29/Dec/2012:18:14:29 +0100] "GET /robots.txt HTTP/1.1" 404 1181 "-" "msnbot-media/1.1 (+http://search.msn.com/msnbot.htm)"
65.55.215.40 - - [29/Dec/2012:18:14:29 +0100] "GET /jog/eseteink/poroszlo/villa__.jpg HTTP/1.1" 200 7062 "-" "msnbot-media/1.1 (+http://search.msn.com/msnbot.htm)"
66.249.78.60 - - [29/Dec/2012:19:43:46 +0100] "GET /jog/eseteink/derekegyhaza/index.htm HTTP/1.1" 304 - "-" "Mozilla/5.0 (compatible; Googlebot/2.1; +http://www.google.com/bot.html)"
66.249.76.62 - - [29/Dec/2012:20:17:30 +0100] "GET /fiok/program_reszek/programok/15.jpg HTTP/1.1" 304 - "-" "Googlebot-Image/1.0"
207.46.194.147 - - [29/Dec/2012:20:19:02 +0100] "GET /robots.txt HTTP/1.1" 404 1181 "-" "msnbot-media/1.1 (+http://search.msn.com/msnbot.htm)"
207.46.194.147 - - [29/Dec/2012:20:19:03 +0100] "GET /jog/eseteink/korosladany/kepek/img_5_.jpg HTTP/1.1" 200 5254 "-" "msnbot-media/1.1 (+http://search.msn.com/msnbot.htm)"
180.76.5.94 - - [29/Dec/2012:20:37:07 +0100] "GET /fiok/program_reszek/csaladbarat.htm HTTP/1.1" 200 20928 "-" "Mozilla/5.0 (compatible; Baiduspider/2.0; +http://www.baidu.com/search/spider.html)"
66.249.78.60 - - [29/Dec/2012:20:39:51 +0100] "GET /hirek/hirek100420.htm HTTP/1.1" 200 7914 "-" "Mozilla/5.0 (compatible; Googlebot/2.1; +http://www.google.com/bot.html)"
139.18.2.209 - - [29/Dec/2012:20:43:43 +0100] "GET /jog/adathozzaferes.htm HTTP/1.1" 200 13800 "-" "findlinks/2.6 (+http://wortschatz.uni-leipzig.de/findlinks/)"
65.55.52.118 - - [29/Dec/2012:20:47:20 +0100] "GET /robots.txt HTTP/1.1" 404 1181 "-" "Mozilla/5.0 (compatible; bingbot/2.0; +http://www.bing.com/bingbot.htm)"
65.55.52.118 - - [29/Dec/2012:20:48:49 +0100] "GET /jog/eseteink/poroszlo/index.htm HTTP/1.1" 200 16861 "-" "Mozilla/5.0 (compatible; bingbot/2.0; +http://www.bing.com/bingbot.htm)"
65.55.210.210 - - [29/Dec/2012:20:48:51 +0100] "GET /jog/eseteink/poroszlo/index.htm HTTP/1.1" 200 16861 "-" "Mozilla/5.0 (Windows NT 6.1; WOW64) AppleWebKit/534+ (KHTML, like Gecko) BingPreview/1.0b"
65.55.210.210 - - [29/Dec/2012:20:48:52 +0100] "GET /jog/style.css HTTP/1.1" 200 21413 "http://www.beklen.hu/jog/eseteink/poroszlo/index.htm" "Mozilla/5.0 (Windows NT 6.1; WOW64) AppleWebKit/534+ (KHTML, like Gecko) BingPreview/1.0b"
65.55.210.210 - - [29/Dec/2012:20:48:52 +0100] "GET /jog/script.js HTTP/1.1" 200 5674 "http://www.beklen.hu/jog/eseteink/poroszlo/index.htm" "Mozilla/5.0 (Windows NT 6.1; WOW64) AppleWebKit/534+ (KHTML, like Gecko) BingPreview/1.0b"
65.55.210.210 - - [29/Dec/2012:20:48:52 +0100] "GET /jog/lb/css/lightbox.css HTTP/1.1" 200 1715 "http://www.beklen.hu/jog/eseteink/poroszlo/index.htm" "Mozilla/5.0 (Windows NT 6.1; WOW64) AppleWebKit/534+ (KHTML, like Gecko) BingPreview/1.0b"
65.55.210.210 - - [29/Dec/2012:20:48:52 +0100] "GET /jog/lb/js/prototype.js HTTP/1.1" 200 47603 "http://www.beklen.hu/jog/eseteink/poroszlo/index.htm" "Mozilla/5.0 (Windows NT 6.1; WOW64) AppleWebKit/534+ (KHTML, like Gecko) BingPreview/1.0b"
65.55.210.210 - - [29/Dec/2012:20:48:52 +0100] "GET /jog/lb/js/scriptaculous.js?load=effects HTTP/1.1" 200 2152 "http://www.beklen.hu/jog/eseteink/poroszlo/index.htm" "Mozilla/5.0 (Windows NT 6.1; WOW64) AppleWebKit/534+ (KHTML, like Gecko) BingPreview/1.0b"
65.55.210.210 - - [29/Dec/2012:20:48:52 +0100] "GET /jog/jquery.js HTTP/1.1" 200 72174 "http://www.beklen.hu/jog/eseteink/poroszlo/index.htm" "Mozilla/5.0 (Windows NT 6.1; WOW64) AppleWebKit/534+ (KHTML, like Gecko) BingPreview/1.0b"
65.55.210.210 - - [29/Dec/2012:20:48:52 +0100] "GET /jog/lb/js/lightbox.js HTTP/1.1" 200 23431 "http://www.beklen.hu/jog/eseteink/poroszlo/index.htm" "Mozilla/5.0 (Windows NT 6.1; WOW64) AppleWebKit/534+ (KHTML, like Gecko) BingPreview/1.0b"
65.55.210.210 - - [29/Dec/2012:20:48:54 +0100] "GET /jog/lb/js/effects.js HTTP/1.1" 200 31969 "http://www.beklen.hu/jog/eseteink/poroszlo/index.htm" "Mozilla/5.0 (Windows NT 6.1; WOW64) AppleWebKit/534+ (KHTML, like Gecko) BingPreview/1.0b"
66.249.78.60 - - [29/Dec/2012:20:49:25 +0100] "GET /hirek/hirek101027.htm HTTP/1.1" 304 - "-" "Mozilla/5.0 (compatible; Googlebot/2.1; +http://www.google.com/bot.html)"
208.115.111.68 - - [29/Dec/2012:21:07:19 +0100] "GET /robots.txt HTTP/1.1" 404 1181 "-" "Mozilla/5.0 (compatible; Ezooms/1.0; ezooms.bot@gmail.com)"
65.55.215.48 - - [29/Dec/2012:21:30:14 +0100] "GET /robots.txt HTTP/1.1" 404 1181 "-" "msnbot-media/1.1 (+http://search.msn.com/msnbot.htm)"
65.55.215.48 - - [29/Dec/2012:21:30:14 +0100] "GET /jog/eseteink/korosladany/kepek/img_2_.jpg HTTP/1.1" 200 4423 "-" "msnbot-media/1.1 (+http://search.msn.com/msnbot.htm)"
65.52.111.234 - - [29/Dec/2012:22:19:22 +0100] "GET /jog/pub/fuzet_beliv_jav2.pdf HTTP/1.1" 200 160214 "-" "Mozilla/4.0 (compatible; MSIE 7.0; Windows NT 5.2; SV1; .NET CLR 1.1.4322; .NET CLR 2.0.40607; .NET CLR 3.0.30729; .NET CLR 3.5.30729; InfoPath.2)"
88.208.201.42 - - [29/Dec/2012:23:04:03 +0100] "GET / HTTP/1.1" 200 23965 "-" "Java/1.7.0_09"
88.208.201.42 - - [29/Dec/2012:23:04:03 +0100] "GET /hirarchivum.htm HTTP/1.1" 200 24981 "-" "Java/1.7.0_09"
88.208.201.42 - - [29/Dec/2012:23:04:04 +0100] "GET /index.htm HTTP/1.1" 200 23965 "-" "Java/1.7.0_09"
88.208.201.42 - - [29/Dec/2012:23:04:06 +0100] "GET /kapcsolat.htm HTTP/1.1" 200 6889 "-" "Java/1.7.0_09"
88.208.201.42 - - [29/Dec/2012:23:04:07 +0100] "GET /magunkrol.htm HTTP/1.1" 200 9202 "-" "Java/1.7.0_09"
88.208.201.42 - - [29/Dec/2012:23:04:07 +0100] "GET /media.htm HTTP/1.1" 200 5208 "-" "Java/1.7.0_09"
88.208.201.42 - - [29/Dec/2012:23:04:07 +0100] "GET /programok.htm HTTP/1.1" 200 6444 "-" "Java/1.7.0_09"
88.208.201.42 - - [29/Dec/2012:23:04:08 +0100] "GET /vill.cs HTTP/1.1" 200 2676 "-" "Java/1.7.0_09"
88.208.201.42 - - [29/Dec/2012:23:04:08 +0100] "GET /hirek08_10.htm HTTP/1.1" 200 6946 "-" "Java/1.7.0_09"
88.208.201.42 - - [29/Dec/2012:23:04:08 +0100] "GET /hirek08_11.htm HTTP/1.1" 200 7253 "-" "Java/1.7.0_09"
88.208.201.42 - - [29/Dec/2012:23:04:08 +0100] "GET /hirek08_12.htm HTTP/1.1" 200 8268 "-" "Java/1.7.0_09"
88.208.201.42 - - [29/Dec/2012:23:04:08 +0100] "GET /hirek09_01.htm HTTP/1.1" 200 6841 "-" "Java/1.7.0_09"
88.208.201.42 - - [29/Dec/2012:23:04:09 +0100] "GET /hirek09_02.htm HTTP/1.1" 200 7450 "-" "Java/1.7.0_09"
88.208.201.42 - - [29/Dec/2012:23:04:10 +0100] "GET /hirek09_03.htm HTTP/1.1" 200 10726 "-" "Java/1.7.0_09"
88.208.201.42 - - [29/Dec/2012:23:04:10 +0100] "GET /&url=kapcsolat.htm HTTP/1.1" 404 1181 "-" "Java/1.7.0_09"
88.208.201.42 - - [29/Dec/2012:23:04:10 +0100] "GET /&url=programok.htm HTTP/1.1" 404 1181 "-" "Java/1.7.0_09"
88.208.201.42 - - [29/Dec/2012:23:04:10 +0100] "GET /&url=adomanyi.htm HTTP/1.1" 404 1181 "-" "Java/1.7.0_09"
88.208.201.42 - - [29/Dec/2012:23:04:10 +0100] "GET /bunt.htm HTTP/1.1" 200 5683 "-" "Java/1.7.0_09"
88.208.201.42 - - [29/Dec/2012:23:04:10 +0100] "GET /civilmuhely.htm HTTP/1.1" 200 8450 "-" "Java/1.7.0_09"
88.208.201.42 - - [29/Dec/2012:23:04:10 +0100] "GET /khb.htm HTTP/1.1" 200 8719 "-" "Java/1.7.0_09"
88.208.201.42 - - [29/Dec/2012:23:04:11 +0100] "GET /nca.htm HTTP/1.1" 200 7467 "-" "Java/1.7.0_09"
88.208.201.42 - - [29/Dec/2012:23:04:12 +0100] "GET /ncta.htm HTTP/1.1" 200 7221 "-" "Java/1.7.0_09"
88.208.201.42 - - [29/Dec/2012:23:04:12 +0100] "GET /nka.htm HTTP/1.1" 200 6221 "-" "Java/1.7.0_09"
88.208.201.42 - - [29/Dec/2012:23:04:12 +0100] "GET /szakmai.htm HTTP/1.1" 200 6054 "-" "Java/1.7.0_09"
88.208.201.42 - - [29/Dec/2012:23:04:13 +0100] "GET /ncta_a.htm HTTP/1.1" 200 7260 "-" "Java/1.7.0_09"
88.208.201.42 - - [29/Dec/2012:23:04:13 +0100] "GET /&url=civilmuhely.htm HTTP/1.1" 404 1181 "-" "Java/1.7.0_09"
88.208.201.42 - - [29/Dec/2012:23:04:13 +0100] "GET /&url=magunkrol.htm HTTP/1.1" 404 1181 "-" "Java/1.7.0_09"
88.208.201.42 - - [29/Dec/2012:23:04:13 +0100] "GET /nca04.htm HTTP/1.1" 200 16378 "-" "Java/1.7.0_09"
88.208.201.42 - - [29/Dec/2012:23:04:14 +0100] "GET /nca05.htm HTTP/1.1" 200 16412 "-" "Java/1.7.0_09"
88.208.201.42 - - [29/Dec/2012:23:04:14 +0100] "GET /nca06.htm HTTP/1.1" 200 19034 "-" "Java/1.7.0_09"
88.208.201.42 - - [29/Dec/2012:23:04:14 +0100] "GET /nca07.htm HTTP/1.1" 200 21968 "-" "Java/1.7.0_09"
88.208.201.42 - - [29/Dec/2012:23:04:16 +0100] "GET /nca08.htm HTTP/1.1" 200 21795 "-" "Java/1.7.0_09"
88.208.201.42 - - [29/Dec/2012:23:04:17 +0100] "GET /nca09.htm HTTP/1.1" 200 24315 "-" "Java/1.7.0_09"
88.208.201.42 - - [29/Dec/2012:23:04:18 +0100] "GET /nca10.htm HTTP/1.1" 200 16648 "-" "Java/1.7.0_09"
88.208.201.42 - - [29/Dec/2012:23:04:19 +0100] "GET /nca11.htm HTTP/1.1" 200 7133 "-" "Java/1.7.0_09"
88.208.201.42 - - [29/Dec/2012:23:04:20 +0100] "GET /kiadvanyok.htm HTTP/1.1" 200 8206 "-" "Java/1.7.0_09"
88.208.201.42 - - [29/Dec/2012:23:04:20 +0100] "GET /deutsch/index.htm HTTP/1.1" 200 5324 "-" "Java/1.7.0_09"
88.208.201.42 - - [29/Dec/2012:23:04:20 +0100] "GET /english/index.htm HTTP/1.1" 200 5262 "-" "Java/1.7.0_09"
88.208.201.42 - - [29/Dec/2012:23:04:20 +0100] "GET /fiok/index.html HTTP/1.1" 200 20554 "-" "Java/1.7.0_09"
88.208.201.42 - - [29/Dec/2012:23:04:21 +0100] "GET /hirek/hirek091015.htm HTTP/1.1" 200 7046 "-" "Java/1.7.0_09"
88.208.201.42 - - [29/Dec/2012:23:04:21 +0100] "GET /hirek/hirek091102.htm HTTP/1.1" 200 8538 "-" "Java/1.7.0_09"
88.208.201.42 - - [29/Dec/2012:23:04:22 +0100] "GET /hirek/hirek091103.htm HTTP/1.1" 200 7301 "-" "Java/1.7.0_09"
88.208.201.42 - - [29/Dec/2012:23:04:22 +0100] "GET /hirek/hirek091221.htm HTTP/1.1" 200 6740 "-" "Java/1.7.0_09"
88.208.201.42 - - [29/Dec/2012:23:04:23 +0100] "GET /hirek/hirek100225.htm HTTP/1.1" 200 7288 "-" "Java/1.7.0_09"
208.115.111.68 - - [29/Dec/2012:23:50:18 +0100] "GET /hirek/hirek120207.htm HTTP/1.1" 200 6586 "-" "Mozilla/5.0 (compatible; Ezooms/1.0; ezooms.bot@gmail.com)"
208.115.111.68 - - [29/Dec/2012:23:50:20 +0100] "GET /jog/eljaraskezd.htm HTTP/1.1" 200 13730 "-" "Mozilla/5.0 (compatible; Ezooms/1.0; ezooms.bot@gmail.com)"
66.249.78.60 - - [30/Dec/2012:00:53:08 +0100] "GET /magunkrol.htm HTTP/1.1" 304 - "-" "Mozilla/5.0 (iPhone; U; CPU iPhone OS 4_1 like Mac OS X; en-us) AppleWebKit/532.9 (KHTML, like Gecko) Version/4.0.5 Mobile/8B117 Safari/6531.22.7 (compatible; Googlebot-Mobile/2.1; +http://www.google.com/bot.html)"
66.249.76.62 - - [30/Dec/2012:02:17:50 +0100] "GET /jog/eseteink.htm HTTP/1.1" 304 - "-" "Mozilla/5.0 (compatible; Googlebot/2.1; +http://www.google.com/bot.html)"
180.76.5.90 - - [30/Dec/2012:02:35:42 +0100] "GET /fiok/program_reszek/turazas.htm HTTP/1.1" 200 22754 "-" "Mozilla/5.0 (compatible; Baiduspider/2.0; +http://www.baidu.com/search/spider.html)"
66.249.76.62 - - [30/Dec/2012:02:49:21 +0100] "GET /robots.txt HTTP/1.1" 404 1181 "-" "Mozilla/5.0 (compatible; Googlebot/2.1; +http://www.google.com/bot.html)"
66.249.78.60 - - [30/Dec/2012:02:49:21 +0100] "GET / HTTP/1.1" 200 23965 "-" "SAMSUNG-SGH-E250/1.0 Profile/MIDP-2.0 Configuration/CLDC-1.1 UP.Browser/6.2.3.3.c.1.101 (GUI) MMP/2.0 (compatible; Googlebot-Mobile/2.1; +http://www.google.com/bot.html)"
207.46.194.118 - - [30/Dec/2012:04:38:44 +0100] "GET /robots.txt HTTP/1.1" 404 1181 "-" "msnbot-media/1.1 (+http://search.msn.com/msnbot.htm)"
207.46.194.118 - - [30/Dec/2012:04:38:45 +0100] "GET /jog/eseteink/korosladany/kepek/img_1_.jpg HTTP/1.1" 200 4568 "-" "msnbot-media/1.1 (+http://search.msn.com/msnbot.htm)"
69.64.34.49 - - [30/Dec/2012:05:21:32 +0100] "GET /robots.txt HTTP/1.0" 404 1181 "-" "Mozilla/5.0 (compatible; MJ12bot/v1.4.3; http://www.majestic12.co.uk/bot.php?+)"
69.64.34.49 - - [30/Dec/2012:05:21:35 +0100] "GET / HTTP/1.1" 200 23965 "-" "Mozilla/5.0 (compatible; MJ12bot/v1.4.3; http://www.majestic12.co.uk/bot.php?+)"
139.18.2.209 - - [30/Dec/2012:06:04:59 +0100] "GET /hirek/hirek090510.htm HTTP/1.1" 200 12743 "-" "findlinks/2.6 (+http://wortschatz.uni-leipzig.de/findlinks/)"
146.52.210.34 - - [30/Dec/2012:07:56:36 +0100] "GET /kapcsolat.htm HTTP/1.1" 200 6889 "-" "findlinks/2.0.2 (+http://wortschatz.uni-leipzig.de/findlinks/)"
180.76.5.98 - - [30/Dec/2012:08:16:05 +0100] "GET /fiok/program_reszek/madarmegfigyeles.htm HTTP/1.1" 200 21825 "-" "Mozilla/5.0 (compatible; Baiduspider/2.0; +http://www.baidu.com/search/spider.html)"
180.76.5.180 - - [30/Dec/2012:08:19:39 +0100] "GET /fiok/index.html HTTP/1.1" 200 20554 "-" "Mozilla/5.0 (compatible; Baiduspider/2.0; +http://www.baidu.com/search/spider.html)"
180.76.5.103 - - [30/Dec/2012:08:19:40 +0100] "GET /fiok/ HTTP/1.1" 200 20554 "-" "Mozilla/5.0 (compatible; Baiduspider/2.0; +http://www.baidu.com/search/spider.html)"
139.18.2.209 - - [30/Dec/2012:09:54:33 +0100] "GET /deutsch/index.htm HTTP/1.1" 200 5324 "-" "findlinks/2.6 (+http://wortschatz.uni-leipzig.de/findlinks/)"
178.154.210.252 - - [30/Dec/2012:10:19:13 +0100] "GET /robots.txt HTTP/1.1" 404 1181 "-" "Mozilla/5.0 (compatible; YandexBot/3.0; +http://yandex.com/bots)"
157.55.32.144 - - [30/Dec/2012:10:20:38 +0100] "GET /robots.txt HTTP/1.1" 404 1181 "-" "Mozilla/5.0 (compatible; bingbot/2.0; +http://www.bing.com/bingbot.htm)"
157.55.32.144 - - [30/Dec/2012:10:22:24 +0100] "GET /hirek/Natura_2000es_gyepgazdalkodas_eloirasai.ppt HTTP/1.1" 200 333312 "-" "Mozilla/5.0 (compatible; bingbot/2.0; +http://www.bing.com/bingbot.htm)"
66.249.78.11 - - [30/Dec/2012:10:26:43 +0100] "GET /robots.txt HTTP/1.1" 404 1181 "-" "Mozilla/5.0 (compatible; Googlebot/2.1; +http://www.google.com/bot.html)"
66.249.78.11 - - [30/Dec/2012:10:26:43 +0100] "GET /jog/jogszabalyok/egyezm_bern.pdf HTTP/1.1" 200 77062 "-" "Mozilla/5.0 (compatible; Googlebot/2.1; +http://www.google.com/bot.html)"
207.46.194.118 - - [30/Dec/2012:10:28:05 +0100] "GET /robots.txt HTTP/1.1" 404 1181 "-" "msnbot-media/1.1 (+http://search.msn.com/msnbot.htm)"
207.46.194.118 - - [30/Dec/2012:10:28:05 +0100] "GET /jog/eseteink/korosladany/kepek/img_1_.jpg HTTP/1.1" 200 4568 "-" "msnbot-media/1.1 (+http://search.msn.com/msnbot.htm)"
66.249.78.60 - - [30/Dec/2012:10:42:50 +0100] "GET / HTTP/1.1" 200 23965 "-" "Mozilla/5.0 (compatible; Googlebot/2.1; +http://www.google.com/bot.html)"
66.249.78.60 - - [30/Dec/2012:10:53:46 +0100] "GET /jog/jogszabalyok/onkormanyzati.pdf HTTP/1.1" 304 - "-" "Mozilla/5.0 (compatible; Googlebot/2.1; +http://www.google.com/bot.html)"
208.115.113.84 - - [30/Dec/2012:11:09:14 +0100] "GET /robots.txt HTTP/1.1" 404 1181 "-" "Mozilla/5.0 (compatible; Ezooms/1.0; ezooms.bot@gmail.com)"
66.249.78.60 - - [30/Dec/2012:11:25:51 +0100] "GET /jog/ HTTP/1.1" 304 - "-" "Mozilla/5.0 (compatible; Googlebot/2.1; +http://www.google.com/bot.html)"
66.249.76.11 - - [30/Dec/2012:12:17:03 +0100] "GET /jog/eseteink.htm HTTP/1.1" 200 17277 "-" "Mozilla/5.0 (compatible; Googlebot/2.1; +http://www.google.com/bot.html)"
66.249.78.11 - - [30/Dec/2012:12:25:56 +0100] "GET /jog/eseteink/dakar/index.htm HTTP/1.1" 200 10482 "-" "Mozilla/5.0 (compatible; Googlebot/2.1; +http://www.google.com/bot.html)"
66.249.78.60 - - [30/Dec/2012:12:32:28 +0100] "GET /jog/eseteink/korosladany/srbvadi_srb.pdf HTTP/1.1" 304 - "-" "Mozilla/5.0 (compatible; Googlebot/2.1; +http://www.google.com/bot.html)"
66.249.78.11 - - [30/Dec/2012:12:39:21 +0100] "GET /jog/eseteink/dakar/dakar_fellebbezezes_bakony_valasz.jpg HTTP/1.1" 200 572712 "-" "Googlebot-Image/1.0"
66.249.78.11 - - [30/Dec/2012:12:39:22 +0100] "GET /jog/eseteink/dakar/dinpi_info_keres_dakar_valasz_2.jpg HTTP/1.1" 200 942790 "-" "Googlebot-Image/1.0"
66.249.76.62 - - [30/Dec/2012:12:51:21 +0100] "GET /jog/eseteink/korosladany/szeged_birosag2.pdf HTTP/1.1" 200 95330 "-" "Mozilla/5.0 (compatible; Googlebot/2.1; +http://www.google.com/bot.html)"
66.249.76.11 - - [30/Dec/2012:12:53:46 +0100] "GET /jog/eseteink/malom/index.htm HTTP/1.1" 200 17507 "-" "Mozilla/5.0 (compatible; Googlebot/2.1; +http://www.google.com/bot.html)"
146.52.210.34 - - [30/Dec/2012:13:05:17 +0100] "GET /hirek/hirek100225.htm HTTP/1.1" 200 7288 "-" "findlinks/2.0.2 (+http://wortschatz.uni-leipzig.de/findlinks/)"
66.249.78.11 - - [30/Dec/2012:13:09:45 +0100] "GET /jog/eseteink/malom/fotok/img_3067.jpg HTTP/1.1" 200 37180 "-" "Googlebot-Image/1.0"
66.249.78.11 - - [30/Dec/2012:13:10:24 +0100] "GET /jog/eseteink/malom/fotok/img_3078.jpg HTTP/1.1" 200 36942 "-" "Googlebot-Image/1.0"
66.249.78.11 - - [30/Dec/2012:13:10:58 +0100] "GET /jog/eseteink/duzzaszto/index.htm HTTP/1.1" 200 10470 "-" "Mozilla/5.0 (compatible; Googlebot/2.1; +http://www.google.com/bot.html)"
66.249.78.11 - - [30/Dec/2012:13:11:19 +0100] "GET /jog/eseteink/malom/fotok/img_3055.jpg HTTP/1.1" 200 32642 "-" "Googlebot-Image/1.0"
66.249.76.11 - - [30/Dec/2012:13:12:10 +0100] "GET /jog/eseteink/malom/fotok/img_3064.jpg HTTP/1.1" 200 36077 "-" "Googlebot-Image/1.0"
66.249.78.11 - - [30/Dec/2012:13:13:01 +0100] "GET /jog/eseteink/malom/fotok/img_3065.jpg HTTP/1.1" 200 32971 "-" "Googlebot-Image/1.0"
66.249.78.11 - - [30/Dec/2012:13:13:47 +0100] "GET /jog/eseteink/malom/fotok/img_3069.jpg HTTP/1.1" 200 39876 "-" "Googlebot-Image/1.0"
66.249.76.11 - - [30/Dec/2012:13:14:45 +0100] "GET /jog/eseteink/malom/fotok/p6080002.jpg HTTP/1.1" 200 55133 "-" "Googlebot-Image/1.0"
66.249.78.11 - - [30/Dec/2012:13:15:35 +0100] "GET /jog/eseteink/malom/fotok/img_3070.jpg HTTP/1.1" 200 36917 "-" "Googlebot-Image/1.0"
66.249.78.11 - - [30/Dec/2012:13:16:27 +0100] "GET /jog/eseteink/malom/fotok/img_3072.jpg HTTP/1.1" 200 24804 "-" "Googlebot-Image/1.0"
66.249.76.11 - - [30/Dec/2012:13:17:09 +0100] "GET /jog/eseteink/malom/fotok/img_3050.jpg HTTP/1.1" 200 40848 "-" "Googlebot-Image/1.0"
208.115.113.84 - - [30/Dec/2012:13:17:32 +0100] "GET /hirek/hirek100420.htm HTTP/1.1" 200 7914 "-" "Mozilla/5.0 (compatible; Ezooms/1.0; ezooms.bot@gmail.com)"
66.249.78.11 - - [30/Dec/2012:13:18:23 +0100] "GET /jog/eseteink/malom/fotok/img_3058.jpg HTTP/1.1" 200 37391 "-" "Googlebot-Image/1.0"
66.249.78.11 - - [30/Dec/2012:13:19:09 +0100] "GET /jog/eseteink/malom/fotok/img_3057.jpg HTTP/1.1" 200 39669 "-" "Googlebot-Image/1.0"
66.249.76.11 - - [30/Dec/2012:13:19:40 +0100] "GET /jog/eseteink/duzzaszto/vegzes2.jpg HTTP/1.1" 200 886110 "-" "Googlebot-Image/1.0"
66.249.78.11 - - [30/Dec/2012:13:19:41 +0100] "GET /jog/eseteink/duzzaszto/vegzes3.jpg HTTP/1.1" 200 2317139 "-" "Googlebot-Image/1.0"
66.249.76.62 - - [30/Dec/2012:13:21:39 +0100] "GET /jog/ HTTP/1.1" 200 13138 "-" "DoCoMo/2.0 N905i(c100;TB;W24H16) (compatible; Googlebot-Mobile/2.1; +http://www.google.com/bot.html)"
66.249.78.11 - - [30/Dec/2012:13:24:37 +0100] "GET /jog/eseteink/duzzaszto/vegzes1.jpg HTTP/1.1" 200 693551 "-" "Googlebot-Image/1.0"
66.249.78.11 - - [30/Dec/2012:13:30:48 +0100] "GET /jog/eseteink/malom/ugyfel.pdf HTTP/1.1" 200 287556 "-" "Mozilla/5.0 (compatible; Googlebot/2.1; +http://www.google.com/bot.html)"
66.249.78.11 - - [30/Dec/2012:13:48:19 +0100] "GET /jog/eseteink/dakar/36559-10.pdf HTTP/1.1" 200 241989 "-" "Mozilla/5.0 (compatible; Googlebot/2.1; +http://www.google.com/bot.html)"
188.109.247.131 - - [30/Dec/2012:13:50:00 +0100] "GET /index.htm HTTP/1.1" 200 23965 "-" "findlinks/2.6 (+http://wortschatz.uni-leipzig.de/findlinks/)"
66.249.78.11 - - [30/Dec/2012:13:55:23 +0100] "GET /jog/eseteink/malom/ilona_bontas.pdf HTTP/1.1" 200 4556816 "-" "Mozilla/5.0 (compatible; Googlebot/2.1; +http://www.google.com/bot.html)"
178.154.210.252 - - [30/Dec/2012:14:15:00 +0100] "GET /jog/tapasztalatszerzok.htm HTTP/1.1" 200 12148 "-" "Mozilla/5.0 (compatible; YandexBot/3.0; +http://yandex.com/bots)"
66.249.78.11 - - [30/Dec/2012:14:17:20 +0100] "GET /jog/eseteink/malom/ugyfel_fellebbez.pdf HTTP/1.1" 200 286280 "-" "Mozilla/5.0 (compatible; Googlebot/2.1; +http://www.google.com/bot.html)"
66.249.76.11 - - [30/Dec/2012:14:31:57 +0100] "GET /jog/eseteink/dakar/dakar_ugyeszseg_lp.pdf HTTP/1.1" 200 218784 "-" "Mozilla/5.0 (compatible; Googlebot/2.1; +http://www.google.com/bot.html)"
66.249.78.11 - - [30/Dec/2012:14:45:55 +0100] "GET /jog/eseteink/malom/fellebbezes_hatarnap.pdf HTTP/1.1" 200 156928 "-" "Mozilla/5.0 (compatible; Googlebot/2.1; +http://www.google.com/bot.html)"
66.249.78.11 - - [30/Dec/2012:15:00:48 +0100] "GET /jog/eseteink/duzzaszto/gyulavari_kotelezes1.pdf HTTP/1.1" 200 68117 "-" "Mozilla/5.0 (compatible; Googlebot/2.1; +http://www.google.com/bot.html)"
66.249.78.11 - - [30/Dec/2012:15:10:28 +0100] "GET /jog/eseteink/duzzaszto/gyulavari_kotelezes2.pdf HTTP/1.1" 200 68503 "-" "Mozilla/5.0 (compatible; Googlebot/2.1; +http://www.google.com/bot.html)"
66.249.78.60 - - [30/Dec/2012:15:10:34 +0100] "GET /robots.txt HTTP/1.1" 404 1181 "-" "Mozilla/5.0 (compatible; Googlebot/2.1; +http://www.google.com/bot.html)"
66.249.78.60 - - [30/Dec/2012:15:10:34 +0100] "GET /hirek/hirek100305.htm HTTP/1.1" 200 7091 "-" "Mozilla/5.0 (iPhone; U; CPU iPhone OS 4_1 like Mac OS X; en-us) AppleWebKit/532.9 (KHTML, like Gecko) Version/4.0.5 Mobile/8B117 Safari/6531.22.7 (compatible; Googlebot-Mobile/2.1; +http://www.google.com/bot.html)"
66.249.78.11 - - [30/Dec/2012:15:28:06 +0100] "GET /jog/eseteink/dakar/kdtktvf_dakar_fellebbezes.pdf HTTP/1.1" 200 150345 "-" "Mozilla/5.0 (compatible; Googlebot/2.1; +http://www.google.com/bot.html)"
66.249.78.11 - - [30/Dec/2012:15:46:00 +0100] "GET /jog/eseteink/dakar/dakar_0804_kdvktvf_engedely.pdf HTTP/1.1" 200 7453005 "-" "Mozilla/5.0 (compatible; Googlebot/2.1; +http://www.google.com/bot.html)"
180.76.5.63 - - [30/Dec/2012:16:10:46 +0100] "GET /fiok/kornyezet.htm HTTP/1.1" 200 22582 "-" "Mozilla/5.0 (compatible; Baiduspider/2.0; +http://www.baidu.com/search/spider.html)"
139.18.2.209 - - [30/Dec/2012:16:15:59 +0100] "GET /jog/eseteink/duzzaszto/index.htm HTTP/1.1" 200 10470 "-" "findlinks/2.6 (+http://wortschatz.uni-leipzig.de/findlinks/)"
66.249.78.11 - - [30/Dec/2012:16:16:16 +0100] "GET /jog/eseteink/dakar/dakar_dabas_ugyeszseg_valasz.pdf HTTP/1.1" 200 8391282 "-" "Mozilla/5.0 (compatible; Googlebot/2.1; +http://www.google.com/bot.html)"
178.154.210.252 - - [30/Dec/2012:16:21:44 +0100] "GET /jog/rendorsegifeljelentes.htm HTTP/1.1" 200 13536 "-" "Mozilla/5.0 (compatible; YandexBot/3.0; +http://yandex.com/bots)"
66.249.78.11 - - [30/Dec/2012:16:30:46 +0100] "GET /jog/eseteink/dakar/dakar_dabas_ugyeszseg_hatarozat.pdf HTTP/1.1" 200 2672939 "-" "Mozilla/5.0 (compatible; Googlebot/2.1; +http://www.google.com/bot.html)"
66.249.78.11 - - [30/Dec/2012:16:44:28 +0100] "GET /jog/eseteink/duzzaszto/gyulavari_duzz_felugyeloseg.pdf HTTP/1.1" 200 100180 "-" "Mozilla/5.0 (compatible; Googlebot/2.1; +http://www.google.com/bot.html)"
66.249.78.11 - - [30/Dec/2012:16:57:47 +0100] "GET /jog/eseteink/malom/(http://www.mok.hu/index.php?pg=news_2_12350 HTTP/1.1" 404 1181 "-" "Mozilla/5.0 (compatible; Googlebot/2.1; +http://www.google.com/bot.html)"
180.76.5.96 - - [30/Dec/2012:20:51:49 +0100] "GET /fiok/program_reszek/csaladbarat.htm HTTP/1.1" 200 20928 "-" "Mozilla/5.0 (compatible; Baiduspider/2.0; +http://www.baidu.com/search/spider.html)"
66.249.76.62 - - [30/Dec/2012:21:30:05 +0100] "GET / HTTP/1.1" 200 23965 "-" "DoCoMo/2.0 N905i(c100;TB;W24H16) (compatible; Googlebot-Mobile/2.1; +http://www.google.com/bot.html)"
66.249.78.60 - - [30/Dec/2012:22:15:08 +0100] "GET /jog/eseteink/kavicszatony/mura%20fellebb%20nimfea.pdf HTTP/1.1" 200 257093 "-" "Mozilla/5.0 (iPhone; U; CPU iPhone OS 4_1 like Mac OS X; en-us) AppleWebKit/532.9 (KHTML, like Gecko) Version/4.0.5 Mobile/8B117 Safari/6531.22.7 (compatible; Googlebot-Mobile/2.1; +http://www.google.com/bot.html)"
38.111.147.84 - - [30/Dec/2012:22:54:05 +0100] "GET /robots.txt HTTP/1.0" 404 1181 "-" "TurnitinBot/2.1 (http://www.turnitin.com/robot/crawlerinfo.html)"
38.111.147.84 - - [30/Dec/2012:22:54:06 +0100] "GET /robots.txt HTTP/1.0" 404 1181 "-" "TurnitinBot/2.1 (http://www.turnitin.com/robot/crawlerinfo.html)"
38.111.147.84 - - [30/Dec/2012:22:54:11 +0100] "GET /media.htm HTTP/1.0" 200 5208 "-" "TurnitinBot/2.1 (http://www.turnitin.com/robot/crawlerinfo.html)"
38.111.147.84 - - [30/Dec/2012:22:54:40 +0100] "GET /jog/zoldombudsman.htm HTTP/1.0" 200 13369 "-" "TurnitinBot/2.1 (http://www.turnitin.com/robot/crawlerinfo.html)"
38.111.147.84 - - [30/Dec/2012:22:55:11 +0100] "GET /jog/ugyfeljogok.htm HTTP/1.0" 200 14279 "-" "TurnitinBot/2.1 (http://www.turnitin.com/robot/crawlerinfo.html)"
38.111.147.84 - - [30/Dec/2012:22:55:42 +0100] "GET /jog/ugyeszsegek.htm HTTP/1.0" 200 13810 "-" "TurnitinBot/2.1 (http://www.turnitin.com/robot/crawlerinfo.html)"
38.111.147.84 - - [30/Dec/2012:22:56:11 +0100] "GET /jog/tippek.htm HTTP/1.0" 200 13697 "-" "TurnitinBot/2.1 (http://www.turnitin.com/robot/crawlerinfo.html)"
38.111.147.84 - - [30/Dec/2012:22:56:34 +0100] "GET /robots.txt HTTP/1.0" 404 1181 "-" "TurnitinBot/2.1 (http://www.turnitin.com/robot/crawlerinfo.html)"
38.111.147.84 - - [30/Dec/2012:22:56:46 +0100] "GET /media.htm HTTP/1.0" 200 5208 "-" "TurnitinBot/2.1 (http://www.turnitin.com/robot/crawlerinfo.html)"
38.111.147.84 - - [30/Dec/2012:22:57:15 +0100] "GET /jog/tarseljarasok.htm HTTP/1.0" 200 13316 "-" "TurnitinBot/2.1 (http://www.turnitin.com/robot/crawlerinfo.html)"
38.111.147.84 - - [30/Dec/2012:22:57:45 +0100] "GET /jog/tapasztalatszerzok.htm HTTP/1.0" 200 12148 "-" "TurnitinBot/2.1 (http://www.turnitin.com/robot/crawlerinfo.html)"
38.111.147.84 - - [30/Dec/2012:22:58:16 +0100] "GET /jog/slapp.htm HTTP/1.0" 200 21314 "-" "TurnitinBot/2.1 (http://www.turnitin.com/robot/crawlerinfo.html)"
38.111.147.84 - - [30/Dec/2012:22:58:45 +0100] "GET /jog/rendorsegifeljelentes.htm HTTP/1.0" 200 13536 "-" "TurnitinBot/2.1 (http://www.turnitin.com/robot/crawlerinfo.html)"
38.111.147.84 - - [30/Dec/2012:22:59:15 +0100] "GET /jog/publikaciok.htm HTTP/1.0" 200 17866 "-" "TurnitinBot/2.1 (http://www.turnitin.com/robot/crawlerinfo.html)"
38.111.147.84 - - [30/Dec/2012:22:59:45 +0100] "GET /jog/polgariper.htm HTTP/1.0" 200 13964 "-" "TurnitinBot/2.1 (http://www.turnitin.com/robot/crawlerinfo.html)"
38.111.147.84 - - [30/Dec/2012:23:00:15 +0100] "GET /jog/jogsegely.htm HTTP/1.0" 200 14053 "-" "TurnitinBot/2.1 (http://www.turnitin.com/robot/crawlerinfo.html)"
38.111.147.84 - - [30/Dec/2012:23:00:45 +0100] "GET /jog/jogihatter.htm HTTP/1.0" 200 18691 "-" "TurnitinBot/2.1 (http://www.turnitin.com/robot/crawlerinfo.html)"
38.111.147.84 - - [30/Dec/2012:23:01:17 +0100] "GET /jog/eseteink.htm HTTP/1.0" 200 17277 "-" "TurnitinBot/2.1 (http://www.turnitin.com/robot/crawlerinfo.html)"
38.111.147.84 - - [30/Dec/2012:23:01:45 +0100] "GET /jog/eljarasokrol.htm HTTP/1.0" 200 14427 "-" "TurnitinBot/2.1 (http://www.turnitin.com/robot/crawlerinfo.html)"
38.111.147.84 - - [30/Dec/2012:23:02:16 +0100] "GET /jog/eljaraskezd.htm HTTP/1.0" 200 13730 "-" "TurnitinBot/2.1 (http://www.turnitin.com/robot/crawlerinfo.html)"
38.111.147.84 - - [30/Dec/2012:23:02:46 +0100] "GET /jog/adathozzaferes.htm HTTP/1.0" 200 13800 "-" "TurnitinBot/2.1 (http://www.turnitin.com/robot/crawlerinfo.html)"
38.111.147.84 - - [30/Dec/2012:23:03:21 +0100] "GET /khb/beklen_2011_kh_jelentes.pdf HTTP/1.0" 200 2105344 "-" "TurnitinBot/2.1 (http://www.turnitin.com/robot/crawlerinfo.html)"
38.111.147.84 - - [30/Dec/2012:23:03:47 +0100] "GET /khb/beklen_2010_kh_jelentes.pdf HTTP/1.0" 200 252786 "-" "TurnitinBot/2.1 (http://www.turnitin.com/robot/crawlerinfo.html)"
38.111.147.84 - - [30/Dec/2012:23:04:17 +0100] "GET /khb/beklen_2009_kh_jelentes.pdf HTTP/1.0" 200 258938 "-" "TurnitinBot/2.1 (http://www.turnitin.com/robot/crawlerinfo.html)"
38.111.147.84 - - [30/Dec/2012:23:04:47 +0100] "GET /khb/beklen_2008_kh_jelentes.pdf HTTP/1.0" 200 284192 "-" "TurnitinBot/2.1 (http://www.turnitin.com/robot/crawlerinfo.html)"
38.111.147.84 - - [30/Dec/2012:23:05:19 +0100] "GET /khb/beklen_2007_kh_jelentes.pdf HTTP/1.0" 200 485951 "-" "TurnitinBot/2.1 (http://www.turnitin.com/robot/crawlerinfo.html)"
38.111.147.84 - - [30/Dec/2012:23:05:47 +0100] "GET /khb/beklen_2006_kh_jelentes.pdf HTTP/1.0" 200 171488 "-" "TurnitinBot/2.1 (http://www.turnitin.com/robot/crawlerinfo.html)"
38.111.147.84 - - [30/Dec/2012:23:06:17 +0100] "GET /khb/beklen_2005_kh_jelentes.pdf HTTP/1.0" 200 109779 "-" "TurnitinBot/2.1 (http://www.turnitin.com/robot/crawlerinfo.html)"
38.111.147.84 - - [30/Dec/2012:23:06:46 +0100] "GET /khb/beklen_2005_kh_jelent%C3%A9s.pdf HTTP/1.0" 404 1181 "-" "TurnitinBot/2.1 (http://www.turnitin.com/robot/crawlerinfo.html)"
38.111.147.84 - - [30/Dec/2012:23:07:17 +0100] "GET /khb/beklen_2004_kh_jelentes.pdf HTTP/1.0" 200 89003 "-" "TurnitinBot/2.1 (http://www.turnitin.com/robot/crawlerinfo.html)"
38.111.147.84 - - [30/Dec/2012:23:07:46 +0100] "GET /khb/beklen_2003_kh_jelentes.pdf HTTP/1.0" 200 90129 "-" "TurnitinBot/2.1 (http://www.turnitin.com/robot/crawlerinfo.html)"
38.111.147.84 - - [30/Dec/2012:23:08:16 +0100] "GET /khb/beklen_2002_kh_jelentes.pdf HTTP/1.0" 200 92327 "-" "TurnitinBot/2.1 (http://www.turnitin.com/robot/crawlerinfo.html)"
38.111.147.84 - - [30/Dec/2012:23:08:46 +0100] "GET /nca11.htm HTTP/1.0" 200 7133 "-" "TurnitinBot/2.1 (http://www.turnitin.com/robot/crawlerinfo.html)"
38.111.147.84 - - [30/Dec/2012:23:09:16 +0100] "GET /nca10.htm HTTP/1.0" 200 16648 "-" "TurnitinBot/2.1 (http://www.turnitin.com/robot/crawlerinfo.html)"
38.111.147.84 - - [30/Dec/2012:23:09:46 +0100] "GET /nca09.htm HTTP/1.0" 200 24315 "-" "TurnitinBot/2.1 (http://www.turnitin.com/robot/crawlerinfo.html)"
38.111.147.84 - - [30/Dec/2012:23:10:16 +0100] "GET /nca08.htm HTTP/1.0" 200 21795 "-" "TurnitinBot/2.1 (http://www.turnitin.com/robot/crawlerinfo.html)"
38.111.147.84 - - [30/Dec/2012:23:10:46 +0100] "GET /nca07.htm HTTP/1.0" 200 21968 "-" "TurnitinBot/2.1 (http://www.turnitin.com/robot/crawlerinfo.html)"
38.111.147.84 - - [30/Dec/2012:23:11:16 +0100] "GET /nca06.htm HTTP/1.0" 200 19034 "-" "TurnitinBot/2.1 (http://www.turnitin.com/robot/crawlerinfo.html)"
38.111.147.84 - - [30/Dec/2012:23:11:46 +0100] "GET /nca05.htm HTTP/1.0" 200 16412 "-" "TurnitinBot/2.1 (http://www.turnitin.com/robot/crawlerinfo.html)"
38.111.147.84 - - [30/Dec/2012:23:12:16 +0100] "GET /nca04.htm HTTP/1.0" 200 16378 "-" "TurnitinBot/2.1 (http://www.turnitin.com/robot/crawlerinfo.html)"
38.111.147.84 - - [30/Dec/2012:23:12:46 +0100] "GET /kiadvanyok.htm HTTP/1.0" 200 8206 "-" "TurnitinBot/2.1 (http://www.turnitin.com/robot/crawlerinfo.html)"
38.111.147.84 - - [30/Dec/2012:23:13:16 +0100] "GET /ncta_a.htm HTTP/1.0" 200 7260 "-" "TurnitinBot/2.1 (http://www.turnitin.com/robot/crawlerinfo.html)"
38.111.147.84 - - [30/Dec/2012:23:13:46 +0100] "GET /fiok/program_reszek/turazas.htm HTTP/1.0" 200 22754 "-" "TurnitinBot/2.1 (http://www.turnitin.com/robot/crawlerinfo.html)"
38.111.147.84 - - [30/Dec/2012:23:14:16 +0100] "GET /fiok/program_reszek/taborok.htm HTTP/1.0" 200 23942 "-" "TurnitinBot/2.1 (http://www.turnitin.com/robot/crawlerinfo.html)"
65.55.52.118 - - [30/Dec/2012:23:14:18 +0100] "GET /robots.txt HTTP/1.1" 404 1181 "-" "Mozilla/5.0 (compatible; bingbot/2.0; +http://www.bing.com/bingbot.htm)"
38.111.147.84 - - [30/Dec/2012:23:14:46 +0100] "GET /fiok/program_reszek/madarmegfigyeles.htm HTTP/1.0" 200 21825 "-" "TurnitinBot/2.1 (http://www.turnitin.com/robot/crawlerinfo.html)"
38.111.147.84 - - [30/Dec/2012:23:15:16 +0100] "GET /fiok/program_reszek/lovaglas.htm HTTP/1.0" 200 21486 "-" "TurnitinBot/2.1 (http://www.turnitin.com/robot/crawlerinfo.html)"
38.111.147.84 - - [30/Dec/2012:23:15:46 +0100] "GET /fiok/program_reszek/konferancia.htm HTTP/1.0" 200 21668 "-" "TurnitinBot/2.1 (http://www.turnitin.com/robot/crawlerinfo.html)"
65.55.52.118 - - [30/Dec/2012:23:16:07 +0100] "GET /jog/jogsegely.htm HTTP/1.1" 200 14053 "-" "Mozilla/5.0 (compatible; bingbot/2.0; +http://www.bing.com/bingbot.htm)"
38.111.147.84 - - [30/Dec/2012:23:16:16 +0100] "GET /fiok/program_reszek/erdei_iskola.htm HTTP/1.0" 200 21601 "-" "TurnitinBot/2.1 (http://www.turnitin.com/robot/crawlerinfo.html)"
38.111.147.84 - - [30/Dec/2012:23:16:33 +0100] "GET /robots.txt HTTP/1.0" 404 1181 "-" "TurnitinBot/2.1 (http://www.turnitin.com/robot/crawlerinfo.html)"
38.111.147.84 - - [30/Dec/2012:23:16:46 +0100] "GET /fiok/program_reszek/csaladbarat.htm HTTP/1.0" 200 20928 "-" "TurnitinBot/2.1 (http://www.turnitin.com/robot/crawlerinfo.html)"
38.111.147.84 - - [30/Dec/2012:23:17:16 +0100] "GET /jog/zoldombudsman.htm HTTP/1.0" 200 13369 "-" "TurnitinBot/2.1 (http://www.turnitin.com/robot/crawlerinfo.html)"
38.111.147.84 - - [30/Dec/2012:23:17:46 +0100] "GET /jog/ugyfeljogok.htm HTTP/1.0" 200 14279 "-" "TurnitinBot/2.1 (http://www.turnitin.com/robot/crawlerinfo.html)"
38.111.147.84 - - [30/Dec/2012:23:18:16 +0100] "GET /jog/ugyeszsegek.htm HTTP/1.0" 200 13810 "-" "TurnitinBot/2.1 (http://www.turnitin.com/robot/crawlerinfo.html)"
38.111.147.84 - - [30/Dec/2012:23:18:46 +0100] "GET /jog/tippek.htm HTTP/1.0" 200 13697 "-" "TurnitinBot/2.1 (http://www.turnitin.com/robot/crawlerinfo.html)"
38.111.147.84 - - [30/Dec/2012:23:19:16 +0100] "GET /jog/tarseljarasok.htm HTTP/1.0" 200 13316 "-" "TurnitinBot/2.1 (http://www.turnitin.com/robot/crawlerinfo.html)"
38.111.147.84 - - [30/Dec/2012:23:19:46 +0100] "GET /jog/tapasztalatszerzok.htm HTTP/1.0" 200 12148 "-" "TurnitinBot/2.1 (http://www.turnitin.com/robot/crawlerinfo.html)"
38.111.147.84 - - [30/Dec/2012:23:20:16 +0100] "GET /jog/slapp.htm HTTP/1.0" 200 21314 "-" "TurnitinBot/2.1 (http://www.turnitin.com/robot/crawlerinfo.html)"
38.111.147.84 - - [30/Dec/2012:23:20:46 +0100] "GET /jog/rendorsegifeljelentes.htm HTTP/1.0" 200 13536 "-" "TurnitinBot/2.1 (http://www.turnitin.com/robot/crawlerinfo.html)"
38.111.147.84 - - [30/Dec/2012:23:21:16 +0100] "GET /jog/publikaciok.htm HTTP/1.0" 200 17866 "-" "TurnitinBot/2.1 (http://www.turnitin.com/robot/crawlerinfo.html)"
38.111.147.84 - - [30/Dec/2012:23:21:46 +0100] "GET /jog/polgariper.htm HTTP/1.0" 200 13964 "-" "TurnitinBot/2.1 (http://www.turnitin.com/robot/crawlerinfo.html)"
38.111.147.84 - - [30/Dec/2012:23:22:16 +0100] "GET /jog/jogsegely.htm HTTP/1.0" 200 14053 "-" "TurnitinBot/2.1 (http://www.turnitin.com/robot/crawlerinfo.html)"
38.111.147.84 - - [30/Dec/2012:23:22:46 +0100] "GET /jog/jogihatter.htm HTTP/1.0" 200 18691 "-" "TurnitinBot/2.1 (http://www.turnitin.com/robot/crawlerinfo.html)"
38.111.147.84 - - [30/Dec/2012:23:23:16 +0100] "GET /jog/index.htm HTTP/1.0" 200 13138 "-" "TurnitinBot/2.1 (http://www.turnitin.com/robot/crawlerinfo.html)"
38.111.147.84 - - [30/Dec/2012:23:23:46 +0100] "GET /jog/eseteink.htm HTTP/1.0" 200 17277 "-" "TurnitinBot/2.1 (http://www.turnitin.com/robot/crawlerinfo.html)"
38.111.147.84 - - [30/Dec/2012:23:24:16 +0100] "GET /programok.htm HTTP/1.0" 304 - "-" "TurnitinBot/2.1 (http://www.turnitin.com/robot/crawlerinfo.html)"
38.111.147.84 - - [30/Dec/2012:23:24:46 +0100] "GET /magunkrol.htm HTTP/1.0" 304 - "-" "TurnitinBot/2.1 (http://www.turnitin.com/robot/crawlerinfo.html)"
38.111.147.84 - - [30/Dec/2012:23:25:16 +0100] "GET /kapcsolat.htm HTTP/1.0" 304 - "-" "TurnitinBot/2.1 (http://www.turnitin.com/robot/crawlerinfo.html)"
38.111.147.84 - - [30/Dec/2012:23:25:46 +0100] "GET /hirek/klimatv_civilcikk.doc HTTP/1.0" 304 - "-" "TurnitinBot/2.1 (http://www.turnitin.com/robot/crawlerinfo.html)"
38.111.147.84 - - [30/Dec/2012:23:26:16 +0100] "GET /hirek/hirek120207.htm HTTP/1.0" 304 - "-" "TurnitinBot/2.1 (http://www.turnitin.com/robot/crawlerinfo.html)"
38.111.147.84 - - [30/Dec/2012:23:26:47 +0100] "GET /hirek/hirek120120.htm HTTP/1.0" 304 - "-" "TurnitinBot/2.1 (http://www.turnitin.com/robot/crawlerinfo.html)"
38.111.147.84 - - [30/Dec/2012:23:27:17 +0100] "GET /hirek/hirek101213.htm HTTP/1.0" 304 - "-" "TurnitinBot/2.1 (http://www.turnitin.com/robot/crawlerinfo.html)"
38.111.147.84 - - [30/Dec/2012:23:27:46 +0100] "GET /hirek/hirek101027.htm HTTP/1.0" 304 - "-" "TurnitinBot/2.1 (http://www.turnitin.com/robot/crawlerinfo.html)"
38.111.147.84 - - [30/Dec/2012:23:28:16 +0100] "GET /hirek/hirek101025.htm HTTP/1.0" 304 - "-" "TurnitinBot/2.1 (http://www.turnitin.com/robot/crawlerinfo.html)"
38.111.147.84 - - [30/Dec/2012:23:28:46 +0100] "GET /hirek/hirek100810.htm HTTP/1.0" 304 - "-" "TurnitinBot/2.1 (http://www.turnitin.com/robot/crawlerinfo.html)"
38.111.147.84 - - [30/Dec/2012:23:29:20 +0100] "GET /hirek/hirek100804.htm HTTP/1.0" 304 - "-" "TurnitinBot/2.1 (http://www.turnitin.com/robot/crawlerinfo.html)"
38.111.147.84 - - [30/Dec/2012:23:29:49 +0100] "GET /szakmai.htm HTTP/1.0" 304 - "-" "TurnitinBot/2.1 (http://www.turnitin.com/robot/crawlerinfo.html)"
38.111.147.84 - - [30/Dec/2012:23:30:19 +0100] "GET /nka.htm HTTP/1.0" 304 - "-" "TurnitinBot/2.1 (http://www.turnitin.com/robot/crawlerinfo.html)"
38.111.147.84 - - [30/Dec/2012:23:30:49 +0100] "GET /fiok/ HTTP/1.0" 304 - "-" "TurnitinBot/2.1 (http://www.turnitin.com/robot/crawlerinfo.html)"
38.111.147.84 - - [30/Dec/2012:23:31:19 +0100] "GET /ncta_a.htm HTTP/1.0" 304 - "-" "TurnitinBot/2.1 (http://www.turnitin.com/robot/crawlerinfo.html)"
38.111.147.84 - - [30/Dec/2012:23:31:49 +0100] "GET /ncta.htm HTTP/1.0" 304 - "-" "TurnitinBot/2.1 (http://www.turnitin.com/robot/crawlerinfo.html)"
38.111.147.84 - - [30/Dec/2012:23:32:19 +0100] "GET /nca.htm HTTP/1.0" 304 - "-" "TurnitinBot/2.1 (http://www.turnitin.com/robot/crawlerinfo.html)"
38.111.147.84 - - [30/Dec/2012:23:32:49 +0100] "GET /kiadvanyok.htm HTTP/1.0" 304 - "-" "TurnitinBot/2.1 (http://www.turnitin.com/robot/crawlerinfo.html)"
38.111.147.84 - - [30/Dec/2012:23:33:19 +0100] "GET /deutsch/stellen.htm HTTP/1.0" 304 - "-" "TurnitinBot/2.1 (http://www.turnitin.com/robot/crawlerinfo.html)"
38.111.147.84 - - [30/Dec/2012:23:33:49 +0100] "GET /civilmuhely.htm HTTP/1.0" 304 - "-" "TurnitinBot/2.1 (http://www.turnitin.com/robot/crawlerinfo.html)"
38.111.147.84 - - [30/Dec/2012:23:34:03 +0100] "GET /robots.txt HTTP/1.0" 404 1181 "-" "TurnitinBot/2.1 (http://www.turnitin.com/robot/crawlerinfo.html)"
38.111.147.84 - - [30/Dec/2012:23:34:19 +0100] "GET /bunt.htm HTTP/1.0" 304 - "-" "TurnitinBot/2.1 (http://www.turnitin.com/robot/crawlerinfo.html)"
38.111.147.84 - - [30/Dec/2012:23:34:49 +0100] "GET /hirarchivum.htm HTTP/1.0" 304 - "-" "TurnitinBot/2.1 (http://www.turnitin.com/robot/crawlerinfo.html)"
38.111.147.84 - - [30/Dec/2012:23:35:19 +0100] "GET /fiok/index.html HTTP/1.0" 304 - "-" "TurnitinBot/2.1 (http://www.turnitin.com/robot/crawlerinfo.html)"
38.111.147.84 - - [30/Dec/2012:23:35:49 +0100] "GET /english/index.htm HTTP/1.0" 304 - "-" "TurnitinBot/2.1 (http://www.turnitin.com/robot/crawlerinfo.html)"
38.111.147.84 - - [30/Dec/2012:23:36:19 +0100] "GET /deutsch/index.htm HTTP/1.0" 304 - "-" "TurnitinBot/2.1 (http://www.turnitin.com/robot/crawlerinfo.html)"
38.111.147.84 - - [30/Dec/2012:23:36:49 +0100] "GET /programok.htm HTTP/1.0" 304 - "-" "TurnitinBot/2.1 (http://www.turnitin.com/robot/crawlerinfo.html)"
38.111.147.84 - - [30/Dec/2012:23:37:19 +0100] "GET /magunkrol.htm HTTP/1.0" 304 - "-" "TurnitinBot/2.1 (http://www.turnitin.com/robot/crawlerinfo.html)"
38.111.147.84 - - [30/Dec/2012:23:37:49 +0100] "GET /kapcsolat.htm HTTP/1.0" 304 - "-" "TurnitinBot/2.1 (http://www.turnitin.com/robot/crawlerinfo.html)"
38.111.147.84 - - [30/Dec/2012:23:38:19 +0100] "GET /hirek/klimatv_civilcikk.doc HTTP/1.0" 304 - "-" "TurnitinBot/2.1 (http://www.turnitin.com/robot/crawlerinfo.html)"
38.111.147.84 - - [30/Dec/2012:23:38:49 +0100] "GET /hirek/hirek120207.htm HTTP/1.0" 304 - "-" "TurnitinBot/2.1 (http://www.turnitin.com/robot/crawlerinfo.html)"
38.111.147.84 - - [30/Dec/2012:23:39:19 +0100] "GET /hirek/hirek120120.htm HTTP/1.0" 304 - "-" "TurnitinBot/2.1 (http://www.turnitin.com/robot/crawlerinfo.html)"
38.111.147.84 - - [30/Dec/2012:23:39:49 +0100] "GET /hirek/hirek101213.htm HTTP/1.0" 304 - "-" "TurnitinBot/2.1 (http://www.turnitin.com/robot/crawlerinfo.html)"
38.111.147.84 - - [30/Dec/2012:23:40:19 +0100] "GET /hirek/hirek101027.htm HTTP/1.0" 304 - "-" "TurnitinBot/2.1 (http://www.turnitin.com/robot/crawlerinfo.html)"
38.111.147.84 - - [30/Dec/2012:23:40:49 +0100] "GET /hirek/hirek101025.htm HTTP/1.0" 304 - "-" "TurnitinBot/2.1 (http://www.turnitin.com/robot/crawlerinfo.html)"
38.111.147.84 - - [30/Dec/2012:23:41:19 +0100] "GET /hirek/hirek100810.htm HTTP/1.0" 304 - "-" "TurnitinBot/2.1 (http://www.turnitin.com/robot/crawlerinfo.html)"
38.111.147.84 - - [30/Dec/2012:23:41:49 +0100] "GET /hirek/hirek100804.htm HTTP/1.0" 304 - "-" "TurnitinBot/2.1 (http://www.turnitin.com/robot/crawlerinfo.html)"
38.111.147.84 - - [30/Dec/2012:23:42:19 +0100] "GET /hirek/hirek100728.htm HTTP/1.0" 304 - "-" "TurnitinBot/2.1 (http://www.turnitin.com/robot/crawlerinfo.html)"
38.111.147.84 - - [30/Dec/2012:23:42:49 +0100] "GET /hirek/hirek100420.htm HTTP/1.0" 304 - "-" "TurnitinBot/2.1 (http://www.turnitin.com/robot/crawlerinfo.html)"
38.111.147.84 - - [30/Dec/2012:23:43:19 +0100] "GET /hirek/hirek100305.htm HTTP/1.0" 304 - "-" "TurnitinBot/2.1 (http://www.turnitin.com/robot/crawlerinfo.html)"
178.154.210.252 - - [30/Dec/2012:23:43:46 +0100] "GET /robots.txt HTTP/1.1" 404 1181 "-" "Mozilla/5.0 (compatible; YandexBot/3.0; +http://yandex.com/bots)"
178.154.210.252 - - [30/Dec/2012:23:43:49 +0100] "GET /hirek/hirek100804.htm HTTP/1.1" 304 - "-" "Mozilla/5.0 (compatible; YandexBot/3.0; +http://yandex.com/bots)"
38.111.147.84 - - [30/Dec/2012:23:43:49 +0100] "GET /hirek/hirek100225.htm HTTP/1.0" 304 - "-" "TurnitinBot/2.1 (http://www.turnitin.com/robot/crawlerinfo.html)"
38.111.147.84 - - [30/Dec/2012:23:44:04 +0100] "GET /robots.txt HTTP/1.0" 404 1181 "-" "TurnitinBot/2.1 (http://www.turnitin.com/robot/crawlerinfo.html)"
38.111.147.84 - - [30/Dec/2012:23:44:19 +0100] "GET /hirek/hirek091221.htm HTTP/1.0" 304 - "-" "TurnitinBot/2.1 (http://www.turnitin.com/robot/crawlerinfo.html)"
38.111.147.84 - - [30/Dec/2012:23:44:49 +0100] "GET /hirek/hirek091103.htm HTTP/1.0" 304 - "-" "TurnitinBot/2.1 (http://www.turnitin.com/robot/crawlerinfo.html)"
38.111.147.84 - - [30/Dec/2012:23:45:19 +0100] "GET /hirek/hirek091102.htm HTTP/1.0" 304 - "-" "TurnitinBot/2.1 (http://www.turnitin.com/robot/crawlerinfo.html)"
38.111.147.84 - - [30/Dec/2012:23:45:49 +0100] "GET /hirek/hirek091015.htm HTTP/1.0" 304 - "-" "TurnitinBot/2.1 (http://www.turnitin.com/robot/crawlerinfo.html)"
38.111.147.84 - - [30/Dec/2012:23:46:19 +0100] "GET /hirek/hirek100728.htm HTTP/1.0" 304 - "-" "TurnitinBot/2.1 (http://www.turnitin.com/robot/crawlerinfo.html)"
38.111.147.84 - - [30/Dec/2012:23:46:49 +0100] "GET /hirek/hirek100420.htm HTTP/1.0" 304 - "-" "TurnitinBot/2.1 (http://www.turnitin.com/robot/crawlerinfo.html)"
38.111.147.84 - - [30/Dec/2012:23:47:19 +0100] "GET /hirek/hirek100305.htm HTTP/1.0" 304 - "-" "TurnitinBot/2.1 (http://www.turnitin.com/robot/crawlerinfo.html)"
38.111.147.84 - - [30/Dec/2012:23:47:49 +0100] "GET /hirek/hirek100225.htm HTTP/1.0" 304 - "-" "TurnitinBot/2.1 (http://www.turnitin.com/robot/crawlerinfo.html)"
38.111.147.84 - - [30/Dec/2012:23:48:19 +0100] "GET /hirek/hirek091221.htm HTTP/1.0" 304 - "-" "TurnitinBot/2.1 (http://www.turnitin.com/robot/crawlerinfo.html)"
38.111.147.84 - - [30/Dec/2012:23:48:49 +0100] "GET /hirek/hirek091103.htm HTTP/1.0" 304 - "-" "TurnitinBot/2.1 (http://www.turnitin.com/robot/crawlerinfo.html)"
38.111.147.84 - - [30/Dec/2012:23:49:20 +0100] "GET /hirek/hirek091102.htm HTTP/1.0" 304 - "-" "TurnitinBot/2.1 (http://www.turnitin.com/robot/crawlerinfo.html)"
38.111.147.84 - - [30/Dec/2012:23:49:49 +0100] "GET /hirek/hirek091015.htm HTTP/1.0" 304 - "-" "TurnitinBot/2.1 (http://www.turnitin.com/robot/crawlerinfo.html)"
38.111.147.84 - - [30/Dec/2012:23:50:19 +0100] "GET /hirarchivum.htm HTTP/1.0" 304 - "-" "TurnitinBot/2.1 (http://www.turnitin.com/robot/crawlerinfo.html)"
38.111.147.84 - - [30/Dec/2012:23:50:50 +0100] "GET /fiok/index.html HTTP/1.0" 304 - "-" "TurnitinBot/2.1 (http://www.turnitin.com/robot/crawlerinfo.html)"
38.111.147.84 - - [30/Dec/2012:23:51:19 +0100] "GET /english/index.htm HTTP/1.0" 304 - "-" "TurnitinBot/2.1 (http://www.turnitin.com/robot/crawlerinfo.html)"
139.18.2.209 - - [30/Dec/2012:23:51:41 +0100] "GET /robots.txt HTTP/1.1" 404 1181 "-" "findlinks/2.6 (+http://wortschatz.uni-leipzig.de/findlinks/)"
38.111.147.84 - - [30/Dec/2012:23:51:49 +0100] "GET /deutsch/index.htm HTTP/1.0" 304 - "-" "TurnitinBot/2.1 (http://www.turnitin.com/robot/crawlerinfo.html)"
38.111.147.84 - - [30/Dec/2012:23:52:19 +0100] "GET /hirek09_03.htm HTTP/1.0" 304 - "-" "TurnitinBot/2.1 (http://www.turnitin.com/robot/crawlerinfo.html)"
38.111.147.84 - - [30/Dec/2012:23:52:49 +0100] "GET /hirek09_02.htm HTTP/1.0" 304 - "-" "TurnitinBot/2.1 (http://www.turnitin.com/robot/crawlerinfo.html)"
38.111.147.84 - - [30/Dec/2012:23:53:19 +0100] "GET /hirek09_01.htm HTTP/1.0" 304 - "-" "TurnitinBot/2.1 (http://www.turnitin.com/robot/crawlerinfo.html)"
178.154.210.252 - - [31/Dec/2012:01:29:48 +0100] "GET /hirek/Microsoft%20Word%20-%20csongradi%20duzzaszto%20velemeny%202009.06.11..doc.pdf HTTP/1.1" 304 - "-" "Mozilla/5.0 (compatible; YandexBot/3.0; +http://yandex.com/bots)"
180.76.5.145 - - [31/Dec/2012:02:52:38 +0100] "GET /fiok/program_reszek/turazas.htm HTTP/1.1" 200 22754 "-" "Mozilla/5.0 (compatible; Baiduspider/2.0; +http://www.baidu.com/search/spider.html)"
66.249.78.60 - - [31/Dec/2012:03:21:45 +0100] "GET /robots.txt HTTP/1.1" 404 1181 "-" "Mozilla/5.0 (compatible; Googlebot/2.1; +http://www.google.com/bot.html)"
66.249.78.60 - - [31/Dec/2012:03:21:45 +0100] "GET /jog/eseteink/korosladany/index.htm HTTP/1.1" 304 - "-" "Mozilla/5.0 (iPhone; U; CPU iPhone OS 4_1 like Mac OS X; en-us) AppleWebKit/532.9 (KHTML, like Gecko) Version/4.0.5 Mobile/8B117 Safari/6531.22.7 (compatible; Googlebot-Mobile/2.1; +http://www.google.com/bot.html)"
178.154.210.252 - - [31/Dec/2012:05:20:00 +0100] "GET /hirek/hirek091102.htm HTTP/1.1" 200 8538 "-" "Mozilla/5.0 (compatible; YandexBot/3.0; +http://yandex.com/bots)"
66.249.78.60 - - [31/Dec/2012:06:48:10 +0100] "GET /jog/ HTTP/1.1" 200 13138 "-" "SAMSUNG-SGH-E250/1.0 Profile/MIDP-2.0 Configuration/CLDC-1.1 UP.Browser/6.2.3.3.c.1.101 (GUI) MMP/2.0 (compatible; Googlebot-Mobile/2.1; +http://www.google.com/bot.html)"
84.2.239.119 - - [31/Dec/2012:07:25:34 +0100] "GET /vill.cs HTTP/1.1" 200 2676 "http://webcache.googleusercontent.com/search?q=cache:uebAul_m1ccJ:www.beklen.hu/hirek/hirek090605.htm+&cd=5&hl=hu&ct=clnk&gl=hu" "Mozilla/5.0 (Windows NT 6.1) AppleWebKit/537.11 (KHTML, like Gecko) Chrome/23.0.1271.97 Safari/537.11"
84.2.239.119 - - [31/Dec/2012:07:25:34 +0100] "GET /tm02_.jpg HTTP/1.1" 200 1524 "http://webcache.googleusercontent.com/search?q=cache:uebAul_m1ccJ:www.beklen.hu/hirek/hirek090605.htm+&cd=5&hl=hu&ct=clnk&gl=hu" "Mozilla/5.0 (Windows NT 6.1) AppleWebKit/537.11 (KHTML, like Gecko) Chrome/23.0.1271.97 Safari/537.11"
84.2.239.119 - - [31/Dec/2012:07:25:34 +0100] "GET /tm03_.jpg HTTP/1.1" 200 1787 "http://webcache.googleusercontent.com/search?q=cache:uebAul_m1ccJ:www.beklen.hu/hirek/hirek090605.htm+&cd=5&hl=hu&ct=clnk&gl=hu" "Mozilla/5.0 (Windows NT 6.1) AppleWebKit/537.11 (KHTML, like Gecko) Chrome/23.0.1271.97 Safari/537.11"
84.2.239.119 - - [31/Dec/2012:07:25:34 +0100] "GET /tm04_.jpg HTTP/1.1" 200 2058 "http://webcache.googleusercontent.com/search?q=cache:uebAul_m1ccJ:www.beklen.hu/hirek/hirek090605.htm+&cd=5&hl=hu&ct=clnk&gl=hu" "Mozilla/5.0 (Windows NT 6.1) AppleWebKit/537.11 (KHTML, like Gecko) Chrome/23.0.1271.97 Safari/537.11"
84.2.239.119 - - [31/Dec/2012:07:25:34 +0100] "GET /tm05_.jpg HTTP/1.1" 200 1839 "http://webcache.googleusercontent.com/search?q=cache:uebAul_m1ccJ:www.beklen.hu/hirek/hirek090605.htm+&cd=5&hl=hu&ct=clnk&gl=hu" "Mozilla/5.0 (Windows NT 6.1) AppleWebKit/537.11 (KHTML, like Gecko) Chrome/23.0.1271.97 Safari/537.11"
84.2.239.119 - - [31/Dec/2012:07:25:34 +0100] "GET /tm01.jpg HTTP/1.1" 200 1080 "http://webcache.googleusercontent.com/search?q=cache:uebAul_m1ccJ:www.beklen.hu/hirek/hirek090605.htm+&cd=5&hl=hu&ct=clnk&gl=hu" "Mozilla/5.0 (Windows NT 6.1) AppleWebKit/537.11 (KHTML, like Gecko) Chrome/23.0.1271.97 Safari/537.11"
84.2.239.119 - - [31/Dec/2012:07:25:34 +0100] "GET /tm06_.jpg HTTP/1.1" 200 1382 "http://webcache.googleusercontent.com/search?q=cache:uebAul_m1ccJ:www.beklen.hu/hirek/hirek090605.htm+&cd=5&hl=hu&ct=clnk&gl=hu" "Mozilla/5.0 (Windows NT 6.1) AppleWebKit/537.11 (KHTML, like Gecko) Chrome/23.0.1271.97 Safari/537.11"
84.2.239.119 - - [31/Dec/2012:07:25:34 +0100] "GET /tm07.jpg HTTP/1.1" 200 1007 "http://webcache.googleusercontent.com/search?q=cache:uebAul_m1ccJ:www.beklen.hu/hirek/hirek090605.htm+&cd=5&hl=hu&ct=clnk&gl=hu" "Mozilla/5.0 (Windows NT 6.1) AppleWebKit/537.11 (KHTML, like Gecko) Chrome/23.0.1271.97 Safari/537.11"
