84.236.59.7 - - [22/Dec/2012:12:36:44 +0100] "GET /jog/eseteink/derekegyhaza/dalerd-disznoskert%20szakhat-vegleges.pdf HTTP/1.1" 200 190281 "http://www.google.hu/url?sa=t&rct=j&q=&esrc=s&frm=1&source=web&cd=11&ved=0CC8QFjAAOAo&url=http%3A%2F%2Fwww.beklen.hu%2Fjog%2Feseteink%2Fderekegyhaza%2Fdalerd-disznoskert%2520szakhat-vegleges.pdf&ei=PZvVUNDeGMXbtAaIr4DoDw&usg=AFQjCNEBGu24jT5qgAFqhIXgQVRiAz7BFA" "Mozilla/5.0 (compatible; MSIE 9.0; Windows NT 6.1; WOW64; Trident/5.0)"
66.249.78.60 - - [22/Dec/2012:12:57:02 +0100] "GET /robots.txt HTTP/1.1" 404 1181 "-" "Mozilla/5.0 (compatible; Googlebot/2.1; +http://www.google.com/bot.html)"
66.249.78.60 - - [22/Dec/2012:12:57:02 +0100] "GET /hirek/hirek100728.htm HTTP/1.1" 304 - "-" "Mozilla/5.0 (compatible; Googlebot/2.1; +http://www.google.com/bot.html)"
208.115.113.84 - - [22/Dec/2012:13:25:06 +0100] "GET /jog/ugyeszsegek.htm HTTP/1.1" 200 13810 "-" "Mozilla/5.0 (compatible; Ezooms/1.0; ezooms.bot@gmail.com)"
208.115.111.68 - - [22/Dec/2012:13:25:24 +0100] "GET /robots.txt HTTP/1.1" 404 1181 "-" "Mozilla/5.0 (compatible; Ezooms/1.0; ezooms.bot@gmail.com)"
87.106.19.85 - - [22/Dec/2012:15:57:40 +0100] "GET / HTTP/1.1" 200 23965 "-" "Java/1.7.0_09"
87.106.19.85 - - [22/Dec/2012:15:57:40 +0100] "GET /hirarchivum.htm HTTP/1.1" 200 24981 "-" "Java/1.7.0_09"
87.106.19.85 - - [22/Dec/2012:15:57:40 +0100] "GET /index.htm HTTP/1.1" 200 23965 "-" "Java/1.7.0_09"
87.106.19.85 - - [22/Dec/2012:15:57:41 +0100] "GET /kapcsolat.htm HTTP/1.1" 200 6889 "-" "Java/1.7.0_09"
87.106.19.85 - - [22/Dec/2012:15:57:41 +0100] "GET /magunkrol.htm HTTP/1.1" 200 9202 "-" "Java/1.7.0_09"
87.106.19.85 - - [22/Dec/2012:15:57:41 +0100] "GET /media.htm HTTP/1.1" 200 5208 "-" "Java/1.7.0_09"
87.106.19.85 - - [22/Dec/2012:15:57:41 +0100] "GET /programok.htm HTTP/1.1" 200 6444 "-" "Java/1.7.0_09"
87.106.19.85 - - [22/Dec/2012:15:57:41 +0100] "GET /vill.cs HTTP/1.1" 200 2676 "-" "Java/1.7.0_09"
87.106.19.85 - - [22/Dec/2012:15:57:41 +0100] "GET /hirek08_10.htm HTTP/1.1" 200 6946 "-" "Java/1.7.0_09"
87.106.19.85 - - [22/Dec/2012:15:57:42 +0100] "GET /hirek08_11.htm HTTP/1.1" 200 7253 "-" "Java/1.7.0_09"
87.106.19.85 - - [22/Dec/2012:15:57:42 +0100] "GET /hirek08_12.htm HTTP/1.1" 200 8268 "-" "Java/1.7.0_09"
87.106.19.85 - - [22/Dec/2012:15:57:42 +0100] "GET /hirek09_01.htm HTTP/1.1" 200 6841 "-" "Java/1.7.0_09"
87.106.19.85 - - [22/Dec/2012:15:57:42 +0100] "GET /hirek09_02.htm HTTP/1.1" 200 7450 "-" "Java/1.7.0_09"
87.106.19.85 - - [22/Dec/2012:15:57:42 +0100] "GET /hirek09_03.htm HTTP/1.1" 200 10726 "-" "Java/1.7.0_09"
87.106.19.85 - - [22/Dec/2012:15:57:42 +0100] "GET /&url=kapcsolat.htm HTTP/1.1" 404 1181 "-" "Java/1.7.0_09"
87.106.19.85 - - [22/Dec/2012:15:57:42 +0100] "GET /&url=programok.htm HTTP/1.1" 404 1181 "-" "Java/1.7.0_09"
87.106.19.85 - - [22/Dec/2012:15:57:42 +0100] "GET /&url=adomanyi.htm HTTP/1.1" 404 1181 "-" "Java/1.7.0_09"
87.106.19.85 - - [22/Dec/2012:15:57:42 +0100] "GET /bunt.htm HTTP/1.1" 200 5683 "-" "Java/1.7.0_09"
87.106.19.85 - - [22/Dec/2012:15:57:43 +0100] "GET /civilmuhely.htm HTTP/1.1" 200 8450 "-" "Java/1.7.0_09"
87.106.19.85 - - [22/Dec/2012:15:57:43 +0100] "GET /khb.htm HTTP/1.1" 200 8719 "-" "Java/1.7.0_09"
87.106.19.85 - - [22/Dec/2012:15:57:43 +0100] "GET /nca.htm HTTP/1.1" 200 7467 "-" "Java/1.7.0_09"
87.106.19.85 - - [22/Dec/2012:15:57:43 +0100] "GET /ncta.htm HTTP/1.1" 200 7221 "-" "Java/1.7.0_09"
87.106.19.85 - - [22/Dec/2012:15:57:43 +0100] "GET /nka.htm HTTP/1.1" 200 6221 "-" "Java/1.7.0_09"
87.106.19.85 - - [22/Dec/2012:15:57:43 +0100] "GET /szakmai.htm HTTP/1.1" 200 6054 "-" "Java/1.7.0_09"
87.106.19.85 - - [22/Dec/2012:15:57:43 +0100] "GET /ncta_a.htm HTTP/1.1" 200 7260 "-" "Java/1.7.0_09"
87.106.19.85 - - [22/Dec/2012:15:57:44 +0100] "GET /&url=civilmuhely.htm HTTP/1.1" 404 1181 "-" "Java/1.7.0_09"
87.106.19.85 - - [22/Dec/2012:15:57:44 +0100] "GET /&url=magunkrol.htm HTTP/1.1" 404 1181 "-" "Java/1.7.0_09"
87.106.19.85 - - [22/Dec/2012:15:57:44 +0100] "GET /nca04.htm HTTP/1.1" 200 16378 "-" "Java/1.7.0_09"
87.106.19.85 - - [22/Dec/2012:15:57:44 +0100] "GET /nca05.htm HTTP/1.1" 200 16412 "-" "Java/1.7.0_09"
87.106.19.85 - - [22/Dec/2012:15:57:44 +0100] "GET /nca06.htm HTTP/1.1" 200 19034 "-" "Java/1.7.0_09"
87.106.19.85 - - [22/Dec/2012:15:57:45 +0100] "GET /nca07.htm HTTP/1.1" 200 21968 "-" "Java/1.7.0_09"
87.106.19.85 - - [22/Dec/2012:15:57:45 +0100] "GET /nca08.htm HTTP/1.1" 200 21795 "-" "Java/1.7.0_09"
87.106.19.85 - - [22/Dec/2012:15:57:46 +0100] "GET /nca09.htm HTTP/1.1" 200 24315 "-" "Java/1.7.0_09"
87.106.19.85 - - [22/Dec/2012:15:57:46 +0100] "GET /nca10.htm HTTP/1.1" 200 16648 "-" "Java/1.7.0_09"
87.106.19.85 - - [22/Dec/2012:15:57:46 +0100] "GET /nca11.htm HTTP/1.1" 200 7133 "-" "Java/1.7.0_09"
87.106.19.85 - - [22/Dec/2012:15:57:46 +0100] "GET /kiadvanyok.htm HTTP/1.1" 200 8206 "-" "Java/1.7.0_09"
87.106.19.85 - - [22/Dec/2012:15:57:47 +0100] "GET /deutsch/index.htm HTTP/1.1" 200 5324 "-" "Java/1.7.0_09"
87.106.19.85 - - [22/Dec/2012:15:57:47 +0100] "GET /english/index.htm HTTP/1.1" 200 5262 "-" "Java/1.7.0_09"
87.106.19.85 - - [22/Dec/2012:15:57:47 +0100] "GET /fiok/index.html HTTP/1.1" 200 20554 "-" "Java/1.7.0_09"
87.106.19.85 - - [22/Dec/2012:15:57:47 +0100] "GET /hirek/hirek091015.htm HTTP/1.1" 200 7046 "-" "Java/1.7.0_09"
87.106.19.85 - - [22/Dec/2012:15:57:48 +0100] "GET /hirek/hirek091102.htm HTTP/1.1" 200 8538 "-" "Java/1.7.0_09"
87.106.19.85 - - [22/Dec/2012:15:57:48 +0100] "GET /hirek/hirek091103.htm HTTP/1.1" 200 7301 "-" "Java/1.7.0_09"
87.106.19.85 - - [22/Dec/2012:15:57:48 +0100] "GET /hirek/hirek091221.htm HTTP/1.1" 200 6740 "-" "Java/1.7.0_09"
87.106.19.85 - - [22/Dec/2012:15:57:48 +0100] "GET /hirek/hirek100225.htm HTTP/1.1" 200 7288 "-" "Java/1.7.0_09"
208.115.111.68 - - [22/Dec/2012:16:04:05 +0100] "GET /jog/eseteink.htm HTTP/1.1" 200 17277 "-" "Mozilla/5.0 (compatible; Ezooms/1.0; ezooms.bot@gmail.com)"
180.76.6.224 - - [22/Dec/2012:16:09:31 +0100] "GET /fiok/program_reszek/konferancia.htm HTTP/1.1" 200 21668 "-" "Mozilla/5.0 (compatible; Baiduspider/2.0; +http://www.baidu.com/search/spider.html)"
66.249.76.62 - - [22/Dec/2012:17:05:24 +0100] "GET /hirek/hirek100305.htm HTTP/1.1" 304 - "-" "Mozilla/5.0 (compatible; Googlebot/2.1; +http://www.google.com/bot.html)"
66.249.78.60 - - [22/Dec/2012:17:34:03 +0100] "GET /jog/jogszabalyok/regp2001lxxxitvaarhus.pdf HTTP/1.1" 304 - "-" "Mozilla/5.0 (compatible; Googlebot/2.1; +http://www.google.com/bot.html)"
66.249.78.60 - - [22/Dec/2012:19:37:15 +0100] "GET /fiok/images/szovegkep.jpg HTTP/1.1" 404 1181 "-" "Googlebot-Image/1.0"
66.249.76.62 - - [22/Dec/2012:20:15:37 +0100] "GET /jog/jogszabalyok/348_2006.korm.rendelet.pdf HTTP/1.1" 200 198403 "-" "Googlebot/2.1 (+http://www.google.com/bot.html)"
82.192.74.176 - - [22/Dec/2012:20:19:45 +0100] "GET / HTTP/1.1" 200 23965 "-" "Mozilla/5.0 (compatible; Dataprovider Site Explorer; http://www.dataprovider.com/)"
82.192.74.176 - - [22/Dec/2012:20:19:51 +0100] "GET /robots.txt HTTP/1.1" 404 1181 "-" "Mozilla/5.0 (compatible; Dataprovider Site Explorer; http://www.dataprovider.com/)"
82.192.74.176 - - [22/Dec/2012:20:19:51 +0100] "GET /sitemap.xml HTTP/1.1" 404 1181 "-" "Mozilla/5.0 (compatible; Dataprovider Site Explorer; http://www.dataprovider.com/)"
82.192.74.176 - - [22/Dec/2012:20:19:51 +0100] "GET / HTTP/1.1" 200 23965 "-" "Mozilla/5.0 (compatible; Dataprovider Site Explorer; http://www.dataprovider.com/)"
82.192.74.176 - - [22/Dec/2012:20:19:59 +0100] "GET /kapcsolat.htm HTTP/1.1" 200 6889 "-" "Mozilla/5.0 (compatible; Dataprovider Site Explorer; http://www.dataprovider.com/)"
82.192.74.176 - - [22/Dec/2012:20:20:06 +0100] "GET /hirek/hirek120120.htm HTTP/1.1" 200 6634 "-" "Mozilla/5.0 (compatible; Dataprovider Site Explorer; http://www.dataprovider.com/)"
82.192.74.176 - - [22/Dec/2012:20:20:18 +0100] "GET /hirek/hirek091221.htm HTTP/1.1" 200 6740 "-" "Mozilla/5.0 (compatible; Dataprovider Site Explorer; http://www.dataprovider.com/)"
82.192.74.176 - - [22/Dec/2012:20:20:27 +0100] "GET /english/index.htm HTTP/1.1" 200 5262 "-" "Mozilla/5.0 (compatible; Dataprovider Site Explorer; http://www.dataprovider.com/)"
82.192.74.176 - - [22/Dec/2012:20:20:34 +0100] "GET /hirek/hirek101025.htm HTTP/1.1" 200 8786 "-" "Mozilla/5.0 (compatible; Dataprovider Site Explorer; http://www.dataprovider.com/)"
82.192.74.176 - - [22/Dec/2012:20:20:43 +0100] "GET /deutsch/index.htm HTTP/1.1" 200 5324 "-" "Mozilla/5.0 (compatible; Dataprovider Site Explorer; http://www.dataprovider.com/)"
82.192.74.176 - - [22/Dec/2012:20:20:52 +0100] "GET /fiok/index.html HTTP/1.1" 200 20554 "-" "Mozilla/5.0 (compatible; Dataprovider Site Explorer; http://www.dataprovider.com/)"
82.192.74.176 - - [22/Dec/2012:20:21:09 +0100] "GET /hirek/hirek100225.htm HTTP/1.1" 200 7288 "-" "Mozilla/5.0 (compatible; Dataprovider Site Explorer; http://www.dataprovider.com/)"
82.192.74.176 - - [22/Dec/2012:20:21:22 +0100] "GET /hirek/hirek091102.htm HTTP/1.1" 200 8538 "-" "Mozilla/5.0 (compatible; Dataprovider Site Explorer; http://www.dataprovider.com/)"
82.192.74.176 - - [22/Dec/2012:20:21:29 +0100] "GET /hirek/hirek100804.htm HTTP/1.1" 200 8056 "-" "Mozilla/5.0 (compatible; Dataprovider Site Explorer; http://www.dataprovider.com/)"
82.192.74.176 - - [22/Dec/2012:20:21:39 +0100] "GET /hirarchivum.htm HTTP/1.1" 200 24981 "-" "Mozilla/5.0 (compatible; Dataprovider Site Explorer; http://www.dataprovider.com/)"
82.192.74.176 - - [22/Dec/2012:20:21:41 +0100] "GET /hirek/hirek100420.htm HTTP/1.1" 200 7914 "-" "Mozilla/5.0 (compatible; Dataprovider Site Explorer; http://www.dataprovider.com/)"
82.192.74.176 - - [22/Dec/2012:20:21:42 +0100] "GET /jog HTTP/1.1" 301 311 "-" "Mozilla/5.0 (compatible; Dataprovider Site Explorer; http://www.dataprovider.com/)"
82.192.74.176 - - [22/Dec/2012:20:21:42 +0100] "GET /hirek/hirek100305.htm HTTP/1.1" 200 7091 "-" "Mozilla/5.0 (compatible; Dataprovider Site Explorer; http://www.dataprovider.com/)"
82.192.74.176 - - [22/Dec/2012:20:21:43 +0100] "GET /media.htm HTTP/1.1" 200 5208 "-" "Mozilla/5.0 (compatible; Dataprovider Site Explorer; http://www.dataprovider.com/)"
82.192.74.176 - - [22/Dec/2012:20:21:44 +0100] "GET /hirek/hirek100810.htm HTTP/1.1" 200 8123 "-" "Mozilla/5.0 (compatible; Dataprovider Site Explorer; http://www.dataprovider.com/)"
82.192.74.176 - - [22/Dec/2012:20:21:45 +0100] "GET /programok.htm HTTP/1.1" 200 6444 "-" "Mozilla/5.0 (compatible; Dataprovider Site Explorer; http://www.dataprovider.com/)"
82.192.74.176 - - [22/Dec/2012:20:21:46 +0100] "GET /hirek/hirek120207.htm HTTP/1.1" 200 6586 "-" "Mozilla/5.0 (compatible; Dataprovider Site Explorer; http://www.dataprovider.com/)"
82.192.74.176 - - [22/Dec/2012:20:21:48 +0100] "GET /vill.cs HTTP/1.1" 200 2676 "-" "Mozilla/5.0 (compatible; Dataprovider Site Explorer; http://www.dataprovider.com/)"
178.154.210.252 - - [22/Dec/2012:21:04:32 +0100] "GET /media.htm HTTP/1.1" 304 - "-" "Mozilla/5.0 (compatible; YandexBot/3.0; +http://yandex.com/bots)"
157.55.35.76 - - [22/Dec/2012:21:14:36 +0100] "GET /robots.txt HTTP/1.1" 404 1181 "-" "Mozilla/5.0 (compatible; bingbot/2.0; +http://www.bing.com/bingbot.htm)"
66.249.76.62 - - [22/Dec/2012:22:14:14 +0100] "GET /hirek/hirek101027.htm HTTP/1.1" 200 9627 "-" "Mozilla/5.0 (iPhone; U; CPU iPhone OS 4_1 like Mac OS X; en-us) AppleWebKit/532.9 (KHTML, like Gecko) Version/4.0.5 Mobile/8B117 Safari/6531.22.7 (compatible; Googlebot-Mobile/2.1; +http://www.google.com/bot.html)"
66.249.78.60 - - [22/Dec/2012:22:22:58 +0100] "GET /hirek/printscreenek/banner_mkne.jpg HTTP/1.1" 200 70862 "-" "Mozilla/5.0 (compatible; Googlebot/2.1; +http://www.google.com/bot.html)"
66.249.78.60 - - [22/Dec/2012:22:22:59 +0100] "GET /hirek/printscreenek/banner_zoldkor.jpg HTTP/1.1" 200 83308 "-" "Mozilla/5.0 (compatible; Googlebot/2.1; +http://www.google.com/bot.html)"
66.249.76.62 - - [22/Dec/2012:22:22:59 +0100] "GET /hirek/printscreenek/banner_kothalo.jpg HTTP/1.1" 200 82838 "-" "Mozilla/5.0 (compatible; Googlebot/2.1; +http://www.google.com/bot.html)"
66.249.78.60 - - [22/Dec/2012:22:23:00 +0100] "GET /hirek/printscreenek/banner_humusz2.jpg HTTP/1.1" 200 80222 "-" "Mozilla/5.0 (compatible; Googlebot/2.1; +http://www.google.com/bot.html)"
66.249.76.62 - - [22/Dec/2012:22:23:01 +0100] "GET /hirek/printscreenek/banner_emisszio.jpg HTTP/1.1" 200 103015 "-" "Mozilla/5.0 (compatible; Googlebot/2.1; +http://www.google.com/bot.html)"
66.249.78.60 - - [22/Dec/2012:22:23:03 +0100] "GET /hirek/printscreenek/Magosfa.jpg HTTP/1.1" 200 73726 "-" "Mozilla/5.0 (compatible; Googlebot/2.1; +http://www.google.com/bot.html)"
178.154.210.252 - - [22/Dec/2012:22:36:44 +0100] "GET /hirek/hirek100728.htm HTTP/1.1" 200 7560 "-" "Mozilla/5.0 (compatible; YandexBot/3.0; +http://yandex.com/bots)"
208.115.113.84 - - [22/Dec/2012:23:09:50 +0100] "GET /robots.txt HTTP/1.1" 404 1181 "-" "Mozilla/5.0 (compatible; Ezooms/1.0; ezooms.bot@gmail.com)"
208.115.113.84 - - [22/Dec/2012:23:42:34 +0100] "GET / HTTP/1.1" 200 23965 "-" "Mozilla/5.0 (compatible; Ezooms/1.0; ezooms.bot@gmail.com)"
66.249.76.62 - - [22/Dec/2012:23:52:10 +0100] "GET /jog/eseteink/autopalya/index.htm HTTP/1.1" 200 11311 "-" "Mozilla/5.0 (iPhone; U; CPU iPhone OS 4_1 like Mac OS X; en-us) AppleWebKit/532.9 (KHTML, like Gecko) Version/4.0.5 Mobile/8B117 Safari/6531.22.7 (compatible; Googlebot-Mobile/2.1; +http://www.google.com/bot.html)"
173.199.120.35 - - [23/Dec/2012:01:52:08 +0100] "GET /magunkrol.htm HTTP/1.1" 200 9202 "-" "Mozilla/5.0 (compatible; AhrefsBot/4.0; +http://ahrefs.com/robot/)"
173.199.120.35 - - [23/Dec/2012:01:54:53 +0100] "GET /jog/eseteink/derekegyhaza/vizjogi_derekegyhaza_osztvez.pdf HTTP/1.1" 200 18492 "-" "Mozilla/5.0 (compatible; AhrefsBot/4.0; +http://ahrefs.com/robot/)"
178.32.77.82 - - [23/Dec/2012:02:04:15 +0100] "GET / HTTP/1.0" 200 23965 "-" "Mozilla/5.0 (compatible; 4SeoHuntBot; +http://4seohunt.com/bot.html)"
66.249.78.60 - - [23/Dec/2012:02:08:22 +0100] "GET /robots.txt HTTP/1.1" 404 1181 "-" "Mozilla/5.0 (compatible; Googlebot/2.1; +http://www.google.com/bot.html)"
66.249.76.62 - - [23/Dec/2012:02:08:23 +0100] "GET / HTTP/1.1" 200 23965 "-" "Mozilla/5.0 (iPhone; U; CPU iPhone OS 4_1 like Mac OS X; en-us) AppleWebKit/532.9 (KHTML, like Gecko) Version/4.0.5 Mobile/8B117 Safari/6531.22.7 (compatible; Googlebot-Mobile/2.1; +http://www.google.com/bot.html)"
173.199.120.35 - - [23/Dec/2012:03:01:40 +0100] "GET /jog/eseteink/malom/ugyfel_fellebbez.pdf HTTP/1.1" 200 17044 "-" "Mozilla/5.0 (compatible; AhrefsBot/4.0; +http://ahrefs.com/robot/)"
139.18.2.209 - - [23/Dec/2012:03:32:25 +0100] "GET /robots.txt HTTP/1.1" 404 1181 "-" "findlinks/2.6 (+http://wortschatz.uni-leipzig.de/findlinks/)"
173.199.120.35 - - [23/Dec/2012:04:01:24 +0100] "GET /hirek/hirek101027.htm HTTP/1.1" 200 9627 "-" "Mozilla/5.0 (compatible; AhrefsBot/4.0; +http://ahrefs.com/robot/)"
173.199.120.35 - - [23/Dec/2012:04:25:35 +0100] "GET /jog/eseteink/poroszlo/poroszlo-epitkezes_hitvk.pdf HTTP/1.1" 200 60484 "-" "Mozilla/5.0 (compatible; AhrefsBot/4.0; +http://ahrefs.com/robot/)"
180.76.5.143 - - [23/Dec/2012:04:38:26 +0100] "GET /fiok/programok.htm HTTP/1.1" 200 18165 "-" "Mozilla/5.0 (compatible; Baiduspider/2.0; +http://www.baidu.com/search/spider.html)"
173.199.120.35 - - [23/Dec/2012:04:40:49 +0100] "GET / HTTP/1.1" 200 23965 "-" "Mozilla/5.0 (compatible; AhrefsBot/4.0; +http://ahrefs.com/robot/)"
173.199.120.35 - - [23/Dec/2012:04:57:23 +0100] "GET /english/introduction.htm HTTP/1.1" 200 6502 "-" "Mozilla/5.0 (compatible; AhrefsBot/4.0; +http://ahrefs.com/robot/)"
173.199.120.35 - - [23/Dec/2012:05:14:36 +0100] "GET /media.htm HTTP/1.1" 200 5208 "-" "Mozilla/5.0 (compatible; AhrefsBot/4.0; +http://ahrefs.com/robot/)"
208.115.111.68 - - [23/Dec/2012:05:17:41 +0100] "GET /robots.txt HTTP/1.1" 404 1181 "-" "Mozilla/5.0 (compatible; Ezooms/1.0; ezooms.bot@gmail.com)"
66.249.76.62 - - [23/Dec/2012:05:21:10 +0100] "GET /hirek/hirek090428.htm HTTP/1.1" 200 24808 "-" "Mozilla/5.0 (iPhone; U; CPU iPhone OS 4_1 like Mac OS X; en-us) AppleWebKit/532.9 (KHTML, like Gecko) Version/4.0.5 Mobile/8B117 Safari/6531.22.7 (compatible; Googlebot-Mobile/2.1; +http://www.google.com/bot.html)"
173.199.120.35 - - [23/Dec/2012:05:24:40 +0100] "GET /jog/eseteink/dakar/dakar_0804_kdtktvf_engedely.pdf HTTP/1.1" 200 19938 "-" "Mozilla/5.0 (compatible; AhrefsBot/4.0; +http://ahrefs.com/robot/)"
66.249.78.60 - - [23/Dec/2012:06:02:05 +0100] "GET /jog/eseteink/kavicszatony/fellebbezes.pdf HTTP/1.1" 200 201532 "-" "Googlebot/2.1 (+http://www.google.com/bot.html)"
173.199.119.35 - - [23/Dec/2012:06:08:57 +0100] "GET /robots.txt HTTP/1.1" 404 1181 "-" "Mozilla/5.0 (compatible; AhrefsBot/4.0; +http://ahrefs.com/robot/)"
173.199.120.35 - - [23/Dec/2012:06:10:26 +0100] "GET /jog/eseteink/audi/audi_gyor_restoration_measures1-10.pdf HTTP/1.1" 200 19938 "-" "Mozilla/5.0 (compatible; AhrefsBot/4.0; +http://ahrefs.com/robot/)"
66.249.76.62 - - [23/Dec/2012:06:47:20 +0100] "GET /jog/eseteink/dakar/36559-10.pdf HTTP/1.1" 200 241989 "-" "Googlebot/2.1 (+http://www.google.com/bot.html)"
66.249.78.60 - - [23/Dec/2012:06:49:51 +0100] "GET /jog/jogszabalyok/aarhus_egyezmeny.pdf HTTP/1.1" 200 177386 "-" "Googlebot/2.1 (+http://www.google.com/bot.html)"
66.249.76.62 - - [23/Dec/2012:07:00:32 +0100] "GET /jog/pub/szoro.pdf HTTP/1.1" 200 398619 "-" "Googlebot/2.1 (+http://www.google.com/bot.html)"
173.199.120.35 - - [23/Dec/2012:07:01:46 +0100] "GET /hirek/hirek120120.htm HTTP/1.1" 200 6634 "-" "Mozilla/5.0 (compatible; AhrefsBot/4.0; +http://ahrefs.com/robot/)"
66.249.78.60 - - [23/Dec/2012:07:08:18 +0100] "GET /jog/jogszabalyok/2001-es%20vedett%20lista.pdf HTTP/1.1" 200 681051 "-" "Googlebot/2.1 (+http://www.google.com/bot.html)"
173.199.120.35 - - [23/Dec/2012:07:23:53 +0100] "GET /index.htm HTTP/1.1" 200 23965 "-" "Mozilla/5.0 (compatible; AhrefsBot/4.0; +http://ahrefs.com/robot/)"
208.115.113.84 - - [23/Dec/2012:07:25:59 +0100] "GET /robots.txt HTTP/1.1" 404 1181 "-" "Mozilla/5.0 (compatible; Ezooms/1.0; ezooms.bot@gmail.com)"
66.249.78.60 - - [23/Dec/2012:07:30:43 +0100] "GET /jog/pub/+jog_jav.pdf HTTP/1.1" 200 819776 "-" "Googlebot/2.1 (+http://www.google.com/bot.html)"
66.249.78.60 - - [23/Dec/2012:07:31:37 +0100] "GET /jog/jogszabalyok/conventions_hu.pdf HTTP/1.1" 200 1414196 "-" "Googlebot/2.1 (+http://www.google.com/bot.html)"
208.115.113.84 - - [23/Dec/2012:07:39:00 +0100] "GET /fiok/ HTTP/1.1" 200 20554 "-" "Mozilla/5.0 (compatible; Ezooms/1.0; ezooms.bot@gmail.com)"
66.249.78.60 - - [23/Dec/2012:07:55:50 +0100] "GET /jog/jogszabalyok/termeszetvedelmi_torveny.pdf HTTP/1.1" 200 470027 "-" "Googlebot/2.1 (+http://www.google.com/bot.html)"
208.115.111.68 - - [23/Dec/2012:07:57:16 +0100] "GET /nca.htm HTTP/1.1" 200 7467 "-" "Mozilla/5.0 (compatible; Ezooms/1.0; ezooms.bot@gmail.com)"
66.249.76.62 - - [23/Dec/2012:08:11:32 +0100] "GET /jog/eseteink/malom/bontasi_fellebbezes.pdf HTTP/1.1" 200 339293 "-" "Googlebot/2.1 (+http://www.google.com/bot.html)"
66.249.76.62 - - [23/Dec/2012:08:14:34 +0100] "GET /jog/jogszabalyok/egyezm_bern.pdf HTTP/1.1" 200 77062 "-" "Googlebot/2.1 (+http://www.google.com/bot.html)"
66.249.78.60 - - [23/Dec/2012:08:18:07 +0100] "GET /jog/jogszabalyok/1_erdo.pdf HTTP/1.1" 200 761794 "-" "Googlebot/2.1 (+http://www.google.com/bot.html)"
66.249.78.60 - - [23/Dec/2012:08:19:07 +0100] "GET /jog/eseteink/audi/ferto-hansag_ii.pdf HTTP/1.1" 200 293257 "-" "Googlebot/2.1 (+http://www.google.com/bot.html)"
66.249.78.60 - - [23/Dec/2012:08:19:23 +0100] "GET /jog/jogszabalyok/1995.%20evi%20XCIII.%20torveny.pdf HTTP/1.1" 200 125662 "-" "Googlebot/2.1 (+http://www.google.com/bot.html)"
66.249.78.60 - - [23/Dec/2012:08:26:21 +0100] "GET /jog/eseteink/audi/eu.%20biz.%20fotitkaranak.pdf HTTP/1.1" 200 214051 "-" "Googlebot/2.1 (+http://www.google.com/bot.html)"
66.249.76.62 - - [23/Dec/2012:08:30:56 +0100] "GET /jog/jogszabalyok/biodiverzitas_egyezmeny.pdf HTTP/1.1" 200 198401 "-" "Googlebot/2.1 (+http://www.google.com/bot.html)"
66.249.78.60 - - [23/Dec/2012:08:30:58 +0100] "GET /jog/eseteink/kavicszatony/tajekoztatas.pdf HTTP/1.1" 200 153465 "-" "Googlebot/2.1 (+http://www.google.com/bot.html)"
66.249.76.62 - - [23/Dec/2012:08:34:08 +0100] "GET /jog/eseteink/duzzaszto/gyulavari_kotelezes2.pdf HTTP/1.1" 200 68503 "-" "Googlebot/2.1 (+http://www.google.com/bot.html)"
66.249.78.60 - - [23/Dec/2012:08:36:04 +0100] "GET /jog/jogszabalyok/regp2001lxxxitvaarhus.pdf HTTP/1.1" 200 234500 "-" "Googlebot/2.1 (+http://www.google.com/bot.html)"
66.249.76.62 - - [23/Dec/2012:08:39:42 +0100] "GET /jog/eseteink/derekegyhaza/index.htm HTTP/1.1" 304 - "-" "Mozilla/5.0 (compatible; Googlebot/2.1; +http://www.google.com/bot.html)"
66.249.78.60 - - [23/Dec/2012:08:41:49 +0100] "GET /jog/jogszabalyok/vadaszati_torveny.pdf HTTP/1.1" 200 741096 "-" "Googlebot/2.1 (+http://www.google.com/bot.html)"
66.249.78.60 - - [23/Dec/2012:08:45:28 +0100] "GET /jog/eseteink/kavicszatony/mura_fellebbezes.pdf HTTP/1.1" 200 151541 "-" "Googlebot/2.1 (+http://www.google.com/bot.html)"
173.199.120.35 - - [23/Dec/2012:08:46:11 +0100] "GET /deutsch/programme.htm HTTP/1.1" 200 6045 "-" "Mozilla/5.0 (compatible; AhrefsBot/4.0; +http://ahrefs.com/robot/)"
66.249.78.60 - - [23/Dec/2012:08:47:01 +0100] "GET /jog/eseteink/dakar/dakar_ugyeszseg_lp.pdf HTTP/1.1" 200 218784 "-" "Googlebot/2.1 (+http://www.google.com/bot.html)"
66.249.76.62 - - [23/Dec/2012:08:47:15 +0100] "GET /jog/eseteink/kavicszatony/mura_bejelentes1.pdf HTTP/1.1" 200 214943 "-" "Googlebot/2.1 (+http://www.google.com/bot.html)"
66.249.76.62 - - [23/Dec/2012:08:51:01 +0100] "GET /jog/jogszabalyok/7217_1997_kozhasznu.pdf HTTP/1.1" 200 330146 "-" "Googlebot/2.1 (+http://www.google.com/bot.html)"
66.249.78.60 - - [23/Dec/2012:08:54:05 +0100] "GET /jog/jogszabalyok/201.korm.%20rendelettel%20modositott275.natura%20korm.%20rendelet.pdf HTTP/1.1" 200 330 "-" "Googlebot/2.1 (+http://www.google.com/bot.html)"
66.249.78.60 - - [23/Dec/2012:08:59:55 +0100] "GET /jog/eseteink/duzzaszto/gyulavari_kotelezes1.pdf HTTP/1.1" 200 68117 "-" "Googlebot/2.1 (+http://www.google.com/bot.html)"
66.249.78.60 - - [23/Dec/2012:09:03:00 +0100] "GET /jog/eseteink/kavicszatony/mura_bejelentes.pdf HTTP/1.1" 200 161377 "-" "Googlebot/2.1 (+http://www.google.com/bot.html)"
66.249.78.60 - - [23/Dec/2012:09:06:22 +0100] "GET /jog/eseteink/audi/audi_epiteszeti_elj.pdf HTTP/1.1" 200 384562 "-" "Googlebot/2.1 (+http://www.google.com/bot.html)"
173.199.120.35 - - [23/Dec/2012:09:09:00 +0100] "GET /khb/beklen_2005_kh_jelent%C3%A9s.pdf HTTP/1.1" 404 1181 "-" "Mozilla/5.0 (compatible; AhrefsBot/4.0; +http://ahrefs.com/robot/)"
208.115.111.68 - - [23/Dec/2012:09:14:30 +0100] "GET /robots.txt HTTP/1.1" 404 1181 "-" "Mozilla/5.0 (compatible; Ezooms/1.0; ezooms.bot@gmail.com)"
208.115.113.84 - - [23/Dec/2012:09:28:54 +0100] "GET /deutsch/stellen.htm HTTP/1.1" 200 6824 "-" "Mozilla/5.0 (compatible; Ezooms/1.0; ezooms.bot@gmail.com)"
66.249.78.60 - - [23/Dec/2012:09:31:44 +0100] "GET /jog/eseteink/derekegyhaza/kereset_level_derekegyhaza_mszh_vegleges.pdf HTTP/1.1" 200 247768 "-" "Mozilla/5.0 (compatible; Googlebot/2.1; +http://www.google.com/bot.html)"
66.249.78.60 - - [23/Dec/2012:10:32:38 +0100] "GET /index.htm HTTP/1.1" 200 23965 "-" "Mozilla/5.0 (compatible; Googlebot/2.1; +http://www.google.com/bot.html)"
66.249.78.60 - - [23/Dec/2012:10:38:31 +0100] "GET /jog/eseteink/korosladany/korosladany_kvktf_.pdf HTTP/1.1" 304 - "-" "Mozilla/5.0 (compatible; Googlebot/2.1; +http://www.google.com/bot.html)"
66.249.78.60 - - [23/Dec/2012:10:43:32 +0100] "GET /hirek/Microsoft%20Word%20-%20csongradi%20duzzaszto%20velemeny%202009.06.11..doc.pdf HTTP/1.1" 304 - "-" "Mozilla/5.0 (compatible; Googlebot/2.1; +http://www.google.com/bot.html)"
66.249.78.60 - - [23/Dec/2012:10:45:28 +0100] "GET /fiok/mult.htm HTTP/1.1" 200 23227 "-" "Mozilla/5.0 (compatible; Googlebot/2.1; +http://www.google.com/bot.html)"
66.249.78.60 - - [23/Dec/2012:10:55:04 +0100] "GET /fiok/css/lightbox.css HTTP/1.1" 200 1715 "-" "Mozilla/5.0 (compatible; Googlebot/2.1; +http://www.google.com/bot.html)"
66.249.78.60 - - [23/Dec/2012:11:12:12 +0100] "GET /jog/eseteink/derekegyhaza/kotvife_kekto_kerites.pdf HTTP/1.1" 200 105210 "-" "Mozilla/5.0 (compatible; Googlebot/2.1; +http://www.google.com/bot.html)"
66.249.78.60 - - [23/Dec/2012:11:13:43 +0100] "GET /jog/pub/fuzet_beliv_jav2.pdf HTTP/1.1" 304 - "-" "Mozilla/5.0 (compatible; Googlebot/2.1; +http://www.google.com/bot.html)"
69.58.178.56 - - [23/Dec/2012:11:23:29 +0100] "GET /robots.txt HTTP/1.1" 404 1181 "-" "Mozilla/5.0 (X11; Ubuntu; Linux i686; rv:14.0; ips-agent) Gecko/20100101 Firefox/14.0.1"
69.58.178.56 - - [23/Dec/2012:11:23:30 +0100] "GET / HTTP/1.1" 200 23965 "-" "Mozilla/5.0 (X11; Ubuntu; Linux i686; rv:14.0; ips-agent) Gecko/20100101 Firefox/14.0.1"
69.58.178.56 - - [23/Dec/2012:11:23:31 +0100] "GET /index.htm HTTP/1.1" 200 23965 "-" "Mozilla/5.0 (X11; Ubuntu; Linux i686; rv:14.0; ips-agent) Gecko/20100101 Firefox/14.0.1"
69.58.178.56 - - [23/Dec/2012:11:23:32 +0100] "GET /magunkrol.htm HTTP/1.1" 200 9202 "-" "Mozilla/5.0 (X11; Ubuntu; Linux i686; rv:14.0; ips-agent) Gecko/20100101 Firefox/14.0.1"
69.58.178.56 - - [23/Dec/2012:11:23:34 +0100] "GET /programok.htm HTTP/1.1" 200 6444 "-" "Mozilla/5.0 (X11; Ubuntu; Linux i686; rv:14.0; ips-agent) Gecko/20100101 Firefox/14.0.1"
69.58.178.56 - - [23/Dec/2012:11:23:35 +0100] "GET /kapcsolat.htm HTTP/1.1" 200 6889 "-" "Mozilla/5.0 (X11; Ubuntu; Linux i686; rv:14.0; ips-agent) Gecko/20100101 Firefox/14.0.1"
69.58.178.56 - - [23/Dec/2012:11:23:36 +0100] "GET /media.htm HTTP/1.1" 200 5208 "-" "Mozilla/5.0 (X11; Ubuntu; Linux i686; rv:14.0; ips-agent) Gecko/20100101 Firefox/14.0.1"
69.58.178.56 - - [23/Dec/2012:11:23:38 +0100] "GET /english/index.htm HTTP/1.1" 200 5262 "-" "Mozilla/5.0 (X11; Ubuntu; Linux i686; rv:14.0; ips-agent) Gecko/20100101 Firefox/14.0.1"
69.58.178.56 - - [23/Dec/2012:11:23:39 +0100] "GET /english/contact.htm HTTP/1.1" 200 4601 "-" "Mozilla/5.0 (X11; Ubuntu; Linux i686; rv:14.0; ips-agent) Gecko/20100101 Firefox/14.0.1"
69.58.178.56 - - [23/Dec/2012:11:23:40 +0100] "GET /deutsch/index.htm HTTP/1.1" 200 5324 "-" "Mozilla/5.0 (X11; Ubuntu; Linux i686; rv:14.0; ips-agent) Gecko/20100101 Firefox/14.0.1"
69.58.178.56 - - [23/Dec/2012:11:23:41 +0100] "GET /fiok/index.html HTTP/1.1" 200 20554 "-" "Mozilla/5.0 (X11; Ubuntu; Linux i686; rv:14.0; ips-agent) Gecko/20100101 Firefox/14.0.1"
208.115.111.68 - - [23/Dec/2012:11:57:50 +0100] "GET /hirarchivum.htm HTTP/1.1" 200 24981 "-" "Mozilla/5.0 (compatible; Ezooms/1.0; ezooms.bot@gmail.com)"
173.199.120.35 - - [23/Dec/2012:11:59:08 +0100] "GET /jog/eseteink/poroszlo/poroszlo-kozig.pdf HTTP/1.1" 200 17044 "-" "Mozilla/5.0 (compatible; AhrefsBot/4.0; +http://ahrefs.com/robot/)"
173.199.120.35 - - [23/Dec/2012:12:12:01 +0100] "GET /hirek/hirek120207.htm HTTP/1.1" 200 6586 "-" "Mozilla/5.0 (compatible; AhrefsBot/4.0; +http://ahrefs.com/robot/)"
173.199.120.35 - - [23/Dec/2012:13:14:33 +0100] "GET /jog/eseteink/derekegyhaza/vizjogi_derekegyhaza.pdf HTTP/1.1" 200 17044 "-" "Mozilla/5.0 (compatible; AhrefsBot/4.0; +http://ahrefs.com/robot/)"
173.199.120.35 - - [23/Dec/2012:13:28:00 +0100] "GET /hirarchivum.htm HTTP/1.1" 200 24981 "-" "Mozilla/5.0 (compatible; AhrefsBot/4.0; +http://ahrefs.com/robot/)"
208.115.111.68 - - [23/Dec/2012:13:28:15 +0100] "GET /robots.txt HTTP/1.1" 404 1181 "-" "Mozilla/5.0 (compatible; Ezooms/1.0; ezooms.bot@gmail.com)"
173.199.120.35 - - [23/Dec/2012:13:31:16 +0100] "GET /jog/eseteink/poroszlo/panasz_poroszlo.pdf HTTP/1.1" 200 35868 "-" "Mozilla/5.0 (compatible; AhrefsBot/4.0; +http://ahrefs.com/robot/)"
173.199.120.35 - - [23/Dec/2012:13:47:27 +0100] "GET /jog/eseteink/poroszlo/petone%20dr.pdf HTTP/1.1" 200 17046 "-" "Mozilla/5.0 (compatible; AhrefsBot/4.0; +http://ahrefs.com/robot/)"
173.199.120.35 - - [23/Dec/2012:13:59:40 +0100] "GET /jog/eseteink/derekegyhaza/kotvife_kekto_2.pdf HTTP/1.1" 200 17044 "-" "Mozilla/5.0 (compatible; AhrefsBot/4.0; +http://ahrefs.com/robot/)"
173.199.120.35 - - [23/Dec/2012:14:14:17 +0100] "GET /hirek/hirek101213.htm HTTP/1.1" 200 8671 "-" "Mozilla/5.0 (compatible; AhrefsBot/4.0; +http://ahrefs.com/robot/)"
178.154.210.252 - - [23/Dec/2012:14:34:47 +0100] "GET /robots.txt HTTP/1.1" 404 1181 "-" "Mozilla/5.0 (compatible; YandexBot/3.0; +http://yandex.com/bots)"
178.154.210.252 - - [23/Dec/2012:14:34:49 +0100] "GET /hirek/hirek100810.htm HTTP/1.1" 304 - "-" "Mozilla/5.0 (compatible; YandexBot/3.0; +http://yandex.com/bots)"
66.249.78.60 - - [23/Dec/2012:15:14:16 +0100] "GET /robots.txt HTTP/1.1" 404 1181 "-" "Mozilla/5.0 (compatible; Googlebot/2.1; +http://www.google.com/bot.html)"
66.249.76.62 - - [23/Dec/2012:15:14:18 +0100] "GET /jog/jogszabalyok/conventions_hu.pdf HTTP/1.1" 200 1414196 "-" "Mozilla/5.0 (compatible; Googlebot/2.1; +http://www.google.com/bot.html)"
173.199.120.35 - - [23/Dec/2012:15:33:31 +0100] "GET /hirek/klimatv_civilcikk.doc HTTP/1.1" 200 19938 "-" "Mozilla/5.0 (compatible; AhrefsBot/4.0; +http://ahrefs.com/robot/)"
66.249.76.62 - - [23/Dec/2012:16:02:30 +0100] "GET /jog/eseteink/korosladany/dalerd%20lb%20itelet_001.pdf HTTP/1.1" 304 - "-" "Mozilla/5.0 (compatible; Googlebot/2.1; +http://www.google.com/bot.html)"
178.162.182.142 - - [23/Dec/2012:16:32:44 +0100] "GET / HTTP/1.1" 200 23965 "-" "Java/1.6.0_23"
178.162.182.142 - - [23/Dec/2012:16:32:45 +0100] "GET /hirarchivum.htm HTTP/1.1" 200 24981 "-" "Java/1.6.0_23"
178.162.182.142 - - [23/Dec/2012:16:32:45 +0100] "GET /index.htm HTTP/1.1" 200 23965 "-" "Java/1.6.0_23"
178.162.182.142 - - [23/Dec/2012:16:32:46 +0100] "GET /kapcsolat.htm HTTP/1.1" 200 6889 "-" "Java/1.6.0_23"
178.162.182.142 - - [23/Dec/2012:16:32:46 +0100] "GET /magunkrol.htm HTTP/1.1" 200 9202 "-" "Java/1.6.0_23"
178.162.182.142 - - [23/Dec/2012:16:32:46 +0100] "GET /media.htm HTTP/1.1" 200 5208 "-" "Java/1.6.0_23"
178.162.182.142 - - [23/Dec/2012:16:32:46 +0100] "GET /programok.htm HTTP/1.1" 200 6444 "-" "Java/1.6.0_23"
178.162.182.142 - - [23/Dec/2012:16:32:46 +0100] "GET /vill.cs HTTP/1.1" 200 2676 "-" "Java/1.6.0_23"
178.162.182.142 - - [23/Dec/2012:16:32:46 +0100] "GET /hirek08_10.htm HTTP/1.1" 200 6946 "-" "Java/1.6.0_23"
178.162.182.142 - - [23/Dec/2012:16:32:47 +0100] "GET /hirek08_11.htm HTTP/1.1" 200 7253 "-" "Java/1.6.0_23"
178.162.182.142 - - [23/Dec/2012:16:32:47 +0100] "GET /hirek08_12.htm HTTP/1.1" 200 8268 "-" "Java/1.6.0_23"
178.162.182.142 - - [23/Dec/2012:16:32:47 +0100] "GET /hirek09_01.htm HTTP/1.1" 200 6841 "-" "Java/1.6.0_23"
178.162.182.142 - - [23/Dec/2012:16:32:47 +0100] "GET /hirek09_02.htm HTTP/1.1" 200 7450 "-" "Java/1.6.0_23"
178.162.182.142 - - [23/Dec/2012:16:32:47 +0100] "GET /hirek09_03.htm HTTP/1.1" 200 10726 "-" "Java/1.6.0_23"
178.162.182.142 - - [23/Dec/2012:16:32:47 +0100] "GET /&url=kapcsolat.htm HTTP/1.1" 404 1181 "-" "Java/1.6.0_23"
178.162.182.142 - - [23/Dec/2012:16:32:48 +0100] "GET /&url=programok.htm HTTP/1.1" 404 1181 "-" "Java/1.6.0_23"
178.162.182.142 - - [23/Dec/2012:16:32:48 +0100] "GET /&url=adomanyi.htm HTTP/1.1" 404 1181 "-" "Java/1.6.0_23"
178.162.182.142 - - [23/Dec/2012:16:32:48 +0100] "GET /bunt.htm HTTP/1.1" 200 5683 "-" "Java/1.6.0_23"
178.162.182.142 - - [23/Dec/2012:16:32:48 +0100] "GET /civilmuhely.htm HTTP/1.1" 200 8450 "-" "Java/1.6.0_23"
178.162.182.142 - - [23/Dec/2012:16:32:48 +0100] "GET /khb.htm HTTP/1.1" 200 8719 "-" "Java/1.6.0_23"
178.162.182.142 - - [23/Dec/2012:16:32:49 +0100] "GET /nca.htm HTTP/1.1" 200 7467 "-" "Java/1.6.0_23"
178.162.182.142 - - [23/Dec/2012:16:32:49 +0100] "GET /ncta.htm HTTP/1.1" 200 7221 "-" "Java/1.6.0_23"
178.162.182.142 - - [23/Dec/2012:16:32:49 +0100] "GET /nka.htm HTTP/1.1" 200 6221 "-" "Java/1.6.0_23"
178.162.182.142 - - [23/Dec/2012:16:32:49 +0100] "GET /szakmai.htm HTTP/1.1" 200 6054 "-" "Java/1.6.0_23"
178.162.182.142 - - [23/Dec/2012:16:32:49 +0100] "GET /ncta_a.htm HTTP/1.1" 200 7260 "-" "Java/1.6.0_23"
178.162.182.142 - - [23/Dec/2012:16:32:50 +0100] "GET /&url=civilmuhely.htm HTTP/1.1" 404 1181 "-" "Java/1.6.0_23"
178.162.182.142 - - [23/Dec/2012:16:32:50 +0100] "GET /&url=magunkrol.htm HTTP/1.1" 404 1181 "-" "Java/1.6.0_23"
178.162.182.142 - - [23/Dec/2012:16:32:50 +0100] "GET /nca04.htm HTTP/1.1" 200 16378 "-" "Java/1.6.0_23"
178.162.182.142 - - [23/Dec/2012:16:32:50 +0100] "GET /nca05.htm HTTP/1.1" 200 16412 "-" "Java/1.6.0_23"
178.162.182.142 - - [23/Dec/2012:16:32:51 +0100] "GET /nca06.htm HTTP/1.1" 200 19034 "-" "Java/1.6.0_23"
178.162.182.142 - - [23/Dec/2012:16:32:51 +0100] "GET /nca07.htm HTTP/1.1" 200 21968 "-" "Java/1.6.0_23"
178.162.182.142 - - [23/Dec/2012:16:32:52 +0100] "GET /nca08.htm HTTP/1.1" 200 21795 "-" "Java/1.6.0_23"
178.162.182.142 - - [23/Dec/2012:16:32:52 +0100] "GET /nca09.htm HTTP/1.1" 200 24315 "-" "Java/1.6.0_23"
178.162.182.142 - - [23/Dec/2012:16:32:53 +0100] "GET /nca10.htm HTTP/1.1" 200 16648 "-" "Java/1.6.0_23"
178.162.182.142 - - [23/Dec/2012:16:32:54 +0100] "GET /nca11.htm HTTP/1.1" 200 7133 "-" "Java/1.6.0_23"
178.162.182.142 - - [23/Dec/2012:16:32:54 +0100] "GET /kiadvanyok.htm HTTP/1.1" 200 8206 "-" "Java/1.6.0_23"
178.162.182.142 - - [23/Dec/2012:16:32:54 +0100] "GET /deutsch/index.htm HTTP/1.1" 200 5324 "-" "Java/1.6.0_23"
178.162.182.142 - - [23/Dec/2012:16:32:55 +0100] "GET /english/index.htm HTTP/1.1" 200 5262 "-" "Java/1.6.0_23"
178.162.182.142 - - [23/Dec/2012:16:32:55 +0100] "GET /fiok/index.html HTTP/1.1" 200 20554 "-" "Java/1.6.0_23"
178.162.182.142 - - [23/Dec/2012:16:32:55 +0100] "GET /hirek/hirek091015.htm HTTP/1.1" 200 7046 "-" "Java/1.6.0_23"
178.162.182.142 - - [23/Dec/2012:16:32:55 +0100] "GET /hirek/hirek091102.htm HTTP/1.1" 200 8538 "-" "Java/1.6.0_23"
178.162.182.142 - - [23/Dec/2012:16:32:55 +0100] "GET /hirek/hirek091103.htm HTTP/1.1" 200 7301 "-" "Java/1.6.0_23"
178.162.182.142 - - [23/Dec/2012:16:32:55 +0100] "GET /hirek/hirek091221.htm HTTP/1.1" 200 6740 "-" "Java/1.6.0_23"
178.162.182.142 - - [23/Dec/2012:16:32:56 +0100] "GET /hirek/hirek100225.htm HTTP/1.1" 200 7288 "-" "Java/1.6.0_23"
178.154.210.252 - - [23/Dec/2012:16:46:11 +0100] "GET /hirek/hirek100420.htm HTTP/1.1" 304 - "-" "Mozilla/5.0 (compatible; YandexBot/3.0; +http://yandex.com/bots)"
130.83.167.153 - - [23/Dec/2012:17:14:53 +0100] "GET /hirek/hirek08_11.htm HTTP/1.1" 200 7337 "-" "findlinks/2.6 (+http://wortschatz.uni-leipzig.de/findlinks/)"
173.199.120.35 - - [23/Dec/2012:17:16:27 +0100] "GET /jog/eseteink/korosladany/fellebbezes_kv_engedly.doc.pdf HTTP/1.1" 200 19940 "-" "Mozilla/5.0 (compatible; AhrefsBot/4.0; +http://ahrefs.com/robot/)"
208.115.111.68 - - [23/Dec/2012:17:23:36 +0100] "GET /robots.txt HTTP/1.1" 404 1181 "-" "Mozilla/5.0 (compatible; Ezooms/1.0; ezooms.bot@gmail.com)"
173.199.120.35 - - [23/Dec/2012:17:28:05 +0100] "GET /jog/ HTTP/1.1" 200 13138 "-" "Mozilla/5.0 (compatible; AhrefsBot/4.0; +http://ahrefs.com/robot/)"
130.83.167.153 - - [23/Dec/2012:18:16:16 +0100] "GET /magunkrol.htm HTTP/1.1" 200 9202 "-" "findlinks/2.6 (+http://wortschatz.uni-leipzig.de/findlinks/)"
180.76.6.232 - - [23/Dec/2012:18:18:30 +0100] "GET /fiok/kornyezet.htm HTTP/1.1" 200 22582 "-" "Mozilla/5.0 (compatible; Baiduspider/2.0; +http://www.baidu.com/search/spider.html)"
139.18.2.209 - - [23/Dec/2012:18:22:51 +0100] "GET /hirek/fiok/index.html HTTP/1.1" 404 1181 "-" "findlinks/2.6 (+http://wortschatz.uni-leipzig.de/findlinks/)"
173.199.120.35 - - [23/Dec/2012:18:27:01 +0100] "GET /jog/eseteink/derekegyhaza/v%C3%ADzjogi_derekegyh%C3%A1za2.pdf HTTP/1.1" 404 1181 "-" "Mozilla/5.0 (compatible; AhrefsBot/4.0; +http://ahrefs.com/robot/)"
66.249.76.62 - - [23/Dec/2012:19:13:15 +0100] "GET /hirek/hirek120120.htm HTTP/1.1" 304 - "-" "Mozilla/5.0 (iPhone; U; CPU iPhone OS 4_1 like Mac OS X; en-us) AppleWebKit/532.9 (KHTML, like Gecko) Version/4.0.5 Mobile/8B117 Safari/6531.22.7 (compatible; Googlebot-Mobile/2.1; +http://www.google.com/bot.html)"
64.246.165.170 - - [23/Dec/2012:19:15:13 +0100] "GET /robots.txt HTTP/1.0" 404 1181 "-" "Mozilla/5.0 (Windows; U; Windows NT 5.1; en; rv:1.9.0.13) Gecko/2009073022 Firefox/3.5.2 (.NET CLR 3.5.30729) SurveyBot/2.3 (DomainTools)"
64.246.165.170 - - [23/Dec/2012:19:15:13 +0100] "GET / HTTP/1.1" 200 23965 "http://whois.domaintools.com/beklen.hu" "Mozilla/5.0 (Windows; U; Windows NT 5.1; en; rv:1.9.0.13) Gecko/2009073022 Firefox/3.5.2 (.NET CLR 3.5.30729) SurveyBot/2.3 (DomainTools)"
139.18.2.209 - - [23/Dec/2012:19:26:03 +0100] "GET /hirek/hirek101213.htm HTTP/1.1" 200 8671 "-" "findlinks/2.6 (+http://wortschatz.uni-leipzig.de/findlinks/)"
208.115.111.68 - - [23/Dec/2012:20:01:26 +0100] "GET /jog/eseteink/derekegyhaza/eseteink/derekegyhaza/index.htm HTTP/1.1" 404 1181 "-" "Mozilla/5.0 (compatible; Ezooms/1.0; ezooms.bot@gmail.com)"
66.249.78.60 - - [23/Dec/2012:20:03:41 +0100] "GET /jog/jogszabalyok/vki_en_hu_hivatalos_20040901.pdf HTTP/1.1" 200 1062287 "-" "Mozilla/5.0 (compatible; Googlebot/2.1; +http://www.google.com/bot.html)"
173.199.120.35 - - [23/Dec/2012:20:35:32 +0100] "GET /kapcsolat.htm HTTP/1.1" 200 6889 "-" "Mozilla/5.0 (compatible; AhrefsBot/4.0; +http://ahrefs.com/robot/)"
66.249.78.60 - - [23/Dec/2012:21:10:36 +0100] "GET /hirek/szines_vm_logo.jpg HTTP/1.1" 304 - "-" "Googlebot-Image/1.0"
173.199.120.35 - - [23/Dec/2012:21:19:09 +0100] "GET /jog/eseteink/derekegyhaza/fvm_kekto.pdf HTTP/1.1" 200 19940 "-" "Mozilla/5.0 (compatible; AhrefsBot/4.0; +http://ahrefs.com/robot/)"
173.199.120.35 - - [23/Dec/2012:21:22:56 +0100] "GET /jog/eseteink/audi/additional_information_on_the_compensatory_measures_provided_by_hungarian_authorities_at_the_request_of_the_commission_1.pdf HTTP/1.1" 200 19938 "-" "Mozilla/5.0 (compatible; AhrefsBot/4.0; +http://ahrefs.com/robot/)"
66.249.76.62 - - [23/Dec/2012:21:32:09 +0100] "GET /jog/jogszabalyok/kek_6925_2004_cxl.pdf HTTP/1.1" 200 702411 "-" "Mozilla/5.0 (compatible; Googlebot/2.1; +http://www.google.com/bot.html)"
173.199.120.35 - - [23/Dec/2012:21:46:13 +0100] "GET /fiok/news.html HTTP/1.1" 404 1181 "-" "Mozilla/5.0 (compatible; AhrefsBot/4.0; +http://ahrefs.com/robot/)"
173.199.120.35 - - [23/Dec/2012:22:02:59 +0100] "GET /programok.htm HTTP/1.1" 200 6444 "-" "Mozilla/5.0 (compatible; AhrefsBot/4.0; +http://ahrefs.com/robot/)"
66.249.78.60 - - [23/Dec/2012:22:15:01 +0100] "GET /jog/eseteink/malom/ilona_bontas.pdf HTTP/1.1" 200 4556816 "-" "Mozilla/5.0 (compatible; Googlebot/2.1; +http://www.google.com/bot.html)"
173.199.120.35 - - [23/Dec/2012:22:24:27 +0100] "GET /fiok/programok.htm HTTP/1.1" 200 18165 "-" "Mozilla/5.0 (compatible; AhrefsBot/4.0; +http://ahrefs.com/robot/)"
173.199.120.35 - - [23/Dec/2012:22:59:12 +0100] "GET /jog/eseteink/poroszlo/poroszlo-hnp.pdf HTTP/1.1" 200 17044 "-" "Mozilla/5.0 (compatible; AhrefsBot/4.0; +http://ahrefs.com/robot/)"
173.199.120.35 - - [23/Dec/2012:23:54:34 +0100] "GET /english/programs.htm HTTP/1.1" 200 5614 "-" "Mozilla/5.0 (compatible; AhrefsBot/4.0; +http://ahrefs.com/robot/)"
178.154.210.252 - - [24/Dec/2012:00:00:51 +0100] "GET / HTTP/1.1" 200 23965 "-" "Mozilla/5.0 (compatible; YandexBot/3.0; +http://yandex.com/bots)"
178.154.210.252 - - [24/Dec/2012:00:00:54 +0100] "GET /hirek/hirek101025.htm HTTP/1.1" 304 - "-" "Mozilla/5.0 (compatible; YandexBot/3.0; +http://yandex.com/bots)"
173.199.120.35 - - [24/Dec/2012:00:07:23 +0100] "GET /jog/eseteink/poroszlo/keresetlevel_javitott_poroszlo.pdf HTTP/1.1" 200 19940 "-" "Mozilla/5.0 (compatible; AhrefsBot/4.0; +http://ahrefs.com/robot/)"
178.154.210.252 - - [24/Dec/2012:00:31:25 +0100] "GET /jog HTTP/1.1" 301 311 "-" "Mozilla/5.0 (compatible; YandexBot/3.0; +http://yandex.com/bots)"
178.154.210.252 - - [24/Dec/2012:00:35:53 +0100] "GET /jog/ HTTP/1.1" 200 13138 "-" "Mozilla/5.0 (compatible; YandexBot/3.0; +http://yandex.com/bots)"
173.199.120.35 - - [24/Dec/2012:00:51:31 +0100] "GET /jog/eseteink/korosladany/elso_feljelentes_rendorsegnek.pdf HTTP/1.1" 200 19940 "-" "Mozilla/5.0 (compatible; AhrefsBot/4.0; +http://ahrefs.com/robot/)"
208.115.111.68 - - [24/Dec/2012:01:15:26 +0100] "GET /robots.txt HTTP/1.1" 404 1181 "-" "Mozilla/5.0 (compatible; Ezooms/1.0; ezooms.bot@gmail.com)"
180.76.6.36 - - [24/Dec/2012:02:02:36 +0100] "GET /fiok/mult.htm HTTP/1.1" 200 23227 "-" "Mozilla/5.0 (compatible; Baiduspider/2.0; +http://www.baidu.com/search/spider.html)"
139.18.2.209 - - [24/Dec/2012:03:23:26 +0100] "GET /jog/eseteink/derekegyhaza/eseteink/derekegyhaza/index.htm HTTP/1.1" 404 1181 "-" "findlinks/2.6 (+http://wortschatz.uni-leipzig.de/findlinks/)"
208.115.111.68 - - [24/Dec/2012:03:56:35 +0100] "GET /index.htm HTTP/1.1" 200 23965 "-" "Mozilla/5.0 (compatible; Ezooms/1.0; ezooms.bot@gmail.com)"
69.64.34.140 - - [24/Dec/2012:03:58:52 +0100] "GET /robots.txt HTTP/1.0" 404 1181 "-" "Mozilla/5.0 (compatible; MJ12bot/v1.4.3; http://www.majestic12.co.uk/bot.php?+)"
69.64.34.140 - - [24/Dec/2012:03:59:32 +0100] "GET / HTTP/1.0" 200 23965 "-" "Mozilla/5.0 (compatible; MJ12bot/v1.4.3; http://www.majestic12.co.uk/bot.php?+)"
66.249.78.60 - - [24/Dec/2012:04:14:35 +0100] "GET /robots.txt HTTP/1.1" 404 1181 "-" "Mozilla/5.0 (compatible; Googlebot/2.1; +http://www.google.com/bot.html)"
66.249.78.60 - - [24/Dec/2012:04:14:35 +0100] "GET /hirek/hirek101213.htm HTTP/1.1" 200 8671 "-" "Mozilla/5.0 (iPhone; U; CPU iPhone OS 4_1 like Mac OS X; en-us) AppleWebKit/532.9 (KHTML, like Gecko) Version/4.0.5 Mobile/8B117 Safari/6531.22.7 (compatible; Googlebot-Mobile/2.1; +http://www.google.com/bot.html)"
66.249.78.60 - - [24/Dec/2012:04:28:42 +0100] "GET /lb/js/lightbox.js HTTP/1.1" 200 23424 "-" "Mozilla/5.0 (compatible; Googlebot/2.1; +http://www.google.com/bot.html)"
66.249.78.60 - - [24/Dec/2012:04:28:43 +0100] "GET /lb/css/lightbox.css HTTP/1.1" 200 1715 "-" "Mozilla/5.0 (compatible; Googlebot/2.1; +http://www.google.com/bot.html)"
66.249.78.60 - - [24/Dec/2012:04:28:43 +0100] "GET /lb/js/effects.js HTTP/1.1" 200 31969 "-" "Mozilla/5.0 (compatible; Googlebot/2.1; +http://www.google.com/bot.html)"
66.249.78.60 - - [24/Dec/2012:04:28:44 +0100] "GET /lb/js/prototype.js HTTP/1.1" 200 47603 "-" "Mozilla/5.0 (compatible; Googlebot/2.1; +http://www.google.com/bot.html)"
139.18.2.209 - - [24/Dec/2012:04:57:40 +0100] "GET /jog/eljarasokrol.htm HTTP/1.1" 200 14427 "-" "findlinks/2.6 (+http://wortschatz.uni-leipzig.de/findlinks/)"
66.249.78.60 - - [24/Dec/2012:07:19:42 +0100] "GET / HTTP/1.1" 200 23965 "-" "Mozilla/5.0 (compatible; Googlebot/2.1; +http://www.google.com/bot.html)"
208.115.113.84 - - [24/Dec/2012:07:23:33 +0100] "GET /robots.txt HTTP/1.1" 404 1181 "-" "Mozilla/5.0 (compatible; Ezooms/1.0; ezooms.bot@gmail.com)"
130.83.167.153 - - [24/Dec/2012:07:25:37 +0100] "GET /fiok/news.html HTTP/1.1" 404 1181 "-" "findlinks/2.6 (+http://wortschatz.uni-leipzig.de/findlinks/)"
180.76.5.101 - - [24/Dec/2012:07:40:01 +0100] "GET /fiok/program_reszek/konferancia.htm HTTP/1.1" 200 21668 "-" "Mozilla/5.0 (compatible; Baiduspider/2.0; +http://www.baidu.com/search/spider.html)"
157.55.32.86 - - [24/Dec/2012:08:03:35 +0100] "GET /robots.txt HTTP/1.1" 404 1181 "-" "Mozilla/5.0 (compatible; bingbot/2.0; +http://www.bing.com/bingbot.htm)"
157.55.32.86 - - [24/Dec/2012:08:05:11 +0100] "GET /jog/ugyfeljogok.htm HTTP/1.1" 304 - "-" "Mozilla/5.0 (compatible; bingbot/2.0; +http://www.bing.com/bingbot.htm)"
62.165.204.46 - - [24/Dec/2012:08:38:14 +0100] "GET / HTTP/1.1" 200 23965 "" "Mozilla/5.0 (Windows; U; Windows NT 5.1; rv:1.7.3) Gecko/20041001 Firefox/0.10.1"
62.165.204.46 - - [24/Dec/2012:08:38:14 +0100] "GET / HTTP/1.1" 200 23965 "" "Mozilla/5.0 (Windows; U; Windows NT 5.1; rv:1.7.3) Gecko/20041001 Firefox/0.10.1"
62.165.204.46 - - [24/Dec/2012:08:38:14 +0100] "GET /index.htm HTTP/1.1" 200 23965 "http://beklen.hu" "Mozilla/5.0 (Windows; U; Windows NT 5.1; rv:1.7.3) Gecko/20041001 Firefox/0.10.1"
62.165.204.46 - - [24/Dec/2012:08:38:14 +0100] "GET /index.htm HTTP/1.1" 200 23965 "http://beklen.hu" "Mozilla/5.0 (Windows; U; Windows NT 5.1; rv:1.7.3) Gecko/20041001 Firefox/0.10.1"
62.165.204.46 - - [24/Dec/2012:08:38:14 +0100] "GET /magunkrol.htm HTTP/1.1" 200 9202 "http://beklen.hu" "Mozilla/5.0 (Windows; U; Windows NT 5.1; rv:1.7.3) Gecko/20041001 Firefox/0.10.1"
62.165.204.46 - - [24/Dec/2012:08:38:14 +0100] "GET /magunkrol.htm HTTP/1.1" 200 9202 "http://beklen.hu" "Mozilla/5.0 (Windows; U; Windows NT 5.1; rv:1.7.3) Gecko/20041001 Firefox/0.10.1"
62.165.204.46 - - [24/Dec/2012:08:38:18 +0100] "GET /programok.htm HTTP/1.1" 200 6444 "http://beklen.hu" "Mozilla/5.0 (Windows; U; Windows NT 5.1; rv:1.7.3) Gecko/20041001 Firefox/0.10.1"
62.165.204.46 - - [24/Dec/2012:08:38:18 +0100] "GET /programok.htm HTTP/1.1" 200 6444 "http://beklen.hu" "Mozilla/5.0 (Windows; U; Windows NT 5.1; rv:1.7.3) Gecko/20041001 Firefox/0.10.1"
62.165.204.46 - - [24/Dec/2012:08:38:18 +0100] "GET /kapcsolat.htm HTTP/1.1" 200 6889 "http://beklen.hu" "Mozilla/5.0 (Windows; U; Windows NT 5.1; rv:1.7.3) Gecko/20041001 Firefox/0.10.1"
62.165.204.46 - - [24/Dec/2012:08:38:18 +0100] "GET /kapcsolat.htm HTTP/1.1" 200 6889 "http://beklen.hu" "Mozilla/5.0 (Windows; U; Windows NT 5.1; rv:1.7.3) Gecko/20041001 Firefox/0.10.1"
62.165.204.46 - - [24/Dec/2012:08:38:18 +0100] "GET /media.htm HTTP/1.1" 200 5208 "http://beklen.hu" "Mozilla/5.0 (Windows; U; Windows NT 5.1; rv:1.7.3) Gecko/20041001 Firefox/0.10.1"
62.165.204.46 - - [24/Dec/2012:08:38:18 +0100] "GET /media.htm HTTP/1.1" 200 5208 "http://beklen.hu" "Mozilla/5.0 (Windows; U; Windows NT 5.1; rv:1.7.3) Gecko/20041001 Firefox/0.10.1"
62.165.204.46 - - [24/Dec/2012:08:38:18 +0100] "GET /english/index.htm HTTP/1.1" 200 5262 "http://beklen.hu" "Mozilla/5.0 (Windows; U; Windows NT 5.1; rv:1.7.3) Gecko/20041001 Firefox/0.10.1"
62.165.204.46 - - [24/Dec/2012:08:38:18 +0100] "GET /english/index.htm HTTP/1.1" 200 5262 "http://beklen.hu" "Mozilla/5.0 (Windows; U; Windows NT 5.1; rv:1.7.3) Gecko/20041001 Firefox/0.10.1"
62.165.204.46 - - [24/Dec/2012:08:38:18 +0100] "GET /deutsch/index.htm HTTP/1.1" 200 5324 "http://beklen.hu" "Mozilla/5.0 (Windows; U; Windows NT 5.1; rv:1.7.3) Gecko/20041001 Firefox/0.10.1"
62.165.204.46 - - [24/Dec/2012:08:38:18 +0100] "GET /deutsch/index.htm HTTP/1.1" 200 5324 "http://beklen.hu" "Mozilla/5.0 (Windows; U; Windows NT 5.1; rv:1.7.3) Gecko/20041001 Firefox/0.10.1"
62.165.204.46 - - [24/Dec/2012:08:38:18 +0100] "GET /fiok/index.html HTTP/1.1" 200 20554 "http://beklen.hu" "Mozilla/5.0 (Windows; U; Windows NT 5.1; rv:1.7.3) Gecko/20041001 Firefox/0.10.1"
62.165.204.46 - - [24/Dec/2012:08:38:18 +0100] "GET /fiok/index.html HTTP/1.1" 200 20554 "http://beklen.hu" "Mozilla/5.0 (Windows; U; Windows NT 5.1; rv:1.7.3) Gecko/20041001 Firefox/0.10.1"
62.165.204.46 - - [24/Dec/2012:08:38:18 +0100] "GET /a1_projekt_tabla_infra_cs3_beklenhaz.jpg HTTP/1.1" 200 73344 "http://beklen.hu" "Mozilla/5.0 (Windows; U; Windows NT 5.1; rv:1.7.3) Gecko/20041001 Firefox/0.10.1"
62.165.204.46 - - [24/Dec/2012:08:38:18 +0100] "GET /uszt-tabla.jpg HTTP/1.1" 404 1181 "http://beklen.hu" "Mozilla/5.0 (Windows; U; Windows NT 5.1; rv:1.7.3) Gecko/20041001 Firefox/0.10.1"
62.165.204.46 - - [24/Dec/2012:08:38:18 +0100] "GET /uszt-tabla.jpg HTTP/1.1" 404 1181 "http://beklen.hu" "Mozilla/5.0 (Windows; U; Windows NT 5.1; rv:1.7.3) Gecko/20041001 Firefox/0.10.1"
62.165.204.46 - - [24/Dec/2012:08:38:18 +0100] "GET /hirek/hirek120207.htm HTTP/1.1" 200 6586 "http://beklen.hu" "Mozilla/5.0 (Windows; U; Windows NT 5.1; rv:1.7.3) Gecko/20041001 Firefox/0.10.1"
62.165.204.46 - - [24/Dec/2012:08:38:18 +0100] "GET /hirek/hirek120207.htm HTTP/1.1" 200 6586 "http://beklen.hu" "Mozilla/5.0 (Windows; U; Windows NT 5.1; rv:1.7.3) Gecko/20041001 Firefox/0.10.1"
62.165.204.46 - - [24/Dec/2012:08:38:21 +0100] "GET /hirek/hirek120120.htm HTTP/1.1" 200 6634 "http://beklen.hu" "Mozilla/5.0 (Windows; U; Windows NT 5.1; rv:1.7.3) Gecko/20041001 Firefox/0.10.1"
62.165.204.46 - - [24/Dec/2012:08:38:21 +0100] "GET /hirek/hirek120120.htm HTTP/1.1" 200 6634 "http://beklen.hu" "Mozilla/5.0 (Windows; U; Windows NT 5.1; rv:1.7.3) Gecko/20041001 Firefox/0.10.1"
62.165.204.46 - - [24/Dec/2012:08:38:24 +0100] "GET /hirek/hirek101213.htm HTTP/1.1" 200 8671 "http://beklen.hu" "Mozilla/5.0 (Windows; U; Windows NT 5.1; rv:1.7.3) Gecko/20041001 Firefox/0.10.1"
62.165.204.46 - - [24/Dec/2012:08:38:24 +0100] "GET /hirek/hirek101213.htm HTTP/1.1" 200 8671 "http://beklen.hu" "Mozilla/5.0 (Windows; U; Windows NT 5.1; rv:1.7.3) Gecko/20041001 Firefox/0.10.1"
62.165.204.46 - - [24/Dec/2012:08:38:24 +0100] "GET /hirek/hirek101027.htm HTTP/1.1" 200 9627 "http://beklen.hu" "Mozilla/5.0 (Windows; U; Windows NT 5.1; rv:1.7.3) Gecko/20041001 Firefox/0.10.1"
62.165.204.46 - - [24/Dec/2012:08:38:24 +0100] "GET /hirek/hirek101027.htm HTTP/1.1" 200 9627 "http://beklen.hu" "Mozilla/5.0 (Windows; U; Windows NT 5.1; rv:1.7.3) Gecko/20041001 Firefox/0.10.1"
62.165.204.46 - - [24/Dec/2012:08:38:24 +0100] "GET /hirek/hirek101025.htm HTTP/1.1" 200 8786 "http://beklen.hu" "Mozilla/5.0 (Windows; U; Windows NT 5.1; rv:1.7.3) Gecko/20041001 Firefox/0.10.1"
62.165.204.46 - - [24/Dec/2012:08:38:24 +0100] "GET /hirek/hirek101025.htm HTTP/1.1" 200 8786 "http://beklen.hu" "Mozilla/5.0 (Windows; U; Windows NT 5.1; rv:1.7.3) Gecko/20041001 Firefox/0.10.1"
62.165.204.46 - - [24/Dec/2012:08:38:24 +0100] "GET /hirek/hirek100810.htm HTTP/1.1" 200 8123 "http://beklen.hu" "Mozilla/5.0 (Windows; U; Windows NT 5.1; rv:1.7.3) Gecko/20041001 Firefox/0.10.1"
62.165.204.46 - - [24/Dec/2012:08:38:24 +0100] "GET /hirek/hirek100810.htm HTTP/1.1" 200 8123 "http://beklen.hu" "Mozilla/5.0 (Windows; U; Windows NT 5.1; rv:1.7.3) Gecko/20041001 Firefox/0.10.1"
62.165.204.46 - - [24/Dec/2012:08:38:24 +0100] "GET /hirek/hirek100804.htm HTTP/1.1" 200 8056 "http://beklen.hu" "Mozilla/5.0 (Windows; U; Windows NT 5.1; rv:1.7.3) Gecko/20041001 Firefox/0.10.1"
62.165.204.46 - - [24/Dec/2012:08:38:24 +0100] "GET /hirek/hirek100804.htm HTTP/1.1" 200 8056 "http://beklen.hu" "Mozilla/5.0 (Windows; U; Windows NT 5.1; rv:1.7.3) Gecko/20041001 Firefox/0.10.1"
62.165.204.46 - - [24/Dec/2012:08:38:25 +0100] "GET /hirek/hirek100728.htm HTTP/1.1" 200 7560 "http://beklen.hu" "Mozilla/5.0 (Windows; U; Windows NT 5.1; rv:1.7.3) Gecko/20041001 Firefox/0.10.1"
