38.111.147.84 - - [09/Dec/2012:17:17:15 +0100] "GET /hirek08_11.htm HTTP/1.0" 200 7253 "-" "TurnitinBot/2.1 (http://www.turnitin.com/robot/crawlerinfo.html)"
38.111.147.84 - - [09/Dec/2012:17:17:45 +0100] "GET /hirek08_10.htm HTTP/1.0" 200 6946 "-" "TurnitinBot/2.1 (http://www.turnitin.com/robot/crawlerinfo.html)"
38.111.147.84 - - [09/Dec/2012:17:18:15 +0100] "GET /hirek/hirek09_03.htm HTTP/1.0" 200 10810 "-" "TurnitinBot/2.1 (http://www.turnitin.com/robot/crawlerinfo.html)"
38.111.147.84 - - [09/Dec/2012:17:18:45 +0100] "GET /hirek/hirek09_02.htm HTTP/1.0" 200 7534 "-" "TurnitinBot/2.1 (http://www.turnitin.com/robot/crawlerinfo.html)"
38.111.147.84 - - [09/Dec/2012:17:19:15 +0100] "GET /hirek/hirek09_01.htm HTTP/1.0" 200 6925 "-" "TurnitinBot/2.1 (http://www.turnitin.com/robot/crawlerinfo.html)"
38.111.147.84 - - [09/Dec/2012:17:19:45 +0100] "GET /hirek/hirek090930.htm HTTP/1.0" 200 7044 "-" "TurnitinBot/2.1 (http://www.turnitin.com/robot/crawlerinfo.html)"
38.111.147.84 - - [09/Dec/2012:17:20:14 +0100] "GET /hirek/hirek090619.htm HTTP/1.0" 200 7871 "-" "TurnitinBot/2.1 (http://www.turnitin.com/robot/crawlerinfo.html)"
38.111.147.84 - - [09/Dec/2012:17:20:45 +0100] "GET /hirek/hirek090605.htm HTTP/1.0" 200 7994 "-" "TurnitinBot/2.1 (http://www.turnitin.com/robot/crawlerinfo.html)"
38.111.147.84 - - [09/Dec/2012:17:21:16 +0100] "GET /hirek/hirek090602.htm HTTP/1.0" 200 7261 "-" "TurnitinBot/2.1 (http://www.turnitin.com/robot/crawlerinfo.html)"
38.111.147.84 - - [09/Dec/2012:17:21:45 +0100] "GET /hirek/hirek090510.htm HTTP/1.0" 200 12743 "-" "TurnitinBot/2.1 (http://www.turnitin.com/robot/crawlerinfo.html)"
38.111.147.84 - - [09/Dec/2012:17:22:15 +0100] "GET /hirek/hirek090509.htm HTTP/1.0" 200 7803 "-" "TurnitinBot/2.1 (http://www.turnitin.com/robot/crawlerinfo.html)"
38.111.147.84 - - [09/Dec/2012:17:22:45 +0100] "GET /hirek/hirek090428.htm HTTP/1.0" 200 24808 "-" "TurnitinBot/2.1 (http://www.turnitin.com/robot/crawlerinfo.html)"
38.111.147.84 - - [09/Dec/2012:17:23:15 +0100] "GET /hirek/hirek090303.htm HTTP/1.0" 200 7721 "-" "TurnitinBot/2.1 (http://www.turnitin.com/robot/crawlerinfo.html)"
38.111.147.84 - - [09/Dec/2012:17:23:45 +0100] "GET /hirek/hirek090302.htm HTTP/1.0" 200 8452 "-" "TurnitinBot/2.1 (http://www.turnitin.com/robot/crawlerinfo.html)"
38.111.147.84 - - [09/Dec/2012:17:24:15 +0100] "GET /hirek/hirek090301.htm HTTP/1.0" 200 7022 "-" "TurnitinBot/2.1 (http://www.turnitin.com/robot/crawlerinfo.html)"
38.111.147.84 - - [09/Dec/2012:17:24:45 +0100] "GET /hirek/hirek090215.htm HTTP/1.0" 200 9398 "-" "TurnitinBot/2.1 (http://www.turnitin.com/robot/crawlerinfo.html)"
38.111.147.84 - - [09/Dec/2012:17:25:15 +0100] "GET /hirek/hirek08_12.htm HTTP/1.0" 200 8352 "-" "TurnitinBot/2.1 (http://www.turnitin.com/robot/crawlerinfo.html)"
38.111.147.84 - - [09/Dec/2012:17:25:45 +0100] "GET /hirek/hirek08_11.htm HTTP/1.0" 200 7337 "-" "TurnitinBot/2.1 (http://www.turnitin.com/robot/crawlerinfo.html)"
38.111.147.84 - - [09/Dec/2012:17:26:15 +0100] "GET /hirek/hirek08_10.htm HTTP/1.0" 200 7030 "-" "TurnitinBot/2.1 (http://www.turnitin.com/robot/crawlerinfo.html)"
38.111.147.84 - - [09/Dec/2012:17:26:46 +0100] "GET /hirek/jelentkezesi_lap.doc HTTP/1.0" 200 251392 "-" "TurnitinBot/2.1 (http://www.turnitin.com/robot/crawlerinfo.html)"
38.111.147.84 - - [09/Dec/2012:17:27:16 +0100] "GET /hirek/Natura_2000es_gyepgazdalkodas_eloirasai.ppt HTTP/1.0" 200 333312 "-" "TurnitinBot/2.1 (http://www.turnitin.com/robot/crawlerinfo.html)"
38.111.147.84 - - [09/Dec/2012:17:27:45 +0100] "GET /hirek/fiok/index.html HTTP/1.0" 404 1181 "-" "TurnitinBot/2.1 (http://www.turnitin.com/robot/crawlerinfo.html)"
38.111.147.84 - - [09/Dec/2012:17:28:15 +0100] "GET /szakmai.htm HTTP/1.0" 200 6054 "-" "TurnitinBot/2.1 (http://www.turnitin.com/robot/crawlerinfo.html)"
38.111.147.84 - - [09/Dec/2012:17:28:45 +0100] "GET /nka.htm HTTP/1.0" 200 6221 "-" "TurnitinBot/2.1 (http://www.turnitin.com/robot/crawlerinfo.html)"
38.111.147.84 - - [09/Dec/2012:17:29:15 +0100] "GET /ncta.htm HTTP/1.0" 200 7221 "-" "TurnitinBot/2.1 (http://www.turnitin.com/robot/crawlerinfo.html)"
38.111.147.84 - - [09/Dec/2012:17:29:45 +0100] "GET /nca.htm HTTP/1.0" 200 7467 "-" "TurnitinBot/2.1 (http://www.turnitin.com/robot/crawlerinfo.html)"
38.111.147.84 - - [09/Dec/2012:17:30:15 +0100] "GET /media.htm HTTP/1.0" 200 5208 "-" "TurnitinBot/2.1 (http://www.turnitin.com/robot/crawlerinfo.html)"
38.111.147.84 - - [09/Dec/2012:17:30:45 +0100] "GET /khb.htm HTTP/1.0" 200 8719 "-" "TurnitinBot/2.1 (http://www.turnitin.com/robot/crawlerinfo.html)"
38.111.147.84 - - [09/Dec/2012:17:31:15 +0100] "GET /jog/index.htm HTTP/1.0" 200 13138 "-" "TurnitinBot/2.1 (http://www.turnitin.com/robot/crawlerinfo.html)"
38.111.147.84 - - [09/Dec/2012:17:31:45 +0100] "GET /civilmuhely.htm HTTP/1.0" 200 8450 "-" "TurnitinBot/2.1 (http://www.turnitin.com/robot/crawlerinfo.html)"
38.111.147.84 - - [09/Dec/2012:17:31:49 +0100] "GET /robots.txt HTTP/1.0" 404 1181 "-" "TurnitinBot/2.1 (http://www.turnitin.com/robot/crawlerinfo.html)"
38.111.147.84 - - [09/Dec/2012:17:32:15 +0100] "GET /bunt.htm HTTP/1.0" 200 5683 "-" "TurnitinBot/2.1 (http://www.turnitin.com/robot/crawlerinfo.html)"
38.111.147.84 - - [09/Dec/2012:17:32:45 +0100] "GET /english/programs.htm HTTP/1.0" 200 5614 "-" "TurnitinBot/2.1 (http://www.turnitin.com/robot/crawlerinfo.html)"
38.111.147.84 - - [09/Dec/2012:17:33:15 +0100] "GET /english/introduction.htm HTTP/1.0" 200 6502 "-" "TurnitinBot/2.1 (http://www.turnitin.com/robot/crawlerinfo.html)"
38.111.147.84 - - [09/Dec/2012:17:33:45 +0100] "GET /english/contact.htm HTTP/1.0" 200 4601 "-" "TurnitinBot/2.1 (http://www.turnitin.com/robot/crawlerinfo.html)"
38.111.147.84 - - [09/Dec/2012:17:34:15 +0100] "GET /hirek09_03.htm HTTP/1.0" 200 10726 "-" "TurnitinBot/2.1 (http://www.turnitin.com/robot/crawlerinfo.html)"
38.111.147.84 - - [09/Dec/2012:17:34:45 +0100] "GET /hirek09_02.htm HTTP/1.0" 200 7450 "-" "TurnitinBot/2.1 (http://www.turnitin.com/robot/crawlerinfo.html)"
38.111.147.84 - - [09/Dec/2012:17:35:15 +0100] "GET /hirek09_01.htm HTTP/1.0" 200 6841 "-" "TurnitinBot/2.1 (http://www.turnitin.com/robot/crawlerinfo.html)"
38.111.147.84 - - [09/Dec/2012:17:35:45 +0100] "GET /hirek08_12.htm HTTP/1.0" 200 8268 "-" "TurnitinBot/2.1 (http://www.turnitin.com/robot/crawlerinfo.html)"
38.111.147.84 - - [09/Dec/2012:17:36:15 +0100] "GET /hirek08_11.htm HTTP/1.0" 200 7253 "-" "TurnitinBot/2.1 (http://www.turnitin.com/robot/crawlerinfo.html)"
38.111.147.84 - - [09/Dec/2012:17:36:45 +0100] "GET /hirek08_10.htm HTTP/1.0" 200 6946 "-" "TurnitinBot/2.1 (http://www.turnitin.com/robot/crawlerinfo.html)"
178.154.210.252 - - [09/Dec/2012:17:36:48 +0100] "GET /jog/eseteink/duzzaszto/gyulavari_duzz_felugyeloseg.pdf HTTP/1.1" 200 100180 "-" "Mozilla/5.0 (compatible; YandexBot/3.0; +http://yandex.com/bots)"
38.111.147.84 - - [09/Dec/2012:17:37:15 +0100] "GET /hirek/hirek09_03.htm HTTP/1.0" 200 10810 "-" "TurnitinBot/2.1 (http://www.turnitin.com/robot/crawlerinfo.html)"
38.111.147.84 - - [09/Dec/2012:17:37:45 +0100] "GET /hirek/hirek09_02.htm HTTP/1.0" 200 7534 "-" "TurnitinBot/2.1 (http://www.turnitin.com/robot/crawlerinfo.html)"
38.111.147.84 - - [09/Dec/2012:17:38:15 +0100] "GET /hirek/hirek09_01.htm HTTP/1.0" 200 6925 "-" "TurnitinBot/2.1 (http://www.turnitin.com/robot/crawlerinfo.html)"
38.111.147.84 - - [09/Dec/2012:17:38:45 +0100] "GET /programok.htm HTTP/1.0" 304 - "-" "TurnitinBot/2.1 (http://www.turnitin.com/robot/crawlerinfo.html)"
38.111.147.84 - - [09/Dec/2012:17:39:15 +0100] "GET /magunkrol.htm HTTP/1.0" 304 - "-" "TurnitinBot/2.1 (http://www.turnitin.com/robot/crawlerinfo.html)"
38.111.147.84 - - [09/Dec/2012:17:39:45 +0100] "GET /kapcsolat.htm HTTP/1.0" 304 - "-" "TurnitinBot/2.1 (http://www.turnitin.com/robot/crawlerinfo.html)"
38.111.147.84 - - [09/Dec/2012:17:40:15 +0100] "GET /hirek/klimatv_civilcikk.doc HTTP/1.0" 304 - "-" "TurnitinBot/2.1 (http://www.turnitin.com/robot/crawlerinfo.html)"
38.111.147.84 - - [09/Dec/2012:17:40:45 +0100] "GET /hirek/hirek120207.htm HTTP/1.0" 304 - "-" "TurnitinBot/2.1 (http://www.turnitin.com/robot/crawlerinfo.html)"
38.111.147.84 - - [09/Dec/2012:17:41:15 +0100] "GET /hirek/hirek120120.htm HTTP/1.0" 304 - "-" "TurnitinBot/2.1 (http://www.turnitin.com/robot/crawlerinfo.html)"
38.111.147.84 - - [09/Dec/2012:17:41:45 +0100] "GET /hirek/hirek101213.htm HTTP/1.0" 304 - "-" "TurnitinBot/2.1 (http://www.turnitin.com/robot/crawlerinfo.html)"
38.111.147.84 - - [09/Dec/2012:17:42:15 +0100] "GET /hirek/hirek101027.htm HTTP/1.0" 304 - "-" "TurnitinBot/2.1 (http://www.turnitin.com/robot/crawlerinfo.html)"
38.111.147.84 - - [09/Dec/2012:17:42:45 +0100] "GET /hirek/hirek101025.htm HTTP/1.0" 304 - "-" "TurnitinBot/2.1 (http://www.turnitin.com/robot/crawlerinfo.html)"
38.111.147.84 - - [09/Dec/2012:17:43:15 +0100] "GET /hirek/hirek100810.htm HTTP/1.0" 304 - "-" "TurnitinBot/2.1 (http://www.turnitin.com/robot/crawlerinfo.html)"
38.111.147.84 - - [09/Dec/2012:17:43:45 +0100] "GET /hirek/hirek100804.htm HTTP/1.0" 304 - "-" "TurnitinBot/2.1 (http://www.turnitin.com/robot/crawlerinfo.html)"
38.111.147.84 - - [09/Dec/2012:17:44:15 +0100] "GET /szakmai.htm HTTP/1.0" 304 - "-" "TurnitinBot/2.1 (http://www.turnitin.com/robot/crawlerinfo.html)"
38.111.147.84 - - [09/Dec/2012:17:44:45 +0100] "GET /nka.htm HTTP/1.0" 304 - "-" "TurnitinBot/2.1 (http://www.turnitin.com/robot/crawlerinfo.html)"
38.111.147.84 - - [09/Dec/2012:17:45:15 +0100] "GET /fiok/ HTTP/1.0" 304 - "-" "TurnitinBot/2.1 (http://www.turnitin.com/robot/crawlerinfo.html)"
178.154.210.252 - - [09/Dec/2012:17:45:38 +0100] "GET /jog/eseteink/korosladany/nemzeti_park_adatkeres_korosladany.pdf HTTP/1.1" 200 82235 "-" "Mozilla/5.0 (compatible; YandexBot/3.0; +http://yandex.com/bots)"
38.111.147.84 - - [09/Dec/2012:17:45:45 +0100] "GET /ncta_a.htm HTTP/1.0" 304 - "-" "TurnitinBot/2.1 (http://www.turnitin.com/robot/crawlerinfo.html)"
38.111.147.84 - - [09/Dec/2012:17:46:15 +0100] "GET /ncta.htm HTTP/1.0" 304 - "-" "TurnitinBot/2.1 (http://www.turnitin.com/robot/crawlerinfo.html)"
38.111.147.84 - - [09/Dec/2012:17:46:39 +0100] "GET /robots.txt HTTP/1.0" 404 1181 "-" "TurnitinBot/2.1 (http://www.turnitin.com/robot/crawlerinfo.html)"
38.111.147.84 - - [09/Dec/2012:17:46:45 +0100] "GET /nca.htm HTTP/1.0" 304 - "-" "TurnitinBot/2.1 (http://www.turnitin.com/robot/crawlerinfo.html)"
178.154.210.252 - - [09/Dec/2012:17:47:05 +0100] "GET /jog/eseteink/duzzaszto/gyulavari_kotelezes2.pdf HTTP/1.1" 200 68503 "-" "Mozilla/5.0 (compatible; YandexBot/3.0; +http://yandex.com/bots)"
178.154.210.252 - - [09/Dec/2012:17:47:12 +0100] "GET /jog/eseteink/korosladany/panasz_rendorsegi_hatarozat_ellen.pdf HTTP/1.1" 200 148679 "-" "Mozilla/5.0 (compatible; YandexBot/3.0; +http://yandex.com/bots)"
178.154.210.252 - - [09/Dec/2012:17:47:14 +0100] "GET /jog/eseteink/derekegyhaza/mszh_kekto_fellebbez%C3%A9s.pdf HTTP/1.1" 404 1181 "-" "Mozilla/5.0 (compatible; YandexBot/3.0; +http://yandex.com/bots)"
38.111.147.84 - - [09/Dec/2012:17:47:15 +0100] "GET /kiadvanyok.htm HTTP/1.0" 304 - "-" "TurnitinBot/2.1 (http://www.turnitin.com/robot/crawlerinfo.html)"
178.154.210.252 - - [09/Dec/2012:17:47:17 +0100] "GET /jog/eseteink/kavicszatony/fellebbezes.pdf HTTP/1.1" 200 201532 "-" "Mozilla/5.0 (compatible; YandexBot/3.0; +http://yandex.com/bots)"
178.154.210.252 - - [09/Dec/2012:17:47:31 +0100] "GET /jog/eseteink/derekegyhaza/natura_letesitmeny2.pdf HTTP/1.1" 200 89623 "-" "Mozilla/5.0 (compatible; YandexBot/3.0; +http://yandex.com/bots)"
178.154.210.252 - - [09/Dec/2012:17:47:34 +0100] "GET /jog/eseteink/derekegyhaza/tajekoztatas_keres_mszh_kozp.pdf HTTP/1.1" 200 119925 "-" "Mozilla/5.0 (compatible; YandexBot/3.0; +http://yandex.com/bots)"
178.154.210.252 - - [09/Dec/2012:17:47:36 +0100] "GET /jog/eseteink/korosladany/oktvf-nek2.pdf HTTP/1.1" 200 110838 "-" "Mozilla/5.0 (compatible; YandexBot/3.0; +http://yandex.com/bots)"
178.154.210.252 - - [09/Dec/2012:17:47:40 +0100] "GET /jog/eseteink/derekegyhaza/masodfoknak.pdf HTTP/1.1" 200 228651 "-" "Mozilla/5.0 (compatible; YandexBot/3.0; +http://yandex.com/bots)"
178.154.210.252 - - [09/Dec/2012:17:47:42 +0100] "GET /jog/eseteink/kavicszatony/bfnpi%20fellebbezese%20mura%20kotras%20vj%20eng.pdf HTTP/1.1" 200 219591 "-" "Mozilla/5.0 (compatible; YandexBot/3.0; +http://yandex.com/bots)"
38.111.147.84 - - [09/Dec/2012:17:47:45 +0100] "GET /deutsch/stellen.htm HTTP/1.0" 304 - "-" "TurnitinBot/2.1 (http://www.turnitin.com/robot/crawlerinfo.html)"
178.154.210.252 - - [09/Dec/2012:17:47:50 +0100] "GET /jog/eseteink/dakar/dakar_dabas_ugyeszseg_hatarozat.pdf HTTP/1.1" 200 2672939 "-" "Mozilla/5.0 (compatible; YandexBot/3.0; +http://yandex.com/bots)"
38.111.147.84 - - [09/Dec/2012:17:48:15 +0100] "GET /civilmuhely.htm HTTP/1.0" 304 - "-" "TurnitinBot/2.1 (http://www.turnitin.com/robot/crawlerinfo.html)"
38.111.147.84 - - [09/Dec/2012:17:48:45 +0100] "GET /bunt.htm HTTP/1.0" 304 - "-" "TurnitinBot/2.1 (http://www.turnitin.com/robot/crawlerinfo.html)"
178.154.210.252 - - [09/Dec/2012:17:49:05 +0100] "GET /jog/eseteink/korosladany/korosladany_ugyeszseg.pdf HTTP/1.1" 200 166586 "-" "Mozilla/5.0 (compatible; YandexBot/3.0; +http://yandex.com/bots)"
178.154.210.252 - - [09/Dec/2012:17:49:09 +0100] "GET /jog/eseteink/korosladany/k%C3%B6zighivatalnak_lad%C3%A1ny.pdf HTTP/1.1" 404 1181 "-" "Mozilla/5.0 (compatible; YandexBot/3.0; +http://yandex.com/bots)"
178.154.210.252 - - [09/Dec/2012:17:49:11 +0100] "GET /jog/eseteink/duzzaszto/gyulai%20duzzaszto%20fellebbezes.doc HTTP/1.1" 200 218112 "-" "Mozilla/5.0 (compatible; YandexBot/3.0; +http://yandex.com/bots)"
178.154.210.252 - - [09/Dec/2012:17:49:14 +0100] "GET /jog/eseteink/poroszlo/poroszlo-hnp.pdf HTTP/1.1" 200 112892 "-" "Mozilla/5.0 (compatible; YandexBot/3.0; +http://yandex.com/bots)"
38.111.147.84 - - [09/Dec/2012:17:49:15 +0100] "GET /hirarchivum.htm HTTP/1.0" 304 - "-" "TurnitinBot/2.1 (http://www.turnitin.com/robot/crawlerinfo.html)"
38.111.147.84 - - [09/Dec/2012:17:49:45 +0100] "GET /fiok/index.html HTTP/1.0" 304 - "-" "TurnitinBot/2.1 (http://www.turnitin.com/robot/crawlerinfo.html)"
38.111.147.84 - - [09/Dec/2012:17:50:15 +0100] "GET /english/index.htm HTTP/1.0" 304 - "-" "TurnitinBot/2.1 (http://www.turnitin.com/robot/crawlerinfo.html)"
178.154.210.252 - - [09/Dec/2012:17:50:18 +0100] "GET /jog/eseteink/korosladany/tajekoztatas_keres_atikotevife.pdf HTTP/1.1" 200 157985 "-" "Mozilla/5.0 (compatible; YandexBot/3.0; +http://yandex.com/bots)"
38.111.147.84 - - [09/Dec/2012:17:50:45 +0100] "GET /deutsch/index.htm HTTP/1.0" 304 - "-" "TurnitinBot/2.1 (http://www.turnitin.com/robot/crawlerinfo.html)"
38.111.147.84 - - [09/Dec/2012:17:51:15 +0100] "GET /programok.htm HTTP/1.0" 304 - "-" "TurnitinBot/2.1 (http://www.turnitin.com/robot/crawlerinfo.html)"
38.111.147.84 - - [09/Dec/2012:17:51:45 +0100] "GET /magunkrol.htm HTTP/1.0" 304 - "-" "TurnitinBot/2.1 (http://www.turnitin.com/robot/crawlerinfo.html)"
38.111.147.84 - - [09/Dec/2012:17:52:15 +0100] "GET /kapcsolat.htm HTTP/1.0" 304 - "-" "TurnitinBot/2.1 (http://www.turnitin.com/robot/crawlerinfo.html)"
38.111.147.84 - - [09/Dec/2012:17:52:45 +0100] "GET /index.htm HTTP/1.0" 200 23965 "-" "TurnitinBot/2.1 (http://www.turnitin.com/robot/crawlerinfo.html)"
38.111.147.84 - - [09/Dec/2012:17:53:15 +0100] "GET /hirek/klimatv_civilcikk.doc HTTP/1.0" 304 - "-" "TurnitinBot/2.1 (http://www.turnitin.com/robot/crawlerinfo.html)"
38.111.147.84 - - [09/Dec/2012:17:53:45 +0100] "GET /hirek/hirek120207.htm HTTP/1.0" 304 - "-" "TurnitinBot/2.1 (http://www.turnitin.com/robot/crawlerinfo.html)"
38.111.147.84 - - [09/Dec/2012:17:54:15 +0100] "GET /hirek/hirek120120.htm HTTP/1.0" 304 - "-" "TurnitinBot/2.1 (http://www.turnitin.com/robot/crawlerinfo.html)"
38.111.147.84 - - [09/Dec/2012:17:54:45 +0100] "GET /hirek/hirek101213.htm HTTP/1.0" 304 - "-" "TurnitinBot/2.1 (http://www.turnitin.com/robot/crawlerinfo.html)"
38.111.147.84 - - [09/Dec/2012:17:55:15 +0100] "GET /hirek/hirek101027.htm HTTP/1.0" 304 - "-" "TurnitinBot/2.1 (http://www.turnitin.com/robot/crawlerinfo.html)"
38.111.147.84 - - [09/Dec/2012:17:55:45 +0100] "GET /hirek/hirek101025.htm HTTP/1.0" 304 - "-" "TurnitinBot/2.1 (http://www.turnitin.com/robot/crawlerinfo.html)"
38.111.147.84 - - [09/Dec/2012:17:56:15 +0100] "GET /hirek/hirek100810.htm HTTP/1.0" 304 - "-" "TurnitinBot/2.1 (http://www.turnitin.com/robot/crawlerinfo.html)"
38.111.147.84 - - [09/Dec/2012:17:56:45 +0100] "GET /hirek/hirek100804.htm HTTP/1.0" 304 - "-" "TurnitinBot/2.1 (http://www.turnitin.com/robot/crawlerinfo.html)"
38.111.147.84 - - [09/Dec/2012:17:57:15 +0100] "GET /hirek/hirek100728.htm HTTP/1.0" 304 - "-" "TurnitinBot/2.1 (http://www.turnitin.com/robot/crawlerinfo.html)"
38.111.147.84 - - [09/Dec/2012:17:57:45 +0100] "GET /hirek/hirek100420.htm HTTP/1.0" 304 - "-" "TurnitinBot/2.1 (http://www.turnitin.com/robot/crawlerinfo.html)"
38.111.147.84 - - [09/Dec/2012:17:58:16 +0100] "GET /hirek/hirek100305.htm HTTP/1.0" 304 - "-" "TurnitinBot/2.1 (http://www.turnitin.com/robot/crawlerinfo.html)"
38.111.147.84 - - [09/Dec/2012:17:58:45 +0100] "GET /hirek/hirek100225.htm HTTP/1.0" 304 - "-" "TurnitinBot/2.1 (http://www.turnitin.com/robot/crawlerinfo.html)"
38.111.147.84 - - [09/Dec/2012:17:59:15 +0100] "GET /hirek/hirek091221.htm HTTP/1.0" 304 - "-" "TurnitinBot/2.1 (http://www.turnitin.com/robot/crawlerinfo.html)"
38.111.147.84 - - [09/Dec/2012:17:59:20 +0100] "GET /robots.txt HTTP/1.0" 404 1181 "-" "TurnitinBot/2.1 (http://www.turnitin.com/robot/crawlerinfo.html)"
38.111.147.84 - - [09/Dec/2012:17:59:45 +0100] "GET /hirek/hirek091103.htm HTTP/1.0" 304 - "-" "TurnitinBot/2.1 (http://www.turnitin.com/robot/crawlerinfo.html)"
38.111.147.84 - - [09/Dec/2012:18:00:15 +0100] "GET /hirek/hirek091102.htm HTTP/1.0" 304 - "-" "TurnitinBot/2.1 (http://www.turnitin.com/robot/crawlerinfo.html)"
65.55.211.152 - - [09/Dec/2012:18:00:43 +0100] "GET /robots.txt HTTP/1.1" 404 1181 "-" "msnbot-media/1.1 (+http://search.msn.com/msnbot.htm)"
65.55.211.152 - - [09/Dec/2012:18:00:44 +0100] "GET /a1_projekt_tabla_infra_cs3_beklenhaz.jpg HTTP/1.1" 200 73344 "-" "msnbot-media/1.1 (+http://search.msn.com/msnbot.htm)"
38.111.147.84 - - [09/Dec/2012:18:00:45 +0100] "GET /hirek/hirek091015.htm HTTP/1.0" 304 - "-" "TurnitinBot/2.1 (http://www.turnitin.com/robot/crawlerinfo.html)"
38.111.147.84 - - [09/Dec/2012:18:01:15 +0100] "GET /hirek/hirek100728.htm HTTP/1.0" 304 - "-" "TurnitinBot/2.1 (http://www.turnitin.com/robot/crawlerinfo.html)"
38.111.147.84 - - [09/Dec/2012:18:01:45 +0100] "GET /hirek/hirek100420.htm HTTP/1.0" 304 - "-" "TurnitinBot/2.1 (http://www.turnitin.com/robot/crawlerinfo.html)"
38.111.147.84 - - [09/Dec/2012:18:02:15 +0100] "GET /hirek/hirek100305.htm HTTP/1.0" 304 - "-" "TurnitinBot/2.1 (http://www.turnitin.com/robot/crawlerinfo.html)"
66.249.76.62 - - [09/Dec/2012:18:02:35 +0100] "GET /jog/rendorsegifeljelentes.htm HTTP/1.1" 200 13536 "-" "Mozilla/5.0 (iPhone; U; CPU iPhone OS 4_1 like Mac OS X; en-us) AppleWebKit/532.9 (KHTML, like Gecko) Version/4.0.5 Mobile/8B117 Safari/6531.22.7 (compatible; Googlebot-Mobile/2.1; +http://www.google.com/bot.html)"
38.111.147.84 - - [09/Dec/2012:18:02:45 +0100] "GET /hirek/hirek100225.htm HTTP/1.0" 304 - "-" "TurnitinBot/2.1 (http://www.turnitin.com/robot/crawlerinfo.html)"
38.111.147.84 - - [09/Dec/2012:18:03:15 +0100] "GET /hirek/hirek091221.htm HTTP/1.0" 304 - "-" "TurnitinBot/2.1 (http://www.turnitin.com/robot/crawlerinfo.html)"
38.111.147.84 - - [09/Dec/2012:18:03:45 +0100] "GET /hirek/hirek091103.htm HTTP/1.0" 304 - "-" "TurnitinBot/2.1 (http://www.turnitin.com/robot/crawlerinfo.html)"
38.111.147.84 - - [09/Dec/2012:18:04:15 +0100] "GET /hirek/hirek091102.htm HTTP/1.0" 304 - "-" "TurnitinBot/2.1 (http://www.turnitin.com/robot/crawlerinfo.html)"
38.111.147.84 - - [09/Dec/2012:18:04:45 +0100] "GET /hirek/hirek091015.htm HTTP/1.0" 304 - "-" "TurnitinBot/2.1 (http://www.turnitin.com/robot/crawlerinfo.html)"
38.111.147.84 - - [09/Dec/2012:18:05:15 +0100] "GET /hirarchivum.htm HTTP/1.0" 304 - "-" "TurnitinBot/2.1 (http://www.turnitin.com/robot/crawlerinfo.html)"
38.111.147.84 - - [09/Dec/2012:18:05:45 +0100] "GET /fiok/index.html HTTP/1.0" 304 - "-" "TurnitinBot/2.1 (http://www.turnitin.com/robot/crawlerinfo.html)"
38.111.147.84 - - [09/Dec/2012:18:06:15 +0100] "GET /english/index.htm HTTP/1.0" 304 - "-" "TurnitinBot/2.1 (http://www.turnitin.com/robot/crawlerinfo.html)"
38.111.147.84 - - [09/Dec/2012:18:06:45 +0100] "GET /deutsch/index.htm HTTP/1.0" 304 - "-" "TurnitinBot/2.1 (http://www.turnitin.com/robot/crawlerinfo.html)"
178.154.210.252 - - [09/Dec/2012:18:33:47 +0100] "GET /jog/eseteink/kavicszatony/mura_bejelentes.pdf HTTP/1.1" 200 161377 "-" "Mozilla/5.0 (compatible; YandexBot/3.0; +http://yandex.com/bots)"
113.212.70.211 - - [09/Dec/2012:18:43:45 +0100] "GET /fiok/ HTTP/1.0" 200 20554 "http://www.beklen.hu/fiok/" "Mozilla/4.0 (compatible; MSIE 6.0; Windows 98; Win 9x 4.90)"
178.154.210.252 - - [09/Dec/2012:18:44:49 +0100] "GET /jog/eseteink/dakar/dakar_0804_kdtktvf_engedely.pdf HTTP/1.1" 200 4090849 "-" "Mozilla/5.0 (compatible; YandexBot/3.0; +http://yandex.com/bots)"
178.154.210.252 - - [09/Dec/2012:18:54:45 +0100] "GET /jog/eseteink/derekegyhaza/lev_nimfea_36868.pdf HTTP/1.1" 200 144038 "-" "Mozilla/5.0 (compatible; YandexBot/3.0; +http://yandex.com/bots)"
178.154.210.252 - - [09/Dec/2012:18:55:09 +0100] "GET /hirek/fiok/index.html HTTP/1.1" 404 1181 "-" "Mozilla/5.0 (compatible; YandexBot/3.0; +http://yandex.com/bots)"
178.154.210.252 - - [09/Dec/2012:19:02:46 +0100] "GET /jog/eseteink/derekegyhaza/vizjogi_ltesitmeny2.pdf HTTP/1.1" 200 89386 "-" "Mozilla/5.0 (compatible; YandexBot/3.0; +http://yandex.com/bots)"
77.75.77.32 - - [09/Dec/2012:19:20:37 +0100] "GET /robots.txt HTTP/1.1" 404 1181 "-" "SeznamBot/3.0 (+http://fulltext.sblog.cz/)"
77.75.77.32 - - [09/Dec/2012:19:20:37 +0100] "GET / HTTP/1.1" 200 23965 "-" "SeznamBot/3.0 (+http://fulltext.sblog.cz/)"
66.249.76.62 - - [09/Dec/2012:19:35:22 +0100] "GET /jog/eseteink/derekegyhaza/lev_nimfea_36868.pdf HTTP/1.1" 304 - "-" "Mozilla/5.0 (compatible; Googlebot/2.1; +http://www.google.com/bot.html)"
66.249.76.62 - - [09/Dec/2012:19:42:44 +0100] "GET /jog/eseteink/kavicszatony/mura_bejelentes.pdf HTTP/1.1" 304 - "-" "Mozilla/5.0 (compatible; Googlebot/2.1; +http://www.google.com/bot.html)"
66.249.76.62 - - [09/Dec/2012:19:43:38 +0100] "GET /jog/eseteink/derekegyhaza/ugyeszseg_1.pdf HTTP/1.1" 200 249093 "-" "Mozilla/5.0 (compatible; Googlebot/2.1; +http://www.google.com/bot.html)"
66.249.76.62 - - [09/Dec/2012:19:44:56 +0100] "GET /jog/eseteink/audi/application_of_hungarian_authorities_for_the_commission_opinion_1.pdf HTTP/1.1" 304 - "-" "Mozilla/5.0 (compatible; Googlebot/2.1; +http://www.google.com/bot.html)"
178.154.210.252 - - [09/Dec/2012:19:52:53 +0100] "GET /jog/eseteink/poroszlo/poroszlo-epitkezes_hitvk.pdf HTTP/1.1" 200 192233 "-" "Mozilla/5.0 (compatible; YandexBot/3.0; +http://yandex.com/bots)"
66.249.76.62 - - [09/Dec/2012:19:54:39 +0100] "GET /jog/eseteink/korosladany/szakerto_dij_birosag.doc.pdf HTTP/1.1" 304 - "-" "Mozilla/5.0 (compatible; Googlebot/2.1; +http://www.google.com/bot.html)"
66.249.76.62 - - [09/Dec/2012:19:58:40 +0100] "GET /jog/eseteink/audi/additional_information_provided_by_hungarian_authorities_at_the_request_of_the_commission.pdf HTTP/1.1" 304 - "-" "Mozilla/5.0 (compatible; Googlebot/2.1; +http://www.google.com/bot.html)"
66.249.76.62 - - [09/Dec/2012:20:02:40 +0100] "GET /jog/eseteink/poroszlo/petone%20dr.pdf HTTP/1.1" 304 - "-" "Mozilla/5.0 (compatible; Googlebot/2.1; +http://www.google.com/bot.html)"
66.249.76.62 - - [09/Dec/2012:20:03:34 +0100] "GET /fiok/fiok.html HTTP/1.1" 304 - "-" "Mozilla/5.0 (compatible; Googlebot/2.1; +http://www.google.com/bot.html)"
85.2.58.4 - - [09/Dec/2012:20:04:46 +0100] "GET /jog/ugyeszsegek.htm HTTP/1.1" 200 13810 "-" "findlinks/2.6 (+http://wortschatz.uni-leipzig.de/findlinks/)"
66.249.76.62 - - [09/Dec/2012:20:07:12 +0100] "GET /jog/eseteink/korosladany/szeged_birosag2.pdf HTTP/1.1" 304 - "-" "Mozilla/5.0 (compatible; Googlebot/2.1; +http://www.google.com/bot.html)"
66.249.76.62 - - [09/Dec/2012:20:12:55 +0100] "GET /jog/eseteink/dakar/dakar_dabas_ugyeszseg_valasz.pdf HTTP/1.1" 304 - "-" "Mozilla/5.0 (compatible; Googlebot/2.1; +http://www.google.com/bot.html)"
178.154.210.252 - - [09/Dec/2012:20:57:27 +0100] "GET /jog/eseteink/derekegyhaza/nemzeti_park_adatkeres_derekegyhaza20061222.pdf HTTP/1.1" 200 102819 "-" "Mozilla/5.0 (compatible; YandexBot/3.0; +http://yandex.com/bots)"
208.115.111.68 - - [09/Dec/2012:21:18:26 +0100] "GET /robots.txt HTTP/1.1" 404 1181 "-" "Mozilla/5.0 (compatible; Ezooms/1.0; ezooms.bot@gmail.com)"
87.106.19.85 - - [09/Dec/2012:21:21:25 +0100] "GET / HTTP/1.1" 200 23965 "-" "Java/1.7.0_09"
87.106.19.85 - - [09/Dec/2012:21:21:25 +0100] "GET /hirarchivum.htm HTTP/1.1" 200 24981 "-" "Java/1.7.0_09"
87.106.19.85 - - [09/Dec/2012:21:21:25 +0100] "GET /index.htm HTTP/1.1" 200 23965 "-" "Java/1.7.0_09"
87.106.19.85 - - [09/Dec/2012:21:21:26 +0100] "GET /kapcsolat.htm HTTP/1.1" 200 6889 "-" "Java/1.7.0_09"
87.106.19.85 - - [09/Dec/2012:21:21:26 +0100] "GET /magunkrol.htm HTTP/1.1" 200 9202 "-" "Java/1.7.0_09"
87.106.19.85 - - [09/Dec/2012:21:21:26 +0100] "GET /media.htm HTTP/1.1" 200 5208 "-" "Java/1.7.0_09"
87.106.19.85 - - [09/Dec/2012:21:21:26 +0100] "GET /programok.htm HTTP/1.1" 200 6444 "-" "Java/1.7.0_09"
87.106.19.85 - - [09/Dec/2012:21:21:26 +0100] "GET /vill.cs HTTP/1.1" 200 2676 "-" "Java/1.7.0_09"
87.106.19.85 - - [09/Dec/2012:21:21:26 +0100] "GET /hirek08_10.htm HTTP/1.1" 200 6946 "-" "Java/1.7.0_09"
87.106.19.85 - - [09/Dec/2012:21:21:26 +0100] "GET /hirek08_11.htm HTTP/1.1" 200 7253 "-" "Java/1.7.0_09"
87.106.19.85 - - [09/Dec/2012:21:21:26 +0100] "GET /hirek08_12.htm HTTP/1.1" 200 8268 "-" "Java/1.7.0_09"
87.106.19.85 - - [09/Dec/2012:21:21:27 +0100] "GET /hirek09_01.htm HTTP/1.1" 200 6841 "-" "Java/1.7.0_09"
87.106.19.85 - - [09/Dec/2012:21:21:27 +0100] "GET /hirek09_02.htm HTTP/1.1" 200 7450 "-" "Java/1.7.0_09"
87.106.19.85 - - [09/Dec/2012:21:21:27 +0100] "GET /hirek09_03.htm HTTP/1.1" 200 10726 "-" "Java/1.7.0_09"
87.106.19.85 - - [09/Dec/2012:21:21:27 +0100] "GET /&url=kapcsolat.htm HTTP/1.1" 404 1181 "-" "Java/1.7.0_09"
87.106.19.85 - - [09/Dec/2012:21:21:27 +0100] "GET /&url=programok.htm HTTP/1.1" 404 1181 "-" "Java/1.7.0_09"
87.106.19.85 - - [09/Dec/2012:21:21:27 +0100] "GET /&url=adomanyi.htm HTTP/1.1" 404 1181 "-" "Java/1.7.0_09"
87.106.19.85 - - [09/Dec/2012:21:21:27 +0100] "GET /bunt.htm HTTP/1.1" 200 5683 "-" "Java/1.7.0_09"
87.106.19.85 - - [09/Dec/2012:21:21:27 +0100] "GET /civilmuhely.htm HTTP/1.1" 200 8450 "-" "Java/1.7.0_09"
87.106.19.85 - - [09/Dec/2012:21:21:28 +0100] "GET /khb.htm HTTP/1.1" 200 8719 "-" "Java/1.7.0_09"
87.106.19.85 - - [09/Dec/2012:21:21:28 +0100] "GET /nca.htm HTTP/1.1" 200 7467 "-" "Java/1.7.0_09"
87.106.19.85 - - [09/Dec/2012:21:21:28 +0100] "GET /ncta.htm HTTP/1.1" 200 7221 "-" "Java/1.7.0_09"
87.106.19.85 - - [09/Dec/2012:21:21:28 +0100] "GET /nka.htm HTTP/1.1" 200 6221 "-" "Java/1.7.0_09"
87.106.19.85 - - [09/Dec/2012:21:21:29 +0100] "GET /szakmai.htm HTTP/1.1" 200 6054 "-" "Java/1.7.0_09"
87.106.19.85 - - [09/Dec/2012:21:21:29 +0100] "GET /ncta_a.htm HTTP/1.1" 200 7260 "-" "Java/1.7.0_09"
87.106.19.85 - - [09/Dec/2012:21:21:29 +0100] "GET /&url=civilmuhely.htm HTTP/1.1" 404 1181 "-" "Java/1.7.0_09"
87.106.19.85 - - [09/Dec/2012:21:21:29 +0100] "GET /&url=magunkrol.htm HTTP/1.1" 404 1181 "-" "Java/1.7.0_09"
87.106.19.85 - - [09/Dec/2012:21:21:29 +0100] "GET /nca04.htm HTTP/1.1" 200 16378 "-" "Java/1.7.0_09"
87.106.19.85 - - [09/Dec/2012:21:21:29 +0100] "GET /nca05.htm HTTP/1.1" 200 16412 "-" "Java/1.7.0_09"
87.106.19.85 - - [09/Dec/2012:21:21:30 +0100] "GET /nca06.htm HTTP/1.1" 200 19034 "-" "Java/1.7.0_09"
87.106.19.85 - - [09/Dec/2012:21:21:30 +0100] "GET /nca07.htm HTTP/1.1" 200 21968 "-" "Java/1.7.0_09"
87.106.19.85 - - [09/Dec/2012:21:21:30 +0100] "GET /nca08.htm HTTP/1.1" 200 21795 "-" "Java/1.7.0_09"
87.106.19.85 - - [09/Dec/2012:21:21:30 +0100] "GET /nca09.htm HTTP/1.1" 200 24315 "-" "Java/1.7.0_09"
87.106.19.85 - - [09/Dec/2012:21:21:30 +0100] "GET /nca10.htm HTTP/1.1" 200 16648 "-" "Java/1.7.0_09"
87.106.19.85 - - [09/Dec/2012:21:21:30 +0100] "GET /nca11.htm HTTP/1.1" 200 7133 "-" "Java/1.7.0_09"
87.106.19.85 - - [09/Dec/2012:21:21:31 +0100] "GET /kiadvanyok.htm HTTP/1.1" 200 8206 "-" "Java/1.7.0_09"
87.106.19.85 - - [09/Dec/2012:21:21:31 +0100] "GET /deutsch/index.htm HTTP/1.1" 200 5324 "-" "Java/1.7.0_09"
87.106.19.85 - - [09/Dec/2012:21:21:31 +0100] "GET /english/index.htm HTTP/1.1" 200 5262 "-" "Java/1.7.0_09"
87.106.19.85 - - [09/Dec/2012:21:21:31 +0100] "GET /fiok/index.html HTTP/1.1" 200 20554 "-" "Java/1.7.0_09"
87.106.19.85 - - [09/Dec/2012:21:21:31 +0100] "GET /hirek/hirek091015.htm HTTP/1.1" 200 7046 "-" "Java/1.7.0_09"
87.106.19.85 - - [09/Dec/2012:21:21:31 +0100] "GET /hirek/hirek091102.htm HTTP/1.1" 200 8538 "-" "Java/1.7.0_09"
87.106.19.85 - - [09/Dec/2012:21:21:32 +0100] "GET /hirek/hirek091103.htm HTTP/1.1" 200 7301 "-" "Java/1.7.0_09"
87.106.19.85 - - [09/Dec/2012:21:21:32 +0100] "GET /hirek/hirek091221.htm HTTP/1.1" 200 6740 "-" "Java/1.7.0_09"
87.106.19.85 - - [09/Dec/2012:21:21:32 +0100] "GET /hirek/hirek100225.htm HTTP/1.1" 200 7288 "-" "Java/1.7.0_09"
77.242.147.98 - - [09/Dec/2012:21:26:12 +0100] "GET /jog/polgariper.htm HTTP/1.1" 200 13964 "http://www.google.hu/url?sa=t&rct=j&q=hogyan%20kezdem%C3%A9nyezzek%20b%C3%ADr%C3%B3s%C3%A1gi%20pert&source=web&cd=10&ved=0CGgQFjAJ&url=http%3A%2F%2Fwww.beklen.hu%2Fjog%2Fpolgariper.htm&ei=y_PEUIjSMcbntQa1p4CQBQ&usg=AFQjCNFPU2vclhU7sO2TgbJoo8vqvE-YTg" "Mozilla/5.0 (Windows NT 6.1) AppleWebKit/537.11 (KHTML, like Gecko) Chrome/23.0.1271.95 Safari/537.11"
77.242.147.98 - - [09/Dec/2012:21:26:12 +0100] "GET /jog/css/style.css HTTP/1.1" 200 23764 "http://www.beklen.hu/jog/polgariper.htm" "Mozilla/5.0 (Windows NT 6.1) AppleWebKit/537.11 (KHTML, like Gecko) Chrome/23.0.1271.95 Safari/537.11"
77.242.147.98 - - [09/Dec/2012:21:26:12 +0100] "GET /jog/css/script.js HTTP/1.1" 200 6975 "http://www.beklen.hu/jog/polgariper.htm" "Mozilla/5.0 (Windows NT 6.1) AppleWebKit/537.11 (KHTML, like Gecko) Chrome/23.0.1271.95 Safari/537.11"
77.242.147.98 - - [09/Dec/2012:21:26:12 +0100] "GET /jog/css/jquery.js HTTP/1.1" 200 72174 "http://www.beklen.hu/jog/polgariper.htm" "Mozilla/5.0 (Windows NT 6.1) AppleWebKit/537.11 (KHTML, like Gecko) Chrome/23.0.1271.95 Safari/537.11"
77.242.147.98 - - [09/Dec/2012:21:26:12 +0100] "GET /jog2/images/nav.png HTTP/1.1" 200 11000 "http://www.beklen.hu/jog/polgariper.htm" "Mozilla/5.0 (Windows NT 6.1) AppleWebKit/537.11 (KHTML, like Gecko) Chrome/23.0.1271.95 Safari/537.11"
77.242.147.98 - - [09/Dec/2012:21:26:12 +0100] "GET /jog2/images/Bottom_texture.jpg HTTP/1.1" 200 193775 "http://www.beklen.hu/jog/polgariper.htm" "Mozilla/5.0 (Windows NT 6.1) AppleWebKit/537.11 (KHTML, like Gecko) Chrome/23.0.1271.95 Safari/537.11"
77.242.147.98 - - [09/Dec/2012:21:26:13 +0100] "GET /jog2/images/header.png HTTP/1.1" 200 170837 "http://www.beklen.hu/jog/polgariper.htm" "Mozilla/5.0 (Windows NT 6.1) AppleWebKit/537.11 (KHTML, like Gecko) Chrome/23.0.1271.95 Safari/537.11"
77.242.147.98 - - [09/Dec/2012:21:26:13 +0100] "GET /jog2/images/sidebar_bg.png HTTP/1.1" 200 96 "http://www.beklen.hu/jog/polgariper.htm" "Mozilla/5.0 (Windows NT 6.1) AppleWebKit/537.11 (KHTML, like Gecko) Chrome/23.0.1271.95 Safari/537.11"
77.242.147.98 - - [09/Dec/2012:21:26:13 +0100] "GET /jog2/images/vmenuitem.png HTTP/1.1" 200 1672 "http://www.beklen.hu/jog/polgariper.htm" "Mozilla/5.0 (Windows NT 6.1) AppleWebKit/537.11 (KHTML, like Gecko) Chrome/23.0.1271.95 Safari/537.11"
77.242.147.98 - - [09/Dec/2012:21:26:13 +0100] "GET /jog2/images/post_s.png HTTP/1.1" 200 466 "http://www.beklen.hu/jog/polgariper.htm" "Mozilla/5.0 (Windows NT 6.1) AppleWebKit/537.11 (KHTML, like Gecko) Chrome/23.0.1271.95 Safari/537.11"
77.242.147.98 - - [09/Dec/2012:21:26:13 +0100] "GET /jog2/images/post_h.png HTTP/1.1" 200 292 "http://www.beklen.hu/jog/polgariper.htm" "Mozilla/5.0 (Windows NT 6.1) AppleWebKit/537.11 (KHTML, like Gecko) Chrome/23.0.1271.95 Safari/537.11"
77.242.147.98 - - [09/Dec/2012:21:26:13 +0100] "GET /jog2/images/post_v.png HTTP/1.1" 200 310 "http://www.beklen.hu/jog/polgariper.htm" "Mozilla/5.0 (Windows NT 6.1) AppleWebKit/537.11 (KHTML, like Gecko) Chrome/23.0.1271.95 Safari/537.11"
77.242.147.98 - - [09/Dec/2012:21:26:13 +0100] "GET /jog2/images/post_c.png HTTP/1.1" 200 204 "http://www.beklen.hu/jog/polgariper.htm" "Mozilla/5.0 (Windows NT 6.1) AppleWebKit/537.11 (KHTML, like Gecko) Chrome/23.0.1271.95 Safari/537.11"
77.242.147.98 - - [09/Dec/2012:21:26:13 +0100] "GET /jog2/images/button.png HTTP/1.1" 200 27118 "http://www.beklen.hu/jog/polgariper.htm" "Mozilla/5.0 (Windows NT 6.1) AppleWebKit/537.11 (KHTML, like Gecko) Chrome/23.0.1271.95 Safari/537.11"
77.242.147.98 - - [09/Dec/2012:21:26:13 +0100] "GET /jog/img/320/albofalevel1.jpg HTTP/1.1" 200 14351 "http://www.beklen.hu/jog/polgariper.htm" "Mozilla/5.0 (Windows NT 6.1) AppleWebKit/537.11 (KHTML, like Gecko) Chrome/23.0.1271.95 Safari/537.11"
77.242.147.98 - - [09/Dec/2012:21:26:13 +0100] "GET /jog2/images/spacer.gif HTTP/1.1" 200 43 "http://www.beklen.hu/jog/polgariper.htm" "Mozilla/5.0 (Windows NT 6.1) AppleWebKit/537.11 (KHTML, like Gecko) Chrome/23.0.1271.95 Safari/537.11"
77.242.147.98 - - [09/Dec/2012:21:26:13 +0100] "GET /jog2/images/menuitem.png HTTP/1.1" 200 20960 "http://www.beklen.hu/jog/polgariper.htm" "Mozilla/5.0 (Windows NT 6.1) AppleWebKit/537.11 (KHTML, like Gecko) Chrome/23.0.1271.95 Safari/537.11"
77.242.147.98 - - [09/Dec/2012:21:26:13 +0100] "GET /jog2/images/subitem.png HTTP/1.1" 200 81 "http://www.beklen.hu/jog/polgariper.htm" "Mozilla/5.0 (Windows NT 6.1) AppleWebKit/537.11 (KHTML, like Gecko) Chrome/23.0.1271.95 Safari/537.11"
77.242.147.98 - - [09/Dec/2012:21:26:14 +0100] "GET /jog/favicon.ico HTTP/1.1" 200 1150 "-" "Mozilla/5.0 (Windows NT 6.1) AppleWebKit/537.11 (KHTML, like Gecko) Chrome/23.0.1271.95 Safari/537.11"
178.154.210.252 - - [09/Dec/2012:21:41:15 +0100] "GET /jog/eseteink/derekegyhaza/knpi_valasznimfeanak.pdf HTTP/1.1" 200 101664 "-" "Mozilla/5.0 (compatible; YandexBot/3.0; +http://yandex.com/bots)"
178.154.210.252 - - [09/Dec/2012:22:20:26 +0100] "GET /jog/eseteink/kavicszatony/mura_bejelentes1.pdf HTTP/1.1" 200 214943 "-" "Mozilla/5.0 (compatible; YandexBot/3.0; +http://yandex.com/bots)"
130.83.167.153 - - [09/Dec/2012:22:29:39 +0100] "GET /media.htm HTTP/1.1" 200 5208 "-" "findlinks/2.6 (+http://wortschatz.uni-leipzig.de/findlinks/)"
178.154.210.252 - - [09/Dec/2012:23:00:19 +0100] "GET /jog/eseteink/derekegyhaza/mszh-nak_hatarozat_keres.pdf HTTP/1.1" 200 87836 "-" "Mozilla/5.0 (compatible; YandexBot/3.0; +http://yandex.com/bots)"
208.115.113.84 - - [09/Dec/2012:23:13:40 +0100] "GET /robots.txt HTTP/1.1" 404 1181 "-" "Mozilla/5.0 (compatible; Ezooms/1.0; ezooms.bot@gmail.com)"
66.249.76.62 - - [09/Dec/2012:23:37:25 +0100] "GET /hirek/hirek100420.htm HTTP/1.1" 304 - "-" "Mozilla/5.0 (compatible; Googlebot/2.1; +http://www.google.com/bot.html)"
178.154.210.252 - - [09/Dec/2012:23:41:42 +0100] "GET /jog/eseteink/derekegyhaza/tajekoztatas_keres_mszh_kozp2.pdf HTTP/1.1" 200 163496 "-" "Mozilla/5.0 (compatible; YandexBot/3.0; +http://yandex.com/bots)"
66.249.76.62 - - [09/Dec/2012:23:43:18 +0100] "GET /fiok/css/lightbox.css HTTP/1.1" 200 1715 "-" "Mozilla/5.0 (compatible; Googlebot/2.1; +http://www.google.com/bot.html)"
66.249.76.62 - - [09/Dec/2012:23:43:21 +0100] "GET /fiok/program_reszek/programok/27.jpg HTTP/1.1" 200 146348 "-" "Mozilla/5.0 (compatible; Googlebot/2.1; +http://www.google.com/bot.html)"
66.249.76.62 - - [09/Dec/2012:23:43:22 +0100] "GET /fiok/program_reszek/programok/28.jpg HTTP/1.1" 200 206789 "-" "Mozilla/5.0 (compatible; Googlebot/2.1; +http://www.google.com/bot.html)"
66.249.76.62 - - [09/Dec/2012:23:43:23 +0100] "GET /jog/img/320/t15.jpg HTTP/1.1" 200 16655 "-" "Mozilla/5.0 (compatible; Googlebot/2.1; +http://www.google.com/bot.html)"
66.249.76.62 - - [09/Dec/2012:23:43:27 +0100] "GET /jog/css/style.css HTTP/1.1" 200 23764 "-" "Mozilla/5.0 (compatible; Googlebot/2.1; +http://www.google.com/bot.html)"
60.36.84.94 - - [09/Dec/2012:23:45:34 +0100] "GET /robots.txt HTTP/1.0" 404 1181 "-" "TosCrawler/Nutch-1.4 (http://www.toshiba.co.jp/rdc/about/crawl_info.htm; 'Rdc-crawler at ml dot toshiba dot co dot jp')"
60.36.84.94 - - [09/Dec/2012:23:45:35 +0100] "GET /magunkrol.htm HTTP/1.0" 200 9202 "-" "TosCrawler/Nutch-1.4 (http://www.toshiba.co.jp/rdc/about/crawl_info.htm; 'Rdc-crawler at ml dot toshiba dot co dot jp')"
139.18.2.209 - - [10/Dec/2012:00:03:23 +0100] "GET /nka.htm HTTP/1.1" 200 6221 "-" "findlinks/2.6 (+http://wortschatz.uni-leipzig.de/findlinks/)"
60.36.84.94 - - [10/Dec/2012:00:26:06 +0100] "GET /english/index.htm HTTP/1.0" 200 5262 "-" "TosCrawler/Nutch-1.4 (http://www.toshiba.co.jp/rdc/about/crawl_info.htm; 'Rdc-crawler at ml dot toshiba dot co dot jp')"
178.154.210.252 - - [10/Dec/2012:00:26:58 +0100] "GET /jog/eseteink/kavicszatony/mura_fellebbezes1.pdf HTTP/1.1" 200 213658 "-" "Mozilla/5.0 (compatible; YandexBot/3.0; +http://yandex.com/bots)"
66.249.76.62 - - [10/Dec/2012:00:33:46 +0100] "GET /hirek/hirek101027.htm HTTP/1.1" 304 - "-" "Mozilla/5.0 (compatible; Googlebot/2.1; +http://www.google.com/bot.html)"
180.76.5.173 - - [10/Dec/2012:00:35:40 +0100] "GET /fiok/program_reszek/turazas.htm HTTP/1.1" 200 22754 "-" "Mozilla/5.0 (compatible; Baiduspider/2.0; +http://www.baidu.com/search/spider.html)"
66.249.76.62 - - [10/Dec/2012:00:37:21 +0100] "GET /fiok/kornyezet.htm HTTP/1.1" 304 - "-" "Mozilla/5.0 (compatible; Googlebot/2.1; +http://www.google.com/bot.html)"
60.36.84.94 - - [10/Dec/2012:00:46:33 +0100] "GET /programok.htm HTTP/1.0" 200 6444 "-" "TosCrawler/Nutch-1.4 (http://www.toshiba.co.jp/rdc/about/crawl_info.htm; 'Rdc-crawler at ml dot toshiba dot co dot jp')"
208.115.113.84 - - [10/Dec/2012:00:47:51 +0100] "GET /hirek/hirek101025.htm HTTP/1.1" 200 8786 "-" "Mozilla/5.0 (compatible; Ezooms/1.0; ezooms.bot@gmail.com)"
60.36.84.94 - - [10/Dec/2012:01:04:50 +0100] "GET /index.htm HTTP/1.0" 200 23965 "-" "TosCrawler/Nutch-1.4 (http://www.toshiba.co.jp/rdc/about/crawl_info.htm; 'Rdc-crawler at ml dot toshiba dot co dot jp')"
178.154.210.252 - - [10/Dec/2012:01:21:09 +0100] "GET /jog/eseteink/malom/bontasi_fellebbezes.pdf HTTP/1.1" 200 339293 "-" "Mozilla/5.0 (compatible; YandexBot/3.0; +http://yandex.com/bots)"
60.36.84.94 - - [10/Dec/2012:01:45:17 +0100] "GET /kapcsolat.htm HTTP/1.0" 200 6889 "-" "TosCrawler/Nutch-1.4 (http://www.toshiba.co.jp/rdc/about/crawl_info.htm; 'Rdc-crawler at ml dot toshiba dot co dot jp')"
60.36.84.94 - - [10/Dec/2012:01:48:03 +0100] "GET /deutsch/index.htm HTTP/1.0" 200 5324 "-" "TosCrawler/Nutch-1.4 (http://www.toshiba.co.jp/rdc/about/crawl_info.htm; 'Rdc-crawler at ml dot toshiba dot co dot jp')"
60.36.84.94 - - [10/Dec/2012:01:49:58 +0100] "GET /media.htm HTTP/1.0" 200 5208 "-" "TosCrawler/Nutch-1.4 (http://www.toshiba.co.jp/rdc/about/crawl_info.htm; 'Rdc-crawler at ml dot toshiba dot co dot jp')"
178.154.210.252 - - [10/Dec/2012:02:14:15 +0100] "GET /jog/eseteink/korosladany/korosladany_kvktf_.pdf HTTP/1.1" 200 170079 "-" "Mozilla/5.0 (compatible; YandexBot/3.0; +http://yandex.com/bots)"
178.154.210.252 - - [10/Dec/2012:02:15:53 +0100] "GET /jog/eseteink/poroszlo/keresetlevel_javitott_poroszlo.pdf HTTP/1.1" 200 173206 "-" "Mozilla/5.0 (compatible; YandexBot/3.0; +http://yandex.com/bots)"
66.249.76.62 - - [10/Dec/2012:02:21:22 +0100] "GET /robots.txt HTTP/1.1" 404 1181 "-" "Mozilla/5.0 (compatible; Googlebot/2.1; +http://www.google.com/bot.html)"
66.249.76.62 - - [10/Dec/2012:02:21:22 +0100] "GET /fiok/mult.htm HTTP/1.1" 200 23227 "-" "Mozilla/5.0 (compatible; Googlebot/2.1; +http://www.google.com/bot.html)"
60.36.84.94 - - [10/Dec/2012:02:34:26 +0100] "GET /vill.cs HTTP/1.0" 200 2676 "-" "TosCrawler/Nutch-1.4 (http://www.toshiba.co.jp/rdc/about/crawl_info.htm; 'Rdc-crawler at ml dot toshiba dot co dot jp')"
208.115.113.84 - - [10/Dec/2012:03:50:22 +0100] "GET /robots.txt HTTP/1.1" 404 1181 "-" "Mozilla/5.0 (compatible; Ezooms/1.0; ezooms.bot@gmail.com)"
66.249.76.62 - - [10/Dec/2012:05:24:31 +0100] "GET /hirek/hirek100225.htm HTTP/1.1" 304 - "-" "Mozilla/5.0 (iPhone; U; CPU iPhone OS 4_1 like Mac OS X; en-us) AppleWebKit/532.9 (KHTML, like Gecko) Version/4.0.5 Mobile/8B117 Safari/6531.22.7 (compatible; Googlebot-Mobile/2.1; +http://www.google.com/bot.html)"
65.55.215.33 - - [10/Dec/2012:05:46:42 +0100] "GET /robots.txt HTTP/1.1" 404 1181 "-" "msnbot-media/1.1 (+http://search.msn.com/msnbot.htm)"
65.55.215.33 - - [10/Dec/2012:05:46:42 +0100] "GET /uszt-tabla.jpg HTTP/1.1" 404 1181 "-" "msnbot-media/1.1 (+http://search.msn.com/msnbot.htm)"
208.115.113.84 - - [10/Dec/2012:05:59:44 +0100] "GET /fiok/news.html HTTP/1.1" 404 1181 "-" "Mozilla/5.0 (compatible; Ezooms/1.0; ezooms.bot@gmail.com)"
66.249.76.62 - - [10/Dec/2012:06:23:37 +0100] "GET /fiok/fiok.html HTTP/1.1" 200 20723 "-" "Mozilla/5.0 (compatible; Googlebot/2.1; +http://www.google.com/bot.html)"
180.76.5.107 - - [10/Dec/2012:06:32:55 +0100] "GET /fiok/ HTTP/1.1" 304 - "-" "Mozilla/5.0 (compatible; Baiduspider/2.0; +http://www.baidu.com/search/spider.html)"
66.249.76.62 - - [10/Dec/2012:06:33:05 +0100] "GET /fiok/ HTTP/1.1" 304 - "-" "Mozilla/5.0 (compatible; Googlebot/2.1; +http://www.google.com/bot.html)"
66.249.76.62 - - [10/Dec/2012:06:46:47 +0100] "GET /fiok/ HTTP/1.1" 304 - "-" "Mozilla/5.0 (compatible; Googlebot/2.1; +http://www.google.com/bot.html)"
66.249.76.62 - - [10/Dec/2012:07:27:45 +0100] "GET /fiok/news.html HTTP/1.1" 404 1181 "-" "Mozilla/5.0 (compatible; Googlebot/2.1; +http://www.google.com/bot.html)"
180.76.5.144 - - [10/Dec/2012:08:21:56 +0100] "GET /fiok/fiok.html HTTP/1.1" 200 20723 "-" "Mozilla/5.0 (compatible; Baiduspider/2.0; +http://www.baidu.com/search/spider.html)"
66.249.76.62 - - [10/Dec/2012:08:24:02 +0100] "GET /fiok/oktatokozpont/01.JPG HTTP/1.1" 200 320996 "-" "Googlebot-Image/1.0"
66.249.76.62 - - [10/Dec/2012:08:24:04 +0100] "GET /fiok/oktatokozpont/04.JPG HTTP/1.1" 200 218557 "-" "Googlebot-Image/1.0"
66.249.76.62 - - [10/Dec/2012:08:24:05 +0100] "GET /fiok/oktatokozpont/03.JPG HTTP/1.1" 200 292887 "-" "Googlebot-Image/1.0"
180.76.6.212 - - [10/Dec/2012:08:25:21 +0100] "GET /fiok/program_reszek/news.html HTTP/1.1" 404 1181 "-" "Mozilla/5.0 (compatible; Baiduspider/2.0; +http://www.baidu.com/search/spider.html)"
178.154.210.252 - - [10/Dec/2012:09:18:39 +0100] "GET / HTTP/1.1" 200 23965 "-" "Mozilla/5.0 (compatible; YandexBot/3.0; +http://yandex.com/bots)"
157.55.33.78 - - [10/Dec/2012:09:44:08 +0100] "GET /robots.txt HTTP/1.1" 404 1181 "-" "Mozilla/5.0 (compatible; bingbot/2.0; +http://www.bing.com/bingbot.htm)"
157.55.33.78 - - [10/Dec/2012:09:46:19 +0100] "GET /jog/pub/fuzet_beliv_jav2.pdf HTTP/1.1" 200 775632 "-" "Mozilla/5.0 (compatible; bingbot/2.0; +http://www.bing.com/bingbot.htm)"
157.55.33.78 - - [10/Dec/2012:10:47:19 +0100] "GET /robots.txt HTTP/1.1" 404 1181 "-" "Mozilla/5.0 (compatible; bingbot/2.0; +http://www.bing.com/bingbot.htm)"
157.55.33.78 - - [10/Dec/2012:10:49:20 +0100] "GET /jog/pub/fuzet_beliv_jav2.pdf HTTP/1.1" 200 775632 "-" "Mozilla/5.0 (compatible; bingbot/2.0; +http://www.bing.com/bingbot.htm)"
66.249.76.62 - - [10/Dec/2012:11:03:27 +0100] "GET /fiok/images/nevadonk.jpg HTTP/1.1" 404 1181 "-" "Googlebot-Image/1.0"
24.134.146.36 - - [10/Dec/2012:11:29:29 +0100] "GET /robots.txt HTTP/1.1" 404 1181 "-" "findlinks/2.0.2 (+http://wortschatz.uni-leipzig.de/findlinks/)"
94.27.171.183 - - [10/Dec/2012:12:21:07 +0100] "GET /jog/eseteink/derekegyhaza/dalerd-disznoskert%20szakhat-vegleges.pdf HTTP/1.1" 206 1217 "-" "Mozilla/5.0 (Windows NT 5.1; rv:12.0) Gecko/20100101 Firefox/12.0"
94.27.171.183 - - [10/Dec/2012:12:21:07 +0100] "GET /jog/eseteink/derekegyhaza/dalerd-disznoskert%20szakhat-vegleges.pdf HTTP/1.1" 200 181688 "http://www.google.hu/url?sa=t&rct=j&q=&esrc=s&source=web&cd=6&ved=0CEwQFjAF&url=http%3A%2F%2Fwww.beklen.hu%2Fjog%2Feseteink%2Fderekegyhaza%2Fdalerd-disznoskert%2520szakhat-vegleges.pdf&ei=bsXFULSKAoTptQb_m4DADQ&usg=AFQjCNEBGu24jT5qgAFqhIXgQVRiAz7BFA" "Mozilla/5.0 (Windows NT 5.1; rv:12.0) Gecko/20100101 Firefox/12.0"
94.27.171.183 - - [10/Dec/2012:12:21:08 +0100] "GET /jog/eseteink/derekegyhaza/dalerd-disznoskert%20szakhat-vegleges.pdf HTTP/1.1" 206 45810 "-" "Mozilla/5.0 (Windows NT 5.1; rv:12.0) Gecko/20100101 Firefox/12.0"
94.27.171.183 - - [10/Dec/2012:12:21:08 +0100] "GET /jog/eseteink/derekegyhaza/dalerd-disznoskert%20szakhat-vegleges.pdf HTTP/1.1" 206 599 "-" "Mozilla/5.0 (Windows NT 5.1; rv:12.0) Gecko/20100101 Firefox/12.0"
94.27.171.183 - - [10/Dec/2012:12:21:08 +0100] "GET /jog/eseteink/derekegyhaza/dalerd-disznoskert%20szakhat-vegleges.pdf HTTP/1.1" 206 5162 "-" "Mozilla/5.0 (Windows NT 5.1; rv:12.0) Gecko/20100101 Firefox/12.0"
94.27.171.183 - - [10/Dec/2012:12:21:08 +0100] "GET /jog/eseteink/derekegyhaza/dalerd-disznoskert%20szakhat-vegleges.pdf HTTP/1.1" 206 29574 "-" "Mozilla/5.0 (Windows NT 5.1; rv:12.0) Gecko/20100101 Firefox/12.0"
94.27.171.183 - - [10/Dec/2012:12:21:08 +0100] "GET /favicon.ico HTTP/1.1" 404 1181 "-" "Mozilla/5.0 (Windows NT 5.1; rv:12.0) Gecko/20100101 Firefox/12.0"
94.27.171.183 - - [10/Dec/2012:12:21:09 +0100] "GET /favicon.ico HTTP/1.1" 404 1181 "-" "Mozilla/5.0 (Windows NT 5.1; rv:12.0) Gecko/20100101 Firefox/12.0"
94.27.171.183 - - [10/Dec/2012:12:21:14 +0100] "GET /jog/eseteink/derekegyhaza/dalerd-disznoskert%20szakhat-vegleges.pdf HTTP/1.1" 206 31452 "-" "Mozilla/5.0 (Windows NT 5.1; rv:12.0) Gecko/20100101 Firefox/12.0"
157.55.32.57 - - [10/Dec/2012:12:30:06 +0100] "GET /robots.txt HTTP/1.1" 404 1181 "-" "Mozilla/5.0 (compatible; bingbot/2.0; +http://www.bing.com/bingbot.htm)"
157.55.32.57 - - [10/Dec/2012:12:40:29 +0100] "GET / HTTP/1.1" 200 23965 "-" "Mozilla/5.0 (compatible; bingbot/2.0; +http://www.bing.com/bingbot.htm)"
208.115.111.68 - - [10/Dec/2012:13:16:40 +0100] "GET /robots.txt HTTP/1.1" 404 1181 "-" "Mozilla/5.0 (compatible; Ezooms/1.0; ezooms.bot@gmail.com)"
195.199.96.166 - - [10/Dec/2012:14:23:57 +0100] "GET /jog/eseteink/poroszlo/panasz_poroszlo.pdf HTTP/1.1" 200 180096 "http://www.google.hu/url?sa=t&rct=j&q=nimfea%20mit%20jelent&source=web&cd=10&ved=0CFwQFjAJ&url=http%3A%2F%2Fwww.beklen.hu%2Fjog%2Feseteink%2Fporoszlo%2Fpanasz_poroszlo.pdf&ei=2OHFUPvBLszEtAbSjoCoBw&usg=AFQjCNFp1mZRqL3En8hBzJSxs8hxja5e4g" "Mozilla/4.0 (compatible; MSIE 8.0; Windows NT 6.1; Trident/4.0; GTB7.4; SLCC2; .NET CLR 2.0.50727; .NET CLR 3.5.30729; .NET CLR 3.0.30729; Media Center PC 6.0; InfoPath.3; .NET4.0C; Tablet PC 2.0; AskTbORJ/5.15.9.29495)"
195.199.96.166 - - [10/Dec/2012:14:24:10 +0100] "GET /jog/eseteink/poroszlo/panasz_poroszlo.pdf HTTP/1.1" 200 180096 "-" "Mozilla/4.0 (compatible; MSIE 8.0; Windows NT 6.1; Trident/4.0; GTB7.4; SLCC2; .NET CLR 2.0.50727; .NET CLR 3.5.30729; .NET CLR 3.0.30729; Media Center PC 6.0; InfoPath.3; .NET4.0C; Tablet PC 2.0; AskTbORJ/5.15.9.29495)"
94.23.71.20 - - [10/Dec/2012:14:25:06 +0100] "GET / HTTP/1.0" 200 23965 "-" "Mozilla/5.0 (X11; Ubuntu; Linux i686; rv:13.0) Gecko/20100101 Firefox/13.0"
194.176.228.50 - - [10/Dec/2012:15:49:47 +0100] "GET /jog/slapp.htm HTTP/1.1" 200 21314 "http://www.google.hu/search?hl=en&q=k%C3%B6z%C3%A9rdek%C5%B1+bejelent%C5%91+%C3%BCld%C3%B6z%C3%A9se&btnG=Search" "Mozilla/5.0 (Symbian/3; Series60/5.3 NokiaE6-00/111.130.0625; Profile/MIDP-2.1 Configuration/CLDC-1.1 ) AppleWebKit/533.4 (KHTML, like Gecko) NokiaBrowser/7.4.2.6 Mobile Safari/533.4 3gpp-gba"
194.176.228.50 - - [10/Dec/2012:15:49:47 +0100] "GET /jog/css/script.js HTTP/1.1" 200 6975 "http://www.beklen.hu/jog/slapp.htm" "Mozilla/5.0 (Symbian/3; Series60/5.3 NokiaE6-00/111.130.0625; Profile/MIDP-2.1 Configuration/CLDC-1.1 ) AppleWebKit/533.4 (KHTML, like Gecko) NokiaBrowser/7.4.2.6 Mobile Safari/533.4 3gpp-gba"
194.176.228.50 - - [10/Dec/2012:15:49:49 +0100] "GET /jog/css/style.css HTTP/1.1" 200 23764 "http://www.beklen.hu/jog/slapp.htm" "Mozilla/5.0 (Symbian/3; Series60/5.3 NokiaE6-00/111.130.0625; Profile/MIDP-2.1 Configuration/CLDC-1.1 ) AppleWebKit/533.4 (KHTML, like Gecko) NokiaBrowser/7.4.2.6 Mobile Safari/533.4 3gpp-gba"
194.176.228.50 - - [10/Dec/2012:15:50:05 +0100] "GET /jog/css/jquery.js HTTP/1.1" 200 72174 "http://www.beklen.hu/jog/slapp.htm" "Mozilla/5.0 (Symbian/3; Series60/5.3 NokiaE6-00/111.130.0625; Profile/MIDP-2.1 Configuration/CLDC-1.1 ) AppleWebKit/533.4 (KHTML, like Gecko) NokiaBrowser/7.4.2.6 Mobile Safari/533.4 3gpp-gba"
194.176.228.50 - - [10/Dec/2012:15:50:13 +0100] "GET /jog2/images/nav.png HTTP/1.1" 200 11000 "http://www.beklen.hu/jog/slapp.htm" "Mozilla/5.0 (Symbian/3; Series60/5.3 NokiaE6-00/111.130.0625; Profile/MIDP-2.1 Configuration/CLDC-1.1 ) AppleWebKit/533.4 (KHTML, like Gecko) NokiaBrowser/7.4.2.6 Mobile Safari/533.4 3gpp-gba"
194.176.228.50 - - [10/Dec/2012:15:50:13 +0100] "GET /jog2/images/spacer.gif HTTP/1.1" 200 43 "http://www.beklen.hu/jog/slapp.htm" "Mozilla/5.0 (Symbian/3; Series60/5.3 NokiaE6-00/111.130.0625; Profile/MIDP-2.1 Configuration/CLDC-1.1 ) AppleWebKit/533.4 (KHTML, like Gecko) NokiaBrowser/7.4.2.6 Mobile Safari/533.4 3gpp-gba"
194.176.228.50 - - [10/Dec/2012:15:50:13 +0100] "GET /jog2/images/subitem.png HTTP/1.1" 200 81 "http://www.beklen.hu/jog/slapp.htm" "Mozilla/5.0 (Symbian/3; Series60/5.3 NokiaE6-00/111.130.0625; Profile/MIDP-2.1 Configuration/CLDC-1.1 ) AppleWebKit/533.4 (KHTML, like Gecko) NokiaBrowser/7.4.2.6 Mobile Safari/533.4 3gpp-gba"
194.176.228.50 - - [10/Dec/2012:15:50:13 +0100] "GET /jog2/images/sidebar_bg.png HTTP/1.1" 200 96 "http://www.beklen.hu/jog/slapp.htm" "Mozilla/5.0 (Symbian/3; Series60/5.3 NokiaE6-00/111.130.0625; Profile/MIDP-2.1 Configuration/CLDC-1.1 ) AppleWebKit/533.4 (KHTML, like Gecko) NokiaBrowser/7.4.2.6 Mobile Safari/533.4 3gpp-gba"
