84.2.239.119 - - [31/Dec/2012:07:25:34 +0100] "GET /bg.jpg HTTP/1.1" 200 566 "http://webcache.googleusercontent.com/search?q=cache:uebAul_m1ccJ:www.beklen.hu/hirek/hirek090605.htm+&cd=5&hl=hu&ct=clnk&gl=hu" "Mozilla/5.0 (Windows NT 6.1) AppleWebKit/537.11 (KHTML, like Gecko) Chrome/23.0.1271.97 Safari/537.11"
84.2.239.119 - - [31/Dec/2012:07:25:34 +0100] "GET /bottom_main.jpg HTTP/1.1" 200 96820 "http://webcache.googleusercontent.com/search?q=cache:uebAul_m1ccJ:www.beklen.hu/hirek/hirek090605.htm+&cd=5&hl=hu&ct=clnk&gl=hu" "Mozilla/5.0 (Windows NT 6.1) AppleWebKit/537.11 (KHTML, like Gecko) Chrome/23.0.1271.97 Safari/537.11"
84.2.239.119 - - [31/Dec/2012:07:25:34 +0100] "GET /tm02.jpg HTTP/1.1" 200 1873 "http://webcache.googleusercontent.com/search?q=cache:uebAul_m1ccJ:www.beklen.hu/hirek/hirek090605.htm+&cd=5&hl=hu&ct=clnk&gl=hu" "Mozilla/5.0 (Windows NT 6.1) AppleWebKit/537.11 (KHTML, like Gecko) Chrome/23.0.1271.97 Safari/537.11"
84.2.239.119 - - [31/Dec/2012:07:25:34 +0100] "GET /tm04.jpg HTTP/1.1" 200 2613 "http://webcache.googleusercontent.com/search?q=cache:uebAul_m1ccJ:www.beklen.hu/hirek/hirek090605.htm+&cd=5&hl=hu&ct=clnk&gl=hu" "Mozilla/5.0 (Windows NT 6.1) AppleWebKit/537.11 (KHTML, like Gecko) Chrome/23.0.1271.97 Safari/537.11"
84.2.239.119 - - [31/Dec/2012:07:25:34 +0100] "GET /tm06.jpg HTTP/1.1" 200 1651 "http://webcache.googleusercontent.com/search?q=cache:uebAul_m1ccJ:www.beklen.hu/hirek/hirek090605.htm+&cd=5&hl=hu&ct=clnk&gl=hu" "Mozilla/5.0 (Windows NT 6.1) AppleWebKit/537.11 (KHTML, like Gecko) Chrome/23.0.1271.97 Safari/537.11"
84.2.239.119 - - [31/Dec/2012:07:25:34 +0100] "GET /tm05.jpg HTTP/1.1" 200 2253 "http://webcache.googleusercontent.com/search?q=cache:uebAul_m1ccJ:www.beklen.hu/hirek/hirek090605.htm+&cd=5&hl=hu&ct=clnk&gl=hu" "Mozilla/5.0 (Windows NT 6.1) AppleWebKit/537.11 (KHTML, like Gecko) Chrome/23.0.1271.97 Safari/537.11"
84.2.239.119 - - [31/Dec/2012:07:25:34 +0100] "GET /tm03.jpg HTTP/1.1" 200 2212 "http://webcache.googleusercontent.com/search?q=cache:uebAul_m1ccJ:www.beklen.hu/hirek/hirek090605.htm+&cd=5&hl=hu&ct=clnk&gl=hu" "Mozilla/5.0 (Windows NT 6.1) AppleWebKit/537.11 (KHTML, like Gecko) Chrome/23.0.1271.97 Safari/537.11"
157.55.33.17 - - [31/Dec/2012:08:32:05 +0100] "GET /robots.txt HTTP/1.1" 404 1181 "-" "Mozilla/5.0 (compatible; bingbot/2.0; +http://www.bing.com/bingbot.htm)"
157.55.33.17 - - [31/Dec/2012:08:34:10 +0100] "GET / HTTP/1.1" 200 23965 "-" "Mozilla/5.0 (compatible; bingbot/2.0; +http://www.bing.com/bingbot.htm)"
157.55.32.144 - - [31/Dec/2012:08:35:55 +0100] "GET /lb/js/scriptaculous.js?load=effects HTTP/1.1" 200 2152 "-" "Mozilla/5.0 (compatible; bingbot/2.0; +http://www.bing.com/bingbot.htm)"
157.55.32.144 - - [31/Dec/2012:08:35:56 +0100] "GET /lb/css/lightbox.css HTTP/1.1" 200 1715 "-" "Mozilla/5.0 (compatible; bingbot/2.0; +http://www.bing.com/bingbot.htm)"
157.55.33.109 - - [31/Dec/2012:08:36:25 +0100] "GET /vill.cs HTTP/1.1" 200 2676 "-" "Mozilla/5.0 (compatible; bingbot/2.0; +http://www.bing.com/bingbot.htm)"
157.55.32.105 - - [31/Dec/2012:08:36:27 +0100] "GET /lb/js/prototype.js HTTP/1.1" 200 47603 "-" "Mozilla/5.0 (compatible; bingbot/2.0; +http://www.bing.com/bingbot.htm)"
157.55.32.105 - - [31/Dec/2012:08:36:28 +0100] "GET /lb/js/lightbox.js HTTP/1.1" 200 23424 "-" "Mozilla/5.0 (compatible; bingbot/2.0; +http://www.bing.com/bingbot.htm)"
208.115.111.68 - - [31/Dec/2012:09:08:48 +0100] "GET /robots.txt HTTP/1.1" 404 1181 "-" "Mozilla/5.0 (compatible; Ezooms/1.0; ezooms.bot@gmail.com)"
66.249.76.62 - - [31/Dec/2012:09:30:16 +0100] "GET /hirek08_11.htm HTTP/1.1" 304 - "-" "Mozilla/5.0 (compatible; Googlebot/2.1; +http://www.google.com/bot.html)"
157.55.33.109 - - [31/Dec/2012:09:36:24 +0100] "GET /robots.txt HTTP/1.1" 404 1181 "-" "Mozilla/5.0 (compatible; bingbot/2.0; +http://www.bing.com/bingbot.htm)"
157.55.33.109 - - [31/Dec/2012:09:38:25 +0100] "GET /vill.cs HTTP/1.1" 200 2676 "-" "Mozilla/5.0 (compatible; bingbot/2.0; +http://www.bing.com/bingbot.htm)"
157.55.32.144 - - [31/Dec/2012:09:38:25 +0100] "GET /lb/css/lightbox.css HTTP/1.1" 200 1715 "-" "Mozilla/5.0 (compatible; bingbot/2.0; +http://www.bing.com/bingbot.htm)"
157.55.32.144 - - [31/Dec/2012:09:38:26 +0100] "GET /lb/js/scriptaculous.js?load=effects HTTP/1.1" 200 2152 "-" "Mozilla/5.0 (compatible; bingbot/2.0; +http://www.bing.com/bingbot.htm)"
66.249.78.60 - - [31/Dec/2012:09:39:07 +0100] "GET /jog/eseteink/kavicszatony/mura_valasz.pdf HTTP/1.1" 200 105721 "-" "Mozilla/5.0 (compatible; Googlebot/2.1; +http://www.google.com/bot.html)"
180.76.5.188 - - [31/Dec/2012:09:46:59 +0100] "GET /fiok/kapcsolat.htm HTTP/1.1" 200 17416 "-" "Mozilla/5.0 (compatible; Baiduspider/2.0; +http://www.baidu.com/search/spider.html)"
139.18.2.209 - - [31/Dec/2012:09:48:14 +0100] "GET /jog/ugyeszsegek.htm HTTP/1.1" 200 13810 "-" "findlinks/2.6 (+http://wortschatz.uni-leipzig.de/findlinks/)"
180.76.5.189 - - [31/Dec/2012:09:50:29 +0100] "GET /fiok/index.html HTTP/1.1" 200 20554 "-" "Mozilla/5.0 (compatible; Baiduspider/2.0; +http://www.baidu.com/search/spider.html)"
180.76.5.107 - - [31/Dec/2012:09:50:31 +0100] "GET /fiok/ HTTP/1.1" 200 20554 "-" "Mozilla/5.0 (compatible; Baiduspider/2.0; +http://www.baidu.com/search/spider.html)"
178.154.210.252 - - [31/Dec/2012:10:39:03 +0100] "GET /fiok/ HTTP/1.1" 304 - "-" "Mozilla/5.0 (compatible; YandexBot/3.0; +http://yandex.com/bots)"
208.115.111.68 - - [31/Dec/2012:11:50:11 +0100] "GET /nka.htm HTTP/1.1" 200 6221 "-" "Mozilla/5.0 (compatible; Ezooms/1.0; ezooms.bot@gmail.com)"
146.52.210.34 - - [31/Dec/2012:12:34:10 +0100] "GET /jog/eseteink/audi/index.htm HTTP/1.1" 200 15938 "-" "findlinks/2.0.2 (+http://wortschatz.uni-leipzig.de/findlinks/)"
208.115.111.68 - - [31/Dec/2012:13:41:20 +0100] "GET /robots.txt HTTP/1.1" 404 1181 "-" "Mozilla/5.0 (compatible; Ezooms/1.0; ezooms.bot@gmail.com)"
146.52.210.34 - - [31/Dec/2012:14:04:23 +0100] "GET /jog/eseteink/kavicszatony/index.htm HTTP/1.1" 200 16432 "-" "findlinks/2.0.2 (+http://wortschatz.uni-leipzig.de/findlinks/)"
65.52.109.39 - - [31/Dec/2012:14:23:06 +0100] "GET /robots.txt HTTP/1.1" 404 1181 "-" "msnbot-media/1.1 (+http://search.msn.com/msnbot.htm)"
65.52.109.39 - - [31/Dec/2012:14:23:07 +0100] "GET /jog/eseteink/korosladany/kepek/img_5365.jpg HTTP/1.1" 200 112371 "-" "msnbot-media/1.1 (+http://search.msn.com/msnbot.htm)"
66.249.78.60 - - [31/Dec/2012:14:38:41 +0100] "GET /fiok/mult.htm HTTP/1.1" 304 - "-" "Mozilla/5.0 (iPhone; U; CPU iPhone OS 4_1 like Mac OS X; en-us) AppleWebKit/532.9 (KHTML, like Gecko) Version/4.0.5 Mobile/8B117 Safari/6531.22.7 (compatible; Googlebot-Mobile/2.1; +http://www.google.com/bot.html)"
139.18.2.17 - - [31/Dec/2012:15:27:56 +0100] "GET /magunkrol.htm HTTP/1.1" 200 9202 "-" "findlinks/2.6 (+http://wortschatz.uni-leipzig.de/findlinks/)"
66.249.78.60 - - [31/Dec/2012:15:33:10 +0100] "GET /robots.txt HTTP/1.1" 404 1181 "-" "Mozilla/5.0 (compatible; Googlebot/2.1; +http://www.google.com/bot.html)"
66.249.78.60 - - [31/Dec/2012:15:33:10 +0100] "GET /fiok/ HTTP/1.1" 200 20554 "-" "SAMSUNG-SGH-E250/1.0 Profile/MIDP-2.0 Configuration/CLDC-1.1 UP.Browser/6.2.3.3.c.1.101 (GUI) MMP/2.0 (compatible; Googlebot-Mobile/2.1; +http://www.google.com/bot.html)"
208.115.113.84 - - [31/Dec/2012:15:37:58 +0100] "GET /robots.txt HTTP/1.1" 404 1181 "-" "Mozilla/5.0 (compatible; Ezooms/1.0; ezooms.bot@gmail.com)"
91.83.128.170 - - [31/Dec/2012:16:09:24 +0100] "GET / HTTP/1.1" 200 23965 "-" "Java/1.7.0_09"
91.83.128.170 - - [31/Dec/2012:16:09:24 +0100] "GET /hirarchivum.htm HTTP/1.1" 200 24981 "-" "Java/1.7.0_09"
91.83.128.170 - - [31/Dec/2012:16:09:24 +0100] "GET /index.htm HTTP/1.1" 200 23965 "-" "Java/1.7.0_09"
91.83.128.170 - - [31/Dec/2012:16:09:24 +0100] "GET /kapcsolat.htm HTTP/1.1" 200 6889 "-" "Java/1.7.0_09"
91.83.128.170 - - [31/Dec/2012:16:09:25 +0100] "GET /magunkrol.htm HTTP/1.1" 200 9202 "-" "Java/1.7.0_09"
91.83.128.170 - - [31/Dec/2012:16:09:25 +0100] "GET /media.htm HTTP/1.1" 200 5208 "-" "Java/1.7.0_09"
91.83.128.170 - - [31/Dec/2012:16:09:25 +0100] "GET /programok.htm HTTP/1.1" 200 6444 "-" "Java/1.7.0_09"
91.83.128.170 - - [31/Dec/2012:16:09:25 +0100] "GET /vill.cs HTTP/1.1" 200 2676 "-" "Java/1.7.0_09"
91.83.128.170 - - [31/Dec/2012:16:09:49 +0100] "GET /hirek08_11.htm HTTP/1.1" 200 7253 "-" "Java/1.7.0_09"
91.83.128.170 - - [31/Dec/2012:16:09:49 +0100] "GET /hirek08_12.htm HTTP/1.1" 200 8268 "-" "Java/1.7.0_09"
91.83.128.170 - - [31/Dec/2012:16:09:49 +0100] "GET /hirek09_01.htm HTTP/1.1" 200 6841 "-" "Java/1.7.0_09"
91.83.128.170 - - [31/Dec/2012:16:09:49 +0100] "GET /hirek09_02.htm HTTP/1.1" 200 7450 "-" "Java/1.7.0_09"
91.83.128.170 - - [31/Dec/2012:16:09:50 +0100] "GET /hirek09_03.htm HTTP/1.1" 200 10726 "-" "Java/1.7.0_09"
91.83.128.170 - - [31/Dec/2012:16:09:50 +0100] "GET /&url=kapcsolat.htm HTTP/1.1" 404 1181 "-" "Java/1.7.0_09"
91.83.128.170 - - [31/Dec/2012:16:10:53 +0100] "GET /civilmuhely.htm HTTP/1.1" 200 8450 "-" "Java/1.7.0_09"
91.83.128.170 - - [31/Dec/2012:16:10:53 +0100] "GET /khb.htm HTTP/1.1" 200 8719 "-" "Java/1.7.0_09"
91.83.128.170 - - [31/Dec/2012:16:10:53 +0100] "GET /nca.htm HTTP/1.1" 200 7467 "-" "Java/1.7.0_09"
91.83.128.170 - - [31/Dec/2012:16:10:53 +0100] "GET /ncta.htm HTTP/1.1" 200 7221 "-" "Java/1.7.0_09"
91.83.128.170 - - [31/Dec/2012:16:10:53 +0100] "GET /nka.htm HTTP/1.1" 200 6221 "-" "Java/1.7.0_09"
91.83.128.170 - - [31/Dec/2012:16:10:54 +0100] "GET /szakmai.htm HTTP/1.1" 200 6054 "-" "Java/1.7.0_09"
91.83.128.170 - - [31/Dec/2012:16:10:54 +0100] "GET /&url=civilmuhely.htm HTTP/1.1" 404 1181 "-" "Java/1.7.0_09"
91.83.128.170 - - [31/Dec/2012:16:11:03 +0100] "GET /&url=magunkrol.htm HTTP/1.1" 404 1181 "-" "Java/1.7.0_09"
91.83.128.170 - - [31/Dec/2012:16:11:03 +0100] "GET /nca04.htm HTTP/1.1" 200 16378 "-" "Java/1.7.0_09"
91.83.128.170 - - [31/Dec/2012:16:11:24 +0100] "GET /nca06.htm HTTP/1.1" 200 19034 "-" "Java/1.7.0_09"
91.83.128.170 - - [31/Dec/2012:16:11:25 +0100] "GET /nca07.htm HTTP/1.1" 200 21968 "-" "Java/1.7.0_09"
91.83.128.170 - - [31/Dec/2012:16:11:25 +0100] "GET /nca08.htm HTTP/1.1" 200 21795 "-" "Java/1.7.0_09"
91.83.128.170 - - [31/Dec/2012:16:11:26 +0100] "GET /nca09.htm HTTP/1.1" 200 24315 "-" "Java/1.7.0_09"
91.83.128.170 - - [31/Dec/2012:16:11:26 +0100] "GET /nca10.htm HTTP/1.1" 200 16648 "-" "Java/1.7.0_09"
91.83.128.170 - - [31/Dec/2012:16:11:26 +0100] "GET /nca11.htm HTTP/1.1" 200 7133 "-" "Java/1.7.0_09"
91.83.128.170 - - [31/Dec/2012:16:11:26 +0100] "GET /ncta_a.htm HTTP/1.1" 200 7260 "-" "Java/1.7.0_09"
91.83.128.170 - - [31/Dec/2012:16:11:26 +0100] "GET /kiadvanyok.htm HTTP/1.1" 200 8206 "-" "Java/1.7.0_09"
91.83.128.170 - - [31/Dec/2012:16:12:09 +0100] "GET /fiok/index.html HTTP/1.1" 200 20554 "-" "Java/1.7.0_09"
91.83.128.170 - - [31/Dec/2012:16:12:09 +0100] "GET /hirek/hirek091015.htm HTTP/1.1" 200 7046 "-" "Java/1.7.0_09"
91.83.128.170 - - [31/Dec/2012:16:12:09 +0100] "GET /hirek/hirek091102.htm HTTP/1.1" 200 8538 "-" "Java/1.7.0_09"
91.83.128.170 - - [31/Dec/2012:16:12:09 +0100] "GET /hirek/hirek091103.htm HTTP/1.1" 200 7301 "-" "Java/1.7.0_09"
91.83.128.170 - - [31/Dec/2012:16:12:09 +0100] "GET /hirek/hirek091221.htm HTTP/1.1" 200 6740 "-" "Java/1.7.0_09"
91.83.128.170 - - [31/Dec/2012:16:12:09 +0100] "GET /hirek/hirek100225.htm HTTP/1.1" 200 7288 "-" "Java/1.7.0_09"
83.233.186.82 - - [31/Dec/2012:16:42:07 +0100] "GET /robots.txt HTTP/1.1" 404 1181 "-" "Mozilla/5.0 (Windows NT 5.1; rv:8.0) Gecko/20100101 Firefox/8.0"
83.233.186.82 - - [31/Dec/2012:16:42:07 +0100] "GET / HTTP/1.1" 200 23965 "-" "Mozilla/5.0 (Windows NT 5.1; rv:8.0) Gecko/20100101 Firefox/8.0"
83.233.186.82 - - [31/Dec/2012:16:42:08 +0100] "GET /index.htm HTTP/1.1" 200 23965 "-" "Mozilla/5.0 (Windows NT 5.1; rv:8.0) Gecko/20100101 Firefox/8.0"
83.233.186.82 - - [31/Dec/2012:16:42:08 +0100] "GET /magunkrol.htm HTTP/1.1" 200 9202 "-" "Mozilla/5.0 (Windows NT 5.1; rv:8.0) Gecko/20100101 Firefox/8.0"
83.233.186.82 - - [31/Dec/2012:16:42:08 +0100] "GET /programok.htm HTTP/1.1" 200 6444 "-" "Mozilla/5.0 (Windows NT 5.1; rv:8.0) Gecko/20100101 Firefox/8.0"
83.233.186.82 - - [31/Dec/2012:16:42:08 +0100] "GET /kapcsolat.htm HTTP/1.1" 200 6889 "-" "Mozilla/5.0 (Windows NT 5.1; rv:8.0) Gecko/20100101 Firefox/8.0"
83.233.186.82 - - [31/Dec/2012:16:42:08 +0100] "GET /media.htm HTTP/1.1" 200 5208 "-" "Mozilla/5.0 (Windows NT 5.1; rv:8.0) Gecko/20100101 Firefox/8.0"
83.233.186.82 - - [31/Dec/2012:16:42:08 +0100] "GET /english/index.htm HTTP/1.1" 200 5262 "-" "Mozilla/5.0 (Windows NT 5.1; rv:8.0) Gecko/20100101 Firefox/8.0"
83.233.186.82 - - [31/Dec/2012:16:42:08 +0100] "GET /deutsch/index.htm HTTP/1.1" 200 5324 "-" "Mozilla/5.0 (Windows NT 5.1; rv:8.0) Gecko/20100101 Firefox/8.0"
83.233.186.82 - - [31/Dec/2012:16:42:08 +0100] "GET /fiok/index.html HTTP/1.1" 200 20554 "-" "Mozilla/5.0 (Windows NT 5.1; rv:8.0) Gecko/20100101 Firefox/8.0"
83.233.186.82 - - [31/Dec/2012:16:42:09 +0100] "GET /jog HTTP/1.1" 301 311 "-" "Mozilla/5.0 (Windows NT 5.1; rv:8.0) Gecko/20100101 Firefox/8.0"
83.233.186.82 - - [31/Dec/2012:16:42:09 +0100] "GET /jog/ HTTP/1.1" 200 13138 "-" "Mozilla/5.0 (Windows NT 5.1; rv:8.0) Gecko/20100101 Firefox/8.0"
83.233.186.82 - - [31/Dec/2012:16:42:09 +0100] "GET /hirek/hirek120207.htm HTTP/1.1" 200 6586 "-" "Mozilla/5.0 (Windows NT 5.1; rv:8.0) Gecko/20100101 Firefox/8.0"
83.233.186.82 - - [31/Dec/2012:16:42:09 +0100] "GET /hirek/hirek120120.htm HTTP/1.1" 200 6634 "-" "Mozilla/5.0 (Windows NT 5.1; rv:8.0) Gecko/20100101 Firefox/8.0"
83.233.186.82 - - [31/Dec/2012:16:42:09 +0100] "GET /hirek/hirek101213.htm HTTP/1.1" 200 8671 "-" "Mozilla/5.0 (Windows NT 5.1; rv:8.0) Gecko/20100101 Firefox/8.0"
83.233.186.82 - - [31/Dec/2012:16:42:09 +0100] "GET /hirek/hirek101027.htm HTTP/1.1" 200 9627 "-" "Mozilla/5.0 (Windows NT 5.1; rv:8.0) Gecko/20100101 Firefox/8.0"
83.233.186.82 - - [31/Dec/2012:16:42:09 +0100] "GET /hirek/hirek101025.htm HTTP/1.1" 200 8786 "-" "Mozilla/5.0 (Windows NT 5.1; rv:8.0) Gecko/20100101 Firefox/8.0"
83.233.186.82 - - [31/Dec/2012:16:42:10 +0100] "GET /hirek/hirek100810.htm HTTP/1.1" 200 8123 "-" "Mozilla/5.0 (Windows NT 5.1; rv:8.0) Gecko/20100101 Firefox/8.0"
83.233.186.82 - - [31/Dec/2012:16:42:10 +0100] "GET /hirek/hirek100804.htm HTTP/1.1" 200 8056 "-" "Mozilla/5.0 (Windows NT 5.1; rv:8.0) Gecko/20100101 Firefox/8.0"
83.233.186.82 - - [31/Dec/2012:16:42:10 +0100] "GET /hirek/hirek100728.htm HTTP/1.1" 200 7560 "-" "Mozilla/5.0 (Windows NT 5.1; rv:8.0) Gecko/20100101 Firefox/8.0"
83.233.186.82 - - [31/Dec/2012:16:42:10 +0100] "GET /hirek/hirek100420.htm HTTP/1.1" 200 7914 "-" "Mozilla/5.0 (Windows NT 5.1; rv:8.0) Gecko/20100101 Firefox/8.0"
83.233.186.82 - - [31/Dec/2012:16:42:10 +0100] "GET /hirek/hirek100305.htm HTTP/1.1" 200 7091 "-" "Mozilla/5.0 (Windows NT 5.1; rv:8.0) Gecko/20100101 Firefox/8.0"
83.233.186.82 - - [31/Dec/2012:16:42:10 +0100] "GET /hirek/hirek100225.htm HTTP/1.1" 200 7288 "-" "Mozilla/5.0 (Windows NT 5.1; rv:8.0) Gecko/20100101 Firefox/8.0"
83.233.186.82 - - [31/Dec/2012:16:42:10 +0100] "GET /hirek/hirek091221.htm HTTP/1.1" 200 6740 "-" "Mozilla/5.0 (Windows NT 5.1; rv:8.0) Gecko/20100101 Firefox/8.0"
83.233.186.82 - - [31/Dec/2012:16:42:10 +0100] "GET /hirek/hirek091103.htm HTTP/1.1" 200 7301 "-" "Mozilla/5.0 (Windows NT 5.1; rv:8.0) Gecko/20100101 Firefox/8.0"
83.233.186.82 - - [31/Dec/2012:16:42:10 +0100] "GET /hirek/hirek091102.htm HTTP/1.1" 200 8538 "-" "Mozilla/5.0 (Windows NT 5.1; rv:8.0) Gecko/20100101 Firefox/8.0"
83.233.186.82 - - [31/Dec/2012:16:42:11 +0100] "GET /hirek/hirek091015.htm HTTP/1.1" 200 7046 "-" "Mozilla/5.0 (Windows NT 5.1; rv:8.0) Gecko/20100101 Firefox/8.0"
83.233.186.82 - - [31/Dec/2012:16:42:11 +0100] "GET /hirarchivum.htm HTTP/1.1" 200 24981 "-" "Mozilla/5.0 (Windows NT 5.1; rv:8.0) Gecko/20100101 Firefox/8.0"
83.233.186.82 - - [31/Dec/2012:16:42:11 +0100] "GET /ncta.htm HTTP/1.1" 200 7221 "-" "Mozilla/5.0 (Windows NT 5.1; rv:8.0) Gecko/20100101 Firefox/8.0"
83.233.186.82 - - [31/Dec/2012:16:42:11 +0100] "GET /jog/index.htm HTTP/1.1" 200 13138 "-" "Mozilla/5.0 (Windows NT 5.1; rv:8.0) Gecko/20100101 Firefox/8.0"
83.233.186.82 - - [31/Dec/2012:16:42:11 +0100] "GET /bunt.htm HTTP/1.1" 200 5683 "-" "Mozilla/5.0 (Windows NT 5.1; rv:8.0) Gecko/20100101 Firefox/8.0"
83.233.186.82 - - [31/Dec/2012:16:42:11 +0100] "GET /szakmai.htm HTTP/1.1" 200 6054 "-" "Mozilla/5.0 (Windows NT 5.1; rv:8.0) Gecko/20100101 Firefox/8.0"
83.233.186.82 - - [31/Dec/2012:16:42:11 +0100] "GET /civilmuhely.htm HTTP/1.1" 200 8450 "-" "Mozilla/5.0 (Windows NT 5.1; rv:8.0) Gecko/20100101 Firefox/8.0"
208.115.111.68 - - [31/Dec/2012:17:02:51 +0100] "GET /robots.txt HTTP/1.1" 404 1181 "-" "Mozilla/5.0 (compatible; Ezooms/1.0; ezooms.bot@gmail.com)"
178.154.210.252 - - [31/Dec/2012:17:30:00 +0100] "GET /robots.txt HTTP/1.1" 404 1181 "-" "Mozilla/5.0 (compatible; YandexBot/3.0; +http://yandex.com/bots)"
180.76.5.173 - - [31/Dec/2012:17:43:39 +0100] "GET /fiok/program_reszek/erdei_iskola.htm HTTP/1.1" 200 21601 "-" "Mozilla/5.0 (compatible; Baiduspider/2.0; +http://www.baidu.com/search/spider.html)"
208.115.113.84 - - [31/Dec/2012:17:43:56 +0100] "GET /fiok/kapcsolat.htm HTTP/1.1" 200 17416 "-" "Mozilla/5.0 (compatible; Ezooms/1.0; ezooms.bot@gmail.com)"
208.115.113.84 - - [31/Dec/2012:17:43:56 +0100] "GET /jog/index.htm HTTP/1.1" 200 13138 "-" "Mozilla/5.0 (compatible; Ezooms/1.0; ezooms.bot@gmail.com)"
130.83.167.153 - - [31/Dec/2012:19:07:36 +0100] "GET /jog/slapp.htm HTTP/1.1" 200 21314 "-" "findlinks/2.6 (+http://wortschatz.uni-leipzig.de/findlinks/)"
180.76.5.59 - - [31/Dec/2012:19:17:31 +0100] "GET /robots.txt HTTP/1.1" 404 1181 "-" "Mozilla/5.0 (Windows NT 5.1; rv:6.0.2) Gecko/20100101 Firefox/6.0.2"
208.115.111.68 - - [31/Dec/2012:19:52:07 +0100] "GET /jog/publikaciok.htm HTTP/1.1" 200 17866 "-" "Mozilla/5.0 (compatible; Ezooms/1.0; ezooms.bot@gmail.com)"
180.76.5.158 - - [31/Dec/2012:22:31:24 +0100] "GET /fiok/program_reszek/csaladbarat.htm HTTP/1.1" 200 20928 "-" "Mozilla/5.0 (compatible; Baiduspider/2.0; +http://www.baidu.com/search/spider.html)"
66.249.78.60 - - [31/Dec/2012:22:47:11 +0100] "GET / HTTP/1.1" 200 23965 "-" "SAMSUNG-SGH-E250/1.0 Profile/MIDP-2.0 Configuration/CLDC-1.1 UP.Browser/6.2.3.3.c.1.101 (GUI) MMP/2.0 (compatible; Googlebot-Mobile/2.1; +http://www.google.com/bot.html)"
66.249.78.60 - - [31/Dec/2012:22:48:07 +0100] "GET /jog/eseteink/korosladany/k%C3%B6tvife_kekto_adatkeres.pdf HTTP/1.1" 404 1181 "-" "Mozilla/5.0 (compatible; Googlebot/2.1; +http://www.google.com/bot.html)"
178.154.210.252 - - [31/Dec/2012:22:49:56 +0100] "GET /jog/eseteink/audi/application_of_hungarian_authorities_for_the_commission_opinion_2.pdf HTTP/1.1" 200 3082684 "-" "Mozilla/5.0 (compatible; YandexBot/3.0; +http://yandex.com/bots)"
66.249.76.62 - - [31/Dec/2012:22:52:11 +0100] "GET /jog/eseteink/dakar/dakar_ugyeszseg_lp.pdf HTTP/1.1" 200 218784 "-" "Mozilla/5.0 (iPhone; U; CPU iPhone OS 4_1 like Mac OS X; en-us) AppleWebKit/532.9 (KHTML, like Gecko) Version/4.0.5 Mobile/8B117 Safari/6531.22.7 (compatible; Googlebot-Mobile/2.1; +http://www.google.com/bot.html)"
66.249.78.60 - - [31/Dec/2012:22:53:00 +0100] "GET /jog/eseteink/derekegyhaza/dalerd-disznoskert%20szakhat-vegleges.pdf HTTP/1.1" 304 - "-" "Mozilla/5.0 (compatible; Googlebot/2.1; +http://www.google.com/bot.html)"
173.199.119.35 - - [31/Dec/2012:22:59:36 +0100] "GET /robots.txt HTTP/1.1" 404 1181 "-" "Mozilla/5.0 (compatible; AhrefsBot/4.0; +http://ahrefs.com/robot/)"
208.115.113.84 - - [31/Dec/2012:23:08:28 +0100] "GET /robots.txt HTTP/1.1" 404 1181 "-" "Mozilla/5.0 (compatible; Ezooms/1.0; ezooms.bot@gmail.com)"
66.249.78.60 - - [31/Dec/2012:23:51:32 +0100] "GET /jog/eseteink/dakar/dakar_ugyeszseg_lp.pdf HTTP/1.1" 304 - "-" "Mozilla/5.0 (compatible; Googlebot/2.1; +http://www.google.com/bot.html)"