62.77.205.251 - - [19/Dec/2012:18:55:57 +0100] "GET /lb/css/lightbox.css HTTP/1.1" 200 1715 "http://www.beklen.hu/" "Mozilla/5.0 (Windows NT 6.1) AppleWebKit/537.11 (KHTML, like Gecko) Chrome/23.0.1271.97 Safari/537.11"
62.77.205.251 - - [19/Dec/2012:18:55:57 +0100] "GET /lb/js/scriptaculous.js?load=effects HTTP/1.1" 200 2152 "http://www.beklen.hu/" "Mozilla/5.0 (Windows NT 6.1) AppleWebKit/537.11 (KHTML, like Gecko) Chrome/23.0.1271.97 Safari/537.11"
62.77.205.251 - - [19/Dec/2012:18:55:57 +0100] "GET /lb/js/lightbox.js HTTP/1.1" 200 23424 "http://www.beklen.hu/" "Mozilla/5.0 (Windows NT 6.1) AppleWebKit/537.11 (KHTML, like Gecko) Chrome/23.0.1271.97 Safari/537.11"
62.77.205.251 - - [19/Dec/2012:18:55:57 +0100] "GET /lb/js/prototype.js HTTP/1.1" 200 47603 "http://www.beklen.hu/" "Mozilla/5.0 (Windows NT 6.1) AppleWebKit/537.11 (KHTML, like Gecko) Chrome/23.0.1271.97 Safari/537.11"
62.77.205.251 - - [19/Dec/2012:18:55:57 +0100] "GET /lb/js/effects.js HTTP/1.1" 200 31969 "http://www.beklen.hu/" "Mozilla/5.0 (Windows NT 6.1) AppleWebKit/537.11 (KHTML, like Gecko) Chrome/23.0.1271.97 Safari/537.11"
62.77.205.251 - - [19/Dec/2012:18:55:58 +0100] "GET /bg.jpg HTTP/1.1" 200 566 "http://www.beklen.hu/" "Mozilla/5.0 (Windows NT 6.1) AppleWebKit/537.11 (KHTML, like Gecko) Chrome/23.0.1271.97 Safari/537.11"
62.77.205.251 - - [19/Dec/2012:18:55:58 +0100] "GET /tm01.jpg HTTP/1.1" 200 1080 "http://www.beklen.hu/" "Mozilla/5.0 (Windows NT 6.1) AppleWebKit/537.11 (KHTML, like Gecko) Chrome/23.0.1271.97 Safari/537.11"
62.77.205.251 - - [19/Dec/2012:18:55:58 +0100] "GET /tm03_.jpg HTTP/1.1" 200 1787 "http://www.beklen.hu/" "Mozilla/5.0 (Windows NT 6.1) AppleWebKit/537.11 (KHTML, like Gecko) Chrome/23.0.1271.97 Safari/537.11"
62.77.205.251 - - [19/Dec/2012:18:55:58 +0100] "GET /tm05_.jpg HTTP/1.1" 200 1839 "http://www.beklen.hu/" "Mozilla/5.0 (Windows NT 6.1) AppleWebKit/537.11 (KHTML, like Gecko) Chrome/23.0.1271.97 Safari/537.11"
62.77.205.251 - - [19/Dec/2012:18:55:58 +0100] "GET /tm04_.jpg HTTP/1.1" 200 2058 "http://www.beklen.hu/" "Mozilla/5.0 (Windows NT 6.1) AppleWebKit/537.11 (KHTML, like Gecko) Chrome/23.0.1271.97 Safari/537.11"
62.77.205.251 - - [19/Dec/2012:18:55:58 +0100] "GET /tm02.jpg HTTP/1.1" 200 1873 "http://www.beklen.hu/" "Mozilla/5.0 (Windows NT 6.1) AppleWebKit/537.11 (KHTML, like Gecko) Chrome/23.0.1271.97 Safari/537.11"
62.77.205.251 - - [19/Dec/2012:18:55:58 +0100] "GET /tm06_.jpg HTTP/1.1" 200 1382 "http://www.beklen.hu/" "Mozilla/5.0 (Windows NT 6.1) AppleWebKit/537.11 (KHTML, like Gecko) Chrome/23.0.1271.97 Safari/537.11"
62.77.205.251 - - [19/Dec/2012:18:55:58 +0100] "GET /tm07.jpg HTTP/1.1" 200 1007 "http://www.beklen.hu/" "Mozilla/5.0 (Windows NT 6.1) AppleWebKit/537.11 (KHTML, like Gecko) Chrome/23.0.1271.97 Safari/537.11"
62.77.205.251 - - [19/Dec/2012:18:55:58 +0100] "GET /a1_projekt_tabla_infra_cs3_beklenhaz_.jpg HTTP/1.1" 200 8994 "http://www.beklen.hu/" "Mozilla/5.0 (Windows NT 6.1) AppleWebKit/537.11 (KHTML, like Gecko) Chrome/23.0.1271.97 Safari/537.11"
62.77.205.251 - - [19/Dec/2012:18:55:58 +0100] "GET /uszt-tabla_.jpg HTTP/1.1" 200 4543 "http://www.beklen.hu/" "Mozilla/5.0 (Windows NT 6.1) AppleWebKit/537.11 (KHTML, like Gecko) Chrome/23.0.1271.97 Safari/537.11"
62.77.205.251 - - [19/Dec/2012:18:55:58 +0100] "GET /jog_honlap_.jpg HTTP/1.1" 200 7186 "http://www.beklen.hu/" "Mozilla/5.0 (Windows NT 6.1) AppleWebKit/537.11 (KHTML, like Gecko) Chrome/23.0.1271.97 Safari/537.11"
62.77.205.251 - - [19/Dec/2012:18:55:58 +0100] "GET /bottom_main.jpg HTTP/1.1" 200 96820 "http://www.beklen.hu/" "Mozilla/5.0 (Windows NT 6.1) AppleWebKit/537.11 (KHTML, like Gecko) Chrome/23.0.1271.97 Safari/537.11"
62.77.205.251 - - [19/Dec/2012:18:56:23 +0100] "GET /nimfea_project_250x250.gif HTTP/1.1" 200 2107858 "http://www.beklen.hu/" "Mozilla/5.0 (Windows NT 6.1) AppleWebKit/537.11 (KHTML, like Gecko) Chrome/23.0.1271.97 Safari/537.11"
139.18.2.209 - - [19/Dec/2012:19:14:07 +0100] "GET /hirek08_12.htm HTTP/1.1" 200 8268 "-" "findlinks/2.6 (+http://wortschatz.uni-leipzig.de/findlinks/)"
208.115.113.84 - - [19/Dec/2012:19:22:36 +0100] "GET /robots.txt HTTP/1.1" 404 1181 "-" "Mozilla/5.0 (compatible; Ezooms/1.0; ezooms.bot@gmail.com)"
208.115.113.84 - - [19/Dec/2012:19:36:30 +0100] "GET /fiok HTTP/1.1" 301 312 "-" "Mozilla/5.0 (compatible; Ezooms/1.0; ezooms.bot@gmail.com)"
202.46.51.45 - - [19/Dec/2012:19:42:58 +0100] "GET / HTTP/1.1" 200 14257 "-" "Mozilla/4.0 (compatible; MSIE 7.0; Windows NT 6.0)"
119.63.193.196 - - [19/Dec/2012:19:43:07 +0100] "GET / HTTP/1.1" 200 14257 "-" "Mozilla/4.0 (compatible; MSIE 7.0; Windows NT 6.0)"
188.109.254.68 - - [19/Dec/2012:20:07:43 +0100] "GET /jog/zoldombudsman.htm HTTP/1.1" 200 13369 "-" "findlinks/2.6 (+http://wortschatz.uni-leipzig.de/findlinks/)"
66.249.76.62 - - [19/Dec/2012:20:20:37 +0100] "GET /jog/eseteink/korosladany/elso_feljelentes_rendorsegnek.pdf HTTP/1.1" 200 536446 "-" "Mozilla/5.0 (compatible; Googlebot/2.1; +http://www.google.com/bot.html)"
208.90.57.196 - - [19/Dec/2012:20:39:56 +0100] "GET / HTTP/1.1" 200 23965 "-" "Mozilla/5.0 (Macintosh; Intel Mac OS X 10.6; rv:2.0.1) Gecko/20100101 Firefox/4.0.1"
208.90.57.196 - - [19/Dec/2012:20:40:04 +0100] "GET /english/index.htm HTTP/1.1" 200 5262 "-" "Mozilla/5.0 (Macintosh; Intel Mac OS X 10.6; rv:2.0.1) Gecko/20100101 Firefox/4.0.1"
180.76.5.66 - - [19/Dec/2012:21:23:19 +0100] "GET /fiok/program_reszek/turazas.htm HTTP/1.1" 200 22754 "-" "Mozilla/5.0 (compatible; Baiduspider/2.0; +http://www.baidu.com/search/spider.html)"
66.249.76.62 - - [19/Dec/2012:21:40:58 +0100] "GET /deutsch/index.htm HTTP/1.1" 200 5324 "-" "Mozilla/5.0 (compatible; Googlebot/2.1; +http://www.google.com/bot.html)"
62.77.205.251 - - [19/Dec/2012:21:45:04 +0100] "GET /nimfea_project_250x250.gif HTTP/1.1" 206 1 "http://www.beklen.hu/" "Mozilla/5.0 (Windows NT 6.1) AppleWebKit/537.11 (KHTML, like Gecko) Chrome/23.0.1271.97 Safari/537.11"
62.77.205.251 - - [19/Dec/2012:21:45:08 +0100] "GET /nimfea_project_250x250.gif HTTP/1.1" 206 1062685 "http://www.beklen.hu/" "Mozilla/5.0 (Windows NT 6.1) AppleWebKit/537.11 (KHTML, like Gecko) Chrome/23.0.1271.97 Safari/537.11"
62.77.205.251 - - [19/Dec/2012:21:45:09 +0100] "GET /lb/images/closelabel.gif HTTP/1.1" 200 222 "http://www.beklen.hu/" "Mozilla/5.0 (Windows NT 6.1) AppleWebKit/537.11 (KHTML, like Gecko) Chrome/23.0.1271.97 Safari/537.11"
62.77.205.251 - - [19/Dec/2012:21:45:09 +0100] "GET /lb/images/loading.gif HTTP/1.1" 200 2767 "http://www.beklen.hu/" "Mozilla/5.0 (Windows NT 6.1) AppleWebKit/537.11 (KHTML, like Gecko) Chrome/23.0.1271.97 Safari/537.11"
62.77.205.251 - - [19/Dec/2012:21:45:09 +0100] "GET /tm05.jpg HTTP/1.1" 200 2253 "http://www.beklen.hu/" "Mozilla/5.0 (Windows NT 6.1) AppleWebKit/537.11 (KHTML, like Gecko) Chrome/23.0.1271.97 Safari/537.11"
62.77.205.251 - - [19/Dec/2012:21:45:09 +0100] "GET /tm04.jpg HTTP/1.1" 200 2613 "http://www.beklen.hu/" "Mozilla/5.0 (Windows NT 6.1) AppleWebKit/537.11 (KHTML, like Gecko) Chrome/23.0.1271.97 Safari/537.11"
62.77.205.251 - - [19/Dec/2012:21:45:09 +0100] "GET /tm06.jpg HTTP/1.1" 200 1651 "http://www.beklen.hu/" "Mozilla/5.0 (Windows NT 6.1) AppleWebKit/537.11 (KHTML, like Gecko) Chrome/23.0.1271.97 Safari/537.11"
62.77.205.251 - - [19/Dec/2012:21:45:09 +0100] "GET /tm02_.jpg HTTP/1.1" 200 1524 "http://www.beklen.hu/" "Mozilla/5.0 (Windows NT 6.1) AppleWebKit/537.11 (KHTML, like Gecko) Chrome/23.0.1271.97 Safari/537.11"
62.77.205.251 - - [19/Dec/2012:21:45:09 +0100] "GET /tm03.jpg HTTP/1.1" 200 2212 "http://www.beklen.hu/" "Mozilla/5.0 (Windows NT 6.1) AppleWebKit/537.11 (KHTML, like Gecko) Chrome/23.0.1271.97 Safari/537.11"
62.77.205.251 - - [19/Dec/2012:21:45:09 +0100] "GET /favicon.ico HTTP/1.1" 404 1181 "-" "Mozilla/5.0 (Windows NT 6.1) AppleWebKit/537.11 (KHTML, like Gecko) Chrome/23.0.1271.97 Safari/537.11"
62.77.205.251 - - [19/Dec/2012:21:45:17 +0100] "GET /magunkrol.htm HTTP/1.1" 200 9202 "http://www.beklen.hu/" "Mozilla/5.0 (Windows NT 6.1) AppleWebKit/537.11 (KHTML, like Gecko) Chrome/23.0.1271.97 Safari/537.11"
62.77.205.251 - - [19/Dec/2012:21:45:17 +0100] "GET /bottom_.jpg HTTP/1.1" 200 93419 "http://www.beklen.hu/magunkrol.htm" "Mozilla/5.0 (Windows NT 6.1) AppleWebKit/537.11 (KHTML, like Gecko) Chrome/23.0.1271.97 Safari/537.11"
62.77.205.251 - - [19/Dec/2012:21:45:19 +0100] "GET /favicon.ico HTTP/1.1" 404 1181 "-" "Mozilla/5.0 (Windows NT 6.1) AppleWebKit/537.11 (KHTML, like Gecko) Chrome/23.0.1271.97 Safari/537.11"
62.77.205.251 - - [19/Dec/2012:21:50:39 +0100] "GET /favicon.ico HTTP/1.1" 404 1181 "-" "Mozilla/5.0 (Windows NT 6.1) AppleWebKit/537.11 (KHTML, like Gecko) Chrome/23.0.1271.97 Safari/537.11"
66.249.76.62 - - [19/Dec/2012:21:51:55 +0100] "GET /jog/eseteink/derekegyhaza/kereset_level_kerites_mszh_vegleges.doc.pdf HTTP/1.1" 200 103951 "-" "Mozilla/5.0 (compatible; Googlebot/2.1; +http://www.google.com/bot.html)"
66.249.76.62 - - [19/Dec/2012:21:55:59 +0100] "GET /jog/eseteink/derekegyhaza/foldhivatalnak_1.pdf HTTP/1.1" 200 145216 "-" "Mozilla/5.0 (compatible; Googlebot/2.1; +http://www.google.com/bot.html)"
66.249.76.62 - - [19/Dec/2012:22:55:31 +0100] "GET /english/index.htm HTTP/1.1" 200 5262 "-" "Mozilla/5.0 (compatible; Googlebot/2.1; +http://www.google.com/bot.html)"
130.83.167.153 - - [20/Dec/2012:01:09:59 +0100] "GET /hirek/hirek09_03.htm HTTP/1.1" 200 10810 "-" "findlinks/2.6 (+http://wortschatz.uni-leipzig.de/findlinks/)"
208.115.111.68 - - [20/Dec/2012:01:15:41 +0100] "GET /robots.txt HTTP/1.1" 404 1181 "-" "Mozilla/5.0 (compatible; Ezooms/1.0; ezooms.bot@gmail.com)"
173.199.119.35 - - [20/Dec/2012:01:22:18 +0100] "GET /robots.txt HTTP/1.1" 404 1181 "-" "Mozilla/5.0 (compatible; AhrefsBot/4.0; +http://ahrefs.com/robot/)"
66.249.76.11 - - [20/Dec/2012:02:01:27 +0100] "GET /robots.txt HTTP/1.1" 404 1181 "-" "Mozilla/5.0 (compatible; Googlebot/2.1; +http://www.google.com/bot.html)"
66.249.76.11 - - [20/Dec/2012:02:01:27 +0100] "GET /hirek/hirek100728.htm HTTP/1.1" 200 7560 "-" "Mozilla/5.0 (compatible; Googlebot/2.1; +http://www.google.com/bot.html)"
66.249.76.62 - - [20/Dec/2012:02:02:13 +0100] "GET /jog/ HTTP/1.1" 200 13138 "-" "Mozilla/5.0 (iPhone; U; CPU iPhone OS 4_1 like Mac OS X; en-us) AppleWebKit/532.9 (KHTML, like Gecko) Version/4.0.5 Mobile/8B117 Safari/6531.22.7 (compatible; Googlebot-Mobile/2.1; +http://www.google.com/bot.html)"
66.249.76.11 - - [20/Dec/2012:02:04:20 +0100] "GET /hirek/hirek101027.htm HTTP/1.1" 200 9627 "-" "Mozilla/5.0 (compatible; Googlebot/2.1; +http://www.google.com/bot.html)"
66.249.76.11 - - [20/Dec/2012:02:12:28 +0100] "GET /hirek/hirek091102.htm HTTP/1.1" 200 8538 "-" "Mozilla/5.0 (compatible; Googlebot/2.1; +http://www.google.com/bot.html)"
66.249.76.62 - - [20/Dec/2012:02:14:14 +0100] "GET /jog/style.css HTTP/1.1" 200 21413 "-" "Mozilla/5.0 (compatible; Googlebot/2.1; +http://www.google.com/bot.html)"
66.249.76.11 - - [20/Dec/2012:02:17:41 +0100] "GET /hirek/jelentkezesi_lap.doc HTTP/1.1" 200 251392 "-" "Mozilla/5.0 (compatible; Googlebot/2.1; +http://www.google.com/bot.html)"
66.249.76.11 - - [20/Dec/2012:02:19:56 +0100] "GET /hirek/eszkozok/001.jpg HTTP/1.1" 200 68879 "-" "Googlebot-Image/1.0"
66.249.76.11 - - [20/Dec/2012:02:42:42 +0100] "GET /hirek/fiok/index.html HTTP/1.1" 404 1181 "-" "Mozilla/5.0 (compatible; Googlebot/2.1; +http://www.google.com/bot.html)"
66.249.76.11 - - [20/Dec/2012:02:51:28 +0100] "GET /hirek/eszkozok/002.jpg HTTP/1.1" 200 61589 "-" "Googlebot-Image/1.0"
66.249.76.11 - - [20/Dec/2012:03:12:27 +0100] "GET /hirek/eszkozok/006.jpg HTTP/1.1" 200 73379 "-" "Googlebot-Image/1.0"
208.115.113.84 - - [20/Dec/2012:03:21:53 +0100] "GET /robots.txt HTTP/1.1" 404 1181 "-" "Mozilla/5.0 (compatible; Ezooms/1.0; ezooms.bot@gmail.com)"
180.76.5.51 - - [20/Dec/2012:03:24:32 +0100] "GET /fiok/program_reszek/csaladbarat.htm HTTP/1.1" 200 20928 "-" "Mozilla/5.0 (compatible; Baiduspider/2.0; +http://www.baidu.com/search/spider.html)"
66.249.76.11 - - [20/Dec/2012:03:31:43 +0100] "GET /hirek/printscreenek/Magosfa.jpg HTTP/1.1" 200 73726 "-" "Googlebot-Image/1.0"
66.249.76.11 - - [20/Dec/2012:03:40:41 +0100] "GET /hirek/printscreenek/banner_mkne.jpg HTTP/1.1" 200 70862 "-" "Googlebot-Image/1.0"
208.115.111.68 - - [20/Dec/2012:03:58:24 +0100] "GET /hirek/hirek120120.htm HTTP/1.1" 200 6634 "-" "Mozilla/5.0 (compatible; Ezooms/1.0; ezooms.bot@gmail.com)"
66.249.76.11 - - [20/Dec/2012:04:01:34 +0100] "GET /hirek/printscreenek/banner_zoldkor.jpg HTTP/1.1" 200 83308 "-" "Googlebot-Image/1.0"
188.109.254.68 - - [20/Dec/2012:04:11:19 +0100] "GET /english/contact.htm HTTP/1.1" 200 4601 "-" "findlinks/2.6 (+http://wortschatz.uni-leipzig.de/findlinks/)"
66.249.76.11 - - [20/Dec/2012:04:21:40 +0100] "GET /hirek/printscreenek/banner_kothalo.jpg HTTP/1.1" 200 82838 "-" "Googlebot-Image/1.0"
66.249.76.11 - - [20/Dec/2012:04:31:21 +0100] "GET /hirek/printscreenek/banner_humusz2.jpg HTTP/1.1" 200 80222 "-" "Googlebot-Image/1.0"
66.249.76.11 - - [20/Dec/2012:04:51:29 +0100] "GET /hirek/printscreenek/banner_emisszio.jpg HTTP/1.1" 200 103015 "-" "Googlebot-Image/1.0"
66.249.76.62 - - [20/Dec/2012:05:08:31 +0100] "GET /robots.txt HTTP/1.1" 404 1181 "-" "Mozilla/5.0 (compatible; Googlebot/2.1; +http://www.google.com/bot.html)"
66.249.76.62 - - [20/Dec/2012:05:08:32 +0100] "GET /fiok/program_reszek/programok/23.jpg HTTP/1.1" 200 230784 "-" "Googlebot-Image/1.0"
208.115.113.84 - - [20/Dec/2012:05:31:04 +0100] "GET /jog HTTP/1.1" 301 311 "-" "Mozilla/5.0 (compatible; Ezooms/1.0; ezooms.bot@gmail.com)"
180.76.5.138 - - [20/Dec/2012:05:49:00 +0100] "GET /robots.txt HTTP/1.1" 404 1181 "-" "Mozilla/5.0 (Windows NT 5.1; rv:6.0.2) Gecko/20100101 Firefox/6.0.2"
180.76.5.56 - - [20/Dec/2012:07:36:13 +0100] "GET / HTTP/1.1" 200 23965 "-" "Mozilla/5.0 (compatible; Baiduspider/2.0; +http://www.baidu.com/search/spider.html)"
180.76.5.150 - - [20/Dec/2012:07:39:46 +0100] "GET /fiok/program_reszek/erdei_iskola.htm HTTP/1.1" 200 21601 "-" "Mozilla/5.0 (compatible; Baiduspider/2.0; +http://www.baidu.com/search/spider.html)"
66.249.76.11 - - [20/Dec/2012:10:23:26 +0100] "GET /jog/eseteink/derekegyhaza/dalerd-disznoskert%20szakhat-vegleges.pdf HTTP/1.1" 200 190281 "-" "Mozilla/5.0 (compatible; Googlebot/2.1; +http://www.google.com/bot.html)"
208.115.113.84 - - [20/Dec/2012:11:13:44 +0100] "GET /robots.txt HTTP/1.1" 404 1181 "-" "Mozilla/5.0 (compatible; Ezooms/1.0; ezooms.bot@gmail.com)"
130.83.167.153 - - [20/Dec/2012:12:29:15 +0100] "GET /hirek/hirek090509.htm HTTP/1.1" 200 7803 "-" "findlinks/2.6 (+http://wortschatz.uni-leipzig.de/findlinks/)"
208.115.113.84 - - [20/Dec/2012:13:25:22 +0100] "GET /jog/jogihatter.htm HTTP/1.1" 200 18691 "-" "Mozilla/5.0 (compatible; Ezooms/1.0; ezooms.bot@gmail.com)"
24.134.146.36 - - [20/Dec/2012:14:17:10 +0100] "GET /hirek/hirek090930.htm HTTP/1.1" 200 7044 "-" "findlinks/2.0.2 (+http://wortschatz.uni-leipzig.de/findlinks/)"
180.76.5.143 - - [20/Dec/2012:15:30:22 +0100] "GET /fiok/kapcsolat.htm HTTP/1.1" 200 17416 "-" "Mozilla/5.0 (compatible; Baiduspider/2.0; +http://www.baidu.com/search/spider.html)"
66.249.78.60 - - [20/Dec/2012:15:54:37 +0100] "GET /robots.txt HTTP/1.1" 404 1181 "-" "Mozilla/5.0 (compatible; Googlebot/2.1; +http://www.google.com/bot.html)"
66.249.76.62 - - [20/Dec/2012:15:54:38 +0100] "GET /fiok/fiok.html HTTP/1.1" 200 20723 "-" "Mozilla/5.0 (iPhone; U; CPU iPhone OS 4_1 like Mac OS X; en-us) AppleWebKit/532.9 (KHTML, like Gecko) Version/4.0.5 Mobile/8B117 Safari/6531.22.7 (compatible; Googlebot-Mobile/2.1; +http://www.google.com/bot.html)"
66.249.78.11 - - [20/Dec/2012:17:35:04 +0100] "GET /robots.txt HTTP/1.1" 404 1181 "-" "Mozilla/5.0 (compatible; Googlebot/2.1; +http://www.google.com/bot.html)"
66.249.76.11 - - [20/Dec/2012:17:35:06 +0100] "GET /jog/eseteink/derekegyhaza/biroi_vegzes.pdf HTTP/1.1" 200 772975 "-" "Mozilla/5.0 (compatible; Googlebot/2.1; +http://www.google.com/bot.html)"
66.249.78.11 - - [20/Dec/2012:17:43:44 +0100] "GET /hirek/hirek100810.htm HTTP/1.1" 200 8123 "-" "Mozilla/5.0 (compatible; Googlebot/2.1; +http://www.google.com/bot.html)"
66.249.78.11 - - [20/Dec/2012:17:53:11 +0100] "GET /jog/eseteink/poroszlo/index.htm HTTP/1.1" 200 16861 "-" "Mozilla/5.0 (compatible; Googlebot/2.1; +http://www.google.com/bot.html)"
139.18.2.209 - - [20/Dec/2012:17:54:20 +0100] "GET /hirek09_02.htm HTTP/1.1" 200 7450 "-" "findlinks/2.6 (+http://wortschatz.uni-leipzig.de/findlinks/)"
66.249.78.11 - - [20/Dec/2012:17:59:13 +0100] "GET /hirek/fotok_alsoberettyo/DSCF2478.jpg HTTP/1.1" 200 119998 "-" "Googlebot-Image/1.0"
66.249.78.11 - - [20/Dec/2012:18:11:00 +0100] "GET /hirek/fotok_alsoberettyo/DSCF2486.jpg HTTP/1.1" 200 99189 "-" "Googlebot-Image/1.0"
66.249.78.11 - - [20/Dec/2012:18:12:50 +0100] "GET /jog/eseteink/poroszlo/poroszlo-hnp.pdf HTTP/1.1" 200 112892 "-" "Mozilla/5.0 (compatible; Googlebot/2.1; +http://www.google.com/bot.html)"
66.249.76.11 - - [20/Dec/2012:18:29:28 +0100] "GET /hirek/fotok_alsoberettyo/DSCF2490.jpg HTTP/1.1" 200 97869 "-" "Googlebot-Image/1.0"
66.249.76.11 - - [20/Dec/2012:18:45:53 +0100] "GET /jog/eseteink/poroszlo/poroszlo-kozig.pdf HTTP/1.1" 200 139846 "-" "Mozilla/5.0 (compatible; Googlebot/2.1; +http://www.google.com/bot.html)"
66.249.78.11 - - [20/Dec/2012:19:17:08 +0100] "GET /jog/eseteink/poroszlo/panasz_poroszlo.pdf HTTP/1.1" 200 180096 "-" "Mozilla/5.0 (compatible; Googlebot/2.1; +http://www.google.com/bot.html)"
66.249.78.11 - - [20/Dec/2012:19:33:38 +0100] "GET /jog/eseteink/poroszlo/poroszlo-ombudsman.pdf HTTP/1.1" 200 161212 "-" "Mozilla/5.0 (compatible; Googlebot/2.1; +http://www.google.com/bot.html)"
66.249.78.11 - - [20/Dec/2012:19:44:36 +0100] "GET /jog/eseteink/poroszlo/poroszlo-zoldhatosag.pdf HTTP/1.1" 200 107018 "-" "Mozilla/5.0 (compatible; Googlebot/2.1; +http://www.google.com/bot.html)"
66.249.78.11 - - [20/Dec/2012:19:59:12 +0100] "GET /jog/eseteink/poroszlo/poroszlo-onkormnyzat.pdf HTTP/1.1" 200 142360 "-" "Mozilla/5.0 (compatible; Googlebot/2.1; +http://www.google.com/bot.html)"
93.63.195.11 - - [20/Dec/2012:20:02:22 +0100] "GET /robots.txt HTTP/1.0" 404 1181 "-" "Mozilla/5.0 (compatible; MJ12bot/v1.4.3; http://www.majestic12.co.uk/bot.php?+)"
93.63.195.11 - - [20/Dec/2012:20:02:24 +0100] "GET /deutsch/index.htm HTTP/1.1" 200 5324 "-" "Mozilla/5.0 (compatible; MJ12bot/v1.4.3; http://www.majestic12.co.uk/bot.php?+)"
93.63.195.11 - - [20/Dec/2012:20:02:25 +0100] "GET /english/index.htm HTTP/1.1" 200 5262 "-" "Mozilla/5.0 (compatible; MJ12bot/v1.4.3; http://www.majestic12.co.uk/bot.php?+)"
93.63.195.11 - - [20/Dec/2012:20:02:27 +0100] "GET /fiok/index.html HTTP/1.1" 200 20554 "-" "Mozilla/5.0 (compatible; MJ12bot/v1.4.3; http://www.majestic12.co.uk/bot.php?+)"
93.63.195.11 - - [20/Dec/2012:20:02:29 +0100] "GET /hirarchivum.htm HTTP/1.1" 200 24981 "-" "Mozilla/5.0 (compatible; MJ12bot/v1.4.3; http://www.majestic12.co.uk/bot.php?+)"
93.63.195.11 - - [20/Dec/2012:20:02:30 +0100] "GET /hirek/hirek090301.htm HTTP/1.1" 200 7022 "-" "Mozilla/5.0 (compatible; MJ12bot/v1.4.3; http://www.majestic12.co.uk/bot.php?+)"
93.63.195.11 - - [20/Dec/2012:20:02:32 +0100] "GET /hirek/hirek090302.htm HTTP/1.1" 200 8452 "-" "Mozilla/5.0 (compatible; MJ12bot/v1.4.3; http://www.majestic12.co.uk/bot.php?+)"
93.63.195.11 - - [20/Dec/2012:20:02:33 +0100] "GET /hirek/hirek090303.htm HTTP/1.1" 200 7721 "-" "Mozilla/5.0 (compatible; MJ12bot/v1.4.3; http://www.majestic12.co.uk/bot.php?+)"
93.63.195.11 - - [20/Dec/2012:20:02:35 +0100] "GET /hirek/hirek090428.htm HTTP/1.1" 200 24808 "-" "Mozilla/5.0 (compatible; MJ12bot/v1.4.3; http://www.majestic12.co.uk/bot.php?+)"
93.63.195.11 - - [20/Dec/2012:20:02:37 +0100] "GET /hirek/hirek090509.htm HTTP/1.1" 200 7803 "-" "Mozilla/5.0 (compatible; MJ12bot/v1.4.3; http://www.majestic12.co.uk/bot.php?+)"
93.63.195.11 - - [20/Dec/2012:20:02:38 +0100] "GET /hirek/hirek090510.htm HTTP/1.1" 200 12743 "-" "Mozilla/5.0 (compatible; MJ12bot/v1.4.3; http://www.majestic12.co.uk/bot.php?+)"
93.63.195.11 - - [20/Dec/2012:20:02:40 +0100] "GET /hirek/hirek090602.htm HTTP/1.1" 200 7261 "-" "Mozilla/5.0 (compatible; MJ12bot/v1.4.3; http://www.majestic12.co.uk/bot.php?+)"
93.63.195.11 - - [20/Dec/2012:20:02:41 +0100] "GET /hirek/hirek090605.htm HTTP/1.1" 200 7994 "-" "Mozilla/5.0 (compatible; MJ12bot/v1.4.3; http://www.majestic12.co.uk/bot.php?+)"
93.63.195.11 - - [20/Dec/2012:20:02:43 +0100] "GET /hirek/hirek090619.htm HTTP/1.1" 200 7871 "-" "Mozilla/5.0 (compatible; MJ12bot/v1.4.3; http://www.majestic12.co.uk/bot.php?+)"
93.63.195.11 - - [20/Dec/2012:20:02:44 +0100] "GET /hirek/hirek090930.htm HTTP/1.1" 200 7044 "-" "Mozilla/5.0 (compatible; MJ12bot/v1.4.3; http://www.majestic12.co.uk/bot.php?+)"
93.63.195.11 - - [20/Dec/2012:20:02:46 +0100] "GET /hirek/hirek091015.htm HTTP/1.1" 200 7046 "-" "Mozilla/5.0 (compatible; MJ12bot/v1.4.3; http://www.majestic12.co.uk/bot.php?+)"
93.63.195.11 - - [20/Dec/2012:20:02:47 +0100] "GET /hirek/hirek091102.htm HTTP/1.1" 200 8538 "-" "Mozilla/5.0 (compatible; MJ12bot/v1.4.3; http://www.majestic12.co.uk/bot.php?+)"
93.63.195.11 - - [20/Dec/2012:20:02:49 +0100] "GET /hirek/hirek091103.htm HTTP/1.1" 200 7301 "-" "Mozilla/5.0 (compatible; MJ12bot/v1.4.3; http://www.majestic12.co.uk/bot.php?+)"
93.63.195.11 - - [20/Dec/2012:20:02:51 +0100] "GET /hirek/hirek091221.htm HTTP/1.1" 200 6740 "-" "Mozilla/5.0 (compatible; MJ12bot/v1.4.3; http://www.majestic12.co.uk/bot.php?+)"
93.63.195.11 - - [20/Dec/2012:20:02:52 +0100] "GET /hirek/hirek09_03.htm HTTP/1.1" 200 10810 "-" "Mozilla/5.0 (compatible; MJ12bot/v1.4.3; http://www.majestic12.co.uk/bot.php?+)"
93.63.195.11 - - [20/Dec/2012:20:02:54 +0100] "GET /hirek/hirek100225.htm HTTP/1.1" 200 7288 "-" "Mozilla/5.0 (compatible; MJ12bot/v1.4.3; http://www.majestic12.co.uk/bot.php?+)"
93.63.195.11 - - [20/Dec/2012:20:02:55 +0100] "GET /hirek/hirek100305.htm HTTP/1.1" 200 7091 "-" "Mozilla/5.0 (compatible; MJ12bot/v1.4.3; http://www.majestic12.co.uk/bot.php?+)"
93.63.195.11 - - [20/Dec/2012:20:02:57 +0100] "GET /hirek/hirek100420.htm HTTP/1.1" 200 7914 "-" "Mozilla/5.0 (compatible; MJ12bot/v1.4.3; http://www.majestic12.co.uk/bot.php?+)"
93.63.195.11 - - [20/Dec/2012:20:02:58 +0100] "GET /hirek/hirek100728.htm HTTP/1.1" 200 7560 "-" "Mozilla/5.0 (compatible; MJ12bot/v1.4.3; http://www.majestic12.co.uk/bot.php?+)"
93.63.195.11 - - [20/Dec/2012:20:03:00 +0100] "GET /hirek/hirek100804.htm HTTP/1.1" 200 8056 "-" "Mozilla/5.0 (compatible; MJ12bot/v1.4.3; http://www.majestic12.co.uk/bot.php?+)"
93.63.195.11 - - [20/Dec/2012:20:03:02 +0100] "GET /hirek/hirek100810.htm HTTP/1.1" 200 8123 "-" "Mozilla/5.0 (compatible; MJ12bot/v1.4.3; http://www.majestic12.co.uk/bot.php?+)"
93.63.195.11 - - [20/Dec/2012:20:03:04 +0100] "GET /hirek/hirek101025.htm HTTP/1.1" 200 8786 "-" "Mozilla/5.0 (compatible; MJ12bot/v1.4.3; http://www.majestic12.co.uk/bot.php?+)"
93.63.195.11 - - [20/Dec/2012:20:03:05 +0100] "GET /hirek/hirek101027.htm HTTP/1.1" 200 9627 "-" "Mozilla/5.0 (compatible; MJ12bot/v1.4.3; http://www.majestic12.co.uk/bot.php?+)"
93.63.195.11 - - [20/Dec/2012:20:03:07 +0100] "GET /hirek/hirek101213.htm HTTP/1.1" 200 8671 "-" "Mozilla/5.0 (compatible; MJ12bot/v1.4.3; http://www.majestic12.co.uk/bot.php?+)"
93.63.195.11 - - [20/Dec/2012:20:03:08 +0100] "GET /hirek09_03.htm HTTP/1.1" 200 10726 "-" "Mozilla/5.0 (compatible; MJ12bot/v1.4.3; http://www.majestic12.co.uk/bot.php?+)"
93.63.195.11 - - [20/Dec/2012:20:03:10 +0100] "GET /index.htm HTTP/1.1" 200 23965 "-" "Mozilla/5.0 (compatible; MJ12bot/v1.4.3; http://www.majestic12.co.uk/bot.php?+)"
93.63.195.11 - - [20/Dec/2012:20:03:11 +0100] "GET /kapcsolat.htm HTTP/1.1" 200 6889 "-" "Mozilla/5.0 (compatible; MJ12bot/v1.4.3; http://www.majestic12.co.uk/bot.php?+)"
93.63.195.11 - - [20/Dec/2012:20:03:13 +0100] "GET /magunkrol.htm HTTP/1.1" 200 9202 "-" "Mozilla/5.0 (compatible; MJ12bot/v1.4.3; http://www.majestic12.co.uk/bot.php?+)"
93.63.195.11 - - [20/Dec/2012:20:03:14 +0100] "GET /media.htm HTTP/1.1" 200 5208 "-" "Mozilla/5.0 (compatible; MJ12bot/v1.4.3; http://www.majestic12.co.uk/bot.php?+)"
93.63.195.11 - - [20/Dec/2012:20:03:16 +0100] "GET /programok.htm HTTP/1.1" 200 6444 "-" "Mozilla/5.0 (compatible; MJ12bot/v1.4.3; http://www.majestic12.co.uk/bot.php?+)"
66.249.78.11 - - [20/Dec/2012:20:09:26 +0100] "GET /hirek/fotok_alsoberettyo/DSCF2488.jpg HTTP/1.1" 200 99470 "-" "Googlebot-Image/1.0"
66.249.78.11 - - [20/Dec/2012:20:22:23 +0100] "GET /jog/eseteink/poroszlo/villa.jpg HTTP/1.1" 200 110558 "-" "Googlebot-Image/1.0"
66.249.78.11 - - [20/Dec/2012:20:26:44 +0100] "GET /jog/eseteink/poroszlo/poroszlo-epitkezes_hitvk.pdf HTTP/1.1" 200 192233 "-" "Mozilla/5.0 (compatible; Googlebot/2.1; +http://www.google.com/bot.html)"
178.32.77.81 - - [20/Dec/2012:20:32:43 +0100] "GET / HTTP/1.0" 200 23965 "-" "Mozilla/5.0 (compatible; 4SeoHuntBot; +http://4seohunt.com/bot.html)"
66.249.78.11 - - [20/Dec/2012:20:45:12 +0100] "GET /jog/eseteink/poroszlo/keresetlevel_javitott_poroszlo.pdf HTTP/1.1" 200 173206 "-" "Mozilla/5.0 (compatible; Googlebot/2.1; +http://www.google.com/bot.html)"
66.249.78.60 - - [20/Dec/2012:20:52:36 +0100] "GET /robots.txt HTTP/1.1" 404 1181 "-" "Mozilla/5.0 (compatible; Googlebot/2.1; +http://www.google.com/bot.html)"
66.249.76.62 - - [20/Dec/2012:20:52:40 +0100] "GET /jog/eseteink/audi/additional_information_on_the_compensatory_measures_provided_by_hungarian_authorities_at_the_request_of_the_commission_3.pdf HTTP/1.1" 200 3528853 "-" "Mozilla/5.0 (compatible; Googlebot/2.1; +http://www.google.com/bot.html)"
208.115.111.68 - - [20/Dec/2012:21:27:36 +0100] "GET /robots.txt HTTP/1.1" 404 1181 "-" "Mozilla/5.0 (compatible; Ezooms/1.0; ezooms.bot@gmail.com)"
66.249.78.60 - - [20/Dec/2012:21:51:19 +0100] "GET /jog/eseteink/korosladany/nemzeti_park_adatkeres_korosladany.pdf HTTP/1.1" 200 82235 "-" "Mozilla/5.0 (compatible; Googlebot/2.1; +http://www.google.com/bot.html)"
180.76.5.97 - - [20/Dec/2012:22:14:55 +0100] "GET /fiok/program_reszek/turazas.htm HTTP/1.1" 200 22754 "-" "Mozilla/5.0 (compatible; Baiduspider/2.0; +http://www.baidu.com/search/spider.html)"
66.249.78.60 - - [20/Dec/2012:23:28:15 +0100] "GET /hirek/hirek091221.htm HTTP/1.1" 200 6740 "-" "Mozilla/5.0 (compatible; Googlebot/2.1; +http://www.google.com/bot.html)"
188.109.254.68 - - [20/Dec/2012:23:34:00 +0100] "GET /hirek/hirek090215.htm HTTP/1.1" 200 9398 "-" "findlinks/2.6 (+http://wortschatz.uni-leipzig.de/findlinks/)"
66.249.76.11 - - [20/Dec/2012:23:35:25 +0100] "GET / HTTP/1.1" 200 23965 "-" "Mozilla/5.0 (compatible; Googlebot/2.1; +http://www.google.com/bot.html)"
66.249.76.62 - - [20/Dec/2012:23:39:22 +0100] "GET /hirek/hirek120120.htm HTTP/1.1" 200 6634 "-" "Mozilla/5.0 (compatible; Googlebot/2.1; +http://www.google.com/bot.html)"
66.249.78.60 - - [20/Dec/2012:23:41:54 +0100] "GET /hirek/fak.jpg HTTP/1.1" 200 6301 "-" "Mozilla/5.0 (compatible; Googlebot/2.1; +http://www.google.com/bot.html)"
66.249.78.60 - - [20/Dec/2012:23:44:15 +0100] "GET /magunkrol.htm HTTP/1.1" 200 9202 "-" "Mozilla/5.0 (compatible; Googlebot/2.1; +http://www.google.com/bot.html)"
66.249.78.60 - - [20/Dec/2012:23:57:39 +0100] "GET /hirek/hirek100804.htm HTTP/1.1" 304 - "-" "Mozilla/5.0 (compatible; Googlebot/2.1; +http://www.google.com/bot.html)"
66.249.76.62 - - [20/Dec/2012:23:59:40 +0100] "GET /hirek/hirek120207.htm HTTP/1.1" 304 - "-" "Mozilla/5.0 (compatible; Googlebot/2.1; +http://www.google.com/bot.html)"
208.115.111.68 - - [21/Dec/2012:00:01:53 +0100] "GET /deutsch/programme.htm HTTP/1.1" 200 6045 "-" "Mozilla/5.0 (compatible; Ezooms/1.0; ezooms.bot@gmail.com)"
66.249.78.11 - - [21/Dec/2012:00:10:38 +0100] "GET /uszt-tabla.jpg HTTP/1.1" 404 1181 "-" "Googlebot-Image/1.0"
66.249.78.60 - - [21/Dec/2012:00:11:54 +0100] "GET /programok.htm HTTP/1.1" 304 - "-" "Mozilla/5.0 (compatible; Googlebot/2.1; +http://www.google.com/bot.html)"
66.249.76.62 - - [21/Dec/2012:00:15:26 +0100] "GET /hirek/hirek100225.htm HTTP/1.1" 304 - "-" "Mozilla/5.0 (compatible; Googlebot/2.1; +http://www.google.com/bot.html)"
66.249.78.60 - - [21/Dec/2012:00:40:03 +0100] "GET /kapcsolat.htm HTTP/1.1" 200 6889 "-" "Mozilla/5.0 (compatible; Googlebot/2.1; +http://www.google.com/bot.html)"
66.249.78.60 - - [21/Dec/2012:00:50:20 +0100] "GET /hirek/hirek101213.htm HTTP/1.1" 200 8671 "-" "Mozilla/5.0 (compatible; Googlebot/2.1; +http://www.google.com/bot.html)"
139.18.2.209 - - [21/Dec/2012:01:16:01 +0100] "GET /programok.htm HTTP/1.1" 200 6444 "-" "findlinks/2.6 (+http://wortschatz.uni-leipzig.de/findlinks/)"
139.18.2.17 - - [21/Dec/2012:01:23:42 +0100] "GET /jog/tapasztalatszerzok.htm HTTP/1.1" 200 12148 "-" "findlinks/2.6 (+http://wortschatz.uni-leipzig.de/findlinks/)"
66.249.78.60 - - [21/Dec/2012:01:39:16 +0100] "GET /jog/pub/rally_kiadvany_mtvsz.pdf HTTP/1.1" 304 - "-" "Mozilla/5.0 (compatible; Googlebot/2.1; +http://www.google.com/bot.html)"
66.249.76.11 - - [21/Dec/2012:01:55:56 +0100] "GET /hirek/fotok_alsoberettyo/DSCF2478.jpg HTTP/1.1" 200 119998 "-" "Googlebot-Image/1.0"
66.249.78.11 - - [21/Dec/2012:02:24:37 +0100] "GET /hirek/fotok_alsoberettyo/DSCF2486.jpg HTTP/1.1" 200 99189 "-" "Googlebot-Image/1.0"
66.249.78.60 - - [21/Dec/2012:02:50:48 +0100] "GET /hirek/hirek100804.htm HTTP/1.1" 304 - "-" "Mozilla/5.0 (iPhone; U; CPU iPhone OS 4_1 like Mac OS X; en-us) AppleWebKit/532.9 (KHTML, like Gecko) Version/4.0.5 Mobile/8B117 Safari/6531.22.7 (compatible; Googlebot-Mobile/2.1; +http://www.google.com/bot.html)"
66.249.78.11 - - [21/Dec/2012:02:54:56 +0100] "GET /hirek/fotok_alsoberettyo/DSCF2490.jpg HTTP/1.1" 200 97869 "-" "Googlebot-Image/1.0"
173.252.39.135 - - [21/Dec/2012:03:23:01 +0100] "GET /robots.txt HTTP/1.0" 404 1181 "-" "Mozilla/5.0 (compatible; MJ12bot/v1.4.3; http://www.majestic12.co.uk/bot.php?+)"
173.252.39.135 - - [21/Dec/2012:03:23:03 +0100] "GET / HTTP/1.1" 200 23965 "-" "Mozilla/5.0 (compatible; MJ12bot/v1.4.3; http://www.majestic12.co.uk/bot.php?+)"
208.115.113.84 - - [21/Dec/2012:03:29:09 +0100] "GET /robots.txt HTTP/1.1" 404 1181 "-" "Mozilla/5.0 (compatible; Ezooms/1.0; ezooms.bot@gmail.com)"
180.76.5.99 - - [21/Dec/2012:04:11:59 +0100] "GET /fiok/program_reszek/csaladbarat.htm HTTP/1.1" 200 20928 "-" "Mozilla/5.0 (compatible; Baiduspider/2.0; +http://www.baidu.com/search/spider.html)"
208.115.113.84 - - [21/Dec/2012:05:35:41 +0100] "GET /jog/eljarasokrol.htm HTTP/1.1" 200 14427 "-" "Mozilla/5.0 (compatible; Ezooms/1.0; ezooms.bot@gmail.com)"
139.18.2.209 - - [21/Dec/2012:05:48:40 +0100] "GET /deutsch/programme.htm HTTP/1.1" 200 6045 "-" "findlinks/2.6 (+http://wortschatz.uni-leipzig.de/findlinks/)"
66.249.78.60 - - [21/Dec/2012:05:52:25 +0100] "GET /jog/jogsegely.htm HTTP/1.1" 304 - "-" "Mozilla/5.0 (compatible; Googlebot/2.1; +http://www.google.com/bot.html)"
208.115.113.84 - - [21/Dec/2012:07:21:46 +0100] "GET /robots.txt HTTP/1.1" 404 1181 "-" "Mozilla/5.0 (compatible; Ezooms/1.0; ezooms.bot@gmail.com)"
157.55.32.105 - - [21/Dec/2012:07:43:48 +0100] "GET /robots.txt HTTP/1.1" 404 1181 "-" "Mozilla/5.0 (compatible; bingbot/2.0; +http://www.bing.com/bingbot.htm)"
157.55.32.105 - - [21/Dec/2012:07:45:22 +0100] "GET /hirek08_12.htm HTTP/1.1" 200 8268 "-" "Mozilla/5.0 (compatible; bingbot/2.0; +http://www.bing.com/bingbot.htm)"
157.55.36.35 - - [21/Dec/2012:07:47:50 +0100] "GET /jog/ugyeszsegek.htm HTTP/1.1" 200 13810 "-" "Mozilla/5.0 (compatible; bingbot/2.0; +http://www.bing.com/bingbot.htm)"
207.46.194.76 - - [21/Dec/2012:08:01:50 +0100] "GET /robots.txt HTTP/1.1" 404 1181 "-" "msnbot-media/1.1 (+http://search.msn.com/msnbot.htm)"
207.46.194.76 - - [21/Dec/2012:08:01:51 +0100] "GET /jog/eseteink/audi/audi%20-%20natura%202000_.jpg HTTP/1.1" 200 4882 "-" "msnbot-media/1.1 (+http://search.msn.com/msnbot.htm)"
95.108.151.244 - - [21/Dec/2012:09:20:24 +0100] "GET /robots.txt HTTP/1.1" 404 1181 "-" "Mozilla/5.0 (compatible; YandexBot/3.0; +http://yandex.com/bots)"
95.108.151.244 - - [21/Dec/2012:09:20:24 +0100] "GET / HTTP/1.1" 200 23965 "-" "Mozilla/5.0 (compatible; YandexBot/3.0; +http://yandex.com/bots)"
95.108.151.244 - - [21/Dec/2012:09:20:25 +0100] "GET / HTTP/1.1" 200 23965 "-" "Mozilla/5.0 (compatible; YandexBot/3.0; +http://yandex.com/bots)"
208.115.113.84 - - [21/Dec/2012:09:28:40 +0100] "GET /hirek/hirek091103.htm HTTP/1.1" 200 7301 "-" "Mozilla/5.0 (compatible; Ezooms/1.0; ezooms.bot@gmail.com)"
130.83.167.153 - - [21/Dec/2012:09:50:01 +0100] "GET /fiok/index.html HTTP/1.1" 200 20554 "-" "findlinks/2.6 (+http://wortschatz.uni-leipzig.de/findlinks/)"
139.18.2.209 - - [21/Dec/2012:11:17:53 +0100] "GET /hirek/hirek090619.htm HTTP/1.1" 200 7871 "-" "findlinks/2.6 (+http://wortschatz.uni-leipzig.de/findlinks/)"
188.40.82.78 - - [21/Dec/2012:11:18:19 +0100] "HEAD / HTTP/1.1" 200 0 "-" "Mozilla/5.0 (X11; Ubuntu; Linux x86_64; rv:17.0) Gecko/20100101 Firefox/17.0"
188.40.82.78 - - [21/Dec/2012:11:18:19 +0100] "GET / HTTP/1.1" 200 23965 "-" "Mozilla/5.0 (X11; Ubuntu; Linux x86_64; rv:17.0) Gecko/20100101 Firefox/17.0"
193.224.131.38 - - [21/Dec/2012:11:32:34 +0100] "GET /jog/eseteink/kavicszatony/kavicszatony_ugyfel.pdf HTTP/1.1" 200 186515 "http://www.google.hu/url?sa=t&rct=j&q=&esrc=s&source=web&cd=5&ved=0CEoQFjAE&url=http%3A%2F%2Fwww.beklen.hu%2Fjog%2Feseteink%2Fkavicszatony%2Fkavicszatony_ugyfel.pdf&ei=qzrUUI75AsHy4QTazoGoDA&usg=AFQjCNEMwePh0cHXfR6cOEcI8e4SA0mlPQ&bvm=bv.1355534169,d.Yms" "Mozilla/5.0 (Windows NT 6.1; WOW64; rv:17.0) Gecko/20100101 Firefox/17.0"
193.224.131.38 - - [21/Dec/2012:11:32:35 +0100] "GET /favicon.ico HTTP/1.1" 404 1181 "-" "Mozilla/5.0 (Windows NT 6.1; WOW64; rv:17.0) Gecko/20100101 Firefox/17.0"
66.249.78.60 - - [21/Dec/2012:11:35:25 +0100] "GET /robots.txt HTTP/1.1" 404 1181 "-" "Mozilla/5.0 (compatible; Googlebot/2.1; +http://www.google.com/bot.html)"
66.249.76.62 - - [21/Dec/2012:11:35:25 +0100] "GET / HTTP/1.1" 200 23965 "-" "Mozilla/5.0 (compatible; Googlebot/2.1; +http://www.google.com/bot.html)"
130.83.167.153 - - [21/Dec/2012:11:42:42 +0100] "GET /jog/adathozzaferes.htm HTTP/1.1" 200 13800 "-" "findlinks/2.6 (+http://wortschatz.uni-leipzig.de/findlinks/)"
131.253.40.41 - - [21/Dec/2012:11:48:26 +0100] "GET /robots.txt HTTP/1.1" 404 1181 "-" "msnbot-media/1.1 (+http://search.msn.com/msnbot.htm)"
131.253.40.41 - - [21/Dec/2012:11:48:27 +0100] "GET /jog/eseteink/derekegyhaza/37-433.jpg HTTP/1.1" 200 3573 "-" "msnbot-media/1.1 (+http://search.msn.com/msnbot.htm)"
180.76.5.57 - - [21/Dec/2012:12:15:34 +0100] "GET /fiok/program_reszek/erdei_iskola.htm HTTP/1.1" 200 21601 "-" "Mozilla/5.0 (compatible; Baiduspider/2.0; +http://www.baidu.com/search/spider.html)"
188.109.254.68 - - [21/Dec/2012:12:21:19 +0100] "GET /hirek/hirek090303.htm HTTP/1.1" 200 7721 "-" "findlinks/2.6 (+http://wortschatz.uni-leipzig.de/findlinks/)"
65.55.215.102 - - [21/Dec/2012:12:28:49 +0100] "GET /robots.txt HTTP/1.1" 404 1181 "-" "msnbot-media/1.1 (+http://search.msn.com/msnbot.htm)"
65.55.215.102 - - [21/Dec/2012:12:28:49 +0100] "GET /jog/eseteink/dakar/k.jpg HTTP/1.1" 200 2687 "-" "msnbot-media/1.1 (+http://search.msn.com/msnbot.htm)"
66.249.76.62 - - [21/Dec/2012:12:48:07 +0100] "GET /lb/css/lightbox.css HTTP/1.1" 200 1715 "-" "Mozilla/5.0 (compatible; Googlebot/2.1; +http://www.google.com/bot.html)"
65.55.212.166 - - [21/Dec/2012:13:35:18 +0100] "GET /robots.txt HTTP/1.1" 404 1181 "-" "msnbot-media/1.1 (+http://search.msn.com/msnbot.htm)"
65.55.212.166 - - [21/Dec/2012:13:35:20 +0100] "GET /jog/eseteink/duzzaszto/koros.jpg HTTP/1.1" 200 201463 "-" "msnbot-media/1.1 (+http://search.msn.com/msnbot.htm)"
65.55.215.78 - - [21/Dec/2012:13:47:27 +0100] "GET /robots.txt HTTP/1.1" 404 1181 "-" "msnbot-media/1.1 (+http://search.msn.com/msnbot.htm)"
65.55.215.78 - - [21/Dec/2012:13:47:27 +0100] "GET /jog/eseteink/malom/fotok/img_3057_.jpg HTTP/1.1" 200 6339 "-" "msnbot-media/1.1 (+http://search.msn.com/msnbot.htm)"
79.122.91.8 - - [21/Dec/2012:16:42:31 +0100] "GET /jog/pub/rally_kiadvany_mtvsz.pdf HTTP/1.1" 200 51742 "http://www.google.hu/url?sa=t&rct=j&q=Esztergom+Dobog%C3%B3k%C5%91+kvad+balaset+.&source=web&cd=2&ved=0CDgQFjAB&url=http%3A%2F%2Fwww.beklen.hu%2Fjog%2Fpub%2Frally_kiadvany_mtvsz.pdf&ei=LoPUUM7tJqSA4gT9-oGQCg&usg=AFQjCNFlZ0YoNS4MvvfnzZCcyxIvTLN3bg" "Mozilla/5.0 (compatible; MSIE 9.0; Windows NT 6.1; WOW64; Trident/5.0)"
79.122.91.8 - - [21/Dec/2012:16:42:33 +0100] "GET /jog/pub/rally_kiadvany_mtvsz.pdf HTTP/1.1" 206 185 "-" "Mozilla/5.0 (compatible; MSIE 9.0; Windows NT 6.1; WOW64; Trident/5.0)"
79.122.91.8 - - [21/Dec/2012:16:42:33 +0100] "GET /jog/pub/rally_kiadvany_mtvsz.pdf HTTP/1.1" 206 4096 "-" "Mozilla/5.0 (compatible; MSIE 9.0; Windows NT 6.1; WOW64; Trident/5.0)"
79.122.91.8 - - [21/Dec/2012:16:42:34 +0100] "GET /jog/pub/rally_kiadvany_mtvsz.pdf HTTP/1.1" 206 54107 "-" "Mozilla/5.0 (compatible; MSIE 9.0; Windows NT 6.1; WOW64; Trident/5.0)"
79.122.91.8 - - [21/Dec/2012:16:43:06 +0100] "GET /jog/pub/rally_kiadvany_mtvsz.pdf HTTP/1.1" 206 405013 "-" "Mozilla/5.0 (compatible; MSIE 9.0; Windows NT 6.1; WOW64; Trident/5.0)"
208.115.111.68 - - [21/Dec/2012:17:21:00 +0100] "GET /robots.txt HTTP/1.1" 404 1181 "-" "Mozilla/5.0 (compatible; Ezooms/1.0; ezooms.bot@gmail.com)"
66.249.78.60 - - [21/Dec/2012:17:31:20 +0100] "GET /jog/jogszabalyok/biodiverzitas_egyezmeny.pdf HTTP/1.1" 200 198401 "-" "Mozilla/5.0 (compatible; Googlebot/2.1; +http://www.google.com/bot.html)"
80.98.13.201 - - [21/Dec/2012:17:43:25 +0100] "GET /jog/jogszabalyok/egyezm_bern.pdf HTTP/1.1" 200 77062 "http://www.google.hu/url?sa=t&rct=j&q=halak%20berni%20egyezm%C3%A9ny&source=web&cd=3&ved=0CD0QFjAC&url=http%3A%2F%2Fwww.beklen.hu%2Fjog%2Fjogszabalyok%2Fegyezm_bern.pdf&ei=dJHUUPbpFs3ZsgbShoHoDg&usg=AFQjCNGRKxXSy5fifdVP7GLBjyLoy5NKyg&bvm=bv.1355534169,d.Yms" "Mozilla/4.0 (compatible; MSIE 8.0; Windows NT 5.1; Trident/4.0; SIMBAR={4841A655-7F52-4551-99F3-DCCC2E50B0EE}; GTB7.4; InfoPath.1)"
66.249.78.60 - - [21/Dec/2012:17:47:17 +0100] "GET /jog/jogszabalyok/2011_clxxv.pdf HTTP/1.1" 304 - "-" "Mozilla/5.0 (compatible; Googlebot/2.1; +http://www.google.com/bot.html)"
91.64.157.75 - - [21/Dec/2012:18:19:06 +0100] "GET /robots.txt HTTP/1.0" 404 1181 "-" "Mozilla/5.0 (compatible; MJ12bot/v1.4.3; http://www.majestic12.co.uk/bot.php?+)"
91.64.157.75 - - [21/Dec/2012:18:19:07 +0100] "GET /kapcsolat.htm HTTP/1.0" 200 6889 "-" "Mozilla/5.0 (compatible; MJ12bot/v1.4.3; http://www.majestic12.co.uk/bot.php?+)"
91.64.157.75 - - [21/Dec/2012:18:19:09 +0100] "GET /kiadvanyok.htm HTTP/1.0" 200 8206 "-" "Mozilla/5.0 (compatible; MJ12bot/v1.4.3; http://www.majestic12.co.uk/bot.php?+)"
139.18.2.209 - - [21/Dec/2012:19:09:45 +0100] "GET /hirek/fiok/index.html HTTP/1.1" 404 1181 "-" "findlinks/2.6 (+http://wortschatz.uni-leipzig.de/findlinks/)"
66.249.76.62 - - [21/Dec/2012:19:11:10 +0100] "GET /jog/eseteink/derekegyhaza/index.htm HTTP/1.1" 200 34210 "-" "Mozilla/5.0 (iPhone; U; CPU iPhone OS 4_1 like Mac OS X; en-us) AppleWebKit/532.9 (KHTML, like Gecko) Version/4.0.5 Mobile/8B117 Safari/6531.22.7 (compatible; Googlebot-Mobile/2.1; +http://www.google.com/bot.html)"
139.18.2.209 - - [21/Dec/2012:19:15:11 +0100] "GET /hirarchivum.htm HTTP/1.1" 200 24981 "-" "findlinks/2.6 (+http://wortschatz.uni-leipzig.de/findlinks/)"
58.251.116.192 - - [21/Dec/2012:19:18:29 +0100] "GET /jog/pub/szoro.pdf+delik%20delme%20-Alibaba%20-Wiki%20-Sulit%20-Ebay%20-Amazon%20-youtube%20-Aliexpress%20-tradeindia%20-forum%20-dhgate%20-86%20-cn%20-hotfrog%20-china%20-Ec21%20-olx%20-globesource%20-book%20-job%20-org%20-gov%20-blog HTTP/1.1" 404 1181 "http://www.beklen.hu/" "Mozilla/5.0 (Windows; U; Win98; en-US; rv:x.xx) Gecko/20030423 Firebird Browser/0.6"
208.115.113.84 - - [21/Dec/2012:19:25:25 +0100] "GET /robots.txt HTTP/1.1" 404 1181 "-" "Mozilla/5.0 (compatible; Ezooms/1.0; ezooms.bot@gmail.com)"
208.115.111.68 - - [21/Dec/2012:20:02:04 +0100] "GET /kapcsolat.htm HTTP/1.1" 200 6889 "-" "Mozilla/5.0 (compatible; Ezooms/1.0; ezooms.bot@gmail.com)"
208.115.113.84 - - [21/Dec/2012:21:26:37 +0100] "GET /hirek/hirek091015.htm HTTP/1.1" 200 7046 "-" "Mozilla/5.0 (compatible; Ezooms/1.0; ezooms.bot@gmail.com)"
208.115.113.84 - - [21/Dec/2012:21:26:40 +0100] "GET /hirek/hirek101213.htm HTTP/1.1" 200 8671 "-" "Mozilla/5.0 (compatible; Ezooms/1.0; ezooms.bot@gmail.com)"
66.249.78.60 - - [21/Dec/2012:21:59:23 +0100] "GET /hirek/hirek100810.htm HTTP/1.1" 200 8123 "-" "Mozilla/5.0 (iPhone; U; CPU iPhone OS 4_1 like Mac OS X; en-us) AppleWebKit/532.9 (KHTML, like Gecko) Version/4.0.5 Mobile/8B117 Safari/6531.22.7 (compatible; Googlebot-Mobile/2.1; +http://www.google.com/bot.html)"
208.115.113.84 - - [21/Dec/2012:23:12:36 +0100] "GET /robots.txt HTTP/1.1" 404 1181 "-" "Mozilla/5.0 (compatible; Ezooms/1.0; ezooms.bot@gmail.com)"
66.249.78.60 - - [21/Dec/2012:23:28:12 +0100] "GET /jog/eseteink/poroszlo/keresetlevel_javitott_poroszlo.pdf HTTP/1.1" 304 - "-" "Mozilla/5.0 (compatible; Googlebot/2.1; +http://www.google.com/bot.html)"
65.55.215.73 - - [22/Dec/2012:00:09:50 +0100] "GET /robots.txt HTTP/1.1" 404 1181 "-" "msnbot-media/1.1 (+http://search.msn.com/msnbot.htm)"
65.55.215.73 - - [22/Dec/2012:00:09:51 +0100] "GET /jog/eseteink/poroszlo/villa_.jpg HTTP/1.1" 200 3841 "-" "msnbot-media/1.1 (+http://search.msn.com/msnbot.htm)"
66.249.78.60 - - [22/Dec/2012:00:25:10 +0100] "GET /robots.txt HTTP/1.1" 404 1181 "-" "Mozilla/5.0 (compatible; Googlebot/2.1; +http://www.google.com/bot.html)"
66.249.78.60 - - [22/Dec/2012:00:25:11 +0100] "GET /media.htm HTTP/1.1" 200 5208 "-" "Mozilla/5.0 (compatible; Googlebot/2.1; +http://www.google.com/bot.html)"
66.249.78.60 - - [22/Dec/2012:00:50:32 +0100] "GET /hirek/hirek08_11.htm HTTP/1.1" 200 7337 "-" "Mozilla/5.0 (compatible; Googlebot/2.1; +http://www.google.com/bot.html)"
208.115.111.68 - - [22/Dec/2012:01:27:08 +0100] "GET /robots.txt HTTP/1.1" 404 1181 "-" "Mozilla/5.0 (compatible; Ezooms/1.0; ezooms.bot@gmail.com)"
208.115.113.84 - - [22/Dec/2012:01:28:49 +0100] "GET /programok.htm HTTP/1.1" 200 6444 "-" "Mozilla/5.0 (compatible; Ezooms/1.0; ezooms.bot@gmail.com)"
180.76.5.158 - - [22/Dec/2012:01:47:30 +0100] "GET /fiok/programok.htm HTTP/1.1" 200 18165 "-" "Mozilla/5.0 (compatible; Baiduspider/2.0; +http://www.baidu.com/search/spider.html)"
66.249.76.62 - - [22/Dec/2012:01:48:35 +0100] "GET /fiok/kornyezet.htm HTTP/1.1" 304 - "-" "Mozilla/5.0 (compatible; Googlebot/2.1; +http://www.google.com/bot.html)"
66.249.78.60 - - [22/Dec/2012:01:59:57 +0100] "GET /hirek/hirek101025.htm HTTP/1.1" 200 8786 "-" "Mozilla/5.0 (iPhone; U; CPU iPhone OS 4_1 like Mac OS X; en-us) AppleWebKit/532.9 (KHTML, like Gecko) Version/4.0.5 Mobile/8B117 Safari/6531.22.7 (compatible; Googlebot-Mobile/2.1; +http://www.google.com/bot.html)"
24.134.146.36 - - [22/Dec/2012:02:37:37 +0100] "GET /jog/rendorsegifeljelentes.htm HTTP/1.1" 200 13536 "-" "findlinks/2.0.2 (+http://wortschatz.uni-leipzig.de/findlinks/)"
180.76.5.184 - - [22/Dec/2012:03:45:57 +0100] "GET /robots.txt HTTP/1.1" 404 1181 "-" "Mozilla/5.0 (Windows NT 5.1; rv:6.0.2) Gecko/20100101 Firefox/6.0.2"
208.115.111.68 - - [22/Dec/2012:04:04:54 +0100] "GET /hirek/hirek100305.htm HTTP/1.1" 200 7091 "-" "Mozilla/5.0 (compatible; Ezooms/1.0; ezooms.bot@gmail.com)"
139.18.2.17 - - [22/Dec/2012:05:55:50 +0100] "GET /jog/publikaciok.htm HTTP/1.1" 200 17866 "-" "findlinks/2.6 (+http://wortschatz.uni-leipzig.de/findlinks/)"
66.249.78.60 - - [22/Dec/2012:06:06:03 +0100] "GET /fiok/program_reszek/csaladbarat.htm HTTP/1.1" 200 20928 "-" "Mozilla/5.0 (compatible; Googlebot/2.1; +http://www.google.com/bot.html)"
66.249.76.62 - - [22/Dec/2012:06:22:40 +0100] "GET /fiok/program_reszek/news.html HTTP/1.1" 404 1181 "-" "Mozilla/5.0 (compatible; Googlebot/2.1; +http://www.google.com/bot.html)"
178.154.210.252 - - [22/Dec/2012:06:39:59 +0100] "GET /robots.txt HTTP/1.1" 404 1181 "-" "Mozilla/5.0 (compatible; YandexBot/3.0; +http://yandex.com/bots)"
178.154.210.252 - - [22/Dec/2012:06:40:02 +0100] "GET /english/index.htm HTTP/1.1" 200 5262 "-" "Mozilla/5.0 (compatible; YandexBot/3.0; +http://yandex.com/bots)"
66.249.78.60 - - [22/Dec/2012:07:01:26 +0100] "GET /fiok/css/lightbox.css HTTP/1.1" 200 1715 "http://www.beklen.hu/fiok/program_reszek/csaladbarat.htm" "Mozilla/5.0 (compatible; Googlebot/2.1; +http://www.google.com/bot.html)"
66.249.78.60 - - [22/Dec/2012:07:01:27 +0100] "GET /jog/style.css HTTP/1.1" 200 21413 "http://www.beklen.hu/jog/eseteink/derekegyhaza/index.htm" "Mozilla/5.0 (compatible; Googlebot/2.1; +http://www.google.com/bot.html)"
66.249.78.60 - - [22/Dec/2012:07:01:28 +0100] "GET /jog/lb/css/lightbox.css HTTP/1.1" 200 1715 "http://www.beklen.hu/jog/eseteink/derekegyhaza/index.htm" "Mozilla/5.0 (compatible; Googlebot/2.1; +http://www.google.com/bot.html)"
66.249.78.60 - - [22/Dec/2012:07:01:30 +0100] "GET /fiok/program_reszek/images/b12.jpg HTTP/1.1" 200 544 "http://www.beklen.hu/fiok/program_reszek/csaladbarat.htm" "Mozilla/5.0 (compatible; Googlebot/2.1; +http://www.google.com/bot.html)"
66.249.78.60 - - [22/Dec/2012:07:01:30 +0100] "GET /fiok/program_reszek/images/index_02_02.JPG HTTP/1.1" 200 1178 "http://www.beklen.hu/fiok/program_reszek/csaladbarat.htm" "Mozilla/5.0 (compatible; Googlebot/2.1; +http://www.google.com/bot.html)"
66.249.78.60 - - [22/Dec/2012:07:01:31 +0100] "GET /fiok/program_reszek/images/b4b.jpg HTTP/1.1" 200 524 "http://www.beklen.hu/fiok/program_reszek/csaladbarat.htm" "Mozilla/5.0 (compatible; Googlebot/2.1; +http://www.google.com/bot.html)"
66.249.78.60 - - [22/Dec/2012:07:01:31 +0100] "GET /fiok/program_reszek/images/e4e.jpg HTTP/1.1" 200 524 "http://www.beklen.hu/fiok/program_reszek/csaladbarat.htm" "Mozilla/5.0 (compatible; Googlebot/2.1; +http://www.google.com/bot.html)"
66.249.76.62 - - [22/Dec/2012:07:01:32 +0100] "GET /fiok/program_reszek/images/c4c.jpg HTTP/1.1" 200 524 "http://www.beklen.hu/fiok/program_reszek/csaladbarat.htm" "Mozilla/5.0 (compatible; Googlebot/2.1; +http://www.google.com/bot.html)"
66.249.78.60 - - [22/Dec/2012:07:01:32 +0100] "GET /fiok/program_reszek/images/d4d.jpg HTTP/1.1" 200 524 "http://www.beklen.hu/fiok/program_reszek/csaladbarat.htm" "Mozilla/5.0 (compatible; Googlebot/2.1; +http://www.google.com/bot.html)"
66.249.78.60 - - [22/Dec/2012:07:01:33 +0100] "GET /fiok/program_reszek/images/index_13.gif HTTP/1.1" 200 149 "http://www.beklen.hu/fiok/program_reszek/csaladbarat.htm" "Mozilla/5.0 (compatible; Googlebot/2.1; +http://www.google.com/bot.html)"
66.249.76.62 - - [22/Dec/2012:07:01:33 +0100] "GET /fiok/program_reszek/images/index_12_12.JPG HTTP/1.1" 200 985 "http://www.beklen.hu/fiok/program_reszek/csaladbarat.htm" "Mozilla/5.0 (compatible; Googlebot/2.1; +http://www.google.com/bot.html)"
66.249.78.60 - - [22/Dec/2012:07:01:34 +0100] "GET /fiok/program_reszek/images/index_11.gif HTTP/1.1" 200 74 "http://www.beklen.hu/fiok/program_reszek/csaladbarat.htm" "Mozilla/5.0 (compatible; Googlebot/2.1; +http://www.google.com/bot.html)"
66.249.78.60 - - [22/Dec/2012:07:01:34 +0100] "GET /fiok/program_reszek/images/index_14_14.JPG HTTP/1.1" 200 9305 "http://www.beklen.hu/fiok/program_reszek/csaladbarat.htm" "Mozilla/5.0 (compatible; Googlebot/2.1; +http://www.google.com/bot.html)"
66.249.76.62 - - [22/Dec/2012:07:01:35 +0100] "GET /fiok/program_reszek/images/a4a.jpg HTTP/1.1" 200 524 "http://www.beklen.hu/fiok/program_reszek/csaladbarat.htm" "Mozilla/5.0 (compatible; Googlebot/2.1; +http://www.google.com/bot.html)"
66.249.78.60 - - [22/Dec/2012:07:01:35 +0100] "GET /fiok/program_reszek/images/index_19_19.JPG HTTP/1.1" 200 3123 "http://www.beklen.hu/fiok/program_reszek/csaladbarat.htm" "Mozilla/5.0 (compatible; Googlebot/2.1; +http://www.google.com/bot.html)"
66.249.78.60 - - [22/Dec/2012:07:01:36 +0100] "GET /fiok/program_reszek/images/index_22.gif HTTP/1.1" 200 227 "http://www.beklen.hu/fiok/program_reszek/csaladbarat.htm" "Mozilla/5.0 (compatible; Googlebot/2.1; +http://www.google.com/bot.html)"
66.249.76.62 - - [22/Dec/2012:07:01:36 +0100] "GET /fiok/program_reszek/images/index_24.gif HTTP/1.1" 200 227 "http://www.beklen.hu/fiok/program_reszek/csaladbarat.htm" "Mozilla/5.0 (compatible; Googlebot/2.1; +http://www.google.com/bot.html)"
66.249.78.60 - - [22/Dec/2012:07:01:37 +0100] "GET /fiok/program_reszek/images/index_18_18.JPG HTTP/1.1" 200 15778 "http://www.beklen.hu/fiok/program_reszek/csaladbarat.htm" "Mozilla/5.0 (compatible; Googlebot/2.1; +http://www.google.com/bot.html)"
66.249.78.60 - - [22/Dec/2012:07:01:37 +0100] "GET /fiok/program_reszek/programok/23.jpg HTTP/1.1" 200 230784 "http://www.beklen.hu/fiok/program_reszek/csaladbarat.htm" "Mozilla/5.0 (compatible; Googlebot/2.1; +http://www.google.com/bot.html)"
178.154.210.252 - - [22/Dec/2012:07:19:13 +0100] "GET /hirek/hirek100305.htm HTTP/1.1" 200 7091 "-" "Mozilla/5.0 (compatible; YandexBot/3.0; +http://yandex.com/bots)"
208.115.113.84 - - [22/Dec/2012:07:19:27 +0100] "GET /robots.txt HTTP/1.1" 404 1181 "-" "Mozilla/5.0 (compatible; Ezooms/1.0; ezooms.bot@gmail.com)"
208.115.113.84 - - [22/Dec/2012:09:23:20 +0100] "GET /civilmuhely.htm HTTP/1.1" 200 8450 "-" "Mozilla/5.0 (compatible; Ezooms/1.0; ezooms.bot@gmail.com)"
65.55.215.102 - - [22/Dec/2012:09:27:17 +0100] "GET /robots.txt HTTP/1.1" 404 1181 "-" "msnbot-media/1.1 (+http://search.msn.com/msnbot.htm)"
65.55.215.102 - - [22/Dec/2012:09:27:17 +0100] "GET /jog/eseteink/dakar/k.jpg HTTP/1.1" 200 2687 "-" "msnbot-media/1.1 (+http://search.msn.com/msnbot.htm)"
65.55.52.108 - - [22/Dec/2012:09:28:28 +0100] "GET /robots.txt HTTP/1.1" 404 1181 "-" "Mozilla/5.0 (compatible; bingbot/2.0; +http://www.bing.com/bingbot.htm)"
65.55.52.108 - - [22/Dec/2012:09:30:12 +0100] "GET / HTTP/1.1" 304 - "-" "Mozilla/5.0 (compatible; bingbot/2.0; +http://www.bing.com/bingbot.htm)"
139.18.2.17 - - [22/Dec/2012:10:52:34 +0100] "GET /hirek/hirek100804.htm HTTP/1.1" 200 8056 "-" "findlinks/2.6 (+http://wortschatz.uni-leipzig.de/findlinks/)"
208.115.113.84 - - [22/Dec/2012:11:24:46 +0100] "GET /robots.txt HTTP/1.1" 404 1181 "-" "Mozilla/5.0 (compatible; Ezooms/1.0; ezooms.bot@gmail.com)"
