37.140.141.19 - - [03/Dec/2012:17:58:18 +0100] "GET /hirek/090510/szuletesunnepe037_.jpg HTTP/1.1" 200 5702 "-" "Mozilla/5.0 (compatible; YandexImages/3.0; +http://yandex.com/bots)"
66.249.66.24 - - [03/Dec/2012:18:15:52 +0100] "GET /robots.txt HTTP/1.1" 404 1181 "-" "Mozilla/5.0 (compatible; Googlebot/2.1; +http://www.google.com/bot.html)"
66.249.76.62 - - [03/Dec/2012:18:15:53 +0100] "GET /jog/eseteink/dakar/n.jpg HTTP/1.1" 304 - "-" "Googlebot-Image/1.0"
180.76.5.183 - - [03/Dec/2012:18:24:18 +0100] "GET /fiok/program_reszek/madarmegfigyeles.htm HTTP/1.1" 200 21825 "-" "Mozilla/5.0 (compatible; Baiduspider/2.0; +http://www.baidu.com/search/spider.html)"
66.249.76.62 - - [03/Dec/2012:18:34:16 +0100] "GET /fiok/program_reszek/programok/06.jpg HTTP/1.1" 304 - "-" "Googlebot-Image/1.0"
37.140.141.19 - - [03/Dec/2012:18:39:29 +0100] "GET /hirek/090510/szuletesunnepe034_.jpg HTTP/1.1" 200 5541 "-" "Mozilla/5.0 (compatible; YandexImages/3.0; +http://yandex.com/bots)"
66.249.66.24 - - [03/Dec/2012:18:49:00 +0100] "GET /hirek/090510/szuletesunnepe055_.jpg HTTP/1.1" 304 - "-" "Googlebot-Image/1.0"
37.140.141.19 - - [03/Dec/2012:19:24:13 +0100] "GET /tm02.jpg HTTP/1.1" 200 1873 "-" "Mozilla/5.0 (compatible; YandexImages/3.0; +http://yandex.com/bots)"
66.249.66.24 - - [03/Dec/2012:19:46:38 +0100] "GET /fiok/ HTTP/1.1" 304 - "-" "Mozilla/5.0 (iPhone; U; CPU iPhone OS 4_1 like Mac OS X; en-us) AppleWebKit/532.9 (KHTML, like Gecko) Version/4.0.5 Mobile/8B117 Safari/6531.22.7 (compatible; Googlebot-Mobile/2.1; +http://www.google.com/bot.html)"
37.140.141.19 - - [03/Dec/2012:20:09:29 +0100] "GET /images/kvvm_logo.jpg HTTP/1.1" 200 4763 "-" "Mozilla/5.0 (compatible; YandexImages/3.0; +http://yandex.com/bots)"
37.140.141.19 - - [03/Dec/2012:21:05:53 +0100] "GET /tm02_.jpg HTTP/1.1" 200 1524 "-" "Mozilla/5.0 (compatible; YandexImages/3.0; +http://yandex.com/bots)"
208.115.111.68 - - [03/Dec/2012:21:28:13 +0100] "GET /robots.txt HTTP/1.1" 404 1181 "-" "Mozilla/5.0 (compatible; Ezooms/1.0; ezooms.bot@gmail.com)"
80.98.180.168 - - [03/Dec/2012:21:31:01 +0100] "GET /jog/eseteink/duzzaszto/index.htm HTTP/1.1" 200 10470 "http://www.google.hu/url?sa=f&rct=j&url=http://www.beklen.hu/jog/eseteink/duzzaszto/index.htm&q=gyulav%C3%A1ri+hall%C3%A9pcs%C5%91&ei=_wu9UKC7LMnVtAatw4GgAw&usg=AFQjCNFI_a2a1tPPQS7zIjqZJcsNnW4MNw" "Mozilla/5.0 (Windows NT 6.0) AppleWebKit/537.11 (KHTML, like Gecko) Chrome/23.0.1271.95 Safari/537.11"
80.98.180.168 - - [03/Dec/2012:21:31:01 +0100] "GET /jog/script.js HTTP/1.1" 200 5674 "http://www.beklen.hu/jog/eseteink/duzzaszto/index.htm" "Mozilla/5.0 (Windows NT 6.0) AppleWebKit/537.11 (KHTML, like Gecko) Chrome/23.0.1271.95 Safari/537.11"
80.98.180.168 - - [03/Dec/2012:21:31:01 +0100] "GET /jog/style.css HTTP/1.1" 200 21413 "http://www.beklen.hu/jog/eseteink/duzzaszto/index.htm" "Mozilla/5.0 (Windows NT 6.0) AppleWebKit/537.11 (KHTML, like Gecko) Chrome/23.0.1271.95 Safari/537.11"
80.98.180.168 - - [03/Dec/2012:21:31:01 +0100] "GET /jog/jquery.js HTTP/1.1" 200 72174 "http://www.beklen.hu/jog/eseteink/duzzaszto/index.htm" "Mozilla/5.0 (Windows NT 6.0) AppleWebKit/537.11 (KHTML, like Gecko) Chrome/23.0.1271.95 Safari/537.11"
80.98.180.168 - - [03/Dec/2012:21:31:02 +0100] "GET /jog/lb/css/lightbox.css HTTP/1.1" 200 1715 "http://www.beklen.hu/jog/eseteink/duzzaszto/index.htm" "Mozilla/5.0 (Windows NT 6.0) AppleWebKit/537.11 (KHTML, like Gecko) Chrome/23.0.1271.95 Safari/537.11"
80.98.180.168 - - [03/Dec/2012:21:31:02 +0100] "GET /jog/lb/js/scriptaculous.js?load=effects HTTP/1.1" 200 2152 "http://www.beklen.hu/jog/eseteink/duzzaszto/index.htm" "Mozilla/5.0 (Windows NT 6.0) AppleWebKit/537.11 (KHTML, like Gecko) Chrome/23.0.1271.95 Safari/537.11"
80.98.180.168 - - [03/Dec/2012:21:31:02 +0100] "GET /jog/lb/js/lightbox.js HTTP/1.1" 200 23431 "http://www.beklen.hu/jog/eseteink/duzzaszto/index.htm" "Mozilla/5.0 (Windows NT 6.0) AppleWebKit/537.11 (KHTML, like Gecko) Chrome/23.0.1271.95 Safari/537.11"
80.98.180.168 - - [03/Dec/2012:21:31:02 +0100] "GET /jog/lb/js/prototype.js HTTP/1.1" 200 47603 "http://www.beklen.hu/jog/eseteink/duzzaszto/index.htm" "Mozilla/5.0 (Windows NT 6.0) AppleWebKit/537.11 (KHTML, like Gecko) Chrome/23.0.1271.95 Safari/537.11"
80.98.180.168 - - [03/Dec/2012:21:31:02 +0100] "GET /jog/lb/js/effects.js HTTP/1.1" 200 31969 "http://www.beklen.hu/jog/eseteink/duzzaszto/index.htm" "Mozilla/5.0 (Windows NT 6.0) AppleWebKit/537.11 (KHTML, like Gecko) Chrome/23.0.1271.95 Safari/537.11"
80.98.180.168 - - [03/Dec/2012:21:31:02 +0100] "GET /jog/images/spacer.gif HTTP/1.1" 200 43 "http://www.beklen.hu/jog/eseteink/duzzaszto/index.htm" "Mozilla/5.0 (Windows NT 6.0) AppleWebKit/537.11 (KHTML, like Gecko) Chrome/23.0.1271.95 Safari/537.11"
80.98.180.168 - - [03/Dec/2012:21:31:02 +0100] "GET /jog/images/subitem.png HTTP/1.1" 200 81 "http://www.beklen.hu/jog/eseteink/duzzaszto/index.htm" "Mozilla/5.0 (Windows NT 6.0) AppleWebKit/537.11 (KHTML, like Gecko) Chrome/23.0.1271.95 Safari/537.11"
80.98.180.168 - - [03/Dec/2012:21:31:02 +0100] "GET /jog/images/nav.png HTTP/1.1" 200 10482 "http://www.beklen.hu/jog/eseteink/duzzaszto/index.htm" "Mozilla/5.0 (Windows NT 6.0) AppleWebKit/537.11 (KHTML, like Gecko) Chrome/23.0.1271.95 Safari/537.11"
80.98.180.168 - - [03/Dec/2012:21:31:02 +0100] "GET /jog/images/post_s.png HTTP/1.1" 200 466 "http://www.beklen.hu/jog/eseteink/duzzaszto/index.htm" "Mozilla/5.0 (Windows NT 6.0) AppleWebKit/537.11 (KHTML, like Gecko) Chrome/23.0.1271.95 Safari/537.11"
80.98.180.168 - - [03/Dec/2012:21:31:02 +0100] "GET /jog/images/post_h.png HTTP/1.1" 200 292 "http://www.beklen.hu/jog/eseteink/duzzaszto/index.htm" "Mozilla/5.0 (Windows NT 6.0) AppleWebKit/537.11 (KHTML, like Gecko) Chrome/23.0.1271.95 Safari/537.11"
80.98.180.168 - - [03/Dec/2012:21:31:02 +0100] "GET /jog/images/post_c.png HTTP/1.1" 200 204 "http://www.beklen.hu/jog/eseteink/duzzaszto/index.htm" "Mozilla/5.0 (Windows NT 6.0) AppleWebKit/537.11 (KHTML, like Gecko) Chrome/23.0.1271.95 Safari/537.11"
80.98.180.168 - - [03/Dec/2012:21:31:02 +0100] "GET /jog/images/post_v.png HTTP/1.1" 200 310 "http://www.beklen.hu/jog/eseteink/duzzaszto/index.htm" "Mozilla/5.0 (Windows NT 6.0) AppleWebKit/537.11 (KHTML, like Gecko) Chrome/23.0.1271.95 Safari/537.11"
80.98.180.168 - - [03/Dec/2012:21:31:02 +0100] "GET /jog/img/file_pdf.png HTTP/1.1" 200 581 "http://www.beklen.hu/jog/eseteink/duzzaszto/index.htm" "Mozilla/5.0 (Windows NT 6.0) AppleWebKit/537.11 (KHTML, like Gecko) Chrome/23.0.1271.95 Safari/537.11"
80.98.180.168 - - [03/Dec/2012:21:31:02 +0100] "GET /jog/images/header.png HTTP/1.1" 200 170837 "http://www.beklen.hu/jog/eseteink/duzzaszto/index.htm" "Mozilla/5.0 (Windows NT 6.0) AppleWebKit/537.11 (KHTML, like Gecko) Chrome/23.0.1271.95 Safari/537.11"
80.98.180.168 - - [03/Dec/2012:21:31:02 +0100] "GET /jog/images/Bottom_texture.jpg HTTP/1.1" 200 193775 "http://www.beklen.hu/jog/eseteink/duzzaszto/index.htm" "Mozilla/5.0 (Windows NT 6.0) AppleWebKit/537.11 (KHTML, like Gecko) Chrome/23.0.1271.95 Safari/537.11"
80.98.180.168 - - [03/Dec/2012:21:31:02 +0100] "GET /jog/img/file_doc.png HTTP/1.1" 200 598 "http://www.beklen.hu/jog/eseteink/duzzaszto/index.htm" "Mozilla/5.0 (Windows NT 6.0) AppleWebKit/537.11 (KHTML, like Gecko) Chrome/23.0.1271.95 Safari/537.11"
80.98.180.168 - - [03/Dec/2012:21:31:02 +0100] "GET /jog/img/file_jpg.png HTTP/1.1" 200 607 "http://www.beklen.hu/jog/eseteink/duzzaszto/index.htm" "Mozilla/5.0 (Windows NT 6.0) AppleWebKit/537.11 (KHTML, like Gecko) Chrome/23.0.1271.95 Safari/537.11"
80.98.180.168 - - [03/Dec/2012:21:31:03 +0100] "GET /jog/images/menuitem.png HTTP/1.1" 200 20398 "http://www.beklen.hu/jog/eseteink/duzzaszto/index.htm" "Mozilla/5.0 (Windows NT 6.0) AppleWebKit/537.11 (KHTML, like Gecko) Chrome/23.0.1271.95 Safari/537.11"
80.98.180.168 - - [03/Dec/2012:21:31:04 +0100] "GET /jog/eseteink/duzzaszto/gyulavari_kotelezes1.pdf HTTP/1.1" 200 68117 "http://www.google.hu/url?sa=t&rct=j&q=gyulav%C3%A1ri%20hall%C3%A9pcs%C5%91&source=web&cd=2&cad=rja&sqi=2&ved=0CDAQFjAB&url=http%3A%2F%2Fwww.beklen.hu%2Fjog%2Feseteink%2Fduzzaszto%2Fgyulavari_kotelezes1.pdf&ei=_wu9UKC7LMnVtAatw4GgAw&usg=AFQjCNFIGLAxhJs997KGVn78WOpaUB20ZA" "Mozilla/5.0 (Windows NT 6.0) AppleWebKit/537.11 (KHTML, like Gecko) Chrome/23.0.1271.95 Safari/537.11"
80.98.180.168 - - [03/Dec/2012:21:31:04 +0100] "GET /favicon.ico HTTP/1.1" 404 1181 "-" "Mozilla/5.0 (Windows NT 6.0) AppleWebKit/537.11 (KHTML, like Gecko) Chrome/23.0.1271.95 Safari/537.11"
80.98.180.168 - - [03/Dec/2012:21:31:04 +0100] "GET /jog/eseteink/duzzaszto/gyulavari_kotelezes1.pdf HTTP/1.1" 206 32768 "http://www.beklen.hu/jog/eseteink/duzzaszto/gyulavari_kotelezes1.pdf" "Mozilla/5.0 (Windows NT 6.0) AppleWebKit/537.11 (KHTML, like Gecko) Chrome/23.0.1271.95 Safari/537.11"
80.98.180.168 - - [03/Dec/2012:21:31:04 +0100] "GET /jog/eseteink/duzzaszto/gyulavari_kotelezes1.pdf HTTP/1.1" 206 32768 "http://www.beklen.hu/jog/eseteink/duzzaszto/gyulavari_kotelezes1.pdf" "Mozilla/5.0 (Windows NT 6.0) AppleWebKit/537.11 (KHTML, like Gecko) Chrome/23.0.1271.95 Safari/537.11"
80.98.180.168 - - [03/Dec/2012:21:31:04 +0100] "GET /jog/eseteink/duzzaszto/gyulavari_kotelezes1.pdf HTTP/1.1" 206 2581 "http://www.beklen.hu/jog/eseteink/duzzaszto/gyulavari_kotelezes1.pdf" "Mozilla/5.0 (Windows NT 6.0) AppleWebKit/537.11 (KHTML, like Gecko) Chrome/23.0.1271.95 Safari/537.11"
80.98.180.168 - - [03/Dec/2012:21:33:39 +0100] "GET /jog/eseteink/derekegyhaza/foldhivatalnak_1.pdf HTTP/1.1" 200 24434 "http://www.google.hu/url?sa=t&rct=j&q=derekegyh%C3%A1zi%20vaddiszn%C3%B3skert%20%C3%BCgye&source=web&cd=1&cad=rja&ved=0CCsQFjAA&url=http%3A%2F%2Fwww.beklen.hu%2Fjog%2Feseteink%2Fderekegyhaza%2Ffoldhivatalnak_1.pdf&ei=ngy9UMaAH83otQaLxoGACA&usg=AFQjCNFHnqal6y-4a4KcG9bbZlAm12rw7w" "Mozilla/5.0 (Windows NT 6.0) AppleWebKit/537.11 (KHTML, like Gecko) Chrome/23.0.1271.95 Safari/537.11"
80.98.180.168 - - [03/Dec/2012:21:33:39 +0100] "GET /favicon.ico HTTP/1.1" 404 1181 "-" "Mozilla/5.0 (Windows NT 6.0) AppleWebKit/537.11 (KHTML, like Gecko) Chrome/23.0.1271.95 Safari/537.11"
80.98.180.168 - - [03/Dec/2012:21:33:39 +0100] "GET /jog/eseteink/derekegyhaza/foldhivatalnak_1.pdf HTTP/1.1" 206 32768 "http://www.beklen.hu/jog/eseteink/derekegyhaza/foldhivatalnak_1.pdf" "Mozilla/5.0 (Windows NT 6.0) AppleWebKit/537.11 (KHTML, like Gecko) Chrome/23.0.1271.95 Safari/537.11"
80.98.180.168 - - [03/Dec/2012:21:33:39 +0100] "GET /jog/eseteink/derekegyhaza/foldhivatalnak_1.pdf HTTP/1.1" 206 105136 "http://www.beklen.hu/jog/eseteink/derekegyhaza/foldhivatalnak_1.pdf" "Mozilla/5.0 (Windows NT 6.0) AppleWebKit/537.11 (KHTML, like Gecko) Chrome/23.0.1271.95 Safari/537.11"
80.98.180.168 - - [03/Dec/2012:21:33:39 +0100] "GET /jog/eseteink/derekegyhaza/foldhivatalnak_1.pdf HTTP/1.1" 206 7312 "http://www.beklen.hu/jog/eseteink/derekegyhaza/foldhivatalnak_1.pdf" "Mozilla/5.0 (Windows NT 6.0) AppleWebKit/537.11 (KHTML, like Gecko) Chrome/23.0.1271.95 Safari/537.11"
80.98.180.168 - - [03/Dec/2012:21:35:36 +0100] "GET /jog/pub/fuzet_beliv_jav2.pdf HTTP/1.1" 200 22974 "http://www.google.hu/url?sa=t&rct=j&q=derekegyh%C3%A1zi%20vaddiszn%C3%B3skert%20%C3%BCgye&source=web&cd=2&cad=rja&ved=0CC8QFjAB&url=http%3A%2F%2Fwww.beklen.hu%2Fjog%2Fpub%2Ffuzet_beliv_jav2.pdf&ei=ngy9UMaAH83otQaLxoGACA&usg=AFQjCNHpUEaL5XKsbvvd9n7daxL1i54IOg" "Mozilla/5.0 (Windows NT 6.0) AppleWebKit/537.11 (KHTML, like Gecko) Chrome/23.0.1271.95 Safari/537.11"
80.98.180.168 - - [03/Dec/2012:21:35:36 +0100] "GET /favicon.ico HTTP/1.1" 404 1181 "-" "Mozilla/5.0 (Windows NT 6.0) AppleWebKit/537.11 (KHTML, like Gecko) Chrome/23.0.1271.95 Safari/537.11"
80.98.180.168 - - [03/Dec/2012:21:35:36 +0100] "GET /jog/pub/fuzet_beliv_jav2.pdf HTTP/1.1" 206 32768 "http://www.beklen.hu/jog/pub/fuzet_beliv_jav2.pdf" "Mozilla/5.0 (Windows NT 6.0) AppleWebKit/537.11 (KHTML, like Gecko) Chrome/23.0.1271.95 Safari/537.11"
80.98.180.168 - - [03/Dec/2012:21:35:37 +0100] "GET /jog/pub/fuzet_beliv_jav2.pdf HTTP/1.1" 206 32768 "http://www.beklen.hu/jog/pub/fuzet_beliv_jav2.pdf" "Mozilla/5.0 (Windows NT 6.0) AppleWebKit/537.11 (KHTML, like Gecko) Chrome/23.0.1271.95 Safari/537.11"
80.98.180.168 - - [03/Dec/2012:21:35:37 +0100] "GET /jog/pub/fuzet_beliv_jav2.pdf HTTP/1.1" 206 32768 "http://www.beklen.hu/jog/pub/fuzet_beliv_jav2.pdf" "Mozilla/5.0 (Windows NT 6.0) AppleWebKit/537.11 (KHTML, like Gecko) Chrome/23.0.1271.95 Safari/537.11"
80.98.180.168 - - [03/Dec/2012:21:35:38 +0100] "GET /jog/pub/fuzet_beliv_jav2.pdf HTTP/1.1" 206 32768 "http://www.beklen.hu/jog/pub/fuzet_beliv_jav2.pdf" "Mozilla/5.0 (Windows NT 6.0) AppleWebKit/537.11 (KHTML, like Gecko) Chrome/23.0.1271.95 Safari/537.11"
80.98.180.168 - - [03/Dec/2012:21:35:39 +0100] "GET /jog/pub/fuzet_beliv_jav2.pdf HTTP/1.1" 206 32768 "http://www.beklen.hu/jog/pub/fuzet_beliv_jav2.pdf" "Mozilla/5.0 (Windows NT 6.0) AppleWebKit/537.11 (KHTML, like Gecko) Chrome/23.0.1271.95 Safari/537.11"
80.98.180.168 - - [03/Dec/2012:21:35:39 +0100] "GET /jog/pub/fuzet_beliv_jav2.pdf HTTP/1.1" 206 32768 "http://www.beklen.hu/jog/pub/fuzet_beliv_jav2.pdf" "Mozilla/5.0 (Windows NT 6.0) AppleWebKit/537.11 (KHTML, like Gecko) Chrome/23.0.1271.95 Safari/537.11"
80.98.180.168 - - [03/Dec/2012:21:35:40 +0100] "GET /jog/pub/fuzet_beliv_jav2.pdf HTTP/1.1" 206 32768 "http://www.beklen.hu/jog/pub/fuzet_beliv_jav2.pdf" "Mozilla/5.0 (Windows NT 6.0) AppleWebKit/537.11 (KHTML, like Gecko) Chrome/23.0.1271.95 Safari/537.11"
80.98.180.168 - - [03/Dec/2012:21:35:40 +0100] "GET /jog/pub/fuzet_beliv_jav2.pdf HTTP/1.1" 206 48625 "http://www.beklen.hu/jog/pub/fuzet_beliv_jav2.pdf" "Mozilla/5.0 (Windows NT 6.0) AppleWebKit/537.11 (KHTML, like Gecko) Chrome/23.0.1271.95 Safari/537.11"
80.98.180.168 - - [03/Dec/2012:21:35:41 +0100] "GET /jog/pub/fuzet_beliv_jav2.pdf HTTP/1.1" 206 32768 "http://www.beklen.hu/jog/pub/fuzet_beliv_jav2.pdf" "Mozilla/5.0 (Windows NT 6.0) AppleWebKit/537.11 (KHTML, like Gecko) Chrome/23.0.1271.95 Safari/537.11"
80.98.180.168 - - [03/Dec/2012:21:35:41 +0100] "GET /jog/pub/fuzet_beliv_jav2.pdf HTTP/1.1" 206 32768 "http://www.beklen.hu/jog/pub/fuzet_beliv_jav2.pdf" "Mozilla/5.0 (Windows NT 6.0) AppleWebKit/537.11 (KHTML, like Gecko) Chrome/23.0.1271.95 Safari/537.11"
80.98.180.168 - - [03/Dec/2012:21:35:42 +0100] "GET /jog/pub/fuzet_beliv_jav2.pdf HTTP/1.1" 206 32768 "http://www.beklen.hu/jog/pub/fuzet_beliv_jav2.pdf" "Mozilla/5.0 (Windows NT 6.0) AppleWebKit/537.11 (KHTML, like Gecko) Chrome/23.0.1271.95 Safari/537.11"
80.98.180.168 - - [03/Dec/2012:21:35:42 +0100] "GET /jog/pub/fuzet_beliv_jav2.pdf HTTP/1.1" 206 66291 "http://www.beklen.hu/jog/pub/fuzet_beliv_jav2.pdf" "Mozilla/5.0 (Windows NT 6.0) AppleWebKit/537.11 (KHTML, like Gecko) Chrome/23.0.1271.95 Safari/537.11"
80.98.180.168 - - [03/Dec/2012:21:35:42 +0100] "GET /jog/pub/fuzet_beliv_jav2.pdf HTTP/1.1" 206 65536 "http://www.beklen.hu/jog/pub/fuzet_beliv_jav2.pdf" "Mozilla/5.0 (Windows NT 6.0) AppleWebKit/537.11 (KHTML, like Gecko) Chrome/23.0.1271.95 Safari/537.11"
80.98.180.168 - - [03/Dec/2012:21:35:43 +0100] "GET /jog/pub/fuzet_beliv_jav2.pdf HTTP/1.1" 206 65536 "http://www.beklen.hu/jog/pub/fuzet_beliv_jav2.pdf" "Mozilla/5.0 (Windows NT 6.0) AppleWebKit/537.11 (KHTML, like Gecko) Chrome/23.0.1271.95 Safari/537.11"
80.98.180.168 - - [03/Dec/2012:21:35:43 +0100] "GET /jog/pub/fuzet_beliv_jav2.pdf HTTP/1.1" 206 65536 "http://www.beklen.hu/jog/pub/fuzet_beliv_jav2.pdf" "Mozilla/5.0 (Windows NT 6.0) AppleWebKit/537.11 (KHTML, like Gecko) Chrome/23.0.1271.95 Safari/537.11"
80.98.180.168 - - [03/Dec/2012:21:35:43 +0100] "GET /jog/pub/fuzet_beliv_jav2.pdf HTTP/1.1" 206 65536 "http://www.beklen.hu/jog/pub/fuzet_beliv_jav2.pdf" "Mozilla/5.0 (Windows NT 6.0) AppleWebKit/537.11 (KHTML, like Gecko) Chrome/23.0.1271.95 Safari/537.11"
80.98.180.168 - - [03/Dec/2012:21:35:43 +0100] "GET /jog/pub/fuzet_beliv_jav2.pdf HTTP/1.1" 206 70892 "http://www.beklen.hu/jog/pub/fuzet_beliv_jav2.pdf" "Mozilla/5.0 (Windows NT 6.0) AppleWebKit/537.11 (KHTML, like Gecko) Chrome/23.0.1271.95 Safari/537.11"
80.98.180.168 - - [03/Dec/2012:21:36:02 +0100] "GET /jog/pub/fuzet_beliv_jav2.pdf HTTP/1.1" 206 560 "-" "Mozilla/5.0 (Windows NT 6.0) AppleWebKit/537.11 (KHTML, like Gecko) Chrome/23.0.1271.95 Safari/537.11"
80.98.180.168 - - [03/Dec/2012:21:36:02 +0100] "GET /jog/pub/fuzet_beliv_jav2.pdf HTTP/1.1" 206 1024 "-" "Mozilla/5.0 (Windows NT 6.0) AppleWebKit/537.11 (KHTML, like Gecko) Chrome/23.0.1271.95 Safari/537.11"
80.98.180.168 - - [03/Dec/2012:21:36:02 +0100] "GET /jog/pub/fuzet_beliv_jav2.pdf HTTP/1.1" 206 1024 "-" "Mozilla/5.0 (Windows NT 6.0) AppleWebKit/537.11 (KHTML, like Gecko) Chrome/23.0.1271.95 Safari/537.11"
66.249.66.24 - - [03/Dec/2012:21:55:02 +0100] "GET /jog/eseteink/duzzaszto/vegzes2.jpg HTTP/1.1" 304 - "-" "Googlebot-Image/1.0"
37.140.141.19 - - [03/Dec/2012:22:01:07 +0100] "GET /hirek/090510/szuletesunnepe078_.jpg HTTP/1.1" 200 5170 "-" "Mozilla/5.0 (compatible; YandexImages/3.0; +http://yandex.com/bots)"
37.140.141.19 - - [03/Dec/2012:23:00:07 +0100] "GET /a1_projekt_tabla_infra_cs3_beklenhaz.jpg HTTP/1.1" 200 73344 "-" "Mozilla/5.0 (compatible; YandexImages/3.0; +http://yandex.com/bots)"
66.249.76.62 - - [03/Dec/2012:23:38:11 +0100] "GET /fiok/program_reszek/programok/25.jpg HTTP/1.1" 304 - "-" "Googlebot-Image/1.0"
37.140.141.19 - - [04/Dec/2012:00:01:58 +0100] "GET /hirek/090510/szuletesunnepe065_.jpg HTTP/1.1" 200 5503 "-" "Mozilla/5.0 (compatible; YandexImages/3.0; +http://yandex.com/bots)"
66.249.66.24 - - [04/Dec/2012:00:31:37 +0100] "GET /jog/eseteink/malom/fotok/img_3067_.jpg HTTP/1.1" 304 - "-" "Googlebot-Image/1.0"
37.140.141.19 - - [04/Dec/2012:01:05:35 +0100] "GET /hirek/090510/szuletesunnepe090_.jpg HTTP/1.1" 200 4837 "-" "Mozilla/5.0 (compatible; YandexImages/3.0; +http://yandex.com/bots)"
130.83.167.153 - - [04/Dec/2012:01:33:36 +0100] "GET /fiok/mult.htm HTTP/1.1" 200 23227 "-" "findlinks/2.6 (+http://wortschatz.uni-leipzig.de/findlinks/)"
37.140.141.19 - - [04/Dec/2012:02:14:39 +0100] "GET /images/eea_logo_.jpg HTTP/1.1" 200 32098 "-" "Mozilla/5.0 (compatible; YandexImages/3.0; +http://yandex.com/bots)"
37.140.141.19 - - [04/Dec/2012:02:38:09 +0100] "GET /images/autonomia_.jpg HTTP/1.1" 200 14792 "-" "Mozilla/5.0 (compatible; YandexImages/3.0; +http://yandex.com/bots)"
66.249.66.24 - - [04/Dec/2012:02:45:28 +0100] "GET /jog/eseteink/derekegyhaza/knpi_valasznimfeanak.pdf HTTP/1.1" 304 - "-" "Mozilla/5.0 (compatible; Googlebot/2.1; +http://www.google.com/bot.html)"
37.140.141.19 - - [04/Dec/2012:03:02:22 +0100] "GET /jog/img/320/sargarigo2.jpg HTTP/1.1" 200 17500 "-" "Mozilla/5.0 (compatible; YandexImages/3.0; +http://yandex.com/bots)"
37.140.141.19 - - [04/Dec/2012:03:24:39 +0100] "GET /hirek/090510/szuletesunnepe090.jpg HTTP/1.1" 200 48650 "-" "Mozilla/5.0 (compatible; YandexImages/3.0; +http://yandex.com/bots)"
37.140.141.19 - - [04/Dec/2012:03:54:46 +0100] "GET /tm07.jpg HTTP/1.1" 200 1007 "-" "Mozilla/5.0 (compatible; YandexImages/3.0; +http://yandex.com/bots)"
37.140.141.19 - - [04/Dec/2012:04:22:17 +0100] "GET /images/kvvm.jpg HTTP/1.1" 200 5375 "-" "Mozilla/5.0 (compatible; YandexImages/3.0; +http://yandex.com/bots)"
37.140.141.19 - - [04/Dec/2012:04:44:09 +0100] "GET /hirek/090510/szuletesunnepe075_.jpg HTTP/1.1" 200 5720 "-" "Mozilla/5.0 (compatible; YandexImages/3.0; +http://yandex.com/bots)"
37.140.141.19 - - [04/Dec/2012:05:11:11 +0100] "GET /images/kvvm.jpg HTTP/1.1" 200 5375 "-" "Mozilla/5.0 (compatible; YandexImages/3.0; +http://yandex.com/bots)"
66.249.66.24 - - [04/Dec/2012:05:42:43 +0100] "GET /hirek/hirek100305.htm HTTP/1.1" 304 - "-" "Mozilla/5.0 (iPhone; U; CPU iPhone OS 4_1 like Mac OS X; en-us) AppleWebKit/532.9 (KHTML, like Gecko) Version/4.0.5 Mobile/8B117 Safari/6531.22.7 (compatible; Googlebot-Mobile/2.1; +http://www.google.com/bot.html)"
37.140.141.19 - - [04/Dec/2012:05:44:58 +0100] "GET /hirek/090510/szuletesunnepe065.jpg HTTP/1.1" 200 57867 "-" "Mozilla/5.0 (compatible; YandexImages/3.0; +http://yandex.com/bots)"
37.140.141.19 - - [04/Dec/2012:06:10:15 +0100] "GET /images/nca_logo.jpg HTTP/1.1" 200 4244 "-" "Mozilla/5.0 (compatible; YandexImages/3.0; +http://yandex.com/bots)"
37.140.141.19 - - [04/Dec/2012:06:35:37 +0100] "GET /hirek/nca_logo.jpg HTTP/1.1" 200 4244 "-" "Mozilla/5.0 (compatible; YandexImages/3.0; +http://yandex.com/bots)"
178.154.210.252 - - [04/Dec/2012:06:43:45 +0100] "GET /robots.txt HTTP/1.1" 404 1181 "-" "Mozilla/5.0 (compatible; YandexBot/3.0; +http://yandex.com/bots)"
37.140.141.19 - - [04/Dec/2012:07:16:51 +0100] "GET /robots.txt HTTP/1.1" 404 1181 "-" "Mozilla/5.0 (compatible; YandexImages/3.0; +http://yandex.com/bots)"
178.154.210.252 - - [04/Dec/2012:07:18:38 +0100] "GET /jog/jogszabalyok/egyezm_bonn.pdf HTTP/1.1" 200 77213 "-" "Mozilla/5.0 (compatible; YandexBot/3.0; +http://yandex.com/bots)"
66.249.66.24 - - [04/Dec/2012:07:26:19 +0100] "GET /robots.txt HTTP/1.1" 404 1181 "-" "Mozilla/5.0 (compatible; Googlebot/2.1; +http://www.google.com/bot.html)"
66.249.66.24 - - [04/Dec/2012:07:26:19 +0100] "GET /jog/jogihatter.htm HTTP/1.1" 304 - "-" "Mozilla/5.0 (compatible; Googlebot/2.1; +http://www.google.com/bot.html)"
178.154.210.252 - - [04/Dec/2012:07:26:28 +0100] "GET /jog/eljarasokrol.htm HTTP/1.1" 200 14427 "-" "Mozilla/5.0 (compatible; YandexBot/3.0; +http://yandex.com/bots)"
178.154.210.252 - - [04/Dec/2012:07:26:30 +0100] "GET /hirek/hirek08_12.htm HTTP/1.1" 200 8352 "-" "Mozilla/5.0 (compatible; YandexBot/3.0; +http://yandex.com/bots)"
178.154.210.252 - - [04/Dec/2012:07:26:34 +0100] "GET /jog/pub/rally_kiadvany_mtvsz.pdf HTTP/1.1" 200 630857 "-" "Mozilla/5.0 (compatible; YandexBot/3.0; +http://yandex.com/bots)"
178.154.210.252 - - [04/Dec/2012:07:26:37 +0100] "GET /jog/jogszabalyok/1995.%20evi%20XCIII.%20torveny.pdf HTTP/1.1" 200 125662 "-" "Mozilla/5.0 (compatible; YandexBot/3.0; +http://yandex.com/bots)"
178.154.210.252 - - [04/Dec/2012:07:40:47 +0100] "GET /jog/jog/jogszabalyok/V%C3%A9dett%20fajok%202006_1_2008kieg.pdf HTTP/1.1" 404 1181 "-" "Mozilla/5.0 (compatible; YandexBot/3.0; +http://yandex.com/bots)"
37.140.141.19 - - [04/Dec/2012:07:43:18 +0100] "GET /hirek/090510/szuletesunnepe050.jpg HTTP/1.1" 200 61039 "-" "Mozilla/5.0 (compatible; YandexImages/3.0; +http://yandex.com/bots)"
66.249.66.24 - - [04/Dec/2012:07:51:09 +0100] "GET /jog/jogszabalyok/1995.%20evi%20XCIII.%20torveny.pdf HTTP/1.1" 200 125662 "-" "Mozilla/5.0 (compatible; Googlebot/2.1; +http://www.google.com/bot.html)"
66.249.76.62 - - [04/Dec/2012:07:53:09 +0100] "GET /fiok/program_reszek/lovaglas.htm HTTP/1.1" 304 - "-" "Mozilla/5.0 (compatible; Googlebot/2.1; +http://www.google.com/bot.html)"
66.249.66.24 - - [04/Dec/2012:07:53:58 +0100] "GET /jog/jogszabalyok/egyezm_bonn.pdf HTTP/1.1" 304 - "-" "Mozilla/5.0 (compatible; Googlebot/2.1; +http://www.google.com/bot.html)"
66.249.66.24 - - [04/Dec/2012:07:55:20 +0100] "GET /jog/slapp.htm HTTP/1.1" 304 - "-" "Mozilla/5.0 (compatible; Googlebot/2.1; +http://www.google.com/bot.html)"
66.249.66.24 - - [04/Dec/2012:08:05:49 +0100] "GET /jog/pub/fuzet_beliv_jav2angol.pdf HTTP/1.1" 304 - "-" "Mozilla/5.0 (compatible; Googlebot/2.1; +http://www.google.com/bot.html)"
66.249.66.24 - - [04/Dec/2012:08:07:33 +0100] "GET /jog/jogihatter.htm HTTP/1.1" 304 - "-" "Mozilla/5.0 (compatible; Googlebot/2.1; +http://www.google.com/bot.html)"
37.140.141.19 - - [04/Dec/2012:08:08:51 +0100] "GET /images/norway_grants_.jpg HTTP/1.1" 200 4440 "-" "Mozilla/5.0 (compatible; YandexImages/3.0; +http://yandex.com/bots)"
66.249.66.24 - - [04/Dec/2012:08:12:40 +0100] "GET /jog/jogszabalyok/onkormanyzati.pdf HTTP/1.1" 200 231668 "-" "Mozilla/5.0 (compatible; Googlebot/2.1; +http://www.google.com/bot.html)"
66.249.66.24 - - [04/Dec/2012:08:13:53 +0100] "GET /fiok/mult.htm HTTP/1.1" 304 - "-" "Mozilla/5.0 (compatible; Googlebot/2.1; +http://www.google.com/bot.html)"
66.249.76.62 - - [04/Dec/2012:08:21:35 +0100] "GET /jog/eseteink/kavicszatony/index.htm HTTP/1.1" 200 16432 "-" "Mozilla/5.0 (compatible; Googlebot/2.1; +http://www.google.com/bot.html)"
130.83.167.153 - - [04/Dec/2012:08:23:57 +0100] "GET /hirek/hirek100804.htm HTTP/1.1" 200 8056 "-" "findlinks/2.6 (+http://wortschatz.uni-leipzig.de/findlinks/)"
66.249.66.24 - - [04/Dec/2012:08:30:04 +0100] "GET /jog/lb/css/lightbox.css HTTP/1.1" 200 1715 "-" "Mozilla/5.0 (compatible; Googlebot/2.1; +http://www.google.com/bot.html)"
66.249.66.24 - - [04/Dec/2012:08:30:05 +0100] "GET /jog/style.css HTTP/1.1" 200 21413 "-" "Mozilla/5.0 (compatible; Googlebot/2.1; +http://www.google.com/bot.html)"
66.249.66.24 - - [04/Dec/2012:08:30:06 +0100] "GET /jog/eseteink/kavicszatony/dscf0024_.jpg HTTP/1.1" 200 2902 "-" "Mozilla/5.0 (compatible; Googlebot/2.1; +http://www.google.com/bot.html)"
178.154.210.252 - - [04/Dec/2012:08:34:57 +0100] "GET /jog/jogszabalyok/2011_clxxv.pdf HTTP/1.1" 200 361132 "-" "Mozilla/5.0 (compatible; YandexBot/3.0; +http://yandex.com/bots)"
178.154.210.252 - - [04/Dec/2012:08:34:59 +0100] "GET /jog/eseteink.htm HTTP/1.1" 200 17277 "-" "Mozilla/5.0 (compatible; YandexBot/3.0; +http://yandex.com/bots)"
178.154.210.252 - - [04/Dec/2012:08:35:01 +0100] "GET /jog/tapasztalatszerzok.htm HTTP/1.1" 200 12148 "-" "Mozilla/5.0 (compatible; YandexBot/3.0; +http://yandex.com/bots)"
178.154.210.252 - - [04/Dec/2012:08:35:05 +0100] "GET /jog/pub/+jog_jav.pdf HTTP/1.1" 200 819776 "-" "Mozilla/5.0 (compatible; YandexBot/3.0; +http://yandex.com/bots)"
178.154.210.252 - - [04/Dec/2012:08:37:23 +0100] "GET /jog/pub/fuzet_beliv_jav2angol.pdf HTTP/1.1" 200 811793 "-" "Mozilla/5.0 (compatible; YandexBot/3.0; +http://yandex.com/bots)"
37.140.141.19 - - [04/Dec/2012:08:38:53 +0100] "GET /deutsch/d04.jpg HTTP/1.1" 200 1181 "-" "Mozilla/5.0 (compatible; YandexImages/3.0; +http://yandex.com/bots)"
84.225.32.161 - - [04/Dec/2012:09:04:35 +0100] "GET /jog/pub/+jog_jav.pdf HTTP/1.1" 200 18934 "http://www.google.hu/url?sa=t&rct=j&q=jogsegelyszolgalat%20termeszetvedelmi%20ugyekben&source=web&cd=1&ved=0CDcQFjAA&url=http%3A%2F%2Fwww.beklen.hu%2Fjog%2Fpub%2F%2Bjog_jav.pdf&ei=Va69ULalO4buswbVqYHQDA&usg=AFQjCNH6eeIljxH7nidhjTRmAJ_4qA9dwQ" "Mozilla/5.0 (Linux; U; Android 4.0.3; hu-hu; GT-P5100 Build/IML74K) AppleWebKit/534.30 (KHTML, like Gecko) Version/4.0 Safari/534.30"
84.225.32.161 - - [04/Dec/2012:09:04:37 +0100] "GET /jog/pub/+jog_jav.pdf HTTP/1.1" 200 819776 "-" "AndroidDownloadManager"
37.140.141.19 - - [04/Dec/2012:09:06:54 +0100] "GET /hirek/090510/szuletesunnepe055.jpg HTTP/1.1" 200 75954 "-" "Mozilla/5.0 (compatible; YandexImages/3.0; +http://yandex.com/bots)"
37.140.141.19 - - [04/Dec/2012:09:31:40 +0100] "GET /hirek/090510/szuletesunnepe078_.jpg HTTP/1.1" 200 5170 "-" "Mozilla/5.0 (compatible; YandexImages/3.0; +http://yandex.com/bots)"
178.154.210.252 - - [04/Dec/2012:09:35:25 +0100] "GET /khb/beklen_2003_kh_jelentes.pdf HTTP/1.1" 200 90129 "-" "Mozilla/5.0 (compatible; YandexBot/3.0; +http://yandex.com/bots)"
37.140.141.19 - - [04/Dec/2012:10:01:02 +0100] "GET /images/magyar_cimer1.jpg HTTP/1.1" 200 3874 "-" "Mozilla/5.0 (compatible; YandexImages/3.0; +http://yandex.com/bots)"
178.154.210.252 - - [04/Dec/2012:10:29:07 +0100] "GET /nca08.htm HTTP/1.1" 200 21795 "-" "Mozilla/5.0 (compatible; YandexBot/3.0; +http://yandex.com/bots)"
37.140.141.19 - - [04/Dec/2012:10:31:04 +0100] "GET /tm05.jpg HTTP/1.1" 200 2253 "-" "Mozilla/5.0 (compatible; YandexImages/3.0; +http://yandex.com/bots)"
24.134.146.36 - - [04/Dec/2012:10:44:15 +0100] "GET /jog/adathozzaferes.htm HTTP/1.1" 200 13800 "-" "findlinks/2.0.2 (+http://wortschatz.uni-leipzig.de/findlinks/)"
89.132.221.100 - - [04/Dec/2012:10:50:20 +0100] "GET /jog/eseteink/korosladany/index.htm HTTP/1.1" 200 30713 "http://www.google.hu/imgres?q=vaddiszn%C3%B3skert&start=112&hl=hu&sa=X&tbo=d&biw=1360&bih=624&tbm=isch&tbnid=0hb-xP6ncpah4M:&imgrefurl=http://www.beklen.hu/jog/eseteink/korosladany/index.htm&docid=VZLDnaHzxNPyLM&imgurl=http://www.beklen.hu/jog/eseteink/korosladany/kepek/img_2.jpg&w=900&h=522&ei=Uce9UPCSEInjtQbB74CICA&zoom=1&iact=hc&vpx=199&vpy=261&dur=1671&hovh=171&hovw=295&tx=162&ty=65&sig=116222899552410548617&page=5&tbnh=140&tbnw=259&ndsp=26&ved=1t:429,r:26,s:100,i:82" "Mozilla/5.0 (Windows NT 6.1) AppleWebKit/537.11 (KHTML, like Gecko) Chrome/23.0.1271.95 Safari/537.11"
89.132.221.100 - - [04/Dec/2012:10:50:20 +0100] "GET /jog/eseteink/korosladany/kepek/img_2.jpg HTTP/1.1" 200 57845 "http://www.google.hu/imgres?q=vaddiszn%C3%B3skert&start=112&hl=hu&sa=X&tbo=d&biw=1360&bih=624&tbm=isch&tbnid=0hb-xP6ncpah4M:&imgrefurl=http://www.beklen.hu/jog/eseteink/korosladany/index.htm&docid=VZLDnaHzxNPyLM&imgurl=http://www.beklen.hu/jog/eseteink/korosladany/kepek/img_2.jpg&w=900&h=522&ei=Uce9UPCSEInjtQbB74CICA&zoom=1&iact=hc&vpx=199&vpy=261&dur=1671&hovh=171&hovw=295&tx=162&ty=65&sig=116222899552410548617&page=5&tbnh=140&tbnw=259&ndsp=26&ved=1t:429,r:26,s:100,i:82" "Mozilla/5.0 (Windows NT 6.1) AppleWebKit/537.11 (KHTML, like Gecko) Chrome/23.0.1271.95 Safari/537.11"
89.132.221.100 - - [04/Dec/2012:10:50:20 +0100] "GET /jog/style.css HTTP/1.1" 200 21413 "http://www.beklen.hu/jog/eseteink/korosladany/index.htm" "Mozilla/5.0 (Windows NT 6.1) AppleWebKit/537.11 (KHTML, like Gecko) Chrome/23.0.1271.95 Safari/537.11"
89.132.221.100 - - [04/Dec/2012:10:50:20 +0100] "GET /jog/script.js HTTP/1.1" 200 5674 "http://www.beklen.hu/jog/eseteink/korosladany/index.htm" "Mozilla/5.0 (Windows NT 6.1) AppleWebKit/537.11 (KHTML, like Gecko) Chrome/23.0.1271.95 Safari/537.11"
89.132.221.100 - - [04/Dec/2012:10:50:20 +0100] "GET /jog/lb/js/lightbox.js HTTP/1.1" 200 23431 "http://www.beklen.hu/jog/eseteink/korosladany/index.htm" "Mozilla/5.0 (Windows NT 6.1) AppleWebKit/537.11 (KHTML, like Gecko) Chrome/23.0.1271.95 Safari/537.11"
89.132.221.100 - - [04/Dec/2012:10:50:20 +0100] "GET /jog/lb/js/scriptaculous.js?load=effects HTTP/1.1" 200 2152 "http://www.beklen.hu/jog/eseteink/korosladany/index.htm" "Mozilla/5.0 (Windows NT 6.1) AppleWebKit/537.11 (KHTML, like Gecko) Chrome/23.0.1271.95 Safari/537.11"
89.132.221.100 - - [04/Dec/2012:10:50:20 +0100] "GET /jog/lb/css/lightbox.css HTTP/1.1" 200 1715 "http://www.beklen.hu/jog/eseteink/korosladany/index.htm" "Mozilla/5.0 (Windows NT 6.1) AppleWebKit/537.11 (KHTML, like Gecko) Chrome/23.0.1271.95 Safari/537.11"
89.132.221.100 - - [04/Dec/2012:10:50:20 +0100] "GET /jog/jquery.js HTTP/1.1" 200 72174 "http://www.beklen.hu/jog/eseteink/korosladany/index.htm" "Mozilla/5.0 (Windows NT 6.1) AppleWebKit/537.11 (KHTML, like Gecko) Chrome/23.0.1271.95 Safari/537.11"
89.132.221.100 - - [04/Dec/2012:10:50:20 +0100] "GET /jog/lb/js/prototype.js HTTP/1.1" 200 47603 "http://www.beklen.hu/jog/eseteink/korosladany/index.htm" "Mozilla/5.0 (Windows NT 6.1) AppleWebKit/537.11 (KHTML, like Gecko) Chrome/23.0.1271.95 Safari/537.11"
89.132.221.100 - - [04/Dec/2012:10:50:22 +0100] "GET /jog/lb/js/effects.js HTTP/1.1" 200 31969 "http://www.beklen.hu/jog/eseteink/korosladany/index.htm" "Mozilla/5.0 (Windows NT 6.1) AppleWebKit/537.11 (KHTML, like Gecko) Chrome/23.0.1271.95 Safari/537.11"
89.132.221.100 - - [04/Dec/2012:10:50:26 +0100] "GET /jog/images/nav.png HTTP/1.1" 200 10482 "http://www.beklen.hu/jog/eseteink/korosladany/index.htm" "Mozilla/5.0 (Windows NT 6.1) AppleWebKit/537.11 (KHTML, like Gecko) Chrome/23.0.1271.95 Safari/537.11"
89.132.221.100 - - [04/Dec/2012:10:50:26 +0100] "GET /jog/images/spacer.gif HTTP/1.1" 200 43 "http://www.beklen.hu/jog/eseteink/korosladany/index.htm" "Mozilla/5.0 (Windows NT 6.1) AppleWebKit/537.11 (KHTML, like Gecko) Chrome/23.0.1271.95 Safari/537.11"
89.132.221.100 - - [04/Dec/2012:10:50:27 +0100] "GET /jog/images/subitem.png HTTP/1.1" 200 81 "http://www.beklen.hu/jog/eseteink/korosladany/index.htm" "Mozilla/5.0 (Windows NT 6.1) AppleWebKit/537.11 (KHTML, like Gecko) Chrome/23.0.1271.95 Safari/537.11"
89.132.221.100 - - [04/Dec/2012:10:50:27 +0100] "GET /jog/images/post_s.png HTTP/1.1" 200 466 "http://www.beklen.hu/jog/eseteink/korosladany/index.htm" "Mozilla/5.0 (Windows NT 6.1) AppleWebKit/537.11 (KHTML, like Gecko) Chrome/23.0.1271.95 Safari/537.11"
89.132.221.100 - - [04/Dec/2012:10:50:27 +0100] "GET /jog/images/header.png HTTP/1.1" 200 170837 "http://www.beklen.hu/jog/eseteink/korosladany/index.htm" "Mozilla/5.0 (Windows NT 6.1) AppleWebKit/537.11 (KHTML, like Gecko) Chrome/23.0.1271.95 Safari/537.11"
89.132.221.100 - - [04/Dec/2012:10:50:27 +0100] "GET /jog/images/Bottom_texture.jpg HTTP/1.1" 200 193775 "http://www.beklen.hu/jog/eseteink/korosladany/index.htm" "Mozilla/5.0 (Windows NT 6.1) AppleWebKit/537.11 (KHTML, like Gecko) Chrome/23.0.1271.95 Safari/537.11"
89.132.221.100 - - [04/Dec/2012:10:50:27 +0100] "GET /jog/images/post_h.png HTTP/1.1" 200 292 "http://www.beklen.hu/jog/eseteink/korosladany/index.htm" "Mozilla/5.0 (Windows NT 6.1) AppleWebKit/537.11 (KHTML, like Gecko) Chrome/23.0.1271.95 Safari/537.11"
89.132.221.100 - - [04/Dec/2012:10:50:27 +0100] "GET /jog/images/post_v.png HTTP/1.1" 200 310 "http://www.beklen.hu/jog/eseteink/korosladany/index.htm" "Mozilla/5.0 (Windows NT 6.1) AppleWebKit/537.11 (KHTML, like Gecko) Chrome/23.0.1271.95 Safari/537.11"
89.132.221.100 - - [04/Dec/2012:10:50:27 +0100] "GET /jog/images/post_c.png HTTP/1.1" 200 204 "http://www.beklen.hu/jog/eseteink/korosladany/index.htm" "Mozilla/5.0 (Windows NT 6.1) AppleWebKit/537.11 (KHTML, like Gecko) Chrome/23.0.1271.95 Safari/537.11"
89.132.221.100 - - [04/Dec/2012:10:50:27 +0100] "GET /jog/eseteink/korosladany/kepek/img_5365__.jpg HTTP/1.1" 200 5864 "http://www.beklen.hu/jog/eseteink/korosladany/index.htm" "Mozilla/5.0 (Windows NT 6.1) AppleWebKit/537.11 (KHTML, like Gecko) Chrome/23.0.1271.95 Safari/537.11"
89.132.221.100 - - [04/Dec/2012:10:50:27 +0100] "GET /jog/eseteink/korosladany/kepek/img_5356__.jpg HTTP/1.1" 200 6290 "http://www.beklen.hu/jog/eseteink/korosladany/index.htm" "Mozilla/5.0 (Windows NT 6.1) AppleWebKit/537.11 (KHTML, like Gecko) Chrome/23.0.1271.95 Safari/537.11"
89.132.221.100 - - [04/Dec/2012:10:50:27 +0100] "GET /jog/img/file_pdf.png HTTP/1.1" 200 581 "http://www.beklen.hu/jog/eseteink/korosladany/index.htm" "Mozilla/5.0 (Windows NT 6.1) AppleWebKit/537.11 (KHTML, like Gecko) Chrome/23.0.1271.95 Safari/537.11"
89.132.221.100 - - [04/Dec/2012:10:50:27 +0100] "GET /jog/eseteink/korosladany/kepek/img_5363__.jpg HTTP/1.1" 200 12677 "http://www.beklen.hu/jog/eseteink/korosladany/index.htm" "Mozilla/5.0 (Windows NT 6.1) AppleWebKit/537.11 (KHTML, like Gecko) Chrome/23.0.1271.95 Safari/537.11"
89.132.221.100 - - [04/Dec/2012:10:50:27 +0100] "GET /jog/eseteink/korosladany/kepek/img_3b_.jpg HTTP/1.1" 200 4927 "http://www.beklen.hu/jog/eseteink/korosladany/index.htm" "Mozilla/5.0 (Windows NT 6.1) AppleWebKit/537.11 (KHTML, like Gecko) Chrome/23.0.1271.95 Safari/537.11"
89.132.221.100 - - [04/Dec/2012:10:50:27 +0100] "GET /jog/eseteink/korosladany/kepek/img_2_.jpg HTTP/1.1" 200 4423 "http://www.beklen.hu/jog/eseteink/korosladany/index.htm" "Mozilla/5.0 (Windows NT 6.1) AppleWebKit/537.11 (KHTML, like Gecko) Chrome/23.0.1271.95 Safari/537.11"
89.132.221.100 - - [04/Dec/2012:10:50:27 +0100] "GET /jog/eseteink/korosladany/kepek/img_1_.jpg HTTP/1.1" 200 4568 "http://www.beklen.hu/jog/eseteink/korosladany/index.htm" "Mozilla/5.0 (Windows NT 6.1) AppleWebKit/537.11 (KHTML, like Gecko) Chrome/23.0.1271.95 Safari/537.11"
89.132.221.100 - - [04/Dec/2012:10:50:28 +0100] "GET /jog/eseteink/korosladany/kepek/img_5_.jpg HTTP/1.1" 200 5254 "http://www.beklen.hu/jog/eseteink/korosladany/index.htm" "Mozilla/5.0 (Windows NT 6.1) AppleWebKit/537.11 (KHTML, like Gecko) Chrome/23.0.1271.95 Safari/537.11"
89.132.221.100 - - [04/Dec/2012:10:50:28 +0100] "GET /jog/eseteink/korosladany/kepek/img_3a_.jpg HTTP/1.1" 200 7788 "http://www.beklen.hu/jog/eseteink/korosladany/index.htm" "Mozilla/5.0 (Windows NT 6.1) AppleWebKit/537.11 (KHTML, like Gecko) Chrome/23.0.1271.95 Safari/537.11"
89.132.221.100 - - [04/Dec/2012:10:50:28 +0100] "GET /jog/images/menuitem.png HTTP/1.1" 200 20398 "http://www.beklen.hu/jog/eseteink/korosladany/index.htm" "Mozilla/5.0 (Windows NT 6.1) AppleWebKit/537.11 (KHTML, like Gecko) Chrome/23.0.1271.95 Safari/537.11"
89.132.221.100 - - [04/Dec/2012:10:50:28 +0100] "GET /jog/eseteink/korosladany/kepek/img_4_.jpg HTTP/1.1" 200 6420 "http://www.beklen.hu/jog/eseteink/korosladany/index.htm" "Mozilla/5.0 (Windows NT 6.1) AppleWebKit/537.11 (KHTML, like Gecko) Chrome/23.0.1271.95 Safari/537.11"
37.140.141.19 - - [04/Dec/2012:10:56:53 +0100] "GET /jog/img/320/sargarigo2.jpg HTTP/1.1" 200 17500 "-" "Mozilla/5.0 (compatible; YandexImages/3.0; +http://yandex.com/bots)"
208.115.113.84 - - [04/Dec/2012:11:11:39 +0100] "GET /robots.txt HTTP/1.1" 404 1181 "-" "Mozilla/5.0 (compatible; Ezooms/1.0; ezooms.bot@gmail.com)"
178.154.210.252 - - [04/Dec/2012:11:17:46 +0100] "GET /hirek/hirek09_02.htm HTTP/1.1" 200 7534 "-" "Mozilla/5.0 (compatible; YandexBot/3.0; +http://yandex.com/bots)"
37.140.141.19 - - [04/Dec/2012:11:25:02 +0100] "GET /tm01.jpg HTTP/1.1" 200 1080 "-" "Mozilla/5.0 (compatible; YandexImages/3.0; +http://yandex.com/bots)"
178.154.210.252 - - [04/Dec/2012:11:50:39 +0100] "GET /jog/jogszabalyok/348_2006.korm.rendelet.pdf HTTP/1.1" 200 198403 "-" "Mozilla/5.0 (compatible; YandexBot/3.0; +http://yandex.com/bots)"
37.140.141.19 - - [04/Dec/2012:11:52:03 +0100] "GET /english/e04.jpg HTTP/1.1" 200 1124 "-" "Mozilla/5.0 (compatible; YandexImages/3.0; +http://yandex.com/bots)"
66.249.66.24 - - [04/Dec/2012:12:02:51 +0100] "GET /jog/eljarasokrol.htm HTTP/1.1" 200 14427 "-" "Mozilla/5.0 (iPhone; U; CPU iPhone OS 4_1 like Mac OS X; en-us) AppleWebKit/532.9 (KHTML, like Gecko) Version/4.0.5 Mobile/8B117 Safari/6531.22.7 (compatible; Googlebot-Mobile/2.1; +http://www.google.com/bot.html)"
66.249.66.24 - - [04/Dec/2012:12:17:39 +0100] "GET /jog/img/320/virag06.jpg HTTP/1.1" 200 8403 "-" "Mozilla/5.0 (compatible; Googlebot/2.1; +http://www.google.com/bot.html)"
37.140.141.19 - - [04/Dec/2012:12:20:01 +0100] "GET /hirek/090510/szuletesunnepe025.jpg HTTP/1.1" 200 52551 "-" "Mozilla/5.0 (compatible; YandexImages/3.0; +http://yandex.com/bots)"
84.206.8.162 - - [04/Dec/2012:12:37:30 +0100] "GET / HTTP/1.1" 200 23965 "http://www.google.hu/url?sa=t&rct=j&q=&esrc=s&source=web&cd=1&sqi=2&ved=0CCsQFjAA&url=http%3A%2F%2Fwww.beklen.hu%2F&ei=c-C9ULeqCcO4hAeatYDoDg&usg=AFQjCNEP-2laihep9vegTwNlHcl4us-iaw" "Mozilla/5.0 (Windows NT 6.1; WOW64; rv:16.0) Gecko/20100101 Firefox/16.0"
84.206.8.162 - - [04/Dec/2012:12:37:30 +0100] "GET /vill.cs HTTP/1.1" 200 2676 "http://www.beklen.hu/" "Mozilla/5.0 (Windows NT 6.1; WOW64; rv:16.0) Gecko/20100101 Firefox/16.0"
84.206.8.162 - - [04/Dec/2012:12:37:30 +0100] "GET /lb/js/prototype.js HTTP/1.1" 200 47603 "http://www.beklen.hu/" "Mozilla/5.0 (Windows NT 6.1; WOW64; rv:16.0) Gecko/20100101 Firefox/16.0"
84.206.8.162 - - [04/Dec/2012:12:37:30 +0100] "GET /lb/js/scriptaculous.js?load=effects HTTP/1.1" 200 2152 "http://www.beklen.hu/" "Mozilla/5.0 (Windows NT 6.1; WOW64; rv:16.0) Gecko/20100101 Firefox/16.0"
84.206.8.162 - - [04/Dec/2012:12:37:30 +0100] "GET /lb/css/lightbox.css HTTP/1.1" 200 1715 "http://www.beklen.hu/" "Mozilla/5.0 (Windows NT 6.1; WOW64; rv:16.0) Gecko/20100101 Firefox/16.0"
84.206.8.162 - - [04/Dec/2012:12:37:30 +0100] "GET /lb/js/lightbox.js HTTP/1.1" 200 23424 "http://www.beklen.hu/" "Mozilla/5.0 (Windows NT 6.1; WOW64; rv:16.0) Gecko/20100101 Firefox/16.0"
84.206.8.162 - - [04/Dec/2012:12:37:30 +0100] "GET /tm01.jpg HTTP/1.1" 200 1080 "http://www.beklen.hu/" "Mozilla/5.0 (Windows NT 6.1; WOW64; rv:16.0) Gecko/20100101 Firefox/16.0"
84.206.8.162 - - [04/Dec/2012:12:37:30 +0100] "GET /lb/js/effects.js HTTP/1.1" 200 31969 "http://www.beklen.hu/" "Mozilla/5.0 (Windows NT 6.1; WOW64; rv:16.0) Gecko/20100101 Firefox/16.0"
84.206.8.162 - - [04/Dec/2012:12:37:30 +0100] "GET /tm06_.jpg HTTP/1.1" 200 1382 "http://www.beklen.hu/" "Mozilla/5.0 (Windows NT 6.1; WOW64; rv:16.0) Gecko/20100101 Firefox/16.0"
84.206.8.162 - - [04/Dec/2012:12:37:30 +0100] "GET /tm03_.jpg HTTP/1.1" 200 1787 "http://www.beklen.hu/" "Mozilla/5.0 (Windows NT 6.1; WOW64; rv:16.0) Gecko/20100101 Firefox/16.0"
84.206.8.162 - - [04/Dec/2012:12:37:30 +0100] "GET /tm02.jpg HTTP/1.1" 200 1873 "http://www.beklen.hu/" "Mozilla/5.0 (Windows NT 6.1; WOW64; rv:16.0) Gecko/20100101 Firefox/16.0"
84.206.8.162 - - [04/Dec/2012:12:37:30 +0100] "GET /tm04_.jpg HTTP/1.1" 200 2058 "http://www.beklen.hu/" "Mozilla/5.0 (Windows NT 6.1; WOW64; rv:16.0) Gecko/20100101 Firefox/16.0"
84.206.8.162 - - [04/Dec/2012:12:37:30 +0100] "GET /tm05_.jpg HTTP/1.1" 200 1839 "http://www.beklen.hu/" "Mozilla/5.0 (Windows NT 6.1; WOW64; rv:16.0) Gecko/20100101 Firefox/16.0"
84.206.8.162 - - [04/Dec/2012:12:37:31 +0100] "GET /tm07.jpg HTTP/1.1" 200 1007 "http://www.beklen.hu/" "Mozilla/5.0 (Windows NT 6.1; WOW64; rv:16.0) Gecko/20100101 Firefox/16.0"
84.206.8.162 - - [04/Dec/2012:12:37:31 +0100] "GET /a1_projekt_tabla_infra_cs3_beklenhaz_.jpg HTTP/1.1" 200 8994 "http://www.beklen.hu/" "Mozilla/5.0 (Windows NT 6.1; WOW64; rv:16.0) Gecko/20100101 Firefox/16.0"
84.206.8.162 - - [04/Dec/2012:12:37:31 +0100] "GET /uszt-tabla_.jpg HTTP/1.1" 200 4543 "http://www.beklen.hu/" "Mozilla/5.0 (Windows NT 6.1; WOW64; rv:16.0) Gecko/20100101 Firefox/16.0"
84.206.8.162 - - [04/Dec/2012:12:37:31 +0100] "GET /jog_honlap_.jpg HTTP/1.1" 200 7186 "http://www.beklen.hu/" "Mozilla/5.0 (Windows NT 6.1; WOW64; rv:16.0) Gecko/20100101 Firefox/16.0"
84.206.8.162 - - [04/Dec/2012:12:37:31 +0100] "GET /bg.jpg HTTP/1.1" 200 566 "http://www.beklen.hu/" "Mozilla/5.0 (Windows NT 6.1; WOW64; rv:16.0) Gecko/20100101 Firefox/16.0"
84.206.8.162 - - [04/Dec/2012:12:37:31 +0100] "GET /bottom_main.jpg HTTP/1.1" 200 96820 "http://www.beklen.hu/vill.cs" "Mozilla/5.0 (Windows NT 6.1; WOW64; rv:16.0) Gecko/20100101 Firefox/16.0"
84.206.8.162 - - [04/Dec/2012:12:37:39 +0100] "GET /nimfea_project_250x250.gif HTTP/1.1" 200 2986583 "http://www.beklen.hu/" "Mozilla/5.0 (Windows NT 6.1; WOW64; rv:16.0) Gecko/20100101 Firefox/16.0"
84.206.8.162 - - [04/Dec/2012:12:37:42 +0100] "GET /tm04.jpg HTTP/1.1" 200 2613 "http://www.beklen.hu/" "Mozilla/5.0 (Windows NT 6.1; WOW64; rv:16.0) Gecko/20100101 Firefox/16.0"
84.206.8.162 - - [04/Dec/2012:12:37:42 +0100] "GET /tm02_.jpg HTTP/1.1" 200 1524 "http://www.beklen.hu/" "Mozilla/5.0 (Windows NT 6.1; WOW64; rv:16.0) Gecko/20100101 Firefox/16.0"
84.206.8.162 - - [04/Dec/2012:12:37:42 +0100] "GET /tm05.jpg HTTP/1.1" 200 2253 "http://www.beklen.hu/" "Mozilla/5.0 (Windows NT 6.1; WOW64; rv:16.0) Gecko/20100101 Firefox/16.0"
84.206.8.162 - - [04/Dec/2012:12:37:42 +0100] "GET /tm03.jpg HTTP/1.1" 200 2212 "http://www.beklen.hu/" "Mozilla/5.0 (Windows NT 6.1; WOW64; rv:16.0) Gecko/20100101 Firefox/16.0"
84.206.8.162 - - [04/Dec/2012:12:37:42 +0100] "GET /tm06.jpg HTTP/1.1" 200 1651 "http://www.beklen.hu/" "Mozilla/5.0 (Windows NT 6.1; WOW64; rv:16.0) Gecko/20100101 Firefox/16.0"
84.206.8.162 - - [04/Dec/2012:12:37:42 +0100] "GET /lb/images/closelabel.gif HTTP/1.1" 200 222 "http://www.beklen.hu/" "Mozilla/5.0 (Windows NT 6.1; WOW64; rv:16.0) Gecko/20100101 Firefox/16.0"
84.206.8.162 - - [04/Dec/2012:12:37:42 +0100] "GET /lb/images/loading.gif HTTP/1.1" 200 2767 "http://www.beklen.hu/" "Mozilla/5.0 (Windows NT 6.1; WOW64; rv:16.0) Gecko/20100101 Firefox/16.0"
84.206.8.162 - - [04/Dec/2012:12:37:42 +0100] "GET /favicon.ico HTTP/1.1" 404 1181 "-" "Mozilla/5.0 (Windows NT 6.1; WOW64; rv:16.0) Gecko/20100101 Firefox/16.0"
178.154.210.252 - - [04/Dec/2012:12:45:06 +0100] "GET /fiok/programok.htm HTTP/1.1" 200 18165 "-" "Mozilla/5.0 (compatible; YandexBot/3.0; +http://yandex.com/bots)"
178.154.210.252 - - [04/Dec/2012:12:49:13 +0100] "GET /hirek/hirek08_10.htm HTTP/1.1" 200 7030 "-" "Mozilla/5.0 (compatible; YandexBot/3.0; +http://yandex.com/bots)"
178.154.210.252 - - [04/Dec/2012:12:49:26 +0100] "GET /khb/beklen_2011_kh_jelentes.pdf HTTP/1.1" 200 6014974 "-" "Mozilla/5.0 (compatible; YandexBot/3.0; +http://yandex.com/bots)"
37.140.141.19 - - [04/Dec/2012:12:53:14 +0100] "GET /hirek/090510/szuletesunnepe021.jpg HTTP/1.1" 200 58618 "-" "Mozilla/5.0 (compatible; YandexImages/3.0; +http://yandex.com/bots)"
208.115.111.68 - - [04/Dec/2012:13:06:48 +0100] "GET /robots.txt HTTP/1.1" 404 1181 "-" "Mozilla/5.0 (compatible; Ezooms/1.0; ezooms.bot@gmail.com)"
180.76.5.141 - - [04/Dec/2012:13:07:30 +0100] "GET /fiok/news.html HTTP/1.1" 404 1181 "-" "Mozilla/5.0 (compatible; Baiduspider/2.0; +http://www.baidu.com/search/spider.html)"
178.154.210.252 - - [04/Dec/2012:13:20:46 +0100] "GET /nca07.htm HTTP/1.1" 200 21968 "-" "Mozilla/5.0 (compatible; YandexBot/3.0; +http://yandex.com/bots)"
37.140.141.19 - - [04/Dec/2012:13:23:05 +0100] "GET /tm06_.jpg HTTP/1.1" 200 1382 "-" "Mozilla/5.0 (compatible; YandexImages/3.0; +http://yandex.com/bots)"
208.115.113.84 - - [04/Dec/2012:13:33:26 +0100] "GET /bunt.htm HTTP/1.1" 200 5683 "-" "Mozilla/5.0 (compatible; Ezooms/1.0; ezooms.bot@gmail.com)"
37.140.141.19 - - [04/Dec/2012:13:51:35 +0100] "GET /images/eea_logo_.jpg HTTP/1.1" 200 32098 "-" "Mozilla/5.0 (compatible; YandexImages/3.0; +http://yandex.com/bots)"
37.140.141.19 - - [04/Dec/2012:14:19:22 +0100] "GET /hirek/090510/szuletesunnepe066_.jpg HTTP/1.1" 200 4841 "-" "Mozilla/5.0 (compatible; YandexImages/3.0; +http://yandex.com/bots)"
37.140.141.19 - - [04/Dec/2012:14:47:49 +0100] "GET /hirek/090510/szuletesunnepe059_.jpg HTTP/1.1" 200 5509 "-" "Mozilla/5.0 (compatible; YandexImages/3.0; +http://yandex.com/bots)"
178.154.210.252 - - [04/Dec/2012:15:11:59 +0100] "GET /jog/ugyeszsegek.htm HTTP/1.1" 200 13810 "-" "Mozilla/5.0 (compatible; YandexBot/3.0; +http://yandex.com/bots)"
37.140.141.19 - - [04/Dec/2012:15:16:37 +0100] "GET /images/kvvm_logo.jpg HTTP/1.1" 200 4763 "-" "Mozilla/5.0 (compatible; YandexImages/3.0; +http://yandex.com/bots)"
24.134.146.36 - - [04/Dec/2012:15:30:47 +0100] "GET /ncta.htm HTTP/1.1" 200 7221 "-" "findlinks/2.0.2 (+http://wortschatz.uni-leipzig.de/findlinks/)"
37.140.141.19 - - [04/Dec/2012:15:46:23 +0100] "GET /deutsch/d03.jpg HTTP/1.1" 200 1235 "-" "Mozilla/5.0 (compatible; YandexImages/3.0; +http://yandex.com/bots)"
37.140.141.19 - - [04/Dec/2012:16:13:50 +0100] "GET /hirek/090510/szuletesunnepe030.jpg HTTP/1.1" 200 53089 "-" "Mozilla/5.0 (compatible; YandexImages/3.0; +http://yandex.com/bots)"
37.140.141.19 - - [04/Dec/2012:16:39:13 +0100] "GET /tm03.jpg HTTP/1.1" 200 2212 "-" "Mozilla/5.0 (compatible; YandexImages/3.0; +http://yandex.com/bots)"
37.140.141.19 - - [04/Dec/2012:17:09:20 +0100] "GET /hirek/090510/szuletesunnepe043_.jpg HTTP/1.1" 200 5750 "-" "Mozilla/5.0 (compatible; YandexImages/3.0; +http://yandex.com/bots)"
178.154.210.252 - - [04/Dec/2012:17:18:06 +0100] "GET /jog/pub/szoro.pdf HTTP/1.1" 200 398619 "-" "Mozilla/5.0 (compatible; YandexBot/3.0; +http://yandex.com/bots)"
66.249.66.24 - - [04/Dec/2012:17:36:11 +0100] "GET /jog/jogszabalyok/conventions_hu.pdf HTTP/1.1" 304 - "-" "Mozilla/5.0 (compatible; Googlebot/2.1; +http://www.google.com/bot.html)"
66.249.66.24 - - [04/Dec/2012:17:37:10 +0100] "GET /hirek/hirek08_10.htm HTTP/1.1" 200 7030 "-" "Mozilla/5.0 (iPhone; U; CPU iPhone OS 4_1 like Mac OS X; en-us) AppleWebKit/532.9 (KHTML, like Gecko) Version/4.0.5 Mobile/8B117 Safari/6531.22.7 (compatible; Googlebot-Mobile/2.1; +http://www.google.com/bot.html)"
37.140.141.19 - - [04/Dec/2012:17:40:32 +0100] "GET /hirek/090510/szuletesunnepe055_.jpg HTTP/1.1" 200 6152 "-" "Mozilla/5.0 (compatible; YandexImages/3.0; +http://yandex.com/bots)"
66.249.66.24 - - [04/Dec/2012:17:40:58 +0100] "GET /hirek09_02.htm HTTP/1.1" 200 7450 "-" "Mozilla/5.0 (iPhone; U; CPU iPhone OS 4_1 like Mac OS X; en-us) AppleWebKit/532.9 (KHTML, like Gecko) Version/4.0.5 Mobile/8B117 Safari/6531.22.7 (compatible; Googlebot-Mobile/2.1; +http://www.google.com/bot.html)"
66.249.66.24 - - [04/Dec/2012:17:44:42 +0100] "GET /jog/eseteink/korosladany/index.htm HTTP/1.1" 200 30713 "-" "Mozilla/5.0 (iPhone; U; CPU iPhone OS 4_1 like Mac OS X; en-us) AppleWebKit/532.9 (KHTML, like Gecko) Version/4.0.5 Mobile/8B117 Safari/6531.22.7 (compatible; Googlebot-Mobile/2.1; +http://www.google.com/bot.html)"
37.140.141.19 - - [04/Dec/2012:18:09:06 +0100] "GET /hirek/090510/szuletesunnepe030_.jpg HTTP/1.1" 200 5352 "-" "Mozilla/5.0 (compatible; YandexImages/3.0; +http://yandex.com/bots)"
192.188.242.172 - - [04/Dec/2012:18:14:48 +0100] "GET /jog/eseteink/derekegyhaza/kotvife_kekto_3.pdf HTTP/1.1" 200 136539 "http://www.google.hu/url?sa=t&rct=j&q=&esrc=s&source=web&cd=1&ved=0CCsQFjAA&url=http%3A%2F%2Fwww.beklen.hu%2Fjog%2Feseteink%2Fderekegyhaza%2Fkotvife_kekto_3.pdf&ei=gi--UJe9KcrLsgbBlIE4&usg=AFQjCNHBMxrQfMmkEGco64JX9fVv0Lhsnw&cad=rja" "Mozilla/5.0 (Windows NT 6.1; WOW64) AppleWebKit/537.11 (KHTML, like Gecko) Chrome/23.0.1271.95 Safari/537.11"
192.188.242.172 - - [04/Dec/2012:18:14:48 +0100] "GET /favicon.ico HTTP/1.1" 404 1181 "-" "Mozilla/5.0 (Windows NT 6.1; WOW64) AppleWebKit/537.11 (KHTML, like Gecko) Chrome/23.0.1271.95 Safari/537.11"
66.249.66.24 - - [04/Dec/2012:18:31:14 +0100] "GET /fiok/program_reszek/programok/03.jpg HTTP/1.1" 304 - "-" "Googlebot-Image/1.0"
37.140.141.19 - - [04/Dec/2012:18:36:56 +0100] "GET /nimfea_project_250x250.gif HTTP/1.1" 200 2986583 "-" "Mozilla/5.0 (compatible; YandexImages/3.0; +http://yandex.com/bots)"
66.249.66.24 - - [04/Dec/2012:18:42:53 +0100] "GET /jog/jogszabalyok/kornyezetvedelmi_torveny.pdf HTTP/1.1" 200 245188 "-" "Mozilla/5.0 (compatible; Googlebot/2.1; +http://www.google.com/bot.html)"
37.140.141.19 - - [04/Dec/2012:19:03:22 +0100] "GET /hirek/090510/szuletesunnepe027_.jpg HTTP/1.1" 200 6004 "-" "Mozilla/5.0 (compatible; YandexImages/3.0; +http://yandex.com/bots)"
180.76.5.141 - - [04/Dec/2012:19:06:21 +0100] "GET /fiok/program_reszek/lovaglas.htm HTTP/1.1" 200 21486 "-" "Mozilla/5.0 (compatible; Baiduspider/2.0; +http://www.baidu.com/search/spider.html)"
65.55.211.23 - - [04/Dec/2012:19:06:56 +0100] "GET /robots.txt HTTP/1.1" 404 1181 "-" "msnbot-media/1.1 (+http://search.msn.com/msnbot.htm)"
65.55.211.23 - - [04/Dec/2012:19:06:56 +0100] "GET /uszt-tabla_.jpg HTTP/1.1" 200 4543 "-" "msnbot-media/1.1 (+http://search.msn.com/msnbot.htm)"
