66.249.66.24 - - [01/Dec/2012:00:51:09 +0100] "GET /robots.txt HTTP/1.1" 404 1181 "-" "Mozilla/5.0 (compatible; Googlebot/2.1; +http://www.google.com/bot.html)"
66.249.66.24 - - [01/Dec/2012:00:51:09 +0100] "GET /jog/eseteink/kavicszatony/nimfea_fellebbezes.pdf HTTP/1.1" 304 - "-" "Mozilla/5.0 (compatible; Googlebot/2.1; +http://www.google.com/bot.html)"
208.115.111.68 - - [01/Dec/2012:01:24:07 +0100] "GET /robots.txt HTTP/1.1" 404 1181 "-" "Mozilla/5.0 (compatible; Ezooms/1.0; ezooms.bot@gmail.com)"
66.249.66.24 - - [01/Dec/2012:01:25:35 +0100] "GET /jog/eljaraskezd.htm HTTP/1.1" 200 13730 "-" "Mozilla/5.0 (iPhone; U; CPU iPhone OS 4_1 like Mac OS X; en-us) AppleWebKit/532.9 (KHTML, like Gecko) Version/4.0.5 Mobile/8B117 Safari/6531.22.7 (compatible; Googlebot-Mobile/2.1; +http://www.google.com/bot.html)"
66.249.66.24 - - [01/Dec/2012:01:59:44 +0100] "GET /jog/eseteink/derekegyhaza/vizjogi_derekegyhaza_osztvez.pdf HTTP/1.1" 304 - "-" "Mozilla/5.0 (compatible; Googlebot/2.1; +http://www.google.com/bot.html)"
66.249.76.62 - - [01/Dec/2012:02:17:30 +0100] "GET /jog/img/320/nadas.jpg HTTP/1.1" 200 22964 "-" "Mozilla/5.0 (compatible; Googlebot/2.1; +http://www.google.com/bot.html)"
66.249.76.62 - - [01/Dec/2012:02:17:34 +0100] "GET /jog/css/script.js HTTP/1.1" 200 6975 "-" "Mozilla/5.0 (compatible; Googlebot/2.1; +http://www.google.com/bot.html)"
66.249.76.62 - - [01/Dec/2012:02:17:36 +0100] "GET /jog/css/jquery.js HTTP/1.1" 200 72174 "-" "Mozilla/5.0 (compatible; Googlebot/2.1; +http://www.google.com/bot.html)"
66.249.76.62 - - [01/Dec/2012:02:17:39 +0100] "GET /jog/css/style.css HTTP/1.1" 200 23764 "-" "Mozilla/5.0 (compatible; Googlebot/2.1; +http://www.google.com/bot.html)"
66.249.76.62 - - [01/Dec/2012:02:17:59 +0100] "GET /jog/eseteink/derekegyhaza/tajekoztatas_keres_mszh_kozp2.pdf HTTP/1.1" 304 - "-" "Mozilla/5.0 (compatible; Googlebot/2.1; +http://www.google.com/bot.html)"
66.249.66.24 - - [01/Dec/2012:02:19:06 +0100] "GET /jog/eseteink/derekegyhaza/vizjogi_derekegyhaza_osztvez.pdf HTTP/1.1" 304 - "-" "Mozilla/5.0 (compatible; Googlebot/2.1; +http://www.google.com/bot.html)"
66.249.66.24 - - [01/Dec/2012:02:19:20 +0100] "GET /hirek09_01.htm HTTP/1.1" 200 6841 "-" "Mozilla/5.0 (compatible; Googlebot/2.1; +http://www.google.com/bot.html)"
139.18.2.209 - - [01/Dec/2012:02:30:01 +0100] "GET /nca.htm HTTP/1.1" 200 7467 "-" "findlinks/2.6 (+http://wortschatz.uni-leipzig.de/findlinks/)"
66.249.66.24 - - [01/Dec/2012:02:30:55 +0100] "GET /fiok/program_reszek/taborok.htm HTTP/1.1" 304 - "-" "Mozilla/5.0 (compatible; Googlebot/2.1; +http://www.google.com/bot.html)"
66.249.66.24 - - [01/Dec/2012:02:36:29 +0100] "GET /jog/eseteink/korosladany/dalerd%20birsag.pdf HTTP/1.1" 304 - "-" "Mozilla/5.0 (compatible; Googlebot/2.1; +http://www.google.com/bot.html)"
66.249.76.62 - - [01/Dec/2012:02:43:25 +0100] "GET /jog/eseteink/korosladany/np_nek_tajekoztatas.pdf HTTP/1.1" 304 - "-" "Mozilla/5.0 (compatible; Googlebot/2.1; +http://www.google.com/bot.html)"
66.249.66.24 - - [01/Dec/2012:02:53:36 +0100] "GET /jog/eseteink/korosladany/korosladany-fvm.pdf HTTP/1.1" 304 - "-" "Mozilla/5.0 (compatible; Googlebot/2.1; +http://www.google.com/bot.html)"
66.249.66.24 - - [01/Dec/2012:02:54:27 +0100] "GET /jog/eseteink/kavicszatony/bfnpi%20fellebbezese%20mura%20kotras%20vj%20eng.pdf HTTP/1.1" 304 - "-" "Mozilla/5.0 (compatible; Googlebot/2.1; +http://www.google.com/bot.html)"
66.249.66.24 - - [01/Dec/2012:02:55:08 +0100] "GET /jog/jogsegely.htm HTTP/1.1" 304 - "-" "Mozilla/5.0 (compatible; Googlebot/2.1; +http://www.google.com/bot.html)"
130.83.167.153 - - [01/Dec/2012:04:07:23 +0100] "GET /jog/polgariper.htm HTTP/1.1" 200 13964 "-" "findlinks/2.6 (+http://wortschatz.uni-leipzig.de/findlinks/)"
208.115.111.68 - - [01/Dec/2012:05:03:19 +0100] "GET /robots.txt HTTP/1.1" 404 1181 "-" "Mozilla/5.0 (compatible; Ezooms/1.0; ezooms.bot@gmail.com)"
178.255.215.69 - - [01/Dec/2012:05:07:12 +0100] "GET /robots.txt HTTP/1.1" 404 1181 "-" "Mozilla/5.0 (compatible; Exabot/3.0; +http://www.exabot.com/go/robot)"
178.255.215.69 - - [01/Dec/2012:05:07:13 +0100] "GET / HTTP/1.1" 200 23965 "-" "Mozilla/5.0 (compatible; Exabot/3.0; +http://www.exabot.com/go/robot)"
180.76.5.173 - - [01/Dec/2012:05:36:03 +0100] "GET /fiok/program_reszek/turazas.htm HTTP/1.1" 200 22754 "-" "Mozilla/5.0 (compatible; Baiduspider/2.0; +http://www.baidu.com/search/spider.html)"
139.18.2.209 - - [01/Dec/2012:06:12:47 +0100] "GET /jog/index.htm HTTP/1.1" 200 13138 "-" "findlinks/2.6 (+http://wortschatz.uni-leipzig.de/findlinks/)"
37.140.141.19 - - [01/Dec/2012:06:45:29 +0100] "GET /robots.txt HTTP/1.1" 404 1181 "-" "Mozilla/5.0 (compatible; YandexImages/3.0; +http://yandex.com/bots)"
66.249.66.24 - - [01/Dec/2012:06:55:11 +0100] "GET /robots.txt HTTP/1.1" 404 1181 "-" "Mozilla/5.0 (compatible; Googlebot/2.1; +http://www.google.com/bot.html)"
66.249.66.24 - - [01/Dec/2012:06:55:13 +0100] "GET /jog/jogszabalyok/2008_evi_liii_torveny_hatalyos_cites_fuggelekek.doc HTTP/1.1" 200 3005952 "-" "Mozilla/5.0 (compatible; Googlebot/2.1; +http://www.google.com/bot.html)"
37.140.141.19 - - [01/Dec/2012:07:05:23 +0100] "GET /hirek/090510/szuletesunnepe021.jpg HTTP/1.1" 200 58618 "-" "Mozilla/5.0 (compatible; YandexImages/3.0; +http://yandex.com/bots)"
66.249.66.24 - - [01/Dec/2012:07:26:52 +0100] "GET /fiok/ HTTP/1.1" 304 - "-" "Mozilla/5.0 (iPhone; U; CPU iPhone OS 4_1 like Mac OS X; en-us) AppleWebKit/532.9 (KHTML, like Gecko) Version/4.0.5 Mobile/8B117 Safari/6531.22.7 (compatible; Googlebot-Mobile/2.1; +http://www.google.com/bot.html)"
37.140.141.19 - - [01/Dec/2012:07:27:54 +0100] "GET /hirek/090510/szuletesunnepe055_.jpg HTTP/1.1" 200 6152 "-" "Mozilla/5.0 (compatible; YandexImages/3.0; +http://yandex.com/bots)"
37.140.141.19 - - [01/Dec/2012:07:48:18 +0100] "GET /hirek/090510/szuletesunnepe011_.jpg HTTP/1.1" 200 5207 "-" "Mozilla/5.0 (compatible; YandexImages/3.0; +http://yandex.com/bots)"
66.249.66.37 - - [01/Dec/2012:08:03:16 +0100] "GET /robots.txt HTTP/1.1" 404 1181 "-" "Mozilla/5.0 (compatible; Googlebot/2.1; +http://www.google.com/bot.html)"
66.249.66.37 - - [01/Dec/2012:08:03:16 +0100] "GET /fiok/index.html HTTP/1.1" 200 20554 "-" "Mozilla/5.0 (compatible; Googlebot/2.1; +http://www.google.com/bot.html)"
37.140.141.19 - - [01/Dec/2012:08:13:20 +0100] "GET /nimfea_project_250x250.gif HTTP/1.1" 200 2986583 "-" "Mozilla/5.0 (compatible; YandexImages/3.0; +http://yandex.com/bots)"
180.76.5.140 - - [01/Dec/2012:08:20:59 +0100] "GET /fiok/kornyezet.htm HTTP/1.1" 200 22582 "-" "Mozilla/5.0 (compatible; Baiduspider/2.0; +http://www.baidu.com/search/spider.html)"
180.76.5.142 - - [01/Dec/2012:08:24:26 +0100] "GET /fiok/css/js/'+ddimageTitleURL+' HTTP/1.1" 404 1181 "-" "Mozilla/5.0 (compatible; Baiduspider/2.0; +http://www.baidu.com/search/spider.html)"
37.140.141.19 - - [01/Dec/2012:08:34:40 +0100] "GET /images/autonomia_.jpg HTTP/1.1" 200 14792 "-" "Mozilla/5.0 (compatible; YandexImages/3.0; +http://yandex.com/bots)"
37.140.141.19 - - [01/Dec/2012:08:56:19 +0100] "GET /images/72_nfu.jpg HTTP/1.1" 200 603912 "-" "Mozilla/5.0 (compatible; YandexImages/3.0; +http://yandex.com/bots)"
37.140.141.19 - - [01/Dec/2012:09:18:47 +0100] "GET /hirek/090510/szuletesunnepe027_.jpg HTTP/1.1" 200 6004 "-" "Mozilla/5.0 (compatible; YandexImages/3.0; +http://yandex.com/bots)"
37.140.141.19 - - [01/Dec/2012:09:44:44 +0100] "GET /tm03_.jpg HTTP/1.1" 200 1787 "-" "Mozilla/5.0 (compatible; YandexImages/3.0; +http://yandex.com/bots)"
66.249.66.37 - - [01/Dec/2012:09:50:58 +0100] "GET /fiok/fiok.html HTTP/1.1" 200 20723 "-" "Mozilla/5.0 (compatible; Googlebot/2.1; +http://www.google.com/bot.html)"
193.6.136.39 - - [01/Dec/2012:10:00:21 +0100] "GET /jog/eseteink/kavicszatony/nimfea_fellebbezes.pdf HTTP/1.0" 200 229593 "http://www.google.hu/url?sa=t&rct=j&q=&esrc=s&source=web&cd=2&ved=0CDMQFjAB&url=http%3A%2F%2Fwww.beklen.hu%2Fjog%2Feseteink%2Fkavicszatony%2Fnimfea_fellebbezes.pdf&ei=Hce5UKdIgbG0Bs6ugJgH&usg=AFQjCNHWD39e1A2q_KQhTVWR2GBoPBT4uw" "Mozilla/5.0 (Windows NT 6.1; WOW64; rv:16.0) Gecko/20100101 Firefox/16.0"
193.6.136.39 - - [01/Dec/2012:10:00:22 +0100] "GET /favicon.ico HTTP/1.0" 404 1181 "-" "Mozilla/5.0 (Windows NT 6.1; WOW64; rv:16.0) Gecko/20100101 Firefox/16.0"
37.140.141.19 - - [01/Dec/2012:10:06:42 +0100] "GET /tm03.jpg HTTP/1.1" 200 2212 "-" "Mozilla/5.0 (compatible; YandexImages/3.0; +http://yandex.com/bots)"
66.249.66.37 - - [01/Dec/2012:10:17:30 +0100] "GET /fiok/news.html HTTP/1.1" 404 1181 "-" "Mozilla/5.0 (compatible; Googlebot/2.1; +http://www.google.com/bot.html)"
37.140.141.19 - - [01/Dec/2012:10:30:40 +0100] "GET /hirek/090510/szuletesunnepe050_.jpg HTTP/1.1" 200 5308 "-" "Mozilla/5.0 (compatible; YandexImages/3.0; +http://yandex.com/bots)"
37.140.141.19 - - [01/Dec/2012:10:54:19 +0100] "GET /hirek/090510/szuletesunnepe065.jpg HTTP/1.1" 200 57867 "-" "Mozilla/5.0 (compatible; YandexImages/3.0; +http://yandex.com/bots)"
37.140.141.19 - - [01/Dec/2012:11:17:49 +0100] "GET /hirek/090510/szuletesunnepe055.jpg HTTP/1.1" 200 75954 "-" "Mozilla/5.0 (compatible; YandexImages/3.0; +http://yandex.com/bots)"
130.83.167.153 - - [01/Dec/2012:11:25:32 +0100] "GET /nca07.htm HTTP/1.1" 200 21968 "-" "findlinks/2.6 (+http://wortschatz.uni-leipzig.de/findlinks/)"
193.225.22.243 - - [01/Dec/2012:11:34:20 +0100] "GET /fiok/ HTTP/1.1" 200 20554 "http://www.google.hu/url?sa=t&rct=j&q=&esrc=s&source=web&cd=6&ved=0CEoQFjAF&url=http%3A%2F%2Fwww.beklen.hu%2Ffiok%2F&ei=Dd25ULv4JMah4gSU_YC4Bg&usg=AFQjCNFtC7TVIqJXoI7MG7L0tC6FKZ01fA" "Mozilla/5.0 (Windows NT 5.1; rv:16.0) Gecko/20100101 Firefox/16.0"
193.225.22.243 - - [01/Dec/2012:11:34:20 +0100] "GET /fiok/css/lightbox.css HTTP/1.1" 200 1715 "http://www.beklen.hu/fiok/" "Mozilla/5.0 (Windows NT 5.1; rv:16.0) Gecko/20100101 Firefox/16.0"
193.225.22.243 - - [01/Dec/2012:11:34:20 +0100] "GET /fiok/css/js/scriptaculous.js?load=effects HTTP/1.1" 200 2152 "http://www.beklen.hu/fiok/" "Mozilla/5.0 (Windows NT 5.1; rv:16.0) Gecko/20100101 Firefox/16.0"
193.225.22.243 - - [01/Dec/2012:11:34:20 +0100] "GET /fiok/css/js/lightbox.js HTTP/1.1" 200 23424 "http://www.beklen.hu/fiok/" "Mozilla/5.0 (Windows NT 5.1; rv:16.0) Gecko/20100101 Firefox/16.0"
193.225.22.243 - - [01/Dec/2012:11:34:20 +0100] "GET /fiok/images/index_12_12.JPG HTTP/1.1" 200 985 "http://www.beklen.hu/fiok/" "Mozilla/5.0 (Windows NT 5.1; rv:16.0) Gecko/20100101 Firefox/16.0"
193.225.22.243 - - [01/Dec/2012:11:34:20 +0100] "GET /fiok/images/index_02_02.JPG HTTP/1.1" 200 1178 "http://www.beklen.hu/fiok/" "Mozilla/5.0 (Windows NT 5.1; rv:16.0) Gecko/20100101 Firefox/16.0"
193.225.22.243 - - [01/Dec/2012:11:34:20 +0100] "GET /fiok/css/js/prototype.js HTTP/1.1" 200 47603 "http://www.beklen.hu/fiok/" "Mozilla/5.0 (Windows NT 5.1; rv:16.0) Gecko/20100101 Firefox/16.0"
193.225.22.243 - - [01/Dec/2012:11:34:20 +0100] "GET /fiok/images/index_11.gif HTTP/1.1" 200 74 "http://www.beklen.hu/fiok/" "Mozilla/5.0 (Windows NT 5.1; rv:16.0) Gecko/20100101 Firefox/16.0"
193.225.22.243 - - [01/Dec/2012:11:34:20 +0100] "GET /fiok/images/index_14_14.JPG HTTP/1.1" 200 9305 "http://www.beklen.hu/fiok/" "Mozilla/5.0 (Windows NT 5.1; rv:16.0) Gecko/20100101 Firefox/16.0"
193.225.22.243 - - [01/Dec/2012:11:34:20 +0100] "GET /fiok/images/index_13.gif HTTP/1.1" 200 149 "http://www.beklen.hu/fiok/" "Mozilla/5.0 (Windows NT 5.1; rv:16.0) Gecko/20100101 Firefox/16.0"
193.225.22.243 - - [01/Dec/2012:11:34:20 +0100] "GET /fiok/images/index_15_15.JPG HTTP/1.1" 200 20275 "http://www.beklen.hu/fiok/" "Mozilla/5.0 (Windows NT 5.1; rv:16.0) Gecko/20100101 Firefox/16.0"
193.225.22.243 - - [01/Dec/2012:11:34:20 +0100] "GET /fiok/images/index_16_16.JPG HTTP/1.1" 200 13468 "http://www.beklen.hu/fiok/" "Mozilla/5.0 (Windows NT 5.1; rv:16.0) Gecko/20100101 Firefox/16.0"
193.225.22.243 - - [01/Dec/2012:11:34:20 +0100] "GET /fiok/images/index_17_17.jpg HTTP/1.1" 200 2374 "http://www.beklen.hu/fiok/" "Mozilla/5.0 (Windows NT 5.1; rv:16.0) Gecko/20100101 Firefox/16.0"
193.225.22.243 - - [01/Dec/2012:11:34:20 +0100] "GET /fiok/images/index_18_18.JPG HTTP/1.1" 200 15778 "http://www.beklen.hu/fiok/" "Mozilla/5.0 (Windows NT 5.1; rv:16.0) Gecko/20100101 Firefox/16.0"
193.225.22.243 - - [01/Dec/2012:11:34:20 +0100] "GET /fiok/images/index_19_19.JPG HTTP/1.1" 200 3123 "http://www.beklen.hu/fiok/" "Mozilla/5.0 (Windows NT 5.1; rv:16.0) Gecko/20100101 Firefox/16.0"
193.225.22.243 - - [01/Dec/2012:11:34:20 +0100] "GET /fiok/images/szovegkep.JPG HTTP/1.1" 200 12792 "http://www.beklen.hu/fiok/" "Mozilla/5.0 (Windows NT 5.1; rv:16.0) Gecko/20100101 Firefox/16.0"
193.225.22.243 - - [01/Dec/2012:11:34:20 +0100] "GET /fiok/images/spacer.gif HTTP/1.1" 200 43 "http://www.beklen.hu/fiok/" "Mozilla/5.0 (Windows NT 5.1; rv:16.0) Gecko/20100101 Firefox/16.0"
193.225.22.243 - - [01/Dec/2012:11:34:20 +0100] "GET /fiok/images/index_26.gif HTTP/1.1" 200 121 "http://www.beklen.hu/fiok/" "Mozilla/5.0 (Windows NT 5.1; rv:16.0) Gecko/20100101 Firefox/16.0"
193.225.22.243 - - [01/Dec/2012:11:34:20 +0100] "GET /fiok/images/index_25_25.jpg HTTP/1.1" 200 4960 "http://www.beklen.hu/fiok/" "Mozilla/5.0 (Windows NT 5.1; rv:16.0) Gecko/20100101 Firefox/16.0"
193.225.22.243 - - [01/Dec/2012:11:34:20 +0100] "GET /fiok/images/index_27_27.jpg HTTP/1.1" 200 12876 "http://www.beklen.hu/fiok/" "Mozilla/5.0 (Windows NT 5.1; rv:16.0) Gecko/20100101 Firefox/16.0"
193.225.22.243 - - [01/Dec/2012:11:34:20 +0100] "GET /fiok/css/js/effects.js HTTP/1.1" 200 31969 "http://www.beklen.hu/fiok/" "Mozilla/5.0 (Windows NT 5.1; rv:16.0) Gecko/20100101 Firefox/16.0"
193.225.22.243 - - [01/Dec/2012:11:34:20 +0100] "GET /fiok/images/a4a.jpg HTTP/1.1" 200 524 "http://www.beklen.hu/fiok/" "Mozilla/5.0 (Windows NT 5.1; rv:16.0) Gecko/20100101 Firefox/16.0"
193.225.22.243 - - [01/Dec/2012:11:34:20 +0100] "GET /fiok/images/b4b.jpg HTTP/1.1" 200 524 "http://www.beklen.hu/fiok/" "Mozilla/5.0 (Windows NT 5.1; rv:16.0) Gecko/20100101 Firefox/16.0"
193.225.22.243 - - [01/Dec/2012:11:34:20 +0100] "GET /fiok/images/c4c.jpg HTTP/1.1" 200 524 "http://www.beklen.hu/fiok/" "Mozilla/5.0 (Windows NT 5.1; rv:16.0) Gecko/20100101 Firefox/16.0"
193.225.22.243 - - [01/Dec/2012:11:34:20 +0100] "GET /fiok/images/index_21_21.JPG HTTP/1.1" 404 1181 "http://www.beklen.hu/fiok/" "Mozilla/5.0 (Windows NT 5.1; rv:16.0) Gecko/20100101 Firefox/16.0"
193.225.22.243 - - [01/Dec/2012:11:34:20 +0100] "GET /fiok/images/d4d.jpg HTTP/1.1" 200 524 "http://www.beklen.hu/fiok/" "Mozilla/5.0 (Windows NT 5.1; rv:16.0) Gecko/20100101 Firefox/16.0"
193.225.22.243 - - [01/Dec/2012:11:34:20 +0100] "GET /fiok/images/e4e.jpg HTTP/1.1" 200 524 "http://www.beklen.hu/fiok/" "Mozilla/5.0 (Windows NT 5.1; rv:16.0) Gecko/20100101 Firefox/16.0"
193.225.22.243 - - [01/Dec/2012:11:34:20 +0100] "GET /fiok/images/b12.jpg HTTP/1.1" 200 544 "http://www.beklen.hu/fiok/" "Mozilla/5.0 (Windows NT 5.1; rv:16.0) Gecko/20100101 Firefox/16.0"
193.225.22.243 - - [01/Dec/2012:11:34:25 +0100] "GET /fiok/images/index_21_21.JPG HTTP/1.1" 404 1181 "http://www.beklen.hu/fiok/" "Mozilla/5.0 (Windows NT 5.1; rv:16.0) Gecko/20100101 Firefox/16.0"
193.225.22.243 - - [01/Dec/2012:11:34:25 +0100] "GET /fiok/images/index_22.gif HTTP/1.1" 200 227 "http://www.beklen.hu/fiok/" "Mozilla/5.0 (Windows NT 5.1; rv:16.0) Gecko/20100101 Firefox/16.0"
193.225.22.243 - - [01/Dec/2012:11:34:25 +0100] "GET /fiok/images/index_24.gif HTTP/1.1" 200 227 "http://www.beklen.hu/fiok/" "Mozilla/5.0 (Windows NT 5.1; rv:16.0) Gecko/20100101 Firefox/16.0"
193.225.22.243 - - [01/Dec/2012:11:34:25 +0100] "GET /fiok/images/index_28.gif HTTP/1.1" 200 262 "http://www.beklen.hu/fiok/" "Mozilla/5.0 (Windows NT 5.1; rv:16.0) Gecko/20100101 Firefox/16.0"
193.225.22.243 - - [01/Dec/2012:11:34:26 +0100] "GET /favicon.ico HTTP/1.1" 404 1181 "-" "Mozilla/5.0 (Windows NT 5.1; rv:16.0) Gecko/20100101 Firefox/16.0"
193.225.22.243 - - [01/Dec/2012:11:34:26 +0100] "GET /favicon.ico HTTP/1.1" 404 1181 "-" "Mozilla/5.0 (Windows NT 5.1; rv:16.0) Gecko/20100101 Firefox/16.0"
193.225.22.243 - - [01/Dec/2012:11:34:26 +0100] "GET /lb/images/loading.gif HTTP/1.1" 200 2767 "http://www.beklen.hu/fiok/" "Mozilla/5.0 (Windows NT 5.1; rv:16.0) Gecko/20100101 Firefox/16.0"
193.225.22.243 - - [01/Dec/2012:11:34:26 +0100] "GET /lb/images/closelabel.gif HTTP/1.1" 200 222 "http://www.beklen.hu/fiok/" "Mozilla/5.0 (Windows NT 5.1; rv:16.0) Gecko/20100101 Firefox/16.0"
193.225.22.243 - - [01/Dec/2012:11:34:49 +0100] "GET /fiok/mult.htm HTTP/1.1" 200 23227 "http://www.beklen.hu/fiok/" "Mozilla/5.0 (Windows NT 5.1; rv:16.0) Gecko/20100101 Firefox/16.0"
193.225.22.243 - - [01/Dec/2012:11:34:49 +0100] "GET /fiok/css/js/scriptaculous.js?load=effects HTTP/1.1" 304 - "http://www.beklen.hu/fiok/mult.htm" "Mozilla/5.0 (Windows NT 5.1; rv:16.0) Gecko/20100101 Firefox/16.0"
193.225.22.243 - - [01/Dec/2012:11:34:49 +0100] "GET /fiok/oktatokozpont/02.JPG HTTP/1.1" 200 284929 "http://www.beklen.hu/fiok/mult.htm" "Mozilla/5.0 (Windows NT 5.1; rv:16.0) Gecko/20100101 Firefox/16.0"
193.225.22.243 - - [01/Dec/2012:11:34:49 +0100] "GET /fiok/oktatokozpont/01.JPG HTTP/1.1" 200 320996 "http://www.beklen.hu/fiok/mult.htm" "Mozilla/5.0 (Windows NT 5.1; rv:16.0) Gecko/20100101 Firefox/16.0"
193.225.22.243 - - [01/Dec/2012:11:34:49 +0100] "GET /fiok/images/index_25.gif HTTP/1.1" 200 708 "http://www.beklen.hu/fiok/mult.htm" "Mozilla/5.0 (Windows NT 5.1; rv:16.0) Gecko/20100101 Firefox/16.0"
193.225.22.243 - - [01/Dec/2012:11:34:49 +0100] "GET /fiok/oktatokozpont/03.JPG HTTP/1.1" 200 292887 "http://www.beklen.hu/fiok/mult.htm" "Mozilla/5.0 (Windows NT 5.1; rv:16.0) Gecko/20100101 Firefox/16.0"
193.225.22.243 - - [01/Dec/2012:11:34:49 +0100] "GET /fiok/oktatokozpont/04.JPG HTTP/1.1" 200 218557 "http://www.beklen.hu/fiok/mult.htm" "Mozilla/5.0 (Windows NT 5.1; rv:16.0) Gecko/20100101 Firefox/16.0"
193.225.22.243 - - [01/Dec/2012:11:34:49 +0100] "GET /fiok/oktatokozpont/05.JPG HTTP/1.1" 200 299454 "http://www.beklen.hu/fiok/mult.htm" "Mozilla/5.0 (Windows NT 5.1; rv:16.0) Gecko/20100101 Firefox/16.0"
37.140.141.19 - - [01/Dec/2012:11:45:44 +0100] "GET /images/eea_logo_.jpg HTTP/1.1" 200 32098 "-" "Mozilla/5.0 (compatible; YandexImages/3.0; +http://yandex.com/bots)"
66.249.66.24 - - [01/Dec/2012:12:04:17 +0100] "GET /hirek/printscreenek/banner_mkne.jpg HTTP/1.1" 304 - "-" "Googlebot-Image/1.0"
37.140.141.19 - - [01/Dec/2012:12:11:31 +0100] "GET /hirek/090510/szuletesunnepe066_.jpg HTTP/1.1" 200 4841 "-" "Mozilla/5.0 (compatible; YandexImages/3.0; +http://yandex.com/bots)"
37.140.141.19 - - [01/Dec/2012:12:37:27 +0100] "GET /hirek/090510/szuletesunnepe044_.jpg HTTP/1.1" 200 5672 "-" "Mozilla/5.0 (compatible; YandexImages/3.0; +http://yandex.com/bots)"
66.249.76.11 - - [01/Dec/2012:12:42:25 +0100] "GET /robots.txt HTTP/1.1" 404 1181 "-" "Mozilla/5.0 (compatible; Googlebot/2.1; +http://www.google.com/bot.html)"
66.249.66.37 - - [01/Dec/2012:12:42:25 +0100] "GET /jog/jogszabalyok/regp2001lxxxitvaarhus.pdf HTTP/1.1" 304 - "-" "Mozilla/5.0 (compatible; Googlebot/2.1; +http://www.google.com/bot.html)"
37.140.141.19 - - [01/Dec/2012:13:03:38 +0100] "GET /hirek/090510/szuletesunnepe021_.jpg HTTP/1.1" 200 5721 "-" "Mozilla/5.0 (compatible; YandexImages/3.0; +http://yandex.com/bots)"
178.154.210.252 - - [01/Dec/2012:13:06:16 +0100] "GET /robots.txt HTTP/1.1" 404 1181 "-" "Mozilla/5.0 (compatible; YandexBot/3.0; +http://yandex.com/bots)"
37.140.141.19 - - [01/Dec/2012:13:28:37 +0100] "GET /hirek/090510/szuletesunnepe034_.jpg HTTP/1.1" 200 5541 "-" "Mozilla/5.0 (compatible; YandexImages/3.0; +http://yandex.com/bots)"
37.140.141.19 - - [01/Dec/2012:13:56:51 +0100] "GET /jog/img/nca_logo_.png HTTP/1.1" 200 7180 "-" "Mozilla/5.0 (compatible; YandexImages/3.0; +http://yandex.com/bots)"
91.201.64.24 - - [01/Dec/2012:14:11:15 +0100] "GET /fiok HTTP/1.1" 301 312 "-" "Mozilla/5.0 (X11; U; Linux i686; pl; rv:1.8.0.7) Gecko/20060914 Firefox/1.5.0.7 (Swiftfox)"
91.201.64.24 - - [01/Dec/2012:14:11:18 +0100] "GET /fiok/ HTTP/1.1" 200 20554 "-" "Mozilla/5.0 (X11; U; Linux i686; pl; rv:1.8.0.7) Gecko/20060914 Firefox/1.5.0.7 (Swiftfox)"
37.140.141.19 - - [01/Dec/2012:14:25:14 +0100] "GET /english/e02.jpg HTTP/1.1" 200 1349 "-" "Mozilla/5.0 (compatible; YandexImages/3.0; +http://yandex.com/bots)"
37.140.141.19 - - [01/Dec/2012:14:53:24 +0100] "GET /hirek/090510/szuletesunnepe030.jpg HTTP/1.1" 200 53089 "-" "Mozilla/5.0 (compatible; YandexImages/3.0; +http://yandex.com/bots)"
66.249.66.24 - - [01/Dec/2012:14:58:57 +0100] "GET /robots.txt HTTP/1.1" 404 1181 "-" "Mozilla/5.0 (compatible; Googlebot/2.1; +http://www.google.com/bot.html)"
66.249.66.24 - - [01/Dec/2012:14:58:58 +0100] "GET /hirek/printscreenek/banner_mkne.jpg HTTP/1.1" 304 - "-" "Googlebot-Image/1.0"
178.154.210.252 - - [01/Dec/2012:14:59:16 +0100] "GET /deutsch/stellen.htm HTTP/1.1" 200 6824 "-" "Mozilla/5.0 (compatible; YandexBot/3.0; +http://yandex.com/bots)"
24.134.146.36 - - [01/Dec/2012:15:01:03 +0100] "GET /deutsch/programme.htm HTTP/1.1" 200 6045 "-" "findlinks/2.0.2 (+http://wortschatz.uni-leipzig.de/findlinks/)"
37.140.141.19 - - [01/Dec/2012:15:19:09 +0100] "GET /english/e04.jpg HTTP/1.1" 200 1124 "-" "Mozilla/5.0 (compatible; YandexImages/3.0; +http://yandex.com/bots)"
208.115.113.84 - - [01/Dec/2012:15:23:47 +0100] "GET /robots.txt HTTP/1.1" 404 1181 "-" "Mozilla/5.0 (compatible; Ezooms/1.0; ezooms.bot@gmail.com)"
66.249.66.24 - - [01/Dec/2012:15:39:11 +0100] "GET / HTTP/1.1" 200 23965 "-" "Mozilla/5.0 (compatible; Googlebot/2.1; +http://www.google.com/bot.html)"
37.140.141.19 - - [01/Dec/2012:15:49:25 +0100] "GET /hirek/090510/szuletesunnepe075_.jpg HTTP/1.1" 200 5720 "-" "Mozilla/5.0 (compatible; YandexImages/3.0; +http://yandex.com/bots)"
66.249.66.24 - - [01/Dec/2012:16:11:30 +0100] "GET /fiok/oktatokozpont/02.JPG HTTP/1.1" 304 - "-" "Googlebot-Image/1.0"
180.76.5.184 - - [01/Dec/2012:16:16:58 +0100] "GET /fiok/program_reszek/konferancia.htm HTTP/1.1" 200 21668 "-" "Mozilla/5.0 (compatible; Baiduspider/2.0; +http://www.baidu.com/search/spider.html)"
37.140.141.19 - - [01/Dec/2012:16:19:37 +0100] "GET /tm04.jpg HTTP/1.1" 200 2613 "-" "Mozilla/5.0 (compatible; YandexImages/3.0; +http://yandex.com/bots)"
66.249.66.24 - - [01/Dec/2012:16:40:07 +0100] "GET /hirek/Natura_2000es_gyepgazdalkodas_eloirasai.ppt HTTP/1.1" 304 - "-" "Mozilla/5.0 (compatible; Googlebot/2.1; +http://www.google.com/bot.html)"
37.140.141.19 - - [01/Dec/2012:16:50:53 +0100] "GET /english/e01.jpg HTTP/1.1" 200 967 "-" "Mozilla/5.0 (compatible; YandexImages/3.0; +http://yandex.com/bots)"
208.115.111.68 - - [01/Dec/2012:17:18:02 +0100] "GET /robots.txt HTTP/1.1" 404 1181 "-" "Mozilla/5.0 (compatible; Ezooms/1.0; ezooms.bot@gmail.com)"
37.140.141.19 - - [01/Dec/2012:17:22:44 +0100] "GET /hirek/090510/szuletesunnepe078.jpg HTTP/1.1" 200 56868 "-" "Mozilla/5.0 (compatible; YandexImages/3.0; +http://yandex.com/bots)"
208.115.113.84 - - [01/Dec/2012:17:29:05 +0100] "GET /fiok/kapcsolat.htm HTTP/1.1" 200 17416 "-" "Mozilla/5.0 (compatible; Ezooms/1.0; ezooms.bot@gmail.com)"
208.115.113.84 - - [01/Dec/2012:17:29:08 +0100] "GET /jog/index.htm HTTP/1.1" 200 13138 "-" "Mozilla/5.0 (compatible; Ezooms/1.0; ezooms.bot@gmail.com)"
66.249.66.24 - - [01/Dec/2012:17:37:11 +0100] "GET /hirek/Microsoft%20Word%20-%20csongradi%20duzzaszto%20velemeny%202009.06.11..doc.pdf HTTP/1.1" 304 - "-" "Mozilla/5.0 (compatible; Googlebot/2.1; +http://www.google.com/bot.html)"
37.140.141.19 - - [01/Dec/2012:17:54:02 +0100] "GET /tm02_.jpg HTTP/1.1" 200 1524 "-" "Mozilla/5.0 (compatible; YandexImages/3.0; +http://yandex.com/bots)"
37.140.141.19 - - [01/Dec/2012:18:33:18 +0100] "GET /hirek/090510/szuletesunnepe090_.jpg HTTP/1.1" 200 4837 "-" "Mozilla/5.0 (compatible; YandexImages/3.0; +http://yandex.com/bots)"
37.140.141.19 - - [01/Dec/2012:19:08:34 +0100] "GET /hirek/090510/szuletesunnepe027.jpg HTTP/1.1" 200 68059 "-" "Mozilla/5.0 (compatible; YandexImages/3.0; +http://yandex.com/bots)"
66.249.66.24 - - [01/Dec/2012:19:22:19 +0100] "GET /fiok/oktatokozpont/05.JPG HTTP/1.1" 304 - "-" "Googlebot-Image/1.0"
66.249.66.24 - - [01/Dec/2012:19:37:23 +0100] "GET /fiok/oktatokozpont/02.JPG HTTP/1.1" 304 - "-" "Googlebot-Image/1.0"
37.140.141.19 - - [01/Dec/2012:19:40:01 +0100] "GET /images/karpatok_.jpg HTTP/1.1" 200 15902 "-" "Mozilla/5.0 (compatible; YandexImages/3.0; +http://yandex.com/bots)"
139.18.2.209 - - [01/Dec/2012:19:47:16 +0100] "GET /jog/tapasztalatszerzok.htm HTTP/1.1" 200 12148 "-" "findlinks/2.6 (+http://wortschatz.uni-leipzig.de/findlinks/)"
66.249.76.11 - - [01/Dec/2012:19:47:31 +0100] "GET /robots.txt HTTP/1.1" 404 1181 "-" "Mozilla/5.0 (compatible; Googlebot/2.1; +http://www.google.com/bot.html)"
66.249.66.37 - - [01/Dec/2012:19:47:32 +0100] "GET /hirek/hirek091103.htm HTTP/1.1" 200 7301 "-" "Mozilla/5.0 (compatible; Googlebot/2.1; +http://www.google.com/bot.html)"
208.115.111.68 - - [01/Dec/2012:20:00:56 +0100] "GET /deutsch/index.htm HTTP/1.1" 200 5324 "-" "Mozilla/5.0 (compatible; Ezooms/1.0; ezooms.bot@gmail.com)"
37.140.141.19 - - [01/Dec/2012:20:15:19 +0100] "GET /a1_projekt_tabla_infra_cs3_beklenhaz.jpg HTTP/1.1" 200 73344 "-" "Mozilla/5.0 (compatible; YandexImages/3.0; +http://yandex.com/bots)"
37.140.141.19 - - [01/Dec/2012:20:50:06 +0100] "GET /hirek/090510/szuletesunnepe051_.jpg HTTP/1.1" 200 5497 "-" "Mozilla/5.0 (compatible; YandexImages/3.0; +http://yandex.com/bots)"
208.115.111.68 - - [01/Dec/2012:21:16:22 +0100] "GET /robots.txt HTTP/1.1" 404 1181 "-" "Mozilla/5.0 (compatible; Ezooms/1.0; ezooms.bot@gmail.com)"
37.140.141.19 - - [01/Dec/2012:21:23:41 +0100] "GET /hirek/090510/szuletesunnepe037_.jpg HTTP/1.1" 200 5702 "-" "Mozilla/5.0 (compatible; YandexImages/3.0; +http://yandex.com/bots)"
37.140.141.19 - - [01/Dec/2012:21:58:15 +0100] "GET /images/demnet_.jpg HTTP/1.1" 200 4808 "-" "Mozilla/5.0 (compatible; YandexImages/3.0; +http://yandex.com/bots)"
139.18.2.209 - - [01/Dec/2012:22:01:20 +0100] "GET /fiok/kornyezet.htm HTTP/1.1" 200 22582 "-" "findlinks/2.6 (+http://wortschatz.uni-leipzig.de/findlinks/)"
192.188.242.163 - - [01/Dec/2012:22:01:47 +0100] "GET /jog/pub/+jog_jav.pdf HTTP/1.1" 200 736714 "http://www.google.hu/url?sa=t&rct=j&q=&esrc=s&source=web&cd=4&ved=0CEEQFjAD&url=http%3A%2F%2Fwww.beklen.hu%2Fjog%2Fpub%2F%2Bjog_jav.pdf&ei=KXC6UNWHBMjWtAarlICYCw&usg=AFQjCNH6eeIljxH7nidhjTRmAJ_4qA9dwQ&sig2=DOwKLnvbldlTXqS_Yvt0sQ" "Mozilla/5.0 (Windows NT 5.1) AppleWebKit/537.11 (KHTML, like Gecko) Chrome/23.0.1271.95 Safari/537.11"
192.188.242.163 - - [01/Dec/2012:22:01:47 +0100] "GET /jog/pub/+jog_jav.pdf HTTP/1.1" 206 32768 "http://www.beklen.hu/jog/pub/+jog_jav.pdf" "Mozilla/5.0 (Windows NT 5.1) AppleWebKit/537.11 (KHTML, like Gecko) Chrome/23.0.1271.95 Safari/537.11"
192.188.242.163 - - [01/Dec/2012:22:01:47 +0100] "GET /favicon.ico HTTP/1.1" 404 1181 "-" "Mozilla/5.0 (Windows NT 5.1) AppleWebKit/537.11 (KHTML, like Gecko) Chrome/23.0.1271.95 Safari/537.11"
192.188.242.163 - - [01/Dec/2012:22:01:47 +0100] "GET /jog/pub/+jog_jav.pdf HTTP/1.1" 206 642330 "http://www.beklen.hu/jog/pub/+jog_jav.pdf" "Mozilla/5.0 (Windows NT 5.1) AppleWebKit/537.11 (KHTML, like Gecko) Chrome/23.0.1271.95 Safari/537.11"
192.188.242.163 - - [01/Dec/2012:22:01:47 +0100] "GET /jog/pub/+jog_jav.pdf HTTP/1.1" 206 32768 "http://www.beklen.hu/jog/pub/+jog_jav.pdf" "Mozilla/5.0 (Windows NT 5.1) AppleWebKit/537.11 (KHTML, like Gecko) Chrome/23.0.1271.95 Safari/537.11"
192.188.242.163 - - [01/Dec/2012:22:01:47 +0100] "GET /jog/pub/+jog_jav.pdf HTTP/1.1" 206 32768 "http://www.beklen.hu/jog/pub/+jog_jav.pdf" "Mozilla/5.0 (Windows NT 5.1) AppleWebKit/537.11 (KHTML, like Gecko) Chrome/23.0.1271.95 Safari/537.11"
192.188.242.163 - - [01/Dec/2012:22:01:47 +0100] "GET /jog/pub/+jog_jav.pdf HTTP/1.1" 206 32768 "http://www.beklen.hu/jog/pub/+jog_jav.pdf" "Mozilla/5.0 (Windows NT 5.1) AppleWebKit/537.11 (KHTML, like Gecko) Chrome/23.0.1271.95 Safari/537.11"
192.188.242.163 - - [01/Dec/2012:22:01:48 +0100] "GET /jog/pub/+jog_jav.pdf HTTP/1.1" 206 46374 "http://www.beklen.hu/jog/pub/+jog_jav.pdf" "Mozilla/5.0 (Windows NT 5.1) AppleWebKit/537.11 (KHTML, like Gecko) Chrome/23.0.1271.95 Safari/537.11"
24.134.146.36 - - [01/Dec/2012:22:08:11 +0100] "GET /hirek/fiok/index.html HTTP/1.1" 404 1181 "-" "findlinks/2.0.2 (+http://wortschatz.uni-leipzig.de/findlinks/)"
37.140.141.19 - - [01/Dec/2012:22:31:10 +0100] "GET /a1_projekt_tabla_infra_cs3_beklenhaz_.jpg HTTP/1.1" 200 8994 "-" "Mozilla/5.0 (compatible; YandexImages/3.0; +http://yandex.com/bots)"
66.249.66.24 - - [01/Dec/2012:22:31:27 +0100] "GET /fiok/oktatokozpont/05.JPG HTTP/1.1" 304 - "-" "Googlebot-Image/1.0"
66.249.66.37 - - [01/Dec/2012:22:32:24 +0100] "GET /jog/eseteink/korosladany/lgfobb_ugyeszseg_ujra.pdf HTTP/1.1" 200 105157 "-" "Mozilla/5.0 (compatible; Googlebot/2.1; +http://www.google.com/bot.html)"
192.188.242.163 - - [01/Dec/2012:22:51:49 +0100] "GET /jog/pub/+jog_jav.pdf HTTP/1.1" 200 321154 "http://www.google.hu/url?sa=t&rct=j&q=&esrc=s&source=web&cd=1&ved=0CC0QFjAA&url=http%3A%2F%2Fwww.beklen.hu%2Fjog%2Fpub%2F%2Bjog_jav.pdf&ei=7Xu6ULX8CYTKsgaY-oCoAw&usg=AFQjCNH6eeIljxH7nidhjTRmAJ_4qA9dwQ&sig2=LPd-lE5U06pO4kR09wwCgw" "Mozilla/5.0 (Windows NT 5.1) AppleWebKit/537.11 (KHTML, like Gecko) Chrome/23.0.1271.95 Safari/537.11"
192.188.242.163 - - [01/Dec/2012:22:51:49 +0100] "GET /jog/pub/+jog_jav.pdf HTTP/1.1" 206 32768 "http://www.beklen.hu/jog/pub/+jog_jav.pdf" "Mozilla/5.0 (Windows NT 5.1) AppleWebKit/537.11 (KHTML, like Gecko) Chrome/23.0.1271.95 Safari/537.11"
192.188.242.163 - - [01/Dec/2012:22:51:49 +0100] "GET /favicon.ico HTTP/1.1" 404 1181 "-" "Mozilla/5.0 (Windows NT 5.1) AppleWebKit/537.11 (KHTML, like Gecko) Chrome/23.0.1271.95 Safari/537.11"
192.188.242.163 - - [01/Dec/2012:22:51:49 +0100] "GET /jog/pub/+jog_jav.pdf HTTP/1.1" 206 642330 "http://www.beklen.hu/jog/pub/+jog_jav.pdf" "Mozilla/5.0 (Windows NT 5.1) AppleWebKit/537.11 (KHTML, like Gecko) Chrome/23.0.1271.95 Safari/537.11"
192.188.242.163 - - [01/Dec/2012:22:51:49 +0100] "GET /jog/pub/+jog_jav.pdf HTTP/1.1" 206 32768 "http://www.beklen.hu/jog/pub/+jog_jav.pdf" "Mozilla/5.0 (Windows NT 5.1) AppleWebKit/537.11 (KHTML, like Gecko) Chrome/23.0.1271.95 Safari/537.11"
192.188.242.163 - - [01/Dec/2012:22:51:50 +0100] "GET /jog/pub/+jog_jav.pdf HTTP/1.1" 206 32768 "http://www.beklen.hu/jog/pub/+jog_jav.pdf" "Mozilla/5.0 (Windows NT 5.1) AppleWebKit/537.11 (KHTML, like Gecko) Chrome/23.0.1271.95 Safari/537.11"
192.188.242.163 - - [01/Dec/2012:22:51:50 +0100] "GET /jog/pub/+jog_jav.pdf HTTP/1.1" 206 32768 "http://www.beklen.hu/jog/pub/+jog_jav.pdf" "Mozilla/5.0 (Windows NT 5.1) AppleWebKit/537.11 (KHTML, like Gecko) Chrome/23.0.1271.95 Safari/537.11"
192.188.242.163 - - [01/Dec/2012:22:51:50 +0100] "GET /jog/pub/+jog_jav.pdf HTTP/1.1" 206 46374 "http://www.beklen.hu/jog/pub/+jog_jav.pdf" "Mozilla/5.0 (Windows NT 5.1) AppleWebKit/537.11 (KHTML, like Gecko) Chrome/23.0.1271.95 Safari/537.11"
192.188.242.163 - - [01/Dec/2012:22:51:50 +0100] "GET /favicon.ico HTTP/1.1" 404 1181 "-" "Mozilla/5.0 (Windows NT 5.1) AppleWebKit/537.11 (KHTML, like Gecko) Chrome/23.0.1271.95 Safari/537.11"
192.188.242.163 - - [01/Dec/2012:22:52:42 +0100] "GET / HTTP/1.1" 200 23965 "http://www.google.hu/url?sa=t&rct=j&q=&esrc=s&source=web&cd=1&ved=0CC0QFjAA&url=http%3A%2F%2Fwww.beklen.hu%2F&ei=I3y6UPqCMNHHswbxgoDQCg&usg=AFQjCNEP-2laihep9vegTwNlHcl4us-iaw&sig2=Jee-UiM6opAR7wT1dx-Vfg" "Mozilla/5.0 (Windows NT 5.1) AppleWebKit/537.11 (KHTML, like Gecko) Chrome/23.0.1271.95 Safari/537.11"
192.188.242.163 - - [01/Dec/2012:22:52:43 +0100] "GET /vill.cs HTTP/1.1" 200 2676 "http://www.beklen.hu/" "Mozilla/5.0 (Windows NT 5.1) AppleWebKit/537.11 (KHTML, like Gecko) Chrome/23.0.1271.95 Safari/537.11"
192.188.242.163 - - [01/Dec/2012:22:52:43 +0100] "GET /lb/js/prototype.js HTTP/1.1" 200 47603 "http://www.beklen.hu/" "Mozilla/5.0 (Windows NT 5.1) AppleWebKit/537.11 (KHTML, like Gecko) Chrome/23.0.1271.95 Safari/537.11"
192.188.242.163 - - [01/Dec/2012:22:52:43 +0100] "GET /lb/js/scriptaculous.js?load=effects HTTP/1.1" 200 2152 "http://www.beklen.hu/" "Mozilla/5.0 (Windows NT 5.1) AppleWebKit/537.11 (KHTML, like Gecko) Chrome/23.0.1271.95 Safari/537.11"
192.188.242.163 - - [01/Dec/2012:22:52:43 +0100] "GET /lb/js/effects.js HTTP/1.1" 200 31969 "http://www.beklen.hu/" "Mozilla/5.0 (Windows NT 5.1) AppleWebKit/537.11 (KHTML, like Gecko) Chrome/23.0.1271.95 Safari/537.11"
192.188.242.163 - - [01/Dec/2012:22:52:43 +0100] "GET /lb/js/lightbox.js HTTP/1.1" 200 23424 "http://www.beklen.hu/" "Mozilla/5.0 (Windows NT 5.1) AppleWebKit/537.11 (KHTML, like Gecko) Chrome/23.0.1271.95 Safari/537.11"
192.188.242.163 - - [01/Dec/2012:22:52:44 +0100] "GET /lb/css/lightbox.css HTTP/1.1" 200 1715 "http://www.beklen.hu/" "Mozilla/5.0 (Windows NT 5.1) AppleWebKit/537.11 (KHTML, like Gecko) Chrome/23.0.1271.95 Safari/537.11"
192.188.242.163 - - [01/Dec/2012:22:52:44 +0100] "GET /bg.jpg HTTP/1.1" 200 566 "http://www.beklen.hu/" "Mozilla/5.0 (Windows NT 5.1) AppleWebKit/537.11 (KHTML, like Gecko) Chrome/23.0.1271.95 Safari/537.11"
192.188.242.163 - - [01/Dec/2012:22:52:44 +0100] "GET /tm01.jpg HTTP/1.1" 200 1080 "http://www.beklen.hu/" "Mozilla/5.0 (Windows NT 5.1) AppleWebKit/537.11 (KHTML, like Gecko) Chrome/23.0.1271.95 Safari/537.11"
192.188.242.163 - - [01/Dec/2012:22:52:44 +0100] "GET /tm03_.jpg HTTP/1.1" 200 1787 "http://www.beklen.hu/" "Mozilla/5.0 (Windows NT 5.1) AppleWebKit/537.11 (KHTML, like Gecko) Chrome/23.0.1271.95 Safari/537.11"
192.188.242.163 - - [01/Dec/2012:22:52:44 +0100] "GET /tm05_.jpg HTTP/1.1" 200 1839 "http://www.beklen.hu/" "Mozilla/5.0 (Windows NT 5.1) AppleWebKit/537.11 (KHTML, like Gecko) Chrome/23.0.1271.95 Safari/537.11"
192.188.242.163 - - [01/Dec/2012:22:52:44 +0100] "GET /tm04_.jpg HTTP/1.1" 200 2058 "http://www.beklen.hu/" "Mozilla/5.0 (Windows NT 5.1) AppleWebKit/537.11 (KHTML, like Gecko) Chrome/23.0.1271.95 Safari/537.11"
192.188.242.163 - - [01/Dec/2012:22:52:44 +0100] "GET /tm02.jpg HTTP/1.1" 200 1873 "http://www.beklen.hu/" "Mozilla/5.0 (Windows NT 5.1) AppleWebKit/537.11 (KHTML, like Gecko) Chrome/23.0.1271.95 Safari/537.11"
192.188.242.163 - - [01/Dec/2012:22:52:44 +0100] "GET /tm06_.jpg HTTP/1.1" 200 1382 "http://www.beklen.hu/" "Mozilla/5.0 (Windows NT 5.1) AppleWebKit/537.11 (KHTML, like Gecko) Chrome/23.0.1271.95 Safari/537.11"
192.188.242.163 - - [01/Dec/2012:22:52:44 +0100] "GET /tm07.jpg HTTP/1.1" 200 1007 "http://www.beklen.hu/" "Mozilla/5.0 (Windows NT 5.1) AppleWebKit/537.11 (KHTML, like Gecko) Chrome/23.0.1271.95 Safari/537.11"
192.188.242.163 - - [01/Dec/2012:22:52:44 +0100] "GET /a1_projekt_tabla_infra_cs3_beklenhaz_.jpg HTTP/1.1" 200 8994 "http://www.beklen.hu/" "Mozilla/5.0 (Windows NT 5.1) AppleWebKit/537.11 (KHTML, like Gecko) Chrome/23.0.1271.95 Safari/537.11"
192.188.242.163 - - [01/Dec/2012:22:52:44 +0100] "GET /jog_honlap_.jpg HTTP/1.1" 200 7186 "http://www.beklen.hu/" "Mozilla/5.0 (Windows NT 5.1) AppleWebKit/537.11 (KHTML, like Gecko) Chrome/23.0.1271.95 Safari/537.11"
192.188.242.163 - - [01/Dec/2012:22:52:44 +0100] "GET /uszt-tabla_.jpg HTTP/1.1" 200 4543 "http://www.beklen.hu/" "Mozilla/5.0 (Windows NT 5.1) AppleWebKit/537.11 (KHTML, like Gecko) Chrome/23.0.1271.95 Safari/537.11"
192.188.242.163 - - [01/Dec/2012:22:52:44 +0100] "GET /bottom_main.jpg HTTP/1.1" 200 96820 "http://www.beklen.hu/" "Mozilla/5.0 (Windows NT 5.1) AppleWebKit/537.11 (KHTML, like Gecko) Chrome/23.0.1271.95 Safari/537.11"
192.188.242.163 - - [01/Dec/2012:22:52:45 +0100] "GET /nimfea_project_250x250.gif HTTP/1.1" 200 2986583 "http://www.beklen.hu/" "Mozilla/5.0 (Windows NT 5.1) AppleWebKit/537.11 (KHTML, like Gecko) Chrome/23.0.1271.95 Safari/537.11"
192.188.242.163 - - [01/Dec/2012:22:52:45 +0100] "GET /tm05.jpg HTTP/1.1" 200 2253 "http://www.beklen.hu/" "Mozilla/5.0 (Windows NT 5.1) AppleWebKit/537.11 (KHTML, like Gecko) Chrome/23.0.1271.95 Safari/537.11"
192.188.242.163 - - [01/Dec/2012:22:52:45 +0100] "GET /tm06.jpg HTTP/1.1" 200 1651 "http://www.beklen.hu/" "Mozilla/5.0 (Windows NT 5.1) AppleWebKit/537.11 (KHTML, like Gecko) Chrome/23.0.1271.95 Safari/537.11"
192.188.242.163 - - [01/Dec/2012:22:52:45 +0100] "GET /lb/images/closelabel.gif HTTP/1.1" 200 222 "http://www.beklen.hu/" "Mozilla/5.0 (Windows NT 5.1) AppleWebKit/537.11 (KHTML, like Gecko) Chrome/23.0.1271.95 Safari/537.11"
192.188.242.163 - - [01/Dec/2012:22:52:45 +0100] "GET /tm03.jpg HTTP/1.1" 200 2212 "http://www.beklen.hu/" "Mozilla/5.0 (Windows NT 5.1) AppleWebKit/537.11 (KHTML, like Gecko) Chrome/23.0.1271.95 Safari/537.11"
192.188.242.163 - - [01/Dec/2012:22:52:45 +0100] "GET /lb/images/loading.gif HTTP/1.1" 200 2767 "http://www.beklen.hu/" "Mozilla/5.0 (Windows NT 5.1) AppleWebKit/537.11 (KHTML, like Gecko) Chrome/23.0.1271.95 Safari/537.11"
192.188.242.163 - - [01/Dec/2012:22:52:45 +0100] "GET /tm04.jpg HTTP/1.1" 200 2613 "http://www.beklen.hu/" "Mozilla/5.0 (Windows NT 5.1) AppleWebKit/537.11 (KHTML, like Gecko) Chrome/23.0.1271.95 Safari/537.11"
192.188.242.163 - - [01/Dec/2012:22:52:45 +0100] "GET /tm02_.jpg HTTP/1.1" 200 1524 "http://www.beklen.hu/" "Mozilla/5.0 (Windows NT 5.1) AppleWebKit/537.11 (KHTML, like Gecko) Chrome/23.0.1271.95 Safari/537.11"
192.188.242.163 - - [01/Dec/2012:22:52:45 +0100] "GET /favicon.ico HTTP/1.1" 404 1181 "-" "Mozilla/5.0 (Windows NT 5.1) AppleWebKit/537.11 (KHTML, like Gecko) Chrome/23.0.1271.95 Safari/537.11"
192.188.242.163 - - [01/Dec/2012:22:56:54 +0100] "GET /jog/jogsegely.htm HTTP/1.1" 200 14053 "http://www.google.hu/url?sa=t&rct=j&q=&esrc=s&source=web&cd=2&ved=0CDQQFjAB&url=http%3A%2F%2Fwww.beklen.hu%2Fjog%2Fjogsegely.htm&ei=In26UKn_CY_FtAaotoCIBQ&usg=AFQjCNHY-bnoUxTkkaMl2IV6hUlplhQIvg&sig2=aDcqxsohRXjHpbuJtn5ZBQ" "Mozilla/5.0 (Windows NT 5.1) AppleWebKit/537.11 (KHTML, like Gecko) Chrome/23.0.1271.95 Safari/537.11"
192.188.242.163 - - [01/Dec/2012:22:56:54 +0100] "GET /jog/style.css HTTP/1.1" 200 21413 "http://www.beklen.hu/jog/jogsegely.htm" "Mozilla/5.0 (Windows NT 5.1) AppleWebKit/537.11 (KHTML, like Gecko) Chrome/23.0.1271.95 Safari/537.11"
192.188.242.163 - - [01/Dec/2012:22:56:54 +0100] "GET /jog/jquery.js HTTP/1.1" 200 72174 "http://www.beklen.hu/jog/jogsegely.htm" "Mozilla/5.0 (Windows NT 5.1) AppleWebKit/537.11 (KHTML, like Gecko) Chrome/23.0.1271.95 Safari/537.11"
192.188.242.163 - - [01/Dec/2012:22:56:54 +0100] "GET /jog/script.js HTTP/1.1" 200 5674 "http://www.beklen.hu/jog/jogsegely.htm" "Mozilla/5.0 (Windows NT 5.1) AppleWebKit/537.11 (KHTML, like Gecko) Chrome/23.0.1271.95 Safari/537.11"
192.188.242.163 - - [01/Dec/2012:22:56:54 +0100] "GET /jog/images/nav.png HTTP/1.1" 200 10482 "http://www.beklen.hu/jog/jogsegely.htm" "Mozilla/5.0 (Windows NT 5.1) AppleWebKit/537.11 (KHTML, like Gecko) Chrome/23.0.1271.95 Safari/537.11"
192.188.242.163 - - [01/Dec/2012:22:56:54 +0100] "GET /jog/images/spacer.gif HTTP/1.1" 200 43 "http://www.beklen.hu/jog/jogsegely.htm" "Mozilla/5.0 (Windows NT 5.1) AppleWebKit/537.11 (KHTML, like Gecko) Chrome/23.0.1271.95 Safari/537.11"
192.188.242.163 - - [01/Dec/2012:22:56:54 +0100] "GET /jog/images/subitem.png HTTP/1.1" 200 81 "http://www.beklen.hu/jog/jogsegely.htm" "Mozilla/5.0 (Windows NT 5.1) AppleWebKit/537.11 (KHTML, like Gecko) Chrome/23.0.1271.95 Safari/537.11"
192.188.242.163 - - [01/Dec/2012:22:56:54 +0100] "GET /jog/images/menuitem.png HTTP/1.1" 200 20398 "http://www.beklen.hu/jog/jogsegely.htm" "Mozilla/5.0 (Windows NT 5.1) AppleWebKit/537.11 (KHTML, like Gecko) Chrome/23.0.1271.95 Safari/537.11"
192.188.242.163 - - [01/Dec/2012:22:56:54 +0100] "GET /jog/images/header.png HTTP/1.1" 200 170837 "http://www.beklen.hu/jog/jogsegely.htm" "Mozilla/5.0 (Windows NT 5.1) AppleWebKit/537.11 (KHTML, like Gecko) Chrome/23.0.1271.95 Safari/537.11"
192.188.242.163 - - [01/Dec/2012:22:56:54 +0100] "GET /jog/images/post_s.png HTTP/1.1" 200 466 "http://www.beklen.hu/jog/jogsegely.htm" "Mozilla/5.0 (Windows NT 5.1) AppleWebKit/537.11 (KHTML, like Gecko) Chrome/23.0.1271.95 Safari/537.11"
192.188.242.163 - - [01/Dec/2012:22:56:54 +0100] "GET /jog/images/post_v.png HTTP/1.1" 200 310 "http://www.beklen.hu/jog/jogsegely.htm" "Mozilla/5.0 (Windows NT 5.1) AppleWebKit/537.11 (KHTML, like Gecko) Chrome/23.0.1271.95 Safari/537.11"
192.188.242.163 - - [01/Dec/2012:22:56:54 +0100] "GET /jog/images/post_h.png HTTP/1.1" 200 292 "http://www.beklen.hu/jog/jogsegely.htm" "Mozilla/5.0 (Windows NT 5.1) AppleWebKit/537.11 (KHTML, like Gecko) Chrome/23.0.1271.95 Safari/537.11"
192.188.242.163 - - [01/Dec/2012:22:56:54 +0100] "GET /jog/images/Bottom_texture.jpg HTTP/1.1" 200 193775 "http://www.beklen.hu/jog/jogsegely.htm" "Mozilla/5.0 (Windows NT 5.1) AppleWebKit/537.11 (KHTML, like Gecko) Chrome/23.0.1271.95 Safari/537.11"
192.188.242.163 - - [01/Dec/2012:22:56:54 +0100] "GET /jog/images/post_c.png HTTP/1.1" 200 204 "http://www.beklen.hu/jog/jogsegely.htm" "Mozilla/5.0 (Windows NT 5.1) AppleWebKit/537.11 (KHTML, like Gecko) Chrome/23.0.1271.95 Safari/537.11"
192.188.242.163 - - [01/Dec/2012:22:56:54 +0100] "GET /jog/favicon.ico HTTP/1.1" 200 1150 "-" "Mozilla/5.0 (Windows NT 5.1) AppleWebKit/537.11 (KHTML, like Gecko) Chrome/23.0.1271.95 Safari/537.11"
192.188.242.163 - - [01/Dec/2012:22:57:03 +0100] "GET /jog/jogihatter.htm HTTP/1.1" 200 18691 "http://www.beklen.hu/jog/jogsegely.htm" "Mozilla/5.0 (Windows NT 5.1) AppleWebKit/537.11 (KHTML, like Gecko) Chrome/23.0.1271.95 Safari/537.11"
192.188.242.163 - - [01/Dec/2012:22:57:03 +0100] "GET /jog/img/file_pdf.png HTTP/1.1" 200 581 "http://www.beklen.hu/jog/jogihatter.htm" "Mozilla/5.0 (Windows NT 5.1) AppleWebKit/537.11 (KHTML, like Gecko) Chrome/23.0.1271.95 Safari/537.11"
192.188.242.163 - - [01/Dec/2012:22:57:03 +0100] "GET /jog/img/file_doc.png HTTP/1.1" 200 598 "http://www.beklen.hu/jog/jogihatter.htm" "Mozilla/5.0 (Windows NT 5.1) AppleWebKit/537.11 (KHTML, like Gecko) Chrome/23.0.1271.95 Safari/537.11"
192.188.242.163 - - [01/Dec/2012:22:57:03 +0100] "GET /jog/img/file_zip.png HTTP/1.1" 200 622 "http://www.beklen.hu/jog/jogihatter.htm" "Mozilla/5.0 (Windows NT 5.1) AppleWebKit/537.11 (KHTML, like Gecko) Chrome/23.0.1271.95 Safari/537.11"
192.188.242.163 - - [01/Dec/2012:22:57:15 +0100] "GET /jog/jogszabalyok/termeszetvedelmi_torveny.pdf HTTP/1.1" 200 393216 "http://www.beklen.hu/jog/jogihatter.htm" "Mozilla/5.0 (Windows NT 5.1) AppleWebKit/537.11 (KHTML, like Gecko) Chrome/23.0.1271.95 Safari/537.11"
192.188.242.163 - - [01/Dec/2012:22:57:16 +0100] "GET /favicon.ico HTTP/1.1" 404 1181 "-" "Mozilla/5.0 (Windows NT 5.1) AppleWebKit/537.11 (KHTML, like Gecko) Chrome/23.0.1271.95 Safari/537.11"
192.188.242.163 - - [01/Dec/2012:22:57:16 +0100] "GET /jog/jogszabalyok/termeszetvedelmi_torveny.pdf HTTP/1.1" 206 32768 "http://www.beklen.hu/jog/jogszabalyok/termeszetvedelmi_torveny.pdf" "Mozilla/5.0 (Windows NT 5.1) AppleWebKit/537.11 (KHTML, like Gecko) Chrome/23.0.1271.95 Safari/537.11"
192.188.242.163 - - [01/Dec/2012:22:57:16 +0100] "GET /jog/jogszabalyok/termeszetvedelmi_torveny.pdf HTTP/1.1" 206 437259 "http://www.beklen.hu/jog/jogszabalyok/termeszetvedelmi_torveny.pdf" "Mozilla/5.0 (Windows NT 5.1) AppleWebKit/537.11 (KHTML, like Gecko) Chrome/23.0.1271.95 Safari/537.11"
192.188.242.163 - - [01/Dec/2012:22:57:16 +0100] "GET /favicon.ico HTTP/1.1" 404 1181 "-" "Mozilla/5.0 (Windows NT 5.1) AppleWebKit/537.11 (KHTML, like Gecko) Chrome/23.0.1271.95 Safari/537.11"
192.188.242.163 - - [01/Dec/2012:22:57:55 +0100] "GET /jog/eseteink.htm HTTP/1.1" 200 17277 "http://www.beklen.hu/jog/jogihatter.htm" "Mozilla/5.0 (Windows NT 5.1) AppleWebKit/537.11 (KHTML, like Gecko) Chrome/23.0.1271.95 Safari/537.11"
192.188.242.163 - - [01/Dec/2012:22:57:56 +0100] "GET /jog/lb/js/prototype.js HTTP/1.1" 200 47603 "http://www.beklen.hu/jog/eseteink.htm" "Mozilla/5.0 (Windows NT 5.1) AppleWebKit/537.11 (KHTML, like Gecko) Chrome/23.0.1271.95 Safari/537.11"
192.188.242.163 - - [01/Dec/2012:22:57:56 +0100] "GET /jog/lb/js/lightbox.js HTTP/1.1" 200 23431 "http://www.beklen.hu/jog/eseteink.htm" "Mozilla/5.0 (Windows NT 5.1) AppleWebKit/537.11 (KHTML, like Gecko) Chrome/23.0.1271.95 Safari/537.11"
192.188.242.163 - - [01/Dec/2012:22:57:56 +0100] "GET /jog/lb/js/scriptaculous.js?load=effects HTTP/1.1" 200 2152 "http://www.beklen.hu/jog/eseteink.htm" "Mozilla/5.0 (Windows NT 5.1) AppleWebKit/537.11 (KHTML, like Gecko) Chrome/23.0.1271.95 Safari/537.11"
192.188.242.163 - - [01/Dec/2012:22:57:56 +0100] "GET /jog/lb/css/lightbox.css HTTP/1.1" 200 1715 "http://www.beklen.hu/jog/eseteink.htm" "Mozilla/5.0 (Windows NT 5.1) AppleWebKit/537.11 (KHTML, like Gecko) Chrome/23.0.1271.95 Safari/537.11"
192.188.242.163 - - [01/Dec/2012:22:57:56 +0100] "GET /jog/lb/js/effects.js HTTP/1.1" 200 31969 "http://www.beklen.hu/jog/eseteink.htm" "Mozilla/5.0 (Windows NT 5.1) AppleWebKit/537.11 (KHTML, like Gecko) Chrome/23.0.1271.95 Safari/537.11"
192.188.242.163 - - [01/Dec/2012:22:57:56 +0100] "GET /jog/eseteink/audi/audi%20-%20natura%202000_.jpg HTTP/1.1" 200 4882 "http://www.beklen.hu/jog/eseteink.htm" "Mozilla/5.0 (Windows NT 5.1) AppleWebKit/537.11 (KHTML, like Gecko) Chrome/23.0.1271.95 Safari/537.11"
192.188.242.163 - - [01/Dec/2012:22:57:56 +0100] "GET /jog/eseteink/autopalya/ap.jpg HTTP/1.1" 200 3947 "http://www.beklen.hu/jog/eseteink.htm" "Mozilla/5.0 (Windows NT 5.1) AppleWebKit/537.11 (KHTML, like Gecko) Chrome/23.0.1271.95 Safari/537.11"
192.188.242.163 - - [01/Dec/2012:22:57:56 +0100] "GET /jog/eseteink/malom/fotok/img_3057_.jpg HTTP/1.1" 200 6339 "http://www.beklen.hu/jog/eseteink.htm" "Mozilla/5.0 (Windows NT 5.1) AppleWebKit/537.11 (KHTML, like Gecko) Chrome/23.0.1271.95 Safari/537.11"
192.188.242.163 - - [01/Dec/2012:22:57:56 +0100] "GET /jog/eseteink/poroszlo/villa_.jpg HTTP/1.1" 200 3841 "http://www.beklen.hu/jog/eseteink.htm" "Mozilla/5.0 (Windows NT 5.1) AppleWebKit/537.11 (KHTML, like Gecko) Chrome/23.0.1271.95 Safari/537.11"
192.188.242.163 - - [01/Dec/2012:22:57:58 +0100] "GET /jog/eseteink/korosladany/kepek/img_5365__.jpg HTTP/1.1" 200 5864 "http://www.beklen.hu/jog/eseteink.htm" "Mozilla/5.0 (Windows NT 5.1) AppleWebKit/537.11 (KHTML, like Gecko) Chrome/23.0.1271.95 Safari/537.11"
192.188.242.163 - - [01/Dec/2012:22:57:58 +0100] "GET /jog/eseteink/derekegyhaza/37-433.jpg HTTP/1.1" 200 3573 "http://www.beklen.hu/jog/eseteink.htm" "Mozilla/5.0 (Windows NT 5.1) AppleWebKit/537.11 (KHTML, like Gecko) Chrome/23.0.1271.95 Safari/537.11"
192.188.242.163 - - [01/Dec/2012:22:57:58 +0100] "GET /jog/eseteink/duzzaszto/koros.jpg HTTP/1.1" 200 201463 "http://www.beklen.hu/jog/eseteink.htm" "Mozilla/5.0 (Windows NT 5.1) AppleWebKit/537.11 (KHTML, like Gecko) Chrome/23.0.1271.95 Safari/537.11"
192.188.242.163 - - [01/Dec/2012:22:57:59 +0100] "GET /jog/eseteink/dakar/k.jpg HTTP/1.1" 200 2687 "http://www.beklen.hu/jog/eseteink.htm" "Mozilla/5.0 (Windows NT 5.1) AppleWebKit/537.11 (KHTML, like Gecko) Chrome/23.0.1271.95 Safari/537.11"
192.188.242.163 - - [01/Dec/2012:22:57:59 +0100] "GET /jog/eseteink/kavicszatony/dscf0084_.jpg HTTP/1.1" 200 2611 "http://www.beklen.hu/jog/eseteink.htm" "Mozilla/5.0 (Windows NT 5.1) AppleWebKit/537.11 (KHTML, like Gecko) Chrome/23.0.1271.95 Safari/537.11"
192.188.242.163 - - [01/Dec/2012:22:59:08 +0100] "GET /jog/eseteink/poroszlo/index.htm HTTP/1.1" 200 16861 "http://www.beklen.hu/jog/eseteink.htm" "Mozilla/5.0 (Windows NT 5.1) AppleWebKit/537.11 (KHTML, like Gecko) Chrome/23.0.1271.95 Safari/537.11"
192.188.242.163 - - [01/Dec/2012:22:59:08 +0100] "GET /jog/eseteink/poroszlo/villa__.jpg HTTP/1.1" 200 7062 "http://www.beklen.hu/jog/eseteink/poroszlo/index.htm" "Mozilla/5.0 (Windows NT 5.1) AppleWebKit/537.11 (KHTML, like Gecko) Chrome/23.0.1271.95 Safari/537.11"
37.140.141.19 - - [01/Dec/2012:23:06:10 +0100] "GET /images/kvvm.jpg HTTP/1.1" 200 5375 "-" "Mozilla/5.0 (compatible; YandexImages/3.0; +http://yandex.com/bots)"
208.115.111.68 - - [01/Dec/2012:23:12:21 +0100] "GET /magunkrol.htm HTTP/1.1" 200 9202 "-" "Mozilla/5.0 (compatible; Ezooms/1.0; ezooms.bot@gmail.com)"
208.115.113.84 - - [01/Dec/2012:23:13:03 +0100] "GET /robots.txt HTTP/1.1" 404 1181 "-" "Mozilla/5.0 (compatible; Ezooms/1.0; ezooms.bot@gmail.com)"
37.140.141.19 - - [01/Dec/2012:23:41:45 +0100] "GET /jog_honlap_.jpg HTTP/1.1" 200 7186 "-" "Mozilla/5.0 (compatible; YandexImages/3.0; +http://yandex.com/bots)"
130.83.167.153 - - [01/Dec/2012:23:46:04 +0100] "GET /deutsch/stellen.htm HTTP/1.1" 200 6824 "-" "findlinks/2.6 (+http://wortschatz.uni-leipzig.de/findlinks/)"
139.18.2.209 - - [01/Dec/2012:23:57:31 +0100] "GET /khb.htm HTTP/1.1" 200 8719 "-" "findlinks/2.6 (+http://wortschatz.uni-leipzig.de/findlinks/)"
66.249.66.24 - - [01/Dec/2012:23:59:24 +0100] "GET /jog/eseteink/malom/fotok/img_3067.jpg HTTP/1.1" 304 - "-" "Googlebot-Image/1.0"
37.140.141.19 - - [02/Dec/2012:00:15:27 +0100] "GET /hirek/090510/szuletesunnepe075.jpg HTTP/1.1" 200 63297 "-" "Mozilla/5.0 (compatible; YandexImages/3.0; +http://yandex.com/bots)"
66.249.66.37 - - [02/Dec/2012:00:28:50 +0100] "GET /jog/pub/rally_kiadvany_mtvsz.pdf HTTP/1.1" 304 - "-" "Mozilla/5.0 (compatible; Googlebot/2.1; +http://www.google.com/bot.html)"
66.249.66.37 - - [02/Dec/2012:00:31:00 +0100] "GET /jog/jogszabalyok/2011_clxxv.pdf HTTP/1.1" 304 - "-" "Mozilla/5.0 (compatible; Googlebot/2.1; +http://www.google.com/bot.html)"
37.140.141.19 - - [02/Dec/2012:00:48:41 +0100] "GET /deutsch/d02.jpg HTTP/1.1" 200 1339 "-" "Mozilla/5.0 (compatible; YandexImages/3.0; +http://yandex.com/bots)"
208.115.113.84 - - [02/Dec/2012:00:51:36 +0100] "GET /english/introduction.htm HTTP/1.1" 200 6502 "-" "Mozilla/5.0 (compatible; Ezooms/1.0; ezooms.bot@gmail.com)"
173.199.119.35 - - [02/Dec/2012:00:58:08 +0100] "GET /robots.txt HTTP/1.1" 404 1181 "-" "Mozilla/5.0 (compatible; AhrefsBot/4.0; +http://ahrefs.com/robot/)"
208.115.111.68 - - [02/Dec/2012:01:05:51 +0100] "GET /robots.txt HTTP/1.1" 404 1181 "-" "Mozilla/5.0 (compatible; Ezooms/1.0; ezooms.bot@gmail.com)"
37.140.141.19 - - [02/Dec/2012:01:24:25 +0100] "GET /images/nca_logo.jpg HTTP/1.1" 200 4244 "-" "Mozilla/5.0 (compatible; YandexImages/3.0; +http://yandex.com/bots)"
216.55.161.149 - - [02/Dec/2012:01:56:53 +0100] "GET / HTTP/1.1" 200 23965 "-" "Mozilla/5.0 (Windows NT 6.1; rv:14.0) Gecko/20100101 Firefox/14.0.1"
