66.249.76.11 - - [08/Dec/2012:13:07:01 +0100] "GET /jog/ugyeszsegek.htm HTTP/1.1" 200 13810 "-" "Mozilla/5.0 (compatible; Googlebot/2.1; +http://www.google.com/bot.html)"
208.115.111.68 - - [08/Dec/2012:13:21:00 +0100] "GET /robots.txt HTTP/1.1" 404 1181 "-" "Mozilla/5.0 (compatible; Ezooms/1.0; ezooms.bot@gmail.com)"
82.192.74.116 - - [08/Dec/2012:13:30:14 +0100] "GET / HTTP/1.1" 200 23965 "-" "Mozilla/5.0 (compatible; Dataprovider Site Explorer; http://www.dataprovider.com/)"
82.192.74.116 - - [08/Dec/2012:13:30:18 +0100] "GET /robots.txt HTTP/1.1" 404 1181 "-" "Mozilla/5.0 (compatible; Dataprovider Site Explorer; http://www.dataprovider.com/)"
82.192.74.116 - - [08/Dec/2012:13:30:18 +0100] "GET /sitemap.xml HTTP/1.1" 404 1181 "-" "Mozilla/5.0 (compatible; Dataprovider Site Explorer; http://www.dataprovider.com/)"
82.192.74.116 - - [08/Dec/2012:13:30:18 +0100] "GET / HTTP/1.1" 200 23965 "-" "Mozilla/5.0 (compatible; Dataprovider Site Explorer; http://www.dataprovider.com/)"
82.192.74.116 - - [08/Dec/2012:13:30:30 +0100] "GET /kapcsolat.htm HTTP/1.1" 200 6889 "-" "Mozilla/5.0 (compatible; Dataprovider Site Explorer; http://www.dataprovider.com/)"
82.192.74.116 - - [08/Dec/2012:13:30:38 +0100] "GET /hirek/hirek120120.htm HTTP/1.1" 200 6634 "-" "Mozilla/5.0 (compatible; Dataprovider Site Explorer; http://www.dataprovider.com/)"
82.192.74.116 - - [08/Dec/2012:13:30:45 +0100] "GET /hirek/hirek091221.htm HTTP/1.1" 200 6740 "-" "Mozilla/5.0 (compatible; Dataprovider Site Explorer; http://www.dataprovider.com/)"
82.192.74.116 - - [08/Dec/2012:13:30:53 +0100] "GET /english/index.htm HTTP/1.1" 200 5262 "-" "Mozilla/5.0 (compatible; Dataprovider Site Explorer; http://www.dataprovider.com/)"
82.192.74.116 - - [08/Dec/2012:13:31:01 +0100] "GET /hirek/hirek101025.htm HTTP/1.1" 200 8786 "-" "Mozilla/5.0 (compatible; Dataprovider Site Explorer; http://www.dataprovider.com/)"
82.192.74.116 - - [08/Dec/2012:13:31:08 +0100] "GET /deutsch/index.htm HTTP/1.1" 200 5324 "-" "Mozilla/5.0 (compatible; Dataprovider Site Explorer; http://www.dataprovider.com/)"
82.192.74.116 - - [08/Dec/2012:13:31:15 +0100] "GET /fiok/index.html HTTP/1.1" 200 20554 "-" "Mozilla/5.0 (compatible; Dataprovider Site Explorer; http://www.dataprovider.com/)"
82.192.74.116 - - [08/Dec/2012:13:31:24 +0100] "GET /hirek/hirek100225.htm HTTP/1.1" 200 7288 "-" "Mozilla/5.0 (compatible; Dataprovider Site Explorer; http://www.dataprovider.com/)"
82.192.74.116 - - [08/Dec/2012:13:31:30 +0100] "GET /hirek/hirek091102.htm HTTP/1.1" 200 8538 "-" "Mozilla/5.0 (compatible; Dataprovider Site Explorer; http://www.dataprovider.com/)"
82.192.74.116 - - [08/Dec/2012:13:31:36 +0100] "GET /hirek/hirek100804.htm HTTP/1.1" 200 8056 "-" "Mozilla/5.0 (compatible; Dataprovider Site Explorer; http://www.dataprovider.com/)"
82.192.74.116 - - [08/Dec/2012:13:31:43 +0100] "GET /hirarchivum.htm HTTP/1.1" 200 24981 "-" "Mozilla/5.0 (compatible; Dataprovider Site Explorer; http://www.dataprovider.com/)"
82.192.74.116 - - [08/Dec/2012:13:31:46 +0100] "GET /hirek/hirek100420.htm HTTP/1.1" 200 7914 "-" "Mozilla/5.0 (compatible; Dataprovider Site Explorer; http://www.dataprovider.com/)"
82.192.74.116 - - [08/Dec/2012:13:31:47 +0100] "GET /jog HTTP/1.1" 301 311 "-" "Mozilla/5.0 (compatible; Dataprovider Site Explorer; http://www.dataprovider.com/)"
82.192.74.116 - - [08/Dec/2012:13:31:47 +0100] "GET /hirek/hirek100305.htm HTTP/1.1" 200 7091 "-" "Mozilla/5.0 (compatible; Dataprovider Site Explorer; http://www.dataprovider.com/)"
82.192.74.116 - - [08/Dec/2012:13:31:49 +0100] "GET /media.htm HTTP/1.1" 200 5208 "-" "Mozilla/5.0 (compatible; Dataprovider Site Explorer; http://www.dataprovider.com/)"
82.192.74.116 - - [08/Dec/2012:13:31:49 +0100] "GET /hirek/hirek100810.htm HTTP/1.1" 200 8123 "-" "Mozilla/5.0 (compatible; Dataprovider Site Explorer; http://www.dataprovider.com/)"
82.192.74.116 - - [08/Dec/2012:13:31:50 +0100] "GET /programok.htm HTTP/1.1" 200 6444 "-" "Mozilla/5.0 (compatible; Dataprovider Site Explorer; http://www.dataprovider.com/)"
82.192.74.116 - - [08/Dec/2012:13:31:51 +0100] "GET /hirek/hirek120207.htm HTTP/1.1" 200 6586 "-" "Mozilla/5.0 (compatible; Dataprovider Site Explorer; http://www.dataprovider.com/)"
82.192.74.116 - - [08/Dec/2012:13:31:52 +0100] "GET /vill.cs HTTP/1.1" 200 2676 "-" "Mozilla/5.0 (compatible; Dataprovider Site Explorer; http://www.dataprovider.com/)"
82.192.74.116 - - [08/Dec/2012:13:31:52 +0100] "GET /hirek/hirek091015.htm HTTP/1.1" 200 7046 "-" "Mozilla/5.0 (compatible; Dataprovider Site Explorer; http://www.dataprovider.com/)"
82.192.74.116 - - [08/Dec/2012:13:31:53 +0100] "GET /magunkrol.htm HTTP/1.1" 200 9202 "-" "Mozilla/5.0 (compatible; Dataprovider Site Explorer; http://www.dataprovider.com/)"
82.192.74.116 - - [08/Dec/2012:13:31:53 +0100] "GET /hirek/hirek100728.htm HTTP/1.1" 200 7560 "-" "Mozilla/5.0 (compatible; Dataprovider Site Explorer; http://www.dataprovider.com/)"
82.192.74.116 - - [08/Dec/2012:13:31:54 +0100] "GET /hirek/hirek101027.htm HTTP/1.1" 200 9627 "-" "Mozilla/5.0 (compatible; Dataprovider Site Explorer; http://www.dataprovider.com/)"
82.192.74.116 - - [08/Dec/2012:13:31:55 +0100] "GET /hirek/hirek101213.htm HTTP/1.1" 200 8671 "-" "Mozilla/5.0 (compatible; Dataprovider Site Explorer; http://www.dataprovider.com/)"
82.192.74.116 - - [08/Dec/2012:13:31:55 +0100] "GET /hirek/hirek091103.htm HTTP/1.1" 200 7301 "-" "Mozilla/5.0 (compatible; Dataprovider Site Explorer; http://www.dataprovider.com/)"
82.192.74.116 - - [08/Dec/2012:13:31:56 +0100] "GET /index.htm HTTP/1.1" 200 23965 "-" "Mozilla/5.0 (compatible; Dataprovider Site Explorer; http://www.dataprovider.com/)"
82.192.74.116 - - [08/Dec/2012:13:31:57 +0100] "GET /english/programs.htm HTTP/1.1" 200 5614 "-" "Mozilla/5.0 (compatible; Dataprovider Site Explorer; http://www.dataprovider.com/)"
82.192.74.116 - - [08/Dec/2012:13:31:58 +0100] "GET /english/contact.htm HTTP/1.1" 200 4601 "-" "Mozilla/5.0 (compatible; Dataprovider Site Explorer; http://www.dataprovider.com/)"
82.192.74.116 - - [08/Dec/2012:13:31:58 +0100] "GET /english/introduction.htm HTTP/1.1" 200 6502 "-" "Mozilla/5.0 (compatible; Dataprovider Site Explorer; http://www.dataprovider.com/)"
82.192.74.116 - - [08/Dec/2012:13:31:59 +0100] "GET /hirek/fiok/index.html HTTP/1.1" 404 1181 "-" "Mozilla/5.0 (compatible; Dataprovider Site Explorer; http://www.dataprovider.com/)"
82.192.74.116 - - [08/Dec/2012:13:31:59 +0100] "GET /deutsch/stellen.htm HTTP/1.1" 200 6824 "-" "Mozilla/5.0 (compatible; Dataprovider Site Explorer; http://www.dataprovider.com/)"
82.192.74.116 - - [08/Dec/2012:13:31:59 +0100] "GET /deutsch/kontakt.htm HTTP/1.1" 200 4769 "-" "Mozilla/5.0 (compatible; Dataprovider Site Explorer; http://www.dataprovider.com/)"
82.192.74.116 - - [08/Dec/2012:13:32:00 +0100] "GET /deutsch/programme.htm HTTP/1.1" 200 6045 "-" "Mozilla/5.0 (compatible; Dataprovider Site Explorer; http://www.dataprovider.com/)"
82.192.74.116 - - [08/Dec/2012:13:32:01 +0100] "GET /fiok/fiok.html HTTP/1.1" 200 20723 "-" "Mozilla/5.0 (compatible; Dataprovider Site Explorer; http://www.dataprovider.com/)"
82.192.74.116 - - [08/Dec/2012:13:32:01 +0100] "GET /fiok/ HTTP/1.1" 200 20554 "-" "Mozilla/5.0 (compatible; Dataprovider Site Explorer; http://www.dataprovider.com/)"
82.192.74.116 - - [08/Dec/2012:13:32:03 +0100] "GET /fiok/gazdasag.htm HTTP/1.1" 200 22480 "-" "Mozilla/5.0 (compatible; Dataprovider Site Explorer; http://www.dataprovider.com/)"
82.192.74.116 - - [08/Dec/2012:13:32:04 +0100] "GET /fiok/programok.htm HTTP/1.1" 200 18165 "-" "Mozilla/5.0 (compatible; Dataprovider Site Explorer; http://www.dataprovider.com/)"
82.192.74.116 - - [08/Dec/2012:13:32:06 +0100] "GET /fiok/mult.htm HTTP/1.1" 200 23227 "-" "Mozilla/5.0 (compatible; Dataprovider Site Explorer; http://www.dataprovider.com/)"
82.192.74.116 - - [08/Dec/2012:13:32:08 +0100] "GET /fiok/kornyezet.htm HTTP/1.1" 200 22582 "-" "Mozilla/5.0 (compatible; Dataprovider Site Explorer; http://www.dataprovider.com/)"
82.192.74.116 - - [08/Dec/2012:13:32:10 +0100] "GET /fiok/kapcsolat.htm HTTP/1.1" 200 17416 "-" "Mozilla/5.0 (compatible; Dataprovider Site Explorer; http://www.dataprovider.com/)"
82.192.74.116 - - [08/Dec/2012:13:32:11 +0100] "GET /fiok/news.html HTTP/1.1" 404 1181 "-" "Mozilla/5.0 (compatible; Dataprovider Site Explorer; http://www.dataprovider.com/)"
82.192.74.116 - - [08/Dec/2012:13:32:11 +0100] "GET /hirek/hirek08_10.htm HTTP/1.1" 200 7030 "-" "Mozilla/5.0 (compatible; Dataprovider Site Explorer; http://www.dataprovider.com/)"
82.192.74.116 - - [08/Dec/2012:13:32:12 +0100] "GET /hirek08_12.htm HTTP/1.1" 200 8268 "-" "Mozilla/5.0 (compatible; Dataprovider Site Explorer; http://www.dataprovider.com/)"
82.192.74.116 - - [08/Dec/2012:13:32:12 +0100] "GET /hirek08_10.htm HTTP/1.1" 200 6946 "-" "Mozilla/5.0 (compatible; Dataprovider Site Explorer; http://www.dataprovider.com/)"
82.192.74.116 - - [08/Dec/2012:13:32:13 +0100] "GET /hirek09_02.htm HTTP/1.1" 200 7450 "-" "Mozilla/5.0 (compatible; Dataprovider Site Explorer; http://www.dataprovider.com/)"
82.192.74.116 - - [08/Dec/2012:13:32:14 +0100] "GET /hirek/hirek09_02.htm HTTP/1.1" 200 7534 "-" "Mozilla/5.0 (compatible; Dataprovider Site Explorer; http://www.dataprovider.com/)"
82.192.74.116 - - [08/Dec/2012:13:32:14 +0100] "GET /hirek/hirek08_12.htm HTTP/1.1" 200 8352 "-" "Mozilla/5.0 (compatible; Dataprovider Site Explorer; http://www.dataprovider.com/)"
82.192.74.116 - - [08/Dec/2012:13:32:15 +0100] "GET /hirek/hirek090215.htm HTTP/1.1" 200 9398 "-" "Mozilla/5.0 (compatible; Dataprovider Site Explorer; http://www.dataprovider.com/)"
82.192.74.116 - - [08/Dec/2012:13:32:16 +0100] "GET /hirek09_01.htm HTTP/1.1" 200 6841 "-" "Mozilla/5.0 (compatible; Dataprovider Site Explorer; http://www.dataprovider.com/)"
66.249.76.62 - - [08/Dec/2012:13:38:17 +0100] "GET /jog/jogszabalyok/7217_1997_kozhasznu.pdf HTTP/1.1" 200 330146 "-" "Mozilla/5.0 (compatible; Googlebot/2.1; +http://www.google.com/bot.html)"
66.249.76.11 - - [08/Dec/2012:13:38:19 +0100] "GET /jog/publikaciok.htm HTTP/1.1" 200 17866 "-" "Mozilla/5.0 (compatible; Googlebot/2.1; +http://www.google.com/bot.html)"
66.249.76.11 - - [08/Dec/2012:14:01:45 +0100] "GET /jog/eljarasokrol.htm HTTP/1.1" 200 14427 "-" "Mozilla/5.0 (compatible; Googlebot/2.1; +http://www.google.com/bot.html)"
178.154.210.252 - - [08/Dec/2012:14:15:13 +0100] "GET /robots.txt HTTP/1.1" 404 1181 "-" "Mozilla/5.0 (compatible; YandexBot/3.0; +http://yandex.com/bots)"
178.154.210.252 - - [08/Dec/2012:14:39:13 +0100] "GET /khb/beklen_2002_kh_jelentes.pdf HTTP/1.1" 200 92327 "-" "Mozilla/5.0 (compatible; YandexBot/3.0; +http://yandex.com/bots)"
178.154.210.252 - - [08/Dec/2012:14:42:48 +0100] "GET /kiadvanyok.htm HTTP/1.1" 200 8206 "-" "Mozilla/5.0 (compatible; YandexBot/3.0; +http://yandex.com/bots)"
178.154.210.252 - - [08/Dec/2012:14:42:50 +0100] "GET /jog/tippek.htm HTTP/1.1" 200 13697 "-" "Mozilla/5.0 (compatible; YandexBot/3.0; +http://yandex.com/bots)"
178.154.210.252 - - [08/Dec/2012:14:42:53 +0100] "GET /jog/slapp.htm HTTP/1.1" 200 21314 "-" "Mozilla/5.0 (compatible; YandexBot/3.0; +http://yandex.com/bots)"
178.154.210.252 - - [08/Dec/2012:14:42:55 +0100] "GET /fiok/program_reszek/konferancia.htm HTTP/1.1" 200 21668 "-" "Mozilla/5.0 (compatible; YandexBot/3.0; +http://yandex.com/bots)"
178.154.210.252 - - [08/Dec/2012:14:42:57 +0100] "GET /jog/adathozzaferes.htm HTTP/1.1" 200 13800 "-" "Mozilla/5.0 (compatible; YandexBot/3.0; +http://yandex.com/bots)"
178.154.210.252 - - [08/Dec/2012:14:45:34 +0100] "GET /hirek09_01.htm HTTP/1.1" 200 6841 "-" "Mozilla/5.0 (compatible; YandexBot/3.0; +http://yandex.com/bots)"
178.154.210.252 - - [08/Dec/2012:14:45:36 +0100] "GET /jog/eseteink/poroszlo/index.htm HTTP/1.1" 200 16861 "-" "Mozilla/5.0 (compatible; YandexBot/3.0; +http://yandex.com/bots)"
66.249.76.11 - - [08/Dec/2012:14:47:11 +0100] "GET /robots.txt HTTP/1.1" 404 1181 "-" "Mozilla/5.0 (compatible; Googlebot/2.1; +http://www.google.com/bot.html)"
66.249.76.11 - - [08/Dec/2012:14:47:11 +0100] "GET /jog/tarseljarasok.htm HTTP/1.1" 200 13316 "-" "Mozilla/5.0 (compatible; Googlebot/2.1; +http://www.google.com/bot.html)"
178.154.210.252 - - [08/Dec/2012:14:47:21 +0100] "GET /jog/eseteink/dakar/index.htm HTTP/1.1" 200 10482 "-" "Mozilla/5.0 (compatible; YandexBot/3.0; +http://yandex.com/bots)"
178.154.210.252 - - [08/Dec/2012:14:47:24 +0100] "GET /nca10.htm HTTP/1.1" 200 16648 "-" "Mozilla/5.0 (compatible; YandexBot/3.0; +http://yandex.com/bots)"
178.154.210.252 - - [08/Dec/2012:14:47:26 +0100] "GET /fiok/program_reszek/lovaglas.htm HTTP/1.1" 200 21486 "-" "Mozilla/5.0 (compatible; YandexBot/3.0; +http://yandex.com/bots)"
178.154.210.252 - - [08/Dec/2012:14:47:28 +0100] "GET /hirek08_12.htm HTTP/1.1" 200 8268 "-" "Mozilla/5.0 (compatible; YandexBot/3.0; +http://yandex.com/bots)"
178.154.210.252 - - [08/Dec/2012:14:47:31 +0100] "GET /jog/eseteink/kavicszatony/index.htm HTTP/1.1" 200 16432 "-" "Mozilla/5.0 (compatible; YandexBot/3.0; +http://yandex.com/bots)"
178.255.215.69 - - [08/Dec/2012:14:48:21 +0100] "GET /robots.txt HTTP/1.1" 404 1181 "-" "Mozilla/5.0 (compatible; Exabot/3.0; +http://www.exabot.com/go/robot)"
178.255.215.69 - - [08/Dec/2012:14:48:21 +0100] "GET /vill.cs HTTP/1.1" 304 - "-" "Mozilla/5.0 (compatible; Exabot/3.0; +http://www.exabot.com/go/robot)"
66.249.76.62 - - [08/Dec/2012:14:55:15 +0100] "GET /nca09.htm HTTP/1.1" 304 - "-" "Mozilla/5.0 (compatible; Googlebot/2.1; +http://www.google.com/bot.html)"
178.154.210.252 - - [08/Dec/2012:14:57:33 +0100] "GET /jog/zoldombudsman.htm HTTP/1.1" 200 13369 "-" "Mozilla/5.0 (compatible; YandexBot/3.0; +http://yandex.com/bots)"
91.188.97.195 - - [08/Dec/2012:15:06:51 +0100] "GET / HTTP/1.1" 200 23965 "-" "Java/1.6.0_04"
91.188.97.195 - - [08/Dec/2012:15:06:51 +0100] "GET /hirarchivum.htm HTTP/1.1" 200 24981 "-" "Java/1.6.0_04"
91.188.97.195 - - [08/Dec/2012:15:06:52 +0100] "GET /index.htm HTTP/1.1" 200 23965 "-" "Java/1.6.0_04"
91.188.97.195 - - [08/Dec/2012:15:06:52 +0100] "GET /kapcsolat.htm HTTP/1.1" 200 6889 "-" "Java/1.6.0_04"
91.188.97.195 - - [08/Dec/2012:15:06:52 +0100] "GET /magunkrol.htm HTTP/1.1" 200 9202 "-" "Java/1.6.0_04"
91.188.97.195 - - [08/Dec/2012:15:06:52 +0100] "GET /media.htm HTTP/1.1" 200 5208 "-" "Java/1.6.0_04"
91.188.97.195 - - [08/Dec/2012:15:06:52 +0100] "GET /programok.htm HTTP/1.1" 200 6444 "-" "Java/1.6.0_04"
91.188.97.195 - - [08/Dec/2012:15:06:52 +0100] "GET /vill.cs HTTP/1.1" 200 2676 "-" "Java/1.6.0_04"
91.188.97.195 - - [08/Dec/2012:15:06:52 +0100] "GET /hirek08_10.htm HTTP/1.1" 200 6946 "-" "Java/1.6.0_04"
91.188.97.195 - - [08/Dec/2012:15:06:52 +0100] "GET /hirek08_11.htm HTTP/1.1" 200 7253 "-" "Java/1.6.0_04"
91.188.97.195 - - [08/Dec/2012:15:06:52 +0100] "GET /hirek08_12.htm HTTP/1.1" 200 8268 "-" "Java/1.6.0_04"
91.188.97.195 - - [08/Dec/2012:15:06:53 +0100] "GET /hirek09_01.htm HTTP/1.1" 200 6841 "-" "Java/1.6.0_04"
91.188.97.195 - - [08/Dec/2012:15:06:53 +0100] "GET /hirek09_02.htm HTTP/1.1" 200 7450 "-" "Java/1.6.0_04"
91.188.97.195 - - [08/Dec/2012:15:06:53 +0100] "GET /hirek09_03.htm HTTP/1.1" 200 10726 "-" "Java/1.6.0_04"
91.188.97.195 - - [08/Dec/2012:15:06:53 +0100] "GET /&url=kapcsolat.htm HTTP/1.1" 404 1181 "-" "Java/1.6.0_04"
91.188.97.195 - - [08/Dec/2012:15:06:53 +0100] "GET /&url=programok.htm HTTP/1.1" 404 1181 "-" "Java/1.6.0_04"
91.188.97.195 - - [08/Dec/2012:15:06:53 +0100] "GET /&url=adomanyi.htm HTTP/1.1" 404 1181 "-" "Java/1.6.0_04"
91.188.97.195 - - [08/Dec/2012:15:06:53 +0100] "GET /bunt.htm HTTP/1.1" 200 5683 "-" "Java/1.6.0_04"
91.188.97.195 - - [08/Dec/2012:15:06:53 +0100] "GET /civilmuhely.htm HTTP/1.1" 200 8450 "-" "Java/1.6.0_04"
91.188.97.195 - - [08/Dec/2012:15:06:53 +0100] "GET /khb.htm HTTP/1.1" 200 8719 "-" "Java/1.6.0_04"
91.188.97.195 - - [08/Dec/2012:15:06:53 +0100] "GET /nca.htm HTTP/1.1" 200 7467 "-" "Java/1.6.0_04"
91.188.97.195 - - [08/Dec/2012:15:06:54 +0100] "GET /ncta.htm HTTP/1.1" 200 7221 "-" "Java/1.6.0_04"
91.188.97.195 - - [08/Dec/2012:15:06:54 +0100] "GET /nka.htm HTTP/1.1" 200 6221 "-" "Java/1.6.0_04"
91.188.97.195 - - [08/Dec/2012:15:06:54 +0100] "GET /szakmai.htm HTTP/1.1" 200 6054 "-" "Java/1.6.0_04"
91.188.97.195 - - [08/Dec/2012:15:06:54 +0100] "GET /ncta_a.htm HTTP/1.1" 200 7260 "-" "Java/1.6.0_04"
91.188.97.195 - - [08/Dec/2012:15:06:54 +0100] "GET /&url=civilmuhely.htm HTTP/1.1" 404 1181 "-" "Java/1.6.0_04"
91.188.97.195 - - [08/Dec/2012:15:06:54 +0100] "GET /&url=magunkrol.htm HTTP/1.1" 404 1181 "-" "Java/1.6.0_04"
91.188.97.195 - - [08/Dec/2012:15:06:54 +0100] "GET /nca04.htm HTTP/1.1" 200 16378 "-" "Java/1.6.0_04"
91.188.97.195 - - [08/Dec/2012:15:06:54 +0100] "GET /nca05.htm HTTP/1.1" 200 16412 "-" "Java/1.6.0_04"
91.188.97.195 - - [08/Dec/2012:15:06:54 +0100] "GET /nca06.htm HTTP/1.1" 200 19034 "-" "Java/1.6.0_04"
91.188.97.195 - - [08/Dec/2012:15:06:55 +0100] "GET /nca07.htm HTTP/1.1" 200 21968 "-" "Java/1.6.0_04"
91.188.97.195 - - [08/Dec/2012:15:06:55 +0100] "GET /nca08.htm HTTP/1.1" 200 21795 "-" "Java/1.6.0_04"
91.188.97.195 - - [08/Dec/2012:15:06:55 +0100] "GET /nca09.htm HTTP/1.1" 200 24315 "-" "Java/1.6.0_04"
91.188.97.195 - - [08/Dec/2012:15:06:56 +0100] "GET /nca10.htm HTTP/1.1" 200 16648 "-" "Java/1.6.0_04"
91.188.97.195 - - [08/Dec/2012:15:06:56 +0100] "GET /nca11.htm HTTP/1.1" 200 7133 "-" "Java/1.6.0_04"
91.188.97.195 - - [08/Dec/2012:15:06:56 +0100] "GET /kiadvanyok.htm HTTP/1.1" 200 8206 "-" "Java/1.6.0_04"
91.188.97.195 - - [08/Dec/2012:15:06:56 +0100] "GET /deutsch/index.htm HTTP/1.1" 200 5324 "-" "Java/1.6.0_04"
91.188.97.195 - - [08/Dec/2012:15:06:56 +0100] "GET /english/index.htm HTTP/1.1" 200 5262 "-" "Java/1.6.0_04"
91.188.97.195 - - [08/Dec/2012:15:06:57 +0100] "GET /fiok/index.html HTTP/1.1" 200 20554 "-" "Java/1.6.0_04"
91.188.97.195 - - [08/Dec/2012:15:06:58 +0100] "GET /hirek/hirek091015.htm HTTP/1.1" 200 7046 "-" "Java/1.6.0_04"
91.188.97.195 - - [08/Dec/2012:15:06:58 +0100] "GET /hirek/hirek091102.htm HTTP/1.1" 200 8538 "-" "Java/1.6.0_04"
91.188.97.195 - - [08/Dec/2012:15:06:58 +0100] "GET /hirek/hirek091103.htm HTTP/1.1" 200 7301 "-" "Java/1.6.0_04"
91.188.97.195 - - [08/Dec/2012:15:06:58 +0100] "GET /hirek/hirek091221.htm HTTP/1.1" 200 6740 "-" "Java/1.6.0_04"
91.188.97.195 - - [08/Dec/2012:15:06:58 +0100] "GET /hirek/hirek100225.htm HTTP/1.1" 200 7288 "-" "Java/1.6.0_04"
66.249.76.11 - - [08/Dec/2012:15:12:25 +0100] "GET /jog/zoldombudsman.htm HTTP/1.1" 200 13369 "-" "Mozilla/5.0 (compatible; Googlebot/2.1; +http://www.google.com/bot.html)"
66.249.76.11 - - [08/Dec/2012:15:32:54 +0100] "GET /jog/adathozzaferes.htm HTTP/1.1" 200 13800 "-" "Mozilla/5.0 (compatible; Googlebot/2.1; +http://www.google.com/bot.html)"
178.154.210.252 - - [08/Dec/2012:15:33:15 +0100] "GET /fiok/program_reszek/madarmegfigyeles.htm HTTP/1.1" 200 21825 "-" "Mozilla/5.0 (compatible; YandexBot/3.0; +http://yandex.com/bots)"
66.249.76.62 - - [08/Dec/2012:15:34:03 +0100] "GET / HTTP/1.1" 200 23965 "-" "Mozilla/5.0 (compatible; Googlebot/2.1; +http://www.google.com/bot.html)"
178.154.210.252 - - [08/Dec/2012:15:46:04 +0100] "GET /fiok/program_reszek/csaladbarat.htm HTTP/1.1" 200 20928 "-" "Mozilla/5.0 (compatible; YandexBot/3.0; +http://yandex.com/bots)"
208.115.111.68 - - [08/Dec/2012:16:03:35 +0100] "GET /jog/eseteink/derekegyhaza/eseteink/derekegyhaza/index.htm HTTP/1.1" 404 1181 "-" "Mozilla/5.0 (compatible; Ezooms/1.0; ezooms.bot@gmail.com)"
66.249.76.11 - - [08/Dec/2012:16:18:01 +0100] "GET /jog/tapasztalatszerzok.htm HTTP/1.1" 200 12148 "-" "Mozilla/5.0 (compatible; Googlebot/2.1; +http://www.google.com/bot.html)"
84.0.96.95 - - [08/Dec/2012:16:23:24 +0100] "GET /fiok/kornyezet.htm HTTP/1.1" 200 22582 "http://www.google.hu/url?sa=t&rct=j&q=&esrc=s&source=web&cd=3&ved=0CDYQFjAC&url=http%3A%2F%2Fwww.beklen.hu%2Ffiok%2Fkornyezet.htm&ei=WVfDUKyRJKj34QS98YCICQ&usg=AFQjCNFZMSU5d1bFuqWM4ea3Ca4-zGAufg" "Mozilla/5.0 (Windows NT 5.1; rv:17.0) Gecko/20100101 Firefox/17.0"
84.0.96.95 - - [08/Dec/2012:16:23:24 +0100] "GET /fiok/css/lightbox.css HTTP/1.1" 200 1715 "http://www.beklen.hu/fiok/kornyezet.htm" "Mozilla/5.0 (Windows NT 5.1; rv:17.0) Gecko/20100101 Firefox/17.0"
84.0.96.95 - - [08/Dec/2012:16:23:24 +0100] "GET /fiok/css/js/scriptaculous.js?load=effects HTTP/1.1" 200 2152 "http://www.beklen.hu/fiok/kornyezet.htm" "Mozilla/5.0 (Windows NT 5.1; rv:17.0) Gecko/20100101 Firefox/17.0"
84.0.96.95 - - [08/Dec/2012:16:23:24 +0100] "GET /fiok/css/js/lightbox.js HTTP/1.1" 200 23424 "http://www.beklen.hu/fiok/kornyezet.htm" "Mozilla/5.0 (Windows NT 5.1; rv:17.0) Gecko/20100101 Firefox/17.0"
84.0.96.95 - - [08/Dec/2012:16:23:24 +0100] "GET /fiok/images/index_02_02.JPG HTTP/1.1" 200 1178 "http://www.beklen.hu/fiok/kornyezet.htm" "Mozilla/5.0 (Windows NT 5.1; rv:17.0) Gecko/20100101 Firefox/17.0"
84.0.96.95 - - [08/Dec/2012:16:23:24 +0100] "GET /fiok/images/index_11.gif HTTP/1.1" 200 74 "http://www.beklen.hu/fiok/kornyezet.htm" "Mozilla/5.0 (Windows NT 5.1; rv:17.0) Gecko/20100101 Firefox/17.0"
84.0.96.95 - - [08/Dec/2012:16:23:24 +0100] "GET /fiok/css/js/prototype.js HTTP/1.1" 200 47603 "http://www.beklen.hu/fiok/kornyezet.htm" "Mozilla/5.0 (Windows NT 5.1; rv:17.0) Gecko/20100101 Firefox/17.0"
84.0.96.95 - - [08/Dec/2012:16:23:24 +0100] "GET /fiok/images/index_12_12.JPG HTTP/1.1" 200 985 "http://www.beklen.hu/fiok/kornyezet.htm" "Mozilla/5.0 (Windows NT 5.1; rv:17.0) Gecko/20100101 Firefox/17.0"
84.0.96.95 - - [08/Dec/2012:16:23:24 +0100] "GET /fiok/images/index_16_16.JPG HTTP/1.1" 200 13468 "http://www.beklen.hu/fiok/kornyezet.htm" "Mozilla/5.0 (Windows NT 5.1; rv:17.0) Gecko/20100101 Firefox/17.0"
84.0.96.95 - - [08/Dec/2012:16:23:24 +0100] "GET /fiok/images/index_13.gif HTTP/1.1" 200 149 "http://www.beklen.hu/fiok/kornyezet.htm" "Mozilla/5.0 (Windows NT 5.1; rv:17.0) Gecko/20100101 Firefox/17.0"
84.0.96.95 - - [08/Dec/2012:16:23:24 +0100] "GET /fiok/images/index_17_17.jpg HTTP/1.1" 200 2374 "http://www.beklen.hu/fiok/kornyezet.htm" "Mozilla/5.0 (Windows NT 5.1; rv:17.0) Gecko/20100101 Firefox/17.0"
84.0.96.95 - - [08/Dec/2012:16:23:24 +0100] "GET /fiok/images/index_14_14.JPG HTTP/1.1" 200 9305 "http://www.beklen.hu/fiok/kornyezet.htm" "Mozilla/5.0 (Windows NT 5.1; rv:17.0) Gecko/20100101 Firefox/17.0"
84.0.96.95 - - [08/Dec/2012:16:23:24 +0100] "GET /fiok/images/index_15_15.JPG HTTP/1.1" 200 20275 "http://www.beklen.hu/fiok/kornyezet.htm" "Mozilla/5.0 (Windows NT 5.1; rv:17.0) Gecko/20100101 Firefox/17.0"
84.0.96.95 - - [08/Dec/2012:16:23:24 +0100] "GET /fiok/images/index_19_19.JPG HTTP/1.1" 200 3123 "http://www.beklen.hu/fiok/kornyezet.htm" "Mozilla/5.0 (Windows NT 5.1; rv:17.0) Gecko/20100101 Firefox/17.0"
84.0.96.95 - - [08/Dec/2012:16:23:24 +0100] "GET /fiok/images/index_18_18.JPG HTTP/1.1" 200 15778 "http://www.beklen.hu/fiok/kornyezet.htm" "Mozilla/5.0 (Windows NT 5.1; rv:17.0) Gecko/20100101 Firefox/17.0"
84.0.96.95 - - [08/Dec/2012:16:23:24 +0100] "GET /fiok/css/js/effects.js HTTP/1.1" 200 31969 "http://www.beklen.hu/fiok/kornyezet.htm" "Mozilla/5.0 (Windows NT 5.1; rv:17.0) Gecko/20100101 Firefox/17.0"
84.0.96.95 - - [08/Dec/2012:16:23:24 +0100] "GET /fiok/images/index_25.gif HTTP/1.1" 200 708 "http://www.beklen.hu/fiok/kornyezet.htm" "Mozilla/5.0 (Windows NT 5.1; rv:17.0) Gecko/20100101 Firefox/17.0"
84.0.96.95 - - [08/Dec/2012:16:23:24 +0100] "GET /fiok/images/index_26.gif HTTP/1.1" 200 121 "http://www.beklen.hu/fiok/kornyezet.htm" "Mozilla/5.0 (Windows NT 5.1; rv:17.0) Gecko/20100101 Firefox/17.0"
84.0.96.95 - - [08/Dec/2012:16:23:24 +0100] "GET /fiok/images/index_27_27.jpg HTTP/1.1" 200 12876 "http://www.beklen.hu/fiok/kornyezet.htm" "Mozilla/5.0 (Windows NT 5.1; rv:17.0) Gecko/20100101 Firefox/17.0"
84.0.96.95 - - [08/Dec/2012:16:23:24 +0100] "GET /fiok/images/spacer.gif HTTP/1.1" 200 43 "http://www.beklen.hu/fiok/kornyezet.htm" "Mozilla/5.0 (Windows NT 5.1; rv:17.0) Gecko/20100101 Firefox/17.0"
84.0.96.95 - - [08/Dec/2012:16:23:24 +0100] "GET /fiok/kepek/02.jpg HTTP/1.1" 200 82993 "http://www.beklen.hu/fiok/kornyezet.htm" "Mozilla/5.0 (Windows NT 5.1; rv:17.0) Gecko/20100101 Firefox/17.0"
84.0.96.95 - - [08/Dec/2012:16:23:24 +0100] "GET /fiok/images/a4a.jpg HTTP/1.1" 200 524 "http://www.beklen.hu/fiok/kornyezet.htm" "Mozilla/5.0 (Windows NT 5.1; rv:17.0) Gecko/20100101 Firefox/17.0"
84.0.96.95 - - [08/Dec/2012:16:23:24 +0100] "GET /fiok/images/b4b.jpg HTTP/1.1" 200 524 "http://www.beklen.hu/fiok/kornyezet.htm" "Mozilla/5.0 (Windows NT 5.1; rv:17.0) Gecko/20100101 Firefox/17.0"
84.0.96.95 - - [08/Dec/2012:16:23:24 +0100] "GET /fiok/kepek/03.jpg HTTP/1.1" 200 80154 "http://www.beklen.hu/fiok/kornyezet.htm" "Mozilla/5.0 (Windows NT 5.1; rv:17.0) Gecko/20100101 Firefox/17.0"
84.0.96.95 - - [08/Dec/2012:16:23:25 +0100] "GET /fiok/images/c4c.jpg HTTP/1.1" 200 524 "http://www.beklen.hu/fiok/kornyezet.htm" "Mozilla/5.0 (Windows NT 5.1; rv:17.0) Gecko/20100101 Firefox/17.0"
84.0.96.95 - - [08/Dec/2012:16:23:25 +0100] "GET /fiok/images/d4d.jpg HTTP/1.1" 200 524 "http://www.beklen.hu/fiok/kornyezet.htm" "Mozilla/5.0 (Windows NT 5.1; rv:17.0) Gecko/20100101 Firefox/17.0"
84.0.96.95 - - [08/Dec/2012:16:23:25 +0100] "GET /fiok/images/e4e.jpg HTTP/1.1" 200 524 "http://www.beklen.hu/fiok/kornyezet.htm" "Mozilla/5.0 (Windows NT 5.1; rv:17.0) Gecko/20100101 Firefox/17.0"
84.0.96.95 - - [08/Dec/2012:16:23:25 +0100] "GET /fiok/images/b12.jpg HTTP/1.1" 200 544 "http://www.beklen.hu/fiok/images/b12.jpg" "Mozilla/5.0 (Windows NT 5.1; rv:17.0) Gecko/20100101 Firefox/17.0"
84.0.96.95 - - [08/Dec/2012:16:23:25 +0100] "GET /fiok/images/index_22.gif HTTP/1.1" 200 227 "http://www.beklen.hu/fiok/images/index_22.gif" "Mozilla/5.0 (Windows NT 5.1; rv:17.0) Gecko/20100101 Firefox/17.0"
84.0.96.95 - - [08/Dec/2012:16:23:25 +0100] "GET /fiok/images/index_24.gif HTTP/1.1" 200 227 "http://www.beklen.hu/fiok/images/index_24.gif" "Mozilla/5.0 (Windows NT 5.1; rv:17.0) Gecko/20100101 Firefox/17.0"
84.0.96.95 - - [08/Dec/2012:16:23:25 +0100] "GET /fiok/images/index_28.gif HTTP/1.1" 200 262 "http://www.beklen.hu/fiok/images/index_28.gif" "Mozilla/5.0 (Windows NT 5.1; rv:17.0) Gecko/20100101 Firefox/17.0"
84.0.96.95 - - [08/Dec/2012:16:23:25 +0100] "GET /favicon.ico HTTP/1.1" 404 1181 "-" "Mozilla/5.0 (Windows NT 5.1; rv:17.0) Gecko/20100101 Firefox/17.0"
84.0.96.95 - - [08/Dec/2012:16:23:25 +0100] "GET /lb/images/loading.gif HTTP/1.1" 200 2767 "http://www.beklen.hu/fiok/kornyezet.htm" "Mozilla/5.0 (Windows NT 5.1; rv:17.0) Gecko/20100101 Firefox/17.0"
84.0.96.95 - - [08/Dec/2012:16:23:25 +0100] "GET /lb/images/closelabel.gif HTTP/1.1" 200 222 "http://www.beklen.hu/fiok/kornyezet.htm" "Mozilla/5.0 (Windows NT 5.1; rv:17.0) Gecko/20100101 Firefox/17.0"
178.154.210.252 - - [08/Dec/2012:16:34:03 +0100] "GET /nca04.htm HTTP/1.1" 200 16378 "-" "Mozilla/5.0 (compatible; YandexBot/3.0; +http://yandex.com/bots)"
178.154.210.252 - - [08/Dec/2012:16:42:03 +0100] "GET /jog/eseteink/audi/index.htm HTTP/1.1" 200 15938 "-" "Mozilla/5.0 (compatible; YandexBot/3.0; +http://yandex.com/bots)"
66.249.76.11 - - [08/Dec/2012:16:53:19 +0100] "GET /jog/rendorsegifeljelentes.htm HTTP/1.1" 200 13536 "-" "Mozilla/5.0 (compatible; Googlebot/2.1; +http://www.google.com/bot.html)"
66.249.76.62 - - [08/Dec/2012:16:57:37 +0100] "GET /jog/eseteink/dakar/dakar_ugyeszseg_lp.pdf HTTP/1.1" 304 - "-" "Mozilla/5.0 (compatible; Googlebot/2.1; +http://www.google.com/bot.html)"
178.154.210.252 - - [08/Dec/2012:17:22:50 +0100] "GET /khb/beklen_2009_kh_jelentes.pdf HTTP/1.1" 200 258938 "-" "Mozilla/5.0 (compatible; YandexBot/3.0; +http://yandex.com/bots)"
66.249.76.11 - - [08/Dec/2012:17:27:18 +0100] "GET /jog/pub/szoro.pdf HTTP/1.1" 200 398619 "-" "Mozilla/5.0 (compatible; Googlebot/2.1; +http://www.google.com/bot.html)"
178.154.210.252 - - [08/Dec/2012:17:35:21 +0100] "GET /hirek08_11.htm HTTP/1.1" 200 7253 "-" "Mozilla/5.0 (compatible; YandexBot/3.0; +http://yandex.com/bots)"
66.249.76.11 - - [08/Dec/2012:18:01:11 +0100] "GET /jog/pub/+jog_jav.pdf HTTP/1.1" 200 819776 "-" "Mozilla/5.0 (compatible; Googlebot/2.1; +http://www.google.com/bot.html)"
178.154.210.252 - - [08/Dec/2012:18:26:46 +0100] "GET /jog/eseteink/korosladany/index.htm HTTP/1.1" 200 30713 "-" "Mozilla/5.0 (compatible; YandexBot/3.0; +http://yandex.com/bots)"
66.249.76.11 - - [08/Dec/2012:18:39:34 +0100] "GET /jog/pub/fuzet_beliv_jav2angol.pdf HTTP/1.1" 200 811793 "-" "Mozilla/5.0 (compatible; Googlebot/2.1; +http://www.google.com/bot.html)"
66.249.76.11 - - [08/Dec/2012:18:58:59 +0100] "GET /jog/jogszabalyok/vadaszati_torveny.pdf HTTP/1.1" 200 741096 "-" "Mozilla/5.0 (compatible; Googlebot/2.1; +http://www.google.com/bot.html)"
157.55.32.142 - - [08/Dec/2012:19:00:36 +0100] "GET /robots.txt HTTP/1.1" 404 1181 "-" "Mozilla/5.0 (compatible; bingbot/2.0; +http://www.bing.com/bingbot.htm)"
157.55.32.142 - - [08/Dec/2012:19:02:47 +0100] "GET /media.htm HTTP/1.1" 304 - "-" "Mozilla/5.0 (compatible; bingbot/2.0; +http://www.bing.com/bingbot.htm)"
178.154.210.252 - - [08/Dec/2012:19:09:03 +0100] "GET /fiok/program_reszek/erdei_iskola.htm HTTP/1.1" 200 21601 "-" "Mozilla/5.0 (compatible; YandexBot/3.0; +http://yandex.com/bots)"
180.76.6.225 - - [08/Dec/2012:19:12:19 +0100] "GET /fiok/index.html HTTP/1.1" 200 20554 "-" "Mozilla/5.0 (compatible; Baiduspider/2.0; +http://www.baidu.com/search/spider.html)"
180.76.5.58 - - [08/Dec/2012:19:12:21 +0100] "GET /fiok/ HTTP/1.1" 200 20554 "-" "Mozilla/5.0 (compatible; Baiduspider/2.0; +http://www.baidu.com/search/spider.html)"
66.249.76.11 - - [08/Dec/2012:19:34:49 +0100] "GET /jog/jogszabalyok/2003_evi_xxxii_torveny.doc HTTP/1.1" 200 463872 "-" "Mozilla/5.0 (compatible; Googlebot/2.1; +http://www.google.com/bot.html)"
178.154.210.252 - - [08/Dec/2012:20:04:56 +0100] "GET /fiok/gazdasag.htm HTTP/1.1" 200 22480 "-" "Mozilla/5.0 (compatible; YandexBot/3.0; +http://yandex.com/bots)"
66.249.76.11 - - [08/Dec/2012:20:05:28 +0100] "GET /jog/jogszabalyok/termeszetvedelmi_torveny.pdf HTTP/1.1" 200 470027 "-" "Mozilla/5.0 (compatible; Googlebot/2.1; +http://www.google.com/bot.html)"
66.249.76.62 - - [08/Dec/2012:20:08:01 +0100] "GET /jog/publikaciok.htm HTTP/1.1" 200 17866 "-" "Mozilla/5.0 (iPhone; U; CPU iPhone OS 4_1 like Mac OS X; en-us) AppleWebKit/532.9 (KHTML, like Gecko) Version/4.0.5 Mobile/8B117 Safari/6531.22.7 (compatible; Googlebot-Mobile/2.1; +http://www.google.com/bot.html)"
66.249.76.11 - - [08/Dec/2012:20:38:34 +0100] "GET /jog/jogszabalyok/2001-es%20vedett%20lista.pdf HTTP/1.1" 200 681051 "-" "Mozilla/5.0 (compatible; Googlebot/2.1; +http://www.google.com/bot.html)"
180.76.5.189 - - [08/Dec/2012:20:42:09 +0100] "GET /fiok HTTP/1.1" 301 312 "-" "Mozilla/5.0 (compatible; Baiduspider/2.0; +http://www.baidu.com/search/spider.html)"
180.76.5.191 - - [08/Dec/2012:20:42:10 +0100] "GET /fiok/ HTTP/1.1" 200 20554 "-" "Mozilla/5.0 (compatible; Baiduspider/2.0; +http://www.baidu.com/search/spider.html)"
46.229.160.208 - - [08/Dec/2012:20:47:46 +0100] "GET /jog/pub/fuzet_beliv_jav2angol.pdf HTTP/1.1" 200 45985 "-" "-"
178.154.210.252 - - [08/Dec/2012:20:51:52 +0100] "GET /jog/eseteink/duzzaszto/index.htm HTTP/1.1" 200 10470 "-" "Mozilla/5.0 (compatible; YandexBot/3.0; +http://yandex.com/bots)"
178.154.210.252 - - [08/Dec/2012:20:51:56 +0100] "GET /fiok/program_reszek/taborok.htm HTTP/1.1" 200 23942 "-" "Mozilla/5.0 (compatible; YandexBot/3.0; +http://yandex.com/bots)"
178.154.210.252 - - [08/Dec/2012:20:52:31 +0100] "GET /jog/eseteink/derekegyhaza/index.htm HTTP/1.1" 200 34210 "-" "Mozilla/5.0 (compatible; YandexBot/3.0; +http://yandex.com/bots)"
178.154.210.252 - - [08/Dec/2012:20:52:35 +0100] "GET /jog/eseteink/malom/index.htm HTTP/1.1" 200 17507 "-" "Mozilla/5.0 (compatible; YandexBot/3.0; +http://yandex.com/bots)"
66.249.76.11 - - [08/Dec/2012:20:59:52 +0100] "GET /jog/jogszabalyok/1995.%20evi%20XCIII.%20torveny.pdf HTTP/1.1" 200 125662 "-" "Mozilla/5.0 (compatible; Googlebot/2.1; +http://www.google.com/bot.html)"
24.134.146.36 - - [08/Dec/2012:21:08:25 +0100] "GET /jog/zoldombudsman.htm HTTP/1.1" 200 13369 "-" "findlinks/2.0.2 (+http://wortschatz.uni-leipzig.de/findlinks/)"
208.115.111.68 - - [08/Dec/2012:21:16:52 +0100] "GET /robots.txt HTTP/1.1" 404 1181 "-" "Mozilla/5.0 (compatible; Ezooms/1.0; ezooms.bot@gmail.com)"
66.249.76.62 - - [08/Dec/2012:22:11:31 +0100] "GET /jog/eseteink/derekegyhaza/kotvife_kekto_vizugy.pdf HTTP/1.1" 304 - "-" "Mozilla/5.0 (compatible; Googlebot/2.1; +http://www.google.com/bot.html)"
66.249.76.62 - - [08/Dec/2012:22:29:18 +0100] "GET /hirek/jelentkezesi_lap.doc HTTP/1.1" 304 - "-" "Mozilla/5.0 (compatible; Googlebot/2.1; +http://www.google.com/bot.html)"
178.154.210.252 - - [08/Dec/2012:22:35:53 +0100] "GET /jog/pub/fuzet_beliv_jav2.pdf HTTP/1.1" 200 775632 "-" "Mozilla/5.0 (compatible; YandexBot/3.0; +http://yandex.com/bots)"
178.154.210.252 - - [08/Dec/2012:23:19:21 +0100] "GET /fiok/fiok.html HTTP/1.1" 200 20723 "-" "Mozilla/5.0 (compatible; YandexBot/3.0; +http://yandex.com/bots)"
66.249.76.62 - - [09/Dec/2012:00:30:18 +0100] "GET /robots.txt HTTP/1.1" 404 1181 "-" "Mozilla/5.0 (compatible; Googlebot/2.1; +http://www.google.com/bot.html)"
66.249.76.62 - - [09/Dec/2012:00:30:19 +0100] "GET /ncta_a.htm HTTP/1.1" 200 7260 "-" "Mozilla/5.0 (compatible; Googlebot/2.1; +http://www.google.com/bot.html)"
66.249.76.62 - - [09/Dec/2012:00:33:44 +0100] "GET /hirek/090509/2_.jpg HTTP/1.1" 304 - "-" "Googlebot-Image/1.0"
94.23.42.135 - - [09/Dec/2012:01:03:00 +0100] "GET /robots.txt HTTP/1.0" 404 1181 "-" "Mozilla/5.0 (compatible; MJ12bot/v1.4.3; http://www.majestic12.co.uk/bot.php?+)"
94.23.42.135 - - [09/Dec/2012:01:03:02 +0100] "GET / HTTP/1.0" 200 23965 "-" "Mozilla/5.0 (compatible; MJ12bot/v1.4.3; http://www.majestic12.co.uk/bot.php?+)"
139.18.2.209 - - [09/Dec/2012:01:50:03 +0100] "GET /nca.htm HTTP/1.1" 200 7467 "-" "findlinks/2.6 (+http://wortschatz.uni-leipzig.de/findlinks/)"
180.76.5.178 - - [09/Dec/2012:02:22:03 +0100] "GET /fiok/program_reszek/turazas.htm HTTP/1.1" 200 22754 "-" "Mozilla/5.0 (compatible; Baiduspider/2.0; +http://www.baidu.com/search/spider.html)"
139.18.2.209 - - [09/Dec/2012:03:51:00 +0100] "GET /jog/polgariper.htm HTTP/1.1" 200 13964 "-" "findlinks/2.6 (+http://wortschatz.uni-leipzig.de/findlinks/)"
66.249.76.62 - - [09/Dec/2012:04:03:42 +0100] "GET /jog/jogszabalyok/termeszetvedelmi_torveny.pdf HTTP/1.1" 200 470027 "-" "Mozilla/5.0 (compatible; Googlebot/2.1; +http://www.google.com/bot.html)"
66.249.76.62 - - [09/Dec/2012:05:58:08 +0100] "GET /hirek/hirek091015.htm HTTP/1.1" 304 - "-" "Mozilla/5.0 (compatible; Googlebot/2.1; +http://www.google.com/bot.html)"
66.249.76.62 - - [09/Dec/2012:06:20:14 +0100] "GET /fiok/ HTTP/1.1" 304 - "-" "Mozilla/5.0 (iPhone; U; CPU iPhone OS 4_1 like Mac OS X; en-us) AppleWebKit/532.9 (KHTML, like Gecko) Version/4.0.5 Mobile/8B117 Safari/6531.22.7 (compatible; Googlebot-Mobile/2.1; +http://www.google.com/bot.html)"
86.101.228.105 - - [09/Dec/2012:06:23:06 +0100] "GET / HTTP/1.1" 200 23965 "-" "Mozilla/5.0 (Windows; U; Windows NT 5.1; en-US) AppleWebKit/525.13 (KHTML, like Gecko) Chrome/0.X.Y.Z Safari/525.13."
86.101.228.105 - - [09/Dec/2012:06:23:05 +0100] "GET / HTTP/1.1" 200 23965 "-" "Mozilla/5.0 (Windows; U; Windows NT 5.1; en-US) AppleWebKit/525.13 (KHTML, like Gecko) Chrome/0.X.Y.Z Safari/525.13."
86.101.228.105 - - [09/Dec/2012:06:23:06 +0100] "GET / HTTP/1.1" 200 23965 "-" "Mozilla/5.0 (X11; Linux x86_64; rv:15.0) Gecko/20100101 Firefox/15.0.1"
139.18.2.209 - - [09/Dec/2012:06:31:40 +0100] "GET /jog/index.htm HTTP/1.1" 200 13138 "-" "findlinks/2.6 (+http://wortschatz.uni-leipzig.de/findlinks/)"
66.249.76.62 - - [09/Dec/2012:06:52:34 +0100] "GET /hirarchivum.htm HTTP/1.1" 304 - "-" "Mozilla/5.0 (compatible; Googlebot/2.1; +http://www.google.com/bot.html)"
208.115.113.84 - - [09/Dec/2012:07:13:38 +0100] "GET /robots.txt HTTP/1.1" 404 1181 "-" "Mozilla/5.0 (compatible; Ezooms/1.0; ezooms.bot@gmail.com)"
66.249.76.11 - - [09/Dec/2012:08:00:35 +0100] "GET /robots.txt HTTP/1.1" 404 1181 "-" "Mozilla/5.0 (compatible; Googlebot/2.1; +http://www.google.com/bot.html)"
66.249.76.11 - - [09/Dec/2012:08:00:36 +0100] "GET /jog/eseteink/audi/index.htm HTTP/1.1" 200 15938 "-" "Mozilla/5.0 (compatible; Googlebot/2.1; +http://www.google.com/bot.html)"
66.249.76.11 - - [09/Dec/2012:08:09:09 +0100] "GET /jog/eseteink/audi/gyor,%20hungary%20-%20audi.jpg HTTP/1.1" 200 45931 "-" "Googlebot-Image/1.0"
66.249.76.11 - - [09/Dec/2012:08:09:27 +0100] "GET /jog/eseteink/audi/kozmeghallgatas%20-%20diakep1.jpg HTTP/1.1" 200 45655 "-" "Googlebot-Image/1.0"
66.249.76.11 - - [09/Dec/2012:08:09:44 +0100] "GET /jog/eseteink/audi/kozmeghallgatas%20-%20diakep2.jpg HTTP/1.1" 200 49847 "-" "Googlebot-Image/1.0"
66.249.76.11 - - [09/Dec/2012:08:10:00 +0100] "GET /jog/eseteink/audi/edu-ktvf%20felterjesztes%20-%20audi.jpg HTTP/1.1" 200 478649 "-" "Googlebot-Image/1.0"
66.249.76.11 - - [09/Dec/2012:08:17:36 +0100] "GET /jog/eseteink/audi/2011_3951.pdf HTTP/1.1" 200 252978 "-" "Mozilla/5.0 (compatible; Googlebot/2.1; +http://www.google.com/bot.html)"
65.52.108.23 - - [09/Dec/2012:08:30:07 +0100] "GET /kapcsolat.htm HTTP/1.1" 200 6889 "-" "Mozilla/4.0 (compatible; MSIE 7.0; Windows NT 5.1; SV1; .NET CLR 1.1.4322; .NET CLR 2.0.40607; .NET CLR 3.0.04506.648)"
65.52.108.23 - - [09/Dec/2012:08:30:08 +0100] "GET /vill.cs HTTP/1.1" 200 2676 "http://www.beklen.hu/kapcsolat.htm" "Mozilla/4.0 (compatible; MSIE 7.0; Windows NT 5.1; SV1; .NET CLR 1.1.4322; .NET CLR 2.0.40607; .NET CLR 3.0.04506.648)"
65.52.108.23 - - [09/Dec/2012:08:30:11 +0100] "GET /felsorol.css HTTP/1.1" 200 240 "http://www.beklen.hu/kapcsolat.htm" "Mozilla/4.0 (compatible; MSIE 7.0; Windows NT 5.1; SV1; .NET CLR 1.1.4322; .NET CLR 2.0.40607; .NET CLR 3.0.04506.648)"
180.76.5.193 - - [09/Dec/2012:08:31:09 +0100] "GET /fiok/program_reszek/madarmegfigyeles.htm HTTP/1.1" 200 21825 "-" "Mozilla/5.0 (compatible; Baiduspider/2.0; +http://www.baidu.com/search/spider.html)"
66.249.76.11 - - [09/Dec/2012:08:47:23 +0100] "GET /jog/eseteink/audi/ferto-hansag_ii.pdf HTTP/1.1" 200 293257 "-" "Mozilla/5.0 (compatible; Googlebot/2.1; +http://www.google.com/bot.html)"
66.249.76.11 - - [09/Dec/2012:09:02:35 +0100] "GET /hirek/Natura_2000es_gyepgazdalkodas_eloirasai.ppt HTTP/1.1" 200 333312 "-" "Mozilla/5.0 (compatible; Googlebot/2.1; +http://www.google.com/bot.html)"
66.249.76.11 - - [09/Dec/2012:09:15:24 +0100] "GET /jog/eseteink/audi/audi_epiteszeti_elj.pdf HTTP/1.1" 200 384562 "-" "Mozilla/5.0 (compatible; Googlebot/2.1; +http://www.google.com/bot.html)"
208.115.113.84 - - [09/Dec/2012:09:25:15 +0100] "GET /hirek/hirek091221.htm HTTP/1.1" 200 6740 "-" "Mozilla/5.0 (compatible; Ezooms/1.0; ezooms.bot@gmail.com)"
66.249.76.62 - - [09/Dec/2012:09:37:08 +0100] "GET /ncta.htm HTTP/1.1" 304 - "-" "Mozilla/5.0 (compatible; Googlebot/2.1; +http://www.google.com/bot.html)"
66.249.76.62 - - [09/Dec/2012:09:39:11 +0100] "GET /deutsch/kontakt.htm HTTP/1.1" 304 - "-" "Mozilla/5.0 (compatible; Googlebot/2.1; +http://www.google.com/bot.html)"
66.249.76.62 - - [09/Dec/2012:09:40:45 +0100] "GET /hirek08_10.htm HTTP/1.1" 304 - "-" "Mozilla/5.0 (compatible; Googlebot/2.1; +http://www.google.com/bot.html)"
66.249.76.11 - - [09/Dec/2012:09:41:32 +0100] "GET /jog/eseteink/audi/eu.%20biz.%20fotitkaranak.pdf HTTP/1.1" 200 214051 "-" "Mozilla/5.0 (compatible; Googlebot/2.1; +http://www.google.com/bot.html)"
66.249.76.62 - - [09/Dec/2012:09:44:30 +0100] "GET /jog/eseteink/kavicszatony/mura_bejelentesbk.pdf HTTP/1.1" 304 - "-" "Mozilla/5.0 (compatible; Googlebot/2.1; +http://www.google.com/bot.html)"
66.249.76.62 - - [09/Dec/2012:09:46:30 +0100] "GET /fiok/program_reszek/erdei_iskola.htm HTTP/1.1" 200 21601 "-" "Mozilla/5.0 (compatible; Googlebot/2.1; +http://www.google.com/bot.html)"
66.249.76.62 - - [09/Dec/2012:09:47:40 +0100] "GET /jog/eseteink/audi/ferto-hansag_ii.pdf HTTP/1.1" 304 - "-" "Mozilla/5.0 (compatible; Googlebot/2.1; +http://www.google.com/bot.html)"
66.249.76.62 - - [09/Dec/2012:09:59:41 +0100] "GET /jog/eseteink/korosladany/korosladany-onkormanyzat.pdf HTTP/1.1" 304 - "-" "Mozilla/5.0 (compatible; Googlebot/2.1; +http://www.google.com/bot.html)"
66.249.76.62 - - [09/Dec/2012:10:02:02 +0100] "GET /jog/eseteink/kavicszatony/mura%20fellebb%20nimfea.pdf HTTP/1.1" 304 - "-" "Mozilla/5.0 (compatible; Googlebot/2.1; +http://www.google.com/bot.html)"
66.249.76.62 - - [09/Dec/2012:10:03:31 +0100] "GET /fiok/kapcsolat.htm HTTP/1.1" 304 - "-" "Mozilla/5.0 (compatible; Googlebot/2.1; +http://www.google.com/bot.html)"
66.249.76.11 - - [09/Dec/2012:10:16:43 +0100] "GET /jog/eseteink/audi/audi_gyor_restoration_measures15-.pdf HTTP/1.1" 200 5551480 "-" "Mozilla/5.0 (compatible; Googlebot/2.1; +http://www.google.com/bot.html)"
66.249.76.11 - - [09/Dec/2012:10:41:38 +0100] "GET /jog/eseteink/audi/europai%20bizottsag%20fotitkarsaga.pdf HTTP/1.1" 200 374636 "-" "Mozilla/5.0 (compatible; Googlebot/2.1; +http://www.google.com/bot.html)"
66.249.76.11 - - [09/Dec/2012:11:07:53 +0100] "GET /jog/eseteink/audi/audi_gyor_restoration_measures11-15.pdf HTTP/1.1" 200 4763900 "-" "Mozilla/5.0 (compatible; Googlebot/2.1; +http://www.google.com/bot.html)"
194.153.113.8 - - [09/Dec/2012:11:14:43 +0100] "GET /robots.txt HTTP/1.1" 404 1181 "-" "Mozilla/5.0 (compatible; oBot/2.3.1; +http://filterdb.iss.net/crawler/)"
194.153.113.8 - - [09/Dec/2012:11:14:43 +0100] "HEAD /hirek/Microsoft%20Word%20-%20csongradi%20duzzaszto%20velemeny%202009.06.11..doc.pdf HTTP/1.1" 200 0 "-" "Mozilla/5.0 (compatible; oBot/2.3.1; +http://filterdb.iss.net/crawler/)"
66.249.76.11 - - [09/Dec/2012:11:34:27 +0100] "GET /jog/eseteink/audi/gestdem_2011-3951_-_benedek_sallai_-_demande_confirmative.pdf HTTP/1.1" 200 408514 "-" "Mozilla/5.0 (compatible; Googlebot/2.1; +http://www.google.com/bot.html)"
157.55.35.47 - - [09/Dec/2012:11:40:04 +0100] "GET /robots.txt HTTP/1.1" 404 1181 "-" "Mozilla/5.0 (compatible; bingbot/2.0; +http://www.bing.com/bingbot.htm)"
157.55.35.47 - - [09/Dec/2012:11:41:50 +0100] "GET / HTTP/1.1" 200 23965 "-" "Mozilla/5.0 (compatible; bingbot/2.0; +http://www.bing.com/bingbot.htm)"
66.249.76.11 - - [09/Dec/2012:11:59:39 +0100] "GET /jog/eseteink/audi/application_of_hungarian_authorities_for_the_commission_opinion_1.pdf HTTP/1.1" 200 3298753 "-" "Mozilla/5.0 (compatible; Googlebot/2.1; +http://www.google.com/bot.html)"
66.249.76.11 - - [09/Dec/2012:12:25:13 +0100] "GET /jog/eseteink/audi/application_of_hungarian_authorities_for_the_commission_opinion_2.pdf HTTP/1.1" 200 3082684 "-" "Mozilla/5.0 (compatible; Googlebot/2.1; +http://www.google.com/bot.html)"
66.249.76.11 - - [09/Dec/2012:12:54:15 +0100] "GET /jog/eseteink/audi/additional_information_provided_by_hungarian_authorities_at_the_request_of_the_commission.pdf HTTP/1.1" 200 3547052 "-" "Mozilla/5.0 (compatible; Googlebot/2.1; +http://www.google.com/bot.html)"
66.249.76.11 - - [09/Dec/2012:13:13:21 +0100] "GET /jog/eseteink/audi/additional_information_on_the_compensatory_measures_provided_by_hungarian_authorities_at_the_request_of_the_commission_1.pdf HTTP/1.1" 200 3383998 "-" "Mozilla/5.0 (compatible; Googlebot/2.1; +http://www.google.com/bot.html)"
208.115.111.68 - - [09/Dec/2012:13:17:24 +0100] "GET /robots.txt HTTP/1.1" 404 1181 "-" "Mozilla/5.0 (compatible; Ezooms/1.0; ezooms.bot@gmail.com)"
66.249.76.62 - - [09/Dec/2012:13:31:35 +0100] "GET /robots.txt HTTP/1.1" 404 1181 "-" "Mozilla/5.0 (compatible; Googlebot/2.1; +http://www.google.com/bot.html)"
66.249.76.62 - - [09/Dec/2012:13:31:35 +0100] "GET /fiok/ HTTP/1.1" 304 - "-" "Mozilla/5.0 (iPhone; U; CPU iPhone OS 4_1 like Mac OS X; en-us) AppleWebKit/532.9 (KHTML, like Gecko) Version/4.0.5 Mobile/8B117 Safari/6531.22.7 (compatible; Googlebot-Mobile/2.1; +http://www.google.com/bot.html)"
119.63.193.196 - - [09/Dec/2012:13:41:36 +0100] "GET / HTTP/1.1" 200 14257 "-" "Mozilla/5.0 (compatible; Baiduspider/2.0; +http://www.baidu.com/search/spider.html)"
66.249.76.11 - - [09/Dec/2012:13:43:20 +0100] "GET /jog/eseteink/audi/additional_information_on_the_compensatory_measures_provided_by_hungarian_authorities_at_the_request_of_the_commission_3.pdf HTTP/1.1" 200 3528853 "-" "Mozilla/5.0 (compatible; Googlebot/2.1; +http://www.google.com/bot.html)"
66.249.76.62 - - [09/Dec/2012:14:05:58 +0100] "GET /jog/ugyeszsegek.htm HTTP/1.1" 304 - "-" "Mozilla/5.0 (compatible; Googlebot/2.1; +http://www.google.com/bot.html)"
130.83.167.153 - - [09/Dec/2012:14:15:30 +0100] "GET /nca07.htm HTTP/1.1" 200 21968 "-" "findlinks/2.6 (+http://wortschatz.uni-leipzig.de/findlinks/)"
180.76.6.212 - - [09/Dec/2012:14:31:47 +0100] "GET /fiok/program_reszek/konferancia.htm HTTP/1.1" 200 21668 "-" "Mozilla/5.0 (compatible; Baiduspider/2.0; +http://www.baidu.com/search/spider.html)"
178.154.210.252 - - [09/Dec/2012:15:56:23 +0100] "GET /robots.txt HTTP/1.1" 404 1181 "-" "Mozilla/5.0 (compatible; YandexBot/3.0; +http://yandex.com/bots)"
178.154.210.252 - - [09/Dec/2012:15:56:57 +0100] "GET /jog/eseteink/korosladany/vegzes_dalerd_birsag.pdf HTTP/1.1" 200 1941609 "-" "Mozilla/5.0 (compatible; YandexBot/3.0; +http://yandex.com/bots)"
178.154.210.252 - - [09/Dec/2012:15:56:59 +0100] "GET /jog/ HTTP/1.1" 200 13138 "-" "Mozilla/5.0 (compatible; YandexBot/3.0; +http://yandex.com/bots)"
208.115.111.68 - - [09/Dec/2012:16:02:04 +0100] "GET /hirek/hirek100225.htm HTTP/1.1" 200 7288 "-" "Mozilla/5.0 (compatible; Ezooms/1.0; ezooms.bot@gmail.com)"
178.154.210.252 - - [09/Dec/2012:16:17:42 +0100] "GET /jog/eseteink/derekegyhaza/kereset_level_kerites_mszh_vegleges.doc.pdf HTTP/1.1" 200 103951 "-" "Mozilla/5.0 (compatible; YandexBot/3.0; +http://yandex.com/bots)"
178.154.210.252 - - [09/Dec/2012:16:41:35 +0100] "GET /jog/eseteink/korosladany/mszhnak_miert_nincs_ismetelt_eljaras.pdf HTTP/1.1" 200 123149 "-" "Mozilla/5.0 (compatible; YandexBot/3.0; +http://yandex.com/bots)"
178.154.210.252 - - [09/Dec/2012:16:46:29 +0100] "GET /jog/eseteink/dakar/dakar_0804_kdvktvf_engedely.pdf HTTP/1.1" 200 7453005 "-" "Mozilla/5.0 (compatible; YandexBot/3.0; +http://yandex.com/bots)"
178.154.210.252 - - [09/Dec/2012:17:04:31 +0100] "GET /jog/eseteink/audi/ferto-hansag_ii.pdf HTTP/1.1" 200 293257 "-" "Mozilla/5.0 (compatible; YandexBot/3.0; +http://yandex.com/bots)"
38.111.147.84 - - [09/Dec/2012:17:06:41 +0100] "GET /robots.txt HTTP/1.0" 404 1181 "-" "TurnitinBot/2.1 (http://www.turnitin.com/robot/crawlerinfo.html)"
38.111.147.84 - - [09/Dec/2012:17:06:41 +0100] "GET /robots.txt HTTP/1.0" 404 1181 "-" "TurnitinBot/2.1 (http://www.turnitin.com/robot/crawlerinfo.html)"
38.111.147.84 - - [09/Dec/2012:17:06:45 +0100] "GET /deutsch/programme.htm HTTP/1.0" 200 6045 "-" "TurnitinBot/2.1 (http://www.turnitin.com/robot/crawlerinfo.html)"
38.111.147.84 - - [09/Dec/2012:17:07:15 +0100] "GET /deutsch/kontakt.htm HTTP/1.0" 200 4769 "-" "TurnitinBot/2.1 (http://www.turnitin.com/robot/crawlerinfo.html)"
38.111.147.84 - - [09/Dec/2012:17:07:45 +0100] "GET /media.htm HTTP/1.0" 200 5208 "-" "TurnitinBot/2.1 (http://www.turnitin.com/robot/crawlerinfo.html)"
38.111.147.84 - - [09/Dec/2012:17:08:15 +0100] "GET /jog/ HTTP/1.0" 200 13138 "-" "TurnitinBot/2.1 (http://www.turnitin.com/robot/crawlerinfo.html)"
38.111.147.84 - - [09/Dec/2012:17:08:45 +0100] "GET /deutsch/stellen.htm HTTP/1.0" 200 6824 "-" "TurnitinBot/2.1 (http://www.turnitin.com/robot/crawlerinfo.html)"
38.111.147.84 - - [09/Dec/2012:17:09:15 +0100] "GET /deutsch/programme.htm HTTP/1.0" 200 6045 "-" "TurnitinBot/2.1 (http://www.turnitin.com/robot/crawlerinfo.html)"
38.111.147.84 - - [09/Dec/2012:17:09:45 +0100] "GET /deutsch/kontakt.htm HTTP/1.0" 200 4769 "-" "TurnitinBot/2.1 (http://www.turnitin.com/robot/crawlerinfo.html)"
38.111.147.84 - - [09/Dec/2012:17:10:15 +0100] "GET /english/programs.htm HTTP/1.0" 200 5614 "-" "TurnitinBot/2.1 (http://www.turnitin.com/robot/crawlerinfo.html)"
38.111.147.84 - - [09/Dec/2012:17:10:45 +0100] "GET /english/introduction.htm HTTP/1.0" 200 6502 "-" "TurnitinBot/2.1 (http://www.turnitin.com/robot/crawlerinfo.html)"
208.115.111.68 - - [09/Dec/2012:17:11:14 +0100] "GET /robots.txt HTTP/1.1" 404 1181 "-" "Mozilla/5.0 (compatible; Ezooms/1.0; ezooms.bot@gmail.com)"
38.111.147.84 - - [09/Dec/2012:17:11:15 +0100] "GET /english/contact.htm HTTP/1.0" 200 4601 "-" "TurnitinBot/2.1 (http://www.turnitin.com/robot/crawlerinfo.html)"
38.111.147.84 - - [09/Dec/2012:17:11:45 +0100] "GET /fiok/programok.htm HTTP/1.0" 200 18165 "-" "TurnitinBot/2.1 (http://www.turnitin.com/robot/crawlerinfo.html)"
38.111.147.84 - - [09/Dec/2012:17:12:15 +0100] "GET /fiok/news.html HTTP/1.0" 404 1181 "-" "TurnitinBot/2.1 (http://www.turnitin.com/robot/crawlerinfo.html)"
38.111.147.84 - - [09/Dec/2012:17:12:45 +0100] "GET /fiok/mult.htm HTTP/1.0" 200 23227 "-" "TurnitinBot/2.1 (http://www.turnitin.com/robot/crawlerinfo.html)"
38.111.147.84 - - [09/Dec/2012:17:13:17 +0100] "GET /fiok/kornyezet.htm HTTP/1.0" 200 22582 "-" "TurnitinBot/2.1 (http://www.turnitin.com/robot/crawlerinfo.html)"
38.111.147.84 - - [09/Dec/2012:17:13:45 +0100] "GET /fiok/kapcsolat.htm HTTP/1.0" 200 17416 "-" "TurnitinBot/2.1 (http://www.turnitin.com/robot/crawlerinfo.html)"
38.111.147.84 - - [09/Dec/2012:17:14:15 +0100] "GET /fiok/gazdasag.htm HTTP/1.0" 200 22480 "-" "TurnitinBot/2.1 (http://www.turnitin.com/robot/crawlerinfo.html)"
38.111.147.84 - - [09/Dec/2012:17:14:45 +0100] "GET /fiok/fiok.html HTTP/1.0" 406 431 "-" "TurnitinBot/2.1 (http://www.turnitin.com/robot/crawlerinfo.html)"
38.111.147.84 - - [09/Dec/2012:17:15:21 +0100] "GET /hirek09_03.htm HTTP/1.0" 200 10726 "-" "TurnitinBot/2.1 (http://www.turnitin.com/robot/crawlerinfo.html)"
38.111.147.84 - - [09/Dec/2012:17:15:45 +0100] "GET /hirek09_02.htm HTTP/1.0" 200 7450 "-" "TurnitinBot/2.1 (http://www.turnitin.com/robot/crawlerinfo.html)"
38.111.147.84 - - [09/Dec/2012:17:16:15 +0100] "GET /hirek09_01.htm HTTP/1.0" 200 6841 "-" "TurnitinBot/2.1 (http://www.turnitin.com/robot/crawlerinfo.html)"
38.111.147.84 - - [09/Dec/2012:17:16:45 +0100] "GET /hirek08_12.htm HTTP/1.0" 200 8268 "-" "TurnitinBot/2.1 (http://www.turnitin.com/robot/crawlerinfo.html)"
