37.140.141.19 - - [04/Jan/2013:06:42:13 +0100] "GET /jog/eseteink/derekegyhaza/mszh_elsofok_ugyfel_elutasitas_2.jpg HTTP/1.1" 200 323121 "-" "Mozilla/5.0 (compatible; YandexImages/3.0; +http://yandex.com/bots)"
157.55.33.84 - - [04/Jan/2013:07:09:08 +0100] "GET /robots.txt HTTP/1.1" 404 1181 "-" "Mozilla/5.0 (compatible; bingbot/2.0; +http://www.bing.com/bingbot.htm)"
157.55.33.84 - - [04/Jan/2013:07:10:56 +0100] "GET / HTTP/1.1" 200 23965 "-" "Mozilla/5.0 (compatible; bingbot/2.0; +http://www.bing.com/bingbot.htm)"
208.115.111.68 - - [04/Jan/2013:07:49:51 +0100] "GET /jog/tapasztalatszerzok.htm HTTP/1.1" 200 12148 "-" "Mozilla/5.0 (compatible; Ezooms/1.0; ezooms.bot@gmail.com)"
208.115.111.68 - - [04/Jan/2013:07:49:54 +0100] "GET /jog/tippek.htm HTTP/1.1" 200 13697 "-" "Mozilla/5.0 (compatible; Ezooms/1.0; ezooms.bot@gmail.com)"
84.236.103.247 - - [04/Jan/2013:07:52:16 +0100] "GET /jog/eseteink/derekegyhaza/lev_nimfea_36868.pdf HTTP/1.1" 200 144038 "http://www.google.hu/url?sa=t&rct=j&q=&esrc=s&source=web&cd=8&ved=0CGwQFjAH&url=http%3A%2F%2Fwww.beklen.hu%2Fjog%2Feseteink%2Fderekegyhaza%2Flev_nimfea_36868.pdf&ei=6HvmUI7qF4bItAaC1oHYCg&usg=AFQjCNHE3-pPDsBavnmuIvJje2oif0fKDQ&sig2=0b78xRCEUmrJwowROB6LqQ&bvm=bv.1355534169,d.Yms" "Opera/9.80 (Windows NT 6.1; U; hu) Presto/2.10.289 Version/12.02"
84.236.103.247 - - [04/Jan/2013:07:52:16 +0100] "GET /favicon.ico HTTP/1.1" 404 1181 "http://www.beklen.hu/jog/eseteink/derekegyhaza/lev_nimfea_36868.pdf" "Opera/9.80 (Windows NT 6.1; U; hu) Presto/2.10.289 Version/12.02"
139.18.2.17 - - [04/Jan/2013:08:00:51 +0100] "GET /jog/eljaraskezd.htm HTTP/1.1" 200 13730 "-" "findlinks/2.6 (+http://wortschatz.uni-leipzig.de/findlinks/)"
37.140.141.19 - - [04/Jan/2013:08:13:33 +0100] "GET /jog/eseteink/derekegyhaza/kepek/37-433_o_2005_.jpg HTTP/1.1" 200 94705 "-" "Mozilla/5.0 (compatible; YandexImages/3.0; +http://yandex.com/bots)"
178.154.210.252 - - [04/Jan/2013:08:40:16 +0100] "GET / HTTP/1.1" 200 23965 "-" "Mozilla/5.0 (compatible; YandexBot/3.0; +http://yandex.com/bots)"
195.228.136.90 - - [04/Jan/2013:09:04:38 +0100] "GET /jog/eseteink/derekegyhaza/index.htm HTTP/1.1" 200 34210 "http://www.google.hu/imgres?um=1&hl=en&sa=N&tbo=d&biw=1170&bih=582&tbm=isch&tbnid=W-si8GXDAGQdvM:&imgrefurl=http://www.beklen.hu/jog/eseteink/derekegyhaza/index.htm&docid=ZTfOsU0QL27I-M&imgurl=http://www.beklen.hu/jog/eseteink/derekegyhaza/mszh_elsofok_ugyfel_elutasitas_1.jpg&w=1674&h=2277&ei=Eo3mUMb_F6SK4ATzsYGgCw&zoom=1&iact=hc&vpx=482&vpy=97&dur=882&hovh=262&hovw=192&tx=94&ty=114&sig=118010859387776954148&page=1&tbnh=151&tbnw=111&start=0&ndsp=18&ved=1t:429,r:3,s:0,i:96" "Mozilla/5.0 (compatible; MSIE 9.0; Windows NT 6.1; Trident/5.0)"
195.228.136.90 - - [04/Jan/2013:09:04:38 +0100] "GET /jog/style.css HTTP/1.1" 200 21413 "http://www.beklen.hu/jog/eseteink/derekegyhaza/index.htm" "Mozilla/5.0 (compatible; MSIE 9.0; Windows NT 6.1; Trident/5.0)"
195.228.136.90 - - [04/Jan/2013:09:04:38 +0100] "GET /jog/script.js HTTP/1.1" 200 5674 "http://www.beklen.hu/jog/eseteink/derekegyhaza/index.htm" "Mozilla/5.0 (compatible; MSIE 9.0; Windows NT 6.1; Trident/5.0)"
195.228.136.90 - - [04/Jan/2013:09:04:38 +0100] "GET /jog/jquery.js HTTP/1.1" 200 72174 "http://www.beklen.hu/jog/eseteink/derekegyhaza/index.htm" "Mozilla/5.0 (compatible; MSIE 9.0; Windows NT 6.1; Trident/5.0)"
195.228.136.90 - - [04/Jan/2013:09:04:38 +0100] "GET /jog/lb/js/scriptaculous.js?load=effects HTTP/1.1" 200 2152 "http://www.beklen.hu/jog/eseteink/derekegyhaza/index.htm" "Mozilla/5.0 (compatible; MSIE 9.0; Windows NT 6.1; Trident/5.0)"
195.228.136.90 - - [04/Jan/2013:09:04:38 +0100] "GET /jog/lb/css/lightbox.css HTTP/1.1" 200 1715 "http://www.beklen.hu/jog/eseteink/derekegyhaza/index.htm" "Mozilla/5.0 (compatible; MSIE 9.0; Windows NT 6.1; Trident/5.0)"
195.228.136.90 - - [04/Jan/2013:09:04:38 +0100] "GET /jog/lb/js/lightbox.js HTTP/1.1" 200 23431 "http://www.beklen.hu/jog/eseteink/derekegyhaza/index.htm" "Mozilla/5.0 (compatible; MSIE 9.0; Windows NT 6.1; Trident/5.0)"
195.228.136.90 - - [04/Jan/2013:09:04:38 +0100] "GET /jog/img/file_pdf.png HTTP/1.1" 200 581 "http://www.beklen.hu/jog/eseteink/derekegyhaza/index.htm" "Mozilla/5.0 (compatible; MSIE 9.0; Windows NT 6.1; Trident/5.0)"
195.228.136.90 - - [04/Jan/2013:09:04:38 +0100] "GET /jog/lb/js/prototype.js HTTP/1.1" 200 47603 "http://www.beklen.hu/jog/eseteink/derekegyhaza/index.htm" "Mozilla/5.0 (compatible; MSIE 9.0; Windows NT 6.1; Trident/5.0)"
195.228.136.90 - - [04/Jan/2013:09:04:38 +0100] "GET /jog/eseteink/derekegyhaza/mszh_elsofok_ugyfel_elutasitas_1.jpg HTTP/1.1" 200 1086764 "http://www.google.hu/imgres?um=1&hl=en&sa=N&tbo=d&biw=1170&bih=582&tbm=isch&tbnid=W-si8GXDAGQdvM:&imgrefurl=http://www.beklen.hu/jog/eseteink/derekegyhaza/index.htm&docid=ZTfOsU0QL27I-M&imgurl=http://www.beklen.hu/jog/eseteink/derekegyhaza/mszh_elsofok_ugyfel_elutasitas_1.jpg&w=1674&h=2277&ei=Eo3mUMb_F6SK4ATzsYGgCw&zoom=1&iact=hc&vpx=482&vpy=97&dur=882&hovh=262&hovw=192&tx=94&ty=114&sig=118010859387776954148&page=1&tbnh=151&tbnw=111&start=0&ndsp=18&ved=1t:429,r:3,s:0,i:96" "Mozilla/5.0 (compatible; MSIE 9.0; Windows NT 6.1; Trident/5.0)"
195.228.136.90 - - [04/Jan/2013:09:04:38 +0100] "GET /jog/eseteink/derekegyhaza/37-433.jpg HTTP/1.1" 200 3573 "http://www.beklen.hu/jog/eseteink/derekegyhaza/index.htm" "Mozilla/5.0 (compatible; MSIE 9.0; Windows NT 6.1; Trident/5.0)"
195.228.136.90 - - [04/Jan/2013:09:04:38 +0100] "GET /jog/lb/js/effects.js HTTP/1.1" 200 31969 "http://www.beklen.hu/jog/eseteink/derekegyhaza/index.htm" "Mozilla/5.0 (compatible; MSIE 9.0; Windows NT 6.1; Trident/5.0)"
195.228.136.90 - - [04/Jan/2013:09:04:38 +0100] "GET /jog/eseteink/derekegyhaza/kepek/37-433_o_2005__.jpg HTTP/1.1" 200 5388 "http://www.beklen.hu/jog/eseteink/derekegyhaza/index.htm" "Mozilla/5.0 (compatible; MSIE 9.0; Windows NT 6.1; Trident/5.0)"
195.228.136.90 - - [04/Jan/2013:09:04:38 +0100] "GET /jog/eseteink/derekegyhaza/kepek/vadaskert-szakhat_.jpg HTTP/1.1" 200 8903 "http://www.beklen.hu/jog/eseteink/derekegyhaza/index.htm" "Mozilla/5.0 (compatible; MSIE 9.0; Windows NT 6.1; Trident/5.0)"
195.228.136.90 - - [04/Jan/2013:09:04:38 +0100] "GET /jog/img/file_jpg.png HTTP/1.1" 200 607 "http://www.beklen.hu/jog/eseteink/derekegyhaza/index.htm" "Mozilla/5.0 (compatible; MSIE 9.0; Windows NT 6.1; Trident/5.0)"
195.228.136.90 - - [04/Jan/2013:09:04:38 +0100] "GET /jog/eseteink/derekegyhaza/kepek/dalerd__.jpg HTTP/1.1" 200 6281 "http://www.beklen.hu/jog/eseteink/derekegyhaza/index.htm" "Mozilla/5.0 (compatible; MSIE 9.0; Windows NT 6.1; Trident/5.0)"
195.228.136.90 - - [04/Jan/2013:09:04:38 +0100] "GET /jog/eseteink/derekegyhaza/kepek/37-431__.jpg HTTP/1.1" 200 4706 "http://www.beklen.hu/jog/eseteink/derekegyhaza/index.htm" "Mozilla/5.0 (compatible; MSIE 9.0; Windows NT 6.1; Trident/5.0)"
195.228.136.90 - - [04/Jan/2013:09:04:38 +0100] "GET /jog/eseteink/derekegyhaza/kepek/37-431_o_2005__.jpg HTTP/1.1" 200 5766 "http://www.beklen.hu/jog/eseteink/derekegyhaza/index.htm" "Mozilla/5.0 (compatible; MSIE 9.0; Windows NT 6.1; Trident/5.0)"
195.228.136.90 - - [04/Jan/2013:09:04:38 +0100] "GET /jog/eseteink/derekegyhaza/kepek/37-433__.jpg HTTP/1.1" 200 4596 "http://www.beklen.hu/jog/eseteink/derekegyhaza/index.htm" "Mozilla/5.0 (compatible; MSIE 9.0; Windows NT 6.1; Trident/5.0)"
195.228.136.90 - - [04/Jan/2013:09:04:38 +0100] "GET /jog/images/nav.png HTTP/1.1" 200 10482 "http://www.beklen.hu/jog/eseteink/derekegyhaza/index.htm" "Mozilla/5.0 (compatible; MSIE 9.0; Windows NT 6.1; Trident/5.0)"
195.228.136.90 - - [04/Jan/2013:09:04:38 +0100] "GET /jog/images/post_s.png HTTP/1.1" 200 466 "http://www.beklen.hu/jog/eseteink/derekegyhaza/index.htm" "Mozilla/5.0 (compatible; MSIE 9.0; Windows NT 6.1; Trident/5.0)"
195.228.136.90 - - [04/Jan/2013:09:04:38 +0100] "GET /jog/images/subitem.png HTTP/1.1" 200 81 "http://www.beklen.hu/jog/eseteink/derekegyhaza/index.htm" "Mozilla/5.0 (compatible; MSIE 9.0; Windows NT 6.1; Trident/5.0)"
195.228.136.90 - - [04/Jan/2013:09:04:38 +0100] "GET /jog/images/menuitem.png HTTP/1.1" 200 20398 "http://www.beklen.hu/jog/eseteink/derekegyhaza/index.htm" "Mozilla/5.0 (compatible; MSIE 9.0; Windows NT 6.1; Trident/5.0)"
195.228.136.90 - - [04/Jan/2013:09:04:38 +0100] "GET /jog/images/spacer.gif HTTP/1.1" 200 43 "http://www.beklen.hu/jog/eseteink/derekegyhaza/index.htm" "Mozilla/5.0 (compatible; MSIE 9.0; Windows NT 6.1; Trident/5.0)"
195.228.136.90 - - [04/Jan/2013:09:04:38 +0100] "GET /jog/images/post_h.png HTTP/1.1" 200 292 "http://www.beklen.hu/jog/eseteink/derekegyhaza/index.htm" "Mozilla/5.0 (compatible; MSIE 9.0; Windows NT 6.1; Trident/5.0)"
195.228.136.90 - - [04/Jan/2013:09:04:38 +0100] "GET /jog/images/header.png HTTP/1.1" 200 170837 "http://www.beklen.hu/jog/eseteink/derekegyhaza/index.htm" "Mozilla/5.0 (compatible; MSIE 9.0; Windows NT 6.1; Trident/5.0)"
195.228.136.90 - - [04/Jan/2013:09:04:38 +0100] "GET /jog/images/post_v.png HTTP/1.1" 200 310 "http://www.beklen.hu/jog/eseteink/derekegyhaza/index.htm" "Mozilla/5.0 (compatible; MSIE 9.0; Windows NT 6.1; Trident/5.0)"
195.228.136.90 - - [04/Jan/2013:09:04:38 +0100] "GET /jog/images/post_c.png HTTP/1.1" 200 204 "http://www.beklen.hu/jog/eseteink/derekegyhaza/index.htm" "Mozilla/5.0 (compatible; MSIE 9.0; Windows NT 6.1; Trident/5.0)"
195.228.136.90 - - [04/Jan/2013:09:04:38 +0100] "GET /jog/images/Bottom_texture.jpg HTTP/1.1" 200 193775 "http://www.beklen.hu/jog/eseteink/derekegyhaza/index.htm" "Mozilla/5.0 (compatible; MSIE 9.0; Windows NT 6.1; Trident/5.0)"
195.228.136.90 - - [04/Jan/2013:09:04:46 +0100] "GET /jog/eseteink/derekegyhaza/mszhk_masodfok_ugyfel_elutasitas_1.jpg HTTP/1.1" 200 995513 "http://www.google.hu/imgres?um=1&hl=en&sa=N&tbo=d&biw=1170&bih=582&tbm=isch&tbnid=l5NFvwJDT76e0M:&imgrefurl=http://www.beklen.hu/jog/eseteink/derekegyhaza/index.htm&docid=ZTfOsU0QL27I-M&imgurl=http://www.beklen.hu/jog/eseteink/derekegyhaza/mszhk_masodfok_ugyfel_elutasitas_1.jpg&w=1674&h=2277&ei=Eo3mUMb_F6SK4ATzsYGgCw&zoom=1&iact=hc&vpx=225&vpy=97&dur=814&hovh=262&hovw=192&tx=123&ty=71&sig=118010859387776954148&page=1&tbnh=151&tbnw=118&start=0&ndsp=18&ved=1t:429,r:1,s:0,i:90" "Mozilla/5.0 (compatible; MSIE 9.0; Windows NT 6.1; Trident/5.0)"
95.138.192.111 - - [04/Jan/2013:09:33:10 +0100] "GET /jog HTTP/1.1" 301 311 "-" "Mozilla/5.0 (Macintosh; Intel Mac OS X 10_8) AppleWebKit/536.25 (KHTML, like Gecko) Version/6.0 Safari/536.25"
95.138.192.111 - - [04/Jan/2013:09:33:10 +0100] "GET /jog/ HTTP/1.1" 200 13138 "-" "Mozilla/5.0 (Macintosh; Intel Mac OS X 10_8) AppleWebKit/536.25 (KHTML, like Gecko) Version/6.0 Safari/536.25"
95.138.192.111 - - [04/Jan/2013:09:33:10 +0100] "GET /jog/script.js HTTP/1.1" 200 5674 "http://www.beklen.hu/jog/" "Mozilla/5.0 (Macintosh; Intel Mac OS X 10_8) AppleWebKit/536.25 (KHTML, like Gecko) Version/6.0 Safari/536.25"
95.138.192.111 - - [04/Jan/2013:09:33:10 +0100] "GET /jog/style.css HTTP/1.1" 200 21413 "http://www.beklen.hu/jog/" "Mozilla/5.0 (Macintosh; Intel Mac OS X 10_8) AppleWebKit/536.25 (KHTML, like Gecko) Version/6.0 Safari/536.25"
95.138.192.111 - - [04/Jan/2013:09:33:10 +0100] "GET /jog/jquery.js HTTP/1.1" 200 72174 "http://www.beklen.hu/jog/" "Mozilla/5.0 (Macintosh; Intel Mac OS X 10_8) AppleWebKit/536.25 (KHTML, like Gecko) Version/6.0 Safari/536.25"
95.138.192.111 - - [04/Jan/2013:09:33:10 +0100] "GET /jog/images/nav.png HTTP/1.1" 200 10482 "http://www.beklen.hu/jog/" "Mozilla/5.0 (Macintosh; Intel Mac OS X 10_8) AppleWebKit/536.25 (KHTML, like Gecko) Version/6.0 Safari/536.25"
95.138.192.111 - - [04/Jan/2013:09:33:10 +0100] "GET /jog/images/menuitem.png HTTP/1.1" 200 20398 "http://www.beklen.hu/jog/" "Mozilla/5.0 (Macintosh; Intel Mac OS X 10_8) AppleWebKit/536.25 (KHTML, like Gecko) Version/6.0 Safari/536.25"
95.138.192.111 - - [04/Jan/2013:09:33:10 +0100] "GET /jog/images/spacer.gif HTTP/1.1" 200 43 "http://www.beklen.hu/jog/" "Mozilla/5.0 (Macintosh; Intel Mac OS X 10_8) AppleWebKit/536.25 (KHTML, like Gecko) Version/6.0 Safari/536.25"
95.138.192.111 - - [04/Jan/2013:09:33:10 +0100] "GET /jog/images/post_s.png HTTP/1.1" 200 466 "http://www.beklen.hu/jog/" "Mozilla/5.0 (Macintosh; Intel Mac OS X 10_8) AppleWebKit/536.25 (KHTML, like Gecko) Version/6.0 Safari/536.25"
95.138.192.111 - - [04/Jan/2013:09:33:10 +0100] "GET /jog/images/subitem.png HTTP/1.1" 200 81 "http://www.beklen.hu/jog/" "Mozilla/5.0 (Macintosh; Intel Mac OS X 10_8) AppleWebKit/536.25 (KHTML, like Gecko) Version/6.0 Safari/536.25"
95.138.192.111 - - [04/Jan/2013:09:33:10 +0100] "GET /jog/images/post_v.png HTTP/1.1" 200 310 "http://www.beklen.hu/jog/" "Mozilla/5.0 (Macintosh; Intel Mac OS X 10_8) AppleWebKit/536.25 (KHTML, like Gecko) Version/6.0 Safari/536.25"
95.138.192.111 - - [04/Jan/2013:09:33:10 +0100] "GET /jog/images/post_h.png HTTP/1.1" 200 292 "http://www.beklen.hu/jog/" "Mozilla/5.0 (Macintosh; Intel Mac OS X 10_8) AppleWebKit/536.25 (KHTML, like Gecko) Version/6.0 Safari/536.25"
95.138.192.111 - - [04/Jan/2013:09:33:10 +0100] "GET /jog/images/post_c.png HTTP/1.1" 200 204 "http://www.beklen.hu/jog/" "Mozilla/5.0 (Macintosh; Intel Mac OS X 10_8) AppleWebKit/536.25 (KHTML, like Gecko) Version/6.0 Safari/536.25"
95.138.192.111 - - [04/Jan/2013:09:33:10 +0100] "GET /jog/img/magyar_cimer.png HTTP/1.1" 200 1900 "http://www.beklen.hu/jog/" "Mozilla/5.0 (Macintosh; Intel Mac OS X 10_8) AppleWebKit/536.25 (KHTML, like Gecko) Version/6.0 Safari/536.25"
95.138.192.111 - - [04/Jan/2013:09:33:10 +0100] "GET /jog/images/header.png HTTP/1.1" 200 170837 "http://www.beklen.hu/jog/" "Mozilla/5.0 (Macintosh; Intel Mac OS X 10_8) AppleWebKit/536.25 (KHTML, like Gecko) Version/6.0 Safari/536.25"
95.138.192.111 - - [04/Jan/2013:09:33:10 +0100] "GET /jog/images/Bottom_texture.jpg HTTP/1.1" 200 193775 "http://www.beklen.hu/jog/" "Mozilla/5.0 (Macintosh; Intel Mac OS X 10_8) AppleWebKit/536.25 (KHTML, like Gecko) Version/6.0 Safari/536.25"
95.138.192.111 - - [04/Jan/2013:09:33:10 +0100] "GET /jog/img/nca_logo_.png HTTP/1.1" 200 7180 "http://www.beklen.hu/jog/" "Mozilla/5.0 (Macintosh; Intel Mac OS X 10_8) AppleWebKit/536.25 (KHTML, like Gecko) Version/6.0 Safari/536.25"
95.138.192.111 - - [04/Jan/2013:09:33:10 +0100] "GET /jog/img/320/sargarigo2.jpg HTTP/1.1" 200 17500 "http://www.beklen.hu/jog/" "Mozilla/5.0 (Macintosh; Intel Mac OS X 10_8) AppleWebKit/536.25 (KHTML, like Gecko) Version/6.0 Safari/536.25"
95.138.192.111 - - [04/Jan/2013:09:33:11 +0100] "GET /jog/favicon.ico HTTP/1.1" 200 1150 "http://www.beklen.hu/jog/" "Mozilla/5.0 (Macintosh; Intel Mac OS X 10_8) AppleWebKit/536.25 (KHTML, like Gecko) Version/6.0 Safari/536.25"
95.138.192.111 - - [04/Jan/2013:09:33:15 +0100] "GET /jog/eseteink.htm HTTP/1.1" 200 17277 "http://www.beklen.hu/jog/" "Mozilla/5.0 (Macintosh; Intel Mac OS X 10_8) AppleWebKit/536.25 (KHTML, like Gecko) Version/6.0 Safari/536.25"
95.138.192.111 - - [04/Jan/2013:09:33:15 +0100] "GET /jog/lb/js/prototype.js HTTP/1.1" 200 47603 "http://www.beklen.hu/jog/eseteink.htm" "Mozilla/5.0 (Macintosh; Intel Mac OS X 10_8) AppleWebKit/536.25 (KHTML, like Gecko) Version/6.0 Safari/536.25"
95.138.192.111 - - [04/Jan/2013:09:33:15 +0100] "GET /jog/lb/js/lightbox.js HTTP/1.1" 200 23431 "http://www.beklen.hu/jog/eseteink.htm" "Mozilla/5.0 (Macintosh; Intel Mac OS X 10_8) AppleWebKit/536.25 (KHTML, like Gecko) Version/6.0 Safari/536.25"
95.138.192.111 - - [04/Jan/2013:09:33:15 +0100] "GET /jog/lb/js/scriptaculous.js?load=effects HTTP/1.1" 200 2152 "http://www.beklen.hu/jog/eseteink.htm" "Mozilla/5.0 (Macintosh; Intel Mac OS X 10_8) AppleWebKit/536.25 (KHTML, like Gecko) Version/6.0 Safari/536.25"
95.138.192.111 - - [04/Jan/2013:09:33:15 +0100] "GET /jog/lb/css/lightbox.css HTTP/1.1" 200 1715 "http://www.beklen.hu/jog/eseteink.htm" "Mozilla/5.0 (Macintosh; Intel Mac OS X 10_8) AppleWebKit/536.25 (KHTML, like Gecko) Version/6.0 Safari/536.25"
95.138.192.111 - - [04/Jan/2013:09:33:15 +0100] "GET /jog/lb/js/effects.js HTTP/1.1" 200 31969 "http://www.beklen.hu/jog/eseteink.htm" "Mozilla/5.0 (Macintosh; Intel Mac OS X 10_8) AppleWebKit/536.25 (KHTML, like Gecko) Version/6.0 Safari/536.25"
95.138.192.111 - - [04/Jan/2013:09:33:15 +0100] "GET /jog/eseteink/derekegyhaza/37-433.jpg HTTP/1.1" 200 3573 "http://www.beklen.hu/jog/eseteink.htm" "Mozilla/5.0 (Macintosh; Intel Mac OS X 10_8) AppleWebKit/536.25 (KHTML, like Gecko) Version/6.0 Safari/536.25"
95.138.192.111 - - [04/Jan/2013:09:33:16 +0100] "GET /jog/eseteink/audi/audi%20-%20natura%202000_.jpg HTTP/1.1" 200 4882 "http://www.beklen.hu/jog/eseteink.htm" "Mozilla/5.0 (Macintosh; Intel Mac OS X 10_8) AppleWebKit/536.25 (KHTML, like Gecko) Version/6.0 Safari/536.25"
95.138.192.111 - - [04/Jan/2013:09:33:16 +0100] "GET /jog/eseteink/autopalya/ap.jpg HTTP/1.1" 200 3947 "http://www.beklen.hu/jog/eseteink.htm" "Mozilla/5.0 (Macintosh; Intel Mac OS X 10_8) AppleWebKit/536.25 (KHTML, like Gecko) Version/6.0 Safari/536.25"
95.138.192.111 - - [04/Jan/2013:09:33:16 +0100] "GET /jog/eseteink/dakar/k.jpg HTTP/1.1" 200 2687 "http://www.beklen.hu/jog/eseteink.htm" "Mozilla/5.0 (Macintosh; Intel Mac OS X 10_8) AppleWebKit/536.25 (KHTML, like Gecko) Version/6.0 Safari/536.25"
95.138.192.111 - - [04/Jan/2013:09:33:16 +0100] "GET /jog/eseteink/kavicszatony/dscf0084_.jpg HTTP/1.1" 200 2611 "http://www.beklen.hu/jog/eseteink.htm" "Mozilla/5.0 (Macintosh; Intel Mac OS X 10_8) AppleWebKit/536.25 (KHTML, like Gecko) Version/6.0 Safari/536.25"
95.138.192.111 - - [04/Jan/2013:09:33:16 +0100] "GET /jog/eseteink/malom/fotok/img_3057_.jpg HTTP/1.1" 200 6339 "http://www.beklen.hu/jog/eseteink.htm" "Mozilla/5.0 (Macintosh; Intel Mac OS X 10_8) AppleWebKit/536.25 (KHTML, like Gecko) Version/6.0 Safari/536.25"
95.138.192.111 - - [04/Jan/2013:09:33:16 +0100] "GET /jog/eseteink/poroszlo/villa_.jpg HTTP/1.1" 200 3841 "http://www.beklen.hu/jog/eseteink.htm" "Mozilla/5.0 (Macintosh; Intel Mac OS X 10_8) AppleWebKit/536.25 (KHTML, like Gecko) Version/6.0 Safari/536.25"
95.138.192.111 - - [04/Jan/2013:09:33:16 +0100] "GET /jog/eseteink/korosladany/kepek/img_5365__.jpg HTTP/1.1" 200 5864 "http://www.beklen.hu/jog/eseteink.htm" "Mozilla/5.0 (Macintosh; Intel Mac OS X 10_8) AppleWebKit/536.25 (KHTML, like Gecko) Version/6.0 Safari/536.25"
95.138.192.111 - - [04/Jan/2013:09:33:16 +0100] "GET /jog/eseteink/duzzaszto/koros.jpg HTTP/1.1" 200 201463 "http://www.beklen.hu/jog/eseteink.htm" "Mozilla/5.0 (Macintosh; Intel Mac OS X 10_8) AppleWebKit/536.25 (KHTML, like Gecko) Version/6.0 Safari/536.25"
37.140.141.19 - - [04/Jan/2013:10:25:28 +0100] "GET /jog/eseteink/derekegyhaza/kepek/vadaskert-szakhat.jpg HTTP/1.1" 200 140997 "-" "Mozilla/5.0 (compatible; YandexImages/3.0; +http://yandex.com/bots)"
180.76.5.156 - - [04/Jan/2013:10:32:19 +0100] "GET /fiok/program_reszek/lovaglas.htm HTTP/1.1" 200 21486 "-" "Mozilla/5.0 (compatible; Baiduspider/2.0; +http://www.baidu.com/search/spider.html)"
208.115.113.84 - - [04/Jan/2013:11:11:47 +0100] "GET /robots.txt HTTP/1.1" 404 1181 "-" "Mozilla/5.0 (compatible; Ezooms/1.0; ezooms.bot@gmail.com)"
95.138.192.111 - - [04/Jan/2013:11:22:45 +0100] "GET / HTTP/1.1" 200 23965 "-" "Opera/9.80 (Windows NT 6.1; WOW64) Presto/2.12.388 Version/12.12"
95.138.192.111 - - [04/Jan/2013:11:22:44 +0100] "GET /tm02.jpg HTTP/1.1" 200 1873 "http://www.beklen.hu/" "Opera/9.80 (Windows NT 6.1; WOW64) Presto/2.12.388 Version/12.12"
95.138.192.111 - - [04/Jan/2013:11:22:44 +0100] "GET /vill.cs HTTP/1.1" 200 2676 "http://www.beklen.hu/" "Opera/9.80 (Windows NT 6.1; WOW64) Presto/2.12.388 Version/12.12"
95.138.192.111 - - [04/Jan/2013:11:22:44 +0100] "GET /tm01.jpg HTTP/1.1" 200 1080 "http://www.beklen.hu/" "Opera/9.80 (Windows NT 6.1; WOW64) Presto/2.12.388 Version/12.12"
95.138.192.111 - - [04/Jan/2013:11:22:44 +0100] "GET /lb/css/lightbox.css HTTP/1.1" 200 1715 "http://www.beklen.hu/" "Opera/9.80 (Windows NT 6.1; WOW64) Presto/2.12.388 Version/12.12"
95.138.192.111 - - [04/Jan/2013:11:22:44 +0100] "GET /lb/js/scriptaculous.js?load=effects HTTP/1.1" 200 2152 "http://www.beklen.hu/" "Opera/9.80 (Windows NT 6.1; WOW64) Presto/2.12.388 Version/12.12"
95.138.192.111 - - [04/Jan/2013:11:22:45 +0100] "GET /tm06_.jpg HTTP/1.1" 200 1382 "http://www.beklen.hu/" "Opera/9.80 (Windows NT 6.1; WOW64) Presto/2.12.388 Version/12.12"
95.138.192.111 - - [04/Jan/2013:11:22:45 +0100] "GET /tm07.jpg HTTP/1.1" 200 1007 "http://www.beklen.hu/" "Opera/9.80 (Windows NT 6.1; WOW64) Presto/2.12.388 Version/12.12"
95.138.192.111 - - [04/Jan/2013:11:22:45 +0100] "GET /tm03_.jpg HTTP/1.1" 200 1787 "http://www.beklen.hu/" "Opera/9.80 (Windows NT 6.1; WOW64) Presto/2.12.388 Version/12.12"
95.138.192.111 - - [04/Jan/2013:11:22:45 +0100] "GET /tm03_.jpg HTTP/1.1" 200 1787 "http://www.beklen.hu/" "Opera/9.80 (Windows NT 6.1; WOW64) Presto/2.12.388 Version/12.12"
95.138.192.111 - - [04/Jan/2013:11:22:45 +0100] "GET /tm04_.jpg HTTP/1.1" 200 2058 "http://www.beklen.hu/" "Opera/9.80 (Windows NT 6.1; WOW64) Presto/2.12.388 Version/12.12"
95.138.192.111 - - [04/Jan/2013:11:22:45 +0100] "GET /jog_honlap_.jpg HTTP/1.1" 200 7186 "http://www.beklen.hu/" "Opera/9.80 (Windows NT 6.1; WOW64) Presto/2.12.388 Version/12.12"
95.138.192.111 - - [04/Jan/2013:11:22:45 +0100] "GET /a1_projekt_tabla_infra_cs3_beklenhaz_.jpg HTTP/1.1" 200 8994 "http://www.beklen.hu/" "Opera/9.80 (Windows NT 6.1; WOW64) Presto/2.12.388 Version/12.12"
95.138.192.111 - - [04/Jan/2013:11:22:45 +0100] "GET /lb/js/lightbox.js HTTP/1.1" 200 23424 "http://www.beklen.hu/" "Opera/9.80 (Windows NT 6.1; WOW64) Presto/2.12.388 Version/12.12"
95.138.192.111 - - [04/Jan/2013:11:22:45 +0100] "GET /tm05_.jpg HTTP/1.1" 200 1839 "http://www.beklen.hu/" "Opera/9.80 (Windows NT 6.1; WOW64) Presto/2.12.388 Version/12.12"
95.138.192.111 - - [04/Jan/2013:11:22:45 +0100] "GET /jog_honlap_.jpg HTTP/1.1" 200 7186 "http://www.beklen.hu/" "Opera/9.80 (Windows NT 6.1; WOW64) Presto/2.12.388 Version/12.12"
95.138.192.111 - - [04/Jan/2013:11:22:45 +0100] "GET /uszt-tabla_.jpg HTTP/1.1" 200 4543 "http://www.beklen.hu/" "Opera/9.80 (Windows NT 6.1; WOW64) Presto/2.12.388 Version/12.12"
95.138.192.111 - - [04/Jan/2013:11:22:45 +0100] "GET /nimfea_project_250x250.gif HTTP/1.1" 200 37266 "http://www.beklen.hu/" "Opera/9.80 (Windows NT 6.1; WOW64) Presto/2.12.388 Version/12.12"
95.138.192.111 - - [04/Jan/2013:11:22:45 +0100] "GET /lb/js/prototype.js HTTP/1.1" 200 47603 "http://www.beklen.hu/" "Opera/9.80 (Windows NT 6.1; WOW64) Presto/2.12.388 Version/12.12"
95.138.192.111 - - [04/Jan/2013:11:22:45 +0100] "GET /uszt-tabla_.jpg HTTP/1.1" 200 4543 "http://www.beklen.hu/" "Opera/9.80 (Windows NT 6.1; WOW64) Presto/2.12.388 Version/12.12"
95.138.192.111 - - [04/Jan/2013:11:22:46 +0100] "GET /lb/js/effects.js HTTP/1.1" 200 31969 "http://www.beklen.hu/" "Opera/9.80 (Windows NT 6.1; WOW64) Presto/2.12.388 Version/12.12"
95.138.192.111 - - [04/Jan/2013:11:22:46 +0100] "GET /favicon.ico HTTP/1.1" 404 1181 "http://www.beklen.hu/" "Opera/9.80 (Windows NT 6.1; WOW64) Presto/2.12.388 Version/12.12"
95.138.192.111 - - [04/Jan/2013:11:22:46 +0100] "GET /bg.jpg HTTP/1.1" 200 566 "http://www.beklen.hu/" "Opera/9.80 (Windows NT 6.1; WOW64) Presto/2.12.388 Version/12.12"
95.138.192.111 - - [04/Jan/2013:11:22:46 +0100] "GET /bottom_main.jpg HTTP/1.1" 200 96820 "http://www.beklen.hu/" "Opera/9.80 (Windows NT 6.1; WOW64) Presto/2.12.388 Version/12.12"
95.138.192.111 - - [04/Jan/2013:11:22:56 +0100] "GET /tm04.jpg HTTP/1.1" 200 2613 "http://www.beklen.hu/" "Opera/9.80 (Windows NT 6.1; WOW64) Presto/2.12.388 Version/12.12"
95.138.192.111 - - [04/Jan/2013:11:22:56 +0100] "GET /tm04.jpg HTTP/1.1" 200 2613 "http://www.beklen.hu/" "Opera/9.80 (Windows NT 6.1; WOW64) Presto/2.12.388 Version/12.12"
95.138.192.111 - - [04/Jan/2013:11:22:56 +0100] "GET /nimfea_project_250x250.gif HTTP/1.1" 200 2038304 "http://www.beklen.hu/" "Opera/9.80 (Windows NT 6.1; WOW64) Presto/2.12.388 Version/12.12"
95.138.192.111 - - [04/Jan/2013:11:22:56 +0100] "GET /programok.htm HTTP/1.1" 200 6444 "http://www.beklen.hu/" "Opera/9.80 (Windows NT 6.1; WOW64) Presto/2.12.388 Version/12.12"
95.138.192.111 - - [04/Jan/2013:11:22:57 +0100] "GET /tm02_.jpg HTTP/1.1" 200 1524 "http://www.beklen.hu/programok.htm" "Opera/9.80 (Windows NT 6.1; WOW64) Presto/2.12.388 Version/12.12"
95.138.192.111 - - [04/Jan/2013:11:22:57 +0100] "GET /bottom_.jpg HTTP/1.1" 200 93419 "http://www.beklen.hu/programok.htm" "Opera/9.80 (Windows NT 6.1; WOW64) Presto/2.12.388 Version/12.12"
95.138.192.111 - - [04/Jan/2013:11:22:58 +0100] "GET /tm03.jpg HTTP/1.1" 200 2212 "http://www.beklen.hu/programok.htm" "Opera/9.80 (Windows NT 6.1; WOW64) Presto/2.12.388 Version/12.12"
95.138.192.111 - - [04/Jan/2013:11:22:58 +0100] "GET /tm05.jpg HTTP/1.1" 200 2253 "http://www.beklen.hu/programok.htm" "Opera/9.80 (Windows NT 6.1; WOW64) Presto/2.12.388 Version/12.12"
95.138.192.111 - - [04/Jan/2013:11:22:58 +0100] "GET /tm06.jpg HTTP/1.1" 200 1651 "http://www.beklen.hu/programok.htm" "Opera/9.80 (Windows NT 6.1; WOW64) Presto/2.12.388 Version/12.12"
95.138.192.111 - - [04/Jan/2013:11:23:23 +0100] "GET /favicon.ico HTTP/1.1" 404 1181 "http://www.beklen.hu/programok.htm" "Opera/9.80 (Windows NT 6.1; WOW64) Presto/2.12.388 Version/12.12"
95.138.192.111 - - [04/Jan/2013:11:23:24 +0100] "GET /media.htm HTTP/1.1" 200 5208 "http://www.beklen.hu/programok.htm" "Opera/9.80 (Windows NT 6.1; WOW64) Presto/2.12.388 Version/12.12"
95.138.192.111 - - [04/Jan/2013:11:24:17 +0100] "GET /lb/css/lightbox.css HTTP/1.1" 200 1715 "http://www.beklen.hu/" "Opera/9.80 (Windows NT 6.1; WOW64) Presto/2.12.388 Version/12.12"
95.138.192.111 - - [04/Jan/2013:11:24:38 +0100] "GET /nimfea_project_250x250.gif HTTP/1.1" 200 2986583 "http://www.beklen.hu/" "Opera/9.80 (Windows NT 6.1; WOW64) Presto/2.12.388 Version/12.12"
95.138.192.111 - - [04/Jan/2013:11:24:39 +0100] "GET /magunkrol.htm HTTP/1.1" 200 9202 "http://www.beklen.hu/" "Opera/9.80 (Windows NT 6.1; WOW64) Presto/2.12.388 Version/12.12"
95.138.192.111 - - [04/Jan/2013:11:24:40 +0100] "GET /favicon.ico HTTP/1.1" 404 1181 "http://www.beklen.hu/magunkrol.htm" "Opera/9.80 (Windows NT 6.1; WOW64) Presto/2.12.388 Version/12.12"
95.138.192.111 - - [04/Jan/2013:11:24:40 +0100] "GET /tm06.jpg HTTP/1.1" 200 1651 "http://www.beklen.hu/magunkrol.htm" "Opera/9.80 (Windows NT 6.1; WOW64) Presto/2.12.388 Version/12.12"
95.138.192.111 - - [04/Jan/2013:11:24:40 +0100] "GET /tm02.jpg HTTP/1.1" 200 1873 "http://www.beklen.hu/magunkrol.htm" "Opera/9.80 (Windows NT 6.1; WOW64) Presto/2.12.388 Version/12.12"
95.138.192.111 - - [04/Jan/2013:11:24:41 +0100] "GET /tm03_.jpg HTTP/1.1" 200 1787 "http://www.beklen.hu/magunkrol.htm" "Opera/9.80 (Windows NT 6.1; WOW64) Presto/2.12.388 Version/12.12"
95.138.192.111 - - [04/Jan/2013:11:24:43 +0100] "GET /tm03_.jpg HTTP/1.1" 200 1787 "http://www.beklen.hu/programok.htm" "Opera/9.80 (Windows NT 6.1; WOW64) Presto/2.12.388 Version/12.12"
95.138.192.111 - - [04/Jan/2013:11:24:47 +0100] "GET /bunt.htm HTTP/1.1" 200 5683 "http://www.beklen.hu/programok.htm" "Opera/9.80 (Windows NT 6.1; WOW64) Presto/2.12.388 Version/12.12"
95.138.192.111 - - [04/Jan/2013:11:24:54 +0100] "GET /civilmuhely.htm HTTP/1.1" 200 8450 "http://www.beklen.hu/programok.htm" "Opera/9.80 (Windows NT 6.1; WOW64) Presto/2.12.388 Version/12.12"
95.138.192.111 - - [04/Jan/2013:11:24:59 +0100] "GET /nca.htm HTTP/1.1" 200 7467 "http://www.beklen.hu/programok.htm" "Opera/9.80 (Windows NT 6.1; WOW64) Presto/2.12.388 Version/12.12"
95.138.192.111 - - [04/Jan/2013:11:25:59 +0100] "GET /lb/css/lightbox.css HTTP/1.1" 200 1715 "http://www.beklen.hu/" "Opera/9.80 (Windows NT 6.1; WOW64) Presto/2.12.388 Version/12.12"
95.138.192.111 - - [04/Jan/2013:11:26:02 +0100] "GET /nimfea_project_250x250.gif HTTP/1.1" 200 639480 "http://www.beklen.hu/" "Opera/9.80 (Windows NT 6.1; WOW64) Presto/2.12.388 Version/12.12"
208.115.111.68 - - [04/Jan/2013:13:06:29 +0100] "GET /robots.txt HTTP/1.1" 404 1181 "-" "Mozilla/5.0 (compatible; Ezooms/1.0; ezooms.bot@gmail.com)"
139.18.2.209 - - [04/Jan/2013:14:21:51 +0100] "GET /bunt.htm HTTP/1.1" 200 5683 "-" "findlinks/2.6 (+http://wortschatz.uni-leipzig.de/findlinks/)"
208.115.111.68 - - [04/Jan/2013:15:53:04 +0100] "GET /hirek/hirek120120.htm HTTP/1.1" 200 6634 "-" "Mozilla/5.0 (compatible; Ezooms/1.0; ezooms.bot@gmail.com)"
77.75.77.11 - - [04/Jan/2013:16:36:21 +0100] "GET /robots.txt HTTP/1.1" 404 1181 "-" "SeznamBot/3.0 (+http://fulltext.sblog.cz/)"
77.75.77.11 - - [04/Jan/2013:16:36:22 +0100] "GET / HTTP/1.1" 200 23965 "-" "SeznamBot/3.0 (+http://fulltext.sblog.cz/)"
37.140.141.19 - - [04/Jan/2013:16:41:26 +0100] "GET /jog/eseteink/poroszlo/villa.jpg HTTP/1.1" 200 110558 "-" "Mozilla/5.0 (compatible; YandexImages/3.0; +http://yandex.com/bots)"
139.18.2.17 - - [04/Jan/2013:19:03:46 +0100] "GET /programok.htm HTTP/1.1" 200 6444 "-" "findlinks/2.6 (+http://wortschatz.uni-leipzig.de/findlinks/)"
72.30.161.222 - - [04/Jan/2013:19:25:43 +0100] "GET /robots.txt HTTP/1.0" 404 1181 "-" "Mozilla/5.0 (compatible; Yahoo! Slurp; http://help.yahoo.com/help/us/ysearch/slurp)"
72.30.161.222 - - [04/Jan/2013:19:25:44 +0100] "GET /fiok/ HTTP/1.0" 200 20554 "-" "Mozilla/5.0 (compatible; Yahoo! Slurp; http://help.yahoo.com/help/us/ysearch/slurp)"
72.30.161.222 - - [04/Jan/2013:19:25:44 +0100] "GET /fiok/css/lightbox.css HTTP/1.0" 200 1715 "http://www.beklen.hu/fiok/" "Mozilla/5.0 (compatible; Yahoo! Slurp; http://help.yahoo.com/help/us/ysearch/slurp)"
180.76.5.144 - - [04/Jan/2013:20:30:57 +0100] "GET /fiok/program_reszek/turazas.htm HTTP/1.1" 200 22754 "-" "Mozilla/5.0 (compatible; Baiduspider/2.0; +http://www.baidu.com/search/spider.html)"
216.145.17.190 - - [04/Jan/2013:20:38:36 +0100] "GET /robots.txt HTTP/1.0" 404 1181 "-" "Mozilla/5.0 (Windows; U; Windows NT 5.1; en; rv:1.9.0.13) Gecko/2009073022 Firefox/3.5.2 (.NET CLR 3.5.30729) SurveyBot/2.3 (DomainTools)"
216.145.17.190 - - [04/Jan/2013:20:38:36 +0100] "GET / HTTP/1.1" 200 23965 "http://whois.domaintools.com/beklen.hu" "Mozilla/5.0 (Windows; U; Windows NT 5.1; en; rv:1.9.0.13) Gecko/2009073022 Firefox/3.5.2 (.NET CLR 3.5.30729) SurveyBot/2.3 (DomainTools)"
65.55.211.184 - - [04/Jan/2013:21:08:38 +0100] "GET /robots.txt HTTP/1.1" 404 1181 "-" "msnbot-media/1.1 (+http://search.msn.com/msnbot.htm)"
65.55.211.184 - - [04/Jan/2013:21:08:38 +0100] "GET /jog/img/320/albofalevel1.jpg HTTP/1.1" 200 14351 "-" "msnbot-media/1.1 (+http://search.msn.com/msnbot.htm)"
146.52.210.34 - - [04/Jan/2013:21:56:52 +0100] "GET /jog/publikaciok.htm HTTP/1.1" 200 17866 "-" "findlinks/2.0.2 (+http://wortschatz.uni-leipzig.de/findlinks/)"
91.146.166.138 - - [04/Jan/2013:22:39:50 +0100] "GET /jog/eseteink/audi/audi_gyor_restoration_measures1-10.pdf HTTP/1.1" 200 66772 "http://www.google.hu/url?sa=t&rct=j&q=&esrc=s&source=web&cd=1&ved=0CC4QFjAA&url=http%3A%2F%2Fwww.beklen.hu%2Fjog%2Feseteink%2Faudi%2Faudi_gyor_restoration_measures1-10.pdf&ei=FEznUJroBsXFtAaUn4CIBQ&usg=AFQjCNE5kCGiUpJed4VX6nFNeJ8jPtSNqA&sig2=FbfOBK4busxZd4tFPjgVRg&bvm=bv.1355534169,d.Yms" "Mozilla/5.0 (Windows NT 5.1; rv:17.0) Gecko/20100101 Firefox/17.0"
91.146.166.138 - - [04/Jan/2013:22:39:50 +0100] "GET /favicon.ico HTTP/1.1" 404 1181 "-" "Mozilla/5.0 (Windows NT 5.1; rv:17.0) Gecko/20100101 Firefox/17.0"
91.146.166.138 - - [04/Jan/2013:22:39:50 +0100] "GET /favicon.ico HTTP/1.1" 404 1181 "-" "Mozilla/5.0 (Windows NT 5.1; rv:17.0) Gecko/20100101 Firefox/17.0"
91.146.166.138 - - [04/Jan/2013:22:39:53 +0100] "GET /jog/eseteink/audi/audi_gyor_restoration_measures1-10.pdf HTTP/1.1" 200 568252 "http://www.beklen.hu/jog/eseteink/audi/audi_gyor_restoration_measures1-10.pdf" "Mozilla/5.0 (Windows NT 5.1; rv:17.0) Gecko/20100101 Firefox/17.0"
91.146.166.138 - - [04/Jan/2013:22:39:53 +0100] "GET /jog/eseteink/audi/audi_gyor_restoration_measures1-10.pdf HTTP/1.1" 206 4290 "-" "Mozilla/5.0 (Windows NT 5.1; rv:17.0) Gecko/20100101 Firefox/17.0"
91.146.166.138 - - [04/Jan/2013:22:39:53 +0100] "GET /jog/eseteink/audi/audi_gyor_restoration_measures1-10.pdf HTTP/1.1" 206 4299 "-" "Mozilla/5.0 (Windows NT 5.1; rv:17.0) Gecko/20100101 Firefox/17.0"
91.146.166.138 - - [04/Jan/2013:22:39:53 +0100] "GET /jog/eseteink/audi/audi_gyor_restoration_measures1-10.pdf HTTP/1.1" 206 4299 "-" "Mozilla/5.0 (Windows NT 5.1; rv:17.0) Gecko/20100101 Firefox/17.0"
91.146.166.138 - - [04/Jan/2013:22:39:57 +0100] "GET /jog/eseteink/audi/audi_gyor_restoration_measures1-10.pdf HTTP/1.1" 206 3835269 "-" "Mozilla/5.0 (Windows NT 5.1; rv:17.0) Gecko/20100101 Firefox/17.0"
178.33.142.57 - - [04/Jan/2013:22:44:53 +0100] "HEAD / HTTP/1.0" 200 0 "-" "Mozilla/5.0 (Macintosh; U; PPC Mac OS X; en) AppleWebKit/124 (KHTML, like Gecko) Safari/125"
178.33.142.57 - - [04/Jan/2013:22:44:53 +0100] "GET / HTTP/1.0" 200 23965 "-" "Mozilla/5.0 (Windows; I; Windows NT 5.1; en; rv:1.9.2.13) Gecko/20100101 Firefox/5.0.1"
139.30.201.178 - - [04/Jan/2013:22:46:31 +0100] "GET /jog/eljarasokrol.htm HTTP/1.1" 200 14427 "-" "findlinks/2.6 (+http://wortschatz.uni-leipzig.de/findlinks/)"
65.55.212.187 - - [04/Jan/2013:22:47:14 +0100] "GET /robots.txt HTTP/1.1" 404 1181 "-" "msnbot-media/1.1 (+http://search.msn.com/msnbot.htm)"
65.55.212.187 - - [04/Jan/2013:22:47:14 +0100] "GET /jog_honlap_.jpg HTTP/1.1" 200 7186 "-" "msnbot-media/1.1 (+http://search.msn.com/msnbot.htm)"
66.249.76.62 - - [05/Jan/2013:00:40:05 +0100] "GET /robots.txt HTTP/1.1" 404 1181 "-" "Mozilla/5.0 (compatible; Googlebot/2.1; +http://www.google.com/bot.html)"
66.249.78.60 - - [05/Jan/2013:00:40:05 +0100] "GET / HTTP/1.1" 200 23965 "-" "SAMSUNG-SGH-E250/1.0 Profile/MIDP-2.0 Configuration/CLDC-1.1 UP.Browser/6.2.3.3.c.1.101 (GUI) MMP/2.0 (compatible; Googlebot-Mobile/2.1; +http://www.google.com/bot.html)"
65.55.211.150 - - [05/Jan/2013:03:02:31 +0100] "GET /robots.txt HTTP/1.1" 404 1181 "-" "msnbot-media/1.1 (+http://search.msn.com/msnbot.htm)"
65.55.211.150 - - [05/Jan/2013:03:02:32 +0100] "GET /a1_projekt_tabla_infra_cs3_beklenhaz_.jpg HTTP/1.1" 200 8994 "-" "msnbot-media/1.1 (+http://search.msn.com/msnbot.htm)"
208.115.113.84 - - [05/Jan/2013:03:15:24 +0100] "GET /robots.txt HTTP/1.1" 404 1181 "-" "Mozilla/5.0 (compatible; Ezooms/1.0; ezooms.bot@gmail.com)"
37.140.141.19 - - [05/Jan/2013:03:48:24 +0100] "GET /robots.txt HTTP/1.1" 404 1181 "-" "Mozilla/5.0 (compatible; YandexImages/3.0; +http://yandex.com/bots)"
208.115.113.84 - - [05/Jan/2013:05:29:24 +0100] "GET /jog/eljarasokrol.htm HTTP/1.1" 200 14427 "-" "Mozilla/5.0 (compatible; Ezooms/1.0; ezooms.bot@gmail.com)"
71.176.66.73 - - [05/Jan/2013:06:19:14 +0100] "GET /robots.txt HTTP/1.0" 404 1181 "-" "Mozilla/5.0 (compatible; MJ12bot/v1.4.3; http://www.majestic12.co.uk/bot.php?+)"
71.176.66.73 - - [05/Jan/2013:06:19:29 +0100] "GET / HTTP/1.1" 200 23965 "-" "Mozilla/5.0 (compatible; MJ12bot/v1.4.3; http://www.majestic12.co.uk/bot.php?+)"
157.55.32.57 - - [05/Jan/2013:06:29:56 +0100] "GET /robots.txt HTTP/1.1" 404 1181 "-" "Mozilla/5.0 (compatible; bingbot/2.0; +http://www.bing.com/bingbot.htm)"
157.55.33.49 - - [05/Jan/2013:06:37:55 +0100] "GET /jog/eseteink/korosladany/index.htm HTTP/1.1" 304 - "-" "Mozilla/5.0 (compatible; bingbot/2.0; +http://www.bing.com/bingbot.htm)"
66.249.76.62 - - [05/Jan/2013:06:41:36 +0100] "GET /robots.txt HTTP/1.1" 404 1181 "-" "Mozilla/5.0 (compatible; Googlebot/2.1; +http://www.google.com/bot.html)"
66.249.76.62 - - [05/Jan/2013:06:41:36 +0100] "GET /deutsch/index.htm HTTP/1.1" 200 5324 "-" "DoCoMo/2.0 N905i(c100;TB;W24H16) (compatible; Googlebot-Mobile/2.1; +http://www.google.com/bot.html)"
157.55.32.57 - - [05/Jan/2013:07:03:46 +0100] "GET /jog/zoldombudsman.htm HTTP/1.1" 200 13369 "-" "Mozilla/5.0 (compatible; bingbot/2.0; +http://www.bing.com/bingbot.htm)"
37.140.141.19 - - [05/Jan/2013:07:13:04 +0100] "GET /jog/eseteink/poroszlo/villa__.jpg HTTP/1.1" 200 7062 "-" "Mozilla/5.0 (compatible; YandexImages/3.0; +http://yandex.com/bots)"
146.52.210.34 - - [05/Jan/2013:07:14:28 +0100] "GET /jog/tippek.htm HTTP/1.1" 200 13697 "-" "findlinks/2.0.2 (+http://wortschatz.uni-leipzig.de/findlinks/)"
208.115.113.84 - - [05/Jan/2013:07:17:14 +0100] "GET /robots.txt HTTP/1.1" 404 1181 "-" "Mozilla/5.0 (compatible; Ezooms/1.0; ezooms.bot@gmail.com)"
66.249.78.60 - - [05/Jan/2013:07:21:50 +0100] "GET /hirek/hirek100728.htm HTTP/1.1" 200 7560 "-" "Mozilla/5.0 (compatible; Googlebot/2.1; +http://www.google.com/bot.html)"
66.249.78.60 - - [05/Jan/2013:07:38:50 +0100] "GET /hirek/eszkozok/002.jpg HTTP/1.1" 200 61589 "-" "Mozilla/5.0 (compatible; Googlebot/2.1; +http://www.google.com/bot.html)"
66.249.78.60 - - [05/Jan/2013:07:38:53 +0100] "GET /hirek/eszkozok/004.jpg HTTP/1.1" 200 66529 "-" "Mozilla/5.0 (compatible; Googlebot/2.1; +http://www.google.com/bot.html)"
66.249.78.60 - - [05/Jan/2013:07:38:54 +0100] "GET /hirek/eszkozok/001.jpg HTTP/1.1" 200 68879 "-" "Mozilla/5.0 (compatible; Googlebot/2.1; +http://www.google.com/bot.html)"
66.249.76.62 - - [05/Jan/2013:07:38:55 +0100] "GET /hirek/eszkozok/006.jpg HTTP/1.1" 200 73379 "-" "Mozilla/5.0 (compatible; Googlebot/2.1; +http://www.google.com/bot.html)"
208.115.111.68 - - [05/Jan/2013:09:05:25 +0100] "GET /robots.txt HTTP/1.1" 404 1181 "-" "Mozilla/5.0 (compatible; Ezooms/1.0; ezooms.bot@gmail.com)"
208.115.113.84 - - [05/Jan/2013:09:24:35 +0100] "GET /hirek/hirek091103.htm HTTP/1.1" 200 7301 "-" "Mozilla/5.0 (compatible; Ezooms/1.0; ezooms.bot@gmail.com)"
65.55.52.118 - - [05/Jan/2013:11:15:31 +0100] "GET /robots.txt HTTP/1.1" 404 1181 "-" "Mozilla/5.0 (compatible; bingbot/2.0; +http://www.bing.com/bingbot.htm)"
65.55.52.118 - - [05/Jan/2013:11:17:30 +0100] "GET /kapcsolat.htm HTTP/1.1" 304 - "-" "Mozilla/5.0 (compatible; bingbot/2.0; +http://www.bing.com/bingbot.htm)"
66.249.78.60 - - [05/Jan/2013:11:38:55 +0100] "GET /deutsch/index.htm HTTP/1.1" 200 5324 "-" "SAMSUNG-SGH-E250/1.0 Profile/MIDP-2.0 Configuration/CLDC-1.1 UP.Browser/6.2.3.3.c.1.101 (GUI) MMP/2.0 (compatible; Googlebot-Mobile/2.1; +http://www.google.com/bot.html)"
208.115.111.68 - - [05/Jan/2013:11:49:40 +0100] "GET /deutsch/programme.htm HTTP/1.1" 200 6045 "-" "Mozilla/5.0 (compatible; Ezooms/1.0; ezooms.bot@gmail.com)"
66.249.78.60 - - [05/Jan/2013:12:14:14 +0100] "GET /programok.htm HTTP/1.1" 304 - "-" "Mozilla/5.0 (iPhone; U; CPU iPhone OS 4_1 like Mac OS X; en-us) AppleWebKit/532.9 (KHTML, like Gecko) Version/4.0.5 Mobile/8B117 Safari/6531.22.7 (compatible; Googlebot-Mobile/2.1; +http://www.google.com/bot.html)"
157.55.33.49 - - [05/Jan/2013:12:44:32 +0100] "GET /robots.txt HTTP/1.1" 404 1181 "-" "Mozilla/5.0 (compatible; bingbot/2.0; +http://www.bing.com/bingbot.htm)"
37.140.141.19 - - [05/Jan/2013:12:46:05 +0100] "GET /jog/eseteink/derekegyhaza/kepek/dalerd__.jpg HTTP/1.1" 200 6281 "-" "Mozilla/5.0 (compatible; YandexImages/3.0; +http://yandex.com/bots)"
157.55.33.49 - - [05/Jan/2013:12:46:29 +0100] "GET /jog/tapasztalatszerzok.htm HTTP/1.1" 200 12148 "-" "Mozilla/5.0 (compatible; bingbot/2.0; +http://www.bing.com/bingbot.htm)"
180.76.6.211 - - [05/Jan/2013:13:05:37 +0100] "GET /fiok/program_reszek/news.html HTTP/1.1" 404 1181 "-" "Mozilla/5.0 (compatible; Baiduspider/2.0; +http://www.baidu.com/search/spider.html)"
66.249.76.62 - - [05/Jan/2013:13:59:46 +0100] "GET /jog/eseteink/derekegyhaza/index.htm HTTP/1.1" 304 - "-" "Mozilla/5.0 (compatible; Googlebot/2.1; +http://www.google.com/bot.html)"
66.249.76.62 - - [05/Jan/2013:14:44:36 +0100] "GET /jog/rendorsegifeljelentes.htm HTTP/1.1" 200 13536 "-" "Mozilla/5.0 (compatible; Googlebot/2.1; +http://www.google.com/bot.html)"
66.249.78.60 - - [05/Jan/2013:14:57:32 +0100] "GET /hirek/klimatv_civilcikk.doc HTTP/1.1" 200 78336 "-" "Mozilla/5.0 (compatible; Googlebot/2.1; +http://www.google.com/bot.html)"
66.249.78.60 - - [05/Jan/2013:14:58:51 +0100] "GET /hirek/hirek101025.htm HTTP/1.1" 304 - "-" "Mozilla/5.0 (compatible; Googlebot/2.1; +http://www.google.com/bot.html)"
66.249.78.60 - - [05/Jan/2013:15:09:55 +0100] "GET /jog/eseteink/autopalya/index.htm HTTP/1.1" 304 - "-" "Mozilla/5.0 (compatible; Googlebot/2.1; +http://www.google.com/bot.html)"
66.249.78.60 - - [05/Jan/2013:15:13:01 +0100] "GET /jog/eseteink/audi/additional_information_on_the_compensatory_measures_provided_by_hungarian_authorities_at_the_request_of_the_commission_1.pdf HTTP/1.1" 200 3383998 "-" "Mozilla/5.0 (compatible; Googlebot/2.1; +http://www.google.com/bot.html)"
66.249.76.62 - - [05/Jan/2013:15:17:17 +0100] "GET /jog/eseteink/derekegyhaza/ugyeszseg_1.pdf HTTP/1.1" 304 - "-" "Mozilla/5.0 (compatible; Googlebot/2.1; +http://www.google.com/bot.html)"
66.249.78.60 - - [05/Jan/2013:15:17:55 +0100] "GET /fiok/ HTTP/1.1" 304 - "-" "Mozilla/5.0 (compatible; Googlebot/2.1; +http://www.google.com/bot.html)"
66.249.78.60 - - [05/Jan/2013:15:25:54 +0100] "GET /jog/eseteink/korosladany/korosladany-onkormanyzat.pdf HTTP/1.1" 200 145046 "-" "Mozilla/5.0 (compatible; Googlebot/2.1; +http://www.google.com/bot.html)"
66.249.76.62 - - [05/Jan/2013:15:48:00 +0100] "GET /hirek/Natura_2000es_gyepgazdalkodas_eloirasai.ppt HTTP/1.1" 304 - "-" "Mozilla/5.0 (compatible; Googlebot/2.1; +http://www.google.com/bot.html)"
66.249.78.60 - - [05/Jan/2013:16:20:08 +0100] "GET /fiok/ HTTP/1.1" 304 - "-" "Mozilla/5.0 (compatible; Googlebot/2.1; +http://www.google.com/bot.html)"
66.249.78.60 - - [05/Jan/2013:16:22:25 +0100] "GET /nca09.htm HTTP/1.1" 200 24315 "-" "Mozilla/5.0 (compatible; Googlebot/2.1; +http://www.google.com/bot.html)"
37.140.141.19 - - [05/Jan/2013:17:31:05 +0100] "GET /jog/eseteink/derekegyhaza/kepek/dalerd_.jpg HTTP/1.1" 200 126984 "-" "Mozilla/5.0 (compatible; YandexImages/3.0; +http://yandex.com/bots)"
113.212.70.211 - - [05/Jan/2013:18:25:58 +0100] "GET /fiok/ HTTP/1.0" 200 20554 "http://www.beklen.hu/fiok/" "Mozilla/4.0 (compatible; MSIE 6.0; Windows 98; Win 9x 4.90)"
139.30.201.178 - - [05/Jan/2013:18:37:40 +0100] "GET /fiok/index.html HTTP/1.1" 200 20554 "-" "findlinks/2.6 (+http://wortschatz.uni-leipzig.de/findlinks/)"
180.76.5.185 - - [05/Jan/2013:19:04:00 +0100] "GET /fiok/program_reszek/lovaglas.htm HTTP/1.1" 200 21486 "-" "Mozilla/5.0 (compatible; Baiduspider/2.0; +http://www.baidu.com/search/spider.html)"
208.115.113.84 - - [05/Jan/2013:19:11:15 +0100] "GET /robots.txt HTTP/1.1" 404 1181 "-" "Mozilla/5.0 (compatible; Ezooms/1.0; ezooms.bot@gmail.com)"
66.249.78.60 - - [05/Jan/2013:20:17:40 +0100] "GET /robots.txt HTTP/1.1" 404 1181 "-" "Mozilla/5.0 (compatible; Googlebot/2.1; +http://www.google.com/bot.html)"
66.249.76.62 - - [05/Jan/2013:20:17:41 +0100] "GET /fiok/programok.htm HTTP/1.1" 200 18165 "-" "Mozilla/5.0 (iPhone; U; CPU iPhone OS 4_1 like Mac OS X; en-us) AppleWebKit/532.9 (KHTML, like Gecko) Version/4.0.5 Mobile/8B117 Safari/6531.22.7 (compatible; Googlebot-Mobile/2.1; +http://www.google.com/bot.html)"
66.249.76.62 - - [05/Jan/2013:20:33:05 +0100] "GET / HTTP/1.1" 200 23965 "-" "DoCoMo/2.0 N905i(c100;TB;W24H16) (compatible; Googlebot-Mobile/2.1; +http://www.google.com/bot.html)"
208.115.113.84 - - [05/Jan/2013:20:46:56 +0100] "GET /hirek/hirek091015.htm HTTP/1.1" 200 7046 "-" "Mozilla/5.0 (compatible; Ezooms/1.0; ezooms.bot@gmail.com)"
208.115.113.84 - - [05/Jan/2013:20:47:13 +0100] "GET /hirek/hirek101213.htm HTTP/1.1" 200 8671 "-" "Mozilla/5.0 (compatible; Ezooms/1.0; ezooms.bot@gmail.com)"
37.140.141.19 - - [05/Jan/2013:20:49:35 +0100] "GET /jog/eseteink/poroszlo/villa__.jpg HTTP/1.1" 200 7062 "-" "Mozilla/5.0 (compatible; YandexImages/3.0; +http://yandex.com/bots)"
139.18.2.209 - - [05/Jan/2013:22:18:11 +0100] "GET /jog/ugyfeljogok.htm HTTP/1.1" 200 14279 "-" "findlinks/2.6 (+http://wortschatz.uni-leipzig.de/findlinks/)"
208.115.113.84 - - [05/Jan/2013:23:09:24 +0100] "GET /robots.txt HTTP/1.1" 404 1181 "-" "Mozilla/5.0 (compatible; Ezooms/1.0; ezooms.bot@gmail.com)"
66.249.78.60 - - [05/Jan/2013:23:12:07 +0100] "GET / HTTP/1.1" 200 23965 "-" "Mozilla/5.0 (compatible; Googlebot/2.1; +http://www.google.com/bot.html)"
66.249.78.60 - - [05/Jan/2013:23:24:10 +0100] "GET /lb/js/lightbox.js HTTP/1.1" 200 23424 "-" "Mozilla/5.0 (compatible; Googlebot/2.1; +http://www.google.com/bot.html)"
66.249.78.60 - - [05/Jan/2013:23:24:11 +0100] "GET /lb/js/prototype.js HTTP/1.1" 200 47603 "-" "Mozilla/5.0 (compatible; Googlebot/2.1; +http://www.google.com/bot.html)"
66.249.76.62 - - [05/Jan/2013:23:24:18 +0100] "GET /nimfea_project_250x250.gif HTTP/1.1" 200 2986583 "-" "Mozilla/5.0 (compatible; Googlebot/2.1; +http://www.google.com/bot.html)"
66.249.78.60 - - [05/Jan/2013:23:24:18 +0100] "GET /lb/js/effects.js HTTP/1.1" 200 31969 "-" "Mozilla/5.0 (compatible; Googlebot/2.1; +http://www.google.com/bot.html)"
66.249.78.60 - - [05/Jan/2013:23:24:20 +0100] "GET /lb/css/lightbox.css HTTP/1.1" 200 1715 "-" "Mozilla/5.0 (compatible; Googlebot/2.1; +http://www.google.com/bot.html)"
139.18.2.209 - - [05/Jan/2013:23:33:15 +0100] "GET /nca05.htm HTTP/1.1" 200 16412 "-" "findlinks/2.6 (+http://wortschatz.uni-leipzig.de/findlinks/)"
66.249.78.60 - - [06/Jan/2013:00:10:20 +0100] "GET /jog/eseteink/dakar/dakar_0804_kdtktvf_engedely.pdf HTTP/1.1" 304 - "-" "Mozilla/5.0 (compatible; Googlebot/2.1; +http://www.google.com/bot.html)"
66.249.76.62 - - [06/Jan/2013:00:17:16 +0100] "GET /jog/eseteink/audi/audi_epiteszeti_elj.pdf HTTP/1.1" 200 384562 "-" "Mozilla/5.0 (compatible; Googlebot/2.1; +http://www.google.com/bot.html)"
173.199.119.35 - - [06/Jan/2013:00:32:08 +0100] "GET /robots.txt HTTP/1.1" 404 1181 "-" "Mozilla/5.0 (compatible; AhrefsBot/4.0; +http://ahrefs.com/robot/)"
208.115.113.84 - - [06/Jan/2013:00:43:52 +0100] "GET /programok.htm HTTP/1.1" 200 6444 "-" "Mozilla/5.0 (compatible; Ezooms/1.0; ezooms.bot@gmail.com)"
180.76.5.176 - - [06/Jan/2013:01:40:48 +0100] "GET /fiok/program_reszek/csaladbarat.htm HTTP/1.1" 200 20928 "-" "Mozilla/5.0 (compatible; Baiduspider/2.0; +http://www.baidu.com/search/spider.html)"
139.18.2.209 - - [06/Jan/2013:01:40:50 +0100] "GET /index.htm HTTP/1.1" 200 23965 "-" "findlinks/2.6 (+http://wortschatz.uni-leipzig.de/findlinks/)"
66.249.78.60 - - [06/Jan/2013:02:15:58 +0100] "GET /jog/jogszabalyok/2001-es%20vedett%20lista.pdf HTTP/1.1" 304 - "-" "Mozilla/5.0 (compatible; Googlebot/2.1; +http://www.google.com/bot.html)"
66.249.78.60 - - [06/Jan/2013:02:27:20 +0100] "GET /jog/ugyfeljogok.htm HTTP/1.1" 304 - "-" "Mozilla/5.0 (compatible; Googlebot/2.1; +http://www.google.com/bot.html)"
72.30.161.222 - - [06/Jan/2013:03:58:09 +0100] "GET /robots.txt HTTP/1.0" 404 1181 "-" "Mozilla/5.0 (compatible; Yahoo! Slurp; http://help.yahoo.com/help/us/ysearch/slurp)"
72.30.161.222 - - [06/Jan/2013:03:58:10 +0100] "GET /fiok/ HTTP/1.0" 304 - "-" "Mozilla/5.0 (compatible; Yahoo! Slurp; http://help.yahoo.com/help/us/ysearch/slurp)"
72.30.161.222 - - [06/Jan/2013:03:58:13 +0100] "GET /fiok/css/lightbox.css HTTP/1.0" 304 - "http://www.beklen.hu/fiok/" "Mozilla/5.0 (compatible; Yahoo! Slurp; http://help.yahoo.com/help/us/ysearch/slurp)"
66.249.78.60 - - [06/Jan/2013:04:27:35 +0100] "GET /hirek08_12.htm HTTP/1.1" 304 - "-" "Mozilla/5.0 (iPhone; U; CPU iPhone OS 4_1 like Mac OS X; en-us) AppleWebKit/532.9 (KHTML, like Gecko) Version/4.0.5 Mobile/8B117 Safari/6531.22.7 (compatible; Googlebot-Mobile/2.1; +http://www.google.com/bot.html)"
139.18.2.209 - - [06/Jan/2013:04:48:56 +0100] "GET /fiok/kapcsolat.htm HTTP/1.1" 200 17416 "-" "findlinks/2.6 (+http://wortschatz.uni-leipzig.de/findlinks/)"
208.115.111.68 - - [06/Jan/2013:05:12:08 +0100] "GET /robots.txt HTTP/1.1" 404 1181 "-" "Mozilla/5.0 (compatible; Ezooms/1.0; ezooms.bot@gmail.com)"
130.83.167.153 - - [06/Jan/2013:05:30:51 +0100] "GET /nca06.htm HTTP/1.1" 200 19034 "-" "findlinks/2.6 (+http://wortschatz.uni-leipzig.de/findlinks/)"
66.249.76.62 - - [06/Jan/2013:05:51:14 +0100] "GET /english/index.htm HTTP/1.1" 200 5262 "-" "DoCoMo/2.0 N905i(c100;TB;W24H16) (compatible; Googlebot-Mobile/2.1; +http://www.google.com/bot.html)"
139.18.2.17 - - [06/Jan/2013:07:00:17 +0100] "GET /nca09.htm HTTP/1.1" 200 24315 "-" "findlinks/2.6 (+http://wortschatz.uni-leipzig.de/findlinks/)"
208.115.113.84 - - [06/Jan/2013:07:09:57 +0100] "GET /robots.txt HTTP/1.1" 404 1181 "-" "Mozilla/5.0 (compatible; Ezooms/1.0; ezooms.bot@gmail.com)"
66.249.76.62 - - [06/Jan/2013:07:37:04 +0100] "GET /english/index.htm HTTP/1.1" 200 5262 "-" "SAMSUNG-SGH-E250/1.0 Profile/MIDP-2.0 Configuration/CLDC-1.1 UP.Browser/6.2.3.3.c.1.101 (GUI) MMP/2.0 (compatible; Googlebot-Mobile/2.1; +http://www.google.com/bot.html)"
208.115.111.68 - - [06/Jan/2013:07:51:31 +0100] "GET /kapcsolat.htm HTTP/1.1" 200 6889 "-" "Mozilla/5.0 (compatible; Ezooms/1.0; ezooms.bot@gmail.com)"
180.76.6.224 - - [06/Jan/2013:08:10:39 +0100] "GET /fiok/kapcsolat.htm HTTP/1.1" 200 17416 "-" "Mozilla/5.0 (compatible; Baiduspider/2.0; +http://www.baidu.com/search/spider.html)"
180.76.5.56 - - [06/Jan/2013:08:14:08 +0100] "GET /fiok/program_reszek/news.html HTTP/1.1" 404 1181 "-" "Mozilla/5.0 (compatible; Baiduspider/2.0; +http://www.baidu.com/search/spider.html)"
146.52.210.34 - - [06/Jan/2013:08:29:47 +0100] "GET /magunkrol.htm HTTP/1.1" 200 9202 "-" "findlinks/2.0.2 (+http://wortschatz.uni-leipzig.de/findlinks/)"
139.18.2.209 - - [06/Jan/2013:09:04:17 +0100] "GET /jog/tarseljarasok.htm HTTP/1.1" 200 13316 "-" "findlinks/2.6 (+http://wortschatz.uni-leipzig.de/findlinks/)"
208.115.113.84 - - [06/Jan/2013:09:22:02 +0100] "GET /civilmuhely.htm HTTP/1.1" 200 8450 "-" "Mozilla/5.0 (compatible; Ezooms/1.0; ezooms.bot@gmail.com)"
139.18.2.17 - - [06/Jan/2013:09:47:50 +0100] "GET /nca08.htm HTTP/1.1" 200 21795 "-" "findlinks/2.6 (+http://wortschatz.uni-leipzig.de/findlinks/)"
66.249.76.62 - - [06/Jan/2013:10:55:33 +0100] "GET /robots.txt HTTP/1.1" 404 1181 "-" "Mozilla/5.0 (compatible; Googlebot/2.1; +http://www.google.com/bot.html)"
66.249.78.60 - - [06/Jan/2013:10:55:33 +0100] "GET /hirek08_12.htm HTTP/1.1" 304 - "-" "Mozilla/5.0 (iPhone; U; CPU iPhone OS 4_1 like Mac OS X; en-us) AppleWebKit/532.9 (KHTML, like Gecko) Version/4.0.5 Mobile/8B117 Safari/6531.22.7 (compatible; Googlebot-Mobile/2.1; +http://www.google.com/bot.html)"
208.115.113.84 - - [06/Jan/2013:11:13:16 +0100] "GET /robots.txt HTTP/1.1" 404 1181 "-" "Mozilla/5.0 (compatible; Ezooms/1.0; ezooms.bot@gmail.com)"
