46.107.210.115 - - [31/Jan/2013:08:22:26 +0100] "GET /fiok/kornyezet.htm HTTP/1.1" 200 22582 "http://www.google.com" "Mozilla/5.0 (compatible; Esribot/1.0; http://www.esrihu.hu/)"
46.107.210.115 - - [31/Jan/2013:08:22:26 +0100] "GET /fiok/gazdasag.htm HTTP/1.1" 200 22480 "http://www.google.com" "Mozilla/5.0 (compatible; Esribot/1.0; http://www.esrihu.hu/)"
46.107.210.115 - - [31/Jan/2013:08:22:26 +0100] "GET /fiok/gazdasag.htm HTTP/1.1" 200 22480 "http://www.google.com" "Mozilla/5.0 (compatible; Esribot/1.0; http://www.esrihu.hu/)"
46.107.210.115 - - [31/Jan/2013:08:22:26 +0100] "GET /fiok/kapcsolat.htm HTTP/1.1" 200 17416 "http://www.google.com" "Mozilla/5.0 (compatible; Esribot/1.0; http://www.esrihu.hu/)"
46.107.210.115 - - [31/Jan/2013:08:22:27 +0100] "GET /fiok/kapcsolat.htm HTTP/1.1" 200 17416 "http://www.google.com" "Mozilla/5.0 (compatible; Esribot/1.0; http://www.esrihu.hu/)"
46.107.210.115 - - [31/Jan/2013:08:22:27 +0100] "GET /jog/eseteink.htm HTTP/1.1" 200 17277 "http://www.google.com" "Mozilla/5.0 (compatible; Esribot/1.0; http://www.esrihu.hu/)"
46.107.210.115 - - [31/Jan/2013:08:22:27 +0100] "GET /jog/eseteink.htm HTTP/1.1" 200 17277 "http://www.google.com" "Mozilla/5.0 (compatible; Esribot/1.0; http://www.esrihu.hu/)"
46.107.210.115 - - [31/Jan/2013:08:22:28 +0100] "GET /jog/tippek.htm HTTP/1.1" 200 13697 "http://www.google.com" "Mozilla/5.0 (compatible; Esribot/1.0; http://www.esrihu.hu/)"
46.107.210.115 - - [31/Jan/2013:08:22:28 +0100] "GET /jog/tippek.htm HTTP/1.1" 200 13697 "http://www.google.com" "Mozilla/5.0 (compatible; Esribot/1.0; http://www.esrihu.hu/)"
46.107.210.115 - - [31/Jan/2013:08:22:28 +0100] "GET /jog/eljarasokrol.htm HTTP/1.1" 200 14427 "http://www.google.com" "Mozilla/5.0 (compatible; Esribot/1.0; http://www.esrihu.hu/)"
46.107.210.115 - - [31/Jan/2013:08:22:28 +0100] "GET /jog/eljarasokrol.htm HTTP/1.1" 200 14427 "http://www.google.com" "Mozilla/5.0 (compatible; Esribot/1.0; http://www.esrihu.hu/)"
46.107.210.115 - - [31/Jan/2013:08:22:29 +0100] "GET /jog/adathozzaferes.htm HTTP/1.1" 200 13800 "http://www.google.com" "Mozilla/5.0 (compatible; Esribot/1.0; http://www.esrihu.hu/)"
46.107.210.115 - - [31/Jan/2013:08:22:29 +0100] "GET /jog/adathozzaferes.htm HTTP/1.1" 200 13800 "http://www.google.com" "Mozilla/5.0 (compatible; Esribot/1.0; http://www.esrihu.hu/)"
46.107.210.115 - - [31/Jan/2013:08:22:29 +0100] "GET /jog/ugyfeljogok.htm HTTP/1.1" 200 14279 "http://www.google.com" "Mozilla/5.0 (compatible; Esribot/1.0; http://www.esrihu.hu/)"
46.107.210.115 - - [31/Jan/2013:08:22:29 +0100] "GET /jog/ugyfeljogok.htm HTTP/1.1" 200 14279 "http://www.google.com" "Mozilla/5.0 (compatible; Esribot/1.0; http://www.esrihu.hu/)"
46.107.210.115 - - [31/Jan/2013:08:22:29 +0100] "GET /jog/eljaraskezd.htm HTTP/1.1" 200 13730 "http://www.google.com" "Mozilla/5.0 (compatible; Esribot/1.0; http://www.esrihu.hu/)"
46.107.210.115 - - [31/Jan/2013:08:22:29 +0100] "GET /jog/eljaraskezd.htm HTTP/1.1" 200 13730 "http://www.google.com" "Mozilla/5.0 (compatible; Esribot/1.0; http://www.esrihu.hu/)"
46.107.210.115 - - [31/Jan/2013:08:22:30 +0100] "GET /jog/tarseljarasok.htm HTTP/1.1" 200 13316 "http://www.google.com" "Mozilla/5.0 (compatible; Esribot/1.0; http://www.esrihu.hu/)"
46.107.210.115 - - [31/Jan/2013:08:22:30 +0100] "GET /jog/tarseljarasok.htm HTTP/1.1" 200 13316 "http://www.google.com" "Mozilla/5.0 (compatible; Esribot/1.0; http://www.esrihu.hu/)"
46.107.210.115 - - [31/Jan/2013:08:22:30 +0100] "GET /jog/rendorsegifeljelentes.htm HTTP/1.1" 200 13536 "http://www.google.com" "Mozilla/5.0 (compatible; Esribot/1.0; http://www.esrihu.hu/)"
46.107.210.115 - - [31/Jan/2013:08:22:31 +0100] "GET /jog/rendorsegifeljelentes.htm HTTP/1.1" 200 13536 "http://www.google.com" "Mozilla/5.0 (compatible; Esribot/1.0; http://www.esrihu.hu/)"
46.107.210.115 - - [31/Jan/2013:08:22:31 +0100] "GET /jog/ugyeszsegek.htm HTTP/1.1" 200 13810 "http://www.google.com" "Mozilla/5.0 (compatible; Esribot/1.0; http://www.esrihu.hu/)"
46.107.210.115 - - [31/Jan/2013:08:22:31 +0100] "GET /jog/ugyeszsegek.htm HTTP/1.1" 200 13810 "http://www.google.com" "Mozilla/5.0 (compatible; Esribot/1.0; http://www.esrihu.hu/)"
46.107.210.115 - - [31/Jan/2013:08:22:32 +0100] "GET /jog/zoldombudsman.htm HTTP/1.1" 200 13369 "http://www.google.com" "Mozilla/5.0 (compatible; Esribot/1.0; http://www.esrihu.hu/)"
46.107.210.115 - - [31/Jan/2013:08:22:32 +0100] "GET /jog/zoldombudsman.htm HTTP/1.1" 200 13369 "http://www.google.com" "Mozilla/5.0 (compatible; Esribot/1.0; http://www.esrihu.hu/)"
46.107.210.115 - - [31/Jan/2013:08:22:32 +0100] "GET /jog/polgariper.htm HTTP/1.1" 200 13964 "http://www.google.com" "Mozilla/5.0 (compatible; Esribot/1.0; http://www.esrihu.hu/)"
46.107.210.115 - - [31/Jan/2013:08:22:32 +0100] "GET /jog/polgariper.htm HTTP/1.1" 200 13964 "http://www.google.com" "Mozilla/5.0 (compatible; Esribot/1.0; http://www.esrihu.hu/)"
46.107.210.115 - - [31/Jan/2013:08:22:32 +0100] "GET /jog/slapp.htm HTTP/1.1" 200 21314 "http://www.google.com" "Mozilla/5.0 (compatible; Esribot/1.0; http://www.esrihu.hu/)"
46.107.210.115 - - [31/Jan/2013:08:22:32 +0100] "GET /jog/slapp.htm HTTP/1.1" 200 21314 "http://www.google.com" "Mozilla/5.0 (compatible; Esribot/1.0; http://www.esrihu.hu/)"
46.107.210.115 - - [31/Jan/2013:08:22:33 +0100] "GET /jog/publikaciok.htm HTTP/1.1" 200 17866 "http://www.google.com" "Mozilla/5.0 (compatible; Esribot/1.0; http://www.esrihu.hu/)"
46.107.210.115 - - [31/Jan/2013:08:22:33 +0100] "GET /jog/publikaciok.htm HTTP/1.1" 200 17866 "http://www.google.com" "Mozilla/5.0 (compatible; Esribot/1.0; http://www.esrihu.hu/)"
46.107.210.115 - - [31/Jan/2013:08:22:34 +0100] "GET /jog/jogihatter.htm HTTP/1.1" 200 18691 "http://www.google.com" "Mozilla/5.0 (compatible; Esribot/1.0; http://www.esrihu.hu/)"
46.107.210.115 - - [31/Jan/2013:08:22:34 +0100] "GET /jog/jogihatter.htm HTTP/1.1" 200 18691 "http://www.google.com" "Mozilla/5.0 (compatible; Esribot/1.0; http://www.esrihu.hu/)"
46.107.210.115 - - [31/Jan/2013:08:22:34 +0100] "GET /jog/jogsegely.htm HTTP/1.1" 200 14053 "http://www.google.com" "Mozilla/5.0 (compatible; Esribot/1.0; http://www.esrihu.hu/)"
46.107.210.115 - - [31/Jan/2013:08:22:34 +0100] "GET /jog/jogsegely.htm HTTP/1.1" 200 14053 "http://www.google.com" "Mozilla/5.0 (compatible; Esribot/1.0; http://www.esrihu.hu/)"
46.107.210.115 - - [31/Jan/2013:08:22:35 +0100] "GET /jog/tapasztalatszerzok.htm HTTP/1.1" 200 12148 "http://www.google.com" "Mozilla/5.0 (compatible; Esribot/1.0; http://www.esrihu.hu/)"
46.107.210.115 - - [31/Jan/2013:08:22:35 +0100] "GET /jog/tapasztalatszerzok.htm HTTP/1.1" 200 12148 "http://www.google.com" "Mozilla/5.0 (compatible; Esribot/1.0; http://www.esrihu.hu/)"
46.107.210.115 - - [31/Jan/2013:08:22:35 +0100] "GET /jog/ HTTP/1.1" 200 13138 "http://www.google.com" "Mozilla/5.0 (compatible; Esribot/1.0; http://www.esrihu.hu/)"
46.107.210.115 - - [31/Jan/2013:08:22:35 +0100] "GET /jog/ HTTP/1.1" 200 13138 "http://www.google.com" "Mozilla/5.0 (compatible; Esribot/1.0; http://www.esrihu.hu/)"
46.107.210.115 - - [31/Jan/2013:08:22:35 +0100] "GET /hirek/fiok/index.html HTTP/1.1" 404 1181 "http://www.google.com" "Mozilla/5.0 (compatible; Esribot/1.0; http://www.esrihu.hu/)"
46.107.210.115 - - [31/Jan/2013:08:22:36 +0100] "GET /hirek/printscreenek/banner_emisszio.jpg HTTP/1.1" 200 103015 "http://www.google.com" "Mozilla/5.0 (compatible; Esribot/1.0; http://www.esrihu.hu/)"
46.107.210.115 - - [31/Jan/2013:08:22:36 +0100] "GET /hirek/printscreenek/banner_humusz2.jpg HTTP/1.1" 200 80222 "http://www.google.com" "Mozilla/5.0 (compatible; Esribot/1.0; http://www.esrihu.hu/)"
46.107.210.115 - - [31/Jan/2013:08:22:36 +0100] "GET /hirek/printscreenek/banner_kothalo.jpg HTTP/1.1" 200 82838 "http://www.google.com" "Mozilla/5.0 (compatible; Esribot/1.0; http://www.esrihu.hu/)"
46.107.210.115 - - [31/Jan/2013:08:22:36 +0100] "GET /hirek/printscreenek/banner_mkne.jpg HTTP/1.1" 200 70862 "http://www.google.com" "Mozilla/5.0 (compatible; Esribot/1.0; http://www.esrihu.hu/)"
46.107.210.115 - - [31/Jan/2013:08:22:37 +0100] "GET / HTTP/1.1" 200 23965 "http://www.google.com" "Mozilla/5.0 (compatible; Esribot/1.0; http://www.esrihu.hu/)"
46.107.210.115 - - [31/Jan/2013:08:22:37 +0100] "GET /hirek/printscreenek/banner_zoldkor.jpg HTTP/1.1" 200 83308 "http://www.google.com" "Mozilla/5.0 (compatible; Esribot/1.0; http://www.esrihu.hu/)"
46.107.210.115 - - [31/Jan/2013:08:22:37 +0100] "GET / HTTP/1.1" 200 23965 "http://www.google.com" "Mozilla/5.0 (compatible; Esribot/1.0; http://www.esrihu.hu/)"
46.107.210.115 - - [31/Jan/2013:08:22:37 +0100] "GET /hirek/printscreenek/Magosfa.jpg HTTP/1.1" 200 73726 "http://www.google.com" "Mozilla/5.0 (compatible; Esribot/1.0; http://www.esrihu.hu/)"
46.107.210.115 - - [31/Jan/2013:08:22:37 +0100] "GET /hirek/printscreenek/oktatokozpont.JPG HTTP/1.1" 200 119626 "http://www.google.com" "Mozilla/5.0 (compatible; Esribot/1.0; http://www.esrihu.hu/)"
46.107.210.115 - - [31/Jan/2013:08:22:38 +0100] "GET /hirek/fotok_alsoberettyo/DSCF2478.jpg HTTP/1.1" 200 119998 "http://www.google.com" "Mozilla/5.0 (compatible; Esribot/1.0; http://www.esrihu.hu/)"
46.107.210.115 - - [31/Jan/2013:08:22:38 +0100] "GET /hirek/fotok_alsoberettyo/DSCF2486.jpg HTTP/1.1" 200 99189 "http://www.google.com" "Mozilla/5.0 (compatible; Esribot/1.0; http://www.esrihu.hu/)"
46.107.210.115 - - [31/Jan/2013:08:22:39 +0100] "GET /hirek/fotok_alsoberettyo/DSCF2488.jpg HTTP/1.1" 200 99470 "http://www.google.com" "Mozilla/5.0 (compatible; Esribot/1.0; http://www.esrihu.hu/)"
46.107.210.115 - - [31/Jan/2013:08:22:39 +0100] "GET /hirek/fotok_alsoberettyo/DSCF2490.jpg HTTP/1.1" 200 97869 "http://www.google.com" "Mozilla/5.0 (compatible; Esribot/1.0; http://www.esrihu.hu/)"
46.107.210.115 - - [31/Jan/2013:08:22:40 +0100] "GET /hirek/fotok_tablokrol/DSCF2537.jpg HTTP/1.1" 200 131805 "http://www.google.com" "Mozilla/5.0 (compatible; Esribot/1.0; http://www.esrihu.hu/)"
46.107.210.115 - - [31/Jan/2013:08:22:40 +0100] "GET /hirek/fotok_tablokrol/DSCF2538.jpg HTTP/1.1" 200 156802 "http://www.google.com" "Mozilla/5.0 (compatible; Esribot/1.0; http://www.esrihu.hu/)"
46.107.210.115 - - [31/Jan/2013:08:22:41 +0100] "GET /hirek/fotok_tablokrol/DSCF2539.jpg HTTP/1.1" 200 178526 "http://www.google.com" "Mozilla/5.0 (compatible; Esribot/1.0; http://www.esrihu.hu/)"
46.107.210.115 - - [31/Jan/2013:08:22:41 +0100] "GET /hirek/fotok_tablokrol/DSCF2545.jpg HTTP/1.1" 200 143957 "http://www.google.com" "Mozilla/5.0 (compatible; Esribot/1.0; http://www.esrihu.hu/)"
46.107.210.115 - - [31/Jan/2013:08:22:41 +0100] "GET /hirek/eszkozok/001.jpg HTTP/1.1" 200 68879 "http://www.google.com" "Mozilla/5.0 (compatible; Esribot/1.0; http://www.esrihu.hu/)"
46.107.210.115 - - [31/Jan/2013:08:22:42 +0100] "GET /hirek/eszkozok/002.jpg HTTP/1.1" 200 61589 "http://www.google.com" "Mozilla/5.0 (compatible; Esribot/1.0; http://www.esrihu.hu/)"
46.107.210.115 - - [31/Jan/2013:08:22:42 +0100] "GET /hirek/eszkozok/004.jpg HTTP/1.1" 200 66529 "http://www.google.com" "Mozilla/5.0 (compatible; Esribot/1.0; http://www.esrihu.hu/)"
46.107.210.115 - - [31/Jan/2013:08:22:42 +0100] "GET /hirek/eszkozok/006.jpg HTTP/1.1" 200 73379 "http://www.google.com" "Mozilla/5.0 (compatible; Esribot/1.0; http://www.esrihu.hu/)"
46.107.210.115 - - [31/Jan/2013:08:22:42 +0100] "GET /hirek/eszkozok/eszkoz1.jpg HTTP/1.1" 200 24142 "http://www.google.com" "Mozilla/5.0 (compatible; Esribot/1.0; http://www.esrihu.hu/)"
46.107.210.115 - - [31/Jan/2013:08:22:43 +0100] "GET /hirek/eszkozok/eszkoz2.jpg HTTP/1.1" 200 28386 "http://www.google.com" "Mozilla/5.0 (compatible; Esribot/1.0; http://www.esrihu.hu/)"
46.107.210.115 - - [31/Jan/2013:08:22:43 +0100] "GET /hirek/eszkozok/eszkoz3.jpg HTTP/1.1" 200 28648 "http://www.google.com" "Mozilla/5.0 (compatible; Esribot/1.0; http://www.esrihu.hu/)"
46.107.210.115 - - [31/Jan/2013:08:22:43 +0100] "GET /hirek/eszkozok/eszkoz4.jpg HTTP/1.1" 200 51541 "http://www.google.com" "Mozilla/5.0 (compatible; Esribot/1.0; http://www.esrihu.hu/)"
46.107.210.115 - - [31/Jan/2013:08:22:44 +0100] "GET /hirek/Natura_2000es_gyepgazdalkodas_eloirasai.ppt HTTP/1.1" 200 333312 "http://www.google.com" "Mozilla/5.0 (compatible; Esribot/1.0; http://www.esrihu.hu/)"
46.107.210.115 - - [31/Jan/2013:08:22:44 +0100] "GET /hirek/hirek090930.htm HTTP/1.1" 200 7044 "http://www.google.com" "Mozilla/5.0 (compatible; Esribot/1.0; http://www.esrihu.hu/)"
46.107.210.115 - - [31/Jan/2013:08:22:44 +0100] "GET /hirek/hirek090930.htm HTTP/1.1" 200 7044 "http://www.google.com" "Mozilla/5.0 (compatible; Esribot/1.0; http://www.esrihu.hu/)"
46.107.210.115 - - [31/Jan/2013:08:22:44 +0100] "GET /hirek/jelentkezesi_lap.doc HTTP/1.1" 200 251392 "http://www.google.com" "Mozilla/5.0 (compatible; Esribot/1.0; http://www.esrihu.hu/)"
46.107.210.115 - - [31/Jan/2013:08:22:44 +0100] "GET /hirek/hirek090619.htm HTTP/1.1" 200 7871 "http://www.google.com" "Mozilla/5.0 (compatible; Esribot/1.0; http://www.esrihu.hu/)"
46.107.210.115 - - [31/Jan/2013:08:22:44 +0100] "GET /hirek/hirek090619.htm HTTP/1.1" 200 7871 "http://www.google.com" "Mozilla/5.0 (compatible; Esribot/1.0; http://www.esrihu.hu/)"
46.107.210.115 - - [31/Jan/2013:08:22:45 +0100] "GET /hirek/hirek090605.htm HTTP/1.1" 200 7994 "http://www.google.com" "Mozilla/5.0 (compatible; Esribot/1.0; http://www.esrihu.hu/)"
46.107.210.115 - - [31/Jan/2013:08:22:45 +0100] "GET /hirek/hirek090605.htm HTTP/1.1" 200 7994 "http://www.google.com" "Mozilla/5.0 (compatible; Esribot/1.0; http://www.esrihu.hu/)"
46.107.210.115 - - [31/Jan/2013:08:22:45 +0100] "GET /hirek/hirek090602.htm HTTP/1.1" 200 7261 "http://www.google.com" "Mozilla/5.0 (compatible; Esribot/1.0; http://www.esrihu.hu/)"
46.107.210.115 - - [31/Jan/2013:08:22:45 +0100] "GET /hirek/hirek090602.htm HTTP/1.1" 200 7261 "http://www.google.com" "Mozilla/5.0 (compatible; Esribot/1.0; http://www.esrihu.hu/)"
46.107.210.115 - - [31/Jan/2013:08:22:45 +0100] "GET /hirek/hirek090510.htm HTTP/1.1" 200 12743 "http://www.google.com" "Mozilla/5.0 (compatible; Esribot/1.0; http://www.esrihu.hu/)"
46.107.210.115 - - [31/Jan/2013:08:22:46 +0100] "GET /hirek/hirek090510.htm HTTP/1.1" 200 12743 "http://www.google.com" "Mozilla/5.0 (compatible; Esribot/1.0; http://www.esrihu.hu/)"
66.249.76.11 - - [31/Jan/2013:08:24:05 +0100] "GET /jog/eseteink/derekegyhaza/nemzeti_park_adatkeres_derekegyhaza20061222.pdf HTTP/1.1" 200 102819 "-" "Mozilla/5.0 (compatible; Googlebot/2.1; +http://www.google.com/bot.html)"
139.18.2.209 - - [31/Jan/2013:08:24:45 +0100] "GET /hirek/hirek090301.htm HTTP/1.1" 200 7022 "-" "findlinks/2.6 (+http://wortschatz.uni-leipzig.de/findlinks/)"
91.18.150.240 - - [31/Jan/2013:08:28:04 +0100] "GET /fiok/programok.htm HTTP/1.1" 200 18165 "-" "findlinks/2.6 (+http://wortschatz.uni-leipzig.de/findlinks/)"
66.249.76.11 - - [31/Jan/2013:08:40:44 +0100] "GET /jog/eseteink/derekegyhaza/t%C3%A1j%C3%A9koztat%C3%B3_az_fvmhivatal-nak.pdf HTTP/1.1" 404 1181 "-" "Mozilla/5.0 (compatible; Googlebot/2.1; +http://www.google.com/bot.html)"
66.249.76.11 - - [31/Jan/2013:08:52:48 +0100] "GET /jog/eseteink/derekegyhaza/nemzeti_parkoknak_t%C3%A1j%C3%A9koztatas_keres.pdf HTTP/1.1" 404 1181 "-" "Mozilla/5.0 (compatible; Googlebot/2.1; +http://www.google.com/bot.html)"
37.140.141.19 - - [31/Jan/2013:09:03:20 +0100] "GET /tm07.jpg HTTP/1.1" 304 - "-" "Mozilla/5.0 (compatible; YandexImages/3.0; +http://yandex.com/bots)"
208.115.111.68 - - [31/Jan/2013:09:08:04 +0100] "GET /robots.txt HTTP/1.1" 404 1181 "-" "Mozilla/5.0 (compatible; Ezooms/1.0; ezooms.bot@gmail.com)"
173.199.116.243 - - [31/Jan/2013:09:52:56 +0100] "GET /jog/eseteink/derekegyhaza/v%C3%ADzjogi_derekegyh%C3%A1za2.pdf HTTP/1.1" 404 1181 "-" "Mozilla/5.0 (compatible; AhrefsBot/4.0; +http://ahrefs.com/robot/)"
173.199.116.243 - - [31/Jan/2013:10:00:30 +0100] "GET /jog/jogszabalyok/aarhus_egyezmeny.pdf HTTP/1.1" 200 102084 "-" "Mozilla/5.0 (compatible; AhrefsBot/4.0; +http://ahrefs.com/robot/)"
91.82.144.47 - - [31/Jan/2013:10:05:09 +0100] "GET /jog/slapp.htm HTTP/1.1" 200 21314 "http://www.google.hu/url?sa=t&rct=j&q=k%C3%B6z%C3%A9rdek%C5%B1%20bejelent%C5%91%20%C3%BCld%C3%B6z%C3%A9se&source=web&cd=2&sqi=2&ved=0CDIQFjAB&url=http%3A%2F%2Fwww.beklen.hu%2Fjog%2Fslapp.htm&ei=pjMKUaHzBfD64QT-m4HoDg&usg=AFQjCNFCbMLqnUyRLu3xMEM2isZaee5jJA" "Mozilla/5.0 (Windows NT 6.1; rv:14.0) Gecko/20100101 Firefox/14.0.1"
91.82.144.47 - - [31/Jan/2013:10:05:09 +0100] "GET /jog/favicon.ico HTTP/1.1" 200 1150 "-" "Mozilla/5.0 (Windows NT 6.1; rv:14.0) Gecko/20100101 Firefox/14.0.1"
91.82.144.47 - - [31/Jan/2013:10:05:09 +0100] "GET /jog/css/script.js HTTP/1.1" 200 6975 "http://www.beklen.hu/jog/slapp.htm" "Mozilla/5.0 (Windows NT 6.1; rv:14.0) Gecko/20100101 Firefox/14.0.1"
91.82.144.47 - - [31/Jan/2013:10:05:09 +0100] "GET /jog/css/style.css HTTP/1.1" 200 23764 "http://www.beklen.hu/jog/slapp.htm" "Mozilla/5.0 (Windows NT 6.1; rv:14.0) Gecko/20100101 Firefox/14.0.1"
91.82.144.47 - - [31/Jan/2013:10:05:09 +0100] "GET /jog/img/hammer.jpg HTTP/1.1" 200 10094 "http://www.beklen.hu/jog/slapp.htm" "Mozilla/5.0 (Windows NT 6.1; rv:14.0) Gecko/20100101 Firefox/14.0.1"
91.82.144.47 - - [31/Jan/2013:10:05:10 +0100] "GET /jog/css/jquery.js HTTP/1.1" 200 72174 "http://www.beklen.hu/jog/slapp.htm" "Mozilla/5.0 (Windows NT 6.1; rv:14.0) Gecko/20100101 Firefox/14.0.1"
91.82.144.47 - - [31/Jan/2013:10:05:10 +0100] "GET /jog2/images/spacer.gif HTTP/1.1" 200 43 "http://www.beklen.hu/jog/css/style.css" "Mozilla/5.0 (Windows NT 6.1; rv:14.0) Gecko/20100101 Firefox/14.0.1"
91.82.144.47 - - [31/Jan/2013:10:05:10 +0100] "GET /jog2/images/subitem.png HTTP/1.1" 200 81 "http://www.beklen.hu/jog/css/style.css" "Mozilla/5.0 (Windows NT 6.1; rv:14.0) Gecko/20100101 Firefox/14.0.1"
91.82.144.47 - - [31/Jan/2013:10:05:10 +0100] "GET /jog2/images/menuitem.png HTTP/1.1" 200 20960 "http://www.beklen.hu/jog/css/style.css" "Mozilla/5.0 (Windows NT 6.1; rv:14.0) Gecko/20100101 Firefox/14.0.1"
91.82.144.47 - - [31/Jan/2013:10:05:10 +0100] "GET /jog2/images/nav.png HTTP/1.1" 200 11000 "http://www.beklen.hu/jog/css/style.css" "Mozilla/5.0 (Windows NT 6.1; rv:14.0) Gecko/20100101 Firefox/14.0.1"
91.82.144.47 - - [31/Jan/2013:10:05:10 +0100] "GET /jog2/images/sidebar_bg.png HTTP/1.1" 200 96 "http://www.beklen.hu/jog/css/style.css" "Mozilla/5.0 (Windows NT 6.1; rv:14.0) Gecko/20100101 Firefox/14.0.1"
91.82.144.47 - - [31/Jan/2013:10:05:10 +0100] "GET /jog2/images/vmenuitem.png HTTP/1.1" 200 1672 "http://www.beklen.hu/jog/css/style.css" "Mozilla/5.0 (Windows NT 6.1; rv:14.0) Gecko/20100101 Firefox/14.0.1"
91.82.144.47 - - [31/Jan/2013:10:05:10 +0100] "GET /jog2/images/post_s.png HTTP/1.1" 200 466 "http://www.beklen.hu/jog/css/style.css" "Mozilla/5.0 (Windows NT 6.1; rv:14.0) Gecko/20100101 Firefox/14.0.1"
91.82.144.47 - - [31/Jan/2013:10:05:11 +0100] "GET /jog2/images/post_h.png HTTP/1.1" 200 292 "http://www.beklen.hu/jog/css/style.css" "Mozilla/5.0 (Windows NT 6.1; rv:14.0) Gecko/20100101 Firefox/14.0.1"
91.82.144.47 - - [31/Jan/2013:10:05:11 +0100] "GET /jog2/images/post_v.png HTTP/1.1" 200 310 "http://www.beklen.hu/jog/css/style.css" "Mozilla/5.0 (Windows NT 6.1; rv:14.0) Gecko/20100101 Firefox/14.0.1"
91.82.144.47 - - [31/Jan/2013:10:05:11 +0100] "GET /jog2/images/post_c.png HTTP/1.1" 200 204 "http://www.beklen.hu/jog/css/style.css" "Mozilla/5.0 (Windows NT 6.1; rv:14.0) Gecko/20100101 Firefox/14.0.1"
91.82.144.47 - - [31/Jan/2013:10:05:11 +0100] "GET /jog2/images/button.png HTTP/1.1" 200 27118 "http://www.beklen.hu/jog/css/style.css" "Mozilla/5.0 (Windows NT 6.1; rv:14.0) Gecko/20100101 Firefox/14.0.1"
91.82.144.47 - - [31/Jan/2013:10:05:13 +0100] "GET /jog2/images/Bottom_texture.jpg HTTP/1.1" 200 193775 "http://www.beklen.hu/jog/css/style.css" "Mozilla/5.0 (Windows NT 6.1; rv:14.0) Gecko/20100101 Firefox/14.0.1"
91.82.144.47 - - [31/Jan/2013:10:05:13 +0100] "GET /jog2/images/header.png HTTP/1.1" 200 170837 "http://www.beklen.hu/jog/css/style.css" "Mozilla/5.0 (Windows NT 6.1; rv:14.0) Gecko/20100101 Firefox/14.0.1"
37.140.141.19 - - [31/Jan/2013:10:05:15 +0100] "GET /robots.txt HTTP/1.1" 404 1181 "-" "Mozilla/5.0 (compatible; YandexImages/3.0; +http://yandex.com/bots)"
66.249.76.62 - - [31/Jan/2013:10:11:23 +0100] "GET /jog/jogszabalyok/2011_clxxv.pdf HTTP/1.1" 200 361132 "-" "Mozilla/5.0 (compatible; Googlebot/2.1; +http://www.google.com/bot.html)"
173.199.116.243 - - [31/Jan/2013:10:13:48 +0100] "GET /jog/tarseljarasok.htm HTTP/1.1" 200 13316 "-" "Mozilla/5.0 (compatible; AhrefsBot/4.0; +http://ahrefs.com/robot/)"
66.249.76.62 - - [31/Jan/2013:10:15:37 +0100] "GET /jog/jogszabalyok/egyezm_bern.pdf HTTP/1.1" 200 77062 "-" "Mozilla/5.0 (compatible; Googlebot/2.1; +http://www.google.com/bot.html)"
66.249.76.62 - - [31/Jan/2013:10:19:01 +0100] "GET /jog/jogszabalyok/egyezm_bonn.pdf HTTP/1.1" 200 77213 "-" "Mozilla/5.0 (compatible; Googlebot/2.1; +http://www.google.com/bot.html)"
65.55.211.147 - - [31/Jan/2013:10:19:16 +0100] "GET /robots.txt HTTP/1.1" 404 1181 "-" "msnbot-media/1.1 (+http://search.msn.com/msnbot.htm)"
65.55.211.147 - - [31/Jan/2013:10:19:16 +0100] "GET /jog/eseteink/poroszlo/villa_.jpg HTTP/1.1" 200 3841 "-" "msnbot-media/1.1 (+http://search.msn.com/msnbot.htm)"
173.199.116.243 - - [31/Jan/2013:10:27:53 +0100] "GET /hirek/hirek090301.htm HTTP/1.1" 200 7022 "-" "Mozilla/5.0 (compatible; AhrefsBot/4.0; +http://ahrefs.com/robot/)"
66.249.76.62 - - [31/Jan/2013:10:30:19 +0100] "GET /jog/jogszabalyok/2009_xxxvii_tv.pdf HTTP/1.1" 200 324544 "-" "Mozilla/5.0 (compatible; Googlebot/2.1; +http://www.google.com/bot.html)"
66.249.76.62 - - [31/Jan/2013:10:33:02 +0100] "GET /jog/jogszabalyok/conventions_hu.pdf HTTP/1.1" 200 1414196 "-" "Mozilla/5.0 (compatible; Googlebot/2.1; +http://www.google.com/bot.html)"
66.249.76.62 - - [31/Jan/2013:10:36:07 +0100] "GET /jog/jogszabalyok/aarhus_egyezmeny.pdf HTTP/1.1" 200 177386 "-" "Mozilla/5.0 (compatible; Googlebot/2.1; +http://www.google.com/bot.html)"
66.249.76.62 - - [31/Jan/2013:10:36:40 +0100] "GET /jog/jogszabalyok/vadaszati_torveny.pdf HTTP/1.1" 200 741096 "-" "Mozilla/5.0 (compatible; Googlebot/2.1; +http://www.google.com/bot.html)"
66.249.76.62 - - [31/Jan/2013:10:46:36 +0100] "GET /jog/jogszabalyok/kek_6925_2004_cxl.pdf HTTP/1.1" 200 702411 "-" "Mozilla/5.0 (compatible; Googlebot/2.1; +http://www.google.com/bot.html)"
173.199.116.243 - - [31/Jan/2013:10:49:05 +0100] "GET /hirek/hirek091103.htm HTTP/1.1" 200 7301 "-" "Mozilla/5.0 (compatible; AhrefsBot/4.0; +http://ahrefs.com/robot/)"
37.140.141.19 - - [31/Jan/2013:10:53:57 +0100] "GET /jog/eseteink/derekegyhaza/37-433.jpg HTTP/1.1" 304 - "-" "Mozilla/5.0 (compatible; YandexImages/3.0; +http://yandex.com/bots)"
66.249.76.62 - - [31/Jan/2013:10:59:28 +0100] "GET /jog/jogszabalyok/regp2001lxxxitvaarhus.pdf HTTP/1.1" 200 234500 "-" "Mozilla/5.0 (compatible; Googlebot/2.1; +http://www.google.com/bot.html)"
66.249.76.62 - - [31/Jan/2013:11:02:04 +0100] "GET /jog/jogszabalyok/2003_evi_xxxii_torveny.doc HTTP/1.1" 200 463872 "-" "Mozilla/5.0 (compatible; Googlebot/2.1; +http://www.google.com/bot.html)"
66.249.76.62 - - [31/Jan/2013:11:03:54 +0100] "GET /jog/jogszabalyok/348_2006.korm.rendelet.pdf HTTP/1.1" 200 198403 "-" "Mozilla/5.0 (compatible; Googlebot/2.1; +http://www.google.com/bot.html)"
66.249.76.62 - - [31/Jan/2013:11:05:01 +0100] "GET /jog/jogszabalyok/kornyezetvedelmi_torveny.pdf HTTP/1.1" 200 245188 "-" "Mozilla/5.0 (compatible; Googlebot/2.1; +http://www.google.com/bot.html)"
66.249.76.62 - - [31/Jan/2013:11:07:46 +0100] "GET /jog/jogszabalyok/biodiverzitas_egyezmeny.pdf HTTP/1.1" 200 198401 "-" "Mozilla/5.0 (compatible; Googlebot/2.1; +http://www.google.com/bot.html)"
66.249.76.62 - - [31/Jan/2013:11:12:47 +0100] "GET /jog/jogszabalyok/termeszetvedelmi_torveny.pdf HTTP/1.1" 200 470027 "-" "Mozilla/5.0 (compatible; Googlebot/2.1; +http://www.google.com/bot.html)"
66.249.76.62 - - [31/Jan/2013:11:14:30 +0100] "GET /jog/jogszabalyok/2001-es%20vedett%20lista.pdf HTTP/1.1" 200 681051 "-" "Mozilla/5.0 (compatible; Googlebot/2.1; +http://www.google.com/bot.html)"
173.199.116.243 - - [31/Jan/2013:11:15:46 +0100] "GET /jog/eseteink/korosladany/beavatkozas_pesti_birosag.pdf HTTP/1.1" 200 96684 "-" "Mozilla/5.0 (compatible; AhrefsBot/4.0; +http://ahrefs.com/robot/)"
66.249.76.62 - - [31/Jan/2013:11:17:36 +0100] "GET /jog/jogszabalyok/vki_en_hu_hivatalos_20040901.pdf HTTP/1.1" 200 1062287 "-" "Mozilla/5.0 (compatible; Googlebot/2.1; +http://www.google.com/bot.html)"
66.249.76.62 - - [31/Jan/2013:11:21:40 +0100] "GET /jog/jogszabalyok/1995.%20evi%20XCIII.%20torveny.pdf HTTP/1.1" 200 125662 "-" "Mozilla/5.0 (compatible; Googlebot/2.1; +http://www.google.com/bot.html)"
66.249.76.62 - - [31/Jan/2013:11:29:37 +0100] "GET /jog/jogszabalyok/Natura2000_gyepkezelesi_rendelet.pdf HTTP/1.1" 200 159668 "-" "Mozilla/5.0 (compatible; Googlebot/2.1; +http://www.google.com/bot.html)"
173.199.116.243 - - [31/Jan/2013:11:34:02 +0100] "GET /jog/eseteink/duzzaszto/gyulavari_kotelezes1.pdf HTTP/1.1" 200 68117 "-" "Mozilla/5.0 (compatible; AhrefsBot/4.0; +http://ahrefs.com/robot/)"
173.199.116.243 - - [31/Jan/2013:11:36:55 +0100] "GET /jog/eseteink/dakar/dakar_0804_kdtktvf_engedely.pdf HTTP/1.1" 200 101786 "-" "Mozilla/5.0 (compatible; AhrefsBot/4.0; +http://ahrefs.com/robot/)"
37.140.141.19 - - [31/Jan/2013:11:43:45 +0100] "GET /jog/eseteink/derekegyhaza/mszhk_masodfok_ugyfel_elutasitas_2.jpg HTTP/1.1" 304 - "-" "Mozilla/5.0 (compatible; YandexImages/3.0; +http://yandex.com/bots)"
208.115.111.68 - - [31/Jan/2013:11:44:30 +0100] "GET /kiadvanyok.htm HTTP/1.1" 200 8206 "-" "Mozilla/5.0 (compatible; Ezooms/1.0; ezooms.bot@gmail.com)"
66.249.76.62 - - [31/Jan/2013:11:50:57 +0100] "GET /fiok/fiok.html HTTP/1.1" 200 20723 "-" "Mozilla/5.0 (compatible; Googlebot/2.1; +http://www.google.com/bot.html)"
173.199.116.243 - - [31/Jan/2013:11:54:13 +0100] "GET /jog/ugyfeljogok.htm HTTP/1.1" 200 14279 "-" "Mozilla/5.0 (compatible; AhrefsBot/4.0; +http://ahrefs.com/robot/)"
173.199.116.243 - - [31/Jan/2013:11:58:31 +0100] "GET /jog/eseteink/malom/ugyfel.pdf HTTP/1.1" 200 101788 "-" "Mozilla/5.0 (compatible; AhrefsBot/4.0; +http://ahrefs.com/robot/)"
66.249.76.62 - - [31/Jan/2013:12:05:07 +0100] "GET /jog/jogszabalyok/2008_evi_liii_torveny_hatalyos_cites_fuggelekek.doc HTTP/1.1" 200 3005952 "-" "Mozilla/5.0 (compatible; Googlebot/2.1; +http://www.google.com/bot.html)"
178.154.210.252 - - [31/Jan/2013:12:18:57 +0100] "GET /robots.txt HTTP/1.1" 404 1181 "-" "Mozilla/5.0 (compatible; YandexBot/3.0; +http://yandex.com/bots)"
178.154.210.252 - - [31/Jan/2013:12:19:00 +0100] "GET /english/e03.jpg HTTP/1.1" 200 1393 "-" "Mozilla/5.0 (compatible; YandexImages/3.0; +http://yandex.com/bots)"
66.249.76.62 - - [31/Jan/2013:12:20:44 +0100] "GET /fiok/images/nevadonk.jpg HTTP/1.1" 404 1181 "-" "Googlebot-Image/1.0"
66.249.76.62 - - [31/Jan/2013:12:27:35 +0100] "GET /jog/jogszabalyok/201.korm.%20rendelettel%20modositott275.natura%20korm.%20rendelet.pdf HTTP/1.1" 200 330 "-" "Mozilla/5.0 (compatible; Googlebot/2.1; +http://www.google.com/bot.html)"
173.199.116.243 - - [31/Jan/2013:12:37:29 +0100] "GET /jog/adathozzaferes.htm HTTP/1.1" 200 13800 "-" "Mozilla/5.0 (compatible; AhrefsBot/4.0; +http://ahrefs.com/robot/)"
213.239.195.202 - - [31/Jan/2013:12:39:10 +0100] "GET /images/stories/x.php?indonesia HTTP/1.1" 404 1181 "-" "Mozilla/5.0 (compatible; Googlebot/2.1; +http://www.google.com/bot.html)"
131.253.24.5 - - [31/Jan/2013:12:39:37 +0100] "GET /robots.txt HTTP/1.1" 404 1181 "-" "msnbot-media/1.1 (+http://search.msn.com/msnbot.htm)"
131.253.24.5 - - [31/Jan/2013:12:39:37 +0100] "GET /jog/eseteink/derekegyhaza/37-433.jpg HTTP/1.1" 200 3573 "-" "msnbot-media/1.1 (+http://search.msn.com/msnbot.htm)"
173.199.116.243 - - [31/Jan/2013:12:39:44 +0100] "GET /deutsch/stellen.htm HTTP/1.1" 200 6824 "-" "Mozilla/5.0 (compatible; AhrefsBot/4.0; +http://ahrefs.com/robot/)"
37.140.141.19 - - [31/Jan/2013:12:42:34 +0100] "GET /english/e02.jpg HTTP/1.1" 304 - "-" "Mozilla/5.0 (compatible; YandexImages/3.0; +http://yandex.com/bots)"
66.249.76.62 - - [31/Jan/2013:12:54:18 +0100] "GET /jog/eseteink/derekegyhaza/kotvife_kekto_kerites.pdf HTTP/1.1" 304 - "-" "Mozilla/5.0 (compatible; Googlebot/2.1; +http://www.google.com/bot.html)"
66.249.76.62 - - [31/Jan/2013:13:10:02 +0100] "GET /fiok/program_reszek/konferancia.htm HTTP/1.1" 304 - "-" "Mozilla/5.0 (compatible; Googlebot/2.1; +http://www.google.com/bot.html)"
173.199.116.243 - - [31/Jan/2013:13:18:13 +0100] "GET /jog/eseteink/derekegyhaza/kotvife_kekto_3.pdf HTTP/1.1" 200 102084 "-" "Mozilla/5.0 (compatible; AhrefsBot/4.0; +http://ahrefs.com/robot/)"
37.140.141.19 - - [31/Jan/2013:13:29:13 +0100] "GET /jog/eseteink/derekegyhaza/kepek/37-431_o_2005__.jpg HTTP/1.1" 304 - "-" "Mozilla/5.0 (compatible; YandexImages/3.0; +http://yandex.com/bots)"
66.249.76.62 - - [31/Jan/2013:13:33:57 +0100] "GET /fiok/kapcsolat.htm HTTP/1.1" 200 17416 "-" "Mozilla/5.0 (compatible; Googlebot/2.1; +http://www.google.com/bot.html)"
66.249.76.62 - - [31/Jan/2013:13:54:32 +0100] "GET /bunt.htm HTTP/1.1" 304 - "-" "Mozilla/5.0 (compatible; Googlebot/2.1; +http://www.google.com/bot.html)"
173.199.116.243 - - [31/Jan/2013:13:59:09 +0100] "GET /jog/polgariper.htm HTTP/1.1" 200 13964 "-" "Mozilla/5.0 (compatible; AhrefsBot/4.0; +http://ahrefs.com/robot/)"
66.249.76.62 - - [31/Jan/2013:14:04:57 +0100] "GET /fiok/terkep.jpg HTTP/1.1" 404 1181 "-" "Googlebot-Image/1.0"
37.140.141.19 - - [31/Jan/2013:14:08:03 +0100] "GET /jog/img/file_pdf.png HTTP/1.1" 304 - "-" "Mozilla/5.0 (compatible; YandexImages/3.0; +http://yandex.com/bots)"
66.249.76.62 - - [31/Jan/2013:14:08:09 +0100] "GET /hirarchivum.htm HTTP/1.1" 304 - "-" "Mozilla/5.0 (compatible; Googlebot/2.1; +http://www.google.com/bot.html)"
66.249.76.62 - - [31/Jan/2013:14:14:09 +0100] "GET /hirek/fotok_tablokrol/DSCF2539.jpg HTTP/1.1" 304 - "-" "Googlebot-Image/1.0"
66.249.76.62 - - [31/Jan/2013:14:25:00 +0100] "GET /nca04.htm HTTP/1.1" 200 16378 "-" "Mozilla/5.0 (compatible; Googlebot/2.1; +http://www.google.com/bot.html)"
66.249.76.62 - - [31/Jan/2013:14:41:12 +0100] "GET /jog/eseteink/audi/additional_information_on_the_compensatory_measures_provided_by_hungarian_authorities_at_the_request_of_the_commission_1.pdf HTTP/1.1" 304 - "-" "Mozilla/5.0 (compatible; Googlebot/2.1; +http://www.google.com/bot.html)"
173.199.116.243 - - [31/Jan/2013:14:48:30 +0100] "GET /hirek/hirek091221.htm HTTP/1.1" 200 6740 "-" "Mozilla/5.0 (compatible; AhrefsBot/4.0; +http://ahrefs.com/robot/)"
173.199.116.243 - - [31/Jan/2013:15:07:54 +0100] "GET /jog/slapp.htm HTTP/1.1" 200 21314 "-" "Mozilla/5.0 (compatible; AhrefsBot/4.0; +http://ahrefs.com/robot/)"
208.115.113.84 - - [31/Jan/2013:15:14:45 +0100] "GET /robots.txt HTTP/1.1" 404 1181 "-" "Mozilla/5.0 (compatible; Ezooms/1.0; ezooms.bot@gmail.com)"
130.83.167.153 - - [31/Jan/2013:15:20:09 +0100] "GET /hirek/hirek090930.htm HTTP/1.1" 200 7044 "-" "findlinks/2.6 (+http://wortschatz.uni-leipzig.de/findlinks/)"
65.55.211.172 - - [31/Jan/2013:15:22:50 +0100] "GET /robots.txt HTTP/1.1" 404 1181 "-" "msnbot-media/1.1 (+http://search.msn.com/msnbot.htm)"
65.55.211.172 - - [31/Jan/2013:15:22:50 +0100] "GET /jog/eseteink/malom/fotok/img_3057_.jpg HTTP/1.1" 200 6339 "-" "msnbot-media/1.1 (+http://search.msn.com/msnbot.htm)"
66.249.76.62 - - [31/Jan/2013:15:26:37 +0100] "GET /hirek/fotok_tablokrol/DSCF2539.jpg HTTP/1.1" 304 - "-" "Googlebot-Image/1.0"
173.199.116.243 - - [31/Jan/2013:15:30:06 +0100] "GET /jog/eseteink/dakar/index.htm HTTP/1.1" 200 10482 "-" "Mozilla/5.0 (compatible; AhrefsBot/4.0; +http://ahrefs.com/robot/)"
66.249.76.11 - - [31/Jan/2013:15:30:48 +0100] "GET /jog/eseteink/dakar/dakar_0804_kdtktvf_engedely.pdf HTTP/1.1" 200 4090849 "-" "Mozilla/5.0 (compatible; Googlebot/2.1; +http://www.google.com/bot.html)"
208.115.113.84 - - [31/Jan/2013:15:36:51 +0100] "GET /jog/ HTTP/1.1" 200 13138 "-" "Mozilla/5.0 (compatible; Ezooms/1.0; ezooms.bot@gmail.com)"
173.199.119.35 - - [31/Jan/2013:15:42:56 +0100] "GET /robots.txt HTTP/1.1" 404 1181 "-" "Mozilla/5.0 (compatible; AhrefsBot/4.0; +http://ahrefs.com/robot/)"
88.247.125.226 - - [31/Jan/2013:16:00:09 +0100] "GET / HTTP/1.1" 200 23965 "-" "Java/1.6.0_37"
88.247.125.226 - - [31/Jan/2013:16:00:10 +0100] "GET /hirarchivum.htm HTTP/1.1" 200 24981 "-" "Java/1.6.0_37"
88.247.125.226 - - [31/Jan/2013:16:00:10 +0100] "GET /index.htm HTTP/1.1" 200 23965 "-" "Java/1.6.0_37"
88.247.125.226 - - [31/Jan/2013:16:00:10 +0100] "GET /kapcsolat.htm HTTP/1.1" 200 6889 "-" "Java/1.6.0_37"
88.247.125.226 - - [31/Jan/2013:16:00:10 +0100] "GET /magunkrol.htm HTTP/1.1" 200 9202 "-" "Java/1.6.0_37"
88.247.125.226 - - [31/Jan/2013:16:00:10 +0100] "GET /media.htm HTTP/1.1" 200 5208 "-" "Java/1.6.0_37"
88.247.125.226 - - [31/Jan/2013:16:00:10 +0100] "GET /programok.htm HTTP/1.1" 200 6444 "-" "Java/1.6.0_37"
88.247.125.226 - - [31/Jan/2013:16:00:10 +0100] "GET /vill.cs HTTP/1.1" 200 2676 "-" "Java/1.6.0_37"
88.247.125.226 - - [31/Jan/2013:16:00:11 +0100] "GET /hirek08_10.htm HTTP/1.1" 200 6946 "-" "Java/1.6.0_37"
88.247.125.226 - - [31/Jan/2013:16:00:11 +0100] "GET /hirek08_11.htm HTTP/1.1" 200 7253 "-" "Java/1.6.0_37"
88.247.125.226 - - [31/Jan/2013:16:00:11 +0100] "GET /hirek08_12.htm HTTP/1.1" 200 8268 "-" "Java/1.6.0_37"
88.247.125.226 - - [31/Jan/2013:16:00:11 +0100] "GET /hirek09_01.htm HTTP/1.1" 200 6841 "-" "Java/1.6.0_37"
88.247.125.226 - - [31/Jan/2013:16:00:11 +0100] "GET /hirek09_02.htm HTTP/1.1" 200 7450 "-" "Java/1.6.0_37"
88.247.125.226 - - [31/Jan/2013:16:00:11 +0100] "GET /hirek09_03.htm HTTP/1.1" 200 10726 "-" "Java/1.6.0_37"
88.247.125.226 - - [31/Jan/2013:16:00:11 +0100] "GET /&url=kapcsolat.htm HTTP/1.1" 404 1181 "-" "Java/1.6.0_37"
88.247.125.226 - - [31/Jan/2013:16:00:11 +0100] "GET /&url=programok.htm HTTP/1.1" 404 1181 "-" "Java/1.6.0_37"
88.247.125.226 - - [31/Jan/2013:16:00:12 +0100] "GET /&url=adomanyi.htm HTTP/1.1" 404 1181 "-" "Java/1.6.0_37"
88.247.125.226 - - [31/Jan/2013:16:00:12 +0100] "GET /bunt.htm HTTP/1.1" 200 5683 "-" "Java/1.6.0_37"
88.247.125.226 - - [31/Jan/2013:16:00:12 +0100] "GET /civilmuhely.htm HTTP/1.1" 200 8450 "-" "Java/1.6.0_37"
88.247.125.226 - - [31/Jan/2013:16:00:12 +0100] "GET /khb.htm HTTP/1.1" 200 8719 "-" "Java/1.6.0_37"
88.247.125.226 - - [31/Jan/2013:16:00:12 +0100] "GET /nca.htm HTTP/1.1" 200 7467 "-" "Java/1.6.0_37"
88.247.125.226 - - [31/Jan/2013:16:00:12 +0100] "GET /ncta.htm HTTP/1.1" 200 7221 "-" "Java/1.6.0_37"
88.247.125.226 - - [31/Jan/2013:16:00:13 +0100] "GET /nka.htm HTTP/1.1" 200 6221 "-" "Java/1.6.0_37"
88.247.125.226 - - [31/Jan/2013:16:00:13 +0100] "GET /szakmai.htm HTTP/1.1" 200 6054 "-" "Java/1.6.0_37"
88.247.125.226 - - [31/Jan/2013:16:00:13 +0100] "GET /ncta_a.htm HTTP/1.1" 200 7260 "-" "Java/1.6.0_37"
88.247.125.226 - - [31/Jan/2013:16:00:13 +0100] "GET /&url=civilmuhely.htm HTTP/1.1" 404 1181 "-" "Java/1.6.0_37"
88.247.125.226 - - [31/Jan/2013:16:00:13 +0100] "GET /&url=magunkrol.htm HTTP/1.1" 404 1181 "-" "Java/1.6.0_37"
88.247.125.226 - - [31/Jan/2013:16:00:13 +0100] "GET /nca04.htm HTTP/1.1" 200 16378 "-" "Java/1.6.0_37"
88.247.125.226 - - [31/Jan/2013:16:00:14 +0100] "GET /nca05.htm HTTP/1.1" 200 16412 "-" "Java/1.6.0_37"
88.247.125.226 - - [31/Jan/2013:16:00:14 +0100] "GET /nca06.htm HTTP/1.1" 200 19034 "-" "Java/1.6.0_37"
88.247.125.226 - - [31/Jan/2013:16:00:14 +0100] "GET /nca07.htm HTTP/1.1" 200 21968 "-" "Java/1.6.0_37"
88.247.125.226 - - [31/Jan/2013:16:00:14 +0100] "GET /nca08.htm HTTP/1.1" 200 21795 "-" "Java/1.6.0_37"
88.247.125.226 - - [31/Jan/2013:16:00:15 +0100] "GET /nca09.htm HTTP/1.1" 200 24315 "-" "Java/1.6.0_37"
88.247.125.226 - - [31/Jan/2013:16:00:15 +0100] "GET /nca10.htm HTTP/1.1" 200 16648 "-" "Java/1.6.0_37"
88.247.125.226 - - [31/Jan/2013:16:00:15 +0100] "GET /nca11.htm HTTP/1.1" 200 7133 "-" "Java/1.6.0_37"
88.247.125.226 - - [31/Jan/2013:16:00:15 +0100] "GET /kiadvanyok.htm HTTP/1.1" 200 8206 "-" "Java/1.6.0_37"
88.247.125.226 - - [31/Jan/2013:16:00:15 +0100] "GET /deutsch/index.htm HTTP/1.1" 200 5324 "-" "Java/1.6.0_37"
88.247.125.226 - - [31/Jan/2013:16:00:15 +0100] "GET /english/index.htm HTTP/1.1" 200 5262 "-" "Java/1.6.0_37"
88.247.125.226 - - [31/Jan/2013:16:00:16 +0100] "GET /fiok/index.html HTTP/1.1" 200 20554 "-" "Java/1.6.0_37"
88.247.125.226 - - [31/Jan/2013:16:00:16 +0100] "GET /hirek/hirek091015.htm HTTP/1.1" 200 7046 "-" "Java/1.6.0_37"
88.247.125.226 - - [31/Jan/2013:16:00:16 +0100] "GET /hirek/hirek091102.htm HTTP/1.1" 200 8538 "-" "Java/1.6.0_37"
88.247.125.226 - - [31/Jan/2013:16:00:16 +0100] "GET /hirek/hirek091103.htm HTTP/1.1" 200 7301 "-" "Java/1.6.0_37"
88.247.125.226 - - [31/Jan/2013:16:00:16 +0100] "GET /hirek/hirek091221.htm HTTP/1.1" 200 6740 "-" "Java/1.6.0_37"
88.247.125.226 - - [31/Jan/2013:16:00:16 +0100] "GET /hirek/hirek100225.htm HTTP/1.1" 200 7288 "-" "Java/1.6.0_37"
139.18.2.209 - - [31/Jan/2013:16:07:14 +0100] "GET /jog/zoldombudsman.htm HTTP/1.1" 200 13369 "-" "findlinks/2.6 (+http://wortschatz.uni-leipzig.de/findlinks/)"
86.101.226.9 - - [31/Jan/2013:16:08:19 +0100] "GET /jog/polgariper.htm HTTP/1.1" 200 13964 "https://www.google.hu/" "Mozilla/5.0 (Macintosh; Intel Mac OS X 10_6_8) AppleWebKit/537.4 (KHTML, like Gecko) Chrome/22.0.1229.79 Safari/537.4"
86.101.226.9 - - [31/Jan/2013:16:08:19 +0100] "GET /jog/css/style.css HTTP/1.1" 200 23764 "http://www.beklen.hu/jog/polgariper.htm" "Mozilla/5.0 (Macintosh; Intel Mac OS X 10_6_8) AppleWebKit/537.4 (KHTML, like Gecko) Chrome/22.0.1229.79 Safari/537.4"
86.101.226.9 - - [31/Jan/2013:16:08:19 +0100] "GET /jog/css/script.js HTTP/1.1" 200 6975 "http://www.beklen.hu/jog/polgariper.htm" "Mozilla/5.0 (Macintosh; Intel Mac OS X 10_6_8) AppleWebKit/537.4 (KHTML, like Gecko) Chrome/22.0.1229.79 Safari/537.4"
86.101.226.9 - - [31/Jan/2013:16:08:19 +0100] "GET /jog/css/jquery.js HTTP/1.1" 200 72174 "http://www.beklen.hu/jog/polgariper.htm" "Mozilla/5.0 (Macintosh; Intel Mac OS X 10_6_8) AppleWebKit/537.4 (KHTML, like Gecko) Chrome/22.0.1229.79 Safari/537.4"
86.101.226.9 - - [31/Jan/2013:16:08:19 +0100] "GET /jog2/images/nav.png HTTP/1.1" 200 11000 "http://www.beklen.hu/jog/polgariper.htm" "Mozilla/5.0 (Macintosh; Intel Mac OS X 10_6_8) AppleWebKit/537.4 (KHTML, like Gecko) Chrome/22.0.1229.79 Safari/537.4"
86.101.226.9 - - [31/Jan/2013:16:08:20 +0100] "GET /jog2/images/menuitem.png HTTP/1.1" 200 20960 "http://www.beklen.hu/jog/polgariper.htm" "Mozilla/5.0 (Macintosh; Intel Mac OS X 10_6_8) AppleWebKit/537.4 (KHTML, like Gecko) Chrome/22.0.1229.79 Safari/537.4"
86.101.226.9 - - [31/Jan/2013:16:08:20 +0100] "GET /jog2/images/spacer.gif HTTP/1.1" 200 43 "http://www.beklen.hu/jog/polgariper.htm" "Mozilla/5.0 (Macintosh; Intel Mac OS X 10_6_8) AppleWebKit/537.4 (KHTML, like Gecko) Chrome/22.0.1229.79 Safari/537.4"
86.101.226.9 - - [31/Jan/2013:16:08:20 +0100] "GET /jog2/images/subitem.png HTTP/1.1" 200 81 "http://www.beklen.hu/jog/polgariper.htm" "Mozilla/5.0 (Macintosh; Intel Mac OS X 10_6_8) AppleWebKit/537.4 (KHTML, like Gecko) Chrome/22.0.1229.79 Safari/537.4"
86.101.226.9 - - [31/Jan/2013:16:08:20 +0100] "GET /jog2/images/post_s.png HTTP/1.1" 200 466 "http://www.beklen.hu/jog/polgariper.htm" "Mozilla/5.0 (Macintosh; Intel Mac OS X 10_6_8) AppleWebKit/537.4 (KHTML, like Gecko) Chrome/22.0.1229.79 Safari/537.4"
86.101.226.9 - - [31/Jan/2013:16:08:20 +0100] "GET /jog2/images/vmenuitem.png HTTP/1.1" 200 1672 "http://www.beklen.hu/jog/polgariper.htm" "Mozilla/5.0 (Macintosh; Intel Mac OS X 10_6_8) AppleWebKit/537.4 (KHTML, like Gecko) Chrome/22.0.1229.79 Safari/537.4"
86.101.226.9 - - [31/Jan/2013:16:08:20 +0100] "GET /jog2/images/Bottom_texture.jpg HTTP/1.1" 200 193775 "http://www.beklen.hu/jog/polgariper.htm" "Mozilla/5.0 (Macintosh; Intel Mac OS X 10_6_8) AppleWebKit/537.4 (KHTML, like Gecko) Chrome/22.0.1229.79 Safari/537.4"
86.101.226.9 - - [31/Jan/2013:16:08:20 +0100] "GET /jog2/images/sidebar_bg.png HTTP/1.1" 200 96 "http://www.beklen.hu/jog/polgariper.htm" "Mozilla/5.0 (Macintosh; Intel Mac OS X 10_6_8) AppleWebKit/537.4 (KHTML, like Gecko) Chrome/22.0.1229.79 Safari/537.4"
86.101.226.9 - - [31/Jan/2013:16:08:20 +0100] "GET /jog2/images/post_v.png HTTP/1.1" 200 310 "http://www.beklen.hu/jog/polgariper.htm" "Mozilla/5.0 (Macintosh; Intel Mac OS X 10_6_8) AppleWebKit/537.4 (KHTML, like Gecko) Chrome/22.0.1229.79 Safari/537.4"
86.101.226.9 - - [31/Jan/2013:16:08:20 +0100] "GET /jog2/images/post_h.png HTTP/1.1" 200 292 "http://www.beklen.hu/jog/polgariper.htm" "Mozilla/5.0 (Macintosh; Intel Mac OS X 10_6_8) AppleWebKit/537.4 (KHTML, like Gecko) Chrome/22.0.1229.79 Safari/537.4"
86.101.226.9 - - [31/Jan/2013:16:08:20 +0100] "GET /jog2/images/header.png HTTP/1.1" 200 170837 "http://www.beklen.hu/jog/polgariper.htm" "Mozilla/5.0 (Macintosh; Intel Mac OS X 10_6_8) AppleWebKit/537.4 (KHTML, like Gecko) Chrome/22.0.1229.79 Safari/537.4"
86.101.226.9 - - [31/Jan/2013:16:08:20 +0100] "GET /jog2/images/post_c.png HTTP/1.1" 200 204 "http://www.beklen.hu/jog/polgariper.htm" "Mozilla/5.0 (Macintosh; Intel Mac OS X 10_6_8) AppleWebKit/537.4 (KHTML, like Gecko) Chrome/22.0.1229.79 Safari/537.4"
86.101.226.9 - - [31/Jan/2013:16:08:20 +0100] "GET /jog2/images/button.png HTTP/1.1" 200 27118 "http://www.beklen.hu/jog/polgariper.htm" "Mozilla/5.0 (Macintosh; Intel Mac OS X 10_6_8) AppleWebKit/537.4 (KHTML, like Gecko) Chrome/22.0.1229.79 Safari/537.4"
86.101.226.9 - - [31/Jan/2013:16:08:20 +0100] "GET /jog/img/320/albofalevel1.jpg HTTP/1.1" 200 14351 "http://www.beklen.hu/jog/polgariper.htm" "Mozilla/5.0 (Macintosh; Intel Mac OS X 10_6_8) AppleWebKit/537.4 (KHTML, like Gecko) Chrome/22.0.1229.79 Safari/537.4"
86.101.226.9 - - [31/Jan/2013:16:08:20 +0100] "GET /jog/favicon.ico HTTP/1.1" 200 1150 "-" "Mozilla/5.0 (Macintosh; Intel Mac OS X 10_6_8) AppleWebKit/537.4 (KHTML, like Gecko) Chrome/22.0.1229.79 Safari/537.4"
139.18.2.209 - - [31/Jan/2013:16:11:47 +0100] "GET /hirek08_10.htm HTTP/1.1" 200 6946 "-" "findlinks/2.6 (+http://wortschatz.uni-leipzig.de/findlinks/)"
66.249.76.62 - - [31/Jan/2013:16:14:24 +0100] "GET /jog/eseteink/duzzaszto/koros.jpg HTTP/1.1" 304 - "-" "Googlebot-Image/1.0"
66.249.76.62 - - [31/Jan/2013:16:35:57 +0100] "GET /jog/eseteink/korosladany/panasz_rendorsegi_hatarozat_ellen.pdf HTTP/1.1" 304 - "-" "Mozilla/5.0 (compatible; Googlebot/2.1; +http://www.google.com/bot.html)"
199.30.20.51 - - [31/Jan/2013:16:37:07 +0100] "GET /robots.txt HTTP/1.1" 404 1181 "-" "msnbot-media/1.1 (+http://search.msn.com/msnbot.htm)"
199.30.20.51 - - [31/Jan/2013:16:37:07 +0100] "GET /jog/eseteink/poroszlo/villa_.jpg HTTP/1.1" 200 3841 "-" "msnbot-media/1.1 (+http://search.msn.com/msnbot.htm)"
130.83.167.153 - - [31/Jan/2013:16:37:18 +0100] "GET /deutsch/index.htm HTTP/1.1" 200 5324 "-" "findlinks/2.6 (+http://wortschatz.uni-leipzig.de/findlinks/)"
66.249.76.62 - - [31/Jan/2013:16:55:50 +0100] "GET /jog/eseteink/duzzaszto/koros.jpg HTTP/1.1" 304 - "-" "Googlebot-Image/1.0"
208.115.113.84 - - [31/Jan/2013:17:28:14 +0100] "GET /jog/jogsegely.htm HTTP/1.1" 200 14053 "-" "Mozilla/5.0 (compatible; Ezooms/1.0; ezooms.bot@gmail.com)"
66.249.76.11 - - [31/Jan/2013:17:33:08 +0100] "GET / HTTP/1.1" 200 23965 "-" "Mozilla/5.0 (compatible; Googlebot/2.1; +http://www.google.com/bot.html)"
66.249.76.62 - - [31/Jan/2013:17:34:22 +0100] "GET /jog/jogszabalyok/egyezm_bonn.pdf HTTP/1.1" 304 - "-" "Mozilla/5.0 (compatible; Googlebot/2.1; +http://www.google.com/bot.html)"
66.249.76.62 - - [31/Jan/2013:17:43:14 +0100] "GET /jog2/images/subitem.png HTTP/1.1" 200 81 "-" "Mozilla/5.0 (compatible; Googlebot/2.1; +http://www.google.com/bot.html)"
66.249.76.62 - - [31/Jan/2013:17:43:16 +0100] "GET /jog2/images/vmenuitem.png HTTP/1.1" 200 1672 "-" "Mozilla/5.0 (compatible; Googlebot/2.1; +http://www.google.com/bot.html)"
66.249.76.62 - - [31/Jan/2013:17:43:17 +0100] "GET /jog2/images/spacer.gif HTTP/1.1" 200 43 "-" "Mozilla/5.0 (compatible; Googlebot/2.1; +http://www.google.com/bot.html)"
66.249.76.62 - - [31/Jan/2013:17:43:18 +0100] "GET /jog2/images/post_h.png HTTP/1.1" 200 292 "-" "Mozilla/5.0 (compatible; Googlebot/2.1; +http://www.google.com/bot.html)"
66.249.76.62 - - [31/Jan/2013:17:43:18 +0100] "GET /jog2/images/sidebar_bg.png HTTP/1.1" 200 96 "-" "Mozilla/5.0 (compatible; Googlebot/2.1; +http://www.google.com/bot.html)"
66.249.76.62 - - [31/Jan/2013:17:43:19 +0100] "GET /jog2/images/post_v.png HTTP/1.1" 200 310 "-" "Mozilla/5.0 (compatible; Googlebot/2.1; +http://www.google.com/bot.html)"
66.249.76.62 - - [31/Jan/2013:17:43:19 +0100] "GET /jog2/images/post_s.png HTTP/1.1" 200 466 "-" "Mozilla/5.0 (compatible; Googlebot/2.1; +http://www.google.com/bot.html)"
66.249.76.62 - - [31/Jan/2013:17:43:21 +0100] "GET /jog/css/script.js HTTP/1.1" 200 6975 "-" "Mozilla/5.0 (compatible; Googlebot/2.1; +http://www.google.com/bot.html)"
66.249.76.62 - - [31/Jan/2013:17:43:23 +0100] "GET /jog2/images/post_c.png HTTP/1.1" 200 204 "-" "Mozilla/5.0 (compatible; Googlebot/2.1; +http://www.google.com/bot.html)"
66.249.76.62 - - [31/Jan/2013:17:43:24 +0100] "GET /jog2/images/button.png HTTP/1.1" 200 27118 "-" "Mozilla/5.0 (compatible; Googlebot/2.1; +http://www.google.com/bot.html)"
66.249.76.62 - - [31/Jan/2013:17:43:25 +0100] "GET /jog/img/320/albofalevel1.jpg HTTP/1.1" 200 14351 "-" "Mozilla/5.0 (compatible; Googlebot/2.1; +http://www.google.com/bot.html)"
66.249.76.62 - - [31/Jan/2013:17:43:27 +0100] "GET /jog/css/jquery.js HTTP/1.1" 200 72174 "-" "Mozilla/5.0 (compatible; Googlebot/2.1; +http://www.google.com/bot.html)"
66.249.76.62 - - [31/Jan/2013:17:43:30 +0100] "GET /jog/css/style.css HTTP/1.1" 200 23764 "-" "Mozilla/5.0 (compatible; Googlebot/2.1; +http://www.google.com/bot.html)"
66.249.76.62 - - [31/Jan/2013:17:43:31 +0100] "GET /jog2/images/nav.png HTTP/1.1" 200 11000 "-" "Mozilla/5.0 (compatible; Googlebot/2.1; +http://www.google.com/bot.html)"
66.249.76.62 - - [31/Jan/2013:17:43:31 +0100] "GET /jog2/images/menuitem.png HTTP/1.1" 200 20960 "-" "Mozilla/5.0 (compatible; Googlebot/2.1; +http://www.google.com/bot.html)"
66.249.76.62 - - [31/Jan/2013:17:43:33 +0100] "GET /jog2/images/header.png HTTP/1.1" 200 170837 "-" "Mozilla/5.0 (compatible; Googlebot/2.1; +http://www.google.com/bot.html)"
66.249.76.62 - - [31/Jan/2013:17:43:36 +0100] "GET /jog2/images/Bottom_texture.jpg HTTP/1.1" 200 193775 "-" "Mozilla/5.0 (compatible; Googlebot/2.1; +http://www.google.com/bot.html)"
37.140.141.19 - - [31/Jan/2013:17:46:30 +0100] "GET /jog/img/magyar_cimer.png HTTP/1.1" 304 - "-" "Mozilla/5.0 (compatible; YandexImages/3.0; +http://yandex.com/bots)"
66.249.76.11 - - [31/Jan/2013:17:54:20 +0100] "GET /uszt-tabla.jpg HTTP/1.1" 404 1181 "-" "Googlebot-Image/1.0"
91.144.81.15 - - [31/Jan/2013:18:03:30 +0100] "GET /jog/eseteink/audi/audi%20-%20natura%202000_.jpg HTTP/1.1" 200 4882 "http://www.google.hu/blank.html" "Mozilla/5.0 (Windows NT 6.1) AppleWebKit/537.17 (KHTML, like Gecko) Chrome/24.0.1312.56 Safari/537.17"
66.249.76.62 - - [31/Jan/2013:18:25:32 +0100] "GET /jog/eseteink/dakar/36559-10.pdf HTTP/1.1" 304 - "-" "Mozilla/5.0 (compatible; Googlebot/2.1; +http://www.google.com/bot.html)"
173.199.116.243 - - [31/Jan/2013:18:35:59 +0100] "GET /english/programs.htm HTTP/1.1" 200 5614 "-" "Mozilla/5.0 (compatible; AhrefsBot/4.0; +http://ahrefs.com/robot/)"
173.199.116.243 - - [31/Jan/2013:18:44:36 +0100] "GET /hirek/hirek101027.htm HTTP/1.1" 200 9627 "-" "Mozilla/5.0 (compatible; AhrefsBot/4.0; +http://ahrefs.com/robot/)"
66.249.76.62 - - [31/Jan/2013:18:58:59 +0100] "GET /jog/eseteink/derekegyhaza/index.htm HTTP/1.1" 304 - "-" "Mozilla/5.0 (compatible; Googlebot/2.1; +http://www.google.com/bot.html)"
173.199.116.243 - - [31/Jan/2013:19:02:25 +0100] "GET /hirek/hirek091015.htm HTTP/1.1" 200 7046 "-" "Mozilla/5.0 (compatible; AhrefsBot/4.0; +http://ahrefs.com/robot/)"
37.140.141.19 - - [31/Jan/2013:19:04:08 +0100] "GET /tm07.jpg HTTP/1.1" 304 - "-" "Mozilla/5.0 (compatible; YandexImages/3.0; +http://yandex.com/bots)"
173.199.116.243 - - [31/Jan/2013:19:06:49 +0100] "GET /jog/eseteink/audi/audi_gyor_restoration_measures1-10.pdf HTTP/1.1" 200 101786 "-" "Mozilla/5.0 (compatible; AhrefsBot/4.0; +http://ahrefs.com/robot/)"
173.199.116.243 - - [31/Jan/2013:19:09:38 +0100] "GET /hirek/hirek101213.htm HTTP/1.1" 200 8671 "-" "Mozilla/5.0 (compatible; AhrefsBot/4.0; +http://ahrefs.com/robot/)"
208.115.113.84 - - [31/Jan/2013:19:14:51 +0100] "GET /robots.txt HTTP/1.1" 404 1181 "-" "Mozilla/5.0 (compatible; Ezooms/1.0; ezooms.bot@gmail.com)"
66.249.76.62 - - [31/Jan/2013:19:32:42 +0100] "GET /jog/eseteink/dakar/dakar_0804_kdtktvf_engedely.pdf HTTP/1.1" 200 4090849 "-" "Mozilla/5.0 (compatible; Googlebot/2.1; +http://www.google.com/bot.html)"
62.197.218.239 - - [31/Jan/2013:19:56:43 +0100] "GET /fiok/kornyezet.htm HTTP/1.1" 200 22582 "https://www.google.sk/" "Mozilla/5.0 (Windows NT 5.1) AppleWebKit/537.17 (KHTML, like Gecko) Chrome/24.0.1312.56 Safari/537.17"
62.197.218.239 - - [31/Jan/2013:19:56:43 +0100] "GET /fiok/css/js/scriptaculous.js?load=effects HTTP/1.1" 200 2152 "http://www.beklen.hu/fiok/kornyezet.htm" "Mozilla/5.0 (Windows NT 5.1) AppleWebKit/537.17 (KHTML, like Gecko) Chrome/24.0.1312.56 Safari/537.17"
62.197.218.239 - - [31/Jan/2013:19:56:43 +0100] "GET /fiok/css/js/lightbox.js HTTP/1.1" 200 23424 "http://www.beklen.hu/fiok/kornyezet.htm" "Mozilla/5.0 (Windows NT 5.1) AppleWebKit/537.17 (KHTML, like Gecko) Chrome/24.0.1312.56 Safari/537.17"
62.197.218.239 - - [31/Jan/2013:19:56:43 +0100] "GET /fiok/css/lightbox.css HTTP/1.1" 200 1715 "http://www.beklen.hu/fiok/kornyezet.htm" "Mozilla/5.0 (Windows NT 5.1) AppleWebKit/537.17 (KHTML, like Gecko) Chrome/24.0.1312.56 Safari/537.17"
62.197.218.239 - - [31/Jan/2013:19:56:43 +0100] "GET /fiok/css/js/prototype.js HTTP/1.1" 200 47603 "http://www.beklen.hu/fiok/kornyezet.htm" "Mozilla/5.0 (Windows NT 5.1) AppleWebKit/537.17 (KHTML, like Gecko) Chrome/24.0.1312.56 Safari/537.17"
62.197.218.239 - - [31/Jan/2013:19:56:43 +0100] "GET /fiok/css/js/effects.js HTTP/1.1" 200 31969 "http://www.beklen.hu/fiok/kornyezet.htm" "Mozilla/5.0 (Windows NT 5.1) AppleWebKit/537.17 (KHTML, like Gecko) Chrome/24.0.1312.56 Safari/537.17"
