178.48.14.141 - - [21/Jan/2013:08:58:21 +0100] "GET /jog/eseteink/korosladany/panasz_rendorsegi_hatarozat_ellen.pdf HTTP/1.0" 206 12491 "-" "Mozilla/5.0 (Windows NT 5.1; rv:7.0.1) Gecko/20100101 Firefox/7.0.1"
178.48.14.141 - - [21/Jan/2013:08:58:21 +0100] "GET /favicon.ico HTTP/1.0" 404 1181 "-" "Mozilla/5.0 (Windows NT 5.1; rv:7.0.1) Gecko/20100101 Firefox/7.0.1"
66.249.76.62 - - [21/Jan/2013:08:59:19 +0100] "GET /fiok/program_reszek/programok/28.jpg HTTP/1.1" 304 - "-" "Googlebot-Image/1.0"
208.115.111.68 - - [21/Jan/2013:09:05:35 +0100] "GET /robots.txt HTTP/1.1" 404 1181 "-" "Mozilla/5.0 (compatible; Ezooms/1.0; ezooms.bot@gmail.com)"
66.249.76.62 - - [21/Jan/2013:09:09:53 +0100] "GET /hirek/Natura_2000es_gyepgazdalkodas_eloirasai.ppt HTTP/1.1" 304 - "-" "Mozilla/5.0 (iPhone; U; CPU iPhone OS 4_1 like Mac OS X; en-us) AppleWebKit/532.9 (KHTML, like Gecko) Version/4.0.5 Mobile/8B117 Safari/6531.22.7 (compatible; Googlebot-Mobile/2.1; +http://www.google.com/bot.html)"
66.249.76.62 - - [21/Jan/2013:09:12:24 +0100] "GET /fiok/program_reszek/programok/28.jpg HTTP/1.1" 304 - "-" "Googlebot-Image/1.0"
37.140.141.19 - - [21/Jan/2013:09:15:34 +0100] "GET /english/e03.jpg HTTP/1.1" 304 - "-" "Mozilla/5.0 (compatible; YandexImages/3.0; +http://yandex.com/bots)"
208.115.113.84 - - [21/Jan/2013:09:26:53 +0100] "GET /civilmuhely.htm HTTP/1.1" 200 8450 "-" "Mozilla/5.0 (compatible; Ezooms/1.0; ezooms.bot@gmail.com)"
157.55.33.19 - - [21/Jan/2013:09:42:29 +0100] "GET /robots.txt HTTP/1.1" 404 1181 "-" "Mozilla/5.0 (compatible; bingbot/2.0; +http://www.bing.com/bingbot.htm)"
157.55.33.19 - - [21/Jan/2013:09:44:11 +0100] "GET /jog/polgariper.htm HTTP/1.1" 304 - "-" "Mozilla/5.0 (compatible; bingbot/2.0; +http://www.bing.com/bingbot.htm)"
37.140.141.19 - - [21/Jan/2013:10:50:03 +0100] "GET /jog/img/file_pdf.png HTTP/1.1" 304 - "-" "Mozilla/5.0 (compatible; YandexImages/3.0; +http://yandex.com/bots)"
66.249.76.62 - - [21/Jan/2013:10:57:14 +0100] "GET /robots.txt HTTP/1.1" 404 1181 "-" "Mozilla/5.0 (compatible; Googlebot/2.1; +http://www.google.com/bot.html)"
66.249.76.62 - - [21/Jan/2013:10:57:14 +0100] "GET /jog/eseteink/korosladany/kepek/img_3b_.jpg HTTP/1.1" 304 - "-" "Googlebot-Image/1.0"
208.115.113.84 - - [21/Jan/2013:11:07:54 +0100] "GET /robots.txt HTTP/1.1" 404 1181 "-" "Mozilla/5.0 (compatible; Ezooms/1.0; ezooms.bot@gmail.com)"
199.30.16.37 - - [21/Jan/2013:11:10:59 +0100] "GET /robots.txt HTTP/1.1" 404 1181 "-" "msnbot-media/1.1 (+http://search.msn.com/msnbot.htm)"
199.30.16.37 - - [21/Jan/2013:11:11:00 +0100] "GET /jog/eseteink/dakar/k.jpg HTTP/1.1" 200 2687 "-" "msnbot-media/1.1 (+http://search.msn.com/msnbot.htm)"
180.76.5.94 - - [21/Jan/2013:11:18:31 +0100] "GET /fiok/program_reszek/turazas.htm HTTP/1.1" 200 22754 "-" "Mozilla/5.0 (compatible; Baiduspider/2.0; +http://www.baidu.com/search/spider.html)"
208.115.111.68 - - [21/Jan/2013:11:50:05 +0100] "GET /kapcsolat.htm HTTP/1.1" 200 6889 "-" "Mozilla/5.0 (compatible; Ezooms/1.0; ezooms.bot@gmail.com)"
66.249.76.62 - - [21/Jan/2013:12:31:21 +0100] "GET /jog/eseteink/malom/fotok/img_3064_.jpg HTTP/1.1" 304 - "-" "Googlebot-Image/1.0"
37.140.141.19 - - [21/Jan/2013:12:33:49 +0100] "GET /jog/img/magyar_cimer.png HTTP/1.1" 304 - "-" "Mozilla/5.0 (compatible; YandexImages/3.0; +http://yandex.com/bots)"
91.82.243.181 - - [21/Jan/2013:12:54:56 +0100] "GET /jog/eseteink/korosladany/korosladany_kereset_vegleges.pdf HTTP/1.1" 200 96743 "-" "Mozilla/5.0 (iPhone; CPU iPhone OS 6_0_1 like Mac OS X) AppleWebKit/536.26 (KHTML, like Gecko) Version/6.0 Mobile/10A523 Safari/8536.25"
66.249.76.62 - - [21/Jan/2013:12:55:35 +0100] "GET /jog/eseteink/derekegyhaza/kotvife_kekto_2.pdf HTTP/1.1" 200 198882 "-" "Mozilla/5.0 (compatible; Googlebot/2.1; +http://www.google.com/bot.html)"
178.154.210.252 - - [21/Jan/2013:13:03:15 +0100] "GET /robots.txt HTTP/1.1" 404 1181 "-" "Mozilla/5.0 (compatible; YandexBot/3.0; +http://yandex.com/bots)"
157.55.35.82 - - [21/Jan/2013:13:09:05 +0100] "GET /robots.txt HTTP/1.1" 404 1181 "-" "Mozilla/5.0 (compatible; bingbot/2.0; +http://www.bing.com/bingbot.htm)"
157.55.35.82 - - [21/Jan/2013:13:11:16 +0100] "GET / HTTP/1.1" 304 - "-" "Mozilla/5.0 (compatible; bingbot/2.0; +http://www.bing.com/bingbot.htm)"
208.115.111.68 - - [21/Jan/2013:13:20:11 +0100] "GET /robots.txt HTTP/1.1" 404 1181 "-" "Mozilla/5.0 (compatible; Ezooms/1.0; ezooms.bot@gmail.com)"
208.115.113.84 - - [21/Jan/2013:13:28:48 +0100] "GET /hirek/hirek090302.htm HTTP/1.1" 200 8452 "-" "Mozilla/5.0 (compatible; Ezooms/1.0; ezooms.bot@gmail.com)"
208.115.113.84 - - [21/Jan/2013:13:28:50 +0100] "GET /jog/ugyeszsegek.htm HTTP/1.1" 200 13810 "-" "Mozilla/5.0 (compatible; Ezooms/1.0; ezooms.bot@gmail.com)"
66.249.76.62 - - [21/Jan/2013:13:51:48 +0100] "GET /jog/img/7405.jpg HTTP/1.1" 304 - "-" "Googlebot-Image/1.0"
66.249.76.62 - - [21/Jan/2013:14:25:10 +0100] "GET /hirek/090510/szuletesunnepe030_.jpg HTTP/1.1" 304 - "-" "Googlebot-Image/1.0"
37.140.141.19 - - [21/Jan/2013:14:25:43 +0100] "GET /jog/eseteink/korosladany/kepek/img_3a.jpg HTTP/1.1" 304 - "-" "Mozilla/5.0 (compatible; YandexImages/3.0; +http://yandex.com/bots)"
66.249.76.62 - - [21/Jan/2013:14:34:19 +0100] "GET /hirek/090510/szuletesunnepe037.jpg HTTP/1.1" 304 - "-" "Googlebot-Image/1.0"
66.249.76.62 - - [21/Jan/2013:14:35:37 +0100] "GET /fiok/ HTTP/1.1" 304 - "-" "SAMSUNG-SGH-E250/1.0 Profile/MIDP-2.0 Configuration/CLDC-1.1 UP.Browser/6.2.3.3.c.1.101 (GUI) MMP/2.0 (compatible; Googlebot-Mobile/2.1; +http://www.google.com/bot.html)"
66.249.76.62 - - [21/Jan/2013:14:58:36 +0100] "GET /hirek/printscreenek/banner_kothalo.jpg HTTP/1.1" 304 - "-" "Googlebot-Image/1.0"
178.154.210.252 - - [21/Jan/2013:15:01:58 +0100] "GET /jog/pub/fuzet_beliv_jav2angol.pdf HTTP/1.1" 304 - "-" "Mozilla/5.0 (compatible; YandexBot/3.0; +http://yandex.com/bots)"
66.249.76.62 - - [21/Jan/2013:15:07:24 +0100] "GET /jog/eseteink/audi/application_of_hungarian_authorities_for_the_commission_opinion_2.pdf HTTP/1.1" 200 3082684 "-" "Mozilla/5.0 (compatible; Googlebot/2.1; +http://www.google.com/bot.html)"
77.20.155.143 - - [21/Jan/2013:15:15:18 +0100] "GET /english/index.htm HTTP/1.1" 200 5262 "-" "findlinks/2.0.2 (+http://wortschatz.uni-leipzig.de/findlinks/)"
199.19.249.196 - - [21/Jan/2013:15:24:06 +0100] "GET /jog/eseteink/korosladany/szeged_birosag2.pdf HTTP/1.1" 200 95330 "-" "Mozilla/4.0 (compatible; MSIE 7.0; Windows NT 5.1; InfoPath.1; .NET CLR 2.0.50727; .NET CLR 1.1.4322; MS-RTC LM 8; .NET CLR 3.0.4506.2152; .NET CLR 3.5.30729)"
145.62.32.131 - - [21/Jan/2013:15:24:07 +0100] "GET /jog/eseteink/korosladany/szeged_birosag2.pdf HTTP/1.1" 200 95330 "https://www.google.com/" "Mozilla/5.0 (Windows NT 5.1) AppleWebKit/537.11 (KHTML, like Gecko) Chrome/23.0.1271.97 Safari/537.11"
145.62.32.131 - - [21/Jan/2013:15:24:08 +0100] "GET /favicon.ico HTTP/1.1" 404 1181 "-" "Mozilla/5.0 (Windows NT 5.1) AppleWebKit/537.11 (KHTML, like Gecko) Chrome/23.0.1271.97 Safari/537.11"
180.76.5.184 - - [21/Jan/2013:15:28:09 +0100] "GET /fiok/program_reszek/erdei_iskola.htm HTTP/1.1" 200 21601 "-" "Mozilla/5.0 (compatible; Baiduspider/2.0; +http://www.baidu.com/search/spider.html)"
208.115.111.68 - - [21/Jan/2013:15:49:40 +0100] "GET /fiok/program_reszek/erdei_iskola.htm HTTP/1.1" 200 21601 "-" "Mozilla/5.0 (compatible; Ezooms/1.0; ezooms.bot@gmail.com)"
208.115.111.68 - - [21/Jan/2013:15:49:47 +0100] "GET /fiok/program_reszek/taborok.htm HTTP/1.1" 200 23942 "-" "Mozilla/5.0 (compatible; Ezooms/1.0; ezooms.bot@gmail.com)"
66.249.76.62 - - [21/Jan/2013:16:03:51 +0100] "GET /fiok/oktatokozpont/03.JPG HTTP/1.1" 304 - "-" "Googlebot-Image/1.0"
66.249.76.62 - - [21/Jan/2013:16:06:55 +0100] "GET /jog/eseteink/kavicszatony/dscf0084_.jpg HTTP/1.1" 304 - "-" "Googlebot-Image/1.0"
37.140.141.19 - - [21/Jan/2013:16:20:31 +0100] "GET /jog/eseteink/korosladany/kepek/img_1_.jpg HTTP/1.1" 304 - "-" "Mozilla/5.0 (compatible; YandexImages/3.0; +http://yandex.com/bots)"
66.249.76.62 - - [21/Jan/2013:17:04:36 +0100] "GET /jog/eseteink/korosladany/kepek/img_5363__.jpg HTTP/1.1" 304 - "-" "Googlebot-Image/1.0"
208.115.111.68 - - [21/Jan/2013:17:14:33 +0100] "GET /robots.txt HTTP/1.1" 404 1181 "-" "Mozilla/5.0 (compatible; Ezooms/1.0; ezooms.bot@gmail.com)"
199.30.20.161 - - [21/Jan/2013:17:38:36 +0100] "GET /robots.txt HTTP/1.1" 404 1181 "-" "msnbot-media/1.1 (+http://search.msn.com/msnbot.htm)"
199.30.20.161 - - [21/Jan/2013:17:38:36 +0100] "GET /jog_honlap_.jpg HTTP/1.1" 200 7186 "-" "msnbot-media/1.1 (+http://search.msn.com/msnbot.htm)"
66.249.76.62 - - [21/Jan/2013:17:44:32 +0100] "GET /hirek/hirek100305.htm HTTP/1.1" 304 - "-" "Mozilla/5.0 (iPhone; U; CPU iPhone OS 4_1 like Mac OS X; en-us) AppleWebKit/532.9 (KHTML, like Gecko) Version/4.0.5 Mobile/8B117 Safari/6531.22.7 (compatible; Googlebot-Mobile/2.1; +http://www.google.com/bot.html)"
87.97.9.61 - - [21/Jan/2013:18:00:38 +0100] "GET /jog/eseteink/korosladany/index.htm HTTP/1.1" 200 30713 "http://www.google.hu/url?sa=t&rct=j&q=k%C3%B6r%C3%B6slad%C3%A1ny%20vadaskert&source=web&cd=2&sqi=2&ved=0CDIQFjAB&url=http%3A%2F%2Fwww.beklen.hu%2Fjog%2Feseteink%2Fkorosladany%2Findex.htm&ei=GnT9UN39LYTEsgaE_oGoDw&usg=AFQjCNGT0wR4tDvQ5b6lLEH7B2wVQXySAw" "Mozilla/5.0 (Windows NT 5.1) AppleWebKit/537.17 (KHTML, like Gecko) Chrome/24.0.1312.52 Safari/537.17"
87.97.9.61 - - [21/Jan/2013:18:00:38 +0100] "GET /jog/style.css HTTP/1.1" 200 21413 "http://www.beklen.hu/jog/eseteink/korosladany/index.htm" "Mozilla/5.0 (Windows NT 5.1) AppleWebKit/537.17 (KHTML, like Gecko) Chrome/24.0.1312.52 Safari/537.17"
87.97.9.61 - - [21/Jan/2013:18:00:38 +0100] "GET /jog/script.js HTTP/1.1" 200 5674 "http://www.beklen.hu/jog/eseteink/korosladany/index.htm" "Mozilla/5.0 (Windows NT 5.1) AppleWebKit/537.17 (KHTML, like Gecko) Chrome/24.0.1312.52 Safari/537.17"
87.97.9.61 - - [21/Jan/2013:18:00:38 +0100] "GET /jog/lb/js/scriptaculous.js?load=effects HTTP/1.1" 200 2152 "http://www.beklen.hu/jog/eseteink/korosladany/index.htm" "Mozilla/5.0 (Windows NT 5.1) AppleWebKit/537.17 (KHTML, like Gecko) Chrome/24.0.1312.52 Safari/537.17"
87.97.9.61 - - [21/Jan/2013:18:00:38 +0100] "GET /jog/lb/js/lightbox.js HTTP/1.1" 200 23431 "http://www.beklen.hu/jog/eseteink/korosladany/index.htm" "Mozilla/5.0 (Windows NT 5.1) AppleWebKit/537.17 (KHTML, like Gecko) Chrome/24.0.1312.52 Safari/537.17"
87.97.9.61 - - [21/Jan/2013:18:00:39 +0100] "GET /jog/lb/css/lightbox.css HTTP/1.1" 200 1715 "http://www.beklen.hu/jog/eseteink/korosladany/index.htm" "Mozilla/5.0 (Windows NT 5.1) AppleWebKit/537.17 (KHTML, like Gecko) Chrome/24.0.1312.52 Safari/537.17"
87.97.9.61 - - [21/Jan/2013:18:00:39 +0100] "GET /jog/lb/js/prototype.js HTTP/1.1" 200 47603 "http://www.beklen.hu/jog/eseteink/korosladany/index.htm" "Mozilla/5.0 (Windows NT 5.1) AppleWebKit/537.17 (KHTML, like Gecko) Chrome/24.0.1312.52 Safari/537.17"
87.97.9.61 - - [21/Jan/2013:18:00:39 +0100] "GET /jog/jquery.js HTTP/1.1" 200 72174 "http://www.beklen.hu/jog/eseteink/korosladany/index.htm" "Mozilla/5.0 (Windows NT 5.1) AppleWebKit/537.17 (KHTML, like Gecko) Chrome/24.0.1312.52 Safari/537.17"
87.97.9.61 - - [21/Jan/2013:18:00:40 +0100] "GET /jog/lb/js/effects.js HTTP/1.1" 200 31969 "http://www.beklen.hu/jog/eseteink/korosladany/index.htm" "Mozilla/5.0 (Windows NT 5.1) AppleWebKit/537.17 (KHTML, like Gecko) Chrome/24.0.1312.52 Safari/537.17"
87.97.9.61 - - [21/Jan/2013:18:00:40 +0100] "GET /jog/images/spacer.gif HTTP/1.1" 200 43 "http://www.beklen.hu/jog/eseteink/korosladany/index.htm" "Mozilla/5.0 (Windows NT 5.1) AppleWebKit/537.17 (KHTML, like Gecko) Chrome/24.0.1312.52 Safari/537.17"
87.97.9.61 - - [21/Jan/2013:18:00:40 +0100] "GET /jog/images/nav.png HTTP/1.1" 200 10482 "http://www.beklen.hu/jog/eseteink/korosladany/index.htm" "Mozilla/5.0 (Windows NT 5.1) AppleWebKit/537.17 (KHTML, like Gecko) Chrome/24.0.1312.52 Safari/537.17"
87.97.9.61 - - [21/Jan/2013:18:00:40 +0100] "GET /jog/images/menuitem.png HTTP/1.1" 200 20398 "http://www.beklen.hu/jog/eseteink/korosladany/index.htm" "Mozilla/5.0 (Windows NT 5.1) AppleWebKit/537.17 (KHTML, like Gecko) Chrome/24.0.1312.52 Safari/537.17"
87.97.9.61 - - [21/Jan/2013:18:00:41 +0100] "GET /jog/images/subitem.png HTTP/1.1" 200 81 "http://www.beklen.hu/jog/eseteink/korosladany/index.htm" "Mozilla/5.0 (Windows NT 5.1) AppleWebKit/537.17 (KHTML, like Gecko) Chrome/24.0.1312.52 Safari/537.17"
87.97.9.61 - - [21/Jan/2013:18:00:41 +0100] "GET /jog/images/post_s.png HTTP/1.1" 200 466 "http://www.beklen.hu/jog/eseteink/korosladany/index.htm" "Mozilla/5.0 (Windows NT 5.1) AppleWebKit/537.17 (KHTML, like Gecko) Chrome/24.0.1312.52 Safari/537.17"
87.97.9.61 - - [21/Jan/2013:18:00:41 +0100] "GET /jog/images/Bottom_texture.jpg HTTP/1.1" 200 193775 "http://www.beklen.hu/jog/eseteink/korosladany/index.htm" "Mozilla/5.0 (Windows NT 5.1) AppleWebKit/537.17 (KHTML, like Gecko) Chrome/24.0.1312.52 Safari/537.17"
87.97.9.61 - - [21/Jan/2013:18:00:41 +0100] "GET /jog/images/post_h.png HTTP/1.1" 200 292 "http://www.beklen.hu/jog/eseteink/korosladany/index.htm" "Mozilla/5.0 (Windows NT 5.1) AppleWebKit/537.17 (KHTML, like Gecko) Chrome/24.0.1312.52 Safari/537.17"
87.97.9.61 - - [21/Jan/2013:18:00:41 +0100] "GET /jog/images/post_v.png HTTP/1.1" 200 310 "http://www.beklen.hu/jog/eseteink/korosladany/index.htm" "Mozilla/5.0 (Windows NT 5.1) AppleWebKit/537.17 (KHTML, like Gecko) Chrome/24.0.1312.52 Safari/537.17"
87.97.9.61 - - [21/Jan/2013:18:00:41 +0100] "GET /jog/images/post_c.png HTTP/1.1" 200 204 "http://www.beklen.hu/jog/eseteink/korosladany/index.htm" "Mozilla/5.0 (Windows NT 5.1) AppleWebKit/537.17 (KHTML, like Gecko) Chrome/24.0.1312.52 Safari/537.17"
87.97.9.61 - - [21/Jan/2013:18:00:42 +0100] "GET /jog/eseteink/korosladany/kepek/img_5356__.jpg HTTP/1.1" 200 6290 "http://www.beklen.hu/jog/eseteink/korosladany/index.htm" "Mozilla/5.0 (Windows NT 5.1) AppleWebKit/537.17 (KHTML, like Gecko) Chrome/24.0.1312.52 Safari/537.17"
87.97.9.61 - - [21/Jan/2013:18:00:42 +0100] "GET /jog/eseteink/korosladany/kepek/img_5363__.jpg HTTP/1.1" 200 12677 "http://www.beklen.hu/jog/eseteink/korosladany/index.htm" "Mozilla/5.0 (Windows NT 5.1) AppleWebKit/537.17 (KHTML, like Gecko) Chrome/24.0.1312.52 Safari/537.17"
87.97.9.61 - - [21/Jan/2013:18:00:42 +0100] "GET /jog/eseteink/korosladany/kepek/img_5365__.jpg HTTP/1.1" 200 5864 "http://www.beklen.hu/jog/eseteink/korosladany/index.htm" "Mozilla/5.0 (Windows NT 5.1) AppleWebKit/537.17 (KHTML, like Gecko) Chrome/24.0.1312.52 Safari/537.17"
87.97.9.61 - - [21/Jan/2013:18:00:42 +0100] "GET /jog/img/file_pdf.png HTTP/1.1" 200 581 "http://www.beklen.hu/jog/eseteink/korosladany/index.htm" "Mozilla/5.0 (Windows NT 5.1) AppleWebKit/537.17 (KHTML, like Gecko) Chrome/24.0.1312.52 Safari/537.17"
87.97.9.61 - - [21/Jan/2013:18:00:42 +0100] "GET /jog/eseteink/korosladany/kepek/img_3b_.jpg HTTP/1.1" 200 4927 "http://www.beklen.hu/jog/eseteink/korosladany/index.htm" "Mozilla/5.0 (Windows NT 5.1) AppleWebKit/537.17 (KHTML, like Gecko) Chrome/24.0.1312.52 Safari/537.17"
87.97.9.61 - - [21/Jan/2013:18:00:43 +0100] "GET /jog/eseteink/korosladany/kepek/img_2_.jpg HTTP/1.1" 200 4423 "http://www.beklen.hu/jog/eseteink/korosladany/index.htm" "Mozilla/5.0 (Windows NT 5.1) AppleWebKit/537.17 (KHTML, like Gecko) Chrome/24.0.1312.52 Safari/537.17"
87.97.9.61 - - [21/Jan/2013:18:00:43 +0100] "GET /jog/images/header.png HTTP/1.1" 200 170837 "http://www.beklen.hu/jog/eseteink/korosladany/index.htm" "Mozilla/5.0 (Windows NT 5.1) AppleWebKit/537.17 (KHTML, like Gecko) Chrome/24.0.1312.52 Safari/537.17"
87.97.9.61 - - [21/Jan/2013:18:00:43 +0100] "GET /jog/eseteink/korosladany/kepek/img_1_.jpg HTTP/1.1" 200 4568 "http://www.beklen.hu/jog/eseteink/korosladany/index.htm" "Mozilla/5.0 (Windows NT 5.1) AppleWebKit/537.17 (KHTML, like Gecko) Chrome/24.0.1312.52 Safari/537.17"
87.97.9.61 - - [21/Jan/2013:18:00:43 +0100] "GET /jog/eseteink/korosladany/kepek/img_5_.jpg HTTP/1.1" 200 5254 "http://www.beklen.hu/jog/eseteink/korosladany/index.htm" "Mozilla/5.0 (Windows NT 5.1) AppleWebKit/537.17 (KHTML, like Gecko) Chrome/24.0.1312.52 Safari/537.17"
87.97.9.61 - - [21/Jan/2013:18:00:43 +0100] "GET /jog/eseteink/korosladany/kepek/img_4_.jpg HTTP/1.1" 200 6420 "http://www.beklen.hu/jog/eseteink/korosladany/index.htm" "Mozilla/5.0 (Windows NT 5.1) AppleWebKit/537.17 (KHTML, like Gecko) Chrome/24.0.1312.52 Safari/537.17"
87.97.9.61 - - [21/Jan/2013:18:00:43 +0100] "GET /jog/eseteink/korosladany/kepek/img_3a_.jpg HTTP/1.1" 200 7788 "http://www.beklen.hu/jog/eseteink/korosladany/index.htm" "Mozilla/5.0 (Windows NT 5.1) AppleWebKit/537.17 (KHTML, like Gecko) Chrome/24.0.1312.52 Safari/537.17"
66.249.76.62 - - [21/Jan/2013:18:02:15 +0100] "GET /hirek/090510/szuletesunnepe021.jpg HTTP/1.1" 304 - "-" "Googlebot-Image/1.0"
37.140.141.19 - - [21/Jan/2013:18:22:36 +0100] "GET /jog/eseteink/korosladany/kepek/img_5.jpg HTTP/1.1" 304 - "-" "Mozilla/5.0 (compatible; YandexImages/3.0; +http://yandex.com/bots)"
208.115.113.84 - - [21/Jan/2013:19:12:08 +0100] "GET /robots.txt HTTP/1.1" 404 1181 "-" "Mozilla/5.0 (compatible; Ezooms/1.0; ezooms.bot@gmail.com)"
66.249.76.62 - - [21/Jan/2013:19:12:45 +0100] "GET /jog/eseteink/audi/audi_gyor_restoration_measures1-10.pdf HTTP/1.1" 200 4247194 "-" "Mozilla/5.0 (iPhone; U; CPU iPhone OS 4_1 like Mac OS X; en-us) AppleWebKit/532.9 (KHTML, like Gecko) Version/4.0.5 Mobile/8B117 Safari/6531.22.7 (compatible; Googlebot-Mobile/2.1; +http://www.google.com/bot.html)"
208.115.111.68 - - [21/Jan/2013:19:51:24 +0100] "GET /hirek/hirek100305.htm HTTP/1.1" 200 7091 "-" "Mozilla/5.0 (compatible; Ezooms/1.0; ezooms.bot@gmail.com)"
37.140.141.19 - - [21/Jan/2013:20:17:57 +0100] "GET /deutsch/d04.jpg HTTP/1.1" 304 - "-" "Mozilla/5.0 (compatible; YandexImages/3.0; +http://yandex.com/bots)"
178.154.210.252 - - [21/Jan/2013:21:17:13 +0100] "GET /jog/pub/rally_kiadvany_mtvsz.pdf HTTP/1.1" 304 - "-" "Mozilla/5.0 (compatible; YandexBot/3.0; +http://yandex.com/bots)"
66.249.76.62 - - [21/Jan/2013:21:25:52 +0100] "GET /fiok/ HTTP/1.1" 304 - "-" "SAMSUNG-SGH-E250/1.0 Profile/MIDP-2.0 Configuration/CLDC-1.1 UP.Browser/6.2.3.3.c.1.101 (GUI) MMP/2.0 (compatible; Googlebot-Mobile/2.1; +http://www.google.com/bot.html)"
208.115.113.84 - - [21/Jan/2013:21:28:56 +0100] "GET /jog/eseteink/audi/index.htm HTTP/1.1" 200 15938 "-" "Mozilla/5.0 (compatible; Ezooms/1.0; ezooms.bot@gmail.com)"
130.83.167.153 - - [21/Jan/2013:21:34:55 +0100] "GET /hirek/hirek100420.htm HTTP/1.1" 200 7914 "-" "findlinks/2.6 (+http://wortschatz.uni-leipzig.de/findlinks/)"
178.255.215.69 - - [21/Jan/2013:22:25:41 +0100] "GET /robots.txt HTTP/1.1" 404 1181 "-" "Mozilla/5.0 (compatible; Exabot/3.0; +http://www.exabot.com/go/robot)"
178.255.215.69 - - [21/Jan/2013:22:25:42 +0100] "GET / HTTP/1.1" 200 23965 "-" "Mozilla/5.0 (compatible; Exabot/3.0; +http://www.exabot.com/go/robot)"
130.83.167.153 - - [21/Jan/2013:22:38:07 +0100] "GET /hirek/hirek120207.htm HTTP/1.1" 200 6586 "-" "findlinks/2.6 (+http://wortschatz.uni-leipzig.de/findlinks/)"
37.140.141.19 - - [21/Jan/2013:23:09:57 +0100] "GET /robots.txt HTTP/1.1" 404 1181 "-" "Mozilla/5.0 (compatible; YandexImages/3.0; +http://yandex.com/bots)"
208.115.113.84 - - [21/Jan/2013:23:11:26 +0100] "GET /robots.txt HTTP/1.1" 404 1181 "-" "Mozilla/5.0 (compatible; Ezooms/1.0; ezooms.bot@gmail.com)"
180.76.5.193 - - [21/Jan/2013:23:25:07 +0100] "GET /fiok/kornyezet.htm HTTP/1.1" 200 22582 "-" "Mozilla/5.0 (compatible; Baiduspider/2.0; +http://www.baidu.com/search/spider.html)"
130.83.167.153 - - [21/Jan/2013:23:25:32 +0100] "GET /jog/publikaciok.htm HTTP/1.1" 200 17866 "-" "findlinks/2.6 (+http://wortschatz.uni-leipzig.de/findlinks/)"
208.115.113.84 - - [21/Jan/2013:23:36:42 +0100] "GET / HTTP/1.1" 200 23965 "-" "Mozilla/5.0 (compatible; Ezooms/1.0; ezooms.bot@gmail.com)"
66.249.76.62 - - [22/Jan/2013:00:36:49 +0100] "GET /robots.txt HTTP/1.1" 404 1181 "-" "Mozilla/5.0 (compatible; Googlebot/2.1; +http://www.google.com/bot.html)"
66.249.76.62 - - [22/Jan/2013:00:36:50 +0100] "GET /jog/eseteink/poroszlo/poroszlo-hnp.pdf HTTP/1.1" 200 112892 "-" "Mozilla/5.0 (compatible; Googlebot/2.1; +http://www.google.com/bot.html)"
66.249.76.62 - - [22/Jan/2013:00:42:59 +0100] "GET /jog/eseteink/autopalya/ugyfel-m9-oktvf20061108.pdf HTTP/1.1" 200 132171 "-" "Mozilla/5.0 (compatible; Googlebot/2.1; +http://www.google.com/bot.html)"
208.115.111.68 - - [22/Jan/2013:01:09:56 +0100] "GET /robots.txt HTTP/1.1" 404 1181 "-" "Mozilla/5.0 (compatible; Ezooms/1.0; ezooms.bot@gmail.com)"
66.249.76.62 - - [22/Jan/2013:01:30:45 +0100] "GET /jog/eljaraskezd.htm HTTP/1.1" 304 - "-" "Mozilla/5.0 (compatible; Googlebot/2.1; +http://www.google.com/bot.html)"
66.249.76.62 - - [22/Jan/2013:01:36:50 +0100] "GET /fiok/mult.htm HTTP/1.1" 304 - "-" "Mozilla/5.0 (iPhone; U; CPU iPhone OS 4_1 like Mac OS X; en-us) AppleWebKit/532.9 (KHTML, like Gecko) Version/4.0.5 Mobile/8B117 Safari/6531.22.7 (compatible; Googlebot-Mobile/2.1; +http://www.google.com/bot.html)"
178.154.210.252 - - [22/Jan/2013:01:51:11 +0100] "GET /robots.txt HTTP/1.1" 404 1181 "-" "Mozilla/5.0 (compatible; YandexBot/3.0; +http://yandex.com/bots)"
178.154.210.252 - - [22/Jan/2013:01:51:13 +0100] "GET /media.htm HTTP/1.1" 200 5208 "-" "Mozilla/5.0 (compatible; YandexBot/3.0; +http://yandex.com/bots)"
139.18.2.209 - - [22/Jan/2013:03:14:06 +0100] "GET /jog/zoldombudsman.htm HTTP/1.1" 200 13369 "-" "findlinks/2.6 (+http://wortschatz.uni-leipzig.de/findlinks/)"
139.18.2.209 - - [22/Jan/2013:03:17:20 +0100] "GET /kapcsolat.htm HTTP/1.1" 200 6889 "-" "findlinks/2.6 (+http://wortschatz.uni-leipzig.de/findlinks/)"
180.76.5.176 - - [22/Jan/2013:03:26:45 +0100] "GET /fiok/kapcsolat.htm HTTP/1.1" 200 17416 "-" "Mozilla/5.0 (compatible; Baiduspider/2.0; +http://www.baidu.com/search/spider.html)"
67.195.115.34 - - [22/Jan/2013:03:47:31 +0100] "GET /robots.txt HTTP/1.0" 404 1181 "-" "Mozilla/5.0 (compatible; Yahoo! Slurp; http://help.yahoo.com/help/us/ysearch/slurp)"
67.195.115.34 - - [22/Jan/2013:03:47:32 +0100] "GET /fiok/ HTTP/1.0" 304 - "-" "Mozilla/5.0 (compatible; Yahoo! Slurp; http://help.yahoo.com/help/us/ysearch/slurp)"
67.195.115.34 - - [22/Jan/2013:03:47:35 +0100] "GET /fiok/css/lightbox.css HTTP/1.0" 304 - "http://www.beklen.hu/fiok/" "Mozilla/5.0 (compatible; Yahoo! Slurp; http://help.yahoo.com/help/us/ysearch/slurp)"
208.115.111.68 - - [22/Jan/2013:03:50:41 +0100] "GET /hirek/hirek08_10.htm HTTP/1.1" 200 7030 "-" "Mozilla/5.0 (compatible; Ezooms/1.0; ezooms.bot@gmail.com)"
66.249.76.62 - - [22/Jan/2013:04:13:45 +0100] "GET /fiok/kornyezet.htm HTTP/1.1" 200 22582 "-" "SAMSUNG-SGH-E250/1.0 Profile/MIDP-2.0 Configuration/CLDC-1.1 UP.Browser/6.2.3.3.c.1.101 (GUI) MMP/2.0 (compatible; Googlebot-Mobile/2.1; +http://www.google.com/bot.html)"
37.140.141.19 - - [22/Jan/2013:04:20:55 +0100] "GET /jog/eseteink/korosladany/kepek/img_2_.jpg HTTP/1.1" 304 - "-" "Mozilla/5.0 (compatible; YandexImages/3.0; +http://yandex.com/bots)"
178.154.210.252 - - [22/Jan/2013:04:45:13 +0100] "GET /tm02_.jpg HTTP/1.1" 200 1524 "-" "Mozilla/5.0 (compatible; YandexImages/3.0; +http://yandex.com/bots)"
37.140.141.19 - - [22/Jan/2013:04:54:17 +0100] "GET /tm04_.jpg HTTP/1.1" 304 - "-" "Mozilla/5.0 (compatible; YandexImages/3.0; +http://yandex.com/bots)"
208.115.111.68 - - [22/Jan/2013:05:08:16 +0100] "GET /robots.txt HTTP/1.1" 404 1181 "-" "Mozilla/5.0 (compatible; Ezooms/1.0; ezooms.bot@gmail.com)"
139.18.2.209 - - [22/Jan/2013:05:26:18 +0100] "GET /hirek/hirek120120.htm HTTP/1.1" 200 6634 "-" "findlinks/2.6 (+http://wortschatz.uni-leipzig.de/findlinks/)"
37.140.141.19 - - [22/Jan/2013:05:30:58 +0100] "GET /jog/eseteink/kavicszatony/dscf0024.jpg HTTP/1.1" 304 - "-" "Mozilla/5.0 (compatible; YandexImages/3.0; +http://yandex.com/bots)"
130.83.167.153 - - [22/Jan/2013:05:45:54 +0100] "GET /jog/publikaciok.htm HTTP/1.1" 200 17866 "-" "findlinks/2.6 (+http://wortschatz.uni-leipzig.de/findlinks/)"
178.154.210.252 - - [22/Jan/2013:05:50:26 +0100] "GET /english/e03.jpg HTTP/1.1" 200 1393 "-" "Mozilla/5.0 (compatible; YandexImages/3.0; +http://yandex.com/bots)"
37.140.141.19 - - [22/Jan/2013:06:04:13 +0100] "GET /jog/eseteink/korosladany/kepek/img_4_.jpg HTTP/1.1" 304 - "-" "Mozilla/5.0 (compatible; YandexImages/3.0; +http://yandex.com/bots)"
65.55.215.59 - - [22/Jan/2013:06:27:47 +0100] "GET /robots.txt HTTP/1.1" 404 1181 "-" "msnbot-media/1.1 (+http://search.msn.com/msnbot.htm)"
65.55.215.59 - - [22/Jan/2013:06:27:48 +0100] "GET /jog/img/320/l1000723.jpg HTTP/1.1" 200 8833 "-" "msnbot-media/1.1 (+http://search.msn.com/msnbot.htm)"
37.140.141.19 - - [22/Jan/2013:06:37:19 +0100] "GET /jog/eseteink/korosladany/kepek/img_3a_.jpg HTTP/1.1" 304 - "-" "Mozilla/5.0 (compatible; YandexImages/3.0; +http://yandex.com/bots)"
208.115.113.84 - - [22/Jan/2013:07:09:13 +0100] "GET /robots.txt HTTP/1.1" 404 1181 "-" "Mozilla/5.0 (compatible; Ezooms/1.0; ezooms.bot@gmail.com)"
37.140.141.19 - - [22/Jan/2013:07:10:25 +0100] "GET /english/e01.jpg HTTP/1.1" 304 - "-" "Mozilla/5.0 (compatible; YandexImages/3.0; +http://yandex.com/bots)"
180.76.5.50 - - [22/Jan/2013:07:19:47 +0100] "GET /fiok/news.html HTTP/1.1" 404 1181 "-" "Mozilla/5.0 (compatible; Baiduspider/2.0; +http://www.baidu.com/search/spider.html)"
208.115.113.84 - - [22/Jan/2013:07:36:39 +0100] "GET /fiok/ HTTP/1.1" 200 20554 "-" "Mozilla/5.0 (compatible; Ezooms/1.0; ezooms.bot@gmail.com)"
208.115.111.68 - - [22/Jan/2013:07:53:28 +0100] "GET /jog/eseteink.htm HTTP/1.1" 200 17277 "-" "Mozilla/5.0 (compatible; Ezooms/1.0; ezooms.bot@gmail.com)"
37.140.141.19 - - [22/Jan/2013:08:03:40 +0100] "GET /jog/eseteink/korosladany/kepek/img_3b_.jpg HTTP/1.1" 304 - "-" "Mozilla/5.0 (compatible; YandexImages/3.0; +http://yandex.com/bots)"
193.225.93.51 - - [22/Jan/2013:08:43:07 +0100] "GET /jog/eseteink/audi/audi_gyor_restoration_measures1-10.pdf HTTP/1.1" 200 4247194 "https://www.google.hu/" "Mozilla/5.0 (Windows NT 6.1) AppleWebKit/537.17 (KHTML, like Gecko) Chrome/24.0.1312.52 Safari/537.17"
193.225.93.51 - - [22/Jan/2013:08:43:15 +0100] "GET /favicon.ico HTTP/1.1" 404 1181 "-" "Mozilla/5.0 (Windows NT 6.1) AppleWebKit/537.17 (KHTML, like Gecko) Chrome/24.0.1312.52 Safari/537.17"
193.225.93.51 - - [22/Jan/2013:08:43:16 +0100] "GET /favicon.ico HTTP/1.1" 404 1181 "-" "Mozilla/5.0 (Windows NT 6.1) AppleWebKit/537.17 (KHTML, like Gecko) Chrome/24.0.1312.52 Safari/537.17"
37.140.141.19 - - [22/Jan/2013:08:47:39 +0100] "GET /jog/eseteink/kavicszatony/dscf0084_.jpg HTTP/1.1" 304 - "-" "Mozilla/5.0 (compatible; YandexImages/3.0; +http://yandex.com/bots)"
37.140.141.19 - - [22/Jan/2013:09:20:39 +0100] "GET /tm06_.jpg HTTP/1.1" 304 - "-" "Mozilla/5.0 (compatible; YandexImages/3.0; +http://yandex.com/bots)"
208.115.113.84 - - [22/Jan/2013:09:29:29 +0100] "GET /deutsch/stellen.htm HTTP/1.1" 200 6824 "-" "Mozilla/5.0 (compatible; Ezooms/1.0; ezooms.bot@gmail.com)"
66.249.76.62 - - [22/Jan/2013:09:42:22 +0100] "GET /hirek/090510/szuletesunnepe044_.jpg HTTP/1.1" 304 - "-" "Googlebot-Image/1.0"
37.140.141.19 - - [22/Jan/2013:10:06:15 +0100] "GET /tm04.jpg HTTP/1.1" 304 - "-" "Mozilla/5.0 (compatible; YandexImages/3.0; +http://yandex.com/bots)"
37.140.141.19 - - [22/Jan/2013:10:37:09 +0100] "GET /english/e02.jpg HTTP/1.1" 304 - "-" "Mozilla/5.0 (compatible; YandexImages/3.0; +http://yandex.com/bots)"
66.249.76.62 - - [22/Jan/2013:10:47:04 +0100] "GET /jog/eseteink/korosladany/kepek/img_3a_.jpg HTTP/1.1" 304 - "-" "Googlebot-Image/1.0"
88.87.255.125 - - [22/Jan/2013:11:10:07 +0100] "GET /jog/pub/rally_kiadvany_mtvsz.pdf HTTP/1.1" 200 630857 "http://www.google.hu/url?sa=t&rct=j&q=&esrc=s&source=web&cd=4&ved=0CEkQFjAD&url=http%3A%2F%2Fwww.beklen.hu%2Fjog%2Fpub%2Frally_kiadvany_mtvsz.pdf&ei=Y2X-UJDXL4iRswaup4DABg&usg=AFQjCNFlZ0YoNS4MvvfnzZCcyxIvTLN3bg&sig2=_DECHXkKYPHbQTzjHV3P3A" "Mozilla/5.0 (Windows NT 5.1; rv:18.0) Gecko/20100101 Firefox/18.0"
88.87.255.125 - - [22/Jan/2013:11:10:11 +0100] "GET /favicon.ico HTTP/1.1" 404 1181 "-" "Mozilla/5.0 (Windows NT 5.1; rv:18.0) Gecko/20100101 Firefox/18.0"
88.87.255.125 - - [22/Jan/2013:11:10:12 +0100] "GET /favicon.ico HTTP/1.1" 404 1181 "-" "Mozilla/5.0 (Windows NT 5.1; rv:18.0) Gecko/20100101 Firefox/18.0"
77.75.77.17 - - [22/Jan/2013:11:12:37 +0100] "GET /robots.txt HTTP/1.1" 404 1181 "-" "SeznamBot/3.0 (+http://fulltext.sblog.cz/)"
77.75.77.17 - - [22/Jan/2013:11:12:37 +0100] "GET / HTTP/1.1" 304 - "-" "SeznamBot/3.0 (+http://fulltext.sblog.cz/)"
66.249.76.62 - - [22/Jan/2013:11:21:47 +0100] "GET /jog/eseteink/korosladany/kepek/img_3b.jpg HTTP/1.1" 304 - "-" "Googlebot-Image/1.0"
180.76.5.145 - - [22/Jan/2013:11:22:39 +0100] "GET /fiok/program_reszek/konferancia.htm HTTP/1.1" 200 21668 "-" "Mozilla/5.0 (compatible; Baiduspider/2.0; +http://www.baidu.com/search/spider.html)"
37.140.141.19 - - [22/Jan/2013:11:24:32 +0100] "GET /jog/eseteink/korosladany/kepek/img_3a.jpg HTTP/1.1" 304 - "-" "Mozilla/5.0 (compatible; YandexImages/3.0; +http://yandex.com/bots)"
37.140.141.19 - - [22/Jan/2013:12:14:51 +0100] "GET /jog/eseteink/korosladany/kepek/img_4.jpg HTTP/1.1" 304 - "-" "Mozilla/5.0 (compatible; YandexImages/3.0; +http://yandex.com/bots)"
66.249.76.62 - - [22/Jan/2013:12:28:43 +0100] "GET /fiok/kornyezet.htm HTTP/1.1" 200 22582 "-" "DoCoMo/2.0 N905i(c100;TB;W24H16) (compatible; Googlebot-Mobile/2.1; +http://www.google.com/bot.html)"
37.140.141.19 - - [22/Jan/2013:13:05:02 +0100] "GET /deutsch/d02.jpg HTTP/1.1" 304 - "-" "Mozilla/5.0 (compatible; YandexImages/3.0; +http://yandex.com/bots)"
66.249.76.62 - - [22/Jan/2013:13:06:17 +0100] "GET /robots.txt HTTP/1.1" 404 1181 "-" "Mozilla/5.0 (compatible; Googlebot/2.1; +http://www.google.com/bot.html)"
66.249.76.62 - - [22/Jan/2013:13:06:19 +0100] "GET /jog/pub/fuzet_beliv_jav2.pdf HTTP/1.1" 200 775632 "-" "Mozilla/5.0 (compatible; Googlebot/2.1; +http://www.google.com/bot.html)"
80.196.101.240 - - [22/Jan/2013:13:14:21 +0100] "GET /robots.txt HTTP/1.1" 404 1181 "-" "Mozilla/5.0 (compatible; MSIE 5.01; Windows NT 4.0)"
37.140.141.19 - - [22/Jan/2013:13:53:18 +0100] "GET /jog/eseteink/korosladany/kepek/img_5363.jpg HTTP/1.1" 304 - "-" "Mozilla/5.0 (compatible; YandexImages/3.0; +http://yandex.com/bots)"
84.177.111.212 - - [22/Jan/2013:13:57:21 +0100] "GET /robots.txt HTTP/1.0" 404 1181 "-" "Mozilla/5.0 (compatible; MJ12bot/v1.4.3; http://www.majestic12.co.uk/bot.php?+)"
84.177.111.212 - - [22/Jan/2013:13:57:22 +0100] "GET /deutsch/index.htm HTTP/1.0" 200 5324 "-" "Mozilla/5.0 (compatible; MJ12bot/v1.4.3; http://www.majestic12.co.uk/bot.php?+)"
84.177.111.212 - - [22/Jan/2013:13:57:24 +0100] "GET /english/index.htm HTTP/1.0" 200 5262 "-" "Mozilla/5.0 (compatible; MJ12bot/v1.4.3; http://www.majestic12.co.uk/bot.php?+)"
84.177.111.212 - - [22/Jan/2013:13:57:26 +0100] "GET /fiok/index.html HTTP/1.0" 200 20554 "-" "Mozilla/5.0 (compatible; MJ12bot/v1.4.3; http://www.majestic12.co.uk/bot.php?+)"
84.177.111.212 - - [22/Jan/2013:13:57:27 +0100] "GET /hirarchivum.htm HTTP/1.0" 200 24981 "-" "Mozilla/5.0 (compatible; MJ12bot/v1.4.3; http://www.majestic12.co.uk/bot.php?+)"
84.177.111.212 - - [22/Jan/2013:13:57:29 +0100] "GET /hirek/hirek091015.htm HTTP/1.0" 200 7046 "-" "Mozilla/5.0 (compatible; MJ12bot/v1.4.3; http://www.majestic12.co.uk/bot.php?+)"
84.177.111.212 - - [22/Jan/2013:13:57:31 +0100] "GET /hirek/hirek091102.htm HTTP/1.0" 200 8538 "-" "Mozilla/5.0 (compatible; MJ12bot/v1.4.3; http://www.majestic12.co.uk/bot.php?+)"
84.177.111.212 - - [22/Jan/2013:13:57:32 +0100] "GET /hirek/hirek091103.htm HTTP/1.0" 200 7301 "-" "Mozilla/5.0 (compatible; MJ12bot/v1.4.3; http://www.majestic12.co.uk/bot.php?+)"
84.177.111.212 - - [22/Jan/2013:13:57:34 +0100] "GET /hirek/hirek091221.htm HTTP/1.0" 200 6740 "-" "Mozilla/5.0 (compatible; MJ12bot/v1.4.3; http://www.majestic12.co.uk/bot.php?+)"
84.177.111.212 - - [22/Jan/2013:13:57:35 +0100] "GET /hirek/hirek100225.htm HTTP/1.0" 200 7288 "-" "Mozilla/5.0 (compatible; MJ12bot/v1.4.3; http://www.majestic12.co.uk/bot.php?+)"
84.177.111.212 - - [22/Jan/2013:13:57:37 +0100] "GET /hirek/hirek100305.htm HTTP/1.0" 200 7091 "-" "Mozilla/5.0 (compatible; MJ12bot/v1.4.3; http://www.majestic12.co.uk/bot.php?+)"
84.177.111.212 - - [22/Jan/2013:13:57:38 +0100] "GET /hirek/hirek100420.htm HTTP/1.0" 200 7914 "-" "Mozilla/5.0 (compatible; MJ12bot/v1.4.3; http://www.majestic12.co.uk/bot.php?+)"
84.177.111.212 - - [22/Jan/2013:13:57:40 +0100] "GET /hirek/hirek100728.htm HTTP/1.0" 200 7560 "-" "Mozilla/5.0 (compatible; MJ12bot/v1.4.3; http://www.majestic12.co.uk/bot.php?+)"
84.177.111.212 - - [22/Jan/2013:13:57:42 +0100] "GET /hirek/hirek100804.htm HTTP/1.0" 200 8056 "-" "Mozilla/5.0 (compatible; MJ12bot/v1.4.3; http://www.majestic12.co.uk/bot.php?+)"
84.177.111.212 - - [22/Jan/2013:13:57:43 +0100] "GET /hirek/hirek100810.htm HTTP/1.0" 200 8123 "-" "Mozilla/5.0 (compatible; MJ12bot/v1.4.3; http://www.majestic12.co.uk/bot.php?+)"
84.177.111.212 - - [22/Jan/2013:13:57:45 +0100] "GET /hirek/hirek101025.htm HTTP/1.0" 200 8786 "-" "Mozilla/5.0 (compatible; MJ12bot/v1.4.3; http://www.majestic12.co.uk/bot.php?+)"
84.177.111.212 - - [22/Jan/2013:13:57:46 +0100] "GET /hirek/hirek101027.htm HTTP/1.0" 200 9627 "-" "Mozilla/5.0 (compatible; MJ12bot/v1.4.3; http://www.majestic12.co.uk/bot.php?+)"
84.177.111.212 - - [22/Jan/2013:13:57:50 +0100] "GET /hirek/hirek101213.htm HTTP/1.0" 200 8671 "-" "Mozilla/5.0 (compatible; MJ12bot/v1.4.3; http://www.majestic12.co.uk/bot.php?+)"
84.177.111.212 - - [22/Jan/2013:13:57:51 +0100] "GET /hirek/hirek120120.htm HTTP/1.0" 200 6634 "-" "Mozilla/5.0 (compatible; MJ12bot/v1.4.3; http://www.majestic12.co.uk/bot.php?+)"
84.177.111.212 - - [22/Jan/2013:13:57:53 +0100] "GET /hirek/hirek120207.htm HTTP/1.0" 200 6586 "-" "Mozilla/5.0 (compatible; MJ12bot/v1.4.3; http://www.majestic12.co.uk/bot.php?+)"
84.177.111.212 - - [22/Jan/2013:13:57:55 +0100] "GET /index.htm HTTP/1.0" 200 23965 "-" "Mozilla/5.0 (compatible; MJ12bot/v1.4.3; http://www.majestic12.co.uk/bot.php?+)"
84.177.111.212 - - [22/Jan/2013:13:57:56 +0100] "GET /jog HTTP/1.0" 301 299 "-" "Mozilla/5.0 (compatible; MJ12bot/v1.4.3; http://www.majestic12.co.uk/bot.php?+)"
84.177.111.212 - - [22/Jan/2013:13:57:58 +0100] "GET /jog/ HTTP/1.0" 200 13138 "-" "Mozilla/5.0 (compatible; MJ12bot/v1.4.3; http://www.majestic12.co.uk/bot.php?+)"
84.177.111.212 - - [22/Jan/2013:13:57:59 +0100] "GET /kapcsolat.htm HTTP/1.0" 200 6889 "-" "Mozilla/5.0 (compatible; MJ12bot/v1.4.3; http://www.majestic12.co.uk/bot.php?+)"
84.177.111.212 - - [22/Jan/2013:13:58:01 +0100] "GET /magunkrol.htm HTTP/1.0" 200 9202 "-" "Mozilla/5.0 (compatible; MJ12bot/v1.4.3; http://www.majestic12.co.uk/bot.php?+)"
84.177.111.212 - - [22/Jan/2013:13:58:02 +0100] "GET /media.htm HTTP/1.0" 200 5208 "-" "Mozilla/5.0 (compatible; MJ12bot/v1.4.3; http://www.majestic12.co.uk/bot.php?+)"
84.177.111.212 - - [22/Jan/2013:13:58:04 +0100] "GET /programok.htm HTTP/1.0" 200 6444 "-" "Mozilla/5.0 (compatible; MJ12bot/v1.4.3; http://www.majestic12.co.uk/bot.php?+)"
66.249.76.62 - - [22/Jan/2013:14:00:38 +0100] "GET /jog/eseteink/derekegyhaza/kepek/dalerd__.jpg HTTP/1.1" 304 - "-" "Googlebot-Image/1.0"
37.140.141.19 - - [22/Jan/2013:14:41:59 +0100] "GET /jog/eseteink/kavicszatony/dscf0084.jpg HTTP/1.1" 304 - "-" "Mozilla/5.0 (compatible; YandexImages/3.0; +http://yandex.com/bots)"
208.115.113.84 - - [22/Jan/2013:15:13:21 +0100] "GET /robots.txt HTTP/1.1" 404 1181 "-" "Mozilla/5.0 (compatible; Ezooms/1.0; ezooms.bot@gmail.com)"
37.140.141.19 - - [22/Jan/2013:15:40:06 +0100] "GET /tm07.jpg HTTP/1.1" 304 - "-" "Mozilla/5.0 (compatible; YandexImages/3.0; +http://yandex.com/bots)"
84.206.44.95 - - [22/Jan/2013:15:58:01 +0100] "GET /jog/eseteink/audi/index.htm HTTP/1.1" 200 15938 "-" "Mozilla/4.0 (compatible; MSIE 7.0; Windows NT 5.1; BTRS124146; .NET CLR 1.1.4322; .NET4.0C; .NET4.0E)"
84.206.44.95 - - [22/Jan/2013:15:58:01 +0100] "GET /jog/style.css HTTP/1.1" 200 21413 "-" "Mozilla/4.0 (compatible; MSIE 7.0; Windows NT 5.1; BTRS124146; .NET CLR 1.1.4322; .NET4.0C; .NET4.0E)"
84.206.44.95 - - [22/Jan/2013:15:58:01 +0100] "GET /jog/eseteink/audi/style.ie7.css HTTP/1.1" 404 1181 "-" "Mozilla/4.0 (compatible; MSIE 7.0; Windows NT 5.1; BTRS124146; .NET CLR 1.1.4322; .NET4.0C; .NET4.0E)"
84.206.44.95 - - [22/Jan/2013:15:58:02 +0100] "GET /jog/jquery.js HTTP/1.1" 200 72174 "-" "Mozilla/4.0 (compatible; MSIE 7.0; Windows NT 5.1; BTRS124146; .NET CLR 1.1.4322; .NET4.0C; .NET4.0E)"
84.206.44.95 - - [22/Jan/2013:15:58:02 +0100] "GET /jog/script.js HTTP/1.1" 200 5674 "-" "Mozilla/4.0 (compatible; MSIE 7.0; Windows NT 5.1; BTRS124146; .NET CLR 1.1.4322; .NET4.0C; .NET4.0E)"
84.206.44.95 - - [22/Jan/2013:15:58:02 +0100] "GET /jog/lb/js/prototype.js HTTP/1.1" 200 47603 "-" "Mozilla/4.0 (compatible; MSIE 7.0; Windows NT 5.1; BTRS124146; .NET CLR 1.1.4322; .NET4.0C; .NET4.0E)"
84.206.44.95 - - [22/Jan/2013:15:58:02 +0100] "GET /jog/lb/js/scriptaculous.js?load=effects HTTP/1.1" 200 2152 "-" "Mozilla/4.0 (compatible; MSIE 7.0; Windows NT 5.1; BTRS124146; .NET CLR 1.1.4322; .NET4.0C; .NET4.0E)"
84.206.44.95 - - [22/Jan/2013:15:58:02 +0100] "GET /jog/lb/js/effects.js HTTP/1.1" 200 31969 "-" "Mozilla/4.0 (compatible; MSIE 7.0; Windows NT 5.1; BTRS124146; .NET CLR 1.1.4322; .NET4.0C; .NET4.0E)"
84.206.44.95 - - [22/Jan/2013:15:58:03 +0100] "GET /jog/lb/js/lightbox.js HTTP/1.1" 200 23431 "-" "Mozilla/4.0 (compatible; MSIE 7.0; Windows NT 5.1; BTRS124146; .NET CLR 1.1.4322; .NET4.0C; .NET4.0E)"
84.206.44.95 - - [22/Jan/2013:15:58:03 +0100] "GET /jog/eseteink/audi/audi%20-%20natura%202000_.jpg HTTP/1.1" 200 4882 "-" "Mozilla/4.0 (compatible; MSIE 7.0; Windows NT 5.1; BTRS124146; .NET CLR 1.1.4322; .NET4.0C; .NET4.0E)"
84.206.44.95 - - [22/Jan/2013:15:58:03 +0100] "GET /jog/lb/css/lightbox.css HTTP/1.1" 200 1715 "-" "Mozilla/4.0 (compatible; MSIE 7.0; Windows NT 5.1; BTRS124146; .NET CLR 1.1.4322; .NET4.0C; .NET4.0E)"
84.206.44.95 - - [22/Jan/2013:15:58:03 +0100] "GET /jog/img/file_pdf.png HTTP/1.1" 200 581 "-" "Mozilla/4.0 (compatible; MSIE 7.0; Windows NT 5.1; BTRS124146; .NET CLR 1.1.4322; .NET4.0C; .NET4.0E)"
84.206.44.95 - - [22/Jan/2013:15:58:03 +0100] "GET /jog/img/file_jpg.png HTTP/1.1" 200 607 "-" "Mozilla/4.0 (compatible; MSIE 7.0; Windows NT 5.1; BTRS124146; .NET CLR 1.1.4322; .NET4.0C; .NET4.0E)"
84.206.44.95 - - [22/Jan/2013:15:58:03 +0100] "GET /jog/eseteink/audi/gyor,%20hungary%20-%20audi_.jpg HTTP/1.1" 200 6870 "-" "Mozilla/4.0 (compatible; MSIE 7.0; Windows NT 5.1; BTRS124146; .NET CLR 1.1.4322; .NET4.0C; .NET4.0E)"
84.206.44.95 - - [22/Jan/2013:15:58:03 +0100] "GET /jog/eseteink/audi/kozmeghallgatas%20-%20diakep1_.jpg HTTP/1.1" 200 7122 "-" "Mozilla/4.0 (compatible; MSIE 7.0; Windows NT 5.1; BTRS124146; .NET CLR 1.1.4322; .NET4.0C; .NET4.0E)"
84.206.44.95 - - [22/Jan/2013:15:58:03 +0100] "GET /jog/eseteink/audi/kozmeghallgatas%20-%20diakep2_.jpg HTTP/1.1" 200 7935 "-" "Mozilla/4.0 (compatible; MSIE 7.0; Windows NT 5.1; BTRS124146; .NET CLR 1.1.4322; .NET4.0C; .NET4.0E)"
84.206.44.95 - - [22/Jan/2013:15:58:03 +0100] "GET /jog/images/Bottom_texture.jpg HTTP/1.1" 200 193775 "-" "Mozilla/4.0 (compatible; MSIE 7.0; Windows NT 5.1; BTRS124146; .NET CLR 1.1.4322; .NET4.0C; .NET4.0E)"
84.206.44.95 - - [22/Jan/2013:15:58:03 +0100] "GET /jog/images/spacer.gif HTTP/1.1" 200 43 "-" "Mozilla/4.0 (compatible; MSIE 7.0; Windows NT 5.1; BTRS124146; .NET CLR 1.1.4322; .NET4.0C; .NET4.0E)"
84.206.44.95 - - [22/Jan/2013:15:58:04 +0100] "GET /jog/images/nav.png HTTP/1.1" 200 10482 "-" "Mozilla/4.0 (compatible; MSIE 7.0; Windows NT 5.1; BTRS124146; .NET CLR 1.1.4322; .NET4.0C; .NET4.0E)"
84.206.44.95 - - [22/Jan/2013:15:58:04 +0100] "GET /jog/images/menuitem.png HTTP/1.1" 200 20398 "-" "Mozilla/4.0 (compatible; MSIE 7.0; Windows NT 5.1; BTRS124146; .NET CLR 1.1.4322; .NET4.0C; .NET4.0E)"
84.206.44.95 - - [22/Jan/2013:15:58:04 +0100] "GET /jog/images/header.png HTTP/1.1" 200 170837 "-" "Mozilla/4.0 (compatible; MSIE 7.0; Windows NT 5.1; BTRS124146; .NET CLR 1.1.4322; .NET4.0C; .NET4.0E)"
84.206.44.95 - - [22/Jan/2013:15:58:04 +0100] "GET /jog/images/subitem.png HTTP/1.1" 200 81 "-" "Mozilla/4.0 (compatible; MSIE 7.0; Windows NT 5.1; BTRS124146; .NET CLR 1.1.4322; .NET4.0C; .NET4.0E)"
84.206.44.95 - - [22/Jan/2013:15:58:04 +0100] "GET /jog/images/post_s.png HTTP/1.1" 200 466 "-" "Mozilla/4.0 (compatible; MSIE 7.0; Windows NT 5.1; BTRS124146; .NET CLR 1.1.4322; .NET4.0C; .NET4.0E)"
84.206.44.95 - - [22/Jan/2013:15:58:04 +0100] "GET /jog/images/post_h.png HTTP/1.1" 200 292 "-" "Mozilla/4.0 (compatible; MSIE 7.0; Windows NT 5.1; BTRS124146; .NET CLR 1.1.4322; .NET4.0C; .NET4.0E)"
84.206.44.95 - - [22/Jan/2013:15:58:04 +0100] "GET /jog/images/post_c.png HTTP/1.1" 200 204 "-" "Mozilla/4.0 (compatible; MSIE 7.0; Windows NT 5.1; BTRS124146; .NET CLR 1.1.4322; .NET4.0C; .NET4.0E)"
84.206.44.95 - - [22/Jan/2013:15:58:04 +0100] "GET /jog/images/post_v.png HTTP/1.1" 200 310 "-" "Mozilla/4.0 (compatible; MSIE 7.0; Windows NT 5.1; BTRS124146; .NET CLR 1.1.4322; .NET4.0C; .NET4.0E)"
84.206.44.95 - - [22/Jan/2013:15:58:39 +0100] "GET /favicon.ico HTTP/1.1" 404 1181 "-" "Mozilla/4.0 (compatible; MSIE 7.0; Windows NT 5.1; BTRS124146; .NET CLR 1.1.4322; .NET4.0C; .NET4.0E)"
84.206.44.95 - - [22/Jan/2013:15:58:40 +0100] "GET /jog/eseteink/audi/edu-ktvf%20felterjesztes%20-%20audi.jpg HTTP/1.1" 200 478649 "-" "Mozilla/4.0 (compatible; MSIE 7.0; Windows NT 5.1; BTRS124146; .NET CLR 1.1.4322; .NET4.0C; .NET4.0E)"
66.249.76.62 - - [22/Jan/2013:16:14:39 +0100] "GET /hirek/090509/1_.jpg HTTP/1.1" 304 - "-" "Googlebot-Image/1.0"
37.140.141.19 - - [22/Jan/2013:16:40:29 +0100] "GET /deutsch/d01.jpg HTTP/1.1" 304 - "-" "Mozilla/5.0 (compatible; YandexImages/3.0; +http://yandex.com/bots)"
66.249.76.62 - - [22/Jan/2013:16:57:43 +0100] "GET /fiok/kepek/02.jpg HTTP/1.1" 304 - "-" "Googlebot-Image/1.0"
195.111.2.2 - - [22/Jan/2013:17:02:30 +0100] "GET /robots.txt HTTP/1.1" 404 1181 "-" "Sztaki-kereso"
86.84.210.116 - - [22/Jan/2013:17:06:31 +0100] "GET / HTTP/1.1" 200 23965 "-" "Java/1.7.0_11"
86.84.210.116 - - [22/Jan/2013:17:06:32 +0100] "GET /hirarchivum.htm HTTP/1.1" 200 24981 "-" "Java/1.7.0_11"
86.84.210.116 - - [22/Jan/2013:17:06:32 +0100] "GET /index.htm HTTP/1.1" 200 23965 "-" "Java/1.7.0_11"
86.84.210.116 - - [22/Jan/2013:17:06:32 +0100] "GET /kapcsolat.htm HTTP/1.1" 200 6889 "-" "Java/1.7.0_11"
86.84.210.116 - - [22/Jan/2013:17:06:32 +0100] "GET /magunkrol.htm HTTP/1.1" 200 9202 "-" "Java/1.7.0_11"
86.84.210.116 - - [22/Jan/2013:17:06:32 +0100] "GET /media.htm HTTP/1.1" 200 5208 "-" "Java/1.7.0_11"
86.84.210.116 - - [22/Jan/2013:17:06:32 +0100] "GET /programok.htm HTTP/1.1" 200 6444 "-" "Java/1.7.0_11"
86.84.210.116 - - [22/Jan/2013:17:06:33 +0100] "GET /vill.cs HTTP/1.1" 200 2676 "-" "Java/1.7.0_11"
86.84.210.116 - - [22/Jan/2013:17:06:33 +0100] "GET /hirek08_10.htm HTTP/1.1" 200 6946 "-" "Java/1.7.0_11"
86.84.210.116 - - [22/Jan/2013:17:06:33 +0100] "GET /hirek08_11.htm HTTP/1.1" 200 7253 "-" "Java/1.7.0_11"
86.84.210.116 - - [22/Jan/2013:17:06:33 +0100] "GET /hirek08_12.htm HTTP/1.1" 200 8268 "-" "Java/1.7.0_11"
86.84.210.116 - - [22/Jan/2013:17:06:33 +0100] "GET /hirek09_01.htm HTTP/1.1" 200 6841 "-" "Java/1.7.0_11"
86.84.210.116 - - [22/Jan/2013:17:06:33 +0100] "GET /hirek09_02.htm HTTP/1.1" 200 7450 "-" "Java/1.7.0_11"
86.84.210.116 - - [22/Jan/2013:17:06:33 +0100] "GET /hirek09_03.htm HTTP/1.1" 200 10726 "-" "Java/1.7.0_11"
86.84.210.116 - - [22/Jan/2013:17:06:34 +0100] "GET /&url=kapcsolat.htm HTTP/1.1" 404 1181 "-" "Java/1.7.0_11"
86.84.210.116 - - [22/Jan/2013:17:06:34 +0100] "GET /&url=programok.htm HTTP/1.1" 404 1181 "-" "Java/1.7.0_11"
86.84.210.116 - - [22/Jan/2013:17:06:34 +0100] "GET /&url=adomanyi.htm HTTP/1.1" 404 1181 "-" "Java/1.7.0_11"
86.84.210.116 - - [22/Jan/2013:17:06:34 +0100] "GET /bunt.htm HTTP/1.1" 200 5683 "-" "Java/1.7.0_11"
86.84.210.116 - - [22/Jan/2013:17:06:34 +0100] "GET /civilmuhely.htm HTTP/1.1" 200 8450 "-" "Java/1.7.0_11"
86.84.210.116 - - [22/Jan/2013:17:06:34 +0100] "GET /khb.htm HTTP/1.1" 200 8719 "-" "Java/1.7.0_11"
86.84.210.116 - - [22/Jan/2013:17:06:34 +0100] "GET /nca.htm HTTP/1.1" 200 7467 "-" "Java/1.7.0_11"
86.84.210.116 - - [22/Jan/2013:17:06:35 +0100] "GET /ncta.htm HTTP/1.1" 200 7221 "-" "Java/1.7.0_11"
86.84.210.116 - - [22/Jan/2013:17:06:35 +0100] "GET /nka.htm HTTP/1.1" 200 6221 "-" "Java/1.7.0_11"
86.84.210.116 - - [22/Jan/2013:17:06:35 +0100] "GET /szakmai.htm HTTP/1.1" 200 6054 "-" "Java/1.7.0_11"
86.84.210.116 - - [22/Jan/2013:17:06:35 +0100] "GET /ncta_a.htm HTTP/1.1" 200 7260 "-" "Java/1.7.0_11"
86.84.210.116 - - [22/Jan/2013:17:06:35 +0100] "GET /&url=civilmuhely.htm HTTP/1.1" 404 1181 "-" "Java/1.7.0_11"
86.84.210.116 - - [22/Jan/2013:17:06:36 +0100] "GET /&url=magunkrol.htm HTTP/1.1" 404 1181 "-" "Java/1.7.0_11"
86.84.210.116 - - [22/Jan/2013:17:06:36 +0100] "GET /nca04.htm HTTP/1.1" 200 16378 "-" "Java/1.7.0_11"
86.84.210.116 - - [22/Jan/2013:17:06:36 +0100] "GET /nca05.htm HTTP/1.1" 200 16412 "-" "Java/1.7.0_11"
86.84.210.116 - - [22/Jan/2013:17:06:36 +0100] "GET /nca06.htm HTTP/1.1" 200 19034 "-" "Java/1.7.0_11"
86.84.210.116 - - [22/Jan/2013:17:06:37 +0100] "GET /nca07.htm HTTP/1.1" 200 21968 "-" "Java/1.7.0_11"
86.84.210.116 - - [22/Jan/2013:17:06:37 +0100] "GET /nca08.htm HTTP/1.1" 200 21795 "-" "Java/1.7.0_11"
86.84.210.116 - - [22/Jan/2013:17:06:37 +0100] "GET /nca09.htm HTTP/1.1" 200 24315 "-" "Java/1.7.0_11"
86.84.210.116 - - [22/Jan/2013:17:06:37 +0100] "GET /nca10.htm HTTP/1.1" 200 16648 "-" "Java/1.7.0_11"
86.84.210.116 - - [22/Jan/2013:17:06:38 +0100] "GET /nca11.htm HTTP/1.1" 200 7133 "-" "Java/1.7.0_11"
86.84.210.116 - - [22/Jan/2013:17:06:38 +0100] "GET /kiadvanyok.htm HTTP/1.1" 200 8206 "-" "Java/1.7.0_11"
86.84.210.116 - - [22/Jan/2013:17:06:38 +0100] "GET /deutsch/index.htm HTTP/1.1" 200 5324 "-" "Java/1.7.0_11"
86.84.210.116 - - [22/Jan/2013:17:06:38 +0100] "GET /english/index.htm HTTP/1.1" 200 5262 "-" "Java/1.7.0_11"
86.84.210.116 - - [22/Jan/2013:17:06:38 +0100] "GET /fiok/index.html HTTP/1.1" 200 20554 "-" "Java/1.7.0_11"
86.84.210.116 - - [22/Jan/2013:17:06:38 +0100] "GET /hirek/hirek091015.htm HTTP/1.1" 200 7046 "-" "Java/1.7.0_11"
86.84.210.116 - - [22/Jan/2013:17:06:39 +0100] "GET /hirek/hirek091102.htm HTTP/1.1" 200 8538 "-" "Java/1.7.0_11"
86.84.210.116 - - [22/Jan/2013:17:06:39 +0100] "GET /hirek/hirek091103.htm HTTP/1.1" 200 7301 "-" "Java/1.7.0_11"
86.84.210.116 - - [22/Jan/2013:17:06:39 +0100] "GET /hirek/hirek091221.htm HTTP/1.1" 200 6740 "-" "Java/1.7.0_11"
86.84.210.116 - - [22/Jan/2013:17:06:39 +0100] "GET /hirek/hirek100225.htm HTTP/1.1" 200 7288 "-" "Java/1.7.0_11"
208.115.113.84 - - [22/Jan/2013:17:33:04 +0100] "GET /fiok/program_reszek/turazas.htm HTTP/1.1" 200 22754 "-" "Mozilla/5.0 (compatible; Ezooms/1.0; ezooms.bot@gmail.com)"
88.87.255.125 - - [22/Jan/2013:17:40:35 +0100] "GET /jog/pub/rally_kiadvany_mtvsz.pdf HTTP/1.1" 200 630857 "http://www.google.hu/url?sa=t&rct=j&q=&esrc=s&source=web&cd=4&ved=0CEkQFjAD&url=http%3A%2F%2Fwww.beklen.hu%2Fjog%2Fpub%2Frally_kiadvany_mtvsz.pdf&ei=Y2X-UJDXL4iRswaup4DABg&usg=AFQjCNFlZ0YoNS4MvvfnzZCcyxIvTLN3bg&sig2=_DECHXkKYPHbQTzjHV3P3A" "Mozilla/5.0 (Windows NT 5.1; rv:18.0) Gecko/20100101 Firefox/18.0"
88.87.255.125 - - [22/Jan/2013:17:40:37 +0100] "GET /favicon.ico HTTP/1.1" 404 1181 "-" "Mozilla/5.0 (Windows NT 5.1; rv:18.0) Gecko/20100101 Firefox/18.0"
88.87.255.125 - - [22/Jan/2013:17:40:37 +0100] "GET /favicon.ico HTTP/1.1" 404 1181 "-" "Mozilla/5.0 (Windows NT 5.1; rv:18.0) Gecko/20100101 Firefox/18.0"
37.140.141.19 - - [22/Jan/2013:17:44:14 +0100] "GET /english/e03.jpg HTTP/1.1" 304 - "-" "Mozilla/5.0 (compatible; YandexImages/3.0; +http://yandex.com/bots)"
65.55.211.174 - - [22/Jan/2013:18:15:48 +0100] "GET /robots.txt HTTP/1.1" 404 1181 "-" "msnbot-media/1.1 (+http://search.msn.com/msnbot.htm)"
65.55.211.174 - - [22/Jan/2013:18:15:57 +0100] "GET /nimfea_project_250x250.gif HTTP/1.1" 200 2986583 "-" "msnbot-media/1.1 (+http://search.msn.com/msnbot.htm)"
37.140.141.19 - - [22/Jan/2013:18:44:59 +0100] "GET /jog/img/file_jpg.png HTTP/1.1" 304 - "-" "Mozilla/5.0 (compatible; YandexImages/3.0; +http://yandex.com/bots)"
66.249.76.62 - - [22/Jan/2013:19:06:43 +0100] "GET /jog/eseteink/korosladany/kepek/img_5356.jpg HTTP/1.1" 304 - "-" "Googlebot-Image/1.0"
74.125.18.154 - - [22/Jan/2013:19:09:36 +0100] "GET /jog/ugyfeljogok.htm HTTP/1.1" 200 14279 "http://www.google.com/search" "Mozilla/5.0 (X11; Linux x86_64) AppleWebKit/537.4 (KHTML, like Gecko; Google Web Preview) Chrome/22.0.1229 Safari/537.4"
74.125.18.158 - - [22/Jan/2013:19:09:36 +0100] "GET /jog/css/script.js HTTP/1.1" 200 6975 "http://www.beklen.hu/jog/ugyfeljogok.htm" "Mozilla/5.0 (X11; Linux x86_64) AppleWebKit/537.4 (KHTML, like Gecko; Google Web Preview) Chrome/22.0.1229 Safari/537.4"
74.125.18.151 - - [22/Jan/2013:19:09:36 +0100] "GET /jog/css/style.css HTTP/1.1" 200 23764 "http://www.beklen.hu/jog/ugyfeljogok.htm" "Mozilla/5.0 (X11; Linux x86_64) AppleWebKit/537.4 (KHTML, like Gecko; Google Web Preview) Chrome/22.0.1229 Safari/537.4"
74.125.18.154 - - [22/Jan/2013:19:09:36 +0100] "GET /jog/css/jquery.js HTTP/1.1" 200 72174 "http://www.beklen.hu/jog/ugyfeljogok.htm" "Mozilla/5.0 (X11; Linux x86_64) AppleWebKit/537.4 (KHTML, like Gecko; Google Web Preview) Chrome/22.0.1229 Safari/537.4"
74.125.18.158 - - [22/Jan/2013:19:09:36 +0100] "GET /jog2/images/nav.png HTTP/1.1" 200 11000 "http://www.beklen.hu/jog/ugyfeljogok.htm" "Mozilla/5.0 (X11; Linux x86_64) AppleWebKit/537.4 (KHTML, like Gecko; Google Web Preview) Chrome/22.0.1229 Safari/537.4"
74.125.18.155 - - [22/Jan/2013:19:09:36 +0100] "GET /jog2/images/post_c.png HTTP/1.1" 200 204 "http://www.beklen.hu/jog/ugyfeljogok.htm" "Mozilla/5.0 (X11; Linux x86_64) AppleWebKit/537.4 (KHTML, like Gecko; Google Web Preview) Chrome/22.0.1229 Safari/537.4"
74.125.18.155 - - [22/Jan/2013:19:09:36 +0100] "GET /jog2/images/post_h.png HTTP/1.1" 200 292 "http://www.beklen.hu/jog/ugyfeljogok.htm" "Mozilla/5.0 (X11; Linux x86_64) AppleWebKit/537.4 (KHTML, like Gecko; Google Web Preview) Chrome/22.0.1229 Safari/537.4"
