95.138.192.111 - - [15/Jan/2013:10:41:54 +0100] "GET /tm04_.jpg HTTP/1.1" 200 2058 "http://www.beklen.hu/index.htm" "Mozilla/5.0 (Windows NT 6.1; WOW64; rv:17.0) Gecko/20100101 Firefox/17.0"
95.138.192.111 - - [15/Jan/2013:10:41:54 +0100] "GET /tm05_.jpg HTTP/1.1" 200 1839 "http://www.beklen.hu/index.htm" "Mozilla/5.0 (Windows NT 6.1; WOW64; rv:17.0) Gecko/20100101 Firefox/17.0"
95.138.192.111 - - [15/Jan/2013:10:41:54 +0100] "GET /tm06_.jpg HTTP/1.1" 200 1382 "http://www.beklen.hu/index.htm" "Mozilla/5.0 (Windows NT 6.1; WOW64; rv:17.0) Gecko/20100101 Firefox/17.0"
95.138.192.111 - - [15/Jan/2013:10:41:54 +0100] "GET /tm07.jpg HTTP/1.1" 200 1007 "http://www.beklen.hu/index.htm" "Mozilla/5.0 (Windows NT 6.1; WOW64; rv:17.0) Gecko/20100101 Firefox/17.0"
95.138.192.111 - - [15/Jan/2013:10:41:54 +0100] "GET /a1_projekt_tabla_infra_cs3_beklenhaz_.jpg HTTP/1.1" 200 8994 "http://www.beklen.hu/index.htm" "Mozilla/5.0 (Windows NT 6.1; WOW64; rv:17.0) Gecko/20100101 Firefox/17.0"
95.138.192.111 - - [15/Jan/2013:10:41:54 +0100] "GET /jog_honlap_.jpg HTTP/1.1" 200 7186 "http://www.beklen.hu/index.htm" "Mozilla/5.0 (Windows NT 6.1; WOW64; rv:17.0) Gecko/20100101 Firefox/17.0"
95.138.192.111 - - [15/Jan/2013:10:41:54 +0100] "GET /uszt-tabla_.jpg HTTP/1.1" 200 4543 "http://www.beklen.hu/index.htm" "Mozilla/5.0 (Windows NT 6.1; WOW64; rv:17.0) Gecko/20100101 Firefox/17.0"
95.138.192.111 - - [15/Jan/2013:10:41:55 +0100] "GET /tm03.jpg HTTP/1.1" 200 2212 "http://www.beklen.hu/index.htm" "Mozilla/5.0 (Windows NT 6.1; WOW64; rv:17.0) Gecko/20100101 Firefox/17.0"
95.138.192.111 - - [15/Jan/2013:10:41:55 +0100] "GET /bottom_main.jpg HTTP/1.1" 200 96820 "http://www.beklen.hu/vill.cs" "Mozilla/5.0 (Windows NT 6.1; WOW64; rv:17.0) Gecko/20100101 Firefox/17.0"
95.138.192.111 - - [15/Jan/2013:10:42:00 +0100] "GET /nimfea_project_250x250.gif HTTP/1.1" 200 2986583 "http://www.beklen.hu/index.htm" "Mozilla/5.0 (Windows NT 6.1; WOW64; rv:17.0) Gecko/20100101 Firefox/17.0"
95.138.192.111 - - [15/Jan/2013:10:42:01 +0100] "GET /tm05.jpg HTTP/1.1" 200 2253 "http://www.beklen.hu/index.htm" "Mozilla/5.0 (Windows NT 6.1; WOW64; rv:17.0) Gecko/20100101 Firefox/17.0"
95.138.192.111 - - [15/Jan/2013:10:42:01 +0100] "GET /tm04.jpg HTTP/1.1" 200 2613 "http://www.beklen.hu/index.htm" "Mozilla/5.0 (Windows NT 6.1; WOW64; rv:17.0) Gecko/20100101 Firefox/17.0"
95.138.192.111 - - [15/Jan/2013:10:42:01 +0100] "GET /lb/images/closelabel.gif HTTP/1.1" 200 222 "http://www.beklen.hu/index.htm" "Mozilla/5.0 (Windows NT 6.1; WOW64; rv:17.0) Gecko/20100101 Firefox/17.0"
95.138.192.111 - - [15/Jan/2013:10:42:01 +0100] "GET /lb/images/loading.gif HTTP/1.1" 200 2767 "http://www.beklen.hu/index.htm" "Mozilla/5.0 (Windows NT 6.1; WOW64; rv:17.0) Gecko/20100101 Firefox/17.0"
95.138.192.111 - - [15/Jan/2013:10:42:01 +0100] "GET /tm02_.jpg HTTP/1.1" 200 1524 "http://www.beklen.hu/index.htm" "Mozilla/5.0 (Windows NT 6.1; WOW64; rv:17.0) Gecko/20100101 Firefox/17.0"
95.138.192.111 - - [15/Jan/2013:10:42:01 +0100] "GET /tm06.jpg HTTP/1.1" 200 1651 "http://www.beklen.hu/index.htm" "Mozilla/5.0 (Windows NT 6.1; WOW64; rv:17.0) Gecko/20100101 Firefox/17.0"
95.138.192.111 - - [15/Jan/2013:10:42:01 +0100] "GET /fiok/index.html HTTP/1.1" 200 20554 "http://www.beklen.hu/index.htm" "Mozilla/5.0 (Windows NT 6.1; WOW64; rv:17.0) Gecko/20100101 Firefox/17.0"
95.138.192.111 - - [15/Jan/2013:10:42:10 +0100] "GET /tm02_.jpg HTTP/1.1" 200 1524 "http://www.beklen.hu/media.htm" "Mozilla/5.0 (Windows NT 6.1; WOW64; rv:17.0) Gecko/20100101 Firefox/17.0"
95.138.192.111 - - [15/Jan/2013:10:42:16 +0100] "GET /bottom_.jpg HTTP/1.1" 200 93419 "http://www.beklen.hu/media.htm" "Mozilla/5.0 (Windows NT 6.1; WOW64; rv:17.0) Gecko/20100101 Firefox/17.0"
95.138.192.111 - - [15/Jan/2013:10:42:16 +0100] "GET /bottom_.jpg HTTP/1.1" 200 93419 "-" "Mozilla/5.0 (Windows NT 6.1; WOW64; rv:17.0) Gecko/20100101 Firefox/17.0"
95.138.192.111 - - [15/Jan/2013:10:42:28 +0100] "GET /bottom_.jpg HTTP/1.1" 200 93419 "http://www.beklen.hu/bottom_.jpg" "Mozilla/5.0 (Windows NT 6.1; WOW64; rv:17.0) Gecko/20100101 Firefox/17.0"
95.138.192.111 - - [15/Jan/2013:10:42:33 +0100] "GET /fiok HTTP/1.1" 301 312 "-" "Mozilla/5.0 (Windows NT 6.1; WOW64; rv:17.0) Gecko/20100101 Firefox/17.0"
95.138.192.111 - - [15/Jan/2013:10:42:34 +0100] "GET /fiok/ HTTP/1.1" 200 20554 "-" "Mozilla/5.0 (Windows NT 6.1; WOW64; rv:17.0) Gecko/20100101 Firefox/17.0"
95.138.192.111 - - [15/Jan/2013:10:42:34 +0100] "GET /fiok/css/js/scriptaculous.js?load=effects HTTP/1.1" 200 2152 "http://www.beklen.hu/fiok/" "Mozilla/5.0 (Windows NT 6.1; WOW64; rv:17.0) Gecko/20100101 Firefox/17.0"
95.138.192.111 - - [15/Jan/2013:10:42:34 +0100] "GET /fiok/css/lightbox.css HTTP/1.1" 200 1715 "http://www.beklen.hu/fiok/" "Mozilla/5.0 (Windows NT 6.1; WOW64; rv:17.0) Gecko/20100101 Firefox/17.0"
95.138.192.111 - - [15/Jan/2013:10:42:34 +0100] "GET /fiok/images/index_02_02.JPG HTTP/1.1" 200 1178 "http://www.beklen.hu/fiok/" "Mozilla/5.0 (Windows NT 6.1; WOW64; rv:17.0) Gecko/20100101 Firefox/17.0"
95.138.192.111 - - [15/Jan/2013:10:42:34 +0100] "GET /fiok/images/index_11.gif HTTP/1.1" 200 74 "http://www.beklen.hu/fiok/" "Mozilla/5.0 (Windows NT 6.1; WOW64; rv:17.0) Gecko/20100101 Firefox/17.0"
95.138.192.111 - - [15/Jan/2013:10:42:34 +0100] "GET /fiok/css/js/lightbox.js HTTP/1.1" 200 23424 "http://www.beklen.hu/fiok/" "Mozilla/5.0 (Windows NT 6.1; WOW64; rv:17.0) Gecko/20100101 Firefox/17.0"
95.138.192.111 - - [15/Jan/2013:10:42:34 +0100] "GET /fiok/images/index_12_12.JPG HTTP/1.1" 200 985 "http://www.beklen.hu/fiok/" "Mozilla/5.0 (Windows NT 6.1; WOW64; rv:17.0) Gecko/20100101 Firefox/17.0"
95.138.192.111 - - [15/Jan/2013:10:42:34 +0100] "GET /fiok/css/js/prototype.js HTTP/1.1" 200 47603 "http://www.beklen.hu/fiok/" "Mozilla/5.0 (Windows NT 6.1; WOW64; rv:17.0) Gecko/20100101 Firefox/17.0"
95.138.192.111 - - [15/Jan/2013:10:42:34 +0100] "GET /fiok/images/index_13.gif HTTP/1.1" 200 149 "http://www.beklen.hu/fiok/" "Mozilla/5.0 (Windows NT 6.1; WOW64; rv:17.0) Gecko/20100101 Firefox/17.0"
95.138.192.111 - - [15/Jan/2013:10:42:34 +0100] "GET /fiok/images/index_14_14.JPG HTTP/1.1" 200 9305 "http://www.beklen.hu/fiok/" "Mozilla/5.0 (Windows NT 6.1; WOW64; rv:17.0) Gecko/20100101 Firefox/17.0"
95.138.192.111 - - [15/Jan/2013:10:42:34 +0100] "GET /fiok/images/index_16_16.JPG HTTP/1.1" 200 13468 "http://www.beklen.hu/fiok/" "Mozilla/5.0 (Windows NT 6.1; WOW64; rv:17.0) Gecko/20100101 Firefox/17.0"
95.138.192.111 - - [15/Jan/2013:10:42:34 +0100] "GET /fiok/images/index_15_15.JPG HTTP/1.1" 200 20275 "http://www.beklen.hu/fiok/" "Mozilla/5.0 (Windows NT 6.1; WOW64; rv:17.0) Gecko/20100101 Firefox/17.0"
95.138.192.111 - - [15/Jan/2013:10:42:34 +0100] "GET /fiok/images/index_17_17.jpg HTTP/1.1" 200 2374 "http://www.beklen.hu/fiok/" "Mozilla/5.0 (Windows NT 6.1; WOW64; rv:17.0) Gecko/20100101 Firefox/17.0"
95.138.192.111 - - [15/Jan/2013:10:42:34 +0100] "GET /fiok/images/index_19_19.JPG HTTP/1.1" 200 3123 "http://www.beklen.hu/fiok/" "Mozilla/5.0 (Windows NT 6.1; WOW64; rv:17.0) Gecko/20100101 Firefox/17.0"
95.138.192.111 - - [15/Jan/2013:10:42:34 +0100] "GET /fiok/images/index_21_21.JPG HTTP/1.1" 404 1181 "http://www.beklen.hu/fiok/" "Mozilla/5.0 (Windows NT 6.1; WOW64; rv:17.0) Gecko/20100101 Firefox/17.0"
95.138.192.111 - - [15/Jan/2013:10:42:34 +0100] "GET /fiok/css/js/effects.js HTTP/1.1" 200 31969 "http://www.beklen.hu/fiok/" "Mozilla/5.0 (Windows NT 6.1; WOW64; rv:17.0) Gecko/20100101 Firefox/17.0"
95.138.192.111 - - [15/Jan/2013:10:42:34 +0100] "GET /fiok/images/index_18_18.JPG HTTP/1.1" 200 15778 "http://www.beklen.hu/fiok/" "Mozilla/5.0 (Windows NT 6.1; WOW64; rv:17.0) Gecko/20100101 Firefox/17.0"
95.138.192.111 - - [15/Jan/2013:10:42:34 +0100] "GET /fiok/images/szovegkep.JPG HTTP/1.1" 200 12792 "http://www.beklen.hu/fiok/" "Mozilla/5.0 (Windows NT 6.1; WOW64; rv:17.0) Gecko/20100101 Firefox/17.0"
95.138.192.111 - - [15/Jan/2013:10:42:34 +0100] "GET /fiok/images/index_25_25.jpg HTTP/1.1" 200 4960 "http://www.beklen.hu/fiok/" "Mozilla/5.0 (Windows NT 6.1; WOW64; rv:17.0) Gecko/20100101 Firefox/17.0"
95.138.192.111 - - [15/Jan/2013:10:42:34 +0100] "GET /fiok/images/index_26.gif HTTP/1.1" 200 121 "http://www.beklen.hu/fiok/" "Mozilla/5.0 (Windows NT 6.1; WOW64; rv:17.0) Gecko/20100101 Firefox/17.0"
95.138.192.111 - - [15/Jan/2013:10:42:34 +0100] "GET /fiok/images/index_27_27.jpg HTTP/1.1" 200 12876 "http://www.beklen.hu/fiok/" "Mozilla/5.0 (Windows NT 6.1; WOW64; rv:17.0) Gecko/20100101 Firefox/17.0"
95.138.192.111 - - [15/Jan/2013:10:42:34 +0100] "GET /fiok/images/spacer.gif HTTP/1.1" 200 43 "http://www.beklen.hu/fiok/" "Mozilla/5.0 (Windows NT 6.1; WOW64; rv:17.0) Gecko/20100101 Firefox/17.0"
95.138.192.111 - - [15/Jan/2013:10:42:34 +0100] "GET /fiok/images/index_21_21.JPG HTTP/1.1" 404 1181 "http://www.beklen.hu/fiok/" "Mozilla/5.0 (Windows NT 6.1; WOW64; rv:17.0) Gecko/20100101 Firefox/17.0"
95.138.192.111 - - [15/Jan/2013:10:42:34 +0100] "GET /fiok/images/a4a.jpg HTTP/1.1" 200 524 "http://www.beklen.hu/fiok/" "Mozilla/5.0 (Windows NT 6.1; WOW64; rv:17.0) Gecko/20100101 Firefox/17.0"
95.138.192.111 - - [15/Jan/2013:10:42:34 +0100] "GET /fiok/images/b4b.jpg HTTP/1.1" 200 524 "http://www.beklen.hu/fiok/" "Mozilla/5.0 (Windows NT 6.1; WOW64; rv:17.0) Gecko/20100101 Firefox/17.0"
95.138.192.111 - - [15/Jan/2013:10:42:34 +0100] "GET /fiok/images/c4c.jpg HTTP/1.1" 200 524 "http://www.beklen.hu/fiok/" "Mozilla/5.0 (Windows NT 6.1; WOW64; rv:17.0) Gecko/20100101 Firefox/17.0"
95.138.192.111 - - [15/Jan/2013:10:42:34 +0100] "GET /fiok/images/d4d.jpg HTTP/1.1" 200 524 "http://www.beklen.hu/fiok/" "Mozilla/5.0 (Windows NT 6.1; WOW64; rv:17.0) Gecko/20100101 Firefox/17.0"
95.138.192.111 - - [15/Jan/2013:10:42:34 +0100] "GET /fiok/images/e4e.jpg HTTP/1.1" 200 524 "http://www.beklen.hu/fiok/" "Mozilla/5.0 (Windows NT 6.1; WOW64; rv:17.0) Gecko/20100101 Firefox/17.0"
95.138.192.111 - - [15/Jan/2013:10:42:34 +0100] "GET /fiok/images/b12.jpg HTTP/1.1" 200 544 "http://www.beklen.hu/fiok/images/b12.jpg" "Mozilla/5.0 (Windows NT 6.1; WOW64; rv:17.0) Gecko/20100101 Firefox/17.0"
95.138.192.111 - - [15/Jan/2013:10:42:34 +0100] "GET /fiok/images/index_22.gif HTTP/1.1" 200 227 "http://www.beklen.hu/fiok/images/index_22.gif" "Mozilla/5.0 (Windows NT 6.1; WOW64; rv:17.0) Gecko/20100101 Firefox/17.0"
95.138.192.111 - - [15/Jan/2013:10:42:34 +0100] "GET /fiok/images/index_24.gif HTTP/1.1" 200 227 "http://www.beklen.hu/fiok/images/index_24.gif" "Mozilla/5.0 (Windows NT 6.1; WOW64; rv:17.0) Gecko/20100101 Firefox/17.0"
95.138.192.111 - - [15/Jan/2013:10:42:35 +0100] "GET /fiok/images/index_28.gif HTTP/1.1" 200 262 "http://www.beklen.hu/fiok/images/index_28.gif" "Mozilla/5.0 (Windows NT 6.1; WOW64; rv:17.0) Gecko/20100101 Firefox/17.0"
95.138.192.111 - - [15/Jan/2013:10:42:35 +0100] "GET /lb/images/loading.gif HTTP/1.1" 200 2767 "http://www.beklen.hu/fiok/" "Mozilla/5.0 (Windows NT 6.1; WOW64; rv:17.0) Gecko/20100101 Firefox/17.0"
95.138.192.111 - - [15/Jan/2013:10:42:35 +0100] "GET /lb/images/closelabel.gif HTTP/1.1" 200 222 "http://www.beklen.hu/fiok/" "Mozilla/5.0 (Windows NT 6.1; WOW64; rv:17.0) Gecko/20100101 Firefox/17.0"
66.249.76.62 - - [15/Jan/2013:10:43:17 +0100] "GET /robots.txt HTTP/1.1" 404 1181 "-" "Mozilla/5.0 (compatible; Googlebot/2.1; +http://www.google.com/bot.html)"
66.249.76.62 - - [15/Jan/2013:10:43:17 +0100] "GET /hirek/hirek101213.htm HTTP/1.1" 304 - "-" "Mozilla/5.0 (iPhone; U; CPU iPhone OS 4_1 like Mac OS X; en-us) AppleWebKit/532.9 (KHTML, like Gecko) Version/4.0.5 Mobile/8B117 Safari/6531.22.7 (compatible; Googlebot-Mobile/2.1; +http://www.google.com/bot.html)"
66.249.76.62 - - [15/Jan/2013:11:24:41 +0100] "GET /hirek/hirek091015.htm HTTP/1.1" 200 7046 "-" "SAMSUNG-SGH-E250/1.0 Profile/MIDP-2.0 Configuration/CLDC-1.1 UP.Browser/6.2.3.3.c.1.101 (GUI) MMP/2.0 (compatible; Googlebot-Mobile/2.1; +http://www.google.com/bot.html)"
66.249.76.62 - - [15/Jan/2013:12:23:58 +0100] "GET /jog_honlap_.jpg HTTP/1.1" 304 - "-" "Googlebot-Image/1.0"
130.83.167.153 - - [15/Jan/2013:13:04:17 +0100] "GET /jog/tapasztalatszerzok.htm HTTP/1.1" 200 12148 "-" "findlinks/2.6 (+http://wortschatz.uni-leipzig.de/findlinks/)"
66.249.76.62 - - [15/Jan/2013:13:52:32 +0100] "GET /programok.htm HTTP/1.1" 200 6444 "-" "DoCoMo/2.0 N905i(c100;TB;W24H16) (compatible; Googlebot-Mobile/2.1; +http://www.google.com/bot.html)"
180.76.5.111 - - [15/Jan/2013:14:31:42 +0100] "GET /fiok/program_reszek/madarmegfigyeles.htm HTTP/1.1" 200 21825 "-" "Mozilla/5.0 (compatible; Baiduspider/2.0; +http://www.baidu.com/search/spider.html)"
188.24.123.113 - - [15/Jan/2013:14:35:55 +0100] "GET /jog/eseteink/kavicszatony/index.htm HTTP/1.1" 200 16432 "http://www.google.ro/imgres?um=1&hl=hu&tbo=d&biw=1092&bih=485&tbm=isch&tbnid=GfqdyyX7CSWp7M:&imgrefurl=http://www.beklen.hu/jog/eseteink/kavicszatony/index.htm&docid=j72a441xYSz4AM&itg=1&imgurl=http://www.beklen.hu/jog/eseteink/kavicszatony/dscf0084.jpg&w=900&h=596&ei=IVv1UMDLFcW10QW0gIHAAw&zoom=1&iact=hc&vpx=246&vpy=117&dur=763&hovh=184&hovw=276&tx=142&ty=71&sig=106937677834137599290&page=2&tbnh=136&tbnw=198&start=10&ndsp=15&ved=1t:429,r:21,s:0,i:144" "Mozilla/5.0 (Windows NT 6.1) AppleWebKit/537.17 (KHTML, like Gecko) Chrome/24.0.1312.52 Safari/537.17"
188.24.123.113 - - [15/Jan/2013:14:35:56 +0100] "GET /jog/style.css HTTP/1.1" 200 21413 "http://www.beklen.hu/jog/eseteink/kavicszatony/index.htm" "Mozilla/5.0 (Windows NT 6.1) AppleWebKit/537.17 (KHTML, like Gecko) Chrome/24.0.1312.52 Safari/537.17"
188.24.123.113 - - [15/Jan/2013:14:35:56 +0100] "GET /jog/script.js HTTP/1.1" 200 5674 "http://www.beklen.hu/jog/eseteink/kavicszatony/index.htm" "Mozilla/5.0 (Windows NT 6.1) AppleWebKit/537.17 (KHTML, like Gecko) Chrome/24.0.1312.52 Safari/537.17"
188.24.123.113 - - [15/Jan/2013:14:35:56 +0100] "GET /jog/lb/js/scriptaculous.js?load=effects HTTP/1.1" 200 2152 "http://www.beklen.hu/jog/eseteink/kavicszatony/index.htm" "Mozilla/5.0 (Windows NT 6.1) AppleWebKit/537.17 (KHTML, like Gecko) Chrome/24.0.1312.52 Safari/537.17"
188.24.123.113 - - [15/Jan/2013:14:35:56 +0100] "GET /jog/lb/js/lightbox.js HTTP/1.1" 200 23431 "http://www.beklen.hu/jog/eseteink/kavicszatony/index.htm" "Mozilla/5.0 (Windows NT 6.1) AppleWebKit/537.17 (KHTML, like Gecko) Chrome/24.0.1312.52 Safari/537.17"
188.24.123.113 - - [15/Jan/2013:14:35:56 +0100] "GET /jog/lb/js/prototype.js HTTP/1.1" 200 47603 "http://www.beklen.hu/jog/eseteink/kavicszatony/index.htm" "Mozilla/5.0 (Windows NT 6.1) AppleWebKit/537.17 (KHTML, like Gecko) Chrome/24.0.1312.52 Safari/537.17"
188.24.123.113 - - [15/Jan/2013:14:35:56 +0100] "GET /jog/lb/css/lightbox.css HTTP/1.1" 200 1715 "http://www.beklen.hu/jog/eseteink/kavicszatony/index.htm" "Mozilla/5.0 (Windows NT 6.1) AppleWebKit/537.17 (KHTML, like Gecko) Chrome/24.0.1312.52 Safari/537.17"
188.24.123.113 - - [15/Jan/2013:14:35:56 +0100] "GET /jog/jquery.js HTTP/1.1" 200 72174 "http://www.beklen.hu/jog/eseteink/kavicszatony/index.htm" "Mozilla/5.0 (Windows NT 6.1) AppleWebKit/537.17 (KHTML, like Gecko) Chrome/24.0.1312.52 Safari/537.17"
188.24.123.113 - - [15/Jan/2013:14:35:58 +0100] "GET /jog/eseteink/kavicszatony/dscf0084.jpg HTTP/1.1" 200 121546 "http://www.google.ro/imgres?um=1&hl=hu&tbo=d&biw=1092&bih=485&tbm=isch&tbnid=GfqdyyX7CSWp7M:&imgrefurl=http://www.beklen.hu/jog/eseteink/kavicszatony/index.htm&docid=j72a441xYSz4AM&itg=1&imgurl=http://www.beklen.hu/jog/eseteink/kavicszatony/dscf0084.jpg&w=900&h=596&ei=IVv1UMDLFcW10QW0gIHAAw&zoom=1&iact=hc&vpx=246&vpy=117&dur=763&hovh=184&hovw=276&tx=142&ty=71&sig=106937677834137599290&page=2&tbnh=136&tbnw=198&start=10&ndsp=15&ved=1t:429,r:21,s:0,i:144" "Mozilla/5.0 (Windows NT 6.1) AppleWebKit/537.17 (KHTML, like Gecko) Chrome/24.0.1312.52 Safari/537.17"
188.24.123.113 - - [15/Jan/2013:14:35:59 +0100] "GET /jog/lb/js/effects.js HTTP/1.1" 200 31969 "http://www.beklen.hu/jog/eseteink/kavicszatony/index.htm" "Mozilla/5.0 (Windows NT 6.1) AppleWebKit/537.17 (KHTML, like Gecko) Chrome/24.0.1312.52 Safari/537.17"
188.24.123.113 - - [15/Jan/2013:14:35:59 +0100] "GET /jog/images/spacer.gif HTTP/1.1" 200 43 "http://www.beklen.hu/jog/eseteink/kavicszatony/index.htm" "Mozilla/5.0 (Windows NT 6.1) AppleWebKit/537.17 (KHTML, like Gecko) Chrome/24.0.1312.52 Safari/537.17"
188.24.123.113 - - [15/Jan/2013:14:35:59 +0100] "GET /jog/images/subitem.png HTTP/1.1" 200 81 "http://www.beklen.hu/jog/eseteink/kavicszatony/index.htm" "Mozilla/5.0 (Windows NT 6.1) AppleWebKit/537.17 (KHTML, like Gecko) Chrome/24.0.1312.52 Safari/537.17"
188.24.123.113 - - [15/Jan/2013:14:35:59 +0100] "GET /jog/images/menuitem.png HTTP/1.1" 200 20398 "http://www.beklen.hu/jog/eseteink/kavicszatony/index.htm" "Mozilla/5.0 (Windows NT 6.1) AppleWebKit/537.17 (KHTML, like Gecko) Chrome/24.0.1312.52 Safari/537.17"
188.24.123.113 - - [15/Jan/2013:14:35:59 +0100] "GET /jog/images/nav.png HTTP/1.1" 200 10482 "http://www.beklen.hu/jog/eseteink/kavicszatony/index.htm" "Mozilla/5.0 (Windows NT 6.1) AppleWebKit/537.17 (KHTML, like Gecko) Chrome/24.0.1312.52 Safari/537.17"
188.24.123.113 - - [15/Jan/2013:14:35:59 +0100] "GET /jog/images/post_s.png HTTP/1.1" 200 466 "http://www.beklen.hu/jog/eseteink/kavicszatony/index.htm" "Mozilla/5.0 (Windows NT 6.1) AppleWebKit/537.17 (KHTML, like Gecko) Chrome/24.0.1312.52 Safari/537.17"
188.24.123.113 - - [15/Jan/2013:14:35:59 +0100] "GET /jog/images/post_h.png HTTP/1.1" 200 292 "http://www.beklen.hu/jog/eseteink/kavicszatony/index.htm" "Mozilla/5.0 (Windows NT 6.1) AppleWebKit/537.17 (KHTML, like Gecko) Chrome/24.0.1312.52 Safari/537.17"
188.24.123.113 - - [15/Jan/2013:14:35:59 +0100] "GET /jog/images/post_v.png HTTP/1.1" 200 310 "http://www.beklen.hu/jog/eseteink/kavicszatony/index.htm" "Mozilla/5.0 (Windows NT 6.1) AppleWebKit/537.17 (KHTML, like Gecko) Chrome/24.0.1312.52 Safari/537.17"
188.24.123.113 - - [15/Jan/2013:14:35:59 +0100] "GET /jog/images/post_c.png HTTP/1.1" 200 204 "http://www.beklen.hu/jog/eseteink/kavicszatony/index.htm" "Mozilla/5.0 (Windows NT 6.1) AppleWebKit/537.17 (KHTML, like Gecko) Chrome/24.0.1312.52 Safari/537.17"
188.24.123.113 - - [15/Jan/2013:14:36:00 +0100] "GET /jog/eseteink/kavicszatony/dscf0084_.jpg HTTP/1.1" 200 2611 "http://www.beklen.hu/jog/eseteink/kavicszatony/index.htm" "Mozilla/5.0 (Windows NT 6.1) AppleWebKit/537.17 (KHTML, like Gecko) Chrome/24.0.1312.52 Safari/537.17"
188.24.123.113 - - [15/Jan/2013:14:36:00 +0100] "GET /jog/eseteink/kavicszatony/dscf0024_.jpg HTTP/1.1" 200 2902 "http://www.beklen.hu/jog/eseteink/kavicszatony/index.htm" "Mozilla/5.0 (Windows NT 6.1) AppleWebKit/537.17 (KHTML, like Gecko) Chrome/24.0.1312.52 Safari/537.17"
188.24.123.113 - - [15/Jan/2013:14:36:00 +0100] "GET /jog/img/file_pdf.png HTTP/1.1" 200 581 "http://www.beklen.hu/jog/eseteink/kavicszatony/index.htm" "Mozilla/5.0 (Windows NT 6.1) AppleWebKit/537.17 (KHTML, like Gecko) Chrome/24.0.1312.52 Safari/537.17"
188.24.123.113 - - [15/Jan/2013:14:36:00 +0100] "GET /jog/images/Bottom_texture.jpg HTTP/1.1" 200 193775 "http://www.beklen.hu/jog/eseteink/kavicszatony/index.htm" "Mozilla/5.0 (Windows NT 6.1) AppleWebKit/537.17 (KHTML, like Gecko) Chrome/24.0.1312.52 Safari/537.17"
188.24.123.113 - - [15/Jan/2013:14:36:00 +0100] "GET /jog/images/header.png HTTP/1.1" 200 170837 "http://www.beklen.hu/jog/eseteink/kavicszatony/index.htm" "Mozilla/5.0 (Windows NT 6.1) AppleWebKit/537.17 (KHTML, like Gecko) Chrome/24.0.1312.52 Safari/537.17"
208.115.113.84 - - [15/Jan/2013:15:16:52 +0100] "GET /robots.txt HTTP/1.1" 404 1181 "-" "Mozilla/5.0 (compatible; Ezooms/1.0; ezooms.bot@gmail.com)"
121.15.171.68 - - [15/Jan/2013:15:23:00 +0100] "GET /robots.txt HTTP/1.0" 404 1181 "-" "larbin_2.6.3 (larbin2.6.3@unspecified.mail)"
121.15.171.68 - - [15/Jan/2013:15:24:07 +0100] "GET /fiok/ HTTP/1.0" 200 20554 "-" "larbin_2.6.3 larbin2.6.3@unspecified.mail"
202.46.53.130 - - [15/Jan/2013:15:40:26 +0100] "GET / HTTP/1.1" 200 14257 "-" "Mozilla/4.0 (compatible; MSIE 7.0; Windows NT 6.0)"
119.63.193.132 - - [15/Jan/2013:15:40:31 +0100] "GET / HTTP/1.1" 200 14257 "-" "Mozilla/4.0 (compatible; MSIE 7.0; Windows NT 6.0)"
208.115.111.68 - - [15/Jan/2013:17:11:09 +0100] "GET /robots.txt HTTP/1.1" 404 1181 "-" "Mozilla/5.0 (compatible; Ezooms/1.0; ezooms.bot@gmail.com)"
77.20.156.77 - - [15/Jan/2013:17:18:48 +0100] "GET /jog/adathozzaferes.htm HTTP/1.1" 200 13800 "-" "findlinks/2.0.2 (+http://wortschatz.uni-leipzig.de/findlinks/)"
208.115.113.84 - - [15/Jan/2013:17:29:01 +0100] "GET /fiok/kapcsolat.htm HTTP/1.1" 200 17416 "-" "Mozilla/5.0 (compatible; Ezooms/1.0; ezooms.bot@gmail.com)"
208.115.113.84 - - [15/Jan/2013:17:29:02 +0100] "GET /jog/index.htm HTTP/1.1" 200 13138 "-" "Mozilla/5.0 (compatible; Ezooms/1.0; ezooms.bot@gmail.com)"
66.249.78.60 - - [15/Jan/2013:17:59:28 +0100] "GET /hirek/hirek091015.htm HTTP/1.1" 304 - "-" "Mozilla/5.0 (iPhone; U; CPU iPhone OS 4_1 like Mac OS X; en-us) AppleWebKit/532.9 (KHTML, like Gecko) Version/4.0.5 Mobile/8B117 Safari/6531.22.7 (compatible; Googlebot-Mobile/2.1; +http://www.google.com/bot.html)"
208.115.113.84 - - [15/Jan/2013:19:15:03 +0100] "GET /robots.txt HTTP/1.1" 404 1181 "-" "Mozilla/5.0 (compatible; Ezooms/1.0; ezooms.bot@gmail.com)"
173.242.125.196 - - [15/Jan/2013:19:16:35 +0100] "GET /robots.txt HTTP/1.0" 404 1181 "-" "Mozilla/5.0 (compatible; MJ12bot/v1.4.3; http://www.majestic12.co.uk/bot.php?+)"
173.242.125.196 - - [15/Jan/2013:19:16:36 +0100] "GET /fiok HTTP/1.0" 301 300 "-" "Mozilla/5.0 (compatible; MJ12bot/v1.4.3; http://www.majestic12.co.uk/bot.php?+)"
173.242.125.196 - - [15/Jan/2013:19:16:38 +0100] "GET /fiok/ HTTP/1.0" 200 20554 "-" "Mozilla/5.0 (compatible; MJ12bot/v1.4.3; http://www.majestic12.co.uk/bot.php?+)"
180.76.5.67 - - [15/Jan/2013:19:17:40 +0100] "GET /fiok/program_reszek/lovaglas.htm HTTP/1.1" 200 21486 "-" "Mozilla/5.0 (compatible; Baiduspider/2.0; +http://www.baidu.com/search/spider.html)"
208.115.111.68 - - [15/Jan/2013:19:48:36 +0100] "GET /nka.htm HTTP/1.1" 200 6221 "-" "Mozilla/5.0 (compatible; Ezooms/1.0; ezooms.bot@gmail.com)"
130.83.167.153 - - [15/Jan/2013:20:58:41 +0100] "GET / HTTP/1.1" 200 23965 "-" "findlinks/2.6 (+http://wortschatz.uni-leipzig.de/findlinks/)"
208.115.111.68 - - [15/Jan/2013:21:10:15 +0100] "GET /robots.txt HTTP/1.1" 404 1181 "-" "Mozilla/5.0 (compatible; Ezooms/1.0; ezooms.bot@gmail.com)"
66.249.76.62 - - [15/Jan/2013:21:15:53 +0100] "GET /jog/eseteink/korosladany/panasz_rendorsegi_hatarozat_ellen.pdf HTTP/1.1" 200 148679 "-" "Mozilla/5.0 (iPhone; U; CPU iPhone OS 4_1 like Mac OS X; en-us) AppleWebKit/532.9 (KHTML, like Gecko) Version/4.0.5 Mobile/8B117 Safari/6531.22.7 (compatible; Googlebot-Mobile/2.1; +http://www.google.com/bot.html)"
208.115.113.84 - - [15/Jan/2013:21:22:20 +0100] "GET /nca08.htm HTTP/1.1" 200 21795 "-" "Mozilla/5.0 (compatible; Ezooms/1.0; ezooms.bot@gmail.com)"
202.46.53.73 - - [15/Jan/2013:21:41:05 +0100] "GET / HTTP/1.1" 200 14257 "-" "Mozilla/4.0 (compatible; MSIE 7.0; Windows NT 6.0)"
119.63.193.195 - - [15/Jan/2013:21:41:12 +0100] "GET / HTTP/1.1" 200 14257 "-" "Mozilla/4.0 (compatible; MSIE 7.0; Windows NT 6.0)"
66.249.76.11 - - [15/Jan/2013:21:43:06 +0100] "GET /robots.txt HTTP/1.1" 404 1181 "-" "Mozilla/5.0 (compatible; Googlebot/2.1; +http://www.google.com/bot.html)"
66.249.78.11 - - [15/Jan/2013:21:43:07 +0100] "GET / HTTP/1.1" 200 23965 "-" "Mozilla/5.0 (compatible; Googlebot/2.1; +http://www.google.com/bot.html)"
66.249.78.11 - - [15/Jan/2013:21:48:33 +0100] "GET /fiok/program_reszek/turazas.htm HTTP/1.1" 200 22754 "-" "Mozilla/5.0 (compatible; Googlebot/2.1; +http://www.google.com/bot.html)"
66.249.78.11 - - [15/Jan/2013:21:58:45 +0100] "GET /fiok/program_reszek/programok/18.jpg HTTP/1.1" 200 225255 "-" "Googlebot-Image/1.0"
66.249.78.11 - - [15/Jan/2013:22:00:02 +0100] "GET /fiok/program_reszek/programok/21.jpg HTTP/1.1" 200 261695 "-" "Googlebot-Image/1.0"
66.249.78.11 - - [15/Jan/2013:22:00:34 +0100] "GET /fiok/program_reszek/programok/19.jpg HTTP/1.1" 200 196464 "-" "Googlebot-Image/1.0"
66.249.78.11 - - [15/Jan/2013:22:01:07 +0100] "GET /fiok/program_reszek/programok/20.jpg HTTP/1.1" 200 187831 "-" "Googlebot-Image/1.0"
66.249.78.60 - - [15/Jan/2013:22:37:57 +0100] "GET /hirek/hirek091102.htm HTTP/1.1" 304 - "-" "Mozilla/5.0 (iPhone; U; CPU iPhone OS 4_1 like Mac OS X; en-us) AppleWebKit/532.9 (KHTML, like Gecko) Version/4.0.5 Mobile/8B117 Safari/6531.22.7 (compatible; Googlebot-Mobile/2.1; +http://www.google.com/bot.html)"
208.115.113.84 - - [15/Jan/2013:23:09:18 +0100] "GET /robots.txt HTTP/1.1" 404 1181 "-" "Mozilla/5.0 (compatible; Ezooms/1.0; ezooms.bot@gmail.com)"
66.249.78.11 - - [15/Jan/2013:23:39:38 +0100] "GET /jog/jogszabalyok/Natura2000_gyepkezelesi_rendelet.pdf HTTP/1.1" 200 159668 "-" "Mozilla/5.0 (compatible; Googlebot/2.1; +http://www.google.com/bot.html)"
208.115.111.68 - - [15/Jan/2013:23:50:18 +0100] "GET /jog/eseteink/korosladany/ HTTP/1.1" 200 30713 "-" "Mozilla/5.0 (compatible; Ezooms/1.0; ezooms.bot@gmail.com)"
180.76.5.186 - - [16/Jan/2013:00:04:30 +0100] "GET /fiok/program_reszek/konferancia.htm HTTP/1.1" 200 21668 "-" "Mozilla/5.0 (compatible; Baiduspider/2.0; +http://www.baidu.com/search/spider.html)"
208.115.111.68 - - [16/Jan/2013:01:05:07 +0100] "GET /robots.txt HTTP/1.1" 404 1181 "-" "Mozilla/5.0 (compatible; Ezooms/1.0; ezooms.bot@gmail.com)"
66.249.76.62 - - [16/Jan/2013:01:22:39 +0100] "GET /robots.txt HTTP/1.1" 404 1181 "-" "Mozilla/5.0 (compatible; Googlebot/2.1; +http://www.google.com/bot.html)"
66.249.78.60 - - [16/Jan/2013:01:22:39 +0100] "GET /hirek/hirek100420.htm HTTP/1.1" 304 - "-" "Mozilla/5.0 (compatible; Googlebot/2.1; +http://www.google.com/bot.html)"
208.115.113.84 - - [16/Jan/2013:01:25:11 +0100] "GET /english/introduction.htm HTTP/1.1" 200 6502 "-" "Mozilla/5.0 (compatible; Ezooms/1.0; ezooms.bot@gmail.com)"
65.55.215.109 - - [16/Jan/2013:01:49:48 +0100] "GET /robots.txt HTTP/1.1" 404 1181 "-" "msnbot-media/1.1 (+http://search.msn.com/msnbot.htm)"
65.55.215.109 - - [16/Jan/2013:01:49:48 +0100] "GET /jog/img/320/imgp1441.jpg HTTP/1.1" 200 18392 "-" "msnbot-media/1.1 (+http://search.msn.com/msnbot.htm)"
46.229.160.208 - - [16/Jan/2013:02:13:34 +0100] "GET /jog/pub/fuzet_beliv_jav2.pdf HTTP/1.1" 200 22817 "-" "-"
173.199.119.35 - - [16/Jan/2013:02:57:40 +0100] "GET /robots.txt HTTP/1.1" 404 1181 "-" "Mozilla/5.0 (compatible; AhrefsBot/4.0; +http://ahrefs.com/robot/)"
66.249.78.11 - - [16/Jan/2013:03:38:05 +0100] "GET /jog/eseteink/autopalya/index.htm HTTP/1.1" 200 11311 "-" "Mozilla/5.0 (compatible; Googlebot/2.1; +http://www.google.com/bot.html)"
66.249.78.11 - - [16/Jan/2013:03:42:30 +0100] "GET /jog/eseteink/autopalya/m85-itelet.pdf HTTP/1.1" 200 711298 "-" "Mozilla/5.0 (compatible; Googlebot/2.1; +http://www.google.com/bot.html)"
208.115.111.68 - - [16/Jan/2013:03:47:23 +0100] "GET /jog/publikaciok.htm HTTP/1.1" 200 17866 "-" "Mozilla/5.0 (compatible; Ezooms/1.0; ezooms.bot@gmail.com)"
66.249.76.11 - - [16/Jan/2013:03:51:53 +0100] "GET /jog/eseteink/autopalya/oktvf%20valasz2.jpg HTTP/1.1" 200 126711 "-" "Googlebot-Image/1.0"
66.249.76.11 - - [16/Jan/2013:03:52:39 +0100] "GET /jog/eseteink/autopalya/oktvf%20valasz1.jpg HTTP/1.1" 200 616822 "-" "Googlebot-Image/1.0"
66.249.78.11 - - [16/Jan/2013:03:53:38 +0100] "GET /jog/eseteink/autopalya/oktvf_m8_elfogadas.jpg HTTP/1.1" 200 488749 "-" "Googlebot-Image/1.0"
66.249.78.11 - - [16/Jan/2013:03:54:34 +0100] "GET /jog/eseteink/autopalya/beklen_m4_elutasitas2.jpg HTTP/1.1" 200 425405 "-" "Googlebot-Image/1.0"
66.249.78.11 - - [16/Jan/2013:03:55:28 +0100] "GET /jog/eseteink/autopalya/beklen_m4_elutasitas1.jpg HTTP/1.1" 200 560093 "-" "Googlebot-Image/1.0"
66.249.78.11 - - [16/Jan/2013:03:56:26 +0100] "GET /jog/eseteink/autopalya/beklen_m35_elutasitas2.jpg HTTP/1.1" 200 413769 "-" "Googlebot-Image/1.0"
66.249.78.11 - - [16/Jan/2013:03:57:22 +0100] "GET /jog/eseteink/autopalya/beklen_m35_elutasitas1.jpg HTTP/1.1" 200 557874 "-" "Googlebot-Image/1.0"
66.249.78.11 - - [16/Jan/2013:03:58:17 +0100] "GET /jog/eseteink/autopalya/oktvf_m8_elfogadas_2007.jpg HTTP/1.1" 200 488379 "-" "Googlebot-Image/1.0"
66.249.76.11 - - [16/Jan/2013:03:59:09 +0100] "GET /jog/eseteink/autopalya/nimfea_m8_bejelentkezes.jpg HTTP/1.1" 200 287357 "-" "Googlebot-Image/1.0"
66.249.78.11 - - [16/Jan/2013:04:00:20 +0100] "GET /jog/eseteink/autopalya/nimfea_m8_bejelentkezes_2007.jpg HTTP/1.1" 200 729854 "-" "Googlebot-Image/1.0"
66.249.78.11 - - [16/Jan/2013:04:01:31 +0100] "GET /jog/eseteink/autopalya/oktvf_berettyoujfalu_orszaghatar_elfogadas.jpg HTTP/1.1" 200 500547 "-" "Googlebot-Image/1.0"
66.249.78.11 - - [16/Jan/2013:04:13:41 +0100] "GET /jog/eseteink/autopalya/ugyfel-m9-oktvf20061108.pdf HTTP/1.1" 200 132171 "-" "Mozilla/5.0 (compatible; Googlebot/2.1; +http://www.google.com/bot.html)"
180.76.5.187 - - [16/Jan/2013:04:54:10 +0100] "GET /fiok/program_reszek/erdei_iskola.htm HTTP/1.1" 200 21601 "-" "Mozilla/5.0 (compatible; Baiduspider/2.0; +http://www.baidu.com/search/spider.html)"
208.115.111.68 - - [16/Jan/2013:05:07:54 +0100] "GET /robots.txt HTTP/1.1" 404 1181 "-" "Mozilla/5.0 (compatible; Ezooms/1.0; ezooms.bot@gmail.com)"
66.249.78.11 - - [16/Jan/2013:05:30:43 +0100] "GET /jog/jogszabalyok/348_2006.korm.rendelet.pdf HTTP/1.1" 200 198403 "-" "Mozilla/5.0 (compatible; Googlebot/2.1; +http://www.google.com/bot.html)"
66.249.78.60 - - [16/Jan/2013:05:42:26 +0100] "GET /hirek/hirek091102.htm HTTP/1.1" 200 8538 "-" "SAMSUNG-SGH-E250/1.0 Profile/MIDP-2.0 Configuration/CLDC-1.1 UP.Browser/6.2.3.3.c.1.101 (GUI) MMP/2.0 (compatible; Googlebot-Mobile/2.1; +http://www.google.com/bot.html)"
66.249.78.60 - - [16/Jan/2013:05:47:13 +0100] "GET /jog/eseteink/korosladany/ujabb_panasz.pdf HTTP/1.1" 304 - "-" "Mozilla/5.0 (compatible; Googlebot/2.1; +http://www.google.com/bot.html)"
66.249.78.60 - - [16/Jan/2013:05:59:57 +0100] "GET /hirek/Natura_2000es_gyepgazdalkodas_eloirasai.ppt HTTP/1.1" 304 - "-" "Mozilla/5.0 (compatible; Googlebot/2.1; +http://www.google.com/bot.html)"
66.249.78.60 - - [16/Jan/2013:06:29:43 +0100] "GET /jog/ HTTP/1.1" 304 - "-" "Mozilla/5.0 (compatible; Googlebot/2.1; +http://www.google.com/bot.html)"
66.249.76.62 - - [16/Jan/2013:07:28:32 +0100] "GET /hirek/hirek100728.htm HTTP/1.1" 304 - "-" "Mozilla/5.0 (compatible; Googlebot/2.1; +http://www.google.com/bot.html)"
208.115.111.68 - - [16/Jan/2013:07:42:51 +0100] "GET /kiadvanyok.htm HTTP/1.1" 200 8206 "-" "Mozilla/5.0 (compatible; Ezooms/1.0; ezooms.bot@gmail.com)"
66.249.78.60 - - [16/Jan/2013:07:54:05 +0100] "GET /jog/eseteink/kavicszatony/index.htm HTTP/1.1" 304 - "-" "Mozilla/5.0 (compatible; Googlebot/2.1; +http://www.google.com/bot.html)"
176.195.7.88 - - [16/Jan/2013:07:59:38 +0100] "GET / HTTP/1.0" 200 23965 "http://yandex.ru/yandsearch?text=beklen.hu&lr=213" "Mozilla/4.0 (compatible; MSIE 6.0; Windows NT 5.1)"
176.195.7.88 - - [16/Jan/2013:07:59:39 +0100] "GET /vill.cs HTTP/1.0" 200 2676 "http://beklen.hu/" "Mozilla/4.0 (compatible; MSIE 6.0; Windows NT 5.1)"
176.195.7.88 - - [16/Jan/2013:07:59:39 +0100] "GET /lb/js/prototype.js HTTP/1.0" 200 47603 "http://beklen.hu/" "Mozilla/4.0 (compatible; MSIE 6.0; Windows NT 5.1)"
176.195.7.88 - - [16/Jan/2013:07:59:39 +0100] "GET /lb/js/scriptaculous.js?load=effects HTTP/1.0" 200 2152 "http://beklen.hu/" "Mozilla/4.0 (compatible; MSIE 6.0; Windows NT 5.1)"
176.195.7.88 - - [16/Jan/2013:07:59:40 +0100] "GET /lb/js/effects.js HTTP/1.0" 200 31969 "http://beklen.hu/" "Mozilla/4.0 (compatible; MSIE 6.0; Windows NT 5.1)"
176.195.7.88 - - [16/Jan/2013:07:59:40 +0100] "GET /lb/js/lightbox.js HTTP/1.0" 200 23424 "http://beklen.hu/" "Mozilla/4.0 (compatible; MSIE 6.0; Windows NT 5.1)"
176.195.7.88 - - [16/Jan/2013:07:59:41 +0100] "GET /lb/css/lightbox.css HTTP/1.0" 200 1715 "http://beklen.hu/" "Mozilla/4.0 (compatible; MSIE 6.0; Windows NT 5.1)"
66.249.76.62 - - [16/Jan/2013:08:44:56 +0100] "GET /jog/eseteink/audi/audi_gyor_restoration_measures1-10.pdf HTTP/1.1" 200 4247194 "-" "Googlebot/2.1 (+http://www.google.com/bot.html)"
207.46.194.115 - - [16/Jan/2013:08:57:31 +0100] "GET /robots.txt HTTP/1.1" 404 1181 "-" "msnbot-media/1.1 (+http://search.msn.com/msnbot.htm)"
207.46.194.115 - - [16/Jan/2013:08:57:32 +0100] "GET /jog/img/320/imgp0112.jpg HTTP/1.1" 200 16457 "-" "msnbot-media/1.1 (+http://search.msn.com/msnbot.htm)"
77.20.156.77 - - [16/Jan/2013:09:24:06 +0100] "GET /nka.htm HTTP/1.1" 200 6221 "-" "findlinks/2.0.2 (+http://wortschatz.uni-leipzig.de/findlinks/)"
180.76.5.196 - - [16/Jan/2013:09:41:04 +0100] "GET /fiok/kapcsolat.htm HTTP/1.1" 200 17416 "-" "Mozilla/5.0 (compatible; Baiduspider/2.0; +http://www.baidu.com/search/spider.html)"
66.249.78.60 - - [16/Jan/2013:11:10:26 +0100] "GET /hirek/hirek101027.htm HTTP/1.1" 200 9627 "-" "Mozilla/5.0 (compatible; Googlebot/2.1; +http://www.google.com/bot.html)"
66.249.76.62 - - [16/Jan/2013:11:39:18 +0100] "GET /hirek/Microsoft%20Word%20-%20csongradi%20duzzaszto%20velemeny%202009.06.11..doc.pdf HTTP/1.1" 200 321155 "-" "DoCoMo/2.0 N905i(c100;TB;W24H16) (compatible; Googlebot-Mobile/2.1; +http://www.google.com/bot.html)"
195.111.2.2 - - [16/Jan/2013:11:40:29 +0100] "GET /robots.txt HTTP/1.1" 404 1181 "-" "Sztaki-kereso"
66.249.76.11 - - [16/Jan/2013:12:45:31 +0100] "GET /robots.txt HTTP/1.1" 404 1181 "-" "Mozilla/5.0 (compatible; Googlebot/2.1; +http://www.google.com/bot.html)"
66.249.76.11 - - [16/Jan/2013:12:45:32 +0100] "GET /jog/jogszabalyok/biodiverzitas_egyezmeny.pdf HTTP/1.1" 200 198401 "-" "Mozilla/5.0 (compatible; Googlebot/2.1; +http://www.google.com/bot.html)"
208.115.111.68 - - [16/Jan/2013:13:08:05 +0100] "GET /robots.txt HTTP/1.1" 404 1181 "-" "Mozilla/5.0 (compatible; Ezooms/1.0; ezooms.bot@gmail.com)"
94.21.6.118 - - [16/Jan/2013:14:06:02 +0100] "GET / HTTP/1.1" 200 23965 "http://www.nimfea.hu/tagszervezeteink/index.htm" "Mozilla/5.0 (Windows NT 5.1) AppleWebKit/537.17 (KHTML, like Gecko) Chrome/24.0.1312.52 Safari/537.17"
94.21.6.118 - - [16/Jan/2013:14:06:02 +0100] "GET /vill.cs HTTP/1.1" 200 2676 "http://www.beklen.hu/" "Mozilla/5.0 (Windows NT 5.1) AppleWebKit/537.17 (KHTML, like Gecko) Chrome/24.0.1312.52 Safari/537.17"
94.21.6.118 - - [16/Jan/2013:14:06:02 +0100] "GET /lb/js/scriptaculous.js?load=effects HTTP/1.1" 200 2152 "http://www.beklen.hu/" "Mozilla/5.0 (Windows NT 5.1) AppleWebKit/537.17 (KHTML, like Gecko) Chrome/24.0.1312.52 Safari/537.17"
94.21.6.118 - - [16/Jan/2013:14:06:02 +0100] "GET /lb/js/prototype.js HTTP/1.1" 200 47603 "http://www.beklen.hu/" "Mozilla/5.0 (Windows NT 5.1) AppleWebKit/537.17 (KHTML, like Gecko) Chrome/24.0.1312.52 Safari/537.17"
94.21.6.118 - - [16/Jan/2013:14:06:02 +0100] "GET /lb/js/lightbox.js HTTP/1.1" 200 23424 "http://www.beklen.hu/" "Mozilla/5.0 (Windows NT 5.1) AppleWebKit/537.17 (KHTML, like Gecko) Chrome/24.0.1312.52 Safari/537.17"
94.21.6.118 - - [16/Jan/2013:14:06:02 +0100] "GET /lb/css/lightbox.css HTTP/1.1" 200 1715 "http://www.beklen.hu/" "Mozilla/5.0 (Windows NT 5.1) AppleWebKit/537.17 (KHTML, like Gecko) Chrome/24.0.1312.52 Safari/537.17"
94.21.6.118 - - [16/Jan/2013:14:06:03 +0100] "GET /lb/js/effects.js HTTP/1.1" 200 31969 "http://www.beklen.hu/" "Mozilla/5.0 (Windows NT 5.1) AppleWebKit/537.17 (KHTML, like Gecko) Chrome/24.0.1312.52 Safari/537.17"
94.21.6.118 - - [16/Jan/2013:14:06:03 +0100] "GET /bg.jpg HTTP/1.1" 200 566 "http://www.beklen.hu/" "Mozilla/5.0 (Windows NT 5.1) AppleWebKit/537.17 (KHTML, like Gecko) Chrome/24.0.1312.52 Safari/537.17"
94.21.6.118 - - [16/Jan/2013:14:06:03 +0100] "GET /tm01.jpg HTTP/1.1" 200 1080 "http://www.beklen.hu/" "Mozilla/5.0 (Windows NT 5.1) AppleWebKit/537.17 (KHTML, like Gecko) Chrome/24.0.1312.52 Safari/537.17"
94.21.6.118 - - [16/Jan/2013:14:06:03 +0100] "GET /tm02.jpg HTTP/1.1" 200 1873 "http://www.beklen.hu/" "Mozilla/5.0 (Windows NT 5.1) AppleWebKit/537.17 (KHTML, like Gecko) Chrome/24.0.1312.52 Safari/537.17"
94.21.6.118 - - [16/Jan/2013:14:06:03 +0100] "GET /tm03_.jpg HTTP/1.1" 200 1787 "http://www.beklen.hu/" "Mozilla/5.0 (Windows NT 5.1) AppleWebKit/537.17 (KHTML, like Gecko) Chrome/24.0.1312.52 Safari/537.17"
94.21.6.118 - - [16/Jan/2013:14:06:03 +0100] "GET /tm05_.jpg HTTP/1.1" 200 1839 "http://www.beklen.hu/" "Mozilla/5.0 (Windows NT 5.1) AppleWebKit/537.17 (KHTML, like Gecko) Chrome/24.0.1312.52 Safari/537.17"
94.21.6.118 - - [16/Jan/2013:14:06:03 +0100] "GET /tm04_.jpg HTTP/1.1" 200 2058 "http://www.beklen.hu/" "Mozilla/5.0 (Windows NT 5.1) AppleWebKit/537.17 (KHTML, like Gecko) Chrome/24.0.1312.52 Safari/537.17"
94.21.6.118 - - [16/Jan/2013:14:06:03 +0100] "GET /tm07.jpg HTTP/1.1" 200 1007 "http://www.beklen.hu/" "Mozilla/5.0 (Windows NT 5.1) AppleWebKit/537.17 (KHTML, like Gecko) Chrome/24.0.1312.52 Safari/537.17"
94.21.6.118 - - [16/Jan/2013:14:06:03 +0100] "GET /tm06_.jpg HTTP/1.1" 200 1382 "http://www.beklen.hu/" "Mozilla/5.0 (Windows NT 5.1) AppleWebKit/537.17 (KHTML, like Gecko) Chrome/24.0.1312.52 Safari/537.17"
94.21.6.118 - - [16/Jan/2013:14:06:03 +0100] "GET /a1_projekt_tabla_infra_cs3_beklenhaz_.jpg HTTP/1.1" 200 8994 "http://www.beklen.hu/" "Mozilla/5.0 (Windows NT 5.1) AppleWebKit/537.17 (KHTML, like Gecko) Chrome/24.0.1312.52 Safari/537.17"
94.21.6.118 - - [16/Jan/2013:14:06:03 +0100] "GET /uszt-tabla_.jpg HTTP/1.1" 200 4543 "http://www.beklen.hu/" "Mozilla/5.0 (Windows NT 5.1) AppleWebKit/537.17 (KHTML, like Gecko) Chrome/24.0.1312.52 Safari/537.17"
94.21.6.118 - - [16/Jan/2013:14:06:03 +0100] "GET /jog_honlap_.jpg HTTP/1.1" 200 7186 "http://www.beklen.hu/" "Mozilla/5.0 (Windows NT 5.1) AppleWebKit/537.17 (KHTML, like Gecko) Chrome/24.0.1312.52 Safari/537.17"
94.21.6.118 - - [16/Jan/2013:14:06:05 +0100] "GET /bottom_main.jpg HTTP/1.1" 200 96820 "http://www.beklen.hu/" "Mozilla/5.0 (Windows NT 5.1) AppleWebKit/537.17 (KHTML, like Gecko) Chrome/24.0.1312.52 Safari/537.17"
94.21.6.118 - - [16/Jan/2013:14:06:13 +0100] "GET /nimfea_project_250x250.gif HTTP/1.1" 200 2986583 "http://www.beklen.hu/" "Mozilla/5.0 (Windows NT 5.1) AppleWebKit/537.17 (KHTML, like Gecko) Chrome/24.0.1312.52 Safari/537.17"
94.21.6.118 - - [16/Jan/2013:14:06:14 +0100] "GET /lb/images/loading.gif HTTP/1.1" 200 2767 "http://www.beklen.hu/" "Mozilla/5.0 (Windows NT 5.1) AppleWebKit/537.17 (KHTML, like Gecko) Chrome/24.0.1312.52 Safari/537.17"
94.21.6.118 - - [16/Jan/2013:14:06:14 +0100] "GET /lb/images/closelabel.gif HTTP/1.1" 200 222 "http://www.beklen.hu/" "Mozilla/5.0 (Windows NT 5.1) AppleWebKit/537.17 (KHTML, like Gecko) Chrome/24.0.1312.52 Safari/537.17"
94.21.6.118 - - [16/Jan/2013:14:06:14 +0100] "GET /tm04.jpg HTTP/1.1" 200 2613 "http://www.beklen.hu/" "Mozilla/5.0 (Windows NT 5.1) AppleWebKit/537.17 (KHTML, like Gecko) Chrome/24.0.1312.52 Safari/537.17"
94.21.6.118 - - [16/Jan/2013:14:06:14 +0100] "GET /tm05.jpg HTTP/1.1" 200 2253 "http://www.beklen.hu/" "Mozilla/5.0 (Windows NT 5.1) AppleWebKit/537.17 (KHTML, like Gecko) Chrome/24.0.1312.52 Safari/537.17"
94.21.6.118 - - [16/Jan/2013:14:06:14 +0100] "GET /tm06.jpg HTTP/1.1" 200 1651 "http://www.beklen.hu/" "Mozilla/5.0 (Windows NT 5.1) AppleWebKit/537.17 (KHTML, like Gecko) Chrome/24.0.1312.52 Safari/537.17"
94.21.6.118 - - [16/Jan/2013:14:06:14 +0100] "GET /tm02_.jpg HTTP/1.1" 200 1524 "http://www.beklen.hu/" "Mozilla/5.0 (Windows NT 5.1) AppleWebKit/537.17 (KHTML, like Gecko) Chrome/24.0.1312.52 Safari/537.17"
94.21.6.118 - - [16/Jan/2013:14:06:16 +0100] "GET /tm03.jpg HTTP/1.1" 200 2212 "http://www.beklen.hu/" "Mozilla/5.0 (Windows NT 5.1) AppleWebKit/537.17 (KHTML, like Gecko) Chrome/24.0.1312.52 Safari/537.17"
94.21.6.118 - - [16/Jan/2013:14:06:16 +0100] "GET /favicon.ico HTTP/1.1" 404 1181 "-" "Mozilla/5.0 (Windows NT 5.1) AppleWebKit/537.17 (KHTML, like Gecko) Chrome/24.0.1312.52 Safari/537.17"
66.249.78.60 - - [16/Jan/2013:14:14:55 +0100] "GET /robots.txt HTTP/1.1" 404 1181 "-" "Mozilla/5.0 (compatible; Googlebot/2.1; +http://www.google.com/bot.html)"
66.249.78.60 - - [16/Jan/2013:14:14:55 +0100] "GET /jog/eseteink/duzzaszto/vegzes1.jpg HTTP/1.1" 304 - "-" "Googlebot-Image/1.0"
66.249.76.11 - - [16/Jan/2013:14:20:04 +0100] "GET /jog/eseteink/korosladany/srbvadi_srb.pdf HTTP/1.1" 200 151172 "-" "Mozilla/5.0 (compatible; Googlebot/2.1; +http://www.google.com/bot.html)"
208.115.113.84 - - [16/Jan/2013:15:09:48 +0100] "GET /robots.txt HTTP/1.1" 404 1181 "-" "Mozilla/5.0 (compatible; Ezooms/1.0; ezooms.bot@gmail.com)"
66.249.76.62 - - [16/Jan/2013:15:16:57 +0100] "GET /jog/eseteink/korosladany/dalerd%20lb%20itelet_001.pdf HTTP/1.1" 200 2479135 "-" "Mozilla/5.0 (compatible; Googlebot/2.1; +http://www.google.com/bot.html)"
82.141.128.106 - - [16/Jan/2013:15:28:00 +0100] "GET /kapcsolat.htm HTTP/1.0" 200 6889 "http://www.bing.com/search?q=beklen+alap%C3%ADtv%C3%A1ny&src=IE-SearchBox&Form=IE8SRC" "Mozilla/4.0 (compatible; MSIE 8.0; Windows NT 5.1; Trident/4.0; .NET CLR 1.1.4322; .NET CLR 2.0.50727; .NET CLR 3.0.04506.30; .NET CLR 3.0.4506.2152; .NET CLR 3.5.30729)"
82.141.128.106 - - [16/Jan/2013:15:28:00 +0100] "GET /vill.cs HTTP/1.0" 200 2676 "http://www.beklen.hu/kapcsolat.htm" "Mozilla/4.0 (compatible; MSIE 8.0; Windows NT 5.1; Trident/4.0; .NET CLR 1.1.4322; .NET CLR 2.0.50727; .NET CLR 3.0.04506.30; .NET CLR 3.0.4506.2152; .NET CLR 3.5.30729)"
82.141.128.106 - - [16/Jan/2013:15:28:00 +0100] "GET /bg.jpg HTTP/1.0" 200 566 "http://www.beklen.hu/kapcsolat.htm" "Mozilla/4.0 (compatible; MSIE 8.0; Windows NT 5.1; Trident/4.0; .NET CLR 1.1.4322; .NET CLR 2.0.50727; .NET CLR 3.0.04506.30; .NET CLR 3.0.4506.2152; .NET CLR 3.5.30729)"
82.141.128.106 - - [16/Jan/2013:15:28:00 +0100] "GET /tm01.jpg HTTP/1.0" 200 1080 "http://www.beklen.hu/kapcsolat.htm" "Mozilla/4.0 (compatible; MSIE 8.0; Windows NT 5.1; Trident/4.0; .NET CLR 1.1.4322; .NET CLR 2.0.50727; .NET CLR 3.0.04506.30; .NET CLR 3.0.4506.2152; .NET CLR 3.5.30729)"
82.141.128.106 - - [16/Jan/2013:15:28:00 +0100] "GET /tm02_.jpg HTTP/1.0" 200 1524 "http://www.beklen.hu/kapcsolat.htm" "Mozilla/4.0 (compatible; MSIE 8.0; Windows NT 5.1; Trident/4.0; .NET CLR 1.1.4322; .NET CLR 2.0.50727; .NET CLR 3.0.04506.30; .NET CLR 3.0.4506.2152; .NET CLR 3.5.30729)"
82.141.128.106 - - [16/Jan/2013:15:28:00 +0100] "GET /tm04_.jpg HTTP/1.0" 200 2058 "http://www.beklen.hu/kapcsolat.htm" "Mozilla/4.0 (compatible; MSIE 8.0; Windows NT 5.1; Trident/4.0; .NET CLR 1.1.4322; .NET CLR 2.0.50727; .NET CLR 3.0.04506.30; .NET CLR 3.0.4506.2152; .NET CLR 3.5.30729)"
82.141.128.106 - - [16/Jan/2013:15:28:01 +0100] "GET /felsorol.css HTTP/1.0" 200 240 "http://www.beklen.hu/kapcsolat.htm" "Mozilla/4.0 (compatible; MSIE 8.0; Windows NT 5.1; Trident/4.0; .NET CLR 1.1.4322; .NET CLR 2.0.50727; .NET CLR 3.0.04506.30; .NET CLR 3.0.4506.2152; .NET CLR 3.5.30729)"
82.141.128.106 - - [16/Jan/2013:15:28:01 +0100] "GET /tm05.jpg HTTP/1.0" 200 2253 "http://www.beklen.hu/kapcsolat.htm" "Mozilla/4.0 (compatible; MSIE 8.0; Windows NT 5.1; Trident/4.0; .NET CLR 1.1.4322; .NET CLR 2.0.50727; .NET CLR 3.0.04506.30; .NET CLR 3.0.4506.2152; .NET CLR 3.5.30729)"
82.141.128.106 - - [16/Jan/2013:15:28:01 +0100] "GET /tm03_.jpg HTTP/1.0" 200 1787 "http://www.beklen.hu/kapcsolat.htm" "Mozilla/4.0 (compatible; MSIE 8.0; Windows NT 5.1; Trident/4.0; .NET CLR 1.1.4322; .NET CLR 2.0.50727; .NET CLR 3.0.04506.30; .NET CLR 3.0.4506.2152; .NET CLR 3.5.30729)"
82.141.128.106 - - [16/Jan/2013:15:28:01 +0100] "GET /tm06_.jpg HTTP/1.0" 200 1382 "http://www.beklen.hu/kapcsolat.htm" "Mozilla/4.0 (compatible; MSIE 8.0; Windows NT 5.1; Trident/4.0; .NET CLR 1.1.4322; .NET CLR 2.0.50727; .NET CLR 3.0.04506.30; .NET CLR 3.0.4506.2152; .NET CLR 3.5.30729)"
82.141.128.106 - - [16/Jan/2013:15:28:01 +0100] "GET /tm07.jpg HTTP/1.0" 200 1007 "http://www.beklen.hu/kapcsolat.htm" "Mozilla/4.0 (compatible; MSIE 8.0; Windows NT 5.1; Trident/4.0; .NET CLR 1.1.4322; .NET CLR 2.0.50727; .NET CLR 3.0.04506.30; .NET CLR 3.0.4506.2152; .NET CLR 3.5.30729)"
82.141.128.106 - - [16/Jan/2013:15:28:01 +0100] "GET /bottom_.jpg HTTP/1.0" 200 93419 "http://www.beklen.hu/kapcsolat.htm" "Mozilla/4.0 (compatible; MSIE 8.0; Windows NT 5.1; Trident/4.0; .NET CLR 1.1.4322; .NET CLR 2.0.50727; .NET CLR 3.0.04506.30; .NET CLR 3.0.4506.2152; .NET CLR 3.5.30729)"
82.141.128.106 - - [16/Jan/2013:15:28:01 +0100] "GET /favicon.ico HTTP/1.0" 404 1181 "-" "Mozilla/4.0 (compatible; MSIE 8.0; Windows NT 5.1; Trident/4.0; .NET CLR 1.1.4322; .NET CLR 2.0.50727; .NET CLR 3.0.04506.30; .NET CLR 3.0.4506.2152; .NET CLR 3.5.30729)"
82.141.128.106 - - [16/Jan/2013:15:28:01 +0100] "GET /tm02.jpg HTTP/1.0" 200 1873 "http://www.beklen.hu/kapcsolat.htm" "Mozilla/4.0 (compatible; MSIE 8.0; Windows NT 5.1; Trident/4.0; .NET CLR 1.1.4322; .NET CLR 2.0.50727; .NET CLR 3.0.04506.30; .NET CLR 3.0.4506.2152; .NET CLR 3.5.30729)"
82.141.128.106 - - [16/Jan/2013:15:28:01 +0100] "GET /tm03.jpg HTTP/1.0" 200 2212 "http://www.beklen.hu/kapcsolat.htm" "Mozilla/4.0 (compatible; MSIE 8.0; Windows NT 5.1; Trident/4.0; .NET CLR 1.1.4322; .NET CLR 2.0.50727; .NET CLR 3.0.04506.30; .NET CLR 3.0.4506.2152; .NET CLR 3.5.30729)"
82.141.128.106 - - [16/Jan/2013:15:28:01 +0100] "GET /tm04.jpg HTTP/1.0" 200 2613 "http://www.beklen.hu/kapcsolat.htm" "Mozilla/4.0 (compatible; MSIE 8.0; Windows NT 5.1; Trident/4.0; .NET CLR 1.1.4322; .NET CLR 2.0.50727; .NET CLR 3.0.04506.30; .NET CLR 3.0.4506.2152; .NET CLR 3.5.30729)"
82.141.128.106 - - [16/Jan/2013:15:28:01 +0100] "GET /tm06.jpg HTTP/1.0" 200 1651 "http://www.beklen.hu/kapcsolat.htm" "Mozilla/4.0 (compatible; MSIE 8.0; Windows NT 5.1; Trident/4.0; .NET CLR 1.1.4322; .NET CLR 2.0.50727; .NET CLR 3.0.04506.30; .NET CLR 3.0.4506.2152; .NET CLR 3.5.30729)"
82.141.128.106 - - [16/Jan/2013:15:28:05 +0100] "GET /tm05_.jpg HTTP/1.0" 200 1839 "http://www.beklen.hu/kapcsolat.htm" "Mozilla/4.0 (compatible; MSIE 8.0; Windows NT 5.1; Trident/4.0; .NET CLR 1.1.4322; .NET CLR 2.0.50727; .NET CLR 3.0.04506.30; .NET CLR 3.0.4506.2152; .NET CLR 3.5.30729)"
82.141.128.106 - - [16/Jan/2013:15:28:18 +0100] "GET / HTTP/1.0" 200 23965 "http://www.bing.com/search?q=beklen+alap%C3%ADtv%C3%A1ny&src=IE-SearchBox&Form=IE8SRC" "Mozilla/4.0 (compatible; MSIE 8.0; Windows NT 5.1; Trident/4.0; .NET CLR 1.1.4322; .NET CLR 2.0.50727; .NET CLR 3.0.04506.30; .NET CLR 3.0.4506.2152; .NET CLR 3.5.30729)"
82.141.128.106 - - [16/Jan/2013:15:28:19 +0100] "GET /lb/js/prototype.js HTTP/1.0" 200 47603 "http://www.beklen.hu/" "Mozilla/4.0 (compatible; MSIE 8.0; Windows NT 5.1; Trident/4.0; .NET CLR 1.1.4322; .NET CLR 2.0.50727; .NET CLR 3.0.04506.30; .NET CLR 3.0.4506.2152; .NET CLR 3.5.30729)"
82.141.128.106 - - [16/Jan/2013:15:28:19 +0100] "GET /lb/js/scriptaculous.js?load=effects HTTP/1.0" 200 2152 "http://www.beklen.hu/" "Mozilla/4.0 (compatible; MSIE 8.0; Windows NT 5.1; Trident/4.0; .NET CLR 1.1.4322; .NET CLR 2.0.50727; .NET CLR 3.0.04506.30; .NET CLR 3.0.4506.2152; .NET CLR 3.5.30729)"
82.141.128.106 - - [16/Jan/2013:15:28:19 +0100] "GET /lb/js/effects.js HTTP/1.0" 200 31969 "http://www.beklen.hu/" "Mozilla/4.0 (compatible; MSIE 8.0; Windows NT 5.1; Trident/4.0; .NET CLR 1.1.4322; .NET CLR 2.0.50727; .NET CLR 3.0.04506.30; .NET CLR 3.0.4506.2152; .NET CLR 3.5.30729)"
82.141.128.106 - - [16/Jan/2013:15:28:20 +0100] "GET /lb/js/lightbox.js HTTP/1.0" 200 23424 "http://www.beklen.hu/" "Mozilla/4.0 (compatible; MSIE 8.0; Windows NT 5.1; Trident/4.0; .NET CLR 1.1.4322; .NET CLR 2.0.50727; .NET CLR 3.0.04506.30; .NET CLR 3.0.4506.2152; .NET CLR 3.5.30729)"
82.141.128.106 - - [16/Jan/2013:15:28:21 +0100] "GET /lb/css/lightbox.css HTTP/1.0" 200 1715 "http://www.beklen.hu/" "Mozilla/4.0 (compatible; MSIE 8.0; Windows NT 5.1; Trident/4.0; .NET CLR 1.1.4322; .NET CLR 2.0.50727; .NET CLR 3.0.04506.30; .NET CLR 3.0.4506.2152; .NET CLR 3.5.30729)"
82.141.128.106 - - [16/Jan/2013:15:28:21 +0100] "GET /uszt-tabla_.jpg HTTP/1.0" 200 4543 "http://www.beklen.hu/" "Mozilla/4.0 (compatible; MSIE 8.0; Windows NT 5.1; Trident/4.0; .NET CLR 1.1.4322; .NET CLR 2.0.50727; .NET CLR 3.0.04506.30; .NET CLR 3.0.4506.2152; .NET CLR 3.5.30729)"
82.141.128.106 - - [16/Jan/2013:15:28:21 +0100] "GET /jog_honlap_.jpg HTTP/1.0" 200 7186 "http://www.beklen.hu/" "Mozilla/4.0 (compatible; MSIE 8.0; Windows NT 5.1; Trident/4.0; .NET CLR 1.1.4322; .NET CLR 2.0.50727; .NET CLR 3.0.04506.30; .NET CLR 3.0.4506.2152; .NET CLR 3.5.30729)"
82.141.128.106 - - [16/Jan/2013:15:28:21 +0100] "GET /bottom_main.jpg HTTP/1.0" 200 96820 "http://www.beklen.hu/" "Mozilla/4.0 (compatible; MSIE 8.0; Windows NT 5.1; Trident/4.0; .NET CLR 1.1.4322; .NET CLR 2.0.50727; .NET CLR 3.0.04506.30; .NET CLR 3.0.4506.2152; .NET CLR 3.5.30729)"
82.141.128.106 - - [16/Jan/2013:15:28:24 +0100] "GET /a1_projekt_tabla_infra_cs3_beklenhaz_.jpg HTTP/1.0" 200 8994 "http://www.beklen.hu/" "Mozilla/4.0 (compatible; MSIE 8.0; Windows NT 5.1; Trident/4.0; .NET CLR 1.1.4322; .NET CLR 2.0.50727; .NET CLR 3.0.04506.30; .NET CLR 3.0.4506.2152; .NET CLR 3.5.30729)"
82.141.128.106 - - [16/Jan/2013:15:28:30 +0100] "GET /nimfea_project_250x250.gif HTTP/1.0" 200 1130594 "http://www.beklen.hu/" "Mozilla/4.0 (compatible; MSIE 8.0; Windows NT 5.1; Trident/4.0; .NET CLR 1.1.4322; .NET CLR 2.0.50727; .NET CLR 3.0.04506.30; .NET CLR 3.0.4506.2152; .NET CLR 3.5.30729)"
82.141.128.106 - - [16/Jan/2013:15:28:30 +0100] "GET /uszt-tabla.jpg HTTP/1.0" 404 1181 "http://www.beklen.hu/" "Mozilla/4.0 (compatible; MSIE 8.0; Windows NT 5.1; Trident/4.0; .NET CLR 1.1.4322; .NET CLR 2.0.50727; .NET CLR 3.0.04506.30; .NET CLR 3.0.4506.2152; .NET CLR 3.5.30729)"
82.141.128.106 - - [16/Jan/2013:15:28:35 +0100] "GET /nimfea_project_250x250.gif HTTP/1.0" 200 1098716 "http://www.beklen.hu/" "Mozilla/4.0 (compatible; MSIE 8.0; Windows NT 5.1; Trident/4.0; .NET CLR 1.1.4322; .NET CLR 2.0.50727; .NET CLR 3.0.04506.30; .NET CLR 3.0.4506.2152; .NET CLR 3.5.30729)"
82.141.128.106 - - [16/Jan/2013:15:28:55 +0100] "GET /index.htm HTTP/1.0" 200 23965 "http://www.beklen.hu/kapcsolat.htm" "Mozilla/4.0 (compatible; MSIE 8.0; Windows NT 5.1; Trident/4.0; .NET CLR 1.1.4322; .NET CLR 2.0.50727; .NET CLR 3.0.04506.30; .NET CLR 3.0.4506.2152; .NET CLR 3.5.30729)"
