79.121.85.248 - - [17/Jan/2013:19:47:55 +0100] "GET /jog/images/spacer.gif HTTP/1.1" 200 43 "http://www.beklen.hu/jog/eseteink/derekegyhaza/index.htm" "Mozilla/5.0 (Macintosh; Intel Mac OS X 10_7_4) AppleWebKit/536.25 (KHTML, like Gecko) Version/6.0 Safari/536.25"
79.121.85.248 - - [17/Jan/2013:19:47:55 +0100] "GET /jog/images/nav.png HTTP/1.1" 200 10482 "http://www.beklen.hu/jog/eseteink/derekegyhaza/index.htm" "Mozilla/5.0 (Macintosh; Intel Mac OS X 10_7_4) AppleWebKit/536.25 (KHTML, like Gecko) Version/6.0 Safari/536.25"
79.121.85.248 - - [17/Jan/2013:19:47:55 +0100] "GET /jog/images/menuitem.png HTTP/1.1" 200 20398 "http://www.beklen.hu/jog/eseteink/derekegyhaza/index.htm" "Mozilla/5.0 (Macintosh; Intel Mac OS X 10_7_4) AppleWebKit/536.25 (KHTML, like Gecko) Version/6.0 Safari/536.25"
79.121.85.248 - - [17/Jan/2013:19:47:55 +0100] "GET /jog/images/subitem.png HTTP/1.1" 200 81 "http://www.beklen.hu/jog/eseteink/derekegyhaza/index.htm" "Mozilla/5.0 (Macintosh; Intel Mac OS X 10_7_4) AppleWebKit/536.25 (KHTML, like Gecko) Version/6.0 Safari/536.25"
79.121.85.248 - - [17/Jan/2013:19:47:55 +0100] "GET /jog/images/post_s.png HTTP/1.1" 200 466 "http://www.beklen.hu/jog/eseteink/derekegyhaza/index.htm" "Mozilla/5.0 (Macintosh; Intel Mac OS X 10_7_4) AppleWebKit/536.25 (KHTML, like Gecko) Version/6.0 Safari/536.25"
79.121.85.248 - - [17/Jan/2013:19:47:55 +0100] "GET /jog/images/post_h.png HTTP/1.1" 200 292 "http://www.beklen.hu/jog/eseteink/derekegyhaza/index.htm" "Mozilla/5.0 (Macintosh; Intel Mac OS X 10_7_4) AppleWebKit/536.25 (KHTML, like Gecko) Version/6.0 Safari/536.25"
79.121.85.248 - - [17/Jan/2013:19:47:55 +0100] "GET /jog/images/post_v.png HTTP/1.1" 200 310 "http://www.beklen.hu/jog/eseteink/derekegyhaza/index.htm" "Mozilla/5.0 (Macintosh; Intel Mac OS X 10_7_4) AppleWebKit/536.25 (KHTML, like Gecko) Version/6.0 Safari/536.25"
79.121.85.248 - - [17/Jan/2013:19:47:55 +0100] "GET /jog/images/Bottom_texture.jpg HTTP/1.1" 200 193775 "http://www.beklen.hu/jog/eseteink/derekegyhaza/index.htm" "Mozilla/5.0 (Macintosh; Intel Mac OS X 10_7_4) AppleWebKit/536.25 (KHTML, like Gecko) Version/6.0 Safari/536.25"
79.121.85.248 - - [17/Jan/2013:19:47:55 +0100] "GET /jog/images/post_c.png HTTP/1.1" 200 204 "http://www.beklen.hu/jog/eseteink/derekegyhaza/index.htm" "Mozilla/5.0 (Macintosh; Intel Mac OS X 10_7_4) AppleWebKit/536.25 (KHTML, like Gecko) Version/6.0 Safari/536.25"
79.121.85.248 - - [17/Jan/2013:19:47:55 +0100] "GET /jog/eseteink/derekegyhaza/37-433.jpg HTTP/1.1" 200 3573 "http://www.beklen.hu/jog/eseteink/derekegyhaza/index.htm" "Mozilla/5.0 (Macintosh; Intel Mac OS X 10_7_4) AppleWebKit/536.25 (KHTML, like Gecko) Version/6.0 Safari/536.25"
79.121.85.248 - - [17/Jan/2013:19:47:55 +0100] "GET /jog/img/file_pdf.png HTTP/1.1" 200 581 "http://www.beklen.hu/jog/eseteink/derekegyhaza/index.htm" "Mozilla/5.0 (Macintosh; Intel Mac OS X 10_7_4) AppleWebKit/536.25 (KHTML, like Gecko) Version/6.0 Safari/536.25"
79.121.85.248 - - [17/Jan/2013:19:47:55 +0100] "GET /jog/eseteink/derekegyhaza/mszh_elsofok_ugyfel_elutasitas_1.jpg HTTP/1.1" 200 1086764 "http://www.google.hu/imgres?q=k%C3%A9relem&hl=hu&client=safari&sa=X&tbo=d&rls=en&biw=1164&bih=608&tbm=isch&tbnid=W-si8GXDAGQdvM:&imgrefurl=http://www.beklen.hu/jog/eseteink/derekegyhaza/index.htm&docid=ZTfOsU0QL27I-M&imgurl=http://www.beklen.hu/jog/eseteink/derekegyhaza/mszh_elsofok_ugyfel_elutasitas_1.jpg&w=1674&h=2277&ei=9kb4UO3UA87HtAa99YDADg&zoom=1&iact=hc&vpx=758&vpy=235&dur=21&hovh=262&hovw=192&tx=114&ty=217&sig=109386052785932613555&page=3&tbnh=145&tbnw=107&start=67&ndsp=38&ved=1t:429,r:74,s:0,i:323" "Mozilla/5.0 (Macintosh; Intel Mac OS X 10_7_4) AppleWebKit/536.25 (KHTML, like Gecko) Version/6.0 Safari/536.25"
79.121.85.248 - - [17/Jan/2013:19:47:55 +0100] "GET /jog/img/file_jpg.png HTTP/1.1" 200 607 "http://www.beklen.hu/jog/eseteink/derekegyhaza/index.htm" "Mozilla/5.0 (Macintosh; Intel Mac OS X 10_7_4) AppleWebKit/536.25 (KHTML, like Gecko) Version/6.0 Safari/536.25"
79.121.85.248 - - [17/Jan/2013:19:47:56 +0100] "GET /jog/images/header.png HTTP/1.1" 200 170837 "http://www.beklen.hu/jog/eseteink/derekegyhaza/index.htm" "Mozilla/5.0 (Macintosh; Intel Mac OS X 10_7_4) AppleWebKit/536.25 (KHTML, like Gecko) Version/6.0 Safari/536.25"
79.121.85.248 - - [17/Jan/2013:19:47:56 +0100] "GET /jog/eseteink/derekegyhaza/kepek/37-431__.jpg HTTP/1.1" 200 4706 "http://www.beklen.hu/jog/eseteink/derekegyhaza/index.htm" "Mozilla/5.0 (Macintosh; Intel Mac OS X 10_7_4) AppleWebKit/536.25 (KHTML, like Gecko) Version/6.0 Safari/536.25"
79.121.85.248 - - [17/Jan/2013:19:47:56 +0100] "GET /jog/eseteink/derekegyhaza/kepek/37-431_o_2005__.jpg HTTP/1.1" 200 5766 "http://www.beklen.hu/jog/eseteink/derekegyhaza/index.htm" "Mozilla/5.0 (Macintosh; Intel Mac OS X 10_7_4) AppleWebKit/536.25 (KHTML, like Gecko) Version/6.0 Safari/536.25"
79.121.85.248 - - [17/Jan/2013:19:47:56 +0100] "GET /jog/eseteink/derekegyhaza/kepek/37-433__.jpg HTTP/1.1" 200 4596 "http://www.beklen.hu/jog/eseteink/derekegyhaza/index.htm" "Mozilla/5.0 (Macintosh; Intel Mac OS X 10_7_4) AppleWebKit/536.25 (KHTML, like Gecko) Version/6.0 Safari/536.25"
79.121.85.248 - - [17/Jan/2013:19:47:56 +0100] "GET /jog/eseteink/derekegyhaza/kepek/37-433_o_2005__.jpg HTTP/1.1" 200 5388 "http://www.beklen.hu/jog/eseteink/derekegyhaza/index.htm" "Mozilla/5.0 (Macintosh; Intel Mac OS X 10_7_4) AppleWebKit/536.25 (KHTML, like Gecko) Version/6.0 Safari/536.25"
79.121.85.248 - - [17/Jan/2013:19:47:56 +0100] "GET /jog/eseteink/derekegyhaza/kepek/dalerd__.jpg HTTP/1.1" 200 6281 "http://www.beklen.hu/jog/eseteink/derekegyhaza/index.htm" "Mozilla/5.0 (Macintosh; Intel Mac OS X 10_7_4) AppleWebKit/536.25 (KHTML, like Gecko) Version/6.0 Safari/536.25"
79.121.85.248 - - [17/Jan/2013:19:47:56 +0100] "GET /jog/eseteink/derekegyhaza/kepek/vadaskert-szakhat_.jpg HTTP/1.1" 200 8903 "http://www.beklen.hu/jog/eseteink/derekegyhaza/index.htm" "Mozilla/5.0 (Macintosh; Intel Mac OS X 10_7_4) AppleWebKit/536.25 (KHTML, like Gecko) Version/6.0 Safari/536.25"
180.76.5.103 - - [17/Jan/2013:19:51:50 +0100] "GET /fiok/program_reszek/konferancia.htm HTTP/1.1" 200 21668 "-" "Mozilla/5.0 (compatible; Baiduspider/2.0; +http://www.baidu.com/search/spider.html)"
65.55.52.112 - - [17/Jan/2013:19:56:51 +0100] "GET /robots.txt HTTP/1.1" 404 1181 "-" "Mozilla/5.0 (compatible; bingbot/2.0; +http://www.bing.com/bingbot.htm)"
65.55.52.112 - - [17/Jan/2013:19:58:50 +0100] "GET /jog/jogszabalyok/termeszetvedelmi_torveny.pdf HTTP/1.1" 200 470027 "-" "Mozilla/5.0 (compatible; bingbot/2.0; +http://www.bing.com/bingbot.htm)"
37.140.141.19 - - [17/Jan/2013:20:28:44 +0100] "GET /robots.txt HTTP/1.1" 404 1181 "-" "Mozilla/5.0 (compatible; YandexImages/3.0; +http://yandex.com/bots)"
173.199.119.35 - - [17/Jan/2013:21:04:48 +0100] "GET /robots.txt HTTP/1.1" 404 1181 "-" "Mozilla/5.0 (compatible; AhrefsBot/4.0; +http://ahrefs.com/robot/)"
86.84.132.32 - - [17/Jan/2013:21:51:09 +0100] "GET / HTTP/1.1" 200 23965 "-" "Java/1.7.0_09"
86.84.132.32 - - [17/Jan/2013:21:51:10 +0100] "GET /hirarchivum.htm HTTP/1.1" 200 24981 "-" "Java/1.7.0_09"
86.84.132.32 - - [17/Jan/2013:21:51:11 +0100] "GET /index.htm HTTP/1.1" 200 23965 "-" "Java/1.7.0_09"
86.84.132.32 - - [17/Jan/2013:21:51:11 +0100] "GET /kapcsolat.htm HTTP/1.1" 200 6889 "-" "Java/1.7.0_09"
86.84.132.32 - - [17/Jan/2013:21:51:12 +0100] "GET /magunkrol.htm HTTP/1.1" 200 9202 "-" "Java/1.7.0_09"
86.84.132.32 - - [17/Jan/2013:21:51:12 +0100] "GET /media.htm HTTP/1.1" 200 5208 "-" "Java/1.7.0_09"
86.84.132.32 - - [17/Jan/2013:21:51:12 +0100] "GET /programok.htm HTTP/1.1" 200 6444 "-" "Java/1.7.0_09"
86.84.132.32 - - [17/Jan/2013:21:51:12 +0100] "GET /vill.cs HTTP/1.1" 200 2676 "-" "Java/1.7.0_09"
86.84.132.32 - - [17/Jan/2013:21:51:13 +0100] "GET /hirek08_10.htm HTTP/1.1" 200 6946 "-" "Java/1.7.0_09"
86.84.132.32 - - [17/Jan/2013:21:51:14 +0100] "GET /hirek08_11.htm HTTP/1.1" 200 7253 "-" "Java/1.7.0_09"
86.84.132.32 - - [17/Jan/2013:21:51:14 +0100] "GET /hirek08_12.htm HTTP/1.1" 200 8268 "-" "Java/1.7.0_09"
86.84.132.32 - - [17/Jan/2013:21:51:14 +0100] "GET /hirek09_01.htm HTTP/1.1" 200 6841 "-" "Java/1.7.0_09"
86.84.132.32 - - [17/Jan/2013:21:51:14 +0100] "GET /hirek09_02.htm HTTP/1.1" 200 7450 "-" "Java/1.7.0_09"
86.84.132.32 - - [17/Jan/2013:21:51:15 +0100] "GET /hirek09_03.htm HTTP/1.1" 200 10726 "-" "Java/1.7.0_09"
86.84.132.32 - - [17/Jan/2013:21:51:15 +0100] "GET /&url=kapcsolat.htm HTTP/1.1" 404 1181 "-" "Java/1.7.0_09"
86.84.132.32 - - [17/Jan/2013:21:51:15 +0100] "GET /&url=programok.htm HTTP/1.1" 404 1181 "-" "Java/1.7.0_09"
86.84.132.32 - - [17/Jan/2013:21:51:15 +0100] "GET /&url=adomanyi.htm HTTP/1.1" 404 1181 "-" "Java/1.7.0_09"
86.84.132.32 - - [17/Jan/2013:21:51:16 +0100] "GET /bunt.htm HTTP/1.1" 200 5683 "-" "Java/1.7.0_09"
86.84.132.32 - - [17/Jan/2013:21:51:16 +0100] "GET /civilmuhely.htm HTTP/1.1" 200 8450 "-" "Java/1.7.0_09"
86.84.132.32 - - [17/Jan/2013:21:51:17 +0100] "GET /khb.htm HTTP/1.1" 200 8719 "-" "Java/1.7.0_09"
86.84.132.32 - - [17/Jan/2013:21:51:17 +0100] "GET /nca.htm HTTP/1.1" 200 7467 "-" "Java/1.7.0_09"
86.84.132.32 - - [17/Jan/2013:21:51:17 +0100] "GET /ncta.htm HTTP/1.1" 200 7221 "-" "Java/1.7.0_09"
86.84.132.32 - - [17/Jan/2013:21:51:17 +0100] "GET /nka.htm HTTP/1.1" 200 6221 "-" "Java/1.7.0_09"
86.84.132.32 - - [17/Jan/2013:21:51:17 +0100] "GET /szakmai.htm HTTP/1.1" 200 6054 "-" "Java/1.7.0_09"
86.84.132.32 - - [17/Jan/2013:21:51:17 +0100] "GET /ncta_a.htm HTTP/1.1" 200 7260 "-" "Java/1.7.0_09"
86.84.132.32 - - [17/Jan/2013:21:51:18 +0100] "GET /&url=civilmuhely.htm HTTP/1.1" 404 1181 "-" "Java/1.7.0_09"
86.84.132.32 - - [17/Jan/2013:21:51:18 +0100] "GET /&url=magunkrol.htm HTTP/1.1" 404 1181 "-" "Java/1.7.0_09"
86.84.132.32 - - [17/Jan/2013:21:51:18 +0100] "GET /nca04.htm HTTP/1.1" 200 16378 "-" "Java/1.7.0_09"
86.84.132.32 - - [17/Jan/2013:21:51:19 +0100] "GET /nca05.htm HTTP/1.1" 200 16412 "-" "Java/1.7.0_09"
86.84.132.32 - - [17/Jan/2013:21:51:20 +0100] "GET /nca06.htm HTTP/1.1" 200 19034 "-" "Java/1.7.0_09"
86.84.132.32 - - [17/Jan/2013:21:51:20 +0100] "GET /nca07.htm HTTP/1.1" 200 21968 "-" "Java/1.7.0_09"
86.84.132.32 - - [17/Jan/2013:21:51:20 +0100] "GET /nca08.htm HTTP/1.1" 200 21795 "-" "Java/1.7.0_09"
86.84.132.32 - - [17/Jan/2013:21:51:21 +0100] "GET /nca09.htm HTTP/1.1" 200 24315 "-" "Java/1.7.0_09"
86.84.132.32 - - [17/Jan/2013:21:51:21 +0100] "GET /nca10.htm HTTP/1.1" 200 16648 "-" "Java/1.7.0_09"
86.84.132.32 - - [17/Jan/2013:21:51:21 +0100] "GET /nca11.htm HTTP/1.1" 200 7133 "-" "Java/1.7.0_09"
86.84.132.32 - - [17/Jan/2013:21:51:21 +0100] "GET /kiadvanyok.htm HTTP/1.1" 200 8206 "-" "Java/1.7.0_09"
86.84.132.32 - - [17/Jan/2013:21:51:22 +0100] "GET /deutsch/index.htm HTTP/1.1" 200 5324 "-" "Java/1.7.0_09"
86.84.132.32 - - [17/Jan/2013:21:51:22 +0100] "GET /english/index.htm HTTP/1.1" 200 5262 "-" "Java/1.7.0_09"
86.84.132.32 - - [17/Jan/2013:21:51:23 +0100] "GET /fiok/index.html HTTP/1.1" 200 20554 "-" "Java/1.7.0_09"
86.84.132.32 - - [17/Jan/2013:21:51:23 +0100] "GET /hirek/hirek091015.htm HTTP/1.1" 200 7046 "-" "Java/1.7.0_09"
86.84.132.32 - - [17/Jan/2013:21:51:23 +0100] "GET /hirek/hirek091102.htm HTTP/1.1" 200 8538 "-" "Java/1.7.0_09"
86.84.132.32 - - [17/Jan/2013:21:51:23 +0100] "GET /hirek/hirek091103.htm HTTP/1.1" 200 7301 "-" "Java/1.7.0_09"
86.84.132.32 - - [17/Jan/2013:21:51:24 +0100] "GET /hirek/hirek091221.htm HTTP/1.1" 200 6740 "-" "Java/1.7.0_09"
86.84.132.32 - - [17/Jan/2013:21:51:24 +0100] "GET /hirek/hirek100225.htm HTTP/1.1" 200 7288 "-" "Java/1.7.0_09"
66.249.76.62 - - [17/Jan/2013:22:50:21 +0100] "GET /fiok/program_reszek/erdei_iskola.htm HTTP/1.1" 304 - "-" "Mozilla/5.0 (compatible; Googlebot/2.1; +http://www.google.com/bot.html)"
89.135.112.112 - - [17/Jan/2013:22:52:44 +0100] "GET /jog/eseteink/poroszlo/keresetlevel_javitott_poroszlo.pdf HTTP/1.1" 200 34654 "http://www.google.hu/url?sa=t&rct=j&q=term%C3%A9szetv%C3%A9delmi%20hat%C3%B3s%C3%A1gi%20enged%C3%A9ly%20ny%C3%ADregyh%C3%A1za&source=web&cd=10&ved=0CF4QFjAJ&url=http%3A%2F%2Fwww.beklen.hu%2Fjog%2Feseteink%2Fporoszlo%2Fkeresetlevel_javitott_poroszlo.pdf&ei=QXH4UNnADInNswbjtoDADA&usg=AFQjCNE_Nn2erPjeNu98PNYImD-ithmj5g" "Mozilla/5.0 (Windows NT 5.1) AppleWebKit/537.17 (KHTML, like Gecko) Chrome/24.0.1312.52 Safari/537.17"
89.135.112.112 - - [17/Jan/2013:22:52:45 +0100] "GET /jog/eseteink/poroszlo/keresetlevel_javitott_poroszlo.pdf HTTP/1.1" 206 32768 "http://www.beklen.hu/jog/eseteink/poroszlo/keresetlevel_javitott_poroszlo.pdf" "Mozilla/5.0 (Windows NT 5.1) AppleWebKit/537.17 (KHTML, like Gecko) Chrome/24.0.1312.52 Safari/537.17"
89.135.112.112 - - [17/Jan/2013:22:52:45 +0100] "GET /favicon.ico HTTP/1.1" 404 1181 "-" "Mozilla/5.0 (Windows NT 5.1) AppleWebKit/537.17 (KHTML, like Gecko) Chrome/24.0.1312.52 Safari/537.17"
89.135.112.112 - - [17/Jan/2013:22:52:45 +0100] "GET /jog/eseteink/poroszlo/keresetlevel_javitott_poroszlo.pdf HTTP/1.1" 206 70982 "http://www.beklen.hu/jog/eseteink/poroszlo/keresetlevel_javitott_poroszlo.pdf" "Mozilla/5.0 (Windows NT 5.1) AppleWebKit/537.17 (KHTML, like Gecko) Chrome/24.0.1312.52 Safari/537.17"
89.135.112.112 - - [17/Jan/2013:22:52:45 +0100] "GET /jog/eseteink/poroszlo/keresetlevel_javitott_poroszlo.pdf HTTP/1.1" 206 32768 "http://www.beklen.hu/jog/eseteink/poroszlo/keresetlevel_javitott_poroszlo.pdf" "Mozilla/5.0 (Windows NT 5.1) AppleWebKit/537.17 (KHTML, like Gecko) Chrome/24.0.1312.52 Safari/537.17"
89.135.112.112 - - [17/Jan/2013:22:52:46 +0100] "GET /jog/eseteink/poroszlo/keresetlevel_javitott_poroszlo.pdf HTTP/1.1" 206 36688 "http://www.beklen.hu/jog/eseteink/poroszlo/keresetlevel_javitott_poroszlo.pdf" "Mozilla/5.0 (Windows NT 5.1) AppleWebKit/537.17 (KHTML, like Gecko) Chrome/24.0.1312.52 Safari/537.17"
89.135.112.112 - - [17/Jan/2013:22:52:46 +0100] "GET /favicon.ico HTTP/1.1" 404 1181 "-" "Mozilla/5.0 (Windows NT 5.1) AppleWebKit/537.17 (KHTML, like Gecko) Chrome/24.0.1312.52 Safari/537.17"
91.64.204.36 - - [17/Jan/2013:23:16:29 +0100] "GET /kapcsolat.htm HTTP/1.1" 200 6889 "-" "findlinks/2.6 (+http://wortschatz.uni-leipzig.de/findlinks/)"
37.140.141.19 - - [17/Jan/2013:23:21:41 +0100] "GET /tm03.jpg HTTP/1.1" 304 - "-" "Mozilla/5.0 (compatible; YandexImages/3.0; +http://yandex.com/bots)"
139.18.2.17 - - [17/Jan/2013:23:36:07 +0100] "GET /nca05.htm HTTP/1.1" 200 16412 "-" "findlinks/2.6 (+http://wortschatz.uni-leipzig.de/findlinks/)"
66.249.76.62 - - [17/Jan/2013:23:36:49 +0100] "GET /jog/eseteink/derekegyhaza/aesznek_derekegyhaza_kerites_3.pdf HTTP/1.1" 200 141025 "-" "Mozilla/5.0 (compatible; Googlebot/2.1; +http://www.google.com/bot.html)"
180.76.5.184 - - [17/Jan/2013:23:55:01 +0100] "GET /fiok/kornyezet.htm HTTP/1.1" 200 22582 "-" "Mozilla/5.0 (compatible; Baiduspider/2.0; +http://www.baidu.com/search/spider.html)"
178.154.210.252 - - [18/Jan/2013:00:33:07 +0100] "GET /robots.txt HTTP/1.1" 404 1181 "-" "Mozilla/5.0 (compatible; YandexBot/3.0; +http://yandex.com/bots)"
139.18.2.209 - - [18/Jan/2013:00:37:52 +0100] "GET /hirek09_03.htm HTTP/1.1" 200 10726 "-" "findlinks/2.6 (+http://wortschatz.uni-leipzig.de/findlinks/)"
139.18.2.17 - - [18/Jan/2013:00:39:43 +0100] "GET /nca07.htm HTTP/1.1" 200 21968 "-" "findlinks/2.6 (+http://wortschatz.uni-leipzig.de/findlinks/)"
178.154.210.252 - - [18/Jan/2013:00:43:43 +0100] "GET / HTTP/1.1" 200 23965 "-" "Mozilla/5.0 (compatible; YandexBot/3.0; +http://yandex.com/bots)"
178.154.210.252 - - [18/Jan/2013:00:48:42 +0100] "GET /hirek/hirek091221.htm HTTP/1.1" 304 - "-" "Mozilla/5.0 (compatible; YandexBot/3.0; +http://yandex.com/bots)"
37.140.141.19 - - [18/Jan/2013:02:10:54 +0100] "GET /tm03_.jpg HTTP/1.1" 304 - "-" "Mozilla/5.0 (compatible; YandexImages/3.0; +http://yandex.com/bots)"
66.249.76.62 - - [18/Jan/2013:03:44:48 +0100] "GET /robots.txt HTTP/1.1" 404 1181 "-" "Mozilla/5.0 (compatible; Googlebot/2.1; +http://www.google.com/bot.html)"
66.249.76.62 - - [18/Jan/2013:03:44:48 +0100] "GET /jog/eseteink.htm HTTP/1.1" 304 - "-" "Mozilla/5.0 (compatible; Googlebot/2.1; +http://www.google.com/bot.html)"
66.249.76.62 - - [18/Jan/2013:03:58:01 +0100] "GET /jog/polgariper.htm HTTP/1.1" 304 - "-" "Mozilla/5.0 (compatible; Googlebot/2.1; +http://www.google.com/bot.html)"
66.249.76.62 - - [18/Jan/2013:04:00:37 +0100] "GET /jog/jogszabalyok/vadaszati_torveny.pdf HTTP/1.1" 304 - "-" "Mozilla/5.0 (compatible; Googlebot/2.1; +http://www.google.com/bot.html)"
180.76.5.187 - - [18/Jan/2013:04:02:07 +0100] "GET /fiok/program_reszek/erdei_iskola.htm HTTP/1.1" 200 21601 "-" "Mozilla/5.0 (compatible; Baiduspider/2.0; +http://www.baidu.com/search/spider.html)"
66.249.76.62 - - [18/Jan/2013:04:39:23 +0100] "GET /jog/eseteink/audi/audi_gyor_restoration_measures15-.pdf HTTP/1.1" 200 5551480 "-" "Mozilla/5.0 (compatible; Googlebot/2.1; +http://www.google.com/bot.html)"
66.249.76.62 - - [18/Jan/2013:04:54:18 +0100] "GET /jog/eseteink/audi/europai%20bizottsag%20audi%20adatkikeres.pdf HTTP/1.1" 200 114017 "-" "Mozilla/5.0 (compatible; Googlebot/2.1; +http://www.google.com/bot.html)"
37.140.141.19 - - [18/Jan/2013:05:07:14 +0100] "GET /english/e03.jpg HTTP/1.1" 304 - "-" "Mozilla/5.0 (compatible; YandexImages/3.0; +http://yandex.com/bots)"
180.76.5.87 - - [18/Jan/2013:08:08:07 +0100] "GET /robots.txt HTTP/1.1" 404 1181 "-" "Mozilla/5.0 (Windows NT 5.1; rv:6.0.2) Gecko/20100101 Firefox/6.0.2"
178.48.197.177 - - [18/Jan/2013:08:32:05 +0100] "GET /jog/eseteink.htm HTTP/1.1" 200 17277 "http://www.google.hu/url?sa=t&rct=j&q=&esrc=s&source=web&cd=48&ved=0CFIQFjAHOCg&url=http%3A%2F%2Fwww.beklen.hu%2Fjog%2Feseteink.htm&ei=XPr4UMi2H8rIsgbhz4GIDA&usg=AFQjCNE4DC2dSiUY00oa5iHZCLlNphc7SA&bvm=bv.41248874,d.Yms" "Mozilla/5.0 (Windows NT 6.1; WOW64; rv:18.0) Gecko/20100101 Firefox/18.0"
178.48.197.177 - - [18/Jan/2013:08:32:05 +0100] "GET /jog/style.css HTTP/1.1" 200 21413 "http://www.beklen.hu/jog/eseteink.htm" "Mozilla/5.0 (Windows NT 6.1; WOW64; rv:18.0) Gecko/20100101 Firefox/18.0"
178.48.197.177 - - [18/Jan/2013:08:32:05 +0100] "GET /jog/script.js HTTP/1.1" 200 5674 "http://www.beklen.hu/jog/eseteink.htm" "Mozilla/5.0 (Windows NT 6.1; WOW64; rv:18.0) Gecko/20100101 Firefox/18.0"
178.48.197.177 - - [18/Jan/2013:08:32:05 +0100] "GET /jog/lb/js/scriptaculous.js?load=effects HTTP/1.1" 200 2152 "http://www.beklen.hu/jog/eseteink.htm" "Mozilla/5.0 (Windows NT 6.1; WOW64; rv:18.0) Gecko/20100101 Firefox/18.0"
178.48.197.177 - - [18/Jan/2013:08:32:05 +0100] "GET /jog/lb/js/lightbox.js HTTP/1.1" 200 23431 "http://www.beklen.hu/jog/eseteink.htm" "Mozilla/5.0 (Windows NT 6.1; WOW64; rv:18.0) Gecko/20100101 Firefox/18.0"
178.48.197.177 - - [18/Jan/2013:08:32:05 +0100] "GET /jog/lb/css/lightbox.css HTTP/1.1" 200 1715 "http://www.beklen.hu/jog/eseteink.htm" "Mozilla/5.0 (Windows NT 6.1; WOW64; rv:18.0) Gecko/20100101 Firefox/18.0"
178.48.197.177 - - [18/Jan/2013:08:32:06 +0100] "GET /jog/lb/js/prototype.js HTTP/1.1" 200 47603 "http://www.beklen.hu/jog/eseteink.htm" "Mozilla/5.0 (Windows NT 6.1; WOW64; rv:18.0) Gecko/20100101 Firefox/18.0"
178.48.197.177 - - [18/Jan/2013:08:32:06 +0100] "GET /jog/jquery.js HTTP/1.1" 200 72174 "http://www.beklen.hu/jog/eseteink.htm" "Mozilla/5.0 (Windows NT 6.1; WOW64; rv:18.0) Gecko/20100101 Firefox/18.0"
178.48.197.177 - - [18/Jan/2013:08:32:06 +0100] "GET /jog/favicon.ico HTTP/1.1" 200 1150 "-" "Mozilla/5.0 (Windows NT 6.1; WOW64; rv:18.0) Gecko/20100101 Firefox/18.0"
178.48.197.177 - - [18/Jan/2013:08:32:06 +0100] "GET /jog/eseteink/audi/audi%20-%20natura%202000_.jpg HTTP/1.1" 200 4882 "http://www.beklen.hu/jog/eseteink.htm" "Mozilla/5.0 (Windows NT 6.1; WOW64; rv:18.0) Gecko/20100101 Firefox/18.0"
178.48.197.177 - - [18/Jan/2013:08:32:06 +0100] "GET /jog/eseteink/derekegyhaza/37-433.jpg HTTP/1.1" 200 3573 "http://www.beklen.hu/jog/eseteink.htm" "Mozilla/5.0 (Windows NT 6.1; WOW64; rv:18.0) Gecko/20100101 Firefox/18.0"
178.48.197.177 - - [18/Jan/2013:08:32:06 +0100] "GET /jog/eseteink/dakar/k.jpg HTTP/1.1" 200 2687 "http://www.beklen.hu/jog/eseteink.htm" "Mozilla/5.0 (Windows NT 6.1; WOW64; rv:18.0) Gecko/20100101 Firefox/18.0"
178.48.197.177 - - [18/Jan/2013:08:32:06 +0100] "GET /jog/eseteink/kavicszatony/dscf0084_.jpg HTTP/1.1" 200 2611 "http://www.beklen.hu/jog/eseteink.htm" "Mozilla/5.0 (Windows NT 6.1; WOW64; rv:18.0) Gecko/20100101 Firefox/18.0"
178.48.197.177 - - [18/Jan/2013:08:32:06 +0100] "GET /jog/eseteink/korosladany/kepek/img_5365__.jpg HTTP/1.1" 200 5864 "http://www.beklen.hu/jog/eseteink.htm" "Mozilla/5.0 (Windows NT 6.1; WOW64; rv:18.0) Gecko/20100101 Firefox/18.0"
178.48.197.177 - - [18/Jan/2013:08:32:06 +0100] "GET /jog/eseteink/autopalya/ap.jpg HTTP/1.1" 200 3947 "http://www.beklen.hu/jog/eseteink.htm" "Mozilla/5.0 (Windows NT 6.1; WOW64; rv:18.0) Gecko/20100101 Firefox/18.0"
178.48.197.177 - - [18/Jan/2013:08:32:06 +0100] "GET /jog/lb/js/effects.js HTTP/1.1" 200 31969 "http://www.beklen.hu/jog/eseteink.htm" "Mozilla/5.0 (Windows NT 6.1; WOW64; rv:18.0) Gecko/20100101 Firefox/18.0"
178.48.197.177 - - [18/Jan/2013:08:32:06 +0100] "GET /jog/eseteink/malom/fotok/img_3057_.jpg HTTP/1.1" 200 6339 "http://www.beklen.hu/jog/eseteink.htm" "Mozilla/5.0 (Windows NT 6.1; WOW64; rv:18.0) Gecko/20100101 Firefox/18.0"
178.48.197.177 - - [18/Jan/2013:08:32:06 +0100] "GET /jog/eseteink/poroszlo/villa_.jpg HTTP/1.1" 200 3841 "http://www.beklen.hu/jog/eseteink.htm" "Mozilla/5.0 (Windows NT 6.1; WOW64; rv:18.0) Gecko/20100101 Firefox/18.0"
178.48.197.177 - - [18/Jan/2013:08:32:06 +0100] "GET /jog/eseteink/duzzaszto/koros.jpg HTTP/1.1" 200 201463 "http://www.beklen.hu/jog/eseteink.htm" "Mozilla/5.0 (Windows NT 6.1; WOW64; rv:18.0) Gecko/20100101 Firefox/18.0"
178.48.197.177 - - [18/Jan/2013:08:32:06 +0100] "GET /jog/images/menuitem.png HTTP/1.1" 200 20398 "http://www.beklen.hu/jog/style.css" "Mozilla/5.0 (Windows NT 6.1; WOW64; rv:18.0) Gecko/20100101 Firefox/18.0"
178.48.197.177 - - [18/Jan/2013:08:32:06 +0100] "GET /jog/images/spacer.gif HTTP/1.1" 200 43 "http://www.beklen.hu/jog/style.css" "Mozilla/5.0 (Windows NT 6.1; WOW64; rv:18.0) Gecko/20100101 Firefox/18.0"
178.48.197.177 - - [18/Jan/2013:08:32:06 +0100] "GET /jog/images/nav.png HTTP/1.1" 200 10482 "http://www.beklen.hu/jog/style.css" "Mozilla/5.0 (Windows NT 6.1; WOW64; rv:18.0) Gecko/20100101 Firefox/18.0"
178.48.197.177 - - [18/Jan/2013:08:32:06 +0100] "GET /jog/images/subitem.png HTTP/1.1" 200 81 "http://www.beklen.hu/jog/style.css" "Mozilla/5.0 (Windows NT 6.1; WOW64; rv:18.0) Gecko/20100101 Firefox/18.0"
178.48.197.177 - - [18/Jan/2013:08:32:06 +0100] "GET /jog/images/header.png HTTP/1.1" 200 170837 "http://www.beklen.hu/jog/style.css" "Mozilla/5.0 (Windows NT 6.1; WOW64; rv:18.0) Gecko/20100101 Firefox/18.0"
178.48.197.177 - - [18/Jan/2013:08:32:06 +0100] "GET /jog/images/post_s.png HTTP/1.1" 200 466 "http://www.beklen.hu/jog/style.css" "Mozilla/5.0 (Windows NT 6.1; WOW64; rv:18.0) Gecko/20100101 Firefox/18.0"
178.48.197.177 - - [18/Jan/2013:08:32:06 +0100] "GET /jog/images/post_h.png HTTP/1.1" 200 292 "http://www.beklen.hu/jog/style.css" "Mozilla/5.0 (Windows NT 6.1; WOW64; rv:18.0) Gecko/20100101 Firefox/18.0"
178.48.197.177 - - [18/Jan/2013:08:32:06 +0100] "GET /jog/images/post_v.png HTTP/1.1" 200 310 "http://www.beklen.hu/jog/style.css" "Mozilla/5.0 (Windows NT 6.1; WOW64; rv:18.0) Gecko/20100101 Firefox/18.0"
178.48.197.177 - - [18/Jan/2013:08:32:06 +0100] "GET /jog/images/post_c.png HTTP/1.1" 200 204 "http://www.beklen.hu/jog/style.css" "Mozilla/5.0 (Windows NT 6.1; WOW64; rv:18.0) Gecko/20100101 Firefox/18.0"
178.48.197.177 - - [18/Jan/2013:08:32:06 +0100] "GET /jog/images/Bottom_texture.jpg HTTP/1.1" 200 193775 "http://www.beklen.hu/jog/style.css" "Mozilla/5.0 (Windows NT 6.1; WOW64; rv:18.0) Gecko/20100101 Firefox/18.0"
91.83.197.56 - - [18/Jan/2013:09:45:09 +0100] "GET /jog/eseteink/derekegyhaza/dalerd-disznoskert%20szakhat-vegleges.pdf HTTP/1.1" 200 190281 "http://search.sweetim.com/search.asp?q=Hal%C3%A1szati+Fel%C3%BCgyel%C5%91s%C3%A9g+Szeged+c%C3%ADme&ln=hu&src=10&crg=3.1010000&barid=%7Be043a862-f9bb-4337-9123-a7af006f26b0%7D&st=12&sf=0&lcr=0" "Mozilla/5.0 (compatible; MSIE 9.0; Windows NT 6.1; Trident/5.0)"
91.83.197.56 - - [18/Jan/2013:09:45:10 +0100] "GET /jog/eseteink/derekegyhaza/dalerd-disznoskert%20szakhat-vegleges.pdf HTTP/1.1" 206 1353 "-" "Mozilla/5.0 (compatible; MSIE 9.0; Windows NT 6.1; Trident/5.0)"
91.83.197.56 - - [18/Jan/2013:09:45:11 +0100] "GET /jog/eseteink/derekegyhaza/dalerd-disznoskert%20szakhat-vegleges.pdf HTTP/1.1" 206 44330 "-" "Mozilla/5.0 (compatible; MSIE 9.0; Windows NT 6.1; Trident/5.0)"
91.83.197.56 - - [18/Jan/2013:09:45:11 +0100] "GET /jog/eseteink/derekegyhaza/dalerd-disznoskert%20szakhat-vegleges.pdf HTTP/1.1" 206 3584 "-" "Mozilla/5.0 (compatible; MSIE 9.0; Windows NT 6.1; Trident/5.0)"
91.83.197.56 - - [18/Jan/2013:09:45:11 +0100] "GET /jog/eseteink/derekegyhaza/dalerd-disznoskert%20szakhat-vegleges.pdf HTTP/1.1" 206 512 "-" "Mozilla/5.0 (compatible; MSIE 9.0; Windows NT 6.1; Trident/5.0)"
91.83.197.56 - - [18/Jan/2013:09:45:11 +0100] "GET /jog/eseteink/derekegyhaza/dalerd-disznoskert%20szakhat-vegleges.pdf HTTP/1.1" 206 4608 "-" "Mozilla/5.0 (compatible; MSIE 9.0; Windows NT 6.1; Trident/5.0)"
66.249.76.62 - - [18/Jan/2013:09:57:35 +0100] "GET /fiok/gazdasag.htm HTTP/1.1" 304 - "-" "Mozilla/5.0 (compatible; Googlebot/2.1; +http://www.google.com/bot.html)"
66.249.76.62 - - [18/Jan/2013:11:12:17 +0100] "GET /hirek/hirek091221.htm HTTP/1.1" 200 6740 "-" "SAMSUNG-SGH-E250/1.0 Profile/MIDP-2.0 Configuration/CLDC-1.1 UP.Browser/6.2.3.3.c.1.101 (GUI) MMP/2.0 (compatible; Googlebot-Mobile/2.1; +http://www.google.com/bot.html)"
208.115.113.84 - - [18/Jan/2013:11:25:00 +0100] "GET /robots.txt HTTP/1.1" 404 1181 "-" "Mozilla/5.0 (compatible; Ezooms/1.0; ezooms.bot@gmail.com)"
66.249.76.62 - - [18/Jan/2013:11:31:43 +0100] "GET /jog/eseteink/korosladany/nemzeti_park_felmeres_kerese.pdf HTTP/1.1" 304 - "-" "Mozilla/5.0 (compatible; Googlebot/2.1; +http://www.google.com/bot.html)"
180.76.5.178 - - [18/Jan/2013:11:54:41 +0100] "GET /fiok/program_reszek/madarmegfigyeles.htm HTTP/1.1" 200 21825 "-" "Mozilla/5.0 (compatible; Baiduspider/2.0; +http://www.baidu.com/search/spider.html)"
66.249.76.62 - - [18/Jan/2013:12:06:20 +0100] "GET /hirarchivum.htm HTTP/1.1" 304 - "-" "Mozilla/5.0 (iPhone; U; CPU iPhone OS 4_1 like Mac OS X; en-us) AppleWebKit/532.9 (KHTML, like Gecko) Version/4.0.5 Mobile/8B117 Safari/6531.22.7 (compatible; Googlebot-Mobile/2.1; +http://www.google.com/bot.html)"
66.249.76.62 - - [18/Jan/2013:12:25:19 +0100] "GET /jog/adathozzaferes.htm HTTP/1.1" 200 13800 "-" "Mozilla/5.0 (compatible; Googlebot/2.1; +http://www.google.com/bot.html)"
139.18.2.17 - - [18/Jan/2013:12:45:38 +0100] "GET /jog/jogsegely.htm HTTP/1.1" 200 14053 "-" "findlinks/2.6 (+http://wortschatz.uni-leipzig.de/findlinks/)"
85.66.12.35 - - [18/Jan/2013:13:17:09 +0100] "GET /jog/jogszabalyok/1_erdo.pdf HTTP/1.1" 200 163840 "http://www.google.hu/url?sa=t&rct=j&q=erd%C5%91t%C3%B6rv%C3%A9ny%20erd%C3%A9szegyenruha&source=web&cd=3&sqi=2&ved=0CDYQFjAC&url=http%3A%2F%2Fwww.beklen.hu%2Fjog%2Fjogszabalyok%2F1_erdo.pdf&ei=Mz35UNLMFciGswbSnoDYAQ&usg=AFQjCNHz-UPHDhHJ7J5c2giVd91b1JOxWQ" "Mozilla/5.0 (Windows NT 5.1) AppleWebKit/537.17 (KHTML, like Gecko) Chrome/24.0.1312.52 Safari/537.17"
85.66.12.35 - - [18/Jan/2013:13:17:09 +0100] "GET /favicon.ico HTTP/1.1" 404 1181 "-" "Mozilla/5.0 (Windows NT 5.1) AppleWebKit/537.17 (KHTML, like Gecko) Chrome/24.0.1312.52 Safari/537.17"
85.66.12.35 - - [18/Jan/2013:13:17:12 +0100] "GET /jog/jogszabalyok/1_erdo.pdf HTTP/1.1" 206 32768 "http://www.beklen.hu/jog/jogszabalyok/1_erdo.pdf" "Mozilla/5.0 (Windows NT 5.1) AppleWebKit/537.17 (KHTML, like Gecko) Chrome/24.0.1312.52 Safari/537.17"
85.66.12.35 - - [18/Jan/2013:13:17:14 +0100] "GET /jog/jogszabalyok/1_erdo.pdf HTTP/1.1" 206 729026 "http://www.beklen.hu/jog/jogszabalyok/1_erdo.pdf" "Mozilla/5.0 (Windows NT 5.1) AppleWebKit/537.17 (KHTML, like Gecko) Chrome/24.0.1312.52 Safari/537.17"
85.66.12.35 - - [18/Jan/2013:13:17:15 +0100] "GET /favicon.ico HTTP/1.1" 404 1181 "-" "Mozilla/5.0 (Windows NT 5.1) AppleWebKit/537.17 (KHTML, like Gecko) Chrome/24.0.1312.52 Safari/537.17"
66.249.76.62 - - [18/Jan/2013:13:18:15 +0100] "GET /fiok/images/szovegkep.jpg HTTP/1.1" 404 1181 "-" "Googlebot-Image/1.0"
208.115.113.84 - - [18/Jan/2013:13:19:47 +0100] "GET /bunt.htm HTTP/1.1" 200 5683 "-" "Mozilla/5.0 (compatible; Ezooms/1.0; ezooms.bot@gmail.com)"
208.115.113.84 - - [18/Jan/2013:13:20:05 +0100] "GET /hirek/hirek090602.htm HTTP/1.1" 200 7261 "-" "Mozilla/5.0 (compatible; Ezooms/1.0; ezooms.bot@gmail.com)"
66.249.76.62 - - [18/Jan/2013:13:30:08 +0100] "GET /jog/eseteink/derekegyhaza/kereset_level_derekegyhaza_mszh_vegleges.pdf HTTP/1.1" 304 - "-" "Mozilla/5.0 (compatible; Googlebot/2.1; +http://www.google.com/bot.html)"
66.249.76.62 - - [18/Jan/2013:13:41:36 +0100] "GET /jog/eseteink/derekegyhaza/index.htm HTTP/1.1" 304 - "-" "Mozilla/5.0 (compatible; Googlebot/2.1; +http://www.google.com/bot.html)"
173.199.119.35 - - [18/Jan/2013:14:20:49 +0100] "GET /robots.txt HTTP/1.1" 404 1181 "-" "Mozilla/5.0 (compatible; AhrefsBot/4.0; +http://ahrefs.com/robot/)"
66.249.76.62 - - [18/Jan/2013:14:28:37 +0100] "GET /jog/eseteink/malom/fotok/img_3055.jpg HTTP/1.1" 304 - "-" "Googlebot-Image/1.0"
130.83.167.153 - - [18/Jan/2013:14:40:08 +0100] "GET /jog/rendorsegifeljelentes.htm HTTP/1.1" 200 13536 "-" "findlinks/2.6 (+http://wortschatz.uni-leipzig.de/findlinks/)"
139.18.2.17 - - [18/Jan/2013:14:41:17 +0100] "GET /programok.htm HTTP/1.1" 200 6444 "-" "findlinks/2.6 (+http://wortschatz.uni-leipzig.de/findlinks/)"
66.249.76.62 - - [18/Jan/2013:14:42:29 +0100] "GET /fiok/images/szovegkep.JPG HTTP/1.1" 304 - "-" "Googlebot-Image/1.0"
66.249.76.62 - - [18/Jan/2013:15:05:29 +0100] "GET /jog/eseteink/korosladany/kepek/img_4_.jpg HTTP/1.1" 304 - "-" "Googlebot-Image/1.0"
208.115.113.84 - - [18/Jan/2013:15:08:27 +0100] "GET /robots.txt HTTP/1.1" 404 1181 "-" "Mozilla/5.0 (compatible; Ezooms/1.0; ezooms.bot@gmail.com)"
139.18.2.17 - - [18/Jan/2013:15:21:49 +0100] "GET /ncta.htm HTTP/1.1" 200 7221 "-" "findlinks/2.6 (+http://wortschatz.uni-leipzig.de/findlinks/)"
66.249.76.62 - - [18/Jan/2013:15:27:19 +0100] "GET /jog/eseteink/autopalya/nimfea_m8_bejelentkezes.jpg HTTP/1.1" 304 - "-" "Googlebot-Image/1.0"
66.249.76.62 - - [18/Jan/2013:15:29:41 +0100] "GET /jog/eseteink/audi/ferto-hansag_ii.pdf HTTP/1.1" 200 293257 "-" "Mozilla/5.0 (compatible; Googlebot/2.1; +http://www.google.com/bot.html)"
66.249.76.62 - - [18/Jan/2013:15:46:10 +0100] "GET /robots.txt HTTP/1.1" 404 1181 "-" "Mozilla/5.0 (compatible; Googlebot/2.1; +http://www.google.com/bot.html)"
66.249.76.62 - - [18/Jan/2013:15:46:10 +0100] "GET /jog/img/320/t1174.jpg HTTP/1.1" 304 - "-" "Googlebot-Image/1.0"
66.249.76.62 - - [18/Jan/2013:15:54:12 +0100] "GET /jog/eseteink/autopalya/beklen_m4_elutasitas1.jpg HTTP/1.1" 304 - "-" "Googlebot-Image/1.0"
66.249.76.62 - - [18/Jan/2013:15:59:55 +0100] "GET /jog/pub/rally_kiadvany_mtvsz.pdf HTTP/1.1" 304 - "-" "Mozilla/5.0 (compatible; Googlebot/2.1; +http://www.google.com/bot.html)"
208.115.111.68 - - [18/Jan/2013:17:04:42 +0100] "GET /robots.txt HTTP/1.1" 404 1181 "-" "Mozilla/5.0 (compatible; Ezooms/1.0; ezooms.bot@gmail.com)"
208.115.113.84 - - [18/Jan/2013:17:20:21 +0100] "GET /hirek/hirek090428.htm HTTP/1.1" 200 24808 "-" "Mozilla/5.0 (compatible; Ezooms/1.0; ezooms.bot@gmail.com)"
66.249.76.62 - - [18/Jan/2013:17:34:44 +0100] "GET /hirek/090510/szuletesunnepe044.jpg HTTP/1.1" 304 - "-" "Googlebot-Image/1.0"
130.83.167.153 - - [18/Jan/2013:18:03:53 +0100] "GET /jog/eljaraskezd.htm HTTP/1.1" 200 13730 "-" "findlinks/2.6 (+http://wortschatz.uni-leipzig.de/findlinks/)"
130.83.167.153 - - [18/Jan/2013:18:12:56 +0100] "GET /jog/tapasztalatszerzok.htm HTTP/1.1" 200 12148 "-" "findlinks/2.6 (+http://wortschatz.uni-leipzig.de/findlinks/)"
208.115.113.84 - - [18/Jan/2013:19:06:25 +0100] "GET /robots.txt HTTP/1.1" 404 1181 "-" "Mozilla/5.0 (compatible; Ezooms/1.0; ezooms.bot@gmail.com)"
84.3.53.198 - - [18/Jan/2013:19:14:15 +0100] "GET /jog/eseteink/derekegyhaza/index.htm HTTP/1.1" 200 34210 "http://www.google.hu/url?sa=t&rct=j&q=&esrc=s&source=web&cd=42&ved=0CDAQFjABOCg&url=http%3A%2F%2Fwww.beklen.hu%2Fjog%2Feseteink%2Fderekegyhaza%2Findex.htm&ei=7ZD5ULLrAuWE4gTw4YDoDw&usg=AFQjCNErFXeah-vVflY-9rE9_dfaQVYeSg&bvm=bv.41248874,d.bGE" "Mozilla/5.0 (Windows NT 5.1; rv:18.0) Gecko/20100101 Firefox/18.0"
84.3.53.198 - - [18/Jan/2013:19:14:16 +0100] "GET /jog/script.js HTTP/1.1" 200 5674 "http://www.beklen.hu/jog/eseteink/derekegyhaza/index.htm" "Mozilla/5.0 (Windows NT 5.1; rv:18.0) Gecko/20100101 Firefox/18.0"
84.3.53.198 - - [18/Jan/2013:19:14:16 +0100] "GET /jog/style.css HTTP/1.1" 200 21413 "http://www.beklen.hu/jog/eseteink/derekegyhaza/index.htm" "Mozilla/5.0 (Windows NT 5.1; rv:18.0) Gecko/20100101 Firefox/18.0"
84.3.53.198 - - [18/Jan/2013:19:14:16 +0100] "GET /jog/lb/js/scriptaculous.js?load=effects HTTP/1.1" 200 2152 "http://www.beklen.hu/jog/eseteink/derekegyhaza/index.htm" "Mozilla/5.0 (Windows NT 5.1; rv:18.0) Gecko/20100101 Firefox/18.0"
84.3.53.198 - - [18/Jan/2013:19:14:16 +0100] "GET /jog/jquery.js HTTP/1.1" 200 72174 "http://www.beklen.hu/jog/eseteink/derekegyhaza/index.htm" "Mozilla/5.0 (Windows NT 5.1; rv:18.0) Gecko/20100101 Firefox/18.0"
84.3.53.198 - - [18/Jan/2013:19:14:16 +0100] "GET /jog/lb/js/lightbox.js HTTP/1.1" 200 23431 "http://www.beklen.hu/jog/eseteink/derekegyhaza/index.htm" "Mozilla/5.0 (Windows NT 5.1; rv:18.0) Gecko/20100101 Firefox/18.0"
84.3.53.198 - - [18/Jan/2013:19:14:16 +0100] "GET /jog/eseteink/derekegyhaza/37-433.jpg HTTP/1.1" 200 3573 "http://www.beklen.hu/jog/eseteink/derekegyhaza/index.htm" "Mozilla/5.0 (Windows NT 5.1; rv:18.0) Gecko/20100101 Firefox/18.0"
84.3.53.198 - - [18/Jan/2013:19:14:16 +0100] "GET /jog/lb/css/lightbox.css HTTP/1.1" 200 1715 "http://www.beklen.hu/jog/eseteink/derekegyhaza/index.htm" "Mozilla/5.0 (Windows NT 5.1; rv:18.0) Gecko/20100101 Firefox/18.0"
84.3.53.198 - - [18/Jan/2013:19:14:16 +0100] "GET /jog/lb/js/prototype.js HTTP/1.1" 200 47603 "http://www.beklen.hu/jog/eseteink/derekegyhaza/index.htm" "Mozilla/5.0 (Windows NT 5.1; rv:18.0) Gecko/20100101 Firefox/18.0"
84.3.53.198 - - [18/Jan/2013:19:14:16 +0100] "GET /jog/img/file_pdf.png HTTP/1.1" 200 581 "http://www.beklen.hu/jog/eseteink/derekegyhaza/index.htm" "Mozilla/5.0 (Windows NT 5.1; rv:18.0) Gecko/20100101 Firefox/18.0"
84.3.53.198 - - [18/Jan/2013:19:14:16 +0100] "GET /jog/img/file_jpg.png HTTP/1.1" 200 607 "http://www.beklen.hu/jog/eseteink/derekegyhaza/index.htm" "Mozilla/5.0 (Windows NT 5.1; rv:18.0) Gecko/20100101 Firefox/18.0"
84.3.53.198 - - [18/Jan/2013:19:14:16 +0100] "GET /jog/eseteink/derekegyhaza/kepek/37-431__.jpg HTTP/1.1" 200 4706 "http://www.beklen.hu/jog/eseteink/derekegyhaza/index.htm" "Mozilla/5.0 (Windows NT 5.1; rv:18.0) Gecko/20100101 Firefox/18.0"
84.3.53.198 - - [18/Jan/2013:19:14:16 +0100] "GET /jog/eseteink/derekegyhaza/kepek/37-431_o_2005__.jpg HTTP/1.1" 200 5766 "http://www.beklen.hu/jog/eseteink/derekegyhaza/index.htm" "Mozilla/5.0 (Windows NT 5.1; rv:18.0) Gecko/20100101 Firefox/18.0"
84.3.53.198 - - [18/Jan/2013:19:14:16 +0100] "GET /jog/eseteink/derekegyhaza/kepek/37-433__.jpg HTTP/1.1" 200 4596 "http://www.beklen.hu/jog/eseteink/derekegyhaza/index.htm" "Mozilla/5.0 (Windows NT 5.1; rv:18.0) Gecko/20100101 Firefox/18.0"
84.3.53.198 - - [18/Jan/2013:19:14:16 +0100] "GET /jog/eseteink/derekegyhaza/kepek/vadaskert-szakhat_.jpg HTTP/1.1" 200 8903 "http://www.beklen.hu/jog/eseteink/derekegyhaza/index.htm" "Mozilla/5.0 (Windows NT 5.1; rv:18.0) Gecko/20100101 Firefox/18.0"
84.3.53.198 - - [18/Jan/2013:19:14:16 +0100] "GET /jog/eseteink/derekegyhaza/kepek/37-433_o_2005__.jpg HTTP/1.1" 200 5388 "http://www.beklen.hu/jog/eseteink/derekegyhaza/index.htm" "Mozilla/5.0 (Windows NT 5.1; rv:18.0) Gecko/20100101 Firefox/18.0"
84.3.53.198 - - [18/Jan/2013:19:14:16 +0100] "GET /jog/eseteink/derekegyhaza/kepek/dalerd__.jpg HTTP/1.1" 200 6281 "http://www.beklen.hu/jog/eseteink/derekegyhaza/index.htm" "Mozilla/5.0 (Windows NT 5.1; rv:18.0) Gecko/20100101 Firefox/18.0"
84.3.53.198 - - [18/Jan/2013:19:14:16 +0100] "GET /jog/lb/js/effects.js HTTP/1.1" 200 31969 "http://www.beklen.hu/jog/eseteink/derekegyhaza/index.htm" "Mozilla/5.0 (Windows NT 5.1; rv:18.0) Gecko/20100101 Firefox/18.0"
84.3.53.198 - - [18/Jan/2013:19:14:16 +0100] "GET /jog/favicon.ico HTTP/1.1" 200 1150 "-" "Mozilla/5.0 (Windows NT 5.1; rv:18.0) Gecko/20100101 Firefox/18.0"
84.3.53.198 - - [18/Jan/2013:19:14:17 +0100] "GET /jog/images/menuitem.png HTTP/1.1" 200 20398 "http://www.beklen.hu/jog/style.css" "Mozilla/5.0 (Windows NT 5.1; rv:18.0) Gecko/20100101 Firefox/18.0"
84.3.53.198 - - [18/Jan/2013:19:14:17 +0100] "GET /jog/images/nav.png HTTP/1.1" 200 10482 "http://www.beklen.hu/jog/style.css" "Mozilla/5.0 (Windows NT 5.1; rv:18.0) Gecko/20100101 Firefox/18.0"
84.3.53.198 - - [18/Jan/2013:19:14:17 +0100] "GET /jog/images/subitem.png HTTP/1.1" 200 81 "http://www.beklen.hu/jog/style.css" "Mozilla/5.0 (Windows NT 5.1; rv:18.0) Gecko/20100101 Firefox/18.0"
84.3.53.198 - - [18/Jan/2013:19:14:17 +0100] "GET /jog/images/spacer.gif HTTP/1.1" 200 43 "http://www.beklen.hu/jog/style.css" "Mozilla/5.0 (Windows NT 5.1; rv:18.0) Gecko/20100101 Firefox/18.0"
84.3.53.198 - - [18/Jan/2013:19:14:17 +0100] "GET /jog/images/post_s.png HTTP/1.1" 200 466 "http://www.beklen.hu/jog/style.css" "Mozilla/5.0 (Windows NT 5.1; rv:18.0) Gecko/20100101 Firefox/18.0"
84.3.53.198 - - [18/Jan/2013:19:14:17 +0100] "GET /jog/images/post_h.png HTTP/1.1" 200 292 "http://www.beklen.hu/jog/style.css" "Mozilla/5.0 (Windows NT 5.1; rv:18.0) Gecko/20100101 Firefox/18.0"
84.3.53.198 - - [18/Jan/2013:19:14:17 +0100] "GET /jog/images/post_c.png HTTP/1.1" 200 204 "http://www.beklen.hu/jog/style.css" "Mozilla/5.0 (Windows NT 5.1; rv:18.0) Gecko/20100101 Firefox/18.0"
84.3.53.198 - - [18/Jan/2013:19:14:17 +0100] "GET /jog/images/post_v.png HTTP/1.1" 200 310 "http://www.beklen.hu/jog/style.css" "Mozilla/5.0 (Windows NT 5.1; rv:18.0) Gecko/20100101 Firefox/18.0"
84.3.53.198 - - [18/Jan/2013:19:14:17 +0100] "GET /jog/images/header.png HTTP/1.1" 200 170837 "http://www.beklen.hu/jog/style.css" "Mozilla/5.0 (Windows NT 5.1; rv:18.0) Gecko/20100101 Firefox/18.0"
84.3.53.198 - - [18/Jan/2013:19:14:17 +0100] "GET /jog/images/Bottom_texture.jpg HTTP/1.1" 200 193775 "http://www.beklen.hu/jog/style.css" "Mozilla/5.0 (Windows NT 5.1; rv:18.0) Gecko/20100101 Firefox/18.0"
208.115.113.84 - - [18/Jan/2013:19:36:54 +0100] "GET /fiok HTTP/1.1" 301 312 "-" "Mozilla/5.0 (compatible; Ezooms/1.0; ezooms.bot@gmail.com)"
208.115.111.68 - - [18/Jan/2013:19:47:51 +0100] "GET /szakmai.htm HTTP/1.1" 200 6054 "-" "Mozilla/5.0 (compatible; Ezooms/1.0; ezooms.bot@gmail.com)"
77.249.187.96 - - [18/Jan/2013:20:11:40 +0100] "GET / HTTP/1.1" 200 23965 "-" "Java/1.7.0_11"
77.249.187.96 - - [18/Jan/2013:20:11:40 +0100] "GET /hirarchivum.htm HTTP/1.1" 200 24981 "-" "Java/1.7.0_11"
77.249.187.96 - - [18/Jan/2013:20:11:40 +0100] "GET /index.htm HTTP/1.1" 200 23965 "-" "Java/1.7.0_11"
77.249.187.96 - - [18/Jan/2013:20:11:41 +0100] "GET /kapcsolat.htm HTTP/1.1" 200 6889 "-" "Java/1.7.0_11"
77.249.187.96 - - [18/Jan/2013:20:11:41 +0100] "GET /magunkrol.htm HTTP/1.1" 200 9202 "-" "Java/1.7.0_11"
77.249.187.96 - - [18/Jan/2013:20:11:41 +0100] "GET /media.htm HTTP/1.1" 200 5208 "-" "Java/1.7.0_11"
77.249.187.96 - - [18/Jan/2013:20:11:41 +0100] "GET /programok.htm HTTP/1.1" 200 6444 "-" "Java/1.7.0_11"
77.249.187.96 - - [18/Jan/2013:20:11:41 +0100] "GET /vill.cs HTTP/1.1" 200 2676 "-" "Java/1.7.0_11"
77.249.187.96 - - [18/Jan/2013:20:11:41 +0100] "GET /hirek08_10.htm HTTP/1.1" 200 6946 "-" "Java/1.7.0_11"
77.249.187.96 - - [18/Jan/2013:20:11:41 +0100] "GET /hirek08_11.htm HTTP/1.1" 200 7253 "-" "Java/1.7.0_11"
77.249.187.96 - - [18/Jan/2013:20:11:41 +0100] "GET /hirek08_12.htm HTTP/1.1" 200 8268 "-" "Java/1.7.0_11"
77.249.187.96 - - [18/Jan/2013:20:11:41 +0100] "GET /hirek09_01.htm HTTP/1.1" 200 6841 "-" "Java/1.7.0_11"
77.249.187.96 - - [18/Jan/2013:20:11:41 +0100] "GET /hirek09_02.htm HTTP/1.1" 200 7450 "-" "Java/1.7.0_11"
77.249.187.96 - - [18/Jan/2013:20:11:41 +0100] "GET /hirek09_03.htm HTTP/1.1" 200 10726 "-" "Java/1.7.0_11"
77.249.187.96 - - [18/Jan/2013:20:11:42 +0100] "GET /&url=kapcsolat.htm HTTP/1.1" 404 1181 "-" "Java/1.7.0_11"
77.249.187.96 - - [18/Jan/2013:20:11:42 +0100] "GET /&url=programok.htm HTTP/1.1" 404 1181 "-" "Java/1.7.0_11"
77.249.187.96 - - [18/Jan/2013:20:11:42 +0100] "GET /&url=adomanyi.htm HTTP/1.1" 404 1181 "-" "Java/1.7.0_11"
77.249.187.96 - - [18/Jan/2013:20:11:42 +0100] "GET /bunt.htm HTTP/1.1" 200 5683 "-" "Java/1.7.0_11"
77.249.187.96 - - [18/Jan/2013:20:11:42 +0100] "GET /civilmuhely.htm HTTP/1.1" 200 8450 "-" "Java/1.7.0_11"
77.249.187.96 - - [18/Jan/2013:20:11:42 +0100] "GET /khb.htm HTTP/1.1" 200 8719 "-" "Java/1.7.0_11"
77.249.187.96 - - [18/Jan/2013:20:11:42 +0100] "GET /nca.htm HTTP/1.1" 200 7467 "-" "Java/1.7.0_11"
77.249.187.96 - - [18/Jan/2013:20:11:42 +0100] "GET /ncta.htm HTTP/1.1" 200 7221 "-" "Java/1.7.0_11"
77.249.187.96 - - [18/Jan/2013:20:11:42 +0100] "GET /nka.htm HTTP/1.1" 200 6221 "-" "Java/1.7.0_11"
77.249.187.96 - - [18/Jan/2013:20:11:43 +0100] "GET /szakmai.htm HTTP/1.1" 200 6054 "-" "Java/1.7.0_11"
77.249.187.96 - - [18/Jan/2013:20:11:43 +0100] "GET /ncta_a.htm HTTP/1.1" 200 7260 "-" "Java/1.7.0_11"
77.249.187.96 - - [18/Jan/2013:20:11:43 +0100] "GET /&url=civilmuhely.htm HTTP/1.1" 404 1181 "-" "Java/1.7.0_11"
77.249.187.96 - - [18/Jan/2013:20:11:43 +0100] "GET /&url=magunkrol.htm HTTP/1.1" 404 1181 "-" "Java/1.7.0_11"
77.249.187.96 - - [18/Jan/2013:20:11:43 +0100] "GET /nca04.htm HTTP/1.1" 200 16378 "-" "Java/1.7.0_11"
77.249.187.96 - - [18/Jan/2013:20:11:43 +0100] "GET /nca05.htm HTTP/1.1" 200 16412 "-" "Java/1.7.0_11"
77.249.187.96 - - [18/Jan/2013:20:11:43 +0100] "GET /nca06.htm HTTP/1.1" 200 19034 "-" "Java/1.7.0_11"
77.249.187.96 - - [18/Jan/2013:20:11:44 +0100] "GET /nca07.htm HTTP/1.1" 200 21968 "-" "Java/1.7.0_11"
77.249.187.96 - - [18/Jan/2013:20:11:44 +0100] "GET /nca08.htm HTTP/1.1" 200 21795 "-" "Java/1.7.0_11"
77.249.187.96 - - [18/Jan/2013:20:11:44 +0100] "GET /nca09.htm HTTP/1.1" 200 24315 "-" "Java/1.7.0_11"
77.249.187.96 - - [18/Jan/2013:20:11:45 +0100] "GET /nca10.htm HTTP/1.1" 200 16648 "-" "Java/1.7.0_11"
77.249.187.96 - - [18/Jan/2013:20:11:45 +0100] "GET /nca11.htm HTTP/1.1" 200 7133 "-" "Java/1.7.0_11"
77.249.187.96 - - [18/Jan/2013:20:11:45 +0100] "GET /kiadvanyok.htm HTTP/1.1" 200 8206 "-" "Java/1.7.0_11"
77.249.187.96 - - [18/Jan/2013:20:11:45 +0100] "GET /deutsch/index.htm HTTP/1.1" 200 5324 "-" "Java/1.7.0_11"
77.249.187.96 - - [18/Jan/2013:20:11:45 +0100] "GET /english/index.htm HTTP/1.1" 200 5262 "-" "Java/1.7.0_11"
77.249.187.96 - - [18/Jan/2013:20:11:45 +0100] "GET /fiok/index.html HTTP/1.1" 200 20554 "-" "Java/1.7.0_11"
77.249.187.96 - - [18/Jan/2013:20:11:46 +0100] "GET /hirek/hirek091015.htm HTTP/1.1" 200 7046 "-" "Java/1.7.0_11"
77.249.187.96 - - [18/Jan/2013:20:11:46 +0100] "GET /hirek/hirek091102.htm HTTP/1.1" 200 8538 "-" "Java/1.7.0_11"
77.249.187.96 - - [18/Jan/2013:20:11:46 +0100] "GET /hirek/hirek091103.htm HTTP/1.1" 200 7301 "-" "Java/1.7.0_11"
77.249.187.96 - - [18/Jan/2013:20:11:46 +0100] "GET /hirek/hirek091221.htm HTTP/1.1" 200 6740 "-" "Java/1.7.0_11"
77.249.187.96 - - [18/Jan/2013:20:11:46 +0100] "GET /hirek/hirek100225.htm HTTP/1.1" 200 7288 "-" "Java/1.7.0_11"
66.249.76.62 - - [18/Jan/2013:20:22:34 +0100] "GET /hirek/090510/szuletesunnepe043.jpg HTTP/1.1" 304 - "-" "Googlebot-Image/1.0"
37.140.141.19 - - [18/Jan/2013:20:26:51 +0100] "GET /robots.txt HTTP/1.1" 404 1181 "-" "Mozilla/5.0 (compatible; YandexImages/3.0; +http://yandex.com/bots)"
66.249.76.62 - - [18/Jan/2013:20:44:30 +0100] "GET /hirek/hirek120207.htm HTTP/1.1" 304 - "-" "Mozilla/5.0 (iPhone; U; CPU iPhone OS 4_1 like Mac OS X; en-us) AppleWebKit/532.9 (KHTML, like Gecko) Version/4.0.5 Mobile/8B117 Safari/6531.22.7 (compatible; Googlebot-Mobile/2.1; +http://www.google.com/bot.html)"
37.140.141.19 - - [18/Jan/2013:21:36:28 +0100] "GET /english/e03.jpg HTTP/1.1" 304 - "-" "Mozilla/5.0 (compatible; YandexImages/3.0; +http://yandex.com/bots)"
180.76.5.57 - - [18/Jan/2013:22:04:33 +0100] "GET /fiok/program_reszek/csaladbarat.htm HTTP/1.1" 200 20928 "-" "Mozilla/5.0 (compatible; Baiduspider/2.0; +http://www.baidu.com/search/spider.html)"
37.140.141.19 - - [18/Jan/2013:22:44:56 +0100] "GET /tm02_.jpg HTTP/1.1" 304 - "-" "Mozilla/5.0 (compatible; YandexImages/3.0; +http://yandex.com/bots)"
65.55.212.137 - - [18/Jan/2013:22:46:20 +0100] "GET /robots.txt HTTP/1.1" 404 1181 "-" "msnbot-media/1.1 (+http://search.msn.com/msnbot.htm)"
65.55.212.137 - - [18/Jan/2013:22:46:20 +0100] "GET /jog/img/hammer.jpg HTTP/1.1" 200 10094 "-" "msnbot-media/1.1 (+http://search.msn.com/msnbot.htm)"
37.140.141.19 - - [18/Jan/2013:23:54:37 +0100] "GET /tm07.jpg HTTP/1.1" 304 - "-" "Mozilla/5.0 (compatible; YandexImages/3.0; +http://yandex.com/bots)"
77.20.155.143 - - [18/Jan/2013:23:58:52 +0100] "GET /robots.txt HTTP/1.1" 404 1181 "-" "findlinks/2.0.2 (+http://wortschatz.uni-leipzig.de/findlinks/)"
66.249.76.62 - - [19/Jan/2013:00:43:32 +0100] "GET /hirek/hirek091221.htm HTTP/1.1" 304 - "-" "Mozilla/5.0 (iPhone; U; CPU iPhone OS 4_1 like Mac OS X; en-us) AppleWebKit/532.9 (KHTML, like Gecko) Version/4.0.5 Mobile/8B117 Safari/6531.22.7 (compatible; Googlebot-Mobile/2.1; +http://www.google.com/bot.html)"
37.140.141.19 - - [19/Jan/2013:01:04:18 +0100] "GET /tm03.jpg HTTP/1.1" 304 - "-" "Mozilla/5.0 (compatible; YandexImages/3.0; +http://yandex.com/bots)"
66.249.76.62 - - [19/Jan/2013:02:04:36 +0100] "GET /jog/eseteink/korosladany/vegzes_dalerd_birsag.pdf HTTP/1.1" 200 1941609 "-" "Mozilla/5.0 (compatible; Googlebot/2.1; +http://www.google.com/bot.html)"
37.140.141.19 - - [19/Jan/2013:02:11:38 +0100] "GET /tm04.jpg HTTP/1.1" 304 - "-" "Mozilla/5.0 (compatible; YandexImages/3.0; +http://yandex.com/bots)"
66.249.76.62 - - [19/Jan/2013:02:17:29 +0100] "GET /jog/eseteink/poroszlo/poroszlo-ombudsman.pdf HTTP/1.1" 200 161212 "-" "Mozilla/5.0 (compatible; Googlebot/2.1; +http://www.google.com/bot.html)"
66.249.76.62 - - [19/Jan/2013:02:36:40 +0100] "GET /nka.htm HTTP/1.1" 200 6221 "-" "Mozilla/5.0 (compatible; Googlebot/2.1; +http://www.google.com/bot.html)"
66.249.76.62 - - [19/Jan/2013:02:38:32 +0100] "GET /jog/eseteink/korosladany/szakerto_dij_birosag.doc.pdf HTTP/1.1" 200 194442 "-" "Mozilla/5.0 (compatible; Googlebot/2.1; +http://www.google.com/bot.html)"
208.115.113.84 - - [19/Jan/2013:03:07:14 +0100] "GET /robots.txt HTTP/1.1" 404 1181 "-" "Mozilla/5.0 (compatible; Ezooms/1.0; ezooms.bot@gmail.com)"
66.249.76.62 - - [19/Jan/2013:03:07:24 +0100] "GET /jog/eseteink/dakar/dakar_0804_kdvktvf_engedely.pdf HTTP/1.1" 200 7453005 "-" "Mozilla/5.0 (compatible; Googlebot/2.1; +http://www.google.com/bot.html)"
66.249.76.62 - - [19/Jan/2013:03:18:53 +0100] "GET /jog/ugyeszsegek.htm HTTP/1.1" 200 13810 "-" "Mozilla/5.0 (compatible; Googlebot/2.1; +http://www.google.com/bot.html)"
82.80.249.137 - - [19/Jan/2013:03:29:26 +0100] "GET / HTTP/1.0" 200 23965 "-" "Mozilla/5.0 (X11; Ubuntu; Linux x86_64; rv:11.0) Gecko/20100101 Firefox/11.0"
82.80.249.137 - - [19/Jan/2013:03:29:27 +0100] "GET /deutsch/index.htm HTTP/1.0" 200 5324 "http://beklen.hu" "Mozilla/5.0 (X11; Ubuntu; Linux x86_64; rv:11.0) Gecko/20100101 Firefox/11.0"
82.80.249.137 - - [19/Jan/2013:03:29:27 +0100] "GET /media.htm HTTP/1.0" 200 5208 "http://beklen.hu" "Mozilla/5.0 (X11; Ubuntu; Linux x86_64; rv:11.0) Gecko/20100101 Firefox/11.0"
82.80.249.137 - - [19/Jan/2013:03:29:27 +0100] "GET /index.htm HTTP/1.0" 200 23965 "http://beklen.hu" "Mozilla/5.0 (X11; Ubuntu; Linux x86_64; rv:11.0) Gecko/20100101 Firefox/11.0"
82.80.249.137 - - [19/Jan/2013:03:29:27 +0100] "GET /english/index.htm HTTP/1.0" 200 5262 "http://beklen.hu" "Mozilla/5.0 (X11; Ubuntu; Linux x86_64; rv:11.0) Gecko/20100101 Firefox/11.0"
82.80.249.137 - - [19/Jan/2013:03:29:27 +0100] "GET /programok.htm HTTP/1.0" 200 6444 "http://beklen.hu" "Mozilla/5.0 (X11; Ubuntu; Linux x86_64; rv:11.0) Gecko/20100101 Firefox/11.0"
82.80.249.137 - - [19/Jan/2013:03:29:27 +0100] "GET /magunkrol.htm HTTP/1.0" 200 9202 "http://beklen.hu" "Mozilla/5.0 (X11; Ubuntu; Linux x86_64; rv:11.0) Gecko/20100101 Firefox/11.0"
82.80.249.137 - - [19/Jan/2013:03:29:27 +0100] "GET /uszt-tabla.jpg HTTP/1.0" 404 1181 "http://beklen.hu" "Mozilla/5.0 (X11; Ubuntu; Linux x86_64; rv:11.0) Gecko/20100101 Firefox/11.0"
82.80.249.137 - - [19/Jan/2013:03:29:27 +0100] "GET /fiok/index.html HTTP/1.0" 200 20554 "http://beklen.hu" "Mozilla/5.0 (X11; Ubuntu; Linux x86_64; rv:11.0) Gecko/20100101 Firefox/11.0"
82.80.249.137 - - [19/Jan/2013:03:29:27 +0100] "GET /jog HTTP/1.0" 301 299 "http://beklen.hu" "Mozilla/5.0 (X11; Ubuntu; Linux x86_64; rv:11.0) Gecko/20100101 Firefox/11.0"
82.80.249.137 - - [19/Jan/2013:03:29:27 +0100] "GET /a1_projekt_tabla_infra_cs3_beklenhaz.jpg HTTP/1.0" 200 73344 "http://beklen.hu" "Mozilla/5.0 (X11; Ubuntu; Linux x86_64; rv:11.0) Gecko/20100101 Firefox/11.0"
82.80.249.137 - - [19/Jan/2013:03:29:27 +0100] "GET /hirek/hirek120207.htm HTTP/1.0" 200 6586 "http://beklen.hu" "Mozilla/5.0 (X11; Ubuntu; Linux x86_64; rv:11.0) Gecko/20100101 Firefox/11.0"
82.80.249.137 - - [19/Jan/2013:03:29:27 +0100] "GET /hirek/hirek101213.htm HTTP/1.0" 200 8671 "http://beklen.hu" "Mozilla/5.0 (X11; Ubuntu; Linux x86_64; rv:11.0) Gecko/20100101 Firefox/11.0"
82.80.249.137 - - [19/Jan/2013:03:29:27 +0100] "GET /hirek/hirek101025.htm HTTP/1.0" 200 8786 "http://beklen.hu" "Mozilla/5.0 (X11; Ubuntu; Linux x86_64; rv:11.0) Gecko/20100101 Firefox/11.0"
82.80.249.137 - - [19/Jan/2013:03:29:27 +0100] "GET /hirek/hirek101027.htm HTTP/1.0" 200 9627 "http://beklen.hu" "Mozilla/5.0 (X11; Ubuntu; Linux x86_64; rv:11.0) Gecko/20100101 Firefox/11.0"
82.80.249.137 - - [19/Jan/2013:03:29:27 +0100] "GET /kapcsolat.htm HTTP/1.0" 200 6889 "http://beklen.hu" "Mozilla/5.0 (X11; Ubuntu; Linux x86_64; rv:11.0) Gecko/20100101 Firefox/11.0"
