84.0.55.9 - - [12/Jan/2013:19:21:24 +0100] "GET /fiok/images/b12.jpg HTTP/1.1" 200 544 "http://www.beklen.hu/fiok/kornyezet.htm" "Mozilla/5.0 (Windows NT 6.1; WOW64; rv:18.0) Gecko/20100101 Firefox/18.0"
84.0.55.9 - - [12/Jan/2013:19:21:24 +0100] "GET /fiok/images/index_24.gif HTTP/1.1" 200 227 "http://www.beklen.hu/fiok/kornyezet.htm" "Mozilla/5.0 (Windows NT 6.1; WOW64; rv:18.0) Gecko/20100101 Firefox/18.0"
84.0.55.9 - - [12/Jan/2013:19:21:24 +0100] "GET /fiok/images/index_22.gif HTTP/1.1" 200 227 "http://www.beklen.hu/fiok/kornyezet.htm" "Mozilla/5.0 (Windows NT 6.1; WOW64; rv:18.0) Gecko/20100101 Firefox/18.0"
84.0.55.9 - - [12/Jan/2013:19:21:24 +0100] "GET /fiok/images/index_28.gif HTTP/1.1" 200 262 "http://www.beklen.hu/fiok/kornyezet.htm" "Mozilla/5.0 (Windows NT 6.1; WOW64; rv:18.0) Gecko/20100101 Firefox/18.0"
84.0.55.9 - - [12/Jan/2013:19:21:24 +0100] "GET /lb/images/loading.gif HTTP/1.1" 200 2767 "http://www.beklen.hu/fiok/kornyezet.htm" "Mozilla/5.0 (Windows NT 6.1; WOW64; rv:18.0) Gecko/20100101 Firefox/18.0"
84.0.55.9 - - [12/Jan/2013:19:21:24 +0100] "GET /lb/images/closelabel.gif HTTP/1.1" 200 222 "http://www.beklen.hu/fiok/kornyezet.htm" "Mozilla/5.0 (Windows NT 6.1; WOW64; rv:18.0) Gecko/20100101 Firefox/18.0"
84.0.55.9 - - [12/Jan/2013:19:21:29 +0100] "GET /fiok/css/js/scriptaculous.js?load=effects HTTP/1.1" 304 - "http://www.beklen.hu/fiok/kornyezet.htm" "Mozilla/5.0 (Windows NT 6.1; WOW64; rv:18.0) Gecko/20100101 Firefox/18.0"
84.0.55.9 - - [12/Jan/2013:19:21:29 +0100] "GET /favicon.ico HTTP/1.1" 404 1181 "-" "Mozilla/5.0 (Windows NT 6.1; WOW64; rv:18.0) Gecko/20100101 Firefox/18.0"
66.249.76.62 - - [12/Jan/2013:19:47:17 +0100] "GET /jog/pub/jogi_.jpg HTTP/1.1" 304 - "-" "Googlebot-Image/1.0"
180.76.6.28 - - [12/Jan/2013:20:11:26 +0100] "GET /fiok HTTP/1.1" 301 312 "-" "Mozilla/5.0 (compatible; Baiduspider/2.0; +http://www.baidu.com/search/spider.html)"
180.76.5.87 - - [12/Jan/2013:20:11:27 +0100] "GET /fiok/ HTTP/1.1" 200 20554 "-" "Mozilla/5.0 (compatible; Baiduspider/2.0; +http://www.baidu.com/search/spider.html)"
178.154.210.252 - - [12/Jan/2013:21:36:28 +0100] "GET /robots.txt HTTP/1.1" 404 1181 "-" "Mozilla/5.0 (compatible; YandexBot/3.0; +http://yandex.com/bots)"
178.154.210.252 - - [12/Jan/2013:21:36:30 +0100] "GET /hirek/hirek090428.htm HTTP/1.1" 304 - "-" "Mozilla/5.0 (compatible; YandexBot/3.0; +http://yandex.com/bots)"
217.113.48.232 - - [12/Jan/2013:21:53:06 +0100] "GET /jog/jogihatter.htm HTTP/1.1" 200 18691 "https://www.google.hu/" "Mozilla/5.0 (Windows NT 5.1) AppleWebKit/537.11 (KHTML, like Gecko) Chrome/23.0.1271.97 Safari/537.11"
217.113.48.232 - - [12/Jan/2013:21:53:07 +0100] "GET /jog/style.css HTTP/1.1" 200 21413 "http://www.beklen.hu/jog/jogihatter.htm" "Mozilla/5.0 (Windows NT 5.1) AppleWebKit/537.11 (KHTML, like Gecko) Chrome/23.0.1271.97 Safari/537.11"
217.113.48.232 - - [12/Jan/2013:21:53:07 +0100] "GET /jog/script.js HTTP/1.1" 200 5674 "http://www.beklen.hu/jog/jogihatter.htm" "Mozilla/5.0 (Windows NT 5.1) AppleWebKit/537.11 (KHTML, like Gecko) Chrome/23.0.1271.97 Safari/537.11"
217.113.48.232 - - [12/Jan/2013:21:53:07 +0100] "GET /jog/jquery.js HTTP/1.1" 200 72174 "http://www.beklen.hu/jog/jogihatter.htm" "Mozilla/5.0 (Windows NT 5.1) AppleWebKit/537.11 (KHTML, like Gecko) Chrome/23.0.1271.97 Safari/537.11"
217.113.48.232 - - [12/Jan/2013:21:53:08 +0100] "GET /jog/images/spacer.gif HTTP/1.1" 200 43 "http://www.beklen.hu/jog/jogihatter.htm" "Mozilla/5.0 (Windows NT 5.1) AppleWebKit/537.11 (KHTML, like Gecko) Chrome/23.0.1271.97 Safari/537.11"
217.113.48.232 - - [12/Jan/2013:21:53:08 +0100] "GET /jog/images/subitem.png HTTP/1.1" 200 81 "http://www.beklen.hu/jog/jogihatter.htm" "Mozilla/5.0 (Windows NT 5.1) AppleWebKit/537.11 (KHTML, like Gecko) Chrome/23.0.1271.97 Safari/537.11"
217.113.48.232 - - [12/Jan/2013:21:53:08 +0100] "GET /jog/images/menuitem.png HTTP/1.1" 200 20398 "http://www.beklen.hu/jog/jogihatter.htm" "Mozilla/5.0 (Windows NT 5.1) AppleWebKit/537.11 (KHTML, like Gecko) Chrome/23.0.1271.97 Safari/537.11"
217.113.48.232 - - [12/Jan/2013:21:53:08 +0100] "GET /jog/images/nav.png HTTP/1.1" 200 10482 "http://www.beklen.hu/jog/jogihatter.htm" "Mozilla/5.0 (Windows NT 5.1) AppleWebKit/537.11 (KHTML, like Gecko) Chrome/23.0.1271.97 Safari/537.11"
217.113.48.232 - - [12/Jan/2013:21:53:08 +0100] "GET /jog/images/post_s.png HTTP/1.1" 200 466 "http://www.beklen.hu/jog/jogihatter.htm" "Mozilla/5.0 (Windows NT 5.1) AppleWebKit/537.11 (KHTML, like Gecko) Chrome/23.0.1271.97 Safari/537.11"
217.113.48.232 - - [12/Jan/2013:21:53:08 +0100] "GET /jog/images/post_h.png HTTP/1.1" 200 292 "http://www.beklen.hu/jog/jogihatter.htm" "Mozilla/5.0 (Windows NT 5.1) AppleWebKit/537.11 (KHTML, like Gecko) Chrome/23.0.1271.97 Safari/537.11"
217.113.48.232 - - [12/Jan/2013:21:53:08 +0100] "GET /jog/images/post_v.png HTTP/1.1" 200 310 "http://www.beklen.hu/jog/jogihatter.htm" "Mozilla/5.0 (Windows NT 5.1) AppleWebKit/537.11 (KHTML, like Gecko) Chrome/23.0.1271.97 Safari/537.11"
217.113.48.232 - - [12/Jan/2013:21:53:08 +0100] "GET /jog/images/post_c.png HTTP/1.1" 200 204 "http://www.beklen.hu/jog/jogihatter.htm" "Mozilla/5.0 (Windows NT 5.1) AppleWebKit/537.11 (KHTML, like Gecko) Chrome/23.0.1271.97 Safari/537.11"
217.113.48.232 - - [12/Jan/2013:21:53:08 +0100] "GET /jog/images/header.png HTTP/1.1" 200 170837 "http://www.beklen.hu/jog/jogihatter.htm" "Mozilla/5.0 (Windows NT 5.1) AppleWebKit/537.11 (KHTML, like Gecko) Chrome/23.0.1271.97 Safari/537.11"
217.113.48.232 - - [12/Jan/2013:21:53:08 +0100] "GET /jog/img/file_pdf.png HTTP/1.1" 200 581 "http://www.beklen.hu/jog/jogihatter.htm" "Mozilla/5.0 (Windows NT 5.1) AppleWebKit/537.11 (KHTML, like Gecko) Chrome/23.0.1271.97 Safari/537.11"
217.113.48.232 - - [12/Jan/2013:21:53:08 +0100] "GET /jog/img/file_doc.png HTTP/1.1" 200 598 "http://www.beklen.hu/jog/jogihatter.htm" "Mozilla/5.0 (Windows NT 5.1) AppleWebKit/537.11 (KHTML, like Gecko) Chrome/23.0.1271.97 Safari/537.11"
217.113.48.232 - - [12/Jan/2013:21:53:08 +0100] "GET /jog/img/file_zip.png HTTP/1.1" 200 622 "http://www.beklen.hu/jog/jogihatter.htm" "Mozilla/5.0 (Windows NT 5.1) AppleWebKit/537.11 (KHTML, like Gecko) Chrome/23.0.1271.97 Safari/537.11"
217.113.48.232 - - [12/Jan/2013:21:53:09 +0100] "GET /jog/images/Bottom_texture.jpg HTTP/1.1" 200 193775 "http://www.beklen.hu/jog/jogihatter.htm" "Mozilla/5.0 (Windows NT 5.1) AppleWebKit/537.11 (KHTML, like Gecko) Chrome/23.0.1271.97 Safari/537.11"
217.113.48.232 - - [12/Jan/2013:21:53:09 +0100] "GET /jog/favicon.ico HTTP/1.1" 200 1150 "-" "Mozilla/5.0 (Windows NT 5.1) AppleWebKit/537.11 (KHTML, like Gecko) Chrome/23.0.1271.97 Safari/537.11"
208.115.113.84 - - [12/Jan/2013:23:12:22 +0100] "GET /robots.txt HTTP/1.1" 404 1181 "-" "Mozilla/5.0 (compatible; Ezooms/1.0; ezooms.bot@gmail.com)"
65.55.215.83 - - [12/Jan/2013:23:16:40 +0100] "GET /robots.txt HTTP/1.1" 404 1181 "-" "msnbot-media/1.1 (+http://search.msn.com/msnbot.htm)"
65.55.215.83 - - [12/Jan/2013:23:16:40 +0100] "GET /jog/eseteink/autopalya/ap.jpg HTTP/1.1" 200 3947 "-" "msnbot-media/1.1 (+http://search.msn.com/msnbot.htm)"
66.249.76.62 - - [12/Jan/2013:23:42:08 +0100] "GET /jog/eseteink/derekegyhaza/index.htm HTTP/1.1" 304 - "-" "Mozilla/5.0 (iPhone; U; CPU iPhone OS 4_1 like Mac OS X; en-us) AppleWebKit/532.9 (KHTML, like Gecko) Version/4.0.5 Mobile/8B117 Safari/6531.22.7 (compatible; Googlebot-Mobile/2.1; +http://www.google.com/bot.html)"
208.115.113.84 - - [13/Jan/2013:01:12:38 +0100] "GET /hirek/ HTTP/1.1" 403 1172 "-" "Mozilla/5.0 (compatible; Ezooms/1.0; ezooms.bot@gmail.com)"
66.249.76.62 - - [13/Jan/2013:01:23:33 +0100] "GET /nca05.htm HTTP/1.1" 304 - "-" "Mozilla/5.0 (compatible; Googlebot/2.1; +http://www.google.com/bot.html)"
66.249.76.62 - - [13/Jan/2013:01:43:42 +0100] "GET /hirek/hirek090510.htm HTTP/1.1" 200 12743 "-" "Mozilla/5.0 (compatible; Googlebot/2.1; +http://www.google.com/bot.html)"
77.20.156.77 - - [13/Jan/2013:01:45:40 +0100] "GET /english/index.htm HTTP/1.1" 200 5262 "-" "findlinks/2.0.2 (+http://wortschatz.uni-leipzig.de/findlinks/)"
66.249.76.62 - - [13/Jan/2013:01:48:03 +0100] "GET /jog/eseteink/derekegyhaza/mszh_ugyfel.pdf HTTP/1.1" 200 789271 "-" "Mozilla/5.0 (compatible; Googlebot/2.1; +http://www.google.com/bot.html)"
139.18.2.209 - - [13/Jan/2013:02:50:57 +0100] "GET /jog/eseteink/korosladany/index.htm HTTP/1.1" 200 30713 "-" "findlinks/2.6 (+http://wortschatz.uni-leipzig.de/findlinks/)"
157.55.32.154 - - [13/Jan/2013:03:05:33 +0100] "GET /robots.txt HTTP/1.1" 404 1181 "-" "Mozilla/5.0 (compatible; bingbot/2.0; +http://www.bing.com/bingbot.htm)"
208.115.113.84 - - [13/Jan/2013:03:15:22 +0100] "GET /robots.txt HTTP/1.1" 404 1181 "-" "Mozilla/5.0 (compatible; Ezooms/1.0; ezooms.bot@gmail.com)"
77.20.156.77 - - [13/Jan/2013:03:29:46 +0100] "GET /hirek/hirek100810.htm HTTP/1.1" 200 8123 "-" "findlinks/2.0.2 (+http://wortschatz.uni-leipzig.de/findlinks/)"
157.55.32.154 - - [13/Jan/2013:03:30:53 +0100] "GET /jog/jogszabalyok/vadaszati_torveny.pdf HTTP/1.1" 200 741096 "-" "Mozilla/5.0 (compatible; bingbot/2.0; +http://www.bing.com/bingbot.htm)"
139.18.2.209 - - [13/Jan/2013:03:39:44 +0100] "GET /jog/rendorsegifeljelentes.htm HTTP/1.1" 200 13536 "-" "findlinks/2.6 (+http://wortschatz.uni-leipzig.de/findlinks/)"
139.18.2.209 - - [13/Jan/2013:03:40:28 +0100] "GET /civilmuhely.htm HTTP/1.1" 200 8450 "-" "findlinks/2.6 (+http://wortschatz.uni-leipzig.de/findlinks/)"
37.140.141.19 - - [13/Jan/2013:03:48:32 +0100] "GET /robots.txt HTTP/1.1" 404 1181 "-" "Mozilla/5.0 (compatible; YandexImages/3.0; +http://yandex.com/bots)"
69.171.234.4 - - [13/Jan/2013:05:06:12 +0100] "GET / HTTP/1.1" 206 23965 "-" "facebookexternalhit/1.1 (+http://www.facebook.com/externalhit_uatext.php)"
69.171.233.3 - - [13/Jan/2013:05:06:13 +0100] "GET /tm02.jpg HTTP/1.1" 206 1873 "-" "facebookexternalhit/1.1 (+http://www.facebook.com/externalhit_uatext.php)"
69.171.233.7 - - [13/Jan/2013:05:06:13 +0100] "GET /jog_honlap_.jpg HTTP/1.1" 206 7186 "-" "facebookexternalhit/1.1 (+http://www.facebook.com/externalhit_uatext.php)"
69.171.233.6 - - [13/Jan/2013:05:06:13 +0100] "GET /tm01.jpg HTTP/1.1" 206 1080 "-" "facebookexternalhit/1.1 (+http://www.facebook.com/externalhit_uatext.php)"
69.171.233.7 - - [13/Jan/2013:05:06:13 +0100] "GET /uszt-tabla_.jpg HTTP/1.1" 206 4543 "-" "facebookexternalhit/1.1 (+http://www.facebook.com/externalhit_uatext.php)"
69.171.233.2 - - [13/Jan/2013:05:06:13 +0100] "GET /tm04_.jpg HTTP/1.1" 206 2058 "-" "facebookexternalhit/1.1 (+http://www.facebook.com/externalhit_uatext.php)"
69.171.233.6 - - [13/Jan/2013:05:06:13 +0100] "GET /tm05_.jpg HTTP/1.1" 206 1839 "-" "facebookexternalhit/1.1 (+http://www.facebook.com/externalhit_uatext.php)"
69.171.233.7 - - [13/Jan/2013:05:06:13 +0100] "GET /tm03_.jpg HTTP/1.1" 206 1787 "-" "facebookexternalhit/1.1 (+http://www.facebook.com/externalhit_uatext.php)"
69.171.233.1 - - [13/Jan/2013:05:06:13 +0100] "GET /tm07.jpg HTTP/1.1" 206 1007 "-" "facebookexternalhit/1.1 (+http://www.facebook.com/externalhit_uatext.php)"
69.171.233.2 - - [13/Jan/2013:05:06:14 +0100] "GET /tm06_.jpg HTTP/1.1" 206 1382 "-" "facebookexternalhit/1.1 (+http://www.facebook.com/externalhit_uatext.php)"
69.171.233.2 - - [13/Jan/2013:05:06:15 +0100] "GET /a1_projekt_tabla_infra_cs3_beklenhaz_.jpg HTTP/1.1" 206 8994 "-" "facebookexternalhit/1.1 (+http://www.facebook.com/externalhit_uatext.php)"
69.171.233.5 - - [13/Jan/2013:05:06:18 +0100] "GET /nimfea_project_250x250.gif HTTP/1.1" 206 2986583 "-" "facebookexternalhit/1.1 (+http://www.facebook.com/externalhit_uatext.php)"
69.171.234.2 - - [13/Jan/2013:05:06:20 +0100] "GET /nimfea_project_250x250.gif HTTP/1.1" 200 2986583 "-" "facebookplatform/1.0 (+http://developers.facebook.com)"
69.171.234.2 - - [13/Jan/2013:05:06:20 +0100] "HEAD /a1_projekt_tabla_infra_cs3_beklenhaz_.jpg HTTP/1.1" 206 0 "-" "facebookexternalhit/1.1 (+http://www.facebook.com/externalhit_uatext.php)"
69.171.234.7 - - [13/Jan/2013:05:06:20 +0100] "HEAD /tm07.jpg HTTP/1.1" 206 0 "-" "facebookexternalhit/1.1 (+http://www.facebook.com/externalhit_uatext.php)"
69.171.234.2 - - [13/Jan/2013:05:06:20 +0100] "HEAD /jog_honlap_.jpg HTTP/1.1" 206 0 "-" "facebookexternalhit/1.1 (+http://www.facebook.com/externalhit_uatext.php)"
69.171.234.4 - - [13/Jan/2013:05:06:20 +0100] "HEAD /tm04_.jpg HTTP/1.1" 206 0 "-" "facebookexternalhit/1.1 (+http://www.facebook.com/externalhit_uatext.php)"
69.171.234.7 - - [13/Jan/2013:05:06:21 +0100] "HEAD /uszt-tabla_.jpg HTTP/1.1" 206 0 "-" "facebookexternalhit/1.1 (+http://www.facebook.com/externalhit_uatext.php)"
69.171.234.0 - - [13/Jan/2013:05:06:21 +0100] "HEAD /tm03_.jpg HTTP/1.1" 206 0 "-" "facebookexternalhit/1.1 (+http://www.facebook.com/externalhit_uatext.php)"
69.171.234.6 - - [13/Jan/2013:05:06:21 +0100] "HEAD /tm05_.jpg HTTP/1.1" 206 0 "-" "facebookexternalhit/1.1 (+http://www.facebook.com/externalhit_uatext.php)"
69.171.234.1 - - [13/Jan/2013:05:06:21 +0100] "HEAD /tm02.jpg HTTP/1.1" 206 0 "-" "facebookexternalhit/1.1 (+http://www.facebook.com/externalhit_uatext.php)"
69.171.234.4 - - [13/Jan/2013:05:06:21 +0100] "HEAD /tm06_.jpg HTTP/1.1" 206 0 "-" "facebookexternalhit/1.1 (+http://www.facebook.com/externalhit_uatext.php)"
69.171.234.7 - - [13/Jan/2013:05:06:21 +0100] "HEAD /tm01.jpg HTTP/1.1" 206 0 "-" "facebookexternalhit/1.1 (+http://www.facebook.com/externalhit_uatext.php)"
69.171.234.3 - - [13/Jan/2013:05:06:21 +0100] "HEAD /nimfea_project_250x250.gif HTTP/1.1" 206 0 "-" "facebookexternalhit/1.1 (+http://www.facebook.com/externalhit_uatext.php)"
208.115.111.68 - - [13/Jan/2013:05:07:33 +0100] "GET /robots.txt HTTP/1.1" 404 1181 "-" "Mozilla/5.0 (compatible; Ezooms/1.0; ezooms.bot@gmail.com)"
139.18.2.209 - - [13/Jan/2013:05:18:26 +0100] "GET /hirek/hirek120207.htm HTTP/1.1" 200 6586 "-" "findlinks/2.6 (+http://wortschatz.uni-leipzig.de/findlinks/)"
208.115.113.84 - - [13/Jan/2013:05:23:19 +0100] "GET /hirek/hirek100810.htm HTTP/1.1" 200 8123 "-" "Mozilla/5.0 (compatible; Ezooms/1.0; ezooms.bot@gmail.com)"
139.18.2.209 - - [13/Jan/2013:06:09:26 +0100] "GET /jog/slapp.htm HTTP/1.1" 200 21314 "-" "findlinks/2.6 (+http://wortschatz.uni-leipzig.de/findlinks/)"
66.249.76.62 - - [13/Jan/2013:06:14:17 +0100] "GET /robots.txt HTTP/1.1" 404 1181 "-" "Mozilla/5.0 (compatible; Googlebot/2.1; +http://www.google.com/bot.html)"
66.249.76.62 - - [13/Jan/2013:06:14:17 +0100] "GET /jog/eseteink/poroszlo/petone%20dr.pdf HTTP/1.1" 200 55023 "-" "Googlebot/2.1 (+http://www.google.com/bot.html)"
178.154.210.252 - - [13/Jan/2013:07:18:36 +0100] "GET /ncta.htm HTTP/1.1" 200 7221 "-" "Mozilla/5.0 (compatible; YandexBot/3.0; +http://yandex.com/bots)"
208.115.111.68 - - [13/Jan/2013:08:04:38 +0100] "GET /fiok/programok.htm HTTP/1.1" 200 18165 "-" "Mozilla/5.0 (compatible; Ezooms/1.0; ezooms.bot@gmail.com)"
208.115.111.68 - - [13/Jan/2013:08:04:40 +0100] "GET /hirek/hirek100728.htm HTTP/1.1" 200 7560 "-" "Mozilla/5.0 (compatible; Ezooms/1.0; ezooms.bot@gmail.com)"
66.249.76.62 - - [13/Jan/2013:08:09:55 +0100] "GET /jog/eseteink/poroszlo/poroszlo-kozig.pdf HTTP/1.1" 200 139846 "-" "Googlebot/2.1 (+http://www.google.com/bot.html)"
180.76.5.95 - - [13/Jan/2013:08:10:42 +0100] "GET /fiok/program_reszek/csaladbarat.htm HTTP/1.1" 200 20928 "-" "Mozilla/5.0 (compatible; Baiduspider/2.0; +http://www.baidu.com/search/spider.html)"
66.249.76.62 - - [13/Jan/2013:08:18:16 +0100] "GET /jog/eseteink/poroszlo/poroszlo-hnp.pdf HTTP/1.1" 200 112892 "-" "Googlebot/2.1 (+http://www.google.com/bot.html)"
66.249.76.62 - - [13/Jan/2013:08:29:21 +0100] "GET /jog/eseteink/poroszlo/poroszlo-zoldhatosag.pdf HTTP/1.1" 200 107018 "-" "Googlebot/2.1 (+http://www.google.com/bot.html)"
66.249.76.62 - - [13/Jan/2013:08:35:44 +0100] "GET /jog/eseteink/poroszlo/panasz_poroszlo.pdf HTTP/1.1" 200 180096 "-" "Googlebot/2.1 (+http://www.google.com/bot.html)"
66.249.76.62 - - [13/Jan/2013:08:44:59 +0100] "GET /jog/eseteink/poroszlo/poroszlo-ombudsman.pdf HTTP/1.1" 200 161212 "-" "Googlebot/2.1 (+http://www.google.com/bot.html)"
66.249.76.62 - - [13/Jan/2013:08:47:23 +0100] "GET /programok.htm HTTP/1.1" 200 6444 "-" "SAMSUNG-SGH-E250/1.0 Profile/MIDP-2.0 Configuration/CLDC-1.1 UP.Browser/6.2.3.3.c.1.101 (GUI) MMP/2.0 (compatible; Googlebot-Mobile/2.1; +http://www.google.com/bot.html)"
77.20.156.77 - - [13/Jan/2013:09:26:15 +0100] "GET /hirek/hirek08_11.htm HTTP/1.1" 200 7337 "-" "findlinks/2.0.2 (+http://wortschatz.uni-leipzig.de/findlinks/)"
173.199.119.35 - - [13/Jan/2013:09:28:29 +0100] "GET /robots.txt HTTP/1.1" 404 1181 "-" "Mozilla/5.0 (compatible; AhrefsBot/4.0; +http://ahrefs.com/robot/)"
89.133.26.187 - - [13/Jan/2013:09:42:27 +0100] "GET / HTTP/1.1" 200 23965 "http://www.google.hu/url?sa=t&rct=j&q=beklen%20alap%C3%ADtv%C3%A1ny&source=web&cd=1&ved=0CD8QFjAA&url=http%3A%2F%2Fwww.beklen.hu%2F&ei=ZHPyUJnDK6vL0AWkp4DIDg&usg=AFQjCNEP-2laihep9vegTwNlHcl4us-iaw&bvm=bv.1357700187,d.d2k" "Mozilla/4.0 (compatible; MSIE 8.0; Windows NT 5.1; Trident/4.0; .NET CLR 1.1.4322; .NET CLR 2.0.50727; .NET CLR 3.0.4506.2152; .NET CLR 3.5.30729; AskTbORJ/5.15.4.23821)"
89.133.26.187 - - [13/Jan/2013:09:42:27 +0100] "GET /vill.cs HTTP/1.1" 200 2676 "http://www.beklen.hu/" "Mozilla/4.0 (compatible; MSIE 8.0; Windows NT 5.1; Trident/4.0; .NET CLR 1.1.4322; .NET CLR 2.0.50727; .NET CLR 3.0.4506.2152; .NET CLR 3.5.30729; AskTbORJ/5.15.4.23821)"
89.133.26.187 - - [13/Jan/2013:09:42:27 +0100] "GET /lb/js/prototype.js HTTP/1.1" 200 47603 "http://www.beklen.hu/" "Mozilla/4.0 (compatible; MSIE 8.0; Windows NT 5.1; Trident/4.0; .NET CLR 1.1.4322; .NET CLR 2.0.50727; .NET CLR 3.0.4506.2152; .NET CLR 3.5.30729; AskTbORJ/5.15.4.23821)"
89.133.26.187 - - [13/Jan/2013:09:42:28 +0100] "GET /lb/js/scriptaculous.js?load=effects HTTP/1.1" 200 2152 "http://www.beklen.hu/" "Mozilla/4.0 (compatible; MSIE 8.0; Windows NT 5.1; Trident/4.0; .NET CLR 1.1.4322; .NET CLR 2.0.50727; .NET CLR 3.0.4506.2152; .NET CLR 3.5.30729; AskTbORJ/5.15.4.23821)"
89.133.26.187 - - [13/Jan/2013:09:42:28 +0100] "GET /lb/js/effects.js HTTP/1.1" 200 31969 "http://www.beklen.hu/" "Mozilla/4.0 (compatible; MSIE 8.0; Windows NT 5.1; Trident/4.0; .NET CLR 1.1.4322; .NET CLR 2.0.50727; .NET CLR 3.0.4506.2152; .NET CLR 3.5.30729; AskTbORJ/5.15.4.23821)"
89.133.26.187 - - [13/Jan/2013:09:42:28 +0100] "GET /lb/js/lightbox.js HTTP/1.1" 200 23424 "http://www.beklen.hu/" "Mozilla/4.0 (compatible; MSIE 8.0; Windows NT 5.1; Trident/4.0; .NET CLR 1.1.4322; .NET CLR 2.0.50727; .NET CLR 3.0.4506.2152; .NET CLR 3.5.30729; AskTbORJ/5.15.4.23821)"
89.133.26.187 - - [13/Jan/2013:09:42:28 +0100] "GET /lb/css/lightbox.css HTTP/1.1" 200 1715 "http://www.beklen.hu/" "Mozilla/4.0 (compatible; MSIE 8.0; Windows NT 5.1; Trident/4.0; .NET CLR 1.1.4322; .NET CLR 2.0.50727; .NET CLR 3.0.4506.2152; .NET CLR 3.5.30729; AskTbORJ/5.15.4.23821)"
89.133.26.187 - - [13/Jan/2013:09:42:28 +0100] "GET /tm01.jpg HTTP/1.1" 200 1080 "http://www.beklen.hu/" "Mozilla/4.0 (compatible; MSIE 8.0; Windows NT 5.1; Trident/4.0; .NET CLR 1.1.4322; .NET CLR 2.0.50727; .NET CLR 3.0.4506.2152; .NET CLR 3.5.30729; AskTbORJ/5.15.4.23821)"
89.133.26.187 - - [13/Jan/2013:09:42:28 +0100] "GET /bg.jpg HTTP/1.1" 200 566 "http://www.beklen.hu/" "Mozilla/4.0 (compatible; MSIE 8.0; Windows NT 5.1; Trident/4.0; .NET CLR 1.1.4322; .NET CLR 2.0.50727; .NET CLR 3.0.4506.2152; .NET CLR 3.5.30729; AskTbORJ/5.15.4.23821)"
89.133.26.187 - - [13/Jan/2013:09:42:28 +0100] "GET /tm03_.jpg HTTP/1.1" 200 1787 "http://www.beklen.hu/" "Mozilla/4.0 (compatible; MSIE 8.0; Windows NT 5.1; Trident/4.0; .NET CLR 1.1.4322; .NET CLR 2.0.50727; .NET CLR 3.0.4506.2152; .NET CLR 3.5.30729; AskTbORJ/5.15.4.23821)"
89.133.26.187 - - [13/Jan/2013:09:42:28 +0100] "GET /tm05_.jpg HTTP/1.1" 200 1839 "http://www.beklen.hu/" "Mozilla/4.0 (compatible; MSIE 8.0; Windows NT 5.1; Trident/4.0; .NET CLR 1.1.4322; .NET CLR 2.0.50727; .NET CLR 3.0.4506.2152; .NET CLR 3.5.30729; AskTbORJ/5.15.4.23821)"
89.133.26.187 - - [13/Jan/2013:09:42:28 +0100] "GET /tm02.jpg HTTP/1.1" 200 1873 "http://www.beklen.hu/" "Mozilla/4.0 (compatible; MSIE 8.0; Windows NT 5.1; Trident/4.0; .NET CLR 1.1.4322; .NET CLR 2.0.50727; .NET CLR 3.0.4506.2152; .NET CLR 3.5.30729; AskTbORJ/5.15.4.23821)"
89.133.26.187 - - [13/Jan/2013:09:42:28 +0100] "GET /tm07.jpg HTTP/1.1" 200 1007 "http://www.beklen.hu/" "Mozilla/4.0 (compatible; MSIE 8.0; Windows NT 5.1; Trident/4.0; .NET CLR 1.1.4322; .NET CLR 2.0.50727; .NET CLR 3.0.4506.2152; .NET CLR 3.5.30729; AskTbORJ/5.15.4.23821)"
89.133.26.187 - - [13/Jan/2013:09:42:28 +0100] "GET /tm06_.jpg HTTP/1.1" 200 1382 "http://www.beklen.hu/" "Mozilla/4.0 (compatible; MSIE 8.0; Windows NT 5.1; Trident/4.0; .NET CLR 1.1.4322; .NET CLR 2.0.50727; .NET CLR 3.0.4506.2152; .NET CLR 3.5.30729; AskTbORJ/5.15.4.23821)"
89.133.26.187 - - [13/Jan/2013:09:42:28 +0100] "GET /bottom_main.jpg HTTP/1.1" 200 96820 "http://www.beklen.hu/" "Mozilla/4.0 (compatible; MSIE 8.0; Windows NT 5.1; Trident/4.0; .NET CLR 1.1.4322; .NET CLR 2.0.50727; .NET CLR 3.0.4506.2152; .NET CLR 3.5.30729; AskTbORJ/5.15.4.23821)"
89.133.26.187 - - [13/Jan/2013:09:42:28 +0100] "GET /tm04_.jpg HTTP/1.1" 200 2058 "http://www.beklen.hu/" "Mozilla/4.0 (compatible; MSIE 8.0; Windows NT 5.1; Trident/4.0; .NET CLR 1.1.4322; .NET CLR 2.0.50727; .NET CLR 3.0.4506.2152; .NET CLR 3.5.30729; AskTbORJ/5.15.4.23821)"
89.133.26.187 - - [13/Jan/2013:09:42:28 +0100] "GET /a1_projekt_tabla_infra_cs3_beklenhaz_.jpg HTTP/1.1" 200 8994 "http://www.beklen.hu/" "Mozilla/4.0 (compatible; MSIE 8.0; Windows NT 5.1; Trident/4.0; .NET CLR 1.1.4322; .NET CLR 2.0.50727; .NET CLR 3.0.4506.2152; .NET CLR 3.5.30729; AskTbORJ/5.15.4.23821)"
89.133.26.187 - - [13/Jan/2013:09:42:28 +0100] "GET /jog_honlap_.jpg HTTP/1.1" 200 7186 "http://www.beklen.hu/" "Mozilla/4.0 (compatible; MSIE 8.0; Windows NT 5.1; Trident/4.0; .NET CLR 1.1.4322; .NET CLR 2.0.50727; .NET CLR 3.0.4506.2152; .NET CLR 3.5.30729; AskTbORJ/5.15.4.23821)"
89.133.26.187 - - [13/Jan/2013:09:42:28 +0100] "GET /uszt-tabla_.jpg HTTP/1.1" 200 4543 "http://www.beklen.hu/" "Mozilla/4.0 (compatible; MSIE 8.0; Windows NT 5.1; Trident/4.0; .NET CLR 1.1.4322; .NET CLR 2.0.50727; .NET CLR 3.0.4506.2152; .NET CLR 3.5.30729; AskTbORJ/5.15.4.23821)"
89.133.26.187 - - [13/Jan/2013:09:42:29 +0100] "GET /tm04.jpg HTTP/1.1" 200 2613 "http://www.beklen.hu/" "Mozilla/4.0 (compatible; MSIE 8.0; Windows NT 5.1; Trident/4.0; .NET CLR 1.1.4322; .NET CLR 2.0.50727; .NET CLR 3.0.4506.2152; .NET CLR 3.5.30729; AskTbORJ/5.15.4.23821)"
89.133.26.187 - - [13/Jan/2013:09:42:30 +0100] "GET /nimfea_project_250x250.gif HTTP/1.1" 200 2986583 "http://www.beklen.hu/" "Mozilla/4.0 (compatible; MSIE 8.0; Windows NT 5.1; Trident/4.0; .NET CLR 1.1.4322; .NET CLR 2.0.50727; .NET CLR 3.0.4506.2152; .NET CLR 3.5.30729; AskTbORJ/5.15.4.23821)"
89.133.26.187 - - [13/Jan/2013:09:42:30 +0100] "GET /favicon.ico HTTP/1.1" 404 1181 "-" "Mozilla/4.0 (compatible; MSIE 8.0; Windows NT 5.1; Trident/4.0; .NET CLR 1.1.4322; .NET CLR 2.0.50727; .NET CLR 3.0.4506.2152; .NET CLR 3.5.30729; AskTbORJ/5.15.4.23821)"
89.133.26.187 - - [13/Jan/2013:09:42:30 +0100] "GET /tm06.jpg HTTP/1.1" 200 1651 "http://www.beklen.hu/" "Mozilla/4.0 (compatible; MSIE 8.0; Windows NT 5.1; Trident/4.0; .NET CLR 1.1.4322; .NET CLR 2.0.50727; .NET CLR 3.0.4506.2152; .NET CLR 3.5.30729; AskTbORJ/5.15.4.23821)"
89.133.26.187 - - [13/Jan/2013:09:42:30 +0100] "GET /tm02_.jpg HTTP/1.1" 200 1524 "http://www.beklen.hu/" "Mozilla/4.0 (compatible; MSIE 8.0; Windows NT 5.1; Trident/4.0; .NET CLR 1.1.4322; .NET CLR 2.0.50727; .NET CLR 3.0.4506.2152; .NET CLR 3.5.30729; AskTbORJ/5.15.4.23821)"
89.133.26.187 - - [13/Jan/2013:09:42:30 +0100] "GET /tm03.jpg HTTP/1.1" 200 2212 "http://www.beklen.hu/" "Mozilla/4.0 (compatible; MSIE 8.0; Windows NT 5.1; Trident/4.0; .NET CLR 1.1.4322; .NET CLR 2.0.50727; .NET CLR 3.0.4506.2152; .NET CLR 3.5.30729; AskTbORJ/5.15.4.23821)"
89.133.26.187 - - [13/Jan/2013:09:42:30 +0100] "GET /lb/images/loading.gif HTTP/1.1" 200 2767 "http://www.beklen.hu/" "Mozilla/4.0 (compatible; MSIE 8.0; Windows NT 5.1; Trident/4.0; .NET CLR 1.1.4322; .NET CLR 2.0.50727; .NET CLR 3.0.4506.2152; .NET CLR 3.5.30729; AskTbORJ/5.15.4.23821)"
89.133.26.187 - - [13/Jan/2013:09:42:30 +0100] "GET /tm05.jpg HTTP/1.1" 200 2253 "http://www.beklen.hu/" "Mozilla/4.0 (compatible; MSIE 8.0; Windows NT 5.1; Trident/4.0; .NET CLR 1.1.4322; .NET CLR 2.0.50727; .NET CLR 3.0.4506.2152; .NET CLR 3.5.30729; AskTbORJ/5.15.4.23821)"
89.133.26.187 - - [13/Jan/2013:09:42:30 +0100] "GET /lb/images/closelabel.gif HTTP/1.1" 200 222 "http://www.beklen.hu/" "Mozilla/4.0 (compatible; MSIE 8.0; Windows NT 5.1; Trident/4.0; .NET CLR 1.1.4322; .NET CLR 2.0.50727; .NET CLR 3.0.4506.2152; .NET CLR 3.5.30729; AskTbORJ/5.15.4.23821)"
89.133.26.187 - - [13/Jan/2013:09:42:30 +0100] "GET /lb/images/blank.gif HTTP/1.1" 200 43 "http://www.beklen.hu/" "Mozilla/4.0 (compatible; MSIE 8.0; Windows NT 5.1; Trident/4.0; .NET CLR 1.1.4322; .NET CLR 2.0.50727; .NET CLR 3.0.4506.2152; .NET CLR 3.5.30729; AskTbORJ/5.15.4.23821)"
89.133.26.187 - - [13/Jan/2013:09:42:48 +0100] "GET /magunkrol.htm HTTP/1.1" 200 9202 "http://www.beklen.hu/" "Mozilla/4.0 (compatible; MSIE 8.0; Windows NT 5.1; Trident/4.0; .NET CLR 1.1.4322; .NET CLR 2.0.50727; .NET CLR 3.0.4506.2152; .NET CLR 3.5.30729; AskTbORJ/5.15.4.23821)"
89.133.26.187 - - [13/Jan/2013:09:42:48 +0100] "GET /bottom_.jpg HTTP/1.1" 200 93419 "http://www.beklen.hu/magunkrol.htm" "Mozilla/4.0 (compatible; MSIE 8.0; Windows NT 5.1; Trident/4.0; .NET CLR 1.1.4322; .NET CLR 2.0.50727; .NET CLR 3.0.4506.2152; .NET CLR 3.5.30729; AskTbORJ/5.15.4.23821)"
89.133.26.187 - - [13/Jan/2013:09:42:48 +0100] "GET /favicon.ico HTTP/1.1" 404 1181 "-" "Mozilla/4.0 (compatible; MSIE 8.0; Windows NT 5.1; Trident/4.0; .NET CLR 1.1.4322; .NET CLR 2.0.50727; .NET CLR 3.0.4506.2152; .NET CLR 3.5.30729; AskTbORJ/5.15.4.23821)"
89.133.26.187 - - [13/Jan/2013:09:44:50 +0100] "GET /kapcsolat.htm HTTP/1.1" 200 6889 "http://www.beklen.hu/" "Mozilla/4.0 (compatible; MSIE 8.0; Windows NT 5.1; Trident/4.0; .NET CLR 1.1.4322; .NET CLR 2.0.50727; .NET CLR 3.0.4506.2152; .NET CLR 3.5.30729; AskTbORJ/5.15.4.23821)"
89.133.26.187 - - [13/Jan/2013:09:44:50 +0100] "GET /felsorol.css HTTP/1.1" 200 240 "http://www.beklen.hu/kapcsolat.htm" "Mozilla/4.0 (compatible; MSIE 8.0; Windows NT 5.1; Trident/4.0; .NET CLR 1.1.4322; .NET CLR 2.0.50727; .NET CLR 3.0.4506.2152; .NET CLR 3.5.30729; AskTbORJ/5.15.4.23821)"
89.133.26.187 - - [13/Jan/2013:09:45:50 +0100] "GET /programok.htm HTTP/1.1" 200 6444 "http://www.beklen.hu/kapcsolat.htm" "Mozilla/4.0 (compatible; MSIE 8.0; Windows NT 5.1; Trident/4.0; .NET CLR 1.1.4322; .NET CLR 2.0.50727; .NET CLR 3.0.4506.2152; .NET CLR 3.5.30729; AskTbORJ/5.15.4.23821)"
66.249.76.62 - - [13/Jan/2013:09:59:34 +0100] "GET /kapcsolat.htm HTTP/1.1" 200 6889 "-" "DoCoMo/2.0 N905i(c100;TB;W24H16) (compatible; Googlebot-Mobile/2.1; +http://www.google.com/bot.html)"
157.56.229.88 - - [13/Jan/2013:10:14:52 +0100] "GET /robots.txt HTTP/1.1" 404 1181 "-" "Mozilla/5.0 (compatible; bingbot/2.0; +http://www.bing.com/bingbot.htm)"
157.55.32.154 - - [13/Jan/2013:10:14:52 +0100] "GET /robots.txt HTTP/1.1" 404 1181 "-" "Mozilla/5.0 (compatible; bingbot/2.0; +http://www.bing.com/bingbot.htm)"
130.83.167.153 - - [13/Jan/2013:10:38:57 +0100] "GET /jog/polgariper.htm HTTP/1.1" 200 13964 "-" "findlinks/2.6 (+http://wortschatz.uni-leipzig.de/findlinks/)"
212.51.93.33 - - [13/Jan/2013:11:36:27 +0100] "GET /jog/jogihatter.htm HTTP/1.1" 200 18691 "http://www.google.hu/url?sa=t&rct=j&q=2009.%20%C3%A9vi%20xxxvii.%20t%C3%B6rv%C3%A9ny%20-%20az%20erd%C5%91r%C5%91l%2C%20az%20erd%C5%91%20v%C3%A9delm%C3%A9r%C5%91l%20%C3%A9s%20az%20erd%C5%91gazd%C3%A1lkod%C3%A1sr%C3%B3l.htm&source=web&cd=6&ved=0CEYQFjAF&url=http%3A%2F%2Fwww.beklen.hu%2Fjog%2Fjogihatter.htm&ei=wYzyUOrzH4-HswbukoCYCA&usg=AFQjCNEDfkRpwRVnlkhItHjwmg30OtNygg" "Mozilla/5.0 (Windows NT 6.1; rv:18.0) Gecko/20100101 Firefox/18.0"
212.51.93.33 - - [13/Jan/2013:11:36:27 +0100] "GET /jog/style.css HTTP/1.1" 200 21413 "http://www.beklen.hu/jog/jogihatter.htm" "Mozilla/5.0 (Windows NT 6.1; rv:18.0) Gecko/20100101 Firefox/18.0"
212.51.93.33 - - [13/Jan/2013:11:36:27 +0100] "GET /jog/script.js HTTP/1.1" 200 5674 "http://www.beklen.hu/jog/jogihatter.htm" "Mozilla/5.0 (Windows NT 6.1; rv:18.0) Gecko/20100101 Firefox/18.0"
212.51.93.33 - - [13/Jan/2013:11:36:27 +0100] "GET /jog/favicon.ico HTTP/1.1" 200 1150 "-" "Mozilla/5.0 (Windows NT 6.1; rv:18.0) Gecko/20100101 Firefox/18.0"
212.51.93.33 - - [13/Jan/2013:11:36:27 +0100] "GET /jog/img/file_pdf.png HTTP/1.1" 200 581 "http://www.beklen.hu/jog/jogihatter.htm" "Mozilla/5.0 (Windows NT 6.1; rv:18.0) Gecko/20100101 Firefox/18.0"
212.51.93.33 - - [13/Jan/2013:11:36:27 +0100] "GET /jog/img/file_doc.png HTTP/1.1" 200 598 "http://www.beklen.hu/jog/jogihatter.htm" "Mozilla/5.0 (Windows NT 6.1; rv:18.0) Gecko/20100101 Firefox/18.0"
212.51.93.33 - - [13/Jan/2013:11:36:27 +0100] "GET /jog/img/file_zip.png HTTP/1.1" 200 622 "http://www.beklen.hu/jog/jogihatter.htm" "Mozilla/5.0 (Windows NT 6.1; rv:18.0) Gecko/20100101 Firefox/18.0"
212.51.93.33 - - [13/Jan/2013:11:36:27 +0100] "GET /jog/jquery.js HTTP/1.1" 200 72174 "http://www.beklen.hu/jog/jogihatter.htm" "Mozilla/5.0 (Windows NT 6.1; rv:18.0) Gecko/20100101 Firefox/18.0"
212.51.93.33 - - [13/Jan/2013:11:36:29 +0100] "GET /jog/images/spacer.gif HTTP/1.1" 200 43 "http://www.beklen.hu/jog/style.css" "Mozilla/5.0 (Windows NT 6.1; rv:18.0) Gecko/20100101 Firefox/18.0"
212.51.93.33 - - [13/Jan/2013:11:36:29 +0100] "GET /jog/images/subitem.png HTTP/1.1" 200 81 "http://www.beklen.hu/jog/style.css" "Mozilla/5.0 (Windows NT 6.1; rv:18.0) Gecko/20100101 Firefox/18.0"
212.51.93.33 - - [13/Jan/2013:11:36:29 +0100] "GET /jog/images/menuitem.png HTTP/1.1" 200 20398 "http://www.beklen.hu/jog/style.css" "Mozilla/5.0 (Windows NT 6.1; rv:18.0) Gecko/20100101 Firefox/18.0"
212.51.93.33 - - [13/Jan/2013:11:36:29 +0100] "GET /jog/images/nav.png HTTP/1.1" 200 10482 "http://www.beklen.hu/jog/style.css" "Mozilla/5.0 (Windows NT 6.1; rv:18.0) Gecko/20100101 Firefox/18.0"
212.51.93.33 - - [13/Jan/2013:11:36:29 +0100] "GET /jog/images/post_h.png HTTP/1.1" 200 292 "http://www.beklen.hu/jog/style.css" "Mozilla/5.0 (Windows NT 6.1; rv:18.0) Gecko/20100101 Firefox/18.0"
212.51.93.33 - - [13/Jan/2013:11:36:29 +0100] "GET /jog/images/post_s.png HTTP/1.1" 200 466 "http://www.beklen.hu/jog/style.css" "Mozilla/5.0 (Windows NT 6.1; rv:18.0) Gecko/20100101 Firefox/18.0"
212.51.93.33 - - [13/Jan/2013:11:36:29 +0100] "GET /jog/images/post_c.png HTTP/1.1" 200 204 "http://www.beklen.hu/jog/style.css" "Mozilla/5.0 (Windows NT 6.1; rv:18.0) Gecko/20100101 Firefox/18.0"
212.51.93.33 - - [13/Jan/2013:11:36:29 +0100] "GET /jog/images/post_v.png HTTP/1.1" 200 310 "http://www.beklen.hu/jog/style.css" "Mozilla/5.0 (Windows NT 6.1; rv:18.0) Gecko/20100101 Firefox/18.0"
212.51.93.33 - - [13/Jan/2013:11:36:31 +0100] "GET /jog/images/header.png HTTP/1.1" 200 170837 "http://www.beklen.hu/jog/style.css" "Mozilla/5.0 (Windows NT 6.1; rv:18.0) Gecko/20100101 Firefox/18.0"
212.51.93.33 - - [13/Jan/2013:11:36:34 +0100] "GET /jog/images/Bottom_texture.jpg HTTP/1.1" 200 193775 "http://www.beklen.hu/jog/style.css" "Mozilla/5.0 (Windows NT 6.1; rv:18.0) Gecko/20100101 Firefox/18.0"
46.251.31.25 - - [13/Jan/2013:11:46:11 +0100] "GET /jog/eseteink/derekegyhaza/mszh_ugyfel.pdf HTTP/1.1" 200 28814 "https://www.google.hu/" "Mozilla/5.0 (Windows NT 6.1; WOW64) AppleWebKit/537.17 (KHTML, like Gecko) Chrome/24.0.1312.52 Safari/537.17"
46.251.31.25 - - [13/Jan/2013:11:46:12 +0100] "GET /jog/eseteink/derekegyhaza/mszh_ugyfel.pdf HTTP/1.1" 206 32768 "http://www.beklen.hu/jog/eseteink/derekegyhaza/mszh_ugyfel.pdf" "Mozilla/5.0 (Windows NT 6.1; WOW64) AppleWebKit/537.17 (KHTML, like Gecko) Chrome/24.0.1312.52 Safari/537.17"
46.251.31.25 - - [13/Jan/2013:11:46:12 +0100] "GET /favicon.ico HTTP/1.1" 404 1181 "-" "Mozilla/5.0 (Windows NT 6.1; WOW64) AppleWebKit/537.17 (KHTML, like Gecko) Chrome/24.0.1312.52 Safari/537.17"
46.251.31.25 - - [13/Jan/2013:11:46:13 +0100] "GET /jog/eseteink/derekegyhaza/mszh_ugyfel.pdf HTTP/1.1" 206 299107 "http://www.beklen.hu/jog/eseteink/derekegyhaza/mszh_ugyfel.pdf" "Mozilla/5.0 (Windows NT 6.1; WOW64) AppleWebKit/537.17 (KHTML, like Gecko) Chrome/24.0.1312.52 Safari/537.17"
46.251.31.25 - - [13/Jan/2013:11:46:13 +0100] "GET /jog/eseteink/derekegyhaza/mszh_ugyfel.pdf HTTP/1.1" 206 32768 "http://www.beklen.hu/jog/eseteink/derekegyhaza/mszh_ugyfel.pdf" "Mozilla/5.0 (Windows NT 6.1; WOW64) AppleWebKit/537.17 (KHTML, like Gecko) Chrome/24.0.1312.52 Safari/537.17"
46.251.31.25 - - [13/Jan/2013:11:46:13 +0100] "GET /jog/eseteink/derekegyhaza/mszh_ugyfel.pdf HTTP/1.1" 206 32768 "http://www.beklen.hu/jog/eseteink/derekegyhaza/mszh_ugyfel.pdf" "Mozilla/5.0 (Windows NT 6.1; WOW64) AppleWebKit/537.17 (KHTML, like Gecko) Chrome/24.0.1312.52 Safari/537.17"
46.251.31.25 - - [13/Jan/2013:11:46:13 +0100] "GET /jog/eseteink/derekegyhaza/mszh_ugyfel.pdf HTTP/1.1" 206 32768 "http://www.beklen.hu/jog/eseteink/derekegyhaza/mszh_ugyfel.pdf" "Mozilla/5.0 (Windows NT 6.1; WOW64) AppleWebKit/537.17 (KHTML, like Gecko) Chrome/24.0.1312.52 Safari/537.17"
46.251.31.25 - - [13/Jan/2013:11:46:13 +0100] "GET /jog/eseteink/derekegyhaza/mszh_ugyfel.pdf HTTP/1.1" 206 32768 "http://www.beklen.hu/jog/eseteink/derekegyhaza/mszh_ugyfel.pdf" "Mozilla/5.0 (Windows NT 6.1; WOW64) AppleWebKit/537.17 (KHTML, like Gecko) Chrome/24.0.1312.52 Safari/537.17"
46.251.31.25 - - [13/Jan/2013:11:46:13 +0100] "GET /jog/eseteink/derekegyhaza/mszh_ugyfel.pdf HTTP/1.1" 206 32768 "http://www.beklen.hu/jog/eseteink/derekegyhaza/mszh_ugyfel.pdf" "Mozilla/5.0 (Windows NT 6.1; WOW64) AppleWebKit/537.17 (KHTML, like Gecko) Chrome/24.0.1312.52 Safari/537.17"
46.251.31.25 - - [13/Jan/2013:11:46:14 +0100] "GET /jog/eseteink/derekegyhaza/mszh_ugyfel.pdf HTTP/1.1" 206 32768 "http://www.beklen.hu/jog/eseteink/derekegyhaza/mszh_ugyfel.pdf" "Mozilla/5.0 (Windows NT 6.1; WOW64) AppleWebKit/537.17 (KHTML, like Gecko) Chrome/24.0.1312.52 Safari/537.17"
46.251.31.25 - - [13/Jan/2013:11:46:14 +0100] "GET /jog/eseteink/derekegyhaza/mszh_ugyfel.pdf HTTP/1.1" 206 32768 "http://www.beklen.hu/jog/eseteink/derekegyhaza/mszh_ugyfel.pdf" "Mozilla/5.0 (Windows NT 6.1; WOW64) AppleWebKit/537.17 (KHTML, like Gecko) Chrome/24.0.1312.52 Safari/537.17"
46.251.31.25 - - [13/Jan/2013:11:46:14 +0100] "GET /jog/eseteink/derekegyhaza/mszh_ugyfel.pdf HTTP/1.1" 206 32768 "http://www.beklen.hu/jog/eseteink/derekegyhaza/mszh_ugyfel.pdf" "Mozilla/5.0 (Windows NT 6.1; WOW64) AppleWebKit/537.17 (KHTML, like Gecko) Chrome/24.0.1312.52 Safari/537.17"
46.251.31.25 - - [13/Jan/2013:11:46:14 +0100] "GET /jog/eseteink/derekegyhaza/mszh_ugyfel.pdf HTTP/1.1" 206 32768 "http://www.beklen.hu/jog/eseteink/derekegyhaza/mszh_ugyfel.pdf" "Mozilla/5.0 (Windows NT 6.1; WOW64) AppleWebKit/537.17 (KHTML, like Gecko) Chrome/24.0.1312.52 Safari/537.17"
46.251.31.25 - - [13/Jan/2013:11:46:14 +0100] "GET /jog/eseteink/derekegyhaza/mszh_ugyfel.pdf HTTP/1.1" 206 65536 "http://www.beklen.hu/jog/eseteink/derekegyhaza/mszh_ugyfel.pdf" "Mozilla/5.0 (Windows NT 6.1; WOW64) AppleWebKit/537.17 (KHTML, like Gecko) Chrome/24.0.1312.52 Safari/537.17"
46.251.31.25 - - [13/Jan/2013:11:46:15 +0100] "GET /jog/eseteink/derekegyhaza/mszh_ugyfel.pdf HTTP/1.1" 206 96948 "http://www.beklen.hu/jog/eseteink/derekegyhaza/mszh_ugyfel.pdf" "Mozilla/5.0 (Windows NT 6.1; WOW64) AppleWebKit/537.17 (KHTML, like Gecko) Chrome/24.0.1312.52 Safari/537.17"
46.251.31.25 - - [13/Jan/2013:11:46:15 +0100] "GET /favicon.ico HTTP/1.1" 404 1181 "-" "Mozilla/5.0 (Windows NT 6.1; WOW64) AppleWebKit/537.17 (KHTML, like Gecko) Chrome/24.0.1312.52 Safari/537.17"
46.251.31.25 - - [13/Jan/2013:11:46:47 +0100] "GET /jog/eseteink/kavicszatony/mura%20fellebb%20nimfea.pdf HTTP/1.1" 200 53634 "https://www.google.hu/" "Mozilla/5.0 (Windows NT 6.1; WOW64) AppleWebKit/537.17 (KHTML, like Gecko) Chrome/24.0.1312.52 Safari/537.17"
46.251.31.25 - - [13/Jan/2013:11:46:47 +0100] "GET /favicon.ico HTTP/1.1" 404 1181 "-" "Mozilla/5.0 (Windows NT 6.1; WOW64) AppleWebKit/537.17 (KHTML, like Gecko) Chrome/24.0.1312.52 Safari/537.17"
46.251.31.25 - - [13/Jan/2013:11:46:47 +0100] "GET /jog/eseteink/kavicszatony/mura%20fellebb%20nimfea.pdf HTTP/1.1" 206 32768 "http://www.beklen.hu/jog/eseteink/kavicszatony/mura%20fellebb%20nimfea.pdf" "Mozilla/5.0 (Windows NT 6.1; WOW64) AppleWebKit/537.17 (KHTML, like Gecko) Chrome/24.0.1312.52 Safari/537.17"
46.251.31.25 - - [13/Jan/2013:11:46:48 +0100] "GET /jog/eseteink/kavicszatony/mura%20fellebb%20nimfea.pdf HTTP/1.1" 206 176877 "http://www.beklen.hu/jog/eseteink/kavicszatony/mura%20fellebb%20nimfea.pdf" "Mozilla/5.0 (Windows NT 6.1; WOW64) AppleWebKit/537.17 (KHTML, like Gecko) Chrome/24.0.1312.52 Safari/537.17"
46.251.31.25 - - [13/Jan/2013:11:46:48 +0100] "GET /jog/eseteink/kavicszatony/mura%20fellebb%20nimfea.pdf HTTP/1.1" 206 47448 "http://www.beklen.hu/jog/eseteink/kavicszatony/mura%20fellebb%20nimfea.pdf" "Mozilla/5.0 (Windows NT 6.1; WOW64) AppleWebKit/537.17 (KHTML, like Gecko) Chrome/24.0.1312.52 Safari/537.17"
46.251.31.25 - - [13/Jan/2013:11:46:48 +0100] "GET /favicon.ico HTTP/1.1" 404 1181 "-" "Mozilla/5.0 (Windows NT 6.1; WOW64) AppleWebKit/537.17 (KHTML, like Gecko) Chrome/24.0.1312.52 Safari/537.17"
37.140.141.19 - - [13/Jan/2013:11:49:07 +0100] "GET /hirek/nca_logo.jpg HTTP/1.1" 200 4244 "-" "Mozilla/5.0 (compatible; YandexImages/3.0; +http://yandex.com/bots)"
66.249.76.62 - - [13/Jan/2013:12:08:43 +0100] "GET /jog/eseteink/audi/index.htm HTTP/1.1" 304 - "-" "Mozilla/5.0 (compatible; Googlebot/2.1; +http://www.google.com/bot.html)"
66.249.76.62 - - [13/Jan/2013:12:41:03 +0100] "GET /hirek/hirek090428.htm HTTP/1.1" 304 - "-" "Mozilla/5.0 (compatible; Googlebot/2.1; +http://www.google.com/bot.html)"
157.56.229.186 - - [13/Jan/2013:13:32:45 +0100] "GET /robots.txt HTTP/1.1" 404 1181 "-" "Mozilla/5.0 (compatible; bingbot/2.0; +http://www.bing.com/bingbot.htm)"
157.56.229.186 - - [13/Jan/2013:13:34:13 +0100] "GET /jog/jogihatter.htm HTTP/1.1" 304 - "-" "Mozilla/5.0 (compatible; bingbot/2.0; +http://www.bing.com/bingbot.htm)"
66.249.76.62 - - [13/Jan/2013:14:01:17 +0100] "GET /hirek/hirek101025.htm HTTP/1.1" 304 - "-" "Mozilla/5.0 (iPhone; U; CPU iPhone OS 4_1 like Mac OS X; en-us) AppleWebKit/532.9 (KHTML, like Gecko) Version/4.0.5 Mobile/8B117 Safari/6531.22.7 (compatible; Googlebot-Mobile/2.1; +http://www.google.com/bot.html)"
157.55.32.86 - - [13/Jan/2013:14:08:14 +0100] "GET /robots.txt HTTP/1.1" 404 1181 "-" "Mozilla/5.0 (compatible; bingbot/2.0; +http://www.bing.com/bingbot.htm)"
157.55.32.86 - - [13/Jan/2013:14:10:21 +0100] "GET /index.htm HTTP/1.1" 200 23965 "-" "Mozilla/5.0 (compatible; bingbot/2.0; +http://www.bing.com/bingbot.htm)"
77.20.156.77 - - [13/Jan/2013:15:21:26 +0100] "GET /jog/eseteink.htm HTTP/1.1" 200 17277 "-" "findlinks/2.0.2 (+http://wortschatz.uni-leipzig.de/findlinks/)"
180.76.5.60 - - [13/Jan/2013:15:36:55 +0100] "GET /fiok/program_reszek/madarmegfigyeles.htm HTTP/1.1" 200 21825 "-" "Mozilla/5.0 (compatible; Baiduspider/2.0; +http://www.baidu.com/search/spider.html)"
173.199.119.35 - - [13/Jan/2013:16:19:30 +0100] "GET /jog/jogszabalyok/2003_evi_xxxii_torveny.doc HTTP/1.1" 200 35865 "-" "Mozilla/5.0 (compatible; AhrefsBot/4.0; +http://ahrefs.com/robot/)"
173.199.119.35 - - [13/Jan/2013:16:25:28 +0100] "GET /fiok/fiok.html HTTP/1.1" 200 19866 "-" "Mozilla/5.0 (compatible; AhrefsBot/4.0; +http://ahrefs.com/robot/)"
66.249.76.62 - - [13/Jan/2013:16:26:47 +0100] "GET /jog/eseteink/malom/fotok/img_3078_.jpg HTTP/1.1" 304 - "-" "Googlebot-Image/1.0"
130.83.167.153 - - [13/Jan/2013:16:27:18 +0100] "GET /jog/jogsegely.htm HTTP/1.1" 200 14053 "-" "findlinks/2.6 (+http://wortschatz.uni-leipzig.de/findlinks/)"
173.199.119.35 - - [13/Jan/2013:16:29:12 +0100] "GET /fiok/program_reszek/konferancia.htm HTTP/1.1" 200 21668 "-" "Mozilla/5.0 (compatible; AhrefsBot/4.0; +http://ahrefs.com/robot/)"
173.199.119.35 - - [13/Jan/2013:16:36:50 +0100] "GET /jog/eseteink/kavicszatony/bfnpi%20fellebbezese%20mura%20kotras%20vj%20eng.pdf HTTP/1.1" 200 102380 "-" "Mozilla/5.0 (compatible; AhrefsBot/4.0; +http://ahrefs.com/robot/)"
173.199.119.35 - - [13/Jan/2013:16:44:16 +0100] "GET /nca.htm HTTP/1.1" 200 7467 "-" "Mozilla/5.0 (compatible; AhrefsBot/4.0; +http://ahrefs.com/robot/)"
173.199.119.35 - - [13/Jan/2013:16:52:18 +0100] "GET /khb/beklen_2007_kh_jelentes.pdf HTTP/1.1" 200 19940 "-" "Mozilla/5.0 (compatible; AhrefsBot/4.0; +http://ahrefs.com/robot/)"
173.199.119.35 - - [13/Jan/2013:17:04:01 +0100] "GET /jog/eseteink/korosladany/tajekoztatas_keres_atikotevife.pdf HTTP/1.1" 200 118868 "-" "Mozilla/5.0 (compatible; AhrefsBot/4.0; +http://ahrefs.com/robot/)"
173.199.119.35 - - [13/Jan/2013:17:07:21 +0100] "GET /fiok/program_reszek/& HTTP/1.1" 404 1181 "-" "Mozilla/5.0 (compatible; AhrefsBot/4.0; +http://ahrefs.com/robot/)"
173.199.119.35 - - [13/Jan/2013:17:07:33 +0100] "GET /jog/eseteink/korosladany/k%C3%B6tvife_kekto_adatkeres.pdf HTTP/1.1" 404 1181 "-" "Mozilla/5.0 (compatible; AhrefsBot/4.0; +http://ahrefs.com/robot/)"
173.199.119.35 - - [13/Jan/2013:17:18:45 +0100] "GET /jog/eseteink/derekegyhaza/csongrad_biro_beavatkozas_hianya.doc.pdf HTTP/1.1" 200 98132 "-" "Mozilla/5.0 (compatible; AhrefsBot/4.0; +http://ahrefs.com/robot/)"
173.199.119.35 - - [13/Jan/2013:17:20:18 +0100] "GET /jog/eseteink/duzzaszto/kereset_lev%C3%A9l_gyulavari.pdf HTTP/1.1" 404 1181 "-" "Mozilla/5.0 (compatible; AhrefsBot/4.0; +http://ahrefs.com/robot/)"
173.199.119.35 - - [13/Jan/2013:17:21:54 +0100] "GET /jog/eseteink/derekegyhaza/index.htm HTTP/1.1" 200 34210 "-" "Mozilla/5.0 (compatible; AhrefsBot/4.0; +http://ahrefs.com/robot/)"
173.199.119.35 - - [13/Jan/2013:17:23:57 +0100] "GET /jog/eseteink/korosladany/beavatkozas_tajekoztat_mszh.pdf HTTP/1.1" 200 96684 "-" "Mozilla/5.0 (compatible; AhrefsBot/4.0; +http://ahrefs.com/robot/)"
173.199.119.35 - - [13/Jan/2013:17:35:53 +0100] "GET /jog/eseteink/derekegyhaza/mszh-nak_tajekoztatas_ovasrol.pdf HTTP/1.1" 200 102084 "-" "Mozilla/5.0 (compatible; AhrefsBot/4.0; +http://ahrefs.com/robot/)"
173.199.119.35 - - [13/Jan/2013:17:39:51 +0100] "GET /jog/eseteink/derekegyhaza/t%C3%A1j%C3%A9koztat%C3%B3_az_fvmhivatal-nak.pdf HTTP/1.1" 404 1181 "-" "Mozilla/5.0 (compatible; AhrefsBot/4.0; +http://ahrefs.com/robot/)"
66.249.76.62 - - [13/Jan/2013:17:54:42 +0100] "GET /hirek/090510/szuletesunnepe051.jpg HTTP/1.1" 304 - "-" "Googlebot-Image/1.0"
173.199.119.35 - - [13/Jan/2013:17:57:46 +0100] "GET /jog/eseteink/audi/audi_gyor_restoration_measures11-15.pdf HTTP/1.1" 200 101786 "-" "Mozilla/5.0 (compatible; AhrefsBot/4.0; +http://ahrefs.com/robot/)"
66.249.76.62 - - [13/Jan/2013:18:01:16 +0100] "GET /jog/eseteink/malom/fotok/p6080002.jpg HTTP/1.1" 304 - "-" "Googlebot-Image/1.0"
173.199.119.35 - - [13/Jan/2013:18:04:36 +0100] "GET /jog/jogszabalyok/conventions_hu.pdf HTTP/1.1" 200 57586 "-" "Mozilla/5.0 (compatible; AhrefsBot/4.0; +http://ahrefs.com/robot/)"
173.199.119.35 - - [13/Jan/2013:18:07:41 +0100] "GET /khb/beklen_2006_kh_jelentes.pdf HTTP/1.1" 200 57588 "-" "Mozilla/5.0 (compatible; AhrefsBot/4.0; +http://ahrefs.com/robot/)"
173.199.119.35 - - [13/Jan/2013:18:13:57 +0100] "GET /jog/eseteink/derekegyhaza/kereset_level_derekegyhaza_mszh_vegleges.pdf HTTP/1.1" 200 96684 "-" "Mozilla/5.0 (compatible; AhrefsBot/4.0; +http://ahrefs.com/robot/)"
173.199.119.35 - - [13/Jan/2013:18:18:20 +0100] "GET /jog/eseteink/audi/2011_3951.pdf HTTP/1.1" 200 35868 "-" "Mozilla/5.0 (compatible; AhrefsBot/4.0; +http://ahrefs.com/robot/)"
173.199.119.35 - - [13/Jan/2013:18:19:00 +0100] "GET /hirek09_03.htm HTTP/1.1" 200 10726 "-" "Mozilla/5.0 (compatible; AhrefsBot/4.0; +http://ahrefs.com/robot/)"
173.199.119.35 - - [13/Jan/2013:18:31:50 +0100] "GET /jog/eseteink/derekegyhaza/aesznek_derekegyhaza_kerites_3.pdf HTTP/1.1" 200 118868 "-" "Mozilla/5.0 (compatible; AhrefsBot/4.0; +http://ahrefs.com/robot/)"
173.199.119.35 - - [13/Jan/2013:18:34:43 +0100] "GET /jog/eseteink/korosladany/%C3%BCgy%C3%A9szs%C3%A9g_1_derekegyhaza.pdf HTTP/1.1" 404 1181 "-" "Mozilla/5.0 (compatible; AhrefsBot/4.0; +http://ahrefs.com/robot/)"
173.199.119.35 - - [13/Jan/2013:18:52:16 +0100] "GET /khb/beklen_2008_kh_jelentes.pdf HTTP/1.1" 200 98132 "-" "Mozilla/5.0 (compatible; AhrefsBot/4.0; +http://ahrefs.com/robot/)"
173.199.119.35 - - [13/Jan/2013:19:18:00 +0100] "GET /jog/eseteink/korosladany/oktvf-nek2.pdf HTTP/1.1" 200 101788 "-" "Mozilla/5.0 (compatible; AhrefsBot/4.0; +http://ahrefs.com/robot/)"
66.249.76.62 - - [13/Jan/2013:19:41:21 +0100] "GET /robots.txt HTTP/1.1" 404 1181 "-" "Mozilla/5.0 (compatible; Googlebot/2.1; +http://www.google.com/bot.html)"
66.249.76.62 - - [13/Jan/2013:19:41:22 +0100] "GET / HTTP/1.1" 200 23965 "-" "SAMSUNG-SGH-E250/1.0 Profile/MIDP-2.0 Configuration/CLDC-1.1 UP.Browser/6.2.3.3.c.1.101 (GUI) MMP/2.0 (compatible; Googlebot-Mobile/2.1; +http://www.google.com/bot.html)"
173.199.119.35 - - [13/Jan/2013:19:43:30 +0100] "GET /jog/zoldombudsman.htm HTTP/1.1" 200 13369 "-" "Mozilla/5.0 (compatible; AhrefsBot/4.0; +http://ahrefs.com/robot/)"
173.199.119.35 - - [13/Jan/2013:19:52:55 +0100] "GET /jog/eseteink/korosladany/korosladany_ugyeszseg.pdf HTTP/1.1" 200 102084 "-" "Mozilla/5.0 (compatible; AhrefsBot/4.0; +http://ahrefs.com/robot/)"
173.199.119.35 - - [13/Jan/2013:19:53:30 +0100] "GET /jog/eseteink/derekegyhaza/foldhivatalnak_1.pdf HTTP/1.1" 200 101788 "-" "Mozilla/5.0 (compatible; AhrefsBot/4.0; +http://ahrefs.com/robot/)"
173.199.119.35 - - [13/Jan/2013:19:57:21 +0100] "GET /hirek/hirek08_11.htm HTTP/1.1" 200 7337 "-" "Mozilla/5.0 (compatible; AhrefsBot/4.0; +http://ahrefs.com/robot/)"
173.199.119.35 - - [13/Jan/2013:19:58:01 +0100] "GET /jog/eseteink/dakar/dakar_0804_kdvktvf_engedely.pdf HTTP/1.1" 200 96682 "-" "Mozilla/5.0 (compatible; AhrefsBot/4.0; +http://ahrefs.com/robot/)"
173.199.119.35 - - [13/Jan/2013:20:01:38 +0100] "GET /jog/eseteink/korosladany/mszhnak_miert_nincs_ismetelt_eljaras.pdf HTTP/1.1" 200 96684 "-" "Mozilla/5.0 (compatible; AhrefsBot/4.0; +http://ahrefs.com/robot/)"
173.199.119.35 - - [13/Jan/2013:20:12:43 +0100] "GET /jog/jogszabalyok/2008_evi_liii_torveny_hatalyos_cites_fuggelekek.doc HTTP/1.1" 200 98127 "-" "Mozilla/5.0 (compatible; AhrefsBot/4.0; +http://ahrefs.com/robot/)"
173.199.119.35 - - [13/Jan/2013:20:23:45 +0100] "GET /fiok/ HTTP/1.1" 200 20554 "-" "Mozilla/5.0 (compatible; AhrefsBot/4.0; +http://ahrefs.com/robot/)"
173.199.119.35 - - [13/Jan/2013:20:24:56 +0100] "GET /jog/eseteink/derekegyhaza/nemzeti_parkoknak_t%C3%A1j%C3%A9koztatas_keres.pdf HTTP/1.1" 404 1181 "-" "Mozilla/5.0 (compatible; AhrefsBot/4.0; +http://ahrefs.com/robot/)"
173.199.119.35 - - [13/Jan/2013:20:25:54 +0100] "GET /jog/eseteink/korosladany/kotevife_miert_nincs_eltiltas2.pdf HTTP/1.1" 200 96684 "-" "Mozilla/5.0 (compatible; AhrefsBot/4.0; +http://ahrefs.com/robot/)"
180.76.5.193 - - [13/Jan/2013:20:28:15 +0100] "GET /fiok/program_reszek/lovaglas.htm HTTP/1.1" 200 21486 "-" "Mozilla/5.0 (compatible; Baiduspider/2.0; +http://www.baidu.com/search/spider.html)"
66.249.76.62 - - [13/Jan/2013:20:29:13 +0100] "GET /jog/jogszabalyok/egyezm_bonn.pdf HTTP/1.1" 200 77213 "-" "Mozilla/5.0 (iPhone; U; CPU iPhone OS 4_1 like Mac OS X; en-us) AppleWebKit/532.9 (KHTML, like Gecko) Version/4.0.5 Mobile/8B117 Safari/6531.22.7 (compatible; Googlebot-Mobile/2.1; +http://www.google.com/bot.html)"
173.199.119.35 - - [13/Jan/2013:20:37:23 +0100] "GET /jog/eseteink/derekegyhaza/masodfoknak.pdf HTTP/1.1" 200 118868 "-" "Mozilla/5.0 (compatible; AhrefsBot/4.0; +http://ahrefs.com/robot/)"
173.199.119.35 - - [13/Jan/2013:20:45:58 +0100] "GET /jog/eseteink/derekegyhaza/mszh_kozpontnak_tajekoztataskeres.pdf HTTP/1.1" 200 118868 "-" "Mozilla/5.0 (compatible; AhrefsBot/4.0; +http://ahrefs.com/robot/)"
173.199.119.35 - - [13/Jan/2013:20:46:03 +0100] "GET /jog/eseteink/korosladany/felugyelosegnek_3.pdf HTTP/1.1" 200 57588 "-" "Mozilla/5.0 (compatible; AhrefsBot/4.0; +http://ahrefs.com/robot/)"
173.199.119.35 - - [13/Jan/2013:20:46:10 +0100] "GET /khb.htm HTTP/1.1" 200 8719 "-" "Mozilla/5.0 (compatible; AhrefsBot/4.0; +http://ahrefs.com/robot/)"
173.199.119.35 - - [13/Jan/2013:20:50:30 +0100] "GET /jog/jogszabalyok/1952._evi_iii._torveny_a_polgari_perrendtartasrol.pdf HTTP/1.1" 404 1181 "-" "Mozilla/5.0 (compatible; AhrefsBot/4.0; +http://ahrefs.com/robot/)"
173.199.119.35 - - [13/Jan/2013:21:00:59 +0100] "GET /hirek09_01.htm HTTP/1.1" 200 6841 "-" "Mozilla/5.0 (compatible; AhrefsBot/4.0; +http://ahrefs.com/robot/)"
208.115.111.68 - - [13/Jan/2013:21:07:33 +0100] "GET /robots.txt HTTP/1.1" 404 1181 "-" "Mozilla/5.0 (compatible; Ezooms/1.0; ezooms.bot@gmail.com)"
173.199.119.35 - - [13/Jan/2013:21:08:13 +0100] "GET /nca07.htm HTTP/1.1" 200 21968 "-" "Mozilla/5.0 (compatible; AhrefsBot/4.0; +http://ahrefs.com/robot/)"
173.199.119.35 - - [13/Jan/2013:21:09:17 +0100] "GET /hirek/hirek090301.htm HTTP/1.1" 200 7022 "-" "Mozilla/5.0 (compatible; AhrefsBot/4.0; +http://ahrefs.com/robot/)"
37.140.141.19 - - [13/Jan/2013:22:05:08 +0100] "GET /images/eea_logo_.jpg HTTP/1.1" 200 32098 "-" "Mozilla/5.0 (compatible; YandexImages/3.0; +http://yandex.com/bots)"
65.55.213.36 - - [13/Jan/2013:22:20:06 +0100] "GET /jog/eseteink/dakar/dakar_ugyeszseg_lp.pdf HTTP/1.1" 200 150814 "-" "Mozilla/4.0 (compatible; MSIE 7.0; Windows NT 5.1; SV1)"
66.249.76.62 - - [13/Jan/2013:22:55:54 +0100] "GET /jog/jogszabalyok/kek_6925_2004_cxl.pdf HTTP/1.1" 304 - "-" "Mozilla/5.0 (compatible; Googlebot/2.1; +http://www.google.com/bot.html)"
66.249.76.62 - - [13/Jan/2013:23:17:30 +0100] "GET /jog/eseteink/malom/bontasi_fellebbezes.pdf HTTP/1.1" 200 339293 "-" "Mozilla/5.0 (compatible; Googlebot/2.1; +http://www.google.com/bot.html)"
208.115.111.68 - - [13/Jan/2013:23:53:08 +0100] "GET /hirek/hirek101027.htm HTTP/1.1" 200 9627 "-" "Mozilla/5.0 (compatible; Ezooms/1.0; ezooms.bot@gmail.com)"
208.115.111.68 - - [13/Jan/2013:23:53:09 +0100] "GET /jog/rendorsegifeljelentes.htm HTTP/1.1" 200 13536 "-" "Mozilla/5.0 (compatible; Ezooms/1.0; ezooms.bot@gmail.com)"
