95.220.144.68 - - [20/Jan/2013:03:44:05 +0100] "GET /lb/js/effects.js HTTP/1.0" 200 31969 "http://beklen.hu/" "Mozilla/4.0 (compatible; MSIE 7.0; Windows NT 5.1; .NET CLR 1.1.4322; .NET CLR 2.0.50727; .NET CLR 3.0.4506.2152; .NET CLR 3.5.30729)"
95.220.144.68 - - [20/Jan/2013:03:44:06 +0100] "GET /lb/js/lightbox.js HTTP/1.0" 200 23424 "http://beklen.hu/" "Mozilla/4.0 (compatible; MSIE 7.0; Windows NT 5.1; .NET CLR 1.1.4322; .NET CLR 2.0.50727; .NET CLR 3.0.4506.2152; .NET CLR 3.5.30729)"
95.220.144.68 - - [20/Jan/2013:03:44:06 +0100] "GET /lb/css/lightbox.css HTTP/1.0" 200 1715 "http://beklen.hu/" "Mozilla/4.0 (compatible; MSIE 7.0; Windows NT 5.1; .NET CLR 1.1.4322; .NET CLR 2.0.50727; .NET CLR 3.0.4506.2152; .NET CLR 3.5.30729)"
37.140.141.19 - - [20/Jan/2013:04:08:47 +0100] "GET /tm05.jpg HTTP/1.1" 304 - "-" "Mozilla/5.0 (compatible; YandexImages/3.0; +http://yandex.com/bots)"
178.154.210.252 - - [20/Jan/2013:04:25:57 +0100] "GET /tm03_.jpg HTTP/1.1" 200 1787 "-" "Mozilla/5.0 (compatible; YandexImages/3.0; +http://yandex.com/bots)"
77.20.155.143 - - [20/Jan/2013:05:19:50 +0100] "GET /ncta_a.htm HTTP/1.1" 200 7260 "-" "findlinks/2.0.2 (+http://wortschatz.uni-leipzig.de/findlinks/)"
208.115.113.84 - - [20/Jan/2013:05:23:38 +0100] "GET /jog/eljarasokrol.htm HTTP/1.1" 200 14427 "-" "Mozilla/5.0 (compatible; Ezooms/1.0; ezooms.bot@gmail.com)"
208.115.113.84 - - [20/Jan/2013:07:10:07 +0100] "GET /robots.txt HTTP/1.1" 404 1181 "-" "Mozilla/5.0 (compatible; Ezooms/1.0; ezooms.bot@gmail.com)"
157.56.229.184 - - [20/Jan/2013:07:30:11 +0100] "GET /robots.txt HTTP/1.1" 404 1181 "-" "Mozilla/5.0 (compatible; bingbot/2.0; +http://www.bing.com/bingbot.htm)"
157.56.229.184 - - [20/Jan/2013:07:32:10 +0100] "GET / HTTP/1.1" 304 - "-" "Mozilla/5.0 (compatible; bingbot/2.0; +http://www.bing.com/bingbot.htm)"
130.83.167.153 - - [20/Jan/2013:07:41:48 +0100] "GET /jog/index.htm HTTP/1.1" 200 13138 "-" "findlinks/2.6 (+http://wortschatz.uni-leipzig.de/findlinks/)"
66.249.76.62 - - [20/Jan/2013:08:51:26 +0100] "GET /robots.txt HTTP/1.1" 404 1181 "-" "Mozilla/5.0 (compatible; Googlebot/2.1; +http://www.google.com/bot.html)"
66.249.76.62 - - [20/Jan/2013:08:51:26 +0100] "GET /fiok/gazdasag.htm HTTP/1.1" 200 22480 "-" "DoCoMo/2.0 N905i(c100;TB;W24H16) (compatible; Googlebot-Mobile/2.1; +http://www.google.com/bot.html)"
157.55.33.29 - - [20/Jan/2013:09:08:06 +0100] "GET /robots.txt HTTP/1.1" 404 1181 "-" "Mozilla/5.0 (compatible; bingbot/2.0; +http://www.bing.com/bingbot.htm)"
157.56.229.184 - - [20/Jan/2013:09:10:06 +0100] "GET / HTTP/1.1" 200 23965 "-" "Mozilla/5.0 (compatible; bingbot/2.0; +http://www.bing.com/bingbot.htm)"
157.55.33.29 - - [20/Jan/2013:09:10:37 +0100] "GET /index.htm HTTP/1.1" 200 23965 "-" "Mozilla/5.0 (compatible; bingbot/2.0; +http://www.bing.com/bingbot.htm)"
157.55.33.29 - - [20/Jan/2013:09:10:40 +0100] "GET /hirek08_12.htm HTTP/1.1" 200 8268 "-" "Mozilla/5.0 (compatible; bingbot/2.0; +http://www.bing.com/bingbot.htm)"
157.55.33.31 - - [20/Jan/2013:09:12:48 +0100] "GET /programok.htm HTTP/1.1" 200 6444 "-" "Mozilla/5.0 (compatible; bingbot/2.0; +http://www.bing.com/bingbot.htm)"
157.55.33.31 - - [20/Jan/2013:09:12:55 +0100] "GET /hirarchivum.htm HTTP/1.1" 200 24981 "-" "Mozilla/5.0 (compatible; bingbot/2.0; +http://www.bing.com/bingbot.htm)"
157.55.33.31 - - [20/Jan/2013:09:13:00 +0100] "GET /khb.htm HTTP/1.1" 200 8719 "-" "Mozilla/5.0 (compatible; bingbot/2.0; +http://www.bing.com/bingbot.htm)"
157.55.33.31 - - [20/Jan/2013:09:13:07 +0100] "GET /deutsch/index.htm HTTP/1.1" 200 5324 "-" "Mozilla/5.0 (compatible; bingbot/2.0; +http://www.bing.com/bingbot.htm)"
157.55.33.20 - - [20/Jan/2013:09:13:11 +0100] "GET /hirek09_03.htm HTTP/1.1" 200 10726 "-" "Mozilla/5.0 (compatible; bingbot/2.0; +http://www.bing.com/bingbot.htm)"
157.55.33.20 - - [20/Jan/2013:09:13:18 +0100] "GET /english/index.htm HTTP/1.1" 200 5262 "-" "Mozilla/5.0 (compatible; bingbot/2.0; +http://www.bing.com/bingbot.htm)"
66.249.76.62 - - [20/Jan/2013:09:13:58 +0100] "GET /jog/eseteink/malom/fotok/img_3058.jpg HTTP/1.1" 304 - "-" "Googlebot-Image/1.0"
208.115.113.84 - - [20/Jan/2013:09:27:50 +0100] "GET /hirek/hirek091103.htm HTTP/1.1" 200 7301 "-" "Mozilla/5.0 (compatible; Ezooms/1.0; ezooms.bot@gmail.com)"
208.115.113.84 - - [20/Jan/2013:09:27:52 +0100] "GET /hirek08_10.htm HTTP/1.1" 200 6946 "-" "Mozilla/5.0 (compatible; Ezooms/1.0; ezooms.bot@gmail.com)"
69.64.46.38 - - [20/Jan/2013:09:35:32 +0100] "GET /robots.txt HTTP/1.0" 404 1181 "-" "Mozilla/5.0 (compatible; MJ12bot/v1.4.3; http://www.majestic12.co.uk/bot.php?+)"
69.64.46.38 - - [20/Jan/2013:09:35:34 +0100] "GET / HTTP/1.1" 200 23965 "-" "Mozilla/5.0 (compatible; MJ12bot/v1.4.3; http://www.majestic12.co.uk/bot.php?+)"
66.249.76.62 - - [20/Jan/2013:09:56:56 +0100] "GET /hirek/090510/szuletesunnepe078.jpg HTTP/1.1" 304 - "-" "Googlebot-Image/1.0"
65.55.215.43 - - [20/Jan/2013:10:05:31 +0100] "GET /robots.txt HTTP/1.1" 404 1181 "-" "msnbot-media/1.1 (+http://search.msn.com/msnbot.htm)"
65.55.215.43 - - [20/Jan/2013:10:05:32 +0100] "GET /jog/img/tamogatok.jpg HTTP/1.1" 200 18468 "-" "msnbot-media/1.1 (+http://search.msn.com/msnbot.htm)"
66.249.76.62 - - [20/Jan/2013:10:32:44 +0100] "GET /hirek/eszkozok/eszkoz1.jpg HTTP/1.1" 304 - "-" "Googlebot-Image/1.0"
66.249.76.62 - - [20/Jan/2013:10:46:17 +0100] "GET /fiok/gazdasag.htm HTTP/1.1" 200 22480 "-" "SAMSUNG-SGH-E250/1.0 Profile/MIDP-2.0 Configuration/CLDC-1.1 UP.Browser/6.2.3.3.c.1.101 (GUI) MMP/2.0 (compatible; Googlebot-Mobile/2.1; +http://www.google.com/bot.html)"
180.76.5.48 - - [20/Jan/2013:10:47:40 +0100] "GET /fiok/program_reszek/madarmegfigyeles.htm HTTP/1.1" 200 21825 "-" "Mozilla/5.0 (compatible; Baiduspider/2.0; +http://www.baidu.com/search/spider.html)"
77.20.155.143 - - [20/Jan/2013:10:54:38 +0100] "GET /kapcsolat.htm HTTP/1.1" 200 6889 "-" "findlinks/2.0.2 (+http://wortschatz.uni-leipzig.de/findlinks/)"
157.56.229.184 - - [20/Jan/2013:11:00:09 +0100] "GET /robots.txt HTTP/1.1" 404 1181 "-" "Mozilla/5.0 (compatible; bingbot/2.0; +http://www.bing.com/bingbot.htm)"
157.56.229.184 - - [20/Jan/2013:11:02:38 +0100] "GET /jog/jogszabalyok/2011_clxxv.pdf HTTP/1.1" 200 361132 "-" "Mozilla/5.0 (compatible; bingbot/2.0; +http://www.bing.com/bingbot.htm)"
208.115.113.84 - - [20/Jan/2013:11:09:54 +0100] "GET /robots.txt HTTP/1.1" 404 1181 "-" "Mozilla/5.0 (compatible; Ezooms/1.0; ezooms.bot@gmail.com)"
66.249.76.62 - - [20/Jan/2013:11:56:53 +0100] "GET /hirek/fotok_alsoberettyo/DSCF2486.jpg HTTP/1.1" 304 - "-" "Googlebot-Image/1.0"
178.154.210.252 - - [20/Jan/2013:12:41:39 +0100] "GET /robots.txt HTTP/1.1" 404 1181 "-" "Mozilla/5.0 (compatible; YandexBot/3.0; +http://yandex.com/bots)"
208.115.111.68 - - [20/Jan/2013:13:05:07 +0100] "GET /robots.txt HTTP/1.1" 404 1181 "-" "Mozilla/5.0 (compatible; Ezooms/1.0; ezooms.bot@gmail.com)"
78.131.89.180 - - [20/Jan/2013:13:10:11 +0100] "GET /hirek/hirek090428.htm HTTP/1.1" 200 24808 "http://www.google.hu/url?sa=t&rct=j&q=kiss%20olga%20d%C3%BAla&source=web&cd=2&ved=0CDMQFjAB&url=http%3A%2F%2Fwww.beklen.hu%2Fhirek%2Fhirek090428.htm&ei=eNr7UMKfFI3OsgbR8oCoAg&usg=AFQjCNHZ-KkWAeRHcDDhZyX-oiRyYXMOzg&bvm=bv.41248874,d.d2k&cad=rja" "Mozilla/5.0 (Windows NT 6.1; rv:18.0) Gecko/20100101 Firefox/18.0"
78.131.89.180 - - [20/Jan/2013:13:10:12 +0100] "GET /vill.cs HTTP/1.1" 200 2676 "http://www.beklen.hu/hirek/hirek090428.htm" "Mozilla/5.0 (Windows NT 6.1; rv:18.0) Gecko/20100101 Firefox/18.0"
78.131.89.180 - - [20/Jan/2013:13:10:12 +0100] "GET /tm01.jpg HTTP/1.1" 200 1080 "http://www.beklen.hu/hirek/hirek090428.htm" "Mozilla/5.0 (Windows NT 6.1; rv:18.0) Gecko/20100101 Firefox/18.0"
78.131.89.180 - - [20/Jan/2013:13:10:12 +0100] "GET /tm02_.jpg HTTP/1.1" 200 1524 "http://www.beklen.hu/hirek/hirek090428.htm" "Mozilla/5.0 (Windows NT 6.1; rv:18.0) Gecko/20100101 Firefox/18.0"
78.131.89.180 - - [20/Jan/2013:13:10:12 +0100] "GET /tm03_.jpg HTTP/1.1" 200 1787 "http://www.beklen.hu/hirek/hirek090428.htm" "Mozilla/5.0 (Windows NT 6.1; rv:18.0) Gecko/20100101 Firefox/18.0"
78.131.89.180 - - [20/Jan/2013:13:10:12 +0100] "GET /tm05_.jpg HTTP/1.1" 200 1839 "http://www.beklen.hu/hirek/hirek090428.htm" "Mozilla/5.0 (Windows NT 6.1; rv:18.0) Gecko/20100101 Firefox/18.0"
78.131.89.180 - - [20/Jan/2013:13:10:12 +0100] "GET /tm04_.jpg HTTP/1.1" 200 2058 "http://www.beklen.hu/hirek/hirek090428.htm" "Mozilla/5.0 (Windows NT 6.1; rv:18.0) Gecko/20100101 Firefox/18.0"
78.131.89.180 - - [20/Jan/2013:13:10:12 +0100] "GET /tm06_.jpg HTTP/1.1" 200 1382 "http://www.beklen.hu/hirek/hirek090428.htm" "Mozilla/5.0 (Windows NT 6.1; rv:18.0) Gecko/20100101 Firefox/18.0"
78.131.89.180 - - [20/Jan/2013:13:10:12 +0100] "GET /tm07.jpg HTTP/1.1" 200 1007 "http://www.beklen.hu/hirek/hirek090428.htm" "Mozilla/5.0 (Windows NT 6.1; rv:18.0) Gecko/20100101 Firefox/18.0"
78.131.89.180 - - [20/Jan/2013:13:10:12 +0100] "GET /hirek/nca_logo.jpg HTTP/1.1" 200 4244 "http://www.beklen.hu/hirek/hirek090428.htm" "Mozilla/5.0 (Windows NT 6.1; rv:18.0) Gecko/20100101 Firefox/18.0"
78.131.89.180 - - [20/Jan/2013:13:10:12 +0100] "GET /bg.jpg HTTP/1.1" 200 566 "http://www.beklen.hu/hirek/hirek090428.htm" "Mozilla/5.0 (Windows NT 6.1; rv:18.0) Gecko/20100101 Firefox/18.0"
78.131.89.180 - - [20/Jan/2013:13:10:13 +0100] "GET /bottom_main.jpg HTTP/1.1" 200 96820 "http://www.beklen.hu/vill.cs" "Mozilla/5.0 (Windows NT 6.1; rv:18.0) Gecko/20100101 Firefox/18.0"
78.131.89.180 - - [20/Jan/2013:13:10:13 +0100] "GET /tm02.jpg HTTP/1.1" 200 1873 "http://www.beklen.hu/hirek/hirek090428.htm" "Mozilla/5.0 (Windows NT 6.1; rv:18.0) Gecko/20100101 Firefox/18.0"
78.131.89.180 - - [20/Jan/2013:13:10:13 +0100] "GET /tm04.jpg HTTP/1.1" 200 2613 "http://www.beklen.hu/hirek/hirek090428.htm" "Mozilla/5.0 (Windows NT 6.1; rv:18.0) Gecko/20100101 Firefox/18.0"
78.131.89.180 - - [20/Jan/2013:13:10:13 +0100] "GET /tm06.jpg HTTP/1.1" 200 1651 "http://www.beklen.hu/hirek/hirek090428.htm" "Mozilla/5.0 (Windows NT 6.1; rv:18.0) Gecko/20100101 Firefox/18.0"
78.131.89.180 - - [20/Jan/2013:13:10:13 +0100] "GET /tm05.jpg HTTP/1.1" 200 2253 "http://www.beklen.hu/hirek/hirek090428.htm" "Mozilla/5.0 (Windows NT 6.1; rv:18.0) Gecko/20100101 Firefox/18.0"
78.131.89.180 - - [20/Jan/2013:13:10:13 +0100] "GET /favicon.ico HTTP/1.1" 404 1181 "-" "Mozilla/5.0 (Windows NT 6.1; rv:18.0) Gecko/20100101 Firefox/18.0"
78.131.89.180 - - [20/Jan/2013:13:10:13 +0100] "GET /tm03.jpg HTTP/1.1" 200 2212 "http://www.beklen.hu/hirek/hirek090428.htm" "Mozilla/5.0 (Windows NT 6.1; rv:18.0) Gecko/20100101 Firefox/18.0"
78.131.89.180 - - [20/Jan/2013:13:10:13 +0100] "GET /favicon.ico HTTP/1.1" 404 1181 "-" "Mozilla/5.0 (Windows NT 6.1; rv:18.0) Gecko/20100101 Firefox/18.0"
66.249.76.62 - - [20/Jan/2013:13:15:44 +0100] "GET /jog/eseteink/audi/kozmeghallgatas%20-%20diakep1_.jpg HTTP/1.1" 304 - "-" "Googlebot-Image/1.0"
208.115.113.84 - - [20/Jan/2013:13:23:00 +0100] "GET /khb.htm HTTP/1.1" 200 8719 "-" "Mozilla/5.0 (compatible; Ezooms/1.0; ezooms.bot@gmail.com)"
37.140.141.19 - - [20/Jan/2013:14:27:03 +0100] "GET /tm03.jpg HTTP/1.1" 304 - "-" "Mozilla/5.0 (compatible; YandexImages/3.0; +http://yandex.com/bots)"
66.249.76.62 - - [20/Jan/2013:14:43:23 +0100] "GET /nca11.htm HTTP/1.1" 200 7133 "-" "Mozilla/5.0 (compatible; Googlebot/2.1; +http://www.google.com/bot.html)"
157.55.35.82 - - [20/Jan/2013:14:47:18 +0100] "GET /robots.txt HTTP/1.1" 404 1181 "-" "Mozilla/5.0 (compatible; bingbot/2.0; +http://www.bing.com/bingbot.htm)"
66.249.76.62 - - [20/Jan/2013:14:47:22 +0100] "GET /jog/eseteink/dakar/dakar_0804_kdvktvf_engedely.pdf HTTP/1.1" 200 7453005 "-" "Mozilla/5.0 (compatible; Googlebot/2.1; +http://www.google.com/bot.html)"
157.55.35.82 - - [20/Jan/2013:14:51:39 +0100] "GET /jog/jogszabalyok/aarhus_egyezmeny.pdf HTTP/1.1" 200 177386 "-" "Mozilla/5.0 (compatible; bingbot/2.0; +http://www.bing.com/bingbot.htm)"
157.55.33.31 - - [20/Jan/2013:14:54:50 +0100] "GET /hirek/Microsoft%20Word%20-%20csongradi%20duzzaszto%20velemeny%202009.06.11..doc.pdf HTTP/1.1" 200 321155 "-" "Mozilla/5.0 (compatible; bingbot/2.0; +http://www.bing.com/bingbot.htm)"
66.249.76.62 - - [20/Jan/2013:14:56:22 +0100] "GET / HTTP/1.1" 200 23965 "-" "Mozilla/5.0 (compatible; Googlebot/2.1; +http://www.google.com/bot.html)"
199.30.16.37 - - [20/Jan/2013:15:01:40 +0100] "GET /robots.txt HTTP/1.1" 404 1181 "-" "msnbot-media/1.1 (+http://search.msn.com/msnbot.htm)"
199.30.16.37 - - [20/Jan/2013:15:01:41 +0100] "GET /jog/eseteink/dakar/k.jpg HTTP/1.1" 200 2687 "-" "msnbot-media/1.1 (+http://search.msn.com/msnbot.htm)"
37.140.141.19 - - [20/Jan/2013:15:10:55 +0100] "GET /jog/eseteink/kavicszatony/dscf0024.jpg HTTP/1.1" 304 - "-" "Mozilla/5.0 (compatible; YandexImages/3.0; +http://yandex.com/bots)"
178.154.210.252 - - [20/Jan/2013:15:14:09 +0100] "GET /deutsch/kontakt.htm HTTP/1.1" 200 4769 "-" "Mozilla/5.0 (compatible; YandexBot/3.0; +http://yandex.com/bots)"
173.199.119.35 - - [20/Jan/2013:15:47:38 +0100] "GET /robots.txt HTTP/1.1" 404 1181 "-" "Mozilla/5.0 (compatible; AhrefsBot/4.0; +http://ahrefs.com/robot/)"
208.115.111.68 - - [20/Jan/2013:15:48:59 +0100] "GET /deutsch/programme.htm HTTP/1.1" 200 6045 "-" "Mozilla/5.0 (compatible; Ezooms/1.0; ezooms.bot@gmail.com)"
37.140.141.19 - - [20/Jan/2013:15:56:53 +0100] "GET /tm01.jpg HTTP/1.1" 304 - "-" "Mozilla/5.0 (compatible; YandexImages/3.0; +http://yandex.com/bots)"
66.249.76.62 - - [20/Jan/2013:16:20:53 +0100] "GET /kapcsolat.htm HTTP/1.1" 304 - "-" "Mozilla/5.0 (iPhone; U; CPU iPhone OS 4_1 like Mac OS X; en-us) AppleWebKit/532.9 (KHTML, like Gecko) Version/4.0.5 Mobile/8B117 Safari/6531.22.7 (compatible; Googlebot-Mobile/2.1; +http://www.google.com/bot.html)"
66.249.76.62 - - [20/Jan/2013:16:21:59 +0100] "GET /images/okotars_szines_.jpg HTTP/1.1" 304 - "-" "Googlebot-Image/1.0"
66.249.76.62 - - [20/Jan/2013:16:29:08 +0100] "GET /jog/eseteink/derekegyhaza/kepek/37-431_o_2005_.jpg HTTP/1.1" 304 - "-" "Googlebot-Image/1.0"
37.140.141.19 - - [20/Jan/2013:16:40:46 +0100] "GET /jog/eseteink/korosladany/kepek/img_5365__.jpg HTTP/1.1" 304 - "-" "Mozilla/5.0 (compatible; YandexImages/3.0; +http://yandex.com/bots)"
66.249.76.62 - - [20/Jan/2013:17:15:52 +0100] "GET /jog/eseteink/korosladany/2108_001.pdf HTTP/1.1" 200 587341 "-" "Mozilla/5.0 (iPhone; U; CPU iPhone OS 4_1 like Mac OS X; en-us) AppleWebKit/532.9 (KHTML, like Gecko) Version/4.0.5 Mobile/8B117 Safari/6531.22.7 (compatible; Googlebot-Mobile/2.1; +http://www.google.com/bot.html)"
37.140.141.19 - - [20/Jan/2013:17:24:37 +0100] "GET /tm05_.jpg HTTP/1.1" 304 - "-" "Mozilla/5.0 (compatible; YandexImages/3.0; +http://yandex.com/bots)"
87.242.43.67 - - [20/Jan/2013:17:51:11 +0100] "GET /fiok/ HTTP/1.1" 200 20554 "http://www.google.hu/url?sa=t&rct=j&q=p%C3%A1szt%C3%B3%20oktat%C3%B3%20k%C3%B6zpont&source=web&cd=7&sqi=2&ved=0CFMQFjAG&url=http%3A%2F%2Fwww.beklen.hu%2Ffiok%2F&ei=ZiD8UKHoJojBswbY34CQDw&usg=AFQjCNFtC7TVIqJXoI7MG7L0tC6FKZ01fA" "Mozilla/5.0 (Windows NT 5.1) AppleWebKit/537.17 (KHTML, like Gecko) Chrome/24.0.1312.52 Safari/537.17"
87.242.43.67 - - [20/Jan/2013:17:51:11 +0100] "GET /fiok/css/lightbox.css HTTP/1.1" 200 1715 "http://www.beklen.hu/fiok/" "Mozilla/5.0 (Windows NT 5.1) AppleWebKit/537.17 (KHTML, like Gecko) Chrome/24.0.1312.52 Safari/537.17"
87.242.43.67 - - [20/Jan/2013:17:51:11 +0100] "GET /fiok/css/js/lightbox.js HTTP/1.1" 200 23424 "http://www.beklen.hu/fiok/" "Mozilla/5.0 (Windows NT 5.1) AppleWebKit/537.17 (KHTML, like Gecko) Chrome/24.0.1312.52 Safari/537.17"
87.242.43.67 - - [20/Jan/2013:17:51:11 +0100] "GET /fiok/css/js/scriptaculous.js?load=effects HTTP/1.1" 200 2152 "http://www.beklen.hu/fiok/" "Mozilla/5.0 (Windows NT 5.1) AppleWebKit/537.17 (KHTML, like Gecko) Chrome/24.0.1312.52 Safari/537.17"
87.242.43.67 - - [20/Jan/2013:17:51:11 +0100] "GET /fiok/css/js/prototype.js HTTP/1.1" 200 47603 "http://www.beklen.hu/fiok/" "Mozilla/5.0 (Windows NT 5.1) AppleWebKit/537.17 (KHTML, like Gecko) Chrome/24.0.1312.52 Safari/537.17"
87.242.43.67 - - [20/Jan/2013:17:51:11 +0100] "GET /fiok/css/js/effects.js HTTP/1.1" 200 31969 "http://www.beklen.hu/fiok/" "Mozilla/5.0 (Windows NT 5.1) AppleWebKit/537.17 (KHTML, like Gecko) Chrome/24.0.1312.52 Safari/537.17"
87.242.43.67 - - [20/Jan/2013:17:51:11 +0100] "GET /fiok/images/b12.jpg HTTP/1.1" 200 544 "http://www.beklen.hu/fiok/" "Mozilla/5.0 (Windows NT 5.1) AppleWebKit/537.17 (KHTML, like Gecko) Chrome/24.0.1312.52 Safari/537.17"
87.242.43.67 - - [20/Jan/2013:17:51:12 +0100] "GET /fiok/images/index_12_12.JPG HTTP/1.1" 200 985 "http://www.beklen.hu/fiok/" "Mozilla/5.0 (Windows NT 5.1) AppleWebKit/537.17 (KHTML, like Gecko) Chrome/24.0.1312.52 Safari/537.17"
87.242.43.67 - - [20/Jan/2013:17:51:12 +0100] "GET /fiok/images/index_02_02.JPG HTTP/1.1" 200 1178 "http://www.beklen.hu/fiok/" "Mozilla/5.0 (Windows NT 5.1) AppleWebKit/537.17 (KHTML, like Gecko) Chrome/24.0.1312.52 Safari/537.17"
87.242.43.67 - - [20/Jan/2013:17:51:12 +0100] "GET /fiok/images/index_13.gif HTTP/1.1" 200 149 "http://www.beklen.hu/fiok/" "Mozilla/5.0 (Windows NT 5.1) AppleWebKit/537.17 (KHTML, like Gecko) Chrome/24.0.1312.52 Safari/537.17"
87.242.43.67 - - [20/Jan/2013:17:51:12 +0100] "GET /fiok/images/index_11.gif HTTP/1.1" 200 74 "http://www.beklen.hu/fiok/" "Mozilla/5.0 (Windows NT 5.1) AppleWebKit/537.17 (KHTML, like Gecko) Chrome/24.0.1312.52 Safari/537.17"
87.242.43.67 - - [20/Jan/2013:17:51:12 +0100] "GET /fiok/images/index_14_14.JPG HTTP/1.1" 200 9305 "http://www.beklen.hu/fiok/" "Mozilla/5.0 (Windows NT 5.1) AppleWebKit/537.17 (KHTML, like Gecko) Chrome/24.0.1312.52 Safari/537.17"
87.242.43.67 - - [20/Jan/2013:17:51:12 +0100] "GET /fiok/images/index_15_15.JPG HTTP/1.1" 200 20275 "http://www.beklen.hu/fiok/" "Mozilla/5.0 (Windows NT 5.1) AppleWebKit/537.17 (KHTML, like Gecko) Chrome/24.0.1312.52 Safari/537.17"
87.242.43.67 - - [20/Jan/2013:17:51:12 +0100] "GET /fiok/images/index_16_16.JPG HTTP/1.1" 200 13468 "http://www.beklen.hu/fiok/" "Mozilla/5.0 (Windows NT 5.1) AppleWebKit/537.17 (KHTML, like Gecko) Chrome/24.0.1312.52 Safari/537.17"
87.242.43.67 - - [20/Jan/2013:17:51:12 +0100] "GET /fiok/images/index_17_17.jpg HTTP/1.1" 200 2374 "http://www.beklen.hu/fiok/" "Mozilla/5.0 (Windows NT 5.1) AppleWebKit/537.17 (KHTML, like Gecko) Chrome/24.0.1312.52 Safari/537.17"
87.242.43.67 - - [20/Jan/2013:17:51:12 +0100] "GET /fiok/images/index_18_18.JPG HTTP/1.1" 200 15778 "http://www.beklen.hu/fiok/" "Mozilla/5.0 (Windows NT 5.1) AppleWebKit/537.17 (KHTML, like Gecko) Chrome/24.0.1312.52 Safari/537.17"
87.242.43.67 - - [20/Jan/2013:17:51:12 +0100] "GET /fiok/images/index_19_19.JPG HTTP/1.1" 200 3123 "http://www.beklen.hu/fiok/" "Mozilla/5.0 (Windows NT 5.1) AppleWebKit/537.17 (KHTML, like Gecko) Chrome/24.0.1312.52 Safari/537.17"
87.242.43.67 - - [20/Jan/2013:17:51:12 +0100] "GET /fiok/images/szovegkep.JPG HTTP/1.1" 200 12792 "http://www.beklen.hu/fiok/" "Mozilla/5.0 (Windows NT 5.1) AppleWebKit/537.17 (KHTML, like Gecko) Chrome/24.0.1312.52 Safari/537.17"
87.242.43.67 - - [20/Jan/2013:17:51:12 +0100] "GET /fiok/images/index_22.gif HTTP/1.1" 200 227 "http://www.beklen.hu/fiok/" "Mozilla/5.0 (Windows NT 5.1) AppleWebKit/537.17 (KHTML, like Gecko) Chrome/24.0.1312.52 Safari/537.17"
87.242.43.67 - - [20/Jan/2013:17:51:12 +0100] "GET /fiok/images/index_24.gif HTTP/1.1" 200 227 "http://www.beklen.hu/fiok/" "Mozilla/5.0 (Windows NT 5.1) AppleWebKit/537.17 (KHTML, like Gecko) Chrome/24.0.1312.52 Safari/537.17"
87.242.43.67 - - [20/Jan/2013:17:51:12 +0100] "GET /fiok/images/index_25_25.jpg HTTP/1.1" 200 4960 "http://www.beklen.hu/fiok/" "Mozilla/5.0 (Windows NT 5.1) AppleWebKit/537.17 (KHTML, like Gecko) Chrome/24.0.1312.52 Safari/537.17"
87.242.43.67 - - [20/Jan/2013:17:51:12 +0100] "GET /fiok/images/index_26.gif HTTP/1.1" 200 121 "http://www.beklen.hu/fiok/" "Mozilla/5.0 (Windows NT 5.1) AppleWebKit/537.17 (KHTML, like Gecko) Chrome/24.0.1312.52 Safari/537.17"
87.242.43.67 - - [20/Jan/2013:17:51:12 +0100] "GET /fiok/images/index_21_21.JPG HTTP/1.1" 404 1181 "http://www.beklen.hu/fiok/" "Mozilla/5.0 (Windows NT 5.1) AppleWebKit/537.17 (KHTML, like Gecko) Chrome/24.0.1312.52 Safari/537.17"
87.242.43.67 - - [20/Jan/2013:17:51:12 +0100] "GET /fiok/images/index_27_27.jpg HTTP/1.1" 200 12876 "http://www.beklen.hu/fiok/" "Mozilla/5.0 (Windows NT 5.1) AppleWebKit/537.17 (KHTML, like Gecko) Chrome/24.0.1312.52 Safari/537.17"
87.242.43.67 - - [20/Jan/2013:17:51:12 +0100] "GET /fiok/images/index_28.gif HTTP/1.1" 200 262 "http://www.beklen.hu/fiok/" "Mozilla/5.0 (Windows NT 5.1) AppleWebKit/537.17 (KHTML, like Gecko) Chrome/24.0.1312.52 Safari/537.17"
87.242.43.67 - - [20/Jan/2013:17:51:12 +0100] "GET /fiok/images/b4b.jpg HTTP/1.1" 200 524 "http://www.beklen.hu/fiok/" "Mozilla/5.0 (Windows NT 5.1) AppleWebKit/537.17 (KHTML, like Gecko) Chrome/24.0.1312.52 Safari/537.17"
87.242.43.67 - - [20/Jan/2013:17:51:12 +0100] "GET /fiok/images/spacer.gif HTTP/1.1" 200 43 "http://www.beklen.hu/fiok/" "Mozilla/5.0 (Windows NT 5.1) AppleWebKit/537.17 (KHTML, like Gecko) Chrome/24.0.1312.52 Safari/537.17"
87.242.43.67 - - [20/Jan/2013:17:51:12 +0100] "GET /fiok/images/c4c.jpg HTTP/1.1" 200 524 "http://www.beklen.hu/fiok/" "Mozilla/5.0 (Windows NT 5.1) AppleWebKit/537.17 (KHTML, like Gecko) Chrome/24.0.1312.52 Safari/537.17"
87.242.43.67 - - [20/Jan/2013:17:51:12 +0100] "GET /fiok/images/a4a.jpg HTTP/1.1" 200 524 "http://www.beklen.hu/fiok/" "Mozilla/5.0 (Windows NT 5.1) AppleWebKit/537.17 (KHTML, like Gecko) Chrome/24.0.1312.52 Safari/537.17"
87.242.43.67 - - [20/Jan/2013:17:51:12 +0100] "GET /fiok/images/d4d.jpg HTTP/1.1" 200 524 "http://www.beklen.hu/fiok/" "Mozilla/5.0 (Windows NT 5.1) AppleWebKit/537.17 (KHTML, like Gecko) Chrome/24.0.1312.52 Safari/537.17"
87.242.43.67 - - [20/Jan/2013:17:51:12 +0100] "GET /fiok/images/e4e.jpg HTTP/1.1" 200 524 "http://www.beklen.hu/fiok/" "Mozilla/5.0 (Windows NT 5.1) AppleWebKit/537.17 (KHTML, like Gecko) Chrome/24.0.1312.52 Safari/537.17"
87.242.43.67 - - [20/Jan/2013:17:51:12 +0100] "GET /lb/images/loading.gif HTTP/1.1" 200 2767 "http://www.beklen.hu/fiok/" "Mozilla/5.0 (Windows NT 5.1) AppleWebKit/537.17 (KHTML, like Gecko) Chrome/24.0.1312.52 Safari/537.17"
87.242.43.67 - - [20/Jan/2013:17:51:12 +0100] "GET /lb/images/closelabel.gif HTTP/1.1" 200 222 "http://www.beklen.hu/fiok/" "Mozilla/5.0 (Windows NT 5.1) AppleWebKit/537.17 (KHTML, like Gecko) Chrome/24.0.1312.52 Safari/537.17"
87.242.43.67 - - [20/Jan/2013:17:51:12 +0100] "GET /favicon.ico HTTP/1.1" 404 1181 "-" "Mozilla/5.0 (Windows NT 5.1) AppleWebKit/537.17 (KHTML, like Gecko) Chrome/24.0.1312.52 Safari/537.17"
87.242.43.67 - - [20/Jan/2013:17:51:23 +0100] "GET /fiok/mult.htm HTTP/1.1" 200 23227 "http://www.beklen.hu/fiok/" "Mozilla/5.0 (Windows NT 5.1) AppleWebKit/537.17 (KHTML, like Gecko) Chrome/24.0.1312.52 Safari/537.17"
87.242.43.67 - - [20/Jan/2013:17:51:23 +0100] "GET /fiok/images/index_25.gif HTTP/1.1" 200 708 "http://www.beklen.hu/fiok/mult.htm" "Mozilla/5.0 (Windows NT 5.1) AppleWebKit/537.17 (KHTML, like Gecko) Chrome/24.0.1312.52 Safari/537.17"
87.242.43.67 - - [20/Jan/2013:17:51:24 +0100] "GET /fiok/oktatokozpont/02.JPG HTTP/1.1" 200 284929 "http://www.beklen.hu/fiok/mult.htm" "Mozilla/5.0 (Windows NT 5.1) AppleWebKit/537.17 (KHTML, like Gecko) Chrome/24.0.1312.52 Safari/537.17"
87.242.43.67 - - [20/Jan/2013:17:51:24 +0100] "GET /fiok/oktatokozpont/01.JPG HTTP/1.1" 200 320996 "http://www.beklen.hu/fiok/mult.htm" "Mozilla/5.0 (Windows NT 5.1) AppleWebKit/537.17 (KHTML, like Gecko) Chrome/24.0.1312.52 Safari/537.17"
87.242.43.67 - - [20/Jan/2013:17:51:24 +0100] "GET /fiok/oktatokozpont/04.JPG HTTP/1.1" 200 218557 "http://www.beklen.hu/fiok/mult.htm" "Mozilla/5.0 (Windows NT 5.1) AppleWebKit/537.17 (KHTML, like Gecko) Chrome/24.0.1312.52 Safari/537.17"
87.242.43.67 - - [20/Jan/2013:17:51:24 +0100] "GET /fiok/oktatokozpont/05.JPG HTTP/1.1" 200 299454 "http://www.beklen.hu/fiok/mult.htm" "Mozilla/5.0 (Windows NT 5.1) AppleWebKit/537.17 (KHTML, like Gecko) Chrome/24.0.1312.52 Safari/537.17"
87.242.43.67 - - [20/Jan/2013:17:51:24 +0100] "GET /fiok/oktatokozpont/03.JPG HTTP/1.1" 200 292887 "http://www.beklen.hu/fiok/mult.htm" "Mozilla/5.0 (Windows NT 5.1) AppleWebKit/537.17 (KHTML, like Gecko) Chrome/24.0.1312.52 Safari/537.17"
87.242.43.67 - - [20/Jan/2013:17:51:24 +0100] "GET /favicon.ico HTTP/1.1" 404 1181 "-" "Mozilla/5.0 (Windows NT 5.1) AppleWebKit/537.17 (KHTML, like Gecko) Chrome/24.0.1312.52 Safari/537.17"
87.242.43.67 - - [20/Jan/2013:17:51:32 +0100] "GET /favicon.ico HTTP/1.1" 404 1181 "-" "Mozilla/5.0 (Windows NT 5.1) AppleWebKit/537.17 (KHTML, like Gecko) Chrome/24.0.1312.52 Safari/537.17"
66.249.76.62 - - [20/Jan/2013:17:58:44 +0100] "GET /hirek/090510/szuletesunnepe075_.jpg HTTP/1.1" 304 - "-" "Googlebot-Image/1.0"
37.140.141.19 - - [20/Jan/2013:18:08:30 +0100] "GET /english/e01.jpg HTTP/1.1" 304 - "-" "Mozilla/5.0 (compatible; YandexImages/3.0; +http://yandex.com/bots)"
66.249.76.62 - - [20/Jan/2013:18:13:00 +0100] "GET /fiok/program_reszek/programok/16.jpg HTTP/1.1" 304 - "-" "Googlebot-Image/1.0"
151.0.122.122 - - [20/Jan/2013:18:42:44 +0100] "GET /kapcsolat.htm HTTP/1.1" 200 6889 "http://www.google.hu/url?sa=t&rct=j&q=t%C3%BArkeve%20k%C3%A9pvisel%C5%91%20tiszteletd%C3%ADj&source=web&cd=2&ved=0CDEQFjAB&url=http%3A%2F%2Fwww.beklen.hu%2Fkapcsolat.htm&ei=dSz8UKTSC4axtAbKroHADg&usg=AFQjCNGg-qAZ6ux3SqLelEFaJC31ynvDlQ&bvm=bv.41248874,d.d2k" "Mozilla/5.0 (Windows NT 6.1) AppleWebKit/537.17 (KHTML, like Gecko) Chrome/24.0.1312.52 Safari/537.17"
151.0.122.122 - - [20/Jan/2013:18:42:44 +0100] "GET /felsorol.css HTTP/1.1" 200 240 "http://www.beklen.hu/kapcsolat.htm" "Mozilla/5.0 (Windows NT 6.1) AppleWebKit/537.17 (KHTML, like Gecko) Chrome/24.0.1312.52 Safari/537.17"
151.0.122.122 - - [20/Jan/2013:18:42:44 +0100] "GET /vill.cs HTTP/1.1" 200 2676 "http://www.beklen.hu/kapcsolat.htm" "Mozilla/5.0 (Windows NT 6.1) AppleWebKit/537.17 (KHTML, like Gecko) Chrome/24.0.1312.52 Safari/537.17"
151.0.122.122 - - [20/Jan/2013:18:42:44 +0100] "GET /bg.jpg HTTP/1.1" 200 566 "http://www.beklen.hu/kapcsolat.htm" "Mozilla/5.0 (Windows NT 6.1) AppleWebKit/537.17 (KHTML, like Gecko) Chrome/24.0.1312.52 Safari/537.17"
151.0.122.122 - - [20/Jan/2013:18:42:44 +0100] "GET /tm01.jpg HTTP/1.1" 200 1080 "http://www.beklen.hu/kapcsolat.htm" "Mozilla/5.0 (Windows NT 6.1) AppleWebKit/537.17 (KHTML, like Gecko) Chrome/24.0.1312.52 Safari/537.17"
151.0.122.122 - - [20/Jan/2013:18:42:44 +0100] "GET /tm02_.jpg HTTP/1.1" 200 1524 "http://www.beklen.hu/kapcsolat.htm" "Mozilla/5.0 (Windows NT 6.1) AppleWebKit/537.17 (KHTML, like Gecko) Chrome/24.0.1312.52 Safari/537.17"
151.0.122.122 - - [20/Jan/2013:18:42:44 +0100] "GET /tm04_.jpg HTTP/1.1" 200 2058 "http://www.beklen.hu/kapcsolat.htm" "Mozilla/5.0 (Windows NT 6.1) AppleWebKit/537.17 (KHTML, like Gecko) Chrome/24.0.1312.52 Safari/537.17"
151.0.122.122 - - [20/Jan/2013:18:42:44 +0100] "GET /tm03_.jpg HTTP/1.1" 200 1787 "http://www.beklen.hu/kapcsolat.htm" "Mozilla/5.0 (Windows NT 6.1) AppleWebKit/537.17 (KHTML, like Gecko) Chrome/24.0.1312.52 Safari/537.17"
151.0.122.122 - - [20/Jan/2013:18:42:44 +0100] "GET /tm05.jpg HTTP/1.1" 200 2253 "http://www.beklen.hu/kapcsolat.htm" "Mozilla/5.0 (Windows NT 6.1) AppleWebKit/537.17 (KHTML, like Gecko) Chrome/24.0.1312.52 Safari/537.17"
151.0.122.122 - - [20/Jan/2013:18:42:44 +0100] "GET /bottom_.jpg HTTP/1.1" 200 93419 "http://www.beklen.hu/kapcsolat.htm" "Mozilla/5.0 (Windows NT 6.1) AppleWebKit/537.17 (KHTML, like Gecko) Chrome/24.0.1312.52 Safari/537.17"
151.0.122.122 - - [20/Jan/2013:18:42:44 +0100] "GET /tm07.jpg HTTP/1.1" 200 1007 "http://www.beklen.hu/kapcsolat.htm" "Mozilla/5.0 (Windows NT 6.1) AppleWebKit/537.17 (KHTML, like Gecko) Chrome/24.0.1312.52 Safari/537.17"
151.0.122.122 - - [20/Jan/2013:18:42:45 +0100] "GET /tm06_.jpg HTTP/1.1" 200 1382 "http://www.beklen.hu/kapcsolat.htm" "Mozilla/5.0 (Windows NT 6.1) AppleWebKit/537.17 (KHTML, like Gecko) Chrome/24.0.1312.52 Safari/537.17"
151.0.122.122 - - [20/Jan/2013:18:42:46 +0100] "GET /tm02.jpg HTTP/1.1" 200 1873 "http://www.beklen.hu/kapcsolat.htm" "Mozilla/5.0 (Windows NT 6.1) AppleWebKit/537.17 (KHTML, like Gecko) Chrome/24.0.1312.52 Safari/537.17"
151.0.122.122 - - [20/Jan/2013:18:42:46 +0100] "GET /tm04.jpg HTTP/1.1" 200 2613 "http://www.beklen.hu/kapcsolat.htm" "Mozilla/5.0 (Windows NT 6.1) AppleWebKit/537.17 (KHTML, like Gecko) Chrome/24.0.1312.52 Safari/537.17"
151.0.122.122 - - [20/Jan/2013:18:42:46 +0100] "GET /tm06.jpg HTTP/1.1" 200 1651 "http://www.beklen.hu/kapcsolat.htm" "Mozilla/5.0 (Windows NT 6.1) AppleWebKit/537.17 (KHTML, like Gecko) Chrome/24.0.1312.52 Safari/537.17"
151.0.122.122 - - [20/Jan/2013:18:42:46 +0100] "GET /tm05.jpg HTTP/1.1" 200 2253 "http://www.beklen.hu/kapcsolat.htm" "Mozilla/5.0 (Windows NT 6.1) AppleWebKit/537.17 (KHTML, like Gecko) Chrome/24.0.1312.52 Safari/537.17"
151.0.122.122 - - [20/Jan/2013:18:42:46 +0100] "GET /tm03.jpg HTTP/1.1" 200 2212 "http://www.beklen.hu/kapcsolat.htm" "Mozilla/5.0 (Windows NT 6.1) AppleWebKit/537.17 (KHTML, like Gecko) Chrome/24.0.1312.52 Safari/537.17"
151.0.122.122 - - [20/Jan/2013:18:42:46 +0100] "GET /favicon.ico HTTP/1.1" 404 1181 "-" "Mozilla/5.0 (Windows NT 6.1) AppleWebKit/537.17 (KHTML, like Gecko) Chrome/24.0.1312.52 Safari/537.17"
37.140.141.19 - - [20/Jan/2013:18:52:22 +0100] "GET /jog/eseteink/korosladany/kepek/img_3a_.jpg HTTP/1.1" 304 - "-" "Mozilla/5.0 (compatible; YandexImages/3.0; +http://yandex.com/bots)"
139.18.2.209 - - [20/Jan/2013:19:07:45 +0100] "GET /fiok/news.html HTTP/1.1" 404 1181 "-" "findlinks/2.6 (+http://wortschatz.uni-leipzig.de/findlinks/)"
208.115.113.84 - - [20/Jan/2013:19:16:29 +0100] "GET /robots.txt HTTP/1.1" 404 1181 "-" "Mozilla/5.0 (compatible; Ezooms/1.0; ezooms.bot@gmail.com)"
91.83.120.43 - - [20/Jan/2013:19:30:46 +0100] "GET /jog/eseteink/korosladany/index.htm HTTP/1.1" 200 30713 "https://www.google.hu/" "Mozilla/5.0 (Windows NT 5.1) AppleWebKit/537.17 (KHTML, like Gecko) Chrome/24.0.1312.52 Safari/537.17"
91.83.120.43 - - [20/Jan/2013:19:30:46 +0100] "GET /jog/style.css HTTP/1.1" 200 21413 "http://www.beklen.hu/jog/eseteink/korosladany/index.htm" "Mozilla/5.0 (Windows NT 5.1) AppleWebKit/537.17 (KHTML, like Gecko) Chrome/24.0.1312.52 Safari/537.17"
91.83.120.43 - - [20/Jan/2013:19:30:46 +0100] "GET /jog/script.js HTTP/1.1" 200 5674 "http://www.beklen.hu/jog/eseteink/korosladany/index.htm" "Mozilla/5.0 (Windows NT 5.1) AppleWebKit/537.17 (KHTML, like Gecko) Chrome/24.0.1312.52 Safari/537.17"
91.83.120.43 - - [20/Jan/2013:19:30:46 +0100] "GET /jog/lb/js/scriptaculous.js?load=effects HTTP/1.1" 200 2152 "http://www.beklen.hu/jog/eseteink/korosladany/index.htm" "Mozilla/5.0 (Windows NT 5.1) AppleWebKit/537.17 (KHTML, like Gecko) Chrome/24.0.1312.52 Safari/537.17"
91.83.120.43 - - [20/Jan/2013:19:30:47 +0100] "GET /jog/lb/js/lightbox.js HTTP/1.1" 200 23431 "http://www.beklen.hu/jog/eseteink/korosladany/index.htm" "Mozilla/5.0 (Windows NT 5.1) AppleWebKit/537.17 (KHTML, like Gecko) Chrome/24.0.1312.52 Safari/537.17"
91.83.120.43 - - [20/Jan/2013:19:30:47 +0100] "GET /jog/lb/css/lightbox.css HTTP/1.1" 200 1715 "http://www.beklen.hu/jog/eseteink/korosladany/index.htm" "Mozilla/5.0 (Windows NT 5.1) AppleWebKit/537.17 (KHTML, like Gecko) Chrome/24.0.1312.52 Safari/537.17"
91.83.120.43 - - [20/Jan/2013:19:30:47 +0100] "GET /jog/jquery.js HTTP/1.1" 200 72174 "http://www.beklen.hu/jog/eseteink/korosladany/index.htm" "Mozilla/5.0 (Windows NT 5.1) AppleWebKit/537.17 (KHTML, like Gecko) Chrome/24.0.1312.52 Safari/537.17"
91.83.120.43 - - [20/Jan/2013:19:30:47 +0100] "GET /jog/lb/js/prototype.js HTTP/1.1" 200 47603 "http://www.beklen.hu/jog/eseteink/korosladany/index.htm" "Mozilla/5.0 (Windows NT 5.1) AppleWebKit/537.17 (KHTML, like Gecko) Chrome/24.0.1312.52 Safari/537.17"
91.83.120.43 - - [20/Jan/2013:19:30:48 +0100] "GET /jog/lb/js/effects.js HTTP/1.1" 200 31969 "http://www.beklen.hu/jog/eseteink/korosladany/index.htm" "Mozilla/5.0 (Windows NT 5.1) AppleWebKit/537.17 (KHTML, like Gecko) Chrome/24.0.1312.52 Safari/537.17"
91.83.120.43 - - [20/Jan/2013:19:30:48 +0100] "GET /jog/images/spacer.gif HTTP/1.1" 200 43 "http://www.beklen.hu/jog/eseteink/korosladany/index.htm" "Mozilla/5.0 (Windows NT 5.1) AppleWebKit/537.17 (KHTML, like Gecko) Chrome/24.0.1312.52 Safari/537.17"
91.83.120.43 - - [20/Jan/2013:19:30:48 +0100] "GET /jog/images/subitem.png HTTP/1.1" 200 81 "http://www.beklen.hu/jog/eseteink/korosladany/index.htm" "Mozilla/5.0 (Windows NT 5.1) AppleWebKit/537.17 (KHTML, like Gecko) Chrome/24.0.1312.52 Safari/537.17"
91.83.120.43 - - [20/Jan/2013:19:30:48 +0100] "GET /jog/images/menuitem.png HTTP/1.1" 200 20398 "http://www.beklen.hu/jog/eseteink/korosladany/index.htm" "Mozilla/5.0 (Windows NT 5.1) AppleWebKit/537.17 (KHTML, like Gecko) Chrome/24.0.1312.52 Safari/537.17"
91.83.120.43 - - [20/Jan/2013:19:30:48 +0100] "GET /jog/images/nav.png HTTP/1.1" 200 10482 "http://www.beklen.hu/jog/eseteink/korosladany/index.htm" "Mozilla/5.0 (Windows NT 5.1) AppleWebKit/537.17 (KHTML, like Gecko) Chrome/24.0.1312.52 Safari/537.17"
91.83.120.43 - - [20/Jan/2013:19:30:48 +0100] "GET /jog/images/post_s.png HTTP/1.1" 200 466 "http://www.beklen.hu/jog/eseteink/korosladany/index.htm" "Mozilla/5.0 (Windows NT 5.1) AppleWebKit/537.17 (KHTML, like Gecko) Chrome/24.0.1312.52 Safari/537.17"
91.83.120.43 - - [20/Jan/2013:19:30:48 +0100] "GET /jog/images/post_h.png HTTP/1.1" 200 292 "http://www.beklen.hu/jog/eseteink/korosladany/index.htm" "Mozilla/5.0 (Windows NT 5.1) AppleWebKit/537.17 (KHTML, like Gecko) Chrome/24.0.1312.52 Safari/537.17"
91.83.120.43 - - [20/Jan/2013:19:30:49 +0100] "GET /jog/images/post_v.png HTTP/1.1" 200 310 "http://www.beklen.hu/jog/eseteink/korosladany/index.htm" "Mozilla/5.0 (Windows NT 5.1) AppleWebKit/537.17 (KHTML, like Gecko) Chrome/24.0.1312.52 Safari/537.17"
91.83.120.43 - - [20/Jan/2013:19:30:49 +0100] "GET /jog/images/post_c.png HTTP/1.1" 200 204 "http://www.beklen.hu/jog/eseteink/korosladany/index.htm" "Mozilla/5.0 (Windows NT 5.1) AppleWebKit/537.17 (KHTML, like Gecko) Chrome/24.0.1312.52 Safari/537.17"
91.83.120.43 - - [20/Jan/2013:19:30:49 +0100] "GET /jog/images/Bottom_texture.jpg HTTP/1.1" 200 193775 "http://www.beklen.hu/jog/eseteink/korosladany/index.htm" "Mozilla/5.0 (Windows NT 5.1) AppleWebKit/537.17 (KHTML, like Gecko) Chrome/24.0.1312.52 Safari/537.17"
91.83.120.43 - - [20/Jan/2013:19:30:49 +0100] "GET /jog/eseteink/korosladany/kepek/img_5365__.jpg HTTP/1.1" 200 5864 "http://www.beklen.hu/jog/eseteink/korosladany/index.htm" "Mozilla/5.0 (Windows NT 5.1) AppleWebKit/537.17 (KHTML, like Gecko) Chrome/24.0.1312.52 Safari/537.17"
91.83.120.43 - - [20/Jan/2013:19:30:50 +0100] "GET /jog/eseteink/korosladany/kepek/img_5356__.jpg HTTP/1.1" 200 6290 "http://www.beklen.hu/jog/eseteink/korosladany/index.htm" "Mozilla/5.0 (Windows NT 5.1) AppleWebKit/537.17 (KHTML, like Gecko) Chrome/24.0.1312.52 Safari/537.17"
91.83.120.43 - - [20/Jan/2013:19:30:50 +0100] "GET /jog/img/file_pdf.png HTTP/1.1" 200 581 "http://www.beklen.hu/jog/eseteink/korosladany/index.htm" "Mozilla/5.0 (Windows NT 5.1) AppleWebKit/537.17 (KHTML, like Gecko) Chrome/24.0.1312.52 Safari/537.17"
91.83.120.43 - - [20/Jan/2013:19:30:50 +0100] "GET /jog/eseteink/korosladany/kepek/img_5363__.jpg HTTP/1.1" 200 12677 "http://www.beklen.hu/jog/eseteink/korosladany/index.htm" "Mozilla/5.0 (Windows NT 5.1) AppleWebKit/537.17 (KHTML, like Gecko) Chrome/24.0.1312.52 Safari/537.17"
91.83.120.43 - - [20/Jan/2013:19:30:50 +0100] "GET /jog/eseteink/korosladany/kepek/img_3b_.jpg HTTP/1.1" 200 4927 "http://www.beklen.hu/jog/eseteink/korosladany/index.htm" "Mozilla/5.0 (Windows NT 5.1) AppleWebKit/537.17 (KHTML, like Gecko) Chrome/24.0.1312.52 Safari/537.17"
91.83.120.43 - - [20/Jan/2013:19:30:50 +0100] "GET /jog/eseteink/korosladany/kepek/img_2_.jpg HTTP/1.1" 200 4423 "http://www.beklen.hu/jog/eseteink/korosladany/index.htm" "Mozilla/5.0 (Windows NT 5.1) AppleWebKit/537.17 (KHTML, like Gecko) Chrome/24.0.1312.52 Safari/537.17"
91.83.120.43 - - [20/Jan/2013:19:30:51 +0100] "GET /jog/images/header.png HTTP/1.1" 200 170837 "http://www.beklen.hu/jog/eseteink/korosladany/index.htm" "Mozilla/5.0 (Windows NT 5.1) AppleWebKit/537.17 (KHTML, like Gecko) Chrome/24.0.1312.52 Safari/537.17"
91.83.120.43 - - [20/Jan/2013:19:30:51 +0100] "GET /jog/eseteink/korosladany/kepek/img_1_.jpg HTTP/1.1" 200 4568 "http://www.beklen.hu/jog/eseteink/korosladany/index.htm" "Mozilla/5.0 (Windows NT 5.1) AppleWebKit/537.17 (KHTML, like Gecko) Chrome/24.0.1312.52 Safari/537.17"
91.83.120.43 - - [20/Jan/2013:19:30:51 +0100] "GET /jog/eseteink/korosladany/kepek/img_5_.jpg HTTP/1.1" 200 5254 "http://www.beklen.hu/jog/eseteink/korosladany/index.htm" "Mozilla/5.0 (Windows NT 5.1) AppleWebKit/537.17 (KHTML, like Gecko) Chrome/24.0.1312.52 Safari/537.17"
91.83.120.43 - - [20/Jan/2013:19:30:51 +0100] "GET /jog/eseteink/korosladany/kepek/img_4_.jpg HTTP/1.1" 200 6420 "http://www.beklen.hu/jog/eseteink/korosladany/index.htm" "Mozilla/5.0 (Windows NT 5.1) AppleWebKit/537.17 (KHTML, like Gecko) Chrome/24.0.1312.52 Safari/537.17"
91.83.120.43 - - [20/Jan/2013:19:30:51 +0100] "GET /jog/eseteink/korosladany/kepek/img_3a_.jpg HTTP/1.1" 200 7788 "http://www.beklen.hu/jog/eseteink/korosladany/index.htm" "Mozilla/5.0 (Windows NT 5.1) AppleWebKit/537.17 (KHTML, like Gecko) Chrome/24.0.1312.52 Safari/537.17"
91.83.120.43 - - [20/Jan/2013:19:30:52 +0100] "GET /jog/favicon.ico HTTP/1.1" 200 1150 "-" "Mozilla/5.0 (Windows NT 5.1) AppleWebKit/537.17 (KHTML, like Gecko) Chrome/24.0.1312.52 Safari/537.17"
91.83.120.43 - - [20/Jan/2013:19:31:16 +0100] "GET /jog/eseteink/korosladany/kepek/img_5356.jpg HTTP/1.1" 200 81920 "http://www.beklen.hu/jog/eseteink/korosladany/index.htm" "Mozilla/5.0 (Windows NT 5.1) AppleWebKit/537.17 (KHTML, like Gecko) Chrome/24.0.1312.52 Safari/537.17"
91.83.120.43 - - [20/Jan/2013:19:31:17 +0100] "GET /jog/eseteink/korosladany/kepek/img_5363.jpg HTTP/1.1" 200 156339 "http://www.beklen.hu/jog/eseteink/korosladany/index.htm" "Mozilla/5.0 (Windows NT 5.1) AppleWebKit/537.17 (KHTML, like Gecko) Chrome/24.0.1312.52 Safari/537.17"
91.83.120.43 - - [20/Jan/2013:19:31:27 +0100] "GET /jog/eseteink/korosladany/kepek/img_5365.jpg HTTP/1.1" 200 112371 "http://www.beklen.hu/jog/eseteink/korosladany/index.htm" "Mozilla/5.0 (Windows NT 5.1) AppleWebKit/537.17 (KHTML, like Gecko) Chrome/24.0.1312.52 Safari/537.17"
91.83.120.43 - - [20/Jan/2013:19:31:30 +0100] "GET /jog/eseteink/korosladany/kepek/img_3b.jpg HTTP/1.1" 200 34501 "http://www.beklen.hu/jog/eseteink/korosladany/index.htm" "Mozilla/5.0 (Windows NT 5.1) AppleWebKit/537.17 (KHTML, like Gecko) Chrome/24.0.1312.52 Safari/537.17"
91.83.120.43 - - [20/Jan/2013:19:31:37 +0100] "GET /jog/eseteink/korosladany/kepek/img_2.jpg HTTP/1.1" 200 57845 "http://www.beklen.hu/jog/eseteink/korosladany/index.htm" "Mozilla/5.0 (Windows NT 5.1) AppleWebKit/537.17 (KHTML, like Gecko) Chrome/24.0.1312.52 Safari/537.17"
91.83.120.43 - - [20/Jan/2013:19:31:42 +0100] "GET /jog/eseteink/korosladany/kepek/img_1.jpg HTTP/1.1" 200 67131 "http://www.beklen.hu/jog/eseteink/korosladany/index.htm" "Mozilla/5.0 (Windows NT 5.1) AppleWebKit/537.17 (KHTML, like Gecko) Chrome/24.0.1312.52 Safari/537.17"
91.83.120.43 - - [20/Jan/2013:19:31:50 +0100] "GET /jog/eseteink/korosladany/kepek/img_5.jpg HTTP/1.1" 200 61127 "http://www.beklen.hu/jog/eseteink/korosladany/index.htm" "Mozilla/5.0 (Windows NT 5.1) AppleWebKit/537.17 (KHTML, like Gecko) Chrome/24.0.1312.52 Safari/537.17"
91.83.120.43 - - [20/Jan/2013:19:31:54 +0100] "GET /jog/eseteink/korosladany/kepek/img_4.jpg HTTP/1.1" 200 100540 "http://www.beklen.hu/jog/eseteink/korosladany/index.htm" "Mozilla/5.0 (Windows NT 5.1) AppleWebKit/537.17 (KHTML, like Gecko) Chrome/24.0.1312.52 Safari/537.17"
91.83.120.43 - - [20/Jan/2013:19:31:59 +0100] "GET /jog/eseteink/korosladany/kepek/img_3a.jpg HTTP/1.1" 200 62790 "http://www.beklen.hu/jog/eseteink/korosladany/index.htm" "Mozilla/5.0 (Windows NT 5.1) AppleWebKit/537.17 (KHTML, like Gecko) Chrome/24.0.1312.52 Safari/537.17"
37.140.141.19 - - [20/Jan/2013:19:36:14 +0100] "GET /tm02_.jpg HTTP/1.1" 304 - "-" "Mozilla/5.0 (compatible; YandexImages/3.0; +http://yandex.com/bots)"
37.140.141.19 - - [20/Jan/2013:20:20:06 +0100] "GET /tm04_.jpg HTTP/1.1" 304 - "-" "Mozilla/5.0 (compatible; YandexImages/3.0; +http://yandex.com/bots)"
66.249.76.62 - - [20/Jan/2013:20:31:53 +0100] "GET /jog/eseteink/korosladany/2108_001.pdf HTTP/1.1" 200 587341 "-" "Mozilla/5.0 (iPhone; U; CPU iPhone OS 4_1 like Mac OS X; en-us) AppleWebKit/532.9 (KHTML, like Gecko) Version/4.0.5 Mobile/8B117 Safari/6531.22.7 (compatible; Googlebot-Mobile/2.1; +http://www.google.com/bot.html)"
37.140.141.19 - - [20/Jan/2013:21:06:15 +0100] "GET /robots.txt HTTP/1.1" 404 1181 "-" "Mozilla/5.0 (compatible; YandexImages/3.0; +http://yandex.com/bots)"
178.154.210.252 - - [20/Jan/2013:21:15:25 +0100] "GET /deutsch/index.htm HTTP/1.1" 200 5324 "-" "Mozilla/5.0 (compatible; YandexBot/3.0; +http://yandex.com/bots)"
66.249.76.62 - - [20/Jan/2013:21:16:50 +0100] "GET /robots.txt HTTP/1.1" 404 1181 "-" "Mozilla/5.0 (compatible; Googlebot/2.1; +http://www.google.com/bot.html)"
66.249.76.62 - - [20/Jan/2013:21:16:51 +0100] "GET / HTTP/1.1" 200 23965 "-" "DoCoMo/2.0 N905i(c100;TB;W24H16) (compatible; Googlebot-Mobile/2.1; +http://www.google.com/bot.html)"
208.115.113.84 - - [20/Jan/2013:21:26:50 +0100] "GET /hirek/hirek091015.htm HTTP/1.1" 200 7046 "-" "Mozilla/5.0 (compatible; Ezooms/1.0; ezooms.bot@gmail.com)"
208.115.113.84 - - [20/Jan/2013:21:26:51 +0100] "GET /hirek/hirek101213.htm HTTP/1.1" 200 8671 "-" "Mozilla/5.0 (compatible; Ezooms/1.0; ezooms.bot@gmail.com)"
67.195.115.34 - - [20/Jan/2013:21:46:18 +0100] "GET /robots.txt HTTP/1.0" 404 1181 "-" "Mozilla/5.0 (compatible; Yahoo! Slurp; http://help.yahoo.com/help/us/ysearch/slurp)"
67.195.115.34 - - [20/Jan/2013:21:46:19 +0100] "GET /fiok/ HTTP/1.0" 200 20554 "-" "Mozilla/5.0 (compatible; Yahoo! Slurp; http://help.yahoo.com/help/us/ysearch/slurp)"
67.195.115.34 - - [20/Jan/2013:21:46:22 +0100] "GET /fiok/css/lightbox.css HTTP/1.0" 200 1715 "http://www.beklen.hu/fiok/" "Mozilla/5.0 (compatible; Yahoo! Slurp; http://help.yahoo.com/help/us/ysearch/slurp)"
37.140.141.19 - - [20/Jan/2013:21:50:01 +0100] "GET /english/e02.jpg HTTP/1.1" 304 - "-" "Mozilla/5.0 (compatible; YandexImages/3.0; +http://yandex.com/bots)"
66.249.76.62 - - [20/Jan/2013:21:59:43 +0100] "GET /jog/ HTTP/1.1" 304 - "-" "DoCoMo/2.0 N905i(c100;TB;W24H16) (compatible; Googlebot-Mobile/2.1; +http://www.google.com/bot.html)"
139.18.2.209 - - [20/Jan/2013:22:12:44 +0100] "GET /jog/slapp.htm HTTP/1.1" 200 21314 "-" "findlinks/2.6 (+http://wortschatz.uni-leipzig.de/findlinks/)"
139.18.2.209 - - [20/Jan/2013:22:19:48 +0100] "GET /fiok/programok.htm HTTP/1.1" 200 18165 "-" "findlinks/2.6 (+http://wortschatz.uni-leipzig.de/findlinks/)"
66.249.76.62 - - [20/Jan/2013:22:42:51 +0100] "GET / HTTP/1.1" 200 23965 "-" "Mozilla/5.0 (iPhone; U; CPU iPhone OS 4_1 like Mac OS X; en-us) AppleWebKit/532.9 (KHTML, like Gecko) Version/4.0.5 Mobile/8B117 Safari/6531.22.7 (compatible; Googlebot-Mobile/2.1; +http://www.google.com/bot.html)"
37.140.141.19 - - [20/Jan/2013:22:48:41 +0100] "GET /tm05.jpg HTTP/1.1" 304 - "-" "Mozilla/5.0 (compatible; YandexImages/3.0; +http://yandex.com/bots)"
66.249.76.62 - - [20/Jan/2013:22:52:18 +0100] "GET /lb/css/lightbox.css HTTP/1.1" 200 1715 "-" "Mozilla/5.0 (compatible; Googlebot/2.1; +http://www.google.com/bot.html)"
130.83.167.153 - - [20/Jan/2013:22:52:29 +0100] "GET /fiok/fiok.html HTTP/1.1" 200 20723 "-" "findlinks/2.6 (+http://wortschatz.uni-leipzig.de/findlinks/)"
139.18.2.209 - - [20/Jan/2013:23:21:36 +0100] "GET /jog/tippek.htm HTTP/1.1" 200 13697 "-" "findlinks/2.6 (+http://wortschatz.uni-leipzig.de/findlinks/)"
208.115.113.84 - - [20/Jan/2013:23:22:14 +0100] "GET /robots.txt HTTP/1.1" 404 1181 "-" "Mozilla/5.0 (compatible; Ezooms/1.0; ezooms.bot@gmail.com)"
37.140.141.19 - - [20/Jan/2013:23:52:10 +0100] "GET /jog/img/file_jpg.png HTTP/1.1" 304 - "-" "Mozilla/5.0 (compatible; YandexImages/3.0; +http://yandex.com/bots)"
178.154.210.252 - - [21/Jan/2013:00:21:20 +0100] "GET /robots.txt HTTP/1.1" 404 1181 "-" "Mozilla/5.0 (compatible; YandexBot/3.0; +http://yandex.com/bots)"
37.140.141.19 - - [21/Jan/2013:00:54:28 +0100] "GET /deutsch/d01.jpg HTTP/1.1" 304 - "-" "Mozilla/5.0 (compatible; YandexImages/3.0; +http://yandex.com/bots)"
208.115.111.68 - - [21/Jan/2013:01:06:35 +0100] "GET /robots.txt HTTP/1.1" 404 1181 "-" "Mozilla/5.0 (compatible; Ezooms/1.0; ezooms.bot@gmail.com)"
199.30.16.2 - - [21/Jan/2013:01:06:55 +0100] "GET /robots.txt HTTP/1.1" 404 1181 "-" "msnbot-media/1.1 (+http://search.msn.com/msnbot.htm)"
199.30.16.2 - - [21/Jan/2013:01:06:55 +0100] "GET /a1_projekt_tabla_infra_cs3_beklenhaz_.jpg HTTP/1.1" 200 8994 "-" "msnbot-media/1.1 (+http://search.msn.com/msnbot.htm)"
208.115.113.84 - - [21/Jan/2013:01:23:01 +0100] "GET /hirek/hirek090605.htm HTTP/1.1" 200 7994 "-" "Mozilla/5.0 (compatible; Ezooms/1.0; ezooms.bot@gmail.com)"
208.115.113.84 - - [21/Jan/2013:01:23:02 +0100] "GET /programok.htm HTTP/1.1" 200 6444 "-" "Mozilla/5.0 (compatible; Ezooms/1.0; ezooms.bot@gmail.com)"
157.55.33.78 - - [21/Jan/2013:01:28:11 +0100] "GET /robots.txt HTTP/1.1" 404 1181 "-" "Mozilla/5.0 (compatible; bingbot/2.0; +http://www.bing.com/bingbot.htm)"
157.55.33.78 - - [21/Jan/2013:01:31:13 +0100] "GET /jog/index.htm HTTP/1.1" 200 13138 "-" "Mozilla/5.0 (compatible; bingbot/2.0; +http://www.bing.com/bingbot.htm)"
66.249.76.62 - - [21/Jan/2013:01:42:45 +0100] "GET /jog/eseteink/korosladany/np_nek_tajekoztatas.pdf HTTP/1.1" 200 144911 "-" "Mozilla/5.0 (compatible; Googlebot/2.1; +http://www.google.com/bot.html)"
37.140.141.19 - - [21/Jan/2013:02:08:00 +0100] "GET /deutsch/d02.jpg HTTP/1.1" 304 - "-" "Mozilla/5.0 (compatible; YandexImages/3.0; +http://yandex.com/bots)"
139.18.2.209 - - [21/Jan/2013:02:51:55 +0100] "GET /deutsch/kontakt.htm HTTP/1.1" 200 4769 "-" "findlinks/2.6 (+http://wortschatz.uni-leipzig.de/findlinks/)"
157.55.33.19 - - [21/Jan/2013:03:02:11 +0100] "GET /robots.txt HTTP/1.1" 404 1181 "-" "Mozilla/5.0 (compatible; bingbot/2.0; +http://www.bing.com/bingbot.htm)"
157.55.33.19 - - [21/Jan/2013:03:04:32 +0100] "GET /jog/ugyeszsegek.htm HTTP/1.1" 200 13810 "-" "Mozilla/5.0 (compatible; bingbot/2.0; +http://www.bing.com/bingbot.htm)"
37.140.141.19 - - [21/Jan/2013:03:24:38 +0100] "GET /jog/eseteink/kavicszatony/dscf0084_.jpg HTTP/1.1" 304 - "-" "Mozilla/5.0 (compatible; YandexImages/3.0; +http://yandex.com/bots)"
208.115.111.68 - - [21/Jan/2013:03:50:26 +0100] "GET /jog/eseteink/kavicszatony/index.htm HTTP/1.1" 200 16432 "-" "Mozilla/5.0 (compatible; Ezooms/1.0; ezooms.bot@gmail.com)"
208.115.111.68 - - [21/Jan/2013:03:50:28 +0100] "GET /nca07.htm HTTP/1.1" 200 21968 "-" "Mozilla/5.0 (compatible; Ezooms/1.0; ezooms.bot@gmail.com)"
173.199.119.35 - - [21/Jan/2013:04:21:50 +0100] "GET /robots.txt HTTP/1.1" 404 1181 "-" "Mozilla/5.0 (compatible; AhrefsBot/4.0; +http://ahrefs.com/robot/)"
37.140.141.19 - - [21/Jan/2013:04:39:33 +0100] "GET /jog/eseteink/kavicszatony/dscf0084.jpg HTTP/1.1" 304 - "-" "Mozilla/5.0 (compatible; YandexImages/3.0; +http://yandex.com/bots)"
66.249.76.62 - - [21/Jan/2013:04:48:00 +0100] "GET /fiok/kapcsolat.htm HTTP/1.1" 200 17416 "-" "DoCoMo/2.0 N905i(c100;TB;W24H16) (compatible; Googlebot-Mobile/2.1; +http://www.google.com/bot.html)"
77.20.155.143 - - [21/Jan/2013:05:03:23 +0100] "GET /szakmai.htm HTTP/1.1" 200 6054 "-" "findlinks/2.0.2 (+http://wortschatz.uni-leipzig.de/findlinks/)"
178.154.210.252 - - [21/Jan/2013:05:05:46 +0100] "GET / HTTP/1.1" 200 23965 "-" "Mozilla/5.0 (compatible; YandexBot/3.0; +http://yandex.com/bots)"
37.140.141.19 - - [21/Jan/2013:05:57:03 +0100] "GET /tm03_.jpg HTTP/1.1" 304 - "-" "Mozilla/5.0 (compatible; YandexImages/3.0; +http://yandex.com/bots)"
66.249.76.62 - - [21/Jan/2013:06:28:05 +0100] "GET /jog/eseteink/derekegyhaza/kepek/dalerd_.jpg HTTP/1.1" 304 - "-" "Googlebot-Image/1.0"
208.115.113.84 - - [21/Jan/2013:07:07:19 +0100] "GET /robots.txt HTTP/1.1" 404 1181 "-" "Mozilla/5.0 (compatible; Ezooms/1.0; ezooms.bot@gmail.com)"
37.140.141.19 - - [21/Jan/2013:07:29:11 +0100] "GET /tm06_.jpg HTTP/1.1" 304 - "-" "Mozilla/5.0 (compatible; YandexImages/3.0; +http://yandex.com/bots)"
66.249.76.62 - - [21/Jan/2013:07:48:43 +0100] "GET /hirek/090510/szuletesunnepe027.jpg HTTP/1.1" 304 - "-" "Googlebot-Image/1.0"
178.154.210.252 - - [21/Jan/2013:07:51:33 +0100] "GET /english/index.htm HTTP/1.1" 304 - "-" "Mozilla/5.0 (compatible; YandexBot/3.0; +http://yandex.com/bots)"
66.249.76.62 - - [21/Jan/2013:07:51:43 +0100] "GET /hirek/fotok_tablokrol/DSCF2538.jpg HTTP/1.1" 304 - "-" "Googlebot-Image/1.0"
66.249.76.62 - - [21/Jan/2013:08:02:23 +0100] "GET /hirek/090510/szuletesunnepe065_.jpg HTTP/1.1" 304 - "-" "Googlebot-Image/1.0"
66.249.76.62 - - [21/Jan/2013:08:24:57 +0100] "GET /fiok/kapcsolat.htm HTTP/1.1" 200 17416 "-" "SAMSUNG-SGH-E250/1.0 Profile/MIDP-2.0 Configuration/CLDC-1.1 UP.Browser/6.2.3.3.c.1.101 (GUI) MMP/2.0 (compatible; Googlebot-Mobile/2.1; +http://www.google.com/bot.html)"
66.249.76.62 - - [21/Jan/2013:08:32:20 +0100] "GET /jog/eseteink/poroszlo/villa_.jpg HTTP/1.1" 304 - "-" "Googlebot-Image/1.0"
66.249.76.62 - - [21/Jan/2013:08:38:56 +0100] "GET /jog/eseteink/poroszlo/villa_.jpg HTTP/1.1" 304 - "-" "Googlebot-Image/1.0"
178.48.14.141 - - [21/Jan/2013:08:58:18 +0100] "GET /jog/eseteink/korosladany/panasz_rendorsegi_hatarozat_ellen.pdf HTTP/1.0" 200 148679 "http://www.google.hu/url?sa=t&rct=j&q=vaddiszn%C3%B3skert+l%C3%A9tes%C3%ADt%C3%A9se&source=web&cd=2&ved=0CDIQFjAB&url=http%3A%2F%2Fwww.beklen.hu%2Fjog%2Feseteink%2Fkorosladany%2Fpanasz_rendorsegi_hatarozat_ellen.pdf&ei=9_L8UPyfMMjNswaiioHQCw&usg=AFQjCNGNb8Nr_jgATEBOj7QRLS-LK5eO4w&bvm=bv.41248874,d.d2k" "Mozilla/5.0 (Windows NT 5.1; rv:7.0.1) Gecko/20100101 Firefox/7.0.1"
178.48.14.141 - - [21/Jan/2013:08:58:21 +0100] "GET /jog/eseteink/korosladany/panasz_rendorsegi_hatarozat_ellen.pdf HTTP/1.0" 206 4289 "-" "Mozilla/5.0 (Windows NT 5.1; rv:7.0.1) Gecko/20100101 Firefox/7.0.1"
