188.36.217.211 - - [23/Jan/2013:21:04:54 +0100] "GET /jog/images/post_c.png HTTP/1.1" 200 204 "http://www.beklen.hu/jog/style.css" "Mozilla/5.0 (Windows NT 6.1; WOW64; rv:18.0) Gecko/20100101 Firefox/18.0"
188.36.217.211 - - [23/Jan/2013:21:04:54 +0100] "GET /jog/images/Bottom_texture.jpg HTTP/1.1" 200 193775 "http://www.beklen.hu/jog/style.css" "Mozilla/5.0 (Windows NT 6.1; WOW64; rv:18.0) Gecko/20100101 Firefox/18.0"
188.36.217.211 - - [23/Jan/2013:21:04:55 +0100] "GET /jog/images/header.png HTTP/1.1" 200 170837 "http://www.beklen.hu/jog/style.css" "Mozilla/5.0 (Windows NT 6.1; WOW64; rv:18.0) Gecko/20100101 Firefox/18.0"
188.36.217.211 - - [23/Jan/2013:21:06:18 +0100] "GET /jog/pub/+jog_jav.pdf HTTP/1.1" 200 819776 "http://www.google.hu/url?sa=t&rct=j&q=&esrc=s&source=web&cd=26&ved=0CE0QFjAFOBQ&url=http%3A%2F%2Fwww.beklen.hu%2Fjog%2Fpub%2F%2Bjog_jav.pdf&ei=nkIAUYeCLeOl4AT0w4GgAw&usg=AFQjCNH6eeIljxH7nidhjTRmAJ_4qA9dwQ&bvm=bv.41248874,d.Yms" "Mozilla/5.0 (Windows NT 6.1; WOW64; rv:18.0) Gecko/20100101 Firefox/18.0"
188.36.217.211 - - [23/Jan/2013:21:06:21 +0100] "GET /favicon.ico HTTP/1.1" 404 1181 "-" "Mozilla/5.0 (Windows NT 6.1; WOW64; rv:18.0) Gecko/20100101 Firefox/18.0"
178.154.210.252 - - [23/Jan/2013:21:11:06 +0100] "GET /robots.txt HTTP/1.1" 404 1181 "-" "Mozilla/5.0 (compatible; YandexBot/3.0; +http://yandex.com/bots)"
66.249.76.62 - - [23/Jan/2013:21:11:06 +0100] "GET /robots.txt HTTP/1.1" 404 1181 "-" "Mozilla/5.0 (compatible; Googlebot/2.1; +http://www.google.com/bot.html)"
66.249.76.62 - - [23/Jan/2013:21:11:07 +0100] "GET / HTTP/1.1" 200 23965 "-" "DoCoMo/2.0 N905i(c100;TB;W24H16) (compatible; Googlebot-Mobile/2.1; +http://www.google.com/bot.html)"
208.115.111.68 - - [23/Jan/2013:21:11:59 +0100] "GET /robots.txt HTTP/1.1" 404 1181 "-" "Mozilla/5.0 (compatible; Ezooms/1.0; ezooms.bot@gmail.com)"
37.140.141.19 - - [23/Jan/2013:21:24:51 +0100] "GET /jog/eseteink/korosladany/kepek/img_1_.jpg HTTP/1.1" 304 - "-" "Mozilla/5.0 (compatible; YandexImages/3.0; +http://yandex.com/bots)"
178.154.210.252 - - [23/Jan/2013:21:32:30 +0100] "GET /deutsch/index.htm HTTP/1.1" 200 5324 "-" "Mozilla/5.0 (compatible; YandexBot/3.0; +http://yandex.com/bots)"
208.115.113.84 - - [23/Jan/2013:21:33:28 +0100] "GET /fiok/program_reszek/csaladbarat.htm HTTP/1.1" 200 20928 "-" "Mozilla/5.0 (compatible; Ezooms/1.0; ezooms.bot@gmail.com)"
208.115.113.84 - - [23/Jan/2013:21:33:38 +0100] "GET /fiok/program_reszek/konferancia.htm HTTP/1.1" 200 21668 "-" "Mozilla/5.0 (compatible; Ezooms/1.0; ezooms.bot@gmail.com)"
65.55.212.139 - - [23/Jan/2013:21:35:19 +0100] "GET /robots.txt HTTP/1.1" 404 1181 "-" "msnbot-media/1.1 (+http://search.msn.com/msnbot.htm)"
65.55.212.139 - - [23/Jan/2013:21:35:19 +0100] "GET /jog/eseteink/kavicszatony/dscf0084_.jpg HTTP/1.1" 200 2611 "-" "msnbot-media/1.1 (+http://search.msn.com/msnbot.htm)"
66.249.76.62 - - [23/Jan/2013:21:37:25 +0100] "GET /jog/eseteink/autopalya/m85-itelet.pdf HTTP/1.1" 200 711298 "-" "Mozilla/5.0 (compatible; Googlebot/2.1; +http://www.google.com/bot.html)"
37.140.141.19 - - [23/Jan/2013:22:04:58 +0100] "GET /english/e03.jpg HTTP/1.1" 304 - "-" "Mozilla/5.0 (compatible; YandexImages/3.0; +http://yandex.com/bots)"
66.249.76.62 - - [23/Jan/2013:22:40:12 +0100] "GET /media.htm HTTP/1.1" 304 - "-" "Mozilla/5.0 (iPhone; U; CPU iPhone OS 4_1 like Mac OS X; en-us) AppleWebKit/532.9 (KHTML, like Gecko) Version/4.0.5 Mobile/8B117 Safari/6531.22.7 (compatible; Googlebot-Mobile/2.1; +http://www.google.com/bot.html)"
37.140.141.19 - - [23/Jan/2013:22:45:57 +0100] "GET /jog/eseteink/korosladany/kepek/img_5363__.jpg HTTP/1.1" 304 - "-" "Mozilla/5.0 (compatible; YandexImages/3.0; +http://yandex.com/bots)"
208.115.113.84 - - [23/Jan/2013:23:12:25 +0100] "GET /robots.txt HTTP/1.1" 404 1181 "-" "Mozilla/5.0 (compatible; Ezooms/1.0; ezooms.bot@gmail.com)"
80.98.176.55 - - [23/Jan/2013:23:14:49 +0100] "GET /jog/eseteink/korosladany/oktvf-nek.pdf HTTP/1.1" 200 171164 "http://www.google.hu/url?sa=t&rct=j&q=&esrc=s&source=web&cd=16&ved=0CEcQFjAFOAo&url=http%3A%2F%2Fwww.beklen.hu%2Fjog%2Feseteink%2Fkorosladany%2Foktvf-nek.pdf&ei=qF4AUZ3CKciXtQaxyICQBQ&usg=AFQjCNFKOBWrpynyzyFBsMNFz2vW8qTalg&bvm=bv.41248874,d.d2k" "Mozilla/5.0 (Windows NT 6.1; rv:18.0) Gecko/20100101 Firefox/18.0"
80.98.176.55 - - [23/Jan/2013:23:14:49 +0100] "GET /favicon.ico HTTP/1.1" 404 1181 "-" "Mozilla/5.0 (Windows NT 6.1; rv:18.0) Gecko/20100101 Firefox/18.0"
80.98.176.55 - - [23/Jan/2013:23:14:50 +0100] "GET /jog/eseteink/korosladany/oktvf-nek.pdf HTTP/1.1" 200 171164 "http://www.beklen.hu/jog/eseteink/korosladany/oktvf-nek.pdf" "Mozilla/5.0 (Windows NT 6.1; rv:18.0) Gecko/20100101 Firefox/18.0"
37.140.141.19 - - [23/Jan/2013:23:27:13 +0100] "GET /jog/eseteink/korosladany/kepek/img_5356__.jpg HTTP/1.1" 304 - "-" "Mozilla/5.0 (compatible; YandexImages/3.0; +http://yandex.com/bots)"
66.249.76.62 - - [23/Jan/2013:23:42:03 +0100] "GET /jog/eseteink/derekegyhaza/kepek/37-431__.jpg HTTP/1.1" 304 - "-" "Googlebot-Image/1.0"
208.115.111.68 - - [23/Jan/2013:23:59:15 +0100] "GET /hirek09_03.htm HTTP/1.1" 200 10726 "-" "Mozilla/5.0 (compatible; Ezooms/1.0; ezooms.bot@gmail.com)"
37.140.141.19 - - [24/Jan/2013:00:10:53 +0100] "GET /robots.txt HTTP/1.1" 404 1181 "-" "Mozilla/5.0 (compatible; YandexImages/3.0; +http://yandex.com/bots)"
37.140.141.19 - - [24/Jan/2013:00:49:41 +0100] "GET /jog/eseteink/korosladany/kepek/img_5.jpg HTTP/1.1" 304 - "-" "Mozilla/5.0 (compatible; YandexImages/3.0; +http://yandex.com/bots)"
208.115.113.84 - - [24/Jan/2013:01:27:24 +0100] "GET /hirek/hirek08_11.htm HTTP/1.1" 200 7337 "-" "Mozilla/5.0 (compatible; Ezooms/1.0; ezooms.bot@gmail.com)"
208.115.113.84 - - [24/Jan/2013:01:27:25 +0100] "GET /hirek/hirek101025.htm HTTP/1.1" 200 8786 "-" "Mozilla/5.0 (compatible; Ezooms/1.0; ezooms.bot@gmail.com)"
37.140.141.19 - - [24/Jan/2013:01:30:53 +0100] "GET /tm05.jpg HTTP/1.1" 304 - "-" "Mozilla/5.0 (compatible; YandexImages/3.0; +http://yandex.com/bots)"
173.199.119.67 - - [24/Jan/2013:01:33:22 +0100] "GET /nca11.htm HTTP/1.1" 200 7133 "-" "Mozilla/5.0 (compatible; AhrefsBot/4.0; +http://ahrefs.com/robot/)"
173.199.119.67 - - [24/Jan/2013:01:50:42 +0100] "GET /jog/eseteink/korosladany/elso_feljelentes_rendorsegnek.pdf HTTP/1.1" 200 19940 "-" "Mozilla/5.0 (compatible; AhrefsBot/4.0; +http://ahrefs.com/robot/)"
173.199.119.67 - - [24/Jan/2013:01:58:13 +0100] "GET /jog/eseteink/duzzaszto/gyulavari_duzz_felugyeloseg.pdf HTTP/1.1" 200 19940 "-" "Mozilla/5.0 (compatible; AhrefsBot/4.0; +http://ahrefs.com/robot/)"
173.199.119.67 - - [24/Jan/2013:02:07:52 +0100] "GET /jog/eseteink/audi/gestdem_2011-3951_-_benedek_sallai_-_demande_confirmative.pdf HTTP/1.1" 200 19940 "-" "Mozilla/5.0 (compatible; AhrefsBot/4.0; +http://ahrefs.com/robot/)"
37.140.141.19 - - [24/Jan/2013:02:09:35 +0100] "GET /jog/eseteink/korosladany/kepek/img_4.jpg HTTP/1.1" 304 - "-" "Mozilla/5.0 (compatible; YandexImages/3.0; +http://yandex.com/bots)"
173.199.119.67 - - [24/Jan/2013:02:35:55 +0100] "GET /kapcsolat.htm HTTP/1.1" 200 6889 "-" "Mozilla/5.0 (compatible; AhrefsBot/4.0; +http://ahrefs.com/robot/)"
37.140.141.19 - - [24/Jan/2013:02:50:40 +0100] "GET /jog/eseteink/korosladany/kepek/img_3b.jpg HTTP/1.1" 304 - "-" "Mozilla/5.0 (compatible; YandexImages/3.0; +http://yandex.com/bots)"
173.199.119.67 - - [24/Jan/2013:02:55:58 +0100] "GET /index.htm HTTP/1.1" 200 23965 "-" "Mozilla/5.0 (compatible; AhrefsBot/4.0; +http://ahrefs.com/robot/)"
173.199.119.67 - - [24/Jan/2013:02:59:42 +0100] "GET /jog/eseteink/derekegyhaza/vizjogi_derekegyhaza.pdf HTTP/1.1" 200 17044 "-" "Mozilla/5.0 (compatible; AhrefsBot/4.0; +http://ahrefs.com/robot/)"
208.115.113.84 - - [24/Jan/2013:03:11:53 +0100] "GET /robots.txt HTTP/1.1" 404 1181 "-" "Mozilla/5.0 (compatible; Ezooms/1.0; ezooms.bot@gmail.com)"
173.199.119.67 - - [24/Jan/2013:03:22:06 +0100] "GET /deutsch/programme.htm HTTP/1.1" 200 6045 "-" "Mozilla/5.0 (compatible; AhrefsBot/4.0; +http://ahrefs.com/robot/)"
173.199.119.67 - - [24/Jan/2013:03:24:01 +0100] "GET /hirek09_01.htm HTTP/1.1" 200 6841 "-" "Mozilla/5.0 (compatible; AhrefsBot/4.0; +http://ahrefs.com/robot/)"
37.140.141.19 - - [24/Jan/2013:03:29:20 +0100] "GET /deutsch/d04.jpg HTTP/1.1" 304 - "-" "Mozilla/5.0 (compatible; YandexImages/3.0; +http://yandex.com/bots)"
195.111.2.2 - - [24/Jan/2013:03:50:40 +0100] "GET /robots.txt HTTP/1.1" 404 1181 "-" "Sztaki-kereso"
173.199.119.67 - - [24/Jan/2013:03:59:21 +0100] "GET /jog/jogszabalyok/4_2010kje.pdf HTTP/1.1" 404 1181 "-" "Mozilla/5.0 (compatible; AhrefsBot/4.0; +http://ahrefs.com/robot/)"
37.140.141.19 - - [24/Jan/2013:04:07:59 +0100] "GET /jog/eseteink/kavicszatony/dscf0024_.jpg HTTP/1.1" 304 - "-" "Mozilla/5.0 (compatible; YandexImages/3.0; +http://yandex.com/bots)"
173.199.119.67 - - [24/Jan/2013:04:10:51 +0100] "GET /hirek/hirek090301.htm HTTP/1.1" 200 7022 "-" "Mozilla/5.0 (compatible; AhrefsBot/4.0; +http://ahrefs.com/robot/)"
173.199.119.67 - - [24/Jan/2013:04:18:48 +0100] "GET /jog/jogszabalyok/2011_clxxv.pdf HTTP/1.1" 200 27180 "-" "Mozilla/5.0 (compatible; AhrefsBot/4.0; +http://ahrefs.com/robot/)"
173.199.119.67 - - [24/Jan/2013:04:20:28 +0100] "GET /khb/beklen_2011_kh_jelentes.pdf HTTP/1.1" 200 102082 "-" "Mozilla/5.0 (compatible; AhrefsBot/4.0; +http://ahrefs.com/robot/)"
173.199.119.67 - - [24/Jan/2013:04:25:06 +0100] "GET /hirek/klimatv_civilcikk.doc HTTP/1.1" 200 17042 "-" "Mozilla/5.0 (compatible; AhrefsBot/4.0; +http://ahrefs.com/robot/)"
173.199.119.67 - - [24/Jan/2013:04:31:14 +0100] "GET /jog/jogszabalyok/201.korm.%20rendelettel%20modositott275.natura%20korm.%20rendelet.pdf HTTP/1.1" 200 330 "-" "Mozilla/5.0 (compatible; AhrefsBot/4.0; +http://ahrefs.com/robot/)"
173.199.119.67 - - [24/Jan/2013:04:43:30 +0100] "GET /khb/beklen_2010_kh_jelentes.pdf HTTP/1.1" 200 96683 "-" "Mozilla/5.0 (compatible; AhrefsBot/4.0; +http://ahrefs.com/robot/)"
173.199.119.67 - - [24/Jan/2013:04:45:56 +0100] "GET /english/introduction.htm HTTP/1.1" 200 6502 "-" "Mozilla/5.0 (compatible; AhrefsBot/4.0; +http://ahrefs.com/robot/)"
37.140.141.19 - - [24/Jan/2013:04:46:41 +0100] "GET /jog/eseteink/korosladany/kepek/img_4_.jpg HTTP/1.1" 304 - "-" "Mozilla/5.0 (compatible; YandexImages/3.0; +http://yandex.com/bots)"
46.246.31.131 - - [24/Jan/2013:04:48:42 +0100] "GET //images/stories/story.php?p1=phpinfo(); HTTP/1.1" 404 1181 "-" "Mozilla/5.0 (compatible; Googlebot/2.1; +http://www.google.com/bot.html)"
37.140.141.19 - - [24/Jan/2013:05:25:19 +0100] "GET /tm05_.jpg HTTP/1.1" 304 - "-" "Mozilla/5.0 (compatible; YandexImages/3.0; +http://yandex.com/bots)"
208.115.113.84 - - [24/Jan/2013:05:27:33 +0100] "GET /fiok/news.html HTTP/1.1" 404 1181 "-" "Mozilla/5.0 (compatible; Ezooms/1.0; ezooms.bot@gmail.com)"
37.140.141.19 - - [24/Jan/2013:06:03:56 +0100] "GET /jog/eseteink/korosladany/kepek/img_2.jpg HTTP/1.1" 304 - "-" "Mozilla/5.0 (compatible; YandexImages/3.0; +http://yandex.com/bots)"
37.140.141.19 - - [24/Jan/2013:06:42:34 +0100] "GET /tm04_.jpg HTTP/1.1" 304 - "-" "Mozilla/5.0 (compatible; YandexImages/3.0; +http://yandex.com/bots)"
37.140.141.19 - - [24/Jan/2013:07:21:12 +0100] "GET /jog/eseteink/korosladany/kepek/img_5356.jpg HTTP/1.1" 304 - "-" "Mozilla/5.0 (compatible; YandexImages/3.0; +http://yandex.com/bots)"
139.18.2.17 - - [24/Jan/2013:07:36:50 +0100] "GET /fiok/programok.htm HTTP/1.1" 200 18165 "-" "findlinks/2.6 (+http://wortschatz.uni-leipzig.de/findlinks/)"
37.140.141.19 - - [24/Jan/2013:07:59:48 +0100] "GET /jog/eseteink/korosladany/kepek/img_1.jpg HTTP/1.1" 304 - "-" "Mozilla/5.0 (compatible; YandexImages/3.0; +http://yandex.com/bots)"
66.249.76.62 - - [24/Jan/2013:08:20:00 +0100] "GET /fiok/programok.htm HTTP/1.1" 200 18165 "-" "DoCoMo/2.0 N905i(c100;TB;W24H16) (compatible; Googlebot-Mobile/2.1; +http://www.google.com/bot.html)"
66.249.76.62 - - [24/Jan/2013:08:31:48 +0100] "GET /jog/jogszabalyok/2009_xxxvii_tv.pdf HTTP/1.1" 200 324544 "-" "Mozilla/5.0 (compatible; Googlebot/2.1; +http://www.google.com/bot.html)"
37.140.141.19 - - [24/Jan/2013:08:36:00 +0100] "GET /tm02_.jpg HTTP/1.1" 304 - "-" "Mozilla/5.0 (compatible; YandexImages/3.0; +http://yandex.com/bots)"
66.249.76.62 - - [24/Jan/2013:08:49:09 +0100] "GET /jog/pub/+jog_jav.pdf HTTP/1.1" 304 - "-" "Mozilla/5.0 (compatible; Googlebot/2.1; +http://www.google.com/bot.html)"
66.249.76.62 - - [24/Jan/2013:08:52:38 +0100] "GET /jog/pub/+jog_jav.pdf HTTP/1.1" 304 - "-" "Mozilla/5.0 (compatible; Googlebot/2.1; +http://www.google.com/bot.html)"
66.249.76.62 - - [24/Jan/2013:09:03:07 +0100] "GET /jog/jogszabalyok/regp2001lxxxitvaarhus.pdf HTTP/1.1" 304 - "-" "Mozilla/5.0 (compatible; Googlebot/2.1; +http://www.google.com/bot.html)"
208.115.111.68 - - [24/Jan/2013:09:08:35 +0100] "GET /robots.txt HTTP/1.1" 404 1181 "-" "Mozilla/5.0 (compatible; Ezooms/1.0; ezooms.bot@gmail.com)"
37.140.141.19 - - [24/Jan/2013:09:12:27 +0100] "GET /tm01.jpg HTTP/1.1" 304 - "-" "Mozilla/5.0 (compatible; YandexImages/3.0; +http://yandex.com/bots)"
84.206.25.86 - - [24/Jan/2013:09:44:19 +0100] "GET / HTTP/1.1" 200 23965 "http://www.nimfea.hu/hirek.php" "Mozilla/5.0 (Windows NT 5.1; rv:16.0) Gecko/20100101 Firefox/16.0"
84.206.25.86 - - [24/Jan/2013:09:44:19 +0100] "GET /vill.cs HTTP/1.1" 200 2676 "http://www.beklen.hu/" "Mozilla/5.0 (Windows NT 5.1; rv:16.0) Gecko/20100101 Firefox/16.0"
84.206.25.86 - - [24/Jan/2013:09:44:19 +0100] "GET /tm01.jpg HTTP/1.1" 200 1080 "http://www.beklen.hu/" "Mozilla/5.0 (Windows NT 5.1; rv:16.0) Gecko/20100101 Firefox/16.0"
84.206.25.86 - - [24/Jan/2013:09:44:19 +0100] "GET /lb/css/lightbox.css HTTP/1.1" 200 1715 "http://www.beklen.hu/" "Mozilla/5.0 (Windows NT 5.1; rv:16.0) Gecko/20100101 Firefox/16.0"
84.206.25.86 - - [24/Jan/2013:09:44:19 +0100] "GET /lb/js/scriptaculous.js?load=effects HTTP/1.1" 200 2152 "http://www.beklen.hu/" "Mozilla/5.0 (Windows NT 5.1; rv:16.0) Gecko/20100101 Firefox/16.0"
84.206.25.86 - - [24/Jan/2013:09:44:19 +0100] "GET /lb/js/prototype.js HTTP/1.1" 200 47603 "http://www.beklen.hu/" "Mozilla/5.0 (Windows NT 5.1; rv:16.0) Gecko/20100101 Firefox/16.0"
84.206.25.86 - - [24/Jan/2013:09:44:19 +0100] "GET /lb/js/lightbox.js HTTP/1.1" 200 23424 "http://www.beklen.hu/" "Mozilla/5.0 (Windows NT 5.1; rv:16.0) Gecko/20100101 Firefox/16.0"
84.206.25.86 - - [24/Jan/2013:09:44:19 +0100] "GET /tm02.jpg HTTP/1.1" 200 1873 "http://www.beklen.hu/" "Mozilla/5.0 (Windows NT 5.1; rv:16.0) Gecko/20100101 Firefox/16.0"
84.206.25.86 - - [24/Jan/2013:09:44:20 +0100] "GET /tm03_.jpg HTTP/1.1" 200 1787 "http://www.beklen.hu/" "Mozilla/5.0 (Windows NT 5.1; rv:16.0) Gecko/20100101 Firefox/16.0"
84.206.25.86 - - [24/Jan/2013:09:44:20 +0100] "GET /tm05_.jpg HTTP/1.1" 200 1839 "http://www.beklen.hu/" "Mozilla/5.0 (Windows NT 5.1; rv:16.0) Gecko/20100101 Firefox/16.0"
84.206.25.86 - - [24/Jan/2013:09:44:20 +0100] "GET /tm06_.jpg HTTP/1.1" 200 1382 "http://www.beklen.hu/" "Mozilla/5.0 (Windows NT 5.1; rv:16.0) Gecko/20100101 Firefox/16.0"
84.206.25.86 - - [24/Jan/2013:09:44:20 +0100] "GET /tm04_.jpg HTTP/1.1" 200 2058 "http://www.beklen.hu/" "Mozilla/5.0 (Windows NT 5.1; rv:16.0) Gecko/20100101 Firefox/16.0"
84.206.25.86 - - [24/Jan/2013:09:44:20 +0100] "GET /a1_projekt_tabla_infra_cs3_beklenhaz_.jpg HTTP/1.1" 200 8994 "http://www.beklen.hu/" "Mozilla/5.0 (Windows NT 5.1; rv:16.0) Gecko/20100101 Firefox/16.0"
84.206.25.86 - - [24/Jan/2013:09:44:20 +0100] "GET /uszt-tabla_.jpg HTTP/1.1" 200 4543 "http://www.beklen.hu/" "Mozilla/5.0 (Windows NT 5.1; rv:16.0) Gecko/20100101 Firefox/16.0"
84.206.25.86 - - [24/Jan/2013:09:44:20 +0100] "GET /tm07.jpg HTTP/1.1" 200 1007 "http://www.beklen.hu/" "Mozilla/5.0 (Windows NT 5.1; rv:16.0) Gecko/20100101 Firefox/16.0"
84.206.25.86 - - [24/Jan/2013:09:44:20 +0100] "GET /jog_honlap_.jpg HTTP/1.1" 200 7186 "http://www.beklen.hu/" "Mozilla/5.0 (Windows NT 5.1; rv:16.0) Gecko/20100101 Firefox/16.0"
84.206.25.86 - - [24/Jan/2013:09:44:20 +0100] "GET /lb/js/effects.js HTTP/1.1" 200 31969 "http://www.beklen.hu/" "Mozilla/5.0 (Windows NT 5.1; rv:16.0) Gecko/20100101 Firefox/16.0"
84.206.25.86 - - [24/Jan/2013:09:44:20 +0100] "GET /bg.jpg HTTP/1.1" 200 566 "http://www.beklen.hu/" "Mozilla/5.0 (Windows NT 5.1; rv:16.0) Gecko/20100101 Firefox/16.0"
84.206.25.86 - - [24/Jan/2013:09:44:20 +0100] "GET /bottom_main.jpg HTTP/1.1" 200 96820 "http://www.beklen.hu/vill.cs" "Mozilla/5.0 (Windows NT 5.1; rv:16.0) Gecko/20100101 Firefox/16.0"
84.206.25.86 - - [24/Jan/2013:09:44:21 +0100] "GET /nimfea_project_250x250.gif HTTP/1.1" 200 2986583 "http://www.beklen.hu/" "Mozilla/5.0 (Windows NT 5.1; rv:16.0) Gecko/20100101 Firefox/16.0"
84.206.25.86 - - [24/Jan/2013:09:44:24 +0100] "GET /tm02_.jpg HTTP/1.1" 200 1524 "http://www.beklen.hu/" "Mozilla/5.0 (Windows NT 5.1; rv:16.0) Gecko/20100101 Firefox/16.0"
84.206.25.86 - - [24/Jan/2013:09:44:24 +0100] "GET /lb/images/closelabel.gif HTTP/1.1" 200 222 "http://www.beklen.hu/" "Mozilla/5.0 (Windows NT 5.1; rv:16.0) Gecko/20100101 Firefox/16.0"
84.206.25.86 - - [24/Jan/2013:09:44:24 +0100] "GET /lb/images/loading.gif HTTP/1.1" 200 2767 "http://www.beklen.hu/" "Mozilla/5.0 (Windows NT 5.1; rv:16.0) Gecko/20100101 Firefox/16.0"
84.206.25.86 - - [24/Jan/2013:09:44:24 +0100] "GET /tm04.jpg HTTP/1.1" 200 2613 "http://www.beklen.hu/" "Mozilla/5.0 (Windows NT 5.1; rv:16.0) Gecko/20100101 Firefox/16.0"
84.206.25.86 - - [24/Jan/2013:09:44:24 +0100] "GET /tm05.jpg HTTP/1.1" 200 2253 "http://www.beklen.hu/" "Mozilla/5.0 (Windows NT 5.1; rv:16.0) Gecko/20100101 Firefox/16.0"
84.206.25.86 - - [24/Jan/2013:09:44:24 +0100] "GET /tm06.jpg HTTP/1.1" 200 1651 "http://www.beklen.hu/" "Mozilla/5.0 (Windows NT 5.1; rv:16.0) Gecko/20100101 Firefox/16.0"
84.206.25.86 - - [24/Jan/2013:09:44:24 +0100] "GET /tm03.jpg HTTP/1.1" 200 2212 "http://www.beklen.hu/" "Mozilla/5.0 (Windows NT 5.1; rv:16.0) Gecko/20100101 Firefox/16.0"
37.140.141.19 - - [24/Jan/2013:09:49:45 +0100] "GET /jog/eseteink/korosladany/kepek/img_2_.jpg HTTP/1.1" 304 - "-" "Mozilla/5.0 (compatible; YandexImages/3.0; +http://yandex.com/bots)"
157.55.33.79 - - [24/Jan/2013:10:23:04 +0100] "GET /robots.txt HTTP/1.1" 404 1181 "-" "Mozilla/5.0 (compatible; bingbot/2.0; +http://www.bing.com/bingbot.htm)"
37.140.141.19 - - [24/Jan/2013:10:24:02 +0100] "GET /jog/eseteink/korosladany/kepek/img_5_.jpg HTTP/1.1" 304 - "-" "Mozilla/5.0 (compatible; YandexImages/3.0; +http://yandex.com/bots)"
157.55.33.79 - - [24/Jan/2013:10:25:00 +0100] "GET /index.htm HTTP/1.1" 200 23965 "-" "Mozilla/5.0 (compatible; bingbot/2.0; +http://www.bing.com/bingbot.htm)"
157.55.33.79 - - [24/Jan/2013:10:25:08 +0100] "GET /programok.htm HTTP/1.1" 200 6444 "-" "Mozilla/5.0 (compatible; bingbot/2.0; +http://www.bing.com/bingbot.htm)"
157.55.33.79 - - [24/Jan/2013:10:25:14 +0100] "GET /hirek08_12.htm HTTP/1.1" 200 8268 "-" "Mozilla/5.0 (compatible; bingbot/2.0; +http://www.bing.com/bingbot.htm)"
157.56.93.192 - - [24/Jan/2013:10:33:00 +0100] "GET /hirarchivum.htm HTTP/1.1" 200 24981 "-" "Mozilla/5.0 (compatible; bingbot/2.0; +http://www.bing.com/bingbot.htm)"
157.56.93.192 - - [24/Jan/2013:10:33:02 +0100] "GET /khb.htm HTTP/1.1" 200 8719 "-" "Mozilla/5.0 (compatible; bingbot/2.0; +http://www.bing.com/bingbot.htm)"
157.56.93.192 - - [24/Jan/2013:10:33:04 +0100] "GET /deutsch/index.htm HTTP/1.1" 200 5324 "-" "Mozilla/5.0 (compatible; bingbot/2.0; +http://www.bing.com/bingbot.htm)"
66.249.76.62 - - [24/Jan/2013:11:07:15 +0100] "GET /robots.txt HTTP/1.1" 404 1181 "-" "Mozilla/5.0 (compatible; Googlebot/2.1; +http://www.google.com/bot.html)"
66.249.76.62 - - [24/Jan/2013:11:07:15 +0100] "GET /fiok/programok.htm HTTP/1.1" 200 18165 "-" "SAMSUNG-SGH-E250/1.0 Profile/MIDP-2.0 Configuration/CLDC-1.1 UP.Browser/6.2.3.3.c.1.101 (GUI) MMP/2.0 (compatible; Googlebot-Mobile/2.1; +http://www.google.com/bot.html)"
208.115.111.68 - - [24/Jan/2013:11:52:41 +0100] "GET /hirek/hirek100225.htm HTTP/1.1" 200 7288 "-" "Mozilla/5.0 (compatible; Ezooms/1.0; ezooms.bot@gmail.com)"
208.115.111.68 - - [24/Jan/2013:11:52:42 +0100] "GET /nca11.htm HTTP/1.1" 200 7133 "-" "Mozilla/5.0 (compatible; Ezooms/1.0; ezooms.bot@gmail.com)"
139.18.2.17 - - [24/Jan/2013:12:06:20 +0100] "GET /hirek08_12.htm HTTP/1.1" 200 8268 "-" "findlinks/2.6 (+http://wortschatz.uni-leipzig.de/findlinks/)"
173.199.119.67 - - [24/Jan/2013:12:34:43 +0100] "GET /jog/eseteink/korosladany/miniszt%C3%A9rium_fougyeszs%C3%A9g_felugyeleti_intezkedes.pdf HTTP/1.1" 404 1181 "-" "Mozilla/5.0 (compatible; AhrefsBot/4.0; +http://ahrefs.com/robot/)"
66.249.76.62 - - [24/Jan/2013:12:45:42 +0100] "GET /jog/img/320/sargarigo2.jpg HTTP/1.1" 304 - "-" "Googlebot-Image/1.0"
168.62.161.248 - - [24/Jan/2013:13:04:13 +0100] "GET /jog/pub/fuzet_beliv_jav2angol.pdf HTTP/1.0" 200 672736 "http://www.beklen.hu/jog/pub/fuzet_beliv_jav2angol.pdf" "Mozilla/5.0 (Windows NT 6.1; WOW64; rv:15.0) Gecko/20100101 Firefox/15.0"
208.115.111.68 - - [24/Jan/2013:13:11:05 +0100] "GET /robots.txt HTTP/1.1" 404 1181 "-" "Mozilla/5.0 (compatible; Ezooms/1.0; ezooms.bot@gmail.com)"
173.199.119.35 - - [24/Jan/2013:13:45:58 +0100] "GET /robots.txt HTTP/1.1" 404 1181 "-" "Mozilla/5.0 (compatible; AhrefsBot/4.0; +http://ahrefs.com/robot/)"
66.249.76.62 - - [24/Jan/2013:14:08:37 +0100] "GET /hirek/eszkozok/eszkoz3.jpg HTTP/1.1" 304 - "-" "Googlebot-Image/1.0"
180.76.5.63 - - [24/Jan/2013:14:13:23 +0100] "GET /fiok/index.html HTTP/1.1" 200 20554 "-" "Mozilla/5.0 (compatible; Baiduspider/2.0; +http://www.baidu.com/search/spider.html)"
180.76.5.159 - - [24/Jan/2013:14:13:26 +0100] "GET /fiok/ HTTP/1.1" 200 20554 "-" "Mozilla/5.0 (compatible; Baiduspider/2.0; +http://www.baidu.com/search/spider.html)"
66.249.76.62 - - [24/Jan/2013:15:04:45 +0100] "GET /jog/eseteink/malom/fotok/img_3064.jpg HTTP/1.1" 304 - "-" "Googlebot-Image/1.0"
66.249.76.62 - - [24/Jan/2013:15:49:03 +0100] "GET /hirek/090510/szuletesunnepe090.jpg HTTP/1.1" 304 - "-" "Googlebot-Image/1.0"
208.115.111.68 - - [24/Jan/2013:15:52:39 +0100] "GET /fiok/mult.htm HTTP/1.1" 200 23227 "-" "Mozilla/5.0 (compatible; Ezooms/1.0; ezooms.bot@gmail.com)"
66.249.76.62 - - [24/Jan/2013:15:54:24 +0100] "GET /fiok/program_reszek/programok/17.jpg HTTP/1.1" 304 - "-" "Googlebot-Image/1.0"
130.83.167.153 - - [24/Jan/2013:16:00:18 +0100] "GET /jog/adathozzaferes.htm HTTP/1.1" 200 13800 "-" "findlinks/2.6 (+http://wortschatz.uni-leipzig.de/findlinks/)"
208.115.111.68 - - [24/Jan/2013:17:13:45 +0100] "GET /robots.txt HTTP/1.1" 404 1181 "-" "Mozilla/5.0 (compatible; Ezooms/1.0; ezooms.bot@gmail.com)"
173.199.119.67 - - [24/Jan/2013:17:46:02 +0100] "GET /hirarchivum.htm HTTP/1.1" 200 24981 "-" "Mozilla/5.0 (compatible; AhrefsBot/4.0; +http://ahrefs.com/robot/)"
173.199.119.67 - - [24/Jan/2013:17:54:00 +0100] "GET /jog/eseteink/dakar/dakar_dabas_ugyeszseg_valasz.pdf HTTP/1.1" 200 17042 "-" "Mozilla/5.0 (compatible; AhrefsBot/4.0; +http://ahrefs.com/robot/)"
173.199.119.67 - - [24/Jan/2013:17:59:54 +0100] "GET /hirek/hirek120120.htm HTTP/1.1" 200 6634 "-" "Mozilla/5.0 (compatible; AhrefsBot/4.0; +http://ahrefs.com/robot/)"
173.199.119.67 - - [24/Jan/2013:18:02:11 +0100] "GET /jog/eseteink/poroszlo/keresetlevel_javitott_poroszlo.pdf HTTP/1.1" 200 18492 "-" "Mozilla/5.0 (compatible; AhrefsBot/4.0; +http://ahrefs.com/robot/)"
178.154.210.252 - - [24/Jan/2013:18:04:16 +0100] "GET /robots.txt HTTP/1.1" 404 1181 "-" "Mozilla/5.0 (compatible; YandexBot/3.0; +http://yandex.com/bots)"
178.154.210.252 - - [24/Jan/2013:18:04:19 +0100] "GET /magunkrol.htm HTTP/1.1" 304 - "-" "Mozilla/5.0 (compatible; YandexBot/3.0; +http://yandex.com/bots)"
84.1.100.162 - - [24/Jan/2013:18:07:10 +0100] "GET /jog/eseteink/derekegyhaza/dalerd-disznoskert%20szakhat-vegleges.pdf HTTP/1.1" 200 190281 "http://www.google.hu/url?sa=t&rct=j&q=vadiszno.befog%C3%A1sok.%C3%A9lve&source=web&cd=20&ved=0CGwQFjAJOAo&url=http%3A%2F%2Fwww.beklen.hu%2Fjog%2Feseteink%2Fderekegyhaza%2Fdalerd-disznoskert%2520szakhat-vegleges.pdf&ei=8mkBUdSWFcjJtAbNjYH4DA&usg=AFQjCNEBGu24jT5qgAFqhIXgQVRiAz7BFA" "Mozilla/5.0 (Windows NT 5.1; rv:18.0) Gecko/20100101 Firefox/18.0"
173.199.119.67 - - [24/Jan/2013:18:21:56 +0100] "GET /jog/eseteink/derekegyhaza/erdofelugyeloseg_letesitmeny2.pdf HTTP/1.1" 200 17045 "-" "Mozilla/5.0 (compatible; AhrefsBot/4.0; +http://ahrefs.com/robot/)"
173.199.119.67 - - [24/Jan/2013:18:23:51 +0100] "GET /magunkrol.htm HTTP/1.1" 200 9202 "-" "Mozilla/5.0 (compatible; AhrefsBot/4.0; +http://ahrefs.com/robot/)"
173.199.119.67 - - [24/Jan/2013:18:34:12 +0100] "GET /jog/eseteink/malom/ugyfel_fellebbez.pdf HTTP/1.1" 200 17044 "-" "Mozilla/5.0 (compatible; AhrefsBot/4.0; +http://ahrefs.com/robot/)"
66.249.76.62 - - [24/Jan/2013:19:03:46 +0100] "GET /jog/pub/jav_slapp_borito1_.jpg HTTP/1.1" 304 - "-" "Googlebot-Image/1.0"
173.199.119.67 - - [24/Jan/2013:19:05:10 +0100] "GET /jog/eseteink/derekegyhaza/natura_letesitmeny2.pdf HTTP/1.1" 200 17045 "-" "Mozilla/5.0 (compatible; AhrefsBot/4.0; +http://ahrefs.com/robot/)"
77.20.155.143 - - [24/Jan/2013:19:12:38 +0100] "GET /jog/tippek.htm HTTP/1.1" 200 13697 "-" "findlinks/2.0.2 (+http://wortschatz.uni-leipzig.de/findlinks/)"
173.199.119.67 - - [24/Jan/2013:19:23:32 +0100] "GET /jog/jogszabalyok/egyezm_bonn.pdf HTTP/1.1" 200 19941 "-" "Mozilla/5.0 (compatible; AhrefsBot/4.0; +http://ahrefs.com/robot/)"
66.249.76.62 - - [24/Jan/2013:19:28:10 +0100] "GET /jog/pub/rally_kiadvany_mtvsz.pdf HTTP/1.1" 200 630857 "-" "Mozilla/5.0 (iPhone; U; CPU iPhone OS 4_1 like Mac OS X; en-us) AppleWebKit/532.9 (KHTML, like Gecko) Version/4.0.5 Mobile/8B117 Safari/6531.22.7 (compatible; Googlebot-Mobile/2.1; +http://www.google.com/bot.html)"
66.249.76.62 - - [24/Jan/2013:19:35:43 +0100] "GET /fiok/program_reszek/programok/19.jpg HTTP/1.1" 304 - "-" "Googlebot-Image/1.0"
77.20.155.143 - - [24/Jan/2013:19:37:49 +0100] "GET /fiok/program_reszek/taborok.htm HTTP/1.1" 200 23942 "-" "findlinks/2.0.2 (+http://wortschatz.uni-leipzig.de/findlinks/)"
173.199.119.67 - - [24/Jan/2013:19:42:44 +0100] "GET /jog/eseteink/korosladany/srbvadi_srb.pdf HTTP/1.1" 200 17044 "-" "Mozilla/5.0 (compatible; AhrefsBot/4.0; +http://ahrefs.com/robot/)"
208.115.111.68 - - [24/Jan/2013:19:55:38 +0100] "GET /deutsch/kontakt.htm HTTP/1.1" 200 4769 "-" "Mozilla/5.0 (compatible; Ezooms/1.0; ezooms.bot@gmail.com)"
208.115.111.68 - - [24/Jan/2013:19:55:39 +0100] "GET /hirek08_11.htm HTTP/1.1" 200 7253 "-" "Mozilla/5.0 (compatible; Ezooms/1.0; ezooms.bot@gmail.com)"
208.115.111.68 - - [24/Jan/2013:19:55:41 +0100] "GET /jog/eseteink/poroszlo/index.htm HTTP/1.1" 200 16861 "-" "Mozilla/5.0 (compatible; Ezooms/1.0; ezooms.bot@gmail.com)"
208.115.111.68 - - [24/Jan/2013:19:55:41 +0100] "GET /jog/tarseljarasok.htm HTTP/1.1" 200 13316 "-" "Mozilla/5.0 (compatible; Ezooms/1.0; ezooms.bot@gmail.com)"
208.115.111.68 - - [24/Jan/2013:19:55:43 +0100] "GET /nca05.htm HTTP/1.1" 200 16412 "-" "Mozilla/5.0 (compatible; Ezooms/1.0; ezooms.bot@gmail.com)"
173.199.119.67 - - [24/Jan/2013:20:17:29 +0100] "GET /jog/eseteink/korosladany/fellebbezes_kv_engedly.doc.pdf HTTP/1.1" 200 17044 "-" "Mozilla/5.0 (compatible; AhrefsBot/4.0; +http://ahrefs.com/robot/)"
173.199.119.67 - - [24/Jan/2013:20:31:23 +0100] "GET /jog/eseteink/derekegyhaza/asz_kerites_ugyfel_fellebezes.pdf HTTP/1.1" 200 17044 "-" "Mozilla/5.0 (compatible; AhrefsBot/4.0; +http://ahrefs.com/robot/)"
66.249.76.62 - - [24/Jan/2013:20:44:46 +0100] "GET /khb/beklen_2003_kh_jelentes.pdf HTTP/1.1" 200 90129 "-" "Googlebot/2.1 (+http://www.google.com/bot.html)"
208.115.111.68 - - [24/Jan/2013:21:12:43 +0100] "GET /robots.txt HTTP/1.1" 404 1181 "-" "Mozilla/5.0 (compatible; Ezooms/1.0; ezooms.bot@gmail.com)"
157.55.35.40 - - [24/Jan/2013:21:36:47 +0100] "GET /robots.txt HTTP/1.1" 404 1181 "-" "Mozilla/5.0 (compatible; bingbot/2.0; +http://www.bing.com/bingbot.htm)"
157.55.35.40 - - [24/Jan/2013:21:38:43 +0100] "GET /kapcsolat.htm HTTP/1.1" 304 - "-" "Mozilla/5.0 (compatible; bingbot/2.0; +http://www.bing.com/bingbot.htm)"
66.249.76.62 - - [24/Jan/2013:21:48:30 +0100] "GET /hirek/090510/szuletesunnepe011.jpg HTTP/1.1" 304 - "-" "Googlebot-Image/1.0"
78.158.11.226 - - [24/Jan/2013:21:50:36 +0100] "GET / HTTP/1.0" 200 23965 "http://evuln.com/tools/malware-scanner/beklen.hu/" "Lynx/2.8.5rel.1 libwww-FM/2.15FC SSL-MM/1.4.1c OpenSSL/0.9.7e-dev"
78.158.11.226 - - [24/Jan/2013:21:50:37 +0100] "GET / HTTP/1.0" 200 19929 "http://www.google.com/url?sa=t&rct=j&q=beklen.hu&source=web&cd=5&ved=0CF0QFjAE&url=http:%2F%2Fbeklen.hu%2F&cad=rja" "Lynx/2.8.5rel.1 libwww-FM/2.15FC SSL-MM/1.4.1c OpenSSL/0.9.7e-dev"
78.158.11.226 - - [24/Jan/2013:21:50:37 +0100] "GET /hirek/hirek100225.htm HTTP/1.0" 200 7288 "-" "Lynx/2.8.5rel.1 libwww-FM/2.15FC SSL-MM/1.4.1c OpenSSL/0.9.7e-dev"
78.158.11.226 - - [24/Jan/2013:21:50:37 +0100] "GET /hirek/klimatv_civilcikk.doc HTTP/1.0" 200 18471 "-" "Lynx/2.8.5rel.1 libwww-FM/2.15FC SSL-MM/1.4.1c OpenSSL/0.9.7e-dev"
139.18.2.209 - - [24/Jan/2013:22:17:10 +0100] "GET /hirek/hirek100305.htm HTTP/1.1" 200 7091 "-" "findlinks/2.6 (+http://wortschatz.uni-leipzig.de/findlinks/)"
88.214.193.210 - - [24/Jan/2013:22:18:22 +0100] "GET / HTTP/1.0" 200 23965 "-" "Mozilla/5.0 (Windows; U; Windows NT 5.1; en-US; rv:1.7.10) Gecko/20050716 Firefox/1.0.6"
88.214.193.210 - - [24/Jan/2013:22:18:41 +0100] "GET / HTTP/1.0" 200 23965 "-" "Mozilla/5.0 (Windows; U; Windows NT 5.1; en-US; rv:1.7.10) Gecko/20050716 Firefox/1.0.6"
88.214.193.210 - - [24/Jan/2013:22:18:46 +0100] "GET /magunkrol.htm HTTP/1.0" 200 9202 "-" "Mozilla/5.0 (Windows; U; Windows NT 5.1; en-US; rv:1.7.10) Gecko/20050716 Firefox/1.0.6"
88.214.193.210 - - [24/Jan/2013:22:19:02 +0100] "GET /programok.htm HTTP/1.0" 200 6444 "-" "Mozilla/5.0 (Windows; U; Windows NT 5.1; en-US; rv:1.7.10) Gecko/20050716 Firefox/1.0.6"
88.214.193.210 - - [24/Jan/2013:22:19:19 +0100] "GET /kapcsolat.htm HTTP/1.0" 200 6889 "-" "Mozilla/5.0 (Windows; U; Windows NT 5.1; en-US; rv:1.7.10) Gecko/20050716 Firefox/1.0.6"
88.214.193.210 - - [24/Jan/2013:22:19:25 +0100] "GET /media.htm HTTP/1.0" 200 5208 "-" "Mozilla/5.0 (Windows; U; Windows NT 5.1; en-US; rv:1.7.10) Gecko/20050716 Firefox/1.0.6"
88.214.193.210 - - [24/Jan/2013:22:19:35 +0100] "GET /English/ HTTP/1.0" 404 1181 "-" "Mozilla/5.0 (Windows; U; Windows NT 5.1; en-US; rv:1.7.10) Gecko/20050716 Firefox/1.0.6"
88.214.193.210 - - [24/Jan/2013:22:19:36 +0100] "GET /deutsch/ HTTP/1.0" 200 5324 "-" "Mozilla/5.0 (Windows; U; Windows NT 5.1; en-US; rv:1.7.10) Gecko/20050716 Firefox/1.0.6"
88.214.193.210 - - [24/Jan/2013:22:19:36 +0100] "GET /jog/ HTTP/1.0" 200 13138 "-" "Mozilla/5.0 (Windows; U; Windows NT 5.1; en-US; rv:1.7.10) Gecko/20050716 Firefox/1.0.6"
88.214.193.210 - - [24/Jan/2013:22:19:54 +0100] "GET /hirek/hirek120207.htm HTTP/1.0" 200 6586 "-" "Mozilla/5.0 (Windows; U; Windows NT 5.1; en-US; rv:1.7.10) Gecko/20050716 Firefox/1.0.6"
88.214.193.210 - - [24/Jan/2013:22:19:55 +0100] "GET /hirek/hirek120120.htm HTTP/1.0" 200 6634 "-" "Mozilla/5.0 (Windows; U; Windows NT 5.1; en-US; rv:1.7.10) Gecko/20050716 Firefox/1.0.6"
88.214.193.210 - - [24/Jan/2013:22:19:57 +0100] "GET /hirek/hirek101213.htm HTTP/1.0" 200 8671 "-" "Mozilla/5.0 (Windows; U; Windows NT 5.1; en-US; rv:1.7.10) Gecko/20050716 Firefox/1.0.6"
88.214.193.210 - - [24/Jan/2013:22:20:14 +0100] "GET /hirek/hirek101027.htm HTTP/1.0" 200 9627 "-" "Mozilla/5.0 (Windows; U; Windows NT 5.1; en-US; rv:1.7.10) Gecko/20050716 Firefox/1.0.6"
88.214.193.210 - - [24/Jan/2013:22:20:28 +0100] "GET /hirek/hirek101025.htm HTTP/1.0" 200 8786 "-" "Mozilla/5.0 (Windows; U; Windows NT 5.1; en-US; rv:1.7.10) Gecko/20050716 Firefox/1.0.6"
88.214.193.210 - - [24/Jan/2013:22:20:42 +0100] "GET /hirek/hirek100810.htm HTTP/1.0" 200 8123 "-" "Mozilla/5.0 (Windows; U; Windows NT 5.1; en-US; rv:1.7.10) Gecko/20050716 Firefox/1.0.6"
88.214.193.210 - - [24/Jan/2013:22:20:54 +0100] "GET /hirek/hirek100804.htm HTTP/1.0" 200 8056 "-" "Mozilla/5.0 (Windows; U; Windows NT 5.1; en-US; rv:1.7.10) Gecko/20050716 Firefox/1.0.6"
88.214.193.210 - - [24/Jan/2013:22:20:59 +0100] "GET /hirek/hirek100728.htm HTTP/1.0" 200 7560 "-" "Mozilla/5.0 (Windows; U; Windows NT 5.1; en-US; rv:1.7.10) Gecko/20050716 Firefox/1.0.6"
88.214.193.210 - - [24/Jan/2013:22:21:17 +0100] "GET /hirek/hirek100420.htm HTTP/1.0" 200 7914 "-" "Mozilla/5.0 (Windows; U; Windows NT 5.1; en-US; rv:1.7.10) Gecko/20050716 Firefox/1.0.6"
88.214.193.210 - - [24/Jan/2013:22:21:36 +0100] "GET /hirek/hirek100305.htm HTTP/1.0" 200 7091 "-" "Mozilla/5.0 (Windows; U; Windows NT 5.1; en-US; rv:1.7.10) Gecko/20050716 Firefox/1.0.6"
88.214.193.210 - - [24/Jan/2013:22:21:47 +0100] "GET /hirek/hirek100225.htm HTTP/1.0" 200 7288 "-" "Mozilla/5.0 (Windows; U; Windows NT 5.1; en-US; rv:1.7.10) Gecko/20050716 Firefox/1.0.6"
88.214.193.210 - - [24/Jan/2013:22:21:56 +0100] "GET /hirek/hirek091221.htm HTTP/1.0" 200 6740 "-" "Mozilla/5.0 (Windows; U; Windows NT 5.1; en-US; rv:1.7.10) Gecko/20050716 Firefox/1.0.6"
88.214.193.210 - - [24/Jan/2013:22:22:13 +0100] "GET /hirek/hirek091103.htm HTTP/1.0" 200 7301 "-" "Mozilla/5.0 (Windows; U; Windows NT 5.1; en-US; rv:1.7.10) Gecko/20050716 Firefox/1.0.6"
88.214.193.210 - - [24/Jan/2013:22:22:27 +0100] "GET /hirek/hirek091102.htm HTTP/1.0" 200 8538 "-" "Mozilla/5.0 (Windows; U; Windows NT 5.1; en-US; rv:1.7.10) Gecko/20050716 Firefox/1.0.6"
88.214.193.210 - - [24/Jan/2013:22:22:28 +0100] "GET /hirek/hirek091015.htm HTTP/1.0" 200 7046 "-" "Mozilla/5.0 (Windows; U; Windows NT 5.1; en-US; rv:1.7.10) Gecko/20050716 Firefox/1.0.6"
88.214.193.210 - - [24/Jan/2013:22:22:45 +0100] "GET /hirek/Microsoft/ HTTP/1.0" 404 1181 "-" "Mozilla/5.0 (Windows; U; Windows NT 5.1; en-US; rv:1.7.10) Gecko/20050716 Firefox/1.0.6"
88.214.193.210 - - [24/Jan/2013:22:23:02 +0100] "GET /hirarchivum.htm HTTP/1.0" 200 24981 "-" "Mozilla/5.0 (Windows; U; Windows NT 5.1; en-US; rv:1.7.10) Gecko/20050716 Firefox/1.0.6"
88.214.193.210 - - [24/Jan/2013:22:23:24 +0100] "GET / HTTP/1.0" 200 23965 "-" "Mozilla/5.0 (Windows; U; Windows NT 5.1; en-US; rv:1.7.10) Gecko/20050716 Firefox/1.0.6"
88.214.193.210 - - [24/Jan/2013:22:23:39 +0100] "GET / HTTP/1.0" 200 23965 "-" "Mozilla/5.0 (Windows; U; Windows NT 5.1; en-US; rv:1.7.10) Gecko/20050716 Firefox/1.0.6"
88.214.193.210 - - [24/Jan/2013:22:24:03 +0100] "GET / HTTP/1.0" 200 23965 "-" "Mozilla/5.0 (Windows; U; Windows NT 5.1; en-US; rv:1.7.10) Gecko/20050716 Firefox/1.0.6"
88.214.193.210 - - [24/Jan/2013:22:24:17 +0100] "GET / HTTP/1.0" 200 23965 "-" "Mozilla/5.0 (Windows; U; Windows NT 5.1; en-US; rv:1.7.10) Gecko/20050716 Firefox/1.0.6"
88.214.193.210 - - [24/Jan/2013:22:24:33 +0100] "GET / HTTP/1.0" 200 23965 "-" "Mozilla/5.0 (Windows; U; Windows NT 5.1; en-US; rv:1.7.10) Gecko/20050716 Firefox/1.0.6"
88.214.193.210 - - [24/Jan/2013:22:24:42 +0100] "GET / HTTP/1.0" 200 23965 "-" "Mozilla/5.0 (Windows; U; Windows NT 5.1; en-US; rv:1.7.10) Gecko/20050716 Firefox/1.0.6"
88.214.193.210 - - [24/Jan/2013:22:24:44 +0100] "GET / HTTP/1.0" 200 23965 "-" "Mozilla/5.0 (Windows; U; Windows NT 5.1; en-US; rv:1.7.10) Gecko/20050716 Firefox/1.0.6"
88.214.193.210 - - [24/Jan/2013:22:24:46 +0100] "GET / HTTP/1.0" 200 23965 "-" "Mozilla/5.0 (Windows; U; Windows NT 5.1; en-US; rv:1.7.10) Gecko/20050716 Firefox/1.0.6"
88.214.193.210 - - [24/Jan/2013:22:25:14 +0100] "GET / HTTP/1.0" 200 23965 "-" "Mozilla/5.0 (Windows; U; Windows NT 5.1; en-US; rv:1.7.10) Gecko/20050716 Firefox/1.0.6"
88.214.193.210 - - [24/Jan/2013:22:25:21 +0100] "GET / HTTP/1.0" 200 23965 "-" "Mozilla/5.0 (Windows; U; Windows NT 5.1; en-US; rv:1.7.10) Gecko/20050716 Firefox/1.0.6"
88.214.193.210 - - [24/Jan/2013:22:25:45 +0100] "GET / HTTP/1.0" 200 23965 "-" "Mozilla/5.0 (Windows; U; Windows NT 5.1; en-US; rv:1.7.10) Gecko/20050716 Firefox/1.0.6"
88.214.193.210 - - [24/Jan/2013:22:25:55 +0100] "GET / HTTP/1.0" 200 23965 "-" "Mozilla/5.0 (Windows; U; Windows NT 5.1; en-US; rv:1.7.10) Gecko/20050716 Firefox/1.0.6"
88.214.193.210 - - [24/Jan/2013:22:25:59 +0100] "GET / HTTP/1.0" 200 23965 "-" "Mozilla/5.0 (Windows; U; Windows NT 5.1; en-US; rv:1.7.10) Gecko/20050716 Firefox/1.0.6"
88.214.193.210 - - [24/Jan/2013:22:26:00 +0100] "GET / HTTP/1.0" 200 23965 "-" "Mozilla/5.0 (Windows; U; Windows NT 5.1; en-US; rv:1.7.10) Gecko/20050716 Firefox/1.0.6"
77.20.155.143 - - [24/Jan/2013:22:56:32 +0100] "GET /deutsch/kontakt.htm HTTP/1.1" 200 4769 "-" "findlinks/2.0.2 (+http://wortschatz.uni-leipzig.de/findlinks/)"
208.115.113.84 - - [24/Jan/2013:23:16:21 +0100] "GET /robots.txt HTTP/1.1" 404 1181 "-" "Mozilla/5.0 (compatible; Ezooms/1.0; ezooms.bot@gmail.com)"
139.18.2.17 - - [24/Jan/2013:23:41:05 +0100] "GET /jog/zoldombudsman.htm HTTP/1.1" 200 13369 "-" "findlinks/2.6 (+http://wortschatz.uni-leipzig.de/findlinks/)"
66.249.76.62 - - [24/Jan/2013:23:51:59 +0100] "GET /robots.txt HTTP/1.1" 404 1181 "-" "Mozilla/5.0 (compatible; Googlebot/2.1; +http://www.google.com/bot.html)"
66.249.76.62 - - [24/Jan/2013:23:51:59 +0100] "GET /fiok/program_reszek/turazas.htm HTTP/1.1" 200 22754 "-" "Mozilla/5.0 (compatible; Googlebot/2.1; +http://www.google.com/bot.html)"
208.115.111.68 - - [25/Jan/2013:00:03:35 +0100] "GET /jog/eseteink/duzzaszto/index.htm HTTP/1.1" 200 10470 "-" "Mozilla/5.0 (compatible; Ezooms/1.0; ezooms.bot@gmail.com)"
66.249.76.62 - - [25/Jan/2013:00:12:34 +0100] "GET /hirek/hirek100420.htm HTTP/1.1" 304 - "-" "Mozilla/5.0 (iPhone; U; CPU iPhone OS 4_1 like Mac OS X; en-us) AppleWebKit/532.9 (KHTML, like Gecko) Version/4.0.5 Mobile/8B117 Safari/6531.22.7 (compatible; Googlebot-Mobile/2.1; +http://www.google.com/bot.html)"
139.18.2.17 - - [25/Jan/2013:00:26:11 +0100] "GET /fiok/program_reszek/news.html HTTP/1.1" 404 1181 "-" "findlinks/2.6 (+http://wortschatz.uni-leipzig.de/findlinks/)"
131.253.24.53 - - [25/Jan/2013:00:33:27 +0100] "GET /kapcsolat.htm HTTP/1.1" 200 6889 "-" "Mozilla/4.0 (compatible; MSIE 7.0; Windows NT 5.1; SV1; .NET CLR 1.1.4322; .NET CLR 2.0.50727; .NET CLR 3.0.04506.648)"
131.253.24.53 - - [25/Jan/2013:00:33:29 +0100] "GET /vill.cs HTTP/1.1" 200 2676 "http://www.beklen.hu/kapcsolat.htm" "Mozilla/4.0 (compatible; MSIE 7.0; Windows NT 5.1; SV1; .NET CLR 1.1.4322; .NET CLR 2.0.50727; .NET CLR 3.0.04506.648)"
131.253.24.53 - - [25/Jan/2013:00:33:31 +0100] "GET /felsorol.css HTTP/1.1" 200 240 "http://www.beklen.hu/kapcsolat.htm" "Mozilla/4.0 (compatible; MSIE 7.0; Windows NT 5.1; SV1; .NET CLR 1.1.4322; .NET CLR 2.0.50727; .NET CLR 3.0.04506.648)"
66.249.76.62 - - [25/Jan/2013:00:47:01 +0100] "GET /fiok/css/lightbox.css HTTP/1.1" 200 1715 "-" "Mozilla/5.0 (compatible; Googlebot/2.1; +http://www.google.com/bot.html)"
66.249.76.62 - - [25/Jan/2013:00:47:07 +0100] "GET /fiok/program_reszek/programok/20.jpg HTTP/1.1" 200 187831 "-" "Mozilla/5.0 (compatible; Googlebot/2.1; +http://www.google.com/bot.html)"
66.249.76.62 - - [25/Jan/2013:00:47:08 +0100] "GET /fiok/program_reszek/programok/19.jpg HTTP/1.1" 200 196464 "-" "Mozilla/5.0 (compatible; Googlebot/2.1; +http://www.google.com/bot.html)"
66.249.76.62 - - [25/Jan/2013:00:47:13 +0100] "GET /fiok/program_reszek/programok/18.jpg HTTP/1.1" 200 225255 "-" "Mozilla/5.0 (compatible; Googlebot/2.1; +http://www.google.com/bot.html)"
66.249.76.62 - - [25/Jan/2013:00:47:17 +0100] "GET /fiok/program_reszek/programok/21.jpg HTTP/1.1" 200 261695 "-" "Mozilla/5.0 (compatible; Googlebot/2.1; +http://www.google.com/bot.html)"
208.115.113.84 - - [25/Jan/2013:01:30:31 +0100] "GET /fiok/index.html HTTP/1.1" 200 20554 "-" "Mozilla/5.0 (compatible; Ezooms/1.0; ezooms.bot@gmail.com)"
178.154.210.252 - - [25/Jan/2013:01:45:46 +0100] "GET /jog/pub/fuzet_beliv_jav2angol.pdf HTTP/1.1" 304 - "-" "Mozilla/5.0 (compatible; YandexBot/3.0; +http://yandex.com/bots)"
77.20.155.143 - - [25/Jan/2013:02:01:08 +0100] "GET /fiok/program_reszek/csaladbarat.htm HTTP/1.1" 200 20928 "-" "findlinks/2.0.2 (+http://wortschatz.uni-leipzig.de/findlinks/)"
139.18.2.17 - - [25/Jan/2013:02:49:29 +0100] "GET /fiok/program_reszek/konferancia.htm HTTP/1.1" 200 21668 "-" "findlinks/2.6 (+http://wortschatz.uni-leipzig.de/findlinks/)"
180.76.5.190 - - [25/Jan/2013:03:04:38 +0100] "GET /fiok/program_reszek/csaladbarat.htm HTTP/1.1" 200 20928 "-" "Mozilla/5.0 (compatible; Baiduspider/2.0; +http://www.baidu.com/search/spider.html)"
139.18.2.209 - - [25/Jan/2013:03:31:57 +0100] "GET /deutsch/index.htm HTTP/1.1" 200 5324 "-" "findlinks/2.6 (+http://wortschatz.uni-leipzig.de/findlinks/)"
66.249.76.62 - - [25/Jan/2013:04:05:04 +0100] "GET /jog/adathozzaferes.htm HTTP/1.1" 200 13800 "-" "SAMSUNG-SGH-E250/1.0 Profile/MIDP-2.0 Configuration/CLDC-1.1 UP.Browser/6.2.3.3.c.1.101 (GUI) MMP/2.0 (compatible; Googlebot-Mobile/2.1; +http://www.google.com/bot.html)"
66.249.76.62 - - [25/Jan/2013:06:55:52 +0100] "GET /szakmai.htm HTTP/1.1" 200 6054 "-" "Mozilla/5.0 (compatible; Googlebot/2.1; +http://www.google.com/bot.html)"
66.249.76.62 - - [25/Jan/2013:07:04:47 +0100] "GET /jog/eseteink/derekegyhaza/biroi_vegzes.pdf HTTP/1.1" 304 - "-" "Mozilla/5.0 (compatible; Googlebot/2.1; +http://www.google.com/bot.html)"
208.115.113.84 - - [25/Jan/2013:07:12:32 +0100] "GET /robots.txt HTTP/1.1" 404 1181 "-" "Mozilla/5.0 (compatible; Ezooms/1.0; ezooms.bot@gmail.com)"
178.154.210.252 - - [25/Jan/2013:08:39:46 +0100] "GET /robots.txt HTTP/1.1" 404 1181 "-" "Mozilla/5.0 (compatible; YandexBot/3.0; +http://yandex.com/bots)"
46.107.52.209 - - [25/Jan/2013:09:07:52 +0100] "GET /jog/pub/rally_kiadvany_mtvsz.pdf HTTP/1.1" 206 32768 "http://www.beklen.hu/jog/pub/rally_kiadvany_mtvsz.pdf" "Mozilla/5.0 (Windows NT 5.1) AppleWebKit/537.17 (KHTML, like Gecko) Chrome/24.0.1312.56 Safari/537.17"
46.107.52.209 - - [25/Jan/2013:09:07:52 +0100] "GET /jog/pub/rally_kiadvany_mtvsz.pdf HTTP/1.1" 200 611189 "http://www.google.hu/url?sa=t&rct=j&q=f%C3%B6ldmunkag%C3%A9p%20kezel%C5%91k%20speci%C3%A1lis%20ismeretei%20s%20z%C3%B3beli%20k%C3%A9rd%C3%A9sek%20kidolgoz%C3%A1s%C3%A1nak%20let%C3%B6lt%C3%A9se&source=web&cd=27&ved=0CEkQFjAGOBQ&url=http%3A%2F%2Fwww.beklen.hu%2Fjog%2Fpub%2Frally_kiadvany_mtvsz.pdf&ei=OzsCUbq_Gc_ktQbTlIGYBw&usg=AFQjCNFlZ0YoNS4MvvfnzZCcyxIvTLN3bg" "Mozilla/5.0 (Windows NT 5.1) AppleWebKit/537.17 (KHTML, like Gecko) Chrome/24.0.1312.56 Safari/537.17"
46.107.52.209 - - [25/Jan/2013:09:07:52 +0100] "GET /favicon.ico HTTP/1.1" 404 1181 "-" "Mozilla/5.0 (Windows NT 5.1) AppleWebKit/537.17 (KHTML, like Gecko) Chrome/24.0.1312.56 Safari/537.17"
46.107.52.209 - - [25/Jan/2013:09:07:52 +0100] "GET /jog/pub/rally_kiadvany_mtvsz.pdf HTTP/1.1" 206 34484 "http://www.beklen.hu/jog/pub/rally_kiadvany_mtvsz.pdf" "Mozilla/5.0 (Windows NT 5.1) AppleWebKit/537.17 (KHTML, like Gecko) Chrome/24.0.1312.56 Safari/537.17"
46.107.52.209 - - [25/Jan/2013:09:07:52 +0100] "GET /jog/pub/rally_kiadvany_mtvsz.pdf HTTP/1.1" 206 32768 "http://www.beklen.hu/jog/pub/rally_kiadvany_mtvsz.pdf" "Mozilla/5.0 (Windows NT 5.1) AppleWebKit/537.17 (KHTML, like Gecko) Chrome/24.0.1312.56 Safari/537.17"
46.107.52.209 - - [25/Jan/2013:09:07:52 +0100] "GET /jog/pub/rally_kiadvany_mtvsz.pdf HTTP/1.1" 206 32768 "http://www.beklen.hu/jog/pub/rally_kiadvany_mtvsz.pdf" "Mozilla/5.0 (Windows NT 5.1) AppleWebKit/537.17 (KHTML, like Gecko) Chrome/24.0.1312.56 Safari/537.17"
46.107.52.209 - - [25/Jan/2013:09:07:52 +0100] "GET /jog/pub/rally_kiadvany_mtvsz.pdf HTTP/1.1" 206 32768 "http://www.beklen.hu/jog/pub/rally_kiadvany_mtvsz.pdf" "Mozilla/5.0 (Windows NT 5.1) AppleWebKit/537.17 (KHTML, like Gecko) Chrome/24.0.1312.56 Safari/537.17"
46.107.52.209 - - [25/Jan/2013:09:07:52 +0100] "GET /jog/pub/rally_kiadvany_mtvsz.pdf HTTP/1.1" 206 32768 "http://www.beklen.hu/jog/pub/rally_kiadvany_mtvsz.pdf" "Mozilla/5.0 (Windows NT 5.1) AppleWebKit/537.17 (KHTML, like Gecko) Chrome/24.0.1312.56 Safari/537.17"
46.107.52.209 - - [25/Jan/2013:09:07:52 +0100] "GET /jog/pub/rally_kiadvany_mtvsz.pdf HTTP/1.1" 206 32768 "http://www.beklen.hu/jog/pub/rally_kiadvany_mtvsz.pdf" "Mozilla/5.0 (Windows NT 5.1) AppleWebKit/537.17 (KHTML, like Gecko) Chrome/24.0.1312.56 Safari/537.17"
46.107.52.209 - - [25/Jan/2013:09:07:53 +0100] "GET /jog/pub/rally_kiadvany_mtvsz.pdf HTTP/1.1" 206 32768 "http://www.beklen.hu/jog/pub/rally_kiadvany_mtvsz.pdf" "Mozilla/5.0 (Windows NT 5.1) AppleWebKit/537.17 (KHTML, like Gecko) Chrome/24.0.1312.56 Safari/537.17"
46.107.52.209 - - [25/Jan/2013:09:07:53 +0100] "GET /jog/pub/rally_kiadvany_mtvsz.pdf HTTP/1.1" 206 32768 "http://www.beklen.hu/jog/pub/rally_kiadvany_mtvsz.pdf" "Mozilla/5.0 (Windows NT 5.1) AppleWebKit/537.17 (KHTML, like Gecko) Chrome/24.0.1312.56 Safari/537.17"
46.107.52.209 - - [25/Jan/2013:09:07:53 +0100] "GET /jog/pub/rally_kiadvany_mtvsz.pdf HTTP/1.1" 206 32768 "http://www.beklen.hu/jog/pub/rally_kiadvany_mtvsz.pdf" "Mozilla/5.0 (Windows NT 5.1) AppleWebKit/537.17 (KHTML, like Gecko) Chrome/24.0.1312.56 Safari/537.17"
46.107.52.209 - - [25/Jan/2013:09:07:53 +0100] "GET /jog/pub/rally_kiadvany_mtvsz.pdf HTTP/1.1" 206 32768 "http://www.beklen.hu/jog/pub/rally_kiadvany_mtvsz.pdf" "Mozilla/5.0 (Windows NT 5.1) AppleWebKit/537.17 (KHTML, like Gecko) Chrome/24.0.1312.56 Safari/537.17"
46.107.52.209 - - [25/Jan/2013:09:07:53 +0100] "GET /jog/pub/rally_kiadvany_mtvsz.pdf HTTP/1.1" 206 65536 "http://www.beklen.hu/jog/pub/rally_kiadvany_mtvsz.pdf" "Mozilla/5.0 (Windows NT 5.1) AppleWebKit/537.17 (KHTML, like Gecko) Chrome/24.0.1312.56 Safari/537.17"
46.107.52.209 - - [25/Jan/2013:09:07:53 +0100] "GET /jog/pub/rally_kiadvany_mtvsz.pdf HTTP/1.1" 206 65536 "http://www.beklen.hu/jog/pub/rally_kiadvany_mtvsz.pdf" "Mozilla/5.0 (Windows NT 5.1) AppleWebKit/537.17 (KHTML, like Gecko) Chrome/24.0.1312.56 Safari/537.17"
46.107.52.209 - - [25/Jan/2013:09:07:53 +0100] "GET /jog/pub/rally_kiadvany_mtvsz.pdf HTTP/1.1" 206 65536 "http://www.beklen.hu/jog/pub/rally_kiadvany_mtvsz.pdf" "Mozilla/5.0 (Windows NT 5.1) AppleWebKit/537.17 (KHTML, like Gecko) Chrome/24.0.1312.56 Safari/537.17"
46.107.52.209 - - [25/Jan/2013:09:07:53 +0100] "GET /jog/pub/rally_kiadvany_mtvsz.pdf HTTP/1.1" 206 72085 "http://www.beklen.hu/jog/pub/rally_kiadvany_mtvsz.pdf" "Mozilla/5.0 (Windows NT 5.1) AppleWebKit/537.17 (KHTML, like Gecko) Chrome/24.0.1312.56 Safari/537.17"
46.107.52.209 - - [25/Jan/2013:09:07:53 +0100] "GET /favicon.ico HTTP/1.1" 404 1181 "-" "Mozilla/5.0 (Windows NT 5.1) AppleWebKit/537.17 (KHTML, like Gecko) Chrome/24.0.1312.56 Safari/537.17"
208.115.111.68 - - [25/Jan/2013:09:16:13 +0100] "GET /robots.txt HTTP/1.1" 404 1181 "-" "Mozilla/5.0 (compatible; Ezooms/1.0; ezooms.bot@gmail.com)"
139.18.2.17 - - [25/Jan/2013:09:26:20 +0100] "GET /fiok/program_reszek/turazas.htm HTTP/1.1" 200 22754 "-" "findlinks/2.6 (+http://wortschatz.uni-leipzig.de/findlinks/)"
208.115.113.84 - - [25/Jan/2013:09:32:29 +0100] "GET /fiok/kornyezet.htm HTTP/1.1" 200 22582 "-" "Mozilla/5.0 (compatible; Ezooms/1.0; ezooms.bot@gmail.com)"
208.115.113.84 - - [25/Jan/2013:09:32:30 +0100] "GET /jog/ugyfeljogok.htm HTTP/1.1" 200 14279 "-" "Mozilla/5.0 (compatible; Ezooms/1.0; ezooms.bot@gmail.com)"
199.30.16.39 - - [25/Jan/2013:09:44:35 +0100] "GET /robots.txt HTTP/1.1" 404 1181 "-" "msnbot-media/1.1 (+http://search.msn.com/msnbot.htm)"
199.30.16.39 - - [25/Jan/2013:09:44:36 +0100] "GET /jog/img/320/imgp0112.jpg HTTP/1.1" 200 16457 "-" "msnbot-media/1.1 (+http://search.msn.com/msnbot.htm)"
216.38.216.101 - - [25/Jan/2013:09:47:01 +0100] "GET /jog/ HTTP/1.1" 200 13138 "http://www.beklen.hu/jog/" "Mozilla/5.0 (Macintosh; Intel Mac OS X 10_7_1) AppleWebKit/535.1 (KHTML, like Gecko) Chrome/13.0.782.215 Safari/535.1"
216.38.216.101 - - [25/Jan/2013:09:47:02 +0100] "GET / HTTP/1.1" 200 23965 "http://beklen.hu/" "Mozilla/5.0 (Macintosh; Intel Mac OS X 10_7_1) AppleWebKit/535.1 (KHTML, like Gecko) Chrome/13.0.782.215 Safari/535.1"
216.38.216.101 - - [25/Jan/2013:09:47:02 +0100] "GET / HTTP/1.1" 200 23965 "http://www.beklen.hu/" "Mozilla/5.0 (Macintosh; Intel Mac OS X 10_7_1) AppleWebKit/535.1 (KHTML, like Gecko) Chrome/13.0.782.215 Safari/535.1"
216.38.216.101 - - [25/Jan/2013:09:47:02 +0100] "GET /jog/eseteink/derekegyhaza/ HTTP/1.1" 200 34210 "http://www.beklen.hu/jog/eseteink/derekegyhaza/" "Mozilla/5.0 (Macintosh; Intel Mac OS X 10_7_1) AppleWebKit/535.1 (KHTML, like Gecko) Chrome/13.0.782.215 Safari/535.1"
216.38.216.101 - - [25/Jan/2013:09:47:02 +0100] "GET /jog/eseteink/ HTTP/1.1" 403 1172 "http://www.beklen.hu/jog/eseteink/" "Mozilla/5.0 (Macintosh; Intel Mac OS X 10_7_1) AppleWebKit/535.1 (KHTML, like Gecko) Chrome/13.0.782.215 Safari/535.1"
216.38.216.101 - - [25/Jan/2013:09:47:02 +0100] "GET /jog/eseteink/derekegyhaza/dalerd-disznoskert%20szakhat-vegleges.pdf HTTP/1.1" 200 190281 "http://www.beklen.hu/jog/eseteink/derekegyhaza/dalerd-disznoskert%20szakhat-vegleges.pdf" "Mozilla/5.0 (Macintosh; Intel Mac OS X 10_7_1) AppleWebKit/535.1 (KHTML, like Gecko) Chrome/13.0.782.215 Safari/535.1"
216.38.216.101 - - [25/Jan/2013:09:47:03 +0100] "GET /lb/js/prototype.js HTTP/1.1" 200 47603 "http://www.beklen.hu/lb/js/prototype.js" "Mozilla/5.0 (Macintosh; Intel Mac OS X 10_7_1) AppleWebKit/535.1 (KHTML, like Gecko) Chrome/13.0.782.215 Safari/535.1"
216.38.216.101 - - [25/Jan/2013:09:47:03 +0100] "GET /lb/js/scriptaculous.js?load=effects HTTP/1.1" 200 2152 "http://www.beklen.hu/lb/js/scriptaculous.js?load=effects" "Mozilla/5.0 (Macintosh; Intel Mac OS X 10_7_1) AppleWebKit/535.1 (KHTML, like Gecko) Chrome/13.0.782.215 Safari/535.1"
216.38.216.101 - - [25/Jan/2013:09:47:03 +0100] "GET /lb/js/lightbox.js HTTP/1.1" 200 23424 "http://www.beklen.hu/lb/js/lightbox.js" "Mozilla/5.0 (Macintosh; Intel Mac OS X 10_7_1) AppleWebKit/535.1 (KHTML, like Gecko) Chrome/13.0.782.215 Safari/535.1"
216.38.216.101 - - [25/Jan/2013:09:47:03 +0100] "GET /lb/js/scriptaculous.js?load=effects HTTP/1.1" 200 2152 "http://beklen.hu/lb/js/scriptaculous.js?load=effects" "Mozilla/5.0 (Macintosh; Intel Mac OS X 10_7_1) AppleWebKit/535.1 (KHTML, like Gecko) Chrome/13.0.782.215 Safari/535.1"
216.38.216.101 - - [25/Jan/2013:09:47:03 +0100] "GET /jog/script.js HTTP/1.1" 200 5674 "http://www.beklen.hu/jog/script.js" "Mozilla/5.0 (Macintosh; Intel Mac OS X 10_7_1) AppleWebKit/535.1 (KHTML, like Gecko) Chrome/13.0.782.215 Safari/535.1"
