37.140.141.19 - - [30/Jan/2013:19:29:40 +0100] "GET /tm01.jpg HTTP/1.1" 304 - "-" "Mozilla/5.0 (compatible; YandexImages/3.0; +http://yandex.com/bots)"
66.249.76.11 - - [30/Jan/2013:19:32:15 +0100] "GET /jog/eseteink/derekegyhaza/mszh_ugyfel.pdf HTTP/1.1" 200 789271 "-" "Mozilla/5.0 (compatible; Googlebot/2.1; +http://www.google.com/bot.html)"
66.249.76.11 - - [30/Jan/2013:19:58:57 +0100] "GET /jog/eseteink/derekegyhaza/ugyeszseg_1.pdf HTTP/1.1" 200 249093 "-" "Mozilla/5.0 (compatible; Googlebot/2.1; +http://www.google.com/bot.html)"
66.249.76.11 - - [30/Jan/2013:20:29:03 +0100] "GET /jog/eseteink/derekegyhaza/fvm_kekto_ujra.pdf HTTP/1.1" 200 104770 "-" "Mozilla/5.0 (compatible; Googlebot/2.1; +http://www.google.com/bot.html)"
37.140.141.19 - - [30/Jan/2013:20:35:04 +0100] "GET /jog/eseteink/derekegyhaza/kepek/37-433_.jpg HTTP/1.1" 304 - "-" "Mozilla/5.0 (compatible; YandexImages/3.0; +http://yandex.com/bots)"
66.249.76.62 - - [30/Jan/2013:21:00:58 +0100] "GET /jog/eseteink/derekegyhaza/asz_kerites_ugyfel_fellebezes.pdf HTTP/1.1" 304 - "-" "Mozilla/5.0 (compatible; Googlebot/2.1; +http://www.google.com/bot.html)"
66.249.76.62 - - [30/Jan/2013:21:11:19 +0100] "GET /hirek/fotok_alsoberettyo/DSCF2486.jpg HTTP/1.1" 304 - "-" "Googlebot-Image/1.0"
208.115.111.68 - - [30/Jan/2013:21:12:30 +0100] "GET /robots.txt HTTP/1.1" 404 1181 "-" "Mozilla/5.0 (compatible; Ezooms/1.0; ezooms.bot@gmail.com)"
66.249.76.11 - - [30/Jan/2013:21:15:22 +0100] "GET /jog/eseteink/derekegyhaza/kotvife_kekto_2.pdf HTTP/1.1" 200 198882 "-" "Mozilla/5.0 (compatible; Googlebot/2.1; +http://www.google.com/bot.html)"
208.115.113.84 - - [30/Jan/2013:21:22:45 +0100] "GET /nca08.htm HTTP/1.1" 200 21795 "-" "Mozilla/5.0 (compatible; Ezooms/1.0; ezooms.bot@gmail.com)"
66.249.76.11 - - [30/Jan/2013:21:33:34 +0100] "GET /jog/eseteink/derekegyhaza/foldhivatalnak_2.pdf HTTP/1.1" 200 157295 "-" "Mozilla/5.0 (compatible; Googlebot/2.1; +http://www.google.com/bot.html)"
37.140.141.19 - - [30/Jan/2013:21:40:30 +0100] "GET /jog/eseteink/derekegyhaza/kepek/37-431_.jpg HTTP/1.1" 304 - "-" "Mozilla/5.0 (compatible; YandexImages/3.0; +http://yandex.com/bots)"
66.249.76.62 - - [30/Jan/2013:21:49:46 +0100] "GET /khb/beklen_2008_kh_jelentes.pdf HTTP/1.1" 200 284192 "-" "Googlebot/2.1 (+http://www.google.com/bot.html)"
66.249.76.62 - - [30/Jan/2013:21:50:07 +0100] "GET /nca08.htm HTTP/1.1" 200 21795 "-" "Mozilla/5.0 (compatible; Googlebot/2.1; +http://www.google.com/bot.html)"
65.55.215.75 - - [30/Jan/2013:21:57:27 +0100] "GET /robots.txt HTTP/1.1" 404 1181 "-" "msnbot-media/1.1 (+http://search.msn.com/msnbot.htm)"
65.55.215.75 - - [30/Jan/2013:21:57:27 +0100] "GET /tm06.jpg HTTP/1.1" 200 1651 "-" "msnbot-media/1.1 (+http://search.msn.com/msnbot.htm)"
5.135.182.209 - - [30/Jan/2013:21:57:33 +0100] "GET /robots.txt HTTP/1.0" 404 1181 "-" "Mozilla/5.0 (compatible; MJ12bot/v1.4.3; http://www.majestic12.co.uk/bot.php?+)"
5.135.182.209 - - [30/Jan/2013:21:57:34 +0100] "GET /fiok.html HTTP/1.0" 404 1181 "-" "Mozilla/5.0 (compatible; MJ12bot/v1.4.3; http://www.majestic12.co.uk/bot.php?+)"
5.135.182.209 - - [30/Jan/2013:21:57:38 +0100] "GET /gazdasag.htm HTTP/1.0" 404 1181 "-" "Mozilla/5.0 (compatible; MJ12bot/v1.4.3; http://www.majestic12.co.uk/bot.php?+)"
5.135.182.209 - - [30/Jan/2013:21:57:40 +0100] "GET /kornyezet.htm HTTP/1.0" 404 1181 "-" "Mozilla/5.0 (compatible; MJ12bot/v1.4.3; http://www.majestic12.co.uk/bot.php?+)"
5.135.182.209 - - [30/Jan/2013:21:57:43 +0100] "GET /mult.htm HTTP/1.0" 404 1181 "-" "Mozilla/5.0 (compatible; MJ12bot/v1.4.3; http://www.majestic12.co.uk/bot.php?+)"
5.135.182.209 - - [30/Jan/2013:21:57:45 +0100] "GET /news.html HTTP/1.0" 404 1181 "-" "Mozilla/5.0 (compatible; MJ12bot/v1.4.3; http://www.majestic12.co.uk/bot.php?+)"
66.249.76.62 - - [30/Jan/2013:22:35:01 +0100] "GET / HTTP/1.1" 200 23965 "-" "Mozilla/5.0 (iPhone; U; CPU iPhone OS 4_1 like Mac OS X; en-us) AppleWebKit/532.9 (KHTML, like Gecko) Version/4.0.5 Mobile/8B117 Safari/6531.22.7 (compatible; Googlebot-Mobile/2.1; +http://www.google.com/bot.html)"
66.249.76.11 - - [30/Jan/2013:22:36:37 +0100] "GET /jog/eseteink/derekegyhaza/foldhivatalnak_1.pdf HTTP/1.1" 200 145216 "-" "Mozilla/5.0 (compatible; Googlebot/2.1; +http://www.google.com/bot.html)"
37.140.141.19 - - [30/Jan/2013:22:41:34 +0100] "GET /tm02.jpg HTTP/1.1" 304 - "-" "Mozilla/5.0 (compatible; YandexImages/3.0; +http://yandex.com/bots)"
66.249.76.62 - - [30/Jan/2013:22:42:07 +0100] "GET /lb/js/lightbox.js HTTP/1.1" 200 23424 "-" "Mozilla/5.0 (compatible; Googlebot/2.1; +http://www.google.com/bot.html)"
66.249.76.62 - - [30/Jan/2013:22:42:32 +0100] "GET /lb/js/prototype.js HTTP/1.1" 200 47603 "-" "Mozilla/5.0 (compatible; Googlebot/2.1; +http://www.google.com/bot.html)"
66.249.76.62 - - [30/Jan/2013:22:42:32 +0100] "GET /lb/css/lightbox.css HTTP/1.1" 200 1715 "-" "Mozilla/5.0 (compatible; Googlebot/2.1; +http://www.google.com/bot.html)"
66.249.76.62 - - [30/Jan/2013:22:42:32 +0100] "GET /lb/js/effects.js HTTP/1.1" 200 31969 "-" "Mozilla/5.0 (compatible; Googlebot/2.1; +http://www.google.com/bot.html)"
65.55.215.75 - - [30/Jan/2013:22:46:06 +0100] "GET /jog/eseteink/duzzaszto/koros.jpg HTTP/1.1" 200 201463 "-" "msnbot-media/1.1 (+http://search.msn.com/msnbot.htm)"
178.154.210.252 - - [30/Jan/2013:23:01:22 +0100] "GET /deutsch/d04.jpg HTTP/1.1" 200 1181 "-" "Mozilla/5.0 (compatible; YandexImages/3.0; +http://yandex.com/bots)"
66.249.76.62 - - [30/Jan/2013:23:02:24 +0100] "GET /fiok/kornyezet.htm HTTP/1.1" 304 - "-" "Mozilla/5.0 (iPhone; U; CPU iPhone OS 4_1 like Mac OS X; en-us) AppleWebKit/532.9 (KHTML, like Gecko) Version/4.0.5 Mobile/8B117 Safari/6531.22.7 (compatible; Googlebot-Mobile/2.1; +http://www.google.com/bot.html)"
66.249.76.62 - - [30/Jan/2013:23:02:41 +0100] "GET /hirek/hirek100728.htm HTTP/1.1" 304 - "-" "Mozilla/5.0 (compatible; Googlebot/2.1; +http://www.google.com/bot.html)"
66.249.76.11 - - [30/Jan/2013:23:05:43 +0100] "GET /jog/eseteink/derekegyhaza/lev_nimfea_36868.pdf HTTP/1.1" 200 144038 "-" "Mozilla/5.0 (compatible; Googlebot/2.1; +http://www.google.com/bot.html)"
84.0.98.144 - - [30/Jan/2013:23:16:53 +0100] "GET /jog/eseteink/kavicszatony/nimfea_fellebbezes_uj_eljaras.pdf HTTP/1.1" 200 49594 "http://www.google.com/search?q=nimfea+term%C3%A9szetv%C3%A9delmi+egyes%C3%BClet+t%C3%BArkeve+halai&client=ms-opera-mobile&channel=new&oq=nimfea+term%C3%A9szetv%C3%A9delmi+egyes%C3%BClet+t%C3%BArkeve+halai&gs_l=mobile-heirloom-hp.12...40369.83167.0.83626.60.27.7.22.29.0.977.6358.2-3j1j1j4j3.12.0...0.0...1ac.1.kn2wTp-14r0" "Opera/9.80 (Android 2.2.2; Linux; Opera Mobi/ADR-1212030820) Presto/2.11.355 Version/12.10"
208.115.113.84 - - [30/Jan/2013:23:20:36 +0100] "GET /robots.txt HTTP/1.1" 404 1181 "-" "Mozilla/5.0 (compatible; Ezooms/1.0; ezooms.bot@gmail.com)"
66.249.76.62 - - [30/Jan/2013:23:22:03 +0100] "GET /magunkrol.htm HTTP/1.1" 304 - "-" "DoCoMo/2.0 N905i(c100;TB;W24H16) (compatible; Googlebot-Mobile/2.1; +http://www.google.com/bot.html)"
66.249.76.11 - - [30/Jan/2013:23:22:26 +0100] "GET /jog/eseteink/derekegyhaza/natura_letesitmeny2.pdf HTTP/1.1" 200 89623 "-" "Mozilla/5.0 (compatible; Googlebot/2.1; +http://www.google.com/bot.html)"
157.56.229.189 - - [30/Jan/2013:23:36:31 +0100] "GET /robots.txt HTTP/1.1" 404 1181 "-" "Mozilla/5.0 (compatible; bingbot/2.0; +http://www.bing.com/bingbot.htm)"
157.56.229.189 - - [30/Jan/2013:23:38:49 +0100] "GET / HTTP/1.1" 200 23965 "-" "Mozilla/5.0 (compatible; bingbot/2.0; +http://www.bing.com/bingbot.htm)"
37.140.141.19 - - [30/Jan/2013:23:42:31 +0100] "GET /jog/img/file_jpg.png HTTP/1.1" 304 - "-" "Mozilla/5.0 (compatible; YandexImages/3.0; +http://yandex.com/bots)"
66.249.76.62 - - [30/Jan/2013:23:46:34 +0100] "GET /jog/eseteink/dakar/dakar_ugyeszseg_lp.pdf HTTP/1.1" 200 218784 "-" "Mozilla/5.0 (compatible; Googlebot/2.1; +http://www.google.com/bot.html)"
208.115.111.68 - - [30/Jan/2013:23:47:13 +0100] "GET /nka.htm HTTP/1.1" 200 6221 "-" "Mozilla/5.0 (compatible; Ezooms/1.0; ezooms.bot@gmail.com)"
66.249.76.11 - - [30/Jan/2013:23:51:09 +0100] "GET /jog/eseteink/derekegyhaza/kotevife_volt_e_skv.pdf HTTP/1.1" 200 113615 "-" "Mozilla/5.0 (compatible; Googlebot/2.1; +http://www.google.com/bot.html)"
199.30.16.44 - - [30/Jan/2013:23:54:30 +0100] "GET /robots.txt HTTP/1.1" 404 1181 "-" "msnbot-media/1.1 (+http://search.msn.com/msnbot.htm)"
199.30.16.44 - - [30/Jan/2013:23:54:31 +0100] "GET /jog/eseteink/kavicszatony/dscf0084_.jpg HTTP/1.1" 200 2611 "-" "msnbot-media/1.1 (+http://search.msn.com/msnbot.htm)"
66.249.76.11 - - [31/Jan/2013:00:13:56 +0100] "GET /jog/eseteink/derekegyhaza/kotvife_kekto_vizugy.pdf HTTP/1.1" 200 103269 "-" "Mozilla/5.0 (compatible; Googlebot/2.1; +http://www.google.com/bot.html)"
66.249.76.62 - - [31/Jan/2013:00:16:23 +0100] "GET /hirek/090510/szuletesunnepe044_.jpg HTTP/1.1" 304 - "-" "Googlebot-Image/1.0"
66.249.76.11 - - [31/Jan/2013:00:37:49 +0100] "GET /jog/eseteink/derekegyhaza/knpi_valasznimfeanak.pdf HTTP/1.1" 200 101664 "-" "Mozilla/5.0 (compatible; Googlebot/2.1; +http://www.google.com/bot.html)"
37.140.141.19 - - [31/Jan/2013:00:45:16 +0100] "GET /jog/eseteink/derekegyhaza/kepek/37-431_o_2005_.jpg HTTP/1.1" 304 - "-" "Mozilla/5.0 (compatible; YandexImages/3.0; +http://yandex.com/bots)"
208.115.111.68 - - [31/Jan/2013:01:08:38 +0100] "GET /robots.txt HTTP/1.1" 404 1181 "-" "Mozilla/5.0 (compatible; Ezooms/1.0; ezooms.bot@gmail.com)"
66.249.76.11 - - [31/Jan/2013:01:14:54 +0100] "GET /jog/eseteink/derekegyhaza/kotvife_kekto_kerites.pdf HTTP/1.1" 200 105210 "-" "Mozilla/5.0 (compatible; Googlebot/2.1; +http://www.google.com/bot.html)"
208.115.113.84 - - [31/Jan/2013:01:20:08 +0100] "GET /english/introduction.htm HTTP/1.1" 200 6502 "-" "Mozilla/5.0 (compatible; Ezooms/1.0; ezooms.bot@gmail.com)"
180.76.5.56 - - [31/Jan/2013:01:37:44 +0100] "GET /fiok/program_reszek/csaladbarat.htm HTTP/1.1" 200 20928 "-" "Mozilla/5.0 (compatible; Baiduspider/2.0; +http://www.baidu.com/search/spider.html)"
37.140.141.19 - - [31/Jan/2013:01:45:42 +0100] "GET /tm03.jpg HTTP/1.1" 304 - "-" "Mozilla/5.0 (compatible; YandexImages/3.0; +http://yandex.com/bots)"
66.249.76.11 - - [31/Jan/2013:02:23:03 +0100] "GET /jog/eseteink/derekegyhaza/kotvife_kekto20061116.pdf HTTP/1.1" 200 144190 "-" "Mozilla/5.0 (compatible; Googlebot/2.1; +http://www.google.com/bot.html)"
65.55.215.96 - - [31/Jan/2013:02:30:53 +0100] "GET /robots.txt HTTP/1.1" 404 1181 "-" "msnbot-media/1.1 (+http://search.msn.com/msnbot.htm)"
65.55.215.96 - - [31/Jan/2013:02:30:53 +0100] "GET /jog/img/tamogatok.jpg HTTP/1.1" 200 18468 "-" "msnbot-media/1.1 (+http://search.msn.com/msnbot.htm)"
37.140.141.19 - - [31/Jan/2013:02:50:17 +0100] "GET /jog/eseteink/derekegyhaza/kepek/vadaskert-szakhat_.jpg HTTP/1.1" 304 - "-" "Mozilla/5.0 (compatible; YandexImages/3.0; +http://yandex.com/bots)"
66.249.76.62 - - [31/Jan/2013:02:59:56 +0100] "GET /jog/eseteink/poroszlo/panasz_poroszlo.pdf HTTP/1.1" 304 - "-" "Mozilla/5.0 (compatible; Googlebot/2.1; +http://www.google.com/bot.html)"
66.249.76.11 - - [31/Jan/2013:03:08:25 +0100] "GET /jog/eseteink/derekegyhaza/mszh_csongrad_ugyfel_uj.pdf HTTP/1.1" 200 109006 "-" "Mozilla/5.0 (compatible; Googlebot/2.1; +http://www.google.com/bot.html)"
66.249.76.62 - - [31/Jan/2013:03:32:07 +0100] "GET /fiok/css/lightbox.css HTTP/1.1" 200 1715 "-" "Mozilla/5.0 (compatible; Googlebot/2.1; +http://www.google.com/bot.html)"
178.154.210.252 - - [31/Jan/2013:03:38:42 +0100] "GET /tm07.jpg HTTP/1.1" 200 1007 "-" "Mozilla/5.0 (compatible; YandexImages/3.0; +http://yandex.com/bots)"
66.249.76.11 - - [31/Jan/2013:03:42:26 +0100] "GET /jog/eseteink/derekegyhaza/mszh-nak_hatarozat_keres.pdf HTTP/1.1" 200 87836 "-" "Mozilla/5.0 (compatible; Googlebot/2.1; +http://www.google.com/bot.html)"
208.115.111.68 - - [31/Jan/2013:03:43:48 +0100] "GET /jog/eseteink/korosladany/ HTTP/1.1" 200 30713 "-" "Mozilla/5.0 (compatible; Ezooms/1.0; ezooms.bot@gmail.com)"
66.249.76.62 - - [31/Jan/2013:03:44:43 +0100] "GET /ncta_a.htm HTTP/1.1" 304 - "-" "Mozilla/5.0 (compatible; Googlebot/2.1; +http://www.google.com/bot.html)"
178.154.210.252 - - [31/Jan/2013:03:51:54 +0100] "GET /tm02.jpg HTTP/1.1" 200 1873 "-" "Mozilla/5.0 (compatible; YandexImages/3.0; +http://yandex.com/bots)"
37.140.141.19 - - [31/Jan/2013:03:54:41 +0100] "GET /tm05_.jpg HTTP/1.1" 304 - "-" "Mozilla/5.0 (compatible; YandexImages/3.0; +http://yandex.com/bots)"
66.249.76.62 - - [31/Jan/2013:04:06:12 +0100] "GET /jog/jogihatter.htm HTTP/1.1" 200 18691 "-" "Mozilla/5.0 (compatible; Googlebot/2.1; +http://www.google.com/bot.html)"
66.249.76.11 - - [31/Jan/2013:04:16:39 +0100] "GET /jog/eseteink/derekegyhaza/erd%C3%A9szet_kekto_kerites.pdf HTTP/1.1" 404 1181 "-" "Mozilla/5.0 (compatible; Googlebot/2.1; +http://www.google.com/bot.html)"
66.249.76.62 - - [31/Jan/2013:04:20:02 +0100] "GET /jog/jogszabalyok/4_2010kje.pdf HTTP/1.1" 404 1181 "-" "Mozilla/5.0 (compatible; Googlebot/2.1; +http://www.google.com/bot.html)"
66.249.76.62 - - [31/Jan/2013:04:22:01 +0100] "GET /jog/eseteink/kavicszatony/bfnpi%20fellebbezese%20mura%20kotras%20vj%20eng.pdf HTTP/1.1" 304 - "-" "Mozilla/5.0 (compatible; Googlebot/2.1; +http://www.google.com/bot.html)"
66.249.76.62 - - [31/Jan/2013:04:26:33 +0100] "GET /jog/jogszabalyok/2011.%20%C3%A9vi%20CXII.pdf HTTP/1.1" 404 1181 "-" "Mozilla/5.0 (compatible; Googlebot/2.1; +http://www.google.com/bot.html)"
139.18.2.209 - - [31/Jan/2013:04:30:55 +0100] "GET /hirek/hirek09_02.htm HTTP/1.1" 200 7534 "-" "findlinks/2.6 (+http://wortschatz.uni-leipzig.de/findlinks/)"
66.249.76.62 - - [31/Jan/2013:04:31:28 +0100] "GET /jog/eseteink/derekegyhaza/masodfoknak.pdf HTTP/1.1" 304 - "-" "Mozilla/5.0 (compatible; Googlebot/2.1; +http://www.google.com/bot.html)"
66.249.76.62 - - [31/Jan/2013:04:47:18 +0100] "GET /jog/jogszabalyok/polgari_perrendtartas_xx_fejezet.pdf HTTP/1.1" 404 1181 "-" "Mozilla/5.0 (compatible; Googlebot/2.1; +http://www.google.com/bot.html)"
66.249.76.62 - - [31/Jan/2013:04:53:27 +0100] "GET /jog/jogszabalyok/V%C3%A9dett%20fajok%202006_1_2008kieg.pdf HTTP/1.1" 404 1181 "-" "Mozilla/5.0 (compatible; Googlebot/2.1; +http://www.google.com/bot.html)"
66.249.76.11 - - [31/Jan/2013:04:53:33 +0100] "GET /jog/eseteink/derekegyhaza/mszh_kekto_fellebbez%C3%A9s.pdf HTTP/1.1" 404 1181 "-" "Mozilla/5.0 (compatible; Googlebot/2.1; +http://www.google.com/bot.html)"
37.140.141.19 - - [31/Jan/2013:04:54:44 +0100] "GET /deutsch/d04.jpg HTTP/1.1" 304 - "-" "Mozilla/5.0 (compatible; YandexImages/3.0; +http://yandex.com/bots)"
208.115.111.68 - - [31/Jan/2013:05:06:07 +0100] "GET /robots.txt HTTP/1.1" 404 1181 "-" "Mozilla/5.0 (compatible; Ezooms/1.0; ezooms.bot@gmail.com)"
66.249.76.62 - - [31/Jan/2013:05:18:59 +0100] "GET /jog/polgariper.htm HTTP/1.1" 200 13964 "-" "Mozilla/5.0 (compatible; Googlebot/2.1; +http://www.google.com/bot.html)"
66.249.76.62 - - [31/Jan/2013:05:19:06 +0100] "GET /jog/index.htm HTTP/1.1" 200 13138 "-" "Mozilla/5.0 (compatible; Googlebot/2.1; +http://www.google.com/bot.html)"
66.249.76.62 - - [31/Jan/2013:05:20:25 +0100] "GET /jog/slapp.htm HTTP/1.1" 200 21314 "-" "Mozilla/5.0 (compatible; Googlebot/2.1; +http://www.google.com/bot.html)"
66.249.76.11 - - [31/Jan/2013:05:30:08 +0100] "GET /jog/eseteink/derekegyhaza/vizjogi_derekegyhaza_osztvez.pdf HTTP/1.1" 200 111852 "-" "Mozilla/5.0 (compatible; Googlebot/2.1; +http://www.google.com/bot.html)"
66.249.76.62 - - [31/Jan/2013:05:34:50 +0100] "GET /jog/tippek.htm HTTP/1.1" 200 13697 "-" "Mozilla/5.0 (compatible; Googlebot/2.1; +http://www.google.com/bot.html)"
66.249.76.62 - - [31/Jan/2013:05:40:56 +0100] "GET /jog/jogszabalyok/1952._evi_iii._torveny_a_polgari_perrendtartasrol.pdf HTTP/1.1" 404 1181 "-" "Mozilla/5.0 (compatible; Googlebot/2.1; +http://www.google.com/bot.html)"
66.249.76.62 - - [31/Jan/2013:05:43:42 +0100] "GET /jog/jogsegely.htm HTTP/1.1" 200 14053 "-" "Mozilla/5.0 (compatible; Googlebot/2.1; +http://www.google.com/bot.html)"
66.249.76.62 - - [31/Jan/2013:05:44:23 +0100] "GET /hirek/hirek101025.htm HTTP/1.1" 200 8786 "-" "SAMSUNG-SGH-E250/1.0 Profile/MIDP-2.0 Configuration/CLDC-1.1 UP.Browser/6.2.3.3.c.1.101 (GUI) MMP/2.0 (compatible; Googlebot-Mobile/2.1; +http://www.google.com/bot.html)"
66.249.76.62 - - [31/Jan/2013:05:46:44 +0100] "GET /jog/eseteink.htm HTTP/1.1" 200 17277 "-" "Mozilla/5.0 (compatible; Googlebot/2.1; +http://www.google.com/bot.html)"
66.249.76.62 - - [31/Jan/2013:05:46:57 +0100] "GET /jog/jog/jogszabalyok/V%C3%A9dett%20fajok%202006_1_2008kieg.pdf HTTP/1.1" 404 1181 "-" "Mozilla/5.0 (compatible; Googlebot/2.1; +http://www.google.com/bot.html)"
66.249.76.62 - - [31/Jan/2013:05:50:19 +0100] "GET /jog/eljaraskezd.htm HTTP/1.1" 200 13730 "-" "Mozilla/5.0 (compatible; Googlebot/2.1; +http://www.google.com/bot.html)"
66.249.76.62 - - [31/Jan/2013:05:55:49 +0100] "GET /jog/ugyeszsegek.htm HTTP/1.1" 200 13810 "-" "Mozilla/5.0 (compatible; Googlebot/2.1; +http://www.google.com/bot.html)"
66.249.76.62 - - [31/Jan/2013:05:55:52 +0100] "GET /jog/ugyfeljogok.htm HTTP/1.1" 200 14279 "-" "Mozilla/5.0 (compatible; Googlebot/2.1; +http://www.google.com/bot.html)"
66.249.76.11 - - [31/Jan/2013:05:56:47 +0100] "GET /jog/eseteink/derekegyhaza/mszh-nak_tajekoztatas_ovasrol.pdf HTTP/1.1" 200 113477 "-" "Mozilla/5.0 (compatible; Googlebot/2.1; +http://www.google.com/bot.html)"
157.56.229.189 - - [31/Jan/2013:05:57:45 +0100] "GET /robots.txt HTTP/1.1" 404 1181 "-" "Mozilla/5.0 (compatible; bingbot/2.0; +http://www.bing.com/bingbot.htm)"
157.56.229.189 - - [31/Jan/2013:05:59:13 +0100] "GET /jog/jogszabalyok/biodiverzitas_egyezmeny.pdf HTTP/1.1" 200 198401 "-" "Mozilla/5.0 (compatible; bingbot/2.0; +http://www.bing.com/bingbot.htm)"
37.140.141.19 - - [31/Jan/2013:06:01:11 +0100] "GET /tm04_.jpg HTTP/1.1" 304 - "-" "Mozilla/5.0 (compatible; YandexImages/3.0; +http://yandex.com/bots)"
66.249.76.62 - - [31/Jan/2013:06:04:05 +0100] "GET /jog/eljarasokrol.htm HTTP/1.1" 200 14427 "-" "Mozilla/5.0 (compatible; Googlebot/2.1; +http://www.google.com/bot.html)"
66.249.76.62 - - [31/Jan/2013:06:04:05 +0100] "GET /jog/zoldombudsman.htm HTTP/1.1" 200 13369 "-" "Mozilla/5.0 (compatible; Googlebot/2.1; +http://www.google.com/bot.html)"
66.249.76.62 - - [31/Jan/2013:06:06:29 +0100] "GET /fiok/programok.htm HTTP/1.1" 304 - "-" "Mozilla/5.0 (compatible; Googlebot/2.1; +http://www.google.com/bot.html)"
66.249.76.62 - - [31/Jan/2013:06:09:17 +0100] "GET /jog/tarseljarasok.htm HTTP/1.1" 200 13316 "-" "Mozilla/5.0 (compatible; Googlebot/2.1; +http://www.google.com/bot.html)"
66.249.76.62 - - [31/Jan/2013:06:15:28 +0100] "GET /jog/rendorsegifeljelentes.htm HTTP/1.1" 200 13536 "-" "Mozilla/5.0 (compatible; Googlebot/2.1; +http://www.google.com/bot.html)"
66.249.76.62 - - [31/Jan/2013:06:15:29 +0100] "GET /jog/adathozzaferes.htm HTTP/1.1" 200 13800 "-" "Mozilla/5.0 (compatible; Googlebot/2.1; +http://www.google.com/bot.html)"
66.249.76.11 - - [31/Jan/2013:06:16:21 +0100] "GET /robots.txt HTTP/1.1" 404 1181 "-" "Mozilla/5.0 (compatible; Googlebot/2.1; +http://www.google.com/bot.html)"
66.249.76.11 - - [31/Jan/2013:06:16:22 +0100] "GET /jog/eseteink/derekegyhaza/fvm_kekto_fellebbezes_jelzese.pdf HTTP/1.1" 200 88839 "-" "Mozilla/5.0 (compatible; Googlebot/2.1; +http://www.google.com/bot.html)"
66.249.76.62 - - [31/Jan/2013:06:18:34 +0100] "GET /hirek/hirek100225.htm HTTP/1.1" 200 7288 "-" "DoCoMo/2.0 N905i(c100;TB;W24H16) (compatible; Googlebot-Mobile/2.1; +http://www.google.com/bot.html)"
130.83.167.153 - - [31/Jan/2013:06:20:33 +0100] "GET /deutsch/stellen.htm HTTP/1.1" 200 6824 "-" "findlinks/2.6 (+http://wortschatz.uni-leipzig.de/findlinks/)"
66.249.76.11 - - [31/Jan/2013:06:35:55 +0100] "GET /jog/eseteink/derekegyhaza/asz_kerites_ugyfel_fellebezes.pdf HTTP/1.1" 200 145899 "-" "Mozilla/5.0 (compatible; Googlebot/2.1; +http://www.google.com/bot.html)"
37.140.141.19 - - [31/Jan/2013:07:01:10 +0100] "GET /tm06_.jpg HTTP/1.1" 304 - "-" "Mozilla/5.0 (compatible; YandexImages/3.0; +http://yandex.com/bots)"
66.249.76.11 - - [31/Jan/2013:07:07:07 +0100] "GET /jog/eseteink/derekegyhaza/aesznek_derekegyhaza_kerites_2.pdf HTTP/1.1" 200 157671 "-" "Mozilla/5.0 (compatible; Googlebot/2.1; +http://www.google.com/bot.html)"
180.76.6.213 - - [31/Jan/2013:07:12:33 +0100] "GET /robots.txt HTTP/1.1" 404 1181 "-" "Mozilla/5.0 (Windows NT 5.1; rv:6.0.2) Gecko/20100101 Firefox/6.0.2"
69.30.243.122 - - [31/Jan/2013:07:14:30 +0100] "HEAD / HTTP/1.1" 200 0 "-" "curl/7.21.0 (x86_64-pc-linux-gnu) libcurl/7.21.0 OpenSSL/0.9.8o zlib/1.2.3.4 libidn/1.15 libssh2/1.2.6"
66.249.76.11 - - [31/Jan/2013:07:16:43 +0100] "GET /jog/eseteink/derekegyhaza/aesznek_derekegyhaza_kerites_3.pdf HTTP/1.1" 200 141025 "-" "Mozilla/5.0 (compatible; Googlebot/2.1; +http://www.google.com/bot.html)"
178.151.143.69 - - [31/Jan/2013:07:35:10 +0100] "GET /robots.txt HTTP/1.0" 404 1181 "-" "Mozilla/5.0 (compatible; MJ12bot/v1.4.3; http://www.majestic12.co.uk/bot.php?+)"
178.151.143.69 - - [31/Jan/2013:07:35:12 +0100] "GET /bunt.htm HTTP/1.0" 200 5683 "-" "Mozilla/5.0 (compatible; MJ12bot/v1.4.3; http://www.majestic12.co.uk/bot.php?+)"
178.151.143.69 - - [31/Jan/2013:07:35:14 +0100] "GET /civilmuhely.htm HTTP/1.0" 200 8450 "-" "Mozilla/5.0 (compatible; MJ12bot/v1.4.3; http://www.majestic12.co.uk/bot.php?+)"
178.151.143.69 - - [31/Jan/2013:07:35:16 +0100] "GET /deutsch/kontakt.htm HTTP/1.0" 200 4769 "-" "Mozilla/5.0 (compatible; MJ12bot/v1.4.3; http://www.majestic12.co.uk/bot.php?+)"
178.151.143.69 - - [31/Jan/2013:07:35:18 +0100] "GET /deutsch/programme.htm HTTP/1.0" 200 6045 "-" "Mozilla/5.0 (compatible; MJ12bot/v1.4.3; http://www.majestic12.co.uk/bot.php?+)"
178.151.143.69 - - [31/Jan/2013:07:35:21 +0100] "GET /deutsch/stellen.htm HTTP/1.0" 200 6824 "-" "Mozilla/5.0 (compatible; MJ12bot/v1.4.3; http://www.majestic12.co.uk/bot.php?+)"
178.151.143.69 - - [31/Jan/2013:07:35:23 +0100] "GET /english/contact.htm HTTP/1.0" 200 4601 "-" "Mozilla/5.0 (compatible; MJ12bot/v1.4.3; http://www.majestic12.co.uk/bot.php?+)"
178.151.143.69 - - [31/Jan/2013:07:35:24 +0100] "GET /english/introduction.htm HTTP/1.0" 200 6502 "-" "Mozilla/5.0 (compatible; MJ12bot/v1.4.3; http://www.majestic12.co.uk/bot.php?+)"
178.151.143.69 - - [31/Jan/2013:07:35:27 +0100] "GET /english/programs.htm HTTP/1.0" 200 5614 "-" "Mozilla/5.0 (compatible; MJ12bot/v1.4.3; http://www.majestic12.co.uk/bot.php?+)"
178.151.143.69 - - [31/Jan/2013:07:35:29 +0100] "GET /fiok/fiok.html HTTP/1.0" 406 435 "-" "Mozilla/5.0 (compatible; MJ12bot/v1.4.3; http://www.majestic12.co.uk/bot.php?+)"
178.151.143.69 - - [31/Jan/2013:07:35:31 +0100] "GET /fiok/gazdasag.htm HTTP/1.0" 200 22480 "-" "Mozilla/5.0 (compatible; MJ12bot/v1.4.3; http://www.majestic12.co.uk/bot.php?+)"
178.151.143.69 - - [31/Jan/2013:07:35:33 +0100] "GET /fiok/kapcsolat.htm HTTP/1.0" 200 17416 "-" "Mozilla/5.0 (compatible; MJ12bot/v1.4.3; http://www.majestic12.co.uk/bot.php?+)"
178.151.143.69 - - [31/Jan/2013:07:35:35 +0100] "GET /fiok/kornyezet.htm HTTP/1.0" 200 22582 "-" "Mozilla/5.0 (compatible; MJ12bot/v1.4.3; http://www.majestic12.co.uk/bot.php?+)"
178.151.143.69 - - [31/Jan/2013:07:35:37 +0100] "GET /fiok/mult.htm HTTP/1.0" 200 23227 "-" "Mozilla/5.0 (compatible; MJ12bot/v1.4.3; http://www.majestic12.co.uk/bot.php?+)"
178.151.143.69 - - [31/Jan/2013:07:35:39 +0100] "GET /fiok/news.html HTTP/1.0" 404 1181 "-" "Mozilla/5.0 (compatible; MJ12bot/v1.4.3; http://www.majestic12.co.uk/bot.php?+)"
178.151.143.69 - - [31/Jan/2013:07:35:41 +0100] "GET /fiok/programok.htm HTTP/1.0" 200 18165 "-" "Mozilla/5.0 (compatible; MJ12bot/v1.4.3; http://www.majestic12.co.uk/bot.php?+)"
178.151.143.69 - - [31/Jan/2013:07:35:43 +0100] "GET /hirek/fiok/index.html HTTP/1.0" 404 1181 "-" "Mozilla/5.0 (compatible; MJ12bot/v1.4.3; http://www.majestic12.co.uk/bot.php?+)"
178.151.143.69 - - [31/Jan/2013:07:35:45 +0100] "GET /hirek/hirek08_10.htm HTTP/1.0" 200 7030 "-" "Mozilla/5.0 (compatible; MJ12bot/v1.4.3; http://www.majestic12.co.uk/bot.php?+)"
178.151.143.69 - - [31/Jan/2013:07:35:47 +0100] "GET /hirek/hirek08_11.htm HTTP/1.0" 200 7337 "-" "Mozilla/5.0 (compatible; MJ12bot/v1.4.3; http://www.majestic12.co.uk/bot.php?+)"
178.151.143.69 - - [31/Jan/2013:07:35:49 +0100] "GET /hirek/hirek08_12.htm HTTP/1.0" 200 8352 "-" "Mozilla/5.0 (compatible; MJ12bot/v1.4.3; http://www.majestic12.co.uk/bot.php?+)"
178.151.143.69 - - [31/Jan/2013:07:35:51 +0100] "GET /hirek/hirek090215.htm HTTP/1.0" 200 9398 "-" "Mozilla/5.0 (compatible; MJ12bot/v1.4.3; http://www.majestic12.co.uk/bot.php?+)"
178.151.143.69 - - [31/Jan/2013:07:35:54 +0100] "GET /hirek/hirek09_01.htm HTTP/1.0" 200 6925 "-" "Mozilla/5.0 (compatible; MJ12bot/v1.4.3; http://www.majestic12.co.uk/bot.php?+)"
178.151.143.69 - - [31/Jan/2013:07:35:56 +0100] "GET /hirek/hirek09_02.htm HTTP/1.0" 200 7534 "-" "Mozilla/5.0 (compatible; MJ12bot/v1.4.3; http://www.majestic12.co.uk/bot.php?+)"
178.151.143.69 - - [31/Jan/2013:07:35:58 +0100] "GET /hirek08_10.htm HTTP/1.0" 200 6946 "-" "Mozilla/5.0 (compatible; MJ12bot/v1.4.3; http://www.majestic12.co.uk/bot.php?+)"
178.151.143.69 - - [31/Jan/2013:07:36:00 +0100] "GET /hirek08_11.htm HTTP/1.0" 200 7253 "-" "Mozilla/5.0 (compatible; MJ12bot/v1.4.3; http://www.majestic12.co.uk/bot.php?+)"
178.151.143.69 - - [31/Jan/2013:07:36:02 +0100] "GET /hirek08_12.htm HTTP/1.0" 200 8268 "-" "Mozilla/5.0 (compatible; MJ12bot/v1.4.3; http://www.majestic12.co.uk/bot.php?+)"
178.151.143.69 - - [31/Jan/2013:07:36:04 +0100] "GET /hirek09_01.htm HTTP/1.0" 200 6841 "-" "Mozilla/5.0 (compatible; MJ12bot/v1.4.3; http://www.majestic12.co.uk/bot.php?+)"
178.151.143.69 - - [31/Jan/2013:07:36:06 +0100] "GET /hirek09_02.htm HTTP/1.0" 200 7450 "-" "Mozilla/5.0 (compatible; MJ12bot/v1.4.3; http://www.majestic12.co.uk/bot.php?+)"
178.151.143.69 - - [31/Jan/2013:07:36:12 +0100] "GET /khb.htm HTTP/1.0" 200 8719 "-" "Mozilla/5.0 (compatible; MJ12bot/v1.4.3; http://www.majestic12.co.uk/bot.php?+)"
178.151.143.69 - - [31/Jan/2013:07:36:14 +0100] "GET /nca.htm HTTP/1.0" 200 7467 "-" "Mozilla/5.0 (compatible; MJ12bot/v1.4.3; http://www.majestic12.co.uk/bot.php?+)"
178.151.143.69 - - [31/Jan/2013:07:36:16 +0100] "GET /ncta.htm HTTP/1.0" 200 7221 "-" "Mozilla/5.0 (compatible; MJ12bot/v1.4.3; http://www.majestic12.co.uk/bot.php?+)"
178.151.143.69 - - [31/Jan/2013:07:36:18 +0100] "GET /nka.htm HTTP/1.0" 200 6221 "-" "Mozilla/5.0 (compatible; MJ12bot/v1.4.3; http://www.majestic12.co.uk/bot.php?+)"
178.151.143.69 - - [31/Jan/2013:07:36:21 +0100] "GET /szakmai.htm HTTP/1.0" 200 6054 "-" "Mozilla/5.0 (compatible; MJ12bot/v1.4.3; http://www.majestic12.co.uk/bot.php?+)"
200.124.141.149 - - [31/Jan/2013:07:37:32 +0100] "GET / HTTP/1.1" 200 23965 "-" "User-Agent=Mozilla/5.0 (Windows; U; Windows NT 5.1; en-US; rv:1.9.0.1) Gecko/2008070208 Firefox/3.0.1"
200.124.141.149 - - [31/Jan/2013:07:37:32 +0100] "GET /vill.cs HTTP/1.1" 200 2676 "-" "User-Agent=Mozilla/5.0 (Windows; U; Windows NT 5.1; en-US; rv:1.9.0.1) Gecko/2008070208 Firefox/3.0.1"
200.124.141.149 - - [31/Jan/2013:07:37:33 +0100] "GET /index.htm HTTP/1.1" 200 23965 "-" "User-Agent=Mozilla/5.0 (Windows; U; Windows NT 5.1; en-US; rv:1.9.0.1) Gecko/2008070208 Firefox/3.0.1"
200.124.141.149 - - [31/Jan/2013:07:37:33 +0100] "GET /magunkrol.htm HTTP/1.1" 200 9202 "-" "User-Agent=Mozilla/5.0 (Windows; U; Windows NT 5.1; en-US; rv:1.9.0.1) Gecko/2008070208 Firefox/3.0.1"
200.124.141.149 - - [31/Jan/2013:07:37:34 +0100] "GET /programok.htm HTTP/1.1" 200 6444 "-" "User-Agent=Mozilla/5.0 (Windows; U; Windows NT 5.1; en-US; rv:1.9.0.1) Gecko/2008070208 Firefox/3.0.1"
200.124.141.149 - - [31/Jan/2013:07:37:34 +0100] "GET /kapcsolat.htm HTTP/1.1" 200 6889 "-" "User-Agent=Mozilla/5.0 (Windows; U; Windows NT 5.1; en-US; rv:1.9.0.1) Gecko/2008070208 Firefox/3.0.1"
200.124.141.149 - - [31/Jan/2013:07:37:35 +0100] "GET /media.htm HTTP/1.1" 200 5208 "-" "User-Agent=Mozilla/5.0 (Windows; U; Windows NT 5.1; en-US; rv:1.9.0.1) Gecko/2008070208 Firefox/3.0.1"
200.124.141.149 - - [31/Jan/2013:07:37:36 +0100] "GET /english/index.htm HTTP/1.1" 200 5262 "-" "User-Agent=Mozilla/5.0 (Windows; U; Windows NT 5.1; en-US; rv:1.9.0.1) Gecko/2008070208 Firefox/3.0.1"
200.124.141.149 - - [31/Jan/2013:07:37:36 +0100] "GET /deutsch/index.htm HTTP/1.1" 200 5324 "-" "User-Agent=Mozilla/5.0 (Windows; U; Windows NT 5.1; en-US; rv:1.9.0.1) Gecko/2008070208 Firefox/3.0.1"
200.124.141.149 - - [31/Jan/2013:07:37:37 +0100] "GET /hirek/hirek120207.htm HTTP/1.1" 200 6586 "-" "User-Agent=Mozilla/5.0 (Windows; U; Windows NT 5.1; en-US; rv:1.9.0.1) Gecko/2008070208 Firefox/3.0.1"
200.124.141.149 - - [31/Jan/2013:07:37:37 +0100] "GET /fiok/index.html HTTP/1.1" 200 20554 "-" "User-Agent=Mozilla/5.0 (Windows; U; Windows NT 5.1; en-US; rv:1.9.0.1) Gecko/2008070208 Firefox/3.0.1"
200.124.141.149 - - [31/Jan/2013:07:37:37 +0100] "GET /hirek/hirek120120.htm HTTP/1.1" 200 6634 "-" "User-Agent=Mozilla/5.0 (Windows; U; Windows NT 5.1; en-US; rv:1.9.0.1) Gecko/2008070208 Firefox/3.0.1"
200.124.141.149 - - [31/Jan/2013:07:37:37 +0100] "GET /hirek/hirek101213.htm HTTP/1.1" 200 8671 "-" "User-Agent=Mozilla/5.0 (Windows; U; Windows NT 5.1; en-US; rv:1.9.0.1) Gecko/2008070208 Firefox/3.0.1"
200.124.141.149 - - [31/Jan/2013:07:37:37 +0100] "GET /hirek/hirek101027.htm HTTP/1.1" 200 9627 "-" "User-Agent=Mozilla/5.0 (Windows; U; Windows NT 5.1; en-US; rv:1.9.0.1) Gecko/2008070208 Firefox/3.0.1"
200.124.141.149 - - [31/Jan/2013:07:37:38 +0100] "GET /hirek/hirek101025.htm HTTP/1.1" 200 8786 "-" "User-Agent=Mozilla/5.0 (Windows; U; Windows NT 5.1; en-US; rv:1.9.0.1) Gecko/2008070208 Firefox/3.0.1"
200.124.141.149 - - [31/Jan/2013:07:37:38 +0100] "GET /hirek/hirek100810.htm HTTP/1.1" 200 8123 "-" "User-Agent=Mozilla/5.0 (Windows; U; Windows NT 5.1; en-US; rv:1.9.0.1) Gecko/2008070208 Firefox/3.0.1"
200.124.141.149 - - [31/Jan/2013:07:37:38 +0100] "GET /hirek/hirek100804.htm HTTP/1.1" 200 8056 "-" "User-Agent=Mozilla/5.0 (Windows; U; Windows NT 5.1; en-US; rv:1.9.0.1) Gecko/2008070208 Firefox/3.0.1"
200.124.141.149 - - [31/Jan/2013:07:37:38 +0100] "GET /hirek/hirek100728.htm HTTP/1.1" 200 7560 "-" "User-Agent=Mozilla/5.0 (Windows; U; Windows NT 5.1; en-US; rv:1.9.0.1) Gecko/2008070208 Firefox/3.0.1"
200.124.141.149 - - [31/Jan/2013:07:37:39 +0100] "GET /hirek/hirek100420.htm HTTP/1.1" 200 7914 "-" "User-Agent=Mozilla/5.0 (Windows; U; Windows NT 5.1; en-US; rv:1.9.0.1) Gecko/2008070208 Firefox/3.0.1"
200.124.141.149 - - [31/Jan/2013:07:37:39 +0100] "GET /hirek/hirek100305.htm HTTP/1.1" 200 7091 "-" "User-Agent=Mozilla/5.0 (Windows; U; Windows NT 5.1; en-US; rv:1.9.0.1) Gecko/2008070208 Firefox/3.0.1"
200.124.141.149 - - [31/Jan/2013:07:37:40 +0100] "GET /hirek/hirek100225.htm HTTP/1.1" 200 7288 "-" "User-Agent=Mozilla/5.0 (Windows; U; Windows NT 5.1; en-US; rv:1.9.0.1) Gecko/2008070208 Firefox/3.0.1"
200.124.141.149 - - [31/Jan/2013:07:37:40 +0100] "GET /hirek/hirek091221.htm HTTP/1.1" 200 6740 "-" "User-Agent=Mozilla/5.0 (Windows; U; Windows NT 5.1; en-US; rv:1.9.0.1) Gecko/2008070208 Firefox/3.0.1"
200.124.141.149 - - [31/Jan/2013:07:37:40 +0100] "GET /hirek/hirek091103.htm HTTP/1.1" 200 7301 "-" "User-Agent=Mozilla/5.0 (Windows; U; Windows NT 5.1; en-US; rv:1.9.0.1) Gecko/2008070208 Firefox/3.0.1"
200.124.141.149 - - [31/Jan/2013:07:37:40 +0100] "GET /hirek/hirek091102.htm HTTP/1.1" 200 8538 "-" "User-Agent=Mozilla/5.0 (Windows; U; Windows NT 5.1; en-US; rv:1.9.0.1) Gecko/2008070208 Firefox/3.0.1"
200.124.141.149 - - [31/Jan/2013:07:37:41 +0100] "GET /hirek/hirek091015.htm HTTP/1.1" 200 7046 "-" "User-Agent=Mozilla/5.0 (Windows; U; Windows NT 5.1; en-US; rv:1.9.0.1) Gecko/2008070208 Firefox/3.0.1"
200.124.141.149 - - [31/Jan/2013:07:37:42 +0100] "GET /hirarchivum.htm HTTP/1.1" 200 24981 "-" "User-Agent=Mozilla/5.0 (Windows; U; Windows NT 5.1; en-US; rv:1.9.0.1) Gecko/2008070208 Firefox/3.0.1"
200.124.141.149 - - [31/Jan/2013:07:37:42 +0100] "GET /vill.cs HTTP/1.1" 200 2676 "http://beklen.hu/" "User-Agent=Mozilla/5.0 (Windows; U; Windows NT 5.1; en-US; rv:1.9.0.1) Gecko/2008070208 Firefox/3.0.1"
200.124.141.149 - - [31/Jan/2013:07:37:42 +0100] "GET /vill.cs HTTP/1.1" 200 2676 "http://beklen.hu/" "User-Agent=Mozilla/5.0 (Windows; U; Windows NT 5.1; en-US; rv:1.9.0.1) Gecko/2008070208 Firefox/3.0.1"
66.249.76.11 - - [31/Jan/2013:07:43:32 +0100] "GET /jog/eseteink/derekegyhaza/v%C3%ADzjogi_derekegyh%C3%A1za2.pdf HTTP/1.1" 404 1181 "-" "Mozilla/5.0 (compatible; Googlebot/2.1; +http://www.google.com/bot.html)"
208.115.111.68 - - [31/Jan/2013:07:44:36 +0100] "GET /jog/publikaciok.htm HTTP/1.1" 200 17866 "-" "Mozilla/5.0 (compatible; Ezooms/1.0; ezooms.bot@gmail.com)"
66.249.76.62 - - [31/Jan/2013:07:51:50 +0100] "GET /robots.txt HTTP/1.1" 404 1181 "-" "Mozilla/5.0 (compatible; Googlebot/2.1; +http://www.google.com/bot.html)"
66.249.76.62 - - [31/Jan/2013:07:51:50 +0100] "GET /jog/style.css HTTP/1.1" 200 21413 "-" "Mozilla/5.0 (compatible; Googlebot/2.1; +http://www.google.com/bot.html)"
37.140.141.19 - - [31/Jan/2013:08:01:10 +0100] "GET /jog/eseteink/derekegyhaza/kepek/vadaskert-szakhat.jpg HTTP/1.1" 304 - "-" "Mozilla/5.0 (compatible; YandexImages/3.0; +http://yandex.com/bots)"
66.249.76.11 - - [31/Jan/2013:08:05:21 +0100] "GET /jog/eseteink/derekegyhaza/mszh_kozpontnak_tajekoztataskeres.pdf HTTP/1.1" 200 140264 "-" "Mozilla/5.0 (compatible; Googlebot/2.1; +http://www.google.com/bot.html)"
46.107.210.115 - - [31/Jan/2013:08:22:04 +0100] "GET /robots.txt HTTP/1.1" 404 1181 "-" "Mozilla/5.0 (compatible; Esribot/1.0; http://www.esrihu.hu/)"
46.107.210.115 - - [31/Jan/2013:08:22:05 +0100] "GET / HTTP/1.1" 200 23965 "http://www.google.com" "Mozilla/5.0 (compatible; Esribot/1.0; http://www.esrihu.hu/)"
46.107.210.115 - - [31/Jan/2013:08:22:05 +0100] "GET / HTTP/1.1" 200 23965 "http://www.google.com" "Mozilla/5.0 (compatible; Esribot/1.0; http://www.esrihu.hu/)"
46.107.210.115 - - [31/Jan/2013:08:22:05 +0100] "GET /index.htm HTTP/1.1" 200 23965 "http://www.google.com" "Mozilla/5.0 (compatible; Esribot/1.0; http://www.esrihu.hu/)"
46.107.210.115 - - [31/Jan/2013:08:22:05 +0100] "GET /index.htm HTTP/1.1" 200 23965 "http://www.google.com" "Mozilla/5.0 (compatible; Esribot/1.0; http://www.esrihu.hu/)"
46.107.210.115 - - [31/Jan/2013:08:22:06 +0100] "GET /magunkrol.htm HTTP/1.1" 200 9202 "http://www.google.com" "Mozilla/5.0 (compatible; Esribot/1.0; http://www.esrihu.hu/)"
46.107.210.115 - - [31/Jan/2013:08:22:06 +0100] "GET /magunkrol.htm HTTP/1.1" 200 9202 "http://www.google.com" "Mozilla/5.0 (compatible; Esribot/1.0; http://www.esrihu.hu/)"
46.107.210.115 - - [31/Jan/2013:08:22:06 +0100] "GET /programok.htm HTTP/1.1" 200 6444 "http://www.google.com" "Mozilla/5.0 (compatible; Esribot/1.0; http://www.esrihu.hu/)"
46.107.210.115 - - [31/Jan/2013:08:22:06 +0100] "GET /programok.htm HTTP/1.1" 200 6444 "http://www.google.com" "Mozilla/5.0 (compatible; Esribot/1.0; http://www.esrihu.hu/)"
46.107.210.115 - - [31/Jan/2013:08:22:07 +0100] "GET /kapcsolat.htm HTTP/1.1" 200 6889 "http://www.google.com" "Mozilla/5.0 (compatible; Esribot/1.0; http://www.esrihu.hu/)"
46.107.210.115 - - [31/Jan/2013:08:22:07 +0100] "GET /kapcsolat.htm HTTP/1.1" 200 6889 "http://www.google.com" "Mozilla/5.0 (compatible; Esribot/1.0; http://www.esrihu.hu/)"
46.107.210.115 - - [31/Jan/2013:08:22:07 +0100] "GET /media.htm HTTP/1.1" 200 5208 "http://www.google.com" "Mozilla/5.0 (compatible; Esribot/1.0; http://www.esrihu.hu/)"
46.107.210.115 - - [31/Jan/2013:08:22:07 +0100] "GET /media.htm HTTP/1.1" 200 5208 "http://www.google.com" "Mozilla/5.0 (compatible; Esribot/1.0; http://www.esrihu.hu/)"
46.107.210.115 - - [31/Jan/2013:08:22:07 +0100] "GET /english/index.htm HTTP/1.1" 200 5262 "http://www.google.com" "Mozilla/5.0 (compatible; Esribot/1.0; http://www.esrihu.hu/)"
46.107.210.115 - - [31/Jan/2013:08:22:07 +0100] "GET /english/index.htm HTTP/1.1" 200 5262 "http://www.google.com" "Mozilla/5.0 (compatible; Esribot/1.0; http://www.esrihu.hu/)"
46.107.210.115 - - [31/Jan/2013:08:22:08 +0100] "GET /deutsch/index.htm HTTP/1.1" 200 5324 "http://www.google.com" "Mozilla/5.0 (compatible; Esribot/1.0; http://www.esrihu.hu/)"
46.107.210.115 - - [31/Jan/2013:08:22:08 +0100] "GET /deutsch/index.htm HTTP/1.1" 200 5324 "http://www.google.com" "Mozilla/5.0 (compatible; Esribot/1.0; http://www.esrihu.hu/)"
46.107.210.115 - - [31/Jan/2013:08:22:08 +0100] "GET /fiok/index.html HTTP/1.1" 200 20554 "http://www.google.com" "Mozilla/5.0 (compatible; Esribot/1.0; http://www.esrihu.hu/)"
46.107.210.115 - - [31/Jan/2013:08:22:08 +0100] "GET /fiok/index.html HTTP/1.1" 200 20554 "http://www.google.com" "Mozilla/5.0 (compatible; Esribot/1.0; http://www.esrihu.hu/)"
46.107.210.115 - - [31/Jan/2013:08:22:09 +0100] "GET /uszt-tabla.jpg HTTP/1.1" 404 1181 "http://www.google.com" "Mozilla/5.0 (compatible; Esribot/1.0; http://www.esrihu.hu/)"
46.107.210.115 - - [31/Jan/2013:08:22:09 +0100] "GET /a1_projekt_tabla_infra_cs3_beklenhaz.jpg HTTP/1.1" 200 73344 "http://www.google.com" "Mozilla/5.0 (compatible; Esribot/1.0; http://www.esrihu.hu/)"
46.107.210.115 - - [31/Jan/2013:08:22:09 +0100] "GET /jog HTTP/1.1" 301 311 "http://www.google.com" "Mozilla/5.0 (compatible; Esribot/1.0; http://www.esrihu.hu/)"
46.107.210.115 - - [31/Jan/2013:08:22:09 +0100] "GET /jog/ HTTP/1.1" 200 13138 "http://www.google.com" "Mozilla/5.0 (compatible; Esribot/1.0; http://www.esrihu.hu/)"
46.107.210.115 - - [31/Jan/2013:08:22:09 +0100] "GET /jog/ HTTP/1.1" 200 13138 "http://www.google.com" "Mozilla/5.0 (compatible; Esribot/1.0; http://www.esrihu.hu/)"
46.107.210.115 - - [31/Jan/2013:08:22:10 +0100] "GET /hirek/hirek120207.htm HTTP/1.1" 200 6586 "http://www.google.com" "Mozilla/5.0 (compatible; Esribot/1.0; http://www.esrihu.hu/)"
46.107.210.115 - - [31/Jan/2013:08:22:10 +0100] "GET /hirek/hirek120207.htm HTTP/1.1" 200 6586 "http://www.google.com" "Mozilla/5.0 (compatible; Esribot/1.0; http://www.esrihu.hu/)"
46.107.210.115 - - [31/Jan/2013:08:22:10 +0100] "GET /hirek/hirek120120.htm HTTP/1.1" 200 6634 "http://www.google.com" "Mozilla/5.0 (compatible; Esribot/1.0; http://www.esrihu.hu/)"
46.107.210.115 - - [31/Jan/2013:08:22:10 +0100] "GET /hirek/hirek120120.htm HTTP/1.1" 200 6634 "http://www.google.com" "Mozilla/5.0 (compatible; Esribot/1.0; http://www.esrihu.hu/)"
46.107.210.115 - - [31/Jan/2013:08:22:11 +0100] "GET /hirek/hirek101213.htm HTTP/1.1" 200 8671 "http://www.google.com" "Mozilla/5.0 (compatible; Esribot/1.0; http://www.esrihu.hu/)"
46.107.210.115 - - [31/Jan/2013:08:22:11 +0100] "GET /hirek/hirek101213.htm HTTP/1.1" 200 8671 "http://www.google.com" "Mozilla/5.0 (compatible; Esribot/1.0; http://www.esrihu.hu/)"
46.107.210.115 - - [31/Jan/2013:08:22:12 +0100] "GET /hirek/hirek101027.htm HTTP/1.1" 200 9627 "http://www.google.com" "Mozilla/5.0 (compatible; Esribot/1.0; http://www.esrihu.hu/)"
46.107.210.115 - - [31/Jan/2013:08:22:12 +0100] "GET /hirek/hirek101027.htm HTTP/1.1" 200 9627 "http://www.google.com" "Mozilla/5.0 (compatible; Esribot/1.0; http://www.esrihu.hu/)"
46.107.210.115 - - [31/Jan/2013:08:22:12 +0100] "GET /hirek/hirek101025.htm HTTP/1.1" 200 8786 "http://www.google.com" "Mozilla/5.0 (compatible; Esribot/1.0; http://www.esrihu.hu/)"
46.107.210.115 - - [31/Jan/2013:08:22:12 +0100] "GET /hirek/hirek101025.htm HTTP/1.1" 200 8786 "http://www.google.com" "Mozilla/5.0 (compatible; Esribot/1.0; http://www.esrihu.hu/)"
46.107.210.115 - - [31/Jan/2013:08:22:12 +0100] "GET /hirek/hirek100810.htm HTTP/1.1" 200 8123 "http://www.google.com" "Mozilla/5.0 (compatible; Esribot/1.0; http://www.esrihu.hu/)"
46.107.210.115 - - [31/Jan/2013:08:22:13 +0100] "GET /hirek/hirek100810.htm HTTP/1.1" 200 8123 "http://www.google.com" "Mozilla/5.0 (compatible; Esribot/1.0; http://www.esrihu.hu/)"
46.107.210.115 - - [31/Jan/2013:08:22:13 +0100] "GET /hirek/hirek100804.htm HTTP/1.1" 200 8056 "http://www.google.com" "Mozilla/5.0 (compatible; Esribot/1.0; http://www.esrihu.hu/)"
46.107.210.115 - - [31/Jan/2013:08:22:13 +0100] "GET /hirek/hirek100804.htm HTTP/1.1" 200 8056 "http://www.google.com" "Mozilla/5.0 (compatible; Esribot/1.0; http://www.esrihu.hu/)"
46.107.210.115 - - [31/Jan/2013:08:22:13 +0100] "GET /hirek/hirek100728.htm HTTP/1.1" 200 7560 "http://www.google.com" "Mozilla/5.0 (compatible; Esribot/1.0; http://www.esrihu.hu/)"
46.107.210.115 - - [31/Jan/2013:08:22:13 +0100] "GET /hirek/hirek100728.htm HTTP/1.1" 200 7560 "http://www.google.com" "Mozilla/5.0 (compatible; Esribot/1.0; http://www.esrihu.hu/)"
46.107.210.115 - - [31/Jan/2013:08:22:14 +0100] "GET /hirek/hirek100420.htm HTTP/1.1" 200 7914 "http://www.google.com" "Mozilla/5.0 (compatible; Esribot/1.0; http://www.esrihu.hu/)"
46.107.210.115 - - [31/Jan/2013:08:22:14 +0100] "GET /hirek/hirek100420.htm HTTP/1.1" 200 7914 "http://www.google.com" "Mozilla/5.0 (compatible; Esribot/1.0; http://www.esrihu.hu/)"
46.107.210.115 - - [31/Jan/2013:08:22:14 +0100] "GET /hirek/hirek100305.htm HTTP/1.1" 200 7091 "http://www.google.com" "Mozilla/5.0 (compatible; Esribot/1.0; http://www.esrihu.hu/)"
46.107.210.115 - - [31/Jan/2013:08:22:14 +0100] "GET /hirek/hirek100305.htm HTTP/1.1" 200 7091 "http://www.google.com" "Mozilla/5.0 (compatible; Esribot/1.0; http://www.esrihu.hu/)"
46.107.210.115 - - [31/Jan/2013:08:22:14 +0100] "GET /hirek/hirek100225.htm HTTP/1.1" 200 7288 "http://www.google.com" "Mozilla/5.0 (compatible; Esribot/1.0; http://www.esrihu.hu/)"
46.107.210.115 - - [31/Jan/2013:08:22:14 +0100] "GET /hirek/hirek100225.htm HTTP/1.1" 200 7288 "http://www.google.com" "Mozilla/5.0 (compatible; Esribot/1.0; http://www.esrihu.hu/)"
46.107.210.115 - - [31/Jan/2013:08:22:15 +0100] "GET /hirek/hirek091221.htm HTTP/1.1" 200 6740 "http://www.google.com" "Mozilla/5.0 (compatible; Esribot/1.0; http://www.esrihu.hu/)"
46.107.210.115 - - [31/Jan/2013:08:22:15 +0100] "GET /hirek/hirek091221.htm HTTP/1.1" 200 6740 "http://www.google.com" "Mozilla/5.0 (compatible; Esribot/1.0; http://www.esrihu.hu/)"
46.107.210.115 - - [31/Jan/2013:08:22:15 +0100] "GET /hirek/hirek091103.htm HTTP/1.1" 200 7301 "http://www.google.com" "Mozilla/5.0 (compatible; Esribot/1.0; http://www.esrihu.hu/)"
46.107.210.115 - - [31/Jan/2013:08:22:15 +0100] "GET /hirek/hirek091103.htm HTTP/1.1" 200 7301 "http://www.google.com" "Mozilla/5.0 (compatible; Esribot/1.0; http://www.esrihu.hu/)"
46.107.210.115 - - [31/Jan/2013:08:22:15 +0100] "GET /hirek/hirek091102.htm HTTP/1.1" 200 8538 "http://www.google.com" "Mozilla/5.0 (compatible; Esribot/1.0; http://www.esrihu.hu/)"
46.107.210.115 - - [31/Jan/2013:08:22:15 +0100] "GET /hirek/hirek091102.htm HTTP/1.1" 200 8538 "http://www.google.com" "Mozilla/5.0 (compatible; Esribot/1.0; http://www.esrihu.hu/)"
46.107.210.115 - - [31/Jan/2013:08:22:16 +0100] "GET /hirek/hirek091015.htm HTTP/1.1" 200 7046 "http://www.google.com" "Mozilla/5.0 (compatible; Esribot/1.0; http://www.esrihu.hu/)"
46.107.210.115 - - [31/Jan/2013:08:22:16 +0100] "GET /hirek/hirek091015.htm HTTP/1.1" 200 7046 "http://www.google.com" "Mozilla/5.0 (compatible; Esribot/1.0; http://www.esrihu.hu/)"
46.107.210.115 - - [31/Jan/2013:08:22:16 +0100] "GET /hirek/klimatv_civilcikk.doc HTTP/1.1" 200 78336 "http://www.google.com" "Mozilla/5.0 (compatible; Esribot/1.0; http://www.esrihu.hu/)"
46.107.210.115 - - [31/Jan/2013:08:22:17 +0100] "GET /hirarchivum.htm HTTP/1.1" 200 24981 "http://www.google.com" "Mozilla/5.0 (compatible; Esribot/1.0; http://www.esrihu.hu/)"
46.107.210.115 - - [31/Jan/2013:08:22:17 +0100] "GET /hirek/Microsoft%20Word%20-%20csongradi%20duzzaszto%20velemeny%202009.06.11..doc.pdf HTTP/1.1" 200 321155 "http://www.google.com" "Mozilla/5.0 (compatible; Esribot/1.0; http://www.esrihu.hu/)"
46.107.210.115 - - [31/Jan/2013:08:22:17 +0100] "GET /hirarchivum.htm HTTP/1.1" 200 24981 "http://www.google.com" "Mozilla/5.0 (compatible; Esribot/1.0; http://www.esrihu.hu/)"
46.107.210.115 - - [31/Jan/2013:08:22:17 +0100] "GET /ncta.htm HTTP/1.1" 200 7221 "http://www.google.com" "Mozilla/5.0 (compatible; Esribot/1.0; http://www.esrihu.hu/)"
46.107.210.115 - - [31/Jan/2013:08:22:17 +0100] "GET /ncta.htm HTTP/1.1" 200 7221 "http://www.google.com" "Mozilla/5.0 (compatible; Esribot/1.0; http://www.esrihu.hu/)"
46.107.210.115 - - [31/Jan/2013:08:22:18 +0100] "GET /jog/index.htm HTTP/1.1" 200 13138 "http://www.google.com" "Mozilla/5.0 (compatible; Esribot/1.0; http://www.esrihu.hu/)"
46.107.210.115 - - [31/Jan/2013:08:22:18 +0100] "GET /jog/index.htm HTTP/1.1" 200 13138 "http://www.google.com" "Mozilla/5.0 (compatible; Esribot/1.0; http://www.esrihu.hu/)"
46.107.210.115 - - [31/Jan/2013:08:22:18 +0100] "GET /bunt.htm HTTP/1.1" 200 5683 "http://www.google.com" "Mozilla/5.0 (compatible; Esribot/1.0; http://www.esrihu.hu/)"
46.107.210.115 - - [31/Jan/2013:08:22:18 +0100] "GET /bunt.htm HTTP/1.1" 200 5683 "http://www.google.com" "Mozilla/5.0 (compatible; Esribot/1.0; http://www.esrihu.hu/)"
46.107.210.115 - - [31/Jan/2013:08:22:18 +0100] "GET /szakmai.htm HTTP/1.1" 200 6054 "http://www.google.com" "Mozilla/5.0 (compatible; Esribot/1.0; http://www.esrihu.hu/)"
46.107.210.115 - - [31/Jan/2013:08:22:18 +0100] "GET /szakmai.htm HTTP/1.1" 200 6054 "http://www.google.com" "Mozilla/5.0 (compatible; Esribot/1.0; http://www.esrihu.hu/)"
46.107.210.115 - - [31/Jan/2013:08:22:19 +0100] "GET /civilmuhely.htm HTTP/1.1" 200 8450 "http://www.google.com" "Mozilla/5.0 (compatible; Esribot/1.0; http://www.esrihu.hu/)"
46.107.210.115 - - [31/Jan/2013:08:22:19 +0100] "GET /civilmuhely.htm HTTP/1.1" 200 8450 "http://www.google.com" "Mozilla/5.0 (compatible; Esribot/1.0; http://www.esrihu.hu/)"
46.107.210.115 - - [31/Jan/2013:08:22:19 +0100] "GET /nca.htm HTTP/1.1" 200 7467 "http://www.google.com" "Mozilla/5.0 (compatible; Esribot/1.0; http://www.esrihu.hu/)"
46.107.210.115 - - [31/Jan/2013:08:22:19 +0100] "GET /nca.htm HTTP/1.1" 200 7467 "http://www.google.com" "Mozilla/5.0 (compatible; Esribot/1.0; http://www.esrihu.hu/)"
46.107.210.115 - - [31/Jan/2013:08:22:20 +0100] "GET /nka.htm HTTP/1.1" 200 6221 "http://www.google.com" "Mozilla/5.0 (compatible; Esribot/1.0; http://www.esrihu.hu/)"
46.107.210.115 - - [31/Jan/2013:08:22:20 +0100] "GET /nka.htm HTTP/1.1" 200 6221 "http://www.google.com" "Mozilla/5.0 (compatible; Esribot/1.0; http://www.esrihu.hu/)"
46.107.210.115 - - [31/Jan/2013:08:22:20 +0100] "GET /khb.htm HTTP/1.1" 200 8719 "http://www.google.com" "Mozilla/5.0 (compatible; Esribot/1.0; http://www.esrihu.hu/)"
46.107.210.115 - - [31/Jan/2013:08:22:20 +0100] "GET /khb.htm HTTP/1.1" 200 8719 "http://www.google.com" "Mozilla/5.0 (compatible; Esribot/1.0; http://www.esrihu.hu/)"
46.107.210.115 - - [31/Jan/2013:08:22:20 +0100] "GET /english/introduction.htm HTTP/1.1" 200 6502 "http://www.google.com" "Mozilla/5.0 (compatible; Esribot/1.0; http://www.esrihu.hu/)"
46.107.210.115 - - [31/Jan/2013:08:22:20 +0100] "GET /english/introduction.htm HTTP/1.1" 200 6502 "http://www.google.com" "Mozilla/5.0 (compatible; Esribot/1.0; http://www.esrihu.hu/)"
46.107.210.115 - - [31/Jan/2013:08:22:21 +0100] "GET /english/programs.htm HTTP/1.1" 200 5614 "http://www.google.com" "Mozilla/5.0 (compatible; Esribot/1.0; http://www.esrihu.hu/)"
46.107.210.115 - - [31/Jan/2013:08:22:21 +0100] "GET /english/programs.htm HTTP/1.1" 200 5614 "http://www.google.com" "Mozilla/5.0 (compatible; Esribot/1.0; http://www.esrihu.hu/)"
46.107.210.115 - - [31/Jan/2013:08:22:21 +0100] "GET /english/contact.htm HTTP/1.1" 200 4601 "http://www.google.com" "Mozilla/5.0 (compatible; Esribot/1.0; http://www.esrihu.hu/)"
46.107.210.115 - - [31/Jan/2013:08:22:21 +0100] "GET /english/contact.htm HTTP/1.1" 200 4601 "http://www.google.com" "Mozilla/5.0 (compatible; Esribot/1.0; http://www.esrihu.hu/)"
46.107.210.115 - - [31/Jan/2013:08:22:22 +0100] "GET /deutsch/stellen.htm HTTP/1.1" 200 6824 "http://www.google.com" "Mozilla/5.0 (compatible; Esribot/1.0; http://www.esrihu.hu/)"
46.107.210.115 - - [31/Jan/2013:08:22:22 +0100] "GET /deutsch/stellen.htm HTTP/1.1" 200 6824 "http://www.google.com" "Mozilla/5.0 (compatible; Esribot/1.0; http://www.esrihu.hu/)"
46.107.210.115 - - [31/Jan/2013:08:22:22 +0100] "GET /deutsch/programme.htm HTTP/1.1" 200 6045 "http://www.google.com" "Mozilla/5.0 (compatible; Esribot/1.0; http://www.esrihu.hu/)"
46.107.210.115 - - [31/Jan/2013:08:22:22 +0100] "GET /deutsch/programme.htm HTTP/1.1" 200 6045 "http://www.google.com" "Mozilla/5.0 (compatible; Esribot/1.0; http://www.esrihu.hu/)"
46.107.210.115 - - [31/Jan/2013:08:22:22 +0100] "GET /deutsch/kontakt.htm HTTP/1.1" 200 4769 "http://www.google.com" "Mozilla/5.0 (compatible; Esribot/1.0; http://www.esrihu.hu/)"
46.107.210.115 - - [31/Jan/2013:08:22:22 +0100] "GET /deutsch/kontakt.htm HTTP/1.1" 200 4769 "http://www.google.com" "Mozilla/5.0 (compatible; Esribot/1.0; http://www.esrihu.hu/)"
46.107.210.115 - - [31/Jan/2013:08:22:23 +0100] "GET /fiok/fiok.html HTTP/1.1" 200 20723 "http://www.google.com" "Mozilla/5.0 (compatible; Esribot/1.0; http://www.esrihu.hu/)"
46.107.210.115 - - [31/Jan/2013:08:22:23 +0100] "GET /fiok/news.html HTTP/1.1" 404 1181 "http://www.google.com" "Mozilla/5.0 (compatible; Esribot/1.0; http://www.esrihu.hu/)"
46.107.210.115 - - [31/Jan/2013:08:22:24 +0100] "GET /fiok/images/nevadonk.JPG HTTP/1.1" 200 56167 "http://www.google.com" "Mozilla/5.0 (compatible; Esribot/1.0; http://www.esrihu.hu/)"
46.107.210.115 - - [31/Jan/2013:08:22:24 +0100] "GET /fiok/mult.htm HTTP/1.1" 200 23227 "http://www.google.com" "Mozilla/5.0 (compatible; Esribot/1.0; http://www.esrihu.hu/)"
46.107.210.115 - - [31/Jan/2013:08:22:24 +0100] "GET /fiok/mult.htm HTTP/1.1" 200 23227 "http://www.google.com" "Mozilla/5.0 (compatible; Esribot/1.0; http://www.esrihu.hu/)"
46.107.210.115 - - [31/Jan/2013:08:22:25 +0100] "GET /fiok/programok.htm HTTP/1.1" 200 18165 "http://www.google.com" "Mozilla/5.0 (compatible; Esribot/1.0; http://www.esrihu.hu/)"
46.107.210.115 - - [31/Jan/2013:08:22:25 +0100] "GET /fiok/programok.htm HTTP/1.1" 200 18165 "http://www.google.com" "Mozilla/5.0 (compatible; Esribot/1.0; http://www.esrihu.hu/)"
46.107.210.115 - - [31/Jan/2013:08:22:25 +0100] "GET /fiok/kornyezet.htm HTTP/1.1" 200 22582 "http://www.google.com" "Mozilla/5.0 (compatible; Esribot/1.0; http://www.esrihu.hu/)"
