74.125.18.151 - - [22/Jan/2013:19:09:36 +0100] "GET /jog2/images/sidebar_bg.png HTTP/1.1" 200 96 "http://www.beklen.hu/jog/ugyfeljogok.htm" "Mozilla/5.0 (X11; Linux x86_64) AppleWebKit/537.4 (KHTML, like Gecko; Google Web Preview) Chrome/22.0.1229 Safari/537.4"
74.125.18.155 - - [22/Jan/2013:19:09:36 +0100] "GET /jog2/images/spacer.gif HTTP/1.1" 200 43 "http://www.beklen.hu/jog/ugyfeljogok.htm" "Mozilla/5.0 (X11; Linux x86_64) AppleWebKit/537.4 (KHTML, like Gecko; Google Web Preview) Chrome/22.0.1229 Safari/537.4"
74.125.18.155 - - [22/Jan/2013:19:09:36 +0100] "GET /jog2/images/subitem.png HTTP/1.1" 200 81 "http://www.beklen.hu/jog/ugyfeljogok.htm" "Mozilla/5.0 (X11; Linux x86_64) AppleWebKit/537.4 (KHTML, like Gecko; Google Web Preview) Chrome/22.0.1229 Safari/537.4"
74.125.18.155 - - [22/Jan/2013:19:09:36 +0100] "GET /jog2/images/menuitem.png HTTP/1.1" 200 20960 "http://www.beklen.hu/jog/ugyfeljogok.htm" "Mozilla/5.0 (X11; Linux x86_64) AppleWebKit/537.4 (KHTML, like Gecko; Google Web Preview) Chrome/22.0.1229 Safari/537.4"
74.125.18.154 - - [22/Jan/2013:19:09:36 +0100] "GET /jog2/images/Bottom_texture.jpg HTTP/1.1" 200 193775 "http://www.beklen.hu/jog/ugyfeljogok.htm" "Mozilla/5.0 (X11; Linux x86_64) AppleWebKit/537.4 (KHTML, like Gecko; Google Web Preview) Chrome/22.0.1229 Safari/537.4"
74.125.18.155 - - [22/Jan/2013:19:09:36 +0100] "GET /jog2/images/header.png HTTP/1.1" 200 170837 "http://www.beklen.hu/jog/ugyfeljogok.htm" "Mozilla/5.0 (X11; Linux x86_64) AppleWebKit/537.4 (KHTML, like Gecko; Google Web Preview) Chrome/22.0.1229 Safari/537.4"
74.125.18.155 - - [22/Jan/2013:19:09:37 +0100] "GET /jog2/images/vmenuitem.png HTTP/1.1" 200 1672 "http://www.beklen.hu/jog/ugyfeljogok.htm" "Mozilla/5.0 (X11; Linux x86_64) AppleWebKit/537.4 (KHTML, like Gecko; Google Web Preview) Chrome/22.0.1229 Safari/537.4"
74.125.18.215 - - [22/Jan/2013:19:09:38 +0100] "GET /jog2/images/post_s.png HTTP/1.1" 200 466 "http://www.beklen.hu/jog/ugyfeljogok.htm" "Mozilla/5.0 (X11; Linux x86_64) AppleWebKit/537.4 (KHTML, like Gecko; Google Web Preview) Chrome/22.0.1229 Safari/537.4"
74.125.18.155 - - [22/Jan/2013:19:09:38 +0100] "GET /jog/img/320/l1000723.jpg HTTP/1.1" 200 8833 "http://www.beklen.hu/jog/ugyfeljogok.htm" "Mozilla/5.0 (X11; Linux x86_64) AppleWebKit/537.4 (KHTML, like Gecko; Google Web Preview) Chrome/22.0.1229 Safari/537.4"
74.125.18.155 - - [22/Jan/2013:19:09:39 +0100] "GET /jog2/images/postbullets.png HTTP/1.1" 200 175 "http://www.beklen.hu/jog/ugyfeljogok.htm" "Mozilla/5.0 (X11; Linux x86_64) AppleWebKit/537.4 (KHTML, like Gecko; Google Web Preview) Chrome/22.0.1229 Safari/537.4"
74.125.18.155 - - [22/Jan/2013:19:09:39 +0100] "GET /jog2/images/post_v.png HTTP/1.1" 200 310 "http://www.beklen.hu/jog/ugyfeljogok.htm" "Mozilla/5.0 (X11; Linux x86_64) AppleWebKit/537.4 (KHTML, like Gecko; Google Web Preview) Chrome/22.0.1229 Safari/537.4"
74.125.18.215 - - [22/Jan/2013:19:09:39 +0100] "GET /jog2/images/button.png HTTP/1.1" 200 27118 "http://www.beklen.hu/jog/ugyfeljogok.htm" "Mozilla/5.0 (X11; Linux x86_64) AppleWebKit/537.4 (KHTML, like Gecko; Google Web Preview) Chrome/22.0.1229 Safari/537.4"
66.249.76.62 - - [22/Jan/2013:19:19:59 +0100] "GET /jog/eseteink/derekegyhaza/kepek/vadaskert-szakhat.jpg HTTP/1.1" 304 - "-" "Googlebot-Image/1.0"
66.249.76.62 - - [22/Jan/2013:19:26:37 +0100] "GET /hirek/090510/szuletesunnepe050.jpg HTTP/1.1" 304 - "-" "Googlebot-Image/1.0"
37.140.141.19 - - [22/Jan/2013:19:45:43 +0100] "GET /tm03.jpg HTTP/1.1" 304 - "-" "Mozilla/5.0 (compatible; YandexImages/3.0; +http://yandex.com/bots)"
213.181.197.192 - - [22/Jan/2013:20:26:26 +0100] "GET /jog/polgariper.htm HTTP/1.1" 200 13964 "http://www.google.hu/url?sa=t&rct=j&q=&esrc=s&source=web&cd=1&ved=0CC8QFjAA&url=http%3A%2F%2Fwww.beklen.hu%2Fjog%2Fpolgariper.htm&ei=3-f-UICQC6ir4ATDwoGIAQ&usg=AFQjCNFPU2vclhU7sO2TgbJoo8vqvE-YTg&bvm=bv.41248874,d.bGE" "Mozilla/5.0 (Windows NT 5.1; rv:18.0) Gecko/20100101 Firefox/18.0"
213.181.197.192 - - [22/Jan/2013:20:26:26 +0100] "GET /jog/css/script.js HTTP/1.1" 200 6975 "http://www.beklen.hu/jog/polgariper.htm" "Mozilla/5.0 (Windows NT 5.1; rv:18.0) Gecko/20100101 Firefox/18.0"
213.181.197.192 - - [22/Jan/2013:20:26:26 +0100] "GET /jog/img/320/albofalevel1.jpg HTTP/1.1" 200 14351 "http://www.beklen.hu/jog/polgariper.htm" "Mozilla/5.0 (Windows NT 5.1; rv:18.0) Gecko/20100101 Firefox/18.0"
213.181.197.192 - - [22/Jan/2013:20:26:26 +0100] "GET /jog/favicon.ico HTTP/1.1" 200 1150 "-" "Mozilla/5.0 (Windows NT 5.1; rv:18.0) Gecko/20100101 Firefox/18.0"
213.181.197.192 - - [22/Jan/2013:20:26:26 +0100] "GET /jog/css/style.css HTTP/1.1" 200 23764 "http://www.beklen.hu/jog/polgariper.htm" "Mozilla/5.0 (Windows NT 5.1; rv:18.0) Gecko/20100101 Firefox/18.0"
213.181.197.192 - - [22/Jan/2013:20:26:26 +0100] "GET /jog/css/jquery.js HTTP/1.1" 200 72174 "http://www.beklen.hu/jog/polgariper.htm" "Mozilla/5.0 (Windows NT 5.1; rv:18.0) Gecko/20100101 Firefox/18.0"
213.181.197.192 - - [22/Jan/2013:20:26:26 +0100] "GET /jog2/images/nav.png HTTP/1.1" 200 11000 "http://www.beklen.hu/jog/css/style.css" "Mozilla/5.0 (Windows NT 5.1; rv:18.0) Gecko/20100101 Firefox/18.0"
213.181.197.192 - - [22/Jan/2013:20:26:26 +0100] "GET /jog2/images/spacer.gif HTTP/1.1" 200 43 "http://www.beklen.hu/jog/css/style.css" "Mozilla/5.0 (Windows NT 5.1; rv:18.0) Gecko/20100101 Firefox/18.0"
213.181.197.192 - - [22/Jan/2013:20:26:26 +0100] "GET /jog2/images/subitem.png HTTP/1.1" 200 81 "http://www.beklen.hu/jog/css/style.css" "Mozilla/5.0 (Windows NT 5.1; rv:18.0) Gecko/20100101 Firefox/18.0"
213.181.197.192 - - [22/Jan/2013:20:26:26 +0100] "GET /jog2/images/sidebar_bg.png HTTP/1.1" 200 96 "http://www.beklen.hu/jog/css/style.css" "Mozilla/5.0 (Windows NT 5.1; rv:18.0) Gecko/20100101 Firefox/18.0"
213.181.197.192 - - [22/Jan/2013:20:26:26 +0100] "GET /jog2/images/vmenuitem.png HTTP/1.1" 200 1672 "http://www.beklen.hu/jog/css/style.css" "Mozilla/5.0 (Windows NT 5.1; rv:18.0) Gecko/20100101 Firefox/18.0"
213.181.197.192 - - [22/Jan/2013:20:26:27 +0100] "GET /jog2/images/post_s.png HTTP/1.1" 200 466 "http://www.beklen.hu/jog/css/style.css" "Mozilla/5.0 (Windows NT 5.1; rv:18.0) Gecko/20100101 Firefox/18.0"
213.181.197.192 - - [22/Jan/2013:20:26:27 +0100] "GET /jog2/images/post_h.png HTTP/1.1" 200 292 "http://www.beklen.hu/jog/css/style.css" "Mozilla/5.0 (Windows NT 5.1; rv:18.0) Gecko/20100101 Firefox/18.0"
213.181.197.192 - - [22/Jan/2013:20:26:27 +0100] "GET /jog2/images/menuitem.png HTTP/1.1" 200 20960 "http://www.beklen.hu/jog/css/style.css" "Mozilla/5.0 (Windows NT 5.1; rv:18.0) Gecko/20100101 Firefox/18.0"
213.181.197.192 - - [22/Jan/2013:20:26:27 +0100] "GET /jog2/images/post_v.png HTTP/1.1" 200 310 "http://www.beklen.hu/jog/css/style.css" "Mozilla/5.0 (Windows NT 5.1; rv:18.0) Gecko/20100101 Firefox/18.0"
213.181.197.192 - - [22/Jan/2013:20:26:27 +0100] "GET /jog2/images/post_c.png HTTP/1.1" 200 204 "http://www.beklen.hu/jog/css/style.css" "Mozilla/5.0 (Windows NT 5.1; rv:18.0) Gecko/20100101 Firefox/18.0"
213.181.197.192 - - [22/Jan/2013:20:26:27 +0100] "GET /jog2/images/button.png HTTP/1.1" 200 27118 "http://www.beklen.hu/jog/css/style.css" "Mozilla/5.0 (Windows NT 5.1; rv:18.0) Gecko/20100101 Firefox/18.0"
213.181.197.192 - - [22/Jan/2013:20:26:27 +0100] "GET /jog2/images/Bottom_texture.jpg HTTP/1.1" 200 193775 "http://www.beklen.hu/jog/css/style.css" "Mozilla/5.0 (Windows NT 5.1; rv:18.0) Gecko/20100101 Firefox/18.0"
213.181.197.192 - - [22/Jan/2013:20:26:27 +0100] "GET /jog2/images/header.png HTTP/1.1" 200 170837 "http://www.beklen.hu/jog/css/style.css" "Mozilla/5.0 (Windows NT 5.1; rv:18.0) Gecko/20100101 Firefox/18.0"
37.140.141.19 - - [22/Jan/2013:20:49:43 +0100] "GET /jog/eseteink/korosladany/kepek/img_5356__.jpg HTTP/1.1" 304 - "-" "Mozilla/5.0 (compatible; YandexImages/3.0; +http://yandex.com/bots)"
178.154.210.252 - - [22/Jan/2013:21:01:58 +0100] "GET /robots.txt HTTP/1.1" 404 1181 "-" "Mozilla/5.0 (compatible; YandexBot/3.0; +http://yandex.com/bots)"
178.154.210.252 - - [22/Jan/2013:21:02:00 +0100] "GET /tm02.jpg HTTP/1.1" 200 1873 "-" "Mozilla/5.0 (compatible; YandexImages/3.0; +http://yandex.com/bots)"
208.115.111.68 - - [22/Jan/2013:21:10:38 +0100] "GET /robots.txt HTTP/1.1" 404 1181 "-" "Mozilla/5.0 (compatible; Ezooms/1.0; ezooms.bot@gmail.com)"
66.249.76.62 - - [22/Jan/2013:21:13:27 +0100] "GET /hirek08_12.htm HTTP/1.1" 304 - "-" "Mozilla/5.0 (compatible; Googlebot/2.1; +http://www.google.com/bot.html)"
130.83.167.153 - - [22/Jan/2013:21:25:43 +0100] "GET /robots.txt HTTP/1.1" 404 1181 "-" "findlinks/2.6 (+http://wortschatz.uni-leipzig.de/findlinks/)"
66.249.76.62 - - [22/Jan/2013:21:39:20 +0100] "GET /jog/eseteink/derekegyhaza/kotvife_kekto_2.pdf HTTP/1.1" 200 198882 "-" "Mozilla/5.0 (compatible; Googlebot/2.1; +http://www.google.com/bot.html)"
37.140.141.19 - - [22/Jan/2013:21:53:43 +0100] "GET /tm02.jpg HTTP/1.1" 304 - "-" "Mozilla/5.0 (compatible; YandexImages/3.0; +http://yandex.com/bots)"
66.249.76.62 - - [22/Jan/2013:21:54:13 +0100] "GET /jog/eseteink/derekegyhaza/natura_letesitmeny2.pdf HTTP/1.1" 304 - "-" "Mozilla/5.0 (compatible; Googlebot/2.1; +http://www.google.com/bot.html)"
66.249.76.62 - - [22/Jan/2013:22:19:52 +0100] "GET /fiok/ HTTP/1.1" 304 - "-" "Mozilla/5.0 (iPhone; U; CPU iPhone OS 4_1 like Mac OS X; en-us) AppleWebKit/532.9 (KHTML, like Gecko) Version/4.0.5 Mobile/8B117 Safari/6531.22.7 (compatible; Googlebot-Mobile/2.1; +http://www.google.com/bot.html)"
37.140.141.19 - - [22/Jan/2013:22:54:21 +0100] "GET /jog/eseteink/korosladany/kepek/img_5363__.jpg HTTP/1.1" 304 - "-" "Mozilla/5.0 (compatible; YandexImages/3.0; +http://yandex.com/bots)"
66.249.76.11 - - [22/Jan/2013:22:54:56 +0100] "GET /robots.txt HTTP/1.1" 404 1181 "-" "Mozilla/5.0 (compatible; Googlebot/2.1; +http://www.google.com/bot.html)"
66.249.76.11 - - [22/Jan/2013:22:54:56 +0100] "GET / HTTP/1.1" 200 23965 "-" "Mozilla/5.0 (compatible; Googlebot/2.1; +http://www.google.com/bot.html)"
208.115.113.84 - - [22/Jan/2013:23:13:30 +0100] "GET /robots.txt HTTP/1.1" 404 1181 "-" "Mozilla/5.0 (compatible; Ezooms/1.0; ezooms.bot@gmail.com)"
208.115.111.68 - - [22/Jan/2013:23:58:13 +0100] "GET /nca.htm HTTP/1.1" 200 7467 "-" "Mozilla/5.0 (compatible; Ezooms/1.0; ezooms.bot@gmail.com)"
37.140.141.19 - - [23/Jan/2013:00:01:42 +0100] "GET /robots.txt HTTP/1.1" 404 1181 "-" "Mozilla/5.0 (compatible; YandexImages/3.0; +http://yandex.com/bots)"
208.115.111.68 - - [23/Jan/2013:01:10:38 +0100] "GET /robots.txt HTTP/1.1" 404 1181 "-" "Mozilla/5.0 (compatible; Ezooms/1.0; ezooms.bot@gmail.com)"
208.115.113.84 - - [23/Jan/2013:01:27:54 +0100] "GET /jog/eseteink/dakar/index.htm HTTP/1.1" 200 10482 "-" "Mozilla/5.0 (compatible; Ezooms/1.0; ezooms.bot@gmail.com)"
37.140.141.19 - - [23/Jan/2013:01:30:50 +0100] "GET /jog/eseteink/korosladany/kepek/img_1.jpg HTTP/1.1" 304 - "-" "Mozilla/5.0 (compatible; YandexImages/3.0; +http://yandex.com/bots)"
178.154.210.252 - - [23/Jan/2013:01:34:21 +0100] "GET /jog HTTP/1.1" 301 311 "-" "Mozilla/5.0 (compatible; YandexBot/3.0; +http://yandex.com/bots)"
178.154.210.252 - - [23/Jan/2013:01:39:08 +0100] "GET /jog/ HTTP/1.1" 304 - "-" "Mozilla/5.0 (compatible; YandexBot/3.0; +http://yandex.com/bots)"
66.249.76.62 - - [23/Jan/2013:01:54:10 +0100] "GET /robots.txt HTTP/1.1" 404 1181 "-" "Mozilla/5.0 (compatible; Googlebot/2.1; +http://www.google.com/bot.html)"
66.249.76.62 - - [23/Jan/2013:01:54:10 +0100] "GET /fiok/ HTTP/1.1" 304 - "-" "Mozilla/5.0 (iPhone; U; CPU iPhone OS 4_1 like Mac OS X; en-us) AppleWebKit/532.9 (KHTML, like Gecko) Version/4.0.5 Mobile/8B117 Safari/6531.22.7 (compatible; Googlebot-Mobile/2.1; +http://www.google.com/bot.html)"
66.249.76.62 - - [23/Jan/2013:01:59:06 +0100] "GET / HTTP/1.1" 200 23965 "-" "SAMSUNG-SGH-E250/1.0 Profile/MIDP-2.0 Configuration/CLDC-1.1 UP.Browser/6.2.3.3.c.1.101 (GUI) MMP/2.0 (compatible; Googlebot-Mobile/2.1; +http://www.google.com/bot.html)"
37.140.141.19 - - [23/Jan/2013:02:04:00 +0100] "GET /tm01.jpg HTTP/1.1" 304 - "-" "Mozilla/5.0 (compatible; YandexImages/3.0; +http://yandex.com/bots)"
178.154.210.252 - - [23/Jan/2013:02:26:58 +0100] "GET /tm01.jpg HTTP/1.1" 200 1080 "-" "Mozilla/5.0 (compatible; YandexImages/3.0; +http://yandex.com/bots)"
37.140.141.19 - - [23/Jan/2013:02:32:26 +0100] "GET /english/e04.jpg HTTP/1.1" 304 - "-" "Mozilla/5.0 (compatible; YandexImages/3.0; +http://yandex.com/bots)"
66.249.76.62 - - [23/Jan/2013:02:49:51 +0100] "GET /jog/ HTTP/1.1" 304 - "-" "SAMSUNG-SGH-E250/1.0 Profile/MIDP-2.0 Configuration/CLDC-1.1 UP.Browser/6.2.3.3.c.1.101 (GUI) MMP/2.0 (compatible; Googlebot-Mobile/2.1; +http://www.google.com/bot.html)"
37.140.141.19 - - [23/Jan/2013:03:05:45 +0100] "GET /jog/eseteink/korosladany/kepek/img_1_.jpg HTTP/1.1" 304 - "-" "Mozilla/5.0 (compatible; YandexImages/3.0; +http://yandex.com/bots)"
37.140.141.19 - - [23/Jan/2013:03:40:39 +0100] "GET /jog/eseteink/korosladany/kepek/img_5_.jpg HTTP/1.1" 304 - "-" "Mozilla/5.0 (compatible; YandexImages/3.0; +http://yandex.com/bots)"
208.115.111.68 - - [23/Jan/2013:03:52:22 +0100] "GET /hirarchivum.htm HTTP/1.1" 200 24981 "-" "Mozilla/5.0 (compatible; Ezooms/1.0; ezooms.bot@gmail.com)"
208.115.111.68 - - [23/Jan/2013:03:52:22 +0100] "GET /jog/eseteink/derekegyhaza/index.htm HTTP/1.1" 200 34210 "-" "Mozilla/5.0 (compatible; Ezooms/1.0; ezooms.bot@gmail.com)"
37.140.141.19 - - [23/Jan/2013:04:05:34 +0100] "GET /jog/eseteink/korosladany/kepek/img_5365.jpg HTTP/1.1" 304 - "-" "Mozilla/5.0 (compatible; YandexImages/3.0; +http://yandex.com/bots)"
178.255.215.69 - - [23/Jan/2013:04:09:11 +0100] "GET /robots.txt HTTP/1.1" 404 1181 "-" "Mozilla/5.0 (compatible; Exabot/3.0; +http://www.exabot.com/go/robot)"
178.255.215.69 - - [23/Jan/2013:04:09:11 +0100] "GET /programok.htm HTTP/1.1" 304 - "-" "Mozilla/5.0 (compatible; Exabot/3.0; +http://www.exabot.com/go/robot)"
178.154.210.252 - - [23/Jan/2013:04:32:23 +0100] "GET /deutsch/d04.jpg HTTP/1.1" 200 1181 "-" "Mozilla/5.0 (compatible; YandexImages/3.0; +http://yandex.com/bots)"
37.140.141.19 - - [23/Jan/2013:04:35:26 +0100] "GET /tm02_.jpg HTTP/1.1" 304 - "-" "Mozilla/5.0 (compatible; YandexImages/3.0; +http://yandex.com/bots)"
66.249.76.62 - - [23/Jan/2013:04:56:59 +0100] "GET /fiok/mult.htm HTTP/1.1" 200 23227 "-" "DoCoMo/2.0 N905i(c100;TB;W24H16) (compatible; Googlebot-Mobile/2.1; +http://www.google.com/bot.html)"
37.140.141.19 - - [23/Jan/2013:05:05:14 +0100] "GET /jog/img/file_pdf.png HTTP/1.1" 304 - "-" "Mozilla/5.0 (compatible; YandexImages/3.0; +http://yandex.com/bots)"
208.115.111.68 - - [23/Jan/2013:05:09:22 +0100] "GET /robots.txt HTTP/1.1" 404 1181 "-" "Mozilla/5.0 (compatible; Ezooms/1.0; ezooms.bot@gmail.com)"
37.140.141.19 - - [23/Jan/2013:05:30:03 +0100] "GET /tm05_.jpg HTTP/1.1" 304 - "-" "Mozilla/5.0 (compatible; YandexImages/3.0; +http://yandex.com/bots)"
157.56.229.184 - - [23/Jan/2013:05:35:56 +0100] "GET /robots.txt HTTP/1.1" 404 1181 "-" "Mozilla/5.0 (compatible; bingbot/2.0; +http://www.bing.com/bingbot.htm)"
157.56.229.184 - - [23/Jan/2013:05:37:22 +0100] "GET /jog/jogszabalyok/2011.%20%C3%A9vi%20CXII.pdf HTTP/1.1" 404 1181 "-" "Mozilla/5.0 (compatible; bingbot/2.0; +http://www.bing.com/bingbot.htm)"
37.140.141.19 - - [23/Jan/2013:05:54:53 +0100] "GET /jog/eseteink/korosladany/kepek/img_2.jpg HTTP/1.1" 304 - "-" "Mozilla/5.0 (compatible; YandexImages/3.0; +http://yandex.com/bots)"
37.140.141.19 - - [23/Jan/2013:06:33:07 +0100] "GET /tm05.jpg HTTP/1.1" 304 - "-" "Mozilla/5.0 (compatible; YandexImages/3.0; +http://yandex.com/bots)"
208.115.113.84 - - [23/Jan/2013:07:12:18 +0100] "GET /robots.txt HTTP/1.1" 404 1181 "-" "Mozilla/5.0 (compatible; Ezooms/1.0; ezooms.bot@gmail.com)"
37.140.141.19 - - [23/Jan/2013:07:12:43 +0100] "GET /jog/eseteink/korosladany/kepek/img_3b.jpg HTTP/1.1" 304 - "-" "Mozilla/5.0 (compatible; YandexImages/3.0; +http://yandex.com/bots)"
139.18.2.17 - - [23/Jan/2013:07:36:26 +0100] "GET /english/index.htm HTTP/1.1" 200 5262 "-" "findlinks/2.6 (+http://wortschatz.uni-leipzig.de/findlinks/)"
37.140.141.19 - - [23/Jan/2013:07:52:28 +0100] "GET /deutsch/d04.jpg HTTP/1.1" 304 - "-" "Mozilla/5.0 (compatible; YandexImages/3.0; +http://yandex.com/bots)"
208.115.111.68 - - [23/Jan/2013:07:55:21 +0100] "GET /hirek/hirek09_03.htm HTTP/1.1" 200 10810 "-" "Mozilla/5.0 (compatible; Ezooms/1.0; ezooms.bot@gmail.com)"
37.140.141.19 - - [23/Jan/2013:08:26:16 +0100] "GET /jog/eseteink/korosladany/kepek/img_5.jpg HTTP/1.1" 304 - "-" "Mozilla/5.0 (compatible; YandexImages/3.0; +http://yandex.com/bots)"
180.76.5.170 - - [23/Jan/2013:08:28:10 +0100] "GET /robots.txt HTTP/1.1" 404 1181 "-" "Mozilla/5.0 (Windows NT 5.1; rv:6.0.2) Gecko/20100101 Firefox/6.0.2"
178.154.210.252 - - [23/Jan/2013:08:29:53 +0100] "GET /tm03.jpg HTTP/1.1" 200 2212 "-" "Mozilla/5.0 (compatible; YandexImages/3.0; +http://yandex.com/bots)"
37.140.141.19 - - [23/Jan/2013:09:00:04 +0100] "GET /jog/eseteink/korosladany/kepek/img_5365__.jpg HTTP/1.1" 304 - "-" "Mozilla/5.0 (compatible; YandexImages/3.0; +http://yandex.com/bots)"
66.249.76.62 - - [23/Jan/2013:09:02:41 +0100] "GET /robots.txt HTTP/1.1" 404 1181 "-" "Mozilla/5.0 (compatible; Googlebot/2.1; +http://www.google.com/bot.html)"
66.249.76.62 - - [23/Jan/2013:09:02:42 +0100] "GET /jog/eseteink/poroszlo/poroszlo-hnp.pdf HTTP/1.1" 200 112892 "-" "Mozilla/5.0 (compatible; Googlebot/2.1; +http://www.google.com/bot.html)"
66.249.76.62 - - [23/Jan/2013:09:05:22 +0100] "GET /jog/eseteink/autopalya/ugyfel-m9-oktvf20061108.pdf HTTP/1.1" 200 132171 "-" "Mozilla/5.0 (compatible; Googlebot/2.1; +http://www.google.com/bot.html)"
208.115.111.68 - - [23/Jan/2013:09:08:59 +0100] "GET /robots.txt HTTP/1.1" 404 1181 "-" "Mozilla/5.0 (compatible; Ezooms/1.0; ezooms.bot@gmail.com)"
208.115.113.84 - - [23/Jan/2013:09:15:51 +0100] "GET /hirek/hirek091221.htm HTTP/1.1" 200 6740 "-" "Mozilla/5.0 (compatible; Ezooms/1.0; ezooms.bot@gmail.com)"
37.140.141.19 - - [23/Jan/2013:09:28:08 +0100] "GET /jog/img/magyar_cimer.png HTTP/1.1" 304 - "-" "Mozilla/5.0 (compatible; YandexImages/3.0; +http://yandex.com/bots)"
130.83.167.153 - - [23/Jan/2013:09:30:34 +0100] "GET /fiok/program_reszek/madarmegfigyeles.htm HTTP/1.1" 200 21825 "-" "findlinks/2.6 (+http://wortschatz.uni-leipzig.de/findlinks/)"
91.144.118.138 - - [23/Jan/2013:10:02:31 +0100] "GET /hirek/Natura_2000es_gyepgazdalkodas_eloirasai.ppt HTTP/1.1" 200 333312 "http://search.yahoo.com/search?p=natura+2000+gyep&ei=UTF-8&fr=chr-greentree_ff&type=971163&ilc=12" "Mozilla/5.0 (Windows NT 5.1; rv:17.0) Gecko/20100101 Firefox/17.0"
62.163.13.217 - - [23/Jan/2013:10:14:14 +0100] "GET / HTTP/1.1" 200 23965 "-" "Java/1.7.0_07"
62.163.13.217 - - [23/Jan/2013:10:14:15 +0100] "GET /hirarchivum.htm HTTP/1.1" 200 24981 "-" "Java/1.7.0_07"
62.163.13.217 - - [23/Jan/2013:10:14:15 +0100] "GET /index.htm HTTP/1.1" 200 23965 "-" "Java/1.7.0_07"
62.163.13.217 - - [23/Jan/2013:10:14:15 +0100] "GET /kapcsolat.htm HTTP/1.1" 200 6889 "-" "Java/1.7.0_07"
62.163.13.217 - - [23/Jan/2013:10:14:15 +0100] "GET /magunkrol.htm HTTP/1.1" 200 9202 "-" "Java/1.7.0_07"
62.163.13.217 - - [23/Jan/2013:10:14:15 +0100] "GET /media.htm HTTP/1.1" 200 5208 "-" "Java/1.7.0_07"
62.163.13.217 - - [23/Jan/2013:10:14:16 +0100] "GET /programok.htm HTTP/1.1" 200 6444 "-" "Java/1.7.0_07"
62.163.13.217 - - [23/Jan/2013:10:14:16 +0100] "GET /vill.cs HTTP/1.1" 200 2676 "-" "Java/1.7.0_07"
62.163.13.217 - - [23/Jan/2013:10:14:16 +0100] "GET /hirek08_10.htm HTTP/1.1" 200 6946 "-" "Java/1.7.0_07"
62.163.13.217 - - [23/Jan/2013:10:14:16 +0100] "GET /hirek08_11.htm HTTP/1.1" 200 7253 "-" "Java/1.7.0_07"
62.163.13.217 - - [23/Jan/2013:10:14:16 +0100] "GET /hirek08_12.htm HTTP/1.1" 200 8268 "-" "Java/1.7.0_07"
62.163.13.217 - - [23/Jan/2013:10:14:16 +0100] "GET /hirek09_01.htm HTTP/1.1" 200 6841 "-" "Java/1.7.0_07"
62.163.13.217 - - [23/Jan/2013:10:14:16 +0100] "GET /hirek09_02.htm HTTP/1.1" 200 7450 "-" "Java/1.7.0_07"
62.163.13.217 - - [23/Jan/2013:10:14:16 +0100] "GET /hirek09_03.htm HTTP/1.1" 200 10726 "-" "Java/1.7.0_07"
62.163.13.217 - - [23/Jan/2013:10:14:17 +0100] "GET /&url=kapcsolat.htm HTTP/1.1" 404 1181 "-" "Java/1.7.0_07"
62.163.13.217 - - [23/Jan/2013:10:14:17 +0100] "GET /&url=programok.htm HTTP/1.1" 404 1181 "-" "Java/1.7.0_07"
62.163.13.217 - - [23/Jan/2013:10:14:17 +0100] "GET /&url=adomanyi.htm HTTP/1.1" 404 1181 "-" "Java/1.7.0_07"
62.163.13.217 - - [23/Jan/2013:10:14:17 +0100] "GET /bunt.htm HTTP/1.1" 200 5683 "-" "Java/1.7.0_07"
62.163.13.217 - - [23/Jan/2013:10:14:17 +0100] "GET /civilmuhely.htm HTTP/1.1" 200 8450 "-" "Java/1.7.0_07"
62.163.13.217 - - [23/Jan/2013:10:14:17 +0100] "GET /khb.htm HTTP/1.1" 200 8719 "-" "Java/1.7.0_07"
62.163.13.217 - - [23/Jan/2013:10:14:17 +0100] "GET /nca.htm HTTP/1.1" 200 7467 "-" "Java/1.7.0_07"
62.163.13.217 - - [23/Jan/2013:10:14:17 +0100] "GET /ncta.htm HTTP/1.1" 200 7221 "-" "Java/1.7.0_07"
62.163.13.217 - - [23/Jan/2013:10:14:18 +0100] "GET /nka.htm HTTP/1.1" 200 6221 "-" "Java/1.7.0_07"
62.163.13.217 - - [23/Jan/2013:10:14:18 +0100] "GET /szakmai.htm HTTP/1.1" 200 6054 "-" "Java/1.7.0_07"
62.163.13.217 - - [23/Jan/2013:10:14:18 +0100] "GET /ncta_a.htm HTTP/1.1" 200 7260 "-" "Java/1.7.0_07"
62.163.13.217 - - [23/Jan/2013:10:14:18 +0100] "GET /&url=civilmuhely.htm HTTP/1.1" 404 1181 "-" "Java/1.7.0_07"
62.163.13.217 - - [23/Jan/2013:10:14:18 +0100] "GET /&url=magunkrol.htm HTTP/1.1" 404 1181 "-" "Java/1.7.0_07"
62.163.13.217 - - [23/Jan/2013:10:14:18 +0100] "GET /nca04.htm HTTP/1.1" 200 16378 "-" "Java/1.7.0_07"
62.163.13.217 - - [23/Jan/2013:10:14:19 +0100] "GET /nca05.htm HTTP/1.1" 200 16412 "-" "Java/1.7.0_07"
62.163.13.217 - - [23/Jan/2013:10:14:19 +0100] "GET /nca06.htm HTTP/1.1" 200 19034 "-" "Java/1.7.0_07"
62.163.13.217 - - [23/Jan/2013:10:14:19 +0100] "GET /nca07.htm HTTP/1.1" 200 21968 "-" "Java/1.7.0_07"
62.163.13.217 - - [23/Jan/2013:10:14:19 +0100] "GET /nca08.htm HTTP/1.1" 200 21795 "-" "Java/1.7.0_07"
62.163.13.217 - - [23/Jan/2013:10:14:20 +0100] "GET /nca09.htm HTTP/1.1" 200 24315 "-" "Java/1.7.0_07"
62.163.13.217 - - [23/Jan/2013:10:14:20 +0100] "GET /nca10.htm HTTP/1.1" 200 16648 "-" "Java/1.7.0_07"
62.163.13.217 - - [23/Jan/2013:10:14:20 +0100] "GET /nca11.htm HTTP/1.1" 200 7133 "-" "Java/1.7.0_07"
62.163.13.217 - - [23/Jan/2013:10:14:20 +0100] "GET /kiadvanyok.htm HTTP/1.1" 200 8206 "-" "Java/1.7.0_07"
62.163.13.217 - - [23/Jan/2013:10:14:20 +0100] "GET /deutsch/index.htm HTTP/1.1" 200 5324 "-" "Java/1.7.0_07"
62.163.13.217 - - [23/Jan/2013:10:14:20 +0100] "GET /english/index.htm HTTP/1.1" 200 5262 "-" "Java/1.7.0_07"
62.163.13.217 - - [23/Jan/2013:10:14:21 +0100] "GET /fiok/index.html HTTP/1.1" 200 20554 "-" "Java/1.7.0_07"
62.163.13.217 - - [23/Jan/2013:10:14:21 +0100] "GET /hirek/hirek091015.htm HTTP/1.1" 200 7046 "-" "Java/1.7.0_07"
62.163.13.217 - - [23/Jan/2013:10:14:21 +0100] "GET /hirek/hirek091102.htm HTTP/1.1" 200 8538 "-" "Java/1.7.0_07"
62.163.13.217 - - [23/Jan/2013:10:14:21 +0100] "GET /hirek/hirek091103.htm HTTP/1.1" 200 7301 "-" "Java/1.7.0_07"
62.163.13.217 - - [23/Jan/2013:10:14:21 +0100] "GET /hirek/hirek091221.htm HTTP/1.1" 200 6740 "-" "Java/1.7.0_07"
62.163.13.217 - - [23/Jan/2013:10:14:21 +0100] "GET /hirek/hirek100225.htm HTTP/1.1" 200 7288 "-" "Java/1.7.0_07"
139.18.2.209 - - [23/Jan/2013:10:18:14 +0100] "GET /jog/index.htm HTTP/1.1" 200 13138 "-" "findlinks/2.6 (+http://wortschatz.uni-leipzig.de/findlinks/)"
37.140.141.19 - - [23/Jan/2013:10:40:40 +0100] "GET /english/e02.jpg HTTP/1.1" 304 - "-" "Mozilla/5.0 (compatible; YandexImages/3.0; +http://yandex.com/bots)"
2.229.111.111 - - [23/Jan/2013:10:50:38 +0100] "GET /robots.txt HTTP/1.0" 404 1181 "-" "Mozilla/5.0 (compatible; MJ12bot/v1.4.3; http://www.majestic12.co.uk/bot.php?+)"
2.229.111.111 - - [23/Jan/2013:10:51:39 +0100] "GET / HTTP/1.1" 200 23965 "-" "Mozilla/5.0 (compatible; MJ12bot/v1.4.3; http://www.majestic12.co.uk/bot.php?+)"
37.140.141.19 - - [23/Jan/2013:11:21:19 +0100] "GET /tm03.jpg HTTP/1.1" 304 - "-" "Mozilla/5.0 (compatible; YandexImages/3.0; +http://yandex.com/bots)"
130.83.167.153 - - [23/Jan/2013:11:35:17 +0100] "GET /jog/tarseljarasok.htm HTTP/1.1" 200 13316 "-" "findlinks/2.6 (+http://wortschatz.uni-leipzig.de/findlinks/)"
66.249.76.62 - - [23/Jan/2013:11:51:37 +0100] "GET /fiok/mult.htm HTTP/1.1" 200 23227 "-" "SAMSUNG-SGH-E250/1.0 Profile/MIDP-2.0 Configuration/CLDC-1.1 UP.Browser/6.2.3.3.c.1.101 (GUI) MMP/2.0 (compatible; Googlebot-Mobile/2.1; +http://www.google.com/bot.html)"
208.115.111.68 - - [23/Jan/2013:11:52:00 +0100] "GET /jog/eseteink/derekegyhaza/eseteink/derekegyhaza/index.htm HTTP/1.1" 404 1181 "-" "Mozilla/5.0 (compatible; Ezooms/1.0; ezooms.bot@gmail.com)"
180.76.5.95 - - [23/Jan/2013:11:53:54 +0100] "GET /fiok/program_reszek/turazas.htm HTTP/1.1" 200 22754 "-" "Mozilla/5.0 (compatible; Baiduspider/2.0; +http://www.baidu.com/search/spider.html)"
37.140.141.19 - - [23/Jan/2013:12:02:29 +0100] "GET /deutsch/d02.jpg HTTP/1.1" 304 - "-" "Mozilla/5.0 (compatible; YandexImages/3.0; +http://yandex.com/bots)"
37.140.141.19 - - [23/Jan/2013:12:45:50 +0100] "GET /english/e01.jpg HTTP/1.1" 304 - "-" "Mozilla/5.0 (compatible; YandexImages/3.0; +http://yandex.com/bots)"
37.140.141.19 - - [23/Jan/2013:13:27:05 +0100] "GET /jog/img/file_pdf.png HTTP/1.1" 304 - "-" "Mozilla/5.0 (compatible; YandexImages/3.0; +http://yandex.com/bots)"
66.249.76.62 - - [23/Jan/2013:13:39:23 +0100] "GET /jog/eseteink/malom/fotok/img_3057.jpg HTTP/1.1" 304 - "-" "Googlebot-Image/1.0"
37.140.141.19 - - [23/Jan/2013:14:08:32 +0100] "GET /tm04.jpg HTTP/1.1" 304 - "-" "Mozilla/5.0 (compatible; YandexImages/3.0; +http://yandex.com/bots)"
171.19.10.2 - - [23/Jan/2013:14:25:14 +0100] "GET /jog/eseteink/dakar/dakar_ugyeszseg_lp.pdf HTTP/1.0" 200 218784 "http://www.google.hu/search?q=f%C5%91v%C3%A1rosi+f%C5%91%C3%BCgy%C3%A9szs%C3%A9g+szervezete&hl=hu&gbv=2&prmd=ivns&ei=N-T_UNWOEIjk4QSqt4GQBw&start=30&sa=N" "Mozilla/5.0 (Windows; U; Windows NT 5.1; hu; rv:1.9.0.19) Gecko/2010031422 AskTbWCV5/3.8.0.12304 Firefox/3.0.19"
171.19.10.2 - - [23/Jan/2013:14:25:14 +0100] "GET /jog/eseteink/dakar/dakar_ugyeszseg_lp.pdf HTTP/1.0" 206 153452 "-" "Mozilla/5.0 (Windows; U; Windows NT 5.1; hu; rv:1.9.0.19) Gecko/2010031422 AskTbWCV5/3.8.0.12304 Firefox/3.0.19"
171.19.10.2 - - [23/Jan/2013:14:25:15 +0100] "GET /favicon.ico HTTP/1.0" 404 1181 "-" "Mozilla/5.0 (Windows; U; Windows NT 5.1; hu; rv:1.9.0.19) Gecko/2010031422 AskTbWCV5/3.8.0.12304 Firefox/3.0.19"
178.154.210.252 - - [23/Jan/2013:14:42:33 +0100] "GET /robots.txt HTTP/1.1" 404 1181 "-" "Mozilla/5.0 (compatible; YandexBot/3.0; +http://yandex.com/bots)"
37.140.141.19 - - [23/Jan/2013:14:52:01 +0100] "GET /deutsch/d01.jpg HTTP/1.1" 304 - "-" "Mozilla/5.0 (compatible; YandexImages/3.0; +http://yandex.com/bots)"
157.56.229.186 - - [23/Jan/2013:14:55:15 +0100] "GET /robots.txt HTTP/1.1" 404 1181 "-" "Mozilla/5.0 (compatible; bingbot/2.0; +http://www.bing.com/bingbot.htm)"
157.56.229.186 - - [23/Jan/2013:14:57:43 +0100] "GET /jog/jogszabalyok/201.korm.%20rendelettel%20modositott275.natura%20korm.%20rendelet.pdf HTTP/1.1" 200 330 "-" "Mozilla/5.0 (compatible; bingbot/2.0; +http://www.bing.com/bingbot.htm)"
195.56.162.107 - - [23/Jan/2013:14:58:01 +0100] "GET /jog/eseteink/derekegyhaza/index.htm HTTP/1.1" 200 34210 "http://www.google.hu/imgres?q=k%C3%A9relem&hl=hu&sa=X&tbo=d&rlz=1T4ADSA_huHU437&biw=1280&bih=748&tbm=isch&tbnid=W-si8GXDAGQdvM:&imgrefurl=http://www.beklen.hu/jog/eseteink/derekegyhaza/index.htm&docid=ZTfOsU0QL27I-M&imgurl=http://www.beklen.hu/jog/eseteink/derekegyhaza/mszh_elsofok_ugyfel_elutasitas_1.jpg&w=1674&h=2277&ei=i-v_UJrGDerE4gSEjYCwCw&zoom=1&iact=rc&dur=204&sig=101033574512438977767&page=2&tbnh=139&tbnw=102&start=41&ndsp=50&ved=1t:429,r:76,s:0,i:329&tx=68&ty=86" "Mozilla/4.0 (compatible; MSIE 8.0; Windows NT 5.1; Trident/4.0; GTB7.4; .NET CLR 1.1.4322; .NET CLR 2.0.50727; .NET CLR 3.0.4506.2152; .NET CLR 3.5.30729; OfficeLiveConnector.1.4; OfficeLivePatch.1.3; AskTbORJ/5.15.4.23821)"
195.56.162.107 - - [23/Jan/2013:14:58:01 +0100] "GET /jog/style.css HTTP/1.1" 200 21413 "http://www.beklen.hu/jog/eseteink/derekegyhaza/index.htm" "Mozilla/4.0 (compatible; MSIE 8.0; Windows NT 5.1; Trident/4.0; GTB7.4; .NET CLR 1.1.4322; .NET CLR 2.0.50727; .NET CLR 3.0.4506.2152; .NET CLR 3.5.30729; OfficeLiveConnector.1.4; OfficeLivePatch.1.3; AskTbORJ/5.15.4.23821)"
195.56.162.107 - - [23/Jan/2013:14:58:01 +0100] "GET /jog/jquery.js HTTP/1.1" 200 72174 "http://www.beklen.hu/jog/eseteink/derekegyhaza/index.htm" "Mozilla/4.0 (compatible; MSIE 8.0; Windows NT 5.1; Trident/4.0; GTB7.4; .NET CLR 1.1.4322; .NET CLR 2.0.50727; .NET CLR 3.0.4506.2152; .NET CLR 3.5.30729; OfficeLiveConnector.1.4; OfficeLivePatch.1.3; AskTbORJ/5.15.4.23821)"
195.56.162.107 - - [23/Jan/2013:14:58:02 +0100] "GET /jog/script.js HTTP/1.1" 200 5674 "http://www.beklen.hu/jog/eseteink/derekegyhaza/index.htm" "Mozilla/4.0 (compatible; MSIE 8.0; Windows NT 5.1; Trident/4.0; GTB7.4; .NET CLR 1.1.4322; .NET CLR 2.0.50727; .NET CLR 3.0.4506.2152; .NET CLR 3.5.30729; OfficeLiveConnector.1.4; OfficeLivePatch.1.3; AskTbORJ/5.15.4.23821)"
195.56.162.107 - - [23/Jan/2013:14:58:02 +0100] "GET /jog/lb/js/prototype.js HTTP/1.1" 200 47603 "http://www.beklen.hu/jog/eseteink/derekegyhaza/index.htm" "Mozilla/4.0 (compatible; MSIE 8.0; Windows NT 5.1; Trident/4.0; GTB7.4; .NET CLR 1.1.4322; .NET CLR 2.0.50727; .NET CLR 3.0.4506.2152; .NET CLR 3.5.30729; OfficeLiveConnector.1.4; OfficeLivePatch.1.3; AskTbORJ/5.15.4.23821)"
195.56.162.107 - - [23/Jan/2013:14:58:02 +0100] "GET /jog/lb/js/scriptaculous.js?load=effects HTTP/1.1" 200 2152 "http://www.beklen.hu/jog/eseteink/derekegyhaza/index.htm" "Mozilla/4.0 (compatible; MSIE 8.0; Windows NT 5.1; Trident/4.0; GTB7.4; .NET CLR 1.1.4322; .NET CLR 2.0.50727; .NET CLR 3.0.4506.2152; .NET CLR 3.5.30729; OfficeLiveConnector.1.4; OfficeLivePatch.1.3; AskTbORJ/5.15.4.23821)"
195.56.162.107 - - [23/Jan/2013:14:58:03 +0100] "GET /jog/lb/js/effects.js HTTP/1.1" 200 31969 "http://www.beklen.hu/jog/eseteink/derekegyhaza/index.htm" "Mozilla/4.0 (compatible; MSIE 8.0; Windows NT 5.1; Trident/4.0; GTB7.4; .NET CLR 1.1.4322; .NET CLR 2.0.50727; .NET CLR 3.0.4506.2152; .NET CLR 3.5.30729; OfficeLiveConnector.1.4; OfficeLivePatch.1.3; AskTbORJ/5.15.4.23821)"
195.56.162.107 - - [23/Jan/2013:14:58:03 +0100] "GET /jog/eseteink/derekegyhaza/mszh_elsofok_ugyfel_elutasitas_1.jpg HTTP/1.1" 200 1086764 "http://www.google.hu/imgres?q=k%C3%A9relem&hl=hu&sa=X&tbo=d&rlz=1T4ADSA_huHU437&biw=1280&bih=748&tbm=isch&tbnid=W-si8GXDAGQdvM:&imgrefurl=http://www.beklen.hu/jog/eseteink/derekegyhaza/index.htm&docid=ZTfOsU0QL27I-M&imgurl=http://www.beklen.hu/jog/eseteink/derekegyhaza/mszh_elsofok_ugyfel_elutasitas_1.jpg&w=1674&h=2277&ei=i-v_UJrGDerE4gSEjYCwCw&zoom=1&iact=rc&dur=204&sig=101033574512438977767&page=2&tbnh=139&tbnw=102&start=41&ndsp=50&ved=1t:429,r:76,s:0,i:329&tx=68&ty=86" "Mozilla/4.0 (compatible; MSIE 8.0; Windows NT 5.1; Trident/4.0; GTB7.4; .NET CLR 1.1.4322; .NET CLR 2.0.50727; .NET CLR 3.0.4506.2152; .NET CLR 3.5.30729; OfficeLiveConnector.1.4; OfficeLivePatch.1.3; AskTbORJ/5.15.4.23821)"
195.56.162.107 - - [23/Jan/2013:14:58:03 +0100] "GET /jog/lb/js/lightbox.js HTTP/1.1" 200 23431 "http://www.beklen.hu/jog/eseteink/derekegyhaza/index.htm" "Mozilla/4.0 (compatible; MSIE 8.0; Windows NT 5.1; Trident/4.0; GTB7.4; .NET CLR 1.1.4322; .NET CLR 2.0.50727; .NET CLR 3.0.4506.2152; .NET CLR 3.5.30729; OfficeLiveConnector.1.4; OfficeLivePatch.1.3; AskTbORJ/5.15.4.23821)"
195.56.162.107 - - [23/Jan/2013:14:58:03 +0100] "GET /jog/img/file_pdf.png HTTP/1.1" 200 581 "http://www.beklen.hu/jog/eseteink/derekegyhaza/index.htm" "Mozilla/4.0 (compatible; MSIE 8.0; Windows NT 5.1; Trident/4.0; GTB7.4; .NET CLR 1.1.4322; .NET CLR 2.0.50727; .NET CLR 3.0.4506.2152; .NET CLR 3.5.30729; OfficeLiveConnector.1.4; OfficeLivePatch.1.3; AskTbORJ/5.15.4.23821)"
195.56.162.107 - - [23/Jan/2013:14:58:03 +0100] "GET /jog/lb/css/lightbox.css HTTP/1.1" 200 1715 "http://www.beklen.hu/jog/eseteink/derekegyhaza/index.htm" "Mozilla/4.0 (compatible; MSIE 8.0; Windows NT 5.1; Trident/4.0; GTB7.4; .NET CLR 1.1.4322; .NET CLR 2.0.50727; .NET CLR 3.0.4506.2152; .NET CLR 3.5.30729; OfficeLiveConnector.1.4; OfficeLivePatch.1.3; AskTbORJ/5.15.4.23821)"
195.56.162.107 - - [23/Jan/2013:14:58:03 +0100] "GET /jog/eseteink/derekegyhaza/37-433.jpg HTTP/1.1" 200 3573 "http://www.beklen.hu/jog/eseteink/derekegyhaza/index.htm" "Mozilla/4.0 (compatible; MSIE 8.0; Windows NT 5.1; Trident/4.0; GTB7.4; .NET CLR 1.1.4322; .NET CLR 2.0.50727; .NET CLR 3.0.4506.2152; .NET CLR 3.5.30729; OfficeLiveConnector.1.4; OfficeLivePatch.1.3; AskTbORJ/5.15.4.23821)"
195.56.162.107 - - [23/Jan/2013:14:58:03 +0100] "GET /jog/img/file_jpg.png HTTP/1.1" 200 607 "http://www.beklen.hu/jog/eseteink/derekegyhaza/index.htm" "Mozilla/4.0 (compatible; MSIE 8.0; Windows NT 5.1; Trident/4.0; GTB7.4; .NET CLR 1.1.4322; .NET CLR 2.0.50727; .NET CLR 3.0.4506.2152; .NET CLR 3.5.30729; OfficeLiveConnector.1.4; OfficeLivePatch.1.3; AskTbORJ/5.15.4.23821)"
195.56.162.107 - - [23/Jan/2013:14:58:03 +0100] "GET /jog/eseteink/derekegyhaza/kepek/37-433__.jpg HTTP/1.1" 200 4596 "http://www.beklen.hu/jog/eseteink/derekegyhaza/index.htm" "Mozilla/4.0 (compatible; MSIE 8.0; Windows NT 5.1; Trident/4.0; GTB7.4; .NET CLR 1.1.4322; .NET CLR 2.0.50727; .NET CLR 3.0.4506.2152; .NET CLR 3.5.30729; OfficeLiveConnector.1.4; OfficeLivePatch.1.3; AskTbORJ/5.15.4.23821)"
195.56.162.107 - - [23/Jan/2013:14:58:03 +0100] "GET /jog/eseteink/derekegyhaza/kepek/37-431__.jpg HTTP/1.1" 200 4706 "http://www.beklen.hu/jog/eseteink/derekegyhaza/index.htm" "Mozilla/4.0 (compatible; MSIE 8.0; Windows NT 5.1; Trident/4.0; GTB7.4; .NET CLR 1.1.4322; .NET CLR 2.0.50727; .NET CLR 3.0.4506.2152; .NET CLR 3.5.30729; OfficeLiveConnector.1.4; OfficeLivePatch.1.3; AskTbORJ/5.15.4.23821)"
195.56.162.107 - - [23/Jan/2013:14:58:03 +0100] "GET /jog/eseteink/derekegyhaza/kepek/37-433_o_2005__.jpg HTTP/1.1" 200 5388 "http://www.beklen.hu/jog/eseteink/derekegyhaza/index.htm" "Mozilla/4.0 (compatible; MSIE 8.0; Windows NT 5.1; Trident/4.0; GTB7.4; .NET CLR 1.1.4322; .NET CLR 2.0.50727; .NET CLR 3.0.4506.2152; .NET CLR 3.5.30729; OfficeLiveConnector.1.4; OfficeLivePatch.1.3; AskTbORJ/5.15.4.23821)"
195.56.162.107 - - [23/Jan/2013:14:58:03 +0100] "GET /jog/eseteink/derekegyhaza/kepek/37-431_o_2005__.jpg HTTP/1.1" 200 5766 "http://www.beklen.hu/jog/eseteink/derekegyhaza/index.htm" "Mozilla/4.0 (compatible; MSIE 8.0; Windows NT 5.1; Trident/4.0; GTB7.4; .NET CLR 1.1.4322; .NET CLR 2.0.50727; .NET CLR 3.0.4506.2152; .NET CLR 3.5.30729; OfficeLiveConnector.1.4; OfficeLivePatch.1.3; AskTbORJ/5.15.4.23821)"
195.56.162.107 - - [23/Jan/2013:14:58:03 +0100] "GET /jog/eseteink/derekegyhaza/kepek/dalerd__.jpg HTTP/1.1" 200 6281 "http://www.beklen.hu/jog/eseteink/derekegyhaza/index.htm" "Mozilla/4.0 (compatible; MSIE 8.0; Windows NT 5.1; Trident/4.0; GTB7.4; .NET CLR 1.1.4322; .NET CLR 2.0.50727; .NET CLR 3.0.4506.2152; .NET CLR 3.5.30729; OfficeLiveConnector.1.4; OfficeLivePatch.1.3; AskTbORJ/5.15.4.23821)"
195.56.162.107 - - [23/Jan/2013:14:58:03 +0100] "GET /jog/eseteink/derekegyhaza/kepek/vadaskert-szakhat_.jpg HTTP/1.1" 200 8903 "http://www.beklen.hu/jog/eseteink/derekegyhaza/index.htm" "Mozilla/4.0 (compatible; MSIE 8.0; Windows NT 5.1; Trident/4.0; GTB7.4; .NET CLR 1.1.4322; .NET CLR 2.0.50727; .NET CLR 3.0.4506.2152; .NET CLR 3.5.30729; OfficeLiveConnector.1.4; OfficeLivePatch.1.3; AskTbORJ/5.15.4.23821)"
195.56.162.107 - - [23/Jan/2013:14:58:03 +0100] "GET /jog/images/spacer.gif HTTP/1.1" 200 43 "http://www.beklen.hu/jog/eseteink/derekegyhaza/index.htm" "Mozilla/4.0 (compatible; MSIE 8.0; Windows NT 5.1; Trident/4.0; GTB7.4; .NET CLR 1.1.4322; .NET CLR 2.0.50727; .NET CLR 3.0.4506.2152; .NET CLR 3.5.30729; OfficeLiveConnector.1.4; OfficeLivePatch.1.3; AskTbORJ/5.15.4.23821)"
195.56.162.107 - - [23/Jan/2013:14:58:03 +0100] "GET /jog/images/subitem.png HTTP/1.1" 200 81 "http://www.beklen.hu/jog/eseteink/derekegyhaza/index.htm" "Mozilla/4.0 (compatible; MSIE 8.0; Windows NT 5.1; Trident/4.0; GTB7.4; .NET CLR 1.1.4322; .NET CLR 2.0.50727; .NET CLR 3.0.4506.2152; .NET CLR 3.5.30729; OfficeLiveConnector.1.4; OfficeLivePatch.1.3; AskTbORJ/5.15.4.23821)"
195.56.162.107 - - [23/Jan/2013:14:58:03 +0100] "GET /jog/images/menuitem.png HTTP/1.1" 200 20398 "http://www.beklen.hu/jog/eseteink/derekegyhaza/index.htm" "Mozilla/4.0 (compatible; MSIE 8.0; Windows NT 5.1; Trident/4.0; GTB7.4; .NET CLR 1.1.4322; .NET CLR 2.0.50727; .NET CLR 3.0.4506.2152; .NET CLR 3.5.30729; OfficeLiveConnector.1.4; OfficeLivePatch.1.3; AskTbORJ/5.15.4.23821)"
195.56.162.107 - - [23/Jan/2013:14:58:03 +0100] "GET /jog/images/nav.png HTTP/1.1" 200 10482 "http://www.beklen.hu/jog/eseteink/derekegyhaza/index.htm" "Mozilla/4.0 (compatible; MSIE 8.0; Windows NT 5.1; Trident/4.0; GTB7.4; .NET CLR 1.1.4322; .NET CLR 2.0.50727; .NET CLR 3.0.4506.2152; .NET CLR 3.5.30729; OfficeLiveConnector.1.4; OfficeLivePatch.1.3; AskTbORJ/5.15.4.23821)"
195.56.162.107 - - [23/Jan/2013:14:58:03 +0100] "GET /jog/images/post_s.png HTTP/1.1" 200 466 "http://www.beklen.hu/jog/eseteink/derekegyhaza/index.htm" "Mozilla/4.0 (compatible; MSIE 8.0; Windows NT 5.1; Trident/4.0; GTB7.4; .NET CLR 1.1.4322; .NET CLR 2.0.50727; .NET CLR 3.0.4506.2152; .NET CLR 3.5.30729; OfficeLiveConnector.1.4; OfficeLivePatch.1.3; AskTbORJ/5.15.4.23821)"
195.56.162.107 - - [23/Jan/2013:14:58:03 +0100] "GET /jog/images/post_h.png HTTP/1.1" 200 292 "http://www.beklen.hu/jog/eseteink/derekegyhaza/index.htm" "Mozilla/4.0 (compatible; MSIE 8.0; Windows NT 5.1; Trident/4.0; GTB7.4; .NET CLR 1.1.4322; .NET CLR 2.0.50727; .NET CLR 3.0.4506.2152; .NET CLR 3.5.30729; OfficeLiveConnector.1.4; OfficeLivePatch.1.3; AskTbORJ/5.15.4.23821)"
195.56.162.107 - - [23/Jan/2013:14:58:03 +0100] "GET /jog/images/post_c.png HTTP/1.1" 200 204 "http://www.beklen.hu/jog/eseteink/derekegyhaza/index.htm" "Mozilla/4.0 (compatible; MSIE 8.0; Windows NT 5.1; Trident/4.0; GTB7.4; .NET CLR 1.1.4322; .NET CLR 2.0.50727; .NET CLR 3.0.4506.2152; .NET CLR 3.5.30729; OfficeLiveConnector.1.4; OfficeLivePatch.1.3; AskTbORJ/5.15.4.23821)"
195.56.162.107 - - [23/Jan/2013:14:58:03 +0100] "GET /jog/images/post_v.png HTTP/1.1" 200 310 "http://www.beklen.hu/jog/eseteink/derekegyhaza/index.htm" "Mozilla/4.0 (compatible; MSIE 8.0; Windows NT 5.1; Trident/4.0; GTB7.4; .NET CLR 1.1.4322; .NET CLR 2.0.50727; .NET CLR 3.0.4506.2152; .NET CLR 3.5.30729; OfficeLiveConnector.1.4; OfficeLivePatch.1.3; AskTbORJ/5.15.4.23821)"
195.56.162.107 - - [23/Jan/2013:14:58:04 +0100] "GET /jog/images/header.png HTTP/1.1" 200 170837 "http://www.beklen.hu/jog/eseteink/derekegyhaza/index.htm" "Mozilla/4.0 (compatible; MSIE 8.0; Windows NT 5.1; Trident/4.0; GTB7.4; .NET CLR 1.1.4322; .NET CLR 2.0.50727; .NET CLR 3.0.4506.2152; .NET CLR 3.5.30729; OfficeLiveConnector.1.4; OfficeLivePatch.1.3; AskTbORJ/5.15.4.23821)"
195.56.162.107 - - [23/Jan/2013:14:58:04 +0100] "GET /jog/images/Bottom_texture.jpg HTTP/1.1" 200 193775 "http://www.beklen.hu/jog/eseteink/derekegyhaza/index.htm" "Mozilla/4.0 (compatible; MSIE 8.0; Windows NT 5.1; Trident/4.0; GTB7.4; .NET CLR 1.1.4322; .NET CLR 2.0.50727; .NET CLR 3.0.4506.2152; .NET CLR 3.5.30729; OfficeLiveConnector.1.4; OfficeLivePatch.1.3; AskTbORJ/5.15.4.23821)"
178.154.210.252 - - [23/Jan/2013:15:31:43 +0100] "GET /deutsch/kontakt.htm HTTP/1.1" 200 4769 "-" "Mozilla/5.0 (compatible; YandexBot/3.0; +http://yandex.com/bots)"
178.154.210.252 - - [23/Jan/2013:15:31:45 +0100] "GET /deutsch/d02.jpg HTTP/1.1" 200 1339 "-" "Mozilla/5.0 (compatible; YandexImages/3.0; +http://yandex.com/bots)"
37.140.141.19 - - [23/Jan/2013:15:33:31 +0100] "GET /tm07.jpg HTTP/1.1" 304 - "-" "Mozilla/5.0 (compatible; YandexImages/3.0; +http://yandex.com/bots)"
66.249.76.62 - - [23/Jan/2013:15:33:34 +0100] "GET /hirek/090510/szuletesunnepe027_.jpg HTTP/1.1" 304 - "-" "Googlebot-Image/1.0"
192.74.230.33 - - [23/Jan/2013:15:41:26 +0100] "GET / HTTP/1.1" 200 23965 "-" "Mozilla/4.0 (compatible; MSIE 6.0; Windows NT 5.1; SV1;)"
192.74.230.33 - - [23/Jan/2013:15:41:27 +0100] "GET /?page=login&cmd=register HTTP/1.1" 200 23965 "http://www.beklen.hu/" "Mozilla/5.0 (Windows NT 5.1; rv:11.0) Gecko/20100101 Firefox/11.0"
192.74.230.33 - - [23/Jan/2013:15:41:27 +0100] "GET / HTTP/1.1" 200 23965 "-" "Mozilla/4.0 (compatible; MSIE 6.0; Windows NT 5.1; SV1;)"
192.74.230.33 - - [23/Jan/2013:15:41:28 +0100] "GET /user/register HTTP/1.1" 404 1181 "http://www.beklen.hu/" "Mozilla/4.0 (compatible; MSIE 6.0; Windows NT 5.1; SV1;)"
192.74.230.33 - - [23/Jan/2013:15:41:28 +0100] "GET /sign_up.html HTTP/1.1" 404 1181 "http://www.beklen.hu/" "Mozilla/5.0 (Windows NT 5.1; rv:11.0) Gecko/20100101 Firefox/11.0"
192.74.230.33 - - [23/Jan/2013:15:41:28 +0100] "GET /signup/ HTTP/1.1" 404 1181 "http://www.beklen.hu/" "Mozilla/4.0 (compatible; MSIE 6.0; Windows NT 5.1; SV1;)"
192.74.230.33 - - [23/Jan/2013:15:41:29 +0100] "GET /signup.php HTTP/1.1" 404 1181 "-" "Mozilla/4.0 (compatible; MSIE 6.0; Windows NT 5.1; SV1;)"
192.74.230.33 - - [23/Jan/2013:15:41:30 +0100] "GET /index.php?page=en_Signup HTTP/1.1" 404 1181 "-" "Mozilla/4.0 (compatible; MSIE 6.0; Windows NT 5.1; SV1;)"
192.74.230.33 - - [23/Jan/2013:15:41:30 +0100] "GET /index.php?do=/user/register/ HTTP/1.1" 404 1181 "http://www.beklen.hu/" "Mozilla/4.0 (compatible; MSIE 6.0; Windows NT 5.1; SV1;)"
192.74.230.33 - - [23/Jan/2013:15:41:30 +0100] "GET /signup.php HTTP/1.1" 404 1181 "-" "Mozilla/4.0 (compatible; MSIE 6.0; Windows NT 5.1; SV1;)"
192.74.230.33 - - [23/Jan/2013:15:41:31 +0100] "GET /account/register.php HTTP/1.1" 404 1181 "http://www.beklen.hu/" "Mozilla/4.0 (compatible; MSIE 6.0; Windows NT 5.1; SV1;)"
192.74.230.33 - - [23/Jan/2013:15:41:31 +0100] "GET / HTTP/1.1" 200 23965 "-" "Mozilla/4.0 (compatible; MSIE 6.0; Windows NT 5.1; SV1;)"
192.74.230.33 - - [23/Jan/2013:15:41:32 +0100] "GET /signup HTTP/1.1" 404 1181 "http://www.beklen.hu/" "Mozilla/4.0 (compatible; MSIE 6.0; Windows NT 5.1; SV1;)"
192.74.230.33 - - [23/Jan/2013:15:41:32 +0100] "GET /join.php HTTP/1.1" 404 1181 "-" "Mozilla/4.0 (compatible; MSIE 6.0; Windows NT 5.1; SV1;)"
157.56.229.87 - - [23/Jan/2013:15:49:49 +0100] "GET /robots.txt HTTP/1.1" 404 1181 "-" "Mozilla/5.0 (compatible; bingbot/2.0; +http://www.bing.com/bingbot.htm)"
157.56.229.87 - - [23/Jan/2013:15:52:28 +0100] "GET /jog/jogszabalyok/2009_xxxvii_tv.pdf HTTP/1.1" 200 324544 "-" "Mozilla/5.0 (compatible; bingbot/2.0; +http://www.bing.com/bingbot.htm)"
157.56.229.87 - - [23/Jan/2013:15:52:35 +0100] "GET /jog/eseteink/dakar/dakar_ugyeszseg_lp.pdf HTTP/1.1" 200 218784 "-" "Mozilla/5.0 (compatible; bingbot/2.0; +http://www.bing.com/bingbot.htm)"
37.140.141.19 - - [23/Jan/2013:16:14:50 +0100] "GET /jog/eseteink/korosladany/kepek/img_3b_.jpg HTTP/1.1" 304 - "-" "Mozilla/5.0 (compatible; YandexImages/3.0; +http://yandex.com/bots)"
173.199.119.35 - - [23/Jan/2013:16:29:20 +0100] "GET /robots.txt HTTP/1.1" 404 1181 "-" "Mozilla/5.0 (compatible; AhrefsBot/4.0; +http://ahrefs.com/robot/)"
66.249.76.62 - - [23/Jan/2013:16:43:41 +0100] "GET /hirek/090510/szuletesunnepe051_.jpg HTTP/1.1" 304 - "-" "Googlebot-Image/1.0"
66.249.76.62 - - [23/Jan/2013:16:48:13 +0100] "GET /hirek/hirek100225.htm HTTP/1.1" 304 - "-" "Mozilla/5.0 (iPhone; U; CPU iPhone OS 4_1 like Mac OS X; en-us) AppleWebKit/532.9 (KHTML, like Gecko) Version/4.0.5 Mobile/8B117 Safari/6531.22.7 (compatible; Googlebot-Mobile/2.1; +http://www.google.com/bot.html)"
37.140.141.19 - - [23/Jan/2013:16:56:09 +0100] "GET /tm02.jpg HTTP/1.1" 304 - "-" "Mozilla/5.0 (compatible; YandexImages/3.0; +http://yandex.com/bots)"
208.115.111.68 - - [23/Jan/2013:17:13:19 +0100] "GET /robots.txt HTTP/1.1" 404 1181 "-" "Mozilla/5.0 (compatible; Ezooms/1.0; ezooms.bot@gmail.com)"
66.249.76.62 - - [23/Jan/2013:17:34:34 +0100] "GET /jog/eseteink/poroszlo/poroszlo-onkormnyzat.pdf HTTP/1.1" 304 - "-" "Mozilla/5.0 (compatible; Googlebot/2.1; +http://www.google.com/bot.html)"
37.140.141.19 - - [23/Jan/2013:17:37:27 +0100] "GET /jog/img/magyar_cimer.png HTTP/1.1" 304 - "-" "Mozilla/5.0 (compatible; YandexImages/3.0; +http://yandex.com/bots)"
67.195.115.34 - - [23/Jan/2013:17:43:22 +0100] "GET /robots.txt HTTP/1.0" 404 1181 "-" "Mozilla/5.0 (compatible; Yahoo! Slurp; http://help.yahoo.com/help/us/ysearch/slurp)"
67.195.115.34 - - [23/Jan/2013:17:43:23 +0100] "GET /fiok/ HTTP/1.0" 304 - "-" "Mozilla/5.0 (compatible; Yahoo! Slurp; http://help.yahoo.com/help/us/ysearch/slurp)"
67.195.115.34 - - [23/Jan/2013:17:43:25 +0100] "GET /fiok/css/lightbox.css HTTP/1.0" 304 - "http://www.beklen.hu/fiok/" "Mozilla/5.0 (compatible; Yahoo! Slurp; http://help.yahoo.com/help/us/ysearch/slurp)"
37.140.141.19 - - [23/Jan/2013:18:16:40 +0100] "GET /english/e04.jpg HTTP/1.1" 304 - "-" "Mozilla/5.0 (compatible; YandexImages/3.0; +http://yandex.com/bots)"
66.249.76.62 - - [23/Jan/2013:18:19:20 +0100] "GET /jog/eseteink/derekegyhaza/kepek/37-433_.jpg HTTP/1.1" 304 - "-" "Googlebot-Image/1.0"
139.18.2.209 - - [23/Jan/2013:18:36:45 +0100] "GET /hirek/hirek100728.htm HTTP/1.1" 200 7560 "-" "findlinks/2.6 (+http://wortschatz.uni-leipzig.de/findlinks/)"
37.140.141.19 - - [23/Jan/2013:18:55:55 +0100] "GET /tm06_.jpg HTTP/1.1" 304 - "-" "Mozilla/5.0 (compatible; YandexImages/3.0; +http://yandex.com/bots)"
208.115.113.84 - - [23/Jan/2013:19:12:04 +0100] "GET /robots.txt HTTP/1.1" 404 1181 "-" "Mozilla/5.0 (compatible; Ezooms/1.0; ezooms.bot@gmail.com)"
37.140.141.19 - - [23/Jan/2013:19:39:16 +0100] "GET /jog/eseteink/korosladany/kepek/img_5365.jpg HTTP/1.1" 304 - "-" "Mozilla/5.0 (compatible; YandexImages/3.0; +http://yandex.com/bots)"
208.115.111.68 - - [23/Jan/2013:19:55:52 +0100] "GET /index.htm HTTP/1.1" 200 23965 "-" "Mozilla/5.0 (compatible; Ezooms/1.0; ezooms.bot@gmail.com)"
37.140.141.19 - - [23/Jan/2013:20:02:18 +0100] "GET /jog/img/file_jpg.png HTTP/1.1" 304 - "-" "Mozilla/5.0 (compatible; YandexImages/3.0; +http://yandex.com/bots)"
66.249.76.62 - - [23/Jan/2013:20:03:04 +0100] "GET /jog/eseteink/kavicszatony/nimfea_fellebbezes.pdf HTTP/1.1" 200 229593 "-" "Mozilla/5.0 (compatible; Googlebot/2.1; +http://www.google.com/bot.html)"
66.249.76.62 - - [23/Jan/2013:20:11:51 +0100] "GET / HTTP/1.1" 200 23965 "-" "Mozilla/5.0 (compatible; Googlebot/2.1; +http://www.google.com/bot.html)"
66.249.76.62 - - [23/Jan/2013:20:19:49 +0100] "GET /fiok/kornyezet.htm HTTP/1.1" 304 - "-" "Mozilla/5.0 (compatible; Googlebot/2.1; +http://www.google.com/bot.html)"
66.249.76.62 - - [23/Jan/2013:20:23:09 +0100] "GET /hirek08_11.htm HTTP/1.1" 304 - "-" "Mozilla/5.0 (compatible; Googlebot/2.1; +http://www.google.com/bot.html)"
37.140.141.19 - - [23/Jan/2013:20:44:46 +0100] "GET /jog/eseteink/korosladany/kepek/img_5363.jpg HTTP/1.1" 304 - "-" "Mozilla/5.0 (compatible; YandexImages/3.0; +http://yandex.com/bots)"
66.249.76.62 - - [23/Jan/2013:20:53:49 +0100] "GET /hirek08_12.htm HTTP/1.1" 304 - "-" "Mozilla/5.0 (compatible; Googlebot/2.1; +http://www.google.com/bot.html)"
66.249.76.62 - - [23/Jan/2013:20:56:48 +0100] "GET /hirek08_12.htm HTTP/1.1" 304 - "-" "Mozilla/5.0 (compatible; Googlebot/2.1; +http://www.google.com/bot.html)"
66.249.76.62 - - [23/Jan/2013:20:58:42 +0100] "GET /jog/eseteink/audi/audi_gyor_restoration_measures1-10.pdf HTTP/1.1" 200 4247194 "-" "Mozilla/5.0 (compatible; Googlebot/2.1; +http://www.google.com/bot.html)"
188.36.217.211 - - [23/Jan/2013:21:04:54 +0100] "GET /jog/jogsegely.htm HTTP/1.1" 200 14053 "http://www.google.hu/url?sa=t&rct=j&q=&esrc=s&source=web&cd=16&ved=0CEsQFjAFOAo&url=http%3A%2F%2Fwww.beklen.hu%2Fjog%2Fjogsegely.htm&ei=EUIAUfaNCoTKsgau-ICwCg&usg=AFQjCNHY-bnoUxTkkaMl2IV6hUlplhQIvg&bvm=bv.41248874,d.Yms" "Mozilla/5.0 (Windows NT 6.1; WOW64; rv:18.0) Gecko/20100101 Firefox/18.0"
188.36.217.211 - - [23/Jan/2013:21:04:54 +0100] "GET /jog/script.js HTTP/1.1" 200 5674 "http://www.beklen.hu/jog/jogsegely.htm" "Mozilla/5.0 (Windows NT 6.1; WOW64; rv:18.0) Gecko/20100101 Firefox/18.0"
188.36.217.211 - - [23/Jan/2013:21:04:54 +0100] "GET /jog/favicon.ico HTTP/1.1" 200 1150 "-" "Mozilla/5.0 (Windows NT 6.1; WOW64; rv:18.0) Gecko/20100101 Firefox/18.0"
188.36.217.211 - - [23/Jan/2013:21:04:54 +0100] "GET /jog/style.css HTTP/1.1" 200 21413 "http://www.beklen.hu/jog/jogsegely.htm" "Mozilla/5.0 (Windows NT 6.1; WOW64; rv:18.0) Gecko/20100101 Firefox/18.0"
188.36.217.211 - - [23/Jan/2013:21:04:54 +0100] "GET /jog/jquery.js HTTP/1.1" 200 72174 "http://www.beklen.hu/jog/jogsegely.htm" "Mozilla/5.0 (Windows NT 6.1; WOW64; rv:18.0) Gecko/20100101 Firefox/18.0"
188.36.217.211 - - [23/Jan/2013:21:04:54 +0100] "GET /jog/images/spacer.gif HTTP/1.1" 200 43 "http://www.beklen.hu/jog/style.css" "Mozilla/5.0 (Windows NT 6.1; WOW64; rv:18.0) Gecko/20100101 Firefox/18.0"
188.36.217.211 - - [23/Jan/2013:21:04:54 +0100] "GET /jog/images/subitem.png HTTP/1.1" 200 81 "http://www.beklen.hu/jog/style.css" "Mozilla/5.0 (Windows NT 6.1; WOW64; rv:18.0) Gecko/20100101 Firefox/18.0"
188.36.217.211 - - [23/Jan/2013:21:04:54 +0100] "GET /jog/images/nav.png HTTP/1.1" 200 10482 "http://www.beklen.hu/jog/style.css" "Mozilla/5.0 (Windows NT 6.1; WOW64; rv:18.0) Gecko/20100101 Firefox/18.0"
188.36.217.211 - - [23/Jan/2013:21:04:54 +0100] "GET /jog/images/menuitem.png HTTP/1.1" 200 20398 "http://www.beklen.hu/jog/style.css" "Mozilla/5.0 (Windows NT 6.1; WOW64; rv:18.0) Gecko/20100101 Firefox/18.0"
188.36.217.211 - - [23/Jan/2013:21:04:54 +0100] "GET /jog/images/post_s.png HTTP/1.1" 200 466 "http://www.beklen.hu/jog/style.css" "Mozilla/5.0 (Windows NT 6.1; WOW64; rv:18.0) Gecko/20100101 Firefox/18.0"
188.36.217.211 - - [23/Jan/2013:21:04:54 +0100] "GET /jog/images/post_v.png HTTP/1.1" 200 310 "http://www.beklen.hu/jog/style.css" "Mozilla/5.0 (Windows NT 6.1; WOW64; rv:18.0) Gecko/20100101 Firefox/18.0"
188.36.217.211 - - [23/Jan/2013:21:04:54 +0100] "GET /jog/images/post_h.png HTTP/1.1" 200 292 "http://www.beklen.hu/jog/style.css" "Mozilla/5.0 (Windows NT 6.1; WOW64; rv:18.0) Gecko/20100101 Firefox/18.0"
