139.18.2.17 - - [06/Jan/2013:11:14:09 +0100] "GET /nka.htm HTTP/1.1" 200 6221 "-" "findlinks/2.6 (+http://wortschatz.uni-leipzig.de/findlinks/)"
180.76.5.96 - - [06/Jan/2013:12:12:35 +0100] "GET /robots.txt HTTP/1.1" 404 1181 "-" "Mozilla/5.0 (Windows NT 5.1; rv:6.0.2) Gecko/20100101 Firefox/6.0.2"
208.115.111.68 - - [06/Jan/2013:13:07:43 +0100] "GET /robots.txt HTTP/1.1" 404 1181 "-" "Mozilla/5.0 (compatible; Ezooms/1.0; ezooms.bot@gmail.com)"
208.115.113.84 - - [06/Jan/2013:13:27:56 +0100] "GET /jog/ugyeszsegek.htm HTTP/1.1" 200 13810 "-" "Mozilla/5.0 (compatible; Ezooms/1.0; ezooms.bot@gmail.com)"
173.199.119.35 - - [06/Jan/2013:13:29:02 +0100] "GET /robots.txt HTTP/1.1" 404 1181 "-" "Mozilla/5.0 (compatible; AhrefsBot/4.0; +http://ahrefs.com/robot/)"
157.55.35.87 - - [06/Jan/2013:14:21:49 +0100] "GET /robots.txt HTTP/1.1" 404 1181 "-" "Mozilla/5.0 (compatible; bingbot/2.0; +http://www.bing.com/bingbot.htm)"
157.55.35.87 - - [06/Jan/2013:14:23:21 +0100] "GET /jog/eseteink.htm HTTP/1.1" 304 - "-" "Mozilla/5.0 (compatible; bingbot/2.0; +http://www.bing.com/bingbot.htm)"
91.146.137.115 - - [06/Jan/2013:14:45:41 +0100] "GET /jog/eseteink.htm HTTP/1.1" 200 17277 "http://www.google.hu/imgres?q=natura+2000&start=143&hl=hu&sa=X&tbo=d&biw=1024&bih=605&tbm=isch&tbnid=DdqjH9QM9m6NpM:&imgrefurl=http://www.beklen.hu/jog/eseteink.htm&docid=9Vfi7dMAQ8aGfM&imgurl=http://www.beklen.hu/jog/eseteink/duzzaszto/koros.jpg&w=900&h=597&ei=83_pUK6TBMb2sgaJyoHICA&zoom=1&iact=hc&vpx=529&vpy=17&dur=642&hovh=183&hovw=276&tx=168&ty=60&sig=109805526811727986906&page=8&tbnh=142&tbnw=186&ndsp=22&ved=1t:429,r:63,s:100,i:193" "Mozilla/5.0 (Windows NT 5.1; rv:12.0) Gecko/20100101 Firefox/12.0"
91.146.137.115 - - [06/Jan/2013:14:45:42 +0100] "GET /jog/style.css HTTP/1.1" 200 21413 "http://www.beklen.hu/jog/eseteink.htm" "Mozilla/5.0 (Windows NT 5.1; rv:12.0) Gecko/20100101 Firefox/12.0"
91.146.137.115 - - [06/Jan/2013:14:45:42 +0100] "GET /jog/eseteink/duzzaszto/koros.jpg HTTP/1.1" 200 201463 "http://www.google.hu/imgres?q=natura+2000&start=143&hl=hu&sa=X&tbo=d&biw=1024&bih=605&tbm=isch&tbnid=DdqjH9QM9m6NpM:&imgrefurl=http://www.beklen.hu/jog/eseteink.htm&docid=9Vfi7dMAQ8aGfM&imgurl=http://www.beklen.hu/jog/eseteink/duzzaszto/koros.jpg&w=900&h=597&ei=83_pUK6TBMb2sgaJyoHICA&zoom=1&iact=hc&vpx=529&vpy=17&dur=642&hovh=183&hovw=276&tx=168&ty=60&sig=109805526811727986906&page=8&tbnh=142&tbnw=186&ndsp=22&ved=1t:429,r:63,s:100,i:193" "Mozilla/5.0 (Windows NT 5.1; rv:12.0) Gecko/20100101 Firefox/12.0"
91.146.137.115 - - [06/Jan/2013:14:45:42 +0100] "GET /jog/jquery.js HTTP/1.1" 200 72174 "http://www.beklen.hu/jog/eseteink.htm" "Mozilla/5.0 (Windows NT 5.1; rv:12.0) Gecko/20100101 Firefox/12.0"
91.146.137.115 - - [06/Jan/2013:14:45:42 +0100] "GET /jog/script.js HTTP/1.1" 200 5674 "http://www.beklen.hu/jog/eseteink.htm" "Mozilla/5.0 (Windows NT 5.1; rv:12.0) Gecko/20100101 Firefox/12.0"
91.146.137.115 - - [06/Jan/2013:14:45:42 +0100] "GET /jog/lb/js/scriptaculous.js?load=effects HTTP/1.1" 200 2152 "http://www.beklen.hu/jog/eseteink.htm" "Mozilla/5.0 (Windows NT 5.1; rv:12.0) Gecko/20100101 Firefox/12.0"
91.146.137.115 - - [06/Jan/2013:14:45:42 +0100] "GET /jog/lb/js/lightbox.js HTTP/1.1" 200 23431 "http://www.beklen.hu/jog/eseteink.htm" "Mozilla/5.0 (Windows NT 5.1; rv:12.0) Gecko/20100101 Firefox/12.0"
91.146.137.115 - - [06/Jan/2013:14:45:42 +0100] "GET /jog/lb/js/prototype.js HTTP/1.1" 200 47603 "http://www.beklen.hu/jog/eseteink.htm" "Mozilla/5.0 (Windows NT 5.1; rv:12.0) Gecko/20100101 Firefox/12.0"
91.146.137.115 - - [06/Jan/2013:14:45:42 +0100] "GET /jog/lb/css/lightbox.css HTTP/1.1" 200 1715 "http://www.beklen.hu/jog/eseteink.htm" "Mozilla/5.0 (Windows NT 5.1; rv:12.0) Gecko/20100101 Firefox/12.0"
91.146.137.115 - - [06/Jan/2013:14:45:42 +0100] "GET /jog/eseteink/audi/audi%20-%20natura%202000_.jpg HTTP/1.1" 200 4882 "http://www.beklen.hu/jog/eseteink.htm" "Mozilla/5.0 (Windows NT 5.1; rv:12.0) Gecko/20100101 Firefox/12.0"
91.146.137.115 - - [06/Jan/2013:14:45:42 +0100] "GET /jog/eseteink/korosladany/kepek/img_5365__.jpg HTTP/1.1" 200 5864 "http://www.beklen.hu/jog/eseteink.htm" "Mozilla/5.0 (Windows NT 5.1; rv:12.0) Gecko/20100101 Firefox/12.0"
91.146.137.115 - - [06/Jan/2013:14:45:42 +0100] "GET /jog/eseteink/derekegyhaza/37-433.jpg HTTP/1.1" 200 3573 "http://www.beklen.hu/jog/eseteink.htm" "Mozilla/5.0 (Windows NT 5.1; rv:12.0) Gecko/20100101 Firefox/12.0"
91.146.137.115 - - [06/Jan/2013:14:45:42 +0100] "GET /jog/eseteink/dakar/k.jpg HTTP/1.1" 200 2687 "http://www.beklen.hu/jog/eseteink.htm" "Mozilla/5.0 (Windows NT 5.1; rv:12.0) Gecko/20100101 Firefox/12.0"
91.146.137.115 - - [06/Jan/2013:14:45:42 +0100] "GET /jog/eseteink/kavicszatony/dscf0084_.jpg HTTP/1.1" 200 2611 "http://www.beklen.hu/jog/eseteink.htm" "Mozilla/5.0 (Windows NT 5.1; rv:12.0) Gecko/20100101 Firefox/12.0"
91.146.137.115 - - [06/Jan/2013:14:45:42 +0100] "GET /jog/eseteink/autopalya/ap.jpg HTTP/1.1" 200 3947 "http://www.beklen.hu/jog/eseteink.htm" "Mozilla/5.0 (Windows NT 5.1; rv:12.0) Gecko/20100101 Firefox/12.0"
91.146.137.115 - - [06/Jan/2013:14:45:42 +0100] "GET /jog/eseteink/malom/fotok/img_3057_.jpg HTTP/1.1" 200 6339 "http://www.beklen.hu/jog/eseteink.htm" "Mozilla/5.0 (Windows NT 5.1; rv:12.0) Gecko/20100101 Firefox/12.0"
91.146.137.115 - - [06/Jan/2013:14:45:42 +0100] "GET /jog/eseteink/poroszlo/villa_.jpg HTTP/1.1" 200 3841 "http://www.beklen.hu/jog/eseteink.htm" "Mozilla/5.0 (Windows NT 5.1; rv:12.0) Gecko/20100101 Firefox/12.0"
91.146.137.115 - - [06/Jan/2013:14:45:42 +0100] "GET /jog/lb/js/effects.js HTTP/1.1" 200 31969 "http://www.beklen.hu/jog/eseteink.htm" "Mozilla/5.0 (Windows NT 5.1; rv:12.0) Gecko/20100101 Firefox/12.0"
91.146.137.115 - - [06/Jan/2013:14:45:43 +0100] "GET /jog/images/spacer.gif HTTP/1.1" 200 43 "http://www.beklen.hu/jog/style.css" "Mozilla/5.0 (Windows NT 5.1; rv:12.0) Gecko/20100101 Firefox/12.0"
91.146.137.115 - - [06/Jan/2013:14:45:43 +0100] "GET /jog/images/subitem.png HTTP/1.1" 200 81 "http://www.beklen.hu/jog/style.css" "Mozilla/5.0 (Windows NT 5.1; rv:12.0) Gecko/20100101 Firefox/12.0"
91.146.137.115 - - [06/Jan/2013:14:45:43 +0100] "GET /jog/images/menuitem.png HTTP/1.1" 200 20398 "http://www.beklen.hu/jog/style.css" "Mozilla/5.0 (Windows NT 5.1; rv:12.0) Gecko/20100101 Firefox/12.0"
91.146.137.115 - - [06/Jan/2013:14:45:43 +0100] "GET /jog/images/nav.png HTTP/1.1" 200 10482 "http://www.beklen.hu/jog/style.css" "Mozilla/5.0 (Windows NT 5.1; rv:12.0) Gecko/20100101 Firefox/12.0"
91.146.137.115 - - [06/Jan/2013:14:45:43 +0100] "GET /jog/images/post_s.png HTTP/1.1" 200 466 "http://www.beklen.hu/jog/style.css" "Mozilla/5.0 (Windows NT 5.1; rv:12.0) Gecko/20100101 Firefox/12.0"
91.146.137.115 - - [06/Jan/2013:14:45:43 +0100] "GET /jog/images/post_h.png HTTP/1.1" 200 292 "http://www.beklen.hu/jog/style.css" "Mozilla/5.0 (Windows NT 5.1; rv:12.0) Gecko/20100101 Firefox/12.0"
91.146.137.115 - - [06/Jan/2013:14:45:43 +0100] "GET /jog/images/post_v.png HTTP/1.1" 200 310 "http://www.beklen.hu/jog/style.css" "Mozilla/5.0 (Windows NT 5.1; rv:12.0) Gecko/20100101 Firefox/12.0"
91.146.137.115 - - [06/Jan/2013:14:45:43 +0100] "GET /jog/images/post_c.png HTTP/1.1" 200 204 "http://www.beklen.hu/jog/style.css" "Mozilla/5.0 (Windows NT 5.1; rv:12.0) Gecko/20100101 Firefox/12.0"
91.146.137.115 - - [06/Jan/2013:14:45:43 +0100] "GET /jog/images/Bottom_texture.jpg HTTP/1.1" 200 193775 "http://www.beklen.hu/jog/style.css" "Mozilla/5.0 (Windows NT 5.1; rv:12.0) Gecko/20100101 Firefox/12.0"
91.146.137.115 - - [06/Jan/2013:14:45:43 +0100] "GET /jog/images/header.png HTTP/1.1" 200 170837 "http://www.beklen.hu/jog/style.css" "Mozilla/5.0 (Windows NT 5.1; rv:12.0) Gecko/20100101 Firefox/12.0"
91.146.137.115 - - [06/Jan/2013:14:45:49 +0100] "GET /jog/favicon.ico HTTP/1.1" 200 1150 "-" "Mozilla/5.0 (Windows NT 5.1; rv:12.0) Gecko/20100101 Firefox/12.0"
91.146.137.115 - - [06/Jan/2013:14:45:50 +0100] "GET /jog/lb/js/scriptaculous.js?load=effects HTTP/1.1" 304 - "http://www.beklen.hu/jog/eseteink.htm" "Mozilla/5.0 (Windows NT 5.1; rv:12.0) Gecko/20100101 Firefox/12.0"
141.105.120.153 - - [06/Jan/2013:15:15:27 +0100] "GET /robots.txt HTTP/1.0" 404 1181 "-" "Mozilla/5.0 (compatible; OpenindexSpider; +http://www.openindex.io/en/webmasters/spider.html)"
141.105.120.153 - - [06/Jan/2013:15:15:27 +0100] "GET /hirek/hirek090619.htm HTTP/1.0" 200 7871 "-" "Mozilla/5.0 (compatible; OpenindexSpider; +http://www.openindex.io/en/webmasters/spider.html)"
208.115.111.68 - - [06/Jan/2013:15:51:28 +0100] "GET /hirek/hirek100305.htm HTTP/1.1" 200 7091 "-" "Mozilla/5.0 (compatible; Ezooms/1.0; ezooms.bot@gmail.com)"
180.76.5.59 - - [06/Jan/2013:16:05:01 +0100] "GET /fiok/kornyezet.htm HTTP/1.1" 200 22582 "-" "Mozilla/5.0 (compatible; Baiduspider/2.0; +http://www.baidu.com/search/spider.html)"
86.101.210.78 - - [06/Jan/2013:16:15:12 +0100] "GET /jog/eseteink.htm HTTP/1.1" 200 17277 "http://www.google.hu/imgres?start=154&um=1&hl=hu&sa=N&tbo=d&rlz=1G1GGLQ_HUHU305&biw=1280&bih=603&tbm=isch&tbnid=DdqjH9QM9m6NpM:&imgrefurl=http://www.beklen.hu/jog/eseteink.htm&docid=9Vfi7dMAQ8aGfM&imgurl=http://www.beklen.hu/jog/eseteink/duzzaszto/koros.jpg&w=900&h=597&ei=9pTpUJ_KBInOtAbPu4CYCg&zoom=1&iact=rc&dur=78&sig=108269587487024929382&page=7&tbnh=124&tbnw=163&ndsp=28&ved=1t:429,r:63,s:100,i:193&tx=9&ty=45" "Mozilla/4.0 (compatible; MSIE 8.0; Windows NT 5.1; Trident/4.0; GTB7.4; .NET CLR 2.0.50727; .NET CLR 3.0.4506.2152; .NET CLR 3.5.30729; InfoPath.1; BRI/2)"
86.101.210.78 - - [06/Jan/2013:16:15:12 +0100] "GET /jog/style.css HTTP/1.1" 200 21413 "http://www.beklen.hu/jog/eseteink.htm" "Mozilla/4.0 (compatible; MSIE 8.0; Windows NT 5.1; Trident/4.0; GTB7.4; .NET CLR 2.0.50727; .NET CLR 3.0.4506.2152; .NET CLR 3.5.30729; InfoPath.1; BRI/2)"
86.101.210.78 - - [06/Jan/2013:16:15:12 +0100] "GET /jog/style.css HTTP/1.1" 200 21413 "http://www.beklen.hu/jog/eseteink.htm" "Mozilla/4.0 (compatible; MSIE 8.0; Windows NT 5.1; Trident/4.0; GTB7.4; .NET CLR 2.0.50727; .NET CLR 3.0.4506.2152; .NET CLR 3.5.30729; InfoPath.1; BRI/2)"
86.101.210.78 - - [06/Jan/2013:16:15:13 +0100] "GET /jog/eseteink/duzzaszto/koros.jpg HTTP/1.1" 200 201463 "http://www.google.hu/imgres?start=154&um=1&hl=hu&sa=N&tbo=d&rlz=1G1GGLQ_HUHU305&biw=1280&bih=603&tbm=isch&tbnid=DdqjH9QM9m6NpM:&imgrefurl=http://www.beklen.hu/jog/eseteink.htm&docid=9Vfi7dMAQ8aGfM&imgurl=http://www.beklen.hu/jog/eseteink/duzzaszto/koros.jpg&w=900&h=597&ei=9pTpUJ_KBInOtAbPu4CYCg&zoom=1&iact=rc&dur=78&sig=108269587487024929382&page=7&tbnh=124&tbnw=163&ndsp=28&ved=1t:429,r:63,s:100,i:193&tx=9&ty=45" "Mozilla/4.0 (compatible; MSIE 8.0; Windows NT 5.1; Trident/4.0; GTB7.4; .NET CLR 2.0.50727; .NET CLR 3.0.4506.2152; .NET CLR 3.5.30729; InfoPath.1; BRI/2)"
86.101.210.78 - - [06/Jan/2013:16:15:13 +0100] "GET /jog/jquery.js HTTP/1.1" 200 72174 "http://www.beklen.hu/jog/eseteink.htm" "Mozilla/4.0 (compatible; MSIE 8.0; Windows NT 5.1; Trident/4.0; GTB7.4; .NET CLR 2.0.50727; .NET CLR 3.0.4506.2152; .NET CLR 3.5.30729; InfoPath.1; BRI/2)"
86.101.210.78 - - [06/Jan/2013:16:15:13 +0100] "GET /jog/script.js HTTP/1.1" 200 5674 "http://www.beklen.hu/jog/eseteink.htm" "Mozilla/4.0 (compatible; MSIE 8.0; Windows NT 5.1; Trident/4.0; GTB7.4; .NET CLR 2.0.50727; .NET CLR 3.0.4506.2152; .NET CLR 3.5.30729; InfoPath.1; BRI/2)"
86.101.210.78 - - [06/Jan/2013:16:15:13 +0100] "GET /jog/lb/js/prototype.js HTTP/1.1" 200 47603 "http://www.beklen.hu/jog/eseteink.htm" "Mozilla/4.0 (compatible; MSIE 8.0; Windows NT 5.1; Trident/4.0; GTB7.4; .NET CLR 2.0.50727; .NET CLR 3.0.4506.2152; .NET CLR 3.5.30729; InfoPath.1; BRI/2)"
86.101.210.78 - - [06/Jan/2013:16:15:13 +0100] "GET /jog/lb/js/scriptaculous.js?load=effects HTTP/1.1" 200 2152 "http://www.beklen.hu/jog/eseteink.htm" "Mozilla/4.0 (compatible; MSIE 8.0; Windows NT 5.1; Trident/4.0; GTB7.4; .NET CLR 2.0.50727; .NET CLR 3.0.4506.2152; .NET CLR 3.5.30729; InfoPath.1; BRI/2)"
86.101.210.78 - - [06/Jan/2013:16:15:13 +0100] "GET /jog/lb/js/effects.js HTTP/1.1" 200 31969 "http://www.beklen.hu/jog/eseteink.htm" "Mozilla/4.0 (compatible; MSIE 8.0; Windows NT 5.1; Trident/4.0; GTB7.4; .NET CLR 2.0.50727; .NET CLR 3.0.4506.2152; .NET CLR 3.5.30729; InfoPath.1; BRI/2)"
86.101.210.78 - - [06/Jan/2013:16:15:13 +0100] "GET /jog/lb/js/lightbox.js HTTP/1.1" 200 23431 "http://www.beklen.hu/jog/eseteink.htm" "Mozilla/4.0 (compatible; MSIE 8.0; Windows NT 5.1; Trident/4.0; GTB7.4; .NET CLR 2.0.50727; .NET CLR 3.0.4506.2152; .NET CLR 3.5.30729; InfoPath.1; BRI/2)"
86.101.210.78 - - [06/Jan/2013:16:15:13 +0100] "GET /jog/lb/css/lightbox.css HTTP/1.1" 200 1715 "http://www.beklen.hu/jog/eseteink.htm" "Mozilla/4.0 (compatible; MSIE 8.0; Windows NT 5.1; Trident/4.0; GTB7.4; .NET CLR 2.0.50727; .NET CLR 3.0.4506.2152; .NET CLR 3.5.30729; InfoPath.1; BRI/2)"
86.101.210.78 - - [06/Jan/2013:16:15:13 +0100] "GET /jog/eseteink/korosladany/kepek/img_5365__.jpg HTTP/1.1" 200 5864 "http://www.beklen.hu/jog/eseteink.htm" "Mozilla/4.0 (compatible; MSIE 8.0; Windows NT 5.1; Trident/4.0; GTB7.4; .NET CLR 2.0.50727; .NET CLR 3.0.4506.2152; .NET CLR 3.5.30729; InfoPath.1; BRI/2)"
86.101.210.78 - - [06/Jan/2013:16:15:13 +0100] "GET /jog/eseteink/dakar/k.jpg HTTP/1.1" 200 2687 "http://www.beklen.hu/jog/eseteink.htm" "Mozilla/4.0 (compatible; MSIE 8.0; Windows NT 5.1; Trident/4.0; GTB7.4; .NET CLR 2.0.50727; .NET CLR 3.0.4506.2152; .NET CLR 3.5.30729; InfoPath.1; BRI/2)"
86.101.210.78 - - [06/Jan/2013:16:15:13 +0100] "GET /jog/eseteink/malom/fotok/img_3057_.jpg HTTP/1.1" 200 6339 "http://www.beklen.hu/jog/eseteink.htm" "Mozilla/4.0 (compatible; MSIE 8.0; Windows NT 5.1; Trident/4.0; GTB7.4; .NET CLR 2.0.50727; .NET CLR 3.0.4506.2152; .NET CLR 3.5.30729; InfoPath.1; BRI/2)"
86.101.210.78 - - [06/Jan/2013:16:15:13 +0100] "GET /jog/eseteink/autopalya/ap.jpg HTTP/1.1" 200 3947 "http://www.beklen.hu/jog/eseteink.htm" "Mozilla/4.0 (compatible; MSIE 8.0; Windows NT 5.1; Trident/4.0; GTB7.4; .NET CLR 2.0.50727; .NET CLR 3.0.4506.2152; .NET CLR 3.5.30729; InfoPath.1; BRI/2)"
86.101.210.78 - - [06/Jan/2013:16:15:14 +0100] "GET /jog/eseteink/audi/audi%20-%20natura%202000_.jpg HTTP/1.1" 200 4882 "http://www.beklen.hu/jog/eseteink.htm" "Mozilla/4.0 (compatible; MSIE 8.0; Windows NT 5.1; Trident/4.0; GTB7.4; .NET CLR 2.0.50727; .NET CLR 3.0.4506.2152; .NET CLR 3.5.30729; InfoPath.1; BRI/2)"
86.101.210.78 - - [06/Jan/2013:16:15:14 +0100] "GET /jog/eseteink/derekegyhaza/37-433.jpg HTTP/1.1" 200 3573 "http://www.beklen.hu/jog/eseteink.htm" "Mozilla/4.0 (compatible; MSIE 8.0; Windows NT 5.1; Trident/4.0; GTB7.4; .NET CLR 2.0.50727; .NET CLR 3.0.4506.2152; .NET CLR 3.5.30729; InfoPath.1; BRI/2)"
86.101.210.78 - - [06/Jan/2013:16:15:14 +0100] "GET /jog/eseteink/kavicszatony/dscf0084_.jpg HTTP/1.1" 200 2611 "http://www.beklen.hu/jog/eseteink.htm" "Mozilla/4.0 (compatible; MSIE 8.0; Windows NT 5.1; Trident/4.0; GTB7.4; .NET CLR 2.0.50727; .NET CLR 3.0.4506.2152; .NET CLR 3.5.30729; InfoPath.1; BRI/2)"
86.101.210.78 - - [06/Jan/2013:16:15:14 +0100] "GET /jog/eseteink/poroszlo/villa_.jpg HTTP/1.1" 200 3841 "http://www.beklen.hu/jog/eseteink.htm" "Mozilla/4.0 (compatible; MSIE 8.0; Windows NT 5.1; Trident/4.0; GTB7.4; .NET CLR 2.0.50727; .NET CLR 3.0.4506.2152; .NET CLR 3.5.30729; InfoPath.1; BRI/2)"
86.101.210.78 - - [06/Jan/2013:16:15:14 +0100] "GET /jog/images/spacer.gif HTTP/1.1" 200 43 "http://www.beklen.hu/jog/eseteink.htm" "Mozilla/4.0 (compatible; MSIE 8.0; Windows NT 5.1; Trident/4.0; GTB7.4; .NET CLR 2.0.50727; .NET CLR 3.0.4506.2152; .NET CLR 3.5.30729; InfoPath.1; BRI/2)"
86.101.210.78 - - [06/Jan/2013:16:15:14 +0100] "GET /jog/images/nav.png HTTP/1.1" 200 10482 "http://www.beklen.hu/jog/eseteink.htm" "Mozilla/4.0 (compatible; MSIE 8.0; Windows NT 5.1; Trident/4.0; GTB7.4; .NET CLR 2.0.50727; .NET CLR 3.0.4506.2152; .NET CLR 3.5.30729; InfoPath.1; BRI/2)"
86.101.210.78 - - [06/Jan/2013:16:15:14 +0100] "GET /jog/images/subitem.png HTTP/1.1" 200 81 "http://www.beklen.hu/jog/eseteink.htm" "Mozilla/4.0 (compatible; MSIE 8.0; Windows NT 5.1; Trident/4.0; GTB7.4; .NET CLR 2.0.50727; .NET CLR 3.0.4506.2152; .NET CLR 3.5.30729; InfoPath.1; BRI/2)"
86.101.210.78 - - [06/Jan/2013:16:15:14 +0100] "GET /jog/images/menuitem.png HTTP/1.1" 200 20398 "http://www.beklen.hu/jog/eseteink.htm" "Mozilla/4.0 (compatible; MSIE 8.0; Windows NT 5.1; Trident/4.0; GTB7.4; .NET CLR 2.0.50727; .NET CLR 3.0.4506.2152; .NET CLR 3.5.30729; InfoPath.1; BRI/2)"
86.101.210.78 - - [06/Jan/2013:16:15:14 +0100] "GET /jog/images/post_h.png HTTP/1.1" 200 292 "http://www.beklen.hu/jog/eseteink.htm" "Mozilla/4.0 (compatible; MSIE 8.0; Windows NT 5.1; Trident/4.0; GTB7.4; .NET CLR 2.0.50727; .NET CLR 3.0.4506.2152; .NET CLR 3.5.30729; InfoPath.1; BRI/2)"
86.101.210.78 - - [06/Jan/2013:16:15:14 +0100] "GET /jog/images/post_s.png HTTP/1.1" 200 466 "http://www.beklen.hu/jog/eseteink.htm" "Mozilla/4.0 (compatible; MSIE 8.0; Windows NT 5.1; Trident/4.0; GTB7.4; .NET CLR 2.0.50727; .NET CLR 3.0.4506.2152; .NET CLR 3.5.30729; InfoPath.1; BRI/2)"
86.101.210.78 - - [06/Jan/2013:16:15:14 +0100] "GET /jog/images/post_v.png HTTP/1.1" 200 310 "http://www.beklen.hu/jog/eseteink.htm" "Mozilla/4.0 (compatible; MSIE 8.0; Windows NT 5.1; Trident/4.0; GTB7.4; .NET CLR 2.0.50727; .NET CLR 3.0.4506.2152; .NET CLR 3.5.30729; InfoPath.1; BRI/2)"
86.101.210.78 - - [06/Jan/2013:16:15:14 +0100] "GET /jog/images/post_c.png HTTP/1.1" 200 204 "http://www.beklen.hu/jog/eseteink.htm" "Mozilla/4.0 (compatible; MSIE 8.0; Windows NT 5.1; Trident/4.0; GTB7.4; .NET CLR 2.0.50727; .NET CLR 3.0.4506.2152; .NET CLR 3.5.30729; InfoPath.1; BRI/2)"
86.101.210.78 - - [06/Jan/2013:16:15:14 +0100] "GET /jog/images/header.png HTTP/1.1" 200 170837 "http://www.beklen.hu/jog/eseteink.htm" "Mozilla/4.0 (compatible; MSIE 8.0; Windows NT 5.1; Trident/4.0; GTB7.4; .NET CLR 2.0.50727; .NET CLR 3.0.4506.2152; .NET CLR 3.5.30729; InfoPath.1; BRI/2)"
86.101.210.78 - - [06/Jan/2013:16:15:14 +0100] "GET /jog/images/Bottom_texture.jpg HTTP/1.1" 200 193775 "http://www.beklen.hu/jog/eseteink.htm" "Mozilla/4.0 (compatible; MSIE 8.0; Windows NT 5.1; Trident/4.0; GTB7.4; .NET CLR 2.0.50727; .NET CLR 3.0.4506.2152; .NET CLR 3.5.30729; InfoPath.1; BRI/2)"
86.101.210.78 - - [06/Jan/2013:16:15:21 +0100] "GET /jog/favicon.ico HTTP/1.1" 200 1150 "-" "Mozilla/4.0 (compatible; MSIE 8.0; Windows NT 5.1; Trident/4.0; GTB7.4; .NET CLR 2.0.50727; .NET CLR 3.0.4506.2152; .NET CLR 3.5.30729; InfoPath.1; BRI/2)"
66.249.78.60 - - [06/Jan/2013:16:34:03 +0100] "GET /nimfea_project_250x250.gif HTTP/1.1" 304 - "-" "Googlebot-Image/1.0"
66.249.78.60 - - [06/Jan/2013:16:39:39 +0100] "GET /nimfea_project_250x250.gif HTTP/1.1" 304 - "-" "Googlebot-Image/1.0"
207.46.194.148 - - [06/Jan/2013:17:01:17 +0100] "GET /robots.txt HTTP/1.1" 404 1181 "-" "msnbot-media/1.1 (+http://search.msn.com/msnbot.htm)"
207.46.194.148 - - [06/Jan/2013:17:01:17 +0100] "GET /jog/eseteink/korosladany/kepek/img_5365__.jpg HTTP/1.1" 200 5864 "-" "msnbot-media/1.1 (+http://search.msn.com/msnbot.htm)"
94.21.218.182 - - [06/Jan/2013:19:13:32 +0100] "GET / HTTP/1.1" 200 23965 "http://www.google.hu/url?sa=f&rct=j&url=http://www.beklen.hu/&q=beklen&ei=x77pUPiBJ4-Rswb3p4CYCw&usg=AFQjCNHqiTDD4wltUwrBZSMSBTYI9_KwPQ" "Mozilla/5.0 (Windows NT 6.1) AppleWebKit/537.11 (KHTML, like Gecko) Chrome/23.0.1271.97 Safari/537.11"
94.21.218.182 - - [06/Jan/2013:19:13:32 +0100] "GET /vill.cs HTTP/1.1" 200 2676 "http://www.beklen.hu/" "Mozilla/5.0 (Windows NT 6.1) AppleWebKit/537.11 (KHTML, like Gecko) Chrome/23.0.1271.97 Safari/537.11"
94.21.218.182 - - [06/Jan/2013:19:13:32 +0100] "GET /lb/css/lightbox.css HTTP/1.1" 200 1715 "http://www.beklen.hu/" "Mozilla/5.0 (Windows NT 6.1) AppleWebKit/537.11 (KHTML, like Gecko) Chrome/23.0.1271.97 Safari/537.11"
94.21.218.182 - - [06/Jan/2013:19:13:32 +0100] "GET /lb/js/scriptaculous.js?load=effects HTTP/1.1" 200 2152 "http://www.beklen.hu/" "Mozilla/5.0 (Windows NT 6.1) AppleWebKit/537.11 (KHTML, like Gecko) Chrome/23.0.1271.97 Safari/537.11"
94.21.218.182 - - [06/Jan/2013:19:13:32 +0100] "GET /lb/js/lightbox.js HTTP/1.1" 200 23424 "http://www.beklen.hu/" "Mozilla/5.0 (Windows NT 6.1) AppleWebKit/537.11 (KHTML, like Gecko) Chrome/23.0.1271.97 Safari/537.11"
94.21.218.182 - - [06/Jan/2013:19:13:32 +0100] "GET /lb/js/prototype.js HTTP/1.1" 200 47603 "http://www.beklen.hu/" "Mozilla/5.0 (Windows NT 6.1) AppleWebKit/537.11 (KHTML, like Gecko) Chrome/23.0.1271.97 Safari/537.11"
94.21.218.182 - - [06/Jan/2013:19:13:32 +0100] "GET /lb/js/effects.js HTTP/1.1" 200 31969 "http://www.beklen.hu/" "Mozilla/5.0 (Windows NT 6.1) AppleWebKit/537.11 (KHTML, like Gecko) Chrome/23.0.1271.97 Safari/537.11"
94.21.218.182 - - [06/Jan/2013:19:13:32 +0100] "GET /bg.jpg HTTP/1.1" 200 566 "http://www.beklen.hu/" "Mozilla/5.0 (Windows NT 6.1) AppleWebKit/537.11 (KHTML, like Gecko) Chrome/23.0.1271.97 Safari/537.11"
94.21.218.182 - - [06/Jan/2013:19:13:32 +0100] "GET /tm06_.jpg HTTP/1.1" 200 1382 "http://www.beklen.hu/" "Mozilla/5.0 (Windows NT 6.1) AppleWebKit/537.11 (KHTML, like Gecko) Chrome/23.0.1271.97 Safari/537.11"
94.21.218.182 - - [06/Jan/2013:19:13:32 +0100] "GET /tm04_.jpg HTTP/1.1" 200 2058 "http://www.beklen.hu/" "Mozilla/5.0 (Windows NT 6.1) AppleWebKit/537.11 (KHTML, like Gecko) Chrome/23.0.1271.97 Safari/537.11"
94.21.218.182 - - [06/Jan/2013:19:13:32 +0100] "GET /tm05_.jpg HTTP/1.1" 200 1839 "http://www.beklen.hu/" "Mozilla/5.0 (Windows NT 6.1) AppleWebKit/537.11 (KHTML, like Gecko) Chrome/23.0.1271.97 Safari/537.11"
94.21.218.182 - - [06/Jan/2013:19:13:32 +0100] "GET /tm03_.jpg HTTP/1.1" 200 1787 "http://www.beklen.hu/" "Mozilla/5.0 (Windows NT 6.1) AppleWebKit/537.11 (KHTML, like Gecko) Chrome/23.0.1271.97 Safari/537.11"
94.21.218.182 - - [06/Jan/2013:19:13:32 +0100] "GET /tm01.jpg HTTP/1.1" 200 1080 "http://www.beklen.hu/" "Mozilla/5.0 (Windows NT 6.1) AppleWebKit/537.11 (KHTML, like Gecko) Chrome/23.0.1271.97 Safari/537.11"
94.21.218.182 - - [06/Jan/2013:19:13:32 +0100] "GET /tm02.jpg HTTP/1.1" 200 1873 "http://www.beklen.hu/" "Mozilla/5.0 (Windows NT 6.1) AppleWebKit/537.11 (KHTML, like Gecko) Chrome/23.0.1271.97 Safari/537.11"
94.21.218.182 - - [06/Jan/2013:19:13:32 +0100] "GET /tm07.jpg HTTP/1.1" 200 1007 "http://www.beklen.hu/" "Mozilla/5.0 (Windows NT 6.1) AppleWebKit/537.11 (KHTML, like Gecko) Chrome/23.0.1271.97 Safari/537.11"
94.21.218.182 - - [06/Jan/2013:19:13:32 +0100] "GET /a1_projekt_tabla_infra_cs3_beklenhaz_.jpg HTTP/1.1" 200 8994 "http://www.beklen.hu/" "Mozilla/5.0 (Windows NT 6.1) AppleWebKit/537.11 (KHTML, like Gecko) Chrome/23.0.1271.97 Safari/537.11"
94.21.218.182 - - [06/Jan/2013:19:13:32 +0100] "GET /bottom_main.jpg HTTP/1.1" 200 96820 "http://www.beklen.hu/" "Mozilla/5.0 (Windows NT 6.1) AppleWebKit/537.11 (KHTML, like Gecko) Chrome/23.0.1271.97 Safari/537.11"
94.21.218.182 - - [06/Jan/2013:19:13:32 +0100] "GET /uszt-tabla_.jpg HTTP/1.1" 200 4543 "http://www.beklen.hu/" "Mozilla/5.0 (Windows NT 6.1) AppleWebKit/537.11 (KHTML, like Gecko) Chrome/23.0.1271.97 Safari/537.11"
94.21.218.182 - - [06/Jan/2013:19:13:32 +0100] "GET /jog_honlap_.jpg HTTP/1.1" 200 7186 "http://www.beklen.hu/" "Mozilla/5.0 (Windows NT 6.1) AppleWebKit/537.11 (KHTML, like Gecko) Chrome/23.0.1271.97 Safari/537.11"
94.21.218.182 - - [06/Jan/2013:19:13:33 +0100] "GET /nimfea_project_250x250.gif HTTP/1.1" 200 2986583 "http://www.beklen.hu/" "Mozilla/5.0 (Windows NT 6.1) AppleWebKit/537.11 (KHTML, like Gecko) Chrome/23.0.1271.97 Safari/537.11"
94.21.218.182 - - [06/Jan/2013:19:13:33 +0100] "GET /tm02_.jpg HTTP/1.1" 200 1524 "http://www.beklen.hu/" "Mozilla/5.0 (Windows NT 6.1) AppleWebKit/537.11 (KHTML, like Gecko) Chrome/23.0.1271.97 Safari/537.11"
94.21.218.182 - - [06/Jan/2013:19:13:33 +0100] "GET /lb/images/loading.gif HTTP/1.1" 200 2767 "http://www.beklen.hu/" "Mozilla/5.0 (Windows NT 6.1) AppleWebKit/537.11 (KHTML, like Gecko) Chrome/23.0.1271.97 Safari/537.11"
94.21.218.182 - - [06/Jan/2013:19:13:33 +0100] "GET /lb/images/closelabel.gif HTTP/1.1" 200 222 "http://www.beklen.hu/" "Mozilla/5.0 (Windows NT 6.1) AppleWebKit/537.11 (KHTML, like Gecko) Chrome/23.0.1271.97 Safari/537.11"
94.21.218.182 - - [06/Jan/2013:19:13:33 +0100] "GET /tm04.jpg HTTP/1.1" 200 2613 "http://www.beklen.hu/" "Mozilla/5.0 (Windows NT 6.1) AppleWebKit/537.11 (KHTML, like Gecko) Chrome/23.0.1271.97 Safari/537.11"
94.21.218.182 - - [06/Jan/2013:19:13:33 +0100] "GET /tm05.jpg HTTP/1.1" 200 2253 "http://www.beklen.hu/" "Mozilla/5.0 (Windows NT 6.1) AppleWebKit/537.11 (KHTML, like Gecko) Chrome/23.0.1271.97 Safari/537.11"
94.21.218.182 - - [06/Jan/2013:19:13:33 +0100] "GET /tm06.jpg HTTP/1.1" 200 1651 "http://www.beklen.hu/" "Mozilla/5.0 (Windows NT 6.1) AppleWebKit/537.11 (KHTML, like Gecko) Chrome/23.0.1271.97 Safari/537.11"
94.21.218.182 - - [06/Jan/2013:19:13:33 +0100] "GET /tm03.jpg HTTP/1.1" 200 2212 "http://www.beklen.hu/" "Mozilla/5.0 (Windows NT 6.1) AppleWebKit/537.11 (KHTML, like Gecko) Chrome/23.0.1271.97 Safari/537.11"
37.140.141.19 - - [06/Jan/2013:19:24:16 +0100] "GET /robots.txt HTTP/1.1" 404 1181 "-" "Mozilla/5.0 (compatible; YandexImages/3.0; +http://yandex.com/bots)"
139.18.2.209 - - [06/Jan/2013:19:39:36 +0100] "GET /nca10.htm HTTP/1.1" 200 16648 "-" "findlinks/2.6 (+http://wortschatz.uni-leipzig.de/findlinks/)"
130.83.167.153 - - [06/Jan/2013:20:25:18 +0100] "GET /fiok/mult.htm HTTP/1.1" 200 23227 "-" "findlinks/2.6 (+http://wortschatz.uni-leipzig.de/findlinks/)"
66.249.78.60 - - [06/Jan/2013:20:53:15 +0100] "GET /hirek/hirek091102.htm HTTP/1.1" 304 - "-" "Mozilla/5.0 (compatible; Googlebot/2.1; +http://www.google.com/bot.html)"
66.249.76.62 - - [06/Jan/2013:21:17:40 +0100] "GET /hirek/hirek100810.htm HTTP/1.1" 304 - "-" "Mozilla/5.0 (compatible; Googlebot/2.1; +http://www.google.com/bot.html)"
66.249.78.60 - - [06/Jan/2013:21:25:01 +0100] "GET /hirek/hirek091103.htm HTTP/1.1" 304 - "-" "Mozilla/5.0 (compatible; Googlebot/2.1; +http://www.google.com/bot.html)"
66.249.78.60 - - [06/Jan/2013:21:50:55 +0100] "GET /jog/eseteink/derekegyhaza/fvm_kekto.pdf HTTP/1.1" 200 125833 "-" "Mozilla/5.0 (compatible; Googlebot/2.1; +http://www.google.com/bot.html)"
66.249.78.60 - - [06/Jan/2013:22:22:17 +0100] "GET /hirek/hirek090930.htm HTTP/1.1" 200 7044 "-" "Mozilla/5.0 (compatible; Googlebot/2.1; +http://www.google.com/bot.html)"
208.115.113.84 - - [06/Jan/2013:23:12:14 +0100] "GET /robots.txt HTTP/1.1" 404 1181 "-" "Mozilla/5.0 (compatible; Ezooms/1.0; ezooms.bot@gmail.com)"
208.115.113.84 - - [06/Jan/2013:23:42:28 +0100] "GET / HTTP/1.1" 200 23965 "-" "Mozilla/5.0 (compatible; Ezooms/1.0; ezooms.bot@gmail.com)"
66.249.78.60 - - [07/Jan/2013:00:08:41 +0100] "GET /robots.txt HTTP/1.1" 404 1181 "-" "Mozilla/5.0 (compatible; Googlebot/2.1; +http://www.google.com/bot.html)"
66.249.78.60 - - [07/Jan/2013:00:08:41 +0100] "GET /jog/eseteink/poroszlo/panasz_poroszlo.pdf HTTP/1.1" 200 180096 "-" "Mozilla/5.0 (compatible; Googlebot/2.1; +http://www.google.com/bot.html)"
66.249.78.60 - - [07/Jan/2013:00:22:26 +0100] "GET /jog/polgariper.htm HTTP/1.1" 200 13964 "-" "Mozilla/5.0 (iPhone; U; CPU iPhone OS 4_1 like Mac OS X; en-us) AppleWebKit/532.9 (KHTML, like Gecko) Version/4.0.5 Mobile/8B117 Safari/6531.22.7 (compatible; Googlebot-Mobile/2.1; +http://www.google.com/bot.html)"
66.249.78.60 - - [07/Jan/2013:00:32:39 +0100] "GET /jog/css/style.css HTTP/1.1" 200 23764 "-" "Mozilla/5.0 (compatible; Googlebot/2.1; +http://www.google.com/bot.html)"
180.76.5.94 - - [07/Jan/2013:00:54:00 +0100] "GET /fiok/program_reszek/csaladbarat.htm HTTP/1.1" 200 20928 "-" "Mozilla/5.0 (compatible; Baiduspider/2.0; +http://www.baidu.com/search/spider.html)"
208.115.111.68 - - [07/Jan/2013:01:08:24 +0100] "GET /robots.txt HTTP/1.1" 404 1181 "-" "Mozilla/5.0 (compatible; Ezooms/1.0; ezooms.bot@gmail.com)"
66.249.78.11 - - [07/Jan/2013:01:14:00 +0100] "GET /robots.txt HTTP/1.1" 404 1181 "-" "Mozilla/5.0 (compatible; Googlebot/2.1; +http://www.google.com/bot.html)"
66.249.76.11 - - [07/Jan/2013:01:14:00 +0100] "GET /jog/eseteink/kavicszatony/index.htm HTTP/1.1" 200 16432 "-" "Mozilla/5.0 (compatible; Googlebot/2.1; +http://www.google.com/bot.html)"
66.249.76.62 - - [07/Jan/2013:01:17:58 +0100] "GET /jog/eseteink/dakar/dakar_ugyeszseg_lp.pdf HTTP/1.1" 304 - "-" "Mozilla/5.0 (compatible; Googlebot/2.1; +http://www.google.com/bot.html)"
66.249.76.11 - - [07/Jan/2013:01:21:04 +0100] "GET /jog/eseteink/kavicszatony/dscf0024.jpg HTTP/1.1" 200 83600 "-" "Googlebot-Image/1.0"
66.249.78.11 - - [07/Jan/2013:01:21:11 +0100] "GET /jog/eseteink/kavicszatony/dscf0084.jpg HTTP/1.1" 200 121546 "-" "Googlebot-Image/1.0"
66.249.78.11 - - [07/Jan/2013:01:27:25 +0100] "GET /jog/eseteink/kavicszatony/mura_valasz.pdf HTTP/1.1" 200 105721 "-" "Mozilla/5.0 (compatible; Googlebot/2.1; +http://www.google.com/bot.html)"
66.249.76.11 - - [07/Jan/2013:01:50:14 +0100] "GET /jog/eseteink/kavicszatony/fellebbezes.pdf HTTP/1.1" 200 201532 "-" "Mozilla/5.0 (compatible; Googlebot/2.1; +http://www.google.com/bot.html)"
157.55.32.105 - - [07/Jan/2013:02:01:26 +0100] "GET /robots.txt HTTP/1.1" 404 1181 "-" "Mozilla/5.0 (compatible; bingbot/2.0; +http://www.bing.com/bingbot.htm)"
157.55.32.105 - - [07/Jan/2013:02:03:25 +0100] "GET /index.htm HTTP/1.1" 200 23965 "-" "Mozilla/5.0 (compatible; bingbot/2.0; +http://www.bing.com/bingbot.htm)"
157.55.32.105 - - [07/Jan/2013:02:03:28 +0100] "GET /hirek08_12.htm HTTP/1.1" 200 8268 "-" "Mozilla/5.0 (compatible; bingbot/2.0; +http://www.bing.com/bingbot.htm)"
66.249.78.11 - - [07/Jan/2013:02:09:24 +0100] "GET /jog/eseteink/kavicszatony/mura_bejelentes.pdf HTTP/1.1" 200 161377 "-" "Mozilla/5.0 (compatible; Googlebot/2.1; +http://www.google.com/bot.html)"
157.55.32.186 - - [07/Jan/2013:02:16:09 +0100] "GET / HTTP/1.1" 200 23965 "-" "Mozilla/5.0 (compatible; bingbot/2.0; +http://www.bing.com/bingbot.htm)"
66.249.76.62 - - [07/Jan/2013:02:20:47 +0100] "GET /hirarchivum.htm HTTP/1.1" 200 24981 "-" "DoCoMo/2.0 N905i(c100;TB;W24H16) (compatible; Googlebot-Mobile/2.1; +http://www.google.com/bot.html)"
157.55.32.144 - - [07/Jan/2013:02:32:23 +0100] "GET /hirek09_03.htm HTTP/1.1" 200 10726 "-" "Mozilla/5.0 (compatible; bingbot/2.0; +http://www.bing.com/bingbot.htm)"
157.55.32.144 - - [07/Jan/2013:02:32:28 +0100] "GET /english/index.htm HTTP/1.1" 200 5262 "-" "Mozilla/5.0 (compatible; bingbot/2.0; +http://www.bing.com/bingbot.htm)"
139.18.2.209 - - [07/Jan/2013:02:36:46 +0100] "GET /szakmai.htm HTTP/1.1" 200 6054 "-" "findlinks/2.6 (+http://wortschatz.uni-leipzig.de/findlinks/)"
157.55.34.179 - - [07/Jan/2013:02:40:57 +0100] "GET /programok.htm HTTP/1.1" 200 6444 "-" "Mozilla/5.0 (compatible; bingbot/2.0; +http://www.bing.com/bingbot.htm)"
66.249.78.11 - - [07/Jan/2013:02:41:05 +0100] "GET /jog/eseteink/kavicszatony/mura_bejelentes1.pdf HTTP/1.1" 200 214943 "-" "Mozilla/5.0 (compatible; Googlebot/2.1; +http://www.google.com/bot.html)"
157.55.32.62 - - [07/Jan/2013:02:55:52 +0100] "GET /hirarchivum.htm HTTP/1.1" 200 24981 "-" "Mozilla/5.0 (compatible; bingbot/2.0; +http://www.bing.com/bingbot.htm)"
157.55.32.62 - - [07/Jan/2013:02:55:54 +0100] "GET /khb.htm HTTP/1.1" 200 8719 "-" "Mozilla/5.0 (compatible; bingbot/2.0; +http://www.bing.com/bingbot.htm)"
157.55.32.62 - - [07/Jan/2013:02:55:56 +0100] "GET /deutsch/index.htm HTTP/1.1" 200 5324 "-" "Mozilla/5.0 (compatible; bingbot/2.0; +http://www.bing.com/bingbot.htm)"
66.249.76.11 - - [07/Jan/2013:03:08:27 +0100] "GET /jog/eseteink/kavicszatony/mura_fellebbezes.pdf HTTP/1.1" 200 151541 "-" "Mozilla/5.0 (compatible; Googlebot/2.1; +http://www.google.com/bot.html)"
66.249.76.11 - - [07/Jan/2013:03:20:30 +0100] "GET /jog/eseteink/kavicszatony/mura_bejelentesbk.pdf HTTP/1.1" 200 156885 "-" "Mozilla/5.0 (compatible; Googlebot/2.1; +http://www.google.com/bot.html)"
131.253.38.100 - - [07/Jan/2013:03:23:22 +0100] "GET /robots.txt HTTP/1.1" 404 1181 "-" "msnbot-media/1.1 (+http://search.msn.com/msnbot.htm)"
131.253.38.100 - - [07/Jan/2013:03:23:22 +0100] "GET /jog/eseteink/korosladany/kepek/img_3b_.jpg HTTP/1.1" 200 4927 "-" "msnbot-media/1.1 (+http://search.msn.com/msnbot.htm)"
139.18.2.209 - - [07/Jan/2013:03:40:05 +0100] "GET /english/index.htm HTTP/1.1" 200 5262 "-" "findlinks/2.6 (+http://wortschatz.uni-leipzig.de/findlinks/)"
66.249.76.11 - - [07/Jan/2013:03:44:39 +0100] "GET /jog/eseteink/kavicszatony/mura_fellebbezes1.pdf HTTP/1.1" 200 213658 "-" "Mozilla/5.0 (compatible; Googlebot/2.1; +http://www.google.com/bot.html)"
208.115.111.68 - - [07/Jan/2013:03:53:28 +0100] "GET /jog/eseteink.htm HTTP/1.1" 200 17277 "-" "Mozilla/5.0 (compatible; Ezooms/1.0; ezooms.bot@gmail.com)"
66.249.78.11 - - [07/Jan/2013:03:58:04 +0100] "GET /jog/eseteink/kavicszatony/nimfea_fellebbezes.pdf HTTP/1.1" 200 229593 "-" "Mozilla/5.0 (compatible; Googlebot/2.1; +http://www.google.com/bot.html)"
66.249.78.11 - - [07/Jan/2013:04:17:46 +0100] "GET /jog/eseteink/kavicszatony/kavicszatony_ugyfel.pdf HTTP/1.1" 200 186515 "-" "Mozilla/5.0 (compatible; Googlebot/2.1; +http://www.google.com/bot.html)"
66.249.78.11 - - [07/Jan/2013:04:34:40 +0100] "GET /jog/eseteink/kavicszatony/mura%20fellebb%20nimfea.pdf HTTP/1.1" 200 257093 "-" "Mozilla/5.0 (compatible; Googlebot/2.1; +http://www.google.com/bot.html)"
66.249.78.11 - - [07/Jan/2013:04:50:48 +0100] "GET /jog/eseteink/kavicszatony/nimfea_fellebbezes_uj_eljaras.pdf HTTP/1.1" 200 240990 "-" "Mozilla/5.0 (compatible; Googlebot/2.1; +http://www.google.com/bot.html)"
139.18.2.209 - - [07/Jan/2013:05:05:16 +0100] "GET /deutsch/programme.htm HTTP/1.1" 200 6045 "-" "findlinks/2.6 (+http://wortschatz.uni-leipzig.de/findlinks/)"
66.249.78.11 - - [07/Jan/2013:05:14:49 +0100] "GET /jog/eseteink/kavicszatony/bfnpi%20fellebbezese%20mura%20kotras%20vj%20eng.pdf HTTP/1.1" 200 219591 "-" "Mozilla/5.0 (compatible; Googlebot/2.1; +http://www.google.com/bot.html)"
180.76.5.51 - - [07/Jan/2013:06:55:05 +0100] "GET /fiok/css/js/lightbox.js HTTP/1.1" 304 - "-" "Mozilla/5.0 (compatible; Baiduspider/2.0; +http://www.baidu.com/search/spider.html)"
208.115.113.84 - - [07/Jan/2013:07:12:57 +0100] "GET /robots.txt HTTP/1.1" 404 1181 "-" "Mozilla/5.0 (compatible; Ezooms/1.0; ezooms.bot@gmail.com)"
139.18.2.209 - - [07/Jan/2013:07:12:57 +0100] "GET /english/contact.htm HTTP/1.1" 200 4601 "-" "findlinks/2.6 (+http://wortschatz.uni-leipzig.de/findlinks/)"
208.115.113.84 - - [07/Jan/2013:07:36:27 +0100] "GET /fiok/ HTTP/1.1" 200 20554 "-" "Mozilla/5.0 (compatible; Ezooms/1.0; ezooms.bot@gmail.com)"
78.92.156.15 - - [07/Jan/2013:07:51:05 +0100] "GET / HTTP/1.1" 200 23965 "-" "Java/1.7.0_09"
78.92.156.15 - - [07/Jan/2013:07:51:05 +0100] "GET /hirarchivum.htm HTTP/1.1" 200 24981 "-" "Java/1.7.0_09"
78.92.156.15 - - [07/Jan/2013:07:51:05 +0100] "GET /index.htm HTTP/1.1" 200 23965 "-" "Java/1.7.0_09"
78.92.156.15 - - [07/Jan/2013:07:51:05 +0100] "GET /kapcsolat.htm HTTP/1.1" 200 6889 "-" "Java/1.7.0_09"
78.92.156.15 - - [07/Jan/2013:07:51:05 +0100] "GET /magunkrol.htm HTTP/1.1" 200 9202 "-" "Java/1.7.0_09"
78.92.156.15 - - [07/Jan/2013:07:51:05 +0100] "GET /media.htm HTTP/1.1" 200 5208 "-" "Java/1.7.0_09"
78.92.156.15 - - [07/Jan/2013:07:51:05 +0100] "GET /programok.htm HTTP/1.1" 200 6444 "-" "Java/1.7.0_09"
78.92.156.15 - - [07/Jan/2013:07:51:05 +0100] "GET /vill.cs HTTP/1.1" 200 2676 "-" "Java/1.7.0_09"
78.92.156.15 - - [07/Jan/2013:07:51:05 +0100] "GET /hirek08_10.htm HTTP/1.1" 200 6946 "-" "Java/1.7.0_09"
78.92.156.15 - - [07/Jan/2013:07:51:05 +0100] "GET /hirek08_11.htm HTTP/1.1" 200 7253 "-" "Java/1.7.0_09"
78.92.156.15 - - [07/Jan/2013:07:51:05 +0100] "GET /hirek08_12.htm HTTP/1.1" 200 8268 "-" "Java/1.7.0_09"
78.92.156.15 - - [07/Jan/2013:07:51:05 +0100] "GET /hirek09_01.htm HTTP/1.1" 200 6841 "-" "Java/1.7.0_09"
78.92.156.15 - - [07/Jan/2013:07:51:05 +0100] "GET /hirek09_02.htm HTTP/1.1" 200 7450 "-" "Java/1.7.0_09"
78.92.156.15 - - [07/Jan/2013:07:51:06 +0100] "GET /hirek09_03.htm HTTP/1.1" 200 10726 "-" "Java/1.7.0_09"
78.92.156.15 - - [07/Jan/2013:07:51:06 +0100] "GET /&url=kapcsolat.htm HTTP/1.1" 404 1181 "-" "Java/1.7.0_09"
78.92.156.15 - - [07/Jan/2013:07:51:06 +0100] "GET /&url=programok.htm HTTP/1.1" 404 1181 "-" "Java/1.7.0_09"
78.92.156.15 - - [07/Jan/2013:07:51:06 +0100] "GET /&url=adomanyi.htm HTTP/1.1" 404 1181 "-" "Java/1.7.0_09"
78.92.156.15 - - [07/Jan/2013:07:51:06 +0100] "GET /bunt.htm HTTP/1.1" 200 5683 "-" "Java/1.7.0_09"
78.92.156.15 - - [07/Jan/2013:07:51:06 +0100] "GET /civilmuhely.htm HTTP/1.1" 200 8450 "-" "Java/1.7.0_09"
78.92.156.15 - - [07/Jan/2013:07:51:06 +0100] "GET /khb.htm HTTP/1.1" 200 8719 "-" "Java/1.7.0_09"
78.92.156.15 - - [07/Jan/2013:07:51:06 +0100] "GET /nca.htm HTTP/1.1" 200 7467 "-" "Java/1.7.0_09"
78.92.156.15 - - [07/Jan/2013:07:51:06 +0100] "GET /ncta.htm HTTP/1.1" 200 7221 "-" "Java/1.7.0_09"
78.92.156.15 - - [07/Jan/2013:07:51:06 +0100] "GET /nka.htm HTTP/1.1" 200 6221 "-" "Java/1.7.0_09"
78.92.156.15 - - [07/Jan/2013:07:51:06 +0100] "GET /szakmai.htm HTTP/1.1" 200 6054 "-" "Java/1.7.0_09"
78.92.156.15 - - [07/Jan/2013:07:51:06 +0100] "GET /ncta_a.htm HTTP/1.1" 200 7260 "-" "Java/1.7.0_09"
78.92.156.15 - - [07/Jan/2013:07:51:06 +0100] "GET /&url=civilmuhely.htm HTTP/1.1" 404 1181 "-" "Java/1.7.0_09"
78.92.156.15 - - [07/Jan/2013:07:51:06 +0100] "GET /&url=magunkrol.htm HTTP/1.1" 404 1181 "-" "Java/1.7.0_09"
78.92.156.15 - - [07/Jan/2013:07:51:07 +0100] "GET /nca04.htm HTTP/1.1" 200 16378 "-" "Java/1.7.0_09"
78.92.156.15 - - [07/Jan/2013:07:51:07 +0100] "GET /nca05.htm HTTP/1.1" 200 16412 "-" "Java/1.7.0_09"
78.92.156.15 - - [07/Jan/2013:07:51:07 +0100] "GET /nca06.htm HTTP/1.1" 200 19034 "-" "Java/1.7.0_09"
78.92.156.15 - - [07/Jan/2013:07:51:07 +0100] "GET /nca07.htm HTTP/1.1" 200 21968 "-" "Java/1.7.0_09"
78.92.156.15 - - [07/Jan/2013:07:51:07 +0100] "GET /nca08.htm HTTP/1.1" 200 21795 "-" "Java/1.7.0_09"
78.92.156.15 - - [07/Jan/2013:07:51:07 +0100] "GET /nca09.htm HTTP/1.1" 200 24315 "-" "Java/1.7.0_09"
78.92.156.15 - - [07/Jan/2013:07:51:07 +0100] "GET /nca10.htm HTTP/1.1" 200 16648 "-" "Java/1.7.0_09"
78.92.156.15 - - [07/Jan/2013:07:51:07 +0100] "GET /nca11.htm HTTP/1.1" 200 7133 "-" "Java/1.7.0_09"
78.92.156.15 - - [07/Jan/2013:07:51:07 +0100] "GET /kiadvanyok.htm HTTP/1.1" 200 8206 "-" "Java/1.7.0_09"
78.92.156.15 - - [07/Jan/2013:07:51:07 +0100] "GET /deutsch/index.htm HTTP/1.1" 200 5324 "-" "Java/1.7.0_09"
78.92.156.15 - - [07/Jan/2013:07:51:07 +0100] "GET /english/index.htm HTTP/1.1" 200 5262 "-" "Java/1.7.0_09"
78.92.156.15 - - [07/Jan/2013:07:51:08 +0100] "GET /fiok/index.html HTTP/1.1" 200 20554 "-" "Java/1.7.0_09"
78.92.156.15 - - [07/Jan/2013:07:51:08 +0100] "GET /hirek/hirek091015.htm HTTP/1.1" 200 7046 "-" "Java/1.7.0_09"
78.92.156.15 - - [07/Jan/2013:07:51:08 +0100] "GET /hirek/hirek091102.htm HTTP/1.1" 200 8538 "-" "Java/1.7.0_09"
78.92.156.15 - - [07/Jan/2013:07:51:08 +0100] "GET /hirek/hirek091103.htm HTTP/1.1" 200 7301 "-" "Java/1.7.0_09"
78.92.156.15 - - [07/Jan/2013:07:51:08 +0100] "GET /hirek/hirek091221.htm HTTP/1.1" 200 6740 "-" "Java/1.7.0_09"
78.92.156.15 - - [07/Jan/2013:07:51:08 +0100] "GET /hirek/hirek100225.htm HTTP/1.1" 200 7288 "-" "Java/1.7.0_09"
180.76.5.64 - - [07/Jan/2013:08:13:51 +0100] "GET /fiok/program_reszek/erdei_iskola.htm HTTP/1.1" 200 21601 "-" "Mozilla/5.0 (compatible; Baiduspider/2.0; +http://www.baidu.com/search/spider.html)"
130.83.167.153 - - [07/Jan/2013:08:14:14 +0100] "GET /hirek/hirek101213.htm HTTP/1.1" 200 8671 "-" "findlinks/2.6 (+http://wortschatz.uni-leipzig.de/findlinks/)"
157.55.32.186 - - [07/Jan/2013:08:14:23 +0100] "GET /robots.txt HTTP/1.1" 404 1181 "-" "Mozilla/5.0 (compatible; bingbot/2.0; +http://www.bing.com/bingbot.htm)"
157.55.32.186 - - [07/Jan/2013:08:16:33 +0100] "GET / HTTP/1.1" 200 23965 "-" "Mozilla/5.0 (compatible; bingbot/2.0; +http://www.bing.com/bingbot.htm)"
66.249.78.60 - - [07/Jan/2013:08:47:31 +0100] "GET /fiok/index.html HTTP/1.1" 200 20554 "-" "SAMSUNG-SGH-E250/1.0 Profile/MIDP-2.0 Configuration/CLDC-1.1 UP.Browser/6.2.3.3.c.1.101 (GUI) MMP/2.0 (compatible; Googlebot-Mobile/2.1; +http://www.google.com/bot.html)"
146.52.210.34 - - [07/Jan/2013:08:58:23 +0100] "GET /jog/ugyeszsegek.htm HTTP/1.1" 200 13810 "-" "findlinks/2.0.2 (+http://wortschatz.uni-leipzig.de/findlinks/)"
208.115.113.84 - - [07/Jan/2013:09:29:49 +0100] "GET /deutsch/stellen.htm HTTP/1.1" 200 6824 "-" "Mozilla/5.0 (compatible; Ezooms/1.0; ezooms.bot@gmail.com)"
65.55.211.27 - - [07/Jan/2013:10:33:38 +0100] "GET /robots.txt HTTP/1.1" 404 1181 "-" "msnbot-media/1.1 (+http://search.msn.com/msnbot.htm)"
65.55.211.27 - - [07/Jan/2013:10:33:38 +0100] "GET /jog_honlap_.jpg HTTP/1.1" 200 7186 "-" "msnbot-media/1.1 (+http://search.msn.com/msnbot.htm)"
94.250.87.241 - - [07/Jan/2013:11:31:02 +0100] "GET /jog/pub/rally_kiadvany_mtvsz.pdf HTTP/1.1" 200 630857 "http://www.google.ba/" "Mozilla/5.0 (Windows NT 5.1) AppleWebKit/537.11 (KHTML, like Gecko) Chrome/23.0.1271.97 Safari/537.11"
195.199.218.94 - - [07/Jan/2013:11:45:27 +0100] "GET /jog/eseteink/audi/audi_gyor_restoration_measures11-15.pdf HTTP/1.1" 206 32768 "http://www.beklen.hu/jog/eseteink/audi/audi_gyor_restoration_measures11-15.pdf" "Mozilla/5.0 (Windows NT 6.1) AppleWebKit/537.11 (KHTML, like Gecko) Chrome/23.0.1271.97 Safari/537.11"
195.199.218.94 - - [07/Jan/2013:11:45:27 +0100] "GET /favicon.ico HTTP/1.1" 404 1181 "-" "Mozilla/5.0 (Windows NT 6.1) AppleWebKit/537.11 (KHTML, like Gecko) Chrome/23.0.1271.97 Safari/537.11"
195.199.218.94 - - [07/Jan/2013:11:45:27 +0100] "GET /jog/eseteink/audi/audi_gyor_restoration_measures11-15.pdf HTTP/1.1" 200 284132 "https://www.google.hu/" "Mozilla/5.0 (Windows NT 6.1) AppleWebKit/537.11 (KHTML, like Gecko) Chrome/23.0.1271.97 Safari/537.11"
195.199.218.94 - - [07/Jan/2013:11:45:27 +0100] "GET /favicon.ico HTTP/1.1" 404 1181 "-" "Mozilla/5.0 (Windows NT 6.1) AppleWebKit/537.11 (KHTML, like Gecko) Chrome/23.0.1271.97 Safari/537.11"
195.199.218.94 - - [07/Jan/2013:11:45:27 +0100] "GET /jog/eseteink/audi/audi_gyor_restoration_measures11-15.pdf HTTP/1.1" 206 25905 "http://www.beklen.hu/jog/eseteink/audi/audi_gyor_restoration_measures11-15.pdf" "Mozilla/5.0 (Windows NT 6.1) AppleWebKit/537.11 (KHTML, like Gecko) Chrome/23.0.1271.97 Safari/537.11"
195.199.218.94 - - [07/Jan/2013:11:45:28 +0100] "GET /jog/eseteink/audi/audi_gyor_restoration_measures11-15.pdf HTTP/1.1" 206 34596 "http://www.beklen.hu/jog/eseteink/audi/audi_gyor_restoration_measures11-15.pdf" "Mozilla/5.0 (Windows NT 6.1) AppleWebKit/537.11 (KHTML, like Gecko) Chrome/23.0.1271.97 Safari/537.11"
195.199.218.94 - - [07/Jan/2013:11:45:37 +0100] "GET /jog/eseteink/audi/audi_gyor_restoration_measures11-15.pdf HTTP/1.1" 206 4731132 "http://www.beklen.hu/jog/eseteink/audi/audi_gyor_restoration_measures11-15.pdf" "Mozilla/5.0 (Windows NT 6.1) AppleWebKit/537.11 (KHTML, like Gecko) Chrome/23.0.1271.97 Safari/537.11"
180.76.5.162 - - [07/Jan/2013:12:09:48 +0100] "GET /fiok/program_reszek/konferancia.htm HTTP/1.1" 200 21668 "-" "Mozilla/5.0 (compatible; Baiduspider/2.0; +http://www.baidu.com/search/spider.html)"
66.249.78.60 - - [07/Jan/2013:12:33:58 +0100] "GET /robots.txt HTTP/1.1" 404 1181 "-" "Mozilla/5.0 (compatible; Googlebot/2.1; +http://www.google.com/bot.html)"
66.249.76.62 - - [07/Jan/2013:12:33:58 +0100] "GET /hirek/hirek091221.htm HTTP/1.1" 304 - "-" "Mozilla/5.0 (compatible; Googlebot/2.1; +http://www.google.com/bot.html)"
66.249.76.62 - - [07/Jan/2013:12:38:49 +0100] "GET /jog/polgariper.htm HTTP/1.1" 304 - "-" "Mozilla/5.0 (compatible; Googlebot/2.1; +http://www.google.com/bot.html)"
37.140.141.19 - - [07/Jan/2013:12:42:45 +0100] "GET /a1_projekt_tabla_infra_cs3_beklenhaz.jpg HTTP/1.1" 200 73344 "-" "Mozilla/5.0 (compatible; YandexImages/3.0; +http://yandex.com/bots)"
66.249.78.60 - - [07/Jan/2013:13:13:17 +0100] "GET /jog/jogszabalyok/termeszetvedelmi_torveny.pdf HTTP/1.1" 304 - "-" "Mozilla/5.0 (compatible; Googlebot/2.1; +http://www.google.com/bot.html)"
84.206.46.221 - - [07/Jan/2013:13:39:47 +0100] "GET /jog/eseteink/audi/audi_gyor_restoration_measures11-15.pdf HTTP/1.1" 200 958984 "http://www.google.hu/url?sa=t&rct=j&q=6260%20natura%202000&source=web&cd=4&sqi=2&ved=0CEIQFjAD&url=http%3A%2F%2Fwww.beklen.hu%2Fjog%2Feseteink%2Faudi%2Faudi_gyor_restoration_measures11-15.pdf&ei=DsLqUMDWFMnctAaC7YCABg&usg=AFQjCNFxI6Zlto-XfyCL3u6l_GrUUh9Ztw" "Mozilla/5.0 (Windows NT 6.1; WOW64) AppleWebKit/537.11 (KHTML, like Gecko) Chrome/23.0.1271.97 Safari/537.11"
84.206.46.221 - - [07/Jan/2013:13:39:47 +0100] "GET /jog/eseteink/audi/audi_gyor_restoration_measures11-15.pdf HTTP/1.1" 206 32768 "http://www.beklen.hu/jog/eseteink/audi/audi_gyor_restoration_measures11-15.pdf" "Mozilla/5.0 (Windows NT 6.1; WOW64) AppleWebKit/537.11 (KHTML, like Gecko) Chrome/23.0.1271.97 Safari/537.11"
84.206.46.221 - - [07/Jan/2013:13:39:48 +0100] "GET /favicon.ico HTTP/1.1" 404 1181 "-" "Mozilla/5.0 (Windows NT 6.1; WOW64) AppleWebKit/537.11 (KHTML, like Gecko) Chrome/23.0.1271.97 Safari/537.11"
84.206.46.221 - - [07/Jan/2013:13:39:50 +0100] "GET /jog/eseteink/audi/audi_gyor_restoration_measures11-15.pdf HTTP/1.1" 206 4709296 "http://www.beklen.hu/jog/eseteink/audi/audi_gyor_restoration_measures11-15.pdf" "Mozilla/5.0 (Windows NT 6.1; WOW64) AppleWebKit/537.11 (KHTML, like Gecko) Chrome/23.0.1271.97 Safari/537.11"
65.55.215.74 - - [07/Jan/2013:15:50:35 +0100] "GET /robots.txt HTTP/1.1" 404 1181 "-" "msnbot-media/1.1 (+http://search.msn.com/msnbot.htm)"
65.55.215.74 - - [07/Jan/2013:15:50:37 +0100] "GET /jog/eseteink/duzzaszto/koros.jpg HTTP/1.1" 200 201463 "-" "msnbot-media/1.1 (+http://search.msn.com/msnbot.htm)"
180.76.5.65 - - [07/Jan/2013:16:06:26 +0100] "GET /fiok/program_reszek/lovaglas.htm HTTP/1.1" 200 21486 "-" "Mozilla/5.0 (compatible; Baiduspider/2.0; +http://www.baidu.com/search/spider.html)"
208.115.111.68 - - [07/Jan/2013:17:08:18 +0100] "GET /robots.txt HTTP/1.1" 404 1181 "-" "Mozilla/5.0 (compatible; Ezooms/1.0; ezooms.bot@gmail.com)"
65.52.109.118 - - [07/Jan/2013:19:48:40 +0100] "GET /robots.txt HTTP/1.1" 404 1181 "-" "msnbot-media/1.1 (+http://search.msn.com/msnbot.htm)"
65.52.109.118 - - [07/Jan/2013:19:48:40 +0100] "GET /jog/eseteink/korosladany/kepek/img_3b.jpg HTTP/1.1" 200 34501 "-" "msnbot-media/1.1 (+http://search.msn.com/msnbot.htm)"
184.72.64.242 - - [07/Jan/2013:19:52:57 +0100] "GET / HTTP/1.0" 200 23965 "-" "Mozilla/5.0 (compatible; NetcraftSurveyAgent/1.0; +info@netcraft.com)"
208.115.111.68 - - [07/Jan/2013:19:56:31 +0100] "GET /nca.htm HTTP/1.1" 200 7467 "-" "Mozilla/5.0 (compatible; Ezooms/1.0; ezooms.bot@gmail.com)"
65.52.109.108 - - [07/Jan/2013:19:57:33 +0100] "GET /robots.txt HTTP/1.1" 404 1181 "-" "msnbot-media/1.1 (+http://search.msn.com/msnbot.htm)"
65.52.109.108 - - [07/Jan/2013:19:57:33 +0100] "GET /tm06.jpg HTTP/1.1" 200 1651 "-" "msnbot-media/1.1 (+http://search.msn.com/msnbot.htm)"
139.18.2.209 - - [07/Jan/2013:20:23:00 +0100] "GET /robots.txt HTTP/1.1" 404 1181 "-" "findlinks/2.6 (+http://wortschatz.uni-leipzig.de/findlinks/)"
208.115.111.68 - - [07/Jan/2013:21:10:04 +0100] "GET /robots.txt HTTP/1.1" 404 1181 "-" "Mozilla/5.0 (compatible; Ezooms/1.0; ezooms.bot@gmail.com)"
180.76.5.181 - - [07/Jan/2013:21:31:24 +0100] "GET /fiok/program_reszek/turazas.htm HTTP/1.1" 200 22754 "-" "Mozilla/5.0 (compatible; Baiduspider/2.0; +http://www.baidu.com/search/spider.html)"
72.30.161.222 - - [07/Jan/2013:22:15:24 +0100] "GET /robots.txt HTTP/1.0" 404 1181 "-" "Mozilla/5.0 (compatible; Yahoo! Slurp; http://help.yahoo.com/help/us/ysearch/slurp)"
72.30.161.222 - - [07/Jan/2013:22:15:24 +0100] "GET /fiok/ HTTP/1.0" 200 20554 "-" "Mozilla/5.0 (compatible; Yahoo! Slurp; http://help.yahoo.com/help/us/ysearch/slurp)"
72.30.161.222 - - [07/Jan/2013:22:15:25 +0100] "GET /fiok/css/lightbox.css HTTP/1.0" 200 1715 "http://www.beklen.hu/fiok/" "Mozilla/5.0 (compatible; Yahoo! Slurp; http://help.yahoo.com/help/us/ysearch/slurp)"
66.249.78.60 - - [07/Jan/2013:23:19:02 +0100] "GET /jog/eseteink/derekegyhaza/tajekoztatas_keres_mszh_kozp2.pdf HTTP/1.1" 200 163496 "-" "Mozilla/5.0 (compatible; Googlebot/2.1; +http://www.google.com/bot.html)"
66.249.76.62 - - [07/Jan/2013:23:31:53 +0100] "GET / HTTP/1.1" 200 23965 "-" "SAMSUNG-SGH-E250/1.0 Profile/MIDP-2.0 Configuration/CLDC-1.1 UP.Browser/6.2.3.3.c.1.101 (GUI) MMP/2.0 (compatible; Googlebot-Mobile/2.1; +http://www.google.com/bot.html)"
208.115.111.68 - - [07/Jan/2013:23:56:41 +0100] "GET /hirarchivum.htm HTTP/1.1" 200 24981 "-" "Mozilla/5.0 (compatible; Ezooms/1.0; ezooms.bot@gmail.com)"
66.249.78.60 - - [08/Jan/2013:00:20:09 +0100] "GET /hirek/Microsoft%20Word%20-%20csongradi%20duzzaszto%20velemeny%202009.06.11..doc.pdf HTTP/1.1" 304 - "-" "Mozilla/5.0 (iPhone; U; CPU iPhone OS 4_1 like Mac OS X; en-us) AppleWebKit/532.9 (KHTML, like Gecko) Version/4.0.5 Mobile/8B117 Safari/6531.22.7 (compatible; Googlebot-Mobile/2.1; +http://www.google.com/bot.html)"
180.76.5.88 - - [08/Jan/2013:00:56:33 +0100] "GET /fiok/program_reszek/csaladbarat.htm HTTP/1.1" 200 20928 "-" "Mozilla/5.0 (compatible; Baiduspider/2.0; +http://www.baidu.com/search/spider.html)"
208.115.111.68 - - [08/Jan/2013:01:10:33 +0100] "GET /robots.txt HTTP/1.1" 404 1181 "-" "Mozilla/5.0 (compatible; Ezooms/1.0; ezooms.bot@gmail.com)"
65.55.212.178 - - [08/Jan/2013:02:49:15 +0100] "GET /robots.txt HTTP/1.1" 404 1181 "-" "msnbot-media/1.1 (+http://search.msn.com/msnbot.htm)"
65.55.212.178 - - [08/Jan/2013:02:49:16 +0100] "GET /jog/eseteink/malom/fotok/img_3057_.jpg HTTP/1.1" 200 6339 "-" "msnbot-media/1.1 (+http://search.msn.com/msnbot.htm)"
208.115.111.68 - - [08/Jan/2013:03:56:26 +0100] "GET /hirek/hirek09_03.htm HTTP/1.1" 200 10810 "-" "Mozilla/5.0 (compatible; Ezooms/1.0; ezooms.bot@gmail.com)"
139.18.2.209 - - [08/Jan/2013:04:19:59 +0100] "GET /deutsch/kontakt.htm HTTP/1.1" 200 4769 "-" "findlinks/2.6 (+http://wortschatz.uni-leipzig.de/findlinks/)"
180.76.5.54 - - [08/Jan/2013:04:22:07 +0100] "GET /fiok/gazdasag.htm HTTP/1.1" 200 22480 "-" "Mozilla/5.0 (compatible; Baiduspider/2.0; +http://www.baidu.com/search/spider.html)"
208.115.111.68 - - [08/Jan/2013:05:11:18 +0100] "GET /robots.txt HTTP/1.1" 404 1181 "-" "Mozilla/5.0 (compatible; Ezooms/1.0; ezooms.bot@gmail.com)"
