37.140.141.19 - - [08/Jan/2013:05:54:43 +0100] "GET /robots.txt HTTP/1.1" 404 1181 "-" "Mozilla/5.0 (compatible; YandexImages/3.0; +http://yandex.com/bots)"
139.18.2.17 - - [08/Jan/2013:06:14:56 +0100] "GET /jog/tapasztalatszerzok.htm HTTP/1.1" 200 12148 "-" "findlinks/2.6 (+http://wortschatz.uni-leipzig.de/findlinks/)"
86.101.228.105 - - [08/Jan/2013:06:26:34 +0100] "GET / HTTP/1.1" 200 23965 "-" "Mozilla/5.0 (Windows; U; Windows NT 5.1; en-US) AppleWebKit/525.13 (KHTML, like Gecko) Chrome/0.X.Y.Z Safari/525.13."
86.101.228.105 - - [08/Jan/2013:06:26:34 +0100] "GET / HTTP/1.1" 200 23965 "-" "Mozilla/5.0 (Windows; U; Windows NT 5.1; en-US) AppleWebKit/525.13 (KHTML, like Gecko) Chrome/0.X.Y.Z Safari/525.13."
86.101.228.105 - - [08/Jan/2013:06:26:34 +0100] "GET / HTTP/1.1" 200 23965 "-" "Mozilla/5.0 (X11; Linux x86_64; rv:15.0) Gecko/20100101 Firefox/15.0.1"
37.140.141.19 - - [08/Jan/2013:06:42:32 +0100] "GET /jog/eseteink/kavicszatony/dscf0084_.jpg HTTP/1.1" 200 2611 "-" "Mozilla/5.0 (compatible; YandexImages/3.0; +http://yandex.com/bots)"
173.199.119.35 - - [08/Jan/2013:06:44:11 +0100] "GET /robots.txt HTTP/1.1" 404 1181 "-" "Mozilla/5.0 (compatible; AhrefsBot/4.0; +http://ahrefs.com/robot/)"
66.249.78.60 - - [08/Jan/2013:06:47:10 +0100] "GET /robots.txt HTTP/1.1" 404 1181 "-" "Mozilla/5.0 (compatible; Googlebot/2.1; +http://www.google.com/bot.html)"
66.249.76.62 - - [08/Jan/2013:06:47:10 +0100] "GET /index.htm HTTP/1.1" 200 23965 "-" "DoCoMo/2.0 N905i(c100;TB;W24H16) (compatible; Googlebot-Mobile/2.1; +http://www.google.com/bot.html)"
208.115.113.84 - - [08/Jan/2013:07:20:01 +0100] "GET /robots.txt HTTP/1.1" 404 1181 "-" "Mozilla/5.0 (compatible; Ezooms/1.0; ezooms.bot@gmail.com)"
93.63.195.11 - - [08/Jan/2013:07:31:03 +0100] "GET /robots.txt HTTP/1.0" 404 1181 "-" "Mozilla/5.0 (compatible; MJ12bot/v1.4.3; http://www.majestic12.co.uk/bot.php?+)"
93.63.195.11 - - [08/Jan/2013:07:31:23 +0100] "GET / HTTP/1.0" 200 23965 "-" "Mozilla/5.0 (compatible; MJ12bot/v1.4.3; http://www.majestic12.co.uk/bot.php?+)"
37.140.141.19 - - [08/Jan/2013:07:31:38 +0100] "GET /jog/eseteink/kavicszatony/dscf0084.jpg HTTP/1.1" 200 121546 "-" "Mozilla/5.0 (compatible; YandexImages/3.0; +http://yandex.com/bots)"
180.76.5.67 - - [08/Jan/2013:07:43:29 +0100] "GET /fiok/program_reszek/madarmegfigyeles.htm HTTP/1.1" 200 21825 "-" "Mozilla/5.0 (compatible; Baiduspider/2.0; +http://www.baidu.com/search/spider.html)"
66.249.78.60 - - [08/Jan/2013:07:44:45 +0100] "GET /hirarchivum.htm HTTP/1.1" 200 24981 "-" "SAMSUNG-SGH-E250/1.0 Profile/MIDP-2.0 Configuration/CLDC-1.1 UP.Browser/6.2.3.3.c.1.101 (GUI) MMP/2.0 (compatible; Googlebot-Mobile/2.1; +http://www.google.com/bot.html)"
208.115.111.68 - - [08/Jan/2013:07:52:26 +0100] "GET /jog/eseteink/derekegyhaza/eseteink/derekegyhaza/index.htm HTTP/1.1" 404 1181 "-" "Mozilla/5.0 (compatible; Ezooms/1.0; ezooms.bot@gmail.com)"
37.140.141.19 - - [08/Jan/2013:08:22:17 +0100] "GET /jog/eseteink/korosladany/kepek/img_3a.jpg HTTP/1.1" 200 62790 "-" "Mozilla/5.0 (compatible; YandexImages/3.0; +http://yandex.com/bots)"
37.140.141.19 - - [08/Jan/2013:09:12:23 +0100] "GET /jog/eseteink/korosladany/kepek/img_5_.jpg HTTP/1.1" 200 5254 "-" "Mozilla/5.0 (compatible; YandexImages/3.0; +http://yandex.com/bots)"
66.249.78.60 - - [08/Jan/2013:09:13:12 +0100] "GET /jog/eseteink/audi/audi_gyor_restoration_measures11-15.pdf HTTP/1.1" 304 - "-" "Mozilla/5.0 (compatible; Googlebot/2.1; +http://www.google.com/bot.html)"
208.115.113.84 - - [08/Jan/2013:09:29:08 +0100] "GET /hirek/hirek091221.htm HTTP/1.1" 200 6740 "-" "Mozilla/5.0 (compatible; Ezooms/1.0; ezooms.bot@gmail.com)"
139.18.2.209 - - [08/Jan/2013:09:40:42 +0100] "GET /khb.htm HTTP/1.1" 200 8719 "-" "findlinks/2.6 (+http://wortschatz.uni-leipzig.de/findlinks/)"
37.140.141.19 - - [08/Jan/2013:10:06:47 +0100] "GET /jog/eseteink/korosladany/kepek/img_1_.jpg HTTP/1.1" 200 4568 "-" "Mozilla/5.0 (compatible; YandexImages/3.0; +http://yandex.com/bots)"
66.249.76.62 - - [08/Jan/2013:10:19:33 +0100] "GET /jog/eseteink/korosladany/elso_feljelentes_rendorsegnek.pdf HTTP/1.1" 304 - "-" "Mozilla/5.0 (compatible; Googlebot/2.1; +http://www.google.com/bot.html)"
66.249.78.60 - - [08/Jan/2013:10:33:21 +0100] "GET /jog/eseteink/poroszlo/panasz_poroszlo.pdf HTTP/1.1" 200 180096 "-" "Mozilla/5.0 (iPhone; U; CPU iPhone OS 4_1 like Mac OS X; en-us) AppleWebKit/532.9 (KHTML, like Gecko) Version/4.0.5 Mobile/8B117 Safari/6531.22.7 (compatible; Googlebot-Mobile/2.1; +http://www.google.com/bot.html)"
77.20.156.77 - - [08/Jan/2013:10:41:45 +0100] "GET /jog HTTP/1.1" 301 311 "-" "findlinks/2.0.2 (+http://wortschatz.uni-leipzig.de/findlinks/)"
77.20.156.77 - - [08/Jan/2013:10:41:45 +0100] "GET /jog/ HTTP/1.1" 200 13138 "-" "findlinks/2.0.2 (+http://wortschatz.uni-leipzig.de/findlinks/)"
66.249.76.62 - - [08/Jan/2013:10:52:41 +0100] "GET /jog/eseteink/poroszlo/petone%20dr.pdf HTTP/1.1" 304 - "-" "Mozilla/5.0 (compatible; Googlebot/2.1; +http://www.google.com/bot.html)"
37.140.141.19 - - [08/Jan/2013:11:04:12 +0100] "GET /jog/eseteink/korosladany/kepek/img_5356__.jpg HTTP/1.1" 200 6290 "-" "Mozilla/5.0 (compatible; YandexImages/3.0; +http://yandex.com/bots)"
66.249.78.60 - - [08/Jan/2013:11:21:52 +0100] "GET /jog/eseteink/korosladany/dalerd%20birsag.pdf HTTP/1.1" 200 95400 "-" "Mozilla/5.0 (compatible; Googlebot/2.1; +http://www.google.com/bot.html)"
66.249.76.62 - - [08/Jan/2013:11:33:20 +0100] "GET /jog/jogszabalyok/egyezm_bonn.pdf HTTP/1.1" 304 - "-" "Mozilla/5.0 (compatible; Googlebot/2.1; +http://www.google.com/bot.html)"
139.18.2.209 - - [08/Jan/2013:11:45:50 +0100] "GET /fiok/index.html HTTP/1.1" 200 20554 "-" "findlinks/2.6 (+http://wortschatz.uni-leipzig.de/findlinks/)"
37.140.141.19 - - [08/Jan/2013:12:03:04 +0100] "GET /jog/eseteink/korosladany/kepek/img_5365__.jpg HTTP/1.1" 200 5864 "-" "Mozilla/5.0 (compatible; YandexImages/3.0; +http://yandex.com/bots)"
180.76.5.181 - - [08/Jan/2013:12:12:53 +0100] "GET /fiok/program_reszek/erdei_iskola.htm HTTP/1.1" 200 21601 "-" "Mozilla/5.0 (compatible; Baiduspider/2.0; +http://www.baidu.com/search/spider.html)"
77.20.156.77 - - [08/Jan/2013:12:55:38 +0100] "GET /hirek/hirek120207.htm HTTP/1.1" 200 6586 "-" "findlinks/2.0.2 (+http://wortschatz.uni-leipzig.de/findlinks/)"
37.140.141.19 - - [08/Jan/2013:13:00:54 +0100] "GET /jog/eseteink/korosladany/kepek/img_5.jpg HTTP/1.1" 200 61127 "-" "Mozilla/5.0 (compatible; YandexImages/3.0; +http://yandex.com/bots)"
208.115.111.68 - - [08/Jan/2013:13:14:26 +0100] "GET /robots.txt HTTP/1.1" 404 1181 "-" "Mozilla/5.0 (compatible; Ezooms/1.0; ezooms.bot@gmail.com)"
37.140.141.19 - - [08/Jan/2013:13:57:49 +0100] "GET /a1_projekt_tabla_infra_cs3_beklenhaz.jpg HTTP/1.1" 200 73344 "-" "Mozilla/5.0 (compatible; YandexImages/3.0; +http://yandex.com/bots)"
61.47.2.100 - - [08/Jan/2013:14:03:00 +0100] "GET /fiok/kornyezet.htm HTTP/1.1" 200 22582 "-" "Mozilla/4.0 (compatible; MSIE 6.0; Windows NT 5.1; SV1)"
61.47.2.100 - - [08/Jan/2013:14:03:02 +0100] "GET /fiok/index.html HTTP/1.1" 200 20554 "-" "Mozilla/4.0 (compatible; MSIE 6.0; Windows NT 5.1; SV1)"
61.47.2.100 - - [08/Jan/2013:14:03:07 +0100] "GET /fiok/news.html HTTP/1.1" 404 1181 "-" "Mozilla/4.0 (compatible; MSIE 6.0; Windows NT 5.1; SV1)"
221.6.15.156 - - [08/Jan/2013:14:03:10 +0100] "GET http://www.beklen.hu/fiok/news.html HTTP/1.1" 404 1181 "-" "Mozilla/4.0 (compatible; MSIE 6.0; Windows NT 5.1; SV1)"
221.6.15.158 - - [08/Jan/2013:14:03:13 +0100] "GET http://www.beklen.hu/fiok/news.html HTTP/1.1" 404 1181 "-" "Mozilla/4.0 (compatible; MSIE 6.0; Windows NT 5.1; SV1)"
221.6.15.158 - - [08/Jan/2013:14:03:15 +0100] "GET http://www.beklen.hu/fiok/mult.htm HTTP/1.1" 200 23227 "-" "Mozilla/4.0 (compatible; MSIE 6.0; Windows NT 5.1; SV1)"
221.6.15.158 - - [08/Jan/2013:14:03:21 +0100] "GET http://www.beklen.hu/fiok/programok.htm HTTP/1.1" 200 18165 "-" "Mozilla/4.0 (compatible; MSIE 6.0; Windows NT 5.1; SV1)"
221.6.15.158 - - [08/Jan/2013:14:03:24 +0100] "GET http://www.beklen.hu/fiok/gazdasag.htm HTTP/1.1" 200 22480 "-" "Mozilla/4.0 (compatible; MSIE 6.0; Windows NT 5.1; SV1)"
221.6.15.158 - - [08/Jan/2013:14:03:27 +0100] "GET http://www.beklen.hu/fiok/kapcsolat.htm HTTP/1.1" 200 17416 "-" "Mozilla/4.0 (compatible; MSIE 6.0; Windows NT 5.1; SV1)"
62.77.222.126 - - [08/Jan/2013:14:07:41 +0100] "GET /jog/eseteink/derekegyhaza/dalerd-disznoskert%20szakhat-vegleges.pdf HTTP/1.1" 200 190281 "http://www.google.hu/url?sa=t&rct=j&q=&esrc=s&source=web&cd=9&ved=0CGAQFjAI&url=http%3A%2F%2Fwww.beklen.hu%2Fjog%2Feseteink%2Fderekegyhaza%2Fdalerd-disznoskert%2520szakhat-vegleges.pdf&ei=6hjsUIWgHPOQ4gS4hIHgDg&usg=AFQjCNEBGu24jT5qgAFqhIXgQVRiAz7BFA&sig2=O-pxm9DlrBy8EM_RjIs0Fw&bvm=bv.1357316858,d.bGE" "Mozilla/5.0 (Windows NT 5.1; rv:10.0.1) Gecko/20100101 Firefox/10.0.1"
62.77.222.126 - - [08/Jan/2013:14:07:43 +0100] "GET /favicon.ico HTTP/1.1" 404 1181 "-" "Mozilla/5.0 (Windows NT 5.1; rv:10.0.1) Gecko/20100101 Firefox/10.0.1"
62.77.222.126 - - [08/Jan/2013:14:07:43 +0100] "GET /favicon.ico HTTP/1.1" 404 1181 "-" "Mozilla/5.0 (Windows NT 5.1; rv:10.0.1) Gecko/20100101 Firefox/10.0.1"
81.183.86.153 - - [08/Jan/2013:14:08:46 +0100] "GET /jog/polgariper.htm HTTP/1.1" 200 13964 "http://www.google.hu/url?sa=t&rct=j&q=&esrc=s&source=web&cd=15&ved=0CFAQFjAEOAo&url=http%3A%2F%2Fwww.beklen.hu%2Fjog%2Fpolgariper.htm&ei=UxrsUNnSI8rLswavmIGAAg&usg=AFQjCNFPU2vclhU7sO2TgbJoo8vqvE-YTg&sig2=sOWHz-RI-INIemsvXOdi6w&bvm=bv.1357316858,d.Yms" "Mozilla/5.0 (Windows NT 5.1; rv:17.0) Gecko/20100101 Firefox/17.0"
81.183.86.153 - - [08/Jan/2013:14:08:46 +0100] "GET /jog/css/style.css HTTP/1.1" 200 23764 "http://www.beklen.hu/jog/polgariper.htm" "Mozilla/5.0 (Windows NT 5.1; rv:17.0) Gecko/20100101 Firefox/17.0"
81.183.86.153 - - [08/Jan/2013:14:08:46 +0100] "GET /jog/css/script.js HTTP/1.1" 200 6975 "http://www.beklen.hu/jog/polgariper.htm" "Mozilla/5.0 (Windows NT 5.1; rv:17.0) Gecko/20100101 Firefox/17.0"
81.183.86.153 - - [08/Jan/2013:14:08:46 +0100] "GET /jog/img/320/albofalevel1.jpg HTTP/1.1" 200 14351 "http://www.beklen.hu/jog/polgariper.htm" "Mozilla/5.0 (Windows NT 5.1; rv:17.0) Gecko/20100101 Firefox/17.0"
81.183.86.153 - - [08/Jan/2013:14:08:46 +0100] "GET /jog/favicon.ico HTTP/1.1" 200 1150 "-" "Mozilla/5.0 (Windows NT 5.1; rv:17.0) Gecko/20100101 Firefox/17.0"
81.183.86.153 - - [08/Jan/2013:14:08:46 +0100] "GET /jog/css/jquery.js HTTP/1.1" 200 72174 "http://www.beklen.hu/jog/polgariper.htm" "Mozilla/5.0 (Windows NT 5.1; rv:17.0) Gecko/20100101 Firefox/17.0"
81.183.86.153 - - [08/Jan/2013:14:08:47 +0100] "GET /jog2/images/spacer.gif HTTP/1.1" 200 43 "http://www.beklen.hu/jog/css/style.css" "Mozilla/5.0 (Windows NT 5.1; rv:17.0) Gecko/20100101 Firefox/17.0"
81.183.86.153 - - [08/Jan/2013:14:08:47 +0100] "GET /jog2/images/nav.png HTTP/1.1" 200 11000 "http://www.beklen.hu/jog/css/style.css" "Mozilla/5.0 (Windows NT 5.1; rv:17.0) Gecko/20100101 Firefox/17.0"
81.183.86.153 - - [08/Jan/2013:14:08:47 +0100] "GET /jog2/images/menuitem.png HTTP/1.1" 200 20960 "http://www.beklen.hu/jog/css/style.css" "Mozilla/5.0 (Windows NT 5.1; rv:17.0) Gecko/20100101 Firefox/17.0"
81.183.86.153 - - [08/Jan/2013:14:08:47 +0100] "GET /jog2/images/subitem.png HTTP/1.1" 200 81 "http://www.beklen.hu/jog/css/style.css" "Mozilla/5.0 (Windows NT 5.1; rv:17.0) Gecko/20100101 Firefox/17.0"
81.183.86.153 - - [08/Jan/2013:14:08:47 +0100] "GET /jog2/images/sidebar_bg.png HTTP/1.1" 200 96 "http://www.beklen.hu/jog/css/style.css" "Mozilla/5.0 (Windows NT 5.1; rv:17.0) Gecko/20100101 Firefox/17.0"
81.183.86.153 - - [08/Jan/2013:14:08:48 +0100] "GET /jog2/images/vmenuitem.png HTTP/1.1" 200 1672 "http://www.beklen.hu/jog/css/style.css" "Mozilla/5.0 (Windows NT 5.1; rv:17.0) Gecko/20100101 Firefox/17.0"
81.183.86.153 - - [08/Jan/2013:14:08:48 +0100] "GET /jog2/images/post_h.png HTTP/1.1" 200 292 "http://www.beklen.hu/jog/css/style.css" "Mozilla/5.0 (Windows NT 5.1; rv:17.0) Gecko/20100101 Firefox/17.0"
81.183.86.153 - - [08/Jan/2013:14:08:48 +0100] "GET /jog2/images/post_s.png HTTP/1.1" 200 466 "http://www.beklen.hu/jog/css/style.css" "Mozilla/5.0 (Windows NT 5.1; rv:17.0) Gecko/20100101 Firefox/17.0"
81.183.86.153 - - [08/Jan/2013:14:08:48 +0100] "GET /jog2/images/Bottom_texture.jpg HTTP/1.1" 200 193775 "http://www.beklen.hu/jog/css/style.css" "Mozilla/5.0 (Windows NT 5.1; rv:17.0) Gecko/20100101 Firefox/17.0"
81.183.86.153 - - [08/Jan/2013:14:08:48 +0100] "GET /jog2/images/header.png HTTP/1.1" 200 170837 "http://www.beklen.hu/jog/css/style.css" "Mozilla/5.0 (Windows NT 5.1; rv:17.0) Gecko/20100101 Firefox/17.0"
81.183.86.153 - - [08/Jan/2013:14:08:48 +0100] "GET /jog2/images/post_v.png HTTP/1.1" 200 310 "http://www.beklen.hu/jog/css/style.css" "Mozilla/5.0 (Windows NT 5.1; rv:17.0) Gecko/20100101 Firefox/17.0"
81.183.86.153 - - [08/Jan/2013:14:08:48 +0100] "GET /jog2/images/post_c.png HTTP/1.1" 200 204 "http://www.beklen.hu/jog/css/style.css" "Mozilla/5.0 (Windows NT 5.1; rv:17.0) Gecko/20100101 Firefox/17.0"
81.183.86.153 - - [08/Jan/2013:14:08:48 +0100] "GET /jog2/images/button.png HTTP/1.1" 200 27118 "http://www.beklen.hu/jog/css/style.css" "Mozilla/5.0 (Windows NT 5.1; rv:17.0) Gecko/20100101 Firefox/17.0"
37.140.141.19 - - [08/Jan/2013:15:07:27 +0100] "GET /jog/eseteink/kavicszatony/dscf0024.jpg HTTP/1.1" 200 83600 "-" "Mozilla/5.0 (compatible; YandexImages/3.0; +http://yandex.com/bots)"
208.115.111.68 - - [08/Jan/2013:15:50:02 +0100] "GET /index.htm HTTP/1.1" 200 23965 "-" "Mozilla/5.0 (compatible; Ezooms/1.0; ezooms.bot@gmail.com)"
130.83.167.153 - - [08/Jan/2013:16:04:26 +0100] "GET /jog/tippek.htm HTTP/1.1" 200 13697 "-" "findlinks/2.6 (+http://wortschatz.uni-leipzig.de/findlinks/)"
37.140.141.19 - - [08/Jan/2013:16:17:19 +0100] "GET /jog/eseteink/korosladany/kepek/img_3a_.jpg HTTP/1.1" 200 7788 "-" "Mozilla/5.0 (compatible; YandexImages/3.0; +http://yandex.com/bots)"
180.76.5.57 - - [08/Jan/2013:16:44:42 +0100] "GET /fiok/program_reszek/csaladbarat.htm HTTP/1.1" 200 20928 "-" "Mozilla/5.0 (compatible; Baiduspider/2.0; +http://www.baidu.com/search/spider.html)"
37.140.141.19 - - [08/Jan/2013:17:32:11 +0100] "GET /jog_honlap_.jpg HTTP/1.1" 200 7186 "-" "Mozilla/5.0 (compatible; YandexImages/3.0; +http://yandex.com/bots)"
180.76.5.66 - - [08/Jan/2013:17:40:51 +0100] "GET /fiok/program_reszek/lovaglas.htm HTTP/1.1" 200 21486 "-" "Mozilla/5.0 (compatible; Baiduspider/2.0; +http://www.baidu.com/search/spider.html)"
77.20.156.77 - - [08/Jan/2013:18:13:26 +0100] "GET /index.htm HTTP/1.1" 200 23965 "-" "findlinks/2.0.2 (+http://wortschatz.uni-leipzig.de/findlinks/)"
178.48.66.5 - - [08/Jan/2013:18:39:58 +0100] "GET /hirek/hirek090428.htm HTTP/1.1" 200 24808 "https://www.google.hu/" "Mozilla/5.0 (Windows NT 5.1) AppleWebKit/537.4 (KHTML, like Gecko) Chrome/22.0.1229.94 Safari/537.4"
178.48.66.5 - - [08/Jan/2013:18:39:58 +0100] "GET /vill.cs HTTP/1.1" 200 2676 "http://www.beklen.hu/hirek/hirek090428.htm" "Mozilla/5.0 (Windows NT 5.1) AppleWebKit/537.4 (KHTML, like Gecko) Chrome/22.0.1229.94 Safari/537.4"
178.48.66.5 - - [08/Jan/2013:18:39:58 +0100] "GET /bg.jpg HTTP/1.1" 200 566 "http://www.beklen.hu/hirek/hirek090428.htm" "Mozilla/5.0 (Windows NT 5.1) AppleWebKit/537.4 (KHTML, like Gecko) Chrome/22.0.1229.94 Safari/537.4"
178.48.66.5 - - [08/Jan/2013:18:39:58 +0100] "GET /tm01.jpg HTTP/1.1" 200 1080 "http://www.beklen.hu/hirek/hirek090428.htm" "Mozilla/5.0 (Windows NT 5.1) AppleWebKit/537.4 (KHTML, like Gecko) Chrome/22.0.1229.94 Safari/537.4"
178.48.66.5 - - [08/Jan/2013:18:39:58 +0100] "GET /tm02_.jpg HTTP/1.1" 200 1524 "http://www.beklen.hu/hirek/hirek090428.htm" "Mozilla/5.0 (Windows NT 5.1) AppleWebKit/537.4 (KHTML, like Gecko) Chrome/22.0.1229.94 Safari/537.4"
178.48.66.5 - - [08/Jan/2013:18:39:58 +0100] "GET /tm05_.jpg HTTP/1.1" 200 1839 "http://www.beklen.hu/hirek/hirek090428.htm" "Mozilla/5.0 (Windows NT 5.1) AppleWebKit/537.4 (KHTML, like Gecko) Chrome/22.0.1229.94 Safari/537.4"
178.48.66.5 - - [08/Jan/2013:18:39:58 +0100] "GET /tm04_.jpg HTTP/1.1" 200 2058 "http://www.beklen.hu/hirek/hirek090428.htm" "Mozilla/5.0 (Windows NT 5.1) AppleWebKit/537.4 (KHTML, like Gecko) Chrome/22.0.1229.94 Safari/537.4"
178.48.66.5 - - [08/Jan/2013:18:39:58 +0100] "GET /tm03_.jpg HTTP/1.1" 200 1787 "http://www.beklen.hu/hirek/hirek090428.htm" "Mozilla/5.0 (Windows NT 5.1) AppleWebKit/537.4 (KHTML, like Gecko) Chrome/22.0.1229.94 Safari/537.4"
178.48.66.5 - - [08/Jan/2013:18:39:58 +0100] "GET /tm06_.jpg HTTP/1.1" 200 1382 "http://www.beklen.hu/hirek/hirek090428.htm" "Mozilla/5.0 (Windows NT 5.1) AppleWebKit/537.4 (KHTML, like Gecko) Chrome/22.0.1229.94 Safari/537.4"
178.48.66.5 - - [08/Jan/2013:18:39:58 +0100] "GET /tm07.jpg HTTP/1.1" 200 1007 "http://www.beklen.hu/hirek/hirek090428.htm" "Mozilla/5.0 (Windows NT 5.1) AppleWebKit/537.4 (KHTML, like Gecko) Chrome/22.0.1229.94 Safari/537.4"
178.48.66.5 - - [08/Jan/2013:18:39:58 +0100] "GET /hirek/nca_logo.jpg HTTP/1.1" 200 4244 "http://www.beklen.hu/hirek/hirek090428.htm" "Mozilla/5.0 (Windows NT 5.1) AppleWebKit/537.4 (KHTML, like Gecko) Chrome/22.0.1229.94 Safari/537.4"
178.48.66.5 - - [08/Jan/2013:18:39:58 +0100] "GET /bottom_main.jpg HTTP/1.1" 200 96820 "http://www.beklen.hu/hirek/hirek090428.htm" "Mozilla/5.0 (Windows NT 5.1) AppleWebKit/537.4 (KHTML, like Gecko) Chrome/22.0.1229.94 Safari/537.4"
178.48.66.5 - - [08/Jan/2013:18:39:59 +0100] "GET /tm04.jpg HTTP/1.1" 200 2613 "http://www.beklen.hu/hirek/hirek090428.htm" "Mozilla/5.0 (Windows NT 5.1) AppleWebKit/537.4 (KHTML, like Gecko) Chrome/22.0.1229.94 Safari/537.4"
178.48.66.5 - - [08/Jan/2013:18:39:59 +0100] "GET /tm06.jpg HTTP/1.1" 200 1651 "http://www.beklen.hu/hirek/hirek090428.htm" "Mozilla/5.0 (Windows NT 5.1) AppleWebKit/537.4 (KHTML, like Gecko) Chrome/22.0.1229.94 Safari/537.4"
178.48.66.5 - - [08/Jan/2013:18:39:59 +0100] "GET /tm05.jpg HTTP/1.1" 200 2253 "http://www.beklen.hu/hirek/hirek090428.htm" "Mozilla/5.0 (Windows NT 5.1) AppleWebKit/537.4 (KHTML, like Gecko) Chrome/22.0.1229.94 Safari/537.4"
178.48.66.5 - - [08/Jan/2013:18:39:59 +0100] "GET /tm02.jpg HTTP/1.1" 200 1873 "http://www.beklen.hu/hirek/hirek090428.htm" "Mozilla/5.0 (Windows NT 5.1) AppleWebKit/537.4 (KHTML, like Gecko) Chrome/22.0.1229.94 Safari/537.4"
178.48.66.5 - - [08/Jan/2013:18:39:59 +0100] "GET /tm03.jpg HTTP/1.1" 200 2212 "http://www.beklen.hu/hirek/hirek090428.htm" "Mozilla/5.0 (Windows NT 5.1) AppleWebKit/537.4 (KHTML, like Gecko) Chrome/22.0.1229.94 Safari/537.4"
178.48.66.5 - - [08/Jan/2013:18:39:59 +0100] "GET /favicon.ico HTTP/1.1" 404 1181 "-" "Mozilla/5.0 (Windows NT 5.1) AppleWebKit/537.4 (KHTML, like Gecko) Chrome/22.0.1229.94 Safari/537.4"
178.48.66.5 - - [08/Jan/2013:18:40:34 +0100] "GET /favicon.ico HTTP/1.1" 404 1181 "-" "Mozilla/5.0 (Windows NT 5.1) AppleWebKit/537.4 (KHTML, like Gecko) Chrome/22.0.1229.94 Safari/537.4"
66.249.78.60 - - [08/Jan/2013:18:45:21 +0100] "GET /khb.htm HTTP/1.1" 304 - "-" "Mozilla/5.0 (compatible; Googlebot/2.1; +http://www.google.com/bot.html)"
37.140.141.19 - - [08/Jan/2013:18:47:33 +0100] "GET /jog/eseteink/korosladany/kepek/img_4.jpg HTTP/1.1" 200 100540 "-" "Mozilla/5.0 (compatible; YandexImages/3.0; +http://yandex.com/bots)"
65.55.52.114 - - [08/Jan/2013:19:09:07 +0100] "GET /robots.txt HTTP/1.1" 404 1181 "-" "Mozilla/5.0 (compatible; bingbot/2.0; +http://www.bing.com/bingbot.htm)"
66.249.76.62 - - [08/Jan/2013:19:10:17 +0100] "GET /robots.txt HTTP/1.1" 404 1181 "-" "Mozilla/5.0 (compatible; Googlebot/2.1; +http://www.google.com/bot.html)"
66.249.78.60 - - [08/Jan/2013:19:10:17 +0100] "GET /hirek/hirek120120.htm HTTP/1.1" 304 - "-" "Mozilla/5.0 (compatible; Googlebot/2.1; +http://www.google.com/bot.html)"
65.55.52.114 - - [08/Jan/2013:19:10:53 +0100] "GET /hirek/hirek100305.htm HTTP/1.1" 304 - "-" "Mozilla/5.0 (compatible; bingbot/2.0; +http://www.bing.com/bingbot.htm)"
66.249.78.60 - - [08/Jan/2013:19:11:21 +0100] "GET /magunkrol.htm HTTP/1.1" 304 - "-" "Mozilla/5.0 (compatible; Googlebot/2.1; +http://www.google.com/bot.html)"
66.249.78.60 - - [08/Jan/2013:19:18:11 +0100] "GET /hirek/hirek100804.htm HTTP/1.1" 200 8056 "-" "Mozilla/5.0 (compatible; Googlebot/2.1; +http://www.google.com/bot.html)"
84.236.65.76 - - [08/Jan/2013:19:21:29 +0100] "GET /jog/eseteink.htm HTTP/1.1" 200 17277 "http://www.google.hu/imgres?hl=hu&client=firefox-a&hs=wTK&sa=X&tbo=d&rls=org.mozilla:hu:official&biw=1920&bih=908&tbm=isch&tbnid=_UbsZj48JZELjM:&imgrefurl=http://www.beklen.hu/jog/eseteink.htm&docid=9Vfi7dMAQ8aGfM&imgurl=http://www.beklen.hu/jog/eseteink/malom/fotok/img_3057_.jpg&w=180&h=120&ei=kWPsUN_2KIaF4ASaooGgAg&zoom=1&iact=hc&vpx=1590&vpy=183&dur=103&hovh=96&hovw=144&tx=81&ty=37&sig=106966619949224364630&page=1&tbnh=96&tbnw=144&start=0&ndsp=51&ved=1t:429,r:8,s:0,i:111" "Mozilla/5.0 (Windows NT 6.1; rv:17.0) Gecko/20100101 Firefox/17.0"
84.236.65.76 - - [08/Jan/2013:19:21:29 +0100] "GET /jog/eseteink/malom/fotok/img_3057_.jpg HTTP/1.1" 200 6339 "http://www.google.hu/imgres?hl=hu&client=firefox-a&hs=wTK&sa=X&tbo=d&rls=org.mozilla:hu:official&biw=1920&bih=908&tbm=isch&tbnid=_UbsZj48JZELjM:&imgrefurl=http://www.beklen.hu/jog/eseteink.htm&docid=9Vfi7dMAQ8aGfM&imgurl=http://www.beklen.hu/jog/eseteink/malom/fotok/img_3057_.jpg&w=180&h=120&ei=kWPsUN_2KIaF4ASaooGgAg&zoom=1&iact=hc&vpx=1590&vpy=183&dur=103&hovh=96&hovw=144&tx=81&ty=37&sig=106966619949224364630&page=1&tbnh=96&tbnw=144&start=0&ndsp=51&ved=1t:429,r:8,s:0,i:111" "Mozilla/5.0 (Windows NT 6.1; rv:17.0) Gecko/20100101 Firefox/17.0"
84.236.65.76 - - [08/Jan/2013:19:21:29 +0100] "GET /jog/style.css HTTP/1.1" 200 21413 "http://www.beklen.hu/jog/eseteink.htm" "Mozilla/5.0 (Windows NT 6.1; rv:17.0) Gecko/20100101 Firefox/17.0"
84.236.65.76 - - [08/Jan/2013:19:21:29 +0100] "GET /jog/script.js HTTP/1.1" 200 5674 "http://www.beklen.hu/jog/eseteink.htm" "Mozilla/5.0 (Windows NT 6.1; rv:17.0) Gecko/20100101 Firefox/17.0"
84.236.65.76 - - [08/Jan/2013:19:21:29 +0100] "GET /jog/lb/js/lightbox.js HTTP/1.1" 200 23431 "http://www.beklen.hu/jog/eseteink.htm" "Mozilla/5.0 (Windows NT 6.1; rv:17.0) Gecko/20100101 Firefox/17.0"
84.236.65.76 - - [08/Jan/2013:19:21:29 +0100] "GET /jog/lb/js/scriptaculous.js?load=effects HTTP/1.1" 200 2152 "http://www.beklen.hu/jog/eseteink.htm" "Mozilla/5.0 (Windows NT 6.1; rv:17.0) Gecko/20100101 Firefox/17.0"
84.236.65.76 - - [08/Jan/2013:19:21:29 +0100] "GET /jog/lb/css/lightbox.css HTTP/1.1" 200 1715 "http://www.beklen.hu/jog/eseteink.htm" "Mozilla/5.0 (Windows NT 6.1; rv:17.0) Gecko/20100101 Firefox/17.0"
84.236.65.76 - - [08/Jan/2013:19:21:29 +0100] "GET /jog/eseteink/korosladany/kepek/img_5365__.jpg HTTP/1.1" 200 5864 "http://www.beklen.hu/jog/eseteink.htm" "Mozilla/5.0 (Windows NT 6.1; rv:17.0) Gecko/20100101 Firefox/17.0"
84.236.65.76 - - [08/Jan/2013:19:21:29 +0100] "GET /jog/jquery.js HTTP/1.1" 200 72174 "http://www.beklen.hu/jog/eseteink.htm" "Mozilla/5.0 (Windows NT 6.1; rv:17.0) Gecko/20100101 Firefox/17.0"
84.236.65.76 - - [08/Jan/2013:19:21:29 +0100] "GET /jog/eseteink/derekegyhaza/37-433.jpg HTTP/1.1" 200 3573 "http://www.beklen.hu/jog/eseteink.htm" "Mozilla/5.0 (Windows NT 6.1; rv:17.0) Gecko/20100101 Firefox/17.0"
84.236.65.76 - - [08/Jan/2013:19:21:29 +0100] "GET /jog/lb/js/prototype.js HTTP/1.1" 200 47603 "http://www.beklen.hu/jog/eseteink.htm" "Mozilla/5.0 (Windows NT 6.1; rv:17.0) Gecko/20100101 Firefox/17.0"
84.236.65.76 - - [08/Jan/2013:19:21:29 +0100] "GET /jog/eseteink/audi/audi%20-%20natura%202000_.jpg HTTP/1.1" 200 4882 "http://www.beklen.hu/jog/eseteink.htm" "Mozilla/5.0 (Windows NT 6.1; rv:17.0) Gecko/20100101 Firefox/17.0"
84.236.65.76 - - [08/Jan/2013:19:21:29 +0100] "GET /jog/eseteink/kavicszatony/dscf0084_.jpg HTTP/1.1" 200 2611 "http://www.beklen.hu/jog/eseteink.htm" "Mozilla/5.0 (Windows NT 6.1; rv:17.0) Gecko/20100101 Firefox/17.0"
84.236.65.76 - - [08/Jan/2013:19:21:29 +0100] "GET /jog/eseteink/dakar/k.jpg HTTP/1.1" 200 2687 "http://www.beklen.hu/jog/eseteink.htm" "Mozilla/5.0 (Windows NT 6.1; rv:17.0) Gecko/20100101 Firefox/17.0"
84.236.65.76 - - [08/Jan/2013:19:21:29 +0100] "GET /jog/eseteink/autopalya/ap.jpg HTTP/1.1" 200 3947 "http://www.beklen.hu/jog/eseteink.htm" "Mozilla/5.0 (Windows NT 6.1; rv:17.0) Gecko/20100101 Firefox/17.0"
84.236.65.76 - - [08/Jan/2013:19:21:29 +0100] "GET /jog/eseteink/poroszlo/villa_.jpg HTTP/1.1" 200 3841 "http://www.beklen.hu/jog/eseteink.htm" "Mozilla/5.0 (Windows NT 6.1; rv:17.0) Gecko/20100101 Firefox/17.0"
84.236.65.76 - - [08/Jan/2013:19:21:29 +0100] "GET /jog/lb/js/effects.js HTTP/1.1" 200 31969 "http://www.beklen.hu/jog/eseteink.htm" "Mozilla/5.0 (Windows NT 6.1; rv:17.0) Gecko/20100101 Firefox/17.0"
84.236.65.76 - - [08/Jan/2013:19:21:29 +0100] "GET /jog/eseteink/duzzaszto/koros.jpg HTTP/1.1" 200 201463 "http://www.beklen.hu/jog/eseteink.htm" "Mozilla/5.0 (Windows NT 6.1; rv:17.0) Gecko/20100101 Firefox/17.0"
84.236.65.76 - - [08/Jan/2013:19:21:30 +0100] "GET /jog/images/menuitem.png HTTP/1.1" 200 20398 "http://www.beklen.hu/jog/style.css" "Mozilla/5.0 (Windows NT 6.1; rv:17.0) Gecko/20100101 Firefox/17.0"
84.236.65.76 - - [08/Jan/2013:19:21:30 +0100] "GET /jog/images/nav.png HTTP/1.1" 200 10482 "http://www.beklen.hu/jog/style.css" "Mozilla/5.0 (Windows NT 6.1; rv:17.0) Gecko/20100101 Firefox/17.0"
84.236.65.76 - - [08/Jan/2013:19:21:29 +0100] "GET /jog/images/spacer.gif HTTP/1.1" 200 43 "http://www.beklen.hu/jog/style.css" "Mozilla/5.0 (Windows NT 6.1; rv:17.0) Gecko/20100101 Firefox/17.0"
84.236.65.76 - - [08/Jan/2013:19:21:29 +0100] "GET /jog/images/subitem.png HTTP/1.1" 200 81 "http://www.beklen.hu/jog/style.css" "Mozilla/5.0 (Windows NT 6.1; rv:17.0) Gecko/20100101 Firefox/17.0"
84.236.65.76 - - [08/Jan/2013:19:21:29 +0100] "GET /jog/images/post_s.png HTTP/1.1" 200 466 "http://www.beklen.hu/jog/style.css" "Mozilla/5.0 (Windows NT 6.1; rv:17.0) Gecko/20100101 Firefox/17.0"
84.236.65.76 - - [08/Jan/2013:19:21:29 +0100] "GET /jog/images/header.png HTTP/1.1" 200 170837 "http://www.beklen.hu/jog/style.css" "Mozilla/5.0 (Windows NT 6.1; rv:17.0) Gecko/20100101 Firefox/17.0"
84.236.65.76 - - [08/Jan/2013:19:21:29 +0100] "GET /jog/images/Bottom_texture.jpg HTTP/1.1" 200 193775 "http://www.beklen.hu/jog/style.css" "Mozilla/5.0 (Windows NT 6.1; rv:17.0) Gecko/20100101 Firefox/17.0"
84.236.65.76 - - [08/Jan/2013:19:21:30 +0100] "GET /jog/images/post_h.png HTTP/1.1" 200 292 "http://www.beklen.hu/jog/style.css" "Mozilla/5.0 (Windows NT 6.1; rv:17.0) Gecko/20100101 Firefox/17.0"
84.236.65.76 - - [08/Jan/2013:19:21:30 +0100] "GET /jog/images/post_c.png HTTP/1.1" 200 204 "http://www.beklen.hu/jog/style.css" "Mozilla/5.0 (Windows NT 6.1; rv:17.0) Gecko/20100101 Firefox/17.0"
84.236.65.76 - - [08/Jan/2013:19:21:30 +0100] "GET /jog/images/post_v.png HTTP/1.1" 200 310 "http://www.beklen.hu/jog/style.css" "Mozilla/5.0 (Windows NT 6.1; rv:17.0) Gecko/20100101 Firefox/17.0"
84.236.65.76 - - [08/Jan/2013:19:21:57 +0100] "GET /jog/eseteink/malom/index.htm HTTP/1.1" 200 17507 "http://www.google.hu/imgres?hl=hu&client=firefox-a&hs=wTK&sa=X&tbo=d&rls=org.mozilla:hu:official&biw=1920&bih=908&tbm=isch&tbnid=q91UGlmGXN77nM:&imgrefurl=http://www.beklen.hu/jog/eseteink/malom/index.htm&docid=yHAKk4ZU4yCmlM&itg=1&imgurl=http://www.beklen.hu/jog/eseteink/malom/fotok/img_3064.jpg&w=600&h=400&ei=kWPsUN_2KIaF4ASaooGgAg&zoom=1&iact=hc&vpx=1006&vpy=510&dur=376&hovh=183&hovw=275&tx=142&ty=84&sig=106966619949224364630&page=2&tbnh=134&tbnw=198&start=51&ndsp=76&ved=1t:429,r:72,s:0,i:309" "Mozilla/5.0 (Windows NT 6.1; rv:17.0) Gecko/20100101 Firefox/17.0"
84.236.65.76 - - [08/Jan/2013:19:21:57 +0100] "GET /jog/eseteink/malom/fotok/img_3064.jpg HTTP/1.1" 200 36077 "http://www.google.hu/imgres?hl=hu&client=firefox-a&hs=wTK&sa=X&tbo=d&rls=org.mozilla:hu:official&biw=1920&bih=908&tbm=isch&tbnid=q91UGlmGXN77nM:&imgrefurl=http://www.beklen.hu/jog/eseteink/malom/index.htm&docid=yHAKk4ZU4yCmlM&itg=1&imgurl=http://www.beklen.hu/jog/eseteink/malom/fotok/img_3064.jpg&w=600&h=400&ei=kWPsUN_2KIaF4ASaooGgAg&zoom=1&iact=hc&vpx=1006&vpy=510&dur=376&hovh=183&hovw=275&tx=142&ty=84&sig=106966619949224364630&page=2&tbnh=134&tbnw=198&start=51&ndsp=76&ved=1t:429,r:72,s:0,i:309" "Mozilla/5.0 (Windows NT 6.1; rv:17.0) Gecko/20100101 Firefox/17.0"
84.236.65.76 - - [08/Jan/2013:19:21:57 +0100] "GET /jog/lb/js/scriptaculous.js?load=effects HTTP/1.1" 304 - "http://www.beklen.hu/jog/eseteink/malom/index.htm" "Mozilla/5.0 (Windows NT 6.1; rv:17.0) Gecko/20100101 Firefox/17.0"
84.236.65.76 - - [08/Jan/2013:19:21:57 +0100] "GET /jog/img/file_pdf.png HTTP/1.1" 200 581 "http://www.beklen.hu/jog/eseteink/malom/index.htm" "Mozilla/5.0 (Windows NT 6.1; rv:17.0) Gecko/20100101 Firefox/17.0"
84.236.65.76 - - [08/Jan/2013:19:21:57 +0100] "GET /jog/eseteink/malom/fotok/img_3050_.jpg HTTP/1.1" 200 5622 "http://www.beklen.hu/jog/eseteink/malom/index.htm" "Mozilla/5.0 (Windows NT 6.1; rv:17.0) Gecko/20100101 Firefox/17.0"
84.236.65.76 - - [08/Jan/2013:19:21:57 +0100] "GET /jog/eseteink/malom/fotok/img_3055_.jpg HTTP/1.1" 200 4605 "http://www.beklen.hu/jog/eseteink/malom/index.htm" "Mozilla/5.0 (Windows NT 6.1; rv:17.0) Gecko/20100101 Firefox/17.0"
84.236.65.76 - - [08/Jan/2013:19:21:57 +0100] "GET /jog/eseteink/malom/fotok/img_3058_.jpg HTTP/1.1" 200 5532 "http://www.beklen.hu/jog/eseteink/malom/index.htm" "Mozilla/5.0 (Windows NT 6.1; rv:17.0) Gecko/20100101 Firefox/17.0"
84.236.65.76 - - [08/Jan/2013:19:21:57 +0100] "GET /jog/eseteink/malom/fotok/img_3064_.jpg HTTP/1.1" 200 5396 "http://www.beklen.hu/jog/eseteink/malom/index.htm" "Mozilla/5.0 (Windows NT 6.1; rv:17.0) Gecko/20100101 Firefox/17.0"
84.236.65.76 - - [08/Jan/2013:19:21:57 +0100] "GET /jog/eseteink/malom/fotok/img_3065_.jpg HTTP/1.1" 200 5087 "http://www.beklen.hu/jog/eseteink/malom/index.htm" "Mozilla/5.0 (Windows NT 6.1; rv:17.0) Gecko/20100101 Firefox/17.0"
84.236.65.76 - - [08/Jan/2013:19:21:57 +0100] "GET /jog/eseteink/malom/fotok/img_3067_.jpg HTTP/1.1" 200 5717 "http://www.beklen.hu/jog/eseteink/malom/index.htm" "Mozilla/5.0 (Windows NT 6.1; rv:17.0) Gecko/20100101 Firefox/17.0"
84.236.65.76 - - [08/Jan/2013:19:21:57 +0100] "GET /jog/eseteink/malom/fotok/img_3069_.jpg HTTP/1.1" 200 6372 "http://www.beklen.hu/jog/eseteink/malom/index.htm" "Mozilla/5.0 (Windows NT 6.1; rv:17.0) Gecko/20100101 Firefox/17.0"
84.236.65.76 - - [08/Jan/2013:19:21:57 +0100] "GET /jog/eseteink/malom/fotok/img_3070_.jpg HTTP/1.1" 200 5842 "http://www.beklen.hu/jog/eseteink/malom/index.htm" "Mozilla/5.0 (Windows NT 6.1; rv:17.0) Gecko/20100101 Firefox/17.0"
84.236.65.76 - - [08/Jan/2013:19:21:57 +0100] "GET /jog/eseteink/malom/fotok/img_3072_.jpg HTTP/1.1" 200 4316 "http://www.beklen.hu/jog/eseteink/malom/index.htm" "Mozilla/5.0 (Windows NT 6.1; rv:17.0) Gecko/20100101 Firefox/17.0"
84.236.65.76 - - [08/Jan/2013:19:21:57 +0100] "GET /jog/eseteink/malom/fotok/img_3078_.jpg HTTP/1.1" 200 5526 "http://www.beklen.hu/jog/eseteink/malom/index.htm" "Mozilla/5.0 (Windows NT 6.1; rv:17.0) Gecko/20100101 Firefox/17.0"
84.236.65.76 - - [08/Jan/2013:19:21:57 +0100] "GET /jog/eseteink/malom/fotok/p6080002_.jpg HTTP/1.1" 200 6991 "http://www.beklen.hu/jog/eseteink/malom/index.htm" "Mozilla/5.0 (Windows NT 6.1; rv:17.0) Gecko/20100101 Firefox/17.0"
66.249.78.60 - - [08/Jan/2013:19:22:09 +0100] "GET /hirek/hirek120207.htm HTTP/1.1" 200 6586 "-" "Mozilla/5.0 (compatible; Googlebot/2.1; +http://www.google.com/bot.html)"
84.236.65.76 - - [08/Jan/2013:19:22:25 +0100] "GET /jog/eseteink/malom/fotok/img_3065.jpg HTTP/1.1" 200 32971 "http://www.google.hu/imgres?hl=hu&client=firefox-a&hs=wTK&sa=X&tbo=d&rls=org.mozilla:hu:official&biw=1920&bih=908&tbm=isch&tbnid=u8K4IEpywXaJ5M:&imgrefurl=http://www.beklen.hu/jog/eseteink/malom/index.htm&docid=yHAKk4ZU4yCmlM&itg=1&imgurl=http://www.beklen.hu/jog/eseteink/malom/fotok/img_3065.jpg&w=600&h=400&ei=kWPsUN_2KIaF4ASaooGgAg&zoom=1&iact=hc&vpx=162&vpy=316&dur=16&hovh=183&hovw=275&tx=150&ty=113&sig=106966619949224364630&page=2&tbnh=138&tbnw=201&start=51&ndsp=76&ved=1t:429,r:79,s:0,i:330" "Mozilla/5.0 (Windows NT 6.1; rv:17.0) Gecko/20100101 Firefox/17.0"
84.236.65.76 - - [08/Jan/2013:19:22:25 +0100] "GET /jog/lb/js/scriptaculous.js?load=effects HTTP/1.1" 304 - "http://www.beklen.hu/jog/eseteink/malom/index.htm" "Mozilla/5.0 (Windows NT 6.1; rv:17.0) Gecko/20100101 Firefox/17.0"
84.236.65.76 - - [08/Jan/2013:19:22:51 +0100] "GET /jog/lb/js/scriptaculous.js?load=effects HTTP/1.1" 304 - "http://www.beklen.hu/jog/eseteink/malom/index.htm" "Mozilla/5.0 (Windows NT 6.1; rv:17.0) Gecko/20100101 Firefox/17.0"
84.236.65.76 - - [08/Jan/2013:19:22:52 +0100] "GET /jog/eseteink/malom/fotok/img_3050.jpg HTTP/1.1" 200 40848 "http://www.google.hu/imgres?hl=hu&client=firefox-a&hs=wTK&sa=X&tbo=d&rls=org.mozilla:hu:official&biw=1920&bih=908&tbm=isch&tbnid=wB8Zrk9_8JZnWM:&imgrefurl=http://www.beklen.hu/jog/eseteink/malom/index.htm&docid=yHAKk4ZU4yCmlM&itg=1&imgurl=http://www.beklen.hu/jog/eseteink/malom/fotok/img_3050.jpg&w=600&h=400&ei=kWPsUN_2KIaF4ASaooGgAg&zoom=1&iact=hc&vpx=370&vpy=627&dur=1502&hovh=183&hovw=275&tx=88&ty=105&sig=106966619949224364630&page=2&tbnh=134&tbnw=199&start=51&ndsp=76&ved=1t:429,r:68,s:0,i:297" "Mozilla/5.0 (Windows NT 6.1; rv:17.0) Gecko/20100101 Firefox/17.0"
66.249.78.60 - - [08/Jan/2013:19:23:59 +0100] "GET /programok.htm HTTP/1.1" 200 6444 "-" "Mozilla/5.0 (compatible; Googlebot/2.1; +http://www.google.com/bot.html)"
66.249.76.62 - - [08/Jan/2013:19:30:56 +0100] "GET /hirek/hirek100225.htm HTTP/1.1" 304 - "-" "Mozilla/5.0 (compatible; Googlebot/2.1; +http://www.google.com/bot.html)"
66.249.78.60 - - [08/Jan/2013:19:44:39 +0100] "GET /kapcsolat.htm HTTP/1.1" 304 - "-" "Mozilla/5.0 (compatible; Googlebot/2.1; +http://www.google.com/bot.html)"
66.249.78.60 - - [08/Jan/2013:19:57:35 +0100] "GET /jog/eseteink/audi/europai%20bizottsag%20fotitkarsaga.pdf HTTP/1.1" 200 374636 "-" "Mozilla/5.0 (compatible; Googlebot/2.1; +http://www.google.com/bot.html)"
66.249.78.60 - - [08/Jan/2013:20:06:26 +0100] "GET /hirek/hirek101213.htm HTTP/1.1" 304 - "-" "Mozilla/5.0 (compatible; Googlebot/2.1; +http://www.google.com/bot.html)"
37.140.141.19 - - [08/Jan/2013:20:11:16 +0100] "GET /nimfea_project_250x250.gif HTTP/1.1" 200 2986583 "-" "Mozilla/5.0 (compatible; YandexImages/3.0; +http://yandex.com/bots)"
66.249.78.60 - - [08/Jan/2013:20:16:44 +0100] "GET /jog/eseteink/malom/fellebbezes_hatarnap.pdf HTTP/1.1" 200 156928 "-" "Mozilla/5.0 (compatible; Googlebot/2.1; +http://www.google.com/bot.html)"
66.249.78.60 - - [08/Jan/2013:20:31:17 +0100] "GET /fiok/mult.htm HTTP/1.1" 304 - "-" "Mozilla/5.0 (compatible; Googlebot/2.1; +http://www.google.com/bot.html)"
66.249.78.60 - - [08/Jan/2013:20:47:09 +0100] "GET /jog/eseteink/derekegyhaza/tajekoztatas_keres_mszh_kozp.pdf HTTP/1.1" 200 119925 "-" "Mozilla/5.0 (compatible; Googlebot/2.1; +http://www.google.com/bot.html)"
66.249.78.60 - - [08/Jan/2013:21:07:25 +0100] "GET /hirek/hirek09_03.htm HTTP/1.1" 304 - "-" "Mozilla/5.0 (compatible; Googlebot/2.1; +http://www.google.com/bot.html)"
66.249.78.60 - - [08/Jan/2013:21:26:14 +0100] "GET /nca07.htm HTTP/1.1" 200 21968 "-" "Mozilla/5.0 (compatible; Googlebot/2.1; +http://www.google.com/bot.html)"
66.249.78.60 - - [08/Jan/2013:21:27:42 +0100] "GET /jog/pub/rally_kiadvany_mtvsz.pdf HTTP/1.1" 304 - "-" "Mozilla/5.0 (compatible; Googlebot/2.1; +http://www.google.com/bot.html)"
66.249.78.60 - - [08/Jan/2013:21:28:15 +0100] "GET /jog/eseteink/derekegyhaza/mszh_kozpontnak_tajekoztataskeres.pdf HTTP/1.1" 200 140264 "-" "Mozilla/5.0 (compatible; Googlebot/2.1; +http://www.google.com/bot.html)"
66.249.78.60 - - [08/Jan/2013:21:29:10 +0100] "GET /media.htm HTTP/1.1" 304 - "-" "Mozilla/5.0 (compatible; Googlebot/2.1; +http://www.google.com/bot.html)"
66.249.78.60 - - [08/Jan/2013:21:35:02 +0100] "GET /jog/eseteink/audi/audi_gyor_restoration_measures1-10.pdf HTTP/1.1" 304 - "-" "Mozilla/5.0 (compatible; Googlebot/2.1; +http://www.google.com/bot.html)"
66.249.78.60 - - [08/Jan/2013:21:36:03 +0100] "GET /hirek/hirek100305.htm HTTP/1.1" 304 - "-" "Mozilla/5.0 (compatible; Googlebot/2.1; +http://www.google.com/bot.html)"
66.249.78.60 - - [08/Jan/2013:21:41:32 +0100] "GET /hirek/Microsoft%20Word%20-%20csongradi%20duzzaszto%20velemeny%202009.06.11..doc.pdf HTTP/1.1" 304 - "-" "Mozilla/5.0 (compatible; Googlebot/2.1; +http://www.google.com/bot.html)"
66.249.78.60 - - [08/Jan/2013:21:42:11 +0100] "GET /jog/eseteink.htm HTTP/1.1" 304 - "-" "Mozilla/5.0 (compatible; Googlebot/2.1; +http://www.google.com/bot.html)"
37.140.141.19 - - [08/Jan/2013:21:44:28 +0100] "GET /jog/eseteink/korosladany/kepek/img_4_.jpg HTTP/1.1" 200 6420 "-" "Mozilla/5.0 (compatible; YandexImages/3.0; +http://yandex.com/bots)"
218.213.130.155 - - [08/Jan/2013:21:51:47 +0100] "GET /robots.txt HTTP/1.1" 404 1181 "-" "DoCoMo/2.0 P900i(c100;TB;W24H11) (compatible; ichiro/mobile goo; +http://search.goo.ne.jp/option/use/sub4/sub4-1/)"
218.213.130.155 - - [08/Jan/2013:21:51:55 +0100] "GET /fiok/ HTTP/1.1" 200 20554 "-" "DoCoMo/2.0 P900i(c100;TB;W24H11) (compatible; ichiro/mobile goo; +http://search.goo.ne.jp/option/use/sub4/sub4-1/)"
208.115.113.84 - - [08/Jan/2013:23:15:01 +0100] "GET /robots.txt HTTP/1.1" 404 1181 "-" "Mozilla/5.0 (compatible; Ezooms/1.0; ezooms.bot@gmail.com)"
37.140.141.19 - - [08/Jan/2013:23:15:07 +0100] "GET /jog/eseteink/korosladany/kepek/img_3b_.jpg HTTP/1.1" 200 4927 "-" "Mozilla/5.0 (compatible; YandexImages/3.0; +http://yandex.com/bots)"
66.249.76.62 - - [08/Jan/2013:23:36:02 +0100] "GET / HTTP/1.1" 200 23965 "-" "DoCoMo/2.0 N905i(c100;TB;W24H16) (compatible; Googlebot-Mobile/2.1; +http://www.google.com/bot.html)"
37.140.141.19 - - [09/Jan/2013:00:44:27 +0100] "GET /images/kvvm.jpg HTTP/1.1" 200 5375 "-" "Mozilla/5.0 (compatible; YandexImages/3.0; +http://yandex.com/bots)"
208.115.113.84 - - [09/Jan/2013:01:26:52 +0100] "GET /hirek/hirek101025.htm HTTP/1.1" 200 8786 "-" "Mozilla/5.0 (compatible; Ezooms/1.0; ezooms.bot@gmail.com)"
66.249.78.60 - - [09/Jan/2013:01:45:46 +0100] "GET /index.htm HTTP/1.1" 200 23965 "-" "SAMSUNG-SGH-E250/1.0 Profile/MIDP-2.0 Configuration/CLDC-1.1 UP.Browser/6.2.3.3.c.1.101 (GUI) MMP/2.0 (compatible; Googlebot-Mobile/2.1; +http://www.google.com/bot.html)"
37.140.141.19 - - [09/Jan/2013:02:14:30 +0100] "GET /images/karpatok_.jpg HTTP/1.1" 200 15902 "-" "Mozilla/5.0 (compatible; YandexImages/3.0; +http://yandex.com/bots)"
66.249.78.60 - - [09/Jan/2013:02:55:45 +0100] "GET / HTTP/1.1" 200 23965 "-" "Mozilla/5.0 (compatible; Googlebot/2.1; +http://www.google.com/bot.html)"
66.249.78.60 - - [09/Jan/2013:03:03:16 +0100] "GET / HTTP/1.1" 200 23965 "-" "Mozilla/5.0 (iPhone; U; CPU iPhone OS 4_1 like Mac OS X; en-us) AppleWebKit/532.9 (KHTML, like Gecko) Version/4.0.5 Mobile/8B117 Safari/6531.22.7 (compatible; Googlebot-Mobile/2.1; +http://www.google.com/bot.html)"
208.115.113.84 - - [09/Jan/2013:03:18:34 +0100] "GET /robots.txt HTTP/1.1" 404 1181 "-" "Mozilla/5.0 (compatible; Ezooms/1.0; ezooms.bot@gmail.com)"
130.83.167.153 - - [09/Jan/2013:03:28:58 +0100] "GET /deutsch/stellen.htm HTTP/1.1" 200 6824 "-" "findlinks/2.6 (+http://wortschatz.uni-leipzig.de/findlinks/)"
202.46.59.75 - - [09/Jan/2013:03:40:28 +0100] "GET / HTTP/1.1" 200 14257 "-" "Mozilla/4.0 (compatible; MSIE 7.0; Windows NT 6.0)"
119.63.193.131 - - [09/Jan/2013:03:40:34 +0100] "GET / HTTP/1.1" 200 14257 "-" "Mozilla/4.0 (compatible; MSIE 7.0; Windows NT 6.0)"
178.154.210.252 - - [09/Jan/2013:04:10:49 +0100] "GET /robots.txt HTTP/1.1" 404 1181 "-" "Mozilla/5.0 (compatible; YandexBot/3.0; +http://yandex.com/bots)"
178.154.210.252 - - [09/Jan/2013:04:10:51 +0100] "GET /jog/ HTTP/1.1" 304 - "-" "Mozilla/5.0 (compatible; YandexBot/3.0; +http://yandex.com/bots)"
37.140.141.19 - - [09/Jan/2013:04:13:35 +0100] "GET /jog/eseteink/korosladany/kepek/img_3b.jpg HTTP/1.1" 200 34501 "-" "Mozilla/5.0 (compatible; YandexImages/3.0; +http://yandex.com/bots)"
180.76.5.189 - - [09/Jan/2013:04:43:31 +0100] "GET /fiok/program_reszek/turazas.htm HTTP/1.1" 200 22754 "-" "Mozilla/5.0 (compatible; Baiduspider/2.0; +http://www.baidu.com/search/spider.html)"
208.115.111.68 - - [09/Jan/2013:05:12:30 +0100] "GET /robots.txt HTTP/1.1" 404 1181 "-" "Mozilla/5.0 (compatible; Ezooms/1.0; ezooms.bot@gmail.com)"
208.115.113.84 - - [09/Jan/2013:05:29:33 +0100] "GET /fiok/news.html HTTP/1.1" 404 1181 "-" "Mozilla/5.0 (compatible; Ezooms/1.0; ezooms.bot@gmail.com)"
66.249.76.62 - - [09/Jan/2013:05:45:32 +0100] "GET /jog/eseteink/derekegyhaza/lev_nimfea_36868.pdf HTTP/1.1" 200 144038 "-" "Mozilla/5.0 (compatible; Googlebot/2.1; +http://www.google.com/bot.html)"
65.55.215.67 - - [09/Jan/2013:06:05:56 +0100] "GET /robots.txt HTTP/1.1" 404 1181 "-" "msnbot-media/1.1 (+http://search.msn.com/msnbot.htm)"
65.55.215.67 - - [09/Jan/2013:06:05:57 +0100] "GET /jog/eseteink/korosladany/kepek/img_5363__.jpg HTTP/1.1" 200 12677 "-" "msnbot-media/1.1 (+http://search.msn.com/msnbot.htm)"
37.140.141.19 - - [09/Jan/2013:06:17:45 +0100] "GET /robots.txt HTTP/1.1" 404 1181 "-" "Mozilla/5.0 (compatible; YandexImages/3.0; +http://yandex.com/bots)"
66.249.78.60 - - [09/Jan/2013:06:47:40 +0100] "GET /jog/eseteink/kavicszatony/mura_bejelentes1.pdf HTTP/1.1" 200 214943 "-" "Mozilla/5.0 (compatible; Googlebot/2.1; +http://www.google.com/bot.html)"
139.18.2.17 - - [09/Jan/2013:07:00:58 +0100] "GET /jog/polgariper.htm HTTP/1.1" 200 13964 "-" "findlinks/2.6 (+http://wortschatz.uni-leipzig.de/findlinks/)"
66.249.73.168 - - [09/Jan/2013:07:17:17 +0100] "GET /robots.txt HTTP/1.1" 404 1181 "-" "Mozilla/5.0 (compatible; Googlebot/2.1; +http://www.google.com/bot.html)"
66.249.78.60 - - [09/Jan/2013:07:17:17 +0100] "GET /fiok/kornyezet.htm HTTP/1.1" 200 22582 "-" "Mozilla/5.0 (iPhone; U; CPU iPhone OS 4_1 like Mac OS X; en-us) AppleWebKit/532.9 (KHTML, like Gecko) Version/4.0.5 Mobile/8B117 Safari/6531.22.7 (compatible; Googlebot-Mobile/2.1; +http://www.google.com/bot.html)"
66.249.78.60 - - [09/Jan/2013:07:22:32 +0100] "GET /fiok/css/lightbox.css HTTP/1.1" 200 1715 "-" "Mozilla/5.0 (compatible; Googlebot/2.1; +http://www.google.com/bot.html)"
66.249.78.60 - - [09/Jan/2013:07:22:33 +0100] "GET /fiok/kepek/02.jpg HTTP/1.1" 200 82993 "-" "Mozilla/5.0 (compatible; Googlebot/2.1; +http://www.google.com/bot.html)"
66.249.76.62 - - [09/Jan/2013:07:22:34 +0100] "GET /fiok/kepek/03.jpg HTTP/1.1" 200 80154 "-" "Mozilla/5.0 (compatible; Googlebot/2.1; +http://www.google.com/bot.html)"
208.115.111.68 - - [09/Jan/2013:07:56:05 +0100] "GET /hirek/hirek100225.htm HTTP/1.1" 200 7288 "-" "Mozilla/5.0 (compatible; Ezooms/1.0; ezooms.bot@gmail.com)"
207.46.194.91 - - [09/Jan/2013:08:02:55 +0100] "GET /robots.txt HTTP/1.1" 404 1181 "-" "msnbot-media/1.1 (+http://search.msn.com/msnbot.htm)"
207.46.194.91 - - [09/Jan/2013:08:02:55 +0100] "GET /uszt-tabla_.jpg HTTP/1.1" 200 4543 "-" "msnbot-media/1.1 (+http://search.msn.com/msnbot.htm)"
108.59.8.70 - - [09/Jan/2013:08:24:08 +0100] "GET /robots.txt HTTP/1.0" 404 1181 "-" "Mozilla/5.0 (compatible; MJ12bot/v1.4.3; http://www.majestic12.co.uk/bot.php?+)"
108.59.8.70 - - [09/Jan/2013:08:24:10 +0100] "GET /deutsch/kontakt.htm HTTP/1.0" 200 4769 "-" "Mozilla/5.0 (compatible; MJ12bot/v1.4.3; http://www.majestic12.co.uk/bot.php?+)"
108.59.8.70 - - [09/Jan/2013:08:24:12 +0100] "GET /fiok HTTP/1.0" 301 300 "-" "Mozilla/5.0 (compatible; MJ12bot/v1.4.3; http://www.majestic12.co.uk/bot.php?+)"
108.59.8.70 - - [09/Jan/2013:08:24:15 +0100] "GET /fiok/ HTTP/1.0" 200 20554 "-" "Mozilla/5.0 (compatible; MJ12bot/v1.4.3; http://www.majestic12.co.uk/bot.php?+)"
108.59.8.70 - - [09/Jan/2013:08:24:17 +0100] "GET /fiok/gazdasag.htm HTTP/1.0" 200 22480 "-" "Mozilla/5.0 (compatible; MJ12bot/v1.4.3; http://www.majestic12.co.uk/bot.php?+)"
108.59.8.70 - - [09/Jan/2013:08:24:19 +0100] "GET /fiok/index.html HTTP/1.0" 200 20554 "-" "Mozilla/5.0 (compatible; MJ12bot/v1.4.3; http://www.majestic12.co.uk/bot.php?+)"
108.59.8.70 - - [09/Jan/2013:08:24:22 +0100] "GET /hirarchivum.htm HTTP/1.0" 200 24981 "-" "Mozilla/5.0 (compatible; MJ12bot/v1.4.3; http://www.majestic12.co.uk/bot.php?+)"
108.59.8.70 - - [09/Jan/2013:08:24:24 +0100] "GET /hirek/hirek090301.htm HTTP/1.0" 200 7022 "-" "Mozilla/5.0 (compatible; MJ12bot/v1.4.3; http://www.majestic12.co.uk/bot.php?+)"
108.59.8.70 - - [09/Jan/2013:08:24:26 +0100] "GET /hirek/hirek090428.htm HTTP/1.0" 200 24808 "-" "Mozilla/5.0 (compatible; MJ12bot/v1.4.3; http://www.majestic12.co.uk/bot.php?+)"
108.59.8.70 - - [09/Jan/2013:08:24:28 +0100] "GET /hirek/hirek101027.htm HTTP/1.0" 200 9627 "-" "Mozilla/5.0 (compatible; MJ12bot/v1.4.3; http://www.majestic12.co.uk/bot.php?+)"
108.59.8.70 - - [09/Jan/2013:08:24:30 +0100] "GET /hirek/hirek101213.htm HTTP/1.0" 200 8671 "-" "Mozilla/5.0 (compatible; MJ12bot/v1.4.3; http://www.majestic12.co.uk/bot.php?+)"
108.59.8.70 - - [09/Jan/2013:08:24:32 +0100] "GET /kapcsolat.htm HTTP/1.0" 200 6889 "-" "Mozilla/5.0 (compatible; MJ12bot/v1.4.3; http://www.majestic12.co.uk/bot.php?+)"
108.59.8.70 - - [09/Jan/2013:08:24:34 +0100] "GET /magunkrol.htm HTTP/1.0" 200 9202 "-" "Mozilla/5.0 (compatible; MJ12bot/v1.4.3; http://www.majestic12.co.uk/bot.php?+)"
37.140.141.19 - - [09/Jan/2013:08:27:49 +0100] "GET /jog/eseteink/korosladany/kepek/img_5363__.jpg HTTP/1.1" 200 12677 "-" "Mozilla/5.0 (compatible; YandexImages/3.0; +http://yandex.com/bots)"
208.115.111.68 - - [09/Jan/2013:09:10:11 +0100] "GET /robots.txt HTTP/1.1" 404 1181 "-" "Mozilla/5.0 (compatible; Ezooms/1.0; ezooms.bot@gmail.com)"
130.83.167.153 - - [09/Jan/2013:10:13:19 +0100] "GET /hirarchivum.htm HTTP/1.1" 200 24981 "-" "findlinks/2.6 (+http://wortschatz.uni-leipzig.de/findlinks/)"
37.140.141.19 - - [09/Jan/2013:10:32:11 +0100] "GET /images/okotars_szines_.jpg HTTP/1.1" 200 23743 "-" "Mozilla/5.0 (compatible; YandexImages/3.0; +http://yandex.com/bots)"
37.140.141.19 - - [09/Jan/2013:11:20:31 +0100] "GET /jog/eseteink/kavicszatony/dscf0024_.jpg HTTP/1.1" 200 2902 "-" "Mozilla/5.0 (compatible; YandexImages/3.0; +http://yandex.com/bots)"
66.249.76.62 - - [09/Jan/2013:11:22:42 +0100] "GET /magunkrol.htm HTTP/1.1" 200 9202 "-" "DoCoMo/2.0 N905i(c100;TB;W24H16) (compatible; Googlebot-Mobile/2.1; +http://www.google.com/bot.html)"
208.115.111.68 - - [09/Jan/2013:11:56:21 +0100] "GET /fiok/mult.htm HTTP/1.1" 200 23227 "-" "Mozilla/5.0 (compatible; Ezooms/1.0; ezooms.bot@gmail.com)"
37.140.141.19 - - [09/Jan/2013:12:14:30 +0100] "GET /jog/eseteink/korosladany/kepek/img_5363.jpg HTTP/1.1" 200 156339 "-" "Mozilla/5.0 (compatible; YandexImages/3.0; +http://yandex.com/bots)"
139.18.2.17 - - [09/Jan/2013:12:41:25 +0100] "GET /jog/index.htm HTTP/1.1" 200 13138 "-" "findlinks/2.6 (+http://wortschatz.uni-leipzig.de/findlinks/)"
65.55.215.59 - - [09/Jan/2013:13:10:13 +0100] "GET /robots.txt HTTP/1.1" 404 1181 "-" "msnbot-media/1.1 (+http://search.msn.com/msnbot.htm)"
65.55.215.59 - - [09/Jan/2013:13:10:14 +0100] "GET /jog/img/320/l1000723.jpg HTTP/1.1" 200 8833 "-" "msnbot-media/1.1 (+http://search.msn.com/msnbot.htm)"
37.140.141.19 - - [09/Jan/2013:13:10:24 +0100] "GET /jog/eseteink/korosladany/kepek/img_5356.jpg HTTP/1.1" 200 81920 "-" "Mozilla/5.0 (compatible; YandexImages/3.0; +http://yandex.com/bots)"
208.115.111.68 - - [09/Jan/2013:13:11:45 +0100] "GET /robots.txt HTTP/1.1" 404 1181 "-" "Mozilla/5.0 (compatible; Ezooms/1.0; ezooms.bot@gmail.com)"
37.140.141.19 - - [09/Jan/2013:14:04:11 +0100] "GET /jog/eseteink/korosladany/kepek/img_5365.jpg HTTP/1.1" 200 112371 "-" "Mozilla/5.0 (compatible; YandexImages/3.0; +http://yandex.com/bots)"
139.18.2.17 - - [09/Jan/2013:14:26:22 +0100] "GET /fiok/kornyezet.htm HTTP/1.1" 200 22582 "-" "findlinks/2.6 (+http://wortschatz.uni-leipzig.de/findlinks/)"
180.76.5.156 - - [09/Jan/2013:14:57:57 +0100] "GET / HTTP/1.1" 200 23965 "-" "Mozilla/5.0 (compatible; Baiduspider/2.0; +http://www.baidu.com/search/spider.html)"
37.140.141.19 - - [09/Jan/2013:15:00:47 +0100] "GET /jog/eseteink/korosladany/kepek/img_2_.jpg HTTP/1.1" 200 4423 "-" "Mozilla/5.0 (compatible; YandexImages/3.0; +http://yandex.com/bots)"
180.76.5.173 - - [09/Jan/2013:15:01:36 +0100] "GET /fiok/program_reszek/lovaglas.htm HTTP/1.1" 200 21486 "-" "Mozilla/5.0 (compatible; Baiduspider/2.0; +http://www.baidu.com/search/spider.html)"
208.115.111.68 - - [09/Jan/2013:15:53:06 +0100] "GET /deutsch/kontakt.htm HTTP/1.1" 200 4769 "-" "Mozilla/5.0 (compatible; Ezooms/1.0; ezooms.bot@gmail.com)"
208.115.111.68 - - [09/Jan/2013:15:53:08 +0100] "GET /jog/tarseljarasok.htm HTTP/1.1" 200 13316 "-" "Mozilla/5.0 (compatible; Ezooms/1.0; ezooms.bot@gmail.com)"
37.140.141.19 - - [09/Jan/2013:15:57:23 +0100] "GET /jog/eseteink/korosladany/kepek/img_1.jpg HTTP/1.1" 200 67131 "-" "Mozilla/5.0 (compatible; YandexImages/3.0; +http://yandex.com/bots)"
77.20.156.77 - - [09/Jan/2013:15:59:38 +0100] "GET /jog/adathozzaferes.htm HTTP/1.1" 200 13800 "-" "findlinks/2.0.2 (+http://wortschatz.uni-leipzig.de/findlinks/)"
66.249.78.11 - - [09/Jan/2013:16:53:17 +0100] "GET /robots.txt HTTP/1.1" 404 1181 "-" "Mozilla/5.0 (compatible; Googlebot/2.1; +http://www.google.com/bot.html)"
66.249.78.11 - - [09/Jan/2013:16:53:18 +0100] "GET / HTTP/1.1" 200 23965 "-" "Mozilla/5.0 (compatible; Googlebot/2.1; +http://www.google.com/bot.html)"
37.140.141.19 - - [09/Jan/2013:16:54:08 +0100] "GET /images/demnet_.jpg HTTP/1.1" 200 4808 "-" "Mozilla/5.0 (compatible; YandexImages/3.0; +http://yandex.com/bots)"
139.18.2.209 - - [09/Jan/2013:16:54:14 +0100] "GET /hirek/hirek091015.htm HTTP/1.1" 200 7046 "-" "findlinks/2.6 (+http://wortschatz.uni-leipzig.de/findlinks/)"
130.83.167.153 - - [09/Jan/2013:17:29:28 +0100] "GET /hirek/hirek100804.htm HTTP/1.1" 200 8056 "-" "findlinks/2.6 (+http://wortschatz.uni-leipzig.de/findlinks/)"
37.140.141.19 - - [09/Jan/2013:17:50:54 +0100] "GET /jog/eseteink/korosladany/kepek/img_3b.jpg HTTP/1.1" 200 34501 "-" "Mozilla/5.0 (compatible; YandexImages/3.0; +http://yandex.com/bots)"
72.30.161.222 - - [09/Jan/2013:17:53:38 +0100] "GET /robots.txt HTTP/1.0" 404 1181 "-" "Mozilla/5.0 (compatible; Yahoo! Slurp; http://help.yahoo.com/help/us/ysearch/slurp)"
72.30.161.222 - - [09/Jan/2013:17:53:39 +0100] "GET /fiok/ HTTP/1.0" 200 20554 "-" "Mozilla/5.0 (compatible; Yahoo! Slurp; http://help.yahoo.com/help/us/ysearch/slurp)"
