66.249.76.62 - - [13/Jan/2013:23:58:32 +0100] "GET /hirek/hirek090302.htm HTTP/1.1" 200 8452 "-" "Mozilla/5.0 (compatible; Googlebot/2.1; +http://www.google.com/bot.html)"
66.249.76.62 - - [14/Jan/2013:00:32:18 +0100] "GET /jog/pub/szoro.pdf HTTP/1.1" 200 398619 "-" "Mozilla/5.0 (compatible; Googlebot/2.1; +http://www.google.com/bot.html)"
66.249.76.62 - - [14/Jan/2013:00:38:25 +0100] "GET /hirek/hirek101027.htm HTTP/1.1" 304 - "-" "Mozilla/5.0 (iPhone; U; CPU iPhone OS 4_1 like Mac OS X; en-us) AppleWebKit/532.9 (KHTML, like Gecko) Version/4.0.5 Mobile/8B117 Safari/6531.22.7 (compatible; Googlebot-Mobile/2.1; +http://www.google.com/bot.html)"
66.249.76.62 - - [14/Jan/2013:00:40:20 +0100] "GET /fiok/program_reszek/programok/23.jpg HTTP/1.1" 200 230784 "-" "Googlebot-Image/1.0"
173.199.119.35 - - [14/Jan/2013:00:47:47 +0100] "GET /hirek/hirek08_10.htm HTTP/1.1" 200 7030 "-" "Mozilla/5.0 (compatible; AhrefsBot/4.0; +http://ahrefs.com/robot/)"
173.199.119.35 - - [14/Jan/2013:00:54:30 +0100] "GET /jog/eseteink/poroszlo/poroszlo-onkormnyzat.pdf HTTP/1.1" 200 18492 "-" "Mozilla/5.0 (compatible; AhrefsBot/4.0; +http://ahrefs.com/robot/)"
173.199.119.35 - - [14/Jan/2013:01:00:08 +0100] "GET /jog/eseteink/audi/additional_information_on_the_compensatory_measures_provided_by_hungarian_authorities_at_the_request_of_the_commission_3.pdf HTTP/1.1" 200 60482 "-" "Mozilla/5.0 (compatible; AhrefsBot/4.0; +http://ahrefs.com/robot/)"
173.199.119.35 - - [14/Jan/2013:01:02:19 +0100] "GET /hirek08_11.htm HTTP/1.1" 200 7253 "-" "Mozilla/5.0 (compatible; AhrefsBot/4.0; +http://ahrefs.com/robot/)"
157.56.229.186 - - [14/Jan/2013:01:02:21 +0100] "GET /robots.txt HTTP/1.1" 404 1181 "-" "Mozilla/5.0 (compatible; bingbot/2.0; +http://www.bing.com/bingbot.htm)"
157.56.229.186 - - [14/Jan/2013:01:03:54 +0100] "GET /jog/eseteink/poroszlo/index.htm HTTP/1.1" 200 16861 "-" "Mozilla/5.0 (compatible; bingbot/2.0; +http://www.bing.com/bingbot.htm)"
157.56.229.186 - - [14/Jan/2013:01:04:02 +0100] "GET /jog/lb/js/scriptaculous.js?load=effects HTTP/1.1" 200 2152 "-" "Mozilla/5.0 (compatible; bingbot/2.0; +http://www.bing.com/bingbot.htm)"
157.56.229.186 - - [14/Jan/2013:01:04:03 +0100] "GET /jog/lb/css/lightbox.css HTTP/1.1" 200 1715 "-" "Mozilla/5.0 (compatible; bingbot/2.0; +http://www.bing.com/bingbot.htm)"
173.199.119.35 - - [14/Jan/2013:01:04:31 +0100] "GET /jog/eseteink/korosladany/korosladany_kereset_vegleges.pdf HTTP/1.1" 200 96743 "-" "Mozilla/5.0 (compatible; AhrefsBot/4.0; +http://ahrefs.com/robot/)"
157.55.32.60 - - [14/Jan/2013:01:05:51 +0100] "GET /jog/lb/js/lightbox.js HTTP/1.1" 200 23431 "-" "Mozilla/5.0 (compatible; bingbot/2.0; +http://www.bing.com/bingbot.htm)"
173.199.119.35 - - [14/Jan/2013:01:09:35 +0100] "GET /jog/eseteink/korosladany/korosladany-onkormanyzat.pdf HTTP/1.1" 200 84116 "-" "Mozilla/5.0 (compatible; AhrefsBot/4.0; +http://ahrefs.com/robot/)"
173.199.119.35 - - [14/Jan/2013:01:09:40 +0100] "GET /fiok/program_reszek/erdei_iskola.htm HTTP/1.1" 200 21601 "-" "Mozilla/5.0 (compatible; AhrefsBot/4.0; +http://ahrefs.com/robot/)"
180.76.6.21 - - [14/Jan/2013:01:15:01 +0100] "GET /fiok/program_reszek/konferancia.htm HTTP/1.1" 200 21668 "-" "Mozilla/5.0 (compatible; Baiduspider/2.0; +http://www.baidu.com/search/spider.html)"
173.199.119.35 - - [14/Jan/2013:01:16:16 +0100] "GET /jog/eseteink/audi/index.htm HTTP/1.1" 200 15938 "-" "Mozilla/5.0 (compatible; AhrefsBot/4.0; +http://ahrefs.com/robot/)"
173.199.119.35 - - [14/Jan/2013:01:26:07 +0100] "GET /jog/eseteink/audi/audi_epiteszeti_elj.pdf HTTP/1.1" 200 19940 "-" "Mozilla/5.0 (compatible; AhrefsBot/4.0; +http://ahrefs.com/robot/)"
173.199.119.35 - - [14/Jan/2013:01:26:46 +0100] "GET /jog/eseteink/korosladany/nimfea%20vm%20vegzes_001.pdf HTTP/1.1" 200 19938 "-" "Mozilla/5.0 (compatible; AhrefsBot/4.0; +http://ahrefs.com/robot/)"
173.199.119.35 - - [14/Jan/2013:01:29:18 +0100] "GET /jog/eseteink/duzzaszto/gyulai%20duzzaszto%20fellebbezes.doc HTTP/1.1" 200 19937 "-" "Mozilla/5.0 (compatible; AhrefsBot/4.0; +http://ahrefs.com/robot/)"
173.199.119.35 - - [14/Jan/2013:01:29:29 +0100] "GET /jog/eseteink/dakar/36559-10.pdf HTTP/1.1" 200 19940 "-" "Mozilla/5.0 (compatible; AhrefsBot/4.0; +http://ahrefs.com/robot/)"
173.199.119.35 - - [14/Jan/2013:01:51:04 +0100] "GET /jog/jogszabalyok/kornyezetvedelmi_torveny.pdf HTTP/1.1" 200 19940 "-" "Mozilla/5.0 (compatible; AhrefsBot/4.0; +http://ahrefs.com/robot/)"
173.199.119.35 - - [14/Jan/2013:01:52:26 +0100] "GET /jog/eseteink/derekegyhaza/mszh_csongrad_ugyfel_uj.pdf HTTP/1.1" 200 19940 "-" "Mozilla/5.0 (compatible; AhrefsBot/4.0; +http://ahrefs.com/robot/)"
130.83.167.153 - - [14/Jan/2013:01:55:37 +0100] "GET /robots.txt HTTP/1.1" 404 1181 "-" "findlinks/2.6 (+http://wortschatz.uni-leipzig.de/findlinks/)"
173.199.119.35 - - [14/Jan/2013:01:55:40 +0100] "GET /hirek/Natura_2000es_gyepgazdalkodas_eloirasai.ppt HTTP/1.1" 200 57574 "-" "Mozilla/5.0 (compatible; AhrefsBot/4.0; +http://ahrefs.com/robot/)"
173.199.119.35 - - [14/Jan/2013:01:57:23 +0100] "GET /fiok/program_reszek/madarmegfigyeles.htm HTTP/1.1" 200 21825 "-" "Mozilla/5.0 (compatible; AhrefsBot/4.0; +http://ahrefs.com/robot/)"
173.199.119.35 - - [14/Jan/2013:02:03:07 +0100] "GET /jog/eseteink/duzzaszto/gyulavari_kotelezes2.pdf HTTP/1.1" 200 68503 "-" "Mozilla/5.0 (compatible; AhrefsBot/4.0; +http://ahrefs.com/robot/)"
173.199.119.35 - - [14/Jan/2013:02:04:19 +0100] "GET /jog/eseteink/kavicszatony/mura%20fellebb%20nimfea.pdf HTTP/1.1" 200 96684 "-" "Mozilla/5.0 (compatible; AhrefsBot/4.0; +http://ahrefs.com/robot/)"
66.249.76.62 - - [14/Jan/2013:02:04:32 +0100] "GET /media.htm HTTP/1.1" 200 5208 "-" "DoCoMo/2.0 N905i(c100;TB;W24H16) (compatible; Googlebot-Mobile/2.1; +http://www.google.com/bot.html)"
157.55.33.109 - - [14/Jan/2013:02:05:25 +0100] "GET /robots.txt HTTP/1.1" 404 1181 "-" "Mozilla/5.0 (compatible; bingbot/2.0; +http://www.bing.com/bingbot.htm)"
173.199.119.35 - - [14/Jan/2013:02:07:20 +0100] "GET /fiok/program_reszek/turazas.htm HTTP/1.1" 200 22754 "-" "Mozilla/5.0 (compatible; AhrefsBot/4.0; +http://ahrefs.com/robot/)"
173.199.119.35 - - [14/Jan/2013:02:07:52 +0100] "GET /jog/eseteink/korosladany/szeged_birosag2.pdf HTTP/1.1" 200 95330 "-" "Mozilla/5.0 (compatible; AhrefsBot/4.0; +http://ahrefs.com/robot/)"
173.199.119.35 - - [14/Jan/2013:02:12:59 +0100] "GET /jog/eseteink/derekegyhaza/ugyeszseg_1.pdf HTTP/1.1" 200 96684 "-" "Mozilla/5.0 (compatible; AhrefsBot/4.0; +http://ahrefs.com/robot/)"
173.199.119.35 - - [14/Jan/2013:02:13:35 +0100] "GET /fiok/program_reszek/taborok.htm HTTP/1.1" 200 23942 "-" "Mozilla/5.0 (compatible; AhrefsBot/4.0; +http://ahrefs.com/robot/)"
173.199.119.35 - - [14/Jan/2013:02:21:12 +0100] "GET /jog/eseteink/kavicszatony/kavicszatony_ugyfel.pdf HTTP/1.1" 200 19940 "-" "Mozilla/5.0 (compatible; AhrefsBot/4.0; +http://ahrefs.com/robot/)"
173.199.119.35 - - [14/Jan/2013:02:47:17 +0100] "GET /jog/eseteink/derekegyhaza/knpi_valasznimfeanak.pdf HTTP/1.1" 200 35868 "-" "Mozilla/5.0 (compatible; AhrefsBot/4.0; +http://ahrefs.com/robot/)"
173.199.119.35 - - [14/Jan/2013:02:51:13 +0100] "GET /jog/eseteink/korosladany/k%C3%B6tefive_erdeklodes_vegrehajtassal_kapcsolatban.pdf HTTP/1.1" 404 1181 "-" "Mozilla/5.0 (compatible; AhrefsBot/4.0; +http://ahrefs.com/robot/)"
173.199.119.35 - - [14/Jan/2013:02:53:57 +0100] "GET /hirek/hirek09_01.htm HTTP/1.1" 200 6925 "-" "Mozilla/5.0 (compatible; AhrefsBot/4.0; +http://ahrefs.com/robot/)"
173.199.119.35 - - [14/Jan/2013:03:03:27 +0100] "GET /jog/eseteink/korosladany/lgfobb_ugyeszseg_ujra.pdf HTTP/1.1" 200 105157 "-" "Mozilla/5.0 (compatible; AhrefsBot/4.0; +http://ahrefs.com/robot/)"
173.199.119.35 - - [14/Jan/2013:03:04:49 +0100] "GET /jog/eseteink/poroszlo/poroszlo-zoldhatosag.pdf HTTP/1.1" 200 102084 "-" "Mozilla/5.0 (compatible; AhrefsBot/4.0; +http://ahrefs.com/robot/)"
173.199.119.35 - - [14/Jan/2013:03:20:24 +0100] "GET /jog/eseteink/korosladany/korosl%20felfugg_srb.pdf HTTP/1.1" 200 98132 "-" "Mozilla/5.0 (compatible; AhrefsBot/4.0; +http://ahrefs.com/robot/)"
173.199.119.35 - - [14/Jan/2013:03:34:15 +0100] "GET /hirek/hirek090428.htm HTTP/1.1" 200 24808 "-" "Mozilla/5.0 (compatible; AhrefsBot/4.0; +http://ahrefs.com/robot/)"
173.199.119.35 - - [14/Jan/2013:03:34:25 +0100] "GET /jog/eseteink/derekegyhaza/lev_nimfea_36868.pdf HTTP/1.1" 200 96684 "-" "Mozilla/5.0 (compatible; AhrefsBot/4.0; +http://ahrefs.com/robot/)"
173.199.119.35 - - [14/Jan/2013:03:37:53 +0100] "GET /jog/eseteink/derekegyhaza/tajekoztatas_keres_mszh_kozp.pdf HTTP/1.1" 200 98132 "-" "Mozilla/5.0 (compatible; AhrefsBot/4.0; +http://ahrefs.com/robot/)"
173.199.119.35 - - [14/Jan/2013:03:50:35 +0100] "GET /hirek/hirek090303.htm HTTP/1.1" 200 7721 "-" "Mozilla/5.0 (compatible; AhrefsBot/4.0; +http://ahrefs.com/robot/)"
173.199.119.35 - - [14/Jan/2013:04:22:53 +0100] "GET /jog/eseteink/poroszlo/index.htm HTTP/1.1" 200 16861 "-" "Mozilla/5.0 (compatible; AhrefsBot/4.0; +http://ahrefs.com/robot/)"
173.199.119.35 - - [14/Jan/2013:04:37:11 +0100] "GET /jog/eseteink/korosladany/index.htm HTTP/1.1" 200 30713 "-" "Mozilla/5.0 (compatible; AhrefsBot/4.0; +http://ahrefs.com/robot/)"
173.199.119.35 - - [14/Jan/2013:04:48:57 +0100] "GET /jog/eseteink/korosladany/vegzes_dalerd_birsag.pdf HTTP/1.1" 200 121096 "-" "Mozilla/5.0 (compatible; AhrefsBot/4.0; +http://ahrefs.com/robot/)"
173.199.119.35 - - [14/Jan/2013:04:54:03 +0100] "GET /hirek/hirek09_02.htm HTTP/1.1" 200 7534 "-" "Mozilla/5.0 (compatible; AhrefsBot/4.0; +http://ahrefs.com/robot/)"
173.199.119.35 - - [14/Jan/2013:04:54:21 +0100] "GET /jog/eseteink/kavicszatony/tajekoztatas.pdf HTTP/1.1" 200 96684 "-" "Mozilla/5.0 (compatible; AhrefsBot/4.0; +http://ahrefs.com/robot/)"
173.199.119.35 - - [14/Jan/2013:04:54:33 +0100] "GET /jog/ HTTP/1.1" 200 13138 "-" "Mozilla/5.0 (compatible; AhrefsBot/4.0; +http://ahrefs.com/robot/)"
173.199.119.35 - - [14/Jan/2013:04:56:48 +0100] "GET /jog/jogszabalyok/regp2001lxxxitvaarhus.pdf HTTP/1.1" 200 101788 "-" "Mozilla/5.0 (compatible; AhrefsBot/4.0; +http://ahrefs.com/robot/)"
173.199.119.35 - - [14/Jan/2013:05:00:03 +0100] "GET /jog/eseteink/duzzaszto/index.htm HTTP/1.1" 200 10470 "-" "Mozilla/5.0 (compatible; AhrefsBot/4.0; +http://ahrefs.com/robot/)"
173.199.119.35 - - [14/Jan/2013:05:01:07 +0100] "GET /jog/jogszabalyok/Natura2000_gyepkezelesi_rendelet.pdf HTTP/1.1" 200 64828 "-" "Mozilla/5.0 (compatible; AhrefsBot/4.0; +http://ahrefs.com/robot/)"
173.199.119.35 - - [14/Jan/2013:05:01:23 +0100] "GET /jog/eseteink/korosladany/korosladany-fvm.pdf HTTP/1.1" 200 35868 "-" "Mozilla/5.0 (compatible; AhrefsBot/4.0; +http://ahrefs.com/robot/)"
173.199.119.35 - - [14/Jan/2013:05:03:43 +0100] "GET /hirek/hirek090605.htm HTTP/1.1" 200 7994 "-" "Mozilla/5.0 (compatible; AhrefsBot/4.0; +http://ahrefs.com/robot/)"
208.115.111.68 - - [14/Jan/2013:05:09:53 +0100] "GET /robots.txt HTTP/1.1" 404 1181 "-" "Mozilla/5.0 (compatible; Ezooms/1.0; ezooms.bot@gmail.com)"
173.199.119.35 - - [14/Jan/2013:05:11:11 +0100] "GET /jog/eseteink/derekegyhaza/fvm_kekto_ujra.pdf HTTP/1.1" 200 104770 "-" "Mozilla/5.0 (compatible; AhrefsBot/4.0; +http://ahrefs.com/robot/)"
173.199.119.35 - - [14/Jan/2013:05:11:43 +0100] "GET /jog/eseteink/korosladany/np_nek_tajekoztatas.pdf HTTP/1.1" 200 102380 "-" "Mozilla/5.0 (compatible; AhrefsBot/4.0; +http://ahrefs.com/robot/)"
173.199.119.35 - - [14/Jan/2013:05:12:17 +0100] "GET /jog/eseteink/malom/ilona_bontas.pdf HTTP/1.1" 200 98304 "-" "Mozilla/5.0 (compatible; AhrefsBot/4.0; +http://ahrefs.com/robot/)"
173.199.119.35 - - [14/Jan/2013:05:19:55 +0100] "GET /jog/eseteink/derekegyhaza/nemzeti_park_adatkeres_derekegyhaza20061222.pdf HTTP/1.1" 200 19940 "-" "Mozilla/5.0 (compatible; AhrefsBot/4.0; +http://ahrefs.com/robot/)"
173.199.119.35 - - [14/Jan/2013:05:23:27 +0100] "GET / HTTP/1.1" 200 23965 "-" "Mozilla/5.0 (compatible; AhrefsBot/4.0; +http://ahrefs.com/robot/)"
173.199.119.35 - - [14/Jan/2013:05:27:44 +0100] "GET /jog/eseteink/malom/(http://www.mok.hu/index.php?pg=news_2_12350 HTTP/1.1" 404 1181 "-" "Mozilla/5.0 (compatible; AhrefsBot/4.0; +http://ahrefs.com/robot/)"
173.199.119.35 - - [14/Jan/2013:05:28:09 +0100] "GET /nca04.htm HTTP/1.1" 200 16378 "-" "Mozilla/5.0 (compatible; AhrefsBot/4.0; +http://ahrefs.com/robot/)"
173.199.119.35 - - [14/Jan/2013:05:28:35 +0100] "GET /ncta_a.htm HTTP/1.1" 200 7260 "-" "Mozilla/5.0 (compatible; AhrefsBot/4.0; +http://ahrefs.com/robot/)"
173.199.119.35 - - [14/Jan/2013:05:32:21 +0100] "GET /jog/eseteink/kavicszatony/mura_bejelentes1.pdf HTTP/1.1" 200 131436 "-" "Mozilla/5.0 (compatible; AhrefsBot/4.0; +http://ahrefs.com/robot/)"
173.199.119.35 - - [14/Jan/2013:05:35:01 +0100] "GET /jog/eseteink/dakar/dakar_dabas_ugyeszseg_hatarozat.pdf HTTP/1.1" 200 96682 "-" "Mozilla/5.0 (compatible; AhrefsBot/4.0; +http://ahrefs.com/robot/)"
173.199.119.35 - - [14/Jan/2013:05:37:42 +0100] "GET /jog/eseteink/derekegyhaza/kotvife_kekto20061116.pdf HTTP/1.1" 200 17044 "-" "Mozilla/5.0 (compatible; AhrefsBot/4.0; +http://ahrefs.com/robot/)"
173.199.119.35 - - [14/Jan/2013:05:39:28 +0100] "GET /jog/pub/+jog_jav.pdf HTTP/1.1" 200 102636 "-" "Mozilla/5.0 (compatible; AhrefsBot/4.0; +http://ahrefs.com/robot/)"
173.199.119.35 - - [14/Jan/2013:05:50:32 +0100] "GET /hirek/hirek090930.htm HTTP/1.1" 200 7044 "-" "Mozilla/5.0 (compatible; AhrefsBot/4.0; +http://ahrefs.com/robot/)"
173.199.119.35 - - [14/Jan/2013:05:56:21 +0100] "GET /hirek/hirek090302.htm HTTP/1.1" 200 8452 "-" "Mozilla/5.0 (compatible; AhrefsBot/4.0; +http://ahrefs.com/robot/)"
173.199.119.35 - - [14/Jan/2013:05:59:13 +0100] "GET /jog/eseteink/derekegyhaza/biroi_vegzes.pdf HTTP/1.1" 200 19940 "-" "Mozilla/5.0 (compatible; AhrefsBot/4.0; +http://ahrefs.com/robot/)"
180.76.5.62 - - [14/Jan/2013:06:00:28 +0100] "GET /fiok/kornyezet.htm HTTP/1.1" 200 22582 "-" "Mozilla/5.0 (compatible; Baiduspider/2.0; +http://www.baidu.com/search/spider.html)"
173.199.119.35 - - [14/Jan/2013:06:03:48 +0100] "GET /jog/pub/szoro.pdf HTTP/1.1" 200 17044 "-" "Mozilla/5.0 (compatible; AhrefsBot/4.0; +http://ahrefs.com/robot/)"
173.199.119.35 - - [14/Jan/2013:06:17:07 +0100] "GET /jog/eseteink/derekegyhaza/foldhivatalnak_2.pdf HTTP/1.1" 200 19940 "-" "Mozilla/5.0 (compatible; AhrefsBot/4.0; +http://ahrefs.com/robot/)"
173.199.119.35 - - [14/Jan/2013:06:20:50 +0100] "GET /jog/eseteink/korosladany/ujra_allamitikarnak_koztiszt_mulasztas_miatt.pdf HTTP/1.1" 200 118868 "-" "Mozilla/5.0 (compatible; AhrefsBot/4.0; +http://ahrefs.com/robot/)"
173.199.119.35 - - [14/Jan/2013:06:33:29 +0100] "GET /khb/beklen_2002_kh_jelentes.pdf HTTP/1.1" 200 19941 "-" "Mozilla/5.0 (compatible; AhrefsBot/4.0; +http://ahrefs.com/robot/)"
173.199.119.35 - - [14/Jan/2013:06:33:44 +0100] "GET /jog/eseteink/audi/ferto-hansag_ii.pdf HTTP/1.1" 200 101788 "-" "Mozilla/5.0 (compatible; AhrefsBot/4.0; +http://ahrefs.com/robot/)"
173.199.119.35 - - [14/Jan/2013:06:34:28 +0100] "GET /jog/eseteink/korosladany/oktvf-nek.pdf HTTP/1.1" 200 17044 "-" "Mozilla/5.0 (compatible; AhrefsBot/4.0; +http://ahrefs.com/robot/)"
173.199.119.35 - - [14/Jan/2013:06:35:13 +0100] "GET /jog/eseteink/autopalya/index.htm HTTP/1.1" 200 11311 "-" "Mozilla/5.0 (compatible; AhrefsBot/4.0; +http://ahrefs.com/robot/)"
173.199.119.35 - - [14/Jan/2013:06:39:26 +0100] "GET /ncta.htm HTTP/1.1" 200 7221 "-" "Mozilla/5.0 (compatible; AhrefsBot/4.0; +http://ahrefs.com/robot/)"
173.199.119.35 - - [14/Jan/2013:07:02:23 +0100] "GET /jog/eseteink/audi/additional_information_provided_by_hungarian_authorities_at_the_request_of_the_commission.pdf HTTP/1.1" 200 17042 "-" "Mozilla/5.0 (compatible; AhrefsBot/4.0; +http://ahrefs.com/robot/)"
173.199.119.35 - - [14/Jan/2013:07:06:33 +0100] "GET /bunt.htm HTTP/1.1" 200 5683 "-" "Mozilla/5.0 (compatible; AhrefsBot/4.0; +http://ahrefs.com/robot/)"
66.249.76.62 - - [14/Jan/2013:07:20:00 +0100] "GET /jog/eseteink/korosladany/index.htm HTTP/1.1" 304 - "-" "Mozilla/5.0 (compatible; Googlebot/2.1; +http://www.google.com/bot.html)"
173.199.119.35 - - [14/Jan/2013:07:25:44 +0100] "GET /nca10.htm HTTP/1.1" 200 16648 "-" "Mozilla/5.0 (compatible; AhrefsBot/4.0; +http://ahrefs.com/robot/)"
173.199.119.35 - - [14/Jan/2013:07:36:24 +0100] "GET /jog/eseteink/korosladany/ujabb_panasz.pdf HTTP/1.1" 200 102084 "-" "Mozilla/5.0 (compatible; AhrefsBot/4.0; +http://ahrefs.com/robot/)"
173.199.119.35 - - [14/Jan/2013:07:45:40 +0100] "GET /jog/eseteink/kavicszatony/mura_bejelentes.pdf HTTP/1.1" 200 63380 "-" "Mozilla/5.0 (compatible; AhrefsBot/4.0; +http://ahrefs.com/robot/)"
208.115.111.68 - - [14/Jan/2013:07:49:12 +0100] "GET /hirek/hirek120207.htm HTTP/1.1" 200 6586 "-" "Mozilla/5.0 (compatible; Ezooms/1.0; ezooms.bot@gmail.com)"
208.115.111.68 - - [14/Jan/2013:07:49:14 +0100] "GET /jog/eljaraskezd.htm HTTP/1.1" 200 13730 "-" "Mozilla/5.0 (compatible; Ezooms/1.0; ezooms.bot@gmail.com)"
173.199.119.35 - - [14/Jan/2013:07:49:55 +0100] "GET /jog/eseteink/dakar/kdtktvf_dakar_fellebbezes.pdf HTTP/1.1" 200 118868 "-" "Mozilla/5.0 (compatible; AhrefsBot/4.0; +http://ahrefs.com/robot/)"
173.199.119.35 - - [14/Jan/2013:07:52:13 +0100] "GET /khb/beklen_2009_kh_jelentes.pdf HTTP/1.1" 200 102380 "-" "Mozilla/5.0 (compatible; AhrefsBot/4.0; +http://ahrefs.com/robot/)"
66.249.76.62 - - [14/Jan/2013:07:53:43 +0100] "GET /robots.txt HTTP/1.1" 404 1181 "-" "Mozilla/5.0 (compatible; Googlebot/2.1; +http://www.google.com/bot.html)"
66.249.76.62 - - [14/Jan/2013:07:53:43 +0100] "GET /khb/beklen_2011_kh_jelentes.pdf HTTP/1.1" 304 - "-" "Mozilla/5.0 (compatible; Googlebot/2.1; +http://www.google.com/bot.html)"
173.199.119.35 - - [14/Jan/2013:07:58:25 +0100] "GET /jog/jogszabalyok/V%C3%A9dett%20fajok%202006_1_2008kieg.pdf HTTP/1.1" 404 1181 "-" "Mozilla/5.0 (compatible; AhrefsBot/4.0; +http://ahrefs.com/robot/)"
173.199.119.35 - - [14/Jan/2013:08:02:37 +0100] "GET /jog/eseteink/autopalya/m85-itelet.pdf HTTP/1.1" 200 96684 "-" "Mozilla/5.0 (compatible; AhrefsBot/4.0; +http://ahrefs.com/robot/)"
173.199.119.35 - - [14/Jan/2013:08:08:41 +0100] "GET /jog/eseteink/korosladany/k%C3%B6zighivatalnak_lad%C3%A1ny.pdf HTTP/1.1" 404 1181 "-" "Mozilla/5.0 (compatible; AhrefsBot/4.0; +http://ahrefs.com/robot/)"
173.199.119.35 - - [14/Jan/2013:08:15:11 +0100] "GET /jog/eseteink/korosladany/korosladany-kvktvf.pdf HTTP/1.1" 200 95989 "-" "Mozilla/5.0 (compatible; AhrefsBot/4.0; +http://ahrefs.com/robot/)"
176.241.52.191 - - [14/Jan/2013:08:28:19 +0100] "GET /jog/eseteink/derekegyhaza/index.htm HTTP/1.1" 200 34210 "http://www.google.hu/imgres?q=%C3%BCgy%C3%A9szs%C3%A9gi+dokumentumok&start=295&um=1&hl=hu&sa=N&tbo=d&biw=1280&bih=709&tbm=isch&tbnid=W-si8GXDAGQdvM:&imgrefurl=http://www.beklen.hu/jog/eseteink/derekegyhaza/index.htm&docid=ZTfOsU0QL27I-M&imgurl=http://www.beklen.hu/jog/eseteink/derekegyhaza/mszh_elsofok_ugyfel_elutasitas_1.jpg&w=1674&h=2277&ei=iLPzUNyKKuiu4ASeo4GQDw&zoom=1&iact=hc&vpx=1047&vpy=4&dur=1190&hovh=262&hovw=192&tx=144&ty=92&sig=106455277122025506854&page=10&tbnh=155&tbnw=114&ndsp=33&ved=1t:429,r:1,s:300,i:7" "Mozilla/5.0 (Windows NT 5.1) AppleWebKit/537.17 (KHTML, like Gecko) Chrome/24.0.1312.52 Safari/537.17"
176.241.52.191 - - [14/Jan/2013:08:28:19 +0100] "GET /jog/style.css HTTP/1.1" 200 21413 "http://www.beklen.hu/jog/eseteink/derekegyhaza/index.htm" "Mozilla/5.0 (Windows NT 5.1) AppleWebKit/537.17 (KHTML, like Gecko) Chrome/24.0.1312.52 Safari/537.17"
176.241.52.191 - - [14/Jan/2013:08:28:20 +0100] "GET /jog/script.js HTTP/1.1" 200 5674 "http://www.beklen.hu/jog/eseteink/derekegyhaza/index.htm" "Mozilla/5.0 (Windows NT 5.1) AppleWebKit/537.17 (KHTML, like Gecko) Chrome/24.0.1312.52 Safari/537.17"
176.241.52.191 - - [14/Jan/2013:08:28:20 +0100] "GET /jog/jquery.js HTTP/1.1" 200 72174 "http://www.beklen.hu/jog/eseteink/derekegyhaza/index.htm" "Mozilla/5.0 (Windows NT 5.1) AppleWebKit/537.17 (KHTML, like Gecko) Chrome/24.0.1312.52 Safari/537.17"
176.241.52.191 - - [14/Jan/2013:08:28:20 +0100] "GET /jog/lb/js/scriptaculous.js?load=effects HTTP/1.1" 200 2152 "http://www.beklen.hu/jog/eseteink/derekegyhaza/index.htm" "Mozilla/5.0 (Windows NT 5.1) AppleWebKit/537.17 (KHTML, like Gecko) Chrome/24.0.1312.52 Safari/537.17"
176.241.52.191 - - [14/Jan/2013:08:28:20 +0100] "GET /jog/lb/js/lightbox.js HTTP/1.1" 200 23431 "http://www.beklen.hu/jog/eseteink/derekegyhaza/index.htm" "Mozilla/5.0 (Windows NT 5.1) AppleWebKit/537.17 (KHTML, like Gecko) Chrome/24.0.1312.52 Safari/537.17"
176.241.52.191 - - [14/Jan/2013:08:28:20 +0100] "GET /jog/lb/js/prototype.js HTTP/1.1" 200 47603 "http://www.beklen.hu/jog/eseteink/derekegyhaza/index.htm" "Mozilla/5.0 (Windows NT 5.1) AppleWebKit/537.17 (KHTML, like Gecko) Chrome/24.0.1312.52 Safari/537.17"
176.241.52.191 - - [14/Jan/2013:08:28:20 +0100] "GET /jog/lb/css/lightbox.css HTTP/1.1" 200 1715 "http://www.beklen.hu/jog/eseteink/derekegyhaza/index.htm" "Mozilla/5.0 (Windows NT 5.1) AppleWebKit/537.17 (KHTML, like Gecko) Chrome/24.0.1312.52 Safari/537.17"
176.241.52.191 - - [14/Jan/2013:08:28:21 +0100] "GET /jog/lb/js/effects.js HTTP/1.1" 200 31969 "http://www.beklen.hu/jog/eseteink/derekegyhaza/index.htm" "Mozilla/5.0 (Windows NT 5.1) AppleWebKit/537.17 (KHTML, like Gecko) Chrome/24.0.1312.52 Safari/537.17"
176.241.52.191 - - [14/Jan/2013:08:28:21 +0100] "GET /jog/eseteink/derekegyhaza/mszh_elsofok_ugyfel_elutasitas_1.jpg HTTP/1.1" 200 1086764 "http://www.google.hu/imgres?q=%C3%BCgy%C3%A9szs%C3%A9gi+dokumentumok&start=295&um=1&hl=hu&sa=N&tbo=d&biw=1280&bih=709&tbm=isch&tbnid=W-si8GXDAGQdvM:&imgrefurl=http://www.beklen.hu/jog/eseteink/derekegyhaza/index.htm&docid=ZTfOsU0QL27I-M&imgurl=http://www.beklen.hu/jog/eseteink/derekegyhaza/mszh_elsofok_ugyfel_elutasitas_1.jpg&w=1674&h=2277&ei=iLPzUNyKKuiu4ASeo4GQDw&zoom=1&iact=hc&vpx=1047&vpy=4&dur=1190&hovh=262&hovw=192&tx=144&ty=92&sig=106455277122025506854&page=10&tbnh=155&tbnw=114&ndsp=33&ved=1t:429,r:1,s:300,i:7" "Mozilla/5.0 (Windows NT 5.1) AppleWebKit/537.17 (KHTML, like Gecko) Chrome/24.0.1312.52 Safari/537.17"
176.241.52.191 - - [14/Jan/2013:08:28:22 +0100] "GET /jog/images/nav.png HTTP/1.1" 200 10482 "http://www.beklen.hu/jog/eseteink/derekegyhaza/index.htm" "Mozilla/5.0 (Windows NT 5.1) AppleWebKit/537.17 (KHTML, like Gecko) Chrome/24.0.1312.52 Safari/537.17"
176.241.52.191 - - [14/Jan/2013:08:28:22 +0100] "GET /jog/images/menuitem.png HTTP/1.1" 200 20398 "http://www.beklen.hu/jog/eseteink/derekegyhaza/index.htm" "Mozilla/5.0 (Windows NT 5.1) AppleWebKit/537.17 (KHTML, like Gecko) Chrome/24.0.1312.52 Safari/537.17"
176.241.52.191 - - [14/Jan/2013:08:28:22 +0100] "GET /jog/images/header.png HTTP/1.1" 200 170837 "http://www.beklen.hu/jog/eseteink/derekegyhaza/index.htm" "Mozilla/5.0 (Windows NT 5.1) AppleWebKit/537.17 (KHTML, like Gecko) Chrome/24.0.1312.52 Safari/537.17"
176.241.52.191 - - [14/Jan/2013:08:28:22 +0100] "GET /jog/images/spacer.gif HTTP/1.1" 200 43 "http://www.beklen.hu/jog/eseteink/derekegyhaza/index.htm" "Mozilla/5.0 (Windows NT 5.1) AppleWebKit/537.17 (KHTML, like Gecko) Chrome/24.0.1312.52 Safari/537.17"
176.241.52.191 - - [14/Jan/2013:08:28:22 +0100] "GET /jog/images/Bottom_texture.jpg HTTP/1.1" 200 193775 "http://www.beklen.hu/jog/eseteink/derekegyhaza/index.htm" "Mozilla/5.0 (Windows NT 5.1) AppleWebKit/537.17 (KHTML, like Gecko) Chrome/24.0.1312.52 Safari/537.17"
176.241.52.191 - - [14/Jan/2013:08:28:22 +0100] "GET /jog/images/subitem.png HTTP/1.1" 200 81 "http://www.beklen.hu/jog/eseteink/derekegyhaza/index.htm" "Mozilla/5.0 (Windows NT 5.1) AppleWebKit/537.17 (KHTML, like Gecko) Chrome/24.0.1312.52 Safari/537.17"
176.241.52.191 - - [14/Jan/2013:08:28:22 +0100] "GET /jog/images/post_s.png HTTP/1.1" 200 466 "http://www.beklen.hu/jog/eseteink/derekegyhaza/index.htm" "Mozilla/5.0 (Windows NT 5.1) AppleWebKit/537.17 (KHTML, like Gecko) Chrome/24.0.1312.52 Safari/537.17"
176.241.52.191 - - [14/Jan/2013:08:28:22 +0100] "GET /jog/images/post_h.png HTTP/1.1" 200 292 "http://www.beklen.hu/jog/eseteink/derekegyhaza/index.htm" "Mozilla/5.0 (Windows NT 5.1) AppleWebKit/537.17 (KHTML, like Gecko) Chrome/24.0.1312.52 Safari/537.17"
176.241.52.191 - - [14/Jan/2013:08:28:23 +0100] "GET /jog/images/post_v.png HTTP/1.1" 200 310 "http://www.beklen.hu/jog/eseteink/derekegyhaza/index.htm" "Mozilla/5.0 (Windows NT 5.1) AppleWebKit/537.17 (KHTML, like Gecko) Chrome/24.0.1312.52 Safari/537.17"
176.241.52.191 - - [14/Jan/2013:08:28:23 +0100] "GET /jog/images/post_c.png HTTP/1.1" 200 204 "http://www.beklen.hu/jog/eseteink/derekegyhaza/index.htm" "Mozilla/5.0 (Windows NT 5.1) AppleWebKit/537.17 (KHTML, like Gecko) Chrome/24.0.1312.52 Safari/537.17"
176.241.52.191 - - [14/Jan/2013:08:28:23 +0100] "GET /jog/eseteink/derekegyhaza/37-433.jpg HTTP/1.1" 200 3573 "http://www.beklen.hu/jog/eseteink/derekegyhaza/index.htm" "Mozilla/5.0 (Windows NT 5.1) AppleWebKit/537.17 (KHTML, like Gecko) Chrome/24.0.1312.52 Safari/537.17"
176.241.52.191 - - [14/Jan/2013:08:28:23 +0100] "GET /jog/img/file_pdf.png HTTP/1.1" 200 581 "http://www.beklen.hu/jog/eseteink/derekegyhaza/index.htm" "Mozilla/5.0 (Windows NT 5.1) AppleWebKit/537.17 (KHTML, like Gecko) Chrome/24.0.1312.52 Safari/537.17"
176.241.52.191 - - [14/Jan/2013:08:28:23 +0100] "GET /jog/img/file_jpg.png HTTP/1.1" 200 607 "http://www.beklen.hu/jog/eseteink/derekegyhaza/index.htm" "Mozilla/5.0 (Windows NT 5.1) AppleWebKit/537.17 (KHTML, like Gecko) Chrome/24.0.1312.52 Safari/537.17"
176.241.52.191 - - [14/Jan/2013:08:28:23 +0100] "GET /jog/eseteink/derekegyhaza/kepek/37-431__.jpg HTTP/1.1" 200 4706 "http://www.beklen.hu/jog/eseteink/derekegyhaza/index.htm" "Mozilla/5.0 (Windows NT 5.1) AppleWebKit/537.17 (KHTML, like Gecko) Chrome/24.0.1312.52 Safari/537.17"
176.241.52.191 - - [14/Jan/2013:08:28:23 +0100] "GET /jog/eseteink/derekegyhaza/kepek/37-431_o_2005__.jpg HTTP/1.1" 200 5766 "http://www.beklen.hu/jog/eseteink/derekegyhaza/index.htm" "Mozilla/5.0 (Windows NT 5.1) AppleWebKit/537.17 (KHTML, like Gecko) Chrome/24.0.1312.52 Safari/537.17"
176.241.52.191 - - [14/Jan/2013:08:28:23 +0100] "GET /jog/eseteink/derekegyhaza/kepek/37-433__.jpg HTTP/1.1" 200 4596 "http://www.beklen.hu/jog/eseteink/derekegyhaza/index.htm" "Mozilla/5.0 (Windows NT 5.1) AppleWebKit/537.17 (KHTML, like Gecko) Chrome/24.0.1312.52 Safari/537.17"
176.241.52.191 - - [14/Jan/2013:08:28:23 +0100] "GET /jog/eseteink/derekegyhaza/kepek/37-433_o_2005__.jpg HTTP/1.1" 200 5388 "http://www.beklen.hu/jog/eseteink/derekegyhaza/index.htm" "Mozilla/5.0 (Windows NT 5.1) AppleWebKit/537.17 (KHTML, like Gecko) Chrome/24.0.1312.52 Safari/537.17"
176.241.52.191 - - [14/Jan/2013:08:28:23 +0100] "GET /jog/eseteink/derekegyhaza/kepek/dalerd__.jpg HTTP/1.1" 200 6281 "http://www.beklen.hu/jog/eseteink/derekegyhaza/index.htm" "Mozilla/5.0 (Windows NT 5.1) AppleWebKit/537.17 (KHTML, like Gecko) Chrome/24.0.1312.52 Safari/537.17"
79.161.51.12 - - [14/Jan/2013:08:31:36 +0100] "GET /robots.txt HTTP/1.0" 404 1181 "-" "Mozilla/5.0 (compatible; MJ12bot/v1.4.3; http://www.majestic12.co.uk/bot.php?+)"
79.161.51.12 - - [14/Jan/2013:08:31:40 +0100] "GET / HTTP/1.0" 200 23965 "-" "Mozilla/5.0 (compatible; MJ12bot/v1.4.3; http://www.majestic12.co.uk/bot.php?+)"
173.199.119.35 - - [14/Jan/2013:08:42:00 +0100] "GET /jog/jogszabalyok/vadaszati_torveny.pdf HTTP/1.1" 200 98132 "-" "Mozilla/5.0 (compatible; AhrefsBot/4.0; +http://ahrefs.com/robot/)"
173.199.119.35 - - [14/Jan/2013:08:49:06 +0100] "GET /jog/eseteink/korosladany/2108_001.pdf HTTP/1.1" 200 98132 "-" "Mozilla/5.0 (compatible; AhrefsBot/4.0; +http://ahrefs.com/robot/)"
173.199.119.35 - - [14/Jan/2013:08:50:29 +0100] "GET /jog/eseteink/audi/audi_gyor_restoration_measures15-.pdf HTTP/1.1" 200 98130 "-" "Mozilla/5.0 (compatible; AhrefsBot/4.0; +http://ahrefs.com/robot/)"
173.199.119.35 - - [14/Jan/2013:08:56:02 +0100] "GET /jog/eseteink/malom/fellebbezes_hatarnap.pdf HTTP/1.1" 200 102084 "-" "Mozilla/5.0 (compatible; AhrefsBot/4.0; +http://ahrefs.com/robot/)"
199.119.204.18 - - [14/Jan/2013:09:04:40 +0100] "GET / HTTP/1.1" 200 23965 "-" "Mozilla/4.0 (compatible; MSIE 6.0; Windows NT 5.1; SV1;)"
199.119.204.18 - - [14/Jan/2013:09:04:41 +0100] "GET /?page=login&cmd=register HTTP/1.1" 200 23965 "http://www.beklen.hu/" "Mozilla/5.0 (Windows NT 5.1; rv:11.0) Gecko/20100101 Firefox/11.0"
199.119.204.18 - - [14/Jan/2013:09:04:41 +0100] "GET / HTTP/1.1" 200 23965 "-" "Mozilla/4.0 (compatible; MSIE 6.0; Windows NT 5.1; SV1;)"
199.119.204.18 - - [14/Jan/2013:09:04:41 +0100] "GET /user/register HTTP/1.1" 404 1181 "http://www.beklen.hu/" "Mozilla/4.0 (compatible; MSIE 6.0; Windows NT 5.1; SV1;)"
199.119.204.18 - - [14/Jan/2013:09:04:42 +0100] "GET /register/ HTTP/1.1" 404 1181 "http://www.beklen.hu/" "Mozilla/4.0 (compatible; MSIE 6.0; Windows NT 5.1; SV1;)"
199.119.204.18 - - [14/Jan/2013:09:04:42 +0100] "GET /signup/ HTTP/1.1" 404 1181 "http://www.beklen.hu/" "Mozilla/4.0 (compatible; MSIE 6.0; Windows NT 5.1; SV1;)"
199.119.204.18 - - [14/Jan/2013:09:04:42 +0100] "GET /signup.php HTTP/1.1" 404 1181 "-" "Mozilla/4.0 (compatible; MSIE 6.0; Windows NT 5.1; SV1;)"
199.119.204.18 - - [14/Jan/2013:09:04:43 +0100] "GET /index.php?page=en_Signup HTTP/1.1" 404 1181 "-" "Mozilla/4.0 (compatible; MSIE 6.0; Windows NT 5.1; SV1;)"
199.119.204.18 - - [14/Jan/2013:09:04:43 +0100] "GET /index.php?do=/user/register/ HTTP/1.1" 404 1181 "http://www.beklen.hu/" "Mozilla/4.0 (compatible; MSIE 6.0; Windows NT 5.1; SV1;)"
199.119.204.18 - - [14/Jan/2013:09:04:44 +0100] "GET /signup.php HTTP/1.1" 404 1181 "-" "Mozilla/4.0 (compatible; MSIE 6.0; Windows NT 5.1; SV1;)"
199.119.204.18 - - [14/Jan/2013:09:04:44 +0100] "GET /account/register.php HTTP/1.1" 404 1181 "http://www.beklen.hu/" "Mozilla/4.0 (compatible; MSIE 6.0; Windows NT 5.1; SV1;)"
199.119.204.18 - - [14/Jan/2013:09:04:46 +0100] "GET / HTTP/1.1" 200 23965 "-" "Mozilla/4.0 (compatible; MSIE 6.0; Windows NT 5.1; SV1;)"
199.119.204.18 - - [14/Jan/2013:09:04:46 +0100] "GET /signup HTTP/1.1" 404 1181 "http://www.beklen.hu/" "Mozilla/4.0 (compatible; MSIE 6.0; Windows NT 5.1; SV1;)"
199.119.204.18 - - [14/Jan/2013:09:04:47 +0100] "GET /join.php HTTP/1.1" 404 1181 "-" "Mozilla/4.0 (compatible; MSIE 6.0; Windows NT 5.1; SV1;)"
173.199.119.35 - - [14/Jan/2013:09:13:56 +0100] "GET /jog/eseteink/kavicszatony/mura_valasz.pdf HTTP/1.1" 200 57588 "-" "Mozilla/5.0 (compatible; AhrefsBot/4.0; +http://ahrefs.com/robot/)"
173.199.119.35 - - [14/Jan/2013:09:14:57 +0100] "GET /hirek/hirek100804.htm HTTP/1.1" 200 8056 "-" "Mozilla/5.0 (compatible; AhrefsBot/4.0; +http://ahrefs.com/robot/)"
173.199.119.35 - - [14/Jan/2013:09:22:38 +0100] "GET /jog/eseteink/audi/europai%20bizottsag%20audi%20adatkikeres.pdf HTTP/1.1" 200 35868 "-" "Mozilla/5.0 (compatible; AhrefsBot/4.0; +http://ahrefs.com/robot/)"
173.199.119.35 - - [14/Jan/2013:09:27:33 +0100] "GET /jog/eseteink/korosladany/panasz_rendorsegi_hatarozat_ellen.pdf HTTP/1.1" 200 35868 "-" "Mozilla/5.0 (compatible; AhrefsBot/4.0; +http://ahrefs.com/robot/)"
173.199.119.35 - - [14/Jan/2013:09:41:13 +0100] "GET /jog/eseteink/poroszlo/poroszlo-ombudsman.pdf HTTP/1.1" 200 19940 "-" "Mozilla/5.0 (compatible; AhrefsBot/4.0; +http://ahrefs.com/robot/)"
173.199.119.35 - - [14/Jan/2013:09:43:35 +0100] "GET /kiadvanyok.htm HTTP/1.1" 200 8206 "-" "Mozilla/5.0 (compatible; AhrefsBot/4.0; +http://ahrefs.com/robot/)"
173.199.119.35 - - [14/Jan/2013:09:46:28 +0100] "GET /szakmai.htm HTTP/1.1" 200 6054 "-" "Mozilla/5.0 (compatible; AhrefsBot/4.0; +http://ahrefs.com/robot/)"
173.199.119.35 - - [14/Jan/2013:09:47:17 +0100] "GET /jog/eseteink/kavicszatony/fellebbezes.pdf HTTP/1.1" 200 63380 "-" "Mozilla/5.0 (compatible; AhrefsBot/4.0; +http://ahrefs.com/robot/)"
173.199.119.35 - - [14/Jan/2013:09:48:25 +0100] "GET /jog/eseteink/audi/europai%20bizottsag%20fotitkarsaga.pdf HTTP/1.1" 200 18492 "-" "Mozilla/5.0 (compatible; AhrefsBot/4.0; +http://ahrefs.com/robot/)"
173.199.119.35 - - [14/Jan/2013:09:51:19 +0100] "GET /hirek09_02.htm HTTP/1.1" 200 7450 "-" "Mozilla/5.0 (compatible; AhrefsBot/4.0; +http://ahrefs.com/robot/)"
173.199.119.35 - - [14/Jan/2013:10:04:19 +0100] "GET /jog/pub/fuzet_beliv_jav2.pdf HTTP/1.1" 200 35868 "-" "Mozilla/5.0 (compatible; AhrefsBot/4.0; +http://ahrefs.com/robot/)"
194.152.139.190 - - [14/Jan/2013:10:06:01 +0100] "GET /jog/eseteink/korosladany/korosladany_kereset_vegleges.pdf HTTP/1.1" 200 96743 "https://www.google.hu/" "Mozilla/5.0 (Windows NT 6.1) AppleWebKit/537.11 (KHTML, like Gecko) Chrome/23.0.1271.97 Safari/537.11"
194.152.139.190 - - [14/Jan/2013:10:06:03 +0100] "GET /favicon.ico HTTP/1.1" 404 1181 "-" "Mozilla/5.0 (Windows NT 6.1) AppleWebKit/537.11 (KHTML, like Gecko) Chrome/23.0.1271.97 Safari/537.11"
66.249.76.62 - - [14/Jan/2013:10:08:09 +0100] "GET /hirarchivum.htm HTTP/1.1" 304 - "-" "Mozilla/5.0 (compatible; Googlebot/2.1; +http://www.google.com/bot.html)"
160.114.128.176 - - [14/Jan/2013:10:10:17 +0100] "GET /jog/eseteink/derekegyhaza/masodfoknak.pdf HTTP/1.1" 200 228651 "http://www.google.hu/url?sa=t&rct=j&q=&esrc=s&source=web&cd=13&ved=0CHMQFjAM&url=http%3A%2F%2Fwww.beklen.hu%2Fjog%2Feseteink%2Fderekegyhaza%2Fmasodfoknak.pdf&ei=RsrzUNyBDo_TsgbXvYHYCw&usg=AFQjCNEmBFToWwSNVkf1BGxJrfKAq36ReA&sig2=-izMjIZEr4upz97nQwadZA&bvm=bv.1357700187,d.Yms" "Mozilla/5.0 (Windows NT 6.1; rv:17.0) Gecko/20100101 Firefox/17.0"
160.114.128.176 - - [14/Jan/2013:10:10:17 +0100] "GET /favicon.ico HTTP/1.1" 404 1181 "-" "Mozilla/5.0 (Windows NT 6.1; rv:17.0) Gecko/20100101 Firefox/17.0"
173.199.119.35 - - [14/Jan/2013:10:16:37 +0100] "GET /jog/eseteink/audi/application_of_hungarian_authorities_for_the_commission_opinion_2.pdf HTTP/1.1" 200 17042 "-" "Mozilla/5.0 (compatible; AhrefsBot/4.0; +http://ahrefs.com/robot/)"
173.199.119.35 - - [14/Jan/2013:10:19:57 +0100] "GET /jog/eseteink/derekegyhaza/erd%C3%A9szet_kekto_kerites.pdf HTTP/1.1" 404 1181 "-" "Mozilla/5.0 (compatible; AhrefsBot/4.0; +http://ahrefs.com/robot/)"
173.199.119.35 - - [14/Jan/2013:10:22:21 +0100] "GET /jog/eseteink/kavicszatony/mura_fellebbezes1.pdf HTTP/1.1" 200 35868 "-" "Mozilla/5.0 (compatible; AhrefsBot/4.0; +http://ahrefs.com/robot/)"
173.199.119.35 - - [14/Jan/2013:10:23:55 +0100] "GET /jog/eseteink/derekegyhaza/mszh_kekto_fellebbez%C3%A9s.pdf HTTP/1.1" 404 1181 "-" "Mozilla/5.0 (compatible; AhrefsBot/4.0; +http://ahrefs.com/robot/)"
66.249.76.62 - - [14/Jan/2013:10:27:39 +0100] "GET /hirek/Microsoft%20Word%20-%20csongradi%20duzzaszto%20velemeny%202009.06.11..doc.pdf HTTP/1.1" 200 321155 "-" "SAMSUNG-SGH-E250/1.0 Profile/MIDP-2.0 Configuration/CLDC-1.1 UP.Browser/6.2.3.3.c.1.101 (GUI) MMP/2.0 (compatible; Googlebot-Mobile/2.1; +http://www.google.com/bot.html)"
180.76.5.179 - - [14/Jan/2013:10:50:15 +0100] "GET /fiok/kapcsolat.htm HTTP/1.1" 200 17416 "-" "Mozilla/5.0 (compatible; Baiduspider/2.0; +http://www.baidu.com/search/spider.html)"
66.249.76.62 - - [14/Jan/2013:10:50:21 +0100] "GET /jog/jogszabalyok/conventions_hu.pdf HTTP/1.1" 304 - "-" "Mozilla/5.0 (compatible; Googlebot/2.1; +http://www.google.com/bot.html)"
89.133.188.19 - - [14/Jan/2013:10:54:42 +0100] "GET /jog/eseteink/dakar/36559-10.pdf HTTP/1.1" 200 241989 "http://www.google.hu/url?sa=t&rct=j&q=&esrc=s&source=web&cd=10&ved=0CHIQFjAJ&url=http%3A%2F%2Fwww.beklen.hu%2Fjog%2Feseteink%2Fdakar%2F36559-10.pdf&ei=ONXzUJnJHoSPswaRwoGYDw&usg=AFQjCNFqlOdZ6SgGfnnszIIhFiXuN_KCVA&bvm=bv.1357700187,d.Yms" "Mozilla/5.0 (Windows NT 6.1; WOW64; rv:18.0) Gecko/20100101 Firefox/18.0"
89.133.188.19 - - [14/Jan/2013:10:54:42 +0100] "GET /favicon.ico HTTP/1.1" 404 1181 "-" "Mozilla/5.0 (Windows NT 6.1; WOW64; rv:18.0) Gecko/20100101 Firefox/18.0"
173.199.119.35 - - [14/Jan/2013:11:03:36 +0100] "GET /nca05.htm HTTP/1.1" 200 16412 "-" "Mozilla/5.0 (compatible; AhrefsBot/4.0; +http://ahrefs.com/robot/)"
208.115.113.84 - - [14/Jan/2013:11:08:49 +0100] "GET /robots.txt HTTP/1.1" 404 1181 "-" "Mozilla/5.0 (compatible; Ezooms/1.0; ezooms.bot@gmail.com)"
173.199.119.35 - - [14/Jan/2013:11:09:32 +0100] "GET /jog/jogszabalyok/1995.%20evi%20XCIII.%20torveny.pdf HTTP/1.1" 200 96684 "-" "Mozilla/5.0 (compatible; AhrefsBot/4.0; +http://ahrefs.com/robot/)"
173.199.119.35 - - [14/Jan/2013:11:35:24 +0100] "GET /jog/eseteink/derekegyhaza/vizjogi_ltesitmeny2.pdf HTTP/1.1" 200 89386 "-" "Mozilla/5.0 (compatible; AhrefsBot/4.0; +http://ahrefs.com/robot/)"
130.83.167.153 - - [14/Jan/2013:11:37:49 +0100] "GET /hirek/hirek090509.htm HTTP/1.1" 200 7803 "-" "findlinks/2.6 (+http://wortschatz.uni-leipzig.de/findlinks/)"
173.199.119.35 - - [14/Jan/2013:11:44:27 +0100] "GET /nca09.htm HTTP/1.1" 200 24315 "-" "Mozilla/5.0 (compatible; AhrefsBot/4.0; +http://ahrefs.com/robot/)"
173.199.119.35 - - [14/Jan/2013:11:47:04 +0100] "GET /jog/eseteink/derekegyhaza/kotevife_ugyfel_uj.pdf HTTP/1.1" 200 18492 "-" "Mozilla/5.0 (compatible; AhrefsBot/4.0; +http://ahrefs.com/robot/)"
66.249.76.11 - - [14/Jan/2013:11:59:30 +0100] "GET /robots.txt HTTP/1.1" 404 1181 "-" "Mozilla/5.0 (compatible; Googlebot/2.1; +http://www.google.com/bot.html)"
66.249.76.11 - - [14/Jan/2013:11:59:30 +0100] "GET /jog/jogszabalyok/conventions_hu.pdf HTTP/1.1" 304 - "-" "Mozilla/5.0 (compatible; Googlebot/2.1; +http://www.google.com/bot.html)"
173.199.119.35 - - [14/Jan/2013:12:05:45 +0100] "GET /jog/eseteink/korosladany/nemzeti_park_felmeres_kerese.pdf HTTP/1.1" 200 75836 "-" "Mozilla/5.0 (compatible; AhrefsBot/4.0; +http://ahrefs.com/robot/)"
173.199.119.35 - - [14/Jan/2013:12:06:58 +0100] "GET /jog/pub/rally_kiadvany_mtvsz.pdf HTTP/1.1" 200 102380 "-" "Mozilla/5.0 (compatible; AhrefsBot/4.0; +http://ahrefs.com/robot/)"
173.199.119.35 - - [14/Jan/2013:12:16:06 +0100] "GET /hirek/jelentkezesi_lap.doc HTTP/1.1" 200 61929 "-" "Mozilla/5.0 (compatible; AhrefsBot/4.0; +http://ahrefs.com/robot/)"
46.246.31.124 - - [14/Jan/2013:12:16:17 +0100] "GET //images/stories/susu.php?indonesia HTTP/1.1" 404 1181 "-" "Mozilla/5.0 (compatible; Googlebot/2.1; +http://www.google.com/bot.html)"
173.199.119.35 - - [14/Jan/2013:12:17:29 +0100] "GET /jog/eseteink/korosladany/apvrt_nek3.pdf HTTP/1.1" 200 19940 "-" "Mozilla/5.0 (compatible; AhrefsBot/4.0; +http://ahrefs.com/robot/)"
66.249.76.62 - - [14/Jan/2013:12:21:16 +0100] "GET /jog/eseteink/dakar/dakar_dabas_ugyeszseg_hatarozat.pdf HTTP/1.1" 304 - "-" "Mozilla/5.0 (compatible; Googlebot/2.1; +http://www.google.com/bot.html)"
66.249.76.62 - - [14/Jan/2013:12:22:44 +0100] "GET /jog/jogszabalyok/348_2006.korm.rendelet.pdf HTTP/1.1" 200 198403 "-" "Mozilla/5.0 (compatible; Googlebot/2.1; +http://www.google.com/bot.html)"
173.199.119.35 - - [14/Jan/2013:12:31:52 +0100] "GET /fiok/program_reszek/news.html HTTP/1.1" 404 1181 "-" "Mozilla/5.0 (compatible; AhrefsBot/4.0; +http://ahrefs.com/robot/)"
173.199.119.35 - - [14/Jan/2013:12:41:48 +0100] "GET /hirek/hirek090619.htm HTTP/1.1" 200 7871 "-" "Mozilla/5.0 (compatible; AhrefsBot/4.0; +http://ahrefs.com/robot/)"
173.199.119.35 - - [14/Jan/2013:12:48:12 +0100] "GET /civilmuhely.htm HTTP/1.1" 200 8450 "-" "Mozilla/5.0 (compatible; AhrefsBot/4.0; +http://ahrefs.com/robot/)"
173.199.119.35 - - [14/Jan/2013:12:49:20 +0100] "GET /jog/eseteink/korosladany/korosladany_kvktf_.pdf HTTP/1.1" 200 18492 "-" "Mozilla/5.0 (compatible; AhrefsBot/4.0; +http://ahrefs.com/robot/)"
66.249.76.11 - - [14/Jan/2013:12:52:45 +0100] "GET /index.htm HTTP/1.1" 304 - "-" "Mozilla/5.0 (compatible; Googlebot/2.1; +http://www.google.com/bot.html)"
173.199.119.35 - - [14/Jan/2013:12:55:58 +0100] "GET /jog/eseteink/dakar/dakar_ugyeszseg_lp.pdf HTTP/1.1" 200 96684 "-" "Mozilla/5.0 (compatible; AhrefsBot/4.0; +http://ahrefs.com/robot/)"
173.199.119.35 - - [14/Jan/2013:13:05:01 +0100] "GET /jog/jog/jogszabalyok/V%C3%A9dett%20fajok%202006_1_2008kieg.pdf HTTP/1.1" 404 1181 "-" "Mozilla/5.0 (compatible; AhrefsBot/4.0; +http://ahrefs.com/robot/)"
173.199.119.35 - - [14/Jan/2013:13:07:01 +0100] "GET /hirek/hirek090215.htm HTTP/1.1" 200 9398 "-" "Mozilla/5.0 (compatible; AhrefsBot/4.0; +http://ahrefs.com/robot/)"
173.199.119.35 - - [14/Jan/2013:13:09:41 +0100] "GET /hirek08_10.htm HTTP/1.1" 200 6946 "-" "Mozilla/5.0 (compatible; AhrefsBot/4.0; +http://ahrefs.com/robot/)"
173.199.119.35 - - [14/Jan/2013:13:13:31 +0100] "GET /jog/eseteink/korosladany/dalerd%20lb%20itelet_001.pdf HTTP/1.1" 200 35866 "-" "Mozilla/5.0 (compatible; AhrefsBot/4.0; +http://ahrefs.com/robot/)"
173.199.119.35 - - [14/Jan/2013:13:21:53 +0100] "GET /hirek/hirek09_03.htm HTTP/1.1" 200 10810 "-" "Mozilla/5.0 (compatible; AhrefsBot/4.0; +http://ahrefs.com/robot/)"
208.115.113.84 - - [14/Jan/2013:13:23:27 +0100] "GET /hirek/hirek100420.htm HTTP/1.1" 200 7914 "-" "Mozilla/5.0 (compatible; Ezooms/1.0; ezooms.bot@gmail.com)"
173.199.119.35 - - [14/Jan/2013:13:26:06 +0100] "GET /jog/eseteink/kavicszatony/nimfea_fellebbezes_uj_eljaras.pdf HTTP/1.1" 200 131436 "-" "Mozilla/5.0 (compatible; AhrefsBot/4.0; +http://ahrefs.com/robot/)"
173.199.119.35 - - [14/Jan/2013:13:26:14 +0100] "GET /jog/eseteink/audi/eu.%20biz.%20fotitkaranak.pdf HTTP/1.1" 200 96684 "-" "Mozilla/5.0 (compatible; AhrefsBot/4.0; +http://ahrefs.com/robot/)"
173.199.119.35 - - [14/Jan/2013:13:26:35 +0100] "GET /nca08.htm HTTP/1.1" 200 21795 "-" "Mozilla/5.0 (compatible; AhrefsBot/4.0; +http://ahrefs.com/robot/)"
173.199.119.35 - - [14/Jan/2013:13:27:39 +0100] "GET /khb/beklen_2005_kh_jelentes.pdf HTTP/1.1" 200 96684 "-" "Mozilla/5.0 (compatible; AhrefsBot/4.0; +http://ahrefs.com/robot/)"
66.249.76.62 - - [14/Jan/2013:13:28:46 +0100] "GET /hirek/hirek091015.htm HTTP/1.1" 304 - "-" "Mozilla/5.0 (compatible; Googlebot/2.1; +http://www.google.com/bot.html)"
173.199.119.35 - - [14/Jan/2013:13:29:12 +0100] "GET /nka.htm HTTP/1.1" 200 6221 "-" "Mozilla/5.0 (compatible; AhrefsBot/4.0; +http://ahrefs.com/robot/)"
173.199.119.35 - - [14/Jan/2013:13:37:02 +0100] "GET /jog/jogszabalyok/termeszetvedelmi_torveny.pdf HTTP/1.1" 200 102380 "-" "Mozilla/5.0 (compatible; AhrefsBot/4.0; +http://ahrefs.com/robot/)"
173.199.119.35 - - [14/Jan/2013:13:41:25 +0100] "GET /jog/jogszabalyok/2011.%20%C3%A9vi%20CXII.pdf HTTP/1.1" 404 1181 "-" "Mozilla/5.0 (compatible; AhrefsBot/4.0; +http://ahrefs.com/robot/)"
173.199.119.35 - - [14/Jan/2013:13:41:39 +0100] "GET /jog/eseteink/korosladany/szakerto_dij_birosag.doc.pdf HTTP/1.1" 200 96684 "-" "Mozilla/5.0 (compatible; AhrefsBot/4.0; +http://ahrefs.com/robot/)"
173.199.119.35 - - [14/Jan/2013:13:42:16 +0100] "GET /hirek/hirek090602.htm HTTP/1.1" 200 7261 "-" "Mozilla/5.0 (compatible; AhrefsBot/4.0; +http://ahrefs.com/robot/)"
173.199.119.35 - - [14/Jan/2013:13:42:37 +0100] "GET /jog/jogszabalyok/egyezm_bern.pdf HTTP/1.1" 200 77062 "-" "Mozilla/5.0 (compatible; AhrefsBot/4.0; +http://ahrefs.com/robot/)"
173.199.119.35 - - [14/Jan/2013:13:49:42 +0100] "GET /jog/eseteink/derekegyhaza/kotvife_kekto_vizugy.pdf HTTP/1.1" 200 19940 "-" "Mozilla/5.0 (compatible; AhrefsBot/4.0; +http://ahrefs.com/robot/)"
173.199.119.35 - - [14/Jan/2013:13:50:37 +0100] "GET /jog/eseteink/kavicszatony/nimfea_fellebbezes.pdf HTTP/1.1" 200 17044 "-" "Mozilla/5.0 (compatible; AhrefsBot/4.0; +http://ahrefs.com/robot/)"
173.199.119.35 - - [14/Jan/2013:13:56:59 +0100] "GET /jog/eseteink/korosladany/nemzeti_park_adatkeres_korosladany.pdf HTTP/1.1" 200 60485 "-" "Mozilla/5.0 (compatible; AhrefsBot/4.0; +http://ahrefs.com/robot/)"
173.199.119.35 - - [14/Jan/2013:13:57:16 +0100] "GET /jog/eseteink/malom/index.htm HTTP/1.1" 200 17507 "-" "Mozilla/5.0 (compatible; AhrefsBot/4.0; +http://ahrefs.com/robot/)"
173.199.119.35 - - [14/Jan/2013:14:05:02 +0100] "GET /jog/eseteink/korosladany/kozig_hivatalnak_erdeklodes.pdf HTTP/1.1" 200 35868 "-" "Mozilla/5.0 (compatible; AhrefsBot/4.0; +http://ahrefs.com/robot/)"
173.199.119.35 - - [14/Jan/2013:14:11:37 +0100] "GET /jog/jogszabalyok/biodiverzitas_egyezmeny.pdf HTTP/1.1" 200 18492 "-" "Mozilla/5.0 (compatible; AhrefsBot/4.0; +http://ahrefs.com/robot/)"
173.199.119.35 - - [14/Jan/2013:14:11:46 +0100] "GET /jog/eseteink/kavicszatony/mura_fellebbezes.pdf HTTP/1.1" 200 18492 "-" "Mozilla/5.0 (compatible; AhrefsBot/4.0; +http://ahrefs.com/robot/)"
173.199.119.35 - - [14/Jan/2013:14:17:32 +0100] "GET /jog/eseteink/derekegyhaza/mszh-nak_hatarozat_keres.pdf HTTP/1.1" 200 87836 "-" "Mozilla/5.0 (compatible; AhrefsBot/4.0; +http://ahrefs.com/robot/)"
81.183.24.189 - - [14/Jan/2013:14:21:06 +0100] "GET /jog/eseteink/audi/audi_gyor_restoration_measures1-10.pdf HTTP/1.1" 200 67856 "http://www.google.com/url?sa=t&rct=j&q=g%C3%B6ny%C5%B1+k%C3%A9t%C3%A9lt%C5%B1&source=web&cd=2&ved=0CDIQFjAB&url=http%3A%2F%2Fwww.beklen.hu%2Fjog%2Feseteink%2Faudi%2Faudi_gyor_restoration_measures1-10.pdf&ei=LAb0UJvOErH54QTTzoHIAg&usg=AFQjCNE5kCGiUpJed4VX6nFNeJ8jPtSNqA" "Mozilla/4.0 (compatible; MSIE 8.0; Windows NT 5.1; Trident/4.0; InfoPath.1; .NET CLR 1.1.4322; .NET CLR 2.0.50727; .NET CLR 3.0.4506.2152; .NET CLR 3.5.30729; AskTB5.6)"
81.183.24.189 - - [14/Jan/2013:14:21:37 +0100] "GET /jog/eseteink/audi/audi_gyor_restoration_measures1-10.pdf HTTP/1.1" 206 67800 "http://www.google.com/url?sa=t&rct=j&q=g%C3%B6ny%C5%B1+k%C3%A9t%C3%A9lt%C5%B1&source=web&cd=2&cad=rja&ved=0CDIQFjAB&url=http%3A%2F%2Fwww.beklen.hu%2Fjog%2Feseteink%2Faudi%2Faudi_gyor_restoration_measures1-10.pdf&ei=WQb0UJuILqak4gSMmoHIAw&usg=AFQjCNE5kCGiUpJed4VX6nFNeJ8jPtSNqA&bvm=bv.1357700187,d.Yms" "Mozilla/4.0 (compatible; MSIE 8.0; Windows NT 5.1; Trident/4.0; InfoPath.1; .NET CLR 1.1.4322; .NET CLR 2.0.50727; .NET CLR 3.0.4506.2152; .NET CLR 3.5.30729; AskTB5.6)"
173.199.119.35 - - [14/Jan/2013:14:21:41 +0100] "GET /jog/eseteink/derekegyhaza/kotevife_volt_e_skv.pdf HTTP/1.1" 200 18492 "-" "Mozilla/5.0 (compatible; AhrefsBot/4.0; +http://ahrefs.com/robot/)"
81.183.24.189 - - [14/Jan/2013:14:23:11 +0100] "GET /jog/eseteink/audi/audi_gyor_restoration_measures1-10.pdf HTTP/1.1" 206 4245122 "http://www.google.com/url?sa=t&rct=j&q=g%C3%B6ny%C5%B1+k%C3%A9t%C3%A9lt%C5%B1&source=web&cd=2&cad=rja&ved=0CDIQFjAB&url=http%3A%2F%2Fwww.beklen.hu%2Fjog%2Feseteink%2Faudi%2Faudi_gyor_restoration_measures1-10.pdf&ei=WQb0UJuILqak4gSMmoHIAw&usg=AFQjCNE5kCGiUpJed4VX6nFNeJ8jPtSNqA&bvm=bv.1357700187,d.Yms" "Mozilla/4.0 (compatible; MSIE 8.0; Windows NT 5.1; Trident/4.0; InfoPath.1; .NET CLR 1.1.4322; .NET CLR 2.0.50727; .NET CLR 3.0.4506.2152; .NET CLR 3.5.30729; AskTB5.6)"
173.199.119.35 - - [14/Jan/2013:14:25:30 +0100] "GET /hirek08_12.htm HTTP/1.1" 200 8268 "-" "Mozilla/5.0 (compatible; AhrefsBot/4.0; +http://ahrefs.com/robot/)"
173.199.119.35 - - [14/Jan/2013:14:25:36 +0100] "GET /hirek/hirek090509.htm HTTP/1.1" 200 7803 "-" "Mozilla/5.0 (compatible; AhrefsBot/4.0; +http://ahrefs.com/robot/)"
66.249.76.62 - - [14/Jan/2013:14:28:08 +0100] "GET /jog/eseteink/kavicszatony/fellebbezes.pdf HTTP/1.1" 304 - "-" "Mozilla/5.0 (compatible; Googlebot/2.1; +http://www.google.com/bot.html)"
173.199.119.35 - - [14/Jan/2013:14:35:51 +0100] "GET /jog/eseteink/kavicszatony/mura_bejelentesbk.pdf HTTP/1.1" 200 19940 "-" "Mozilla/5.0 (compatible; AhrefsBot/4.0; +http://ahrefs.com/robot/)"
173.199.119.35 - - [14/Jan/2013:14:42:45 +0100] "GET /jog/jogszabalyok/polgari_perrendtartas_xx_fejezet.pdf HTTP/1.1" 404 1181 "-" "Mozilla/5.0 (compatible; AhrefsBot/4.0; +http://ahrefs.com/robot/)"
173.199.119.35 - - [14/Jan/2013:15:18:40 +0100] "GET /jog/jogszabalyok/vki_en_hu_hivatalos_20040901.pdf HTTP/1.1" 200 98130 "-" "Mozilla/5.0 (compatible; AhrefsBot/4.0; +http://ahrefs.com/robot/)"
173.199.119.35 - - [14/Jan/2013:15:19:10 +0100] "GET /fiok/program_reszek/lovaglas.htm HTTP/1.1" 200 21486 "-" "Mozilla/5.0 (compatible; AhrefsBot/4.0; +http://ahrefs.com/robot/)"
173.199.119.35 - - [14/Jan/2013:15:21:38 +0100] "GET /khb/beklen_2004_kh_jelentes.pdf HTTP/1.1" 200 35869 "-" "Mozilla/5.0 (compatible; AhrefsBot/4.0; +http://ahrefs.com/robot/)"
173.199.119.35 - - [14/Jan/2013:15:23:32 +0100] "GET /khb/beklen_2003_kh_jelentes.pdf HTTP/1.1" 200 61933 "-" "Mozilla/5.0 (compatible; AhrefsBot/4.0; +http://ahrefs.com/robot/)"
173.199.119.35 - - [14/Jan/2013:15:28:49 +0100] "GET /fiok/program_reszek/csaladbarat.htm HTTP/1.1" 200 20928 "-" "Mozilla/5.0 (compatible; AhrefsBot/4.0; +http://ahrefs.com/robot/)"
173.199.119.35 - - [14/Jan/2013:15:29:20 +0100] "GET /jog/eseteink/derekegyhaza/eseteink/derekegyhaza/index.htm HTTP/1.1" 404 1181 "-" "Mozilla/5.0 (compatible; AhrefsBot/4.0; +http://ahrefs.com/robot/)"
173.199.119.35 - - [14/Jan/2013:15:35:52 +0100] "GET /nca06.htm HTTP/1.1" 200 19034 "-" "Mozilla/5.0 (compatible; AhrefsBot/4.0; +http://ahrefs.com/robot/)"
173.199.119.35 - - [14/Jan/2013:15:47:21 +0100] "GET /jog/eseteink/derekegyhaza/fvm_kekto_fellebbezes_jelzese.pdf HTTP/1.1" 200 17045 "-" "Mozilla/5.0 (compatible; AhrefsBot/4.0; +http://ahrefs.com/robot/)"
173.199.119.35 - - [14/Jan/2013:15:50:18 +0100] "GET /jog/jogszabalyok/ramsari_egyezmeny.zip HTTP/1.1" 200 35866 "-" "Mozilla/5.0 (compatible; AhrefsBot/4.0; +http://ahrefs.com/robot/)"
173.199.119.35 - - [14/Jan/2013:15:51:47 +0100] "GET /jog/eseteink/korosladany/adatk%C3%A9r%C3%A9s_k%C3%B6r%C3%B6slad%C3%A1ny_helyi%20_v%C3%A9dett.pdf HTTP/1.1" 404 1181 "-" "Mozilla/5.0 (compatible; AhrefsBot/4.0; +http://ahrefs.com/robot/)"
173.199.119.35 - - [14/Jan/2013:16:03:33 +0100] "GET /hirek/hirek08_12.htm HTTP/1.1" 200 8352 "-" "Mozilla/5.0 (compatible; AhrefsBot/4.0; +http://ahrefs.com/robot/)"
173.199.119.35 - - [14/Jan/2013:16:04:18 +0100] "GET /jog/jogszabalyok/2001-es%20vedett%20lista.pdf HTTP/1.1" 200 99580 "-" "Mozilla/5.0 (compatible; AhrefsBot/4.0; +http://ahrefs.com/robot/)"
178.164.145.185 - - [14/Jan/2013:17:15:11 +0100] "GET /fiok/kornyezet.htm HTTP/1.1" 200 22582 "http://www.google.hu/imgres?start=145&num=10&hl=hu&tbo=d&biw=1366&bih=600&tbm=isch&tbnid=ig9NPEVVDvONlM:&imgrefurl=http://www.beklen.hu/fiok/kornyezet.htm&docid=2PArkY8lCSN0ZM&imgurl=http://www.beklen.hu/fiok/kepek/02.jpg&w=864&h=573&ei=-S70UIykN47KsgavuoGwCQ&zoom=1&iact=hc&vpx=398&vpy=156&dur=779&hovh=183&hovw=276&tx=168&ty=78&sig=109423530674020817198&page=6&tbnh=136&tbnw=202&ndsp=31&ved=1t:429,r:55,s:100,i:169" "Mozilla/5.0 (Windows NT 6.1) AppleWebKit/537.17 (KHTML, like Gecko) Chrome/24.0.1312.52 Safari/537.17"
178.164.145.185 - - [14/Jan/2013:17:15:11 +0100] "GET /fiok/css/lightbox.css HTTP/1.1" 200 1715 "http://www.beklen.hu/fiok/kornyezet.htm" "Mozilla/5.0 (Windows NT 6.1) AppleWebKit/537.17 (KHTML, like Gecko) Chrome/24.0.1312.52 Safari/537.17"
