66.249.78.60 - - [07/Apr/2013:23:48:15 +0200] "GET /jog/eseteink/dakar/dakar_0804_kdtktvf_engedely.pdf HTTP/1.1" 200 4090849 "-" "Mozilla/5.0 (iPhone; U; CPU iPhone OS 4_1 like Mac OS X; en-us) AppleWebKit/532.9 (KHTML, like Gecko) Version/4.0.5 Mobile/8B117 Safari/6531.22.7 (compatible; Googlebot-Mobile/2.1; +http://www.google.com/bot.html)"
139.18.2.209 - - [08/Apr/2013:00:49:05 +0200] "GET /robots.txt HTTP/1.1" 404 1181 "-" "findlinks/2.6 (+http://wortschatz.uni-leipzig.de/findlinks/)"
66.249.78.60 - - [08/Apr/2013:01:16:03 +0200] "GET /robots.txt HTTP/1.1" 404 1181 "-" "Mozilla/5.0 (compatible; Googlebot/2.1; +http://www.google.com/bot.html)"
66.249.78.60 - - [08/Apr/2013:01:16:03 +0200] "GET /hirek/hirek101027.htm HTTP/1.1" 304 - "-" "Mozilla/5.0 (iPhone; U; CPU iPhone OS 4_1 like Mac OS X; en-us) AppleWebKit/532.9 (KHTML, like Gecko) Version/4.0.5 Mobile/8B117 Safari/6531.22.7 (compatible; Googlebot-Mobile/2.1; +http://www.google.com/bot.html)"
66.249.78.60 - - [08/Apr/2013:02:16:22 +0200] "GET /jog/rendorsegifeljelentes.htm HTTP/1.1" 304 - "-" "Mozilla/5.0 (iPhone; U; CPU iPhone OS 4_1 like Mac OS X; en-us) AppleWebKit/532.9 (KHTML, like Gecko) Version/4.0.5 Mobile/8B117 Safari/6531.22.7 (compatible; Googlebot-Mobile/2.1; +http://www.google.com/bot.html)"
180.76.5.50 - - [08/Apr/2013:03:18:09 +0200] "GET /robots.txt HTTP/1.1" 404 1181 "-" "Mozilla/5.0 (Windows NT 5.1; rv:6.0.2) Gecko/20100101 Firefox/6.0.2"
87.252.54.241 - - [08/Apr/2013:03:54:07 +0200] "GET / HTTP/1.1" 200 42122 "-" "Java/1.7.0_13"
87.252.54.241 - - [08/Apr/2013:03:54:07 +0200] "GET /hirarchivum.htm HTTP/1.1" 200 24981 "-" "Java/1.7.0_13"
87.252.54.241 - - [08/Apr/2013:03:54:07 +0200] "GET /index.htm HTTP/1.1" 200 42122 "-" "Java/1.7.0_13"
87.252.54.241 - - [08/Apr/2013:03:54:08 +0200] "GET /kapcsolat.htm HTTP/1.1" 200 6875 "-" "Java/1.7.0_13"
87.252.54.241 - - [08/Apr/2013:03:54:08 +0200] "GET /magunkrol.htm HTTP/1.1" 200 9161 "-" "Java/1.7.0_13"
87.252.54.241 - - [08/Apr/2013:03:54:08 +0200] "GET /media.htm HTTP/1.1" 200 5208 "-" "Java/1.7.0_13"
87.252.54.241 - - [08/Apr/2013:03:54:08 +0200] "GET /programok.htm HTTP/1.1" 200 6444 "-" "Java/1.7.0_13"
87.252.54.241 - - [08/Apr/2013:03:54:08 +0200] "GET /vill.cs HTTP/1.1" 200 3114 "-" "Java/1.7.0_13"
87.252.54.241 - - [08/Apr/2013:03:54:08 +0200] "GET /hirek08_10.htm HTTP/1.1" 200 6946 "-" "Java/1.7.0_13"
87.252.54.241 - - [08/Apr/2013:03:54:08 +0200] "GET /hirek08_11.htm HTTP/1.1" 200 7253 "-" "Java/1.7.0_13"
87.252.54.241 - - [08/Apr/2013:03:54:09 +0200] "GET /hirek08_12.htm HTTP/1.1" 200 8268 "-" "Java/1.7.0_13"
87.252.54.241 - - [08/Apr/2013:03:54:09 +0200] "GET /hirek09_01.htm HTTP/1.1" 200 6841 "-" "Java/1.7.0_13"
87.252.54.241 - - [08/Apr/2013:03:54:09 +0200] "GET /hirek09_02.htm HTTP/1.1" 200 7450 "-" "Java/1.7.0_13"
87.252.54.241 - - [08/Apr/2013:03:54:09 +0200] "GET /hirek09_03.htm HTTP/1.1" 200 10726 "-" "Java/1.7.0_13"
87.252.54.241 - - [08/Apr/2013:03:54:09 +0200] "GET /&url=kapcsolat.htm HTTP/1.1" 404 1181 "-" "Java/1.7.0_13"
87.252.54.241 - - [08/Apr/2013:03:54:09 +0200] "GET /&url=programok.htm HTTP/1.1" 404 1181 "-" "Java/1.7.0_13"
87.252.54.241 - - [08/Apr/2013:03:54:10 +0200] "GET /&url=adomanyi.htm HTTP/1.1" 404 1181 "-" "Java/1.7.0_13"
87.252.54.241 - - [08/Apr/2013:03:54:10 +0200] "GET /bunt.htm HTTP/1.1" 200 5683 "-" "Java/1.7.0_13"
87.252.54.241 - - [08/Apr/2013:03:54:10 +0200] "GET /civilmuhely.htm HTTP/1.1" 200 8450 "-" "Java/1.7.0_13"
87.252.54.241 - - [08/Apr/2013:03:54:10 +0200] "GET /khb.htm HTTP/1.1" 200 8719 "-" "Java/1.7.0_13"
87.252.54.241 - - [08/Apr/2013:03:54:10 +0200] "GET /nca.htm HTTP/1.1" 200 7467 "-" "Java/1.7.0_13"
87.252.54.241 - - [08/Apr/2013:03:54:10 +0200] "GET /ncta.htm HTTP/1.1" 200 7221 "-" "Java/1.7.0_13"
87.252.54.241 - - [08/Apr/2013:03:54:10 +0200] "GET /nka.htm HTTP/1.1" 200 6221 "-" "Java/1.7.0_13"
87.252.54.241 - - [08/Apr/2013:03:54:11 +0200] "GET /szakmai.htm HTTP/1.1" 200 6054 "-" "Java/1.7.0_13"
87.252.54.241 - - [08/Apr/2013:03:54:11 +0200] "GET /ncta_a.htm HTTP/1.1" 200 7260 "-" "Java/1.7.0_13"
87.252.54.241 - - [08/Apr/2013:03:54:11 +0200] "GET /&url=civilmuhely.htm HTTP/1.1" 404 1181 "-" "Java/1.7.0_13"
87.252.54.241 - - [08/Apr/2013:03:54:11 +0200] "GET /&url=magunkrol.htm HTTP/1.1" 404 1181 "-" "Java/1.7.0_13"
87.252.54.241 - - [08/Apr/2013:03:54:11 +0200] "GET /nca04.htm HTTP/1.1" 200 16378 "-" "Java/1.7.0_13"
87.252.54.241 - - [08/Apr/2013:03:54:12 +0200] "GET /nca05.htm HTTP/1.1" 200 16412 "-" "Java/1.7.0_13"
87.252.54.241 - - [08/Apr/2013:03:54:13 +0200] "GET /nca06.htm HTTP/1.1" 200 19034 "-" "Java/1.7.0_13"
87.252.54.241 - - [08/Apr/2013:03:54:13 +0200] "GET /nca07.htm HTTP/1.1" 200 21968 "-" "Java/1.7.0_13"
87.252.54.241 - - [08/Apr/2013:03:54:14 +0200] "GET /nca08.htm HTTP/1.1" 200 21795 "-" "Java/1.7.0_13"
87.252.54.241 - - [08/Apr/2013:03:54:14 +0200] "GET /nca09.htm HTTP/1.1" 200 24315 "-" "Java/1.7.0_13"
87.252.54.241 - - [08/Apr/2013:03:54:14 +0200] "GET /nca10.htm HTTP/1.1" 200 16648 "-" "Java/1.7.0_13"
87.252.54.241 - - [08/Apr/2013:03:54:15 +0200] "GET /nca11.htm HTTP/1.1" 200 7133 "-" "Java/1.7.0_13"
87.252.54.241 - - [08/Apr/2013:03:54:15 +0200] "GET /kiadvanyok.htm HTTP/1.1" 200 8206 "-" "Java/1.7.0_13"
87.252.54.241 - - [08/Apr/2013:03:54:15 +0200] "GET /deutsch/index.htm HTTP/1.1" 200 5324 "-" "Java/1.7.0_13"
87.252.54.241 - - [08/Apr/2013:03:54:15 +0200] "GET /english/index.htm HTTP/1.1" 200 5262 "-" "Java/1.7.0_13"
87.252.54.241 - - [08/Apr/2013:03:54:15 +0200] "GET /fiok/index.html HTTP/1.1" 200 20554 "-" "Java/1.7.0_13"
87.252.54.241 - - [08/Apr/2013:03:54:16 +0200] "GET /hirek/130307.htm HTTP/1.1" 200 12189 "-" "Java/1.7.0_13"
87.252.54.241 - - [08/Apr/2013:03:54:16 +0200] "GET /hirek/1303071.htm HTTP/1.1" 200 8749 "-" "Java/1.7.0_13"
87.252.54.241 - - [08/Apr/2013:03:54:16 +0200] "GET /hirek/1303072.htm HTTP/1.1" 200 9111 "-" "Java/1.7.0_13"
87.252.54.241 - - [08/Apr/2013:03:54:16 +0200] "GET /hirek/130312.htm HTTP/1.1" 200 9645 "-" "Java/1.7.0_13"
87.252.54.241 - - [08/Apr/2013:03:54:17 +0200] "GET /hirek/1303122.htm HTTP/1.1" 200 7547 "-" "Java/1.7.0_13"
66.249.78.60 - - [08/Apr/2013:03:54:29 +0200] "GET /robots.txt HTTP/1.1" 404 1181 "-" "Mozilla/5.0 (compatible; Googlebot/2.1; +http://www.google.com/bot.html)"
66.249.78.60 - - [08/Apr/2013:03:54:30 +0200] "GET / HTTP/1.1" 200 42122 "-" "Mozilla/5.0 (iPhone; U; CPU iPhone OS 4_1 like Mac OS X; en-us) AppleWebKit/532.9 (KHTML, like Gecko) Version/4.0.5 Mobile/8B117 Safari/6531.22.7 (compatible; Googlebot-Mobile/2.1; +http://www.google.com/bot.html)"
66.249.78.60 - - [08/Apr/2013:03:56:20 +0200] "GET /lb/css/lightbox.css HTTP/1.1" 200 1715 "-" "Mozilla/5.0 (compatible; Googlebot/2.1; +http://www.google.com/bot.html)"
199.30.20.35 - - [08/Apr/2013:03:58:07 +0200] "GET /robots.txt HTTP/1.1" 404 1181 "-" "msnbot-media/1.1 (+http://search.msn.com/msnbot.htm)"
199.30.20.35 - - [08/Apr/2013:03:58:07 +0200] "GET /tm06.jpg HTTP/1.1" 200 1651 "-" "msnbot-media/1.1 (+http://search.msn.com/msnbot.htm)"
66.249.78.60 - - [08/Apr/2013:04:05:06 +0200] "GET /jog/eseteink/audi/additional_information_on_the_compensatory_measures_provided_by_hungarian_authorities_at_the_request_of_the_commission_3.pdf HTTP/1.1" 200 3528853 "-" "Mozilla/5.0 (compatible; Googlebot/2.1; +http://www.google.com/bot.html)"
66.249.78.60 - - [08/Apr/2013:04:10:34 +0200] "GET /hirek/1303122.htm HTTP/1.1" 304 - "-" "Mozilla/5.0 (iPhone; U; CPU iPhone OS 4_1 like Mac OS X; en-us) AppleWebKit/532.9 (KHTML, like Gecko) Version/4.0.5 Mobile/8B117 Safari/6531.22.7 (compatible; Googlebot-Mobile/2.1; +http://www.google.com/bot.html)"
66.249.78.60 - - [08/Apr/2013:04:12:40 +0200] "GET /hirek/1303122.htm HTTP/1.1" 304 - "-" "Mozilla/5.0 (iPhone; U; CPU iPhone OS 4_1 like Mac OS X; en-us) AppleWebKit/532.9 (KHTML, like Gecko) Version/4.0.5 Mobile/8B117 Safari/6531.22.7 (compatible; Googlebot-Mobile/2.1; +http://www.google.com/bot.html)"
199.30.20.23 - - [08/Apr/2013:04:15:18 +0200] "GET /robots.txt HTTP/1.1" 404 1181 "-" "msnbot-media/1.1 (+http://search.msn.com/msnbot.htm)"
199.30.20.23 - - [08/Apr/2013:04:15:18 +0200] "GET /uszt-tabla.jpg HTTP/1.1" 404 1181 "-" "msnbot-media/1.1 (+http://search.msn.com/msnbot.htm)"
81.44.83.209 - - [08/Apr/2013:04:58:57 +0200] "GET / HTTP/1.1" 200 42122 "-" "Java/1.7.0_05"
81.44.83.209 - - [08/Apr/2013:04:58:58 +0200] "GET /hirarchivum.htm HTTP/1.1" 200 24981 "-" "Java/1.7.0_05"
81.44.83.209 - - [08/Apr/2013:04:58:59 +0200] "GET /index.htm HTTP/1.1" 200 42122 "-" "Java/1.7.0_05"
81.44.83.209 - - [08/Apr/2013:04:58:59 +0200] "GET /kapcsolat.htm HTTP/1.1" 200 6875 "-" "Java/1.7.0_05"
81.44.83.209 - - [08/Apr/2013:04:58:59 +0200] "GET /magunkrol.htm HTTP/1.1" 200 9161 "-" "Java/1.7.0_05"
81.44.83.209 - - [08/Apr/2013:04:59:00 +0200] "GET /media.htm HTTP/1.1" 200 5208 "-" "Java/1.7.0_05"
81.44.83.209 - - [08/Apr/2013:04:59:00 +0200] "GET /programok.htm HTTP/1.1" 200 6444 "-" "Java/1.7.0_05"
81.44.83.209 - - [08/Apr/2013:04:59:00 +0200] "GET /vill.cs HTTP/1.1" 200 3114 "-" "Java/1.7.0_05"
81.44.83.209 - - [08/Apr/2013:04:59:00 +0200] "GET /hirek08_10.htm HTTP/1.1" 200 6946 "-" "Java/1.7.0_05"
81.44.83.209 - - [08/Apr/2013:04:59:01 +0200] "GET /hirek08_11.htm HTTP/1.1" 200 7253 "-" "Java/1.7.0_05"
81.44.83.209 - - [08/Apr/2013:04:59:01 +0200] "GET /hirek08_12.htm HTTP/1.1" 200 8268 "-" "Java/1.7.0_05"
81.44.83.209 - - [08/Apr/2013:04:59:01 +0200] "GET /hirek09_01.htm HTTP/1.1" 200 6841 "-" "Java/1.7.0_05"
81.44.83.209 - - [08/Apr/2013:04:59:01 +0200] "GET /hirek09_02.htm HTTP/1.1" 200 7450 "-" "Java/1.7.0_05"
81.44.83.209 - - [08/Apr/2013:04:59:01 +0200] "GET /hirek09_03.htm HTTP/1.1" 200 10726 "-" "Java/1.7.0_05"
81.44.83.209 - - [08/Apr/2013:04:59:01 +0200] "GET /&url=kapcsolat.htm HTTP/1.1" 404 1181 "-" "Java/1.7.0_05"
81.44.83.209 - - [08/Apr/2013:04:59:02 +0200] "GET /&url=programok.htm HTTP/1.1" 404 1181 "-" "Java/1.7.0_05"
81.44.83.209 - - [08/Apr/2013:04:59:02 +0200] "GET /&url=adomanyi.htm HTTP/1.1" 404 1181 "-" "Java/1.7.0_05"
81.44.83.209 - - [08/Apr/2013:04:59:02 +0200] "GET /bunt.htm HTTP/1.1" 200 5683 "-" "Java/1.7.0_05"
81.44.83.209 - - [08/Apr/2013:04:59:02 +0200] "GET /civilmuhely.htm HTTP/1.1" 200 8450 "-" "Java/1.7.0_05"
81.44.83.209 - - [08/Apr/2013:04:59:03 +0200] "GET /khb.htm HTTP/1.1" 200 8719 "-" "Java/1.7.0_05"
81.44.83.209 - - [08/Apr/2013:04:59:03 +0200] "GET /nca.htm HTTP/1.1" 200 7467 "-" "Java/1.7.0_05"
81.44.83.209 - - [08/Apr/2013:04:59:03 +0200] "GET /ncta.htm HTTP/1.1" 200 7221 "-" "Java/1.7.0_05"
81.44.83.209 - - [08/Apr/2013:04:59:03 +0200] "GET /nka.htm HTTP/1.1" 200 6221 "-" "Java/1.7.0_05"
81.44.83.209 - - [08/Apr/2013:04:59:03 +0200] "GET /szakmai.htm HTTP/1.1" 200 6054 "-" "Java/1.7.0_05"
81.44.83.209 - - [08/Apr/2013:04:59:04 +0200] "GET /ncta_a.htm HTTP/1.1" 200 7260 "-" "Java/1.7.0_05"
81.44.83.209 - - [08/Apr/2013:04:59:04 +0200] "GET /&url=civilmuhely.htm HTTP/1.1" 404 1181 "-" "Java/1.7.0_05"
81.44.83.209 - - [08/Apr/2013:04:59:04 +0200] "GET /&url=magunkrol.htm HTTP/1.1" 404 1181 "-" "Java/1.7.0_05"
81.44.83.209 - - [08/Apr/2013:04:59:04 +0200] "GET /nca04.htm HTTP/1.1" 200 16378 "-" "Java/1.7.0_05"
81.44.83.209 - - [08/Apr/2013:04:59:05 +0200] "GET /nca05.htm HTTP/1.1" 200 16412 "-" "Java/1.7.0_05"
81.44.83.209 - - [08/Apr/2013:04:59:05 +0200] "GET /nca06.htm HTTP/1.1" 200 19034 "-" "Java/1.7.0_05"
81.44.83.209 - - [08/Apr/2013:04:59:06 +0200] "GET /nca07.htm HTTP/1.1" 200 21968 "-" "Java/1.7.0_05"
81.44.83.209 - - [08/Apr/2013:04:59:06 +0200] "GET /nca08.htm HTTP/1.1" 200 21795 "-" "Java/1.7.0_05"
81.44.83.209 - - [08/Apr/2013:04:59:07 +0200] "GET /nca09.htm HTTP/1.1" 200 24315 "-" "Java/1.7.0_05"
81.44.83.209 - - [08/Apr/2013:04:59:07 +0200] "GET /nca10.htm HTTP/1.1" 200 16648 "-" "Java/1.7.0_05"
81.44.83.209 - - [08/Apr/2013:04:59:07 +0200] "GET /nca11.htm HTTP/1.1" 200 7133 "-" "Java/1.7.0_05"
81.44.83.209 - - [08/Apr/2013:04:59:07 +0200] "GET /kiadvanyok.htm HTTP/1.1" 200 8206 "-" "Java/1.7.0_05"
81.44.83.209 - - [08/Apr/2013:04:59:08 +0200] "GET /deutsch/index.htm HTTP/1.1" 200 5324 "-" "Java/1.7.0_05"
81.44.83.209 - - [08/Apr/2013:04:59:08 +0200] "GET /english/index.htm HTTP/1.1" 200 5262 "-" "Java/1.7.0_05"
81.44.83.209 - - [08/Apr/2013:04:59:08 +0200] "GET /fiok/index.html HTTP/1.1" 200 20554 "-" "Java/1.7.0_05"
81.44.83.209 - - [08/Apr/2013:04:59:09 +0200] "GET /hirek/130307.htm HTTP/1.1" 200 12189 "-" "Java/1.7.0_05"
81.44.83.209 - - [08/Apr/2013:04:59:09 +0200] "GET /hirek/1303071.htm HTTP/1.1" 200 8749 "-" "Java/1.7.0_05"
81.44.83.209 - - [08/Apr/2013:04:59:09 +0200] "GET /hirek/1303072.htm HTTP/1.1" 200 9111 "-" "Java/1.7.0_05"
81.44.83.209 - - [08/Apr/2013:04:59:09 +0200] "GET /hirek/130312.htm HTTP/1.1" 200 9645 "-" "Java/1.7.0_05"
81.44.83.209 - - [08/Apr/2013:04:59:10 +0200] "GET /hirek/1303122.htm HTTP/1.1" 200 7547 "-" "Java/1.7.0_05"
180.76.5.154 - - [08/Apr/2013:05:23:50 +0200] "GET /fiok/program_reszek/lovaglas.htm HTTP/1.1" 200 21486 "-" "Mozilla/5.0 (compatible; Baiduspider/2.0; +http://www.baidu.com/search/spider.html)"
66.249.78.60 - - [08/Apr/2013:05:49:37 +0200] "GET /jog/eseteink/audi/audi_gyor_restoration_measures15-.pdf HTTP/1.1" 304 - "-" "Mozilla/5.0 (compatible; Googlebot/2.1; +http://www.google.com/bot.html)"
66.249.78.60 - - [08/Apr/2013:06:49:53 +0200] "GET /hirek/hirek090428.htm HTTP/1.1" 304 - "-" "Mozilla/5.0 (compatible; Googlebot/2.1; +http://www.google.com/bot.html)"
66.249.78.60 - - [08/Apr/2013:06:53:20 +0200] "GET /jog/eseteink/korosladany/panasz_rendorsegi_hatarozat_ellen.pdf HTTP/1.1" 304 - "-" "Mozilla/5.0 (iPhone; U; CPU iPhone OS 4_1 like Mac OS X; en-us) AppleWebKit/532.9 (KHTML, like Gecko) Version/4.0.5 Mobile/8B117 Safari/6531.22.7 (compatible; Googlebot-Mobile/2.1; +http://www.google.com/bot.html)"
66.249.78.60 - - [08/Apr/2013:07:08:17 +0200] "GET /jog/eseteink/dakar/dakar_0804_kdvktvf_engedely.pdf HTTP/1.1" 200 7453005 "-" "Mozilla/5.0 (iPhone; U; CPU iPhone OS 4_1 like Mac OS X; en-us) AppleWebKit/532.9 (KHTML, like Gecko) Version/4.0.5 Mobile/8B117 Safari/6531.22.7 (compatible; Googlebot-Mobile/2.1; +http://www.google.com/bot.html)"
199.30.16.8 - - [08/Apr/2013:07:26:49 +0200] "GET /robots.txt HTTP/1.1" 404 1181 "-" "msnbot-media/1.1 (+http://search.msn.com/msnbot.htm)"
199.30.16.8 - - [08/Apr/2013:07:26:50 +0200] "GET /jog/img/file_doc.png HTTP/1.1" 200 598 "-" "msnbot-media/1.1 (+http://search.msn.com/msnbot.htm)"
66.249.78.60 - - [08/Apr/2013:07:39:48 +0200] "GET /khb.htm HTTP/1.1" 304 - "-" "Mozilla/5.0 (compatible; Googlebot/2.1; +http://www.google.com/bot.html)"
199.83.90.27 - - [08/Apr/2013:08:06:04 +0200] "GET /fiok/+%28%22powered+by+%22%29+ACCEPTED HTTP/1.0" 404 1181 "http://www.beklen.hu/fiok/+%28%22powered+by+%22%29+ACCEPTED" "Mozilla/5.0 (Windows NT 6.1; WOW64) AppleWebKit/537.4 (KHTML, like Gecko) Chrome/22.0.1229.96 Safari/537.4"
199.83.90.27 - - [08/Apr/2013:08:06:06 +0200] "GET / HTTP/1.0" 200 42122 "http://www.beklen.hu/" "Mozilla/5.0 (Windows NT 6.1; WOW64) AppleWebKit/537.4 (KHTML, like Gecko) Chrome/22.0.1229.96 Safari/537.4"
66.249.78.11 - - [08/Apr/2013:08:07:42 +0200] "GET /robots.txt HTTP/1.1" 404 1181 "-" "Mozilla/5.0 (compatible; Googlebot/2.1; +http://www.google.com/bot.html)"
66.249.78.11 - - [08/Apr/2013:08:07:42 +0200] "GET / HTTP/1.1" 200 42122 "-" "Mozilla/5.0 (compatible; Googlebot/2.1; +http://www.google.com/bot.html)"
66.249.73.108 - - [08/Apr/2013:08:20:19 +0200] "GET /fiok/ HTTP/1.1" 200 20554 "-" "DoCoMo/2.0 N905i(c100;TB;W24H16) (compatible; Googlebot-Mobile/2.1; +http://www.google.com/bot.html)"
208.115.113.84 - - [08/Apr/2013:08:26:00 +0200] "GET /robots.txt HTTP/1.1" 404 1181 "-" "Mozilla/5.0 (compatible; Ezooms/1.0; ezooms.bot@gmail.com)"
66.249.78.60 - - [08/Apr/2013:08:50:18 +0200] "GET /hirek/hirek100810.htm HTTP/1.1" 200 8123 "-" "SAMSUNG-SGH-E250/1.0 Profile/MIDP-2.0 Configuration/CLDC-1.1 UP.Browser/6.2.3.3.c.1.101 (GUI) MMP/2.0 (compatible; Googlebot-Mobile/2.1; +http://www.google.com/bot.html)"
130.83.167.153 - - [08/Apr/2013:08:54:34 +0200] "GET /hirek/hirek101025.htm HTTP/1.1" 200 8786 "-" "findlinks/2.6 (+http://wortschatz.uni-leipzig.de/findlinks/)"
66.249.73.108 - - [08/Apr/2013:09:04:59 +0200] "GET /fiok/program_reszek/madarmegfigyeles.htm HTTP/1.1" 304 - "-" "Mozilla/5.0 (iPhone; U; CPU iPhone OS 4_1 like Mac OS X; en-us) AppleWebKit/532.9 (KHTML, like Gecko) Version/4.0.5 Mobile/8B117 Safari/6531.22.7 (compatible; Googlebot-Mobile/2.1; +http://www.google.com/bot.html)"
66.249.73.108 - - [08/Apr/2013:09:10:17 +0200] "GET /jog/eseteink/derekegyhaza/lev_nimfea_36868.pdf HTTP/1.1" 200 144038 "-" "Mozilla/5.0 (compatible; Googlebot/2.1; +http://www.google.com/bot.html)"
66.249.78.60 - - [08/Apr/2013:09:25:21 +0200] "GET /jog/eseteink/korosladany/vegzes_dalerd_birsag.pdf HTTP/1.1" 200 1941609 "-" "Mozilla/5.0 (compatible; Googlebot/2.1; +http://www.google.com/bot.html)"
66.249.78.60 - - [08/Apr/2013:10:08:50 +0200] "GET /hirek/hirek101025.htm HTTP/1.1" 304 - "-" "Mozilla/5.0 (iPhone; U; CPU iPhone OS 4_1 like Mac OS X; en-us) AppleWebKit/532.9 (KHTML, like Gecko) Version/4.0.5 Mobile/8B117 Safari/6531.22.7 (compatible; Googlebot-Mobile/2.1; +http://www.google.com/bot.html)"
208.115.113.84 - - [08/Apr/2013:10:17:15 +0200] "GET /hirek/1303202.htm HTTP/1.1" 200 13230 "-" "Mozilla/5.0 (compatible; Ezooms/1.0; ezooms.bot@gmail.com)"
66.249.78.60 - - [08/Apr/2013:10:39:59 +0200] "GET /jog/eseteink/dakar/dakar_dabas_ugyeszseg_hatarozat.pdf HTTP/1.1" 200 2672939 "-" "Mozilla/5.0 (iPhone; U; CPU iPhone OS 4_1 like Mac OS X; en-us) AppleWebKit/532.9 (KHTML, like Gecko) Version/4.0.5 Mobile/8B117 Safari/6531.22.7 (compatible; Googlebot-Mobile/2.1; +http://www.google.com/bot.html)"
84.206.9.181 - - [08/Apr/2013:11:07:54 +0200] "GET /jog/eseteink/derekegyhaza/index.htm HTTP/1.1" 200 34210 "http://www.google.hu/url?sa=t&rct=j&q=&esrc=s&source=web&cd=25&ved=0CEoQFjAEOBQ&url=http%3A%2F%2Fwww.beklen.hu%2Fjog%2Feseteink%2Fderekegyhaza%2Findex.htm&ei=2ohiUePlBMPHtQa66IDAAQ&usg=AFQjCNErFXeah-vVflY-9rE9_dfaQVYeSg&sig2=PJWSenu5lkdvxGx3afrHdQ&bvm=bv.44770516,d.Yms" "Mozilla/5.0 (Windows NT 6.1; WOW64; rv:19.0) Gecko/20100101 Firefox/19.0"
84.206.9.181 - - [08/Apr/2013:11:07:54 +0200] "GET /jog/style.css HTTP/1.1" 200 21413 "http://www.beklen.hu/jog/eseteink/derekegyhaza/index.htm" "Mozilla/5.0 (Windows NT 6.1; WOW64; rv:19.0) Gecko/20100101 Firefox/19.0"
84.206.9.181 - - [08/Apr/2013:11:07:54 +0200] "GET /jog/script.js HTTP/1.1" 200 5674 "http://www.beklen.hu/jog/eseteink/derekegyhaza/index.htm" "Mozilla/5.0 (Windows NT 6.1; WOW64; rv:19.0) Gecko/20100101 Firefox/19.0"
84.206.9.181 - - [08/Apr/2013:11:07:54 +0200] "GET /jog/eseteink/derekegyhaza/37-433.jpg HTTP/1.1" 200 3573 "http://www.beklen.hu/jog/eseteink/derekegyhaza/index.htm" "Mozilla/5.0 (Windows NT 6.1; WOW64; rv:19.0) Gecko/20100101 Firefox/19.0"
84.206.9.181 - - [08/Apr/2013:11:07:54 +0200] "GET /jog/lb/js/lightbox.js HTTP/1.1" 200 23431 "http://www.beklen.hu/jog/eseteink/derekegyhaza/index.htm" "Mozilla/5.0 (Windows NT 6.1; WOW64; rv:19.0) Gecko/20100101 Firefox/19.0"
84.206.9.181 - - [08/Apr/2013:11:07:54 +0200] "GET /jog/lb/js/scriptaculous.js?load=effects HTTP/1.1" 200 2152 "http://www.beklen.hu/jog/eseteink/derekegyhaza/index.htm" "Mozilla/5.0 (Windows NT 6.1; WOW64; rv:19.0) Gecko/20100101 Firefox/19.0"
84.206.9.181 - - [08/Apr/2013:11:07:54 +0200] "GET /jog/lb/css/lightbox.css HTTP/1.1" 200 1715 "http://www.beklen.hu/jog/eseteink/derekegyhaza/index.htm" "Mozilla/5.0 (Windows NT 6.1; WOW64; rv:19.0) Gecko/20100101 Firefox/19.0"
84.206.9.181 - - [08/Apr/2013:11:07:54 +0200] "GET /jog/favicon.ico HTTP/1.1" 200 1150 "-" "Mozilla/5.0 (Windows NT 6.1; WOW64; rv:19.0) Gecko/20100101 Firefox/19.0"
84.206.9.181 - - [08/Apr/2013:11:07:54 +0200] "GET /jog/lb/js/prototype.js HTTP/1.1" 200 47603 "http://www.beklen.hu/jog/eseteink/derekegyhaza/index.htm" "Mozilla/5.0 (Windows NT 6.1; WOW64; rv:19.0) Gecko/20100101 Firefox/19.0"
84.206.9.181 - - [08/Apr/2013:11:07:54 +0200] "GET /jog/img/file_jpg.png HTTP/1.1" 200 607 "http://www.beklen.hu/jog/eseteink/derekegyhaza/index.htm" "Mozilla/5.0 (Windows NT 6.1; WOW64; rv:19.0) Gecko/20100101 Firefox/19.0"
84.206.9.181 - - [08/Apr/2013:11:07:54 +0200] "GET /jog/eseteink/derekegyhaza/kepek/37-431__.jpg HTTP/1.1" 200 4706 "http://www.beklen.hu/jog/eseteink/derekegyhaza/index.htm" "Mozilla/5.0 (Windows NT 6.1; WOW64; rv:19.0) Gecko/20100101 Firefox/19.0"
84.206.9.181 - - [08/Apr/2013:11:07:54 +0200] "GET /jog/eseteink/derekegyhaza/kepek/37-431_o_2005__.jpg HTTP/1.1" 200 5766 "http://www.beklen.hu/jog/eseteink/derekegyhaza/index.htm" "Mozilla/5.0 (Windows NT 6.1; WOW64; rv:19.0) Gecko/20100101 Firefox/19.0"
84.206.9.181 - - [08/Apr/2013:11:07:54 +0200] "GET /jog/eseteink/derekegyhaza/kepek/37-433_o_2005__.jpg HTTP/1.1" 200 5388 "http://www.beklen.hu/jog/eseteink/derekegyhaza/index.htm" "Mozilla/5.0 (Windows NT 6.1; WOW64; rv:19.0) Gecko/20100101 Firefox/19.0"
84.206.9.181 - - [08/Apr/2013:11:07:54 +0200] "GET /jog/eseteink/derekegyhaza/kepek/37-433__.jpg HTTP/1.1" 200 4596 "http://www.beklen.hu/jog/eseteink/derekegyhaza/index.htm" "Mozilla/5.0 (Windows NT 6.1; WOW64; rv:19.0) Gecko/20100101 Firefox/19.0"
84.206.9.181 - - [08/Apr/2013:11:07:54 +0200] "GET /jog/eseteink/derekegyhaza/kepek/dalerd__.jpg HTTP/1.1" 200 6281 "http://www.beklen.hu/jog/eseteink/derekegyhaza/index.htm" "Mozilla/5.0 (Windows NT 6.1; WOW64; rv:19.0) Gecko/20100101 Firefox/19.0"
84.206.9.181 - - [08/Apr/2013:11:07:54 +0200] "GET /jog/img/file_pdf.png HTTP/1.1" 200 581 "http://www.beklen.hu/jog/eseteink/derekegyhaza/index.htm" "Mozilla/5.0 (Windows NT 6.1; WOW64; rv:19.0) Gecko/20100101 Firefox/19.0"
84.206.9.181 - - [08/Apr/2013:11:07:54 +0200] "GET /jog/eseteink/derekegyhaza/kepek/vadaskert-szakhat_.jpg HTTP/1.1" 200 8903 "http://www.beklen.hu/jog/eseteink/derekegyhaza/index.htm" "Mozilla/5.0 (Windows NT 6.1; WOW64; rv:19.0) Gecko/20100101 Firefox/19.0"
84.206.9.181 - - [08/Apr/2013:11:07:54 +0200] "GET /jog/jquery.js HTTP/1.1" 200 72174 "http://www.beklen.hu/jog/eseteink/derekegyhaza/index.htm" "Mozilla/5.0 (Windows NT 6.1; WOW64; rv:19.0) Gecko/20100101 Firefox/19.0"
84.206.9.181 - - [08/Apr/2013:11:07:54 +0200] "GET /jog/lb/js/effects.js HTTP/1.1" 200 31969 "http://www.beklen.hu/jog/eseteink/derekegyhaza/index.htm" "Mozilla/5.0 (Windows NT 6.1; WOW64; rv:19.0) Gecko/20100101 Firefox/19.0"
84.206.9.181 - - [08/Apr/2013:11:07:54 +0200] "GET /jog/images/nav.png HTTP/1.1" 200 10482 "http://www.beklen.hu/jog/style.css" "Mozilla/5.0 (Windows NT 6.1; WOW64; rv:19.0) Gecko/20100101 Firefox/19.0"
84.206.9.181 - - [08/Apr/2013:11:07:54 +0200] "GET /jog/images/menuitem.png HTTP/1.1" 200 20398 "http://www.beklen.hu/jog/style.css" "Mozilla/5.0 (Windows NT 6.1; WOW64; rv:19.0) Gecko/20100101 Firefox/19.0"
84.206.9.181 - - [08/Apr/2013:11:07:54 +0200] "GET /jog/images/subitem.png HTTP/1.1" 200 81 "http://www.beklen.hu/jog/style.css" "Mozilla/5.0 (Windows NT 6.1; WOW64; rv:19.0) Gecko/20100101 Firefox/19.0"
84.206.9.181 - - [08/Apr/2013:11:07:54 +0200] "GET /jog/images/spacer.gif HTTP/1.1" 200 43 "http://www.beklen.hu/jog/style.css" "Mozilla/5.0 (Windows NT 6.1; WOW64; rv:19.0) Gecko/20100101 Firefox/19.0"
84.206.9.181 - - [08/Apr/2013:11:07:54 +0200] "GET /jog/images/post_s.png HTTP/1.1" 200 466 "http://www.beklen.hu/jog/style.css" "Mozilla/5.0 (Windows NT 6.1; WOW64; rv:19.0) Gecko/20100101 Firefox/19.0"
84.206.9.181 - - [08/Apr/2013:11:07:54 +0200] "GET /jog/images/Bottom_texture.jpg HTTP/1.1" 200 193775 "http://www.beklen.hu/jog/style.css" "Mozilla/5.0 (Windows NT 6.1; WOW64; rv:19.0) Gecko/20100101 Firefox/19.0"
84.206.9.181 - - [08/Apr/2013:11:07:54 +0200] "GET /jog/images/post_v.png HTTP/1.1" 200 310 "http://www.beklen.hu/jog/style.css" "Mozilla/5.0 (Windows NT 6.1; WOW64; rv:19.0) Gecko/20100101 Firefox/19.0"
84.206.9.181 - - [08/Apr/2013:11:07:54 +0200] "GET /jog/images/header.png HTTP/1.1" 200 170837 "http://www.beklen.hu/jog/style.css" "Mozilla/5.0 (Windows NT 6.1; WOW64; rv:19.0) Gecko/20100101 Firefox/19.0"
84.206.9.181 - - [08/Apr/2013:11:07:54 +0200] "GET /jog/images/post_h.png HTTP/1.1" 200 292 "http://www.beklen.hu/jog/style.css" "Mozilla/5.0 (Windows NT 6.1; WOW64; rv:19.0) Gecko/20100101 Firefox/19.0"
84.206.9.181 - - [08/Apr/2013:11:07:54 +0200] "GET /jog/images/post_c.png HTTP/1.1" 200 204 "http://www.beklen.hu/jog/style.css" "Mozilla/5.0 (Windows NT 6.1; WOW64; rv:19.0) Gecko/20100101 Firefox/19.0"
66.249.78.60 - - [08/Apr/2013:11:27:33 +0200] "GET /jog/eseteink/autopalya/index.htm HTTP/1.1" 200 11311 "-" "Mozilla/5.0 (compatible; Googlebot/2.1; +http://www.google.com/bot.html)"
199.30.20.20 - - [08/Apr/2013:13:03:32 +0200] "GET /robots.txt HTTP/1.1" 404 1181 "-" "msnbot-media/1.1 (+http://search.msn.com/msnbot.htm)"
199.30.20.20 - - [08/Apr/2013:13:03:32 +0200] "GET /tm04.jpg HTTP/1.1" 200 2613 "-" "msnbot-media/1.1 (+http://search.msn.com/msnbot.htm)"
66.249.75.200 - - [08/Apr/2013:13:10:23 +0200] "GET /robots.txt HTTP/1.1" 404 1181 "-" "Mozilla/5.0 (compatible; Googlebot/2.1; +http://www.google.com/bot.html)"
66.249.75.200 - - [08/Apr/2013:13:10:23 +0200] "GET /hirek/hirek091103.htm HTTP/1.1" 304 - "-" "Mozilla/5.0 (iPhone; U; CPU iPhone OS 4_1 like Mac OS X; en-us) AppleWebKit/532.9 (KHTML, like Gecko) Version/4.0.5 Mobile/8B117 Safari/6531.22.7 (compatible; Googlebot-Mobile/2.1; +http://www.google.com/bot.html)"
89.223.153.252 - - [08/Apr/2013:13:30:55 +0200] "GET /jog/eseteink/derekegyhaza/kepek/vadaskert-szakhat.jpg HTTP/1.1" 200 140997 "-" "Mozilla/5.0 (Windows NT 6.1; rv:19.0) Gecko/20100101 Firefox/19.0"
66.249.75.200 - - [08/Apr/2013:13:55:07 +0200] "GET /jog/eseteink/dakar/dakar_dabas_ugyeszseg_valasz.pdf HTTP/1.1" 200 8391282 "-" "Mozilla/5.0 (iPhone; U; CPU iPhone OS 4_1 like Mac OS X; en-us) AppleWebKit/532.9 (KHTML, like Gecko) Version/4.0.5 Mobile/8B117 Safari/6531.22.7 (compatible; Googlebot-Mobile/2.1; +http://www.google.com/bot.html)"
66.249.75.200 - - [08/Apr/2013:14:12:50 +0200] "GET /bunt.htm HTTP/1.1" 304 - "-" "Mozilla/5.0 (iPhone; U; CPU iPhone OS 4_1 like Mac OS X; en-us) AppleWebKit/532.9 (KHTML, like Gecko) Version/4.0.5 Mobile/8B117 Safari/6531.22.7 (compatible; Googlebot-Mobile/2.1; +http://www.google.com/bot.html)"
208.115.111.68 - - [08/Apr/2013:14:15:54 +0200] "GET /robots.txt HTTP/1.1" 404 1181 "-" "Mozilla/5.0 (compatible; Ezooms/1.0; ezooms.bot@gmail.com)"
173.192.235.226 - - [08/Apr/2013:14:34:42 +0200] "GET /robots.txt HTTP/1.1" 404 1181 "-" "Mozilla/5.0 (compatible; SiteExplorer/1.0b; +http://siteexplorer.info/)"
173.192.235.226 - - [08/Apr/2013:14:34:44 +0200] "GET /fiok/ HTTP/1.1" 200 20554 "-" "Mozilla/5.0 (compatible; SiteExplorer/1.0b; +http://siteexplorer.info/)"
66.249.75.200 - - [08/Apr/2013:15:25:47 +0200] "GET /fiok/program_reszek/csaladbarat.htm HTTP/1.1" 304 - "-" "Mozilla/5.0 (iPhone; U; CPU iPhone OS 4_1 like Mac OS X; en-us) AppleWebKit/532.9 (KHTML, like Gecko) Version/4.0.5 Mobile/8B117 Safari/6531.22.7 (compatible; Googlebot-Mobile/2.1; +http://www.google.com/bot.html)"
66.249.75.200 - - [08/Apr/2013:16:10:42 +0200] "GET /hirek/hirek100810.htm HTTP/1.1" 304 - "-" "Mozilla/5.0 (iPhone; U; CPU iPhone OS 4_1 like Mac OS X; en-us) AppleWebKit/532.9 (KHTML, like Gecko) Version/4.0.5 Mobile/8B117 Safari/6531.22.7 (compatible; Googlebot-Mobile/2.1; +http://www.google.com/bot.html)"
208.115.111.68 - - [08/Apr/2013:16:43:00 +0200] "GET /jog/eseteink.htm HTTP/1.1" 200 17277 "-" "Mozilla/5.0 (compatible; Ezooms/1.0; ezooms.bot@gmail.com)"
66.249.75.200 - - [08/Apr/2013:17:19:36 +0200] "GET /jog/eseteink/dakar/kdtktvf_dakar_fellebbezes.pdf HTTP/1.1" 200 150345 "-" "Mozilla/5.0 (iPhone; U; CPU iPhone OS 4_1 like Mac OS X; en-us) AppleWebKit/532.9 (KHTML, like Gecko) Version/4.0.5 Mobile/8B117 Safari/6531.22.7 (compatible; Googlebot-Mobile/2.1; +http://www.google.com/bot.html)"
66.249.75.200 - - [08/Apr/2013:17:27:57 +0200] "GET /hirek/130319.htm HTTP/1.1" 200 12949 "-" "DoCoMo/2.0 N905i(c100;TB;W24H16) (compatible; Googlebot-Mobile/2.1; +http://www.google.com/bot.html)"
139.18.2.209 - - [08/Apr/2013:17:44:35 +0200] "GET /hirek/hirek101213.htm HTTP/1.1" 200 8671 "-" "findlinks/2.6 (+http://wortschatz.uni-leipzig.de/findlinks/)"
130.83.167.153 - - [08/Apr/2013:17:57:32 +0200] "GET /fiok/program_reszek/news.html HTTP/1.1" 404 1181 "-" "findlinks/2.6 (+http://wortschatz.uni-leipzig.de/findlinks/)"
208.115.111.68 - - [08/Apr/2013:18:15:19 +0200] "GET /robots.txt HTTP/1.1" 404 1181 "-" "Mozilla/5.0 (compatible; Ezooms/1.0; ezooms.bot@gmail.com)"
66.249.75.200 - - [08/Apr/2013:18:42:16 +0200] "GET /jog/jogihatter.htm HTTP/1.1" 304 - "-" "Mozilla/5.0 (iPhone; U; CPU iPhone OS 4_1 like Mac OS X; en-us) AppleWebKit/532.9 (KHTML, like Gecko) Version/4.0.5 Mobile/8B117 Safari/6531.22.7 (compatible; Googlebot-Mobile/2.1; +http://www.google.com/bot.html)"
180.76.5.169 - - [08/Apr/2013:22:54:34 +0200] "GET /fiok/program_reszek/turazas.htm HTTP/1.1" 200 22754 "-" "Mozilla/5.0 (compatible; Baiduspider/2.0; +http://www.baidu.com/search/spider.html)"
180.76.5.21 - - [09/Apr/2013:20:24:12 +0200] "GET /fiok/program_reszek/erdei_iskola.htm HTTP/1.1" 200 21601 "-" "Mozilla/5.0 (compatible; Baiduspider/2.0; +http://www.baidu.com/search/spider.html)"
180.76.5.93 - - [10/Apr/2013:03:02:15 +0200] "GET /robots.txt HTTP/1.1" 404 1181 "-" "Mozilla/5.0 (Windows NT 5.1; rv:6.0.2) Gecko/20100101 Firefox/6.0.2"
54.224.158.54 - - [10/Apr/2013:11:24:40 +0200] "GET / HTTP/1.0" 200 42122 "-" "Mozilla/5.0 (compatible; NetcraftSurveyAgent/1.0; +info@netcraft.com)"
180.76.5.59 - - [10/Apr/2013:13:01:36 +0200] "GET /jog/eseteink/derekegyhaza/biroi_vegzes.pdf HTTP/1.1" 200 772975 "-" "Mozilla/5.0 (Windows NT 5.1; rv:6.0.2) Gecko/20100101 Firefox/6.0.2"
180.76.6.28 - - [11/Apr/2013:09:42:37 +0200] "GET /fiok/program_reszek/turazas.htm HTTP/1.1" 200 22754 "-" "Mozilla/5.0 (compatible; Baiduspider/2.0; +http://www.baidu.com/search/spider.html)"
65.55.24.233 - - [11/Apr/2013:11:32:10 +0200] "GET /robots.txt HTTP/1.1" 404 1181 "-" "Mozilla/5.0 (compatible; bingbot/2.0; +http://www.bing.com/bingbot.htm)"
65.55.24.233 - - [11/Apr/2013:11:34:51 +0200] "GET /jog/eseteink/dakar/dakar_ugyeszseg_lp.pdf HTTP/1.1" 200 218784 "-" "Mozilla/5.0 (compatible; bingbot/2.0; +http://www.bing.com/bingbot.htm)"
77.88.42.27 - - [11/Apr/2013:12:14:58 +0200] "GET /robots.txt HTTP/1.1" 404 1181 "-" "Mozilla/5.0 (compatible; YandexBot/3.0; +http://yandex.com/bots)"
77.88.42.27 - - [11/Apr/2013:12:15:00 +0200] "GET /jog/jogsegely.htm HTTP/1.1" 304 - "-" "Mozilla/5.0 (compatible; YandexBot/3.0; +http://yandex.com/bots)"
157.55.33.49 - - [11/Apr/2013:12:18:09 +0200] "GET /jog/pub/rally_kiadvany_mtvsz.pdf HTTP/1.1" 200 630857 "-" "Mozilla/5.0 (compatible; bingbot/2.0; +http://www.bing.com/bingbot.htm)"
77.88.42.27 - - [11/Apr/2013:12:18:55 +0200] "GET /jog/jogihatter.htm HTTP/1.1" 304 - "-" "Mozilla/5.0 (compatible; YandexBot/3.0; +http://yandex.com/bots)"
157.56.93.154 - - [11/Apr/2013:13:00:06 +0200] "GET /jog/pub/fuzet_beliv_jav2.pdf HTTP/1.1" 200 775632 "-" "Mozilla/5.0 (compatible; bingbot/2.0; +http://www.bing.com/bingbot.htm)"
130.83.167.153 - - [11/Apr/2013:13:05:12 +0200] "GET /robots.txt HTTP/1.1" 404 1181 "-" "findlinks/2.6 (+http://wortschatz.uni-leipzig.de/findlinks/)"
194.38.111.41 - - [11/Apr/2013:13:29:08 +0200] "GET /jog/eseteink/malom/fotok/img_3057_.jpg HTTP/1.1" 200 6339 "-" "Mozilla/5.0 (Windows NT 6.1; WOW64) AppleWebKit/537.31 (KHTML, like Gecko) Chrome/26.0.1410.64 Safari/537.31"
194.38.111.41 - - [11/Apr/2013:13:29:11 +0200] "GET /jog/eseteink/malom/fotok/img_3065.jpg HTTP/1.1" 200 32971 "-" "Mozilla/5.0 (Windows NT 6.1; WOW64) AppleWebKit/537.31 (KHTML, like Gecko) Chrome/26.0.1410.64 Safari/537.31"
194.38.111.41 - - [11/Apr/2013:13:29:15 +0200] "GET /jog/eseteink/malom/fotok/img_3064.jpg HTTP/1.1" 200 36077 "-" "Mozilla/5.0 (Windows NT 6.1; WOW64) AppleWebKit/537.31 (KHTML, like Gecko) Chrome/26.0.1410.64 Safari/537.31"
194.38.111.41 - - [11/Apr/2013:13:29:18 +0200] "GET /favicon.ico HTTP/1.1" 404 1181 "-" "Mozilla/5.0 (Windows NT 6.1; WOW64) AppleWebKit/537.31 (KHTML, like Gecko) Chrome/26.0.1410.64 Safari/537.31"
77.88.42.27 - - [11/Apr/2013:13:55:44 +0200] "GET /jog/tippek.htm HTTP/1.1" 304 - "-" "Mozilla/5.0 (compatible; YandexBot/3.0; +http://yandex.com/bots)"
157.56.229.186 - - [11/Apr/2013:16:09:38 +0200] "GET /robots.txt HTTP/1.1" 404 1181 "-" "Mozilla/5.0 (compatible; bingbot/2.0; +http://www.bing.com/bingbot.htm)"
157.56.229.186 - - [11/Apr/2013:16:11:16 +0200] "GET /programok.htm HTTP/1.1" 200 6444 "-" "Mozilla/5.0 (compatible; bingbot/2.0; +http://www.bing.com/bingbot.htm)"
157.55.33.17 - - [11/Apr/2013:16:11:47 +0200] "GET /hirarchivum.htm HTTP/1.1" 200 24981 "-" "Mozilla/5.0 (compatible; bingbot/2.0; +http://www.bing.com/bingbot.htm)"
157.56.92.159 - - [11/Apr/2013:16:12:11 +0200] "GET /index.htm HTTP/1.1" 200 42122 "-" "Mozilla/5.0 (compatible; bingbot/2.0; +http://www.bing.com/bingbot.htm)"
65.55.24.233 - - [11/Apr/2013:16:14:49 +0200] "GET / HTTP/1.1" 200 42122 "-" "Mozilla/5.0 (compatible; bingbot/2.0; +http://www.bing.com/bingbot.htm)"
65.55.24.233 - - [11/Apr/2013:16:14:56 +0200] "GET /magunkrol.htm HTTP/1.1" 200 9161 "-" "Mozilla/5.0 (compatible; bingbot/2.0; +http://www.bing.com/bingbot.htm)"
208.115.113.84 - - [11/Apr/2013:16:24:29 +0200] "GET /robots.txt HTTP/1.1" 404 1181 "-" "Mozilla/5.0 (compatible; Ezooms/1.0; ezooms.bot@gmail.com)"
77.88.42.27 - - [11/Apr/2013:16:51:54 +0200] "GET /jog/slapp.htm HTTP/1.1" 304 - "-" "Mozilla/5.0 (compatible; YandexBot/3.0; +http://yandex.com/bots)"
123.125.71.116 - - [11/Apr/2013:17:47:36 +0200] "GET /robots.txt HTTP/1.1" 404 1181 "-" "Mozilla/5.0 (Windows NT 5.1; rv:6.0.2) Gecko/20100101 Firefox/6.0.2"
66.249.78.11 - - [11/Apr/2013:18:14:46 +0200] "GET /robots.txt HTTP/1.1" 404 1181 "-" "Mozilla/5.0 (compatible; Googlebot/2.1; +http://www.google.com/bot.html)"
66.249.78.11 - - [11/Apr/2013:18:14:47 +0200] "GET /ujhcksfy.html HTTP/1.1" 404 1181 "-" "Mozilla/5.0 (compatible; Googlebot/2.1; +http://www.google.com/bot.html)"
208.115.113.84 - - [11/Apr/2013:18:19:27 +0200] "GET /jog/slapp.htm HTTP/1.1" 200 21314 "-" "Mozilla/5.0 (compatible; Ezooms/1.0; ezooms.bot@gmail.com)"
95.211.139.1 - - [11/Apr/2013:18:25:52 +0200] "GET /robots.txt HTTP/1.0" 404 1181 "-" "Mozilla/5.0 (compatible; AcoonBot/4.11.1; +http://www.acoon.de/robot.asp)"
95.211.139.1 - - [11/Apr/2013:18:25:53 +0200] "GET /fiok/ HTTP/1.0" 200 20554 "-" "Mozilla/5.0 (compatible; AcoonBot/4.11.1; +http://www.acoon.de/robot.asp)"
66.249.78.60 - - [11/Apr/2013:18:29:13 +0200] "GET /robots.txt HTTP/1.1" 404 1181 "-" "Mozilla/5.0 (compatible; Googlebot/2.1; +http://www.google.com/bot.html)"
66.249.78.60 - - [11/Apr/2013:18:29:13 +0200] "GET /jog/eljaraskezd.htm HTTP/1.1" 200 13730 "-" "Mozilla/5.0 (compatible; Googlebot/2.1; +http://www.google.com/bot.html)"
66.249.78.60 - - [11/Apr/2013:18:43:58 +0200] "GET /hirek/hirek100225.htm HTTP/1.1" 200 7288 "-" "Mozilla/5.0 (compatible; Googlebot/2.1; +http://www.google.com/bot.html)"
66.249.78.60 - - [11/Apr/2013:18:52:41 +0200] "GET /images/kvvm_logo.jpg HTTP/1.1" 200 4763 "http://www.beklen.hu/hirek/hirek100225.htm" "Mozilla/5.0 (compatible; Googlebot/2.1; +http://www.google.com/bot.html)"
66.249.78.60 - - [11/Apr/2013:18:52:42 +0200] "GET /images/norway_grants_.jpg HTTP/1.1" 200 4440 "http://www.beklen.hu/hirek/hirek100225.htm" "Mozilla/5.0 (compatible; Googlebot/2.1; +http://www.google.com/bot.html)"
66.249.78.60 - - [11/Apr/2013:18:52:44 +0200] "GET /images/72_nfu.jpg HTTP/1.1" 200 603912 "http://www.beklen.hu/hirek/hirek100225.htm" "Mozilla/5.0 (compatible; Googlebot/2.1; +http://www.google.com/bot.html)"
66.249.78.60 - - [11/Apr/2013:18:52:44 +0200] "GET /images/eea_logo_.jpg HTTP/1.1" 200 32098 "http://www.beklen.hu/hirek/hirek100225.htm" "Mozilla/5.0 (compatible; Googlebot/2.1; +http://www.google.com/bot.html)"
66.249.78.60 - - [11/Apr/2013:19:09:45 +0200] "GET /jog/eljaraskezd.htm HTTP/1.1" 304 - "-" "Mozilla/5.0 (iPhone; U; CPU iPhone OS 4_1 like Mac OS X; en-us) AppleWebKit/532.9 (KHTML, like Gecko) Version/4.0.5 Mobile/8B117 Safari/6531.22.7 (compatible; Googlebot-Mobile/2.1; +http://www.google.com/bot.html)"
66.249.78.11 - - [11/Apr/2013:19:10:25 +0200] "GET /jog/eseteink/derekegyhaza/csongrad_biro_beavatkozas_hianya.doc.pdf HTTP/1.1" 200 139409 "-" "Mozilla/5.0 (compatible; Googlebot/2.1; +http://www.google.com/bot.html)"
66.249.78.11 - - [11/Apr/2013:19:10:30 +0200] "GET /fiok/program_reszek/erdei_iskola.htm HTTP/1.1" 200 21601 "-" "Mozilla/5.0 (compatible; Googlebot/2.1; +http://www.google.com/bot.html)"
66.249.78.11 - - [11/Apr/2013:19:10:36 +0200] "GET /jog/eseteink/autopalya/m85-itelet.pdf HTTP/1.1" 200 711298 "-" "Mozilla/5.0 (compatible; Googlebot/2.1; +http://www.google.com/bot.html)"
66.249.78.11 - - [11/Apr/2013:19:10:44 +0200] "GET /jog/eseteink/poroszlo/poroszlo-onkormnyzat.pdf HTTP/1.1" 200 142360 "-" "Mozilla/5.0 (compatible; Googlebot/2.1; +http://www.google.com/bot.html)"
66.249.78.11 - - [11/Apr/2013:19:10:50 +0200] "GET /jog/eseteink/poroszlo/poroszlo-zoldhatosag.pdf HTTP/1.1" 200 107018 "-" "Mozilla/5.0 (compatible; Googlebot/2.1; +http://www.google.com/bot.html)"
66.249.75.101 - - [11/Apr/2013:19:11:10 +0200] "GET /nca11.htm HTTP/1.1" 200 7133 "-" "Mozilla/5.0 (compatible; Googlebot/2.1; +http://www.google.com/bot.html)"
66.249.78.60 - - [11/Apr/2013:19:15:29 +0200] "GET /jog/jogihatter.htm HTTP/1.1" 200 18691 "-" "Mozilla/5.0 (compatible; Googlebot/2.1; +http://www.google.com/bot.html)"
180.76.5.58 - - [11/Apr/2013:19:27:50 +0200] "GET /fiok/kornyezet.htm HTTP/1.1" 200 22582 "-" "Mozilla/5.0 (compatible; Baiduspider/2.0; +http://www.baidu.com/search/spider.html)"
77.88.42.27 - - [11/Apr/2013:19:39:30 +0200] "GET /nca06.htm HTTP/1.1" 200 19034 "-" "Mozilla/5.0 (compatible; YandexBot/3.0; +http://yandex.com/bots)"
66.249.78.60 - - [11/Apr/2013:19:44:58 +0200] "GET /fiok/kornyezet.htm HTTP/1.1" 200 22582 "-" "Mozilla/5.0 (compatible; Googlebot/2.1; +http://www.google.com/bot.html)"
66.249.75.200 - - [11/Apr/2013:19:54:37 +0200] "GET /fiok/css/lightbox.css HTTP/1.1" 200 1715 "-" "Mozilla/5.0 (compatible; Googlebot/2.1; +http://www.google.com/bot.html)"
66.249.78.60 - - [11/Apr/2013:19:54:56 +0200] "GET /fiok/kepek/02.jpg HTTP/1.1" 200 82993 "-" "Mozilla/5.0 (compatible; Googlebot/2.1; +http://www.google.com/bot.html)"
66.249.78.60 - - [11/Apr/2013:19:55:03 +0200] "GET /fiok/kepek/03.jpg HTTP/1.1" 200 80154 "-" "Mozilla/5.0 (compatible; Googlebot/2.1; +http://www.google.com/bot.html)"
66.249.75.200 - - [11/Apr/2013:20:05:58 +0200] "GET /jog/eseteink/malom/bontasi_fellebbezes.pdf HTTP/1.1" 200 339293 "-" "Mozilla/5.0 (iPhone; U; CPU iPhone OS 4_1 like Mac OS X; en-us) AppleWebKit/532.9 (KHTML, like Gecko) Version/4.0.5 Mobile/8B117 Safari/6531.22.7 (compatible; Googlebot-Mobile/2.1; +http://www.google.com/bot.html)"
66.249.78.60 - - [11/Apr/2013:20:19:13 +0200] "GET /hirek/1303122.htm HTTP/1.1" 200 7547 "-" "Mozilla/5.0 (iPhone; U; CPU iPhone OS 4_1 like Mac OS X; en-us) AppleWebKit/532.9 (KHTML, like Gecko) Version/4.0.5 Mobile/8B117 Safari/6531.22.7 (compatible; Googlebot-Mobile/2.1; +http://www.google.com/bot.html)"
66.249.78.60 - - [11/Apr/2013:20:21:03 +0200] "GET /jog/eseteink/derekegyhaza/kereset_level_derekegyhaza_mszh_vegleges.pdf HTTP/1.1" 304 - "-" "Mozilla/5.0 (compatible; Googlebot/2.1; +http://www.google.com/bot.html)"
66.249.78.60 - - [11/Apr/2013:20:30:05 +0200] "GET /hirek/hirek090302.htm HTTP/1.1" 200 8452 "-" "Mozilla/5.0 (compatible; Googlebot/2.1; +http://www.google.com/bot.html)"
66.249.78.60 - - [11/Apr/2013:20:30:07 +0200] "GET /jog/jogszabalyok/4_2010kje.pdf HTTP/1.1" 404 1181 "-" "Mozilla/5.0 (compatible; Googlebot/2.1; +http://www.google.com/bot.html)"
66.249.78.60 - - [11/Apr/2013:20:32:21 +0200] "GET /jog/eseteink/kavicszatony/nimfea_fellebbezes_uj_eljaras.pdf HTTP/1.1" 200 240990 "-" "Mozilla/5.0 (compatible; Googlebot/2.1; +http://www.google.com/bot.html)"
66.249.78.60 - - [11/Apr/2013:20:34:47 +0200] "GET /jog/jogszabalyok/V%C3%A9dett%20fajok%202006_1_2008kieg.pdf HTTP/1.1" 404 1181 "-" "Mozilla/5.0 (compatible; Googlebot/2.1; +http://www.google.com/bot.html)"
66.249.78.60 - - [11/Apr/2013:20:37:00 +0200] "GET /hirek/1303072.htm HTTP/1.1" 200 9111 "-" "Mozilla/5.0 (compatible; Googlebot/2.1; +http://www.google.com/bot.html)"
77.88.42.27 - - [11/Apr/2013:20:42:04 +0200] "GET /hirek09_03.htm HTTP/1.1" 200 10726 "-" "Mozilla/5.0 (compatible; YandexBot/3.0; +http://yandex.com/bots)"
77.88.42.27 - - [11/Apr/2013:20:42:07 +0200] "GET /nca07.htm HTTP/1.1" 200 21968 "-" "Mozilla/5.0 (compatible; YandexBot/3.0; +http://yandex.com/bots)"
77.88.42.27 - - [11/Apr/2013:20:42:09 +0200] "GET /nca11.htm HTTP/1.1" 200 7133 "-" "Mozilla/5.0 (compatible; YandexBot/3.0; +http://yandex.com/bots)"
77.88.42.27 - - [11/Apr/2013:20:42:12 +0200] "GET /turizmusbanner_.swf HTTP/1.1" 200 160838 "-" "Mozilla/5.0 (compatible; YandexBot/3.0; +http://yandex.com/bots)"
77.88.42.27 - - [11/Apr/2013:20:42:14 +0200] "GET /nca08.htm HTTP/1.1" 200 21795 "-" "Mozilla/5.0 (compatible; YandexBot/3.0; +http://yandex.com/bots)"
77.88.42.27 - - [11/Apr/2013:20:42:17 +0200] "GET /jog/zoldombudsman.htm HTTP/1.1" 304 - "-" "Mozilla/5.0 (compatible; YandexBot/3.0; +http://yandex.com/bots)"
66.249.78.60 - - [11/Apr/2013:20:50:00 +0200] "GET /jog/jogszabalyok/2011.%20%C3%A9vi%20CXII.pdf HTTP/1.1" 404 1181 "-" "Mozilla/5.0 (compatible; Googlebot/2.1; +http://www.google.com/bot.html)"
66.249.78.60 - - [11/Apr/2013:20:59:08 +0200] "GET /jog/eseteink/kavicszatony/mura_valasz.pdf HTTP/1.1" 200 105721 "-" "Mozilla/5.0 (compatible; Googlebot/2.1; +http://www.google.com/bot.html)"
66.249.78.60 - - [11/Apr/2013:21:01:52 +0200] "GET /hirek/hirek101213.htm HTTP/1.1" 200 8671 "-" "Mozilla/5.0 (compatible; Googlebot/2.1; +http://www.google.com/bot.html)"
66.249.78.60 - - [11/Apr/2013:21:15:42 +0200] "GET /jog/jogszabalyok/polgari_perrendtartas_xx_fejezet.pdf HTTP/1.1" 404 1181 "-" "Mozilla/5.0 (compatible; Googlebot/2.1; +http://www.google.com/bot.html)"
66.249.78.60 - - [11/Apr/2013:21:16:36 +0200] "GET /hirek/hirek100305.htm HTTP/1.1" 200 7091 "-" "Mozilla/5.0 (compatible; Googlebot/2.1; +http://www.google.com/bot.html)"
123.125.71.106 - - [11/Apr/2013:21:16:59 +0200] "GET / HTTP/1.1" 200 42122 "-" "Mozilla/5.0 (compatible; Baiduspider/2.0; +http://www.baidu.com/search/spider.html)"
66.249.78.60 - - [11/Apr/2013:21:35:15 +0200] "GET /jog/eljarasokrol.htm HTTP/1.1" 200 14427 "-" "Mozilla/5.0 (compatible; Googlebot/2.1; +http://www.google.com/bot.html)"
66.249.78.60 - - [11/Apr/2013:21:46:13 +0200] "GET /lb/css/lightbox.css HTTP/1.1" 200 1715 "http://www.beklen.hu/hirek/1303122.htm" "Mozilla/5.0 (compatible; Googlebot/2.1; +http://www.google.com/bot.html)"
66.249.78.60 - - [11/Apr/2013:21:51:43 +0200] "GET /jog/jogszabalyok/1952._evi_iii._torveny_a_polgari_perrendtartasrol.pdf HTTP/1.1" 404 1181 "-" "Mozilla/5.0 (compatible; Googlebot/2.1; +http://www.google.com/bot.html)"
123.125.67.208 - - [11/Apr/2013:22:17:00 +0200] "GET /robots.txt HTTP/1.1" 404 1181 "-" "Mozilla/5.0 (Windows NT 5.1; rv:6.0.2) Gecko/20100101 Firefox/6.0.2"
66.249.75.200 - - [11/Apr/2013:22:19:40 +0200] "GET /jog/jog/jogszabalyok/V%C3%A9dett%20fajok%202006_1_2008kieg.pdf HTTP/1.1" 404 1181 "-" "Mozilla/5.0 (compatible; Googlebot/2.1; +http://www.google.com/bot.html)"
66.249.78.60 - - [11/Apr/2013:22:24:55 +0200] "GET /hirek/hirek090428.htm HTTP/1.1" 304 - "-" "Mozilla/5.0 (iPhone; U; CPU iPhone OS 4_1 like Mac OS X; en-us) AppleWebKit/532.9 (KHTML, like Gecko) Version/4.0.5 Mobile/8B117 Safari/6531.22.7 (compatible; Googlebot-Mobile/2.1; +http://www.google.com/bot.html)"
66.249.78.60 - - [11/Apr/2013:22:35:04 +0200] "GET /hirek/hirek091015.htm HTTP/1.1" 200 7046 "-" "Mozilla/5.0 (compatible; Googlebot/2.1; +http://www.google.com/bot.html)"
66.249.75.200 - - [11/Apr/2013:22:47:06 +0200] "GET /hirek/hirek100420.htm HTTP/1.1" 200 7914 "-" "Mozilla/5.0 (compatible; Googlebot/2.1; +http://www.google.com/bot.html)"
157.56.93.93 - - [11/Apr/2013:22:49:16 +0200] "GET /robots.txt HTTP/1.1" 404 1181 "-" "Mozilla/5.0 (compatible; bingbot/2.0; +http://www.bing.com/bingbot.htm)"
157.56.93.93 - - [11/Apr/2013:22:50:18 +0200] "GET /jog/eseteink/audi/index.htm HTTP/1.1" 304 - "-" "Mozilla/5.0 (compatible; bingbot/2.0; +http://www.bing.com/bingbot.htm)"
66.249.78.60 - - [11/Apr/2013:23:20:29 +0200] "GET /jog/eseteink/korosladany/korosladany_kereset_vegleges.pdf HTTP/1.1" 304 - "-" "Mozilla/5.0 (compatible; Googlebot/2.1; +http://www.google.com/bot.html)"
66.249.78.60 - - [11/Apr/2013:23:58:39 +0200] "GET /jog/eseteink/korosladany/korosladany_kereset_vegleges.pdf HTTP/1.1" 304 - "-" "Mozilla/5.0 (compatible; Googlebot/2.1; +http://www.google.com/bot.html)"
66.249.78.60 - - [12/Apr/2013:00:01:24 +0200] "GET /fiok/program_reszek/csaladbarat.htm HTTP/1.1" 304 - "-" "Mozilla/5.0 (compatible; Googlebot/2.1; +http://www.google.com/bot.html)"
66.249.78.60 - - [12/Apr/2013:00:17:22 +0200] "GET /jog/jogsegely.htm HTTP/1.1" 200 14053 "-" "Mozilla/5.0 (compatible; Googlebot/2.1; +http://www.google.com/bot.html)"
66.249.78.60 - - [12/Apr/2013:00:20:16 +0200] "GET /jog/jogszabalyok/1_erdo.pdf HTTP/1.1" 304 - "-" "Mozilla/5.0 (compatible; Googlebot/2.1; +http://www.google.com/bot.html)"
199.30.16.35 - - [12/Apr/2013:00:21:24 +0200] "GET /robots.txt HTTP/1.1" 404 1181 "-" "msnbot-media/1.1 (+http://search.msn.com/msnbot.htm)"
199.30.16.35 - - [12/Apr/2013:00:21:24 +0200] "GET /tm02_.jpg HTTP/1.1" 200 1524 "-" "msnbot-media/1.1 (+http://search.msn.com/msnbot.htm)"
66.249.78.60 - - [12/Apr/2013:00:52:54 +0200] "GET /jog/eseteink/korosladany/panasz_rendorsegi_hatarozat_ellen.pdf HTTP/1.1" 304 - "-" "Mozilla/5.0 (compatible; Googlebot/2.1; +http://www.google.com/bot.html)"
77.88.42.27 - - [12/Apr/2013:00:54:42 +0200] "GET /robots.txt HTTP/1.1" 404 1181 "-" "Mozilla/5.0 (compatible; YandexBot/3.0; +http://yandex.com/bots)"
66.249.78.60 - - [12/Apr/2013:00:54:48 +0200] "GET /fiok/program_reszek/konferancia.htm HTTP/1.1" 304 - "-" "Mozilla/5.0 (compatible; Googlebot/2.1; +http://www.google.com/bot.html)"
66.249.78.60 - - [12/Apr/2013:01:14:15 +0200] "GET /hirek/1303071.htm HTTP/1.1" 200 8749 "-" "Mozilla/5.0 (iPhone; U; CPU iPhone OS 4_1 like Mac OS X; en-us) AppleWebKit/532.9 (KHTML, like Gecko) Version/4.0.5 Mobile/8B117 Safari/6531.22.7 (compatible; Googlebot-Mobile/2.1; +http://www.google.com/bot.html)"
66.249.78.60 - - [12/Apr/2013:01:26:07 +0200] "GET /jog/eseteink/malom/fellebbezes_hatarnap.pdf HTTP/1.1" 200 156928 "-" "Mozilla/5.0 (iPhone; U; CPU iPhone OS 4_1 like Mac OS X; en-us) AppleWebKit/532.9 (KHTML, like Gecko) Version/4.0.5 Mobile/8B117 Safari/6531.22.7 (compatible; Googlebot-Mobile/2.1; +http://www.google.com/bot.html)"
66.249.78.60 - - [12/Apr/2013:01:33:22 +0200] "GET /jog/eseteink/dakar/dakar_0804_kdtktvf_engedely.pdf HTTP/1.1" 200 4090849 "-" "Mozilla/5.0 (compatible; Googlebot/2.1; +http://www.google.com/bot.html)"
66.249.78.60 - - [12/Apr/2013:01:35:01 +0200] "GET /jog/eseteink/derekegyhaza/dalerd-disznoskert%20szakhat-vegleges.pdf HTTP/1.1" 304 - "-" "Mozilla/5.0 (compatible; Googlebot/2.1; +http://www.google.com/bot.html)"
77.88.42.27 - - [12/Apr/2013:01:35:07 +0200] "GET /jog/eseteink.htm HTTP/1.1" 200 17277 "-" "Mozilla/5.0 (compatible; YandexBot/3.0; +http://yandex.com/bots)"
77.88.42.27 - - [12/Apr/2013:01:35:09 +0200] "GET /jog/jogihatter.htm HTTP/1.1" 200 18691 "-" "Mozilla/5.0 (compatible; YandexBot/3.0; +http://yandex.com/bots)"
77.88.42.27 - - [12/Apr/2013:01:35:12 +0200] "GET /jog/ugyeszsegek.htm HTTP/1.1" 200 13810 "-" "Mozilla/5.0 (compatible; YandexBot/3.0; +http://yandex.com/bots)"
77.88.42.27 - - [12/Apr/2013:01:35:35 +0200] "GET /jog/eljaraskezd.htm HTTP/1.1" 200 13730 "-" "Mozilla/5.0 (compatible; YandexBot/3.0; +http://yandex.com/bots)"
77.88.42.27 - - [12/Apr/2013:01:35:38 +0200] "GET /jog/tapasztalatszerzok.htm HTTP/1.1" 200 12148 "-" "Mozilla/5.0 (compatible; YandexBot/3.0; +http://yandex.com/bots)"
66.249.78.60 - - [12/Apr/2013:01:41:48 +0200] "GET /jog/eseteink/malom/index.htm HTTP/1.1" 304 - "-" "Mozilla/5.0 (compatible; Googlebot/2.1; +http://www.google.com/bot.html)"
66.249.78.60 - - [12/Apr/2013:02:01:29 +0200] "GET /ncta.htm HTTP/1.1" 200 7221 "-" "Mozilla/5.0 (compatible; Googlebot/2.1; +http://www.google.com/bot.html)"
199.30.20.33 - - [12/Apr/2013:02:07:32 +0200] "GET /robots.txt HTTP/1.1" 404 1181 "-" "msnbot-media/1.1 (+http://search.msn.com/msnbot.htm)"
199.30.20.33 - - [12/Apr/2013:02:07:32 +0200] "GET /jog/img/file_jpg.png HTTP/1.1" 200 607 "-" "msnbot-media/1.1 (+http://search.msn.com/msnbot.htm)"
208.115.111.68 - - [12/Apr/2013:02:14:35 +0200] "GET /robots.txt HTTP/1.1" 404 1181 "-" "Mozilla/5.0 (compatible; Ezooms/1.0; ezooms.bot@gmail.com)"
66.249.78.60 - - [12/Apr/2013:02:23:21 +0200] "GET /jog/eseteink/korosladany/elso_feljelentes_rendorsegnek.pdf HTTP/1.1" 304 - "-" "Mozilla/5.0 (compatible; Googlebot/2.1; +http://www.google.com/bot.html)"
66.249.78.60 - - [12/Apr/2013:02:33:55 +0200] "GET /hirek08_11.htm HTTP/1.1" 200 7253 "-" "Mozilla/5.0 (compatible; Googlebot/2.1; +http://www.google.com/bot.html)"
199.30.20.115 - - [12/Apr/2013:02:55:52 +0200] "GET /robots.txt HTTP/1.1" 404 1181 "-" "msnbot-media/1.1 (+http://search.msn.com/msnbot.htm)"
199.30.20.115 - - [12/Apr/2013:02:55:52 +0200] "GET /tm03_.jpg HTTP/1.1" 200 1787 "-" "msnbot-media/1.1 (+http://search.msn.com/msnbot.htm)"
66.249.78.60 - - [12/Apr/2013:03:36:02 +0200] "GET /hirek08_12.htm HTTP/1.1" 304 - "-" "Mozilla/5.0 (compatible; Googlebot/2.1; +http://www.google.com/bot.html)"
77.88.42.27 - - [12/Apr/2013:03:39:55 +0200] "GET /jog/eljarasokrol.htm HTTP/1.1" 200 14427 "-" "Mozilla/5.0 (compatible; YandexBot/3.0; +http://yandex.com/bots)"
66.249.78.60 - - [12/Apr/2013:04:14:59 +0200] "GET /jog/eseteink/poroszlo/keresetlevel_javitott_poroszlo.pdf HTTP/1.1" 200 173206 "-" "Mozilla/5.0 (compatible; Googlebot/2.1; +http://www.google.com/bot.html)"
