89.134.3.205 - - [22/Apr/2013:22:16:51 +0200] "GET /tm05.jpg HTTP/1.1" 200 2253 "http://www.beklen.hu/" "Mozilla/5.0 (Windows NT 6.0; rv:20.0) Gecko/20100101 Firefox/20.0"
89.134.3.205 - - [22/Apr/2013:22:16:51 +0200] "GET /tm04.jpg HTTP/1.1" 200 2613 "http://www.beklen.hu/" "Mozilla/5.0 (Windows NT 6.0; rv:20.0) Gecko/20100101 Firefox/20.0"
89.134.3.205 - - [22/Apr/2013:22:16:51 +0200] "GET /tm02_.jpg HTTP/1.1" 200 1524 "http://www.beklen.hu/" "Mozilla/5.0 (Windows NT 6.0; rv:20.0) Gecko/20100101 Firefox/20.0"
89.134.3.205 - - [22/Apr/2013:22:16:51 +0200] "GET /tm06.jpg HTTP/1.1" 200 1651 "http://www.beklen.hu/" "Mozilla/5.0 (Windows NT 6.0; rv:20.0) Gecko/20100101 Firefox/20.0"
89.134.3.205 - - [22/Apr/2013:22:16:51 +0200] "GET /tm03.jpg HTTP/1.1" 200 2212 "http://www.beklen.hu/" "Mozilla/5.0 (Windows NT 6.0; rv:20.0) Gecko/20100101 Firefox/20.0"
89.134.3.205 - - [22/Apr/2013:22:16:51 +0200] "GET /favicon.ico HTTP/1.1" 404 1181 "-" "Mozilla/5.0 (Windows NT 6.0; rv:20.0) Gecko/20100101 Firefox/20.0"
89.134.3.205 - - [22/Apr/2013:22:16:51 +0200] "GET /favicon.ico HTTP/1.1" 404 1181 "-" "Mozilla/5.0 (Windows NT 6.0; rv:20.0) Gecko/20100101 Firefox/20.0"
89.134.3.205 - - [22/Apr/2013:22:22:14 +0200] "GET /lb/images/blank.gif HTTP/1.1" 200 43 "http://www.beklen.hu/lb/css/lightbox.css" "Mozilla/5.0 (Windows NT 6.0; rv:20.0) Gecko/20100101 Firefox/20.0"
54.246.20.223 - - [22/Apr/2013:22:22:14 +0200] "GET /robots.txt HTTP/1.1" 404 1181 "-" "SkimBot/1.0 (www.skimlinks.com )"
89.134.3.205 - - [22/Apr/2013:22:22:20 +0200] "GET /kapcsolat.htm HTTP/1.1" 200 6875 "http://www.beklen.hu/" "Mozilla/5.0 (Windows NT 6.0; rv:20.0) Gecko/20100101 Firefox/20.0"
89.134.3.205 - - [22/Apr/2013:22:22:21 +0200] "GET /felsorol.css HTTP/1.1" 200 240 "http://www.beklen.hu/kapcsolat.htm" "Mozilla/5.0 (Windows NT 6.0; rv:20.0) Gecko/20100101 Firefox/20.0"
89.134.3.205 - - [22/Apr/2013:22:22:21 +0200] "GET /bottom_.jpg HTTP/1.1" 200 93419 "http://www.beklen.hu/vill.cs" "Mozilla/5.0 (Windows NT 6.0; rv:20.0) Gecko/20100101 Firefox/20.0"
89.134.3.205 - - [22/Apr/2013:22:22:28 +0200] "GET /magunkrol.htm HTTP/1.1" 200 9161 "http://www.beklen.hu/kapcsolat.htm" "Mozilla/5.0 (Windows NT 6.0; rv:20.0) Gecko/20100101 Firefox/20.0"
89.134.3.205 - - [22/Apr/2013:22:22:34 +0200] "GET /lb/js/scriptaculous.js?load=effects HTTP/1.1" 304 - "http://www.beklen.hu/index.htm" "Mozilla/5.0 (Windows NT 6.0; rv:20.0) Gecko/20100101 Firefox/20.0"
89.134.3.205 - - [22/Apr/2013:22:22:34 +0200] "GET /index.htm HTTP/1.1" 200 43954 "http://www.beklen.hu/magunkrol.htm" "Mozilla/5.0 (Windows NT 6.0; rv:20.0) Gecko/20100101 Firefox/20.0"
66.249.75.200 - - [22/Apr/2013:22:28:39 +0200] "GET /hirek/hirek090605.htm HTTP/1.1" 200 7994 "-" "Mozilla/5.0 (compatible; Googlebot/2.1; +http://www.google.com/bot.html)"
216.157.108.227 - - [22/Apr/2013:22:40:52 +0200] "GET / HTTP/1.1" 200 43954 "-" "Mozilla/5.0 (Macintosh; Intel Mac OS X 10_8_1) AppleWebKit/537.1 (KHTML, like Gecko) Chrome/21.0.1180.89 Safari/537.1"
216.157.108.227 - - [22/Apr/2013:22:41:16 +0200] "GET /kapcsolat.htm HTTP/1.1" 200 6875 "-" "Mozilla/5.0 (Macintosh; Intel Mac OS X 10_8_1) AppleWebKit/537.1 (KHTML, like Gecko) Chrome/21.0.1180.89 Safari/537.1"
216.157.108.234 - - [22/Apr/2013:22:42:07 +0200] "GET /index.htm HTTP/1.1" 200 43954 "-" "Mozilla/5.0 (Macintosh; Intel Mac OS X 10_8_1) AppleWebKit/537.1 (KHTML, like Gecko) Chrome/21.0.1180.89 Safari/537.1"
216.157.108.226 - - [22/Apr/2013:22:44:11 +0200] "GET /magunkrol.htm HTTP/1.1" 200 9161 "-" "Mozilla/5.0 (Macintosh; Intel Mac OS X 10_8_1) AppleWebKit/537.1 (KHTML, like Gecko) Chrome/21.0.1180.89 Safari/537.1"
66.249.75.200 - - [22/Apr/2013:22:56:20 +0200] "GET /jog/eseteink/duzzaszto/gyulavari_duzz_felugyeloseg.pdf HTTP/1.1" 304 - "-" "Mozilla/5.0 (iPhone; U; CPU iPhone OS 4_1 like Mac OS X; en-us) AppleWebKit/532.9 (KHTML, like Gecko) Version/4.0.5 Mobile/8B117 Safari/6531.22.7 (compatible; Googlebot-Mobile/2.1; +http://www.google.com/bot.html)"
77.88.42.27 - - [22/Apr/2013:23:04:57 +0200] "GET /jog/jogszabalyok/polgari_perrendtartas_xx_fejezet.pdf HTTP/1.1" 404 1181 "-" "Mozilla/5.0 (compatible; YandexBot/3.0; +http://yandex.com/bots)"
66.249.75.200 - - [22/Apr/2013:23:15:10 +0200] "GET /hirek/hirek090619.htm HTTP/1.1" 304 - "-" "Mozilla/5.0 (compatible; Googlebot/2.1; +http://www.google.com/bot.html)"
66.249.75.200 - - [22/Apr/2013:23:16:56 +0200] "GET /hirek/hirek120207.htm HTTP/1.1" 304 - "-" "Mozilla/5.0 (iPhone; U; CPU iPhone OS 4_1 like Mac OS X; en-us) AppleWebKit/532.9 (KHTML, like Gecko) Version/4.0.5 Mobile/8B117 Safari/6531.22.7 (compatible; Googlebot-Mobile/2.1; +http://www.google.com/bot.html)"
157.55.32.61 - - [22/Apr/2013:23:23:21 +0200] "GET /robots.txt HTTP/1.1" 404 1181 "-" "Mozilla/5.0 (compatible; bingbot/2.0; +http://www.bing.com/bingbot.htm)"
157.55.32.61 - - [22/Apr/2013:23:25:16 +0200] "GET /jog/tarseljarasok.htm HTTP/1.1" 304 - "-" "Mozilla/5.0 (compatible; bingbot/2.0; +http://www.bing.com/bingbot.htm)"
77.88.42.27 - - [22/Apr/2013:23:33:57 +0200] "GET /jog/jogszabalyok/biodiverzitas_egyezmeny.pdf HTTP/1.1" 200 198401 "-" "Mozilla/5.0 (compatible; YandexBot/3.0; +http://yandex.com/bots)"
130.83.167.153 - - [22/Apr/2013:23:41:47 +0200] "GET /jog/tarseljarasok.htm HTTP/1.1" 200 13316 "-" "findlinks/2.6 (+http://wortschatz.uni-leipzig.de/findlinks/)"
95.211.139.1 - - [22/Apr/2013:23:52:53 +0200] "GET /robots.txt HTTP/1.0" 404 1181 "-" "Mozilla/5.0 (compatible; AcoonBot/4.11.1; +http://www.acoon.de/robot.asp)"
95.211.139.1 - - [22/Apr/2013:23:52:54 +0200] "GET / HTTP/1.0" 200 43954 "-" "Mozilla/5.0 (compatible; AcoonBot/4.11.1; +http://www.acoon.de/robot.asp)"
66.249.75.200 - - [22/Apr/2013:23:54:49 +0200] "GET /fiok/program_reszek/news.html HTTP/1.1" 404 1181 "-" "Mozilla/5.0 (iPhone; U; CPU iPhone OS 4_1 like Mac OS X; en-us) AppleWebKit/532.9 (KHTML, like Gecko) Version/4.0.5 Mobile/8B117 Safari/6531.22.7 (compatible; Googlebot-Mobile/2.1; +http://www.google.com/bot.html)"
77.88.42.27 - - [22/Apr/2013:23:57:13 +0200] "GET /turizmusbanner_.swf HTTP/1.1" 200 160838 "-" "Mozilla/5.0 (compatible; YandexBot/3.0; +http://yandex.com/bots)"
66.249.75.200 - - [23/Apr/2013:00:01:14 +0200] "GET /hirek/hirek090302.htm HTTP/1.1" 200 8452 "-" "SAMSUNG-SGH-E250/1.0 Profile/MIDP-2.0 Configuration/CLDC-1.1 UP.Browser/6.2.3.3.c.1.101 (GUI) MMP/2.0 (compatible; Googlebot-Mobile/2.1; +http://www.google.com/bot.html)"
66.249.75.200 - - [23/Apr/2013:00:11:26 +0200] "GET /hirek/hirek08_11.htm HTTP/1.1" 200 7337 "-" "DoCoMo/2.0 N905i(c100;TB;W24H16) (compatible; Googlebot-Mobile/2.1; +http://www.google.com/bot.html)"
66.249.75.200 - - [23/Apr/2013:00:15:16 +0200] "GET /hirek08_11.htm HTTP/1.1" 304 - "-" "Mozilla/5.0 (compatible; Googlebot/2.1; +http://www.google.com/bot.html)"
208.115.111.68 - - [23/Apr/2013:00:37:57 +0200] "GET /kapcsolat.htm HTTP/1.1" 200 6875 "-" "Mozilla/5.0 (compatible; Ezooms/1.0; ezooms.bot@gmail.com)"
77.88.42.27 - - [23/Apr/2013:00:53:38 +0200] "GET /fiok/program_reszek/csaladbarat.htm HTTP/1.1" 200 20928 "-" "Mozilla/5.0 (compatible; YandexBot/3.0; +http://yandex.com/bots)"
66.249.76.200 - - [23/Apr/2013:00:53:50 +0200] "GET /robots.txt HTTP/1.1" 404 1181 "-" "Mozilla/5.0 (compatible; Googlebot/2.1; +http://www.google.com/bot.html)"
66.249.76.200 - - [23/Apr/2013:00:53:50 +0200] "GET /jog/pub/fuzet_beliv_jav2.pdf HTTP/1.1" 304 - "-" "Mozilla/5.0 (iPhone; U; CPU iPhone OS 4_1 like Mac OS X; en-us) AppleWebKit/532.9 (KHTML, like Gecko) Version/4.0.5 Mobile/8B117 Safari/6531.22.7 (compatible; Googlebot-Mobile/2.1; +http://www.google.com/bot.html)"
176.9.61.232 - - [23/Apr/2013:00:55:40 +0200] "HEAD /jog/ugyeszsegek.htm HTTP/1.1" 200 0 "-" "Mozilla/5.0 (compatible; SearchmetricsBot; http://www.searchmetrics.com/en/searchmetrics-bot/)"
66.249.76.200 - - [23/Apr/2013:01:22:00 +0200] "GET /jog/eseteink/dakar/36559-10.pdf HTTP/1.1" 304 - "-" "Mozilla/5.0 (iPhone; U; CPU iPhone OS 4_1 like Mac OS X; en-us) AppleWebKit/532.9 (KHTML, like Gecko) Version/4.0.5 Mobile/8B117 Safari/6531.22.7 (compatible; Googlebot-Mobile/2.1; +http://www.google.com/bot.html)"
77.88.42.27 - - [23/Apr/2013:01:24:43 +0200] "GET /fiok/program_reszek/madarmegfigyeles.htm HTTP/1.1" 200 21825 "-" "Mozilla/5.0 (compatible; YandexBot/3.0; +http://yandex.com/bots)"
77.88.42.27 - - [23/Apr/2013:01:39:49 +0200] "GET /jog/jogszabalyok/egyezm_bern.pdf HTTP/1.1" 200 77062 "-" "Mozilla/5.0 (compatible; YandexBot/3.0; +http://yandex.com/bots)"
178.255.215.69 - - [23/Apr/2013:01:44:36 +0200] "GET /robots.txt HTTP/1.1" 404 1181 "-" "Mozilla/5.0 (compatible; Exabot/3.0; +http://www.exabot.com/go/robot)"
178.255.215.69 - - [23/Apr/2013:01:44:36 +0200] "GET / HTTP/1.1" 200 43954 "-" "Mozilla/5.0 (compatible; Exabot/3.0; +http://www.exabot.com/go/robot)"
66.249.76.200 - - [23/Apr/2013:01:47:38 +0200] "GET /jog/eseteink/dakar/36559-10.pdf HTTP/1.1" 304 - "-" "Mozilla/5.0 (iPhone; U; CPU iPhone OS 4_1 like Mac OS X; en-us) AppleWebKit/532.9 (KHTML, like Gecko) Version/4.0.5 Mobile/8B117 Safari/6531.22.7 (compatible; Googlebot-Mobile/2.1; +http://www.google.com/bot.html)"
77.88.42.27 - - [23/Apr/2013:01:59:25 +0200] "GET /jog/jogszabalyok/1952._evi_iii._torveny_a_polgari_perrendtartasrol.pdf HTTP/1.1" 404 1181 "-" "Mozilla/5.0 (compatible; YandexBot/3.0; +http://yandex.com/bots)"
66.249.76.200 - - [23/Apr/2013:02:18:04 +0200] "GET /jog/eseteink/duzzaszto/index.htm HTTP/1.1" 304 - "-" "Mozilla/5.0 (compatible; Googlebot/2.1; +http://www.google.com/bot.html)"
77.88.42.27 - - [23/Apr/2013:02:18:16 +0200] "GET /jog/jogszabalyok/4_2010kje.pdf HTTP/1.1" 404 1181 "-" "Mozilla/5.0 (compatible; YandexBot/3.0; +http://yandex.com/bots)"
77.88.42.27 - - [23/Apr/2013:02:27:56 +0200] "GET /hirarchivum.htm HTTP/1.1" 200 24981 "-" "Mozilla/5.0 (compatible; YandexBot/3.0; +http://yandex.com/bots)"
66.249.76.101 - - [23/Apr/2013:02:37:03 +0200] "GET /robots.txt HTTP/1.1" 404 1181 "-" "Mozilla/5.0 (compatible; Googlebot/2.1; +http://www.google.com/bot.html)"
66.249.76.101 - - [23/Apr/2013:02:37:03 +0200] "GET /fiok/fiok.html HTTP/1.1" 200 20723 "-" "SAMSUNG-SGH-E250/1.0 Profile/MIDP-2.0 Configuration/CLDC-1.1 UP.Browser/6.2.3.3.c.1.101 (GUI) MMP/2.0 (compatible; Googlebot-Mobile/2.1; +http://www.google.com/bot.html)"
66.249.76.200 - - [23/Apr/2013:02:41:18 +0200] "GET /hirek09_02.htm HTTP/1.1" 304 - "-" "Mozilla/5.0 (iPhone; U; CPU iPhone OS 4_1 like Mac OS X; en-us) AppleWebKit/532.9 (KHTML, like Gecko) Version/4.0.5 Mobile/8B117 Safari/6531.22.7 (compatible; Googlebot-Mobile/2.1; +http://www.google.com/bot.html)"
130.83.167.153 - - [23/Apr/2013:02:46:49 +0200] "GET /jog/zoldombudsman.htm HTTP/1.1" 200 13369 "-" "findlinks/2.6 (+http://wortschatz.uni-leipzig.de/findlinks/)"
66.249.76.200 - - [23/Apr/2013:02:47:40 +0200] "GET /jog/jogszabalyok/1_erdo.pdf HTTP/1.1" 304 - "-" "Mozilla/5.0 (compatible; Googlebot/2.1; +http://www.google.com/bot.html)"
77.88.42.27 - - [23/Apr/2013:03:08:38 +0200] "GET /jog/eseteink/korosladany/index.htm HTTP/1.1" 200 30713 "-" "Mozilla/5.0 (compatible; YandexBot/3.0; +http://yandex.com/bots)"
130.83.167.153 - - [23/Apr/2013:03:10:12 +0200] "GET /programok.htm HTTP/1.1" 200 6444 "-" "findlinks/2.6 (+http://wortschatz.uni-leipzig.de/findlinks/)"
66.249.76.200 - - [23/Apr/2013:03:18:26 +0200] "GET / HTTP/1.1" 200 43954 "-" "Mozilla/5.0 (compatible; Googlebot/2.1; +http://www.google.com/bot.html)"
66.249.76.200 - - [23/Apr/2013:03:24:26 +0200] "GET /lb/css/lightbox.css HTTP/1.1" 200 1715 "-" "Mozilla/5.0 (compatible; Googlebot/2.1; +http://www.google.com/bot.html)"
66.249.76.200 - - [23/Apr/2013:03:25:59 +0200] "GET /uszt-tabla.jpg HTTP/1.1" 404 1181 "-" "Googlebot-Image/1.0"
77.88.42.27 - - [23/Apr/2013:03:30:06 +0200] "GET /jog/eseteink/duzzaszto/index.htm HTTP/1.1" 200 10470 "-" "Mozilla/5.0 (compatible; YandexBot/3.0; +http://yandex.com/bots)"
77.88.42.27 - - [23/Apr/2013:04:00:29 +0200] "GET /fiok/program_reszek/turazas.htm HTTP/1.1" 200 22754 "-" "Mozilla/5.0 (compatible; YandexBot/3.0; +http://yandex.com/bots)"
66.249.76.200 - - [23/Apr/2013:04:16:09 +0200] "GET / HTTP/1.1" 200 43954 "-" "Mozilla/5.0 (iPhone; U; CPU iPhone OS 4_1 like Mac OS X; en-us) AppleWebKit/532.9 (KHTML, like Gecko) Version/4.0.5 Mobile/8B117 Safari/6531.22.7 (compatible; Googlebot-Mobile/2.1; +http://www.google.com/bot.html)"
77.88.42.27 - - [23/Apr/2013:04:34:52 +0200] "GET /fiok/fiok.html HTTP/1.1" 200 20723 "-" "Mozilla/5.0 (compatible; YandexBot/3.0; +http://yandex.com/bots)"
66.249.76.200 - - [23/Apr/2013:04:38:28 +0200] "GET /hirek/13032001.htm HTTP/1.1" 304 - "-" "Mozilla/5.0 (iPhone; U; CPU iPhone OS 4_1 like Mac OS X; en-us) AppleWebKit/532.9 (KHTML, like Gecko) Version/4.0.5 Mobile/8B117 Safari/6531.22.7 (compatible; Googlebot-Mobile/2.1; +http://www.google.com/bot.html)"
77.88.42.27 - - [23/Apr/2013:04:42:40 +0200] "GET /jog/eseteink/kavicszatony/index.htm HTTP/1.1" 200 16432 "-" "Mozilla/5.0 (compatible; YandexBot/3.0; +http://yandex.com/bots)"
77.88.42.27 - - [23/Apr/2013:04:42:43 +0200] "GET /jog/eseteink/poroszlo/index.htm HTTP/1.1" 200 16861 "-" "Mozilla/5.0 (compatible; YandexBot/3.0; +http://yandex.com/bots)"
77.88.42.27 - - [23/Apr/2013:04:42:45 +0200] "GET /jog/eseteink/derekegyhaza/index.htm HTTP/1.1" 200 34210 "-" "Mozilla/5.0 (compatible; YandexBot/3.0; +http://yandex.com/bots)"
77.88.42.27 - - [23/Apr/2013:04:42:48 +0200] "GET /fiok/program_reszek/lovaglas.htm HTTP/1.1" 200 21486 "-" "Mozilla/5.0 (compatible; YandexBot/3.0; +http://yandex.com/bots)"
77.88.42.27 - - [23/Apr/2013:05:06:06 +0200] "GET /jog/eseteink/audi/index.htm HTTP/1.1" 200 15938 "-" "Mozilla/5.0 (compatible; YandexBot/3.0; +http://yandex.com/bots)"
66.249.76.200 - - [23/Apr/2013:05:34:00 +0200] "GET /hirek/130313.htm HTTP/1.1" 304 - "-" "Mozilla/5.0 (iPhone; U; CPU iPhone OS 4_1 like Mac OS X; en-us) AppleWebKit/532.9 (KHTML, like Gecko) Version/4.0.5 Mobile/8B117 Safari/6531.22.7 (compatible; Googlebot-Mobile/2.1; +http://www.google.com/bot.html)"
77.88.42.27 - - [23/Apr/2013:05:36:04 +0200] "GET /jog/jogszabalyok/aarhus_egyezmeny.pdf HTTP/1.1" 200 177386 "-" "Mozilla/5.0 (compatible; YandexBot/3.0; +http://yandex.com/bots)"
199.30.16.46 - - [23/Apr/2013:06:06:21 +0200] "GET /robots.txt HTTP/1.1" 404 1181 "-" "msnbot-media/1.1 (+http://search.msn.com/msnbot.htm)"
199.30.16.46 - - [23/Apr/2013:06:06:21 +0200] "GET /jog/eseteink/audi/kozmeghallgatas%20-%20diakep2_.jpg HTTP/1.1" 200 7935 "-" "msnbot-media/1.1 (+http://search.msn.com/msnbot.htm)"
66.249.76.200 - - [23/Apr/2013:06:09:22 +0200] "GET /hirek/130320.htm HTTP/1.1" 304 - "-" "Mozilla/5.0 (iPhone; U; CPU iPhone OS 4_1 like Mac OS X; en-us) AppleWebKit/532.9 (KHTML, like Gecko) Version/4.0.5 Mobile/8B117 Safari/6531.22.7 (compatible; Googlebot-Mobile/2.1; +http://www.google.com/bot.html)"
77.88.42.27 - - [23/Apr/2013:06:13:41 +0200] "GET /jog/jogszabalyok/2003_evi_xxxii_torveny.doc HTTP/1.1" 200 463872 "-" "Mozilla/5.0 (compatible; YandexBot/3.0; +http://yandex.com/bots)"
66.249.76.200 - - [23/Apr/2013:06:50:01 +0200] "GET /hirek/130312.htm HTTP/1.1" 304 - "-" "Mozilla/5.0 (iPhone; U; CPU iPhone OS 4_1 like Mac OS X; en-us) AppleWebKit/532.9 (KHTML, like Gecko) Version/4.0.5 Mobile/8B117 Safari/6531.22.7 (compatible; Googlebot-Mobile/2.1; +http://www.google.com/bot.html)"
77.88.42.27 - - [23/Apr/2013:07:30:56 +0200] "GET /jog/jogszabalyok/1995.%20evi%20XCIII.%20torveny.pdf HTTP/1.1" 200 125662 "-" "Mozilla/5.0 (compatible; YandexBot/3.0; +http://yandex.com/bots)"
81.0.99.84 - - [23/Apr/2013:07:34:01 +0200] "GET /jog/eseteink/korosladany/szeged_birosag2.pdf HTTP/1.1" 200 95330 "http://www.google.hu/url?sa=t&rct=j&q=k%C3%B6zigazgat%C3%A1si%20per%20intimit%C3%A1sveszt%C3%A9s&source=web&cd=11&ved=0CDAQFjAAOAo&url=http%3A%2F%2Fwww.beklen.hu%2Fjog%2Feseteink%2Fkorosladany%2Fszeged_birosag2.pdf&ei=Ph12UYnWN8KD4AT_uYC4CA&usg=AFQjCNHcoPBwr5Cswyuqs0WG9VXYSkGmrw" "Mozilla/5.0 (Windows NT 5.1) AppleWebKit/537.31 (KHTML, like Gecko) Chrome/26.0.1410.64 Safari/537.31"
81.0.99.84 - - [23/Apr/2013:07:34:02 +0200] "GET /favicon.ico HTTP/1.1" 404 1181 "-" "Mozilla/5.0 (Windows NT 5.1) AppleWebKit/537.31 (KHTML, like Gecko) Chrome/26.0.1410.64 Safari/537.31"
81.0.99.84 - - [23/Apr/2013:07:34:02 +0200] "GET /jog/eseteink/korosladany/szeged_birosag2.pdf HTTP/1.1" 206 32768 "http://www.beklen.hu/jog/eseteink/korosladany/szeged_birosag2.pdf" "Mozilla/5.0 (Windows NT 5.1) AppleWebKit/537.31 (KHTML, like Gecko) Chrome/26.0.1410.64 Safari/537.31"
81.0.99.84 - - [23/Apr/2013:07:34:02 +0200] "GET /favicon.ico HTTP/1.1" 404 1181 "-" "Mozilla/5.0 (Windows NT 5.1) AppleWebKit/537.31 (KHTML, like Gecko) Chrome/26.0.1410.64 Safari/537.31"
81.0.99.84 - - [23/Apr/2013:07:34:02 +0200] "GET /jog/eseteink/korosladany/szeged_birosag2.pdf HTTP/1.1" 200 75935 "http://www.beklen.hu/jog/eseteink/korosladany/szeged_birosag2.pdf" "Mozilla/5.0 (Windows NT 5.1) AppleWebKit/537.31 (KHTML, like Gecko) Chrome/26.0.1410.64 Safari/537.31"
81.0.99.84 - - [23/Apr/2013:07:34:03 +0200] "GET /jog/eseteink/korosladany/szeged_birosag2.pdf HTTP/1.1" 206 32768 "http://www.beklen.hu/jog/eseteink/korosladany/szeged_birosag2.pdf" "Mozilla/5.0 (Windows NT 5.1) AppleWebKit/537.31 (KHTML, like Gecko) Chrome/26.0.1410.64 Safari/537.31"
81.0.99.84 - - [23/Apr/2013:07:34:03 +0200] "GET /jog/eseteink/korosladany/szeged_birosag2.pdf HTTP/1.1" 206 45974 "http://www.beklen.hu/jog/eseteink/korosladany/szeged_birosag2.pdf" "Mozilla/5.0 (Windows NT 5.1) AppleWebKit/537.31 (KHTML, like Gecko) Chrome/26.0.1410.64 Safari/537.31"
81.0.99.84 - - [23/Apr/2013:07:34:03 +0200] "GET /jog/eseteink/korosladany/szeged_birosag2.pdf HTTP/1.1" 206 16588 "http://www.beklen.hu/jog/eseteink/korosladany/szeged_birosag2.pdf" "Mozilla/5.0 (Windows NT 5.1) AppleWebKit/537.31 (KHTML, like Gecko) Chrome/26.0.1410.64 Safari/537.31"
157.55.33.14 - - [23/Apr/2013:07:57:52 +0200] "GET /robots.txt HTTP/1.1" 404 1181 "-" "Mozilla/5.0 (compatible; bingbot/2.0; +http://www.bing.com/bingbot.htm)"
157.55.33.14 - - [23/Apr/2013:07:59:32 +0200] "GET /jog/eljarasokrol.htm HTTP/1.1" 304 - "-" "Mozilla/5.0 (compatible; bingbot/2.0; +http://www.bing.com/bingbot.htm)"
77.88.42.27 - - [23/Apr/2013:08:00:32 +0200] "GET /jog/eseteink/dakar/index.htm HTTP/1.1" 200 10482 "-" "Mozilla/5.0 (compatible; YandexBot/3.0; +http://yandex.com/bots)"
157.55.33.253 - - [23/Apr/2013:08:01:04 +0200] "GET / HTTP/1.1" 200 43954 "-" "Mozilla/5.0 (compatible; bingbot/2.0; +http://www.bing.com/bingbot.htm)"
65.55.215.56 - - [23/Apr/2013:08:06:20 +0200] "GET /robots.txt HTTP/1.1" 404 1181 "-" "msnbot-media/1.1 (+http://search.msn.com/msnbot.htm)"
65.55.215.56 - - [23/Apr/2013:08:06:22 +0200] "GET /jog/eseteink/derekegyhaza/kepek/37-431_.jpg HTTP/1.1" 200 96699 "-" "msnbot-media/1.1 (+http://search.msn.com/msnbot.htm)"
66.249.76.200 - - [23/Apr/2013:08:10:20 +0200] "GET /jog/polgariper.htm HTTP/1.1" 200 13964 "-" "DoCoMo/2.0 N905i(c100;TB;W24H16) (compatible; Googlebot-Mobile/2.1; +http://www.google.com/bot.html)"
66.249.76.200 - - [23/Apr/2013:08:12:15 +0200] "GET /hirek/130319.htm HTTP/1.1" 304 - "-" "Mozilla/5.0 (iPhone; U; CPU iPhone OS 4_1 like Mac OS X; en-us) AppleWebKit/532.9 (KHTML, like Gecko) Version/4.0.5 Mobile/8B117 Safari/6531.22.7 (compatible; Googlebot-Mobile/2.1; +http://www.google.com/bot.html)"
66.249.76.200 - - [23/Apr/2013:08:13:44 +0200] "GET /hirek/1303071.htm HTTP/1.1" 304 - "-" "Mozilla/5.0 (iPhone; U; CPU iPhone OS 4_1 like Mac OS X; en-us) AppleWebKit/532.9 (KHTML, like Gecko) Version/4.0.5 Mobile/8B117 Safari/6531.22.7 (compatible; Googlebot-Mobile/2.1; +http://www.google.com/bot.html)"
77.88.42.27 - - [23/Apr/2013:08:20:14 +0200] "GET /jog/jogszabalyok/2008_evi_liii_torveny_hatalyos_cites_fuggelekek.doc HTTP/1.1" 200 3005952 "-" "Mozilla/5.0 (compatible; YandexBot/3.0; +http://yandex.com/bots)"
208.115.113.84 - - [23/Apr/2013:08:21:42 +0200] "GET /robots.txt HTTP/1.1" 404 1181 "-" "Mozilla/5.0 (compatible; Ezooms/1.0; ezooms.bot@gmail.com)"
77.88.42.27 - - [23/Apr/2013:08:39:11 +0200] "GET /jog/jogszabalyok/348_2006.korm.rendelet.pdf HTTP/1.1" 200 198403 "-" "Mozilla/5.0 (compatible; YandexBot/3.0; +http://yandex.com/bots)"
131.253.24.13 - - [23/Apr/2013:09:33:36 +0200] "GET /robots.txt HTTP/1.1" 404 1181 "-" "msnbot-media/1.1 (+http://search.msn.com/msnbot.htm)"
131.253.24.13 - - [23/Apr/2013:09:33:36 +0200] "GET /jog/eseteink/derekegyhaza/kepek/vadaskert-szakhat_.jpg HTTP/1.1" 200 8903 "-" "msnbot-media/1.1 (+http://search.msn.com/msnbot.htm)"
66.249.76.200 - - [23/Apr/2013:09:34:28 +0200] "GET /hirek/1303203.htm HTTP/1.1" 304 - "-" "Mozilla/5.0 (iPhone; U; CPU iPhone OS 4_1 like Mac OS X; en-us) AppleWebKit/532.9 (KHTML, like Gecko) Version/4.0.5 Mobile/8B117 Safari/6531.22.7 (compatible; Googlebot-Mobile/2.1; +http://www.google.com/bot.html)"
77.88.42.27 - - [23/Apr/2013:09:40:24 +0200] "GET /jog/jogszabalyok/2001-es%20vedett%20lista.pdf HTTP/1.1" 200 681051 "-" "Mozilla/5.0 (compatible; YandexBot/3.0; +http://yandex.com/bots)"
65.55.215.61 - - [23/Apr/2013:09:43:51 +0200] "GET /robots.txt HTTP/1.1" 404 1181 "-" "msnbot-media/1.1 (+http://search.msn.com/msnbot.htm)"
65.55.215.61 - - [23/Apr/2013:09:43:51 +0200] "GET /jog/eseteink/audi/kozmeghallgatas%20-%20diakep1_.jpg HTTP/1.1" 200 7122 "-" "msnbot-media/1.1 (+http://search.msn.com/msnbot.htm)"
208.115.113.84 - - [23/Apr/2013:10:16:15 +0200] "GET /hirek/1303202.htm HTTP/1.1" 200 13230 "-" "Mozilla/5.0 (compatible; Ezooms/1.0; ezooms.bot@gmail.com)"
66.249.76.200 - - [23/Apr/2013:10:23:11 +0200] "GET /hirek/130307.htm HTTP/1.1" 304 - "-" "Mozilla/5.0 (iPhone; U; CPU iPhone OS 4_1 like Mac OS X; en-us) AppleWebKit/532.9 (KHTML, like Gecko) Version/4.0.5 Mobile/8B117 Safari/6531.22.7 (compatible; Googlebot-Mobile/2.1; +http://www.google.com/bot.html)"
77.88.42.27 - - [23/Apr/2013:10:27:36 +0200] "GET /robots.txt HTTP/1.1" 404 1181 "-" "Mozilla/5.0 (compatible; YandexBot/3.0; +http://yandex.com/bots)"
66.249.76.200 - - [23/Apr/2013:10:27:45 +0200] "GET /hirek09_01.htm HTTP/1.1" 304 - "-" "SAMSUNG-SGH-E250/1.0 Profile/MIDP-2.0 Configuration/CLDC-1.1 UP.Browser/6.2.3.3.c.1.101 (GUI) MMP/2.0 (compatible; Googlebot-Mobile/2.1; +http://www.google.com/bot.html)"
77.88.42.27 - - [23/Apr/2013:10:28:13 +0200] "GET /fiok/gazdasag.htm HTTP/1.1" 200 22480 "-" "Mozilla/5.0 (compatible; YandexBot/3.0; +http://yandex.com/bots)"
77.88.42.27 - - [23/Apr/2013:10:28:49 +0200] "GET /jog/eseteink/malom/index.htm HTTP/1.1" 200 17507 "-" "Mozilla/5.0 (compatible; YandexBot/3.0; +http://yandex.com/bots)"
77.88.42.27 - - [23/Apr/2013:10:29:32 +0200] "GET /hirek/13032001.htm HTTP/1.1" 200 16316 "-" "Mozilla/5.0 (compatible; YandexBot/3.0; +http://yandex.com/bots)"
66.249.76.200 - - [23/Apr/2013:11:13:50 +0200] "GET /hirek/090510/szuletesunnepe037.jpg HTTP/1.1" 304 - "-" "Googlebot-Image/1.0"
66.249.76.200 - - [23/Apr/2013:11:14:43 +0200] "GET /hirek/1303201.htm HTTP/1.1" 304 - "-" "Mozilla/5.0 (iPhone; U; CPU iPhone OS 4_1 like Mac OS X; en-us) AppleWebKit/532.9 (KHTML, like Gecko) Version/4.0.5 Mobile/8B117 Safari/6531.22.7 (compatible; Googlebot-Mobile/2.1; +http://www.google.com/bot.html)"
77.88.42.27 - - [23/Apr/2013:11:42:00 +0200] "GET /jog/jog/jogszabalyok/V%C3%A9dett%20fajok%202006_1_2008kieg.pdf HTTP/1.1" 404 1181 "-" "Mozilla/5.0 (compatible; YandexBot/3.0; +http://yandex.com/bots)"
66.249.78.60 - - [23/Apr/2013:12:23:28 +0200] "GET /hirek/1303122.htm HTTP/1.1" 304 - "-" "Mozilla/5.0 (iPhone; U; CPU iPhone OS 4_1 like Mac OS X; en-us) AppleWebKit/532.9 (KHTML, like Gecko) Version/4.0.5 Mobile/8B117 Safari/6531.22.7 (compatible; Googlebot-Mobile/2.1; +http://www.google.com/bot.html)"
77.88.42.27 - - [23/Apr/2013:12:45:06 +0200] "GET /nca06.htm HTTP/1.1" 200 19034 "-" "Mozilla/5.0 (compatible; YandexBot/3.0; +http://yandex.com/bots)"
180.76.5.188 - - [23/Apr/2013:12:59:50 +0200] "GET /jog/eseteink/derekegyhaza/biroi_vegzes.pdf HTTP/1.1" 200 772975 "-" "Mozilla/5.0 (Windows NT 5.1; rv:6.0.2) Gecko/20100101 Firefox/6.0.2"
176.9.97.10 - - [23/Apr/2013:13:00:28 +0200] "GET /robots.txt HTTP/1.1" 404 1181 "-" "ExB Language Crawler 2.1.5 (+http://www.exb.de/crawler)"
66.249.78.60 - - [23/Apr/2013:13:01:12 +0200] "GET /robots.txt HTTP/1.1" 404 1181 "-" "Mozilla/5.0 (compatible; Googlebot/2.1; +http://www.google.com/bot.html)"
66.249.78.60 - - [23/Apr/2013:13:01:12 +0200] "GET /hirek/1303202.htm HTTP/1.1" 304 - "-" "Mozilla/5.0 (iPhone; U; CPU iPhone OS 4_1 like Mac OS X; en-us) AppleWebKit/532.9 (KHTML, like Gecko) Version/4.0.5 Mobile/8B117 Safari/6531.22.7 (compatible; Googlebot-Mobile/2.1; +http://www.google.com/bot.html)"
66.249.78.60 - - [23/Apr/2013:13:02:46 +0200] "GET /hirek/090510/szuletesunnepe021_.jpg HTTP/1.1" 304 - "-" "Googlebot-Image/1.0"
66.249.78.60 - - [23/Apr/2013:13:03:03 +0200] "GET /jog/eseteink/audi/audi_epiteszeti_elj.pdf HTTP/1.1" 304 - "-" "Mozilla/5.0 (iPhone; U; CPU iPhone OS 4_1 like Mac OS X; en-us) AppleWebKit/532.9 (KHTML, like Gecko) Version/4.0.5 Mobile/8B117 Safari/6531.22.7 (compatible; Googlebot-Mobile/2.1; +http://www.google.com/bot.html)"
91.137.131.45 - - [23/Apr/2013:13:16:01 +0200] "GET /hirek/eszkozok/eszkoz3.jpg HTTP/1.1" 200 28648 "-" "Mozilla/5.0 (Windows NT 6.1; WOW64; rv:20.0) Gecko/20100101 Firefox/20.0"
91.137.131.45 - - [23/Apr/2013:13:16:03 +0200] "GET /hirek/hirek100420.htm HTTP/1.1" 200 7914 "http://www.google.hu/url?sa=i&rct=j&q=&esrc=s&source=images&cd=&docid=nB6HCrdjxaNo1M&tbnid=qjHl-4SkB4zN4M:&ved=0CAQQjB0&url=http%3A%2F%2Fwww.beklen.hu%2Fhirek%2Fhirek100420.htm&ei=cm12Ucy-HYrQtQak8oDwBQ&bvm=bv.45512109,d.bGE&psig=AFQjCNG06uqjR51NrfKIQiJZVF8s5uvgnQ&ust=1366802158591489" "Mozilla/5.0 (Windows NT 6.1; WOW64; rv:20.0) Gecko/20100101 Firefox/20.0"
91.137.131.45 - - [23/Apr/2013:13:16:03 +0200] "GET /vill.cs HTTP/1.1" 200 3139 "http://www.beklen.hu/hirek/hirek100420.htm" "Mozilla/5.0 (Windows NT 6.1; WOW64; rv:20.0) Gecko/20100101 Firefox/20.0"
91.137.131.45 - - [23/Apr/2013:13:16:03 +0200] "GET /tm02_.jpg HTTP/1.1" 200 1524 "http://www.beklen.hu/hirek/hirek100420.htm" "Mozilla/5.0 (Windows NT 6.1; WOW64; rv:20.0) Gecko/20100101 Firefox/20.0"
91.137.131.45 - - [23/Apr/2013:13:16:03 +0200] "GET /tm03_.jpg HTTP/1.1" 200 1787 "http://www.beklen.hu/hirek/hirek100420.htm" "Mozilla/5.0 (Windows NT 6.1; WOW64; rv:20.0) Gecko/20100101 Firefox/20.0"
91.137.131.45 - - [23/Apr/2013:13:16:03 +0200] "GET /tm05_.jpg HTTP/1.1" 200 1839 "http://www.beklen.hu/hirek/hirek100420.htm" "Mozilla/5.0 (Windows NT 6.1; WOW64; rv:20.0) Gecko/20100101 Firefox/20.0"
91.137.131.45 - - [23/Apr/2013:13:16:03 +0200] "GET /tm01.jpg HTTP/1.1" 200 1080 "http://www.beklen.hu/hirek/hirek100420.htm" "Mozilla/5.0 (Windows NT 6.1; WOW64; rv:20.0) Gecko/20100101 Firefox/20.0"
91.137.131.45 - - [23/Apr/2013:13:16:03 +0200] "GET /tm04_.jpg HTTP/1.1" 200 2058 "http://www.beklen.hu/hirek/hirek100420.htm" "Mozilla/5.0 (Windows NT 6.1; WOW64; rv:20.0) Gecko/20100101 Firefox/20.0"
91.137.131.45 - - [23/Apr/2013:13:16:03 +0200] "GET /tm06_.jpg HTTP/1.1" 200 1382 "http://www.beklen.hu/hirek/hirek100420.htm" "Mozilla/5.0 (Windows NT 6.1; WOW64; rv:20.0) Gecko/20100101 Firefox/20.0"
91.137.131.45 - - [23/Apr/2013:13:16:03 +0200] "GET /tm07.jpg HTTP/1.1" 200 1007 "http://www.beklen.hu/hirek/hirek100420.htm" "Mozilla/5.0 (Windows NT 6.1; WOW64; rv:20.0) Gecko/20100101 Firefox/20.0"
91.137.131.45 - - [23/Apr/2013:13:16:03 +0200] "GET /bg.jpg HTTP/1.1" 200 566 "http://www.beklen.hu/hirek/hirek100420.htm" "Mozilla/5.0 (Windows NT 6.1; WOW64; rv:20.0) Gecko/20100101 Firefox/20.0"
91.137.131.45 - - [23/Apr/2013:13:16:03 +0200] "GET /hirek/eszkozok/eszkoz1.jpg HTTP/1.1" 200 24142 "http://www.beklen.hu/hirek/hirek100420.htm" "Mozilla/5.0 (Windows NT 6.1; WOW64; rv:20.0) Gecko/20100101 Firefox/20.0"
91.137.131.45 - - [23/Apr/2013:13:16:03 +0200] "GET /hirek/eszkozok/eszkoz2.jpg HTTP/1.1" 200 28386 "http://www.beklen.hu/hirek/hirek100420.htm" "Mozilla/5.0 (Windows NT 6.1; WOW64; rv:20.0) Gecko/20100101 Firefox/20.0"
91.137.131.45 - - [23/Apr/2013:13:16:03 +0200] "GET /hirek/eszkozok/eszkoz4.jpg HTTP/1.1" 200 51541 "http://www.beklen.hu/hirek/hirek100420.htm" "Mozilla/5.0 (Windows NT 6.1; WOW64; rv:20.0) Gecko/20100101 Firefox/20.0"
91.137.131.45 - - [23/Apr/2013:13:16:03 +0200] "GET /images/nfuszolnoknorveg.JPG HTTP/1.1" 200 13113 "http://www.beklen.hu/hirek/hirek100420.htm" "Mozilla/5.0 (Windows NT 6.1; WOW64; rv:20.0) Gecko/20100101 Firefox/20.0"
91.137.131.45 - - [23/Apr/2013:13:16:04 +0200] "GET /bottom_main.jpg HTTP/1.1" 200 96820 "http://www.beklen.hu/vill.cs" "Mozilla/5.0 (Windows NT 6.1; WOW64; rv:20.0) Gecko/20100101 Firefox/20.0"
91.137.131.45 - - [23/Apr/2013:13:16:04 +0200] "GET /tm02.jpg HTTP/1.1" 200 1873 "http://www.beklen.hu/hirek/hirek100420.htm" "Mozilla/5.0 (Windows NT 6.1; WOW64; rv:20.0) Gecko/20100101 Firefox/20.0"
91.137.131.45 - - [23/Apr/2013:13:16:04 +0200] "GET /tm05.jpg HTTP/1.1" 200 2253 "http://www.beklen.hu/hirek/hirek100420.htm" "Mozilla/5.0 (Windows NT 6.1; WOW64; rv:20.0) Gecko/20100101 Firefox/20.0"
91.137.131.45 - - [23/Apr/2013:13:16:04 +0200] "GET /tm03.jpg HTTP/1.1" 200 2212 "http://www.beklen.hu/hirek/hirek100420.htm" "Mozilla/5.0 (Windows NT 6.1; WOW64; rv:20.0) Gecko/20100101 Firefox/20.0"
91.137.131.45 - - [23/Apr/2013:13:16:04 +0200] "GET /tm06.jpg HTTP/1.1" 200 1651 "http://www.beklen.hu/hirek/hirek100420.htm" "Mozilla/5.0 (Windows NT 6.1; WOW64; rv:20.0) Gecko/20100101 Firefox/20.0"
91.137.131.45 - - [23/Apr/2013:13:16:04 +0200] "GET /tm04.jpg HTTP/1.1" 200 2613 "http://www.beklen.hu/hirek/hirek100420.htm" "Mozilla/5.0 (Windows NT 6.1; WOW64; rv:20.0) Gecko/20100101 Firefox/20.0"
91.137.131.45 - - [23/Apr/2013:13:16:04 +0200] "GET /favicon.ico HTTP/1.1" 404 1181 "-" "Mozilla/5.0 (Windows NT 6.1; WOW64; rv:20.0) Gecko/20100101 Firefox/20.0"
91.137.131.45 - - [23/Apr/2013:13:16:04 +0200] "GET /favicon.ico HTTP/1.1" 404 1181 "-" "Mozilla/5.0 (Windows NT 6.1; WOW64; rv:20.0) Gecko/20100101 Firefox/20.0"
91.137.131.45 - - [23/Apr/2013:13:16:33 +0200] "GET /hirek/eszkozok/004.jpg HTTP/1.1" 200 66529 "-" "Mozilla/5.0 (Windows NT 6.1; WOW64; rv:20.0) Gecko/20100101 Firefox/20.0"
91.137.131.45 - - [23/Apr/2013:13:16:35 +0200] "GET /hirek/hirek100728.htm HTTP/1.1" 200 7560 "http://www.google.hu/url?sa=i&rct=j&q=&esrc=s&source=images&cd=&docid=xEbUsPYURXyinM&tbnid=7aI_JdopZzBunM:&ved=0CAMQjhw&url=http%3A%2F%2Fwww.beklen.hu%2Fhirek%2Fhirek100728.htm&ei=km12UZXrOs-GswaYv4GgDg&bvm=bv.45512109,d.bGE&psig=AFQjCNG06uqjR51NrfKIQiJZVF8s5uvgnQ&ust=1366802158591489" "Mozilla/5.0 (Windows NT 6.1; WOW64; rv:20.0) Gecko/20100101 Firefox/20.0"
91.137.131.45 - - [23/Apr/2013:13:16:35 +0200] "GET /hirek/eszkozok/001.jpg HTTP/1.1" 200 68879 "http://www.beklen.hu/hirek/hirek100728.htm" "Mozilla/5.0 (Windows NT 6.1; WOW64; rv:20.0) Gecko/20100101 Firefox/20.0"
91.137.131.45 - - [23/Apr/2013:13:16:35 +0200] "GET /hirek/eszkozok/002.jpg HTTP/1.1" 200 61589 "http://www.beklen.hu/hirek/hirek100728.htm" "Mozilla/5.0 (Windows NT 6.1; WOW64; rv:20.0) Gecko/20100101 Firefox/20.0"
91.137.131.45 - - [23/Apr/2013:13:16:35 +0200] "GET /hirek/eszkozok/006.jpg HTTP/1.1" 200 73379 "http://www.beklen.hu/hirek/hirek100728.htm" "Mozilla/5.0 (Windows NT 6.1; WOW64; rv:20.0) Gecko/20100101 Firefox/20.0"
77.88.42.27 - - [23/Apr/2013:13:49:05 +0200] "GET /nca04.htm HTTP/1.1" 200 16378 "-" "Mozilla/5.0 (compatible; YandexBot/3.0; +http://yandex.com/bots)"
109.69.112.44 - - [23/Apr/2013:14:04:11 +0200] "GET /jog/eseteink/kavicszatony/dscf0024.jpg HTTP/1.1" 200 83600 "-" "Mozilla/5.0 (Windows NT 6.1; rv:20.0) Gecko/20100101 Firefox/20.0"
109.69.112.44 - - [23/Apr/2013:14:42:40 +0200] "GET /jog/eseteink/kavicszatony/index.htm HTTP/1.1" 200 16432 "http://www.google.hu/url?sa=i&rct=j&q=&esrc=s&source=images&cd=&docid=j72a441xYSz4AM&tbnid=PQTOJMJBmzirWM:&ved=0CAEQjxw&url=http%3A%2F%2Fwww.beklen.hu%2Fjog%2Feseteink%2Fkavicszatony%2Findex.htm&ei=voF2UZ2qFoOftAb-zYHYDQ&psig=AFQjCNHT8sub8p5tXorzNLRtsitJ_yaApw&ust=1366807352352026" "Mozilla/5.0 (Windows NT 6.1; rv:20.0) Gecko/20100101 Firefox/20.0"
109.69.112.44 - - [23/Apr/2013:14:42:41 +0200] "GET /jog/style.css HTTP/1.1" 200 21413 "http://www.beklen.hu/jog/eseteink/kavicszatony/index.htm" "Mozilla/5.0 (Windows NT 6.1; rv:20.0) Gecko/20100101 Firefox/20.0"
109.69.112.44 - - [23/Apr/2013:14:42:41 +0200] "GET /jog/script.js HTTP/1.1" 200 5674 "http://www.beklen.hu/jog/eseteink/kavicszatony/index.htm" "Mozilla/5.0 (Windows NT 6.1; rv:20.0) Gecko/20100101 Firefox/20.0"
109.69.112.44 - - [23/Apr/2013:14:42:41 +0200] "GET /jog/jquery.js HTTP/1.1" 200 72174 "http://www.beklen.hu/jog/eseteink/kavicszatony/index.htm" "Mozilla/5.0 (Windows NT 6.1; rv:20.0) Gecko/20100101 Firefox/20.0"
109.69.112.44 - - [23/Apr/2013:14:42:41 +0200] "GET /jog/lb/js/scriptaculous.js?load=effects HTTP/1.1" 200 2152 "http://www.beklen.hu/jog/eseteink/kavicszatony/index.htm" "Mozilla/5.0 (Windows NT 6.1; rv:20.0) Gecko/20100101 Firefox/20.0"
109.69.112.44 - - [23/Apr/2013:14:42:41 +0200] "GET /jog/lb/js/lightbox.js HTTP/1.1" 200 23431 "http://www.beklen.hu/jog/eseteink/kavicszatony/index.htm" "Mozilla/5.0 (Windows NT 6.1; rv:20.0) Gecko/20100101 Firefox/20.0"
109.69.112.44 - - [23/Apr/2013:14:42:41 +0200] "GET /jog/lb/js/prototype.js HTTP/1.1" 200 47603 "http://www.beklen.hu/jog/eseteink/kavicszatony/index.htm" "Mozilla/5.0 (Windows NT 6.1; rv:20.0) Gecko/20100101 Firefox/20.0"
109.69.112.44 - - [23/Apr/2013:14:42:41 +0200] "GET /jog/lb/css/lightbox.css HTTP/1.1" 200 1715 "http://www.beklen.hu/jog/eseteink/kavicszatony/index.htm" "Mozilla/5.0 (Windows NT 6.1; rv:20.0) Gecko/20100101 Firefox/20.0"
109.69.112.44 - - [23/Apr/2013:14:42:41 +0200] "GET /jog/favicon.ico HTTP/1.1" 200 1150 "-" "Mozilla/5.0 (Windows NT 6.1; rv:20.0) Gecko/20100101 Firefox/20.0"
109.69.112.44 - - [23/Apr/2013:14:42:41 +0200] "GET /jog/lb/js/effects.js HTTP/1.1" 200 31969 "http://www.beklen.hu/jog/eseteink/kavicszatony/index.htm" "Mozilla/5.0 (Windows NT 6.1; rv:20.0) Gecko/20100101 Firefox/20.0"
109.69.112.44 - - [23/Apr/2013:14:42:41 +0200] "GET /jog/eseteink/kavicszatony/dscf0084_.jpg HTTP/1.1" 200 2611 "http://www.beklen.hu/jog/eseteink/kavicszatony/index.htm" "Mozilla/5.0 (Windows NT 6.1; rv:20.0) Gecko/20100101 Firefox/20.0"
109.69.112.44 - - [23/Apr/2013:14:42:41 +0200] "GET /jog/eseteink/kavicszatony/dscf0024_.jpg HTTP/1.1" 200 2902 "http://www.beklen.hu/jog/eseteink/kavicszatony/index.htm" "Mozilla/5.0 (Windows NT 6.1; rv:20.0) Gecko/20100101 Firefox/20.0"
109.69.112.44 - - [23/Apr/2013:14:42:41 +0200] "GET /jog/img/file_pdf.png HTTP/1.1" 200 581 "http://www.beklen.hu/jog/eseteink/kavicszatony/index.htm" "Mozilla/5.0 (Windows NT 6.1; rv:20.0) Gecko/20100101 Firefox/20.0"
109.69.112.44 - - [23/Apr/2013:14:42:42 +0200] "GET /jog/images/subitem.png HTTP/1.1" 200 81 "http://www.beklen.hu/jog/style.css" "Mozilla/5.0 (Windows NT 6.1; rv:20.0) Gecko/20100101 Firefox/20.0"
109.69.112.44 - - [23/Apr/2013:14:42:42 +0200] "GET /jog/images/nav.png HTTP/1.1" 200 10482 "http://www.beklen.hu/jog/style.css" "Mozilla/5.0 (Windows NT 6.1; rv:20.0) Gecko/20100101 Firefox/20.0"
109.69.112.44 - - [23/Apr/2013:14:42:42 +0200] "GET /jog/images/post_h.png HTTP/1.1" 200 292 "http://www.beklen.hu/jog/style.css" "Mozilla/5.0 (Windows NT 6.1; rv:20.0) Gecko/20100101 Firefox/20.0"
109.69.112.44 - - [23/Apr/2013:14:42:42 +0200] "GET /jog/images/post_s.png HTTP/1.1" 200 466 "http://www.beklen.hu/jog/style.css" "Mozilla/5.0 (Windows NT 6.1; rv:20.0) Gecko/20100101 Firefox/20.0"
109.69.112.44 - - [23/Apr/2013:14:42:42 +0200] "GET /jog/images/post_v.png HTTP/1.1" 200 310 "http://www.beklen.hu/jog/style.css" "Mozilla/5.0 (Windows NT 6.1; rv:20.0) Gecko/20100101 Firefox/20.0"
109.69.112.44 - - [23/Apr/2013:14:42:42 +0200] "GET /jog/images/spacer.gif HTTP/1.1" 200 43 "http://www.beklen.hu/jog/style.css" "Mozilla/5.0 (Windows NT 6.1; rv:20.0) Gecko/20100101 Firefox/20.0"
109.69.112.44 - - [23/Apr/2013:14:42:42 +0200] "GET /jog/images/Bottom_texture.jpg HTTP/1.1" 200 193775 "http://www.beklen.hu/jog/style.css" "Mozilla/5.0 (Windows NT 6.1; rv:20.0) Gecko/20100101 Firefox/20.0"
109.69.112.44 - - [23/Apr/2013:14:42:42 +0200] "GET /jog/images/header.png HTTP/1.1" 200 170837 "http://www.beklen.hu/jog/style.css" "Mozilla/5.0 (Windows NT 6.1; rv:20.0) Gecko/20100101 Firefox/20.0"
109.69.112.44 - - [23/Apr/2013:14:42:42 +0200] "GET /jog/images/post_c.png HTTP/1.1" 200 204 "http://www.beklen.hu/jog/style.css" "Mozilla/5.0 (Windows NT 6.1; rv:20.0) Gecko/20100101 Firefox/20.0"
109.69.112.44 - - [23/Apr/2013:14:42:42 +0200] "GET /jog/images/menuitem.png HTTP/1.1" 200 20398 "http://www.beklen.hu/jog/style.css" "Mozilla/5.0 (Windows NT 6.1; rv:20.0) Gecko/20100101 Firefox/20.0"
66.249.78.60 - - [23/Apr/2013:14:46:46 +0200] "GET /hirek/1303122.htm HTTP/1.1" 304 - "-" "Mozilla/5.0 (iPhone; U; CPU iPhone OS 4_1 like Mac OS X; en-us) AppleWebKit/532.9 (KHTML, like Gecko) Version/4.0.5 Mobile/8B117 Safari/6531.22.7 (compatible; Googlebot-Mobile/2.1; +http://www.google.com/bot.html)"
77.88.42.27 - - [23/Apr/2013:14:58:29 +0200] "GET /nca10.htm HTTP/1.1" 200 16648 "-" "Mozilla/5.0 (compatible; YandexBot/3.0; +http://yandex.com/bots)"
66.249.78.60 - - [23/Apr/2013:15:28:05 +0200] "GET /hirek/hirek090602.htm HTTP/1.1" 304 - "-" "Mozilla/5.0 (compatible; Googlebot/2.1; +http://www.google.com/bot.html)"
66.249.78.60 - - [23/Apr/2013:15:37:04 +0200] "GET /jog/eseteink/duzzaszto/gyulavari_kotelezes1.pdf HTTP/1.1" 304 - "-" "Mozilla/5.0 (iPhone; U; CPU iPhone OS 4_1 like Mac OS X; en-us) AppleWebKit/532.9 (KHTML, like Gecko) Version/4.0.5 Mobile/8B117 Safari/6531.22.7 (compatible; Googlebot-Mobile/2.1; +http://www.google.com/bot.html)"
66.249.76.200 - - [23/Apr/2013:15:44:45 +0200] "GET /jog/jogihatter.htm HTTP/1.1" 200 18691 "-" "Mozilla/5.0 (iPhone; U; CPU iPhone OS 4_1 like Mac OS X; en-us) AppleWebKit/532.9 (KHTML, like Gecko) Version/4.0.5 Mobile/8B117 Safari/6531.22.7 (compatible; Googlebot-Mobile/2.1; +http://www.google.com/bot.html)"
77.88.42.27 - - [23/Apr/2013:15:55:05 +0200] "GET /jog/jogszabalyok/2011_clxxv.pdf HTTP/1.1" 200 361132 "-" "Mozilla/5.0 (compatible; YandexBot/3.0; +http://yandex.com/bots)"
94.21.12.175 - - [23/Apr/2013:16:07:11 +0200] "GET / HTTP/1.1" 200 43954 "http://www.google.hu/url?sa=t&rct=j&q=&esrc=s&source=web&cd=1&ved=0CDEQFjAA&url=http%3A%2F%2Fwww.beklen.hu%2F&ei=jpV2UYObL8WfO_H3gIAP&usg=AFQjCNEP-2laihep9vegTwNlHcl4us-iaw&bvm=bv.45512109,d.ZWU" "Mozilla/5.0 (Windows NT 6.1; rv:20.0) Gecko/20100101 Firefox/20.0"
94.21.12.175 - - [23/Apr/2013:16:07:11 +0200] "GET /vill.cs HTTP/1.1" 200 3139 "http://www.beklen.hu/" "Mozilla/5.0 (Windows NT 6.1; rv:20.0) Gecko/20100101 Firefox/20.0"
94.21.12.175 - - [23/Apr/2013:16:07:11 +0200] "GET /lb/css/lightbox.css HTTP/1.1" 200 1715 "http://www.beklen.hu/" "Mozilla/5.0 (Windows NT 6.1; rv:20.0) Gecko/20100101 Firefox/20.0"
94.21.12.175 - - [23/Apr/2013:16:07:11 +0200] "GET /lb/js/scriptaculous.js?load=effects HTTP/1.1" 200 2152 "http://www.beklen.hu/" "Mozilla/5.0 (Windows NT 6.1; rv:20.0) Gecko/20100101 Firefox/20.0"
94.21.12.175 - - [23/Apr/2013:16:07:11 +0200] "GET /lb/js/lightbox.js HTTP/1.1" 200 23424 "http://www.beklen.hu/" "Mozilla/5.0 (Windows NT 6.1; rv:20.0) Gecko/20100101 Firefox/20.0"
94.21.12.175 - - [23/Apr/2013:16:07:11 +0200] "GET /lb/js/prototype.js HTTP/1.1" 200 47603 "http://www.beklen.hu/" "Mozilla/5.0 (Windows NT 6.1; rv:20.0) Gecko/20100101 Firefox/20.0"
94.21.12.175 - - [23/Apr/2013:16:07:11 +0200] "GET /tm01.jpg HTTP/1.1" 200 1080 "http://www.beklen.hu/" "Mozilla/5.0 (Windows NT 6.1; rv:20.0) Gecko/20100101 Firefox/20.0"
94.21.12.175 - - [23/Apr/2013:16:07:11 +0200] "GET /tm02.jpg HTTP/1.1" 200 1873 "http://www.beklen.hu/" "Mozilla/5.0 (Windows NT 6.1; rv:20.0) Gecko/20100101 Firefox/20.0"
94.21.12.175 - - [23/Apr/2013:16:07:11 +0200] "GET /tm03_.jpg HTTP/1.1" 200 1787 "http://www.beklen.hu/" "Mozilla/5.0 (Windows NT 6.1; rv:20.0) Gecko/20100101 Firefox/20.0"
94.21.12.175 - - [23/Apr/2013:16:07:11 +0200] "GET /tm05_.jpg HTTP/1.1" 200 1839 "http://www.beklen.hu/" "Mozilla/5.0 (Windows NT 6.1; rv:20.0) Gecko/20100101 Firefox/20.0"
94.21.12.175 - - [23/Apr/2013:16:07:11 +0200] "GET /tm04_.jpg HTTP/1.1" 200 2058 "http://www.beklen.hu/" "Mozilla/5.0 (Windows NT 6.1; rv:20.0) Gecko/20100101 Firefox/20.0"
94.21.12.175 - - [23/Apr/2013:16:07:11 +0200] "GET /tm06_.jpg HTTP/1.1" 200 1382 "http://www.beklen.hu/" "Mozilla/5.0 (Windows NT 6.1; rv:20.0) Gecko/20100101 Firefox/20.0"
94.21.12.175 - - [23/Apr/2013:16:07:11 +0200] "GET /tm07.jpg HTTP/1.1" 200 1007 "http://www.beklen.hu/" "Mozilla/5.0 (Windows NT 6.1; rv:20.0) Gecko/20100101 Firefox/20.0"
94.21.12.175 - - [23/Apr/2013:16:07:11 +0200] "GET /a1_projekt_tabla_infra_cs3_beklenhaz_.jpg HTTP/1.1" 200 8994 "http://www.beklen.hu/" "Mozilla/5.0 (Windows NT 6.1; rv:20.0) Gecko/20100101 Firefox/20.0"
94.21.12.175 - - [23/Apr/2013:16:07:11 +0200] "GET /uszt-tabla_.jpg HTTP/1.1" 200 4543 "http://www.beklen.hu/" "Mozilla/5.0 (Windows NT 6.1; rv:20.0) Gecko/20100101 Firefox/20.0"
94.21.12.175 - - [23/Apr/2013:16:07:11 +0200] "GET /jog_honlap_.jpg HTTP/1.1" 200 7186 "http://www.beklen.hu/" "Mozilla/5.0 (Windows NT 6.1; rv:20.0) Gecko/20100101 Firefox/20.0"
94.21.12.175 - - [23/Apr/2013:16:07:12 +0200] "GET /lb/js/effects.js HTTP/1.1" 200 31969 "http://www.beklen.hu/" "Mozilla/5.0 (Windows NT 6.1; rv:20.0) Gecko/20100101 Firefox/20.0"
94.21.12.175 - - [23/Apr/2013:16:07:12 +0200] "GET /bg.jpg HTTP/1.1" 200 566 "http://www.beklen.hu/" "Mozilla/5.0 (Windows NT 6.1; rv:20.0) Gecko/20100101 Firefox/20.0"
94.21.12.175 - - [23/Apr/2013:16:07:12 +0200] "GET /bottom_main.jpg HTTP/1.1" 200 96820 "http://www.beklen.hu/vill.cs" "Mozilla/5.0 (Windows NT 6.1; rv:20.0) Gecko/20100101 Firefox/20.0"
94.21.12.175 - - [23/Apr/2013:16:07:12 +0200] "GET /turizmusbanner.swf HTTP/1.1" 200 160827 "http://www.beklen.hu/" "Mozilla/5.0 (Windows NT 6.1; rv:20.0) Gecko/20100101 Firefox/20.0"
94.21.12.175 - - [23/Apr/2013:16:07:13 +0200] "GET /nimfea_project_250x250.gif HTTP/1.1" 200 2986583 "http://www.beklen.hu/" "Mozilla/5.0 (Windows NT 6.1; rv:20.0) Gecko/20100101 Firefox/20.0"
94.21.12.175 - - [23/Apr/2013:16:07:13 +0200] "GET /tm05.jpg HTTP/1.1" 200 2253 "http://www.beklen.hu/" "Mozilla/5.0 (Windows NT 6.1; rv:20.0) Gecko/20100101 Firefox/20.0"
94.21.12.175 - - [23/Apr/2013:16:07:13 +0200] "GET /tm02_.jpg HTTP/1.1" 200 1524 "http://www.beklen.hu/" "Mozilla/5.0 (Windows NT 6.1; rv:20.0) Gecko/20100101 Firefox/20.0"
94.21.12.175 - - [23/Apr/2013:16:07:13 +0200] "GET /lb/images/closelabel.gif HTTP/1.1" 200 222 "http://www.beklen.hu/" "Mozilla/5.0 (Windows NT 6.1; rv:20.0) Gecko/20100101 Firefox/20.0"
94.21.12.175 - - [23/Apr/2013:16:07:13 +0200] "GET /lb/images/loading.gif HTTP/1.1" 200 2767 "http://www.beklen.hu/" "Mozilla/5.0 (Windows NT 6.1; rv:20.0) Gecko/20100101 Firefox/20.0"
94.21.12.175 - - [23/Apr/2013:16:07:13 +0200] "GET /tm03.jpg HTTP/1.1" 200 2212 "http://www.beklen.hu/" "Mozilla/5.0 (Windows NT 6.1; rv:20.0) Gecko/20100101 Firefox/20.0"
94.21.12.175 - - [23/Apr/2013:16:07:13 +0200] "GET /tm04.jpg HTTP/1.1" 200 2613 "http://www.beklen.hu/" "Mozilla/5.0 (Windows NT 6.1; rv:20.0) Gecko/20100101 Firefox/20.0"
94.21.12.175 - - [23/Apr/2013:16:07:13 +0200] "GET /tm06.jpg HTTP/1.1" 200 1651 "http://www.beklen.hu/" "Mozilla/5.0 (Windows NT 6.1; rv:20.0) Gecko/20100101 Firefox/20.0"
94.21.12.175 - - [23/Apr/2013:16:07:13 +0200] "GET /favicon.ico HTTP/1.1" 404 1181 "-" "Mozilla/5.0 (Windows NT 6.1; rv:20.0) Gecko/20100101 Firefox/20.0"
94.21.12.175 - - [23/Apr/2013:16:07:13 +0200] "GET /favicon.ico HTTP/1.1" 404 1181 "-" "Mozilla/5.0 (Windows NT 6.1; rv:20.0) Gecko/20100101 Firefox/20.0"
66.249.78.60 - - [23/Apr/2013:16:23:04 +0200] "GET /hirek/Natura_2000es_gyepgazdalkodas_eloirasai.ppt HTTP/1.1" 200 333312 "-" "Mozilla/5.0 (iPhone; U; CPU iPhone OS 4_1 like Mac OS X; en-us) AppleWebKit/532.9 (KHTML, like Gecko) Version/4.0.5 Mobile/8B117 Safari/6531.22.7 (compatible; Googlebot-Mobile/2.1; +http://www.google.com/bot.html)"
66.249.78.60 - - [23/Apr/2013:16:47:06 +0200] "GET /jog/eseteink/audi/additional_information_on_the_compensatory_measures_provided_by_hungarian_authorities_at_the_request_of_the_commission_1.pdf HTTP/1.1" 200 3383998 "-" "Mozilla/5.0 (iPhone; U; CPU iPhone OS 4_1 like Mac OS X; en-us) AppleWebKit/532.9 (KHTML, like Gecko) Version/4.0.5 Mobile/8B117 Safari/6531.22.7 (compatible; Googlebot-Mobile/2.1; +http://www.google.com/bot.html)"
157.56.229.186 - - [23/Apr/2013:16:55:07 +0200] "GET /robots.txt HTTP/1.1" 404 1181 "-" "Mozilla/5.0 (compatible; bingbot/2.0; +http://www.bing.com/bingbot.htm)"
157.56.229.186 - - [23/Apr/2013:16:56:31 +0200] "GET /programok.htm HTTP/1.1" 200 6444 "-" "Mozilla/5.0 (compatible; bingbot/2.0; +http://www.bing.com/bingbot.htm)"
157.56.93.218 - - [23/Apr/2013:16:57:00 +0200] "GET /fiok/ HTTP/1.1" 200 20554 "-" "Mozilla/5.0 (compatible; bingbot/2.0; +http://www.bing.com/bingbot.htm)"
157.55.32.101 - - [23/Apr/2013:16:57:30 +0200] "GET /khb.htm HTTP/1.1" 200 8719 "-" "Mozilla/5.0 (compatible; bingbot/2.0; +http://www.bing.com/bingbot.htm)"
157.55.32.101 - - [23/Apr/2013:16:57:33 +0200] "GET /deutsch/index.htm HTTP/1.1" 200 5324 "-" "Mozilla/5.0 (compatible; bingbot/2.0; +http://www.bing.com/bingbot.htm)"
157.55.32.101 - - [23/Apr/2013:16:57:34 +0200] "GET /fiok/fiok.html HTTP/1.1" 200 20723 "-" "Mozilla/5.0 (compatible; bingbot/2.0; +http://www.bing.com/bingbot.htm)"
157.55.35.91 - - [23/Apr/2013:16:58:02 +0200] "GET /jog/eseteink/audi/index.htm HTTP/1.1" 200 15938 "-" "Mozilla/5.0 (compatible; bingbot/2.0; +http://www.bing.com/bingbot.htm)"
157.55.35.91 - - [23/Apr/2013:16:58:02 +0200] "GET /jog/eseteink/kavicszatony/ HTTP/1.1" 200 16432 "-" "Mozilla/5.0 (compatible; bingbot/2.0; +http://www.bing.com/bingbot.htm)"
139.18.2.209 - - [23/Apr/2013:17:13:05 +0200] "GET /jog/eseteink/audi/index.htm HTTP/1.1" 200 15938 "-" "findlinks/2.6 (+http://wortschatz.uni-leipzig.de/findlinks/)"
157.56.92.162 - - [23/Apr/2013:17:14:40 +0200] "GET /fiok/kornyezet.htm HTTP/1.1" 200 22582 "-" "Mozilla/5.0 (compatible; bingbot/2.0; +http://www.bing.com/bingbot.htm)"
157.56.92.162 - - [23/Apr/2013:17:14:42 +0200] "GET /nca.htm HTTP/1.1" 200 7467 "-" "Mozilla/5.0 (compatible; bingbot/2.0; +http://www.bing.com/bingbot.htm)"
78.92.230.10 - - [23/Apr/2013:17:20:18 +0200] "GET /fiok/kepek/03.jpg HTTP/1.1" 200 80154 "-" "Mozilla/5.0 (Windows NT 6.1; WOW64) AppleWebKit/537.31 (KHTML, like Gecko) Chrome/26.0.1410.64 Safari/537.31"
157.56.92.173 - - [23/Apr/2013:17:36:11 +0200] "GET /index.htm HTTP/1.1" 200 43954 "-" "Mozilla/5.0 (compatible; bingbot/2.0; +http://www.bing.com/bingbot.htm)"
188.157.238.48 - - [23/Apr/2013:17:44:27 +0200] "GET /jog/eseteink/audi/audi_gyor_restoration_measures1-10.pdf HTTP/1.1" 200 4247194 "-" "Mozilla/5.0 (iPhone; CPU iPhone OS 6_1_2 like Mac OS X) AppleWebKit/536.26 (KHTML, like Gecko) Version/6.0 Mobile/10B146 Safari/8536.25"
157.55.32.61 - - [23/Apr/2013:18:02:07 +0200] "GET /english/index.htm HTTP/1.1" 200 5262 "-" "Mozilla/5.0 (compatible; bingbot/2.0; +http://www.bing.com/bingbot.htm)"
180.76.5.151 - - [23/Apr/2013:18:06:53 +0200] "GET /fiok/program_reszek/konferancia.htm HTTP/1.1" 200 21668 "-" "Mozilla/5.0 (compatible; Baiduspider/2.0; +http://www.baidu.com/search/spider.html)"
66.249.78.60 - - [23/Apr/2013:18:09:19 +0200] "GET /jog/polgariper.htm HTTP/1.1" 304 - "-" "Mozilla/5.0 (iPhone; U; CPU iPhone OS 4_1 like Mac OS X; en-us) AppleWebKit/532.9 (KHTML, like Gecko) Version/4.0.5 Mobile/8B117 Safari/6531.22.7 (compatible; Googlebot-Mobile/2.1; +http://www.google.com/bot.html)"
208.115.111.68 - - [23/Apr/2013:18:13:54 +0200] "GET /robots.txt HTTP/1.1" 404 1181 "-" "Mozilla/5.0 (compatible; Ezooms/1.0; ezooms.bot@gmail.com)"
66.249.78.60 - - [23/Apr/2013:18:20:59 +0200] "GET /jog/eseteink/malom/fotok/img_3065.jpg HTTP/1.1" 304 - "-" "Googlebot-Image/1.0"
66.249.78.60 - - [23/Apr/2013:18:22:45 +0200] "GET /hirek/090510/szuletesunnepe030.jpg HTTP/1.1" 304 - "-" "Googlebot-Image/1.0"
65.55.215.108 - - [23/Apr/2013:18:31:51 +0200] "GET /robots.txt HTTP/1.1" 404 1181 "-" "msnbot-media/1.1 (+http://search.msn.com/msnbot.htm)"
65.55.215.108 - - [23/Apr/2013:18:31:53 +0200] "GET /jog/eseteink/audi/gyor,%20hungary%20-%20audi.jpg HTTP/1.1" 200 45931 "-" "msnbot-media/1.1 (+http://search.msn.com/msnbot.htm)"
89.148.121.5 - - [23/Apr/2013:18:32:50 +0200] "GET /fiok/program_reszek/programok/21.jpg HTTP/1.1" 200 261695 "http://www.google.hu/blank.html" "Opera/9.80 (Windows NT 6.1; WOW64) Presto/2.12.388 Version/12.15"
65.55.215.46 - - [23/Apr/2013:18:36:40 +0200] "GET /robots.txt HTTP/1.1" 404 1181 "-" "msnbot-media/1.1 (+http://search.msn.com/msnbot.htm)"
65.55.215.46 - - [23/Apr/2013:18:36:40 +0200] "GET /a1_projekt_tabla_infra_cs3_beklenhaz_.jpg HTTP/1.1" 200 8994 "-" "msnbot-media/1.1 (+http://search.msn.com/msnbot.htm)"
130.83.167.153 - - [23/Apr/2013:18:57:06 +0200] "GET /jog/jogsegely.htm HTTP/1.1" 200 14053 "-" "findlinks/2.6 (+http://wortschatz.uni-leipzig.de/findlinks/)"
66.249.78.60 - - [23/Apr/2013:19:15:32 +0200] "GET /nca11.htm HTTP/1.1" 200 7133 "-" "SAMSUNG-SGH-E250/1.0 Profile/MIDP-2.0 Configuration/CLDC-1.1 UP.Browser/6.2.3.3.c.1.101 (GUI) MMP/2.0 (compatible; Googlebot-Mobile/2.1; +http://www.google.com/bot.html)"
66.249.78.60 - - [23/Apr/2013:19:29:14 +0200] "GET /hirek/090510/szuletesunnepe021.jpg HTTP/1.1" 304 - "-" "Googlebot-Image/1.0"
157.56.229.244 - - [23/Apr/2013:19:44:39 +0200] "GET /robots.txt HTTP/1.1" 404 1181 "-" "Mozilla/5.0 (compatible; bingbot/2.0; +http://www.bing.com/bingbot.htm)"
65.55.215.78 - - [23/Apr/2013:19:45:30 +0200] "GET /robots.txt HTTP/1.1" 404 1181 "-" "msnbot-media/1.1 (+http://search.msn.com/msnbot.htm)"
65.55.215.78 - - [23/Apr/2013:19:45:30 +0200] "GET /images/eea_logo_.jpg HTTP/1.1" 200 32098 "-" "msnbot-media/1.1 (+http://search.msn.com/msnbot.htm)"
157.56.229.244 - - [23/Apr/2013:19:46:34 +0200] "GET / HTTP/1.1" 200 43954 "-" "Mozilla/5.0 (compatible; bingbot/2.0; +http://www.bing.com/bingbot.htm)"
157.56.229.244 - - [23/Apr/2013:19:46:39 +0200] "GET / HTTP/1.1" 200 43954 "-" "Mozilla/5.0 (compatible; bingbot/2.0; +http://www.bing.com/bingbot.htm)"
