66.249.78.60 - - [12/Apr/2013:15:39:31 +0200] "GET /jog/eseteink/malom/ugyfel.pdf HTTP/1.1" 200 287556 "-" "Mozilla/5.0 (iPhone; U; CPU iPhone OS 4_1 like Mac OS X; en-us) AppleWebKit/532.9 (KHTML, like Gecko) Version/4.0.5 Mobile/8B117 Safari/6531.22.7 (compatible; Googlebot-Mobile/2.1; +http://www.google.com/bot.html)"
66.249.78.60 - - [12/Apr/2013:16:33:12 +0200] "GET /jog/eseteink/kavicszatony/bfnpi%20fellebbezese%20mura%20kotras%20vj%20eng.pdf HTTP/1.1" 200 219591 "-" "Mozilla/5.0 (compatible; Googlebot/2.1; +http://www.google.com/bot.html)"
66.249.78.60 - - [12/Apr/2013:16:34:41 +0200] "GET /jog/eseteink/poroszlo/index.htm HTTP/1.1" 304 - "-" "Mozilla/5.0 (compatible; Googlebot/2.1; +http://www.google.com/bot.html)"
66.249.78.60 - - [12/Apr/2013:16:40:42 +0200] "GET /hirek/1303191.htm HTTP/1.1" 200 8910 "-" "Mozilla/5.0 (compatible; Googlebot/2.1; +http://www.google.com/bot.html)"
78.92.145.179 - - [12/Apr/2013:17:19:45 +0200] "GET /jog/eseteink/derekegyhaza/dalerd-disznoskert%20szakhat-vegleges.pdf HTTP/1.1" 200 190281 "http://www.google.hu/url?sa=t&rct=j&q=hal%C3%A1szati%20fel%C3%BCgyel%C5%91s%C3%A9g%20t%C3%A1j%C3%A9koztat%C3%B3%20a%20v%C3%A1rhato&source=web&cd=18&ved=0CFAQFjAHOAo&url=http%3A%2F%2Fwww.beklen.hu%2Fjog%2Feseteink%2Fderekegyhaza%2Fdalerd-disznoskert%2520szakhat-vegleges.pdf&ei=8yVoUazUIuGL4ATsxoG4DQ&usg=AFQjCNEBGu24jT5qgAFqhIXgQVRiAz7BFA" "Mozilla/5.0 (compatible; MSIE 10.0; Windows NT 6.1; Trident/6.0)"
66.249.78.60 - - [12/Apr/2013:17:21:36 +0200] "GET /jog/eseteink/kavicszatony/mura_valasz.pdf HTTP/1.1" 200 105721 "-" "Mozilla/5.0 (compatible; Googlebot/2.1; +http://www.google.com/bot.html)"
66.249.78.60 - - [12/Apr/2013:17:25:45 +0200] "GET /jog/eseteink/korosladany/oktvf-nek.pdf HTTP/1.1" 304 - "-" "Mozilla/5.0 (compatible; Googlebot/2.1; +http://www.google.com/bot.html)"
66.249.78.60 - - [12/Apr/2013:17:34:06 +0200] "GET /jog/eseteink/poroszlo/index.htm HTTP/1.1" 304 - "-" "Mozilla/5.0 (compatible; Googlebot/2.1; +http://www.google.com/bot.html)"
66.249.78.60 - - [12/Apr/2013:17:47:22 +0200] "GET /hirek/hirek100305.htm HTTP/1.1" 304 - "-" "Mozilla/5.0 (iPhone; U; CPU iPhone OS 4_1 like Mac OS X; en-us) AppleWebKit/532.9 (KHTML, like Gecko) Version/4.0.5 Mobile/8B117 Safari/6531.22.7 (compatible; Googlebot-Mobile/2.1; +http://www.google.com/bot.html)"
139.18.2.209 - - [12/Apr/2013:18:05:40 +0200] "GET /jog/publikaciok.htm HTTP/1.1" 200 17866 "-" "findlinks/2.6 (+http://wortschatz.uni-leipzig.de/findlinks/)"
199.30.20.88 - - [12/Apr/2013:18:07:46 +0200] "GET /robots.txt HTTP/1.1" 404 1181 "-" "msnbot-media/1.1 (+http://search.msn.com/msnbot.htm)"
199.30.20.88 - - [12/Apr/2013:18:07:46 +0200] "GET /tm07.jpg HTTP/1.1" 200 1007 "-" "msnbot-media/1.1 (+http://search.msn.com/msnbot.htm)"
66.249.78.60 - - [12/Apr/2013:18:11:32 +0200] "GET /hirek/1303203.htm HTTP/1.1" 200 10390 "-" "Mozilla/5.0 (compatible; Googlebot/2.1; +http://www.google.com/bot.html)"
66.249.78.60 - - [12/Apr/2013:18:15:40 +0200] "GET /turizmusbanner.swf HTTP/1.1" 200 160827 "-" "Mozilla/5.0 (compatible; Googlebot/2.1; +http://www.google.com/bot.html)"
62.141.45.205 - - [12/Apr/2013:18:29:44 +0200] "GET /magunkrol.htm HTTP/1.1" 200 9161 "-" "findlinks/2.6 (+http://wortschatz.uni-leipzig.de/findlinks/)"
66.249.78.60 - - [12/Apr/2013:19:00:43 +0200] "GET /robots.txt HTTP/1.1" 404 1181 "-" "Mozilla/5.0 (compatible; Googlebot/2.1; +http://www.google.com/bot.html)"
66.249.78.60 - - [12/Apr/2013:19:00:44 +0200] "GET /jog/jogszabalyok/1995.%20evi%20XCIII.%20torveny.pdf HTTP/1.1" 200 125662 "-" "Mozilla/5.0 (compatible; Googlebot/2.1; +http://www.google.com/bot.html)"
66.249.78.60 - - [12/Apr/2013:19:05:13 +0200] "GET /jog/eseteink/audi/index.htm HTTP/1.1" 304 - "-" "Mozilla/5.0 (compatible; Googlebot/2.1; +http://www.google.com/bot.html)"
66.249.78.60 - - [12/Apr/2013:19:06:21 +0200] "GET /fiok/program_reszek/konferancia.htm HTTP/1.1" 304 - "-" "Mozilla/5.0 (iPhone; U; CPU iPhone OS 4_1 like Mac OS X; en-us) AppleWebKit/532.9 (KHTML, like Gecko) Version/4.0.5 Mobile/8B117 Safari/6531.22.7 (compatible; Googlebot-Mobile/2.1; +http://www.google.com/bot.html)"
178.210.240.127 - - [12/Apr/2013:19:06:56 +0200] "GET /jog/eseteink/korosladany/szakerto_dij_birosag.doc.pdf HTTP/1.1" 200 57014 "http://www.google.hu/url?sa=t&rct=j&q=%C3%A1raj%C3%A1nlat%20szak%C3%A9rt%C5%91i%20megb%C3%ADz%C3%A1shoz&source=web&cd=4&ved=0CD4QFjAD&url=http%3A%2F%2Fwww.beklen.hu%2Fjog%2Feseteink%2Fkorosladany%2Fszakerto_dij_birosag.doc.pdf&ei=HD9oUYSpFsLd4QTgqIDADw&usg=AFQjCNEZCz-Wasw6c7I6NEIv912mKY1jqg" "Mozilla/5.0 (Windows NT 6.0) AppleWebKit/537.31 (KHTML, like Gecko) Chrome/26.0.1410.64 Safari/537.31"
178.210.240.127 - - [12/Apr/2013:19:06:56 +0200] "GET /favicon.ico HTTP/1.1" 404 1181 "-" "Mozilla/5.0 (Windows NT 6.0) AppleWebKit/537.31 (KHTML, like Gecko) Chrome/26.0.1410.64 Safari/537.31"
178.210.240.127 - - [12/Apr/2013:19:06:56 +0200] "GET /jog/eseteink/korosladany/szakerto_dij_birosag.doc.pdf HTTP/1.1" 206 32768 "http://www.beklen.hu/jog/eseteink/korosladany/szakerto_dij_birosag.doc.pdf" "Mozilla/5.0 (Windows NT 6.0) AppleWebKit/537.31 (KHTML, like Gecko) Chrome/26.0.1410.64 Safari/537.31"
178.210.240.127 - - [12/Apr/2013:19:06:57 +0200] "GET /jog/eseteink/korosladany/szakerto_dij_birosag.doc.pdf HTTP/1.1" 206 161674 "http://www.beklen.hu/jog/eseteink/korosladany/szakerto_dij_birosag.doc.pdf" "Mozilla/5.0 (Windows NT 6.0) AppleWebKit/537.31 (KHTML, like Gecko) Chrome/26.0.1410.64 Safari/537.31"
178.210.240.127 - - [12/Apr/2013:19:06:57 +0200] "GET /favicon.ico HTTP/1.1" 404 1181 "-" "Mozilla/5.0 (Windows NT 6.0) AppleWebKit/537.31 (KHTML, like Gecko) Chrome/26.0.1410.64 Safari/537.31"
178.210.240.127 - - [12/Apr/2013:19:07:24 +0200] "GET /favicon.ico HTTP/1.1" 404 1181 "-" "Mozilla/5.0 (compatible; Google Desktop/5.9.1005.12335; http://desktop.google.com/)"
66.249.78.60 - - [12/Apr/2013:19:17:14 +0200] "GET /jog/eseteink/korosladany/panasz_rendorsegi_hatarozat_ellen.pdf HTTP/1.1" 304 - "-" "Mozilla/5.0 (compatible; Googlebot/2.1; +http://www.google.com/bot.html)"
89.133.7.64 - - [12/Apr/2013:19:51:24 +0200] "GET /fiok/kepek/03.jpg HTTP/1.1" 200 80154 "http://www.google.hu/blank.html" "Mozilla/5.0 (X11; Linux i686) AppleWebKit/535.22+ (KHTML, like Gecko) Chromium/17.0.963.56 Chrome/17.0.963.56 Safari/535.22+ Ubuntu/12.04 (3.4.1-0ubuntu1) Epiphany/3.4.1"
89.133.7.64 - - [12/Apr/2013:19:51:27 +0200] "GET /fiok/kornyezet.htm HTTP/1.1" 200 22582 "http://www.google.hu/url?sa=i&rct=j&q=%C3%A9nekesmadarak&source=images&cd=&docid=2PArkY8lCSN0ZM&tbnid=rmTG3r5mzMkbFM:&ved=&url=http%3A%2F%2Fwww.beklen.hu%2Ffiok%2Fkornyezet.htm&ei=g0loUbCPIdHBtAbswoDQCA&bvm=bv.45175338,d.Yms&psig=AFQjCNGVrHmyomBMx_F3H-UqRGtAZU16UA&ust=1365875460017453" "Mozilla/5.0 (X11; Linux i686) AppleWebKit/535.22+ (KHTML, like Gecko) Chromium/17.0.963.56 Chrome/17.0.963.56 Safari/535.22+ Ubuntu/12.04 (3.4.1-0ubuntu1) Epiphany/3.4.1"
89.133.7.64 - - [12/Apr/2013:19:51:27 +0200] "GET /fiok/css/js/scriptaculous.js?load=effects HTTP/1.1" 200 2152 "http://www.beklen.hu/fiok/kornyezet.htm" "Mozilla/5.0 (X11; Linux i686) AppleWebKit/535.22+ (KHTML, like Gecko) Chromium/17.0.963.56 Chrome/17.0.963.56 Safari/535.22+ Ubuntu/12.04 (3.4.1-0ubuntu1) Epiphany/3.4.1"
89.133.7.64 - - [12/Apr/2013:19:51:28 +0200] "GET /fiok/css/lightbox.css HTTP/1.1" 200 1715 "http://www.beklen.hu/fiok/kornyezet.htm" "Mozilla/5.0 (X11; Linux i686) AppleWebKit/535.22+ (KHTML, like Gecko) Chromium/17.0.963.56 Chrome/17.0.963.56 Safari/535.22+ Ubuntu/12.04 (3.4.1-0ubuntu1) Epiphany/3.4.1"
89.133.7.64 - - [12/Apr/2013:19:51:28 +0200] "GET /fiok/css/js/lightbox.js HTTP/1.1" 200 23424 "http://www.beklen.hu/fiok/kornyezet.htm" "Mozilla/5.0 (X11; Linux i686) AppleWebKit/535.22+ (KHTML, like Gecko) Chromium/17.0.963.56 Chrome/17.0.963.56 Safari/535.22+ Ubuntu/12.04 (3.4.1-0ubuntu1) Epiphany/3.4.1"
89.133.7.64 - - [12/Apr/2013:19:51:28 +0200] "GET /fiok/css/js/prototype.js HTTP/1.1" 200 47603 "http://www.beklen.hu/fiok/kornyezet.htm" "Mozilla/5.0 (X11; Linux i686) AppleWebKit/535.22+ (KHTML, like Gecko) Chromium/17.0.963.56 Chrome/17.0.963.56 Safari/535.22+ Ubuntu/12.04 (3.4.1-0ubuntu1) Epiphany/3.4.1"
89.133.7.64 - - [12/Apr/2013:19:51:28 +0200] "GET /fiok/css/js/effects.js HTTP/1.1" 200 31969 "http://www.beklen.hu/fiok/kornyezet.htm" "Mozilla/5.0 (X11; Linux i686) AppleWebKit/535.22+ (KHTML, like Gecko) Chromium/17.0.963.56 Chrome/17.0.963.56 Safari/535.22+ Ubuntu/12.04 (3.4.1-0ubuntu1) Epiphany/3.4.1"
89.133.7.64 - - [12/Apr/2013:19:51:28 +0200] "GET /fiok/images/b12.jpg HTTP/1.1" 200 544 "http://www.beklen.hu/fiok/kornyezet.htm" "Mozilla/5.0 (X11; Linux i686) AppleWebKit/535.22+ (KHTML, like Gecko) Chromium/17.0.963.56 Chrome/17.0.963.56 Safari/535.22+ Ubuntu/12.04 (3.4.1-0ubuntu1) Epiphany/3.4.1"
89.133.7.64 - - [12/Apr/2013:19:51:28 +0200] "GET /fiok/images/index_02_02.JPG HTTP/1.1" 200 1178 "http://www.beklen.hu/fiok/kornyezet.htm" "Mozilla/5.0 (X11; Linux i686) AppleWebKit/535.22+ (KHTML, like Gecko) Chromium/17.0.963.56 Chrome/17.0.963.56 Safari/535.22+ Ubuntu/12.04 (3.4.1-0ubuntu1) Epiphany/3.4.1"
89.133.7.64 - - [12/Apr/2013:19:51:28 +0200] "GET /fiok/images/index_11.gif HTTP/1.1" 200 74 "http://www.beklen.hu/fiok/kornyezet.htm" "Mozilla/5.0 (X11; Linux i686) AppleWebKit/535.22+ (KHTML, like Gecko) Chromium/17.0.963.56 Chrome/17.0.963.56 Safari/535.22+ Ubuntu/12.04 (3.4.1-0ubuntu1) Epiphany/3.4.1"
89.133.7.64 - - [12/Apr/2013:19:51:28 +0200] "GET /fiok/images/index_13.gif HTTP/1.1" 200 149 "http://www.beklen.hu/fiok/kornyezet.htm" "Mozilla/5.0 (X11; Linux i686) AppleWebKit/535.22+ (KHTML, like Gecko) Chromium/17.0.963.56 Chrome/17.0.963.56 Safari/535.22+ Ubuntu/12.04 (3.4.1-0ubuntu1) Epiphany/3.4.1"
89.133.7.64 - - [12/Apr/2013:19:51:28 +0200] "GET /fiok/images/index_12_12.JPG HTTP/1.1" 200 985 "http://www.beklen.hu/fiok/kornyezet.htm" "Mozilla/5.0 (X11; Linux i686) AppleWebKit/535.22+ (KHTML, like Gecko) Chromium/17.0.963.56 Chrome/17.0.963.56 Safari/535.22+ Ubuntu/12.04 (3.4.1-0ubuntu1) Epiphany/3.4.1"
89.133.7.64 - - [12/Apr/2013:19:51:28 +0200] "GET /fiok/images/index_16_16.JPG HTTP/1.1" 200 13468 "http://www.beklen.hu/fiok/kornyezet.htm" "Mozilla/5.0 (X11; Linux i686) AppleWebKit/535.22+ (KHTML, like Gecko) Chromium/17.0.963.56 Chrome/17.0.963.56 Safari/535.22+ Ubuntu/12.04 (3.4.1-0ubuntu1) Epiphany/3.4.1"
89.133.7.64 - - [12/Apr/2013:19:51:28 +0200] "GET /fiok/images/index_19_19.JPG HTTP/1.1" 200 3123 "http://www.beklen.hu/fiok/kornyezet.htm" "Mozilla/5.0 (X11; Linux i686) AppleWebKit/535.22+ (KHTML, like Gecko) Chromium/17.0.963.56 Chrome/17.0.963.56 Safari/535.22+ Ubuntu/12.04 (3.4.1-0ubuntu1) Epiphany/3.4.1"
89.133.7.64 - - [12/Apr/2013:19:51:28 +0200] "GET /fiok/images/index_17_17.jpg HTTP/1.1" 200 2374 "http://www.beklen.hu/fiok/kornyezet.htm" "Mozilla/5.0 (X11; Linux i686) AppleWebKit/535.22+ (KHTML, like Gecko) Chromium/17.0.963.56 Chrome/17.0.963.56 Safari/535.22+ Ubuntu/12.04 (3.4.1-0ubuntu1) Epiphany/3.4.1"
89.133.7.64 - - [12/Apr/2013:19:51:28 +0200] "GET /fiok/images/index_18_18.JPG HTTP/1.1" 200 15778 "http://www.beklen.hu/fiok/kornyezet.htm" "Mozilla/5.0 (X11; Linux i686) AppleWebKit/535.22+ (KHTML, like Gecko) Chromium/17.0.963.56 Chrome/17.0.963.56 Safari/535.22+ Ubuntu/12.04 (3.4.1-0ubuntu1) Epiphany/3.4.1"
89.133.7.64 - - [12/Apr/2013:19:51:28 +0200] "GET /fiok/images/index_15_15.JPG HTTP/1.1" 200 20275 "http://www.beklen.hu/fiok/kornyezet.htm" "Mozilla/5.0 (X11; Linux i686) AppleWebKit/535.22+ (KHTML, like Gecko) Chromium/17.0.963.56 Chrome/17.0.963.56 Safari/535.22+ Ubuntu/12.04 (3.4.1-0ubuntu1) Epiphany/3.4.1"
89.133.7.64 - - [12/Apr/2013:19:51:28 +0200] "GET /fiok/images/index_22.gif HTTP/1.1" 200 227 "http://www.beklen.hu/fiok/kornyezet.htm" "Mozilla/5.0 (X11; Linux i686) AppleWebKit/535.22+ (KHTML, like Gecko) Chromium/17.0.963.56 Chrome/17.0.963.56 Safari/535.22+ Ubuntu/12.04 (3.4.1-0ubuntu1) Epiphany/3.4.1"
89.133.7.64 - - [12/Apr/2013:19:51:28 +0200] "GET /fiok/images/index_24.gif HTTP/1.1" 200 227 "http://www.beklen.hu/fiok/kornyezet.htm" "Mozilla/5.0 (X11; Linux i686) AppleWebKit/535.22+ (KHTML, like Gecko) Chromium/17.0.963.56 Chrome/17.0.963.56 Safari/535.22+ Ubuntu/12.04 (3.4.1-0ubuntu1) Epiphany/3.4.1"
89.133.7.64 - - [12/Apr/2013:19:51:28 +0200] "GET /fiok/images/index_25.gif HTTP/1.1" 200 708 "http://www.beklen.hu/fiok/kornyezet.htm" "Mozilla/5.0 (X11; Linux i686) AppleWebKit/535.22+ (KHTML, like Gecko) Chromium/17.0.963.56 Chrome/17.0.963.56 Safari/535.22+ Ubuntu/12.04 (3.4.1-0ubuntu1) Epiphany/3.4.1"
89.133.7.64 - - [12/Apr/2013:19:51:28 +0200] "GET /fiok/kepek/02.jpg HTTP/1.1" 200 82993 "http://www.beklen.hu/fiok/kornyezet.htm" "Mozilla/5.0 (X11; Linux i686) AppleWebKit/535.22+ (KHTML, like Gecko) Chromium/17.0.963.56 Chrome/17.0.963.56 Safari/535.22+ Ubuntu/12.04 (3.4.1-0ubuntu1) Epiphany/3.4.1"
89.133.7.64 - - [12/Apr/2013:19:51:28 +0200] "GET /fiok/images/index_26.gif HTTP/1.1" 200 121 "http://www.beklen.hu/fiok/kornyezet.htm" "Mozilla/5.0 (X11; Linux i686) AppleWebKit/535.22+ (KHTML, like Gecko) Chromium/17.0.963.56 Chrome/17.0.963.56 Safari/535.22+ Ubuntu/12.04 (3.4.1-0ubuntu1) Epiphany/3.4.1"
89.133.7.64 - - [12/Apr/2013:19:51:28 +0200] "GET /fiok/images/index_14_14.JPG HTTP/1.1" 200 9305 "http://www.beklen.hu/fiok/kornyezet.htm" "Mozilla/5.0 (X11; Linux i686) AppleWebKit/535.22+ (KHTML, like Gecko) Chromium/17.0.963.56 Chrome/17.0.963.56 Safari/535.22+ Ubuntu/12.04 (3.4.1-0ubuntu1) Epiphany/3.4.1"
89.133.7.64 - - [12/Apr/2013:19:51:28 +0200] "GET /fiok/images/index_28.gif HTTP/1.1" 200 262 "http://www.beklen.hu/fiok/kornyezet.htm" "Mozilla/5.0 (X11; Linux i686) AppleWebKit/535.22+ (KHTML, like Gecko) Chromium/17.0.963.56 Chrome/17.0.963.56 Safari/535.22+ Ubuntu/12.04 (3.4.1-0ubuntu1) Epiphany/3.4.1"
89.133.7.64 - - [12/Apr/2013:19:51:28 +0200] "GET /fiok/images/spacer.gif HTTP/1.1" 200 43 "http://www.beklen.hu/fiok/kornyezet.htm" "Mozilla/5.0 (X11; Linux i686) AppleWebKit/535.22+ (KHTML, like Gecko) Chromium/17.0.963.56 Chrome/17.0.963.56 Safari/535.22+ Ubuntu/12.04 (3.4.1-0ubuntu1) Epiphany/3.4.1"
89.133.7.64 - - [12/Apr/2013:19:51:28 +0200] "GET /fiok/images/a4a.jpg HTTP/1.1" 200 524 "http://www.beklen.hu/fiok/kornyezet.htm" "Mozilla/5.0 (X11; Linux i686) AppleWebKit/535.22+ (KHTML, like Gecko) Chromium/17.0.963.56 Chrome/17.0.963.56 Safari/535.22+ Ubuntu/12.04 (3.4.1-0ubuntu1) Epiphany/3.4.1"
89.133.7.64 - - [12/Apr/2013:19:51:29 +0200] "GET /fiok/images/index_27_27.jpg HTTP/1.1" 200 12876 "http://www.beklen.hu/fiok/kornyezet.htm" "Mozilla/5.0 (X11; Linux i686) AppleWebKit/535.22+ (KHTML, like Gecko) Chromium/17.0.963.56 Chrome/17.0.963.56 Safari/535.22+ Ubuntu/12.04 (3.4.1-0ubuntu1) Epiphany/3.4.1"
89.133.7.64 - - [12/Apr/2013:19:51:29 +0200] "GET /fiok/images/b4b.jpg HTTP/1.1" 200 524 "http://www.beklen.hu/fiok/kornyezet.htm" "Mozilla/5.0 (X11; Linux i686) AppleWebKit/535.22+ (KHTML, like Gecko) Chromium/17.0.963.56 Chrome/17.0.963.56 Safari/535.22+ Ubuntu/12.04 (3.4.1-0ubuntu1) Epiphany/3.4.1"
89.133.7.64 - - [12/Apr/2013:19:51:29 +0200] "GET /fiok/images/c4c.jpg HTTP/1.1" 200 524 "http://www.beklen.hu/fiok/kornyezet.htm" "Mozilla/5.0 (X11; Linux i686) AppleWebKit/535.22+ (KHTML, like Gecko) Chromium/17.0.963.56 Chrome/17.0.963.56 Safari/535.22+ Ubuntu/12.04 (3.4.1-0ubuntu1) Epiphany/3.4.1"
89.133.7.64 - - [12/Apr/2013:19:51:29 +0200] "GET /fiok/images/d4d.jpg HTTP/1.1" 200 524 "http://www.beklen.hu/fiok/kornyezet.htm" "Mozilla/5.0 (X11; Linux i686) AppleWebKit/535.22+ (KHTML, like Gecko) Chromium/17.0.963.56 Chrome/17.0.963.56 Safari/535.22+ Ubuntu/12.04 (3.4.1-0ubuntu1) Epiphany/3.4.1"
89.133.7.64 - - [12/Apr/2013:19:51:29 +0200] "GET /fiok/images/e4e.jpg HTTP/1.1" 200 524 "http://www.beklen.hu/fiok/kornyezet.htm" "Mozilla/5.0 (X11; Linux i686) AppleWebKit/535.22+ (KHTML, like Gecko) Chromium/17.0.963.56 Chrome/17.0.963.56 Safari/535.22+ Ubuntu/12.04 (3.4.1-0ubuntu1) Epiphany/3.4.1"
89.133.7.64 - - [12/Apr/2013:19:51:29 +0200] "GET /favicon.ico HTTP/1.1" 404 1181 "http://www.beklen.hu/fiok/kornyezet.htm" "Mozilla/5.0 (X11; Linux i686) AppleWebKit/535.22+ (KHTML, like Gecko) Chromium/17.0.963.56 Chrome/17.0.963.56 Safari/535.22+ Ubuntu/12.04 (3.4.1-0ubuntu1) Epiphany/3.4.1"
89.133.7.64 - - [12/Apr/2013:19:51:29 +0200] "GET /lb/images/loading.gif HTTP/1.1" 200 2767 "http://www.beklen.hu/fiok/kornyezet.htm" "Mozilla/5.0 (X11; Linux i686) AppleWebKit/535.22+ (KHTML, like Gecko) Chromium/17.0.963.56 Chrome/17.0.963.56 Safari/535.22+ Ubuntu/12.04 (3.4.1-0ubuntu1) Epiphany/3.4.1"
89.133.7.64 - - [12/Apr/2013:19:51:29 +0200] "GET /lb/images/closelabel.gif HTTP/1.1" 200 222 "http://www.beklen.hu/fiok/kornyezet.htm" "Mozilla/5.0 (X11; Linux i686) AppleWebKit/535.22+ (KHTML, like Gecko) Chromium/17.0.963.56 Chrome/17.0.963.56 Safari/535.22+ Ubuntu/12.04 (3.4.1-0ubuntu1) Epiphany/3.4.1"
89.133.7.64 - - [12/Apr/2013:19:51:38 +0200] "GET /lb/images/blank.gif HTTP/1.1" 200 43 "http://www.beklen.hu/fiok/kornyezet.htm" "Mozilla/5.0 (X11; Linux i686) AppleWebKit/535.22+ (KHTML, like Gecko) Chromium/17.0.963.56 Chrome/17.0.963.56 Safari/535.22+ Ubuntu/12.04 (3.4.1-0ubuntu1) Epiphany/3.4.1"
89.133.7.64 - - [12/Apr/2013:19:51:38 +0200] "GET /lb/images/prevlabel.gif HTTP/1.1" 200 307 "http://www.beklen.hu/fiok/kornyezet.htm" "Mozilla/5.0 (X11; Linux i686) AppleWebKit/535.22+ (KHTML, like Gecko) Chromium/17.0.963.56 Chrome/17.0.963.56 Safari/535.22+ Ubuntu/12.04 (3.4.1-0ubuntu1) Epiphany/3.4.1"
89.133.7.64 - - [12/Apr/2013:19:51:55 +0200] "GET /lb/images/nextlabel.gif HTTP/1.1" 200 305 "http://www.beklen.hu/fiok/kornyezet.htm" "Mozilla/5.0 (X11; Linux i686) AppleWebKit/535.22+ (KHTML, like Gecko) Chromium/17.0.963.56 Chrome/17.0.963.56 Safari/535.22+ Ubuntu/12.04 (3.4.1-0ubuntu1) Epiphany/3.4.1"
66.249.78.60 - - [12/Apr/2013:20:20:10 +0200] "GET /magunkrol.htm HTTP/1.1" 200 9161 "-" "Mozilla/5.0 (iPhone; U; CPU iPhone OS 4_1 like Mac OS X; en-us) AppleWebKit/532.9 (KHTML, like Gecko) Version/4.0.5 Mobile/8B117 Safari/6531.22.7 (compatible; Googlebot-Mobile/2.1; +http://www.google.com/bot.html)"
66.249.78.60 - - [12/Apr/2013:20:24:19 +0200] "GET /banners/zoldforras.png HTTP/1.1" 200 37318 "http://www.beklen.hu/hirek/1303201.htm" "Mozilla/5.0 (compatible; Googlebot/2.1; +http://www.google.com/bot.html)"
66.249.78.60 - - [12/Apr/2013:20:24:21 +0200] "GET /hirek/1303201/03_.jpg HTTP/1.1" 200 4249 "http://www.beklen.hu/hirek/1303201.htm" "Mozilla/5.0 (compatible; Googlebot/2.1; +http://www.google.com/bot.html)"
66.249.78.60 - - [12/Apr/2013:20:24:22 +0200] "GET /hirek/1303201/11_.jpg HTTP/1.1" 200 4958 "http://www.beklen.hu/hirek/1303201.htm" "Mozilla/5.0 (compatible; Googlebot/2.1; +http://www.google.com/bot.html)"
66.249.75.200 - - [12/Apr/2013:20:24:23 +0200] "GET /hirek/1303201/07_.jpg HTTP/1.1" 200 9589 "http://www.beklen.hu/hirek/1303201.htm" "Mozilla/5.0 (compatible; Googlebot/2.1; +http://www.google.com/bot.html)"
66.249.78.60 - - [12/Apr/2013:20:24:24 +0200] "GET /hirek/1303201/10_.jpg HTTP/1.1" 200 11514 "http://www.beklen.hu/hirek/1303201.htm" "Mozilla/5.0 (compatible; Googlebot/2.1; +http://www.google.com/bot.html)"
66.249.75.200 - - [12/Apr/2013:20:24:25 +0200] "GET /hirek/1303201_clip_image001.jpg HTTP/1.1" 200 16674 "http://www.beklen.hu/hirek/1303202.htm" "Mozilla/5.0 (compatible; Googlebot/2.1; +http://www.google.com/bot.html)"
66.249.78.60 - - [12/Apr/2013:20:24:26 +0200] "GET /hirek/1303201/06_.jpg HTTP/1.1" 200 12674 "http://www.beklen.hu/hirek/1303201.htm" "Mozilla/5.0 (compatible; Googlebot/2.1; +http://www.google.com/bot.html)"
66.249.75.200 - - [12/Apr/2013:20:24:28 +0200] "GET /hirek/1303201/01_.jpg HTTP/1.1" 200 5231 "http://www.beklen.hu/hirek/1303201.htm" "Mozilla/5.0 (compatible; Googlebot/2.1; +http://www.google.com/bot.html)"
66.249.78.60 - - [12/Apr/2013:20:24:29 +0200] "GET /hirek/1303201_clip_image003.jpg HTTP/1.1" 200 5957 "http://www.beklen.hu/hirek/1303202.htm" "Mozilla/5.0 (compatible; Googlebot/2.1; +http://www.google.com/bot.html)"
66.249.78.60 - - [12/Apr/2013:20:24:32 +0200] "GET /hirek/1303201/04_.jpg HTTP/1.1" 200 5515 "http://www.beklen.hu/hirek/1303201.htm" "Mozilla/5.0 (compatible; Googlebot/2.1; +http://www.google.com/bot.html)"
199.30.20.108 - - [12/Apr/2013:20:33:28 +0200] "GET /robots.txt HTTP/1.1" 404 1181 "-" "msnbot-media/1.1 (+http://search.msn.com/msnbot.htm)"
199.30.20.108 - - [12/Apr/2013:20:33:28 +0200] "GET /tm02.jpg HTTP/1.1" 200 1873 "-" "msnbot-media/1.1 (+http://search.msn.com/msnbot.htm)"
66.249.78.60 - - [12/Apr/2013:20:37:40 +0200] "GET /jog/eseteink/duzzaszto/index.htm HTTP/1.1" 304 - "-" "Mozilla/5.0 (iPhone; U; CPU iPhone OS 4_1 like Mac OS X; en-us) AppleWebKit/532.9 (KHTML, like Gecko) Version/4.0.5 Mobile/8B117 Safari/6531.22.7 (compatible; Googlebot-Mobile/2.1; +http://www.google.com/bot.html)"
66.249.78.11 - - [12/Apr/2013:20:38:59 +0200] "GET /robots.txt HTTP/1.1" 404 1181 "-" "Mozilla/5.0 (compatible; Googlebot/2.1; +http://www.google.com/bot.html)"
66.249.75.101 - - [12/Apr/2013:20:39:00 +0200] "GET /nca11_clip_image002.jpg HTTP/1.1" 200 1571 "-" "Googlebot-Image/1.0"
66.249.78.11 - - [12/Apr/2013:20:41:24 +0200] "GET / HTTP/1.1" 200 42122 "-" "Mozilla/5.0 (compatible; Googlebot/2.1; +http://www.google.com/bot.html)"
66.249.78.60 - - [12/Apr/2013:20:41:57 +0200] "GET /jog/eseteink/malom/ugyfel_fellebbez.pdf HTTP/1.1" 200 286280 "-" "Mozilla/5.0 (iPhone; U; CPU iPhone OS 4_1 like Mac OS X; en-us) AppleWebKit/532.9 (KHTML, like Gecko) Version/4.0.5 Mobile/8B117 Safari/6531.22.7 (compatible; Googlebot-Mobile/2.1; +http://www.google.com/bot.html)"
66.249.75.101 - - [12/Apr/2013:20:48:50 +0200] "GET /a1_projekt_tabla_infra_cs3_beklenhaz.jpg HTTP/1.1" 200 73344 "-" "Googlebot-Image/1.0"
180.76.6.211 - - [12/Apr/2013:21:28:51 +0200] "GET /robots.txt HTTP/1.1" 404 1181 "-" "Mozilla/5.0 (Windows NT 5.1; rv:6.0.2) Gecko/20100101 Firefox/6.0.2"
178.255.215.69 - - [12/Apr/2013:21:41:41 +0200] "GET /robots.txt HTTP/1.1" 404 1181 "-" "Mozilla/5.0 (compatible; Exabot/3.0; +http://www.exabot.com/go/robot)"
178.255.215.69 - - [12/Apr/2013:21:41:41 +0200] "GET / HTTP/1.1" 304 - "-" "Mozilla/5.0 (compatible; Exabot/3.0; +http://www.exabot.com/go/robot)"
66.249.78.60 - - [12/Apr/2013:22:21:22 +0200] "GET /jog/eseteink/poroszlo/villa_.jpg HTTP/1.1" 304 - "-" "Googlebot-Image/1.0"
80.98.4.48 - - [12/Apr/2013:22:45:51 +0200] "GET /jog/eseteink/derekegyhaza/mszh_elsofok_ugyfel_elutasitas_1.jpg HTTP/1.1" 200 1086764 "-" "Mozilla/5.0 (Windows NT 6.1; WOW64) AppleWebKit/537.31 (KHTML, like Gecko) Chrome/26.0.1410.64 Safari/537.31"
80.98.4.48 - - [12/Apr/2013:22:45:52 +0200] "GET /jog/eseteink/derekegyhaza/index.htm HTTP/1.1" 200 34210 "https://www.google.hu/" "Mozilla/5.0 (Windows NT 6.1; WOW64) AppleWebKit/537.31 (KHTML, like Gecko) Chrome/26.0.1410.64 Safari/537.31"
80.98.4.48 - - [12/Apr/2013:22:45:52 +0200] "GET /jog/style.css HTTP/1.1" 200 21413 "http://www.beklen.hu/jog/eseteink/derekegyhaza/index.htm" "Mozilla/5.0 (Windows NT 6.1; WOW64) AppleWebKit/537.31 (KHTML, like Gecko) Chrome/26.0.1410.64 Safari/537.31"
80.98.4.48 - - [12/Apr/2013:22:45:52 +0200] "GET /jog/script.js HTTP/1.1" 200 5674 "http://www.beklen.hu/jog/eseteink/derekegyhaza/index.htm" "Mozilla/5.0 (Windows NT 6.1; WOW64) AppleWebKit/537.31 (KHTML, like Gecko) Chrome/26.0.1410.64 Safari/537.31"
80.98.4.48 - - [12/Apr/2013:22:45:52 +0200] "GET /jog/lb/js/scriptaculous.js?load=effects HTTP/1.1" 200 2152 "http://www.beklen.hu/jog/eseteink/derekegyhaza/index.htm" "Mozilla/5.0 (Windows NT 6.1; WOW64) AppleWebKit/537.31 (KHTML, like Gecko) Chrome/26.0.1410.64 Safari/537.31"
80.98.4.48 - - [12/Apr/2013:22:45:52 +0200] "GET /jog/lb/css/lightbox.css HTTP/1.1" 200 1715 "http://www.beklen.hu/jog/eseteink/derekegyhaza/index.htm" "Mozilla/5.0 (Windows NT 6.1; WOW64) AppleWebKit/537.31 (KHTML, like Gecko) Chrome/26.0.1410.64 Safari/537.31"
80.98.4.48 - - [12/Apr/2013:22:45:52 +0200] "GET /jog/lb/js/lightbox.js HTTP/1.1" 200 23431 "http://www.beklen.hu/jog/eseteink/derekegyhaza/index.htm" "Mozilla/5.0 (Windows NT 6.1; WOW64) AppleWebKit/537.31 (KHTML, like Gecko) Chrome/26.0.1410.64 Safari/537.31"
80.98.4.48 - - [12/Apr/2013:22:45:52 +0200] "GET /jog/lb/js/prototype.js HTTP/1.1" 200 47603 "http://www.beklen.hu/jog/eseteink/derekegyhaza/index.htm" "Mozilla/5.0 (Windows NT 6.1; WOW64) AppleWebKit/537.31 (KHTML, like Gecko) Chrome/26.0.1410.64 Safari/537.31"
80.98.4.48 - - [12/Apr/2013:22:45:52 +0200] "GET /jog/jquery.js HTTP/1.1" 200 72174 "http://www.beklen.hu/jog/eseteink/derekegyhaza/index.htm" "Mozilla/5.0 (Windows NT 6.1; WOW64) AppleWebKit/537.31 (KHTML, like Gecko) Chrome/26.0.1410.64 Safari/537.31"
80.98.4.48 - - [12/Apr/2013:22:45:52 +0200] "GET /jog/lb/js/effects.js HTTP/1.1" 200 31969 "http://www.beklen.hu/jog/eseteink/derekegyhaza/index.htm" "Mozilla/5.0 (Windows NT 6.1; WOW64) AppleWebKit/537.31 (KHTML, like Gecko) Chrome/26.0.1410.64 Safari/537.31"
80.98.4.48 - - [12/Apr/2013:22:45:53 +0200] "GET /jog/images/nav.png HTTP/1.1" 200 10482 "http://www.beklen.hu/jog/eseteink/derekegyhaza/index.htm" "Mozilla/5.0 (Windows NT 6.1; WOW64) AppleWebKit/537.31 (KHTML, like Gecko) Chrome/26.0.1410.64 Safari/537.31"
80.98.4.48 - - [12/Apr/2013:22:45:53 +0200] "GET /jog/images/menuitem.png HTTP/1.1" 200 20398 "http://www.beklen.hu/jog/eseteink/derekegyhaza/index.htm" "Mozilla/5.0 (Windows NT 6.1; WOW64) AppleWebKit/537.31 (KHTML, like Gecko) Chrome/26.0.1410.64 Safari/537.31"
80.98.4.48 - - [12/Apr/2013:22:45:53 +0200] "GET /jog/images/post_s.png HTTP/1.1" 200 466 "http://www.beklen.hu/jog/eseteink/derekegyhaza/index.htm" "Mozilla/5.0 (Windows NT 6.1; WOW64) AppleWebKit/537.31 (KHTML, like Gecko) Chrome/26.0.1410.64 Safari/537.31"
80.98.4.48 - - [12/Apr/2013:22:45:53 +0200] "GET /jog/images/Bottom_texture.jpg HTTP/1.1" 200 193775 "http://www.beklen.hu/jog/eseteink/derekegyhaza/index.htm" "Mozilla/5.0 (Windows NT 6.1; WOW64) AppleWebKit/537.31 (KHTML, like Gecko) Chrome/26.0.1410.64 Safari/537.31"
80.98.4.48 - - [12/Apr/2013:22:45:53 +0200] "GET /jog/images/spacer.gif HTTP/1.1" 200 43 "http://www.beklen.hu/jog/eseteink/derekegyhaza/index.htm" "Mozilla/5.0 (Windows NT 6.1; WOW64) AppleWebKit/537.31 (KHTML, like Gecko) Chrome/26.0.1410.64 Safari/537.31"
80.98.4.48 - - [12/Apr/2013:22:45:53 +0200] "GET /jog/images/subitem.png HTTP/1.1" 200 81 "http://www.beklen.hu/jog/eseteink/derekegyhaza/index.htm" "Mozilla/5.0 (Windows NT 6.1; WOW64) AppleWebKit/537.31 (KHTML, like Gecko) Chrome/26.0.1410.64 Safari/537.31"
80.98.4.48 - - [12/Apr/2013:22:45:53 +0200] "GET /jog/images/post_h.png HTTP/1.1" 200 292 "http://www.beklen.hu/jog/eseteink/derekegyhaza/index.htm" "Mozilla/5.0 (Windows NT 6.1; WOW64) AppleWebKit/537.31 (KHTML, like Gecko) Chrome/26.0.1410.64 Safari/537.31"
80.98.4.48 - - [12/Apr/2013:22:45:53 +0200] "GET /jog/images/header.png HTTP/1.1" 200 170837 "http://www.beklen.hu/jog/eseteink/derekegyhaza/index.htm" "Mozilla/5.0 (Windows NT 6.1; WOW64) AppleWebKit/537.31 (KHTML, like Gecko) Chrome/26.0.1410.64 Safari/537.31"
80.98.4.48 - - [12/Apr/2013:22:45:53 +0200] "GET /jog/eseteink/derekegyhaza/37-433.jpg HTTP/1.1" 200 3573 "http://www.beklen.hu/jog/eseteink/derekegyhaza/index.htm" "Mozilla/5.0 (Windows NT 6.1; WOW64) AppleWebKit/537.31 (KHTML, like Gecko) Chrome/26.0.1410.64 Safari/537.31"
80.98.4.48 - - [12/Apr/2013:22:45:53 +0200] "GET /jog/images/post_v.png HTTP/1.1" 200 310 "http://www.beklen.hu/jog/eseteink/derekegyhaza/index.htm" "Mozilla/5.0 (Windows NT 6.1; WOW64) AppleWebKit/537.31 (KHTML, like Gecko) Chrome/26.0.1410.64 Safari/537.31"
80.98.4.48 - - [12/Apr/2013:22:45:53 +0200] "GET /jog/images/post_c.png HTTP/1.1" 200 204 "http://www.beklen.hu/jog/eseteink/derekegyhaza/index.htm" "Mozilla/5.0 (Windows NT 6.1; WOW64) AppleWebKit/537.31 (KHTML, like Gecko) Chrome/26.0.1410.64 Safari/537.31"
80.98.4.48 - - [12/Apr/2013:22:45:53 +0200] "GET /jog/img/file_pdf.png HTTP/1.1" 200 581 "http://www.beklen.hu/jog/eseteink/derekegyhaza/index.htm" "Mozilla/5.0 (Windows NT 6.1; WOW64) AppleWebKit/537.31 (KHTML, like Gecko) Chrome/26.0.1410.64 Safari/537.31"
80.98.4.48 - - [12/Apr/2013:22:45:53 +0200] "GET /jog/eseteink/derekegyhaza/kepek/37-431__.jpg HTTP/1.1" 200 4706 "http://www.beklen.hu/jog/eseteink/derekegyhaza/index.htm" "Mozilla/5.0 (Windows NT 6.1; WOW64) AppleWebKit/537.31 (KHTML, like Gecko) Chrome/26.0.1410.64 Safari/537.31"
80.98.4.48 - - [12/Apr/2013:22:45:53 +0200] "GET /jog/img/file_jpg.png HTTP/1.1" 200 607 "http://www.beklen.hu/jog/eseteink/derekegyhaza/index.htm" "Mozilla/5.0 (Windows NT 6.1; WOW64) AppleWebKit/537.31 (KHTML, like Gecko) Chrome/26.0.1410.64 Safari/537.31"
80.98.4.48 - - [12/Apr/2013:22:45:53 +0200] "GET /jog/eseteink/derekegyhaza/kepek/37-431_o_2005__.jpg HTTP/1.1" 200 5766 "http://www.beklen.hu/jog/eseteink/derekegyhaza/index.htm" "Mozilla/5.0 (Windows NT 6.1; WOW64) AppleWebKit/537.31 (KHTML, like Gecko) Chrome/26.0.1410.64 Safari/537.31"
80.98.4.48 - - [12/Apr/2013:22:45:53 +0200] "GET /jog/eseteink/derekegyhaza/kepek/37-433__.jpg HTTP/1.1" 200 4596 "http://www.beklen.hu/jog/eseteink/derekegyhaza/index.htm" "Mozilla/5.0 (Windows NT 6.1; WOW64) AppleWebKit/537.31 (KHTML, like Gecko) Chrome/26.0.1410.64 Safari/537.31"
80.98.4.48 - - [12/Apr/2013:22:45:53 +0200] "GET /jog/eseteink/derekegyhaza/kepek/37-433_o_2005__.jpg HTTP/1.1" 200 5388 "http://www.beklen.hu/jog/eseteink/derekegyhaza/index.htm" "Mozilla/5.0 (Windows NT 6.1; WOW64) AppleWebKit/537.31 (KHTML, like Gecko) Chrome/26.0.1410.64 Safari/537.31"
80.98.4.48 - - [12/Apr/2013:22:45:53 +0200] "GET /jog/eseteink/derekegyhaza/kepek/dalerd__.jpg HTTP/1.1" 200 6281 "http://www.beklen.hu/jog/eseteink/derekegyhaza/index.htm" "Mozilla/5.0 (Windows NT 6.1; WOW64) AppleWebKit/537.31 (KHTML, like Gecko) Chrome/26.0.1410.64 Safari/537.31"
80.98.4.48 - - [12/Apr/2013:22:45:53 +0200] "GET /jog/eseteink/derekegyhaza/kepek/vadaskert-szakhat_.jpg HTTP/1.1" 200 8903 "http://www.beklen.hu/jog/eseteink/derekegyhaza/index.htm" "Mozilla/5.0 (Windows NT 6.1; WOW64) AppleWebKit/537.31 (KHTML, like Gecko) Chrome/26.0.1410.64 Safari/537.31"
80.98.4.48 - - [12/Apr/2013:22:45:53 +0200] "GET /jog/favicon.ico HTTP/1.1" 200 1150 "-" "Mozilla/5.0 (Windows NT 6.1; WOW64) AppleWebKit/537.31 (KHTML, like Gecko) Chrome/26.0.1410.64 Safari/537.31"
66.249.78.60 - - [12/Apr/2013:22:48:05 +0200] "GET /hirek/klimatv_civilcikk.doc HTTP/1.1" 304 - "-" "Mozilla/5.0 (iPhone; U; CPU iPhone OS 4_1 like Mac OS X; en-us) AppleWebKit/532.9 (KHTML, like Gecko) Version/4.0.5 Mobile/8B117 Safari/6531.22.7 (compatible; Googlebot-Mobile/2.1; +http://www.google.com/bot.html)"
112.111.174.199 - - [12/Apr/2013:22:53:59 +0200] "GET / HTTP/1.1" 200 42122 "-" "Mozilla/4.0 (compatible; MSIE 6.0; Windows NT 5.2; .NET CLR 1.1.4322)"
85.5.66.52 - - [12/Apr/2013:23:34:51 +0200] "GET /hirek/hirek100420.htm HTTP/1.1" 200 7914 "-" "findlinks/2.6 (+http://wortschatz.uni-leipzig.de/findlinks/)"
123.125.71.99 - - [12/Apr/2013:23:41:51 +0200] "GET / HTTP/1.1" 200 42122 "-" "Mozilla/5.0 (compatible; Baiduspider/2.0; +http://www.baidu.com/search/spider.html)"
66.249.75.200 - - [13/Apr/2013:00:06:04 +0200] "GET /hirek/1303201.htm HTTP/1.1" 200 17308 "-" "DoCoMo/2.0 N905i(c100;TB;W24H16) (compatible; Googlebot-Mobile/2.1; +http://www.google.com/bot.html)"
66.249.78.60 - - [13/Apr/2013:00:21:51 +0200] "GET /hirek/090509/1_.jpg HTTP/1.1" 304 - "-" "Googlebot-Image/1.0"
66.249.81.62 - - [13/Apr/2013:00:28:29 +0200] "GET / HTTP/1.1" 200 42122 "-" "Mozilla/5.0 (Windows NT 6.1; rv:6.0) Gecko/20110814 Firefox/6.0 Google (+https://developers.google.com/+/web/snippet/)"
66.249.81.62 - - [13/Apr/2013:00:28:30 +0200] "GET /favicon.ico HTTP/1.1" 404 1181 "-" "Mozilla/5.0 (Windows NT 6.1; rv:6.0) Gecko/20110814 Firefox/6.0 Google (+https://developers.google.com/+/web/snippet/)"
66.249.78.60 - - [13/Apr/2013:00:58:38 +0200] "GET /hirek/130319.htm HTTP/1.1" 200 12949 "-" "SAMSUNG-SGH-E250/1.0 Profile/MIDP-2.0 Configuration/CLDC-1.1 UP.Browser/6.2.3.3.c.1.101 (GUI) MMP/2.0 (compatible; Googlebot-Mobile/2.1; +http://www.google.com/bot.html)"
139.18.2.209 - - [13/Apr/2013:01:20:39 +0200] "GET /fiok/index.html HTTP/1.1" 200 20554 "-" "findlinks/2.6 (+http://wortschatz.uni-leipzig.de/findlinks/)"
199.30.16.25 - - [13/Apr/2013:01:26:18 +0200] "GET /robots.txt HTTP/1.1" 404 1181 "-" "msnbot-media/1.1 (+http://search.msn.com/msnbot.htm)"
199.30.16.25 - - [13/Apr/2013:01:26:19 +0200] "GET /tm04_.jpg HTTP/1.1" 200 2058 "-" "msnbot-media/1.1 (+http://search.msn.com/msnbot.htm)"
66.249.78.60 - - [13/Apr/2013:01:29:48 +0200] "GET /media.htm HTTP/1.1" 304 - "-" "Mozilla/5.0 (iPhone; U; CPU iPhone OS 4_1 like Mac OS X; en-us) AppleWebKit/532.9 (KHTML, like Gecko) Version/4.0.5 Mobile/8B117 Safari/6531.22.7 (compatible; Googlebot-Mobile/2.1; +http://www.google.com/bot.html)"
77.88.42.27 - - [13/Apr/2013:01:51:04 +0200] "GET /turizmusbanner.swf HTTP/1.1" 200 160827 "-" "Mozilla/5.0 (compatible; YandexBot/3.0; +http://yandex.com/bots)"
66.249.78.60 - - [13/Apr/2013:01:54:58 +0200] "GET /jog/eseteink/kavicszatony/mura%20fellebb%20nimfea.pdf HTTP/1.1" 304 - "-" "Mozilla/5.0 (iPhone; U; CPU iPhone OS 4_1 like Mac OS X; en-us) AppleWebKit/532.9 (KHTML, like Gecko) Version/4.0.5 Mobile/8B117 Safari/6531.22.7 (compatible; Googlebot-Mobile/2.1; +http://www.google.com/bot.html)"
66.249.78.60 - - [13/Apr/2013:02:01:46 +0200] "GET /jog/eseteink/korosladany/%C3%BCgy%C3%A9szs%C3%A9g_1_derekegyhaza.pdf HTTP/1.1" 404 1181 "-" "Mozilla/5.0 (iPhone; U; CPU iPhone OS 4_1 like Mac OS X; en-us) AppleWebKit/532.9 (KHTML, like Gecko) Version/4.0.5 Mobile/8B117 Safari/6531.22.7 (compatible; Googlebot-Mobile/2.1; +http://www.google.com/bot.html)"
77.88.42.27 - - [13/Apr/2013:02:20:24 +0200] "GET /jog/jogszabalyok/vadaszati_torveny.pdf HTTP/1.1" 200 741096 "-" "Mozilla/5.0 (compatible; YandexBot/3.0; +http://yandex.com/bots)"
77.88.42.27 - - [13/Apr/2013:02:20:27 +0200] "GET / HTTP/1.1" 200 42122 "-" "Mozilla/5.0 (compatible; YandexBot/3.0; +http://yandex.com/bots)"
66.249.78.11 - - [13/Apr/2013:04:20:40 +0200] "GET /fiok/program_reszek/konferancia.htm HTTP/1.1" 200 21668 "-" "SAMSUNG-SGH-E250/1.0 Profile/MIDP-2.0 Configuration/CLDC-1.1 UP.Browser/6.2.3.3.c.1.101 (GUI) MMP/2.0 (compatible; Googlebot-Mobile/2.1; +http://www.google.com/bot.html)"
66.249.75.200 - - [13/Apr/2013:04:25:04 +0200] "GET /hirek/hirek100420.htm HTTP/1.1" 304 - "-" "Mozilla/5.0 (iPhone; U; CPU iPhone OS 4_1 like Mac OS X; en-us) AppleWebKit/532.9 (KHTML, like Gecko) Version/4.0.5 Mobile/8B117 Safari/6531.22.7 (compatible; Googlebot-Mobile/2.1; +http://www.google.com/bot.html)"
180.76.5.55 - - [13/Apr/2013:05:03:14 +0200] "GET /fiok/program_reszek/csaladbarat.htm HTTP/1.1" 200 20928 "-" "Mozilla/5.0 (compatible; Baiduspider/2.0; +http://www.baidu.com/search/spider.html)"
37.157.193.84 - - [13/Apr/2013:05:47:51 +0200] "GET /robots.txt HTTP/1.0" 404 1181 "-" "Mozilla/5.0 (compatible; MJ12bot/v1.4.3; http://www.majestic12.co.uk/bot.php?+)"
37.157.193.84 - - [13/Apr/2013:05:47:56 +0200] "GET / HTTP/1.0" 200 42122 "-" "Mozilla/5.0 (compatible; MJ12bot/v1.4.3; http://www.majestic12.co.uk/bot.php?+)"
66.249.78.60 - - [13/Apr/2013:06:15:58 +0200] "GET / HTTP/1.1" 200 42122 "-" "Mozilla/5.0 (iPhone; U; CPU iPhone OS 4_1 like Mac OS X; en-us) AppleWebKit/532.9 (KHTML, like Gecko) Version/4.0.5 Mobile/8B117 Safari/6531.22.7 (compatible; Googlebot-Mobile/2.1; +http://www.google.com/bot.html)"
66.249.78.60 - - [13/Apr/2013:06:25:41 +0200] "GET /lb/css/lightbox.css HTTP/1.1" 200 1715 "-" "Mozilla/5.0 (compatible; Googlebot/2.1; +http://www.google.com/bot.html)"
66.249.78.60 - - [13/Apr/2013:06:53:25 +0200] "GET /hirek/Microsoft%20Word%20-%20csongradi%20duzzaszto%20velemeny%202009.06.11..doc.pdf HTTP/1.1" 304 - "-" "Mozilla/5.0 (iPhone; U; CPU iPhone OS 4_1 like Mac OS X; en-us) AppleWebKit/532.9 (KHTML, like Gecko) Version/4.0.5 Mobile/8B117 Safari/6531.22.7 (compatible; Googlebot-Mobile/2.1; +http://www.google.com/bot.html)"
66.249.78.60 - - [13/Apr/2013:07:01:42 +0200] "GET /robots.txt HTTP/1.1" 404 1181 "-" "Mozilla/5.0 (compatible; Googlebot/2.1; +http://www.google.com/bot.html)"
66.249.78.60 - - [13/Apr/2013:07:01:42 +0200] "GET /jog/eseteink/korosladany/adatk%C3%A9r%C3%A9s_k%C3%B6r%C3%B6slad%C3%A1ny_helyi%20_v%C3%A9dett.pdf HTTP/1.1" 404 1181 "-" "Mozilla/5.0 (iPhone; U; CPU iPhone OS 4_1 like Mac OS X; en-us) AppleWebKit/532.9 (KHTML, like Gecko) Version/4.0.5 Mobile/8B117 Safari/6531.22.7 (compatible; Googlebot-Mobile/2.1; +http://www.google.com/bot.html)"
66.249.75.200 - - [13/Apr/2013:07:13:56 +0200] "GET / HTTP/1.1" 200 42122 "-" "DoCoMo/2.0 N905i(c100;TB;W24H16) (compatible; Googlebot-Mobile/2.1; +http://www.google.com/bot.html)"
66.249.75.200 - - [13/Apr/2013:07:16:40 +0200] "GET /fiok/mult.htm HTTP/1.1" 304 - "-" "Mozilla/5.0 (iPhone; U; CPU iPhone OS 4_1 like Mac OS X; en-us) AppleWebKit/532.9 (KHTML, like Gecko) Version/4.0.5 Mobile/8B117 Safari/6531.22.7 (compatible; Googlebot-Mobile/2.1; +http://www.google.com/bot.html)"
66.249.78.60 - - [13/Apr/2013:07:49:48 +0200] "GET / HTTP/1.1" 200 42122 "-" "SAMSUNG-SGH-E250/1.0 Profile/MIDP-2.0 Configuration/CLDC-1.1 UP.Browser/6.2.3.3.c.1.101 (GUI) MMP/2.0 (compatible; Googlebot-Mobile/2.1; +http://www.google.com/bot.html)"
66.249.78.60 - - [13/Apr/2013:08:09:06 +0200] "GET /hirek/1303201.htm HTTP/1.1" 200 17308 "-" "Mozilla/5.0 (iPhone; U; CPU iPhone OS 4_1 like Mac OS X; en-us) AppleWebKit/532.9 (KHTML, like Gecko) Version/4.0.5 Mobile/8B117 Safari/6531.22.7 (compatible; Googlebot-Mobile/2.1; +http://www.google.com/bot.html)"
66.249.78.60 - - [13/Apr/2013:08:32:04 +0200] "GET /hirek/130319.htm HTTP/1.1" 200 12949 "-" "Mozilla/5.0 (compatible; Googlebot/2.1; +http://www.google.com/bot.html)"
66.249.78.60 - - [13/Apr/2013:08:38:04 +0200] "GET /magunkrol.htm HTTP/1.1" 200 9161 "-" "Mozilla/5.0 (compatible; Googlebot/2.1; +http://www.google.com/bot.html)"
66.249.75.200 - - [13/Apr/2013:08:49:57 +0200] "GET /hirek/Natura_2000es_gyepgazdalkodas_eloirasai.ppt HTTP/1.1" 304 - "-" "Mozilla/5.0 (iPhone; U; CPU iPhone OS 4_1 like Mac OS X; en-us) AppleWebKit/532.9 (KHTML, like Gecko) Version/4.0.5 Mobile/8B117 Safari/6531.22.7 (compatible; Googlebot-Mobile/2.1; +http://www.google.com/bot.html)"
66.249.78.60 - - [13/Apr/2013:09:32:10 +0200] "GET /hirek/jelentkezesi_lap.doc HTTP/1.1" 200 251392 "-" "Mozilla/5.0 (compatible; Googlebot/2.1; +http://www.google.com/bot.html)"
66.249.78.60 - - [13/Apr/2013:10:09:58 +0200] "GET /jog/eseteink/malom/ilona_bontas.pdf HTTP/1.1" 200 4556816 "-" "Mozilla/5.0 (compatible; Googlebot/2.1; +http://www.google.com/bot.html)"
208.115.111.68 - - [13/Apr/2013:10:15:35 +0200] "GET /robots.txt HTTP/1.1" 404 1181 "-" "Mozilla/5.0 (compatible; Ezooms/1.0; ezooms.bot@gmail.com)"
66.249.78.60 - - [13/Apr/2013:10:27:01 +0200] "GET /hirek/hirek100225.htm HTTP/1.1" 304 - "-" "Mozilla/5.0 (iPhone; U; CPU iPhone OS 4_1 like Mac OS X; en-us) AppleWebKit/532.9 (KHTML, like Gecko) Version/4.0.5 Mobile/8B117 Safari/6531.22.7 (compatible; Googlebot-Mobile/2.1; +http://www.google.com/bot.html)"
66.249.78.60 - - [13/Apr/2013:10:41:54 +0200] "GET /hirek/1303071.htm HTTP/1.1" 304 - "-" "Mozilla/5.0 (iPhone; U; CPU iPhone OS 4_1 like Mac OS X; en-us) AppleWebKit/532.9 (KHTML, like Gecko) Version/4.0.5 Mobile/8B117 Safari/6531.22.7 (compatible; Googlebot-Mobile/2.1; +http://www.google.com/bot.html)"
66.249.78.60 - - [13/Apr/2013:11:05:28 +0200] "GET /jog/eseteink/kavicszatony/mura%20fellebb%20nimfea.pdf HTTP/1.1" 200 257093 "-" "Mozilla/5.0 (compatible; Googlebot/2.1; +http://www.google.com/bot.html)"
66.249.75.200 - - [13/Apr/2013:11:43:25 +0200] "GET /jog/eseteink/korosladany/korosladany_kvktf_.pdf HTTP/1.1" 200 170079 "-" "Mozilla/5.0 (compatible; Googlebot/2.1; +http://www.google.com/bot.html)"
66.249.75.200 - - [13/Apr/2013:11:44:32 +0200] "GET /jog/eseteink/kavicszatony/mura_bejelentes1.pdf HTTP/1.1" 200 214943 "-" "Mozilla/5.0 (compatible; Googlebot/2.1; +http://www.google.com/bot.html)"
66.249.78.60 - - [13/Apr/2013:12:03:19 +0200] "GET /jog/eseteink/korosladany/apvrt_nek3.pdf HTTP/1.1" 200 167171 "-" "Mozilla/5.0 (iPhone; U; CPU iPhone OS 4_1 like Mac OS X; en-us) AppleWebKit/532.9 (KHTML, like Gecko) Version/4.0.5 Mobile/8B117 Safari/6531.22.7 (compatible; Googlebot-Mobile/2.1; +http://www.google.com/bot.html)"
66.249.75.200 - - [13/Apr/2013:12:12:05 +0200] "GET /jog/jogsegely.htm HTTP/1.1" 304 - "-" "Mozilla/5.0 (iPhone; U; CPU iPhone OS 4_1 like Mac OS X; en-us) AppleWebKit/532.9 (KHTML, like Gecko) Version/4.0.5 Mobile/8B117 Safari/6531.22.7 (compatible; Googlebot-Mobile/2.1; +http://www.google.com/bot.html)"
180.76.5.92 - - [13/Apr/2013:12:32:36 +0200] "GET /robots.txt HTTP/1.1" 404 1181 "-" "Mozilla/5.0 (Windows NT 5.1; rv:6.0.2) Gecko/20100101 Firefox/6.0.2"
208.115.111.68 - - [13/Apr/2013:12:44:01 +0200] "GET /english/index.htm HTTP/1.1" 200 5262 "-" "Mozilla/5.0 (compatible; Ezooms/1.0; ezooms.bot@gmail.com)"
66.249.78.60 - - [13/Apr/2013:12:47:15 +0200] "GET /hirek/hirek090428.htm HTTP/1.1" 304 - "-" "Mozilla/5.0 (compatible; Googlebot/2.1; +http://www.google.com/bot.html)"
66.249.75.200 - - [13/Apr/2013:12:55:25 +0200] "GET /jog/ HTTP/1.1" 304 - "-" "DoCoMo/2.0 N905i(c100;TB;W24H16) (compatible; Googlebot-Mobile/2.1; +http://www.google.com/bot.html)"
66.249.78.60 - - [13/Apr/2013:13:01:11 +0200] "GET /jog/eseteink.htm HTTP/1.1" 200 17277 "-" "SAMSUNG-SGH-E250/1.0 Profile/MIDP-2.0 Configuration/CLDC-1.1 UP.Browser/6.2.3.3.c.1.101 (GUI) MMP/2.0 (compatible; Googlebot-Mobile/2.1; +http://www.google.com/bot.html)"
66.249.78.60 - - [13/Apr/2013:13:08:15 +0200] "GET /hirek/1303072.htm HTTP/1.1" 200 9111 "-" "Mozilla/5.0 (compatible; Googlebot/2.1; +http://www.google.com/bot.html)"
66.249.78.60 - - [13/Apr/2013:13:44:50 +0200] "GET /hirek/1303202.htm HTTP/1.1" 304 - "-" "Mozilla/5.0 (iPhone; U; CPU iPhone OS 4_1 like Mac OS X; en-us) AppleWebKit/532.9 (KHTML, like Gecko) Version/4.0.5 Mobile/8B117 Safari/6531.22.7 (compatible; Googlebot-Mobile/2.1; +http://www.google.com/bot.html)"
77.88.42.27 - - [13/Apr/2013:14:00:55 +0200] "GET /robots.txt HTTP/1.1" 404 1181 "-" "Mozilla/5.0 (compatible; YandexBot/3.0; +http://yandex.com/bots)"
77.88.42.27 - - [13/Apr/2013:14:00:58 +0200] "GET /hirek/hirek101025.htm HTTP/1.1" 200 8786 "-" "Mozilla/5.0 (compatible; YandexBot/3.0; +http://yandex.com/bots)"
66.249.78.60 - - [13/Apr/2013:14:03:57 +0200] "GET /jog/publikaciok.htm HTTP/1.1" 200 17866 "-" "Mozilla/5.0 (compatible; Googlebot/2.1; +http://www.google.com/bot.html)"
130.83.167.153 - - [13/Apr/2013:14:07:47 +0200] "GET /jog/eseteink/duzzaszto/index.htm HTTP/1.1" 200 10470 "-" "findlinks/2.6 (+http://wortschatz.uni-leipzig.de/findlinks/)"
66.249.78.60 - - [13/Apr/2013:14:08:32 +0200] "GET /jog/pub/jogi.jpg HTTP/1.1" 200 98889 "-" "Googlebot-Image/1.0"
66.249.78.60 - - [13/Apr/2013:14:08:33 +0200] "GET /jog/pub/szoro.jpg HTTP/1.1" 200 111261 "-" "Googlebot-Image/1.0"
77.88.42.27 - - [13/Apr/2013:14:13:59 +0200] "GET /magunkrol.htm HTTP/1.1" 200 9161 "-" "Mozilla/5.0 (compatible; YandexBot/3.0; +http://yandex.com/bots)"
66.249.78.60 - - [13/Apr/2013:14:15:30 +0200] "GET /programok.htm HTTP/1.1" 304 - "-" "Mozilla/5.0 (iPhone; U; CPU iPhone OS 4_1 like Mac OS X; en-us) AppleWebKit/532.9 (KHTML, like Gecko) Version/4.0.5 Mobile/8B117 Safari/6531.22.7 (compatible; Googlebot-Mobile/2.1; +http://www.google.com/bot.html)"
66.249.78.60 - - [13/Apr/2013:14:29:42 +0200] "GET /jog/pub/natura.jpg HTTP/1.1" 200 34079 "-" "Googlebot-Image/1.0"
66.249.78.60 - - [13/Apr/2013:14:31:15 +0200] "GET /khb/beklen_2009_kh_jelentes.pdf HTTP/1.1" 304 - "-" "Mozilla/5.0 (compatible; Googlebot/2.1; +http://www.google.com/bot.html)"
157.56.93.226 - - [13/Apr/2013:14:31:31 +0200] "GET /robots.txt HTTP/1.1" 404 1181 "-" "Mozilla/5.0 (compatible; bingbot/2.0; +http://www.bing.com/bingbot.htm)"
157.55.32.108 - - [13/Apr/2013:14:33:17 +0200] "GET /nca.htm HTTP/1.1" 200 7467 "-" "Mozilla/5.0 (compatible; bingbot/2.0; +http://www.bing.com/bingbot.htm)"
157.55.32.108 - - [13/Apr/2013:14:33:17 +0200] "GET /fiok/kornyezet.htm HTTP/1.1" 200 22582 "-" "Mozilla/5.0 (compatible; bingbot/2.0; +http://www.bing.com/bingbot.htm)"
157.56.229.186 - - [13/Apr/2013:14:33:18 +0200] "GET /programok.htm HTTP/1.1" 200 6444 "-" "Mozilla/5.0 (compatible; bingbot/2.0; +http://www.bing.com/bingbot.htm)"
157.55.33.110 - - [13/Apr/2013:14:33:18 +0200] "GET /jog/eseteink/malom/ HTTP/1.1" 200 17507 "-" "Mozilla/5.0 (compatible; bingbot/2.0; +http://www.bing.com/bingbot.htm)"
157.56.93.226 - - [13/Apr/2013:14:33:21 +0200] "GET / HTTP/1.1" 200 42122 "-" "Mozilla/5.0 (compatible; bingbot/2.0; +http://www.bing.com/bingbot.htm)"
157.56.93.226 - - [13/Apr/2013:14:33:22 +0200] "GET / HTTP/1.1" 200 42122 "-" "Mozilla/5.0 (compatible; bingbot/2.0; +http://www.bing.com/bingbot.htm)"
157.56.93.226 - - [13/Apr/2013:14:33:24 +0200] "GET /index.htm HTTP/1.1" 200 42122 "-" "Mozilla/5.0 (compatible; bingbot/2.0; +http://www.bing.com/bingbot.htm)"
157.56.93.226 - - [13/Apr/2013:14:33:24 +0200] "GET /fiok/ HTTP/1.1" 200 20554 "-" "Mozilla/5.0 (compatible; bingbot/2.0; +http://www.bing.com/bingbot.htm)"
157.56.93.226 - - [13/Apr/2013:14:33:25 +0200] "GET /jog/eseteink/korosladany/ HTTP/1.1" 200 30713 "-" "Mozilla/5.0 (compatible; bingbot/2.0; +http://www.bing.com/bingbot.htm)"
157.56.93.226 - - [13/Apr/2013:14:33:27 +0200] "GET /magunkrol.htm HTTP/1.1" 200 9161 "-" "Mozilla/5.0 (compatible; bingbot/2.0; +http://www.bing.com/bingbot.htm)"
157.56.93.222 - - [13/Apr/2013:14:33:55 +0200] "GET /english/index.htm HTTP/1.1" 200 5262 "-" "Mozilla/5.0 (compatible; bingbot/2.0; +http://www.bing.com/bingbot.htm)"
157.56.93.225 - - [13/Apr/2013:14:34:06 +0200] "GET /khb.htm HTTP/1.1" 200 8719 "-" "Mozilla/5.0 (compatible; bingbot/2.0; +http://www.bing.com/bingbot.htm)"
157.56.93.225 - - [13/Apr/2013:14:34:10 +0200] "GET /deutsch/index.htm HTTP/1.1" 200 5324 "-" "Mozilla/5.0 (compatible; bingbot/2.0; +http://www.bing.com/bingbot.htm)"
157.56.93.225 - - [13/Apr/2013:14:34:11 +0200] "GET /fiok/fiok.html HTTP/1.1" 200 20723 "-" "Mozilla/5.0 (compatible; bingbot/2.0; +http://www.bing.com/bingbot.htm)"
66.249.78.60 - - [13/Apr/2013:14:36:35 +0200] "GET /deutsch/kontakt.htm HTTP/1.1" 304 - "-" "Mozilla/5.0 (iPhone; U; CPU iPhone OS 4_1 like Mac OS X; en-us) AppleWebKit/532.9 (KHTML, like Gecko) Version/4.0.5 Mobile/8B117 Safari/6531.22.7 (compatible; Googlebot-Mobile/2.1; +http://www.google.com/bot.html)"
66.249.78.60 - - [13/Apr/2013:14:37:36 +0200] "GET /jog/eseteink/dakar/dakar_dabas_ugyeszseg_valasz.pdf HTTP/1.1" 304 - "-" "Mozilla/5.0 (compatible; Googlebot/2.1; +http://www.google.com/bot.html)"
66.249.78.60 - - [13/Apr/2013:14:54:44 +0200] "GET /jog/pub/natura_eng.jpg HTTP/1.1" 200 41860 "-" "Googlebot-Image/1.0"
77.88.42.27 - - [13/Apr/2013:15:01:30 +0200] "GET /media.htm HTTP/1.1" 304 - "-" "Mozilla/5.0 (compatible; YandexBot/3.0; +http://yandex.com/bots)"
66.249.78.60 - - [13/Apr/2013:15:03:31 +0200] "GET /jog/eseteink/audi/application_of_hungarian_authorities_for_the_commission_opinion_2.pdf HTTP/1.1" 200 3082684 "-" "Mozilla/5.0 (compatible; Googlebot/2.1; +http://www.google.com/bot.html)"
66.249.78.60 - - [13/Apr/2013:15:14:38 +0200] "GET /jog/pub/muszakisportok.jpg HTTP/1.1" 200 37960 "-" "Googlebot-Image/1.0"
157.56.93.212 - - [13/Apr/2013:15:29:50 +0200] "GET /jog/eseteink/audi/index.htm HTTP/1.1" 200 15938 "-" "Mozilla/5.0 (compatible; bingbot/2.0; +http://www.bing.com/bingbot.htm)"
157.56.93.212 - - [13/Apr/2013:15:29:58 +0200] "GET /jog/eseteink/kavicszatony/ HTTP/1.1" 200 16432 "-" "Mozilla/5.0 (compatible; bingbot/2.0; +http://www.bing.com/bingbot.htm)"
130.83.167.153 - - [13/Apr/2013:15:36:15 +0200] "GET /hirek/hirek101213.htm HTTP/1.1" 200 8671 "-" "findlinks/2.6 (+http://wortschatz.uni-leipzig.de/findlinks/)"
66.249.75.200 - - [13/Apr/2013:15:40:59 +0200] "GET /jog/pub/jav_slapp_borito1.jpg HTTP/1.1" 200 24923 "-" "Googlebot-Image/1.0"
66.249.78.60 - - [13/Apr/2013:15:43:38 +0200] "GET /deutsch/kontakt.htm HTTP/1.1" 304 - "-" "Mozilla/5.0 (iPhone; U; CPU iPhone OS 4_1 like Mac OS X; en-us) AppleWebKit/532.9 (KHTML, like Gecko) Version/4.0.5 Mobile/8B117 Safari/6531.22.7 (compatible; Googlebot-Mobile/2.1; +http://www.google.com/bot.html)"
66.249.75.200 - - [13/Apr/2013:16:11:53 +0200] "GET /jog/eseteink/korosladany/beavatkozas_pesti_birosag.pdf HTTP/1.1" 200 153836 "-" "Mozilla/5.0 (iPhone; U; CPU iPhone OS 4_1 like Mac OS X; en-us) AppleWebKit/532.9 (KHTML, like Gecko) Version/4.0.5 Mobile/8B117 Safari/6531.22.7 (compatible; Googlebot-Mobile/2.1; +http://www.google.com/bot.html)"
77.88.42.27 - - [13/Apr/2013:16:15:57 +0200] "GET /deutsch/index.htm HTTP/1.1" 304 - "-" "Mozilla/5.0 (compatible; YandexBot/3.0; +http://yandex.com/bots)"
66.249.78.60 - - [13/Apr/2013:16:28:41 +0200] "GET /jog/ HTTP/1.1" 304 - "-" "Mozilla/5.0 (iPhone; U; CPU iPhone OS 4_1 like Mac OS X; en-us) AppleWebKit/532.9 (KHTML, like Gecko) Version/4.0.5 Mobile/8B117 Safari/6531.22.7 (compatible; Googlebot-Mobile/2.1; +http://www.google.com/bot.html)"
66.249.78.60 - - [13/Apr/2013:16:31:51 +0200] "GET /jog/eseteink/derekegyhaza/kotvife_kekto_3.pdf HTTP/1.1" 304 - "-" "Mozilla/5.0 (compatible; Googlebot/2.1; +http://www.google.com/bot.html)"
66.249.78.60 - - [13/Apr/2013:17:13:39 +0200] "GET /hirek/130307.htm HTTP/1.1" 304 - "-" "Mozilla/5.0 (iPhone; U; CPU iPhone OS 4_1 like Mac OS X; en-us) AppleWebKit/532.9 (KHTML, like Gecko) Version/4.0.5 Mobile/8B117 Safari/6531.22.7 (compatible; Googlebot-Mobile/2.1; +http://www.google.com/bot.html)"
66.249.75.200 - - [13/Apr/2013:17:25:07 +0200] "GET /hirek/130307.htm HTTP/1.1" 304 - "-" "DoCoMo/2.0 N905i(c100;TB;W24H16) (compatible; Googlebot-Mobile/2.1; +http://www.google.com/bot.html)"
66.249.78.60 - - [13/Apr/2013:17:39:14 +0200] "GET /hirek/130307.htm HTTP/1.1" 304 - "-" "SAMSUNG-SGH-E250/1.0 Profile/MIDP-2.0 Configuration/CLDC-1.1 UP.Browser/6.2.3.3.c.1.101 (GUI) MMP/2.0 (compatible; Googlebot-Mobile/2.1; +http://www.google.com/bot.html)"
66.249.78.60 - - [13/Apr/2013:17:53:00 +0200] "GET /jog/ugyfeljogok.htm HTTP/1.1" 304 - "-" "Mozilla/5.0 (compatible; Googlebot/2.1; +http://www.google.com/bot.html)"
