157.56.93.221 - - [27/Apr/2013:21:34:05 +0200] "GET /jog/eseteink/derekegyhaza/ HTTP/1.1" 200 34210 "-" "Mozilla/5.0 (compatible; bingbot/2.0; +http://www.bing.com/bingbot.htm)"
157.56.229.186 - - [27/Apr/2013:21:35:06 +0200] "GET /programok.htm HTTP/1.1" 200 6444 "-" "Mozilla/5.0 (compatible; bingbot/2.0; +http://www.bing.com/bingbot.htm)"
66.249.78.60 - - [27/Apr/2013:21:43:23 +0200] "GET /jog/eseteink/kavicszatony/mura_valasz.pdf HTTP/1.1" 200 105721 "-" "Mozilla/5.0 (iPhone; U; CPU iPhone OS 4_1 like Mac OS X; en-us) AppleWebKit/532.9 (KHTML, like Gecko) Version/4.0.5 Mobile/8B117 Safari/6531.22.7 (compatible; Googlebot-Mobile/2.1; +http://www.google.com/bot.html)"
66.249.78.60 - - [27/Apr/2013:22:09:37 +0200] "GET /jog/eseteink/poroszlo/poroszlo-onkormnyzat.pdf HTTP/1.1" 200 142360 "-" "Mozilla/5.0 (iPhone; U; CPU iPhone OS 4_1 like Mac OS X; en-us) AppleWebKit/532.9 (KHTML, like Gecko) Version/4.0.5 Mobile/8B117 Safari/6531.22.7 (compatible; Googlebot-Mobile/2.1; +http://www.google.com/bot.html)"
66.249.76.200 - - [27/Apr/2013:22:26:01 +0200] "GET /hirek/hirek090602.htm HTTP/1.1" 200 7261 "-" "SAMSUNG-SGH-E250/1.0 Profile/MIDP-2.0 Configuration/CLDC-1.1 UP.Browser/6.2.3.3.c.1.101 (GUI) MMP/2.0 (compatible; Googlebot-Mobile/2.1; +http://www.google.com/bot.html)"
66.249.78.60 - - [27/Apr/2013:22:29:32 +0200] "GET /hirek/hirek09_01.htm HTTP/1.1" 200 6925 "-" "Mozilla/5.0 (compatible; Googlebot/2.1; +http://www.google.com/bot.html)"
66.249.76.200 - - [27/Apr/2013:22:37:03 +0200] "GET /hirek/hirek090303.htm HTTP/1.1" 200 7721 "-" "DoCoMo/2.0 N905i(c100;TB;W24H16) (compatible; Googlebot-Mobile/2.1; +http://www.google.com/bot.html)"
66.249.78.60 - - [27/Apr/2013:22:59:17 +0200] "GET /hirek/Natura_2000es_gyepgazdalkodas_eloirasai.ppt HTTP/1.1" 304 - "-" "Mozilla/5.0 (iPhone; U; CPU iPhone OS 4_1 like Mac OS X; en-us) AppleWebKit/532.9 (KHTML, like Gecko) Version/4.0.5 Mobile/8B117 Safari/6531.22.7 (compatible; Googlebot-Mobile/2.1; +http://www.google.com/bot.html)"
66.249.78.60 - - [27/Apr/2013:23:31:01 +0200] "GET /jog/pub/rally_kiadvany_mtvsz.pdf HTTP/1.1" 304 - "-" "Mozilla/5.0 (compatible; Googlebot/2.1; +http://www.google.com/bot.html)"
64.246.161.190 - - [27/Apr/2013:23:39:24 +0200] "GET /robots.txt HTTP/1.0" 404 1181 "-" "Mozilla/5.0 (Windows; U; Windows NT 5.1; en; rv:1.9.0.13) Gecko/2009073022 Firefox/3.5.2 (.NET CLR 3.5.30729) SurveyBot/2.3 (DomainTools)"
64.246.161.190 - - [27/Apr/2013:23:39:25 +0200] "GET / HTTP/1.1" 200 43954 "http://whois.domaintools.com/beklen.hu" "Mozilla/5.0 (Windows; U; Windows NT 5.1; en; rv:1.9.0.13) Gecko/2009073022 Firefox/3.5.2 (.NET CLR 3.5.30729) SurveyBot/2.3 (DomainTools)"
66.249.78.60 - - [28/Apr/2013:00:07:16 +0200] "GET /robots.txt HTTP/1.1" 404 1181 "-" "Mozilla/5.0 (compatible; Googlebot/2.1; +http://www.google.com/bot.html)"
66.249.78.60 - - [28/Apr/2013:00:07:16 +0200] "GET /hirek/1303202.htm HTTP/1.1" 304 - "-" "Mozilla/5.0 (compatible; Googlebot/2.1; +http://www.google.com/bot.html)"
66.249.78.60 - - [28/Apr/2013:00:45:21 +0200] "GET /jog/polgariper.htm HTTP/1.1" 304 - "-" "Mozilla/5.0 (iPhone; U; CPU iPhone OS 4_1 like Mac OS X; en-us) AppleWebKit/532.9 (KHTML, like Gecko) Version/4.0.5 Mobile/8B117 Safari/6531.22.7 (compatible; Googlebot-Mobile/2.1; +http://www.google.com/bot.html)"
77.88.42.27 - - [28/Apr/2013:01:01:32 +0200] "GET /jog/eseteink/derekegyhaza/mszh_ugyfel.pdf HTTP/1.1" 200 789271 "-" "Mozilla/5.0 (compatible; YandexBot/3.0; +http://yandex.com/bots)"
66.249.78.60 - - [28/Apr/2013:01:03:13 +0200] "GET /hirek/1303201.htm HTTP/1.1" 304 - "-" "Mozilla/5.0 (compatible; Googlebot/2.1; +http://www.google.com/bot.html)"
131.253.24.14 - - [28/Apr/2013:01:30:31 +0200] "GET /robots.txt HTTP/1.1" 404 1181 "-" "msnbot-media/1.1 (+http://search.msn.com/msnbot.htm)"
131.253.24.14 - - [28/Apr/2013:01:30:31 +0200] "GET /tm05.jpg HTTP/1.1" 200 2253 "-" "msnbot-media/1.1 (+http://search.msn.com/msnbot.htm)"
66.249.78.11 - - [28/Apr/2013:01:45:37 +0200] "GET /robots.txt HTTP/1.1" 404 1181 "-" "Mozilla/5.0 (compatible; Googlebot/2.1; +http://www.google.com/bot.html)"
66.249.78.11 - - [28/Apr/2013:01:45:37 +0200] "GET /fiok/program_reszek/taborok.htm HTTP/1.1" 200 23942 "-" "SAMSUNG-SGH-E250/1.0 Profile/MIDP-2.0 Configuration/CLDC-1.1 UP.Browser/6.2.3.3.c.1.101 (GUI) MMP/2.0 (compatible; Googlebot-Mobile/2.1; +http://www.google.com/bot.html)"
65.55.24.246 - - [28/Apr/2013:01:54:06 +0200] "GET /robots.txt HTTP/1.1" 404 1181 "-" "Mozilla/5.0 (compatible; bingbot/2.0; +http://www.bing.com/bingbot.htm)"
65.55.24.246 - - [28/Apr/2013:01:55:41 +0200] "GET / HTTP/1.1" 200 43954 "-" "Mozilla/5.0 (compatible; bingbot/2.0; +http://www.bing.com/bingbot.htm)"
66.249.78.60 - - [28/Apr/2013:02:09:08 +0200] "GET /jog/eseteink/derekegyhaza/index.htm HTTP/1.1" 304 - "-" "Mozilla/5.0 (compatible; Googlebot/2.1; +http://www.google.com/bot.html)"
77.88.42.27 - - [28/Apr/2013:03:12:00 +0200] "GET /jog/eseteink/derekegyhaza/erd%C3%A9szet_kekto_kerites.pdf HTTP/1.1" 404 1181 "-" "Mozilla/5.0 (compatible; YandexBot/3.0; +http://yandex.com/bots)"
66.249.78.60 - - [28/Apr/2013:03:13:58 +0200] "GET /hirek/130313.htm HTTP/1.1" 304 - "-" "Mozilla/5.0 (compatible; Googlebot/2.1; +http://www.google.com/bot.html)"
180.76.6.211 - - [28/Apr/2013:03:33:26 +0200] "GET /jog/eseteink/derekegyhaza/biroi_vegzes.pdf HTTP/1.1" 200 772975 "-" "Mozilla/5.0 (Windows NT 5.1; rv:6.0.2) Gecko/20100101 Firefox/6.0.2"
66.249.78.60 - - [28/Apr/2013:04:33:16 +0200] "GET /hirek/13032001.htm HTTP/1.1" 304 - "-" "Mozilla/5.0 (iPhone; U; CPU iPhone OS 4_1 like Mac OS X; en-us) AppleWebKit/532.9 (KHTML, like Gecko) Version/4.0.5 Mobile/8B117 Safari/6531.22.7 (compatible; Googlebot-Mobile/2.1; +http://www.google.com/bot.html)"
77.88.42.27 - - [28/Apr/2013:05:01:12 +0200] "GET /jog/eseteink/kavicszatony/nimfea_fellebbezes_uj_eljaras.pdf HTTP/1.1" 200 240990 "-" "Mozilla/5.0 (compatible; YandexBot/3.0; +http://yandex.com/bots)"
66.249.78.60 - - [28/Apr/2013:05:08:57 +0200] "GET /hirek/1303202.htm HTTP/1.1" 304 - "-" "Mozilla/5.0 (iPhone; U; CPU iPhone OS 4_1 like Mac OS X; en-us) AppleWebKit/532.9 (KHTML, like Gecko) Version/4.0.5 Mobile/8B117 Safari/6531.22.7 (compatible; Googlebot-Mobile/2.1; +http://www.google.com/bot.html)"
66.249.78.60 - - [28/Apr/2013:05:09:10 +0200] "GET /hirek/130312.htm HTTP/1.1" 304 - "-" "Mozilla/5.0 (compatible; Googlebot/2.1; +http://www.google.com/bot.html)"
66.249.78.60 - - [28/Apr/2013:05:09:17 +0200] "GET /turizmusbanner_.swf HTTP/1.1" 200 160838 "-" "Mozilla/5.0 (iPhone; U; CPU iPhone OS 4_1 like Mac OS X; en-us) AppleWebKit/532.9 (KHTML, like Gecko) Version/4.0.5 Mobile/8B117 Safari/6531.22.7 (compatible; Googlebot-Mobile/2.1; +http://www.google.com/bot.html)"
65.55.215.88 - - [28/Apr/2013:05:26:56 +0200] "GET /robots.txt HTTP/1.1" 404 1181 "-" "msnbot-media/1.1 (+http://search.msn.com/msnbot.htm)"
65.55.215.88 - - [28/Apr/2013:05:26:57 +0200] "GET /fiok/images/index_12_12.JPG HTTP/1.1" 200 985 "-" "msnbot-media/1.1 (+http://search.msn.com/msnbot.htm)"
66.249.76.200 - - [28/Apr/2013:06:17:01 +0200] "GET /jog/eseteink/korosladany/panasz_rendorsegi_hatarozat_ellen.pdf HTTP/1.1" 304 - "-" "Mozilla/5.0 (compatible; Googlebot/2.1; +http://www.google.com/bot.html)"
66.249.78.60 - - [28/Apr/2013:06:25:11 +0200] "GET /hirek/1303201.htm HTTP/1.1" 304 - "-" "Mozilla/5.0 (iPhone; U; CPU iPhone OS 4_1 like Mac OS X; en-us) AppleWebKit/532.9 (KHTML, like Gecko) Version/4.0.5 Mobile/8B117 Safari/6531.22.7 (compatible; Googlebot-Mobile/2.1; +http://www.google.com/bot.html)"
77.88.42.27 - - [28/Apr/2013:06:59:33 +0200] "GET /jog/eseteink/derekegyhaza/dalerd-disznoskert%20szakhat-vegleges.pdf HTTP/1.1" 200 190281 "-" "Mozilla/5.0 (compatible; YandexBot/3.0; +http://yandex.com/bots)"
66.249.78.60 - - [28/Apr/2013:07:05:03 +0200] "GET /jog/eseteink/malom/fellebbezes_hatarnap.pdf HTTP/1.1" 304 - "-" "Mozilla/5.0 (iPhone; U; CPU iPhone OS 4_1 like Mac OS X; en-us) AppleWebKit/532.9 (KHTML, like Gecko) Version/4.0.5 Mobile/8B117 Safari/6531.22.7 (compatible; Googlebot-Mobile/2.1; +http://www.google.com/bot.html)"
139.18.2.209 - - [28/Apr/2013:07:12:13 +0200] "GET /nca09.htm HTTP/1.1" 200 24315 "-" "findlinks/2.6 (+http://wortschatz.uni-leipzig.de/findlinks/)"
66.249.78.60 - - [28/Apr/2013:07:20:26 +0200] "GET /jog/eseteink/audi/audi_gyor_restoration_measures1-10.pdf HTTP/1.1" 304 - "-" "Mozilla/5.0 (compatible; Googlebot/2.1; +http://www.google.com/bot.html)"
180.76.5.192 - - [28/Apr/2013:07:24:03 +0200] "GET /fiok/index.html HTTP/1.1" 200 20554 "-" "Mozilla/5.0 (compatible; Baiduspider/2.0; +http://www.baidu.com/search/spider.html)"
180.76.5.190 - - [28/Apr/2013:07:24:05 +0200] "GET /fiok/ HTTP/1.1" 200 20554 "-" "Mozilla/5.0 (compatible; Baiduspider/2.0; +http://www.baidu.com/search/spider.html)"
66.249.78.60 - - [28/Apr/2013:07:40:08 +0200] "GET /hirek/130312.htm HTTP/1.1" 304 - "-" "Mozilla/5.0 (iPhone; U; CPU iPhone OS 4_1 like Mac OS X; en-us) AppleWebKit/532.9 (KHTML, like Gecko) Version/4.0.5 Mobile/8B117 Safari/6531.22.7 (compatible; Googlebot-Mobile/2.1; +http://www.google.com/bot.html)"
66.249.78.60 - - [28/Apr/2013:08:15:02 +0200] "GET /jog/eseteink.htm HTTP/1.1" 304 - "-" "Mozilla/5.0 (compatible; Googlebot/2.1; +http://www.google.com/bot.html)"
37.59.13.12 - - [28/Apr/2013:08:29:57 +0200] "GET /robots.txt HTTP/1.0" 404 1181 "-" "Mozilla/5.0 (compatible; MJ12bot/v1.4.3; http://www.majestic12.co.uk/bot.php?+)"
37.59.13.12 - - [28/Apr/2013:08:30:02 +0200] "GET / HTTP/1.0" 200 43954 "-" "Mozilla/5.0 (compatible; MJ12bot/v1.4.3; http://www.majestic12.co.uk/bot.php?+)"
77.88.42.27 - - [28/Apr/2013:08:35:13 +0200] "GET /jog/eseteink/korosladany/lgfobb_ugyeszseg_ujra.pdf HTTP/1.1" 200 105157 "-" "Mozilla/5.0 (compatible; YandexBot/3.0; +http://yandex.com/bots)"
66.249.78.60 - - [28/Apr/2013:08:42:35 +0200] "GET /jog/eseteink/derekegyhaza/lev_nimfea_36868.pdf HTTP/1.1" 200 144038 "-" "Mozilla/5.0 (iPhone; U; CPU iPhone OS 4_1 like Mac OS X; en-us) AppleWebKit/532.9 (KHTML, like Gecko) Version/4.0.5 Mobile/8B117 Safari/6531.22.7 (compatible; Googlebot-Mobile/2.1; +http://www.google.com/bot.html)"
66.249.78.60 - - [28/Apr/2013:08:56:58 +0200] "GET /hirek/130313.htm HTTP/1.1" 304 - "-" "Mozilla/5.0 (iPhone; U; CPU iPhone OS 4_1 like Mac OS X; en-us) AppleWebKit/532.9 (KHTML, like Gecko) Version/4.0.5 Mobile/8B117 Safari/6531.22.7 (compatible; Googlebot-Mobile/2.1; +http://www.google.com/bot.html)"
66.249.78.60 - - [28/Apr/2013:09:27:03 +0200] "GET /jog/eseteink/derekegyhaza/index.htm HTTP/1.1" 304 - "-" "Mozilla/5.0 (compatible; Googlebot/2.1; +http://www.google.com/bot.html)"
81.182.139.52 - - [28/Apr/2013:09:51:18 +0200] "GET /jog/jogihatter.htm HTTP/1.1" 200 18691 "http://www.google.hu/url?sa=t&rct=j&q=1996.%20%C3%A9vi%20liii.%20t%C3%B6rv%C3%A9ny%20egys%C3%A9ges%20szerkezetben&source=web&cd=13&ved=0CDgQFjACOAo&url=http%3A%2F%2Fwww.beklen.hu%2Fjog%2Fjogihatter.htm&ei=7NR8UYKVL4iM4gS2q4DYBw&usg=AFQjCNEDfkRpwRVnlkhItHjwmg30OtNygg" "Mozilla/5.0 (Windows NT 5.1; rv:20.0) Gecko/20100101 Firefox/20.0"
81.182.139.52 - - [28/Apr/2013:09:51:18 +0200] "GET /jog/style.css HTTP/1.1" 200 21413 "http://www.beklen.hu/jog/jogihatter.htm" "Mozilla/5.0 (Windows NT 5.1; rv:20.0) Gecko/20100101 Firefox/20.0"
81.182.110.128 - - [28/Apr/2013:09:51:18 +0200] "GET /jog/script.js HTTP/1.1" 200 5674 "http://www.beklen.hu/jog/jogihatter.htm" "Mozilla/5.0 (Windows NT 5.1; rv:20.0) Gecko/20100101 Firefox/20.0"
81.182.139.52 - - [28/Apr/2013:09:51:18 +0200] "GET /jog/favicon.ico HTTP/1.1" 200 1150 "-" "Mozilla/5.0 (Windows NT 5.1; rv:20.0) Gecko/20100101 Firefox/20.0"
81.182.110.253 - - [28/Apr/2013:09:51:18 +0200] "GET /jog/jquery.js HTTP/1.1" 200 72174 "http://www.beklen.hu/jog/jogihatter.htm" "Mozilla/5.0 (Windows NT 5.1; rv:20.0) Gecko/20100101 Firefox/20.0"
81.182.139.52 - - [28/Apr/2013:09:51:19 +0200] "GET /jog/img/file_doc.png HTTP/1.1" 200 598 "http://www.beklen.hu/jog/jogihatter.htm" "Mozilla/5.0 (Windows NT 5.1; rv:20.0) Gecko/20100101 Firefox/20.0"
81.182.110.128 - - [28/Apr/2013:09:51:19 +0200] "GET /jog/img/file_pdf.png HTTP/1.1" 200 581 "http://www.beklen.hu/jog/jogihatter.htm" "Mozilla/5.0 (Windows NT 5.1; rv:20.0) Gecko/20100101 Firefox/20.0"
81.182.110.253 - - [28/Apr/2013:09:51:19 +0200] "GET /jog/img/file_zip.png HTTP/1.1" 200 622 "http://www.beklen.hu/jog/jogihatter.htm" "Mozilla/5.0 (Windows NT 5.1; rv:20.0) Gecko/20100101 Firefox/20.0"
81.182.110.128 - - [28/Apr/2013:09:51:19 +0200] "GET /jog/images/spacer.gif HTTP/1.1" 200 43 "http://www.beklen.hu/jog/style.css" "Mozilla/5.0 (Windows NT 5.1; rv:20.0) Gecko/20100101 Firefox/20.0"
81.182.110.128 - - [28/Apr/2013:09:51:19 +0200] "GET /jog/images/nav.png HTTP/1.1" 200 10482 "http://www.beklen.hu/jog/style.css" "Mozilla/5.0 (Windows NT 5.1; rv:20.0) Gecko/20100101 Firefox/20.0"
81.182.110.253 - - [28/Apr/2013:09:51:19 +0200] "GET /jog/images/post_h.png HTTP/1.1" 200 292 "http://www.beklen.hu/jog/style.css" "Mozilla/5.0 (Windows NT 5.1; rv:20.0) Gecko/20100101 Firefox/20.0"
81.182.110.128 - - [28/Apr/2013:09:51:19 +0200] "GET /jog/images/post_v.png HTTP/1.1" 200 310 "http://www.beklen.hu/jog/style.css" "Mozilla/5.0 (Windows NT 5.1; rv:20.0) Gecko/20100101 Firefox/20.0"
81.182.139.52 - - [28/Apr/2013:09:51:19 +0200] "GET /jog/images/post_s.png HTTP/1.1" 200 466 "http://www.beklen.hu/jog/style.css" "Mozilla/5.0 (Windows NT 5.1; rv:20.0) Gecko/20100101 Firefox/20.0"
81.182.110.128 - - [28/Apr/2013:09:51:19 +0200] "GET /jog/images/post_c.png HTTP/1.1" 200 204 "http://www.beklen.hu/jog/style.css" "Mozilla/5.0 (Windows NT 5.1; rv:20.0) Gecko/20100101 Firefox/20.0"
81.182.110.253 - - [28/Apr/2013:09:51:19 +0200] "GET /jog/images/header.png HTTP/1.1" 200 170837 "http://www.beklen.hu/jog/style.css" "Mozilla/5.0 (Windows NT 5.1; rv:20.0) Gecko/20100101 Firefox/20.0"
81.182.110.128 - - [28/Apr/2013:09:51:19 +0200] "GET /jog/images/subitem.png HTTP/1.1" 200 81 "http://www.beklen.hu/jog/style.css" "Mozilla/5.0 (Windows NT 5.1; rv:20.0) Gecko/20100101 Firefox/20.0"
81.182.139.52 - - [28/Apr/2013:09:51:19 +0200] "GET /jog/images/Bottom_texture.jpg HTTP/1.1" 200 193775 "http://www.beklen.hu/jog/style.css" "Mozilla/5.0 (Windows NT 5.1; rv:20.0) Gecko/20100101 Firefox/20.0"
81.182.110.128 - - [28/Apr/2013:09:51:19 +0200] "GET /jog/images/menuitem.png HTTP/1.1" 200 20398 "http://www.beklen.hu/jog/style.css" "Mozilla/5.0 (Windows NT 5.1; rv:20.0) Gecko/20100101 Firefox/20.0"
157.55.32.236 - - [28/Apr/2013:10:15:54 +0200] "GET /robots.txt HTTP/1.1" 404 1181 "-" "Mozilla/5.0 (compatible; bingbot/2.0; +http://www.bing.com/bingbot.htm)"
77.88.42.27 - - [28/Apr/2013:10:20:27 +0200] "GET /robots.txt HTTP/1.1" 404 1181 "-" "Mozilla/5.0 (compatible; YandexBot/3.0; +http://yandex.com/bots)"
66.249.76.200 - - [28/Apr/2013:10:20:55 +0200] "GET /hirek/1303191.htm HTTP/1.1" 304 - "-" "Mozilla/5.0 (iPhone; U; CPU iPhone OS 4_1 like Mac OS X; en-us) AppleWebKit/532.9 (KHTML, like Gecko) Version/4.0.5 Mobile/8B117 Safari/6531.22.7 (compatible; Googlebot-Mobile/2.1; +http://www.google.com/bot.html)"
157.55.32.236 - - [28/Apr/2013:10:22:46 +0200] "GET / HTTP/1.1" 200 43954 "-" "Mozilla/5.0 (compatible; bingbot/2.0; +http://www.bing.com/bingbot.htm)"
66.249.78.60 - - [28/Apr/2013:10:24:28 +0200] "GET /magunkrol.htm HTTP/1.1" 304 - "-" "Mozilla/5.0 (iPhone; U; CPU iPhone OS 4_1 like Mac OS X; en-us) AppleWebKit/532.9 (KHTML, like Gecko) Version/4.0.5 Mobile/8B117 Safari/6531.22.7 (compatible; Googlebot-Mobile/2.1; +http://www.google.com/bot.html)"
66.249.78.60 - - [28/Apr/2013:10:37:11 +0200] "GET /hirek/130320.htm HTTP/1.1" 304 - "-" "Mozilla/5.0 (compatible; Googlebot/2.1; +http://www.google.com/bot.html)"
157.56.93.94 - - [28/Apr/2013:10:55:17 +0200] "GET /jog/pub/fuzet_beliv_jav2.pdf HTTP/1.1" 200 775632 "-" "Mozilla/5.0 (compatible; bingbot/2.0; +http://www.bing.com/bingbot.htm)"
77.88.42.27 - - [28/Apr/2013:11:11:55 +0200] "GET /jog/eseteink/derekegyhaza/mszh_kekto_fellebbez%C3%A9s.pdf HTTP/1.1" 404 1181 "-" "Mozilla/5.0 (compatible; YandexBot/3.0; +http://yandex.com/bots)"
66.249.78.60 - - [28/Apr/2013:11:37:08 +0200] "GET /jog/ HTTP/1.1" 200 13138 "-" "Mozilla/5.0 (iPhone; U; CPU iPhone OS 4_1 like Mac OS X; en-us) AppleWebKit/532.9 (KHTML, like Gecko) Version/4.0.5 Mobile/8B117 Safari/6531.22.7 (compatible; Googlebot-Mobile/2.1; +http://www.google.com/bot.html)"
89.123.37.220 - - [28/Apr/2013:11:56:24 +0200] "GET / HTTP/1.1" 200 43954 "-" "Java/1.6.0_04"
89.123.37.220 - - [28/Apr/2013:11:56:24 +0200] "GET /hirarchivum.htm HTTP/1.1" 200 24981 "-" "Java/1.6.0_04"
89.123.37.220 - - [28/Apr/2013:11:56:25 +0200] "GET /index.htm HTTP/1.1" 200 43954 "-" "Java/1.6.0_04"
89.123.37.220 - - [28/Apr/2013:11:56:25 +0200] "GET /kapcsolat.htm HTTP/1.1" 200 6875 "-" "Java/1.6.0_04"
89.123.37.220 - - [28/Apr/2013:11:56:25 +0200] "GET /magunkrol.htm HTTP/1.1" 200 9161 "-" "Java/1.6.0_04"
89.123.37.220 - - [28/Apr/2013:11:56:25 +0200] "GET /media.htm HTTP/1.1" 200 5208 "-" "Java/1.6.0_04"
89.123.37.220 - - [28/Apr/2013:11:56:25 +0200] "GET /programok.htm HTTP/1.1" 200 6444 "-" "Java/1.6.0_04"
89.123.37.220 - - [28/Apr/2013:11:56:25 +0200] "GET /vill.cs HTTP/1.1" 200 3139 "-" "Java/1.6.0_04"
89.123.37.220 - - [28/Apr/2013:11:56:26 +0200] "GET /hirek08_10.htm HTTP/1.1" 200 6946 "-" "Java/1.6.0_04"
89.123.37.220 - - [28/Apr/2013:11:56:27 +0200] "GET /hirek08_11.htm HTTP/1.1" 200 7253 "-" "Java/1.6.0_04"
89.123.37.220 - - [28/Apr/2013:11:56:27 +0200] "GET /hirek08_12.htm HTTP/1.1" 200 8268 "-" "Java/1.6.0_04"
89.123.37.220 - - [28/Apr/2013:11:56:27 +0200] "GET /hirek09_01.htm HTTP/1.1" 200 6841 "-" "Java/1.6.0_04"
89.123.37.220 - - [28/Apr/2013:11:56:27 +0200] "GET /hirek09_02.htm HTTP/1.1" 200 7450 "-" "Java/1.6.0_04"
89.123.37.220 - - [28/Apr/2013:11:56:27 +0200] "GET /hirek09_03.htm HTTP/1.1" 200 10726 "-" "Java/1.6.0_04"
89.123.37.220 - - [28/Apr/2013:11:56:27 +0200] "GET /&url=kapcsolat.htm HTTP/1.1" 404 1181 "-" "Java/1.6.0_04"
89.123.37.220 - - [28/Apr/2013:11:56:28 +0200] "GET /&url=programok.htm HTTP/1.1" 404 1181 "-" "Java/1.6.0_04"
89.123.37.220 - - [28/Apr/2013:11:56:28 +0200] "GET /&url=adomanyi.htm HTTP/1.1" 404 1181 "-" "Java/1.6.0_04"
89.123.37.220 - - [28/Apr/2013:11:56:28 +0200] "GET /bunt.htm HTTP/1.1" 200 5683 "-" "Java/1.6.0_04"
89.123.37.220 - - [28/Apr/2013:11:56:28 +0200] "GET /civilmuhely.htm HTTP/1.1" 200 8450 "-" "Java/1.6.0_04"
89.123.37.220 - - [28/Apr/2013:11:56:29 +0200] "GET /khb.htm HTTP/1.1" 200 8719 "-" "Java/1.6.0_04"
89.123.37.220 - - [28/Apr/2013:11:56:29 +0200] "GET /nca.htm HTTP/1.1" 200 7467 "-" "Java/1.6.0_04"
89.123.37.220 - - [28/Apr/2013:11:56:29 +0200] "GET /ncta.htm HTTP/1.1" 200 7221 "-" "Java/1.6.0_04"
89.123.37.220 - - [28/Apr/2013:11:56:29 +0200] "GET /nka.htm HTTP/1.1" 200 6221 "-" "Java/1.6.0_04"
89.123.37.220 - - [28/Apr/2013:11:56:29 +0200] "GET /szakmai.htm HTTP/1.1" 200 6054 "-" "Java/1.6.0_04"
89.123.37.220 - - [28/Apr/2013:11:56:30 +0200] "GET /ncta_a.htm HTTP/1.1" 200 7260 "-" "Java/1.6.0_04"
89.123.37.220 - - [28/Apr/2013:11:56:30 +0200] "GET /&url=civilmuhely.htm HTTP/1.1" 404 1181 "-" "Java/1.6.0_04"
89.123.37.220 - - [28/Apr/2013:11:56:33 +0200] "GET /&url=magunkrol.htm HTTP/1.1" 404 1181 "-" "Java/1.6.0_04"
89.123.37.220 - - [28/Apr/2013:11:56:34 +0200] "GET /nca04.htm HTTP/1.1" 200 16378 "-" "Java/1.6.0_04"
89.123.37.220 - - [28/Apr/2013:11:56:34 +0200] "GET /nca05.htm HTTP/1.1" 200 16412 "-" "Java/1.6.0_04"
89.123.37.220 - - [28/Apr/2013:11:56:34 +0200] "GET /nca06.htm HTTP/1.1" 200 19034 "-" "Java/1.6.0_04"
89.123.37.220 - - [28/Apr/2013:11:56:35 +0200] "GET /nca07.htm HTTP/1.1" 200 21968 "-" "Java/1.6.0_04"
89.123.37.220 - - [28/Apr/2013:11:56:35 +0200] "GET /nca08.htm HTTP/1.1" 200 21795 "-" "Java/1.6.0_04"
89.123.37.220 - - [28/Apr/2013:11:56:35 +0200] "GET /nca09.htm HTTP/1.1" 200 24315 "-" "Java/1.6.0_04"
89.123.37.220 - - [28/Apr/2013:11:56:35 +0200] "GET /nca10.htm HTTP/1.1" 200 16648 "-" "Java/1.6.0_04"
89.123.37.220 - - [28/Apr/2013:11:56:35 +0200] "GET /nca11.htm HTTP/1.1" 200 7133 "-" "Java/1.6.0_04"
89.123.37.220 - - [28/Apr/2013:11:56:36 +0200] "GET /kiadvanyok.htm HTTP/1.1" 200 8206 "-" "Java/1.6.0_04"
89.123.37.220 - - [28/Apr/2013:11:56:36 +0200] "GET /deutsch/index.htm HTTP/1.1" 200 5324 "-" "Java/1.6.0_04"
89.123.37.220 - - [28/Apr/2013:11:56:36 +0200] "GET /english/index.htm HTTP/1.1" 200 5262 "-" "Java/1.6.0_04"
89.123.37.220 - - [28/Apr/2013:11:56:36 +0200] "GET /fiok/index.html HTTP/1.1" 200 20554 "-" "Java/1.6.0_04"
89.123.37.220 - - [28/Apr/2013:11:56:36 +0200] "GET /hirek/130307.htm HTTP/1.1" 200 12189 "-" "Java/1.6.0_04"
89.123.37.220 - - [28/Apr/2013:11:56:37 +0200] "GET /hirek/1303071.htm HTTP/1.1" 200 8749 "-" "Java/1.6.0_04"
89.123.37.220 - - [28/Apr/2013:11:56:37 +0200] "GET /hirek/1303072.htm HTTP/1.1" 200 9111 "-" "Java/1.6.0_04"
89.123.37.220 - - [28/Apr/2013:11:56:37 +0200] "GET /hirek/130312.htm HTTP/1.1" 200 9645 "-" "Java/1.6.0_04"
89.123.37.220 - - [28/Apr/2013:11:56:37 +0200] "GET /hirek/1303122.htm HTTP/1.1" 200 7547 "-" "Java/1.6.0_04"
66.249.78.60 - - [28/Apr/2013:11:59:18 +0200] "GET /jog/eseteink/duzzaszto/index.htm HTTP/1.1" 304 - "-" "Mozilla/5.0 (iPhone; U; CPU iPhone OS 4_1 like Mac OS X; en-us) AppleWebKit/532.9 (KHTML, like Gecko) Version/4.0.5 Mobile/8B117 Safari/6531.22.7 (compatible; Googlebot-Mobile/2.1; +http://www.google.com/bot.html)"
66.249.78.60 - - [28/Apr/2013:12:17:07 +0200] "GET /robots.txt HTTP/1.1" 404 1181 "-" "Mozilla/5.0 (compatible; Googlebot/2.1; +http://www.google.com/bot.html)"
66.249.75.200 - - [28/Apr/2013:12:17:07 +0200] "GET /jog/pub/fuzet_beliv_jav2.pdf HTTP/1.1" 304 - "-" "DoCoMo/2.0 N905i(c100;TB;W24H16) (compatible; Googlebot-Mobile/2.1; +http://www.google.com/bot.html)"
66.249.78.60 - - [28/Apr/2013:12:38:04 +0200] "GET /jog/eseteink/derekegyhaza/dalerd-disznoskert%20szakhat-vegleges.pdf HTTP/1.1" 304 - "-" "Mozilla/5.0 (compatible; Googlebot/2.1; +http://www.google.com/bot.html)"
66.249.78.60 - - [28/Apr/2013:12:39:31 +0200] "GET /hirek/hirek090509.htm HTTP/1.1" 304 - "-" "Mozilla/5.0 (iPhone; U; CPU iPhone OS 4_1 like Mac OS X; en-us) AppleWebKit/532.9 (KHTML, like Gecko) Version/4.0.5 Mobile/8B117 Safari/6531.22.7 (compatible; Googlebot-Mobile/2.1; +http://www.google.com/bot.html)"
77.88.42.27 - - [28/Apr/2013:12:46:24 +0200] "GET /jog/eseteink/derekegyhaza/kotevife_volt_e_skv.pdf HTTP/1.1" 200 113615 "-" "Mozilla/5.0 (compatible; YandexBot/3.0; +http://yandex.com/bots)"
66.249.78.60 - - [28/Apr/2013:12:52:04 +0200] "GET /jog/pub/fuzet_beliv_jav2.pdf HTTP/1.1" 304 - "-" "Mozilla/5.0 (iPhone; U; CPU iPhone OS 4_1 like Mac OS X; en-us) AppleWebKit/532.9 (KHTML, like Gecko) Version/4.0.5 Mobile/8B117 Safari/6531.22.7 (compatible; Googlebot-Mobile/2.1; +http://www.google.com/bot.html)"
66.249.78.60 - - [28/Apr/2013:13:06:30 +0200] "GET /jog/eseteink/audi/gyor,%20hungary%20-%20audi_.jpg HTTP/1.1" 304 - "-" "Googlebot-Image/1.0"
66.249.78.60 - - [28/Apr/2013:13:18:24 +0200] "GET /hirek/hirek100804.htm HTTP/1.1" 200 8056 "-" "SAMSUNG-SGH-E250/1.0 Profile/MIDP-2.0 Configuration/CLDC-1.1 UP.Browser/6.2.3.3.c.1.101 (GUI) MMP/2.0 (compatible; Googlebot-Mobile/2.1; +http://www.google.com/bot.html)"
180.76.5.172 - - [28/Apr/2013:13:23:51 +0200] "GET /fiok/program_reszek/erdei_iskola.htm HTTP/1.1" 200 21601 "-" "Mozilla/5.0 (compatible; Baiduspider/2.0; +http://www.baidu.com/search/spider.html)"
66.249.78.60 - - [28/Apr/2013:13:37:44 +0200] "GET /jog/eseteink/dakar/index.htm HTTP/1.1" 304 - "-" "Mozilla/5.0 (iPhone; U; CPU iPhone OS 4_1 like Mac OS X; en-us) AppleWebKit/532.9 (KHTML, like Gecko) Version/4.0.5 Mobile/8B117 Safari/6531.22.7 (compatible; Googlebot-Mobile/2.1; +http://www.google.com/bot.html)"
77.88.42.27 - - [28/Apr/2013:13:57:12 +0200] "GET / HTTP/1.1" 200 43954 "-" "Mozilla/5.0 (compatible; YandexBot/3.0; +http://yandex.com/bots)"
77.88.42.27 - - [28/Apr/2013:13:57:13 +0200] "GET /robots.txt HTTP/1.1" 404 1181 "-" "Mozilla/5.0 (compatible; YandexBot/3.0; +http://yandex.com/bots)"
77.88.42.27 - - [28/Apr/2013:13:57:15 +0200] "GET / HTTP/1.1" 200 43954 "-" "Mozilla/5.0 (compatible; YandexBot/3.0; +http://yandex.com/bots)"
77.88.42.27 - - [28/Apr/2013:13:57:17 +0200] "GET / HTTP/1.1" 200 43954 "-" "Mozilla/5.0 (compatible; YandexBot/3.0; +http://yandex.com/bots)"
77.88.42.27 - - [28/Apr/2013:13:57:20 +0200] "GET / HTTP/1.1" 200 43954 "-" "Mozilla/5.0 (compatible; YandexBot/3.0; +http://yandex.com/bots)"
66.249.78.60 - - [28/Apr/2013:14:04:24 +0200] "GET /jog/jogszabalyok/conventions_hu.pdf HTTP/1.1" 304 - "-" "Mozilla/5.0 (compatible; Googlebot/2.1; +http://www.google.com/bot.html)"
65.55.215.90 - - [28/Apr/2013:14:06:38 +0200] "GET /robots.txt HTTP/1.1" 404 1181 "-" "msnbot-media/1.1 (+http://search.msn.com/msnbot.htm)"
65.55.215.90 - - [28/Apr/2013:14:06:39 +0200] "GET /fiok/images/e4e.jpg HTTP/1.1" 200 524 "-" "msnbot-media/1.1 (+http://search.msn.com/msnbot.htm)"
66.249.78.60 - - [28/Apr/2013:14:09:54 +0200] "GET /hirek09_02.htm HTTP/1.1" 304 - "-" "Mozilla/5.0 (iPhone; U; CPU iPhone OS 4_1 like Mac OS X; en-us) AppleWebKit/532.9 (KHTML, like Gecko) Version/4.0.5 Mobile/8B117 Safari/6531.22.7 (compatible; Googlebot-Mobile/2.1; +http://www.google.com/bot.html)"
180.76.5.193 - - [28/Apr/2013:14:19:50 +0200] "GET /jog/eseteink/derekegyhaza/biroi_vegzes.pdf HTTP/1.1" 200 772975 "-" "Mozilla/5.0 (Windows NT 5.1; rv:6.0.2) Gecko/20100101 Firefox/6.0.2"
157.56.93.94 - - [28/Apr/2013:14:25:21 +0200] "GET /robots.txt HTTP/1.1" 404 1181 "-" "Mozilla/5.0 (compatible; bingbot/2.0; +http://www.bing.com/bingbot.htm)"
157.56.93.94 - - [28/Apr/2013:14:27:07 +0200] "GET /khb/ HTTP/1.1" 403 1172 "-" "Mozilla/5.0 (compatible; bingbot/2.0; +http://www.bing.com/bingbot.htm)"
157.56.93.94 - - [28/Apr/2013:14:27:11 +0200] "GET /jog/jog/jogszabalyok/ HTTP/1.1" 404 1181 "-" "Mozilla/5.0 (compatible; bingbot/2.0; +http://www.bing.com/bingbot.htm)"
157.56.93.39 - - [28/Apr/2013:14:27:34 +0200] "GET /jog/jogszabalyok/ HTTP/1.1" 403 1172 "-" "Mozilla/5.0 (compatible; bingbot/2.0; +http://www.bing.com/bingbot.htm)"
157.55.32.166 - - [28/Apr/2013:14:28:05 +0200] "GET /jog/pub/ HTTP/1.1" 403 1172 "-" "Mozilla/5.0 (compatible; bingbot/2.0; +http://www.bing.com/bingbot.htm)"
157.55.32.236 - - [28/Apr/2013:14:37:15 +0200] "GET /robots.txt HTTP/1.1" 404 1181 "-" "Mozilla/5.0 (compatible; bingbot/2.0; +http://www.bing.com/bingbot.htm)"
157.55.33.123 - - [28/Apr/2013:14:38:02 +0200] "GET /media.htm HTTP/1.1" 200 5208 "-" "Mozilla/5.0 (compatible; bingbot/2.0; +http://www.bing.com/bingbot.htm)"
157.56.229.186 - - [28/Apr/2013:14:38:32 +0200] "GET /programok.htm HTTP/1.1" 200 6444 "-" "Mozilla/5.0 (compatible; bingbot/2.0; +http://www.bing.com/bingbot.htm)"
157.55.32.236 - - [28/Apr/2013:14:38:34 +0200] "GET / HTTP/1.1" 200 43954 "-" "Mozilla/5.0 (compatible; bingbot/2.0; +http://www.bing.com/bingbot.htm)"
157.56.229.186 - - [28/Apr/2013:14:38:34 +0200] "GET /deutsch/stellen.htm HTTP/1.1" 200 6824 "-" "Mozilla/5.0 (compatible; bingbot/2.0; +http://www.bing.com/bingbot.htm)"
157.56.93.94 - - [28/Apr/2013:14:38:35 +0200] "GET /jog/eseteink/audi/index.htm HTTP/1.1" 200 15938 "-" "Mozilla/5.0 (compatible; bingbot/2.0; +http://www.bing.com/bingbot.htm)"
157.55.32.236 - - [28/Apr/2013:14:38:35 +0200] "GET / HTTP/1.1" 200 43954 "-" "Mozilla/5.0 (compatible; bingbot/2.0; +http://www.bing.com/bingbot.htm)"
157.56.93.82 - - [28/Apr/2013:14:38:35 +0200] "GET /hirek09_03.htm HTTP/1.1" 200 10726 "-" "Mozilla/5.0 (compatible; bingbot/2.0; +http://www.bing.com/bingbot.htm)"
157.55.32.236 - - [28/Apr/2013:14:38:36 +0200] "GET /magunkrol.htm HTTP/1.1" 200 9161 "-" "Mozilla/5.0 (compatible; bingbot/2.0; +http://www.bing.com/bingbot.htm)"
157.56.229.186 - - [28/Apr/2013:14:38:36 +0200] "GET /english/contact.htm HTTP/1.1" 200 4601 "-" "Mozilla/5.0 (compatible; bingbot/2.0; +http://www.bing.com/bingbot.htm)"
157.55.32.236 - - [28/Apr/2013:14:38:37 +0200] "GET /jog/eseteink/korosladany/ HTTP/1.1" 200 30713 "-" "Mozilla/5.0 (compatible; bingbot/2.0; +http://www.bing.com/bingbot.htm)"
157.56.93.94 - - [28/Apr/2013:14:38:38 +0200] "GET /jog/eseteink/kavicszatony/ HTTP/1.1" 200 16432 "-" "Mozilla/5.0 (compatible; bingbot/2.0; +http://www.bing.com/bingbot.htm)"
157.56.93.39 - - [28/Apr/2013:14:38:39 +0200] "GET /fiok/ HTTP/1.1" 200 20554 "-" "Mozilla/5.0 (compatible; bingbot/2.0; +http://www.bing.com/bingbot.htm)"
157.56.93.94 - - [28/Apr/2013:14:38:40 +0200] "GET /jog/pub/fuzet_beliv_jav2.pdf HTTP/1.1" 200 34654 "-" "Mozilla/5.0 (compatible; bingbot/2.0; +http://www.bing.com/bingbot.htm)"
157.56.93.82 - - [28/Apr/2013:14:38:40 +0200] "GET /hirek/Natura_2000es_gyepgazdalkodas_eloirasai.ppt HTTP/1.1" 200 333312 "-" "Mozilla/5.0 (compatible; bingbot/2.0; +http://www.bing.com/bingbot.htm)"
157.56.93.39 - - [28/Apr/2013:14:38:42 +0200] "GET /jog/eseteink/poroszlo/ HTTP/1.1" 200 16861 "-" "Mozilla/5.0 (compatible; bingbot/2.0; +http://www.bing.com/bingbot.htm)"
157.55.32.166 - - [28/Apr/2013:14:39:05 +0200] "GET /jog/eseteink/malom/ HTTP/1.1" 200 17507 "-" "Mozilla/5.0 (compatible; bingbot/2.0; +http://www.bing.com/bingbot.htm)"
157.55.32.236 - - [28/Apr/2013:14:39:05 +0200] "GET / HTTP/1.1" 200 43954 "-" "Mozilla/5.0 (compatible; bingbot/2.0; +http://www.bing.com/bingbot.htm)"
157.55.33.253 - - [28/Apr/2013:14:39:33 +0200] "GET /kapcsolat.htm HTTP/1.1" 200 6875 "-" "Mozilla/5.0 (compatible; bingbot/2.0; +http://www.bing.com/bingbot.htm)"
157.55.33.253 - - [28/Apr/2013:14:39:36 +0200] "GET /fiok/kornyezet.htm HTTP/1.1" 200 22582 "-" "Mozilla/5.0 (compatible; bingbot/2.0; +http://www.bing.com/bingbot.htm)"
157.55.33.253 - - [28/Apr/2013:14:39:38 +0200] "GET /jog/eseteink/poroszlo/index.htm HTTP/1.1" 200 16861 "-" "Mozilla/5.0 (compatible; bingbot/2.0; +http://www.bing.com/bingbot.htm)"
157.56.93.221 - - [28/Apr/2013:15:05:33 +0200] "GET /index.htm HTTP/1.1" 200 43954 "-" "Mozilla/5.0 (compatible; bingbot/2.0; +http://www.bing.com/bingbot.htm)"
66.249.78.60 - - [28/Apr/2013:15:07:28 +0200] "GET /jog/eseteink/kavicszatony/kavicszatony_ugyfel.pdf HTTP/1.1" 304 - "-" "Mozilla/5.0 (iPhone; U; CPU iPhone OS 4_1 like Mac OS X; en-us) AppleWebKit/532.9 (KHTML, like Gecko) Version/4.0.5 Mobile/8B117 Safari/6531.22.7 (compatible; Googlebot-Mobile/2.1; +http://www.google.com/bot.html)"
66.249.78.60 - - [28/Apr/2013:15:09:00 +0200] "GET /jog/jogszabalyok/kek_6925_2004_cxl.pdf HTTP/1.1" 304 - "-" "Mozilla/5.0 (compatible; Googlebot/2.1; +http://www.google.com/bot.html)"
139.18.2.209 - - [28/Apr/2013:15:09:37 +0200] "GET /nca04.htm HTTP/1.1" 200 16378 "-" "findlinks/2.6 (+http://wortschatz.uni-leipzig.de/findlinks/)"
66.249.78.60 - - [28/Apr/2013:15:11:08 +0200] "GET /jog/eseteink/korosladany/kepek/img_1_.jpg HTTP/1.1" 304 - "-" "Googlebot-Image/1.0"
66.249.78.60 - - [28/Apr/2013:15:20:39 +0200] "GET /hirek09_01.htm HTTP/1.1" 304 - "-" "Mozilla/5.0 (iPhone; U; CPU iPhone OS 4_1 like Mac OS X; en-us) AppleWebKit/532.9 (KHTML, like Gecko) Version/4.0.5 Mobile/8B117 Safari/6531.22.7 (compatible; Googlebot-Mobile/2.1; +http://www.google.com/bot.html)"
157.56.93.74 - - [28/Apr/2013:15:23:38 +0200] "GET /hirarchivum.htm HTTP/1.1" 200 24981 "-" "Mozilla/5.0 (compatible; bingbot/2.0; +http://www.bing.com/bingbot.htm)"
157.56.93.74 - - [28/Apr/2013:15:23:45 +0200] "GET /khb.htm HTTP/1.1" 200 8719 "-" "Mozilla/5.0 (compatible; bingbot/2.0; +http://www.bing.com/bingbot.htm)"
66.249.78.60 - - [28/Apr/2013:16:03:19 +0200] "GET /jog/jogszabalyok/2009_xxxvii_tv.pdf HTTP/1.1" 304 - "-" "Mozilla/5.0 (compatible; Googlebot/2.1; +http://www.google.com/bot.html)"
139.18.2.209 - - [28/Apr/2013:16:33:12 +0200] "GET /szakmai.htm HTTP/1.1" 200 6054 "-" "findlinks/2.6 (+http://wortschatz.uni-leipzig.de/findlinks/)"
66.249.78.60 - - [28/Apr/2013:16:35:57 +0200] "GET /jog/jogszabalyok/2009_xxxvii_tv.pdf HTTP/1.1" 304 - "-" "Mozilla/5.0 (compatible; Googlebot/2.1; +http://www.google.com/bot.html)"
157.55.32.237 - - [28/Apr/2013:16:36:51 +0200] "GET /robots.txt HTTP/1.1" 404 1181 "-" "Mozilla/5.0 (compatible; bingbot/2.0; +http://www.bing.com/bingbot.htm)"
157.55.32.237 - - [28/Apr/2013:16:39:05 +0200] "GET / HTTP/1.1" 200 43954 "-" "Mozilla/5.0 (compatible; bingbot/2.0; +http://www.bing.com/bingbot.htm)"
66.249.78.60 - - [28/Apr/2013:16:41:22 +0200] "GET /jog/eseteink/malom/index.htm HTTP/1.1" 304 - "-" "Mozilla/5.0 (iPhone; U; CPU iPhone OS 4_1 like Mac OS X; en-us) AppleWebKit/532.9 (KHTML, like Gecko) Version/4.0.5 Mobile/8B117 Safari/6531.22.7 (compatible; Googlebot-Mobile/2.1; +http://www.google.com/bot.html)"
66.249.78.60 - - [28/Apr/2013:16:48:27 +0200] "GET /jog/eseteink/kavicszatony/mura%20fellebb%20nimfea.pdf HTTP/1.1" 304 - "-" "Mozilla/5.0 (iPhone; U; CPU iPhone OS 4_1 like Mac OS X; en-us) AppleWebKit/532.9 (KHTML, like Gecko) Version/4.0.5 Mobile/8B117 Safari/6531.22.7 (compatible; Googlebot-Mobile/2.1; +http://www.google.com/bot.html)"
66.249.78.60 - - [28/Apr/2013:17:05:38 +0200] "GET /jog/jogszabalyok/2011_clxxv.pdf HTTP/1.1" 304 - "-" "Mozilla/5.0 (compatible; Googlebot/2.1; +http://www.google.com/bot.html)"
66.249.78.60 - - [28/Apr/2013:17:52:49 +0200] "GET /jog/img/320/sargarigo2.jpg HTTP/1.1" 304 - "-" "Googlebot-Image/1.0"
66.249.78.60 - - [28/Apr/2013:18:04:22 +0200] "GET /hirek/hirek100305.htm HTTP/1.1" 304 - "-" "Mozilla/5.0 (iPhone; U; CPU iPhone OS 4_1 like Mac OS X; en-us) AppleWebKit/532.9 (KHTML, like Gecko) Version/4.0.5 Mobile/8B117 Safari/6531.22.7 (compatible; Googlebot-Mobile/2.1; +http://www.google.com/bot.html)"
86.101.134.125 - - [28/Apr/2013:18:07:53 +0200] "GET /jog/eseteink/derekegyhaza/mszhk_masodfok_ugyfel_elutasitas_1.jpg HTTP/1.1" 200 995513 "-" "Mozilla/5.0 (Windows NT 5.1; rv:20.0) Gecko/20100101 Firefox/20.0"
66.249.78.60 - - [28/Apr/2013:18:34:15 +0200] "GET /jog/eseteink/malom/ilona_bontas.pdf HTTP/1.1" 304 - "-" "Mozilla/5.0 (iPhone; U; CPU iPhone OS 4_1 like Mac OS X; en-us) AppleWebKit/532.9 (KHTML, like Gecko) Version/4.0.5 Mobile/8B117 Safari/6531.22.7 (compatible; Googlebot-Mobile/2.1; +http://www.google.com/bot.html)"
157.55.32.237 - - [28/Apr/2013:18:48:10 +0200] "GET /robots.txt HTTP/1.1" 404 1181 "-" "Mozilla/5.0 (compatible; bingbot/2.0; +http://www.bing.com/bingbot.htm)"
157.55.32.237 - - [28/Apr/2013:18:50:08 +0200] "GET / HTTP/1.1" 200 43954 "-" "Mozilla/5.0 (compatible; bingbot/2.0; +http://www.bing.com/bingbot.htm)"
62.165.203.185 - - [28/Apr/2013:19:01:29 +0200] "GET /jog/eseteink/derekegyhaza/mszhk_masodfok_ugyfel_elutasitas_1.jpg HTTP/1.1" 200 995513 "-" "Mozilla/5.0 (Windows NT 6.1; WOW64) AppleWebKit/537.31 (KHTML, like Gecko) Chrome/26.0.1410.64 Safari/537.31"
188.6.71.157 - - [28/Apr/2013:19:02:14 +0200] "GET /jog/eseteink/derekegyhaza/mszh_elsofok_ugyfel_elutasitas_1.jpg HTTP/1.1" 200 1086764 "-" "Mozilla/5.0 (Windows NT 5.1) AppleWebKit/537.31 (KHTML, like Gecko) Chrome/26.0.1410.64 Safari/537.31"
66.249.78.60 - - [28/Apr/2013:19:26:19 +0200] "GET /hirek/hirek100420.htm HTTP/1.1" 304 - "-" "Mozilla/5.0 (iPhone; U; CPU iPhone OS 4_1 like Mac OS X; en-us) AppleWebKit/532.9 (KHTML, like Gecko) Version/4.0.5 Mobile/8B117 Safari/6531.22.7 (compatible; Googlebot-Mobile/2.1; +http://www.google.com/bot.html)"
66.249.78.60 - - [28/Apr/2013:20:08:37 +0200] "GET /jog/eseteink/malom/fotok/img_3069.jpg HTTP/1.1" 304 - "-" "Googlebot-Image/1.0"
66.249.78.60 - - [28/Apr/2013:20:09:22 +0200] "GET /jog/eseteink/audi/application_of_hungarian_authorities_for_the_commission_opinion_2.pdf HTTP/1.1" 304 - "-" "Mozilla/5.0 (iPhone; U; CPU iPhone OS 4_1 like Mac OS X; en-us) AppleWebKit/532.9 (KHTML, like Gecko) Version/4.0.5 Mobile/8B117 Safari/6531.22.7 (compatible; Googlebot-Mobile/2.1; +http://www.google.com/bot.html)"
91.18.137.141 - - [28/Apr/2013:20:38:29 +0200] "GET /english/index.htm HTTP/1.1" 200 5262 "-" "findlinks/2.6 (+http://wortschatz.uni-leipzig.de/findlinks/)"
66.249.78.60 - - [28/Apr/2013:20:42:29 +0200] "GET /hirek/klimatv_civilcikk.doc HTTP/1.1" 304 - "-" "Mozilla/5.0 (iPhone; U; CPU iPhone OS 4_1 like Mac OS X; en-us) AppleWebKit/532.9 (KHTML, like Gecko) Version/4.0.5 Mobile/8B117 Safari/6531.22.7 (compatible; Googlebot-Mobile/2.1; +http://www.google.com/bot.html)"
89.133.129.43 - - [28/Apr/2013:21:34:39 +0200] "GET / HTTP/1.1" 200 43954 "http://www.google.hu/url?sa=t&rct=j&q=&esrc=s&source=web&cd=3&ved=0CDcQFjAC&url=http%3A%2F%2Fwww.beklen.hu%2F&ei=wnl9UZ2TOIT4sgae4oCwAQ&usg=AFQjCNEP-2laihep9vegTwNlHcl4us-iaw&sig2=n1ocPnwyJAdmk8Ddks9t2g&bvm=bv.45645796,d.ZWU&cad=rjt" "Mozilla/5.0 (Windows NT 5.1; rv:20.0) Gecko/20100101 Firefox/20.0"
89.133.129.43 - - [28/Apr/2013:21:34:39 +0200] "GET /vill.cs HTTP/1.1" 200 3139 "http://www.beklen.hu/" "Mozilla/5.0 (Windows NT 5.1; rv:20.0) Gecko/20100101 Firefox/20.0"
89.133.129.43 - - [28/Apr/2013:21:34:40 +0200] "GET /lb/js/scriptaculous.js?load=effects HTTP/1.1" 200 2152 "http://www.beklen.hu/" "Mozilla/5.0 (Windows NT 5.1; rv:20.0) Gecko/20100101 Firefox/20.0"
89.133.129.43 - - [28/Apr/2013:21:34:40 +0200] "GET /lb/js/lightbox.js HTTP/1.1" 200 23424 "http://www.beklen.hu/" "Mozilla/5.0 (Windows NT 5.1; rv:20.0) Gecko/20100101 Firefox/20.0"
89.133.129.43 - - [28/Apr/2013:21:34:40 +0200] "GET /lb/css/lightbox.css HTTP/1.1" 200 1715 "http://www.beklen.hu/" "Mozilla/5.0 (Windows NT 5.1; rv:20.0) Gecko/20100101 Firefox/20.0"
89.133.129.43 - - [28/Apr/2013:21:34:40 +0200] "GET /lb/js/prototype.js HTTP/1.1" 200 47603 "http://www.beklen.hu/" "Mozilla/5.0 (Windows NT 5.1; rv:20.0) Gecko/20100101 Firefox/20.0"
89.133.129.43 - - [28/Apr/2013:21:34:40 +0200] "GET /tm03_.jpg HTTP/1.1" 200 1787 "http://www.beklen.hu/" "Mozilla/5.0 (Windows NT 5.1; rv:20.0) Gecko/20100101 Firefox/20.0"
89.133.129.43 - - [28/Apr/2013:21:34:40 +0200] "GET /tm04_.jpg HTTP/1.1" 200 2058 "http://www.beklen.hu/" "Mozilla/5.0 (Windows NT 5.1; rv:20.0) Gecko/20100101 Firefox/20.0"
89.133.129.43 - - [28/Apr/2013:21:34:40 +0200] "GET /tm05_.jpg HTTP/1.1" 200 1839 "http://www.beklen.hu/" "Mozilla/5.0 (Windows NT 5.1; rv:20.0) Gecko/20100101 Firefox/20.0"
89.133.129.43 - - [28/Apr/2013:21:34:40 +0200] "GET /tm02.jpg HTTP/1.1" 200 1873 "http://www.beklen.hu/" "Mozilla/5.0 (Windows NT 5.1; rv:20.0) Gecko/20100101 Firefox/20.0"
89.133.129.43 - - [28/Apr/2013:21:34:40 +0200] "GET /tm01.jpg HTTP/1.1" 200 1080 "http://www.beklen.hu/" "Mozilla/5.0 (Windows NT 5.1; rv:20.0) Gecko/20100101 Firefox/20.0"
89.133.129.43 - - [28/Apr/2013:21:34:40 +0200] "GET /tm06_.jpg HTTP/1.1" 200 1382 "http://www.beklen.hu/" "Mozilla/5.0 (Windows NT 5.1; rv:20.0) Gecko/20100101 Firefox/20.0"
89.133.129.43 - - [28/Apr/2013:21:34:40 +0200] "GET /tm07.jpg HTTP/1.1" 200 1007 "http://www.beklen.hu/" "Mozilla/5.0 (Windows NT 5.1; rv:20.0) Gecko/20100101 Firefox/20.0"
89.133.129.43 - - [28/Apr/2013:21:34:40 +0200] "GET /uszt-tabla_.jpg HTTP/1.1" 200 4543 "http://www.beklen.hu/" "Mozilla/5.0 (Windows NT 5.1; rv:20.0) Gecko/20100101 Firefox/20.0"
89.133.129.43 - - [28/Apr/2013:21:34:40 +0200] "GET /lb/js/effects.js HTTP/1.1" 200 31969 "http://www.beklen.hu/" "Mozilla/5.0 (Windows NT 5.1; rv:20.0) Gecko/20100101 Firefox/20.0"
89.133.129.43 - - [28/Apr/2013:21:34:40 +0200] "GET /jog_honlap_.jpg HTTP/1.1" 200 7186 "http://www.beklen.hu/" "Mozilla/5.0 (Windows NT 5.1; rv:20.0) Gecko/20100101 Firefox/20.0"
89.133.129.43 - - [28/Apr/2013:21:34:41 +0200] "GET /a1_projekt_tabla_infra_cs3_beklenhaz_.jpg HTTP/1.1" 200 8994 "http://www.beklen.hu/" "Mozilla/5.0 (Windows NT 5.1; rv:20.0) Gecko/20100101 Firefox/20.0"
89.133.129.43 - - [28/Apr/2013:21:34:41 +0200] "GET /bg.jpg HTTP/1.1" 200 566 "http://www.beklen.hu/" "Mozilla/5.0 (Windows NT 5.1; rv:20.0) Gecko/20100101 Firefox/20.0"
89.133.129.43 - - [28/Apr/2013:21:34:42 +0200] "GET /bottom_main.jpg HTTP/1.1" 200 96820 "http://www.beklen.hu/vill.cs" "Mozilla/5.0 (Windows NT 5.1; rv:20.0) Gecko/20100101 Firefox/20.0"
89.133.129.43 - - [28/Apr/2013:21:34:42 +0200] "GET /turizmusbanner.swf HTTP/1.1" 200 160827 "http://www.beklen.hu/" "Mozilla/5.0 (Windows NT 5.1; rv:20.0) Gecko/20100101 Firefox/20.0"
89.133.129.43 - - [28/Apr/2013:21:34:42 +0200] "GET /nimfea_project_250x250.gif HTTP/1.1" 200 2986583 "http://www.beklen.hu/" "Mozilla/5.0 (Windows NT 5.1; rv:20.0) Gecko/20100101 Firefox/20.0"
89.133.129.43 - - [28/Apr/2013:21:34:43 +0200] "GET /tm06.jpg HTTP/1.1" 200 1651 "http://www.beklen.hu/" "Mozilla/5.0 (Windows NT 5.1; rv:20.0) Gecko/20100101 Firefox/20.0"
89.133.129.43 - - [28/Apr/2013:21:34:43 +0200] "GET /tm04.jpg HTTP/1.1" 200 2613 "http://www.beklen.hu/" "Mozilla/5.0 (Windows NT 5.1; rv:20.0) Gecko/20100101 Firefox/20.0"
89.133.129.43 - - [28/Apr/2013:21:34:43 +0200] "GET /tm05.jpg HTTP/1.1" 200 2253 "http://www.beklen.hu/" "Mozilla/5.0 (Windows NT 5.1; rv:20.0) Gecko/20100101 Firefox/20.0"
89.133.129.43 - - [28/Apr/2013:21:34:43 +0200] "GET /tm02_.jpg HTTP/1.1" 200 1524 "http://www.beklen.hu/" "Mozilla/5.0 (Windows NT 5.1; rv:20.0) Gecko/20100101 Firefox/20.0"
89.133.129.43 - - [28/Apr/2013:21:34:43 +0200] "GET /lb/images/closelabel.gif HTTP/1.1" 200 222 "http://www.beklen.hu/" "Mozilla/5.0 (Windows NT 5.1; rv:20.0) Gecko/20100101 Firefox/20.0"
89.133.129.43 - - [28/Apr/2013:21:34:43 +0200] "GET /lb/images/loading.gif HTTP/1.1" 200 2767 "http://www.beklen.hu/" "Mozilla/5.0 (Windows NT 5.1; rv:20.0) Gecko/20100101 Firefox/20.0"
89.133.129.43 - - [28/Apr/2013:21:34:43 +0200] "GET /tm03.jpg HTTP/1.1" 200 2212 "http://www.beklen.hu/" "Mozilla/5.0 (Windows NT 5.1; rv:20.0) Gecko/20100101 Firefox/20.0"
89.133.129.43 - - [28/Apr/2013:21:34:43 +0200] "GET /favicon.ico HTTP/1.1" 404 1181 "-" "Mozilla/5.0 (Windows NT 5.1; rv:20.0) Gecko/20100101 Firefox/20.0"
89.133.129.43 - - [28/Apr/2013:21:36:25 +0200] "GET /hirek/1303201.htm HTTP/1.1" 200 17308 "http://www.beklen.hu/" "Mozilla/5.0 (Windows NT 5.1; rv:20.0) Gecko/20100101 Firefox/20.0"
89.133.129.43 - - [28/Apr/2013:21:36:25 +0200] "GET /lb/js/scriptaculous.js?load=effects HTTP/1.1" 304 - "http://www.beklen.hu/hirek/1303201.htm" "Mozilla/5.0 (Windows NT 5.1; rv:20.0) Gecko/20100101 Firefox/20.0"
89.133.129.43 - - [28/Apr/2013:21:36:26 +0200] "GET /hirek/1303201/01_.jpg HTTP/1.1" 200 5231 "http://www.beklen.hu/hirek/1303201.htm" "Mozilla/5.0 (Windows NT 5.1; rv:20.0) Gecko/20100101 Firefox/20.0"
89.133.129.43 - - [28/Apr/2013:21:36:26 +0200] "GET /hirek/1303201/02_.jpg HTTP/1.1" 200 4596 "http://www.beklen.hu/hirek/1303201.htm" "Mozilla/5.0 (Windows NT 5.1; rv:20.0) Gecko/20100101 Firefox/20.0"
89.133.129.43 - - [28/Apr/2013:21:36:26 +0200] "GET /hirek/1303201/03_.jpg HTTP/1.1" 200 4249 "http://www.beklen.hu/hirek/1303201.htm" "Mozilla/5.0 (Windows NT 5.1; rv:20.0) Gecko/20100101 Firefox/20.0"
89.133.129.43 - - [28/Apr/2013:21:36:26 +0200] "GET /hirek/1303201/08_.jpg HTTP/1.1" 200 18376 "http://www.beklen.hu/hirek/1303201.htm" "Mozilla/5.0 (Windows NT 5.1; rv:20.0) Gecko/20100101 Firefox/20.0"
89.133.129.43 - - [28/Apr/2013:21:36:26 +0200] "GET /hirek/1303201/10_.jpg HTTP/1.1" 200 11514 "http://www.beklen.hu/hirek/1303201.htm" "Mozilla/5.0 (Windows NT 5.1; rv:20.0) Gecko/20100101 Firefox/20.0"
89.133.129.43 - - [28/Apr/2013:21:36:26 +0200] "GET /hirek/1303201/06_.jpg HTTP/1.1" 200 12674 "http://www.beklen.hu/hirek/1303201.htm" "Mozilla/5.0 (Windows NT 5.1; rv:20.0) Gecko/20100101 Firefox/20.0"
89.133.129.43 - - [28/Apr/2013:21:36:26 +0200] "GET /hirek/1303201/11_.jpg HTTP/1.1" 200 4958 "http://www.beklen.hu/hirek/1303201.htm" "Mozilla/5.0 (Windows NT 5.1; rv:20.0) Gecko/20100101 Firefox/20.0"
89.133.129.43 - - [28/Apr/2013:21:36:26 +0200] "GET /hirek/1303201/04_.jpg HTTP/1.1" 200 5515 "http://www.beklen.hu/hirek/1303201.htm" "Mozilla/5.0 (Windows NT 5.1; rv:20.0) Gecko/20100101 Firefox/20.0"
89.133.129.43 - - [28/Apr/2013:21:36:26 +0200] "GET /hirek/1303201/07_.jpg HTTP/1.1" 200 9589 "http://www.beklen.hu/hirek/1303201.htm" "Mozilla/5.0 (Windows NT 5.1; rv:20.0) Gecko/20100101 Firefox/20.0"
89.133.129.43 - - [28/Apr/2013:21:36:26 +0200] "GET /banners/zoldforras.png HTTP/1.1" 200 37318 "http://www.beklen.hu/hirek/1303201.htm" "Mozilla/5.0 (Windows NT 5.1; rv:20.0) Gecko/20100101 Firefox/20.0"
66.249.78.60 - - [28/Apr/2013:21:37:27 +0200] "GET /jog/eseteink/poroszlo/poroszlo-zoldhatosag.pdf HTTP/1.1" 200 107018 "-" "Mozilla/5.0 (iPhone; U; CPU iPhone OS 4_1 like Mac OS X; en-us) AppleWebKit/532.9 (KHTML, like Gecko) Version/4.0.5 Mobile/8B117 Safari/6531.22.7 (compatible; Googlebot-Mobile/2.1; +http://www.google.com/bot.html)"
89.133.129.43 - - [28/Apr/2013:21:37:35 +0200] "GET /hirek/13032001.htm HTTP/1.1" 200 16316 "http://www.beklen.hu/" "Mozilla/5.0 (Windows NT 5.1; rv:20.0) Gecko/20100101 Firefox/20.0"
89.133.129.43 - - [28/Apr/2013:21:37:36 +0200] "GET /lb/js/scriptaculous.js?load=effects HTTP/1.1" 304 - "http://www.beklen.hu/hirek/13032001.htm" "Mozilla/5.0 (Windows NT 5.1; rv:20.0) Gecko/20100101 Firefox/20.0"
89.133.129.43 - - [28/Apr/2013:21:37:36 +0200] "GET /hirek/tejcsarnok.jpg HTTP/1.1" 200 55546 "http://www.beklen.hu/hirek/13032001.htm" "Mozilla/5.0 (Windows NT 5.1; rv:20.0) Gecko/20100101 Firefox/20.0"
89.133.129.43 - - [28/Apr/2013:21:37:36 +0200] "GET /banners/sv_bekl_600.jpg HTTP/1.1" 200 17799 "http://www.beklen.hu/hirek/13032001.htm" "Mozilla/5.0 (Windows NT 5.1; rv:20.0) Gecko/20100101 Firefox/20.0"
89.133.129.43 - - [28/Apr/2013:21:39:42 +0200] "GET /magunkrol.htm HTTP/1.1" 200 9161 "http://www.beklen.hu/hirek/13032001.htm" "Mozilla/5.0 (Windows NT 5.1; rv:20.0) Gecko/20100101 Firefox/20.0"
89.133.129.43 - - [28/Apr/2013:21:39:42 +0200] "GET /bottom_.jpg HTTP/1.1" 200 93419 "http://www.beklen.hu/vill.cs" "Mozilla/5.0 (Windows NT 5.1; rv:20.0) Gecko/20100101 Firefox/20.0"
89.133.129.43 - - [28/Apr/2013:21:39:49 +0200] "GET /kapcsolat.htm HTTP/1.1" 200 6875 "http://www.beklen.hu/magunkrol.htm" "Mozilla/5.0 (Windows NT 5.1; rv:20.0) Gecko/20100101 Firefox/20.0"
89.133.129.43 - - [28/Apr/2013:21:39:49 +0200] "GET /felsorol.css HTTP/1.1" 200 240 "http://www.beklen.hu/kapcsolat.htm" "Mozilla/5.0 (Windows NT 5.1; rv:20.0) Gecko/20100101 Firefox/20.0"
89.133.129.43 - - [28/Apr/2013:21:40:27 +0200] "GET /media.htm HTTP/1.1" 200 5208 "http://www.beklen.hu/kapcsolat.htm" "Mozilla/5.0 (Windows NT 5.1; rv:20.0) Gecko/20100101 Firefox/20.0"
89.133.129.43 - - [28/Apr/2013:21:40:30 +0200] "GET /index.htm HTTP/1.1" 200 43954 "http://www.beklen.hu/media.htm" "Mozilla/5.0 (Windows NT 5.1; rv:20.0) Gecko/20100101 Firefox/20.0"
89.133.129.43 - - [28/Apr/2013:21:40:30 +0200] "GET /lb/js/scriptaculous.js?load=effects HTTP/1.1" 304 - "http://www.beklen.hu/index.htm" "Mozilla/5.0 (Windows NT 5.1; rv:20.0) Gecko/20100101 Firefox/20.0"
89.133.129.43 - - [28/Apr/2013:21:40:42 +0200] "GET /programok.htm HTTP/1.1" 200 6444 "http://www.beklen.hu/magunkrol.htm" "Mozilla/5.0 (Windows NT 5.1; rv:20.0) Gecko/20100101 Firefox/20.0"
89.133.129.43 - - [28/Apr/2013:21:41:59 +0200] "GET /lb/js/scriptaculous.js?load=effects HTTP/1.1" 304 - "http://www.beklen.hu/index.htm" "Mozilla/5.0 (Windows NT 5.1; rv:20.0) Gecko/20100101 Firefox/20.0"
89.133.129.43 - - [28/Apr/2013:21:42:22 +0200] "GET /hirek/hirek091102.htm HTTP/1.1" 200 8538 "http://www.beklen.hu/index.htm" "Mozilla/5.0 (Windows NT 5.1; rv:20.0) Gecko/20100101 Firefox/20.0"
89.133.129.43 - - [28/Apr/2013:21:42:22 +0200] "GET /images/nca_logo.jpg HTTP/1.1" 200 4244 "http://www.beklen.hu/hirek/hirek091102.htm" "Mozilla/5.0 (Windows NT 5.1; rv:20.0) Gecko/20100101 Firefox/20.0"
89.133.129.43 - - [28/Apr/2013:21:42:32 +0200] "GET /hirek/hirek100225.htm HTTP/1.1" 200 7288 "http://www.beklen.hu/index.htm" "Mozilla/5.0 (Windows NT 5.1; rv:20.0) Gecko/20100101 Firefox/20.0"
89.133.129.43 - - [28/Apr/2013:21:42:32 +0200] "GET /images/norway_grants_.jpg HTTP/1.1" 200 4440 "http://www.beklen.hu/hirek/hirek100225.htm" "Mozilla/5.0 (Windows NT 5.1; rv:20.0) Gecko/20100101 Firefox/20.0"
89.133.129.43 - - [28/Apr/2013:21:42:32 +0200] "GET /images/eea_logo_.jpg HTTP/1.1" 200 32098 "http://www.beklen.hu/hirek/hirek100225.htm" "Mozilla/5.0 (Windows NT 5.1; rv:20.0) Gecko/20100101 Firefox/20.0"
89.133.129.43 - - [28/Apr/2013:21:42:32 +0200] "GET /images/kvvm_logo.jpg HTTP/1.1" 200 4763 "http://www.beklen.hu/hirek/hirek100225.htm" "Mozilla/5.0 (Windows NT 5.1; rv:20.0) Gecko/20100101 Firefox/20.0"
89.133.129.43 - - [28/Apr/2013:21:42:34 +0200] "GET /images/72_nfu.jpg HTTP/1.1" 200 603912 "http://www.beklen.hu/hirek/hirek100225.htm" "Mozilla/5.0 (Windows NT 5.1; rv:20.0) Gecko/20100101 Firefox/20.0"
89.133.129.43 - - [28/Apr/2013:21:43:20 +0200] "GET /hirek/hirek101025.htm HTTP/1.1" 200 8786 "http://www.beklen.hu/index.htm" "Mozilla/5.0 (Windows NT 5.1; rv:20.0) Gecko/20100101 Firefox/20.0"
89.133.129.43 - - [28/Apr/2013:21:43:20 +0200] "GET /lb/js/scriptaculous.js?load=effects HTTP/1.1" 304 - "http://www.beklen.hu/hirek/hirek101025.htm" "Mozilla/5.0 (Windows NT 5.1; rv:20.0) Gecko/20100101 Firefox/20.0"
89.133.129.43 - - [28/Apr/2013:21:43:20 +0200] "GET /images/nfuszolnoknorveg.JPG HTTP/1.1" 200 13113 "http://www.beklen.hu/hirek/hirek101025.htm" "Mozilla/5.0 (Windows NT 5.1; rv:20.0) Gecko/20100101 Firefox/20.0"
89.133.129.43 - - [28/Apr/2013:21:43:21 +0200] "GET /hirek/printscreenek/oktatokozpont.JPG HTTP/1.1" 200 119626 "http://www.beklen.hu/hirek/hirek101025.htm" "Mozilla/5.0 (Windows NT 5.1; rv:20.0) Gecko/20100101 Firefox/20.0"
89.133.129.43 - - [28/Apr/2013:21:43:24 +0200] "GET /fiok/index.html HTTP/1.1" 200 20554 "http://www.beklen.hu/hirek/hirek101025.htm" "Mozilla/5.0 (Windows NT 5.1; rv:20.0) Gecko/20100101 Firefox/20.0"
89.133.129.43 - - [28/Apr/2013:21:43:24 +0200] "GET /fiok/css/lightbox.css HTTP/1.1" 200 1715 "http://www.beklen.hu/fiok/index.html" "Mozilla/5.0 (Windows NT 5.1; rv:20.0) Gecko/20100101 Firefox/20.0"
89.133.129.43 - - [28/Apr/2013:21:43:24 +0200] "GET /fiok/css/js/scriptaculous.js?load=effects HTTP/1.1" 200 2152 "http://www.beklen.hu/fiok/index.html" "Mozilla/5.0 (Windows NT 5.1; rv:20.0) Gecko/20100101 Firefox/20.0"
89.133.129.43 - - [28/Apr/2013:21:43:24 +0200] "GET /fiok/css/js/lightbox.js HTTP/1.1" 200 23424 "http://www.beklen.hu/fiok/index.html" "Mozilla/5.0 (Windows NT 5.1; rv:20.0) Gecko/20100101 Firefox/20.0"
89.133.129.43 - - [28/Apr/2013:21:43:24 +0200] "GET /fiok/css/js/prototype.js HTTP/1.1" 200 47603 "http://www.beklen.hu/fiok/index.html" "Mozilla/5.0 (Windows NT 5.1; rv:20.0) Gecko/20100101 Firefox/20.0"
