77.88.42.27 - - [06/Apr/2013:19:37:39 +0200] "GET /hirek/hirek091102.htm HTTP/1.1" 304 - "-" "Mozilla/5.0 (compatible; YandexBot/3.0; +http://yandex.com/bots)"
66.249.78.60 - - [06/Apr/2013:20:10:15 +0200] "GET /hirek08_11.htm HTTP/1.1" 304 - "-" "Mozilla/5.0 (compatible; Googlebot/2.1; +http://www.google.com/bot.html)"
66.249.78.60 - - [06/Apr/2013:20:24:08 +0200] "GET /hirek/1303201/08_.jpg HTTP/1.1" 200 18376 "-" "Googlebot-Image/1.0"
77.88.42.27 - - [06/Apr/2013:20:31:24 +0200] "GET / HTTP/1.1" 200 42122 "-" "Mozilla/5.0 (compatible; YandexBot/3.0; +http://yandex.com/bots)"
89.134.60.121 - - [06/Apr/2013:20:32:16 +0200] "GET /fiok/mult.htm HTTP/1.1" 200 23227 "https://www.google.hu/" "Mozilla/5.0 (Windows NT 6.1; WOW64) AppleWebKit/537.31 (KHTML, like Gecko) Chrome/26.0.1410.43 Safari/537.31"
89.134.60.121 - - [06/Apr/2013:20:32:16 +0200] "GET /fiok/css/lightbox.css HTTP/1.1" 200 1715 "http://www.beklen.hu/fiok/mult.htm" "Mozilla/5.0 (Windows NT 6.1; WOW64) AppleWebKit/537.31 (KHTML, like Gecko) Chrome/26.0.1410.43 Safari/537.31"
89.134.60.121 - - [06/Apr/2013:20:32:16 +0200] "GET /fiok/css/js/lightbox.js HTTP/1.1" 200 23424 "http://www.beklen.hu/fiok/mult.htm" "Mozilla/5.0 (Windows NT 6.1; WOW64) AppleWebKit/537.31 (KHTML, like Gecko) Chrome/26.0.1410.43 Safari/537.31"
89.134.60.121 - - [06/Apr/2013:20:32:16 +0200] "GET /fiok/css/js/scriptaculous.js?load=effects HTTP/1.1" 200 2152 "http://www.beklen.hu/fiok/mult.htm" "Mozilla/5.0 (Windows NT 6.1; WOW64) AppleWebKit/537.31 (KHTML, like Gecko) Chrome/26.0.1410.43 Safari/537.31"
89.134.60.121 - - [06/Apr/2013:20:32:16 +0200] "GET /fiok/css/js/prototype.js HTTP/1.1" 200 47603 "http://www.beklen.hu/fiok/mult.htm" "Mozilla/5.0 (Windows NT 6.1; WOW64) AppleWebKit/537.31 (KHTML, like Gecko) Chrome/26.0.1410.43 Safari/537.31"
89.134.60.121 - - [06/Apr/2013:20:32:17 +0200] "GET /fiok/css/js/effects.js HTTP/1.1" 200 31969 "http://www.beklen.hu/fiok/mult.htm" "Mozilla/5.0 (Windows NT 6.1; WOW64) AppleWebKit/537.31 (KHTML, like Gecko) Chrome/26.0.1410.43 Safari/537.31"
89.134.60.121 - - [06/Apr/2013:20:32:17 +0200] "GET /fiok/images/index_02_02.JPG HTTP/1.1" 200 1178 "http://www.beklen.hu/fiok/mult.htm" "Mozilla/5.0 (Windows NT 6.1; WOW64) AppleWebKit/537.31 (KHTML, like Gecko) Chrome/26.0.1410.43 Safari/537.31"
89.134.60.121 - - [06/Apr/2013:20:32:17 +0200] "GET /fiok/images/b12.jpg HTTP/1.1" 200 544 "http://www.beklen.hu/fiok/mult.htm" "Mozilla/5.0 (Windows NT 6.1; WOW64) AppleWebKit/537.31 (KHTML, like Gecko) Chrome/26.0.1410.43 Safari/537.31"
89.134.60.121 - - [06/Apr/2013:20:32:17 +0200] "GET /fiok/images/index_13.gif HTTP/1.1" 200 149 "http://www.beklen.hu/fiok/mult.htm" "Mozilla/5.0 (Windows NT 6.1; WOW64) AppleWebKit/537.31 (KHTML, like Gecko) Chrome/26.0.1410.43 Safari/537.31"
89.134.60.121 - - [06/Apr/2013:20:32:17 +0200] "GET /fiok/images/index_12_12.JPG HTTP/1.1" 200 985 "http://www.beklen.hu/fiok/mult.htm" "Mozilla/5.0 (Windows NT 6.1; WOW64) AppleWebKit/537.31 (KHTML, like Gecko) Chrome/26.0.1410.43 Safari/537.31"
89.134.60.121 - - [06/Apr/2013:20:32:17 +0200] "GET /fiok/images/index_11.gif HTTP/1.1" 200 74 "http://www.beklen.hu/fiok/mult.htm" "Mozilla/5.0 (Windows NT 6.1; WOW64) AppleWebKit/537.31 (KHTML, like Gecko) Chrome/26.0.1410.43 Safari/537.31"
89.134.60.121 - - [06/Apr/2013:20:32:17 +0200] "GET /fiok/images/index_14_14.JPG HTTP/1.1" 200 9305 "http://www.beklen.hu/fiok/mult.htm" "Mozilla/5.0 (Windows NT 6.1; WOW64) AppleWebKit/537.31 (KHTML, like Gecko) Chrome/26.0.1410.43 Safari/537.31"
89.134.60.121 - - [06/Apr/2013:20:32:17 +0200] "GET /fiok/images/index_15_15.JPG HTTP/1.1" 200 20275 "http://www.beklen.hu/fiok/mult.htm" "Mozilla/5.0 (Windows NT 6.1; WOW64) AppleWebKit/537.31 (KHTML, like Gecko) Chrome/26.0.1410.43 Safari/537.31"
89.134.60.121 - - [06/Apr/2013:20:32:17 +0200] "GET /fiok/images/index_17_17.jpg HTTP/1.1" 200 2374 "http://www.beklen.hu/fiok/mult.htm" "Mozilla/5.0 (Windows NT 6.1; WOW64) AppleWebKit/537.31 (KHTML, like Gecko) Chrome/26.0.1410.43 Safari/537.31"
89.134.60.121 - - [06/Apr/2013:20:32:17 +0200] "GET /fiok/images/index_16_16.JPG HTTP/1.1" 200 13468 "http://www.beklen.hu/fiok/mult.htm" "Mozilla/5.0 (Windows NT 6.1; WOW64) AppleWebKit/537.31 (KHTML, like Gecko) Chrome/26.0.1410.43 Safari/537.31"
89.134.60.121 - - [06/Apr/2013:20:32:17 +0200] "GET /fiok/images/index_18_18.JPG HTTP/1.1" 200 15778 "http://www.beklen.hu/fiok/mult.htm" "Mozilla/5.0 (Windows NT 6.1; WOW64) AppleWebKit/537.31 (KHTML, like Gecko) Chrome/26.0.1410.43 Safari/537.31"
89.134.60.121 - - [06/Apr/2013:20:32:17 +0200] "GET /fiok/images/index_19_19.JPG HTTP/1.1" 200 3123 "http://www.beklen.hu/fiok/mult.htm" "Mozilla/5.0 (Windows NT 6.1; WOW64) AppleWebKit/537.31 (KHTML, like Gecko) Chrome/26.0.1410.43 Safari/537.31"
89.134.60.121 - - [06/Apr/2013:20:32:17 +0200] "GET /fiok/images/index_22.gif HTTP/1.1" 200 227 "http://www.beklen.hu/fiok/mult.htm" "Mozilla/5.0 (Windows NT 6.1; WOW64) AppleWebKit/537.31 (KHTML, like Gecko) Chrome/26.0.1410.43 Safari/537.31"
89.134.60.121 - - [06/Apr/2013:20:32:17 +0200] "GET /fiok/images/index_24.gif HTTP/1.1" 200 227 "http://www.beklen.hu/fiok/mult.htm" "Mozilla/5.0 (Windows NT 6.1; WOW64) AppleWebKit/537.31 (KHTML, like Gecko) Chrome/26.0.1410.43 Safari/537.31"
89.134.60.121 - - [06/Apr/2013:20:32:17 +0200] "GET /fiok/images/index_25.gif HTTP/1.1" 200 708 "http://www.beklen.hu/fiok/mult.htm" "Mozilla/5.0 (Windows NT 6.1; WOW64) AppleWebKit/537.31 (KHTML, like Gecko) Chrome/26.0.1410.43 Safari/537.31"
89.134.60.121 - - [06/Apr/2013:20:32:17 +0200] "GET /fiok/images/index_26.gif HTTP/1.1" 200 121 "http://www.beklen.hu/fiok/mult.htm" "Mozilla/5.0 (Windows NT 6.1; WOW64) AppleWebKit/537.31 (KHTML, like Gecko) Chrome/26.0.1410.43 Safari/537.31"
89.134.60.121 - - [06/Apr/2013:20:32:17 +0200] "GET /fiok/oktatokozpont/02.JPG HTTP/1.1" 200 284929 "http://www.beklen.hu/fiok/mult.htm" "Mozilla/5.0 (Windows NT 6.1; WOW64) AppleWebKit/537.31 (KHTML, like Gecko) Chrome/26.0.1410.43 Safari/537.31"
89.134.60.121 - - [06/Apr/2013:20:32:17 +0200] "GET /fiok/images/index_27_27.jpg HTTP/1.1" 200 12876 "http://www.beklen.hu/fiok/mult.htm" "Mozilla/5.0 (Windows NT 6.1; WOW64) AppleWebKit/537.31 (KHTML, like Gecko) Chrome/26.0.1410.43 Safari/537.31"
89.134.60.121 - - [06/Apr/2013:20:32:17 +0200] "GET /fiok/images/index_28.gif HTTP/1.1" 200 262 "http://www.beklen.hu/fiok/mult.htm" "Mozilla/5.0 (Windows NT 6.1; WOW64) AppleWebKit/537.31 (KHTML, like Gecko) Chrome/26.0.1410.43 Safari/537.31"
89.134.60.121 - - [06/Apr/2013:20:32:17 +0200] "GET /fiok/images/spacer.gif HTTP/1.1" 200 43 "http://www.beklen.hu/fiok/mult.htm" "Mozilla/5.0 (Windows NT 6.1; WOW64) AppleWebKit/537.31 (KHTML, like Gecko) Chrome/26.0.1410.43 Safari/537.31"
89.134.60.121 - - [06/Apr/2013:20:32:17 +0200] "GET /fiok/oktatokozpont/05.JPG HTTP/1.1" 200 299454 "http://www.beklen.hu/fiok/mult.htm" "Mozilla/5.0 (Windows NT 6.1; WOW64) AppleWebKit/537.31 (KHTML, like Gecko) Chrome/26.0.1410.43 Safari/537.31"
89.134.60.121 - - [06/Apr/2013:20:32:17 +0200] "GET /fiok/oktatokozpont/01.JPG HTTP/1.1" 200 320996 "http://www.beklen.hu/fiok/mult.htm" "Mozilla/5.0 (Windows NT 6.1; WOW64) AppleWebKit/537.31 (KHTML, like Gecko) Chrome/26.0.1410.43 Safari/537.31"
89.134.60.121 - - [06/Apr/2013:20:32:17 +0200] "GET /fiok/oktatokozpont/03.JPG HTTP/1.1" 200 292887 "http://www.beklen.hu/fiok/mult.htm" "Mozilla/5.0 (Windows NT 6.1; WOW64) AppleWebKit/537.31 (KHTML, like Gecko) Chrome/26.0.1410.43 Safari/537.31"
89.134.60.121 - - [06/Apr/2013:20:32:17 +0200] "GET /fiok/oktatokozpont/04.JPG HTTP/1.1" 200 218557 "http://www.beklen.hu/fiok/mult.htm" "Mozilla/5.0 (Windows NT 6.1; WOW64) AppleWebKit/537.31 (KHTML, like Gecko) Chrome/26.0.1410.43 Safari/537.31"
89.134.60.121 - - [06/Apr/2013:20:32:17 +0200] "GET /fiok/images/c4c.jpg HTTP/1.1" 200 524 "http://www.beklen.hu/fiok/mult.htm" "Mozilla/5.0 (Windows NT 6.1; WOW64) AppleWebKit/537.31 (KHTML, like Gecko) Chrome/26.0.1410.43 Safari/537.31"
89.134.60.121 - - [06/Apr/2013:20:32:17 +0200] "GET /fiok/images/b4b.jpg HTTP/1.1" 200 524 "http://www.beklen.hu/fiok/mult.htm" "Mozilla/5.0 (Windows NT 6.1; WOW64) AppleWebKit/537.31 (KHTML, like Gecko) Chrome/26.0.1410.43 Safari/537.31"
89.134.60.121 - - [06/Apr/2013:20:32:17 +0200] "GET /fiok/images/a4a.jpg HTTP/1.1" 200 524 "http://www.beklen.hu/fiok/mult.htm" "Mozilla/5.0 (Windows NT 6.1; WOW64) AppleWebKit/537.31 (KHTML, like Gecko) Chrome/26.0.1410.43 Safari/537.31"
89.134.60.121 - - [06/Apr/2013:20:32:17 +0200] "GET /fiok/images/d4d.jpg HTTP/1.1" 200 524 "http://www.beklen.hu/fiok/mult.htm" "Mozilla/5.0 (Windows NT 6.1; WOW64) AppleWebKit/537.31 (KHTML, like Gecko) Chrome/26.0.1410.43 Safari/537.31"
89.134.60.121 - - [06/Apr/2013:20:32:17 +0200] "GET /fiok/images/e4e.jpg HTTP/1.1" 200 524 "http://www.beklen.hu/fiok/mult.htm" "Mozilla/5.0 (Windows NT 6.1; WOW64) AppleWebKit/537.31 (KHTML, like Gecko) Chrome/26.0.1410.43 Safari/537.31"
89.134.60.121 - - [06/Apr/2013:20:32:17 +0200] "GET /lb/images/closelabel.gif HTTP/1.1" 200 222 "http://www.beklen.hu/fiok/mult.htm" "Mozilla/5.0 (Windows NT 6.1; WOW64) AppleWebKit/537.31 (KHTML, like Gecko) Chrome/26.0.1410.43 Safari/537.31"
89.134.60.121 - - [06/Apr/2013:20:32:17 +0200] "GET /lb/images/loading.gif HTTP/1.1" 200 2767 "http://www.beklen.hu/fiok/mult.htm" "Mozilla/5.0 (Windows NT 6.1; WOW64) AppleWebKit/537.31 (KHTML, like Gecko) Chrome/26.0.1410.43 Safari/537.31"
89.134.60.121 - - [06/Apr/2013:20:32:17 +0200] "GET /favicon.ico HTTP/1.1" 404 1181 "-" "Mozilla/5.0 (Windows NT 6.1; WOW64) AppleWebKit/537.31 (KHTML, like Gecko) Chrome/26.0.1410.43 Safari/537.31"
66.249.78.60 - - [06/Apr/2013:20:35:30 +0200] "GET /jog/eseteink/korosladany/panasz_rendorsegi_hatarozat_ellen.pdf HTTP/1.1" 304 - "-" "Mozilla/5.0 (compatible; Googlebot/2.1; +http://www.google.com/bot.html)"
66.249.75.200 - - [06/Apr/2013:20:47:42 +0200] "GET /hirek/1303122.htm HTTP/1.1" 200 7547 "-" "DoCoMo/2.0 N905i(c100;TB;W24H16) (compatible; Googlebot-Mobile/2.1; +http://www.google.com/bot.html)"
91.147.234.122 - - [06/Apr/2013:20:48:47 +0200] "GET /fiok/gazdasag.htm HTTP/1.1" 200 22480 "http://www.google.hu/url?sa=t&rct=j&q=rack%C3%A1nak%20hod%C3%A1ly&source=web&cd=26&ved=0CEQQFjAFOBQ&url=http%3A%2F%2Fwww.beklen.hu%2Ffiok%2Fgazdasag.htm&ei=LW1gUaW7F8KbtAaV8oHwAg&usg=AFQjCNG-3-Xl40RoW1tEnrjbvv3nLm75uA" "Mozilla/5.0 (compatible; MSIE 9.0; Windows NT 6.0; Trident/5.0)"
91.147.234.122 - - [06/Apr/2013:20:48:47 +0200] "GET /fiok/css/lightbox.css HTTP/1.1" 200 1715 "http://www.beklen.hu/fiok/gazdasag.htm" "Mozilla/5.0 (compatible; MSIE 9.0; Windows NT 6.0; Trident/5.0)"
91.147.234.122 - - [06/Apr/2013:20:48:47 +0200] "GET /fiok/css/js/scriptaculous.js?load=effects HTTP/1.1" 200 2152 "http://www.beklen.hu/fiok/gazdasag.htm" "Mozilla/5.0 (compatible; MSIE 9.0; Windows NT 6.0; Trident/5.0)"
91.147.234.122 - - [06/Apr/2013:20:48:47 +0200] "GET /fiok/images/index_12_12.JPG HTTP/1.1" 200 985 "http://www.beklen.hu/fiok/gazdasag.htm" "Mozilla/5.0 (compatible; MSIE 9.0; Windows NT 6.0; Trident/5.0)"
91.147.234.122 - - [06/Apr/2013:20:48:47 +0200] "GET /fiok/images/index_02_02.JPG HTTP/1.1" 200 1178 "http://www.beklen.hu/fiok/gazdasag.htm" "Mozilla/5.0 (compatible; MSIE 9.0; Windows NT 6.0; Trident/5.0)"
91.147.234.122 - - [06/Apr/2013:20:48:47 +0200] "GET /fiok/css/js/scriptaculous.js?load=effects HTTP/1.1" 200 2152 "http://www.beklen.hu/fiok/gazdasag.htm" "Mozilla/5.0 (compatible; MSIE 9.0; Windows NT 6.0; Trident/5.0)"
91.147.234.122 - - [06/Apr/2013:20:48:47 +0200] "GET /fiok/images/index_11.gif HTTP/1.1" 200 74 "http://www.beklen.hu/fiok/gazdasag.htm" "Mozilla/5.0 (compatible; MSIE 9.0; Windows NT 6.0; Trident/5.0)"
91.147.234.122 - - [06/Apr/2013:20:48:47 +0200] "GET /fiok/images/index_13.gif HTTP/1.1" 200 149 "http://www.beklen.hu/fiok/gazdasag.htm" "Mozilla/5.0 (compatible; MSIE 9.0; Windows NT 6.0; Trident/5.0)"
91.147.234.122 - - [06/Apr/2013:20:48:47 +0200] "GET /fiok/images/index_14_14.JPG HTTP/1.1" 200 9305 "http://www.beklen.hu/fiok/gazdasag.htm" "Mozilla/5.0 (compatible; MSIE 9.0; Windows NT 6.0; Trident/5.0)"
91.147.234.122 - - [06/Apr/2013:20:48:47 +0200] "GET /fiok/images/index_16_16.JPG HTTP/1.1" 200 13468 "http://www.beklen.hu/fiok/gazdasag.htm" "Mozilla/5.0 (compatible; MSIE 9.0; Windows NT 6.0; Trident/5.0)"
91.147.234.122 - - [06/Apr/2013:20:48:47 +0200] "GET /fiok/css/js/lightbox.js HTTP/1.1" 200 23424 "http://www.beklen.hu/fiok/gazdasag.htm" "Mozilla/5.0 (compatible; MSIE 9.0; Windows NT 6.0; Trident/5.0)"
91.147.234.122 - - [06/Apr/2013:20:48:47 +0200] "GET /fiok/css/lightbox.css HTTP/1.1" 200 1715 "http://www.beklen.hu/fiok/gazdasag.htm" "Mozilla/5.0 (compatible; MSIE 9.0; Windows NT 6.0; Trident/5.0)"
91.147.234.122 - - [06/Apr/2013:20:48:47 +0200] "GET /fiok/images/index_17_17.jpg HTTP/1.1" 200 2374 "http://www.beklen.hu/fiok/gazdasag.htm" "Mozilla/5.0 (compatible; MSIE 9.0; Windows NT 6.0; Trident/5.0)"
91.147.234.122 - - [06/Apr/2013:20:48:47 +0200] "GET /fiok/css/js/prototype.js HTTP/1.1" 200 47603 "http://www.beklen.hu/fiok/gazdasag.htm" "Mozilla/5.0 (compatible; MSIE 9.0; Windows NT 6.0; Trident/5.0)"
91.147.234.122 - - [06/Apr/2013:20:48:47 +0200] "GET /fiok/css/js/lightbox.js HTTP/1.1" 200 23424 "http://www.beklen.hu/fiok/gazdasag.htm" "Mozilla/5.0 (compatible; MSIE 9.0; Windows NT 6.0; Trident/5.0)"
91.147.234.122 - - [06/Apr/2013:20:48:47 +0200] "GET /fiok/images/index_18_18.JPG HTTP/1.1" 200 15778 "http://www.beklen.hu/fiok/gazdasag.htm" "Mozilla/5.0 (compatible; MSIE 9.0; Windows NT 6.0; Trident/5.0)"
91.147.234.122 - - [06/Apr/2013:20:48:47 +0200] "GET /fiok/images/index_19_19.JPG HTTP/1.1" 200 3123 "http://www.beklen.hu/fiok/gazdasag.htm" "Mozilla/5.0 (compatible; MSIE 9.0; Windows NT 6.0; Trident/5.0)"
91.147.234.122 - - [06/Apr/2013:20:48:47 +0200] "GET /fiok/css/js/prototype.js HTTP/1.1" 200 47603 "http://www.beklen.hu/fiok/gazdasag.htm" "Mozilla/5.0 (compatible; MSIE 9.0; Windows NT 6.0; Trident/5.0)"
91.147.234.122 - - [06/Apr/2013:20:48:47 +0200] "GET /fiok/images/index_25.gif HTTP/1.1" 200 708 "http://www.beklen.hu/fiok/gazdasag.htm" "Mozilla/5.0 (compatible; MSIE 9.0; Windows NT 6.0; Trident/5.0)"
91.147.234.122 - - [06/Apr/2013:20:48:47 +0200] "GET /fiok/images/index_15_15.JPG HTTP/1.1" 200 20275 "http://www.beklen.hu/fiok/gazdasag.htm" "Mozilla/5.0 (compatible; MSIE 9.0; Windows NT 6.0; Trident/5.0)"
91.147.234.122 - - [06/Apr/2013:20:48:47 +0200] "GET /fiok/images/index_27_27.jpg HTTP/1.1" 200 12876 "http://www.beklen.hu/fiok/gazdasag.htm" "Mozilla/5.0 (compatible; MSIE 9.0; Windows NT 6.0; Trident/5.0)"
91.147.234.122 - - [06/Apr/2013:20:48:47 +0200] "GET /fiok/images/spacer.gif HTTP/1.1" 200 43 "http://www.beklen.hu/fiok/gazdasag.htm" "Mozilla/5.0 (compatible; MSIE 9.0; Windows NT 6.0; Trident/5.0)"
91.147.234.122 - - [06/Apr/2013:20:48:47 +0200] "GET /fiok/images/index_26.gif HTTP/1.1" 200 121 "http://www.beklen.hu/fiok/gazdasag.htm" "Mozilla/5.0 (compatible; MSIE 9.0; Windows NT 6.0; Trident/5.0)"
91.147.234.122 - - [06/Apr/2013:20:48:47 +0200] "GET /fiok/images/a4a.jpg HTTP/1.1" 200 524 "http://www.beklen.hu/fiok/gazdasag.htm" "Mozilla/5.0 (compatible; MSIE 9.0; Windows NT 6.0; Trident/5.0)"
91.147.234.122 - - [06/Apr/2013:20:48:47 +0200] "GET /fiok/images/c4c.jpg HTTP/1.1" 200 524 "http://www.beklen.hu/fiok/gazdasag.htm" "Mozilla/5.0 (compatible; MSIE 9.0; Windows NT 6.0; Trident/5.0)"
91.147.234.122 - - [06/Apr/2013:20:48:47 +0200] "GET /fiok/images/b4b.jpg HTTP/1.1" 200 524 "http://www.beklen.hu/fiok/gazdasag.htm" "Mozilla/5.0 (compatible; MSIE 9.0; Windows NT 6.0; Trident/5.0)"
91.147.234.122 - - [06/Apr/2013:20:48:47 +0200] "GET /fiok/images/e4e.jpg HTTP/1.1" 200 524 "http://www.beklen.hu/fiok/gazdasag.htm" "Mozilla/5.0 (compatible; MSIE 9.0; Windows NT 6.0; Trident/5.0)"
91.147.234.122 - - [06/Apr/2013:20:48:47 +0200] "GET /fiok/images/d4d.jpg HTTP/1.1" 200 524 "http://www.beklen.hu/fiok/gazdasag.htm" "Mozilla/5.0 (compatible; MSIE 9.0; Windows NT 6.0; Trident/5.0)"
91.147.234.122 - - [06/Apr/2013:20:48:47 +0200] "GET /fiok/css/js/effects.js HTTP/1.1" 200 31969 "http://www.beklen.hu/fiok/gazdasag.htm" "Mozilla/5.0 (compatible; MSIE 9.0; Windows NT 6.0; Trident/5.0)"
91.147.234.122 - - [06/Apr/2013:20:48:47 +0200] "GET /fiok/images/b12.jpg HTTP/1.1" 200 544 "http://www.beklen.hu/fiok/gazdasag.htm" "Mozilla/5.0 (compatible; MSIE 9.0; Windows NT 6.0; Trident/5.0)"
91.147.234.122 - - [06/Apr/2013:20:48:47 +0200] "GET /fiok/kepek/01.jpg HTTP/1.1" 200 233771 "http://www.beklen.hu/fiok/gazdasag.htm" "Mozilla/5.0 (compatible; MSIE 9.0; Windows NT 6.0; Trident/5.0)"
91.147.234.122 - - [06/Apr/2013:20:48:48 +0200] "GET /fiok/images/index_28.gif HTTP/1.1" 200 262 "http://www.beklen.hu/fiok/gazdasag.htm" "Mozilla/5.0 (compatible; MSIE 9.0; Windows NT 6.0; Trident/5.0)"
91.147.234.122 - - [06/Apr/2013:20:48:48 +0200] "GET /fiok/images/b12.jpg HTTP/1.1" 200 544 "http://www.beklen.hu/fiok/gazdasag.htm" "Mozilla/5.0 (compatible; MSIE 9.0; Windows NT 6.0; Trident/5.0)"
91.147.234.122 - - [06/Apr/2013:20:48:48 +0200] "GET /fiok/images/index_24.gif HTTP/1.1" 200 227 "http://www.beklen.hu/fiok/gazdasag.htm" "Mozilla/5.0 (compatible; MSIE 9.0; Windows NT 6.0; Trident/5.0)"
91.147.234.122 - - [06/Apr/2013:20:48:48 +0200] "GET /fiok/images/index_22.gif HTTP/1.1" 200 227 "http://www.beklen.hu/fiok/gazdasag.htm" "Mozilla/5.0 (compatible; MSIE 9.0; Windows NT 6.0; Trident/5.0)"
91.147.234.122 - - [06/Apr/2013:20:48:48 +0200] "GET /lb/images/loading.gif HTTP/1.1" 200 2767 "http://www.beklen.hu/fiok/gazdasag.htm" "Mozilla/5.0 (compatible; MSIE 9.0; Windows NT 6.0; Trident/5.0)"
91.147.234.122 - - [06/Apr/2013:20:48:48 +0200] "GET /lb/images/closelabel.gif HTTP/1.1" 200 222 "http://www.beklen.hu/fiok/gazdasag.htm" "Mozilla/5.0 (compatible; MSIE 9.0; Windows NT 6.0; Trident/5.0)"
91.147.234.122 - - [06/Apr/2013:20:48:48 +0200] "GET /favicon.ico HTTP/1.1" 404 1181 "-" "Mozilla/5.0 (compatible; MSIE 9.0; Windows NT 6.0; Trident/5.0)"
91.147.234.122 - - [06/Apr/2013:20:49:10 +0200] "GET /fiok/mult.htm HTTP/1.1" 200 23227 "http://www.beklen.hu/fiok/gazdasag.htm" "Mozilla/5.0 (compatible; MSIE 9.0; Windows NT 6.0; Trident/5.0)"
91.147.234.122 - - [06/Apr/2013:20:49:11 +0200] "GET /fiok/oktatokozpont/04.JPG HTTP/1.1" 200 218557 "http://www.beklen.hu/fiok/mult.htm" "Mozilla/5.0 (compatible; MSIE 9.0; Windows NT 6.0; Trident/5.0)"
91.147.234.122 - - [06/Apr/2013:20:49:11 +0200] "GET /fiok/oktatokozpont/02.JPG HTTP/1.1" 200 284929 "http://www.beklen.hu/fiok/mult.htm" "Mozilla/5.0 (compatible; MSIE 9.0; Windows NT 6.0; Trident/5.0)"
91.147.234.122 - - [06/Apr/2013:20:49:11 +0200] "GET /fiok/oktatokozpont/05.JPG HTTP/1.1" 200 299454 "http://www.beklen.hu/fiok/mult.htm" "Mozilla/5.0 (compatible; MSIE 9.0; Windows NT 6.0; Trident/5.0)"
91.147.234.122 - - [06/Apr/2013:20:49:11 +0200] "GET /fiok/oktatokozpont/03.JPG HTTP/1.1" 200 292887 "http://www.beklen.hu/fiok/mult.htm" "Mozilla/5.0 (compatible; MSIE 9.0; Windows NT 6.0; Trident/5.0)"
91.147.234.122 - - [06/Apr/2013:20:49:11 +0200] "GET /fiok/oktatokozpont/01.JPG HTTP/1.1" 200 320996 "http://www.beklen.hu/fiok/mult.htm" "Mozilla/5.0 (compatible; MSIE 9.0; Windows NT 6.0; Trident/5.0)"
91.147.234.122 - - [06/Apr/2013:20:49:11 +0200] "GET /favicon.ico HTTP/1.1" 404 1181 "-" "Mozilla/5.0 (compatible; MSIE 9.0; Windows NT 6.0; Trident/5.0)"
91.147.234.122 - - [06/Apr/2013:20:49:19 +0200] "GET /lb/images/blank.gif HTTP/1.1" 200 43 "http://www.beklen.hu/fiok/mult.htm" "Mozilla/5.0 (compatible; MSIE 9.0; Windows NT 6.0; Trident/5.0)"
91.147.234.122 - - [06/Apr/2013:20:49:21 +0200] "GET /lb/images/prevlabel.gif HTTP/1.1" 200 307 "http://www.beklen.hu/fiok/mult.htm" "Mozilla/5.0 (compatible; MSIE 9.0; Windows NT 6.0; Trident/5.0)"
91.147.234.122 - - [06/Apr/2013:20:49:47 +0200] "GET /fiok/programok.htm HTTP/1.1" 200 18165 "http://www.beklen.hu/fiok/mult.htm" "Mozilla/5.0 (compatible; MSIE 9.0; Windows NT 6.0; Trident/5.0)"
66.249.75.200 - - [06/Apr/2013:21:20:07 +0200] "GET /jog/eseteink/malom/index.htm HTTP/1.1" 304 - "-" "Mozilla/5.0 (compatible; Googlebot/2.1; +http://www.google.com/bot.html)"
66.249.75.200 - - [06/Apr/2013:21:28:06 +0200] "GET /jog/eseteink/audi/gestdem_2011-3951_-_benedek_sallai_-_demande_confirmative.pdf HTTP/1.1" 200 408514 "-" "Mozilla/5.0 (iPhone; U; CPU iPhone OS 4_1 like Mac OS X; en-us) AppleWebKit/532.9 (KHTML, like Gecko) Version/4.0.5 Mobile/8B117 Safari/6531.22.7 (compatible; Googlebot-Mobile/2.1; +http://www.google.com/bot.html)"
77.88.42.27 - - [06/Apr/2013:21:29:01 +0200] "GET /fiok/ HTTP/1.1" 200 20554 "-" "Mozilla/5.0 (compatible; YandexBot/3.0; +http://yandex.com/bots)"
66.249.78.60 - - [06/Apr/2013:21:32:01 +0200] "GET /hirek/130319.htm HTTP/1.1" 304 - "-" "Mozilla/5.0 (iPhone; U; CPU iPhone OS 4_1 like Mac OS X; en-us) AppleWebKit/532.9 (KHTML, like Gecko) Version/4.0.5 Mobile/8B117 Safari/6531.22.7 (compatible; Googlebot-Mobile/2.1; +http://www.google.com/bot.html)"
66.249.78.60 - - [06/Apr/2013:22:01:22 +0200] "GET /jog/adathozzaferes.htm HTTP/1.1" 304 - "-" "Mozilla/5.0 (iPhone; U; CPU iPhone OS 4_1 like Mac OS X; en-us) AppleWebKit/532.9 (KHTML, like Gecko) Version/4.0.5 Mobile/8B117 Safari/6531.22.7 (compatible; Googlebot-Mobile/2.1; +http://www.google.com/bot.html)"
77.88.42.27 - - [06/Apr/2013:22:31:01 +0200] "GET /jog/jogihatter.htm HTTP/1.1" 200 18691 "-" "Mozilla/5.0 (compatible; YandexBot/3.0; +http://yandex.com/bots)"
66.249.78.11 - - [06/Apr/2013:22:34:14 +0200] "GET /robots.txt HTTP/1.1" 404 1181 "-" "Mozilla/5.0 (compatible; Googlebot/2.1; +http://www.google.com/bot.html)"
66.249.78.11 - - [06/Apr/2013:22:34:15 +0200] "GET / HTTP/1.1" 200 42122 "-" "Mozilla/5.0 (compatible; Googlebot/2.1; +http://www.google.com/bot.html)"
139.18.2.209 - - [06/Apr/2013:22:52:33 +0200] "GET /jog/eseteink/dakar/index.htm HTTP/1.1" 200 10482 "-" "findlinks/2.6 (+http://wortschatz.uni-leipzig.de/findlinks/)"
77.88.42.27 - - [06/Apr/2013:23:41:01 +0200] "GET /jog/jogszabalyok/termeszetvedelmi_torveny.pdf HTTP/1.1" 200 470027 "-" "Mozilla/5.0 (compatible; YandexBot/3.0; +http://yandex.com/bots)"
66.249.78.60 - - [07/Apr/2013:01:49:22 +0200] "GET /jog/eseteink/duzzaszto/gyulai%20duzzaszto%20fellebbezes.doc HTTP/1.1" 200 218112 "-" "Mozilla/5.0 (iPhone; U; CPU iPhone OS 4_1 like Mac OS X; en-us) AppleWebKit/532.9 (KHTML, like Gecko) Version/4.0.5 Mobile/8B117 Safari/6531.22.7 (compatible; Googlebot-Mobile/2.1; +http://www.google.com/bot.html)"
66.249.78.60 - - [07/Apr/2013:02:37:50 +0200] "GET /lb/css/lightbox.css HTTP/1.1" 200 1715 "http://www.beklen.hu/index.htm" "Mozilla/5.0 (compatible; Googlebot/2.1; +http://www.google.com/bot.html)"
77.88.42.27 - - [07/Apr/2013:03:54:10 +0200] "GET /robots.txt HTTP/1.1" 404 1181 "-" "Mozilla/5.0 (compatible; YandexBot/3.0; +http://yandex.com/bots)"
77.88.42.27 - - [07/Apr/2013:03:54:11 +0200] "GET / HTTP/1.1" 200 42122 "-" "Mozilla/5.0 (compatible; YandexBot/3.0; MirrorDetector; +http://yandex.com/bots)"
77.88.42.27 - - [07/Apr/2013:03:54:12 +0200] "GET / HTTP/1.1" 200 42122 "-" "Mozilla/5.0 (compatible; YandexBot/3.0; MirrorDetector; +http://yandex.com/bots)"
77.88.42.27 - - [07/Apr/2013:03:54:25 +0200] "GET / HTTP/1.1" 200 42122 "-" "Mozilla/5.0 (compatible; YandexBot/3.0; MirrorDetector; +http://yandex.com/bots)"
77.88.42.27 - - [07/Apr/2013:03:54:27 +0200] "GET / HTTP/1.1" 200 42122 "-" "Mozilla/5.0 (compatible; YandexBot/3.0; MirrorDetector; +http://yandex.com/bots)"
66.249.78.60 - - [07/Apr/2013:04:04:40 +0200] "GET /hirek/130320.htm HTTP/1.1" 304 - "-" "Mozilla/5.0 (iPhone; U; CPU iPhone OS 4_1 like Mac OS X; en-us) AppleWebKit/532.9 (KHTML, like Gecko) Version/4.0.5 Mobile/8B117 Safari/6531.22.7 (compatible; Googlebot-Mobile/2.1; +http://www.google.com/bot.html)"
208.115.113.84 - - [07/Apr/2013:04:21:34 +0200] "GET /robots.txt HTTP/1.1" 404 1181 "-" "Mozilla/5.0 (compatible; Ezooms/1.0; ezooms.bot@gmail.com)"
66.249.78.60 - - [07/Apr/2013:04:25:29 +0200] "GET /robots.txt HTTP/1.1" 404 1181 "-" "Mozilla/5.0 (compatible; Googlebot/2.1; +http://www.google.com/bot.html)"
66.249.78.60 - - [07/Apr/2013:04:25:29 +0200] "GET / HTTP/1.1" 200 42122 "-" "SAMSUNG-SGH-E250/1.0 Profile/MIDP-2.0 Configuration/CLDC-1.1 UP.Browser/6.2.3.3.c.1.101 (GUI) MMP/2.0 (compatible; Googlebot-Mobile/2.1; +http://www.google.com/bot.html)"
208.115.113.84 - - [07/Apr/2013:04:36:58 +0200] "GET / HTTP/1.1" 200 42122 "-" "Mozilla/5.0 (compatible; Ezooms/1.0; ezooms.bot@gmail.com)"
157.55.33.83 - - [07/Apr/2013:04:58:42 +0200] "GET /robots.txt HTTP/1.1" 404 1181 "-" "Mozilla/5.0 (compatible; bingbot/2.0; +http://www.bing.com/bingbot.htm)"
157.55.33.83 - - [07/Apr/2013:05:01:13 +0200] "GET /hirek/hirek090428.htm HTTP/1.1" 304 - "-" "Mozilla/5.0 (compatible; bingbot/2.0; +http://www.bing.com/bingbot.htm)"
188.165.248.204 - - [07/Apr/2013:05:13:29 +0200] "GET /robots.txt HTTP/1.0" 404 1181 "-" "Mozilla/5.0 (compatible; MJ12bot/v1.4.3; http://www.majestic12.co.uk/bot.php?+)"
188.165.248.204 - - [07/Apr/2013:05:13:31 +0200] "GET / HTTP/1.0" 200 42122 "-" "Mozilla/5.0 (compatible; MJ12bot/v1.4.3; http://www.majestic12.co.uk/bot.php?+)"
66.249.75.200 - - [07/Apr/2013:06:17:04 +0200] "GET / HTTP/1.1" 200 42122 "-" "Mozilla/5.0 (compatible; Googlebot/2.1; +http://www.google.com/bot.html)"
66.249.78.60 - - [07/Apr/2013:06:32:21 +0200] "GET /jog/eseteink/duzzaszto/gyulavari_duzz_felugyeloseg.pdf HTTP/1.1" 200 100180 "-" "Mozilla/5.0 (iPhone; U; CPU iPhone OS 4_1 like Mac OS X; en-us) AppleWebKit/532.9 (KHTML, like Gecko) Version/4.0.5 Mobile/8B117 Safari/6531.22.7 (compatible; Googlebot-Mobile/2.1; +http://www.google.com/bot.html)"
66.249.78.60 - - [07/Apr/2013:06:48:31 +0200] "GET /hirek/1303072.htm HTTP/1.1" 304 - "-" "Mozilla/5.0 (iPhone; U; CPU iPhone OS 4_1 like Mac OS X; en-us) AppleWebKit/532.9 (KHTML, like Gecko) Version/4.0.5 Mobile/8B117 Safari/6531.22.7 (compatible; Googlebot-Mobile/2.1; +http://www.google.com/bot.html)"
83.143.143.9 - - [07/Apr/2013:06:50:02 +0200] "GET / HTTP/1.1" 200 42122 "-" "Mozilla/5.0 (Windows NT 6.1; WOW64; rv:7.0.1) Gecko/20100101 Firefox/7.0.1"
77.88.42.27 - - [07/Apr/2013:07:32:37 +0200] "GET /robots.txt HTTP/1.1" 404 1181 "-" "Mozilla/5.0 (compatible; YandexBot/3.0; +http://yandex.com/bots)"
77.88.42.27 - - [07/Apr/2013:07:32:39 +0200] "GET /ncta.htm HTTP/1.1" 304 - "-" "Mozilla/5.0 (compatible; YandexBot/3.0; +http://yandex.com/bots)"
77.88.42.27 - - [07/Apr/2013:07:41:59 +0200] "GET /tm06_.jpg HTTP/1.1" 200 1382 "-" "Mozilla/5.0 (compatible; YandexImages/3.0; +http://yandex.com/bots)"
66.249.75.200 - - [07/Apr/2013:08:09:19 +0200] "GET /hirek/hirek091102.htm HTTP/1.1" 200 8538 "-" "SAMSUNG-SGH-E250/1.0 Profile/MIDP-2.0 Configuration/CLDC-1.1 UP.Browser/6.2.3.3.c.1.101 (GUI) MMP/2.0 (compatible; Googlebot-Mobile/2.1; +http://www.google.com/bot.html)"
66.249.78.60 - - [07/Apr/2013:08:39:58 +0200] "GET /turizmusbanner_.swf HTTP/1.1" 200 160838 "-" "Mozilla/5.0 (iPhone; U; CPU iPhone OS 4_1 like Mac OS X; en-us) AppleWebKit/532.9 (KHTML, like Gecko) Version/4.0.5 Mobile/8B117 Safari/6531.22.7 (compatible; Googlebot-Mobile/2.1; +http://www.google.com/bot.html)"
157.55.32.111 - - [07/Apr/2013:09:22:29 +0200] "GET /robots.txt HTTP/1.1" 404 1181 "-" "Mozilla/5.0 (compatible; bingbot/2.0; +http://www.bing.com/bingbot.htm)"
157.55.32.111 - - [07/Apr/2013:09:24:42 +0200] "GET / HTTP/1.1" 304 - "-" "Mozilla/5.0 (compatible; bingbot/2.0; +http://www.bing.com/bingbot.htm)"
66.249.75.200 - - [07/Apr/2013:09:33:53 +0200] "GET /programok.htm HTTP/1.1" 200 6444 "-" "DoCoMo/2.0 N905i(c100;TB;W24H16) (compatible; Googlebot-Mobile/2.1; +http://www.google.com/bot.html)"
66.249.78.60 - - [07/Apr/2013:09:43:55 +0200] "GET /jog/eseteink/duzzaszto/gyulavari_kotelezes1.pdf HTTP/1.1" 200 68117 "-" "Mozilla/5.0 (iPhone; U; CPU iPhone OS 4_1 like Mac OS X; en-us) AppleWebKit/532.9 (KHTML, like Gecko) Version/4.0.5 Mobile/8B117 Safari/6531.22.7 (compatible; Googlebot-Mobile/2.1; +http://www.google.com/bot.html)"
66.249.78.60 - - [07/Apr/2013:10:03:25 +0200] "GET /jog/eseteink/malom/index.htm HTTP/1.1" 304 - "-" "Mozilla/5.0 (iPhone; U; CPU iPhone OS 4_1 like Mac OS X; en-us) AppleWebKit/532.9 (KHTML, like Gecko) Version/4.0.5 Mobile/8B117 Safari/6531.22.7 (compatible; Googlebot-Mobile/2.1; +http://www.google.com/bot.html)"
66.249.78.60 - - [07/Apr/2013:12:15:36 +0200] "GET /jog/eseteink/audi/additional_information_on_the_compensatory_measures_provided_by_hungarian_authorities_at_the_request_of_the_commission_3.pdf HTTP/1.1" 200 3528853 "-" "Mozilla/5.0 (compatible; Googlebot/2.1; +http://www.google.com/bot.html)"
208.115.113.84 - - [07/Apr/2013:12:23:00 +0200] "GET /robots.txt HTTP/1.1" 404 1181 "-" "Mozilla/5.0 (compatible; Ezooms/1.0; ezooms.bot@gmail.com)"
208.115.113.84 - - [07/Apr/2013:12:36:43 +0200] "GET /fiok/ HTTP/1.1" 200 20554 "-" "Mozilla/5.0 (compatible; Ezooms/1.0; ezooms.bot@gmail.com)"
66.249.78.60 - - [07/Apr/2013:12:44:01 +0200] "GET /robots.txt HTTP/1.1" 404 1181 "-" "Mozilla/5.0 (compatible; Googlebot/2.1; +http://www.google.com/bot.html)"
66.249.78.60 - - [07/Apr/2013:12:44:02 +0200] "GET /turizmusbanner_.swf HTTP/1.1" 200 160838 "-" "SAMSUNG-SGH-E250/1.0 Profile/MIDP-2.0 Configuration/CLDC-1.1 UP.Browser/6.2.3.3.c.1.101 (GUI) MMP/2.0 (compatible; Googlebot-Mobile/2.1; +http://www.google.com/bot.html)"
66.249.73.108 - - [07/Apr/2013:12:55:33 +0200] "GET /turizmusbanner_.swf HTTP/1.1" 200 160838 "-" "DoCoMo/2.0 N905i(c100;TB;W24H16) (compatible; Googlebot-Mobile/2.1; +http://www.google.com/bot.html)"
66.249.78.60 - - [07/Apr/2013:13:04:11 +0200] "GET /jog/eseteink/duzzaszto/gyulavari_kotelezes2.pdf HTTP/1.1" 200 68503 "-" "Mozilla/5.0 (iPhone; U; CPU iPhone OS 4_1 like Mac OS X; en-us) AppleWebKit/532.9 (KHTML, like Gecko) Version/4.0.5 Mobile/8B117 Safari/6531.22.7 (compatible; Googlebot-Mobile/2.1; +http://www.google.com/bot.html)"
66.249.73.108 - - [07/Apr/2013:13:29:48 +0200] "GET /jog/eseteink/audi/audi_gyor_restoration_measures15-.pdf HTTP/1.1" 304 - "-" "Mozilla/5.0 (compatible; Googlebot/2.1; +http://www.google.com/bot.html)"
66.249.78.60 - - [07/Apr/2013:13:39:40 +0200] "GET /jog/eseteink/derekegyhaza/dalerd-disznoskert%20szakhat-vegleges.pdf HTTP/1.1" 304 - "-" "Mozilla/5.0 (iPhone; U; CPU iPhone OS 4_1 like Mac OS X; en-us) AppleWebKit/532.9 (KHTML, like Gecko) Version/4.0.5 Mobile/8B117 Safari/6531.22.7 (compatible; Googlebot-Mobile/2.1; +http://www.google.com/bot.html)"
91.82.242.144 - - [07/Apr/2013:13:46:52 +0200] "GET / HTTP/1.1" 200 42122 "-" "Mozilla/5.0 (Windows NT 6.1; WOW64; rv:19.0) Gecko/20100101 Firefox/19.0"
91.82.242.144 - - [07/Apr/2013:13:46:52 +0200] "GET /vill.cs HTTP/1.1" 200 3114 "http://beklen.hu/" "Mozilla/5.0 (Windows NT 6.1; WOW64; rv:19.0) Gecko/20100101 Firefox/19.0"
91.82.242.144 - - [07/Apr/2013:13:46:52 +0200] "GET /lb/js/prototype.js HTTP/1.1" 200 47603 "http://beklen.hu/" "Mozilla/5.0 (Windows NT 6.1; WOW64; rv:19.0) Gecko/20100101 Firefox/19.0"
91.82.242.144 - - [07/Apr/2013:13:46:52 +0200] "GET /lb/js/scriptaculous.js?load=effects HTTP/1.1" 200 2152 "http://beklen.hu/" "Mozilla/5.0 (Windows NT 6.1; WOW64; rv:19.0) Gecko/20100101 Firefox/19.0"
91.82.242.144 - - [07/Apr/2013:13:46:52 +0200] "GET /lb/js/lightbox.js HTTP/1.1" 200 23424 "http://beklen.hu/" "Mozilla/5.0 (Windows NT 6.1; WOW64; rv:19.0) Gecko/20100101 Firefox/19.0"
91.82.242.144 - - [07/Apr/2013:13:46:52 +0200] "GET /lb/css/lightbox.css HTTP/1.1" 200 1715 "http://beklen.hu/" "Mozilla/5.0 (Windows NT 6.1; WOW64; rv:19.0) Gecko/20100101 Firefox/19.0"
91.82.242.144 - - [07/Apr/2013:13:46:53 +0200] "GET /lb/js/effects.js HTTP/1.1" 200 31969 "http://beklen.hu/" "Mozilla/5.0 (Windows NT 6.1; WOW64; rv:19.0) Gecko/20100101 Firefox/19.0"
91.82.242.144 - - [07/Apr/2013:13:46:53 +0200] "GET /tm01.jpg HTTP/1.1" 200 1080 "http://beklen.hu/" "Mozilla/5.0 (Windows NT 6.1; WOW64; rv:19.0) Gecko/20100101 Firefox/19.0"
91.82.242.144 - - [07/Apr/2013:13:46:53 +0200] "GET /tm02.jpg HTTP/1.1" 200 1873 "http://beklen.hu/" "Mozilla/5.0 (Windows NT 6.1; WOW64; rv:19.0) Gecko/20100101 Firefox/19.0"
91.82.242.144 - - [07/Apr/2013:13:46:54 +0200] "GET /tm03_.jpg HTTP/1.1" 200 1787 "http://beklen.hu/" "Mozilla/5.0 (Windows NT 6.1; WOW64; rv:19.0) Gecko/20100101 Firefox/19.0"
91.82.242.144 - - [07/Apr/2013:13:46:54 +0200] "GET /tm04_.jpg HTTP/1.1" 200 2058 "http://beklen.hu/" "Mozilla/5.0 (Windows NT 6.1; WOW64; rv:19.0) Gecko/20100101 Firefox/19.0"
91.82.242.144 - - [07/Apr/2013:13:46:54 +0200] "GET /tm05_.jpg HTTP/1.1" 200 1839 "http://beklen.hu/" "Mozilla/5.0 (Windows NT 6.1; WOW64; rv:19.0) Gecko/20100101 Firefox/19.0"
91.82.242.144 - - [07/Apr/2013:13:46:54 +0200] "GET /tm06_.jpg HTTP/1.1" 200 1382 "http://beklen.hu/" "Mozilla/5.0 (Windows NT 6.1; WOW64; rv:19.0) Gecko/20100101 Firefox/19.0"
91.82.242.144 - - [07/Apr/2013:13:46:54 +0200] "GET /tm07.jpg HTTP/1.1" 200 1007 "http://beklen.hu/" "Mozilla/5.0 (Windows NT 6.1; WOW64; rv:19.0) Gecko/20100101 Firefox/19.0"
91.82.242.144 - - [07/Apr/2013:13:46:54 +0200] "GET /uszt-tabla_.jpg HTTP/1.1" 200 4543 "http://beklen.hu/" "Mozilla/5.0 (Windows NT 6.1; WOW64; rv:19.0) Gecko/20100101 Firefox/19.0"
91.82.242.144 - - [07/Apr/2013:13:46:54 +0200] "GET /jog_honlap_.jpg HTTP/1.1" 200 7186 "http://beklen.hu/" "Mozilla/5.0 (Windows NT 6.1; WOW64; rv:19.0) Gecko/20100101 Firefox/19.0"
91.82.242.144 - - [07/Apr/2013:13:46:55 +0200] "GET /a1_projekt_tabla_infra_cs3_beklenhaz_.jpg HTTP/1.1" 200 8994 "http://beklen.hu/" "Mozilla/5.0 (Windows NT 6.1; WOW64; rv:19.0) Gecko/20100101 Firefox/19.0"
91.82.242.144 - - [07/Apr/2013:13:46:55 +0200] "GET /bg.jpg HTTP/1.1" 200 566 "http://beklen.hu/" "Mozilla/5.0 (Windows NT 6.1; WOW64; rv:19.0) Gecko/20100101 Firefox/19.0"
91.82.242.144 - - [07/Apr/2013:13:46:55 +0200] "GET /bottom_main.jpg HTTP/1.1" 200 96820 "http://beklen.hu/vill.cs" "Mozilla/5.0 (Windows NT 6.1; WOW64; rv:19.0) Gecko/20100101 Firefox/19.0"
91.82.242.144 - - [07/Apr/2013:13:46:55 +0200] "GET /turizmusbanner.swf HTTP/1.1" 200 160827 "http://beklen.hu/" "Mozilla/5.0 (Windows NT 6.1; WOW64; rv:19.0) Gecko/20100101 Firefox/19.0"
91.82.242.144 - - [07/Apr/2013:13:47:01 +0200] "GET /favicon.ico HTTP/1.1" 404 1181 "-" "Mozilla/5.0 (Windows NT 6.1; WOW64; rv:19.0) Gecko/20100101 Firefox/19.0"
91.82.242.144 - - [07/Apr/2013:13:47:01 +0200] "GET /favicon.ico HTTP/1.1" 404 1181 "-" "Mozilla/5.0 (Windows NT 6.1; WOW64; rv:19.0) Gecko/20100101 Firefox/19.0"
91.82.242.144 - - [07/Apr/2013:13:47:01 +0200] "GET /hirek/130307.htm HTTP/1.1" 200 12189 "http://beklen.hu/" "Mozilla/5.0 (Windows NT 6.1; WOW64; rv:19.0) Gecko/20100101 Firefox/19.0"
91.82.242.144 - - [07/Apr/2013:13:47:02 +0200] "GET /vill.cs HTTP/1.1" 200 3114 "http://beklen.hu/hirek/130307.htm" "Mozilla/5.0 (Windows NT 6.1; WOW64; rv:19.0) Gecko/20100101 Firefox/19.0"
91.82.242.144 - - [07/Apr/2013:13:47:02 +0200] "GET /lb/js/scriptaculous.js?load=effects HTTP/1.1" 200 2152 "http://beklen.hu/hirek/130307.htm" "Mozilla/5.0 (Windows NT 6.1; WOW64; rv:19.0) Gecko/20100101 Firefox/19.0"
91.82.242.144 - - [07/Apr/2013:13:47:02 +0200] "GET /lb/js/lightbox.js HTTP/1.1" 200 23424 "http://beklen.hu/hirek/130307.htm" "Mozilla/5.0 (Windows NT 6.1; WOW64; rv:19.0) Gecko/20100101 Firefox/19.0"
91.82.242.144 - - [07/Apr/2013:13:47:02 +0200] "GET /lb/css/lightbox.css HTTP/1.1" 200 1715 "http://beklen.hu/hirek/130307.htm" "Mozilla/5.0 (Windows NT 6.1; WOW64; rv:19.0) Gecko/20100101 Firefox/19.0"
91.82.242.144 - - [07/Apr/2013:13:47:02 +0200] "GET /tm02_.jpg HTTP/1.1" 200 1524 "http://beklen.hu/hirek/130307.htm" "Mozilla/5.0 (Windows NT 6.1; WOW64; rv:19.0) Gecko/20100101 Firefox/19.0"
91.82.242.144 - - [07/Apr/2013:13:47:02 +0200] "GET /hirek/tejcsarnok.jpg HTTP/1.1" 200 55546 "http://beklen.hu/hirek/130307.htm" "Mozilla/5.0 (Windows NT 6.1; WOW64; rv:19.0) Gecko/20100101 Firefox/19.0"
91.82.242.144 - - [07/Apr/2013:13:47:02 +0200] "GET /banners/zoldforras.png HTTP/1.1" 200 37318 "http://beklen.hu/hirek/130307.htm" "Mozilla/5.0 (Windows NT 6.1; WOW64; rv:19.0) Gecko/20100101 Firefox/19.0"
91.82.242.144 - - [07/Apr/2013:13:47:03 +0200] "GET /lb/js/prototype.js HTTP/1.1" 200 47603 "http://beklen.hu/hirek/130307.htm" "Mozilla/5.0 (Windows NT 6.1; WOW64; rv:19.0) Gecko/20100101 Firefox/19.0"
91.82.242.144 - - [07/Apr/2013:13:47:03 +0200] "GET /lb/js/effects.js HTTP/1.1" 200 31969 "http://beklen.hu/hirek/130307.htm" "Mozilla/5.0 (Windows NT 6.1; WOW64; rv:19.0) Gecko/20100101 Firefox/19.0"
91.82.242.144 - - [07/Apr/2013:13:47:04 +0200] "GET /bg.jpg HTTP/1.1" 200 566 "http://beklen.hu/hirek/130307.htm" "Mozilla/5.0 (Windows NT 6.1; WOW64; rv:19.0) Gecko/20100101 Firefox/19.0"
91.82.242.144 - - [07/Apr/2013:13:47:04 +0200] "GET /tm01.jpg HTTP/1.1" 200 1080 "http://beklen.hu/hirek/130307.htm" "Mozilla/5.0 (Windows NT 6.1; WOW64; rv:19.0) Gecko/20100101 Firefox/19.0"
91.82.242.144 - - [07/Apr/2013:13:47:04 +0200] "GET /tm03_.jpg HTTP/1.1" 200 1787 "http://beklen.hu/hirek/130307.htm" "Mozilla/5.0 (Windows NT 6.1; WOW64; rv:19.0) Gecko/20100101 Firefox/19.0"
91.82.242.144 - - [07/Apr/2013:13:47:04 +0200] "GET /tm04_.jpg HTTP/1.1" 200 2058 "http://beklen.hu/hirek/130307.htm" "Mozilla/5.0 (Windows NT 6.1; WOW64; rv:19.0) Gecko/20100101 Firefox/19.0"
91.82.242.144 - - [07/Apr/2013:13:47:04 +0200] "GET /tm05_.jpg HTTP/1.1" 200 1839 "http://beklen.hu/hirek/130307.htm" "Mozilla/5.0 (Windows NT 6.1; WOW64; rv:19.0) Gecko/20100101 Firefox/19.0"
91.82.242.144 - - [07/Apr/2013:13:47:04 +0200] "GET /tm06_.jpg HTTP/1.1" 200 1382 "http://beklen.hu/hirek/130307.htm" "Mozilla/5.0 (Windows NT 6.1; WOW64; rv:19.0) Gecko/20100101 Firefox/19.0"
91.82.242.144 - - [07/Apr/2013:13:47:04 +0200] "GET /tm07.jpg HTTP/1.1" 200 1007 "http://beklen.hu/hirek/130307.htm" "Mozilla/5.0 (Windows NT 6.1; WOW64; rv:19.0) Gecko/20100101 Firefox/19.0"
91.82.242.144 - - [07/Apr/2013:13:47:05 +0200] "GET /bottom_main.jpg HTTP/1.1" 200 96820 "http://beklen.hu/vill.cs" "Mozilla/5.0 (Windows NT 6.1; WOW64; rv:19.0) Gecko/20100101 Firefox/19.0"
91.82.242.144 - - [07/Apr/2013:13:47:05 +0200] "GET /tm02.jpg HTTP/1.1" 200 1873 "http://beklen.hu/hirek/130307.htm" "Mozilla/5.0 (Windows NT 6.1; WOW64; rv:19.0) Gecko/20100101 Firefox/19.0"
91.82.242.144 - - [07/Apr/2013:13:47:05 +0200] "GET /tm05.jpg HTTP/1.1" 200 2253 "http://beklen.hu/hirek/130307.htm" "Mozilla/5.0 (Windows NT 6.1; WOW64; rv:19.0) Gecko/20100101 Firefox/19.0"
91.82.242.144 - - [07/Apr/2013:13:47:05 +0200] "GET /tm06.jpg HTTP/1.1" 200 1651 "http://beklen.hu/hirek/130307.htm" "Mozilla/5.0 (Windows NT 6.1; WOW64; rv:19.0) Gecko/20100101 Firefox/19.0"
91.82.242.144 - - [07/Apr/2013:13:47:05 +0200] "GET /tm04.jpg HTTP/1.1" 200 2613 "http://beklen.hu/hirek/130307.htm" "Mozilla/5.0 (Windows NT 6.1; WOW64; rv:19.0) Gecko/20100101 Firefox/19.0"
91.82.242.144 - - [07/Apr/2013:13:47:05 +0200] "GET /tm03.jpg HTTP/1.1" 200 2212 "http://beklen.hu/hirek/130307.htm" "Mozilla/5.0 (Windows NT 6.1; WOW64; rv:19.0) Gecko/20100101 Firefox/19.0"
91.82.242.144 - - [07/Apr/2013:13:47:05 +0200] "GET /lb/images/loading.gif HTTP/1.1" 200 2767 "http://beklen.hu/hirek/130307.htm" "Mozilla/5.0 (Windows NT 6.1; WOW64; rv:19.0) Gecko/20100101 Firefox/19.0"
91.82.242.144 - - [07/Apr/2013:13:47:05 +0200] "GET /lb/images/closelabel.gif HTTP/1.1" 200 222 "http://beklen.hu/hirek/130307.htm" "Mozilla/5.0 (Windows NT 6.1; WOW64; rv:19.0) Gecko/20100101 Firefox/19.0"
91.82.242.144 - - [07/Apr/2013:13:47:33 +0200] "GET /nimfea_project_250x250.gif HTTP/1.1" 200 1298498 "http://beklen.hu/" "Mozilla/5.0 (Windows NT 6.1; WOW64; rv:19.0) Gecko/20100101 Firefox/19.0"
66.249.78.60 - - [07/Apr/2013:14:07:05 +0200] "GET /jog/publikaciok.htm HTTP/1.1" 304 - "-" "Mozilla/5.0 (iPhone; U; CPU iPhone OS 4_1 like Mac OS X; en-us) AppleWebKit/532.9 (KHTML, like Gecko) Version/4.0.5 Mobile/8B117 Safari/6531.22.7 (compatible; Googlebot-Mobile/2.1; +http://www.google.com/bot.html)"
130.83.167.153 - - [07/Apr/2013:14:11:43 +0200] "GET /fiok/programok.htm HTTP/1.1" 200 18165 "-" "findlinks/2.6 (+http://wortschatz.uni-leipzig.de/findlinks/)"
66.249.78.60 - - [07/Apr/2013:14:45:45 +0200] "GET /jog/eseteink/derekegyhaza/mszh_ugyfel.pdf HTTP/1.1" 200 789271 "-" "Mozilla/5.0 (compatible; Googlebot/2.1; +http://www.google.com/bot.html)"
66.249.78.60 - - [07/Apr/2013:16:33:12 +0200] "GET /jog/eseteink/korosladany/dalerd%20birsag.pdf HTTP/1.1" 200 95400 "-" "Mozilla/5.0 (compatible; Googlebot/2.1; +http://www.google.com/bot.html)"
66.249.78.60 - - [07/Apr/2013:16:36:15 +0200] "GET /jog/eseteink/duzzaszto/kereset_lev%C3%A9l_gyulavari.pdf HTTP/1.1" 404 1181 "-" "Mozilla/5.0 (iPhone; U; CPU iPhone OS 4_1 like Mac OS X; en-us) AppleWebKit/532.9 (KHTML, like Gecko) Version/4.0.5 Mobile/8B117 Safari/6531.22.7 (compatible; Googlebot-Mobile/2.1; +http://www.google.com/bot.html)"
66.249.78.60 - - [07/Apr/2013:17:24:59 +0200] "GET /hirek/hirek091015.htm HTTP/1.1" 304 - "-" "Mozilla/5.0 (iPhone; U; CPU iPhone OS 4_1 like Mac OS X; en-us) AppleWebKit/532.9 (KHTML, like Gecko) Version/4.0.5 Mobile/8B117 Safari/6531.22.7 (compatible; Googlebot-Mobile/2.1; +http://www.google.com/bot.html)"
180.76.5.63 - - [07/Apr/2013:17:28:02 +0200] "GET /fiok/kapcsolat.htm HTTP/1.1" 200 17416 "-" "Mozilla/5.0 (compatible; Baiduspider/2.0; +http://www.baidu.com/search/spider.html)"
92.82.15.185 - - [07/Apr/2013:17:30:32 +0200] "GET /jog/jogszabalyok/egyezm_bern.pdf HTTP/1.1" 200 77062 "http://www.google.ro/url?sa=t&rct=j&q=a%20berni%20egyezm%C3%A9ny%20alapvet%C5%91%20c%C3%A9lkit%C5%B1z%C3%A9se&source=web&cd=2&cad=rja&sqi=2&ved=0CDIQFjAB&url=http%3A%2F%2Fwww.beklen.hu%2Fjog%2Fjogszabalyok%2Fegyezm_bern.pdf&ei=D5FhUZ_TDYfHtQaszoGwAg&usg=AFQjCNGRKxXSy5fifdVP7GLBjyLoy5NKyg&bvm=bv.44770516,d.ZWU" "Mozilla/5.0 (Windows NT 6.1; WOW64; rv:19.0) Gecko/20100101 Firefox/19.0"
92.82.15.185 - - [07/Apr/2013:17:30:33 +0200] "GET /favicon.ico HTTP/1.1" 404 1181 "-" "Mozilla/5.0 (Windows NT 6.1; WOW64; rv:19.0) Gecko/20100101 Firefox/19.0"
66.249.78.60 - - [07/Apr/2013:17:45:01 +0200] "GET /nca.htm HTTP/1.1" 304 - "-" "Mozilla/5.0 (iPhone; U; CPU iPhone OS 4_1 like Mac OS X; en-us) AppleWebKit/532.9 (KHTML, like Gecko) Version/4.0.5 Mobile/8B117 Safari/6531.22.7 (compatible; Googlebot-Mobile/2.1; +http://www.google.com/bot.html)"
123.125.71.69 - - [07/Apr/2013:17:52:20 +0200] "GET /robots.txt HTTP/1.1" 404 1181 "-" "Mozilla/5.0 (Windows NT 5.1; rv:6.0.2) Gecko/20100101 Firefox/6.0.2"
66.249.73.108 - - [07/Apr/2013:17:54:59 +0200] "GET /hirek/130313.htm HTTP/1.1" 200 7785 "-" "DoCoMo/2.0 N905i(c100;TB;W24H16) (compatible; Googlebot-Mobile/2.1; +http://www.google.com/bot.html)"
208.115.111.68 - - [07/Apr/2013:18:13:49 +0200] "GET /robots.txt HTTP/1.1" 404 1181 "-" "Mozilla/5.0 (compatible; Ezooms/1.0; ezooms.bot@gmail.com)"
91.137.162.16 - - [07/Apr/2013:18:18:05 +0200] "GET /jog/eseteink/korosladany/panasz_rendorsegi_hatarozat_ellen.pdf HTTP/1.1" 200 148679 "http://www.google.hu/url?sa=t&rct=j&q=&esrc=s&source=web&cd=49&ved=0CGYQFjAIOCg&url=http%3A%2F%2Fwww.beklen.hu%2Fjog%2Feseteink%2Fkorosladany%2Fpanasz_rendorsegi_hatarozat_ellen.pdf&ei=EpxhUab0I-Tw4QTG9oDoBA&usg=AFQjCNGNb8Nr_jgATEBOj7QRLS-LK5eO4w" "Mozilla/5.0 (Windows NT 5.1; rv:19.0) Gecko/20100101 Firefox/19.0"
91.137.162.16 - - [07/Apr/2013:18:18:06 +0200] "GET /favicon.ico HTTP/1.1" 404 1181 "-" "Mozilla/5.0 (Windows NT 5.1; rv:19.0) Gecko/20100101 Firefox/19.0"
91.137.162.16 - - [07/Apr/2013:18:18:06 +0200] "GET /favicon.ico HTTP/1.1" 404 1181 "-" "Mozilla/5.0 (Windows NT 5.1; rv:19.0) Gecko/20100101 Firefox/19.0"
66.249.78.60 - - [07/Apr/2013:18:31:21 +0200] "GET /hirek/130313.htm HTTP/1.1" 200 7785 "-" "SAMSUNG-SGH-E250/1.0 Profile/MIDP-2.0 Configuration/CLDC-1.1 UP.Browser/6.2.3.3.c.1.101 (GUI) MMP/2.0 (compatible; Googlebot-Mobile/2.1; +http://www.google.com/bot.html)"
91.137.162.16 - - [07/Apr/2013:18:39:18 +0200] "GET /hirek/1303201.htm HTTP/1.1" 200 17308 "http://www.google.hu/url?sa=t&rct=j&q=&esrc=s&source=web&cd=170&ved=0CFoQFjAJOKAB&url=http%3A%2F%2Fwww.beklen.hu%2Fhirek%2F1303201.htm&ei=HaFhUc2MNKbV4gTS2oGIBg&usg=AFQjCNHHPBwoUhQklQ2Cr03C_Ap9MDHYeg&bvm=bv.44770516,d.bGE" "Mozilla/5.0 (Windows NT 5.1; rv:19.0) Gecko/20100101 Firefox/19.0"
91.137.162.16 - - [07/Apr/2013:18:39:18 +0200] "GET /vill.cs HTTP/1.1" 200 3114 "http://www.beklen.hu/hirek/1303201.htm" "Mozilla/5.0 (Windows NT 5.1; rv:19.0) Gecko/20100101 Firefox/19.0"
91.137.162.16 - - [07/Apr/2013:18:39:18 +0200] "GET /tm01.jpg HTTP/1.1" 200 1080 "http://www.beklen.hu/hirek/1303201.htm" "Mozilla/5.0 (Windows NT 5.1; rv:19.0) Gecko/20100101 Firefox/19.0"
91.137.162.16 - - [07/Apr/2013:18:39:18 +0200] "GET /lb/css/lightbox.css HTTP/1.1" 200 1715 "http://www.beklen.hu/hirek/1303201.htm" "Mozilla/5.0 (Windows NT 5.1; rv:19.0) Gecko/20100101 Firefox/19.0"
91.137.162.16 - - [07/Apr/2013:18:39:18 +0200] "GET /lb/js/scriptaculous.js?load=effects HTTP/1.1" 200 2152 "http://www.beklen.hu/hirek/1303201.htm" "Mozilla/5.0 (Windows NT 5.1; rv:19.0) Gecko/20100101 Firefox/19.0"
91.137.162.16 - - [07/Apr/2013:18:39:18 +0200] "GET /lb/js/lightbox.js HTTP/1.1" 200 23424 "http://www.beklen.hu/hirek/1303201.htm" "Mozilla/5.0 (Windows NT 5.1; rv:19.0) Gecko/20100101 Firefox/19.0"
91.137.162.16 - - [07/Apr/2013:18:39:18 +0200] "GET /tm02_.jpg HTTP/1.1" 200 1524 "http://www.beklen.hu/hirek/1303201.htm" "Mozilla/5.0 (Windows NT 5.1; rv:19.0) Gecko/20100101 Firefox/19.0"
91.137.162.16 - - [07/Apr/2013:18:39:19 +0200] "GET /lb/js/prototype.js HTTP/1.1" 200 47603 "http://www.beklen.hu/hirek/1303201.htm" "Mozilla/5.0 (Windows NT 5.1; rv:19.0) Gecko/20100101 Firefox/19.0"
91.137.162.16 - - [07/Apr/2013:18:39:19 +0200] "GET /tm04_.jpg HTTP/1.1" 200 2058 "http://www.beklen.hu/hirek/1303201.htm" "Mozilla/5.0 (Windows NT 5.1; rv:19.0) Gecko/20100101 Firefox/19.0"
91.137.162.16 - - [07/Apr/2013:18:39:19 +0200] "GET /tm05_.jpg HTTP/1.1" 200 1839 "http://www.beklen.hu/hirek/1303201.htm" "Mozilla/5.0 (Windows NT 5.1; rv:19.0) Gecko/20100101 Firefox/19.0"
91.137.162.16 - - [07/Apr/2013:18:39:19 +0200] "GET /tm03_.jpg HTTP/1.1" 200 1787 "http://www.beklen.hu/hirek/1303201.htm" "Mozilla/5.0 (Windows NT 5.1; rv:19.0) Gecko/20100101 Firefox/19.0"
91.137.162.16 - - [07/Apr/2013:18:39:19 +0200] "GET /tm06_.jpg HTTP/1.1" 200 1382 "http://www.beklen.hu/hirek/1303201.htm" "Mozilla/5.0 (Windows NT 5.1; rv:19.0) Gecko/20100101 Firefox/19.0"
91.137.162.16 - - [07/Apr/2013:18:39:19 +0200] "GET /tm07.jpg HTTP/1.1" 200 1007 "http://www.beklen.hu/hirek/1303201.htm" "Mozilla/5.0 (Windows NT 5.1; rv:19.0) Gecko/20100101 Firefox/19.0"
91.137.162.16 - - [07/Apr/2013:18:39:19 +0200] "GET /hirek/1303201/01_.jpg HTTP/1.1" 200 5231 "http://www.beklen.hu/hirek/1303201.htm" "Mozilla/5.0 (Windows NT 5.1; rv:19.0) Gecko/20100101 Firefox/19.0"
91.137.162.16 - - [07/Apr/2013:18:39:19 +0200] "GET /hirek/1303201/08_.jpg HTTP/1.1" 200 18376 "http://www.beklen.hu/hirek/1303201.htm" "Mozilla/5.0 (Windows NT 5.1; rv:19.0) Gecko/20100101 Firefox/19.0"
91.137.162.16 - - [07/Apr/2013:18:39:19 +0200] "GET /hirek/1303201/03_.jpg HTTP/1.1" 200 4249 "http://www.beklen.hu/hirek/1303201.htm" "Mozilla/5.0 (Windows NT 5.1; rv:19.0) Gecko/20100101 Firefox/19.0"
91.137.162.16 - - [07/Apr/2013:18:39:19 +0200] "GET /hirek/1303201/06_.jpg HTTP/1.1" 200 12674 "http://www.beklen.hu/hirek/1303201.htm" "Mozilla/5.0 (Windows NT 5.1; rv:19.0) Gecko/20100101 Firefox/19.0"
91.137.162.16 - - [07/Apr/2013:18:39:19 +0200] "GET /hirek/1303201/02_.jpg HTTP/1.1" 200 4596 "http://www.beklen.hu/hirek/1303201.htm" "Mozilla/5.0 (Windows NT 5.1; rv:19.0) Gecko/20100101 Firefox/19.0"
91.137.162.16 - - [07/Apr/2013:18:39:19 +0200] "GET /lb/js/effects.js HTTP/1.1" 200 31969 "http://www.beklen.hu/hirek/1303201.htm" "Mozilla/5.0 (Windows NT 5.1; rv:19.0) Gecko/20100101 Firefox/19.0"
91.137.162.16 - - [07/Apr/2013:18:39:19 +0200] "GET /hirek/1303201/10_.jpg HTTP/1.1" 200 11514 "http://www.beklen.hu/hirek/1303201.htm" "Mozilla/5.0 (Windows NT 5.1; rv:19.0) Gecko/20100101 Firefox/19.0"
91.137.162.16 - - [07/Apr/2013:18:39:19 +0200] "GET /hirek/1303201/11_.jpg HTTP/1.1" 200 4958 "http://www.beklen.hu/hirek/1303201.htm" "Mozilla/5.0 (Windows NT 5.1; rv:19.0) Gecko/20100101 Firefox/19.0"
91.137.162.16 - - [07/Apr/2013:18:39:19 +0200] "GET /hirek/1303201/04_.jpg HTTP/1.1" 200 5515 "http://www.beklen.hu/hirek/1303201.htm" "Mozilla/5.0 (Windows NT 5.1; rv:19.0) Gecko/20100101 Firefox/19.0"
91.137.162.16 - - [07/Apr/2013:18:39:19 +0200] "GET /hirek/1303201/07_.jpg HTTP/1.1" 200 9589 "http://www.beklen.hu/hirek/1303201.htm" "Mozilla/5.0 (Windows NT 5.1; rv:19.0) Gecko/20100101 Firefox/19.0"
91.137.162.16 - - [07/Apr/2013:18:39:19 +0200] "GET /banners/zoldforras.png HTTP/1.1" 200 37318 "http://www.beklen.hu/hirek/1303201.htm" "Mozilla/5.0 (Windows NT 5.1; rv:19.0) Gecko/20100101 Firefox/19.0"
91.137.162.16 - - [07/Apr/2013:18:39:19 +0200] "GET /bg.jpg HTTP/1.1" 200 566 "http://www.beklen.hu/hirek/1303201.htm" "Mozilla/5.0 (Windows NT 5.1; rv:19.0) Gecko/20100101 Firefox/19.0"
91.137.162.16 - - [07/Apr/2013:18:39:19 +0200] "GET /bottom_main.jpg HTTP/1.1" 200 96820 "http://www.beklen.hu/vill.cs" "Mozilla/5.0 (Windows NT 5.1; rv:19.0) Gecko/20100101 Firefox/19.0"
91.137.162.16 - - [07/Apr/2013:18:39:20 +0200] "GET /lb/images/loading.gif HTTP/1.1" 200 2767 "http://www.beklen.hu/hirek/1303201.htm" "Mozilla/5.0 (Windows NT 5.1; rv:19.0) Gecko/20100101 Firefox/19.0"
91.137.162.16 - - [07/Apr/2013:18:39:20 +0200] "GET /lb/images/closelabel.gif HTTP/1.1" 200 222 "http://www.beklen.hu/hirek/1303201.htm" "Mozilla/5.0 (Windows NT 5.1; rv:19.0) Gecko/20100101 Firefox/19.0"
91.137.162.16 - - [07/Apr/2013:18:39:20 +0200] "GET /tm02.jpg HTTP/1.1" 200 1873 "http://www.beklen.hu/hirek/1303201.htm" "Mozilla/5.0 (Windows NT 5.1; rv:19.0) Gecko/20100101 Firefox/19.0"
91.137.162.16 - - [07/Apr/2013:18:39:20 +0200] "GET /tm05.jpg HTTP/1.1" 200 2253 "http://www.beklen.hu/hirek/1303201.htm" "Mozilla/5.0 (Windows NT 5.1; rv:19.0) Gecko/20100101 Firefox/19.0"
91.137.162.16 - - [07/Apr/2013:18:39:20 +0200] "GET /tm04.jpg HTTP/1.1" 200 2613 "http://www.beklen.hu/hirek/1303201.htm" "Mozilla/5.0 (Windows NT 5.1; rv:19.0) Gecko/20100101 Firefox/19.0"
