66.249.74.173 - - [20/Apr/2013:02:23:28 +0200] "GET /jog/eseteink/korosladany/srbvadi_srb.pdf HTTP/1.1" 304 - "-" "Mozilla/5.0 (iPhone; U; CPU iPhone OS 4_1 like Mac OS X; en-us) AppleWebKit/532.9 (KHTML, like Gecko) Version/4.0.5 Mobile/8B117 Safari/6531.22.7 (compatible; Googlebot-Mobile/2.1; +http://www.google.com/bot.html)"
130.83.167.153 - - [20/Apr/2013:02:27:16 +0200] "GET /nca08.htm HTTP/1.1" 200 21795 "-" "findlinks/2.6 (+http://wortschatz.uni-leipzig.de/findlinks/)"
77.88.42.27 - - [20/Apr/2013:02:29:09 +0200] "GET /jog/jogszabalyok/348_2006.korm.rendelet.pdf HTTP/1.1" 200 198403 "-" "Mozilla/5.0 (compatible; YandexBot/3.0; +http://yandex.com/bots)"
37.140.141.19 - - [20/Apr/2013:02:30:20 +0200] "GET /a1_projekt_tabla_infra_cs3_beklenhaz_.jpg HTTP/1.1" 304 - "-" "Mozilla/5.0 (compatible; YandexImages/3.0; +http://yandex.com/bots)"
174.118.30.124 - - [20/Apr/2013:02:50:05 +0200] "GET /jog/img/320/t15.jpg HTTP/1.1" 200 16655 "-" "Mozilla/5.0 (iPad; CPU OS 6_1_3 like Mac OS X) AppleWebKit/536.26 (KHTML, like Gecko) Version/6.0 Mobile/10B329 Safari/8536.25"
77.88.42.27 - - [20/Apr/2013:02:53:17 +0200] "GET /jog/eseteink/derekegyhaza/index.htm HTTP/1.1" 200 34210 "-" "Mozilla/5.0 (compatible; YandexBot/3.0; +http://yandex.com/bots)"
66.249.78.11 - - [20/Apr/2013:02:57:33 +0200] "GET /robots.txt HTTP/1.1" 404 1181 "-" "Mozilla/5.0 (compatible; Googlebot/2.1; +http://www.google.com/bot.html)"
66.249.78.11 - - [20/Apr/2013:02:57:33 +0200] "GET /fiok/kapcsolat.htm HTTP/1.1" 200 17416 "-" "SAMSUNG-SGH-E250/1.0 Profile/MIDP-2.0 Configuration/CLDC-1.1 UP.Browser/6.2.3.3.c.1.101 (GUI) MMP/2.0 (compatible; Googlebot-Mobile/2.1; +http://www.google.com/bot.html)"
37.140.141.19 - - [20/Apr/2013:03:00:35 +0200] "GET /tm07.jpg HTTP/1.1" 200 1007 "-" "Mozilla/5.0 (compatible; YandexImages/3.0; +http://yandex.com/bots)"
77.88.42.27 - - [20/Apr/2013:03:27:33 +0200] "GET /jog/jogszabalyok/2001-es%20vedett%20lista.pdf HTTP/1.1" 200 681051 "-" "Mozilla/5.0 (compatible; YandexBot/3.0; +http://yandex.com/bots)"
77.88.42.27 - - [20/Apr/2013:03:30:50 +0200] "GET /fiok/program_reszek/turazas.htm HTTP/1.1" 200 22754 "-" "Mozilla/5.0 (compatible; YandexBot/3.0; +http://yandex.com/bots)"
77.88.42.27 - - [20/Apr/2013:03:30:52 +0200] "GET /jog/eseteink/poroszlo/index.htm HTTP/1.1" 200 16861 "-" "Mozilla/5.0 (compatible; YandexBot/3.0; +http://yandex.com/bots)"
77.88.42.27 - - [20/Apr/2013:03:30:55 +0200] "GET /fiok/fiok.html HTTP/1.1" 200 20723 "-" "Mozilla/5.0 (compatible; YandexBot/3.0; +http://yandex.com/bots)"
37.140.141.19 - - [20/Apr/2013:03:31:49 +0200] "GET /uszt-tabla.jpg HTTP/1.1" 404 1181 "-" "Mozilla/5.0 (compatible; YandexImages/3.0; +http://yandex.com/bots)"
157.55.35.91 - - [20/Apr/2013:03:51:36 +0200] "GET /robots.txt HTTP/1.1" 404 1181 "-" "Mozilla/5.0 (compatible; bingbot/2.0; +http://www.bing.com/bingbot.htm)"
157.55.35.91 - - [20/Apr/2013:03:53:14 +0200] "GET /jog/eseteink/audi/index.htm HTTP/1.1" 200 15938 "-" "Mozilla/5.0 (compatible; bingbot/2.0; +http://www.bing.com/bingbot.htm)"
157.55.35.91 - - [20/Apr/2013:03:53:17 +0200] "GET /jog/eseteink/kavicszatony/ HTTP/1.1" 200 16432 "-" "Mozilla/5.0 (compatible; bingbot/2.0; +http://www.bing.com/bingbot.htm)"
157.56.92.162 - - [20/Apr/2013:03:53:45 +0200] "GET /fiok/kornyezet.htm HTTP/1.1" 200 22582 "-" "Mozilla/5.0 (compatible; bingbot/2.0; +http://www.bing.com/bingbot.htm)"
157.56.92.162 - - [20/Apr/2013:03:53:47 +0200] "GET /nca.htm HTTP/1.1" 200 7467 "-" "Mozilla/5.0 (compatible; bingbot/2.0; +http://www.bing.com/bingbot.htm)"
157.55.33.14 - - [20/Apr/2013:03:55:42 +0200] "GET /index.htm HTTP/1.1" 200 43954 "-" "Mozilla/5.0 (compatible; bingbot/2.0; +http://www.bing.com/bingbot.htm)"
157.56.229.186 - - [20/Apr/2013:03:59:39 +0200] "GET /programok.htm HTTP/1.1" 200 6444 "-" "Mozilla/5.0 (compatible; bingbot/2.0; +http://www.bing.com/bingbot.htm)"
157.55.32.101 - - [20/Apr/2013:04:04:11 +0200] "GET /khb.htm HTTP/1.1" 200 8719 "-" "Mozilla/5.0 (compatible; bingbot/2.0; +http://www.bing.com/bingbot.htm)"
157.55.32.101 - - [20/Apr/2013:04:04:21 +0200] "GET /deutsch/index.htm HTTP/1.1" 200 5324 "-" "Mozilla/5.0 (compatible; bingbot/2.0; +http://www.bing.com/bingbot.htm)"
157.55.32.101 - - [20/Apr/2013:04:04:22 +0200] "GET /fiok/fiok.html HTTP/1.1" 200 20723 "-" "Mozilla/5.0 (compatible; bingbot/2.0; +http://www.bing.com/bingbot.htm)"
37.140.141.19 - - [20/Apr/2013:04:09:24 +0200] "GET /robots.txt HTTP/1.1" 404 1181 "-" "Mozilla/5.0 (compatible; YandexImages/3.0; +http://yandex.com/bots)"
157.56.93.226 - - [20/Apr/2013:04:22:05 +0200] "GET /fiok/ HTTP/1.1" 200 20554 "-" "Mozilla/5.0 (compatible; bingbot/2.0; +http://www.bing.com/bingbot.htm)"
157.55.32.106 - - [20/Apr/2013:04:22:41 +0200] "GET /english/index.htm HTTP/1.1" 200 5262 "-" "Mozilla/5.0 (compatible; bingbot/2.0; +http://www.bing.com/bingbot.htm)"
77.88.42.27 - - [20/Apr/2013:04:35:35 +0200] "GET /jog/eseteink/dakar/index.htm HTTP/1.1" 200 10482 "-" "Mozilla/5.0 (compatible; YandexBot/3.0; +http://yandex.com/bots)"
157.56.93.219 - - [20/Apr/2013:04:49:01 +0200] "GET /jog/eseteink/malom/ HTTP/1.1" 200 17507 "-" "Mozilla/5.0 (compatible; bingbot/2.0; +http://www.bing.com/bingbot.htm)"
37.140.141.19 - - [20/Apr/2013:04:56:21 +0200] "GET /hirek/nca_logo.jpg HTTP/1.1" 304 - "-" "Mozilla/5.0 (compatible; YandexImages/3.0; +http://yandex.com/bots)"
37.140.141.19 - - [20/Apr/2013:05:25:01 +0200] "GET /jog/eseteink/derekegyhaza/kepek/vadaskert-szakhat.jpg HTTP/1.1" 304 - "-" "Mozilla/5.0 (compatible; YandexImages/3.0; +http://yandex.com/bots)"
77.88.42.27 - - [20/Apr/2013:05:51:31 +0200] "GET /jog/jogszabalyok/2008_evi_liii_torveny_hatalyos_cites_fuggelekek.doc HTTP/1.1" 200 3005952 "-" "Mozilla/5.0 (compatible; YandexBot/3.0; +http://yandex.com/bots)"
37.140.141.19 - - [20/Apr/2013:05:55:10 +0200] "GET /jog/eseteink/korosladany/kepek/img_4_.jpg HTTP/1.1" 304 - "-" "Mozilla/5.0 (compatible; YandexImages/3.0; +http://yandex.com/bots)"
130.83.167.153 - - [20/Apr/2013:06:01:21 +0200] "GET /hirek/hirek100305.htm HTTP/1.1" 200 7091 "-" "findlinks/2.6 (+http://wortschatz.uni-leipzig.de/findlinks/)"
130.83.167.153 - - [20/Apr/2013:06:01:40 +0200] "GET /jog/ugyfeljogok.htm HTTP/1.1" 200 14279 "-" "findlinks/2.6 (+http://wortschatz.uni-leipzig.de/findlinks/)"
66.249.78.60 - - [20/Apr/2013:06:13:49 +0200] "GET /robots.txt HTTP/1.1" 404 1181 "-" "Mozilla/5.0 (compatible; Googlebot/2.1; +http://www.google.com/bot.html)"
66.249.78.60 - - [20/Apr/2013:06:13:49 +0200] "GET /hirek/1303191.htm HTTP/1.1" 304 - "-" "Mozilla/5.0 (iPhone; U; CPU iPhone OS 4_1 like Mac OS X; en-us) AppleWebKit/532.9 (KHTML, like Gecko) Version/4.0.5 Mobile/8B117 Safari/6531.22.7 (compatible; Googlebot-Mobile/2.1; +http://www.google.com/bot.html)"
88.153.134.152 - - [20/Apr/2013:06:14:11 +0200] "GET /robots.txt HTTP/1.0" 404 1181 "-" "Mozilla/5.0 (compatible; MJ12bot/v1.4.3; http://www.majestic12.co.uk/bot.php?+)"
88.153.134.152 - - [20/Apr/2013:06:14:12 +0200] "GET /fiok/program_reszek/csaladbarat.htm HTTP/1.1" 200 20928 "-" "Mozilla/5.0 (compatible; MJ12bot/v1.4.3; http://www.majestic12.co.uk/bot.php?+)"
88.153.134.152 - - [20/Apr/2013:06:14:13 +0200] "GET /fiok/program_reszek/erdei_iskola.htm HTTP/1.1" 200 21601 "-" "Mozilla/5.0 (compatible; MJ12bot/v1.4.3; http://www.majestic12.co.uk/bot.php?+)"
88.153.134.152 - - [20/Apr/2013:06:14:14 +0200] "GET /fiok/program_reszek/konferancia.htm HTTP/1.1" 200 21668 "-" "Mozilla/5.0 (compatible; MJ12bot/v1.4.3; http://www.majestic12.co.uk/bot.php?+)"
88.153.134.152 - - [20/Apr/2013:06:14:15 +0200] "GET /fiok/program_reszek/lovaglas.htm HTTP/1.1" 200 21486 "-" "Mozilla/5.0 (compatible; MJ12bot/v1.4.3; http://www.majestic12.co.uk/bot.php?+)"
88.153.134.152 - - [20/Apr/2013:06:14:17 +0200] "GET /fiok/program_reszek/madarmegfigyeles.htm HTTP/1.1" 200 21825 "-" "Mozilla/5.0 (compatible; MJ12bot/v1.4.3; http://www.majestic12.co.uk/bot.php?+)"
88.153.134.152 - - [20/Apr/2013:06:14:18 +0200] "GET /fiok/program_reszek/news.html HTTP/1.1" 404 1181 "-" "Mozilla/5.0 (compatible; MJ12bot/v1.4.3; http://www.majestic12.co.uk/bot.php?+)"
88.153.134.152 - - [20/Apr/2013:06:14:20 +0200] "GET /fiok/program_reszek/taborok.htm HTTP/1.1" 200 23942 "-" "Mozilla/5.0 (compatible; MJ12bot/v1.4.3; http://www.majestic12.co.uk/bot.php?+)"
37.140.141.19 - - [20/Apr/2013:06:24:21 +0200] "GET /jog/eseteink/derekegyhaza/mszh_elsofok_ugyfel_elutasitas_2.jpg HTTP/1.1" 304 - "-" "Mozilla/5.0 (compatible; YandexImages/3.0; +http://yandex.com/bots)"
37.140.141.19 - - [20/Apr/2013:06:53:46 +0200] "GET /tm03.jpg HTTP/1.1" 200 2212 "-" "Mozilla/5.0 (compatible; YandexImages/3.0; +http://yandex.com/bots)"
66.249.78.60 - - [20/Apr/2013:07:02:13 +0200] "GET /hirek/hirek090605.htm HTTP/1.1" 304 - "-" "Mozilla/5.0 (iPhone; U; CPU iPhone OS 4_1 like Mac OS X; en-us) AppleWebKit/532.9 (KHTML, like Gecko) Version/4.0.5 Mobile/8B117 Safari/6531.22.7 (compatible; Googlebot-Mobile/2.1; +http://www.google.com/bot.html)"
66.249.78.60 - - [20/Apr/2013:07:02:30 +0200] "GET /jog/eseteink/derekegyhaza/index.htm HTTP/1.1" 304 - "-" "Mozilla/5.0 (iPhone; U; CPU iPhone OS 4_1 like Mac OS X; en-us) AppleWebKit/532.9 (KHTML, like Gecko) Version/4.0.5 Mobile/8B117 Safari/6531.22.7 (compatible; Googlebot-Mobile/2.1; +http://www.google.com/bot.html)"
77.88.42.27 - - [20/Apr/2013:07:18:48 +0200] "GET /jog/eseteink/malom/index.htm HTTP/1.1" 200 17507 "-" "Mozilla/5.0 (compatible; YandexBot/3.0; +http://yandex.com/bots)"
37.140.141.19 - - [20/Apr/2013:07:21:37 +0200] "GET /jog/eseteink/derekegyhaza/kepek/37-433_o_2005__.jpg HTTP/1.1" 304 - "-" "Mozilla/5.0 (compatible; YandexImages/3.0; +http://yandex.com/bots)"
199.30.20.23 - - [20/Apr/2013:07:22:27 +0200] "GET /robots.txt HTTP/1.1" 404 1181 "-" "msnbot-media/1.1 (+http://search.msn.com/msnbot.htm)"
199.30.20.23 - - [20/Apr/2013:07:22:27 +0200] "GET /fiok/images/index_17_17.jpg HTTP/1.1" 200 2374 "-" "msnbot-media/1.1 (+http://search.msn.com/msnbot.htm)"
199.30.16.24 - - [20/Apr/2013:07:41:45 +0200] "GET /robots.txt HTTP/1.1" 404 1181 "-" "msnbot-media/1.1 (+http://search.msn.com/msnbot.htm)"
199.30.16.24 - - [20/Apr/2013:07:41:45 +0200] "GET /fiok/images/a4a.jpg HTTP/1.1" 200 524 "-" "msnbot-media/1.1 (+http://search.msn.com/msnbot.htm)"
37.140.141.19 - - [20/Apr/2013:07:50:13 +0200] "GET /jog/eseteink/derekegyhaza/mszh_elsofok_ugyfel_elutasitas_1.jpg HTTP/1.1" 304 - "-" "Mozilla/5.0 (compatible; YandexImages/3.0; +http://yandex.com/bots)"
37.140.141.19 - - [20/Apr/2013:08:19:18 +0200] "GET /jog/eseteink/korosladany/kepek/img_1.jpg HTTP/1.1" 304 - "-" "Mozilla/5.0 (compatible; YandexImages/3.0; +http://yandex.com/bots)"
208.115.113.84 - - [20/Apr/2013:08:22:24 +0200] "GET /robots.txt HTTP/1.1" 404 1181 "-" "Mozilla/5.0 (compatible; Ezooms/1.0; ezooms.bot@gmail.com)"
77.88.42.27 - - [20/Apr/2013:08:34:07 +0200] "GET /nca10.htm HTTP/1.1" 200 16648 "-" "Mozilla/5.0 (compatible; YandexBot/3.0; +http://yandex.com/bots)"
65.55.215.61 - - [20/Apr/2013:08:36:02 +0200] "GET /robots.txt HTTP/1.1" 404 1181 "-" "msnbot-media/1.1 (+http://search.msn.com/msnbot.htm)"
65.55.215.61 - - [20/Apr/2013:08:36:03 +0200] "GET /uszt-tabla.jpg HTTP/1.1" 404 1181 "-" "msnbot-media/1.1 (+http://search.msn.com/msnbot.htm)"
37.140.141.19 - - [20/Apr/2013:08:48:35 +0200] "GET /jog/eseteink/kavicszatony/dscf0024.jpg HTTP/1.1" 304 - "-" "Mozilla/5.0 (compatible; YandexImages/3.0; +http://yandex.com/bots)"
77.88.42.27 - - [20/Apr/2013:08:56:17 +0200] "GET /nca06.htm HTTP/1.1" 200 19034 "-" "Mozilla/5.0 (compatible; YandexBot/3.0; +http://yandex.com/bots)"
65.55.215.80 - - [20/Apr/2013:08:57:48 +0200] "GET /robots.txt HTTP/1.1" 404 1181 "-" "msnbot-media/1.1 (+http://search.msn.com/msnbot.htm)"
65.55.215.80 - - [20/Apr/2013:08:57:48 +0200] "GET /fiok/images/e4e.jpg HTTP/1.1" 200 524 "-" "msnbot-media/1.1 (+http://search.msn.com/msnbot.htm)"
77.88.42.27 - - [20/Apr/2013:08:58:08 +0200] "GET /jog/jog/jogszabalyok/V%C3%A9dett%20fajok%202006_1_2008kieg.pdf HTTP/1.1" 404 1181 "-" "Mozilla/5.0 (compatible; YandexBot/3.0; +http://yandex.com/bots)"
37.140.141.19 - - [20/Apr/2013:09:18:06 +0200] "GET /tm02_.jpg HTTP/1.1" 200 1524 "-" "Mozilla/5.0 (compatible; YandexImages/3.0; +http://yandex.com/bots)"
77.88.42.27 - - [20/Apr/2013:09:22:59 +0200] "GET /robots.txt HTTP/1.1" 404 1181 "-" "Mozilla/5.0 (compatible; YandexBot/3.0; +http://yandex.com/bots)"
77.88.42.27 - - [20/Apr/2013:09:23:02 +0200] "GET /jog/jogszabalyok/2011_clxxv.pdf HTTP/1.1" 200 361132 "-" "Mozilla/5.0 (compatible; YandexBot/3.0; +http://yandex.com/bots)"
77.88.42.27 - - [20/Apr/2013:09:23:02 +0200] "GET / HTTP/1.1" 200 43954 "-" "Mozilla/5.0 (compatible; YandexBot/3.0; +http://yandex.com/bots)"
77.88.42.27 - - [20/Apr/2013:09:23:04 +0200] "GET / HTTP/1.1" 200 43954 "-" "Mozilla/5.0 (compatible; YandexBot/3.0; +http://yandex.com/bots)"
77.88.42.27 - - [20/Apr/2013:09:23:10 +0200] "GET / HTTP/1.1" 200 43954 "-" "Mozilla/5.0 (compatible; YandexBot/3.0; +http://yandex.com/bots)"
77.88.42.27 - - [20/Apr/2013:09:23:11 +0200] "GET /nca04.htm HTTP/1.1" 200 16378 "-" "Mozilla/5.0 (compatible; YandexBot/3.0; +http://yandex.com/bots)"
77.88.42.27 - - [20/Apr/2013:09:23:14 +0200] "GET / HTTP/1.1" 200 43954 "-" "Mozilla/5.0 (compatible; YandexBot/3.0; +http://yandex.com/bots)"
66.249.78.60 - - [20/Apr/2013:09:23:53 +0200] "GET /turizmusbanner.swf HTTP/1.1" 200 160827 "-" "Mozilla/5.0 (iPhone; U; CPU iPhone OS 4_1 like Mac OS X; en-us) AppleWebKit/532.9 (KHTML, like Gecko) Version/4.0.5 Mobile/8B117 Safari/6531.22.7 (compatible; Googlebot-Mobile/2.1; +http://www.google.com/bot.html)"
66.249.78.60 - - [20/Apr/2013:09:25:25 +0200] "GET / HTTP/1.1" 200 43954 "-" "Mozilla/5.0 (compatible; Googlebot/2.1; +http://www.google.com/bot.html)"
180.76.5.55 - - [20/Apr/2013:09:33:34 +0200] "GET /fiok/program_reszek/lovaglas.htm HTTP/1.1" 200 21486 "-" "Mozilla/5.0 (compatible; Baiduspider/2.0; +http://www.baidu.com/search/spider.html)"
66.249.74.173 - - [20/Apr/2013:09:34:36 +0200] "GET /lb/css/lightbox.css HTTP/1.1" 200 1715 "-" "Mozilla/5.0 (compatible; Googlebot/2.1; +http://www.google.com/bot.html)"
37.140.141.19 - - [20/Apr/2013:09:44:12 +0200] "GET /tm04.jpg HTTP/1.1" 200 2613 "-" "Mozilla/5.0 (compatible; YandexImages/3.0; +http://yandex.com/bots)"
66.249.78.60 - - [20/Apr/2013:09:47:43 +0200] "GET / HTTP/1.1" 200 43954 "-" "SAMSUNG-SGH-E250/1.0 Profile/MIDP-2.0 Configuration/CLDC-1.1 UP.Browser/6.2.3.3.c.1.101 (GUI) MMP/2.0 (compatible; Googlebot-Mobile/2.1; +http://www.google.com/bot.html)"
37.140.141.19 - - [20/Apr/2013:10:11:25 +0200] "GET /jog/eseteink/derekegyhaza/kepek/37-431_o_2005__.jpg HTTP/1.1" 304 - "-" "Mozilla/5.0 (compatible; YandexImages/3.0; +http://yandex.com/bots)"
208.115.113.84 - - [20/Apr/2013:10:13:35 +0200] "GET /jog/eljarasokrol.htm HTTP/1.1" 200 14427 "-" "Mozilla/5.0 (compatible; Ezooms/1.0; ezooms.bot@gmail.com)"
66.249.74.173 - - [20/Apr/2013:10:26:18 +0200] "GET /hirek/13032001.htm HTTP/1.1" 200 16316 "-" "Mozilla/5.0 (iPhone; U; CPU iPhone OS 4_1 like Mac OS X; en-us) AppleWebKit/532.9 (KHTML, like Gecko) Version/4.0.5 Mobile/8B117 Safari/6531.22.7 (compatible; Googlebot-Mobile/2.1; +http://www.google.com/bot.html)"
66.249.78.60 - - [20/Apr/2013:10:32:37 +0200] "GET /fiok/kepek/01.jpg HTTP/1.1" 304 - "-" "Googlebot-Image/1.0"
66.249.78.60 - - [20/Apr/2013:10:34:26 +0200] "GET /khb/beklen_2011_kh_jelentes.pdf HTTP/1.1" 304 - "-" "Mozilla/5.0 (iPhone; U; CPU iPhone OS 4_1 like Mac OS X; en-us) AppleWebKit/532.9 (KHTML, like Gecko) Version/4.0.5 Mobile/8B117 Safari/6531.22.7 (compatible; Googlebot-Mobile/2.1; +http://www.google.com/bot.html)"
37.140.141.19 - - [20/Apr/2013:10:39:00 +0200] "GET /jog/eseteink/korosladany/kepek/img_5356.jpg HTTP/1.1" 304 - "-" "Mozilla/5.0 (compatible; YandexImages/3.0; +http://yandex.com/bots)"
66.249.78.60 - - [20/Apr/2013:10:54:37 +0200] "GET /jog/eseteink/malom/fotok/p6080002_.jpg HTTP/1.1" 304 - "-" "Googlebot-Image/1.0"
37.140.141.19 - - [20/Apr/2013:11:07:46 +0200] "GET /deutsch/d01.jpg HTTP/1.1" 200 1357 "-" "Mozilla/5.0 (compatible; YandexImages/3.0; +http://yandex.com/bots)"
37.140.141.19 - - [20/Apr/2013:11:33:41 +0200] "GET /images/kvvm.jpg HTTP/1.1" 304 - "-" "Mozilla/5.0 (compatible; YandexImages/3.0; +http://yandex.com/bots)"
66.249.78.60 - - [20/Apr/2013:11:53:22 +0200] "GET /hirek/hirek100728.htm HTTP/1.1" 304 - "-" "Mozilla/5.0 (iPhone; U; CPU iPhone OS 4_1 like Mac OS X; en-us) AppleWebKit/532.9 (KHTML, like Gecko) Version/4.0.5 Mobile/8B117 Safari/6531.22.7 (compatible; Googlebot-Mobile/2.1; +http://www.google.com/bot.html)"
66.249.74.173 - - [20/Apr/2013:11:54:10 +0200] "GET /hirek/hirek091102.htm HTTP/1.1" 200 8538 "-" "DoCoMo/2.0 N905i(c100;TB;W24H16) (compatible; Googlebot-Mobile/2.1; +http://www.google.com/bot.html)"
37.140.141.19 - - [20/Apr/2013:12:00:36 +0200] "GET /images/karpatok_.jpg HTTP/1.1" 304 - "-" "Mozilla/5.0 (compatible; YandexImages/3.0; +http://yandex.com/bots)"
66.249.78.60 - - [20/Apr/2013:12:22:34 +0200] "GET /images/eea_logo_.jpg HTTP/1.1" 304 - "-" "Googlebot-Image/1.0"
37.140.141.19 - - [20/Apr/2013:12:27:32 +0200] "GET /jog/eseteink/derekegyhaza/mszhk_masodfok_ugyfel_elutasitas_2.jpg HTTP/1.1" 304 - "-" "Mozilla/5.0 (compatible; YandexImages/3.0; +http://yandex.com/bots)"
37.140.141.19 - - [20/Apr/2013:12:47:51 +0200] "GET /images/okotars_szines_.jpg HTTP/1.1" 304 - "-" "Mozilla/5.0 (compatible; YandexImages/3.0; +http://yandex.com/bots)"
66.249.78.60 - - [20/Apr/2013:12:55:05 +0200] "GET /jog/img/320/t1174.jpg HTTP/1.1" 304 - "-" "Googlebot-Image/1.0"
66.249.74.173 - - [20/Apr/2013:13:13:04 +0200] "GET /jog/eseteink/malom/fotok/img_3058.jpg HTTP/1.1" 304 - "-" "Googlebot-Image/1.0"
180.76.5.154 - - [20/Apr/2013:13:24:57 +0200] "GET /jog/eseteink/derekegyhaza/biroi_vegzes.pdf HTTP/1.1" 200 772975 "-" "Mozilla/5.0 (Windows NT 5.1; rv:6.0.2) Gecko/20100101 Firefox/6.0.2"
66.249.78.60 - - [20/Apr/2013:13:41:07 +0200] "GET /robots.txt HTTP/1.1" 404 1181 "-" "Mozilla/5.0 (compatible; Googlebot/2.1; +http://www.google.com/bot.html)"
66.249.78.60 - - [20/Apr/2013:13:41:07 +0200] "GET /nca08.htm HTTP/1.1" 304 - "-" "Mozilla/5.0 (iPhone; U; CPU iPhone OS 4_1 like Mac OS X; en-us) AppleWebKit/532.9 (KHTML, like Gecko) Version/4.0.5 Mobile/8B117 Safari/6531.22.7 (compatible; Googlebot-Mobile/2.1; +http://www.google.com/bot.html)"
66.249.78.60 - - [20/Apr/2013:13:56:58 +0200] "GET /jog/eseteink/malom/fotok/img_3057.jpg HTTP/1.1" 304 - "-" "Googlebot-Image/1.0"
130.83.167.153 - - [20/Apr/2013:14:08:51 +0200] "GET /jog/eseteink/korosladany/index.htm HTTP/1.1" 200 30713 "-" "findlinks/2.6 (+http://wortschatz.uni-leipzig.de/findlinks/)"
91.82.60.147 - - [20/Apr/2013:14:12:02 +0200] "GET /jog/jogszabalyok/1_erdo.pdf HTTP/1.1" 200 761794 "https://www.google.hu/" "Mozilla/5.0 (Windows NT 5.1) AppleWebKit/537.31 (KHTML, like Gecko) Chrome/26.0.1410.64 Safari/537.31"
91.82.60.147 - - [20/Apr/2013:14:12:03 +0200] "GET /jog/jogszabalyok/1_erdo.pdf HTTP/1.1" 206 32768 "http://www.beklen.hu/jog/jogszabalyok/1_erdo.pdf" "Mozilla/5.0 (Windows NT 5.1) AppleWebKit/537.31 (KHTML, like Gecko) Chrome/26.0.1410.64 Safari/537.31"
91.82.60.147 - - [20/Apr/2013:14:12:03 +0200] "GET /favicon.ico HTTP/1.1" 404 1181 "-" "Mozilla/5.0 (Windows NT 5.1) AppleWebKit/537.31 (KHTML, like Gecko) Chrome/26.0.1410.64 Safari/537.31"
91.82.60.147 - - [20/Apr/2013:14:12:04 +0200] "GET /jog/jogszabalyok/1_erdo.pdf HTTP/1.1" 206 729026 "http://www.beklen.hu/jog/jogszabalyok/1_erdo.pdf" "Mozilla/5.0 (Windows NT 5.1) AppleWebKit/537.31 (KHTML, like Gecko) Chrome/26.0.1410.64 Safari/537.31"
91.82.60.147 - - [20/Apr/2013:14:12:05 +0200] "GET /favicon.ico HTTP/1.1" 404 1181 "-" "Mozilla/5.0 (Windows NT 5.1) AppleWebKit/537.31 (KHTML, like Gecko) Chrome/26.0.1410.64 Safari/537.31"
66.249.78.60 - - [20/Apr/2013:14:15:30 +0200] "GET /images/72_nfu.jpg HTTP/1.1" 304 - "-" "Googlebot-Image/1.0"
66.249.78.60 - - [20/Apr/2013:14:25:03 +0200] "GET /jog/jogszabalyok/vadaszati_torveny.pdf HTTP/1.1" 304 - "-" "Mozilla/5.0 (iPhone; U; CPU iPhone OS 4_1 like Mac OS X; en-us) AppleWebKit/532.9 (KHTML, like Gecko) Version/4.0.5 Mobile/8B117 Safari/6531.22.7 (compatible; Googlebot-Mobile/2.1; +http://www.google.com/bot.html)"
66.249.78.60 - - [20/Apr/2013:14:29:00 +0200] "GET /fiok/kornyezet.htm HTTP/1.1" 304 - "-" "Mozilla/5.0 (iPhone; U; CPU iPhone OS 4_1 like Mac OS X; en-us) AppleWebKit/532.9 (KHTML, like Gecko) Version/4.0.5 Mobile/8B117 Safari/6531.22.7 (compatible; Googlebot-Mobile/2.1; +http://www.google.com/bot.html)"
66.249.78.60 - - [20/Apr/2013:14:38:55 +0200] "GET /jog/jogszabalyok/1_erdo.pdf HTTP/1.1" 304 - "-" "Mozilla/5.0 (iPhone; U; CPU iPhone OS 4_1 like Mac OS X; en-us) AppleWebKit/532.9 (KHTML, like Gecko) Version/4.0.5 Mobile/8B117 Safari/6531.22.7 (compatible; Googlebot-Mobile/2.1; +http://www.google.com/bot.html)"
195.228.121.88 - - [20/Apr/2013:14:44:34 +0200] "GET / HTTP/1.1" 200 43954 "http://www.google.hu/url?sa=t&rct=j&q=&esrc=s&source=web&cd=3&sqi=2&ved=0CDoQFjAC&url=http%3A%2F%2Fwww.beklen.hu%2F&ei=wIxyUe7RBKeu4ASgl4G4Cw&usg=AFQjCNEP-2laihep9vegTwNlHcl4us-iaw&bvm=bv.45512109,d.bGE" "Mozilla/5.0 (Windows NT 5.1; rv:20.0) Gecko/20100101 Firefox/20.0"
195.228.121.88 - - [20/Apr/2013:14:44:34 +0200] "GET /vill.cs HTTP/1.1" 200 3139 "http://www.beklen.hu/" "Mozilla/5.0 (Windows NT 5.1; rv:20.0) Gecko/20100101 Firefox/20.0"
195.228.121.88 - - [20/Apr/2013:14:44:34 +0200] "GET /lb/css/lightbox.css HTTP/1.1" 200 1715 "http://www.beklen.hu/" "Mozilla/5.0 (Windows NT 5.1; rv:20.0) Gecko/20100101 Firefox/20.0"
195.228.121.88 - - [20/Apr/2013:14:44:34 +0200] "GET /lb/js/scriptaculous.js?load=effects HTTP/1.1" 200 2152 "http://www.beklen.hu/" "Mozilla/5.0 (Windows NT 5.1; rv:20.0) Gecko/20100101 Firefox/20.0"
195.228.121.88 - - [20/Apr/2013:14:44:34 +0200] "GET /lb/js/lightbox.js HTTP/1.1" 200 23424 "http://www.beklen.hu/" "Mozilla/5.0 (Windows NT 5.1; rv:20.0) Gecko/20100101 Firefox/20.0"
195.228.121.88 - - [20/Apr/2013:14:44:34 +0200] "GET /lb/js/prototype.js HTTP/1.1" 200 47603 "http://www.beklen.hu/" "Mozilla/5.0 (Windows NT 5.1; rv:20.0) Gecko/20100101 Firefox/20.0"
195.228.121.88 - - [20/Apr/2013:14:44:35 +0200] "GET /tm01.jpg HTTP/1.1" 200 1080 "http://www.beklen.hu/" "Mozilla/5.0 (Windows NT 5.1; rv:20.0) Gecko/20100101 Firefox/20.0"
195.228.121.88 - - [20/Apr/2013:14:44:35 +0200] "GET /tm02.jpg HTTP/1.1" 200 1873 "http://www.beklen.hu/" "Mozilla/5.0 (Windows NT 5.1; rv:20.0) Gecko/20100101 Firefox/20.0"
195.228.121.88 - - [20/Apr/2013:14:44:35 +0200] "GET /tm03_.jpg HTTP/1.1" 200 1787 "http://www.beklen.hu/" "Mozilla/5.0 (Windows NT 5.1; rv:20.0) Gecko/20100101 Firefox/20.0"
195.228.121.88 - - [20/Apr/2013:14:44:35 +0200] "GET /tm04_.jpg HTTP/1.1" 200 2058 "http://www.beklen.hu/" "Mozilla/5.0 (Windows NT 5.1; rv:20.0) Gecko/20100101 Firefox/20.0"
195.228.121.88 - - [20/Apr/2013:14:44:35 +0200] "GET /tm05_.jpg HTTP/1.1" 200 1839 "http://www.beklen.hu/" "Mozilla/5.0 (Windows NT 5.1; rv:20.0) Gecko/20100101 Firefox/20.0"
195.228.121.88 - - [20/Apr/2013:14:44:35 +0200] "GET /tm07.jpg HTTP/1.1" 200 1007 "http://www.beklen.hu/" "Mozilla/5.0 (Windows NT 5.1; rv:20.0) Gecko/20100101 Firefox/20.0"
195.228.121.88 - - [20/Apr/2013:14:44:35 +0200] "GET /tm06_.jpg HTTP/1.1" 200 1382 "http://www.beklen.hu/" "Mozilla/5.0 (Windows NT 5.1; rv:20.0) Gecko/20100101 Firefox/20.0"
195.228.121.88 - - [20/Apr/2013:14:44:35 +0200] "GET /lb/js/effects.js HTTP/1.1" 200 31969 "http://www.beklen.hu/" "Mozilla/5.0 (Windows NT 5.1; rv:20.0) Gecko/20100101 Firefox/20.0"
195.228.121.88 - - [20/Apr/2013:14:44:35 +0200] "GET /jog_honlap_.jpg HTTP/1.1" 200 7186 "http://www.beklen.hu/" "Mozilla/5.0 (Windows NT 5.1; rv:20.0) Gecko/20100101 Firefox/20.0"
195.228.121.88 - - [20/Apr/2013:14:44:35 +0200] "GET /a1_projekt_tabla_infra_cs3_beklenhaz_.jpg HTTP/1.1" 200 8994 "http://www.beklen.hu/" "Mozilla/5.0 (Windows NT 5.1; rv:20.0) Gecko/20100101 Firefox/20.0"
195.228.121.88 - - [20/Apr/2013:14:44:35 +0200] "GET /uszt-tabla_.jpg HTTP/1.1" 200 4543 "http://www.beklen.hu/" "Mozilla/5.0 (Windows NT 5.1; rv:20.0) Gecko/20100101 Firefox/20.0"
195.228.121.88 - - [20/Apr/2013:14:44:35 +0200] "GET /bg.jpg HTTP/1.1" 200 566 "http://www.beklen.hu/" "Mozilla/5.0 (Windows NT 5.1; rv:20.0) Gecko/20100101 Firefox/20.0"
195.228.121.88 - - [20/Apr/2013:14:44:36 +0200] "GET /turizmusbanner.swf HTTP/1.1" 200 160827 "http://www.beklen.hu/" "Mozilla/5.0 (Windows NT 5.1; rv:20.0) Gecko/20100101 Firefox/20.0"
195.228.121.88 - - [20/Apr/2013:14:44:37 +0200] "GET /bottom_main.jpg HTTP/1.1" 200 96820 "http://www.beklen.hu/vill.cs" "Mozilla/5.0 (Windows NT 5.1; rv:20.0) Gecko/20100101 Firefox/20.0"
195.228.121.88 - - [20/Apr/2013:14:44:38 +0200] "GET /nimfea_project_250x250.gif HTTP/1.1" 200 2206658 "http://www.beklen.hu/" "Mozilla/5.0 (Windows NT 5.1; rv:20.0) Gecko/20100101 Firefox/20.0"
195.228.121.88 - - [20/Apr/2013:14:44:38 +0200] "GET /favicon.ico HTTP/1.1" 404 1181 "-" "Mozilla/5.0 (Windows NT 5.1; rv:20.0) Gecko/20100101 Firefox/20.0"
66.249.78.60 - - [20/Apr/2013:15:29:20 +0200] "GET /a1_projekt_tabla_infra_cs3_beklenhaz_.jpg HTTP/1.1" 304 - "-" "Googlebot-Image/1.0"
66.249.78.60 - - [20/Apr/2013:15:33:20 +0200] "GET /jog/eseteink/derekegyhaza/kepek/vadaskert-szakhat.jpg HTTP/1.1" 304 - "-" "Googlebot-Image/1.0"
66.249.75.200 - - [20/Apr/2013:15:41:30 +0200] "GET /hirek09_02.htm HTTP/1.1" 200 7450 "-" "Mozilla/5.0 (compatible; Googlebot/2.1; +http://www.google.com/bot.html)"
66.249.75.200 - - [20/Apr/2013:15:42:19 +0200] "GET /turizmusbanner_.swf HTTP/1.1" 200 160838 "-" "DoCoMo/2.0 N905i(c100;TB;W24H16) (compatible; Googlebot-Mobile/2.1; +http://www.google.com/bot.html)"
157.55.32.101 - - [20/Apr/2013:15:45:20 +0200] "GET /robots.txt HTTP/1.1" 404 1181 "-" "Mozilla/5.0 (compatible; bingbot/2.0; +http://www.bing.com/bingbot.htm)"
157.55.32.101 - - [20/Apr/2013:15:47:01 +0200] "GET /hirarchivum.htm HTTP/1.1" 304 - "-" "Mozilla/5.0 (compatible; bingbot/2.0; +http://www.bing.com/bingbot.htm)"
126.19.87.247 - - [20/Apr/2013:15:48:18 +0200] "GET / HTTP/1.1" 200 43954 "-" "Mozilla/4.0 (compatible; MSIE 6.0; Windows NT 5.2; .NET CLR 1.1.4322)"
66.249.78.60 - - [20/Apr/2013:16:09:10 +0200] "GET /hirek08_11.htm HTTP/1.1" 304 - "-" "SAMSUNG-SGH-E250/1.0 Profile/MIDP-2.0 Configuration/CLDC-1.1 UP.Browser/6.2.3.3.c.1.101 (GUI) MMP/2.0 (compatible; Googlebot-Mobile/2.1; +http://www.google.com/bot.html)"
66.249.78.60 - - [20/Apr/2013:16:34:21 +0200] "GET /jog/eseteink/korosladany/oktvf-nek.pdf HTTP/1.1" 200 171164 "-" "Mozilla/5.0 (iPhone; U; CPU iPhone OS 4_1 like Mac OS X; en-us) AppleWebKit/532.9 (KHTML, like Gecko) Version/4.0.5 Mobile/8B117 Safari/6531.22.7 (compatible; Googlebot-Mobile/2.1; +http://www.google.com/bot.html)"
202.46.60.17 - - [20/Apr/2013:16:38:36 +0200] "GET / HTTP/1.1" 200 14257 "-" "Mozilla/4.0 (compatible; MSIE 7.0; Windows NT 6.0)"
119.63.193.196 - - [20/Apr/2013:16:38:41 +0200] "GET / HTTP/1.1" 200 14257 "-" "Mozilla/4.0 (compatible; MSIE 7.0; Windows NT 6.0)"
66.249.78.60 - - [20/Apr/2013:16:51:42 +0200] "GET /jog/jogszabalyok/1_erdo.pdf HTTP/1.1" 304 - "-" "Mozilla/5.0 (iPhone; U; CPU iPhone OS 4_1 like Mac OS X; en-us) AppleWebKit/532.9 (KHTML, like Gecko) Version/4.0.5 Mobile/8B117 Safari/6531.22.7 (compatible; Googlebot-Mobile/2.1; +http://www.google.com/bot.html)"
66.249.78.60 - - [20/Apr/2013:16:58:58 +0200] "GET /jog/eseteink.htm HTTP/1.1" 304 - "-" "Mozilla/5.0 (iPhone; U; CPU iPhone OS 4_1 like Mac OS X; en-us) AppleWebKit/532.9 (KHTML, like Gecko) Version/4.0.5 Mobile/8B117 Safari/6531.22.7 (compatible; Googlebot-Mobile/2.1; +http://www.google.com/bot.html)"
66.249.78.60 - - [20/Apr/2013:17:27:33 +0200] "GET /jog/eseteink/derekegyhaza/index.htm HTTP/1.1" 304 - "-" "Mozilla/5.0 (compatible; Googlebot/2.1; +http://www.google.com/bot.html)"
66.249.78.60 - - [20/Apr/2013:17:52:38 +0200] "GET / HTTP/1.1" 200 43954 "-" "Mozilla/5.0 (compatible; Googlebot/2.1; +http://www.google.com/bot.html)"
139.18.2.209 - - [20/Apr/2013:17:59:01 +0200] "GET /index.htm HTTP/1.1" 200 43954 "-" "findlinks/2.6 (+http://wortschatz.uni-leipzig.de/findlinks/)"
66.249.78.60 - - [20/Apr/2013:18:01:29 +0200] "GET /hirek/eszkozok/002.jpg HTTP/1.1" 304 - "-" "Googlebot-Image/1.0"
66.249.78.60 - - [20/Apr/2013:18:06:22 +0200] "GET /hirek/090509/1.jpg HTTP/1.1" 304 - "-" "Googlebot-Image/1.0"
66.249.78.60 - - [20/Apr/2013:18:26:55 +0200] "GET /jog/eseteink/korosladany/index.htm HTTP/1.1" 304 - "-" "Mozilla/5.0 (compatible; Googlebot/2.1; +http://www.google.com/bot.html)"
130.83.167.153 - - [20/Apr/2013:19:11:32 +0200] "GET /jog/eseteink/kavicszatony/index.htm HTTP/1.1" 200 16432 "-" "findlinks/2.6 (+http://wortschatz.uni-leipzig.de/findlinks/)"
66.249.78.60 - - [20/Apr/2013:19:17:58 +0200] "GET /turizmusbanner_.swf HTTP/1.1" 200 160838 "-" "SAMSUNG-SGH-E250/1.0 Profile/MIDP-2.0 Configuration/CLDC-1.1 UP.Browser/6.2.3.3.c.1.101 (GUI) MMP/2.0 (compatible; Googlebot-Mobile/2.1; +http://www.google.com/bot.html)"
66.249.78.60 - - [20/Apr/2013:19:26:31 +0200] "GET /hirek/hirek091015.htm HTTP/1.1" 304 - "-" "Mozilla/5.0 (iPhone; U; CPU iPhone OS 4_1 like Mac OS X; en-us) AppleWebKit/532.9 (KHTML, like Gecko) Version/4.0.5 Mobile/8B117 Safari/6531.22.7 (compatible; Googlebot-Mobile/2.1; +http://www.google.com/bot.html)"
66.249.78.60 - - [20/Apr/2013:19:40:41 +0200] "GET /jog/pub/fuzet_beliv_jav2.pdf HTTP/1.1" 304 - "-" "Mozilla/5.0 (compatible; Googlebot/2.1; +http://www.google.com/bot.html)"
66.249.78.60 - - [20/Apr/2013:19:53:42 +0200] "GET /khb.htm HTTP/1.1" 304 - "-" "Mozilla/5.0 (iPhone; U; CPU iPhone OS 4_1 like Mac OS X; en-us) AppleWebKit/532.9 (KHTML, like Gecko) Version/4.0.5 Mobile/8B117 Safari/6531.22.7 (compatible; Googlebot-Mobile/2.1; +http://www.google.com/bot.html)"
66.249.78.60 - - [20/Apr/2013:21:09:11 +0200] "GET /jog/eseteink.htm HTTP/1.1" 304 - "-" "Mozilla/5.0 (compatible; Googlebot/2.1; +http://www.google.com/bot.html)"
66.249.75.200 - - [20/Apr/2013:21:21:23 +0200] "GET /hirek/13032001.htm HTTP/1.1" 200 16316 "-" "DoCoMo/2.0 N905i(c100;TB;W24H16) (compatible; Googlebot-Mobile/2.1; +http://www.google.com/bot.html)"
66.249.78.60 - - [20/Apr/2013:21:48:34 +0200] "GET /hirek/hirek120120.htm HTTP/1.1" 304 - "-" "Mozilla/5.0 (iPhone; U; CPU iPhone OS 4_1 like Mac OS X; en-us) AppleWebKit/532.9 (KHTML, like Gecko) Version/4.0.5 Mobile/8B117 Safari/6531.22.7 (compatible; Googlebot-Mobile/2.1; +http://www.google.com/bot.html)"
66.249.75.200 - - [20/Apr/2013:22:03:56 +0200] "GET /jog/eseteink/korosladany/panasz_rendorsegi_hatarozat_ellen.pdf HTTP/1.1" 200 148679 "-" "Mozilla/5.0 (compatible; Googlebot/2.1; +http://www.google.com/bot.html)"
208.115.111.68 - - [20/Apr/2013:22:16:05 +0200] "GET /robots.txt HTTP/1.1" 404 1181 "-" "Mozilla/5.0 (compatible; Ezooms/1.0; ezooms.bot@gmail.com)"
66.249.78.60 - - [20/Apr/2013:22:24:27 +0200] "GET /jog/eseteink/korosladany/oktvf-nek2.pdf HTTP/1.1" 200 110838 "-" "Mozilla/5.0 (iPhone; U; CPU iPhone OS 4_1 like Mac OS X; en-us) AppleWebKit/532.9 (KHTML, like Gecko) Version/4.0.5 Mobile/8B117 Safari/6531.22.7 (compatible; Googlebot-Mobile/2.1; +http://www.google.com/bot.html)"
37.140.141.19 - - [20/Apr/2013:22:47:11 +0200] "GET /jog/eseteink/derekegyhaza/mszh_elsofok_ugyfel_elutasitas_1.jpg HTTP/1.1" 304 - "-" "Mozilla/5.0 (compatible; YandexImages/3.0; +http://yandex.com/bots)"
66.249.78.60 - - [20/Apr/2013:22:49:06 +0200] "GET /jog/jogszabalyok/termeszetvedelmi_torveny.pdf HTTP/1.1" 304 - "-" "Mozilla/5.0 (iPhone; U; CPU iPhone OS 4_1 like Mac OS X; en-us) AppleWebKit/532.9 (KHTML, like Gecko) Version/4.0.5 Mobile/8B117 Safari/6531.22.7 (compatible; Googlebot-Mobile/2.1; +http://www.google.com/bot.html)"
37.140.141.19 - - [20/Apr/2013:23:47:52 +0200] "GET /deutsch/d01.jpg HTTP/1.1" 200 1357 "-" "Mozilla/5.0 (compatible; YandexImages/3.0; +http://yandex.com/bots)"
66.249.78.60 - - [20/Apr/2013:23:58:15 +0200] "GET /jog/eseteink/audi/audi_gyor_restoration_measures1-10.pdf HTTP/1.1" 304 - "-" "Mozilla/5.0 (compatible; Googlebot/2.1; +http://www.google.com/bot.html)"
66.249.78.11 - - [21/Apr/2013:00:07:12 +0200] "GET /robots.txt HTTP/1.1" 404 1181 "-" "Mozilla/5.0 (compatible; Googlebot/2.1; +http://www.google.com/bot.html)"
66.249.78.11 - - [21/Apr/2013:00:07:12 +0200] "GET / HTTP/1.1" 200 43954 "-" "Mozilla/5.0 (compatible; Googlebot/2.1; +http://www.google.com/bot.html)"
66.249.78.60 - - [21/Apr/2013:00:09:01 +0200] "GET /nca11.htm HTTP/1.1" 304 - "-" "Mozilla/5.0 (iPhone; U; CPU iPhone OS 4_1 like Mac OS X; en-us) AppleWebKit/532.9 (KHTML, like Gecko) Version/4.0.5 Mobile/8B117 Safari/6531.22.7 (compatible; Googlebot-Mobile/2.1; +http://www.google.com/bot.html)"
66.249.78.60 - - [21/Apr/2013:00:14:03 +0200] "GET /hirek/hirek101027.htm HTTP/1.1" 304 - "-" "Mozilla/5.0 (iPhone; U; CPU iPhone OS 4_1 like Mac OS X; en-us) AppleWebKit/532.9 (KHTML, like Gecko) Version/4.0.5 Mobile/8B117 Safari/6531.22.7 (compatible; Googlebot-Mobile/2.1; +http://www.google.com/bot.html)"
66.249.75.101 - - [21/Apr/2013:00:14:31 +0200] "GET /uszt-tabla.jpg HTTP/1.1" 404 1181 "-" "Googlebot-Image/1.0"
66.249.75.200 - - [21/Apr/2013:00:22:08 +0200] "GET /hirek/13032001.htm HTTP/1.1" 200 16316 "-" "SAMSUNG-SGH-E250/1.0 Profile/MIDP-2.0 Configuration/CLDC-1.1 UP.Browser/6.2.3.3.c.1.101 (GUI) MMP/2.0 (compatible; Googlebot-Mobile/2.1; +http://www.google.com/bot.html)"
66.249.78.60 - - [21/Apr/2013:00:37:07 +0200] "GET /jog/eseteink/derekegyhaza/index.htm HTTP/1.1" 304 - "-" "Mozilla/5.0 (compatible; Googlebot/2.1; +http://www.google.com/bot.html)"
208.115.111.68 - - [21/Apr/2013:00:39:38 +0200] "GET /jog/tapasztalatszerzok.htm HTTP/1.1" 200 12148 "-" "Mozilla/5.0 (compatible; Ezooms/1.0; ezooms.bot@gmail.com)"
208.115.111.68 - - [21/Apr/2013:00:39:40 +0200] "GET /jog/tippek.htm HTTP/1.1" 200 13697 "-" "Mozilla/5.0 (compatible; Ezooms/1.0; ezooms.bot@gmail.com)"
37.140.141.19 - - [21/Apr/2013:00:47:30 +0200] "GET /jog/eseteink/derekegyhaza/kepek/37-433_o_2005__.jpg HTTP/1.1" 304 - "-" "Mozilla/5.0 (compatible; YandexImages/3.0; +http://yandex.com/bots)"
66.249.78.60 - - [21/Apr/2013:01:46:18 +0200] "GET /robots.txt HTTP/1.1" 404 1181 "-" "Mozilla/5.0 (compatible; Googlebot/2.1; +http://www.google.com/bot.html)"
66.249.78.60 - - [21/Apr/2013:01:46:18 +0200] "GET /ncta_a.htm HTTP/1.1" 304 - "-" "Mozilla/5.0 (iPhone; U; CPU iPhone OS 4_1 like Mac OS X; en-us) AppleWebKit/532.9 (KHTML, like Gecko) Version/4.0.5 Mobile/8B117 Safari/6531.22.7 (compatible; Googlebot-Mobile/2.1; +http://www.google.com/bot.html)"
37.140.141.19 - - [21/Apr/2013:01:54:24 +0200] "GET /jog/eseteink/derekegyhaza/kepek/dalerd_.jpg HTTP/1.1" 304 - "-" "Mozilla/5.0 (compatible; YandexImages/3.0; +http://yandex.com/bots)"
208.115.111.68 - - [21/Apr/2013:02:16:52 +0200] "GET /robots.txt HTTP/1.1" 404 1181 "-" "Mozilla/5.0 (compatible; Ezooms/1.0; ezooms.bot@gmail.com)"
66.249.78.60 - - [21/Apr/2013:02:37:04 +0200] "GET /hirek/hirek100804.htm HTTP/1.1" 304 - "-" "Mozilla/5.0 (iPhone; U; CPU iPhone OS 4_1 like Mac OS X; en-us) AppleWebKit/532.9 (KHTML, like Gecko) Version/4.0.5 Mobile/8B117 Safari/6531.22.7 (compatible; Googlebot-Mobile/2.1; +http://www.google.com/bot.html)"
37.140.141.19 - - [21/Apr/2013:03:01:44 +0200] "GET /english/e03.jpg HTTP/1.1" 200 1393 "-" "Mozilla/5.0 (compatible; YandexImages/3.0; +http://yandex.com/bots)"
173.192.235.226 - - [21/Apr/2013:03:15:36 +0200] "GET /robots.txt HTTP/1.1" 404 1181 "-" "Mozilla/5.0 (compatible; SiteExplorer/1.0b; +http://siteexplorer.info/)"
173.192.235.226 - - [21/Apr/2013:03:15:41 +0200] "GET /hirek/hirek120120.htm HTTP/1.1" 200 6634 "-" "Mozilla/5.0 (compatible; SiteExplorer/1.0b; +http://siteexplorer.info/)"
173.192.235.226 - - [21/Apr/2013:03:15:46 +0200] "GET /hirek/hirek101213.htm HTTP/1.1" 200 8671 "-" "Mozilla/5.0 (compatible; SiteExplorer/1.0b; +http://siteexplorer.info/)"
173.192.235.226 - - [21/Apr/2013:03:15:51 +0200] "GET /hirek/hirek101027.htm HTTP/1.1" 200 9627 "-" "Mozilla/5.0 (compatible; SiteExplorer/1.0b; +http://siteexplorer.info/)"
173.192.235.226 - - [21/Apr/2013:03:15:56 +0200] "GET /hirek/hirek101025.htm HTTP/1.1" 200 8786 "-" "Mozilla/5.0 (compatible; SiteExplorer/1.0b; +http://siteexplorer.info/)"
173.192.235.226 - - [21/Apr/2013:03:16:01 +0200] "GET /hirek/hirek100810.htm HTTP/1.1" 200 8123 "-" "Mozilla/5.0 (compatible; SiteExplorer/1.0b; +http://siteexplorer.info/)"
173.192.235.226 - - [21/Apr/2013:03:16:06 +0200] "GET /hirek/hirek100804.htm HTTP/1.1" 200 8056 "-" "Mozilla/5.0 (compatible; SiteExplorer/1.0b; +http://siteexplorer.info/)"
173.192.235.226 - - [21/Apr/2013:03:16:11 +0200] "GET /hirek/hirek100728.htm HTTP/1.1" 200 7560 "-" "Mozilla/5.0 (compatible; SiteExplorer/1.0b; +http://siteexplorer.info/)"
173.192.235.226 - - [21/Apr/2013:03:16:16 +0200] "GET /hirek/hirek100420.htm HTTP/1.1" 200 7914 "-" "Mozilla/5.0 (compatible; SiteExplorer/1.0b; +http://siteexplorer.info/)"
173.192.235.226 - - [21/Apr/2013:03:16:21 +0200] "GET /hirek/hirek100305.htm HTTP/1.1" 200 7091 "-" "Mozilla/5.0 (compatible; SiteExplorer/1.0b; +http://siteexplorer.info/)"
173.192.235.226 - - [21/Apr/2013:03:16:26 +0200] "GET /hirek/hirek100225.htm HTTP/1.1" 200 7288 "-" "Mozilla/5.0 (compatible; SiteExplorer/1.0b; +http://siteexplorer.info/)"
173.192.235.226 - - [21/Apr/2013:03:16:31 +0200] "GET /hirek/hirek091221.htm HTTP/1.1" 200 6740 "-" "Mozilla/5.0 (compatible; SiteExplorer/1.0b; +http://siteexplorer.info/)"
173.192.235.226 - - [21/Apr/2013:03:16:36 +0200] "GET /hirek/hirek091103.htm HTTP/1.1" 200 7301 "-" "Mozilla/5.0 (compatible; SiteExplorer/1.0b; +http://siteexplorer.info/)"
173.192.235.226 - - [21/Apr/2013:03:16:41 +0200] "GET /hirek/hirek091102.htm HTTP/1.1" 200 8538 "-" "Mozilla/5.0 (compatible; SiteExplorer/1.0b; +http://siteexplorer.info/)"
173.192.235.226 - - [21/Apr/2013:03:16:46 +0200] "GET /hirek/hirek091015.htm HTTP/1.1" 200 7046 "-" "Mozilla/5.0 (compatible; SiteExplorer/1.0b; +http://siteexplorer.info/)"
173.192.235.226 - - [21/Apr/2013:03:16:51 +0200] "GET /hirek/1303203.htm HTTP/1.1" 200 10390 "-" "Mozilla/5.0 (compatible; SiteExplorer/1.0b; +http://siteexplorer.info/)"
173.192.235.226 - - [21/Apr/2013:03:16:56 +0200] "GET /hirek/1303202.htm HTTP/1.1" 200 13230 "-" "Mozilla/5.0 (compatible; SiteExplorer/1.0b; +http://siteexplorer.info/)"
173.192.235.226 - - [21/Apr/2013:03:17:01 +0200] "GET /hirek/1303201.htm HTTP/1.1" 200 17308 "-" "Mozilla/5.0 (compatible; SiteExplorer/1.0b; +http://siteexplorer.info/)"
173.192.235.226 - - [21/Apr/2013:03:17:06 +0200] "GET /hirek/130320.htm HTTP/1.1" 200 11326 "-" "Mozilla/5.0 (compatible; SiteExplorer/1.0b; +http://siteexplorer.info/)"
173.192.235.226 - - [21/Apr/2013:03:17:11 +0200] "GET /jog HTTP/1.1" 301 311 "-" "Mozilla/5.0 (compatible; SiteExplorer/1.0b; +http://siteexplorer.info/)"
173.192.235.226 - - [21/Apr/2013:03:17:17 +0200] "GET / HTTP/1.1" 200 43954 "-" "Mozilla/5.0 (compatible; SiteExplorer/1.0b; +http://siteexplorer.info/)"
66.249.75.101 - - [21/Apr/2013:03:24:49 +0200] "GET /fiok/kornyezet.htm HTTP/1.1" 200 22582 "-" "SAMSUNG-SGH-E250/1.0 Profile/MIDP-2.0 Configuration/CLDC-1.1 UP.Browser/6.2.3.3.c.1.101 (GUI) MMP/2.0 (compatible; Googlebot-Mobile/2.1; +http://www.google.com/bot.html)"
66.249.78.60 - - [21/Apr/2013:03:30:50 +0200] "GET /jog/eseteink/derekegyhaza/dalerd-disznoskert%20szakhat-vegleges.pdf HTTP/1.1" 304 - "-" "Mozilla/5.0 (compatible; Googlebot/2.1; +http://www.google.com/bot.html)"
37.140.141.19 - - [21/Apr/2013:04:09:41 +0200] "GET /robots.txt HTTP/1.1" 404 1181 "-" "Mozilla/5.0 (compatible; YandexImages/3.0; +http://yandex.com/bots)"
66.249.78.60 - - [21/Apr/2013:04:17:49 +0200] "GET /jog/eseteink/derekegyhaza/fvm_kekto_ujra.pdf HTTP/1.1" 200 104770 "-" "Mozilla/5.0 (compatible; Googlebot/2.1; +http://www.google.com/bot.html)"
208.115.113.84 - - [21/Apr/2013:04:26:16 +0200] "GET /robots.txt HTTP/1.1" 404 1181 "-" "Mozilla/5.0 (compatible; Ezooms/1.0; ezooms.bot@gmail.com)"
178.32.219.156 - - [21/Apr/2013:04:31:09 +0200] "GET /fiok/programok.htm HTTP/1.1" 200 18165 "-" "Mozilla/4.0 (compatible; MSIE 6.0; Windows NT 5.1; SV1)"
178.32.219.156 - - [21/Apr/2013:04:31:09 +0200] "GET /fiok/index.html HTTP/1.1" 200 20554 "-" "Mozilla/4.0 (compatible; MSIE 6.0; Windows NT 5.1; SV1)"
178.32.219.156 - - [21/Apr/2013:04:31:09 +0200] "GET /fiok/news.html HTTP/1.1" 404 1181 "-" "Mozilla/4.0 (compatible; MSIE 6.0; Windows NT 5.1; SV1)"
178.32.219.156 - - [21/Apr/2013:04:31:09 +0200] "GET /fiok/program_reszek/erdei_iskola.htm HTTP/1.1" 200 21601 "-" "Mozilla/4.0 (compatible; MSIE 6.0; Windows NT 5.1; SV1)"
178.32.219.156 - - [21/Apr/2013:04:31:09 +0200] "GET /fiok/program_reszek/taborok.htm HTTP/1.1" 200 23942 "-" "Mozilla/4.0 (compatible; MSIE 6.0; Windows NT 5.1; SV1)"
178.32.219.156 - - [21/Apr/2013:04:31:10 +0200] "GET /fiok/program_reszek/konferancia.htm HTTP/1.1" 200 21668 "-" "Mozilla/4.0 (compatible; MSIE 6.0; Windows NT 5.1; SV1)"
178.32.219.156 - - [21/Apr/2013:04:31:11 +0200] "GET /fiok/program_reszek/madarmegfigyeles.htm HTTP/1.1" 200 21825 "-" "Mozilla/4.0 (compatible; MSIE 6.0; Windows NT 5.1; SV1)"
178.32.219.156 - - [21/Apr/2013:04:31:11 +0200] "GET /fiok/program_reszek/turazas.htm HTTP/1.1" 200 22754 "-" "Mozilla/4.0 (compatible; MSIE 6.0; Windows NT 5.1; SV1)"
178.32.219.156 - - [21/Apr/2013:04:31:12 +0200] "GET /fiok/program_reszek/lovaglas.htm HTTP/1.1" 200 21486 "-" "Mozilla/4.0 (compatible; MSIE 6.0; Windows NT 5.1; SV1)"
178.32.219.156 - - [21/Apr/2013:04:31:12 +0200] "GET /fiok/program_reszek/csaladbarat.htm HTTP/1.1" 200 20928 "-" "Mozilla/4.0 (compatible; MSIE 6.0; Windows NT 5.1; SV1)"
178.32.219.156 - - [21/Apr/2013:04:31:13 +0200] "GET /fiok/mult.htm HTTP/1.1" 200 23227 "-" "Mozilla/4.0 (compatible; MSIE 6.0; Windows NT 5.1; SV1)"
178.32.219.156 - - [21/Apr/2013:04:31:16 +0200] "GET /fiok/kornyezet.htm HTTP/1.1" 200 22582 "-" "Mozilla/4.0 (compatible; MSIE 6.0; Windows NT 5.1; SV1)"
178.32.219.156 - - [21/Apr/2013:04:31:17 +0200] "GET /fiok/gazdasag.htm HTTP/1.1" 200 22480 "-" "Mozilla/4.0 (compatible; MSIE 6.0; Windows NT 5.1; SV1)"
178.32.219.156 - - [21/Apr/2013:04:31:17 +0200] "GET /fiok/kapcsolat.htm HTTP/1.1" 200 17416 "-" "Mozilla/4.0 (compatible; MSIE 6.0; Windows NT 5.1; SV1)"
66.249.75.227 - - [21/Apr/2013:04:32:54 +0200] "GET / HTTP/1.1" 200 43954 "-" "Mozilla/5.0 (iPhone; U; CPU iPhone OS 4_1 like Mac OS X; en-us) AppleWebKit/532.9 (KHTML, like Gecko) Version/4.0.5 Mobile/8B117 Safari/6531.22.7 (compatible; Googlebot-Mobile/2.1; +http://www.google.com/bot.html)"
66.249.78.60 - - [21/Apr/2013:04:33:48 +0200] "GET /hirek/13032001.htm HTTP/1.1" 304 - "-" "Mozilla/5.0 (iPhone; U; CPU iPhone OS 4_1 like Mac OS X; en-us) AppleWebKit/532.9 (KHTML, like Gecko) Version/4.0.5 Mobile/8B117 Safari/6531.22.7 (compatible; Googlebot-Mobile/2.1; +http://www.google.com/bot.html)"
208.115.111.68 - - [21/Apr/2013:04:39:49 +0200] "GET /hirek/130307.htm HTTP/1.1" 200 12189 "-" "Mozilla/5.0 (compatible; Ezooms/1.0; ezooms.bot@gmail.com)"
37.140.141.19 - - [21/Apr/2013:05:12:25 +0200] "GET /deutsch/d04.jpg HTTP/1.1" 200 1181 "-" "Mozilla/5.0 (compatible; YandexImages/3.0; +http://yandex.com/bots)"
66.249.78.60 - - [21/Apr/2013:05:25:33 +0200] "GET /hirek/hirek090215.htm HTTP/1.1" 304 - "-" "Mozilla/5.0 (compatible; Googlebot/2.1; +http://www.google.com/bot.html)"
66.249.78.60 - - [21/Apr/2013:05:42:54 +0200] "GET /hirek/130307.htm HTTP/1.1" 304 - "-" "Mozilla/5.0 (iPhone; U; CPU iPhone OS 4_1 like Mac OS X; en-us) AppleWebKit/532.9 (KHTML, like Gecko) Version/4.0.5 Mobile/8B117 Safari/6531.22.7 (compatible; Googlebot-Mobile/2.1; +http://www.google.com/bot.html)"
66.249.78.60 - - [21/Apr/2013:06:13:44 +0200] "GET /hirek/1303122.htm HTTP/1.1" 304 - "-" "Mozilla/5.0 (iPhone; U; CPU iPhone OS 4_1 like Mac OS X; en-us) AppleWebKit/532.9 (KHTML, like Gecko) Version/4.0.5 Mobile/8B117 Safari/6531.22.7 (compatible; Googlebot-Mobile/2.1; +http://www.google.com/bot.html)"
37.140.141.19 - - [21/Apr/2013:06:16:51 +0200] "GET /tm03.jpg HTTP/1.1" 200 2212 "-" "Mozilla/5.0 (compatible; YandexImages/3.0; +http://yandex.com/bots)"
66.249.78.60 - - [21/Apr/2013:06:17:26 +0200] "GET /nca06.htm HTTP/1.1" 200 19034 "-" "Mozilla/5.0 (compatible; Googlebot/2.1; +http://www.google.com/bot.html)"
208.115.113.84 - - [21/Apr/2013:06:18:46 +0200] "GET /programok.htm HTTP/1.1" 200 6444 "-" "Mozilla/5.0 (compatible; Ezooms/1.0; ezooms.bot@gmail.com)"
66.249.75.200 - - [21/Apr/2013:06:22:41 +0200] "GET /hirek/130319.htm HTTP/1.1" 304 - "-" "Mozilla/5.0 (iPhone; U; CPU iPhone OS 4_1 like Mac OS X; en-us) AppleWebKit/532.9 (KHTML, like Gecko) Version/4.0.5 Mobile/8B117 Safari/6531.22.7 (compatible; Googlebot-Mobile/2.1; +http://www.google.com/bot.html)"
180.76.5.161 - - [21/Apr/2013:06:46:33 +0200] "GET /fiok/mult.htm HTTP/1.1" 200 23227 "-" "Mozilla/5.0 (compatible; Baiduspider/2.0; +http://www.baidu.com/search/spider.html)"
66.249.75.200 - - [21/Apr/2013:06:53:11 +0200] "GET /jog/eseteink/audi/2011_3951.pdf HTTP/1.1" 304 - "-" "Mozilla/5.0 (iPhone; U; CPU iPhone OS 4_1 like Mac OS X; en-us) AppleWebKit/532.9 (KHTML, like Gecko) Version/4.0.5 Mobile/8B117 Safari/6531.22.7 (compatible; Googlebot-Mobile/2.1; +http://www.google.com/bot.html)"
66.249.75.200 - - [21/Apr/2013:07:10:24 +0200] "GET /jog/eseteink/audi/application_of_hungarian_authorities_for_the_commission_opinion_2.pdf HTTP/1.1" 304 - "-" "Mozilla/5.0 (compatible; Googlebot/2.1; +http://www.google.com/bot.html)"
37.140.141.19 - - [21/Apr/2013:07:20:55 +0200] "GET /jog/eseteink/derekegyhaza/mszhk_masodfok_ugyfel_elutasitas_2.jpg HTTP/1.1" 304 - "-" "Mozilla/5.0 (compatible; YandexImages/3.0; +http://yandex.com/bots)"
66.249.78.60 - - [21/Apr/2013:08:07:21 +0200] "GET /jog/eseteink/korosladany/szakerto_dij_birosag.doc.pdf HTTP/1.1" 200 194442 "-" "Mozilla/5.0 (iPhone; U; CPU iPhone OS 4_1 like Mac OS X; en-us) AppleWebKit/532.9 (KHTML, like Gecko) Version/4.0.5 Mobile/8B117 Safari/6531.22.7 (compatible; Googlebot-Mobile/2.1; +http://www.google.com/bot.html)"
66.249.78.60 - - [21/Apr/2013:08:08:50 +0200] "GET /jog/eseteink/kavicszatony/mura_fellebbezes1.pdf HTTP/1.1" 304 - "-" "Mozilla/5.0 (iPhone; U; CPU iPhone OS 4_1 like Mac OS X; en-us) AppleWebKit/532.9 (KHTML, like Gecko) Version/4.0.5 Mobile/8B117 Safari/6531.22.7 (compatible; Googlebot-Mobile/2.1; +http://www.google.com/bot.html)"
66.249.78.60 - - [21/Apr/2013:08:22:21 +0200] "GET /jog/eseteink/derekegyhaza/knpi_valasznimfeanak.pdf HTTP/1.1" 200 101664 "-" "Mozilla/5.0 (compatible; Googlebot/2.1; +http://www.google.com/bot.html)"
66.249.78.60 - - [21/Apr/2013:08:24:23 +0200] "GET /hirek/1303122.htm HTTP/1.1" 304 - "-" "Mozilla/5.0 (iPhone; U; CPU iPhone OS 4_1 like Mac OS X; en-us) AppleWebKit/532.9 (KHTML, like Gecko) Version/4.0.5 Mobile/8B117 Safari/6531.22.7 (compatible; Googlebot-Mobile/2.1; +http://www.google.com/bot.html)"
37.140.141.19 - - [21/Apr/2013:08:24:45 +0200] "GET /english/e02.jpg HTTP/1.1" 200 1349 "-" "Mozilla/5.0 (compatible; YandexImages/3.0; +http://yandex.com/bots)"
66.249.78.60 - - [21/Apr/2013:09:12:46 +0200] "GET /hirek/hirek090301.htm HTTP/1.1" 200 7022 "-" "Mozilla/5.0 (compatible; Googlebot/2.1; +http://www.google.com/bot.html)"
66.249.78.60 - - [21/Apr/2013:09:28:23 +0200] "GET /jog/eseteink/derekegyhaza/vizjogi_derekegyhaza.pdf HTTP/1.1" 304 - "-" "Mozilla/5.0 (iPhone; U; CPU iPhone OS 4_1 like Mac OS X; en-us) AppleWebKit/532.9 (KHTML, like Gecko) Version/4.0.5 Mobile/8B117 Safari/6531.22.7 (compatible; Googlebot-Mobile/2.1; +http://www.google.com/bot.html)"
37.140.141.19 - - [21/Apr/2013:09:28:42 +0200] "GET /tm07.jpg HTTP/1.1" 200 1007 "-" "Mozilla/5.0 (compatible; YandexImages/3.0; +http://yandex.com/bots)"
66.249.75.200 - - [21/Apr/2013:09:33:21 +0200] "GET / HTTP/1.1" 200 43954 "-" "DoCoMo/2.0 N905i(c100;TB;W24H16) (compatible; Googlebot-Mobile/2.1; +http://www.google.com/bot.html)"
66.249.78.60 - - [21/Apr/2013:09:38:29 +0200] "GET /jog/eseteink/audi/europai%20bizottsag%20fotitkarsaga.pdf HTTP/1.1" 200 374636 "-" "Mozilla/5.0 (compatible; Googlebot/2.1; +http://www.google.com/bot.html)"
66.249.78.60 - - [21/Apr/2013:09:59:47 +0200] "GET /fiok/program_reszek/erdei_iskola.htm HTTP/1.1" 200 21601 "-" "Mozilla/5.0 (compatible; Googlebot/2.1; +http://www.google.com/bot.html)"
66.249.78.60 - - [21/Apr/2013:10:04:39 +0200] "GET /fiok/program_reszek/programok/27.jpg HTTP/1.1" 200 146348 "-" "Mozilla/5.0 (compatible; Googlebot/2.1; +http://www.google.com/bot.html)"
66.249.78.60 - - [21/Apr/2013:10:04:40 +0200] "GET /fiok/css/lightbox.css HTTP/1.1" 200 1715 "-" "Mozilla/5.0 (compatible; Googlebot/2.1; +http://www.google.com/bot.html)"
66.249.78.60 - - [21/Apr/2013:10:04:41 +0200] "GET /fiok/program_reszek/programok/28.jpg HTTP/1.1" 200 206789 "-" "Mozilla/5.0 (compatible; Googlebot/2.1; +http://www.google.com/bot.html)"
86.101.249.64 - - [21/Apr/2013:10:07:12 +0200] "GET /jog/publikaciok.htm HTTP/1.1" 200 17866 "https://www.google.hu/" "Mozilla/5.0 (Windows NT 5.1) AppleWebKit/537.31 (KHTML, like Gecko) Chrome/26.0.1410.64 Safari/537.31"
86.101.249.64 - - [21/Apr/2013:10:07:12 +0200] "GET /jog/script.js HTTP/1.1" 200 5674 "http://www.beklen.hu/jog/publikaciok.htm" "Mozilla/5.0 (Windows NT 5.1) AppleWebKit/537.31 (KHTML, like Gecko) Chrome/26.0.1410.64 Safari/537.31"
86.101.249.64 - - [21/Apr/2013:10:07:12 +0200] "GET /jog/style.css HTTP/1.1" 200 21413 "http://www.beklen.hu/jog/publikaciok.htm" "Mozilla/5.0 (Windows NT 5.1) AppleWebKit/537.31 (KHTML, like Gecko) Chrome/26.0.1410.64 Safari/537.31"
86.101.249.64 - - [21/Apr/2013:10:07:12 +0200] "GET /jog/lb/js/scriptaculous.js?load=effects HTTP/1.1" 200 2152 "http://www.beklen.hu/jog/publikaciok.htm" "Mozilla/5.0 (Windows NT 5.1) AppleWebKit/537.31 (KHTML, like Gecko) Chrome/26.0.1410.64 Safari/537.31"
86.101.249.64 - - [21/Apr/2013:10:07:12 +0200] "GET /jog/lb/js/lightbox.js HTTP/1.1" 200 23431 "http://www.beklen.hu/jog/publikaciok.htm" "Mozilla/5.0 (Windows NT 5.1) AppleWebKit/537.31 (KHTML, like Gecko) Chrome/26.0.1410.64 Safari/537.31"
