157.56.229.244 - - [23/Apr/2013:19:46:41 +0200] "GET /jog/eseteink/korosladany/ HTTP/1.1" 200 30713 "-" "Mozilla/5.0 (compatible; bingbot/2.0; +http://www.bing.com/bingbot.htm)"
157.56.229.244 - - [23/Apr/2013:19:46:43 +0200] "GET /magunkrol.htm HTTP/1.1" 200 9161 "-" "Mozilla/5.0 (compatible; bingbot/2.0; +http://www.bing.com/bingbot.htm)"
66.249.78.60 - - [23/Apr/2013:19:57:45 +0200] "GET /jog/eseteink/malom/index.htm HTTP/1.1" 304 - "-" "Mozilla/5.0 (iPhone; U; CPU iPhone OS 4_1 like Mac OS X; en-us) AppleWebKit/532.9 (KHTML, like Gecko) Version/4.0.5 Mobile/8B117 Safari/6531.22.7 (compatible; Googlebot-Mobile/2.1; +http://www.google.com/bot.html)"
66.249.76.200 - - [23/Apr/2013:20:31:07 +0200] "GET /jog/eseteink/korosladany/kepek/img_5365__.jpg HTTP/1.1" 304 - "-" "Googlebot-Image/1.0"
66.249.78.60 - - [23/Apr/2013:20:34:54 +0200] "GET /jog/eseteink/autopalya/oktvf%20valasz2.jpg HTTP/1.1" 304 - "-" "Googlebot-Image/1.0"
208.115.111.68 - - [23/Apr/2013:20:37:20 +0200] "GET /jog/eseteink.htm HTTP/1.1" 200 17277 "-" "Mozilla/5.0 (compatible; Ezooms/1.0; ezooms.bot@gmail.com)"
80.98.147.66 - - [23/Apr/2013:20:39:52 +0200] "GET /jog/eseteink/derekegyhaza/mszhk_masodfok_ugyfel_elutasitas_1.jpg HTTP/1.1" 200 995513 "-" "Mozilla/5.0 (Windows NT 6.1) AppleWebKit/537.31 (KHTML, like Gecko) Chrome/26.0.1410.64 Safari/537.31"
80.98.147.66 - - [23/Apr/2013:20:40:15 +0200] "GET /jog/eseteink/derekegyhaza/mszh_elsofok_ugyfel_elutasitas_1.jpg HTTP/1.1" 200 1086764 "-" "Mozilla/5.0 (Windows NT 6.1) AppleWebKit/537.31 (KHTML, like Gecko) Chrome/26.0.1410.64 Safari/537.31"
66.249.76.200 - - [23/Apr/2013:20:55:15 +0200] "GET /jog/rendorsegifeljelentes.htm HTTP/1.1" 304 - "-" "Mozilla/5.0 (iPhone; U; CPU iPhone OS 4_1 like Mac OS X; en-us) AppleWebKit/532.9 (KHTML, like Gecko) Version/4.0.5 Mobile/8B117 Safari/6531.22.7 (compatible; Googlebot-Mobile/2.1; +http://www.google.com/bot.html)"
66.249.76.200 - - [23/Apr/2013:21:12:14 +0200] "GET /hirek/hirek08_12.htm HTTP/1.1" 200 8352 "-" "DoCoMo/2.0 N905i(c100;TB;W24H16) (compatible; Googlebot-Mobile/2.1; +http://www.google.com/bot.html)"
95.211.139.1 - - [23/Apr/2013:21:34:04 +0200] "GET /robots.txt HTTP/1.0" 404 1181 "-" "Mozilla/5.0 (compatible; AcoonBot/4.11.1; +http://www.acoon.de/robot.asp)"
95.211.139.1 - - [23/Apr/2013:21:34:05 +0200] "GET /hirek/130307.htm HTTP/1.0" 200 12189 "-" "Mozilla/5.0 (compatible; AcoonBot/4.11.1; +http://www.acoon.de/robot.asp)"
66.249.78.60 - - [23/Apr/2013:21:47:10 +0200] "GET /hirek09_01.htm HTTP/1.1" 304 - "-" "Mozilla/5.0 (iPhone; U; CPU iPhone OS 4_1 like Mac OS X; en-us) AppleWebKit/532.9 (KHTML, like Gecko) Version/4.0.5 Mobile/8B117 Safari/6531.22.7 (compatible; Googlebot-Mobile/2.1; +http://www.google.com/bot.html)"
66.249.78.60 - - [23/Apr/2013:22:41:27 +0200] "GET /hirek/hirek090303.htm HTTP/1.1" 200 7721 "-" "SAMSUNG-SGH-E250/1.0 Profile/MIDP-2.0 Configuration/CLDC-1.1 UP.Browser/6.2.3.3.c.1.101 (GUI) MMP/2.0 (compatible; Googlebot-Mobile/2.1; +http://www.google.com/bot.html)"
66.249.78.60 - - [23/Apr/2013:23:33:48 +0200] "GET /jog/eseteink/korosladany/panasz_rendorsegi_hatarozat_ellen.pdf HTTP/1.1" 304 - "-" "Mozilla/5.0 (iPhone; U; CPU iPhone OS 4_1 like Mac OS X; en-us) AppleWebKit/532.9 (KHTML, like Gecko) Version/4.0.5 Mobile/8B117 Safari/6531.22.7 (compatible; Googlebot-Mobile/2.1; +http://www.google.com/bot.html)"
66.249.78.60 - - [23/Apr/2013:23:37:50 +0200] "GET /bunt.htm HTTP/1.1" 304 - "-" "Mozilla/5.0 (iPhone; U; CPU iPhone OS 4_1 like Mac OS X; en-us) AppleWebKit/532.9 (KHTML, like Gecko) Version/4.0.5 Mobile/8B117 Safari/6531.22.7 (compatible; Googlebot-Mobile/2.1; +http://www.google.com/bot.html)"
95.211.139.1 - - [23/Apr/2013:23:42:41 +0200] "GET /fiok/& HTTP/1.0" 404 1181 "-" "Mozilla/5.0 (compatible; AcoonBot/4.11.1; +http://www.acoon.de/robot.asp)"
78.46.154.41 - - [23/Apr/2013:23:57:31 +0200] "GET / HTTP/1.1" 200 43954 "-" "ExB Language Crawler 2.1.5 (+http://www.exb.de/crawler)"
66.249.78.60 - - [23/Apr/2013:23:59:41 +0200] "GET /fiok/css/lightbox.css HTTP/1.1" 200 1715 "-" "Mozilla/5.0 (compatible; Googlebot/2.1; +http://www.google.com/bot.html)"
95.211.139.1 - - [24/Apr/2013:00:13:13 +0200] "GET /media.htm HTTP/1.0" 200 5208 "-" "Mozilla/5.0 (compatible; AcoonBot/4.11.1; +http://www.acoon.de/robot.asp)"
66.249.78.60 - - [24/Apr/2013:01:22:50 +0200] "GET /robots.txt HTTP/1.1" 404 1181 "-" "Mozilla/5.0 (compatible; Googlebot/2.1; +http://www.google.com/bot.html)"
66.249.78.60 - - [24/Apr/2013:01:22:50 +0200] "GET /hirek/Microsoft%20Word%20-%20csongradi%20duzzaszto%20velemeny%202009.06.11..doc.pdf HTTP/1.1" 200 321155 "-" "Mozilla/5.0 (iPhone; U; CPU iPhone OS 4_1 like Mac OS X; en-us) AppleWebKit/532.9 (KHTML, like Gecko) Version/4.0.5 Mobile/8B117 Safari/6531.22.7 (compatible; Googlebot-Mobile/2.1; +http://www.google.com/bot.html)"
78.46.198.72 - - [24/Apr/2013:01:32:29 +0200] "GET /robots.txt HTTP/1.1" 404 1181 "-" "ExB Language Crawler 2.1.5 (+http://www.exb.de/crawler)"
95.211.139.1 - - [24/Apr/2013:01:52:46 +0200] "GET /hirek/130320.htm HTTP/1.0" 200 11326 "-" "Mozilla/5.0 (compatible; AcoonBot/4.11.1; +http://www.acoon.de/robot.asp)"
66.249.78.11 - - [24/Apr/2013:02:07:30 +0200] "GET /robots.txt HTTP/1.1" 404 1181 "-" "Mozilla/5.0 (compatible; Googlebot/2.1; +http://www.google.com/bot.html)"
66.249.78.11 - - [24/Apr/2013:02:07:31 +0200] "GET /fiok/mult.htm HTTP/1.1" 200 23227 "-" "SAMSUNG-SGH-E250/1.0 Profile/MIDP-2.0 Configuration/CLDC-1.1 UP.Browser/6.2.3.3.c.1.101 (GUI) MMP/2.0 (compatible; Googlebot-Mobile/2.1; +http://www.google.com/bot.html)"
66.249.78.60 - - [24/Apr/2013:02:18:42 +0200] "GET /fiok/program_reszek/madarmegfigyeles.htm HTTP/1.1" 304 - "-" "Mozilla/5.0 (iPhone; U; CPU iPhone OS 4_1 like Mac OS X; en-us) AppleWebKit/532.9 (KHTML, like Gecko) Version/4.0.5 Mobile/8B117 Safari/6531.22.7 (compatible; Googlebot-Mobile/2.1; +http://www.google.com/bot.html)"
95.211.139.1 - - [24/Apr/2013:02:37:18 +0200] "GET /fiok/kornyezet.htm HTTP/1.0" 200 22582 "-" "Mozilla/5.0 (compatible; AcoonBot/4.11.1; +http://www.acoon.de/robot.asp)"
66.249.76.200 - - [24/Apr/2013:03:15:23 +0200] "GET /hirek/hirek100305.htm HTTP/1.1" 304 - "-" "Mozilla/5.0 (iPhone; U; CPU iPhone OS 4_1 like Mac OS X; en-us) AppleWebKit/532.9 (KHTML, like Gecko) Version/4.0.5 Mobile/8B117 Safari/6531.22.7 (compatible; Googlebot-Mobile/2.1; +http://www.google.com/bot.html)"
176.9.83.228 - - [24/Apr/2013:03:39:48 +0200] "GET /hirek/1303071.htm HTTP/1.1" 200 8749 "-" "ExB Language Crawler 2.1.5 (+http://www.exb.de/crawler)"
66.249.78.60 - - [24/Apr/2013:04:21:54 +0200] "GET /hirek/13032001.htm HTTP/1.1" 304 - "-" "Mozilla/5.0 (iPhone; U; CPU iPhone OS 4_1 like Mac OS X; en-us) AppleWebKit/532.9 (KHTML, like Gecko) Version/4.0.5 Mobile/8B117 Safari/6531.22.7 (compatible; Googlebot-Mobile/2.1; +http://www.google.com/bot.html)"
78.46.198.72 - - [24/Apr/2013:04:40:44 +0200] "GET /hirek/1303072.htm HTTP/1.1" 200 9111 "-" "ExB Language Crawler 2.1.5 (+http://www.exb.de/crawler)"
78.46.198.73 - - [24/Apr/2013:04:47:28 +0200] "GET /deutsch/index.htm HTTP/1.1" 200 5324 "-" "ExB Language Crawler 2.1.5 (+http://www.exb.de/crawler)"
78.46.154.38 - - [24/Apr/2013:04:53:36 +0200] "GET /hirek/hirek091221.htm HTTP/1.1" 200 6740 "-" "ExB Language Crawler 2.1.5 (+http://www.exb.de/crawler)"
176.9.83.228 - - [24/Apr/2013:05:01:44 +0200] "GET /hirek/hirek100420.htm HTTP/1.1" 200 7914 "-" "ExB Language Crawler 2.1.5 (+http://www.exb.de/crawler)"
176.9.97.10 - - [24/Apr/2013:05:12:59 +0200] "GET /fiok/index.html HTTP/1.1" 200 20554 "-" "ExB Language Crawler 2.1.5 (+http://www.exb.de/crawler)"
78.46.198.75 - - [24/Apr/2013:05:18:54 +0200] "GET /english/index.htm HTTP/1.1" 200 5262 "-" "ExB Language Crawler 2.1.5 (+http://www.exb.de/crawler)"
78.158.11.226 - - [24/Apr/2013:05:47:04 +0200] "GET / HTTP/1.1" 200 43954 "http://sameid.net/domain/beklen.hu/" "Lynx/2.8.5rel.1 libwww-FM/2.15FC SSL-MM/1.4.1c OpenSSL/0.9.7e-dev"
78.158.11.226 - - [24/Apr/2013:05:47:05 +0200] "GET / HTTP/1.1" 200 21377 "http://www.google.com/url?sa=t&rct=j&q=beklen.hu&source=web&cd=5&ved=0CF0QFjAE&url=http:%2F%2Fbeklen.hu%2F&cad=rja" "Lynx/2.8.5rel.1 libwww-FM/2.15FC SSL-MM/1.4.1c OpenSSL/0.9.7e-dev"
78.158.11.226 - - [24/Apr/2013:05:47:05 +0200] "GET /hirek/1303201.htm HTTP/1.1" 200 17308 "-" "Lynx/2.8.5rel.1 libwww-FM/2.15FC SSL-MM/1.4.1c OpenSSL/0.9.7e-dev"
78.46.198.72 - - [24/Apr/2013:05:50:56 +0200] "GET /index.htm HTTP/1.1" 200 43954 "-" "ExB Language Crawler 2.1.5 (+http://www.exb.de/crawler)"
78.46.198.75 - - [24/Apr/2013:05:55:10 +0200] "GET /hirek/hirek100305.htm HTTP/1.1" 200 7091 "-" "ExB Language Crawler 2.1.5 (+http://www.exb.de/crawler)"
78.46.198.72 - - [24/Apr/2013:06:02:31 +0200] "GET /hirek/1303122.htm HTTP/1.1" 200 7547 "-" "ExB Language Crawler 2.1.5 (+http://www.exb.de/crawler)"
66.249.78.60 - - [24/Apr/2013:06:03:34 +0200] "GET /hirek/1303191.htm HTTP/1.1" 304 - "-" "Mozilla/5.0 (iPhone; U; CPU iPhone OS 4_1 like Mac OS X; en-us) AppleWebKit/532.9 (KHTML, like Gecko) Version/4.0.5 Mobile/8B117 Safari/6531.22.7 (compatible; Googlebot-Mobile/2.1; +http://www.google.com/bot.html)"
78.46.154.41 - - [24/Apr/2013:06:07:41 +0200] "GET /magunkrol.htm HTTP/1.1" 200 9161 "-" "ExB Language Crawler 2.1.5 (+http://www.exb.de/crawler)"
78.46.154.38 - - [24/Apr/2013:06:34:59 +0200] "GET /hirek/hirek120120.htm HTTP/1.1" 200 6634 "-" "ExB Language Crawler 2.1.5 (+http://www.exb.de/crawler)"
66.249.76.200 - - [24/Apr/2013:06:41:13 +0200] "GET /jog/eseteink/dakar/36559-10.pdf HTTP/1.1" 304 - "-" "Mozilla/5.0 (iPhone; U; CPU iPhone OS 4_1 like Mac OS X; en-us) AppleWebKit/532.9 (KHTML, like Gecko) Version/4.0.5 Mobile/8B117 Safari/6531.22.7 (compatible; Googlebot-Mobile/2.1; +http://www.google.com/bot.html)"
78.46.198.75 - - [24/Apr/2013:06:44:00 +0200] "GET /hirek/130313.htm HTTP/1.1" 200 7785 "-" "ExB Language Crawler 2.1.5 (+http://www.exb.de/crawler)"
78.46.154.40 - - [24/Apr/2013:06:53:20 +0200] "GET /programok.htm HTTP/1.1" 200 6444 "-" "ExB Language Crawler 2.1.5 (+http://www.exb.de/crawler)"
78.46.154.41 - - [24/Apr/2013:07:24:09 +0200] "GET /hirek/hirek091015.htm HTTP/1.1" 200 7046 "-" "ExB Language Crawler 2.1.5 (+http://www.exb.de/crawler)"
176.9.97.10 - - [24/Apr/2013:07:31:44 +0200] "GET /hirek/1303203.htm HTTP/1.1" 200 10390 "-" "ExB Language Crawler 2.1.5 (+http://www.exb.de/crawler)"
66.249.78.60 - - [24/Apr/2013:07:32:55 +0200] "GET /hirek/130313.htm HTTP/1.1" 304 - "-" "Mozilla/5.0 (iPhone; U; CPU iPhone OS 4_1 like Mac OS X; en-us) AppleWebKit/532.9 (KHTML, like Gecko) Version/4.0.5 Mobile/8B117 Safari/6531.22.7 (compatible; Googlebot-Mobile/2.1; +http://www.google.com/bot.html)"
78.46.154.41 - - [24/Apr/2013:07:43:41 +0200] "GET /hirek/1303191.htm HTTP/1.1" 200 8910 "-" "ExB Language Crawler 2.1.5 (+http://www.exb.de/crawler)"
176.9.97.10 - - [24/Apr/2013:07:57:42 +0200] "GET /jog HTTP/1.1" 301 311 "-" "ExB Language Crawler 2.1.5 (+http://www.exb.de/crawler)"
176.9.97.10 - - [24/Apr/2013:07:57:43 +0200] "GET /jog/ HTTP/1.1" 200 13138 "-" "ExB Language Crawler 2.1.5 (+http://www.exb.de/crawler)"
78.46.198.75 - - [24/Apr/2013:08:01:51 +0200] "GET /hirek/hirek091103.htm HTTP/1.1" 200 7301 "-" "ExB Language Crawler 2.1.5 (+http://www.exb.de/crawler)"
176.9.97.10 - - [24/Apr/2013:08:04:31 +0200] "GET /hirek/130320.htm HTTP/1.1" 200 11326 "-" "ExB Language Crawler 2.1.5 (+http://www.exb.de/crawler)"
78.46.154.41 - - [24/Apr/2013:08:23:01 +0200] "GET /media.htm HTTP/1.1" 200 5208 "-" "ExB Language Crawler 2.1.5 (+http://www.exb.de/crawler)"
66.249.78.60 - - [24/Apr/2013:08:49:29 +0200] "GET /jog/eseteink/poroszlo/keresetlevel_javitott_poroszlo.pdf HTTP/1.1" 200 173206 "-" "Mozilla/5.0 (iPhone; U; CPU iPhone OS 4_1 like Mac OS X; en-us) AppleWebKit/532.9 (KHTML, like Gecko) Version/4.0.5 Mobile/8B117 Safari/6531.22.7 (compatible; Googlebot-Mobile/2.1; +http://www.google.com/bot.html)"
78.46.198.73 - - [24/Apr/2013:09:01:29 +0200] "GET /hirek/hirek100804.htm HTTP/1.1" 200 8056 "-" "ExB Language Crawler 2.1.5 (+http://www.exb.de/crawler)"
109.69.115.170 - - [24/Apr/2013:09:07:46 +0200] "GET /jog/eseteink/kavicszatony/dscf0024.jpg HTTP/1.1" 200 83600 "-" "Mozilla/5.0 (Windows NT 6.1; rv:20.0) Gecko/20100101 Firefox/20.0"
78.46.154.38 - - [24/Apr/2013:09:11:32 +0200] "GET /hirek/130319.htm HTTP/1.1" 200 12949 "-" "ExB Language Crawler 2.1.5 (+http://www.exb.de/crawler)"
66.249.78.60 - - [24/Apr/2013:09:12:57 +0200] "GET /hirek/130312.htm HTTP/1.1" 304 - "-" "Mozilla/5.0 (iPhone; U; CPU iPhone OS 4_1 like Mac OS X; en-us) AppleWebKit/532.9 (KHTML, like Gecko) Version/4.0.5 Mobile/8B117 Safari/6531.22.7 (compatible; Googlebot-Mobile/2.1; +http://www.google.com/bot.html)"
87.106.164.36 - - [24/Apr/2013:09:24:13 +0200] "GET /hirek/130312.htm HTTP/1.1" 200 9645 "-" "ExB Language Crawler 2.1.5 (+http://www.exb.de/crawler)"
192.193.116.142 - - [24/Apr/2013:09:33:25 +0200] "GET /fiok/ HTTP/1.1" 200 20554 "http://www.google.hu/search?q=bemutat%C3%B3+gazdas%C3%A1g&hl=hu&gbv=2&prmd=ivns&ei=4ol3UbrYGa3c4QT0rYDYCg&start=20&sa=N" "Mozilla/4.0 (compatible; MSIE 7.0; Windows NT 5.1; .NET CLR 1.1.4322; .NET CLR 2.0.50727; .NET CLR 3.0.04506.30; .NET CLR 3.0.04506.648; .NET CLR 3.0.4506.2152; MS-RTC LM 8; InfoPath.2)"
192.193.116.142 - - [24/Apr/2013:09:33:25 +0200] "GET /fiok/css/lightbox.css HTTP/1.1" 200 1715 "-" "Mozilla/4.0 (compatible;)"
192.193.116.142 - - [24/Apr/2013:09:33:25 +0200] "GET /fiok/css/js/lightbox.js HTTP/1.1" 200 23424 "-" "Mozilla/4.0 (compatible;)"
192.193.116.142 - - [24/Apr/2013:09:33:25 +0200] "GET /fiok/css/js/scriptaculous.js?load=effects HTTP/1.1" 200 2152 "-" "Mozilla/4.0 (compatible;)"
192.193.116.142 - - [24/Apr/2013:09:33:25 +0200] "GET /fiok/images/b12.jpg HTTP/1.1" 200 544 "-" "Mozilla/4.0 (compatible;)"
192.193.116.142 - - [24/Apr/2013:09:33:26 +0200] "GET /fiok/images/index_02_02.JPG HTTP/1.1" 200 1178 "-" "Mozilla/4.0 (compatible;)"
192.193.116.142 - - [24/Apr/2013:09:33:26 +0200] "GET /fiok/images/index_11.gif HTTP/1.1" 200 74 "-" "Mozilla/4.0 (compatible;)"
192.193.116.142 - - [24/Apr/2013:09:33:26 +0200] "GET /fiok/images/index_12_12.JPG HTTP/1.1" 200 985 "-" "Mozilla/4.0 (compatible;)"
192.193.116.142 - - [24/Apr/2013:09:33:26 +0200] "GET /fiok/css/js/prototype.js HTTP/1.1" 200 47603 "-" "Mozilla/4.0 (compatible;)"
192.193.116.142 - - [24/Apr/2013:09:33:26 +0200] "GET /fiok/css/js/effects.js HTTP/1.1" 200 31969 "http://www.beklen.hu/fiok/" "Mozilla/4.0 (compatible; MSIE 7.0; Windows NT 5.1; .NET CLR 1.1.4322; .NET CLR 2.0.50727; .NET CLR 3.0.04506.30; .NET CLR 3.0.04506.648; .NET CLR 3.0.4506.2152; MS-RTC LM 8; InfoPath.2)"
192.193.116.142 - - [24/Apr/2013:09:33:27 +0200] "GET /fiok/images/index_15_15.JPG HTTP/1.1" 200 20275 "-" "Mozilla/4.0 (compatible;)"
192.193.116.142 - - [24/Apr/2013:09:33:27 +0200] "GET /fiok/images/index_13.gif HTTP/1.1" 200 149 "-" "Mozilla/4.0 (compatible;)"
192.193.116.142 - - [24/Apr/2013:09:33:27 +0200] "GET /fiok/images/index_17_17.jpg HTTP/1.1" 200 2374 "-" "Mozilla/4.0 (compatible;)"
192.193.116.142 - - [24/Apr/2013:09:33:27 +0200] "GET /fiok/images/index_16_16.JPG HTTP/1.1" 200 13468 "-" "Mozilla/4.0 (compatible;)"
192.193.116.142 - - [24/Apr/2013:09:33:28 +0200] "GET /fiok/images/index_14_14.JPG HTTP/1.1" 200 9305 "-" "Mozilla/4.0 (compatible;)"
192.193.116.142 - - [24/Apr/2013:09:33:28 +0200] "GET /fiok/images/index_19_19.JPG HTTP/1.1" 200 3123 "-" "Mozilla/4.0 (compatible;)"
192.193.116.142 - - [24/Apr/2013:09:33:28 +0200] "GET /fiok/images/index_18_18.JPG HTTP/1.1" 200 15778 "-" "Mozilla/4.0 (compatible;)"
192.193.116.142 - - [24/Apr/2013:09:33:29 +0200] "GET /fiok/images/index_21_21.JPG HTTP/1.1" 404 1181 "-" "Mozilla/4.0 (compatible;)"
192.193.116.142 - - [24/Apr/2013:09:33:29 +0200] "GET /fiok/images/index_21_21.JPG HTTP/1.1" 404 1181 "http://www.beklen.hu/fiok/" "Mozilla/4.0 (compatible; MSIE 7.0; Windows NT 5.1; .NET CLR 1.1.4322; .NET CLR 2.0.50727; .NET CLR 3.0.04506.30; .NET CLR 3.0.04506.648; .NET CLR 3.0.4506.2152; MS-RTC LM 8; InfoPath.2)"
192.193.116.142 - - [24/Apr/2013:09:33:29 +0200] "GET /fiok/images/index_22.gif HTTP/1.1" 200 227 "-" "Mozilla/4.0 (compatible;)"
192.193.116.142 - - [24/Apr/2013:09:33:30 +0200] "GET /fiok/images/szovegkep.JPG HTTP/1.1" 200 12792 "-" "Mozilla/4.0 (compatible;)"
192.193.116.142 - - [24/Apr/2013:09:33:30 +0200] "GET /fiok/images/index_25_25.jpg HTTP/1.1" 200 4960 "-" "Mozilla/4.0 (compatible;)"
192.193.116.142 - - [24/Apr/2013:09:33:30 +0200] "GET /fiok/images/index_27_27.jpg HTTP/1.1" 200 12876 "-" "Mozilla/4.0 (compatible;)"
192.193.116.142 - - [24/Apr/2013:09:33:30 +0200] "GET /fiok/images/index_24.gif HTTP/1.1" 200 227 "-" "Mozilla/4.0 (compatible;)"
192.193.116.142 - - [24/Apr/2013:09:33:32 +0200] "GET /fiok/images/index_26.gif HTTP/1.1" 200 121 "-" "Mozilla/4.0 (compatible;)"
192.193.116.142 - - [24/Apr/2013:09:33:32 +0200] "GET /fiok/images/c4c.jpg HTTP/1.1" 200 524 "-" "Mozilla/4.0 (compatible;)"
192.193.116.142 - - [24/Apr/2013:09:33:32 +0200] "GET /fiok/images/d4d.jpg HTTP/1.1" 200 524 "-" "Mozilla/4.0 (compatible;)"
192.193.116.142 - - [24/Apr/2013:09:33:32 +0200] "GET /fiok/images/b4b.jpg HTTP/1.1" 200 524 "-" "Mozilla/4.0 (compatible;)"
192.193.116.142 - - [24/Apr/2013:09:33:32 +0200] "GET /fiok/images/a4a.jpg HTTP/1.1" 200 524 "-" "Mozilla/4.0 (compatible;)"
192.193.116.142 - - [24/Apr/2013:09:33:32 +0200] "GET /fiok/images/e4e.jpg HTTP/1.1" 200 524 "-" "Mozilla/4.0 (compatible;)"
192.193.116.142 - - [24/Apr/2013:09:33:32 +0200] "GET /fiok/images/index_28.gif HTTP/1.1" 200 262 "-" "Mozilla/4.0 (compatible;)"
192.193.116.142 - - [24/Apr/2013:09:33:32 +0200] "GET /fiok/images/spacer.gif HTTP/1.1" 200 43 "-" "Mozilla/4.0 (compatible;)"
192.193.116.142 - - [24/Apr/2013:09:33:32 +0200] "GET /favicon.ico HTTP/1.1" 404 1181 "-" "Mozilla/4.0 (compatible; MSIE 7.0; Windows NT 5.1; .NET CLR 1.1.4322; .NET CLR 2.0.50727; .NET CLR 3.0.04506.30; .NET CLR 3.0.04506.648; .NET CLR 3.0.4506.2152; MS-RTC LM 8; InfoPath.2)"
192.193.116.142 - - [24/Apr/2013:09:33:32 +0200] "GET /lb/images/closelabel.gif HTTP/1.1" 200 222 "http://www.beklen.hu/fiok/" "Mozilla/4.0 (compatible; MSIE 7.0; Windows NT 5.1; .NET CLR 1.1.4322; .NET CLR 2.0.50727; .NET CLR 3.0.04506.30; .NET CLR 3.0.04506.648; .NET CLR 3.0.4506.2152; MS-RTC LM 8; InfoPath.2)"
192.193.116.142 - - [24/Apr/2013:09:33:34 +0200] "GET /lb/images/loading.gif HTTP/1.1" 200 2767 "http://www.beklen.hu/fiok/" "Mozilla/4.0 (compatible; MSIE 7.0; Windows NT 5.1; .NET CLR 1.1.4322; .NET CLR 2.0.50727; .NET CLR 3.0.04506.30; .NET CLR 3.0.04506.648; .NET CLR 3.0.4506.2152; MS-RTC LM 8; InfoPath.2)"
91.144.81.61 - - [24/Apr/2013:09:35:11 +0200] "GET /fiok/mult.htm HTTP/1.1" 200 23227 "http://www.google.hu/url?sa=t&rct=j&q=t%C3%BArkevei%20j%C3%A1tsz%C3%B3park&source=web&cd=2&ved=0CDcQFjAB&url=http%3A%2F%2Fwww.beklen.hu%2Ffiok%2Fmult.htm&ei=MYp3UaG4AZLR4QT30YGoCQ&usg=AFQjCNFrUhBri_GF19c6XU2z-_RsMfEokQ" "Mozilla/4.0 (compatible; MSIE 8.0; Windows NT 5.1; Trident/4.0; GTB6; .NET CLR 2.0.50727; .NET CLR 3.0.4506.2152; .NET CLR 3.5.30729)"
91.144.81.61 - - [24/Apr/2013:09:35:11 +0200] "GET /fiok/css/js/prototype.js HTTP/1.1" 200 47603 "http://www.beklen.hu/fiok/mult.htm" "Mozilla/4.0 (compatible; MSIE 8.0; Windows NT 5.1; Trident/4.0; GTB6; .NET CLR 2.0.50727; .NET CLR 3.0.4506.2152; .NET CLR 3.5.30729)"
91.144.81.61 - - [24/Apr/2013:09:35:12 +0200] "GET /fiok/css/js/scriptaculous.js?load=effects HTTP/1.1" 200 2152 "http://www.beklen.hu/fiok/mult.htm" "Mozilla/4.0 (compatible; MSIE 8.0; Windows NT 5.1; Trident/4.0; GTB6; .NET CLR 2.0.50727; .NET CLR 3.0.4506.2152; .NET CLR 3.5.30729)"
91.144.81.61 - - [24/Apr/2013:09:35:12 +0200] "GET /fiok/css/js/effects.js HTTP/1.1" 200 31969 "http://www.beklen.hu/fiok/mult.htm" "Mozilla/4.0 (compatible; MSIE 8.0; Windows NT 5.1; Trident/4.0; GTB6; .NET CLR 2.0.50727; .NET CLR 3.0.4506.2152; .NET CLR 3.5.30729)"
91.144.81.61 - - [24/Apr/2013:09:35:12 +0200] "GET /fiok/css/js/lightbox.js HTTP/1.1" 200 23424 "http://www.beklen.hu/fiok/mult.htm" "Mozilla/4.0 (compatible; MSIE 8.0; Windows NT 5.1; Trident/4.0; GTB6; .NET CLR 2.0.50727; .NET CLR 3.0.4506.2152; .NET CLR 3.5.30729)"
91.144.81.61 - - [24/Apr/2013:09:35:12 +0200] "GET /fiok/css/lightbox.css HTTP/1.1" 200 1715 "http://www.beklen.hu/fiok/mult.htm" "Mozilla/4.0 (compatible; MSIE 8.0; Windows NT 5.1; Trident/4.0; GTB6; .NET CLR 2.0.50727; .NET CLR 3.0.4506.2152; .NET CLR 3.5.30729)"
91.144.81.61 - - [24/Apr/2013:09:35:12 +0200] "GET /fiok/images/b12.jpg HTTP/1.1" 200 544 "http://www.beklen.hu/fiok/mult.htm" "Mozilla/4.0 (compatible; MSIE 8.0; Windows NT 5.1; Trident/4.0; GTB6; .NET CLR 2.0.50727; .NET CLR 3.0.4506.2152; .NET CLR 3.5.30729)"
91.144.81.61 - - [24/Apr/2013:09:35:12 +0200] "GET /fiok/images/index_02_02.JPG HTTP/1.1" 200 1178 "http://www.beklen.hu/fiok/mult.htm" "Mozilla/4.0 (compatible; MSIE 8.0; Windows NT 5.1; Trident/4.0; GTB6; .NET CLR 2.0.50727; .NET CLR 3.0.4506.2152; .NET CLR 3.5.30729)"
91.144.81.61 - - [24/Apr/2013:09:35:12 +0200] "GET /fiok/images/index_13.gif HTTP/1.1" 200 149 "http://www.beklen.hu/fiok/mult.htm" "Mozilla/4.0 (compatible; MSIE 8.0; Windows NT 5.1; Trident/4.0; GTB6; .NET CLR 2.0.50727; .NET CLR 3.0.4506.2152; .NET CLR 3.5.30729)"
91.144.81.61 - - [24/Apr/2013:09:35:12 +0200] "GET /fiok/images/index_11.gif HTTP/1.1" 200 74 "http://www.beklen.hu/fiok/mult.htm" "Mozilla/4.0 (compatible; MSIE 8.0; Windows NT 5.1; Trident/4.0; GTB6; .NET CLR 2.0.50727; .NET CLR 3.0.4506.2152; .NET CLR 3.5.30729)"
91.144.81.61 - - [24/Apr/2013:09:35:12 +0200] "GET /fiok/images/index_12_12.JPG HTTP/1.1" 200 985 "http://www.beklen.hu/fiok/mult.htm" "Mozilla/4.0 (compatible; MSIE 8.0; Windows NT 5.1; Trident/4.0; GTB6; .NET CLR 2.0.50727; .NET CLR 3.0.4506.2152; .NET CLR 3.5.30729)"
91.144.81.61 - - [24/Apr/2013:09:35:12 +0200] "GET /fiok/images/index_15_15.JPG HTTP/1.1" 200 20275 "http://www.beklen.hu/fiok/mult.htm" "Mozilla/4.0 (compatible; MSIE 8.0; Windows NT 5.1; Trident/4.0; GTB6; .NET CLR 2.0.50727; .NET CLR 3.0.4506.2152; .NET CLR 3.5.30729)"
91.144.81.61 - - [24/Apr/2013:09:35:12 +0200] "GET /fiok/images/index_17_17.jpg HTTP/1.1" 200 2374 "http://www.beklen.hu/fiok/mult.htm" "Mozilla/4.0 (compatible; MSIE 8.0; Windows NT 5.1; Trident/4.0; GTB6; .NET CLR 2.0.50727; .NET CLR 3.0.4506.2152; .NET CLR 3.5.30729)"
91.144.81.61 - - [24/Apr/2013:09:35:12 +0200] "GET /fiok/images/index_18_18.JPG HTTP/1.1" 200 15778 "http://www.beklen.hu/fiok/mult.htm" "Mozilla/4.0 (compatible; MSIE 8.0; Windows NT 5.1; Trident/4.0; GTB6; .NET CLR 2.0.50727; .NET CLR 3.0.4506.2152; .NET CLR 3.5.30729)"
91.144.81.61 - - [24/Apr/2013:09:35:12 +0200] "GET /fiok/images/index_19_19.JPG HTTP/1.1" 200 3123 "http://www.beklen.hu/fiok/mult.htm" "Mozilla/4.0 (compatible; MSIE 8.0; Windows NT 5.1; Trident/4.0; GTB6; .NET CLR 2.0.50727; .NET CLR 3.0.4506.2152; .NET CLR 3.5.30729)"
91.144.81.61 - - [24/Apr/2013:09:35:12 +0200] "GET /fiok/images/index_14_14.JPG HTTP/1.1" 200 9305 "http://www.beklen.hu/fiok/mult.htm" "Mozilla/4.0 (compatible; MSIE 8.0; Windows NT 5.1; Trident/4.0; GTB6; .NET CLR 2.0.50727; .NET CLR 3.0.4506.2152; .NET CLR 3.5.30729)"
91.144.81.61 - - [24/Apr/2013:09:35:12 +0200] "GET /fiok/images/index_26.gif HTTP/1.1" 200 121 "http://www.beklen.hu/fiok/mult.htm" "Mozilla/4.0 (compatible; MSIE 8.0; Windows NT 5.1; Trident/4.0; GTB6; .NET CLR 2.0.50727; .NET CLR 3.0.4506.2152; .NET CLR 3.5.30729)"
91.144.81.61 - - [24/Apr/2013:09:35:12 +0200] "GET /fiok/images/index_27_27.jpg HTTP/1.1" 200 12876 "http://www.beklen.hu/fiok/mult.htm" "Mozilla/4.0 (compatible; MSIE 8.0; Windows NT 5.1; Trident/4.0; GTB6; .NET CLR 2.0.50727; .NET CLR 3.0.4506.2152; .NET CLR 3.5.30729)"
91.144.81.61 - - [24/Apr/2013:09:35:12 +0200] "GET /fiok/images/index_25.gif HTTP/1.1" 200 708 "http://www.beklen.hu/fiok/mult.htm" "Mozilla/4.0 (compatible; MSIE 8.0; Windows NT 5.1; Trident/4.0; GTB6; .NET CLR 2.0.50727; .NET CLR 3.0.4506.2152; .NET CLR 3.5.30729)"
91.144.81.61 - - [24/Apr/2013:09:35:12 +0200] "GET /fiok/images/index_16_16.JPG HTTP/1.1" 200 13468 "http://www.beklen.hu/fiok/mult.htm" "Mozilla/4.0 (compatible; MSIE 8.0; Windows NT 5.1; Trident/4.0; GTB6; .NET CLR 2.0.50727; .NET CLR 3.0.4506.2152; .NET CLR 3.5.30729)"
91.144.81.61 - - [24/Apr/2013:09:35:12 +0200] "GET /fiok/images/d4d.jpg HTTP/1.1" 200 524 "http://www.beklen.hu/fiok/mult.htm" "Mozilla/4.0 (compatible; MSIE 8.0; Windows NT 5.1; Trident/4.0; GTB6; .NET CLR 2.0.50727; .NET CLR 3.0.4506.2152; .NET CLR 3.5.30729)"
91.144.81.61 - - [24/Apr/2013:09:35:12 +0200] "GET /fiok/images/e4e.jpg HTTP/1.1" 200 524 "http://www.beklen.hu/fiok/mult.htm" "Mozilla/4.0 (compatible; MSIE 8.0; Windows NT 5.1; Trident/4.0; GTB6; .NET CLR 2.0.50727; .NET CLR 3.0.4506.2152; .NET CLR 3.5.30729)"
91.144.81.61 - - [24/Apr/2013:09:35:12 +0200] "GET /fiok/images/index_22.gif HTTP/1.1" 200 227 "http://www.beklen.hu/fiok/mult.htm" "Mozilla/4.0 (compatible; MSIE 8.0; Windows NT 5.1; Trident/4.0; GTB6; .NET CLR 2.0.50727; .NET CLR 3.0.4506.2152; .NET CLR 3.5.30729)"
91.144.81.61 - - [24/Apr/2013:09:35:12 +0200] "GET /fiok/images/spacer.gif HTTP/1.1" 200 43 "http://www.beklen.hu/fiok/mult.htm" "Mozilla/4.0 (compatible; MSIE 8.0; Windows NT 5.1; Trident/4.0; GTB6; .NET CLR 2.0.50727; .NET CLR 3.0.4506.2152; .NET CLR 3.5.30729)"
91.144.81.61 - - [24/Apr/2013:09:35:12 +0200] "GET /fiok/images/index_24.gif HTTP/1.1" 200 227 "http://www.beklen.hu/fiok/mult.htm" "Mozilla/4.0 (compatible; MSIE 8.0; Windows NT 5.1; Trident/4.0; GTB6; .NET CLR 2.0.50727; .NET CLR 3.0.4506.2152; .NET CLR 3.5.30729)"
91.144.81.61 - - [24/Apr/2013:09:35:12 +0200] "GET /fiok/images/index_28.gif HTTP/1.1" 200 262 "http://www.beklen.hu/fiok/mult.htm" "Mozilla/4.0 (compatible; MSIE 8.0; Windows NT 5.1; Trident/4.0; GTB6; .NET CLR 2.0.50727; .NET CLR 3.0.4506.2152; .NET CLR 3.5.30729)"
91.144.81.61 - - [24/Apr/2013:09:35:12 +0200] "GET /fiok/images/b4b.jpg HTTP/1.1" 200 524 "http://www.beklen.hu/fiok/mult.htm" "Mozilla/4.0 (compatible; MSIE 8.0; Windows NT 5.1; Trident/4.0; GTB6; .NET CLR 2.0.50727; .NET CLR 3.0.4506.2152; .NET CLR 3.5.30729)"
91.144.81.61 - - [24/Apr/2013:09:35:12 +0200] "GET /fiok/oktatokozpont/03.JPG HTTP/1.1" 200 292887 "http://www.beklen.hu/fiok/mult.htm" "Mozilla/4.0 (compatible; MSIE 8.0; Windows NT 5.1; Trident/4.0; GTB6; .NET CLR 2.0.50727; .NET CLR 3.0.4506.2152; .NET CLR 3.5.30729)"
91.144.81.61 - - [24/Apr/2013:09:35:12 +0200] "GET /fiok/images/c4c.jpg HTTP/1.1" 200 524 "http://www.beklen.hu/fiok/mult.htm" "Mozilla/4.0 (compatible; MSIE 8.0; Windows NT 5.1; Trident/4.0; GTB6; .NET CLR 2.0.50727; .NET CLR 3.0.4506.2152; .NET CLR 3.5.30729)"
91.144.81.61 - - [24/Apr/2013:09:35:12 +0200] "GET /fiok/images/a4a.jpg HTTP/1.1" 200 524 "http://www.beklen.hu/fiok/mult.htm" "Mozilla/4.0 (compatible; MSIE 8.0; Windows NT 5.1; Trident/4.0; GTB6; .NET CLR 2.0.50727; .NET CLR 3.0.4506.2152; .NET CLR 3.5.30729)"
91.144.81.61 - - [24/Apr/2013:09:35:12 +0200] "GET /fiok/oktatokozpont/02.JPG HTTP/1.1" 200 284929 "http://www.beklen.hu/fiok/mult.htm" "Mozilla/4.0 (compatible; MSIE 8.0; Windows NT 5.1; Trident/4.0; GTB6; .NET CLR 2.0.50727; .NET CLR 3.0.4506.2152; .NET CLR 3.5.30729)"
91.144.81.61 - - [24/Apr/2013:09:35:13 +0200] "GET /fiok/oktatokozpont/04.JPG HTTP/1.1" 200 218557 "http://www.beklen.hu/fiok/mult.htm" "Mozilla/4.0 (compatible; MSIE 8.0; Windows NT 5.1; Trident/4.0; GTB6; .NET CLR 2.0.50727; .NET CLR 3.0.4506.2152; .NET CLR 3.5.30729)"
91.144.81.61 - - [24/Apr/2013:09:35:13 +0200] "GET /fiok/oktatokozpont/05.JPG HTTP/1.1" 200 299454 "http://www.beklen.hu/fiok/mult.htm" "Mozilla/4.0 (compatible; MSIE 8.0; Windows NT 5.1; Trident/4.0; GTB6; .NET CLR 2.0.50727; .NET CLR 3.0.4506.2152; .NET CLR 3.5.30729)"
91.144.81.61 - - [24/Apr/2013:09:35:13 +0200] "GET /fiok/oktatokozpont/01.JPG HTTP/1.1" 200 320996 "http://www.beklen.hu/fiok/mult.htm" "Mozilla/4.0 (compatible; MSIE 8.0; Windows NT 5.1; Trident/4.0; GTB6; .NET CLR 2.0.50727; .NET CLR 3.0.4506.2152; .NET CLR 3.5.30729)"
192.193.116.142 - - [24/Apr/2013:09:35:13 +0200] "GET /fiok/gazdasag.htm HTTP/1.1" 200 22480 "http://www.beklen.hu/fiok/" "Mozilla/4.0 (compatible; MSIE 7.0; Windows NT 5.1; .NET CLR 1.1.4322; .NET CLR 2.0.50727; .NET CLR 3.0.04506.30; .NET CLR 3.0.04506.648; .NET CLR 3.0.4506.2152; MS-RTC LM 8; InfoPath.2)"
91.144.81.61 - - [24/Apr/2013:09:35:13 +0200] "GET /lb/images/loading.gif HTTP/1.1" 200 2767 "http://www.beklen.hu/fiok/mult.htm" "Mozilla/4.0 (compatible; MSIE 8.0; Windows NT 5.1; Trident/4.0; GTB6; .NET CLR 2.0.50727; .NET CLR 3.0.4506.2152; .NET CLR 3.5.30729)"
91.144.81.61 - - [24/Apr/2013:09:35:13 +0200] "GET /favicon.ico HTTP/1.1" 404 1181 "-" "Mozilla/4.0 (compatible; MSIE 8.0; Windows NT 5.1; Trident/4.0; GTB6; .NET CLR 2.0.50727; .NET CLR 3.0.4506.2152; .NET CLR 3.5.30729)"
91.144.81.61 - - [24/Apr/2013:09:35:13 +0200] "GET /lb/images/closelabel.gif HTTP/1.1" 200 222 "http://www.beklen.hu/fiok/mult.htm" "Mozilla/4.0 (compatible; MSIE 8.0; Windows NT 5.1; Trident/4.0; GTB6; .NET CLR 2.0.50727; .NET CLR 3.0.4506.2152; .NET CLR 3.5.30729)"
192.193.116.142 - - [24/Apr/2013:09:35:13 +0200] "GET /fiok/images/index_25.gif HTTP/1.1" 200 708 "-" "Mozilla/4.0 (compatible;)"
192.193.116.142 - - [24/Apr/2013:09:35:13 +0200] "GET /fiok/kepek/01.jpg HTTP/1.1" 200 233771 "-" "Mozilla/4.0 (compatible;)"
199.30.16.21 - - [24/Apr/2013:09:35:49 +0200] "GET /robots.txt HTTP/1.1" 404 1181 "-" "msnbot-media/1.1 (+http://search.msn.com/msnbot.htm)"
199.30.16.21 - - [24/Apr/2013:09:35:49 +0200] "GET /uszt-tabla_.jpg HTTP/1.1" 200 4543 "-" "msnbot-media/1.1 (+http://search.msn.com/msnbot.htm)"
192.193.116.142 - - [24/Apr/2013:09:36:45 +0200] "GET /fiok/images/index_21_21.JPG HTTP/1.1" 404 1181 "http://www.beklen.hu/fiok/" "Mozilla/4.0 (compatible; MSIE 7.0; Windows NT 5.1; .NET CLR 1.1.4322; .NET CLR 2.0.50727; .NET CLR 3.0.04506.30; .NET CLR 3.0.04506.648; .NET CLR 3.0.4506.2152; MS-RTC LM 8; InfoPath.2)"
78.46.198.72 - - [24/Apr/2013:09:39:32 +0200] "GET /hirek/hirek120207.htm HTTP/1.1" 200 6586 "-" "ExB Language Crawler 2.1.5 (+http://www.exb.de/crawler)"
95.211.139.1 - - [24/Apr/2013:09:43:05 +0200] "GET /hirek/hirek101027.htm HTTP/1.0" 200 9627 "-" "Mozilla/5.0 (compatible; AcoonBot/4.11.1; +http://www.acoon.de/robot.asp)"
89.134.145.141 - - [24/Apr/2013:09:44:38 +0200] "GET /jog/eseteink/audi/audi_gyor_restoration_measures1-10.pdf HTTP/1.1" 200 4247194 "http://www.google.hu/url?sa=t&rct=j&q=&esrc=s&source=web&cd=1&ved=0CDEQFjAA&url=http%3A%2F%2Fwww.beklen.hu%2Fjog%2Feseteink%2Faudi%2Faudi_gyor_restoration_measures1-10.pdf&ei=R413UZXbO8Wn4gSu1ICYAw&usg=AFQjCNE5kCGiUpJed4VX6nFNeJ8jPtSNqA&bvm=bv.45580626,d.bGE" "Mozilla/5.0 (Windows NT 6.1; WOW64; rv:20.0) Gecko/20100101 Firefox/20.0"
176.9.97.10 - - [24/Apr/2013:09:44:38 +0200] "GET /hirarchivum.htm HTTP/1.1" 200 24981 "-" "ExB Language Crawler 2.1.5 (+http://www.exb.de/crawler)"
89.134.145.141 - - [24/Apr/2013:09:44:39 +0200] "GET /favicon.ico HTTP/1.1" 404 1181 "-" "Mozilla/5.0 (Windows NT 6.1; WOW64; rv:20.0) Gecko/20100101 Firefox/20.0"
89.134.145.141 - - [24/Apr/2013:09:44:39 +0200] "GET /favicon.ico HTTP/1.1" 404 1181 "-" "Mozilla/5.0 (Windows NT 6.1; WOW64; rv:20.0) Gecko/20100101 Firefox/20.0"
78.46.154.41 - - [24/Apr/2013:09:53:47 +0200] "GET /hirek/hirek100225.htm HTTP/1.1" 200 7288 "-" "ExB Language Crawler 2.1.5 (+http://www.exb.de/crawler)"
66.249.76.200 - - [24/Apr/2013:09:55:28 +0200] "GET / HTTP/1.1" 200 43954 "-" "DoCoMo/2.0 N905i(c100;TB;W24H16) (compatible; Googlebot-Mobile/2.1; +http://www.google.com/bot.html)"
78.46.154.38 - - [24/Apr/2013:10:09:24 +0200] "GET /hirek/1303201.htm HTTP/1.1" 200 17308 "-" "ExB Language Crawler 2.1.5 (+http://www.exb.de/crawler)"
176.9.97.10 - - [24/Apr/2013:10:10:26 +0200] "GET /hirek/hirek101025.htm HTTP/1.1" 200 8786 "-" "ExB Language Crawler 2.1.5 (+http://www.exb.de/crawler)"
78.46.198.72 - - [24/Apr/2013:10:17:48 +0200] "GET /hirek/hirek091102.htm HTTP/1.1" 200 8538 "-" "ExB Language Crawler 2.1.5 (+http://www.exb.de/crawler)"
78.46.198.73 - - [24/Apr/2013:10:25:10 +0200] "GET / HTTP/1.1" 200 43954 "-" "ExB Language Crawler 2.1.5 (+http://www.exb.de/crawler)"
199.30.20.53 - - [24/Apr/2013:10:28:40 +0200] "GET /robots.txt HTTP/1.1" 404 1181 "-" "msnbot-media/1.1 (+http://search.msn.com/msnbot.htm)"
199.30.20.53 - - [24/Apr/2013:10:28:41 +0200] "GET /jog/eseteink/audi/kozmeghallgatas%20-%20diakep1.jpg HTTP/1.1" 200 45655 "-" "msnbot-media/1.1 (+http://search.msn.com/msnbot.htm)"
176.9.83.228 - - [24/Apr/2013:10:42:23 +0200] "GET /hirek/hirek101027.htm HTTP/1.1" 200 9627 "-" "ExB Language Crawler 2.1.5 (+http://www.exb.de/crawler)"
95.211.139.1 - - [24/Apr/2013:10:44:15 +0200] "GET /hirek/1303203.htm HTTP/1.0" 200 10390 "-" "Mozilla/5.0 (compatible; AcoonBot/4.11.1; +http://www.acoon.de/robot.asp)"
78.46.154.38 - - [24/Apr/2013:10:47:41 +0200] "GET /hirek/130307.htm HTTP/1.1" 200 12189 "-" "ExB Language Crawler 2.1.5 (+http://www.exb.de/crawler)"
78.46.198.75 - - [24/Apr/2013:10:52:52 +0200] "GET /hirek/hirek101213.htm HTTP/1.1" 200 8671 "-" "ExB Language Crawler 2.1.5 (+http://www.exb.de/crawler)"
77.88.42.27 - - [24/Apr/2013:10:54:05 +0200] "GET /robots.txt HTTP/1.1" 404 1181 "-" "Mozilla/5.0 (compatible; YandexBot/3.0; +http://yandex.com/bots)"
77.88.42.27 - - [24/Apr/2013:10:54:05 +0200] "GET /robots.txt HTTP/1.1" 404 1181 "-" "Mozilla/5.0 (compatible; YandexBot/3.0; +http://yandex.com/bots)"
77.88.42.27 - - [24/Apr/2013:10:54:07 +0200] "GET / HTTP/1.1" 200 43954 "-" "Mozilla/5.0 (compatible; YandexBot/3.0; +http://yandex.com/bots)"
77.88.42.27 - - [24/Apr/2013:10:54:08 +0200] "GET / HTTP/1.1" 200 43954 "-" "Mozilla/5.0 (compatible; YandexBot/3.0; +http://yandex.com/bots)"
77.88.42.27 - - [24/Apr/2013:10:54:24 +0200] "GET / HTTP/1.1" 200 43954 "-" "Mozilla/5.0 (compatible; YandexBot/3.0; +http://yandex.com/bots)"
77.88.42.27 - - [24/Apr/2013:10:54:38 +0200] "GET / HTTP/1.1" 200 43954 "-" "Mozilla/5.0 (compatible; YandexBot/3.0; +http://yandex.com/bots)"
176.9.83.228 - - [24/Apr/2013:10:57:01 +0200] "GET /kapcsolat.htm HTTP/1.1" 200 6875 "-" "ExB Language Crawler 2.1.5 (+http://www.exb.de/crawler)"
66.249.78.60 - - [24/Apr/2013:11:05:03 +0200] "GET /hirek/130319.htm HTTP/1.1" 304 - "-" "Mozilla/5.0 (iPhone; U; CPU iPhone OS 4_1 like Mac OS X; en-us) AppleWebKit/532.9 (KHTML, like Gecko) Version/4.0.5 Mobile/8B117 Safari/6531.22.7 (compatible; Googlebot-Mobile/2.1; +http://www.google.com/bot.html)"
84.2.87.68 - - [24/Apr/2013:11:22:08 +0200] "GET /jog/pub/fuzet_beliv_jav2.pdf HTTP/1.1" 200 233386 "http://www.google.hu/url?sa=t&rct=j&q=term%C5%91f%C3%B6ld%20el%C5%91v%C3%A1s%C3%A1rl%C3%A1si%20jog%20pub&source=web&cd=15&ved=0CEMQFjAEOAo&url=http%3A%2F%2Fwww.beklen.hu%2Fjog%2Fpub%2Ffuzet_beliv_jav2.pdf&ei=L6R3Ua2QF4Sk4AT1qYGQBw&usg=AFQjCNHpUEaL5XKsbvvd9n7daxL1i54IOg" "Mozilla/4.0 (compatible; MSIE 8.0; Windows NT 5.1; Trident/4.0; .NET CLR 2.0.50727; .NET CLR 3.0.4506.2152; .NET CLR 3.5.30729; .NET4.0C; .NET4.0E)"
84.2.87.68 - - [24/Apr/2013:11:22:08 +0200] "GET /jog/pub/fuzet_beliv_jav2.pdf HTTP/1.1" 206 2543 "-" "Mozilla/4.0 (compatible; MSIE 8.0; Windows NT 5.1; Trident/4.0; .NET CLR 2.0.50727; .NET CLR 3.0.4506.2152; .NET CLR 3.5.30729; .NET4.0C; .NET4.0E)"
84.2.87.68 - - [24/Apr/2013:11:22:08 +0200] "GET /jog/pub/fuzet_beliv_jav2.pdf HTTP/1.1" 206 4096 "-" "Mozilla/4.0 (compatible; MSIE 8.0; Windows NT 5.1; Trident/4.0; .NET CLR 2.0.50727; .NET CLR 3.0.4506.2152; .NET CLR 3.5.30729; .NET4.0C; .NET4.0E)"
84.2.87.68 - - [24/Apr/2013:11:22:09 +0200] "GET /jog/pub/fuzet_beliv_jav2.pdf HTTP/1.1" 206 185 "-" "Mozilla/4.0 (compatible; MSIE 8.0; Windows NT 5.1; Trident/4.0; .NET CLR 2.0.50727; .NET CLR 3.0.4506.2152; .NET CLR 3.5.30729; .NET4.0C; .NET4.0E)"
84.2.87.68 - - [24/Apr/2013:11:22:09 +0200] "GET /jog/pub/fuzet_beliv_jav2.pdf HTTP/1.1" 206 21157 "-" "Mozilla/4.0 (compatible; MSIE 8.0; Windows NT 5.1; Trident/4.0; .NET CLR 2.0.50727; .NET CLR 3.0.4506.2152; .NET CLR 3.5.30729; .NET4.0C; .NET4.0E)"
84.2.87.68 - - [24/Apr/2013:11:22:09 +0200] "GET /jog/pub/fuzet_beliv_jav2.pdf HTTP/1.1" 206 68987 "-" "Mozilla/4.0 (compatible; MSIE 8.0; Windows NT 5.1; Trident/4.0; .NET CLR 2.0.50727; .NET CLR 3.0.4506.2152; .NET CLR 3.5.30729; .NET4.0C; .NET4.0E)"
84.2.87.68 - - [24/Apr/2013:11:22:10 +0200] "GET /jog/pub/fuzet_beliv_jav2.pdf HTTP/1.1" 206 149496 "-" "Mozilla/4.0 (compatible; MSIE 8.0; Windows NT 5.1; Trident/4.0; .NET CLR 2.0.50727; .NET CLR 3.0.4506.2152; .NET CLR 3.5.30729; .NET4.0C; .NET4.0E)"
84.2.87.68 - - [24/Apr/2013:11:22:10 +0200] "GET /jog/pub/fuzet_beliv_jav2.pdf HTTP/1.1" 206 151170 "-" "Mozilla/4.0 (compatible; MSIE 8.0; Windows NT 5.1; Trident/4.0; .NET CLR 2.0.50727; .NET CLR 3.0.4506.2152; .NET CLR 3.5.30729; .NET4.0C; .NET4.0E)"
84.2.87.68 - - [24/Apr/2013:11:22:10 +0200] "GET /jog/pub/fuzet_beliv_jav2.pdf HTTP/1.1" 206 144323 "-" "Mozilla/4.0 (compatible; MSIE 8.0; Windows NT 5.1; Trident/4.0; .NET CLR 2.0.50727; .NET CLR 3.0.4506.2152; .NET CLR 3.5.30729; .NET4.0C; .NET4.0E)"
84.2.87.68 - - [24/Apr/2013:11:22:11 +0200] "GET /jog/pub/fuzet_beliv_jav2.pdf HTTP/1.1" 206 74142 "-" "Mozilla/4.0 (compatible; MSIE 8.0; Windows NT 5.1; Trident/4.0; .NET CLR 2.0.50727; .NET CLR 3.0.4506.2152; .NET CLR 3.5.30729; .NET4.0C; .NET4.0E)"
84.2.87.68 - - [24/Apr/2013:11:22:11 +0200] "GET /jog/pub/fuzet_beliv_jav2.pdf HTTP/1.1" 206 22665 "-" "Mozilla/4.0 (compatible; MSIE 8.0; Windows NT 5.1; Trident/4.0; .NET CLR 2.0.50727; .NET CLR 3.0.4506.2152; .NET CLR 3.5.30729; .NET4.0C; .NET4.0E)"
84.2.87.68 - - [24/Apr/2013:11:22:12 +0200] "GET /jog/pub/fuzet_beliv_jav2.pdf HTTP/1.1" 206 18 "-" "Mozilla/4.0 (compatible; MSIE 8.0; Windows NT 5.1; Trident/4.0; .NET CLR 2.0.50727; .NET CLR 3.0.4506.2152; .NET CLR 3.5.30729; .NET4.0C; .NET4.0E)"
66.249.78.60 - - [24/Apr/2013:11:25:44 +0200] "GET /jog/eseteink/dakar/dakar_dabas_ugyeszseg_valasz.pdf HTTP/1.1" 304 - "-" "Mozilla/5.0 (iPhone; U; CPU iPhone OS 4_1 like Mac OS X; en-us) AppleWebKit/532.9 (KHTML, like Gecko) Version/4.0.5 Mobile/8B117 Safari/6531.22.7 (compatible; Googlebot-Mobile/2.1; +http://www.google.com/bot.html)"
66.249.78.60 - - [24/Apr/2013:12:37:14 +0200] "GET /nka.htm HTTP/1.1" 304 - "-" "Mozilla/5.0 (iPhone; U; CPU iPhone OS 4_1 like Mac OS X; en-us) AppleWebKit/532.9 (KHTML, like Gecko) Version/4.0.5 Mobile/8B117 Safari/6531.22.7 (compatible; Googlebot-Mobile/2.1; +http://www.google.com/bot.html)"
78.46.154.41 - - [24/Apr/2013:12:41:21 +0200] "GET /hirek/1303202.htm HTTP/1.1" 200 13230 "-" "ExB Language Crawler 2.1.5 (+http://www.exb.de/crawler)"
78.46.154.41 - - [24/Apr/2013:12:50:21 +0200] "GET /hirek/hirek100810.htm HTTP/1.1" 200 8123 "-" "ExB Language Crawler 2.1.5 (+http://www.exb.de/crawler)"
78.46.154.38 - - [24/Apr/2013:12:51:51 +0200] "GET /hirek/hirek100728.htm HTTP/1.1" 200 7560 "-" "ExB Language Crawler 2.1.5 (+http://www.exb.de/crawler)"
66.249.78.60 - - [24/Apr/2013:12:58:31 +0200] "GET /robots.txt HTTP/1.1" 404 1181 "-" "Mozilla/5.0 (compatible; Googlebot/2.1; +http://www.google.com/bot.html)"
66.249.78.60 - - [24/Apr/2013:12:58:31 +0200] "GET /hirek/1303072.htm HTTP/1.1" 304 - "-" "Mozilla/5.0 (iPhone; U; CPU iPhone OS 4_1 like Mac OS X; en-us) AppleWebKit/532.9 (KHTML, like Gecko) Version/4.0.5 Mobile/8B117 Safari/6531.22.7 (compatible; Googlebot-Mobile/2.1; +http://www.google.com/bot.html)"
95.211.139.1 - - [24/Apr/2013:13:22:46 +0200] "GET /robots.txt HTTP/1.0" 404 1181 "-" "Mozilla/5.0 (compatible; AcoonBot/4.11.1; +http://www.acoon.de/robot.asp)"
95.211.139.1 - - [24/Apr/2013:13:22:46 +0200] "GET /fiok/gazdasag.htm HTTP/1.0" 200 22480 "-" "Mozilla/5.0 (compatible; AcoonBot/4.11.1; +http://www.acoon.de/robot.asp)"
66.249.75.200 - - [24/Apr/2013:13:23:44 +0200] "GET /jog/eseteink/malom/index.htm HTTP/1.1" 304 - "-" "DoCoMo/2.0 N905i(c100;TB;W24H16) (compatible; Googlebot-Mobile/2.1; +http://www.google.com/bot.html)"
82.141.171.41 - - [24/Apr/2013:13:30:58 +0200] "GET /jog/pub/fuzet_beliv_jav2.pdf HTTP/1.1" 200 775632 "-" "Mozilla/5.0 (Windows NT 6.1; rv:20.0) Gecko/20100101 Firefox/20.0"
82.141.171.41 - - [24/Apr/2013:13:30:58 +0200] "GET /favicon.ico HTTP/1.1" 404 1181 "-" "Mozilla/5.0 (Windows NT 6.1; rv:20.0) Gecko/20100101 Firefox/20.0"
94.27.149.221 - - [24/Apr/2013:13:37:28 +0200] "GET /jog/eseteink/derekegyhaza/mszhk_masodfok_ugyfel_elutasitas_1.jpg HTTP/1.1" 200 724808 "-" "Mozilla/5.0 (Windows NT 6.1; rv:20.0) Gecko/20100101 (0C4B42EF-2EC6-B93A-EF03-2DEFEA6B2E89) Firefox/20.0"
66.249.78.60 - - [24/Apr/2013:13:37:53 +0200] "GET /hirek/hirek100225.htm HTTP/1.1" 200 7288 "-" "SAMSUNG-SGH-E250/1.0 Profile/MIDP-2.0 Configuration/CLDC-1.1 UP.Browser/6.2.3.3.c.1.101 (GUI) MMP/2.0 (compatible; Googlebot-Mobile/2.1; +http://www.google.com/bot.html)"
180.76.6.21 - - [24/Apr/2013:13:38:11 +0200] "GET /jog/eseteink/derekegyhaza/biroi_vegzes.pdf HTTP/1.1" 200 772975 "-" "Mozilla/5.0 (Windows NT 5.1; rv:6.0.2) Gecko/20100101 Firefox/6.0.2"
78.46.154.39 - - [24/Apr/2013:13:53:21 +0200] "GET /robots.txt HTTP/1.1" 404 1181 "-" "ExB Language Crawler 2.1.5 (+http://www.exb.de/crawler)"
193.224.81.104 - - [24/Apr/2013:13:57:13 +0200] "GET /favicon.ico HTTP/1.1" 404 1181 "http://www.beklen.hu/jog/eseteink/audi/audi_gyor_restoration_measures1-10.pdf" "Opera/9.80 (Windows NT 6.1; WOW64) Presto/2.12.388 Version/12.15"
193.224.81.104 - - [24/Apr/2013:13:57:14 +0200] "GET /jog/eseteink/audi/audi_gyor_restoration_measures1-10.pdf HTTP/1.1" 200 4247194 "http://www.google.hu/url?sa=t&rct=j&q=&esrc=s&source=web&cd=3&ved=0CD4QFjAC&url=http%3A%2F%2Fwww.beklen.hu%2Fjog%2Feseteink%2Faudi%2Faudi_gyor_restoration_measures1-10.pdf&ei=fMh3Ue--E4SR4ASGn4D4CA&usg=AFQjCNE5kCGiUpJed4VX6nFNeJ8jPtSNqA&sig2=wjnr3vaNpQCPYBrgU8Ogkw&bvm=bv.45580626,d.bGE" "Opera/9.80 (Windows NT 6.1; WOW64) Presto/2.12.388 Version/12.15"
65.55.215.71 - - [24/Apr/2013:14:00:07 +0200] "GET /robots.txt HTTP/1.1" 404 1181 "-" "msnbot-media/1.1 (+http://search.msn.com/msnbot.htm)"
65.55.215.71 - - [24/Apr/2013:14:00:08 +0200] "GET /jog/eseteink/poroszlo/villa.jpg HTTP/1.1" 200 110558 "-" "msnbot-media/1.1 (+http://search.msn.com/msnbot.htm)"
66.249.78.60 - - [24/Apr/2013:14:03:57 +0200] "GET /jog/eseteink/dakar/dakar_dabas_ugyeszseg_hatarozat.pdf HTTP/1.1" 304 - "-" "Mozilla/5.0 (iPhone; U; CPU iPhone OS 4_1 like Mac OS X; en-us) AppleWebKit/532.9 (KHTML, like Gecko) Version/4.0.5 Mobile/8B117 Safari/6531.22.7 (compatible; Googlebot-Mobile/2.1; +http://www.google.com/bot.html)"
124.238.215.152 - - [24/Apr/2013:14:20:41 +0200] "GET /robots.txt HTTP/1.0" 404 1181 "-" "nutch-1.4/Nutch-1.4"
124.238.215.152 - - [24/Apr/2013:14:20:42 +0200] "GET / HTTP/1.0" 200 43954 "-" "nutch-1.4/Nutch-1.4"
95.211.139.1 - - [24/Apr/2013:14:34:36 +0200] "GET /fiok/mult.htm HTTP/1.0" 200 23227 "-" "Mozilla/5.0 (compatible; AcoonBot/4.11.1; +http://www.acoon.de/robot.asp)"
202.46.61.23 - - [24/Apr/2013:14:40:40 +0200] "GET / HTTP/1.1" 200 14257 "-" "Mozilla/4.0 (compatible; MSIE 7.0; Windows NT 6.0)"
119.63.193.194 - - [24/Apr/2013:14:40:49 +0200] "GET / HTTP/1.1" 200 14257 "-" "Mozilla/4.0 (compatible; MSIE 7.0; Windows NT 6.0)"
66.249.78.60 - - [24/Apr/2013:14:46:55 +0200] "GET /hirek/hirek100420.htm HTTP/1.1" 304 - "-" "Mozilla/5.0 (iPhone; U; CPU iPhone OS 4_1 like Mac OS X; en-us) AppleWebKit/532.9 (KHTML, like Gecko) Version/4.0.5 Mobile/8B117 Safari/6531.22.7 (compatible; Googlebot-Mobile/2.1; +http://www.google.com/bot.html)"
66.249.78.11 - - [24/Apr/2013:15:01:38 +0200] "GET /robots.txt HTTP/1.1" 404 1181 "-" "Mozilla/5.0 (compatible; Googlebot/2.1; +http://www.google.com/bot.html)"
66.249.78.11 - - [24/Apr/2013:15:01:38 +0200] "GET /jog/jogszabalyok/conventions_hu.pdf HTTP/1.1" 304 - "-" "Mozilla/5.0 (compatible; Googlebot/2.1; +http://www.google.com/bot.html)"
80.254.158.100 - - [24/Apr/2013:15:07:44 +0200] "GET /jog/eseteink/derekegyhaza/index.htm HTTP/1.1" 200 17142 "http://www.google.hu/imgres?q=k%C3%A9relem&sa=X&biw=1117&bih=692&tbm=isch&tbnid=l5NFvwJDT76e0M:&imgrefurl=http://www.beklen.hu/jog/eseteink/derekegyhaza/index.htm&docid=ZTfOsU0QL27I-M&imgurl=http://www.beklen.hu/jog/eseteink/derekegyhaza/mszhk_masodfok_ugyfel_elutasitas_1.jpg&w=1674&h=2277&ei=A9l3UfCJCaSn0QXfp4DoBw&zoom=1&iact=hc&vpx=314&vpy=251&dur=531&hovh=262&hovw=192&tx=115&ty=157&page=1&tbnh=146&tbnw=115&start=0&ndsp=37&ved=1t:429,r:31,s:0,i:198" "Mozilla/4.0 (compatible; MSIE 8.0; Windows NT 5.1; Trident/4.0; .NET CLR 1.1.4322; .NET CLR 2.0.50727; .NET CLR 3.0.4506.2152; .NET CLR 3.5.30729; InfoPath.3)"
80.254.158.100 - - [24/Apr/2013:15:07:47 +0200] "GET /jog/eseteink/derekegyhaza/mszhk_masodfok_ugyfel_elutasitas_1.jpg HTTP/1.1" 200 17139 "http://www.google.hu/imgres?q=k%C3%A9relem&sa=X&biw=1117&bih=692&tbm=isch&tbnid=l5NFvwJDT76e0M:&imgrefurl=http://www.beklen.hu/jog/eseteink/derekegyhaza/index.htm&docid=ZTfOsU0QL27I-M&imgurl=http://www.beklen.hu/jog/eseteink/derekegyhaza/mszhk_masodfok_ugyfel_elutasitas_1.jpg&w=1674&h=2277&ei=A9l3UfCJCaSn0QXfp4DoBw&zoom=1&iact=hc&vpx=314&vpy=251&dur=531&hovh=262&hovw=192&tx=115&ty=157&page=1&tbnh=146&tbnw=115&start=0&ndsp=37&ved=1t:429,r:31,s:0,i:198" "Mozilla/4.0 (compatible; MSIE 8.0; Windows NT 5.1; Trident/4.0; .NET CLR 1.1.4322; .NET CLR 2.0.50727; .NET CLR 3.0.4506.2152; .NET CLR 3.5.30729; InfoPath.3)"
80.254.158.100 - - [24/Apr/2013:15:07:51 +0200] "GET /jog/eseteink/derekegyhaza/mszhk_masodfok_ugyfel_elutasitas_1.jpg HTTP/1.1" 200 100359 "http://www.google.hu/imgres?q=k%C3%A9relem&sa=X&biw=1117&bih=692&tbm=isch&tbnid=l5NFvwJDT76e0M:&imgrefurl=http://www.beklen.hu/jog/eseteink/derekegyhaza/index.htm&docid=ZTfOsU0QL27I-M&imgurl=http://www.beklen.hu/jog/eseteink/derekegyhaza/mszhk_masodfok_ugyfel_elutasitas_1.jpg&w=1674&h=2277&ei=A9l3UfCJCaSn0QXfp4DoBw&zoom=1&iact=hc&vpx=314&vpy=251&dur=531&hovh=262&hovw=192&tx=115&ty=157&page=1&tbnh=146&tbnw=115&start=0&ndsp=37&ved=1t:429,r:31,s:0,i:198" "Mozilla/4.0 (compatible; MSIE 8.0; Windows NT 5.1; Trident/4.0; .NET CLR 1.1.4322; .NET CLR 2.0.50727; .NET CLR 3.0.4506.2152; .NET CLR 3.5.30729; InfoPath.3)"
80.254.158.100 - - [24/Apr/2013:15:07:58 +0200] "GET /jog/eseteink/derekegyhaza/mszhk_masodfok_ugyfel_elutasitas_1.jpg HTTP/1.1" 200 995513 "-" "Mozilla/4.0 (compatible; MSIE 7.0; Windows NT 5.1; Trident/4.0; .NET CLR 1.1.4322; .NET CLR 2.0.50727; .NET CLR 3.0.4506.2152; .NET CLR 3.5.30729; InfoPath.3)"
80.254.158.100 - - [24/Apr/2013:15:07:59 +0200] "GET /favicon.ico HTTP/1.1" 404 1181 "-" "Mozilla/4.0 (compatible; MSIE 8.0; Windows NT 5.1; Trident/4.0; .NET CLR 1.1.4322; .NET CLR 2.0.50727; .NET CLR 3.0.4506.2152; .NET CLR 3.5.30729; InfoPath.3)"
95.211.139.1 - - [24/Apr/2013:15:39:57 +0200] "GET /hirek/Microsoft HTTP/1.0" 404 1181 "-" "Mozilla/5.0 (compatible; AcoonBot/4.11.1; +http://www.acoon.de/robot.asp)"
82.141.171.41 - - [24/Apr/2013:16:02:59 +0200] "GET /favicon.ico HTTP/1.1" 404 1181 "-" "Mozilla/5.0 (Windows NT 6.1; rv:20.0) Gecko/20100101 Firefox/20.0"
66.249.78.11 - - [24/Apr/2013:16:26:02 +0200] "GET /jog/jogszabalyok/2011_clxxv.pdf HTTP/1.1" 200 361132 "-" "Mozilla/5.0 (compatible; Googlebot/2.1; +http://www.google.com/bot.html)"
66.249.78.60 - - [24/Apr/2013:16:27:59 +0200] "GET /jog/img/nca_logo_.png HTTP/1.1" 304 - "-" "Googlebot-Image/1.0"
66.249.78.60 - - [24/Apr/2013:16:41:49 +0200] "GET /jog/eseteink/dakar/kdtktvf_dakar_fellebbezes.pdf HTTP/1.1" 304 - "-" "Mozilla/5.0 (iPhone; U; CPU iPhone OS 4_1 like Mac OS X; en-us) AppleWebKit/532.9 (KHTML, like Gecko) Version/4.0.5 Mobile/8B117 Safari/6531.22.7 (compatible; Googlebot-Mobile/2.1; +http://www.google.com/bot.html)"
66.249.78.60 - - [24/Apr/2013:16:43:24 +0200] "GET /hirek/klimatv_civilcikk.doc HTTP/1.1" 304 - "-" "Mozilla/5.0 (iPhone; U; CPU iPhone OS 4_1 like Mac OS X; en-us) AppleWebKit/532.9 (KHTML, like Gecko) Version/4.0.5 Mobile/8B117 Safari/6531.22.7 (compatible; Googlebot-Mobile/2.1; +http://www.google.com/bot.html)"
66.249.78.60 - - [24/Apr/2013:17:06:20 +0200] "GET /images/demnet_.jpg HTTP/1.1" 304 - "-" "Googlebot-Image/1.0"
84.2.147.81 - - [24/Apr/2013:17:41:46 +0200] "GET /jog/jogszabalyok/1_erdo.pdf HTTP/1.1" 200 761794 "http://www.google.hu/url?sa=t&rct=j&q=&esrc=s&source=web&cd=1&sqi=2&ved=0CD0QFjAA&url=http%3A%2F%2Fwww.beklen.hu%2Fjog%2Fjogszabalyok%2F1_erdo.pdf&ei=M_13UafbBobtsgba0oBg&usg=AFQjCNHz-UPHDhHJ7J5c2giVd91b1JOxWQ&sig2=sz2uLkUEpTJXKXs0_jwpMQ&bvm=bv.45580626,d.Yms" "Mozilla/5.0 (Windows NT 6.1; rv:20.0) Gecko/20100101 Firefox/20.0"
84.2.147.81 - - [24/Apr/2013:17:41:46 +0200] "GET /favicon.ico HTTP/1.1" 404 1181 "-" "Mozilla/5.0 (Windows NT 6.1; rv:20.0) Gecko/20100101 Firefox/20.0"
66.249.78.60 - - [24/Apr/2013:17:59:55 +0200] "GET /fiok/programok.htm HTTP/1.1" 200 18165 "-" "SAMSUNG-SGH-E250/1.0 Profile/MIDP-2.0 Configuration/CLDC-1.1 UP.Browser/6.2.3.3.c.1.101 (GUI) MMP/2.0 (compatible; Googlebot-Mobile/2.1; +http://www.google.com/bot.html)"
66.249.75.200 - - [24/Apr/2013:18:11:19 +0200] "GET /fiok/programok.htm HTTP/1.1" 200 18165 "-" "DoCoMo/2.0 N905i(c100;TB;W24H16) (compatible; Googlebot-Mobile/2.1; +http://www.google.com/bot.html)"
180.76.6.29 - - [24/Apr/2013:18:13:22 +0200] "GET /fiok/program_reszek/turazas.htm HTTP/1.1" 200 22754 "-" "Mozilla/5.0 (compatible; Baiduspider/2.0; +http://www.baidu.com/search/spider.html)"
66.249.75.101 - - [24/Apr/2013:18:19:09 +0200] "GET /index.htm HTTP/1.1" 200 43954 "-" "Mozilla/5.0 (compatible; Googlebot/2.1; +http://www.google.com/bot.html)"
66.249.78.60 - - [24/Apr/2013:18:30:35 +0200] "GET /hirek/hirek100225.htm HTTP/1.1" 304 - "-" "Mozilla/5.0 (iPhone; U; CPU iPhone OS 4_1 like Mac OS X; en-us) AppleWebKit/532.9 (KHTML, like Gecko) Version/4.0.5 Mobile/8B117 Safari/6531.22.7 (compatible; Googlebot-Mobile/2.1; +http://www.google.com/bot.html)"
173.192.235.226 - - [24/Apr/2013:18:35:49 +0200] "GET /robots.txt HTTP/1.1" 404 1181 "-" "Mozilla/5.0 (compatible; SiteExplorer/1.0b; +http://siteexplorer.info/)"
173.192.235.226 - - [24/Apr/2013:18:35:54 +0200] "GET /hirek/hirek09_01.htm HTTP/1.1" 200 6925 "-" "Mozilla/5.0 (compatible; SiteExplorer/1.0b; +http://siteexplorer.info/)"
173.192.235.226 - - [24/Apr/2013:18:35:59 +0200] "GET /hirek/hirek090930.htm HTTP/1.1" 200 7044 "-" "Mozilla/5.0 (compatible; SiteExplorer/1.0b; +http://siteexplorer.info/)"
