199.187.122.91 - - [05/Apr/2013:19:23:16 +0200] "GET /jog/jogihatter.htm HTTP/1.1" 200 18691 "-" "Mozilla/4.0 (compatible; MSIE 6.0; Windows NT 5.1; SV1; .NET CLR 2.0.50727)"
199.187.122.91 - - [05/Apr/2013:19:23:17 +0200] "GET /jog/tippek.htm HTTP/1.1" 200 13697 "-" "Mozilla/4.0 (compatible; MSIE 6.0; Windows NT 5.1; SV1; .NET CLR 2.0.50727)"
66.249.78.60 - - [05/Apr/2013:20:10:55 +0200] "GET /hirek/hirek100804.htm HTTP/1.1" 304 - "-" "Mozilla/5.0 (iPhone; U; CPU iPhone OS 4_1 like Mac OS X; en-us) AppleWebKit/532.9 (KHTML, like Gecko) Version/4.0.5 Mobile/8B117 Safari/6531.22.7 (compatible; Googlebot-Mobile/2.1; +http://www.google.com/bot.html)"
66.249.78.60 - - [05/Apr/2013:20:14:19 +0200] "GET /jog/eseteink/dakar/dakar_ugyeszseg_lp.pdf HTTP/1.1" 200 218784 "-" "Mozilla/5.0 (compatible; Googlebot/2.1; +http://www.google.com/bot.html)"
80.252.50.91 - - [05/Apr/2013:20:19:19 +0200] "GET /jog/jogszabalyok/1_erdo.pdf HTTP/1.1" 200 761794 "http://www.google.hu/url?sa=t&rct=j&q=osztop%C3%A1n%20homokterenye%20t%C3%A1vols%C3%A1g&source=web&cd=3&ved=0CDYQFjAC&url=http%3A%2F%2Fwww.beklen.hu%2Fjog%2Fjogszabalyok%2F1_erdo.pdf&ei=oRVfUY7wD-yL4gTF1IGYBg&usg=AFQjCNHz-UPHDhHJ7J5c2giVd91b1JOxWQ&bvm=bv.44770516,d.Yms" "Mozilla/5.0 (Windows NT 6.1; WOW64; rv:14.0) Gecko/20100101 Firefox/14.0.1"
80.252.50.91 - - [05/Apr/2013:20:19:20 +0200] "GET /favicon.ico HTTP/1.1" 404 1181 "-" "Mozilla/5.0 (Windows NT 6.1; WOW64; rv:14.0) Gecko/20100101 Firefox/14.0.1"
80.252.50.91 - - [05/Apr/2013:20:19:20 +0200] "GET /favicon.ico HTTP/1.1" 404 1181 "-" "Mozilla/5.0 (Windows NT 6.1; WOW64; rv:14.0) Gecko/20100101 Firefox/14.0.1"
66.249.78.60 - - [05/Apr/2013:20:41:14 +0200] "GET /jog/eseteink/kavicszatony/mura_fellebbezes1.pdf HTTP/1.1" 200 213658 "-" "Mozilla/5.0 (iPhone; U; CPU iPhone OS 4_1 like Mac OS X; en-us) AppleWebKit/532.9 (KHTML, like Gecko) Version/4.0.5 Mobile/8B117 Safari/6531.22.7 (compatible; Googlebot-Mobile/2.1; +http://www.google.com/bot.html)"
208.115.111.68 - - [05/Apr/2013:20:42:01 +0200] "GET /jog/tapasztalatszerzok.htm HTTP/1.1" 200 12148 "-" "Mozilla/5.0 (compatible; Ezooms/1.0; ezooms.bot@gmail.com)"
208.115.111.68 - - [05/Apr/2013:20:42:03 +0200] "GET /jog/tippek.htm HTTP/1.1" 200 13697 "-" "Mozilla/5.0 (compatible; Ezooms/1.0; ezooms.bot@gmail.com)"
77.88.42.27 - - [05/Apr/2013:20:44:58 +0200] "GET /robots.txt HTTP/1.1" 404 1181 "-" "Mozilla/5.0 (compatible; YandexBot/3.0; +http://yandex.com/bots)"
77.88.42.27 - - [05/Apr/2013:20:45:00 +0200] "GET / HTTP/1.1" 200 42122 "-" "Mozilla/5.0 (compatible; YandexBot/3.0; MirrorDetector; +http://yandex.com/bots)"
77.88.42.27 - - [05/Apr/2013:20:45:10 +0200] "GET / HTTP/1.1" 200 42122 "-" "Mozilla/5.0 (compatible; YandexBot/3.0; MirrorDetector; +http://yandex.com/bots)"
77.88.42.27 - - [05/Apr/2013:20:45:12 +0200] "GET / HTTP/1.1" 200 42122 "-" "Mozilla/5.0 (compatible; YandexBot/3.0; MirrorDetector; +http://yandex.com/bots)"
77.88.42.27 - - [05/Apr/2013:20:45:26 +0200] "GET / HTTP/1.1" 200 42122 "-" "Mozilla/5.0 (compatible; YandexBot/3.0; MirrorDetector; +http://yandex.com/bots)"
66.249.78.60 - - [05/Apr/2013:21:07:53 +0200] "GET /jog/eseteink/audi/gyor,%20hungary%20-%20audi.jpg HTTP/1.1" 304 - "-" "Googlebot-Image/1.0"
66.249.75.200 - - [05/Apr/2013:21:50:03 +0200] "GET /nca11.htm HTTP/1.1" 200 7133 "-" "Mozilla/5.0 (iPhone; U; CPU iPhone OS 4_1 like Mac OS X; en-us) AppleWebKit/532.9 (KHTML, like Gecko) Version/4.0.5 Mobile/8B117 Safari/6531.22.7 (compatible; Googlebot-Mobile/2.1; +http://www.google.com/bot.html)"
180.76.5.139 - - [05/Apr/2013:22:15:32 +0200] "GET /fiok/kornyezet.htm HTTP/1.1" 200 22582 "-" "Mozilla/5.0 (compatible; Baiduspider/2.0; +http://www.baidu.com/search/spider.html)"
66.249.78.60 - - [05/Apr/2013:22:44:45 +0200] "GET /hirek/1303072.htm HTTP/1.1" 200 9111 "-" "SAMSUNG-SGH-E250/1.0 Profile/MIDP-2.0 Configuration/CLDC-1.1 UP.Browser/6.2.3.3.c.1.101 (GUI) MMP/2.0 (compatible; Googlebot-Mobile/2.1; +http://www.google.com/bot.html)"
199.30.16.25 - - [05/Apr/2013:22:49:47 +0200] "GET /robots.txt HTTP/1.1" 404 1181 "-" "msnbot-media/1.1 (+http://search.msn.com/msnbot.htm)"
199.30.16.25 - - [05/Apr/2013:22:49:48 +0200] "GET /tm04_.jpg HTTP/1.1" 200 2058 "-" "msnbot-media/1.1 (+http://search.msn.com/msnbot.htm)"
77.88.42.27 - - [05/Apr/2013:23:27:30 +0200] "GET /tm06_.jpg HTTP/1.1" 200 1382 "-" "Mozilla/5.0 (compatible; YandexImages/3.0; +http://yandex.com/bots)"
65.55.215.102 - - [05/Apr/2013:23:46:45 +0200] "GET /robots.txt HTTP/1.1" 404 1181 "-" "msnbot-media/1.1 (+http://search.msn.com/msnbot.htm)"
65.55.215.102 - - [05/Apr/2013:23:46:46 +0200] "GET /tm05_.jpg HTTP/1.1" 200 1839 "-" "msnbot-media/1.1 (+http://search.msn.com/msnbot.htm)"
65.55.215.38 - - [05/Apr/2013:23:49:37 +0200] "GET /robots.txt HTTP/1.1" 404 1181 "-" "msnbot-media/1.1 (+http://search.msn.com/msnbot.htm)"
65.55.215.38 - - [05/Apr/2013:23:49:37 +0200] "GET /jog/img/file_zip.png HTTP/1.1" 200 622 "-" "msnbot-media/1.1 (+http://search.msn.com/msnbot.htm)"
66.249.78.60 - - [05/Apr/2013:23:50:16 +0200] "GET /hirek/hirek120120.htm HTTP/1.1" 304 - "-" "Mozilla/5.0 (iPhone; U; CPU iPhone OS 4_1 like Mac OS X; en-us) AppleWebKit/532.9 (KHTML, like Gecko) Version/4.0.5 Mobile/8B117 Safari/6531.22.7 (compatible; Googlebot-Mobile/2.1; +http://www.google.com/bot.html)"
199.30.20.106 - - [06/Apr/2013:00:10:53 +0200] "GET /robots.txt HTTP/1.1" 404 1181 "-" "msnbot-media/1.1 (+http://search.msn.com/msnbot.htm)"
199.30.20.106 - - [06/Apr/2013:00:10:54 +0200] "GET /jog/img/file_jpg.png HTTP/1.1" 200 607 "-" "msnbot-media/1.1 (+http://search.msn.com/msnbot.htm)"
66.249.78.60 - - [06/Apr/2013:00:31:53 +0200] "GET /jog/eseteink/derekegyhaza/vizjogi_derekegyhaza.pdf HTTP/1.1" 304 - "-" "Mozilla/5.0 (iPhone; U; CPU iPhone OS 4_1 like Mac OS X; en-us) AppleWebKit/532.9 (KHTML, like Gecko) Version/4.0.5 Mobile/8B117 Safari/6531.22.7 (compatible; Googlebot-Mobile/2.1; +http://www.google.com/bot.html)"
66.249.78.60 - - [06/Apr/2013:00:57:04 +0200] "GET /jog/eseteink/audi/2011_3951.pdf HTTP/1.1" 200 252978 "-" "Mozilla/5.0 (iPhone; U; CPU iPhone OS 4_1 like Mac OS X; en-us) AppleWebKit/532.9 (KHTML, like Gecko) Version/4.0.5 Mobile/8B117 Safari/6531.22.7 (compatible; Googlebot-Mobile/2.1; +http://www.google.com/bot.html)"
37.140.165.214 - - [06/Apr/2013:01:07:21 +0200] "GET /tm06_.jpg HTTP/1.1" 200 1382 "-" "Mozilla/5.0 (compatible; YandexImages/3.0; +http://yandex.com/bots)"
157.56.229.23 - - [06/Apr/2013:01:18:51 +0200] "GET /robots.txt HTTP/1.1" 404 1181 "-" "Mozilla/5.0 (compatible; bingbot/2.0; +http://www.bing.com/bingbot.htm)"
157.56.229.23 - - [06/Apr/2013:01:21:09 +0200] "GET / HTTP/1.1" 200 42122 "-" "Mozilla/5.0 (compatible; bingbot/2.0; +http://www.bing.com/bingbot.htm)"
131.253.38.99 - - [06/Apr/2013:01:37:57 +0200] "GET /robots.txt HTTP/1.1" 404 1181 "-" "msnbot-media/1.1 (+http://search.msn.com/msnbot.htm)"
131.253.38.99 - - [06/Apr/2013:01:37:57 +0200] "GET /tm05.jpg HTTP/1.1" 200 2253 "-" "msnbot-media/1.1 (+http://search.msn.com/msnbot.htm)"
199.58.86.209 - - [06/Apr/2013:01:40:33 +0200] "GET /robots.txt HTTP/1.0" 404 1181 "-" "Mozilla/5.0 (compatible; MJ12bot/v1.4.3; http://www.majestic12.co.uk/bot.php?+)"
199.58.86.209 - - [06/Apr/2013:01:40:35 +0200] "GET /fiok HTTP/1.0" 301 300 "-" "Mozilla/5.0 (compatible; MJ12bot/v1.4.3; http://www.majestic12.co.uk/bot.php?+)"
199.58.86.209 - - [06/Apr/2013:01:40:37 +0200] "GET /fiok/ HTTP/1.0" 200 20554 "-" "Mozilla/5.0 (compatible; MJ12bot/v1.4.3; http://www.majestic12.co.uk/bot.php?+)"
66.249.75.200 - - [06/Apr/2013:03:48:25 +0200] "GET /robots.txt HTTP/1.1" 404 1181 "-" "Mozilla/5.0 (compatible; Googlebot/2.1; +http://www.google.com/bot.html)"
66.249.78.60 - - [06/Apr/2013:03:48:25 +0200] "GET / HTTP/1.1" 200 42122 "-" "Mozilla/5.0 (iPhone; U; CPU iPhone OS 4_1 like Mac OS X; en-us) AppleWebKit/532.9 (KHTML, like Gecko) Version/4.0.5 Mobile/8B117 Safari/6531.22.7 (compatible; Googlebot-Mobile/2.1; +http://www.google.com/bot.html)"
66.249.75.200 - - [06/Apr/2013:03:49:42 +0200] "GET /hirek/130307.htm HTTP/1.1" 304 - "-" "Mozilla/5.0 (iPhone; U; CPU iPhone OS 4_1 like Mac OS X; en-us) AppleWebKit/532.9 (KHTML, like Gecko) Version/4.0.5 Mobile/8B117 Safari/6531.22.7 (compatible; Googlebot-Mobile/2.1; +http://www.google.com/bot.html)"
66.249.78.60 - - [06/Apr/2013:03:50:08 +0200] "GET /hirek/1303071.htm HTTP/1.1" 304 - "-" "Mozilla/5.0 (iPhone; U; CPU iPhone OS 4_1 like Mac OS X; en-us) AppleWebKit/532.9 (KHTML, like Gecko) Version/4.0.5 Mobile/8B117 Safari/6531.22.7 (compatible; Googlebot-Mobile/2.1; +http://www.google.com/bot.html)"
66.249.78.60 - - [06/Apr/2013:03:56:16 +0200] "GET /nimfea_project_250x250.gif HTTP/1.1" 200 2986583 "-" "Mozilla/5.0 (compatible; Googlebot/2.1; +http://www.google.com/bot.html)"
95.211.139.1 - - [06/Apr/2013:04:04:20 +0200] "GET /robots.txt HTTP/1.0" 404 1181 "-" "Mozilla/5.0 (compatible; AcoonBot/4.11.1; +http://www.acoon.de/robot.asp)"
95.211.139.1 - - [06/Apr/2013:04:04:21 +0200] "GET /fiok/ HTTP/1.0" 200 20554 "-" "Mozilla/5.0 (compatible; AcoonBot/4.11.1; +http://www.acoon.de/robot.asp)"
66.249.78.60 - - [06/Apr/2013:04:06:39 +0200] "GET /jog/eseteink/audi/additional_information_on_the_compensatory_measures_provided_by_hungarian_authorities_at_the_request_of_the_commission_3.pdf HTTP/1.1" 200 3528853 "-" "Mozilla/5.0 (iPhone; U; CPU iPhone OS 4_1 like Mac OS X; en-us) AppleWebKit/532.9 (KHTML, like Gecko) Version/4.0.5 Mobile/8B117 Safari/6531.22.7 (compatible; Googlebot-Mobile/2.1; +http://www.google.com/bot.html)"
77.88.42.27 - - [06/Apr/2013:04:12:08 +0200] "GET /turizmusbanner_.swf HTTP/1.1" 200 160838 "-" "Mozilla/5.0 (compatible; YandexBot/3.0; +http://yandex.com/bots)"
77.88.42.27 - - [06/Apr/2013:04:12:11 +0200] "GET /ncta_a.htm HTTP/1.1" 200 7260 "-" "Mozilla/5.0 (compatible; YandexBot/3.0; +http://yandex.com/bots)"
208.115.113.84 - - [06/Apr/2013:04:24:15 +0200] "GET /robots.txt HTTP/1.1" 404 1181 "-" "Mozilla/5.0 (compatible; Ezooms/1.0; ezooms.bot@gmail.com)"
208.115.113.84 - - [06/Apr/2013:05:37:10 +0200] "GET /programok.htm HTTP/1.1" 200 6444 "-" "Mozilla/5.0 (compatible; Ezooms/1.0; ezooms.bot@gmail.com)"
199.30.16.19 - - [06/Apr/2013:05:50:33 +0200] "GET /robots.txt HTTP/1.1" 404 1181 "-" "msnbot-media/1.1 (+http://search.msn.com/msnbot.htm)"
199.30.16.19 - - [06/Apr/2013:05:50:34 +0200] "GET /tm07.jpg HTTP/1.1" 200 1007 "-" "msnbot-media/1.1 (+http://search.msn.com/msnbot.htm)"
130.83.167.153 - - [06/Apr/2013:06:03:13 +0200] "GET /jog/adathozzaferes.htm HTTP/1.1" 200 13800 "-" "findlinks/2.6 (+http://wortschatz.uni-leipzig.de/findlinks/)"
66.249.75.200 - - [06/Apr/2013:06:11:17 +0200] "GET / HTTP/1.1" 200 42122 "-" "DoCoMo/2.0 N905i(c100;TB;W24H16) (compatible; Googlebot-Mobile/2.1; +http://www.google.com/bot.html)"
77.88.42.27 - - [06/Apr/2013:06:17:06 +0200] "GET /robots.txt HTTP/1.1" 404 1181 "-" "Mozilla/5.0 (compatible; YandexBot/3.0; +http://yandex.com/bots)"
37.140.165.214 - - [06/Apr/2013:06:28:19 +0200] "GET /hirek/1303201/11_.jpg HTTP/1.1" 200 4958 "-" "Mozilla/5.0 (compatible; YandexImages/3.0; +http://yandex.com/bots)"
77.88.42.27 - - [06/Apr/2013:07:12:33 +0200] "GET /nca05.htm HTTP/1.1" 200 16412 "-" "Mozilla/5.0 (compatible; YandexBot/3.0; +http://yandex.com/bots)"
77.88.42.27 - - [06/Apr/2013:07:12:35 +0200] "GET /hirek/1303201/11_.jpg HTTP/1.1" 200 4958 "-" "Mozilla/5.0 (compatible; YandexImages/3.0; +http://yandex.com/bots)"
66.249.78.60 - - [06/Apr/2013:07:15:10 +0200] "GET /jog/ugyeszsegek.htm HTTP/1.1" 304 - "-" "Mozilla/5.0 (iPhone; U; CPU iPhone OS 4_1 like Mac OS X; en-us) AppleWebKit/532.9 (KHTML, like Gecko) Version/4.0.5 Mobile/8B117 Safari/6531.22.7 (compatible; Googlebot-Mobile/2.1; +http://www.google.com/bot.html)"
199.30.16.39 - - [06/Apr/2013:07:34:45 +0200] "GET /robots.txt HTTP/1.1" 404 1181 "-" "msnbot-media/1.1 (+http://search.msn.com/msnbot.htm)"
199.30.16.39 - - [06/Apr/2013:07:34:45 +0200] "GET /tm02.jpg HTTP/1.1" 200 1873 "-" "msnbot-media/1.1 (+http://search.msn.com/msnbot.htm)"
66.249.75.200 - - [06/Apr/2013:08:05:45 +0200] "GET /jog/eseteink/audi/audi_epiteszeti_elj.pdf HTTP/1.1" 200 384562 "-" "Mozilla/5.0 (iPhone; U; CPU iPhone OS 4_1 like Mac OS X; en-us) AppleWebKit/532.9 (KHTML, like Gecko) Version/4.0.5 Mobile/8B117 Safari/6531.22.7 (compatible; Googlebot-Mobile/2.1; +http://www.google.com/bot.html)"
178.255.215.69 - - [06/Apr/2013:08:25:53 +0200] "GET /robots.txt HTTP/1.1" 404 1181 "-" "Mozilla/5.0 (compatible; Exabot/3.0; +http://www.exabot.com/go/robot)"
178.255.215.69 - - [06/Apr/2013:08:25:53 +0200] "GET / HTTP/1.1" 200 42122 "-" "Mozilla/5.0 (compatible; Exabot/3.0; +http://www.exabot.com/go/robot)"
77.88.42.27 - - [06/Apr/2013:08:43:06 +0200] "GET /nca06.htm HTTP/1.1" 200 19034 "-" "Mozilla/5.0 (compatible; YandexBot/3.0; +http://yandex.com/bots)"
77.88.42.27 - - [06/Apr/2013:08:43:08 +0200] "GET /hirek/1303201/11_.jpg HTTP/1.1" 200 4958 "-" "Mozilla/5.0 (compatible; YandexImages/3.0; +http://yandex.com/bots)"
178.255.215.69 - - [06/Apr/2013:08:57:22 +0200] "GET /english/index.htm HTTP/1.1" 200 5262 "-" "Mozilla/5.0 (compatible; Exabot/3.0; +http://www.exabot.com/go/robot)"
66.249.78.60 - - [06/Apr/2013:09:24:09 +0200] "GET /hirek/130312.htm HTTP/1.1" 304 - "-" "Mozilla/5.0 (iPhone; U; CPU iPhone OS 4_1 like Mac OS X; en-us) AppleWebKit/532.9 (KHTML, like Gecko) Version/4.0.5 Mobile/8B117 Safari/6531.22.7 (compatible; Googlebot-Mobile/2.1; +http://www.google.com/bot.html)"
199.30.16.19 - - [06/Apr/2013:09:52:39 +0200] "GET /robots.txt HTTP/1.1" 404 1181 "-" "msnbot-media/1.1 (+http://search.msn.com/msnbot.htm)"
199.30.16.19 - - [06/Apr/2013:09:52:42 +0200] "GET /tm06_.jpg HTTP/1.1" 200 1382 "-" "msnbot-media/1.1 (+http://search.msn.com/msnbot.htm)"
77.88.42.27 - - [06/Apr/2013:10:11:02 +0200] "GET /nca09.htm HTTP/1.1" 200 24315 "-" "Mozilla/5.0 (compatible; YandexBot/3.0; +http://yandex.com/bots)"
66.249.78.60 - - [06/Apr/2013:10:31:48 +0200] "GET /jog/eseteink/audi/eu.%20biz.%20fotitkaranak.pdf HTTP/1.1" 200 214051 "-" "Mozilla/5.0 (iPhone; U; CPU iPhone OS 4_1 like Mac OS X; en-us) AppleWebKit/532.9 (KHTML, like Gecko) Version/4.0.5 Mobile/8B117 Safari/6531.22.7 (compatible; Googlebot-Mobile/2.1; +http://www.google.com/bot.html)"
66.249.78.60 - - [06/Apr/2013:10:36:37 +0200] "GET /jog HTTP/1.1" 301 311 "-" "Mozilla/5.0 (iPhone; U; CPU iPhone OS 4_1 like Mac OS X; en-us) AppleWebKit/532.9 (KHTML, like Gecko) Version/4.0.5 Mobile/8B117 Safari/6531.22.7 (compatible; Googlebot-Mobile/2.1; +http://www.google.com/bot.html)"
66.249.78.60 - - [06/Apr/2013:10:36:38 +0200] "GET /jog/ HTTP/1.1" 200 13138 "-" "Mozilla/5.0 (iPhone; U; CPU iPhone OS 4_1 like Mac OS X; en-us) AppleWebKit/532.9 (KHTML, like Gecko) Version/4.0.5 Mobile/8B117 Safari/6531.22.7 (compatible; Googlebot-Mobile/2.1; +http://www.google.com/bot.html)"
66.249.78.60 - - [06/Apr/2013:11:08:36 +0200] "GET /jog/style.css HTTP/1.1" 200 21413 "http://www.beklen.hu/jog/" "Mozilla/5.0 (compatible; Googlebot/2.1; +http://www.google.com/bot.html)"
37.140.165.214 - - [06/Apr/2013:11:17:49 +0200] "GET /hirek/1303201/11_.jpg HTTP/1.1" 200 4958 "-" "Mozilla/5.0 (compatible; YandexImages/3.0; +http://yandex.com/bots)"
66.249.78.60 - - [06/Apr/2013:11:24:56 +0200] "GET /hirek/hirek100420.htm HTTP/1.1" 304 - "-" "SAMSUNG-SGH-E250/1.0 Profile/MIDP-2.0 Configuration/CLDC-1.1 UP.Browser/6.2.3.3.c.1.101 (GUI) MMP/2.0 (compatible; Googlebot-Mobile/2.1; +http://www.google.com/bot.html)"
66.249.75.200 - - [06/Apr/2013:11:34:58 +0200] "GET /hirek/hirek100810.htm HTTP/1.1" 304 - "-" "DoCoMo/2.0 N905i(c100;TB;W24H16) (compatible; Googlebot-Mobile/2.1; +http://www.google.com/bot.html)"
66.249.78.60 - - [06/Apr/2013:11:37:10 +0200] "GET /hirek/1303191.htm HTTP/1.1" 304 - "-" "Mozilla/5.0 (iPhone; U; CPU iPhone OS 4_1 like Mac OS X; en-us) AppleWebKit/532.9 (KHTML, like Gecko) Version/4.0.5 Mobile/8B117 Safari/6531.22.7 (compatible; Googlebot-Mobile/2.1; +http://www.google.com/bot.html)"
66.249.78.60 - - [06/Apr/2013:11:46:04 +0200] "GET /jog/eseteink/audi/audi_gyor_restoration_measures11-15.pdf HTTP/1.1" 304 - "-" "Mozilla/5.0 (iPhone; U; CPU iPhone OS 4_1 like Mac OS X; en-us) AppleWebKit/532.9 (KHTML, like Gecko) Version/4.0.5 Mobile/8B117 Safari/6531.22.7 (compatible; Googlebot-Mobile/2.1; +http://www.google.com/bot.html)"
131.253.38.99 - - [06/Apr/2013:11:52:41 +0200] "GET /robots.txt HTTP/1.1" 404 1181 "-" "msnbot-media/1.1 (+http://search.msn.com/msnbot.htm)"
131.253.38.99 - - [06/Apr/2013:11:52:42 +0200] "GET /tm05.jpg HTTP/1.1" 200 2253 "-" "msnbot-media/1.1 (+http://search.msn.com/msnbot.htm)"
65.55.215.38 - - [06/Apr/2013:12:20:42 +0200] "GET /robots.txt HTTP/1.1" 404 1181 "-" "msnbot-media/1.1 (+http://search.msn.com/msnbot.htm)"
65.55.215.38 - - [06/Apr/2013:12:20:42 +0200] "GET /jog/img/file_zip.png HTTP/1.1" 200 622 "-" "msnbot-media/1.1 (+http://search.msn.com/msnbot.htm)"
77.88.42.27 - - [06/Apr/2013:12:35:24 +0200] "GET /nca11.htm HTTP/1.1" 200 7133 "-" "Mozilla/5.0 (compatible; YandexBot/3.0; +http://yandex.com/bots)"
202.46.60.13 - - [06/Apr/2013:12:38:36 +0200] "GET / HTTP/1.1" 200 14257 "-" "Mozilla/4.0 (compatible; MSIE 7.0; Windows NT 6.0)"
119.63.193.194 - - [06/Apr/2013:12:38:42 +0200] "GET / HTTP/1.1" 200 14257 "-" "Mozilla/4.0 (compatible; MSIE 7.0; Windows NT 6.0)"
77.88.42.27 - - [06/Apr/2013:12:48:54 +0200] "GET /hirek09_03.htm HTTP/1.1" 200 10726 "-" "Mozilla/5.0 (compatible; YandexBot/3.0; +http://yandex.com/bots)"
77.88.42.27 - - [06/Apr/2013:12:48:57 +0200] "GET /jog/polgariper.htm HTTP/1.1" 200 13964 "-" "Mozilla/5.0 (compatible; YandexBot/3.0; +http://yandex.com/bots)"
66.249.78.60 - - [06/Apr/2013:12:50:28 +0200] "GET /jog/eseteink/audi/europai%20bizottsag%20audi%20adatkikeres.pdf HTTP/1.1" 200 114017 "-" "Mozilla/5.0 (iPhone; U; CPU iPhone OS 4_1 like Mac OS X; en-us) AppleWebKit/532.9 (KHTML, like Gecko) Version/4.0.5 Mobile/8B117 Safari/6531.22.7 (compatible; Googlebot-Mobile/2.1; +http://www.google.com/bot.html)"
37.140.165.214 - - [06/Apr/2013:12:54:58 +0200] "GET /tm06_.jpg HTTP/1.1" 200 1382 "-" "Mozilla/5.0 (compatible; YandexImages/3.0; +http://yandex.com/bots)"
199.30.16.19 - - [06/Apr/2013:13:38:15 +0200] "GET /robots.txt HTTP/1.1" 404 1181 "-" "msnbot-media/1.1 (+http://search.msn.com/msnbot.htm)"
199.30.16.19 - - [06/Apr/2013:13:38:16 +0200] "GET /tm07.jpg HTTP/1.1" 200 1007 "-" "msnbot-media/1.1 (+http://search.msn.com/msnbot.htm)"
199.30.16.35 - - [06/Apr/2013:13:59:47 +0200] "GET /robots.txt HTTP/1.1" 404 1181 "-" "msnbot-media/1.1 (+http://search.msn.com/msnbot.htm)"
199.30.16.35 - - [06/Apr/2013:13:59:47 +0200] "GET /tm02_.jpg HTTP/1.1" 200 1524 "-" "msnbot-media/1.1 (+http://search.msn.com/msnbot.htm)"
199.30.16.51 - - [06/Apr/2013:14:17:36 +0200] "GET /robots.txt HTTP/1.1" 404 1181 "-" "msnbot-media/1.1 (+http://search.msn.com/msnbot.htm)"
199.30.16.51 - - [06/Apr/2013:14:17:36 +0200] "GET /tm01.jpg HTTP/1.1" 200 1080 "-" "msnbot-media/1.1 (+http://search.msn.com/msnbot.htm)"
77.88.42.27 - - [06/Apr/2013:14:30:55 +0200] "GET /jog/jogszabalyok/aarhus_egyezmeny.pdf HTTP/1.1" 200 177386 "-" "Mozilla/5.0 (compatible; YandexBot/3.0; +http://yandex.com/bots)"
66.249.78.60 - - [06/Apr/2013:14:33:18 +0200] "GET /hirek/hirek090509.htm HTTP/1.1" 304 - "-" "Mozilla/5.0 (iPhone; U; CPU iPhone OS 4_1 like Mac OS X; en-us) AppleWebKit/532.9 (KHTML, like Gecko) Version/4.0.5 Mobile/8B117 Safari/6531.22.7 (compatible; Googlebot-Mobile/2.1; +http://www.google.com/bot.html)"
66.249.78.60 - - [06/Apr/2013:14:36:37 +0200] "GET /hirek/1303122.htm HTTP/1.1" 304 - "-" "Mozilla/5.0 (iPhone; U; CPU iPhone OS 4_1 like Mac OS X; en-us) AppleWebKit/532.9 (KHTML, like Gecko) Version/4.0.5 Mobile/8B117 Safari/6531.22.7 (compatible; Googlebot-Mobile/2.1; +http://www.google.com/bot.html)"
199.30.16.25 - - [06/Apr/2013:14:42:40 +0200] "GET /robots.txt HTTP/1.1" 404 1181 "-" "msnbot-media/1.1 (+http://search.msn.com/msnbot.htm)"
199.30.16.25 - - [06/Apr/2013:14:42:41 +0200] "GET /tm04_.jpg HTTP/1.1" 200 2058 "-" "msnbot-media/1.1 (+http://search.msn.com/msnbot.htm)"
79.121.117.187 - - [06/Apr/2013:14:54:43 +0200] "GET /jog/eseteink/derekegyhaza/kepek/vadaskert-szakhat.jpg HTTP/1.1" 200 140997 "-" "Opera/9.80 (Windows NT 5.1) Presto/2.12.388 Version/12.14"
79.121.117.187 - - [06/Apr/2013:14:54:50 +0200] "GET /jog/eseteink/derekegyhaza/index.htm HTTP/1.1" 200 34210 "http://www.google.hu/url?sa=i&rct=j&q=&esrc=s&source=images&cd=&docid=ZTfOsU0QL27I-M&tbnid=oIVq6OvcajtKiM:&ved=0CAUQjRw&url=http%3A%2F%2Fwww.beklen.hu%2Fjog%2Feseteink%2Fderekegyhaza%2Findex.htm&ei=EhtgUeOhIMfKtAbfp4HgAQ&psig=AFQjCNEFlPVAPS2pZP582AQ0FMuSlFlFcg&ust=1365339271270926" "Opera/9.80 (Windows NT 5.1) Presto/2.12.388 Version/12.14"
79.121.117.187 - - [06/Apr/2013:14:54:50 +0200] "GET /jog/eseteink/derekegyhaza/37-433.jpg HTTP/1.1" 200 3573 "http://www.beklen.hu/jog/eseteink/derekegyhaza/index.htm" "Opera/9.80 (Windows NT 5.1) Presto/2.12.388 Version/12.14"
79.121.117.187 - - [06/Apr/2013:14:54:50 +0200] "GET /jog/eseteink/derekegyhaza/kepek/37-433__.jpg HTTP/1.1" 200 4596 "http://www.beklen.hu/jog/eseteink/derekegyhaza/index.htm" "Opera/9.80 (Windows NT 5.1) Presto/2.12.388 Version/12.14"
79.121.117.187 - - [06/Apr/2013:14:54:50 +0200] "GET /jog/script.js HTTP/1.1" 200 5674 "http://www.beklen.hu/jog/eseteink/derekegyhaza/index.htm" "Opera/9.80 (Windows NT 5.1) Presto/2.12.388 Version/12.14"
79.121.117.187 - - [06/Apr/2013:14:54:50 +0200] "GET /jog/style.css HTTP/1.1" 200 21413 "http://www.beklen.hu/jog/eseteink/derekegyhaza/index.htm" "Opera/9.80 (Windows NT 5.1) Presto/2.12.388 Version/12.14"
79.121.117.187 - - [06/Apr/2013:14:54:50 +0200] "GET /jog/lb/js/scriptaculous.js?load=effects HTTP/1.1" 200 2152 "http://www.beklen.hu/jog/eseteink/derekegyhaza/index.htm" "Opera/9.80 (Windows NT 5.1) Presto/2.12.388 Version/12.14"
79.121.117.187 - - [06/Apr/2013:14:54:50 +0200] "GET /jog/lb/js/lightbox.js HTTP/1.1" 200 23431 "http://www.beklen.hu/jog/eseteink/derekegyhaza/index.htm" "Opera/9.80 (Windows NT 5.1) Presto/2.12.388 Version/12.14"
79.121.117.187 - - [06/Apr/2013:14:54:50 +0200] "GET /jog/favicon.ico HTTP/1.1" 200 1150 "http://www.beklen.hu/jog/eseteink/derekegyhaza/index.htm" "Opera/9.80 (Windows NT 5.1) Presto/2.12.388 Version/12.14"
79.121.117.187 - - [06/Apr/2013:14:54:50 +0200] "GET /jog/lb/css/lightbox.css HTTP/1.1" 200 1715 "http://www.beklen.hu/jog/eseteink/derekegyhaza/index.htm" "Opera/9.80 (Windows NT 5.1) Presto/2.12.388 Version/12.14"
79.121.117.187 - - [06/Apr/2013:14:54:50 +0200] "GET /jog/img/file_pdf.png HTTP/1.1" 200 581 "http://www.beklen.hu/jog/eseteink/derekegyhaza/index.htm" "Opera/9.80 (Windows NT 5.1) Presto/2.12.388 Version/12.14"
79.121.117.187 - - [06/Apr/2013:14:54:50 +0200] "GET /jog/eseteink/derekegyhaza/kepek/37-431_o_2005__.jpg HTTP/1.1" 200 5766 "http://www.beklen.hu/jog/eseteink/derekegyhaza/index.htm" "Opera/9.80 (Windows NT 5.1) Presto/2.12.388 Version/12.14"
79.121.117.187 - - [06/Apr/2013:14:54:50 +0200] "GET /jog/eseteink/derekegyhaza/kepek/37-433_o_2005__.jpg HTTP/1.1" 200 5388 "http://www.beklen.hu/jog/eseteink/derekegyhaza/index.htm" "Opera/9.80 (Windows NT 5.1) Presto/2.12.388 Version/12.14"
79.121.117.187 - - [06/Apr/2013:14:54:50 +0200] "GET /jog/eseteink/derekegyhaza/kepek/37-431__.jpg HTTP/1.1" 200 4706 "http://www.beklen.hu/jog/eseteink/derekegyhaza/index.htm" "Opera/9.80 (Windows NT 5.1) Presto/2.12.388 Version/12.14"
79.121.117.187 - - [06/Apr/2013:14:54:50 +0200] "GET /jog/eseteink/derekegyhaza/kepek/37-431_o_2005__.jpg HTTP/1.1" 200 5766 "http://www.beklen.hu/jog/eseteink/derekegyhaza/index.htm" "Opera/9.80 (Windows NT 5.1) Presto/2.12.388 Version/12.14"
79.121.117.187 - - [06/Apr/2013:14:54:50 +0200] "GET /jog/eseteink/derekegyhaza/kepek/vadaskert-szakhat_.jpg HTTP/1.1" 200 8903 "http://www.beklen.hu/jog/eseteink/derekegyhaza/index.htm" "Opera/9.80 (Windows NT 5.1) Presto/2.12.388 Version/12.14"
79.121.117.187 - - [06/Apr/2013:14:54:50 +0200] "GET /jog/eseteink/derekegyhaza/kepek/dalerd__.jpg HTTP/1.1" 200 6281 "http://www.beklen.hu/jog/eseteink/derekegyhaza/index.htm" "Opera/9.80 (Windows NT 5.1) Presto/2.12.388 Version/12.14"
79.121.117.187 - - [06/Apr/2013:14:54:50 +0200] "GET /jog/lb/js/prototype.js HTTP/1.1" 200 47603 "http://www.beklen.hu/jog/eseteink/derekegyhaza/index.htm" "Opera/9.80 (Windows NT 5.1) Presto/2.12.388 Version/12.14"
79.121.117.187 - - [06/Apr/2013:14:54:50 +0200] "GET /jog/img/file_jpg.png HTTP/1.1" 200 607 "http://www.beklen.hu/jog/eseteink/derekegyhaza/index.htm" "Opera/9.80 (Windows NT 5.1) Presto/2.12.388 Version/12.14"
79.121.117.187 - - [06/Apr/2013:14:54:50 +0200] "GET /jog/eseteink/derekegyhaza/kepek/dalerd__.jpg HTTP/1.1" 200 6281 "http://www.beklen.hu/jog/eseteink/derekegyhaza/index.htm" "Opera/9.80 (Windows NT 5.1) Presto/2.12.388 Version/12.14"
79.121.117.187 - - [06/Apr/2013:14:54:50 +0200] "GET /jog/jquery.js HTTP/1.1" 200 72174 "http://www.beklen.hu/jog/eseteink/derekegyhaza/index.htm" "Opera/9.80 (Windows NT 5.1) Presto/2.12.388 Version/12.14"
79.121.117.187 - - [06/Apr/2013:14:54:50 +0200] "GET /jog/img/file_jpg.png HTTP/1.1" 200 607 "http://www.beklen.hu/jog/eseteink/derekegyhaza/index.htm" "Opera/9.80 (Windows NT 5.1) Presto/2.12.388 Version/12.14"
79.121.117.187 - - [06/Apr/2013:14:54:50 +0200] "GET /jog/jquery.js HTTP/1.1" 200 72174 "http://www.beklen.hu/jog/eseteink/derekegyhaza/index.htm" "Opera/9.80 (Windows NT 5.1) Presto/2.12.388 Version/12.14"
79.121.117.187 - - [06/Apr/2013:14:54:50 +0200] "GET /jog/lb/js/effects.js HTTP/1.1" 200 31969 "http://www.beklen.hu/jog/eseteink/derekegyhaza/index.htm" "Opera/9.80 (Windows NT 5.1) Presto/2.12.388 Version/12.14"
79.121.117.187 - - [06/Apr/2013:14:54:51 +0200] "GET /jog/images/nav.png HTTP/1.1" 200 10482 "http://www.beklen.hu/jog/eseteink/derekegyhaza/index.htm" "Opera/9.80 (Windows NT 5.1) Presto/2.12.388 Version/12.14"
79.121.117.187 - - [06/Apr/2013:14:54:51 +0200] "GET /jog/images/post_v.png HTTP/1.1" 200 310 "http://www.beklen.hu/jog/eseteink/derekegyhaza/index.htm" "Opera/9.80 (Windows NT 5.1) Presto/2.12.388 Version/12.14"
79.121.117.187 - - [06/Apr/2013:14:54:51 +0200] "GET /jog/images/menuitem.png HTTP/1.1" 200 20398 "http://www.beklen.hu/jog/eseteink/derekegyhaza/index.htm" "Opera/9.80 (Windows NT 5.1) Presto/2.12.388 Version/12.14"
79.121.117.187 - - [06/Apr/2013:14:54:51 +0200] "GET /jog/images/spacer.gif HTTP/1.1" 200 43 "http://www.beklen.hu/jog/eseteink/derekegyhaza/index.htm" "Opera/9.80 (Windows NT 5.1) Presto/2.12.388 Version/12.14"
79.121.117.187 - - [06/Apr/2013:14:54:51 +0200] "GET /jog/images/subitem.png HTTP/1.1" 200 81 "http://www.beklen.hu/jog/eseteink/derekegyhaza/index.htm" "Opera/9.80 (Windows NT 5.1) Presto/2.12.388 Version/12.14"
79.121.117.187 - - [06/Apr/2013:14:54:51 +0200] "GET /jog/images/header.png HTTP/1.1" 200 170837 "http://www.beklen.hu/jog/eseteink/derekegyhaza/index.htm" "Opera/9.80 (Windows NT 5.1) Presto/2.12.388 Version/12.14"
79.121.117.187 - - [06/Apr/2013:14:54:51 +0200] "GET /jog/images/post_h.png HTTP/1.1" 200 292 "http://www.beklen.hu/jog/eseteink/derekegyhaza/index.htm" "Opera/9.80 (Windows NT 5.1) Presto/2.12.388 Version/12.14"
79.121.117.187 - - [06/Apr/2013:14:54:51 +0200] "GET /jog/images/post_s.png HTTP/1.1" 200 466 "http://www.beklen.hu/jog/eseteink/derekegyhaza/index.htm" "Opera/9.80 (Windows NT 5.1) Presto/2.12.388 Version/12.14"
79.121.117.187 - - [06/Apr/2013:14:54:51 +0200] "GET /jog/images/post_c.png HTTP/1.1" 200 204 "http://www.beklen.hu/jog/eseteink/derekegyhaza/index.htm" "Opera/9.80 (Windows NT 5.1) Presto/2.12.388 Version/12.14"
79.121.117.187 - - [06/Apr/2013:14:54:51 +0200] "GET /jog/images/post_h.png HTTP/1.1" 200 292 "http://www.beklen.hu/jog/eseteink/derekegyhaza/index.htm" "Opera/9.80 (Windows NT 5.1) Presto/2.12.388 Version/12.14"
79.121.117.187 - - [06/Apr/2013:14:54:51 +0200] "GET /jog/images/post_c.png HTTP/1.1" 200 204 "http://www.beklen.hu/jog/eseteink/derekegyhaza/index.htm" "Opera/9.80 (Windows NT 5.1) Presto/2.12.388 Version/12.14"
79.121.117.187 - - [06/Apr/2013:14:54:51 +0200] "GET /jog/images/Bottom_texture.jpg HTTP/1.1" 200 193775 "http://www.beklen.hu/jog/eseteink/derekegyhaza/index.htm" "Opera/9.80 (Windows NT 5.1) Presto/2.12.388 Version/12.14"
79.121.117.187 - - [06/Apr/2013:14:54:51 +0200] "GET /jog/images/post_s.png HTTP/1.1" 200 466 "http://www.beklen.hu/jog/eseteink/derekegyhaza/index.htm" "Opera/9.80 (Windows NT 5.1) Presto/2.12.388 Version/12.14"
157.56.229.186 - - [06/Apr/2013:14:59:30 +0200] "GET /robots.txt HTTP/1.1" 404 1181 "-" "Mozilla/5.0 (compatible; bingbot/2.0; +http://www.bing.com/bingbot.htm)"
157.56.229.186 - - [06/Apr/2013:15:01:08 +0200] "GET /nka.htm HTTP/1.1" 200 6221 "-" "Mozilla/5.0 (compatible; bingbot/2.0; +http://www.bing.com/bingbot.htm)"
157.56.229.186 - - [06/Apr/2013:15:01:08 +0200] "GET /deutsch/stellen.htm HTTP/1.1" 200 6824 "-" "Mozilla/5.0 (compatible; bingbot/2.0; +http://www.bing.com/bingbot.htm)"
157.56.229.186 - - [06/Apr/2013:15:01:09 +0200] "GET /english/contact.htm HTTP/1.1" 200 4601 "-" "Mozilla/5.0 (compatible; bingbot/2.0; +http://www.bing.com/bingbot.htm)"
139.18.2.209 - - [06/Apr/2013:15:01:27 +0200] "GET /jog/eseteink/malom/index.htm HTTP/1.1" 200 17507 "-" "findlinks/2.6 (+http://wortschatz.uni-leipzig.de/findlinks/)"
157.55.32.114 - - [06/Apr/2013:15:01:42 +0200] "GET /deutsch/kontakt.htm HTTP/1.1" 200 4769 "-" "Mozilla/5.0 (compatible; bingbot/2.0; +http://www.bing.com/bingbot.htm)"
157.56.92.153 - - [06/Apr/2013:15:01:43 +0200] "GET /ncta.htm HTTP/1.1" 200 7221 "-" "Mozilla/5.0 (compatible; bingbot/2.0; +http://www.bing.com/bingbot.htm)"
157.55.33.47 - - [06/Apr/2013:15:01:45 +0200] "GET /jog/pub/fuzet_beliv_jav2.pdf HTTP/1.1" 200 34654 "-" "Mozilla/5.0 (compatible; bingbot/2.0; +http://www.bing.com/bingbot.htm)"
157.55.32.114 - - [06/Apr/2013:15:01:45 +0200] "GET /english/introduction.htm HTTP/1.1" 200 6502 "-" "Mozilla/5.0 (compatible; bingbot/2.0; +http://www.bing.com/bingbot.htm)"
157.56.92.153 - - [06/Apr/2013:15:01:45 +0200] "GET /deutsch/programme.htm HTTP/1.1" 200 6045 "-" "Mozilla/5.0 (compatible; bingbot/2.0; +http://www.bing.com/bingbot.htm)"
157.56.93.213 - - [06/Apr/2013:15:02:16 +0200] "GET /english/programs.htm HTTP/1.1" 200 5614 "-" "Mozilla/5.0 (compatible; bingbot/2.0; +http://www.bing.com/bingbot.htm)"
157.56.93.213 - - [06/Apr/2013:15:02:16 +0200] "GET /hirek/hirek101027.htm HTTP/1.1" 200 9627 "-" "Mozilla/5.0 (compatible; bingbot/2.0; +http://www.bing.com/bingbot.htm)"
157.55.34.32 - - [06/Apr/2013:15:02:20 +0200] "GET /szakmai.htm HTTP/1.1" 200 6054 "-" "Mozilla/5.0 (compatible; bingbot/2.0; +http://www.bing.com/bingbot.htm)"
157.55.34.32 - - [06/Apr/2013:15:02:21 +0200] "GET /media.htm HTTP/1.1" 200 5208 "-" "Mozilla/5.0 (compatible; bingbot/2.0; +http://www.bing.com/bingbot.htm)"
157.55.33.83 - - [06/Apr/2013:15:02:43 +0200] "GET /hirek/hirek101025.htm HTTP/1.1" 200 8786 "-" "Mozilla/5.0 (compatible; bingbot/2.0; +http://www.bing.com/bingbot.htm)"
157.55.33.83 - - [06/Apr/2013:15:02:46 +0200] "GET /hirek/hirek101213.htm HTTP/1.1" 200 8671 "-" "Mozilla/5.0 (compatible; bingbot/2.0; +http://www.bing.com/bingbot.htm)"
157.55.33.83 - - [06/Apr/2013:15:02:48 +0200] "GET /jog/eseteink/poroszlo/ HTTP/1.1" 200 16861 "-" "Mozilla/5.0 (compatible; bingbot/2.0; +http://www.bing.com/bingbot.htm)"
86.101.246.111 - - [06/Apr/2013:15:20:10 +0200] "GET /fiok/ HTTP/1.1" 200 20554 "http://www.humusz.hu/linkek" "Mozilla/5.0 (Windows NT 6.1; WOW64) AppleWebKit/537.31 (KHTML, like Gecko) Chrome/26.0.1410.43 Safari/537.31"
86.101.246.111 - - [06/Apr/2013:15:20:10 +0200] "GET /fiok/css/lightbox.css HTTP/1.1" 200 1715 "http://www.beklen.hu/fiok/" "Mozilla/5.0 (Windows NT 6.1; WOW64) AppleWebKit/537.31 (KHTML, like Gecko) Chrome/26.0.1410.43 Safari/537.31"
86.101.246.111 - - [06/Apr/2013:15:20:10 +0200] "GET /fiok/css/js/lightbox.js HTTP/1.1" 200 23424 "http://www.beklen.hu/fiok/" "Mozilla/5.0 (Windows NT 6.1; WOW64) AppleWebKit/537.31 (KHTML, like Gecko) Chrome/26.0.1410.43 Safari/537.31"
86.101.246.111 - - [06/Apr/2013:15:20:10 +0200] "GET /fiok/css/js/scriptaculous.js?load=effects HTTP/1.1" 200 2152 "http://www.beklen.hu/fiok/" "Mozilla/5.0 (Windows NT 6.1; WOW64) AppleWebKit/537.31 (KHTML, like Gecko) Chrome/26.0.1410.43 Safari/537.31"
86.101.246.111 - - [06/Apr/2013:15:20:10 +0200] "GET /fiok/css/js/prototype.js HTTP/1.1" 200 47603 "http://www.beklen.hu/fiok/" "Mozilla/5.0 (Windows NT 6.1; WOW64) AppleWebKit/537.31 (KHTML, like Gecko) Chrome/26.0.1410.43 Safari/537.31"
86.101.246.111 - - [06/Apr/2013:15:20:11 +0200] "GET /fiok/css/js/effects.js HTTP/1.1" 200 31969 "http://www.beklen.hu/fiok/" "Mozilla/5.0 (Windows NT 6.1; WOW64) AppleWebKit/537.31 (KHTML, like Gecko) Chrome/26.0.1410.43 Safari/537.31"
86.101.246.111 - - [06/Apr/2013:15:20:11 +0200] "GET /fiok/images/b12.jpg HTTP/1.1" 200 544 "http://www.beklen.hu/fiok/" "Mozilla/5.0 (Windows NT 6.1; WOW64) AppleWebKit/537.31 (KHTML, like Gecko) Chrome/26.0.1410.43 Safari/537.31"
86.101.246.111 - - [06/Apr/2013:15:20:11 +0200] "GET /fiok/images/index_13.gif HTTP/1.1" 200 149 "http://www.beklen.hu/fiok/" "Mozilla/5.0 (Windows NT 6.1; WOW64) AppleWebKit/537.31 (KHTML, like Gecko) Chrome/26.0.1410.43 Safari/537.31"
86.101.246.111 - - [06/Apr/2013:15:20:11 +0200] "GET /fiok/images/index_02_02.JPG HTTP/1.1" 200 1178 "http://www.beklen.hu/fiok/" "Mozilla/5.0 (Windows NT 6.1; WOW64) AppleWebKit/537.31 (KHTML, like Gecko) Chrome/26.0.1410.43 Safari/537.31"
86.101.246.111 - - [06/Apr/2013:15:20:11 +0200] "GET /fiok/images/index_12_12.JPG HTTP/1.1" 200 985 "http://www.beklen.hu/fiok/" "Mozilla/5.0 (Windows NT 6.1; WOW64) AppleWebKit/537.31 (KHTML, like Gecko) Chrome/26.0.1410.43 Safari/537.31"
86.101.246.111 - - [06/Apr/2013:15:20:11 +0200] "GET /fiok/images/index_11.gif HTTP/1.1" 200 74 "http://www.beklen.hu/fiok/" "Mozilla/5.0 (Windows NT 6.1; WOW64) AppleWebKit/537.31 (KHTML, like Gecko) Chrome/26.0.1410.43 Safari/537.31"
86.101.246.111 - - [06/Apr/2013:15:20:11 +0200] "GET /fiok/images/index_14_14.JPG HTTP/1.1" 200 9305 "http://www.beklen.hu/fiok/" "Mozilla/5.0 (Windows NT 6.1; WOW64) AppleWebKit/537.31 (KHTML, like Gecko) Chrome/26.0.1410.43 Safari/537.31"
86.101.246.111 - - [06/Apr/2013:15:20:11 +0200] "GET /fiok/images/index_15_15.JPG HTTP/1.1" 200 20275 "http://www.beklen.hu/fiok/" "Mozilla/5.0 (Windows NT 6.1; WOW64) AppleWebKit/537.31 (KHTML, like Gecko) Chrome/26.0.1410.43 Safari/537.31"
86.101.246.111 - - [06/Apr/2013:15:20:11 +0200] "GET /fiok/images/index_17_17.jpg HTTP/1.1" 200 2374 "http://www.beklen.hu/fiok/" "Mozilla/5.0 (Windows NT 6.1; WOW64) AppleWebKit/537.31 (KHTML, like Gecko) Chrome/26.0.1410.43 Safari/537.31"
86.101.246.111 - - [06/Apr/2013:15:20:11 +0200] "GET /fiok/images/index_19_19.JPG HTTP/1.1" 200 3123 "http://www.beklen.hu/fiok/" "Mozilla/5.0 (Windows NT 6.1; WOW64) AppleWebKit/537.31 (KHTML, like Gecko) Chrome/26.0.1410.43 Safari/537.31"
86.101.246.111 - - [06/Apr/2013:15:20:11 +0200] "GET /fiok/images/index_18_18.JPG HTTP/1.1" 200 15778 "http://www.beklen.hu/fiok/" "Mozilla/5.0 (Windows NT 6.1; WOW64) AppleWebKit/537.31 (KHTML, like Gecko) Chrome/26.0.1410.43 Safari/537.31"
86.101.246.111 - - [06/Apr/2013:15:20:11 +0200] "GET /fiok/images/index_16_16.JPG HTTP/1.1" 200 13468 "http://www.beklen.hu/fiok/" "Mozilla/5.0 (Windows NT 6.1; WOW64) AppleWebKit/537.31 (KHTML, like Gecko) Chrome/26.0.1410.43 Safari/537.31"
86.101.246.111 - - [06/Apr/2013:15:20:11 +0200] "GET /fiok/images/index_21_21.JPG HTTP/1.1" 404 1181 "http://www.beklen.hu/fiok/" "Mozilla/5.0 (Windows NT 6.1; WOW64) AppleWebKit/537.31 (KHTML, like Gecko) Chrome/26.0.1410.43 Safari/537.31"
86.101.246.111 - - [06/Apr/2013:15:20:11 +0200] "GET /fiok/images/index_22.gif HTTP/1.1" 200 227 "http://www.beklen.hu/fiok/" "Mozilla/5.0 (Windows NT 6.1; WOW64) AppleWebKit/537.31 (KHTML, like Gecko) Chrome/26.0.1410.43 Safari/537.31"
86.101.246.111 - - [06/Apr/2013:15:20:11 +0200] "GET /fiok/images/szovegkep.JPG HTTP/1.1" 200 12792 "http://www.beklen.hu/fiok/" "Mozilla/5.0 (Windows NT 6.1; WOW64) AppleWebKit/537.31 (KHTML, like Gecko) Chrome/26.0.1410.43 Safari/537.31"
86.101.246.111 - - [06/Apr/2013:15:20:11 +0200] "GET /fiok/images/index_24.gif HTTP/1.1" 200 227 "http://www.beklen.hu/fiok/" "Mozilla/5.0 (Windows NT 6.1; WOW64) AppleWebKit/537.31 (KHTML, like Gecko) Chrome/26.0.1410.43 Safari/537.31"
86.101.246.111 - - [06/Apr/2013:15:20:11 +0200] "GET /fiok/images/index_26.gif HTTP/1.1" 200 121 "http://www.beklen.hu/fiok/" "Mozilla/5.0 (Windows NT 6.1; WOW64) AppleWebKit/537.31 (KHTML, like Gecko) Chrome/26.0.1410.43 Safari/537.31"
86.101.246.111 - - [06/Apr/2013:15:20:11 +0200] "GET /fiok/images/index_27_27.jpg HTTP/1.1" 200 12876 "http://www.beklen.hu/fiok/" "Mozilla/5.0 (Windows NT 6.1; WOW64) AppleWebKit/537.31 (KHTML, like Gecko) Chrome/26.0.1410.43 Safari/537.31"
86.101.246.111 - - [06/Apr/2013:15:20:11 +0200] "GET /fiok/images/index_25_25.jpg HTTP/1.1" 200 4960 "http://www.beklen.hu/fiok/" "Mozilla/5.0 (Windows NT 6.1; WOW64) AppleWebKit/537.31 (KHTML, like Gecko) Chrome/26.0.1410.43 Safari/537.31"
86.101.246.111 - - [06/Apr/2013:15:20:11 +0200] "GET /fiok/images/spacer.gif HTTP/1.1" 200 43 "http://www.beklen.hu/fiok/" "Mozilla/5.0 (Windows NT 6.1; WOW64) AppleWebKit/537.31 (KHTML, like Gecko) Chrome/26.0.1410.43 Safari/537.31"
86.101.246.111 - - [06/Apr/2013:15:20:11 +0200] "GET /fiok/images/index_28.gif HTTP/1.1" 200 262 "http://www.beklen.hu/fiok/" "Mozilla/5.0 (Windows NT 6.1; WOW64) AppleWebKit/537.31 (KHTML, like Gecko) Chrome/26.0.1410.43 Safari/537.31"
86.101.246.111 - - [06/Apr/2013:15:20:11 +0200] "GET /fiok/images/a4a.jpg HTTP/1.1" 200 524 "http://www.beklen.hu/fiok/" "Mozilla/5.0 (Windows NT 6.1; WOW64) AppleWebKit/537.31 (KHTML, like Gecko) Chrome/26.0.1410.43 Safari/537.31"
86.101.246.111 - - [06/Apr/2013:15:20:11 +0200] "GET /fiok/images/b4b.jpg HTTP/1.1" 200 524 "http://www.beklen.hu/fiok/" "Mozilla/5.0 (Windows NT 6.1; WOW64) AppleWebKit/537.31 (KHTML, like Gecko) Chrome/26.0.1410.43 Safari/537.31"
86.101.246.111 - - [06/Apr/2013:15:20:11 +0200] "GET /fiok/images/c4c.jpg HTTP/1.1" 200 524 "http://www.beklen.hu/fiok/" "Mozilla/5.0 (Windows NT 6.1; WOW64) AppleWebKit/537.31 (KHTML, like Gecko) Chrome/26.0.1410.43 Safari/537.31"
86.101.246.111 - - [06/Apr/2013:15:20:11 +0200] "GET /fiok/images/d4d.jpg HTTP/1.1" 200 524 "http://www.beklen.hu/fiok/" "Mozilla/5.0 (Windows NT 6.1; WOW64) AppleWebKit/537.31 (KHTML, like Gecko) Chrome/26.0.1410.43 Safari/537.31"
86.101.246.111 - - [06/Apr/2013:15:20:11 +0200] "GET /fiok/images/e4e.jpg HTTP/1.1" 200 524 "http://www.beklen.hu/fiok/" "Mozilla/5.0 (Windows NT 6.1; WOW64) AppleWebKit/537.31 (KHTML, like Gecko) Chrome/26.0.1410.43 Safari/537.31"
86.101.246.111 - - [06/Apr/2013:15:20:11 +0200] "GET /lb/images/loading.gif HTTP/1.1" 200 2767 "http://www.beklen.hu/fiok/" "Mozilla/5.0 (Windows NT 6.1; WOW64) AppleWebKit/537.31 (KHTML, like Gecko) Chrome/26.0.1410.43 Safari/537.31"
86.101.246.111 - - [06/Apr/2013:15:20:11 +0200] "GET /lb/images/closelabel.gif HTTP/1.1" 200 222 "http://www.beklen.hu/fiok/" "Mozilla/5.0 (Windows NT 6.1; WOW64) AppleWebKit/537.31 (KHTML, like Gecko) Chrome/26.0.1410.43 Safari/537.31"
86.101.246.111 - - [06/Apr/2013:15:20:11 +0200] "GET /favicon.ico HTTP/1.1" 404 1181 "-" "Mozilla/5.0 (Windows NT 6.1; WOW64) AppleWebKit/537.31 (KHTML, like Gecko) Chrome/26.0.1410.43 Safari/537.31"
66.249.78.60 - - [06/Apr/2013:15:29:14 +0200] "GET /jog/eseteink/audi/europai%20bizottsag%20fotitkarsaga.pdf HTTP/1.1" 200 374636 "-" "Mozilla/5.0 (iPhone; U; CPU iPhone OS 4_1 like Mac OS X; en-us) AppleWebKit/532.9 (KHTML, like Gecko) Version/4.0.5 Mobile/8B117 Safari/6531.22.7 (compatible; Googlebot-Mobile/2.1; +http://www.google.com/bot.html)"
199.30.20.44 - - [06/Apr/2013:15:41:43 +0200] "GET /robots.txt HTTP/1.1" 404 1181 "-" "msnbot-media/1.1 (+http://search.msn.com/msnbot.htm)"
199.30.20.44 - - [06/Apr/2013:15:41:44 +0200] "GET /tm03_.jpg HTTP/1.1" 200 1787 "-" "msnbot-media/1.1 (+http://search.msn.com/msnbot.htm)"
66.249.78.60 - - [06/Apr/2013:16:05:32 +0200] "GET /robots.txt HTTP/1.1" 404 1181 "-" "Mozilla/5.0 (compatible; Googlebot/2.1; +http://www.google.com/bot.html)"
66.249.78.60 - - [06/Apr/2013:16:05:32 +0200] "GET /hirek/1303122.htm HTTP/1.1" 304 - "-" "Mozilla/5.0 (iPhone; U; CPU iPhone OS 4_1 like Mac OS X; en-us) AppleWebKit/532.9 (KHTML, like Gecko) Version/4.0.5 Mobile/8B117 Safari/6531.22.7 (compatible; Googlebot-Mobile/2.1; +http://www.google.com/bot.html)"
77.88.42.27 - - [06/Apr/2013:16:13:34 +0200] "GET /jog/jogszabalyok/biodiverzitas_egyezmeny.pdf HTTP/1.1" 200 198401 "-" "Mozilla/5.0 (compatible; YandexBot/3.0; +http://yandex.com/bots)"
157.55.34.32 - - [06/Apr/2013:16:19:27 +0200] "GET /robots.txt HTTP/1.1" 404 1181 "-" "Mozilla/5.0 (compatible; bingbot/2.0; +http://www.bing.com/bingbot.htm)"
66.249.78.60 - - [06/Apr/2013:16:19:58 +0200] "GET /hirek/1303122.htm HTTP/1.1" 200 7547 "-" "SAMSUNG-SGH-E250/1.0 Profile/MIDP-2.0 Configuration/CLDC-1.1 UP.Browser/6.2.3.3.c.1.101 (GUI) MMP/2.0 (compatible; Googlebot-Mobile/2.1; +http://www.google.com/bot.html)"
157.55.34.32 - - [06/Apr/2013:16:21:58 +0200] "GET /media.htm HTTP/1.1" 200 5208 "-" "Mozilla/5.0 (compatible; bingbot/2.0; +http://www.bing.com/bingbot.htm)"
66.249.78.60 - - [06/Apr/2013:16:24:42 +0200] "GET /hirek08_10.htm HTTP/1.1" 304 - "-" "Mozilla/5.0 (iPhone; U; CPU iPhone OS 4_1 like Mac OS X; en-us) AppleWebKit/532.9 (KHTML, like Gecko) Version/4.0.5 Mobile/8B117 Safari/6531.22.7 (compatible; Googlebot-Mobile/2.1; +http://www.google.com/bot.html)"
208.115.113.84 - - [06/Apr/2013:16:29:52 +0200] "GET /robots.txt HTTP/1.1" 404 1181 "-" "Mozilla/5.0 (compatible; Ezooms/1.0; ezooms.bot@gmail.com)"
157.55.33.83 - - [06/Apr/2013:16:31:16 +0200] "GET /jog/eseteink/poroszlo/ HTTP/1.1" 200 16861 "-" "Mozilla/5.0 (compatible; bingbot/2.0; +http://www.bing.com/bingbot.htm)"
66.249.78.60 - - [06/Apr/2013:17:50:37 +0200] "GET /hirek/130313.htm HTTP/1.1" 304 - "-" "Mozilla/5.0 (iPhone; U; CPU iPhone OS 4_1 like Mac OS X; en-us) AppleWebKit/532.9 (KHTML, like Gecko) Version/4.0.5 Mobile/8B117 Safari/6531.22.7 (compatible; Googlebot-Mobile/2.1; +http://www.google.com/bot.html)"
66.249.78.60 - - [06/Apr/2013:17:55:30 +0200] "GET /jog/eseteink/derekegyhaza/index.htm HTTP/1.1" 304 - "-" "Mozilla/5.0 (compatible; Googlebot/2.1; +http://www.google.com/bot.html)"
46.4.106.211 - - [06/Apr/2013:18:03:55 +0200] "GET / HTTP/1.1" 200 42122 "-" "Java/1.6.0_23"
46.4.106.211 - - [06/Apr/2013:18:03:55 +0200] "GET /hirarchivum.htm HTTP/1.1" 200 24981 "-" "Java/1.6.0_23"
46.4.106.211 - - [06/Apr/2013:18:03:56 +0200] "GET /index.htm HTTP/1.1" 200 42122 "-" "Java/1.6.0_23"
46.4.106.211 - - [06/Apr/2013:18:03:56 +0200] "GET /kapcsolat.htm HTTP/1.1" 200 6875 "-" "Java/1.6.0_23"
46.4.106.211 - - [06/Apr/2013:18:03:56 +0200] "GET /magunkrol.htm HTTP/1.1" 200 9161 "-" "Java/1.6.0_23"
46.4.106.211 - - [06/Apr/2013:18:03:56 +0200] "GET /media.htm HTTP/1.1" 200 5208 "-" "Java/1.6.0_23"
46.4.106.211 - - [06/Apr/2013:18:03:56 +0200] "GET /programok.htm HTTP/1.1" 200 6444 "-" "Java/1.6.0_23"
46.4.106.211 - - [06/Apr/2013:18:03:56 +0200] "GET /vill.cs HTTP/1.1" 200 3114 "-" "Java/1.6.0_23"
46.4.106.211 - - [06/Apr/2013:18:03:56 +0200] "GET /hirek08_10.htm HTTP/1.1" 200 6946 "-" "Java/1.6.0_23"
46.4.106.211 - - [06/Apr/2013:18:03:56 +0200] "GET /hirek08_11.htm HTTP/1.1" 200 7253 "-" "Java/1.6.0_23"
46.4.106.211 - - [06/Apr/2013:18:03:57 +0200] "GET /hirek08_12.htm HTTP/1.1" 200 8268 "-" "Java/1.6.0_23"
46.4.106.211 - - [06/Apr/2013:18:03:57 +0200] "GET /hirek09_01.htm HTTP/1.1" 200 6841 "-" "Java/1.6.0_23"
46.4.106.211 - - [06/Apr/2013:18:03:57 +0200] "GET /hirek09_02.htm HTTP/1.1" 200 7450 "-" "Java/1.6.0_23"
46.4.106.211 - - [06/Apr/2013:18:03:57 +0200] "GET /hirek09_03.htm HTTP/1.1" 200 10726 "-" "Java/1.6.0_23"
46.4.106.211 - - [06/Apr/2013:18:03:57 +0200] "GET /&url=kapcsolat.htm HTTP/1.1" 404 1181 "-" "Java/1.6.0_23"
46.4.106.211 - - [06/Apr/2013:18:03:57 +0200] "GET /&url=programok.htm HTTP/1.1" 404 1181 "-" "Java/1.6.0_23"
46.4.106.211 - - [06/Apr/2013:18:03:57 +0200] "GET /&url=adomanyi.htm HTTP/1.1" 404 1181 "-" "Java/1.6.0_23"
46.4.106.211 - - [06/Apr/2013:18:03:57 +0200] "GET /bunt.htm HTTP/1.1" 200 5683 "-" "Java/1.6.0_23"
46.4.106.211 - - [06/Apr/2013:18:03:58 +0200] "GET /civilmuhely.htm HTTP/1.1" 200 8450 "-" "Java/1.6.0_23"
46.4.106.211 - - [06/Apr/2013:18:03:58 +0200] "GET /khb.htm HTTP/1.1" 200 8719 "-" "Java/1.6.0_23"
46.4.106.211 - - [06/Apr/2013:18:03:58 +0200] "GET /nca.htm HTTP/1.1" 200 7467 "-" "Java/1.6.0_23"
46.4.106.211 - - [06/Apr/2013:18:03:58 +0200] "GET /ncta.htm HTTP/1.1" 200 7221 "-" "Java/1.6.0_23"
46.4.106.211 - - [06/Apr/2013:18:03:58 +0200] "GET /nka.htm HTTP/1.1" 200 6221 "-" "Java/1.6.0_23"
46.4.106.211 - - [06/Apr/2013:18:03:58 +0200] "GET /szakmai.htm HTTP/1.1" 200 6054 "-" "Java/1.6.0_23"
46.4.106.211 - - [06/Apr/2013:18:03:58 +0200] "GET /ncta_a.htm HTTP/1.1" 200 7260 "-" "Java/1.6.0_23"
46.4.106.211 - - [06/Apr/2013:18:03:58 +0200] "GET /&url=civilmuhely.htm HTTP/1.1" 404 1181 "-" "Java/1.6.0_23"
46.4.106.211 - - [06/Apr/2013:18:03:59 +0200] "GET /&url=magunkrol.htm HTTP/1.1" 404 1181 "-" "Java/1.6.0_23"
46.4.106.211 - - [06/Apr/2013:18:03:59 +0200] "GET /nca04.htm HTTP/1.1" 200 16378 "-" "Java/1.6.0_23"
46.4.106.211 - - [06/Apr/2013:18:03:59 +0200] "GET /nca05.htm HTTP/1.1" 200 16412 "-" "Java/1.6.0_23"
46.4.106.211 - - [06/Apr/2013:18:03:59 +0200] "GET /nca06.htm HTTP/1.1" 200 19034 "-" "Java/1.6.0_23"
46.4.106.211 - - [06/Apr/2013:18:03:59 +0200] "GET /nca07.htm HTTP/1.1" 200 21968 "-" "Java/1.6.0_23"
46.4.106.211 - - [06/Apr/2013:18:03:59 +0200] "GET /nca08.htm HTTP/1.1" 200 21795 "-" "Java/1.6.0_23"
46.4.106.211 - - [06/Apr/2013:18:04:00 +0200] "GET /nca09.htm HTTP/1.1" 200 24315 "-" "Java/1.6.0_23"
46.4.106.211 - - [06/Apr/2013:18:04:00 +0200] "GET /nca10.htm HTTP/1.1" 200 16648 "-" "Java/1.6.0_23"
46.4.106.211 - - [06/Apr/2013:18:04:00 +0200] "GET /nca11.htm HTTP/1.1" 200 7133 "-" "Java/1.6.0_23"
46.4.106.211 - - [06/Apr/2013:18:04:00 +0200] "GET /kiadvanyok.htm HTTP/1.1" 200 8206 "-" "Java/1.6.0_23"
46.4.106.211 - - [06/Apr/2013:18:04:00 +0200] "GET /deutsch/index.htm HTTP/1.1" 200 5324 "-" "Java/1.6.0_23"
46.4.106.211 - - [06/Apr/2013:18:04:01 +0200] "GET /english/index.htm HTTP/1.1" 200 5262 "-" "Java/1.6.0_23"
46.4.106.211 - - [06/Apr/2013:18:04:01 +0200] "GET /fiok/index.html HTTP/1.1" 200 20554 "-" "Java/1.6.0_23"
46.4.106.211 - - [06/Apr/2013:18:04:01 +0200] "GET /hirek/130307.htm HTTP/1.1" 200 12189 "-" "Java/1.6.0_23"
46.4.106.211 - - [06/Apr/2013:18:04:01 +0200] "GET /hirek/1303071.htm HTTP/1.1" 200 8749 "-" "Java/1.6.0_23"
46.4.106.211 - - [06/Apr/2013:18:04:01 +0200] "GET /hirek/1303072.htm HTTP/1.1" 200 9111 "-" "Java/1.6.0_23"
46.4.106.211 - - [06/Apr/2013:18:04:01 +0200] "GET /hirek/130312.htm HTTP/1.1" 200 9645 "-" "Java/1.6.0_23"
46.4.106.211 - - [06/Apr/2013:18:04:02 +0200] "GET /hirek/1303122.htm HTTP/1.1" 200 7547 "-" "Java/1.6.0_23"
139.18.2.209 - - [06/Apr/2013:18:06:57 +0200] "GET /fiok/program_reszek/konferancia.htm HTTP/1.1" 200 21668 "-" "findlinks/2.6 (+http://wortschatz.uni-leipzig.de/findlinks/)"
157.56.93.220 - - [06/Apr/2013:18:17:25 +0200] "GET /robots.txt HTTP/1.1" 404 1181 "-" "Mozilla/5.0 (compatible; bingbot/2.0; +http://www.bing.com/bingbot.htm)"
77.88.42.27 - - [06/Apr/2013:18:18:00 +0200] "GET /robots.txt HTTP/1.1" 404 1181 "-" "Mozilla/5.0 (compatible; YandexBot/3.0; +http://yandex.com/bots)"
157.56.93.220 - - [06/Apr/2013:18:18:57 +0200] "GET /kapcsolat.htm HTTP/1.1" 200 6875 "-" "Mozilla/5.0 (compatible; bingbot/2.0; +http://www.bing.com/bingbot.htm)"
208.115.113.84 - - [06/Apr/2013:18:19:00 +0200] "GET /jog/ugyeszsegek.htm HTTP/1.1" 200 13810 "-" "Mozilla/5.0 (compatible; Ezooms/1.0; ezooms.bot@gmail.com)"
66.249.78.60 - - [06/Apr/2013:18:19:21 +0200] "GET /jog/eseteink/audi/ferto-hansag_ii.pdf HTTP/1.1" 200 293257 "-" "Mozilla/5.0 (iPhone; U; CPU iPhone OS 4_1 like Mac OS X; en-us) AppleWebKit/532.9 (KHTML, like Gecko) Version/4.0.5 Mobile/8B117 Safari/6531.22.7 (compatible; Googlebot-Mobile/2.1; +http://www.google.com/bot.html)"
66.249.78.60 - - [06/Apr/2013:18:36:33 +0200] "GET /index.htm HTTP/1.1" 200 42122 "-" "Mozilla/5.0 (iPhone; U; CPU iPhone OS 4_1 like Mac OS X; en-us) AppleWebKit/532.9 (KHTML, like Gecko) Version/4.0.5 Mobile/8B117 Safari/6531.22.7 (compatible; Googlebot-Mobile/2.1; +http://www.google.com/bot.html)"
66.249.78.60 - - [06/Apr/2013:18:51:55 +0200] "GET /jog/pub/fuzet_beliv_jav2.pdf HTTP/1.1" 304 - "-" "Mozilla/5.0 (compatible; Googlebot/2.1; +http://www.google.com/bot.html)"
193.186.15.53 - - [06/Apr/2013:18:56:50 +0200] "GET /wp-login.php HTTP/1.0" 404 1181 "-" "Mozilla/5.0 (Windows NT 6.1; rv:19.0) Gecko/20100101 Firefox/19.0"
193.186.15.53 - - [06/Apr/2013:18:56:51 +0200] "GET /administrator/index.php HTTP/1.0" 404 1181 "-" "Mozilla/5.0 (Windows NT 6.1; rv:19.0) Gecko/20100101 Firefox/19.0"
77.88.42.27 - - [06/Apr/2013:19:13:18 +0200] "GET /fiok/index.html HTTP/1.1" 200 20554 "-" "Mozilla/5.0 (compatible; YandexBot/3.0; +http://yandex.com/bots)"
180.76.5.49 - - [06/Apr/2013:19:23:37 +0200] "GET /fiok/program_reszek/csaladbarat.htm HTTP/1.1" 200 20928 "-" "Mozilla/5.0 (compatible; Baiduspider/2.0; +http://www.baidu.com/search/spider.html)"
66.249.78.60 - - [06/Apr/2013:19:27:51 +0200] "GET /jog/eseteink/derekegyhaza/dalerd-disznoskert%20szakhat-vegleges.pdf HTTP/1.1" 304 - "-" "Mozilla/5.0 (compatible; Googlebot/2.1; +http://www.google.com/bot.html)"
81.182.206.76 - - [06/Apr/2013:19:35:04 +0200] "GET /jog/eseteink/kavicszatony/dscf0084.jpg HTTP/1.1" 200 121546 "http://www.google.hu/blank.html" "Mozilla/5.0 (Windows NT 6.1; WOW64) AppleWebKit/537.31 (KHTML, like Gecko) Chrome/26.0.1410.43 Safari/537.31"
81.182.206.76 - - [06/Apr/2013:19:35:48 +0200] "GET /jog/eseteink/kavicszatony/dscf0084.jpg HTTP/1.1" 200 121546 "-" "Mozilla/4.0 (compatible; MSIE 7.0; Windows NT 6.1; WOW64; Trident/5.0; SLCC2; .NET CLR 2.0.50727; .NET CLR 3.5.30729; .NET CLR 3.0.30729; Media Center PC 6.0; InfoPath.2; .NET4.0C; MSOffice 12)"
