65.55.215.57 - - [18/Apr/2013:07:34:53 +0200] "GET /tm01.jpg HTTP/1.1" 200 1080 "-" "msnbot-media/1.1 (+http://search.msn.com/msnbot.htm)"
66.249.78.60 - - [18/Apr/2013:07:50:27 +0200] "GET / HTTP/1.1" 200 43954 "-" "SAMSUNG-SGH-E250/1.0 Profile/MIDP-2.0 Configuration/CLDC-1.1 UP.Browser/6.2.3.3.c.1.101 (GUI) MMP/2.0 (compatible; Googlebot-Mobile/2.1; +http://www.google.com/bot.html)"
208.115.113.84 - - [18/Apr/2013:08:22:36 +0200] "GET /robots.txt HTTP/1.1" 404 1181 "-" "Mozilla/5.0 (compatible; Ezooms/1.0; ezooms.bot@gmail.com)"
180.76.5.12 - - [18/Apr/2013:08:51:22 +0200] "GET /robots.txt HTTP/1.1" 404 1181 "-" "Mozilla/5.0 (Windows NT 5.1; rv:6.0.2) Gecko/20100101 Firefox/6.0.2"
91.137.131.45 - - [18/Apr/2013:09:01:27 +0200] "GET /vill.cs HTTP/1.1" 200 3139 "http://www.beklen.hu/" "Mozilla/5.0 (Windows NT 6.1; WOW64; rv:20.0) Gecko/20100101 Firefox/20.0"
91.137.131.45 - - [18/Apr/2013:09:01:27 +0200] "GET / HTTP/1.1" 200 43954 "http://www.google.hu/url?sa=t&rct=j&q=&esrc=s&source=web&cd=1&ved=0CDUQFjAA&url=http%3A%2F%2Fwww.beklen.hu%2F&ei=RppvUZ_MNoSztAbz_4DABw&usg=AFQjCNEP-2laihep9vegTwNlHcl4us-iaw&sig2=feVWnKGy0cYMLHvYziZdBg&bvm=bv.45368065,d.Yms" "Mozilla/5.0 (Windows NT 6.1; WOW64; rv:20.0) Gecko/20100101 Firefox/20.0"
91.137.131.45 - - [18/Apr/2013:09:01:27 +0200] "GET /lb/js/scriptaculous.js?load=effects HTTP/1.1" 200 2152 "http://www.beklen.hu/" "Mozilla/5.0 (Windows NT 6.1; WOW64; rv:20.0) Gecko/20100101 Firefox/20.0"
91.137.131.45 - - [18/Apr/2013:09:01:27 +0200] "GET /lb/js/lightbox.js HTTP/1.1" 200 23424 "http://www.beklen.hu/" "Mozilla/5.0 (Windows NT 6.1; WOW64; rv:20.0) Gecko/20100101 Firefox/20.0"
91.137.131.45 - - [18/Apr/2013:09:01:27 +0200] "GET /lb/js/prototype.js HTTP/1.1" 200 47603 "http://www.beklen.hu/" "Mozilla/5.0 (Windows NT 6.1; WOW64; rv:20.0) Gecko/20100101 Firefox/20.0"
91.137.131.45 - - [18/Apr/2013:09:01:27 +0200] "GET /lb/css/lightbox.css HTTP/1.1" 200 1715 "http://www.beklen.hu/" "Mozilla/5.0 (Windows NT 6.1; WOW64; rv:20.0) Gecko/20100101 Firefox/20.0"
91.137.131.45 - - [18/Apr/2013:09:01:27 +0200] "GET /tm02.jpg HTTP/1.1" 200 1873 "http://www.beklen.hu/" "Mozilla/5.0 (Windows NT 6.1; WOW64; rv:20.0) Gecko/20100101 Firefox/20.0"
91.137.131.45 - - [18/Apr/2013:09:01:27 +0200] "GET /tm01.jpg HTTP/1.1" 200 1080 "http://www.beklen.hu/" "Mozilla/5.0 (Windows NT 6.1; WOW64; rv:20.0) Gecko/20100101 Firefox/20.0"
91.137.131.45 - - [18/Apr/2013:09:01:27 +0200] "GET /tm05_.jpg HTTP/1.1" 200 1839 "http://www.beklen.hu/" "Mozilla/5.0 (Windows NT 6.1; WOW64; rv:20.0) Gecko/20100101 Firefox/20.0"
91.137.131.45 - - [18/Apr/2013:09:01:27 +0200] "GET /tm03_.jpg HTTP/1.1" 200 1787 "http://www.beklen.hu/" "Mozilla/5.0 (Windows NT 6.1; WOW64; rv:20.0) Gecko/20100101 Firefox/20.0"
91.137.131.45 - - [18/Apr/2013:09:01:27 +0200] "GET /tm06_.jpg HTTP/1.1" 200 1382 "http://www.beklen.hu/" "Mozilla/5.0 (Windows NT 6.1; WOW64; rv:20.0) Gecko/20100101 Firefox/20.0"
91.137.131.45 - - [18/Apr/2013:09:01:27 +0200] "GET /tm04_.jpg HTTP/1.1" 200 2058 "http://www.beklen.hu/" "Mozilla/5.0 (Windows NT 6.1; WOW64; rv:20.0) Gecko/20100101 Firefox/20.0"
91.137.131.45 - - [18/Apr/2013:09:01:27 +0200] "GET /tm07.jpg HTTP/1.1" 200 1007 "http://www.beklen.hu/" "Mozilla/5.0 (Windows NT 6.1; WOW64; rv:20.0) Gecko/20100101 Firefox/20.0"
91.137.131.45 - - [18/Apr/2013:09:01:27 +0200] "GET /a1_projekt_tabla_infra_cs3_beklenhaz_.jpg HTTP/1.1" 200 8994 "http://www.beklen.hu/" "Mozilla/5.0 (Windows NT 6.1; WOW64; rv:20.0) Gecko/20100101 Firefox/20.0"
91.137.131.45 - - [18/Apr/2013:09:01:27 +0200] "GET /uszt-tabla_.jpg HTTP/1.1" 200 4543 "http://www.beklen.hu/" "Mozilla/5.0 (Windows NT 6.1; WOW64; rv:20.0) Gecko/20100101 Firefox/20.0"
91.137.131.45 - - [18/Apr/2013:09:01:27 +0200] "GET /jog_honlap_.jpg HTTP/1.1" 200 7186 "http://www.beklen.hu/" "Mozilla/5.0 (Windows NT 6.1; WOW64; rv:20.0) Gecko/20100101 Firefox/20.0"
91.137.131.45 - - [18/Apr/2013:09:01:27 +0200] "GET /lb/js/effects.js HTTP/1.1" 200 31969 "http://www.beklen.hu/" "Mozilla/5.0 (Windows NT 6.1; WOW64; rv:20.0) Gecko/20100101 Firefox/20.0"
91.137.131.45 - - [18/Apr/2013:09:01:27 +0200] "GET /bg.jpg HTTP/1.1" 200 566 "http://www.beklen.hu/" "Mozilla/5.0 (Windows NT 6.1; WOW64; rv:20.0) Gecko/20100101 Firefox/20.0"
91.137.131.45 - - [18/Apr/2013:09:01:27 +0200] "GET /turizmusbanner.swf HTTP/1.1" 200 160827 "http://www.beklen.hu/" "Mozilla/5.0 (Windows NT 6.1; WOW64; rv:20.0) Gecko/20100101 Firefox/20.0"
91.137.131.45 - - [18/Apr/2013:09:01:27 +0200] "GET /bottom_main.jpg HTTP/1.1" 200 96820 "http://www.beklen.hu/vill.cs" "Mozilla/5.0 (Windows NT 6.1; WOW64; rv:20.0) Gecko/20100101 Firefox/20.0"
91.137.131.45 - - [18/Apr/2013:09:01:33 +0200] "GET /nimfea_project_250x250.gif HTTP/1.1" 200 2986583 "http://www.beklen.hu/" "Mozilla/5.0 (Windows NT 6.1; WOW64; rv:20.0) Gecko/20100101 Firefox/20.0"
91.137.131.45 - - [18/Apr/2013:09:01:33 +0200] "GET /tm04.jpg HTTP/1.1" 200 2613 "http://www.beklen.hu/" "Mozilla/5.0 (Windows NT 6.1; WOW64; rv:20.0) Gecko/20100101 Firefox/20.0"
91.137.131.45 - - [18/Apr/2013:09:01:33 +0200] "GET /tm05.jpg HTTP/1.1" 200 2253 "http://www.beklen.hu/" "Mozilla/5.0 (Windows NT 6.1; WOW64; rv:20.0) Gecko/20100101 Firefox/20.0"
91.137.131.45 - - [18/Apr/2013:09:01:33 +0200] "GET /tm06.jpg HTTP/1.1" 200 1651 "http://www.beklen.hu/" "Mozilla/5.0 (Windows NT 6.1; WOW64; rv:20.0) Gecko/20100101 Firefox/20.0"
91.137.131.45 - - [18/Apr/2013:09:01:33 +0200] "GET /tm02_.jpg HTTP/1.1" 200 1524 "http://www.beklen.hu/" "Mozilla/5.0 (Windows NT 6.1; WOW64; rv:20.0) Gecko/20100101 Firefox/20.0"
91.137.131.45 - - [18/Apr/2013:09:01:33 +0200] "GET /favicon.ico HTTP/1.1" 404 1181 "-" "Mozilla/5.0 (Windows NT 6.1; WOW64; rv:20.0) Gecko/20100101 Firefox/20.0"
91.137.131.45 - - [18/Apr/2013:09:01:33 +0200] "GET /lb/images/closelabel.gif HTTP/1.1" 200 222 "http://www.beklen.hu/" "Mozilla/5.0 (Windows NT 6.1; WOW64; rv:20.0) Gecko/20100101 Firefox/20.0"
91.137.131.45 - - [18/Apr/2013:09:01:33 +0200] "GET /lb/images/loading.gif HTTP/1.1" 200 2767 "http://www.beklen.hu/" "Mozilla/5.0 (Windows NT 6.1; WOW64; rv:20.0) Gecko/20100101 Firefox/20.0"
91.137.131.45 - - [18/Apr/2013:09:01:33 +0200] "GET /tm03.jpg HTTP/1.1" 200 2212 "http://www.beklen.hu/" "Mozilla/5.0 (Windows NT 6.1; WOW64; rv:20.0) Gecko/20100101 Firefox/20.0"
66.249.74.173 - - [18/Apr/2013:09:03:48 +0200] "GET /hirek/1303201.htm HTTP/1.1" 304 - "-" "Mozilla/5.0 (iPhone; U; CPU iPhone OS 4_1 like Mac OS X; en-us) AppleWebKit/532.9 (KHTML, like Gecko) Version/4.0.5 Mobile/8B117 Safari/6531.22.7 (compatible; Googlebot-Mobile/2.1; +http://www.google.com/bot.html)"
77.88.42.27 - - [18/Apr/2013:09:31:10 +0200] "GET / HTTP/1.1" 200 43954 "-" "Mozilla/5.0 (compatible; YandexBot/3.0; +http://yandex.com/bots)"
77.88.42.27 - - [18/Apr/2013:09:31:10 +0200] "GET / HTTP/1.1" 200 43954 "-" "Mozilla/5.0 (compatible; YandexBot/3.0; +http://yandex.com/bots)"
77.88.42.27 - - [18/Apr/2013:09:31:15 +0200] "GET / HTTP/1.1" 200 43954 "-" "Mozilla/5.0 (compatible; YandexBot/3.0; +http://yandex.com/bots)"
77.88.42.27 - - [18/Apr/2013:09:31:16 +0200] "GET / HTTP/1.1" 200 43954 "-" "Mozilla/5.0 (compatible; YandexBot/3.0; +http://yandex.com/bots)"
208.115.113.84 - - [18/Apr/2013:10:11:17 +0200] "GET /hirek/1303071.htm HTTP/1.1" 200 8749 "-" "Mozilla/5.0 (compatible; Ezooms/1.0; ezooms.bot@gmail.com)"
199.30.20.88 - - [18/Apr/2013:12:03:44 +0200] "GET /robots.txt HTTP/1.1" 404 1181 "-" "msnbot-media/1.1 (+http://search.msn.com/msnbot.htm)"
199.30.20.88 - - [18/Apr/2013:12:03:44 +0200] "GET /tm06_.jpg HTTP/1.1" 200 1382 "-" "msnbot-media/1.1 (+http://search.msn.com/msnbot.htm)"
199.30.20.103 - - [18/Apr/2013:12:09:21 +0200] "GET /robots.txt HTTP/1.1" 404 1181 "-" "msnbot-media/1.1 (+http://search.msn.com/msnbot.htm)"
199.30.20.103 - - [18/Apr/2013:12:09:21 +0200] "GET /tm02_.jpg HTTP/1.1" 200 1524 "-" "msnbot-media/1.1 (+http://search.msn.com/msnbot.htm)"
88.87.237.117 - - [18/Apr/2013:12:49:47 +0200] "GET /jog/img/320/sargarigo2.jpg HTTP/1.1" 200 17500 "-" "Mozilla/5.0 (Windows NT 6.1; rv:15.0) Gecko/20100101 Firefox/15.0.1"
66.249.74.173 - - [18/Apr/2013:12:51:55 +0200] "GET / HTTP/1.1" 200 43954 "-" "DoCoMo/2.0 N905i(c100;TB;W24H16) (compatible; Googlebot-Mobile/2.1; +http://www.google.com/bot.html)"
66.249.78.60 - - [18/Apr/2013:13:13:13 +0200] "GET /hirek/1303191.htm HTTP/1.1" 200 8910 "-" "Mozilla/5.0 (iPhone; U; CPU iPhone OS 4_1 like Mac OS X; en-us) AppleWebKit/532.9 (KHTML, like Gecko) Version/4.0.5 Mobile/8B117 Safari/6531.22.7 (compatible; Googlebot-Mobile/2.1; +http://www.google.com/bot.html)"
66.249.78.60 - - [18/Apr/2013:13:13:23 +0200] "GET /hirek/1303202.htm HTTP/1.1" 304 - "-" "Mozilla/5.0 (iPhone; U; CPU iPhone OS 4_1 like Mac OS X; en-us) AppleWebKit/532.9 (KHTML, like Gecko) Version/4.0.5 Mobile/8B117 Safari/6531.22.7 (compatible; Googlebot-Mobile/2.1; +http://www.google.com/bot.html)"
66.249.78.60 - - [18/Apr/2013:13:13:36 +0200] "GET /hirek/hirek090619.htm HTTP/1.1" 304 - "-" "Mozilla/5.0 (iPhone; U; CPU iPhone OS 4_1 like Mac OS X; en-us) AppleWebKit/532.9 (KHTML, like Gecko) Version/4.0.5 Mobile/8B117 Safari/6531.22.7 (compatible; Googlebot-Mobile/2.1; +http://www.google.com/bot.html)"
66.249.74.173 - - [18/Apr/2013:13:13:45 +0200] "GET /hirek/hirek091221.htm HTTP/1.1" 200 6740 "-" "Mozilla/5.0 (iPhone; U; CPU iPhone OS 4_1 like Mac OS X; en-us) AppleWebKit/532.9 (KHTML, like Gecko) Version/4.0.5 Mobile/8B117 Safari/6531.22.7 (compatible; Googlebot-Mobile/2.1; +http://www.google.com/bot.html)"
66.249.74.173 - - [18/Apr/2013:13:13:54 +0200] "GET /hirek/hirek100810.htm HTTP/1.1" 304 - "-" "Mozilla/5.0 (iPhone; U; CPU iPhone OS 4_1 like Mac OS X; en-us) AppleWebKit/532.9 (KHTML, like Gecko) Version/4.0.5 Mobile/8B117 Safari/6531.22.7 (compatible; Googlebot-Mobile/2.1; +http://www.google.com/bot.html)"
66.249.78.60 - - [18/Apr/2013:13:14:03 +0200] "GET /hirek/hirek101213.htm HTTP/1.1" 200 8671 "-" "Mozilla/5.0 (iPhone; U; CPU iPhone OS 4_1 like Mac OS X; en-us) AppleWebKit/532.9 (KHTML, like Gecko) Version/4.0.5 Mobile/8B117 Safari/6531.22.7 (compatible; Googlebot-Mobile/2.1; +http://www.google.com/bot.html)"
66.249.78.60 - - [18/Apr/2013:13:14:33 +0200] "GET /hirek08_11.htm HTTP/1.1" 200 7253 "-" "Mozilla/5.0 (iPhone; U; CPU iPhone OS 4_1 like Mac OS X; en-us) AppleWebKit/532.9 (KHTML, like Gecko) Version/4.0.5 Mobile/8B117 Safari/6531.22.7 (compatible; Googlebot-Mobile/2.1; +http://www.google.com/bot.html)"
66.249.78.60 - - [18/Apr/2013:13:14:49 +0200] "GET /hirek09_02.htm HTTP/1.1" 304 - "-" "Mozilla/5.0 (iPhone; U; CPU iPhone OS 4_1 like Mac OS X; en-us) AppleWebKit/532.9 (KHTML, like Gecko) Version/4.0.5 Mobile/8B117 Safari/6531.22.7 (compatible; Googlebot-Mobile/2.1; +http://www.google.com/bot.html)"
66.249.78.60 - - [18/Apr/2013:13:15:05 +0200] "GET /jog/eseteink/korosladany/kozig_hivatalnak_erdeklodes.pdf HTTP/1.1" 200 142061 "-" "Mozilla/5.0 (iPhone; U; CPU iPhone OS 4_1 like Mac OS X; en-us) AppleWebKit/532.9 (KHTML, like Gecko) Version/4.0.5 Mobile/8B117 Safari/6531.22.7 (compatible; Googlebot-Mobile/2.1; +http://www.google.com/bot.html)"
66.249.78.60 - - [18/Apr/2013:13:15:18 +0200] "GET /jog/eseteink/korosladany/lgfobb_ugyeszseg_ujra.pdf HTTP/1.1" 200 105157 "-" "Mozilla/5.0 (iPhone; U; CPU iPhone OS 4_1 like Mac OS X; en-us) AppleWebKit/532.9 (KHTML, like Gecko) Version/4.0.5 Mobile/8B117 Safari/6531.22.7 (compatible; Googlebot-Mobile/2.1; +http://www.google.com/bot.html)"
66.249.78.60 - - [18/Apr/2013:13:15:24 +0200] "GET /jog/jogszabalyok/1995.%20evi%20XCIII.%20torveny.pdf HTTP/1.1" 304 - "-" "Mozilla/5.0 (iPhone; U; CPU iPhone OS 4_1 like Mac OS X; en-us) AppleWebKit/532.9 (KHTML, like Gecko) Version/4.0.5 Mobile/8B117 Safari/6531.22.7 (compatible; Googlebot-Mobile/2.1; +http://www.google.com/bot.html)"
66.249.78.60 - - [18/Apr/2013:13:15:32 +0200] "GET /jog/tarseljarasok.htm HTTP/1.1" 304 - "-" "Mozilla/5.0 (iPhone; U; CPU iPhone OS 4_1 like Mac OS X; en-us) AppleWebKit/532.9 (KHTML, like Gecko) Version/4.0.5 Mobile/8B117 Safari/6531.22.7 (compatible; Googlebot-Mobile/2.1; +http://www.google.com/bot.html)"
65.55.215.105 - - [18/Apr/2013:13:37:59 +0200] "GET /robots.txt HTTP/1.1" 404 1181 "-" "msnbot-media/1.1 (+http://search.msn.com/msnbot.htm)"
65.55.215.105 - - [18/Apr/2013:13:37:59 +0200] "GET /tm03_.jpg HTTP/1.1" 200 1787 "-" "msnbot-media/1.1 (+http://search.msn.com/msnbot.htm)"
66.249.75.200 - - [18/Apr/2013:14:06:08 +0200] "GET /robots.txt HTTP/1.1" 404 1181 "-" "Mozilla/5.0 (compatible; Googlebot/2.1; +http://www.google.com/bot.html)"
66.249.78.60 - - [18/Apr/2013:14:06:08 +0200] "GET /jog/eseteink/korosladany/index.htm HTTP/1.1" 304 - "-" "SAMSUNG-SGH-E250/1.0 Profile/MIDP-2.0 Configuration/CLDC-1.1 UP.Browser/6.2.3.3.c.1.101 (GUI) MMP/2.0 (compatible; Googlebot-Mobile/2.1; +http://www.google.com/bot.html)"
79.119.191.81 - - [18/Apr/2013:15:59:11 +0200] "GET /fiok/ HTTP/1.1" 200 20554 "http://www.google.hu/url?sa=f&rct=j&url=http://www.beklen.hu/fiok/&q=az+a+*+gelyi+lova&ei=LPxvUZnwGeaw0AWh6oGYAg&usg=AFQjCNGjzX-LTKGqIEDNWMFCCi7qLRvpww" "Mozilla/5.0 (Windows NT 5.1) AppleWebKit/537.31 (KHTML, like Gecko) Chrome/26.0.1410.64 Safari/537.31"
79.119.191.81 - - [18/Apr/2013:15:59:11 +0200] "GET /fiok/css/lightbox.css HTTP/1.1" 200 1715 "http://www.beklen.hu/fiok/" "Mozilla/5.0 (Windows NT 5.1) AppleWebKit/537.31 (KHTML, like Gecko) Chrome/26.0.1410.64 Safari/537.31"
79.119.191.81 - - [18/Apr/2013:15:59:11 +0200] "GET /fiok/css/js/lightbox.js HTTP/1.1" 200 23424 "http://www.beklen.hu/fiok/" "Mozilla/5.0 (Windows NT 5.1) AppleWebKit/537.31 (KHTML, like Gecko) Chrome/26.0.1410.64 Safari/537.31"
79.119.191.81 - - [18/Apr/2013:15:59:11 +0200] "GET /fiok/css/js/scriptaculous.js?load=effects HTTP/1.1" 200 2152 "http://www.beklen.hu/fiok/" "Mozilla/5.0 (Windows NT 5.1) AppleWebKit/537.31 (KHTML, like Gecko) Chrome/26.0.1410.64 Safari/537.31"
79.119.191.81 - - [18/Apr/2013:15:59:11 +0200] "GET /fiok/css/js/prototype.js HTTP/1.1" 200 47603 "http://www.beklen.hu/fiok/" "Mozilla/5.0 (Windows NT 5.1) AppleWebKit/537.31 (KHTML, like Gecko) Chrome/26.0.1410.64 Safari/537.31"
79.119.191.81 - - [18/Apr/2013:15:59:11 +0200] "GET /fiok/css/js/effects.js HTTP/1.1" 200 31969 "http://www.beklen.hu/fiok/" "Mozilla/5.0 (Windows NT 5.1) AppleWebKit/537.31 (KHTML, like Gecko) Chrome/26.0.1410.64 Safari/537.31"
79.119.191.81 - - [18/Apr/2013:15:59:11 +0200] "GET /fiok/images/b12.jpg HTTP/1.1" 200 544 "http://www.beklen.hu/fiok/" "Mozilla/5.0 (Windows NT 5.1) AppleWebKit/537.31 (KHTML, like Gecko) Chrome/26.0.1410.64 Safari/537.31"
79.119.191.81 - - [18/Apr/2013:15:59:11 +0200] "GET /fiok/images/index_13.gif HTTP/1.1" 200 149 "http://www.beklen.hu/fiok/" "Mozilla/5.0 (Windows NT 5.1) AppleWebKit/537.31 (KHTML, like Gecko) Chrome/26.0.1410.64 Safari/537.31"
79.119.191.81 - - [18/Apr/2013:15:59:11 +0200] "GET /fiok/images/index_12_12.JPG HTTP/1.1" 200 985 "http://www.beklen.hu/fiok/" "Mozilla/5.0 (Windows NT 5.1) AppleWebKit/537.31 (KHTML, like Gecko) Chrome/26.0.1410.64 Safari/537.31"
79.119.191.81 - - [18/Apr/2013:15:59:11 +0200] "GET /fiok/images/index_02_02.JPG HTTP/1.1" 200 1178 "http://www.beklen.hu/fiok/" "Mozilla/5.0 (Windows NT 5.1) AppleWebKit/537.31 (KHTML, like Gecko) Chrome/26.0.1410.64 Safari/537.31"
79.119.191.81 - - [18/Apr/2013:15:59:11 +0200] "GET /fiok/images/index_11.gif HTTP/1.1" 200 74 "http://www.beklen.hu/fiok/" "Mozilla/5.0 (Windows NT 5.1) AppleWebKit/537.31 (KHTML, like Gecko) Chrome/26.0.1410.64 Safari/537.31"
79.119.191.81 - - [18/Apr/2013:15:59:11 +0200] "GET /fiok/images/index_14_14.JPG HTTP/1.1" 200 9305 "http://www.beklen.hu/fiok/" "Mozilla/5.0 (Windows NT 5.1) AppleWebKit/537.31 (KHTML, like Gecko) Chrome/26.0.1410.64 Safari/537.31"
79.119.191.81 - - [18/Apr/2013:15:59:11 +0200] "GET /fiok/images/index_15_15.JPG HTTP/1.1" 200 20275 "http://www.beklen.hu/fiok/" "Mozilla/5.0 (Windows NT 5.1) AppleWebKit/537.31 (KHTML, like Gecko) Chrome/26.0.1410.64 Safari/537.31"
79.119.191.81 - - [18/Apr/2013:15:59:11 +0200] "GET /fiok/images/index_17_17.jpg HTTP/1.1" 200 2374 "http://www.beklen.hu/fiok/" "Mozilla/5.0 (Windows NT 5.1) AppleWebKit/537.31 (KHTML, like Gecko) Chrome/26.0.1410.64 Safari/537.31"
79.119.191.81 - - [18/Apr/2013:15:59:11 +0200] "GET /fiok/images/index_16_16.JPG HTTP/1.1" 200 13468 "http://www.beklen.hu/fiok/" "Mozilla/5.0 (Windows NT 5.1) AppleWebKit/537.31 (KHTML, like Gecko) Chrome/26.0.1410.64 Safari/537.31"
79.119.191.81 - - [18/Apr/2013:15:59:11 +0200] "GET /fiok/images/index_18_18.JPG HTTP/1.1" 200 15778 "http://www.beklen.hu/fiok/" "Mozilla/5.0 (Windows NT 5.1) AppleWebKit/537.31 (KHTML, like Gecko) Chrome/26.0.1410.64 Safari/537.31"
79.119.191.81 - - [18/Apr/2013:15:59:11 +0200] "GET /fiok/images/index_19_19.JPG HTTP/1.1" 200 3123 "http://www.beklen.hu/fiok/" "Mozilla/5.0 (Windows NT 5.1) AppleWebKit/537.31 (KHTML, like Gecko) Chrome/26.0.1410.64 Safari/537.31"
79.119.191.81 - - [18/Apr/2013:15:59:11 +0200] "GET /fiok/images/szovegkep.JPG HTTP/1.1" 200 12792 "http://www.beklen.hu/fiok/" "Mozilla/5.0 (Windows NT 5.1) AppleWebKit/537.31 (KHTML, like Gecko) Chrome/26.0.1410.64 Safari/537.31"
79.119.191.81 - - [18/Apr/2013:15:59:11 +0200] "GET /fiok/images/index_22.gif HTTP/1.1" 200 227 "http://www.beklen.hu/fiok/" "Mozilla/5.0 (Windows NT 5.1) AppleWebKit/537.31 (KHTML, like Gecko) Chrome/26.0.1410.64 Safari/537.31"
79.119.191.81 - - [18/Apr/2013:15:59:11 +0200] "GET /fiok/images/index_24.gif HTTP/1.1" 200 227 "http://www.beklen.hu/fiok/" "Mozilla/5.0 (Windows NT 5.1) AppleWebKit/537.31 (KHTML, like Gecko) Chrome/26.0.1410.64 Safari/537.31"
79.119.191.81 - - [18/Apr/2013:15:59:11 +0200] "GET /fiok/images/index_21_21.JPG HTTP/1.1" 404 1181 "http://www.beklen.hu/fiok/" "Mozilla/5.0 (Windows NT 5.1) AppleWebKit/537.31 (KHTML, like Gecko) Chrome/26.0.1410.64 Safari/537.31"
79.119.191.81 - - [18/Apr/2013:15:59:11 +0200] "GET /fiok/images/index_25_25.jpg HTTP/1.1" 200 4960 "http://www.beklen.hu/fiok/" "Mozilla/5.0 (Windows NT 5.1) AppleWebKit/537.31 (KHTML, like Gecko) Chrome/26.0.1410.64 Safari/537.31"
79.119.191.81 - - [18/Apr/2013:15:59:11 +0200] "GET /fiok/images/index_27_27.jpg HTTP/1.1" 200 12876 "http://www.beklen.hu/fiok/" "Mozilla/5.0 (Windows NT 5.1) AppleWebKit/537.31 (KHTML, like Gecko) Chrome/26.0.1410.64 Safari/537.31"
79.119.191.81 - - [18/Apr/2013:15:59:11 +0200] "GET /fiok/images/index_26.gif HTTP/1.1" 200 121 "http://www.beklen.hu/fiok/" "Mozilla/5.0 (Windows NT 5.1) AppleWebKit/537.31 (KHTML, like Gecko) Chrome/26.0.1410.64 Safari/537.31"
79.119.191.81 - - [18/Apr/2013:15:59:11 +0200] "GET /fiok/images/index_28.gif HTTP/1.1" 200 262 "http://www.beklen.hu/fiok/" "Mozilla/5.0 (Windows NT 5.1) AppleWebKit/537.31 (KHTML, like Gecko) Chrome/26.0.1410.64 Safari/537.31"
79.119.191.81 - - [18/Apr/2013:15:59:11 +0200] "GET /fiok/images/spacer.gif HTTP/1.1" 200 43 "http://www.beklen.hu/fiok/" "Mozilla/5.0 (Windows NT 5.1) AppleWebKit/537.31 (KHTML, like Gecko) Chrome/26.0.1410.64 Safari/537.31"
79.119.191.81 - - [18/Apr/2013:15:59:11 +0200] "GET /fiok/images/a4a.jpg HTTP/1.1" 200 524 "http://www.beklen.hu/fiok/" "Mozilla/5.0 (Windows NT 5.1) AppleWebKit/537.31 (KHTML, like Gecko) Chrome/26.0.1410.64 Safari/537.31"
79.119.191.81 - - [18/Apr/2013:15:59:11 +0200] "GET /fiok/images/b4b.jpg HTTP/1.1" 200 524 "http://www.beklen.hu/fiok/" "Mozilla/5.0 (Windows NT 5.1) AppleWebKit/537.31 (KHTML, like Gecko) Chrome/26.0.1410.64 Safari/537.31"
79.119.191.81 - - [18/Apr/2013:15:59:11 +0200] "GET /fiok/images/c4c.jpg HTTP/1.1" 200 524 "http://www.beklen.hu/fiok/" "Mozilla/5.0 (Windows NT 5.1) AppleWebKit/537.31 (KHTML, like Gecko) Chrome/26.0.1410.64 Safari/537.31"
79.119.191.81 - - [18/Apr/2013:15:59:11 +0200] "GET /fiok/images/d4d.jpg HTTP/1.1" 200 524 "http://www.beklen.hu/fiok/" "Mozilla/5.0 (Windows NT 5.1) AppleWebKit/537.31 (KHTML, like Gecko) Chrome/26.0.1410.64 Safari/537.31"
79.119.191.81 - - [18/Apr/2013:15:59:11 +0200] "GET /fiok/images/e4e.jpg HTTP/1.1" 200 524 "http://www.beklen.hu/fiok/" "Mozilla/5.0 (Windows NT 5.1) AppleWebKit/537.31 (KHTML, like Gecko) Chrome/26.0.1410.64 Safari/537.31"
79.119.191.81 - - [18/Apr/2013:15:59:11 +0200] "GET /lb/images/loading.gif HTTP/1.1" 200 2767 "http://www.beklen.hu/fiok/" "Mozilla/5.0 (Windows NT 5.1) AppleWebKit/537.31 (KHTML, like Gecko) Chrome/26.0.1410.64 Safari/537.31"
79.119.191.81 - - [18/Apr/2013:15:59:11 +0200] "GET /lb/images/closelabel.gif HTTP/1.1" 200 222 "http://www.beklen.hu/fiok/" "Mozilla/5.0 (Windows NT 5.1) AppleWebKit/537.31 (KHTML, like Gecko) Chrome/26.0.1410.64 Safari/537.31"
199.30.20.108 - - [18/Apr/2013:17:36:43 +0200] "GET /robots.txt HTTP/1.1" 404 1181 "-" "msnbot-media/1.1 (+http://search.msn.com/msnbot.htm)"
199.30.20.108 - - [18/Apr/2013:17:36:44 +0200] "GET /tm02.jpg HTTP/1.1" 200 1873 "-" "msnbot-media/1.1 (+http://search.msn.com/msnbot.htm)"
199.30.16.14 - - [18/Apr/2013:17:51:55 +0200] "GET /robots.txt HTTP/1.1" 404 1181 "-" "msnbot-media/1.1 (+http://search.msn.com/msnbot.htm)"
199.30.16.14 - - [18/Apr/2013:17:51:56 +0200] "GET /tm07.jpg HTTP/1.1" 200 1007 "-" "msnbot-media/1.1 (+http://search.msn.com/msnbot.htm)"
66.249.75.200 - - [18/Apr/2013:18:49:28 +0200] "GET /jog/eseteink/korosladany/index.htm HTTP/1.1" 304 - "-" "DoCoMo/2.0 N905i(c100;TB;W24H16) (compatible; Googlebot-Mobile/2.1; +http://www.google.com/bot.html)"
139.18.2.209 - - [18/Apr/2013:19:06:00 +0200] "GET /robots.txt HTTP/1.1" 404 1181 "-" "findlinks/2.6 (+http://wortschatz.uni-leipzig.de/findlinks/)"
66.249.75.101 - - [18/Apr/2013:19:13:38 +0200] "GET /robots.txt HTTP/1.1" 404 1181 "-" "Mozilla/5.0 (compatible; Googlebot/2.1; +http://www.google.com/bot.html)"
66.249.75.101 - - [18/Apr/2013:19:13:39 +0200] "GET /fiok/index.html HTTP/1.1" 200 20554 "-" "SAMSUNG-SGH-E250/1.0 Profile/MIDP-2.0 Configuration/CLDC-1.1 UP.Browser/6.2.3.3.c.1.101 (GUI) MMP/2.0 (compatible; Googlebot-Mobile/2.1; +http://www.google.com/bot.html)"
180.76.5.97 - - [18/Apr/2013:19:32:05 +0200] "GET /jog/eseteink/derekegyhaza/biroi_vegzes.pdf HTTP/1.1" 200 772975 "-" "Mozilla/5.0 (Windows NT 5.1; rv:6.0.2) Gecko/20100101 Firefox/6.0.2"
66.249.78.60 - - [18/Apr/2013:19:48:41 +0200] "GET /jog/eseteink/poroszlo/petone%20dr.pdf HTTP/1.1" 304 - "-" "Mozilla/5.0 (iPhone; U; CPU iPhone OS 4_1 like Mac OS X; en-us) AppleWebKit/532.9 (KHTML, like Gecko) Version/4.0.5 Mobile/8B117 Safari/6531.22.7 (compatible; Googlebot-Mobile/2.1; +http://www.google.com/bot.html)"
66.249.78.60 - - [18/Apr/2013:19:54:31 +0200] "GET /hirek/1303072.htm HTTP/1.1" 304 - "-" "Mozilla/5.0 (iPhone; U; CPU iPhone OS 4_1 like Mac OS X; en-us) AppleWebKit/532.9 (KHTML, like Gecko) Version/4.0.5 Mobile/8B117 Safari/6531.22.7 (compatible; Googlebot-Mobile/2.1; +http://www.google.com/bot.html)"
77.111.180.182 - - [18/Apr/2013:19:58:09 +0200] "GET /jog/jogszabalyok/1_erdo.pdf HTTP/1.1" 200 761794 "http://www.google.hu/url?sa=t&rct=j&q=&esrc=s&source=web&cd=38&ved=0CFwQFjAHOB4&url=http%3A%2F%2Fwww.beklen.hu%2Fjog%2Fjogszabalyok%2F1_erdo.pdf&ei=FTRwUdOjEYfRsgaF64HwDg&usg=AFQjCNHz-UPHDhHJ7J5c2giVd91b1JOxWQ&bvm=bv.45373924,d.Yms" "Mozilla/5.0 (Windows NT 5.1; rv:19.0) Gecko/20100101 Firefox/19.0"
77.111.180.182 - - [18/Apr/2013:19:58:09 +0200] "GET /favicon.ico HTTP/1.1" 404 1181 "-" "Mozilla/5.0 (Windows NT 5.1; rv:19.0) Gecko/20100101 Firefox/19.0"
77.111.180.182 - - [18/Apr/2013:19:58:09 +0200] "GET /favicon.ico HTTP/1.1" 404 1181 "-" "Mozilla/5.0 (Windows NT 5.1; rv:19.0) Gecko/20100101 Firefox/19.0"
199.30.20.33 - - [18/Apr/2013:20:03:46 +0200] "GET /robots.txt HTTP/1.1" 404 1181 "-" "msnbot-media/1.1 (+http://search.msn.com/msnbot.htm)"
199.30.20.33 - - [18/Apr/2013:20:03:46 +0200] "GET /jog/img/file_jpg.png HTTP/1.1" 200 607 "-" "msnbot-media/1.1 (+http://search.msn.com/msnbot.htm)"
157.56.93.226 - - [18/Apr/2013:20:15:00 +0200] "GET /robots.txt HTTP/1.1" 404 1181 "-" "Mozilla/5.0 (compatible; bingbot/2.0; +http://www.bing.com/bingbot.htm)"
157.56.93.226 - - [18/Apr/2013:20:16:30 +0200] "GET / HTTP/1.1" 200 43954 "-" "Mozilla/5.0 (compatible; bingbot/2.0; +http://www.bing.com/bingbot.htm)"
157.56.93.226 - - [18/Apr/2013:20:16:38 +0200] "GET /index.htm HTTP/1.1" 200 43954 "-" "Mozilla/5.0 (compatible; bingbot/2.0; +http://www.bing.com/bingbot.htm)"
157.56.93.226 - - [18/Apr/2013:20:16:42 +0200] "GET /magunkrol.htm HTTP/1.1" 200 9161 "-" "Mozilla/5.0 (compatible; bingbot/2.0; +http://www.bing.com/bingbot.htm)"
157.55.32.101 - - [18/Apr/2013:20:16:53 +0200] "GET /hirarchivum.htm HTTP/1.1" 200 24981 "-" "Mozilla/5.0 (compatible; bingbot/2.0; +http://www.bing.com/bingbot.htm)"
157.56.229.186 - - [18/Apr/2013:20:16:54 +0200] "GET /programok.htm HTTP/1.1" 200 6444 "-" "Mozilla/5.0 (compatible; bingbot/2.0; +http://www.bing.com/bingbot.htm)"
66.249.78.60 - - [18/Apr/2013:20:31:58 +0200] "GET /fiok/ HTTP/1.1" 304 - "-" "Mozilla/5.0 (iPhone; U; CPU iPhone OS 4_1 like Mac OS X; en-us) AppleWebKit/532.9 (KHTML, like Gecko) Version/4.0.5 Mobile/8B117 Safari/6531.22.7 (compatible; Googlebot-Mobile/2.1; +http://www.google.com/bot.html)"
157.56.93.226 - - [18/Apr/2013:21:07:55 +0200] "GET /fiok/program_reszek/taborok.htm HTTP/1.1" 304 - "-" "Mozilla/5.0 (compatible; bingbot/2.0; +http://www.bing.com/bingbot.htm)"
66.249.78.60 - - [18/Apr/2013:21:30:19 +0200] "GET /kapcsolat.htm HTTP/1.1" 200 6875 "-" "Mozilla/5.0 (iPhone; U; CPU iPhone OS 4_1 like Mac OS X; en-us) AppleWebKit/532.9 (KHTML, like Gecko) Version/4.0.5 Mobile/8B117 Safari/6531.22.7 (compatible; Googlebot-Mobile/2.1; +http://www.google.com/bot.html)"
66.249.78.60 - - [18/Apr/2013:21:36:13 +0200] "GET /felsorol.css HTTP/1.1" 200 240 "-" "Mozilla/5.0 (compatible; Googlebot/2.1; +http://www.google.com/bot.html)"
66.249.75.200 - - [18/Apr/2013:22:04:50 +0200] "GET /jog/eseteink/korosladany/2108_001.pdf HTTP/1.1" 304 - "-" "Mozilla/5.0 (iPhone; U; CPU iPhone OS 4_1 like Mac OS X; en-us) AppleWebKit/532.9 (KHTML, like Gecko) Version/4.0.5 Mobile/8B117 Safari/6531.22.7 (compatible; Googlebot-Mobile/2.1; +http://www.google.com/bot.html)"
66.249.78.60 - - [18/Apr/2013:22:10:31 +0200] "GET /jog/eseteink/korosladany/miniszt%C3%A9rium_fougyeszs%C3%A9g_felugyeleti_intezkedes.pdf HTTP/1.1" 404 1181 "-" "Mozilla/5.0 (iPhone; U; CPU iPhone OS 4_1 like Mac OS X; en-us) AppleWebKit/532.9 (KHTML, like Gecko) Version/4.0.5 Mobile/8B117 Safari/6531.22.7 (compatible; Googlebot-Mobile/2.1; +http://www.google.com/bot.html)"
66.249.75.200 - - [18/Apr/2013:22:21:30 +0200] "GET /hirek09_01.htm HTTP/1.1" 200 6841 "-" "DoCoMo/2.0 N905i(c100;TB;W24H16) (compatible; Googlebot-Mobile/2.1; +http://www.google.com/bot.html)"
66.249.78.60 - - [18/Apr/2013:22:26:08 +0200] "GET /jog/img/320/nadas.jpg HTTP/1.1" 304 - "-" "Googlebot-Image/1.0"
69.58.178.57 - - [18/Apr/2013:22:39:24 +0200] "GET /robots.txt HTTP/1.1" 404 1181 "-" "Mozilla/5.0 (X11; Ubuntu; Linux i686; rv:14.0; ips-agent) Gecko/20100101 Firefox/14.0.1"
69.58.178.57 - - [18/Apr/2013:22:39:26 +0200] "GET / HTTP/1.1" 200 43954 "-" "Mozilla/5.0 (X11; Ubuntu; Linux i686; rv:14.0; ips-agent) Gecko/20100101 Firefox/14.0.1"
69.58.178.57 - - [18/Apr/2013:22:39:27 +0200] "GET /index.htm HTTP/1.1" 200 43954 "-" "Mozilla/5.0 (X11; Ubuntu; Linux i686; rv:14.0; ips-agent) Gecko/20100101 Firefox/14.0.1"
69.58.178.57 - - [18/Apr/2013:22:39:28 +0200] "GET /magunkrol.htm HTTP/1.1" 200 9161 "-" "Mozilla/5.0 (X11; Ubuntu; Linux i686; rv:14.0; ips-agent) Gecko/20100101 Firefox/14.0.1"
69.58.178.57 - - [18/Apr/2013:22:39:30 +0200] "GET /programok.htm HTTP/1.1" 200 6444 "-" "Mozilla/5.0 (X11; Ubuntu; Linux i686; rv:14.0; ips-agent) Gecko/20100101 Firefox/14.0.1"
69.58.178.57 - - [18/Apr/2013:22:39:31 +0200] "GET /kapcsolat.htm HTTP/1.1" 200 6875 "-" "Mozilla/5.0 (X11; Ubuntu; Linux i686; rv:14.0; ips-agent) Gecko/20100101 Firefox/14.0.1"
69.58.178.57 - - [18/Apr/2013:22:39:32 +0200] "GET /media.htm HTTP/1.1" 200 5208 "-" "Mozilla/5.0 (X11; Ubuntu; Linux i686; rv:14.0; ips-agent) Gecko/20100101 Firefox/14.0.1"
69.58.178.57 - - [18/Apr/2013:22:39:34 +0200] "GET /english/index.htm HTTP/1.1" 200 5262 "-" "Mozilla/5.0 (X11; Ubuntu; Linux i686; rv:14.0; ips-agent) Gecko/20100101 Firefox/14.0.1"
69.58.178.57 - - [18/Apr/2013:22:39:35 +0200] "GET /english/contact.htm HTTP/1.1" 200 4601 "-" "Mozilla/5.0 (X11; Ubuntu; Linux i686; rv:14.0; ips-agent) Gecko/20100101 Firefox/14.0.1"
69.58.178.57 - - [18/Apr/2013:22:39:36 +0200] "GET /deutsch/index.htm HTTP/1.1" 200 5324 "-" "Mozilla/5.0 (X11; Ubuntu; Linux i686; rv:14.0; ips-agent) Gecko/20100101 Firefox/14.0.1"
69.58.178.57 - - [18/Apr/2013:22:39:37 +0200] "GET /jog HTTP/1.1" 301 311 "-" "Mozilla/5.0 (X11; Ubuntu; Linux i686; rv:14.0; ips-agent) Gecko/20100101 Firefox/14.0.1"
69.58.178.57 - - [18/Apr/2013:22:39:39 +0200] "GET /jog/ HTTP/1.1" 200 13138 "-" "Mozilla/5.0 (X11; Ubuntu; Linux i686; rv:14.0; ips-agent) Gecko/20100101 Firefox/14.0.1"
65.55.215.57 - - [18/Apr/2013:22:59:49 +0200] "GET /robots.txt HTTP/1.1" 404 1181 "-" "msnbot-media/1.1 (+http://search.msn.com/msnbot.htm)"
65.55.215.57 - - [18/Apr/2013:22:59:50 +0200] "GET /tm01.jpg HTTP/1.1" 200 1080 "-" "msnbot-media/1.1 (+http://search.msn.com/msnbot.htm)"
65.55.215.105 - - [18/Apr/2013:23:04:51 +0200] "GET /robots.txt HTTP/1.1" 404 1181 "-" "msnbot-media/1.1 (+http://search.msn.com/msnbot.htm)"
65.55.215.105 - - [18/Apr/2013:23:04:52 +0200] "GET /tm03_.jpg HTTP/1.1" 200 1787 "-" "msnbot-media/1.1 (+http://search.msn.com/msnbot.htm)"
66.249.78.60 - - [18/Apr/2013:23:11:13 +0200] "GET /jog/pub/fuzet_beliv_jav2.pdf HTTP/1.1" 200 775632 "-" "Mozilla/5.0 (iPhone; U; CPU iPhone OS 4_1 like Mac OS X; en-us) AppleWebKit/532.9 (KHTML, like Gecko) Version/4.0.5 Mobile/8B117 Safari/6531.22.7 (compatible; Googlebot-Mobile/2.1; +http://www.google.com/bot.html)"
66.249.78.60 - - [18/Apr/2013:23:21:19 +0200] "GET /hirek/hirek08_12.htm HTTP/1.1" 200 8352 "-" "SAMSUNG-SGH-E250/1.0 Profile/MIDP-2.0 Configuration/CLDC-1.1 UP.Browser/6.2.3.3.c.1.101 (GUI) MMP/2.0 (compatible; Googlebot-Mobile/2.1; +http://www.google.com/bot.html)"
66.249.78.60 - - [18/Apr/2013:23:27:52 +0200] "GET /jog/jogszabalyok/2001-es%20vedett%20lista.pdf HTTP/1.1" 304 - "-" "Mozilla/5.0 (iPhone; U; CPU iPhone OS 4_1 like Mac OS X; en-us) AppleWebKit/532.9 (KHTML, like Gecko) Version/4.0.5 Mobile/8B117 Safari/6531.22.7 (compatible; Googlebot-Mobile/2.1; +http://www.google.com/bot.html)"
66.249.78.60 - - [19/Apr/2013:00:23:01 +0200] "GET /jog/eseteink/korosladany/korosladany_kereset_vegleges.pdf HTTP/1.1" 304 - "-" "Mozilla/5.0 (iPhone; U; CPU iPhone OS 4_1 like Mac OS X; en-us) AppleWebKit/532.9 (KHTML, like Gecko) Version/4.0.5 Mobile/8B117 Safari/6531.22.7 (compatible; Googlebot-Mobile/2.1; +http://www.google.com/bot.html)"
208.115.113.84 - - [19/Apr/2013:00:23:50 +0200] "GET /robots.txt HTTP/1.1" 404 1181 "-" "Mozilla/5.0 (compatible; Ezooms/1.0; ezooms.bot@gmail.com)"
199.30.16.38 - - [19/Apr/2013:00:28:07 +0200] "GET /robots.txt HTTP/1.1" 404 1181 "-" "msnbot-media/1.1 (+http://search.msn.com/msnbot.htm)"
199.30.16.38 - - [19/Apr/2013:00:28:08 +0200] "GET /fiok/images/szovegkep.JPG HTTP/1.1" 200 12792 "-" "msnbot-media/1.1 (+http://search.msn.com/msnbot.htm)"
208.115.113.84 - - [19/Apr/2013:00:38:08 +0200] "GET /fiok HTTP/1.1" 301 312 "-" "Mozilla/5.0 (compatible; Ezooms/1.0; ezooms.bot@gmail.com)"
66.249.78.60 - - [19/Apr/2013:00:43:54 +0200] "GET /fiok/ HTTP/1.1" 304 - "-" "Mozilla/5.0 (iPhone; U; CPU iPhone OS 4_1 like Mac OS X; en-us) AppleWebKit/532.9 (KHTML, like Gecko) Version/4.0.5 Mobile/8B117 Safari/6531.22.7 (compatible; Googlebot-Mobile/2.1; +http://www.google.com/bot.html)"
199.30.20.1 - - [19/Apr/2013:00:51:27 +0200] "GET /robots.txt HTTP/1.1" 404 1181 "-" "msnbot-media/1.1 (+http://search.msn.com/msnbot.htm)"
199.30.20.1 - - [19/Apr/2013:00:51:28 +0200] "GET /jog/eseteink/derekegyhaza/kepek/37-433_.jpg HTTP/1.1" 200 98095 "-" "msnbot-media/1.1 (+http://search.msn.com/msnbot.htm)"
66.249.78.60 - - [19/Apr/2013:01:49:04 +0200] "GET /hirek/fiok/index.html HTTP/1.1" 404 1181 "-" "Mozilla/5.0 (iPhone; U; CPU iPhone OS 4_1 like Mac OS X; en-us) AppleWebKit/532.9 (KHTML, like Gecko) Version/4.0.5 Mobile/8B117 Safari/6531.22.7 (compatible; Googlebot-Mobile/2.1; +http://www.google.com/bot.html)"
66.249.78.60 - - [19/Apr/2013:02:08:56 +0200] "GET /robots.txt HTTP/1.1" 404 1181 "-" "Mozilla/5.0 (compatible; Googlebot/2.1; +http://www.google.com/bot.html)"
66.249.78.60 - - [19/Apr/2013:02:08:56 +0200] "GET /jog/eseteink/korosladany/mszhnak_miert_nincs_ismetelt_eljaras.pdf HTTP/1.1" 200 123149 "-" "Mozilla/5.0 (iPhone; U; CPU iPhone OS 4_1 like Mac OS X; en-us) AppleWebKit/532.9 (KHTML, like Gecko) Version/4.0.5 Mobile/8B117 Safari/6531.22.7 (compatible; Googlebot-Mobile/2.1; +http://www.google.com/bot.html)"
66.249.78.60 - - [19/Apr/2013:02:22:30 +0200] "GET /hirek/hirek100305.htm HTTP/1.1" 304 - "-" "Mozilla/5.0 (iPhone; U; CPU iPhone OS 4_1 like Mac OS X; en-us) AppleWebKit/532.9 (KHTML, like Gecko) Version/4.0.5 Mobile/8B117 Safari/6531.22.7 (compatible; Googlebot-Mobile/2.1; +http://www.google.com/bot.html)"
66.249.78.60 - - [19/Apr/2013:02:46:45 +0200] "GET /jog/eseteink/korosladany/ujabb_panasz.pdf HTTP/1.1" 200 464769 "-" "Mozilla/5.0 (iPhone; U; CPU iPhone OS 4_1 like Mac OS X; en-us) AppleWebKit/532.9 (KHTML, like Gecko) Version/4.0.5 Mobile/8B117 Safari/6531.22.7 (compatible; Googlebot-Mobile/2.1; +http://www.google.com/bot.html)"
66.249.75.101 - - [19/Apr/2013:02:49:45 +0200] "GET /robots.txt HTTP/1.1" 404 1181 "-" "Mozilla/5.0 (compatible; Googlebot/2.1; +http://www.google.com/bot.html)"
199.30.20.89 - - [19/Apr/2013:03:01:12 +0200] "GET /robots.txt HTTP/1.1" 404 1181 "-" "msnbot-media/1.1 (+http://search.msn.com/msnbot.htm)"
199.30.20.89 - - [19/Apr/2013:03:01:12 +0200] "GET /fiok/images/index_15_15.JPG HTTP/1.1" 200 20275 "-" "msnbot-media/1.1 (+http://search.msn.com/msnbot.htm)"
66.249.75.200 - - [19/Apr/2013:03:55:57 +0200] "GET /jog/eseteink/audi/additional_information_provided_by_hungarian_authorities_at_the_request_of_the_commission.pdf HTTP/1.1" 304 - "-" "Mozilla/5.0 (iPhone; U; CPU iPhone OS 4_1 like Mac OS X; en-us) AppleWebKit/532.9 (KHTML, like Gecko) Version/4.0.5 Mobile/8B117 Safari/6531.22.7 (compatible; Googlebot-Mobile/2.1; +http://www.google.com/bot.html)"
180.76.5.22 - - [19/Apr/2013:04:03:26 +0200] "GET /fiok/program_reszek/csaladbarat.htm HTTP/1.1" 200 20928 "-" "Mozilla/5.0 (compatible; Baiduspider/2.0; +http://www.baidu.com/search/spider.html)"
66.249.78.60 - - [19/Apr/2013:04:18:33 +0200] "GET /hirek/klimatv_civilcikk.doc HTTP/1.1" 200 78336 "-" "Mozilla/5.0 (iPhone; U; CPU iPhone OS 4_1 like Mac OS X; en-us) AppleWebKit/532.9 (KHTML, like Gecko) Version/4.0.5 Mobile/8B117 Safari/6531.22.7 (compatible; Googlebot-Mobile/2.1; +http://www.google.com/bot.html)"
202.46.56.56 - - [19/Apr/2013:04:38:41 +0200] "GET / HTTP/1.1" 200 14257 "-" "Mozilla/4.0 (compatible; MSIE 7.0; Windows NT 6.0)"
119.63.193.196 - - [19/Apr/2013:04:38:46 +0200] "GET / HTTP/1.1" 200 14257 "-" "Mozilla/4.0 (compatible; MSIE 7.0; Windows NT 6.0)"
37.140.141.19 - - [19/Apr/2013:04:39:10 +0200] "GET /robots.txt HTTP/1.1" 404 1181 "-" "Mozilla/5.0 (compatible; YandexImages/3.0; +http://yandex.com/bots)"
37.140.141.19 - - [19/Apr/2013:05:00:17 +0200] "GET /jog/eseteink/derekegyhaza/kepek/vadaskert-szakhat_.jpg HTTP/1.1" 304 - "-" "Mozilla/5.0 (compatible; YandexImages/3.0; +http://yandex.com/bots)"
37.140.141.19 - - [19/Apr/2013:05:24:20 +0200] "GET /jog/eseteink/korosladany/kepek/img_2_.jpg HTTP/1.1" 304 - "-" "Mozilla/5.0 (compatible; YandexImages/3.0; +http://yandex.com/bots)"
37.140.141.19 - - [19/Apr/2013:05:46:00 +0200] "GET /jog/eseteink/poroszlo/villa.jpg HTTP/1.1" 304 - "-" "Mozilla/5.0 (compatible; YandexImages/3.0; +http://yandex.com/bots)"
188.165.195.156 - - [19/Apr/2013:05:54:45 +0200] "GET /hirek/1303202.htm HTTP/1.1" 206 13230 "-" "Mozilla/4.0 (compatible; MSIE 5.01; Windows NT 5.0)"
37.140.141.19 - - [19/Apr/2013:06:08:31 +0200] "GET /jog/eseteink/poroszlo/villa__.jpg HTTP/1.1" 304 - "-" "Mozilla/5.0 (compatible; YandexImages/3.0; +http://yandex.com/bots)"
139.18.2.209 - - [19/Apr/2013:06:22:07 +0200] "GET /jog/index.htm HTTP/1.1" 200 13138 "-" "findlinks/2.6 (+http://wortschatz.uni-leipzig.de/findlinks/)"
37.140.141.19 - - [19/Apr/2013:06:30:15 +0200] "GET /jog/eseteink/korosladany/kepek/img_2.jpg HTTP/1.1" 304 - "-" "Mozilla/5.0 (compatible; YandexImages/3.0; +http://yandex.com/bots)"
66.112.51.98 - - [19/Apr/2013:06:32:05 +0200] "GET /robots.txt HTTP/1.0" 404 1181 "-" "Mozilla/5.0 (compatible; MJ12bot/v1.4.3; http://www.majestic12.co.uk/bot.php?+)"
66.112.51.98 - - [19/Apr/2013:06:32:11 +0200] "GET / HTTP/1.1" 200 43954 "-" "Mozilla/5.0 (compatible; MJ12bot/v1.4.3; http://www.majestic12.co.uk/bot.php?+)"
37.140.141.19 - - [19/Apr/2013:06:52:47 +0200] "GET /jog/eseteink/derekegyhaza/kepek/37-431__.jpg HTTP/1.1" 304 - "-" "Mozilla/5.0 (compatible; YandexImages/3.0; +http://yandex.com/bots)"
37.140.141.19 - - [19/Apr/2013:07:14:16 +0200] "GET /jog/eseteink/korosladany/kepek/img_5356__.jpg HTTP/1.1" 304 - "-" "Mozilla/5.0 (compatible; YandexImages/3.0; +http://yandex.com/bots)"
37.140.141.19 - - [19/Apr/2013:07:35:45 +0200] "GET /jog/eseteink/kavicszatony/dscf0084_.jpg HTTP/1.1" 304 - "-" "Mozilla/5.0 (compatible; YandexImages/3.0; +http://yandex.com/bots)"
37.140.141.19 - - [19/Apr/2013:07:57:01 +0200] "GET /jog/eseteink/derekegyhaza/kepek/37-433_o_2005_.jpg HTTP/1.1" 304 - "-" "Mozilla/5.0 (compatible; YandexImages/3.0; +http://yandex.com/bots)"
37.140.141.19 - - [19/Apr/2013:08:20:16 +0200] "GET /jog/eseteink/korosladany/kepek/img_5365.jpg HTTP/1.1" 304 - "-" "Mozilla/5.0 (compatible; YandexImages/3.0; +http://yandex.com/bots)"
208.115.113.84 - - [19/Apr/2013:08:23:03 +0200] "GET /robots.txt HTTP/1.1" 404 1181 "-" "Mozilla/5.0 (compatible; Ezooms/1.0; ezooms.bot@gmail.com)"
199.30.20.6 - - [19/Apr/2013:08:23:12 +0200] "GET /robots.txt HTTP/1.1" 404 1181 "-" "msnbot-media/1.1 (+http://search.msn.com/msnbot.htm)"
199.30.20.6 - - [19/Apr/2013:08:23:13 +0200] "GET /fiok/images/index_12_12.JPG HTTP/1.1" 200 985 "-" "msnbot-media/1.1 (+http://search.msn.com/msnbot.htm)"
208.115.113.84 - - [19/Apr/2013:08:37:27 +0200] "GET /jog HTTP/1.1" 301 311 "-" "Mozilla/5.0 (compatible; Ezooms/1.0; ezooms.bot@gmail.com)"
37.140.141.19 - - [19/Apr/2013:08:41:30 +0200] "GET /jog/eseteink/korosladany/kepek/img_3b.jpg HTTP/1.1" 304 - "-" "Mozilla/5.0 (compatible; YandexImages/3.0; +http://yandex.com/bots)"
77.88.42.27 - - [19/Apr/2013:08:46:19 +0200] "GET /robots.txt HTTP/1.1" 404 1181 "-" "Mozilla/5.0 (compatible; YandexBot/3.0; +http://yandex.com/bots)"
37.140.141.19 - - [19/Apr/2013:09:03:51 +0200] "GET /jog/eseteink/derekegyhaza/kepek/37-431_o_2005_.jpg HTTP/1.1" 304 - "-" "Mozilla/5.0 (compatible; YandexImages/3.0; +http://yandex.com/bots)"
66.249.78.60 - - [19/Apr/2013:09:19:55 +0200] "GET / HTTP/1.1" 200 43954 "-" "Mozilla/5.0 (iPhone; U; CPU iPhone OS 4_1 like Mac OS X; en-us) AppleWebKit/532.9 (KHTML, like Gecko) Version/4.0.5 Mobile/8B117 Safari/6531.22.7 (compatible; Googlebot-Mobile/2.1; +http://www.google.com/bot.html)"
37.140.141.19 - - [19/Apr/2013:09:25:37 +0200] "GET /jog/eseteink/derekegyhaza/kepek/dalerd__.jpg HTTP/1.1" 304 - "-" "Mozilla/5.0 (compatible; YandexImages/3.0; +http://yandex.com/bots)"
66.249.78.60 - - [19/Apr/2013:09:25:50 +0200] "GET /lb/css/lightbox.css HTTP/1.1" 200 1715 "-" "Mozilla/5.0 (compatible; Googlebot/2.1; +http://www.google.com/bot.html)"
37.140.141.19 - - [19/Apr/2013:09:47:02 +0200] "GET /jog/eseteink/korosladany/kepek/img_3a.jpg HTTP/1.1" 304 - "-" "Mozilla/5.0 (compatible; YandexImages/3.0; +http://yandex.com/bots)"
37.140.141.19 - - [19/Apr/2013:10:08:55 +0200] "GET /jog/eseteink/derekegyhaza/kepek/37-433__.jpg HTTP/1.1" 304 - "-" "Mozilla/5.0 (compatible; YandexImages/3.0; +http://yandex.com/bots)"
37.140.141.19 - - [19/Apr/2013:10:36:20 +0200] "GET /jog/eseteink/kavicszatony/dscf0084.jpg HTTP/1.1" 304 - "-" "Mozilla/5.0 (compatible; YandexImages/3.0; +http://yandex.com/bots)"
88.214.193.210 - - [19/Apr/2013:10:39:39 +0200] "GET / HTTP/1.0" 200 43954 "-" "Mozilla/5.0 (Windows; U; Windows NT 5.1; en-US; rv:1.7.10) Gecko/20050716 Firefox/1.0.6"
88.214.193.210 - - [19/Apr/2013:10:40:27 +0200] "GET /hirek/hirek101027.htm HTTP/1.0" 200 9627 "-" "Mozilla/5.0 (Windows; U; Windows NT 5.1; en-US; rv:1.7.10) Gecko/20050716 Firefox/1.0.6"
88.214.193.210 - - [19/Apr/2013:10:41:07 +0200] "GET /hirek/hirek101213.htm HTTP/1.0" 200 8671 "-" "Mozilla/5.0 (Windows; U; Windows NT 5.1; en-US; rv:1.7.10) Gecko/20050716 Firefox/1.0.6"
88.214.193.210 - - [19/Apr/2013:10:41:54 +0200] "GET /kapcsolat.htm HTTP/1.0" 200 6875 "-" "Mozilla/5.0 (Windows; U; Windows NT 5.1; en-US; rv:1.7.10) Gecko/20050716 Firefox/1.0.6"
88.214.193.210 - - [19/Apr/2013:10:42:31 +0200] "GET /magunkrol.htm HTTP/1.0" 200 9161 "-" "Mozilla/5.0 (Windows; U; Windows NT 5.1; en-US; rv:1.7.10) Gecko/20050716 Firefox/1.0.6"
66.249.78.60 - - [19/Apr/2013:10:43:12 +0200] "GET /jog/jogszabalyok/egyezm_bonn.pdf HTTP/1.1" 200 77213 "-" "Mozilla/5.0 (compatible; Googlebot/2.1; +http://www.google.com/bot.html)"
37.140.141.19 - - [19/Apr/2013:11:02:41 +0200] "GET /tm05_.jpg HTTP/1.1" 200 1839 "-" "Mozilla/5.0 (compatible; YandexImages/3.0; +http://yandex.com/bots)"
37.140.141.19 - - [19/Apr/2013:11:17:14 +0200] "GET /jog/eseteink/derekegyhaza/37-433.jpg HTTP/1.1" 304 - "-" "Mozilla/5.0 (compatible; YandexImages/3.0; +http://yandex.com/bots)"
66.249.78.60 - - [19/Apr/2013:11:24:30 +0200] "GET /hirek/Microsoft%20Word%20-%20csongradi%20duzzaszto%20velemeny%202009.06.11..doc.pdf HTTP/1.1" 304 - "-" "Mozilla/5.0 (iPhone; U; CPU iPhone OS 4_1 like Mac OS X; en-us) AppleWebKit/532.9 (KHTML, like Gecko) Version/4.0.5 Mobile/8B117 Safari/6531.22.7 (compatible; Googlebot-Mobile/2.1; +http://www.google.com/bot.html)"
66.249.78.60 - - [19/Apr/2013:11:24:49 +0200] "GET /hirek/130313.htm HTTP/1.1" 304 - "-" "Mozilla/5.0 (iPhone; U; CPU iPhone OS 4_1 like Mac OS X; en-us) AppleWebKit/532.9 (KHTML, like Gecko) Version/4.0.5 Mobile/8B117 Safari/6531.22.7 (compatible; Googlebot-Mobile/2.1; +http://www.google.com/bot.html)"
66.249.78.60 - - [19/Apr/2013:11:25:08 +0200] "GET /hirek/130312.htm HTTP/1.1" 304 - "-" "Mozilla/5.0 (iPhone; U; CPU iPhone OS 4_1 like Mac OS X; en-us) AppleWebKit/532.9 (KHTML, like Gecko) Version/4.0.5 Mobile/8B117 Safari/6531.22.7 (compatible; Googlebot-Mobile/2.1; +http://www.google.com/bot.html)"
66.249.78.60 - - [19/Apr/2013:11:25:28 +0200] "GET /jog/ HTTP/1.1" 304 - "-" "Mozilla/5.0 (iPhone; U; CPU iPhone OS 4_1 like Mac OS X; en-us) AppleWebKit/532.9 (KHTML, like Gecko) Version/4.0.5 Mobile/8B117 Safari/6531.22.7 (compatible; Googlebot-Mobile/2.1; +http://www.google.com/bot.html)"
66.249.78.60 - - [19/Apr/2013:11:25:47 +0200] "GET /jog/eseteink/audi/index.htm HTTP/1.1" 200 15938 "-" "Mozilla/5.0 (iPhone; U; CPU iPhone OS 4_1 like Mac OS X; en-us) AppleWebKit/532.9 (KHTML, like Gecko) Version/4.0.5 Mobile/8B117 Safari/6531.22.7 (compatible; Googlebot-Mobile/2.1; +http://www.google.com/bot.html)"
66.249.78.60 - - [19/Apr/2013:11:26:06 +0200] "GET /jog/eseteink/korosladany/nemzeti_park_adatkeres_korosladany.pdf HTTP/1.1" 200 82235 "-" "Mozilla/5.0 (iPhone; U; CPU iPhone OS 4_1 like Mac OS X; en-us) AppleWebKit/532.9 (KHTML, like Gecko) Version/4.0.5 Mobile/8B117 Safari/6531.22.7 (compatible; Googlebot-Mobile/2.1; +http://www.google.com/bot.html)"
66.249.78.60 - - [19/Apr/2013:11:26:25 +0200] "GET /jog/zoldombudsman.htm HTTP/1.1" 304 - "-" "Mozilla/5.0 (iPhone; U; CPU iPhone OS 4_1 like Mac OS X; en-us) AppleWebKit/532.9 (KHTML, like Gecko) Version/4.0.5 Mobile/8B117 Safari/6531.22.7 (compatible; Googlebot-Mobile/2.1; +http://www.google.com/bot.html)"
66.249.78.60 - - [19/Apr/2013:11:26:45 +0200] "GET /media.htm HTTP/1.1" 200 5208 "-" "Mozilla/5.0 (iPhone; U; CPU iPhone OS 4_1 like Mac OS X; en-us) AppleWebKit/532.9 (KHTML, like Gecko) Version/4.0.5 Mobile/8B117 Safari/6531.22.7 (compatible; Googlebot-Mobile/2.1; +http://www.google.com/bot.html)"
66.249.75.200 - - [19/Apr/2013:11:42:15 +0200] "GET /fiok/program_reszek/erdei_iskola.htm HTTP/1.1" 304 - "-" "Mozilla/5.0 (iPhone; U; CPU iPhone OS 4_1 like Mac OS X; en-us) AppleWebKit/532.9 (KHTML, like Gecko) Version/4.0.5 Mobile/8B117 Safari/6531.22.7 (compatible; Googlebot-Mobile/2.1; +http://www.google.com/bot.html)"
195.56.144.85 - - [19/Apr/2013:11:42:37 +0200] "GET /vill.cs HTTP/1.1" 200 3139 "http://webcache.googleusercontent.com/search?q=cache:MBsbuIgBnSAJ:www.beklen.hu/hirek/hirek100810.htm+als%C3%B3+beretty%C3%B3+mell%C3%A9ki&cd=10&hl=hu&ct=clnk&gl=hu" "Mozilla/5.0 (Windows NT 5.1; rv:20.0) Gecko/20100101 Firefox/20.0"
195.56.144.85 - - [19/Apr/2013:11:42:37 +0200] "GET /lb/css/lightbox.css HTTP/1.1" 200 1715 "http://webcache.googleusercontent.com/search?q=cache:MBsbuIgBnSAJ:www.beklen.hu/hirek/hirek100810.htm+als%C3%B3+beretty%C3%B3+mell%C3%A9ki&cd=10&hl=hu&ct=clnk&gl=hu" "Mozilla/5.0 (Windows NT 5.1; rv:20.0) Gecko/20100101 Firefox/20.0"
195.56.144.85 - - [19/Apr/2013:11:42:37 +0200] "GET /lb/js/scriptaculous.js?load=effects HTTP/1.1" 200 2152 "http://webcache.googleusercontent.com/search?q=cache:MBsbuIgBnSAJ:www.beklen.hu/hirek/hirek100810.htm+als%C3%B3+beretty%C3%B3+mell%C3%A9ki&cd=10&hl=hu&ct=clnk&gl=hu" "Mozilla/5.0 (Windows NT 5.1; rv:20.0) Gecko/20100101 Firefox/20.0"
195.56.144.85 - - [19/Apr/2013:11:42:37 +0200] "GET /lb/js/lightbox.js HTTP/1.1" 200 23424 "http://webcache.googleusercontent.com/search?q=cache:MBsbuIgBnSAJ:www.beklen.hu/hirek/hirek100810.htm+als%C3%B3+beretty%C3%B3+mell%C3%A9ki&cd=10&hl=hu&ct=clnk&gl=hu" "Mozilla/5.0 (Windows NT 5.1; rv:20.0) Gecko/20100101 Firefox/20.0"
195.56.144.85 - - [19/Apr/2013:11:42:37 +0200] "GET /tm01.jpg HTTP/1.1" 200 1080 "http://webcache.googleusercontent.com/search?q=cache:MBsbuIgBnSAJ:www.beklen.hu/hirek/hirek100810.htm+als%C3%B3+beretty%C3%B3+mell%C3%A9ki&cd=10&hl=hu&ct=clnk&gl=hu" "Mozilla/5.0 (Windows NT 5.1; rv:20.0) Gecko/20100101 Firefox/20.0"
195.56.144.85 - - [19/Apr/2013:11:42:37 +0200] "GET /tm02_.jpg HTTP/1.1" 200 1524 "http://webcache.googleusercontent.com/search?q=cache:MBsbuIgBnSAJ:www.beklen.hu/hirek/hirek100810.htm+als%C3%B3+beretty%C3%B3+mell%C3%A9ki&cd=10&hl=hu&ct=clnk&gl=hu" "Mozilla/5.0 (Windows NT 5.1; rv:20.0) Gecko/20100101 Firefox/20.0"
195.56.144.85 - - [19/Apr/2013:11:42:37 +0200] "GET /tm03_.jpg HTTP/1.1" 200 1787 "http://webcache.googleusercontent.com/search?q=cache:MBsbuIgBnSAJ:www.beklen.hu/hirek/hirek100810.htm+als%C3%B3+beretty%C3%B3+mell%C3%A9ki&cd=10&hl=hu&ct=clnk&gl=hu" "Mozilla/5.0 (Windows NT 5.1; rv:20.0) Gecko/20100101 Firefox/20.0"
195.56.144.85 - - [19/Apr/2013:11:42:37 +0200] "GET /tm04_.jpg HTTP/1.1" 200 2058 "http://webcache.googleusercontent.com/search?q=cache:MBsbuIgBnSAJ:www.beklen.hu/hirek/hirek100810.htm+als%C3%B3+beretty%C3%B3+mell%C3%A9ki&cd=10&hl=hu&ct=clnk&gl=hu" "Mozilla/5.0 (Windows NT 5.1; rv:20.0) Gecko/20100101 Firefox/20.0"
195.56.144.85 - - [19/Apr/2013:11:42:37 +0200] "GET /tm05_.jpg HTTP/1.1" 200 1839 "http://webcache.googleusercontent.com/search?q=cache:MBsbuIgBnSAJ:www.beklen.hu/hirek/hirek100810.htm+als%C3%B3+beretty%C3%B3+mell%C3%A9ki&cd=10&hl=hu&ct=clnk&gl=hu" "Mozilla/5.0 (Windows NT 5.1; rv:20.0) Gecko/20100101 Firefox/20.0"
195.56.144.85 - - [19/Apr/2013:11:42:37 +0200] "GET /tm06_.jpg HTTP/1.1" 200 1382 "http://webcache.googleusercontent.com/search?q=cache:MBsbuIgBnSAJ:www.beklen.hu/hirek/hirek100810.htm+als%C3%B3+beretty%C3%B3+mell%C3%A9ki&cd=10&hl=hu&ct=clnk&gl=hu" "Mozilla/5.0 (Windows NT 5.1; rv:20.0) Gecko/20100101 Firefox/20.0"
195.56.144.85 - - [19/Apr/2013:11:42:37 +0200] "GET /tm07.jpg HTTP/1.1" 200 1007 "http://webcache.googleusercontent.com/search?q=cache:MBsbuIgBnSAJ:www.beklen.hu/hirek/hirek100810.htm+als%C3%B3+beretty%C3%B3+mell%C3%A9ki&cd=10&hl=hu&ct=clnk&gl=hu" "Mozilla/5.0 (Windows NT 5.1; rv:20.0) Gecko/20100101 Firefox/20.0"
195.56.144.85 - - [19/Apr/2013:11:42:37 +0200] "GET /lb/js/prototype.js HTTP/1.1" 200 47603 "http://webcache.googleusercontent.com/search?q=cache:MBsbuIgBnSAJ:www.beklen.hu/hirek/hirek100810.htm+als%C3%B3+beretty%C3%B3+mell%C3%A9ki&cd=10&hl=hu&ct=clnk&gl=hu" "Mozilla/5.0 (Windows NT 5.1; rv:20.0) Gecko/20100101 Firefox/20.0"
195.56.144.85 - - [19/Apr/2013:11:42:37 +0200] "GET /images/nfuszolnoknorveg.JPG HTTP/1.1" 200 13113 "http://webcache.googleusercontent.com/search?q=cache:MBsbuIgBnSAJ:www.beklen.hu/hirek/hirek100810.htm+als%C3%B3+beretty%C3%B3+mell%C3%A9ki&cd=10&hl=hu&ct=clnk&gl=hu" "Mozilla/5.0 (Windows NT 5.1; rv:20.0) Gecko/20100101 Firefox/20.0"
195.56.144.85 - - [19/Apr/2013:11:42:37 +0200] "GET /hirek/fotok_alsoberettyo/DSCF2490.jpg HTTP/1.1" 200 97869 "http://webcache.googleusercontent.com/search?q=cache:MBsbuIgBnSAJ:www.beklen.hu/hirek/hirek100810.htm+als%C3%B3+beretty%C3%B3+mell%C3%A9ki&cd=10&hl=hu&ct=clnk&gl=hu" "Mozilla/5.0 (Windows NT 5.1; rv:20.0) Gecko/20100101 Firefox/20.0"
195.56.144.85 - - [19/Apr/2013:11:42:37 +0200] "GET /hirek/fotok_alsoberettyo/DSCF2486.jpg HTTP/1.1" 200 99189 "http://webcache.googleusercontent.com/search?q=cache:MBsbuIgBnSAJ:www.beklen.hu/hirek/hirek100810.htm+als%C3%B3+beretty%C3%B3+mell%C3%A9ki&cd=10&hl=hu&ct=clnk&gl=hu" "Mozilla/5.0 (Windows NT 5.1; rv:20.0) Gecko/20100101 Firefox/20.0"
195.56.144.85 - - [19/Apr/2013:11:42:37 +0200] "GET /hirek/fotok_alsoberettyo/DSCF2488.jpg HTTP/1.1" 200 99470 "http://webcache.googleusercontent.com/search?q=cache:MBsbuIgBnSAJ:www.beklen.hu/hirek/hirek100810.htm+als%C3%B3+beretty%C3%B3+mell%C3%A9ki&cd=10&hl=hu&ct=clnk&gl=hu" "Mozilla/5.0 (Windows NT 5.1; rv:20.0) Gecko/20100101 Firefox/20.0"
195.56.144.85 - - [19/Apr/2013:11:42:37 +0200] "GET /lb/js/effects.js HTTP/1.1" 200 31969 "http://webcache.googleusercontent.com/search?q=cache:MBsbuIgBnSAJ:www.beklen.hu/hirek/hirek100810.htm+als%C3%B3+beretty%C3%B3+mell%C3%A9ki&cd=10&hl=hu&ct=clnk&gl=hu" "Mozilla/5.0 (Windows NT 5.1; rv:20.0) Gecko/20100101 Firefox/20.0"
