66.249.78.60 - - [12/Apr/2013:04:22:28 +0200] "GET /jog/eseteink/dakar/index.htm HTTP/1.1" 304 - "-" "Mozilla/5.0 (iPhone; U; CPU iPhone OS 4_1 like Mac OS X; en-us) AppleWebKit/532.9 (KHTML, like Gecko) Version/4.0.5 Mobile/8B117 Safari/6531.22.7 (compatible; Googlebot-Mobile/2.1; +http://www.google.com/bot.html)"
66.249.78.60 - - [12/Apr/2013:04:25:44 +0200] "GET /hirek/130307.htm HTTP/1.1" 200 12189 "-" "Mozilla/5.0 (iPhone; U; CPU iPhone OS 4_1 like Mac OS X; en-us) AppleWebKit/532.9 (KHTML, like Gecko) Version/4.0.5 Mobile/8B117 Safari/6531.22.7 (compatible; Googlebot-Mobile/2.1; +http://www.google.com/bot.html)"
139.18.2.209 - - [12/Apr/2013:04:31:58 +0200] "GET /fiok/program_reszek/lovaglas.htm HTTP/1.1" 200 21486 "-" "findlinks/2.6 (+http://wortschatz.uni-leipzig.de/findlinks/)"
208.115.111.68 - - [12/Apr/2013:04:39:27 +0200] "GET /hirek/130320.htm HTTP/1.1" 200 11326 "-" "Mozilla/5.0 (compatible; Ezooms/1.0; ezooms.bot@gmail.com)"
208.115.111.68 - - [12/Apr/2013:04:39:29 +0200] "GET /jog/polgariper.htm HTTP/1.1" 200 13964 "-" "Mozilla/5.0 (compatible; Ezooms/1.0; ezooms.bot@gmail.com)"
66.249.78.60 - - [12/Apr/2013:04:42:58 +0200] "GET /hirek/1303202.htm HTTP/1.1" 200 13230 "-" "SAMSUNG-SGH-E250/1.0 Profile/MIDP-2.0 Configuration/CLDC-1.1 UP.Browser/6.2.3.3.c.1.101 (GUI) MMP/2.0 (compatible; Googlebot-Mobile/2.1; +http://www.google.com/bot.html)"
66.249.78.60 - - [12/Apr/2013:04:55:22 +0200] "GET /english/index.htm HTTP/1.1" 200 5262 "-" "Mozilla/5.0 (iPhone; U; CPU iPhone OS 4_1 like Mac OS X; en-us) AppleWebKit/532.9 (KHTML, like Gecko) Version/4.0.5 Mobile/8B117 Safari/6531.22.7 (compatible; Googlebot-Mobile/2.1; +http://www.google.com/bot.html)"
77.88.42.27 - - [12/Apr/2013:05:13:44 +0200] "GET /jog/rendorsegifeljelentes.htm HTTP/1.1" 200 13536 "-" "Mozilla/5.0 (compatible; YandexBot/3.0; +http://yandex.com/bots)"
66.249.78.60 - - [12/Apr/2013:05:32:14 +0200] "GET /hirek/130313.htm HTTP/1.1" 200 7785 "-" "Mozilla/5.0 (compatible; Googlebot/2.1; +http://www.google.com/bot.html)"
199.30.20.126 - - [12/Apr/2013:05:46:54 +0200] "GET /robots.txt HTTP/1.1" 404 1181 "-" "msnbot-media/1.1 (+http://search.msn.com/msnbot.htm)"
199.30.20.126 - - [12/Apr/2013:05:46:55 +0200] "GET /tm01.jpg HTTP/1.1" 200 1080 "-" "msnbot-media/1.1 (+http://search.msn.com/msnbot.htm)"
66.249.78.60 - - [12/Apr/2013:06:35:52 +0200] "GET /robots.txt HTTP/1.1" 404 1181 "-" "Mozilla/5.0 (compatible; Googlebot/2.1; +http://www.google.com/bot.html)"
66.249.75.200 - - [12/Apr/2013:06:35:53 +0200] "GET /jog/eseteink/kavicszatony/tajekoztatas.pdf HTTP/1.1" 200 153465 "-" "Mozilla/5.0 (compatible; Googlebot/2.1; +http://www.google.com/bot.html)"
173.192.235.226 - - [12/Apr/2013:06:41:15 +0200] "GET /hirek/1303191.htm HTTP/1.1" 200 8910 "-" "Mozilla/5.0 (compatible; SiteExplorer/1.0b; +http://siteexplorer.info/)"
173.192.235.226 - - [12/Apr/2013:06:41:16 +0200] "GET /hirek/130319.htm HTTP/1.1" 200 12949 "-" "Mozilla/5.0 (compatible; SiteExplorer/1.0b; +http://siteexplorer.info/)"
173.192.235.226 - - [12/Apr/2013:06:41:18 +0200] "GET /hirek/130313.htm HTTP/1.1" 200 7785 "-" "Mozilla/5.0 (compatible; SiteExplorer/1.0b; +http://siteexplorer.info/)"
173.192.235.226 - - [12/Apr/2013:06:41:20 +0200] "GET /hirek/1303122.htm HTTP/1.1" 200 7547 "-" "Mozilla/5.0 (compatible; SiteExplorer/1.0b; +http://siteexplorer.info/)"
173.192.235.226 - - [12/Apr/2013:06:41:22 +0200] "GET /hirek/130312.htm HTTP/1.1" 200 9645 "-" "Mozilla/5.0 (compatible; SiteExplorer/1.0b; +http://siteexplorer.info/)"
173.192.235.226 - - [12/Apr/2013:06:41:24 +0200] "GET /hirek/1303072.htm HTTP/1.1" 200 9111 "-" "Mozilla/5.0 (compatible; SiteExplorer/1.0b; +http://siteexplorer.info/)"
173.192.235.226 - - [12/Apr/2013:06:41:26 +0200] "GET /hirek/1303071.htm HTTP/1.1" 200 8749 "-" "Mozilla/5.0 (compatible; SiteExplorer/1.0b; +http://siteexplorer.info/)"
173.192.235.226 - - [12/Apr/2013:06:41:28 +0200] "GET /hirek/130307.htm HTTP/1.1" 200 12189 "-" "Mozilla/5.0 (compatible; SiteExplorer/1.0b; +http://siteexplorer.info/)"
173.192.235.226 - - [12/Apr/2013:06:41:30 +0200] "GET /hirarchivum.htm HTTP/1.1" 200 24981 "-" "Mozilla/5.0 (compatible; SiteExplorer/1.0b; +http://siteexplorer.info/)"
130.83.167.153 - - [12/Apr/2013:06:44:29 +0200] "GET /hirek/hirek100305.htm HTTP/1.1" 200 7091 "-" "findlinks/2.6 (+http://wortschatz.uni-leipzig.de/findlinks/)"
77.88.42.27 - - [12/Apr/2013:06:53:13 +0200] "GET /jog/jogszabalyok/termeszetvedelmi_torveny.pdf HTTP/1.1" 200 470027 "-" "Mozilla/5.0 (compatible; YandexBot/3.0; +http://yandex.com/bots)"
66.249.78.60 - - [12/Apr/2013:07:02:38 +0200] "GET /hirek/130320.htm HTTP/1.1" 200 11326 "-" "Mozilla/5.0 (iPhone; U; CPU iPhone OS 4_1 like Mac OS X; en-us) AppleWebKit/532.9 (KHTML, like Gecko) Version/4.0.5 Mobile/8B117 Safari/6531.22.7 (compatible; Googlebot-Mobile/2.1; +http://www.google.com/bot.html)"
180.76.5.175 - - [12/Apr/2013:07:26:20 +0200] "GET /fiok/program_reszek/konferancia.htm HTTP/1.1" 200 21668 "-" "Mozilla/5.0 (compatible; Baiduspider/2.0; +http://www.baidu.com/search/spider.html)"
66.249.78.60 - - [12/Apr/2013:07:41:04 +0200] "GET /hirek/130312.htm HTTP/1.1" 200 9645 "-" "Mozilla/5.0 (compatible; Googlebot/2.1; +http://www.google.com/bot.html)"
77.88.42.27 - - [12/Apr/2013:07:45:11 +0200] "GET /jog/pub/fuzet_beliv_jav2angol.pdf HTTP/1.1" 200 811793 "-" "Mozilla/5.0 (compatible; YandexBot/3.0; +http://yandex.com/bots)"
66.249.78.60 - - [12/Apr/2013:08:23:07 +0200] "GET /jog/eseteink/korosladany/lgfobb_ugyeszseg_ujra.pdf HTTP/1.1" 200 105157 "-" "Mozilla/5.0 (compatible; Googlebot/2.1; +http://www.google.com/bot.html)"
66.249.78.60 - - [12/Apr/2013:08:24:24 +0200] "GET /fiok/mult.htm HTTP/1.1" 200 23227 "-" "Mozilla/5.0 (compatible; Googlebot/2.1; +http://www.google.com/bot.html)"
66.249.75.200 - - [12/Apr/2013:08:32:09 +0200] "GET /jog/polgariper.htm HTTP/1.1" 200 13964 "-" "Mozilla/5.0 (compatible; Googlebot/2.1; +http://www.google.com/bot.html)"
66.249.78.60 - - [12/Apr/2013:08:38:37 +0200] "GET /fiok/program_reszek/madarmegfigyeles.htm HTTP/1.1" 200 21825 "-" "Mozilla/5.0 (compatible; Googlebot/2.1; +http://www.google.com/bot.html)"
66.249.78.60 - - [12/Apr/2013:08:46:06 +0200] "GET /jog/css/style.css HTTP/1.1" 200 23764 "-" "Mozilla/5.0 (compatible; Googlebot/2.1; +http://www.google.com/bot.html)"
66.249.78.60 - - [12/Apr/2013:08:47:01 +0200] "GET /jog/eseteink/korosladany/korosladany-fvm.pdf HTTP/1.1" 200 134475 "-" "Mozilla/5.0 (compatible; Googlebot/2.1; +http://www.google.com/bot.html)"
65.55.215.37 - - [12/Apr/2013:08:52:52 +0200] "GET /robots.txt HTTP/1.1" 404 1181 "-" "msnbot-media/1.1 (+http://search.msn.com/msnbot.htm)"
65.55.215.37 - - [12/Apr/2013:08:52:53 +0200] "GET /jog/img/file_zip.png HTTP/1.1" 200 622 "-" "msnbot-media/1.1 (+http://search.msn.com/msnbot.htm)"
66.249.78.60 - - [12/Apr/2013:09:03:47 +0200] "GET /hirek/1303202.htm HTTP/1.1" 200 13230 "-" "Mozilla/5.0 (iPhone; U; CPU iPhone OS 4_1 like Mac OS X; en-us) AppleWebKit/532.9 (KHTML, like Gecko) Version/4.0.5 Mobile/8B117 Safari/6531.22.7 (compatible; Googlebot-Mobile/2.1; +http://www.google.com/bot.html)"
66.249.78.60 - - [12/Apr/2013:09:08:59 +0200] "GET /jog/eseteink/derekegyhaza/lev_nimfea_36868.pdf HTTP/1.1" 200 144038 "-" "Mozilla/5.0 (compatible; Googlebot/2.1; +http://www.google.com/bot.html)"
66.249.75.200 - - [12/Apr/2013:09:34:50 +0200] "GET /jog/eseteink/korosladany/index.htm HTTP/1.1" 200 30713 "-" "Mozilla/5.0 (compatible; Googlebot/2.1; +http://www.google.com/bot.html)"
77.88.42.27 - - [12/Apr/2013:09:41:50 +0200] "GET /jog/jogszabalyok/aarhus_egyezmeny.pdf HTTP/1.1" 200 177386 "-" "Mozilla/5.0 (compatible; YandexBot/3.0; +http://yandex.com/bots)"
66.249.78.60 - - [12/Apr/2013:09:49:49 +0200] "GET /jog/eseteink/korosladany/k%C3%B6tvife_kekto_adatkeres.pdf HTTP/1.1" 404 1181 "-" "Mozilla/5.0 (compatible; Googlebot/2.1; +http://www.google.com/bot.html)"
66.249.78.60 - - [12/Apr/2013:09:49:50 +0200] "GET /jog/eseteink/korosladany/k%C3%B6zighivatalnak_lad%C3%A1ny.pdf HTTP/1.1" 404 1181 "-" "Mozilla/5.0 (compatible; Googlebot/2.1; +http://www.google.com/bot.html)"
66.249.78.60 - - [12/Apr/2013:09:49:50 +0200] "GET /jog/eseteink/korosladany/%C3%BCgy%C3%A9szs%C3%A9g_1_derekegyhaza.pdf HTTP/1.1" 404 1181 "-" "Mozilla/5.0 (compatible; Googlebot/2.1; +http://www.google.com/bot.html)"
66.249.78.60 - - [12/Apr/2013:09:56:49 +0200] "GET /hirek/Natura_2000es_gyepgazdalkodas_eloirasai.ppt HTTP/1.1" 200 333312 "-" "Mozilla/5.0 (compatible; Googlebot/2.1; +http://www.google.com/bot.html)"
66.249.78.60 - - [12/Apr/2013:10:03:56 +0200] "GET /jog/eseteink/audi/eu.%20biz.%20fotitkaranak.pdf HTTP/1.1" 200 214051 "-" "Mozilla/5.0 (compatible; Googlebot/2.1; +http://www.google.com/bot.html)"
66.249.78.60 - - [12/Apr/2013:10:04:38 +0200] "GET /jog/eseteink/korosladany/k%C3%B6tefive_erdeklodes_vegrehajtassal_kapcsolatban.pdf HTTP/1.1" 404 1181 "-" "Mozilla/5.0 (compatible; Googlebot/2.1; +http://www.google.com/bot.html)"
66.249.78.60 - - [12/Apr/2013:10:14:19 +0200] "GET /jog/eseteink/korosladany/dalerd%20lb%20itelet_001.pdf HTTP/1.1" 200 2479135 "-" "Mozilla/5.0 (compatible; Googlebot/2.1; +http://www.google.com/bot.html)"
66.249.78.60 - - [12/Apr/2013:10:17:30 +0200] "GET /jog/eseteink/kavicszatony/mura_bejelentes1.pdf HTTP/1.1" 200 214943 "-" "Mozilla/5.0 (compatible; Googlebot/2.1; +http://www.google.com/bot.html)"
66.249.78.60 - - [12/Apr/2013:10:25:56 +0200] "GET /jog/eseteink/korosladany/korosladany_kvktf_.pdf HTTP/1.1" 200 170079 "-" "Mozilla/5.0 (compatible; Googlebot/2.1; +http://www.google.com/bot.html)"
66.249.78.60 - - [12/Apr/2013:10:26:34 +0200] "GET /jog/eseteink/dakar/dakar_dabas_ugyeszseg_hatarozat.pdf HTTP/1.1" 200 2672939 "-" "Mozilla/5.0 (compatible; Googlebot/2.1; +http://www.google.com/bot.html)"
66.249.78.60 - - [12/Apr/2013:10:27:06 +0200] "GET /jog/eseteink/korosladany/miniszt%C3%A9rium_fougyeszs%C3%A9g_felugyeleti_intezkedes.pdf HTTP/1.1" 404 1181 "-" "Mozilla/5.0 (compatible; Googlebot/2.1; +http://www.google.com/bot.html)"
66.249.78.60 - - [12/Apr/2013:10:37:22 +0200] "GET /hirek/hirek120207.htm HTTP/1.1" 200 6586 "-" "Mozilla/5.0 (compatible; Googlebot/2.1; +http://www.google.com/bot.html)"
66.249.78.60 - - [12/Apr/2013:10:39:14 +0200] "GET /jog/eseteink/korosladany/adatk%C3%A9r%C3%A9s_k%C3%B6r%C3%B6slad%C3%A1ny_helyi%20_v%C3%A9dett.pdf HTTP/1.1" 404 1181 "-" "Mozilla/5.0 (compatible; Googlebot/2.1; +http://www.google.com/bot.html)"
66.249.78.60 - - [12/Apr/2013:10:43:22 +0200] "GET /kapcsolat.htm HTTP/1.1" 200 6875 "-" "Mozilla/5.0 (compatible; Googlebot/2.1; +http://www.google.com/bot.html)"
77.88.42.27 - - [12/Apr/2013:10:55:05 +0200] "GET /robots.txt HTTP/1.1" 404 1181 "-" "Mozilla/5.0 (compatible; YandexBot/3.0; +http://yandex.com/bots)"
66.249.78.60 - - [12/Apr/2013:10:59:31 +0200] "GET /deutsch/kontakt.htm HTTP/1.1" 200 4769 "-" "Mozilla/5.0 (compatible; Googlebot/2.1; +http://www.google.com/bot.html)"
66.249.78.60 - - [12/Apr/2013:11:08:54 +0200] "GET /jog/eseteink.htm HTTP/1.1" 200 17277 "-" "Mozilla/5.0 (compatible; Googlebot/2.1; +http://www.google.com/bot.html)"
66.249.78.60 - - [12/Apr/2013:11:09:19 +0200] "GET /jog/eseteink/malom/ilona_bontas.pdf HTTP/1.1" 200 4556816 "-" "Mozilla/5.0 (compatible; Googlebot/2.1; +http://www.google.com/bot.html)"
66.249.78.60 - - [12/Apr/2013:11:09:39 +0200] "GET /jog/eseteink/kavicszatony/fellebbezes.pdf HTTP/1.1" 200 201532 "-" "Mozilla/5.0 (compatible; Googlebot/2.1; +http://www.google.com/bot.html)"
66.249.78.60 - - [12/Apr/2013:11:14:14 +0200] "GET /hirek/1303203.htm HTTP/1.1" 200 10390 "-" "Mozilla/5.0 (iPhone; U; CPU iPhone OS 4_1 like Mac OS X; en-us) AppleWebKit/532.9 (KHTML, like Gecko) Version/4.0.5 Mobile/8B117 Safari/6531.22.7 (compatible; Googlebot-Mobile/2.1; +http://www.google.com/bot.html)"
66.249.78.60 - - [12/Apr/2013:11:16:24 +0200] "GET /media.htm HTTP/1.1" 200 5208 "-" "Mozilla/5.0 (compatible; Googlebot/2.1; +http://www.google.com/bot.html)"
66.249.78.60 - - [12/Apr/2013:11:18:27 +0200] "GET /jog/eseteink/audi/application_of_hungarian_authorities_for_the_commission_opinion_2.pdf HTTP/1.1" 304 - "-" "Mozilla/5.0 (iPhone; U; CPU iPhone OS 4_1 like Mac OS X; en-us) AppleWebKit/532.9 (KHTML, like Gecko) Version/4.0.5 Mobile/8B117 Safari/6531.22.7 (compatible; Googlebot-Mobile/2.1; +http://www.google.com/bot.html)"
66.249.78.60 - - [12/Apr/2013:11:19:34 +0200] "GET /jog/eseteink/malom/ilona_bontas.pdf HTTP/1.1" 200 4556816 "-" "Mozilla/5.0 (iPhone; U; CPU iPhone OS 4_1 like Mac OS X; en-us) AppleWebKit/532.9 (KHTML, like Gecko) Version/4.0.5 Mobile/8B117 Safari/6531.22.7 (compatible; Googlebot-Mobile/2.1; +http://www.google.com/bot.html)"
66.249.78.60 - - [12/Apr/2013:11:20:09 +0200] "GET /nca.htm HTTP/1.1" 200 7467 "-" "Mozilla/5.0 (compatible; Googlebot/2.1; +http://www.google.com/bot.html)"
199.30.20.81 - - [12/Apr/2013:11:26:46 +0200] "GET /robots.txt HTTP/1.1" 404 1181 "-" "msnbot-media/1.1 (+http://search.msn.com/msnbot.htm)"
199.30.20.81 - - [12/Apr/2013:11:26:46 +0200] "GET /tm05.jpg HTTP/1.1" 200 2253 "-" "msnbot-media/1.1 (+http://search.msn.com/msnbot.htm)"
66.249.78.60 - - [12/Apr/2013:11:32:01 +0200] "GET /jog/eseteink/audi/audi_gyor_restoration_measures11-15.pdf HTTP/1.1" 200 4763900 "-" "Mozilla/5.0 (compatible; Googlebot/2.1; +http://www.google.com/bot.html)"
66.249.78.60 - - [12/Apr/2013:11:33:29 +0200] "GET /fiok/ HTTP/1.1" 200 20554 "-" "Mozilla/5.0 (compatible; Googlebot/2.1; +http://www.google.com/bot.html)"
66.249.78.60 - - [12/Apr/2013:11:33:42 +0200] "GET /hirek/hirek091221.htm HTTP/1.1" 200 6740 "-" "SAMSUNG-SGH-E250/1.0 Profile/MIDP-2.0 Configuration/CLDC-1.1 UP.Browser/6.2.3.3.c.1.101 (GUI) MMP/2.0 (compatible; Googlebot-Mobile/2.1; +http://www.google.com/bot.html)"
66.249.78.60 - - [12/Apr/2013:11:34:16 +0200] "GET /jog/eseteink/audi/audi_gyor_restoration_measures1-10.pdf HTTP/1.1" 200 4247194 "-" "Mozilla/5.0 (compatible; Googlebot/2.1; +http://www.google.com/bot.html)"
66.249.78.60 - - [12/Apr/2013:11:34:59 +0200] "GET /fiok/gazdasag.htm HTTP/1.1" 200 22480 "-" "Mozilla/5.0 (compatible; Googlebot/2.1; +http://www.google.com/bot.html)"
66.249.78.60 - - [12/Apr/2013:11:35:22 +0200] "GET /jog/eseteink/kavicszatony/mura%20fellebb%20nimfea.pdf HTTP/1.1" 200 257093 "-" "Mozilla/5.0 (compatible; Googlebot/2.1; +http://www.google.com/bot.html)"
77.88.42.27 - - [12/Apr/2013:11:38:01 +0200] "GET / HTTP/1.1" 200 42122 "-" "Mozilla/5.0 (compatible; YandexBot/3.0; +http://yandex.com/bots)"
66.249.78.60 - - [12/Apr/2013:11:41:46 +0200] "GET /fiok/images/szovegkep.JPG HTTP/1.1" 200 12792 "-" "Mozilla/5.0 (compatible; Googlebot/2.1; +http://www.google.com/bot.html)"
66.249.78.60 - - [12/Apr/2013:11:41:47 +0200] "GET /fiok/images/index_21_21.JPG HTTP/1.1" 404 1181 "-" "Mozilla/5.0 (compatible; Googlebot/2.1; +http://www.google.com/bot.html)"
66.249.78.60 - - [12/Apr/2013:11:41:48 +0200] "GET /fiok/images/index_25_25.jpg HTTP/1.1" 200 4960 "-" "Mozilla/5.0 (compatible; Googlebot/2.1; +http://www.google.com/bot.html)"
66.249.78.60 - - [12/Apr/2013:11:48:08 +0200] "GET /jog/tarseljarasok.htm HTTP/1.1" 200 13316 "-" "Mozilla/5.0 (compatible; Googlebot/2.1; +http://www.google.com/bot.html)"
66.249.78.60 - - [12/Apr/2013:11:59:33 +0200] "GET /jog/pub/+jog_jav.pdf HTTP/1.1" 200 819776 "-" "Mozilla/5.0 (compatible; Googlebot/2.1; +http://www.google.com/bot.html)"
66.249.75.200 - - [12/Apr/2013:11:59:56 +0200] "GET /fiok/program_reszek/turazas.htm HTTP/1.1" 200 22754 "-" "Mozilla/5.0 (compatible; Googlebot/2.1; +http://www.google.com/bot.html)"
66.249.78.60 - - [12/Apr/2013:12:00:18 +0200] "GET /hirek/1303201.htm HTTP/1.1" 200 17308 "-" "Mozilla/5.0 (compatible; Googlebot/2.1; +http://www.google.com/bot.html)"
66.249.78.60 - - [12/Apr/2013:12:00:43 +0200] "GET /jog/eseteink/kavicszatony/mura_fellebbezes.pdf HTTP/1.1" 200 151541 "-" "Mozilla/5.0 (compatible; Googlebot/2.1; +http://www.google.com/bot.html)"
66.249.78.60 - - [12/Apr/2013:12:02:11 +0200] "GET /jog/slapp.htm HTTP/1.1" 200 21314 "-" "Mozilla/5.0 (compatible; Googlebot/2.1; +http://www.google.com/bot.html)"
66.249.78.60 - - [12/Apr/2013:12:03:18 +0200] "GET /hirarchivum.htm HTTP/1.1" 200 24981 "-" "Mozilla/5.0 (compatible; Googlebot/2.1; +http://www.google.com/bot.html)"
66.249.78.60 - - [12/Apr/2013:12:04:03 +0200] "GET /jog/ HTTP/1.1" 200 13138 "-" "Mozilla/5.0 (compatible; Googlebot/2.1; +http://www.google.com/bot.html)"
199.30.16.25 - - [12/Apr/2013:12:19:26 +0200] "GET /robots.txt HTTP/1.1" 404 1181 "-" "msnbot-media/1.1 (+http://search.msn.com/msnbot.htm)"
199.30.16.25 - - [12/Apr/2013:12:19:27 +0200] "GET /tm04_.jpg HTTP/1.1" 200 2058 "-" "msnbot-media/1.1 (+http://search.msn.com/msnbot.htm)"
62.141.45.205 - - [12/Apr/2013:12:30:07 +0200] "GET /hirek/hirek101025.htm HTTP/1.1" 200 8786 "-" "findlinks/2.6 (+http://wortschatz.uni-leipzig.de/findlinks/)"
81.182.72.197 - - [12/Apr/2013:12:31:47 +0200] "GET /fiok/programok.htm HTTP/1.1" 200 18165 "http://www.turkeveturizmus.hu/madarmegfigyeles.htm" "Mozilla/5.0 (Macintosh; Intel Mac OS X 10.7; rv:15.0) Gecko/20100101 Firefox/15.0.1"
81.182.72.197 - - [12/Apr/2013:12:31:47 +0200] "GET /fiok/images/index_02_02.JPG HTTP/1.1" 200 1178 "http://beklen.hu/fiok/programok.htm" "Mozilla/5.0 (Macintosh; Intel Mac OS X 10.7; rv:15.0) Gecko/20100101 Firefox/15.0.1"
81.182.72.197 - - [12/Apr/2013:12:31:47 +0200] "GET /fiok/images/index_14_14.JPG HTTP/1.1" 200 9305 "http://beklen.hu/fiok/programok.htm" "Mozilla/5.0 (Macintosh; Intel Mac OS X 10.7; rv:15.0) Gecko/20100101 Firefox/15.0.1"
81.182.72.197 - - [12/Apr/2013:12:31:47 +0200] "GET /fiok/images/index_11.gif HTTP/1.1" 200 74 "http://beklen.hu/fiok/programok.htm" "Mozilla/5.0 (Macintosh; Intel Mac OS X 10.7; rv:15.0) Gecko/20100101 Firefox/15.0.1"
81.182.72.197 - - [12/Apr/2013:12:31:47 +0200] "GET /fiok/images/index_12_12.JPG HTTP/1.1" 200 985 "http://beklen.hu/fiok/programok.htm" "Mozilla/5.0 (Macintosh; Intel Mac OS X 10.7; rv:15.0) Gecko/20100101 Firefox/15.0.1"
81.182.72.197 - - [12/Apr/2013:12:31:47 +0200] "GET /fiok/images/index_13.gif HTTP/1.1" 200 149 "http://beklen.hu/fiok/programok.htm" "Mozilla/5.0 (Macintosh; Intel Mac OS X 10.7; rv:15.0) Gecko/20100101 Firefox/15.0.1"
81.182.72.197 - - [12/Apr/2013:12:31:47 +0200] "GET /fiok/images/index_15_15.JPG HTTP/1.1" 200 20275 "http://beklen.hu/fiok/programok.htm" "Mozilla/5.0 (Macintosh; Intel Mac OS X 10.7; rv:15.0) Gecko/20100101 Firefox/15.0.1"
81.182.72.197 - - [12/Apr/2013:12:31:47 +0200] "GET /fiok/images/index_17_17.jpg HTTP/1.1" 200 2374 "http://beklen.hu/fiok/programok.htm" "Mozilla/5.0 (Macintosh; Intel Mac OS X 10.7; rv:15.0) Gecko/20100101 Firefox/15.0.1"
81.182.72.197 - - [12/Apr/2013:12:31:47 +0200] "GET /fiok/images/index_16_16.JPG HTTP/1.1" 200 13468 "http://beklen.hu/fiok/programok.htm" "Mozilla/5.0 (Macintosh; Intel Mac OS X 10.7; rv:15.0) Gecko/20100101 Firefox/15.0.1"
81.182.72.197 - - [12/Apr/2013:12:31:47 +0200] "GET /fiok/images/index_19_19.JPG HTTP/1.1" 200 3123 "http://beklen.hu/fiok/programok.htm" "Mozilla/5.0 (Macintosh; Intel Mac OS X 10.7; rv:15.0) Gecko/20100101 Firefox/15.0.1"
81.182.72.197 - - [12/Apr/2013:12:31:47 +0200] "GET /fiok/images/index_18_18.JPG HTTP/1.1" 200 15778 "http://beklen.hu/fiok/programok.htm" "Mozilla/5.0 (Macintosh; Intel Mac OS X 10.7; rv:15.0) Gecko/20100101 Firefox/15.0.1"
81.182.72.197 - - [12/Apr/2013:12:31:47 +0200] "GET /fiok/images/index_25.gif HTTP/1.1" 200 708 "http://beklen.hu/fiok/programok.htm" "Mozilla/5.0 (Macintosh; Intel Mac OS X 10.7; rv:15.0) Gecko/20100101 Firefox/15.0.1"
81.182.72.197 - - [12/Apr/2013:12:31:47 +0200] "GET /fiok/images/index_26.gif HTTP/1.1" 200 121 "http://beklen.hu/fiok/programok.htm" "Mozilla/5.0 (Macintosh; Intel Mac OS X 10.7; rv:15.0) Gecko/20100101 Firefox/15.0.1"
81.182.72.197 - - [12/Apr/2013:12:31:47 +0200] "GET /fiok/images/index_27_27.jpg HTTP/1.1" 200 12876 "http://beklen.hu/fiok/programok.htm" "Mozilla/5.0 (Macintosh; Intel Mac OS X 10.7; rv:15.0) Gecko/20100101 Firefox/15.0.1"
81.182.72.197 - - [12/Apr/2013:12:31:47 +0200] "GET /fiok/images/b4b.jpg HTTP/1.1" 200 524 "http://beklen.hu/fiok/programok.htm" "Mozilla/5.0 (Macintosh; Intel Mac OS X 10.7; rv:15.0) Gecko/20100101 Firefox/15.0.1"
81.182.72.197 - - [12/Apr/2013:12:31:47 +0200] "GET /fiok/images/spacer.gif HTTP/1.1" 200 43 "http://beklen.hu/fiok/programok.htm" "Mozilla/5.0 (Macintosh; Intel Mac OS X 10.7; rv:15.0) Gecko/20100101 Firefox/15.0.1"
81.182.72.197 - - [12/Apr/2013:12:31:47 +0200] "GET /fiok/images/a4a.jpg HTTP/1.1" 200 524 "http://beklen.hu/fiok/programok.htm" "Mozilla/5.0 (Macintosh; Intel Mac OS X 10.7; rv:15.0) Gecko/20100101 Firefox/15.0.1"
81.182.72.197 - - [12/Apr/2013:12:31:47 +0200] "GET /fiok/images/c4c.jpg HTTP/1.1" 200 524 "http://beklen.hu/fiok/programok.htm" "Mozilla/5.0 (Macintosh; Intel Mac OS X 10.7; rv:15.0) Gecko/20100101 Firefox/15.0.1"
81.182.72.197 - - [12/Apr/2013:12:31:47 +0200] "GET /fiok/images/d4d.jpg HTTP/1.1" 200 524 "http://beklen.hu/fiok/programok.htm" "Mozilla/5.0 (Macintosh; Intel Mac OS X 10.7; rv:15.0) Gecko/20100101 Firefox/15.0.1"
81.182.72.197 - - [12/Apr/2013:12:31:47 +0200] "GET /fiok/images/e4e.jpg HTTP/1.1" 200 524 "http://beklen.hu/fiok/programok.htm" "Mozilla/5.0 (Macintosh; Intel Mac OS X 10.7; rv:15.0) Gecko/20100101 Firefox/15.0.1"
81.182.72.197 - - [12/Apr/2013:12:31:47 +0200] "GET /fiok/images/index_24.gif HTTP/1.1" 200 227 "http://beklen.hu/fiok/programok.htm" "Mozilla/5.0 (Macintosh; Intel Mac OS X 10.7; rv:15.0) Gecko/20100101 Firefox/15.0.1"
81.182.72.197 - - [12/Apr/2013:12:31:47 +0200] "GET /fiok/images/index_28.gif HTTP/1.1" 200 262 "http://beklen.hu/fiok/programok.htm" "Mozilla/5.0 (Macintosh; Intel Mac OS X 10.7; rv:15.0) Gecko/20100101 Firefox/15.0.1"
81.182.72.197 - - [12/Apr/2013:12:31:47 +0200] "GET /fiok/images/index_22.gif HTTP/1.1" 200 227 "http://beklen.hu/fiok/programok.htm" "Mozilla/5.0 (Macintosh; Intel Mac OS X 10.7; rv:15.0) Gecko/20100101 Firefox/15.0.1"
81.182.72.197 - - [12/Apr/2013:12:31:47 +0200] "GET /fiok/images/b12.jpg HTTP/1.1" 200 544 "http://beklen.hu/fiok/programok.htm" "Mozilla/5.0 (Macintosh; Intel Mac OS X 10.7; rv:15.0) Gecko/20100101 Firefox/15.0.1"
81.182.72.197 - - [12/Apr/2013:12:31:48 +0200] "GET /favicon.ico HTTP/1.1" 404 1181 "-" "Mozilla/5.0 (Macintosh; Intel Mac OS X 10.7; rv:15.0) Gecko/20100101 Firefox/15.0.1"
81.182.72.197 - - [12/Apr/2013:12:31:55 +0200] "GET /fiok/program_reszek/erdei_iskola.htm HTTP/1.1" 200 21601 "http://beklen.hu/fiok/programok.htm" "Mozilla/5.0 (Macintosh; Intel Mac OS X 10.7; rv:15.0) Gecko/20100101 Firefox/15.0.1"
81.182.72.197 - - [12/Apr/2013:12:31:55 +0200] "GET /fiok/css/lightbox.css HTTP/1.1" 200 1715 "http://beklen.hu/fiok/program_reszek/erdei_iskola.htm" "Mozilla/5.0 (Macintosh; Intel Mac OS X 10.7; rv:15.0) Gecko/20100101 Firefox/15.0.1"
81.182.72.197 - - [12/Apr/2013:12:31:55 +0200] "GET /fiok/program_reszek/images/index_11.gif HTTP/1.1" 200 74 "http://beklen.hu/fiok/program_reszek/erdei_iskola.htm" "Mozilla/5.0 (Macintosh; Intel Mac OS X 10.7; rv:15.0) Gecko/20100101 Firefox/15.0.1"
81.182.72.197 - - [12/Apr/2013:12:31:55 +0200] "GET /fiok/program_reszek/images/index_02_02.JPG HTTP/1.1" 200 1178 "http://beklen.hu/fiok/program_reszek/erdei_iskola.htm" "Mozilla/5.0 (Macintosh; Intel Mac OS X 10.7; rv:15.0) Gecko/20100101 Firefox/15.0.1"
81.182.72.197 - - [12/Apr/2013:12:31:55 +0200] "GET /fiok/css/js/lightbox.js HTTP/1.1" 200 23424 "http://beklen.hu/fiok/program_reszek/erdei_iskola.htm" "Mozilla/5.0 (Macintosh; Intel Mac OS X 10.7; rv:15.0) Gecko/20100101 Firefox/15.0.1"
81.182.72.197 - - [12/Apr/2013:12:31:55 +0200] "GET /fiok/css/js/scriptaculous.js?load=effects HTTP/1.1" 200 2152 "http://beklen.hu/fiok/program_reszek/erdei_iskola.htm" "Mozilla/5.0 (Macintosh; Intel Mac OS X 10.7; rv:15.0) Gecko/20100101 Firefox/15.0.1"
81.182.72.197 - - [12/Apr/2013:12:31:55 +0200] "GET /fiok/css/js/prototype.js HTTP/1.1" 200 47603 "http://beklen.hu/fiok/program_reszek/erdei_iskola.htm" "Mozilla/5.0 (Macintosh; Intel Mac OS X 10.7; rv:15.0) Gecko/20100101 Firefox/15.0.1"
81.182.72.197 - - [12/Apr/2013:12:31:55 +0200] "GET /fiok/program_reszek/images/index_12_12.JPG HTTP/1.1" 200 985 "http://beklen.hu/fiok/program_reszek/erdei_iskola.htm" "Mozilla/5.0 (Macintosh; Intel Mac OS X 10.7; rv:15.0) Gecko/20100101 Firefox/15.0.1"
81.182.72.197 - - [12/Apr/2013:12:31:55 +0200] "GET /fiok/program_reszek/images/index_13.gif HTTP/1.1" 200 149 "http://beklen.hu/fiok/program_reszek/erdei_iskola.htm" "Mozilla/5.0 (Macintosh; Intel Mac OS X 10.7; rv:15.0) Gecko/20100101 Firefox/15.0.1"
81.182.72.197 - - [12/Apr/2013:12:31:55 +0200] "GET /fiok/program_reszek/images/index_14_14.JPG HTTP/1.1" 200 9305 "http://beklen.hu/fiok/program_reszek/erdei_iskola.htm" "Mozilla/5.0 (Macintosh; Intel Mac OS X 10.7; rv:15.0) Gecko/20100101 Firefox/15.0.1"
81.182.72.197 - - [12/Apr/2013:12:31:55 +0200] "GET /fiok/program_reszek/images/index_15_15.JPG HTTP/1.1" 200 20275 "http://beklen.hu/fiok/program_reszek/erdei_iskola.htm" "Mozilla/5.0 (Macintosh; Intel Mac OS X 10.7; rv:15.0) Gecko/20100101 Firefox/15.0.1"
81.182.72.197 - - [12/Apr/2013:12:31:55 +0200] "GET /fiok/program_reszek/images/index_17_17.jpg HTTP/1.1" 200 2374 "http://beklen.hu/fiok/program_reszek/erdei_iskola.htm" "Mozilla/5.0 (Macintosh; Intel Mac OS X 10.7; rv:15.0) Gecko/20100101 Firefox/15.0.1"
81.182.72.197 - - [12/Apr/2013:12:31:55 +0200] "GET /fiok/program_reszek/images/index_16_16.JPG HTTP/1.1" 200 13468 "http://beklen.hu/fiok/program_reszek/erdei_iskola.htm" "Mozilla/5.0 (Macintosh; Intel Mac OS X 10.7; rv:15.0) Gecko/20100101 Firefox/15.0.1"
81.182.72.197 - - [12/Apr/2013:12:31:55 +0200] "GET /fiok/program_reszek/images/index_18_18.JPG HTTP/1.1" 200 15778 "http://beklen.hu/fiok/program_reszek/erdei_iskola.htm" "Mozilla/5.0 (Macintosh; Intel Mac OS X 10.7; rv:15.0) Gecko/20100101 Firefox/15.0.1"
81.182.72.197 - - [12/Apr/2013:12:31:55 +0200] "GET /fiok/program_reszek/images/index_19_19.JPG HTTP/1.1" 200 3123 "http://beklen.hu/fiok/program_reszek/erdei_iskola.htm" "Mozilla/5.0 (Macintosh; Intel Mac OS X 10.7; rv:15.0) Gecko/20100101 Firefox/15.0.1"
81.182.72.197 - - [12/Apr/2013:12:31:55 +0200] "GET /fiok/program_reszek/images/index_25.gif HTTP/1.1" 200 708 "http://beklen.hu/fiok/program_reszek/erdei_iskola.htm" "Mozilla/5.0 (Macintosh; Intel Mac OS X 10.7; rv:15.0) Gecko/20100101 Firefox/15.0.1"
81.182.72.197 - - [12/Apr/2013:12:31:55 +0200] "GET /fiok/program_reszek/images/index_26.gif HTTP/1.1" 200 121 "http://beklen.hu/fiok/program_reszek/erdei_iskola.htm" "Mozilla/5.0 (Macintosh; Intel Mac OS X 10.7; rv:15.0) Gecko/20100101 Firefox/15.0.1"
81.182.72.197 - - [12/Apr/2013:12:31:55 +0200] "GET /fiok/program_reszek/images/index_27_27.jpg HTTP/1.1" 200 12876 "http://beklen.hu/fiok/program_reszek/erdei_iskola.htm" "Mozilla/5.0 (Macintosh; Intel Mac OS X 10.7; rv:15.0) Gecko/20100101 Firefox/15.0.1"
81.182.72.197 - - [12/Apr/2013:12:31:55 +0200] "GET /fiok/program_reszek/images/spacer.gif HTTP/1.1" 200 43 "http://beklen.hu/fiok/program_reszek/erdei_iskola.htm" "Mozilla/5.0 (Macintosh; Intel Mac OS X 10.7; rv:15.0) Gecko/20100101 Firefox/15.0.1"
81.182.72.197 - - [12/Apr/2013:12:31:55 +0200] "GET /fiok/program_reszek/images/a4a.jpg HTTP/1.1" 200 524 "http://beklen.hu/fiok/program_reszek/erdei_iskola.htm" "Mozilla/5.0 (Macintosh; Intel Mac OS X 10.7; rv:15.0) Gecko/20100101 Firefox/15.0.1"
81.182.72.197 - - [12/Apr/2013:12:31:55 +0200] "GET /fiok/program_reszek/images/b4b.jpg HTTP/1.1" 200 524 "http://beklen.hu/fiok/program_reszek/erdei_iskola.htm" "Mozilla/5.0 (Macintosh; Intel Mac OS X 10.7; rv:15.0) Gecko/20100101 Firefox/15.0.1"
81.182.72.197 - - [12/Apr/2013:12:31:55 +0200] "GET /fiok/program_reszek/images/c4c.jpg HTTP/1.1" 200 524 "http://beklen.hu/fiok/program_reszek/erdei_iskola.htm" "Mozilla/5.0 (Macintosh; Intel Mac OS X 10.7; rv:15.0) Gecko/20100101 Firefox/15.0.1"
81.182.72.197 - - [12/Apr/2013:12:31:55 +0200] "GET /fiok/css/js/effects.js HTTP/1.1" 200 31969 "http://beklen.hu/fiok/program_reszek/erdei_iskola.htm" "Mozilla/5.0 (Macintosh; Intel Mac OS X 10.7; rv:15.0) Gecko/20100101 Firefox/15.0.1"
81.182.72.197 - - [12/Apr/2013:12:31:55 +0200] "GET /fiok/program_reszek/images/d4d.jpg HTTP/1.1" 200 524 "http://beklen.hu/fiok/program_reszek/erdei_iskola.htm" "Mozilla/5.0 (Macintosh; Intel Mac OS X 10.7; rv:15.0) Gecko/20100101 Firefox/15.0.1"
81.182.72.197 - - [12/Apr/2013:12:31:55 +0200] "GET /fiok/program_reszek/images/e4e.jpg HTTP/1.1" 200 524 "http://beklen.hu/fiok/program_reszek/erdei_iskola.htm" "Mozilla/5.0 (Macintosh; Intel Mac OS X 10.7; rv:15.0) Gecko/20100101 Firefox/15.0.1"
81.182.72.197 - - [12/Apr/2013:12:31:55 +0200] "GET /fiok/program_reszek/programok/27.jpg HTTP/1.1" 200 146348 "http://beklen.hu/fiok/program_reszek/erdei_iskola.htm" "Mozilla/5.0 (Macintosh; Intel Mac OS X 10.7; rv:15.0) Gecko/20100101 Firefox/15.0.1"
81.182.72.197 - - [12/Apr/2013:12:31:55 +0200] "GET /fiok/program_reszek/programok/28.jpg HTTP/1.1" 200 206789 "http://beklen.hu/fiok/program_reszek/erdei_iskola.htm" "Mozilla/5.0 (Macintosh; Intel Mac OS X 10.7; rv:15.0) Gecko/20100101 Firefox/15.0.1"
81.182.72.197 - - [12/Apr/2013:12:31:56 +0200] "GET /fiok/program_reszek/images/b12.jpg HTTP/1.1" 200 544 "http://beklen.hu/fiok/program_reszek/erdei_iskola.htm" "Mozilla/5.0 (Macintosh; Intel Mac OS X 10.7; rv:15.0) Gecko/20100101 Firefox/15.0.1"
81.182.72.197 - - [12/Apr/2013:12:31:56 +0200] "GET /fiok/program_reszek/images/index_22.gif HTTP/1.1" 200 227 "http://beklen.hu/fiok/program_reszek/erdei_iskola.htm" "Mozilla/5.0 (Macintosh; Intel Mac OS X 10.7; rv:15.0) Gecko/20100101 Firefox/15.0.1"
81.182.72.197 - - [12/Apr/2013:12:31:56 +0200] "GET /fiok/program_reszek/images/index_24.gif HTTP/1.1" 200 227 "http://beklen.hu/fiok/program_reszek/erdei_iskola.htm" "Mozilla/5.0 (Macintosh; Intel Mac OS X 10.7; rv:15.0) Gecko/20100101 Firefox/15.0.1"
81.182.72.197 - - [12/Apr/2013:12:31:56 +0200] "GET /fiok/program_reszek/images/index_28.gif HTTP/1.1" 200 262 "http://beklen.hu/fiok/program_reszek/erdei_iskola.htm" "Mozilla/5.0 (Macintosh; Intel Mac OS X 10.7; rv:15.0) Gecko/20100101 Firefox/15.0.1"
81.182.72.197 - - [12/Apr/2013:12:31:56 +0200] "GET /lb/images/loading.gif HTTP/1.1" 200 2767 "http://beklen.hu/fiok/program_reszek/erdei_iskola.htm" "Mozilla/5.0 (Macintosh; Intel Mac OS X 10.7; rv:15.0) Gecko/20100101 Firefox/15.0.1"
81.182.72.197 - - [12/Apr/2013:12:31:56 +0200] "GET /lb/images/closelabel.gif HTTP/1.1" 200 222 "http://beklen.hu/fiok/program_reszek/erdei_iskola.htm" "Mozilla/5.0 (Macintosh; Intel Mac OS X 10.7; rv:15.0) Gecko/20100101 Firefox/15.0.1"
66.249.78.60 - - [12/Apr/2013:12:50:03 +0200] "GET /jog/eseteink/derekegyhaza/index.htm HTTP/1.1" 200 34210 "-" "Mozilla/5.0 (compatible; Googlebot/2.1; +http://www.google.com/bot.html)"
66.249.78.60 - - [12/Apr/2013:12:55:35 +0200] "GET /jog/eseteink/derekegyhaza/kepek/37-431_.jpg HTTP/1.1" 200 96699 "-" "Googlebot-Image/1.0"
66.249.78.60 - - [12/Apr/2013:12:56:46 +0200] "GET /jog/eseteink/derekegyhaza/mszhk_masodfok_ugyfel_elutasitas_1.jpg HTTP/1.1" 200 995513 "-" "Googlebot-Image/1.0"
66.249.78.60 - - [12/Apr/2013:12:58:19 +0200] "GET /jog/eseteink/derekegyhaza/mszhk_masodfok_ugyfel_elutasitas_2.jpg HTTP/1.1" 200 821381 "-" "Googlebot-Image/1.0"
180.76.6.28 - - [12/Apr/2013:12:58:29 +0200] "GET /jog/eseteink/derekegyhaza/biroi_vegzes.pdf HTTP/1.1" 200 772975 "-" "Mozilla/5.0 (Windows NT 5.1; rv:6.0.2) Gecko/20100101 Firefox/6.0.2"
66.249.78.60 - - [12/Apr/2013:12:58:41 +0200] "GET /jog/eseteink/korosladany/srbvadi_srb.pdf HTTP/1.1" 200 151172 "-" "Mozilla/5.0 (compatible; Googlebot/2.1; +http://www.google.com/bot.html)"
66.249.78.60 - - [12/Apr/2013:12:59:12 +0200] "GET /jog/eseteink/derekegyhaza/kepek/37-433_o_2005_.jpg HTTP/1.1" 200 94705 "-" "Googlebot-Image/1.0"
66.249.78.60 - - [12/Apr/2013:13:01:07 +0200] "GET /jog/eseteink/derekegyhaza/erd%C3%A9szet_kekto_kerites.pdf HTTP/1.1" 404 1181 "-" "Mozilla/5.0 (compatible; Googlebot/2.1; +http://www.google.com/bot.html)"
66.249.78.60 - - [12/Apr/2013:13:04:18 +0200] "GET /hirek/jelentkezesi_lap.doc HTTP/1.1" 200 251392 "-" "Mozilla/5.0 (compatible; Googlebot/2.1; +http://www.google.com/bot.html)"
66.249.78.60 - - [12/Apr/2013:13:04:41 +0200] "GET /hirek/1303202.htm HTTP/1.1" 200 13230 "-" "Mozilla/5.0 (compatible; Googlebot/2.1; +http://www.google.com/bot.html)"
66.249.78.60 - - [12/Apr/2013:13:05:06 +0200] "GET /fiok/ HTTP/1.1" 304 - "-" "Mozilla/5.0 (iPhone; U; CPU iPhone OS 4_1 like Mac OS X; en-us) AppleWebKit/532.9 (KHTML, like Gecko) Version/4.0.5 Mobile/8B117 Safari/6531.22.7 (compatible; Googlebot-Mobile/2.1; +http://www.google.com/bot.html)"
66.249.75.200 - - [12/Apr/2013:13:06:56 +0200] "GET /jog/eseteink/kavicszatony/mura_bejelentesbk.pdf HTTP/1.1" 200 156885 "-" "Mozilla/5.0 (compatible; Googlebot/2.1; +http://www.google.com/bot.html)"
66.249.75.200 - - [12/Apr/2013:13:14:01 +0200] "GET /hirek/hirek101027.htm HTTP/1.1" 200 9627 "-" "DoCoMo/2.0 N905i(c100;TB;W24H16) (compatible; Googlebot-Mobile/2.1; +http://www.google.com/bot.html)"
66.249.75.200 - - [12/Apr/2013:13:16:02 +0200] "GET /turizmusbanner.swf HTTP/1.1" 200 160827 "-" "Mozilla/5.0 (iPhone; U; CPU iPhone OS 4_1 like Mac OS X; en-us) AppleWebKit/532.9 (KHTML, like Gecko) Version/4.0.5 Mobile/8B117 Safari/6531.22.7 (compatible; Googlebot-Mobile/2.1; +http://www.google.com/bot.html)"
66.249.78.60 - - [12/Apr/2013:13:19:15 +0200] "GET /jog/eseteink/derekegyhaza/mszh_kekto_fellebbez%C3%A9s.pdf HTTP/1.1" 404 1181 "-" "Mozilla/5.0 (compatible; Googlebot/2.1; +http://www.google.com/bot.html)"
66.249.78.60 - - [12/Apr/2013:13:27:22 +0200] "GET / HTTP/1.1" 200 42122 "-" "Mozilla/5.0 (compatible; Googlebot/2.1; +http://www.google.com/bot.html)"
66.249.78.60 - - [12/Apr/2013:13:38:26 +0200] "GET /jog/eseteink/derekegyhaza/v%C3%ADzjogi_derekegyh%C3%A1za2.pdf HTTP/1.1" 404 1181 "-" "Mozilla/5.0 (compatible; Googlebot/2.1; +http://www.google.com/bot.html)"
62.201.66.74 - - [12/Apr/2013:13:45:17 +0200] "GET /jog/eseteink/poroszlo/panasz_poroszlo.pdf HTTP/1.1" 200 180096 "http://www.google.hu/url?sa=t&rct=j&q=t%C3%B6rv%C3%A9nys%C3%A9rt%C5%91%20szak%C3%A9rt%C5%91i%20v%C3%A9lem%C3%A9nyek&source=web&cd=4&ved=0CEMQFjAD&url=http%3A%2F%2Fwww.beklen.hu%2Fjog%2Feseteink%2Fporoszlo%2Fpanasz_poroszlo.pdf&ei=uPJnUf2bMsmTtAakuYHYBg&usg=AFQjCNFp1mZRqL3En8hBzJSxs8hxja5e4g" "Mozilla/4.0 (compatible; MSIE 8.0; Windows NT 5.1; Trident/4.0; InfoPath.2; .NET CLR 2.0.50727; .NET CLR 3.0.4506.2152; .NET CLR 3.5.30729; AskTbORJ/5.15.15.36191)"
66.249.78.60 - - [12/Apr/2013:14:04:55 +0200] "GET /jog/pub/fuzet_beliv_jav2.pdf HTTP/1.1" 200 775632 "-" "Mozilla/5.0 (compatible; Googlebot/2.1; +http://www.google.com/bot.html)"
66.249.78.60 - - [12/Apr/2013:14:06:02 +0200] "GET /hirek/130320.htm HTTP/1.1" 200 11326 "-" "Mozilla/5.0 (compatible; Googlebot/2.1; +http://www.google.com/bot.html)"
66.249.78.60 - - [12/Apr/2013:14:06:58 +0200] "GET /jog/eseteink/derekegyhaza/t%C3%A1j%C3%A9koztat%C3%B3_az_fvmhivatal-nak.pdf HTTP/1.1" 404 1181 "-" "Mozilla/5.0 (compatible; Googlebot/2.1; +http://www.google.com/bot.html)"
66.249.78.60 - - [12/Apr/2013:14:09:02 +0200] "GET /hirek/130307.htm HTTP/1.1" 200 12189 "-" "Mozilla/5.0 (compatible; Googlebot/2.1; +http://www.google.com/bot.html)"
66.249.81.62 - - [12/Apr/2013:14:12:31 +0200] "GET /jog/rendorsegifeljelentes.htm HTTP/1.1" 200 13536 "http://www.google.com/search" "Mozilla/5.0 (X11; Linux x86_64) AppleWebKit/537.4 (KHTML, like Gecko; Google Web Preview) Chrome/22.0.1229 Safari/537.4"
66.249.81.62 - - [12/Apr/2013:14:12:32 +0200] "GET /jog/css/style.css HTTP/1.1" 200 23764 "http://www.beklen.hu/jog/rendorsegifeljelentes.htm" "Mozilla/5.0 (X11; Linux x86_64) AppleWebKit/537.4 (KHTML, like Gecko; Google Web Preview) Chrome/22.0.1229 Safari/537.4"
66.249.81.62 - - [12/Apr/2013:14:12:32 +0200] "GET /jog/css/script.js HTTP/1.1" 200 6975 "http://www.beklen.hu/jog/rendorsegifeljelentes.htm" "Mozilla/5.0 (X11; Linux x86_64) AppleWebKit/537.4 (KHTML, like Gecko; Google Web Preview) Chrome/22.0.1229 Safari/537.4"
66.249.81.62 - - [12/Apr/2013:14:12:32 +0200] "GET /jog/css/jquery.js HTTP/1.1" 200 72174 "http://www.beklen.hu/jog/rendorsegifeljelentes.htm" "Mozilla/5.0 (X11; Linux x86_64) AppleWebKit/537.4 (KHTML, like Gecko; Google Web Preview) Chrome/22.0.1229 Safari/537.4"
66.249.81.62 - - [12/Apr/2013:14:12:32 +0200] "GET /jog/img/320/t15.jpg HTTP/1.1" 200 16655 "http://www.beklen.hu/jog/rendorsegifeljelentes.htm" "Mozilla/5.0 (X11; Linux x86_64) AppleWebKit/537.4 (KHTML, like Gecko; Google Web Preview) Chrome/22.0.1229 Safari/537.4"
66.249.81.62 - - [12/Apr/2013:14:12:32 +0200] "GET /jog2/images/spacer.gif HTTP/1.1" 200 43 "http://www.beklen.hu/jog/rendorsegifeljelentes.htm" "Mozilla/5.0 (X11; Linux x86_64) AppleWebKit/537.4 (KHTML, like Gecko; Google Web Preview) Chrome/22.0.1229 Safari/537.4"
66.249.81.62 - - [12/Apr/2013:14:12:32 +0200] "GET /jog2/images/sidebar_bg.png HTTP/1.1" 200 96 "http://www.beklen.hu/jog/rendorsegifeljelentes.htm" "Mozilla/5.0 (X11; Linux x86_64) AppleWebKit/537.4 (KHTML, like Gecko; Google Web Preview) Chrome/22.0.1229 Safari/537.4"
66.249.81.62 - - [12/Apr/2013:14:12:32 +0200] "GET /jog2/images/subitem.png HTTP/1.1" 200 81 "http://www.beklen.hu/jog/rendorsegifeljelentes.htm" "Mozilla/5.0 (X11; Linux x86_64) AppleWebKit/537.4 (KHTML, like Gecko; Google Web Preview) Chrome/22.0.1229 Safari/537.4"
66.249.81.62 - - [12/Apr/2013:14:12:32 +0200] "GET /jog2/images/button.png HTTP/1.1" 200 27118 "http://www.beklen.hu/jog/rendorsegifeljelentes.htm" "Mozilla/5.0 (X11; Linux x86_64) AppleWebKit/537.4 (KHTML, like Gecko; Google Web Preview) Chrome/22.0.1229 Safari/537.4"
66.249.81.62 - - [12/Apr/2013:14:12:32 +0200] "GET /jog2/images/nav.png HTTP/1.1" 200 11000 "http://www.beklen.hu/jog/rendorsegifeljelentes.htm" "Mozilla/5.0 (X11; Linux x86_64) AppleWebKit/537.4 (KHTML, like Gecko; Google Web Preview) Chrome/22.0.1229 Safari/537.4"
66.249.81.62 - - [12/Apr/2013:14:12:32 +0200] "GET /jog2/images/post_c.png HTTP/1.1" 200 204 "http://www.beklen.hu/jog/rendorsegifeljelentes.htm" "Mozilla/5.0 (X11; Linux x86_64) AppleWebKit/537.4 (KHTML, like Gecko; Google Web Preview) Chrome/22.0.1229 Safari/537.4"
66.249.81.62 - - [12/Apr/2013:14:12:32 +0200] "GET /jog2/images/post_h.png HTTP/1.1" 200 292 "http://www.beklen.hu/jog/rendorsegifeljelentes.htm" "Mozilla/5.0 (X11; Linux x86_64) AppleWebKit/537.4 (KHTML, like Gecko; Google Web Preview) Chrome/22.0.1229 Safari/537.4"
66.249.81.62 - - [12/Apr/2013:14:12:32 +0200] "GET /jog2/images/post_s.png HTTP/1.1" 200 466 "http://www.beklen.hu/jog/rendorsegifeljelentes.htm" "Mozilla/5.0 (X11; Linux x86_64) AppleWebKit/537.4 (KHTML, like Gecko; Google Web Preview) Chrome/22.0.1229 Safari/537.4"
66.249.81.62 - - [12/Apr/2013:14:12:32 +0200] "GET /jog2/images/vmenuitem.png HTTP/1.1" 200 1672 "http://www.beklen.hu/jog/rendorsegifeljelentes.htm" "Mozilla/5.0 (X11; Linux x86_64) AppleWebKit/537.4 (KHTML, like Gecko; Google Web Preview) Chrome/22.0.1229 Safari/537.4"
66.249.81.62 - - [12/Apr/2013:14:12:32 +0200] "GET /jog2/images/header.png HTTP/1.1" 200 170837 "http://www.beklen.hu/jog/rendorsegifeljelentes.htm" "Mozilla/5.0 (X11; Linux x86_64) AppleWebKit/537.4 (KHTML, like Gecko; Google Web Preview) Chrome/22.0.1229 Safari/537.4"
66.249.81.62 - - [12/Apr/2013:14:12:32 +0200] "GET /jog2/images/Bottom_texture.jpg HTTP/1.1" 200 193775 "http://www.beklen.hu/jog/rendorsegifeljelentes.htm" "Mozilla/5.0 (X11; Linux x86_64) AppleWebKit/537.4 (KHTML, like Gecko; Google Web Preview) Chrome/22.0.1229 Safari/537.4"
66.249.81.62 - - [12/Apr/2013:14:12:33 +0200] "GET /jog2/images/post_v.png HTTP/1.1" 200 310 "http://www.beklen.hu/jog/rendorsegifeljelentes.htm" "Mozilla/5.0 (X11; Linux x86_64) AppleWebKit/537.4 (KHTML, like Gecko; Google Web Preview) Chrome/22.0.1229 Safari/537.4"
66.249.81.62 - - [12/Apr/2013:14:12:33 +0200] "GET /jog2/images/menuitem.png HTTP/1.1" 200 20960 "http://www.beklen.hu/jog/rendorsegifeljelentes.htm" "Mozilla/5.0 (X11; Linux x86_64) AppleWebKit/537.4 (KHTML, like Gecko; Google Web Preview) Chrome/22.0.1229 Safari/537.4"
86.101.76.77 - - [12/Apr/2013:14:39:47 +0200] "GET /lb/js/scriptaculous.js?load=effects HTTP/1.1" 200 2152 "http://www.beklen.hu/" "Mozilla/5.0 (compatible; MSIE 10.0; Windows NT 6.1; WOW64; Trident/6.0; NP06)"
86.101.76.77 - - [12/Apr/2013:14:39:47 +0200] "GET /lb/js/lightbox.js HTTP/1.1" 200 23424 "http://www.beklen.hu/" "Mozilla/5.0 (compatible; MSIE 10.0; Windows NT 6.1; WOW64; Trident/6.0; NP06)"
86.101.76.77 - - [12/Apr/2013:14:39:47 +0200] "GET / HTTP/1.1" 200 42122 "http://www.bing.com/search?q=beklen+alap%C3%ADtv%C3%A1ny&form=ASUTDF&pc=NP06&src=IE-SearchBox" "Mozilla/5.0 (compatible; MSIE 10.0; Windows NT 6.1; WOW64; Trident/6.0; NP06)"
86.101.76.77 - - [12/Apr/2013:14:39:47 +0200] "GET /lb/css/lightbox.css HTTP/1.1" 200 1715 "http://www.beklen.hu/" "Mozilla/5.0 (compatible; MSIE 10.0; Windows NT 6.1; WOW64; Trident/6.0; NP06)"
86.101.76.77 - - [12/Apr/2013:14:39:47 +0200] "GET /bg.jpg HTTP/1.1" 200 566 "http://www.beklen.hu/" "Mozilla/5.0 (compatible; MSIE 10.0; Windows NT 6.1; WOW64; Trident/6.0; NP06)"
86.101.76.77 - - [12/Apr/2013:14:39:47 +0200] "GET /tm01.jpg HTTP/1.1" 200 1080 "http://www.beklen.hu/" "Mozilla/5.0 (compatible; MSIE 10.0; Windows NT 6.1; WOW64; Trident/6.0; NP06)"
86.101.76.77 - - [12/Apr/2013:14:39:47 +0200] "GET /tm02.jpg HTTP/1.1" 200 1873 "http://www.beklen.hu/" "Mozilla/5.0 (compatible; MSIE 10.0; Windows NT 6.1; WOW64; Trident/6.0; NP06)"
86.101.76.77 - - [12/Apr/2013:14:39:47 +0200] "GET /tm04_.jpg HTTP/1.1" 200 2058 "http://www.beklen.hu/" "Mozilla/5.0 (compatible; MSIE 10.0; Windows NT 6.1; WOW64; Trident/6.0; NP06)"
86.101.76.77 - - [12/Apr/2013:14:39:47 +0200] "GET /lb/js/prototype.js HTTP/1.1" 200 47603 "http://www.beklen.hu/" "Mozilla/5.0 (compatible; MSIE 10.0; Windows NT 6.1; WOW64; Trident/6.0; NP06)"
86.101.76.77 - - [12/Apr/2013:14:39:47 +0200] "GET /tm03_.jpg HTTP/1.1" 200 1787 "http://www.beklen.hu/" "Mozilla/5.0 (compatible; MSIE 10.0; Windows NT 6.1; WOW64; Trident/6.0; NP06)"
86.101.76.77 - - [12/Apr/2013:14:39:47 +0200] "GET /tm05_.jpg HTTP/1.1" 200 1839 "http://www.beklen.hu/" "Mozilla/5.0 (compatible; MSIE 10.0; Windows NT 6.1; WOW64; Trident/6.0; NP06)"
86.101.76.77 - - [12/Apr/2013:14:39:47 +0200] "GET /tm06_.jpg HTTP/1.1" 200 1382 "http://www.beklen.hu/" "Mozilla/5.0 (compatible; MSIE 10.0; Windows NT 6.1; WOW64; Trident/6.0; NP06)"
86.101.76.77 - - [12/Apr/2013:14:39:47 +0200] "GET /a1_projekt_tabla_infra_cs3_beklenhaz_.jpg HTTP/1.1" 200 8994 "http://www.beklen.hu/" "Mozilla/5.0 (compatible; MSIE 10.0; Windows NT 6.1; WOW64; Trident/6.0; NP06)"
86.101.76.77 - - [12/Apr/2013:14:39:47 +0200] "GET /tm07.jpg HTTP/1.1" 200 1007 "http://www.beklen.hu/" "Mozilla/5.0 (compatible; MSIE 10.0; Windows NT 6.1; WOW64; Trident/6.0; NP06)"
86.101.76.77 - - [12/Apr/2013:14:39:47 +0200] "GET /uszt-tabla_.jpg HTTP/1.1" 200 4543 "http://www.beklen.hu/" "Mozilla/5.0 (compatible; MSIE 10.0; Windows NT 6.1; WOW64; Trident/6.0; NP06)"
86.101.76.77 - - [12/Apr/2013:14:39:47 +0200] "GET /vill.cs HTTP/1.1" 200 3114 "http://www.beklen.hu/" "Mozilla/5.0 (compatible; MSIE 10.0; Windows NT 6.1; WOW64; Trident/6.0; NP06)"
86.101.76.77 - - [12/Apr/2013:14:39:47 +0200] "GET /jog_honlap_.jpg HTTP/1.1" 200 7186 "http://www.beklen.hu/" "Mozilla/5.0 (compatible; MSIE 10.0; Windows NT 6.1; WOW64; Trident/6.0; NP06)"
86.101.76.77 - - [12/Apr/2013:14:39:48 +0200] "GET /lb/js/effects.js HTTP/1.1" 200 31969 "http://www.beklen.hu/" "Mozilla/5.0 (compatible; MSIE 10.0; Windows NT 6.1; WOW64; Trident/6.0; NP06)"
86.101.76.77 - - [12/Apr/2013:14:39:48 +0200] "GET /turizmusbanner.swf HTTP/1.1" 200 160827 "http://www.beklen.hu/" "Mozilla/5.0 (compatible; MSIE 10.0; Windows NT 6.1; WOW64; Trident/6.0; NP06)"
86.101.76.77 - - [12/Apr/2013:14:39:48 +0200] "GET /bottom_main.jpg HTTP/1.1" 200 96820 "http://www.beklen.hu/" "Mozilla/5.0 (compatible; MSIE 10.0; Windows NT 6.1; WOW64; Trident/6.0; NP06)"
86.101.76.77 - - [12/Apr/2013:14:39:49 +0200] "GET /nimfea_project_250x250.gif HTTP/1.1" 200 2986583 "http://www.beklen.hu/" "Mozilla/5.0 (compatible; MSIE 10.0; Windows NT 6.1; WOW64; Trident/6.0; NP06)"
86.101.76.77 - - [12/Apr/2013:14:39:49 +0200] "GET /tm05.jpg HTTP/1.1" 200 2253 "http://www.beklen.hu/" "Mozilla/5.0 (compatible; MSIE 10.0; Windows NT 6.1; WOW64; Trident/6.0; NP06)"
86.101.76.77 - - [12/Apr/2013:14:39:49 +0200] "GET /tm04.jpg HTTP/1.1" 200 2613 "http://www.beklen.hu/" "Mozilla/5.0 (compatible; MSIE 10.0; Windows NT 6.1; WOW64; Trident/6.0; NP06)"
86.101.76.77 - - [12/Apr/2013:14:39:49 +0200] "GET /lb/images/closelabel.gif HTTP/1.1" 200 222 "http://www.beklen.hu/" "Mozilla/5.0 (compatible; MSIE 10.0; Windows NT 6.1; WOW64; Trident/6.0; NP06)"
86.101.76.77 - - [12/Apr/2013:14:39:49 +0200] "GET /lb/images/loading.gif HTTP/1.1" 200 2767 "http://www.beklen.hu/" "Mozilla/5.0 (compatible; MSIE 10.0; Windows NT 6.1; WOW64; Trident/6.0; NP06)"
86.101.76.77 - - [12/Apr/2013:14:39:49 +0200] "GET /tm06.jpg HTTP/1.1" 200 1651 "http://www.beklen.hu/" "Mozilla/5.0 (compatible; MSIE 10.0; Windows NT 6.1; WOW64; Trident/6.0; NP06)"
86.101.76.77 - - [12/Apr/2013:14:39:49 +0200] "GET /tm03.jpg HTTP/1.1" 200 2212 "http://www.beklen.hu/" "Mozilla/5.0 (compatible; MSIE 10.0; Windows NT 6.1; WOW64; Trident/6.0; NP06)"
86.101.76.77 - - [12/Apr/2013:14:39:49 +0200] "GET /favicon.ico HTTP/1.1" 404 1181 "-" "Mozilla/5.0 (compatible; MSIE 10.0; Windows NT 6.1; WOW64; Trident/6.0; NP06)"
86.101.76.77 - - [12/Apr/2013:14:39:49 +0200] "GET /tm02_.jpg HTTP/1.1" 200 1524 "http://www.beklen.hu/" "Mozilla/5.0 (compatible; MSIE 10.0; Windows NT 6.1; WOW64; Trident/6.0; NP06)"
86.101.76.77 - - [12/Apr/2013:14:39:53 +0200] "GET /programok.htm HTTP/1.1" 200 6444 "http://www.beklen.hu/" "Mozilla/5.0 (compatible; MSIE 10.0; Windows NT 6.1; WOW64; Trident/6.0; NP06)"
86.101.76.77 - - [12/Apr/2013:14:39:53 +0200] "GET /bottom_.jpg HTTP/1.1" 200 93419 "http://www.beklen.hu/programok.htm" "Mozilla/5.0 (compatible; MSIE 10.0; Windows NT 6.1; WOW64; Trident/6.0; NP06)"
86.101.76.77 - - [12/Apr/2013:14:39:54 +0200] "GET /favicon.ico HTTP/1.1" 404 1181 "-" "Mozilla/5.0 (compatible; MSIE 10.0; Windows NT 6.1; WOW64; Trident/6.0; NP06)"
86.101.76.77 - - [12/Apr/2013:14:40:03 +0200] "GET /nca.htm HTTP/1.1" 200 7467 "http://www.beklen.hu/programok.htm" "Mozilla/5.0 (compatible; MSIE 10.0; Windows NT 6.1; WOW64; Trident/6.0; NP06)"
86.101.76.77 - - [12/Apr/2013:14:40:11 +0200] "GET /nca11.htm HTTP/1.1" 200 7133 "http://www.beklen.hu/nca.htm" "Mozilla/5.0 (compatible; MSIE 10.0; Windows NT 6.1; WOW64; Trident/6.0; NP06)"
86.101.76.77 - - [12/Apr/2013:14:40:12 +0200] "GET /nca11_clip_image002.jpg HTTP/1.1" 200 1571 "http://www.beklen.hu/nca11.htm" "Mozilla/5.0 (compatible; MSIE 10.0; Windows NT 6.1; WOW64; Trident/6.0; NP06)"
86.101.76.77 - - [12/Apr/2013:14:40:12 +0200] "GET /nca11_clip_image004.jpg HTTP/1.1" 200 1641 "http://www.beklen.hu/nca11.htm" "Mozilla/5.0 (compatible; MSIE 10.0; Windows NT 6.1; WOW64; Trident/6.0; NP06)"
86.101.76.77 - - [12/Apr/2013:14:40:33 +0200] "GET /nka.htm HTTP/1.1" 200 6221 "http://www.beklen.hu/nca.htm" "Mozilla/5.0 (compatible; MSIE 10.0; Windows NT 6.1; WOW64; Trident/6.0; NP06)"
66.249.78.60 - - [12/Apr/2013:14:41:43 +0200] "GET /jog/eseteink/derekegyhaza/nemzeti_parkoknak_t%C3%A1j%C3%A9koztatas_keres.pdf HTTP/1.1" 404 1181 "-" "Mozilla/5.0 (compatible; Googlebot/2.1; +http://www.google.com/bot.html)"
66.249.75.200 - - [12/Apr/2013:14:43:58 +0200] "GET /hirek/1303071.htm HTTP/1.1" 200 8749 "-" "Mozilla/5.0 (compatible; Googlebot/2.1; +http://www.google.com/bot.html)"
66.249.78.60 - - [12/Apr/2013:14:55:13 +0200] "GET /jog/eseteink/korosladany/kozig_hivatalnak_erdeklodes.pdf HTTP/1.1" 200 142061 "-" "Mozilla/5.0 (compatible; Googlebot/2.1; +http://www.google.com/bot.html)"
66.249.78.60 - - [12/Apr/2013:14:55:37 +0200] "GET /jog/eseteink/audi/additional_information_provided_by_hungarian_authorities_at_the_request_of_the_commission.pdf HTTP/1.1" 200 3547052 "-" "Mozilla/5.0 (compatible; Googlebot/2.1; +http://www.google.com/bot.html)"
199.30.20.56 - - [12/Apr/2013:15:06:39 +0200] "GET /robots.txt HTTP/1.1" 404 1181 "-" "msnbot-media/1.1 (+http://search.msn.com/msnbot.htm)"
199.30.20.56 - - [12/Apr/2013:15:06:39 +0200] "GET /tm05_.jpg HTTP/1.1" 200 1839 "-" "msnbot-media/1.1 (+http://search.msn.com/msnbot.htm)"
66.249.78.60 - - [12/Apr/2013:15:14:44 +0200] "GET /jog/eseteink/korosladany/apvrt_nek3.pdf HTTP/1.1" 304 - "-" "Mozilla/5.0 (compatible; Googlebot/2.1; +http://www.google.com/bot.html)"
199.30.20.88 - - [12/Apr/2013:15:22:24 +0200] "GET /robots.txt HTTP/1.1" 404 1181 "-" "msnbot-media/1.1 (+http://search.msn.com/msnbot.htm)"
199.30.20.88 - - [12/Apr/2013:15:22:25 +0200] "GET /tm06_.jpg HTTP/1.1" 200 1382 "-" "msnbot-media/1.1 (+http://search.msn.com/msnbot.htm)"
66.249.78.60 - - [12/Apr/2013:15:25:12 +0200] "GET /fiok/ HTTP/1.1" 304 - "-" "Mozilla/5.0 (iPhone; U; CPU iPhone OS 4_1 like Mac OS X; en-us) AppleWebKit/532.9 (KHTML, like Gecko) Version/4.0.5 Mobile/8B117 Safari/6531.22.7 (compatible; Googlebot-Mobile/2.1; +http://www.google.com/bot.html)"
77.88.42.27 - - [12/Apr/2013:15:36:45 +0200] "GET /robots.txt HTTP/1.1" 404 1181 "-" "Mozilla/5.0 (compatible; YandexBot/3.0; +http://yandex.com/bots)"
77.88.42.27 - - [12/Apr/2013:15:36:48 +0200] "GET /jog/polgariper.htm HTTP/1.1" 304 - "-" "Mozilla/5.0 (compatible; YandexBot/3.0; +http://yandex.com/bots)"
66.249.78.60 - - [12/Apr/2013:15:37:37 +0200] "GET /jog/eseteink/kavicszatony/kavicszatony_ugyfel.pdf HTTP/1.1" 304 - "-" "Mozilla/5.0 (iPhone; U; CPU iPhone OS 4_1 like Mac OS X; en-us) AppleWebKit/532.9 (KHTML, like Gecko) Version/4.0.5 Mobile/8B117 Safari/6531.22.7 (compatible; Googlebot-Mobile/2.1; +http://www.google.com/bot.html)"
66.249.78.60 - - [12/Apr/2013:15:38:24 +0200] "GET /jog/pub/rally_kiadvany_mtvsz.pdf HTTP/1.1" 200 630857 "-" "Mozilla/5.0 (compatible; Googlebot/2.1; +http://www.google.com/bot.html)"
