194.38.110.161 - - [04/Apr/2013:15:43:38 +0200] "GET /favicon.ico HTTP/1.1" 404 1181 "-" "Mozilla/5.0 (Windows NT 6.1; WOW64) AppleWebKit/537.31 (KHTML, like Gecko) Chrome/26.0.1410.43 Safari/537.31"
46.229.160.208 - - [04/Apr/2013:15:56:28 +0200] "GET /jog/pub/fuzet_beliv_jav2angol.pdf HTTP/1.1" 200 17025 "-" "Mozilla/5.0 (Windows; U; Windows NT 5.1; en-US; rv:1.9.0.3) Gecko/2008092417 Firefox/3.0.3 (.NET CLR 3.5.30729)"
77.88.42.27 - - [04/Apr/2013:16:17:43 +0200] "GET /nca11.htm HTTP/1.1" 200 7133 "-" "Mozilla/5.0 (compatible; YandexBot/3.0; +http://yandex.com/bots)"
208.115.113.84 - - [04/Apr/2013:16:23:18 +0200] "GET /robots.txt HTTP/1.1" 404 1181 "-" "Mozilla/5.0 (compatible; Ezooms/1.0; ezooms.bot@gmail.com)"
66.249.78.60 - - [04/Apr/2013:16:28:36 +0200] "GET /nca06.htm HTTP/1.1" 200 19034 "-" "Mozilla/5.0 (iPhone; U; CPU iPhone OS 4_1 like Mac OS X; en-us) AppleWebKit/532.9 (KHTML, like Gecko) Version/4.0.5 Mobile/8B117 Safari/6531.22.7 (compatible; Googlebot-Mobile/2.1; +http://www.google.com/bot.html)"
84.206.48.246 - - [04/Apr/2013:16:54:24 +0200] "GET / HTTP/1.1" 200 42122 "https://www.google.hu/" "Mozilla/5.0 (Windows NT 6.1) AppleWebKit/537.31 (KHTML, like Gecko) Chrome/26.0.1410.43 Safari/537.31"
84.206.48.246 - - [04/Apr/2013:16:54:24 +0200] "GET /vill.cs HTTP/1.1" 200 3114 "http://www.beklen.hu/" "Mozilla/5.0 (Windows NT 6.1) AppleWebKit/537.31 (KHTML, like Gecko) Chrome/26.0.1410.43 Safari/537.31"
84.206.48.246 - - [04/Apr/2013:16:54:24 +0200] "GET /lb/css/lightbox.css HTTP/1.1" 200 1715 "http://www.beklen.hu/" "Mozilla/5.0 (Windows NT 6.1) AppleWebKit/537.31 (KHTML, like Gecko) Chrome/26.0.1410.43 Safari/537.31"
84.206.48.246 - - [04/Apr/2013:16:54:24 +0200] "GET /lb/js/lightbox.js HTTP/1.1" 200 23424 "http://www.beklen.hu/" "Mozilla/5.0 (Windows NT 6.1) AppleWebKit/537.31 (KHTML, like Gecko) Chrome/26.0.1410.43 Safari/537.31"
84.206.48.246 - - [04/Apr/2013:16:54:24 +0200] "GET /lb/js/scriptaculous.js?load=effects HTTP/1.1" 200 2152 "http://www.beklen.hu/" "Mozilla/5.0 (Windows NT 6.1) AppleWebKit/537.31 (KHTML, like Gecko) Chrome/26.0.1410.43 Safari/537.31"
84.206.48.246 - - [04/Apr/2013:16:54:24 +0200] "GET /lb/js/prototype.js HTTP/1.1" 200 47603 "http://www.beklen.hu/" "Mozilla/5.0 (Windows NT 6.1) AppleWebKit/537.31 (KHTML, like Gecko) Chrome/26.0.1410.43 Safari/537.31"
84.206.48.246 - - [04/Apr/2013:16:54:24 +0200] "GET /lb/js/effects.js HTTP/1.1" 200 31969 "http://www.beklen.hu/" "Mozilla/5.0 (Windows NT 6.1) AppleWebKit/537.31 (KHTML, like Gecko) Chrome/26.0.1410.43 Safari/537.31"
84.206.48.246 - - [04/Apr/2013:16:54:25 +0200] "GET /bg.jpg HTTP/1.1" 200 566 "http://www.beklen.hu/" "Mozilla/5.0 (Windows NT 6.1) AppleWebKit/537.31 (KHTML, like Gecko) Chrome/26.0.1410.43 Safari/537.31"
84.206.48.246 - - [04/Apr/2013:16:54:25 +0200] "GET /tm01.jpg HTTP/1.1" 200 1080 "http://www.beklen.hu/" "Mozilla/5.0 (Windows NT 6.1) AppleWebKit/537.31 (KHTML, like Gecko) Chrome/26.0.1410.43 Safari/537.31"
84.206.48.246 - - [04/Apr/2013:16:54:25 +0200] "GET /tm03_.jpg HTTP/1.1" 200 1787 "http://www.beklen.hu/" "Mozilla/5.0 (Windows NT 6.1) AppleWebKit/537.31 (KHTML, like Gecko) Chrome/26.0.1410.43 Safari/537.31"
84.206.48.246 - - [04/Apr/2013:16:54:25 +0200] "GET /tm05_.jpg HTTP/1.1" 200 1839 "http://www.beklen.hu/" "Mozilla/5.0 (Windows NT 6.1) AppleWebKit/537.31 (KHTML, like Gecko) Chrome/26.0.1410.43 Safari/537.31"
84.206.48.246 - - [04/Apr/2013:16:54:25 +0200] "GET /tm02.jpg HTTP/1.1" 200 1873 "http://www.beklen.hu/" "Mozilla/5.0 (Windows NT 6.1) AppleWebKit/537.31 (KHTML, like Gecko) Chrome/26.0.1410.43 Safari/537.31"
84.206.48.246 - - [04/Apr/2013:16:54:25 +0200] "GET /tm06_.jpg HTTP/1.1" 200 1382 "http://www.beklen.hu/" "Mozilla/5.0 (Windows NT 6.1) AppleWebKit/537.31 (KHTML, like Gecko) Chrome/26.0.1410.43 Safari/537.31"
84.206.48.246 - - [04/Apr/2013:16:54:25 +0200] "GET /tm07.jpg HTTP/1.1" 200 1007 "http://www.beklen.hu/" "Mozilla/5.0 (Windows NT 6.1) AppleWebKit/537.31 (KHTML, like Gecko) Chrome/26.0.1410.43 Safari/537.31"
84.206.48.246 - - [04/Apr/2013:16:54:25 +0200] "GET /tm04_.jpg HTTP/1.1" 200 2058 "http://www.beklen.hu/" "Mozilla/5.0 (Windows NT 6.1) AppleWebKit/537.31 (KHTML, like Gecko) Chrome/26.0.1410.43 Safari/537.31"
84.206.48.246 - - [04/Apr/2013:16:54:25 +0200] "GET /a1_projekt_tabla_infra_cs3_beklenhaz_.jpg HTTP/1.1" 200 8994 "http://www.beklen.hu/" "Mozilla/5.0 (Windows NT 6.1) AppleWebKit/537.31 (KHTML, like Gecko) Chrome/26.0.1410.43 Safari/537.31"
84.206.48.246 - - [04/Apr/2013:16:54:25 +0200] "GET /uszt-tabla_.jpg HTTP/1.1" 200 4543 "http://www.beklen.hu/" "Mozilla/5.0 (Windows NT 6.1) AppleWebKit/537.31 (KHTML, like Gecko) Chrome/26.0.1410.43 Safari/537.31"
84.206.48.246 - - [04/Apr/2013:16:54:25 +0200] "GET /bottom_main.jpg HTTP/1.1" 200 96820 "http://www.beklen.hu/" "Mozilla/5.0 (Windows NT 6.1) AppleWebKit/537.31 (KHTML, like Gecko) Chrome/26.0.1410.43 Safari/537.31"
84.206.48.246 - - [04/Apr/2013:16:54:25 +0200] "GET /jog_honlap_.jpg HTTP/1.1" 200 7186 "http://www.beklen.hu/" "Mozilla/5.0 (Windows NT 6.1) AppleWebKit/537.31 (KHTML, like Gecko) Chrome/26.0.1410.43 Safari/537.31"
84.206.48.246 - - [04/Apr/2013:16:54:25 +0200] "GET /nimfea_project_250x250.gif HTTP/1.1" 200 2986583 "http://www.beklen.hu/" "Mozilla/5.0 (Windows NT 6.1) AppleWebKit/537.31 (KHTML, like Gecko) Chrome/26.0.1410.43 Safari/537.31"
84.206.48.246 - - [04/Apr/2013:16:54:25 +0200] "GET /tm05.jpg HTTP/1.1" 200 2253 "http://www.beklen.hu/" "Mozilla/5.0 (Windows NT 6.1) AppleWebKit/537.31 (KHTML, like Gecko) Chrome/26.0.1410.43 Safari/537.31"
84.206.48.246 - - [04/Apr/2013:16:54:25 +0200] "GET /tm06.jpg HTTP/1.1" 200 1651 "http://www.beklen.hu/" "Mozilla/5.0 (Windows NT 6.1) AppleWebKit/537.31 (KHTML, like Gecko) Chrome/26.0.1410.43 Safari/537.31"
84.206.48.246 - - [04/Apr/2013:16:54:25 +0200] "GET /lb/images/closelabel.gif HTTP/1.1" 200 222 "http://www.beklen.hu/" "Mozilla/5.0 (Windows NT 6.1) AppleWebKit/537.31 (KHTML, like Gecko) Chrome/26.0.1410.43 Safari/537.31"
84.206.48.246 - - [04/Apr/2013:16:54:25 +0200] "GET /lb/images/loading.gif HTTP/1.1" 200 2767 "http://www.beklen.hu/" "Mozilla/5.0 (Windows NT 6.1) AppleWebKit/537.31 (KHTML, like Gecko) Chrome/26.0.1410.43 Safari/537.31"
84.206.48.246 - - [04/Apr/2013:16:54:25 +0200] "GET /tm04.jpg HTTP/1.1" 200 2613 "http://www.beklen.hu/" "Mozilla/5.0 (Windows NT 6.1) AppleWebKit/537.31 (KHTML, like Gecko) Chrome/26.0.1410.43 Safari/537.31"
84.206.48.246 - - [04/Apr/2013:16:54:25 +0200] "GET /tm03.jpg HTTP/1.1" 200 2212 "http://www.beklen.hu/" "Mozilla/5.0 (Windows NT 6.1) AppleWebKit/537.31 (KHTML, like Gecko) Chrome/26.0.1410.43 Safari/537.31"
84.206.48.246 - - [04/Apr/2013:16:54:25 +0200] "GET /tm02_.jpg HTTP/1.1" 200 1524 "http://www.beklen.hu/" "Mozilla/5.0 (Windows NT 6.1) AppleWebKit/537.31 (KHTML, like Gecko) Chrome/26.0.1410.43 Safari/537.31"
84.206.48.246 - - [04/Apr/2013:16:54:25 +0200] "GET /favicon.ico HTTP/1.1" 404 1181 "-" "Mozilla/5.0 (Windows NT 6.1) AppleWebKit/537.31 (KHTML, like Gecko) Chrome/26.0.1410.43 Safari/537.31"
84.206.48.246 - - [04/Apr/2013:16:54:26 +0200] "GET /favicon.ico HTTP/1.1" 404 1181 "-" "Mozilla/5.0 (Windows NT 6.1) AppleWebKit/537.31 (KHTML, like Gecko) Chrome/26.0.1410.43 Safari/537.31"
84.206.48.246 - - [04/Apr/2013:16:54:26 +0200] "GET /turizmusbanner.swf HTTP/1.1" 200 160827 "http://www.beklen.hu/" "Mozilla/5.0 (Windows NT 6.1) AppleWebKit/537.31 (KHTML, like Gecko) Chrome/26.0.1410.43 Safari/537.31"
84.206.48.246 - - [04/Apr/2013:16:54:34 +0200] "GET /a1_projekt_tabla_infra_cs3_beklenhaz.jpg HTTP/1.1" 200 73344 "http://www.beklen.hu/" "Mozilla/5.0 (Windows NT 6.1) AppleWebKit/537.31 (KHTML, like Gecko) Chrome/26.0.1410.43 Safari/537.31"
84.206.48.246 - - [04/Apr/2013:16:54:36 +0200] "GET /lb/images/blank.gif HTTP/1.1" 200 43 "http://www.beklen.hu/" "Mozilla/5.0 (Windows NT 6.1) AppleWebKit/537.31 (KHTML, like Gecko) Chrome/26.0.1410.43 Safari/537.31"
84.206.48.246 - - [04/Apr/2013:16:55:06 +0200] "GET /uszt-tabla.jpg HTTP/1.1" 404 1181 "http://www.beklen.hu/" "Mozilla/5.0 (Windows NT 6.1) AppleWebKit/537.31 (KHTML, like Gecko) Chrome/26.0.1410.43 Safari/537.31"
84.206.48.246 - - [04/Apr/2013:16:55:19 +0200] "GET /magunkrol.htm HTTP/1.1" 200 9161 "http://www.beklen.hu/" "Mozilla/5.0 (Windows NT 6.1) AppleWebKit/537.31 (KHTML, like Gecko) Chrome/26.0.1410.43 Safari/537.31"
84.206.48.246 - - [04/Apr/2013:16:55:21 +0200] "GET /bottom_.jpg HTTP/1.1" 200 93419 "http://www.beklen.hu/magunkrol.htm" "Mozilla/5.0 (Windows NT 6.1) AppleWebKit/537.31 (KHTML, like Gecko) Chrome/26.0.1410.43 Safari/537.31"
84.206.48.246 - - [04/Apr/2013:16:55:22 +0200] "GET /favicon.ico HTTP/1.1" 404 1181 "-" "Mozilla/5.0 (Windows NT 6.1) AppleWebKit/537.31 (KHTML, like Gecko) Chrome/26.0.1410.43 Safari/537.31"
84.206.48.246 - - [04/Apr/2013:16:55:46 +0200] "GET /kapcsolat.htm HTTP/1.1" 200 6875 "http://www.beklen.hu/magunkrol.htm" "Mozilla/5.0 (Windows NT 6.1) AppleWebKit/537.31 (KHTML, like Gecko) Chrome/26.0.1410.43 Safari/537.31"
84.206.48.246 - - [04/Apr/2013:16:55:46 +0200] "GET /felsorol.css HTTP/1.1" 200 240 "http://www.beklen.hu/kapcsolat.htm" "Mozilla/5.0 (Windows NT 6.1) AppleWebKit/537.31 (KHTML, like Gecko) Chrome/26.0.1410.43 Safari/537.31"
84.206.48.246 - - [04/Apr/2013:16:55:46 +0200] "GET /favicon.ico HTTP/1.1" 404 1181 "-" "Mozilla/5.0 (Windows NT 6.1) AppleWebKit/537.31 (KHTML, like Gecko) Chrome/26.0.1410.43 Safari/537.31"
84.206.48.246 - - [04/Apr/2013:16:56:40 +0200] "GET /media.htm HTTP/1.1" 200 5208 "http://www.beklen.hu/kapcsolat.htm" "Mozilla/5.0 (Windows NT 6.1) AppleWebKit/537.31 (KHTML, like Gecko) Chrome/26.0.1410.43 Safari/537.31"
84.206.48.246 - - [04/Apr/2013:16:56:40 +0200] "GET /favicon.ico HTTP/1.1" 404 1181 "-" "Mozilla/5.0 (Windows NT 6.1) AppleWebKit/537.31 (KHTML, like Gecko) Chrome/26.0.1410.43 Safari/537.31"
84.206.48.246 - - [04/Apr/2013:16:56:47 +0200] "GET /index.htm HTTP/1.1" 200 42122 "http://www.beklen.hu/media.htm" "Mozilla/5.0 (Windows NT 6.1) AppleWebKit/537.31 (KHTML, like Gecko) Chrome/26.0.1410.43 Safari/537.31"
84.206.48.246 - - [04/Apr/2013:16:56:48 +0200] "GET /favicon.ico HTTP/1.1" 404 1181 "-" "Mozilla/5.0 (Windows NT 6.1) AppleWebKit/537.31 (KHTML, like Gecko) Chrome/26.0.1410.43 Safari/537.31"
66.249.78.60 - - [04/Apr/2013:17:11:43 +0200] "GET /hirek/130313.htm HTTP/1.1" 304 - "-" "Mozilla/5.0 (iPhone; U; CPU iPhone OS 4_1 like Mac OS X; en-us) AppleWebKit/532.9 (KHTML, like Gecko) Version/4.0.5 Mobile/8B117 Safari/6531.22.7 (compatible; Googlebot-Mobile/2.1; +http://www.google.com/bot.html)"
64.246.165.160 - - [04/Apr/2013:17:37:25 +0200] "GET /robots.txt HTTP/1.0" 404 1181 "-" "Mozilla/5.0 (Windows; U; Windows NT 5.1; en; rv:1.9.0.13) Gecko/2009073022 Firefox/3.5.2 (.NET CLR 3.5.30729) SurveyBot/2.3 (DomainTools)"
64.246.165.160 - - [04/Apr/2013:17:37:26 +0200] "GET / HTTP/1.1" 200 42122 "http://whois.domaintools.com/beklen.hu" "Mozilla/5.0 (Windows; U; Windows NT 5.1; en; rv:1.9.0.13) Gecko/2009073022 Firefox/3.5.2 (.NET CLR 3.5.30729) SurveyBot/2.3 (DomainTools)"
208.115.113.84 - - [04/Apr/2013:17:41:50 +0200] "GET /jog/jogihatter.htm HTTP/1.1" 200 18691 "-" "Mozilla/5.0 (compatible; Ezooms/1.0; ezooms.bot@gmail.com)"
77.88.42.27 - - [04/Apr/2013:17:52:49 +0200] "GET /nca09.htm HTTP/1.1" 200 24315 "-" "Mozilla/5.0 (compatible; YandexBot/3.0; +http://yandex.com/bots)"
139.18.2.209 - - [04/Apr/2013:18:12:53 +0200] "GET /robots.txt HTTP/1.1" 404 1181 "-" "findlinks/2.6 (+http://wortschatz.uni-leipzig.de/findlinks/)"
66.249.78.60 - - [04/Apr/2013:18:31:14 +0200] "GET /hirek/130312.htm HTTP/1.1" 200 9645 "-" "SAMSUNG-SGH-E250/1.0 Profile/MIDP-2.0 Configuration/CLDC-1.1 UP.Browser/6.2.3.3.c.1.101 (GUI) MMP/2.0 (compatible; Googlebot-Mobile/2.1; +http://www.google.com/bot.html)"
180.76.5.93 - - [04/Apr/2013:19:25:16 +0200] "GET /robots.txt HTTP/1.1" 404 1181 "-" "Mozilla/5.0 (Windows NT 5.1; rv:6.0.2) Gecko/20100101 Firefox/6.0.2"
66.249.75.200 - - [04/Apr/2013:19:33:57 +0200] "GET /nca07.htm HTTP/1.1" 200 21968 "-" "Mozilla/5.0 (iPhone; U; CPU iPhone OS 4_1 like Mac OS X; en-us) AppleWebKit/532.9 (KHTML, like Gecko) Version/4.0.5 Mobile/8B117 Safari/6531.22.7 (compatible; Googlebot-Mobile/2.1; +http://www.google.com/bot.html)"
66.249.75.200 - - [04/Apr/2013:20:15:38 +0200] "GET /hirek/130312.htm HTTP/1.1" 200 9645 "-" "DoCoMo/2.0 N905i(c100;TB;W24H16) (compatible; Googlebot-Mobile/2.1; +http://www.google.com/bot.html)"
91.137.180.124 - - [04/Apr/2013:20:25:56 +0200] "GET /jog/eseteink/malom/fotok/img_3064.jpg HTTP/1.1" 200 36077 "http://www.google.co.in/blank.html" "Mozilla/5.0 (Windows NT 6.1; rv:19.0) Gecko/20100101 Firefox/19.0"
91.137.180.124 - - [04/Apr/2013:20:25:58 +0200] "GET /jog/eseteink/malom/fotok/img_3065.jpg HTTP/1.1" 200 32971 "http://www.google.co.in/blank.html" "Mozilla/5.0 (Windows NT 6.1; rv:19.0) Gecko/20100101 Firefox/19.0"
91.137.180.124 - - [04/Apr/2013:20:26:13 +0200] "GET /jog/eseteink/malom/fotok/img_3050.jpg HTTP/1.1" 200 40848 "http://www.google.co.in/blank.html" "Mozilla/5.0 (Windows NT 6.1; rv:19.0) Gecko/20100101 Firefox/19.0"
66.249.78.60 - - [04/Apr/2013:20:32:14 +0200] "GET /hirek08_10.htm HTTP/1.1" 304 - "-" "Mozilla/5.0 (iPhone; U; CPU iPhone OS 4_1 like Mac OS X; en-us) AppleWebKit/532.9 (KHTML, like Gecko) Version/4.0.5 Mobile/8B117 Safari/6531.22.7 (compatible; Googlebot-Mobile/2.1; +http://www.google.com/bot.html)"
157.55.35.37 - - [04/Apr/2013:21:04:01 +0200] "GET /robots.txt HTTP/1.1" 404 1181 "-" "Mozilla/5.0 (compatible; bingbot/2.0; +http://www.bing.com/bingbot.htm)"
157.55.35.37 - - [04/Apr/2013:21:05:43 +0200] "GET /jog/eseteink/kavicszatony/ HTTP/1.1" 200 16432 "-" "Mozilla/5.0 (compatible; bingbot/2.0; +http://www.bing.com/bingbot.htm)"
157.55.33.17 - - [04/Apr/2013:21:06:14 +0200] "GET /jog/eseteink/duzzaszto/ HTTP/1.1" 200 10470 "-" "Mozilla/5.0 (compatible; bingbot/2.0; +http://www.bing.com/bingbot.htm)"
157.55.33.40 - - [04/Apr/2013:21:07:11 +0200] "GET /jog/eseteink/derekegyhaza/ HTTP/1.1" 200 34210 "-" "Mozilla/5.0 (compatible; bingbot/2.0; +http://www.bing.com/bingbot.htm)"
66.249.78.60 - - [04/Apr/2013:21:17:34 +0200] "GET /lb/css/lightbox.css HTTP/1.1" 200 1715 "-" "Mozilla/5.0 (compatible; Googlebot/2.1; +http://www.google.com/bot.html)"
66.249.78.60 - - [04/Apr/2013:21:29:51 +0200] "GET /hirek/130319.htm HTTP/1.1" 304 - "-" "Mozilla/5.0 (iPhone; U; CPU iPhone OS 4_1 like Mac OS X; en-us) AppleWebKit/532.9 (KHTML, like Gecko) Version/4.0.5 Mobile/8B117 Safari/6531.22.7 (compatible; Googlebot-Mobile/2.1; +http://www.google.com/bot.html)"
220.181.108.187 - - [04/Apr/2013:21:38:03 +0200] "GET / HTTP/1.1" 200 42122 "-" "Mozilla/5.0 (compatible; Baiduspider/2.0; +http://www.baidu.com/search/spider.html)"
66.249.78.60 - - [04/Apr/2013:22:29:09 +0200] "GET /hirek/1303201/04_.jpg HTTP/1.1" 200 5515 "-" "Googlebot-Image/1.0"
66.249.78.60 - - [04/Apr/2013:22:37:54 +0200] "GET /hirek/130313/01_.jpg HTTP/1.1" 200 7485 "-" "Googlebot-Image/1.0"
66.249.78.60 - - [04/Apr/2013:22:42:51 +0200] "GET /nca08.htm HTTP/1.1" 200 21795 "-" "Mozilla/5.0 (iPhone; U; CPU iPhone OS 4_1 like Mac OS X; en-us) AppleWebKit/532.9 (KHTML, like Gecko) Version/4.0.5 Mobile/8B117 Safari/6531.22.7 (compatible; Googlebot-Mobile/2.1; +http://www.google.com/bot.html)"
66.249.78.60 - - [04/Apr/2013:22:53:11 +0200] "GET /hirek/hirek090509.htm HTTP/1.1" 304 - "-" "Mozilla/5.0 (iPhone; U; CPU iPhone OS 4_1 like Mac OS X; en-us) AppleWebKit/532.9 (KHTML, like Gecko) Version/4.0.5 Mobile/8B117 Safari/6531.22.7 (compatible; Googlebot-Mobile/2.1; +http://www.google.com/bot.html)"
77.88.42.27 - - [04/Apr/2013:23:24:52 +0200] "GET /robots.txt HTTP/1.1" 404 1181 "-" "Mozilla/5.0 (compatible; YandexBot/3.0; +http://yandex.com/bots)"
157.55.35.94 - - [05/Apr/2013:00:44:07 +0200] "GET /robots.txt HTTP/1.1" 404 1181 "-" "Mozilla/5.0 (compatible; bingbot/2.0; +http://www.bing.com/bingbot.htm)"
157.55.35.94 - - [05/Apr/2013:00:45:51 +0200] "GET /hirek/hirek100305.htm HTTP/1.1" 304 - "-" "Mozilla/5.0 (compatible; bingbot/2.0; +http://www.bing.com/bingbot.htm)"
157.55.33.253 - - [05/Apr/2013:01:10:23 +0200] "GET /hirek/Natura_2000es_gyepgazdalkodas_eloirasai.ppt HTTP/1.1" 200 333312 "-" "Mozilla/5.0 (compatible; bingbot/2.0; +http://www.bing.com/bingbot.htm)"
180.76.5.197 - - [05/Apr/2013:01:27:03 +0200] "GET /fiok/program_reszek/turazas.htm HTTP/1.1" 200 22754 "-" "Mozilla/5.0 (compatible; Baiduspider/2.0; +http://www.baidu.com/search/spider.html)"
66.249.78.60 - - [05/Apr/2013:01:46:13 +0200] "GET /robots.txt HTTP/1.1" 404 1181 "-" "Mozilla/5.0 (compatible; Googlebot/2.1; +http://www.google.com/bot.html)"
66.249.78.60 - - [05/Apr/2013:01:46:13 +0200] "GET /nca09.htm HTTP/1.1" 200 24315 "-" "Mozilla/5.0 (iPhone; U; CPU iPhone OS 4_1 like Mac OS X; en-us) AppleWebKit/532.9 (KHTML, like Gecko) Version/4.0.5 Mobile/8B117 Safari/6531.22.7 (compatible; Googlebot-Mobile/2.1; +http://www.google.com/bot.html)"
66.249.75.200 - - [05/Apr/2013:01:50:52 +0200] "GET /hirek/130320.htm HTTP/1.1" 304 - "-" "Mozilla/5.0 (iPhone; U; CPU iPhone OS 4_1 like Mac OS X; en-us) AppleWebKit/532.9 (KHTML, like Gecko) Version/4.0.5 Mobile/8B117 Safari/6531.22.7 (compatible; Googlebot-Mobile/2.1; +http://www.google.com/bot.html)"
66.249.78.60 - - [05/Apr/2013:01:51:47 +0200] "GET /jog/css/style.css HTTP/1.1" 200 23764 "http://www.beklen.hu/jog/tippek.htm" "Mozilla/5.0 (compatible; Googlebot/2.1; +http://www.google.com/bot.html)"
66.249.78.60 - - [05/Apr/2013:02:05:11 +0200] "GET /jog/adathozzaferes.htm HTTP/1.1" 304 - "-" "Mozilla/5.0 (iPhone; U; CPU iPhone OS 4_1 like Mac OS X; en-us) AppleWebKit/532.9 (KHTML, like Gecko) Version/4.0.5 Mobile/8B117 Safari/6531.22.7 (compatible; Googlebot-Mobile/2.1; +http://www.google.com/bot.html)"
77.88.42.27 - - [05/Apr/2013:03:07:45 +0200] "GET /fiok/kapcsolat.htm HTTP/1.1" 200 17416 "-" "Mozilla/5.0 (compatible; YandexBot/3.0; +http://yandex.com/bots)"
77.88.42.27 - - [05/Apr/2013:03:16:57 +0200] "GET /turizmusbanner.swf HTTP/1.1" 200 160827 "-" "Mozilla/5.0 (compatible; YandexBot/3.0; +http://yandex.com/bots)"
23.20.8.153 - - [05/Apr/2013:03:27:30 +0200] "GET /robots.txt HTTP/1.1" 404 1181 "-" "Mozilla/5.0 (compatible; Snipebot/1.0; +http://snipebot.com/bot.html)"
23.20.8.153 - - [05/Apr/2013:03:42:48 +0200] "GET / HTTP/1.1" 200 42122 "-" "Mozilla/5.0 (compatible; Snipebot/1.0; +http://snipebot.com/bot.html)"
66.249.78.60 - - [05/Apr/2013:04:41:59 +0200] "GET /hirek/1303072.htm HTTP/1.1" 304 - "-" "Mozilla/5.0 (iPhone; U; CPU iPhone OS 4_1 like Mac OS X; en-us) AppleWebKit/532.9 (KHTML, like Gecko) Version/4.0.5 Mobile/8B117 Safari/6531.22.7 (compatible; Googlebot-Mobile/2.1; +http://www.google.com/bot.html)"
131.253.38.99 - - [05/Apr/2013:05:21:00 +0200] "GET /robots.txt HTTP/1.1" 404 1181 "-" "msnbot-media/1.1 (+http://search.msn.com/msnbot.htm)"
131.253.38.99 - - [05/Apr/2013:05:21:01 +0200] "GET /jog/eseteink/poroszlo/villa.jpg HTTP/1.1" 200 110558 "-" "msnbot-media/1.1 (+http://search.msn.com/msnbot.htm)"
66.249.78.60 - - [05/Apr/2013:05:29:15 +0200] "GET /jog/jogszabalyok/polgari_perrendtartas_xx_fejezet.pdf HTTP/1.1" 404 1181 "-" "Mozilla/5.0 (iPhone; U; CPU iPhone OS 4_1 like Mac OS X; en-us) AppleWebKit/532.9 (KHTML, like Gecko) Version/4.0.5 Mobile/8B117 Safari/6531.22.7 (compatible; Googlebot-Mobile/2.1; +http://www.google.com/bot.html)"
66.249.78.60 - - [05/Apr/2013:06:00:52 +0200] "GET /hirek/1303201.htm HTTP/1.1" 304 - "-" "Mozilla/5.0 (iPhone; U; CPU iPhone OS 4_1 like Mac OS X; en-us) AppleWebKit/532.9 (KHTML, like Gecko) Version/4.0.5 Mobile/8B117 Safari/6531.22.7 (compatible; Googlebot-Mobile/2.1; +http://www.google.com/bot.html)"
66.249.75.200 - - [05/Apr/2013:06:10:41 +0200] "GET /hirek/1303201_clip_image001.jpg HTTP/1.1" 200 16674 "-" "Googlebot-Image/1.0"
66.249.78.60 - - [05/Apr/2013:07:08:23 +0200] "GET /turizmusbanner_.swf HTTP/1.1" 200 160838 "-" "Mozilla/5.0 (iPhone; U; CPU iPhone OS 4_1 like Mac OS X; en-us) AppleWebKit/532.9 (KHTML, like Gecko) Version/4.0.5 Mobile/8B117 Safari/6531.22.7 (compatible; Googlebot-Mobile/2.1; +http://www.google.com/bot.html)"
66.249.78.60 - - [05/Apr/2013:07:37:06 +0200] "GET /jog/jogszabalyok/regp2001lxxxitvaarhus.pdf HTTP/1.1" 200 234500 "-" "Mozilla/5.0 (iPhone; U; CPU iPhone OS 4_1 like Mac OS X; en-us) AppleWebKit/532.9 (KHTML, like Gecko) Version/4.0.5 Mobile/8B117 Safari/6531.22.7 (compatible; Googlebot-Mobile/2.1; +http://www.google.com/bot.html)"
208.115.113.84 - - [05/Apr/2013:08:22:53 +0200] "GET /robots.txt HTTP/1.1" 404 1181 "-" "Mozilla/5.0 (compatible; Ezooms/1.0; ezooms.bot@gmail.com)"
66.249.75.200 - - [05/Apr/2013:08:37:31 +0200] "GET /hirek/1303202.htm HTTP/1.1" 304 - "-" "Mozilla/5.0 (iPhone; U; CPU iPhone OS 4_1 like Mac OS X; en-us) AppleWebKit/532.9 (KHTML, like Gecko) Version/4.0.5 Mobile/8B117 Safari/6531.22.7 (compatible; Googlebot-Mobile/2.1; +http://www.google.com/bot.html)"
66.249.75.200 - - [05/Apr/2013:09:10:07 +0200] "GET /media.htm HTTP/1.1" 200 5208 "-" "DoCoMo/2.0 N905i(c100;TB;W24H16) (compatible; Googlebot-Mobile/2.1; +http://www.google.com/bot.html)"
66.249.78.60 - - [05/Apr/2013:09:42:45 +0200] "GET /jog/jogszabalyok/termeszetvedelmi_torveny.pdf HTTP/1.1" 200 470027 "-" "Mozilla/5.0 (iPhone; U; CPU iPhone OS 4_1 like Mac OS X; en-us) AppleWebKit/532.9 (KHTML, like Gecko) Version/4.0.5 Mobile/8B117 Safari/6531.22.7 (compatible; Googlebot-Mobile/2.1; +http://www.google.com/bot.html)"
81.182.93.7 - - [05/Apr/2013:10:13:50 +0200] "GET /jog/jogsegely.htm HTTP/1.1" 200 14053 "http://www.google.hu/url?sa=t&rct=j&q=&esrc=s&source=web&cd=6&ved=0CFAQFjAF&url=http%3A%2F%2Fwww.beklen.hu%2Fjog%2Fjogsegely.htm&ei=n4deUc_ZEaPh4QS9n4CICw&usg=AFQjCNHY-bnoUxTkkaMl2IV6hUlplhQIvg&sig2=58AOMp47SS9WQz6mvi5phw&bvm=bv.44770516,d.bGE" "Mozilla/5.0 (Windows NT 6.1; rv:20.0) Gecko/20100101 Firefox/20.0"
81.182.93.7 - - [05/Apr/2013:10:13:50 +0200] "GET /jog/style.css HTTP/1.1" 200 21413 "http://www.beklen.hu/jog/jogsegely.htm" "Mozilla/5.0 (Windows NT 6.1; rv:20.0) Gecko/20100101 Firefox/20.0"
81.182.93.7 - - [05/Apr/2013:10:13:50 +0200] "GET /jog/script.js HTTP/1.1" 200 5674 "http://www.beklen.hu/jog/jogsegely.htm" "Mozilla/5.0 (Windows NT 6.1; rv:20.0) Gecko/20100101 Firefox/20.0"
81.182.93.7 - - [05/Apr/2013:10:13:50 +0200] "GET /jog/favicon.ico HTTP/1.1" 200 1150 "-" "Mozilla/5.0 (Windows NT 6.1; rv:20.0) Gecko/20100101 Firefox/20.0"
81.182.93.7 - - [05/Apr/2013:10:13:50 +0200] "GET /jog/jquery.js HTTP/1.1" 200 72174 "http://www.beklen.hu/jog/jogsegely.htm" "Mozilla/5.0 (Windows NT 6.1; rv:20.0) Gecko/20100101 Firefox/20.0"
81.182.93.7 - - [05/Apr/2013:10:13:50 +0200] "GET /jog/images/nav.png HTTP/1.1" 200 10482 "http://www.beklen.hu/jog/style.css" "Mozilla/5.0 (Windows NT 6.1; rv:20.0) Gecko/20100101 Firefox/20.0"
81.182.93.7 - - [05/Apr/2013:10:13:50 +0200] "GET /jog/images/menuitem.png HTTP/1.1" 200 20398 "http://www.beklen.hu/jog/style.css" "Mozilla/5.0 (Windows NT 6.1; rv:20.0) Gecko/20100101 Firefox/20.0"
81.182.93.7 - - [05/Apr/2013:10:13:50 +0200] "GET /jog/images/spacer.gif HTTP/1.1" 200 43 "http://www.beklen.hu/jog/style.css" "Mozilla/5.0 (Windows NT 6.1; rv:20.0) Gecko/20100101 Firefox/20.0"
81.182.93.7 - - [05/Apr/2013:10:13:51 +0200] "GET /jog/images/subitem.png HTTP/1.1" 200 81 "http://www.beklen.hu/jog/style.css" "Mozilla/5.0 (Windows NT 6.1; rv:20.0) Gecko/20100101 Firefox/20.0"
81.182.93.7 - - [05/Apr/2013:10:13:51 +0200] "GET /jog/images/post_s.png HTTP/1.1" 200 466 "http://www.beklen.hu/jog/style.css" "Mozilla/5.0 (Windows NT 6.1; rv:20.0) Gecko/20100101 Firefox/20.0"
81.182.93.7 - - [05/Apr/2013:10:13:51 +0200] "GET /jog/images/post_h.png HTTP/1.1" 200 292 "http://www.beklen.hu/jog/style.css" "Mozilla/5.0 (Windows NT 6.1; rv:20.0) Gecko/20100101 Firefox/20.0"
81.182.93.7 - - [05/Apr/2013:10:13:51 +0200] "GET /jog/images/Bottom_texture.jpg HTTP/1.1" 200 193775 "http://www.beklen.hu/jog/style.css" "Mozilla/5.0 (Windows NT 6.1; rv:20.0) Gecko/20100101 Firefox/20.0"
81.182.93.7 - - [05/Apr/2013:10:13:51 +0200] "GET /jog/images/post_v.png HTTP/1.1" 200 310 "http://www.beklen.hu/jog/style.css" "Mozilla/5.0 (Windows NT 6.1; rv:20.0) Gecko/20100101 Firefox/20.0"
81.182.93.7 - - [05/Apr/2013:10:13:51 +0200] "GET /jog/images/post_c.png HTTP/1.1" 200 204 "http://www.beklen.hu/jog/style.css" "Mozilla/5.0 (Windows NT 6.1; rv:20.0) Gecko/20100101 Firefox/20.0"
81.182.93.7 - - [05/Apr/2013:10:13:51 +0200] "GET /jog/images/header.png HTTP/1.1" 200 170837 "http://www.beklen.hu/jog/style.css" "Mozilla/5.0 (Windows NT 6.1; rv:20.0) Gecko/20100101 Firefox/20.0"
208.115.113.84 - - [05/Apr/2013:10:20:40 +0200] "GET /jog/eljarasokrol.htm HTTP/1.1" 200 14427 "-" "Mozilla/5.0 (compatible; Ezooms/1.0; ezooms.bot@gmail.com)"
66.249.78.60 - - [05/Apr/2013:10:55:19 +0200] "GET /khb.htm HTTP/1.1" 304 - "-" "Mozilla/5.0 (iPhone; U; CPU iPhone OS 4_1 like Mac OS X; en-us) AppleWebKit/532.9 (KHTML, like Gecko) Version/4.0.5 Mobile/8B117 Safari/6531.22.7 (compatible; Googlebot-Mobile/2.1; +http://www.google.com/bot.html)"
66.249.78.60 - - [05/Apr/2013:11:15:38 +0200] "GET /hirek/1303203.htm HTTP/1.1" 304 - "-" "Mozilla/5.0 (iPhone; U; CPU iPhone OS 4_1 like Mac OS X; en-us) AppleWebKit/532.9 (KHTML, like Gecko) Version/4.0.5 Mobile/8B117 Safari/6531.22.7 (compatible; Googlebot-Mobile/2.1; +http://www.google.com/bot.html)"
131.253.38.99 - - [05/Apr/2013:11:53:16 +0200] "GET /robots.txt HTTP/1.1" 404 1181 "-" "msnbot-media/1.1 (+http://search.msn.com/msnbot.htm)"
131.253.38.99 - - [05/Apr/2013:11:53:17 +0200] "GET /jog/eseteink/poroszlo/villa.jpg HTTP/1.1" 200 110558 "-" "msnbot-media/1.1 (+http://search.msn.com/msnbot.htm)"
66.249.75.200 - - [05/Apr/2013:11:54:57 +0200] "GET /jog/jogszabalyok/vadaszati_torveny.pdf HTTP/1.1" 200 741096 "-" "Mozilla/5.0 (iPhone; U; CPU iPhone OS 4_1 like Mac OS X; en-us) AppleWebKit/532.9 (KHTML, like Gecko) Version/4.0.5 Mobile/8B117 Safari/6531.22.7 (compatible; Googlebot-Mobile/2.1; +http://www.google.com/bot.html)"
130.83.167.153 - - [05/Apr/2013:12:21:41 +0200] "GET /hirek/hirek091015.htm HTTP/1.1" 200 7046 "-" "findlinks/2.6 (+http://wortschatz.uni-leipzig.de/findlinks/)"
180.76.5.96 - - [05/Apr/2013:12:42:47 +0200] "GET /robots.txt HTTP/1.1" 404 1181 "-" "Mozilla/5.0 (Windows NT 5.1; rv:6.0.2) Gecko/20100101 Firefox/6.0.2"
80.99.184.150 - - [05/Apr/2013:12:53:27 +0200] "GET /fiok/ HTTP/1.1" 200 20554 "http://www.google.com/url?sa=t&rct=j&q=&esrc=s&source=web&cd=2&ved=0CDsQFjAB&url=http%3A%2F%2Fwww.beklen.hu%2Ffiok%2F&ei=tateUerzM4OrtAaKvYD4BA&usg=AFQjCNFtC7TVIqJXoI7MG7L0tC6FKZ01fA&bvm=bv.44770516,d.Yms&cad=rja" "Mozilla/5.0 (Windows NT 5.1; rv:19.0) Gecko/20100101 Firefox/19.0"
80.99.184.150 - - [05/Apr/2013:12:53:27 +0200] "GET /fiok/images/index_11.gif HTTP/1.1" 200 74 "http://www.beklen.hu/fiok/" "Mozilla/5.0 (Windows NT 5.1; rv:19.0) Gecko/20100101 Firefox/19.0"
80.99.184.150 - - [05/Apr/2013:12:53:28 +0200] "GET /fiok/css/lightbox.css HTTP/1.1" 200 1715 "http://www.beklen.hu/fiok/" "Mozilla/5.0 (Windows NT 5.1; rv:19.0) Gecko/20100101 Firefox/19.0"
80.99.184.150 - - [05/Apr/2013:12:53:28 +0200] "GET /fiok/css/js/lightbox.js HTTP/1.1" 200 23424 "http://www.beklen.hu/fiok/" "Mozilla/5.0 (Windows NT 5.1; rv:19.0) Gecko/20100101 Firefox/19.0"
80.99.184.150 - - [05/Apr/2013:12:53:28 +0200] "GET /fiok/css/js/scriptaculous.js?load=effects HTTP/1.1" 200 2152 "http://www.beklen.hu/fiok/" "Mozilla/5.0 (Windows NT 5.1; rv:19.0) Gecko/20100101 Firefox/19.0"
80.99.184.150 - - [05/Apr/2013:12:53:28 +0200] "GET /fiok/images/index_12_12.JPG HTTP/1.1" 200 985 "http://www.beklen.hu/fiok/" "Mozilla/5.0 (Windows NT 5.1; rv:19.0) Gecko/20100101 Firefox/19.0"
80.99.184.150 - - [05/Apr/2013:12:53:28 +0200] "GET /fiok/css/js/prototype.js HTTP/1.1" 200 47603 "http://www.beklen.hu/fiok/" "Mozilla/5.0 (Windows NT 5.1; rv:19.0) Gecko/20100101 Firefox/19.0"
80.99.184.150 - - [05/Apr/2013:12:53:28 +0200] "GET /fiok/images/index_13.gif HTTP/1.1" 200 149 "http://www.beklen.hu/fiok/" "Mozilla/5.0 (Windows NT 5.1; rv:19.0) Gecko/20100101 Firefox/19.0"
80.99.184.150 - - [05/Apr/2013:12:53:28 +0200] "GET /fiok/images/index_14_14.JPG HTTP/1.1" 200 9305 "http://www.beklen.hu/fiok/" "Mozilla/5.0 (Windows NT 5.1; rv:19.0) Gecko/20100101 Firefox/19.0"
80.99.184.150 - - [05/Apr/2013:12:53:28 +0200] "GET /fiok/images/index_15_15.JPG HTTP/1.1" 200 20275 "http://www.beklen.hu/fiok/" "Mozilla/5.0 (Windows NT 5.1; rv:19.0) Gecko/20100101 Firefox/19.0"
80.99.184.150 - - [05/Apr/2013:12:53:28 +0200] "GET /fiok/images/index_16_16.JPG HTTP/1.1" 200 13468 "http://www.beklen.hu/fiok/" "Mozilla/5.0 (Windows NT 5.1; rv:19.0) Gecko/20100101 Firefox/19.0"
80.99.184.150 - - [05/Apr/2013:12:53:28 +0200] "GET /fiok/images/index_17_17.jpg HTTP/1.1" 200 2374 "http://www.beklen.hu/fiok/" "Mozilla/5.0 (Windows NT 5.1; rv:19.0) Gecko/20100101 Firefox/19.0"
80.99.184.150 - - [05/Apr/2013:12:53:28 +0200] "GET /fiok/css/js/effects.js HTTP/1.1" 200 31969 "http://www.beklen.hu/fiok/" "Mozilla/5.0 (Windows NT 5.1; rv:19.0) Gecko/20100101 Firefox/19.0"
80.99.184.150 - - [05/Apr/2013:12:53:28 +0200] "GET /fiok/images/index_21_21.JPG HTTP/1.1" 404 1181 "http://www.beklen.hu/fiok/" "Mozilla/5.0 (Windows NT 5.1; rv:19.0) Gecko/20100101 Firefox/19.0"
80.99.184.150 - - [05/Apr/2013:12:53:28 +0200] "GET /fiok/images/index_19_19.JPG HTTP/1.1" 200 3123 "http://www.beklen.hu/fiok/" "Mozilla/5.0 (Windows NT 5.1; rv:19.0) Gecko/20100101 Firefox/19.0"
80.99.184.150 - - [05/Apr/2013:12:53:28 +0200] "GET /fiok/images/index_18_18.JPG HTTP/1.1" 200 15778 "http://www.beklen.hu/fiok/" "Mozilla/5.0 (Windows NT 5.1; rv:19.0) Gecko/20100101 Firefox/19.0"
80.99.184.150 - - [05/Apr/2013:12:53:28 +0200] "GET /fiok/images/szovegkep.JPG HTTP/1.1" 200 12792 "http://www.beklen.hu/fiok/" "Mozilla/5.0 (Windows NT 5.1; rv:19.0) Gecko/20100101 Firefox/19.0"
80.99.184.150 - - [05/Apr/2013:12:53:28 +0200] "GET /fiok/images/index_26.gif HTTP/1.1" 200 121 "http://www.beklen.hu/fiok/" "Mozilla/5.0 (Windows NT 5.1; rv:19.0) Gecko/20100101 Firefox/19.0"
80.99.184.150 - - [05/Apr/2013:12:53:28 +0200] "GET /fiok/images/index_25_25.jpg HTTP/1.1" 200 4960 "http://www.beklen.hu/fiok/" "Mozilla/5.0 (Windows NT 5.1; rv:19.0) Gecko/20100101 Firefox/19.0"
80.99.184.150 - - [05/Apr/2013:12:53:28 +0200] "GET /fiok/images/index_27_27.jpg HTTP/1.1" 200 12876 "http://www.beklen.hu/fiok/" "Mozilla/5.0 (Windows NT 5.1; rv:19.0) Gecko/20100101 Firefox/19.0"
80.99.184.150 - - [05/Apr/2013:12:53:28 +0200] "GET /fiok/images/spacer.gif HTTP/1.1" 200 43 "http://www.beklen.hu/fiok/" "Mozilla/5.0 (Windows NT 5.1; rv:19.0) Gecko/20100101 Firefox/19.0"
80.99.184.150 - - [05/Apr/2013:12:53:28 +0200] "GET /fiok/images/a4a.jpg HTTP/1.1" 200 524 "http://www.beklen.hu/fiok/" "Mozilla/5.0 (Windows NT 5.1; rv:19.0) Gecko/20100101 Firefox/19.0"
80.99.184.150 - - [05/Apr/2013:12:53:28 +0200] "GET /fiok/images/index_21_21.JPG HTTP/1.1" 404 1181 "http://www.beklen.hu/fiok/" "Mozilla/5.0 (Windows NT 5.1; rv:19.0) Gecko/20100101 Firefox/19.0"
80.99.184.150 - - [05/Apr/2013:12:53:28 +0200] "GET /fiok/images/b4b.jpg HTTP/1.1" 200 524 "http://www.beklen.hu/fiok/" "Mozilla/5.0 (Windows NT 5.1; rv:19.0) Gecko/20100101 Firefox/19.0"
80.99.184.150 - - [05/Apr/2013:12:53:28 +0200] "GET /fiok/images/c4c.jpg HTTP/1.1" 200 524 "http://www.beklen.hu/fiok/" "Mozilla/5.0 (Windows NT 5.1; rv:19.0) Gecko/20100101 Firefox/19.0"
80.99.184.150 - - [05/Apr/2013:12:53:28 +0200] "GET /fiok/images/d4d.jpg HTTP/1.1" 200 524 "http://www.beklen.hu/fiok/" "Mozilla/5.0 (Windows NT 5.1; rv:19.0) Gecko/20100101 Firefox/19.0"
80.99.184.150 - - [05/Apr/2013:12:53:28 +0200] "GET /fiok/images/e4e.jpg HTTP/1.1" 200 524 "http://www.beklen.hu/fiok/" "Mozilla/5.0 (Windows NT 5.1; rv:19.0) Gecko/20100101 Firefox/19.0"
80.99.184.150 - - [05/Apr/2013:12:53:28 +0200] "GET /fiok/images/b12.jpg HTTP/1.1" 200 544 "http://www.beklen.hu/fiok/" "Mozilla/5.0 (Windows NT 5.1; rv:19.0) Gecko/20100101 Firefox/19.0"
80.99.184.150 - - [05/Apr/2013:12:53:28 +0200] "GET /fiok/images/index_22.gif HTTP/1.1" 200 227 "http://www.beklen.hu/fiok/" "Mozilla/5.0 (Windows NT 5.1; rv:19.0) Gecko/20100101 Firefox/19.0"
80.99.184.150 - - [05/Apr/2013:12:53:29 +0200] "GET /fiok/images/index_24.gif HTTP/1.1" 200 227 "http://www.beklen.hu/fiok/" "Mozilla/5.0 (Windows NT 5.1; rv:19.0) Gecko/20100101 Firefox/19.0"
80.99.184.150 - - [05/Apr/2013:12:53:29 +0200] "GET /fiok/images/index_28.gif HTTP/1.1" 200 262 "http://www.beklen.hu/fiok/" "Mozilla/5.0 (Windows NT 5.1; rv:19.0) Gecko/20100101 Firefox/19.0"
80.99.184.150 - - [05/Apr/2013:12:53:31 +0200] "GET /fiok/images/index_02_02.JPG HTTP/1.1" 200 1178 "http://www.beklen.hu/fiok/" "Mozilla/5.0 (Windows NT 5.1; rv:19.0) Gecko/20100101 Firefox/19.0"
80.99.184.150 - - [05/Apr/2013:12:53:31 +0200] "GET /lb/images/loading.gif HTTP/1.1" 200 2767 "http://www.beklen.hu/fiok/" "Mozilla/5.0 (Windows NT 5.1; rv:19.0) Gecko/20100101 Firefox/19.0"
80.99.184.150 - - [05/Apr/2013:12:53:32 +0200] "GET /favicon.ico HTTP/1.1" 404 1181 "-" "Mozilla/5.0 (Windows NT 5.1; rv:19.0) Gecko/20100101 Firefox/19.0"
80.99.184.150 - - [05/Apr/2013:12:53:32 +0200] "GET /lb/images/closelabel.gif HTTP/1.1" 200 222 "http://www.beklen.hu/fiok/" "Mozilla/5.0 (Windows NT 5.1; rv:19.0) Gecko/20100101 Firefox/19.0"
80.99.184.150 - - [05/Apr/2013:12:53:32 +0200] "GET /favicon.ico HTTP/1.1" 404 1181 "-" "Mozilla/5.0 (Windows NT 5.1; rv:19.0) Gecko/20100101 Firefox/19.0"
80.99.184.150 - - [05/Apr/2013:12:53:32 +0200] "GET /fiok/fiok.html HTTP/1.1" 200 20723 "http://www.beklen.hu/fiok/" "Mozilla/5.0 (Windows NT 5.1; rv:19.0) Gecko/20100101 Firefox/19.0"
80.99.184.150 - - [05/Apr/2013:12:53:57 +0200] "GET /fiok/kapcsolat.htm HTTP/1.1" 200 17416 "http://www.beklen.hu/fiok/" "Mozilla/5.0 (Windows NT 5.1; rv:19.0) Gecko/20100101 Firefox/19.0"
80.99.184.150 - - [05/Apr/2013:12:53:57 +0200] "GET /fiok/images/index_25.gif HTTP/1.1" 200 708 "http://www.beklen.hu/fiok/kapcsolat.htm" "Mozilla/5.0 (Windows NT 5.1; rv:19.0) Gecko/20100101 Firefox/19.0"
80.99.184.150 - - [05/Apr/2013:12:54:17 +0200] "GET /fiok/mult.htm HTTP/1.1" 200 23227 "http://www.beklen.hu/fiok/kapcsolat.htm" "Mozilla/5.0 (Windows NT 5.1; rv:19.0) Gecko/20100101 Firefox/19.0"
80.99.184.150 - - [05/Apr/2013:12:54:17 +0200] "GET /fiok/css/js/scriptaculous.js?load=effects HTTP/1.1" 304 - "http://www.beklen.hu/fiok/mult.htm" "Mozilla/5.0 (Windows NT 5.1; rv:19.0) Gecko/20100101 Firefox/19.0"
80.99.184.150 - - [05/Apr/2013:12:54:18 +0200] "GET /fiok/oktatokozpont/01.JPG HTTP/1.1" 200 320996 "http://www.beklen.hu/fiok/mult.htm" "Mozilla/5.0 (Windows NT 5.1; rv:19.0) Gecko/20100101 Firefox/19.0"
80.99.184.150 - - [05/Apr/2013:12:54:18 +0200] "GET /fiok/oktatokozpont/02.JPG HTTP/1.1" 200 284929 "http://www.beklen.hu/fiok/mult.htm" "Mozilla/5.0 (Windows NT 5.1; rv:19.0) Gecko/20100101 Firefox/19.0"
80.99.184.150 - - [05/Apr/2013:12:54:20 +0200] "GET /fiok/oktatokozpont/05.JPG HTTP/1.1" 200 299454 "http://www.beklen.hu/fiok/mult.htm" "Mozilla/5.0 (Windows NT 5.1; rv:19.0) Gecko/20100101 Firefox/19.0"
80.99.184.150 - - [05/Apr/2013:12:54:21 +0200] "GET /fiok/oktatokozpont/04.JPG HTTP/1.1" 200 218557 "http://www.beklen.hu/fiok/mult.htm" "Mozilla/5.0 (Windows NT 5.1; rv:19.0) Gecko/20100101 Firefox/19.0"
80.99.184.150 - - [05/Apr/2013:12:54:21 +0200] "GET /fiok/oktatokozpont/03.JPG HTTP/1.1" 200 292887 "http://www.beklen.hu/fiok/mult.htm" "Mozilla/5.0 (Windows NT 5.1; rv:19.0) Gecko/20100101 Firefox/19.0"
66.249.75.200 - - [05/Apr/2013:12:54:42 +0200] "GET /hirek/1303201/11_.jpg HTTP/1.1" 200 4958 "-" "Googlebot-Image/1.0"
66.249.78.60 - - [05/Apr/2013:14:04:13 +0200] "GET /robots.txt HTTP/1.1" 404 1181 "-" "Mozilla/5.0 (compatible; Googlebot/2.1; +http://www.google.com/bot.html)"
66.249.78.60 - - [05/Apr/2013:14:04:14 +0200] "GET /jog/eseteink/audi/audi_gyor_restoration_measures1-10.pdf HTTP/1.1" 200 4247194 "-" "Mozilla/5.0 (iPhone; U; CPU iPhone OS 4_1 like Mac OS X; en-us) AppleWebKit/532.9 (KHTML, like Gecko) Version/4.0.5 Mobile/8B117 Safari/6531.22.7 (compatible; Googlebot-Mobile/2.1; +http://www.google.com/bot.html)"
66.249.78.60 - - [05/Apr/2013:14:09:16 +0200] "GET /jog/jogszabalyok/vki_en_hu_hivatalos_20040901.pdf HTTP/1.1" 200 1062287 "-" "Mozilla/5.0 (iPhone; U; CPU iPhone OS 4_1 like Mac OS X; en-us) AppleWebKit/532.9 (KHTML, like Gecko) Version/4.0.5 Mobile/8B117 Safari/6531.22.7 (compatible; Googlebot-Mobile/2.1; +http://www.google.com/bot.html)"
108.171.253.4 - - [05/Apr/2013:14:09:25 +0200] "GET /fiok/ HTTP/1.0" 200 20554 "http://www.beklen.hu/fiok/" "Mozilla/5.0 (Windows NT 6.1; WOW64) AppleWebKit/536.5 (KHTML, like Gecko) YaBrowser/1.1.1084.5409 Chrome/19.1.1084.5409 Safari/536.5"
66.249.75.200 - - [05/Apr/2013:14:18:01 +0200] "GET /hirek/130313/03_.jpg HTTP/1.1" 200 8359 "-" "Googlebot-Image/1.0"
77.75.77.17 - - [05/Apr/2013:14:23:13 +0200] "GET /robots.txt HTTP/1.1" 404 1181 "-" "SeznamBot/3.0 (+http://fulltext.sblog.cz/)"
77.75.77.17 - - [05/Apr/2013:14:23:13 +0200] "GET / HTTP/1.1" 200 42122 "-" "SeznamBot/3.0 (+http://fulltext.sblog.cz/)"
66.249.75.200 - - [05/Apr/2013:14:55:21 +0200] "GET /jog/eseteink/audi/audi_gyor_restoration_measures15-.pdf HTTP/1.1" 304 - "-" "Mozilla/5.0 (iPhone; U; CPU iPhone OS 4_1 like Mac OS X; en-us) AppleWebKit/532.9 (KHTML, like Gecko) Version/4.0.5 Mobile/8B117 Safari/6531.22.7 (compatible; Googlebot-Mobile/2.1; +http://www.google.com/bot.html)"
66.249.78.60 - - [05/Apr/2013:15:06:18 +0200] "GET /hirek/hirek090510.htm HTTP/1.1" 304 - "-" "Mozilla/5.0 (iPhone; U; CPU iPhone OS 4_1 like Mac OS X; en-us) AppleWebKit/532.9 (KHTML, like Gecko) Version/4.0.5 Mobile/8B117 Safari/6531.22.7 (compatible; Googlebot-Mobile/2.1; +http://www.google.com/bot.html)"
139.18.2.209 - - [05/Apr/2013:15:09:34 +0200] "GET /jog/eseteink.htm HTTP/1.1" 200 17277 "-" "findlinks/2.6 (+http://wortschatz.uni-leipzig.de/findlinks/)"
77.75.77.32 - - [05/Apr/2013:15:11:50 +0200] "GET /robots.txt HTTP/1.1" 404 1181 "-" "SeznamBot/3.0 (+http://fulltext.sblog.cz/)"
77.75.77.32 - - [05/Apr/2013:15:11:52 +0200] "GET / HTTP/1.1" 200 42122 "-" "SeznamBot/3.0 (+http://fulltext.sblog.cz/)"
66.249.78.60 - - [05/Apr/2013:15:16:33 +0200] "GET /hirek/hirek091015.htm HTTP/1.1" 200 7046 "-" "SAMSUNG-SGH-E250/1.0 Profile/MIDP-2.0 Configuration/CLDC-1.1 UP.Browser/6.2.3.3.c.1.101 (GUI) MMP/2.0 (compatible; Googlebot-Mobile/2.1; +http://www.google.com/bot.html)"
84.225.80.229 - - [05/Apr/2013:15:21:44 +0200] "GET /fiok/program_reszek/erdei_iskola.htm HTTP/1.1" 200 21601 "http://www.google.hu/url?sa=t&rct=j&q=&esrc=s&source=web&cd=3&ved=0CD0QFjAC&url=http%3A%2F%2Fwww.beklen.hu%2Ffiok%2Fprogram_reszek%2Ferdei_iskola.htm&ei=4c9eUduoLYbZOYjNgPgC&usg=AFQjCNFLkP_5whHCgiMO6mVWq8rnXx9aKg&sig2=xH7_xu93efgwhID9az9o3Q&bvm=bv.44770516,d.ZWU" "Mozilla/5.0 (Windows NT 5.1; rv:19.0) Gecko/20100101 Firefox/19.0"
84.225.80.229 - - [05/Apr/2013:15:21:44 +0200] "GET /fiok/css/lightbox.css HTTP/1.1" 200 1715 "http://www.beklen.hu/fiok/program_reszek/erdei_iskola.htm" "Mozilla/5.0 (Windows NT 5.1; rv:19.0) Gecko/20100101 Firefox/19.0"
84.225.80.229 - - [05/Apr/2013:15:21:44 +0200] "GET /fiok/css/js/lightbox.js HTTP/1.1" 200 23424 "http://www.beklen.hu/fiok/program_reszek/erdei_iskola.htm" "Mozilla/5.0 (Windows NT 5.1; rv:19.0) Gecko/20100101 Firefox/19.0"
84.225.80.229 - - [05/Apr/2013:15:21:44 +0200] "GET /fiok/css/js/scriptaculous.js?load=effects HTTP/1.1" 200 2152 "http://www.beklen.hu/fiok/program_reszek/erdei_iskola.htm" "Mozilla/5.0 (Windows NT 5.1; rv:19.0) Gecko/20100101 Firefox/19.0"
84.225.80.229 - - [05/Apr/2013:15:21:45 +0200] "GET /fiok/program_reszek/images/index_11.gif HTTP/1.1" 200 74 "http://www.beklen.hu/fiok/program_reszek/erdei_iskola.htm" "Mozilla/5.0 (Windows NT 5.1; rv:19.0) Gecko/20100101 Firefox/19.0"
84.225.80.229 - - [05/Apr/2013:15:21:45 +0200] "GET /fiok/program_reszek/images/index_02_02.JPG HTTP/1.1" 200 1178 "http://www.beklen.hu/fiok/program_reszek/erdei_iskola.htm" "Mozilla/5.0 (Windows NT 5.1; rv:19.0) Gecko/20100101 Firefox/19.0"
84.225.80.229 - - [05/Apr/2013:15:21:45 +0200] "GET /fiok/program_reszek/images/index_12_12.JPG HTTP/1.1" 200 985 "http://www.beklen.hu/fiok/program_reszek/erdei_iskola.htm" "Mozilla/5.0 (Windows NT 5.1; rv:19.0) Gecko/20100101 Firefox/19.0"
84.225.80.229 - - [05/Apr/2013:15:21:45 +0200] "GET /fiok/program_reszek/images/index_13.gif HTTP/1.1" 200 149 "http://www.beklen.hu/fiok/program_reszek/erdei_iskola.htm" "Mozilla/5.0 (Windows NT 5.1; rv:19.0) Gecko/20100101 Firefox/19.0"
84.225.80.229 - - [05/Apr/2013:15:21:45 +0200] "GET /fiok/program_reszek/images/index_14_14.JPG HTTP/1.1" 200 9305 "http://www.beklen.hu/fiok/program_reszek/erdei_iskola.htm" "Mozilla/5.0 (Windows NT 5.1; rv:19.0) Gecko/20100101 Firefox/19.0"
84.225.80.229 - - [05/Apr/2013:15:21:45 +0200] "GET /fiok/program_reszek/images/index_16_16.JPG HTTP/1.1" 200 13468 "http://www.beklen.hu/fiok/program_reszek/erdei_iskola.htm" "Mozilla/5.0 (Windows NT 5.1; rv:19.0) Gecko/20100101 Firefox/19.0"
84.225.80.229 - - [05/Apr/2013:15:21:45 +0200] "GET /fiok/program_reszek/images/index_15_15.JPG HTTP/1.1" 200 20275 "http://www.beklen.hu/fiok/program_reszek/erdei_iskola.htm" "Mozilla/5.0 (Windows NT 5.1; rv:19.0) Gecko/20100101 Firefox/19.0"
84.225.80.229 - - [05/Apr/2013:15:21:45 +0200] "GET /fiok/program_reszek/images/index_17_17.jpg HTTP/1.1" 200 2374 "http://www.beklen.hu/fiok/program_reszek/erdei_iskola.htm" "Mozilla/5.0 (Windows NT 5.1; rv:19.0) Gecko/20100101 Firefox/19.0"
84.225.80.229 - - [05/Apr/2013:15:21:45 +0200] "GET /fiok/program_reszek/images/index_18_18.JPG HTTP/1.1" 200 15778 "http://www.beklen.hu/fiok/program_reszek/erdei_iskola.htm" "Mozilla/5.0 (Windows NT 5.1; rv:19.0) Gecko/20100101 Firefox/19.0"
84.225.80.229 - - [05/Apr/2013:15:21:45 +0200] "GET /fiok/program_reszek/images/index_19_19.JPG HTTP/1.1" 200 3123 "http://www.beklen.hu/fiok/program_reszek/erdei_iskola.htm" "Mozilla/5.0 (Windows NT 5.1; rv:19.0) Gecko/20100101 Firefox/19.0"
84.225.80.229 - - [05/Apr/2013:15:21:45 +0200] "GET /fiok/css/js/prototype.js HTTP/1.1" 200 47603 "http://www.beklen.hu/fiok/program_reszek/erdei_iskola.htm" "Mozilla/5.0 (Windows NT 5.1; rv:19.0) Gecko/20100101 Firefox/19.0"
84.225.80.229 - - [05/Apr/2013:15:21:45 +0200] "GET /fiok/program_reszek/images/index_25.gif HTTP/1.1" 200 708 "http://www.beklen.hu/fiok/program_reszek/erdei_iskola.htm" "Mozilla/5.0 (Windows NT 5.1; rv:19.0) Gecko/20100101 Firefox/19.0"
84.225.80.229 - - [05/Apr/2013:15:21:45 +0200] "GET /fiok/program_reszek/images/index_26.gif HTTP/1.1" 200 121 "http://www.beklen.hu/fiok/program_reszek/erdei_iskola.htm" "Mozilla/5.0 (Windows NT 5.1; rv:19.0) Gecko/20100101 Firefox/19.0"
84.225.80.229 - - [05/Apr/2013:15:21:45 +0200] "GET /fiok/program_reszek/images/index_27_27.jpg HTTP/1.1" 200 12876 "http://www.beklen.hu/fiok/program_reszek/erdei_iskola.htm" "Mozilla/5.0 (Windows NT 5.1; rv:19.0) Gecko/20100101 Firefox/19.0"
84.225.80.229 - - [05/Apr/2013:15:21:45 +0200] "GET /fiok/program_reszek/images/spacer.gif HTTP/1.1" 200 43 "http://www.beklen.hu/fiok/program_reszek/erdei_iskola.htm" "Mozilla/5.0 (Windows NT 5.1; rv:19.0) Gecko/20100101 Firefox/19.0"
84.225.80.229 - - [05/Apr/2013:15:21:45 +0200] "GET /fiok/program_reszek/images/a4a.jpg HTTP/1.1" 200 524 "http://www.beklen.hu/fiok/program_reszek/erdei_iskola.htm" "Mozilla/5.0 (Windows NT 5.1; rv:19.0) Gecko/20100101 Firefox/19.0"
84.225.80.229 - - [05/Apr/2013:15:21:45 +0200] "GET /fiok/program_reszek/images/b4b.jpg HTTP/1.1" 200 524 "http://www.beklen.hu/fiok/program_reszek/erdei_iskola.htm" "Mozilla/5.0 (Windows NT 5.1; rv:19.0) Gecko/20100101 Firefox/19.0"
84.225.80.229 - - [05/Apr/2013:15:21:46 +0200] "GET /fiok/program_reszek/images/d4d.jpg HTTP/1.1" 200 524 "http://www.beklen.hu/fiok/program_reszek/erdei_iskola.htm" "Mozilla/5.0 (Windows NT 5.1; rv:19.0) Gecko/20100101 Firefox/19.0"
84.225.80.229 - - [05/Apr/2013:15:21:46 +0200] "GET /fiok/program_reszek/images/e4e.jpg HTTP/1.1" 200 524 "http://www.beklen.hu/fiok/program_reszek/erdei_iskola.htm" "Mozilla/5.0 (Windows NT 5.1; rv:19.0) Gecko/20100101 Firefox/19.0"
84.225.80.229 - - [05/Apr/2013:15:21:46 +0200] "GET /fiok/css/js/effects.js HTTP/1.1" 200 31969 "http://www.beklen.hu/fiok/program_reszek/erdei_iskola.htm" "Mozilla/5.0 (Windows NT 5.1; rv:19.0) Gecko/20100101 Firefox/19.0"
84.225.80.229 - - [05/Apr/2013:15:21:46 +0200] "GET /fiok/program_reszek/images/c4c.jpg HTTP/1.1" 200 524 "http://www.beklen.hu/fiok/program_reszek/erdei_iskola.htm" "Mozilla/5.0 (Windows NT 5.1; rv:19.0) Gecko/20100101 Firefox/19.0"
84.225.80.229 - - [05/Apr/2013:15:21:46 +0200] "GET /fiok/program_reszek/programok/27.jpg HTTP/1.1" 200 146348 "http://www.beklen.hu/fiok/program_reszek/erdei_iskola.htm" "Mozilla/5.0 (Windows NT 5.1; rv:19.0) Gecko/20100101 Firefox/19.0"
84.225.80.229 - - [05/Apr/2013:15:21:46 +0200] "GET /fiok/program_reszek/programok/28.jpg HTTP/1.1" 200 206789 "http://www.beklen.hu/fiok/program_reszek/erdei_iskola.htm" "Mozilla/5.0 (Windows NT 5.1; rv:19.0) Gecko/20100101 Firefox/19.0"
84.225.80.229 - - [05/Apr/2013:15:21:47 +0200] "GET /fiok/program_reszek/images/b12.jpg HTTP/1.1" 200 544 "http://www.beklen.hu/fiok/program_reszek/erdei_iskola.htm" "Mozilla/5.0 (Windows NT 5.1; rv:19.0) Gecko/20100101 Firefox/19.0"
84.225.80.229 - - [05/Apr/2013:15:21:47 +0200] "GET /fiok/program_reszek/images/index_22.gif HTTP/1.1" 200 227 "http://www.beklen.hu/fiok/program_reszek/erdei_iskola.htm" "Mozilla/5.0 (Windows NT 5.1; rv:19.0) Gecko/20100101 Firefox/19.0"
84.225.80.229 - - [05/Apr/2013:15:21:47 +0200] "GET /fiok/program_reszek/images/index_24.gif HTTP/1.1" 200 227 "http://www.beklen.hu/fiok/program_reszek/erdei_iskola.htm" "Mozilla/5.0 (Windows NT 5.1; rv:19.0) Gecko/20100101 Firefox/19.0"
84.225.80.229 - - [05/Apr/2013:15:21:47 +0200] "GET /fiok/program_reszek/images/index_28.gif HTTP/1.1" 200 262 "http://www.beklen.hu/fiok/program_reszek/erdei_iskola.htm" "Mozilla/5.0 (Windows NT 5.1; rv:19.0) Gecko/20100101 Firefox/19.0"
84.225.80.229 - - [05/Apr/2013:15:21:47 +0200] "GET /favicon.ico HTTP/1.1" 404 1181 "-" "Mozilla/5.0 (Windows NT 5.1; rv:19.0) Gecko/20100101 Firefox/19.0"
84.225.80.229 - - [05/Apr/2013:15:21:47 +0200] "GET /lb/images/loading.gif HTTP/1.1" 200 2767 "http://www.beklen.hu/fiok/program_reszek/erdei_iskola.htm" "Mozilla/5.0 (Windows NT 5.1; rv:19.0) Gecko/20100101 Firefox/19.0"
84.225.80.229 - - [05/Apr/2013:15:21:47 +0200] "GET /lb/images/closelabel.gif HTTP/1.1" 200 222 "http://www.beklen.hu/fiok/program_reszek/erdei_iskola.htm" "Mozilla/5.0 (Windows NT 5.1; rv:19.0) Gecko/20100101 Firefox/19.0"
84.225.80.229 - - [05/Apr/2013:15:21:47 +0200] "GET /favicon.ico HTTP/1.1" 404 1181 "-" "Mozilla/5.0 (Windows NT 5.1; rv:19.0) Gecko/20100101 Firefox/19.0"
66.249.78.60 - - [05/Apr/2013:15:40:44 +0200] "GET /jog/jogszabalyok/termeszetvedelmi_torveny.pdf HTTP/1.1" 304 - "-" "Mozilla/5.0 (compatible; Googlebot/2.1; +http://www.google.com/bot.html)"
89.135.29.221 - - [05/Apr/2013:15:46:51 +0200] "GET /jog/eseteink/derekegyhaza/mszh_elsofok_ugyfel_elutasitas_1.jpg HTTP/1.1" 200 1086764 "http://www.google.hu/blank.html" "Mozilla/5.0 (Windows NT 6.1; WOW64; rv:19.0) Gecko/20100101 Firefox/19.0"
66.249.78.60 - - [05/Apr/2013:16:28:56 +0200] "GET /ncta_a.htm HTTP/1.1" 200 7260 "-" "Mozilla/5.0 (iPhone; U; CPU iPhone OS 4_1 like Mac OS X; en-us) AppleWebKit/532.9 (KHTML, like Gecko) Version/4.0.5 Mobile/8B117 Safari/6531.22.7 (compatible; Googlebot-Mobile/2.1; +http://www.google.com/bot.html)"
66.249.75.200 - - [05/Apr/2013:16:55:00 +0200] "GET /jog/eseteink/derekegyhaza/index.htm HTTP/1.1" 304 - "-" "Mozilla/5.0 (iPhone; U; CPU iPhone OS 4_1 like Mac OS X; en-us) AppleWebKit/532.9 (KHTML, like Gecko) Version/4.0.5 Mobile/8B117 Safari/6531.22.7 (compatible; Googlebot-Mobile/2.1; +http://www.google.com/bot.html)"
66.249.78.60 - - [05/Apr/2013:16:58:16 +0200] "GET /jog/eseteink/poroszlo/keresetlevel_javitott_poroszlo.pdf HTTP/1.1" 304 - "-" "Mozilla/5.0 (compatible; Googlebot/2.1; +http://www.google.com/bot.html)"
66.249.75.200 - - [05/Apr/2013:17:03:03 +0200] "GET /hirek/1303072.htm HTTP/1.1" 200 9111 "-" "DoCoMo/2.0 N905i(c100;TB;W24H16) (compatible; Googlebot-Mobile/2.1; +http://www.google.com/bot.html)"
37.140.165.214 - - [05/Apr/2013:17:07:44 +0200] "GET /robots.txt HTTP/1.1" 404 1181 "-" "Mozilla/5.0 (compatible; YandexImages/3.0; +http://yandex.com/bots)"
77.88.42.27 - - [05/Apr/2013:17:56:40 +0200] "GET /robots.txt HTTP/1.1" 404 1181 "-" "Mozilla/5.0 (compatible; YandexBot/3.0; +http://yandex.com/bots)"
77.88.42.27 - - [05/Apr/2013:18:02:16 +0200] "GET /fiok/kornyezet.htm HTTP/1.1" 200 22582 "-" "Mozilla/5.0 (compatible; YandexBot/3.0; +http://yandex.com/bots)"
208.115.111.68 - - [05/Apr/2013:18:17:10 +0200] "GET /robots.txt HTTP/1.1" 404 1181 "-" "Mozilla/5.0 (compatible; Ezooms/1.0; ezooms.bot@gmail.com)"
66.249.78.60 - - [05/Apr/2013:19:00:24 +0200] "GET /nca10.htm HTTP/1.1" 200 16648 "-" "Mozilla/5.0 (iPhone; U; CPU iPhone OS 4_1 like Mac OS X; en-us) AppleWebKit/532.9 (KHTML, like Gecko) Version/4.0.5 Mobile/8B117 Safari/6531.22.7 (compatible; Googlebot-Mobile/2.1; +http://www.google.com/bot.html)"
66.249.78.60 - - [05/Apr/2013:19:16:38 +0200] "GET /jog/eljarasokrol.htm HTTP/1.1" 304 - "-" "Mozilla/5.0 (iPhone; U; CPU iPhone OS 4_1 like Mac OS X; en-us) AppleWebKit/532.9 (KHTML, like Gecko) Version/4.0.5 Mobile/8B117 Safari/6531.22.7 (compatible; Googlebot-Mobile/2.1; +http://www.google.com/bot.html)"
199.187.122.91 - - [05/Apr/2013:19:23:03 +0200] "GET /robots.txt HTTP/1.1" 404 1181 "-" "Mozilla/4.0 (compatible; MSIE 6.0; Windows NT 5.1; SV1; .NET CLR 2.0.50727)"
199.187.122.91 - - [05/Apr/2013:19:23:03 +0200] "GET /jog/adathozzaferes.htm HTTP/1.1" 200 13800 "-" "Mozilla/4.0 (compatible; MSIE 6.0; Windows NT 5.1; SV1; .NET CLR 2.0.50727)"
199.187.122.91 - - [05/Apr/2013:19:23:04 +0200] "GET /jog/rendorsegifeljelentes.htm HTTP/1.1" 200 13536 "-" "Mozilla/4.0 (compatible; MSIE 6.0; Windows NT 5.1; SV1; .NET CLR 2.0.50727)"
199.187.122.91 - - [05/Apr/2013:19:23:15 +0200] "GET /robots.txt HTTP/1.1" 404 1181 "-" "Mozilla/4.0 (compatible; MSIE 6.0; Windows NT 5.1; SV1; .NET CLR 2.0.50727)"
