173.192.235.226 - - [24/Apr/2013:18:36:04 +0200] "GET /hirek/hirek090619.htm HTTP/1.1" 200 7871 "-" "Mozilla/5.0 (compatible; SiteExplorer/1.0b; +http://siteexplorer.info/)"
173.192.235.226 - - [24/Apr/2013:18:36:09 +0200] "GET /hirek/hirek090605.htm HTTP/1.1" 200 7994 "-" "Mozilla/5.0 (compatible; SiteExplorer/1.0b; +http://siteexplorer.info/)"
173.192.235.226 - - [24/Apr/2013:18:36:14 +0200] "GET /hirek/hirek090602.htm HTTP/1.1" 200 7261 "-" "Mozilla/5.0 (compatible; SiteExplorer/1.0b; +http://siteexplorer.info/)"
173.192.235.226 - - [24/Apr/2013:18:36:19 +0200] "GET /hirek/hirek090510.htm HTTP/1.1" 200 12743 "-" "Mozilla/5.0 (compatible; SiteExplorer/1.0b; +http://siteexplorer.info/)"
173.192.235.226 - - [24/Apr/2013:18:36:24 +0200] "GET /hirek/hirek090509.htm HTTP/1.1" 200 7803 "-" "Mozilla/5.0 (compatible; SiteExplorer/1.0b; +http://siteexplorer.info/)"
173.192.235.226 - - [24/Apr/2013:18:36:29 +0200] "GET /hirek/hirek090428.htm HTTP/1.1" 200 24808 "-" "Mozilla/5.0 (compatible; SiteExplorer/1.0b; +http://siteexplorer.info/)"
173.192.235.226 - - [24/Apr/2013:18:36:34 +0200] "GET /hirek/hirek090303.htm HTTP/1.1" 200 7721 "-" "Mozilla/5.0 (compatible; SiteExplorer/1.0b; +http://siteexplorer.info/)"
173.192.235.226 - - [24/Apr/2013:18:36:39 +0200] "GET /hirek/hirek090302.htm HTTP/1.1" 200 8452 "-" "Mozilla/5.0 (compatible; SiteExplorer/1.0b; +http://siteexplorer.info/)"
173.192.235.226 - - [24/Apr/2013:18:36:44 +0200] "GET /hirek/hirek090301.htm HTTP/1.1" 200 7022 "-" "Mozilla/5.0 (compatible; SiteExplorer/1.0b; +http://siteexplorer.info/)"
173.192.235.226 - - [24/Apr/2013:18:36:49 +0200] "GET /hirek/hirek090215.htm HTTP/1.1" 200 9398 "-" "Mozilla/5.0 (compatible; SiteExplorer/1.0b; +http://siteexplorer.info/)"
173.192.235.226 - - [24/Apr/2013:18:36:54 +0200] "GET /hirek/hirek08_12.htm HTTP/1.1" 200 8352 "-" "Mozilla/5.0 (compatible; SiteExplorer/1.0b; +http://siteexplorer.info/)"
173.192.235.226 - - [24/Apr/2013:18:36:59 +0200] "GET /hirek/hirek08_11.htm HTTP/1.1" 200 7337 "-" "Mozilla/5.0 (compatible; SiteExplorer/1.0b; +http://siteexplorer.info/)"
173.192.235.226 - - [24/Apr/2013:18:37:10 +0200] "GET /fiok/programok.htm HTTP/1.1" 200 18165 "-" "Mozilla/5.0 (compatible; SiteExplorer/1.0b; +http://siteexplorer.info/)"
173.192.235.226 - - [24/Apr/2013:18:37:15 +0200] "GET /english/index.htm HTTP/1.1" 200 5262 "-" "Mozilla/5.0 (compatible; SiteExplorer/1.0b; +http://siteexplorer.info/)"
173.192.235.226 - - [24/Apr/2013:18:37:20 +0200] "GET /deutsch/index.htm HTTP/1.1" 200 5324 "-" "Mozilla/5.0 (compatible; SiteExplorer/1.0b; +http://siteexplorer.info/)"
173.192.235.226 - - [24/Apr/2013:18:37:25 +0200] "GET /hirek/klimatv_civilcikk.doc HTTP/1.1" 200 78336 "-" "Mozilla/5.0 (compatible; SiteExplorer/1.0b; +http://siteexplorer.info/)"
173.192.235.226 - - [24/Apr/2013:18:37:30 +0200] "GET /hirek/hirek120207.htm HTTP/1.1" 200 6586 "-" "Mozilla/5.0 (compatible; SiteExplorer/1.0b; +http://siteexplorer.info/)"
66.249.78.11 - - [24/Apr/2013:19:00:50 +0200] "GET /jog/eseteink/derekegyhaza/index.htm HTTP/1.1" 200 34210 "-" "Mozilla/5.0 (compatible; Googlebot/2.1; +http://www.google.com/bot.html)"
66.249.78.60 - - [24/Apr/2013:19:08:34 +0200] "GET /nca09.htm HTTP/1.1" 304 - "-" "Mozilla/5.0 (iPhone; U; CPU iPhone OS 4_1 like Mac OS X; en-us) AppleWebKit/532.9 (KHTML, like Gecko) Version/4.0.5 Mobile/8B117 Safari/6531.22.7 (compatible; Googlebot-Mobile/2.1; +http://www.google.com/bot.html)"
66.249.78.11 - - [24/Apr/2013:19:09:32 +0200] "GET /jog/eseteink/derekegyhaza/masodfoknak.pdf HTTP/1.1" 200 228651 "-" "Mozilla/5.0 (compatible; Googlebot/2.1; +http://www.google.com/bot.html)"
66.249.78.60 - - [24/Apr/2013:19:15:45 +0200] "GET /jog/eseteink/dakar/dakar_0804_kdvktvf_engedely.pdf HTTP/1.1" 304 - "-" "Mozilla/5.0 (iPhone; U; CPU iPhone OS 4_1 like Mac OS X; en-us) AppleWebKit/532.9 (KHTML, like Gecko) Version/4.0.5 Mobile/8B117 Safari/6531.22.7 (compatible; Googlebot-Mobile/2.1; +http://www.google.com/bot.html)"
66.249.78.11 - - [24/Apr/2013:19:26:27 +0200] "GET /jog/eseteink/derekegyhaza/kotvife_kekto_3.pdf HTTP/1.1" 200 136539 "-" "Mozilla/5.0 (compatible; Googlebot/2.1; +http://www.google.com/bot.html)"
77.75.77.36 - - [24/Apr/2013:19:32:14 +0200] "GET /robots.txt HTTP/1.1" 404 1181 "-" "SeznamBot/3.0 (+http://fulltext.sblog.cz/)"
77.75.77.36 - - [24/Apr/2013:19:32:14 +0200] "GET / HTTP/1.1" 200 43954 "-" "SeznamBot/3.0 (+http://fulltext.sblog.cz/)"
66.249.78.11 - - [24/Apr/2013:20:06:37 +0200] "GET /jog/eseteink/derekegyhaza/kotevife_ugyfel_uj.pdf HTTP/1.1" 200 110734 "-" "Mozilla/5.0 (compatible; Googlebot/2.1; +http://www.google.com/bot.html)"
66.249.78.60 - - [24/Apr/2013:20:25:34 +0200] "GET /media.htm HTTP/1.1" 304 - "-" "Mozilla/5.0 (iPhone; U; CPU iPhone OS 4_1 like Mac OS X; en-us) AppleWebKit/532.9 (KHTML, like Gecko) Version/4.0.5 Mobile/8B117 Safari/6531.22.7 (compatible; Googlebot-Mobile/2.1; +http://www.google.com/bot.html)"
66.249.78.11 - - [24/Apr/2013:20:27:50 +0200] "GET /jog/eseteink/derekegyhaza/vizjogi_ltesitmeny2.pdf HTTP/1.1" 200 89386 "-" "Mozilla/5.0 (compatible; Googlebot/2.1; +http://www.google.com/bot.html)"
66.249.78.11 - - [24/Apr/2013:20:33:52 +0200] "GET /jog/jogszabalyok/regp2001lxxxitvaarhus.pdf HTTP/1.1" 304 - "-" "Mozilla/5.0 (compatible; Googlebot/2.1; +http://www.google.com/bot.html)"
66.249.78.11 - - [24/Apr/2013:20:42:35 +0200] "GET /jog/eseteink/derekegyhaza/vizjogi_derekegyhaza.pdf HTTP/1.1" 200 123514 "-" "Mozilla/5.0 (compatible; Googlebot/2.1; +http://www.google.com/bot.html)"
66.249.78.11 - - [24/Apr/2013:20:51:05 +0200] "GET /jog/eseteink/derekegyhaza/mszh_kozpontnak_ugyfel_uj.pdf HTTP/1.1" 200 109998 "-" "Mozilla/5.0 (compatible; Googlebot/2.1; +http://www.google.com/bot.html)"
95.211.139.1 - - [24/Apr/2013:20:57:43 +0200] "GET /robots.txt HTTP/1.0" 404 1181 "-" "Mozilla/5.0 (compatible; AcoonBot/4.11.1; +http://www.acoon.de/robot.asp)"
95.211.139.1 - - [24/Apr/2013:20:57:44 +0200] "GET /hirek/130313.htm HTTP/1.0" 200 7785 "-" "Mozilla/5.0 (compatible; AcoonBot/4.11.1; +http://www.acoon.de/robot.asp)"
66.249.78.121 - - [24/Apr/2013:21:03:46 +0200] "GET /jog/eseteink/derekegyhaza/tajekoztatas_keres_mszh_kozp.pdf HTTP/1.1" 200 119925 "-" "Mozilla/5.0 (compatible; Googlebot/2.1; +http://www.google.com/bot.html)"
66.249.78.11 - - [24/Apr/2013:21:16:48 +0200] "GET /jog/eseteink/derekegyhaza/tajekoztatas_keres_mszh_kozp2.pdf HTTP/1.1" 200 163496 "-" "Mozilla/5.0 (compatible; Googlebot/2.1; +http://www.google.com/bot.html)"
66.249.78.60 - - [24/Apr/2013:21:39:14 +0200] "GET /nca09.htm HTTP/1.1" 304 - "-" "Mozilla/5.0 (iPhone; U; CPU iPhone OS 4_1 like Mac OS X; en-us) AppleWebKit/532.9 (KHTML, like Gecko) Version/4.0.5 Mobile/8B117 Safari/6531.22.7 (compatible; Googlebot-Mobile/2.1; +http://www.google.com/bot.html)"
66.249.78.60 - - [24/Apr/2013:21:54:15 +0200] "GET /jog/eseteink/poroszlo/poroszlo-epitkezes_hitvk.pdf HTTP/1.1" 200 192233 "-" "Mozilla/5.0 (iPhone; U; CPU iPhone OS 4_1 like Mac OS X; en-us) AppleWebKit/532.9 (KHTML, like Gecko) Version/4.0.5 Mobile/8B117 Safari/6531.22.7 (compatible; Googlebot-Mobile/2.1; +http://www.google.com/bot.html)"
66.249.78.11 - - [24/Apr/2013:22:00:24 +0200] "GET /jog/eseteink/derekegyhaza/erdofelugyeloseg_letesitmeny2.pdf HTTP/1.1" 200 89367 "-" "Mozilla/5.0 (compatible; Googlebot/2.1; +http://www.google.com/bot.html)"
66.249.75.101 - - [24/Apr/2013:22:16:44 +0200] "GET /jog/pub/rally_kiadvany_mtvsz.pdf HTTP/1.1" 304 - "-" "Mozilla/5.0 (compatible; Googlebot/2.1; +http://www.google.com/bot.html)"
66.249.78.11 - - [24/Apr/2013:22:19:20 +0200] "GET /jog/eseteink/derekegyhaza/csongrad_biro_beavatkozas_hianya.doc.pdf HTTP/1.1" 200 139409 "-" "Mozilla/5.0 (compatible; Googlebot/2.1; +http://www.google.com/bot.html)"
66.249.78.60 - - [24/Apr/2013:22:19:54 +0200] "GET /programok.htm HTTP/1.1" 304 - "-" "Mozilla/5.0 (iPhone; U; CPU iPhone OS 4_1 like Mac OS X; en-us) AppleWebKit/532.9 (KHTML, like Gecko) Version/4.0.5 Mobile/8B117 Safari/6531.22.7 (compatible; Googlebot-Mobile/2.1; +http://www.google.com/bot.html)"
66.249.78.11 - - [24/Apr/2013:22:36:45 +0200] "GET /jog/eseteink/derekegyhaza/kereset_level_derekegyhaza_mszh_vegleges.pdf HTTP/1.1" 200 247768 "-" "Mozilla/5.0 (compatible; Googlebot/2.1; +http://www.google.com/bot.html)"
66.249.78.60 - - [24/Apr/2013:22:54:52 +0200] "GET /hirek/hirek090428.htm HTTP/1.1" 200 24808 "-" "SAMSUNG-SGH-E250/1.0 Profile/MIDP-2.0 Configuration/CLDC-1.1 UP.Browser/6.2.3.3.c.1.101 (GUI) MMP/2.0 (compatible; Googlebot-Mobile/2.1; +http://www.google.com/bot.html)"
176.9.97.10 - - [24/Apr/2013:22:57:54 +0200] "GET / HTTP/1.1" 200 43954 "-" "ExB Language Crawler 2.1.5 (+http://www.exb.de/crawler)"
66.249.75.200 - - [24/Apr/2013:23:08:52 +0200] "GET /hirek/hirek090215.htm HTTP/1.1" 200 9398 "-" "DoCoMo/2.0 N905i(c100;TB;W24H16) (compatible; Googlebot-Mobile/2.1; +http://www.google.com/bot.html)"
95.211.139.1 - - [24/Apr/2013:23:20:18 +0200] "GET /robots.txt HTTP/1.0" 404 1181 "-" "Mozilla/5.0 (compatible; AcoonBot/4.11.1; +http://www.acoon.de/robot.asp)"
95.211.139.1 - - [24/Apr/2013:23:20:18 +0200] "GET /hirarchivum.htm HTTP/1.0" 200 24981 "-" "Mozilla/5.0 (compatible; AcoonBot/4.11.1; +http://www.acoon.de/robot.asp)"
139.18.2.209 - - [24/Apr/2013:23:55:59 +0200] "GET /robots.txt HTTP/1.1" 404 1181 "-" "findlinks/2.6 (+http://wortschatz.uni-leipzig.de/findlinks/)"
66.249.78.11 - - [25/Apr/2013:00:06:18 +0200] "GET /jog/eseteink/korosladany/index.htm HTTP/1.1" 200 30713 "-" "Mozilla/5.0 (compatible; Googlebot/2.1; +http://www.google.com/bot.html)"
66.249.78.60 - - [25/Apr/2013:00:11:03 +0200] "GET /jog/jogsegely.htm HTTP/1.1" 304 - "-" "Mozilla/5.0 (iPhone; U; CPU iPhone OS 4_1 like Mac OS X; en-us) AppleWebKit/532.9 (KHTML, like Gecko) Version/4.0.5 Mobile/8B117 Safari/6531.22.7 (compatible; Googlebot-Mobile/2.1; +http://www.google.com/bot.html)"
66.249.78.11 - - [25/Apr/2013:00:15:56 +0200] "GET /jog/eseteink/korosladany/nimfea%20vm%20vegzes_001.pdf HTTP/1.1" 200 2141078 "-" "Mozilla/5.0 (compatible; Googlebot/2.1; +http://www.google.com/bot.html)"
66.249.78.11 - - [25/Apr/2013:00:15:59 +0200] "GET /jog/eseteink/korosladany/kepek/img_5363.jpg HTTP/1.1" 200 156339 "-" "Googlebot-Image/1.0"
66.249.78.11 - - [25/Apr/2013:00:16:00 +0200] "GET /jog/eseteink/korosladany/kepek/img_2.jpg HTTP/1.1" 200 57845 "-" "Googlebot-Image/1.0"
66.249.78.11 - - [25/Apr/2013:00:16:32 +0200] "GET /jog/eseteink/korosladany/kepek/img_5.jpg HTTP/1.1" 200 61127 "-" "Googlebot-Image/1.0"
66.249.78.11 - - [25/Apr/2013:00:17:06 +0200] "GET /jog/eseteink/korosladany/kepek/img_1.jpg HTTP/1.1" 200 67131 "-" "Googlebot-Image/1.0"
66.249.78.11 - - [25/Apr/2013:00:17:41 +0200] "GET /jog/eseteink/korosladany/kepek/img_4.jpg HTTP/1.1" 200 100540 "-" "Googlebot-Image/1.0"
66.249.78.11 - - [25/Apr/2013:00:18:15 +0200] "GET /jog/eseteink/korosladany/kepek/img_3b.jpg HTTP/1.1" 200 34501 "-" "Googlebot-Image/1.0"
66.249.78.11 - - [25/Apr/2013:00:18:50 +0200] "GET /jog/eseteink/korosladany/kepek/img_3a.jpg HTTP/1.1" 200 62790 "-" "Googlebot-Image/1.0"
66.249.78.11 - - [25/Apr/2013:00:19:25 +0200] "GET /jog/eseteink/korosladany/kepek/img_5356.jpg HTTP/1.1" 200 81920 "-" "Googlebot-Image/1.0"
66.249.78.11 - - [25/Apr/2013:00:20:07 +0200] "GET /jog/eseteink/korosladany/kepek/img_5365.jpg HTTP/1.1" 200 112371 "-" "Googlebot-Image/1.0"
66.249.78.60 - - [25/Apr/2013:00:36:03 +0200] "GET /english/contact.htm HTTP/1.1" 200 4601 "-" "Mozilla/5.0 (iPhone; U; CPU iPhone OS 4_1 like Mac OS X; en-us) AppleWebKit/532.9 (KHTML, like Gecko) Version/4.0.5 Mobile/8B117 Safari/6531.22.7 (compatible; Googlebot-Mobile/2.1; +http://www.google.com/bot.html)"
66.249.75.101 - - [25/Apr/2013:01:38:37 +0200] "GET /fiok/program_reszek/csaladbarat.htm HTTP/1.1" 200 20928 "-" "SAMSUNG-SGH-E250/1.0 Profile/MIDP-2.0 Configuration/CLDC-1.1 UP.Browser/6.2.3.3.c.1.101 (GUI) MMP/2.0 (compatible; Googlebot-Mobile/2.1; +http://www.google.com/bot.html)"
95.211.139.1 - - [25/Apr/2013:01:45:24 +0200] "GET /hirek/hirek091221.htm HTTP/1.0" 200 6740 "-" "Mozilla/5.0 (compatible; AcoonBot/4.11.1; +http://www.acoon.de/robot.asp)"
66.249.78.60 - - [25/Apr/2013:02:12:40 +0200] "GET /robots.txt HTTP/1.1" 404 1181 "-" "Mozilla/5.0 (compatible; Googlebot/2.1; +http://www.google.com/bot.html)"
66.249.78.60 - - [25/Apr/2013:02:12:40 +0200] "GET /fiok/mult.htm HTTP/1.1" 304 - "-" "Mozilla/5.0 (iPhone; U; CPU iPhone OS 4_1 like Mac OS X; en-us) AppleWebKit/532.9 (KHTML, like Gecko) Version/4.0.5 Mobile/8B117 Safari/6531.22.7 (compatible; Googlebot-Mobile/2.1; +http://www.google.com/bot.html)"
199.30.16.1 - - [25/Apr/2013:02:49:06 +0200] "GET /robots.txt HTTP/1.1" 404 1181 "-" "msnbot-media/1.1 (+http://search.msn.com/msnbot.htm)"
199.30.16.1 - - [25/Apr/2013:02:49:08 +0200] "GET /jog/eseteink/duzzaszto/koros.jpg HTTP/1.1" 200 201463 "-" "msnbot-media/1.1 (+http://search.msn.com/msnbot.htm)"
65.55.52.117 - - [25/Apr/2013:03:34:02 +0200] "GET /robots.txt HTTP/1.1" 404 1181 "-" "Mozilla/5.0 (compatible; bingbot/2.0; +http://www.bing.com/bingbot.htm)"
65.55.52.117 - - [25/Apr/2013:03:35:43 +0200] "GET /kapcsolat.htm HTTP/1.1" 200 6875 "-" "Mozilla/5.0 (compatible; bingbot/2.0; +http://www.bing.com/bingbot.htm)"
65.55.24.243 - - [25/Apr/2013:03:53:54 +0200] "GET /robots.txt HTTP/1.1" 404 1181 "-" "Mozilla/5.0 (compatible; bingbot/2.0; +http://www.bing.com/bingbot.htm)"
157.55.32.83 - - [25/Apr/2013:03:56:11 +0200] "GET /hirek/ HTTP/1.1" 403 1172 "-" "Mozilla/5.0 (compatible; bingbot/2.0; +http://www.bing.com/bingbot.htm)"
65.55.24.243 - - [25/Apr/2013:03:56:44 +0200] "GET /jog/eseteink/dakar/ HTTP/1.1" 200 10482 "-" "Mozilla/5.0 (compatible; bingbot/2.0; +http://www.bing.com/bingbot.htm)"
65.55.24.243 - - [25/Apr/2013:03:56:48 +0200] "GET /jog/jogszabalyok/ HTTP/1.1" 403 1172 "-" "Mozilla/5.0 (compatible; bingbot/2.0; +http://www.bing.com/bingbot.htm)"
95.211.139.1 - - [25/Apr/2013:04:37:41 +0200] "GET /hirek/hirek100305.htm HTTP/1.0" 200 7091 "-" "Mozilla/5.0 (compatible; AcoonBot/4.11.1; +http://www.acoon.de/robot.asp)"
66.249.78.60 - - [25/Apr/2013:07:19:42 +0200] "GET /robots.txt HTTP/1.1" 404 1181 "-" "Mozilla/5.0 (compatible; Googlebot/2.1; +http://www.google.com/bot.html)"
66.249.75.200 - - [25/Apr/2013:07:19:42 +0200] "GET /hirek/hirek091103.htm HTTP/1.1" 200 7301 "-" "DoCoMo/2.0 N905i(c100;TB;W24H16) (compatible; Googlebot-Mobile/2.1; +http://www.google.com/bot.html)"
85.10.211.235 - - [25/Apr/2013:07:57:56 +0200] "GET /robots.txt HTTP/1.0" 404 1181 "-" "Mozilla/5.0 (compatible; MJ12bot/v1.4.3; http://www.majestic12.co.uk/bot.php?+)"
85.10.211.235 - - [25/Apr/2013:07:57:57 +0200] "GET / HTTP/1.0" 200 43954 "-" "Mozilla/5.0 (compatible; MJ12bot/v1.4.3; http://www.majestic12.co.uk/bot.php?+)"
157.55.35.35 - - [25/Apr/2013:07:58:55 +0200] "GET /robots.txt HTTP/1.1" 404 1181 "-" "Mozilla/5.0 (compatible; bingbot/2.0; +http://www.bing.com/bingbot.htm)"
77.111.177.150 - - [25/Apr/2013:07:59:01 +0200] "GET /hirek/1303201_clip_image001.jpg HTTP/1.1" 200 16674 "http://www.google.hu/blank.html" "Mozilla/5.0 (compatible; MSIE 9.0; Windows NT 6.1; Trident/5.0)"
157.55.35.35 - - [25/Apr/2013:08:00:32 +0200] "GET /index.htm HTTP/1.1" 200 43954 "-" "Mozilla/5.0 (compatible; bingbot/2.0; +http://www.bing.com/bingbot.htm)"
199.30.16.54 - - [25/Apr/2013:08:51:20 +0200] "GET /robots.txt HTTP/1.1" 404 1181 "-" "msnbot-media/1.1 (+http://search.msn.com/msnbot.htm)"
199.30.16.54 - - [25/Apr/2013:08:51:21 +0200] "GET /fiok/images/index_12_12.JPG HTTP/1.1" 200 985 "-" "msnbot-media/1.1 (+http://search.msn.com/msnbot.htm)"
95.211.139.1 - - [25/Apr/2013:09:40:22 +0200] "GET /hirek/hirek101025.htm HTTP/1.0" 200 8786 "-" "Mozilla/5.0 (compatible; AcoonBot/4.11.1; +http://www.acoon.de/robot.asp)"
95.211.139.1 - - [25/Apr/2013:10:25:15 +0200] "GET /hirek/1303201.htm HTTP/1.0" 200 17308 "-" "Mozilla/5.0 (compatible; AcoonBot/4.11.1; +http://www.acoon.de/robot.asp)"
91.137.131.45 - - [25/Apr/2013:11:55:50 +0200] "GET /vill.cs HTTP/1.1" 200 3139 "http://www.beklen.hu/" "Mozilla/5.0 (Windows NT 6.1; WOW64; rv:20.0) Gecko/20100101 Firefox/20.0"
91.137.131.45 - - [25/Apr/2013:11:55:50 +0200] "GET /lb/js/scriptaculous.js?load=effects HTTP/1.1" 200 2152 "http://www.beklen.hu/" "Mozilla/5.0 (Windows NT 6.1; WOW64; rv:20.0) Gecko/20100101 Firefox/20.0"
91.137.131.45 - - [25/Apr/2013:11:55:50 +0200] "GET /lb/js/lightbox.js HTTP/1.1" 200 23424 "http://www.beklen.hu/" "Mozilla/5.0 (Windows NT 6.1; WOW64; rv:20.0) Gecko/20100101 Firefox/20.0"
91.137.131.45 - - [25/Apr/2013:11:55:50 +0200] "GET /lb/css/lightbox.css HTTP/1.1" 200 1715 "http://www.beklen.hu/" "Mozilla/5.0 (Windows NT 6.1; WOW64; rv:20.0) Gecko/20100101 Firefox/20.0"
91.137.131.45 - - [25/Apr/2013:11:55:58 +0200] "GET / HTTP/1.1" 200 43954 "http://www.google.hu/url?sa=t&rct=j&q=&esrc=s&source=web&cd=1&ved=0CDQQFjAA&url=http%3A%2F%2Fwww.beklen.hu%2F&ei=Kv14Uf2hOuG04ASUkYDgAg&usg=AFQjCNEP-2laihep9vegTwNlHcl4us-iaw&sig2=7MMdoZ7SIValQqWRP63plg&bvm=bv.45645796,d.bGE" "Mozilla/5.0 (Windows NT 6.1; WOW64; rv:20.0) Gecko/20100101 Firefox/20.0"
91.137.131.45 - - [25/Apr/2013:11:56:02 +0200] "GET /lb/js/prototype.js HTTP/1.1" 200 47603 "http://www.beklen.hu/" "Mozilla/5.0 (Windows NT 6.1; WOW64; rv:20.0) Gecko/20100101 Firefox/20.0"
180.76.5.193 - - [25/Apr/2013:11:59:42 +0200] "GET /robots.txt HTTP/1.1" 404 1181 "-" "Mozilla/5.0 (Windows NT 5.1; rv:6.0.2) Gecko/20100101 Firefox/6.0.2"
78.92.58.33 - - [25/Apr/2013:12:01:33 +0200] "GET /jog/eseteink/derekegyhaza/index.htm HTTP/1.1" 200 34210 "http://www.plusnetwork.com/?auto=&q=derekegyh%C3%A1zi+vadaskert" "Mozilla/5.0 (Windows NT 6.1; WOW64; rv:20.0) Gecko/20100101 Firefox/20.0"
78.92.58.33 - - [25/Apr/2013:12:01:33 +0200] "GET /jog/style.css HTTP/1.1" 200 21413 "http://www.beklen.hu/jog/eseteink/derekegyhaza/index.htm" "Mozilla/5.0 (Windows NT 6.1; WOW64; rv:20.0) Gecko/20100101 Firefox/20.0"
78.92.58.33 - - [25/Apr/2013:12:01:33 +0200] "GET /jog/script.js HTTP/1.1" 200 5674 "http://www.beklen.hu/jog/eseteink/derekegyhaza/index.htm" "Mozilla/5.0 (Windows NT 6.1; WOW64; rv:20.0) Gecko/20100101 Firefox/20.0"
78.92.58.33 - - [25/Apr/2013:12:01:33 +0200] "GET /jog/lb/js/scriptaculous.js?load=effects HTTP/1.1" 200 2152 "http://www.beklen.hu/jog/eseteink/derekegyhaza/index.htm" "Mozilla/5.0 (Windows NT 6.1; WOW64; rv:20.0) Gecko/20100101 Firefox/20.0"
78.92.58.33 - - [25/Apr/2013:12:01:33 +0200] "GET /jog/lb/js/lightbox.js HTTP/1.1" 200 23431 "http://www.beklen.hu/jog/eseteink/derekegyhaza/index.htm" "Mozilla/5.0 (Windows NT 6.1; WOW64; rv:20.0) Gecko/20100101 Firefox/20.0"
78.92.58.33 - - [25/Apr/2013:12:01:33 +0200] "GET /jog/lb/css/lightbox.css HTTP/1.1" 200 1715 "http://www.beklen.hu/jog/eseteink/derekegyhaza/index.htm" "Mozilla/5.0 (Windows NT 6.1; WOW64; rv:20.0) Gecko/20100101 Firefox/20.0"
78.92.58.33 - - [25/Apr/2013:12:01:33 +0200] "GET /jog/favicon.ico HTTP/1.1" 200 1150 "-" "Mozilla/5.0 (Windows NT 6.1; WOW64; rv:20.0) Gecko/20100101 Firefox/20.0"
78.92.58.33 - - [25/Apr/2013:12:01:34 +0200] "GET /jog/jquery.js HTTP/1.1" 200 72174 "http://www.beklen.hu/jog/eseteink/derekegyhaza/index.htm" "Mozilla/5.0 (Windows NT 6.1; WOW64; rv:20.0) Gecko/20100101 Firefox/20.0"
78.92.58.33 - - [25/Apr/2013:12:01:34 +0200] "GET /jog/lb/js/prototype.js HTTP/1.1" 200 47603 "http://www.beklen.hu/jog/eseteink/derekegyhaza/index.htm" "Mozilla/5.0 (Windows NT 6.1; WOW64; rv:20.0) Gecko/20100101 Firefox/20.0"
78.92.58.33 - - [25/Apr/2013:12:01:34 +0200] "GET /jog/eseteink/derekegyhaza/37-433.jpg HTTP/1.1" 200 3573 "http://www.beklen.hu/jog/eseteink/derekegyhaza/index.htm" "Mozilla/5.0 (Windows NT 6.1; WOW64; rv:20.0) Gecko/20100101 Firefox/20.0"
78.92.58.33 - - [25/Apr/2013:12:01:34 +0200] "GET /jog/eseteink/derekegyhaza/kepek/37-431__.jpg HTTP/1.1" 200 4706 "http://www.beklen.hu/jog/eseteink/derekegyhaza/index.htm" "Mozilla/5.0 (Windows NT 6.1; WOW64; rv:20.0) Gecko/20100101 Firefox/20.0"
78.92.58.33 - - [25/Apr/2013:12:01:34 +0200] "GET /jog/img/file_pdf.png HTTP/1.1" 200 581 "http://www.beklen.hu/jog/eseteink/derekegyhaza/index.htm" "Mozilla/5.0 (Windows NT 6.1; WOW64; rv:20.0) Gecko/20100101 Firefox/20.0"
78.92.58.33 - - [25/Apr/2013:12:01:34 +0200] "GET /jog/eseteink/derekegyhaza/kepek/37-433_o_2005__.jpg HTTP/1.1" 200 5388 "http://www.beklen.hu/jog/eseteink/derekegyhaza/index.htm" "Mozilla/5.0 (Windows NT 6.1; WOW64; rv:20.0) Gecko/20100101 Firefox/20.0"
78.92.58.33 - - [25/Apr/2013:12:01:34 +0200] "GET /jog/eseteink/derekegyhaza/kepek/37-431_o_2005__.jpg HTTP/1.1" 200 5766 "http://www.beklen.hu/jog/eseteink/derekegyhaza/index.htm" "Mozilla/5.0 (Windows NT 6.1; WOW64; rv:20.0) Gecko/20100101 Firefox/20.0"
78.92.58.33 - - [25/Apr/2013:12:01:34 +0200] "GET /jog/img/file_jpg.png HTTP/1.1" 200 607 "http://www.beklen.hu/jog/eseteink/derekegyhaza/index.htm" "Mozilla/5.0 (Windows NT 6.1; WOW64; rv:20.0) Gecko/20100101 Firefox/20.0"
78.92.58.33 - - [25/Apr/2013:12:01:34 +0200] "GET /jog/eseteink/derekegyhaza/kepek/37-433__.jpg HTTP/1.1" 200 4596 "http://www.beklen.hu/jog/eseteink/derekegyhaza/index.htm" "Mozilla/5.0 (Windows NT 6.1; WOW64; rv:20.0) Gecko/20100101 Firefox/20.0"
78.92.58.33 - - [25/Apr/2013:12:01:34 +0200] "GET /jog/eseteink/derekegyhaza/kepek/dalerd__.jpg HTTP/1.1" 200 6281 "http://www.beklen.hu/jog/eseteink/derekegyhaza/index.htm" "Mozilla/5.0 (Windows NT 6.1; WOW64; rv:20.0) Gecko/20100101 Firefox/20.0"
78.92.58.33 - - [25/Apr/2013:12:01:34 +0200] "GET /jog/eseteink/derekegyhaza/kepek/vadaskert-szakhat_.jpg HTTP/1.1" 200 8903 "http://www.beklen.hu/jog/eseteink/derekegyhaza/index.htm" "Mozilla/5.0 (Windows NT 6.1; WOW64; rv:20.0) Gecko/20100101 Firefox/20.0"
78.92.58.33 - - [25/Apr/2013:12:01:34 +0200] "GET /jog/lb/js/effects.js HTTP/1.1" 200 31969 "http://www.beklen.hu/jog/eseteink/derekegyhaza/index.htm" "Mozilla/5.0 (Windows NT 6.1; WOW64; rv:20.0) Gecko/20100101 Firefox/20.0"
78.92.58.33 - - [25/Apr/2013:12:01:34 +0200] "GET /jog/images/nav.png HTTP/1.1" 200 10482 "http://www.beklen.hu/jog/style.css" "Mozilla/5.0 (Windows NT 6.1; WOW64; rv:20.0) Gecko/20100101 Firefox/20.0"
78.92.58.33 - - [25/Apr/2013:12:01:34 +0200] "GET /jog/images/subitem.png HTTP/1.1" 200 81 "http://www.beklen.hu/jog/style.css" "Mozilla/5.0 (Windows NT 6.1; WOW64; rv:20.0) Gecko/20100101 Firefox/20.0"
78.92.58.33 - - [25/Apr/2013:12:01:34 +0200] "GET /jog/images/menuitem.png HTTP/1.1" 200 20398 "http://www.beklen.hu/jog/style.css" "Mozilla/5.0 (Windows NT 6.1; WOW64; rv:20.0) Gecko/20100101 Firefox/20.0"
78.92.58.33 - - [25/Apr/2013:12:01:34 +0200] "GET /jog/images/spacer.gif HTTP/1.1" 200 43 "http://www.beklen.hu/jog/style.css" "Mozilla/5.0 (Windows NT 6.1; WOW64; rv:20.0) Gecko/20100101 Firefox/20.0"
78.92.58.33 - - [25/Apr/2013:12:01:34 +0200] "GET /jog/images/Bottom_texture.jpg HTTP/1.1" 200 193775 "http://www.beklen.hu/jog/style.css" "Mozilla/5.0 (Windows NT 6.1; WOW64; rv:20.0) Gecko/20100101 Firefox/20.0"
78.92.58.33 - - [25/Apr/2013:12:01:34 +0200] "GET /jog/images/post_s.png HTTP/1.1" 200 466 "http://www.beklen.hu/jog/style.css" "Mozilla/5.0 (Windows NT 6.1; WOW64; rv:20.0) Gecko/20100101 Firefox/20.0"
78.92.58.33 - - [25/Apr/2013:12:01:34 +0200] "GET /jog/images/post_h.png HTTP/1.1" 200 292 "http://www.beklen.hu/jog/style.css" "Mozilla/5.0 (Windows NT 6.1; WOW64; rv:20.0) Gecko/20100101 Firefox/20.0"
78.92.58.33 - - [25/Apr/2013:12:01:34 +0200] "GET /jog/images/post_v.png HTTP/1.1" 200 310 "http://www.beklen.hu/jog/style.css" "Mozilla/5.0 (Windows NT 6.1; WOW64; rv:20.0) Gecko/20100101 Firefox/20.0"
78.92.58.33 - - [25/Apr/2013:12:01:34 +0200] "GET /jog/images/post_c.png HTTP/1.1" 200 204 "http://www.beklen.hu/jog/style.css" "Mozilla/5.0 (Windows NT 6.1; WOW64; rv:20.0) Gecko/20100101 Firefox/20.0"
78.92.58.33 - - [25/Apr/2013:12:01:34 +0200] "GET /jog/images/header.png HTTP/1.1" 200 170837 "http://www.beklen.hu/jog/style.css" "Mozilla/5.0 (Windows NT 6.1; WOW64; rv:20.0) Gecko/20100101 Firefox/20.0"
95.211.139.1 - - [25/Apr/2013:12:21:47 +0200] "GET /index.htm HTTP/1.0" 200 43954 "-" "Mozilla/5.0 (compatible; AcoonBot/4.11.1; +http://www.acoon.de/robot.asp)"
157.55.35.91 - - [25/Apr/2013:12:24:03 +0200] "GET /robots.txt HTTP/1.1" 404 1181 "-" "Mozilla/5.0 (compatible; bingbot/2.0; +http://www.bing.com/bingbot.htm)"
157.55.32.83 - - [25/Apr/2013:12:26:04 +0200] "GET /jog/eseteink/duzzaszto/ HTTP/1.1" 200 10470 "-" "Mozilla/5.0 (compatible; bingbot/2.0; +http://www.bing.com/bingbot.htm)"
157.55.33.18 - - [25/Apr/2013:12:26:06 +0200] "GET /jog/eseteink/poroszlo/ HTTP/1.1" 200 16861 "-" "Mozilla/5.0 (compatible; bingbot/2.0; +http://www.bing.com/bingbot.htm)"
157.56.229.186 - - [25/Apr/2013:12:26:08 +0200] "GET /programok.htm HTTP/1.1" 200 6444 "-" "Mozilla/5.0 (compatible; bingbot/2.0; +http://www.bing.com/bingbot.htm)"
157.55.35.91 - - [25/Apr/2013:12:26:36 +0200] "GET /jog/eseteink/kavicszatony/ HTTP/1.1" 200 16432 "-" "Mozilla/5.0 (compatible; bingbot/2.0; +http://www.bing.com/bingbot.htm)"
208.115.113.84 - - [25/Apr/2013:12:27:29 +0200] "GET /robots.txt HTTP/1.1" 404 1181 "-" "Mozilla/5.0 (compatible; Ezooms/1.0; ezooms.bot@gmail.com)"
91.137.131.45 - - [25/Apr/2013:13:06:39 +0200] "GET /favicon.ico HTTP/1.1" 404 1181 "-" "Mozilla/5.0 (Windows NT 6.1; WOW64; rv:20.0) Gecko/20100101 Firefox/20.0"
91.137.131.45 - - [25/Apr/2013:13:06:39 +0200] "GET /tm02.jpg HTTP/1.1" 200 1873 "http://www.beklen.hu/" "Mozilla/5.0 (Windows NT 6.1; WOW64; rv:20.0) Gecko/20100101 Firefox/20.0"
91.137.131.45 - - [25/Apr/2013:13:06:39 +0200] "GET /tm05.jpg HTTP/1.1" 200 2253 "http://www.beklen.hu/" "Mozilla/5.0 (Windows NT 6.1; WOW64; rv:20.0) Gecko/20100101 Firefox/20.0"
91.137.131.45 - - [25/Apr/2013:13:06:39 +0200] "GET /tm04.jpg HTTP/1.1" 200 2613 "http://www.beklen.hu/" "Mozilla/5.0 (Windows NT 6.1; WOW64; rv:20.0) Gecko/20100101 Firefox/20.0"
91.137.131.45 - - [25/Apr/2013:13:06:39 +0200] "GET /tm06.jpg HTTP/1.1" 200 1651 "http://www.beklen.hu/" "Mozilla/5.0 (Windows NT 6.1; WOW64; rv:20.0) Gecko/20100101 Firefox/20.0"
91.137.131.45 - - [25/Apr/2013:13:06:39 +0200] "GET /tm02_.jpg HTTP/1.1" 200 1524 "http://www.beklen.hu/" "Mozilla/5.0 (Windows NT 6.1; WOW64; rv:20.0) Gecko/20100101 Firefox/20.0"
91.137.131.45 - - [25/Apr/2013:13:06:39 +0200] "GET /tm03.jpg HTTP/1.1" 200 2212 "http://www.beklen.hu/" "Mozilla/5.0 (Windows NT 6.1; WOW64; rv:20.0) Gecko/20100101 Firefox/20.0"
91.137.131.45 - - [25/Apr/2013:13:06:39 +0200] "GET /tm03_.jpg HTTP/1.1" 200 1787 "http://www.beklen.hu/" "Mozilla/5.0 (Windows NT 6.1; WOW64; rv:20.0) Gecko/20100101 Firefox/20.0"
180.76.5.153 - - [25/Apr/2013:13:15:34 +0200] "GET /jog/eseteink/derekegyhaza/biroi_vegzes.pdf HTTP/1.1" 200 772975 "-" "Mozilla/5.0 (Windows NT 5.1; rv:6.0.2) Gecko/20100101 Firefox/6.0.2"
131.253.38.100 - - [25/Apr/2013:13:17:32 +0200] "GET /robots.txt HTTP/1.1" 404 1181 "-" "msnbot-media/1.1 (+http://search.msn.com/msnbot.htm)"
131.253.38.100 - - [25/Apr/2013:13:17:33 +0200] "GET /fiok/images/nevadonk.JPG HTTP/1.1" 200 56167 "-" "msnbot-media/1.1 (+http://search.msn.com/msnbot.htm)"
66.249.73.108 - - [25/Apr/2013:13:19:38 +0200] "GET /robots.txt HTTP/1.1" 404 1181 "-" "Mozilla/5.0 (compatible; Googlebot/2.1; +http://www.google.com/bot.html)"
66.249.73.108 - - [25/Apr/2013:13:19:39 +0200] "GET / HTTP/1.1" 200 43954 "-" "SAMSUNG-SGH-E250/1.0 Profile/MIDP-2.0 Configuration/CLDC-1.1 UP.Browser/6.2.3.3.c.1.101 (GUI) MMP/2.0 (compatible; Googlebot-Mobile/2.1; +http://www.google.com/bot.html)"
66.249.73.108 - - [25/Apr/2013:13:22:14 +0200] "GET / HTTP/1.1" 200 43954 "-" "Mozilla/5.0 (compatible; Googlebot/2.1; +http://www.google.com/bot.html)"
91.137.131.45 - - [25/Apr/2013:13:25:13 +0200] "GET /tm05_.jpg HTTP/1.1" 200 1839 "http://www.beklen.hu/" "Mozilla/5.0 (Windows NT 6.1; WOW64; rv:20.0) Gecko/20100101 Firefox/20.0"
91.137.131.45 - - [25/Apr/2013:13:25:17 +0200] "GET /hirek/13032001.htm HTTP/1.1" 200 16316 "http://www.beklen.hu/" "Mozilla/5.0 (Windows NT 6.1; WOW64; rv:20.0) Gecko/20100101 Firefox/20.0"
91.137.131.45 - - [25/Apr/2013:13:25:18 +0200] "GET /lb/js/scriptaculous.js?load=effects HTTP/1.1" 304 - "http://www.beklen.hu/hirek/13032001.htm" "Mozilla/5.0 (Windows NT 6.1; WOW64; rv:20.0) Gecko/20100101 Firefox/20.0"
91.137.131.45 - - [25/Apr/2013:13:25:18 +0200] "GET /lb/js/lightbox.js HTTP/1.1" 206 6297 "http://www.beklen.hu/hirek/13032001.htm" "Mozilla/5.0 (Windows NT 6.1; WOW64; rv:20.0) Gecko/20100101 Firefox/20.0"
91.137.131.45 - - [25/Apr/2013:13:25:18 +0200] "GET /tm04_.jpg HTTP/1.1" 200 2058 "http://www.beklen.hu/hirek/13032001.htm" "Mozilla/5.0 (Windows NT 6.1; WOW64; rv:20.0) Gecko/20100101 Firefox/20.0"
91.137.131.45 - - [25/Apr/2013:13:25:18 +0200] "GET /tm01.jpg HTTP/1.1" 200 1080 "http://www.beklen.hu/hirek/13032001.htm" "Mozilla/5.0 (Windows NT 6.1; WOW64; rv:20.0) Gecko/20100101 Firefox/20.0"
91.137.131.45 - - [25/Apr/2013:13:25:18 +0200] "GET /tm07.jpg HTTP/1.1" 200 1007 "http://www.beklen.hu/hirek/13032001.htm" "Mozilla/5.0 (Windows NT 6.1; WOW64; rv:20.0) Gecko/20100101 Firefox/20.0"
91.137.131.45 - - [25/Apr/2013:13:25:18 +0200] "GET /tm06_.jpg HTTP/1.1" 200 1382 "http://www.beklen.hu/hirek/13032001.htm" "Mozilla/5.0 (Windows NT 6.1; WOW64; rv:20.0) Gecko/20100101 Firefox/20.0"
91.137.131.45 - - [25/Apr/2013:13:25:18 +0200] "GET /banners/sv_bekl_600.jpg HTTP/1.1" 200 17799 "http://www.beklen.hu/hirek/13032001.htm" "Mozilla/5.0 (Windows NT 6.1; WOW64; rv:20.0) Gecko/20100101 Firefox/20.0"
91.137.131.45 - - [25/Apr/2013:13:25:19 +0200] "GET /hirek/tejcsarnok.jpg HTTP/1.1" 200 55546 "http://www.beklen.hu/hirek/13032001.htm" "Mozilla/5.0 (Windows NT 6.1; WOW64; rv:20.0) Gecko/20100101 Firefox/20.0"
91.137.131.45 - - [25/Apr/2013:13:25:20 +0200] "GET /lb/js/effects.js HTTP/1.1" 200 31969 "http://www.beklen.hu/hirek/13032001.htm" "Mozilla/5.0 (Windows NT 6.1; WOW64; rv:20.0) Gecko/20100101 Firefox/20.0"
91.137.131.45 - - [25/Apr/2013:13:25:21 +0200] "GET /bg.jpg HTTP/1.1" 200 566 "http://www.beklen.hu/hirek/13032001.htm" "Mozilla/5.0 (Windows NT 6.1; WOW64; rv:20.0) Gecko/20100101 Firefox/20.0"
91.137.131.45 - - [25/Apr/2013:13:25:22 +0200] "GET /bottom_main.jpg HTTP/1.1" 200 96820 "http://www.beklen.hu/vill.cs" "Mozilla/5.0 (Windows NT 6.1; WOW64; rv:20.0) Gecko/20100101 Firefox/20.0"
91.137.131.45 - - [25/Apr/2013:13:25:23 +0200] "GET /lb/images/closelabel.gif HTTP/1.1" 200 222 "http://www.beklen.hu/hirek/13032001.htm" "Mozilla/5.0 (Windows NT 6.1; WOW64; rv:20.0) Gecko/20100101 Firefox/20.0"
91.137.131.45 - - [25/Apr/2013:13:25:23 +0200] "GET /lb/images/loading.gif HTTP/1.1" 200 2767 "http://www.beklen.hu/hirek/13032001.htm" "Mozilla/5.0 (Windows NT 6.1; WOW64; rv:20.0) Gecko/20100101 Firefox/20.0"
66.249.73.108 - - [25/Apr/2013:13:27:06 +0200] "GET /uszt-tabla_.jpg HTTP/1.1" 304 - "-" "Googlebot-Image/1.0"
139.18.2.209 - - [25/Apr/2013:13:29:59 +0200] "GET /deutsch/index.htm HTTP/1.1" 200 5324 "-" "findlinks/2.6 (+http://wortschatz.uni-leipzig.de/findlinks/)"
66.249.73.108 - - [25/Apr/2013:13:33:01 +0200] "GET /lb/css/lightbox.css HTTP/1.1" 200 1715 "-" "Mozilla/5.0 (compatible; Googlebot/2.1; +http://www.google.com/bot.html)"
66.249.73.108 - - [25/Apr/2013:13:34:11 +0200] "GET /jog/adathozzaferes.htm HTTP/1.1" 200 13800 "-" "DoCoMo/2.0 N905i(c100;TB;W24H16) (compatible; Googlebot-Mobile/2.1; +http://www.google.com/bot.html)"
66.249.73.108 - - [25/Apr/2013:13:46:39 +0200] "GET /jog/jogszabalyok/kek_6925_2004_cxl.pdf HTTP/1.1" 304 - "-" "Mozilla/5.0 (compatible; Googlebot/2.1; +http://www.google.com/bot.html)"
66.249.73.108 - - [25/Apr/2013:13:49:37 +0200] "GET /hirek09_02.htm HTTP/1.1" 304 - "-" "SAMSUNG-SGH-E250/1.0 Profile/MIDP-2.0 Configuration/CLDC-1.1 UP.Browser/6.2.3.3.c.1.101 (GUI) MMP/2.0 (compatible; Googlebot-Mobile/2.1; +http://www.google.com/bot.html)"
66.249.73.108 - - [25/Apr/2013:13:59:35 +0200] "GET /jog/adathozzaferes.htm HTTP/1.1" 200 13800 "-" "SAMSUNG-SGH-E250/1.0 Profile/MIDP-2.0 Configuration/CLDC-1.1 UP.Browser/6.2.3.3.c.1.101 (GUI) MMP/2.0 (compatible; Googlebot-Mobile/2.1; +http://www.google.com/bot.html)"
157.55.35.35 - - [25/Apr/2013:14:11:47 +0200] "GET /robots.txt HTTP/1.1" 404 1181 "-" "Mozilla/5.0 (compatible; bingbot/2.0; +http://www.bing.com/bingbot.htm)"
157.55.35.35 - - [25/Apr/2013:14:13:39 +0200] "GET /jog/eseteink/derekegyhaza/ HTTP/1.1" 200 34210 "-" "Mozilla/5.0 (compatible; bingbot/2.0; +http://www.bing.com/bingbot.htm)"
208.115.113.84 - - [25/Apr/2013:14:17:23 +0200] "GET /jog/ugyfeljogok.htm HTTP/1.1" 200 14279 "-" "Mozilla/5.0 (compatible; Ezooms/1.0; ezooms.bot@gmail.com)"
66.249.73.108 - - [25/Apr/2013:14:23:26 +0200] "GET /jog/jogszabalyok/conventions_hu.pdf HTTP/1.1" 200 1414196 "-" "Mozilla/5.0 (compatible; Googlebot/2.1; +http://www.google.com/bot.html)"
66.249.73.108 - - [25/Apr/2013:14:32:11 +0200] "GET /jog/eseteink/derekegyhaza/kepek/37-433_o_2005__.jpg HTTP/1.1" 304 - "-" "Googlebot-Image/1.0"
66.249.73.108 - - [25/Apr/2013:14:52:10 +0200] "GET /jog/eseteink/audi/kozmeghallgatas%20-%20diakep2_.jpg HTTP/1.1" 304 - "-" "Googlebot-Image/1.0"
66.249.73.108 - - [25/Apr/2013:15:02:13 +0200] "GET / HTTP/1.1" 200 43954 "-" "Mozilla/5.0 (iPhone; U; CPU iPhone OS 4_1 like Mac OS X; en-us) AppleWebKit/532.9 (KHTML, like Gecko) Version/4.0.5 Mobile/8B117 Safari/6531.22.7 (compatible; Googlebot-Mobile/2.1; +http://www.google.com/bot.html)"
66.249.73.108 - - [25/Apr/2013:15:02:30 +0200] "GET /fiok/program_reszek/turazas.htm HTTP/1.1" 304 - "-" "Mozilla/5.0 (iPhone; U; CPU iPhone OS 4_1 like Mac OS X; en-us) AppleWebKit/532.9 (KHTML, like Gecko) Version/4.0.5 Mobile/8B117 Safari/6531.22.7 (compatible; Googlebot-Mobile/2.1; +http://www.google.com/bot.html)"
66.249.73.108 - - [25/Apr/2013:15:02:59 +0200] "GET /hirek/130307.htm HTTP/1.1" 304 - "-" "Mozilla/5.0 (iPhone; U; CPU iPhone OS 4_1 like Mac OS X; en-us) AppleWebKit/532.9 (KHTML, like Gecko) Version/4.0.5 Mobile/8B117 Safari/6531.22.7 (compatible; Googlebot-Mobile/2.1; +http://www.google.com/bot.html)"
66.249.73.108 - - [25/Apr/2013:15:03:08 +0200] "GET /hirek/130320.htm HTTP/1.1" 304 - "-" "Mozilla/5.0 (iPhone; U; CPU iPhone OS 4_1 like Mac OS X; en-us) AppleWebKit/532.9 (KHTML, like Gecko) Version/4.0.5 Mobile/8B117 Safari/6531.22.7 (compatible; Googlebot-Mobile/2.1; +http://www.google.com/bot.html)"
66.249.73.108 - - [25/Apr/2013:15:03:24 +0200] "GET /hirek/1303203.htm HTTP/1.1" 304 - "-" "Mozilla/5.0 (iPhone; U; CPU iPhone OS 4_1 like Mac OS X; en-us) AppleWebKit/532.9 (KHTML, like Gecko) Version/4.0.5 Mobile/8B117 Safari/6531.22.7 (compatible; Googlebot-Mobile/2.1; +http://www.google.com/bot.html)"
66.249.73.108 - - [25/Apr/2013:15:03:42 +0200] "GET /hirek/1303071.htm HTTP/1.1" 304 - "-" "Mozilla/5.0 (iPhone; U; CPU iPhone OS 4_1 like Mac OS X; en-us) AppleWebKit/532.9 (KHTML, like Gecko) Version/4.0.5 Mobile/8B117 Safari/6531.22.7 (compatible; Googlebot-Mobile/2.1; +http://www.google.com/bot.html)"
66.249.73.108 - - [25/Apr/2013:15:04:00 +0200] "GET /hirek/hirek091015.htm HTTP/1.1" 304 - "-" "Mozilla/5.0 (iPhone; U; CPU iPhone OS 4_1 like Mac OS X; en-us) AppleWebKit/532.9 (KHTML, like Gecko) Version/4.0.5 Mobile/8B117 Safari/6531.22.7 (compatible; Googlebot-Mobile/2.1; +http://www.google.com/bot.html)"
66.249.73.108 - - [25/Apr/2013:15:04:27 +0200] "GET /hirek/hirek100728.htm HTTP/1.1" 200 7560 "-" "Mozilla/5.0 (iPhone; U; CPU iPhone OS 4_1 like Mac OS X; en-us) AppleWebKit/532.9 (KHTML, like Gecko) Version/4.0.5 Mobile/8B117 Safari/6531.22.7 (compatible; Googlebot-Mobile/2.1; +http://www.google.com/bot.html)"
66.249.73.108 - - [25/Apr/2013:15:04:36 +0200] "GET /hirek/hirek101027.htm HTTP/1.1" 304 - "-" "Mozilla/5.0 (iPhone; U; CPU iPhone OS 4_1 like Mac OS X; en-us) AppleWebKit/532.9 (KHTML, like Gecko) Version/4.0.5 Mobile/8B117 Safari/6531.22.7 (compatible; Googlebot-Mobile/2.1; +http://www.google.com/bot.html)"
66.249.73.108 - - [25/Apr/2013:15:04:54 +0200] "GET /hirek/hirek120120.htm HTTP/1.1" 304 - "-" "Mozilla/5.0 (iPhone; U; CPU iPhone OS 4_1 like Mac OS X; en-us) AppleWebKit/532.9 (KHTML, like Gecko) Version/4.0.5 Mobile/8B117 Safari/6531.22.7 (compatible; Googlebot-Mobile/2.1; +http://www.google.com/bot.html)"
66.249.73.108 - - [25/Apr/2013:15:05:13 +0200] "GET /jog/eseteink/autopalya/m85-itelet.pdf HTTP/1.1" 200 711298 "-" "Mozilla/5.0 (iPhone; U; CPU iPhone OS 4_1 like Mac OS X; en-us) AppleWebKit/532.9 (KHTML, like Gecko) Version/4.0.5 Mobile/8B117 Safari/6531.22.7 (compatible; Googlebot-Mobile/2.1; +http://www.google.com/bot.html)"
66.249.73.108 - - [25/Apr/2013:15:05:29 +0200] "GET /jog/eseteink/derekegyhaza/index.htm HTTP/1.1" 304 - "-" "Mozilla/5.0 (iPhone; U; CPU iPhone OS 4_1 like Mac OS X; en-us) AppleWebKit/532.9 (KHTML, like Gecko) Version/4.0.5 Mobile/8B117 Safari/6531.22.7 (compatible; Googlebot-Mobile/2.1; +http://www.google.com/bot.html)"
66.249.73.108 - - [25/Apr/2013:15:05:48 +0200] "GET /jog/eseteink/korosladany/index.htm HTTP/1.1" 304 - "-" "Mozilla/5.0 (iPhone; U; CPU iPhone OS 4_1 like Mac OS X; en-us) AppleWebKit/532.9 (KHTML, like Gecko) Version/4.0.5 Mobile/8B117 Safari/6531.22.7 (compatible; Googlebot-Mobile/2.1; +http://www.google.com/bot.html)"
66.249.73.108 - - [25/Apr/2013:15:06:05 +0200] "GET /kiadvanyok.htm HTTP/1.1" 200 8206 "-" "Mozilla/5.0 (iPhone; U; CPU iPhone OS 4_1 like Mac OS X; en-us) AppleWebKit/532.9 (KHTML, like Gecko) Version/4.0.5 Mobile/8B117 Safari/6531.22.7 (compatible; Googlebot-Mobile/2.1; +http://www.google.com/bot.html)"
66.249.73.108 - - [25/Apr/2013:15:06:23 +0200] "GET /nca05.htm HTTP/1.1" 304 - "-" "Mozilla/5.0 (iPhone; U; CPU iPhone OS 4_1 like Mac OS X; en-us) AppleWebKit/532.9 (KHTML, like Gecko) Version/4.0.5 Mobile/8B117 Safari/6531.22.7 (compatible; Googlebot-Mobile/2.1; +http://www.google.com/bot.html)"
66.249.73.108 - - [25/Apr/2013:15:06:42 +0200] "GET /nca06.htm HTTP/1.1" 304 - "-" "Mozilla/5.0 (iPhone; U; CPU iPhone OS 4_1 like Mac OS X; en-us) AppleWebKit/532.9 (KHTML, like Gecko) Version/4.0.5 Mobile/8B117 Safari/6531.22.7 (compatible; Googlebot-Mobile/2.1; +http://www.google.com/bot.html)"
66.249.73.108 - - [25/Apr/2013:15:07:00 +0200] "GET /turizmusbanner.swf HTTP/1.1" 200 160827 "-" "Mozilla/5.0 (iPhone; U; CPU iPhone OS 4_1 like Mac OS X; en-us) AppleWebKit/532.9 (KHTML, like Gecko) Version/4.0.5 Mobile/8B117 Safari/6531.22.7 (compatible; Googlebot-Mobile/2.1; +http://www.google.com/bot.html)"
95.211.139.1 - - [25/Apr/2013:15:10:52 +0200] "GET /robots.txt HTTP/1.0" 404 1181 "-" "Mozilla/5.0 (compatible; AcoonBot/4.11.1; +http://www.acoon.de/robot.asp)"
95.211.139.1 - - [25/Apr/2013:15:10:52 +0200] "GET /fiok/fiok.html HTTP/1.0" 200 20723 "-" "Mozilla/5.0 (compatible; AcoonBot/4.11.1; +http://www.acoon.de/robot.asp)"
66.249.73.108 - - [25/Apr/2013:15:15:53 +0200] "GET /jog/eseteink/malom/fotok/img_3065_.jpg HTTP/1.1" 304 - "-" "Googlebot-Image/1.0"
66.249.73.108 - - [25/Apr/2013:15:47:31 +0200] "GET /jog/jogszabalyok/2011_clxxv.pdf HTTP/1.1" 304 - "-" "Mozilla/5.0 (compatible; Googlebot/2.1; +http://www.google.com/bot.html)"
84.225.95.79 - - [25/Apr/2013:15:49:52 +0200] "GET /jog/eseteink/derekegyhaza/mszh_elsofok_ugyfel_elutasitas_1.jpg HTTP/1.1" 200 1086764 "-" "Mozilla/5.0 (Windows NT 5.1) AppleWebKit/537.31 (KHTML, like Gecko) Chrome/26.0.1410.64 Safari/537.31"
77.88.42.27 - - [25/Apr/2013:16:43:21 +0200] "GET /robots.txt HTTP/1.1" 404 1181 "-" "Mozilla/5.0 (compatible; YandexBot/3.0; +http://yandex.com/bots)"
157.55.33.18 - - [25/Apr/2013:16:49:01 +0200] "GET /robots.txt HTTP/1.1" 404 1181 "-" "Mozilla/5.0 (compatible; bingbot/2.0; +http://www.bing.com/bingbot.htm)"
157.56.229.186 - - [25/Apr/2013:16:50:34 +0200] "GET /programok.htm HTTP/1.1" 200 6444 "-" "Mozilla/5.0 (compatible; bingbot/2.0; +http://www.bing.com/bingbot.htm)"
157.56.229.186 - - [25/Apr/2013:16:50:36 +0200] "GET /deutsch/stellen.htm HTTP/1.1" 200 6824 "-" "Mozilla/5.0 (compatible; bingbot/2.0; +http://www.bing.com/bingbot.htm)"
157.56.229.186 - - [25/Apr/2013:16:50:37 +0200] "GET /english/contact.htm HTTP/1.1" 200 4601 "-" "Mozilla/5.0 (compatible; bingbot/2.0; +http://www.bing.com/bingbot.htm)"
65.55.52.117 - - [25/Apr/2013:16:51:04 +0200] "GET /kapcsolat.htm HTTP/1.1" 200 6875 "-" "Mozilla/5.0 (compatible; bingbot/2.0; +http://www.bing.com/bingbot.htm)"
157.55.32.83 - - [25/Apr/2013:16:51:05 +0200] "GET /hirarchivum.htm HTTP/1.1" 200 24981 "-" "Mozilla/5.0 (compatible; bingbot/2.0; +http://www.bing.com/bingbot.htm)"
157.55.32.83 - - [25/Apr/2013:16:51:07 +0200] "GET /khb.htm HTTP/1.1" 200 8719 "-" "Mozilla/5.0 (compatible; bingbot/2.0; +http://www.bing.com/bingbot.htm)"
157.55.35.91 - - [25/Apr/2013:16:51:07 +0200] "GET /jog/eseteink/audi/index.htm HTTP/1.1" 200 15938 "-" "Mozilla/5.0 (compatible; bingbot/2.0; +http://www.bing.com/bingbot.htm)"
65.55.52.117 - - [25/Apr/2013:16:51:08 +0200] "GET /fiok/kornyezet.htm HTTP/1.1" 200 22582 "-" "Mozilla/5.0 (compatible; bingbot/2.0; +http://www.bing.com/bingbot.htm)"
65.55.52.117 - - [25/Apr/2013:16:51:11 +0200] "GET /jog/eseteink/poroszlo/index.htm HTTP/1.1" 200 16861 "-" "Mozilla/5.0 (compatible; bingbot/2.0; +http://www.bing.com/bingbot.htm)"
157.55.35.91 - - [25/Apr/2013:16:51:11 +0200] "GET /jog/eseteink/kavicszatony/ HTTP/1.1" 200 16432 "-" "Mozilla/5.0 (compatible; bingbot/2.0; +http://www.bing.com/bingbot.htm)"
157.55.35.91 - - [25/Apr/2013:16:51:13 +0200] "GET /jog/pub/fuzet_beliv_jav2.pdf HTTP/1.1" 200 34654 "-" "Mozilla/5.0 (compatible; bingbot/2.0; +http://www.bing.com/bingbot.htm)"
157.55.33.123 - - [25/Apr/2013:16:51:35 +0200] "GET /media.htm HTTP/1.1" 200 5208 "-" "Mozilla/5.0 (compatible; bingbot/2.0; +http://www.bing.com/bingbot.htm)"
157.55.33.18 - - [25/Apr/2013:16:51:36 +0200] "GET /fiok/ HTTP/1.1" 200 20554 "-" "Mozilla/5.0 (compatible; bingbot/2.0; +http://www.bing.com/bingbot.htm)"
157.55.33.18 - - [25/Apr/2013:16:51:39 +0200] "GET /jog/eseteink/poroszlo/ HTTP/1.1" 200 16861 "-" "Mozilla/5.0 (compatible; bingbot/2.0; +http://www.bing.com/bingbot.htm)"
84.206.46.220 - - [25/Apr/2013:17:06:11 +0200] "GET /jog/jogszabalyok/1995.%20evi%20XCIII.%20torveny.pdf HTTP/1.1" 200 125662 "http://www.google.hu/url?sa=t&rct=j&q=&esrc=s&source=web&cd=34&ved=0CEgQFjADOB4&url=http%3A%2F%2Fwww.beklen.hu%2Fjog%2Fjogszabalyok%2F1995.%2520evi%2520XCIII.%2520torveny.pdf&ei=QkZ5UZ-CKYOptAbV7IGQBw&usg=AFQjCNGpTjNqdETX7VIZHIzU1M9HvX2Ppg&bvm=bv.45645796,d.Yms" "Mozilla/5.0 (Windows NT 5.1; rv:20.0) Gecko/20100101 Firefox/20.0"
84.206.46.220 - - [25/Apr/2013:17:06:11 +0200] "GET /favicon.ico HTTP/1.1" 404 1181 "-" "Mozilla/5.0 (Windows NT 5.1; rv:20.0) Gecko/20100101 Firefox/20.0"
84.206.46.220 - - [25/Apr/2013:17:06:12 +0200] "GET /favicon.ico HTTP/1.1" 404 1181 "-" "Mozilla/5.0 (Windows NT 5.1; rv:20.0) Gecko/20100101 Firefox/20.0"
66.249.73.108 - - [25/Apr/2013:17:07:36 +0200] "GET /nimfea_project_250x250.gif HTTP/1.1" 304 - "-" "Googlebot-Image/1.0"
66.249.73.108 - - [25/Apr/2013:17:12:28 +0200] "GET /jog/jogszabalyok/regp2001lxxxitvaarhus.pdf HTTP/1.1" 200 234500 "-" "Mozilla/5.0 (compatible; Googlebot/2.1; +http://www.google.com/bot.html)"
66.249.73.108 - - [25/Apr/2013:17:48:55 +0200] "GET /hirek/hirek090509.htm HTTP/1.1" 200 7803 "-" "SAMSUNG-SGH-E250/1.0 Profile/MIDP-2.0 Configuration/CLDC-1.1 UP.Browser/6.2.3.3.c.1.101 (GUI) MMP/2.0 (compatible; Googlebot-Mobile/2.1; +http://www.google.com/bot.html)"
95.211.139.1 - - [25/Apr/2013:17:53:26 +0200] "GET /kapcsolat.htm HTTP/1.0" 200 6875 "-" "Mozilla/5.0 (compatible; AcoonBot/4.11.1; +http://www.acoon.de/robot.asp)"
66.249.73.108 - - [25/Apr/2013:18:07:23 +0200] "GET /fiok/kornyezet.htm HTTP/1.1" 304 - "-" "Mozilla/5.0 (iPhone; U; CPU iPhone OS 4_1 like Mac OS X; en-us) AppleWebKit/532.9 (KHTML, like Gecko) Version/4.0.5 Mobile/8B117 Safari/6531.22.7 (compatible; Googlebot-Mobile/2.1; +http://www.google.com/bot.html)"
66.249.73.108 - - [25/Apr/2013:18:08:15 +0200] "GET /jog/jogszabalyok/348_2006.korm.rendelet.pdf HTTP/1.1" 304 - "-" "Mozilla/5.0 (compatible; Googlebot/2.1; +http://www.google.com/bot.html)"
66.249.73.108 - - [25/Apr/2013:18:18:26 +0200] "GET /jog/eseteink/korosladany/kepek/img_3b_.jpg HTTP/1.1" 304 - "-" "Googlebot-Image/1.0"
66.249.73.108 - - [25/Apr/2013:18:20:14 +0200] "GET /jog/eseteink/derekegyhaza/kepek/37-433_.jpg HTTP/1.1" 304 - "-" "Googlebot-Image/1.0"
157.55.35.35 - - [25/Apr/2013:18:30:18 +0200] "GET /robots.txt HTTP/1.1" 404 1181 "-" "Mozilla/5.0 (compatible; bingbot/2.0; +http://www.bing.com/bingbot.htm)"
157.55.35.35 - - [25/Apr/2013:18:32:09 +0200] "GET /jog/eseteink/malom/ HTTP/1.1" 200 17507 "-" "Mozilla/5.0 (compatible; bingbot/2.0; +http://www.bing.com/bingbot.htm)"
157.55.35.35 - - [25/Apr/2013:18:32:10 +0200] "GET /index.htm HTTP/1.1" 200 43954 "-" "Mozilla/5.0 (compatible; bingbot/2.0; +http://www.bing.com/bingbot.htm)"
178.255.215.69 - - [25/Apr/2013:18:42:40 +0200] "GET /robots.txt HTTP/1.1" 404 1181 "-" "Mozilla/5.0 (compatible; Exabot/3.0; +http://www.exabot.com/go/robot)"
178.255.215.69 - - [25/Apr/2013:18:42:41 +0200] "GET / HTTP/1.1" 200 43954 "-" "Mozilla/5.0 (compatible; Exabot/3.0; +http://www.exabot.com/go/robot)"
180.76.6.17 - - [25/Apr/2013:18:50:18 +0200] "GET /fiok/program_reszek/erdei_iskola.htm HTTP/1.1" 200 21601 "-" "Mozilla/5.0 (compatible; Baiduspider/2.0; +http://www.baidu.com/search/spider.html)"
66.249.73.108 - - [25/Apr/2013:19:24:09 +0200] "GET /jog/eseteink/poroszlo/poroszlo-kozig.pdf HTTP/1.1" 200 139846 "-" "Mozilla/5.0 (iPhone; U; CPU iPhone OS 4_1 like Mac OS X; en-us) AppleWebKit/532.9 (KHTML, like Gecko) Version/4.0.5 Mobile/8B117 Safari/6531.22.7 (compatible; Googlebot-Mobile/2.1; +http://www.google.com/bot.html)"
66.249.73.108 - - [25/Apr/2013:19:43:38 +0200] "GET /hirek/hirek09_02.htm HTTP/1.1" 200 7534 "-" "Mozilla/5.0 (compatible; Googlebot/2.1; +http://www.google.com/bot.html)"
66.249.73.108 - - [25/Apr/2013:19:59:38 +0200] "GET /jog/eseteink.htm HTTP/1.1" 304 - "-" "Mozilla/5.0 (iPhone; U; CPU iPhone OS 4_1 like Mac OS X; en-us) AppleWebKit/532.9 (KHTML, like Gecko) Version/4.0.5 Mobile/8B117 Safari/6531.22.7 (compatible; Googlebot-Mobile/2.1; +http://www.google.com/bot.html)"
95.211.139.1 - - [25/Apr/2013:20:07:13 +0200] "GET /robots.txt HTTP/1.0" 404 1181 "-" "Mozilla/5.0 (compatible; AcoonBot/4.11.1; +http://www.acoon.de/robot.asp)"
95.211.139.1 - - [25/Apr/2013:20:07:13 +0200] "GET /fiok/news.html HTTP/1.0" 404 1181 "-" "Mozilla/5.0 (compatible; AcoonBot/4.11.1; +http://www.acoon.de/robot.asp)"
77.88.42.27 - - [25/Apr/2013:20:17:27 +0200] "GET /turizmusbanner.swf HTTP/1.1" 200 160827 "-" "Mozilla/5.0 (compatible; YandexBot/3.0; +http://yandex.com/bots)"
66.249.73.108 - - [25/Apr/2013:20:21:38 +0200] "GET /jog/eseteink/duzzaszto/gyulavari_kotelezes2.pdf HTTP/1.1" 304 - "-" "Mozilla/5.0 (iPhone; U; CPU iPhone OS 4_1 like Mac OS X; en-us) AppleWebKit/532.9 (KHTML, like Gecko) Version/4.0.5 Mobile/8B117 Safari/6531.22.7 (compatible; Googlebot-Mobile/2.1; +http://www.google.com/bot.html)"
208.115.113.84 - - [25/Apr/2013:20:23:32 +0200] "GET /robots.txt HTTP/1.1" 404 1181 "-" "Mozilla/5.0 (compatible; Ezooms/1.0; ezooms.bot@gmail.com)"
91.137.142.127 - - [25/Apr/2013:20:42:58 +0200] "GET /fiok/images/nevadonk.JPG HTTP/1.1" 200 56167 "http://www.google.hu/blank.html" "Mozilla/5.0 (Windows NT 6.1) AppleWebKit/537.31 (KHTML, like Gecko) Chrome/26.0.1410.64 Safari/537.31"
66.249.73.108 - - [25/Apr/2013:20:43:40 +0200] "GET /jog/jogszabalyok/biodiverzitas_egyezmeny.pdf HTTP/1.1" 200 198401 "-" "Mozilla/5.0 (compatible; Googlebot/2.1; +http://www.google.com/bot.html)"
217.69.133.70 - - [25/Apr/2013:21:00:58 +0200] "GET /robots.txt HTTP/1.0" 404 1181 "-" "Mozilla/5.0 (compatible; Mail.RU_Bot/2.0; +http://go.mail.ru/help/robots)"
77.88.42.27 - - [25/Apr/2013:21:04:43 +0200] "GET /fiok/program_reszek/konferancia.htm HTTP/1.1" 200 21668 "-" "Mozilla/5.0 (compatible; YandexBot/3.0; +http://yandex.com/bots)"
66.249.73.108 - - [25/Apr/2013:21:22:28 +0200] "GET /hirek/printscreenek/Magosfa.jpg HTTP/1.1" 304 - "-" "Googlebot-Image/1.0"
66.249.73.108 - - [25/Apr/2013:21:28:31 +0200] "GET /jog/eseteink/korosladany/srbvadi_srb.pdf HTTP/1.1" 304 - "-" "Mozilla/5.0 (iPhone; U; CPU iPhone OS 4_1 like Mac OS X; en-us) AppleWebKit/532.9 (KHTML, like Gecko) Version/4.0.5 Mobile/8B117 Safari/6531.22.7 (compatible; Googlebot-Mobile/2.1; +http://www.google.com/bot.html)"
66.249.73.108 - - [25/Apr/2013:21:28:33 +0200] "GET /fiok/ HTTP/1.1" 304 - "-" "Mozilla/5.0 (iPhone; U; CPU iPhone OS 4_1 like Mac OS X; en-us) AppleWebKit/532.9 (KHTML, like Gecko) Version/4.0.5 Mobile/8B117 Safari/6531.22.7 (compatible; Googlebot-Mobile/2.1; +http://www.google.com/bot.html)"
66.249.73.108 - - [25/Apr/2013:21:42:53 +0200] "GET /jog/jogszabalyok/1992_lxiii%20sz%20adatok.pdf HTTP/1.1" 200 200597 "-" "Mozilla/5.0 (compatible; Googlebot/2.1; +http://www.google.com/bot.html)"
77.88.42.27 - - [25/Apr/2013:21:54:53 +0200] "GET /jog/jogszabalyok/201.korm.%20rendelettel%20modositott275.natura%20korm.%20rendelet.pdf HTTP/1.1" 200 330 "-" "Mozilla/5.0 (compatible; YandexBot/3.0; +http://yandex.com/bots)"
66.249.73.108 - - [25/Apr/2013:22:02:48 +0200] "GET /jog/ugyfeljogok.htm HTTP/1.1" 200 14279 "-" "Mozilla/5.0 (iPhone; U; CPU iPhone OS 4_1 like Mac OS X; en-us) AppleWebKit/532.9 (KHTML, like Gecko) Version/4.0.5 Mobile/8B117 Safari/6531.22.7 (compatible; Googlebot-Mobile/2.1; +http://www.google.com/bot.html)"
208.115.113.84 - - [25/Apr/2013:22:14:51 +0200] "GET /jog/adathozzaferes.htm HTTP/1.1" 200 13800 "-" "Mozilla/5.0 (compatible; Ezooms/1.0; ezooms.bot@gmail.com)"
208.115.113.84 - - [25/Apr/2013:22:14:53 +0200] "GET /media.htm HTTP/1.1" 200 5208 "-" "Mozilla/5.0 (compatible; Ezooms/1.0; ezooms.bot@gmail.com)"
157.56.229.186 - - [25/Apr/2013:22:29:05 +0200] "GET /robots.txt HTTP/1.1" 404 1181 "-" "Mozilla/5.0 (compatible; bingbot/2.0; +http://www.bing.com/bingbot.htm)"
66.249.73.108 - - [25/Apr/2013:22:31:26 +0200] "GET /index.htm HTTP/1.1" 200 43954 "-" "Mozilla/5.0 (compatible; Googlebot/2.1; +http://www.google.com/bot.html)"
157.56.229.186 - - [25/Apr/2013:22:31:49 +0200] "GET /hirek/Microsoft%20Word%20-%20csongradi%20duzzaszto%20velemeny%202009.06.11..doc.pdf HTTP/1.1" 200 321155 "-" "Mozilla/5.0 (compatible; bingbot/2.0; +http://www.bing.com/bingbot.htm)"
