86.101.249.64 - - [21/Apr/2013:10:07:12 +0200] "GET /jog/lb/css/lightbox.css HTTP/1.1" 200 1715 "http://www.beklen.hu/jog/publikaciok.htm" "Mozilla/5.0 (Windows NT 5.1) AppleWebKit/537.31 (KHTML, like Gecko) Chrome/26.0.1410.64 Safari/537.31"
86.101.249.64 - - [21/Apr/2013:10:07:12 +0200] "GET /jog/jquery.js HTTP/1.1" 200 72174 "http://www.beklen.hu/jog/publikaciok.htm" "Mozilla/5.0 (Windows NT 5.1) AppleWebKit/537.31 (KHTML, like Gecko) Chrome/26.0.1410.64 Safari/537.31"
86.101.249.64 - - [21/Apr/2013:10:07:12 +0200] "GET /jog/lb/js/prototype.js HTTP/1.1" 200 47603 "http://www.beklen.hu/jog/publikaciok.htm" "Mozilla/5.0 (Windows NT 5.1) AppleWebKit/537.31 (KHTML, like Gecko) Chrome/26.0.1410.64 Safari/537.31"
86.101.249.64 - - [21/Apr/2013:10:07:12 +0200] "GET /jog/lb/js/effects.js HTTP/1.1" 200 31969 "http://www.beklen.hu/jog/publikaciok.htm" "Mozilla/5.0 (Windows NT 5.1) AppleWebKit/537.31 (KHTML, like Gecko) Chrome/26.0.1410.64 Safari/537.31"
86.101.249.64 - - [21/Apr/2013:10:07:12 +0200] "GET /jog/images/menuitem.png HTTP/1.1" 200 20398 "http://www.beklen.hu/jog/publikaciok.htm" "Mozilla/5.0 (Windows NT 5.1) AppleWebKit/537.31 (KHTML, like Gecko) Chrome/26.0.1410.64 Safari/537.31"
86.101.249.64 - - [21/Apr/2013:10:07:12 +0200] "GET /jog/images/nav.png HTTP/1.1" 200 10482 "http://www.beklen.hu/jog/publikaciok.htm" "Mozilla/5.0 (Windows NT 5.1) AppleWebKit/537.31 (KHTML, like Gecko) Chrome/26.0.1410.64 Safari/537.31"
86.101.249.64 - - [21/Apr/2013:10:07:12 +0200] "GET /jog/images/spacer.gif HTTP/1.1" 200 43 "http://www.beklen.hu/jog/publikaciok.htm" "Mozilla/5.0 (Windows NT 5.1) AppleWebKit/537.31 (KHTML, like Gecko) Chrome/26.0.1410.64 Safari/537.31"
86.101.249.64 - - [21/Apr/2013:10:07:12 +0200] "GET /jog/images/subitem.png HTTP/1.1" 200 81 "http://www.beklen.hu/jog/publikaciok.htm" "Mozilla/5.0 (Windows NT 5.1) AppleWebKit/537.31 (KHTML, like Gecko) Chrome/26.0.1410.64 Safari/537.31"
86.101.249.64 - - [21/Apr/2013:10:07:12 +0200] "GET /jog/images/Bottom_texture.jpg HTTP/1.1" 200 193775 "http://www.beklen.hu/jog/publikaciok.htm" "Mozilla/5.0 (Windows NT 5.1) AppleWebKit/537.31 (KHTML, like Gecko) Chrome/26.0.1410.64 Safari/537.31"
86.101.249.64 - - [21/Apr/2013:10:07:12 +0200] "GET /jog/images/post_s.png HTTP/1.1" 200 466 "http://www.beklen.hu/jog/publikaciok.htm" "Mozilla/5.0 (Windows NT 5.1) AppleWebKit/537.31 (KHTML, like Gecko) Chrome/26.0.1410.64 Safari/537.31"
86.101.249.64 - - [21/Apr/2013:10:07:12 +0200] "GET /jog/images/header.png HTTP/1.1" 200 170837 "http://www.beklen.hu/jog/publikaciok.htm" "Mozilla/5.0 (Windows NT 5.1) AppleWebKit/537.31 (KHTML, like Gecko) Chrome/26.0.1410.64 Safari/537.31"
86.101.249.64 - - [21/Apr/2013:10:07:12 +0200] "GET /jog/images/post_h.png HTTP/1.1" 200 292 "http://www.beklen.hu/jog/publikaciok.htm" "Mozilla/5.0 (Windows NT 5.1) AppleWebKit/537.31 (KHTML, like Gecko) Chrome/26.0.1410.64 Safari/537.31"
66.249.78.60 - - [21/Apr/2013:10:22:44 +0200] "GET /jog/eseteink/duzzaszto/gyulavari_duzz_felugyeloseg.pdf HTTP/1.1" 200 100180 "-" "Mozilla/5.0 (compatible; Googlebot/2.1; +http://www.google.com/bot.html)"
37.140.141.19 - - [21/Apr/2013:10:34:05 +0200] "GET /jog/eseteink/derekegyhaza/kepek/37-431_o_2005__.jpg HTTP/1.1" 304 - "-" "Mozilla/5.0 (compatible; YandexImages/3.0; +http://yandex.com/bots)"
66.249.78.60 - - [21/Apr/2013:10:45:03 +0200] "GET /hirek/1303203.htm HTTP/1.1" 304 - "-" "Mozilla/5.0 (iPhone; U; CPU iPhone OS 4_1 like Mac OS X; en-us) AppleWebKit/532.9 (KHTML, like Gecko) Version/4.0.5 Mobile/8B117 Safari/6531.22.7 (compatible; Googlebot-Mobile/2.1; +http://www.google.com/bot.html)"
66.249.78.60 - - [21/Apr/2013:10:52:32 +0200] "GET /jog/eseteink/audi/audi_gyor_restoration_measures15-.pdf HTTP/1.1" 304 - "-" "Mozilla/5.0 (iPhone; U; CPU iPhone OS 4_1 like Mac OS X; en-us) AppleWebKit/532.9 (KHTML, like Gecko) Version/4.0.5 Mobile/8B117 Safari/6531.22.7 (compatible; Googlebot-Mobile/2.1; +http://www.google.com/bot.html)"
66.249.78.60 - - [21/Apr/2013:10:59:52 +0200] "GET /jog/eseteink/poroszlo/poroszlo-ombudsman.pdf HTTP/1.1" 200 161212 "-" "Mozilla/5.0 (compatible; Googlebot/2.1; +http://www.google.com/bot.html)"
66.249.78.60 - - [21/Apr/2013:11:08:10 +0200] "GET /jog/ugyeszsegek.htm HTTP/1.1" 304 - "-" "Mozilla/5.0 (iPhone; U; CPU iPhone OS 4_1 like Mac OS X; en-us) AppleWebKit/532.9 (KHTML, like Gecko) Version/4.0.5 Mobile/8B117 Safari/6531.22.7 (compatible; Googlebot-Mobile/2.1; +http://www.google.com/bot.html)"
66.249.75.200 - - [21/Apr/2013:11:24:30 +0200] "GET /jog/eseteink/audi/application_of_hungarian_authorities_for_the_commission_opinion_1.pdf HTTP/1.1" 200 3298753 "-" "Mozilla/5.0 (compatible; Googlebot/2.1; +http://www.google.com/bot.html)"
66.249.78.60 - - [21/Apr/2013:11:27:11 +0200] "GET /jog/eseteink/duzzaszto/gyulavari_kotelezes2.pdf HTTP/1.1" 304 - "-" "Mozilla/5.0 (compatible; Googlebot/2.1; +http://www.google.com/bot.html)"
199.30.20.87 - - [21/Apr/2013:11:31:19 +0200] "GET /robots.txt HTTP/1.1" 404 1181 "-" "msnbot-media/1.1 (+http://search.msn.com/msnbot.htm)"
199.30.20.87 - - [21/Apr/2013:11:31:19 +0200] "GET /tm07.jpg HTTP/1.1" 200 1007 "-" "msnbot-media/1.1 (+http://search.msn.com/msnbot.htm)"
37.140.141.19 - - [21/Apr/2013:11:36:56 +0200] "GET /tm04.jpg HTTP/1.1" 200 2613 "-" "Mozilla/5.0 (compatible; YandexImages/3.0; +http://yandex.com/bots)"
199.30.16.28 - - [21/Apr/2013:11:47:00 +0200] "GET /robots.txt HTTP/1.1" 404 1181 "-" "msnbot-media/1.1 (+http://search.msn.com/msnbot.htm)"
199.30.16.28 - - [21/Apr/2013:11:47:00 +0200] "GET /tm02_.jpg HTTP/1.1" 200 1524 "-" "msnbot-media/1.1 (+http://search.msn.com/msnbot.htm)"
66.249.78.60 - - [21/Apr/2013:11:47:58 +0200] "GET /jog/eseteink/korosladany/korosladany-onkormanyzat.pdf HTTP/1.1" 304 - "-" "Mozilla/5.0 (compatible; Googlebot/2.1; +http://www.google.com/bot.html)"
66.249.78.60 - - [21/Apr/2013:11:53:24 +0200] "GET /jog/eseteink/korosladany/apvrt_nek3.pdf HTTP/1.1" 200 167171 "-" "Mozilla/5.0 (compatible; Googlebot/2.1; +http://www.google.com/bot.html)"
199.30.20.59 - - [21/Apr/2013:12:02:08 +0200] "GET /robots.txt HTTP/1.1" 404 1181 "-" "msnbot-media/1.1 (+http://search.msn.com/msnbot.htm)"
199.30.20.59 - - [21/Apr/2013:12:02:08 +0200] "GET /tm05_.jpg HTTP/1.1" 200 1839 "-" "msnbot-media/1.1 (+http://search.msn.com/msnbot.htm)"
66.249.78.60 - - [21/Apr/2013:12:06:26 +0200] "GET /fiok/mult.htm HTTP/1.1" 200 23227 "-" "SAMSUNG-SGH-E250/1.0 Profile/MIDP-2.0 Configuration/CLDC-1.1 UP.Browser/6.2.3.3.c.1.101 (GUI) MMP/2.0 (compatible; Googlebot-Mobile/2.1; +http://www.google.com/bot.html)"
199.30.20.126 - - [21/Apr/2013:12:32:58 +0200] "GET /robots.txt HTTP/1.1" 404 1181 "-" "msnbot-media/1.1 (+http://search.msn.com/msnbot.htm)"
199.30.20.126 - - [21/Apr/2013:12:32:59 +0200] "GET /tm01.jpg HTTP/1.1" 200 1080 "-" "msnbot-media/1.1 (+http://search.msn.com/msnbot.htm)"
37.140.141.19 - - [21/Apr/2013:12:38:28 +0200] "GET /tm04_.jpg HTTP/1.1" 200 2058 "-" "Mozilla/5.0 (compatible; YandexImages/3.0; +http://yandex.com/bots)"
66.249.75.200 - - [21/Apr/2013:12:40:03 +0200] "GET /jog/eseteink/korosladany/szeged_birosag2.pdf HTTP/1.1" 200 95330 "-" "Mozilla/5.0 (iPhone; U; CPU iPhone OS 4_1 like Mac OS X; en-us) AppleWebKit/532.9 (KHTML, like Gecko) Version/4.0.5 Mobile/8B117 Safari/6531.22.7 (compatible; Googlebot-Mobile/2.1; +http://www.google.com/bot.html)"
66.249.78.60 - - [21/Apr/2013:12:40:26 +0200] "GET /jog/eseteink/dakar/kdtktvf_dakar_fellebbezes.pdf HTTP/1.1" 304 - "-" "Mozilla/5.0 (compatible; Googlebot/2.1; +http://www.google.com/bot.html)"
66.249.78.60 - - [21/Apr/2013:12:44:34 +0200] "GET /jog/adathozzaferes.htm HTTP/1.1" 304 - "-" "Mozilla/5.0 (iPhone; U; CPU iPhone OS 4_1 like Mac OS X; en-us) AppleWebKit/532.9 (KHTML, like Gecko) Version/4.0.5 Mobile/8B117 Safari/6531.22.7 (compatible; Googlebot-Mobile/2.1; +http://www.google.com/bot.html)"
66.249.78.60 - - [21/Apr/2013:12:45:17 +0200] "GET /hirek/hirek090302.htm HTTP/1.1" 304 - "-" "Mozilla/5.0 (compatible; Googlebot/2.1; +http://www.google.com/bot.html)"
157.55.32.76 - - [21/Apr/2013:12:48:53 +0200] "GET /robots.txt HTTP/1.1" 404 1181 "-" "Mozilla/5.0 (compatible; bingbot/2.0; +http://www.bing.com/bingbot.htm)"
157.55.32.76 - - [21/Apr/2013:12:50:38 +0200] "GET / HTTP/1.1" 200 43954 "-" "Mozilla/5.0 (compatible; bingbot/2.0; +http://www.bing.com/bingbot.htm)"
66.249.75.200 - - [21/Apr/2013:12:53:52 +0200] "GET /jog/jogsegely.htm HTTP/1.1" 200 14053 "-" "DoCoMo/2.0 N905i(c100;TB;W24H16) (compatible; Googlebot-Mobile/2.1; +http://www.google.com/bot.html)"
180.76.5.17 - - [21/Apr/2013:13:08:23 +0200] "GET /jog/eseteink/derekegyhaza/biroi_vegzes.pdf HTTP/1.1" 200 772975 "-" "Mozilla/5.0 (Windows NT 5.1; rv:6.0.2) Gecko/20100101 Firefox/6.0.2"
199.30.16.36 - - [21/Apr/2013:13:09:33 +0200] "GET /robots.txt HTTP/1.1" 404 1181 "-" "msnbot-media/1.1 (+http://search.msn.com/msnbot.htm)"
199.30.16.36 - - [21/Apr/2013:13:09:34 +0200] "GET /tm02.jpg HTTP/1.1" 200 1873 "-" "msnbot-media/1.1 (+http://search.msn.com/msnbot.htm)"
66.249.76.200 - - [21/Apr/2013:13:21:07 +0200] "GET /robots.txt HTTP/1.1" 404 1181 "-" "Mozilla/5.0 (compatible; Googlebot/2.1; +http://www.google.com/bot.html)"
66.249.76.200 - - [21/Apr/2013:13:21:07 +0200] "GET /hirek/1303201.htm HTTP/1.1" 304 - "-" "Mozilla/5.0 (iPhone; U; CPU iPhone OS 4_1 like Mac OS X; en-us) AppleWebKit/532.9 (KHTML, like Gecko) Version/4.0.5 Mobile/8B117 Safari/6531.22.7 (compatible; Googlebot-Mobile/2.1; +http://www.google.com/bot.html)"
37.140.141.19 - - [21/Apr/2013:13:41:50 +0200] "GET /jog/eseteink/derekegyhaza/kepek/37-433_.jpg HTTP/1.1" 304 - "-" "Mozilla/5.0 (compatible; YandexImages/3.0; +http://yandex.com/bots)"
66.249.76.200 - - [21/Apr/2013:14:07:48 +0200] "GET /jog/eseteink/dakar/index.htm HTTP/1.1" 304 - "-" "Mozilla/5.0 (compatible; Googlebot/2.1; +http://www.google.com/bot.html)"
66.249.76.200 - - [21/Apr/2013:14:35:46 +0200] "GET /hirek08_10.htm HTTP/1.1" 304 - "-" "Mozilla/5.0 (iPhone; U; CPU iPhone OS 4_1 like Mac OS X; en-us) AppleWebKit/532.9 (KHTML, like Gecko) Version/4.0.5 Mobile/8B117 Safari/6531.22.7 (compatible; Googlebot-Mobile/2.1; +http://www.google.com/bot.html)"
66.249.76.200 - - [21/Apr/2013:14:40:34 +0200] "GET /jog/eseteink/dakar/36559-10.pdf HTTP/1.1" 304 - "-" "Mozilla/5.0 (compatible; Googlebot/2.1; +http://www.google.com/bot.html)"
37.140.141.19 - - [21/Apr/2013:14:44:32 +0200] "GET /jog/img/magyar_cimer.png HTTP/1.1" 200 1900 "-" "Mozilla/5.0 (compatible; YandexImages/3.0; +http://yandex.com/bots)"
66.249.76.200 - - [21/Apr/2013:15:45:34 +0200] "GET /jog/eseteink/derekegyhaza/fvm_kekto.pdf HTTP/1.1" 200 125833 "-" "Mozilla/5.0 (compatible; Googlebot/2.1; +http://www.google.com/bot.html)"
37.140.141.19 - - [21/Apr/2013:15:46:58 +0200] "GET /deutsch/d03.jpg HTTP/1.1" 200 1235 "-" "Mozilla/5.0 (compatible; YandexImages/3.0; +http://yandex.com/bots)"
66.249.76.200 - - [21/Apr/2013:16:00:19 +0200] "GET /jog/ugyeszsegek.htm HTTP/1.1" 200 13810 "-" "Mozilla/5.0 (compatible; Googlebot/2.1; +http://www.google.com/bot.html)"
66.249.76.200 - - [21/Apr/2013:16:19:27 +0200] "GET /jog/eseteink/derekegyhaza/mszh_elsofok_ugyfel_elutasitas_1.jpg HTTP/1.1" 304 - "-" "Googlebot-Image/1.0"
66.249.76.200 - - [21/Apr/2013:16:21:19 +0200] "GET /hirek/1303202.htm HTTP/1.1" 304 - "-" "Mozilla/5.0 (iPhone; U; CPU iPhone OS 4_1 like Mac OS X; en-us) AppleWebKit/532.9 (KHTML, like Gecko) Version/4.0.5 Mobile/8B117 Safari/6531.22.7 (compatible; Googlebot-Mobile/2.1; +http://www.google.com/bot.html)"
94.27.215.100 - - [21/Apr/2013:16:23:33 +0200] "GET /jog/eseteink/derekegyhaza/mszh_elsofok_ugyfel_elutasitas_1.jpg HTTP/1.1" 200 1086764 "http://www.google.hu/blank.html" "Mozilla/5.0 (Windows NT 5.1; rv:20.0) Gecko/20100101 Firefox/20.0"
208.115.113.84 - - [21/Apr/2013:16:25:37 +0200] "GET /robots.txt HTTP/1.1" 404 1181 "-" "Mozilla/5.0 (compatible; Ezooms/1.0; ezooms.bot@gmail.com)"
66.249.76.200 - - [21/Apr/2013:16:26:56 +0200] "GET /jog/eseteink/audi/audi_gyor_restoration_measures11-15.pdf HTTP/1.1" 304 - "-" "Mozilla/5.0 (iPhone; U; CPU iPhone OS 4_1 like Mac OS X; en-us) AppleWebKit/532.9 (KHTML, like Gecko) Version/4.0.5 Mobile/8B117 Safari/6531.22.7 (compatible; Googlebot-Mobile/2.1; +http://www.google.com/bot.html)"
199.30.16.15 - - [21/Apr/2013:16:37:38 +0200] "GET /robots.txt HTTP/1.1" 404 1181 "-" "msnbot-media/1.1 (+http://search.msn.com/msnbot.htm)"
199.30.16.15 - - [21/Apr/2013:16:37:39 +0200] "GET /tm06_.jpg HTTP/1.1" 200 1382 "-" "msnbot-media/1.1 (+http://search.msn.com/msnbot.htm)"
37.140.141.19 - - [21/Apr/2013:16:48:49 +0200] "GET /tm02_.jpg HTTP/1.1" 200 1524 "-" "Mozilla/5.0 (compatible; YandexImages/3.0; +http://yandex.com/bots)"
66.249.76.200 - - [21/Apr/2013:16:51:08 +0200] "GET /jog/eseteink/audi/audi_gyor_restoration_measures11-15.pdf HTTP/1.1" 304 - "-" "Mozilla/5.0 (compatible; Googlebot/2.1; +http://www.google.com/bot.html)"
66.249.76.200 - - [21/Apr/2013:17:01:13 +0200] "GET /jog/eseteink/malom/fotok/img_3050.jpg HTTP/1.1" 304 - "-" "Googlebot-Image/1.0"
66.249.76.200 - - [21/Apr/2013:17:45:46 +0200] "GET /fiok/gazdasag.htm HTTP/1.1" 200 22480 "-" "SAMSUNG-SGH-E250/1.0 Profile/MIDP-2.0 Configuration/CLDC-1.1 UP.Browser/6.2.3.3.c.1.101 (GUI) MMP/2.0 (compatible; Googlebot-Mobile/2.1; +http://www.google.com/bot.html)"
37.140.141.19 - - [21/Apr/2013:17:51:41 +0200] "GET /tm02.jpg HTTP/1.1" 200 1873 "-" "Mozilla/5.0 (compatible; YandexImages/3.0; +http://yandex.com/bots)"
88.72.7.251 - - [21/Apr/2013:18:00:07 +0200] "GET /robots.txt HTTP/1.1" 404 1181 "-" "findlinks/1.1.6-beta1 (+http://wortschatz.uni-leipzig.de/findlinks/)"
66.249.76.200 - - [21/Apr/2013:18:03:54 +0200] "GET /hirek/hirek090428.htm HTTP/1.1" 200 24808 "-" "Mozilla/5.0 (compatible; Googlebot/2.1; +http://www.google.com/bot.html)"
208.115.113.84 - - [21/Apr/2013:18:13:50 +0200] "GET /jog/ugyeszsegek.htm HTTP/1.1" 200 13810 "-" "Mozilla/5.0 (compatible; Ezooms/1.0; ezooms.bot@gmail.com)"
66.249.76.200 - - [21/Apr/2013:18:20:11 +0200] "GET /jog/eseteink/derekegyhaza/kotvife_kekto_kerites.pdf HTTP/1.1" 304 - "-" "Mozilla/5.0 (compatible; Googlebot/2.1; +http://www.google.com/bot.html)"
66.249.76.200 - - [21/Apr/2013:18:20:55 +0200] "GET /jog/eseteink/korosladany/tajekoztatas_keres_atikotevife.pdf HTTP/1.1" 200 157985 "-" "Mozilla/5.0 (iPhone; U; CPU iPhone OS 4_1 like Mac OS X; en-us) AppleWebKit/532.9 (KHTML, like Gecko) Version/4.0.5 Mobile/8B117 Safari/6531.22.7 (compatible; Googlebot-Mobile/2.1; +http://www.google.com/bot.html)"
66.249.76.200 - - [21/Apr/2013:18:27:12 +0200] "GET /jog/eseteink/audi/additional_information_on_the_compensatory_measures_provided_by_hungarian_authorities_at_the_request_of_the_commission_3.pdf HTTP/1.1" 304 - "-" "Mozilla/5.0 (iPhone; U; CPU iPhone OS 4_1 like Mac OS X; en-us) AppleWebKit/532.9 (KHTML, like Gecko) Version/4.0.5 Mobile/8B117 Safari/6531.22.7 (compatible; Googlebot-Mobile/2.1; +http://www.google.com/bot.html)"
37.140.141.19 - - [21/Apr/2013:18:54:08 +0200] "GET /jog/eseteink/derekegyhaza/kepek/37-431_.jpg HTTP/1.1" 304 - "-" "Mozilla/5.0 (compatible; YandexImages/3.0; +http://yandex.com/bots)"
66.249.76.200 - - [21/Apr/2013:19:16:09 +0200] "GET /jog/eseteink/derekegyhaza/asz_kerites_ugyfel_fellebezes.pdf HTTP/1.1" 304 - "-" "Mozilla/5.0 (compatible; Googlebot/2.1; +http://www.google.com/bot.html)"
66.249.76.200 - - [21/Apr/2013:19:19:05 +0200] "GET /fiok/gazdasag.htm HTTP/1.1" 200 22480 "-" "DoCoMo/2.0 N905i(c100;TB;W24H16) (compatible; Googlebot-Mobile/2.1; +http://www.google.com/bot.html)"
65.55.215.104 - - [21/Apr/2013:19:19:14 +0200] "GET /robots.txt HTTP/1.1" 404 1181 "-" "msnbot-media/1.1 (+http://search.msn.com/msnbot.htm)"
65.55.215.104 - - [21/Apr/2013:19:19:15 +0200] "GET /tm03_.jpg HTTP/1.1" 200 1787 "-" "msnbot-media/1.1 (+http://search.msn.com/msnbot.htm)"
66.249.76.200 - - [21/Apr/2013:19:37:50 +0200] "GET /hirek/130313.htm HTTP/1.1" 304 - "-" "Mozilla/5.0 (iPhone; U; CPU iPhone OS 4_1 like Mac OS X; en-us) AppleWebKit/532.9 (KHTML, like Gecko) Version/4.0.5 Mobile/8B117 Safari/6531.22.7 (compatible; Googlebot-Mobile/2.1; +http://www.google.com/bot.html)"
66.249.76.200 - - [21/Apr/2013:19:51:13 +0200] "GET /jog/pub/+jog_jav.pdf HTTP/1.1" 304 - "-" "Mozilla/5.0 (compatible; Googlebot/2.1; +http://www.google.com/bot.html)"
37.140.141.19 - - [21/Apr/2013:19:56:22 +0200] "GET /deutsch/d02.jpg HTTP/1.1" 200 1339 "-" "Mozilla/5.0 (compatible; YandexImages/3.0; +http://yandex.com/bots)"
66.249.76.200 - - [21/Apr/2013:19:56:38 +0200] "GET /jog/eseteink/audi/eu.%20biz.%20fotitkaranak.pdf HTTP/1.1" 304 - "-" "Mozilla/5.0 (iPhone; U; CPU iPhone OS 4_1 like Mac OS X; en-us) AppleWebKit/532.9 (KHTML, like Gecko) Version/4.0.5 Mobile/8B117 Safari/6531.22.7 (compatible; Googlebot-Mobile/2.1; +http://www.google.com/bot.html)"
204.12.208.234 - - [21/Apr/2013:20:40:40 +0200] "GET /robots.txt HTTP/1.0" 404 1181 "-" "Mozilla/5.0 (compatible; MJ12bot/v1.4.3; http://www.majestic12.co.uk/bot.php?+)"
204.12.208.234 - - [21/Apr/2013:20:40:42 +0200] "GET /deutsch/index.htm HTTP/1.0" 200 5324 "-" "Mozilla/5.0 (compatible; MJ12bot/v1.4.3; http://www.majestic12.co.uk/bot.php?+)"
204.12.208.234 - - [21/Apr/2013:20:40:44 +0200] "GET /english/index.htm HTTP/1.0" 200 5262 "-" "Mozilla/5.0 (compatible; MJ12bot/v1.4.3; http://www.majestic12.co.uk/bot.php?+)"
204.12.208.234 - - [21/Apr/2013:20:40:45 +0200] "GET /fiok/index.html HTTP/1.0" 200 20554 "-" "Mozilla/5.0 (compatible; MJ12bot/v1.4.3; http://www.majestic12.co.uk/bot.php?+)"
204.12.208.234 - - [21/Apr/2013:20:40:48 +0200] "GET /hirarchivum.htm HTTP/1.0" 200 24981 "-" "Mozilla/5.0 (compatible; MJ12bot/v1.4.3; http://www.majestic12.co.uk/bot.php?+)"
204.12.208.234 - - [21/Apr/2013:20:40:52 +0200] "GET /hirek/hirek090301.htm HTTP/1.0" 200 7022 "-" "Mozilla/5.0 (compatible; MJ12bot/v1.4.3; http://www.majestic12.co.uk/bot.php?+)"
204.12.208.234 - - [21/Apr/2013:20:40:56 +0200] "GET /hirek/hirek090302.htm HTTP/1.0" 200 8452 "-" "Mozilla/5.0 (compatible; MJ12bot/v1.4.3; http://www.majestic12.co.uk/bot.php?+)"
204.12.208.234 - - [21/Apr/2013:20:41:23 +0200] "GET /robots.txt HTTP/1.0" 404 1181 "-" "Mozilla/5.0 (compatible; MJ12bot/v1.4.3; http://www.majestic12.co.uk/bot.php?+)"
204.12.208.234 - - [21/Apr/2013:20:41:25 +0200] "GET /hirek/hirek090303.htm HTTP/1.0" 200 7721 "-" "Mozilla/5.0 (compatible; MJ12bot/v1.4.3; http://www.majestic12.co.uk/bot.php?+)"
204.12.208.234 - - [21/Apr/2013:20:41:28 +0200] "GET /hirek/hirek090428.htm HTTP/1.0" 200 24808 "-" "Mozilla/5.0 (compatible; MJ12bot/v1.4.3; http://www.majestic12.co.uk/bot.php?+)"
204.12.208.234 - - [21/Apr/2013:20:41:29 +0200] "GET /hirek/hirek090509.htm HTTP/1.0" 200 7803 "-" "Mozilla/5.0 (compatible; MJ12bot/v1.4.3; http://www.majestic12.co.uk/bot.php?+)"
204.12.208.234 - - [21/Apr/2013:20:41:31 +0200] "GET /hirek/hirek090510.htm HTTP/1.0" 200 12743 "-" "Mozilla/5.0 (compatible; MJ12bot/v1.4.3; http://www.majestic12.co.uk/bot.php?+)"
204.12.208.234 - - [21/Apr/2013:20:41:33 +0200] "GET /hirek/hirek090602.htm HTTP/1.0" 200 7261 "-" "Mozilla/5.0 (compatible; MJ12bot/v1.4.3; http://www.majestic12.co.uk/bot.php?+)"
204.12.208.234 - - [21/Apr/2013:20:41:35 +0200] "GET /hirek/hirek090605.htm HTTP/1.0" 200 7994 "-" "Mozilla/5.0 (compatible; MJ12bot/v1.4.3; http://www.majestic12.co.uk/bot.php?+)"
204.12.208.234 - - [21/Apr/2013:20:41:38 +0200] "GET /hirek/hirek090619.htm HTTP/1.0" 200 7871 "-" "Mozilla/5.0 (compatible; MJ12bot/v1.4.3; http://www.majestic12.co.uk/bot.php?+)"
204.12.208.234 - - [21/Apr/2013:20:41:41 +0200] "GET /hirek/hirek090930.htm HTTP/1.0" 200 7044 "-" "Mozilla/5.0 (compatible; MJ12bot/v1.4.3; http://www.majestic12.co.uk/bot.php?+)"
204.12.208.234 - - [21/Apr/2013:20:41:43 +0200] "GET /robots.txt HTTP/1.0" 404 1181 "-" "Mozilla/5.0 (compatible; MJ12bot/v1.4.3; http://www.majestic12.co.uk/bot.php?+)"
204.12.208.234 - - [21/Apr/2013:20:41:45 +0200] "GET /hirek/hirek091015.htm HTTP/1.0" 200 7046 "-" "Mozilla/5.0 (compatible; MJ12bot/v1.4.3; http://www.majestic12.co.uk/bot.php?+)"
204.12.208.234 - - [21/Apr/2013:20:41:47 +0200] "GET /hirek/hirek091102.htm HTTP/1.0" 200 8538 "-" "Mozilla/5.0 (compatible; MJ12bot/v1.4.3; http://www.majestic12.co.uk/bot.php?+)"
204.12.208.234 - - [21/Apr/2013:20:41:49 +0200] "GET /hirek/hirek091103.htm HTTP/1.0" 200 7301 "-" "Mozilla/5.0 (compatible; MJ12bot/v1.4.3; http://www.majestic12.co.uk/bot.php?+)"
204.12.208.234 - - [21/Apr/2013:20:41:52 +0200] "GET /hirek/hirek091221.htm HTTP/1.0" 200 6740 "-" "Mozilla/5.0 (compatible; MJ12bot/v1.4.3; http://www.majestic12.co.uk/bot.php?+)"
204.12.208.234 - - [21/Apr/2013:20:41:55 +0200] "GET /hirek/hirek09_03.htm HTTP/1.0" 200 10810 "-" "Mozilla/5.0 (compatible; MJ12bot/v1.4.3; http://www.majestic12.co.uk/bot.php?+)"
204.12.208.234 - - [21/Apr/2013:20:41:57 +0200] "GET /hirek/hirek100225.htm HTTP/1.0" 200 7288 "-" "Mozilla/5.0 (compatible; MJ12bot/v1.4.3; http://www.majestic12.co.uk/bot.php?+)"
204.12.208.234 - - [21/Apr/2013:20:41:59 +0200] "GET /hirek/hirek100305.htm HTTP/1.0" 200 7091 "-" "Mozilla/5.0 (compatible; MJ12bot/v1.4.3; http://www.majestic12.co.uk/bot.php?+)"
204.12.208.234 - - [21/Apr/2013:20:42:16 +0200] "GET /robots.txt HTTP/1.0" 404 1181 "-" "Mozilla/5.0 (compatible; MJ12bot/v1.4.3; http://www.majestic12.co.uk/bot.php?+)"
204.12.208.234 - - [21/Apr/2013:20:42:19 +0200] "GET /hirek/hirek100420.htm HTTP/1.0" 200 7914 "-" "Mozilla/5.0 (compatible; MJ12bot/v1.4.3; http://www.majestic12.co.uk/bot.php?+)"
204.12.208.234 - - [21/Apr/2013:20:42:23 +0200] "GET /hirek/hirek100728.htm HTTP/1.0" 200 7560 "-" "Mozilla/5.0 (compatible; MJ12bot/v1.4.3; http://www.majestic12.co.uk/bot.php?+)"
204.12.208.234 - - [21/Apr/2013:20:42:27 +0200] "GET /hirek/hirek100804.htm HTTP/1.0" 200 8056 "-" "Mozilla/5.0 (compatible; MJ12bot/v1.4.3; http://www.majestic12.co.uk/bot.php?+)"
204.12.208.234 - - [21/Apr/2013:20:42:49 +0200] "GET /robots.txt HTTP/1.0" 404 1181 "-" "Mozilla/5.0 (compatible; MJ12bot/v1.4.3; http://www.majestic12.co.uk/bot.php?+)"
204.12.208.234 - - [21/Apr/2013:20:42:51 +0200] "GET /hirek/hirek100810.htm HTTP/1.0" 200 8123 "-" "Mozilla/5.0 (compatible; MJ12bot/v1.4.3; http://www.majestic12.co.uk/bot.php?+)"
204.12.208.234 - - [21/Apr/2013:20:42:54 +0200] "GET /hirek/hirek101025.htm HTTP/1.0" 200 8786 "-" "Mozilla/5.0 (compatible; MJ12bot/v1.4.3; http://www.majestic12.co.uk/bot.php?+)"
204.12.208.234 - - [21/Apr/2013:20:42:57 +0200] "GET /hirek/hirek101027.htm HTTP/1.0" 200 9627 "-" "Mozilla/5.0 (compatible; MJ12bot/v1.4.3; http://www.majestic12.co.uk/bot.php?+)"
204.12.208.234 - - [21/Apr/2013:20:43:00 +0200] "GET /hirek/hirek101213.htm HTTP/1.0" 200 8671 "-" "Mozilla/5.0 (compatible; MJ12bot/v1.4.3; http://www.majestic12.co.uk/bot.php?+)"
204.12.208.234 - - [21/Apr/2013:20:43:03 +0200] "GET /hirek09_03.htm HTTP/1.0" 200 10726 "-" "Mozilla/5.0 (compatible; MJ12bot/v1.4.3; http://www.majestic12.co.uk/bot.php?+)"
204.12.208.234 - - [21/Apr/2013:20:43:05 +0200] "GET /index.htm HTTP/1.0" 200 43954 "-" "Mozilla/5.0 (compatible; MJ12bot/v1.4.3; http://www.majestic12.co.uk/bot.php?+)"
204.12.208.234 - - [21/Apr/2013:20:43:07 +0200] "GET /kapcsolat.htm HTTP/1.0" 200 6875 "-" "Mozilla/5.0 (compatible; MJ12bot/v1.4.3; http://www.majestic12.co.uk/bot.php?+)"
204.12.208.234 - - [21/Apr/2013:20:43:10 +0200] "GET /magunkrol.htm HTTP/1.0" 200 9161 "-" "Mozilla/5.0 (compatible; MJ12bot/v1.4.3; http://www.majestic12.co.uk/bot.php?+)"
204.12.208.234 - - [21/Apr/2013:20:43:12 +0200] "GET /media.htm HTTP/1.0" 200 5208 "-" "Mozilla/5.0 (compatible; MJ12bot/v1.4.3; http://www.majestic12.co.uk/bot.php?+)"
204.12.208.234 - - [21/Apr/2013:20:43:18 +0200] "GET /programok.htm HTTP/1.0" 200 6444 "-" "Mozilla/5.0 (compatible; MJ12bot/v1.4.3; http://www.majestic12.co.uk/bot.php?+)"
66.249.76.200 - - [21/Apr/2013:20:43:56 +0200] "GET /jog/eseteink/audi/gestdem_2011-3951_-_benedek_sallai_-_demande_confirmative.pdf HTTP/1.1" 304 - "-" "Mozilla/5.0 (iPhone; U; CPU iPhone OS 4_1 like Mac OS X; en-us) AppleWebKit/532.9 (KHTML, like Gecko) Version/4.0.5 Mobile/8B117 Safari/6531.22.7 (compatible; Googlebot-Mobile/2.1; +http://www.google.com/bot.html)"
37.140.141.19 - - [21/Apr/2013:20:58:24 +0200] "GET /jog/eseteink/derekegyhaza/mszh_elsofok_ugyfel_elutasitas_2.jpg HTTP/1.1" 304 - "-" "Mozilla/5.0 (compatible; YandexImages/3.0; +http://yandex.com/bots)"
66.249.76.200 - - [21/Apr/2013:21:02:28 +0200] "GET /hirek/fotok_alsoberettyo/DSCF2486.jpg HTTP/1.1" 304 - "-" "Googlebot-Image/1.0"
180.76.6.28 - - [21/Apr/2013:21:12:40 +0200] "GET /fiok/program_reszek/news.html HTTP/1.1" 404 1181 "-" "Mozilla/5.0 (compatible; Baiduspider/2.0; +http://www.baidu.com/search/spider.html)"
157.55.32.101 - - [21/Apr/2013:21:19:49 +0200] "GET /robots.txt HTTP/1.1" 404 1181 "-" "Mozilla/5.0 (compatible; bingbot/2.0; +http://www.bing.com/bingbot.htm)"
157.55.32.101 - - [21/Apr/2013:21:21:38 +0200] "GET /khb.htm HTTP/1.1" 304 - "-" "Mozilla/5.0 (compatible; bingbot/2.0; +http://www.bing.com/bingbot.htm)"
37.140.141.19 - - [21/Apr/2013:21:59:59 +0200] "GET /jog/eseteink/derekegyhaza/kepek/vadaskert-szakhat.jpg HTTP/1.1" 304 - "-" "Mozilla/5.0 (compatible; YandexImages/3.0; +http://yandex.com/bots)"
66.249.76.200 - - [21/Apr/2013:22:56:45 +0200] "GET /hirek/hirek090301.htm HTTP/1.1" 200 7022 "-" "SAMSUNG-SGH-E250/1.0 Profile/MIDP-2.0 Configuration/CLDC-1.1 UP.Browser/6.2.3.3.c.1.101 (GUI) MMP/2.0 (compatible; Googlebot-Mobile/2.1; +http://www.google.com/bot.html)"
78.131.65.49 - - [21/Apr/2013:23:10:45 +0200] "GET /jog/eseteink/derekegyhaza/mszhk_masodfok_ugyfel_elutasitas_1.jpg HTTP/1.1" 200 995513 "http://www.google.hu/blank.html" "Mozilla/5.0 (Windows NT 5.1) AppleWebKit/537.31 (KHTML, like Gecko) Chrome/26.0.1410.64 Safari/537.31"
66.249.76.200 - - [21/Apr/2013:23:14:45 +0200] "GET /jog/eseteink/audi/ferto-hansag_ii.pdf HTTP/1.1" 304 - "-" "Mozilla/5.0 (iPhone; U; CPU iPhone OS 4_1 like Mac OS X; en-us) AppleWebKit/532.9 (KHTML, like Gecko) Version/4.0.5 Mobile/8B117 Safari/6531.22.7 (compatible; Googlebot-Mobile/2.1; +http://www.google.com/bot.html)"
66.249.76.200 - - [21/Apr/2013:23:28:49 +0200] "GET /hirek/130312.htm HTTP/1.1" 304 - "-" "Mozilla/5.0 (iPhone; U; CPU iPhone OS 4_1 like Mac OS X; en-us) AppleWebKit/532.9 (KHTML, like Gecko) Version/4.0.5 Mobile/8B117 Safari/6531.22.7 (compatible; Googlebot-Mobile/2.1; +http://www.google.com/bot.html)"
37.140.141.19 - - [21/Apr/2013:23:33:10 +0200] "GET /images/karpatok_.jpg HTTP/1.1" 304 - "-" "Mozilla/5.0 (compatible; YandexImages/3.0; +http://yandex.com/bots)"
199.30.16.63 - - [22/Apr/2013:00:04:13 +0200] "GET /robots.txt HTTP/1.1" 404 1181 "-" "msnbot-media/1.1 (+http://search.msn.com/msnbot.htm)"
199.30.16.63 - - [22/Apr/2013:00:04:13 +0200] "GET /tm05.jpg HTTP/1.1" 200 2253 "-" "msnbot-media/1.1 (+http://search.msn.com/msnbot.htm)"
157.55.32.101 - - [22/Apr/2013:00:37:33 +0200] "GET /robots.txt HTTP/1.1" 404 1181 "-" "Mozilla/5.0 (compatible; bingbot/2.0; +http://www.bing.com/bingbot.htm)"
157.55.32.101 - - [22/Apr/2013:00:39:38 +0200] "GET /jog/rendorsegifeljelentes.htm HTTP/1.1" 304 - "-" "Mozilla/5.0 (compatible; bingbot/2.0; +http://www.bing.com/bingbot.htm)"
69.64.58.136 - - [22/Apr/2013:01:07:09 +0200] "GET /hirek/Microsoft%20Word%20-%20csongradi%20duzzaszto%20velemeny%202009.06.11..doc.pdf HTTP/1.0" 200 321155 "msn.com" "Mozilla/5.0 (X11; U; Linux x86_64; en-US; rv:1.9.1b3) Gecko/20090327 Fedora/3.1-0.11.beta3.fc11 Firefox/3.1b3"
199.30.16.35 - - [22/Apr/2013:01:48:45 +0200] "GET /robots.txt HTTP/1.1" 404 1181 "-" "msnbot-media/1.1 (+http://search.msn.com/msnbot.htm)"
199.30.16.35 - - [22/Apr/2013:01:48:45 +0200] "GET /jog/img/file_jpg.png HTTP/1.1" 200 607 "-" "msnbot-media/1.1 (+http://search.msn.com/msnbot.htm)"
66.249.76.200 - - [22/Apr/2013:02:01:57 +0200] "GET /robots.txt HTTP/1.1" 404 1181 "-" "Mozilla/5.0 (compatible; Googlebot/2.1; +http://www.google.com/bot.html)"
66.249.76.200 - - [22/Apr/2013:02:01:58 +0200] "GET /jog/eseteink/korosladany/ujra_allamitikarnak_koztiszt_mulasztas_miatt.pdf HTTP/1.1" 200 142934 "-" "Mozilla/5.0 (iPhone; U; CPU iPhone OS 4_1 like Mac OS X; en-us) AppleWebKit/532.9 (KHTML, like Gecko) Version/4.0.5 Mobile/8B117 Safari/6531.22.7 (compatible; Googlebot-Mobile/2.1; +http://www.google.com/bot.html)"
66.249.76.200 - - [22/Apr/2013:02:23:00 +0200] "GET /jog/eseteink/audi/europai%20bizottsag%20audi%20adatkikeres.pdf HTTP/1.1" 304 - "-" "Mozilla/5.0 (iPhone; U; CPU iPhone OS 4_1 like Mac OS X; en-us) AppleWebKit/532.9 (KHTML, like Gecko) Version/4.0.5 Mobile/8B117 Safari/6531.22.7 (compatible; Googlebot-Mobile/2.1; +http://www.google.com/bot.html)"
66.249.76.200 - - [22/Apr/2013:03:00:44 +0200] "GET /deutsch/programme.htm HTTP/1.1" 200 6045 "-" "Mozilla/5.0 (iPhone; U; CPU iPhone OS 4_1 like Mac OS X; en-us) AppleWebKit/532.9 (KHTML, like Gecko) Version/4.0.5 Mobile/8B117 Safari/6531.22.7 (compatible; Googlebot-Mobile/2.1; +http://www.google.com/bot.html)"
66.249.76.200 - - [22/Apr/2013:03:17:07 +0200] "GET /hirek/hirek08_10.htm HTTP/1.1" 200 7030 "-" "DoCoMo/2.0 N905i(c100;TB;W24H16) (compatible; Googlebot-Mobile/2.1; +http://www.google.com/bot.html)"
66.249.76.200 - - [22/Apr/2013:03:25:44 +0200] "GET /jog/eseteink/duzzaszto/koros.jpg HTTP/1.1" 304 - "-" "Googlebot-Image/1.0"
208.115.113.84 - - [22/Apr/2013:04:22:25 +0200] "GET /robots.txt HTTP/1.1" 404 1181 "-" "Mozilla/5.0 (compatible; Ezooms/1.0; ezooms.bot@gmail.com)"
139.18.2.209 - - [22/Apr/2013:04:37:12 +0200] "GET /nca06.htm HTTP/1.1" 200 19034 "-" "findlinks/2.6 (+http://wortschatz.uni-leipzig.de/findlinks/)"
208.115.113.84 - - [22/Apr/2013:04:37:15 +0200] "GET / HTTP/1.1" 200 43954 "-" "Mozilla/5.0 (compatible; Ezooms/1.0; ezooms.bot@gmail.com)"
66.249.76.200 - - [22/Apr/2013:04:57:27 +0200] "GET /hirek/1303191.htm HTTP/1.1" 304 - "-" "Mozilla/5.0 (iPhone; U; CPU iPhone OS 4_1 like Mac OS X; en-us) AppleWebKit/532.9 (KHTML, like Gecko) Version/4.0.5 Mobile/8B117 Safari/6531.22.7 (compatible; Googlebot-Mobile/2.1; +http://www.google.com/bot.html)"
66.249.76.200 - - [22/Apr/2013:04:58:32 +0200] "GET /hirek/090510/szuletesunnepe021_.jpg HTTP/1.1" 304 - "-" "Googlebot-Image/1.0"
66.249.76.200 - - [22/Apr/2013:06:22:14 +0200] "GET /hirek/1303072.htm HTTP/1.1" 304 - "-" "Mozilla/5.0 (iPhone; U; CPU iPhone OS 4_1 like Mac OS X; en-us) AppleWebKit/532.9 (KHTML, like Gecko) Version/4.0.5 Mobile/8B117 Safari/6531.22.7 (compatible; Googlebot-Mobile/2.1; +http://www.google.com/bot.html)"
24.230.50.166 - - [22/Apr/2013:07:01:02 +0200] "GET /robots.txt HTTP/1.0" 404 1181 "-" "Mozilla/5.0 (compatible; MJ12bot/v1.4.3; http://www.majestic12.co.uk/bot.php?+)"
24.230.50.166 - - [22/Apr/2013:07:01:04 +0200] "GET / HTTP/1.1" 200 43954 "-" "Mozilla/5.0 (compatible; MJ12bot/v1.4.3; http://www.majestic12.co.uk/bot.php?+)"
157.55.32.61 - - [22/Apr/2013:07:19:26 +0200] "GET /robots.txt HTTP/1.1" 404 1181 "-" "Mozilla/5.0 (compatible; bingbot/2.0; +http://www.bing.com/bingbot.htm)"
157.55.32.61 - - [22/Apr/2013:07:21:45 +0200] "GET /jog/publikaciok.htm HTTP/1.1" 304 - "-" "Mozilla/5.0 (compatible; bingbot/2.0; +http://www.bing.com/bingbot.htm)"
95.211.139.1 - - [22/Apr/2013:07:35:15 +0200] "GET /robots.txt HTTP/1.0" 404 1181 "-" "Mozilla/5.0 (compatible; AcoonBot/4.11.1; +http://www.acoon.de/robot.asp)"
95.211.139.1 - - [22/Apr/2013:07:35:15 +0200] "GET /fiok/ HTTP/1.0" 200 20554 "-" "Mozilla/5.0 (compatible; AcoonBot/4.11.1; +http://www.acoon.de/robot.asp)"
81.183.173.8 - - [22/Apr/2013:07:42:52 +0200] "GET /jog/jogszabalyok/1_erdo.pdf HTTP/1.1" 200 34462 "https://www.google.com/" "Mozilla/5.0 (Windows NT 5.1) AppleWebKit/537.31 (KHTML, like Gecko) Chrome/26.0.1410.64 Safari/537.31"
81.183.173.8 - - [22/Apr/2013:07:42:53 +0200] "GET /jog/jogszabalyok/1_erdo.pdf HTTP/1.1" 200 663178 "https://www.google.com/" "Mozilla/5.0 (Windows NT 5.1) AppleWebKit/537.31 (KHTML, like Gecko) Chrome/26.0.1410.64 Safari/537.31"
81.183.173.8 - - [22/Apr/2013:07:42:53 +0200] "GET /jog/jogszabalyok/1_erdo.pdf HTTP/1.1" 206 32768 "http://www.beklen.hu/jog/jogszabalyok/1_erdo.pdf" "Mozilla/5.0 (Windows NT 5.1) AppleWebKit/537.31 (KHTML, like Gecko) Chrome/26.0.1410.64 Safari/537.31"
81.183.173.8 - - [22/Apr/2013:07:42:54 +0200] "GET /favicon.ico HTTP/1.1" 404 1181 "-" "Mozilla/5.0 (Windows NT 5.1) AppleWebKit/537.31 (KHTML, like Gecko) Chrome/26.0.1410.64 Safari/537.31"
81.183.173.8 - - [22/Apr/2013:07:42:54 +0200] "GET /jog/jogszabalyok/1_erdo.pdf HTTP/1.1" 206 729026 "http://www.beklen.hu/jog/jogszabalyok/1_erdo.pdf" "Mozilla/5.0 (Windows NT 5.1) AppleWebKit/537.31 (KHTML, like Gecko) Chrome/26.0.1410.64 Safari/537.31"
81.183.173.8 - - [22/Apr/2013:07:42:55 +0200] "GET /favicon.ico HTTP/1.1" 404 1181 "-" "Mozilla/5.0 (Windows NT 5.1) AppleWebKit/537.31 (KHTML, like Gecko) Chrome/26.0.1410.64 Safari/537.31"
157.56.92.164 - - [22/Apr/2013:07:56:46 +0200] "GET /hirek/hirek100305.htm HTTP/1.1" 304 - "-" "Mozilla/5.0 (compatible; bingbot/2.0; +http://www.bing.com/bingbot.htm)"
66.249.76.200 - - [22/Apr/2013:07:57:19 +0200] "GET /jog/eseteink/audi/audi_gyor_restoration_measures1-10.pdf HTTP/1.1" 304 - "-" "Mozilla/5.0 (iPhone; U; CPU iPhone OS 4_1 like Mac OS X; en-us) AppleWebKit/532.9 (KHTML, like Gecko) Version/4.0.5 Mobile/8B117 Safari/6531.22.7 (compatible; Googlebot-Mobile/2.1; +http://www.google.com/bot.html)"
66.249.76.200 - - [22/Apr/2013:08:16:41 +0200] "GET /fiok/program_reszek/lovaglas.htm HTTP/1.1" 304 - "-" "Mozilla/5.0 (iPhone; U; CPU iPhone OS 4_1 like Mac OS X; en-us) AppleWebKit/532.9 (KHTML, like Gecko) Version/4.0.5 Mobile/8B117 Safari/6531.22.7 (compatible; Googlebot-Mobile/2.1; +http://www.google.com/bot.html)"
130.83.167.153 - - [22/Apr/2013:08:49:03 +0200] "GET /jog/rendorsegifeljelentes.htm HTTP/1.1" 200 13536 "-" "findlinks/2.6 (+http://wortschatz.uni-leipzig.de/findlinks/)"
66.249.76.200 - - [22/Apr/2013:08:50:38 +0200] "GET / HTTP/1.1" 200 43954 "-" "SAMSUNG-SGH-E250/1.0 Profile/MIDP-2.0 Configuration/CLDC-1.1 UP.Browser/6.2.3.3.c.1.101 (GUI) MMP/2.0 (compatible; Googlebot-Mobile/2.1; +http://www.google.com/bot.html)"
180.76.5.54 - - [22/Apr/2013:09:06:16 +0200] "GET /robots.txt HTTP/1.1" 404 1181 "-" "Mozilla/5.0 (Windows NT 5.1; rv:6.0.2) Gecko/20100101 Firefox/6.0.2"
180.76.6.21 - - [22/Apr/2013:09:09:28 +0200] "GET /fiok/kapcsolat.htm HTTP/1.1" 200 17416 "-" "Mozilla/5.0 (compatible; Baiduspider/2.0; +http://www.baidu.com/search/spider.html)"
66.249.76.200 - - [22/Apr/2013:09:28:47 +0200] "GET /jog/eseteink/derekegyhaza/dalerd-disznoskert%20szakhat-vegleges.pdf HTTP/1.1" 200 190281 "-" "Mozilla/5.0 (iPhone; U; CPU iPhone OS 4_1 like Mac OS X; en-us) AppleWebKit/532.9 (KHTML, like Gecko) Version/4.0.5 Mobile/8B117 Safari/6531.22.7 (compatible; Googlebot-Mobile/2.1; +http://www.google.com/bot.html)"
157.55.32.61 - - [22/Apr/2013:09:39:40 +0200] "GET /robots.txt HTTP/1.1" 404 1181 "-" "Mozilla/5.0 (compatible; bingbot/2.0; +http://www.bing.com/bingbot.htm)"
91.137.131.45 - - [22/Apr/2013:09:39:56 +0200] "GET /fiok/program_reszek/konferancia.htm HTTP/1.1" 200 21668 "http://www.turkeveturizmus.hu/" "Mozilla/5.0 (Windows NT 6.1; WOW64; rv:20.0) Gecko/20100101 Firefox/20.0"
91.137.131.45 - - [22/Apr/2013:09:39:56 +0200] "GET /fiok/css/lightbox.css HTTP/1.1" 200 1715 "http://beklen.hu/fiok/program_reszek/konferancia.htm" "Mozilla/5.0 (Windows NT 6.1; WOW64; rv:20.0) Gecko/20100101 Firefox/20.0"
91.137.131.45 - - [22/Apr/2013:09:39:56 +0200] "GET /fiok/css/js/scriptaculous.js?load=effects HTTP/1.1" 200 2152 "http://beklen.hu/fiok/program_reszek/konferancia.htm" "Mozilla/5.0 (Windows NT 6.1; WOW64; rv:20.0) Gecko/20100101 Firefox/20.0"
91.137.131.45 - - [22/Apr/2013:09:39:56 +0200] "GET /fiok/css/js/prototype.js HTTP/1.1" 200 47603 "http://beklen.hu/fiok/program_reszek/konferancia.htm" "Mozilla/5.0 (Windows NT 6.1; WOW64; rv:20.0) Gecko/20100101 Firefox/20.0"
91.137.131.45 - - [22/Apr/2013:09:39:56 +0200] "GET /fiok/css/js/lightbox.js HTTP/1.1" 200 23424 "http://beklen.hu/fiok/program_reszek/konferancia.htm" "Mozilla/5.0 (Windows NT 6.1; WOW64; rv:20.0) Gecko/20100101 Firefox/20.0"
91.137.131.45 - - [22/Apr/2013:09:39:56 +0200] "GET /fiok/program_reszek/images/index_13.gif HTTP/1.1" 200 149 "http://beklen.hu/fiok/program_reszek/konferancia.htm" "Mozilla/5.0 (Windows NT 6.1; WOW64; rv:20.0) Gecko/20100101 Firefox/20.0"
91.137.131.45 - - [22/Apr/2013:09:39:56 +0200] "GET /fiok/program_reszek/images/index_11.gif HTTP/1.1" 200 74 "http://beklen.hu/fiok/program_reszek/konferancia.htm" "Mozilla/5.0 (Windows NT 6.1; WOW64; rv:20.0) Gecko/20100101 Firefox/20.0"
91.137.131.45 - - [22/Apr/2013:09:39:56 +0200] "GET /fiok/program_reszek/images/index_14_14.JPG HTTP/1.1" 200 9305 "http://beklen.hu/fiok/program_reszek/konferancia.htm" "Mozilla/5.0 (Windows NT 6.1; WOW64; rv:20.0) Gecko/20100101 Firefox/20.0"
91.137.131.45 - - [22/Apr/2013:09:39:56 +0200] "GET /fiok/program_reszek/images/index_15_15.JPG HTTP/1.1" 200 20275 "http://beklen.hu/fiok/program_reszek/konferancia.htm" "Mozilla/5.0 (Windows NT 6.1; WOW64; rv:20.0) Gecko/20100101 Firefox/20.0"
91.137.131.45 - - [22/Apr/2013:09:39:56 +0200] "GET /fiok/program_reszek/images/index_16_16.JPG HTTP/1.1" 200 13468 "http://beklen.hu/fiok/program_reszek/konferancia.htm" "Mozilla/5.0 (Windows NT 6.1; WOW64; rv:20.0) Gecko/20100101 Firefox/20.0"
91.137.131.45 - - [22/Apr/2013:09:39:56 +0200] "GET /fiok/program_reszek/images/index_17_17.jpg HTTP/1.1" 200 2374 "http://beklen.hu/fiok/program_reszek/konferancia.htm" "Mozilla/5.0 (Windows NT 6.1; WOW64; rv:20.0) Gecko/20100101 Firefox/20.0"
91.137.131.45 - - [22/Apr/2013:09:39:56 +0200] "GET /fiok/program_reszek/images/index_02_02.JPG HTTP/1.1" 200 1178 "http://beklen.hu/fiok/program_reszek/konferancia.htm" "Mozilla/5.0 (Windows NT 6.1; WOW64; rv:20.0) Gecko/20100101 Firefox/20.0"
91.137.131.45 - - [22/Apr/2013:09:39:56 +0200] "GET /fiok/program_reszek/images/index_12_12.JPG HTTP/1.1" 200 985 "http://beklen.hu/fiok/program_reszek/konferancia.htm" "Mozilla/5.0 (Windows NT 6.1; WOW64; rv:20.0) Gecko/20100101 Firefox/20.0"
91.137.131.45 - - [22/Apr/2013:09:39:56 +0200] "GET /fiok/program_reszek/images/index_18_18.JPG HTTP/1.1" 200 15778 "http://beklen.hu/fiok/program_reszek/konferancia.htm" "Mozilla/5.0 (Windows NT 6.1; WOW64; rv:20.0) Gecko/20100101 Firefox/20.0"
91.137.131.45 - - [22/Apr/2013:09:39:56 +0200] "GET /fiok/program_reszek/images/index_19_19.JPG HTTP/1.1" 200 3123 "http://beklen.hu/fiok/program_reszek/konferancia.htm" "Mozilla/5.0 (Windows NT 6.1; WOW64; rv:20.0) Gecko/20100101 Firefox/20.0"
91.137.131.45 - - [22/Apr/2013:09:39:56 +0200] "GET /fiok/program_reszek/images/index_25.gif HTTP/1.1" 200 708 "http://beklen.hu/fiok/program_reszek/konferancia.htm" "Mozilla/5.0 (Windows NT 6.1; WOW64; rv:20.0) Gecko/20100101 Firefox/20.0"
91.137.131.45 - - [22/Apr/2013:09:39:56 +0200] "GET /fiok/program_reszek/images/index_26.gif HTTP/1.1" 200 121 "http://beklen.hu/fiok/program_reszek/konferancia.htm" "Mozilla/5.0 (Windows NT 6.1; WOW64; rv:20.0) Gecko/20100101 Firefox/20.0"
91.137.131.45 - - [22/Apr/2013:09:39:56 +0200] "GET /fiok/program_reszek/images/b4b.jpg HTTP/1.1" 200 524 "http://beklen.hu/fiok/program_reszek/konferancia.htm" "Mozilla/5.0 (Windows NT 6.1; WOW64; rv:20.0) Gecko/20100101 Firefox/20.0"
91.137.131.45 - - [22/Apr/2013:09:39:56 +0200] "GET /fiok/program_reszek/images/a4a.jpg HTTP/1.1" 200 524 "http://beklen.hu/fiok/program_reszek/konferancia.htm" "Mozilla/5.0 (Windows NT 6.1; WOW64; rv:20.0) Gecko/20100101 Firefox/20.0"
91.137.131.45 - - [22/Apr/2013:09:39:56 +0200] "GET /fiok/program_reszek/images/spacer.gif HTTP/1.1" 200 43 "http://beklen.hu/fiok/program_reszek/konferancia.htm" "Mozilla/5.0 (Windows NT 6.1; WOW64; rv:20.0) Gecko/20100101 Firefox/20.0"
91.137.131.45 - - [22/Apr/2013:09:39:56 +0200] "GET /fiok/program_reszek/images/index_27_27.jpg HTTP/1.1" 200 12876 "http://beklen.hu/fiok/program_reszek/konferancia.htm" "Mozilla/5.0 (Windows NT 6.1; WOW64; rv:20.0) Gecko/20100101 Firefox/20.0"
91.137.131.45 - - [22/Apr/2013:09:39:56 +0200] "GET /fiok/program_reszek/images/c4c.jpg HTTP/1.1" 200 524 "http://beklen.hu/fiok/program_reszek/konferancia.htm" "Mozilla/5.0 (Windows NT 6.1; WOW64; rv:20.0) Gecko/20100101 Firefox/20.0"
91.137.131.45 - - [22/Apr/2013:09:39:56 +0200] "GET /fiok/program_reszek/images/d4d.jpg HTTP/1.1" 200 524 "http://beklen.hu/fiok/program_reszek/konferancia.htm" "Mozilla/5.0 (Windows NT 6.1; WOW64; rv:20.0) Gecko/20100101 Firefox/20.0"
91.137.131.45 - - [22/Apr/2013:09:39:56 +0200] "GET /fiok/program_reszek/images/e4e.jpg HTTP/1.1" 200 524 "http://beklen.hu/fiok/program_reszek/konferancia.htm" "Mozilla/5.0 (Windows NT 6.1; WOW64; rv:20.0) Gecko/20100101 Firefox/20.0"
91.137.131.45 - - [22/Apr/2013:09:39:57 +0200] "GET /fiok/program_reszek/programok/12.jpg HTTP/1.1" 200 77137 "http://beklen.hu/fiok/program_reszek/konferancia.htm" "Mozilla/5.0 (Windows NT 6.1; WOW64; rv:20.0) Gecko/20100101 Firefox/20.0"
91.137.131.45 - - [22/Apr/2013:09:39:57 +0200] "GET /fiok/css/js/effects.js HTTP/1.1" 200 31969 "http://beklen.hu/fiok/program_reszek/konferancia.htm" "Mozilla/5.0 (Windows NT 6.1; WOW64; rv:20.0) Gecko/20100101 Firefox/20.0"
91.137.131.45 - - [22/Apr/2013:09:39:57 +0200] "GET /fiok/program_reszek/programok/13.jpg HTTP/1.1" 200 131976 "http://beklen.hu/fiok/program_reszek/konferancia.htm" "Mozilla/5.0 (Windows NT 6.1; WOW64; rv:20.0) Gecko/20100101 Firefox/20.0"
91.137.131.45 - - [22/Apr/2013:09:39:57 +0200] "GET /fiok/program_reszek/images/b12.jpg HTTP/1.1" 200 544 "http://beklen.hu/fiok/program_reszek/konferancia.htm" "Mozilla/5.0 (Windows NT 6.1; WOW64; rv:20.0) Gecko/20100101 Firefox/20.0"
91.137.131.45 - - [22/Apr/2013:09:39:57 +0200] "GET /fiok/program_reszek/images/index_28.gif HTTP/1.1" 200 262 "http://beklen.hu/fiok/program_reszek/konferancia.htm" "Mozilla/5.0 (Windows NT 6.1; WOW64; rv:20.0) Gecko/20100101 Firefox/20.0"
91.137.131.45 - - [22/Apr/2013:09:39:57 +0200] "GET /fiok/program_reszek/images/index_22.gif HTTP/1.1" 200 227 "http://beklen.hu/fiok/program_reszek/konferancia.htm" "Mozilla/5.0 (Windows NT 6.1; WOW64; rv:20.0) Gecko/20100101 Firefox/20.0"
91.137.131.45 - - [22/Apr/2013:09:39:57 +0200] "GET /fiok/program_reszek/images/index_24.gif HTTP/1.1" 200 227 "http://beklen.hu/fiok/program_reszek/konferancia.htm" "Mozilla/5.0 (Windows NT 6.1; WOW64; rv:20.0) Gecko/20100101 Firefox/20.0"
91.137.131.45 - - [22/Apr/2013:09:39:57 +0200] "GET /favicon.ico HTTP/1.1" 404 1181 "-" "Mozilla/5.0 (Windows NT 6.1; WOW64; rv:20.0) Gecko/20100101 Firefox/20.0"
91.137.131.45 - - [22/Apr/2013:09:39:57 +0200] "GET /lb/images/closelabel.gif HTTP/1.1" 200 222 "http://beklen.hu/fiok/program_reszek/konferancia.htm" "Mozilla/5.0 (Windows NT 6.1; WOW64; rv:20.0) Gecko/20100101 Firefox/20.0"
91.137.131.45 - - [22/Apr/2013:09:39:57 +0200] "GET /lb/images/loading.gif HTTP/1.1" 200 2767 "http://beklen.hu/fiok/program_reszek/konferancia.htm" "Mozilla/5.0 (Windows NT 6.1; WOW64; rv:20.0) Gecko/20100101 Firefox/20.0"
157.55.32.61 - - [22/Apr/2013:09:41:13 +0200] "GET /hirek/Natura_2000es_gyepgazdalkodas_eloirasai.ppt HTTP/1.1" 200 333312 "-" "Mozilla/5.0 (compatible; bingbot/2.0; +http://www.bing.com/bingbot.htm)"
77.88.42.27 - - [22/Apr/2013:09:51:51 +0200] "GET /robots.txt HTTP/1.1" 404 1181 "-" "Mozilla/5.0 (compatible; YandexBot/3.0; +http://yandex.com/bots)"
77.88.42.27 - - [22/Apr/2013:09:51:53 +0200] "GET /robots.txt HTTP/1.1" 404 1181 "-" "Mozilla/5.0 (compatible; YandexBot/3.0; +http://yandex.com/bots)"
77.88.42.27 - - [22/Apr/2013:09:51:54 +0200] "GET / HTTP/1.1" 200 43954 "-" "Mozilla/5.0 (compatible; YandexBot/3.0; +http://yandex.com/bots)"
77.88.42.27 - - [22/Apr/2013:09:51:56 +0200] "GET / HTTP/1.1" 200 43954 "-" "Mozilla/5.0 (compatible; YandexBot/3.0; +http://yandex.com/bots)"
77.88.42.27 - - [22/Apr/2013:09:52:10 +0200] "GET / HTTP/1.1" 200 43954 "-" "Mozilla/5.0 (compatible; YandexBot/3.0; +http://yandex.com/bots)"
77.88.42.27 - - [22/Apr/2013:09:52:13 +0200] "GET / HTTP/1.1" 200 43954 "-" "Mozilla/5.0 (compatible; YandexBot/3.0; +http://yandex.com/bots)"
66.249.76.200 - - [22/Apr/2013:10:50:31 +0200] "GET /hirek/hirek091103.htm HTTP/1.1" 304 - "-" "Mozilla/5.0 (iPhone; U; CPU iPhone OS 4_1 like Mac OS X; en-us) AppleWebKit/532.9 (KHTML, like Gecko) Version/4.0.5 Mobile/8B117 Safari/6531.22.7 (compatible; Googlebot-Mobile/2.1; +http://www.google.com/bot.html)"
66.249.76.200 - - [22/Apr/2013:10:58:44 +0200] "GET /jog/eseteink/korosladany/vegzes_dalerd_birsag.pdf HTTP/1.1" 200 1941609 "-" "Mozilla/5.0 (iPhone; U; CPU iPhone OS 4_1 like Mac OS X; en-us) AppleWebKit/532.9 (KHTML, like Gecko) Version/4.0.5 Mobile/8B117 Safari/6531.22.7 (compatible; Googlebot-Mobile/2.1; +http://www.google.com/bot.html)"
195.199.94.110 - - [22/Apr/2013:11:08:59 +0200] "GET /jog/eseteink/derekegyhaza/mszh_elsofok_ugyfel_elutasitas_1.jpg HTTP/1.1" 200 1086764 "http://www.google.hu/blank.html" "Mozilla/5.0 (compatible; MSIE 9.0; Windows NT 6.0; Trident/5.0)"
195.199.94.110 - - [22/Apr/2013:11:09:01 +0200] "GET /jog/eseteink/derekegyhaza/index.htm HTTP/1.1" 200 34210 "http://www.google.hu/imgres?imgurl=http://www.perkata.hu/wp-content/uploads/2012/01/k%C3%A9relem.jpg&imgrefurl=http://www.perkata.hu/2012/01/kerelem/&h=1170&w=850&sz=273&tbnid=Jo1uwz8QLVlbBM:&tbnh=90&tbnw=65&prev=/search%3Fq%3DK%25C3%25A9relem%26tbm%3Disch%26tbo%3Du&zoom=1&q=K%C3%A9relem&usg=__bC59GFslT2UAxjxWHznQnGm5Su8=&docid=9yoG9JKMNRRXRM&hl=hu&sa=X&ei=Bfh0Ua1fpt7hBITBgKgP&ved=0CDoQ9QEwAw&dur=1" "Mozilla/5.0 (compatible; MSIE 9.0; Windows NT 6.0; Trident/5.0)"
195.199.94.110 - - [22/Apr/2013:11:09:01 +0200] "GET /jog/style.css HTTP/1.1" 200 21413 "http://www.beklen.hu/jog/eseteink/derekegyhaza/index.htm" "Mozilla/5.0 (compatible; MSIE 9.0; Windows NT 6.0; Trident/5.0)"
195.199.94.110 - - [22/Apr/2013:11:09:02 +0200] "GET /jog/script.js HTTP/1.1" 200 5674 "http://www.beklen.hu/jog/eseteink/derekegyhaza/index.htm" "Mozilla/5.0 (compatible; MSIE 9.0; Windows NT 6.0; Trident/5.0)"
195.199.94.110 - - [22/Apr/2013:11:09:02 +0200] "GET /jog/lb/css/lightbox.css HTTP/1.1" 200 1715 "http://www.beklen.hu/jog/eseteink/derekegyhaza/index.htm" "Mozilla/5.0 (compatible; MSIE 9.0; Windows NT 6.0; Trident/5.0)"
195.199.94.110 - - [22/Apr/2013:11:09:02 +0200] "GET /jog/lb/js/scriptaculous.js?load=effects HTTP/1.1" 200 2152 "http://www.beklen.hu/jog/eseteink/derekegyhaza/index.htm" "Mozilla/5.0 (compatible; MSIE 9.0; Windows NT 6.0; Trident/5.0)"
195.199.94.110 - - [22/Apr/2013:11:09:02 +0200] "GET /jog/img/file_pdf.png HTTP/1.1" 200 581 "http://www.beklen.hu/jog/eseteink/derekegyhaza/index.htm" "Mozilla/5.0 (compatible; MSIE 9.0; Windows NT 6.0; Trident/5.0)"
195.199.94.110 - - [22/Apr/2013:11:09:02 +0200] "GET /jog/lb/js/lightbox.js HTTP/1.1" 200 23431 "http://www.beklen.hu/jog/eseteink/derekegyhaza/index.htm" "Mozilla/5.0 (compatible; MSIE 9.0; Windows NT 6.0; Trident/5.0)"
195.199.94.110 - - [22/Apr/2013:11:09:02 +0200] "GET /jog/eseteink/derekegyhaza/37-433.jpg HTTP/1.1" 200 3573 "http://www.beklen.hu/jog/eseteink/derekegyhaza/index.htm" "Mozilla/5.0 (compatible; MSIE 9.0; Windows NT 6.0; Trident/5.0)"
195.199.94.110 - - [22/Apr/2013:11:09:02 +0200] "GET /jog/jquery.js HTTP/1.1" 200 72174 "http://www.beklen.hu/jog/eseteink/derekegyhaza/index.htm" "Mozilla/5.0 (compatible; MSIE 9.0; Windows NT 6.0; Trident/5.0)"
195.199.94.110 - - [22/Apr/2013:11:09:02 +0200] "GET /jog/lb/js/prototype.js HTTP/1.1" 200 47603 "http://www.beklen.hu/jog/eseteink/derekegyhaza/index.htm" "Mozilla/5.0 (compatible; MSIE 9.0; Windows NT 6.0; Trident/5.0)"
195.199.94.110 - - [22/Apr/2013:11:09:02 +0200] "GET /jog/lb/js/effects.js HTTP/1.1" 200 31969 "http://www.beklen.hu/jog/eseteink/derekegyhaza/index.htm" "Mozilla/5.0 (compatible; MSIE 9.0; Windows NT 6.0; Trident/5.0)"
195.199.94.110 - - [22/Apr/2013:11:09:03 +0200] "GET /jog/img/file_jpg.png HTTP/1.1" 200 607 "http://www.beklen.hu/jog/eseteink/derekegyhaza/index.htm" "Mozilla/5.0 (compatible; MSIE 9.0; Windows NT 6.0; Trident/5.0)"
195.199.94.110 - - [22/Apr/2013:11:09:03 +0200] "GET /jog/eseteink/derekegyhaza/kepek/37-431__.jpg HTTP/1.1" 200 4706 "http://www.beklen.hu/jog/eseteink/derekegyhaza/index.htm" "Mozilla/5.0 (compatible; MSIE 9.0; Windows NT 6.0; Trident/5.0)"
195.199.94.110 - - [22/Apr/2013:11:09:03 +0200] "GET /jog/eseteink/derekegyhaza/kepek/37-431_o_2005__.jpg HTTP/1.1" 200 5766 "http://www.beklen.hu/jog/eseteink/derekegyhaza/index.htm" "Mozilla/5.0 (compatible; MSIE 9.0; Windows NT 6.0; Trident/5.0)"
195.199.94.110 - - [22/Apr/2013:11:09:03 +0200] "GET /jog/eseteink/derekegyhaza/kepek/37-433__.jpg HTTP/1.1" 200 4596 "http://www.beklen.hu/jog/eseteink/derekegyhaza/index.htm" "Mozilla/5.0 (compatible; MSIE 9.0; Windows NT 6.0; Trident/5.0)"
195.199.94.110 - - [22/Apr/2013:11:09:03 +0200] "GET /jog/eseteink/derekegyhaza/kepek/37-433_o_2005__.jpg HTTP/1.1" 200 5388 "http://www.beklen.hu/jog/eseteink/derekegyhaza/index.htm" "Mozilla/5.0 (compatible; MSIE 9.0; Windows NT 6.0; Trident/5.0)"
195.199.94.110 - - [22/Apr/2013:11:09:03 +0200] "GET /jog/eseteink/derekegyhaza/kepek/dalerd__.jpg HTTP/1.1" 200 6281 "http://www.beklen.hu/jog/eseteink/derekegyhaza/index.htm" "Mozilla/5.0 (compatible; MSIE 9.0; Windows NT 6.0; Trident/5.0)"
195.199.94.110 - - [22/Apr/2013:11:09:03 +0200] "GET /jog/eseteink/derekegyhaza/kepek/vadaskert-szakhat_.jpg HTTP/1.1" 200 8903 "http://www.beklen.hu/jog/eseteink/derekegyhaza/index.htm" "Mozilla/5.0 (compatible; MSIE 9.0; Windows NT 6.0; Trident/5.0)"
195.199.94.110 - - [22/Apr/2013:11:09:03 +0200] "GET /jog/images/post_c.png HTTP/1.1" 200 204 "http://www.beklen.hu/jog/eseteink/derekegyhaza/index.htm" "Mozilla/5.0 (compatible; MSIE 9.0; Windows NT 6.0; Trident/5.0)"
195.199.94.110 - - [22/Apr/2013:11:09:03 +0200] "GET /jog/images/post_v.png HTTP/1.1" 200 310 "http://www.beklen.hu/jog/eseteink/derekegyhaza/index.htm" "Mozilla/5.0 (compatible; MSIE 9.0; Windows NT 6.0; Trident/5.0)"
195.199.94.110 - - [22/Apr/2013:11:09:03 +0200] "GET /jog/images/post_h.png HTTP/1.1" 200 292 "http://www.beklen.hu/jog/eseteink/derekegyhaza/index.htm" "Mozilla/5.0 (compatible; MSIE 9.0; Windows NT 6.0; Trident/5.0)"
