91.137.131.45 - - [03/Apr/2013:09:46:36 +0200] "GET /bg.jpg HTTP/1.1" 200 566 "http://www.beklen.hu/" "Opera/9.80 (Windows NT 6.1; WOW64) Presto/2.12.388 Version/12.14"
91.137.131.45 - - [03/Apr/2013:09:46:36 +0200] "GET /favicon.ico HTTP/1.1" 404 1181 "http://www.beklen.hu/" "Opera/9.80 (Windows NT 6.1; WOW64) Presto/2.12.388 Version/12.14"
91.137.131.45 - - [03/Apr/2013:09:46:36 +0200] "GET /bottom_main.jpg HTTP/1.1" 200 96820 "http://www.beklen.hu/" "Opera/9.80 (Windows NT 6.1; WOW64) Presto/2.12.388 Version/12.14"
91.137.131.45 - - [03/Apr/2013:09:46:37 +0200] "GET /turizmusbanner.swf HTTP/1.1" 200 160827 "http://www.beklen.hu/" "Opera/9.80 (Windows NT 6.1; WOW64) Presto/2.12.388 Version/12.14"
91.137.131.45 - - [03/Apr/2013:09:46:44 +0200] "GET /nimfea_project_250x250.gif HTTP/1.1" 200 2986583 "http://www.beklen.hu/" "Opera/9.80 (Windows NT 6.1; WOW64) Presto/2.12.388 Version/12.14"
91.137.131.45 - - [03/Apr/2013:09:46:44 +0200] "GET /lb/images/loading.gif HTTP/1.1" 200 2767 "http://www.beklen.hu/" "Opera/9.80 (Windows NT 6.1; WOW64) Presto/2.12.388 Version/12.14"
91.137.131.45 - - [03/Apr/2013:09:46:44 +0200] "GET /tm02_.jpg HTTP/1.1" 200 1524 "http://www.beklen.hu/" "Opera/9.80 (Windows NT 6.1; WOW64) Presto/2.12.388 Version/12.14"
91.137.131.45 - - [03/Apr/2013:09:46:44 +0200] "GET /lb/images/closelabel.gif HTTP/1.1" 200 222 "http://www.beklen.hu/" "Opera/9.80 (Windows NT 6.1; WOW64) Presto/2.12.388 Version/12.14"
91.137.131.45 - - [03/Apr/2013:09:46:44 +0200] "GET /tm05.jpg HTTP/1.1" 200 2253 "http://www.beklen.hu/" "Opera/9.80 (Windows NT 6.1; WOW64) Presto/2.12.388 Version/12.14"
91.137.131.45 - - [03/Apr/2013:09:46:44 +0200] "GET /tm04.jpg HTTP/1.1" 200 2613 "http://www.beklen.hu/" "Opera/9.80 (Windows NT 6.1; WOW64) Presto/2.12.388 Version/12.14"
91.137.131.45 - - [03/Apr/2013:09:46:44 +0200] "GET /tm03.jpg HTTP/1.1" 200 2212 "http://www.beklen.hu/" "Opera/9.80 (Windows NT 6.1; WOW64) Presto/2.12.388 Version/12.14"
91.137.131.45 - - [03/Apr/2013:09:46:44 +0200] "GET /tm06.jpg HTTP/1.1" 200 1651 "http://www.beklen.hu/" "Opera/9.80 (Windows NT 6.1; WOW64) Presto/2.12.388 Version/12.14"
91.137.131.45 - - [03/Apr/2013:09:46:50 +0200] "GET /magunkrol.htm HTTP/1.1" 200 9202 "http://www.beklen.hu/" "Opera/9.80 (Windows NT 6.1; WOW64) Presto/2.12.388 Version/12.14"
91.137.131.45 - - [03/Apr/2013:09:46:51 +0200] "GET /bottom_.jpg HTTP/1.1" 200 93419 "http://www.beklen.hu/magunkrol.htm" "Opera/9.80 (Windows NT 6.1; WOW64) Presto/2.12.388 Version/12.14"
91.137.131.45 - - [03/Apr/2013:09:46:57 +0200] "GET /lb/js/prototype.js HTTP/1.1" 200 28814 "http://www.beklen.hu/" "Opera/9.80 (Windows NT 6.1; WOW64) Presto/2.12.388 Version/12.14"
91.137.131.45 - - [03/Apr/2013:09:47:07 +0200] "GET /nimfea_project_250x250.gif HTTP/1.1" 200 41641 "http://www.beklen.hu/" "Opera/9.80 (Windows NT 6.1; WOW64) Presto/2.12.388 Version/12.14"
91.137.131.45 - - [03/Apr/2013:09:47:15 +0200] "GET /index.htm HTTP/1.1" 200 42122 "http://www.beklen.hu/magunkrol.htm" "Opera/9.80 (Windows NT 6.1; WOW64) Presto/2.12.388 Version/12.14"
91.137.131.45 - - [03/Apr/2013:09:53:22 +0200] "GET /vill.cs HTTP/1.1" 200 3114 "http://www.beklen.hu/" "Mozilla/5.0 (Windows NT 6.1; WOW64; rv:19.0) Gecko/20100101 Firefox/19.0"
91.137.131.45 - - [03/Apr/2013:09:53:22 +0200] "GET /lb/js/scriptaculous.js?load=effects HTTP/1.1" 200 2152 "http://www.beklen.hu/" "Mozilla/5.0 (Windows NT 6.1; WOW64; rv:19.0) Gecko/20100101 Firefox/19.0"
91.137.131.45 - - [03/Apr/2013:09:53:22 +0200] "GET / HTTP/1.1" 200 42122 "-" "Mozilla/5.0 (Windows NT 6.1; WOW64; rv:19.0) Gecko/20100101 Firefox/19.0"
91.137.131.45 - - [03/Apr/2013:09:53:22 +0200] "GET /lb/js/lightbox.js HTTP/1.1" 200 23424 "http://www.beklen.hu/" "Mozilla/5.0 (Windows NT 6.1; WOW64; rv:19.0) Gecko/20100101 Firefox/19.0"
91.137.131.45 - - [03/Apr/2013:09:53:22 +0200] "GET /lb/css/lightbox.css HTTP/1.1" 200 1715 "http://www.beklen.hu/" "Mozilla/5.0 (Windows NT 6.1; WOW64; rv:19.0) Gecko/20100101 Firefox/19.0"
91.137.131.45 - - [03/Apr/2013:09:53:22 +0200] "GET /tm01.jpg HTTP/1.1" 200 1080 "http://www.beklen.hu/" "Mozilla/5.0 (Windows NT 6.1; WOW64; rv:19.0) Gecko/20100101 Firefox/19.0"
91.137.131.45 - - [03/Apr/2013:09:53:22 +0200] "GET /tm02.jpg HTTP/1.1" 200 1873 "http://www.beklen.hu/" "Mozilla/5.0 (Windows NT 6.1; WOW64; rv:19.0) Gecko/20100101 Firefox/19.0"
91.137.131.45 - - [03/Apr/2013:09:53:22 +0200] "GET /tm03_.jpg HTTP/1.1" 200 1787 "http://www.beklen.hu/" "Mozilla/5.0 (Windows NT 6.1; WOW64; rv:19.0) Gecko/20100101 Firefox/19.0"
91.137.131.45 - - [03/Apr/2013:09:53:22 +0200] "GET /tm04_.jpg HTTP/1.1" 200 2058 "http://www.beklen.hu/" "Mozilla/5.0 (Windows NT 6.1; WOW64; rv:19.0) Gecko/20100101 Firefox/19.0"
91.137.131.45 - - [03/Apr/2013:09:53:22 +0200] "GET /tm05_.jpg HTTP/1.1" 200 1839 "http://www.beklen.hu/" "Mozilla/5.0 (Windows NT 6.1; WOW64; rv:19.0) Gecko/20100101 Firefox/19.0"
91.137.131.45 - - [03/Apr/2013:09:53:22 +0200] "GET /lb/js/prototype.js HTTP/1.1" 200 47603 "http://www.beklen.hu/" "Mozilla/5.0 (Windows NT 6.1; WOW64; rv:19.0) Gecko/20100101 Firefox/19.0"
91.137.131.45 - - [03/Apr/2013:09:53:22 +0200] "GET /tm06_.jpg HTTP/1.1" 200 1382 "http://www.beklen.hu/" "Mozilla/5.0 (Windows NT 6.1; WOW64; rv:19.0) Gecko/20100101 Firefox/19.0"
91.137.131.45 - - [03/Apr/2013:09:53:22 +0200] "GET /tm07.jpg HTTP/1.1" 200 1007 "http://www.beklen.hu/" "Mozilla/5.0 (Windows NT 6.1; WOW64; rv:19.0) Gecko/20100101 Firefox/19.0"
91.137.131.45 - - [03/Apr/2013:09:53:22 +0200] "GET /a1_projekt_tabla_infra_cs3_beklenhaz_.jpg HTTP/1.1" 200 8994 "http://www.beklen.hu/" "Mozilla/5.0 (Windows NT 6.1; WOW64; rv:19.0) Gecko/20100101 Firefox/19.0"
91.137.131.45 - - [03/Apr/2013:09:53:22 +0200] "GET /uszt-tabla_.jpg HTTP/1.1" 200 4543 "http://www.beklen.hu/" "Mozilla/5.0 (Windows NT 6.1; WOW64; rv:19.0) Gecko/20100101 Firefox/19.0"
91.137.131.45 - - [03/Apr/2013:09:53:22 +0200] "GET /jog_honlap_.jpg HTTP/1.1" 200 7186 "http://www.beklen.hu/" "Mozilla/5.0 (Windows NT 6.1; WOW64; rv:19.0) Gecko/20100101 Firefox/19.0"
91.137.131.45 - - [03/Apr/2013:09:53:22 +0200] "GET /lb/js/effects.js HTTP/1.1" 200 31969 "http://www.beklen.hu/" "Mozilla/5.0 (Windows NT 6.1; WOW64; rv:19.0) Gecko/20100101 Firefox/19.0"
91.137.131.45 - - [03/Apr/2013:09:53:22 +0200] "GET /bg.jpg HTTP/1.1" 200 566 "http://www.beklen.hu/" "Mozilla/5.0 (Windows NT 6.1; WOW64; rv:19.0) Gecko/20100101 Firefox/19.0"
91.137.131.45 - - [03/Apr/2013:09:53:23 +0200] "GET /bottom_main.jpg HTTP/1.1" 200 96820 "http://www.beklen.hu/vill.cs" "Mozilla/5.0 (Windows NT 6.1; WOW64; rv:19.0) Gecko/20100101 Firefox/19.0"
91.137.131.45 - - [03/Apr/2013:09:53:23 +0200] "GET /turizmusbanner.swf HTTP/1.1" 200 160827 "http://www.beklen.hu/" "Mozilla/5.0 (Windows NT 6.1; WOW64; rv:19.0) Gecko/20100101 Firefox/19.0"
91.137.131.45 - - [03/Apr/2013:09:53:24 +0200] "GET /tm02_.jpg HTTP/1.1" 200 1524 "http://www.beklen.hu/" "Mozilla/5.0 (Windows NT 6.1; WOW64; rv:19.0) Gecko/20100101 Firefox/19.0"
91.137.131.45 - - [03/Apr/2013:09:53:27 +0200] "GET /tm04.jpg HTTP/1.1" 200 2613 "http://www.beklen.hu/" "Mozilla/5.0 (Windows NT 6.1; WOW64; rv:19.0) Gecko/20100101 Firefox/19.0"
91.137.131.45 - - [03/Apr/2013:09:53:28 +0200] "GET /tm03.jpg HTTP/1.1" 200 2212 "http://www.beklen.hu/" "Mozilla/5.0 (Windows NT 6.1; WOW64; rv:19.0) Gecko/20100101 Firefox/19.0"
91.137.131.45 - - [03/Apr/2013:09:53:28 +0200] "GET /nimfea_project_250x250.gif HTTP/1.1" 200 1830458 "http://www.beklen.hu/" "Mozilla/5.0 (Windows NT 6.1; WOW64; rv:19.0) Gecko/20100101 Firefox/19.0"
91.137.131.45 - - [03/Apr/2013:09:53:28 +0200] "GET /favicon.ico HTTP/1.1" 404 1181 "-" "Mozilla/5.0 (Windows NT 6.1; WOW64; rv:19.0) Gecko/20100101 Firefox/19.0"
91.137.131.45 - - [03/Apr/2013:09:53:28 +0200] "GET /magunkrol.htm HTTP/1.1" 200 9202 "http://www.beklen.hu/" "Mozilla/5.0 (Windows NT 6.1; WOW64; rv:19.0) Gecko/20100101 Firefox/19.0"
91.137.131.45 - - [03/Apr/2013:09:53:28 +0200] "GET /favicon.ico HTTP/1.1" 404 1181 "-" "Mozilla/5.0 (Windows NT 6.1; WOW64; rv:19.0) Gecko/20100101 Firefox/19.0"
91.137.131.45 - - [03/Apr/2013:09:53:28 +0200] "GET /vill.cs HTTP/1.1" 200 3114 "http://www.beklen.hu/magunkrol.htm" "Mozilla/5.0 (Windows NT 6.1; WOW64; rv:19.0) Gecko/20100101 Firefox/19.0"
91.137.131.45 - - [03/Apr/2013:09:53:28 +0200] "GET /tm02_.jpg HTTP/1.1" 200 1524 "http://www.beklen.hu/magunkrol.htm" "Mozilla/5.0 (Windows NT 6.1; WOW64; rv:19.0) Gecko/20100101 Firefox/19.0"
91.137.131.45 - - [03/Apr/2013:09:53:28 +0200] "GET /bg.jpg HTTP/1.1" 200 566 "http://www.beklen.hu/magunkrol.htm" "Mozilla/5.0 (Windows NT 6.1; WOW64; rv:19.0) Gecko/20100101 Firefox/19.0"
91.137.131.45 - - [03/Apr/2013:09:53:28 +0200] "GET /tm01.jpg HTTP/1.1" 200 1080 "http://www.beklen.hu/magunkrol.htm" "Mozilla/5.0 (Windows NT 6.1; WOW64; rv:19.0) Gecko/20100101 Firefox/19.0"
91.137.131.45 - - [03/Apr/2013:09:53:28 +0200] "GET /tm03.jpg HTTP/1.1" 200 2212 "http://www.beklen.hu/magunkrol.htm" "Mozilla/5.0 (Windows NT 6.1; WOW64; rv:19.0) Gecko/20100101 Firefox/19.0"
91.137.131.45 - - [03/Apr/2013:09:53:28 +0200] "GET /tm04_.jpg HTTP/1.1" 200 2058 "http://www.beklen.hu/magunkrol.htm" "Mozilla/5.0 (Windows NT 6.1; WOW64; rv:19.0) Gecko/20100101 Firefox/19.0"
91.137.131.45 - - [03/Apr/2013:09:53:28 +0200] "GET /tm05_.jpg HTTP/1.1" 200 1839 "http://www.beklen.hu/magunkrol.htm" "Mozilla/5.0 (Windows NT 6.1; WOW64; rv:19.0) Gecko/20100101 Firefox/19.0"
91.137.131.45 - - [03/Apr/2013:09:53:28 +0200] "GET /tm06_.jpg HTTP/1.1" 200 1382 "http://www.beklen.hu/magunkrol.htm" "Mozilla/5.0 (Windows NT 6.1; WOW64; rv:19.0) Gecko/20100101 Firefox/19.0"
91.137.131.45 - - [03/Apr/2013:09:53:28 +0200] "GET /tm07.jpg HTTP/1.1" 200 1007 "http://www.beklen.hu/magunkrol.htm" "Mozilla/5.0 (Windows NT 6.1; WOW64; rv:19.0) Gecko/20100101 Firefox/19.0"
91.137.131.45 - - [03/Apr/2013:09:53:28 +0200] "GET /bottom_.jpg HTTP/1.1" 200 93419 "http://www.beklen.hu/vill.cs" "Mozilla/5.0 (Windows NT 6.1; WOW64; rv:19.0) Gecko/20100101 Firefox/19.0"
91.137.131.45 - - [03/Apr/2013:09:53:29 +0200] "GET /tm02.jpg HTTP/1.1" 200 1873 "http://www.beklen.hu/magunkrol.htm" "Mozilla/5.0 (Windows NT 6.1; WOW64; rv:19.0) Gecko/20100101 Firefox/19.0"
91.137.131.45 - - [03/Apr/2013:09:53:29 +0200] "GET /tm04.jpg HTTP/1.1" 200 2613 "http://www.beklen.hu/magunkrol.htm" "Mozilla/5.0 (Windows NT 6.1; WOW64; rv:19.0) Gecko/20100101 Firefox/19.0"
91.137.131.45 - - [03/Apr/2013:09:53:29 +0200] "GET /tm05.jpg HTTP/1.1" 200 2253 "http://www.beklen.hu/magunkrol.htm" "Mozilla/5.0 (Windows NT 6.1; WOW64; rv:19.0) Gecko/20100101 Firefox/19.0"
91.137.131.45 - - [03/Apr/2013:09:53:29 +0200] "GET /tm06.jpg HTTP/1.1" 200 1651 "http://www.beklen.hu/magunkrol.htm" "Mozilla/5.0 (Windows NT 6.1; WOW64; rv:19.0) Gecko/20100101 Firefox/19.0"
91.137.131.45 - - [03/Apr/2013:09:53:29 +0200] "GET /tm03_.jpg HTTP/1.1" 200 1787 "http://www.beklen.hu/magunkrol.htm" "Mozilla/5.0 (Windows NT 6.1; WOW64; rv:19.0) Gecko/20100101 Firefox/19.0"
66.249.78.60 - - [03/Apr/2013:10:08:56 +0200] "GET /jog/eseteink/audi/audi_gyor_restoration_measures15-.pdf HTTP/1.1" 304 - "-" "Mozilla/5.0 (iPhone; U; CPU iPhone OS 4_1 like Mac OS X; en-us) AppleWebKit/532.9 (KHTML, like Gecko) Version/4.0.5 Mobile/8B117 Safari/6531.22.7 (compatible; Googlebot-Mobile/2.1; +http://www.google.com/bot.html)"
208.115.113.84 - - [03/Apr/2013:10:21:47 +0200] "GET /hirek/1303071.htm HTTP/1.1" 200 8749 "-" "Mozilla/5.0 (compatible; Ezooms/1.0; ezooms.bot@gmail.com)"
66.249.78.60 - - [03/Apr/2013:11:06:40 +0200] "GET /jog/eseteink/derekegyhaza/index.htm HTTP/1.1" 304 - "-" "Mozilla/5.0 (iPhone; U; CPU iPhone OS 4_1 like Mac OS X; en-us) AppleWebKit/532.9 (KHTML, like Gecko) Version/4.0.5 Mobile/8B117 Safari/6531.22.7 (compatible; Googlebot-Mobile/2.1; +http://www.google.com/bot.html)"
66.249.78.60 - - [03/Apr/2013:11:44:32 +0200] "GET /hirek/hirek090510.htm HTTP/1.1" 304 - "-" "Mozilla/5.0 (iPhone; U; CPU iPhone OS 4_1 like Mac OS X; en-us) AppleWebKit/532.9 (KHTML, like Gecko) Version/4.0.5 Mobile/8B117 Safari/6531.22.7 (compatible; Googlebot-Mobile/2.1; +http://www.google.com/bot.html)"
77.88.42.27 - - [03/Apr/2013:11:54:25 +0200] "GET /robots.txt HTTP/1.1" 404 1181 "-" "Mozilla/5.0 (compatible; YandexBot/3.0; +http://yandex.com/bots)"
77.88.42.27 - - [03/Apr/2013:11:54:27 +0200] "GET /tm06_.jpg HTTP/1.1" 200 1382 "-" "Mozilla/5.0 (compatible; YandexImages/3.0; +http://yandex.com/bots)"
77.88.42.27 - - [03/Apr/2013:12:15:53 +0200] "GET /hirek/130312/10.jpg HTTP/1.1" 200 19120 "-" "Mozilla/5.0 (compatible; YandexImages/3.0; +http://yandex.com/bots)"
77.88.42.27 - - [03/Apr/2013:12:17:45 +0200] "GET /hirek/1303201/11_.jpg HTTP/1.1" 200 4958 "-" "Mozilla/5.0 (compatible; YandexImages/3.0; +http://yandex.com/bots)"
77.88.42.27 - - [03/Apr/2013:12:39:45 +0200] "GET /tm05_.jpg HTTP/1.1" 200 1839 "-" "Mozilla/5.0 (compatible; YandexImages/3.0; +http://yandex.com/bots)"
66.249.78.60 - - [03/Apr/2013:12:56:02 +0200] "GET /ncta_a.htm HTTP/1.1" 200 7260 "-" "Mozilla/5.0 (iPhone; U; CPU iPhone OS 4_1 like Mac OS X; en-us) AppleWebKit/532.9 (KHTML, like Gecko) Version/4.0.5 Mobile/8B117 Safari/6531.22.7 (compatible; Googlebot-Mobile/2.1; +http://www.google.com/bot.html)"
77.88.42.27 - - [03/Apr/2013:13:02:41 +0200] "GET /hirek/1303201/01_.jpg HTTP/1.1" 200 5231 "-" "Mozilla/5.0 (compatible; YandexImages/3.0; +http://yandex.com/bots)"
77.88.42.27 - - [03/Apr/2013:13:24:42 +0200] "GET /hirek/1303201/07.jpg HTTP/1.1" 200 74990 "-" "Mozilla/5.0 (compatible; YandexImages/3.0; +http://yandex.com/bots)"
77.88.42.27 - - [03/Apr/2013:13:30:28 +0200] "GET /hirek/1303201/10.jpg HTTP/1.1" 200 50779 "-" "Mozilla/5.0 (compatible; YandexImages/3.0; +http://yandex.com/bots)"
157.55.33.83 - - [03/Apr/2013:14:46:15 +0200] "GET /robots.txt HTTP/1.1" 404 1181 "-" "Mozilla/5.0 (compatible; bingbot/2.0; +http://www.bing.com/bingbot.htm)"
157.55.33.83 - - [03/Apr/2013:14:49:04 +0200] "GET /hirek/hirek090301.htm HTTP/1.1" 200 7022 "-" "Mozilla/5.0 (compatible; bingbot/2.0; +http://www.bing.com/bingbot.htm)"
157.55.33.253 - - [03/Apr/2013:14:54:31 +0200] "GET /english/index.htm HTTP/1.1" 200 5262 "-" "Mozilla/5.0 (compatible; bingbot/2.0; +http://www.bing.com/bingbot.htm)"
157.55.33.253 - - [03/Apr/2013:14:54:37 +0200] "GET /hirek/Natura_2000es_gyepgazdalkodas_eloirasai.ppt HTTP/1.1" 200 333312 "-" "Mozilla/5.0 (compatible; bingbot/2.0; +http://www.bing.com/bingbot.htm)"
157.55.33.253 - - [03/Apr/2013:14:54:38 +0200] "GET /hirek/hirek090303.htm HTTP/1.1" 200 7721 "-" "Mozilla/5.0 (compatible; bingbot/2.0; +http://www.bing.com/bingbot.htm)"
77.88.42.27 - - [03/Apr/2013:14:58:15 +0200] "GET /hirek/hirek100804.htm HTTP/1.1" 200 8056 "-" "Mozilla/5.0 (compatible; YandexBot/3.0; +http://yandex.com/bots)"
77.88.42.27 - - [03/Apr/2013:15:08:03 +0200] "GET /hirek/1303201/06_.jpg HTTP/1.1" 200 12674 "-" "Mozilla/5.0 (compatible; YandexImages/3.0; +http://yandex.com/bots)"
180.76.5.21 - - [03/Apr/2013:15:09:01 +0200] "GET / HTTP/1.1" 200 42122 "-" "Mozilla/5.0 (compatible; Baiduspider/2.0; +http://www.baidu.com/search/spider.html)"
77.88.42.27 - - [03/Apr/2013:15:13:58 +0200] "GET /hirek/1303201/03_.jpg HTTP/1.1" 200 4249 "-" "Mozilla/5.0 (compatible; YandexImages/3.0; +http://yandex.com/bots)"
77.88.42.27 - - [03/Apr/2013:15:17:54 +0200] "GET /hirek/1303201/02.jpg HTTP/1.1" 200 30663 "-" "Mozilla/5.0 (compatible; YandexImages/3.0; +http://yandex.com/bots)"
77.88.42.27 - - [03/Apr/2013:15:20:01 +0200] "GET /hirek/viznapja.jpg HTTP/1.1" 200 20564 "-" "Mozilla/5.0 (compatible; YandexImages/3.0; +http://yandex.com/bots)"
157.55.35.35 - - [03/Apr/2013:15:27:57 +0200] "GET /fiok/index.html HTTP/1.1" 200 20554 "-" "Mozilla/5.0 (compatible; bingbot/2.0; +http://www.bing.com/bingbot.htm)"
157.55.35.35 - - [03/Apr/2013:15:27:59 +0200] "GET /fiok/kornyezet.htm HTTP/1.1" 200 22582 "-" "Mozilla/5.0 (compatible; bingbot/2.0; +http://www.bing.com/bingbot.htm)"
77.88.42.27 - - [03/Apr/2013:15:30:26 +0200] "GET /hirek/1303071.jpg HTTP/1.1" 200 86534 "-" "Mozilla/5.0 (compatible; YandexImages/3.0; +http://yandex.com/bots)"
77.88.42.27 - - [03/Apr/2013:15:34:59 +0200] "GET /hirek/130312/35.jpg HTTP/1.1" 200 68255 "-" "Mozilla/5.0 (compatible; YandexImages/3.0; +http://yandex.com/bots)"
157.55.32.145 - - [03/Apr/2013:15:42:29 +0200] "GET /fiok/ HTTP/1.1" 200 20554 "-" "Mozilla/5.0 (compatible; bingbot/2.0; +http://www.bing.com/bingbot.htm)"
157.55.32.145 - - [03/Apr/2013:15:42:30 +0200] "GET /hirek/hirek090428.htm HTTP/1.1" 200 24808 "-" "Mozilla/5.0 (compatible; bingbot/2.0; +http://www.bing.com/bingbot.htm)"
157.55.32.145 - - [03/Apr/2013:15:42:31 +0200] "GET /hirek/hirek090509.htm HTTP/1.1" 200 7803 "-" "Mozilla/5.0 (compatible; bingbot/2.0; +http://www.bing.com/bingbot.htm)"
77.88.42.27 - - [03/Apr/2013:16:32:32 +0200] "GET /hirek/130312/42_.jpg HTTP/1.1" 200 7339 "-" "Mozilla/5.0 (compatible; YandexImages/3.0; +http://yandex.com/bots)"
77.88.42.27 - - [03/Apr/2013:16:32:39 +0200] "GET /tm02_.jpg HTTP/1.1" 200 1524 "-" "Mozilla/5.0 (compatible; YandexImages/3.0; +http://yandex.com/bots)"
58.62.138.152 - - [03/Apr/2013:16:34:37 +0200] "GET /fiok/ HTTP/1.0" 200 20554 "http://www.beklen.hu/fiok/" "Opera/9.80 (Windows NT 5.1; U; MRA 8.0 (build 5784); ru) Presto/2.10.289 Version/12.02"
85.66.199.204 - - [03/Apr/2013:16:37:30 +0200] "GET /jog/jogszabalyok/egyezm_bonn.pdf HTTP/1.1" 200 77213 "http://www.google.hu/url?sa=t&rct=j&q=bonni%20egyezm%C3%A9ny%20keretmeg%C3%A1llapod%C3%A1sa&source=web&cd=2&ved=0CDIQFjAB&url=http%3A%2F%2Fwww.beklen.hu%2Fjog%2Fjogszabalyok%2Fegyezm_bonn.pdf&ei=pD5cUY7TCOmm4gSjpYHIAw&usg=AFQjCNF8CnK_T_E7qPKyrBhZlOoh2kyf-Q" "Mozilla/5.0 (Windows NT 5.1; rv:19.0) Gecko/20100101 Firefox/19.0"
85.66.199.204 - - [03/Apr/2013:16:37:31 +0200] "GET /favicon.ico HTTP/1.1" 404 1181 "-" "Mozilla/5.0 (Windows NT 5.1; rv:19.0) Gecko/20100101 Firefox/19.0"
85.66.199.204 - - [03/Apr/2013:16:37:31 +0200] "GET /favicon.ico HTTP/1.1" 404 1181 "-" "Mozilla/5.0 (Windows NT 5.1; rv:19.0) Gecko/20100101 Firefox/19.0"
77.88.42.27 - - [03/Apr/2013:16:37:47 +0200] "GET /hirek/130312/29_.jpg HTTP/1.1" 200 8360 "-" "Mozilla/5.0 (compatible; YandexImages/3.0; +http://yandex.com/bots)"
157.55.33.125 - - [03/Apr/2013:16:53:53 +0200] "GET /robots.txt HTTP/1.1" 404 1181 "-" "Mozilla/5.0 (compatible; bingbot/2.0; +http://www.bing.com/bingbot.htm)"
157.55.33.125 - - [03/Apr/2013:16:56:34 +0200] "GET /media.htm HTTP/1.1" 304 - "-" "Mozilla/5.0 (compatible; bingbot/2.0; +http://www.bing.com/bingbot.htm)"
77.88.42.27 - - [03/Apr/2013:17:12:32 +0200] "GET /hirek/1303201/07_.jpg HTTP/1.1" 200 9589 "-" "Mozilla/5.0 (compatible; YandexImages/3.0; +http://yandex.com/bots)"
77.88.42.27 - - [03/Apr/2013:17:13:49 +0200] "GET /tm02.jpg HTTP/1.1" 200 1873 "-" "Mozilla/5.0 (compatible; YandexImages/3.0; +http://yandex.com/bots)"
77.88.42.27 - - [03/Apr/2013:17:32:59 +0200] "GET /hirek/1303201/10_.jpg HTTP/1.1" 200 11514 "-" "Mozilla/5.0 (compatible; YandexImages/3.0; +http://yandex.com/bots)"
77.88.42.27 - - [03/Apr/2013:17:36:45 +0200] "GET /hirek/1303201/06.jpg HTTP/1.1" 200 71450 "-" "Mozilla/5.0 (compatible; YandexImages/3.0; +http://yandex.com/bots)"
77.88.42.27 - - [03/Apr/2013:17:39:44 +0200] "GET /hirek/130312/23_.jpg HTTP/1.1" 200 4081 "-" "Mozilla/5.0 (compatible; YandexImages/3.0; +http://yandex.com/bots)"
77.88.42.27 - - [03/Apr/2013:17:42:56 +0200] "GET /hirek/1303201_clip_image001.jpg HTTP/1.1" 200 16674 "-" "Mozilla/5.0 (compatible; YandexImages/3.0; +http://yandex.com/bots)"
77.88.42.27 - - [03/Apr/2013:17:54:29 +0200] "GET /hirek/1303201/11.jpg HTTP/1.1" 200 37161 "-" "Mozilla/5.0 (compatible; YandexImages/3.0; +http://yandex.com/bots)"
77.88.42.27 - - [03/Apr/2013:18:00:28 +0200] "GET /hirek/130312/29.jpg HTTP/1.1" 200 57539 "-" "Mozilla/5.0 (compatible; YandexImages/3.0; +http://yandex.com/bots)"
77.88.42.27 - - [03/Apr/2013:18:02:41 +0200] "GET /hirek/130312/42.jpg HTTP/1.1" 200 56712 "-" "Mozilla/5.0 (compatible; YandexImages/3.0; +http://yandex.com/bots)"
77.88.42.27 - - [03/Apr/2013:18:08:00 +0200] "GET /hirek/130312/37.jpg HTTP/1.1" 200 52875 "-" "Mozilla/5.0 (compatible; YandexImages/3.0; +http://yandex.com/bots)"
123.125.71.16 - - [03/Apr/2013:18:17:41 +0200] "GET /robots.txt HTTP/1.1" 404 1181 "-" "Mozilla/5.0 (Windows NT 5.1; rv:6.0.2) Gecko/20100101 Firefox/6.0.2"
139.18.2.209 - - [03/Apr/2013:18:24:06 +0200] "GET /fiok/program_reszek/taborok.htm HTTP/1.1" 200 23942 "-" "findlinks/2.6 (+http://wortschatz.uni-leipzig.de/findlinks/)"
77.88.42.27 - - [03/Apr/2013:18:24:07 +0200] "GET /hirek/hegyfoky.jpg HTTP/1.1" 200 8234 "-" "Mozilla/5.0 (compatible; YandexImages/3.0; +http://yandex.com/bots)"
79.121.60.76 - - [03/Apr/2013:18:36:16 +0200] "GET /jog/eseteink/derekegyhaza/mszhk_masodfok_ugyfel_elutasitas_1.jpg HTTP/1.1" 200 995513 "-" "Mozilla/5.0 (Windows NT 6.1; WOW64) AppleWebKit/537.31 (KHTML, like Gecko) Chrome/26.0.1410.43 Safari/537.31"
79.121.60.76 - - [03/Apr/2013:18:36:25 +0200] "GET /jog/eseteink/derekegyhaza/mszh_elsofok_ugyfel_elutasitas_1.jpg HTTP/1.1" 200 1086764 "-" "Mozilla/5.0 (Windows NT 6.1; WOW64) AppleWebKit/537.31 (KHTML, like Gecko) Chrome/26.0.1410.43 Safari/537.31"
77.88.42.27 - - [03/Apr/2013:18:55:24 +0200] "GET /hirek/130312/23.jpg HTTP/1.1" 200 24091 "-" "Mozilla/5.0 (compatible; YandexImages/3.0; +http://yandex.com/bots)"
77.88.42.27 - - [03/Apr/2013:19:03:21 +0200] "GET /tm01.jpg HTTP/1.1" 200 1080 "-" "Mozilla/5.0 (compatible; YandexImages/3.0; +http://yandex.com/bots)"
77.88.42.27 - - [03/Apr/2013:19:04:56 +0200] "GET /hirek/1303201/04_.jpg HTTP/1.1" 200 5515 "-" "Mozilla/5.0 (compatible; YandexImages/3.0; +http://yandex.com/bots)"
77.88.42.27 - - [03/Apr/2013:19:14:00 +0200] "GET /hirek/1303201/01.jpg HTTP/1.1" 200 36100 "-" "Mozilla/5.0 (compatible; YandexImages/3.0; +http://yandex.com/bots)"
77.88.42.27 - - [03/Apr/2013:19:33:09 +0200] "GET /hirek/1303201/04.jpg HTTP/1.1" 200 39186 "-" "Mozilla/5.0 (compatible; YandexImages/3.0; +http://yandex.com/bots)"
139.18.2.209 - - [03/Apr/2013:19:37:46 +0200] "GET /hirek/hirek090510.htm HTTP/1.1" 200 12743 "-" "findlinks/2.6 (+http://wortschatz.uni-leipzig.de/findlinks/)"
77.88.42.27 - - [03/Apr/2013:19:44:15 +0200] "GET /hirek/130312/35_.jpg HTTP/1.1" 200 8624 "-" "Mozilla/5.0 (compatible; YandexImages/3.0; +http://yandex.com/bots)"
37.140.165.214 - - [03/Apr/2013:19:51:52 +0200] "GET /robots.txt HTTP/1.1" 404 1181 "-" "Mozilla/5.0 (compatible; YandexImages/3.0; +http://yandex.com/bots)"
77.88.42.27 - - [03/Apr/2013:20:00:22 +0200] "GET /hirek/1303201/02_.jpg HTTP/1.1" 200 4596 "-" "Mozilla/5.0 (compatible; YandexImages/3.0; +http://yandex.com/bots)"
66.249.78.60 - - [03/Apr/2013:20:16:56 +0200] "GET /robots.txt HTTP/1.1" 404 1181 "-" "Mozilla/5.0 (compatible; Googlebot/2.1; +http://www.google.com/bot.html)"
66.249.78.60 - - [03/Apr/2013:20:16:56 +0200] "GET /hirek/1303201/01_.jpg HTTP/1.1" 200 5231 "-" "Googlebot-Image/1.0"
77.88.42.27 - - [03/Apr/2013:20:17:36 +0200] "GET /hirek/1303201/08_.jpg HTTP/1.1" 200 18376 "-" "Mozilla/5.0 (compatible; YandexImages/3.0; +http://yandex.com/bots)"
37.140.165.214 - - [03/Apr/2013:20:31:50 +0200] "GET /hirek/130312/10.jpg HTTP/1.1" 200 19120 "-" "Mozilla/5.0 (compatible; YandexImages/3.0; +http://yandex.com/bots)"
85.67.191.24 - - [03/Apr/2013:20:36:02 +0200] "GET /jog/jogszabalyok/egyezm_bern.pdf HTTP/1.1" 200 77062 "http://www.google.hu/url?sa=t&rct=j&q=berni%20egyezm%C3%A9ny%20alapvet%C5%91%20c%C3%A9lkit%C5%B1z%C3%A9se&source=web&cd=2&ved=0CDMQFjAB&url=http%3A%2F%2Fwww.beklen.hu%2Fjog%2Fjogszabalyok%2Fegyezm_bern.pdf&ei=i3ZcUZyPO4Km4gSQ94HIAw&usg=AFQjCNGRKxXSy5fifdVP7GLBjyLoy5NKyg" "Mozilla/5.0 (Windows NT 5.1; rv:19.0) Gecko/20100101 Firefox/19.0"
85.67.191.24 - - [03/Apr/2013:20:36:04 +0200] "GET /favicon.ico HTTP/1.1" 404 1181 "-" "Mozilla/5.0 (Windows NT 5.1; rv:19.0) Gecko/20100101 Firefox/19.0"
85.67.191.24 - - [03/Apr/2013:20:36:04 +0200] "GET /favicon.ico HTTP/1.1" 404 1181 "-" "Mozilla/5.0 (Windows NT 5.1; rv:19.0) Gecko/20100101 Firefox/19.0"
157.55.33.83 - - [03/Apr/2013:21:01:30 +0200] "GET /robots.txt HTTP/1.1" 404 1181 "-" "Mozilla/5.0 (compatible; bingbot/2.0; +http://www.bing.com/bingbot.htm)"
157.55.33.83 - - [03/Apr/2013:21:07:19 +0200] "GET /hirek08_12.htm HTTP/1.1" 304 - "-" "Mozilla/5.0 (compatible; bingbot/2.0; +http://www.bing.com/bingbot.htm)"
37.140.165.214 - - [03/Apr/2013:21:07:49 +0200] "GET /hirek/130312/35.jpg HTTP/1.1" 200 68255 "-" "Mozilla/5.0 (compatible; YandexImages/3.0; +http://yandex.com/bots)"
77.88.42.27 - - [03/Apr/2013:21:11:36 +0200] "GET /hirek/tejcsarnok.jpg HTTP/1.1" 200 55546 "-" "Mozilla/5.0 (compatible; YandexImages/3.0; +http://yandex.com/bots)"
77.88.42.27 - - [03/Apr/2013:21:25:12 +0200] "GET /hirek/130312/10_.jpg HTTP/1.1" 200 2962 "-" "Mozilla/5.0 (compatible; YandexImages/3.0; +http://yandex.com/bots)"
77.88.42.27 - - [03/Apr/2013:21:28:48 +0200] "GET /hirek/1303201/08.jpg HTTP/1.1" 200 113722 "-" "Mozilla/5.0 (compatible; YandexImages/3.0; +http://yandex.com/bots)"
37.140.165.214 - - [03/Apr/2013:21:49:39 +0200] "GET /hirek/1303201/07.jpg HTTP/1.1" 200 74990 "-" "Mozilla/5.0 (compatible; YandexImages/3.0; +http://yandex.com/bots)"
77.88.42.27 - - [03/Apr/2013:22:00:26 +0200] "GET /robots.txt HTTP/1.1" 404 1181 "-" "Mozilla/5.0 (compatible; YandexBot/3.0; +http://yandex.com/bots)"
77.88.42.27 - - [03/Apr/2013:22:00:29 +0200] "GET /fiok/kapcsolat.htm HTTP/1.1" 200 17416 "-" "Mozilla/5.0 (compatible; YandexBot/3.0; +http://yandex.com/bots)"
77.88.42.27 - - [03/Apr/2013:22:00:32 +0200] "GET /turizmusbanner.swf HTTP/1.1" 200 160827 "-" "Mozilla/5.0 (compatible; YandexBot/3.0; +http://yandex.com/bots)"
77.88.42.27 - - [03/Apr/2013:22:01:29 +0200] "GET /hirek/jelentkezesi_lap.doc HTTP/1.1" 200 251392 "-" "Mozilla/5.0 (compatible; YandexBot/3.0; +http://yandex.com/bots)"
123.125.71.28 - - [03/Apr/2013:22:10:10 +0200] "GET / HTTP/1.1" 200 42122 "-" "Mozilla/5.0 (compatible; Baiduspider/2.0; +http://www.baidu.com/search/spider.html)"
77.88.42.27 - - [03/Apr/2013:22:19:12 +0200] "GET /hirek/130312/37_.jpg HTTP/1.1" 200 7666 "-" "Mozilla/5.0 (compatible; YandexImages/3.0; +http://yandex.com/bots)"
130.83.167.153 - - [03/Apr/2013:22:19:25 +0200] "GET /jog/jogsegely.htm HTTP/1.1" 200 14053 "-" "findlinks/2.6 (+http://wortschatz.uni-leipzig.de/findlinks/)"
66.249.78.60 - - [03/Apr/2013:22:22:52 +0200] "GET /jog/eseteink/derekegyhaza/t%C3%83%C2%A1j%C3%83%C2%A9koztat%C3%83%C2%B3_az_fvmhivatal-nak.pdf HTTP/1.1" 404 1181 "-" "Googlebot/2.1 (+http://www.google.com/bot.html)"
37.140.165.214 - - [03/Apr/2013:22:24:24 +0200] "GET /hirek/1303071.jpg HTTP/1.1" 200 86534 "-" "Mozilla/5.0 (compatible; YandexImages/3.0; +http://yandex.com/bots)"
77.88.42.27 - - [03/Apr/2013:22:30:18 +0200] "GET /tm07.jpg HTTP/1.1" 200 1007 "-" "Mozilla/5.0 (compatible; YandexImages/3.0; +http://yandex.com/bots)"
139.18.2.209 - - [03/Apr/2013:22:40:14 +0200] "GET /jog/polgariper.htm HTTP/1.1" 200 13964 "-" "findlinks/2.6 (+http://wortschatz.uni-leipzig.de/findlinks/)"
77.88.42.27 - - [03/Apr/2013:23:19:24 +0200] "GET /tm04_.jpg HTTP/1.1" 200 2058 "-" "Mozilla/5.0 (compatible; YandexImages/3.0; +http://yandex.com/bots)"
77.88.42.27 - - [03/Apr/2013:23:35:52 +0200] "GET /hirek/1303201_clip_image003.jpg HTTP/1.1" 200 5957 "-" "Mozilla/5.0 (compatible; YandexImages/3.0; +http://yandex.com/bots)"
77.88.42.27 - - [03/Apr/2013:23:36:24 +0200] "GET /hirek/1303201/03.jpg HTTP/1.1" 200 29182 "-" "Mozilla/5.0 (compatible; YandexImages/3.0; +http://yandex.com/bots)"
208.115.113.84 - - [04/Apr/2013:00:29:57 +0200] "GET /robots.txt HTTP/1.1" 404 1181 "-" "Mozilla/5.0 (compatible; Ezooms/1.0; ezooms.bot@gmail.com)"
208.115.113.84 - - [04/Apr/2013:00:44:23 +0200] "GET /fiok HTTP/1.1" 301 312 "-" "Mozilla/5.0 (compatible; Ezooms/1.0; ezooms.bot@gmail.com)"
66.249.78.60 - - [04/Apr/2013:01:57:09 +0200] "GET /hirek/hirek100305.htm HTTP/1.1" 304 - "-" "SAMSUNG-SGH-E250/1.0 Profile/MIDP-2.0 Configuration/CLDC-1.1 UP.Browser/6.2.3.3.c.1.101 (GUI) MMP/2.0 (compatible; Googlebot-Mobile/2.1; +http://www.google.com/bot.html)"
66.249.78.60 - - [04/Apr/2013:02:20:34 +0200] "GET /nca10.htm HTTP/1.1" 200 16648 "-" "Mozilla/5.0 (compatible; Googlebot/2.1; +http://www.google.com/bot.html)"
157.55.33.253 - - [04/Apr/2013:02:27:14 +0200] "GET /robots.txt HTTP/1.1" 404 1181 "-" "Mozilla/5.0 (compatible; bingbot/2.0; +http://www.bing.com/bingbot.htm)"
157.55.33.253 - - [04/Apr/2013:02:29:30 +0200] "GET /jog/eljaraskezd.htm HTTP/1.1" 304 - "-" "Mozilla/5.0 (compatible; bingbot/2.0; +http://www.bing.com/bingbot.htm)"
180.76.5.53 - - [04/Apr/2013:03:06:27 +0200] "GET /fiok/program_reszek/erdei_iskola.htm HTTP/1.1" 200 21601 "-" "Mozilla/5.0 (compatible; Baiduspider/2.0; +http://www.baidu.com/search/spider.html)"
66.249.78.60 - - [04/Apr/2013:03:33:00 +0200] "GET /jog/tippek.htm HTTP/1.1" 200 13697 "-" "Mozilla/5.0 (compatible; Googlebot/2.1; +http://www.google.com/bot.html)"
66.249.78.60 - - [04/Apr/2013:03:49:14 +0200] "GET / HTTP/1.1" 200 42122 "-" "SAMSUNG-SGH-E250/1.0 Profile/MIDP-2.0 Configuration/CLDC-1.1 UP.Browser/6.2.3.3.c.1.101 (GUI) MMP/2.0 (compatible; Googlebot-Mobile/2.1; +http://www.google.com/bot.html)"
77.88.42.27 - - [04/Apr/2013:04:24:14 +0200] "GET /fiok/mult.htm HTTP/1.1" 200 23227 "-" "Mozilla/5.0 (compatible; YandexBot/3.0; +http://yandex.com/bots)"
77.88.42.27 - - [04/Apr/2013:04:24:16 +0200] "GET /hirek/hirek101025.htm HTTP/1.1" 200 8786 "-" "Mozilla/5.0 (compatible; YandexBot/3.0; +http://yandex.com/bots)"
77.88.42.27 - - [04/Apr/2013:04:24:20 +0200] "GET /hirek/hirek100810.htm HTTP/1.1" 200 8123 "-" "Mozilla/5.0 (compatible; YandexBot/3.0; +http://yandex.com/bots)"
77.88.42.27 - - [04/Apr/2013:04:42:09 +0200] "GET /hirek/hirek120120.htm HTTP/1.1" 200 6634 "-" "Mozilla/5.0 (compatible; YandexBot/3.0; +http://yandex.com/bots)"
157.55.33.17 - - [04/Apr/2013:04:47:59 +0200] "GET /robots.txt HTTP/1.1" 404 1181 "-" "Mozilla/5.0 (compatible; bingbot/2.0; +http://www.bing.com/bingbot.htm)"
157.56.92.153 - - [04/Apr/2013:04:47:59 +0200] "GET /robots.txt HTTP/1.1" 404 1181 "-" "Mozilla/5.0 (compatible; bingbot/2.0; +http://www.bing.com/bingbot.htm)"
157.55.33.22 - - [04/Apr/2013:04:50:03 +0200] "GET /index.htm HTTP/1.1" 200 42122 "-" "Mozilla/5.0 (compatible; bingbot/2.0; +http://www.bing.com/bingbot.htm)"
157.56.229.23 - - [04/Apr/2013:04:52:29 +0200] "GET / HTTP/1.1" 200 42122 "-" "Mozilla/5.0 (compatible; bingbot/2.0; +http://www.bing.com/bingbot.htm)"
157.56.229.23 - - [04/Apr/2013:04:52:31 +0200] "GET / HTTP/1.1" 200 42122 "-" "Mozilla/5.0 (compatible; bingbot/2.0; +http://www.bing.com/bingbot.htm)"
157.56.229.23 - - [04/Apr/2013:04:52:32 +0200] "GET /jog/eseteink/korosladany/ HTTP/1.1" 200 30713 "-" "Mozilla/5.0 (compatible; bingbot/2.0; +http://www.bing.com/bingbot.htm)"
157.56.229.23 - - [04/Apr/2013:04:52:33 +0200] "GET /magunkrol.htm HTTP/1.1" 200 9161 "-" "Mozilla/5.0 (compatible; bingbot/2.0; +http://www.bing.com/bingbot.htm)"
157.55.35.37 - - [04/Apr/2013:04:53:58 +0200] "GET /jog/eseteink/audi/index.htm HTTP/1.1" 200 15938 "-" "Mozilla/5.0 (compatible; bingbot/2.0; +http://www.bing.com/bingbot.htm)"
157.55.35.37 - - [04/Apr/2013:04:54:00 +0200] "GET /jog/eseteink/kavicszatony/ HTTP/1.1" 200 16432 "-" "Mozilla/5.0 (compatible; bingbot/2.0; +http://www.bing.com/bingbot.htm)"
157.56.92.153 - - [04/Apr/2013:04:54:57 +0200] "GET /jog/eseteink/malom/ HTTP/1.1" 200 17507 "-" "Mozilla/5.0 (compatible; bingbot/2.0; +http://www.bing.com/bingbot.htm)"
66.249.78.60 - - [04/Apr/2013:04:55:54 +0200] "GET /jog/eseteink/audi/ferto-hansag_ii.pdf HTTP/1.1" 200 293257 "-" "Mozilla/5.0 (compatible; Googlebot/2.1; +http://www.google.com/bot.html)"
69.30.238.162 - - [04/Apr/2013:05:03:07 +0200] "GET /robots.txt HTTP/1.0" 404 1181 "-" "Mozilla/5.0 (compatible; MJ12bot/v1.4.3; http://www.majestic12.co.uk/bot.php?+)"
69.30.238.162 - - [04/Apr/2013:05:03:10 +0200] "GET / HTTP/1.0" 200 42122 "-" "Mozilla/5.0 (compatible; MJ12bot/v1.4.3; http://www.majestic12.co.uk/bot.php?+)"
157.55.33.17 - - [04/Apr/2013:05:11:14 +0200] "GET /deutsch/index.htm HTTP/1.1" 200 5324 "-" "Mozilla/5.0 (compatible; bingbot/2.0; +http://www.bing.com/bingbot.htm)"
66.249.78.60 - - [04/Apr/2013:05:22:47 +0200] "GET / HTTP/1.1" 200 42122 "-" "Mozilla/5.0 (iPhone; U; CPU iPhone OS 4_1 like Mac OS X; en-us) AppleWebKit/532.9 (KHTML, like Gecko) Version/4.0.5 Mobile/8B117 Safari/6531.22.7 (compatible; Googlebot-Mobile/2.1; +http://www.google.com/bot.html)"
157.56.229.186 - - [04/Apr/2013:05:39:03 +0200] "GET /robots.txt HTTP/1.1" 404 1181 "-" "Mozilla/5.0 (compatible; bingbot/2.0; +http://www.bing.com/bingbot.htm)"
157.56.229.186 - - [04/Apr/2013:05:40:56 +0200] "GET /programok.htm HTTP/1.1" 200 6444 "-" "Mozilla/5.0 (compatible; bingbot/2.0; +http://www.bing.com/bingbot.htm)"
66.249.78.60 - - [04/Apr/2013:06:35:29 +0200] "GET /jog/jogszabalyok/2001-es%20vedett%20lista.pdf HTTP/1.1" 304 - "-" "Mozilla/5.0 (compatible; Googlebot/2.1; +http://www.google.com/bot.html)"
173.192.235.226 - - [04/Apr/2013:07:39:17 +0200] "GET /deutsch/index.htm HTTP/1.1" 200 5324 "-" "Mozilla/5.0 (compatible; SiteExplorer/1.0b; +http://siteexplorer.info/)"
173.192.235.226 - - [04/Apr/2013:07:39:19 +0200] "GET /szakmai.htm HTTP/1.1" 200 6054 "-" "Mozilla/5.0 (compatible; SiteExplorer/1.0b; +http://siteexplorer.info/)"
173.192.235.226 - - [04/Apr/2013:07:39:21 +0200] "GET /nka.htm HTTP/1.1" 200 6221 "-" "Mozilla/5.0 (compatible; SiteExplorer/1.0b; +http://siteexplorer.info/)"
173.192.235.226 - - [04/Apr/2013:07:39:23 +0200] "GET /ncta.htm HTTP/1.1" 200 7221 "-" "Mozilla/5.0 (compatible; SiteExplorer/1.0b; +http://siteexplorer.info/)"
173.192.235.226 - - [04/Apr/2013:07:39:25 +0200] "GET /nca.htm HTTP/1.1" 200 7467 "-" "Mozilla/5.0 (compatible; SiteExplorer/1.0b; +http://siteexplorer.info/)"
173.192.235.226 - - [04/Apr/2013:07:39:27 +0200] "GET /khb.htm HTTP/1.1" 200 8719 "-" "Mozilla/5.0 (compatible; SiteExplorer/1.0b; +http://siteexplorer.info/)"
173.192.235.226 - - [04/Apr/2013:07:39:29 +0200] "GET /hirek09_03.htm HTTP/1.1" 200 10726 "-" "Mozilla/5.0 (compatible; SiteExplorer/1.0b; +http://siteexplorer.info/)"
173.192.235.226 - - [04/Apr/2013:07:39:31 +0200] "GET /hirek09_02.htm HTTP/1.1" 200 7450 "-" "Mozilla/5.0 (compatible; SiteExplorer/1.0b; +http://siteexplorer.info/)"
173.192.235.226 - - [04/Apr/2013:07:39:33 +0200] "GET /hirek09_01.htm HTTP/1.1" 200 6841 "-" "Mozilla/5.0 (compatible; SiteExplorer/1.0b; +http://siteexplorer.info/)"
173.192.235.226 - - [04/Apr/2013:07:39:35 +0200] "GET /hirek08_12.htm HTTP/1.1" 200 8268 "-" "Mozilla/5.0 (compatible; SiteExplorer/1.0b; +http://siteexplorer.info/)"
173.192.235.226 - - [04/Apr/2013:07:39:37 +0200] "GET /hirek08_11.htm HTTP/1.1" 200 7253 "-" "Mozilla/5.0 (compatible; SiteExplorer/1.0b; +http://siteexplorer.info/)"
173.192.235.226 - - [04/Apr/2013:07:39:39 +0200] "GET /hirek08_10.htm HTTP/1.1" 200 6946 "-" "Mozilla/5.0 (compatible; SiteExplorer/1.0b; +http://siteexplorer.info/)"
173.192.235.226 - - [04/Apr/2013:07:39:42 +0200] "GET /hirek/printscreenek/oktatokozpont.JPG HTTP/1.1" 200 119626 "-" "Mozilla/5.0 (compatible; SiteExplorer/1.0b; +http://siteexplorer.info/)"
173.192.235.226 - - [04/Apr/2013:07:39:44 +0200] "GET /hirek/jelentkezesi_lap.doc HTTP/1.1" 200 133931 "-" "Mozilla/5.0 (compatible; SiteExplorer/1.0b; +http://siteexplorer.info/)"
173.192.235.226 - - [04/Apr/2013:07:39:45 +0200] "GET /hirek/hirek09_03.htm HTTP/1.1" 200 10810 "-" "Mozilla/5.0 (compatible; SiteExplorer/1.0b; +http://siteexplorer.info/)"
173.192.235.226 - - [04/Apr/2013:07:39:47 +0200] "GET /hirek/hirek09_02.htm HTTP/1.1" 200 7534 "-" "Mozilla/5.0 (compatible; SiteExplorer/1.0b; +http://siteexplorer.info/)"
173.192.235.226 - - [04/Apr/2013:07:39:49 +0200] "GET /hirek/hirek09_01.htm HTTP/1.1" 200 6925 "-" "Mozilla/5.0 (compatible; SiteExplorer/1.0b; +http://siteexplorer.info/)"
173.192.235.226 - - [04/Apr/2013:07:39:52 +0200] "GET /hirek/hirek090930.htm HTTP/1.1" 200 7044 "-" "Mozilla/5.0 (compatible; SiteExplorer/1.0b; +http://siteexplorer.info/)"
173.192.235.226 - - [04/Apr/2013:07:39:53 +0200] "GET /hirek/hirek090619.htm HTTP/1.1" 200 7871 "-" "Mozilla/5.0 (compatible; SiteExplorer/1.0b; +http://siteexplorer.info/)"
173.192.235.226 - - [04/Apr/2013:07:39:55 +0200] "GET /hirek/hirek090605.htm HTTP/1.1" 200 7994 "-" "Mozilla/5.0 (compatible; SiteExplorer/1.0b; +http://siteexplorer.info/)"
173.192.235.226 - - [04/Apr/2013:07:39:57 +0200] "GET /jog/ HTTP/1.1" 200 13138 "-" "Mozilla/5.0 (compatible; SiteExplorer/1.0b; +http://siteexplorer.info/)"
173.192.235.226 - - [04/Apr/2013:07:39:59 +0200] "GET /fiok/index.html HTTP/1.1" 200 20554 "-" "Mozilla/5.0 (compatible; SiteExplorer/1.0b; +http://siteexplorer.info/)"
173.192.235.226 - - [04/Apr/2013:07:40:01 +0200] "GET /fiok HTTP/1.1" 301 312 "-" "Mozilla/5.0 (compatible; SiteExplorer/1.0b; +http://siteexplorer.info/)"
173.192.235.226 - - [04/Apr/2013:07:40:04 +0200] "GET / HTTP/1.1" 200 42122 "-" "Mozilla/5.0 (compatible; SiteExplorer/1.0b; +http://siteexplorer.info/)"
208.115.113.84 - - [04/Apr/2013:08:26:16 +0200] "GET /robots.txt HTTP/1.1" 404 1181 "-" "Mozilla/5.0 (compatible; Ezooms/1.0; ezooms.bot@gmail.com)"
208.115.113.84 - - [04/Apr/2013:08:40:07 +0200] "GET /jog HTTP/1.1" 301 311 "-" "Mozilla/5.0 (compatible; Ezooms/1.0; ezooms.bot@gmail.com)"
91.83.232.76 - - [04/Apr/2013:09:45:44 +0200] "GET /jog/eseteink/derekegyhaza/dalerd-disznoskert%20szakhat-vegleges.pdf HTTP/1.1" 200 190281 "http://www.google.hu/url?sa=t&rct=j&q=hal%C3%A1szati%20fel%C3%BCgyel%C3%B6s%C3%A9g%20szeged&source=web&cd=4&ved=0CDwQFjAD&url=http%3A%2F%2Fwww.beklen.hu%2Fjog%2Feseteink%2Fderekegyhaza%2Fdalerd-disznoskert%2520szakhat-vegleges.pdf&ei=iy9dUaukD8jTswaW3ICYDw&usg=AFQjCNEBGu24jT5qgAFqhIXgQVRiAz7BFA" "Mozilla/5.0 (Windows NT 6.1; WOW64; rv:20.0) Gecko/20100101 Firefox/20.0"
91.83.232.76 - - [04/Apr/2013:09:45:44 +0200] "GET /favicon.ico HTTP/1.1" 404 1181 "-" "Mozilla/5.0 (Windows NT 6.1; WOW64; rv:20.0) Gecko/20100101 Firefox/20.0"
77.88.42.27 - - [04/Apr/2013:11:00:31 +0200] "GET /robots.txt HTTP/1.1" 404 1181 "-" "Mozilla/5.0 (compatible; YandexBot/3.0; +http://yandex.com/bots)"
89.134.163.166 - - [04/Apr/2013:11:50:42 +0200] "GET / HTTP/1.1" 200 42122 "http://www.google.hu/url?sa=t&rct=j&q=&esrc=s&source=web&cd=1&ved=0CD0QFjAA&url=http%3A%2F%2Fwww.beklen.hu%2F&ei=70tdUcKuA4LItQbk4YGABg&usg=AFQjCNEP-2laihep9vegTwNlHcl4us-iaw&sig2=Hgsnc2nSZd8u9MUvB0cU3Q&bvm=bv.44770516,d.Yms" "Mozilla/5.0 (Windows NT 6.2; WOW64; rv:19.0) Gecko/20100101 Firefox/19.0"
89.134.163.166 - - [04/Apr/2013:11:50:42 +0200] "GET /vill.cs HTTP/1.1" 200 3114 "http://www.beklen.hu/" "Mozilla/5.0 (Windows NT 6.2; WOW64; rv:19.0) Gecko/20100101 Firefox/19.0"
89.134.163.166 - - [04/Apr/2013:11:50:42 +0200] "GET /lb/css/lightbox.css HTTP/1.1" 200 1715 "http://www.beklen.hu/" "Mozilla/5.0 (Windows NT 6.2; WOW64; rv:19.0) Gecko/20100101 Firefox/19.0"
89.134.163.166 - - [04/Apr/2013:11:50:43 +0200] "GET /lb/js/scriptaculous.js?load=effects HTTP/1.1" 200 2152 "http://www.beklen.hu/" "Mozilla/5.0 (Windows NT 6.2; WOW64; rv:19.0) Gecko/20100101 Firefox/19.0"
89.134.163.166 - - [04/Apr/2013:11:50:43 +0200] "GET /tm01.jpg HTTP/1.1" 200 1080 "http://www.beklen.hu/" "Mozilla/5.0 (Windows NT 6.2; WOW64; rv:19.0) Gecko/20100101 Firefox/19.0"
89.134.163.166 - - [04/Apr/2013:11:50:43 +0200] "GET /tm02.jpg HTTP/1.1" 200 1873 "http://www.beklen.hu/" "Mozilla/5.0 (Windows NT 6.2; WOW64; rv:19.0) Gecko/20100101 Firefox/19.0"
89.134.163.166 - - [04/Apr/2013:11:50:43 +0200] "GET /lb/js/prototype.js HTTP/1.1" 200 47603 "http://www.beklen.hu/" "Mozilla/5.0 (Windows NT 6.2; WOW64; rv:19.0) Gecko/20100101 Firefox/19.0"
89.134.163.166 - - [04/Apr/2013:11:50:43 +0200] "GET /lb/js/lightbox.js HTTP/1.1" 200 23424 "http://www.beklen.hu/" "Mozilla/5.0 (Windows NT 6.2; WOW64; rv:19.0) Gecko/20100101 Firefox/19.0"
89.134.163.166 - - [04/Apr/2013:11:50:43 +0200] "GET /tm04_.jpg HTTP/1.1" 200 2058 "http://www.beklen.hu/" "Mozilla/5.0 (Windows NT 6.2; WOW64; rv:19.0) Gecko/20100101 Firefox/19.0"
89.134.163.166 - - [04/Apr/2013:11:50:43 +0200] "GET /tm05_.jpg HTTP/1.1" 200 1839 "http://www.beklen.hu/" "Mozilla/5.0 (Windows NT 6.2; WOW64; rv:19.0) Gecko/20100101 Firefox/19.0"
89.134.163.166 - - [04/Apr/2013:11:50:43 +0200] "GET /tm06_.jpg HTTP/1.1" 200 1382 "http://www.beklen.hu/" "Mozilla/5.0 (Windows NT 6.2; WOW64; rv:19.0) Gecko/20100101 Firefox/19.0"
89.134.163.166 - - [04/Apr/2013:11:50:43 +0200] "GET /tm07.jpg HTTP/1.1" 200 1007 "http://www.beklen.hu/" "Mozilla/5.0 (Windows NT 6.2; WOW64; rv:19.0) Gecko/20100101 Firefox/19.0"
89.134.163.166 - - [04/Apr/2013:11:50:43 +0200] "GET /tm03_.jpg HTTP/1.1" 200 1787 "http://www.beklen.hu/" "Mozilla/5.0 (Windows NT 6.2; WOW64; rv:19.0) Gecko/20100101 Firefox/19.0"
89.134.163.166 - - [04/Apr/2013:11:50:43 +0200] "GET /lb/js/effects.js HTTP/1.1" 200 31969 "http://www.beklen.hu/" "Mozilla/5.0 (Windows NT 6.2; WOW64; rv:19.0) Gecko/20100101 Firefox/19.0"
89.134.163.166 - - [04/Apr/2013:11:50:43 +0200] "GET /a1_projekt_tabla_infra_cs3_beklenhaz_.jpg HTTP/1.1" 200 8994 "http://www.beklen.hu/" "Mozilla/5.0 (Windows NT 6.2; WOW64; rv:19.0) Gecko/20100101 Firefox/19.0"
89.134.163.166 - - [04/Apr/2013:11:50:43 +0200] "GET /uszt-tabla_.jpg HTTP/1.1" 200 4543 "http://www.beklen.hu/" "Mozilla/5.0 (Windows NT 6.2; WOW64; rv:19.0) Gecko/20100101 Firefox/19.0"
89.134.163.166 - - [04/Apr/2013:11:50:43 +0200] "GET /jog_honlap_.jpg HTTP/1.1" 200 7186 "http://www.beklen.hu/" "Mozilla/5.0 (Windows NT 6.2; WOW64; rv:19.0) Gecko/20100101 Firefox/19.0"
89.134.163.166 - - [04/Apr/2013:11:50:44 +0200] "GET /bg.jpg HTTP/1.1" 200 566 "http://www.beklen.hu/" "Mozilla/5.0 (Windows NT 6.2; WOW64; rv:19.0) Gecko/20100101 Firefox/19.0"
89.134.163.166 - - [04/Apr/2013:11:50:44 +0200] "GET /bottom_main.jpg HTTP/1.1" 200 96820 "http://www.beklen.hu/vill.cs" "Mozilla/5.0 (Windows NT 6.2; WOW64; rv:19.0) Gecko/20100101 Firefox/19.0"
89.134.163.166 - - [04/Apr/2013:11:50:44 +0200] "GET /turizmusbanner.swf HTTP/1.1" 200 160827 "http://www.beklen.hu/" "Mozilla/5.0 (Windows NT 6.2; WOW64; rv:19.0) Gecko/20100101 Firefox/19.0"
89.134.163.166 - - [04/Apr/2013:11:50:45 +0200] "GET /nimfea_project_250x250.gif HTTP/1.1" 200 2986583 "http://www.beklen.hu/" "Mozilla/5.0 (Windows NT 6.2; WOW64; rv:19.0) Gecko/20100101 Firefox/19.0"
89.134.163.166 - - [04/Apr/2013:11:50:46 +0200] "GET /tm02_.jpg HTTP/1.1" 200 1524 "http://www.beklen.hu/" "Mozilla/5.0 (Windows NT 6.2; WOW64; rv:19.0) Gecko/20100101 Firefox/19.0"
89.134.163.166 - - [04/Apr/2013:11:50:46 +0200] "GET /lb/images/closelabel.gif HTTP/1.1" 200 222 "http://www.beklen.hu/" "Mozilla/5.0 (Windows NT 6.2; WOW64; rv:19.0) Gecko/20100101 Firefox/19.0"
89.134.163.166 - - [04/Apr/2013:11:50:46 +0200] "GET /tm04.jpg HTTP/1.1" 200 2613 "http://www.beklen.hu/" "Mozilla/5.0 (Windows NT 6.2; WOW64; rv:19.0) Gecko/20100101 Firefox/19.0"
89.134.163.166 - - [04/Apr/2013:11:50:46 +0200] "GET /tm05.jpg HTTP/1.1" 200 2253 "http://www.beklen.hu/" "Mozilla/5.0 (Windows NT 6.2; WOW64; rv:19.0) Gecko/20100101 Firefox/19.0"
89.134.163.166 - - [04/Apr/2013:11:50:46 +0200] "GET /tm06.jpg HTTP/1.1" 200 1651 "http://www.beklen.hu/" "Mozilla/5.0 (Windows NT 6.2; WOW64; rv:19.0) Gecko/20100101 Firefox/19.0"
89.134.163.166 - - [04/Apr/2013:11:50:46 +0200] "GET /lb/images/loading.gif HTTP/1.1" 200 2767 "http://www.beklen.hu/" "Mozilla/5.0 (Windows NT 6.2; WOW64; rv:19.0) Gecko/20100101 Firefox/19.0"
89.134.163.166 - - [04/Apr/2013:11:50:46 +0200] "GET /tm03.jpg HTTP/1.1" 200 2212 "http://www.beklen.hu/" "Mozilla/5.0 (Windows NT 6.2; WOW64; rv:19.0) Gecko/20100101 Firefox/19.0"
89.134.163.166 - - [04/Apr/2013:11:50:46 +0200] "GET /favicon.ico HTTP/1.1" 404 1181 "-" "Mozilla/5.0 (Windows NT 6.2; WOW64; rv:19.0) Gecko/20100101 Firefox/19.0"
89.134.163.166 - - [04/Apr/2013:11:50:47 +0200] "GET /kapcsolat.htm HTTP/1.1" 200 6875 "http://www.beklen.hu/" "Mozilla/5.0 (Windows NT 6.2; WOW64; rv:19.0) Gecko/20100101 Firefox/19.0"
89.134.163.166 - - [04/Apr/2013:11:50:47 +0200] "GET /felsorol.css HTTP/1.1" 200 240 "http://www.beklen.hu/kapcsolat.htm" "Mozilla/5.0 (Windows NT 6.2; WOW64; rv:19.0) Gecko/20100101 Firefox/19.0"
89.134.163.166 - - [04/Apr/2013:11:50:48 +0200] "GET /bottom_.jpg HTTP/1.1" 200 93419 "http://www.beklen.hu/vill.cs" "Mozilla/5.0 (Windows NT 6.2; WOW64; rv:19.0) Gecko/20100101 Firefox/19.0"
89.134.163.166 - - [04/Apr/2013:11:51:59 +0200] "GET /index.htm HTTP/1.1" 200 42122 "http://www.beklen.hu/kapcsolat.htm" "Mozilla/5.0 (Windows NT 6.2; WOW64; rv:19.0) Gecko/20100101 Firefox/19.0"
89.134.163.166 - - [04/Apr/2013:11:51:59 +0200] "GET /lb/js/scriptaculous.js?load=effects HTTP/1.1" 304 - "http://www.beklen.hu/index.htm" "Mozilla/5.0 (Windows NT 6.2; WOW64; rv:19.0) Gecko/20100101 Firefox/19.0"
89.134.163.166 - - [04/Apr/2013:11:52:00 +0200] "GET /nimfea_project_250x250.gif HTTP/1.1" 200 2986583 "http://www.beklen.hu/index.htm" "Mozilla/5.0 (Windows NT 6.2; WOW64; rv:19.0) Gecko/20100101 Firefox/19.0"
66.249.78.60 - - [04/Apr/2013:12:33:12 +0200] "GET /robots.txt HTTP/1.1" 404 1181 "-" "Mozilla/5.0 (compatible; Googlebot/2.1; +http://www.google.com/bot.html)"
66.249.75.200 - - [04/Apr/2013:12:33:13 +0200] "GET /hirek/hirek100420.htm HTTP/1.1" 304 - "-" "DoCoMo/2.0 N905i(c100;TB;W24H16) (compatible; Googlebot-Mobile/2.1; +http://www.google.com/bot.html)"
77.88.42.27 - - [04/Apr/2013:12:55:36 +0200] "GET /nca06.htm HTTP/1.1" 200 19034 "-" "Mozilla/5.0 (compatible; YandexBot/3.0; +http://yandex.com/bots)"
65.55.215.65 - - [04/Apr/2013:13:30:19 +0200] "GET /robots.txt HTTP/1.1" 404 1181 "-" "msnbot-media/1.1 (+http://search.msn.com/msnbot.htm)"
65.55.215.65 - - [04/Apr/2013:13:30:20 +0200] "GET /uszt-tabla.jpg HTTP/1.1" 404 1181 "-" "msnbot-media/1.1 (+http://search.msn.com/msnbot.htm)"
66.249.78.60 - - [04/Apr/2013:13:43:24 +0200] "GET / HTTP/1.1" 200 42122 "-" "Mozilla/5.0 (compatible; Googlebot/2.1; +http://www.google.com/bot.html)"
157.55.33.40 - - [04/Apr/2013:13:46:12 +0200] "GET /robots.txt HTTP/1.1" 404 1181 "-" "Mozilla/5.0 (compatible; bingbot/2.0; +http://www.bing.com/bingbot.htm)"
157.55.33.40 - - [04/Apr/2013:13:48:10 +0200] "GET /index.htm HTTP/1.1" 200 42122 "-" "Mozilla/5.0 (compatible; bingbot/2.0; +http://www.bing.com/bingbot.htm)"
66.249.78.60 - - [04/Apr/2013:13:59:46 +0200] "GET /hirek/130312.htm HTTP/1.1" 304 - "-" "Mozilla/5.0 (iPhone; U; CPU iPhone OS 4_1 like Mac OS X; en-us) AppleWebKit/532.9 (KHTML, like Gecko) Version/4.0.5 Mobile/8B117 Safari/6531.22.7 (compatible; Googlebot-Mobile/2.1; +http://www.google.com/bot.html)"
66.249.78.60 - - [04/Apr/2013:14:00:06 +0200] "GET /hirek/1303122.htm HTTP/1.1" 304 - "-" "Mozilla/5.0 (iPhone; U; CPU iPhone OS 4_1 like Mac OS X; en-us) AppleWebKit/532.9 (KHTML, like Gecko) Version/4.0.5 Mobile/8B117 Safari/6531.22.7 (compatible; Googlebot-Mobile/2.1; +http://www.google.com/bot.html)"
66.249.78.60 - - [04/Apr/2013:14:00:26 +0200] "GET /hirek/1303191.htm HTTP/1.1" 304 - "-" "Mozilla/5.0 (iPhone; U; CPU iPhone OS 4_1 like Mac OS X; en-us) AppleWebKit/532.9 (KHTML, like Gecko) Version/4.0.5 Mobile/8B117 Safari/6531.22.7 (compatible; Googlebot-Mobile/2.1; +http://www.google.com/bot.html)"
66.249.78.60 - - [04/Apr/2013:14:00:47 +0200] "GET /jog/jogszabalyok/1_erdo.pdf HTTP/1.1" 200 761794 "-" "Mozilla/5.0 (iPhone; U; CPU iPhone OS 4_1 like Mac OS X; en-us) AppleWebKit/532.9 (KHTML, like Gecko) Version/4.0.5 Mobile/8B117 Safari/6531.22.7 (compatible; Googlebot-Mobile/2.1; +http://www.google.com/bot.html)"
66.249.75.200 - - [04/Apr/2013:14:01:07 +0200] "GET /jog/ugyeszsegek.htm HTTP/1.1" 304 - "-" "Mozilla/5.0 (iPhone; U; CPU iPhone OS 4_1 like Mac OS X; en-us) AppleWebKit/532.9 (KHTML, like Gecko) Version/4.0.5 Mobile/8B117 Safari/6531.22.7 (compatible; Googlebot-Mobile/2.1; +http://www.google.com/bot.html)"
66.249.78.60 - - [04/Apr/2013:14:01:29 +0200] "GET /khb/beklen_2011_kh_jelentes.pdf HTTP/1.1" 200 6014974 "-" "Mozilla/5.0 (iPhone; U; CPU iPhone OS 4_1 like Mac OS X; en-us) AppleWebKit/532.9 (KHTML, like Gecko) Version/4.0.5 Mobile/8B117 Safari/6531.22.7 (compatible; Googlebot-Mobile/2.1; +http://www.google.com/bot.html)"
66.249.78.60 - - [04/Apr/2013:14:01:47 +0200] "GET /nca04.htm HTTP/1.1" 200 16378 "-" "Mozilla/5.0 (iPhone; U; CPU iPhone OS 4_1 like Mac OS X; en-us) AppleWebKit/532.9 (KHTML, like Gecko) Version/4.0.5 Mobile/8B117 Safari/6531.22.7 (compatible; Googlebot-Mobile/2.1; +http://www.google.com/bot.html)"
66.249.78.60 - - [04/Apr/2013:14:02:07 +0200] "GET /nca05.htm HTTP/1.1" 200 16412 "-" "Mozilla/5.0 (iPhone; U; CPU iPhone OS 4_1 like Mac OS X; en-us) AppleWebKit/532.9 (KHTML, like Gecko) Version/4.0.5 Mobile/8B117 Safari/6531.22.7 (compatible; Googlebot-Mobile/2.1; +http://www.google.com/bot.html)"
66.249.78.60 - - [04/Apr/2013:14:27:19 +0200] "GET /hirek/1303122.htm HTTP/1.1" 304 - "-" "Mozilla/5.0 (iPhone; U; CPU iPhone OS 4_1 like Mac OS X; en-us) AppleWebKit/532.9 (KHTML, like Gecko) Version/4.0.5 Mobile/8B117 Safari/6531.22.7 (compatible; Googlebot-Mobile/2.1; +http://www.google.com/bot.html)"
66.249.78.60 - - [04/Apr/2013:14:34:02 +0200] "GET /jog/jogszabalyok/1_erdo.pdf HTTP/1.1" 200 761794 "-" "Mozilla/5.0 (iPhone; U; CPU iPhone OS 4_1 like Mac OS X; en-us) AppleWebKit/532.9 (KHTML, like Gecko) Version/4.0.5 Mobile/8B117 Safari/6531.22.7 (compatible; Googlebot-Mobile/2.1; +http://www.google.com/bot.html)"
77.88.42.27 - - [04/Apr/2013:14:40:10 +0200] "GET /turizmusbanner_.swf HTTP/1.1" 200 160838 "-" "Mozilla/5.0 (compatible; YandexBot/3.0; +http://yandex.com/bots)"
66.249.78.60 - - [04/Apr/2013:15:27:21 +0200] "GET /jog/eseteink/audi/audi_gyor_restoration_measures11-15.pdf HTTP/1.1" 304 - "-" "Mozilla/5.0 (iPhone; U; CPU iPhone OS 4_1 like Mac OS X; en-us) AppleWebKit/532.9 (KHTML, like Gecko) Version/4.0.5 Mobile/8B117 Safari/6531.22.7 (compatible; Googlebot-Mobile/2.1; +http://www.google.com/bot.html)"
194.38.110.161 - - [04/Apr/2013:15:43:37 +0200] "GET /jog/eseteink/korosladany/dalerd%20birsag.pdf HTTP/1.1" 200 95400 "https://www.google.hu/" "Mozilla/5.0 (Windows NT 6.1; WOW64) AppleWebKit/537.31 (KHTML, like Gecko) Chrome/26.0.1410.43 Safari/537.31"
