195.56.144.85 - - [19/Apr/2013:11:42:37 +0200] "GET /hirek/fotok_alsoberettyo/DSCF2478.jpg HTTP/1.1" 200 119998 "http://webcache.googleusercontent.com/search?q=cache:MBsbuIgBnSAJ:www.beklen.hu/hirek/hirek100810.htm+als%C3%B3+beretty%C3%B3+mell%C3%A9ki&cd=10&hl=hu&ct=clnk&gl=hu" "Mozilla/5.0 (Windows NT 5.1; rv:20.0) Gecko/20100101 Firefox/20.0"
195.56.144.85 - - [19/Apr/2013:11:42:38 +0200] "GET /bg.jpg HTTP/1.1" 200 566 "http://webcache.googleusercontent.com/search?q=cache:MBsbuIgBnSAJ:www.beklen.hu/hirek/hirek100810.htm+als%C3%B3+beretty%C3%B3+mell%C3%A9ki&cd=10&hl=hu&ct=clnk&gl=hu" "Mozilla/5.0 (Windows NT 5.1; rv:20.0) Gecko/20100101 Firefox/20.0"
195.56.144.85 - - [19/Apr/2013:11:42:42 +0200] "GET /nimfea_project_250x250.gif HTTP/1.1" 200 2986583 "http://webcache.googleusercontent.com/search?q=cache:MBsbuIgBnSAJ:www.beklen.hu/hirek/hirek100810.htm+als%C3%B3+beretty%C3%B3+mell%C3%A9ki&cd=10&hl=hu&ct=clnk&gl=hu" "Mozilla/5.0 (Windows NT 5.1; rv:20.0) Gecko/20100101 Firefox/20.0"
195.56.144.85 - - [19/Apr/2013:11:42:42 +0200] "GET /lb/images/loading.gif HTTP/1.1" 200 2767 "http://webcache.googleusercontent.com/search?q=cache:MBsbuIgBnSAJ:www.beklen.hu/hirek/hirek100810.htm+als%C3%B3+beretty%C3%B3+mell%C3%A9ki&cd=10&hl=hu&ct=clnk&gl=hu" "Mozilla/5.0 (Windows NT 5.1; rv:20.0) Gecko/20100101 Firefox/20.0"
195.56.144.85 - - [19/Apr/2013:11:42:42 +0200] "GET /lb/images/closelabel.gif HTTP/1.1" 200 222 "http://webcache.googleusercontent.com/search?q=cache:MBsbuIgBnSAJ:www.beklen.hu/hirek/hirek100810.htm+als%C3%B3+beretty%C3%B3+mell%C3%A9ki&cd=10&hl=hu&ct=clnk&gl=hu" "Mozilla/5.0 (Windows NT 5.1; rv:20.0) Gecko/20100101 Firefox/20.0"
195.56.144.85 - - [19/Apr/2013:11:42:42 +0200] "GET /tm02.jpg HTTP/1.1" 200 1873 "http://webcache.googleusercontent.com/search?q=cache:MBsbuIgBnSAJ:www.beklen.hu/hirek/hirek100810.htm+als%C3%B3+beretty%C3%B3+mell%C3%A9ki&cd=10&hl=hu&ct=clnk&gl=hu" "Mozilla/5.0 (Windows NT 5.1; rv:20.0) Gecko/20100101 Firefox/20.0"
195.56.144.85 - - [19/Apr/2013:11:42:42 +0200] "GET /tm04.jpg HTTP/1.1" 200 2613 "http://webcache.googleusercontent.com/search?q=cache:MBsbuIgBnSAJ:www.beklen.hu/hirek/hirek100810.htm+als%C3%B3+beretty%C3%B3+mell%C3%A9ki&cd=10&hl=hu&ct=clnk&gl=hu" "Mozilla/5.0 (Windows NT 5.1; rv:20.0) Gecko/20100101 Firefox/20.0"
195.56.144.85 - - [19/Apr/2013:11:42:42 +0200] "GET /tm05.jpg HTTP/1.1" 200 2253 "http://webcache.googleusercontent.com/search?q=cache:MBsbuIgBnSAJ:www.beklen.hu/hirek/hirek100810.htm+als%C3%B3+beretty%C3%B3+mell%C3%A9ki&cd=10&hl=hu&ct=clnk&gl=hu" "Mozilla/5.0 (Windows NT 5.1; rv:20.0) Gecko/20100101 Firefox/20.0"
195.56.144.85 - - [19/Apr/2013:11:42:42 +0200] "GET /tm06.jpg HTTP/1.1" 200 1651 "http://webcache.googleusercontent.com/search?q=cache:MBsbuIgBnSAJ:www.beklen.hu/hirek/hirek100810.htm+als%C3%B3+beretty%C3%B3+mell%C3%A9ki&cd=10&hl=hu&ct=clnk&gl=hu" "Mozilla/5.0 (Windows NT 5.1; rv:20.0) Gecko/20100101 Firefox/20.0"
195.56.144.85 - - [19/Apr/2013:11:42:42 +0200] "GET /tm03.jpg HTTP/1.1" 200 2212 "http://webcache.googleusercontent.com/search?q=cache:MBsbuIgBnSAJ:www.beklen.hu/hirek/hirek100810.htm+als%C3%B3+beretty%C3%B3+mell%C3%A9ki&cd=10&hl=hu&ct=clnk&gl=hu" "Mozilla/5.0 (Windows NT 5.1; rv:20.0) Gecko/20100101 Firefox/20.0"
195.56.144.85 - - [19/Apr/2013:11:42:46 +0200] "GET /lb/images/blank.gif HTTP/1.1" 200 43 "http://www.beklen.hu/lb/css/lightbox.css" "Mozilla/5.0 (Windows NT 5.1; rv:20.0) Gecko/20100101 Firefox/20.0"
195.56.144.85 - - [19/Apr/2013:11:43:05 +0200] "GET /index.htm HTTP/1.1" 200 43954 "http://webcache.googleusercontent.com/search?q=cache:MBsbuIgBnSAJ:www.beklen.hu/hirek/hirek100810.htm+als%C3%B3+beretty%C3%B3+mell%C3%A9ki&cd=10&hl=hu&ct=clnk&gl=hu" "Mozilla/5.0 (Windows NT 5.1; rv:20.0) Gecko/20100101 Firefox/20.0"
195.56.144.85 - - [19/Apr/2013:11:43:05 +0200] "GET /lb/js/scriptaculous.js?load=effects HTTP/1.1" 304 - "http://www.beklen.hu/index.htm" "Mozilla/5.0 (Windows NT 5.1; rv:20.0) Gecko/20100101 Firefox/20.0"
195.56.144.85 - - [19/Apr/2013:11:43:05 +0200] "GET /a1_projekt_tabla_infra_cs3_beklenhaz_.jpg HTTP/1.1" 200 8994 "http://www.beklen.hu/index.htm" "Mozilla/5.0 (Windows NT 5.1; rv:20.0) Gecko/20100101 Firefox/20.0"
195.56.144.85 - - [19/Apr/2013:11:43:05 +0200] "GET /uszt-tabla_.jpg HTTP/1.1" 200 4543 "http://www.beklen.hu/index.htm" "Mozilla/5.0 (Windows NT 5.1; rv:20.0) Gecko/20100101 Firefox/20.0"
195.56.144.85 - - [19/Apr/2013:11:43:05 +0200] "GET /jog_honlap_.jpg HTTP/1.1" 200 7186 "http://www.beklen.hu/index.htm" "Mozilla/5.0 (Windows NT 5.1; rv:20.0) Gecko/20100101 Firefox/20.0"
195.56.144.85 - - [19/Apr/2013:11:43:05 +0200] "GET /bottom_main.jpg HTTP/1.1" 200 96820 "http://www.beklen.hu/vill.cs" "Mozilla/5.0 (Windows NT 5.1; rv:20.0) Gecko/20100101 Firefox/20.0"
195.56.144.85 - - [19/Apr/2013:11:43:06 +0200] "GET /turizmusbanner.swf HTTP/1.1" 200 160827 "http://www.beklen.hu/index.htm" "Mozilla/5.0 (Windows NT 5.1; rv:20.0) Gecko/20100101 Firefox/20.0"
195.56.144.85 - - [19/Apr/2013:11:43:06 +0200] "GET /favicon.ico HTTP/1.1" 404 1181 "-" "Mozilla/5.0 (Windows NT 5.1; rv:20.0) Gecko/20100101 Firefox/20.0"
195.56.144.85 - - [19/Apr/2013:11:43:13 +0200] "GET /kapcsolat.htm HTTP/1.1" 200 6875 "http://www.beklen.hu/index.htm" "Mozilla/5.0 (Windows NT 5.1; rv:20.0) Gecko/20100101 Firefox/20.0"
195.56.144.85 - - [19/Apr/2013:11:43:13 +0200] "GET /felsorol.css HTTP/1.1" 200 240 "http://www.beklen.hu/kapcsolat.htm" "Mozilla/5.0 (Windows NT 5.1; rv:20.0) Gecko/20100101 Firefox/20.0"
195.56.144.85 - - [19/Apr/2013:11:43:13 +0200] "GET /bottom_.jpg HTTP/1.1" 200 93419 "http://www.beklen.hu/vill.cs" "Mozilla/5.0 (Windows NT 5.1; rv:20.0) Gecko/20100101 Firefox/20.0"
37.140.141.19 - - [19/Apr/2013:11:45:43 +0200] "GET /images/demnet_.jpg HTTP/1.1" 304 - "-" "Mozilla/5.0 (compatible; YandexImages/3.0; +http://yandex.com/bots)"
195.199.244.174 - - [19/Apr/2013:11:56:13 +0200] "GET /jog/eseteink/derekegyhaza/mszhk_masodfok_ugyfel_elutasitas_1.jpg HTTP/1.1" 200 995513 "-" "Mozilla/5.0 (Windows NT 6.1; WOW64; rv:20.0) Gecko/20100101 Firefox/20.0"
195.199.244.174 - - [19/Apr/2013:11:56:18 +0200] "GET /jog/eseteink/derekegyhaza/mszh_elsofok_ugyfel_elutasitas_1.jpg HTTP/1.1" 200 1086764 "-" "Mozilla/5.0 (Windows NT 6.1; WOW64; rv:20.0) Gecko/20100101 Firefox/20.0"
37.140.141.19 - - [19/Apr/2013:12:13:09 +0200] "GET /jog/eseteink/korosladany/kepek/img_1_.jpg HTTP/1.1" 304 - "-" "Mozilla/5.0 (compatible; YandexImages/3.0; +http://yandex.com/bots)"
66.249.78.60 - - [19/Apr/2013:12:41:37 +0200] "GET /hirek/hirek100420.htm HTTP/1.1" 304 - "-" "Mozilla/5.0 (iPhone; U; CPU iPhone OS 4_1 like Mac OS X; en-us) AppleWebKit/532.9 (KHTML, like Gecko) Version/4.0.5 Mobile/8B117 Safari/6531.22.7 (compatible; Googlebot-Mobile/2.1; +http://www.google.com/bot.html)"
37.140.141.19 - - [19/Apr/2013:12:42:57 +0200] "GET /tm01.jpg HTTP/1.1" 200 1080 "-" "Mozilla/5.0 (compatible; YandexImages/3.0; +http://yandex.com/bots)"
77.88.42.27 - - [19/Apr/2013:12:49:25 +0200] "GET /fiok/program_reszek/konferancia.htm HTTP/1.1" 200 21668 "-" "Mozilla/5.0 (compatible; YandexBot/3.0; +http://yandex.com/bots)"
130.83.167.153 - - [19/Apr/2013:12:53:09 +0200] "GET /jog/tippek.htm HTTP/1.1" 200 13697 "-" "findlinks/2.6 (+http://wortschatz.uni-leipzig.de/findlinks/)"
66.249.75.200 - - [19/Apr/2013:13:07:02 +0200] "GET /fiok/mult.htm HTTP/1.1" 200 23227 "-" "DoCoMo/2.0 N905i(c100;TB;W24H16) (compatible; Googlebot-Mobile/2.1; +http://www.google.com/bot.html)"
37.140.141.19 - - [19/Apr/2013:13:12:00 +0200] "GET /jog/eseteink/derekegyhaza/mszhk_masodfok_ugyfel_elutasitas_1.jpg HTTP/1.1" 304 - "-" "Mozilla/5.0 (compatible; YandexImages/3.0; +http://yandex.com/bots)"
37.140.141.19 - - [19/Apr/2013:13:44:45 +0200] "GET /jog/eseteink/korosladany/kepek/img_3a_.jpg HTTP/1.1" 304 - "-" "Mozilla/5.0 (compatible; YandexImages/3.0; +http://yandex.com/bots)"
66.249.78.60 - - [19/Apr/2013:13:56:28 +0200] "GET /jog/eseteink/korosladany/nemzeti_park_felmeres_kerese.pdf HTTP/1.1" 200 75836 "-" "Mozilla/5.0 (iPhone; U; CPU iPhone OS 4_1 like Mac OS X; en-us) AppleWebKit/532.9 (KHTML, like Gecko) Version/4.0.5 Mobile/8B117 Safari/6531.22.7 (compatible; Googlebot-Mobile/2.1; +http://www.google.com/bot.html)"
66.249.78.60 - - [19/Apr/2013:14:00:20 +0200] "GET /nca06.htm HTTP/1.1" 304 - "-" "Mozilla/5.0 (iPhone; U; CPU iPhone OS 4_1 like Mac OS X; en-us) AppleWebKit/532.9 (KHTML, like Gecko) Version/4.0.5 Mobile/8B117 Safari/6531.22.7 (compatible; Googlebot-Mobile/2.1; +http://www.google.com/bot.html)"
78.131.61.181 - - [19/Apr/2013:14:03:39 +0200] "GET /vill.cs HTTP/1.1" 200 3139 "http://www.beklen.hu/" "Mozilla/5.0 (Windows NT 5.1; rv:20.0) Gecko/20100101 Firefox/20.0"
78.131.61.181 - - [19/Apr/2013:14:03:39 +0200] "GET / HTTP/1.1" 200 43954 "http://www.google.hu/url?sa=t&rct=j&q=illeg%C3%A1lis%20fakiv%C3%A1g%C3%A1s%20saj%C3%A1t%20kertben&source=web&cd=10&sqi=2&ved=0CGMQFjAJ&url=http%3A%2F%2Fwww.beklen.hu%2F&ei=KjJxUY_XOc_QsgaUuoGwAg&usg=AFQjCNEP-2laihep9vegTwNlHcl4us-iaw" "Mozilla/5.0 (Windows NT 5.1; rv:20.0) Gecko/20100101 Firefox/20.0"
78.131.61.181 - - [19/Apr/2013:14:03:39 +0200] "GET /lb/css/lightbox.css HTTP/1.1" 200 1715 "http://www.beklen.hu/" "Mozilla/5.0 (Windows NT 5.1; rv:20.0) Gecko/20100101 Firefox/20.0"
78.131.61.181 - - [19/Apr/2013:14:03:39 +0200] "GET /lb/js/scriptaculous.js?load=effects HTTP/1.1" 200 2152 "http://www.beklen.hu/" "Mozilla/5.0 (Windows NT 5.1; rv:20.0) Gecko/20100101 Firefox/20.0"
78.131.61.181 - - [19/Apr/2013:14:03:39 +0200] "GET /lb/js/lightbox.js HTTP/1.1" 200 23424 "http://www.beklen.hu/" "Mozilla/5.0 (Windows NT 5.1; rv:20.0) Gecko/20100101 Firefox/20.0"
78.131.61.181 - - [19/Apr/2013:14:03:39 +0200] "GET /lb/js/prototype.js HTTP/1.1" 200 47603 "http://www.beklen.hu/" "Mozilla/5.0 (Windows NT 5.1; rv:20.0) Gecko/20100101 Firefox/20.0"
78.131.61.181 - - [19/Apr/2013:14:03:39 +0200] "GET /tm01.jpg HTTP/1.1" 200 1080 "http://www.beklen.hu/" "Mozilla/5.0 (Windows NT 5.1; rv:20.0) Gecko/20100101 Firefox/20.0"
78.131.61.181 - - [19/Apr/2013:14:03:39 +0200] "GET /tm04_.jpg HTTP/1.1" 200 2058 "http://www.beklen.hu/" "Mozilla/5.0 (Windows NT 5.1; rv:20.0) Gecko/20100101 Firefox/20.0"
78.131.61.181 - - [19/Apr/2013:14:03:39 +0200] "GET /tm02.jpg HTTP/1.1" 200 1873 "http://www.beklen.hu/" "Mozilla/5.0 (Windows NT 5.1; rv:20.0) Gecko/20100101 Firefox/20.0"
78.131.61.181 - - [19/Apr/2013:14:03:39 +0200] "GET /tm06_.jpg HTTP/1.1" 200 1382 "http://www.beklen.hu/" "Mozilla/5.0 (Windows NT 5.1; rv:20.0) Gecko/20100101 Firefox/20.0"
78.131.61.181 - - [19/Apr/2013:14:03:39 +0200] "GET /tm03_.jpg HTTP/1.1" 200 1787 "http://www.beklen.hu/" "Mozilla/5.0 (Windows NT 5.1; rv:20.0) Gecko/20100101 Firefox/20.0"
78.131.61.181 - - [19/Apr/2013:14:03:39 +0200] "GET /tm05_.jpg HTTP/1.1" 200 1839 "http://www.beklen.hu/" "Mozilla/5.0 (Windows NT 5.1; rv:20.0) Gecko/20100101 Firefox/20.0"
78.131.61.181 - - [19/Apr/2013:14:03:39 +0200] "GET /a1_projekt_tabla_infra_cs3_beklenhaz_.jpg HTTP/1.1" 200 8994 "http://www.beklen.hu/" "Mozilla/5.0 (Windows NT 5.1; rv:20.0) Gecko/20100101 Firefox/20.0"
78.131.61.181 - - [19/Apr/2013:14:03:39 +0200] "GET /tm07.jpg HTTP/1.1" 200 1007 "http://www.beklen.hu/" "Mozilla/5.0 (Windows NT 5.1; rv:20.0) Gecko/20100101 Firefox/20.0"
78.131.61.181 - - [19/Apr/2013:14:03:39 +0200] "GET /uszt-tabla_.jpg HTTP/1.1" 200 4543 "http://www.beklen.hu/" "Mozilla/5.0 (Windows NT 5.1; rv:20.0) Gecko/20100101 Firefox/20.0"
78.131.61.181 - - [19/Apr/2013:14:03:39 +0200] "GET /jog_honlap_.jpg HTTP/1.1" 200 7186 "http://www.beklen.hu/" "Mozilla/5.0 (Windows NT 5.1; rv:20.0) Gecko/20100101 Firefox/20.0"
78.131.61.181 - - [19/Apr/2013:14:03:39 +0200] "GET /lb/js/effects.js HTTP/1.1" 200 31969 "http://www.beklen.hu/" "Mozilla/5.0 (Windows NT 5.1; rv:20.0) Gecko/20100101 Firefox/20.0"
78.131.61.181 - - [19/Apr/2013:14:03:40 +0200] "GET /bg.jpg HTTP/1.1" 200 566 "http://www.beklen.hu/" "Mozilla/5.0 (Windows NT 5.1; rv:20.0) Gecko/20100101 Firefox/20.0"
78.131.61.181 - - [19/Apr/2013:14:03:40 +0200] "GET /bottom_main.jpg HTTP/1.1" 200 96820 "http://www.beklen.hu/vill.cs" "Mozilla/5.0 (Windows NT 5.1; rv:20.0) Gecko/20100101 Firefox/20.0"
78.131.61.181 - - [19/Apr/2013:14:03:40 +0200] "GET /turizmusbanner.swf HTTP/1.1" 200 160827 "http://www.beklen.hu/" "Mozilla/5.0 (Windows NT 5.1; rv:20.0) Gecko/20100101 Firefox/20.0"
78.131.61.181 - - [19/Apr/2013:14:03:43 +0200] "GET /nimfea_project_250x250.gif HTTP/1.1" 200 2986583 "http://www.beklen.hu/" "Mozilla/5.0 (Windows NT 5.1; rv:20.0) Gecko/20100101 Firefox/20.0"
78.131.61.181 - - [19/Apr/2013:14:03:43 +0200] "GET /tm05.jpg HTTP/1.1" 200 2253 "http://www.beklen.hu/" "Mozilla/5.0 (Windows NT 5.1; rv:20.0) Gecko/20100101 Firefox/20.0"
78.131.61.181 - - [19/Apr/2013:14:03:43 +0200] "GET /tm06.jpg HTTP/1.1" 200 1651 "http://www.beklen.hu/" "Mozilla/5.0 (Windows NT 5.1; rv:20.0) Gecko/20100101 Firefox/20.0"
78.131.61.181 - - [19/Apr/2013:14:03:43 +0200] "GET /lb/images/closelabel.gif HTTP/1.1" 200 222 "http://www.beklen.hu/" "Mozilla/5.0 (Windows NT 5.1; rv:20.0) Gecko/20100101 Firefox/20.0"
78.131.61.181 - - [19/Apr/2013:14:03:43 +0200] "GET /lb/images/loading.gif HTTP/1.1" 200 2767 "http://www.beklen.hu/" "Mozilla/5.0 (Windows NT 5.1; rv:20.0) Gecko/20100101 Firefox/20.0"
78.131.61.181 - - [19/Apr/2013:14:03:43 +0200] "GET /tm03.jpg HTTP/1.1" 200 2212 "http://www.beklen.hu/" "Mozilla/5.0 (Windows NT 5.1; rv:20.0) Gecko/20100101 Firefox/20.0"
78.131.61.181 - - [19/Apr/2013:14:03:43 +0200] "GET /tm02_.jpg HTTP/1.1" 200 1524 "http://www.beklen.hu/" "Mozilla/5.0 (Windows NT 5.1; rv:20.0) Gecko/20100101 Firefox/20.0"
78.131.61.181 - - [19/Apr/2013:14:03:43 +0200] "GET /tm04.jpg HTTP/1.1" 200 2613 "http://www.beklen.hu/" "Mozilla/5.0 (Windows NT 5.1; rv:20.0) Gecko/20100101 Firefox/20.0"
78.131.61.181 - - [19/Apr/2013:14:03:43 +0200] "GET /favicon.ico HTTP/1.1" 404 1181 "-" "Mozilla/5.0 (Windows NT 5.1; rv:20.0) Gecko/20100101 Firefox/20.0"
78.131.61.181 - - [19/Apr/2013:14:03:43 +0200] "GET /favicon.ico HTTP/1.1" 404 1181 "-" "Mozilla/5.0 (Windows NT 5.1; rv:20.0) Gecko/20100101 Firefox/20.0"
66.249.78.60 - - [19/Apr/2013:14:06:30 +0200] "GET /jog/jogsegely.htm HTTP/1.1" 200 14053 "-" "SAMSUNG-SGH-E250/1.0 Profile/MIDP-2.0 Configuration/CLDC-1.1 UP.Browser/6.2.3.3.c.1.101 (GUI) MMP/2.0 (compatible; Googlebot-Mobile/2.1; +http://www.google.com/bot.html)"
91.120.72.226 - - [19/Apr/2013:14:09:30 +0200] "GET /jog/eseteink/derekegyhaza/mszh_elsofok_ugyfel_elutasitas_1.jpg HTTP/1.1" 200 1086764 "-" "Mozilla/5.0 (Windows NT 6.1; rv:20.0) Gecko/20100101 Firefox/20.0"
37.140.141.19 - - [19/Apr/2013:14:17:10 +0200] "GET /images/nca_logo.jpg HTTP/1.1" 304 - "-" "Mozilla/5.0 (compatible; YandexImages/3.0; +http://yandex.com/bots)"
216.38.216.101 - - [19/Apr/2013:14:24:27 +0200] "GET / HTTP/1.1" 200 43954 "http://beklen.hu/" "Mozilla/5.0 (Macintosh; Intel Mac OS X 10_7_1) AppleWebKit/535.1 (KHTML, like Gecko) Chrome/13.0.782.215 Safari/535.1"
216.38.216.101 - - [19/Apr/2013:14:24:27 +0200] "GET / HTTP/1.1" 200 43954 "http://www.beklen.hu/" "Mozilla/5.0 (Macintosh; Intel Mac OS X 10_7_1) AppleWebKit/535.1 (KHTML, like Gecko) Chrome/13.0.782.215 Safari/535.1"
216.38.216.101 - - [19/Apr/2013:14:24:27 +0200] "GET /lb/js/prototype.js HTTP/1.1" 200 47603 "http://www.beklen.hu/lb/js/prototype.js" "Mozilla/5.0 (Macintosh; Intel Mac OS X 10_7_1) AppleWebKit/535.1 (KHTML, like Gecko) Chrome/13.0.782.215 Safari/535.1"
216.38.216.101 - - [19/Apr/2013:14:24:28 +0200] "GET /lb/js/prototype.js HTTP/1.1" 200 47603 "http://beklen.hu/lb/js/prototype.js" "Mozilla/5.0 (Macintosh; Intel Mac OS X 10_7_1) AppleWebKit/535.1 (KHTML, like Gecko) Chrome/13.0.782.215 Safari/535.1"
216.38.216.101 - - [19/Apr/2013:14:24:28 +0200] "GET /lb/js/scriptaculous.js?load=effects HTTP/1.1" 200 2152 "http://beklen.hu/lb/js/scriptaculous.js?load=effects" "Mozilla/5.0 (Macintosh; Intel Mac OS X 10_7_1) AppleWebKit/535.1 (KHTML, like Gecko) Chrome/13.0.782.215 Safari/535.1"
216.38.216.101 - - [19/Apr/2013:14:24:28 +0200] "GET /lb/js/scriptaculous.js?load=effects HTTP/1.1" 200 2152 "http://www.beklen.hu/lb/js/scriptaculous.js?load=effects" "Mozilla/5.0 (Macintosh; Intel Mac OS X 10_7_1) AppleWebKit/535.1 (KHTML, like Gecko) Chrome/13.0.782.215 Safari/535.1"
216.38.216.101 - - [19/Apr/2013:14:24:28 +0200] "GET /lb/js/lightbox.js HTTP/1.1" 200 23424 "http://beklen.hu/lb/js/lightbox.js" "Mozilla/5.0 (Macintosh; Intel Mac OS X 10_7_1) AppleWebKit/535.1 (KHTML, like Gecko) Chrome/13.0.782.215 Safari/535.1"
216.38.216.101 - - [19/Apr/2013:14:24:28 +0200] "GET /lb/js/lightbox.js HTTP/1.1" 200 23424 "http://www.beklen.hu/lb/js/lightbox.js" "Mozilla/5.0 (Macintosh; Intel Mac OS X 10_7_1) AppleWebKit/535.1 (KHTML, like Gecko) Chrome/13.0.782.215 Safari/535.1"
216.38.216.101 - - [19/Apr/2013:14:24:29 +0200] "GET /turizmusbanner.swf HTTP/1.1" 200 160827 "-" "Mozilla/5.0 (Macintosh; Intel Mac OS X 10_7_1) AppleWebKit/535.1 (KHTML, like Gecko) Chrome/13.0.782.215 Safari/535.1"
216.38.216.101 - - [19/Apr/2013:14:24:31 +0200] "GET /turizmusbanner.swf HTTP/1.1" 200 160827 "-" "Mozilla/5.0 (Macintosh; Intel Mac OS X 10_7_1) AppleWebKit/535.1 (KHTML, like Gecko) Chrome/13.0.782.215 Safari/535.1"
66.249.78.60 - - [19/Apr/2013:14:36:48 +0200] "GET /robots.txt HTTP/1.1" 404 1181 "-" "Mozilla/5.0 (compatible; Googlebot/2.1; +http://www.google.com/bot.html)"
66.249.78.60 - - [19/Apr/2013:14:36:48 +0200] "GET /jog/eseteink/korosladany/elso_feljelentes_rendorsegnek.pdf HTTP/1.1" 200 536446 "-" "Mozilla/5.0 (iPhone; U; CPU iPhone OS 4_1 like Mac OS X; en-us) AppleWebKit/532.9 (KHTML, like Gecko) Version/4.0.5 Mobile/8B117 Safari/6531.22.7 (compatible; Googlebot-Mobile/2.1; +http://www.google.com/bot.html)"
66.249.78.60 - - [19/Apr/2013:14:39:23 +0200] "GET /hirek/hirek100225.htm HTTP/1.1" 304 - "-" "Mozilla/5.0 (iPhone; U; CPU iPhone OS 4_1 like Mac OS X; en-us) AppleWebKit/532.9 (KHTML, like Gecko) Version/4.0.5 Mobile/8B117 Safari/6531.22.7 (compatible; Googlebot-Mobile/2.1; +http://www.google.com/bot.html)"
37.140.141.19 - - [19/Apr/2013:14:49:34 +0200] "GET /english/e02.jpg HTTP/1.1" 200 1349 "-" "Mozilla/5.0 (compatible; YandexImages/3.0; +http://yandex.com/bots)"
77.88.42.27 - - [19/Apr/2013:15:00:12 +0200] "GET /turizmusbanner.swf HTTP/1.1" 200 160827 "-" "Mozilla/5.0 (compatible; YandexBot/3.0; +http://yandex.com/bots)"
216.38.216.101 - - [19/Apr/2013:15:02:02 +0200] "GET / HTTP/1.1" 200 43954 "-" "Mozilla/5.0 (Macintosh; Intel Mac OS X 10_7_1) AppleWebkit/535.1 (KHTML, like Gecko) Chrome/13.0.782.215 Safari/535.1"
37.140.141.19 - - [19/Apr/2013:15:21:57 +0200] "GET /jog/eseteink/korosladany/kepek/img_5363.jpg HTTP/1.1" 304 - "-" "Mozilla/5.0 (compatible; YandexImages/3.0; +http://yandex.com/bots)"
77.88.42.27 - - [19/Apr/2013:15:38:02 +0200] "GET /jog/jogszabalyok/2011.%20%C3%A9vi%20CXII.pdf HTTP/1.1" 404 1181 "-" "Mozilla/5.0 (compatible; YandexBot/3.0; +http://yandex.com/bots)"
37.140.141.19 - - [19/Apr/2013:15:54:33 +0200] "GET /jog/eseteink/derekegyhaza/kepek/37-431_.jpg HTTP/1.1" 304 - "-" "Mozilla/5.0 (compatible; YandexImages/3.0; +http://yandex.com/bots)"
37.140.141.19 - - [19/Apr/2013:16:24:54 +0200] "GET /images/norway_grants_.jpg HTTP/1.1" 304 - "-" "Mozilla/5.0 (compatible; YandexImages/3.0; +http://yandex.com/bots)"
77.88.42.27 - - [19/Apr/2013:16:29:34 +0200] "GET /fiok/program_reszek/erdei_iskola.htm HTTP/1.1" 200 21601 "-" "Mozilla/5.0 (compatible; YandexBot/3.0; +http://yandex.com/bots)"
208.115.113.84 - - [19/Apr/2013:16:31:00 +0200] "GET /robots.txt HTTP/1.1" 404 1181 "-" "Mozilla/5.0 (compatible; Ezooms/1.0; ezooms.bot@gmail.com)"
66.249.78.60 - - [19/Apr/2013:16:32:34 +0200] "GET /robots.txt HTTP/1.1" 404 1181 "-" "Mozilla/5.0 (compatible; Googlebot/2.1; +http://www.google.com/bot.html)"
66.249.78.60 - - [19/Apr/2013:16:32:35 +0200] "GET /jog/eseteink/malom/fotok/img_3057.jpg HTTP/1.1" 304 - "-" "Googlebot-Image/1.0"
66.249.78.60 - - [19/Apr/2013:16:35:32 +0200] "GET /programok.htm HTTP/1.1" 200 6444 "-" "Mozilla/5.0 (iPhone; U; CPU iPhone OS 4_1 like Mac OS X; en-us) AppleWebKit/532.9 (KHTML, like Gecko) Version/4.0.5 Mobile/8B117 Safari/6531.22.7 (compatible; Googlebot-Mobile/2.1; +http://www.google.com/bot.html)"
37.140.141.19 - - [19/Apr/2013:16:56:21 +0200] "GET /english/e03.jpg HTTP/1.1" 200 1393 "-" "Mozilla/5.0 (compatible; YandexImages/3.0; +http://yandex.com/bots)"
37.140.141.19 - - [19/Apr/2013:17:27:47 +0200] "GET /jog/eseteink/korosladany/kepek/img_4.jpg HTTP/1.1" 304 - "-" "Mozilla/5.0 (compatible; YandexImages/3.0; +http://yandex.com/bots)"
77.88.42.27 - - [19/Apr/2013:17:27:52 +0200] "GET /jog/jogszabalyok/polgari_perrendtartas_xx_fejezet.pdf HTTP/1.1" 404 1181 "-" "Mozilla/5.0 (compatible; YandexBot/3.0; +http://yandex.com/bots)"
66.249.74.173 - - [19/Apr/2013:17:29:32 +0200] "GET /jog/eseteink/audi/application_of_hungarian_authorities_for_the_commission_opinion_1.pdf HTTP/1.1" 200 3298753 "-" "Mozilla/5.0 (iPhone; U; CPU iPhone OS 4_1 like Mac OS X; en-us) AppleWebKit/532.9 (KHTML, like Gecko) Version/4.0.5 Mobile/8B117 Safari/6531.22.7 (compatible; Googlebot-Mobile/2.1; +http://www.google.com/bot.html)"
66.249.74.173 - - [19/Apr/2013:17:34:29 +0200] "GET /fiok/fiok.html HTTP/1.1" 200 20723 "-" "DoCoMo/2.0 N905i(c100;TB;W24H16) (compatible; Googlebot-Mobile/2.1; +http://www.google.com/bot.html)"
66.249.78.60 - - [19/Apr/2013:17:56:29 +0200] "GET /fiok/fiok.html HTTP/1.1" 200 20723 "-" "SAMSUNG-SGH-E250/1.0 Profile/MIDP-2.0 Configuration/CLDC-1.1 UP.Browser/6.2.3.3.c.1.101 (GUI) MMP/2.0 (compatible; Googlebot-Mobile/2.1; +http://www.google.com/bot.html)"
37.140.141.19 - - [19/Apr/2013:18:00:12 +0200] "GET /jog/eseteink/derekegyhaza/kepek/dalerd_.jpg HTTP/1.1" 304 - "-" "Mozilla/5.0 (compatible; YandexImages/3.0; +http://yandex.com/bots)"
82.131.184.251 - - [19/Apr/2013:18:12:49 +0200] "GET /jog/eseteink/dakar/dakar_dabas_ugyeszseg_valasz.pdf HTTP/1.1" 200 67292 "https://www.google.hu/" "Mozilla/5.0 (Windows NT 6.1; WOW64) AppleWebKit/537.31 (KHTML, like Gecko) Chrome/26.0.1410.64 Safari/537.31"
82.131.184.251 - - [19/Apr/2013:18:12:49 +0200] "GET /jog/eseteink/dakar/dakar_dabas_ugyeszseg_valasz.pdf HTTP/1.1" 206 32768 "http://www.beklen.hu/jog/eseteink/dakar/dakar_dabas_ugyeszseg_valasz.pdf" "Mozilla/5.0 (Windows NT 6.1; WOW64) AppleWebKit/537.31 (KHTML, like Gecko) Chrome/26.0.1410.64 Safari/537.31"
82.131.184.251 - - [19/Apr/2013:18:12:49 +0200] "GET /favicon.ico HTTP/1.1" 404 1181 "-" "Mozilla/5.0 (Windows NT 6.1; WOW64) AppleWebKit/537.31 (KHTML, like Gecko) Chrome/26.0.1410.64 Safari/537.31"
82.131.184.251 - - [19/Apr/2013:18:12:49 +0200] "GET /jog/eseteink/dakar/dakar_dabas_ugyeszseg_valasz.pdf HTTP/1.1" 206 684303 "http://www.beklen.hu/jog/eseteink/dakar/dakar_dabas_ugyeszseg_valasz.pdf" "Mozilla/5.0 (Windows NT 6.1; WOW64) AppleWebKit/537.31 (KHTML, like Gecko) Chrome/26.0.1410.64 Safari/537.31"
82.131.184.251 - - [19/Apr/2013:18:12:50 +0200] "GET /jog/eseteink/dakar/dakar_dabas_ugyeszseg_valasz.pdf HTTP/1.1" 206 32768 "http://www.beklen.hu/jog/eseteink/dakar/dakar_dabas_ugyeszseg_valasz.pdf" "Mozilla/5.0 (Windows NT 6.1; WOW64) AppleWebKit/537.31 (KHTML, like Gecko) Chrome/26.0.1410.64 Safari/537.31"
82.131.184.251 - - [19/Apr/2013:18:12:50 +0200] "GET /jog/eseteink/dakar/dakar_dabas_ugyeszseg_valasz.pdf HTTP/1.1" 206 32768 "http://www.beklen.hu/jog/eseteink/dakar/dakar_dabas_ugyeszseg_valasz.pdf" "Mozilla/5.0 (Windows NT 6.1; WOW64) AppleWebKit/537.31 (KHTML, like Gecko) Chrome/26.0.1410.64 Safari/537.31"
82.131.184.251 - - [19/Apr/2013:18:12:50 +0200] "GET /jog/eseteink/dakar/dakar_dabas_ugyeszseg_valasz.pdf HTTP/1.1" 206 32768 "http://www.beklen.hu/jog/eseteink/dakar/dakar_dabas_ugyeszseg_valasz.pdf" "Mozilla/5.0 (Windows NT 6.1; WOW64) AppleWebKit/537.31 (KHTML, like Gecko) Chrome/26.0.1410.64 Safari/537.31"
82.131.184.251 - - [19/Apr/2013:18:12:50 +0200] "GET /jog/eseteink/dakar/dakar_dabas_ugyeszseg_valasz.pdf HTTP/1.1" 206 32768 "http://www.beklen.hu/jog/eseteink/dakar/dakar_dabas_ugyeszseg_valasz.pdf" "Mozilla/5.0 (Windows NT 6.1; WOW64) AppleWebKit/537.31 (KHTML, like Gecko) Chrome/26.0.1410.64 Safari/537.31"
82.131.184.251 - - [19/Apr/2013:18:12:50 +0200] "GET /jog/eseteink/dakar/dakar_dabas_ugyeszseg_valasz.pdf HTTP/1.1" 206 32768 "http://www.beklen.hu/jog/eseteink/dakar/dakar_dabas_ugyeszseg_valasz.pdf" "Mozilla/5.0 (Windows NT 6.1; WOW64) AppleWebKit/537.31 (KHTML, like Gecko) Chrome/26.0.1410.64 Safari/537.31"
82.131.184.251 - - [19/Apr/2013:18:12:50 +0200] "GET /jog/eseteink/dakar/dakar_dabas_ugyeszseg_valasz.pdf HTTP/1.1" 206 32768 "http://www.beklen.hu/jog/eseteink/dakar/dakar_dabas_ugyeszseg_valasz.pdf" "Mozilla/5.0 (Windows NT 6.1; WOW64) AppleWebKit/537.31 (KHTML, like Gecko) Chrome/26.0.1410.64 Safari/537.31"
82.131.184.251 - - [19/Apr/2013:18:12:50 +0200] "GET /jog/eseteink/dakar/dakar_dabas_ugyeszseg_valasz.pdf HTTP/1.1" 206 32768 "http://www.beklen.hu/jog/eseteink/dakar/dakar_dabas_ugyeszseg_valasz.pdf" "Mozilla/5.0 (Windows NT 6.1; WOW64) AppleWebKit/537.31 (KHTML, like Gecko) Chrome/26.0.1410.64 Safari/537.31"
82.131.184.251 - - [19/Apr/2013:18:12:50 +0200] "GET /jog/eseteink/dakar/dakar_dabas_ugyeszseg_valasz.pdf HTTP/1.1" 206 32768 "http://www.beklen.hu/jog/eseteink/dakar/dakar_dabas_ugyeszseg_valasz.pdf" "Mozilla/5.0 (Windows NT 6.1; WOW64) AppleWebKit/537.31 (KHTML, like Gecko) Chrome/26.0.1410.64 Safari/537.31"
82.131.184.251 - - [19/Apr/2013:18:12:50 +0200] "GET /jog/eseteink/dakar/dakar_dabas_ugyeszseg_valasz.pdf HTTP/1.1" 206 32768 "http://www.beklen.hu/jog/eseteink/dakar/dakar_dabas_ugyeszseg_valasz.pdf" "Mozilla/5.0 (Windows NT 6.1; WOW64) AppleWebKit/537.31 (KHTML, like Gecko) Chrome/26.0.1410.64 Safari/537.31"
82.131.184.251 - - [19/Apr/2013:18:12:50 +0200] "GET /jog/eseteink/dakar/dakar_dabas_ugyeszseg_valasz.pdf HTTP/1.1" 206 65536 "http://www.beklen.hu/jog/eseteink/dakar/dakar_dabas_ugyeszseg_valasz.pdf" "Mozilla/5.0 (Windows NT 6.1; WOW64) AppleWebKit/537.31 (KHTML, like Gecko) Chrome/26.0.1410.64 Safari/537.31"
82.131.184.251 - - [19/Apr/2013:18:12:50 +0200] "GET /jog/eseteink/dakar/dakar_dabas_ugyeszseg_valasz.pdf HTTP/1.1" 206 65536 "http://www.beklen.hu/jog/eseteink/dakar/dakar_dabas_ugyeszseg_valasz.pdf" "Mozilla/5.0 (Windows NT 6.1; WOW64) AppleWebKit/537.31 (KHTML, like Gecko) Chrome/26.0.1410.64 Safari/537.31"
82.131.184.251 - - [19/Apr/2013:18:12:50 +0200] "GET /jog/eseteink/dakar/dakar_dabas_ugyeszseg_valasz.pdf HTTP/1.1" 206 65536 "http://www.beklen.hu/jog/eseteink/dakar/dakar_dabas_ugyeszseg_valasz.pdf" "Mozilla/5.0 (Windows NT 6.1; WOW64) AppleWebKit/537.31 (KHTML, like Gecko) Chrome/26.0.1410.64 Safari/537.31"
82.131.184.251 - - [19/Apr/2013:18:12:50 +0200] "GET /jog/eseteink/dakar/dakar_dabas_ugyeszseg_valasz.pdf HTTP/1.1" 206 65536 "http://www.beklen.hu/jog/eseteink/dakar/dakar_dabas_ugyeszseg_valasz.pdf" "Mozilla/5.0 (Windows NT 6.1; WOW64) AppleWebKit/537.31 (KHTML, like Gecko) Chrome/26.0.1410.64 Safari/537.31"
82.131.184.251 - - [19/Apr/2013:18:12:50 +0200] "GET /jog/eseteink/dakar/dakar_dabas_ugyeszseg_valasz.pdf HTTP/1.1" 206 65536 "http://www.beklen.hu/jog/eseteink/dakar/dakar_dabas_ugyeszseg_valasz.pdf" "Mozilla/5.0 (Windows NT 6.1; WOW64) AppleWebKit/537.31 (KHTML, like Gecko) Chrome/26.0.1410.64 Safari/537.31"
82.131.184.251 - - [19/Apr/2013:18:12:50 +0200] "GET /jog/eseteink/dakar/dakar_dabas_ugyeszseg_valasz.pdf HTTP/1.1" 206 65536 "http://www.beklen.hu/jog/eseteink/dakar/dakar_dabas_ugyeszseg_valasz.pdf" "Mozilla/5.0 (Windows NT 6.1; WOW64) AppleWebKit/537.31 (KHTML, like Gecko) Chrome/26.0.1410.64 Safari/537.31"
82.131.184.251 - - [19/Apr/2013:18:12:51 +0200] "GET /jog/eseteink/dakar/dakar_dabas_ugyeszseg_valasz.pdf HTTP/1.1" 206 65536 "http://www.beklen.hu/jog/eseteink/dakar/dakar_dabas_ugyeszseg_valasz.pdf" "Mozilla/5.0 (Windows NT 6.1; WOW64) AppleWebKit/537.31 (KHTML, like Gecko) Chrome/26.0.1410.64 Safari/537.31"
82.131.184.251 - - [19/Apr/2013:18:12:51 +0200] "GET /jog/eseteink/dakar/dakar_dabas_ugyeszseg_valasz.pdf HTTP/1.1" 206 65536 "http://www.beklen.hu/jog/eseteink/dakar/dakar_dabas_ugyeszseg_valasz.pdf" "Mozilla/5.0 (Windows NT 6.1; WOW64) AppleWebKit/537.31 (KHTML, like Gecko) Chrome/26.0.1410.64 Safari/537.31"
82.131.184.251 - - [19/Apr/2013:18:12:51 +0200] "GET /jog/eseteink/dakar/dakar_dabas_ugyeszseg_valasz.pdf HTTP/1.1" 206 65536 "http://www.beklen.hu/jog/eseteink/dakar/dakar_dabas_ugyeszseg_valasz.pdf" "Mozilla/5.0 (Windows NT 6.1; WOW64) AppleWebKit/537.31 (KHTML, like Gecko) Chrome/26.0.1410.64 Safari/537.31"
82.131.184.251 - - [19/Apr/2013:18:12:51 +0200] "GET /jog/eseteink/dakar/dakar_dabas_ugyeszseg_valasz.pdf HTTP/1.1" 206 65536 "http://www.beklen.hu/jog/eseteink/dakar/dakar_dabas_ugyeszseg_valasz.pdf" "Mozilla/5.0 (Windows NT 6.1; WOW64) AppleWebKit/537.31 (KHTML, like Gecko) Chrome/26.0.1410.64 Safari/537.31"
82.131.184.251 - - [19/Apr/2013:18:12:51 +0200] "GET /jog/eseteink/dakar/dakar_dabas_ugyeszseg_valasz.pdf HTTP/1.1" 206 131072 "http://www.beklen.hu/jog/eseteink/dakar/dakar_dabas_ugyeszseg_valasz.pdf" "Mozilla/5.0 (Windows NT 6.1; WOW64) AppleWebKit/537.31 (KHTML, like Gecko) Chrome/26.0.1410.64 Safari/537.31"
82.131.184.251 - - [19/Apr/2013:18:12:51 +0200] "GET /jog/eseteink/dakar/dakar_dabas_ugyeszseg_valasz.pdf HTTP/1.1" 206 131072 "http://www.beklen.hu/jog/eseteink/dakar/dakar_dabas_ugyeszseg_valasz.pdf" "Mozilla/5.0 (Windows NT 6.1; WOW64) AppleWebKit/537.31 (KHTML, like Gecko) Chrome/26.0.1410.64 Safari/537.31"
82.131.184.251 - - [19/Apr/2013:18:12:51 +0200] "GET /jog/eseteink/dakar/dakar_dabas_ugyeszseg_valasz.pdf HTTP/1.1" 206 131072 "http://www.beklen.hu/jog/eseteink/dakar/dakar_dabas_ugyeszseg_valasz.pdf" "Mozilla/5.0 (Windows NT 6.1; WOW64) AppleWebKit/537.31 (KHTML, like Gecko) Chrome/26.0.1410.64 Safari/537.31"
82.131.184.251 - - [19/Apr/2013:18:12:51 +0200] "GET /jog/eseteink/dakar/dakar_dabas_ugyeszseg_valasz.pdf HTTP/1.1" 206 131072 "http://www.beklen.hu/jog/eseteink/dakar/dakar_dabas_ugyeszseg_valasz.pdf" "Mozilla/5.0 (Windows NT 6.1; WOW64) AppleWebKit/537.31 (KHTML, like Gecko) Chrome/26.0.1410.64 Safari/537.31"
82.131.184.251 - - [19/Apr/2013:18:12:51 +0200] "GET /jog/eseteink/dakar/dakar_dabas_ugyeszseg_valasz.pdf HTTP/1.1" 206 131072 "http://www.beklen.hu/jog/eseteink/dakar/dakar_dabas_ugyeszseg_valasz.pdf" "Mozilla/5.0 (Windows NT 6.1; WOW64) AppleWebKit/537.31 (KHTML, like Gecko) Chrome/26.0.1410.64 Safari/537.31"
82.131.184.251 - - [19/Apr/2013:18:12:51 +0200] "GET /jog/eseteink/dakar/dakar_dabas_ugyeszseg_valasz.pdf HTTP/1.1" 206 131072 "http://www.beklen.hu/jog/eseteink/dakar/dakar_dabas_ugyeszseg_valasz.pdf" "Mozilla/5.0 (Windows NT 6.1; WOW64) AppleWebKit/537.31 (KHTML, like Gecko) Chrome/26.0.1410.64 Safari/537.31"
82.131.184.251 - - [19/Apr/2013:18:12:51 +0200] "GET /jog/eseteink/dakar/dakar_dabas_ugyeszseg_valasz.pdf HTTP/1.1" 206 131072 "http://www.beklen.hu/jog/eseteink/dakar/dakar_dabas_ugyeszseg_valasz.pdf" "Mozilla/5.0 (Windows NT 6.1; WOW64) AppleWebKit/537.31 (KHTML, like Gecko) Chrome/26.0.1410.64 Safari/537.31"
82.131.184.251 - - [19/Apr/2013:18:12:51 +0200] "GET /jog/eseteink/dakar/dakar_dabas_ugyeszseg_valasz.pdf HTTP/1.1" 206 131072 "http://www.beklen.hu/jog/eseteink/dakar/dakar_dabas_ugyeszseg_valasz.pdf" "Mozilla/5.0 (Windows NT 6.1; WOW64) AppleWebKit/537.31 (KHTML, like Gecko) Chrome/26.0.1410.64 Safari/537.31"
82.131.184.251 - - [19/Apr/2013:18:12:51 +0200] "GET /jog/eseteink/dakar/dakar_dabas_ugyeszseg_valasz.pdf HTTP/1.1" 206 131072 "http://www.beklen.hu/jog/eseteink/dakar/dakar_dabas_ugyeszseg_valasz.pdf" "Mozilla/5.0 (Windows NT 6.1; WOW64) AppleWebKit/537.31 (KHTML, like Gecko) Chrome/26.0.1410.64 Safari/537.31"
82.131.184.251 - - [19/Apr/2013:18:12:51 +0200] "GET /jog/eseteink/dakar/dakar_dabas_ugyeszseg_valasz.pdf HTTP/1.1" 206 131072 "http://www.beklen.hu/jog/eseteink/dakar/dakar_dabas_ugyeszseg_valasz.pdf" "Mozilla/5.0 (Windows NT 6.1; WOW64) AppleWebKit/537.31 (KHTML, like Gecko) Chrome/26.0.1410.64 Safari/537.31"
82.131.184.251 - - [19/Apr/2013:18:12:51 +0200] "GET /jog/eseteink/dakar/dakar_dabas_ugyeszseg_valasz.pdf HTTP/1.1" 206 262144 "http://www.beklen.hu/jog/eseteink/dakar/dakar_dabas_ugyeszseg_valasz.pdf" "Mozilla/5.0 (Windows NT 6.1; WOW64) AppleWebKit/537.31 (KHTML, like Gecko) Chrome/26.0.1410.64 Safari/537.31"
82.131.184.251 - - [19/Apr/2013:18:12:51 +0200] "GET /jog/eseteink/dakar/dakar_dabas_ugyeszseg_valasz.pdf HTTP/1.1" 206 262144 "http://www.beklen.hu/jog/eseteink/dakar/dakar_dabas_ugyeszseg_valasz.pdf" "Mozilla/5.0 (Windows NT 6.1; WOW64) AppleWebKit/537.31 (KHTML, like Gecko) Chrome/26.0.1410.64 Safari/537.31"
82.131.184.251 - - [19/Apr/2013:18:12:51 +0200] "GET /jog/eseteink/dakar/dakar_dabas_ugyeszseg_valasz.pdf HTTP/1.1" 206 262144 "http://www.beklen.hu/jog/eseteink/dakar/dakar_dabas_ugyeszseg_valasz.pdf" "Mozilla/5.0 (Windows NT 6.1; WOW64) AppleWebKit/537.31 (KHTML, like Gecko) Chrome/26.0.1410.64 Safari/537.31"
82.131.184.251 - - [19/Apr/2013:18:12:51 +0200] "GET /jog/eseteink/dakar/dakar_dabas_ugyeszseg_valasz.pdf HTTP/1.1" 206 262144 "http://www.beklen.hu/jog/eseteink/dakar/dakar_dabas_ugyeszseg_valasz.pdf" "Mozilla/5.0 (Windows NT 6.1; WOW64) AppleWebKit/537.31 (KHTML, like Gecko) Chrome/26.0.1410.64 Safari/537.31"
82.131.184.251 - - [19/Apr/2013:18:12:51 +0200] "GET /jog/eseteink/dakar/dakar_dabas_ugyeszseg_valasz.pdf HTTP/1.1" 206 262144 "http://www.beklen.hu/jog/eseteink/dakar/dakar_dabas_ugyeszseg_valasz.pdf" "Mozilla/5.0 (Windows NT 6.1; WOW64) AppleWebKit/537.31 (KHTML, like Gecko) Chrome/26.0.1410.64 Safari/537.31"
82.131.184.251 - - [19/Apr/2013:18:12:51 +0200] "GET /jog/eseteink/dakar/dakar_dabas_ugyeszseg_valasz.pdf HTTP/1.1" 206 262144 "http://www.beklen.hu/jog/eseteink/dakar/dakar_dabas_ugyeszseg_valasz.pdf" "Mozilla/5.0 (Windows NT 6.1; WOW64) AppleWebKit/537.31 (KHTML, like Gecko) Chrome/26.0.1410.64 Safari/537.31"
82.131.184.251 - - [19/Apr/2013:18:12:51 +0200] "GET /jog/eseteink/dakar/dakar_dabas_ugyeszseg_valasz.pdf HTTP/1.1" 206 262144 "http://www.beklen.hu/jog/eseteink/dakar/dakar_dabas_ugyeszseg_valasz.pdf" "Mozilla/5.0 (Windows NT 6.1; WOW64) AppleWebKit/537.31 (KHTML, like Gecko) Chrome/26.0.1410.64 Safari/537.31"
82.131.184.251 - - [19/Apr/2013:18:12:52 +0200] "GET /jog/eseteink/dakar/dakar_dabas_ugyeszseg_valasz.pdf HTTP/1.1" 206 262144 "http://www.beklen.hu/jog/eseteink/dakar/dakar_dabas_ugyeszseg_valasz.pdf" "Mozilla/5.0 (Windows NT 6.1; WOW64) AppleWebKit/537.31 (KHTML, like Gecko) Chrome/26.0.1410.64 Safari/537.31"
82.131.184.251 - - [19/Apr/2013:18:12:52 +0200] "GET /jog/eseteink/dakar/dakar_dabas_ugyeszseg_valasz.pdf HTTP/1.1" 206 262144 "http://www.beklen.hu/jog/eseteink/dakar/dakar_dabas_ugyeszseg_valasz.pdf" "Mozilla/5.0 (Windows NT 6.1; WOW64) AppleWebKit/537.31 (KHTML, like Gecko) Chrome/26.0.1410.64 Safari/537.31"
82.131.184.251 - - [19/Apr/2013:18:12:52 +0200] "GET /jog/eseteink/dakar/dakar_dabas_ugyeszseg_valasz.pdf HTTP/1.1" 206 262144 "http://www.beklen.hu/jog/eseteink/dakar/dakar_dabas_ugyeszseg_valasz.pdf" "Mozilla/5.0 (Windows NT 6.1; WOW64) AppleWebKit/537.31 (KHTML, like Gecko) Chrome/26.0.1410.64 Safari/537.31"
82.131.184.251 - - [19/Apr/2013:18:12:52 +0200] "GET /jog/eseteink/dakar/dakar_dabas_ugyeszseg_valasz.pdf HTTP/1.1" 206 524288 "http://www.beklen.hu/jog/eseteink/dakar/dakar_dabas_ugyeszseg_valasz.pdf" "Mozilla/5.0 (Windows NT 6.1; WOW64) AppleWebKit/537.31 (KHTML, like Gecko) Chrome/26.0.1410.64 Safari/537.31"
82.131.184.251 - - [19/Apr/2013:18:12:52 +0200] "GET /jog/eseteink/dakar/dakar_dabas_ugyeszseg_valasz.pdf HTTP/1.1" 206 524288 "http://www.beklen.hu/jog/eseteink/dakar/dakar_dabas_ugyeszseg_valasz.pdf" "Mozilla/5.0 (Windows NT 6.1; WOW64) AppleWebKit/537.31 (KHTML, like Gecko) Chrome/26.0.1410.64 Safari/537.31"
82.131.184.251 - - [19/Apr/2013:18:12:52 +0200] "GET /jog/eseteink/dakar/dakar_dabas_ugyeszseg_valasz.pdf HTTP/1.1" 206 524288 "http://www.beklen.hu/jog/eseteink/dakar/dakar_dabas_ugyeszseg_valasz.pdf" "Mozilla/5.0 (Windows NT 6.1; WOW64) AppleWebKit/537.31 (KHTML, like Gecko) Chrome/26.0.1410.64 Safari/537.31"
82.131.184.251 - - [19/Apr/2013:18:12:52 +0200] "GET /jog/eseteink/dakar/dakar_dabas_ugyeszseg_valasz.pdf HTTP/1.1" 206 524288 "http://www.beklen.hu/jog/eseteink/dakar/dakar_dabas_ugyeszseg_valasz.pdf" "Mozilla/5.0 (Windows NT 6.1; WOW64) AppleWebKit/537.31 (KHTML, like Gecko) Chrome/26.0.1410.64 Safari/537.31"
82.131.184.251 - - [19/Apr/2013:18:12:52 +0200] "GET /jog/eseteink/dakar/dakar_dabas_ugyeszseg_valasz.pdf HTTP/1.1" 206 694627 "http://www.beklen.hu/jog/eseteink/dakar/dakar_dabas_ugyeszseg_valasz.pdf" "Mozilla/5.0 (Windows NT 6.1; WOW64) AppleWebKit/537.31 (KHTML, like Gecko) Chrome/26.0.1410.64 Safari/537.31"
82.131.184.251 - - [19/Apr/2013:18:12:52 +0200] "GET /favicon.ico HTTP/1.1" 404 1181 "-" "Mozilla/5.0 (Windows NT 6.1; WOW64) AppleWebKit/537.31 (KHTML, like Gecko) Chrome/26.0.1410.64 Safari/537.31"
180.76.6.16 - - [19/Apr/2013:18:15:00 +0200] "GET /jog/eseteink/derekegyhaza/biroi_vegzes.pdf HTTP/1.1" 200 772975 "-" "Mozilla/5.0 (Windows NT 5.1; rv:6.0.2) Gecko/20100101 Firefox/6.0.2"
77.88.42.27 - - [19/Apr/2013:18:16:31 +0200] "GET /jog/jogszabalyok/biodiverzitas_egyezmeny.pdf HTTP/1.1" 200 198401 "-" "Mozilla/5.0 (compatible; YandexBot/3.0; +http://yandex.com/bots)"
77.88.42.27 - - [19/Apr/2013:18:21:36 +0200] "GET /fiok/program_reszek/madarmegfigyeles.htm HTTP/1.1" 200 21825 "-" "Mozilla/5.0 (compatible; YandexBot/3.0; +http://yandex.com/bots)"
208.115.113.84 - - [19/Apr/2013:18:21:46 +0200] "GET /jog/jogihatter.htm HTTP/1.1" 200 18691 "-" "Mozilla/5.0 (compatible; Ezooms/1.0; ezooms.bot@gmail.com)"
37.140.141.19 - - [19/Apr/2013:18:31:33 +0200] "GET /jog/eseteink/korosladany/kepek/img_5.jpg HTTP/1.1" 304 - "-" "Mozilla/5.0 (compatible; YandexImages/3.0; +http://yandex.com/bots)"
66.249.78.60 - - [19/Apr/2013:18:35:14 +0200] "GET /jog/jogsegely.htm HTTP/1.1" 304 - "-" "Mozilla/5.0 (iPhone; U; CPU iPhone OS 4_1 like Mac OS X; en-us) AppleWebKit/532.9 (KHTML, like Gecko) Version/4.0.5 Mobile/8B117 Safari/6531.22.7 (compatible; Googlebot-Mobile/2.1; +http://www.google.com/bot.html)"
77.88.42.27 - - [19/Apr/2013:19:00:08 +0200] "GET /jog/jogszabalyok/egyezm_bern.pdf HTTP/1.1" 200 77062 "-" "Mozilla/5.0 (compatible; YandexBot/3.0; +http://yandex.com/bots)"
37.140.141.19 - - [19/Apr/2013:19:02:54 +0200] "GET /images/autonomia_.jpg HTTP/1.1" 304 - "-" "Mozilla/5.0 (compatible; YandexImages/3.0; +http://yandex.com/bots)"
66.249.78.60 - - [19/Apr/2013:19:28:49 +0200] "GET /jog/eseteink/korosladany/nimfea%20vm%20vegzes_001.pdf HTTP/1.1" 200 2141078 "-" "Mozilla/5.0 (iPhone; U; CPU iPhone OS 4_1 like Mac OS X; en-us) AppleWebKit/532.9 (KHTML, like Gecko) Version/4.0.5 Mobile/8B117 Safari/6531.22.7 (compatible; Googlebot-Mobile/2.1; +http://www.google.com/bot.html)"
77.88.42.27 - - [19/Apr/2013:19:31:16 +0200] "GET /turizmusbanner_.swf HTTP/1.1" 200 160838 "-" "Mozilla/5.0 (compatible; YandexBot/3.0; +http://yandex.com/bots)"
37.140.141.19 - - [19/Apr/2013:19:34:13 +0200] "GET /tm02.jpg HTTP/1.1" 200 1873 "-" "Mozilla/5.0 (compatible; YandexImages/3.0; +http://yandex.com/bots)"
66.249.78.60 - - [19/Apr/2013:19:49:02 +0200] "GET /jog/pub/natura_eng_.jpg HTTP/1.1" 304 - "-" "Googlebot-Image/1.0"
37.140.141.19 - - [19/Apr/2013:20:05:31 +0200] "GET /deutsch/d03.jpg HTTP/1.1" 200 1235 "-" "Mozilla/5.0 (compatible; YandexImages/3.0; +http://yandex.com/bots)"
77.88.42.27 - - [19/Apr/2013:20:15:34 +0200] "GET /fiok/program_reszek/csaladbarat.htm HTTP/1.1" 200 20928 "-" "Mozilla/5.0 (compatible; YandexBot/3.0; +http://yandex.com/bots)"
66.249.78.60 - - [19/Apr/2013:20:23:28 +0200] "GET /robots.txt HTTP/1.1" 404 1181 "-" "Mozilla/5.0 (compatible; Googlebot/2.1; +http://www.google.com/bot.html)"
66.249.78.60 - - [19/Apr/2013:20:23:28 +0200] "GET /fiok/kapcsolat.htm HTTP/1.1" 304 - "-" "Mozilla/5.0 (iPhone; U; CPU iPhone OS 4_1 like Mac OS X; en-us) AppleWebKit/532.9 (KHTML, like Gecko) Version/4.0.5 Mobile/8B117 Safari/6531.22.7 (compatible; Googlebot-Mobile/2.1; +http://www.google.com/bot.html)"
65.55.215.73 - - [19/Apr/2013:20:32:06 +0200] "GET /robots.txt HTTP/1.1" 404 1181 "-" "msnbot-media/1.1 (+http://search.msn.com/msnbot.htm)"
65.55.215.73 - - [19/Apr/2013:20:32:07 +0200] "GET /fiok/images/nevadonk.JPG HTTP/1.1" 200 56167 "-" "msnbot-media/1.1 (+http://search.msn.com/msnbot.htm)"
66.249.78.60 - - [19/Apr/2013:20:33:23 +0200] "GET /fiok/mult.htm HTTP/1.1" 200 23227 "-" "Mozilla/5.0 (iPhone; U; CPU iPhone OS 4_1 like Mac OS X; en-us) AppleWebKit/532.9 (KHTML, like Gecko) Version/4.0.5 Mobile/8B117 Safari/6531.22.7 (compatible; Googlebot-Mobile/2.1; +http://www.google.com/bot.html)"
37.140.141.19 - - [19/Apr/2013:20:35:50 +0200] "GET /deutsch/d04.jpg HTTP/1.1" 200 1181 "-" "Mozilla/5.0 (compatible; YandexImages/3.0; +http://yandex.com/bots)"
37.140.141.19 - - [19/Apr/2013:21:09:15 +0200] "GET /jog/eseteink/derekegyhaza/kepek/37-433_.jpg HTTP/1.1" 304 - "-" "Mozilla/5.0 (compatible; YandexImages/3.0; +http://yandex.com/bots)"
180.76.5.14 - - [19/Apr/2013:21:35:45 +0200] "GET /fiok/news.html HTTP/1.1" 404 1181 "-" "Mozilla/5.0 (compatible; Baiduspider/2.0; +http://www.baidu.com/search/spider.html)"
37.140.141.19 - - [19/Apr/2013:21:42:42 +0200] "GET /images/eea_logo_.jpg HTTP/1.1" 304 - "-" "Mozilla/5.0 (compatible; YandexImages/3.0; +http://yandex.com/bots)"
78.98.32.182 - - [19/Apr/2013:21:46:56 +0200] "GET /jog/eseteink/derekegyhaza/mszh_elsofok_ugyfel_elutasitas_1.jpg HTTP/1.1" 200 1086764 "-" "Mozilla/5.0 (Windows NT 5.1) AppleWebKit/537.31 (KHTML, like Gecko) Chrome/26.0.1410.64 Safari/537.31"
77.88.42.27 - - [19/Apr/2013:21:52:03 +0200] "GET /robots.txt HTTP/1.1" 404 1181 "-" "Mozilla/5.0 (compatible; YandexBot/3.0; +http://yandex.com/bots)"
37.140.141.19 - - [19/Apr/2013:22:14:03 +0200] "GET /jog/eseteink/korosladany/kepek/img_5365__.jpg HTTP/1.1" 304 - "-" "Mozilla/5.0 (compatible; YandexImages/3.0; +http://yandex.com/bots)"
66.249.78.60 - - [19/Apr/2013:22:24:11 +0200] "GET /jog/eseteink/korosladany/index.htm HTTP/1.1" 200 30713 "-" "Mozilla/5.0 (iPhone; U; CPU iPhone OS 4_1 like Mac OS X; en-us) AppleWebKit/532.9 (KHTML, like Gecko) Version/4.0.5 Mobile/8B117 Safari/6531.22.7 (compatible; Googlebot-Mobile/2.1; +http://www.google.com/bot.html)"
77.88.42.27 - - [19/Apr/2013:22:25:46 +0200] "GET /jog/jogszabalyok/1952._evi_iii._torveny_a_polgari_perrendtartasrol.pdf HTTP/1.1" 404 1181 "-" "Mozilla/5.0 (compatible; YandexBot/3.0; +http://yandex.com/bots)"
77.88.42.27 - - [19/Apr/2013:22:25:58 +0200] "GET /jog/jogszabalyok/egyezm_bonn.pdf HTTP/1.1" 200 77213 "-" "Mozilla/5.0 (compatible; YandexBot/3.0; +http://yandex.com/bots)"
77.88.42.27 - - [19/Apr/2013:22:26:00 +0200] "GET /fiok/program_reszek/taborok.htm HTTP/1.1" 200 23942 "-" "Mozilla/5.0 (compatible; YandexBot/3.0; +http://yandex.com/bots)"
77.88.42.27 - - [19/Apr/2013:22:26:03 +0200] "GET /hirarchivum.htm HTTP/1.1" 200 24981 "-" "Mozilla/5.0 (compatible; YandexBot/3.0; +http://yandex.com/bots)"
77.88.42.27 - - [19/Apr/2013:22:26:05 +0200] "GET /jog/jogszabalyok/201.korm.%20rendelettel%20modositott275.natura%20korm.%20rendelet.pdf HTTP/1.1" 200 330 "-" "Mozilla/5.0 (compatible; YandexBot/3.0; +http://yandex.com/bots)"
77.88.42.27 - - [19/Apr/2013:22:26:08 +0200] "GET /jog/jogszabalyok/4_2010kje.pdf HTTP/1.1" 404 1181 "-" "Mozilla/5.0 (compatible; YandexBot/3.0; +http://yandex.com/bots)"
37.140.141.19 - - [19/Apr/2013:22:45:23 +0200] "GET /deutsch/d02.jpg HTTP/1.1" 200 1339 "-" "Mozilla/5.0 (compatible; YandexImages/3.0; +http://yandex.com/bots)"
65.55.215.70 - - [19/Apr/2013:22:49:29 +0200] "GET /robots.txt HTTP/1.1" 404 1181 "-" "msnbot-media/1.1 (+http://search.msn.com/msnbot.htm)"
65.55.215.70 - - [19/Apr/2013:22:49:29 +0200] "GET /fiok/images/b4b.jpg HTTP/1.1" 200 524 "-" "msnbot-media/1.1 (+http://search.msn.com/msnbot.htm)"
77.88.42.27 - - [19/Apr/2013:23:01:15 +0200] "GET /jog/jogszabalyok/1995.%20evi%20XCIII.%20torveny.pdf HTTP/1.1" 200 125662 "-" "Mozilla/5.0 (compatible; YandexBot/3.0; +http://yandex.com/bots)"
66.249.74.173 - - [19/Apr/2013:23:02:39 +0200] "GET /hirek09_02.htm HTTP/1.1" 200 7450 "-" "DoCoMo/2.0 N905i(c100;TB;W24H16) (compatible; Googlebot-Mobile/2.1; +http://www.google.com/bot.html)"
66.249.78.60 - - [19/Apr/2013:23:13:56 +0200] "GET /jog/jogszabalyok/egyezm_bern.pdf HTTP/1.1" 304 - "-" "Mozilla/5.0 (iPhone; U; CPU iPhone OS 4_1 like Mac OS X; en-us) AppleWebKit/532.9 (KHTML, like Gecko) Version/4.0.5 Mobile/8B117 Safari/6531.22.7 (compatible; Googlebot-Mobile/2.1; +http://www.google.com/bot.html)"
37.140.141.19 - - [19/Apr/2013:23:15:44 +0200] "GET /jog/eseteink/korosladany/kepek/img_3b_.jpg HTTP/1.1" 304 - "-" "Mozilla/5.0 (compatible; YandexImages/3.0; +http://yandex.com/bots)"
66.249.74.173 - - [19/Apr/2013:23:29:57 +0200] "GET /hirek/hirek090215.htm HTTP/1.1" 200 9398 "-" "SAMSUNG-SGH-E250/1.0 Profile/MIDP-2.0 Configuration/CLDC-1.1 UP.Browser/6.2.3.3.c.1.101 (GUI) MMP/2.0 (compatible; Googlebot-Mobile/2.1; +http://www.google.com/bot.html)"
65.55.215.98 - - [19/Apr/2013:23:30:19 +0200] "GET /robots.txt HTTP/1.1" 404 1181 "-" "msnbot-media/1.1 (+http://search.msn.com/msnbot.htm)"
65.55.215.98 - - [19/Apr/2013:23:30:34 +0200] "GET /jog/eseteink/derekegyhaza/mszh_elsofok_ugyfel_elutasitas_1.jpg HTTP/1.1" 200 1086764 "-" "msnbot-media/1.1 (+http://search.msn.com/msnbot.htm)"
77.88.42.27 - - [19/Apr/2013:23:41:11 +0200] "GET /jog/jogszabalyok/aarhus_egyezmeny.pdf HTTP/1.1" 200 177386 "-" "Mozilla/5.0 (compatible; YandexBot/3.0; +http://yandex.com/bots)"
37.140.141.19 - - [19/Apr/2013:23:49:00 +0200] "GET /tm04_.jpg HTTP/1.1" 200 2058 "-" "Mozilla/5.0 (compatible; YandexImages/3.0; +http://yandex.com/bots)"
66.249.78.60 - - [20/Apr/2013:00:03:37 +0200] "GET /jog/pub/+jog_jav.pdf HTTP/1.1" 304 - "-" "Mozilla/5.0 (iPhone; U; CPU iPhone OS 4_1 like Mac OS X; en-us) AppleWebKit/532.9 (KHTML, like Gecko) Version/4.0.5 Mobile/8B117 Safari/6531.22.7 (compatible; Googlebot-Mobile/2.1; +http://www.google.com/bot.html)"
199.30.16.5 - - [20/Apr/2013:00:05:21 +0200] "GET /robots.txt HTTP/1.1" 404 1181 "-" "msnbot-media/1.1 (+http://search.msn.com/msnbot.htm)"
199.30.16.5 - - [20/Apr/2013:00:05:22 +0200] "GET /tm04.jpg HTTP/1.1" 200 2613 "-" "msnbot-media/1.1 (+http://search.msn.com/msnbot.htm)"
199.30.20.33 - - [20/Apr/2013:00:05:33 +0200] "GET /robots.txt HTTP/1.1" 404 1181 "-" "msnbot-media/1.1 (+http://search.msn.com/msnbot.htm)"
199.30.20.33 - - [20/Apr/2013:00:05:33 +0200] "GET /fiok/images/c4c.jpg HTTP/1.1" 200 524 "-" "msnbot-media/1.1 (+http://search.msn.com/msnbot.htm)"
37.140.141.19 - - [20/Apr/2013:00:22:22 +0200] "GET /jog/eseteink/korosladany/kepek/img_5363__.jpg HTTP/1.1" 304 - "-" "Mozilla/5.0 (compatible; YandexImages/3.0; +http://yandex.com/bots)"
66.249.78.60 - - [20/Apr/2013:00:25:56 +0200] "GET /fiok/program_reszek/turazas.htm HTTP/1.1" 304 - "-" "Mozilla/5.0 (iPhone; U; CPU iPhone OS 4_1 like Mac OS X; en-us) AppleWebKit/532.9 (KHTML, like Gecko) Version/4.0.5 Mobile/8B117 Safari/6531.22.7 (compatible; Googlebot-Mobile/2.1; +http://www.google.com/bot.html)"
77.88.42.27 - - [20/Apr/2013:00:28:19 +0200] "GET /jog/eseteink/duzzaszto/index.htm HTTP/1.1" 200 10470 "-" "Mozilla/5.0 (compatible; YandexBot/3.0; +http://yandex.com/bots)"
37.140.141.19 - - [20/Apr/2013:00:54:34 +0200] "GET /jog/img/magyar_cimer.png HTTP/1.1" 200 1900 "-" "Mozilla/5.0 (compatible; YandexImages/3.0; +http://yandex.com/bots)"
66.249.74.173 - - [20/Apr/2013:00:55:16 +0200] "GET /jog/eseteink/korosladany/np_nek_tajekoztatas.pdf HTTP/1.1" 200 144911 "-" "Mozilla/5.0 (iPhone; U; CPU iPhone OS 4_1 like Mac OS X; en-us) AppleWebKit/532.9 (KHTML, like Gecko) Version/4.0.5 Mobile/8B117 Safari/6531.22.7 (compatible; Googlebot-Mobile/2.1; +http://www.google.com/bot.html)"
66.249.78.60 - - [20/Apr/2013:00:59:45 +0200] "GET /jog/eljarasokrol.htm HTTP/1.1" 304 - "-" "Mozilla/5.0 (iPhone; U; CPU iPhone OS 4_1 like Mac OS X; en-us) AppleWebKit/532.9 (KHTML, like Gecko) Version/4.0.5 Mobile/8B117 Safari/6531.22.7 (compatible; Googlebot-Mobile/2.1; +http://www.google.com/bot.html)"
77.88.42.27 - - [20/Apr/2013:01:07:52 +0200] "GET /jog/eseteink/kavicszatony/index.htm HTTP/1.1" 200 16432 "-" "Mozilla/5.0 (compatible; YandexBot/3.0; +http://yandex.com/bots)"
37.140.141.19 - - [20/Apr/2013:01:24:47 +0200] "GET /jog/eseteink/kavicszatony/dscf0024_.jpg HTTP/1.1" 304 - "-" "Mozilla/5.0 (compatible; YandexImages/3.0; +http://yandex.com/bots)"
77.88.42.27 - - [20/Apr/2013:01:42:19 +0200] "GET /jog/eseteink/korosladany/index.htm HTTP/1.1" 200 30713 "-" "Mozilla/5.0 (compatible; YandexBot/3.0; +http://yandex.com/bots)"
77.88.42.27 - - [20/Apr/2013:01:45:30 +0200] "GET /jog/jogszabalyok/2003_evi_xxxii_torveny.doc HTTP/1.1" 200 463872 "-" "Mozilla/5.0 (compatible; YandexBot/3.0; +http://yandex.com/bots)"
77.88.42.27 - - [20/Apr/2013:01:45:33 +0200] "GET /hirek/13032001.htm HTTP/1.1" 200 16316 "-" "Mozilla/5.0 (compatible; YandexBot/3.0; +http://yandex.com/bots)"
77.88.42.27 - - [20/Apr/2013:01:45:35 +0200] "GET /fiok/program_reszek/lovaglas.htm HTTP/1.1" 200 21486 "-" "Mozilla/5.0 (compatible; YandexBot/3.0; +http://yandex.com/bots)"
77.88.42.27 - - [20/Apr/2013:01:45:38 +0200] "GET /fiok/gazdasag.htm HTTP/1.1" 200 22480 "-" "Mozilla/5.0 (compatible; YandexBot/3.0; +http://yandex.com/bots)"
77.88.42.27 - - [20/Apr/2013:01:45:54 +0200] "GET /jog/eseteink/audi/index.htm HTTP/1.1" 200 15938 "-" "Mozilla/5.0 (compatible; YandexBot/3.0; +http://yandex.com/bots)"
37.140.141.19 - - [20/Apr/2013:01:55:58 +0200] "GET /jog/eseteink/korosladany/kepek/img_5_.jpg HTTP/1.1" 304 - "-" "Mozilla/5.0 (compatible; YandexImages/3.0; +http://yandex.com/bots)"
66.249.78.60 - - [20/Apr/2013:02:18:16 +0200] "GET /jog/pub/+jog_jav.pdf HTTP/1.1" 304 - "-" "Mozilla/5.0 (iPhone; U; CPU iPhone OS 4_1 like Mac OS X; en-us) AppleWebKit/532.9 (KHTML, like Gecko) Version/4.0.5 Mobile/8B117 Safari/6531.22.7 (compatible; Googlebot-Mobile/2.1; +http://www.google.com/bot.html)"
