208.115.113.84 - - [01/Apr/2013:00:15:43 +0200] "GET /robots.txt HTTP/1.1" 404 1181 "-" "Mozilla/5.0 (compatible; Ezooms/1.0; ezooms.bot@gmail.com)"
66.249.78.60 - - [01/Apr/2013:01:08:55 +0200] "GET /hirek/130307.htm HTTP/1.1" 200 12189 "-" "SAMSUNG-SGH-E250/1.0 Profile/MIDP-2.0 Configuration/CLDC-1.1 UP.Browser/6.2.3.3.c.1.101 (GUI) MMP/2.0 (compatible; Googlebot-Mobile/2.1; +http://www.google.com/bot.html)"
66.249.75.200 - - [01/Apr/2013:01:53:54 +0200] "GET /hirek/1303071.htm HTTP/1.1" 200 8749 "-" "Mozilla/5.0 (iPhone; U; CPU iPhone OS 4_1 like Mac OS X; en-us) AppleWebKit/532.9 (KHTML, like Gecko) Version/4.0.5 Mobile/8B117 Safari/6531.22.7 (compatible; Googlebot-Mobile/2.1; +http://www.google.com/bot.html)"
66.249.78.60 - - [01/Apr/2013:02:02:45 +0200] "GET /hirek/hirek090605.htm HTTP/1.1" 304 - "-" "Mozilla/5.0 (iPhone; U; CPU iPhone OS 4_1 like Mac OS X; en-us) AppleWebKit/532.9 (KHTML, like Gecko) Version/4.0.5 Mobile/8B117 Safari/6531.22.7 (compatible; Googlebot-Mobile/2.1; +http://www.google.com/bot.html)"
208.115.113.84 - - [01/Apr/2013:02:22:36 +0200] "GET /nca08.htm HTTP/1.1" 200 21795 "-" "Mozilla/5.0 (compatible; Ezooms/1.0; ezooms.bot@gmail.com)"
66.249.78.60 - - [01/Apr/2013:02:45:35 +0200] "GET /hirek/1303201/02_.jpg HTTP/1.1" 200 4596 "-" "Googlebot-Image/1.0"
66.249.78.60 - - [01/Apr/2013:03:08:23 +0200] "GET /robots.txt HTTP/1.1" 404 1181 "-" "Mozilla/5.0 (compatible; Googlebot/2.1; +http://www.google.com/bot.html)"
66.249.75.200 - - [01/Apr/2013:03:08:24 +0200] "GET /hirek/130307.htm HTTP/1.1" 200 12189 "-" "DoCoMo/2.0 N905i(c100;TB;W24H16) (compatible; Googlebot-Mobile/2.1; +http://www.google.com/bot.html)"
131.253.38.101 - - [01/Apr/2013:03:25:47 +0200] "GET /robots.txt HTTP/1.1" 404 1181 "-" "msnbot-media/1.1 (+http://search.msn.com/msnbot.htm)"
131.253.38.101 - - [01/Apr/2013:03:25:48 +0200] "GET /tm03_.jpg HTTP/1.1" 200 1787 "-" "msnbot-media/1.1 (+http://search.msn.com/msnbot.htm)"
65.55.215.102 - - [01/Apr/2013:03:33:10 +0200] "GET /robots.txt HTTP/1.1" 404 1181 "-" "msnbot-media/1.1 (+http://search.msn.com/msnbot.htm)"
65.55.215.102 - - [01/Apr/2013:03:33:10 +0200] "GET /tm05_.jpg HTTP/1.1" 200 1839 "-" "msnbot-media/1.1 (+http://search.msn.com/msnbot.htm)"
65.55.215.110 - - [01/Apr/2013:03:50:19 +0200] "GET /robots.txt HTTP/1.1" 404 1181 "-" "msnbot-media/1.1 (+http://search.msn.com/msnbot.htm)"
65.55.215.110 - - [01/Apr/2013:03:50:20 +0200] "GET /tm02_.jpg HTTP/1.1" 200 1524 "-" "msnbot-media/1.1 (+http://search.msn.com/msnbot.htm)"
208.115.113.84 - - [01/Apr/2013:04:18:36 +0200] "GET /robots.txt HTTP/1.1" 404 1181 "-" "Mozilla/5.0 (compatible; Ezooms/1.0; ezooms.bot@gmail.com)"
173.208.173.251 - - [01/Apr/2013:04:49:32 +0200] "GET /robots.txt HTTP/1.0" 404 1181 "-" "Mozilla/5.0 (compatible; MJ12bot/v1.4.3; http://www.majestic12.co.uk/bot.php?+)"
173.208.173.251 - - [01/Apr/2013:04:49:36 +0200] "GET / HTTP/1.0" 200 42122 "-" "Mozilla/5.0 (compatible; MJ12bot/v1.4.3; http://www.majestic12.co.uk/bot.php?+)"
180.76.6.224 - - [01/Apr/2013:05:47:41 +0200] "GET /fiok/program_reszek/csaladbarat.htm HTTP/1.1" 200 20928 "-" "Mozilla/5.0 (compatible; Baiduspider/2.0; +http://www.baidu.com/search/spider.html)"
208.115.113.84 - - [01/Apr/2013:06:24:36 +0200] "GET /english/introduction.htm HTTP/1.1" 200 6502 "-" "Mozilla/5.0 (compatible; Ezooms/1.0; ezooms.bot@gmail.com)"
66.249.78.60 - - [01/Apr/2013:06:26:59 +0200] "GET /fiok/program_reszek/turazas.htm HTTP/1.1" 304 - "-" "Mozilla/5.0 (iPhone; U; CPU iPhone OS 4_1 like Mac OS X; en-us) AppleWebKit/532.9 (KHTML, like Gecko) Version/4.0.5 Mobile/8B117 Safari/6531.22.7 (compatible; Googlebot-Mobile/2.1; +http://www.google.com/bot.html)"
66.249.78.60 - - [01/Apr/2013:07:01:05 +0200] "GET /hirek/1303072.htm HTTP/1.1" 200 9111 "-" "Mozilla/5.0 (iPhone; U; CPU iPhone OS 4_1 like Mac OS X; en-us) AppleWebKit/532.9 (KHTML, like Gecko) Version/4.0.5 Mobile/8B117 Safari/6531.22.7 (compatible; Googlebot-Mobile/2.1; +http://www.google.com/bot.html)"
188.143.52.6 - - [01/Apr/2013:07:13:14 +0200] "GET /jog/eseteink/derekegyhaza/index.htm HTTP/1.1" 200 34210 "http://search.conduit.com/Results.aspx?q=derekegyh%C3%A1zi%20park&start=10&hl=hu&SearchSource=2&SelfSearch=1&SearchType=&ctid=CT2944474&octid=CT2944474&FollowOn=True" "Mozilla/5.0 (Windows NT 5.1; rv:19.0) Gecko/20100101 Firefox/19.0"
188.143.52.6 - - [01/Apr/2013:07:13:16 +0200] "GET /jog/style.css HTTP/1.1" 200 21413 "http://www.beklen.hu/jog/eseteink/derekegyhaza/index.htm" "Mozilla/5.0 (Windows NT 5.1; rv:19.0) Gecko/20100101 Firefox/19.0"
188.143.52.6 - - [01/Apr/2013:07:13:16 +0200] "GET /jog/script.js HTTP/1.1" 200 5674 "http://www.beklen.hu/jog/eseteink/derekegyhaza/index.htm" "Mozilla/5.0 (Windows NT 5.1; rv:19.0) Gecko/20100101 Firefox/19.0"
188.143.52.6 - - [01/Apr/2013:07:13:16 +0200] "GET /jog/lb/js/scriptaculous.js?load=effects HTTP/1.1" 200 2152 "http://www.beklen.hu/jog/eseteink/derekegyhaza/index.htm" "Mozilla/5.0 (Windows NT 5.1; rv:19.0) Gecko/20100101 Firefox/19.0"
188.143.52.6 - - [01/Apr/2013:07:13:17 +0200] "GET /jog/lb/js/prototype.js HTTP/1.1" 200 47603 "http://www.beklen.hu/jog/eseteink/derekegyhaza/index.htm" "Mozilla/5.0 (Windows NT 5.1; rv:19.0) Gecko/20100101 Firefox/19.0"
188.143.52.6 - - [01/Apr/2013:07:13:17 +0200] "GET /jog/lb/js/lightbox.js HTTP/1.1" 200 23431 "http://www.beklen.hu/jog/eseteink/derekegyhaza/index.htm" "Mozilla/5.0 (Windows NT 5.1; rv:19.0) Gecko/20100101 Firefox/19.0"
188.143.52.6 - - [01/Apr/2013:07:13:19 +0200] "GET /jog/lb/css/lightbox.css HTTP/1.1" 200 1715 "http://www.beklen.hu/jog/eseteink/derekegyhaza/index.htm" "Mozilla/5.0 (Windows NT 5.1; rv:19.0) Gecko/20100101 Firefox/19.0"
188.143.52.6 - - [01/Apr/2013:07:13:22 +0200] "GET /jog/favicon.ico HTTP/1.1" 200 1150 "-" "Mozilla/5.0 (Windows NT 5.1; rv:19.0) Gecko/20100101 Firefox/19.0"
188.143.52.6 - - [01/Apr/2013:07:13:30 +0200] "GET /jog/img/file_pdf.png HTTP/1.1" 200 581 "http://www.beklen.hu/jog/eseteink/derekegyhaza/index.htm" "Mozilla/5.0 (Windows NT 5.1; rv:19.0) Gecko/20100101 Firefox/19.0"
188.143.52.6 - - [01/Apr/2013:07:13:30 +0200] "GET /jog/jquery.js HTTP/1.1" 200 72174 "http://www.beklen.hu/jog/eseteink/derekegyhaza/index.htm" "Mozilla/5.0 (Windows NT 5.1; rv:19.0) Gecko/20100101 Firefox/19.0"
188.143.52.6 - - [01/Apr/2013:07:13:31 +0200] "GET /jog/img/file_jpg.png HTTP/1.1" 200 607 "http://www.beklen.hu/jog/eseteink/derekegyhaza/index.htm" "Mozilla/5.0 (Windows NT 5.1; rv:19.0) Gecko/20100101 Firefox/19.0"
188.143.52.6 - - [01/Apr/2013:07:13:31 +0200] "GET /jog/eseteink/derekegyhaza/kepek/37-433__.jpg HTTP/1.1" 200 4596 "http://www.beklen.hu/jog/eseteink/derekegyhaza/index.htm" "Mozilla/5.0 (Windows NT 5.1; rv:19.0) Gecko/20100101 Firefox/19.0"
188.143.52.6 - - [01/Apr/2013:07:13:31 +0200] "GET /jog/eseteink/derekegyhaza/kepek/vadaskert-szakhat_.jpg HTTP/1.1" 200 8903 "http://www.beklen.hu/jog/eseteink/derekegyhaza/index.htm" "Mozilla/5.0 (Windows NT 5.1; rv:19.0) Gecko/20100101 Firefox/19.0"
188.143.52.6 - - [01/Apr/2013:07:13:33 +0200] "GET /jog/eseteink/derekegyhaza/kepek/37-433_o_2005__.jpg HTTP/1.1" 200 5388 "http://www.beklen.hu/jog/eseteink/derekegyhaza/index.htm" "Mozilla/5.0 (Windows NT 5.1; rv:19.0) Gecko/20100101 Firefox/19.0"
188.143.52.6 - - [01/Apr/2013:07:13:33 +0200] "GET /jog/eseteink/derekegyhaza/kepek/dalerd__.jpg HTTP/1.1" 200 6281 "http://www.beklen.hu/jog/eseteink/derekegyhaza/index.htm" "Mozilla/5.0 (Windows NT 5.1; rv:19.0) Gecko/20100101 Firefox/19.0"
188.143.52.6 - - [01/Apr/2013:07:13:33 +0200] "GET /jog/eseteink/derekegyhaza/37-433.jpg HTTP/1.1" 200 3573 "http://www.beklen.hu/jog/eseteink/derekegyhaza/index.htm" "Mozilla/5.0 (Windows NT 5.1; rv:19.0) Gecko/20100101 Firefox/19.0"
188.143.52.6 - - [01/Apr/2013:07:13:35 +0200] "GET /jog/eseteink/derekegyhaza/kepek/37-431__.jpg HTTP/1.1" 200 4706 "http://www.beklen.hu/jog/eseteink/derekegyhaza/index.htm" "Mozilla/5.0 (Windows NT 5.1; rv:19.0) Gecko/20100101 Firefox/19.0"
188.143.52.6 - - [01/Apr/2013:07:13:36 +0200] "GET /jog/lb/js/effects.js HTTP/1.1" 200 31969 "http://www.beklen.hu/jog/eseteink/derekegyhaza/index.htm" "Mozilla/5.0 (Windows NT 5.1; rv:19.0) Gecko/20100101 Firefox/19.0"
188.143.52.6 - - [01/Apr/2013:07:13:36 +0200] "GET /jog/eseteink/derekegyhaza/kepek/37-431_o_2005__.jpg HTTP/1.1" 200 5766 "http://www.beklen.hu/jog/eseteink/derekegyhaza/index.htm" "Mozilla/5.0 (Windows NT 5.1; rv:19.0) Gecko/20100101 Firefox/19.0"
188.143.52.6 - - [01/Apr/2013:07:13:43 +0200] "GET /jog/images/nav.png HTTP/1.1" 200 10482 "http://www.beklen.hu/jog/style.css" "Mozilla/5.0 (Windows NT 5.1; rv:19.0) Gecko/20100101 Firefox/19.0"
188.143.52.6 - - [01/Apr/2013:07:13:43 +0200] "GET /jog/images/Bottom_texture.jpg HTTP/1.1" 200 193775 "http://www.beklen.hu/jog/style.css" "Mozilla/5.0 (Windows NT 5.1; rv:19.0) Gecko/20100101 Firefox/19.0"
188.143.52.6 - - [01/Apr/2013:07:13:45 +0200] "GET /jog/images/menuitem.png HTTP/1.1" 200 20398 "http://www.beklen.hu/jog/style.css" "Mozilla/5.0 (Windows NT 5.1; rv:19.0) Gecko/20100101 Firefox/19.0"
188.143.52.6 - - [01/Apr/2013:07:13:45 +0200] "GET /jog/images/spacer.gif HTTP/1.1" 200 43 "http://www.beklen.hu/jog/style.css" "Mozilla/5.0 (Windows NT 5.1; rv:19.0) Gecko/20100101 Firefox/19.0"
188.143.52.6 - - [01/Apr/2013:07:13:45 +0200] "GET /jog/images/subitem.png HTTP/1.1" 200 81 "http://www.beklen.hu/jog/style.css" "Mozilla/5.0 (Windows NT 5.1; rv:19.0) Gecko/20100101 Firefox/19.0"
188.143.52.6 - - [01/Apr/2013:07:13:50 +0200] "GET /jog/images/post_s.png HTTP/1.1" 200 466 "http://www.beklen.hu/jog/style.css" "Mozilla/5.0 (Windows NT 5.1; rv:19.0) Gecko/20100101 Firefox/19.0"
188.143.52.6 - - [01/Apr/2013:07:13:50 +0200] "GET /jog/images/post_h.png HTTP/1.1" 200 292 "http://www.beklen.hu/jog/style.css" "Mozilla/5.0 (Windows NT 5.1; rv:19.0) Gecko/20100101 Firefox/19.0"
188.143.52.6 - - [01/Apr/2013:07:14:04 +0200] "GET /jog/images/post_v.png HTTP/1.1" 200 310 "http://www.beklen.hu/jog/style.css" "Mozilla/5.0 (Windows NT 5.1; rv:19.0) Gecko/20100101 Firefox/19.0"
188.143.52.6 - - [01/Apr/2013:07:14:04 +0200] "GET /jog/images/post_c.png HTTP/1.1" 200 204 "http://www.beklen.hu/jog/style.css" "Mozilla/5.0 (Windows NT 5.1; rv:19.0) Gecko/20100101 Firefox/19.0"
188.143.52.6 - - [01/Apr/2013:07:14:09 +0200] "GET /jog/images/header.png HTTP/1.1" 200 170837 "http://www.beklen.hu/jog/style.css" "Mozilla/5.0 (Windows NT 5.1; rv:19.0) Gecko/20100101 Firefox/19.0"
66.249.78.60 - - [01/Apr/2013:07:17:25 +0200] "GET /fiok/program_reszek/lovaglas.htm HTTP/1.1" 304 - "-" "Mozilla/5.0 (iPhone; U; CPU iPhone OS 4_1 like Mac OS X; en-us) AppleWebKit/532.9 (KHTML, like Gecko) Version/4.0.5 Mobile/8B117 Safari/6531.22.7 (compatible; Googlebot-Mobile/2.1; +http://www.google.com/bot.html)"
199.30.16.25 - - [01/Apr/2013:07:24:30 +0200] "GET /robots.txt HTTP/1.1" 404 1181 "-" "msnbot-media/1.1 (+http://search.msn.com/msnbot.htm)"
199.30.16.25 - - [01/Apr/2013:07:24:30 +0200] "GET /tm04_.jpg HTTP/1.1" 200 2058 "-" "msnbot-media/1.1 (+http://search.msn.com/msnbot.htm)"
77.88.42.27 - - [01/Apr/2013:07:34:39 +0200] "GET /robots.txt HTTP/1.1" 404 1181 "-" "Mozilla/5.0 (compatible; YandexBot/3.0; +http://yandex.com/bots)"
131.253.24.4 - - [01/Apr/2013:07:50:33 +0200] "GET /robots.txt HTTP/1.1" 404 1181 "-" "msnbot-media/1.1 (+http://search.msn.com/msnbot.htm)"
131.253.24.4 - - [01/Apr/2013:07:50:34 +0200] "GET /jog/img/file_zip.png HTTP/1.1" 200 622 "-" "msnbot-media/1.1 (+http://search.msn.com/msnbot.htm)"
199.30.20.68 - - [01/Apr/2013:08:12:11 +0200] "GET /robots.txt HTTP/1.1" 404 1181 "-" "msnbot-media/1.1 (+http://search.msn.com/msnbot.htm)"
199.30.20.68 - - [01/Apr/2013:08:12:11 +0200] "GET /tm04.jpg HTTP/1.1" 200 2613 "-" "msnbot-media/1.1 (+http://search.msn.com/msnbot.htm)"
66.249.78.60 - - [01/Apr/2013:09:08:04 +0200] "GET /jog/eseteink/audi/additional_information_on_the_compensatory_measures_provided_by_hungarian_authorities_at_the_request_of_the_commission_1.pdf HTTP/1.1" 304 - "-" "Mozilla/5.0 (iPhone; U; CPU iPhone OS 4_1 like Mac OS X; en-us) AppleWebKit/532.9 (KHTML, like Gecko) Version/4.0.5 Mobile/8B117 Safari/6531.22.7 (compatible; Googlebot-Mobile/2.1; +http://www.google.com/bot.html)"
65.55.215.102 - - [01/Apr/2013:09:35:14 +0200] "GET /robots.txt HTTP/1.1" 404 1181 "-" "msnbot-media/1.1 (+http://search.msn.com/msnbot.htm)"
65.55.215.102 - - [01/Apr/2013:09:35:14 +0200] "GET /tm05_.jpg HTTP/1.1" 200 1839 "-" "msnbot-media/1.1 (+http://search.msn.com/msnbot.htm)"
46.107.49.171 - - [01/Apr/2013:10:07:46 +0200] "GET /jog/pub/+jog_jav.pdf HTTP/1.1" 200 416096 "https://www.google.hu/" "Mozilla/5.0 (Windows NT 5.1) AppleWebKit/537.31 (KHTML, like Gecko) Chrome/26.0.1410.43 Safari/537.31"
46.107.49.171 - - [01/Apr/2013:10:07:46 +0200] "GET /jog/pub/+jog_jav.pdf HTTP/1.1" 206 32768 "http://www.beklen.hu/jog/pub/+jog_jav.pdf" "Mozilla/5.0 (Windows NT 5.1) AppleWebKit/537.31 (KHTML, like Gecko) Chrome/26.0.1410.43 Safari/537.31"
46.107.49.171 - - [01/Apr/2013:10:07:46 +0200] "GET /favicon.ico HTTP/1.1" 404 1181 "-" "Mozilla/5.0 (Windows NT 5.1) AppleWebKit/537.31 (KHTML, like Gecko) Chrome/26.0.1410.43 Safari/537.31"
46.107.49.171 - - [01/Apr/2013:10:07:47 +0200] "GET /jog/pub/+jog_jav.pdf HTTP/1.1" 206 642330 "http://www.beklen.hu/jog/pub/+jog_jav.pdf" "Mozilla/5.0 (Windows NT 5.1) AppleWebKit/537.31 (KHTML, like Gecko) Chrome/26.0.1410.43 Safari/537.31"
46.107.49.171 - - [01/Apr/2013:10:07:47 +0200] "GET /jog/pub/+jog_jav.pdf HTTP/1.1" 206 32768 "http://www.beklen.hu/jog/pub/+jog_jav.pdf" "Mozilla/5.0 (Windows NT 5.1) AppleWebKit/537.31 (KHTML, like Gecko) Chrome/26.0.1410.43 Safari/537.31"
46.107.49.171 - - [01/Apr/2013:10:07:47 +0200] "GET /jog/pub/+jog_jav.pdf HTTP/1.1" 206 32768 "http://www.beklen.hu/jog/pub/+jog_jav.pdf" "Mozilla/5.0 (Windows NT 5.1) AppleWebKit/537.31 (KHTML, like Gecko) Chrome/26.0.1410.43 Safari/537.31"
46.107.49.171 - - [01/Apr/2013:10:07:47 +0200] "GET /jog/pub/+jog_jav.pdf HTTP/1.1" 206 32768 "http://www.beklen.hu/jog/pub/+jog_jav.pdf" "Mozilla/5.0 (Windows NT 5.1) AppleWebKit/537.31 (KHTML, like Gecko) Chrome/26.0.1410.43 Safari/537.31"
46.107.49.171 - - [01/Apr/2013:10:07:47 +0200] "GET /jog/pub/+jog_jav.pdf HTTP/1.1" 206 46374 "http://www.beklen.hu/jog/pub/+jog_jav.pdf" "Mozilla/5.0 (Windows NT 5.1) AppleWebKit/537.31 (KHTML, like Gecko) Chrome/26.0.1410.43 Safari/537.31"
46.107.49.171 - - [01/Apr/2013:10:07:48 +0200] "GET /favicon.ico HTTP/1.1" 404 1181 "-" "Mozilla/5.0 (Windows NT 5.1) AppleWebKit/537.31 (KHTML, like Gecko) Chrome/26.0.1410.43 Safari/537.31"
46.107.49.171 - - [01/Apr/2013:10:08:40 +0200] "GET /jog/jogsegely.htm HTTP/1.1" 200 14053 "https://www.google.hu/" "Mozilla/5.0 (Windows NT 5.1) AppleWebKit/537.31 (KHTML, like Gecko) Chrome/26.0.1410.43 Safari/537.31"
46.107.49.171 - - [01/Apr/2013:10:08:40 +0200] "GET /jog/style.css HTTP/1.1" 200 21413 "http://www.beklen.hu/jog/jogsegely.htm" "Mozilla/5.0 (Windows NT 5.1) AppleWebKit/537.31 (KHTML, like Gecko) Chrome/26.0.1410.43 Safari/537.31"
46.107.49.171 - - [01/Apr/2013:10:08:40 +0200] "GET /jog/script.js HTTP/1.1" 200 5674 "http://www.beklen.hu/jog/jogsegely.htm" "Mozilla/5.0 (Windows NT 5.1) AppleWebKit/537.31 (KHTML, like Gecko) Chrome/26.0.1410.43 Safari/537.31"
46.107.49.171 - - [01/Apr/2013:10:08:40 +0200] "GET /jog/jquery.js HTTP/1.1" 200 72174 "http://www.beklen.hu/jog/jogsegely.htm" "Mozilla/5.0 (Windows NT 5.1) AppleWebKit/537.31 (KHTML, like Gecko) Chrome/26.0.1410.43 Safari/537.31"
46.107.49.171 - - [01/Apr/2013:10:08:40 +0200] "GET /jog/images/nav.png HTTP/1.1" 200 10482 "http://www.beklen.hu/jog/jogsegely.htm" "Mozilla/5.0 (Windows NT 5.1) AppleWebKit/537.31 (KHTML, like Gecko) Chrome/26.0.1410.43 Safari/537.31"
46.107.49.171 - - [01/Apr/2013:10:08:40 +0200] "GET /jog/images/spacer.gif HTTP/1.1" 200 43 "http://www.beklen.hu/jog/jogsegely.htm" "Mozilla/5.0 (Windows NT 5.1) AppleWebKit/537.31 (KHTML, like Gecko) Chrome/26.0.1410.43 Safari/537.31"
46.107.49.171 - - [01/Apr/2013:10:08:40 +0200] "GET /jog/images/subitem.png HTTP/1.1" 200 81 "http://www.beklen.hu/jog/jogsegely.htm" "Mozilla/5.0 (Windows NT 5.1) AppleWebKit/537.31 (KHTML, like Gecko) Chrome/26.0.1410.43 Safari/537.31"
46.107.49.171 - - [01/Apr/2013:10:08:40 +0200] "GET /jog/images/menuitem.png HTTP/1.1" 200 20398 "http://www.beklen.hu/jog/jogsegely.htm" "Mozilla/5.0 (Windows NT 5.1) AppleWebKit/537.31 (KHTML, like Gecko) Chrome/26.0.1410.43 Safari/537.31"
46.107.49.171 - - [01/Apr/2013:10:08:40 +0200] "GET /jog/images/post_s.png HTTP/1.1" 200 466 "http://www.beklen.hu/jog/jogsegely.htm" "Mozilla/5.0 (Windows NT 5.1) AppleWebKit/537.31 (KHTML, like Gecko) Chrome/26.0.1410.43 Safari/537.31"
46.107.49.171 - - [01/Apr/2013:10:08:40 +0200] "GET /jog/images/post_v.png HTTP/1.1" 200 310 "http://www.beklen.hu/jog/jogsegely.htm" "Mozilla/5.0 (Windows NT 5.1) AppleWebKit/537.31 (KHTML, like Gecko) Chrome/26.0.1410.43 Safari/537.31"
46.107.49.171 - - [01/Apr/2013:10:08:40 +0200] "GET /jog/images/post_h.png HTTP/1.1" 200 292 "http://www.beklen.hu/jog/jogsegely.htm" "Mozilla/5.0 (Windows NT 5.1) AppleWebKit/537.31 (KHTML, like Gecko) Chrome/26.0.1410.43 Safari/537.31"
46.107.49.171 - - [01/Apr/2013:10:08:40 +0200] "GET /jog/images/post_c.png HTTP/1.1" 200 204 "http://www.beklen.hu/jog/jogsegely.htm" "Mozilla/5.0 (Windows NT 5.1) AppleWebKit/537.31 (KHTML, like Gecko) Chrome/26.0.1410.43 Safari/537.31"
46.107.49.171 - - [01/Apr/2013:10:08:40 +0200] "GET /jog/images/header.png HTTP/1.1" 200 170837 "http://www.beklen.hu/jog/jogsegely.htm" "Mozilla/5.0 (Windows NT 5.1) AppleWebKit/537.31 (KHTML, like Gecko) Chrome/26.0.1410.43 Safari/537.31"
46.107.49.171 - - [01/Apr/2013:10:08:40 +0200] "GET /jog/images/Bottom_texture.jpg HTTP/1.1" 200 193775 "http://www.beklen.hu/jog/jogsegely.htm" "Mozilla/5.0 (Windows NT 5.1) AppleWebKit/537.31 (KHTML, like Gecko) Chrome/26.0.1410.43 Safari/537.31"
46.107.49.171 - - [01/Apr/2013:10:08:41 +0200] "GET /jog/favicon.ico HTTP/1.1" 200 1150 "-" "Mozilla/5.0 (Windows NT 5.1) AppleWebKit/537.31 (KHTML, like Gecko) Chrome/26.0.1410.43 Safari/537.31"
88.214.193.210 - - [01/Apr/2013:10:16:26 +0200] "GET / HTTP/1.0" 200 42122 "-" "Mozilla/5.0 (Windows; U; Windows NT 5.1; en-US; rv:1.7.10) Gecko/20050716 Firefox/1.0.6"
178.48.249.125 - - [01/Apr/2013:10:40:21 +0200] "GET /jog/eseteink/derekegyhaza/kepek/vadaskert-szakhat.jpg HTTP/1.1" 200 140997 "-" "Mozilla/5.0 (Windows NT 6.1; rv:19.0) Gecko/20100101 Firefox/19.0"
77.88.42.27 - - [01/Apr/2013:10:59:15 +0200] "GET /turizmusbanner_.swf HTTP/1.1" 200 160838 "-" "Mozilla/5.0 (compatible; YandexBot/3.0; +http://yandex.com/bots)"
65.55.215.59 - - [01/Apr/2013:11:58:35 +0200] "GET /robots.txt HTTP/1.1" 404 1181 "-" "msnbot-media/1.1 (+http://search.msn.com/msnbot.htm)"
65.55.215.59 - - [01/Apr/2013:11:58:36 +0200] "GET /tm05.jpg HTTP/1.1" 200 2253 "-" "msnbot-media/1.1 (+http://search.msn.com/msnbot.htm)"
77.88.42.27 - - [01/Apr/2013:13:54:16 +0200] "GET /robots.txt HTTP/1.1" 404 1181 "-" "Mozilla/5.0 (compatible; YandexBot/3.0; +http://yandex.com/bots)"
66.249.78.60 - - [01/Apr/2013:14:27:37 +0200] "GET / HTTP/1.1" 200 42122 "-" "Mozilla/5.0 (iPhone; U; CPU iPhone OS 4_1 like Mac OS X; en-us) AppleWebKit/532.9 (KHTML, like Gecko) Version/4.0.5 Mobile/8B117 Safari/6531.22.7 (compatible; Googlebot-Mobile/2.1; +http://www.google.com/bot.html)"
66.249.78.60 - - [01/Apr/2013:14:37:24 +0200] "GET /lb/css/lightbox.css HTTP/1.1" 200 1715 "-" "Mozilla/5.0 (compatible; Googlebot/2.1; +http://www.google.com/bot.html)"
145.236.202.225 - - [01/Apr/2013:14:58:48 +0200] "GET /jog/eseteink/derekegyhaza/mszhk_masodfok_ugyfel_elutasitas_1.jpg HTTP/1.1" 200 995513 "http://www.google.hu/blank.html" "Mozilla/5.0 (compatible; MSIE 10.0; Windows NT 6.2; WOW64; Trident/6.0)"
77.88.42.27 - - [01/Apr/2013:15:06:17 +0200] "GET /khb/beklen_2005_kh_jelent%E9s.pdf HTTP/1.1" 404 1181 "-" "Mozilla/5.0 (compatible; YandexBot/3.0; +http://yandex.com/bots)"
66.249.75.200 - - [01/Apr/2013:15:19:05 +0200] "GET /robots.txt HTTP/1.1" 404 1181 "-" "Mozilla/5.0 (compatible; Googlebot/2.1; +http://www.google.com/bot.html)"
66.249.75.200 - - [01/Apr/2013:15:19:05 +0200] "GET /hirek/hirek100305.htm HTTP/1.1" 304 - "-" "DoCoMo/2.0 N905i(c100;TB;W24H16) (compatible; Googlebot-Mobile/2.1; +http://www.google.com/bot.html)"
66.249.78.60 - - [01/Apr/2013:15:24:04 +0200] "GET /jog/eseteink/korosladany/srbvadi_srb.pdf HTTP/1.1" 304 - "-" "Mozilla/5.0 (iPhone; U; CPU iPhone OS 4_1 like Mac OS X; en-us) AppleWebKit/532.9 (KHTML, like Gecko) Version/4.0.5 Mobile/8B117 Safari/6531.22.7 (compatible; Googlebot-Mobile/2.1; +http://www.google.com/bot.html)"
199.30.16.18 - - [01/Apr/2013:15:49:14 +0200] "GET /robots.txt HTTP/1.1" 404 1181 "-" "msnbot-media/1.1 (+http://search.msn.com/msnbot.htm)"
199.30.16.18 - - [01/Apr/2013:15:49:15 +0200] "GET /tm07.jpg HTTP/1.1" 200 1007 "-" "msnbot-media/1.1 (+http://search.msn.com/msnbot.htm)"
77.88.42.27 - - [01/Apr/2013:16:00:03 +0200] "GET /hirek/hirek090302.htm HTTP/1.1" 200 8452 "-" "Mozilla/5.0 (compatible; YandexBot/3.0; +http://yandex.com/bots)"
77.88.42.27 - - [01/Apr/2013:16:07:39 +0200] "GET /hirek09_03.htm HTTP/1.1" 200 10726 "-" "Mozilla/5.0 (compatible; YandexBot/3.0; +http://yandex.com/bots)"
77.88.42.27 - - [01/Apr/2013:16:08:56 +0200] "GET /fiok/ HTTP/1.1" 200 20554 "-" "Mozilla/5.0 (compatible; YandexBot/3.0; +http://yandex.com/bots)"
77.88.42.27 - - [01/Apr/2013:16:15:17 +0200] "GET /deutsch/d01.jpg HTTP/1.1" 304 - "-" "Mozilla/5.0 (compatible; YandexImages/3.0; +http://yandex.com/bots)"
66.249.78.60 - - [01/Apr/2013:16:17:36 +0200] "GET /programok.htm HTTP/1.1" 200 6444 "-" "SAMSUNG-SGH-E250/1.0 Profile/MIDP-2.0 Configuration/CLDC-1.1 UP.Browser/6.2.3.3.c.1.101 (GUI) MMP/2.0 (compatible; Googlebot-Mobile/2.1; +http://www.google.com/bot.html)"
178.48.40.160 - - [01/Apr/2013:16:36:39 +0200] "GET /favicon.ico HTTP/1.1" 404 1181 "-" "Mozilla/5.0 (Windows NT 6.1; rv:19.0) Gecko/20100101 Firefox/19.0"
66.249.78.60 - - [01/Apr/2013:16:41:20 +0200] "GET /hirek/130312.htm HTTP/1.1" 200 9645 "-" "Mozilla/5.0 (iPhone; U; CPU iPhone OS 4_1 like Mac OS X; en-us) AppleWebKit/532.9 (KHTML, like Gecko) Version/4.0.5 Mobile/8B117 Safari/6531.22.7 (compatible; Googlebot-Mobile/2.1; +http://www.google.com/bot.html)"
81.144.138.34 - - [01/Apr/2013:18:04:47 +0200] "GET /robots.txt HTTP/1.1" 404 1181 "-" "Wotbox/2.01 (+http://www.wotbox.com/bot/)"
81.144.138.34 - - [01/Apr/2013:18:04:58 +0200] "GET / HTTP/1.1" 200 42122 "-" "Wotbox/2.01 (+http://www.wotbox.com/bot/)"
81.144.138.34 - - [01/Apr/2013:18:05:04 +0200] "GET /index.htm HTTP/1.1" 200 42122 "-" "Wotbox/2.01 (+http://www.wotbox.com/bot/)"
81.144.138.34 - - [01/Apr/2013:18:05:11 +0200] "GET /magunkrol.htm HTTP/1.1" 200 9202 "-" "Wotbox/2.01 (+http://www.wotbox.com/bot/)"
81.144.138.34 - - [01/Apr/2013:18:05:16 +0200] "GET /programok.htm HTTP/1.1" 200 6444 "-" "Wotbox/2.01 (+http://www.wotbox.com/bot/)"
81.144.138.34 - - [01/Apr/2013:18:05:22 +0200] "GET /kapcsolat.htm HTTP/1.1" 200 6889 "-" "Wotbox/2.01 (+http://www.wotbox.com/bot/)"
81.144.138.34 - - [01/Apr/2013:18:05:28 +0200] "GET /media.htm HTTP/1.1" 200 5208 "-" "Wotbox/2.01 (+http://www.wotbox.com/bot/)"
81.144.138.34 - - [01/Apr/2013:18:05:34 +0200] "GET /english/index.htm HTTP/1.1" 200 5262 "-" "Wotbox/2.01 (+http://www.wotbox.com/bot/)"
81.144.138.34 - - [01/Apr/2013:18:05:40 +0200] "GET /deutsch/index.htm HTTP/1.1" 200 5324 "-" "Wotbox/2.01 (+http://www.wotbox.com/bot/)"
81.144.138.34 - - [01/Apr/2013:18:05:45 +0200] "GET /jog HTTP/1.1" 301 311 "-" "Wotbox/2.01 (+http://www.wotbox.com/bot/)"
81.144.138.34 - - [01/Apr/2013:18:05:51 +0200] "GET /fiok/index.html HTTP/1.1" 200 20554 "-" "Wotbox/2.01 (+http://www.wotbox.com/bot/)"
81.144.138.34 - - [01/Apr/2013:18:05:57 +0200] "GET /hirek/1303203.htm HTTP/1.1" 200 10390 "-" "Wotbox/2.01 (+http://www.wotbox.com/bot/)"
81.144.138.34 - - [01/Apr/2013:18:06:03 +0200] "GET /hirek/1303202.htm HTTP/1.1" 200 13230 "-" "Wotbox/2.01 (+http://www.wotbox.com/bot/)"
81.144.138.34 - - [01/Apr/2013:18:06:09 +0200] "GET /hirek/1303201.htm HTTP/1.1" 200 17308 "-" "Wotbox/2.01 (+http://www.wotbox.com/bot/)"
81.144.138.34 - - [01/Apr/2013:18:06:15 +0200] "GET /hirek/130320.htm HTTP/1.1" 200 11326 "-" "Wotbox/2.01 (+http://www.wotbox.com/bot/)"
81.144.138.34 - - [01/Apr/2013:18:06:22 +0200] "GET /hirek/1303191.htm HTTP/1.1" 200 8910 "-" "Wotbox/2.01 (+http://www.wotbox.com/bot/)"
81.144.138.34 - - [01/Apr/2013:18:06:28 +0200] "GET /hirek/130319.htm HTTP/1.1" 200 12949 "-" "Wotbox/2.01 (+http://www.wotbox.com/bot/)"
81.144.138.34 - - [01/Apr/2013:18:06:33 +0200] "GET /hirek/130313.htm HTTP/1.1" 200 7785 "-" "Wotbox/2.01 (+http://www.wotbox.com/bot/)"
81.144.138.34 - - [01/Apr/2013:18:06:39 +0200] "GET /hirek/1303122.htm HTTP/1.1" 200 7547 "-" "Wotbox/2.01 (+http://www.wotbox.com/bot/)"
81.144.138.34 - - [01/Apr/2013:18:06:45 +0200] "GET /hirek/130312.htm HTTP/1.1" 200 9645 "-" "Wotbox/2.01 (+http://www.wotbox.com/bot/)"
81.144.138.34 - - [01/Apr/2013:18:06:50 +0200] "GET /hirek/1303072.htm HTTP/1.1" 200 9111 "-" "Wotbox/2.01 (+http://www.wotbox.com/bot/)"
81.144.138.34 - - [01/Apr/2013:18:06:56 +0200] "GET /hirek/1303071.htm HTTP/1.1" 200 8749 "-" "Wotbox/2.01 (+http://www.wotbox.com/bot/)"
81.144.138.34 - - [01/Apr/2013:18:07:03 +0200] "GET /hirek/130307.htm HTTP/1.1" 200 12189 "-" "Wotbox/2.01 (+http://www.wotbox.com/bot/)"
81.144.138.34 - - [01/Apr/2013:18:07:09 +0200] "GET /hirek/hirek120207.htm HTTP/1.1" 200 6586 "-" "Wotbox/2.01 (+http://www.wotbox.com/bot/)"
81.144.138.34 - - [01/Apr/2013:18:07:14 +0200] "GET /hirek/hirek120120.htm HTTP/1.1" 200 6634 "-" "Wotbox/2.01 (+http://www.wotbox.com/bot/)"
81.144.138.34 - - [01/Apr/2013:18:07:20 +0200] "GET /hirek/hirek101213.htm HTTP/1.1" 200 8671 "-" "Wotbox/2.01 (+http://www.wotbox.com/bot/)"
81.144.138.34 - - [01/Apr/2013:18:07:26 +0200] "GET /hirek/hirek101027.htm HTTP/1.1" 200 9627 "-" "Wotbox/2.01 (+http://www.wotbox.com/bot/)"
81.144.138.34 - - [01/Apr/2013:18:07:31 +0200] "GET /hirek/hirek101025.htm HTTP/1.1" 200 8786 "-" "Wotbox/2.01 (+http://www.wotbox.com/bot/)"
81.144.138.34 - - [01/Apr/2013:18:07:37 +0200] "GET /hirek/hirek100810.htm HTTP/1.1" 200 8123 "-" "Wotbox/2.01 (+http://www.wotbox.com/bot/)"
81.144.138.34 - - [01/Apr/2013:18:07:43 +0200] "GET /hirek/hirek100804.htm HTTP/1.1" 200 8056 "-" "Wotbox/2.01 (+http://www.wotbox.com/bot/)"
81.144.138.34 - - [01/Apr/2013:18:07:49 +0200] "GET /hirek/hirek100728.htm HTTP/1.1" 200 7560 "-" "Wotbox/2.01 (+http://www.wotbox.com/bot/)"
81.144.138.34 - - [01/Apr/2013:18:07:55 +0200] "GET /hirek/hirek100420.htm HTTP/1.1" 200 7914 "-" "Wotbox/2.01 (+http://www.wotbox.com/bot/)"
81.144.138.34 - - [01/Apr/2013:18:08:01 +0200] "GET /hirek/hirek100305.htm HTTP/1.1" 200 7091 "-" "Wotbox/2.01 (+http://www.wotbox.com/bot/)"
81.144.138.34 - - [01/Apr/2013:18:08:07 +0200] "GET /hirek/hirek100225.htm HTTP/1.1" 200 7288 "-" "Wotbox/2.01 (+http://www.wotbox.com/bot/)"
81.144.138.34 - - [01/Apr/2013:18:08:13 +0200] "GET /hirek/hirek091221.htm HTTP/1.1" 200 6740 "-" "Wotbox/2.01 (+http://www.wotbox.com/bot/)"
81.144.138.34 - - [01/Apr/2013:18:08:19 +0200] "GET /hirek/hirek091103.htm HTTP/1.1" 200 7301 "-" "Wotbox/2.01 (+http://www.wotbox.com/bot/)"
81.144.138.34 - - [01/Apr/2013:18:08:24 +0200] "GET /hirek/hirek091102.htm HTTP/1.1" 200 8538 "-" "Wotbox/2.01 (+http://www.wotbox.com/bot/)"
81.144.138.34 - - [01/Apr/2013:18:08:30 +0200] "GET /hirek/hirek091015.htm HTTP/1.1" 200 7046 "-" "Wotbox/2.01 (+http://www.wotbox.com/bot/)"
81.144.138.34 - - [01/Apr/2013:18:08:36 +0200] "GET /hirarchivum.htm HTTP/1.1" 200 24981 "-" "Wotbox/2.01 (+http://www.wotbox.com/bot/)"
81.144.138.34 - - [01/Apr/2013:18:08:42 +0200] "GET /ncta.htm HTTP/1.1" 200 7221 "-" "Wotbox/2.01 (+http://www.wotbox.com/bot/)"
81.144.138.34 - - [01/Apr/2013:18:08:48 +0200] "GET /jog/index.htm HTTP/1.1" 200 13138 "-" "Wotbox/2.01 (+http://www.wotbox.com/bot/)"
81.144.138.34 - - [01/Apr/2013:18:08:54 +0200] "GET /bunt.htm HTTP/1.1" 200 5683 "-" "Wotbox/2.01 (+http://www.wotbox.com/bot/)"
81.144.138.34 - - [01/Apr/2013:18:09:00 +0200] "GET /szakmai.htm HTTP/1.1" 200 6054 "-" "Wotbox/2.01 (+http://www.wotbox.com/bot/)"
81.144.138.34 - - [01/Apr/2013:18:09:06 +0200] "GET /civilmuhely.htm HTTP/1.1" 200 8450 "-" "Wotbox/2.01 (+http://www.wotbox.com/bot/)"
81.144.138.34 - - [01/Apr/2013:18:09:11 +0200] "GET /nca.htm HTTP/1.1" 200 7467 "-" "Wotbox/2.01 (+http://www.wotbox.com/bot/)"
81.144.138.34 - - [01/Apr/2013:18:09:17 +0200] "GET /nka.htm HTTP/1.1" 200 6221 "-" "Wotbox/2.01 (+http://www.wotbox.com/bot/)"
81.144.138.34 - - [01/Apr/2013:18:09:22 +0200] "GET /khb.htm HTTP/1.1" 200 8719 "-" "Wotbox/2.01 (+http://www.wotbox.com/bot/)"
81.144.138.34 - - [01/Apr/2013:18:09:28 +0200] "GET /english/introduction.htm HTTP/1.1" 200 6502 "-" "Wotbox/2.01 (+http://www.wotbox.com/bot/)"
81.144.138.34 - - [01/Apr/2013:18:09:34 +0200] "GET /english/programs.htm HTTP/1.1" 200 5614 "-" "Wotbox/2.01 (+http://www.wotbox.com/bot/)"
81.144.138.34 - - [01/Apr/2013:18:09:40 +0200] "GET /english/contact.htm HTTP/1.1" 200 4601 "-" "Wotbox/2.01 (+http://www.wotbox.com/bot/)"
81.144.138.34 - - [01/Apr/2013:18:09:46 +0200] "GET /deutsch/stellen.htm HTTP/1.1" 200 6824 "-" "Wotbox/2.01 (+http://www.wotbox.com/bot/)"
81.144.138.34 - - [01/Apr/2013:18:09:52 +0200] "GET /deutsch/programme.htm HTTP/1.1" 200 6045 "-" "Wotbox/2.01 (+http://www.wotbox.com/bot/)"
81.144.138.34 - - [01/Apr/2013:18:09:58 +0200] "GET /deutsch/kontakt.htm HTTP/1.1" 200 4769 "-" "Wotbox/2.01 (+http://www.wotbox.com/bot/)"
81.144.138.34 - - [01/Apr/2013:18:10:03 +0200] "GET /jog/ HTTP/1.1" 200 13138 "-" "Wotbox/2.01 (+http://www.wotbox.com/bot/)"
81.144.138.34 - - [01/Apr/2013:18:10:09 +0200] "GET /fiok/fiok.html HTTP/1.1" 200 15503 "-" "Wotbox/2.01 (+http://www.wotbox.com/bot/)"
81.144.138.34 - - [01/Apr/2013:18:10:16 +0200] "GET /fiok/news.html HTTP/1.1" 404 1181 "-" "Wotbox/2.01 (+http://www.wotbox.com/bot/)"
81.144.138.34 - - [01/Apr/2013:18:10:22 +0200] "GET /fiok/images/nevadonk.JPG HTTP/1.1" 200 56167 "-" "Wotbox/2.01 (+http://www.wotbox.com/bot/)"
81.144.138.34 - - [01/Apr/2013:18:10:28 +0200] "GET /fiok/mult.htm HTTP/1.1" 200 23227 "-" "Wotbox/2.01 (+http://www.wotbox.com/bot/)"
81.144.138.34 - - [01/Apr/2013:18:10:33 +0200] "GET /fiok/programok.htm HTTP/1.1" 200 18165 "-" "Wotbox/2.01 (+http://www.wotbox.com/bot/)"
81.144.138.34 - - [01/Apr/2013:18:10:39 +0200] "GET /fiok/kornyezet.htm HTTP/1.1" 200 22582 "-" "Wotbox/2.01 (+http://www.wotbox.com/bot/)"
81.144.138.34 - - [01/Apr/2013:18:10:44 +0200] "GET /fiok/gazdasag.htm HTTP/1.1" 200 22480 "-" "Wotbox/2.01 (+http://www.wotbox.com/bot/)"
81.144.138.34 - - [01/Apr/2013:18:10:49 +0200] "GET /fiok/kapcsolat.htm HTTP/1.1" 200 17416 "-" "Wotbox/2.01 (+http://www.wotbox.com/bot/)"
81.144.138.34 - - [01/Apr/2013:18:10:55 +0200] "GET /hirek/fiok/index.html HTTP/1.1" 404 1181 "-" "Wotbox/2.01 (+http://www.wotbox.com/bot/)"
81.144.138.34 - - [01/Apr/2013:18:11:01 +0200] "GET /hirek/printscreenek/oktatokozpont.JPG HTTP/1.1" 200 119626 "-" "Wotbox/2.01 (+http://www.wotbox.com/bot/)"
81.144.138.34 - - [01/Apr/2013:18:11:07 +0200] "GET /hirek/Natura_2000es_gyepgazdalkodas_eloirasai.ppt HTTP/1.1" 200 15563 "-" "Wotbox/2.01 (+http://www.wotbox.com/bot/)"
81.144.138.34 - - [01/Apr/2013:18:11:12 +0200] "GET /hirek/hirek090930.htm HTTP/1.1" 200 7044 "-" "Wotbox/2.01 (+http://www.wotbox.com/bot/)"
81.144.138.34 - - [01/Apr/2013:18:11:17 +0200] "GET /hirek/hirek090619.htm HTTP/1.1" 200 7871 "-" "Wotbox/2.01 (+http://www.wotbox.com/bot/)"
81.144.138.34 - - [01/Apr/2013:18:11:22 +0200] "GET /hirek/hirek090605.htm HTTP/1.1" 200 7994 "-" "Wotbox/2.01 (+http://www.wotbox.com/bot/)"
81.144.138.34 - - [01/Apr/2013:18:11:28 +0200] "GET /hirek/hirek090602.htm HTTP/1.1" 200 7261 "-" "Wotbox/2.01 (+http://www.wotbox.com/bot/)"
81.144.138.34 - - [01/Apr/2013:18:11:33 +0200] "GET /hirek/hirek090510.htm HTTP/1.1" 200 12743 "-" "Wotbox/2.01 (+http://www.wotbox.com/bot/)"
81.144.138.34 - - [01/Apr/2013:18:11:39 +0200] "GET /hirek/hirek090509.htm HTTP/1.1" 200 7803 "-" "Wotbox/2.01 (+http://www.wotbox.com/bot/)"
81.144.138.34 - - [01/Apr/2013:18:11:45 +0200] "GET /hirek/hirek090428.htm HTTP/1.1" 200 24808 "-" "Wotbox/2.01 (+http://www.wotbox.com/bot/)"
81.144.138.34 - - [01/Apr/2013:18:11:51 +0200] "GET /hirek/hirek090303.htm HTTP/1.1" 200 7721 "-" "Wotbox/2.01 (+http://www.wotbox.com/bot/)"
81.144.138.34 - - [01/Apr/2013:18:11:56 +0200] "GET /hirek/hirek090302.htm HTTP/1.1" 200 8452 "-" "Wotbox/2.01 (+http://www.wotbox.com/bot/)"
81.144.138.34 - - [01/Apr/2013:18:12:02 +0200] "GET /hirek/hirek090301.htm HTTP/1.1" 200 7022 "-" "Wotbox/2.01 (+http://www.wotbox.com/bot/)"
81.144.138.34 - - [01/Apr/2013:18:12:07 +0200] "GET /hirek/hirek09_03.htm HTTP/1.1" 200 10810 "-" "Wotbox/2.01 (+http://www.wotbox.com/bot/)"
81.144.138.34 - - [01/Apr/2013:18:12:13 +0200] "GET /hirek09_03.htm HTTP/1.1" 200 10726 "-" "Wotbox/2.01 (+http://www.wotbox.com/bot/)"
81.144.138.34 - - [01/Apr/2013:18:12:18 +0200] "GET /hirek/hirek090215.htm HTTP/1.1" 200 9398 "-" "Wotbox/2.01 (+http://www.wotbox.com/bot/)"
81.144.138.34 - - [01/Apr/2013:18:12:24 +0200] "GET /hirek09_02.htm HTTP/1.1" 200 7450 "-" "Wotbox/2.01 (+http://www.wotbox.com/bot/)"
81.144.138.34 - - [01/Apr/2013:18:12:29 +0200] "GET /hirek/hirek09_02.htm HTTP/1.1" 200 7534 "-" "Wotbox/2.01 (+http://www.wotbox.com/bot/)"
81.144.138.34 - - [01/Apr/2013:18:12:35 +0200] "GET /hirek09_01.htm HTTP/1.1" 200 6841 "-" "Wotbox/2.01 (+http://www.wotbox.com/bot/)"
81.144.138.34 - - [01/Apr/2013:18:12:40 +0200] "GET /hirek/hirek09_01.htm HTTP/1.1" 200 6925 "-" "Wotbox/2.01 (+http://www.wotbox.com/bot/)"
81.144.138.34 - - [01/Apr/2013:18:12:46 +0200] "GET /hirek08_12.htm HTTP/1.1" 200 8268 "-" "Wotbox/2.01 (+http://www.wotbox.com/bot/)"
81.144.138.34 - - [01/Apr/2013:18:12:52 +0200] "GET /hirek/hirek08_12.htm HTTP/1.1" 200 8352 "-" "Wotbox/2.01 (+http://www.wotbox.com/bot/)"
81.144.138.34 - - [01/Apr/2013:18:12:57 +0200] "GET /hirek08_11.htm HTTP/1.1" 200 7253 "-" "Wotbox/2.01 (+http://www.wotbox.com/bot/)"
81.144.138.34 - - [01/Apr/2013:18:13:02 +0200] "GET /hirek/hirek08_11.htm HTTP/1.1" 200 7337 "-" "Wotbox/2.01 (+http://www.wotbox.com/bot/)"
81.144.138.34 - - [01/Apr/2013:18:13:08 +0200] "GET /hirek08_10.htm HTTP/1.1" 200 6946 "-" "Wotbox/2.01 (+http://www.wotbox.com/bot/)"
81.144.138.34 - - [01/Apr/2013:18:13:13 +0200] "GET /hirek/hirek08_10.htm HTTP/1.1" 200 7030 "-" "Wotbox/2.01 (+http://www.wotbox.com/bot/)"
81.144.138.34 - - [01/Apr/2013:18:13:19 +0200] "GET /ncta_a.htm HTTP/1.1" 200 7260 "-" "Wotbox/2.01 (+http://www.wotbox.com/bot/)"
81.144.138.34 - - [01/Apr/2013:18:13:25 +0200] "GET /jog/eseteink.htm HTTP/1.1" 200 17277 "-" "Wotbox/2.01 (+http://www.wotbox.com/bot/)"
81.144.138.34 - - [01/Apr/2013:18:13:30 +0200] "GET /jog/tippek.htm HTTP/1.1" 200 13697 "-" "Wotbox/2.01 (+http://www.wotbox.com/bot/)"
81.144.138.34 - - [01/Apr/2013:18:13:35 +0200] "GET /jog/eljarasokrol.htm HTTP/1.1" 200 14427 "-" "Wotbox/2.01 (+http://www.wotbox.com/bot/)"
81.144.138.34 - - [01/Apr/2013:18:13:41 +0200] "GET /jog/adathozzaferes.htm HTTP/1.1" 200 13800 "-" "Wotbox/2.01 (+http://www.wotbox.com/bot/)"
81.144.138.34 - - [01/Apr/2013:18:13:47 +0200] "GET /jog/ugyfeljogok.htm HTTP/1.1" 200 14279 "-" "Wotbox/2.01 (+http://www.wotbox.com/bot/)"
81.144.138.34 - - [01/Apr/2013:18:13:52 +0200] "GET /jog/eljaraskezd.htm HTTP/1.1" 200 13730 "-" "Wotbox/2.01 (+http://www.wotbox.com/bot/)"
81.144.138.34 - - [01/Apr/2013:18:13:58 +0200] "GET /jog/tarseljarasok.htm HTTP/1.1" 200 13316 "-" "Wotbox/2.01 (+http://www.wotbox.com/bot/)"
81.144.138.34 - - [01/Apr/2013:18:14:03 +0200] "GET /jog/rendorsegifeljelentes.htm HTTP/1.1" 200 13536 "-" "Wotbox/2.01 (+http://www.wotbox.com/bot/)"
81.144.138.34 - - [01/Apr/2013:18:14:09 +0200] "GET /jog/ugyeszsegek.htm HTTP/1.1" 200 13810 "-" "Wotbox/2.01 (+http://www.wotbox.com/bot/)"
81.144.138.34 - - [01/Apr/2013:18:14:14 +0200] "GET /jog/zoldombudsman.htm HTTP/1.1" 200 13369 "-" "Wotbox/2.01 (+http://www.wotbox.com/bot/)"
81.144.138.34 - - [01/Apr/2013:18:14:19 +0200] "GET /jog/polgariper.htm HTTP/1.1" 200 13964 "-" "Wotbox/2.01 (+http://www.wotbox.com/bot/)"
81.144.138.34 - - [01/Apr/2013:18:14:25 +0200] "GET /jog/slapp.htm HTTP/1.1" 200 21314 "-" "Wotbox/2.01 (+http://www.wotbox.com/bot/)"
81.144.138.34 - - [01/Apr/2013:18:14:30 +0200] "GET /jog/publikaciok.htm HTTP/1.1" 200 17866 "-" "Wotbox/2.01 (+http://www.wotbox.com/bot/)"
81.144.138.34 - - [01/Apr/2013:18:14:35 +0200] "GET /jog/jogihatter.htm HTTP/1.1" 200 18691 "-" "Wotbox/2.01 (+http://www.wotbox.com/bot/)"
81.144.138.34 - - [01/Apr/2013:18:14:41 +0200] "GET /jog/jogsegely.htm HTTP/1.1" 200 14053 "-" "Wotbox/2.01 (+http://www.wotbox.com/bot/)"
81.144.138.34 - - [01/Apr/2013:18:14:46 +0200] "GET /jog/tapasztalatszerzok.htm HTTP/1.1" 200 12148 "-" "Wotbox/2.01 (+http://www.wotbox.com/bot/)"
81.144.138.34 - - [01/Apr/2013:18:14:52 +0200] "GET /nca04.htm HTTP/1.1" 200 16378 "-" "Wotbox/2.01 (+http://www.wotbox.com/bot/)"
81.144.138.34 - - [01/Apr/2013:18:14:57 +0200] "GET /nca05.htm HTTP/1.1" 200 16412 "-" "Wotbox/2.01 (+http://www.wotbox.com/bot/)"
81.144.138.34 - - [01/Apr/2013:18:15:03 +0200] "GET /nca06.htm HTTP/1.1" 200 19034 "-" "Wotbox/2.01 (+http://www.wotbox.com/bot/)"
81.144.138.34 - - [01/Apr/2013:18:15:08 +0200] "GET /nca07.htm HTTP/1.1" 200 21968 "-" "Wotbox/2.01 (+http://www.wotbox.com/bot/)"
81.144.138.34 - - [01/Apr/2013:18:15:14 +0200] "GET /nca08.htm HTTP/1.1" 200 21795 "-" "Wotbox/2.01 (+http://www.wotbox.com/bot/)"
81.144.138.34 - - [01/Apr/2013:18:15:20 +0200] "GET /nca09.htm HTTP/1.1" 200 24315 "-" "Wotbox/2.01 (+http://www.wotbox.com/bot/)"
81.144.138.34 - - [01/Apr/2013:18:15:25 +0200] "GET /nca10.htm HTTP/1.1" 200 16648 "-" "Wotbox/2.01 (+http://www.wotbox.com/bot/)"
81.144.138.34 - - [01/Apr/2013:18:15:31 +0200] "GET /nca11.htm HTTP/1.1" 200 7133 "-" "Wotbox/2.01 (+http://www.wotbox.com/bot/)"
81.144.138.34 - - [01/Apr/2013:18:15:36 +0200] "GET /kiadvanyok.htm HTTP/1.1" 200 8206 "-" "Wotbox/2.01 (+http://www.wotbox.com/bot/)"
81.144.138.34 - - [01/Apr/2013:18:15:42 +0200] "GET /fiok/oktatokozpont/01.JPG HTTP/1.1" 200 320996 "-" "Wotbox/2.01 (+http://www.wotbox.com/bot/)"
81.144.138.34 - - [01/Apr/2013:18:15:48 +0200] "GET /fiok/oktatokozpont/02.JPG HTTP/1.1" 200 284929 "-" "Wotbox/2.01 (+http://www.wotbox.com/bot/)"
199.30.20.69 - - [01/Apr/2013:18:18:04 +0200] "GET /robots.txt HTTP/1.1" 404 1181 "-" "msnbot-media/1.1 (+http://search.msn.com/msnbot.htm)"
199.30.20.69 - - [01/Apr/2013:18:18:05 +0200] "GET /jog/eseteink/audi/gyor,%20hungary%20-%20audi_.jpg HTTP/1.1" 200 6870 "-" "msnbot-media/1.1 (+http://search.msn.com/msnbot.htm)"
66.249.78.60 - - [01/Apr/2013:18:31:48 +0200] "GET /jog/eseteink/korosladany/index.htm HTTP/1.1" 304 - "-" "Mozilla/5.0 (iPhone; U; CPU iPhone OS 4_1 like Mac OS X; en-us) AppleWebKit/532.9 (KHTML, like Gecko) Version/4.0.5 Mobile/8B117 Safari/6531.22.7 (compatible; Googlebot-Mobile/2.1; +http://www.google.com/bot.html)"
77.88.42.27 - - [01/Apr/2013:18:37:14 +0200] "GET /jog/img/320/sargarigo2.jpg HTTP/1.1" 304 - "-" "Mozilla/5.0 (compatible; YandexImages/3.0; +http://yandex.com/bots)"
66.249.78.60 - - [01/Apr/2013:18:53:05 +0200] "GET /hirek/1303122.htm HTTP/1.1" 200 7547 "-" "Mozilla/5.0 (iPhone; U; CPU iPhone OS 4_1 like Mac OS X; en-us) AppleWebKit/532.9 (KHTML, like Gecko) Version/4.0.5 Mobile/8B117 Safari/6531.22.7 (compatible; Googlebot-Mobile/2.1; +http://www.google.com/bot.html)"
199.30.16.29 - - [01/Apr/2013:19:04:22 +0200] "GET /robots.txt HTTP/1.1" 404 1181 "-" "msnbot-media/1.1 (+http://search.msn.com/msnbot.htm)"
199.30.16.29 - - [01/Apr/2013:19:04:22 +0200] "GET /jog/eseteink/korosladany/kepek/img_3a_.jpg HTTP/1.1" 200 7788 "-" "msnbot-media/1.1 (+http://search.msn.com/msnbot.htm)"
86.163.163.254 - - [01/Apr/2013:19:05:14 +0200] "GET /jog/pub/fuzet_beliv_jav2angol.pdf HTTP/1.1" 200 811793 "http://www.google.co.uk/url?sa=t&rct=j&q=&esrc=s&source=web&cd=1&ved=0CDIQFjAA&url=http%3A%2F%2Fwww.beklen.hu%2Fjog%2Fpub%2Ffuzet_beliv_jav2angol.pdf&ei=Nb5ZUfnZOYnZOu-xgMAF&usg=AFQjCNHJLYsRNzQmAhTA8pC8TuEWhOiFmw&sig2=DAnnw9_uCIoV3oVvVgRdDg&bvm=bv.44442042,d.ZWU" "Mozilla/5.0 (Windows NT 6.1; WOW64; rv:19.0) Gecko/20100101 Firefox/19.0"
208.115.113.84 - - [01/Apr/2013:20:17:13 +0200] "GET /robots.txt HTTP/1.1" 404 1181 "-" "Mozilla/5.0 (compatible; Ezooms/1.0; ezooms.bot@gmail.com)"
66.249.78.60 - - [01/Apr/2013:20:33:29 +0200] "GET /jog/pub/fuzet_beliv_jav2angol.pdf HTTP/1.1" 200 811793 "-" "Mozilla/5.0 (compatible; Googlebot/2.1; +http://www.google.com/bot.html)"
208.115.113.84 - - [01/Apr/2013:20:37:00 +0200] "GET /jog/ HTTP/1.1" 200 13138 "-" "Mozilla/5.0 (compatible; Ezooms/1.0; ezooms.bot@gmail.com)"
37.140.141.19 - - [01/Apr/2013:20:49:12 +0200] "GET /robots.txt HTTP/1.1" 404 1181 "-" "Mozilla/5.0 (compatible; YandexImages/3.0; +http://yandex.com/bots)"
66.249.78.60 - - [01/Apr/2013:20:55:26 +0200] "GET /jog/pub/+jog_jav.pdf HTTP/1.1" 304 - "-" "Mozilla/5.0 (iPhone; U; CPU iPhone OS 4_1 like Mac OS X; en-us) AppleWebKit/532.9 (KHTML, like Gecko) Version/4.0.5 Mobile/8B117 Safari/6531.22.7 (compatible; Googlebot-Mobile/2.1; +http://www.google.com/bot.html)"
66.249.78.60 - - [01/Apr/2013:21:00:37 +0200] "GET /hirek/130313.htm HTTP/1.1" 200 7785 "-" "Mozilla/5.0 (iPhone; U; CPU iPhone OS 4_1 like Mac OS X; en-us) AppleWebKit/532.9 (KHTML, like Gecko) Version/4.0.5 Mobile/8B117 Safari/6531.22.7 (compatible; Googlebot-Mobile/2.1; +http://www.google.com/bot.html)"
66.249.78.60 - - [01/Apr/2013:21:04:57 +0200] "GET / HTTP/1.1" 200 42122 "-" "Mozilla/5.0 (compatible; Googlebot/2.1; +http://www.google.com/bot.html)"
180.76.6.222 - - [01/Apr/2013:21:31:06 +0200] "GET /fiok/program_reszek/erdei_iskola.htm HTTP/1.1" 200 21601 "-" "Mozilla/5.0 (compatible; Baiduspider/2.0; +http://www.baidu.com/search/spider.html)"
66.249.78.60 - - [01/Apr/2013:21:54:58 +0200] "GET /jog/eseteink/kavicszatony/bfnpi%20fellebbezese%20mura%20kotras%20vj%20eng.pdf HTTP/1.1" 200 219591 "-" "Mozilla/5.0 (compatible; Googlebot/2.1; +http://www.google.com/bot.html)"
208.115.113.84 - - [01/Apr/2013:22:13:42 +0200] "GET /jog/jogsegely.htm HTTP/1.1" 200 14053 "-" "Mozilla/5.0 (compatible; Ezooms/1.0; ezooms.bot@gmail.com)"
66.249.78.60 - - [01/Apr/2013:22:48:59 +0200] "GET /jog/ HTTP/1.1" 304 - "-" "Mozilla/5.0 (iPhone; U; CPU iPhone OS 4_1 like Mac OS X; en-us) AppleWebKit/532.9 (KHTML, like Gecko) Version/4.0.5 Mobile/8B117 Safari/6531.22.7 (compatible; Googlebot-Mobile/2.1; +http://www.google.com/bot.html)"
66.249.78.60 - - [01/Apr/2013:23:24:15 +0200] "GET /hirek/130319.htm HTTP/1.1" 200 12949 "-" "Mozilla/5.0 (iPhone; U; CPU iPhone OS 4_1 like Mac OS X; en-us) AppleWebKit/532.9 (KHTML, like Gecko) Version/4.0.5 Mobile/8B117 Safari/6531.22.7 (compatible; Googlebot-Mobile/2.1; +http://www.google.com/bot.html)"
66.249.78.60 - - [01/Apr/2013:23:31:48 +0200] "GET /jog/eseteink/derekegyhaza/tajekoztatas_keres_mszh_kozp.pdf HTTP/1.1" 200 119925 "-" "Mozilla/5.0 (compatible; Googlebot/2.1; +http://www.google.com/bot.html)"
139.18.2.209 - - [01/Apr/2013:23:35:10 +0200] "GET /magunkrol.htm HTTP/1.1" 200 9202 "-" "findlinks/2.6 (+http://wortschatz.uni-leipzig.de/findlinks/)"
66.249.78.60 - - [02/Apr/2013:00:09:41 +0200] "GET /hirek/1303071.htm HTTP/1.1" 200 8749 "-" "SAMSUNG-SGH-E250/1.0 Profile/MIDP-2.0 Configuration/CLDC-1.1 UP.Browser/6.2.3.3.c.1.101 (GUI) MMP/2.0 (compatible; Googlebot-Mobile/2.1; +http://www.google.com/bot.html)"
208.115.113.84 - - [02/Apr/2013:00:20:20 +0200] "GET /robots.txt HTTP/1.1" 404 1181 "-" "Mozilla/5.0 (compatible; Ezooms/1.0; ezooms.bot@gmail.com)"
66.249.78.60 - - [02/Apr/2013:00:44:32 +0200] "GET /jog/eseteink/korosladany/fellebbezes_kv_engedly.doc.pdf HTTP/1.1" 200 156678 "-" "Mozilla/5.0 (compatible; Googlebot/2.1; +http://www.google.com/bot.html)"
66.249.75.200 - - [02/Apr/2013:00:46:23 +0200] "GET /hirek/1303071.htm HTTP/1.1" 200 8749 "-" "DoCoMo/2.0 N905i(c100;TB;W24H16) (compatible; Googlebot-Mobile/2.1; +http://www.google.com/bot.html)"
136.169.10.10 - - [02/Apr/2013:01:07:16 +0200] "GET /robots.txt HTTP/1.0" 404 1181 "-" "Mozilla/4.0 (compatible; MSIE 6.0; Windows NT 5.0) (larbin@unspecified.mail)"
66.249.78.60 - - [02/Apr/2013:01:09:27 +0200] "GET /jog/eseteink/kavicszatony/mura_bejelentes.pdf HTTP/1.1" 200 161377 "-" "Mozilla/5.0 (compatible; Googlebot/2.1; +http://www.google.com/bot.html)"
136.169.10.10 - - [02/Apr/2013:01:21:41 +0200] "GET /fiok/ HTTP/1.0" 200 20554 "-" "Mozilla/4.0 (compatible; MSIE 6.0; Windows NT 5.0) larbin@unspecified.mail"
139.18.2.209 - - [02/Apr/2013:01:29:46 +0200] "GET /hirek/hirek09_01.htm HTTP/1.1" 200 6925 "-" "findlinks/2.6 (+http://wortschatz.uni-leipzig.de/findlinks/)"
66.249.78.60 - - [02/Apr/2013:01:43:11 +0200] "GET /hirek/1303191.htm HTTP/1.1" 200 8910 "-" "Mozilla/5.0 (iPhone; U; CPU iPhone OS 4_1 like Mac OS X; en-us) AppleWebKit/532.9 (KHTML, like Gecko) Version/4.0.5 Mobile/8B117 Safari/6531.22.7 (compatible; Googlebot-Mobile/2.1; +http://www.google.com/bot.html)"
157.55.32.56 - - [02/Apr/2013:02:03:51 +0200] "GET /robots.txt HTTP/1.1" 404 1181 "-" "Mozilla/5.0 (compatible; bingbot/2.0; +http://www.bing.com/bingbot.htm)"
157.55.32.56 - - [02/Apr/2013:02:07:21 +0200] "GET /jog/tippek.htm HTTP/1.1" 304 - "-" "Mozilla/5.0 (compatible; bingbot/2.0; +http://www.bing.com/bingbot.htm)"
208.115.111.68 - - [02/Apr/2013:02:10:13 +0200] "GET /robots.txt HTTP/1.1" 404 1181 "-" "Mozilla/5.0 (compatible; Ezooms/1.0; ezooms.bot@gmail.com)"
66.249.78.60 - - [02/Apr/2013:02:22:38 +0200] "GET /fiok/programok.htm HTTP/1.1" 304 - "-" "Mozilla/5.0 (compatible; Googlebot/2.1; +http://www.google.com/bot.html)"
208.115.113.84 - - [02/Apr/2013:02:25:44 +0200] "GET /hirek/hirek090619.htm HTTP/1.1" 200 7871 "-" "Mozilla/5.0 (compatible; Ezooms/1.0; ezooms.bot@gmail.com)"
77.88.42.27 - - [02/Apr/2013:03:20:19 +0200] "GET /robots.txt HTTP/1.1" 404 1181 "-" "Mozilla/5.0 (compatible; YandexBot/3.0; +http://yandex.com/bots)"
77.88.42.27 - - [02/Apr/2013:03:20:21 +0200] "GET /hirek/hirek101027.htm HTTP/1.1" 200 9627 "-" "Mozilla/5.0 (compatible; YandexBot/3.0; +http://yandex.com/bots)"
66.249.78.60 - - [02/Apr/2013:03:33:16 +0200] "GET /robots.txt HTTP/1.1" 404 1181 "-" "Mozilla/5.0 (compatible; Googlebot/2.1; +http://www.google.com/bot.html)"
66.249.78.60 - - [02/Apr/2013:03:33:16 +0200] "GET /fiok/kornyezet.htm HTTP/1.1" 304 - "-" "Mozilla/5.0 (iPhone; U; CPU iPhone OS 4_1 like Mac OS X; en-us) AppleWebKit/532.9 (KHTML, like Gecko) Version/4.0.5 Mobile/8B117 Safari/6531.22.7 (compatible; Googlebot-Mobile/2.1; +http://www.google.com/bot.html)"
66.249.78.60 - - [02/Apr/2013:03:58:58 +0200] "GET /jog/eseteink/derekegyhaza/foldhivatalnak_2.pdf HTTP/1.1" 304 - "-" "Mozilla/5.0 (compatible; Googlebot/2.1; +http://www.google.com/bot.html)"
157.55.33.123 - - [02/Apr/2013:04:05:13 +0200] "GET /robots.txt HTTP/1.1" 404 1181 "-" "Mozilla/5.0 (compatible; bingbot/2.0; +http://www.bing.com/bingbot.htm)"
157.55.33.123 - - [02/Apr/2013:04:06:59 +0200] "GET / HTTP/1.1" 200 42122 "-" "Mozilla/5.0 (compatible; bingbot/2.0; +http://www.bing.com/bingbot.htm)"
157.55.33.123 - - [02/Apr/2013:04:07:00 +0200] "GET /magunkrol.htm HTTP/1.1" 200 9202 "-" "Mozilla/5.0 (compatible; bingbot/2.0; +http://www.bing.com/bingbot.htm)"
208.115.113.84 - - [02/Apr/2013:04:15:56 +0200] "GET /robots.txt HTTP/1.1" 404 1181 "-" "Mozilla/5.0 (compatible; Ezooms/1.0; ezooms.bot@gmail.com)"
66.249.78.60 - - [02/Apr/2013:04:19:49 +0200] "GET /hirek/hirek090303.htm HTTP/1.1" 304 - "-" "Mozilla/5.0 (iPhone; U; CPU iPhone OS 4_1 like Mac OS X; en-us) AppleWebKit/532.9 (KHTML, like Gecko) Version/4.0.5 Mobile/8B117 Safari/6531.22.7 (compatible; Googlebot-Mobile/2.1; +http://www.google.com/bot.html)"
66.249.78.60 - - [02/Apr/2013:04:23:59 +0200] "GET /khb/beklen_2011_kh_jelentes.pdf HTTP/1.1" 304 - "-" "Mozilla/5.0 (compatible; Googlebot/2.1; +http://www.google.com/bot.html)"
65.55.24.236 - - [02/Apr/2013:04:25:31 +0200] "GET /hirarchivum.htm HTTP/1.1" 200 24981 "-" "Mozilla/5.0 (compatible; bingbot/2.0; +http://www.bing.com/bingbot.htm)"
66.249.78.60 - - [02/Apr/2013:04:28:13 +0200] "GET /hirek/130320.htm HTTP/1.1" 200 11326 "-" "Mozilla/5.0 (iPhone; U; CPU iPhone OS 4_1 like Mac OS X; en-us) AppleWebKit/532.9 (KHTML, like Gecko) Version/4.0.5 Mobile/8B117 Safari/6531.22.7 (compatible; Googlebot-Mobile/2.1; +http://www.google.com/bot.html)"
208.115.111.68 - - [02/Apr/2013:04:50:48 +0200] "GET /nka.htm HTTP/1.1" 200 6221 "-" "Mozilla/5.0 (compatible; Ezooms/1.0; ezooms.bot@gmail.com)"
180.76.5.20 - - [02/Apr/2013:05:43:12 +0200] "GET /robots.txt HTTP/1.1" 404 1181 "-" "Mozilla/5.0 (Windows NT 5.1; rv:6.0.2) Gecko/20100101 Firefox/6.0.2"
66.249.78.60 - - [02/Apr/2013:05:56:18 +0200] "GET /jog/eseteink/derekegyhaza/biroi_vegzes.pdf HTTP/1.1" 304 - "-" "Mozilla/5.0 (compatible; Googlebot/2.1; +http://www.google.com/bot.html)"
208.115.113.84 - - [02/Apr/2013:06:21:00 +0200] "GET /hirek/hirek09_02.htm HTTP/1.1" 200 7534 "-" "Mozilla/5.0 (compatible; Ezooms/1.0; ezooms.bot@gmail.com)"
66.249.78.60 - - [02/Apr/2013:06:50:44 +0200] "GET /hirek/1303201.htm HTTP/1.1" 200 17308 "-" "Mozilla/5.0 (iPhone; U; CPU iPhone OS 4_1 like Mac OS X; en-us) AppleWebKit/532.9 (KHTML, like Gecko) Version/4.0.5 Mobile/8B117 Safari/6531.22.7 (compatible; Googlebot-Mobile/2.1; +http://www.google.com/bot.html)"
82.144.161.219 - - [02/Apr/2013:07:06:15 +0200] "GET /jog/eseteink/korosladany/index.htm HTTP/1.1" 200 30713 "http://www.google.hu/url?sa=t&rct=j&q=k%C3%B6r%C3%B6slad%C3%A1nyi%20v%C3%ADz%C3%BCgy&source=web&cd=8&ved=0CFkQFjAH&url=http%3A%2F%2Fwww.beklen.hu%2Fjog%2Feseteink%2Fkorosladany%2Findex.htm&ei=uWRaUdatC-b44QSg54HoAg&usg=AFQjCNGT0wR4tDvQ5b6lLEH7B2wVQXySAw&bvm=bv.44442042,d.bGE" "Mozilla/5.0 (Windows NT 5.0; rv:12.0) Gecko/20100101 Firefox/12.0"
82.144.161.219 - - [02/Apr/2013:07:06:15 +0200] "GET /jog/style.css HTTP/1.1" 200 21413 "http://www.beklen.hu/jog/eseteink/korosladany/index.htm" "Mozilla/5.0 (Windows NT 5.0; rv:12.0) Gecko/20100101 Firefox/12.0"
