66.249.78.58 - - [28/Dec/2012:05:41:52 +0100] "GET /kiadvany/miskolchelyivedett.pdf HTTP/1.1" 304 - "-" "Mozilla/5.0 (compatible; Googlebot/2.1; +http://www.google.com/bot.html)"
91.223.75.117 - - [28/Dec/2012:06:13:14 +0100] "GET / HTTP/1.1" 200 884 "http://www.artinet.ru/" "Mozilla/4.0 (compatible; MSIE 6.0; Windows NT 5.1; en) Opera 9.0"
91.223.75.117 - - [28/Dec/2012:06:13:14 +0100] "GET / HTTP/1.1" 200 884 "http://www.artinet.ru/" "Mozilla/4.0 (compatible; MSIE 6.0; Windows NT 5.1; en) Opera 9.0"
157.55.33.81 - - [28/Dec/2012:06:22:31 +0100] "GET /robots.txt HTTP/1.1" 404 1181 "-" "Mozilla/5.0 (compatible; bingbot/2.0; +http://www.bing.com/bingbot.htm)"
65.55.211.195 - - [28/Dec/2012:06:24:23 +0100] "GET / HTTP/1.1" 200 884 "-" "Mozilla/5.0 (Windows NT 6.1; WOW64) AppleWebKit/534+ (KHTML, like Gecko) BingPreview/1.0b"
66.249.75.57 - - [28/Dec/2012:06:31:49 +0100] "GET /kiadvany/riport.pdf HTTP/1.1" 200 1048785 "-" "Mozilla/5.0 (compatible; Googlebot/2.1; +http://www.google.com/bot.html)"
91.223.75.118 - - [28/Dec/2012:06:39:12 +0100] "GET / HTTP/1.1" 200 884 "http://wmcash-change.com/" "Mozilla/4.0 (compatible; MSIE 5.5; Windows NT 5.0; .NET CLR 1.1.4322)"
91.223.75.118 - - [28/Dec/2012:06:39:12 +0100] "GET / HTTP/1.1" 200 884 "http://wmcash-change.com/" "Mozilla/4.0 (compatible; MSIE 5.5; Windows NT 5.0; .NET CLR 1.1.4322)"
65.55.215.60 - - [28/Dec/2012:06:57:58 +0100] "GET /robots.txt HTTP/1.1" 404 1181 "-" "msnbot-media/1.1 (+http://search.msn.com/msnbot.htm)"
65.55.215.60 - - [28/Dec/2012:06:57:59 +0100] "GET /aktualis_elemei/belvarosk_elemei/image003.jpg HTTP/1.1" 200 66931 "-" "msnbot-media/1.1 (+http://search.msn.com/msnbot.htm)"
66.249.75.57 - - [28/Dec/2012:07:34:06 +0100] "GET /hirek/F%C3%B6ld%20Napja%20Hete%202011.%20programt%C3%A1bl%C3%A1zat.pdf HTTP/1.1" 404 1181 "-" "DoCoMo/2.0 N905i(c100;TB;W24H16) (compatible; Googlebot-Mobile/2.1; +http://www.google.com/bot.html)"
157.55.33.81 - - [28/Dec/2012:08:08:45 +0100] "GET /robots.txt HTTP/1.1" 404 1181 "-" "Mozilla/5.0 (compatible; bingbot/2.0; +http://www.bing.com/bingbot.htm)"
157.55.33.81 - - [28/Dec/2012:08:10:27 +0100] "GET / HTTP/1.1" 200 884 "-" "Mozilla/5.0 (compatible; bingbot/2.0; +http://www.bing.com/bingbot.htm)"
178.33.142.53 - - [28/Dec/2012:08:20:20 +0100] "HEAD / HTTP/1.0" 200 0 "-" "Mozilla/5.0 (compatible; 4SeoHuntBot; +http://4seohunt.com/bot.html)"
178.33.142.53 - - [28/Dec/2012:08:20:20 +0100] "GET / HTTP/1.0" 200 884 "-" "Mozilla/5.0 (compatible; 4SeoHuntBot; +http://4seohunt.com/bot.html)"
66.249.75.57 - - [28/Dec/2012:08:21:16 +0100] "GET /hirek/F%C3%B6ld%20Napja%20Hete%202011.%20programt%C3%A1bl%C3%A1zat.pdf HTTP/1.1" 404 1181 "-" "SAMSUNG-SGH-E250/1.0 Profile/MIDP-2.0 Configuration/CLDC-1.1 UP.Browser/6.2.3.3.c.1.101 (GUI) MMP/2.0 (compatible; Googlebot-Mobile/2.1; +http://www.google.com/bot.html)"
217.69.133.70 - - [28/Dec/2012:10:35:28 +0100] "GET / HTTP/1.0" 200 884 "-" "Mozilla/5.0 (compatible; Mail.RU_Bot/2.0; +http://go.mail.ru/help/robots)"
207.46.194.144 - - [28/Dec/2012:11:23:20 +0100] "GET /robots.txt HTTP/1.1" 404 1181 "-" "msnbot-media/1.1 (+http://search.msn.com/msnbot.htm)"
207.46.194.144 - - [28/Dec/2012:11:23:20 +0100] "GET /aktualis_elemei/bio2szulinap_elemei/image138.jpg HTTP/1.1" 200 9822 "-" "msnbot-media/1.1 (+http://search.msn.com/msnbot.htm)"
180.76.5.50 - - [28/Dec/2012:11:27:14 +0100] "GET /robots.txt HTTP/1.1" 404 1181 "-" "Mozilla/5.0 (Windows NT 5.1; rv:6.0.2) Gecko/20100101 Firefox/6.0.2"
84.3.69.25 - - [28/Dec/2012:11:27:34 +0100] "GET /kiadvany/delbukk.pdf HTTP/1.1" 200 198171 "http://www.google.hu/url?sa=t&rct=j&q=b%C3%BCkk%20hegys%C3%A9g%20term%C3%A9szeti%20%C3%A9rt%C3%A9kei&source=web&cd=1&ved=0CC8QFjAA&url=http%3A%2F%2Fwww.greenaction.hu%2Fkiadvany%2Fdelbukk.pdf&ei=DXTdUK-LKYyN4gTDlICQDQ&usg=AFQjCNECE6buDtmZSspSqd-_6mQ0nNiDmA&bvm=bv.1355534169,d.Yms" "Mozilla/5.0 (Windows NT 6.0) AppleWebKit/537.11 (KHTML, like Gecko) Chrome/23.0.1271.97 Safari/537.11"
84.3.69.25 - - [28/Dec/2012:11:27:34 +0100] "GET /favicon.ico HTTP/1.1" 404 1181 "-" "Mozilla/5.0 (Windows NT 6.0) AppleWebKit/537.11 (KHTML, like Gecko) Chrome/23.0.1271.97 Safari/537.11"
84.3.69.25 - - [28/Dec/2012:11:27:34 +0100] "GET /kiadvany/delbukk.pdf HTTP/1.1" 206 32768 "http://www.greenaction.hu/kiadvany/delbukk.pdf" "Mozilla/5.0 (Windows NT 6.0) AppleWebKit/537.11 (KHTML, like Gecko) Chrome/23.0.1271.97 Safari/537.11"
84.3.69.25 - - [28/Dec/2012:11:27:36 +0100] "GET /kiadvany/delbukk.pdf HTTP/1.1" 206 1507817 "http://www.greenaction.hu/kiadvany/delbukk.pdf" "Mozilla/5.0 (Windows NT 6.0) AppleWebKit/537.11 (KHTML, like Gecko) Chrome/23.0.1271.97 Safari/537.11"
84.3.69.25 - - [28/Dec/2012:11:27:42 +0100] "GET /favicon.ico HTTP/1.1" 404 1181 "-" "Mozilla/5.0 (Windows NT 6.0) AppleWebKit/537.11 (KHTML, like Gecko) Chrome/23.0.1271.97 Safari/537.11"
65.52.109.108 - - [28/Dec/2012:12:13:34 +0100] "GET /robots.txt HTTP/1.1" 404 1181 "-" "msnbot-media/1.1 (+http://search.msn.com/msnbot.htm)"
65.52.109.108 - - [28/Dec/2012:12:13:34 +0100] "GET /aktualis_elemei/bio2szulinap_elemei/image110.jpg HTTP/1.1" 200 8760 "-" "msnbot-media/1.1 (+http://search.msn.com/msnbot.htm)"
91.104.194.144 - - [28/Dec/2012:12:36:35 +0100] "GET /aktualis_elemei/bio2szulinap_elemei/image006.jpg HTTP/1.1" 200 9889 "http://www.greenaction.hu/aktualis_elemei/bio2szulinap.html" "Mozilla/5.0 (Symbian/3; Series60/5.4 Nokia700/112.010.1404; Profile/MIDP-2.1 Configuration/CLDC-1.1 ) AppleWebKit/535.1 (KHTML, like Gecko) NokiaBrowser/8.2.1.20 Mobile Safari/535.1 3gpp-gba"
91.104.194.144 - - [28/Dec/2012:12:36:36 +0100] "GET /aktualis_elemei/bio2szulinap.html HTTP/1.1" 200 71694 "http://www.google.hu/search?hl=hu&ie=UTF-8&q=biov%C3%A1s%C3%A1r" "Mozilla/5.0 (Symbian/3; Series60/5.4 Nokia700/112.010.1404; Profile/MIDP-2.1 Configuration/CLDC-1.1 ) AppleWebKit/535.1 (KHTML, like Gecko) NokiaBrowser/8.2.1.20 Mobile Safari/535.1 3gpp-gba"
91.104.194.144 - - [28/Dec/2012:12:36:36 +0100] "GET /aktualis_elemei/bio2szulinap_elemei/image012.jpg HTTP/1.1" 200 11039 "http://www.greenaction.hu/aktualis_elemei/bio2szulinap.html" "Mozilla/5.0 (Symbian/3; Series60/5.4 Nokia700/112.010.1404; Profile/MIDP-2.1 Configuration/CLDC-1.1 ) AppleWebKit/535.1 (KHTML, like Gecko) NokiaBrowser/8.2.1.20 Mobile Safari/535.1 3gpp-gba"
91.104.194.144 - - [28/Dec/2012:12:36:37 +0100] "GET /aktualis_elemei/bio2szulinap_elemei/image024.jpg HTTP/1.1" 200 12405 "http://www.greenaction.hu/aktualis_elemei/bio2szulinap.html" "Mozilla/5.0 (Symbian/3; Series60/5.4 Nokia700/112.010.1404; Profile/MIDP-2.1 Configuration/CLDC-1.1 ) AppleWebKit/535.1 (KHTML, like Gecko) NokiaBrowser/8.2.1.20 Mobile Safari/535.1 3gpp-gba"
91.104.194.144 - - [28/Dec/2012:12:36:37 +0100] "GET /aktualis_elemei/bio2szulinap_elemei/image030.jpg HTTP/1.1" 200 18167 "http://www.greenaction.hu/aktualis_elemei/bio2szulinap.html" "Mozilla/5.0 (Symbian/3; Series60/5.4 Nokia700/112.010.1404; Profile/MIDP-2.1 Configuration/CLDC-1.1 ) AppleWebKit/535.1 (KHTML, like Gecko) NokiaBrowser/8.2.1.20 Mobile Safari/535.1 3gpp-gba"
91.104.194.144 - - [28/Dec/2012:12:36:37 +0100] "GET /aktualis_elemei/bio2szulinap_elemei/image036.jpg HTTP/1.1" 200 13931 "http://www.greenaction.hu/aktualis_elemei/bio2szulinap.html" "Mozilla/5.0 (Symbian/3; Series60/5.4 Nokia700/112.010.1404; Profile/MIDP-2.1 Configuration/CLDC-1.1 ) AppleWebKit/535.1 (KHTML, like Gecko) NokiaBrowser/8.2.1.20 Mobile Safari/535.1 3gpp-gba"
91.104.194.144 - - [28/Dec/2012:12:36:38 +0100] "GET /aktualis_elemei/bio2szulinap_elemei/image042.jpg HTTP/1.1" 200 16066 "http://www.greenaction.hu/aktualis_elemei/bio2szulinap.html" "Mozilla/5.0 (Symbian/3; Series60/5.4 Nokia700/112.010.1404; Profile/MIDP-2.1 Configuration/CLDC-1.1 ) AppleWebKit/535.1 (KHTML, like Gecko) NokiaBrowser/8.2.1.20 Mobile Safari/535.1 3gpp-gba"
91.104.194.144 - - [28/Dec/2012:12:36:38 +0100] "GET /aktualis_elemei/bio2szulinap_elemei/image048.jpg HTTP/1.1" 200 13760 "http://www.greenaction.hu/aktualis_elemei/bio2szulinap.html" "Mozilla/5.0 (Symbian/3; Series60/5.4 Nokia700/112.010.1404; Profile/MIDP-2.1 Configuration/CLDC-1.1 ) AppleWebKit/535.1 (KHTML, like Gecko) NokiaBrowser/8.2.1.20 Mobile Safari/535.1 3gpp-gba"
91.104.194.144 - - [28/Dec/2012:12:36:39 +0100] "GET /aktualis_elemei/bio2szulinap_elemei/image054.jpg HTTP/1.1" 200 10738 "http://www.greenaction.hu/aktualis_elemei/bio2szulinap.html" "Mozilla/5.0 (Symbian/3; Series60/5.4 Nokia700/112.010.1404; Profile/MIDP-2.1 Configuration/CLDC-1.1 ) AppleWebKit/535.1 (KHTML, like Gecko) NokiaBrowser/8.2.1.20 Mobile Safari/535.1 3gpp-gba"
91.104.194.144 - - [28/Dec/2012:12:36:39 +0100] "GET /aktualis_elemei/bio2szulinap_elemei/image060.jpg HTTP/1.1" 200 16684 "http://www.greenaction.hu/aktualis_elemei/bio2szulinap.html" "Mozilla/5.0 (Symbian/3; Series60/5.4 Nokia700/112.010.1404; Profile/MIDP-2.1 Configuration/CLDC-1.1 ) AppleWebKit/535.1 (KHTML, like Gecko) NokiaBrowser/8.2.1.20 Mobile Safari/535.1 3gpp-gba"
91.104.194.144 - - [28/Dec/2012:12:36:40 +0100] "GET /aktualis_elemei/bio2szulinap_elemei/image066.jpg HTTP/1.1" 200 9626 "http://www.greenaction.hu/aktualis_elemei/bio2szulinap.html" "Mozilla/5.0 (Symbian/3; Series60/5.4 Nokia700/112.010.1404; Profile/MIDP-2.1 Configuration/CLDC-1.1 ) AppleWebKit/535.1 (KHTML, like Gecko) NokiaBrowser/8.2.1.20 Mobile Safari/535.1 3gpp-gba"
91.104.194.144 - - [28/Dec/2012:12:36:41 +0100] "GET /aktualis_elemei/bio2szulinap_elemei/image018.gif HTTP/1.1" 200 26581 "http://www.greenaction.hu/aktualis_elemei/bio2szulinap.html" "Mozilla/5.0 (Symbian/3; Series60/5.4 Nokia700/112.010.1404; Profile/MIDP-2.1 Configuration/CLDC-1.1 ) AppleWebKit/535.1 (KHTML, like Gecko) NokiaBrowser/8.2.1.20 Mobile Safari/535.1 3gpp-gba"
81.202.218.106 - - [28/Dec/2012:12:43:20 +0100] "GET / HTTP/1.1" 200 884 "-" "Java/1.7.0_10"
66.249.75.57 - - [28/Dec/2012:13:08:42 +0100] "GET / HTTP/1.1" 200 884 "-" "Mozilla/5.0 (compatible; Googlebot/2.1; +http://www.google.com/bot.html)"
91.83.173.130 - - [28/Dec/2012:13:20:19 +0100] "GET /kiadvany/miskolchvte.pdf HTTP/1.1" 200 2189611 "http://www.google.hu/url?sa=t&rct=j&q=&esrc=s&source=web&cd=1&sqi=2&ved=0CC4QFjAA&url=http%3A%2F%2Fwww.greenaction.hu%2Fkiadvany%2Fmiskolchvte.pdf&ei=bY7dUNvcJMeqtAbCp4DwCw&usg=AFQjCNGWIUxRGMcucacVLAINQMqYg1HESA&sig2=W18MkHjDQ6RIujN05cGapw&bvm=bv.1355534169,d.d2k" "Mozilla/5.0 (Windows NT 6.1; rv:17.0) Gecko/20100101 Firefox/17.0"
157.55.33.81 - - [28/Dec/2012:13:37:50 +0100] "GET /robots.txt HTTP/1.1" 404 1181 "-" "Mozilla/5.0 (compatible; bingbot/2.0; +http://www.bing.com/bingbot.htm)"
157.55.33.81 - - [28/Dec/2012:13:39:52 +0100] "GET / HTTP/1.1" 200 884 "-" "Mozilla/5.0 (compatible; bingbot/2.0; +http://www.bing.com/bingbot.htm)"
66.249.78.58 - - [28/Dec/2012:13:45:47 +0100] "GET /aktualis_elemei/bioarak%2009.07.html HTTP/1.1" 200 504057 "-" "Mozilla/5.0 (compatible; Googlebot/2.1; +http://www.google.com/bot.html)"
80.98.1.57 - - [28/Dec/2012:14:07:38 +0100] "GET / HTTP/1.1" 200 884 "http://litogon.wbh.hu/partner.html" "Mozilla/5.0 (Windows NT 5.1; rv:17.0) Gecko/20100101 Firefox/17.0"
80.98.1.57 - - [28/Dec/2012:14:07:39 +0100] "GET /pattern.jpg HTTP/1.1" 200 13798 "http://www.greenaction.hu/pattern.jpg" "Mozilla/5.0 (Windows NT 5.1; rv:17.0) Gecko/20100101 Firefox/17.0"
80.98.1.57 - - [28/Dec/2012:14:07:40 +0100] "GET /zoldakcio.swf HTTP/1.1" 200 840351 "http://www.greenaction.hu/" "Mozilla/5.0 (Windows NT 5.1; rv:17.0) Gecko/20100101 Firefox/17.0"
80.98.1.57 - - [28/Dec/2012:14:07:40 +0100] "GET /favicon.ico HTTP/1.1" 404 1181 "-" "Mozilla/5.0 (Windows NT 5.1; rv:17.0) Gecko/20100101 Firefox/17.0"
80.98.1.57 - - [28/Dec/2012:14:07:40 +0100] "GET /hirek/hirek.txt HTTP/1.1" 200 96857 "http://www.greenaction.hu/zoldakcio.swf" "Mozilla/5.0 (Windows NT 5.1; rv:17.0) Gecko/20100101 Firefox/17.0"
80.98.1.57 - - [28/Dec/2012:14:07:40 +0100] "GET /banner/norway.jpg HTTP/1.1" 200 3191 "http://www.greenaction.hu/zoldakcio.swf" "Mozilla/5.0 (Windows NT 5.1; rv:17.0) Gecko/20100101 Firefox/17.0"
80.98.1.57 - - [28/Dec/2012:14:07:40 +0100] "GET /esemenynaptar/SparkEventsCalendar_loadVars.txt HTTP/1.1" 200 72712 "http://www.greenaction.hu/zoldakcio.swf" "Mozilla/5.0 (Windows NT 5.1; rv:17.0) Gecko/20100101 Firefox/17.0"
80.98.1.57 - - [28/Dec/2012:14:07:41 +0100] "GET /hirek/biomassza_forum.jpg HTTP/1.1" 200 6616 "http://www.greenaction.hu/zoldakcio.swf" "Mozilla/5.0 (Windows NT 5.1; rv:17.0) Gecko/20100101 Firefox/17.0"
80.98.1.57 - - [28/Dec/2012:14:07:41 +0100] "GET /hirek/helyivedett.jpg HTTP/1.1" 404 1181 "http://www.greenaction.hu/zoldakcio.swf" "Mozilla/5.0 (Windows NT 5.1; rv:17.0) Gecko/20100101 Firefox/17.0"
80.98.1.57 - - [28/Dec/2012:14:07:41 +0100] "GET /hirek/kocsonyabeka.jpg HTTP/1.1" 200 4334 "http://www.greenaction.hu/zoldakcio.swf" "Mozilla/5.0 (Windows NT 5.1; rv:17.0) Gecko/20100101 Firefox/17.0"
80.98.1.57 - - [28/Dec/2012:14:07:41 +0100] "GET /hirek/biomassza2.jpg HTTP/1.1" 404 1181 "http://www.greenaction.hu/zoldakcio.swf" "Mozilla/5.0 (Windows NT 5.1; rv:17.0) Gecko/20100101 Firefox/17.0"
80.98.1.57 - - [28/Dec/2012:14:07:41 +0100] "GET /hirek/gmokrumpli.jpg HTTP/1.1" 200 9110 "http://www.greenaction.hu/zoldakcio.swf" "Mozilla/5.0 (Windows NT 5.1; rv:17.0) Gecko/20100101 Firefox/17.0"
80.98.1.57 - - [28/Dec/2012:14:07:41 +0100] "GET /hirek/beno.jpg HTTP/1.1" 200 2623 "http://www.greenaction.hu/zoldakcio.swf" "Mozilla/5.0 (Windows NT 5.1; rv:17.0) Gecko/20100101 Firefox/17.0"
80.98.1.57 - - [28/Dec/2012:14:07:41 +0100] "GET /hirek/programindito.jpg HTTP/1.1" 200 6594 "http://www.greenaction.hu/zoldakcio.swf" "Mozilla/5.0 (Windows NT 5.1; rv:17.0) Gecko/20100101 Firefox/17.0"
80.98.1.57 - - [28/Dec/2012:14:07:41 +0100] "GET /hirek/nullahullakovesd%20011.jpg HTTP/1.1" 200 8674 "http://www.greenaction.hu/zoldakcio.swf" "Mozilla/5.0 (Windows NT 5.1; rv:17.0) Gecko/20100101 Firefox/17.0"
80.98.1.57 - - [28/Dec/2012:14:07:41 +0100] "GET /hirek/foldnapja.jpg HTTP/1.1" 200 4081 "http://www.greenaction.hu/zoldakcio.swf" "Mozilla/5.0 (Windows NT 5.1; rv:17.0) Gecko/20100101 Firefox/17.0"
80.98.1.57 - - [28/Dec/2012:14:07:41 +0100] "GET /hirek/foldnap2010.jpg HTTP/1.1" 200 7191 "http://www.greenaction.hu/zoldakcio.swf" "Mozilla/5.0 (Windows NT 5.1; rv:17.0) Gecko/20100101 Firefox/17.0"
80.98.1.57 - - [28/Dec/2012:14:07:41 +0100] "GET /hirek/gmoevo.jpg HTTP/1.1" 200 2951 "http://www.greenaction.hu/zoldakcio.swf" "Mozilla/5.0 (Windows NT 5.1; rv:17.0) Gecko/20100101 Firefox/17.0"
80.98.1.57 - - [28/Dec/2012:14:07:41 +0100] "GET /hirek/gmofree.gif HTTP/1.1" 404 1181 "http://www.greenaction.hu/zoldakcio.swf" "Mozilla/5.0 (Windows NT 5.1; rv:17.0) Gecko/20100101 Firefox/17.0"
80.98.1.57 - - [28/Dec/2012:14:07:41 +0100] "GET /hirek/torta.jpg HTTP/1.1" 404 1181 "http://www.greenaction.hu/zoldakcio.swf" "Mozilla/5.0 (Windows NT 5.1; rv:17.0) Gecko/20100101 Firefox/17.0"
80.98.1.57 - - [28/Dec/2012:14:07:41 +0100] "GET /hirek/abauji.jpg HTTP/1.1" 200 21716 "http://www.greenaction.hu/zoldakcio.swf" "Mozilla/5.0 (Windows NT 5.1; rv:17.0) Gecko/20100101 Firefox/17.0"
80.98.1.57 - - [28/Dec/2012:14:07:41 +0100] "GET /hirek/paprika.jpg HTTP/1.1" 404 1181 "http://www.greenaction.hu/zoldakcio.swf" "Mozilla/5.0 (Windows NT 5.1; rv:17.0) Gecko/20100101 Firefox/17.0"
80.98.1.57 - - [28/Dec/2012:14:07:41 +0100] "GET /hirek/benzinpisztoly.jpg HTTP/1.1" 200 2317 "http://www.greenaction.hu/zoldakcio.swf" "Mozilla/5.0 (Windows NT 5.1; rv:17.0) Gecko/20100101 Firefox/17.0"
80.98.1.57 - - [28/Dec/2012:14:07:41 +0100] "GET /hirek/marhafej.jpg HTTP/1.1" 200 3545 "http://www.greenaction.hu/zoldakcio.swf" "Mozilla/5.0 (Windows NT 5.1; rv:17.0) Gecko/20100101 Firefox/17.0"
80.98.1.57 - - [28/Dec/2012:14:07:41 +0100] "GET /hirek/zoldseg.jpg HTTP/1.1" 404 1181 "http://www.greenaction.hu/zoldakcio.swf" "Mozilla/5.0 (Windows NT 5.1; rv:17.0) Gecko/20100101 Firefox/17.0"
80.98.1.57 - - [28/Dec/2012:14:07:41 +0100] "GET /hirek/adventikoszoru.jpg HTTP/1.1" 200 5581 "http://www.greenaction.hu/zoldakcio.swf" "Mozilla/5.0 (Windows NT 5.1; rv:17.0) Gecko/20100101 Firefox/17.0"
80.98.1.57 - - [28/Dec/2012:14:07:41 +0100] "GET /hirek/citrom.jpg HTTP/1.1" 200 11781 "http://www.greenaction.hu/zoldakcio.swf" "Mozilla/5.0 (Windows NT 5.1; rv:17.0) Gecko/20100101 Firefox/17.0"
80.98.1.57 - - [28/Dec/2012:14:07:41 +0100] "GET /hirek/gyurgyalag.jpg HTTP/1.1" 200 2435 "http://www.greenaction.hu/zoldakcio.swf" "Mozilla/5.0 (Windows NT 5.1; rv:17.0) Gecko/20100101 Firefox/17.0"
80.98.1.57 - - [28/Dec/2012:14:07:41 +0100] "GET /hirek/naposoldal.jpg HTTP/1.1" 200 10106 "http://www.greenaction.hu/zoldakcio.swf" "Mozilla/5.0 (Windows NT 5.1; rv:17.0) Gecko/20100101 Firefox/17.0"
80.98.1.57 - - [28/Dec/2012:14:07:41 +0100] "GET /hirek/encs.jpg HTTP/1.1" 200 12831 "http://www.greenaction.hu/zoldakcio.swf" "Mozilla/5.0 (Windows NT 5.1; rv:17.0) Gecko/20100101 Firefox/17.0"
80.98.1.57 - - [28/Dec/2012:14:07:41 +0100] "GET /hirek/encsgyumi.jpg HTTP/1.1" 200 13077 "http://www.greenaction.hu/zoldakcio.swf" "Mozilla/5.0 (Windows NT 5.1; rv:17.0) Gecko/20100101 Firefox/17.0"
80.98.1.57 - - [28/Dec/2012:14:07:41 +0100] "GET /hirek/terelo.jpg HTTP/1.1" 200 10975 "http://www.greenaction.hu/zoldakcio.swf" "Mozilla/5.0 (Windows NT 5.1; rv:17.0) Gecko/20100101 Firefox/17.0"
80.98.1.57 - - [28/Dec/2012:14:07:41 +0100] "GET /hirek/varboibekak2011.jpg HTTP/1.1" 200 9200 "http://www.greenaction.hu/zoldakcio.swf" "Mozilla/5.0 (Windows NT 5.1; rv:17.0) Gecko/20100101 Firefox/17.0"
80.98.1.57 - - [28/Dec/2012:14:07:41 +0100] "GET /hirek/mctermeloipiac.jpg HTTP/1.1" 200 3752 "http://www.greenaction.hu/zoldakcio.swf" "Mozilla/5.0 (Windows NT 5.1; rv:17.0) Gecko/20100101 Firefox/17.0"
80.98.1.57 - - [28/Dec/2012:14:07:41 +0100] "GET /hirek/viz.jpg HTTP/1.1" 200 2622 "http://www.greenaction.hu/zoldakcio.swf" "Mozilla/5.0 (Windows NT 5.1; rv:17.0) Gecko/20100101 Firefox/17.0"
80.98.1.57 - - [28/Dec/2012:14:07:41 +0100] "GET /hirek/bioszulinap2011.jpg HTTP/1.1" 200 17649 "http://www.greenaction.hu/zoldakcio.swf" "Mozilla/5.0 (Windows NT 5.1; rv:17.0) Gecko/20100101 Firefox/17.0"
80.98.1.57 - - [28/Dec/2012:14:07:41 +0100] "GET /hirek/1%20szazalek.jpg HTTP/1.1" 200 16636 "http://www.greenaction.hu/zoldakcio.swf" "Mozilla/5.0 (Windows NT 5.1; rv:17.0) Gecko/20100101 Firefox/17.0"
119.63.196.123 - - [28/Dec/2012:15:46:22 +0100] "GET / HTTP/1.1" 200 884 "-" "Mozilla/5.0 (compatible; Baiduspider/2.0; +http://www.baidu.com/search/spider.html)"
157.55.35.48 - - [28/Dec/2012:16:46:46 +0100] "GET /robots.txt HTTP/1.1" 404 1181 "-" "Mozilla/5.0 (compatible; bingbot/2.0; +http://www.bing.com/bingbot.htm)"
157.55.35.48 - - [28/Dec/2012:16:48:52 +0100] "GET /archiv_elemei/veszhullgytc.html HTTP/1.1" 304 - "-" "Mozilla/5.0 (compatible; bingbot/2.0; +http://www.bing.com/bingbot.htm)"
66.249.78.58 - - [28/Dec/2012:17:17:05 +0100] "GET /robots.txt HTTP/1.1" 404 1181 "-" "Mozilla/5.0 (compatible; Googlebot/2.1; +http://www.google.com/bot.html)"
66.249.78.58 - - [28/Dec/2012:17:17:06 +0100] "GET /aktualis.html HTTP/1.1" 304 - "-" "Mozilla/5.0 (compatible; Googlebot/2.1; +http://www.google.com/bot.html)"
157.55.33.81 - - [28/Dec/2012:19:56:17 +0100] "GET /robots.txt HTTP/1.1" 404 1181 "-" "Mozilla/5.0 (compatible; bingbot/2.0; +http://www.bing.com/bingbot.htm)"
157.55.33.81 - - [28/Dec/2012:19:57:51 +0100] "GET / HTTP/1.1" 200 884 "-" "Mozilla/5.0 (compatible; bingbot/2.0; +http://www.bing.com/bingbot.htm)"
157.55.33.81 - - [28/Dec/2012:19:57:57 +0100] "GET /zoldakcio.swf HTTP/1.1" 200 840351 "-" "Mozilla/5.0 (compatible; bingbot/2.0; +http://www.bing.com/bingbot.htm)"
65.55.208.160 - - [28/Dec/2012:19:57:59 +0100] "GET / HTTP/1.1" 200 884 "-" "Mozilla/5.0 (Windows NT 6.1; WOW64) AppleWebKit/534+ (KHTML, like Gecko) BingPreview/1.0b"
157.55.33.18 - - [28/Dec/2012:20:25:19 +0100] "GET /kiadvanyaink.html HTTP/1.1" 200 4921 "-" "Mozilla/5.0 (compatible; bingbot/2.0; +http://www.bing.com/bingbot.htm)"
157.55.33.81 - - [28/Dec/2012:20:25:19 +0100] "GET / HTTP/1.1" 200 884 "-" "Mozilla/5.0 (compatible; bingbot/2.0; +http://www.bing.com/bingbot.htm)"
157.55.33.81 - - [28/Dec/2012:20:25:24 +0100] "GET /zoldakcio.swf HTTP/1.1" 200 662439 "-" "Mozilla/5.0 (compatible; bingbot/2.0; +http://www.bing.com/bingbot.htm)"
157.56.93.207 - - [28/Dec/2012:20:26:56 +0100] "GET /aktualis.html HTTP/1.1" 200 104235 "-" "Mozilla/5.0 (compatible; bingbot/2.0; +http://www.bing.com/bingbot.htm)"
81.182.146.25 - - [28/Dec/2012:20:37:22 +0100] "GET /kiadvany/miabio.pdf HTTP/1.1" 200 261690 "http://www.google.hu/url?sa=t&rct=j&q=&esrc=s&source=web&cd=20&ved=0CGIQFjAJOAo&url=http%3A%2F%2Fwww.greenaction.hu%2Fkiadvany%2Fmiabio.pdf&ei=1fTdUIrQLYbYsgb2m4DQCQ&usg=AFQjCNGm37lAMap6KqiVzm5BUYhoeBCSxQ&bvm=bv.1355534169,d.Yms" "Mozilla/5.0 (Windows NT 5.1; rv:17.0) Gecko/20100101 Firefox/17.0"
81.182.146.25 - - [28/Dec/2012:20:37:23 +0100] "GET /favicon.ico HTTP/1.1" 404 1181 "-" "Mozilla/5.0 (Windows NT 5.1; rv:17.0) Gecko/20100101 Firefox/17.0"
81.182.146.25 - - [28/Dec/2012:20:37:23 +0100] "GET /favicon.ico HTTP/1.1" 404 1181 "-" "Mozilla/5.0 (Windows NT 5.1; rv:17.0) Gecko/20100101 Firefox/17.0"
157.55.33.81 - - [28/Dec/2012:20:40:49 +0100] "GET / HTTP/1.1" 200 884 "-" "Mozilla/5.0 (compatible; bingbot/2.0; +http://www.bing.com/bingbot.htm)"
157.55.33.81 - - [28/Dec/2012:20:40:54 +0100] "GET /zoldakcio.swf HTTP/1.1" 200 641999 "-" "Mozilla/5.0 (compatible; bingbot/2.0; +http://www.bing.com/bingbot.htm)"
157.55.33.18 - - [28/Dec/2012:20:41:19 +0100] "GET /kiadvanyaink.html HTTP/1.1" 200 4921 "-" "Mozilla/5.0 (compatible; bingbot/2.0; +http://www.bing.com/bingbot.htm)"
157.56.93.207 - - [28/Dec/2012:20:41:24 +0100] "GET /aktualis.html HTTP/1.1" 200 104235 "-" "Mozilla/5.0 (compatible; bingbot/2.0; +http://www.bing.com/bingbot.htm)"
173.199.120.35 - - [28/Dec/2012:21:14:20 +0100] "GET /magunkrol_elemei/kozhasznu.html HTTP/1.1" 200 48365 "-" "Mozilla/5.0 (compatible; AhrefsBot/4.0; +http://ahrefs.com/robot/)"
91.223.75.118 - - [28/Dec/2012:21:39:36 +0100] "GET / HTTP/1.1" 200 884 "http://www.mebelumode.lv/" "Mozilla/4.0 (compatible; MSIE 6.0; Update a; AOL 6.0; Windows 98)"
91.223.75.118 - - [28/Dec/2012:21:39:36 +0100] "GET / HTTP/1.1" 200 884 "http://www.mebelumode.lv/" "Mozilla/4.0 (compatible; MSIE 6.0; Update a; AOL 6.0; Windows 98)"
173.199.120.35 - - [28/Dec/2012:23:07:15 +0100] "GET /hirek/F%F6ld%20Napja%20Hete%202011.%20programaj%E1nl%F3.pdf HTTP/1.1" 404 1181 "-" "Mozilla/5.0 (compatible; AhrefsBot/4.0; +http://ahrefs.com/robot/)"
178.137.5.89 - - [29/Dec/2012:00:11:44 +0100] "GET / HTTP/1.1" 200 884 "http://www.3carata.kiev.ua/" "Mozilla/4.0 (compatible; MSIE 6.0; Windows NT 5.1; Maxthon; .NET CLR 1.1.4322)"
178.137.5.89 - - [29/Dec/2012:00:11:45 +0100] "GET / HTTP/1.1" 200 884 "http://www.3carata.kiev.ua/" "Mozilla/4.0 (compatible; MSIE 6.0; Windows NT 5.1; Maxthon; .NET CLR 1.1.4322)"
80.98.132.14 - - [29/Dec/2012:00:49:04 +0100] "GET /kiadvany/miabio.pdf HTTP/1.1" 200 495488 "https://www.google.hu/" "Mozilla/5.0 (Macintosh; Intel Mac OS X 10_6_8) AppleWebKit/537.11 (KHTML, like Gecko) Chrome/23.0.1271.101 Safari/537.11"
80.98.132.14 - - [29/Dec/2012:00:49:05 +0100] "GET /kiadvany/miabio.pdf HTTP/1.1" 206 32768 "http://www.greenaction.hu/kiadvany/miabio.pdf" "Mozilla/5.0 (Macintosh; Intel Mac OS X 10_6_8) AppleWebKit/537.11 (KHTML, like Gecko) Chrome/23.0.1271.101 Safari/537.11"
80.98.132.14 - - [29/Dec/2012:00:49:05 +0100] "GET /favicon.ico HTTP/1.1" 404 1181 "-" "Mozilla/5.0 (Macintosh; Intel Mac OS X 10_6_8) AppleWebKit/537.11 (KHTML, like Gecko) Chrome/23.0.1271.101 Safari/537.11"
80.98.132.14 - - [29/Dec/2012:00:49:05 +0100] "GET /kiadvany/miabio.pdf HTTP/1.1" 206 562718 "http://www.greenaction.hu/kiadvany/miabio.pdf" "Mozilla/5.0 (Macintosh; Intel Mac OS X 10_6_8) AppleWebKit/537.11 (KHTML, like Gecko) Chrome/23.0.1271.101 Safari/537.11"
80.98.132.14 - - [29/Dec/2012:00:49:05 +0100] "GET /kiadvany/miabio.pdf HTTP/1.1" 206 32768 "http://www.greenaction.hu/kiadvany/miabio.pdf" "Mozilla/5.0 (Macintosh; Intel Mac OS X 10_6_8) AppleWebKit/537.11 (KHTML, like Gecko) Chrome/23.0.1271.101 Safari/537.11"
80.98.132.14 - - [29/Dec/2012:00:49:06 +0100] "GET /kiadvany/miabio.pdf HTTP/1.1" 206 32768 "http://www.greenaction.hu/kiadvany/miabio.pdf" "Mozilla/5.0 (Macintosh; Intel Mac OS X 10_6_8) AppleWebKit/537.11 (KHTML, like Gecko) Chrome/23.0.1271.101 Safari/537.11"
80.98.132.14 - - [29/Dec/2012:00:49:06 +0100] "GET /kiadvany/miabio.pdf HTTP/1.1" 206 32768 "http://www.greenaction.hu/kiadvany/miabio.pdf" "Mozilla/5.0 (Macintosh; Intel Mac OS X 10_6_8) AppleWebKit/537.11 (KHTML, like Gecko) Chrome/23.0.1271.101 Safari/537.11"
80.98.132.14 - - [29/Dec/2012:00:49:06 +0100] "GET /kiadvany/miabio.pdf HTTP/1.1" 206 32768 "http://www.greenaction.hu/kiadvany/miabio.pdf" "Mozilla/5.0 (Macintosh; Intel Mac OS X 10_6_8) AppleWebKit/537.11 (KHTML, like Gecko) Chrome/23.0.1271.101 Safari/537.11"
80.98.132.14 - - [29/Dec/2012:00:49:06 +0100] "GET /kiadvany/miabio.pdf HTTP/1.1" 206 32768 "http://www.greenaction.hu/kiadvany/miabio.pdf" "Mozilla/5.0 (Macintosh; Intel Mac OS X 10_6_8) AppleWebKit/537.11 (KHTML, like Gecko) Chrome/23.0.1271.101 Safari/537.11"
80.98.132.14 - - [29/Dec/2012:00:49:06 +0100] "GET /kiadvany/miabio.pdf HTTP/1.1" 206 32768 "http://www.greenaction.hu/kiadvany/miabio.pdf" "Mozilla/5.0 (Macintosh; Intel Mac OS X 10_6_8) AppleWebKit/537.11 (KHTML, like Gecko) Chrome/23.0.1271.101 Safari/537.11"
80.98.132.14 - - [29/Dec/2012:00:49:06 +0100] "GET /kiadvany/miabio.pdf HTTP/1.1" 206 32768 "http://www.greenaction.hu/kiadvany/miabio.pdf" "Mozilla/5.0 (Macintosh; Intel Mac OS X 10_6_8) AppleWebKit/537.11 (KHTML, like Gecko) Chrome/23.0.1271.101 Safari/537.11"
80.98.132.14 - - [29/Dec/2012:00:49:06 +0100] "GET /kiadvany/miabio.pdf HTTP/1.1" 206 32768 "http://www.greenaction.hu/kiadvany/miabio.pdf" "Mozilla/5.0 (Macintosh; Intel Mac OS X 10_6_8) AppleWebKit/537.11 (KHTML, like Gecko) Chrome/23.0.1271.101 Safari/537.11"
80.98.132.14 - - [29/Dec/2012:00:49:06 +0100] "GET /kiadvany/miabio.pdf HTTP/1.1" 206 32768 "http://www.greenaction.hu/kiadvany/miabio.pdf" "Mozilla/5.0 (Macintosh; Intel Mac OS X 10_6_8) AppleWebKit/537.11 (KHTML, like Gecko) Chrome/23.0.1271.101 Safari/537.11"
80.98.132.14 - - [29/Dec/2012:00:49:06 +0100] "GET /kiadvany/miabio.pdf HTTP/1.1" 206 65536 "http://www.greenaction.hu/kiadvany/miabio.pdf" "Mozilla/5.0 (Macintosh; Intel Mac OS X 10_6_8) AppleWebKit/537.11 (KHTML, like Gecko) Chrome/23.0.1271.101 Safari/537.11"
80.98.132.14 - - [29/Dec/2012:00:49:06 +0100] "GET /kiadvany/miabio.pdf HTTP/1.1" 206 65536 "http://www.greenaction.hu/kiadvany/miabio.pdf" "Mozilla/5.0 (Macintosh; Intel Mac OS X 10_6_8) AppleWebKit/537.11 (KHTML, like Gecko) Chrome/23.0.1271.101 Safari/537.11"
80.98.132.14 - - [29/Dec/2012:00:49:06 +0100] "GET /kiadvany/miabio.pdf HTTP/1.1" 206 65536 "http://www.greenaction.hu/kiadvany/miabio.pdf" "Mozilla/5.0 (Macintosh; Intel Mac OS X 10_6_8) AppleWebKit/537.11 (KHTML, like Gecko) Chrome/23.0.1271.101 Safari/537.11"
80.98.132.14 - - [29/Dec/2012:00:49:06 +0100] "GET /kiadvany/miabio.pdf HTTP/1.1" 206 65536 "http://www.greenaction.hu/kiadvany/miabio.pdf" "Mozilla/5.0 (Macintosh; Intel Mac OS X 10_6_8) AppleWebKit/537.11 (KHTML, like Gecko) Chrome/23.0.1271.101 Safari/537.11"
80.98.132.14 - - [29/Dec/2012:00:49:06 +0100] "GET /kiadvany/miabio.pdf HTTP/1.1" 206 65536 "http://www.greenaction.hu/kiadvany/miabio.pdf" "Mozilla/5.0 (Macintosh; Intel Mac OS X 10_6_8) AppleWebKit/537.11 (KHTML, like Gecko) Chrome/23.0.1271.101 Safari/537.11"
80.98.132.14 - - [29/Dec/2012:00:49:06 +0100] "GET /kiadvany/miabio.pdf HTTP/1.1" 206 65536 "http://www.greenaction.hu/kiadvany/miabio.pdf" "Mozilla/5.0 (Macintosh; Intel Mac OS X 10_6_8) AppleWebKit/537.11 (KHTML, like Gecko) Chrome/23.0.1271.101 Safari/537.11"
80.98.132.14 - - [29/Dec/2012:00:49:06 +0100] "GET /kiadvany/miabio.pdf HTTP/1.1" 206 65536 "http://www.greenaction.hu/kiadvany/miabio.pdf" "Mozilla/5.0 (Macintosh; Intel Mac OS X 10_6_8) AppleWebKit/537.11 (KHTML, like Gecko) Chrome/23.0.1271.101 Safari/537.11"
80.98.132.14 - - [29/Dec/2012:00:49:07 +0100] "GET /kiadvany/miabio.pdf HTTP/1.1" 206 65536 "http://www.greenaction.hu/kiadvany/miabio.pdf" "Mozilla/5.0 (Macintosh; Intel Mac OS X 10_6_8) AppleWebKit/537.11 (KHTML, like Gecko) Chrome/23.0.1271.101 Safari/537.11"
80.98.132.14 - - [29/Dec/2012:00:49:07 +0100] "GET /kiadvany/miabio.pdf HTTP/1.1" 206 65536 "http://www.greenaction.hu/kiadvany/miabio.pdf" "Mozilla/5.0 (Macintosh; Intel Mac OS X 10_6_8) AppleWebKit/537.11 (KHTML, like Gecko) Chrome/23.0.1271.101 Safari/537.11"
80.98.132.14 - - [29/Dec/2012:00:49:07 +0100] "GET /kiadvany/miabio.pdf HTTP/1.1" 206 65536 "http://www.greenaction.hu/kiadvany/miabio.pdf" "Mozilla/5.0 (Macintosh; Intel Mac OS X 10_6_8) AppleWebKit/537.11 (KHTML, like Gecko) Chrome/23.0.1271.101 Safari/537.11"
80.98.132.14 - - [29/Dec/2012:00:49:07 +0100] "GET /kiadvany/miabio.pdf HTTP/1.1" 206 131072 "http://www.greenaction.hu/kiadvany/miabio.pdf" "Mozilla/5.0 (Macintosh; Intel Mac OS X 10_6_8) AppleWebKit/537.11 (KHTML, like Gecko) Chrome/23.0.1271.101 Safari/537.11"
80.98.132.14 - - [29/Dec/2012:00:49:07 +0100] "GET /kiadvany/miabio.pdf HTTP/1.1" 206 131072 "http://www.greenaction.hu/kiadvany/miabio.pdf" "Mozilla/5.0 (Macintosh; Intel Mac OS X 10_6_8) AppleWebKit/537.11 (KHTML, like Gecko) Chrome/23.0.1271.101 Safari/537.11"
80.98.132.14 - - [29/Dec/2012:00:49:07 +0100] "GET /kiadvany/miabio.pdf HTTP/1.1" 206 131072 "http://www.greenaction.hu/kiadvany/miabio.pdf" "Mozilla/5.0 (Macintosh; Intel Mac OS X 10_6_8) AppleWebKit/537.11 (KHTML, like Gecko) Chrome/23.0.1271.101 Safari/537.11"
80.98.132.14 - - [29/Dec/2012:00:49:07 +0100] "GET /kiadvany/miabio.pdf HTTP/1.1" 206 131072 "http://www.greenaction.hu/kiadvany/miabio.pdf" "Mozilla/5.0 (Macintosh; Intel Mac OS X 10_6_8) AppleWebKit/537.11 (KHTML, like Gecko) Chrome/23.0.1271.101 Safari/537.11"
80.98.132.14 - - [29/Dec/2012:00:49:07 +0100] "GET /kiadvany/miabio.pdf HTTP/1.1" 206 131072 "http://www.greenaction.hu/kiadvany/miabio.pdf" "Mozilla/5.0 (Macintosh; Intel Mac OS X 10_6_8) AppleWebKit/537.11 (KHTML, like Gecko) Chrome/23.0.1271.101 Safari/537.11"
80.98.132.14 - - [29/Dec/2012:00:49:07 +0100] "GET /kiadvany/miabio.pdf HTTP/1.1" 206 131072 "http://www.greenaction.hu/kiadvany/miabio.pdf" "Mozilla/5.0 (Macintosh; Intel Mac OS X 10_6_8) AppleWebKit/537.11 (KHTML, like Gecko) Chrome/23.0.1271.101 Safari/537.11"
80.98.132.14 - - [29/Dec/2012:00:49:07 +0100] "GET /kiadvany/miabio.pdf HTTP/1.1" 206 131072 "http://www.greenaction.hu/kiadvany/miabio.pdf" "Mozilla/5.0 (Macintosh; Intel Mac OS X 10_6_8) AppleWebKit/537.11 (KHTML, like Gecko) Chrome/23.0.1271.101 Safari/537.11"
80.98.132.14 - - [29/Dec/2012:00:49:07 +0100] "GET /kiadvany/miabio.pdf HTTP/1.1" 206 131072 "http://www.greenaction.hu/kiadvany/miabio.pdf" "Mozilla/5.0 (Macintosh; Intel Mac OS X 10_6_8) AppleWebKit/537.11 (KHTML, like Gecko) Chrome/23.0.1271.101 Safari/537.11"
80.98.132.14 - - [29/Dec/2012:00:49:08 +0100] "GET /kiadvany/miabio.pdf HTTP/1.1" 206 131072 "http://www.greenaction.hu/kiadvany/miabio.pdf" "Mozilla/5.0 (Macintosh; Intel Mac OS X 10_6_8) AppleWebKit/537.11 (KHTML, like Gecko) Chrome/23.0.1271.101 Safari/537.11"
80.98.132.14 - - [29/Dec/2012:00:49:08 +0100] "GET /kiadvany/miabio.pdf HTTP/1.1" 206 131072 "http://www.greenaction.hu/kiadvany/miabio.pdf" "Mozilla/5.0 (Macintosh; Intel Mac OS X 10_6_8) AppleWebKit/537.11 (KHTML, like Gecko) Chrome/23.0.1271.101 Safari/537.11"
80.98.132.14 - - [29/Dec/2012:00:49:08 +0100] "GET /kiadvany/miabio.pdf HTTP/1.1" 206 262144 "http://www.greenaction.hu/kiadvany/miabio.pdf" "Mozilla/5.0 (Macintosh; Intel Mac OS X 10_6_8) AppleWebKit/537.11 (KHTML, like Gecko) Chrome/23.0.1271.101 Safari/537.11"
80.98.132.14 - - [29/Dec/2012:00:49:08 +0100] "GET /kiadvany/miabio.pdf HTTP/1.1" 206 262144 "http://www.greenaction.hu/kiadvany/miabio.pdf" "Mozilla/5.0 (Macintosh; Intel Mac OS X 10_6_8) AppleWebKit/537.11 (KHTML, like Gecko) Chrome/23.0.1271.101 Safari/537.11"
80.98.132.14 - - [29/Dec/2012:00:49:08 +0100] "GET /kiadvany/miabio.pdf HTTP/1.1" 206 262144 "http://www.greenaction.hu/kiadvany/miabio.pdf" "Mozilla/5.0 (Macintosh; Intel Mac OS X 10_6_8) AppleWebKit/537.11 (KHTML, like Gecko) Chrome/23.0.1271.101 Safari/537.11"
80.98.132.14 - - [29/Dec/2012:00:49:08 +0100] "GET /kiadvany/miabio.pdf HTTP/1.1" 206 262144 "http://www.greenaction.hu/kiadvany/miabio.pdf" "Mozilla/5.0 (Macintosh; Intel Mac OS X 10_6_8) AppleWebKit/537.11 (KHTML, like Gecko) Chrome/23.0.1271.101 Safari/537.11"
80.98.132.14 - - [29/Dec/2012:00:49:08 +0100] "GET /kiadvany/miabio.pdf HTTP/1.1" 206 262144 "http://www.greenaction.hu/kiadvany/miabio.pdf" "Mozilla/5.0 (Macintosh; Intel Mac OS X 10_6_8) AppleWebKit/537.11 (KHTML, like Gecko) Chrome/23.0.1271.101 Safari/537.11"
80.98.132.14 - - [29/Dec/2012:00:49:09 +0100] "GET /kiadvany/miabio.pdf HTTP/1.1" 206 262144 "http://www.greenaction.hu/kiadvany/miabio.pdf" "Mozilla/5.0 (Macintosh; Intel Mac OS X 10_6_8) AppleWebKit/537.11 (KHTML, like Gecko) Chrome/23.0.1271.101 Safari/537.11"
80.98.132.14 - - [29/Dec/2012:00:49:09 +0100] "GET /kiadvany/miabio.pdf HTTP/1.1" 206 262144 "http://www.greenaction.hu/kiadvany/miabio.pdf" "Mozilla/5.0 (Macintosh; Intel Mac OS X 10_6_8) AppleWebKit/537.11 (KHTML, like Gecko) Chrome/23.0.1271.101 Safari/537.11"
80.98.132.14 - - [29/Dec/2012:00:49:09 +0100] "GET /kiadvany/miabio.pdf HTTP/1.1" 206 262144 "http://www.greenaction.hu/kiadvany/miabio.pdf" "Mozilla/5.0 (Macintosh; Intel Mac OS X 10_6_8) AppleWebKit/537.11 (KHTML, like Gecko) Chrome/23.0.1271.101 Safari/537.11"
80.98.132.14 - - [29/Dec/2012:00:49:09 +0100] "GET /kiadvany/miabio.pdf HTTP/1.1" 206 262144 "http://www.greenaction.hu/kiadvany/miabio.pdf" "Mozilla/5.0 (Macintosh; Intel Mac OS X 10_6_8) AppleWebKit/537.11 (KHTML, like Gecko) Chrome/23.0.1271.101 Safari/537.11"
80.98.132.14 - - [29/Dec/2012:00:49:10 +0100] "GET /kiadvany/miabio.pdf HTTP/1.1" 206 262144 "http://www.greenaction.hu/kiadvany/miabio.pdf" "Mozilla/5.0 (Macintosh; Intel Mac OS X 10_6_8) AppleWebKit/537.11 (KHTML, like Gecko) Chrome/23.0.1271.101 Safari/537.11"
80.98.132.14 - - [29/Dec/2012:00:49:10 +0100] "GET /kiadvany/miabio.pdf HTTP/1.1" 206 524288 "http://www.greenaction.hu/kiadvany/miabio.pdf" "Mozilla/5.0 (Macintosh; Intel Mac OS X 10_6_8) AppleWebKit/537.11 (KHTML, like Gecko) Chrome/23.0.1271.101 Safari/537.11"
80.98.132.14 - - [29/Dec/2012:00:49:10 +0100] "GET /kiadvany/miabio.pdf HTTP/1.1" 206 524288 "http://www.greenaction.hu/kiadvany/miabio.pdf" "Mozilla/5.0 (Macintosh; Intel Mac OS X 10_6_8) AppleWebKit/537.11 (KHTML, like Gecko) Chrome/23.0.1271.101 Safari/537.11"
80.98.132.14 - - [29/Dec/2012:00:49:10 +0100] "GET /kiadvany/miabio.pdf HTTP/1.1" 206 524288 "http://www.greenaction.hu/kiadvany/miabio.pdf" "Mozilla/5.0 (Macintosh; Intel Mac OS X 10_6_8) AppleWebKit/537.11 (KHTML, like Gecko) Chrome/23.0.1271.101 Safari/537.11"
80.98.132.14 - - [29/Dec/2012:00:49:11 +0100] "GET /kiadvany/miabio.pdf HTTP/1.1" 206 524288 "http://www.greenaction.hu/kiadvany/miabio.pdf" "Mozilla/5.0 (Macintosh; Intel Mac OS X 10_6_8) AppleWebKit/537.11 (KHTML, like Gecko) Chrome/23.0.1271.101 Safari/537.11"
80.98.132.14 - - [29/Dec/2012:00:49:11 +0100] "GET /kiadvany/miabio.pdf HTTP/1.1" 206 524288 "http://www.greenaction.hu/kiadvany/miabio.pdf" "Mozilla/5.0 (Macintosh; Intel Mac OS X 10_6_8) AppleWebKit/537.11 (KHTML, like Gecko) Chrome/23.0.1271.101 Safari/537.11"
80.98.132.14 - - [29/Dec/2012:00:49:11 +0100] "GET /kiadvany/miabio.pdf HTTP/1.1" 206 524288 "http://www.greenaction.hu/kiadvany/miabio.pdf" "Mozilla/5.0 (Macintosh; Intel Mac OS X 10_6_8) AppleWebKit/537.11 (KHTML, like Gecko) Chrome/23.0.1271.101 Safari/537.11"
80.98.132.14 - - [29/Dec/2012:00:49:12 +0100] "GET /kiadvany/miabio.pdf HTTP/1.1" 206 524288 "http://www.greenaction.hu/kiadvany/miabio.pdf" "Mozilla/5.0 (Macintosh; Intel Mac OS X 10_6_8) AppleWebKit/537.11 (KHTML, like Gecko) Chrome/23.0.1271.101 Safari/537.11"
80.98.132.14 - - [29/Dec/2012:00:49:12 +0100] "GET /kiadvany/miabio.pdf HTTP/1.1" 206 524288 "http://www.greenaction.hu/kiadvany/miabio.pdf" "Mozilla/5.0 (Macintosh; Intel Mac OS X 10_6_8) AppleWebKit/537.11 (KHTML, like Gecko) Chrome/23.0.1271.101 Safari/537.11"
80.98.132.14 - - [29/Dec/2012:00:49:12 +0100] "GET /kiadvany/miabio.pdf HTTP/1.1" 206 524288 "http://www.greenaction.hu/kiadvany/miabio.pdf" "Mozilla/5.0 (Macintosh; Intel Mac OS X 10_6_8) AppleWebKit/537.11 (KHTML, like Gecko) Chrome/23.0.1271.101 Safari/537.11"
80.98.132.14 - - [29/Dec/2012:00:49:13 +0100] "GET /kiadvany/miabio.pdf HTTP/1.1" 206 524288 "http://www.greenaction.hu/kiadvany/miabio.pdf" "Mozilla/5.0 (Macintosh; Intel Mac OS X 10_6_8) AppleWebKit/537.11 (KHTML, like Gecko) Chrome/23.0.1271.101 Safari/537.11"
80.98.132.14 - - [29/Dec/2012:00:49:13 +0100] "GET /kiadvany/miabio.pdf HTTP/1.1" 206 570988 "http://www.greenaction.hu/kiadvany/miabio.pdf" "Mozilla/5.0 (Macintosh; Intel Mac OS X 10_6_8) AppleWebKit/537.11 (KHTML, like Gecko) Chrome/23.0.1271.101 Safari/537.11"
80.98.132.14 - - [29/Dec/2012:00:49:13 +0100] "GET /favicon.ico HTTP/1.1" 404 1181 "-" "Mozilla/5.0 (Macintosh; Intel Mac OS X 10_6_8) AppleWebKit/537.11 (KHTML, like Gecko) Chrome/23.0.1271.101 Safari/537.11"
173.199.120.35 - - [29/Dec/2012:01:24:56 +0100] "GET /kiadvany/miskolchvte.pdf HTTP/1.1" 200 17041 "-" "Mozilla/5.0 (compatible; AhrefsBot/4.0; +http://ahrefs.com/robot/)"
123.125.71.73 - - [29/Dec/2012:02:10:45 +0100] "GET /robots.txt HTTP/1.1" 404 1181 "-" "Mozilla/5.0 (Windows NT 5.1; rv:6.0.2) Gecko/20100101 Firefox/6.0.2"
77.111.89.209 - - [29/Dec/2012:02:37:25 +0100] "GET / HTTP/1.1" 200 884 "-" "Mozilla/5.0 (Macintosh; Intel Mac OS X 10_7_4) AppleWebKit/534.57.2 (KHTML, like Gecko) Version/5.1.7 Safari/534.57.2"
92.249.127.111 - - [29/Dec/2012:04:22:01 +0100] "GET / HTTP/1.1" 200 884 "http://itelepat.ru/" "Mozilla/5.0 (compatible; news bot /2.1)"
92.249.127.111 - - [29/Dec/2012:04:22:02 +0100] "GET / HTTP/1.1" 200 884 "http://itelepat.ru/" "Mozilla/5.0 (compatible; news bot /2.1)"
66.249.78.58 - - [29/Dec/2012:04:36:35 +0100] "GET /aktualis_elemei/ktavmuhely.html HTTP/1.1" 200 22398 "-" "Mozilla/5.0 (compatible; Googlebot/2.1; +http://www.google.com/bot.html)"
66.249.75.57 - - [29/Dec/2012:04:45:20 +0100] "GET /kiadvany/miabio_vegleges_norveg.pdf HTTP/1.1" 304 - "-" "Mozilla/5.0 (compatible; Googlebot/2.1; +http://www.google.com/bot.html)"
66.249.78.58 - - [29/Dec/2012:04:48:47 +0100] "GET /aktualis_elemei/belvarosi%20biovasar%20arai%202007.%20tel.doc HTTP/1.1" 304 - "-" "Mozilla/5.0 (compatible; Googlebot/2.1; +http://www.google.com/bot.html)"
109.120.157.179 - - [29/Dec/2012:04:59:13 +0100] "GET / HTTP/1.1" 200 884 "http://filmsnews.ipby.ru/" "Mozilla/5.0 (compatible; Add Catalog/2.1;)"
109.120.157.179 - - [29/Dec/2012:04:59:14 +0100] "GET / HTTP/1.1" 200 884 "http://filmsnews.ipby.ru/" "Mozilla/5.0 (compatible; Add Catalog/2.1;)"
173.199.120.35 - - [29/Dec/2012:05:30:50 +0100] "GET / HTTP/1.1" 200 884 "-" "Mozilla/5.0 (compatible; AhrefsBot/4.0; +http://ahrefs.com/robot/)"
119.63.196.95 - - [29/Dec/2012:06:30:08 +0100] "GET / HTTP/1.1" 200 884 "-" "Mozilla/5.0 (compatible; Baiduspider/2.0; +http://www.baidu.com/search/spider.html)"
66.249.78.58 - - [29/Dec/2012:06:31:20 +0100] "GET /robots.txt HTTP/1.1" 404 1181 "-" "Mozilla/5.0 (compatible; Googlebot/2.1; +http://www.google.com/bot.html)"
66.249.78.58 - - [29/Dec/2012:06:31:20 +0100] "GET / HTTP/1.1" 200 884 "-" "Mozilla/5.0 (iPhone; U; CPU iPhone OS 4_1 like Mac OS X; en-us) AppleWebKit/532.9 (KHTML, like Gecko) Version/4.0.5 Mobile/8B117 Safari/6531.22.7 (compatible; Googlebot-Mobile/2.1; +http://www.google.com/bot.html)"
193.106.136.57 - - [29/Dec/2012:06:39:07 +0100] "GET / HTTP/1.1" 200 884 "http://domashny.kz/" "Mozilla/4.0 (compatible; MSIE 6.0; Windows NT 5.1; KKman2.0)"
193.106.136.57 - - [29/Dec/2012:06:39:08 +0100] "GET / HTTP/1.1" 200 884 "http://domashny.kz/" "Mozilla/4.0 (compatible; MSIE 6.0; Windows NT 5.1; KKman2.0)"
77.75.77.36 - - [29/Dec/2012:06:40:48 +0100] "GET /robots.txt HTTP/1.1" 404 1181 "-" "SeznamBot/3.0 (+http://fulltext.sblog.cz/)"
77.75.77.36 - - [29/Dec/2012:06:40:49 +0100] "GET / HTTP/1.1" 200 884 "-" "SeznamBot/3.0 (+http://fulltext.sblog.cz/)"
66.249.78.58 - - [29/Dec/2012:07:10:14 +0100] "GET /kiadvany/miskolchvte.pdf HTTP/1.1" 304 - "-" "Mozilla/5.0 (iPhone; U; CPU iPhone OS 4_1 like Mac OS X; en-us) AppleWebKit/532.9 (KHTML, like Gecko) Version/4.0.5 Mobile/8B117 Safari/6531.22.7 (compatible; Googlebot-Mobile/2.1; +http://www.google.com/bot.html)"
91.223.75.117 - - [29/Dec/2012:07:34:13 +0100] "GET / HTTP/1.1" 200 884 "http://razvrat.biz/" "Mozilla/4.0 (compatible; MSIE 6.0; Windows NT 5.1; Maxthon; .NET CLR 1.1.4322)"
91.223.75.117 - - [29/Dec/2012:07:34:13 +0100] "GET / HTTP/1.1" 200 884 "http://razvrat.biz/" "Mozilla/4.0 (compatible; MSIE 6.0; Windows NT 5.1; Maxthon; .NET CLR 1.1.4322)"
188.165.195.156 - - [29/Dec/2012:07:51:37 +0100] "GET /aktualis_elemei/bio2szulinap.html HTTP/1.1" 206 71694 "-" "Mozilla/4.0 (compatible; MSIE 5.01; Windows NT 5.0)"
65.55.211.144 - - [29/Dec/2012:08:21:21 +0100] "GET /robots.txt HTTP/1.1" 404 1181 "-" "msnbot-media/1.1 (+http://search.msn.com/msnbot.htm)"
65.55.211.144 - - [29/Dec/2012:08:21:22 +0100] "GET /archiv_elemei/image030.jpg HTTP/1.1" 200 9737 "-" "msnbot-media/1.1 (+http://search.msn.com/msnbot.htm)"
65.55.212.179 - - [29/Dec/2012:09:21:10 +0100] "GET /robots.txt HTTP/1.1" 404 1181 "-" "msnbot-media/1.1 (+http://search.msn.com/msnbot.htm)"
65.55.212.179 - - [29/Dec/2012:09:21:11 +0100] "GET /archiv_elemei/image048.jpg HTTP/1.1" 200 9950 "-" "msnbot-media/1.1 (+http://search.msn.com/msnbot.htm)"
65.55.211.166 - - [29/Dec/2012:09:34:40 +0100] "GET /robots.txt HTTP/1.1" 404 1181 "-" "msnbot-media/1.1 (+http://search.msn.com/msnbot.htm)"
65.55.211.166 - - [29/Dec/2012:09:34:41 +0100] "GET /archiv_elemei/image010.jpg HTTP/1.1" 200 4559 "-" "msnbot-media/1.1 (+http://search.msn.com/msnbot.htm)"
66.249.78.58 - - [29/Dec/2012:09:36:26 +0100] "GET /hirek/abaujkepregeny.pdf HTTP/1.1" 404 1181 "-" "SAMSUNG-SGH-E250/1.0 Profile/MIDP-2.0 Configuration/CLDC-1.1 UP.Browser/6.2.3.3.c.1.101 (GUI) MMP/2.0 (compatible; Googlebot-Mobile/2.1; +http://www.google.com/bot.html)"
77.111.90.197 - - [29/Dec/2012:10:42:52 +0100] "GET /archiv_elemei/acitc.html HTTP/1.1" 200 13312 "-" "Mozilla/5.0 (X11; U; Linux i686; en-US; rv:1.9.0.4) Gecko/2008111318 Ubuntu/8.10 (intrepid) Firefox/3.0.4"
65.55.211.165 - - [29/Dec/2012:11:29:24 +0100] "GET /robots.txt HTTP/1.1" 404 1181 "-" "msnbot-media/1.1 (+http://search.msn.com/msnbot.htm)"
65.55.211.165 - - [29/Dec/2012:11:29:24 +0100] "GET /archiv_elemei/image051.jpg HTTP/1.1" 200 8798 "-" "msnbot-media/1.1 (+http://search.msn.com/msnbot.htm)"
123.125.71.57 - - [29/Dec/2012:11:29:32 +0100] "GET / HTTP/1.1" 200 884 "-" "Mozilla/5.0 (compatible; Baiduspider/2.0; +http://www.baidu.com/search/spider.html)"
220.181.108.111 - - [29/Dec/2012:11:29:57 +0100] "GET / HTTP/1.1" 200 884 "-" "Mozilla/5.0 (compatible; Baiduspider/2.0; +http://www.baidu.com/search/spider.html)"
81.182.30.160 - - [29/Dec/2012:11:30:21 +0100] "GET /aktualis_elemei/katonai.html HTTP/1.1" 200 22109 "http://www.google.hu/imgres?q=veter%C3%A1n+katonai&um=1&hl=en&tbo=d&biw=1366&bih=630&tbm=isch&tbnid=oSbOKvrfQqDWcM:&imgrefurl=http://www.greenaction.hu/aktualis_elemei/katonai.html&docid=i-WXgW8oLpxc0M&imgurl=http://www.greenaction.hu/aktualis_elemei/katonai_elemei/image004.jpg&w=576&h=433&ei=OcbeUNP3JcrHtAbCi4GYAg&zoom=1&iact=hc&vpx=203&vpy=134&dur=160&hovh=195&hovw=259&tx=133&ty=86&sig=110876181144364356268&page=1&tbnh=154&tbnw=207&start=0&ndsp=22&ved=1t:429,r:1,s:0,i:87" "Mozilla/5.0 (Windows NT 6.1; WOW64) AppleWebKit/537.11 (KHTML, like Gecko) Chrome/23.0.1271.97 Safari/537.11"
81.182.30.160 - - [29/Dec/2012:11:30:21 +0100] "GET /aktualis_elemei/katonai_elemei/image004.jpg HTTP/1.1" 200 56554 "http://www.google.hu/imgres?q=veter%C3%A1n+katonai&um=1&hl=en&tbo=d&biw=1366&bih=630&tbm=isch&tbnid=oSbOKvrfQqDWcM:&imgrefurl=http://www.greenaction.hu/aktualis_elemei/katonai.html&docid=i-WXgW8oLpxc0M&imgurl=http://www.greenaction.hu/aktualis_elemei/katonai_elemei/image004.jpg&w=576&h=433&ei=OcbeUNP3JcrHtAbCi4GYAg&zoom=1&iact=hc&vpx=203&vpy=134&dur=160&hovh=195&hovw=259&tx=133&ty=86&sig=110876181144364356268&page=1&tbnh=154&tbnw=207&start=0&ndsp=22&ved=1t:429,r:1,s:0,i:87" "Mozilla/5.0 (Windows NT 6.1; WOW64) AppleWebKit/537.11 (KHTML, like Gecko) Chrome/23.0.1271.97 Safari/537.11"
81.182.30.160 - - [29/Dec/2012:11:30:21 +0100] "GET /aktualis_elemei/katonai_elemei/image001.jpg HTTP/1.1" 200 35821 "http://www.greenaction.hu/aktualis_elemei/katonai.html" "Mozilla/5.0 (Windows NT 6.1; WOW64) AppleWebKit/537.11 (KHTML, like Gecko) Chrome/23.0.1271.97 Safari/537.11"
81.182.30.160 - - [29/Dec/2012:11:30:21 +0100] "GET /aktualis_elemei/katonai_elemei/image002.jpg HTTP/1.1" 200 34104 "http://www.greenaction.hu/aktualis_elemei/katonai.html" "Mozilla/5.0 (Windows NT 6.1; WOW64) AppleWebKit/537.11 (KHTML, like Gecko) Chrome/23.0.1271.97 Safari/537.11"
81.182.30.160 - - [29/Dec/2012:11:30:21 +0100] "GET /aktualis_elemei/katonai_elemei/image003.jpg HTTP/1.1" 200 88392 "http://www.greenaction.hu/aktualis_elemei/katonai.html" "Mozilla/5.0 (Windows NT 6.1; WOW64) AppleWebKit/537.11 (KHTML, like Gecko) Chrome/23.0.1271.97 Safari/537.11"
81.182.30.160 - - [29/Dec/2012:11:30:28 +0100] "GET /favicon.ico HTTP/1.1" 404 1181 "-" "Mozilla/5.0 (Windows NT 6.1; WOW64) AppleWebKit/537.11 (KHTML, like Gecko) Chrome/23.0.1271.97 Safari/537.11"
66.249.78.58 - - [29/Dec/2012:11:53:33 +0100] "GET /robots.txt HTTP/1.1" 404 1181 "-" "Mozilla/5.0 (compatible; Googlebot/2.1; +http://www.google.com/bot.html)"
66.249.75.57 - - [29/Dec/2012:11:53:33 +0100] "GET /hirek/abaujkepregeny.pdf HTTP/1.1" 404 1181 "-" "DoCoMo/2.0 N905i(c100;TB;W24H16) (compatible; Googlebot-Mobile/2.1; +http://www.google.com/bot.html)"
78.158.11.226 - - [29/Dec/2012:12:07:00 +0100] "GET / HTTP/1.0" 200 884 "http://sameid.net/domain/www.greenaction.hu/" "Lynx/2.8.5rel.1 libwww-FM/2.15FC SSL-MM/1.4.1c OpenSSL/0.9.7e-dev"
78.158.11.226 - - [29/Dec/2012:12:07:00 +0100] "GET /zoldakcio.swf HTTP/1.0" 200 19906 "-" "Lynx/2.8.5rel.1 libwww-FM/2.15FC SSL-MM/1.4.1c OpenSSL/0.9.7e-dev"
178.154.210.252 - - [29/Dec/2012:12:12:30 +0100] "GET /robots.txt HTTP/1.1" 404 1181 "-" "Mozilla/5.0 (compatible; YandexBot/3.0; +http://yandex.com/bots)"
100.43.83.154 - - [29/Dec/2012:13:11:31 +0100] "GET /archiv_elemei/acitc.html HTTP/1.1" 200 13312 "-" "Mozilla/5.0 (compatible; YandexBot/3.0; +http://yandex.com/bots)"
157.55.33.81 - - [29/Dec/2012:13:30:18 +0100] "GET /robots.txt HTTP/1.1" 404 1181 "-" "Mozilla/5.0 (compatible; bingbot/2.0; +http://www.bing.com/bingbot.htm)"
157.55.33.81 - - [29/Dec/2012:13:31:49 +0100] "GET / HTTP/1.1" 200 884 "-" "Mozilla/5.0 (compatible; bingbot/2.0; +http://www.bing.com/bingbot.htm)"
157.55.33.81 - - [29/Dec/2012:13:31:53 +0100] "GET /zoldakcio.swf HTTP/1.1" 200 840351 "-" "Mozilla/5.0 (compatible; bingbot/2.0; +http://www.bing.com/bingbot.htm)"
65.55.208.170 - - [29/Dec/2012:13:31:55 +0100] "GET / HTTP/1.1" 200 884 "-" "Mozilla/5.0 (Windows NT 6.1; WOW64) AppleWebKit/534+ (KHTML, like Gecko) BingPreview/1.0b"
157.55.33.81 - - [29/Dec/2012:13:32:39 +0100] "GET /zoldakcio.swf HTTP/1.1" 200 662439 "-" "Mozilla/5.0 (compatible; bingbot/2.0; +http://www.bing.com/bingbot.htm)"
157.55.33.18 - - [29/Dec/2012:13:34:20 +0100] "GET /kiadvanyaink.html HTTP/1.1" 200 4921 "-" "Mozilla/5.0 (compatible; bingbot/2.0; +http://www.bing.com/bingbot.htm)"
157.56.93.207 - - [29/Dec/2012:13:34:25 +0100] "GET /aktualis.html HTTP/1.1" 200 104235 "-" "Mozilla/5.0 (compatible; bingbot/2.0; +http://www.bing.com/bingbot.htm)"
65.55.52.89 - - [29/Dec/2012:13:34:39 +0100] "GET /archiv.html HTTP/1.1" 200 100991 "-" "Mozilla/5.0 (compatible; bingbot/2.0; +http://www.bing.com/bingbot.htm)"
220.181.108.180 - - [29/Dec/2012:13:38:26 +0100] "GET /aktualis_elemei/belvarosi%20biovasar%20arai%202007.%20tel.doc HTTP/1.1" 304 - "-" "Mozilla/5.0 (compatible; Baiduspider/2.0; +http://www.baidu.com/search/spider.html)"
66.249.78.58 - - [29/Dec/2012:13:45:39 +0100] "GET /kiadvany/miabio.pdf HTTP/1.1" 304 - "-" "Mozilla/5.0 (compatible; Googlebot/2.1; +http://www.google.com/bot.html)"
157.55.33.81 - - [29/Dec/2012:13:46:21 +0100] "GET / HTTP/1.1" 200 884 "-" "Mozilla/5.0 (compatible; bingbot/2.0; +http://www.bing.com/bingbot.htm)"
157.55.33.81 - - [29/Dec/2012:13:51:26 +0100] "GET /zoldakcio.swf HTTP/1.1" 200 618639 "-" "Mozilla/5.0 (compatible; bingbot/2.0; +http://www.bing.com/bingbot.htm)"
157.56.93.207 - - [29/Dec/2012:13:52:22 +0100] "GET /aktualis.html HTTP/1.1" 200 104235 "-" "Mozilla/5.0 (compatible; bingbot/2.0; +http://www.bing.com/bingbot.htm)"
157.55.33.18 - - [29/Dec/2012:13:53:50 +0100] "GET /kiadvanyaink.html HTTP/1.1" 200 4921 "-" "Mozilla/5.0 (compatible; bingbot/2.0; +http://www.bing.com/bingbot.htm)"
65.55.52.89 - - [29/Dec/2012:13:53:52 +0100] "GET /archiv.html HTTP/1.1" 200 100991 "-" "Mozilla/5.0 (compatible; bingbot/2.0; +http://www.bing.com/bingbot.htm)"
77.111.90.197 - - [29/Dec/2012:14:14:11 +0100] "GET / HTTP/1.1" 200 884 "-" "Mozilla/5.0 (X11; U; Linux i686; en-US; rv:1.9.0.4) Gecko/2008111318 Ubuntu/8.10 (intrepid) Firefox/3.0.4"
66.249.78.58 - - [29/Dec/2012:14:30:28 +0100] "GET /robots.txt HTTP/1.1" 404 1181 "-" "Mozilla/5.0 (compatible; Googlebot/2.1; +http://www.google.com/bot.html)"
66.249.78.58 - - [29/Dec/2012:14:30:28 +0100] "GET /aktualis_elemei/bio2szulinap.html HTTP/1.1" 304 - "-" "Mozilla/5.0 (compatible; Googlebot/2.1; +http://www.google.com/bot.html)"
220.181.108.96 - - [29/Dec/2012:14:33:43 +0100] "GET /kiadvany/delbukk.pdf HTTP/1.1" 304 - "-" "Mozilla/5.0 (compatible; Baiduspider/2.0; +http://www.baidu.com/search/spider.html)"
