88.132.8.124 - - [13/Sep/2013:17:05:53 +0200] "GET /aktualis_elemei/bio2szulinap_elemei/image114.jpg HTTP/1.1" 200 6950 "https://www.google.hu/" "Mozilla/5.0 (iPhone; CPU iPhone OS 6_1_4 like Mac OS X) AppleWebKit/536.26 (KHTML, like Gecko) Version/6.0 Mobile/10B350 Safari/8536.25"
88.132.8.124 - - [13/Sep/2013:17:05:53 +0200] "GET /aktualis_elemei/bio2szulinap_elemei/image116.jpg HTTP/1.1" 200 9709 "https://www.google.hu/" "Mozilla/5.0 (iPhone; CPU iPhone OS 6_1_4 like Mac OS X) AppleWebKit/536.26 (KHTML, like Gecko) Version/6.0 Mobile/10B350 Safari/8536.25"
91.200.13.40 - - [13/Sep/2013:17:20:27 +0200] "GET /kiadvany/delbukk.pdf HTTP/1.0" 200 1261086 "http://www.greenaction.hu/kiadvany/delbukk.pdf" "Mozilla/5.0 (Windows NT 6.1; WOW64) AppleWebKit/535.19 (KHTML, like Gecko) Chrome/18.0.1025.1634 Safari/535.19 YI"
37.111.155.105 - - [13/Sep/2013:17:22:38 +0200] "GET /aktualis_elemei/bio2szulinap_elemei/image112.jpg HTTP/1.1" 200 8269 "https://www.google.hu/" "Mozilla/5.0 (iPhone; CPU iPhone OS 6_1_4 like Mac OS X) AppleWebKit/536.26 (KHTML, like Gecko) Version/6.0 Mobile/10B350 Safari/8536.25"
81.182.214.114 - - [13/Sep/2013:17:50:36 +0200] "GET /aktualis_elemei/bio2szulinap_elemei/image144.jpg HTTP/1.1" 200 9920 "-" "Mozilla/5.0 (Linux; U; Android 4.1.2; hu-hu; GT-P3110 Build/JZO54K) AppleWebKit/534.30 (KHTML, like Gecko) Version/4.0 Safari/534.30"
66.249.78.57 - - [13/Sep/2013:17:57:42 +0200] "GET /zoldakcio.swf HTTP/1.1" 200 840351 "-" "Mozilla/5.0 (compatible; Googlebot/2.1; +http://www.google.com/bot.html)"
5.10.83.69 - - [13/Sep/2013:17:57:51 +0200] "GET /aktualis_elemei/loverecycling.html HTTP/1.1" 200 11087 "-" "Mozilla/5.0 (compatible; AhrefsBot/5.0; +http://ahrefs.com/robot/)"
5.10.83.66 - - [13/Sep/2013:18:05:00 +0200] "GET /aktualis_elemei/bekamentes.html HTTP/1.1" 200 27223 "-" "Mozilla/5.0 (compatible; AhrefsBot/5.0; +http://ahrefs.com/robot/)"
91.83.163.253 - - [13/Sep/2013:18:15:10 +0200] "GET /aktualis_elemei/bio2szulinap_elemei/image104.jpg HTTP/1.1" 200 8372 "-" "Dalvik/1.6.0 (Linux; U; Android 4.1.2; GT-I9300 Build/JZO54K)"
91.83.163.253 - - [13/Sep/2013:18:15:10 +0200] "GET /aktualis_elemei/bio2szulinap_elemei/image104.jpg HTTP/1.1" 200 8372 "-" "Dalvik/1.6.0 (Linux; U; Android 4.1.2; GT-I9300 Build/JZO54K)"
91.83.159.92 - - [13/Sep/2013:18:56:40 +0200] "GET /aktualis_elemei/bio2szulinap_elemei/image106.jpg HTTP/1.1" 200 7697 "-" "Mozilla/5.0 (Windows NT 5.1; rv:23.0) Gecko/20100101 Firefox/23.0"
208.115.111.72 - - [13/Sep/2013:18:59:25 +0200] "GET /robots.txt HTTP/1.1" 404 1181 "-" "Mozilla/5.0 (compatible; Ezooms/1.0; ezooms.bot@gmail.com)"
157.56.93.50 - - [13/Sep/2013:19:01:28 +0200] "GET /robots.txt HTTP/1.1" 404 1181 "-" "Mozilla/5.0 (compatible; bingbot/2.0; +http://www.bing.com/bingbot.htm)"
157.56.93.50 - - [13/Sep/2013:19:05:18 +0200] "GET / HTTP/1.1" 200 884 "-" "Mozilla/5.0 (compatible; bingbot/2.0; +http://www.bing.com/bingbot.htm)"
66.249.78.57 - - [13/Sep/2013:19:08:27 +0200] "GET /robots.txt HTTP/1.1" 404 1181 "-" "Mozilla/5.0 (compatible; Googlebot/2.1; +http://www.google.com/bot.html)"
66.249.78.57 - - [13/Sep/2013:19:08:27 +0200] "GET /aktualis_elemei/bekamentes.html HTTP/1.1" 304 - "-" "Mozilla/5.0 (compatible; Googlebot/2.1; +http://www.google.com/bot.html)"
208.115.111.72 - - [13/Sep/2013:19:25:55 +0200] "GET / HTTP/1.1" 200 884 "-" "Mozilla/5.0 (compatible; Ezooms/1.0; ezooms.bot@gmail.com)"
66.249.78.57 - - [13/Sep/2013:19:42:10 +0200] "GET /kiadvany/delbukk.pdf HTTP/1.1" 304 - "-" "Mozilla/5.0 (iPhone; U; CPU iPhone OS 4_1 like Mac OS X; en-us) AppleWebKit/532.9 (KHTML, like Gecko) Version/4.0.5 Mobile/8B117 Safari/6531.22.7 (compatible; Googlebot-Mobile/2.1; +http://www.google.com/bot.html)"
212.92.1.242 - - [13/Sep/2013:20:39:38 +0200] "GET /aktualis_elemei/katonai_elemei/image004.jpg HTTP/1.1" 200 56554 "-" "Mozilla/5.0 (Windows NT 5.1) AppleWebKit/537.36 (KHTML, like Gecko) Chrome/29.0.1547.66 Safari/537.36"
199.30.20.15 - - [13/Sep/2013:20:48:39 +0200] "GET /robots.txt HTTP/1.1" 404 1181 "-" "msnbot-media/1.1 (+http://search.msn.com/msnbot.htm)"
199.30.20.15 - - [13/Sep/2013:20:48:40 +0200] "GET /aktualis_elemei/bio2szulinap_elemei/image042.jpg HTTP/1.1" 200 16066 "-" "msnbot-media/1.1 (+http://search.msn.com/msnbot.htm)"
199.30.16.37 - - [13/Sep/2013:21:16:39 +0200] "GET /robots.txt HTTP/1.1" 404 1181 "-" "msnbot-media/1.1 (+http://search.msn.com/msnbot.htm)"
199.30.16.37 - - [13/Sep/2013:21:16:39 +0200] "GET /aktualis_elemei/ausztriaut_elemei/image041.jpg HTTP/1.1" 404 1181 "-" "msnbot-media/1.1 (+http://search.msn.com/msnbot.htm)"
60.53.253.146 - - [13/Sep/2013:21:25:31 +0200] "GET / HTTP/1.1" 200 884 "-" "Mozilla/4.0 (compatible; MSIE 5.0; Windows NT; DigExt; DTS Agent"
157.56.93.50 - - [13/Sep/2013:21:31:15 +0200] "GET /robots.txt HTTP/1.1" 404 1181 "-" "Mozilla/5.0 (compatible; bingbot/2.0; +http://www.bing.com/bingbot.htm)"
157.56.93.50 - - [13/Sep/2013:21:32:31 +0200] "GET / HTTP/1.1" 200 884 "-" "Mozilla/5.0 (compatible; bingbot/2.0; +http://www.bing.com/bingbot.htm)"
81.183.124.1 - - [13/Sep/2013:22:01:17 +0200] "GET /aktualis_elemei/bio2szulinap_elemei/image124.jpg HTTP/1.1" 200 8278 "-" "Mozilla/5.0 (Windows NT 6.0; rv:23.0) Gecko/20100101 Firefox/23.0"
81.183.124.1 - - [13/Sep/2013:22:01:17 +0200] "GET /aktualis_elemei/bio2szulinap_elemei/image122.jpg HTTP/1.1" 200 8543 "-" "Mozilla/5.0 (Windows NT 6.0; rv:23.0) Gecko/20100101 Firefox/23.0"
5.10.83.57 - - [13/Sep/2013:22:18:17 +0200] "GET /aktualis_elemei/upfuzet.html HTTP/1.1" 200 13137 "-" "Mozilla/5.0 (compatible; AhrefsBot/5.0; +http://ahrefs.com/robot/)"
5.10.83.92 - - [13/Sep/2013:22:48:20 +0200] "GET /aktualis_elemei/hulladek-klima.humusz.html HTTP/1.1" 200 13381 "-" "Mozilla/5.0 (compatible; AhrefsBot/5.0; +http://ahrefs.com/robot/)"
78.131.104.152 - - [13/Sep/2013:23:20:48 +0200] "GET /aktualis_elemei/bio2szulinap_elemei/image056.jpg HTTP/1.1" 200 10317 "http://www.google.hu/search?q=vad%C3%A1szg%C3%B6r%C3%A9ny&client=safari&hl=hu&source=lnms&tbm=isch&sa=X&ei=810zUqqqGcfJtAaQ84CgCg&ved=0CAgQ_AUoAA&biw=320&bih=416&dpr=2" "Mozilla/5.0 (iPhone; CPU iPhone OS 5_1_1 like Mac OS X) AppleWebKit/534.46 (KHTML, like Gecko) Version/5.1 Mobile/9B206 Safari/7534.48.3"
5.10.83.59 - - [14/Sep/2013:00:03:36 +0200] "GET /aktualis_elemei/mszforum.html HTTP/1.1" 200 7326 "-" "Mozilla/5.0 (compatible; AhrefsBot/5.0; +http://ahrefs.com/robot/)"
5.10.83.40 - - [14/Sep/2013:00:51:09 +0200] "GET /aktualis_elemei/bbbekagyart%20elozetes.html HTTP/1.1" 200 9699 "-" "Mozilla/5.0 (compatible; AhrefsBot/5.0; +http://ahrefs.com/robot/)"
70.51.35.82 - - [14/Sep/2013:01:28:15 +0200] "GET /aktualis_elemei/bio2szulinap_elemei/image120.jpg HTTP/1.1" 200 9114 "-" "Mozilla/5.0 (Macintosh; Intel Mac OS X 10_8_4) AppleWebKit/537.36 (KHTML, like Gecko) Chrome/29.0.1547.65 Safari/537.36"
176.9.83.228 - - [14/Sep/2013:01:37:43 +0200] "GET / HTTP/1.1" 200 884 "-" "ExB Language Crawler 2.1.5 (+http://www.exb.de/crawler)"
89.132.90.157 - - [14/Sep/2013:01:41:09 +0200] "GET /robots.txt HTTP/1.1" 404 1181 "-" "Mozilla/5.0 (compatible; JobKeresoBot; http://www.jobkereso.com/help.jsp)"
89.132.90.157 - - [14/Sep/2013:01:41:09 +0200] "GET / HTTP/1.1" 200 884 "-" "Mozilla/5.0 (compatible; JobKeresoBot; http://www.jobkereso.com/help.jsp)"
65.55.215.91 - - [14/Sep/2013:01:46:27 +0200] "GET /robots.txt HTTP/1.1" 404 1181 "-" "msnbot-media/1.1 (+http://search.msn.com/msnbot.htm)"
65.55.215.91 - - [14/Sep/2013:01:46:27 +0200] "GET /aktualis_elemei/ausztriaut_elemei/image039.jpg HTTP/1.1" 404 1181 "-" "msnbot-media/1.1 (+http://search.msn.com/msnbot.htm)"
80.98.138.117 - - [14/Sep/2013:02:02:25 +0200] "GET / HTTP/1.1" 200 884 "-" "Mozilla/5.0 (iPhone; CPU iPhone OS 6_1_4 like Mac OS X) AppleWebKit/536.26 (KHTML, like Gecko) CriOS/29.0.1547.11 Mobile/10B350 Safari/8536.25"
80.98.138.117 - - [14/Sep/2013:02:02:26 +0200] "GET /pattern.jpg HTTP/1.1" 200 13798 "http://greenaction.hu/" "Mozilla/5.0 (iPhone; CPU iPhone OS 6_1_4 like Mac OS X) AppleWebKit/536.26 (KHTML, like Gecko) CriOS/29.0.1547.11 Mobile/10B350 Safari/8536.25"
80.98.138.117 - - [14/Sep/2013:02:02:26 +0200] "GET /favicon.ico HTTP/1.1" 404 1181 "-" "Mozilla/5.0 (iPhone; CPU iPhone OS 6_1_4 like Mac OS X) AppleWebKit/536.26 (KHTML, like Gecko) CriOS/29.0.1547.11 Mobile/10B350 Safari/8536.25"
80.98.138.117 - - [14/Sep/2013:02:02:26 +0200] "GET /apple-touch-icon-precomposed.png HTTP/1.1" 404 1181 "-" "Mozilla/5.0 (iPhone; CPU iPhone OS 6_1_4 like Mac OS X) AppleWebKit/536.26 (KHTML, like Gecko) CriOS/29.0.1547.11 Mobile/10B350 Safari/8536.25"
66.249.78.57 - - [14/Sep/2013:02:13:37 +0200] "GET / HTTP/1.1" 200 884 "-" "SAMSUNG-SGH-E250/1.0 Profile/MIDP-2.0 Configuration/CLDC-1.1 UP.Browser/6.2.3.3.c.1.101 (GUI) MMP/2.0 (compatible; Googlebot-Mobile/2.1; +http://www.google.com/bot.html)"
157.55.32.146 - - [14/Sep/2013:02:25:55 +0200] "GET /robots.txt HTTP/1.1" 404 1181 "-" "Mozilla/5.0 (compatible; bingbot/2.0; +http://www.bing.com/bingbot.htm)"
77.111.91.57 - - [14/Sep/2013:02:33:07 +0200] "GET / HTTP/1.1" 200 884 "-" "Mozilla/5.0 (Macintosh; Intel Mac OS X 10_7_4) AppleWebKit/534.57.2 (KHTML, like Gecko) Version/5.1.7 Safari/534.57.2"
157.55.32.146 - - [14/Sep/2013:02:36:44 +0200] "GET /archiv_elemei/belvarostc.html HTTP/1.1" 304 - "-" "Mozilla/5.0 (compatible; bingbot/2.0; +http://www.bing.com/bingbot.htm)"
124.121.244.96 - - [14/Sep/2013:03:06:14 +0200] "GET / HTTP/1.1" 200 884 "-" "Mozilla/4.0 (compatible; MSIE 5.0; Windows NT; DigExt; DTS Agent"
117.79.144.165 - - [14/Sep/2013:03:51:21 +0200] "GET / HTTP/1.1" 200 884 "-" "Mozilla/4.0 (compatible; MSIE 8.0; Windows NT 5.1; Trident/4.0)"
78.46.154.37 - - [14/Sep/2013:04:15:27 +0200] "GET /robots.txt HTTP/1.1" 404 1181 "-" "ExB Language Crawler 2.1.5 (+http://www.exb.de/crawler)"
5.10.83.86 - - [14/Sep/2013:04:17:01 +0200] "GET /aktualis_elemei/klimaorjaratp.html HTTP/1.1" 200 9683 "-" "Mozilla/5.0 (compatible; AhrefsBot/5.0; +http://ahrefs.com/robot/)"
65.55.215.48 - - [14/Sep/2013:04:57:52 +0200] "GET /robots.txt HTTP/1.1" 404 1181 "-" "msnbot-media/1.1 (+http://search.msn.com/msnbot.htm)"
65.55.215.48 - - [14/Sep/2013:04:57:52 +0200] "GET /aktualis_elemei/bio2szulinap_elemei/image128.jpg HTTP/1.1" 200 8653 "-" "msnbot-media/1.1 (+http://search.msn.com/msnbot.htm)"
199.30.20.144 - - [14/Sep/2013:05:12:02 +0200] "GET /robots.txt HTTP/1.1" 404 1181 "-" "msnbot-media/1.1 (+http://search.msn.com/msnbot.htm)"
199.30.20.144 - - [14/Sep/2013:05:12:02 +0200] "GET /aktualis_elemei/bio2szulinap_elemei/image008.jpg HTTP/1.1" 200 14223 "-" "msnbot-media/1.1 (+http://search.msn.com/msnbot.htm)"
5.10.83.105 - - [14/Sep/2013:05:25:25 +0200] "GET /aktualis_elemei/katonai.html HTTP/1.1" 200 22109 "-" "Mozilla/5.0 (compatible; AhrefsBot/5.0; +http://ahrefs.com/robot/)"
80.57.196.31 - - [14/Sep/2013:05:49:12 +0200] "GET / HTTP/1.1" 200 884 "-" "Java/1.7.0_25"
216.107.155.114 - - [14/Sep/2013:07:15:28 +0200] "GET /robots.txt HTTP/1.0" 404 1181 "-" "Mozilla/5.0 (compatible; MJ12bot/v1.4.4; http://www.majestic12.co.uk/bot.php?+)"
216.107.155.114 - - [14/Sep/2013:07:15:30 +0200] "GET / HTTP/1.0" 200 884 "-" "Mozilla/5.0 (compatible; MJ12bot/v1.4.4; http://www.majestic12.co.uk/bot.php?+)"
157.56.229.23 - - [14/Sep/2013:07:23:16 +0200] "GET /robots.txt HTTP/1.1" 404 1181 "-" "Mozilla/5.0 (compatible; bingbot/2.0; +http://www.bing.com/bingbot.htm)"
157.56.229.23 - - [14/Sep/2013:07:27:08 +0200] "GET /kiadvany/miskolchvte.pdf HTTP/1.1" 200 4059249 "-" "Mozilla/5.0 (compatible; bingbot/2.0; +http://www.bing.com/bingbot.htm)"
81.182.223.198 - - [14/Sep/2013:07:32:20 +0200] "GET /aktualis_elemei/bio2szulinap_elemei/image116.jpg HTTP/1.1" 200 9709 "-" "Mozilla/5.0 (Windows NT 6.1) AppleWebKit/537.36 (KHTML, like Gecko) Chrome/29.0.1547.66 Safari/537.36"
81.182.223.198 - - [14/Sep/2013:07:32:30 +0200] "GET /aktualis_elemei/bio2szulinap_elemei/image114.jpg HTTP/1.1" 200 6950 "-" "Mozilla/5.0 (Windows NT 6.1) AppleWebKit/537.36 (KHTML, like Gecko) Chrome/29.0.1547.66 Safari/537.36"
5.10.83.66 - - [14/Sep/2013:07:34:03 +0200] "GET /aktualis_elemei/fnhv.html HTTP/1.1" 200 48118 "-" "Mozilla/5.0 (compatible; AhrefsBot/5.0; +http://ahrefs.com/robot/)"
199.30.20.93 - - [14/Sep/2013:07:38:28 +0200] "GET /robots.txt HTTP/1.1" 404 1181 "-" "msnbot-media/1.1 (+http://search.msn.com/msnbot.htm)"
199.30.20.93 - - [14/Sep/2013:07:38:28 +0200] "GET /aktualis_elemei/bio2szulinap_elemei/image138.jpg HTTP/1.1" 200 9822 "-" "msnbot-media/1.1 (+http://search.msn.com/msnbot.htm)"
157.56.229.23 - - [14/Sep/2013:07:41:19 +0200] "GET /robots.txt HTTP/1.1" 404 1181 "-" "Mozilla/5.0 (compatible; bingbot/2.0; +http://www.bing.com/bingbot.htm)"
157.56.229.23 - - [14/Sep/2013:07:45:20 +0200] "GET /aktualis_elemei/ausztriaut.html HTTP/1.1" 304 - "-" "Mozilla/5.0 (compatible; bingbot/2.0; +http://www.bing.com/bingbot.htm)"
65.55.215.90 - - [14/Sep/2013:07:55:02 +0200] "GET /robots.txt HTTP/1.1" 404 1181 "-" "msnbot-media/1.1 (+http://search.msn.com/msnbot.htm)"
65.55.215.90 - - [14/Sep/2013:07:55:02 +0200] "GET /aktualis_elemei/bio2szulinap_elemei/image124.jpg HTTP/1.1" 200 8278 "-" "msnbot-media/1.1 (+http://search.msn.com/msnbot.htm)"
5.10.83.57 - - [14/Sep/2013:07:55:36 +0200] "GET /aktualis_elemei/fnp.html HTTP/1.1" 200 51102 "-" "Mozilla/5.0 (compatible; AhrefsBot/5.0; +http://ahrefs.com/robot/)"
46.107.115.118 - - [14/Sep/2013:08:09:55 +0200] "GET /aktualis_elemei/bio2szulinap_elemei/image132.jpg HTTP/1.1" 200 8237 "-" "Mozilla/5.0 (Windows NT 6.1) AppleWebKit/537.36 (KHTML, like Gecko) Chrome/29.0.1547.66 Safari/537.36"
84.3.227.233 - - [14/Sep/2013:08:30:19 +0200] "GET /aktualis_elemei/bio2szulinap_elemei/image116.jpg HTTP/1.1" 200 9709 "http://www.google.hu/search?q=besztercei+szilva&client=ms-android-htc-rev&hl=en-GB&source=android-launcher-search&v=133247963&source=lnms&tbm=isch&sa=X&ei=UAI0UsLnIfPe7AbWl4BI&ved=0CAgQ_AUoAA&biw=320&bih=533&dpr=1.5" "Mozilla/5.0 (Linux; U; Android 2.3.5; en-gb; HTC_DesireS_S510e Build/GRJ90) AppleWebKit/533.1 (KHTML, like Gecko) Version/4.0 Mobile Safari/533.1"
84.3.227.233 - - [14/Sep/2013:08:30:51 +0200] "GET /aktualis_elemei/bio2szulinap_elemei/image114.jpg HTTP/1.1" 200 6950 "http://www.google.hu/search?q=besztercei+szilva&client=ms-android-htc-rev&hl=en-GB&source=android-launcher-search&v=133247963&source=lnms&tbm=isch&sa=X&ei=UAI0UsLnIfPe7AbWl4BI&ved=0CAgQ_AUoAA&biw=320&bih=533&dpr=1.5" "Mozilla/5.0 (Linux; U; Android 2.3.5; en-gb; HTC_DesireS_S510e Build/GRJ90) AppleWebKit/533.1 (KHTML, like Gecko) Version/4.0 Mobile Safari/533.1"
87.97.60.242 - - [14/Sep/2013:08:47:05 +0200] "GET /aktualis_elemei/bio2szulinap_elemei/image114.jpg HTTP/1.1" 200 6950 "-" "Mozilla/5.0 (compatible; MSIE 10.0; Windows NT 6.1; WOW64; Trident/6.0)"
199.58.86.211 - - [14/Sep/2013:09:03:09 +0200] "GET /robots.txt HTTP/1.0" 404 1181 "-" "Mozilla/5.0 (compatible; MJ12bot/v1.4.4; http://www.majestic12.co.uk/bot.php?+)"
199.58.86.211 - - [14/Sep/2013:09:03:11 +0200] "GET / HTTP/1.0" 200 884 "-" "Mozilla/5.0 (compatible; MJ12bot/v1.4.4; http://www.majestic12.co.uk/bot.php?+)"
199.30.20.15 - - [14/Sep/2013:09:27:24 +0200] "GET /robots.txt HTTP/1.1" 404 1181 "-" "msnbot-media/1.1 (+http://search.msn.com/msnbot.htm)"
199.30.20.15 - - [14/Sep/2013:09:27:24 +0200] "GET /aktualis_elemei/bio2szulinap_elemei/image042.jpg HTTP/1.1" 200 16066 "-" "msnbot-media/1.1 (+http://search.msn.com/msnbot.htm)"
65.55.215.64 - - [14/Sep/2013:09:40:39 +0200] "GET /robots.txt HTTP/1.1" 404 1181 "-" "msnbot-media/1.1 (+http://search.msn.com/msnbot.htm)"
65.55.215.64 - - [14/Sep/2013:09:40:39 +0200] "GET /aktualis_elemei/ausztriaut_elemei/image001.jpg HTTP/1.1" 200 2926 "-" "msnbot-media/1.1 (+http://search.msn.com/msnbot.htm)"
66.249.78.57 - - [14/Sep/2013:11:02:18 +0200] "GET /robots.txt HTTP/1.1" 404 1181 "-" "Mozilla/5.0 (compatible; Googlebot/2.1; +http://www.google.com/bot.html)"
66.249.78.57 - - [14/Sep/2013:11:02:18 +0200] "GET /aktualis_elemei/bio2szulinap.html HTTP/1.1" 304 - "-" "Mozilla/5.0 (iPhone; U; CPU iPhone OS 4_1 like Mac OS X; en-us) AppleWebKit/532.9 (KHTML, like Gecko) Version/4.0.5 Mobile/8B117 Safari/6531.22.7 (compatible; Googlebot-Mobile/2.1; +http://www.google.com/bot.html)"
5.10.83.66 - - [14/Sep/2013:11:13:42 +0200] "GET / HTTP/1.1" 200 884 "-" "Mozilla/5.0 (compatible; AhrefsBot/5.0; +http://ahrefs.com/robot/)"
178.48.62.105 - - [14/Sep/2013:11:18:21 +0200] "GET /aktualis_elemei/bio2szulinap_elemei/image116.jpg HTTP/1.1" 200 9709 "https://www.google.hu/" "Mozilla/5.0 (Windows NT 6.1; WOW64) AppleWebKit/537.36 (KHTML, like Gecko) Chrome/29.0.1547.66 Safari/537.36"
89.132.126.220 - - [14/Sep/2013:11:26:25 +0200] "GET /aktualis_elemei/bio2szulinap_elemei/image134.jpg HTTP/1.1" 200 10678 "-" "Mozilla/5.0 (Windows NT 6.2; WOW64; rv:23.0) Gecko/20100101 Firefox/23.0"
5.10.83.86 - - [14/Sep/2013:11:30:05 +0200] "GET /aktualis_elemei/biokutatas.html HTTP/1.1" 200 6334 "-" "Mozilla/5.0 (compatible; AhrefsBot/5.0; +http://ahrefs.com/robot/)"
5.10.83.59 - - [14/Sep/2013:11:34:24 +0200] "GET /aktualis_elemei/knavastc.html HTTP/1.1" 200 12073 "-" "Mozilla/5.0 (compatible; AhrefsBot/5.0; +http://ahrefs.com/robot/)"
78.92.203.77 - - [14/Sep/2013:11:37:22 +0200] "GET /aktualis_elemei/bio2szulinap_elemei/image110.jpg HTTP/1.1" 200 8760 "-" "Mozilla/5.0 (Windows NT 6.2; rv:23.0) Gecko/20100101 Firefox/23.0"
199.30.16.7 - - [14/Sep/2013:11:43:30 +0200] "GET /robots.txt HTTP/1.1" 404 1181 "-" "msnbot-media/1.1 (+http://search.msn.com/msnbot.htm)"
199.30.16.7 - - [14/Sep/2013:11:43:30 +0200] "GET /aktualis_elemei/ausztriaut_elemei/image031.jpg HTTP/1.1" 404 1181 "-" "msnbot-media/1.1 (+http://search.msn.com/msnbot.htm)"
5.10.83.69 - - [14/Sep/2013:12:35:44 +0200] "GET /aktualis_elemei/biovasarszombat.html HTTP/1.1" 200 12258 "-" "Mozilla/5.0 (compatible; AhrefsBot/5.0; +http://ahrefs.com/robot/)"
78.46.198.74 - - [14/Sep/2013:12:43:15 +0200] "GET / HTTP/1.1" 200 884 "-" "ExB Language Crawler 2.1.5 (+http://www.exb.de/crawler)"
199.30.16.38 - - [14/Sep/2013:12:56:57 +0200] "GET /robots.txt HTTP/1.1" 404 1181 "-" "msnbot-media/1.1 (+http://search.msn.com/msnbot.htm)"
199.30.16.38 - - [14/Sep/2013:12:56:58 +0200] "GET /aktualis_elemei/bio2szulinap_elemei/image050.jpg HTTP/1.1" 200 12224 "-" "msnbot-media/1.1 (+http://search.msn.com/msnbot.htm)"
5.10.83.66 - - [14/Sep/2013:13:03:59 +0200] "GET /aktualis_elemei/ktavmuhely.html HTTP/1.1" 200 22398 "-" "Mozilla/5.0 (compatible; AhrefsBot/5.0; +http://ahrefs.com/robot/)"
84.1.157.248 - - [14/Sep/2013:13:24:31 +0200] "GET /aktualis_elemei/bio2szulinap_elemei/image110.jpg HTTP/1.1" 200 8760 "-" "Mozilla/5.0 (Windows NT 5.1; rv:23.0) Gecko/20100101 Firefox/23.0"
199.30.20.11 - - [14/Sep/2013:13:41:42 +0200] "GET /robots.txt HTTP/1.1" 404 1181 "-" "msnbot-media/1.1 (+http://search.msn.com/msnbot.htm)"
199.30.20.11 - - [14/Sep/2013:13:41:43 +0200] "GET /aktualis_elemei/bio2szulinap_elemei/image006.jpg HTTP/1.1" 200 9889 "-" "msnbot-media/1.1 (+http://search.msn.com/msnbot.htm)"
72.2.8.77 - - [14/Sep/2013:13:53:36 +0200] "GET / HTTP/1.1" 200 884 "http://www.miskolc.hu/en/tourism/thematic-programs/shopping" "Mozilla/5.0 (iPad; CPU OS 6_1_3 like Mac OS X) AppleWebKit/536.26 (KHTML, like Gecko) Version/6.0 Mobile/10B329 Safari/8536.25"
72.2.8.77 - - [14/Sep/2013:13:53:36 +0200] "GET /pattern.jpg HTTP/1.1" 200 13798 "http://www.greenaction.hu/" "Mozilla/5.0 (iPad; CPU OS 6_1_3 like Mac OS X) AppleWebKit/536.26 (KHTML, like Gecko) Version/6.0 Mobile/10B329 Safari/8536.25"
66.249.78.57 - - [14/Sep/2013:14:02:29 +0200] "GET /hirek/F%F6ld%20Napja%20Hete%202011.%20programaj%E1nl%F3.pdf HTTP/1.1" 404 1181 "-" "Mozilla/5.0 (compatible; Googlebot/2.1; +http://www.google.com/bot.html)"
5.10.83.49 - - [14/Sep/2013:14:29:25 +0200] "GET /aktualis_elemei/feleslegesaruk.html HTTP/1.1" 200 36259 "-" "Mozilla/5.0 (compatible; AhrefsBot/5.0; +http://ahrefs.com/robot/)"
77.111.154.212 - - [14/Sep/2013:15:17:49 +0200] "GET /aktualis_elemei/bio2szulinap_elemei/image116.jpg HTTP/1.1" 200 9709 "-" "Mozilla/5.0 (Windows NT 6.1; WOW64) AppleWebKit/537.36 (KHTML, like Gecko) Chrome/29.0.1547.66 Safari/537.36"
77.111.154.212 - - [14/Sep/2013:15:18:04 +0200] "GET /aktualis_elemei/bio2szulinap_elemei/image114.jpg HTTP/1.1" 200 6950 "-" "Mozilla/5.0 (Windows NT 6.1; WOW64) AppleWebKit/537.36 (KHTML, like Gecko) Chrome/29.0.1547.66 Safari/537.36"
199.30.20.144 - - [14/Sep/2013:15:21:20 +0200] "GET /robots.txt HTTP/1.1" 404 1181 "-" "msnbot-media/1.1 (+http://search.msn.com/msnbot.htm)"
199.30.20.144 - - [14/Sep/2013:15:21:21 +0200] "GET /aktualis_elemei/bio2szulinap_elemei/image008.jpg HTTP/1.1" 200 14223 "-" "msnbot-media/1.1 (+http://search.msn.com/msnbot.htm)"
89.133.155.203 - - [14/Sep/2013:15:24:45 +0200] "GET /aktualis_elemei/bio2szulinap_elemei/image104.jpg HTTP/1.1" 200 8372 "-" "Mozilla/5.0 (Windows NT 5.1) AppleWebKit/537.36 (KHTML, like Gecko) Chrome/29.0.1547.66 Safari/537.36"
199.30.20.77 - - [14/Sep/2013:15:43:35 +0200] "GET /robots.txt HTTP/1.1" 404 1181 "-" "msnbot-media/1.1 (+http://search.msn.com/msnbot.htm)"
199.30.20.77 - - [14/Sep/2013:15:43:36 +0200] "GET /aktualis_elemei/bio2szulinap_elemei/image062.jpg HTTP/1.1" 200 10742 "-" "msnbot-media/1.1 (+http://search.msn.com/msnbot.htm)"
166.78.4.75 - - [14/Sep/2013:16:19:25 +0200] "GET / HTTP/1.1" 200 884 "-" "Mozilla/5.0 (Macintosh; Intel Mac OS X 10_7_5) AppleWebKit/537.11 (KHTML, like Gecko) Chrome/23.0.1271.95 Safari/537.11"
5.10.83.69 - - [14/Sep/2013:16:24:01 +0200] "GET /aktualis_elemei/kakcionap.html HTTP/1.1" 200 9027 "-" "Mozilla/5.0 (compatible; AhrefsBot/5.0; +http://ahrefs.com/robot/)"
80.69.77.186 - - [14/Sep/2013:16:26:39 +0200] "GET / HTTP/1.1" 200 884 "-" "Mozilla/4.0 (compatible; MSIE 5.0; Windows NT; DigExt; DTS Agent"
157.55.35.108 - - [14/Sep/2013:16:28:19 +0200] "GET /robots.txt HTTP/1.1" 404 1181 "-" "Mozilla/5.0 (compatible; bingbot/2.0; +http://www.bing.com/bingbot.htm)"
157.55.35.108 - - [14/Sep/2013:16:29:02 +0200] "GET /kiadvanyaink.html HTTP/1.1" 304 - "-" "Mozilla/5.0 (compatible; bingbot/2.0; +http://www.bing.com/bingbot.htm)"
37.76.80.214 - - [14/Sep/2013:16:52:19 +0200] "GET /aktualis_elemei/bio2szulinap_elemei/image134.jpg HTTP/1.1" 200 10678 "http://www.google.hu/search?q=bianka+sz%C5%91l%C5%91&client=ms-android-samsung&hl=hu&source=android-browser-type&v=133247963&tbm=isch&tbo=u&source=univ&sa=X&ei=wHc0UvamM8HVtAa7ooGoDg&ved=0CCwQsAQ&biw=480&bih=295&sei=1nc0UtvwLozJswachYCADw" "Mozilla/5.0 (Linux; U; Android 2.3.6; hu-hu; GT-S6500D Build/GINGERBREAD) AppleWebKit/533.1 (KHTML, like Gecko) Version/4.0 Mobile Safari/533.1"
78.131.104.59 - - [14/Sep/2013:16:53:52 +0200] "GET /aktualis_elemei/bekamentes_elemei/image003.jpg HTTP/1.1" 200 18979 "-" "Mozilla/5.0 (Windows NT 5.1; rv:23.0) Gecko/20100101 Firefox/23.0"
145.236.150.164 - - [14/Sep/2013:17:40:12 +0200] "GET /aktualis_elemei/katonai_elemei/image004.jpg HTTP/1.1" 200 56554 "http://www.google.hu/search?q=Katon%C3%A1k&client=safari&hl=hu&source=lnms&tbm=isch&sa=X&ei=1YI0UqHbDIbcsgaj-YC4BQ&ved=0CAgQ_AUoAA&biw=320&bih=356&sei=3YI0UtC1DMrPtQbl4YG4Bw" "Mozilla/5.0 (iPhone; CPU iPhone OS 5_0_1 like Mac OS X) AppleWebKit/534.46 (KHTML, like Gecko) Version/5.1 Mobile/9A405 Safari/7534.48.3"
5.10.83.86 - - [14/Sep/2013:17:58:41 +0200] "GET /aktualis_elemei/bioarak%2009.07.html HTTP/1.1" 200 286377 "-" "Mozilla/5.0 (compatible; AhrefsBot/5.0; +http://ahrefs.com/robot/)"
65.55.215.89 - - [14/Sep/2013:18:00:49 +0200] "GET /robots.txt HTTP/1.1" 404 1181 "-" "msnbot-media/1.1 (+http://search.msn.com/msnbot.htm)"
65.55.215.89 - - [14/Sep/2013:18:00:49 +0200] "GET /aktualis_elemei/bio2szulinap_elemei/image004.jpg HTTP/1.1" 200 9638 "-" "msnbot-media/1.1 (+http://search.msn.com/msnbot.htm)"
77.111.90.197 - - [14/Sep/2013:19:15:53 +0200] "GET /archiv_elemei/acitc.html HTTP/1.1" 200 13312 "-" "Mozilla/5.0 (X11; U; Linux i686; en-US; rv:1.9.0.4) Gecko/2008111318 Ubuntu/8.10 (intrepid) Firefox/3.0.4"
5.10.83.89 - - [14/Sep/2013:19:17:16 +0200] "GET /aktualis_elemei/lazadasatanyerodban.html HTTP/1.1" 200 14406 "-" "Mozilla/5.0 (compatible; AhrefsBot/5.0; +http://ahrefs.com/robot/)"
194.176.234.17 - - [14/Sep/2013:19:24:52 +0200] "GET /aktualis_elemei/bparak0929.html HTTP/1.1" 200 105768 "http://www.google.hu/url?sa=t&rct=j&q=&esrc=s&frm=1&source=web&cd=9&ved=0CFkQFjAI&url=http%3A%2F%2Fwww.greenaction.hu%2Faktualis_elemei%2Fbparak0929.html&ei=bJs0Uq_kFcaQtQbKooGwBg&usg=AFQjCNHtu6_8kBVHJSEho4ZbqgKD-xaDXQ&bvm=bv.52164340,d.Yms" "Mozilla/5.0 (compatible; MSIE 10.0; Windows NT 6.1; Trident/6.0)"
194.176.234.17 - - [14/Sep/2013:19:24:52 +0200] "GET /favicon.ico HTTP/1.1" 404 1181 "-" "Mozilla/5.0 (compatible; MSIE 10.0; Windows NT 6.1; Trident/6.0)"
123.125.71.31 - - [14/Sep/2013:19:37:54 +0200] "GET /robots.txt HTTP/1.1" 404 1181 "-" "Mozilla/5.0 (compatible; Baiduspider/2.0; +http://www.baidu.com/search/spider.html)"
84.0.213.37 - - [14/Sep/2013:19:42:46 +0200] "GET / HTTP/1.1" 200 884 "http://www.google.hu/url?sa=t&rct=j&q=&esrc=s&source=web&cd=1&ved=0CDEQFjAA&url=http%3A%2F%2Fwww.greenaction.hu%2F&ei=FaA0UsqnDJDFtAa4y4GABQ&usg=AFQjCNGWFfMAOYIu23uUnSDzg8wDyU3S6Q&sig2=1PTO3fzq8KYF6tGd0koDTw&bvm=bv.52164340,d.Yms" "Mozilla/5.0 (Windows NT 5.1; rv:23.0) Gecko/20100101 Firefox/23.0"
84.0.213.37 - - [14/Sep/2013:19:42:46 +0200] "GET /pattern.jpg HTTP/1.1" 200 13798 "http://www.greenaction.hu/" "Mozilla/5.0 (Windows NT 5.1; rv:23.0) Gecko/20100101 Firefox/23.0"
84.0.213.37 - - [14/Sep/2013:19:42:47 +0200] "GET /zoldakcio.swf HTTP/1.1" 200 840351 "http://www.greenaction.hu/" "Mozilla/5.0 (Windows NT 5.1; rv:23.0) Gecko/20100101 Firefox/23.0"
84.0.213.37 - - [14/Sep/2013:19:42:47 +0200] "GET /favicon.ico HTTP/1.1" 404 1181 "-" "Mozilla/5.0 (Windows NT 5.1; rv:23.0) Gecko/20100101 Firefox/23.0"
84.0.213.37 - - [14/Sep/2013:19:42:47 +0200] "GET /hirek/hirek.txt HTTP/1.1" 200 96857 "http://www.greenaction.hu/zoldakcio.swf" "Mozilla/5.0 (Windows NT 5.1; rv:23.0) Gecko/20100101 Firefox/23.0"
84.0.213.37 - - [14/Sep/2013:19:42:47 +0200] "GET /esemenynaptar/SparkEventsCalendar_loadVars.txt HTTP/1.1" 200 72712 "http://www.greenaction.hu/zoldakcio.swf" "Mozilla/5.0 (Windows NT 5.1; rv:23.0) Gecko/20100101 Firefox/23.0"
84.0.213.37 - - [14/Sep/2013:19:42:48 +0200] "GET /hirek/helyivedett.jpg HTTP/1.1" 404 1181 "http://www.greenaction.hu/zoldakcio.swf" "Mozilla/5.0 (Windows NT 5.1; rv:23.0) Gecko/20100101 Firefox/23.0"
84.0.213.37 - - [14/Sep/2013:19:42:48 +0200] "GET /hirek/biomassza2.jpg HTTP/1.1" 404 1181 "http://www.greenaction.hu/zoldakcio.swf" "Mozilla/5.0 (Windows NT 5.1; rv:23.0) Gecko/20100101 Firefox/23.0"
84.0.213.37 - - [14/Sep/2013:19:42:48 +0200] "GET /hirek/biomassza_forum.jpg HTTP/1.1" 200 6616 "http://www.greenaction.hu/zoldakcio.swf" "Mozilla/5.0 (Windows NT 5.1; rv:23.0) Gecko/20100101 Firefox/23.0"
84.0.213.37 - - [14/Sep/2013:19:42:48 +0200] "GET /hirek/kocsonyabeka.jpg HTTP/1.1" 200 4334 "http://www.greenaction.hu/zoldakcio.swf" "Mozilla/5.0 (Windows NT 5.1; rv:23.0) Gecko/20100101 Firefox/23.0"
84.0.213.37 - - [14/Sep/2013:19:42:48 +0200] "GET /hirek/programindito.jpg HTTP/1.1" 200 6594 "http://www.greenaction.hu/zoldakcio.swf" "Mozilla/5.0 (Windows NT 5.1; rv:23.0) Gecko/20100101 Firefox/23.0"
84.0.213.37 - - [14/Sep/2013:19:42:48 +0200] "GET /hirek/gmokrumpli.jpg HTTP/1.1" 200 9110 "http://www.greenaction.hu/zoldakcio.swf" "Mozilla/5.0 (Windows NT 5.1; rv:23.0) Gecko/20100101 Firefox/23.0"
84.0.213.37 - - [14/Sep/2013:19:42:48 +0200] "GET /hirek/gmofree.gif HTTP/1.1" 404 1181 "http://www.greenaction.hu/zoldakcio.swf" "Mozilla/5.0 (Windows NT 5.1; rv:23.0) Gecko/20100101 Firefox/23.0"
84.0.213.37 - - [14/Sep/2013:19:42:48 +0200] "GET /hirek/beno.jpg HTTP/1.1" 200 2623 "http://www.greenaction.hu/zoldakcio.swf" "Mozilla/5.0 (Windows NT 5.1; rv:23.0) Gecko/20100101 Firefox/23.0"
84.0.213.37 - - [14/Sep/2013:19:42:48 +0200] "GET /hirek/torta.jpg HTTP/1.1" 404 1181 "http://www.greenaction.hu/zoldakcio.swf" "Mozilla/5.0 (Windows NT 5.1; rv:23.0) Gecko/20100101 Firefox/23.0"
84.0.213.37 - - [14/Sep/2013:19:42:48 +0200] "GET /hirek/foldnapja.jpg HTTP/1.1" 200 4081 "http://www.greenaction.hu/zoldakcio.swf" "Mozilla/5.0 (Windows NT 5.1; rv:23.0) Gecko/20100101 Firefox/23.0"
84.0.213.37 - - [14/Sep/2013:19:42:48 +0200] "GET /hirek/foldnap2010.jpg HTTP/1.1" 200 7191 "http://www.greenaction.hu/zoldakcio.swf" "Mozilla/5.0 (Windows NT 5.1; rv:23.0) Gecko/20100101 Firefox/23.0"
84.0.213.37 - - [14/Sep/2013:19:42:48 +0200] "GET /hirek/gmoevo.jpg HTTP/1.1" 200 2951 "http://www.greenaction.hu/zoldakcio.swf" "Mozilla/5.0 (Windows NT 5.1; rv:23.0) Gecko/20100101 Firefox/23.0"
84.0.213.37 - - [14/Sep/2013:19:42:48 +0200] "GET /hirek/nullahullakovesd%20011.jpg HTTP/1.1" 200 8674 "http://www.greenaction.hu/zoldakcio.swf" "Mozilla/5.0 (Windows NT 5.1; rv:23.0) Gecko/20100101 Firefox/23.0"
84.0.213.37 - - [14/Sep/2013:19:42:48 +0200] "GET /hirek/paprika.jpg HTTP/1.1" 404 1181 "http://www.greenaction.hu/zoldakcio.swf" "Mozilla/5.0 (Windows NT 5.1; rv:23.0) Gecko/20100101 Firefox/23.0"
84.0.213.37 - - [14/Sep/2013:19:42:48 +0200] "GET /hirek/abauji.jpg HTTP/1.1" 200 21716 "http://www.greenaction.hu/zoldakcio.swf" "Mozilla/5.0 (Windows NT 5.1; rv:23.0) Gecko/20100101 Firefox/23.0"
84.0.213.37 - - [14/Sep/2013:19:42:48 +0200] "GET /hirek/benzinpisztoly.jpg HTTP/1.1" 200 2317 "http://www.greenaction.hu/zoldakcio.swf" "Mozilla/5.0 (Windows NT 5.1; rv:23.0) Gecko/20100101 Firefox/23.0"
84.0.213.37 - - [14/Sep/2013:19:42:48 +0200] "GET /hirek/marhafej.jpg HTTP/1.1" 200 3545 "http://www.greenaction.hu/zoldakcio.swf" "Mozilla/5.0 (Windows NT 5.1; rv:23.0) Gecko/20100101 Firefox/23.0"
84.0.213.37 - - [14/Sep/2013:19:42:48 +0200] "GET /hirek/zoldseg.jpg HTTP/1.1" 404 1181 "http://www.greenaction.hu/zoldakcio.swf" "Mozilla/5.0 (Windows NT 5.1; rv:23.0) Gecko/20100101 Firefox/23.0"
84.0.213.37 - - [14/Sep/2013:19:42:48 +0200] "GET /hirek/citrom.jpg HTTP/1.1" 200 11781 "http://www.greenaction.hu/zoldakcio.swf" "Mozilla/5.0 (Windows NT 5.1; rv:23.0) Gecko/20100101 Firefox/23.0"
84.0.213.37 - - [14/Sep/2013:19:42:48 +0200] "GET /hirek/adventikoszoru.jpg HTTP/1.1" 200 5581 "http://www.greenaction.hu/zoldakcio.swf" "Mozilla/5.0 (Windows NT 5.1; rv:23.0) Gecko/20100101 Firefox/23.0"
84.0.213.37 - - [14/Sep/2013:19:42:48 +0200] "GET /hirek/gyurgyalag.jpg HTTP/1.1" 200 2435 "http://www.greenaction.hu/zoldakcio.swf" "Mozilla/5.0 (Windows NT 5.1; rv:23.0) Gecko/20100101 Firefox/23.0"
84.0.213.37 - - [14/Sep/2013:19:42:48 +0200] "GET /hirek/naposoldal.jpg HTTP/1.1" 200 10106 "http://www.greenaction.hu/zoldakcio.swf" "Mozilla/5.0 (Windows NT 5.1; rv:23.0) Gecko/20100101 Firefox/23.0"
84.0.213.37 - - [14/Sep/2013:19:42:48 +0200] "GET /hirek/encs.jpg HTTP/1.1" 200 12831 "http://www.greenaction.hu/zoldakcio.swf" "Mozilla/5.0 (Windows NT 5.1; rv:23.0) Gecko/20100101 Firefox/23.0"
84.0.213.37 - - [14/Sep/2013:19:42:48 +0200] "GET /hirek/terelo.jpg HTTP/1.1" 200 10975 "http://www.greenaction.hu/zoldakcio.swf" "Mozilla/5.0 (Windows NT 5.1; rv:23.0) Gecko/20100101 Firefox/23.0"
84.0.213.37 - - [14/Sep/2013:19:42:48 +0200] "GET /hirek/varboibekak2011.jpg HTTP/1.1" 200 9200 "http://www.greenaction.hu/zoldakcio.swf" "Mozilla/5.0 (Windows NT 5.1; rv:23.0) Gecko/20100101 Firefox/23.0"
84.0.213.37 - - [14/Sep/2013:19:42:48 +0200] "GET /hirek/mctermeloipiac.jpg HTTP/1.1" 200 3752 "http://www.greenaction.hu/zoldakcio.swf" "Mozilla/5.0 (Windows NT 5.1; rv:23.0) Gecko/20100101 Firefox/23.0"
84.0.213.37 - - [14/Sep/2013:19:42:48 +0200] "GET /hirek/encsgyumi.jpg HTTP/1.1" 200 13077 "http://www.greenaction.hu/zoldakcio.swf" "Mozilla/5.0 (Windows NT 5.1; rv:23.0) Gecko/20100101 Firefox/23.0"
84.0.213.37 - - [14/Sep/2013:19:42:48 +0200] "GET /hirek/1%20szazalek.jpg HTTP/1.1" 200 16636 "http://www.greenaction.hu/zoldakcio.swf" "Mozilla/5.0 (Windows NT 5.1; rv:23.0) Gecko/20100101 Firefox/23.0"
84.0.213.37 - - [14/Sep/2013:19:42:48 +0200] "GET /hirek/viz.jpg HTTP/1.1" 200 2622 "http://www.greenaction.hu/zoldakcio.swf" "Mozilla/5.0 (Windows NT 5.1; rv:23.0) Gecko/20100101 Firefox/23.0"
84.0.213.37 - - [14/Sep/2013:19:42:48 +0200] "GET /hirek/bioszulinap2011.jpg HTTP/1.1" 200 17649 "http://www.greenaction.hu/zoldakcio.swf" "Mozilla/5.0 (Windows NT 5.1; rv:23.0) Gecko/20100101 Firefox/23.0"
84.0.213.37 - - [14/Sep/2013:19:43:23 +0200] "GET /rolunk/rolunk.txt HTTP/1.1" 200 315 "http://www.greenaction.hu/zoldakcio.swf" "Mozilla/5.0 (Windows NT 5.1; rv:23.0) Gecko/20100101 Firefox/23.0"
84.0.213.37 - - [14/Sep/2013:19:43:34 +0200] "GET /munkatarsak/munkatarsak.txt HTTP/1.1" 200 5093 "http://www.greenaction.hu/zoldakcio.swf" "Mozilla/5.0 (Windows NT 5.1; rv:23.0) Gecko/20100101 Firefox/23.0"
84.0.213.37 - - [14/Sep/2013:19:43:34 +0200] "GET /munkatarsak/szaszrobi.jpg HTTP/1.1" 404 1181 "http://www.greenaction.hu/zoldakcio.swf" "Mozilla/5.0 (Windows NT 5.1; rv:23.0) Gecko/20100101 Firefox/23.0"
84.0.213.37 - - [14/Sep/2013:19:43:34 +0200] "GET /munkatarsak/somogyikriszta.jpg HTTP/1.1" 200 5673 "http://www.greenaction.hu/zoldakcio.swf" "Mozilla/5.0 (Windows NT 5.1; rv:23.0) Gecko/20100101 Firefox/23.0"
84.0.213.37 - - [14/Sep/2013:19:43:34 +0200] "GET /munkatarsak/demeterzoli.jpg HTTP/1.1" 200 4056 "http://www.greenaction.hu/zoldakcio.swf" "Mozilla/5.0 (Windows NT 5.1; rv:23.0) Gecko/20100101 Firefox/23.0"
84.0.213.37 - - [14/Sep/2013:19:43:34 +0200] "GET /munkatarsak/barati.jpg HTTP/1.1" 200 22724 "http://www.greenaction.hu/zoldakcio.swf" "Mozilla/5.0 (Windows NT 5.1; rv:23.0) Gecko/20100101 Firefox/23.0"
84.0.213.37 - - [14/Sep/2013:19:44:13 +0200] "GET /vezetoseg/vezetoseg.txt HTTP/1.1" 200 1105 "http://www.greenaction.hu/zoldakcio.swf" "Mozilla/5.0 (Windows NT 5.1; rv:23.0) Gecko/20100101 Firefox/23.0"
84.0.213.37 - - [14/Sep/2013:19:44:13 +0200] "GET /vezetoseg/varnagy.jpg HTTP/1.1" 200 6113 "http://www.greenaction.hu/zoldakcio.swf" "Mozilla/5.0 (Windows NT 5.1; rv:23.0) Gecko/20100101 Firefox/23.0"
84.0.213.37 - - [14/Sep/2013:19:44:13 +0200] "GET /vezetoseg/.jpg HTTP/1.1" 404 1181 "http://www.greenaction.hu/zoldakcio.swf" "Mozilla/5.0 (Windows NT 5.1; rv:23.0) Gecko/20100101 Firefox/23.0"
84.0.213.37 - - [14/Sep/2013:19:44:13 +0200] "GET /vezetoseg/kenezmoni.jpg HTTP/1.1" 200 5198 "http://www.greenaction.hu/zoldakcio.swf" "Mozilla/5.0 (Windows NT 5.1; rv:23.0) Gecko/20100101 Firefox/23.0"
84.0.213.37 - - [14/Sep/2013:19:44:13 +0200] "GET /vezetoseg/.jpg HTTP/1.1" 404 1181 "http://www.greenaction.hu/zoldakcio.swf" "Mozilla/5.0 (Windows NT 5.1; rv:23.0) Gecko/20100101 Firefox/23.0"
84.0.213.37 - - [14/Sep/2013:19:44:13 +0200] "GET /vezetoseg/ibolya.jpg HTTP/1.1" 200 8226 "http://www.greenaction.hu/zoldakcio.swf" "Mozilla/5.0 (Windows NT 5.1; rv:23.0) Gecko/20100101 Firefox/23.0"
84.0.213.37 - - [14/Sep/2013:19:44:13 +0200] "GET /vezetoseg/szaszrobi.jpg HTTP/1.1" 200 1755 "http://www.greenaction.hu/zoldakcio.swf" "Mozilla/5.0 (Windows NT 5.1; rv:23.0) Gecko/20100101 Firefox/23.0"
84.0.213.37 - - [14/Sep/2013:19:44:13 +0200] "GET /vezetoseg/mikolarita.jpg HTTP/1.1" 200 9226 "http://www.greenaction.hu/zoldakcio.swf" "Mozilla/5.0 (Windows NT 5.1; rv:23.0) Gecko/20100101 Firefox/23.0"
84.0.213.37 - - [14/Sep/2013:19:44:13 +0200] "GET /vezetoseg/demeterzolielnok.jpg HTTP/1.1" 200 3076 "http://www.greenaction.hu/zoldakcio.swf" "Mozilla/5.0 (Windows NT 5.1; rv:23.0) Gecko/20100101 Firefox/23.0"
84.0.213.37 - - [14/Sep/2013:19:44:13 +0200] "GET /vezetoseg/hontiszabi.jpg HTTP/1.1" 200 32918 "http://www.greenaction.hu/zoldakcio.swf" "Mozilla/5.0 (Windows NT 5.1; rv:23.0) Gecko/20100101 Firefox/23.0"
84.0.213.37 - - [14/Sep/2013:19:44:13 +0200] "GET /vezetoseg/.jpg HTTP/1.1" 404 1181 "http://www.greenaction.hu/zoldakcio.swf" "Mozilla/5.0 (Windows NT 5.1; rv:23.0) Gecko/20100101 Firefox/23.0"
84.0.213.37 - - [14/Sep/2013:19:44:26 +0200] "GET /hirek/helyivedett.jpg HTTP/1.1" 404 1181 "http://www.greenaction.hu/zoldakcio.swf" "Mozilla/5.0 (Windows NT 5.1; rv:23.0) Gecko/20100101 Firefox/23.0"
84.0.213.37 - - [14/Sep/2013:19:44:26 +0200] "GET /hirek/biomassza2.jpg HTTP/1.1" 404 1181 "http://www.greenaction.hu/zoldakcio.swf" "Mozilla/5.0 (Windows NT 5.1; rv:23.0) Gecko/20100101 Firefox/23.0"
84.0.213.37 - - [14/Sep/2013:19:44:26 +0200] "GET /hirek/gmofree.gif HTTP/1.1" 404 1181 "http://www.greenaction.hu/zoldakcio.swf" "Mozilla/5.0 (Windows NT 5.1; rv:23.0) Gecko/20100101 Firefox/23.0"
84.0.213.37 - - [14/Sep/2013:19:44:26 +0200] "GET /hirek/torta.jpg HTTP/1.1" 404 1181 "http://www.greenaction.hu/zoldakcio.swf" "Mozilla/5.0 (Windows NT 5.1; rv:23.0) Gecko/20100101 Firefox/23.0"
84.0.213.37 - - [14/Sep/2013:19:44:26 +0200] "GET /hirek/paprika.jpg HTTP/1.1" 404 1181 "http://www.greenaction.hu/zoldakcio.swf" "Mozilla/5.0 (Windows NT 5.1; rv:23.0) Gecko/20100101 Firefox/23.0"
84.0.213.37 - - [14/Sep/2013:19:44:26 +0200] "GET /hirek/zoldseg.jpg HTTP/1.1" 404 1181 "http://www.greenaction.hu/zoldakcio.swf" "Mozilla/5.0 (Windows NT 5.1; rv:23.0) Gecko/20100101 Firefox/23.0"
84.0.213.37 - - [14/Sep/2013:19:44:30 +0200] "POST /kepek/map.php HTTP/1.1" 200 43 "-" "Mozilla/5.0 (Windows NT 5.1; rv:23.0) Gecko/20100101 Firefox/23.0"
84.0.213.37 - - [14/Sep/2013:19:44:30 +0200] "GET /kepek/albumnevek.txt HTTP/1.1" 200 283 "http://www.greenaction.hu/zoldakcio.swf" "Mozilla/5.0 (Windows NT 5.1; rv:23.0) Gecko/20100101 Firefox/23.0"
84.0.213.37 - - [14/Sep/2013:19:44:30 +0200] "GET /kepek/albumkep/11.jpg HTTP/1.1" 200 15918 "http://www.greenaction.hu/zoldakcio.swf" "Mozilla/5.0 (Windows NT 5.1; rv:23.0) Gecko/20100101 Firefox/23.0"
84.0.213.37 - - [14/Sep/2013:19:44:30 +0200] "GET /kepek/albumkep/10.jpg HTTP/1.1" 200 12097 "http://www.greenaction.hu/zoldakcio.swf" "Mozilla/5.0 (Windows NT 5.1; rv:23.0) Gecko/20100101 Firefox/23.0"
84.0.213.37 - - [14/Sep/2013:19:44:30 +0200] "GET /kepek/albumkep/9.jpg HTTP/1.1" 200 16179 "http://www.greenaction.hu/zoldakcio.swf" "Mozilla/5.0 (Windows NT 5.1; rv:23.0) Gecko/20100101 Firefox/23.0"
84.0.213.37 - - [14/Sep/2013:19:44:31 +0200] "GET /kepek/albumkep/8.jpg HTTP/1.1" 200 8184 "http://www.greenaction.hu/zoldakcio.swf" "Mozilla/5.0 (Windows NT 5.1; rv:23.0) Gecko/20100101 Firefox/23.0"
84.0.213.37 - - [14/Sep/2013:19:44:31 +0200] "GET /kepek/albumkep/5.jpg HTTP/1.1" 200 6210 "http://www.greenaction.hu/zoldakcio.swf" "Mozilla/5.0 (Windows NT 5.1; rv:23.0) Gecko/20100101 Firefox/23.0"
84.0.213.37 - - [14/Sep/2013:19:44:31 +0200] "GET /kepek/albumkep/3.jpg HTTP/1.1" 200 1737 "http://www.greenaction.hu/zoldakcio.swf" "Mozilla/5.0 (Windows NT 5.1; rv:23.0) Gecko/20100101 Firefox/23.0"
84.0.213.37 - - [14/Sep/2013:19:44:31 +0200] "GET /kepek/albumkep/4.jpg HTTP/1.1" 200 4237 "http://www.greenaction.hu/zoldakcio.swf" "Mozilla/5.0 (Windows NT 5.1; rv:23.0) Gecko/20100101 Firefox/23.0"
84.0.213.37 - - [14/Sep/2013:19:44:31 +0200] "GET /kepek/albumkep/6.jpg HTTP/1.1" 200 7425 "http://www.greenaction.hu/zoldakcio.swf" "Mozilla/5.0 (Windows NT 5.1; rv:23.0) Gecko/20100101 Firefox/23.0"
84.0.213.37 - - [14/Sep/2013:19:44:31 +0200] "GET /kepek/albumkep/2.jpg HTTP/1.1" 200 5112 "http://www.greenaction.hu/zoldakcio.swf" "Mozilla/5.0 (Windows NT 5.1; rv:23.0) Gecko/20100101 Firefox/23.0"
84.0.213.37 - - [14/Sep/2013:19:44:31 +0200] "GET /kepek/albumkep/7.jpg HTTP/1.1" 200 7955 "http://www.greenaction.hu/zoldakcio.swf" "Mozilla/5.0 (Windows NT 5.1; rv:23.0) Gecko/20100101 Firefox/23.0"
84.0.213.37 - - [14/Sep/2013:19:44:31 +0200] "GET /kepek/albumkep/1.jpg HTTP/1.1" 200 3033 "http://www.greenaction.hu/zoldakcio.swf" "Mozilla/5.0 (Windows NT 5.1; rv:23.0) Gecko/20100101 Firefox/23.0"
84.0.213.37 - - [14/Sep/2013:19:44:33 +0200] "GET /kiadvanyok/kiadvanyok.txt HTTP/1.1" 200 3316 "http://www.greenaction.hu/zoldakcio.swf" "Mozilla/5.0 (Windows NT 5.1; rv:23.0) Gecko/20100101 Firefox/23.0"
84.0.213.37 - - [14/Sep/2013:19:44:33 +0200] "GET /kiadvanyok/x HTTP/1.1" 404 1181 "http://www.greenaction.hu/zoldakcio.swf" "Mozilla/5.0 (Windows NT 5.1; rv:23.0) Gecko/20100101 Firefox/23.0"
84.0.213.37 - - [14/Sep/2013:19:44:33 +0200] "GET /kiadvanyok/x HTTP/1.1" 404 1181 "http://www.greenaction.hu/zoldakcio.swf" "Mozilla/5.0 (Windows NT 5.1; rv:23.0) Gecko/20100101 Firefox/23.0"
84.0.213.37 - - [14/Sep/2013:19:44:33 +0200] "GET /kiadvanyok/kiadvany05.jpg HTTP/1.1" 200 11750 "http://www.greenaction.hu/zoldakcio.swf" "Mozilla/5.0 (Windows NT 5.1; rv:23.0) Gecko/20100101 Firefox/23.0"
84.0.213.37 - - [14/Sep/2013:19:44:33 +0200] "GET /kiadvanyok/x HTTP/1.1" 404 1181 "http://www.greenaction.hu/zoldakcio.swf" "Mozilla/5.0 (Windows NT 5.1; rv:23.0) Gecko/20100101 Firefox/23.0"
84.0.213.37 - - [14/Sep/2013:19:44:33 +0200] "GET /kiadvanyok/x HTTP/1.1" 404 1181 "http://www.greenaction.hu/zoldakcio.swf" "Mozilla/5.0 (Windows NT 5.1; rv:23.0) Gecko/20100101 Firefox/23.0"
84.0.213.37 - - [14/Sep/2013:19:44:33 +0200] "GET /kiadvanyok/kiadvany04.jpg HTTP/1.1" 200 4552 "http://www.greenaction.hu/zoldakcio.swf" "Mozilla/5.0 (Windows NT 5.1; rv:23.0) Gecko/20100101 Firefox/23.0"
84.0.213.37 - - [14/Sep/2013:19:44:33 +0200] "GET /kiadvanyok/x HTTP/1.1" 404 1181 "http://www.greenaction.hu/zoldakcio.swf" "Mozilla/5.0 (Windows NT 5.1; rv:23.0) Gecko/20100101 Firefox/23.0"
84.0.213.37 - - [14/Sep/2013:19:44:33 +0200] "GET /kiadvanyok/kiadvany03.jpg HTTP/1.1" 200 5690 "http://www.greenaction.hu/zoldakcio.swf" "Mozilla/5.0 (Windows NT 5.1; rv:23.0) Gecko/20100101 Firefox/23.0"
84.0.213.37 - - [14/Sep/2013:19:44:33 +0200] "GET /kiadvanyok/x HTTP/1.1" 404 1181 "http://www.greenaction.hu/zoldakcio.swf" "Mozilla/5.0 (Windows NT 5.1; rv:23.0) Gecko/20100101 Firefox/23.0"
84.0.213.37 - - [14/Sep/2013:19:44:33 +0200] "GET /kiadvanyok/x HTTP/1.1" 404 1181 "http://www.greenaction.hu/zoldakcio.swf" "Mozilla/5.0 (Windows NT 5.1; rv:23.0) Gecko/20100101 Firefox/23.0"
84.0.213.37 - - [14/Sep/2013:19:44:33 +0200] "GET /kiadvanyok/kiadvany01.jpg HTTP/1.1" 200 10184 "http://www.greenaction.hu/zoldakcio.swf" "Mozilla/5.0 (Windows NT 5.1; rv:23.0) Gecko/20100101 Firefox/23.0"
84.0.213.37 - - [14/Sep/2013:19:44:33 +0200] "GET /kiadvanyok/kiadvany02.jpg HTTP/1.1" 200 11521 "http://www.greenaction.hu/zoldakcio.swf" "Mozilla/5.0 (Windows NT 5.1; rv:23.0) Gecko/20100101 Firefox/23.0"
84.0.213.37 - - [14/Sep/2013:19:44:33 +0200] "GET /kiadvanyok/kiadvany06.jpg HTTP/1.1" 200 8895 "http://www.greenaction.hu/zoldakcio.swf" "Mozilla/5.0 (Windows NT 5.1; rv:23.0) Gecko/20100101 Firefox/23.0"
84.0.213.37 - - [14/Sep/2013:19:44:33 +0200] "GET /kiadvanyok/x HTTP/1.1" 404 1181 "http://www.greenaction.hu/zoldakcio.swf" "Mozilla/5.0 (Windows NT 5.1; rv:23.0) Gecko/20100101 Firefox/23.0"
84.0.213.37 - - [14/Sep/2013:19:44:33 +0200] "GET /kiadvanyok/x HTTP/1.1" 404 1181 "http://www.greenaction.hu/zoldakcio.swf" "Mozilla/5.0 (Windows NT 5.1; rv:23.0) Gecko/20100101 Firefox/23.0"
84.0.213.37 - - [14/Sep/2013:19:44:33 +0200] "GET /kiadvanyok/x HTTP/1.1" 404 1181 "http://www.greenaction.hu/zoldakcio.swf" "Mozilla/5.0 (Windows NT 5.1; rv:23.0) Gecko/20100101 Firefox/23.0"
84.0.213.37 - - [14/Sep/2013:19:44:33 +0200] "GET /kiadvanyok/x HTTP/1.1" 404 1181 "http://www.greenaction.hu/zoldakcio.swf" "Mozilla/5.0 (Windows NT 5.1; rv:23.0) Gecko/20100101 Firefox/23.0"
84.0.213.37 - - [14/Sep/2013:19:45:04 +0200] "GET /kapcsolat/kapcsolat.txt HTTP/1.1" 200 762 "http://www.greenaction.hu/zoldakcio.swf" "Mozilla/5.0 (Windows NT 5.1; rv:23.0) Gecko/20100101 Firefox/23.0"
84.0.213.37 - - [14/Sep/2013:19:45:04 +0200] "GET /kapcsolat/szaszrobi.jpg HTTP/1.1" 200 2159 "http://www.greenaction.hu/zoldakcio.swf" "Mozilla/5.0 (Windows NT 5.1; rv:23.0) Gecko/20100101 Firefox/23.0"
84.0.213.37 - - [14/Sep/2013:19:45:04 +0200] "GET /kapcsolat/somogyikriszta.jpg HTTP/1.1" 200 4519 "http://www.greenaction.hu/zoldakcio.swf" "Mozilla/5.0 (Windows NT 5.1; rv:23.0) Gecko/20100101 Firefox/23.0"
84.0.213.37 - - [14/Sep/2013:19:45:04 +0200] "GET /kapcsolat/demeterzoli.jpg HTTP/1.1" 200 3469 "http://www.greenaction.hu/zoldakcio.swf" "Mozilla/5.0 (Windows NT 5.1; rv:23.0) Gecko/20100101 Firefox/23.0"
84.0.213.37 - - [14/Sep/2013:19:45:04 +0200] "GET /kapcsolat/barati.jpg HTTP/1.1" 200 22724 "http://www.greenaction.hu/zoldakcio.swf" "Mozilla/5.0 (Windows NT 5.1; rv:23.0) Gecko/20100101 Firefox/23.0"
80.98.168.162 - - [14/Sep/2013:20:15:18 +0200] "GET /aktualis_elemei/bio2szulinap_elemei/image108.jpg HTTP/1.1" 200 9238 "-" "Mozilla/5.0 (Windows NT 5.1) AppleWebKit/537.36 (KHTML, like Gecko) Chrome/29.0.1547.66 Safari/537.36"
80.98.168.162 - - [14/Sep/2013:20:15:18 +0200] "GET /aktualis_elemei/bio2szulinap_elemei/image106.jpg HTTP/1.1" 200 7697 "-" "Mozilla/5.0 (Windows NT 5.1) AppleWebKit/537.36 (KHTML, like Gecko) Chrome/29.0.1547.66 Safari/537.36"
66.249.78.57 - - [14/Sep/2013:20:21:37 +0200] "GET /robots.txt HTTP/1.1" 404 1181 "-" "Mozilla/5.0 (compatible; Googlebot/2.1; +http://www.google.com/bot.html)"
66.249.74.125 - - [14/Sep/2013:20:21:41 +0200] "GET /kiadvany/delbukk.pdf HTTP/1.1" 200 1540585 "-" "DoCoMo/2.0 N905i(c100;TB;W24H16) (compatible; Googlebot-Mobile/2.1; +http://www.google.com/bot.html)"
66.249.78.57 - - [14/Sep/2013:21:00:23 +0200] "GET /program.html HTTP/1.1" 200 12857 "-" "Mozilla/5.0 (iPhone; U; CPU iPhone OS 4_1 like Mac OS X; en-us) AppleWebKit/532.9 (KHTML, like Gecko) Version/4.0.5 Mobile/8B117 Safari/6531.22.7 (compatible; Googlebot-Mobile/2.1; +http://www.google.com/bot.html)"
5.10.83.57 - - [14/Sep/2013:21:35:39 +0200] "GET /aktualis_elemei/belefulladunk.html HTTP/1.1" 200 11597 "-" "Mozilla/5.0 (compatible; AhrefsBot/5.0; +http://ahrefs.com/robot/)"
5.10.83.86 - - [14/Sep/2013:22:08:44 +0200] "GET /aktualis_elemei/baloghjanos.html HTTP/1.1" 200 15294 "-" "Mozilla/5.0 (compatible; AhrefsBot/5.0; +http://ahrefs.com/robot/)"
84.2.167.143 - - [14/Sep/2013:22:11:03 +0200] "GET /aktualis_elemei/bio2szulinap_elemei/image048.jpg HTTP/1.1" 200 13760 "-" "Mozilla/5.0 (Windows NT 5.1; rv:23.0) Gecko/20100101 Firefox/23.0"
84.2.167.143 - - [14/Sep/2013:22:11:04 +0200] "GET /aktualis_elemei/bio2szulinap_elemei/image036.jpg HTTP/1.1" 200 13931 "-" "Mozilla/5.0 (Windows NT 5.1; rv:23.0) Gecko/20100101 Firefox/23.0"
95.102.107.25 - - [14/Sep/2013:22:43:30 +0200] "GET /aktualis_elemei/bio2szulinap_elemei/image116.jpg HTTP/1.1" 200 9709 "-" "Dalvik/1.6.0 (Linux; U; Android 4.1.2; GT-I9300 Build/JZO54K)"
95.102.107.25 - - [14/Sep/2013:22:43:30 +0200] "GET /aktualis_elemei/bio2szulinap_elemei/image116.jpg HTTP/1.1" 200 9709 "-" "Dalvik/1.6.0 (Linux; U; Android 4.1.2; GT-I9300 Build/JZO54K)"
66.249.78.57 - - [14/Sep/2013:23:07:44 +0200] "GET /hirek/fn_reszletes.pdf HTTP/1.1" 200 195567 "-" "SAMSUNG-SGH-E250/1.0 Profile/MIDP-2.0 Configuration/CLDC-1.1 UP.Browser/6.2.3.3.c.1.101 (GUI) MMP/2.0 (compatible; Googlebot-Mobile/2.1; +http://www.google.com/bot.html)"
5.187.153.127 - - [14/Sep/2013:23:18:56 +0200] "GET /aktualis_elemei/bio2szulinap_elemei/image056.jpg HTTP/1.1" 200 10317 "https://www.google.hu/" "Mozilla/5.0 (iPhone; CPU iPhone OS 6_1_2 like Mac OS X) AppleWebKit/536.26 (KHTML, like Gecko) Version/6.0 Mobile/10B146 Safari/8536.25"
5.10.83.57 - - [14/Sep/2013:23:43:13 +0200] "GET /aktualis_elemei/szulinap2.html HTTP/1.1" 200 10182 "-" "Mozilla/5.0 (compatible; AhrefsBot/5.0; +http://ahrefs.com/robot/)"
5.10.83.89 - - [15/Sep/2013:00:32:40 +0200] "GET /aktualis_elemei/hktetemvar.html HTTP/1.1" 200 16033 "-" "Mozilla/5.0 (compatible; AhrefsBot/5.0; +http://ahrefs.com/robot/)"
66.249.78.57 - - [15/Sep/2013:00:40:38 +0200] "GET /aktualis_elemei/bio2szulinap.html HTTP/1.1" 200 71694 "-" "Mozilla/5.0 (compatible; Googlebot/2.1; +http://www.google.com/bot.html)"
5.10.83.70 - - [15/Sep/2013:01:24:42 +0200] "GET /aktualis_elemei/ausztriaut.html HTTP/1.1" 200 73702 "-" "Mozilla/5.0 (compatible; AhrefsBot/5.0; +http://ahrefs.com/robot/)"
5.10.83.105 - - [15/Sep/2013:02:25:38 +0200] "GET /aktualis.html HTTP/1.1" 200 104235 "-" "Mozilla/5.0 (compatible; AhrefsBot/5.0; +http://ahrefs.com/robot/)"
123.125.71.20 - - [15/Sep/2013:02:43:17 +0200] "GET /magunkrol_elemei/kozhasznu.html HTTP/1.1" 200 48365 "-" "Mozilla/5.0 (compatible; Baiduspider/2.0; +http://www.baidu.com/search/spider.html)"
183.60.244.46 - - [15/Sep/2013:02:48:56 +0200] "GET / HTTP/1.1" 200 884 "http://www.baidu.com" "Mozilla/5.0 (Windows NT 6.1; WOW64; rv:18.0) Gecko/20100101 Firefox/18.0"
183.60.244.46 - - [15/Sep/2013:02:48:59 +0200] "GET / HTTP/1.1" 200 884 "http://www.baidu.com" "Mozilla/5.0 (Windows NT 6.1; WOW64; rv:18.0) Gecko/20100101 Firefox/18.0"
183.60.244.46 - - [15/Sep/2013:02:49:02 +0200] "HEAD / HTTP/1.1" 200 0 "-" "Mozilla/5.0 (Windows; U; Windows NT 5.0; en-US; rv:0.9.2) Gecko/20020508 Netscape6/6.1"
65.55.215.78 - - [15/Sep/2013:03:48:37 +0200] "GET /robots.txt HTTP/1.1" 404 1181 "-" "msnbot-media/1.1 (+http://search.msn.com/msnbot.htm)"
65.55.215.78 - - [15/Sep/2013:03:48:38 +0200] "GET /aktualis_elemei/ausztriaut_elemei/image025.jpg HTTP/1.1" 404 1181 "-" "msnbot-media/1.1 (+http://search.msn.com/msnbot.htm)"
5.10.83.59 - - [15/Sep/2013:04:00:02 +0200] "GET / HTTP/1.1" 200 884 "-" "Mozilla/5.0 (compatible; AhrefsBot/5.0; +http://ahrefs.com/robot/)"
65.55.52.95 - - [15/Sep/2013:04:22:06 +0200] "GET /robots.txt HTTP/1.1" 404 1181 "-" "Mozilla/5.0 (compatible; bingbot/2.0; +http://www.bing.com/bingbot.htm)"
5.10.83.89 - - [15/Sep/2013:04:53:55 +0200] "GET /aktualis_elemei/hkszirmamtp.html HTTP/1.1" 200 15781 "-" "Mozilla/5.0 (compatible; AhrefsBot/5.0; +http://ahrefs.com/robot/)"
65.55.52.95 - - [15/Sep/2013:05:19:19 +0200] "GET / HTTP/1.1" 200 884 "-" "Mozilla/5.0 (compatible; bingbot/2.0; +http://www.bing.com/bingbot.htm)"
87.229.73.156 - - [15/Sep/2013:05:31:28 +0200] "GET / HTTP/1.1" 200 884 "-" "Python-urllib/2.6"
78.46.154.41 - - [15/Sep/2013:05:38:57 +0200] "GET /robots.txt HTTP/1.1" 404 1181 "-" "ExB Language Crawler 2.1.5 (+http://www.exb.de/crawler)"
5.10.83.59 - - [15/Sep/2013:07:27:19 +0200] "GET /aktualis_elemei/megelozes-humusz.html HTTP/1.1" 200 20947 "-" "Mozilla/5.0 (compatible; AhrefsBot/5.0; +http://ahrefs.com/robot/)"
66.249.78.57 - - [15/Sep/2013:08:32:36 +0200] "GET /robots.txt HTTP/1.1" 404 1181 "-" "Mozilla/5.0 (compatible; Googlebot/2.1; +http://www.google.com/bot.html)"
