84.206.28.131 - - [20/Sep/2013:13:11:39 +0200] "GET /aktualis_elemei/bio2szulinap_elemei/image063.jpg HTTP/1.1" 200 42811 "-" "Mozilla/4.0 (compatible; MSIE 8.0; Windows NT 5.1; Trident/4.0; InfoPath.2)"
84.206.28.131 - - [20/Sep/2013:13:11:39 +0200] "GET /aktualis_elemei/bio2szulinap_elemei/image065.jpg HTTP/1.1" 200 36402 "-" "Mozilla/4.0 (compatible; MSIE 8.0; Windows NT 5.1; Trident/4.0; InfoPath.2)"
84.206.28.131 - - [20/Sep/2013:13:11:39 +0200] "GET /aktualis_elemei/bio2szulinap_elemei/image067.jpg HTTP/1.1" 200 20693 "-" "Mozilla/4.0 (compatible; MSIE 8.0; Windows NT 5.1; Trident/4.0; InfoPath.2)"
84.206.28.131 - - [20/Sep/2013:13:11:39 +0200] "GET /aktualis_elemei/bio2szulinap_elemei/image069.jpg HTTP/1.1" 200 34053 "-" "Mozilla/4.0 (compatible; MSIE 8.0; Windows NT 5.1; Trident/4.0; InfoPath.2)"
84.206.28.131 - - [20/Sep/2013:13:11:40 +0200] "GET /aktualis_elemei/bio2szulinap_elemei/image075.jpg HTTP/1.1" 200 33854 "-" "Mozilla/4.0 (compatible; MSIE 8.0; Windows NT 5.1; Trident/4.0; InfoPath.2)"
84.206.28.131 - - [20/Sep/2013:13:11:40 +0200] "GET /aktualis_elemei/bio2szulinap_elemei/image071.jpg HTTP/1.1" 200 28799 "-" "Mozilla/4.0 (compatible; MSIE 8.0; Windows NT 5.1; Trident/4.0; InfoPath.2)"
84.206.28.131 - - [20/Sep/2013:13:11:40 +0200] "GET /aktualis_elemei/bio2szulinap_elemei/image073.jpg HTTP/1.1" 200 28625 "-" "Mozilla/4.0 (compatible; MSIE 8.0; Windows NT 5.1; Trident/4.0; InfoPath.2)"
84.206.28.131 - - [20/Sep/2013:13:11:40 +0200] "GET /aktualis_elemei/bio2szulinap_elemei/image077.jpg HTTP/1.1" 200 27041 "-" "Mozilla/4.0 (compatible; MSIE 8.0; Windows NT 5.1; Trident/4.0; InfoPath.2)"
84.206.28.131 - - [20/Sep/2013:13:11:40 +0200] "GET /aktualis_elemei/bio2szulinap_elemei/image081.jpg HTTP/1.1" 200 29030 "-" "Mozilla/4.0 (compatible; MSIE 8.0; Windows NT 5.1; Trident/4.0; InfoPath.2)"
84.206.28.131 - - [20/Sep/2013:13:11:40 +0200] "GET /aktualis_elemei/bio2szulinap_elemei/image079.jpg HTTP/1.1" 200 44120 "-" "Mozilla/4.0 (compatible; MSIE 8.0; Windows NT 5.1; Trident/4.0; InfoPath.2)"
84.206.28.131 - - [20/Sep/2013:13:11:40 +0200] "GET /aktualis_elemei/bio2szulinap_elemei/image091.jpg HTTP/1.1" 200 27998 "-" "Mozilla/4.0 (compatible; MSIE 8.0; Windows NT 5.1; Trident/4.0; InfoPath.2)"
84.206.28.131 - - [20/Sep/2013:13:11:40 +0200] "GET /aktualis_elemei/bio2szulinap_elemei/image093.jpg HTTP/1.1" 200 26259 "-" "Mozilla/4.0 (compatible; MSIE 8.0; Windows NT 5.1; Trident/4.0; InfoPath.2)"
84.206.28.131 - - [20/Sep/2013:13:11:40 +0200] "GET /aktualis_elemei/bio2szulinap_elemei/image085.jpg HTTP/1.1" 200 28647 "-" "Mozilla/4.0 (compatible; MSIE 8.0; Windows NT 5.1; Trident/4.0; InfoPath.2)"
84.206.28.131 - - [20/Sep/2013:13:11:40 +0200] "GET /aktualis_elemei/bio2szulinap_elemei/image097.jpg HTTP/1.1" 200 38210 "-" "Mozilla/4.0 (compatible; MSIE 8.0; Windows NT 5.1; Trident/4.0; InfoPath.2)"
84.206.28.131 - - [20/Sep/2013:13:11:40 +0200] "GET /aktualis_elemei/bio2szulinap_elemei/image087.jpg HTTP/1.1" 200 29595 "-" "Mozilla/4.0 (compatible; MSIE 8.0; Windows NT 5.1; Trident/4.0; InfoPath.2)"
84.206.28.131 - - [20/Sep/2013:13:11:40 +0200] "GET /aktualis_elemei/bio2szulinap_elemei/image089.jpg HTTP/1.1" 200 25102 "-" "Mozilla/4.0 (compatible; MSIE 8.0; Windows NT 5.1; Trident/4.0; InfoPath.2)"
84.206.28.131 - - [20/Sep/2013:13:11:40 +0200] "GET /aktualis_elemei/bio2szulinap_elemei/image099.jpg HTTP/1.1" 200 26362 "-" "Mozilla/4.0 (compatible; MSIE 8.0; Windows NT 5.1; Trident/4.0; InfoPath.2)"
84.206.28.131 - - [20/Sep/2013:13:11:40 +0200] "GET /aktualis_elemei/bio2szulinap_elemei/image103.jpg HTTP/1.1" 200 33408 "-" "Mozilla/4.0 (compatible; MSIE 8.0; Windows NT 5.1; Trident/4.0; InfoPath.2)"
84.206.28.131 - - [20/Sep/2013:13:11:40 +0200] "GET /aktualis_elemei/bio2szulinap_elemei/image101.jpg HTTP/1.1" 200 30284 "-" "Mozilla/4.0 (compatible; MSIE 8.0; Windows NT 5.1; Trident/4.0; InfoPath.2)"
84.206.28.131 - - [20/Sep/2013:13:11:40 +0200] "GET /aktualis_elemei/bio2szulinap_elemei/image105.jpg HTTP/1.1" 200 29372 "-" "Mozilla/4.0 (compatible; MSIE 8.0; Windows NT 5.1; Trident/4.0; InfoPath.2)"
84.206.28.131 - - [20/Sep/2013:13:11:40 +0200] "GET /aktualis_elemei/bio2szulinap_elemei/image107.jpg HTTP/1.1" 200 35795 "-" "Mozilla/4.0 (compatible; MSIE 8.0; Windows NT 5.1; Trident/4.0; InfoPath.2)"
84.206.28.131 - - [20/Sep/2013:13:11:40 +0200] "GET /aktualis_elemei/bio2szulinap_elemei/image109.jpg HTTP/1.1" 200 29356 "-" "Mozilla/4.0 (compatible; MSIE 8.0; Windows NT 5.1; Trident/4.0; InfoPath.2)"
84.206.28.131 - - [20/Sep/2013:13:11:40 +0200] "GET /aktualis_elemei/bio2szulinap_elemei/image113.jpg HTTP/1.1" 200 28956 "-" "Mozilla/4.0 (compatible; MSIE 8.0; Windows NT 5.1; Trident/4.0; InfoPath.2)"
84.206.28.131 - - [20/Sep/2013:13:11:40 +0200] "GET /aktualis_elemei/bio2szulinap_elemei/image111.jpg HTTP/1.1" 200 30180 "-" "Mozilla/4.0 (compatible; MSIE 8.0; Windows NT 5.1; Trident/4.0; InfoPath.2)"
84.206.28.131 - - [20/Sep/2013:13:11:40 +0200] "GET /aktualis_elemei/bio2szulinap_elemei/image115.jpg HTTP/1.1" 200 36873 "-" "Mozilla/4.0 (compatible; MSIE 8.0; Windows NT 5.1; Trident/4.0; InfoPath.2)"
84.206.28.131 - - [20/Sep/2013:13:11:40 +0200] "GET /aktualis_elemei/bio2szulinap_elemei/image117.jpg HTTP/1.1" 200 33723 "-" "Mozilla/4.0 (compatible; MSIE 8.0; Windows NT 5.1; Trident/4.0; InfoPath.2)"
84.206.28.131 - - [20/Sep/2013:13:11:40 +0200] "GET /aktualis_elemei/bio2szulinap_elemei/image119.jpg HTTP/1.1" 200 33144 "-" "Mozilla/4.0 (compatible; MSIE 8.0; Windows NT 5.1; Trident/4.0; InfoPath.2)"
84.206.28.131 - - [20/Sep/2013:13:11:40 +0200] "GET /aktualis_elemei/bio2szulinap_elemei/image121.jpg HTTP/1.1" 200 30350 "-" "Mozilla/4.0 (compatible; MSIE 8.0; Windows NT 5.1; Trident/4.0; InfoPath.2)"
84.206.28.131 - - [20/Sep/2013:13:11:40 +0200] "GET /aktualis_elemei/bio2szulinap_elemei/image125.jpg HTTP/1.1" 200 37765 "-" "Mozilla/4.0 (compatible; MSIE 8.0; Windows NT 5.1; Trident/4.0; InfoPath.2)"
84.206.28.131 - - [20/Sep/2013:13:11:40 +0200] "GET /aktualis_elemei/bio2szulinap_elemei/image123.jpg HTTP/1.1" 200 30059 "-" "Mozilla/4.0 (compatible; MSIE 8.0; Windows NT 5.1; Trident/4.0; InfoPath.2)"
84.206.28.131 - - [20/Sep/2013:13:11:40 +0200] "GET /aktualis_elemei/bio2szulinap_elemei/image127.jpg HTTP/1.1" 200 34355 "-" "Mozilla/4.0 (compatible; MSIE 8.0; Windows NT 5.1; Trident/4.0; InfoPath.2)"
84.206.28.131 - - [20/Sep/2013:13:11:40 +0200] "GET /aktualis_elemei/bio2szulinap_elemei/image131.jpg HTTP/1.1" 200 29566 "-" "Mozilla/4.0 (compatible; MSIE 8.0; Windows NT 5.1; Trident/4.0; InfoPath.2)"
84.206.28.131 - - [20/Sep/2013:13:11:40 +0200] "GET /aktualis_elemei/bio2szulinap_elemei/image133.jpg HTTP/1.1" 200 39830 "-" "Mozilla/4.0 (compatible; MSIE 8.0; Windows NT 5.1; Trident/4.0; InfoPath.2)"
84.206.28.131 - - [20/Sep/2013:13:11:40 +0200] "GET /aktualis_elemei/bio2szulinap_elemei/image135.jpg HTTP/1.1" 200 31323 "-" "Mozilla/4.0 (compatible; MSIE 8.0; Windows NT 5.1; Trident/4.0; InfoPath.2)"
84.206.28.131 - - [20/Sep/2013:13:11:40 +0200] "GET /aktualis_elemei/bio2szulinap_elemei/image137.jpg HTTP/1.1" 200 39417 "-" "Mozilla/4.0 (compatible; MSIE 8.0; Windows NT 5.1; Trident/4.0; InfoPath.2)"
84.206.28.131 - - [20/Sep/2013:13:11:40 +0200] "GET /aktualis_elemei/bio2szulinap_elemei/image129.jpg HTTP/1.1" 200 28064 "-" "Mozilla/4.0 (compatible; MSIE 8.0; Windows NT 5.1; Trident/4.0; InfoPath.2)"
84.206.28.131 - - [20/Sep/2013:13:11:41 +0200] "GET /aktualis_elemei/bio2szulinap_elemei/image139.jpg HTTP/1.1" 200 42097 "-" "Mozilla/4.0 (compatible; MSIE 8.0; Windows NT 5.1; Trident/4.0; InfoPath.2)"
84.206.28.131 - - [20/Sep/2013:13:11:41 +0200] "GET /aktualis_elemei/bio2szulinap_elemei/image141.jpg HTTP/1.1" 200 30772 "-" "Mozilla/4.0 (compatible; MSIE 8.0; Windows NT 5.1; Trident/4.0; InfoPath.2)"
84.206.28.131 - - [20/Sep/2013:13:11:41 +0200] "GET /aktualis_elemei/bio2szulinap_elemei/image143.jpg HTTP/1.1" 200 35944 "-" "Mozilla/4.0 (compatible; MSIE 8.0; Windows NT 5.1; Trident/4.0; InfoPath.2)"
84.206.28.131 - - [20/Sep/2013:13:11:41 +0200] "GET /aktualis_elemei/bio2szulinap_elemei/image083.jpg HTTP/1.1" 200 27587 "-" "Mozilla/4.0 (compatible; MSIE 8.0; Windows NT 5.1; Trident/4.0; InfoPath.2)"
84.206.28.131 - - [20/Sep/2013:13:11:41 +0200] "GET /aktualis_elemei/bio2szulinap_elemei/image095.jpg HTTP/1.1" 200 34968 "-" "Mozilla/4.0 (compatible; MSIE 8.0; Windows NT 5.1; Trident/4.0; InfoPath.2)"
84.206.28.131 - - [20/Sep/2013:13:11:41 +0200] "GET /aktualis_elemei/bio2szulinap_elemei/image001.jpg HTTP/1.1" 304 - "-" "Mozilla/4.0 (compatible; MSIE 8.0; Windows NT 5.1; Trident/4.0; InfoPath.2)"
84.206.28.131 - - [20/Sep/2013:13:11:41 +0200] "GET /aktualis_elemei/bio2szulinap_elemei/image003.jpg HTTP/1.1" 304 - "-" "Mozilla/4.0 (compatible; MSIE 8.0; Windows NT 5.1; Trident/4.0; InfoPath.2)"
84.206.28.131 - - [20/Sep/2013:13:11:41 +0200] "GET /aktualis_elemei/bio2szulinap_elemei/image005.jpg HTTP/1.1" 304 - "-" "Mozilla/4.0 (compatible; MSIE 8.0; Windows NT 5.1; Trident/4.0; InfoPath.2)"
84.206.28.131 - - [20/Sep/2013:13:11:41 +0200] "GET /aktualis_elemei/bio2szulinap_elemei/image007.jpg HTTP/1.1" 304 - "-" "Mozilla/4.0 (compatible; MSIE 8.0; Windows NT 5.1; Trident/4.0; InfoPath.2)"
84.206.28.131 - - [20/Sep/2013:13:11:41 +0200] "GET /aktualis_elemei/bio2szulinap_elemei/image009.jpg HTTP/1.1" 304 - "-" "Mozilla/4.0 (compatible; MSIE 8.0; Windows NT 5.1; Trident/4.0; InfoPath.2)"
84.206.28.131 - - [20/Sep/2013:13:11:41 +0200] "GET /aktualis_elemei/bio2szulinap_elemei/image011.jpg HTTP/1.1" 304 - "-" "Mozilla/4.0 (compatible; MSIE 8.0; Windows NT 5.1; Trident/4.0; InfoPath.2)"
84.206.28.131 - - [20/Sep/2013:13:11:41 +0200] "GET /aktualis_elemei/bio2szulinap_elemei/image013.jpg HTTP/1.1" 304 - "-" "Mozilla/4.0 (compatible; MSIE 8.0; Windows NT 5.1; Trident/4.0; InfoPath.2)"
84.206.28.131 - - [20/Sep/2013:13:11:41 +0200] "GET /aktualis_elemei/bio2szulinap_elemei/image015.jpg HTTP/1.1" 304 - "-" "Mozilla/4.0 (compatible; MSIE 8.0; Windows NT 5.1; Trident/4.0; InfoPath.2)"
84.206.28.131 - - [20/Sep/2013:13:11:41 +0200] "GET /aktualis_elemei/bio2szulinap_elemei/image017.png HTTP/1.1" 304 - "-" "Mozilla/4.0 (compatible; MSIE 8.0; Windows NT 5.1; Trident/4.0; InfoPath.2)"
84.206.28.131 - - [20/Sep/2013:13:11:41 +0200] "GET /aktualis_elemei/bio2szulinap_elemei/image019.png HTTP/1.1" 304 - "-" "Mozilla/4.0 (compatible; MSIE 8.0; Windows NT 5.1; Trident/4.0; InfoPath.2)"
84.206.28.131 - - [20/Sep/2013:13:11:41 +0200] "GET /aktualis_elemei/bio2szulinap_elemei/image025.jpg HTTP/1.1" 304 - "-" "Mozilla/4.0 (compatible; MSIE 8.0; Windows NT 5.1; Trident/4.0; InfoPath.2)"
84.206.28.131 - - [20/Sep/2013:13:11:41 +0200] "GET /aktualis_elemei/bio2szulinap_elemei/image027.jpg HTTP/1.1" 304 - "-" "Mozilla/4.0 (compatible; MSIE 8.0; Windows NT 5.1; Trident/4.0; InfoPath.2)"
84.206.28.131 - - [20/Sep/2013:13:11:41 +0200] "GET /aktualis_elemei/bio2szulinap_elemei/image023.jpg HTTP/1.1" 304 - "-" "Mozilla/4.0 (compatible; MSIE 8.0; Windows NT 5.1; Trident/4.0; InfoPath.2)"
84.206.28.131 - - [20/Sep/2013:13:11:41 +0200] "GET /aktualis_elemei/bio2szulinap_elemei/image029.jpg HTTP/1.1" 304 - "-" "Mozilla/4.0 (compatible; MSIE 8.0; Windows NT 5.1; Trident/4.0; InfoPath.2)"
84.206.28.131 - - [20/Sep/2013:13:11:41 +0200] "GET /aktualis_elemei/bio2szulinap_elemei/image031.jpg HTTP/1.1" 304 - "-" "Mozilla/4.0 (compatible; MSIE 8.0; Windows NT 5.1; Trident/4.0; InfoPath.2)"
84.206.28.131 - - [20/Sep/2013:13:11:41 +0200] "GET /aktualis_elemei/bio2szulinap_elemei/image021.jpg HTTP/1.1" 304 - "-" "Mozilla/4.0 (compatible; MSIE 8.0; Windows NT 5.1; Trident/4.0; InfoPath.2)"
84.206.28.131 - - [20/Sep/2013:13:11:41 +0200] "GET /aktualis_elemei/bio2szulinap_elemei/image035.jpg HTTP/1.1" 304 - "-" "Mozilla/4.0 (compatible; MSIE 8.0; Windows NT 5.1; Trident/4.0; InfoPath.2)"
84.206.28.131 - - [20/Sep/2013:13:11:41 +0200] "GET /aktualis_elemei/bio2szulinap_elemei/image033.jpg HTTP/1.1" 304 - "-" "Mozilla/4.0 (compatible; MSIE 8.0; Windows NT 5.1; Trident/4.0; InfoPath.2)"
84.206.28.131 - - [20/Sep/2013:13:11:41 +0200] "GET /aktualis_elemei/bio2szulinap_elemei/image039.jpg HTTP/1.1" 304 - "-" "Mozilla/4.0 (compatible; MSIE 8.0; Windows NT 5.1; Trident/4.0; InfoPath.2)"
84.206.28.131 - - [20/Sep/2013:13:11:41 +0200] "GET /aktualis_elemei/bio2szulinap_elemei/image037.jpg HTTP/1.1" 304 - "-" "Mozilla/4.0 (compatible; MSIE 8.0; Windows NT 5.1; Trident/4.0; InfoPath.2)"
84.206.28.131 - - [20/Sep/2013:13:11:41 +0200] "GET /aktualis_elemei/bio2szulinap_elemei/image041.jpg HTTP/1.1" 304 - "-" "Mozilla/4.0 (compatible; MSIE 8.0; Windows NT 5.1; Trident/4.0; InfoPath.2)"
84.206.28.131 - - [20/Sep/2013:13:11:41 +0200] "GET /aktualis_elemei/bio2szulinap_elemei/image043.jpg HTTP/1.1" 304 - "-" "Mozilla/4.0 (compatible; MSIE 8.0; Windows NT 5.1; Trident/4.0; InfoPath.2)"
84.206.28.131 - - [20/Sep/2013:13:11:41 +0200] "GET /aktualis_elemei/bio2szulinap_elemei/image045.jpg HTTP/1.1" 304 - "-" "Mozilla/4.0 (compatible; MSIE 8.0; Windows NT 5.1; Trident/4.0; InfoPath.2)"
84.206.28.131 - - [20/Sep/2013:13:11:41 +0200] "GET /aktualis_elemei/bio2szulinap_elemei/image049.jpg HTTP/1.1" 304 - "-" "Mozilla/4.0 (compatible; MSIE 8.0; Windows NT 5.1; Trident/4.0; InfoPath.2)"
84.206.28.131 - - [20/Sep/2013:13:11:41 +0200] "GET /aktualis_elemei/bio2szulinap_elemei/image051.jpg HTTP/1.1" 304 - "-" "Mozilla/4.0 (compatible; MSIE 8.0; Windows NT 5.1; Trident/4.0; InfoPath.2)"
84.206.28.131 - - [20/Sep/2013:13:11:41 +0200] "GET /aktualis_elemei/bio2szulinap_elemei/image053.jpg HTTP/1.1" 304 - "-" "Mozilla/4.0 (compatible; MSIE 8.0; Windows NT 5.1; Trident/4.0; InfoPath.2)"
84.206.28.131 - - [20/Sep/2013:13:11:41 +0200] "GET /aktualis_elemei/bio2szulinap_elemei/image055.jpg HTTP/1.1" 304 - "-" "Mozilla/4.0 (compatible; MSIE 8.0; Windows NT 5.1; Trident/4.0; InfoPath.2)"
84.206.28.131 - - [20/Sep/2013:13:11:41 +0200] "GET /aktualis_elemei/bio2szulinap_elemei/image057.jpg HTTP/1.1" 304 - "-" "Mozilla/4.0 (compatible; MSIE 8.0; Windows NT 5.1; Trident/4.0; InfoPath.2)"
84.206.28.131 - - [20/Sep/2013:13:11:41 +0200] "GET /aktualis_elemei/bio2szulinap_elemei/image047.jpg HTTP/1.1" 304 - "-" "Mozilla/4.0 (compatible; MSIE 8.0; Windows NT 5.1; Trident/4.0; InfoPath.2)"
84.206.28.131 - - [20/Sep/2013:13:11:41 +0200] "GET /aktualis_elemei/bio2szulinap_elemei/image059.jpg HTTP/1.1" 304 - "-" "Mozilla/4.0 (compatible; MSIE 8.0; Windows NT 5.1; Trident/4.0; InfoPath.2)"
84.206.28.131 - - [20/Sep/2013:13:11:41 +0200] "GET /aktualis_elemei/bio2szulinap_elemei/image061.jpg HTTP/1.1" 304 - "-" "Mozilla/4.0 (compatible; MSIE 8.0; Windows NT 5.1; Trident/4.0; InfoPath.2)"
84.206.28.131 - - [20/Sep/2013:13:11:41 +0200] "GET /aktualis_elemei/bio2szulinap_elemei/image065.jpg HTTP/1.1" 304 - "-" "Mozilla/4.0 (compatible; MSIE 8.0; Windows NT 5.1; Trident/4.0; InfoPath.2)"
84.206.28.131 - - [20/Sep/2013:13:11:41 +0200] "GET /aktualis_elemei/bio2szulinap_elemei/image063.jpg HTTP/1.1" 304 - "-" "Mozilla/4.0 (compatible; MSIE 8.0; Windows NT 5.1; Trident/4.0; InfoPath.2)"
84.206.28.131 - - [20/Sep/2013:13:11:41 +0200] "GET /aktualis_elemei/bio2szulinap_elemei/image067.jpg HTTP/1.1" 304 - "-" "Mozilla/4.0 (compatible; MSIE 8.0; Windows NT 5.1; Trident/4.0; InfoPath.2)"
84.206.28.131 - - [20/Sep/2013:13:11:41 +0200] "GET /aktualis_elemei/bio2szulinap_elemei/image069.jpg HTTP/1.1" 304 - "-" "Mozilla/4.0 (compatible; MSIE 8.0; Windows NT 5.1; Trident/4.0; InfoPath.2)"
84.206.28.131 - - [20/Sep/2013:13:11:41 +0200] "GET /aktualis_elemei/bio2szulinap_elemei/image071.jpg HTTP/1.1" 304 - "-" "Mozilla/4.0 (compatible; MSIE 8.0; Windows NT 5.1; Trident/4.0; InfoPath.2)"
84.206.28.131 - - [20/Sep/2013:13:11:41 +0200] "GET /aktualis_elemei/bio2szulinap_elemei/image073.jpg HTTP/1.1" 304 - "-" "Mozilla/4.0 (compatible; MSIE 8.0; Windows NT 5.1; Trident/4.0; InfoPath.2)"
84.206.28.131 - - [20/Sep/2013:13:11:41 +0200] "GET /aktualis_elemei/bio2szulinap_elemei/image075.jpg HTTP/1.1" 304 - "-" "Mozilla/4.0 (compatible; MSIE 8.0; Windows NT 5.1; Trident/4.0; InfoPath.2)"
84.206.28.131 - - [20/Sep/2013:13:11:41 +0200] "GET /aktualis_elemei/bio2szulinap_elemei/image077.jpg HTTP/1.1" 304 - "-" "Mozilla/4.0 (compatible; MSIE 8.0; Windows NT 5.1; Trident/4.0; InfoPath.2)"
84.206.28.131 - - [20/Sep/2013:13:11:41 +0200] "GET /aktualis_elemei/bio2szulinap_elemei/image081.jpg HTTP/1.1" 304 - "-" "Mozilla/4.0 (compatible; MSIE 8.0; Windows NT 5.1; Trident/4.0; InfoPath.2)"
84.206.28.131 - - [20/Sep/2013:13:11:41 +0200] "GET /aktualis_elemei/bio2szulinap_elemei/image079.jpg HTTP/1.1" 304 - "-" "Mozilla/4.0 (compatible; MSIE 8.0; Windows NT 5.1; Trident/4.0; InfoPath.2)"
84.206.28.131 - - [20/Sep/2013:13:11:41 +0200] "GET /aktualis_elemei/bio2szulinap_elemei/image083.jpg HTTP/1.1" 304 - "-" "Mozilla/4.0 (compatible; MSIE 8.0; Windows NT 5.1; Trident/4.0; InfoPath.2)"
84.206.28.131 - - [20/Sep/2013:13:11:41 +0200] "GET /aktualis_elemei/bio2szulinap_elemei/image085.jpg HTTP/1.1" 304 - "-" "Mozilla/4.0 (compatible; MSIE 8.0; Windows NT 5.1; Trident/4.0; InfoPath.2)"
84.206.28.131 - - [20/Sep/2013:13:11:41 +0200] "GET /aktualis_elemei/bio2szulinap_elemei/image087.jpg HTTP/1.1" 304 - "-" "Mozilla/4.0 (compatible; MSIE 8.0; Windows NT 5.1; Trident/4.0; InfoPath.2)"
84.206.28.131 - - [20/Sep/2013:13:11:41 +0200] "GET /aktualis_elemei/bio2szulinap_elemei/image089.jpg HTTP/1.1" 304 - "-" "Mozilla/4.0 (compatible; MSIE 8.0; Windows NT 5.1; Trident/4.0; InfoPath.2)"
84.206.28.131 - - [20/Sep/2013:13:11:41 +0200] "GET /aktualis_elemei/bio2szulinap_elemei/image091.jpg HTTP/1.1" 304 - "-" "Mozilla/4.0 (compatible; MSIE 8.0; Windows NT 5.1; Trident/4.0; InfoPath.2)"
84.206.28.131 - - [20/Sep/2013:13:11:41 +0200] "GET /aktualis_elemei/bio2szulinap_elemei/image093.jpg HTTP/1.1" 304 - "-" "Mozilla/4.0 (compatible; MSIE 8.0; Windows NT 5.1; Trident/4.0; InfoPath.2)"
84.206.28.131 - - [20/Sep/2013:13:11:41 +0200] "GET /aktualis_elemei/bio2szulinap_elemei/image095.jpg HTTP/1.1" 304 - "-" "Mozilla/4.0 (compatible; MSIE 8.0; Windows NT 5.1; Trident/4.0; InfoPath.2)"
84.206.28.131 - - [20/Sep/2013:13:11:41 +0200] "GET /aktualis_elemei/bio2szulinap_elemei/image097.jpg HTTP/1.1" 304 - "-" "Mozilla/4.0 (compatible; MSIE 8.0; Windows NT 5.1; Trident/4.0; InfoPath.2)"
84.206.28.131 - - [20/Sep/2013:13:11:41 +0200] "GET /aktualis_elemei/bio2szulinap_elemei/image099.jpg HTTP/1.1" 304 - "-" "Mozilla/4.0 (compatible; MSIE 8.0; Windows NT 5.1; Trident/4.0; InfoPath.2)"
84.206.28.131 - - [20/Sep/2013:13:11:41 +0200] "GET /aktualis_elemei/bio2szulinap_elemei/image101.jpg HTTP/1.1" 304 - "-" "Mozilla/4.0 (compatible; MSIE 8.0; Windows NT 5.1; Trident/4.0; InfoPath.2)"
84.206.28.131 - - [20/Sep/2013:13:11:41 +0200] "GET /aktualis_elemei/bio2szulinap_elemei/image103.jpg HTTP/1.1" 304 - "-" "Mozilla/4.0 (compatible; MSIE 8.0; Windows NT 5.1; Trident/4.0; InfoPath.2)"
84.206.28.131 - - [20/Sep/2013:13:11:41 +0200] "GET /aktualis_elemei/bio2szulinap_elemei/image111.jpg HTTP/1.1" 304 - "-" "Mozilla/4.0 (compatible; MSIE 8.0; Windows NT 5.1; Trident/4.0; InfoPath.2)"
84.206.28.131 - - [20/Sep/2013:13:11:41 +0200] "GET /aktualis_elemei/bio2szulinap_elemei/image113.jpg HTTP/1.1" 304 - "-" "Mozilla/4.0 (compatible; MSIE 8.0; Windows NT 5.1; Trident/4.0; InfoPath.2)"
84.206.28.131 - - [20/Sep/2013:13:11:41 +0200] "GET /aktualis_elemei/bio2szulinap_elemei/image115.jpg HTTP/1.1" 304 - "-" "Mozilla/4.0 (compatible; MSIE 8.0; Windows NT 5.1; Trident/4.0; InfoPath.2)"
84.206.28.131 - - [20/Sep/2013:13:11:41 +0200] "GET /aktualis_elemei/bio2szulinap_elemei/image107.jpg HTTP/1.1" 304 - "-" "Mozilla/4.0 (compatible; MSIE 8.0; Windows NT 5.1; Trident/4.0; InfoPath.2)"
84.206.28.131 - - [20/Sep/2013:13:11:41 +0200] "GET /aktualis_elemei/bio2szulinap_elemei/image109.jpg HTTP/1.1" 304 - "-" "Mozilla/4.0 (compatible; MSIE 8.0; Windows NT 5.1; Trident/4.0; InfoPath.2)"
84.206.28.131 - - [20/Sep/2013:13:11:41 +0200] "GET /aktualis_elemei/bio2szulinap_elemei/image117.jpg HTTP/1.1" 304 - "-" "Mozilla/4.0 (compatible; MSIE 8.0; Windows NT 5.1; Trident/4.0; InfoPath.2)"
84.206.28.131 - - [20/Sep/2013:13:11:41 +0200] "GET /aktualis_elemei/bio2szulinap_elemei/image119.jpg HTTP/1.1" 304 - "-" "Mozilla/4.0 (compatible; MSIE 8.0; Windows NT 5.1; Trident/4.0; InfoPath.2)"
84.206.28.131 - - [20/Sep/2013:13:11:41 +0200] "GET /aktualis_elemei/bio2szulinap_elemei/image105.jpg HTTP/1.1" 304 - "-" "Mozilla/4.0 (compatible; MSIE 8.0; Windows NT 5.1; Trident/4.0; InfoPath.2)"
84.206.28.131 - - [20/Sep/2013:13:11:41 +0200] "GET /aktualis_elemei/bio2szulinap_elemei/image121.jpg HTTP/1.1" 304 - "-" "Mozilla/4.0 (compatible; MSIE 8.0; Windows NT 5.1; Trident/4.0; InfoPath.2)"
84.206.28.131 - - [20/Sep/2013:13:11:41 +0200] "GET /aktualis_elemei/bio2szulinap_elemei/image127.jpg HTTP/1.1" 304 - "-" "Mozilla/4.0 (compatible; MSIE 8.0; Windows NT 5.1; Trident/4.0; InfoPath.2)"
84.206.28.131 - - [20/Sep/2013:13:11:41 +0200] "GET /aktualis_elemei/bio2szulinap_elemei/image125.jpg HTTP/1.1" 304 - "-" "Mozilla/4.0 (compatible; MSIE 8.0; Windows NT 5.1; Trident/4.0; InfoPath.2)"
84.206.28.131 - - [20/Sep/2013:13:11:41 +0200] "GET /aktualis_elemei/bio2szulinap_elemei/image129.jpg HTTP/1.1" 304 - "-" "Mozilla/4.0 (compatible; MSIE 8.0; Windows NT 5.1; Trident/4.0; InfoPath.2)"
84.206.28.131 - - [20/Sep/2013:13:11:41 +0200] "GET /aktualis_elemei/bio2szulinap_elemei/image131.jpg HTTP/1.1" 304 - "-" "Mozilla/4.0 (compatible; MSIE 8.0; Windows NT 5.1; Trident/4.0; InfoPath.2)"
84.206.28.131 - - [20/Sep/2013:13:11:41 +0200] "GET /aktualis_elemei/bio2szulinap_elemei/image135.jpg HTTP/1.1" 304 - "-" "Mozilla/4.0 (compatible; MSIE 8.0; Windows NT 5.1; Trident/4.0; InfoPath.2)"
84.206.28.131 - - [20/Sep/2013:13:11:41 +0200] "GET /aktualis_elemei/bio2szulinap_elemei/image123.jpg HTTP/1.1" 304 - "-" "Mozilla/4.0 (compatible; MSIE 8.0; Windows NT 5.1; Trident/4.0; InfoPath.2)"
84.206.28.131 - - [20/Sep/2013:13:11:41 +0200] "GET /aktualis_elemei/bio2szulinap_elemei/image133.jpg HTTP/1.1" 304 - "-" "Mozilla/4.0 (compatible; MSIE 8.0; Windows NT 5.1; Trident/4.0; InfoPath.2)"
84.206.28.131 - - [20/Sep/2013:13:11:41 +0200] "GET /aktualis_elemei/bio2szulinap_elemei/image137.jpg HTTP/1.1" 304 - "-" "Mozilla/4.0 (compatible; MSIE 8.0; Windows NT 5.1; Trident/4.0; InfoPath.2)"
84.206.28.131 - - [20/Sep/2013:13:11:41 +0200] "GET /aktualis_elemei/bio2szulinap_elemei/image141.jpg HTTP/1.1" 206 10452 "-" "Mozilla/4.0 (compatible; MSIE 8.0; Windows NT 5.1; Trident/4.0; InfoPath.2)"
84.206.28.131 - - [20/Sep/2013:13:11:41 +0200] "GET /aktualis_elemei/bio2szulinap_elemei/image143.jpg HTTP/1.1" 304 - "-" "Mozilla/4.0 (compatible; MSIE 8.0; Windows NT 5.1; Trident/4.0; InfoPath.2)"
84.206.28.131 - - [20/Sep/2013:13:11:41 +0200] "GET /aktualis_elemei/bio2szulinap_elemei/image139.jpg HTTP/1.1" 304 - "-" "Mozilla/4.0 (compatible; MSIE 8.0; Windows NT 5.1; Trident/4.0; InfoPath.2)"
5.10.83.92 - - [20/Sep/2013:13:22:01 +0200] "GET / HTTP/1.1" 200 884 "-" "Mozilla/5.0 (compatible; AhrefsBot/5.0; +http://ahrefs.com/robot/)"
178.164.148.59 - - [20/Sep/2013:13:52:24 +0200] "GET /aktualis_elemei/bio2szulinap_elemei/image132.jpg HTTP/1.1" 200 8237 "-" "Mozilla/5.0 (Windows NT 6.1) AppleWebKit/537.36 (KHTML, like Gecko) Chrome/29.0.1547.66 Safari/537.36"
66.249.78.57 - - [20/Sep/2013:14:01:18 +0200] "GET /kiadvanyaink.html HTTP/1.1" 304 - "-" "Mozilla/5.0 (iPhone; U; CPU iPhone OS 4_1 like Mac OS X; en-us) AppleWebKit/532.9 (KHTML, like Gecko) Version/4.0.5 Mobile/8B117 Safari/6531.22.7 (compatible; Googlebot-Mobile/2.1; +http://www.google.com/bot.html)"
66.249.78.57 - - [20/Sep/2013:14:02:27 +0200] "GET /archiv_elemei/reglap.doc HTTP/1.1" 304 - "-" "Mozilla/5.0 (compatible; Googlebot/2.1; +http://www.google.com/bot.html)"
65.55.215.42 - - [20/Sep/2013:15:15:00 +0200] "GET /robots.txt HTTP/1.1" 404 1181 "-" "msnbot-media/1.1 (+http://search.msn.com/msnbot.htm)"
65.55.215.42 - - [20/Sep/2013:15:15:01 +0200] "GET /aktualis_elemei/ausztriaut_elemei/image017.jpg HTTP/1.1" 404 1181 "-" "msnbot-media/1.1 (+http://search.msn.com/msnbot.htm)"
194.176.233.88 - - [20/Sep/2013:15:16:33 +0200] "GET /aktualis_elemei/bio2szulinap_elemei/image110.jpg HTTP/1.1" 200 8760 "-" "Mozilla/5.0 (Windows NT 5.1; rv:23.0) Gecko/20100101 Firefox/23.0"
46.105.59.74 - - [20/Sep/2013:15:23:39 +0200] "HEAD / HTTP/1.1" 200 0 "-" "Mozilla/5.0 (Windows NT 6.1; WOW64) AppleWebKit/537.36 (KHTML, like Gecko) Chrome/27.0.1453.116 Safari/537.36"
66.249.78.57 - - [20/Sep/2013:15:24:16 +0200] "GET /aktualis_elemei/loverecycling.html HTTP/1.1" 304 - "-" "Mozilla/5.0 (compatible; Googlebot/2.1; +http://www.google.com/bot.html)"
194.176.233.88 - - [20/Sep/2013:15:51:13 +0200] "GET /aktualis_elemei/bio2szulinap_elemei/image128.jpg HTTP/1.1" 200 8653 "-" "Mozilla/5.0 (Windows NT 5.1; rv:23.0) Gecko/20100101 Firefox/23.0"
198.24.171.85 - - [20/Sep/2013:15:58:59 +0200] "GET / HTTP/1.1" 200 884 "-" "Mozilla/3.0 (compatible; Indy Library)"
157.56.229.187 - - [20/Sep/2013:16:11:32 +0200] "GET /robots.txt HTTP/1.1" 404 1181 "-" "Mozilla/5.0 (compatible; bingbot/2.0; +http://www.bing.com/bingbot.htm)"
157.56.229.187 - - [20/Sep/2013:16:12:00 +0200] "GET / HTTP/1.1" 200 884 "-" "Mozilla/5.0 (compatible; bingbot/2.0; +http://www.bing.com/bingbot.htm)"
66.249.78.57 - - [20/Sep/2013:16:32:04 +0200] "GET /hirek/hirek.txt HTTP/1.1" 200 96857 "-" "Mozilla/5.0 (compatible; Googlebot/2.1; +http://www.google.com/bot.html)"
180.76.5.15 - - [20/Sep/2013:16:34:02 +0200] "GET /kiadvany/delbukk.pdf HTTP/1.1" 200 589824 "-" "Mozilla/5.0 (compatible; Baiduspider/2.0; +http://www.baidu.com/search/spider.html)"
66.249.78.57 - - [20/Sep/2013:17:21:09 +0200] "GET /kiadvany/delbukk.pdf HTTP/1.1" 304 - "-" "Mozilla/5.0 (compatible; Googlebot/2.1; +http://www.google.com/bot.html)"
5.10.83.95 - - [20/Sep/2013:17:49:29 +0200] "GET / HTTP/1.1" 200 884 "-" "Mozilla/5.0 (compatible; AhrefsBot/5.0; +http://ahrefs.com/robot/)"
84.2.160.185 - - [20/Sep/2013:17:49:39 +0200] "GET /aktualis_elemei/bio2szulinap_elemei/image114.jpg HTTP/1.1" 200 6950 "-" "Mozilla/5.0 (Windows NT 6.1) AppleWebKit/537.36 (KHTML, like Gecko) Chrome/29.0.1547.66 Safari/537.36"
199.30.20.151 - - [20/Sep/2013:17:52:51 +0200] "GET /robots.txt HTTP/1.1" 404 1181 "-" "msnbot-media/1.1 (+http://search.msn.com/msnbot.htm)"
199.30.20.151 - - [20/Sep/2013:17:52:51 +0200] "GET /aktualis_elemei/bio2szulinap_elemei/image032.jpg HTTP/1.1" 200 16073 "-" "msnbot-media/1.1 (+http://search.msn.com/msnbot.htm)"
37.76.45.218 - - [20/Sep/2013:18:00:40 +0200] "GET /aktualis_elemei/bio2szulinap_elemei/image132.jpg HTTP/1.1" 200 8237 "-" "Opera/9.80 (Windows NT 6.1; WOW64) Presto/2.12.388 Version/12.16"
66.249.78.57 - - [20/Sep/2013:18:26:37 +0200] "GET /aktualis_elemei/belvarosi%20biovasar%20arai%202007.%20tel.doc HTTP/1.1" 200 324608 "-" "Mozilla/5.0 (compatible; Googlebot/2.1; +http://www.google.com/bot.html)"
199.30.20.148 - - [20/Sep/2013:18:37:02 +0200] "GET /robots.txt HTTP/1.1" 404 1181 "-" "msnbot-media/1.1 (+http://search.msn.com/msnbot.htm)"
199.30.20.148 - - [20/Sep/2013:18:37:03 +0200] "GET /aktualis_elemei/ausztriaut_elemei/image049.jpg HTTP/1.1" 404 1181 "-" "msnbot-media/1.1 (+http://search.msn.com/msnbot.htm)"
37.187.56.98 - - [20/Sep/2013:18:51:17 +0200] "GET / HTTP/1.1" 200 884 "-" "Mozilla/5.0 (X11; Linux x86_64) AppleWebKit/534.34 (KHTML, like Gecko) Qt/4.8.1 Safari/534.34"
85.66.162.169 - - [20/Sep/2013:18:51:34 +0200] "GET /kiadvany/delbukk.pdf HTTP/1.1" 200 1540585 "http://www.google.hu/url?sa=t&rct=j&q=&esrc=s&frm=1&source=web&cd=1&ved=0CC8QFjAA&url=http%3A%2F%2Fwww.greenaction.hu%2Fkiadvany%2Fdelbukk.pdf&ei=EH08Uun5PM3GtAaK0oGwDQ&usg=AFQjCNECE6buDtmZSspSqd-_6mQ0nNiDmA&bvm=bv.52434380,d.Yms" "Mozilla/4.0 (compatible; MSIE 8.0; Windows NT 5.1; Trident/4.0; GTB7.5; .NET CLR 2.0.50727; .NET CLR 3.0.4506.2152; .NET CLR 3.5.30729; .NET CLR 1.1.4322)"
66.249.78.57 - - [20/Sep/2013:19:02:41 +0200] "GET /robots.txt HTTP/1.1" 404 1181 "-" "Mozilla/5.0 (compatible; Googlebot/2.1; +http://www.google.com/bot.html)"
66.249.78.57 - - [20/Sep/2013:19:02:41 +0200] "GET /aktualis_elemei/bio2szulinap.html HTTP/1.1" 304 - "-" "Mozilla/5.0 (iPhone; U; CPU iPhone OS 4_1 like Mac OS X; en-us) AppleWebKit/532.9 (KHTML, like Gecko) Version/4.0.5 Mobile/8B117 Safari/6531.22.7 (compatible; Googlebot-Mobile/2.1; +http://www.google.com/bot.html)"
77.111.90.197 - - [20/Sep/2013:19:16:45 +0200] "GET / HTTP/1.1" 200 884 "-" "Mozilla/5.0 (X11; U; Linux i686; en-US; rv:1.9.0.4) Gecko/2008111318 Ubuntu/8.10 (intrepid) Firefox/3.0.4"
66.249.78.57 - - [20/Sep/2013:19:25:04 +0200] "GET /aktualis_elemei/fnp.html HTTP/1.1" 200 51102 "-" "Mozilla/5.0 (compatible; Googlebot/2.1; +http://www.google.com/bot.html)"
84.1.217.88 - - [20/Sep/2013:19:29:03 +0200] "GET /aktualis_elemei/bio2szulinap_elemei/image114.jpg HTTP/1.1" 200 6950 "-" "Mozilla/5.0 (Windows NT 6.1; WOW64; rv:23.0; WUID=e87b0191e3575648c45a2076bf04c2d4; WTB=2958) Gecko/20100101 Firefox/23.0"
5.10.83.92 - - [20/Sep/2013:19:50:20 +0200] "GET /aktualis_elemei/ausztriaut.html HTTP/1.1" 200 73702 "-" "Mozilla/5.0 (compatible; AhrefsBot/5.0; +http://ahrefs.com/robot/)"
193.225.63.7 - - [20/Sep/2013:19:57:26 +0200] "GET /kiadvany/delbukk.pdf HTTP/1.1" 200 122431 "https://www.google.hu/" "Mozilla/5.0 (Windows NT 6.1; WOW64) AppleWebKit/537.36 (KHTML, like Gecko) Chrome/29.0.1547.66 Safari/537.36"
193.225.63.7 - - [20/Sep/2013:19:57:26 +0200] "GET /kiadvany/delbukk.pdf HTTP/1.1" 206 32768 "http://www.greenaction.hu/kiadvany/delbukk.pdf" "Mozilla/5.0 (Windows NT 6.1; WOW64) AppleWebKit/537.36 (KHTML, like Gecko) Chrome/29.0.1547.66 Safari/537.36"
193.225.63.7 - - [20/Sep/2013:19:57:26 +0200] "GET /favicon.ico HTTP/1.1" 404 1181 "-" "Mozilla/5.0 (Windows NT 6.1; WOW64) AppleWebKit/537.36 (KHTML, like Gecko) Chrome/29.0.1547.66 Safari/537.36"
193.225.63.7 - - [20/Sep/2013:19:57:35 +0200] "GET /kiadvany/delbukk.pdf HTTP/1.1" 206 1507817 "http://www.greenaction.hu/kiadvany/delbukk.pdf" "Mozilla/5.0 (Windows NT 6.1; WOW64) AppleWebKit/537.36 (KHTML, like Gecko) Chrome/29.0.1547.66 Safari/537.36"
157.56.93.74 - - [20/Sep/2013:20:02:17 +0200] "GET /robots.txt HTTP/1.1" 404 1181 "-" "Mozilla/5.0 (compatible; bingbot/2.0; +http://www.bing.com/bingbot.htm)"
157.56.93.74 - - [20/Sep/2013:20:10:43 +0200] "GET /aktualis_elemei/bbbekagyar.html HTTP/1.1" 304 - "-" "Mozilla/5.0 (compatible; bingbot/2.0; +http://www.bing.com/bingbot.htm)"
66.249.78.57 - - [20/Sep/2013:20:21:10 +0200] "GET /robots.txt HTTP/1.1" 404 1181 "-" "Mozilla/5.0 (compatible; Googlebot/2.1; +http://www.google.com/bot.html)"
66.249.78.57 - - [20/Sep/2013:20:21:11 +0200] "GET /kiadvany/riport.pdf HTTP/1.1" 200 1048785 "-" "Mozilla/5.0 (compatible; Googlebot/2.1; +http://www.google.com/bot.html)"
66.249.78.57 - - [20/Sep/2013:20:23:30 +0200] "GET /aktualis_elemei/bioarak%2009.07.html HTTP/1.1" 200 504057 "-" "Mozilla/5.0 (compatible; Googlebot/2.1; +http://www.google.com/bot.html)"
5.10.83.95 - - [20/Sep/2013:20:26:00 +0200] "GET /hirek/hirek.txt HTTP/1.1" 200 60489 "-" "Mozilla/5.0 (compatible; AhrefsBot/5.0; +http://ahrefs.com/robot/)"
5.10.83.23 - - [20/Sep/2013:20:31:22 +0200] "GET /aktualis_elemei/baloghjanos.html HTTP/1.1" 200 15294 "-" "Mozilla/5.0 (compatible; AhrefsBot/5.0; +http://ahrefs.com/robot/)"
188.143.69.19 - - [20/Sep/2013:21:06:01 +0200] "GET /aktualis_elemei/bio2szulinap_elemei/image056.jpg HTTP/1.1" 200 10317 "-" "Mozilla/5.0 (iPad; CPU OS 6_1_3 like Mac OS X) AppleWebKit/536.26 (KHTML, like Gecko) Version/6.0 Mobile/10B329 Safari/8536.25"
84.0.48.217 - - [20/Sep/2013:21:18:25 +0200] "GET /aktualis_elemei/bio2szulinap_elemei/image132.jpg HTTP/1.1" 200 8237 "-" "Mozilla/5.0 (Windows NT 5.1) AppleWebKit/537.36 (KHTML, like Gecko) Chrome/29.0.1547.66 Safari/537.36"
188.6.69.96 - - [20/Sep/2013:21:19:11 +0200] "GET /aktualis_elemei/bio2szulinap_elemei/image130.jpg HTTP/1.1" 200 7636 "-" "Mozilla/5.0 (Windows NT 6.1; rv:23.0) Gecko/20100101 Firefox/23.0"
66.249.78.57 - - [20/Sep/2013:21:24:17 +0200] "GET /kiadvany/agrark.pdf HTTP/1.1" 200 3405360 "-" "Mozilla/5.0 (compatible; Googlebot/2.1; +http://www.google.com/bot.html)"
5.10.83.53 - - [20/Sep/2013:21:24:34 +0200] "GET /aktualis_elemei/ktavmuhely.html HTTP/1.1" 200 22398 "-" "Mozilla/5.0 (compatible; AhrefsBot/5.0; +http://ahrefs.com/robot/)"
66.249.78.57 - - [20/Sep/2013:21:27:47 +0200] "GET /archiv_elemei/bparak0915.html HTTP/1.1" 304 - "-" "Mozilla/5.0 (compatible; Googlebot/2.1; +http://www.google.com/bot.html)"
5.10.83.2 - - [20/Sep/2013:21:44:47 +0200] "GET /magunkrol_elemei/kozhasznu.html HTTP/1.1" 200 48365 "-" "Mozilla/5.0 (compatible; AhrefsBot/5.0; +http://ahrefs.com/robot/)"
157.56.229.187 - - [20/Sep/2013:22:22:51 +0200] "GET /robots.txt HTTP/1.1" 404 1181 "-" "Mozilla/5.0 (compatible; bingbot/2.0; +http://www.bing.com/bingbot.htm)"
157.56.229.187 - - [20/Sep/2013:22:23:16 +0200] "GET / HTTP/1.1" 200 884 "-" "Mozilla/5.0 (compatible; bingbot/2.0; +http://www.bing.com/bingbot.htm)"
199.30.25.63 - - [20/Sep/2013:22:23:20 +0200] "GET /pattern.jpg HTTP/1.1" 200 13798 "http://www.greenaction.hu/" "Mozilla/5.0 (Windows NT 6.1; WOW64) AppleWebKit/534+ (KHTML, like Gecko) BingPreview/1.0b"
157.56.229.187 - - [20/Sep/2013:22:23:20 +0200] "GET /zoldakcio.swf HTTP/1.1" 200 840351 "-" "Mozilla/5.0 (compatible; bingbot/2.0; +http://www.bing.com/bingbot.htm)"
199.30.25.63 - - [20/Sep/2013:22:23:25 +0200] "GET /zoldakcio.swf HTTP/1.1" 200 840351 "http://www.greenaction.hu/zoldakcio.swf" "Mozilla/5.0 (Windows NT 6.1; WOW64) AppleWebKit/534+ (KHTML, like Gecko) BingPreview/1.0b"
199.30.25.63 - - [20/Sep/2013:22:23:27 +0200] "GET /hirek/hirek.txt HTTP/1.1" 200 96857 "http://www.greenaction.hu/zoldakcio.swf" "Mozilla/5.0 (Windows NT 6.1; WOW64) AppleWebKit/534+ (KHTML, like Gecko) BingPreview/1.0b"
199.30.25.63 - - [20/Sep/2013:22:23:27 +0200] "GET /banner/norway.jpg HTTP/1.1" 200 3191 "http://www.greenaction.hu/zoldakcio.swf" "Mozilla/5.0 (Windows NT 6.1; WOW64) AppleWebKit/534+ (KHTML, like Gecko) BingPreview/1.0b"
199.30.25.63 - - [20/Sep/2013:22:23:28 +0200] "GET /esemenynaptar/SparkEventsCalendar_loadVars.txt HTTP/1.1" 200 72712 "http://www.greenaction.hu/zoldakcio.swf" "Mozilla/5.0 (Windows NT 6.1; WOW64) AppleWebKit/534+ (KHTML, like Gecko) BingPreview/1.0b"
199.30.25.63 - - [20/Sep/2013:22:23:30 +0200] "GET /hirek/biomassza_forum.jpg HTTP/1.1" 200 6616 "http://www.greenaction.hu/zoldakcio.swf" "Mozilla/5.0 (Windows NT 6.1; WOW64) AppleWebKit/534+ (KHTML, like Gecko) BingPreview/1.0b"
199.30.25.63 - - [20/Sep/2013:22:23:30 +0200] "GET /hirek/helyivedett.jpg HTTP/1.1" 404 1181 "http://www.greenaction.hu/zoldakcio.swf" "Mozilla/5.0 (Windows NT 6.1; WOW64) AppleWebKit/534+ (KHTML, like Gecko) BingPreview/1.0b"
199.30.25.63 - - [20/Sep/2013:22:23:30 +0200] "GET /hirek/kocsonyabeka.jpg HTTP/1.1" 200 4334 "http://www.greenaction.hu/zoldakcio.swf" "Mozilla/5.0 (Windows NT 6.1; WOW64) AppleWebKit/534+ (KHTML, like Gecko) BingPreview/1.0b"
199.30.25.111 - - [20/Sep/2013:22:23:31 +0200] "GET /hirek/biomassza2.jpg HTTP/1.1" 404 1181 "http://www.greenaction.hu/zoldakcio.swf" "Mozilla/5.0 (Windows NT 6.1; WOW64) AppleWebKit/534+ (KHTML, like Gecko) BingPreview/1.0b"
66.249.78.57 - - [20/Sep/2013:22:25:03 +0200] "GET /hirek/hirek.txt HTTP/1.1" 304 - "-" "Mozilla/5.0 (compatible; Googlebot/2.1; +http://www.google.com/bot.html)"
66.249.78.57 - - [20/Sep/2013:22:58:57 +0200] "GET /archiv_elemei/reglap.doc HTTP/1.1" 304 - "-" "Mozilla/5.0 (compatible; Googlebot/2.1; +http://www.google.com/bot.html)"
5.10.83.69 - - [20/Sep/2013:23:44:27 +0200] "GET /aktualis_elemei/fnh2008.html HTTP/1.1" 200 41031 "-" "Mozilla/5.0 (compatible; AhrefsBot/5.0; +http://ahrefs.com/robot/)"
84.114.209.30 - - [20/Sep/2013:23:57:19 +0200] "GET /kiadvany/delbukk.pdf HTTP/1.1" 200 1540585 "https://www.google.hu/" "Mozilla/5.0 (iPhone; CPU iPhone OS 6_1_3 like Mac OS X) AppleWebKit/536.26 (KHTML, like Gecko) Version/6.0 Mobile/10B329 Safari/8536.25"
66.249.78.57 - - [21/Sep/2013:00:10:15 +0200] "GET /aktualis.html HTTP/1.1" 304 - "-" "Mozilla/5.0 (compatible; Googlebot/2.1; +http://www.google.com/bot.html)"
91.102.231.98 - - [21/Sep/2013:00:13:20 +0200] "GET /aktualis_elemei/bio2szulinap_elemei/image072.jpg HTTP/1.1" 200 8143 "-" "Mozilla/5.0 (Windows NT 5.1) AppleWebKit/537.36 (KHTML, like Gecko) Chrome/29.0.1547.76 Safari/537.36"
157.56.229.187 - - [21/Sep/2013:00:13:47 +0200] "GET /robots.txt HTTP/1.1" 404 1181 "-" "Mozilla/5.0 (compatible; bingbot/2.0; +http://www.bing.com/bingbot.htm)"
157.56.229.187 - - [21/Sep/2013:00:14:20 +0200] "GET / HTTP/1.1" 200 884 "-" "Mozilla/5.0 (compatible; bingbot/2.0; +http://www.bing.com/bingbot.htm)"
199.30.20.151 - - [21/Sep/2013:00:22:36 +0200] "GET /robots.txt HTTP/1.1" 404 1181 "-" "msnbot-media/1.1 (+http://search.msn.com/msnbot.htm)"
199.30.20.151 - - [21/Sep/2013:00:22:36 +0200] "GET /aktualis_elemei/bio2szulinap_elemei/image032.jpg HTTP/1.1" 200 16073 "-" "msnbot-media/1.1 (+http://search.msn.com/msnbot.htm)"
66.249.78.57 - - [21/Sep/2013:00:26:08 +0200] "GET /kiadvany/miabio.pdf HTTP/1.1" 304 - "-" "Mozilla/5.0 (iPhone; U; CPU iPhone OS 4_1 like Mac OS X; en-us) AppleWebKit/532.9 (KHTML, like Gecko) Version/4.0.5 Mobile/8B117 Safari/6531.22.7 (compatible; Googlebot-Mobile/2.1; +http://www.google.com/bot.html)"
84.225.147.219 - - [21/Sep/2013:00:36:01 +0200] "GET /aktualis_elemei/bio2szulinap_elemei/image102.jpg HTTP/1.1" 200 8017 "-" "Mozilla/5.0 (X11; Linux i686; rv:23.0) Gecko/20100101 Firefox/23.0"
5.10.83.46 - - [21/Sep/2013:01:04:40 +0200] "GET /aktualis_elemei/bbbekagyart%20elozetes.html HTTP/1.1" 200 9699 "-" "Mozilla/5.0 (compatible; AhrefsBot/5.0; +http://ahrefs.com/robot/)"
66.249.78.57 - - [21/Sep/2013:01:14:32 +0200] "GET /aktualis_elemei/ausztriaut.html HTTP/1.1" 304 - "-" "Mozilla/5.0 (compatible; Googlebot/2.1; +http://www.google.com/bot.html)"
166.78.4.75 - - [21/Sep/2013:01:19:19 +0200] "GET / HTTP/1.1" 200 884 "-" "Mozilla/5.0 (Macintosh; Intel Mac OS X 10_7_5) AppleWebKit/537.11 (KHTML, like Gecko) Chrome/23.0.1271.95 Safari/537.11"
89.132.90.157 - - [21/Sep/2013:01:42:48 +0200] "GET /robots.txt HTTP/1.1" 404 1181 "-" "Mozilla/5.0 (compatible; JobKeresoBot; http://www.jobkereso.com/help.jsp)"
89.132.90.157 - - [21/Sep/2013:01:42:48 +0200] "GET / HTTP/1.1" 200 884 "-" "Mozilla/5.0 (compatible; JobKeresoBot; http://www.jobkereso.com/help.jsp)"
66.249.78.57 - - [21/Sep/2013:02:17:39 +0200] "GET /aktualis_elemei/ktavmuhely.html HTTP/1.1" 200 22398 "-" "Mozilla/5.0 (compatible; Googlebot/2.1; +http://www.google.com/bot.html)"
77.111.91.57 - - [21/Sep/2013:02:34:33 +0200] "GET / HTTP/1.1" 200 884 "-" "Mozilla/5.0 (Macintosh; Intel Mac OS X 10_7_4) AppleWebKit/534.57.2 (KHTML, like Gecko) Version/5.1.7 Safari/534.57.2"
5.10.83.26 - - [21/Sep/2013:02:49:33 +0200] "GET /aktualis_elemei/upfuzet.html HTTP/1.1" 200 13137 "-" "Mozilla/5.0 (compatible; AhrefsBot/5.0; +http://ahrefs.com/robot/)"
199.30.16.19 - - [21/Sep/2013:02:53:23 +0200] "GET /robots.txt HTTP/1.1" 404 1181 "-" "msnbot-media/1.1 (+http://search.msn.com/msnbot.htm)"
199.30.16.19 - - [21/Sep/2013:02:53:23 +0200] "GET /aktualis_elemei/bekamentes_elemei/image003.jpg HTTP/1.1" 200 18979 "-" "msnbot-media/1.1 (+http://search.msn.com/msnbot.htm)"
5.10.83.46 - - [21/Sep/2013:03:32:14 +0200] "GET /aktualis_elemei/3.%20bioszulinap.html HTTP/1.1" 200 19660 "-" "Mozilla/5.0 (compatible; AhrefsBot/5.0; +http://ahrefs.com/robot/)"
78.46.154.37 - - [21/Sep/2013:03:39:43 +0200] "GET /robots.txt HTTP/1.1" 404 1181 "-" "ExB Language Crawler 2.1.5 (+http://www.exb.de/crawler)"
157.56.229.187 - - [21/Sep/2013:03:47:57 +0200] "GET /robots.txt HTTP/1.1" 404 1181 "-" "Mozilla/5.0 (compatible; bingbot/2.0; +http://www.bing.com/bingbot.htm)"
157.56.229.187 - - [21/Sep/2013:03:48:27 +0200] "GET / HTTP/1.1" 200 884 "-" "Mozilla/5.0 (compatible; bingbot/2.0; +http://www.bing.com/bingbot.htm)"
174.118.240.89 - - [21/Sep/2013:04:02:32 +0200] "GET /archiv_elemei/image004.jpg HTTP/1.1" 200 7491 "-" "Mozilla/5.0 (Windows NT 6.2; WOW64) AppleWebKit/537.36 (KHTML, like Gecko) Chrome/29.0.1547.76 Safari/537.36"
5.10.83.53 - - [21/Sep/2013:04:53:41 +0200] "GET /aktualis_elemei/bio2szulinap.html HTTP/1.1" 200 71694 "-" "Mozilla/5.0 (compatible; AhrefsBot/5.0; +http://ahrefs.com/robot/)"
66.249.78.57 - - [21/Sep/2013:06:07:45 +0200] "GET /aktualis_elemei/bparak0929.html HTTP/1.1" 304 - "-" "Mozilla/5.0 (iPhone; U; CPU iPhone OS 4_1 like Mac OS X; en-us) AppleWebKit/532.9 (KHTML, like Gecko) Version/4.0.5 Mobile/8B117 Safari/6531.22.7 (compatible; Googlebot-Mobile/2.1; +http://www.google.com/bot.html)"
5.10.83.26 - - [21/Sep/2013:06:39:40 +0200] "GET /aktualis_elemei/lazadasatanyerodban.html HTTP/1.1" 200 14406 "-" "Mozilla/5.0 (compatible; AhrefsBot/5.0; +http://ahrefs.com/robot/)"
66.249.78.57 - - [21/Sep/2013:06:42:11 +0200] "GET / HTTP/1.1" 200 884 "-" "Mozilla/5.0 (iPhone; U; CPU iPhone OS 4_1 like Mac OS X; en-us) AppleWebKit/532.9 (KHTML, like Gecko) Version/4.0.5 Mobile/8B117 Safari/6531.22.7 (compatible; Googlebot-Mobile/2.1; +http://www.google.com/bot.html)"
157.55.35.100 - - [21/Sep/2013:06:51:41 +0200] "GET /robots.txt HTTP/1.1" 404 1181 "-" "Mozilla/5.0 (compatible; bingbot/2.0; +http://www.bing.com/bingbot.htm)"
157.55.35.100 - - [21/Sep/2013:06:53:14 +0200] "GET /aktualis_elemei/fnp.html HTTP/1.1" 200 51102 "-" "Mozilla/5.0 (compatible; bingbot/2.0; +http://www.bing.com/bingbot.htm)"
86.32.151.16 - - [21/Sep/2013:07:07:28 +0200] "GET / HTTP/1.1" 200 884 "-" "ExB Language Crawler 2.1.5 (+http://www.exb.de/crawler)"
66.249.78.57 - - [21/Sep/2013:07:11:32 +0200] "GET /aktualis_elemei/katonai.html HTTP/1.1" 304 - "-" "Mozilla/5.0 (iPhone; U; CPU iPhone OS 4_1 like Mac OS X; en-us) AppleWebKit/532.9 (KHTML, like Gecko) Version/4.0.5 Mobile/8B117 Safari/6531.22.7 (compatible; Googlebot-Mobile/2.1; +http://www.google.com/bot.html)"
37.140.141.5 - - [21/Sep/2013:07:38:54 +0200] "GET /robots.txt HTTP/1.1" 404 1181 "-" "Mozilla/5.0 (compatible; YandexBot/3.0; +http://yandex.com/bots)"
37.140.141.5 - - [21/Sep/2013:07:38:54 +0200] "GET /robots.txt HTTP/1.1" 404 1181 "-" "Mozilla/5.0 (compatible; YandexBot/3.0; +http://yandex.com/bots)"
37.140.141.5 - - [21/Sep/2013:07:38:56 +0200] "GET / HTTP/1.1" 200 884 "-" "Mozilla/5.0 (compatible; YandexBot/3.0; +http://yandex.com/bots)"
37.140.141.5 - - [21/Sep/2013:07:38:56 +0200] "GET / HTTP/1.1" 200 884 "-" "Mozilla/5.0 (compatible; YandexBot/3.0; +http://yandex.com/bots)"
37.140.141.5 - - [21/Sep/2013:07:39:00 +0200] "GET /zoldakcio.swf HTTP/1.1" 200 840351 "-" "Mozilla/5.0 (compatible; YandexBot/3.0; +http://yandex.com/bots)"
37.140.141.5 - - [21/Sep/2013:07:39:00 +0200] "GET /zoldakcio.swf HTTP/1.1" 200 840351 "-" "Mozilla/5.0 (compatible; YandexBot/3.0; +http://yandex.com/bots)"
37.140.141.5 - - [21/Sep/2013:07:39:03 +0200] "GET / HTTP/1.1" 200 884 "-" "Mozilla/5.0 (compatible; YandexBot/3.0; +http://yandex.com/bots)"
37.140.141.5 - - [21/Sep/2013:07:39:03 +0200] "GET / HTTP/1.1" 200 884 "-" "Mozilla/5.0 (compatible; YandexBot/3.0; +http://yandex.com/bots)"
157.55.32.219 - - [21/Sep/2013:07:42:54 +0200] "GET /robots.txt HTTP/1.1" 404 1181 "-" "Mozilla/5.0 (compatible; bingbot/2.0; +http://www.bing.com/bingbot.htm)"
157.55.32.219 - - [21/Sep/2013:07:44:29 +0200] "GET /kiadvany/delbukk.pdf HTTP/1.1" 200 1540585 "-" "Mozilla/5.0 (compatible; bingbot/2.0; +http://www.bing.com/bingbot.htm)"
85.67.20.158 - - [21/Sep/2013:08:09:54 +0200] "GET /aktualis_elemei/katonai_elemei/image004.jpg HTTP/1.1" 200 56554 "-" "Mozilla/5.0 (Windows NT 5.1) AppleWebKit/537.36 (KHTML, like Gecko) Chrome/29.0.1547.57 Safari/537.36"
199.30.20.8 - - [21/Sep/2013:09:11:17 +0200] "GET /robots.txt HTTP/1.1" 404 1181 "-" "msnbot-media/1.1 (+http://search.msn.com/msnbot.htm)"
199.30.20.8 - - [21/Sep/2013:09:11:17 +0200] "GET /aktualis_elemei/ausztriaut_elemei/image019.jpg HTTP/1.1" 404 1181 "-" "msnbot-media/1.1 (+http://search.msn.com/msnbot.htm)"
84.2.250.89 - - [21/Sep/2013:09:23:38 +0200] "GET /aktualis_elemei/bio2szulinap_elemei/image112.jpg HTTP/1.1" 200 8269 "http://www.google.hu/search?client=ms-unknown&hl=hu&v=140212031&biw=320&bih=303&tbm=isch&sa=1&ei=T0k9Uo60IOSv0QXB44CwCQ&q=mirabella+gy%C3%BCm%C3%B6lcs&oq=mirabella+gy&gs_l=mobile-gws-serp.1.0.0j0i24.15883.16892.0.18159.3.2.0.1.1.0.274.452.0j1j1.2.0....0...1c.1.27.mobile-gws-serp..0.3.513.JKBiss4i8LY" "Mozilla/5.0 (Linux; U; Android 4.0.4; hu-hu; PAP5000DUO Build/PrestigioPAP5000DUO) AppleWebKit/534.30 (KHTML, like Gecko) Version/4.0 Mobile Safari/534.30"
5.10.83.53 - - [21/Sep/2013:09:30:13 +0200] "GET /aktualis_elemei/deneverdani.html HTTP/1.1" 200 7036 "-" "Mozilla/5.0 (compatible; AhrefsBot/5.0; +http://ahrefs.com/robot/)"
5.10.83.53 - - [21/Sep/2013:10:15:40 +0200] "GET /aktualis_elemei/hk2006.html HTTP/1.1" 200 16289 "-" "Mozilla/5.0 (compatible; AhrefsBot/5.0; +http://ahrefs.com/robot/)"
5.10.83.95 - - [21/Sep/2013:10:22:57 +0200] "GET /aktualis_elemei/biovasarszombat.html HTTP/1.1" 200 12258 "-" "Mozilla/5.0 (compatible; AhrefsBot/5.0; +http://ahrefs.com/robot/)"
213.134.24.74 - - [21/Sep/2013:10:56:29 +0200] "GET / HTTP/1.1" 200 884 "http://www.google.com/url?sa=t&rct=j&q=&esrc=s&source=web&cd=1&ved=0CCkQFjAA&url=http%3A%2F%2Fwww.greenaction.hu%2F&ei=N189Usz5M8rQsgbKzYGQDw&usg=AFQjCNGWFfMAOYIu23uUnSDzg8wDyU3S6Q&bvm=bv.52434380,d.Yms" "Mozilla/5.0 (Windows NT 5.1; rv:24.0) Gecko/20100101 Firefox/24.0"
213.134.24.74 - - [21/Sep/2013:10:56:29 +0200] "GET /pattern.jpg HTTP/1.1" 200 13798 "http://www.greenaction.hu/" "Mozilla/5.0 (Windows NT 5.1; rv:24.0) Gecko/20100101 Firefox/24.0"
213.134.24.74 - - [21/Sep/2013:10:56:32 +0200] "GET /zoldakcio.swf HTTP/1.1" 200 840351 "http://www.greenaction.hu/" "Mozilla/5.0 (Windows NT 5.1; rv:24.0) Gecko/20100101 Firefox/24.0"
213.134.24.74 - - [21/Sep/2013:10:56:35 +0200] "GET /banner/norway.jpg HTTP/1.1" 200 3191 "http://www.greenaction.hu/zoldakcio.swf" "Mozilla/5.0 (Windows NT 5.1; rv:24.0) Gecko/20100101 Firefox/24.0"
213.134.24.74 - - [21/Sep/2013:10:56:35 +0200] "GET /favicon.ico HTTP/1.1" 404 1181 "-" "Mozilla/5.0 (Windows NT 5.1; rv:24.0) Gecko/20100101 Firefox/24.0"
213.134.24.74 - - [21/Sep/2013:10:56:35 +0200] "GET /esemenynaptar/SparkEventsCalendar_loadVars.txt HTTP/1.1" 200 72712 "http://www.greenaction.hu/zoldakcio.swf" "Mozilla/5.0 (Windows NT 5.1; rv:24.0) Gecko/20100101 Firefox/24.0"
213.134.24.74 - - [21/Sep/2013:10:56:35 +0200] "GET /hirek/hirek.txt HTTP/1.1" 200 96857 "http://www.greenaction.hu/zoldakcio.swf" "Mozilla/5.0 (Windows NT 5.1; rv:24.0) Gecko/20100101 Firefox/24.0"
213.134.24.74 - - [21/Sep/2013:10:56:36 +0200] "GET /favicon.ico HTTP/1.1" 404 1181 "-" "Mozilla/5.0 (Windows NT 5.1; rv:24.0) Gecko/20100101 Firefox/24.0"
213.134.24.74 - - [21/Sep/2013:10:56:38 +0200] "GET /hirek/biomassza_forum.jpg HTTP/1.1" 200 6616 "http://www.greenaction.hu/zoldakcio.swf" "Mozilla/5.0 (Windows NT 5.1; rv:24.0) Gecko/20100101 Firefox/24.0"
213.134.24.74 - - [21/Sep/2013:10:56:38 +0200] "GET /hirek/helyivedett.jpg HTTP/1.1" 404 1181 "http://www.greenaction.hu/zoldakcio.swf" "Mozilla/5.0 (Windows NT 5.1; rv:24.0) Gecko/20100101 Firefox/24.0"
213.134.24.74 - - [21/Sep/2013:10:56:38 +0200] "GET /hirek/kocsonyabeka.jpg HTTP/1.1" 200 4334 "http://www.greenaction.hu/zoldakcio.swf" "Mozilla/5.0 (Windows NT 5.1; rv:24.0) Gecko/20100101 Firefox/24.0"
213.134.24.74 - - [21/Sep/2013:10:56:38 +0200] "GET /hirek/biomassza2.jpg HTTP/1.1" 404 1181 "http://www.greenaction.hu/zoldakcio.swf" "Mozilla/5.0 (Windows NT 5.1; rv:24.0) Gecko/20100101 Firefox/24.0"
213.134.24.74 - - [21/Sep/2013:10:56:38 +0200] "GET /hirek/programindito.jpg HTTP/1.1" 200 6594 "http://www.greenaction.hu/zoldakcio.swf" "Mozilla/5.0 (Windows NT 5.1; rv:24.0) Gecko/20100101 Firefox/24.0"
213.134.24.74 - - [21/Sep/2013:10:56:38 +0200] "GET /hirek/gmokrumpli.jpg HTTP/1.1" 200 9110 "http://www.greenaction.hu/zoldakcio.swf" "Mozilla/5.0 (Windows NT 5.1; rv:24.0) Gecko/20100101 Firefox/24.0"
213.134.24.74 - - [21/Sep/2013:10:56:39 +0200] "GET /hirek/beno.jpg HTTP/1.1" 200 2623 "http://www.greenaction.hu/zoldakcio.swf" "Mozilla/5.0 (Windows NT 5.1; rv:24.0) Gecko/20100101 Firefox/24.0"
213.134.24.74 - - [21/Sep/2013:10:56:39 +0200] "GET /hirek/nullahullakovesd%20011.jpg HTTP/1.1" 200 8674 "http://www.greenaction.hu/zoldakcio.swf" "Mozilla/5.0 (Windows NT 5.1; rv:24.0) Gecko/20100101 Firefox/24.0"
213.134.24.74 - - [21/Sep/2013:10:56:39 +0200] "GET /hirek/foldnapja.jpg HTTP/1.1" 200 4081 "http://www.greenaction.hu/zoldakcio.swf" "Mozilla/5.0 (Windows NT 5.1; rv:24.0) Gecko/20100101 Firefox/24.0"
213.134.24.74 - - [21/Sep/2013:10:56:39 +0200] "GET /hirek/foldnap2010.jpg HTTP/1.1" 200 7191 "http://www.greenaction.hu/zoldakcio.swf" "Mozilla/5.0 (Windows NT 5.1; rv:24.0) Gecko/20100101 Firefox/24.0"
213.134.24.74 - - [21/Sep/2013:10:56:39 +0200] "GET /hirek/gmoevo.jpg HTTP/1.1" 200 2951 "http://www.greenaction.hu/zoldakcio.swf" "Mozilla/5.0 (Windows NT 5.1; rv:24.0) Gecko/20100101 Firefox/24.0"
213.134.24.74 - - [21/Sep/2013:10:56:39 +0200] "GET /hirek/gmofree.gif HTTP/1.1" 404 1181 "http://www.greenaction.hu/zoldakcio.swf" "Mozilla/5.0 (Windows NT 5.1; rv:24.0) Gecko/20100101 Firefox/24.0"
213.134.24.74 - - [21/Sep/2013:10:56:39 +0200] "GET /hirek/torta.jpg HTTP/1.1" 404 1181 "http://www.greenaction.hu/zoldakcio.swf" "Mozilla/5.0 (Windows NT 5.1; rv:24.0) Gecko/20100101 Firefox/24.0"
213.134.24.74 - - [21/Sep/2013:10:56:39 +0200] "GET /hirek/abauji.jpg HTTP/1.1" 200 21716 "http://www.greenaction.hu/zoldakcio.swf" "Mozilla/5.0 (Windows NT 5.1; rv:24.0) Gecko/20100101 Firefox/24.0"
213.134.24.74 - - [21/Sep/2013:10:56:39 +0200] "GET /hirek/paprika.jpg HTTP/1.1" 404 1181 "http://www.greenaction.hu/zoldakcio.swf" "Mozilla/5.0 (Windows NT 5.1; rv:24.0) Gecko/20100101 Firefox/24.0"
213.134.24.74 - - [21/Sep/2013:10:56:39 +0200] "GET /hirek/benzinpisztoly.jpg HTTP/1.1" 200 2317 "http://www.greenaction.hu/zoldakcio.swf" "Mozilla/5.0 (Windows NT 5.1; rv:24.0) Gecko/20100101 Firefox/24.0"
213.134.24.74 - - [21/Sep/2013:10:56:39 +0200] "GET /hirek/marhafej.jpg HTTP/1.1" 200 3545 "http://www.greenaction.hu/zoldakcio.swf" "Mozilla/5.0 (Windows NT 5.1; rv:24.0) Gecko/20100101 Firefox/24.0"
