93.115.174.108 - - [23/Dec/2013:08:57:47 +0100] "GET /hirek/1%20szazalek.jpg HTTP/1.1" 200 16636 "http://www.greenaction.hu/zoldakcio.swf" "Opera/9.80 (Windows NT 6.1) Presto/2.12.388 Version/12.15"
93.115.174.108 - - [23/Dec/2013:08:57:47 +0100] "GET /hirek/1%20szazalek.jpg HTTP/1.1" 200 16636 "http://www.greenaction.hu/zoldakcio.swf" "Opera/9.80 (Windows NT 6.1) Presto/2.12.388 Version/12.15"
93.115.174.108 - - [23/Dec/2013:08:57:47 +0100] "GET /hirek/bioszulinap2011.jpg HTTP/1.1" 200 17649 "http://www.greenaction.hu/zoldakcio.swf" "Opera/9.80 (Windows NT 6.1) Presto/2.12.388 Version/12.15"
93.115.174.108 - - [23/Dec/2013:08:57:47 +0100] "GET /hirek/varboibekak2011.jpg HTTP/1.1" 200 9200 "http://www.greenaction.hu/zoldakcio.swf" "Opera/9.80 (Windows NT 6.1) Presto/2.12.388 Version/12.15"
193.111.141.116 - - [23/Dec/2013:09:26:53 +0100] "GET /kiadvany/riport.pdf HTTP/1.1" 200 1048785 "-" "Mozilla/5.0 (X11; Linux i686; rv:6.0) Gecko/20100101 Firefox/6.0"
180.76.5.198 - - [23/Dec/2013:09:26:54 +0100] "GET / HTTP/1.1" 200 884 "-" "Mozilla/5.0 (compatible; Baiduspider/2.0; +http://www.baidu.com/search/spider.html)"
65.55.215.54 - - [23/Dec/2013:09:36:11 +0100] "GET /robots.txt HTTP/1.1" 404 1181 "-" "msnbot-media/1.1 (+http://search.msn.com/msnbot.htm)"
65.55.215.54 - - [23/Dec/2013:09:36:11 +0100] "GET /aktualis_elemei/katonai_elemei/image001.jpg HTTP/1.1" 200 35821 "-" "msnbot-media/1.1 (+http://search.msn.com/msnbot.htm)"
157.56.92.149 - - [23/Dec/2013:09:50:36 +0100] "GET /robots.txt HTTP/1.1" 404 1181 "-" "Mozilla/5.0 (compatible; bingbot/2.0; +http://www.bing.com/bingbot.htm)"
157.55.33.252 - - [23/Dec/2013:09:55:20 +0100] "GET /robots.txt HTTP/1.1" 404 1181 "-" "Mozilla/5.0 (compatible; bingbot/2.0; +http://www.bing.com/bingbot.htm)"
157.55.33.252 - - [23/Dec/2013:09:57:46 +0100] "GET /aktualis_elemei/deneverdani.html HTTP/1.1" 304 - "-" "Mozilla/5.0 (compatible; bingbot/2.0; +http://www.bing.com/bingbot.htm)"
66.249.78.57 - - [23/Dec/2013:10:07:22 +0100] "GET /aktualis_elemei/fnhv.html HTTP/1.1" 304 - "-" "Mozilla/5.0 (iPhone; CPU iPhone OS 6_0 like Mac OS X) AppleWebKit/536.26 (KHTML, like Gecko) Version/6.0 Mobile/10A5376e Safari/8536.25 (compatible; Googlebot-Mobile/2.1; +http://www.google.com/bot.html)"
157.56.92.149 - - [23/Dec/2013:10:09:06 +0100] "GET /kiadvanyaink.html HTTP/1.1" 304 - "-" "Mozilla/5.0 (compatible; bingbot/2.0; +http://www.bing.com/bingbot.htm)"
208.43.255.24 - - [23/Dec/2013:10:45:25 +0100] "GET /robots.txt HTTP/1.1" 404 1181 "-" "Mozilla/5.0 (compatible; MSIE 9.0; Windows NT 6.1; WOW64; Trident/5.0; chromeframe/19.0.1084.52)"
208.43.255.24 - - [23/Dec/2013:10:45:30 +0100] "GET / HTTP/1.1" 200 884 "-" "Mozilla/5.0 (compatible; MSIE 9.0; Windows NT 6.1; WOW64; Trident/5.0; chromeframe/19.0.1084.52)"
37.140.141.5 - - [23/Dec/2013:11:29:43 +0100] "GET /robots.txt HTTP/1.1" 404 1181 "-" "Mozilla/5.0 (compatible; YandexBot/3.0; +http://yandex.com/bots)"
37.140.141.5 - - [23/Dec/2013:11:29:43 +0100] "GET /robots.txt HTTP/1.1" 404 1181 "-" "Mozilla/5.0 (compatible; YandexBot/3.0; +http://yandex.com/bots)"
37.140.141.5 - - [23/Dec/2013:11:29:45 +0100] "GET / HTTP/1.1" 200 884 "-" "Mozilla/5.0 (compatible; YandexBot/3.0; +http://yandex.com/bots)"
37.140.141.5 - - [23/Dec/2013:11:29:45 +0100] "GET / HTTP/1.1" 200 884 "-" "Mozilla/5.0 (compatible; YandexBot/3.0; +http://yandex.com/bots)"
37.140.141.5 - - [23/Dec/2013:11:29:49 +0100] "GET /zoldakcio.swf HTTP/1.1" 200 840351 "-" "Mozilla/5.0 (compatible; YandexBot/3.0; +http://yandex.com/bots)"
37.140.141.5 - - [23/Dec/2013:11:29:50 +0100] "GET /zoldakcio.swf HTTP/1.1" 200 840351 "-" "Mozilla/5.0 (compatible; YandexBot/3.0; +http://yandex.com/bots)"
37.140.141.5 - - [23/Dec/2013:11:29:51 +0100] "GET / HTTP/1.1" 200 884 "-" "Mozilla/5.0 (compatible; YandexBot/3.0; +http://yandex.com/bots)"
37.140.141.5 - - [23/Dec/2013:11:29:52 +0100] "GET / HTTP/1.1" 200 884 "-" "Mozilla/5.0 (compatible; YandexBot/3.0; +http://yandex.com/bots)"
157.55.32.166 - - [23/Dec/2013:11:41:25 +0100] "GET /robots.txt HTTP/1.1" 404 1181 "-" "Mozilla/5.0 (compatible; bingbot/2.0; +http://www.bing.com/bingbot.htm)"
157.55.32.166 - - [23/Dec/2013:11:44:16 +0100] "GET /archiv_elemei/belvarostc.html HTTP/1.1" 304 - "-" "Mozilla/5.0 (compatible; bingbot/2.0; +http://www.bing.com/bingbot.htm)"
94.222.156.178 - - [23/Dec/2013:12:50:46 +0100] "GET /robots.txt HTTP/1.0" 404 1181 "-" "Mozilla/5.0 (compatible; MJ12bot/v1.4.4; http://www.majestic12.co.uk/bot.php?+)"
94.222.156.178 - - [23/Dec/2013:12:50:48 +0100] "GET /aktualis_elemei/3.%20bioszulinap.html HTTP/1.1" 200 19660 "-" "Mozilla/5.0 (compatible; MJ12bot/v1.4.4; http://www.majestic12.co.uk/bot.php?+)"
94.222.156.178 - - [23/Dec/2013:12:50:51 +0100] "GET /aktualis_elemei/ausztriaut.html HTTP/1.1" 200 73702 "-" "Mozilla/5.0 (compatible; MJ12bot/v1.4.4; http://www.majestic12.co.uk/bot.php?+)"
94.222.156.178 - - [23/Dec/2013:12:50:53 +0100] "GET /aktualis_elemei/baloghjanos.html HTTP/1.1" 200 15294 "-" "Mozilla/5.0 (compatible; MJ12bot/v1.4.4; http://www.majestic12.co.uk/bot.php?+)"
94.222.156.178 - - [23/Dec/2013:12:50:55 +0100] "GET /aktualis_elemei/bbbekagyar.html HTTP/1.1" 200 11951 "-" "Mozilla/5.0 (compatible; MJ12bot/v1.4.4; http://www.majestic12.co.uk/bot.php?+)"
94.222.156.178 - - [23/Dec/2013:12:50:57 +0100] "GET /aktualis_elemei/bekamentes.html HTTP/1.1" 200 27223 "-" "Mozilla/5.0 (compatible; MJ12bot/v1.4.4; http://www.majestic12.co.uk/bot.php?+)"
94.222.156.178 - - [23/Dec/2013:12:50:59 +0100] "GET /aktualis_elemei/belefulladunk.html HTTP/1.1" 200 11597 "-" "Mozilla/5.0 (compatible; MJ12bot/v1.4.4; http://www.majestic12.co.uk/bot.php?+)"
94.222.156.178 - - [23/Dec/2013:12:51:01 +0100] "GET /aktualis_elemei/belvarosk.html HTTP/1.1" 200 4904 "-" "Mozilla/5.0 (compatible; MJ12bot/v1.4.4; http://www.majestic12.co.uk/bot.php?+)"
94.222.156.178 - - [23/Dec/2013:12:51:03 +0100] "GET /aktualis_elemei/bparak0908.html HTTP/1.1" 200 63132 "-" "Mozilla/5.0 (compatible; MJ12bot/v1.4.4; http://www.majestic12.co.uk/bot.php?+)"
94.222.156.178 - - [23/Dec/2013:12:51:07 +0100] "GET /aktualis_elemei/bparak0929.html HTTP/1.1" 200 105768 "-" "Mozilla/5.0 (compatible; MJ12bot/v1.4.4; http://www.majestic12.co.uk/bot.php?+)"
94.222.156.178 - - [23/Dec/2013:12:51:10 +0100] "GET /aktualis_elemei/feleslegesaruk.html HTTP/1.1" 200 36259 "-" "Mozilla/5.0 (compatible; MJ12bot/v1.4.4; http://www.majestic12.co.uk/bot.php?+)"
94.222.156.178 - - [23/Dec/2013:12:51:12 +0100] "GET /aktualis_elemei/fnhv.html HTTP/1.1" 200 48118 "-" "Mozilla/5.0 (compatible; MJ12bot/v1.4.4; http://www.majestic12.co.uk/bot.php?+)"
94.222.156.178 - - [23/Dec/2013:12:51:16 +0100] "GET /aktualis_elemei/fnp.html HTTP/1.1" 200 51102 "-" "Mozilla/5.0 (compatible; MJ12bot/v1.4.4; http://www.majestic12.co.uk/bot.php?+)"
94.222.156.178 - - [23/Dec/2013:12:51:18 +0100] "GET /aktualis_elemei/hk2006.html HTTP/1.1" 200 16289 "-" "Mozilla/5.0 (compatible; MJ12bot/v1.4.4; http://www.majestic12.co.uk/bot.php?+)"
94.222.156.178 - - [23/Dec/2013:12:51:21 +0100] "GET /aktualis_elemei/hkszirmamtp.html HTTP/1.1" 200 15781 "-" "Mozilla/5.0 (compatible; MJ12bot/v1.4.4; http://www.majestic12.co.uk/bot.php?+)"
94.222.156.178 - - [23/Dec/2013:12:51:23 +0100] "GET /aktualis_elemei/hktetemvar.html HTTP/1.1" 200 16033 "-" "Mozilla/5.0 (compatible; MJ12bot/v1.4.4; http://www.majestic12.co.uk/bot.php?+)"
94.222.156.178 - - [23/Dec/2013:12:51:26 +0100] "GET /aktualis_elemei/hulladek-klima.humusz.html HTTP/1.1" 200 13381 "-" "Mozilla/5.0 (compatible; MJ12bot/v1.4.4; http://www.majestic12.co.uk/bot.php?+)"
94.222.156.178 - - [23/Dec/2013:12:51:28 +0100] "GET /aktualis_elemei/humuszkotelhuzo.html HTTP/1.1" 200 14947 "-" "Mozilla/5.0 (compatible; MJ12bot/v1.4.4; http://www.majestic12.co.uk/bot.php?+)"
94.222.156.178 - - [23/Dec/2013:12:51:30 +0100] "GET /aktualis_elemei/kakcionap.html HTTP/1.1" 200 9027 "-" "Mozilla/5.0 (compatible; MJ12bot/v1.4.4; http://www.majestic12.co.uk/bot.php?+)"
94.222.156.178 - - [23/Dec/2013:12:51:32 +0100] "GET /aktualis_elemei/katonai.html HTTP/1.1" 200 22109 "-" "Mozilla/5.0 (compatible; MJ12bot/v1.4.4; http://www.majestic12.co.uk/bot.php?+)"
94.222.156.178 - - [23/Dec/2013:12:51:34 +0100] "GET /aktualis_elemei/klimaorjaratp.html HTTP/1.1" 200 9683 "-" "Mozilla/5.0 (compatible; MJ12bot/v1.4.4; http://www.majestic12.co.uk/bot.php?+)"
94.222.156.178 - - [23/Dec/2013:12:51:36 +0100] "GET /aktualis_elemei/knavastc.html HTTP/1.1" 200 12073 "-" "Mozilla/5.0 (compatible; MJ12bot/v1.4.4; http://www.majestic12.co.uk/bot.php?+)"
94.222.156.178 - - [23/Dec/2013:12:51:38 +0100] "GET /aktualis_elemei/ktavmuhely.html HTTP/1.1" 200 22398 "-" "Mozilla/5.0 (compatible; MJ12bot/v1.4.4; http://www.majestic12.co.uk/bot.php?+)"
94.222.156.178 - - [23/Dec/2013:12:51:40 +0100] "GET /aktualis_elemei/lazadasatanyerodban.html HTTP/1.1" 200 14406 "-" "Mozilla/5.0 (compatible; MJ12bot/v1.4.4; http://www.majestic12.co.uk/bot.php?+)"
94.222.156.178 - - [23/Dec/2013:12:51:42 +0100] "GET /aktualis_elemei/megelozes-humusz.html HTTP/1.1" 200 20947 "-" "Mozilla/5.0 (compatible; MJ12bot/v1.4.4; http://www.majestic12.co.uk/bot.php?+)"
94.222.156.178 - - [23/Dec/2013:12:51:44 +0100] "GET /aktualis_elemei/szulinap2.html HTTP/1.1" 200 10182 "-" "Mozilla/5.0 (compatible; MJ12bot/v1.4.4; http://www.majestic12.co.uk/bot.php?+)"
94.222.156.178 - - [23/Dec/2013:12:51:46 +0100] "GET /aktualis_elemei/ujgyoritc.html HTTP/1.1" 200 14418 "-" "Mozilla/5.0 (compatible; MJ12bot/v1.4.4; http://www.majestic12.co.uk/bot.php?+)"
94.222.156.178 - - [23/Dec/2013:12:51:49 +0100] "GET /aktualis_elemei/upfuzet.html HTTP/1.1" 200 13137 "-" "Mozilla/5.0 (compatible; MJ12bot/v1.4.4; http://www.majestic12.co.uk/bot.php?+)"
94.222.156.178 - - [23/Dec/2013:12:51:52 +0100] "GET /archiv.html HTTP/1.1" 200 100991 "-" "Mozilla/5.0 (compatible; MJ12bot/v1.4.4; http://www.majestic12.co.uk/bot.php?+)"
157.55.33.251 - - [23/Dec/2013:13:20:47 +0100] "GET /robots.txt HTTP/1.1" 404 1181 "-" "Mozilla/5.0 (compatible; bingbot/2.0; +http://www.bing.com/bingbot.htm)"
157.55.33.251 - - [23/Dec/2013:13:21:23 +0100] "GET /aktualis_elemei/baloghjanos.html HTTP/1.1" 200 15294 "-" "Mozilla/5.0 (compatible; bingbot/2.0; +http://www.bing.com/bingbot.htm)"
84.225.195.36 - - [23/Dec/2013:14:18:28 +0100] "GET /aktualis_elemei/bio2szulinap_elemei/image112.jpg HTTP/1.1" 200 8269 "https://www.google.hu/" "Mozilla/5.0 (iPhone; CPU iPhone OS 6_1_4 like Mac OS X) AppleWebKit/536.26 (KHTML, like Gecko) Version/6.0 Mobile/10B350 Safari/8536.25"
157.56.92.177 - - [23/Dec/2013:14:30:08 +0100] "GET /robots.txt HTTP/1.1" 404 1181 "-" "Mozilla/5.0 (compatible; bingbot/2.0; +http://www.bing.com/bingbot.htm)"
157.56.92.177 - - [23/Dec/2013:14:30:49 +0100] "GET /aktualis_elemei/mszforum.html HTTP/1.1" 304 - "-" "Mozilla/5.0 (compatible; bingbot/2.0; +http://www.bing.com/bingbot.htm)"
66.249.78.57 - - [23/Dec/2013:14:49:53 +0100] "GET /robots.txt HTTP/1.1" 404 1181 "-" "Mozilla/5.0 (compatible; Googlebot/2.1; +http://www.google.com/bot.html)"
66.249.78.57 - - [23/Dec/2013:14:49:53 +0100] "GET /aktualis_elemei/katonai_elemei/image002.jpg HTTP/1.1" 200 34104 "-" "Googlebot-Image/1.0"
220.181.89.144 - - [23/Dec/2013:15:10:09 +0100] "GET / HTTP/1.1" 200 884 "-" "Sogou web spider/4.0(+http://www.sogou.com/docs/help/webmasters.htm#07)"
220.181.89.144 - - [23/Dec/2013:15:10:10 +0100] "GET /robots.txt HTTP/1.1" 404 1181 "-" "Sogou web spider/4.0(+http://www.sogou.com/docs/help/webmasters.htm#07)"
66.249.78.57 - - [23/Dec/2013:15:13:43 +0100] "GET /favicon.ico HTTP/1.1" 404 1181 "-" "Googlebot-Image/1.0"
77.111.90.197 - - [23/Dec/2013:16:05:37 +0100] "GET /archiv_elemei/acitc.html HTTP/1.1" 200 13312 "-" "Mozilla/5.0 (X11; U; Linux i686; en-US; rv:1.9.0.4) Gecko/2008111318 Ubuntu/8.10 (intrepid) Firefox/3.0.4"
66.249.78.57 - - [23/Dec/2013:16:13:54 +0100] "GET / HTTP/1.1" 200 884 "-" "Mozilla/5.0 (compatible; Googlebot/2.1; +http://www.google.com/bot.html)"
157.56.92.143 - - [23/Dec/2013:18:27:38 +0100] "GET /robots.txt HTTP/1.1" 404 1181 "-" "Mozilla/5.0 (compatible; bingbot/2.0; +http://www.bing.com/bingbot.htm)"
157.56.92.143 - - [23/Dec/2013:18:35:33 +0100] "GET / HTTP/1.1" 200 884 "-" "Mozilla/5.0 (compatible; bingbot/2.0; +http://www.bing.com/bingbot.htm)"
144.76.95.232 - - [23/Dec/2013:19:00:00 +0100] "GET /robots.txt HTTP/1.0" 404 1181 "-" "Mozilla/5.0 (compatible; MJ12bot/v1.4.4; http://www.majestic12.co.uk/bot.php?+)"
144.76.95.232 - - [23/Dec/2013:19:00:11 +0100] "GET /aktualis_elemei/bioarak%2009.07.html HTTP/1.0" 200 355862 "-" "Mozilla/5.0 (compatible; MJ12bot/v1.4.4; http://www.majestic12.co.uk/bot.php?+)"
144.76.95.232 - - [23/Dec/2013:19:01:20 +0100] "GET /robots.txt HTTP/1.0" 404 1181 "-" "Mozilla/5.0 (compatible; MJ12bot/v1.4.4; http://www.majestic12.co.uk/bot.php?+)"
144.76.95.232 - - [23/Dec/2013:19:01:36 +0100] "GET /aktualis_elemei/biovasarszombat.html HTTP/1.0" 200 12258 "-" "Mozilla/5.0 (compatible; MJ12bot/v1.4.4; http://www.majestic12.co.uk/bot.php?+)"
144.76.95.232 - - [23/Dec/2013:19:01:40 +0100] "GET /robots.txt HTTP/1.0" 404 1181 "-" "Mozilla/5.0 (compatible; MJ12bot/v1.4.4; http://www.majestic12.co.uk/bot.php?+)"
144.76.95.232 - - [23/Dec/2013:19:01:45 +0100] "GET /hirek/hirek.txt HTTP/1.0" 200 96857 "-" "Mozilla/5.0 (compatible; MJ12bot/v1.4.4; http://www.majestic12.co.uk/bot.php?+)"
198.27.69.78 - - [23/Dec/2013:19:06:24 +0100] "GET / HTTP/1.1" 200 884 "-" "Mozilla/5.0 (Windows NT 6.1; WOW64) AppleWebKit/537.36 (KHTML, like Gecko) Chrome/29.0.1547.66 Safari/537.36"
81.182.180.159 - - [23/Dec/2013:19:16:29 +0100] "GET /aktualis_elemei/katonai_elemei/image004.jpg HTTP/1.1" 200 56554 "-" "Mozilla/5.0 (Windows NT 6.1; WOW64) AppleWebKit/537.36 (KHTML, like Gecko) Chrome/31.0.1650.63 Safari/537.36"
157.55.34.183 - - [23/Dec/2013:19:53:39 +0100] "GET /robots.txt HTTP/1.1" 404 1181 "-" "Mozilla/5.0 (compatible; bingbot/2.0; +http://www.bing.com/bingbot.htm)"
157.55.34.183 - - [23/Dec/2013:20:06:52 +0100] "GET /aktualis_elemei/fnh2008.html HTTP/1.1" 304 - "-" "Mozilla/5.0 (compatible; bingbot/2.0; +http://www.bing.com/bingbot.htm)"
208.115.113.88 - - [23/Dec/2013:20:16:22 +0100] "GET /robots.txt HTTP/1.1" 404 1181 "-" "Mozilla/5.0 (compatible; Ezooms/1.0; help@moz.com)"
85.66.150.7 - - [23/Dec/2013:20:32:10 +0100] "GET /aktualis_elemei/bio2szulinap_elemei/image120.jpg HTTP/1.1" 200 9114 "-" "Mozilla/5.0 (Windows NT 6.1; WOW64; rv:25.0) Gecko/20100101 Firefox/25.0"
208.115.113.88 - - [23/Dec/2013:20:41:41 +0100] "GET /magunkrol_elemei/kozhasznu.html HTTP/1.1" 200 48365 "-" "Mozilla/5.0 (compatible; Ezooms/1.0; help@moz.com)"
180.76.6.232 - - [23/Dec/2013:20:44:19 +0100] "GET /kiadvany/riport.pdf HTTP/1.1" 200 1048785 "-" "Mozilla/5.0 (Windows NT 5.1; rv:6.0.2) Gecko/20100101 Firefox/6.0.2"
180.76.5.39 - - [23/Dec/2013:20:44:43 +0100] "GET /kiadvany/agrark.pdf HTTP/1.1" 200 3405360 "-" "Mozilla/5.0 (Windows NT 5.1; rv:6.0.2) Gecko/20100101 Firefox/6.0.2"
157.55.35.114 - - [23/Dec/2013:21:01:51 +0100] "GET /robots.txt HTTP/1.1" 404 1181 "-" "Mozilla/5.0 (compatible; bingbot/2.0; +http://www.bing.com/bingbot.htm)"
157.55.35.114 - - [23/Dec/2013:21:05:50 +0100] "GET /aktualis_elemei/szulinap2.html HTTP/1.1" 304 - "-" "Mozilla/5.0 (compatible; bingbot/2.0; +http://www.bing.com/bingbot.htm)"
66.249.78.57 - - [23/Dec/2013:21:14:11 +0100] "GET /aktualis_elemei/bioarak%2009.07.html HTTP/1.1" 200 504057 "-" "Mozilla/5.0 (iPhone; CPU iPhone OS 6_0 like Mac OS X) AppleWebKit/536.26 (KHTML, like Gecko) Version/6.0 Mobile/10A5376e Safari/8536.25 (compatible; Googlebot-Mobile/2.1; +http://www.google.com/bot.html)"
66.249.78.57 - - [23/Dec/2013:22:39:31 +0100] "GET / HTTP/1.1" 200 884 "-" "Mozilla/5.0 (iPhone; CPU iPhone OS 6_0 like Mac OS X) AppleWebKit/536.26 (KHTML, like Gecko) Version/6.0 Mobile/10A5376e Safari/8536.25 (compatible; Googlebot-Mobile/2.1; +http://www.google.com/bot.html)"
66.249.78.57 - - [24/Dec/2013:01:33:34 +0100] "GET /kiadvanyaink.html HTTP/1.1" 304 - "-" "Mozilla/5.0 (iPhone; CPU iPhone OS 6_0 like Mac OS X) AppleWebKit/536.26 (KHTML, like Gecko) Version/6.0 Mobile/10A5376e Safari/8536.25 (compatible; Googlebot-Mobile/2.1; +http://www.google.com/bot.html)"
69.84.207.246 - - [24/Dec/2013:02:56:05 +0100] "GET / HTTP/1.1" 200 884 "-" "Mozilla/4.0 (compatible; MSIE 7.0;Windows NT 5.1;.NET CLR 1.1.4322;.NET CLR 2.0.50727;.NET CLR 3.0.04506.30) Lightspeedsystems"
69.84.207.246 - - [24/Dec/2013:02:56:06 +0100] "GET / HTTP/1.1" 200 884 "-" "Mozilla/4.0 (compatible; MSIE 7.0;Windows NT 5.1;.NET CLR 1.1.4322;.NET CLR 2.0.50727;.NET CLR 3.0.04506.30) Lightspeedsystems"
208.43.255.28 - - [24/Dec/2013:03:05:24 +0100] "GET /robots.txt HTTP/1.1" 404 1181 "-" "Mozilla/5.0 (compatible; MSIE 9.0; Windows NT 6.1; WOW64; Trident/5.0; chromeframe/19.0.1084.52)"
208.43.255.28 - - [24/Dec/2013:03:05:28 +0100] "GET / HTTP/1.1" 200 884 "-" "Mozilla/5.0 (compatible; MSIE 9.0; Windows NT 6.1; WOW64; Trident/5.0; chromeframe/19.0.1084.52)"
69.84.207.246 - - [24/Dec/2013:03:46:31 +0100] "GET /pattern.jpg HTTP/1.1" 200 13798 "-" "Mozilla/4.0 (compatible; MSIE 7.0;Windows NT 5.1;.NET CLR 1.1.4322;.NET CLR 2.0.50727;.NET CLR 3.0.04506.30)"
157.55.34.29 - - [24/Dec/2013:05:17:00 +0100] "GET /robots.txt HTTP/1.1" 404 1181 "-" "Mozilla/5.0 (compatible; bingbot/2.0; +http://www.bing.com/bingbot.htm)"
157.55.34.29 - - [24/Dec/2013:05:20:05 +0100] "GET /aktualis_elemei/feleslegesaruk.html HTTP/1.1" 304 - "-" "Mozilla/5.0 (compatible; bingbot/2.0; +http://www.bing.com/bingbot.htm)"
37.140.141.5 - - [24/Dec/2013:05:30:12 +0100] "GET /robots.txt HTTP/1.1" 404 1181 "-" "Mozilla/5.0 (compatible; YandexBot/3.0; +http://yandex.com/bots)"
199.21.99.118 - - [24/Dec/2013:05:30:15 +0100] "GET / HTTP/1.1" 200 884 "-" "Mozilla/5.0 (compatible; YandexBot/3.0; +http://yandex.com/bots)"
37.140.141.5 - - [24/Dec/2013:05:30:21 +0100] "GET /zoldakcio.swf HTTP/1.1" 200 840351 "-" "Mozilla/5.0 (compatible; YandexBot/3.0; +http://yandex.com/bots)"
157.56.93.41 - - [24/Dec/2013:05:54:38 +0100] "GET /robots.txt HTTP/1.1" 404 1181 "-" "Mozilla/5.0 (compatible; bingbot/2.0; +http://www.bing.com/bingbot.htm)"
157.56.93.41 - - [24/Dec/2013:06:01:45 +0100] "GET / HTTP/1.1" 200 884 "-" "Mozilla/5.0 (compatible; bingbot/2.0; +http://www.bing.com/bingbot.htm)"
157.55.34.183 - - [24/Dec/2013:08:31:25 +0100] "GET /robots.txt HTTP/1.1" 404 1181 "-" "Mozilla/5.0 (compatible; bingbot/2.0; +http://www.bing.com/bingbot.htm)"
157.55.34.183 - - [24/Dec/2013:08:41:23 +0100] "GET /aktualis_elemei/biokutatas.html HTTP/1.1" 304 - "-" "Mozilla/5.0 (compatible; bingbot/2.0; +http://www.bing.com/bingbot.htm)"
5.10.83.22 - - [24/Dec/2013:08:47:51 +0100] "GET /magunkrol_elemei/kozhasznu.html HTTP/1.1" 200 48365 "-" "Mozilla/5.0 (compatible; AhrefsBot/5.0; +http://ahrefs.com/robot/)"
5.10.83.102 - - [24/Dec/2013:09:25:51 +0100] "GET /aktualis_elemei/bioarak%2009.07.html HTTP/1.1" 200 504057 "-" "Mozilla/5.0 (compatible; AhrefsBot/5.0; +http://ahrefs.com/robot/)"
66.249.78.57 - - [24/Dec/2013:09:41:41 +0100] "GET /robots.txt HTTP/1.1" 404 1181 "-" "Mozilla/5.0 (compatible; Googlebot/2.1; +http://www.google.com/bot.html)"
66.249.78.57 - - [24/Dec/2013:09:41:41 +0100] "GET /kiadvany/miskolchvte.pdf HTTP/1.1" 304 - "-" "Mozilla/5.0 (iPhone; CPU iPhone OS 6_0 like Mac OS X) AppleWebKit/536.26 (KHTML, like Gecko) Version/6.0 Mobile/10A5376e Safari/8536.25 (compatible; Googlebot-Mobile/2.1; +http://www.google.com/bot.html)"
208.43.255.27 - - [24/Dec/2013:09:42:50 +0100] "GET /robots.txt HTTP/1.1" 404 1181 "-" "Mozilla/5.0 (compatible; MSIE 9.0; Windows NT 6.1; WOW64; Trident/5.0; chromeframe/19.0.1084.52)"
208.43.255.27 - - [24/Dec/2013:09:42:55 +0100] "GET / HTTP/1.1" 200 884 "-" "Mozilla/5.0 (compatible; MSIE 9.0; Windows NT 6.1; WOW64; Trident/5.0; chromeframe/19.0.1084.52)"
198.100.144.55 - - [24/Dec/2013:09:45:42 +0100] "GET /magunkrol_elemei/kozhasznu.html HTTP/1.1" 200 48365 "-" "Mozilla/4.0 (compatible; MSIE 6.0; Windows NT 5.1; en)"
5.10.83.102 - - [24/Dec/2013:09:51:21 +0100] "GET /aktualis_elemei/bekamentes.html HTTP/1.1" 200 27223 "-" "Mozilla/5.0 (compatible; AhrefsBot/5.0; +http://ahrefs.com/robot/)"
77.248.252.113 - - [24/Dec/2013:10:34:50 +0100] "GET /robots.txt HTTP/1.0" 404 1181 "-" "Mozilla/5.0 (compatible; MJ12bot/v1.4.4; http://www.majestic12.co.uk/bot.php?+)"
77.248.252.113 - - [24/Dec/2013:10:34:55 +0100] "GET /aktualis_elemei/bbbekagyart%20elozetes.html HTTP/1.0" 200 9699 "-" "Mozilla/5.0 (compatible; MJ12bot/v1.4.4; http://www.majestic12.co.uk/bot.php?+)"
77.248.252.113 - - [24/Dec/2013:10:34:58 +0100] "GET /aktualis_elemei/belvarosk.html HTTP/1.0" 200 4904 "-" "Mozilla/5.0 (compatible; MJ12bot/v1.4.4; http://www.majestic12.co.uk/bot.php?+)"
77.248.252.113 - - [24/Dec/2013:10:35:02 +0100] "GET /aktualis_elemei/bio2szulinap.html HTTP/1.0" 200 71694 "-" "Mozilla/5.0 (compatible; MJ12bot/v1.4.4; http://www.majestic12.co.uk/bot.php?+)"
77.248.252.113 - - [24/Dec/2013:10:35:06 +0100] "GET /aktualis_elemei/bparak0929.html HTTP/1.0" 200 105768 "-" "Mozilla/5.0 (compatible; MJ12bot/v1.4.4; http://www.majestic12.co.uk/bot.php?+)"
77.248.252.113 - - [24/Dec/2013:10:35:10 +0100] "GET /aktualis_elemei/deneverdani.html HTTP/1.0" 200 7036 "-" "Mozilla/5.0 (compatible; MJ12bot/v1.4.4; http://www.majestic12.co.uk/bot.php?+)"
77.248.252.113 - - [24/Dec/2013:10:35:14 +0100] "GET /aktualis_elemei/fnh2008.html HTTP/1.0" 200 41031 "-" "Mozilla/5.0 (compatible; MJ12bot/v1.4.4; http://www.majestic12.co.uk/bot.php?+)"
77.248.252.113 - - [24/Dec/2013:10:35:17 +0100] "GET /aktualis_elemei/hulladek-klima.humusz.html HTTP/1.0" 200 13381 "-" "Mozilla/5.0 (compatible; MJ12bot/v1.4.4; http://www.majestic12.co.uk/bot.php?+)"
77.248.252.113 - - [24/Dec/2013:10:35:20 +0100] "GET /aktualis_elemei/loverecycling.html HTTP/1.0" 200 11087 "-" "Mozilla/5.0 (compatible; MJ12bot/v1.4.4; http://www.majestic12.co.uk/bot.php?+)"
77.248.252.113 - - [24/Dec/2013:10:35:24 +0100] "GET /aktualis_elemei/megelozes-humusz.html HTTP/1.0" 200 20947 "-" "Mozilla/5.0 (compatible; MJ12bot/v1.4.4; http://www.majestic12.co.uk/bot.php?+)"
77.248.252.113 - - [24/Dec/2013:10:35:26 +0100] "GET /aktualis_elemei/mszforum.html HTTP/1.0" 200 7326 "-" "Mozilla/5.0 (compatible; MJ12bot/v1.4.4; http://www.majestic12.co.uk/bot.php?+)"
77.248.252.113 - - [24/Dec/2013:10:35:31 +0100] "GET /archiv.html HTTP/1.0" 200 100991 "-" "Mozilla/5.0 (compatible; MJ12bot/v1.4.4; http://www.majestic12.co.uk/bot.php?+)"
77.248.252.113 - - [24/Dec/2013:10:35:34 +0100] "GET /archiv_elemei/acitc.html HTTP/1.0" 200 13312 "-" "Mozilla/5.0 (compatible; MJ12bot/v1.4.4; http://www.majestic12.co.uk/bot.php?+)"
77.248.252.113 - - [24/Dec/2013:10:35:38 +0100] "GET /archiv_elemei/lombkomposzt.html HTTP/1.0" 200 16239 "-" "Mozilla/5.0 (compatible; MJ12bot/v1.4.4; http://www.majestic12.co.uk/bot.php?+)"
77.248.252.113 - - [24/Dec/2013:10:35:44 +0100] "GET /archiv_elemei/zsarnaitc.html HTTP/1.0" 200 14522 "-" "Mozilla/5.0 (compatible; MJ12bot/v1.4.4; http://www.majestic12.co.uk/bot.php?+)"
77.248.252.113 - - [24/Dec/2013:10:35:47 +0100] "GET /partnereink.html HTTP/1.0" 200 1822 "-" "Mozilla/5.0 (compatible; MJ12bot/v1.4.4; http://www.majestic12.co.uk/bot.php?+)"
77.248.252.113 - - [24/Dec/2013:10:35:51 +0100] "GET /tamogat.html HTTP/1.0" 200 1795 "-" "Mozilla/5.0 (compatible; MJ12bot/v1.4.4; http://www.majestic12.co.uk/bot.php?+)"
77.248.252.113 - - [24/Dec/2013:10:35:52 +0100] "GET /robots.txt HTTP/1.0" 404 1181 "-" "Mozilla/5.0 (compatible; MJ12bot/v1.4.4; http://www.majestic12.co.uk/bot.php?+)"
77.248.252.113 - - [24/Dec/2013:10:35:56 +0100] "GET /aktualis.html HTTP/1.0" 200 104235 "-" "Mozilla/5.0 (compatible; MJ12bot/v1.4.4; http://www.majestic12.co.uk/bot.php?+)"
117.26.194.166 - - [24/Dec/2013:11:01:48 +0100] "GET / HTTP/1.0" 200 884 "http://www.greenaction.hu/" "Mozilla/4.0 (compatible; MSIE 6.0; Windows NT 5.1; SV1; .NET CLR 2.0.50727)"
5.10.83.82 - - [24/Dec/2013:11:38:25 +0100] "GET /aktualis_elemei/kakcionap.html HTTP/1.1" 200 9027 "-" "Mozilla/5.0 (compatible; AhrefsBot/5.0; +http://ahrefs.com/robot/)"
176.63.240.211 - - [24/Dec/2013:12:33:49 +0100] "GET /aktualis_elemei/bio2szulinap_elemei/image138.jpg HTTP/1.1" 200 9822 "-" "Mozilla/5.0 (iPhone; CPU iPhone OS 7_0_4 like Mac OS X) AppleWebKit/536.26 (KHTML, like Gecko) GSA/3.2.0.25255 Mobile/11B554a Safari/8536.25"
5.10.83.82 - - [24/Dec/2013:12:38:05 +0100] "GET /aktualis_elemei/bio2szulinap.html HTTP/1.1" 200 71694 "-" "Mozilla/5.0 (compatible; AhrefsBot/5.0; +http://ahrefs.com/robot/)"
89.135.90.36 - - [24/Dec/2013:13:30:07 +0100] "GET /aktualis_elemei/bio2szulinap_elemei/image052.jpg HTTP/1.1" 200 11533 "-" "Mozilla/5.0 (Windows NT 6.1) AppleWebKit/537.36 (KHTML, like Gecko) Chrome/31.0.1650.63 Safari/537.36"
66.249.78.57 - - [24/Dec/2013:14:25:00 +0100] "GET /robots.txt HTTP/1.1" 404 1181 "-" "Mozilla/5.0 (compatible; Googlebot/2.1; +http://www.google.com/bot.html)"
66.249.78.57 - - [24/Dec/2013:14:25:00 +0100] "GET /aktualis_elemei/fnhv_elemei/image023.jpg HTTP/1.1" 200 10309 "-" "Googlebot-Image/1.0"
5.10.83.47 - - [24/Dec/2013:14:55:23 +0100] "GET /aktualis_elemei/mszforum.html HTTP/1.1" 200 7326 "-" "Mozilla/5.0 (compatible; AhrefsBot/5.0; +http://ahrefs.com/robot/)"
157.55.34.183 - - [24/Dec/2013:15:10:17 +0100] "GET /robots.txt HTTP/1.1" 404 1181 "-" "Mozilla/5.0 (compatible; bingbot/2.0; +http://www.bing.com/bingbot.htm)"
157.55.34.183 - - [24/Dec/2013:15:26:52 +0100] "GET /aktualis_elemei/ausztriaut.html HTTP/1.1" 304 - "-" "Mozilla/5.0 (compatible; bingbot/2.0; +http://www.bing.com/bingbot.htm)"
157.56.93.41 - - [24/Dec/2013:16:01:18 +0100] "GET /robots.txt HTTP/1.1" 404 1181 "-" "Mozilla/5.0 (compatible; bingbot/2.0; +http://www.bing.com/bingbot.htm)"
157.56.93.41 - - [24/Dec/2013:16:04:06 +0100] "GET / HTTP/1.1" 200 884 "-" "Mozilla/5.0 (compatible; bingbot/2.0; +http://www.bing.com/bingbot.htm)"
199.30.25.52 - - [24/Dec/2013:16:04:09 +0100] "GET /pattern.jpg HTTP/1.1" 200 13798 "http://www.greenaction.hu/" "Mozilla/5.0 (Windows NT 6.1; WOW64) AppleWebKit/534+ (KHTML, like Gecko) BingPreview/1.0b"
157.56.93.41 - - [24/Dec/2013:16:04:09 +0100] "GET /zoldakcio.swf HTTP/1.1" 200 840351 "-" "Mozilla/5.0 (compatible; bingbot/2.0; +http://www.bing.com/bingbot.htm)"
199.30.25.52 - - [24/Dec/2013:16:04:13 +0100] "GET /zoldakcio.swf HTTP/1.1" 200 840351 "http://www.greenaction.hu/zoldakcio.swf" "Mozilla/5.0 (Windows NT 6.1; WOW64) AppleWebKit/534+ (KHTML, like Gecko) BingPreview/1.0b"
199.30.25.52 - - [24/Dec/2013:16:04:18 +0100] "GET /hirek/hirek.txt HTTP/1.1" 200 96857 "http://www.greenaction.hu/zoldakcio.swf" "Mozilla/5.0 (Windows NT 6.1; WOW64) AppleWebKit/534+ (KHTML, like Gecko) BingPreview/1.0b"
199.30.25.52 - - [24/Dec/2013:16:04:19 +0100] "GET /banner/norway.jpg HTTP/1.1" 200 3191 "http://www.greenaction.hu/zoldakcio.swf" "Mozilla/5.0 (Windows NT 6.1; WOW64) AppleWebKit/534+ (KHTML, like Gecko) BingPreview/1.0b"
199.30.25.52 - - [24/Dec/2013:16:04:19 +0100] "GET /esemenynaptar/SparkEventsCalendar_loadVars.txt HTTP/1.1" 200 72712 "http://www.greenaction.hu/zoldakcio.swf" "Mozilla/5.0 (Windows NT 6.1; WOW64) AppleWebKit/534+ (KHTML, like Gecko) BingPreview/1.0b"
84.0.77.73 - - [24/Dec/2013:16:34:13 +0100] "GET /aktualis_elemei/bio2szulinap_elemei/image110.jpg HTTP/1.1" 200 8760 "-" "Mozilla/5.0 (Linux; Android 4.4.2; Nexus 10 Build/KOT49H) AppleWebKit/537.36 (KHTML, like Gecko) Chrome/31.0.1650.59 Safari/537.36"
66.249.78.57 - - [24/Dec/2013:16:47:11 +0100] "GET / HTTP/1.1" 200 884 "-" "Mozilla/5.0 (compatible; Googlebot/2.1; +http://www.google.com/bot.html)"
157.55.34.99 - - [24/Dec/2013:17:54:21 +0100] "GET /robots.txt HTTP/1.1" 404 1181 "-" "Mozilla/5.0 (compatible; bingbot/2.0; +http://www.bing.com/bingbot.htm)"
67.228.108.138 - - [24/Dec/2013:17:57:19 +0100] "GET / HTTP/1.0" 200 884 "-" "-"
67.228.108.138 - - [24/Dec/2013:17:57:19 +0100] "GET /wp-login.php HTTP/1.0" 404 1181 "-" "-"
67.228.108.138 - - [24/Dec/2013:17:57:20 +0100] "GET /administrator/index.php HTTP/1.0" 404 1181 "-" "-"
157.55.34.99 - - [24/Dec/2013:18:04:53 +0100] "GET /magunkrol_elemei/alapszabaly.html HTTP/1.1" 200 95081 "-" "Mozilla/5.0 (compatible; bingbot/2.0; +http://www.bing.com/bingbot.htm)"
65.55.24.218 - - [24/Dec/2013:18:10:04 +0100] "GET / HTTP/1.1" 200 884 "-" "Mozilla/5.0 (compatible; bingbot/2.0; +http://www.bing.com/bingbot.htm)"
78.97.230.224 - - [24/Dec/2013:18:15:24 +0100] "GET /aktualis_elemei/bio2szulinap_elemei/image112.jpg HTTP/1.1" 200 8269 "-" "Mozilla/5.0 (Windows NT 5.1; rv:26.0) Gecko/20100101 Firefox/26.0"
37.76.122.98 - - [24/Dec/2013:18:16:53 +0100] "GET /aktualis_elemei/bio2szulinap_elemei/image138.jpg HTTP/1.1" 200 9822 "https://www.google.hu/" "Mozilla/5.0 (Linux; Android 4.2.2; C6603 Build/10.3.1.A.2.67) AppleWebKit/537.36 (KHTML, like Gecko) Chrome/31.0.1650.59 Mobile Safari/537.36"
37.76.122.98 - - [24/Dec/2013:18:17:13 +0100] "GET /aktualis_elemei/bio2szulinap_elemei/image134.jpg HTTP/1.1" 200 10678 "https://www.google.hu/" "Mozilla/5.0 (Linux; Android 4.2.2; C6603 Build/10.3.1.A.2.67) AppleWebKit/537.36 (KHTML, like Gecko) Chrome/31.0.1650.59 Mobile Safari/537.36"
37.76.122.98 - - [24/Dec/2013:18:17:19 +0100] "GET /aktualis_elemei/bio2szulinap_elemei/image136.jpg HTTP/1.1" 200 7982 "https://www.google.hu/" "Mozilla/5.0 (Linux; Android 4.2.2; C6603 Build/10.3.1.A.2.67) AppleWebKit/537.36 (KHTML, like Gecko) Chrome/31.0.1650.59 Mobile Safari/537.36"
87.229.90.98 - - [24/Dec/2013:18:47:41 +0100] "GET /aktualis_elemei/bio2szulinap_elemei/image110.jpg HTTP/1.1" 200 8760 "-" "Mozilla/5.0 (Windows NT 5.1; rv:26.0) Gecko/20100101 Firefox/26.0"
62.210.180.136 - - [24/Dec/2013:19:43:07 +0100] "GET / HTTP/1.1" 200 884 "-" "Mozilla/5.0 (X11; Linux x86_64) AppleWebKit/534.34 (KHTML, like Gecko) Qt/4.8.1 Safari/534.34"
85.3.175.82 - - [24/Dec/2013:19:45:16 +0100] "GET /aktualis_elemei/bio2szulinap_elemei/image052.jpg HTTP/1.1" 200 11533 "-" "Mozilla/5.0 (iPhone; CPU iPhone OS 7_0_4 like Mac OS X) AppleWebKit/536.26 (KHTML, like Gecko) GSA/3.1.0.23513 Mobile/11B554a Safari/8536.25"
46.165.197.142 - - [24/Dec/2013:20:07:35 +0100] "GET /robots.txt HTTP/1.0" 404 1181 "-" "Mozilla/5.0 (compatible; MJ12bot/v1.4.4; http://www.majestic12.co.uk/bot.php?+)"
46.165.197.142 - - [24/Dec/2013:20:07:37 +0100] "GET / HTTP/1.0" 200 884 "-" "Mozilla/5.0 (compatible; MJ12bot/v1.4.4; http://www.majestic12.co.uk/bot.php?+)"
66.249.78.57 - - [24/Dec/2013:20:25:18 +0100] "GET /archiv_elemei/belvaros2.html HTTP/1.1" 200 12988 "-" "Mozilla/5.0 (iPhone; CPU iPhone OS 6_0 like Mac OS X) AppleWebKit/536.26 (KHTML, like Gecko) Version/6.0 Mobile/10A5376e Safari/8536.25 (compatible; Googlebot-Mobile/2.1; +http://www.google.com/bot.html)"
89.251.40.211 - - [24/Dec/2013:20:34:35 +0100] "GET /aktualis_elemei/bio2szulinap_elemei/image052.jpg HTTP/1.1" 200 11533 "-" "Mozilla/5.0 (Windows NT 6.1) AppleWebKit/537.36 (KHTML, like Gecko) Chrome/31.0.1650.63 Safari/537.36"
176.63.47.163 - - [24/Dec/2013:21:18:31 +0100] "GET /aktualis_elemei/katonai_elemei/image004.jpg HTTP/1.1" 200 56554 "-" "Mozilla/5.0 (Windows NT 5.1; rv:26.0) Gecko/20100101 Firefox/26.0"
66.249.78.57 - - [24/Dec/2013:21:23:12 +0100] "GET / HTTP/1.1" 200 884 "-" "SAMSUNG-SGH-E250/1.0 Profile/MIDP-2.0 Configuration/CLDC-1.1 UP.Browser/6.2.3.3.c.1.101 (GUI) MMP/2.0 (compatible; Googlebot-Mobile/2.1; +http://www.google.com/bot.html)"
85.155.159.152 - - [24/Dec/2013:21:40:05 +0100] "GET /aktualis_elemei/bio2szulinap_elemei/image102.jpg HTTP/1.1" 200 8017 "http://www.google.es/search?q=vilmos+k%C3%B6rte&client=ms-android-orange-es&hl=es&source=android-launcher-widget&v=141338691&source=lnms&tbm=isch&sa=X&ei=YvC5UofxL-uY0QXrlICgDQ&ved=0CAgQ_AUoAA&biw=533&bih=295" "Mozilla/5.0 (Linux; U; Android 4.0.3; es-es; GT-I9100P-ORANGE/I9100PBVLPA Build/IML74K) AppleWebKit/534.30 (KHTML, like Gecko) Version/4.0 Mobile Safari/534.30"
37.76.113.34 - - [24/Dec/2013:22:02:16 +0100] "GET /aktualis_elemei/katonai_elemei/image003.jpg HTTP/1.1" 200 88392 "-" "Dalvik/1.6.0 (Linux; U; Android 4.2.2; GT-S7275R Build/JDQ39)"
66.249.78.57 - - [24/Dec/2013:22:51:02 +0100] "GET / HTTP/1.1" 200 884 "-" "Mozilla/5.0 (iPhone; CPU iPhone OS 6_0 like Mac OS X) AppleWebKit/536.26 (KHTML, like Gecko) Version/6.0 Mobile/10A5376e Safari/8536.25 (compatible; Googlebot-Mobile/2.1; +http://www.google.com/bot.html)"
5.10.83.83 - - [24/Dec/2013:23:11:09 +0100] "GET /aktualis_elemei/deneverdani.html HTTP/1.1" 200 7036 "-" "Mozilla/5.0 (compatible; AhrefsBot/5.0; +http://ahrefs.com/robot/)"
65.55.215.48 - - [25/Dec/2013:00:11:19 +0100] "GET /robots.txt HTTP/1.1" 404 1181 "-" "msnbot-media/1.1 (+http://search.msn.com/msnbot.htm)"
65.55.215.48 - - [25/Dec/2013:00:11:19 +0100] "GET /aktualis_elemei/bio2szulinap_elemei/image104.jpg HTTP/1.1" 200 8372 "-" "msnbot-media/1.1 (+http://search.msn.com/msnbot.htm)"
208.115.113.88 - - [25/Dec/2013:00:21:20 +0100] "GET /robots.txt HTTP/1.1" 404 1181 "-" "Mozilla/5.0 (compatible; Ezooms/1.0; help@moz.com)"
65.55.24.218 - - [25/Dec/2013:00:55:00 +0100] "GET /robots.txt HTTP/1.1" 404 1181 "-" "Mozilla/5.0 (compatible; bingbot/2.0; +http://www.bing.com/bingbot.htm)"
208.115.113.88 - - [25/Dec/2013:00:55:58 +0100] "GET /archiv_elemei/acitc.html HTTP/1.1" 200 13312 "-" "Mozilla/5.0 (compatible; Ezooms/1.0; help@moz.com)"
65.55.24.218 - - [25/Dec/2013:01:05:03 +0100] "GET / HTTP/1.1" 200 884 "-" "Mozilla/5.0 (compatible; bingbot/2.0; +http://www.bing.com/bingbot.htm)"
65.55.24.218 - - [25/Dec/2013:01:05:06 +0100] "GET /zoldakcio.swf HTTP/1.1" 200 840351 "-" "Mozilla/5.0 (compatible; bingbot/2.0; +http://www.bing.com/bingbot.htm)"
89.241.77.192 - - [25/Dec/2013:02:25:17 +0100] "GET /aktualis_elemei/bio2szulinap_elemei/image052.jpg HTTP/1.1" 200 11533 "-" "Mozilla/5.0 (Linux; U; Android 4.1.2; hu-hu; GT-I9300 Build/JZO54K) AppleWebKit/534.30 (KHTML, like Gecko) Version/4.0 Mobile Safari/534.30"
37.140.141.5 - - [25/Dec/2013:02:47:51 +0100] "GET /robots.txt HTTP/1.1" 404 1181 "-" "Mozilla/5.0 (compatible; YandexBot/3.0; +http://yandex.com/bots)"
37.140.141.5 - - [25/Dec/2013:02:47:53 +0100] "GET / HTTP/1.1" 200 884 "-" "Mozilla/5.0 (compatible; YandexBot/3.0; +http://yandex.com/bots)"
37.140.141.5 - - [25/Dec/2013:02:47:58 +0100] "GET /zoldakcio.swf HTTP/1.1" 200 840351 "-" "Mozilla/5.0 (compatible; YandexBot/3.0; +http://yandex.com/bots)"
37.140.141.5 - - [25/Dec/2013:02:48:00 +0100] "GET / HTTP/1.1" 200 884 "-" "Mozilla/5.0 (compatible; YandexBot/3.0; +http://yandex.com/bots)"
66.249.78.57 - - [25/Dec/2013:03:30:42 +0100] "GET /robots.txt HTTP/1.1" 404 1181 "-" "Mozilla/5.0 (compatible; Googlebot/2.1; +http://www.google.com/bot.html)"
66.249.78.57 - - [25/Dec/2013:03:30:42 +0100] "GET /aktualis_elemei/bio2szulinap_elemei/image116.jpg HTTP/1.1" 200 9709 "-" "Googlebot-Image/1.0"
66.249.78.57 - - [25/Dec/2013:03:35:29 +0100] "GET /aktualis_elemei/bio2szulinap.html HTTP/1.1" 304 - "-" "Mozilla/5.0 (iPhone; CPU iPhone OS 6_0 like Mac OS X) AppleWebKit/536.26 (KHTML, like Gecko) Version/6.0 Mobile/10A5376e Safari/8536.25 (compatible; Googlebot-Mobile/2.1; +http://www.google.com/bot.html)"
5.10.83.22 - - [25/Dec/2013:04:22:30 +0100] "GET /aktualis_elemei/hkszirmamtp.html HTTP/1.1" 200 15781 "-" "Mozilla/5.0 (compatible; AhrefsBot/5.0; +http://ahrefs.com/robot/)"
5.10.83.3 - - [25/Dec/2013:06:33:13 +0100] "GET /aktualis_elemei/szulinap2.html HTTP/1.1" 200 10182 "-" "Mozilla/5.0 (compatible; AhrefsBot/5.0; +http://ahrefs.com/robot/)"
77.111.90.197 - - [25/Dec/2013:06:53:08 +0100] "GET / HTTP/1.1" 200 884 "-" "Mozilla/5.0 (X11; U; Linux i686; en-US; rv:1.9.0.4) Gecko/2008111318 Ubuntu/8.10 (intrepid) Firefox/3.0.4"
5.10.83.98 - - [25/Dec/2013:07:07:07 +0100] "GET /aktualis_elemei/hktetemvar.html HTTP/1.1" 200 16033 "-" "Mozilla/5.0 (compatible; AhrefsBot/5.0; +http://ahrefs.com/robot/)"
66.249.74.125 - - [25/Dec/2013:07:10:42 +0100] "GET / HTTP/1.1" 200 884 "-" "DoCoMo/2.0 N905i(c100;TB;W24H16) (compatible; Googlebot-Mobile/2.1; +http://www.google.com/bot.html)"
5.10.83.52 - - [25/Dec/2013:08:08:29 +0100] "GET / HTTP/1.1" 200 884 "-" "Mozilla/5.0 (compatible; AhrefsBot/5.0; +http://ahrefs.com/robot/)"
5.10.83.14 - - [25/Dec/2013:08:33:50 +0100] "GET /aktualis_elemei/baloghjanos.html HTTP/1.1" 200 15294 "-" "Mozilla/5.0 (compatible; AhrefsBot/5.0; +http://ahrefs.com/robot/)"
65.55.215.36 - - [25/Dec/2013:08:48:32 +0100] "GET /robots.txt HTTP/1.1" 404 1181 "-" "msnbot-media/1.1 (+http://search.msn.com/msnbot.htm)"
65.55.215.36 - - [25/Dec/2013:08:48:33 +0100] "GET /aktualis_elemei/bio2szulinap_elemei/image138.jpg HTTP/1.1" 200 9822 "-" "msnbot-media/1.1 (+http://search.msn.com/msnbot.htm)"
199.30.20.28 - - [25/Dec/2013:08:51:01 +0100] "GET /robots.txt HTTP/1.1" 404 1181 "-" "msnbot-media/1.1 (+http://search.msn.com/msnbot.htm)"
199.30.20.28 - - [25/Dec/2013:08:51:02 +0100] "GET /aktualis_elemei/fnhv_elemei/image001.jpg HTTP/1.1" 200 11658 "-" "msnbot-media/1.1 (+http://search.msn.com/msnbot.htm)"
66.249.78.57 - - [25/Dec/2013:09:02:15 +0100] "GET /aktualis_elemei/katonai.html HTTP/1.1" 304 - "-" "Mozilla/5.0 (iPhone; CPU iPhone OS 6_0 like Mac OS X) AppleWebKit/536.26 (KHTML, like Gecko) Version/6.0 Mobile/10A5376e Safari/8536.25 (compatible; Googlebot-Mobile/2.1; +http://www.google.com/bot.html)"
5.10.83.28 - - [25/Dec/2013:10:22:13 +0100] "GET /aktualis_elemei/ktavmuhely.html HTTP/1.1" 200 22398 "-" "Mozilla/5.0 (compatible; AhrefsBot/5.0; +http://ahrefs.com/robot/)"
5.10.83.3 - - [25/Dec/2013:10:37:59 +0100] "GET /aktualis_elemei/klimaorjaratp.html HTTP/1.1" 200 9683 "-" "Mozilla/5.0 (compatible; AhrefsBot/5.0; +http://ahrefs.com/robot/)"
84.3.232.164 - - [25/Dec/2013:11:19:35 +0100] "GET / HTTP/1.1" 200 884 "http://zoldkapcsolat.hu/" "Mozilla/5.0 (Windows NT 5.1; rv:26.0) Gecko/20100101 Firefox/26.0"
84.3.232.164 - - [25/Dec/2013:11:19:35 +0100] "GET /pattern.jpg HTTP/1.1" 200 13798 "http://greenaction.hu/" "Mozilla/5.0 (Windows NT 5.1; rv:26.0) Gecko/20100101 Firefox/26.0"
84.3.232.164 - - [25/Dec/2013:11:19:36 +0100] "GET /zoldakcio.swf HTTP/1.1" 200 840351 "http://greenaction.hu/" "Mozilla/5.0 (Windows NT 5.1; rv:26.0) Gecko/20100101 Firefox/26.0"
84.3.232.164 - - [25/Dec/2013:11:19:36 +0100] "GET /banner/norway.jpg HTTP/1.1" 200 3191 "http://greenaction.hu/zoldakcio.swf" "Mozilla/5.0 (Windows NT 5.1; rv:26.0) Gecko/20100101 Firefox/26.0"
84.3.232.164 - - [25/Dec/2013:11:19:36 +0100] "GET /favicon.ico HTTP/1.1" 404 1181 "-" "Mozilla/5.0 (Windows NT 5.1; rv:26.0) Gecko/20100101 Firefox/26.0"
84.3.232.164 - - [25/Dec/2013:11:19:36 +0100] "GET /hirek/hirek.txt HTTP/1.1" 200 96857 "http://greenaction.hu/zoldakcio.swf" "Mozilla/5.0 (Windows NT 5.1; rv:26.0) Gecko/20100101 Firefox/26.0"
84.3.232.164 - - [25/Dec/2013:11:19:36 +0100] "GET /esemenynaptar/SparkEventsCalendar_loadVars.txt HTTP/1.1" 200 72712 "http://greenaction.hu/zoldakcio.swf" "Mozilla/5.0 (Windows NT 5.1; rv:26.0) Gecko/20100101 Firefox/26.0"
84.3.232.164 - - [25/Dec/2013:11:19:38 +0100] "GET /hirek/biomassza_forum.jpg HTTP/1.1" 200 6616 "http://greenaction.hu/zoldakcio.swf" "Mozilla/5.0 (Windows NT 5.1; rv:26.0) Gecko/20100101 Firefox/26.0"
84.3.232.164 - - [25/Dec/2013:11:19:38 +0100] "GET /hirek/helyivedett.jpg HTTP/1.1" 404 1181 "http://greenaction.hu/zoldakcio.swf" "Mozilla/5.0 (Windows NT 5.1; rv:26.0) Gecko/20100101 Firefox/26.0"
84.3.232.164 - - [25/Dec/2013:11:19:38 +0100] "GET /hirek/biomassza2.jpg HTTP/1.1" 404 1181 "http://greenaction.hu/zoldakcio.swf" "Mozilla/5.0 (Windows NT 5.1; rv:26.0) Gecko/20100101 Firefox/26.0"
84.3.232.164 - - [25/Dec/2013:11:19:38 +0100] "GET /hirek/kocsonyabeka.jpg HTTP/1.1" 200 4334 "http://greenaction.hu/zoldakcio.swf" "Mozilla/5.0 (Windows NT 5.1; rv:26.0) Gecko/20100101 Firefox/26.0"
84.3.232.164 - - [25/Dec/2013:11:19:38 +0100] "GET /hirek/gmokrumpli.jpg HTTP/1.1" 200 9110 "http://greenaction.hu/zoldakcio.swf" "Mozilla/5.0 (Windows NT 5.1; rv:26.0) Gecko/20100101 Firefox/26.0"
84.3.232.164 - - [25/Dec/2013:11:19:38 +0100] "GET /hirek/beno.jpg HTTP/1.1" 200 2623 "http://greenaction.hu/zoldakcio.swf" "Mozilla/5.0 (Windows NT 5.1; rv:26.0) Gecko/20100101 Firefox/26.0"
84.3.232.164 - - [25/Dec/2013:11:19:38 +0100] "GET /hirek/nullahullakovesd%20011.jpg HTTP/1.1" 200 8674 "http://greenaction.hu/zoldakcio.swf" "Mozilla/5.0 (Windows NT 5.1; rv:26.0) Gecko/20100101 Firefox/26.0"
84.3.232.164 - - [25/Dec/2013:11:19:38 +0100] "GET /hirek/programindito.jpg HTTP/1.1" 200 6594 "http://greenaction.hu/zoldakcio.swf" "Mozilla/5.0 (Windows NT 5.1; rv:26.0) Gecko/20100101 Firefox/26.0"
84.3.232.164 - - [25/Dec/2013:11:19:38 +0100] "GET /hirek/foldnapja.jpg HTTP/1.1" 200 4081 "http://greenaction.hu/zoldakcio.swf" "Mozilla/5.0 (Windows NT 5.1; rv:26.0) Gecko/20100101 Firefox/26.0"
84.3.232.164 - - [25/Dec/2013:11:19:38 +0100] "GET /hirek/foldnap2010.jpg HTTP/1.1" 200 7191 "http://greenaction.hu/zoldakcio.swf" "Mozilla/5.0 (Windows NT 5.1; rv:26.0) Gecko/20100101 Firefox/26.0"
84.3.232.164 - - [25/Dec/2013:11:19:38 +0100] "GET /hirek/gmoevo.jpg HTTP/1.1" 200 2951 "http://greenaction.hu/zoldakcio.swf" "Mozilla/5.0 (Windows NT 5.1; rv:26.0) Gecko/20100101 Firefox/26.0"
84.3.232.164 - - [25/Dec/2013:11:19:38 +0100] "GET /hirek/gmofree.gif HTTP/1.1" 404 1181 "http://greenaction.hu/zoldakcio.swf" "Mozilla/5.0 (Windows NT 5.1; rv:26.0) Gecko/20100101 Firefox/26.0"
84.3.232.164 - - [25/Dec/2013:11:19:38 +0100] "GET /hirek/torta.jpg HTTP/1.1" 404 1181 "http://greenaction.hu/zoldakcio.swf" "Mozilla/5.0 (Windows NT 5.1; rv:26.0) Gecko/20100101 Firefox/26.0"
84.3.232.164 - - [25/Dec/2013:11:19:38 +0100] "GET /hirek/paprika.jpg HTTP/1.1" 404 1181 "http://greenaction.hu/zoldakcio.swf" "Mozilla/5.0 (Windows NT 5.1; rv:26.0) Gecko/20100101 Firefox/26.0"
84.3.232.164 - - [25/Dec/2013:11:19:38 +0100] "GET /hirek/abauji.jpg HTTP/1.1" 200 21716 "http://greenaction.hu/zoldakcio.swf" "Mozilla/5.0 (Windows NT 5.1; rv:26.0) Gecko/20100101 Firefox/26.0"
84.3.232.164 - - [25/Dec/2013:11:19:38 +0100] "GET /hirek/benzinpisztoly.jpg HTTP/1.1" 200 2317 "http://greenaction.hu/zoldakcio.swf" "Mozilla/5.0 (Windows NT 5.1; rv:26.0) Gecko/20100101 Firefox/26.0"
84.3.232.164 - - [25/Dec/2013:11:19:38 +0100] "GET /hirek/zoldseg.jpg HTTP/1.1" 404 1181 "http://greenaction.hu/zoldakcio.swf" "Mozilla/5.0 (Windows NT 5.1; rv:26.0) Gecko/20100101 Firefox/26.0"
84.3.232.164 - - [25/Dec/2013:11:19:38 +0100] "GET /hirek/marhafej.jpg HTTP/1.1" 200 3545 "http://greenaction.hu/zoldakcio.swf" "Mozilla/5.0 (Windows NT 5.1; rv:26.0) Gecko/20100101 Firefox/26.0"
84.3.232.164 - - [25/Dec/2013:11:19:38 +0100] "GET /hirek/citrom.jpg HTTP/1.1" 200 11781 "http://greenaction.hu/zoldakcio.swf" "Mozilla/5.0 (Windows NT 5.1; rv:26.0) Gecko/20100101 Firefox/26.0"
84.3.232.164 - - [25/Dec/2013:11:19:38 +0100] "GET /hirek/adventikoszoru.jpg HTTP/1.1" 200 5581 "http://greenaction.hu/zoldakcio.swf" "Mozilla/5.0 (Windows NT 5.1; rv:26.0) Gecko/20100101 Firefox/26.0"
84.3.232.164 - - [25/Dec/2013:11:19:38 +0100] "GET /hirek/naposoldal.jpg HTTP/1.1" 200 10106 "http://greenaction.hu/zoldakcio.swf" "Mozilla/5.0 (Windows NT 5.1; rv:26.0) Gecko/20100101 Firefox/26.0"
84.3.232.164 - - [25/Dec/2013:11:19:38 +0100] "GET /hirek/encsgyumi.jpg HTTP/1.1" 200 13077 "http://greenaction.hu/zoldakcio.swf" "Mozilla/5.0 (Windows NT 5.1; rv:26.0) Gecko/20100101 Firefox/26.0"
84.3.232.164 - - [25/Dec/2013:11:19:38 +0100] "GET /hirek/gyurgyalag.jpg HTTP/1.1" 200 2435 "http://greenaction.hu/zoldakcio.swf" "Mozilla/5.0 (Windows NT 5.1; rv:26.0) Gecko/20100101 Firefox/26.0"
84.3.232.164 - - [25/Dec/2013:11:19:38 +0100] "GET /hirek/encs.jpg HTTP/1.1" 200 12831 "http://greenaction.hu/zoldakcio.swf" "Mozilla/5.0 (Windows NT 5.1; rv:26.0) Gecko/20100101 Firefox/26.0"
84.3.232.164 - - [25/Dec/2013:11:19:38 +0100] "GET /hirek/terelo.jpg HTTP/1.1" 200 10975 "http://greenaction.hu/zoldakcio.swf" "Mozilla/5.0 (Windows NT 5.1; rv:26.0) Gecko/20100101 Firefox/26.0"
84.3.232.164 - - [25/Dec/2013:11:19:38 +0100] "GET /hirek/varboibekak2011.jpg HTTP/1.1" 200 9200 "http://greenaction.hu/zoldakcio.swf" "Mozilla/5.0 (Windows NT 5.1; rv:26.0) Gecko/20100101 Firefox/26.0"
84.3.232.164 - - [25/Dec/2013:11:19:38 +0100] "GET /hirek/mctermeloipiac.jpg HTTP/1.1" 200 3752 "http://greenaction.hu/zoldakcio.swf" "Mozilla/5.0 (Windows NT 5.1; rv:26.0) Gecko/20100101 Firefox/26.0"
84.3.232.164 - - [25/Dec/2013:11:19:38 +0100] "GET /hirek/1%20szazalek.jpg HTTP/1.1" 200 16636 "http://greenaction.hu/zoldakcio.swf" "Mozilla/5.0 (Windows NT 5.1; rv:26.0) Gecko/20100101 Firefox/26.0"
84.3.232.164 - - [25/Dec/2013:11:19:39 +0100] "GET /hirek/bioszulinap2011.jpg HTTP/1.1" 200 17649 "http://greenaction.hu/zoldakcio.swf" "Mozilla/5.0 (Windows NT 5.1; rv:26.0) Gecko/20100101 Firefox/26.0"
84.3.232.164 - - [25/Dec/2013:11:19:39 +0100] "GET /hirek/viz.jpg HTTP/1.1" 200 2622 "http://greenaction.hu/zoldakcio.swf" "Mozilla/5.0 (Windows NT 5.1; rv:26.0) Gecko/20100101 Firefox/26.0"
80.137.112.143 - - [25/Dec/2013:11:36:31 +0100] "GET / HTTP/1.1" 200 884 "-" "Mozilla/5.0 (compatible; MSIE 9.0; Windows NT 6.1; Win64; x64; Trident/5.0)"
5.187.187.135 - - [25/Dec/2013:11:40:12 +0100] "GET /archiv.html HTTP/1.1" 200 100991 "http://omigaplus.inspsearch.com/search/web?fcoid=417&fcop=topnav&fpid=2&q=miskolci+hullad%C3%A9k+lerak%C3%A1s+nyitvatart%C3%A1s&ql=×tamp=1387967957329" "Mozilla/5.0 (Windows NT 6.1; WOW64; rv:26.0) Gecko/20100101 Firefox/26.0"
5.187.187.135 - - [25/Dec/2013:11:40:12 +0100] "GET /archiv_elemei/image001.gif HTTP/1.1" 404 1181 "http://www.greenaction.hu/archiv.html" "Mozilla/5.0 (Windows NT 6.1; WOW64; rv:26.0) Gecko/20100101 Firefox/26.0"
5.187.187.135 - - [25/Dec/2013:11:40:12 +0100] "GET /archiv_elemei/image002.gif HTTP/1.1" 404 1181 "http://www.greenaction.hu/archiv.html" "Mozilla/5.0 (Windows NT 6.1; WOW64; rv:26.0) Gecko/20100101 Firefox/26.0"
5.187.187.135 - - [25/Dec/2013:11:40:12 +0100] "GET /archiv_elemei/image017.gif HTTP/1.1" 404 1181 "http://www.greenaction.hu/archiv.html" "Mozilla/5.0 (Windows NT 6.1; WOW64; rv:26.0) Gecko/20100101 Firefox/26.0"
5.187.187.135 - - [25/Dec/2013:11:40:12 +0100] "GET /archiv_elemei/image004.jpg HTTP/1.1" 200 7491 "http://www.greenaction.hu/archiv.html" "Mozilla/5.0 (Windows NT 6.1; WOW64; rv:26.0) Gecko/20100101 Firefox/26.0"
5.187.187.135 - - [25/Dec/2013:11:40:12 +0100] "GET /archiv_elemei/image007.jpg HTTP/1.1" 200 8006 "http://www.greenaction.hu/archiv.html" "Mozilla/5.0 (Windows NT 6.1; WOW64; rv:26.0) Gecko/20100101 Firefox/26.0"
5.187.187.135 - - [25/Dec/2013:11:40:12 +0100] "GET /archiv_elemei/image010.jpg HTTP/1.1" 200 4559 "http://www.greenaction.hu/archiv.html" "Mozilla/5.0 (Windows NT 6.1; WOW64; rv:26.0) Gecko/20100101 Firefox/26.0"
5.187.187.135 - - [25/Dec/2013:11:40:12 +0100] "GET /archiv_elemei/image008.gif HTTP/1.1" 404 1181 "http://www.greenaction.hu/archiv.html" "Mozilla/5.0 (Windows NT 6.1; WOW64; rv:26.0) Gecko/20100101 Firefox/26.0"
5.187.187.135 - - [25/Dec/2013:11:40:12 +0100] "GET /archiv_elemei/image011.gif HTTP/1.1" 404 1181 "http://www.greenaction.hu/archiv.html" "Mozilla/5.0 (Windows NT 6.1; WOW64; rv:26.0) Gecko/20100101 Firefox/26.0"
5.187.187.135 - - [25/Dec/2013:11:40:12 +0100] "GET /archiv_elemei/image012.gif HTTP/1.1" 404 1181 "http://www.greenaction.hu/archiv.html" "Mozilla/5.0 (Windows NT 6.1; WOW64; rv:26.0) Gecko/20100101 Firefox/26.0"
5.187.187.135 - - [25/Dec/2013:11:40:12 +0100] "GET /archiv_elemei/image014.jpg HTTP/1.1" 200 8670 "http://www.greenaction.hu/archiv.html" "Mozilla/5.0 (Windows NT 6.1; WOW64; rv:26.0) Gecko/20100101 Firefox/26.0"
5.187.187.135 - - [25/Dec/2013:11:40:12 +0100] "GET /archiv_elemei/image015.gif HTTP/1.1" 404 1181 "http://www.greenaction.hu/archiv.html" "Mozilla/5.0 (Windows NT 6.1; WOW64; rv:26.0) Gecko/20100101 Firefox/26.0"
5.187.187.135 - - [25/Dec/2013:11:40:12 +0100] "GET /archiv_elemei/image016.gif HTTP/1.1" 404 1181 "http://www.greenaction.hu/archiv.html" "Mozilla/5.0 (Windows NT 6.1; WOW64; rv:26.0) Gecko/20100101 Firefox/26.0"
5.187.187.135 - - [25/Dec/2013:11:40:12 +0100] "GET /archiv_elemei/image007.gif HTTP/1.1" 404 1181 "http://www.greenaction.hu/archiv.html" "Mozilla/5.0 (Windows NT 6.1; WOW64; rv:26.0) Gecko/20100101 Firefox/26.0"
5.187.187.135 - - [25/Dec/2013:11:40:12 +0100] "GET /archiv_elemei/image018.gif HTTP/1.1" 404 1181 "http://www.greenaction.hu/archiv.html" "Mozilla/5.0 (Windows NT 6.1; WOW64; rv:26.0) Gecko/20100101 Firefox/26.0"
5.187.187.135 - - [25/Dec/2013:11:40:12 +0100] "GET /archiv_elemei/image020.jpg HTTP/1.1" 200 7898 "http://www.greenaction.hu/archiv.html" "Mozilla/5.0 (Windows NT 6.1; WOW64; rv:26.0) Gecko/20100101 Firefox/26.0"
5.187.187.135 - - [25/Dec/2013:11:40:12 +0100] "GET /archiv_elemei/image021.gif HTTP/1.1" 404 1181 "http://www.greenaction.hu/archiv.html" "Mozilla/5.0 (Windows NT 6.1; WOW64; rv:26.0) Gecko/20100101 Firefox/26.0"
5.187.187.135 - - [25/Dec/2013:11:40:12 +0100] "GET /archiv_elemei/image023.jpg HTTP/1.1" 200 7081 "http://www.greenaction.hu/archiv.html" "Mozilla/5.0 (Windows NT 6.1; WOW64; rv:26.0) Gecko/20100101 Firefox/26.0"
5.187.187.135 - - [25/Dec/2013:11:40:12 +0100] "GET /archiv_elemei/image024.gif HTTP/1.1" 404 1181 "http://www.greenaction.hu/archiv.html" "Mozilla/5.0 (Windows NT 6.1; WOW64; rv:26.0) Gecko/20100101 Firefox/26.0"
5.187.187.135 - - [25/Dec/2013:11:40:12 +0100] "GET /archiv_elemei/image026.jpg HTTP/1.1" 200 4734 "http://www.greenaction.hu/archiv.html" "Mozilla/5.0 (Windows NT 6.1; WOW64; rv:26.0) Gecko/20100101 Firefox/26.0"
5.187.187.135 - - [25/Dec/2013:11:40:12 +0100] "GET /archiv_elemei/image028.jpg HTTP/1.1" 200 5544 "http://www.greenaction.hu/archiv.html" "Mozilla/5.0 (Windows NT 6.1; WOW64; rv:26.0) Gecko/20100101 Firefox/26.0"
5.187.187.135 - - [25/Dec/2013:11:40:12 +0100] "GET /archiv_elemei/image030.jpg HTTP/1.1" 200 9737 "http://www.greenaction.hu/archiv.html" "Mozilla/5.0 (Windows NT 6.1; WOW64; rv:26.0) Gecko/20100101 Firefox/26.0"
5.187.187.135 - - [25/Dec/2013:11:40:12 +0100] "GET /archiv_elemei/image032.jpg HTTP/1.1" 200 5708 "http://www.greenaction.hu/archiv.html" "Mozilla/5.0 (Windows NT 6.1; WOW64; rv:26.0) Gecko/20100101 Firefox/26.0"
