183.171.178.214 - - [17/May/2014:17:11:46 +0200] "GET /hirek/foldnapja.jpg HTTP/1.1" 200 4081 "-" "Mozilla/5.0 (Windows NT 6.1; WOW64) AppleWebKit/537.36 (KHTML, like Gecko) Chrome/32.0.1700.107 Safari/537.36"
183.171.178.214 - - [17/May/2014:17:11:47 +0200] "GET /esemenynaptar/SparkEventsCalendar_loadVars.txt HTTP/1.1" 200 72712 "-" "Mozilla/5.0 (Windows NT 6.1; WOW64) AppleWebKit/537.36 (KHTML, like Gecko) Chrome/32.0.1700.107 Safari/537.36"
183.171.178.214 - - [17/May/2014:17:11:47 +0200] "GET /hirek/foldnap2010.jpg HTTP/1.1" 200 7191 "-" "Mozilla/5.0 (Windows NT 6.1; WOW64) AppleWebKit/537.36 (KHTML, like Gecko) Chrome/32.0.1700.107 Safari/537.36"
183.171.178.214 - - [17/May/2014:17:11:48 +0200] "GET /hirek/gmoevo.jpg HTTP/1.1" 200 2951 "-" "Mozilla/5.0 (Windows NT 6.1; WOW64) AppleWebKit/537.36 (KHTML, like Gecko) Chrome/32.0.1700.107 Safari/537.36"
183.171.178.214 - - [17/May/2014:17:11:48 +0200] "GET /hirek/gmofree.gif HTTP/1.1" 404 1181 "-" "Mozilla/5.0 (Windows NT 6.1; WOW64) AppleWebKit/537.36 (KHTML, like Gecko) Chrome/32.0.1700.107 Safari/537.36"
183.171.178.214 - - [17/May/2014:17:11:48 +0200] "GET /hirek/torta.jpg HTTP/1.1" 404 1181 "-" "Mozilla/5.0 (Windows NT 6.1; WOW64) AppleWebKit/537.36 (KHTML, like Gecko) Chrome/32.0.1700.107 Safari/537.36"
183.171.178.214 - - [17/May/2014:17:11:49 +0200] "GET /hirek/abauji.jpg HTTP/1.1" 200 21716 "-" "Mozilla/5.0 (Windows NT 6.1; WOW64) AppleWebKit/537.36 (KHTML, like Gecko) Chrome/32.0.1700.107 Safari/537.36"
183.171.178.214 - - [17/May/2014:17:11:49 +0200] "GET /hirek/paprika.jpg HTTP/1.1" 404 1181 "-" "Mozilla/5.0 (Windows NT 6.1; WOW64) AppleWebKit/537.36 (KHTML, like Gecko) Chrome/32.0.1700.107 Safari/537.36"
183.171.178.214 - - [17/May/2014:17:11:49 +0200] "GET /hirek/benzinpisztoly.jpg HTTP/1.1" 200 2317 "-" "Mozilla/5.0 (Windows NT 6.1; WOW64) AppleWebKit/537.36 (KHTML, like Gecko) Chrome/32.0.1700.107 Safari/537.36"
183.171.178.214 - - [17/May/2014:17:11:50 +0200] "GET /hirek/marhafej.jpg HTTP/1.1" 200 3545 "-" "Mozilla/5.0 (Windows NT 6.1; WOW64) AppleWebKit/537.36 (KHTML, like Gecko) Chrome/32.0.1700.107 Safari/537.36"
183.171.178.214 - - [17/May/2014:17:11:50 +0200] "GET /hirek/zoldseg.jpg HTTP/1.1" 404 1181 "-" "Mozilla/5.0 (Windows NT 6.1; WOW64) AppleWebKit/537.36 (KHTML, like Gecko) Chrome/32.0.1700.107 Safari/537.36"
183.171.178.214 - - [17/May/2014:17:11:50 +0200] "GET /hirek/citrom.jpg HTTP/1.1" 200 11781 "-" "Mozilla/5.0 (Windows NT 6.1; WOW64) AppleWebKit/537.36 (KHTML, like Gecko) Chrome/32.0.1700.107 Safari/537.36"
183.171.178.214 - - [17/May/2014:17:11:50 +0200] "GET /hirek/adventikoszoru.jpg HTTP/1.1" 200 5581 "-" "Mozilla/5.0 (Windows NT 6.1; WOW64) AppleWebKit/537.36 (KHTML, like Gecko) Chrome/32.0.1700.107 Safari/537.36"
183.171.178.214 - - [17/May/2014:17:11:51 +0200] "GET /hirek/naposoldal.jpg HTTP/1.1" 200 10106 "-" "Mozilla/5.0 (Windows NT 6.1; WOW64) AppleWebKit/537.36 (KHTML, like Gecko) Chrome/32.0.1700.107 Safari/537.36"
183.171.178.214 - - [17/May/2014:17:11:51 +0200] "GET /hirek/encsgyumi.jpg HTTP/1.1" 200 13077 "-" "Mozilla/5.0 (Windows NT 6.1; WOW64) AppleWebKit/537.36 (KHTML, like Gecko) Chrome/32.0.1700.107 Safari/537.36"
183.171.178.214 - - [17/May/2014:17:11:51 +0200] "GET /hirek/gyurgyalag.jpg HTTP/1.1" 200 2435 "-" "Mozilla/5.0 (Windows NT 6.1; WOW64) AppleWebKit/537.36 (KHTML, like Gecko) Chrome/32.0.1700.107 Safari/537.36"
183.171.178.214 - - [17/May/2014:17:11:52 +0200] "GET /hirek/terelo.jpg HTTP/1.1" 200 10975 "-" "Mozilla/5.0 (Windows NT 6.1; WOW64) AppleWebKit/537.36 (KHTML, like Gecko) Chrome/32.0.1700.107 Safari/537.36"
183.171.178.214 - - [17/May/2014:17:11:52 +0200] "GET /hirek/encs.jpg HTTP/1.1" 200 12831 "-" "Mozilla/5.0 (Windows NT 6.1; WOW64) AppleWebKit/537.36 (KHTML, like Gecko) Chrome/32.0.1700.107 Safari/537.36"
183.171.178.214 - - [17/May/2014:17:11:52 +0200] "GET /hirek/foldnapja.jpg HTTP/1.1" 200 4081 "-" "Mozilla/5.0 (Windows NT 6.1; WOW64) AppleWebKit/537.36 (KHTML, like Gecko) Chrome/32.0.1700.107 Safari/537.36"
183.171.178.214 - - [17/May/2014:17:11:52 +0200] "GET /hirek/varboibekak2011.jpg HTTP/1.1" 200 9200 "-" "Mozilla/5.0 (Windows NT 6.1; WOW64) AppleWebKit/537.36 (KHTML, like Gecko) Chrome/32.0.1700.107 Safari/537.36"
183.171.178.214 - - [17/May/2014:17:11:53 +0200] "GET /hirek/mctermeloipiac.jpg HTTP/1.1" 200 3752 "-" "Mozilla/5.0 (Windows NT 6.1; WOW64) AppleWebKit/537.36 (KHTML, like Gecko) Chrome/32.0.1700.107 Safari/537.36"
183.171.178.214 - - [17/May/2014:17:11:53 +0200] "GET /hirek/1%20szazalek.jpg HTTP/1.1" 200 16636 "-" "Mozilla/5.0 (Windows NT 6.1; WOW64) AppleWebKit/537.36 (KHTML, like Gecko) Chrome/32.0.1700.107 Safari/537.36"
183.171.178.214 - - [17/May/2014:17:11:54 +0200] "GET /hirek/viz.jpg HTTP/1.1" 200 2622 "-" "Mozilla/5.0 (Windows NT 6.1; WOW64) AppleWebKit/537.36 (KHTML, like Gecko) Chrome/32.0.1700.107 Safari/537.36"
183.171.178.214 - - [17/May/2014:17:11:54 +0200] "GET /hirek/bioszulinap2011.jpg HTTP/1.1" 200 17649 "-" "Mozilla/5.0 (Windows NT 6.1; WOW64) AppleWebKit/537.36 (KHTML, like Gecko) Chrome/32.0.1700.107 Safari/537.36"
38.100.21.69 - - [17/May/2014:17:35:48 +0200] "GET / HTTP/1.1" 200 884 "-" "Mozilla/4.0 (compatible; MSIE 7.0; Windows NT 5.2)"
66.249.64.202 - - [17/May/2014:17:41:19 +0200] "GET /aktualis_elemei/katonai_elemei/image004.jpg HTTP/1.1" 304 - "-" "Googlebot-Image/1.0"
66.249.64.202 - - [17/May/2014:18:01:03 +0200] "GET /hirek/egyszazalek.pdf HTTP/1.1" 200 72779 "-" "Googlebot/2.1 (+http://www.google.com/bot.html)"
178.255.215.79 - - [17/May/2014:18:10:51 +0200] "GET /robots.txt HTTP/1.1" 404 1181 "-" "Mozilla/5.0 (compatible; Exabot/3.0; +http://www.exabot.com/go/robot)"
178.255.215.79 - - [17/May/2014:18:10:51 +0200] "GET / HTTP/1.1" 200 884 "-" "Mozilla/5.0 (compatible; Exabot/3.0; +http://www.exabot.com/go/robot)"
46.149.176.14 - - [17/May/2014:20:06:07 +0200] "GET /aktualis_elemei/katonai_elemei/image004.jpg HTTP/1.1" 200 56554 "-" "Mozilla/5.0 (Windows NT 5.1) AppleWebKit/537.36 (KHTML, like Gecko) Chrome/34.0.1847.132 Safari/537.36 OPR/21.0.1432.67"
95.85.161.106 - - [17/May/2014:20:06:20 +0200] "GET /favicon.ico HTTP/1.1" 404 1181 "http://www.greenaction.hu/kiadvany/miabio.pdf" "Opera/9.80 (Windows NT 6.1) Presto/2.12.388 Version/12.17"
95.85.161.106 - - [17/May/2014:20:06:29 +0200] "GET /kiadvany/miabio.pdf HTTP/1.1" 200 11291786 "http://www.google.rs/url?sa=t&rct=j&q=&esrc=s&source=web&cd=8&ved=0CGAQFjAH&url=http%3A%2F%2Fwww.greenaction.hu%2Fkiadvany%2Fmiabio.pdf&ei=nKR3U-6ZE-PQ0QWX9ID4DA&usg=AFQjCNGm37lAMap6KqiVzm5BUYhoeBCSxQ&sig2=K2f0WZIauMfJ61nSrlovHQ" "Opera/9.80 (Windows NT 6.1) Presto/2.12.388 Version/12.17"
31.46.39.66 - - [17/May/2014:20:13:21 +0200] "GET /aktualis_elemei/bio2szulinap_elemei/image056.jpg HTTP/1.1" 200 10317 "-" "Mozilla/5.0 (iPad; CPU OS 7_1_1 like Mac OS X) AppleWebKit/537.51.1 (KHTML, like Gecko) GSA/4.0.0.29643 Mobile/11D201 Safari/9537.53"
31.46.39.66 - - [17/May/2014:20:13:22 +0200] "GET /aktualis_elemei/bio2szulinap_elemei/image056.jpg HTTP/1.1" 200 10317 "-" "Mozilla/5.0 (iPad; CPU OS 7_1_1 like Mac OS X) AppleWebKit/537.51.1 (KHTML, like Gecko) GSA/4.0.0.29643 Mobile/11D201 Safari/9537.53"
66.249.64.22 - - [17/May/2014:20:28:16 +0200] "GET /aktualis_elemei/bio2szulinap.html HTTP/1.1" 200 71694 "-" "Mozilla/5.0 (compatible; Googlebot/2.1; +http://www.google.com/bot.html)"
205.237.88.145 - - [17/May/2014:20:43:33 +0200] "GET / HTTP/1.0" 200 884 "-" "=Mozilla/5.0 (Windows; U; Windows NT 6.1; en-US) AppleWebKit/534.16 (KHTML, like Gecko) Chrome/10.0.648.204 Safari/534.16"
82.144.174.201 - - [17/May/2014:21:31:01 +0200] "GET /aktualis_elemei/bio2szulinap_elemei/image120.jpg HTTP/1.1" 200 9114 "https://www.google.hu/" "Mozilla/5.0 (Windows NT 6.1) AppleWebKit/537.36 (KHTML, like Gecko) Chrome/34.0.1847.137 Safari/537.36"
65.55.215.36 - - [17/May/2014:22:11:14 +0200] "GET /robots.txt HTTP/1.1" 404 1181 "-" "msnbot-media/1.1 (+http://search.msn.com/msnbot.htm)"
65.55.215.36 - - [17/May/2014:22:11:14 +0200] "GET /aktualis_elemei/hktetemvar_elemei/image002.jpg HTTP/1.1" 200 9906 "-" "msnbot-media/1.1 (+http://search.msn.com/msnbot.htm)"
162.210.196.97 - - [17/May/2014:22:45:33 +0200] "GET /robots.txt HTTP/1.0" 404 1181 "-" "Mozilla/5.0 (compatible; MJ12bot/v1.4.5; http://www.majestic12.co.uk/bot.php?+)"
162.210.196.97 - - [17/May/2014:22:45:35 +0200] "GET / HTTP/1.0" 200 884 "-" "Mozilla/5.0 (compatible; MJ12bot/v1.4.5; http://www.majestic12.co.uk/bot.php?+)"
46.246.41.222 - - [17/May/2014:23:35:53 +0200] "GET / HTTP/1.1" 200 884 "http://greenaction.hu" "Mozilla/5.0 (X11; Linux i686) AppleWebKit/537.36 (KHTML, like Gecko) Ubuntu Chromium/28.0.1500.52 Chrome/28.0.1500.52 Safari/537.36"
157.56.93.62 - - [18/May/2014:00:40:25 +0200] "GET /robots.txt HTTP/1.1" 404 1181 "-" "Mozilla/5.0 (compatible; bingbot/2.0; +http://www.bing.com/bingbot.htm)"
157.56.93.62 - - [18/May/2014:00:42:45 +0200] "GET /hirek/F%C3%B6ld%20Napja%20Hete%202011.%20programaj%C3%A1nl%C3%B3.pdf HTTP/1.1" 404 1181 "-" "Mozilla/5.0 (compatible; bingbot/2.0; +http://www.bing.com/bingbot.htm)"
66.249.64.22 - - [18/May/2014:01:06:11 +0200] "GET /robots.txt HTTP/1.1" 404 1181 "-" "Mozilla/5.0 (compatible; Googlebot/2.1; +http://www.google.com/bot.html)"
66.249.64.202 - - [18/May/2014:01:06:12 +0200] "GET / HTTP/1.1" 304 - "-" "Mozilla/5.0 (compatible; Googlebot/2.1; +http://www.google.com/bot.html)"
86.101.156.51 - - [18/May/2014:01:45:21 +0200] "GET /robots.txt HTTP/1.1" 404 1181 "-" "Mozilla/5.0 (compatible; JobKeresoBot; http://www.jobkereso.com/help.jsp)"
86.101.156.51 - - [18/May/2014:01:45:21 +0200] "GET / HTTP/1.1" 200 884 "-" "Mozilla/5.0 (compatible; JobKeresoBot; http://www.jobkereso.com/help.jsp)"
157.56.93.63 - - [18/May/2014:03:13:05 +0200] "GET /aktualis_elemei/kakcionap.html HTTP/1.1" 304 - "-" "Mozilla/5.0 (compatible; bingbot/2.0; +http://www.bing.com/bingbot.htm)"
86.101.156.51 - - [18/May/2014:03:22:08 +0200] "GET /robots.txt HTTP/1.1" 404 1181 "-" "Mozilla/5.0 (compatible; JobKeresoBot; http://www.jobkereso.com/help.jsp)"
86.101.156.51 - - [18/May/2014:03:22:08 +0200] "GET / HTTP/1.1" 200 884 "-" "Mozilla/5.0 (compatible; JobKeresoBot; http://www.jobkereso.com/help.jsp)"
66.249.64.202 - - [18/May/2014:04:16:56 +0200] "GET /aktualis_elemei/fnhv.html HTTP/1.1" 304 - "-" "Mozilla/5.0 (compatible; Googlebot/2.1; +http://www.google.com/bot.html)"
66.249.64.22 - - [18/May/2014:04:18:57 +0200] "GET /kiadvany/miabio.pdf HTTP/1.1" 304 - "-" "Mozilla/5.0 (compatible; Googlebot/2.1; +http://www.google.com/bot.html)"
78.46.237.132 - - [18/May/2014:04:48:43 +0200] "HEAD / HTTP/1.1" 200 0 "-" "Xenu Link Sleuth/1.3.8"
87.229.73.156 - - [18/May/2014:05:51:43 +0200] "GET / HTTP/1.1" 200 884 "-" "Python-urllib/2.6"
66.249.64.22 - - [18/May/2014:05:58:45 +0200] "GET /aktualis_elemei/katonai.html HTTP/1.1" 304 - "-" "Mozilla/5.0 (compatible; Googlebot/2.1; +http://www.google.com/bot.html)"
176.241.45.195 - - [18/May/2014:08:29:55 +0200] "GET /aktualis_elemei/bio2szulinap_elemei/image056.jpg HTTP/1.1" 200 10317 "-" "Mozilla/5.0 (Windows NT 6.1; WOW64) AppleWebKit/537.36 (KHTML, like Gecko) Chrome/34.0.1847.132 Safari/537.36 OPR/21.0.1432.67"
205.237.88.145 - - [18/May/2014:08:30:00 +0200] "GET / HTTP/1.0" 200 884 "-" "=Mozilla/5.0 (Windows; U; Windows NT 6.1; en-US) AppleWebKit/534.16 (KHTML, like Gecko) Chrome/10.0.648.204 Safari/534.16"
65.55.52.111 - - [18/May/2014:08:51:56 +0200] "GET /robots.txt HTTP/1.1" 404 1181 "-" "Mozilla/5.0 (compatible; bingbot/2.0; +http://www.bing.com/bingbot.htm)"
130.185.74.151 - - [18/May/2014:08:52:32 +0200] "GET / HTTP/1.0" 200 884 "-" "-"
130.185.74.151 - - [18/May/2014:08:52:32 +0200] "GET /wp-login.php HTTP/1.0" 404 1181 "-" "-"
130.185.74.151 - - [18/May/2014:08:52:33 +0200] "GET /administrator/index.php HTTP/1.0" 404 1181 "-" "-"
65.55.52.111 - - [18/May/2014:08:55:59 +0200] "GET / HTTP/1.1" 200 884 "-" "Mozilla/5.0 (compatible; bingbot/2.0; +http://www.bing.com/bingbot.htm)"
199.30.24.135 - - [18/May/2014:08:56:01 +0200] "GET /pattern.jpg HTTP/1.1" 200 13798 "http://www.greenaction.hu/" "Mozilla/5.0 (Windows NT 6.1; WOW64) AppleWebKit/534+ (KHTML, like Gecko) BingPreview/1.0b"
65.55.52.111 - - [18/May/2014:08:56:02 +0200] "GET /zoldakcio.swf HTTP/1.1" 200 840351 "-" "Mozilla/5.0 (compatible; bingbot/2.0; +http://www.bing.com/bingbot.htm)"
199.30.24.135 - - [18/May/2014:08:56:02 +0200] "GET /pattern.jpg HTTP/1.1" 200 13798 "http://www.greenaction.hu/" "Mozilla/5.0 (Windows NT 6.1; WOW64) AppleWebKit/534+ (KHTML, like Gecko) BingPreview/1.0b"
199.30.24.135 - - [18/May/2014:08:56:04 +0200] "GET /zoldakcio.swf HTTP/1.1" 200 840351 "http://www.greenaction.hu/zoldakcio.swf" "Mozilla/5.0 (Windows NT 6.1; WOW64) AppleWebKit/534+ (KHTML, like Gecko) BingPreview/1.0b"
199.30.24.135 - - [18/May/2014:08:56:05 +0200] "GET /zoldakcio.swf HTTP/1.1" 200 840351 "http://www.greenaction.hu/zoldakcio.swf" "Mozilla/5.0 (Windows NT 6.1; WOW64) AppleWebKit/534+ (KHTML, like Gecko) BingPreview/1.0b"
199.30.24.135 - - [18/May/2014:08:56:06 +0200] "GET /esemenynaptar/SparkEventsCalendar_loadVars.txt HTTP/1.1" 200 72712 "http://www.greenaction.hu/zoldakcio.swf" "Mozilla/5.0 (Windows NT 6.1; WOW64) AppleWebKit/534+ (KHTML, like Gecko) BingPreview/1.0b"
199.30.24.135 - - [18/May/2014:08:56:06 +0200] "GET /banner/norway.jpg HTTP/1.1" 200 3191 "http://www.greenaction.hu/zoldakcio.swf" "Mozilla/5.0 (Windows NT 6.1; WOW64) AppleWebKit/534+ (KHTML, like Gecko) BingPreview/1.0b"
199.30.24.135 - - [18/May/2014:08:56:07 +0200] "GET /hirek/hirek.txt HTTP/1.1" 200 96857 "http://www.greenaction.hu/zoldakcio.swf" "Mozilla/5.0 (Windows NT 6.1; WOW64) AppleWebKit/534+ (KHTML, like Gecko) BingPreview/1.0b"
199.30.24.135 - - [18/May/2014:08:56:09 +0200] "GET /hirek/helyivedett.jpg HTTP/1.1" 404 1181 "http://www.greenaction.hu/zoldakcio.swf" "Mozilla/5.0 (Windows NT 6.1; WOW64) AppleWebKit/534+ (KHTML, like Gecko) BingPreview/1.0b"
199.30.24.135 - - [18/May/2014:08:56:09 +0200] "GET /hirek/biomassza_forum.jpg HTTP/1.1" 200 6616 "http://www.greenaction.hu/zoldakcio.swf" "Mozilla/5.0 (Windows NT 6.1; WOW64) AppleWebKit/534+ (KHTML, like Gecko) BingPreview/1.0b"
199.30.24.135 - - [18/May/2014:08:56:09 +0200] "GET /hirek/kocsonyabeka.jpg HTTP/1.1" 200 4334 "http://www.greenaction.hu/zoldakcio.swf" "Mozilla/5.0 (Windows NT 6.1; WOW64) AppleWebKit/534+ (KHTML, like Gecko) BingPreview/1.0b"
199.30.24.135 - - [18/May/2014:08:56:09 +0200] "GET /hirek/biomassza2.jpg HTTP/1.1" 404 1181 "http://www.greenaction.hu/zoldakcio.swf" "Mozilla/5.0 (Windows NT 6.1; WOW64) AppleWebKit/534+ (KHTML, like Gecko) BingPreview/1.0b"
199.30.24.135 - - [18/May/2014:08:56:10 +0200] "GET /hirek/programindito.jpg HTTP/1.1" 200 6594 "http://www.greenaction.hu/zoldakcio.swf" "Mozilla/5.0 (Windows NT 6.1; WOW64) AppleWebKit/534+ (KHTML, like Gecko) BingPreview/1.0b"
199.30.24.135 - - [18/May/2014:08:56:10 +0200] "GET /hirek/gmokrumpli.jpg HTTP/1.1" 200 9110 "http://www.greenaction.hu/zoldakcio.swf" "Mozilla/5.0 (Windows NT 6.1; WOW64) AppleWebKit/534+ (KHTML, like Gecko) BingPreview/1.0b"
199.30.24.135 - - [18/May/2014:08:56:10 +0200] "GET /hirek/beno.jpg HTTP/1.1" 200 2623 "http://www.greenaction.hu/zoldakcio.swf" "Mozilla/5.0 (Windows NT 6.1; WOW64) AppleWebKit/534+ (KHTML, like Gecko) BingPreview/1.0b"
199.30.24.135 - - [18/May/2014:08:56:10 +0200] "GET /hirek/nullahullakovesd%20011.jpg HTTP/1.1" 200 8674 "http://www.greenaction.hu/zoldakcio.swf" "Mozilla/5.0 (Windows NT 6.1; WOW64) AppleWebKit/534+ (KHTML, like Gecko) BingPreview/1.0b"
199.30.24.135 - - [18/May/2014:08:56:10 +0200] "GET /hirek/foldnapja.jpg HTTP/1.1" 200 4081 "http://www.greenaction.hu/zoldakcio.swf" "Mozilla/5.0 (Windows NT 6.1; WOW64) AppleWebKit/534+ (KHTML, like Gecko) BingPreview/1.0b"
199.30.24.135 - - [18/May/2014:08:56:10 +0200] "GET /hirek/gmoevo.jpg HTTP/1.1" 200 2951 "http://www.greenaction.hu/zoldakcio.swf" "Mozilla/5.0 (Windows NT 6.1; WOW64) AppleWebKit/534+ (KHTML, like Gecko) BingPreview/1.0b"
199.30.24.135 - - [18/May/2014:08:56:10 +0200] "GET /hirek/foldnap2010.jpg HTTP/1.1" 200 7191 "http://www.greenaction.hu/zoldakcio.swf" "Mozilla/5.0 (Windows NT 6.1; WOW64) AppleWebKit/534+ (KHTML, like Gecko) BingPreview/1.0b"
199.30.24.135 - - [18/May/2014:08:56:10 +0200] "GET /hirek/gmofree.gif HTTP/1.1" 404 1181 "http://www.greenaction.hu/zoldakcio.swf" "Mozilla/5.0 (Windows NT 6.1; WOW64) AppleWebKit/534+ (KHTML, like Gecko) BingPreview/1.0b"
199.30.24.135 - - [18/May/2014:08:56:11 +0200] "GET /hirek/torta.jpg HTTP/1.1" 404 1181 "http://www.greenaction.hu/zoldakcio.swf" "Mozilla/5.0 (Windows NT 6.1; WOW64) AppleWebKit/534+ (KHTML, like Gecko) BingPreview/1.0b"
199.30.24.135 - - [18/May/2014:08:56:11 +0200] "GET /hirek/abauji.jpg HTTP/1.1" 200 21716 "http://www.greenaction.hu/zoldakcio.swf" "Mozilla/5.0 (Windows NT 6.1; WOW64) AppleWebKit/534+ (KHTML, like Gecko) BingPreview/1.0b"
199.30.24.135 - - [18/May/2014:08:56:11 +0200] "GET /hirek/paprika.jpg HTTP/1.1" 404 1181 "http://www.greenaction.hu/zoldakcio.swf" "Mozilla/5.0 (Windows NT 6.1; WOW64) AppleWebKit/534+ (KHTML, like Gecko) BingPreview/1.0b"
199.30.24.135 - - [18/May/2014:08:56:11 +0200] "GET /hirek/helyivedett.jpg HTTP/1.1" 404 1181 "http://www.greenaction.hu/zoldakcio.swf" "Mozilla/5.0 (Windows NT 6.1; WOW64) AppleWebKit/534+ (KHTML, like Gecko) BingPreview/1.0b"
199.30.24.135 - - [18/May/2014:08:56:11 +0200] "GET /hirek/biomassza2.jpg HTTP/1.1" 404 1181 "http://www.greenaction.hu/zoldakcio.swf" "Mozilla/5.0 (Windows NT 6.1; WOW64) AppleWebKit/534+ (KHTML, like Gecko) BingPreview/1.0b"
199.30.24.135 - - [18/May/2014:08:56:11 +0200] "GET /hirek/benzinpisztoly.jpg HTTP/1.1" 200 2317 "http://www.greenaction.hu/zoldakcio.swf" "Mozilla/5.0 (Windows NT 6.1; WOW64) AppleWebKit/534+ (KHTML, like Gecko) BingPreview/1.0b"
199.30.24.135 - - [18/May/2014:08:56:11 +0200] "GET /hirek/marhafej.jpg HTTP/1.1" 200 3545 "http://www.greenaction.hu/zoldakcio.swf" "Mozilla/5.0 (Windows NT 6.1; WOW64) AppleWebKit/534+ (KHTML, like Gecko) BingPreview/1.0b"
199.30.24.135 - - [18/May/2014:08:56:11 +0200] "GET /hirek/zoldseg.jpg HTTP/1.1" 404 1181 "http://www.greenaction.hu/zoldakcio.swf" "Mozilla/5.0 (Windows NT 6.1; WOW64) AppleWebKit/534+ (KHTML, like Gecko) BingPreview/1.0b"
199.30.24.135 - - [18/May/2014:08:56:11 +0200] "GET /hirek/citrom.jpg HTTP/1.1" 200 11781 "http://www.greenaction.hu/zoldakcio.swf" "Mozilla/5.0 (Windows NT 6.1; WOW64) AppleWebKit/534+ (KHTML, like Gecko) BingPreview/1.0b"
199.30.24.135 - - [18/May/2014:08:56:11 +0200] "GET /hirek/adventikoszoru.jpg HTTP/1.1" 200 5581 "http://www.greenaction.hu/zoldakcio.swf" "Mozilla/5.0 (Windows NT 6.1; WOW64) AppleWebKit/534+ (KHTML, like Gecko) BingPreview/1.0b"
199.30.24.135 - - [18/May/2014:08:56:11 +0200] "GET /hirek/naposoldal.jpg HTTP/1.1" 200 10106 "http://www.greenaction.hu/zoldakcio.swf" "Mozilla/5.0 (Windows NT 6.1; WOW64) AppleWebKit/534+ (KHTML, like Gecko) BingPreview/1.0b"
199.30.24.135 - - [18/May/2014:08:56:11 +0200] "GET /hirek/encsgyumi.jpg HTTP/1.1" 200 13077 "http://www.greenaction.hu/zoldakcio.swf" "Mozilla/5.0 (Windows NT 6.1; WOW64) AppleWebKit/534+ (KHTML, like Gecko) BingPreview/1.0b"
199.30.24.135 - - [18/May/2014:08:56:12 +0200] "GET /hirek/gmofree.gif HTTP/1.1" 404 1181 "http://www.greenaction.hu/zoldakcio.swf" "Mozilla/5.0 (Windows NT 6.1; WOW64) AppleWebKit/534+ (KHTML, like Gecko) BingPreview/1.0b"
199.30.24.135 - - [18/May/2014:08:56:12 +0200] "GET /hirek/torta.jpg HTTP/1.1" 404 1181 "http://www.greenaction.hu/zoldakcio.swf" "Mozilla/5.0 (Windows NT 6.1; WOW64) AppleWebKit/534+ (KHTML, like Gecko) BingPreview/1.0b"
199.30.24.135 - - [18/May/2014:08:56:12 +0200] "GET /hirek/encs.jpg HTTP/1.1" 200 12831 "http://www.greenaction.hu/zoldakcio.swf" "Mozilla/5.0 (Windows NT 6.1; WOW64) AppleWebKit/534+ (KHTML, like Gecko) BingPreview/1.0b"
199.30.24.135 - - [18/May/2014:08:56:12 +0200] "GET /hirek/gyurgyalag.jpg HTTP/1.1" 200 2435 "http://www.greenaction.hu/zoldakcio.swf" "Mozilla/5.0 (Windows NT 6.1; WOW64) AppleWebKit/534+ (KHTML, like Gecko) BingPreview/1.0b"
199.30.24.135 - - [18/May/2014:08:56:12 +0200] "GET /hirek/paprika.jpg HTTP/1.1" 404 1181 "http://www.greenaction.hu/zoldakcio.swf" "Mozilla/5.0 (Windows NT 6.1; WOW64) AppleWebKit/534+ (KHTML, like Gecko) BingPreview/1.0b"
199.30.24.135 - - [18/May/2014:08:56:12 +0200] "GET /hirek/terelo.jpg HTTP/1.1" 200 10975 "http://www.greenaction.hu/zoldakcio.swf" "Mozilla/5.0 (Windows NT 6.1; WOW64) AppleWebKit/534+ (KHTML, like Gecko) BingPreview/1.0b"
199.30.24.135 - - [18/May/2014:08:56:12 +0200] "GET /hirek/zoldseg.jpg HTTP/1.1" 404 1181 "http://www.greenaction.hu/zoldakcio.swf" "Mozilla/5.0 (Windows NT 6.1; WOW64) AppleWebKit/534+ (KHTML, like Gecko) BingPreview/1.0b"
199.30.24.135 - - [18/May/2014:08:56:12 +0200] "GET /hirek/varboibekak2011.jpg HTTP/1.1" 200 9200 "http://www.greenaction.hu/zoldakcio.swf" "Mozilla/5.0 (Windows NT 6.1; WOW64) AppleWebKit/534+ (KHTML, like Gecko) BingPreview/1.0b"
199.30.24.135 - - [18/May/2014:08:56:12 +0200] "GET /hirek/mctermeloipiac.jpg HTTP/1.1" 200 3752 "http://www.greenaction.hu/zoldakcio.swf" "Mozilla/5.0 (Windows NT 6.1; WOW64) AppleWebKit/534+ (KHTML, like Gecko) BingPreview/1.0b"
199.30.24.135 - - [18/May/2014:08:56:12 +0200] "GET /hirek/1%20szazalek.jpg HTTP/1.1" 200 16636 "http://www.greenaction.hu/zoldakcio.swf" "Mozilla/5.0 (Windows NT 6.1; WOW64) AppleWebKit/534+ (KHTML, like Gecko) BingPreview/1.0b"
199.30.24.135 - - [18/May/2014:08:56:12 +0200] "GET /hirek/viz.jpg HTTP/1.1" 200 2622 "http://www.greenaction.hu/zoldakcio.swf" "Mozilla/5.0 (Windows NT 6.1; WOW64) AppleWebKit/534+ (KHTML, like Gecko) BingPreview/1.0b"
199.30.24.135 - - [18/May/2014:08:56:12 +0200] "GET /hirek/encsgyumi.jpg HTTP/1.1" 200 13077 "http://www.greenaction.hu/zoldakcio.swf" "Mozilla/5.0 (Windows NT 6.1; WOW64) AppleWebKit/534+ (KHTML, like Gecko) BingPreview/1.0b"
199.30.24.135 - - [18/May/2014:08:56:12 +0200] "GET /hirek/bioszulinap2011.jpg HTTP/1.1" 200 17649 "http://www.greenaction.hu/zoldakcio.swf" "Mozilla/5.0 (Windows NT 6.1; WOW64) AppleWebKit/534+ (KHTML, like Gecko) BingPreview/1.0b"
199.30.24.135 - - [18/May/2014:08:56:12 +0200] "GET /hirek/terelo.jpg HTTP/1.1" 200 10975 "http://www.greenaction.hu/zoldakcio.swf" "Mozilla/5.0 (Windows NT 6.1; WOW64) AppleWebKit/534+ (KHTML, like Gecko) BingPreview/1.0b"
199.30.24.135 - - [18/May/2014:08:56:13 +0200] "GET /hirek/1%20szazalek.jpg HTTP/1.1" 200 16636 "http://www.greenaction.hu/zoldakcio.swf" "Mozilla/5.0 (Windows NT 6.1; WOW64) AppleWebKit/534+ (KHTML, like Gecko) BingPreview/1.0b"
199.30.24.135 - - [18/May/2014:08:56:13 +0200] "GET /hirek/viz.jpg HTTP/1.1" 200 2622 "http://www.greenaction.hu/zoldakcio.swf" "Mozilla/5.0 (Windows NT 6.1; WOW64) AppleWebKit/534+ (KHTML, like Gecko) BingPreview/1.0b"
65.55.24.244 - - [18/May/2014:08:58:25 +0200] "GET /robots.txt HTTP/1.1" 404 1181 "-" "Mozilla/5.0 (compatible; bingbot/2.0; +http://www.bing.com/bingbot.htm)"
65.55.24.244 - - [18/May/2014:08:58:25 +0200] "GET /robots.txt HTTP/1.1" 404 1181 "-" "Mozilla/5.0 (compatible; bingbot/2.0; +http://www.bing.com/bingbot.htm)"
65.55.24.244 - - [18/May/2014:08:58:26 +0200] "GET /robots.txt HTTP/1.1" 404 1181 "-" "Mozilla/5.0 (compatible; bingbot/2.0; +http://www.bing.com/bingbot.htm)"
84.0.190.121 - - [18/May/2014:09:47:38 +0200] "GET /kiadvany/nehezfemsz.jpg HTTP/1.1" 200 471461 "https://www.google.hu/" "Mozilla/5.0 (Windows NT 5.1) AppleWebKit/537.36 (KHTML, like Gecko) Chrome/34.0.1847.137 Safari/537.36"
157.55.32.80 - - [18/May/2014:10:48:48 +0200] "GET / HTTP/1.1" 200 884 "-" "Mozilla/5.0 (compatible; bingbot/2.0; +http://www.bing.com/bingbot.htm)"
66.249.64.207 - - [18/May/2014:10:52:31 +0200] "GET /aktualis_elemei/katonai_elemei/image003.jpg HTTP/1.1" 304 - "-" "Googlebot-Image/1.0"
162.210.196.100 - - [18/May/2014:11:47:14 +0200] "GET /robots.txt HTTP/1.0" 404 1181 "-" "Mozilla/5.0 (compatible; MJ12bot/v1.4.5; http://www.majestic12.co.uk/bot.php?+)"
162.210.196.100 - - [18/May/2014:11:47:16 +0200] "GET / HTTP/1.0" 200 884 "-" "Mozilla/5.0 (compatible; MJ12bot/v1.4.5; http://www.majestic12.co.uk/bot.php?+)"
66.249.64.65 - - [18/May/2014:11:48:27 +0200] "GET /robots.txt HTTP/1.1" 404 1181 "-" "Mozilla/5.0 (compatible; Googlebot/2.1; +http://www.google.com/bot.html)"
66.249.64.65 - - [18/May/2014:11:48:27 +0200] "GET / HTTP/1.1" 200 884 "-" "Mozilla/5.0 (compatible; Googlebot/2.1; +http://www.google.com/bot.html)"
78.92.138.72 - - [18/May/2014:11:59:56 +0200] "GET / HTTP/1.1" 200 884 "http://zoldkapcsolat.hu/" "Mozilla/5.0 (Windows NT 5.1; rv:29.0) Gecko/20100101 Firefox/29.0"
78.92.138.72 - - [18/May/2014:11:59:56 +0200] "GET /pattern.jpg HTTP/1.1" 200 13798 "http://greenaction.hu/" "Mozilla/5.0 (Windows NT 5.1; rv:29.0) Gecko/20100101 Firefox/29.0"
78.92.138.72 - - [18/May/2014:11:59:56 +0200] "GET /zoldakcio.swf HTTP/1.1" 200 840351 "http://greenaction.hu/" "Mozilla/5.0 (Windows NT 5.1; rv:29.0) Gecko/20100101 Firefox/29.0"
78.92.138.72 - - [18/May/2014:11:59:56 +0200] "GET /favicon.ico HTTP/1.1" 404 1181 "-" "Mozilla/5.0 (Windows NT 5.1; rv:29.0) Gecko/20100101 Firefox/29.0"
78.92.138.72 - - [18/May/2014:11:59:57 +0200] "GET /banner/norway.jpg HTTP/1.1" 200 3191 "http://greenaction.hu/zoldakcio.swf" "Mozilla/5.0 (Windows NT 5.1; rv:29.0) Gecko/20100101 Firefox/29.0"
78.92.138.72 - - [18/May/2014:11:59:57 +0200] "GET /hirek/hirek.txt HTTP/1.1" 200 96857 "http://greenaction.hu/zoldakcio.swf" "Mozilla/5.0 (Windows NT 5.1; rv:29.0) Gecko/20100101 Firefox/29.0"
78.92.138.72 - - [18/May/2014:11:59:57 +0200] "GET /esemenynaptar/SparkEventsCalendar_loadVars.txt HTTP/1.1" 200 72712 "http://greenaction.hu/zoldakcio.swf" "Mozilla/5.0 (Windows NT 5.1; rv:29.0) Gecko/20100101 Firefox/29.0"
78.92.138.72 - - [18/May/2014:11:59:57 +0200] "GET /hirek/helyivedett.jpg HTTP/1.1" 404 1181 "http://greenaction.hu/zoldakcio.swf" "Mozilla/5.0 (Windows NT 5.1; rv:29.0) Gecko/20100101 Firefox/29.0"
78.92.138.72 - - [18/May/2014:11:59:57 +0200] "GET /hirek/biomassza2.jpg HTTP/1.1" 404 1181 "http://greenaction.hu/zoldakcio.swf" "Mozilla/5.0 (Windows NT 5.1; rv:29.0) Gecko/20100101 Firefox/29.0"
78.92.138.72 - - [18/May/2014:11:59:57 +0200] "GET /hirek/kocsonyabeka.jpg HTTP/1.1" 200 4334 "http://greenaction.hu/zoldakcio.swf" "Mozilla/5.0 (Windows NT 5.1; rv:29.0) Gecko/20100101 Firefox/29.0"
78.92.138.72 - - [18/May/2014:11:59:57 +0200] "GET /hirek/nullahullakovesd%20011.jpg HTTP/1.1" 200 8674 "http://greenaction.hu/zoldakcio.swf" "Mozilla/5.0 (Windows NT 5.1; rv:29.0) Gecko/20100101 Firefox/29.0"
78.92.138.72 - - [18/May/2014:11:59:57 +0200] "GET /hirek/gmokrumpli.jpg HTTP/1.1" 200 9110 "http://greenaction.hu/zoldakcio.swf" "Mozilla/5.0 (Windows NT 5.1; rv:29.0) Gecko/20100101 Firefox/29.0"
78.92.138.72 - - [18/May/2014:11:59:57 +0200] "GET /hirek/programindito.jpg HTTP/1.1" 200 6594 "http://greenaction.hu/zoldakcio.swf" "Mozilla/5.0 (Windows NT 5.1; rv:29.0) Gecko/20100101 Firefox/29.0"
78.92.138.72 - - [18/May/2014:11:59:57 +0200] "GET /hirek/beno.jpg HTTP/1.1" 200 2623 "http://greenaction.hu/zoldakcio.swf" "Mozilla/5.0 (Windows NT 5.1; rv:29.0) Gecko/20100101 Firefox/29.0"
78.92.138.72 - - [18/May/2014:11:59:57 +0200] "GET /hirek/biomassza_forum.jpg HTTP/1.1" 200 6616 "http://greenaction.hu/zoldakcio.swf" "Mozilla/5.0 (Windows NT 5.1; rv:29.0) Gecko/20100101 Firefox/29.0"
78.92.138.72 - - [18/May/2014:11:59:57 +0200] "GET /hirek/gmofree.gif HTTP/1.1" 404 1181 "http://greenaction.hu/zoldakcio.swf" "Mozilla/5.0 (Windows NT 5.1; rv:29.0) Gecko/20100101 Firefox/29.0"
78.92.138.72 - - [18/May/2014:11:59:57 +0200] "GET /hirek/foldnap2010.jpg HTTP/1.1" 200 7191 "http://greenaction.hu/zoldakcio.swf" "Mozilla/5.0 (Windows NT 5.1; rv:29.0) Gecko/20100101 Firefox/29.0"
78.92.138.72 - - [18/May/2014:11:59:57 +0200] "GET /hirek/foldnapja.jpg HTTP/1.1" 200 4081 "http://greenaction.hu/zoldakcio.swf" "Mozilla/5.0 (Windows NT 5.1; rv:29.0) Gecko/20100101 Firefox/29.0"
78.92.138.72 - - [18/May/2014:11:59:57 +0200] "GET /hirek/torta.jpg HTTP/1.1" 404 1181 "http://greenaction.hu/zoldakcio.swf" "Mozilla/5.0 (Windows NT 5.1; rv:29.0) Gecko/20100101 Firefox/29.0"
78.92.138.72 - - [18/May/2014:11:59:57 +0200] "GET /hirek/gmoevo.jpg HTTP/1.1" 200 2951 "http://greenaction.hu/zoldakcio.swf" "Mozilla/5.0 (Windows NT 5.1; rv:29.0) Gecko/20100101 Firefox/29.0"
78.92.138.72 - - [18/May/2014:11:59:57 +0200] "GET /hirek/paprika.jpg HTTP/1.1" 404 1181 "http://greenaction.hu/zoldakcio.swf" "Mozilla/5.0 (Windows NT 5.1; rv:29.0) Gecko/20100101 Firefox/29.0"
78.92.138.72 - - [18/May/2014:11:59:57 +0200] "GET /hirek/benzinpisztoly.jpg HTTP/1.1" 200 2317 "http://greenaction.hu/zoldakcio.swf" "Mozilla/5.0 (Windows NT 5.1; rv:29.0) Gecko/20100101 Firefox/29.0"
78.92.138.72 - - [18/May/2014:11:59:57 +0200] "GET /hirek/zoldseg.jpg HTTP/1.1" 404 1181 "http://greenaction.hu/zoldakcio.swf" "Mozilla/5.0 (Windows NT 5.1; rv:29.0) Gecko/20100101 Firefox/29.0"
78.92.138.72 - - [18/May/2014:11:59:57 +0200] "GET /hirek/abauji.jpg HTTP/1.1" 200 21716 "http://greenaction.hu/zoldakcio.swf" "Mozilla/5.0 (Windows NT 5.1; rv:29.0) Gecko/20100101 Firefox/29.0"
78.92.138.72 - - [18/May/2014:11:59:57 +0200] "GET /hirek/marhafej.jpg HTTP/1.1" 200 3545 "http://greenaction.hu/zoldakcio.swf" "Mozilla/5.0 (Windows NT 5.1; rv:29.0) Gecko/20100101 Firefox/29.0"
78.92.138.72 - - [18/May/2014:11:59:57 +0200] "GET /hirek/citrom.jpg HTTP/1.1" 200 11781 "http://greenaction.hu/zoldakcio.swf" "Mozilla/5.0 (Windows NT 5.1; rv:29.0) Gecko/20100101 Firefox/29.0"
78.92.138.72 - - [18/May/2014:11:59:57 +0200] "GET /hirek/adventikoszoru.jpg HTTP/1.1" 200 5581 "http://greenaction.hu/zoldakcio.swf" "Mozilla/5.0 (Windows NT 5.1; rv:29.0) Gecko/20100101 Firefox/29.0"
78.92.138.72 - - [18/May/2014:11:59:57 +0200] "GET /hirek/encsgyumi.jpg HTTP/1.1" 200 13077 "http://greenaction.hu/zoldakcio.swf" "Mozilla/5.0 (Windows NT 5.1; rv:29.0) Gecko/20100101 Firefox/29.0"
78.92.138.72 - - [18/May/2014:11:59:57 +0200] "GET /hirek/naposoldal.jpg HTTP/1.1" 200 10106 "http://greenaction.hu/zoldakcio.swf" "Mozilla/5.0 (Windows NT 5.1; rv:29.0) Gecko/20100101 Firefox/29.0"
78.92.138.72 - - [18/May/2014:11:59:57 +0200] "GET /hirek/gyurgyalag.jpg HTTP/1.1" 200 2435 "http://greenaction.hu/zoldakcio.swf" "Mozilla/5.0 (Windows NT 5.1; rv:29.0) Gecko/20100101 Firefox/29.0"
78.92.138.72 - - [18/May/2014:11:59:57 +0200] "GET /hirek/encs.jpg HTTP/1.1" 200 12831 "http://greenaction.hu/zoldakcio.swf" "Mozilla/5.0 (Windows NT 5.1; rv:29.0) Gecko/20100101 Firefox/29.0"
78.92.138.72 - - [18/May/2014:11:59:57 +0200] "GET /hirek/terelo.jpg HTTP/1.1" 200 10975 "http://greenaction.hu/zoldakcio.swf" "Mozilla/5.0 (Windows NT 5.1; rv:29.0) Gecko/20100101 Firefox/29.0"
78.92.138.72 - - [18/May/2014:11:59:57 +0200] "GET /hirek/varboibekak2011.jpg HTTP/1.1" 200 9200 "http://greenaction.hu/zoldakcio.swf" "Mozilla/5.0 (Windows NT 5.1; rv:29.0) Gecko/20100101 Firefox/29.0"
78.92.138.72 - - [18/May/2014:11:59:57 +0200] "GET /hirek/1%20szazalek.jpg HTTP/1.1" 200 16636 "http://greenaction.hu/zoldakcio.swf" "Mozilla/5.0 (Windows NT 5.1; rv:29.0) Gecko/20100101 Firefox/29.0"
78.92.138.72 - - [18/May/2014:11:59:57 +0200] "GET /hirek/bioszulinap2011.jpg HTTP/1.1" 200 17649 "http://greenaction.hu/zoldakcio.swf" "Mozilla/5.0 (Windows NT 5.1; rv:29.0) Gecko/20100101 Firefox/29.0"
78.92.138.72 - - [18/May/2014:11:59:57 +0200] "GET /hirek/mctermeloipiac.jpg HTTP/1.1" 200 3752 "http://greenaction.hu/zoldakcio.swf" "Mozilla/5.0 (Windows NT 5.1; rv:29.0) Gecko/20100101 Firefox/29.0"
78.92.138.72 - - [18/May/2014:11:59:57 +0200] "GET /hirek/viz.jpg HTTP/1.1" 200 2622 "http://greenaction.hu/zoldakcio.swf" "Mozilla/5.0 (Windows NT 5.1; rv:29.0) Gecko/20100101 Firefox/29.0"
194.28.172.195 - - [18/May/2014:12:41:22 +0200] "GET / HTTP/1.0" 200 884 "-" "-"
194.28.172.195 - - [18/May/2014:12:41:23 +0200] "GET /wp-login.php HTTP/1.0" 404 1181 "-" "-"
194.28.172.195 - - [18/May/2014:12:41:23 +0200] "GET /administrator/index.php HTTP/1.0" 404 1181 "-" "-"
46.19.227.252 - - [18/May/2014:14:47:37 +0200] "GET /kiadvany/agrark.pdf' HTTP/1.0" 404 1181 "-" "Mozilla/4.0 (compatible; Synapse)"
114.253.35.128 - - [18/May/2014:15:08:21 +0200] "GET / HTTP/1.1" 200 884 "-" "Python-urllib/2.7"
85.214.138.248 - - [18/May/2014:15:53:29 +0200] "GET / HTTP/1.1" 200 884 "http://www.loadtime.net/website/www.greenaction.hu" "Mozilla/5.0 (compatible; LoadTimeBot/0.9; +http://www.loadtime.net/bot.html)"
84.2.48.195 - - [18/May/2014:15:54:34 +0200] "GET /aktualis_elemei/katonai_elemei/image003.jpg HTTP/1.1" 200 88392 "-" "Mozilla/5.0 (Linux; U; Android 4.1.2; hu-hu; GT-N8000 Build/JZO54K) AppleWebKit/534.30 (KHTML, like Gecko) Version/4.0 Safari/534.30 GSA/3.3.11.1069658.arm"
65.55.52.97 - - [18/May/2014:15:55:33 +0200] "GET /aktualis_elemei/baloghjanos.html HTTP/1.1" 200 15294 "-" "Mozilla/5.0 (compatible; bingbot/2.0; +http://www.bing.com/bingbot.htm)"
157.55.33.251 - - [18/May/2014:15:59:56 +0200] "GET /kiadvany/miskolchvte.pdf HTTP/1.1" 200 34651 "-" "Mozilla/5.0 (compatible; bingbot/2.0; +http://www.bing.com/bingbot.htm)"
157.55.33.251 - - [18/May/2014:15:59:57 +0200] "GET /aktualis_elemei/ausztriaut.html HTTP/1.1" 200 73702 "-" "Mozilla/5.0 (compatible; bingbot/2.0; +http://www.bing.com/bingbot.htm)"
157.55.33.251 - - [18/May/2014:16:01:16 +0200] "GET /kiadvanyaink.html HTTP/1.1" 200 4921 "-" "Mozilla/5.0 (compatible; bingbot/2.0; +http://www.bing.com/bingbot.htm)"
157.56.92.148 - - [18/May/2014:16:02:58 +0200] "GET /stab.html HTTP/1.1" 200 8653 "-" "Mozilla/5.0 (compatible; bingbot/2.0; +http://www.bing.com/bingbot.htm)"
157.55.32.86 - - [18/May/2014:16:08:16 +0200] "GET /aktualis_elemei/bbbekagyar.html HTTP/1.1" 200 11951 "-" "Mozilla/5.0 (compatible; bingbot/2.0; +http://www.bing.com/bingbot.htm)"
157.55.32.86 - - [18/May/2014:16:08:17 +0200] "GET /aktualis_elemei/3.%20bioszulinap.html HTTP/1.1" 200 19660 "-" "Mozilla/5.0 (compatible; bingbot/2.0; +http://www.bing.com/bingbot.htm)"
81.182.114.222 - - [18/May/2014:16:50:14 +0200] "GET /aktualis_elemei/bio2szulinap_elemei/image052.jpg HTTP/1.1" 200 11533 "https://www.google.hu/" "Mozilla/5.0 (Windows NT 6.2; WOW64) AppleWebKit/537.36 (KHTML, like Gecko) Chrome/34.0.1847.137 Safari/537.36"
81.183.134.6 - - [18/May/2014:16:53:32 +0200] "GET /aktualis_elemei/bio2szulinap_elemei/image110.jpg HTTP/1.1" 200 8760 "-" "Mozilla/5.0 (Windows NT 6.1; WOW64; rv:29.0) Gecko/20100101 Firefox/29.0"
178.255.215.79 - - [18/May/2014:17:13:03 +0200] "GET / HTTP/1.1" 200 884 "-" "Mozilla/5.0 (compatible; Exabot/3.0; +http://www.exabot.com/go/robot)"
78.139.40.107 - - [18/May/2014:17:14:33 +0200] "GET /archiv_elemei/image020.jpg HTTP/1.1" 200 7898 "-" "Mozilla/5.0 (Windows NT 6.1; Trident/7.0; rv:11.0) like Gecko"
66.249.65.136 - - [18/May/2014:17:24:27 +0200] "GET /robots.txt HTTP/1.1" 404 1181 "-" "Mozilla/5.0 (compatible; Googlebot/2.1; +http://www.google.com/bot.html)"
66.249.65.149 - - [18/May/2014:17:24:27 +0200] "GET / HTTP/1.1" 200 884 "-" "Mozilla/5.0 (iPhone; CPU iPhone OS 6_0 like Mac OS X) AppleWebKit/536.26 (KHTML, like Gecko) Version/6.0 Mobile/10A5376e Safari/8536.25 (compatible; Googlebot/2.1; +http://www.google.com/bot.html)"
66.249.65.211 - - [18/May/2014:17:31:19 +0200] "GET /robots.txt HTTP/1.1" 404 1181 "-" "Mozilla/5.0 (compatible; Googlebot/2.1; +http://www.google.com/bot.html)"
66.249.65.224 - - [18/May/2014:17:31:20 +0200] "GET /aktualis_elemei/bparak0929.html HTTP/1.1" 304 - "-" "Mozilla/5.0 (compatible; Googlebot/2.1; +http://www.google.com/bot.html)"
31.46.250.209 - - [18/May/2014:17:42:56 +0200] "GET /aktualis_elemei/bekamentes_elemei/image003.jpg HTTP/1.1" 200 18979 "-" "Mozilla/5.0 (Windows NT 5.1; rv:29.0) Gecko/20100101 Firefox/29.0"
84.232.237.39 - - [18/May/2014:17:49:39 +0200] "GET /aktualis_elemei/bekamentes_elemei/image003.jpg HTTP/1.1" 200 18979 "http://www.google.hu/blank.html" "Mozilla/5.0 (Windows NT 6.1; WOW64) AppleWebKit/537.36 (KHTML, like Gecko) Chrome/28.0.1500.71 Safari/537.36 OPR/15.0.1147.138"
66.249.65.198 - - [18/May/2014:18:25:09 +0200] "GET /hirek/hirek.txt HTTP/1.1" 304 - "-" "Mozilla/5.0 (compatible; Googlebot/2.1; +http://www.google.com/bot.html)"
216.244.83.168 - - [18/May/2014:19:14:18 +0200] "GET / HTTP/1.1" 200 884 "-" "-"
148.251.69.136 - - [18/May/2014:19:23:10 +0200] "GET /kiadvany/miskolchvte.pdf HTTP/1.1" 200 4059249 "-" "Mozilla/5.0 (Macintosh; Intel Mac OS X 10_7_5) AppleWebKit/537.36 (KHTML, like Gecko) Chrome/27.0.1453.93 Safari/537.36"
93.186.202.198 - - [18/May/2014:19:23:15 +0200] "GET /kiadvany/miskolchvte.pdf HTTP/1.1" 200 3563579 "-" "Mozilla/5.0 (Windows NT 6.1; WOW64; rv:21.0) Gecko/20130330 Firefox/21.0"
66.249.65.224 - - [18/May/2014:19:36:09 +0200] "GET /archiv_elemei/bparak0915.html HTTP/1.1" 304 - "-" "Mozilla/5.0 (compatible; Googlebot/2.1; +http://www.google.com/bot.html)"
78.131.69.252 - - [18/May/2014:20:06:01 +0200] "GET /aktualis_elemei/bio2szulinap_elemei/image116.jpg HTTP/1.1" 200 9709 "-" "Mozilla/5.0 (Windows NT 5.1; rv:29.0) Gecko/20100101 Firefox/29.0"
86.125.244.3 - - [18/May/2014:20:17:27 +0200] "GET / HTTP/1.1" 200 884 "-" "-"
66.249.65.224 - - [18/May/2014:20:19:28 +0200] "GET /aktualis_elemei/ausztriaut.html HTTP/1.1" 304 - "-" "Mozilla/5.0 (compatible; Googlebot/2.1; +http://www.google.com/bot.html)"
192.34.109.230 - - [18/May/2014:21:07:10 +0200] "GET / HTTP/1.1" 200 884 "-" "-"
62.165.196.138 - - [18/May/2014:21:11:58 +0200] "GET /kiadvany/miskolchvte.pdf HTTP/1.1" 206 32768 "http://www.greenaction.hu/kiadvany/miskolchvte.pdf" "Mozilla/5.0 (Windows NT 6.1) AppleWebKit/537.36 (KHTML, like Gecko) Chrome/34.0.1847.137 Safari/537.36"
62.165.196.138 - - [18/May/2014:21:11:59 +0200] "GET /kiadvany/miskolchvte.pdf HTTP/1.1" 200 491520 "http://www.zoldinfolanc.hu/doksik/miskolc/elovilag/Elovilagtaj4" "Mozilla/5.0 (Windows NT 6.1) AppleWebKit/537.36 (KHTML, like Gecko) Chrome/34.0.1847.137 Safari/537.36"
62.165.196.138 - - [18/May/2014:21:11:59 +0200] "GET /favicon.ico HTTP/1.1" 404 1181 "-" "Mozilla/5.0 (Windows NT 6.1) AppleWebKit/537.36 (KHTML, like Gecko) Chrome/34.0.1847.137 Safari/537.36"
62.165.196.138 - - [18/May/2014:21:12:00 +0200] "GET /kiadvany/miskolchvte.pdf HTTP/1.1" 206 4026481 "http://www.greenaction.hu/kiadvany/miskolchvte.pdf" "Mozilla/5.0 (Windows NT 6.1) AppleWebKit/537.36 (KHTML, like Gecko) Chrome/34.0.1847.137 Safari/537.36"
66.249.65.198 - - [18/May/2014:21:31:44 +0200] "GET /aktualis_elemei/baloghjanos.html HTTP/1.1" 200 15294 "-" "Mozilla/5.0 (compatible; Googlebot/2.1; +http://www.google.com/bot.html)"
86.59.144.160 - - [18/May/2014:21:35:22 +0200] "GET /aktualis_elemei/lazadasatanyerodban.html HTTP/1.1" 200 14406 "https://www.google.hu/" "Mozilla/5.0 (Windows NT 6.1) AppleWebKit/537.36 (KHTML, like Gecko) Chrome/34.0.1847.137 Safari/537.36"
86.59.144.160 - - [18/May/2014:21:35:24 +0200] "GET /aktualis_elemei/lazadasatanyerodban_elemei/image003.jpg HTTP/1.1" 200 7230 "http://www.greenaction.hu/aktualis_elemei/lazadasatanyerodban.html" "Mozilla/5.0 (Windows NT 6.1) AppleWebKit/537.36 (KHTML, like Gecko) Chrome/34.0.1847.137 Safari/537.36"
86.59.144.160 - - [18/May/2014:21:35:24 +0200] "GET /aktualis_elemei/lazadasatanyerodban_elemei/image001.jpg HTTP/1.1" 200 5665 "http://www.greenaction.hu/aktualis_elemei/lazadasatanyerodban.html" "Mozilla/5.0 (Windows NT 6.1) AppleWebKit/537.36 (KHTML, like Gecko) Chrome/34.0.1847.137 Safari/537.36"
86.59.144.160 - - [18/May/2014:21:35:25 +0200] "GET /aktualis_elemei/lazadasatanyerodban_elemei/image004.jpg HTTP/1.1" 200 5765 "http://www.greenaction.hu/aktualis_elemei/lazadasatanyerodban.html" "Mozilla/5.0 (Windows NT 6.1) AppleWebKit/537.36 (KHTML, like Gecko) Chrome/34.0.1847.137 Safari/537.36"
86.59.144.160 - - [18/May/2014:21:35:27 +0200] "GET /favicon.ico HTTP/1.1" 404 1181 "-" "Mozilla/5.0 (Windows NT 6.1) AppleWebKit/537.36 (KHTML, like Gecko) Chrome/34.0.1847.137 Safari/537.36"
157.55.33.28 - - [18/May/2014:22:11:42 +0200] "GET /robots.txt HTTP/1.1" 404 1181 "-" "Mozilla/5.0 (compatible; bingbot/2.0; +http://www.bing.com/bingbot.htm)"
66.249.65.224 - - [18/May/2014:22:20:21 +0200] "GET / HTTP/1.1" 304 - "-" "Mozilla/5.0 (compatible; Googlebot/2.1; +http://www.google.com/bot.html)"
157.55.33.28 - - [18/May/2014:22:21:02 +0200] "GET / HTTP/1.1" 200 884 "-" "Mozilla/5.0 (compatible; bingbot/2.0; +http://www.bing.com/bingbot.htm)"
37.58.100.133 - - [18/May/2014:22:52:53 +0200] "GET /robots.txt HTTP/1.1" 404 1181 "-" "Mozilla/5.0 (compatible; AhrefsBot/5.0; +http://ahrefs.com/robot/)"
66.249.65.224 - - [18/May/2014:22:55:49 +0200] "GET /aktualis_elemei/bioarak%2009.07.html HTTP/1.1" 304 - "-" "Mozilla/5.0 (compatible; Googlebot/2.1; +http://www.google.com/bot.html)"
66.249.65.224 - - [18/May/2014:23:45:45 +0200] "GET /kiadvany/miabio.pdf HTTP/1.1" 304 - "-" "Mozilla/5.0 (compatible; Googlebot/2.1; +http://www.google.com/bot.html)"
157.55.33.28 - - [18/May/2014:23:54:06 +0200] "GET /robots.txt HTTP/1.1" 404 1181 "-" "Mozilla/5.0 (compatible; bingbot/2.0; +http://www.bing.com/bingbot.htm)"
66.249.65.211 - - [18/May/2014:23:57:35 +0200] "GET /archiv_elemei/sportligettc.html HTTP/1.1" 200 9194 "-" "Mozilla/5.0 (compatible; Googlebot/2.1; +http://www.google.com/bot.html)"
77.251.104.35 - - [19/May/2014:00:01:19 +0200] "GET / HTTP/1.1" 200 884 "-" "Java/1.6.0_17"
157.55.33.28 - - [19/May/2014:00:04:47 +0200] "GET /aktualis_elemei/bio2szulinap.html HTTP/1.1" 304 - "-" "Mozilla/5.0 (compatible; bingbot/2.0; +http://www.bing.com/bingbot.htm)"
66.249.65.224 - - [19/May/2014:00:25:10 +0200] "GET /aktualis_elemei/katonai.html HTTP/1.1" 304 - "-" "Mozilla/5.0 (compatible; Googlebot/2.1; +http://www.google.com/bot.html)"
66.249.65.198 - - [19/May/2014:01:00:37 +0200] "GET /archiv_elemei/belvarostc.html HTTP/1.1" 200 12601 "-" "Mozilla/5.0 (compatible; Googlebot/2.1; +http://www.google.com/bot.html)"
64.34.157.70 - - [19/May/2014:01:01:06 +0200] "GET / HTTP/1.0" 200 884 "-" "-"
64.34.157.70 - - [19/May/2014:01:01:06 +0200] "GET /wp-login.php HTTP/1.0" 404 1181 "-" "-"
64.34.157.70 - - [19/May/2014:01:01:06 +0200] "GET /administrator/index.php HTTP/1.0" 404 1181 "-" "-"
157.55.35.81 - - [19/May/2014:01:02:38 +0200] "GET /kiadvany/riport.pdf HTTP/1.1" 200 1048785 "-" "Mozilla/5.0 (compatible; bingbot/2.0; +http://www.bing.com/bingbot.htm)"
66.249.65.224 - - [19/May/2014:02:02:24 +0200] "GET /archiv_elemei/veszhullgytc.html HTTP/1.1" 200 16844 "-" "Mozilla/5.0 (compatible; Googlebot/2.1; +http://www.google.com/bot.html)"
66.249.65.224 - - [19/May/2014:02:06:19 +0200] "GET /aktualis_elemei/fnhv.html HTTP/1.1" 304 - "-" "Mozilla/5.0 (compatible; Googlebot/2.1; +http://www.google.com/bot.html)"
66.249.65.211 - - [19/May/2014:03:00:14 +0200] "GET /zoldakcio.swf HTTP/1.1" 200 840351 "-" "Mozilla/5.0 (compatible; Googlebot/2.1; +http://www.google.com/bot.html)"
66.249.65.198 - - [19/May/2014:03:15:58 +0200] "GET /aktualis_elemei/belvarosi%20biovasar%20arai%202007.%20tel.doc HTTP/1.1" 304 - "-" "Mozilla/5.0 (compatible; Googlebot/2.1; +http://www.google.com/bot.html)"
157.55.33.28 - - [19/May/2014:03:51:40 +0200] "GET / HTTP/1.1" 200 884 "-" "Mozilla/5.0 (compatible; bingbot/2.0; +http://www.bing.com/bingbot.htm)"
66.249.65.211 - - [19/May/2014:04:00:39 +0200] "GET /aktualis_elemei/bekamentes.html HTTP/1.1" 304 - "-" "Mozilla/5.0 (compatible; Googlebot/2.1; +http://www.google.com/bot.html)"
180.76.5.167 - - [19/May/2014:04:10:18 +0200] "GET / HTTP/1.1" 200 884 "-" "Mozilla/5.0 (compatible; Baiduspider/2.0; +http://www.baidu.com/search/spider.html)"
5.255.253.60 - - [19/May/2014:04:13:28 +0200] "GET /robots.txt HTTP/1.1" 404 1181 "-" "Mozilla/5.0 (compatible; YandexBot/3.0; +http://yandex.com/bots)"
5.255.253.60 - - [19/May/2014:04:13:28 +0200] "GET /robots.txt HTTP/1.1" 404 1181 "-" "Mozilla/5.0 (compatible; YandexBot/3.0; +http://yandex.com/bots)"
5.255.253.60 - - [19/May/2014:04:13:30 +0200] "GET / HTTP/1.1" 200 884 "-" "Mozilla/5.0 (compatible; YandexBot/3.0; +http://yandex.com/bots)"
5.255.253.60 - - [19/May/2014:04:13:31 +0200] "GET / HTTP/1.1" 200 884 "-" "Mozilla/5.0 (compatible; YandexBot/3.0; +http://yandex.com/bots)"
5.255.253.60 - - [19/May/2014:04:13:35 +0200] "GET /zoldakcio.swf HTTP/1.1" 200 840351 "-" "Mozilla/5.0 (compatible; YandexBot/3.0; +http://yandex.com/bots)"
5.255.253.60 - - [19/May/2014:04:13:36 +0200] "GET /zoldakcio.swf HTTP/1.1" 200 840351 "-" "Mozilla/5.0 (compatible; YandexBot/3.0; +http://yandex.com/bots)"
5.255.253.60 - - [19/May/2014:04:13:37 +0200] "GET / HTTP/1.1" 200 884 "-" "Mozilla/5.0 (compatible; YandexBot/3.0; +http://yandex.com/bots)"
5.255.253.60 - - [19/May/2014:04:13:38 +0200] "GET / HTTP/1.1" 200 884 "-" "Mozilla/5.0 (compatible; YandexBot/3.0; +http://yandex.com/bots)"
46.246.34.172 - - [19/May/2014:04:56:47 +0200] "GET / HTTP/1.1" 200 884 "http://greenaction.hu" "Mozilla/5.0 (X11; Linux x86_64) AppleWebKit/537.31 (KHTML, like Gecko) Chrome/26.0.1410.63 Safari/537.31"
46.246.34.172 - - [19/May/2014:04:56:47 +0200] "GET /?action=register HTTP/1.1" 200 884 "http://greenaction.hu" "Mozilla/5.0 (X11; Linux x86_64) AppleWebKit/537.31 (KHTML, like Gecko) Chrome/26.0.1410.63 Safari/537.31"
162.252.87.120 - - [19/May/2014:05:00:49 +0200] "GET / HTTP/1.1" 200 884 "-" "Mozilla/5.0 (X11; U; Linux i686; en-US; rv:1.6) Gecko/20050614 Firefox/0.8"
66.249.65.211 - - [19/May/2014:05:08:59 +0200] "GET /kiadvanyaink.html HTTP/1.1" 304 - "-" "Mozilla/5.0 (compatible; Googlebot/2.1; +http://www.google.com/bot.html)"
66.249.65.198 - - [19/May/2014:05:37:24 +0200] "GET /robots.txt HTTP/1.1" 404 1181 "-" "Mozilla/5.0 (compatible; Googlebot/2.1; +http://www.google.com/bot.html)"
66.249.65.224 - - [19/May/2014:05:37:24 +0200] "GET /hirek/fn_reszletes.pdf HTTP/1.1" 304 - "-" "Mozilla/5.0 (compatible; Googlebot/2.1; +http://www.google.com/bot.html)"
66.249.65.198 - - [19/May/2014:06:05:27 +0200] "GET /archiv.html HTTP/1.1" 304 - "-" "Mozilla/5.0 (compatible; Googlebot/2.1; +http://www.google.com/bot.html)"
66.249.65.211 - - [19/May/2014:06:19:48 +0200] "GET / HTTP/1.1" 200 884 "-" "Mozilla/5.0 (iPhone; CPU iPhone OS 6_0 like Mac OS X) AppleWebKit/536.26 (KHTML, like Gecko) Version/6.0 Mobile/10A5376e Safari/8536.25 (compatible; Googlebot/2.1; +http://www.google.com/bot.html)"
66.249.65.198 - - [19/May/2014:06:34:46 +0200] "GET / HTTP/1.1" 304 - "-" "Mozilla/5.0 (compatible; Googlebot/2.1; +http://www.google.com/bot.html)"
66.249.65.224 - - [19/May/2014:06:56:36 +0200] "GET /aktualis_elemei/fnhv.html HTTP/1.1" 304 - "-" "Mozilla/5.0 (compatible; Googlebot/2.1; +http://www.google.com/bot.html)"
66.249.65.198 - - [19/May/2014:08:08:21 +0200] "GET /kiadvany/miabio.pdf HTTP/1.1" 304 - "-" "Mozilla/5.0 (compatible; Googlebot/2.1; +http://www.google.com/bot.html)"
77.111.91.73 - - [19/May/2014:08:31:03 +0200] "GET / HTTP/1.1" 200 884 "-" "Firefox"
83.149.126.98 - - [19/May/2014:08:48:43 +0200] "GET /robots.txt HTTP/1.0" 404 1181 "-" "Mozilla/5.0 (compatible; MJ12bot/v1.4.5; http://www.majestic12.co.uk/bot.php?+)"
83.149.126.98 - - [19/May/2014:08:48:45 +0200] "GET / HTTP/1.0" 200 884 "-" "Mozilla/5.0 (compatible; MJ12bot/v1.4.5; http://www.majestic12.co.uk/bot.php?+)"
66.249.65.211 - - [19/May/2014:09:02:01 +0200] "GET /aktualis_elemei/katonai.html HTTP/1.1" 304 - "-" "Mozilla/5.0 (compatible; Googlebot/2.1; +http://www.google.com/bot.html)"
205.237.88.145 - - [19/May/2014:09:29:01 +0200] "GET / HTTP/1.0" 200 884 "-" "=Mozilla/5.0 (Windows; U; Windows NT 6.1; en-US) AppleWebKit/534.16 (KHTML, like Gecko) Chrome/10.0.648.204 Safari/534.16"
157.56.93.150 - - [19/May/2014:10:50:29 +0200] "GET /robots.txt HTTP/1.1" 404 1181 "-" "Mozilla/5.0 (compatible; bingbot/2.0; +http://www.bing.com/bingbot.htm)"
157.56.93.150 - - [19/May/2014:11:19:10 +0200] "GET / HTTP/1.1" 200 884 "-" "Mozilla/5.0 (compatible; bingbot/2.0; +http://www.bing.com/bingbot.htm)"
157.56.93.150 - - [19/May/2014:11:19:14 +0200] "GET /zoldakcio.swf HTTP/1.1" 200 840351 "-" "Mozilla/5.0 (compatible; bingbot/2.0; +http://www.bing.com/bingbot.htm)"
195.199.24.198 - - [19/May/2014:11:23:49 +0200] "GET /aktualis_elemei/katonai_elemei/image003.jpg HTTP/1.1" 200 88392 "https://www.google.com/" "Mozilla/5.0 (Windows NT 5.1) AppleWebKit/537.36 (KHTML, like Gecko) Chrome/34.0.1847.137 Safari/537.36"
188.143.19.196 - - [19/May/2014:12:07:03 +0200] "GET /browserconfig.xml HTTP/1.1" 404 1181 "-" "Mozilla/5.0 (Windows NT 6.3; Win64; x64; Trident/7.0; rv:11.0) like Gecko"
5.255.253.60 - - [19/May/2014:13:17:46 +0200] "GET /zoldakcio.swf HTTP/1.1" 200 840351 "-" "Mozilla/5.0 (compatible; YandexBot/3.0; +http://yandex.com/bots)"
84.1.165.92 - - [19/May/2014:13:22:55 +0200] "GET /aktualis_elemei/katonai_elemei/image004.jpg HTTP/1.1" 200 56554 "https://www.google.hu/" "Mozilla/5.0 (Windows NT 5.1) AppleWebKit/537.36 (KHTML, like Gecko) Chrome/34.0.1847.137 Safari/537.36"
81.152.13.0 - - [19/May/2014:14:20:59 +0200] "GET /robots.txt HTTP/1.0" 404 1181 "-" "Mozilla/5.0 (compatible; MJ12bot/v1.4.5; http://www.majestic12.co.uk/bot.php?+)"
81.152.13.0 - - [19/May/2014:14:21:00 +0200] "GET / HTTP/1.0" 200 884 "-" "Mozilla/5.0 (compatible; MJ12bot/v1.4.5; http://www.majestic12.co.uk/bot.php?+)"
37.58.100.81 - - [19/May/2014:14:33:04 +0200] "GET /aktualis_elemei/biokutatas.html HTTP/1.1" 200 6334 "-" "Mozilla/5.0 (compatible; AhrefsBot/5.0; +http://ahrefs.com/robot/)"
180.76.5.61 - - [19/May/2014:15:14:24 +0200] "GET / HTTP/1.1" 200 884 "-" "Mozilla/5.0 (compatible; Baiduspider/2.0; +http://www.baidu.com/search/spider.html)"
157.55.35.117 - - [19/May/2014:16:37:47 +0200] "GET / HTTP/1.1" 200 884 "-" "Mozilla/5.0 (compatible; bingbot/2.0; +http://www.bing.com/bingbot.htm)"
66.249.70.114 - - [19/May/2014:17:10:54 +0200] "GET /robots.txt HTTP/1.1" 404 1181 "-" "Mozilla/5.0 (compatible; Googlebot/2.1; +http://www.google.com/bot.html)"
66.249.70.114 - - [19/May/2014:17:10:55 +0200] "GET /aktualis_elemei/katonai_elemei/image002.jpg HTTP/1.1" 304 - "-" "Googlebot-Image/1.0"
85.66.106.122 - - [19/May/2014:17:26:19 +0200] "GET /aktualis_elemei/bio2szulinap_elemei/image122.jpg HTTP/1.1" 200 8543 "-" "Mozilla/5.0 (Windows NT 6.1; rv:29.0) Gecko/20100101 Firefox/29.0"
