37.76.14.48 - - [23/Aug/2014:21:28:02 +0200] "GET /aktualis_elemei/bio2szulinap_elemei/image062.jpg HTTP/1.1" 200 10742 "http://www.greenaction.hu/aktualis_elemei/bio2szulinap.html" "Mozilla/5.0 (Linux; U; Android 4.0.3; hu-hu; MediaPad 7 Lite Build/HuaweiMediaPad) AppleWebKit/534.30 (KHTML, like Gecko) Version/4.0 Safari/534.30"
37.76.14.48 - - [23/Aug/2014:21:28:02 +0200] "GET /aktualis_elemei/bio2szulinap_elemei/image064.jpg HTTP/1.1" 200 12049 "http://www.greenaction.hu/aktualis_elemei/bio2szulinap.html" "Mozilla/5.0 (Linux; U; Android 4.0.3; hu-hu; MediaPad 7 Lite Build/HuaweiMediaPad) AppleWebKit/534.30 (KHTML, like Gecko) Version/4.0 Safari/534.30"
37.76.14.48 - - [23/Aug/2014:21:28:02 +0200] "GET /aktualis_elemei/bio2szulinap_elemei/image066.jpg HTTP/1.1" 200 9626 "http://www.greenaction.hu/aktualis_elemei/bio2szulinap.html" "Mozilla/5.0 (Linux; U; Android 4.0.3; hu-hu; MediaPad 7 Lite Build/HuaweiMediaPad) AppleWebKit/534.30 (KHTML, like Gecko) Version/4.0 Safari/534.30"
37.76.14.48 - - [23/Aug/2014:21:28:02 +0200] "GET /aktualis_elemei/bio2szulinap_elemei/image068.jpg HTTP/1.1" 200 7021 "http://www.greenaction.hu/aktualis_elemei/bio2szulinap.html" "Mozilla/5.0 (Linux; U; Android 4.0.3; hu-hu; MediaPad 7 Lite Build/HuaweiMediaPad) AppleWebKit/534.30 (KHTML, like Gecko) Version/4.0 Safari/534.30"
37.76.14.48 - - [23/Aug/2014:21:28:02 +0200] "GET /aktualis_elemei/bio2szulinap_elemei/image074.jpg HTTP/1.1" 200 8857 "http://www.greenaction.hu/aktualis_elemei/bio2szulinap.html" "Mozilla/5.0 (Linux; U; Android 4.0.3; hu-hu; MediaPad 7 Lite Build/HuaweiMediaPad) AppleWebKit/534.30 (KHTML, like Gecko) Version/4.0 Safari/534.30"
37.76.14.48 - - [23/Aug/2014:21:28:02 +0200] "GET /aktualis_elemei/bio2szulinap_elemei/image072.jpg HTTP/1.1" 200 8143 "http://www.greenaction.hu/aktualis_elemei/bio2szulinap.html" "Mozilla/5.0 (Linux; U; Android 4.0.3; hu-hu; MediaPad 7 Lite Build/HuaweiMediaPad) AppleWebKit/534.30 (KHTML, like Gecko) Version/4.0 Safari/534.30"
37.76.14.48 - - [23/Aug/2014:21:28:02 +0200] "GET /aktualis_elemei/bio2szulinap_elemei/image076.jpg HTTP/1.1" 200 9572 "http://www.greenaction.hu/aktualis_elemei/bio2szulinap.html" "Mozilla/5.0 (Linux; U; Android 4.0.3; hu-hu; MediaPad 7 Lite Build/HuaweiMediaPad) AppleWebKit/534.30 (KHTML, like Gecko) Version/4.0 Safari/534.30"
37.76.14.48 - - [23/Aug/2014:21:28:02 +0200] "GET /aktualis_elemei/bio2szulinap_elemei/image070.jpg HTTP/1.1" 200 9176 "http://www.greenaction.hu/aktualis_elemei/bio2szulinap.html" "Mozilla/5.0 (Linux; U; Android 4.0.3; hu-hu; MediaPad 7 Lite Build/HuaweiMediaPad) AppleWebKit/534.30 (KHTML, like Gecko) Version/4.0 Safari/534.30"
37.76.14.48 - - [23/Aug/2014:21:28:02 +0200] "GET /aktualis_elemei/bio2szulinap_elemei/image078.jpg HTTP/1.1" 200 7760 "http://www.greenaction.hu/aktualis_elemei/bio2szulinap.html" "Mozilla/5.0 (Linux; U; Android 4.0.3; hu-hu; MediaPad 7 Lite Build/HuaweiMediaPad) AppleWebKit/534.30 (KHTML, like Gecko) Version/4.0 Safari/534.30"
37.76.14.48 - - [23/Aug/2014:21:28:02 +0200] "GET /aktualis_elemei/bio2szulinap_elemei/image080.jpg HTTP/1.1" 200 9907 "http://www.greenaction.hu/aktualis_elemei/bio2szulinap.html" "Mozilla/5.0 (Linux; U; Android 4.0.3; hu-hu; MediaPad 7 Lite Build/HuaweiMediaPad) AppleWebKit/534.30 (KHTML, like Gecko) Version/4.0 Safari/534.30"
37.76.14.48 - - [23/Aug/2014:21:28:02 +0200] "GET /aktualis_elemei/bio2szulinap_elemei/image082.jpg HTTP/1.1" 200 7560 "http://www.greenaction.hu/aktualis_elemei/bio2szulinap.html" "Mozilla/5.0 (Linux; U; Android 4.0.3; hu-hu; MediaPad 7 Lite Build/HuaweiMediaPad) AppleWebKit/534.30 (KHTML, like Gecko) Version/4.0 Safari/534.30"
37.76.14.48 - - [23/Aug/2014:21:28:02 +0200] "GET /aktualis_elemei/bio2szulinap_elemei/image084.jpg HTTP/1.1" 200 7747 "http://www.greenaction.hu/aktualis_elemei/bio2szulinap.html" "Mozilla/5.0 (Linux; U; Android 4.0.3; hu-hu; MediaPad 7 Lite Build/HuaweiMediaPad) AppleWebKit/534.30 (KHTML, like Gecko) Version/4.0 Safari/534.30"
37.76.14.48 - - [23/Aug/2014:21:28:02 +0200] "GET /aktualis_elemei/bio2szulinap_elemei/image086.jpg HTTP/1.1" 200 7670 "http://www.greenaction.hu/aktualis_elemei/bio2szulinap.html" "Mozilla/5.0 (Linux; U; Android 4.0.3; hu-hu; MediaPad 7 Lite Build/HuaweiMediaPad) AppleWebKit/534.30 (KHTML, like Gecko) Version/4.0 Safari/534.30"
37.76.14.48 - - [23/Aug/2014:21:28:03 +0200] "GET /aktualis_elemei/bio2szulinap_elemei/image088.jpg HTTP/1.1" 200 7592 "http://www.greenaction.hu/aktualis_elemei/bio2szulinap.html" "Mozilla/5.0 (Linux; U; Android 4.0.3; hu-hu; MediaPad 7 Lite Build/HuaweiMediaPad) AppleWebKit/534.30 (KHTML, like Gecko) Version/4.0 Safari/534.30"
37.76.14.48 - - [23/Aug/2014:21:28:03 +0200] "GET /aktualis_elemei/bio2szulinap_elemei/image090.jpg HTTP/1.1" 200 7132 "http://www.greenaction.hu/aktualis_elemei/bio2szulinap.html" "Mozilla/5.0 (Linux; U; Android 4.0.3; hu-hu; MediaPad 7 Lite Build/HuaweiMediaPad) AppleWebKit/534.30 (KHTML, like Gecko) Version/4.0 Safari/534.30"
37.76.14.48 - - [23/Aug/2014:21:28:03 +0200] "GET /aktualis_elemei/bio2szulinap_elemei/image092.jpg HTTP/1.1" 200 7352 "http://www.greenaction.hu/aktualis_elemei/bio2szulinap.html" "Mozilla/5.0 (Linux; U; Android 4.0.3; hu-hu; MediaPad 7 Lite Build/HuaweiMediaPad) AppleWebKit/534.30 (KHTML, like Gecko) Version/4.0 Safari/534.30"
37.76.14.48 - - [23/Aug/2014:21:28:03 +0200] "GET /aktualis_elemei/bio2szulinap_elemei/image094.jpg HTTP/1.1" 200 7635 "http://www.greenaction.hu/aktualis_elemei/bio2szulinap.html" "Mozilla/5.0 (Linux; U; Android 4.0.3; hu-hu; MediaPad 7 Lite Build/HuaweiMediaPad) AppleWebKit/534.30 (KHTML, like Gecko) Version/4.0 Safari/534.30"
37.76.14.48 - - [23/Aug/2014:21:28:03 +0200] "GET /aktualis_elemei/bio2szulinap_elemei/image096.jpg HTTP/1.1" 200 8771 "http://www.greenaction.hu/aktualis_elemei/bio2szulinap.html" "Mozilla/5.0 (Linux; U; Android 4.0.3; hu-hu; MediaPad 7 Lite Build/HuaweiMediaPad) AppleWebKit/534.30 (KHTML, like Gecko) Version/4.0 Safari/534.30"
37.76.14.48 - - [23/Aug/2014:21:28:03 +0200] "GET /aktualis_elemei/bio2szulinap_elemei/image098.jpg HTTP/1.1" 200 8855 "http://www.greenaction.hu/aktualis_elemei/bio2szulinap.html" "Mozilla/5.0 (Linux; U; Android 4.0.3; hu-hu; MediaPad 7 Lite Build/HuaweiMediaPad) AppleWebKit/534.30 (KHTML, like Gecko) Version/4.0 Safari/534.30"
37.76.14.48 - - [23/Aug/2014:21:28:03 +0200] "GET /aktualis_elemei/bio2szulinap_elemei/image100.jpg HTTP/1.1" 200 7946 "http://www.greenaction.hu/aktualis_elemei/bio2szulinap.html" "Mozilla/5.0 (Linux; U; Android 4.0.3; hu-hu; MediaPad 7 Lite Build/HuaweiMediaPad) AppleWebKit/534.30 (KHTML, like Gecko) Version/4.0 Safari/534.30"
37.76.14.48 - - [23/Aug/2014:21:28:03 +0200] "GET /aktualis_elemei/bio2szulinap_elemei/image102.jpg HTTP/1.1" 200 8017 "http://www.greenaction.hu/aktualis_elemei/bio2szulinap.html" "Mozilla/5.0 (Linux; U; Android 4.0.3; hu-hu; MediaPad 7 Lite Build/HuaweiMediaPad) AppleWebKit/534.30 (KHTML, like Gecko) Version/4.0 Safari/534.30"
37.76.14.48 - - [23/Aug/2014:21:28:03 +0200] "GET /aktualis_elemei/bio2szulinap_elemei/image104.jpg HTTP/1.1" 200 8372 "http://www.greenaction.hu/aktualis_elemei/bio2szulinap.html" "Mozilla/5.0 (Linux; U; Android 4.0.3; hu-hu; MediaPad 7 Lite Build/HuaweiMediaPad) AppleWebKit/534.30 (KHTML, like Gecko) Version/4.0 Safari/534.30"
37.76.14.48 - - [23/Aug/2014:21:28:03 +0200] "GET /aktualis_elemei/bio2szulinap_elemei/image106.jpg HTTP/1.1" 200 7697 "http://www.greenaction.hu/aktualis_elemei/bio2szulinap.html" "Mozilla/5.0 (Linux; U; Android 4.0.3; hu-hu; MediaPad 7 Lite Build/HuaweiMediaPad) AppleWebKit/534.30 (KHTML, like Gecko) Version/4.0 Safari/534.30"
37.76.14.48 - - [23/Aug/2014:21:28:03 +0200] "GET /aktualis_elemei/bio2szulinap_elemei/image108.jpg HTTP/1.1" 200 9238 "http://www.greenaction.hu/aktualis_elemei/bio2szulinap.html" "Mozilla/5.0 (Linux; U; Android 4.0.3; hu-hu; MediaPad 7 Lite Build/HuaweiMediaPad) AppleWebKit/534.30 (KHTML, like Gecko) Version/4.0 Safari/534.30"
37.76.14.48 - - [23/Aug/2014:21:28:04 +0200] "GET /aktualis_elemei/bio2szulinap_elemei/image110.jpg HTTP/1.1" 200 8760 "http://www.greenaction.hu/aktualis_elemei/bio2szulinap.html" "Mozilla/5.0 (Linux; U; Android 4.0.3; hu-hu; MediaPad 7 Lite Build/HuaweiMediaPad) AppleWebKit/534.30 (KHTML, like Gecko) Version/4.0 Safari/534.30"
37.76.14.48 - - [23/Aug/2014:21:28:04 +0200] "GET /aktualis_elemei/bio2szulinap_elemei/image112.jpg HTTP/1.1" 200 8269 "http://www.greenaction.hu/aktualis_elemei/bio2szulinap.html" "Mozilla/5.0 (Linux; U; Android 4.0.3; hu-hu; MediaPad 7 Lite Build/HuaweiMediaPad) AppleWebKit/534.30 (KHTML, like Gecko) Version/4.0 Safari/534.30"
37.76.14.48 - - [23/Aug/2014:21:28:04 +0200] "GET /aktualis_elemei/bio2szulinap_elemei/image114.jpg HTTP/1.1" 200 6950 "http://www.greenaction.hu/aktualis_elemei/bio2szulinap.html" "Mozilla/5.0 (Linux; U; Android 4.0.3; hu-hu; MediaPad 7 Lite Build/HuaweiMediaPad) AppleWebKit/534.30 (KHTML, like Gecko) Version/4.0 Safari/534.30"
37.76.14.48 - - [23/Aug/2014:21:28:04 +0200] "GET /aktualis_elemei/bio2szulinap_elemei/image116.jpg HTTP/1.1" 200 9709 "http://www.greenaction.hu/aktualis_elemei/bio2szulinap.html" "Mozilla/5.0 (Linux; U; Android 4.0.3; hu-hu; MediaPad 7 Lite Build/HuaweiMediaPad) AppleWebKit/534.30 (KHTML, like Gecko) Version/4.0 Safari/534.30"
37.76.14.48 - - [23/Aug/2014:21:28:04 +0200] "GET /aktualis_elemei/bio2szulinap_elemei/image118.jpg HTTP/1.1" 200 9292 "http://www.greenaction.hu/aktualis_elemei/bio2szulinap.html" "Mozilla/5.0 (Linux; U; Android 4.0.3; hu-hu; MediaPad 7 Lite Build/HuaweiMediaPad) AppleWebKit/534.30 (KHTML, like Gecko) Version/4.0 Safari/534.30"
37.76.14.48 - - [23/Aug/2014:21:28:04 +0200] "GET /aktualis_elemei/bio2szulinap_elemei/image120.jpg HTTP/1.1" 200 9114 "http://www.greenaction.hu/aktualis_elemei/bio2szulinap.html" "Mozilla/5.0 (Linux; U; Android 4.0.3; hu-hu; MediaPad 7 Lite Build/HuaweiMediaPad) AppleWebKit/534.30 (KHTML, like Gecko) Version/4.0 Safari/534.30"
37.76.14.48 - - [23/Aug/2014:21:28:05 +0200] "GET /aktualis_elemei/bio2szulinap_elemei/image122.jpg HTTP/1.1" 200 8543 "http://www.greenaction.hu/aktualis_elemei/bio2szulinap.html" "Mozilla/5.0 (Linux; U; Android 4.0.3; hu-hu; MediaPad 7 Lite Build/HuaweiMediaPad) AppleWebKit/534.30 (KHTML, like Gecko) Version/4.0 Safari/534.30"
37.76.14.48 - - [23/Aug/2014:21:28:05 +0200] "GET /aktualis_elemei/bio2szulinap_elemei/image124.jpg HTTP/1.1" 200 8278 "http://www.greenaction.hu/aktualis_elemei/bio2szulinap.html" "Mozilla/5.0 (Linux; U; Android 4.0.3; hu-hu; MediaPad 7 Lite Build/HuaweiMediaPad) AppleWebKit/534.30 (KHTML, like Gecko) Version/4.0 Safari/534.30"
37.76.14.48 - - [23/Aug/2014:21:28:05 +0200] "GET /aktualis_elemei/bio2szulinap_elemei/image126.jpg HTTP/1.1" 200 9363 "http://www.greenaction.hu/aktualis_elemei/bio2szulinap.html" "Mozilla/5.0 (Linux; U; Android 4.0.3; hu-hu; MediaPad 7 Lite Build/HuaweiMediaPad) AppleWebKit/534.30 (KHTML, like Gecko) Version/4.0 Safari/534.30"
37.76.14.48 - - [23/Aug/2014:21:28:05 +0200] "GET /aktualis_elemei/bio2szulinap_elemei/image130.jpg HTTP/1.1" 200 7636 "http://www.greenaction.hu/aktualis_elemei/bio2szulinap.html" "Mozilla/5.0 (Linux; U; Android 4.0.3; hu-hu; MediaPad 7 Lite Build/HuaweiMediaPad) AppleWebKit/534.30 (KHTML, like Gecko) Version/4.0 Safari/534.30"
37.76.14.48 - - [23/Aug/2014:21:28:05 +0200] "GET /aktualis_elemei/bio2szulinap_elemei/image132.jpg HTTP/1.1" 200 8237 "http://www.greenaction.hu/aktualis_elemei/bio2szulinap.html" "Mozilla/5.0 (Linux; U; Android 4.0.3; hu-hu; MediaPad 7 Lite Build/HuaweiMediaPad) AppleWebKit/534.30 (KHTML, like Gecko) Version/4.0 Safari/534.30"
37.76.14.48 - - [23/Aug/2014:21:28:05 +0200] "GET /aktualis_elemei/bio2szulinap_elemei/image128.jpg HTTP/1.1" 200 8653 "http://www.greenaction.hu/aktualis_elemei/bio2szulinap.html" "Mozilla/5.0 (Linux; U; Android 4.0.3; hu-hu; MediaPad 7 Lite Build/HuaweiMediaPad) AppleWebKit/534.30 (KHTML, like Gecko) Version/4.0 Safari/534.30"
37.76.14.48 - - [23/Aug/2014:21:28:05 +0200] "GET /aktualis_elemei/bio2szulinap_elemei/image134.jpg HTTP/1.1" 200 10678 "http://www.greenaction.hu/aktualis_elemei/bio2szulinap.html" "Mozilla/5.0 (Linux; U; Android 4.0.3; hu-hu; MediaPad 7 Lite Build/HuaweiMediaPad) AppleWebKit/534.30 (KHTML, like Gecko) Version/4.0 Safari/534.30"
37.76.14.48 - - [23/Aug/2014:21:28:06 +0200] "GET /aktualis_elemei/bio2szulinap_elemei/image136.jpg HTTP/1.1" 200 7982 "http://www.greenaction.hu/aktualis_elemei/bio2szulinap.html" "Mozilla/5.0 (Linux; U; Android 4.0.3; hu-hu; MediaPad 7 Lite Build/HuaweiMediaPad) AppleWebKit/534.30 (KHTML, like Gecko) Version/4.0 Safari/534.30"
37.76.14.48 - - [23/Aug/2014:21:28:06 +0200] "GET /aktualis_elemei/bio2szulinap_elemei/image138.jpg HTTP/1.1" 200 9822 "http://www.greenaction.hu/aktualis_elemei/bio2szulinap.html" "Mozilla/5.0 (Linux; U; Android 4.0.3; hu-hu; MediaPad 7 Lite Build/HuaweiMediaPad) AppleWebKit/534.30 (KHTML, like Gecko) Version/4.0 Safari/534.30"
37.76.14.48 - - [23/Aug/2014:21:28:06 +0200] "GET /aktualis_elemei/bio2szulinap_elemei/image140.jpg HTTP/1.1" 200 9938 "http://www.greenaction.hu/aktualis_elemei/bio2szulinap.html" "Mozilla/5.0 (Linux; U; Android 4.0.3; hu-hu; MediaPad 7 Lite Build/HuaweiMediaPad) AppleWebKit/534.30 (KHTML, like Gecko) Version/4.0 Safari/534.30"
37.76.14.48 - - [23/Aug/2014:21:28:06 +0200] "GET /aktualis_elemei/bio2szulinap_elemei/image142.jpg HTTP/1.1" 200 9654 "http://www.greenaction.hu/aktualis_elemei/bio2szulinap.html" "Mozilla/5.0 (Linux; U; Android 4.0.3; hu-hu; MediaPad 7 Lite Build/HuaweiMediaPad) AppleWebKit/534.30 (KHTML, like Gecko) Version/4.0 Safari/534.30"
37.76.14.48 - - [23/Aug/2014:21:28:06 +0200] "GET /aktualis_elemei/bio2szulinap_elemei/image144.jpg HTTP/1.1" 200 9920 "http://www.greenaction.hu/aktualis_elemei/bio2szulinap.html" "Mozilla/5.0 (Linux; U; Android 4.0.3; hu-hu; MediaPad 7 Lite Build/HuaweiMediaPad) AppleWebKit/534.30 (KHTML, like Gecko) Version/4.0 Safari/534.30"
37.76.14.48 - - [23/Aug/2014:21:28:07 +0200] "GET /favicon.ico HTTP/1.1" 404 1181 "http://www.greenaction.hu/aktualis_elemei/bio2szulinap.html" "Mozilla/5.0 (Linux; U; Android 4.0.3; hu-hu; MediaPad 7 Lite Build/HuaweiMediaPad) AppleWebKit/534.30 (KHTML, like Gecko) Version/4.0 Safari/534.30"
66.249.65.65 - - [23/Aug/2014:21:58:29 +0200] "GET /aktualis_elemei/bekamentes.html HTTP/1.1" 304 - "-" "Mozilla/5.0 (compatible; Googlebot/2.1; +http://www.google.com/bot.html)"
80.95.88.189 - - [23/Aug/2014:22:30:50 +0200] "GET /aktualis_elemei/bio2szulinap_elemei/image116.jpg HTTP/1.1" 200 9709 "-" "Mozilla/5.0 (Windows NT 5.1; rv:31.0) Gecko/20100101 Firefox/31.0"
80.95.88.189 - - [23/Aug/2014:22:30:52 +0200] "GET /aktualis_elemei/bio2szulinap_elemei/image128.jpg HTTP/1.1" 200 8653 "-" "Mozilla/5.0 (Windows NT 5.1; rv:31.0) Gecko/20100101 Firefox/31.0"
157.55.39.191 - - [23/Aug/2014:22:58:16 +0200] "GET /aktualis_elemei/loverecycling.html HTTP/1.1" 200 11087 "-" "Mozilla/5.0 (compatible; bingbot/2.0; +http://www.bing.com/bingbot.htm)"
66.249.65.65 - - [23/Aug/2014:23:01:57 +0200] "GET /kiadvany/miabio.pdf HTTP/1.1" 304 - "-" "Mozilla/5.0 (compatible; Googlebot/2.1; +http://www.google.com/bot.html)"
180.76.5.19 - - [23/Aug/2014:23:09:40 +0200] "GET /robots.txt HTTP/1.1" 404 1181 "-" "Mozilla/5.0 (Windows NT 5.1; rv:6.0.2) Gecko/20100101 Firefox/6.0.2"
180.76.5.168 - - [23/Aug/2014:23:11:33 +0200] "GET / HTTP/1.1" 200 884 "-" "Mozilla/5.0 (compatible; Baiduspider/2.0; +http://www.baidu.com/search/spider.html)"
207.46.13.55 - - [24/Aug/2014:00:04:46 +0200] "GET /robots.txt HTTP/1.1" 404 1181 "-" "Mozilla/5.0 (compatible; bingbot/2.0; +http://www.bing.com/bingbot.htm)"
62.112.213.129 - - [24/Aug/2014:00:16:36 +0200] "GET /aktualis_elemei/bio2szulinap_elemei/image114.jpg HTTP/1.1" 200 6950 "-" "Mozilla/5.0 (Windows NT 6.1; WOW64; rv:31.0) Gecko/20100101 Firefox/31.0"
62.112.213.129 - - [24/Aug/2014:00:16:40 +0200] "GET /aktualis_elemei/bio2szulinap_elemei/image116.jpg HTTP/1.1" 200 9709 "-" "Mozilla/5.0 (Windows NT 6.1; WOW64; rv:31.0) Gecko/20100101 Firefox/31.0"
101.226.168.217 - - [24/Aug/2014:01:27:57 +0200] "GET /robots.txt HTTP/1.1" 404 1181 "http://www.greenaction.hu/robots.txt" "Mozilla/5.0 (Windows NT 6.1) AppleWebKit/537.1 (KHTML, like Gecko) Chrome/21.0.1180.89 Safari/537.1; 360Spider"
207.46.13.55 - - [24/Aug/2014:01:50:53 +0200] "GET /archiv_elemei/reglap.doc HTTP/1.1" 200 182272 "-" "Mozilla/5.0 (compatible; bingbot/2.0; +http://www.bing.com/bingbot.htm)"
207.46.13.55 - - [24/Aug/2014:01:52:58 +0200] "GET / HTTP/1.1" 200 884 "-" "Mozilla/5.0 (compatible; bingbot/2.0; +http://www.bing.com/bingbot.htm)"
112.198.79.183 - - [24/Aug/2014:01:58:42 +0200] "GET / HTTP/1.1" 200 884 "http://22.semalt.com/crawler.php?u=http://greenaction.hu" "Mozilla/5.0 (Windows NT 6.1; WOW64) AppleWebKit/537.36 (KHTML, like Gecko) Chrome/36.0.1985.143 Safari/537.36"
112.198.79.183 - - [24/Aug/2014:01:58:44 +0200] "GET /pattern.jpg HTTP/1.1" 200 13798 "http://greenaction.hu/" "Mozilla/5.0 (Windows NT 6.1; WOW64) AppleWebKit/537.36 (KHTML, like Gecko) Chrome/36.0.1985.143 Safari/537.36"
88.198.247.165 - - [24/Aug/2014:02:39:27 +0200] "GET / HTTP/1.1" 200 884 "-" "Mozilla/5.0 (compatible; XoviBot/2.0; +http://www.xovibot.net/)"
66.249.65.57 - - [24/Aug/2014:04:42:16 +0200] "GET /robots.txt HTTP/1.1" 404 1181 "-" "Mozilla/5.0 (compatible; Googlebot/2.1; +http://www.google.com/bot.html)"
66.249.65.57 - - [24/Aug/2014:04:42:16 +0200] "GET /aktualis_elemei/bio2szulinap.html HTTP/1.1" 304 - "-" "Mozilla/5.0 (compatible; Googlebot/2.1; +http://www.google.com/bot.html)"
130.185.109.239 - - [24/Aug/2014:05:07:59 +0200] "GET /robots.txt HTTP/1.1" 404 1181 "-" "PagesInventory (robot http://www.pagesinventory.com)"
130.185.109.239 - - [24/Aug/2014:05:07:59 +0200] "GET / HTTP/1.1" 200 884 "-" "PagesInventory (robot +http://www.pagesinventory.com)"
178.62.164.112 - - [24/Aug/2014:05:10:34 +0200] "GET / HTTP/1.0" 200 884 "-" "-"
87.229.73.156 - - [24/Aug/2014:05:47:23 +0200] "GET / HTTP/1.1" 200 884 "-" "Python-urllib/2.6"
66.249.65.73 - - [24/Aug/2014:05:56:40 +0200] "GET /aktualis_elemei/katonai.html HTTP/1.1" 304 - "-" "Mozilla/5.0 (compatible; Googlebot/2.1; +http://www.google.com/bot.html)"
178.62.164.112 - - [24/Aug/2014:06:36:44 +0200] "GET / HTTP/1.0" 200 884 "-" "-"
66.249.65.57 - - [24/Aug/2014:07:06:42 +0200] "GET /kiadvany/miabio.pdf HTTP/1.1" 304 - "-" "Mozilla/5.0 (compatible; Googlebot/2.1; +http://www.google.com/bot.html)"
62.212.73.211 - - [24/Aug/2014:07:37:49 +0200] "GET /robots.txt HTTP/1.0" 404 1181 "-" "Mozilla/5.0 (compatible; MJ12bot/v1.4.5; http://www.majestic12.co.uk/bot.php?+)"
62.212.73.211 - - [24/Aug/2014:07:37:51 +0200] "GET / HTTP/1.0" 200 884 "-" "Mozilla/5.0 (compatible; MJ12bot/v1.4.5; http://www.majestic12.co.uk/bot.php?+)"
66.249.65.73 - - [24/Aug/2014:07:43:55 +0200] "GET / HTTP/1.1" 304 - "-" "Mozilla/5.0 (compatible; Googlebot/2.1; +http://www.google.com/bot.html)"
178.62.164.112 - - [24/Aug/2014:08:32:41 +0200] "GET / HTTP/1.0" 200 884 "-" "-"
66.249.65.57 - - [24/Aug/2014:08:52:50 +0200] "GET /aktualis_elemei/bekamentes.html HTTP/1.1" 304 - "-" "Mozilla/5.0 (compatible; Googlebot/2.1; +http://www.google.com/bot.html)"
66.249.65.65 - - [24/Aug/2014:09:57:24 +0200] "GET /aktualis_elemei/bio2szulinap.html HTTP/1.1" 304 - "-" "Mozilla/5.0 (compatible; Googlebot/2.1; +http://www.google.com/bot.html)"
66.249.65.73 - - [24/Aug/2014:10:22:33 +0200] "GET /aktualis_elemei/katonai.html HTTP/1.1" 304 - "-" "Mozilla/5.0 (compatible; Googlebot/2.1; +http://www.google.com/bot.html)"
207.46.13.55 - - [24/Aug/2014:10:37:24 +0200] "GET / HTTP/1.1" 200 884 "-" "Mozilla/5.0 (compatible; bingbot/2.0; +http://www.bing.com/bingbot.htm)"
207.46.13.55 - - [24/Aug/2014:10:37:28 +0200] "GET /zoldakcio.swf HTTP/1.1" 200 840351 "-" "Mozilla/5.0 (compatible; bingbot/2.0; +http://www.bing.com/bingbot.htm)"
207.46.13.7 - - [24/Aug/2014:10:48:23 +0200] "GET /aktualis_elemei/deneverdani.html HTTP/1.1" 200 7036 "-" "Mozilla/5.0 (compatible; bingbot/2.0; +http://www.bing.com/bingbot.htm)"
157.55.39.191 - - [24/Aug/2014:10:58:03 +0200] "GET /aktualis_elemei/knavastc.html HTTP/1.1" 200 12073 "-" "Mozilla/5.0 (compatible; bingbot/2.0; +http://www.bing.com/bingbot.htm)"
66.249.65.57 - - [24/Aug/2014:11:32:36 +0200] "GET /kiadvany/miabio.pdf HTTP/1.1" 304 - "-" "Mozilla/5.0 (compatible; Googlebot/2.1; +http://www.google.com/bot.html)"
188.6.154.5 - - [24/Aug/2014:11:35:41 +0200] "GET /aktualis_elemei/bio2szulinap_elemei/image072.jpg HTTP/1.1" 200 8143 "-" "Mozilla/5.0 (Windows NT 6.1; WOW64; rv:31.0) Gecko/20100101 Firefox/31.0"
46.139.48.148 - - [24/Aug/2014:11:37:23 +0200] "GET /aktualis_elemei/bio2szulinap_elemei/image116.jpg HTTP/1.1" 200 9709 "http://www.google.hu/blank.html" "Mozilla/5.0 (Linux; U; Android 4.1.2; hu-hu; SAMSUNG GT-I8730/I8730XWAMG1 Build/JZO54K) AppleWebKit/534.30 (KHTML, like Gecko) Version/4.0 Mobile Safari/534.30"
220.181.51.80 - - [24/Aug/2014:12:04:42 +0200] "GET / HTTP/1.1" 200 884 "-" "Mozilla/5.0 (Windows NT 5.1; rv:6.0.2) Gecko/20100101 Firefox/6.0.2"
123.125.71.76 - - [24/Aug/2014:12:04:44 +0200] "GET /robots.txt HTTP/1.1" 404 1181 "-" "Mozilla/5.0 (compatible; Baiduspider/2.0; +http://www.baidu.com/search/spider.html)"
66.249.65.65 - - [24/Aug/2014:12:20:44 +0200] "GET / HTTP/1.1" 304 - "-" "Mozilla/5.0 (compatible; Googlebot/2.1; +http://www.google.com/bot.html)"
207.46.13.7 - - [24/Aug/2014:12:44:43 +0200] "GET /aktualis_elemei/belvarosi%20biovasar%20arai%202007.%20tel.doc HTTP/1.1" 200 324608 "-" "Mozilla/5.0 (compatible; bingbot/2.0; +http://www.bing.com/bingbot.htm)"
207.46.13.7 - - [24/Aug/2014:12:44:54 +0200] "GET /aktualis_elemei/belvarosi%20biovasar%20arai%202007.%20tel.doc HTTP/1.1" 200 324608 "-" "Mozilla/5.0 (compatible; bingbot/2.0; +http://www.bing.com/bingbot.htm)"
89.135.8.59 - - [24/Aug/2014:12:50:18 +0200] "GET /aktualis_elemei/katonai_elemei/image004.jpg HTTP/1.1" 200 56554 "https://www.google.hu/" "Mozilla/5.0 (Windows NT 6.2; WOW64) AppleWebKit/537.36 (KHTML, like Gecko) Chrome/36.0.1985.143 Safari/537.36"
66.249.65.73 - - [24/Aug/2014:12:52:15 +0200] "GET /aktualis_elemei/fnhv_elemei/image007.jpg HTTP/1.1" 200 11194 "-" "Googlebot-Image/1.0"
207.46.13.55 - - [24/Aug/2014:12:54:52 +0200] "GET / HTTP/1.1" 200 884 "-" "Mozilla/5.0 (compatible; bingbot/2.0; +http://www.bing.com/bingbot.htm)"
66.249.65.57 - - [24/Aug/2014:13:05:16 +0200] "GET /aktualis_elemei/biovasarszombat_elemei/image006.jpg HTTP/1.1" 200 16250 "-" "Googlebot-Image/1.0"
82.29.112.125 - - [24/Aug/2014:13:12:34 +0200] "GET / HTTP/1.1" 200 884 "http://www.google.co.uk/url?sa=t&rct=j&q=&esrc=s&source=web&cd=1&sqi=2&ved=0CCAQFjAA&url=http%3A%2F%2Fwww.greenaction.hu%2F&ei=nMj5U7v2K8rF0QX84IDYBA&usg=AFQjCNGWFfMAOYIu23uUnSDzg8wDyU3S6Q&bvm=bv.73612305,d.d2k" "Mozilla/5.0 (Windows NT 6.1; rv:31.0) Gecko/20100101 Firefox/31.0"
82.29.112.125 - - [24/Aug/2014:13:12:35 +0200] "GET /pattern.jpg HTTP/1.1" 200 13798 "http://www.greenaction.hu/" "Mozilla/5.0 (Windows NT 6.1; rv:31.0) Gecko/20100101 Firefox/31.0"
82.29.112.125 - - [24/Aug/2014:13:12:36 +0200] "GET /zoldakcio.swf HTTP/1.1" 200 840351 "http://www.greenaction.hu/" "Mozilla/5.0 (Windows NT 6.1; rv:31.0) Gecko/20100101 Firefox/31.0"
82.29.112.125 - - [24/Aug/2014:13:12:36 +0200] "GET /favicon.ico HTTP/1.1" 404 1181 "-" "Mozilla/5.0 (Windows NT 6.1; rv:31.0) Gecko/20100101 Firefox/31.0"
82.29.112.125 - - [24/Aug/2014:13:12:36 +0200] "GET /favicon.ico HTTP/1.1" 404 1181 "-" "Mozilla/5.0 (Windows NT 6.1; rv:31.0) Gecko/20100101 Firefox/31.0"
82.29.112.125 - - [24/Aug/2014:13:12:36 +0200] "GET /hirek/hirek.txt HTTP/1.1" 200 96857 "http://www.greenaction.hu/zoldakcio.swf" "Mozilla/5.0 (Windows NT 6.1; rv:31.0) Gecko/20100101 Firefox/31.0"
82.29.112.125 - - [24/Aug/2014:13:12:36 +0200] "GET /banner/norway.jpg HTTP/1.1" 200 3191 "http://www.greenaction.hu/zoldakcio.swf" "Mozilla/5.0 (Windows NT 6.1; rv:31.0) Gecko/20100101 Firefox/31.0"
82.29.112.125 - - [24/Aug/2014:13:12:37 +0200] "GET /esemenynaptar/SparkEventsCalendar_loadVars.txt HTTP/1.1" 200 72712 "http://www.greenaction.hu/zoldakcio.swf" "Mozilla/5.0 (Windows NT 6.1; rv:31.0) Gecko/20100101 Firefox/31.0"
82.29.112.125 - - [24/Aug/2014:13:12:37 +0200] "GET /hirek/helyivedett.jpg HTTP/1.1" 404 1181 "http://www.greenaction.hu/zoldakcio.swf" "Mozilla/5.0 (Windows NT 6.1; rv:31.0) Gecko/20100101 Firefox/31.0"
82.29.112.125 - - [24/Aug/2014:13:12:37 +0200] "GET /hirek/biomassza2.jpg HTTP/1.1" 404 1181 "http://www.greenaction.hu/zoldakcio.swf" "Mozilla/5.0 (Windows NT 6.1; rv:31.0) Gecko/20100101 Firefox/31.0"
82.29.112.125 - - [24/Aug/2014:13:12:37 +0200] "GET /hirek/biomassza_forum.jpg HTTP/1.1" 200 6616 "http://www.greenaction.hu/zoldakcio.swf" "Mozilla/5.0 (Windows NT 6.1; rv:31.0) Gecko/20100101 Firefox/31.0"
82.29.112.125 - - [24/Aug/2014:13:12:37 +0200] "GET /hirek/gmokrumpli.jpg HTTP/1.1" 200 9110 "http://www.greenaction.hu/zoldakcio.swf" "Mozilla/5.0 (Windows NT 6.1; rv:31.0) Gecko/20100101 Firefox/31.0"
82.29.112.125 - - [24/Aug/2014:13:12:37 +0200] "GET /hirek/nullahullakovesd%20011.jpg HTTP/1.1" 200 8674 "http://www.greenaction.hu/zoldakcio.swf" "Mozilla/5.0 (Windows NT 6.1; rv:31.0) Gecko/20100101 Firefox/31.0"
82.29.112.125 - - [24/Aug/2014:13:12:37 +0200] "GET /hirek/kocsonyabeka.jpg HTTP/1.1" 200 4334 "http://www.greenaction.hu/zoldakcio.swf" "Mozilla/5.0 (Windows NT 6.1; rv:31.0) Gecko/20100101 Firefox/31.0"
82.29.112.125 - - [24/Aug/2014:13:12:37 +0200] "GET /hirek/programindito.jpg HTTP/1.1" 200 6594 "http://www.greenaction.hu/zoldakcio.swf" "Mozilla/5.0 (Windows NT 6.1; rv:31.0) Gecko/20100101 Firefox/31.0"
82.29.112.125 - - [24/Aug/2014:13:12:37 +0200] "GET /hirek/beno.jpg HTTP/1.1" 200 2623 "http://www.greenaction.hu/zoldakcio.swf" "Mozilla/5.0 (Windows NT 6.1; rv:31.0) Gecko/20100101 Firefox/31.0"
82.29.112.125 - - [24/Aug/2014:13:12:37 +0200] "GET /hirek/foldnapja.jpg HTTP/1.1" 200 4081 "http://www.greenaction.hu/zoldakcio.swf" "Mozilla/5.0 (Windows NT 6.1; rv:31.0) Gecko/20100101 Firefox/31.0"
82.29.112.125 - - [24/Aug/2014:13:12:37 +0200] "GET /hirek/foldnap2010.jpg HTTP/1.1" 200 7191 "http://www.greenaction.hu/zoldakcio.swf" "Mozilla/5.0 (Windows NT 6.1; rv:31.0) Gecko/20100101 Firefox/31.0"
82.29.112.125 - - [24/Aug/2014:13:12:37 +0200] "GET /hirek/gmoevo.jpg HTTP/1.1" 200 2951 "http://www.greenaction.hu/zoldakcio.swf" "Mozilla/5.0 (Windows NT 6.1; rv:31.0) Gecko/20100101 Firefox/31.0"
82.29.112.125 - - [24/Aug/2014:13:12:37 +0200] "GET /hirek/gmofree.gif HTTP/1.1" 404 1181 "http://www.greenaction.hu/zoldakcio.swf" "Mozilla/5.0 (Windows NT 6.1; rv:31.0) Gecko/20100101 Firefox/31.0"
82.29.112.125 - - [24/Aug/2014:13:12:37 +0200] "GET /hirek/torta.jpg HTTP/1.1" 404 1181 "http://www.greenaction.hu/zoldakcio.swf" "Mozilla/5.0 (Windows NT 6.1; rv:31.0) Gecko/20100101 Firefox/31.0"
82.29.112.125 - - [24/Aug/2014:13:12:37 +0200] "GET /hirek/abauji.jpg HTTP/1.1" 200 21716 "http://www.greenaction.hu/zoldakcio.swf" "Mozilla/5.0 (Windows NT 6.1; rv:31.0) Gecko/20100101 Firefox/31.0"
82.29.112.125 - - [24/Aug/2014:13:12:37 +0200] "GET /hirek/paprika.jpg HTTP/1.1" 404 1181 "http://www.greenaction.hu/zoldakcio.swf" "Mozilla/5.0 (Windows NT 6.1; rv:31.0) Gecko/20100101 Firefox/31.0"
82.29.112.125 - - [24/Aug/2014:13:12:37 +0200] "GET /hirek/benzinpisztoly.jpg HTTP/1.1" 200 2317 "http://www.greenaction.hu/zoldakcio.swf" "Mozilla/5.0 (Windows NT 6.1; rv:31.0) Gecko/20100101 Firefox/31.0"
82.29.112.125 - - [24/Aug/2014:13:12:37 +0200] "GET /hirek/marhafej.jpg HTTP/1.1" 200 3545 "http://www.greenaction.hu/zoldakcio.swf" "Mozilla/5.0 (Windows NT 6.1; rv:31.0) Gecko/20100101 Firefox/31.0"
82.29.112.125 - - [24/Aug/2014:13:12:37 +0200] "GET /hirek/zoldseg.jpg HTTP/1.1" 404 1181 "http://www.greenaction.hu/zoldakcio.swf" "Mozilla/5.0 (Windows NT 6.1; rv:31.0) Gecko/20100101 Firefox/31.0"
82.29.112.125 - - [24/Aug/2014:13:12:37 +0200] "GET /hirek/citrom.jpg HTTP/1.1" 200 11781 "http://www.greenaction.hu/zoldakcio.swf" "Mozilla/5.0 (Windows NT 6.1; rv:31.0) Gecko/20100101 Firefox/31.0"
82.29.112.125 - - [24/Aug/2014:13:12:37 +0200] "GET /hirek/adventikoszoru.jpg HTTP/1.1" 200 5581 "http://www.greenaction.hu/zoldakcio.swf" "Mozilla/5.0 (Windows NT 6.1; rv:31.0) Gecko/20100101 Firefox/31.0"
82.29.112.125 - - [24/Aug/2014:13:12:37 +0200] "GET /hirek/naposoldal.jpg HTTP/1.1" 200 10106 "http://www.greenaction.hu/zoldakcio.swf" "Mozilla/5.0 (Windows NT 6.1; rv:31.0) Gecko/20100101 Firefox/31.0"
82.29.112.125 - - [24/Aug/2014:13:12:37 +0200] "GET /hirek/encsgyumi.jpg HTTP/1.1" 200 13077 "http://www.greenaction.hu/zoldakcio.swf" "Mozilla/5.0 (Windows NT 6.1; rv:31.0) Gecko/20100101 Firefox/31.0"
82.29.112.125 - - [24/Aug/2014:13:12:37 +0200] "GET /hirek/gyurgyalag.jpg HTTP/1.1" 200 2435 "http://www.greenaction.hu/zoldakcio.swf" "Mozilla/5.0 (Windows NT 6.1; rv:31.0) Gecko/20100101 Firefox/31.0"
82.29.112.125 - - [24/Aug/2014:13:12:38 +0200] "GET /hirek/encs.jpg HTTP/1.1" 200 12831 "http://www.greenaction.hu/zoldakcio.swf" "Mozilla/5.0 (Windows NT 6.1; rv:31.0) Gecko/20100101 Firefox/31.0"
82.29.112.125 - - [24/Aug/2014:13:12:38 +0200] "GET /hirek/terelo.jpg HTTP/1.1" 200 10975 "http://www.greenaction.hu/zoldakcio.swf" "Mozilla/5.0 (Windows NT 6.1; rv:31.0) Gecko/20100101 Firefox/31.0"
82.29.112.125 - - [24/Aug/2014:13:12:38 +0200] "GET /hirek/varboibekak2011.jpg HTTP/1.1" 200 9200 "http://www.greenaction.hu/zoldakcio.swf" "Mozilla/5.0 (Windows NT 6.1; rv:31.0) Gecko/20100101 Firefox/31.0"
82.29.112.125 - - [24/Aug/2014:13:12:38 +0200] "GET /hirek/mctermeloipiac.jpg HTTP/1.1" 200 3752 "http://www.greenaction.hu/zoldakcio.swf" "Mozilla/5.0 (Windows NT 6.1; rv:31.0) Gecko/20100101 Firefox/31.0"
82.29.112.125 - - [24/Aug/2014:13:12:38 +0200] "GET /hirek/1%20szazalek.jpg HTTP/1.1" 200 16636 "http://www.greenaction.hu/zoldakcio.swf" "Mozilla/5.0 (Windows NT 6.1; rv:31.0) Gecko/20100101 Firefox/31.0"
82.29.112.125 - - [24/Aug/2014:13:12:38 +0200] "GET /hirek/viz.jpg HTTP/1.1" 200 2622 "http://www.greenaction.hu/zoldakcio.swf" "Mozilla/5.0 (Windows NT 6.1; rv:31.0) Gecko/20100101 Firefox/31.0"
82.29.112.125 - - [24/Aug/2014:13:12:38 +0200] "GET /hirek/bioszulinap2011.jpg HTTP/1.1" 200 17649 "http://www.greenaction.hu/zoldakcio.swf" "Mozilla/5.0 (Windows NT 6.1; rv:31.0) Gecko/20100101 Firefox/31.0"
82.29.112.125 - - [24/Aug/2014:13:12:42 +0200] "GET /munkatarsak/munkatarsak.txt HTTP/1.1" 200 5093 "http://www.greenaction.hu/zoldakcio.swf" "Mozilla/5.0 (Windows NT 6.1; rv:31.0) Gecko/20100101 Firefox/31.0"
82.29.112.125 - - [24/Aug/2014:13:12:43 +0200] "GET /munkatarsak/szaszrobi.jpg HTTP/1.1" 404 1181 "http://www.greenaction.hu/zoldakcio.swf" "Mozilla/5.0 (Windows NT 6.1; rv:31.0) Gecko/20100101 Firefox/31.0"
82.29.112.125 - - [24/Aug/2014:13:12:43 +0200] "GET /munkatarsak/somogyikriszta.jpg HTTP/1.1" 200 5673 "http://www.greenaction.hu/zoldakcio.swf" "Mozilla/5.0 (Windows NT 6.1; rv:31.0) Gecko/20100101 Firefox/31.0"
82.29.112.125 - - [24/Aug/2014:13:12:43 +0200] "GET /munkatarsak/demeterzoli.jpg HTTP/1.1" 200 4056 "http://www.greenaction.hu/zoldakcio.swf" "Mozilla/5.0 (Windows NT 6.1; rv:31.0) Gecko/20100101 Firefox/31.0"
82.29.112.125 - - [24/Aug/2014:13:12:43 +0200] "GET /munkatarsak/barati.jpg HTTP/1.1" 200 22724 "http://www.greenaction.hu/zoldakcio.swf" "Mozilla/5.0 (Windows NT 6.1; rv:31.0) Gecko/20100101 Firefox/31.0"
66.249.65.57 - - [24/Aug/2014:13:33:24 +0200] "GET /aktualis_elemei/bparak0929.html HTTP/1.1" 200 105768 "-" "Mozilla/5.0 (iPhone; CPU iPhone OS 6_0 like Mac OS X) AppleWebKit/536.26 (KHTML, like Gecko) Version/6.0 Mobile/10A5376e Safari/8536.25 (compatible; Googlebot/2.1; +http://www.google.com/bot.html)"
66.249.65.65 - - [24/Aug/2014:13:41:27 +0200] "GET /kiadvanyaink.html HTTP/1.1" 304 - "-" "Mozilla/5.0 (compatible; Googlebot/2.1; +http://www.google.com/bot.html)"
77.111.90.197 - - [24/Aug/2014:13:50:34 +0200] "GET /archiv_elemei/acitc.html HTTP/1.1" 200 13312 "-" "Mozilla/5.0 (X11; U; Linux i686; en-US; rv:1.9.0.4) Gecko/2008111318 Ubuntu/8.10 (intrepid) Firefox/3.0.4"
94.44.85.209 - - [24/Aug/2014:13:50:53 +0200] "GET /aktualis_elemei/bio2szulinap_elemei/image118.jpg HTTP/1.1" 200 9292 "https://www.google.hu/" "Mozilla/5.0 (iPhone; CPU iPhone OS 7_1_2 like Mac OS X) AppleWebKit/537.51.2 (KHTML, like Gecko) CriOS/36.0.1985.57 Mobile/11D257 Safari/9537.53"
86.59.133.186 - - [24/Aug/2014:13:58:26 +0200] "GET /aktualis_elemei/katonai_elemei/image004.jpg HTTP/1.1" 200 56554 "-" "Mozilla/5.0 (Macintosh; Intel Mac OS X 10_8_5) AppleWebKit/536.30.1 (KHTML, like Gecko) Version/6.0.5 Safari/536.30.1"
66.249.65.73 - - [24/Aug/2014:14:31:20 +0200] "GET /aktualis_elemei/bio2szulinap.html HTTP/1.1" 304 - "-" "Mozilla/5.0 (compatible; Googlebot/2.1; +http://www.google.com/bot.html)"
66.249.65.65 - - [24/Aug/2014:14:51:23 +0200] "GET /aktualis_elemei/fnhv.html HTTP/1.1" 304 - "-" "Mozilla/5.0 (iPhone; CPU iPhone OS 6_0 like Mac OS X) AppleWebKit/536.26 (KHTML, like Gecko) Version/6.0 Mobile/10A5376e Safari/8536.25 (compatible; Googlebot/2.1; +http://www.google.com/bot.html)"
66.249.65.65 - - [24/Aug/2014:15:08:44 +0200] "GET /kiadvany/miabio.pdf HTTP/1.1" 304 - "-" "Mozilla/5.0 (compatible; Googlebot/2.1; +http://www.google.com/bot.html)"
94.21.66.140 - - [24/Aug/2014:15:24:25 +0200] "GET /aktualis_elemei/bio2szulinap_elemei/image056.jpg HTTP/1.1" 200 10317 "-" "Mozilla/5.0 (iPad;U;CPU OS 5_1_1 like Mac OS X; zh-cn)AppleWebKit/534.46.0(KHTML, like Gecko)CriOS/19.0.1084.60 Mobile/9B206 Safari/7534.48.3"
207.46.13.55 - - [24/Aug/2014:16:00:51 +0200] "GET /aktualis_elemei/baloghjanos.html HTTP/1.1" 200 15294 "-" "Mozilla/5.0 (compatible; bingbot/2.0; +http://www.bing.com/bingbot.htm)"
66.249.65.57 - - [24/Aug/2014:16:08:28 +0200] "GET /aktualis_elemei/katonai.html HTTP/1.1" 304 - "-" "Mozilla/5.0 (compatible; Googlebot/2.1; +http://www.google.com/bot.html)"
68.180.225.45 - - [24/Aug/2014:16:28:13 +0200] "GET /robots.txt HTTP/1.1" 404 1181 "-" "Mozilla/5.0 (compatible; Yahoo! Slurp; http://help.yahoo.com/help/us/ysearch/slurp)"
68.180.225.45 - - [24/Aug/2014:16:28:13 +0200] "GET / HTTP/1.1" 200 884 "-" "Mozilla/5.0 (compatible; Yahoo! Slurp; http://help.yahoo.com/help/us/ysearch/slurp)"
68.180.225.45 - - [24/Aug/2014:16:28:19 +0200] "GET /zoldakcio.swf HTTP/1.1" 200 840351 "-" "Mozilla/5.0 (compatible; Yahoo! Slurp; http://help.yahoo.com/help/us/ysearch/slurp)"
178.48.95.14 - - [24/Aug/2014:16:33:58 +0200] "GET /aktualis_elemei/katonai_elemei/image004.jpg HTTP/1.1" 200 56554 "-" "Mozilla/5.0 (Linux; U; Android 4.3; hu-hu; D2005 Build/20.0.A.1.21) AppleWebKit/534.30 (KHTML, like Gecko) Version/4.0 Mobile Safari/534.30 GSA/3.6.14.1337016.arm"
180.76.5.62 - - [24/Aug/2014:17:43:23 +0200] "GET /robots.txt HTTP/1.1" 404 1181 "-" "Mozilla/5.0 (Windows NT 5.1; rv:6.0.2) Gecko/20100101 Firefox/6.0.2"
180.76.6.158 - - [24/Aug/2014:17:45:31 +0200] "GET / HTTP/1.1" 200 884 "-" "Mozilla/5.0 (compatible; Baiduspider/2.0; +http://www.baidu.com/search/spider.html)"
188.142.249.157 - - [24/Aug/2014:17:46:16 +0200] "GET /aktualis_elemei/bio2szulinap_elemei/image056.jpg HTTP/1.1" 200 10317 "https://www.google.hu/" "Mozilla/5.0 (Windows NT 6.1; WOW64) AppleWebKit/535.19 (KHTML, like Gecko) Chrome/18.0.1025.142 Safari/535.19"
185.10.127.27 - - [24/Aug/2014:18:24:47 +0200] "GET /aktualis_elemei/bio2szulinap_elemei/image108.jpg HTTP/1.1" 200 9238 "https://www.google.hu/" "Mozilla/5.0 (Windows NT 6.2; WOW64) AppleWebKit/537.36 (KHTML, like Gecko) Chrome/36.0.1985.143 Safari/537.36"
66.249.65.65 - - [24/Aug/2014:18:27:26 +0200] "GET /robots.txt HTTP/1.1" 404 1181 "-" "Mozilla/5.0 (compatible; Googlebot/2.1; +http://www.google.com/bot.html)"
66.249.65.73 - - [24/Aug/2014:18:27:27 +0200] "GET /kiadvanyok/kiadvanyok.txt HTTP/1.1" 304 - "-" "Mozilla/5.0 (iPhone; CPU iPhone OS 6_0 like Mac OS X) AppleWebKit/536.26 (KHTML, like Gecko) Version/6.0 Mobile/10A5376e Safari/8536.25 (compatible; Googlebot/2.1; +http://www.google.com/bot.html)"
85.178.245.118 - - [24/Aug/2014:18:45:30 +0200] "GET /aktualis_elemei/katonai_elemei/image002.jpg HTTP/1.1" 200 34104 "http://www.vebidoo.de/kerstin+h%C3%B6ntsch" "Mozilla/5.0 (Windows NT 6.3; Win64; x64; Trident/7.0; rv:11.0) like Gecko"
217.69.133.193 - - [24/Aug/2014:18:55:21 +0200] "GET /robots.txt HTTP/1.1" 404 1181 "-" "Mozilla/5.0 (compatible; Linux x86_64; Mail.RU_Bot/2.0; +http://go.mail.ru/help/robots)"
217.69.133.12 - - [24/Aug/2014:18:55:23 +0200] "GET / HTTP/1.1" 304 - "-" "Mozilla/5.0 (compatible; Linux x86_64; Mail.RU_Bot/2.0; +http://go.mail.ru/help/robots)"
157.55.39.160 - - [24/Aug/2014:19:02:29 +0200] "GET /aktualis_elemei/feleslegesaruk.html HTTP/1.1" 200 36259 "-" "Mozilla/5.0 (compatible; bingbot/2.0; +http://www.bing.com/bingbot.htm)"
157.55.39.191 - - [24/Aug/2014:19:11:49 +0200] "GET /hirek/fn_reszletes.pdf HTTP/1.1" 200 195567 "-" "Mozilla/5.0 (compatible; bingbot/2.0; +http://www.bing.com/bingbot.htm)"
37.220.232.180 - - [24/Aug/2014:19:26:16 +0200] "GET /aktualis_elemei/bio2szulinap_elemei/image102.jpg HTTP/1.1" 200 8017 "http://www.google.hu/blank.html" "Mozilla/5.0 (Linux; U; Android 4.0.4; hu-hu; SonyST23i Build/11.0.A.5.8) AppleWebKit/534.30 (KHTML, like Gecko) Version/4.0 Mobile Safari/534.30"
185.10.125.16 - - [24/Aug/2014:19:44:05 +0200] "GET /aktualis_elemei/bio2szulinap_elemei/image106.jpg HTTP/1.1" 200 7697 "https://www.google.hu/" "Mozilla/5.0 (Windows NT 6.2; WOW64) AppleWebKit/537.36 (KHTML, like Gecko) Chrome/36.0.1985.143 Safari/537.36"
195.56.172.223 - - [24/Aug/2014:20:09:45 +0200] "GET /archiv_elemei/acitc.html HTTP/1.1" 200 13312 "-" "Mozilla/4.0 (compatible; MSIE 6.0; Windows NT 5.1; .NET CLR 1.1.4322)"
37.58.100.87 - - [24/Aug/2014:20:27:28 +0200] "GET /robots.txt HTTP/1.1" 404 1181 "-" "Mozilla/5.0 (compatible; AhrefsBot/5.0; +http://ahrefs.com/robot/)"
84.0.145.42 - - [24/Aug/2014:20:51:36 +0200] "GET /aktualis_elemei/bio2szulinap_elemei/image138.jpg HTTP/1.1" 200 9822 "http://www.google.hu/blank.html" "Mozilla/5.0 (Windows NT 6.1; WOW64) AppleWebKit/537.36 (KHTML, like Gecko) Chrome/36.0.1985.143 Safari/537.36"
208.115.113.88 - - [24/Aug/2014:21:15:15 +0200] "GET /robots.txt HTTP/1.1" 404 1181 "-" "Mozilla/5.0 (compatible; DotBot/1.1; http://www.opensiteexplorer.org/dotbot, help@moz.com)"
200.199.17.218 - - [24/Aug/2014:21:26:33 +0200] "GET / HTTP/1.1" 200 884 "http://51.semalt.com/crawler.php?u=http://greenaction.hu" "Mozilla/5.0 (Windows NT 6.1; WOW64) AppleWebKit/537.36 (KHTML, like Gecko) Chrome/36.0.1985.143 Safari/537.36"
200.199.17.218 - - [24/Aug/2014:21:26:34 +0200] "GET /pattern.jpg HTTP/1.1" 200 13798 "http://greenaction.hu/" "Mozilla/5.0 (Windows NT 6.1; WOW64) AppleWebKit/537.36 (KHTML, like Gecko) Chrome/36.0.1985.143 Safari/537.36"
150.70.173.51 - - [24/Aug/2014:21:28:20 +0200] "GET / HTTP/1.1" 200 884 "-" "Mozilla/4.0 (compatible; MSIE 8.0; Windows NT 5.1; Trident/4.0)"
208.115.113.88 - - [24/Aug/2014:21:32:54 +0200] "GET / HTTP/1.1" 200 884 "-" "Mozilla/5.0 (compatible; DotBot/1.1; http://www.opensiteexplorer.org/dotbot, help@moz.com)"
65.55.215.36 - - [24/Aug/2014:21:49:09 +0200] "GET /robots.txt HTTP/1.1" 404 1181 "-" "msnbot-media/1.1 (+http://search.msn.com/msnbot.htm)"
65.55.215.36 - - [24/Aug/2014:21:49:09 +0200] "GET /aktualis_elemei/bio2szulinap_elemei/image118.jpg HTTP/1.1" 200 9292 "-" "msnbot-media/1.1 (+http://search.msn.com/msnbot.htm)"
66.249.65.73 - - [24/Aug/2014:21:52:10 +0200] "GET /archiv_elemei/belvaros2.html HTTP/1.1" 200 12988 "-" "Mozilla/5.0 (iPhone; CPU iPhone OS 6_0 like Mac OS X) AppleWebKit/536.26 (KHTML, like Gecko) Version/6.0 Mobile/10A5376e Safari/8536.25 (compatible; Googlebot/2.1; +http://www.google.com/bot.html)"
66.249.65.65 - - [24/Aug/2014:22:19:59 +0200] "GET /aktualis_elemei/bio2szulinap_elemei/image122.jpg HTTP/1.1" 304 - "-" "Googlebot-Image/1.0"
82.145.219.57 - - [24/Aug/2014:22:58:55 +0200] "GET /aktualis_elemei/katonai.html HTTP/1.1" 200 22109 "-" "Opera/9.80 (Android; Opera Mini/7.5.35702/35.3997; U; hu) Presto/2.8.119 Version/11.10"
82.145.219.57 - - [24/Aug/2014:22:58:56 +0200] "GET /favicon.ico HTTP/1.1" 404 1181 "http://www.greenaction.hu/aktualis_elemei/katonai.html" "Opera/9.80 (Android; Opera Mini/7.5.35702/35.3997; U; hu) Presto/2.8.119 Version/11.10"
82.145.219.57 - - [24/Aug/2014:22:58:56 +0200] "GET /aktualis_elemei/katonai_elemei/image004.jpg HTTP/1.1" 200 56554 "http://www.greenaction.hu/aktualis_elemei/katonai.html" "Opera/9.80 (Android; Opera Mini/7.5.35702/35.3997; U; hu) Presto/2.8.119 Version/11.10"
82.145.219.57 - - [24/Aug/2014:22:58:56 +0200] "GET /aktualis_elemei/katonai_elemei/image001.jpg HTTP/1.1" 200 35821 "http://www.greenaction.hu/aktualis_elemei/katonai.html" "Opera/9.80 (Android; Opera Mini/7.5.35702/35.3997; U; hu) Presto/2.8.119 Version/11.10"
82.145.219.57 - - [24/Aug/2014:22:58:56 +0200] "GET /aktualis_elemei/katonai_elemei/image002.jpg HTTP/1.1" 200 34104 "http://www.greenaction.hu/aktualis_elemei/katonai.html" "Opera/9.80 (Android; Opera Mini/7.5.35702/35.3997; U; hu) Presto/2.8.119 Version/11.10"
82.145.219.57 - - [24/Aug/2014:22:58:56 +0200] "GET /aktualis_elemei/katonai_elemei/image003.jpg HTTP/1.1" 200 88392 "http://www.greenaction.hu/aktualis_elemei/katonai.html" "Opera/9.80 (Android; Opera Mini/7.5.35702/35.3997; U; hu) Presto/2.8.119 Version/11.10"
157.55.39.191 - - [24/Aug/2014:23:12:29 +0200] "GET /aktualis_elemei/fnh2008.html HTTP/1.1" 200 41031 "-" "Mozilla/5.0 (compatible; bingbot/2.0; +http://www.bing.com/bingbot.htm)"
37.58.100.80 - - [25/Aug/2014:00:01:06 +0200] "GET /aktualis_elemei/upfuzet.html HTTP/1.1" 200 13137 "-" "Mozilla/5.0 (compatible; AhrefsBot/5.0; +http://ahrefs.com/robot/)"
66.249.65.57 - - [25/Aug/2014:00:17:09 +0200] "GET /aktualis_elemei/bio2szulinap_elemei/image122.jpg HTTP/1.1" 304 - "-" "Googlebot-Image/1.0"
207.46.13.55 - - [25/Aug/2014:00:39:33 +0200] "GET / HTTP/1.1" 200 884 "-" "Mozilla/5.0 (compatible; bingbot/2.0; +http://www.bing.com/bingbot.htm)"
54.77.65.183 - - [25/Aug/2014:00:40:54 +0200] "GET /robots.txt HTTP/1.1" 404 1181 "-" "Mozilla/5.0 (compatible; JobKeresoBot; http://www.kozvetlen-allasok.hu/help.jsp jobkereso at gmail dot com)"
54.77.65.183 - - [25/Aug/2014:00:40:54 +0200] "GET / HTTP/1.1" 200 884 "-" "Mozilla/5.0 (compatible; JobKeresoBot; http://www.kozvetlen-allasok.hu/help.jsp jobkereso at gmail dot com)"
182.118.22.227 - - [25/Aug/2014:01:25:21 +0200] "GET /robots.txt HTTP/1.1" 404 1181 "http://www.greenaction.hu/robots.txt" "Mozilla/5.0 (compatible; MSIE 9.0; Windows NT 6.1; Trident/5.0); 360Spider"
54.77.100.186 - - [25/Aug/2014:01:47:16 +0200] "GET /robots.txt HTTP/1.1" 404 1181 "-" "Mozilla/5.0 ((X11; Linux x86_64) AppleWebKit/537.36 (KHTML, like Gecko) jobKereso robot Ubuntu Chromium/30.0.1599.114 url:www.kozvetlen-allasok.hu Chrome/30.0.1599.114 Safari/537.36 (email: jobkereso at gmail dot com))"
54.77.100.186 - - [25/Aug/2014:01:47:16 +0200] "GET / HTTP/1.1" 200 884 "-" "Mozilla/5.0 ((X11; Linux x86_64) AppleWebKit/537.36 (KHTML, like Gecko) jobKereso robot Ubuntu Chromium/30.0.1599.114 url:www.kozvetlen-allasok.hu Chrome/30.0.1599.114 Safari/537.36 (email: jobkereso at gmail dot com))"
66.249.65.65 - - [25/Aug/2014:02:02:50 +0200] "GET /aktualis_elemei/katonai_elemei/image004.jpg HTTP/1.1" 304 - "-" "Googlebot-Image/1.0"
66.249.65.73 - - [25/Aug/2014:02:06:41 +0200] "GET /kiadvanyaink.html HTTP/1.1" 200 4921 "-" "Mozilla/5.0 (iPhone; CPU iPhone OS 6_0 like Mac OS X) AppleWebKit/536.26 (KHTML, like Gecko) Version/6.0 Mobile/10A5376e Safari/8536.25 (compatible; Googlebot/2.1; +http://www.google.com/bot.html)"
66.249.65.57 - - [25/Aug/2014:02:43:54 +0200] "GET /hirek/fn_reszletes.pdf HTTP/1.1" 304 - "-" "Mozilla/5.0 (iPhone; CPU iPhone OS 6_0 like Mac OS X) AppleWebKit/536.26 (KHTML, like Gecko) Version/6.0 Mobile/10A5376e Safari/8536.25 (compatible; Googlebot/2.1; +http://www.google.com/bot.html)"
37.58.100.172 - - [25/Aug/2014:02:57:06 +0200] "GET / HTTP/1.1" 200 884 "-" "Mozilla/5.0 (compatible; AhrefsBot/5.0; +http://ahrefs.com/robot/)"
66.249.65.65 - - [25/Aug/2014:03:28:31 +0200] "GET /archiv.html HTTP/1.1" 304 - "-" "Mozilla/5.0 (iPhone; CPU iPhone OS 6_0 like Mac OS X) AppleWebKit/536.26 (KHTML, like Gecko) Version/6.0 Mobile/10A5376e Safari/8536.25 (compatible; Googlebot/2.1; +http://www.google.com/bot.html)"
66.249.65.57 - - [25/Aug/2014:04:35:34 +0200] "GET /archiv_elemei/veszhullgytc.html HTTP/1.1" 200 16844 "-" "Mozilla/5.0 (iPhone; CPU iPhone OS 6_0 like Mac OS X) AppleWebKit/536.26 (KHTML, like Gecko) Version/6.0 Mobile/10A5376e Safari/8536.25 (compatible; Googlebot/2.1; +http://www.google.com/bot.html)"
157.55.39.191 - - [25/Aug/2014:04:47:20 +0200] "GET /robots.txt HTTP/1.1" 404 1181 "-" "Mozilla/5.0 (compatible; bingbot/2.0; +http://www.bing.com/bingbot.htm)"
157.55.39.191 - - [25/Aug/2014:04:47:24 +0200] "GET /aktualis_elemei/ktavmuhely.html HTTP/1.1" 304 - "-" "Mozilla/5.0 (compatible; bingbot/2.0; +http://www.bing.com/bingbot.htm)"
66.249.65.73 - - [25/Aug/2014:04:53:54 +0200] "GET / HTTP/1.1" 304 - "-" "Mozilla/5.0 (compatible; Googlebot/2.1; +http://www.google.com/bot.html)"
66.249.65.73 - - [25/Aug/2014:06:05:14 +0200] "GET /kiadvany/miabio.pdf HTTP/1.1" 304 - "-" "Mozilla/5.0 (compatible; Googlebot/2.1; +http://www.google.com/bot.html)"
123.125.71.40 - - [25/Aug/2014:07:06:36 +0200] "GET / HTTP/1.1" 200 884 "-" "Mozilla/5.0 (compatible; Baiduspider/2.0; +http://www.baidu.com/search/spider.html)"
66.249.65.57 - - [25/Aug/2014:07:16:42 +0200] "GET /robots.txt HTTP/1.1" 404 1181 "-" "Mozilla/5.0 (compatible; Googlebot/2.1; +http://www.google.com/bot.html)"
66.249.65.57 - - [25/Aug/2014:07:16:42 +0200] "GET /aktualis_elemei/bio2szulinap.html HTTP/1.1" 304 - "-" "Mozilla/5.0 (compatible; Googlebot/2.1; +http://www.google.com/bot.html)"
54.166.198.190 - - [25/Aug/2014:08:06:00 +0200] "GET / HTTP/1.1" 200 884 "-" "HTTPClient/1.0 (2.4.0, ruby 1.9.3 (2013-06-27))"
37.58.100.80 - - [25/Aug/2014:08:06:29 +0200] "GET /archiv_elemei/veszhullgyetc.html HTTP/1.1" 200 7148 "-" "Mozilla/5.0 (compatible; AhrefsBot/5.0; +http://ahrefs.com/robot/)"
37.76.87.131 - - [25/Aug/2014:08:16:59 +0200] "GET /aktualis_elemei/bio2szulinap_elemei/image002.jpg HTTP/1.1" 200 13498 "http://www.greenaction.hu/aktualis_elemei/bio2szulinap.html" "Mozilla/5.0 (Linux; U; Android 4.0.3; hu-hu; MediaPad 7 Lite Build/HuaweiMediaPad) AppleWebKit/534.30 (KHTML, like Gecko) Version/4.0 Safari/534.30"
37.76.87.131 - - [25/Aug/2014:08:16:59 +0200] "GET /aktualis_elemei/bio2szulinap.html HTTP/1.1" 200 71694 "-" "Mozilla/5.0 (Linux; U; Android 4.0.3; hu-hu; MediaPad 7 Lite Build/HuaweiMediaPad) AppleWebKit/534.30 (KHTML, like Gecko) Version/4.0 Safari/534.30"
37.76.87.131 - - [25/Aug/2014:08:16:59 +0200] "GET /aktualis_elemei/bio2szulinap_elemei/image006.jpg HTTP/1.1" 200 9889 "http://www.greenaction.hu/aktualis_elemei/bio2szulinap.html" "Mozilla/5.0 (Linux; U; Android 4.0.3; hu-hu; MediaPad 7 Lite Build/HuaweiMediaPad) AppleWebKit/534.30 (KHTML, like Gecko) Version/4.0 Safari/534.30"
37.76.87.131 - - [25/Aug/2014:08:17:00 +0200] "GET /aktualis_elemei/bio2szulinap_elemei/image010.jpg HTTP/1.1" 200 13442 "http://www.greenaction.hu/aktualis_elemei/bio2szulinap.html" "Mozilla/5.0 (Linux; U; Android 4.0.3; hu-hu; MediaPad 7 Lite Build/HuaweiMediaPad) AppleWebKit/534.30 (KHTML, like Gecko) Version/4.0 Safari/534.30"
37.76.87.131 - - [25/Aug/2014:08:17:00 +0200] "GET /aktualis_elemei/bio2szulinap_elemei/image008.jpg HTTP/1.1" 200 14223 "http://www.greenaction.hu/aktualis_elemei/bio2szulinap.html" "Mozilla/5.0 (Linux; U; Android 4.0.3; hu-hu; MediaPad 7 Lite Build/HuaweiMediaPad) AppleWebKit/534.30 (KHTML, like Gecko) Version/4.0 Safari/534.30"
37.76.87.131 - - [25/Aug/2014:08:17:00 +0200] "GET /aktualis_elemei/bio2szulinap_elemei/image012.jpg HTTP/1.1" 200 11039 "http://www.greenaction.hu/aktualis_elemei/bio2szulinap.html" "Mozilla/5.0 (Linux; U; Android 4.0.3; hu-hu; MediaPad 7 Lite Build/HuaweiMediaPad) AppleWebKit/534.30 (KHTML, like Gecko) Version/4.0 Safari/534.30"
37.76.87.131 - - [25/Aug/2014:08:17:00 +0200] "GET /aktualis_elemei/bio2szulinap_elemei/image014.jpg HTTP/1.1" 200 10796 "http://www.greenaction.hu/aktualis_elemei/bio2szulinap.html" "Mozilla/5.0 (Linux; U; Android 4.0.3; hu-hu; MediaPad 7 Lite Build/HuaweiMediaPad) AppleWebKit/534.30 (KHTML, like Gecko) Version/4.0 Safari/534.30"
37.76.87.131 - - [25/Aug/2014:08:17:00 +0200] "GET /aktualis_elemei/bio2szulinap_elemei/image016.jpg HTTP/1.1" 200 7778 "http://www.greenaction.hu/aktualis_elemei/bio2szulinap.html" "Mozilla/5.0 (Linux; U; Android 4.0.3; hu-hu; MediaPad 7 Lite Build/HuaweiMediaPad) AppleWebKit/534.30 (KHTML, like Gecko) Version/4.0 Safari/534.30"
37.76.87.131 - - [25/Aug/2014:08:17:00 +0200] "GET /aktualis_elemei/bio2szulinap_elemei/image022.jpg HTTP/1.1" 200 11114 "http://www.greenaction.hu/aktualis_elemei/bio2szulinap.html" "Mozilla/5.0 (Linux; U; Android 4.0.3; hu-hu; MediaPad 7 Lite Build/HuaweiMediaPad) AppleWebKit/534.30 (KHTML, like Gecko) Version/4.0 Safari/534.30"
37.76.87.131 - - [25/Aug/2014:08:17:00 +0200] "GET /aktualis_elemei/bio2szulinap_elemei/image024.jpg HTTP/1.1" 200 12405 "http://www.greenaction.hu/aktualis_elemei/bio2szulinap.html" "Mozilla/5.0 (Linux; U; Android 4.0.3; hu-hu; MediaPad 7 Lite Build/HuaweiMediaPad) AppleWebKit/534.30 (KHTML, like Gecko) Version/4.0 Safari/534.30"
37.76.87.131 - - [25/Aug/2014:08:17:00 +0200] "GET /aktualis_elemei/bio2szulinap_elemei/image026.jpg HTTP/1.1" 200 12161 "http://www.greenaction.hu/aktualis_elemei/bio2szulinap.html" "Mozilla/5.0 (Linux; U; Android 4.0.3; hu-hu; MediaPad 7 Lite Build/HuaweiMediaPad) AppleWebKit/534.30 (KHTML, like Gecko) Version/4.0 Safari/534.30"
37.76.87.131 - - [25/Aug/2014:08:17:00 +0200] "GET /aktualis_elemei/bio2szulinap_elemei/image020.gif HTTP/1.1" 200 44876 "http://www.greenaction.hu/aktualis_elemei/bio2szulinap.html" "Mozilla/5.0 (Linux; U; Android 4.0.3; hu-hu; MediaPad 7 Lite Build/HuaweiMediaPad) AppleWebKit/534.30 (KHTML, like Gecko) Version/4.0 Safari/534.30"
