80.98.153.11 - - [16/Sep/2014:20:35:55 +0200] "GET /aktualis_elemei/bio2szulinap_elemei/image050.jpg HTTP/1.1" 200 12224 "http://www.greenaction.hu/aktualis_elemei/bio2szulinap.html" "Mozilla/5.0 (Windows NT 6.1; WOW64) AppleWebKit/537.36 (KHTML, like Gecko) Chrome/37.0.2062.120 Safari/537.36"
80.98.153.11 - - [16/Sep/2014:20:35:55 +0200] "GET /aktualis_elemei/bio2szulinap_elemei/image052.jpg HTTP/1.1" 200 11533 "http://www.greenaction.hu/aktualis_elemei/bio2szulinap.html" "Mozilla/5.0 (Windows NT 6.1; WOW64) AppleWebKit/537.36 (KHTML, like Gecko) Chrome/37.0.2062.120 Safari/537.36"
80.98.153.11 - - [16/Sep/2014:20:35:55 +0200] "GET /aktualis_elemei/bio2szulinap_elemei/image054.jpg HTTP/1.1" 200 10738 "http://www.greenaction.hu/aktualis_elemei/bio2szulinap.html" "Mozilla/5.0 (Windows NT 6.1; WOW64) AppleWebKit/537.36 (KHTML, like Gecko) Chrome/37.0.2062.120 Safari/537.36"
80.98.153.11 - - [16/Sep/2014:20:35:55 +0200] "GET /aktualis_elemei/bio2szulinap_elemei/image056.jpg HTTP/1.1" 200 10317 "http://www.greenaction.hu/aktualis_elemei/bio2szulinap.html" "Mozilla/5.0 (Windows NT 6.1; WOW64) AppleWebKit/537.36 (KHTML, like Gecko) Chrome/37.0.2062.120 Safari/537.36"
80.98.153.11 - - [16/Sep/2014:20:35:55 +0200] "GET /aktualis_elemei/bio2szulinap_elemei/image058.jpg HTTP/1.1" 200 16787 "http://www.greenaction.hu/aktualis_elemei/bio2szulinap.html" "Mozilla/5.0 (Windows NT 6.1; WOW64) AppleWebKit/537.36 (KHTML, like Gecko) Chrome/37.0.2062.120 Safari/537.36"
80.98.153.11 - - [16/Sep/2014:20:35:55 +0200] "GET /aktualis_elemei/bio2szulinap_elemei/image062.jpg HTTP/1.1" 200 10742 "http://www.greenaction.hu/aktualis_elemei/bio2szulinap.html" "Mozilla/5.0 (Windows NT 6.1; WOW64) AppleWebKit/537.36 (KHTML, like Gecko) Chrome/37.0.2062.120 Safari/537.36"
80.98.153.11 - - [16/Sep/2014:20:35:55 +0200] "GET /aktualis_elemei/bio2szulinap_elemei/image064.jpg HTTP/1.1" 200 12049 "http://www.greenaction.hu/aktualis_elemei/bio2szulinap.html" "Mozilla/5.0 (Windows NT 6.1; WOW64) AppleWebKit/537.36 (KHTML, like Gecko) Chrome/37.0.2062.120 Safari/537.36"
80.98.153.11 - - [16/Sep/2014:20:35:55 +0200] "GET /aktualis_elemei/bio2szulinap_elemei/image068.jpg HTTP/1.1" 200 7021 "http://www.greenaction.hu/aktualis_elemei/bio2szulinap.html" "Mozilla/5.0 (Windows NT 6.1; WOW64) AppleWebKit/537.36 (KHTML, like Gecko) Chrome/37.0.2062.120 Safari/537.36"
80.98.153.11 - - [16/Sep/2014:20:35:55 +0200] "GET /aktualis_elemei/bio2szulinap_elemei/image066.jpg HTTP/1.1" 200 9626 "http://www.greenaction.hu/aktualis_elemei/bio2szulinap.html" "Mozilla/5.0 (Windows NT 6.1; WOW64) AppleWebKit/537.36 (KHTML, like Gecko) Chrome/37.0.2062.120 Safari/537.36"
80.98.153.11 - - [16/Sep/2014:20:35:56 +0200] "GET /aktualis_elemei/bio2szulinap_elemei/image070.jpg HTTP/1.1" 200 9176 "http://www.greenaction.hu/aktualis_elemei/bio2szulinap.html" "Mozilla/5.0 (Windows NT 6.1; WOW64) AppleWebKit/537.36 (KHTML, like Gecko) Chrome/37.0.2062.120 Safari/537.36"
80.98.153.11 - - [16/Sep/2014:20:35:56 +0200] "GET /aktualis_elemei/bio2szulinap_elemei/image072.jpg HTTP/1.1" 200 8143 "http://www.greenaction.hu/aktualis_elemei/bio2szulinap.html" "Mozilla/5.0 (Windows NT 6.1; WOW64) AppleWebKit/537.36 (KHTML, like Gecko) Chrome/37.0.2062.120 Safari/537.36"
80.98.153.11 - - [16/Sep/2014:20:35:56 +0200] "GET /aktualis_elemei/bio2szulinap_elemei/image060.jpg HTTP/1.1" 200 16684 "http://www.greenaction.hu/aktualis_elemei/bio2szulinap.html" "Mozilla/5.0 (Windows NT 6.1; WOW64) AppleWebKit/537.36 (KHTML, like Gecko) Chrome/37.0.2062.120 Safari/537.36"
80.98.153.11 - - [16/Sep/2014:20:35:56 +0200] "GET /aktualis_elemei/bio2szulinap_elemei/image074.jpg HTTP/1.1" 200 8857 "http://www.greenaction.hu/aktualis_elemei/bio2szulinap.html" "Mozilla/5.0 (Windows NT 6.1; WOW64) AppleWebKit/537.36 (KHTML, like Gecko) Chrome/37.0.2062.120 Safari/537.36"
80.98.153.11 - - [16/Sep/2014:20:35:56 +0200] "GET /aktualis_elemei/bio2szulinap_elemei/image076.jpg HTTP/1.1" 200 9572 "http://www.greenaction.hu/aktualis_elemei/bio2szulinap.html" "Mozilla/5.0 (Windows NT 6.1; WOW64) AppleWebKit/537.36 (KHTML, like Gecko) Chrome/37.0.2062.120 Safari/537.36"
80.98.153.11 - - [16/Sep/2014:20:35:56 +0200] "GET /aktualis_elemei/bio2szulinap_elemei/image078.jpg HTTP/1.1" 200 7760 "http://www.greenaction.hu/aktualis_elemei/bio2szulinap.html" "Mozilla/5.0 (Windows NT 6.1; WOW64) AppleWebKit/537.36 (KHTML, like Gecko) Chrome/37.0.2062.120 Safari/537.36"
80.98.153.11 - - [16/Sep/2014:20:35:56 +0200] "GET /aktualis_elemei/bio2szulinap_elemei/image080.jpg HTTP/1.1" 200 9907 "http://www.greenaction.hu/aktualis_elemei/bio2szulinap.html" "Mozilla/5.0 (Windows NT 6.1; WOW64) AppleWebKit/537.36 (KHTML, like Gecko) Chrome/37.0.2062.120 Safari/537.36"
80.98.153.11 - - [16/Sep/2014:20:35:56 +0200] "GET /aktualis_elemei/bio2szulinap_elemei/image082.jpg HTTP/1.1" 200 7560 "http://www.greenaction.hu/aktualis_elemei/bio2szulinap.html" "Mozilla/5.0 (Windows NT 6.1; WOW64) AppleWebKit/537.36 (KHTML, like Gecko) Chrome/37.0.2062.120 Safari/537.36"
80.98.153.11 - - [16/Sep/2014:20:35:56 +0200] "GET /aktualis_elemei/bio2szulinap_elemei/image084.jpg HTTP/1.1" 200 7747 "http://www.greenaction.hu/aktualis_elemei/bio2szulinap.html" "Mozilla/5.0 (Windows NT 6.1; WOW64) AppleWebKit/537.36 (KHTML, like Gecko) Chrome/37.0.2062.120 Safari/537.36"
80.98.153.11 - - [16/Sep/2014:20:35:56 +0200] "GET /aktualis_elemei/bio2szulinap_elemei/image086.jpg HTTP/1.1" 200 7670 "http://www.greenaction.hu/aktualis_elemei/bio2szulinap.html" "Mozilla/5.0 (Windows NT 6.1; WOW64) AppleWebKit/537.36 (KHTML, like Gecko) Chrome/37.0.2062.120 Safari/537.36"
80.98.153.11 - - [16/Sep/2014:20:35:56 +0200] "GET /aktualis_elemei/bio2szulinap_elemei/image088.jpg HTTP/1.1" 200 7592 "http://www.greenaction.hu/aktualis_elemei/bio2szulinap.html" "Mozilla/5.0 (Windows NT 6.1; WOW64) AppleWebKit/537.36 (KHTML, like Gecko) Chrome/37.0.2062.120 Safari/537.36"
80.98.153.11 - - [16/Sep/2014:20:35:56 +0200] "GET /aktualis_elemei/bio2szulinap_elemei/image090.jpg HTTP/1.1" 200 7132 "http://www.greenaction.hu/aktualis_elemei/bio2szulinap.html" "Mozilla/5.0 (Windows NT 6.1; WOW64) AppleWebKit/537.36 (KHTML, like Gecko) Chrome/37.0.2062.120 Safari/537.36"
80.98.153.11 - - [16/Sep/2014:20:35:56 +0200] "GET /aktualis_elemei/bio2szulinap_elemei/image092.jpg HTTP/1.1" 200 7352 "http://www.greenaction.hu/aktualis_elemei/bio2szulinap.html" "Mozilla/5.0 (Windows NT 6.1; WOW64) AppleWebKit/537.36 (KHTML, like Gecko) Chrome/37.0.2062.120 Safari/537.36"
80.98.153.11 - - [16/Sep/2014:20:35:56 +0200] "GET /aktualis_elemei/bio2szulinap_elemei/image094.jpg HTTP/1.1" 200 7635 "http://www.greenaction.hu/aktualis_elemei/bio2szulinap.html" "Mozilla/5.0 (Windows NT 6.1; WOW64) AppleWebKit/537.36 (KHTML, like Gecko) Chrome/37.0.2062.120 Safari/537.36"
80.98.153.11 - - [16/Sep/2014:20:35:56 +0200] "GET /aktualis_elemei/bio2szulinap_elemei/image096.jpg HTTP/1.1" 200 8771 "http://www.greenaction.hu/aktualis_elemei/bio2szulinap.html" "Mozilla/5.0 (Windows NT 6.1; WOW64) AppleWebKit/537.36 (KHTML, like Gecko) Chrome/37.0.2062.120 Safari/537.36"
80.98.153.11 - - [16/Sep/2014:20:35:56 +0200] "GET /aktualis_elemei/bio2szulinap_elemei/image100.jpg HTTP/1.1" 200 7946 "http://www.greenaction.hu/aktualis_elemei/bio2szulinap.html" "Mozilla/5.0 (Windows NT 6.1; WOW64) AppleWebKit/537.36 (KHTML, like Gecko) Chrome/37.0.2062.120 Safari/537.36"
80.98.153.11 - - [16/Sep/2014:20:35:56 +0200] "GET /aktualis_elemei/bio2szulinap_elemei/image098.jpg HTTP/1.1" 200 8855 "http://www.greenaction.hu/aktualis_elemei/bio2szulinap.html" "Mozilla/5.0 (Windows NT 6.1; WOW64) AppleWebKit/537.36 (KHTML, like Gecko) Chrome/37.0.2062.120 Safari/537.36"
80.98.153.11 - - [16/Sep/2014:20:35:56 +0200] "GET /aktualis_elemei/bio2szulinap_elemei/image102.jpg HTTP/1.1" 200 8017 "http://www.greenaction.hu/aktualis_elemei/bio2szulinap.html" "Mozilla/5.0 (Windows NT 6.1; WOW64) AppleWebKit/537.36 (KHTML, like Gecko) Chrome/37.0.2062.120 Safari/537.36"
80.98.153.11 - - [16/Sep/2014:20:35:56 +0200] "GET /aktualis_elemei/bio2szulinap_elemei/image104.jpg HTTP/1.1" 200 8372 "http://www.greenaction.hu/aktualis_elemei/bio2szulinap.html" "Mozilla/5.0 (Windows NT 6.1; WOW64) AppleWebKit/537.36 (KHTML, like Gecko) Chrome/37.0.2062.120 Safari/537.36"
80.98.153.11 - - [16/Sep/2014:20:35:56 +0200] "GET /aktualis_elemei/bio2szulinap_elemei/image106.jpg HTTP/1.1" 200 7697 "http://www.greenaction.hu/aktualis_elemei/bio2szulinap.html" "Mozilla/5.0 (Windows NT 6.1; WOW64) AppleWebKit/537.36 (KHTML, like Gecko) Chrome/37.0.2062.120 Safari/537.36"
80.98.153.11 - - [16/Sep/2014:20:35:56 +0200] "GET /aktualis_elemei/bio2szulinap_elemei/image110.jpg HTTP/1.1" 200 8760 "http://www.greenaction.hu/aktualis_elemei/bio2szulinap.html" "Mozilla/5.0 (Windows NT 6.1; WOW64) AppleWebKit/537.36 (KHTML, like Gecko) Chrome/37.0.2062.120 Safari/537.36"
80.98.153.11 - - [16/Sep/2014:20:35:56 +0200] "GET /aktualis_elemei/bio2szulinap_elemei/image112.jpg HTTP/1.1" 200 8269 "http://www.greenaction.hu/aktualis_elemei/bio2szulinap.html" "Mozilla/5.0 (Windows NT 6.1; WOW64) AppleWebKit/537.36 (KHTML, like Gecko) Chrome/37.0.2062.120 Safari/537.36"
80.98.153.11 - - [16/Sep/2014:20:35:56 +0200] "GET /aktualis_elemei/bio2szulinap_elemei/image114.jpg HTTP/1.1" 200 6950 "http://www.greenaction.hu/aktualis_elemei/bio2szulinap.html" "Mozilla/5.0 (Windows NT 6.1; WOW64) AppleWebKit/537.36 (KHTML, like Gecko) Chrome/37.0.2062.120 Safari/537.36"
80.98.153.11 - - [16/Sep/2014:20:35:56 +0200] "GET /aktualis_elemei/bio2szulinap_elemei/image116.jpg HTTP/1.1" 200 9709 "http://www.greenaction.hu/aktualis_elemei/bio2szulinap.html" "Mozilla/5.0 (Windows NT 6.1; WOW64) AppleWebKit/537.36 (KHTML, like Gecko) Chrome/37.0.2062.120 Safari/537.36"
80.98.153.11 - - [16/Sep/2014:20:35:56 +0200] "GET /aktualis_elemei/bio2szulinap_elemei/image118.jpg HTTP/1.1" 200 9292 "http://www.greenaction.hu/aktualis_elemei/bio2szulinap.html" "Mozilla/5.0 (Windows NT 6.1; WOW64) AppleWebKit/537.36 (KHTML, like Gecko) Chrome/37.0.2062.120 Safari/537.36"
80.98.153.11 - - [16/Sep/2014:20:35:56 +0200] "GET /aktualis_elemei/bio2szulinap_elemei/image120.jpg HTTP/1.1" 200 9114 "http://www.greenaction.hu/aktualis_elemei/bio2szulinap.html" "Mozilla/5.0 (Windows NT 6.1; WOW64) AppleWebKit/537.36 (KHTML, like Gecko) Chrome/37.0.2062.120 Safari/537.36"
80.98.153.11 - - [16/Sep/2014:20:35:56 +0200] "GET /aktualis_elemei/bio2szulinap_elemei/image122.jpg HTTP/1.1" 200 8543 "http://www.greenaction.hu/aktualis_elemei/bio2szulinap.html" "Mozilla/5.0 (Windows NT 6.1; WOW64) AppleWebKit/537.36 (KHTML, like Gecko) Chrome/37.0.2062.120 Safari/537.36"
80.98.153.11 - - [16/Sep/2014:20:35:56 +0200] "GET /aktualis_elemei/bio2szulinap_elemei/image124.jpg HTTP/1.1" 200 8278 "http://www.greenaction.hu/aktualis_elemei/bio2szulinap.html" "Mozilla/5.0 (Windows NT 6.1; WOW64) AppleWebKit/537.36 (KHTML, like Gecko) Chrome/37.0.2062.120 Safari/537.36"
80.98.153.11 - - [16/Sep/2014:20:35:56 +0200] "GET /aktualis_elemei/bio2szulinap_elemei/image126.jpg HTTP/1.1" 200 9363 "http://www.greenaction.hu/aktualis_elemei/bio2szulinap.html" "Mozilla/5.0 (Windows NT 6.1; WOW64) AppleWebKit/537.36 (KHTML, like Gecko) Chrome/37.0.2062.120 Safari/537.36"
80.98.153.11 - - [16/Sep/2014:20:35:56 +0200] "GET /aktualis_elemei/bio2szulinap_elemei/image128.jpg HTTP/1.1" 200 8653 "http://www.greenaction.hu/aktualis_elemei/bio2szulinap.html" "Mozilla/5.0 (Windows NT 6.1; WOW64) AppleWebKit/537.36 (KHTML, like Gecko) Chrome/37.0.2062.120 Safari/537.36"
80.98.153.11 - - [16/Sep/2014:20:35:56 +0200] "GET /aktualis_elemei/bio2szulinap_elemei/image130.jpg HTTP/1.1" 200 7636 "http://www.greenaction.hu/aktualis_elemei/bio2szulinap.html" "Mozilla/5.0 (Windows NT 6.1; WOW64) AppleWebKit/537.36 (KHTML, like Gecko) Chrome/37.0.2062.120 Safari/537.36"
80.98.153.11 - - [16/Sep/2014:20:35:56 +0200] "GET /aktualis_elemei/bio2szulinap_elemei/image132.jpg HTTP/1.1" 200 8237 "http://www.greenaction.hu/aktualis_elemei/bio2szulinap.html" "Mozilla/5.0 (Windows NT 6.1; WOW64) AppleWebKit/537.36 (KHTML, like Gecko) Chrome/37.0.2062.120 Safari/537.36"
80.98.153.11 - - [16/Sep/2014:20:35:56 +0200] "GET /aktualis_elemei/bio2szulinap_elemei/image134.jpg HTTP/1.1" 200 10678 "http://www.greenaction.hu/aktualis_elemei/bio2szulinap.html" "Mozilla/5.0 (Windows NT 6.1; WOW64) AppleWebKit/537.36 (KHTML, like Gecko) Chrome/37.0.2062.120 Safari/537.36"
80.98.153.11 - - [16/Sep/2014:20:35:56 +0200] "GET /aktualis_elemei/bio2szulinap_elemei/image136.jpg HTTP/1.1" 200 7982 "http://www.greenaction.hu/aktualis_elemei/bio2szulinap.html" "Mozilla/5.0 (Windows NT 6.1; WOW64) AppleWebKit/537.36 (KHTML, like Gecko) Chrome/37.0.2062.120 Safari/537.36"
80.98.153.11 - - [16/Sep/2014:20:35:56 +0200] "GET /aktualis_elemei/bio2szulinap_elemei/image138.jpg HTTP/1.1" 200 9822 "http://www.greenaction.hu/aktualis_elemei/bio2szulinap.html" "Mozilla/5.0 (Windows NT 6.1; WOW64) AppleWebKit/537.36 (KHTML, like Gecko) Chrome/37.0.2062.120 Safari/537.36"
80.98.153.11 - - [16/Sep/2014:20:35:56 +0200] "GET /aktualis_elemei/bio2szulinap_elemei/image140.jpg HTTP/1.1" 200 9938 "http://www.greenaction.hu/aktualis_elemei/bio2szulinap.html" "Mozilla/5.0 (Windows NT 6.1; WOW64) AppleWebKit/537.36 (KHTML, like Gecko) Chrome/37.0.2062.120 Safari/537.36"
80.98.153.11 - - [16/Sep/2014:20:35:56 +0200] "GET /aktualis_elemei/bio2szulinap_elemei/image142.jpg HTTP/1.1" 200 9654 "http://www.greenaction.hu/aktualis_elemei/bio2szulinap.html" "Mozilla/5.0 (Windows NT 6.1; WOW64) AppleWebKit/537.36 (KHTML, like Gecko) Chrome/37.0.2062.120 Safari/537.36"
80.98.153.11 - - [16/Sep/2014:20:35:56 +0200] "GET /aktualis_elemei/bio2szulinap_elemei/image144.jpg HTTP/1.1" 200 9920 "http://www.greenaction.hu/aktualis_elemei/bio2szulinap.html" "Mozilla/5.0 (Windows NT 6.1; WOW64) AppleWebKit/537.36 (KHTML, like Gecko) Chrome/37.0.2062.120 Safari/537.36"
80.98.153.11 - - [16/Sep/2014:20:35:56 +0200] "GET /favicon.ico HTTP/1.1" 404 1181 "-" "Mozilla/5.0 (Windows NT 6.1; WOW64) AppleWebKit/537.36 (KHTML, like Gecko) Chrome/37.0.2062.120 Safari/537.36"
80.98.153.11 - - [16/Sep/2014:20:36:30 +0200] "GET /aktualis_elemei/bio2szulinap_elemei/image108.jpg HTTP/1.1" 200 9238 "-" "Mozilla/4.0 (compatible; MSIE 7.0; Windows NT 6.1; WOW64; Trident/7.0; SLCC2; .NET CLR 2.0.50727; .NET CLR 3.5.30729; .NET CLR 3.0.30729; Media Center PC 6.0; .NET4.0C; .NET4.0E; MSOffice 12)"
78.92.212.201 - - [16/Sep/2014:20:46:53 +0200] "GET /aktualis_elemei/bio2szulinap_elemei/image138.jpg HTTP/1.1" 200 9822 "-" "Mozilla/5.0 (Windows NT 6.1; rv:32.0) Gecko/20100101 Firefox/32.0"
66.249.69.209 - - [16/Sep/2014:21:11:19 +0200] "GET /aktualis_elemei/bio2szulinap.html HTTP/1.1" 304 - "-" "Mozilla/5.0 (compatible; Googlebot/2.1; +http://www.google.com/bot.html)"
207.46.13.117 - - [16/Sep/2014:21:29:21 +0200] "GET / HTTP/1.1" 200 884 "-" "Mozilla/5.0 (compatible; bingbot/2.0; +http://www.bing.com/bingbot.htm)"
130.43.213.159 - - [16/Sep/2014:21:36:14 +0200] "GET /aktualis_elemei/bio2szulinap_elemei/image138.jpg HTTP/1.1" 200 9822 "https://www.google.hu/" "Mozilla/5.0 (Windows NT 6.1; WOW64) AppleWebKit/537.36 (KHTML, like Gecko) Chrome/37.0.2062.120 Safari/537.36"
82.131.184.189 - - [16/Sep/2014:21:48:41 +0200] "GET /aktualis_elemei/bio2szulinap_elemei/image134.jpg HTTP/1.1" 200 10678 "-" "Mozilla/5.0 (Windows NT 6.1; WOW64; rv:32.0) Gecko/20100101 Firefox/32.0"
86.126.232.180 - - [16/Sep/2014:22:01:05 +0200] "GET /aktualis_elemei/bio2szulinap_elemei/image138.jpg HTTP/1.1" 200 9822 "https://www.google.hu/" "Mozilla/5.0 (Windows NT 6.1) AppleWebKit/537.36 (KHTML, like Gecko) Chrome/37.0.2062.94 Safari/537.36 OPR/24.0.1558.53"
66.249.69.209 - - [16/Sep/2014:22:18:31 +0200] "GET / HTTP/1.1" 304 - "-" "Mozilla/5.0 (compatible; Googlebot/2.1; +http://www.google.com/bot.html)"
157.55.39.248 - - [16/Sep/2014:22:20:56 +0200] "GET /robots.txt HTTP/1.1" 404 1181 "-" "Mozilla/5.0 (compatible; bingbot/2.0; +http://www.bing.com/bingbot.htm)"
66.249.69.10 - - [16/Sep/2014:22:34:30 +0200] "GET / HTTP/1.1" 200 884 "-" "Mozilla/5.0 (compatible; Googlebot/2.1; +http://www.google.com/bot.html)"
109.182.100.155 - - [16/Sep/2014:22:39:27 +0200] "GET /aktualis_elemei/bio2szulinap_elemei/image120.jpg HTTP/1.1" 200 9114 "https://www.google.si/" "Mozilla/5.0 (Windows NT 6.3) AppleWebKit/537.36 (KHTML, like Gecko) Chrome/37.0.2062.120 Safari/537.36"
95.108.158.230 - - [16/Sep/2014:22:42:53 +0200] "GET /robots.txt HTTP/1.1" 404 1181 "-" "Mozilla/5.0 (compatible; YandexBot/3.0; +http://yandex.com/bots)"
95.108.158.230 - - [16/Sep/2014:22:42:54 +0200] "GET /robots.txt HTTP/1.1" 404 1181 "-" "Mozilla/5.0 (compatible; YandexBot/3.0; +http://yandex.com/bots)"
178.154.255.129 - - [16/Sep/2014:22:42:56 +0200] "GET / HTTP/1.1" 200 884 "-" "Mozilla/5.0 (compatible; YandexBot/3.0; +http://yandex.com/bots)"
95.108.158.230 - - [16/Sep/2014:22:42:56 +0200] "GET / HTTP/1.1" 200 884 "-" "Mozilla/5.0 (compatible; YandexBot/3.0; +http://yandex.com/bots)"
5.255.195.1 - - [16/Sep/2014:22:43:00 +0200] "GET /zoldakcio.swf HTTP/1.1" 200 840351 "-" "Mozilla/5.0 (compatible; YandexBot/3.0; +http://yandex.com/bots)"
100.43.81.153 - - [16/Sep/2014:22:43:02 +0200] "GET / HTTP/1.1" 200 884 "-" "Mozilla/5.0 (compatible; YandexBot/3.0; +http://yandex.com/bots)"
95.108.158.230 - - [16/Sep/2014:22:43:05 +0200] "GET /zoldakcio.swf HTTP/1.1" 200 840351 "-" "Mozilla/5.0 (compatible; YandexBot/3.0; +http://yandex.com/bots)"
95.108.158.230 - - [16/Sep/2014:22:43:08 +0200] "GET / HTTP/1.1" 200 884 "-" "Mozilla/5.0 (compatible; YandexBot/3.0; +http://yandex.com/bots)"
100.43.85.3 - - [16/Sep/2014:22:43:13 +0200] "GET /zoldakcio.swf HTTP/1.1" 200 840351 "-" "Mozilla/5.0 (compatible; YandexBot/3.0; +http://yandex.com/bots)"
141.8.189.103 - - [16/Sep/2014:22:43:16 +0200] "GET / HTTP/1.1" 200 884 "-" "Mozilla/5.0 (compatible; YandexBot/3.0; +http://yandex.com/bots)"
95.108.158.230 - - [16/Sep/2014:22:43:19 +0200] "GET / HTTP/1.1" 200 884 "-" "Mozilla/5.0 (compatible; YandexBot/3.0; +http://yandex.com/bots)"
141.8.189.112 - - [16/Sep/2014:22:43:22 +0200] "GET /zoldakcio.swf HTTP/1.1" 200 840351 "-" "Mozilla/5.0 (compatible; YandexBot/3.0; +http://yandex.com/bots)"
95.108.158.230 - - [16/Sep/2014:22:43:28 +0200] "GET /zoldakcio.swf HTTP/1.1" 200 840351 "-" "Mozilla/5.0 (compatible; YandexBot/3.0; +http://yandex.com/bots)"
5.255.195.10 - - [16/Sep/2014:22:43:31 +0200] "GET / HTTP/1.1" 200 884 "-" "Mozilla/5.0 (compatible; YandexBot/3.0; +http://yandex.com/bots)"
199.21.99.194 - - [16/Sep/2014:22:43:33 +0200] "GET / HTTP/1.1" 200 884 "-" "Mozilla/5.0 (compatible; YandexBot/3.0; +http://yandex.com/bots)"
141.8.189.124 - - [16/Sep/2014:22:43:36 +0200] "GET / HTTP/1.1" 200 884 "-" "Mozilla/5.0 (compatible; YandexBot/3.0; +http://yandex.com/bots)"
95.108.158.230 - - [16/Sep/2014:22:43:38 +0200] "GET / HTTP/1.1" 200 884 "-" "Mozilla/5.0 (compatible; YandexBot/3.0; +http://yandex.com/bots)"
157.55.39.248 - - [16/Sep/2014:22:44:04 +0200] "GET /aktualis_elemei/bparak0929.html HTTP/1.1" 304 - "-" "Mozilla/5.0 (compatible; bingbot/2.0; +http://www.bing.com/bingbot.htm)"
180.76.6.152 - - [16/Sep/2014:23:43:15 +0200] "GET /robots.txt HTTP/1.1" 404 1181 "-" "Mozilla/5.0 (Windows NT 5.1; rv:6.0.2) Gecko/20100101 Firefox/6.0.2"
180.76.5.22 - - [16/Sep/2014:23:44:23 +0200] "GET / HTTP/1.1" 200 884 "-" "Mozilla/5.0 (compatible; Baiduspider/2.0; +http://www.baidu.com/search/spider.html)"
157.55.39.248 - - [17/Sep/2014:00:01:50 +0200] "GET /aktualis_elemei/bekamentes.html HTTP/1.1" 200 27223 "-" "Mozilla/5.0 (compatible; bingbot/2.0; +http://www.bing.com/bingbot.htm)"
66.249.69.209 - - [17/Sep/2014:00:29:30 +0200] "GET /kiadvany/miabio.pdf HTTP/1.1" 304 - "-" "Mozilla/5.0 (compatible; Googlebot/2.1; +http://www.google.com/bot.html)"
54.77.142.129 - - [17/Sep/2014:00:36:27 +0200] "GET /robots.txt HTTP/1.1" 404 1181 "-" "Mozilla/5.0 (compatible; JobKeresoBot; http://www.kozvetlen-allasok.hu/help.jsp jobkereso at gmail dot com)"
54.77.142.129 - - [17/Sep/2014:00:36:28 +0200] "GET / HTTP/1.1" 200 884 "-" "Mozilla/5.0 (compatible; JobKeresoBot; http://www.kozvetlen-allasok.hu/help.jsp jobkereso at gmail dot com)"
66.249.69.193 - - [17/Sep/2014:01:01:50 +0200] "GET /aktualis_elemei/bio2szulinap.html HTTP/1.1" 304 - "-" "Mozilla/5.0 (compatible; Googlebot/2.1; +http://www.google.com/bot.html)"
54.72.114.3 - - [17/Sep/2014:01:12:12 +0200] "GET /robots.txt HTTP/1.1" 404 1181 "-" "Mozilla/5.0 (compatible; JobKeresoBot; http://www.kozvetlen-allasok.hu/help.jsp jobkereso at gmail dot com)"
54.72.114.3 - - [17/Sep/2014:01:12:12 +0200] "GET / HTTP/1.1" 200 884 "-" "Mozilla/5.0 (compatible; JobKeresoBot; http://www.kozvetlen-allasok.hu/help.jsp jobkereso at gmail dot com)"
192.99.39.78 - - [17/Sep/2014:03:18:43 +0200] "GET /robots.txt HTTP/1.1" 404 1181 "-" "Mozilla/5.0 (compatible; meanpathbot/1.0; +http://www.meanpath.com/meanpathbot.html)"
192.99.39.78 - - [17/Sep/2014:03:18:44 +0200] "GET / HTTP/1.1" 200 884 "-" "Mozilla/5.0 (compatible; meanpathbot/1.0; +http://www.meanpath.com/meanpathbot.html)"
66.249.69.209 - - [17/Sep/2014:04:22:48 +0200] "GET /aktualis_elemei/katonai.html HTTP/1.1" 304 - "-" "Mozilla/5.0 (compatible; Googlebot/2.1; +http://www.google.com/bot.html)"
177.206.7.155 - - [17/Sep/2014:04:36:44 +0200] "GET / HTTP/1.1" 200 884 "-" "Mozilla/5.0 (Windows NT 6.1; WOW64; rv:31.0) Gecko/20100101 Firefox/31.0"
66.249.69.193 - - [17/Sep/2014:05:21:21 +0200] "GET / HTTP/1.1" 304 - "-" "Mozilla/5.0 (compatible; Googlebot/2.1; +http://www.google.com/bot.html)"
157.55.39.80 - - [17/Sep/2014:05:36:17 +0200] "GET / HTTP/1.1" 200 884 "-" "Mozilla/5.0 (compatible; bingbot/2.0; +http://www.bing.com/bingbot.htm)"
157.55.39.80 - - [17/Sep/2014:05:36:20 +0200] "GET /zoldakcio.swf HTTP/1.1" 200 840351 "-" "Mozilla/5.0 (compatible; bingbot/2.0; +http://www.bing.com/bingbot.htm)"
46.229.170.197 - - [17/Sep/2014:06:14:49 +0200] "GET / HTTP/1.1" 200 884 "-" "Mozilla/5.0 (Windows NT 6.1; Win64; x64; rv:2.0b11pre) Gecko/20110129 Firefox/4.0b11pre"
66.249.69.209 - - [17/Sep/2014:06:30:51 +0200] "GET /kiadvany/miabio.pdf HTTP/1.1" 304 - "-" "Mozilla/5.0 (compatible; Googlebot/2.1; +http://www.google.com/bot.html)"
157.55.39.80 - - [17/Sep/2014:06:35:49 +0200] "GET /robots.txt HTTP/1.1" 404 1181 "-" "Mozilla/5.0 (compatible; bingbot/2.0; +http://www.bing.com/bingbot.htm)"
66.249.69.209 - - [17/Sep/2014:06:42:18 +0200] "GET /aktualis_elemei/bio2szulinap_elemei/image054.jpg HTTP/1.1" 200 10738 "-" "Googlebot-Image/1.0"
66.249.69.193 - - [17/Sep/2014:06:57:57 +0200] "GET /aktualis_elemei/fnhv_elemei/image017.jpg HTTP/1.1" 200 11115 "-" "Googlebot-Image/1.0"
66.249.69.209 - - [17/Sep/2014:06:59:05 +0200] "GET /aktualis_elemei/fnhv_elemei/image023.jpg HTTP/1.1" 200 10309 "-" "Googlebot-Image/1.0"
66.249.69.209 - - [17/Sep/2014:07:05:06 +0200] "GET / HTTP/1.1" 200 884 "-" "DoCoMo/2.0 N905i(c100;TB;W24H16) (compatible; Googlebot-Mobile/2.1; +http://www.google.com/bot.html)"
162.210.196.130 - - [17/Sep/2014:07:41:46 +0200] "GET /robots.txt HTTP/1.0" 404 1181 "-" "Mozilla/5.0 (compatible; MJ12bot/v1.4.5; http://www.majestic12.co.uk/bot.php?+)"
162.210.196.130 - - [17/Sep/2014:07:41:47 +0200] "GET / HTTP/1.0" 200 884 "-" "Mozilla/5.0 (compatible; MJ12bot/v1.4.5; http://www.majestic12.co.uk/bot.php?+)"
66.249.69.209 - - [17/Sep/2014:07:42:16 +0200] "GET / HTTP/1.1" 200 884 "-" "SAMSUNG-SGH-E250/1.0 Profile/MIDP-2.0 Configuration/CLDC-1.1 UP.Browser/6.2.3.3.c.1.101 (GUI) MMP/2.0 (compatible; Googlebot-Mobile/2.1; +http://www.google.com/bot.html)"
66.249.69.193 - - [17/Sep/2014:07:51:45 +0200] "GET /robots.txt HTTP/1.1" 404 1181 "-" "Mozilla/5.0 (compatible; Googlebot/2.1; +http://www.google.com/bot.html)"
66.249.69.193 - - [17/Sep/2014:07:51:45 +0200] "GET /aktualis_elemei/katonai_elemei/image003.jpg HTTP/1.1" 304 - "-" "Googlebot-Image/1.0"
157.55.39.80 - - [17/Sep/2014:07:55:39 +0200] "GET /robots.txt HTTP/1.1" 404 1181 "-" "Mozilla/5.0 (compatible; bingbot/2.0; +http://www.bing.com/bingbot.htm)"
54.166.152.244 - - [17/Sep/2014:08:40:17 +0200] "GET / HTTP/1.1" 200 884 "-" "HTTPClient/1.0 (2.4.0, ruby 1.9.3 (2013-06-27))"
212.95.7.26 - - [17/Sep/2014:09:43:08 +0200] "GET /aktualis_elemei/katonai_elemei/image004.jpg HTTP/1.1" 200 56554 "-" "Mozilla/5.0 (Linux; Android 4.2.2; 6043D Build/JDQ39) AppleWebKit/537.36 (KHTML, like Gecko) Chrome/37.0.2062.117 Mobile Safari/537.36"
66.249.69.177 - - [17/Sep/2014:09:50:34 +0200] "GET /aktualis_elemei/bio2szulinap.html HTTP/1.1" 304 - "-" "Mozilla/5.0 (compatible; Googlebot/2.1; +http://www.google.com/bot.html)"
131.220.109.57 - - [17/Sep/2014:10:15:46 +0200] "GET / HTTP/1.1" 200 884 "-" "Mozilla/5.0 (Windows NT 6.3; WOW64) AppleWebKit/537.36 (KHTML, like Gecko) Chrome/35.0.1916.153 Safari/537.36; (https://net.cs.uni-bonn.de/wg/usecap/crawler)"
185.10.127.53 - - [17/Sep/2014:10:34:00 +0200] "GET /aktualis_elemei/bio2szulinap_elemei/image072.jpg HTTP/1.1" 200 8143 "http://www.google.com/blank.html" "Mozilla/5.0 (Linux; U; Android 4.0.4; hu-hu; SonyST21i Build/11.0.A.4.22) AppleWebKit/534.30 (KHTML, like Gecko) Version/4.0 Mobile Safari/534.30"
66.249.69.177 - - [17/Sep/2014:11:11:19 +0200] "GET /kiadvany/miabio.pdf HTTP/1.1" 304 - "-" "Mozilla/5.0 (compatible; Googlebot/2.1; +http://www.google.com/bot.html)"
95.108.158.230 - - [17/Sep/2014:11:27:03 +0200] "GET /robots.txt HTTP/1.1" 404 1181 "-" "Mozilla/5.0 (compatible; YandexBot/3.0; +http://yandex.com/bots)"
95.108.158.230 - - [17/Sep/2014:11:27:46 +0200] "GET /zoldakcio.swf HTTP/1.1" 200 840351 "-" "Mozilla/5.0 (compatible; YandexBot/3.0; +http://yandex.com/bots)"
66.249.69.209 - - [17/Sep/2014:12:27:18 +0200] "GET / HTTP/1.1" 304 - "-" "Mozilla/5.0 (compatible; Googlebot/2.1; +http://www.google.com/bot.html)"
157.55.39.80 - - [17/Sep/2014:13:06:20 +0200] "GET /robots.txt HTTP/1.1" 404 1181 "-" "Mozilla/5.0 (compatible; bingbot/2.0; +http://www.bing.com/bingbot.htm)"
77.111.90.197 - - [17/Sep/2014:13:32:08 +0200] "GET /archiv_elemei/acitc.html HTTP/1.1" 200 13312 "-" "Mozilla/5.0 (X11; U; Linux i686; en-US; rv:1.9.0.4) Gecko/2008111318 Ubuntu/8.10 (intrepid) Firefox/3.0.4"
66.249.69.209 - - [17/Sep/2014:13:46:54 +0200] "GET /aktualis_elemei/katonai.html HTTP/1.1" 304 - "-" "Mozilla/5.0 (compatible; Googlebot/2.1; +http://www.google.com/bot.html)"
162.216.97.178 - - [17/Sep/2014:14:43:11 +0200] "GET /wp-admin/admin-ajax.php?action=revslider_show_image&img=../wp-config.php HTTP/1.1" 404 1181 "-" "Mozilla/5.0 (Macintosh; U; Intel Mac OS X 10.6; fr; rv:1.9.2.8) Gecko/20100722 Firefox/3.6.8"
157.55.39.191 - - [17/Sep/2014:14:51:03 +0200] "GET /robots.txt HTTP/1.1" 404 1181 "-" "Mozilla/5.0 (compatible; bingbot/2.0; +http://www.bing.com/bingbot.htm)"
66.249.65.65 - - [17/Sep/2014:15:08:19 +0200] "GET /robots.txt HTTP/1.1" 404 1181 "-" "Mozilla/5.0 (compatible; Googlebot/2.1; +http://www.google.com/bot.html)"
66.249.65.65 - - [17/Sep/2014:15:08:19 +0200] "GET /aktualis_elemei/bio2szulinap.html HTTP/1.1" 304 - "-" "Mozilla/5.0 (compatible; Googlebot/2.1; +http://www.google.com/bot.html)"
157.55.39.80 - - [17/Sep/2014:15:15:46 +0200] "GET / HTTP/1.1" 200 884 "-" "Mozilla/5.0 (compatible; bingbot/2.0; +http://www.bing.com/bingbot.htm)"
66.249.65.23 - - [17/Sep/2014:15:26:24 +0200] "GET /robots.txt HTTP/1.1" 404 1181 "-" "Mozilla/5.0 (compatible; Googlebot/2.1; +http://www.google.com/bot.html)"
66.249.65.23 - - [17/Sep/2014:15:26:24 +0200] "GET / HTTP/1.1" 200 884 "-" "Mozilla/5.0 (compatible; Googlebot/2.1; +http://www.google.com/bot.html)"
84.0.21.35 - - [17/Sep/2014:15:43:10 +0200] "GET /aktualis_elemei/bio2szulinap_elemei/image138.jpg HTTP/1.1" 200 9822 "-" "Mozilla/5.0 (Windows NT 6.1; WOW64; rv:32.0) Gecko/20100101 Firefox/32.0"
157.55.39.192 - - [17/Sep/2014:15:48:34 +0200] "GET /aktualis_elemei/3.%20bioszulinap.html HTTP/1.1" 200 19660 "-" "Mozilla/5.0 (compatible; bingbot/2.0; +http://www.bing.com/bingbot.htm)"
188.156.62.229 - - [17/Sep/2014:15:58:49 +0200] "GET /aktualis_elemei/bio2szulinap_elemei/image056.jpg HTTP/1.1" 200 10317 "https://www.google.hu/" "Mozilla/5.0 (iPhone; CPU iPhone OS 6_1_6 like Mac OS X) AppleWebKit/536.26 (KHTML, like Gecko) Version/6.0 Mobile/10B500 Safari/8536.25"
66.249.65.57 - - [17/Sep/2014:16:22:58 +0200] "GET /aktualis_elemei/bio2szulinap_elemei/image126.jpg HTTP/1.1" 200 9363 "-" "Googlebot-Image/1.0"
66.249.65.73 - - [17/Sep/2014:16:26:06 +0200] "GET /kiadvany/miabio.pdf HTTP/1.1" 304 - "-" "Mozilla/5.0 (compatible; Googlebot/2.1; +http://www.google.com/bot.html)"
178.164.151.43 - - [17/Sep/2014:16:42:17 +0200] "GET /aktualis_elemei/bio2szulinap_elemei/image128.jpg HTTP/1.1" 200 8653 "https://www.google.hu/" "Mozilla/5.0 (X11; Linux x86_64) AppleWebKit/537.36 (KHTML, like Gecko) Chrome/38.0.2125.44 Safari/537.36"
68.180.224.238 - - [17/Sep/2014:16:47:46 +0200] "GET /robots.txt HTTP/1.1" 404 1181 "-" "Mozilla/5.0 (compatible; Yahoo! Slurp; http://help.yahoo.com/help/us/ysearch/slurp)"
68.180.224.238 - - [17/Sep/2014:16:47:57 +0200] "GET /kiadvany/miabio.pdf HTTP/1.1" 200 5414912 "-" "Mozilla/5.0 (compatible; Yahoo! Slurp; http://help.yahoo.com/help/us/ysearch/slurp)"
66.249.65.65 - - [17/Sep/2014:17:25:48 +0200] "GET / HTTP/1.1" 304 - "-" "Mozilla/5.0 (compatible; Googlebot/2.1; +http://www.google.com/bot.html)"
80.252.49.134 - - [17/Sep/2014:17:36:35 +0200] "GET /aktualis_elemei/bio2szulinap_elemei/image138.jpg HTTP/1.1" 200 9822 "https://www.google.hu/" "Mozilla/5.0 (Windows NT 6.1; WOW64) AppleWebKit/537.36 (KHTML, like Gecko) Chrome/37.0.2062.120 Safari/537.36"
192.99.149.88 - - [17/Sep/2014:18:00:41 +0200] "GET /robots.txt HTTP/1.1" 404 1181 "-" "Mozilla/5.0 (Windows NT 6.1; WOW64; Trident/7.0; rv:11.0) like Gecko"
192.99.149.88 - - [17/Sep/2014:18:00:41 +0200] "GET / HTTP/1.1" 200 884 "-" "Mozilla/5.0 (Windows NT 6.1; WOW64; Trident/7.0; rv:11.0) like Gecko"
66.249.65.57 - - [17/Sep/2014:18:27:19 +0200] "GET /aktualis_elemei/katonai.html HTTP/1.1" 304 - "-" "Mozilla/5.0 (compatible; Googlebot/2.1; +http://www.google.com/bot.html)"
66.249.65.73 - - [17/Sep/2014:18:40:41 +0200] "GET /aktualis_elemei/bio2szulinap_elemei/image078.jpg HTTP/1.1" 200 7760 "-" "Googlebot-Image/1.0"
66.249.65.65 - - [17/Sep/2014:18:42:03 +0200] "GET /aktualis_elemei/bio2szulinap_elemei/image060.jpg HTTP/1.1" 200 16684 "-" "Googlebot-Image/1.0"
66.249.65.73 - - [17/Sep/2014:18:44:39 +0200] "GET /aktualis_elemei/bio2szulinap_elemei/image098.jpg HTTP/1.1" 200 8855 "-" "Googlebot-Image/1.0"
66.249.65.73 - - [17/Sep/2014:18:46:00 +0200] "GET /aktualis_elemei/bio2szulinap_elemei/image050.jpg HTTP/1.1" 200 12224 "-" "Googlebot-Image/1.0"
95.108.158.230 - - [17/Sep/2014:18:46:03 +0200] "GET / HTTP/1.1" 200 884 "-" "Mozilla/5.0 (compatible; YandexBot/3.0; +http://yandex.com/bots)"
95.108.158.230 - - [17/Sep/2014:18:46:30 +0200] "GET /zoldakcio.swf HTTP/1.1" 200 840351 "-" "Mozilla/5.0 (compatible; YandexBot/3.0; +http://yandex.com/bots)"
84.2.96.64 - - [17/Sep/2014:18:46:48 +0200] "GET /aktualis_elemei/katonai_elemei/image003.jpg HTTP/1.1" 200 88392 "https://www.google.hu/" "Mozilla/5.0 (Windows NT 6.1) AppleWebKit/537.36 (KHTML, like Gecko) Chrome/37.0.2062.120 Safari/537.36"
66.249.65.65 - - [17/Sep/2014:18:47:18 +0200] "GET /aktualis_elemei/bio2szulinap_elemei/image110.jpg HTTP/1.1" 200 8760 "-" "Googlebot-Image/1.0"
87.242.51.110 - - [17/Sep/2014:18:56:03 +0200] "GET /aktualis_elemei/bio2szulinap_elemei/image072.jpg HTTP/1.1" 200 8143 "https://www.google.hu/" "Mozilla/5.0 (Windows NT 6.1) AppleWebKit/537.36 (KHTML, like Gecko) Chrome/37.0.2062.120 Safari/537.36"
178.48.69.58 - - [17/Sep/2014:18:59:49 +0200] "GET / HTTP/1.1" 200 884 "https://www.google.hu/" "Mozilla/5.0 (Windows NT 6.1; WOW64) AppleWebKit/537.36 (KHTML, like Gecko) Chrome/37.0.2062.120 Safari/537.36"
178.48.69.58 - - [17/Sep/2014:18:59:49 +0200] "GET /pattern.jpg HTTP/1.1" 200 13798 "http://www.greenaction.hu/" "Mozilla/5.0 (Windows NT 6.1; WOW64) AppleWebKit/537.36 (KHTML, like Gecko) Chrome/37.0.2062.120 Safari/537.36"
178.48.69.58 - - [17/Sep/2014:18:59:50 +0200] "GET /favicon.ico HTTP/1.1" 404 1181 "-" "Mozilla/5.0 (Windows NT 6.1; WOW64) AppleWebKit/537.36 (KHTML, like Gecko) Chrome/37.0.2062.120 Safari/537.36"
95.254.57.108 - - [17/Sep/2014:19:19:14 +0200] "GET /aktualis_elemei/katonai_elemei/image004.jpg HTTP/1.1" 200 56554 "https://www.google.ro/" "Mozilla/5.0 (iPhone; CPU iPhone OS 7_1_2 like Mac OS X) AppleWebKit/537.51.2 (KHTML, like Gecko) Version/7.0 Mobile/11D257 Safari/9537.53"
66.249.65.73 - - [17/Sep/2014:19:23:28 +0200] "GET /aktualis_elemei/bekamentes.html HTTP/1.1" 304 - "-" "Mozilla/5.0 (compatible; Googlebot/2.1; +http://www.google.com/bot.html)"
66.249.65.65 - - [17/Sep/2014:20:23:05 +0200] "GET /aktualis_elemei/bio2szulinap.html HTTP/1.1" 304 - "-" "Mozilla/5.0 (compatible; Googlebot/2.1; +http://www.google.com/bot.html)"
66.249.65.23 - - [17/Sep/2014:20:24:54 +0200] "GET / HTTP/1.1" 200 884 "-" "Mozilla/5.0 (compatible; Googlebot/2.1; +http://www.google.com/bot.html)"
207.46.13.109 - - [17/Sep/2014:20:30:47 +0200] "GET /aktualis_elemei/klimaorjaratp.html HTTP/1.1" 200 9683 "-" "Mozilla/5.0 (compatible; bingbot/2.0; +http://www.bing.com/bingbot.htm)"
66.249.65.57 - - [17/Sep/2014:20:35:22 +0200] "GET / HTTP/1.1" 304 - "-" "Mozilla/5.0 (iPhone; CPU iPhone OS 6_0 like Mac OS X) AppleWebKit/536.26 (KHTML, like Gecko) Version/6.0 Mobile/10A5376e Safari/8536.25 (compatible; Googlebot/2.1; +http://www.google.com/bot.html)"
65.55.215.44 - - [17/Sep/2014:20:36:03 +0200] "GET /robots.txt HTTP/1.1" 404 1181 "-" "msnbot-media/1.1 (+http://search.msn.com/msnbot.htm)"
65.55.215.44 - - [17/Sep/2014:20:36:03 +0200] "GET /aktualis_elemei/bio2szulinap_elemei/image132.jpg HTTP/1.1" 200 8237 "-" "msnbot-media/1.1 (+http://search.msn.com/msnbot.htm)"
91.146.139.91 - - [17/Sep/2014:20:37:59 +0200] "GET /aktualis_elemei/bio2szulinap_elemei/image138.jpg HTTP/1.1" 200 9822 "https://www.google.com/" "Mozilla/5.0 (Windows NT 6.1; WOW64) AppleWebKit/537.36 (KHTML, like Gecko) Chrome/37.0.2062.120 Safari/537.36"
91.146.139.91 - - [17/Sep/2014:20:38:12 +0200] "GET /aktualis_elemei/bio2szulinap_elemei/image134.jpg HTTP/1.1" 200 10678 "https://www.google.com/" "Mozilla/5.0 (Windows NT 6.1; WOW64) AppleWebKit/537.36 (KHTML, like Gecko) Chrome/37.0.2062.120 Safari/537.36"
91.146.139.91 - - [17/Sep/2014:20:38:18 +0200] "GET /aktualis_elemei/bio2szulinap_elemei/image136.jpg HTTP/1.1" 200 7982 "https://www.google.com/" "Mozilla/5.0 (Windows NT 6.1; WOW64) AppleWebKit/537.36 (KHTML, like Gecko) Chrome/37.0.2062.120 Safari/537.36"
65.55.215.44 - - [17/Sep/2014:20:46:56 +0200] "GET /aktualis_elemei/bio2szulinap_elemei/image128.jpg HTTP/1.1" 200 8653 "-" "msnbot-media/1.1 (+http://search.msn.com/msnbot.htm)"
46.72.212.75 - - [17/Sep/2014:22:04:27 +0200] "GET /wp-admin/admin-ajax.php?action=revslider_show_image&img=../wp-config.php HTTP/1.0" 404 1181 "-" "Mozilla/4.0 (compatible; MSIE 6.0; Windows NT 5.0; {620B1A53-188A-BF35-3109-59F28A15C0F5})"
77.111.180.99 - - [17/Sep/2014:22:08:54 +0200] "GET /aktualis_elemei/katonai_elemei/image004.jpg HTTP/1.1" 200 56554 "-" "Mozilla/5.0 (Windows NT 6.1; rv:32.0) Gecko/20100101 Firefox/32.0"
77.111.180.99 - - [17/Sep/2014:22:09:01 +0200] "GET /aktualis_elemei/katonai.html HTTP/1.1" 200 22109 "http://www.google.hu/url?sa=i&rct=j&q=&esrc=s&source=images&cd=&docid=i-WXgW8oLpxc0M&tbnid=oSbOKvrfQqDWcM:&ved=0CAUQjhw&url=http%3A%2F%2Fwww.greenaction.hu%2Faktualis_elemei%2Fkatonai.html&ei=VuoZVOX7COe7ygPes4JY&bvm=bv.75097201,d.bGQ&psig=AFQjCNHzPTOOxvfxNVDtDOr_ywvmlZzlRA&ust=1411070928622662" "Mozilla/5.0 (Windows NT 6.1; rv:32.0) Gecko/20100101 Firefox/32.0"
77.111.180.99 - - [17/Sep/2014:22:09:01 +0200] "GET /aktualis_elemei/katonai_elemei/image001.jpg HTTP/1.1" 200 35821 "http://www.greenaction.hu/aktualis_elemei/katonai.html" "Mozilla/5.0 (Windows NT 6.1; rv:32.0) Gecko/20100101 Firefox/32.0"
77.111.180.99 - - [17/Sep/2014:22:09:01 +0200] "GET /aktualis_elemei/katonai_elemei/image002.jpg HTTP/1.1" 200 34104 "http://www.greenaction.hu/aktualis_elemei/katonai.html" "Mozilla/5.0 (Windows NT 6.1; rv:32.0) Gecko/20100101 Firefox/32.0"
77.111.180.99 - - [17/Sep/2014:22:09:01 +0200] "GET /aktualis_elemei/katonai_elemei/image003.jpg HTTP/1.1" 200 88392 "http://www.greenaction.hu/aktualis_elemei/katonai.html" "Mozilla/5.0 (Windows NT 6.1; rv:32.0) Gecko/20100101 Firefox/32.0"
77.111.180.99 - - [17/Sep/2014:22:09:01 +0200] "GET /favicon.ico HTTP/1.1" 404 1181 "-" "Mozilla/5.0 (Windows NT 6.1; rv:32.0) Gecko/20100101 Firefox/32.0"
77.111.180.99 - - [17/Sep/2014:22:09:01 +0200] "GET /favicon.ico HTTP/1.1" 404 1181 "-" "Mozilla/5.0 (Windows NT 6.1; rv:32.0) Gecko/20100101 Firefox/32.0"
65.55.215.42 - - [17/Sep/2014:22:22:17 +0200] "GET /aktualis_elemei/bio2szulinap_elemei/image144.jpg HTTP/1.1" 200 9920 "-" "msnbot-media/1.1 (+http://search.msn.com/msnbot.htm)"
89.135.200.245 - - [17/Sep/2014:22:51:02 +0200] "GET /aktualis_elemei/bio2szulinap_elemei/image138.jpg HTTP/1.1" 200 9822 "https://www.google.hu/" "Mozilla/5.0 (Windows NT 6.1; WOW64) AppleWebKit/537.36 (KHTML, like Gecko) Chrome/37.0.2062.120 Safari/537.36"
89.135.200.245 - - [17/Sep/2014:22:51:12 +0200] "GET /aktualis_elemei/bio2szulinap_elemei/image136.jpg HTTP/1.1" 200 7982 "https://www.google.hu/" "Mozilla/5.0 (Windows NT 6.1; WOW64) AppleWebKit/537.36 (KHTML, like Gecko) Chrome/37.0.2062.120 Safari/537.36"
192.99.149.88 - - [17/Sep/2014:22:58:24 +0200] "GET /robots.txt HTTP/1.1" 404 1181 "-" "Mozilla/5.0 (Windows NT 6.1; WOW64; Trident/7.0; rv:11.0) like Gecko"
192.99.149.88 - - [17/Sep/2014:22:58:28 +0200] "GET / HTTP/1.1" 200 884 "-" "Mozilla/5.0 (Windows NT 6.1; WOW64; Trident/7.0; rv:11.0) like Gecko"
66.249.65.39 - - [17/Sep/2014:23:16:09 +0200] "GET / HTTP/1.1" 200 884 "-" "Mozilla/5.0 (compatible; Googlebot/2.1; +http://www.google.com/bot.html)"
86.121.214.122 - - [17/Sep/2014:23:40:59 +0200] "GET /aktualis_elemei/bio2szulinap_elemei/image120.jpg HTTP/1.0" 200 9114 "-" "Mozilla/5.0 (compatible; MSIE 10.0; Windows NT 6.1; Trident/6.0)"
180.76.6.62 - - [17/Sep/2014:23:46:54 +0200] "GET / HTTP/1.1" 200 884 "-" "Mozilla/5.0 (compatible; Baiduspider/2.0; +http://www.baidu.com/search/spider.html)"
192.99.149.88 - - [18/Sep/2014:00:36:32 +0200] "GET / HTTP/1.1" 200 884 "-" "Mozilla/5.0 (Windows NT 6.1; WOW64; Trident/7.0; rv:11.0) like Gecko"
66.249.65.57 - - [18/Sep/2014:00:47:22 +0200] "GET /aktualis_elemei/bio2szulinap_elemei/image066.jpg HTTP/1.1" 200 9626 "-" "Googlebot-Image/1.0"
66.249.65.65 - - [18/Sep/2014:01:06:25 +0200] "GET /kiadvany/miabio.pdf HTTP/1.1" 304 - "-" "Mozilla/5.0 (compatible; Googlebot/2.1; +http://www.google.com/bot.html)"
81.182.182.246 - - [18/Sep/2014:01:17:55 +0200] "GET /kiadvany/miabio.pdf HTTP/1.1" 200 346638 "https://www.google.hu/" "Mozilla/5.0 (Windows NT 5.1) AppleWebKit/537.36 (KHTML, like Gecko) Chrome/34.0.1847.137 Safari/537.36"
81.182.182.246 - - [18/Sep/2014:01:17:55 +0200] "GET /kiadvany/miabio.pdf HTTP/1.1" 206 32768 "http://www.greenaction.hu/kiadvany/miabio.pdf" "Mozilla/5.0 (Windows NT 5.1) AppleWebKit/537.36 (KHTML, like Gecko) Chrome/34.0.1847.137 Safari/537.36"
81.182.182.246 - - [18/Sep/2014:01:17:55 +0200] "GET /favicon.ico HTTP/1.1" 404 1181 "-" "Mozilla/5.0 (Windows NT 5.1) AppleWebKit/537.36 (KHTML, like Gecko) Chrome/34.0.1847.137 Safari/537.36"
81.182.182.246 - - [18/Sep/2014:01:17:56 +0200] "GET /kiadvany/miabio.pdf HTTP/1.1" 206 562718 "http://www.greenaction.hu/kiadvany/miabio.pdf" "Mozilla/5.0 (Windows NT 5.1) AppleWebKit/537.36 (KHTML, like Gecko) Chrome/34.0.1847.137 Safari/537.36"
81.182.182.246 - - [18/Sep/2014:01:17:56 +0200] "GET /kiadvany/miabio.pdf HTTP/1.1" 206 32768 "http://www.greenaction.hu/kiadvany/miabio.pdf" "Mozilla/5.0 (Windows NT 5.1) AppleWebKit/537.36 (KHTML, like Gecko) Chrome/34.0.1847.137 Safari/537.36"
81.182.182.246 - - [18/Sep/2014:01:17:57 +0200] "GET /kiadvany/miabio.pdf HTTP/1.1" 206 32768 "http://www.greenaction.hu/kiadvany/miabio.pdf" "Mozilla/5.0 (Windows NT 5.1) AppleWebKit/537.36 (KHTML, like Gecko) Chrome/34.0.1847.137 Safari/537.36"
81.182.182.246 - - [18/Sep/2014:01:17:57 +0200] "GET /kiadvany/miabio.pdf HTTP/1.1" 206 32768 "http://www.greenaction.hu/kiadvany/miabio.pdf" "Mozilla/5.0 (Windows NT 5.1) AppleWebKit/537.36 (KHTML, like Gecko) Chrome/34.0.1847.137 Safari/537.36"
81.182.182.246 - - [18/Sep/2014:01:17:57 +0200] "GET /kiadvany/miabio.pdf HTTP/1.1" 206 32768 "http://www.greenaction.hu/kiadvany/miabio.pdf" "Mozilla/5.0 (Windows NT 5.1) AppleWebKit/537.36 (KHTML, like Gecko) Chrome/34.0.1847.137 Safari/537.36"
81.182.182.246 - - [18/Sep/2014:01:17:57 +0200] "GET /kiadvany/miabio.pdf HTTP/1.1" 206 32768 "http://www.greenaction.hu/kiadvany/miabio.pdf" "Mozilla/5.0 (Windows NT 5.1) AppleWebKit/537.36 (KHTML, like Gecko) Chrome/34.0.1847.137 Safari/537.36"
81.182.182.246 - - [18/Sep/2014:01:17:58 +0200] "GET /kiadvany/miabio.pdf HTTP/1.1" 206 32768 "http://www.greenaction.hu/kiadvany/miabio.pdf" "Mozilla/5.0 (Windows NT 5.1) AppleWebKit/537.36 (KHTML, like Gecko) Chrome/34.0.1847.137 Safari/537.36"
81.182.182.246 - - [18/Sep/2014:01:17:58 +0200] "GET /kiadvany/miabio.pdf HTTP/1.1" 206 32768 "http://www.greenaction.hu/kiadvany/miabio.pdf" "Mozilla/5.0 (Windows NT 5.1) AppleWebKit/537.36 (KHTML, like Gecko) Chrome/34.0.1847.137 Safari/537.36"
81.182.182.246 - - [18/Sep/2014:01:17:58 +0200] "GET /kiadvany/miabio.pdf HTTP/1.1" 206 32768 "http://www.greenaction.hu/kiadvany/miabio.pdf" "Mozilla/5.0 (Windows NT 5.1) AppleWebKit/537.36 (KHTML, like Gecko) Chrome/34.0.1847.137 Safari/537.36"
81.182.182.246 - - [18/Sep/2014:01:17:58 +0200] "GET /kiadvany/miabio.pdf HTTP/1.1" 206 32768 "http://www.greenaction.hu/kiadvany/miabio.pdf" "Mozilla/5.0 (Windows NT 5.1) AppleWebKit/537.36 (KHTML, like Gecko) Chrome/34.0.1847.137 Safari/537.36"
81.182.182.246 - - [18/Sep/2014:01:17:58 +0200] "GET /kiadvany/miabio.pdf HTTP/1.1" 206 65536 "http://www.greenaction.hu/kiadvany/miabio.pdf" "Mozilla/5.0 (Windows NT 5.1) AppleWebKit/537.36 (KHTML, like Gecko) Chrome/34.0.1847.137 Safari/537.36"
81.182.182.246 - - [18/Sep/2014:01:17:58 +0200] "GET /kiadvany/miabio.pdf HTTP/1.1" 206 65536 "http://www.greenaction.hu/kiadvany/miabio.pdf" "Mozilla/5.0 (Windows NT 5.1) AppleWebKit/537.36 (KHTML, like Gecko) Chrome/34.0.1847.137 Safari/537.36"
81.182.182.246 - - [18/Sep/2014:01:17:59 +0200] "GET /kiadvany/miabio.pdf HTTP/1.1" 206 65536 "http://www.greenaction.hu/kiadvany/miabio.pdf" "Mozilla/5.0 (Windows NT 5.1) AppleWebKit/537.36 (KHTML, like Gecko) Chrome/34.0.1847.137 Safari/537.36"
81.182.182.246 - - [18/Sep/2014:01:17:59 +0200] "GET /kiadvany/miabio.pdf HTTP/1.1" 206 65536 "http://www.greenaction.hu/kiadvany/miabio.pdf" "Mozilla/5.0 (Windows NT 5.1) AppleWebKit/537.36 (KHTML, like Gecko) Chrome/34.0.1847.137 Safari/537.36"
81.182.182.246 - - [18/Sep/2014:01:17:59 +0200] "GET /kiadvany/miabio.pdf HTTP/1.1" 206 65536 "http://www.greenaction.hu/kiadvany/miabio.pdf" "Mozilla/5.0 (Windows NT 5.1) AppleWebKit/537.36 (KHTML, like Gecko) Chrome/34.0.1847.137 Safari/537.36"
81.182.182.246 - - [18/Sep/2014:01:17:59 +0200] "GET /kiadvany/miabio.pdf HTTP/1.1" 206 65536 "http://www.greenaction.hu/kiadvany/miabio.pdf" "Mozilla/5.0 (Windows NT 5.1) AppleWebKit/537.36 (KHTML, like Gecko) Chrome/34.0.1847.137 Safari/537.36"
81.182.182.246 - - [18/Sep/2014:01:17:59 +0200] "GET /kiadvany/miabio.pdf HTTP/1.1" 206 65536 "http://www.greenaction.hu/kiadvany/miabio.pdf" "Mozilla/5.0 (Windows NT 5.1) AppleWebKit/537.36 (KHTML, like Gecko) Chrome/34.0.1847.137 Safari/537.36"
81.182.182.246 - - [18/Sep/2014:01:18:00 +0200] "GET /kiadvany/miabio.pdf HTTP/1.1" 206 65536 "http://www.greenaction.hu/kiadvany/miabio.pdf" "Mozilla/5.0 (Windows NT 5.1) AppleWebKit/537.36 (KHTML, like Gecko) Chrome/34.0.1847.137 Safari/537.36"
81.182.182.246 - - [18/Sep/2014:01:18:00 +0200] "GET /kiadvany/miabio.pdf HTTP/1.1" 206 65536 "http://www.greenaction.hu/kiadvany/miabio.pdf" "Mozilla/5.0 (Windows NT 5.1) AppleWebKit/537.36 (KHTML, like Gecko) Chrome/34.0.1847.137 Safari/537.36"
81.182.182.246 - - [18/Sep/2014:01:18:00 +0200] "GET /kiadvany/miabio.pdf HTTP/1.1" 206 65536 "http://www.greenaction.hu/kiadvany/miabio.pdf" "Mozilla/5.0 (Windows NT 5.1) AppleWebKit/537.36 (KHTML, like Gecko) Chrome/34.0.1847.137 Safari/537.36"
81.182.182.246 - - [18/Sep/2014:01:18:00 +0200] "GET /kiadvany/miabio.pdf HTTP/1.1" 206 131072 "http://www.greenaction.hu/kiadvany/miabio.pdf" "Mozilla/5.0 (Windows NT 5.1) AppleWebKit/537.36 (KHTML, like Gecko) Chrome/34.0.1847.137 Safari/537.36"
81.182.182.246 - - [18/Sep/2014:01:18:01 +0200] "GET /kiadvany/miabio.pdf HTTP/1.1" 206 131072 "http://www.greenaction.hu/kiadvany/miabio.pdf" "Mozilla/5.0 (Windows NT 5.1) AppleWebKit/537.36 (KHTML, like Gecko) Chrome/34.0.1847.137 Safari/537.36"
81.182.182.246 - - [18/Sep/2014:01:18:01 +0200] "GET /kiadvany/miabio.pdf HTTP/1.1" 206 131072 "http://www.greenaction.hu/kiadvany/miabio.pdf" "Mozilla/5.0 (Windows NT 5.1) AppleWebKit/537.36 (KHTML, like Gecko) Chrome/34.0.1847.137 Safari/537.36"
81.182.182.246 - - [18/Sep/2014:01:18:01 +0200] "GET /kiadvany/miabio.pdf HTTP/1.1" 206 131072 "http://www.greenaction.hu/kiadvany/miabio.pdf" "Mozilla/5.0 (Windows NT 5.1) AppleWebKit/537.36 (KHTML, like Gecko) Chrome/34.0.1847.137 Safari/537.36"
81.182.182.246 - - [18/Sep/2014:01:18:02 +0200] "GET /kiadvany/miabio.pdf HTTP/1.1" 206 131072 "http://www.greenaction.hu/kiadvany/miabio.pdf" "Mozilla/5.0 (Windows NT 5.1) AppleWebKit/537.36 (KHTML, like Gecko) Chrome/34.0.1847.137 Safari/537.36"
81.182.182.246 - - [18/Sep/2014:01:18:02 +0200] "GET /kiadvany/miabio.pdf HTTP/1.1" 206 131072 "http://www.greenaction.hu/kiadvany/miabio.pdf" "Mozilla/5.0 (Windows NT 5.1) AppleWebKit/537.36 (KHTML, like Gecko) Chrome/34.0.1847.137 Safari/537.36"
81.182.182.246 - - [18/Sep/2014:01:18:03 +0200] "GET /kiadvany/miabio.pdf HTTP/1.1" 206 131072 "http://www.greenaction.hu/kiadvany/miabio.pdf" "Mozilla/5.0 (Windows NT 5.1) AppleWebKit/537.36 (KHTML, like Gecko) Chrome/34.0.1847.137 Safari/537.36"
81.182.182.246 - - [18/Sep/2014:01:18:03 +0200] "GET /kiadvany/miabio.pdf HTTP/1.1" 206 131072 "http://www.greenaction.hu/kiadvany/miabio.pdf" "Mozilla/5.0 (Windows NT 5.1) AppleWebKit/537.36 (KHTML, like Gecko) Chrome/34.0.1847.137 Safari/537.36"
81.182.182.246 - - [18/Sep/2014:01:18:03 +0200] "GET /kiadvany/miabio.pdf HTTP/1.1" 206 131072 "http://www.greenaction.hu/kiadvany/miabio.pdf" "Mozilla/5.0 (Windows NT 5.1) AppleWebKit/537.36 (KHTML, like Gecko) Chrome/34.0.1847.137 Safari/537.36"
81.182.182.246 - - [18/Sep/2014:01:18:03 +0200] "GET /kiadvany/miabio.pdf HTTP/1.1" 206 131072 "http://www.greenaction.hu/kiadvany/miabio.pdf" "Mozilla/5.0 (Windows NT 5.1) AppleWebKit/537.36 (KHTML, like Gecko) Chrome/34.0.1847.137 Safari/537.36"
81.182.182.246 - - [18/Sep/2014:01:18:04 +0200] "GET /kiadvany/miabio.pdf HTTP/1.1" 206 262144 "http://www.greenaction.hu/kiadvany/miabio.pdf" "Mozilla/5.0 (Windows NT 5.1) AppleWebKit/537.36 (KHTML, like Gecko) Chrome/34.0.1847.137 Safari/537.36"
81.182.182.246 - - [18/Sep/2014:01:18:04 +0200] "GET /kiadvany/miabio.pdf HTTP/1.1" 206 262144 "http://www.greenaction.hu/kiadvany/miabio.pdf" "Mozilla/5.0 (Windows NT 5.1) AppleWebKit/537.36 (KHTML, like Gecko) Chrome/34.0.1847.137 Safari/537.36"
207.46.13.109 - - [18/Sep/2014:02:04:23 +0200] "GET / HTTP/1.1" 200 884 "-" "Mozilla/5.0 (compatible; bingbot/2.0; +http://www.bing.com/bingbot.htm)"
66.249.65.73 - - [18/Sep/2014:02:07:54 +0200] "GET / HTTP/1.1" 304 - "-" "Mozilla/5.0 (compatible; Googlebot/2.1; +http://www.google.com/bot.html)"
208.93.7.106 - - [18/Sep/2014:02:48:06 +0200] "GET / HTTP/1.0" 200 884 "-" "=Mozilla/5.0 (Windows; U; Windows NT 6.1; en-US) AppleWebKit/534.16 (KHTML, like Gecko) Chrome/10.0.648.204 Safari/534.16"
207.46.13.109 - - [18/Sep/2014:03:19:02 +0200] "GET / HTTP/1.1" 200 884 "-" "Mozilla/5.0 (compatible; bingbot/2.0; +http://www.bing.com/bingbot.htm)"
207.46.13.109 - - [18/Sep/2014:03:21:48 +0200] "GET /zoldakcio.swf HTTP/1.1" 200 826039 "-" "Mozilla/5.0 (compatible; bingbot/2.0; +http://www.bing.com/bingbot.htm)"
192.99.39.76 - - [18/Sep/2014:03:25:47 +0200] "GET /robots.txt HTTP/1.1" 404 1181 "-" "Mozilla/5.0 (compatible; meanpathbot/1.0; +http://www.meanpath.com/meanpathbot.html)"
192.99.39.76 - - [18/Sep/2014:03:25:47 +0200] "GET / HTTP/1.1" 200 884 "-" "Mozilla/5.0 (compatible; meanpathbot/1.0; +http://www.meanpath.com/meanpathbot.html)"
66.249.65.31 - - [18/Sep/2014:04:06:42 +0200] "GET /robots.txt HTTP/1.1" 404 1181 "-" "Mozilla/5.0 (compatible; Googlebot/2.1; +http://www.google.com/bot.html)"
66.249.65.39 - - [18/Sep/2014:04:06:43 +0200] "GET / HTTP/1.1" 200 884 "-" "Mozilla/5.0 (compatible; Googlebot/2.1; +http://www.google.com/bot.html)"
66.249.65.65 - - [18/Sep/2014:04:12:08 +0200] "GET /robots.txt HTTP/1.1" 404 1181 "-" "Mozilla/5.0 (compatible; Googlebot/2.1; +http://www.google.com/bot.html)"
66.249.65.57 - - [18/Sep/2014:04:12:08 +0200] "GET /aktualis_elemei/bio2szulinap.html HTTP/1.1" 304 - "-" "Mozilla/5.0 (compatible; Googlebot/2.1; +http://www.google.com/bot.html)"
66.249.65.65 - - [18/Sep/2014:04:44:06 +0200] "GET / HTTP/1.1" 304 - "-" "Mozilla/5.0 (compatible; Googlebot/2.1; +http://www.google.com/bot.html)"
66.249.65.73 - - [18/Sep/2014:05:42:55 +0200] "GET /aktualis_elemei/katonai.html HTTP/1.1" 304 - "-" "Mozilla/5.0 (compatible; Googlebot/2.1; +http://www.google.com/bot.html)"
198.27.80.144 - - [18/Sep/2014:05:48:13 +0200] "GET /robots.txt HTTP/1.1" 404 1181 "-" "Mozilla/5.0 (compatible; ca-crawler/1.0)"
198.27.80.144 - - [18/Sep/2014:05:48:15 +0200] "GET / HTTP/1.1" 206 884 "-" "Mozilla/5.0 (compatible; ca-crawler/1.0)"
66.249.65.65 - - [18/Sep/2014:06:23:35 +0200] "GET /aktualis_elemei/bio2szulinap_elemei/image112.jpg HTTP/1.1" 200 8269 "-" "Googlebot-Image/1.0"
66.249.65.57 - - [18/Sep/2014:06:24:41 +0200] "GET /aktualis_elemei/bio2szulinap_elemei/image090.jpg HTTP/1.1" 200 7132 "-" "Googlebot-Image/1.0"
66.249.65.57 - - [18/Sep/2014:06:25:48 +0200] "GET /aktualis_elemei/bio2szulinap_elemei/image016.jpg HTTP/1.1" 200 7778 "-" "Googlebot-Image/1.0"
