176.77.131.133 - - [11/Sep/2015:22:02:05 +0200] "GET /kiadvany/miabio.pdf HTTP/1.1" 200 11291786 "http://www.google.hu/" "Mozilla/5.0 (Linux; Android 4.4.4; E2105 Build/24.0.A.5.14) AppleWebKit/537.36 (KHTML, like Gecko) Chrome/40.0.2214.109 Mobile Safari/537.36"
52.19.226.157 - - [11/Sep/2015:22:22:47 +0200] "GET /robots.txt HTTP/1.0" 404 1181 "-" "Mozilla/5.0 (compatible; JobKeresoBot; +http://www.kozvetlen-allasok.hu/help.jsp info@kozvetlen-allasok.hu)"
52.19.226.157 - - [11/Sep/2015:22:22:47 +0200] "GET / HTTP/1.0" 200 884 "-" "Mozilla/5.0 (compatible; JobKeresoBot; +http://www.kozvetlen-allasok.hu/help.jsp info@kozvetlen-allasok.hu)"
157.55.39.6 - - [11/Sep/2015:22:22:47 +0200] "GET /robots.txt HTTP/1.1" 404 1181 "-" "Mozilla/5.0 (compatible; bingbot/2.0; +http://www.bing.com/bingbot.htm)"
52.19.226.157 - - [11/Sep/2015:22:22:48 +0200] "GET /favicon.ico HTTP/1.1" 404 1181 "http://www.kozvetlen-allasok.hu" "Mozilla/5.0 (compatible; JobKeresoBot; +http://www.kozvetlen-allasok.hu/help.jsp; info@kozvetlen-allasok.hu; 5.0"
52.19.86.178 - - [11/Sep/2015:22:28:55 +0200] "GET /robots.txt HTTP/1.0" 404 1181 "-" "Mozilla/5.0 (compatible; JobKeresoBot; +http://www.kozvetlen-allasok.hu/help.jsp info@kozvetlen-allasok.hu)"
52.19.86.178 - - [11/Sep/2015:22:28:55 +0200] "GET / HTTP/1.0" 200 884 "-" "Mozilla/5.0 (compatible; JobKeresoBot; +http://www.kozvetlen-allasok.hu/help.jsp info@kozvetlen-allasok.hu)"
52.19.86.178 - - [11/Sep/2015:22:28:56 +0200] "GET /favicon.ico HTTP/1.1" 404 1181 "http://www.kozvetlen-allasok.hu" "Mozilla/5.0 (compatible; JobKeresoBot; +http://www.kozvetlen-allasok.hu/help.jsp; info@kozvetlen-allasok.hu; 5.0"
80.99.50.46 - - [11/Sep/2015:23:39:25 +0200] "GET /aktualis_elemei/bio2szulinap.html HTTP/1.1" 200 71694 "-" "Mozilla/5.0 (compatible; Googlebot/2.1; +http://www.google.com/bot.html)"
66.249.75.34 - - [12/Sep/2015:00:06:55 +0200] "GET /robots.txt HTTP/1.1" 404 1181 "-" "Mozilla/5.0 (compatible; Googlebot/2.1; +http://www.google.com/bot.html)"
66.249.75.18 - - [12/Sep/2015:00:06:56 +0200] "GET / HTTP/1.1" 200 884 "-" "Mozilla/5.0 (compatible; Googlebot/2.1; +http://www.google.com/bot.html)"
151.80.31.130 - - [12/Sep/2015:00:10:19 +0200] "GET /aktualis_elemei/biovasarszombat.html HTTP/1.1" 200 12258 "-" "Mozilla/5.0 (compatible; AhrefsBot/5.0; +http://ahrefs.com/robot/)"
213.16.81.150 - - [12/Sep/2015:00:35:10 +0200] "GET /aktualis_elemei/katonai_elemei/image003.jpg HTTP/1.1" 200 88392 "https://www.google.hu/" "Mozilla/5.0 (Windows NT 6.1; WOW64) AppleWebKit/537.36 (KHTML, like Gecko) Chrome/45.0.2454.85 Safari/537.36"
77.111.90.197 - - [12/Sep/2015:00:55:41 +0200] "GET /archiv_elemei/acitc.html HTTP/1.1" 200 13312 "-" "Mozilla/5.0 (X11; U; Linux i686; en-US; rv:1.9.0.4) Gecko/2008111318 Ubuntu/8.10 (intrepid) Firefox/3.0.4"
77.111.90.197 - - [12/Sep/2015:00:55:41 +0200] "GET /archiv_elemei/acitc.html HTTP/1.0" 200 13312 "-" "-"
201.20.179.242 - - [12/Sep/2015:01:57:11 +0200] "GET / HTTP/1.1" 200 884 "http://success-seo.com/try.php?u=http://greenaction.hu" "Mozilla/5.0 (Windows NT 6.1; WOW64) AppleWebKit/537.36 (KHTML, like Gecko) Chrome/36.0.1985.143 Safari/537.36"
201.20.179.242 - - [12/Sep/2015:01:57:11 +0200] "GET /pattern.jpg HTTP/1.1" 200 13798 "http://greenaction.hu/" "Mozilla/5.0 (Windows NT 6.1; WOW64) AppleWebKit/537.36 (KHTML, like Gecko) Chrome/36.0.1985.143 Safari/537.36"
151.80.31.130 - - [12/Sep/2015:02:03:19 +0200] "GET /aktualis_elemei/knavastc.html HTTP/1.1" 200 12073 "-" "Mozilla/5.0 (compatible; AhrefsBot/5.0; +http://ahrefs.com/robot/)"
77.111.91.57 - - [12/Sep/2015:02:39:00 +0200] "GET / HTTP/1.1" 200 884 "-" "Mozilla/5.0 (Macintosh; Intel Mac OS X 10_7_4) AppleWebKit/534.57.2 (KHTML, like Gecko) Version/5.1.7 Safari/534.57.2"
66.249.69.128 - - [12/Sep/2015:02:39:04 +0200] "GET / HTTP/1.1" 200 884 "-" "Mozilla/5.0 (compatible; Googlebot/2.1; +http://www.google.com/bot.html)"
66.249.75.34 - - [12/Sep/2015:02:45:30 +0200] "GET / HTTP/1.1" 200 884 "-" "Mozilla/5.0 (compatible; Googlebot/2.1; +http://www.google.com/bot.html)"
66.249.75.34 - - [12/Sep/2015:02:55:08 +0200] "GET / HTTP/1.1" 200 884 "-" "Mozilla/5.0 (iPhone; CPU iPhone OS 8_3 like Mac OS X) AppleWebKit/600.1.4 (KHTML, like Gecko) Version/8.0 Mobile/12F70 Safari/600.1.4 (compatible; Googlebot/2.1; +http://www.google.com/bot.html)"
207.46.13.22 - - [12/Sep/2015:03:01:53 +0200] "GET / HTTP/1.1" 200 884 "-" "Mozilla/5.0 (compatible; bingbot/2.0; +http://www.bing.com/bingbot.htm)"
180.76.15.16 - - [12/Sep/2015:03:32:38 +0200] "GET / HTTP/1.1" 304 - "-" "Mozilla/5.0 (compatible; Baiduspider/2.0; +http://www.baidu.com/search/spider.html)"
66.249.69.8 - - [12/Sep/2015:03:34:18 +0200] "GET / HTTP/1.1" 200 884 "-" "Mozilla/5.0 (iPhone; CPU iPhone OS 8_3 like Mac OS X) AppleWebKit/600.1.4 (KHTML, like Gecko) Version/8.0 Mobile/12F70 Safari/600.1.4 (compatible; Googlebot/2.1; +http://www.google.com/bot.html)"
52.22.21.235 - - [12/Sep/2015:03:38:44 +0200] "GET / HTTP/1.0" 200 884 "-" "ltx71 - (http://ltx71.com/)"
52.22.21.235 - - [12/Sep/2015:03:39:40 +0200] "GET /archiv_elemei/acitc_elemei/image003.jpg HTTP/1.0" 200 566914 "-" "ltx71 - (http://ltx71.com/)"
52.22.21.235 - - [12/Sep/2015:03:40:39 +0200] "GET /archiv_elemei/acitc_elemei/filelist.xml HTTP/1.0" 200 260 "-" "ltx71 - (http://ltx71.com/)"
52.22.21.235 - - [12/Sep/2015:03:41:39 +0200] "GET /archiv_elemei/acitc_elemei/editdata.mso HTTP/1.0" 404 1181 "-" "ltx71 - (http://ltx71.com/)"
52.22.21.235 - - [12/Sep/2015:03:43:37 +0200] "GET /archiv_elemei/1 HTTP/1.0" 404 1181 "-" "ltx71 - (http://ltx71.com/)"
52.22.21.235 - - [12/Sep/2015:03:44:37 +0200] "GET /archiv_elemei/acitc_elemei/image001.jpg HTTP/1.0" 200 606237 "-" "ltx71 - (http://ltx71.com/)"
182.118.22.205 - - [12/Sep/2015:03:55:28 +0200] "GET /robots.txt HTTP/1.1" 404 1181 "http://www.greenaction.hu/robots.txt" "Mozilla/5.0 (compatible; MSIE 9.0; Windows NT 6.1; Trident/5.0); 360Spider(compatible; HaosouSpider; http://www.haosou.com/help/help_3_2.html)"
180.76.15.7 - - [12/Sep/2015:04:18:27 +0200] "GET /kiadvany/delbukk.pdf HTTP/1.1" 200 618686 "-" "Mozilla/5.0 (compatible; Baiduspider/2.0; +http://www.baidu.com/search/spider.html)"
66.249.75.18 - - [12/Sep/2015:04:49:51 +0200] "GET / HTTP/1.1" 200 884 "-" "Mozilla/5.0 (compatible; Googlebot/2.1; +http://www.google.com/bot.html)"
68.180.228.26 - - [12/Sep/2015:05:27:30 +0200] "GET / HTTP/1.1" 304 - "-" "Mozilla/5.0 (iPhone; CPU iPhone OS 7_1 like Mac OS X) AppleWebKit (KHTML, like Gecko) Mobile (compatible; Yahoo! Slurp; http://help.yahoo.com/help/us/ysearch/slurp)"
68.180.228.26 - - [12/Sep/2015:05:27:30 +0200] "GET /zoldakcio.swf HTTP/1.1" 304 - "-" "Mozilla/5.0 (iPhone; CPU iPhone OS 7_1 like Mac OS X) AppleWebKit (KHTML, like Gecko) Mobile (compatible; Yahoo! Slurp; http://help.yahoo.com/help/us/ysearch/slurp)"
180.153.236.125 - - [12/Sep/2015:06:14:21 +0200] "GET / HTTP/1.1" 200 884 "http://greenaction.hu/" "Mozilla/5.0 (compatible; MSIE 9.0; Windows NT 6.1; Trident/5.0); 360Spider(compatible; HaosouSpider; http://www.haosou.com/help/help_3_2.html)"
182.118.54.75 - - [12/Sep/2015:06:14:23 +0200] "GET / HTTP/1.1" 200 884 "-" "Mozilla/4.0 (compatible; MSIE 8.0; Windows NT 6.1; Trident/4.0; SLCC2; .NET CLR 2.0.50727; .NET CLR 3.5.30729; .NET CLR 3.0.30729; Media Center PC 6.0)"
104.131.186.156 - - [12/Sep/2015:07:10:05 +0200] "GET / HTTP/1.1" 200 884 "-" "Digincore crawler bot. See https://www.digincore.com/crawler.html for rules and instructions."
180.153.236.63 - - [12/Sep/2015:07:27:24 +0200] "GET / HTTP/1.1" 200 884 "http://www.greenaction.hu/" "Mozilla/5.0 (compatible; MSIE 9.0; Windows NT 6.1; Trident/5.0); 360Spider(compatible; HaosouSpider; http://www.haosou.com/help/help_3_2.html)"
182.118.44.84 - - [12/Sep/2015:07:27:25 +0200] "GET / HTTP/1.1" 200 884 "-" "Mozilla/4.0 (compatible; MSIE 8.0; Windows NT 6.1; Trident/4.0; SLCC2; .NET CLR 2.0.50727; .NET CLR 3.5.30729; .NET CLR 3.0.30729; Media Center PC 6.0)"
89.133.3.182 - - [12/Sep/2015:08:26:31 +0200] "GET /aktualis_elemei/bio2szulinap_elemei/image132.jpg HTTP/1.1" 200 8237 "https://www.google.hu" "Mozilla/5.0 (Windows NT 6.1; rv:40.0) Gecko/20100101 Firefox/40.0"
66.249.75.26 - - [12/Sep/2015:08:45:04 +0200] "GET / HTTP/1.1" 200 884 "-" "Mozilla/5.0 (compatible; Googlebot/2.1; +http://www.google.com/bot.html)"
185.38.251.209 - - [12/Sep/2015:09:55:43 +0200] "GET / HTTP/1.0" 200 884 "http://greenaction.hu" "Mozilla/5.0 (Windows NT 6.3; WOW64; rv:37.0) Gecko/20100101 Firefox/37.0"
180.76.15.30 - - [12/Sep/2015:10:00:05 +0200] "GET /aktualis_elemei/belvarosi%20biovasar%20arai%202007.%20tel.doc HTTP/1.1" 200 324608 "-" "Mozilla/5.0 (compatible; Baiduspider/2.0; +http://www.baidu.com/search/spider.html)"
66.249.75.34 - - [12/Sep/2015:10:37:04 +0200] "GET / HTTP/1.1" 200 884 "-" "Mozilla/5.0 (compatible; Googlebot/2.1; +http://www.google.com/bot.html)"
87.229.87.255 - - [12/Sep/2015:10:54:19 +0200] "GET /aktualis_elemei/bio2szulinap_elemei/image118.jpg HTTP/1.1" 200 9292 "https://www.google.hu" "Mozilla/5.0 (Windows NT 6.1; WOW64; rv:40.0) Gecko/20100101 Firefox/40.0"
84.0.215.38 - - [12/Sep/2015:11:21:53 +0200] "GET /aktualis_elemei/bekamentes_elemei/image003.jpg HTTP/1.1" 200 18979 "https://www.google.hu/" "Mozilla/5.0 (Windows NT 6.1) AppleWebKit/537.36 (KHTML, like Gecko) Chrome/45.0.2454.85 Safari/537.36"
31.46.50.174 - - [12/Sep/2015:11:30:33 +0200] "GET /aktualis_elemei/bio2szulinap_elemei/image090.jpg HTTP/1.1" 200 7132 "-" "Mozilla/5.0 (Windows NT 6.1; WOW64) AppleWebKit/537.36 (KHTML, like Gecko) Chrome/45.0.2454.85 Safari/537.36"
66.249.75.18 - - [12/Sep/2015:11:39:29 +0200] "GET / HTTP/1.1" 200 884 "-" "SAMSUNG-SGH-E250/1.0 Profile/MIDP-2.0 Configuration/CLDC-1.1 UP.Browser/6.2.3.3.c.1.101 (GUI) MMP/2.0 (compatible; Googlebot-Mobile/2.1; +http://www.google.com/bot.html)"
31.171.234.77 - - [12/Sep/2015:11:55:13 +0200] "GET /aktualis_elemei/bio2szulinap_elemei/image056.jpg HTTP/1.1" 200 10317 "https://www.google.hu/" "Mozilla/5.0 (Linux; Android 5.0.2; SM-A300FU Build/LRX22G) AppleWebKit/537.36 (KHTML, like Gecko) Chrome/45.0.2454.84 Mobile Safari/537.36"
151.80.31.130 - - [12/Sep/2015:11:57:05 +0200] "GET /aktualis.html HTTP/1.1" 200 104235 "-" "Mozilla/5.0 (compatible; AhrefsBot/5.0; +http://ahrefs.com/robot/)"
188.165.15.191 - - [12/Sep/2015:12:08:41 +0200] "GET /robots.txt HTTP/1.1" 404 1181 "-" "Mozilla/5.0 (compatible; AhrefsBot/5.0; +http://ahrefs.com/robot/)"
66.249.75.34 - - [12/Sep/2015:12:55:12 +0200] "GET /robots.txt HTTP/1.1" 404 1181 "-" "Mozilla/5.0 (compatible; Googlebot/2.1; +http://www.google.com/bot.html)"
66.249.75.18 - - [12/Sep/2015:12:55:13 +0200] "GET /kiadvany/miabio.jpg HTTP/1.1" 304 - "-" "Googlebot-Image/1.0"
66.249.75.26 - - [12/Sep/2015:13:02:36 +0200] "GET /kiadvany/miskolchvte.jpg HTTP/1.1" 304 - "-" "Googlebot-Image/1.0"
66.249.75.26 - - [12/Sep/2015:13:03:29 +0200] "GET /kiadvany/agrark.jpg HTTP/1.1" 304 - "-" "Googlebot-Image/1.0"
66.249.75.26 - - [12/Sep/2015:13:05:13 +0200] "GET /aktualis_elemei/katonai_elemei/image004.jpg HTTP/1.1" 304 - "-" "Googlebot-Image/1.0"
66.249.75.18 - - [12/Sep/2015:13:06:06 +0200] "GET /kiadvany/riport.jpg HTTP/1.1" 304 - "-" "Googlebot-Image/1.0"
66.249.75.18 - - [12/Sep/2015:13:06:58 +0200] "GET /kiadvany/delbukk.jpg HTTP/1.1" 304 - "-" "Googlebot-Image/1.0"
66.249.75.26 - - [12/Sep/2015:13:10:27 +0200] "GET /aktualis_elemei/katonai_elemei/image001.jpg HTTP/1.1" 304 - "-" "Googlebot-Image/1.0"
66.249.75.26 - - [12/Sep/2015:13:26:08 +0200] "GET /aktualis_elemei/katonai_elemei/image002.jpg HTTP/1.1" 304 - "-" "Googlebot-Image/1.0"
66.249.75.34 - - [12/Sep/2015:13:27:01 +0200] "GET /aktualis_elemei/bio2szulinap_elemei/image122.jpg HTTP/1.1" 304 - "-" "Googlebot-Image/1.0"
151.80.31.130 - - [12/Sep/2015:13:30:00 +0200] "GET / HTTP/1.1" 200 884 "-" "Mozilla/5.0 (compatible; AhrefsBot/5.0; +http://ahrefs.com/robot/)"
66.249.75.26 - - [12/Sep/2015:13:52:17 +0200] "GET /aktualis_elemei/bio2szulinap_elemei/image132.jpg HTTP/1.1" 304 - "-" "Googlebot-Image/1.0"
66.249.75.26 - - [12/Sep/2015:13:54:02 +0200] "GET /aktualis_elemei/bio2szulinap_elemei/image128.jpg HTTP/1.1" 304 - "-" "Googlebot-Image/1.0"
92.249.189.172 - - [12/Sep/2015:13:58:55 +0200] "GET / HTTP/1.0" 200 884 "http://greenaction.hu" "Mozilla/4.0 (compatible; MSIE 6.0; Windows NT 5.1; en) Opera 8.50"
87.229.87.163 - - [12/Sep/2015:14:01:45 +0200] "GET /aktualis_elemei/bio2szulinap_elemei/image132.jpg HTTP/1.1" 200 8237 "https://www.google.hu/" "Mozilla/5.0 (Linux; Android 5.1.1; D5803 Build/23.4.A.0.546) AppleWebKit/537.36 (KHTML, like Gecko) Version/4.0 Chrome/40.0.2214.89 Mobile Safari/537.36"
204.12.251.37 - - [12/Sep/2015:14:08:50 +0200] "GET / HTTP/1.1" 200 884 "-" "Mozilla/4.0 (compatible; MSIE 6.0; Windows NT 5.1; en)"
5.187.168.111 - - [12/Sep/2015:14:47:24 +0200] "GET /aktualis_elemei/bio2szulinap_elemei/image132.jpg HTTP/1.1" 200 8237 "https://www.google.hu/" "Mozilla/5.0 (iPhone; CPU iPhone OS 8_4_1 like Mac OS X) AppleWebKit/600.1.4 (KHTML, like Gecko) Version/8.0 Mobile/12H321 Safari/600.1.4"
157.55.39.6 - - [12/Sep/2015:14:55:07 +0200] "GET /aktualis_elemei/fnhv_elemei/image023.jpg HTTP/1.1" 200 10309 "-" "Mozilla/5.0 (compatible; bingbot/2.0; +http://www.bing.com/bingbot.htm)"
94.44.252.12 - - [12/Sep/2015:14:56:59 +0200] "GET /aktualis_elemei/bio2szulinap_elemei/image132.jpg HTTP/1.1" 200 8237 "-" "Mozilla/5.0 (Linux; U; Android 4.3; hu-hu; C1905 Build/15.4.A.1.9) AppleWebKit/534.30 (KHTML, like Gecko) Version/4.0 Mobile Safari/534.30 GSA/5.1.17.16.arm"
94.44.252.12 - - [12/Sep/2015:14:57:21 +0200] "GET /aktualis_elemei/bio2szulinap_elemei/image134.jpg HTTP/1.1" 200 10678 "-" "Mozilla/5.0 (Linux; U; Android 4.3; hu-hu; C1905 Build/15.4.A.1.9) AppleWebKit/534.30 (KHTML, like Gecko) Version/4.0 Mobile Safari/534.30 GSA/5.1.17.16.arm"
207.46.13.160 - - [12/Sep/2015:15:11:07 +0200] "GET / HTTP/1.1" 200 884 "-" "Mozilla/5.0 (compatible; bingbot/2.0; +http://www.bing.com/bingbot.htm)"
78.30.130.48 - - [12/Sep/2015:15:26:20 +0200] "GET /aktualis_elemei/bio2szulinap_elemei/image056.jpg HTTP/1.1" 200 10317 "https://www.google.rs/" "Mozilla/5.0 (Windows NT 6.3; WOW64) AppleWebKit/537.36 (KHTML, like Gecko) Chrome/45.0.2454.85 Safari/537.36"
87.219.0.216 - - [12/Sep/2015:15:33:09 +0200] "GET / HTTP/1.1" 200 884 "http://success-seo.com/try.php?u=http://greenaction.hu" "Mozilla/5.0 (Windows NT 6.1; WOW64) AppleWebKit/537.36 (KHTML, like Gecko) Chrome/36.0.1985.143 Safari/537.36"
87.219.0.216 - - [12/Sep/2015:15:33:10 +0200] "GET /pattern.jpg HTTP/1.1" 200 13798 "http://greenaction.hu/" "Mozilla/5.0 (Windows NT 6.1; WOW64) AppleWebKit/537.36 (KHTML, like Gecko) Chrome/36.0.1985.143 Safari/537.36"
66.249.69.128 - - [12/Sep/2015:15:35:19 +0200] "GET /robots.txt HTTP/1.1" 404 1181 "-" "Mozilla/5.0 (compatible; Googlebot/2.1; +http://www.google.com/bot.html)"
66.249.69.120 - - [12/Sep/2015:15:35:19 +0200] "GET / HTTP/1.1" 200 884 "-" "Mozilla/5.0 (compatible; Googlebot/2.1; +http://www.google.com/bot.html)"
185.38.249.55 - - [12/Sep/2015:15:49:02 +0200] "GET / HTTP/1.0" 200 884 "http://greenaction.hu" "Mozilla/5.0 (Windows NT 6.3; WOW64; rv:37.0) Gecko/20100101 Firefox/37.0"
157.55.39.145 - - [12/Sep/2015:16:00:27 +0200] "GET /aktualis_elemei/1000szel.html HTTP/1.1" 304 - "-" "Mozilla/5.0 (compatible; bingbot/2.0; +http://www.bing.com/bingbot.htm)"
92.249.189.172 - - [12/Sep/2015:16:02:38 +0200] "GET / HTTP/1.0" 200 884 "http://greenaction.hu" "Mozilla/5.0 (Windows NT 6.3; WOW64) AppleWebKit/537.36 (KHTML, like Gecko) Chrome/34.0.1847.137 Safari/537.36"
95.108.158.211 - - [12/Sep/2015:16:11:53 +0200] "GET /robots.txt HTTP/1.1" 404 1181 "-" "Mozilla/5.0 (compatible; YandexBot/3.0; +http://yandex.com/bots)"
141.8.143.158 - - [12/Sep/2015:16:11:57 +0200] "GET / HTTP/1.1" 200 884 "-" "Mozilla/5.0 (compatible; YandexBot/3.0; +http://yandex.com/bots)"
141.8.142.9 - - [12/Sep/2015:16:12:01 +0200] "GET /zoldakcio.swf HTTP/1.1" 200 840351 "-" "Mozilla/5.0 (compatible; YandexBot/3.0; +http://yandex.com/bots)"
194.187.168.25 - - [12/Sep/2015:16:17:03 +0200] "GET /robots.txt HTTP/1.0" 404 1181 "-" "Mozilla/5.0 (compatible; Qwantify/2.1n; +https://www.qwant.com/)/*"
194.187.168.25 - - [12/Sep/2015:16:17:03 +0200] "GET / HTTP/1.0" 200 884 "-" "Mozilla/5.0 (compatible; Qwantify/2.1n; +https://www.qwant.com/)/*"
151.80.31.130 - - [12/Sep/2015:16:45:36 +0200] "GET /aktualis_elemei/hk2006.html HTTP/1.1" 200 16289 "-" "Mozilla/5.0 (compatible; AhrefsBot/5.0; +http://ahrefs.com/robot/)"
123.125.71.42 - - [12/Sep/2015:17:30:29 +0200] "GET /robots.txt HTTP/1.1" 404 1181 "-" "Mozilla/5.0 (Windows NT 5.1; rv:6.0.2) Gecko/20100101 Firefox/6.0.2"
123.125.71.13 - - [12/Sep/2015:17:31:03 +0200] "GET /aktualis_elemei/belvarosi%20biovasar%20arai%202007.%20tel.doc HTTP/1.1" 200 36145 "-" "Mozilla/5.0 (compatible; Baiduspider/2.0; +http://www.baidu.com/search/spider.html)"
123.125.71.22 - - [12/Sep/2015:18:04:07 +0200] "GET /kiadvany/delbukk.pdf HTTP/1.1" 200 33226 "-" "Mozilla/5.0 (compatible; Baiduspider/2.0; +http://www.baidu.com/search/spider.html)"
88.132.177.105 - - [12/Sep/2015:19:03:52 +0200] "GET /aktualis_elemei/bio2szulinap_elemei/image056.jpg HTTP/1.1" 200 10317 "https://www.google.hu/" "Mozilla/5.0 (Windows NT 5.1) AppleWebKit/537.36 (KHTML, like Gecko) Chrome/45.0.2454.85 Safari/537.36"
151.80.31.130 - - [12/Sep/2015:19:04:58 +0200] "GET / HTTP/1.1" 200 884 "-" "Mozilla/5.0 (compatible; AhrefsBot/5.0; +http://ahrefs.com/robot/)"
5.255.253.53 - - [12/Sep/2015:19:31:40 +0200] "GET / HTTP/1.1" 200 884 "-" "Mozilla/5.0 (compatible; YandexBot/3.0; +http://yandex.com/bots)"
5.255.253.63 - - [12/Sep/2015:19:31:45 +0200] "GET /zoldakcio.swf HTTP/1.1" 200 840351 "-" "Mozilla/5.0 (compatible; YandexBot/3.0; +http://yandex.com/bots)"
66.249.75.34 - - [12/Sep/2015:19:47:11 +0200] "GET / HTTP/1.1" 200 884 "-" "Mozilla/5.0 (iPhone; CPU iPhone OS 8_3 like Mac OS X) AppleWebKit/600.1.4 (KHTML, like Gecko) Version/8.0 Mobile/12F70 Safari/600.1.4 (compatible; Googlebot/2.1; +http://www.google.com/bot.html)"
207.90.2.6 - - [12/Sep/2015:19:52:14 +0200] "GET / HTTP/1.0" 200 884 "-" "=Mozilla/5.0 (Windows; U; Windows NT 6.1; en-US) AppleWebKit/534.16 (KHTML, like Gecko) Chrome/10.0.648.204 Safari/534.16"
81.182.7.202 - - [12/Sep/2015:20:07:16 +0200] "GET /aktualis_elemei/bio2szulinap_elemei/image132.jpg HTTP/1.1" 200 8237 "https://www.google.hu" "Mozilla/5.0 (Windows NT 6.1; WOW64; rv:40.0) Gecko/20100101 Firefox/40.0"
172.88.62.103 - - [12/Sep/2015:20:25:46 +0200] "GET /aktualis_elemei/bio2szulinap_elemei/image132.jpg HTTP/1.1" 200 8237 "https://www.google.com/" "Mozilla/5.0 (Windows NT 6.3; WOW64) AppleWebKit/537.36 (KHTML, like Gecko) Chrome/45.0.2454.85 Safari/537.36"
89.47.209.168 - - [12/Sep/2015:21:07:17 +0200] "GET / HTTP/1.1" 200 884 "http://success-seo.com/try.php?u=http://greenaction.hu" "Mozilla/5.0 (Windows NT 6.1; WOW64) AppleWebKit/537.36 (KHTML, like Gecko) Chrome/36.0.1985.143 Safari/537.36"
89.47.209.168 - - [12/Sep/2015:21:07:19 +0200] "GET /pattern.jpg HTTP/1.1" 200 13798 "http://greenaction.hu/" "Mozilla/5.0 (Windows NT 6.1; WOW64) AppleWebKit/537.36 (KHTML, like Gecko) Chrome/36.0.1985.143 Safari/537.36"
182.118.25.204 - - [12/Sep/2015:21:35:08 +0200] "GET / HTTP/1.1" 200 884 "http://www.greenaction.hu/" "Mozilla/5.0 (compatible; MSIE 9.0; Windows NT 6.1; Trident/5.0); 360Spider(compatible; HaosouSpider; http://www.haosou.com/help/help_3_2.html)"
182.118.44.144 - - [12/Sep/2015:21:35:08 +0200] "GET / HTTP/1.1" 200 884 "-" "Mozilla/4.0 (compatible; MSIE 8.0; Windows NT 6.1; Trident/4.0; SLCC2; .NET CLR 2.0.50727; .NET CLR 3.5.30729; .NET CLR 3.0.30729; Media Center PC 6.0)"
66.249.75.26 - - [12/Sep/2015:22:02:48 +0200] "GET /aktualis_elemei/katonai_elemei/image003.jpg HTTP/1.1" 304 - "-" "Googlebot-Image/1.0"
157.55.39.6 - - [12/Sep/2015:22:53:08 +0200] "GET /robots.txt HTTP/1.1" 404 1181 "-" "Mozilla/5.0 (compatible; bingbot/2.0; +http://www.bing.com/bingbot.htm)"
157.55.39.6 - - [12/Sep/2015:22:53:22 +0200] "GET /kiadvany/miskolchvte.pdf HTTP/1.1" 200 4059249 "-" "Mozilla/5.0 (iPhone; CPU iPhone OS 7_0 like Mac OS X) AppleWebKit/537.51.1 (KHTML, like Gecko) Version/7.0 Mobile/11A465 Safari/9537.53 (compatible; bingbot/2.0; http://www.bing.com/bingbot.htm)"
83.233.207.74 - - [12/Sep/2015:23:18:54 +0200] "GET / HTTP/1.1" 200 884 "-" "Mozilla/4.0 (CMS Crawler: http://www.cmscrawler.com)"
85.66.94.247 - - [13/Sep/2015:00:12:48 +0200] "GET /aktualis_elemei/bio2szulinap_elemei/image074.jpg HTTP/1.1" 200 8857 "https://www.google.hu/" "Mozilla/5.0 (Windows NT 10.0; WOW64) AppleWebKit/537.36 (KHTML, like Gecko) Chrome/45.0.2454.85 Safari/537.36"
68.180.228.26 - - [13/Sep/2015:00:35:09 +0200] "GET /robots.txt HTTP/1.1" 404 1181 "-" "Mozilla/5.0 (compatible; Yahoo! Slurp; http://help.yahoo.com/help/us/ysearch/slurp)"
68.180.228.26 - - [13/Sep/2015:00:35:10 +0200] "GET / HTTP/1.1" 304 - "-" "Mozilla/5.0 (iPhone; CPU iPhone OS 7_1 like Mac OS X) AppleWebKit (KHTML, like Gecko) Mobile (compatible; Yahoo! Slurp; http://help.yahoo.com/help/us/ysearch/slurp)"
68.180.228.26 - - [13/Sep/2015:00:35:10 +0200] "GET /zoldakcio.swf HTTP/1.1" 304 - "-" "Mozilla/5.0 (iPhone; CPU iPhone OS 7_1 like Mac OS X) AppleWebKit (KHTML, like Gecko) Mobile (compatible; Yahoo! Slurp; http://help.yahoo.com/help/us/ysearch/slurp)"
203.133.170.214 - - [13/Sep/2015:01:59:25 +0200] "GET / HTTP/1.1" 200 884 "-" "Mozilla/5.0 (compatible; MSIE or Firefox mutant; not on Windows server;) Daumoa 4.0"
203.133.170.214 - - [13/Sep/2015:01:59:32 +0200] "GET /robots.txt HTTP/1.1" 404 1181 "-" "Mozilla/5.0 (compatible; MSIE or Firefox mutant; not on Windows server;) Daumoa 4.0"
203.133.170.214 - - [13/Sep/2015:01:59:37 +0200] "GET /zoldakcio.swf HTTP/1.1" 200 840351 "-" "Mozilla/5.0 (compatible; MSIE or Firefox mutant; not on Windows server;) Daumoa 4.0"
66.249.69.120 - - [13/Sep/2015:02:26:12 +0200] "GET / HTTP/1.1" 200 884 "-" "Mozilla/5.0 (iPhone; CPU iPhone OS 8_3 like Mac OS X) AppleWebKit/600.1.4 (KHTML, like Gecko) Version/8.0 Mobile/12F70 Safari/600.1.4 (compatible; Googlebot/2.1; +http://www.google.com/bot.html)"
207.46.13.160 - - [13/Sep/2015:03:04:44 +0200] "GET / HTTP/1.1" 200 884 "-" "Mozilla/5.0 (compatible; bingbot/2.0; +http://www.bing.com/bingbot.htm)"
157.55.39.6 - - [13/Sep/2015:03:21:22 +0200] "GET /aktualis_elemei/hkszirmamtp.html HTTP/1.1" 304 - "-" "Mozilla/5.0 (compatible; bingbot/2.0; +http://www.bing.com/bingbot.htm)"
46.165.197.142 - - [13/Sep/2015:03:34:33 +0200] "GET /robots.txt HTTP/1.0" 404 1181 "-" "Mozilla/5.0 (compatible; MJ12bot/v1.4.5; http://www.majestic12.co.uk/bot.php?+)"
46.165.197.142 - - [13/Sep/2015:03:34:35 +0200] "GET / HTTP/1.0" 200 884 "-" "Mozilla/5.0 (compatible; MJ12bot/v1.4.5; http://www.majestic12.co.uk/bot.php?+)"
46.165.197.142 - - [13/Sep/2015:03:34:36 +0200] "GET /robots.txt HTTP/1.0" 404 1181 "-" "Mozilla/5.0 (compatible; MJ12bot/v1.4.5; http://www.majestic12.co.uk/bot.php?+)"
46.165.197.142 - - [13/Sep/2015:03:34:37 +0200] "GET / HTTP/1.0" 200 884 "-" "Mozilla/5.0 (compatible; MJ12bot/v1.4.5; http://www.majestic12.co.uk/bot.php?+)"
65.55.215.34 - - [13/Sep/2015:03:40:26 +0200] "GET /robots.txt HTTP/1.1" 404 1181 "-" "msnbot-media/1.1 (+http://search.msn.com/msnbot.htm)"
65.55.215.34 - - [13/Sep/2015:03:40:26 +0200] "GET /aktualis_elemei/bio2szulinap_elemei/image110.jpg HTTP/1.1" 200 8760 "-" "msnbot-media/1.1 (+http://search.msn.com/msnbot.htm)"
123.30.175.230 - - [13/Sep/2015:04:24:19 +0200] "GET /robots.txt HTTP/1.1" 404 1181 "-" "Mozilla/5.0 (compatible; coccoc/1.0; +http://help.coccoc.com/)"
123.30.175.226 - - [13/Sep/2015:04:24:23 +0200] "GET / HTTP/1.1" 200 884 "-" "Mozilla/5.0 (compatible; coccoc/1.0; +http://help.coccoc.com/)"
123.30.175.227 - - [13/Sep/2015:04:24:27 +0200] "GET /robots.txt HTTP/1.1" 404 1181 "-" "Mozilla/5.0 (compatible; coccoc/1.0; +http://help.coccoc.com/)"
123.30.175.227 - - [13/Sep/2015:04:24:32 +0200] "GET / HTTP/1.1" 200 884 "-" "Mozilla/5.0 (compatible; coccoc/1.0; +http://help.coccoc.com/)"
66.249.75.26 - - [13/Sep/2015:05:22:22 +0200] "GET /robots.txt HTTP/1.1" 404 1181 "-" "Mozilla/5.0 (compatible; Googlebot/2.1; +http://www.google.com/bot.html)"
66.249.75.18 - - [13/Sep/2015:05:22:22 +0200] "GET /aktualis_elemei/bio2szulinap_elemei/image112.jpg HTTP/1.1" 304 - "-" "Googlebot-Image/1.0"
66.249.75.26 - - [13/Sep/2015:05:38:36 +0200] "GET /kiadvany/miskolchvte.jpg HTTP/1.1" 304 - "-" "Googlebot-Image/1.0"
66.249.75.34 - - [13/Sep/2015:05:39:29 +0200] "GET /kiadvany/agrark.jpg HTTP/1.1" 304 - "-" "Googlebot-Image/1.0"
66.249.75.18 - - [13/Sep/2015:05:40:23 +0200] "GET /aktualis_elemei/katonai_elemei/image004.jpg HTTP/1.1" 304 - "-" "Googlebot-Image/1.0"
66.249.75.34 - - [13/Sep/2015:05:41:17 +0200] "GET /kiadvany/riport.jpg HTTP/1.1" 304 - "-" "Googlebot-Image/1.0"
66.249.75.34 - - [13/Sep/2015:05:42:11 +0200] "GET /kiadvany/delbukk.jpg HTTP/1.1" 304 - "-" "Googlebot-Image/1.0"
66.249.75.18 - - [13/Sep/2015:05:43:05 +0200] "GET /aktualis_elemei/katonai_elemei/image001.jpg HTTP/1.1" 304 - "-" "Googlebot-Image/1.0"
66.249.75.34 - - [13/Sep/2015:05:46:42 +0200] "GET /aktualis_elemei/katonai_elemei/image002.jpg HTTP/1.1" 304 - "-" "Googlebot-Image/1.0"
87.229.73.156 - - [13/Sep/2015:06:06:13 +0200] "GET / HTTP/1.1" 200 884 "-" "Python-urllib/2.6"
207.46.13.160 - - [13/Sep/2015:06:26:43 +0200] "GET /aktualis_elemei/fnhv_elemei/image017.jpg HTTP/1.1" 200 11115 "-" "Mozilla/5.0 (compatible; bingbot/2.0; +http://www.bing.com/bingbot.htm)"
207.46.13.22 - - [13/Sep/2015:06:45:09 +0200] "GET /aktualis_elemei/bio2szulinap_elemei/image110.jpg HTTP/1.1" 200 8760 "-" "Mozilla/5.0 (compatible; bingbot/2.0; +http://www.bing.com/bingbot.htm)"
157.55.39.6 - - [13/Sep/2015:06:49:14 +0200] "GET /robots.txt HTTP/1.1" 404 1181 "-" "Mozilla/5.0 (compatible; bingbot/2.0; +http://www.bing.com/bingbot.htm)"
157.55.39.145 - - [13/Sep/2015:06:52:09 +0200] "GET /aktualis_elemei/bio2szulinap_elemei/image138.jpg HTTP/1.1" 200 9822 "-" "Mozilla/5.0 (compatible; bingbot/2.0; +http://www.bing.com/bingbot.htm)"
157.55.39.145 - - [13/Sep/2015:06:53:08 +0200] "GET /aktualis_elemei/bio2szulinap_elemei/image056.jpg HTTP/1.1" 200 10317 "-" "Mozilla/5.0 (compatible; bingbot/2.0; +http://www.bing.com/bingbot.htm)"
207.46.13.160 - - [13/Sep/2015:06:54:51 +0200] "GET /robots.txt HTTP/1.1" 404 1181 "-" "Mozilla/5.0 (compatible; bingbot/2.0; +http://www.bing.com/bingbot.htm)"
207.46.13.160 - - [13/Sep/2015:06:55:41 +0200] "GET /aktualis_elemei/bio2szulinap_elemei/image144.jpg HTTP/1.1" 200 9920 "-" "Mozilla/5.0 (compatible; bingbot/2.0; +http://www.bing.com/bingbot.htm)"
207.46.13.22 - - [13/Sep/2015:06:55:50 +0200] "GET /aktualis_elemei/bio2szulinap_elemei/image104.jpg HTTP/1.1" 200 8372 "-" "Mozilla/5.0 (compatible; bingbot/2.0; +http://www.bing.com/bingbot.htm)"
157.55.39.145 - - [13/Sep/2015:06:56:06 +0200] "GET /aktualis_elemei/fnhv_elemei/image011.jpg HTTP/1.1" 200 8196 "-" "Mozilla/5.0 (compatible; bingbot/2.0; +http://www.bing.com/bingbot.htm)"
157.55.39.145 - - [13/Sep/2015:07:05:18 +0200] "GET /aktualis_elemei/bio2szulinap_elemei/image090.jpg HTTP/1.1" 200 7132 "-" "Mozilla/5.0 (compatible; bingbot/2.0; +http://www.bing.com/bingbot.htm)"
93.89.169.140 - - [13/Sep/2015:07:07:55 +0200] "GET /aktualis_elemei/bio2szulinap_elemei/image112.jpg HTTP/1.1" 200 8269 "https://www.google.hu" "Mozilla/5.0 (Windows NT 6.1; rv:40.0) Gecko/20100101 Firefox/40.0"
93.89.169.140 - - [13/Sep/2015:07:08:00 +0200] "GET /aktualis_elemei/bio2szulinap.html HTTP/1.1" 200 71694 "https://www.google.hu" "Mozilla/5.0 (Windows NT 6.1; rv:40.0) Gecko/20100101 Firefox/40.0"
93.89.169.140 - - [13/Sep/2015:07:08:01 +0200] "GET /aktualis_elemei/bio2szulinap_elemei/image002.jpg HTTP/1.1" 200 13498 "http://www.greenaction.hu/aktualis_elemei/bio2szulinap.html" "Mozilla/5.0 (Windows NT 6.1; rv:40.0) Gecko/20100101 Firefox/40.0"
93.89.169.140 - - [13/Sep/2015:07:08:01 +0200] "GET /aktualis_elemei/bio2szulinap_elemei/image010.jpg HTTP/1.1" 200 13442 "http://www.greenaction.hu/aktualis_elemei/bio2szulinap.html" "Mozilla/5.0 (Windows NT 6.1; rv:40.0) Gecko/20100101 Firefox/40.0"
93.89.169.140 - - [13/Sep/2015:07:08:01 +0200] "GET /aktualis_elemei/bio2szulinap_elemei/image008.jpg HTTP/1.1" 200 14223 "http://www.greenaction.hu/aktualis_elemei/bio2szulinap.html" "Mozilla/5.0 (Windows NT 6.1; rv:40.0) Gecko/20100101 Firefox/40.0"
93.89.169.140 - - [13/Sep/2015:07:08:01 +0200] "GET /aktualis_elemei/bio2szulinap_elemei/image012.jpg HTTP/1.1" 200 11039 "http://www.greenaction.hu/aktualis_elemei/bio2szulinap.html" "Mozilla/5.0 (Windows NT 6.1; rv:40.0) Gecko/20100101 Firefox/40.0"
93.89.169.140 - - [13/Sep/2015:07:08:01 +0200] "GET /aktualis_elemei/bio2szulinap_elemei/image006.jpg HTTP/1.1" 200 9889 "http://www.greenaction.hu/aktualis_elemei/bio2szulinap.html" "Mozilla/5.0 (Windows NT 6.1; rv:40.0) Gecko/20100101 Firefox/40.0"
93.89.169.140 - - [13/Sep/2015:07:08:01 +0200] "GET /aktualis_elemei/bio2szulinap_elemei/image004.jpg HTTP/1.1" 200 9638 "http://www.greenaction.hu/aktualis_elemei/bio2szulinap.html" "Mozilla/5.0 (Windows NT 6.1; rv:40.0) Gecko/20100101 Firefox/40.0"
93.89.169.140 - - [13/Sep/2015:07:08:01 +0200] "GET /aktualis_elemei/bio2szulinap_elemei/image014.jpg HTTP/1.1" 200 10796 "http://www.greenaction.hu/aktualis_elemei/bio2szulinap.html" "Mozilla/5.0 (Windows NT 6.1; rv:40.0) Gecko/20100101 Firefox/40.0"
93.89.169.140 - - [13/Sep/2015:07:08:01 +0200] "GET /aktualis_elemei/bio2szulinap_elemei/image016.jpg HTTP/1.1" 200 7778 "http://www.greenaction.hu/aktualis_elemei/bio2szulinap.html" "Mozilla/5.0 (Windows NT 6.1; rv:40.0) Gecko/20100101 Firefox/40.0"
93.89.169.140 - - [13/Sep/2015:07:08:01 +0200] "GET /aktualis_elemei/bio2szulinap_elemei/image022.jpg HTTP/1.1" 200 11114 "http://www.greenaction.hu/aktualis_elemei/bio2szulinap.html" "Mozilla/5.0 (Windows NT 6.1; rv:40.0) Gecko/20100101 Firefox/40.0"
93.89.169.140 - - [13/Sep/2015:07:08:01 +0200] "GET /aktualis_elemei/bio2szulinap_elemei/image024.jpg HTTP/1.1" 200 12405 "http://www.greenaction.hu/aktualis_elemei/bio2szulinap.html" "Mozilla/5.0 (Windows NT 6.1; rv:40.0) Gecko/20100101 Firefox/40.0"
93.89.169.140 - - [13/Sep/2015:07:08:01 +0200] "GET /aktualis_elemei/bio2szulinap_elemei/image018.gif HTTP/1.1" 200 41110 "http://www.greenaction.hu/aktualis_elemei/bio2szulinap.html" "Mozilla/5.0 (Windows NT 6.1; rv:40.0) Gecko/20100101 Firefox/40.0"
93.89.169.140 - - [13/Sep/2015:07:08:01 +0200] "GET /aktualis_elemei/bio2szulinap_elemei/image020.gif HTTP/1.1" 200 44876 "http://www.greenaction.hu/aktualis_elemei/bio2szulinap.html" "Mozilla/5.0 (Windows NT 6.1; rv:40.0) Gecko/20100101 Firefox/40.0"
93.89.169.140 - - [13/Sep/2015:07:08:01 +0200] "GET /aktualis_elemei/bio2szulinap_elemei/image028.jpg HTTP/1.1" 200 12629 "http://www.greenaction.hu/aktualis_elemei/bio2szulinap.html" "Mozilla/5.0 (Windows NT 6.1; rv:40.0) Gecko/20100101 Firefox/40.0"
93.89.169.140 - - [13/Sep/2015:07:08:01 +0200] "GET /aktualis_elemei/bio2szulinap_elemei/image026.jpg HTTP/1.1" 200 12161 "http://www.greenaction.hu/aktualis_elemei/bio2szulinap.html" "Mozilla/5.0 (Windows NT 6.1; rv:40.0) Gecko/20100101 Firefox/40.0"
93.89.169.140 - - [13/Sep/2015:07:08:01 +0200] "GET /aktualis_elemei/bio2szulinap_elemei/image030.jpg HTTP/1.1" 200 18167 "http://www.greenaction.hu/aktualis_elemei/bio2szulinap.html" "Mozilla/5.0 (Windows NT 6.1; rv:40.0) Gecko/20100101 Firefox/40.0"
93.89.169.140 - - [13/Sep/2015:07:08:01 +0200] "GET /aktualis_elemei/bio2szulinap_elemei/image032.jpg HTTP/1.1" 200 16073 "http://www.greenaction.hu/aktualis_elemei/bio2szulinap.html" "Mozilla/5.0 (Windows NT 6.1; rv:40.0) Gecko/20100101 Firefox/40.0"
93.89.169.140 - - [13/Sep/2015:07:08:01 +0200] "GET /aktualis_elemei/bio2szulinap_elemei/image034.jpg HTTP/1.1" 200 17799 "http://www.greenaction.hu/aktualis_elemei/bio2szulinap.html" "Mozilla/5.0 (Windows NT 6.1; rv:40.0) Gecko/20100101 Firefox/40.0"
93.89.169.140 - - [13/Sep/2015:07:08:01 +0200] "GET /aktualis_elemei/bio2szulinap_elemei/image036.jpg HTTP/1.1" 200 13931 "http://www.greenaction.hu/aktualis_elemei/bio2szulinap.html" "Mozilla/5.0 (Windows NT 6.1; rv:40.0) Gecko/20100101 Firefox/40.0"
93.89.169.140 - - [13/Sep/2015:07:08:01 +0200] "GET /aktualis_elemei/bio2szulinap_elemei/image038.jpg HTTP/1.1" 200 14459 "http://www.greenaction.hu/aktualis_elemei/bio2szulinap.html" "Mozilla/5.0 (Windows NT 6.1; rv:40.0) Gecko/20100101 Firefox/40.0"
93.89.169.140 - - [13/Sep/2015:07:08:01 +0200] "GET /aktualis_elemei/bio2szulinap_elemei/image040.jpg HTTP/1.1" 200 16250 "http://www.greenaction.hu/aktualis_elemei/bio2szulinap.html" "Mozilla/5.0 (Windows NT 6.1; rv:40.0) Gecko/20100101 Firefox/40.0"
93.89.169.140 - - [13/Sep/2015:07:08:01 +0200] "GET /aktualis_elemei/bio2szulinap_elemei/image042.jpg HTTP/1.1" 200 16066 "http://www.greenaction.hu/aktualis_elemei/bio2szulinap.html" "Mozilla/5.0 (Windows NT 6.1; rv:40.0) Gecko/20100101 Firefox/40.0"
93.89.169.140 - - [13/Sep/2015:07:08:01 +0200] "GET /aktualis_elemei/bio2szulinap_elemei/image046.jpg HTTP/1.1" 200 12403 "http://www.greenaction.hu/aktualis_elemei/bio2szulinap.html" "Mozilla/5.0 (Windows NT 6.1; rv:40.0) Gecko/20100101 Firefox/40.0"
93.89.169.140 - - [13/Sep/2015:07:08:01 +0200] "GET /aktualis_elemei/bio2szulinap_elemei/image044.jpg HTTP/1.1" 200 11923 "http://www.greenaction.hu/aktualis_elemei/bio2szulinap.html" "Mozilla/5.0 (Windows NT 6.1; rv:40.0) Gecko/20100101 Firefox/40.0"
93.89.169.140 - - [13/Sep/2015:07:08:01 +0200] "GET /aktualis_elemei/bio2szulinap_elemei/image048.jpg HTTP/1.1" 200 13760 "http://www.greenaction.hu/aktualis_elemei/bio2szulinap.html" "Mozilla/5.0 (Windows NT 6.1; rv:40.0) Gecko/20100101 Firefox/40.0"
93.89.169.140 - - [13/Sep/2015:07:08:01 +0200] "GET /aktualis_elemei/bio2szulinap_elemei/image050.jpg HTTP/1.1" 200 12224 "http://www.greenaction.hu/aktualis_elemei/bio2szulinap.html" "Mozilla/5.0 (Windows NT 6.1; rv:40.0) Gecko/20100101 Firefox/40.0"
93.89.169.140 - - [13/Sep/2015:07:08:01 +0200] "GET /aktualis_elemei/bio2szulinap_elemei/image052.jpg HTTP/1.1" 200 11533 "http://www.greenaction.hu/aktualis_elemei/bio2szulinap.html" "Mozilla/5.0 (Windows NT 6.1; rv:40.0) Gecko/20100101 Firefox/40.0"
93.89.169.140 - - [13/Sep/2015:07:08:01 +0200] "GET /aktualis_elemei/bio2szulinap_elemei/image054.jpg HTTP/1.1" 200 10738 "http://www.greenaction.hu/aktualis_elemei/bio2szulinap.html" "Mozilla/5.0 (Windows NT 6.1; rv:40.0) Gecko/20100101 Firefox/40.0"
93.89.169.140 - - [13/Sep/2015:07:08:01 +0200] "GET /aktualis_elemei/bio2szulinap_elemei/image056.jpg HTTP/1.1" 200 10317 "http://www.greenaction.hu/aktualis_elemei/bio2szulinap.html" "Mozilla/5.0 (Windows NT 6.1; rv:40.0) Gecko/20100101 Firefox/40.0"
93.89.169.140 - - [13/Sep/2015:07:08:02 +0200] "GET /aktualis_elemei/bio2szulinap_elemei/image058.jpg HTTP/1.1" 200 16787 "http://www.greenaction.hu/aktualis_elemei/bio2szulinap.html" "Mozilla/5.0 (Windows NT 6.1; rv:40.0) Gecko/20100101 Firefox/40.0"
93.89.169.140 - - [13/Sep/2015:07:08:02 +0200] "GET /aktualis_elemei/bio2szulinap_elemei/image060.jpg HTTP/1.1" 200 16684 "http://www.greenaction.hu/aktualis_elemei/bio2szulinap.html" "Mozilla/5.0 (Windows NT 6.1; rv:40.0) Gecko/20100101 Firefox/40.0"
93.89.169.140 - - [13/Sep/2015:07:08:02 +0200] "GET /aktualis_elemei/bio2szulinap_elemei/image062.jpg HTTP/1.1" 200 10742 "http://www.greenaction.hu/aktualis_elemei/bio2szulinap.html" "Mozilla/5.0 (Windows NT 6.1; rv:40.0) Gecko/20100101 Firefox/40.0"
93.89.169.140 - - [13/Sep/2015:07:08:02 +0200] "GET /aktualis_elemei/bio2szulinap_elemei/image064.jpg HTTP/1.1" 200 12049 "http://www.greenaction.hu/aktualis_elemei/bio2szulinap.html" "Mozilla/5.0 (Windows NT 6.1; rv:40.0) Gecko/20100101 Firefox/40.0"
93.89.169.140 - - [13/Sep/2015:07:08:02 +0200] "GET /aktualis_elemei/bio2szulinap_elemei/image066.jpg HTTP/1.1" 200 9626 "http://www.greenaction.hu/aktualis_elemei/bio2szulinap.html" "Mozilla/5.0 (Windows NT 6.1; rv:40.0) Gecko/20100101 Firefox/40.0"
93.89.169.140 - - [13/Sep/2015:07:08:02 +0200] "GET /aktualis_elemei/bio2szulinap_elemei/image068.jpg HTTP/1.1" 200 7021 "http://www.greenaction.hu/aktualis_elemei/bio2szulinap.html" "Mozilla/5.0 (Windows NT 6.1; rv:40.0) Gecko/20100101 Firefox/40.0"
93.89.169.140 - - [13/Sep/2015:07:08:02 +0200] "GET /aktualis_elemei/bio2szulinap_elemei/image070.jpg HTTP/1.1" 200 9176 "http://www.greenaction.hu/aktualis_elemei/bio2szulinap.html" "Mozilla/5.0 (Windows NT 6.1; rv:40.0) Gecko/20100101 Firefox/40.0"
93.89.169.140 - - [13/Sep/2015:07:08:02 +0200] "GET /aktualis_elemei/bio2szulinap_elemei/image072.jpg HTTP/1.1" 200 8143 "http://www.greenaction.hu/aktualis_elemei/bio2szulinap.html" "Mozilla/5.0 (Windows NT 6.1; rv:40.0) Gecko/20100101 Firefox/40.0"
93.89.169.140 - - [13/Sep/2015:07:08:02 +0200] "GET /aktualis_elemei/bio2szulinap_elemei/image074.jpg HTTP/1.1" 200 8857 "http://www.greenaction.hu/aktualis_elemei/bio2szulinap.html" "Mozilla/5.0 (Windows NT 6.1; rv:40.0) Gecko/20100101 Firefox/40.0"
93.89.169.140 - - [13/Sep/2015:07:08:02 +0200] "GET /aktualis_elemei/bio2szulinap_elemei/image076.jpg HTTP/1.1" 200 9572 "http://www.greenaction.hu/aktualis_elemei/bio2szulinap.html" "Mozilla/5.0 (Windows NT 6.1; rv:40.0) Gecko/20100101 Firefox/40.0"
93.89.169.140 - - [13/Sep/2015:07:08:02 +0200] "GET /aktualis_elemei/bio2szulinap_elemei/image082.jpg HTTP/1.1" 200 7560 "http://www.greenaction.hu/aktualis_elemei/bio2szulinap.html" "Mozilla/5.0 (Windows NT 6.1; rv:40.0) Gecko/20100101 Firefox/40.0"
93.89.169.140 - - [13/Sep/2015:07:08:02 +0200] "GET /aktualis_elemei/bio2szulinap_elemei/image084.jpg HTTP/1.1" 200 7747 "http://www.greenaction.hu/aktualis_elemei/bio2szulinap.html" "Mozilla/5.0 (Windows NT 6.1; rv:40.0) Gecko/20100101 Firefox/40.0"
93.89.169.140 - - [13/Sep/2015:07:08:02 +0200] "GET /aktualis_elemei/bio2szulinap_elemei/image086.jpg HTTP/1.1" 200 7670 "http://www.greenaction.hu/aktualis_elemei/bio2szulinap.html" "Mozilla/5.0 (Windows NT 6.1; rv:40.0) Gecko/20100101 Firefox/40.0"
93.89.169.140 - - [13/Sep/2015:07:08:02 +0200] "GET /aktualis_elemei/bio2szulinap_elemei/image088.jpg HTTP/1.1" 200 7592 "http://www.greenaction.hu/aktualis_elemei/bio2szulinap.html" "Mozilla/5.0 (Windows NT 6.1; rv:40.0) Gecko/20100101 Firefox/40.0"
93.89.169.140 - - [13/Sep/2015:07:08:02 +0200] "GET /aktualis_elemei/bio2szulinap_elemei/image090.jpg HTTP/1.1" 200 7132 "http://www.greenaction.hu/aktualis_elemei/bio2szulinap.html" "Mozilla/5.0 (Windows NT 6.1; rv:40.0) Gecko/20100101 Firefox/40.0"
93.89.169.140 - - [13/Sep/2015:07:08:02 +0200] "GET /aktualis_elemei/bio2szulinap_elemei/image092.jpg HTTP/1.1" 200 7352 "http://www.greenaction.hu/aktualis_elemei/bio2szulinap.html" "Mozilla/5.0 (Windows NT 6.1; rv:40.0) Gecko/20100101 Firefox/40.0"
93.89.169.140 - - [13/Sep/2015:07:08:02 +0200] "GET /aktualis_elemei/bio2szulinap_elemei/image094.jpg HTTP/1.1" 200 7635 "http://www.greenaction.hu/aktualis_elemei/bio2szulinap.html" "Mozilla/5.0 (Windows NT 6.1; rv:40.0) Gecko/20100101 Firefox/40.0"
93.89.169.140 - - [13/Sep/2015:07:08:02 +0200] "GET /aktualis_elemei/bio2szulinap_elemei/image096.jpg HTTP/1.1" 200 8771 "http://www.greenaction.hu/aktualis_elemei/bio2szulinap.html" "Mozilla/5.0 (Windows NT 6.1; rv:40.0) Gecko/20100101 Firefox/40.0"
93.89.169.140 - - [13/Sep/2015:07:08:02 +0200] "GET /aktualis_elemei/bio2szulinap_elemei/image098.jpg HTTP/1.1" 200 8855 "http://www.greenaction.hu/aktualis_elemei/bio2szulinap.html" "Mozilla/5.0 (Windows NT 6.1; rv:40.0) Gecko/20100101 Firefox/40.0"
93.89.169.140 - - [13/Sep/2015:07:08:02 +0200] "GET /aktualis_elemei/bio2szulinap_elemei/image102.jpg HTTP/1.1" 200 8017 "http://www.greenaction.hu/aktualis_elemei/bio2szulinap.html" "Mozilla/5.0 (Windows NT 6.1; rv:40.0) Gecko/20100101 Firefox/40.0"
93.89.169.140 - - [13/Sep/2015:07:08:02 +0200] "GET /aktualis_elemei/bio2szulinap_elemei/image100.jpg HTTP/1.1" 200 7946 "http://www.greenaction.hu/aktualis_elemei/bio2szulinap.html" "Mozilla/5.0 (Windows NT 6.1; rv:40.0) Gecko/20100101 Firefox/40.0"
93.89.169.140 - - [13/Sep/2015:07:08:02 +0200] "GET /aktualis_elemei/bio2szulinap_elemei/image104.jpg HTTP/1.1" 200 8372 "http://www.greenaction.hu/aktualis_elemei/bio2szulinap.html" "Mozilla/5.0 (Windows NT 6.1; rv:40.0) Gecko/20100101 Firefox/40.0"
93.89.169.140 - - [13/Sep/2015:07:08:02 +0200] "GET /aktualis_elemei/bio2szulinap_elemei/image106.jpg HTTP/1.1" 200 7697 "http://www.greenaction.hu/aktualis_elemei/bio2szulinap.html" "Mozilla/5.0 (Windows NT 6.1; rv:40.0) Gecko/20100101 Firefox/40.0"
93.89.169.140 - - [13/Sep/2015:07:08:02 +0200] "GET /aktualis_elemei/bio2szulinap_elemei/image108.jpg HTTP/1.1" 200 9238 "http://www.greenaction.hu/aktualis_elemei/bio2szulinap.html" "Mozilla/5.0 (Windows NT 6.1; rv:40.0) Gecko/20100101 Firefox/40.0"
93.89.169.140 - - [13/Sep/2015:07:08:02 +0200] "GET /aktualis_elemei/bio2szulinap_elemei/image110.jpg HTTP/1.1" 200 8760 "http://www.greenaction.hu/aktualis_elemei/bio2szulinap.html" "Mozilla/5.0 (Windows NT 6.1; rv:40.0) Gecko/20100101 Firefox/40.0"
93.89.169.140 - - [13/Sep/2015:07:08:02 +0200] "GET /aktualis_elemei/bio2szulinap_elemei/image114.jpg HTTP/1.1" 200 6950 "http://www.greenaction.hu/aktualis_elemei/bio2szulinap.html" "Mozilla/5.0 (Windows NT 6.1; rv:40.0) Gecko/20100101 Firefox/40.0"
93.89.169.140 - - [13/Sep/2015:07:08:02 +0200] "GET /aktualis_elemei/bio2szulinap_elemei/image116.jpg HTTP/1.1" 200 9709 "http://www.greenaction.hu/aktualis_elemei/bio2szulinap.html" "Mozilla/5.0 (Windows NT 6.1; rv:40.0) Gecko/20100101 Firefox/40.0"
93.89.169.140 - - [13/Sep/2015:07:08:02 +0200] "GET /aktualis_elemei/bio2szulinap_elemei/image122.jpg HTTP/1.1" 200 8543 "http://www.greenaction.hu/aktualis_elemei/bio2szulinap.html" "Mozilla/5.0 (Windows NT 6.1; rv:40.0) Gecko/20100101 Firefox/40.0"
93.89.169.140 - - [13/Sep/2015:07:08:02 +0200] "GET /aktualis_elemei/bio2szulinap_elemei/image118.jpg HTTP/1.1" 200 9292 "http://www.greenaction.hu/aktualis_elemei/bio2szulinap.html" "Mozilla/5.0 (Windows NT 6.1; rv:40.0) Gecko/20100101 Firefox/40.0"
93.89.169.140 - - [13/Sep/2015:07:08:02 +0200] "GET /aktualis_elemei/bio2szulinap_elemei/image120.jpg HTTP/1.1" 200 9114 "http://www.greenaction.hu/aktualis_elemei/bio2szulinap.html" "Mozilla/5.0 (Windows NT 6.1; rv:40.0) Gecko/20100101 Firefox/40.0"
93.89.169.140 - - [13/Sep/2015:07:08:02 +0200] "GET /aktualis_elemei/bio2szulinap_elemei/image124.jpg HTTP/1.1" 200 8278 "http://www.greenaction.hu/aktualis_elemei/bio2szulinap.html" "Mozilla/5.0 (Windows NT 6.1; rv:40.0) Gecko/20100101 Firefox/40.0"
93.89.169.140 - - [13/Sep/2015:07:08:02 +0200] "GET /aktualis_elemei/bio2szulinap_elemei/image126.jpg HTTP/1.1" 200 9363 "http://www.greenaction.hu/aktualis_elemei/bio2szulinap.html" "Mozilla/5.0 (Windows NT 6.1; rv:40.0) Gecko/20100101 Firefox/40.0"
93.89.169.140 - - [13/Sep/2015:07:08:02 +0200] "GET /aktualis_elemei/bio2szulinap_elemei/image130.jpg HTTP/1.1" 200 7636 "http://www.greenaction.hu/aktualis_elemei/bio2szulinap.html" "Mozilla/5.0 (Windows NT 6.1; rv:40.0) Gecko/20100101 Firefox/40.0"
93.89.169.140 - - [13/Sep/2015:07:08:02 +0200] "GET /aktualis_elemei/bio2szulinap_elemei/image128.jpg HTTP/1.1" 200 8653 "http://www.greenaction.hu/aktualis_elemei/bio2szulinap.html" "Mozilla/5.0 (Windows NT 6.1; rv:40.0) Gecko/20100101 Firefox/40.0"
93.89.169.140 - - [13/Sep/2015:07:08:02 +0200] "GET /aktualis_elemei/bio2szulinap_elemei/image132.jpg HTTP/1.1" 200 8237 "http://www.greenaction.hu/aktualis_elemei/bio2szulinap.html" "Mozilla/5.0 (Windows NT 6.1; rv:40.0) Gecko/20100101 Firefox/40.0"
93.89.169.140 - - [13/Sep/2015:07:08:02 +0200] "GET /aktualis_elemei/bio2szulinap_elemei/image136.jpg HTTP/1.1" 200 7982 "http://www.greenaction.hu/aktualis_elemei/bio2szulinap.html" "Mozilla/5.0 (Windows NT 6.1; rv:40.0) Gecko/20100101 Firefox/40.0"
93.89.169.140 - - [13/Sep/2015:07:08:02 +0200] "GET /aktualis_elemei/bio2szulinap_elemei/image134.jpg HTTP/1.1" 200 10678 "http://www.greenaction.hu/aktualis_elemei/bio2szulinap.html" "Mozilla/5.0 (Windows NT 6.1; rv:40.0) Gecko/20100101 Firefox/40.0"
93.89.169.140 - - [13/Sep/2015:07:08:02 +0200] "GET /aktualis_elemei/bio2szulinap_elemei/image138.jpg HTTP/1.1" 200 9822 "http://www.greenaction.hu/aktualis_elemei/bio2szulinap.html" "Mozilla/5.0 (Windows NT 6.1; rv:40.0) Gecko/20100101 Firefox/40.0"
93.89.169.140 - - [13/Sep/2015:07:08:02 +0200] "GET /aktualis_elemei/bio2szulinap_elemei/image140.jpg HTTP/1.1" 200 9938 "http://www.greenaction.hu/aktualis_elemei/bio2szulinap.html" "Mozilla/5.0 (Windows NT 6.1; rv:40.0) Gecko/20100101 Firefox/40.0"
93.89.169.140 - - [13/Sep/2015:07:08:02 +0200] "GET /aktualis_elemei/bio2szulinap_elemei/image142.jpg HTTP/1.1" 200 9654 "http://www.greenaction.hu/aktualis_elemei/bio2szulinap.html" "Mozilla/5.0 (Windows NT 6.1; rv:40.0) Gecko/20100101 Firefox/40.0"
93.89.169.140 - - [13/Sep/2015:07:08:02 +0200] "GET /aktualis_elemei/bio2szulinap_elemei/image144.jpg HTTP/1.1" 200 9920 "http://www.greenaction.hu/aktualis_elemei/bio2szulinap.html" "Mozilla/5.0 (Windows NT 6.1; rv:40.0) Gecko/20100101 Firefox/40.0"
93.89.169.140 - - [13/Sep/2015:07:08:02 +0200] "GET /aktualis_elemei/bio2szulinap_elemei/image080.jpg HTTP/1.1" 200 9907 "http://www.greenaction.hu/aktualis_elemei/bio2szulinap.html" "Mozilla/5.0 (Windows NT 6.1; rv:40.0) Gecko/20100101 Firefox/40.0"
93.89.169.140 - - [13/Sep/2015:07:08:02 +0200] "GET /aktualis_elemei/bio2szulinap_elemei/image078.jpg HTTP/1.1" 200 7760 "http://www.greenaction.hu/aktualis_elemei/bio2szulinap.html" "Mozilla/5.0 (Windows NT 6.1; rv:40.0) Gecko/20100101 Firefox/40.0"
93.89.169.140 - - [13/Sep/2015:07:08:03 +0200] "GET /favicon.ico HTTP/1.1" 404 1181 "-" "Mozilla/5.0 (Windows NT 6.1; rv:40.0) Gecko/20100101 Firefox/40.0"
93.89.169.140 - - [13/Sep/2015:07:08:03 +0200] "GET /favicon.ico HTTP/1.1" 404 1181 "-" "Mozilla/5.0 (Windows NT 6.1; rv:40.0) Gecko/20100101 Firefox/40.0"
157.55.39.145 - - [13/Sep/2015:07:09:46 +0200] "GET /aktualis_elemei/fnhv_elemei/image024.jpg HTTP/1.1" 200 10080 "-" "Mozilla/5.0 (compatible; bingbot/2.0; +http://www.bing.com/bingbot.htm)"
134.255.7.36 - - [13/Sep/2015:07:28:03 +0200] "GET /magunkrol_elemei/kozhasznu.html HTTP/1.1" 200 48365 "https://www.google.com" "Mozilla/5.0 (Windows NT 6.1; WOW64; rv:40.0) Gecko/20100101 Firefox/40.0"
134.255.7.36 - - [13/Sep/2015:07:28:03 +0200] "GET /favicon.ico HTTP/1.1" 404 1181 "-" "Mozilla/5.0 (Windows NT 6.1; WOW64; rv:40.0) Gecko/20100101 Firefox/40.0"
134.255.7.36 - - [13/Sep/2015:07:28:03 +0200] "GET /favicon.ico HTTP/1.1" 404 1181 "-" "Mozilla/5.0 (Windows NT 6.1; WOW64; rv:40.0) Gecko/20100101 Firefox/40.0"
66.249.69.120 - - [13/Sep/2015:08:53:48 +0200] "GET /robots.txt HTTP/1.1" 404 1181 "-" "Mozilla/5.0 (compatible; Googlebot/2.1; +http://www.google.com/bot.html)"
207.46.13.160 - - [13/Sep/2015:09:15:49 +0200] "GET /aktualis_elemei/bio2szulinap_elemei/image094.jpg HTTP/1.1" 200 7635 "-" "Mozilla/5.0 (compatible; bingbot/2.0; +http://www.bing.com/bingbot.htm)"
188.68.250.7 - - [13/Sep/2015:10:02:26 +0200] "GET / HTTP/1.0" 200 884 "http://greenaction.hu" "Mozilla/5.0 (Windows NT 6.3; WOW64; rv:37.0) Gecko/20100101 Firefox/37.0"
92.249.189.172 - - [13/Sep/2015:10:06:36 +0200] "GET / HTTP/1.0" 200 884 "-" "Mozilla/4.0 (compatible; MSIE 6.0; Windows NT 5.1; en) Opera 8.50"
91.82.67.109 - - [13/Sep/2015:10:08:35 +0200] "GET /aktualis_elemei/bio2szulinap_elemei/image108.jpg HTTP/1.1" 200 9238 "https://www.google.hu/" "Mozilla/5.0 (Linux; Android 4.2.2; GT-S7275R Build/JDQ39) AppleWebKit/537.36 (KHTML, like Gecko) Chrome/38.0.2125.114 Mobile Safari/537.36"
91.82.67.109 - - [13/Sep/2015:10:09:16 +0200] "GET /aktualis_elemei/bio2szulinap.html HTTP/1.1" 200 71694 "https://www.google.hu/" "Mozilla/5.0 (Linux; Android 4.2.2; GT-S7275R Build/JDQ39) AppleWebKit/537.36 (KHTML, like Gecko) Chrome/38.0.2125.114 Mobile Safari/537.36"
91.82.67.109 - - [13/Sep/2015:10:09:17 +0200] "GET /aktualis_elemei/bio2szulinap_elemei/image002.jpg HTTP/1.1" 200 13498 "http://www.greenaction.hu/aktualis_elemei/bio2szulinap.html" "Mozilla/5.0 (Linux; Android 4.2.2; GT-S7275R Build/JDQ39) AppleWebKit/537.36 (KHTML, like Gecko) Chrome/38.0.2125.114 Mobile Safari/537.36"
91.82.67.109 - - [13/Sep/2015:10:09:17 +0200] "GET /aktualis_elemei/bio2szulinap_elemei/image004.jpg HTTP/1.1" 200 9638 "http://www.greenaction.hu/aktualis_elemei/bio2szulinap.html" "Mozilla/5.0 (Linux; Android 4.2.2; GT-S7275R Build/JDQ39) AppleWebKit/537.36 (KHTML, like Gecko) Chrome/38.0.2125.114 Mobile Safari/537.36"
91.82.67.109 - - [13/Sep/2015:10:09:17 +0200] "GET /aktualis_elemei/bio2szulinap_elemei/image008.jpg HTTP/1.1" 200 14223 "http://www.greenaction.hu/aktualis_elemei/bio2szulinap.html" "Mozilla/5.0 (Linux; Android 4.2.2; GT-S7275R Build/JDQ39) AppleWebKit/537.36 (KHTML, like Gecko) Chrome/38.0.2125.114 Mobile Safari/537.36"
91.82.67.109 - - [13/Sep/2015:10:09:17 +0200] "GET /aktualis_elemei/bio2szulinap_elemei/image006.jpg HTTP/1.1" 200 9889 "http://www.greenaction.hu/aktualis_elemei/bio2szulinap.html" "Mozilla/5.0 (Linux; Android 4.2.2; GT-S7275R Build/JDQ39) AppleWebKit/537.36 (KHTML, like Gecko) Chrome/38.0.2125.114 Mobile Safari/537.36"
91.82.67.109 - - [13/Sep/2015:10:09:17 +0200] "GET /aktualis_elemei/bio2szulinap_elemei/image012.jpg HTTP/1.1" 200 11039 "http://www.greenaction.hu/aktualis_elemei/bio2szulinap.html" "Mozilla/5.0 (Linux; Android 4.2.2; GT-S7275R Build/JDQ39) AppleWebKit/537.36 (KHTML, like Gecko) Chrome/38.0.2125.114 Mobile Safari/537.36"
91.82.67.109 - - [13/Sep/2015:10:09:17 +0200] "GET /aktualis_elemei/bio2szulinap_elemei/image014.jpg HTTP/1.1" 200 10796 "http://www.greenaction.hu/aktualis_elemei/bio2szulinap.html" "Mozilla/5.0 (Linux; Android 4.2.2; GT-S7275R Build/JDQ39) AppleWebKit/537.36 (KHTML, like Gecko) Chrome/38.0.2125.114 Mobile Safari/537.36"
91.82.67.109 - - [13/Sep/2015:10:09:17 +0200] "GET /aktualis_elemei/bio2szulinap_elemei/image010.jpg HTTP/1.1" 200 13442 "http://www.greenaction.hu/aktualis_elemei/bio2szulinap.html" "Mozilla/5.0 (Linux; Android 4.2.2; GT-S7275R Build/JDQ39) AppleWebKit/537.36 (KHTML, like Gecko) Chrome/38.0.2125.114 Mobile Safari/537.36"
