84.0.185.3 - - [06/Sep/2015:13:37:22 +0200] "GET /aktualis_elemei/bio2szulinap_elemei/image134.jpg HTTP/1.1" 200 10678 "http://www.greenaction.hu/aktualis_elemei/bio2szulinap.html" "Mozilla/5.0 (Windows NT 10.0; WOW64) AppleWebKit/537.36 (KHTML, like Gecko) Chrome/45.0.2454.85 Safari/537.36"
84.0.185.3 - - [06/Sep/2015:13:37:22 +0200] "GET /aktualis_elemei/bio2szulinap_elemei/image136.jpg HTTP/1.1" 200 7982 "http://www.greenaction.hu/aktualis_elemei/bio2szulinap.html" "Mozilla/5.0 (Windows NT 10.0; WOW64) AppleWebKit/537.36 (KHTML, like Gecko) Chrome/45.0.2454.85 Safari/537.36"
84.0.185.3 - - [06/Sep/2015:13:37:22 +0200] "GET /aktualis_elemei/bio2szulinap_elemei/image138.jpg HTTP/1.1" 200 9822 "http://www.greenaction.hu/aktualis_elemei/bio2szulinap.html" "Mozilla/5.0 (Windows NT 10.0; WOW64) AppleWebKit/537.36 (KHTML, like Gecko) Chrome/45.0.2454.85 Safari/537.36"
84.0.185.3 - - [06/Sep/2015:13:37:22 +0200] "GET /aktualis_elemei/bio2szulinap_elemei/image140.jpg HTTP/1.1" 200 9938 "http://www.greenaction.hu/aktualis_elemei/bio2szulinap.html" "Mozilla/5.0 (Windows NT 10.0; WOW64) AppleWebKit/537.36 (KHTML, like Gecko) Chrome/45.0.2454.85 Safari/537.36"
84.0.185.3 - - [06/Sep/2015:13:37:22 +0200] "GET /aktualis_elemei/bio2szulinap_elemei/image142.jpg HTTP/1.1" 200 9654 "http://www.greenaction.hu/aktualis_elemei/bio2szulinap.html" "Mozilla/5.0 (Windows NT 10.0; WOW64) AppleWebKit/537.36 (KHTML, like Gecko) Chrome/45.0.2454.85 Safari/537.36"
84.0.185.3 - - [06/Sep/2015:13:37:22 +0200] "GET /aktualis_elemei/bio2szulinap_elemei/image144.jpg HTTP/1.1" 200 9920 "http://www.greenaction.hu/aktualis_elemei/bio2szulinap.html" "Mozilla/5.0 (Windows NT 10.0; WOW64) AppleWebKit/537.36 (KHTML, like Gecko) Chrome/45.0.2454.85 Safari/537.36"
84.0.185.3 - - [06/Sep/2015:13:37:22 +0200] "GET /favicon.ico HTTP/1.1" 404 1181 "http://www.greenaction.hu/aktualis_elemei/bio2szulinap.html" "Mozilla/5.0 (Windows NT 10.0; WOW64) AppleWebKit/537.36 (KHTML, like Gecko) Chrome/45.0.2454.85 Safari/537.36"
52.0.89.236 - - [06/Sep/2015:14:46:28 +0200] "GET / HTTP/1.0" 200 884 "-" "Mozilla/5.0 (X11; U; Linux i686; en-US; rv:1.7.5) Gecko/20041107 Firefox/1.0"
66.249.75.34 - - [06/Sep/2015:15:16:18 +0200] "GET /robots.txt HTTP/1.1" 404 1181 "-" "Mozilla/5.0 (compatible; Googlebot/2.1; +http://www.google.com/bot.html)"
66.249.75.26 - - [06/Sep/2015:15:16:18 +0200] "GET / HTTP/1.1" 200 884 "-" "Mozilla/5.0 (compatible; Googlebot/2.1; +http://www.google.com/bot.html)"
207.46.13.160 - - [06/Sep/2015:15:21:10 +0200] "GET / HTTP/1.1" 200 884 "-" "Mozilla/5.0 (compatible; bingbot/2.0; +http://www.bing.com/bingbot.htm)"
217.144.52.157 - - [06/Sep/2015:15:49:29 +0200] "GET /aktualis_elemei/katonai_elemei/image003.jpg HTTP/1.1" 200 88392 "https://www.google.hu" "Mozilla/5.0 (Windows NT 6.1; rv:40.0) Gecko/20100101 Firefox/40.0"
151.80.31.120 - - [06/Sep/2015:15:52:13 +0200] "GET /robots.txt HTTP/1.1" 404 1181 "-" "Mozilla/5.0 (compatible; AhrefsBot/5.0; +http://ahrefs.com/robot/)"
66.249.69.120 - - [06/Sep/2015:15:53:09 +0200] "GET /robots.txt HTTP/1.1" 404 1181 "-" "Mozilla/5.0 (compatible; Googlebot/2.1; +http://www.google.com/bot.html)"
66.249.69.120 - - [06/Sep/2015:15:53:09 +0200] "GET / HTTP/1.1" 200 884 "-" "Mozilla/5.0 (compatible; Googlebot/2.1; +http://www.google.com/bot.html)"
66.249.69.128 - - [06/Sep/2015:16:14:05 +0200] "GET / HTTP/1.1" 200 884 "-" "Mozilla/5.0 (iPhone; CPU iPhone OS 8_3 like Mac OS X) AppleWebKit/600.1.4 (KHTML, like Gecko) Version/8.0 Mobile/12F70 Safari/600.1.4 (compatible; Googlebot/2.1; +http://www.google.com/bot.html)"
46.107.117.227 - - [06/Sep/2015:16:56:40 +0200] "GET /aktualis_elemei/bio2szulinap_elemei/image056.jpg HTTP/1.1" 200 10317 "https://www.google.hu/" "Mozilla/5.0 (Windows NT 6.1) AppleWebKit/537.36 (KHTML, like Gecko) Chrome/45.0.2454.85 Safari/537.36"
66.249.75.34 - - [06/Sep/2015:17:04:46 +0200] "GET / HTTP/1.1" 200 884 "-" "Mozilla/5.0 (iPhone; CPU iPhone OS 8_3 like Mac OS X) AppleWebKit/600.1.4 (KHTML, like Gecko) Version/8.0 Mobile/12F70 Safari/600.1.4 (compatible; Googlebot/2.1; +http://www.google.com/bot.html)"
84.236.122.186 - - [06/Sep/2015:17:09:15 +0200] "GET /aktualis_elemei/bio2szulinap_elemei/image086.jpg HTTP/1.1" 200 7670 "https://www.google.hu/" "Mozilla/5.0 (Windows NT 6.1) AppleWebKit/537.36 (KHTML, like Gecko) Chrome/45.0.2454.85 Safari/537.36"
94.21.219.213 - - [06/Sep/2015:17:14:30 +0200] "GET /aktualis_elemei/bio2szulinap_elemei/image108.jpg HTTP/1.1" 200 9238 "https://www.google.hu/" "Mozilla/5.0 (Windows NT 6.1) AppleWebKit/537.36 (KHTML, like Gecko) Chrome/45.0.2454.85 Safari/537.36"
94.21.219.213 - - [06/Sep/2015:17:15:05 +0200] "GET /aktualis_elemei/bio2szulinap_elemei/image106.jpg HTTP/1.1" 200 7697 "https://www.google.hu/" "Mozilla/5.0 (Windows NT 6.1) AppleWebKit/537.36 (KHTML, like Gecko) Chrome/45.0.2454.85 Safari/537.36"
187.73.243.52 - - [06/Sep/2015:17:26:22 +0200] "GET / HTTP/1.1" 200 884 "http://buttons-for-website.com" "Mozilla/5.0 (Windows NT 6.1; WOW64) AppleWebKit/537.36 (KHTML, like Gecko) Chrome/36.0.1985.143 Safari/537.36"
187.73.243.52 - - [06/Sep/2015:17:26:23 +0200] "GET /pattern.jpg HTTP/1.1" 200 13798 "http://greenaction.hu/" "Mozilla/5.0 (Windows NT 6.1; WOW64) AppleWebKit/537.36 (KHTML, like Gecko) Chrome/36.0.1985.143 Safari/537.36"
80.99.50.46 - - [06/Sep/2015:17:38:37 +0200] "GET /aktualis_elemei/bparak0929.html HTTP/1.1" 200 105768 "-" "Mozilla/5.0 (compatible; Googlebot/2.1; +http://www.google.com/bot.html)"
203.133.169.18 - - [06/Sep/2015:18:19:50 +0200] "GET / HTTP/1.1" 200 884 "-" "Mozilla/5.0 (compatible; MSIE or Firefox mutant; not on Windows server;) Daumoa 4.0"
203.133.169.18 - - [06/Sep/2015:18:19:56 +0200] "GET /robots.txt HTTP/1.1" 404 1181 "-" "Mozilla/5.0 (compatible; MSIE or Firefox mutant; not on Windows server;) Daumoa 4.0"
203.133.169.18 - - [06/Sep/2015:18:20:29 +0200] "GET /zoldakcio.swf HTTP/1.1" 200 64759 "-" "Mozilla/5.0 (compatible; MSIE or Firefox mutant; not on Windows server;) Daumoa 4.0"
212.16.159.123 - - [06/Sep/2015:18:27:12 +0200] "GET /aktualis_elemei/bio2szulinap_elemei/image086.jpg HTTP/1.1" 200 7670 "https://www.google.hu" "Mozilla/5.0 (Windows NT 6.1; rv:40.0) Gecko/20100101 Firefox/40.0"
195.56.175.108 - - [06/Sep/2015:18:49:30 +0200] "GET /aktualis_elemei/bio2szulinap_elemei/image134.jpg HTTP/1.1" 200 10678 "https://www.google.hu/" "Mozilla/5.0 (Windows NT 5.1) AppleWebKit/537.36 (KHTML, like Gecko) Chrome/45.0.2454.85 Safari/537.36"
195.56.175.108 - - [06/Sep/2015:18:49:38 +0200] "GET /aktualis_elemei/bio2szulinap_elemei/image138.jpg HTTP/1.1" 200 9822 "https://www.google.hu/" "Mozilla/5.0 (Windows NT 5.1) AppleWebKit/537.36 (KHTML, like Gecko) Chrome/45.0.2454.85 Safari/537.36"
195.56.175.108 - - [06/Sep/2015:18:49:42 +0200] "GET /aktualis_elemei/bio2szulinap_elemei/image130.jpg HTTP/1.1" 200 7636 "https://www.google.hu/" "Mozilla/5.0 (Windows NT 5.1) AppleWebKit/537.36 (KHTML, like Gecko) Chrome/45.0.2454.85 Safari/537.36"
95.138.198.91 - - [06/Sep/2015:18:55:05 +0200] "GET /aktualis_elemei/bio2szulinap_elemei/image108.jpg HTTP/1.1" 200 9238 "https://www.google.hu" "Mozilla/5.0 (Windows NT 6.1; WOW64; rv:40.0) Gecko/20100101 Firefox/40.0"
88.132.130.181 - - [06/Sep/2015:19:03:46 +0200] "GET /kiadvany/miabio.pdf HTTP/1.1" 200 45946 "https://www.google.hu/" "Mozilla/5.0 (Linux; Android 4.4.2; SM-C115 Build/KOT49H) AppleWebKit/537.36 (KHTML, like Gecko) Chrome/44.0.2403.133 Mobile Safari/537.36"
88.132.130.181 - - [06/Sep/2015:19:03:50 +0200] "GET /kiadvany/miabio.pdf HTTP/1.1" 200 38706 "https://www.google.hu/" "Mozilla/5.0 (Linux; Android 4.4.2; SM-C115 Build/KOT49H) AppleWebKit/537.36 (KHTML, like Gecko) Chrome/44.0.2403.133 Mobile Safari/537.36"
88.132.130.181 - - [06/Sep/2015:19:05:00 +0200] "GET /kiadvany/miabio.pdf HTTP/1.1" 200 11291786 "https://www.google.hu/" "Mozilla/5.0 (Linux; Android 4.4.2; SM-C115 Build/KOT49H) AppleWebKit/537.36 (KHTML, like Gecko) Chrome/44.0.2403.133 Mobile Safari/537.36"
37.76.52.250 - - [06/Sep/2015:19:15:42 +0200] "GET /kiadvany/miskolchvte.pdf HTTP/1.1" 200 58327 "https://www.google.hu/" "Mozilla/5.0 (Linux; Android 4.0.4; WT19i Build/4.1.B.0.587) AppleWebKit/537.36 (KHTML, like Gecko) Chrome/41.0.2272.96 Mobile Safari/537.36"
37.76.52.250 - - [06/Sep/2015:19:15:55 +0200] "GET /kiadvany/miskolchvte.pdf HTTP/1.1" 200 4059249 "https://www.google.hu/" "Mozilla/5.0 (Linux; Android 4.0.4; WT19i Build/4.1.B.0.587) AppleWebKit/537.36 (KHTML, like Gecko) Chrome/41.0.2272.96 Mobile Safari/537.36"
84.236.9.235 - - [06/Sep/2015:19:16:09 +0200] "GET /aktualis_elemei/bio2szulinap_elemei/image086.jpg HTTP/1.1" 200 7670 "-" "Mozilla/5.0 (Windows NT 6.1; Trident/7.0; rv:11.0) like Gecko"
66.249.69.128 - - [06/Sep/2015:19:26:30 +0200] "GET / HTTP/1.1" 200 884 "-" "Mozilla/5.0 (compatible; Googlebot/2.1; +http://www.google.com/bot.html)"
109.166.140.199 - - [06/Sep/2015:19:28:58 +0200] "GET /aktualis_elemei/bio2szulinap_elemei/image108.jpg HTTP/1.1" 200 9238 "-" "Mozilla/5.0 (Linux; U; Android 4.1.2; hu-hu; S500 Build/JZO54K) AppleWebKit/534.30 (KHTML, like Gecko) Version/4.0 Mobile Safari/534.30 GSA/5.1.17.16.arm"
92.249.225.219 - - [06/Sep/2015:19:33:46 +0200] "GET / HTTP/1.0" 200 884 "-" "Mozilla/5.0 (Windows NT 6.1; WOW64) AppleWebKit/537.36 (KHTML, like Gecko) Chrome/34.0.1847.131 Safari/537.36"
46.118.118.173 - - [06/Sep/2015:19:38:12 +0200] "GET / HTTP/1.1" 200 884 "http://life-is-beautiful.ru/" "Mozilla/4.0 (compatible; MSIE 5.5; Windows 95; BCD2000)"
46.118.118.173 - - [06/Sep/2015:19:38:13 +0200] "GET / HTTP/1.1" 200 884 "http://life-is-beautiful.ru/" "Mozilla/4.0 (compatible; MSIE 5.5; Windows 95; BCD2000)"
80.0.10.158 - - [06/Sep/2015:20:37:35 +0200] "GET /aktualis_elemei/bio2szulinap_elemei/image138.jpg HTTP/1.1" 200 9822 "-" "Mozilla/5.0 (Windows NT 6.1; Trident/7.0; rv:11.0) like Gecko"
80.0.10.158 - - [06/Sep/2015:20:37:39 +0200] "GET /aktualis_elemei/bio2szulinap_elemei/image134.jpg HTTP/1.1" 200 10678 "-" "Mozilla/5.0 (Windows NT 6.1; Trident/7.0; rv:11.0) like Gecko"
220.181.108.162 - - [06/Sep/2015:20:38:27 +0200] "GET /aktualis_elemei/belvarosi%20biovasar%20arai%202007.%20tel.doc HTTP/1.1" 200 324608 "-" "Mozilla/5.0 (compatible; Baiduspider/2.0; +http://www.baidu.com/search/spider.html)"
68.180.228.162 - - [06/Sep/2015:20:42:41 +0200] "GET /robots.txt HTTP/1.1" 404 1181 "-" "Mozilla/5.0 (compatible; Yahoo! Slurp; http://help.yahoo.com/help/us/ysearch/slurp)"
68.180.228.162 - - [06/Sep/2015:20:42:42 +0200] "GET /zoldakcio.swf HTTP/1.1" 304 - "-" "Mozilla/5.0 (compatible; Yahoo! Slurp; http://help.yahoo.com/help/us/ysearch/slurp)"
180.76.15.23 - - [06/Sep/2015:20:59:27 +0200] "GET / HTTP/1.1" 304 - "-" "Mozilla/5.0 (compatible; Baiduspider/2.0; +http://www.baidu.com/search/spider.html)"
46.118.126.38 - - [06/Sep/2015:21:18:27 +0200] "GET / HTTP/1.1" 200 884 "http://18pluss.ru/" "Mozilla/4.0 (compatible; MSIE 6.0; Windows NT 5.1; KKman2.0)"
46.118.126.38 - - [06/Sep/2015:21:18:27 +0200] "GET / HTTP/1.1" 200 884 "http://darkoman.com/tags/" "Mozilla/4.0 (compatible; MSIE 6.0; Windows NT 5.1; KKman2.0)"
46.118.126.38 - - [06/Sep/2015:21:18:28 +0200] "GET / HTTP/1.1" 200 884 "http://18pluss.ru/" "Mozilla/4.0 (compatible; MSIE 6.0; Windows NT 5.1; KKman2.0)"
46.118.126.38 - - [06/Sep/2015:21:18:29 +0200] "GET / HTTP/1.1" 200 884 "http://18pluss.ru/" "Mozilla/4.0 (compatible; MSIE 6.0; Windows NT 5.1; KKman2.0)"
162.243.54.252 - - [06/Sep/2015:21:43:02 +0200] "GET /robots.txt HTTP/1.1" 404 1181 "-" "Mozilla/5.0 (compatible; spbot/4.4.2; +http://OpenLinkProfiler.org/bot )"
162.243.54.252 - - [06/Sep/2015:21:43:04 +0200] "GET /robots.txt HTTP/1.1" 404 1181 "-" "Mozilla/5.0 (compatible; spbot/4.4.2; +http://OpenLinkProfiler.org/bot )"
162.243.54.252 - - [06/Sep/2015:21:43:08 +0200] "GET / HTTP/1.1" 200 884 "-" "Mozilla/5.0 (compatible; spbot/4.4.2; +http://OpenLinkProfiler.org/bot )"
199.58.86.206 - - [06/Sep/2015:21:51:51 +0200] "GET /robots.txt HTTP/1.0" 404 1181 "-" "Mozilla/5.0 (compatible; MJ12bot/v1.4.5; http://www.majestic12.co.uk/bot.php?+)"
199.58.86.206 - - [06/Sep/2015:21:51:52 +0200] "GET / HTTP/1.0" 200 884 "-" "Mozilla/5.0 (compatible; MJ12bot/v1.4.5; http://www.majestic12.co.uk/bot.php?+)"
199.58.86.206 - - [06/Sep/2015:21:51:53 +0200] "GET /robots.txt HTTP/1.0" 404 1181 "-" "Mozilla/5.0 (compatible; MJ12bot/v1.4.5; http://www.majestic12.co.uk/bot.php?+)"
199.58.86.206 - - [06/Sep/2015:21:51:55 +0200] "GET / HTTP/1.0" 200 884 "-" "Mozilla/5.0 (compatible; MJ12bot/v1.4.5; http://www.majestic12.co.uk/bot.php?+)"
189.189.185.53 - - [06/Sep/2015:21:54:23 +0200] "GET / HTTP/1.1" 200 884 "http://success-seo.com/try.php?u=http://greenaction.hu" "Mozilla/5.0 (Windows NT 6.1; WOW64) AppleWebKit/537.36 (KHTML, like Gecko) Chrome/32.0.1700.107 Safari/537.36"
189.189.185.53 - - [06/Sep/2015:21:54:23 +0200] "GET /pattern.jpg HTTP/1.1" 200 13798 "http://greenaction.hu/" "Mozilla/5.0 (Windows NT 6.1; WOW64) AppleWebKit/537.36 (KHTML, like Gecko) Chrome/32.0.1700.107 Safari/537.36"
79.119.26.90 - - [06/Sep/2015:22:03:17 +0200] "GET /aktualis_elemei/bio2szulinap_elemei/image132.jpg HTTP/1.1" 200 8237 "https://www.google.ro/" "Mozilla/5.0 (Windows NT 6.1; WOW64) AppleWebKit/537.36 (KHTML, like Gecko) Chrome/45.0.2454.85 Safari/537.36"
188.142.198.161 - - [06/Sep/2015:22:10:08 +0200] "GET /aktualis_elemei/bio2szulinap_elemei/image134.jpg HTTP/1.1" 200 10678 "https://www.google.hu/" "Mozilla/5.0 (Windows NT 6.1; WOW64) AppleWebKit/537.36 (KHTML, like Gecko) Chrome/45.0.2454.85 Safari/537.36"
188.68.250.7 - - [06/Sep/2015:22:18:03 +0200] "GET / HTTP/1.0" 200 884 "http://greenaction.hu" "Mozilla/5.0 (Windows NT 6.3; WOW64; rv:37.0) Gecko/20100101 Firefox/37.0"
52.19.95.206 - - [06/Sep/2015:22:22:36 +0200] "GET /robots.txt HTTP/1.0" 404 1181 "-" "Mozilla/5.0 (compatible; JobKeresoBot; +http://www.kozvetlen-allasok.hu/help.jsp info@kozvetlen-allasok.hu)"
52.19.95.206 - - [06/Sep/2015:22:22:37 +0200] "GET / HTTP/1.0" 200 884 "-" "Mozilla/5.0 (compatible; JobKeresoBot; +http://www.kozvetlen-allasok.hu/help.jsp info@kozvetlen-allasok.hu)"
52.19.95.206 - - [06/Sep/2015:22:22:37 +0200] "GET /favicon.ico HTTP/1.1" 404 1181 "http://www.kozvetlen-allasok.hu" "Mozilla/5.0 (compatible; JobKeresoBot; +http://www.kozvetlen-allasok.hu/help.jsp; info@kozvetlen-allasok.hu; 5.0"
52.19.139.99 - - [06/Sep/2015:22:28:29 +0200] "GET /robots.txt HTTP/1.0" 404 1181 "-" "Mozilla/5.0 (compatible; JobKeresoBot; +http://www.kozvetlen-allasok.hu/help.jsp info@kozvetlen-allasok.hu)"
52.19.139.99 - - [06/Sep/2015:22:28:29 +0200] "GET / HTTP/1.0" 200 884 "-" "Mozilla/5.0 (compatible; JobKeresoBot; +http://www.kozvetlen-allasok.hu/help.jsp info@kozvetlen-allasok.hu)"
52.19.139.99 - - [06/Sep/2015:22:28:30 +0200] "GET /favicon.ico HTTP/1.1" 404 1181 "http://www.kozvetlen-allasok.hu" "Mozilla/5.0 (compatible; JobKeresoBot; +http://www.kozvetlen-allasok.hu/help.jsp; info@kozvetlen-allasok.hu; 5.0"
123.125.71.86 - - [06/Sep/2015:22:56:35 +0200] "GET /robots.txt HTTP/1.1" 404 1181 "-" "Mozilla/5.0 (Windows NT 5.1; rv:6.0.2) Gecko/20100101 Firefox/6.0.2"
220.181.108.112 - - [06/Sep/2015:22:59:41 +0200] "GET /kiadvany/delbukk.pdf HTTP/1.1" 200 1540585 "-" "Mozilla/5.0 (compatible; Baiduspider/2.0; +http://www.baidu.com/search/spider.html)"
66.249.75.34 - - [06/Sep/2015:23:58:09 +0200] "GET / HTTP/1.1" 200 884 "-" "Mozilla/5.0 (compatible; Googlebot/2.1; +http://www.google.com/bot.html)"
66.249.69.8 - - [07/Sep/2015:01:12:38 +0200] "GET / HTTP/1.1" 200 884 "-" "Mozilla/5.0 (compatible; Googlebot/2.1; +http://www.google.com/bot.html)"
208.115.113.88 - - [07/Sep/2015:01:33:31 +0200] "GET /robots.txt HTTP/1.1" 404 1181 "-" "Mozilla/5.0 (compatible; DotBot/1.1; http://www.opensiteexplorer.org/dotbot, help@moz.com)"
68.180.228.26 - - [07/Sep/2015:01:59:22 +0200] "GET / HTTP/1.1" 304 - "-" "Mozilla/5.0 (iPhone; CPU iPhone OS 7_1 like Mac OS X) AppleWebKit (KHTML, like Gecko) Mobile (compatible; Yahoo! Slurp; http://help.yahoo.com/help/us/ysearch/slurp)"
68.180.228.26 - - [07/Sep/2015:01:59:23 +0200] "GET /zoldakcio.swf HTTP/1.1" 304 - "-" "Mozilla/5.0 (iPhone; CPU iPhone OS 7_1 like Mac OS X) AppleWebKit (KHTML, like Gecko) Mobile (compatible; Yahoo! Slurp; http://help.yahoo.com/help/us/ysearch/slurp)"
46.118.118.173 - - [07/Sep/2015:02:41:02 +0200] "GET / HTTP/1.1" 200 884 "http://avtointeres.ru/" "Mozilla/2.0 (compatible; MSIE 3.02; Windows CE; 240x320)"
46.118.118.173 - - [07/Sep/2015:02:41:06 +0200] "GET / HTTP/1.1" 200 884 "http://avtointeres.ru/" "Mozilla/2.0 (compatible; MSIE 3.02; Windows CE; 240x320)"
208.115.113.88 - - [07/Sep/2015:02:45:40 +0200] "GET /magunkrol_elemei/kozhasznu.html HTTP/1.1" 200 48365 "-" "Mozilla/5.0 (compatible; DotBot/1.1; http://www.opensiteexplorer.org/dotbot, help@moz.com)"
207.46.13.90 - - [07/Sep/2015:02:57:07 +0200] "GET /aktualis_elemei/bio2szulinap.html HTTP/1.1" 200 71694 "-" "Mozilla/5.0 (compatible; bingbot/2.0; +http://www.bing.com/bingbot.htm)"
207.46.13.90 - - [07/Sep/2015:02:57:15 +0200] "GET /robots.txt HTTP/1.1" 404 1181 "-" "Mozilla/5.0 (compatible; bingbot/2.0; +http://www.bing.com/bingbot.htm)"
207.46.13.90 - - [07/Sep/2015:02:57:16 +0200] "GET /robots.txt HTTP/1.1" 404 1181 "-" "Mozilla/5.0 (compatible; bingbot/2.0; +http://www.bing.com/bingbot.htm)"
207.46.13.90 - - [07/Sep/2015:02:57:16 +0200] "GET /robots.txt HTTP/1.1" 404 1181 "-" "Mozilla/5.0 (compatible; bingbot/2.0; +http://www.bing.com/bingbot.htm)"
207.46.13.90 - - [07/Sep/2015:02:57:16 +0200] "GET /robots.txt HTTP/1.1" 404 1181 "-" "Mozilla/5.0 (compatible; bingbot/2.0; +http://www.bing.com/bingbot.htm)"
207.46.13.90 - - [07/Sep/2015:02:57:16 +0200] "GET /robots.txt HTTP/1.1" 404 1181 "-" "Mozilla/5.0 (compatible; bingbot/2.0; +http://www.bing.com/bingbot.htm)"
207.46.13.90 - - [07/Sep/2015:02:57:16 +0200] "GET /robots.txt HTTP/1.1" 404 1181 "-" "Mozilla/5.0 (compatible; bingbot/2.0; +http://www.bing.com/bingbot.htm)"
207.46.13.90 - - [07/Sep/2015:02:57:16 +0200] "GET /robots.txt HTTP/1.1" 404 1181 "-" "Mozilla/5.0 (compatible; bingbot/2.0; +http://www.bing.com/bingbot.htm)"
207.46.13.113 - - [07/Sep/2015:02:57:25 +0200] "GET /robots.txt HTTP/1.1" 404 1181 "-" "Mozilla/5.0 (compatible; bingbot/2.0; +http://www.bing.com/bingbot.htm)"
207.46.13.113 - - [07/Sep/2015:02:57:25 +0200] "GET /robots.txt HTTP/1.1" 404 1181 "-" "Mozilla/5.0 (compatible; bingbot/2.0; +http://www.bing.com/bingbot.htm)"
207.46.13.113 - - [07/Sep/2015:02:57:25 +0200] "GET /robots.txt HTTP/1.1" 404 1181 "-" "Mozilla/5.0 (compatible; bingbot/2.0; +http://www.bing.com/bingbot.htm)"
207.46.13.160 - - [07/Sep/2015:02:57:28 +0200] "GET /robots.txt HTTP/1.1" 404 1181 "-" "Mozilla/5.0 (compatible; bingbot/2.0; +http://www.bing.com/bingbot.htm)"
207.46.13.160 - - [07/Sep/2015:02:57:28 +0200] "GET /robots.txt HTTP/1.1" 404 1181 "-" "Mozilla/5.0 (compatible; bingbot/2.0; +http://www.bing.com/bingbot.htm)"
207.46.13.160 - - [07/Sep/2015:02:57:28 +0200] "GET /robots.txt HTTP/1.1" 404 1181 "-" "Mozilla/5.0 (compatible; bingbot/2.0; +http://www.bing.com/bingbot.htm)"
207.46.13.160 - - [07/Sep/2015:02:57:28 +0200] "GET /robots.txt HTTP/1.1" 404 1181 "-" "Mozilla/5.0 (compatible; bingbot/2.0; +http://www.bing.com/bingbot.htm)"
207.46.13.79 - - [07/Sep/2015:02:57:34 +0200] "GET /robots.txt HTTP/1.1" 404 1181 "-" "Mozilla/5.0 (compatible; bingbot/2.0; +http://www.bing.com/bingbot.htm)"
207.46.13.79 - - [07/Sep/2015:02:57:34 +0200] "GET /robots.txt HTTP/1.1" 404 1181 "-" "Mozilla/5.0 (compatible; bingbot/2.0; +http://www.bing.com/bingbot.htm)"
207.46.13.79 - - [07/Sep/2015:02:57:34 +0200] "GET /robots.txt HTTP/1.1" 404 1181 "-" "Mozilla/5.0 (compatible; bingbot/2.0; +http://www.bing.com/bingbot.htm)"
207.46.13.79 - - [07/Sep/2015:02:57:34 +0200] "GET /robots.txt HTTP/1.1" 404 1181 "-" "Mozilla/5.0 (compatible; bingbot/2.0; +http://www.bing.com/bingbot.htm)"
207.46.13.79 - - [07/Sep/2015:02:57:34 +0200] "GET /robots.txt HTTP/1.1" 404 1181 "-" "Mozilla/5.0 (compatible; bingbot/2.0; +http://www.bing.com/bingbot.htm)"
207.46.13.79 - - [07/Sep/2015:02:57:34 +0200] "GET /robots.txt HTTP/1.1" 404 1181 "-" "Mozilla/5.0 (compatible; bingbot/2.0; +http://www.bing.com/bingbot.htm)"
207.46.13.79 - - [07/Sep/2015:02:57:35 +0200] "GET /robots.txt HTTP/1.1" 404 1181 "-" "Mozilla/5.0 (compatible; bingbot/2.0; +http://www.bing.com/bingbot.htm)"
142.54.184.178 - - [07/Sep/2015:03:13:47 +0200] "GET / HTTP/1.1" 200 884 "-" "-"
142.54.184.178 - - [07/Sep/2015:03:13:47 +0200] "GET /xmlrpc.php HTTP/1.1" 404 1181 "-" "-"
142.54.184.178 - - [07/Sep/2015:03:13:47 +0200] "GET /wp-login.php HTTP/1.1" 404 1181 "-" "-"
207.46.13.90 - - [07/Sep/2015:03:16:00 +0200] "GET /robots.txt HTTP/1.1" 404 1181 "-" "Mozilla/5.0 (compatible; bingbot/2.0; +http://www.bing.com/bingbot.htm)"
207.46.13.90 - - [07/Sep/2015:03:16:20 +0200] "GET / HTTP/1.1" 200 884 "-" "Mozilla/5.0 (compatible; bingbot/2.0; +http://www.bing.com/bingbot.htm)"
66.249.69.128 - - [07/Sep/2015:04:10:21 +0200] "GET /robots.txt HTTP/1.1" 404 1181 "-" "Mozilla/5.0 (compatible; Googlebot/2.1; +http://www.google.com/bot.html)"
66.249.69.128 - - [07/Sep/2015:04:10:21 +0200] "GET / HTTP/1.1" 200 884 "-" "Mozilla/5.0 (compatible; Googlebot/2.1; +http://www.google.com/bot.html)"
46.118.118.173 - - [07/Sep/2015:04:13:12 +0200] "GET / HTTP/1.1" 200 884 "http://aff.optitrade24.com/click.php?ctag=a787-b13-p" "Mozilla/4.0 (compatible; MSIE 6.0; Windows NT 5.1; Maxthon; .NET CLR 1.1.4322)"
46.118.118.173 - - [07/Sep/2015:04:13:13 +0200] "GET / HTTP/1.1" 200 884 "http://aff.optitrade24.com/click.php?ctag=a787-b13-p" "Mozilla/4.0 (compatible; MSIE 6.0; Windows NT 5.1; Maxthon; .NET CLR 1.1.4322)"
151.80.31.114 - - [07/Sep/2015:04:55:06 +0200] "GET / HTTP/1.1" 200 884 "-" "Mozilla/5.0 (compatible; AhrefsBot/5.0; +http://ahrefs.com/robot/)"
180.76.15.12 - - [07/Sep/2015:05:52:26 +0200] "GET / HTTP/1.1" 200 884 "-" "Mozilla/5.0 (compatible; Baiduspider/2.0; +http://www.baidu.com/search/spider.html)"
180.76.15.157 - - [07/Sep/2015:05:53:38 +0200] "GET / HTTP/1.1" 200 884 "-" "Mozilla/5.0 (compatible; Baiduspider/2.0; +http://www.baidu.com/search/spider.html)"
77.111.90.197 - - [07/Sep/2015:06:48:26 +0200] "GET / HTTP/1.1" 200 884 "-" "Mozilla/5.0 (X11; U; Linux i686; en-US; rv:1.9.0.4) Gecko/2008111318 Ubuntu/8.10 (intrepid) Firefox/3.0.4"
77.111.90.197 - - [07/Sep/2015:06:48:26 +0200] "GET / HTTP/1.0" 200 884 "-" "-"
173.208.177.130 - - [07/Sep/2015:06:58:39 +0200] "GET /robots.txt HTTP/1.0" 404 1181 "-" "Mozilla/5.0 (compatible; MJ12bot/v1.4.5; http://www.majestic12.co.uk/bot.php?+)"
173.208.177.130 - - [07/Sep/2015:06:58:41 +0200] "GET / HTTP/1.0" 200 884 "-" "Mozilla/5.0 (compatible; MJ12bot/v1.4.5; http://www.majestic12.co.uk/bot.php?+)"
173.208.177.130 - - [07/Sep/2015:06:58:45 +0200] "GET / HTTP/1.0" 200 884 "-" "Mozilla/5.0 (compatible; MJ12bot/v1.4.5; http://www.majestic12.co.uk/bot.php?+)"
173.208.177.130 - - [07/Sep/2015:06:58:51 +0200] "GET / HTTP/1.0" 200 884 "-" "Mozilla/5.0 (compatible; MJ12bot/v1.4.5; http://www.majestic12.co.uk/bot.php?+)"
89.123.15.70 - - [07/Sep/2015:07:26:55 +0200] "GET / HTTP/1.1" 200 884 "-" "Java/1.6.0_04"
207.46.13.113 - - [07/Sep/2015:07:35:17 +0200] "GET /kiadvany/miskolchvte.pdf HTTP/1.1" 200 4059249 "-" "Mozilla/5.0 (iPhone; CPU iPhone OS 7_0 like Mac OS X) AppleWebKit/537.51.1 (KHTML, like Gecko) Version/7.0 Mobile/11A465 Safari/9537.53 (compatible; bingbot/2.0; http://www.bing.com/bingbot.htm)"
207.46.13.79 - - [07/Sep/2015:07:35:39 +0200] "GET /robots.txt HTTP/1.1" 404 1181 "-" "Mozilla/5.0 (compatible; bingbot/2.0; +http://www.bing.com/bingbot.htm)"
79.171.137.21 - - [07/Sep/2015:07:50:14 +0200] "GET /aktualis_elemei/bio2szulinap_elemei/image132.jpg HTTP/1.1" 200 8237 "-" "Mozilla/5.0 (compatible; MSIE 9.0; Windows NT 6.1; Trident/5.0)"
207.46.13.90 - - [07/Sep/2015:08:21:46 +0200] "GET /aktualis_elemei/fnhv_elemei/image023.jpg HTTP/1.1" 200 10309 "-" "Mozilla/5.0 (compatible; bingbot/2.0; +http://www.bing.com/bingbot.htm)"
207.46.13.79 - - [07/Sep/2015:08:24:03 +0200] "GET /aktualis_elemei/katonai_elemei/image004.jpg HTTP/1.1" 200 56554 "-" "Mozilla/5.0 (compatible; bingbot/2.0; +http://www.bing.com/bingbot.htm)"
207.46.13.113 - - [07/Sep/2015:08:24:49 +0200] "GET /aktualis_elemei/bio2szulinap_elemei/image052.jpg HTTP/1.1" 200 11533 "-" "Mozilla/5.0 (compatible; bingbot/2.0; +http://www.bing.com/bingbot.htm)"
207.46.13.113 - - [07/Sep/2015:08:25:52 +0200] "GET /aktualis_elemei/bio2szulinap_elemei/image106.jpg HTTP/1.1" 200 7697 "-" "Mozilla/5.0 (compatible; bingbot/2.0; +http://www.bing.com/bingbot.htm)"
207.46.13.113 - - [07/Sep/2015:08:25:52 +0200] "GET /aktualis_elemei/fnhv_elemei/image001.jpg HTTP/1.1" 200 11658 "-" "Mozilla/5.0 (compatible; bingbot/2.0; +http://www.bing.com/bingbot.htm)"
207.46.13.160 - - [07/Sep/2015:08:31:49 +0200] "GET /aktualis_elemei/bio2szulinap_elemei/image118.jpg HTTP/1.1" 200 9292 "-" "Mozilla/5.0 (compatible; bingbot/2.0; +http://www.bing.com/bingbot.htm)"
207.46.13.160 - - [07/Sep/2015:08:31:50 +0200] "GET /aktualis_elemei/bio2szulinap_elemei/image116.jpg HTTP/1.1" 200 9709 "-" "Mozilla/5.0 (compatible; bingbot/2.0; +http://www.bing.com/bingbot.htm)"
207.46.13.79 - - [07/Sep/2015:08:34:06 +0200] "GET /aktualis_elemei/fnhv_elemei/image015.jpg HTTP/1.1" 200 11818 "-" "Mozilla/5.0 (compatible; bingbot/2.0; +http://www.bing.com/bingbot.htm)"
207.46.13.113 - - [07/Sep/2015:08:37:56 +0200] "GET /aktualis_elemei/deneverdani.html HTTP/1.1" 200 7036 "-" "msnbot-media/1.1 (+http://search.msn.com/msnbot.htm)"
207.46.13.113 - - [07/Sep/2015:08:38:17 +0200] "GET /aktualis_elemei/ausztriaut_elemei/image001.jpg HTTP/1.1" 200 2926 "-" "Mozilla/5.0 (compatible; bingbot/2.0; +http://www.bing.com/bingbot.htm)"
207.46.13.90 - - [07/Sep/2015:08:58:48 +0200] "GET /aktualis_elemei/bio2szulinap_elemei/image142.jpg HTTP/1.1" 200 9654 "-" "Mozilla/5.0 (compatible; bingbot/2.0; +http://www.bing.com/bingbot.htm)"
207.46.13.90 - - [07/Sep/2015:08:58:51 +0200] "GET /aktualis_elemei/katonai_elemei/image002.jpg HTTP/1.1" 200 34104 "-" "Mozilla/5.0 (compatible; bingbot/2.0; +http://www.bing.com/bingbot.htm)"
46.29.19.29 - - [07/Sep/2015:08:59:56 +0200] "GET / HTTP/1.0" 200 884 "http://greenaction.hu" "Mozilla/5.0 (Windows NT 6.3; WOW64; rv:37.0) Gecko/20100101 Firefox/37.0"
80.99.50.46 - - [07/Sep/2015:09:11:38 +0200] "GET /aktualis_elemei/fnhv.html HTTP/1.1" 200 48118 "-" "Mozilla/5.0 (compatible; Googlebot/2.1; +http://www.google.com/bot.html)"
80.99.50.46 - - [07/Sep/2015:09:12:15 +0200] "GET /aktualis_elemei/fnhv.html HTTP/1.1" 200 48118 "-" "Mozilla/5.0 (compatible; Googlebot/2.1; +http://www.google.com/bot.html)"
66.249.69.8 - - [07/Sep/2015:10:21:43 +0200] "GET / HTTP/1.1" 200 884 "-" "Mozilla/5.0 (compatible; Googlebot/2.1; +http://www.google.com/bot.html)"
5.9.66.105 - - [07/Sep/2015:10:38:42 +0200] "GET / HTTP/1.1" 200 884 "http://www.ertekelem.com/150" "Mozilla/5.0 (Windows NT 6.1; WOW64) AppleWebKit/535.19 (KHTML, like Gecko) Chrome/18.0.1025.151 Safari/535.19"
37.49.224.63 - - [07/Sep/2015:10:54:20 +0200] "GET / HTTP/1.1" 200 884 "-" "Mozilla/4.0 (compatible; MSIE 5.0; Windows NT; DigExt; DTS Agent"
78.131.88.34 - - [07/Sep/2015:10:56:16 +0200] "GET / HTTP/1.1" 200 884 "https://www.google.hu/" "Mozilla/5.0 (Windows NT 6.1) AppleWebKit/537.36 (KHTML, like Gecko) Chrome/44.0.2403.157 Safari/537.36"
78.131.88.34 - - [07/Sep/2015:10:56:16 +0200] "GET /pattern.jpg HTTP/1.1" 200 13798 "http://www.greenaction.hu/" "Mozilla/5.0 (Windows NT 6.1) AppleWebKit/537.36 (KHTML, like Gecko) Chrome/44.0.2403.157 Safari/537.36"
78.131.88.34 - - [07/Sep/2015:10:56:16 +0200] "GET /favicon.ico HTTP/1.1" 404 1181 "http://www.greenaction.hu/" "Mozilla/5.0 (Windows NT 6.1) AppleWebKit/537.36 (KHTML, like Gecko) Chrome/44.0.2403.157 Safari/537.36"
46.185.117.31 - - [07/Sep/2015:11:44:52 +0200] "GET / HTTP/1.1" 200 884 "http://mazda-roadsters.com/" "Mozilla/4.0 (compatible; MSIE 6.0; Windows XP)"
46.185.117.31 - - [07/Sep/2015:11:44:52 +0200] "GET / HTTP/1.1" 200 884 "http://mazda-roadsters.com/" "Mozilla/4.0 (compatible; MSIE 6.0; Windows XP)"
46.185.117.31 - - [07/Sep/2015:11:44:53 +0200] "GET / HTTP/1.1" 200 884 "http://mazda-roadsters.com/" "Mozilla/4.0 (compatible; MSIE 6.0; Windows XP)"
178.137.92.63 - - [07/Sep/2015:11:47:30 +0200] "GET / HTTP/1.1" 200 884 "http://aff.optitrade24.com/click.php?ctag=a787-b13-p" "Opera/9.01 (Windows NT 5.1; U; en)"
178.137.92.63 - - [07/Sep/2015:11:47:31 +0200] "GET / HTTP/1.1" 200 884 "http://aff.optitrade24.com/click.php?ctag=a787-b13-p" "Opera/9.01 (Windows NT 5.1; U; en)"
185.38.250.103 - - [07/Sep/2015:11:52:04 +0200] "GET / HTTP/1.0" 200 884 "http://greenaction.hu" "Mozilla/5.0 (Windows NT 6.3; WOW64; rv:37.0) Gecko/20100101 Firefox/37.0"
207.46.13.90 - - [07/Sep/2015:12:21:57 +0200] "GET /aktualis_elemei/bio2szulinap_elemei/image108.jpg HTTP/1.1" 200 9238 "-" "Mozilla/5.0 (compatible; bingbot/2.0; +http://www.bing.com/bingbot.htm)"
178.137.92.63 - - [07/Sep/2015:12:26:10 +0200] "GET / HTTP/1.1" 200 884 "http://pornogig.com/" "Opera/9.0 (Windows NT 5.1; U; en)"
178.137.92.63 - - [07/Sep/2015:12:26:10 +0200] "GET / HTTP/1.1" 200 884 "http://pornogig.com/" "Opera/9.0 (Windows NT 5.1; U; en)"
178.137.92.63 - - [07/Sep/2015:12:29:45 +0200] "GET / HTTP/1.1" 200 884 "http://www.sharok.biz/" "Mozilla/4.0 (compatible; MSIE 6.0; Windows 98; Win 9x 4.90; Creative)"
178.137.92.63 - - [07/Sep/2015:12:29:46 +0200] "GET / HTTP/1.1" 200 884 "http://www.sharok.biz/" "Mozilla/4.0 (compatible; MSIE 6.0; Windows 98; Win 9x 4.90; Creative)"
199.58.86.209 - - [07/Sep/2015:12:49:41 +0200] "GET /robots.txt HTTP/1.0" 404 1181 "-" "Mozilla/5.0 (compatible; MJ12bot/v1.4.5; http://www.majestic12.co.uk/bot.php?+)"
199.58.86.209 - - [07/Sep/2015:12:49:42 +0200] "GET / HTTP/1.0" 200 884 "-" "Mozilla/5.0 (compatible; MJ12bot/v1.4.5; http://www.majestic12.co.uk/bot.php?+)"
199.58.86.209 - - [07/Sep/2015:12:49:46 +0200] "GET / HTTP/1.0" 200 884 "-" "Mozilla/5.0 (compatible; MJ12bot/v1.4.5; http://www.majestic12.co.uk/bot.php?+)"
199.58.86.209 - - [07/Sep/2015:12:49:50 +0200] "GET / HTTP/1.0" 200 884 "-" "Mozilla/5.0 (compatible; MJ12bot/v1.4.5; http://www.majestic12.co.uk/bot.php?+)"
89.238.249.162 - - [07/Sep/2015:13:09:23 +0200] "GET /aktualis_elemei/bio2szulinap_elemei/image138.jpg HTTP/1.1" 200 9822 "https://www.google.ro/" "Mozilla/5.0 (Windows NT 6.1) AppleWebKit/537.36 (KHTML, like Gecko) Chrome/45.0.2454.85 Safari/537.36"
66.249.69.8 - - [07/Sep/2015:13:20:03 +0200] "GET / HTTP/1.1" 200 884 "-" "Mozilla/5.0 (compatible; Googlebot/2.1; +http://www.google.com/bot.html)"
136.243.17.161 - - [07/Sep/2015:13:29:55 +0200] "GET /hirek/fn_reszletes.pdf HTTP/1.1" 200 195567 "-" "Mozilla/5.0 (Windows NT 5.1; rv:21.0) Gecko/20100101 Firefox/21.0"
66.249.69.8 - - [07/Sep/2015:13:38:10 +0200] "GET / HTTP/1.1" 200 884 "-" "Mozilla/5.0 (compatible; Googlebot/2.1; +http://www.google.com/bot.html)"
212.92.1.124 - - [07/Sep/2015:13:45:08 +0200] "GET /aktualis_elemei/bio2szulinap_elemei/image132.jpg HTTP/1.1" 200 8237 "https://www.google.hu" "Mozilla/5.0 (Windows NT 6.1; WOW64; rv:40.0) Gecko/20100101 Firefox/40.0"
188.68.250.7 - - [07/Sep/2015:13:51:39 +0200] "GET / HTTP/1.0" 200 884 "http://greenaction.hu" "Mozilla/5.0 (Windows NT 6.3; WOW64; rv:37.0) Gecko/20100101 Firefox/37.0"
61.135.189.110 - - [07/Sep/2015:14:11:07 +0200] "GET /robots.txt HTTP/1.1" 404 1181 "-" "Sogou web spider/4.0(+http://www.sogou.com/docs/help/webmasters.htm#07)"
61.135.189.110 - - [07/Sep/2015:14:11:16 +0200] "GET / HTTP/1.1" 200 884 "-" "Sogou web spider/4.0(+http://www.sogou.com/docs/help/webmasters.htm#07)"
178.202.133.84 - - [07/Sep/2015:14:35:17 +0200] "GET /robots.txt HTTP/1.0" 404 1181 "-" "Mozilla/5.0 (compatible; MJ12bot/v1.4.5; http://www.majestic12.co.uk/bot.php?+)"
178.202.133.84 - - [07/Sep/2015:14:35:19 +0200] "GET /magunkrol_elemei/kozhasznu.html HTTP/1.0" 200 48365 "-" "Mozilla/5.0 (compatible; MJ12bot/v1.4.5; http://www.majestic12.co.uk/bot.php?+)"
88.87.243.5 - - [07/Sep/2015:14:43:27 +0200] "GET /aktualis_elemei/katonai.html HTTP/1.1" 200 22109 "http://www.google.hu/" "Mozilla/5.0 (Linux; U; Android 4.1.2; hu-hu; GT-P3110 Build/JZO54K) AppleWebKit/534.30 (KHTML, like Gecko) Version/4.0 Safari/534.30"
88.87.243.5 - - [07/Sep/2015:14:43:31 +0200] "GET /aktualis_elemei/katonai_elemei/image001.jpg HTTP/1.1" 200 35821 "http://www.greenaction.hu/aktualis_elemei/katonai.html" "Mozilla/5.0 (Linux; U; Android 4.1.2; hu-hu; GT-P3110 Build/JZO54K) AppleWebKit/534.30 (KHTML, like Gecko) Version/4.0 Safari/534.30"
88.87.243.5 - - [07/Sep/2015:14:43:32 +0200] "GET /aktualis_elemei/katonai_elemei/image002.jpg HTTP/1.1" 200 34104 "http://www.greenaction.hu/aktualis_elemei/katonai.html" "Mozilla/5.0 (Linux; U; Android 4.1.2; hu-hu; GT-P3110 Build/JZO54K) AppleWebKit/534.30 (KHTML, like Gecko) Version/4.0 Safari/534.30"
88.87.243.5 - - [07/Sep/2015:14:43:35 +0200] "GET /aktualis_elemei/katonai_elemei/image003.jpg HTTP/1.1" 200 88392 "http://www.greenaction.hu/aktualis_elemei/katonai.html" "Mozilla/5.0 (Linux; U; Android 4.1.2; hu-hu; GT-P3110 Build/JZO54K) AppleWebKit/534.30 (KHTML, like Gecko) Version/4.0 Safari/534.30"
88.87.243.5 - - [07/Sep/2015:14:43:35 +0200] "GET /aktualis_elemei/katonai_elemei/image004.jpg HTTP/1.1" 200 56554 "http://www.greenaction.hu/aktualis_elemei/katonai.html" "Mozilla/5.0 (Linux; U; Android 4.1.2; hu-hu; GT-P3110 Build/JZO54K) AppleWebKit/534.30 (KHTML, like Gecko) Version/4.0 Safari/534.30"
88.87.243.5 - - [07/Sep/2015:14:43:50 +0200] "GET /favicon.ico HTTP/1.1" 404 1181 "http://www.greenaction.hu/aktualis_elemei/katonai.html" "Mozilla/5.0 (Linux; U; Android 4.1.2; hu-hu; GT-P3110 Build/JZO54K) AppleWebKit/534.30 (KHTML, like Gecko) Version/4.0 Safari/534.30"
66.249.69.120 - - [07/Sep/2015:14:52:07 +0200] "GET / HTTP/1.1" 200 884 "-" "Mozilla/5.0 (compatible; Googlebot/2.1; +http://www.google.com/bot.html)"
88.87.243.5 - - [07/Sep/2015:14:56:43 +0200] "GET /aktualis_elemei/katonai.html HTTP/1.1" 200 22109 "-" "Mozilla/5.0 (Linux; U; Android 4.1.2; hu-hu; GT-P3110 Build/JZO54K) AppleWebKit/534.30 (KHTML, like Gecko) Version/4.0 Safari/534.30"
88.87.243.5 - - [07/Sep/2015:14:56:44 +0200] "GET /aktualis_elemei/katonai_elemei/image001.jpg HTTP/1.1" 200 35821 "http://www.greenaction.hu/aktualis_elemei/katonai.html" "Mozilla/5.0 (Linux; U; Android 4.1.2; hu-hu; GT-P3110 Build/JZO54K) AppleWebKit/534.30 (KHTML, like Gecko) Version/4.0 Safari/534.30"
88.87.243.5 - - [07/Sep/2015:14:56:45 +0200] "GET /aktualis_elemei/katonai_elemei/image002.jpg HTTP/1.1" 200 34104 "http://www.greenaction.hu/aktualis_elemei/katonai.html" "Mozilla/5.0 (Linux; U; Android 4.1.2; hu-hu; GT-P3110 Build/JZO54K) AppleWebKit/534.30 (KHTML, like Gecko) Version/4.0 Safari/534.30"
88.87.243.5 - - [07/Sep/2015:14:56:45 +0200] "GET /aktualis_elemei/katonai_elemei/image003.jpg HTTP/1.1" 200 88392 "http://www.greenaction.hu/aktualis_elemei/katonai.html" "Mozilla/5.0 (Linux; U; Android 4.1.2; hu-hu; GT-P3110 Build/JZO54K) AppleWebKit/534.30 (KHTML, like Gecko) Version/4.0 Safari/534.30"
88.87.243.5 - - [07/Sep/2015:14:56:45 +0200] "GET /aktualis_elemei/katonai_elemei/image004.jpg HTTP/1.1" 200 56554 "http://www.greenaction.hu/aktualis_elemei/katonai.html" "Mozilla/5.0 (Linux; U; Android 4.1.2; hu-hu; GT-P3110 Build/JZO54K) AppleWebKit/534.30 (KHTML, like Gecko) Version/4.0 Safari/534.30"
88.87.243.5 - - [07/Sep/2015:14:57:00 +0200] "GET /favicon.ico HTTP/1.1" 404 1181 "http://www.greenaction.hu/aktualis_elemei/katonai.html" "Mozilla/5.0 (Linux; U; Android 4.1.2; hu-hu; GT-P3110 Build/JZO54K) AppleWebKit/534.30 (KHTML, like Gecko) Version/4.0 Safari/534.30"
88.87.243.5 - - [07/Sep/2015:14:59:58 +0200] "GET /aktualis_elemei/katonai.html HTTP/1.1" 200 22109 "-" "Mozilla/5.0 (Linux; U; Android 4.1.2; hu-hu; GT-P3110 Build/JZO54K) AppleWebKit/534.30 (KHTML, like Gecko) Version/4.0 Safari/534.30"
88.87.243.5 - - [07/Sep/2015:14:59:59 +0200] "GET /aktualis_elemei/katonai_elemei/image001.jpg HTTP/1.1" 200 35821 "http://www.greenaction.hu/aktualis_elemei/katonai.html" "Mozilla/5.0 (Linux; U; Android 4.1.2; hu-hu; GT-P3110 Build/JZO54K) AppleWebKit/534.30 (KHTML, like Gecko) Version/4.0 Safari/534.30"
88.87.243.5 - - [07/Sep/2015:15:00:00 +0200] "GET /aktualis_elemei/katonai_elemei/image002.jpg HTTP/1.1" 200 34104 "http://www.greenaction.hu/aktualis_elemei/katonai.html" "Mozilla/5.0 (Linux; U; Android 4.1.2; hu-hu; GT-P3110 Build/JZO54K) AppleWebKit/534.30 (KHTML, like Gecko) Version/4.0 Safari/534.30"
88.87.243.5 - - [07/Sep/2015:15:00:01 +0200] "GET /aktualis_elemei/katonai_elemei/image004.jpg HTTP/1.1" 200 56554 "http://www.greenaction.hu/aktualis_elemei/katonai.html" "Mozilla/5.0 (Linux; U; Android 4.1.2; hu-hu; GT-P3110 Build/JZO54K) AppleWebKit/534.30 (KHTML, like Gecko) Version/4.0 Safari/534.30"
88.87.243.5 - - [07/Sep/2015:15:00:02 +0200] "GET /aktualis_elemei/katonai_elemei/image003.jpg HTTP/1.1" 200 88392 "http://www.greenaction.hu/aktualis_elemei/katonai.html" "Mozilla/5.0 (Linux; U; Android 4.1.2; hu-hu; GT-P3110 Build/JZO54K) AppleWebKit/534.30 (KHTML, like Gecko) Version/4.0 Safari/534.30"
88.87.243.5 - - [07/Sep/2015:15:00:11 +0200] "GET /favicon.ico HTTP/1.1" 404 1181 "http://www.greenaction.hu/aktualis_elemei/katonai.html" "Mozilla/5.0 (Linux; U; Android 4.1.2; hu-hu; GT-P3110 Build/JZO54K) AppleWebKit/534.30 (KHTML, like Gecko) Version/4.0 Safari/534.30"
46.29.21.83 - - [07/Sep/2015:15:00:24 +0200] "GET / HTTP/1.0" 200 884 "http://greenaction.hu" "Mozilla/5.0 (Windows NT 6.3; WOW64; rv:37.0) Gecko/20100101 Firefox/37.0"
88.87.243.5 - - [07/Sep/2015:15:10:23 +0200] "GET /aktualis_elemei/katonai.html HTTP/1.1" 200 22109 "-" "Mozilla/5.0 (Linux; U; Android 4.1.2; hu-hu; GT-P3110 Build/JZO54K) AppleWebKit/534.30 (KHTML, like Gecko) Version/4.0 Safari/534.30"
88.87.243.5 - - [07/Sep/2015:15:10:26 +0200] "GET /aktualis_elemei/katonai_elemei/image002.jpg HTTP/1.1" 200 34104 "http://www.greenaction.hu/aktualis_elemei/katonai.html" "Mozilla/5.0 (Linux; U; Android 4.1.2; hu-hu; GT-P3110 Build/JZO54K) AppleWebKit/534.30 (KHTML, like Gecko) Version/4.0 Safari/534.30"
88.87.243.5 - - [07/Sep/2015:15:10:26 +0200] "GET /aktualis_elemei/katonai_elemei/image001.jpg HTTP/1.1" 200 35821 "http://www.greenaction.hu/aktualis_elemei/katonai.html" "Mozilla/5.0 (Linux; U; Android 4.1.2; hu-hu; GT-P3110 Build/JZO54K) AppleWebKit/534.30 (KHTML, like Gecko) Version/4.0 Safari/534.30"
88.87.243.5 - - [07/Sep/2015:15:10:26 +0200] "GET /aktualis_elemei/katonai_elemei/image004.jpg HTTP/1.1" 200 56554 "http://www.greenaction.hu/aktualis_elemei/katonai.html" "Mozilla/5.0 (Linux; U; Android 4.1.2; hu-hu; GT-P3110 Build/JZO54K) AppleWebKit/534.30 (KHTML, like Gecko) Version/4.0 Safari/534.30"
88.87.243.5 - - [07/Sep/2015:15:10:26 +0200] "GET /aktualis_elemei/katonai_elemei/image003.jpg HTTP/1.1" 200 88392 "http://www.greenaction.hu/aktualis_elemei/katonai.html" "Mozilla/5.0 (Linux; U; Android 4.1.2; hu-hu; GT-P3110 Build/JZO54K) AppleWebKit/534.30 (KHTML, like Gecko) Version/4.0 Safari/534.30"
88.87.243.5 - - [07/Sep/2015:15:10:40 +0200] "GET /favicon.ico HTTP/1.1" 404 1181 "http://www.greenaction.hu/aktualis_elemei/katonai.html" "Mozilla/5.0 (Linux; U; Android 4.1.2; hu-hu; GT-P3110 Build/JZO54K) AppleWebKit/534.30 (KHTML, like Gecko) Version/4.0 Safari/534.30"
88.87.243.5 - - [07/Sep/2015:15:14:10 +0200] "GET /aktualis_elemei/katonai.html HTTP/1.1" 200 22109 "-" "Mozilla/5.0 (Linux; U; Android 4.1.2; hu-hu; GT-P3110 Build/JZO54K) AppleWebKit/534.30 (KHTML, like Gecko) Version/4.0 Safari/534.30"
88.87.243.5 - - [07/Sep/2015:15:14:12 +0200] "GET /aktualis_elemei/katonai_elemei/image001.jpg HTTP/1.1" 200 35821 "http://www.greenaction.hu/aktualis_elemei/katonai.html" "Mozilla/5.0 (Linux; U; Android 4.1.2; hu-hu; GT-P3110 Build/JZO54K) AppleWebKit/534.30 (KHTML, like Gecko) Version/4.0 Safari/534.30"
88.87.243.5 - - [07/Sep/2015:15:14:12 +0200] "GET /aktualis_elemei/katonai_elemei/image002.jpg HTTP/1.1" 200 34104 "http://www.greenaction.hu/aktualis_elemei/katonai.html" "Mozilla/5.0 (Linux; U; Android 4.1.2; hu-hu; GT-P3110 Build/JZO54K) AppleWebKit/534.30 (KHTML, like Gecko) Version/4.0 Safari/534.30"
88.87.243.5 - - [07/Sep/2015:15:14:12 +0200] "GET /aktualis_elemei/katonai_elemei/image004.jpg HTTP/1.1" 200 56554 "http://www.greenaction.hu/aktualis_elemei/katonai.html" "Mozilla/5.0 (Linux; U; Android 4.1.2; hu-hu; GT-P3110 Build/JZO54K) AppleWebKit/534.30 (KHTML, like Gecko) Version/4.0 Safari/534.30"
88.87.243.5 - - [07/Sep/2015:15:14:12 +0200] "GET /aktualis_elemei/katonai_elemei/image003.jpg HTTP/1.1" 200 88392 "http://www.greenaction.hu/aktualis_elemei/katonai.html" "Mozilla/5.0 (Linux; U; Android 4.1.2; hu-hu; GT-P3110 Build/JZO54K) AppleWebKit/534.30 (KHTML, like Gecko) Version/4.0 Safari/534.30"
88.87.243.5 - - [07/Sep/2015:15:14:26 +0200] "GET /favicon.ico HTTP/1.1" 404 1181 "http://www.greenaction.hu/aktualis_elemei/katonai.html" "Mozilla/5.0 (Linux; U; Android 4.1.2; hu-hu; GT-P3110 Build/JZO54K) AppleWebKit/534.30 (KHTML, like Gecko) Version/4.0 Safari/534.30"
207.46.13.113 - - [07/Sep/2015:15:21:13 +0200] "GET /robots.txt HTTP/1.1" 404 1181 "-" "Mozilla/5.0 (compatible; bingbot/2.0; +http://www.bing.com/bingbot.htm)"
66.249.75.18 - - [07/Sep/2015:15:21:54 +0200] "GET /robots.txt HTTP/1.1" 404 1181 "-" "Mozilla/5.0 (compatible; Googlebot/2.1; +http://www.google.com/bot.html)"
66.249.75.26 - - [07/Sep/2015:15:21:54 +0200] "GET / HTTP/1.1" 200 884 "-" "DoCoMo/2.0 N905i(c100;TB;W24H16) (compatible; Googlebot-Mobile/2.1; +http://www.google.com/bot.html)"
88.87.243.5 - - [07/Sep/2015:15:47:08 +0200] "GET /aktualis_elemei/katonai.html HTTP/1.1" 200 22109 "-" "Mozilla/5.0 (Linux; U; Android 4.1.2; hu-hu; GT-P3110 Build/JZO54K) AppleWebKit/534.30 (KHTML, like Gecko) Version/4.0 Safari/534.30"
88.87.243.5 - - [07/Sep/2015:15:47:10 +0200] "GET /aktualis_elemei/katonai_elemei/image001.jpg HTTP/1.1" 200 35821 "http://www.greenaction.hu/aktualis_elemei/katonai.html" "Mozilla/5.0 (Linux; U; Android 4.1.2; hu-hu; GT-P3110 Build/JZO54K) AppleWebKit/534.30 (KHTML, like Gecko) Version/4.0 Safari/534.30"
88.87.243.5 - - [07/Sep/2015:15:47:10 +0200] "GET /aktualis_elemei/katonai_elemei/image002.jpg HTTP/1.1" 200 34104 "http://www.greenaction.hu/aktualis_elemei/katonai.html" "Mozilla/5.0 (Linux; U; Android 4.1.2; hu-hu; GT-P3110 Build/JZO54K) AppleWebKit/534.30 (KHTML, like Gecko) Version/4.0 Safari/534.30"
88.87.243.5 - - [07/Sep/2015:15:47:11 +0200] "GET /aktualis_elemei/katonai_elemei/image003.jpg HTTP/1.1" 200 88392 "http://www.greenaction.hu/aktualis_elemei/katonai.html" "Mozilla/5.0 (Linux; U; Android 4.1.2; hu-hu; GT-P3110 Build/JZO54K) AppleWebKit/534.30 (KHTML, like Gecko) Version/4.0 Safari/534.30"
88.87.243.5 - - [07/Sep/2015:15:47:11 +0200] "GET /aktualis_elemei/katonai_elemei/image004.jpg HTTP/1.1" 200 56554 "http://www.greenaction.hu/aktualis_elemei/katonai.html" "Mozilla/5.0 (Linux; U; Android 4.1.2; hu-hu; GT-P3110 Build/JZO54K) AppleWebKit/534.30 (KHTML, like Gecko) Version/4.0 Safari/534.30"
88.87.243.5 - - [07/Sep/2015:15:47:21 +0200] "GET /favicon.ico HTTP/1.1" 404 1181 "http://www.greenaction.hu/aktualis_elemei/katonai.html" "Mozilla/5.0 (Linux; U; Android 4.1.2; hu-hu; GT-P3110 Build/JZO54K) AppleWebKit/534.30 (KHTML, like Gecko) Version/4.0 Safari/534.30"
88.87.243.5 - - [07/Sep/2015:15:49:10 +0200] "GET /aktualis_elemei/katonai.html HTTP/1.1" 200 22109 "-" "Mozilla/5.0 (Linux; U; Android 4.1.2; hu-hu; GT-P3110 Build/JZO54K) AppleWebKit/534.30 (KHTML, like Gecko) Version/4.0 Safari/534.30"
88.87.243.5 - - [07/Sep/2015:15:49:11 +0200] "GET /aktualis_elemei/katonai_elemei/image001.jpg HTTP/1.1" 200 35821 "http://www.greenaction.hu/aktualis_elemei/katonai.html" "Mozilla/5.0 (Linux; U; Android 4.1.2; hu-hu; GT-P3110 Build/JZO54K) AppleWebKit/534.30 (KHTML, like Gecko) Version/4.0 Safari/534.30"
88.87.243.5 - - [07/Sep/2015:15:49:12 +0200] "GET /aktualis_elemei/katonai_elemei/image002.jpg HTTP/1.1" 200 34104 "http://www.greenaction.hu/aktualis_elemei/katonai.html" "Mozilla/5.0 (Linux; U; Android 4.1.2; hu-hu; GT-P3110 Build/JZO54K) AppleWebKit/534.30 (KHTML, like Gecko) Version/4.0 Safari/534.30"
88.87.243.5 - - [07/Sep/2015:15:49:13 +0200] "GET /aktualis_elemei/katonai_elemei/image004.jpg HTTP/1.1" 200 56554 "http://www.greenaction.hu/aktualis_elemei/katonai.html" "Mozilla/5.0 (Linux; U; Android 4.1.2; hu-hu; GT-P3110 Build/JZO54K) AppleWebKit/534.30 (KHTML, like Gecko) Version/4.0 Safari/534.30"
88.87.243.5 - - [07/Sep/2015:15:49:13 +0200] "GET /aktualis_elemei/katonai_elemei/image003.jpg HTTP/1.1" 200 88392 "http://www.greenaction.hu/aktualis_elemei/katonai.html" "Mozilla/5.0 (Linux; U; Android 4.1.2; hu-hu; GT-P3110 Build/JZO54K) AppleWebKit/534.30 (KHTML, like Gecko) Version/4.0 Safari/534.30"
88.87.243.5 - - [07/Sep/2015:15:49:27 +0200] "GET /favicon.ico HTTP/1.1" 404 1181 "http://www.greenaction.hu/aktualis_elemei/katonai.html" "Mozilla/5.0 (Linux; U; Android 4.1.2; hu-hu; GT-P3110 Build/JZO54K) AppleWebKit/534.30 (KHTML, like Gecko) Version/4.0 Safari/534.30"
88.87.243.5 - - [07/Sep/2015:15:50:46 +0200] "GET /aktualis_elemei/katonai.html HTTP/1.1" 200 22109 "-" "Mozilla/5.0 (Linux; U; Android 4.1.2; hu-hu; GT-P3110 Build/JZO54K) AppleWebKit/534.30 (KHTML, like Gecko) Version/4.0 Safari/534.30"
88.87.243.5 - - [07/Sep/2015:15:50:49 +0200] "GET /aktualis_elemei/katonai_elemei/image001.jpg HTTP/1.1" 200 35821 "http://www.greenaction.hu/aktualis_elemei/katonai.html" "Mozilla/5.0 (Linux; U; Android 4.1.2; hu-hu; GT-P3110 Build/JZO54K) AppleWebKit/534.30 (KHTML, like Gecko) Version/4.0 Safari/534.30"
88.87.243.5 - - [07/Sep/2015:15:50:50 +0200] "GET /aktualis_elemei/katonai_elemei/image002.jpg HTTP/1.1" 200 34104 "http://www.greenaction.hu/aktualis_elemei/katonai.html" "Mozilla/5.0 (Linux; U; Android 4.1.2; hu-hu; GT-P3110 Build/JZO54K) AppleWebKit/534.30 (KHTML, like Gecko) Version/4.0 Safari/534.30"
88.87.243.5 - - [07/Sep/2015:15:50:51 +0200] "GET /aktualis_elemei/katonai_elemei/image003.jpg HTTP/1.1" 200 88392 "http://www.greenaction.hu/aktualis_elemei/katonai.html" "Mozilla/5.0 (Linux; U; Android 4.1.2; hu-hu; GT-P3110 Build/JZO54K) AppleWebKit/534.30 (KHTML, like Gecko) Version/4.0 Safari/534.30"
88.87.243.5 - - [07/Sep/2015:15:50:51 +0200] "GET /aktualis_elemei/katonai_elemei/image004.jpg HTTP/1.1" 200 56554 "http://www.greenaction.hu/aktualis_elemei/katonai.html" "Mozilla/5.0 (Linux; U; Android 4.1.2; hu-hu; GT-P3110 Build/JZO54K) AppleWebKit/534.30 (KHTML, like Gecko) Version/4.0 Safari/534.30"
88.87.243.5 - - [07/Sep/2015:15:51:03 +0200] "GET /favicon.ico HTTP/1.1" 404 1181 "http://www.greenaction.hu/aktualis_elemei/katonai.html" "Mozilla/5.0 (Linux; U; Android 4.1.2; hu-hu; GT-P3110 Build/JZO54K) AppleWebKit/534.30 (KHTML, like Gecko) Version/4.0 Safari/534.30"
207.46.13.113 - - [07/Sep/2015:16:00:25 +0200] "GET / HTTP/1.1" 200 884 "-" "Mozilla/5.0 (compatible; bingbot/2.0; +http://www.bing.com/bingbot.htm)"
66.249.69.128 - - [07/Sep/2015:16:10:10 +0200] "GET / HTTP/1.1" 200 884 "-" "Mozilla/5.0 (iPhone; CPU iPhone OS 8_3 like Mac OS X) AppleWebKit/600.1.4 (KHTML, like Gecko) Version/8.0 Mobile/12F70 Safari/600.1.4 (compatible; Googlebot/2.1; +http://www.google.com/bot.html)"
66.249.75.18 - - [07/Sep/2015:16:52:08 +0200] "GET / HTTP/1.1" 200 884 "-" "Mozilla/5.0 (iPhone; CPU iPhone OS 8_3 like Mac OS X) AppleWebKit/600.1.4 (KHTML, like Gecko) Version/8.0 Mobile/12F70 Safari/600.1.4 (compatible; Googlebot/2.1; +http://www.google.com/bot.html)"
104.131.147.112 - - [07/Sep/2015:17:10:53 +0200] "GET /magunkrol_elemei/kozhasznu.html HTTP/1.1" 200 48365 "-" "Mozilla/5.0 (compatible; Gluten Free Crawler/1.0; +http://glutenfreepleasure.com/)"
207.90.2.6 - - [07/Sep/2015:17:28:10 +0200] "GET / HTTP/1.0" 200 884 "-" "=Mozilla/5.0 (Windows; U; Windows NT 6.1; en-US) AppleWebKit/534.16 (KHTML, like Gecko) Chrome/10.0.648.204 Safari/534.16"
178.137.92.63 - - [07/Sep/2015:17:28:14 +0200] "GET / HTTP/1.1" 200 884 "http://live-videochat.ru/" "Mozilla/4.0 (compatible; MSIE 6.0; Windows NT 5.1; ru) Opera 8.01"
178.137.92.63 - - [07/Sep/2015:17:28:14 +0200] "GET / HTTP/1.1" 200 884 "http://live-videochat.ru/" "Mozilla/4.0 (compatible; MSIE 6.0; Windows NT 5.1; ru) Opera 8.01"
178.137.92.63 - - [07/Sep/2015:17:28:14 +0200] "GET / HTTP/1.1" 200 884 "http://live-videochat.ru/" "Mozilla/4.0 (compatible; MSIE 6.0; Windows NT 5.1; ru) Opera 8.01"
207.46.13.79 - - [07/Sep/2015:18:21:53 +0200] "GET /zoldakcio.swf HTTP/1.1" 200 840351 "-" "Mozilla/5.0 (compatible; bingbot/2.0; +http://www.bing.com/bingbot.htm)"
157.55.39.6 - - [07/Sep/2015:18:21:54 +0200] "GET / HTTP/1.1" 200 884 "-" "Mozilla/5.0 (compatible; bingbot/2.0; +http://www.bing.com/bingbot.htm)"
199.30.25.79 - - [07/Sep/2015:18:21:55 +0200] "GET /pattern.jpg HTTP/1.1" 200 13798 "http://www.greenaction.hu/" "Mozilla/5.0 (Windows NT 6.1; WOW64) AppleWebKit/534+ (KHTML, like Gecko) BingPreview/1.0b"
199.30.25.79 - - [07/Sep/2015:18:21:56 +0200] "GET /pattern.jpg HTTP/1.1" 200 13798 "http://www.greenaction.hu/" "Mozilla/5.0 (Windows NT 6.1; WOW64) AppleWebKit/534+ (KHTML, like Gecko) BingPreview/1.0b"
199.30.25.79 - - [07/Sep/2015:18:21:58 +0200] "GET /zoldakcio.swf HTTP/1.1" 200 840351 "http://www.greenaction.hu/zoldakcio.swf" "Mozilla/5.0 (Windows NT 6.1; WOW64) AppleWebKit/534+ (KHTML, like Gecko) BingPreview/1.0b"
199.30.25.79 - - [07/Sep/2015:18:21:59 +0200] "GET /zoldakcio.swf HTTP/1.1" 200 840351 "http://www.greenaction.hu/zoldakcio.swf" "Mozilla/5.0 (Windows NT 6.1; WOW64) AppleWebKit/534+ (KHTML, like Gecko) BingPreview/1.0b"
199.30.25.79 - - [07/Sep/2015:18:22:00 +0200] "GET /esemenynaptar/SparkEventsCalendar_loadVars.txt HTTP/1.1" 200 72712 "http://www.greenaction.hu/zoldakcio.swf" "Mozilla/5.0 (Windows NT 6.1; WOW64) AppleWebKit/534+ (KHTML, like Gecko) BingPreview/1.0b"
199.30.25.79 - - [07/Sep/2015:18:22:00 +0200] "GET /esemenynaptar/SparkEventsCalendar_loadVars.txt HTTP/1.1" 200 72712 "http://www.greenaction.hu/zoldakcio.swf" "Mozilla/5.0 (Windows NT 6.1; WOW64) AppleWebKit/534+ (KHTML, like Gecko) BingPreview/1.0b"
