66.249.75.18 - - [01/Nov/2015:01:00:25 +0100] "GET /robots.txt HTTP/1.1" 404 1181 "-" "Mozilla/5.0 (compatible; Googlebot/2.1; +http://www.google.com/bot.html)"
66.249.75.18 - - [01/Nov/2015:01:00:25 +0100] "GET /aktualis_elemei/katonai_elemei/image003.jpg HTTP/1.1" 304 - "-" "Googlebot-Image/1.0"
68.180.229.159 - - [01/Nov/2015:01:42:37 +0100] "GET /robots.txt HTTP/1.1" 404 1181 "-" "Mozilla/5.0 (compatible; Yahoo! Slurp; http://help.yahoo.com/help/us/ysearch/slurp)"
68.180.229.159 - - [01/Nov/2015:01:42:38 +0100] "GET /archiv_elemei/acitc_elemei/filelist.xml HTTP/1.1" 200 260 "-" "Mozilla/5.0 (compatible; Yahoo! Slurp; http://help.yahoo.com/help/us/ysearch/slurp)"
66.249.75.18 - - [01/Nov/2015:01:46:38 +0100] "GET / HTTP/1.1" 200 884 "-" "Mozilla/5.0 (compatible; Googlebot/2.1; +http://www.google.com/bot.html)"
66.249.75.149 - - [01/Nov/2015:01:51:56 +0100] "GET / HTTP/1.1" 200 884 "-" "Mozilla/5.0 (compatible; Googlebot/2.1; +http://www.google.com/bot.html)"
95.108.132.162 - - [01/Nov/2015:02:28:00 +0100] "GET /robots.txt HTTP/1.1" 404 1181 "-" "Mozilla/5.0 (compatible; YandexBot/3.0; +http://yandex.com/bots)"
66.249.75.34 - - [01/Nov/2015:02:48:01 +0100] "GET /favicon.ico HTTP/1.1" 404 1181 "-" "Googlebot-Image/1.0"
66.249.75.18 - - [01/Nov/2015:04:08:21 +0100] "GET / HTTP/1.1" 200 884 "-" "SAMSUNG-SGH-E250/1.0 Profile/MIDP-2.0 Configuration/CLDC-1.1 UP.Browser/6.2.3.3.c.1.101 (GUI) MMP/2.0 (compatible; Googlebot-Mobile/2.1; +http://www.google.com/bot.html)"
66.249.75.26 - - [01/Nov/2015:04:37:47 +0100] "GET /favicon.ico HTTP/1.1" 404 1181 "-" "Googlebot-Image/1.0"
180.76.15.8 - - [01/Nov/2015:05:34:58 +0100] "GET / HTTP/1.1" 200 884 "-" "Mozilla/5.0 (compatible; Baiduspider/2.0; +http://www.baidu.com/search/spider.html)"
87.229.73.156 - - [01/Nov/2015:06:11:53 +0100] "GET / HTTP/1.1" 200 884 "-" "Python-urllib/2.6"
66.249.75.158 - - [01/Nov/2015:07:00:29 +0100] "GET / HTTP/1.1" 200 884 "-" "Mozilla/5.0 (compatible; Googlebot/2.1; +http://www.google.com/bot.html)"
193.6.201.253 - - [01/Nov/2015:07:03:03 +0100] "GET / HTTP/1.1" 200 884 "-" "Python-urllib/2.7"
66.249.75.26 - - [01/Nov/2015:08:37:11 +0100] "GET /kiadvany/riport.jpg HTTP/1.1" 304 - "-" "Googlebot-Image/1.0"
66.249.75.26 - - [01/Nov/2015:08:38:45 +0100] "GET /kiadvany/agrark.jpg HTTP/1.1" 304 - "-" "Googlebot-Image/1.0"
66.249.75.18 - - [01/Nov/2015:08:43:05 +0100] "GET /aktualis_elemei/katonai_elemei/image004.jpg HTTP/1.1" 304 - "-" "Googlebot-Image/1.0"
66.249.75.26 - - [01/Nov/2015:08:44:39 +0100] "GET /kiadvany/delbukk.jpg HTTP/1.1" 304 - "-" "Googlebot-Image/1.0"
66.249.75.18 - - [01/Nov/2015:08:46:14 +0100] "GET /kiadvany/miskolchvte.jpg HTTP/1.1" 304 - "-" "Googlebot-Image/1.0"
66.249.75.34 - - [01/Nov/2015:08:47:48 +0100] "GET /aktualis_elemei/katonai_elemei/image002.jpg HTTP/1.1" 304 - "-" "Googlebot-Image/1.0"
66.249.75.34 - - [01/Nov/2015:08:49:22 +0100] "GET /aktualis_elemei/katonai_elemei/image001.jpg HTTP/1.1" 304 - "-" "Googlebot-Image/1.0"
95.108.158.211 - - [01/Nov/2015:09:18:44 +0100] "GET /robots.txt HTTP/1.1" 404 1181 "-" "Mozilla/5.0 (compatible; YandexBot/3.0; +http://yandex.com/bots)"
95.108.158.211 - - [01/Nov/2015:09:21:35 +0100] "GET /kiadvany/miskolchvte.pdf HTTP/1.1" 200 4059249 "-" "Mozilla/5.0 (compatible; YandexBot/3.0; +http://yandex.com/bots)"
66.249.75.34 - - [01/Nov/2015:09:26:06 +0100] "GET /aktualis_elemei/bio2szulinap_elemei/image128.jpg HTTP/1.1" 304 - "-" "Googlebot-Image/1.0"
66.249.75.34 - - [01/Nov/2015:09:30:51 +0100] "GET /aktualis_elemei/bio2szulinap_elemei/image132.jpg HTTP/1.1" 304 - "-" "Googlebot-Image/1.0"
82.131.204.220 - - [01/Nov/2015:09:34:50 +0100] "GET /kiadvany/miabio.pdf HTTP/1.1" 200 35910 "-" "Mozilla/5.0 (Windows NT 6.1; WOW64; rv:41.0) Gecko/20100101 Firefox/41.0"
66.249.75.34 - - [01/Nov/2015:09:37:11 +0100] "GET /aktualis_elemei/bio2szulinap_elemei/image122.jpg HTTP/1.1" 304 - "-" "Googlebot-Image/1.0"
180.76.15.140 - - [01/Nov/2015:09:45:56 +0100] "GET /magunkrol_elemei/kozhasznu.html HTTP/1.1" 200 48365 "-" "Mozilla/5.0 (compatible; Baiduspider/2.0; +http://www.baidu.com/search/spider.html)"
83.233.207.74 - - [01/Nov/2015:09:46:23 +0100] "GET /robots.txt HTTP/1.1" 404 1181 "-" "Mozilla/5.0 (Windows NT 5.1; rv:8.0) Gecko/20100101 Firefox/8.0"
83.233.207.74 - - [01/Nov/2015:09:46:23 +0100] "GET / HTTP/1.1" 200 884 "-" "Mozilla/5.0 (Windows NT 5.1; rv:8.0) Gecko/20100101 Firefox/8.0"
66.249.75.158 - - [01/Nov/2015:11:15:05 +0100] "GET /robots.txt HTTP/1.1" 404 1181 "-" "Mozilla/5.0 (compatible; Googlebot/2.1; +http://www.google.com/bot.html)"
66.249.75.167 - - [01/Nov/2015:11:15:06 +0100] "GET / HTTP/1.1" 200 884 "-" "Mozilla/5.0 (iPhone; CPU iPhone OS 8_3 like Mac OS X) AppleWebKit/600.1.4 (KHTML, like Gecko) Version/8.0 Mobile/12F70 Safari/600.1.4 (compatible; Googlebot/2.1; +http://www.google.com/bot.html)"
192.99.107.185 - - [01/Nov/2015:11:24:32 +0100] "GET /robots.txt HTTP/1.1" 404 1181 "-" "Mozilla/5.0 (compatible; meanpathbot/1.0; +http://www.meanpath.com/meanpathbot.html)"
192.99.107.183 - - [01/Nov/2015:11:24:32 +0100] "GET / HTTP/1.1" 200 884 "-" "Mozilla/5.0 (compatible; meanpathbot/1.0; +http://www.meanpath.com/meanpathbot.html)"
24.220.5.234 - - [01/Nov/2015:11:51:06 +0100] "GET /robots.txt HTTP/1.0" 404 1181 "-" "Mozilla/5.0 (compatible; MJ12bot/v1.4.5; http://www.majestic12.co.uk/bot.php?+)"
24.220.5.234 - - [01/Nov/2015:11:51:08 +0100] "GET / HTTP/1.1" 200 884 "-" "Mozilla/5.0 (compatible; MJ12bot/v1.4.5; http://www.majestic12.co.uk/bot.php?+)"
24.220.5.234 - - [01/Nov/2015:11:51:11 +0100] "GET / HTTP/1.1" 200 884 "-" "Mozilla/5.0 (compatible; MJ12bot/v1.4.5; http://www.majestic12.co.uk/bot.php?+)"
24.220.5.234 - - [01/Nov/2015:11:51:15 +0100] "GET / HTTP/1.1" 200 884 "-" "Mozilla/5.0 (compatible; MJ12bot/v1.4.5; http://www.majestic12.co.uk/bot.php?+)"
66.249.75.18 - - [01/Nov/2015:12:17:16 +0100] "GET / HTTP/1.1" 200 884 "-" "Mozilla/5.0 (iPhone; CPU iPhone OS 8_3 like Mac OS X) AppleWebKit/600.1.4 (KHTML, like Gecko) Version/8.0 Mobile/12F70 Safari/600.1.4 (compatible; Googlebot/2.1; +http://www.google.com/bot.html)"
66.249.75.158 - - [01/Nov/2015:12:35:39 +0100] "GET / HTTP/1.1" 200 884 "-" "Mozilla/5.0 (compatible; Googlebot/2.1; +http://www.google.com/bot.html)"
212.40.76.183 - - [01/Nov/2015:13:20:15 +0100] "GET /aktualis_elemei/bio2szulinap_elemei/image134.jpg HTTP/1.1" 200 10678 "https://www.google.hu" "Mozilla/5.0 (Windows NT 5.1; rv:41.0) Gecko/20100101 Firefox/41.0"
212.40.76.183 - - [01/Nov/2015:13:23:23 +0100] "GET /aktualis_elemei/bio2szulinap_elemei/image132.jpg HTTP/1.1" 200 8237 "https://www.google.hu" "Mozilla/5.0 (Windows NT 5.1; rv:41.0) Gecko/20100101 Firefox/41.0"
79.120.221.66 - - [01/Nov/2015:13:33:06 +0100] "GET /kiadvany/miskolchvte.pdf HTTP/1.0" 200 4059249 "https://www.google.hu" "Mozilla/5.0 (Windows NT 5.1; rv:41.0) Gecko/20100101 Firefox/41.0"
79.120.221.66 - - [01/Nov/2015:13:33:07 +0100] "GET /favicon.ico HTTP/1.0" 404 1181 "-" "Mozilla/5.0 (Windows NT 5.1; rv:41.0) Gecko/20100101 Firefox/41.0"
66.249.75.18 - - [01/Nov/2015:13:37:43 +0100] "GET /robots.txt HTTP/1.1" 404 1181 "-" "Mozilla/5.0 (compatible; Googlebot/2.1; +http://www.google.com/bot.html)"
66.249.75.34 - - [01/Nov/2015:13:37:44 +0100] "GET / HTTP/1.1" 200 884 "-" "Mozilla/5.0 (compatible; Googlebot/2.1; +http://www.google.com/bot.html)"
81.182.5.156 - - [01/Nov/2015:14:05:44 +0100] "GET /aktualis_elemei/bio2szulinap_elemei/image116.jpg HTTP/1.1" 200 9709 "https://www.google.hu/" "Mozilla/5.0 (Windows NT 6.1) AppleWebKit/537.36 (KHTML, like Gecko) Chrome/46.0.2490.80 Safari/537.36"
81.0.100.201 - - [01/Nov/2015:14:29:20 +0100] "GET /aktualis_elemei/bio2szulinap_elemei/image074.jpg HTTP/1.0" 200 8857 "https://www.google.hu/" "Mozilla/5.0 (Windows NT 6.1; WOW64) AppleWebKit/537.36 (KHTML, like Gecko) Chrome/46.0.2490.80 Safari/537.36"
207.46.13.158 - - [01/Nov/2015:14:30:18 +0100] "GET /robots.txt HTTP/1.1" 404 1181 "-" "Mozilla/5.0 (compatible; bingbot/2.0; +http://www.bing.com/bingbot.htm)"
81.0.100.201 - - [01/Nov/2015:14:47:47 +0100] "GET /aktualis_elemei/bio2szulinap_elemei/image074.jpg HTTP/1.1" 200 8857 "-" "Mozilla/5.0 (Windows NT 6.1; WOW64; Trident/7.0; rv:11.0) like Gecko"
157.55.39.206 - - [01/Nov/2015:15:27:50 +0100] "GET /kiadvany/miabio.pdf HTTP/1.1" 200 10704250 "-" "Mozilla/5.0 (compatible; bingbot/2.0; +http://www.bing.com/bingbot.htm)"
40.77.167.48 - - [01/Nov/2015:15:28:53 +0100] "GET /robots.txt HTTP/1.1" 404 1181 "-" "Mozilla/5.0 (compatible; bingbot/2.0; +http://www.bing.com/bingbot.htm)"
81.0.100.201 - - [01/Nov/2015:16:08:01 +0100] "GET /aktualis_elemei/bio2szulinap_elemei/image108.jpg HTTP/1.0" 200 9238 "https://www.google.hu/" "Mozilla/5.0 (Windows NT 6.1; WOW64) AppleWebKit/537.36 (KHTML, like Gecko) Chrome/46.0.2490.80 Safari/537.36"
81.0.100.201 - - [01/Nov/2015:16:08:08 +0100] "GET /aktualis_elemei/bio2szulinap_elemei/image106.jpg HTTP/1.0" 200 7697 "https://www.google.hu/" "Mozilla/5.0 (Windows NT 6.1; WOW64) AppleWebKit/537.36 (KHTML, like Gecko) Chrome/46.0.2490.80 Safari/537.36"
66.249.75.18 - - [01/Nov/2015:16:27:29 +0100] "GET /aktualis_elemei/bio2szulinap_elemei/image112.jpg HTTP/1.1" 304 - "-" "Googlebot-Image/1.0"
66.249.75.158 - - [01/Nov/2015:16:59:14 +0100] "GET / HTTP/1.1" 200 884 "-" "Mozilla/5.0 (compatible; Googlebot/2.1; +http://www.google.com/bot.html)"
81.182.115.192 - - [01/Nov/2015:17:24:46 +0100] "GET /aktualis_elemei/bio2szulinap_elemei/image104.jpg HTTP/1.1" 200 8372 "https://www.google.hu/" "Mozilla/5.0 (Windows NT 6.1; WOW64) AppleWebKit/537.36 (KHTML, like Gecko) Chrome/45.0.2454.93 Safari/537.36 OPR/32.0.1948.69"
78.92.187.100 - - [01/Nov/2015:17:28:04 +0100] "GET /aktualis_elemei/bio2szulinap_elemei/image112.jpg HTTP/1.1" 200 8269 "https://www.google.hu/" "Mozilla/5.0 (Windows NT 6.1; WOW64) AppleWebKit/537.36 (KHTML, like Gecko) Chrome/46.0.2490.80 Safari/537.36"
89.135.79.138 - - [01/Nov/2015:17:51:48 +0100] "GET /aktualis_elemei/bio2szulinap_elemei/image118.jpg HTTP/1.1" 200 9292 "https://www.google.hu/" "Mozilla/5.0 (Windows NT 10.0) AppleWebKit/537.36 (KHTML, like Gecko) Chrome/46.0.2490.80 Safari/537.36"
46.107.140.206 - - [01/Nov/2015:17:57:33 +0100] "GET /aktualis_elemei/bio2szulinap_elemei/image086.jpg HTTP/1.1" 200 7670 "-" "Mozilla/5.0 (Linux; U; Android 4.4.2; hu-hu; SM-T210 Build/KOT49H) AppleWebKit/534.30 (KHTML, like Gecko) Version/4.0 Safari/534.30"
123.125.71.17 - - [01/Nov/2015:19:24:01 +0100] "GET / HTTP/1.1" 200 884 "-" "Mozilla/5.0 (compatible; Baiduspider/2.0; +http://www.baidu.com/search/spider.html)"
81.182.137.172 - - [01/Nov/2015:19:36:30 +0100] "GET /aktualis_elemei/bio2szulinap_elemei/image116.jpg HTTP/1.1" 200 9709 "https://www.google.hu" "Mozilla/5.0 (Windows NT 6.1; WOW64; rv:41.0) Gecko/20100101 Firefox/41.0"
80.98.53.160 - - [01/Nov/2015:20:06:11 +0100] "GET /aktualis_elemei/bio2szulinap_elemei/image092.jpg HTTP/1.1" 200 7352 "https://www.google.hu/" "Mozilla/5.0 (Windows NT 6.1; WOW64) AppleWebKit/537.36 (KHTML, like Gecko) Chrome/46.0.2490.71 Safari/537.36"
207.46.13.128 - - [01/Nov/2015:20:09:38 +0100] "GET / HTTP/1.1" 200 884 "-" "Mozilla/5.0 (compatible; bingbot/2.0; +http://www.bing.com/bingbot.htm)"
84.0.76.116 - - [01/Nov/2015:20:26:08 +0100] "GET /aktualis_elemei/bio2szulinap_elemei/image134.jpg HTTP/1.1" 200 10678 "https://www.google.hu/" "Mozilla/5.0 (Windows NT 6.3; WOW64) AppleWebKit/537.36 (KHTML, like Gecko) Maxthon/4.4.6.1000 Chrome/30.0.1599.101 Safari/537.36"
91.137.243.168 - - [01/Nov/2015:20:41:49 +0100] "GET /aktualis_elemei/bio2szulinap_elemei/image128.jpg HTTP/1.1" 200 8653 "https://www.google.hu/" "Mozilla/5.0 (Windows NT 6.1; WOW64) AppleWebKit/537.36 (KHTML, like Gecko) Chrome/46.0.2490.80 Safari/537.36"
66.249.75.26 - - [01/Nov/2015:21:20:55 +0100] "GET /aktualis_elemei/bio2szulinap_elemei/image058.jpg HTTP/1.1" 304 - "-" "Googlebot-Image/1.0"
52.19.157.157 - - [01/Nov/2015:21:21:30 +0100] "GET /robots.txt HTTP/1.0" 404 1181 "-" "Mozilla/5.0 (compatible; JobKereso; +http://www.kozvetlen-allasok.hu/robot.jsp info@kozvetlen-allasok.hu)"
52.19.157.157 - - [01/Nov/2015:21:21:30 +0100] "GET / HTTP/1.0" 200 884 "-" "Mozilla/5.0 (compatible; JobKereso; +http://www.kozvetlen-allasok.hu/robot.jsp info@kozvetlen-allasok.hu)"
52.19.157.157 - - [01/Nov/2015:21:21:31 +0100] "GET /favicon.ico HTTP/1.1" 404 1181 "http://www.kozvetlen-allasok.hu" "Mozilla/5.0 (compatible; JobKeresoBot; +http://www.kozvetlen-allasok.hu/help.jsp; info@kozvetlen-allasok.hu; 5.0"
66.249.75.18 - - [01/Nov/2015:21:22:50 +0100] "GET /aktualis_elemei/bio2szulinap_elemei/image138.jpg HTTP/1.1" 304 - "-" "Googlebot-Image/1.0"
66.249.75.18 - - [01/Nov/2015:21:24:44 +0100] "GET /aktualis_elemei/bio2szulinap_elemei/image082.jpg HTTP/1.1" 304 - "-" "Googlebot-Image/1.0"
66.249.75.34 - - [01/Nov/2015:21:26:38 +0100] "GET /aktualis_elemei/bio2szulinap_elemei/image022.jpg HTTP/1.1" 200 11114 "-" "Googlebot-Image/1.0"
89.134.214.178 - - [01/Nov/2015:21:27:38 +0100] "GET /aktualis_elemei/bio2szulinap_elemei/image134.jpg HTTP/1.1" 200 10678 "-" "Mozilla/5.0 (Linux; U; Android 4.2.1; hu-hu; TALK_5H Build/JOP40D) AppleWebKit/534.30 (KHTML, like Gecko) Version/4.0 Mobile Safari/534.30 GSA/4.6.10.16.arm"
66.249.75.18 - - [01/Nov/2015:21:28:31 +0100] "GET /aktualis_elemei/bio2szulinap_elemei/image060.jpg HTTP/1.1" 200 16684 "-" "Googlebot-Image/1.0"
52.31.30.43 - - [01/Nov/2015:21:28:50 +0100] "GET /robots.txt HTTP/1.0" 404 1181 "-" "Mozilla/5.0 (compatible; JobKereso; +http://www.kozvetlen-allasok.hu/robot.jsp info@kozvetlen-allasok.hu)"
52.31.30.43 - - [01/Nov/2015:21:28:50 +0100] "GET / HTTP/1.0" 200 884 "-" "Mozilla/5.0 (compatible; JobKereso; +http://www.kozvetlen-allasok.hu/robot.jsp info@kozvetlen-allasok.hu)"
52.31.30.43 - - [01/Nov/2015:21:28:51 +0100] "GET /favicon.ico HTTP/1.1" 404 1181 "http://www.kozvetlen-allasok.hu" "Mozilla/5.0 (compatible; JobKeresoBot; +http://www.kozvetlen-allasok.hu/help.jsp; info@kozvetlen-allasok.hu; 5.0"
66.249.75.26 - - [01/Nov/2015:21:30:24 +0100] "GET /aktualis_elemei/bio2szulinap_elemei/image016.jpg HTTP/1.1" 200 7778 "-" "Googlebot-Image/1.0"
66.249.75.26 - - [01/Nov/2015:21:32:19 +0100] "GET /aktualis_elemei/bio2szulinap_elemei/image056.jpg HTTP/1.1" 304 - "-" "Googlebot-Image/1.0"
66.249.75.18 - - [01/Nov/2015:21:34:12 +0100] "GET /aktualis_elemei/bio2szulinap_elemei/image130.jpg HTTP/1.1" 200 7636 "-" "Googlebot-Image/1.0"
212.16.144.135 - - [01/Nov/2015:21:34:25 +0100] "GET /aktualis_elemei/katonai_elemei/image004.jpg HTTP/1.1" 200 56554 "https://www.google.hu/" "Mozilla/5.0 (Windows NT 6.1) AppleWebKit/537.36 (KHTML, like Gecko) Chrome/46.0.2490.80 Safari/537.36"
66.249.75.34 - - [01/Nov/2015:21:36:06 +0100] "GET /aktualis_elemei/bio2szulinap_elemei/image144.jpg HTTP/1.1" 304 - "-" "Googlebot-Image/1.0"
66.249.75.34 - - [01/Nov/2015:21:38:00 +0100] "GET /aktualis_elemei/bio2szulinap_elemei/image100.jpg HTTP/1.1" 200 7946 "-" "Googlebot-Image/1.0"
188.143.110.42 - - [01/Nov/2015:21:59:29 +0100] "GET /aktualis_elemei/bio2szulinap_elemei/image134.jpg HTTP/1.1" 200 10678 "https://www.google.hu/" "Mozilla/5.0 (Windows NT 6.1) AppleWebKit/537.36 (KHTML, like Gecko) Chrome/46.0.2490.80 Safari/537.36"
66.249.75.34 - - [01/Nov/2015:22:04:31 +0100] "GET /aktualis_elemei/bio2szulinap_elemei/image096.jpg HTTP/1.1" 200 8771 "-" "Googlebot-Image/1.0"
104.208.38.42 - - [01/Nov/2015:22:04:53 +0100] "GET /wp-content/plugins/revslider/js/rev_admin.js HTTP/1.0" 404 1181 "-" "Mozilla/4.0 (compatible; MSIE 6.0; Windows NT 5.1; SV1; MRA 4.4 (build 01331))"
66.249.75.18 - - [01/Nov/2015:22:06:24 +0100] "GET /aktualis_elemei/bio2szulinap_elemei/image078.jpg HTTP/1.1" 200 7760 "-" "Googlebot-Image/1.0"
66.249.75.18 - - [01/Nov/2015:22:08:18 +0100] "GET /aktualis_elemei/bio2szulinap_elemei/image050.jpg HTTP/1.1" 200 12224 "-" "Googlebot-Image/1.0"
66.249.75.26 - - [01/Nov/2015:22:10:10 +0100] "GET /aktualis_elemei/bio2szulinap_elemei/image098.jpg HTTP/1.1" 200 8855 "-" "Googlebot-Image/1.0"
66.249.75.18 - - [01/Nov/2015:22:12:05 +0100] "GET /aktualis_elemei/bio2szulinap_elemei/image066.jpg HTTP/1.1" 200 9626 "-" "Googlebot-Image/1.0"
66.249.75.18 - - [01/Nov/2015:22:13:59 +0100] "GET /aktualis_elemei/bio2szulinap_elemei/image002.jpg HTTP/1.1" 200 13498 "-" "Googlebot-Image/1.0"
66.249.75.34 - - [01/Nov/2015:22:15:53 +0100] "GET /aktualis_elemei/bio2szulinap_elemei/image106.jpg HTTP/1.1" 200 7697 "-" "Googlebot-Image/1.0"
66.249.75.34 - - [01/Nov/2015:22:17:46 +0100] "GET /aktualis_elemei/bio2szulinap_elemei/image092.jpg HTTP/1.1" 200 7352 "-" "Googlebot-Image/1.0"
176.97.116.171 - - [01/Nov/2015:22:18:18 +0100] "GET / HTTP/1.1" 200 884 "-" "Mozilla/4.0 (compatible; MSIE 6.0; Windows NT 5.1; SV1; Mozilla/4.0 (compatible; MSIE 6.0; Windows NT 5.1; SV1) ; .NET CLR 1.0.3705)"
66.249.75.18 - - [01/Nov/2015:22:19:40 +0100] "GET /aktualis_elemei/bio2szulinap_elemei/image046.jpg HTTP/1.1" 200 12403 "-" "Googlebot-Image/1.0"
66.249.75.34 - - [01/Nov/2015:22:21:34 +0100] "GET /aktualis_elemei/bio2szulinap_elemei/image068.jpg HTTP/1.1" 200 7021 "-" "Googlebot-Image/1.0"
66.249.75.18 - - [01/Nov/2015:22:23:27 +0100] "GET /aktualis_elemei/bio2szulinap_elemei/image114.jpg HTTP/1.1" 200 6950 "-" "Googlebot-Image/1.0"
66.249.75.18 - - [01/Nov/2015:22:25:20 +0100] "GET /aktualis_elemei/bio2szulinap_elemei/image134.jpg HTTP/1.1" 304 - "-" "Googlebot-Image/1.0"
87.101.114.248 - - [01/Nov/2015:22:25:55 +0100] "GET /aktualis_elemei/bio2szulinap_elemei/image074.jpg HTTP/1.1" 200 8857 "https://www.google.hu" "Mozilla/5.0 (Windows NT 6.1; WOW64; rv:41.0) Gecko/20100101 Firefox/41.0"
66.249.75.18 - - [01/Nov/2015:22:27:14 +0100] "GET /aktualis_elemei/bio2szulinap_elemei/image052.jpg HTTP/1.1" 304 - "-" "Googlebot-Image/1.0"
66.249.75.26 - - [01/Nov/2015:22:29:08 +0100] "GET /aktualis_elemei/bio2szulinap_elemei/image108.jpg HTTP/1.1" 304 - "-" "Googlebot-Image/1.0"
66.249.75.18 - - [01/Nov/2015:22:31:02 +0100] "GET /aktualis_elemei/bio2szulinap_elemei/image142.jpg HTTP/1.1" 304 - "-" "Googlebot-Image/1.0"
66.249.75.18 - - [01/Nov/2015:22:32:56 +0100] "GET /aktualis_elemei/bio2szulinap_elemei/image084.jpg HTTP/1.1" 304 - "-" "Googlebot-Image/1.0"
162.210.196.97 - - [01/Nov/2015:22:33:54 +0100] "GET /robots.txt HTTP/1.0" 404 1181 "-" "Mozilla/5.0 (compatible; MJ12bot/v1.4.5; http://www.majestic12.co.uk/bot.php?+)"
162.210.196.97 - - [01/Nov/2015:22:33:55 +0100] "GET / HTTP/1.0" 200 884 "-" "Mozilla/5.0 (compatible; MJ12bot/v1.4.5; http://www.majestic12.co.uk/bot.php?+)"
162.210.196.97 - - [01/Nov/2015:22:33:56 +0100] "GET /robots.txt HTTP/1.0" 404 1181 "-" "Mozilla/5.0 (compatible; MJ12bot/v1.4.5; http://www.majestic12.co.uk/bot.php?+)"
162.210.196.97 - - [01/Nov/2015:22:33:58 +0100] "GET / HTTP/1.0" 200 884 "-" "Mozilla/5.0 (compatible; MJ12bot/v1.4.5; http://www.majestic12.co.uk/bot.php?+)"
66.249.75.18 - - [01/Nov/2015:22:34:49 +0100] "GET /aktualis_elemei/bio2szulinap_elemei/image032.jpg HTTP/1.1" 304 - "-" "Googlebot-Image/1.0"
207.46.13.158 - - [01/Nov/2015:22:36:28 +0100] "GET /robots.txt HTTP/1.1" 404 1181 "-" "Mozilla/5.0 (compatible; bingbot/2.0; +http://www.bing.com/bingbot.htm)"
66.249.75.18 - - [01/Nov/2015:22:36:43 +0100] "GET /aktualis_elemei/bio2szulinap_elemei/image030.jpg HTTP/1.1" 304 - "-" "Googlebot-Image/1.0"
66.249.75.18 - - [01/Nov/2015:22:38:36 +0100] "GET /aktualis_elemei/bio2szulinap_elemei/image026.jpg HTTP/1.1" 304 - "-" "Googlebot-Image/1.0"
66.249.75.34 - - [01/Nov/2015:22:40:30 +0100] "GET /aktualis_elemei/bio2szulinap_elemei/image044.jpg HTTP/1.1" 304 - "-" "Googlebot-Image/1.0"
66.249.75.34 - - [01/Nov/2015:22:42:24 +0100] "GET /aktualis_elemei/bio2szulinap_elemei/image062.jpg HTTP/1.1" 304 - "-" "Googlebot-Image/1.0"
66.249.75.167 - - [01/Nov/2015:22:43:34 +0100] "GET / HTTP/1.1" 200 884 "-" "Mozilla/5.0 (compatible; Googlebot/2.1; +http://www.google.com/bot.html)"
66.249.75.18 - - [01/Nov/2015:22:44:17 +0100] "GET /aktualis_elemei/bio2szulinap_elemei/image140.jpg HTTP/1.1" 304 - "-" "Googlebot-Image/1.0"
66.249.75.26 - - [01/Nov/2015:22:46:11 +0100] "GET /aktualis_elemei/bio2szulinap_elemei/image070.jpg HTTP/1.1" 304 - "-" "Googlebot-Image/1.0"
66.249.75.26 - - [01/Nov/2015:22:48:05 +0100] "GET /aktualis_elemei/bio2szulinap_elemei/image018.gif HTTP/1.1" 304 - "-" "Googlebot-Image/1.0"
66.249.75.34 - - [01/Nov/2015:22:49:58 +0100] "GET /aktualis_elemei/bio2szulinap_elemei/image072.jpg HTTP/1.1" 304 - "-" "Googlebot-Image/1.0"
66.249.75.34 - - [01/Nov/2015:22:51:52 +0100] "GET /aktualis_elemei/bio2szulinap_elemei/image004.jpg HTTP/1.1" 304 - "-" "Googlebot-Image/1.0"
66.249.75.26 - - [01/Nov/2015:22:53:46 +0100] "GET /aktualis_elemei/bio2szulinap_elemei/image034.jpg HTTP/1.1" 304 - "-" "Googlebot-Image/1.0"
66.249.75.34 - - [01/Nov/2015:22:55:39 +0100] "GET /aktualis_elemei/bio2szulinap_elemei/image064.jpg HTTP/1.1" 304 - "-" "Googlebot-Image/1.0"
66.249.75.26 - - [01/Nov/2015:22:57:33 +0100] "GET /aktualis_elemei/bio2szulinap_elemei/image136.jpg HTTP/1.1" 304 - "-" "Googlebot-Image/1.0"
66.249.75.26 - - [01/Nov/2015:22:59:27 +0100] "GET /aktualis_elemei/bio2szulinap_elemei/image036.jpg HTTP/1.1" 304 - "-" "Googlebot-Image/1.0"
66.249.75.34 - - [01/Nov/2015:23:01:20 +0100] "GET /aktualis_elemei/bio2szulinap_elemei/image028.jpg HTTP/1.1" 304 - "-" "Googlebot-Image/1.0"
66.249.75.18 - - [01/Nov/2015:23:03:14 +0100] "GET /aktualis_elemei/bio2szulinap_elemei/image038.jpg HTTP/1.1" 304 - "-" "Googlebot-Image/1.0"
66.249.75.18 - - [01/Nov/2015:23:05:08 +0100] "GET /aktualis_elemei/bio2szulinap_elemei/image074.jpg HTTP/1.1" 304 - "-" "Googlebot-Image/1.0"
66.249.75.26 - - [01/Nov/2015:23:07:01 +0100] "GET /aktualis_elemei/bio2szulinap_elemei/image042.jpg HTTP/1.1" 304 - "-" "Googlebot-Image/1.0"
66.249.75.34 - - [01/Nov/2015:23:08:55 +0100] "GET /aktualis_elemei/bio2szulinap_elemei/image118.jpg HTTP/1.1" 304 - "-" "Googlebot-Image/1.0"
66.249.75.34 - - [01/Nov/2015:23:10:49 +0100] "GET /aktualis_elemei/bio2szulinap_elemei/image010.jpg HTTP/1.1" 304 - "-" "Googlebot-Image/1.0"
93.180.64.200 - - [01/Nov/2015:23:58:28 +0100] "GET /robots.txt HTTP/1.1" 404 1181 "-" "Mozilla/5.0 (compatible; Plukkie/1.5; http://www.botje.com/plukkie.htm)"
93.180.64.200 - - [01/Nov/2015:23:58:28 +0100] "GET / HTTP/1.1" 200 884 "-" "Mozilla/5.0 (compatible; Plukkie/1.5; http://www.botje.com/plukkie.htm)"
72.175.83.98 - - [02/Nov/2015:00:21:40 +0100] "GET /robots.txt HTTP/1.0" 404 1181 "-" "Mozilla/5.0 (compatible; MJ12bot/v1.4.5; http://www.majestic12.co.uk/bot.php?+)"
72.175.83.98 - - [02/Nov/2015:00:21:44 +0100] "GET /aktualis_elemei/bparak0929.html HTTP/1.1" 200 105768 "-" "Mozilla/5.0 (compatible; MJ12bot/v1.4.5; http://www.majestic12.co.uk/bot.php?+)"
72.175.83.98 - - [02/Nov/2015:00:21:46 +0100] "GET /archiv_elemei/veszhullgyetc.html HTTP/1.1" 200 7148 "-" "Mozilla/5.0 (compatible; MJ12bot/v1.4.5; http://www.majestic12.co.uk/bot.php?+)"
72.175.83.98 - - [02/Nov/2015:00:21:48 +0100] "GET /archiv_elemei/veszhullgytc.html HTTP/1.1" 200 16844 "-" "Mozilla/5.0 (compatible; MJ12bot/v1.4.5; http://www.majestic12.co.uk/bot.php?+)"
66.249.75.26 - - [02/Nov/2015:00:38:12 +0100] "GET /kiadvany/miabio.jpg HTTP/1.1" 304 - "-" "Googlebot-Image/1.0"
178.255.215.87 - - [02/Nov/2015:01:03:50 +0100] "GET /robots.txt HTTP/1.1" 404 1181 "-" "Mozilla/5.0 (compatible; Exabot/3.0; +http://www.exabot.com/go/robot)"
178.255.215.87 - - [02/Nov/2015:01:03:51 +0100] "GET /aktualis_elemei/3.%20bioszulinap_elemei/filelist.xml HTTP/1.1" 304 - "-" "Mozilla/5.0 (compatible; Exabot/3.0; +http://www.exabot.com/go/robot)"
98.218.34.60 - - [02/Nov/2015:01:49:43 +0100] "GET /robots.txt HTTP/1.0" 404 1181 "-" "Mozilla/5.0 (compatible; MJ12bot/v1.4.5; http://www.majestic12.co.uk/bot.php?+)"
98.218.34.60 - - [02/Nov/2015:01:49:44 +0100] "GET /aktualis_elemei/deneverdani.html HTTP/1.0" 200 7036 "-" "Mozilla/5.0 (compatible; MJ12bot/v1.4.5; http://www.majestic12.co.uk/bot.php?+)"
98.218.34.60 - - [02/Nov/2015:01:49:46 +0100] "GET /aktualis_elemei/hulladek-klima.humusz.html HTTP/1.0" 200 13381 "-" "Mozilla/5.0 (compatible; MJ12bot/v1.4.5; http://www.majestic12.co.uk/bot.php?+)"
98.218.34.60 - - [02/Nov/2015:01:49:47 +0100] "GET /aktualis_elemei/loverecycling.html HTTP/1.0" 200 11087 "-" "Mozilla/5.0 (compatible; MJ12bot/v1.4.5; http://www.majestic12.co.uk/bot.php?+)"
98.218.34.60 - - [02/Nov/2015:01:49:49 +0100] "GET /archiv.html HTTP/1.0" 200 100991 "-" "Mozilla/5.0 (compatible; MJ12bot/v1.4.5; http://www.majestic12.co.uk/bot.php?+)"
180.76.15.136 - - [02/Nov/2015:02:53:53 +0100] "GET / HTTP/1.1" 200 884 "-" "Mozilla/5.0 (compatible; Baiduspider/2.0; +http://www.baidu.com/search/spider.html)"
180.76.15.9 - - [02/Nov/2015:02:54:53 +0100] "GET / HTTP/1.1" 200 884 "-" "Mozilla/5.0 (compatible; Baiduspider/2.0; +http://www.baidu.com/search/spider.html)"
66.249.75.158 - - [02/Nov/2015:03:42:27 +0100] "GET /robots.txt HTTP/1.1" 404 1181 "-" "Mozilla/5.0 (compatible; Googlebot/2.1; +http://www.google.com/bot.html)"
66.249.75.158 - - [02/Nov/2015:03:42:27 +0100] "GET / HTTP/1.1" 200 884 "-" "Mozilla/5.0 (compatible; Googlebot/2.1; +http://www.google.com/bot.html)"
180.76.15.142 - - [02/Nov/2015:04:27:29 +0100] "GET / HTTP/1.1" 200 884 "-" "Mozilla/5.0 (compatible; Baiduspider/2.0; +http://www.baidu.com/search/spider.html)"
180.76.15.134 - - [02/Nov/2015:04:27:38 +0100] "GET / HTTP/1.1" 200 884 "-" "Mozilla/5.0 (compatible; Baiduspider/2.0; +http://www.baidu.com/search/spider.html)"
66.249.75.18 - - [02/Nov/2015:06:07:26 +0100] "GET /robots.txt HTTP/1.1" 404 1181 "-" "Mozilla/5.0 (compatible; Googlebot/2.1; +http://www.google.com/bot.html)"
66.249.75.18 - - [02/Nov/2015:06:07:26 +0100] "GET / HTTP/1.1" 200 884 "-" "DoCoMo/2.0 N905i(c100;TB;W24H16) (compatible; Googlebot-Mobile/2.1; +http://www.google.com/bot.html)"
104.243.129.94 - - [02/Nov/2015:06:11:08 +0100] "GET /wp-login.php HTTP/1.1" 404 1181 "http://greenaction.hu/wp-login.php" "Mozilla/4.0 (compatible; MSIE 9.0; Windows NT 6.1; 125LA; .NET CLR 2.0.50727; .NET CLR 3.0.04506.648; .NET CLR 3.5.21022)"
104.243.129.94 - - [02/Nov/2015:06:11:08 +0100] "GET /wp-login.php HTTP/1.1" 404 1181 "http://greenaction.hu/wp-login.php" "Mozilla/4.0 (compatible; MSIE 9.0; Windows NT 6.1; 125LA; .NET CLR 2.0.50727; .NET CLR 3.0.04506.648; .NET CLR 3.5.21022)"
68.64.166.114 - - [02/Nov/2015:06:26:55 +0100] "GET / HTTP/1.1" 200 884 "-" "Mozilla/5.0 (Windows NT 6.1; Trident/7.0; rv:11.0) like Gecko"
220.181.51.103 - - [02/Nov/2015:06:44:51 +0100] "GET / HTTP/1.1" 200 884 "-" "Mozilla/5.0 (Windows NT 5.1; rv:6.0.2) Gecko/20100101 Firefox/6.0.2"
220.181.51.109 - - [02/Nov/2015:06:44:51 +0100] "GET / HTTP/1.1" 200 884 "-" "Mozilla/5.0 (Windows NT 5.1; rv:6.0.2) Gecko/20100101 Firefox/6.0.2"
95.168.48.203 - - [02/Nov/2015:06:50:52 +0100] "GET /aktualis_elemei/bio2szulinap_elemei/image078.jpg HTTP/1.1" 200 7760 "https://www.google.hu" "Mozilla/5.0 (Windows NT 5.1; rv:41.0) Gecko/20100101 Firefox/41.0"
95.168.48.203 - - [02/Nov/2015:06:50:55 +0100] "GET /aktualis_elemei/bio2szulinap.html HTTP/1.1" 200 71694 "https://www.google.hu" "Mozilla/5.0 (Windows NT 5.1; rv:41.0) Gecko/20100101 Firefox/41.0"
95.168.48.203 - - [02/Nov/2015:06:50:56 +0100] "GET /aktualis_elemei/bio2szulinap_elemei/image002.jpg HTTP/1.1" 200 13498 "http://www.greenaction.hu/aktualis_elemei/bio2szulinap.html" "Mozilla/5.0 (Windows NT 5.1; rv:41.0) Gecko/20100101 Firefox/41.0"
95.168.48.203 - - [02/Nov/2015:06:50:56 +0100] "GET /aktualis_elemei/bio2szulinap_elemei/image004.jpg HTTP/1.1" 200 9638 "http://www.greenaction.hu/aktualis_elemei/bio2szulinap.html" "Mozilla/5.0 (Windows NT 5.1; rv:41.0) Gecko/20100101 Firefox/41.0"
95.168.48.203 - - [02/Nov/2015:06:50:56 +0100] "GET /aktualis_elemei/bio2szulinap_elemei/image006.jpg HTTP/1.1" 200 9889 "http://www.greenaction.hu/aktualis_elemei/bio2szulinap.html" "Mozilla/5.0 (Windows NT 5.1; rv:41.0) Gecko/20100101 Firefox/41.0"
95.168.48.203 - - [02/Nov/2015:06:50:56 +0100] "GET /aktualis_elemei/bio2szulinap_elemei/image008.jpg HTTP/1.1" 200 14223 "http://www.greenaction.hu/aktualis_elemei/bio2szulinap.html" "Mozilla/5.0 (Windows NT 5.1; rv:41.0) Gecko/20100101 Firefox/41.0"
95.168.48.203 - - [02/Nov/2015:06:50:56 +0100] "GET /aktualis_elemei/bio2szulinap_elemei/image010.jpg HTTP/1.1" 200 13442 "http://www.greenaction.hu/aktualis_elemei/bio2szulinap.html" "Mozilla/5.0 (Windows NT 5.1; rv:41.0) Gecko/20100101 Firefox/41.0"
95.168.48.203 - - [02/Nov/2015:06:50:56 +0100] "GET /aktualis_elemei/bio2szulinap_elemei/image012.jpg HTTP/1.1" 200 11039 "http://www.greenaction.hu/aktualis_elemei/bio2szulinap.html" "Mozilla/5.0 (Windows NT 5.1; rv:41.0) Gecko/20100101 Firefox/41.0"
95.168.48.203 - - [02/Nov/2015:06:50:56 +0100] "GET /aktualis_elemei/bio2szulinap_elemei/image014.jpg HTTP/1.1" 200 10796 "http://www.greenaction.hu/aktualis_elemei/bio2szulinap.html" "Mozilla/5.0 (Windows NT 5.1; rv:41.0) Gecko/20100101 Firefox/41.0"
95.168.48.203 - - [02/Nov/2015:06:50:56 +0100] "GET /aktualis_elemei/bio2szulinap_elemei/image016.jpg HTTP/1.1" 200 7778 "http://www.greenaction.hu/aktualis_elemei/bio2szulinap.html" "Mozilla/5.0 (Windows NT 5.1; rv:41.0) Gecko/20100101 Firefox/41.0"
95.168.48.203 - - [02/Nov/2015:06:50:56 +0100] "GET /aktualis_elemei/bio2szulinap_elemei/image018.gif HTTP/1.1" 200 41110 "http://www.greenaction.hu/aktualis_elemei/bio2szulinap.html" "Mozilla/5.0 (Windows NT 5.1; rv:41.0) Gecko/20100101 Firefox/41.0"
95.168.48.203 - - [02/Nov/2015:06:50:56 +0100] "GET /aktualis_elemei/bio2szulinap_elemei/image022.jpg HTTP/1.1" 200 11114 "http://www.greenaction.hu/aktualis_elemei/bio2szulinap.html" "Mozilla/5.0 (Windows NT 5.1; rv:41.0) Gecko/20100101 Firefox/41.0"
95.168.48.203 - - [02/Nov/2015:06:50:56 +0100] "GET /aktualis_elemei/bio2szulinap_elemei/image024.jpg HTTP/1.1" 200 12405 "http://www.greenaction.hu/aktualis_elemei/bio2szulinap.html" "Mozilla/5.0 (Windows NT 5.1; rv:41.0) Gecko/20100101 Firefox/41.0"
95.168.48.203 - - [02/Nov/2015:06:50:56 +0100] "GET /aktualis_elemei/bio2szulinap_elemei/image026.jpg HTTP/1.1" 200 12161 "http://www.greenaction.hu/aktualis_elemei/bio2szulinap.html" "Mozilla/5.0 (Windows NT 5.1; rv:41.0) Gecko/20100101 Firefox/41.0"
95.168.48.203 - - [02/Nov/2015:06:50:56 +0100] "GET /aktualis_elemei/bio2szulinap_elemei/image028.jpg HTTP/1.1" 200 12629 "http://www.greenaction.hu/aktualis_elemei/bio2szulinap.html" "Mozilla/5.0 (Windows NT 5.1; rv:41.0) Gecko/20100101 Firefox/41.0"
95.168.48.203 - - [02/Nov/2015:06:50:56 +0100] "GET /aktualis_elemei/bio2szulinap_elemei/image020.gif HTTP/1.1" 200 44876 "http://www.greenaction.hu/aktualis_elemei/bio2szulinap.html" "Mozilla/5.0 (Windows NT 5.1; rv:41.0) Gecko/20100101 Firefox/41.0"
95.168.48.203 - - [02/Nov/2015:06:50:56 +0100] "GET /aktualis_elemei/bio2szulinap_elemei/image034.jpg HTTP/1.1" 200 17799 "http://www.greenaction.hu/aktualis_elemei/bio2szulinap.html" "Mozilla/5.0 (Windows NT 5.1; rv:41.0) Gecko/20100101 Firefox/41.0"
95.168.48.203 - - [02/Nov/2015:06:50:56 +0100] "GET /aktualis_elemei/bio2szulinap_elemei/image030.jpg HTTP/1.1" 200 18167 "http://www.greenaction.hu/aktualis_elemei/bio2szulinap.html" "Mozilla/5.0 (Windows NT 5.1; rv:41.0) Gecko/20100101 Firefox/41.0"
95.168.48.203 - - [02/Nov/2015:06:50:56 +0100] "GET /aktualis_elemei/bio2szulinap_elemei/image032.jpg HTTP/1.1" 200 16073 "http://www.greenaction.hu/aktualis_elemei/bio2szulinap.html" "Mozilla/5.0 (Windows NT 5.1; rv:41.0) Gecko/20100101 Firefox/41.0"
95.168.48.203 - - [02/Nov/2015:06:50:57 +0100] "GET /aktualis_elemei/bio2szulinap_elemei/image036.jpg HTTP/1.1" 200 13931 "http://www.greenaction.hu/aktualis_elemei/bio2szulinap.html" "Mozilla/5.0 (Windows NT 5.1; rv:41.0) Gecko/20100101 Firefox/41.0"
95.168.48.203 - - [02/Nov/2015:06:50:57 +0100] "GET /aktualis_elemei/bio2szulinap_elemei/image038.jpg HTTP/1.1" 200 14459 "http://www.greenaction.hu/aktualis_elemei/bio2szulinap.html" "Mozilla/5.0 (Windows NT 5.1; rv:41.0) Gecko/20100101 Firefox/41.0"
95.168.48.203 - - [02/Nov/2015:06:50:57 +0100] "GET /aktualis_elemei/bio2szulinap_elemei/image040.jpg HTTP/1.1" 200 16250 "http://www.greenaction.hu/aktualis_elemei/bio2szulinap.html" "Mozilla/5.0 (Windows NT 5.1; rv:41.0) Gecko/20100101 Firefox/41.0"
95.168.48.203 - - [02/Nov/2015:06:50:57 +0100] "GET /aktualis_elemei/bio2szulinap_elemei/image042.jpg HTTP/1.1" 200 16066 "http://www.greenaction.hu/aktualis_elemei/bio2szulinap.html" "Mozilla/5.0 (Windows NT 5.1; rv:41.0) Gecko/20100101 Firefox/41.0"
95.168.48.203 - - [02/Nov/2015:06:50:57 +0100] "GET /aktualis_elemei/bio2szulinap_elemei/image044.jpg HTTP/1.1" 200 11923 "http://www.greenaction.hu/aktualis_elemei/bio2szulinap.html" "Mozilla/5.0 (Windows NT 5.1; rv:41.0) Gecko/20100101 Firefox/41.0"
95.168.48.203 - - [02/Nov/2015:06:50:57 +0100] "GET /aktualis_elemei/bio2szulinap_elemei/image046.jpg HTTP/1.1" 200 12403 "http://www.greenaction.hu/aktualis_elemei/bio2szulinap.html" "Mozilla/5.0 (Windows NT 5.1; rv:41.0) Gecko/20100101 Firefox/41.0"
95.168.48.203 - - [02/Nov/2015:06:50:57 +0100] "GET /aktualis_elemei/bio2szulinap_elemei/image050.jpg HTTP/1.1" 200 12224 "http://www.greenaction.hu/aktualis_elemei/bio2szulinap.html" "Mozilla/5.0 (Windows NT 5.1; rv:41.0) Gecko/20100101 Firefox/41.0"
95.168.48.203 - - [02/Nov/2015:06:50:57 +0100] "GET /aktualis_elemei/bio2szulinap_elemei/image048.jpg HTTP/1.1" 200 13760 "http://www.greenaction.hu/aktualis_elemei/bio2szulinap.html" "Mozilla/5.0 (Windows NT 5.1; rv:41.0) Gecko/20100101 Firefox/41.0"
95.168.48.203 - - [02/Nov/2015:06:50:57 +0100] "GET /aktualis_elemei/bio2szulinap_elemei/image052.jpg HTTP/1.1" 200 11533 "http://www.greenaction.hu/aktualis_elemei/bio2szulinap.html" "Mozilla/5.0 (Windows NT 5.1; rv:41.0) Gecko/20100101 Firefox/41.0"
95.168.48.203 - - [02/Nov/2015:06:50:57 +0100] "GET /aktualis_elemei/bio2szulinap_elemei/image054.jpg HTTP/1.1" 200 10738 "http://www.greenaction.hu/aktualis_elemei/bio2szulinap.html" "Mozilla/5.0 (Windows NT 5.1; rv:41.0) Gecko/20100101 Firefox/41.0"
95.168.48.203 - - [02/Nov/2015:06:50:57 +0100] "GET /aktualis_elemei/bio2szulinap_elemei/image056.jpg HTTP/1.1" 200 10317 "http://www.greenaction.hu/aktualis_elemei/bio2szulinap.html" "Mozilla/5.0 (Windows NT 5.1; rv:41.0) Gecko/20100101 Firefox/41.0"
95.168.48.203 - - [02/Nov/2015:06:50:57 +0100] "GET /aktualis_elemei/bio2szulinap_elemei/image060.jpg HTTP/1.1" 200 16684 "http://www.greenaction.hu/aktualis_elemei/bio2szulinap.html" "Mozilla/5.0 (Windows NT 5.1; rv:41.0) Gecko/20100101 Firefox/41.0"
95.168.48.203 - - [02/Nov/2015:06:50:57 +0100] "GET /aktualis_elemei/bio2szulinap_elemei/image058.jpg HTTP/1.1" 200 16787 "http://www.greenaction.hu/aktualis_elemei/bio2szulinap.html" "Mozilla/5.0 (Windows NT 5.1; rv:41.0) Gecko/20100101 Firefox/41.0"
95.168.48.203 - - [02/Nov/2015:06:50:57 +0100] "GET /aktualis_elemei/bio2szulinap_elemei/image062.jpg HTTP/1.1" 200 10742 "http://www.greenaction.hu/aktualis_elemei/bio2szulinap.html" "Mozilla/5.0 (Windows NT 5.1; rv:41.0) Gecko/20100101 Firefox/41.0"
95.168.48.203 - - [02/Nov/2015:06:50:57 +0100] "GET /aktualis_elemei/bio2szulinap_elemei/image064.jpg HTTP/1.1" 200 12049 "http://www.greenaction.hu/aktualis_elemei/bio2szulinap.html" "Mozilla/5.0 (Windows NT 5.1; rv:41.0) Gecko/20100101 Firefox/41.0"
95.168.48.203 - - [02/Nov/2015:06:50:57 +0100] "GET /aktualis_elemei/bio2szulinap_elemei/image066.jpg HTTP/1.1" 200 9626 "http://www.greenaction.hu/aktualis_elemei/bio2szulinap.html" "Mozilla/5.0 (Windows NT 5.1; rv:41.0) Gecko/20100101 Firefox/41.0"
95.168.48.203 - - [02/Nov/2015:06:50:57 +0100] "GET /aktualis_elemei/bio2szulinap_elemei/image068.jpg HTTP/1.1" 200 7021 "http://www.greenaction.hu/aktualis_elemei/bio2szulinap.html" "Mozilla/5.0 (Windows NT 5.1; rv:41.0) Gecko/20100101 Firefox/41.0"
95.168.48.203 - - [02/Nov/2015:06:50:57 +0100] "GET /aktualis_elemei/bio2szulinap_elemei/image070.jpg HTTP/1.1" 200 9176 "http://www.greenaction.hu/aktualis_elemei/bio2szulinap.html" "Mozilla/5.0 (Windows NT 5.1; rv:41.0) Gecko/20100101 Firefox/41.0"
95.168.48.203 - - [02/Nov/2015:06:50:57 +0100] "GET /aktualis_elemei/bio2szulinap_elemei/image074.jpg HTTP/1.1" 200 8857 "http://www.greenaction.hu/aktualis_elemei/bio2szulinap.html" "Mozilla/5.0 (Windows NT 5.1; rv:41.0) Gecko/20100101 Firefox/41.0"
95.168.48.203 - - [02/Nov/2015:06:50:57 +0100] "GET /aktualis_elemei/bio2szulinap_elemei/image072.jpg HTTP/1.1" 200 8143 "http://www.greenaction.hu/aktualis_elemei/bio2szulinap.html" "Mozilla/5.0 (Windows NT 5.1; rv:41.0) Gecko/20100101 Firefox/41.0"
95.168.48.203 - - [02/Nov/2015:06:50:57 +0100] "GET /aktualis_elemei/bio2szulinap_elemei/image076.jpg HTTP/1.1" 200 9572 "http://www.greenaction.hu/aktualis_elemei/bio2szulinap.html" "Mozilla/5.0 (Windows NT 5.1; rv:41.0) Gecko/20100101 Firefox/41.0"
95.168.48.203 - - [02/Nov/2015:06:50:57 +0100] "GET /aktualis_elemei/bio2szulinap_elemei/image080.jpg HTTP/1.1" 200 9907 "http://www.greenaction.hu/aktualis_elemei/bio2szulinap.html" "Mozilla/5.0 (Windows NT 5.1; rv:41.0) Gecko/20100101 Firefox/41.0"
95.168.48.203 - - [02/Nov/2015:06:50:57 +0100] "GET /aktualis_elemei/bio2szulinap_elemei/image082.jpg HTTP/1.1" 200 7560 "http://www.greenaction.hu/aktualis_elemei/bio2szulinap.html" "Mozilla/5.0 (Windows NT 5.1; rv:41.0) Gecko/20100101 Firefox/41.0"
95.168.48.203 - - [02/Nov/2015:06:50:57 +0100] "GET /aktualis_elemei/bio2szulinap_elemei/image084.jpg HTTP/1.1" 200 7747 "http://www.greenaction.hu/aktualis_elemei/bio2szulinap.html" "Mozilla/5.0 (Windows NT 5.1; rv:41.0) Gecko/20100101 Firefox/41.0"
95.168.48.203 - - [02/Nov/2015:06:50:57 +0100] "GET /aktualis_elemei/bio2szulinap_elemei/image086.jpg HTTP/1.1" 200 7670 "http://www.greenaction.hu/aktualis_elemei/bio2szulinap.html" "Mozilla/5.0 (Windows NT 5.1; rv:41.0) Gecko/20100101 Firefox/41.0"
95.168.48.203 - - [02/Nov/2015:06:50:57 +0100] "GET /aktualis_elemei/bio2szulinap_elemei/image088.jpg HTTP/1.1" 200 7592 "http://www.greenaction.hu/aktualis_elemei/bio2szulinap.html" "Mozilla/5.0 (Windows NT 5.1; rv:41.0) Gecko/20100101 Firefox/41.0"
95.168.48.203 - - [02/Nov/2015:06:50:57 +0100] "GET /aktualis_elemei/bio2szulinap_elemei/image090.jpg HTTP/1.1" 200 7132 "http://www.greenaction.hu/aktualis_elemei/bio2szulinap.html" "Mozilla/5.0 (Windows NT 5.1; rv:41.0) Gecko/20100101 Firefox/41.0"
95.168.48.203 - - [02/Nov/2015:06:50:57 +0100] "GET /aktualis_elemei/bio2szulinap_elemei/image092.jpg HTTP/1.1" 200 7352 "http://www.greenaction.hu/aktualis_elemei/bio2szulinap.html" "Mozilla/5.0 (Windows NT 5.1; rv:41.0) Gecko/20100101 Firefox/41.0"
95.168.48.203 - - [02/Nov/2015:06:50:57 +0100] "GET /aktualis_elemei/bio2szulinap_elemei/image094.jpg HTTP/1.1" 200 7635 "http://www.greenaction.hu/aktualis_elemei/bio2szulinap.html" "Mozilla/5.0 (Windows NT 5.1; rv:41.0) Gecko/20100101 Firefox/41.0"
95.168.48.203 - - [02/Nov/2015:06:50:57 +0100] "GET /aktualis_elemei/bio2szulinap_elemei/image096.jpg HTTP/1.1" 200 8771 "http://www.greenaction.hu/aktualis_elemei/bio2szulinap.html" "Mozilla/5.0 (Windows NT 5.1; rv:41.0) Gecko/20100101 Firefox/41.0"
95.168.48.203 - - [02/Nov/2015:06:50:57 +0100] "GET /aktualis_elemei/bio2szulinap_elemei/image098.jpg HTTP/1.1" 200 8855 "http://www.greenaction.hu/aktualis_elemei/bio2szulinap.html" "Mozilla/5.0 (Windows NT 5.1; rv:41.0) Gecko/20100101 Firefox/41.0"
95.168.48.203 - - [02/Nov/2015:06:50:57 +0100] "GET /aktualis_elemei/bio2szulinap_elemei/image100.jpg HTTP/1.1" 200 7946 "http://www.greenaction.hu/aktualis_elemei/bio2szulinap.html" "Mozilla/5.0 (Windows NT 5.1; rv:41.0) Gecko/20100101 Firefox/41.0"
95.168.48.203 - - [02/Nov/2015:06:50:57 +0100] "GET /aktualis_elemei/bio2szulinap_elemei/image102.jpg HTTP/1.1" 200 8017 "http://www.greenaction.hu/aktualis_elemei/bio2szulinap.html" "Mozilla/5.0 (Windows NT 5.1; rv:41.0) Gecko/20100101 Firefox/41.0"
95.168.48.203 - - [02/Nov/2015:06:50:57 +0100] "GET /aktualis_elemei/bio2szulinap_elemei/image104.jpg HTTP/1.1" 200 8372 "http://www.greenaction.hu/aktualis_elemei/bio2szulinap.html" "Mozilla/5.0 (Windows NT 5.1; rv:41.0) Gecko/20100101 Firefox/41.0"
95.168.48.203 - - [02/Nov/2015:06:50:57 +0100] "GET /aktualis_elemei/bio2szulinap_elemei/image108.jpg HTTP/1.1" 200 9238 "http://www.greenaction.hu/aktualis_elemei/bio2szulinap.html" "Mozilla/5.0 (Windows NT 5.1; rv:41.0) Gecko/20100101 Firefox/41.0"
95.168.48.203 - - [02/Nov/2015:06:50:57 +0100] "GET /aktualis_elemei/bio2szulinap_elemei/image106.jpg HTTP/1.1" 200 7697 "http://www.greenaction.hu/aktualis_elemei/bio2szulinap.html" "Mozilla/5.0 (Windows NT 5.1; rv:41.0) Gecko/20100101 Firefox/41.0"
95.168.48.203 - - [02/Nov/2015:06:50:58 +0100] "GET /aktualis_elemei/bio2szulinap_elemei/image110.jpg HTTP/1.1" 200 8760 "http://www.greenaction.hu/aktualis_elemei/bio2szulinap.html" "Mozilla/5.0 (Windows NT 5.1; rv:41.0) Gecko/20100101 Firefox/41.0"
95.168.48.203 - - [02/Nov/2015:06:50:58 +0100] "GET /aktualis_elemei/bio2szulinap_elemei/image112.jpg HTTP/1.1" 200 8269 "http://www.greenaction.hu/aktualis_elemei/bio2szulinap.html" "Mozilla/5.0 (Windows NT 5.1; rv:41.0) Gecko/20100101 Firefox/41.0"
95.168.48.203 - - [02/Nov/2015:06:50:58 +0100] "GET /aktualis_elemei/bio2szulinap_elemei/image114.jpg HTTP/1.1" 200 6950 "http://www.greenaction.hu/aktualis_elemei/bio2szulinap.html" "Mozilla/5.0 (Windows NT 5.1; rv:41.0) Gecko/20100101 Firefox/41.0"
95.168.48.203 - - [02/Nov/2015:06:50:58 +0100] "GET /aktualis_elemei/bio2szulinap_elemei/image116.jpg HTTP/1.1" 200 9709 "http://www.greenaction.hu/aktualis_elemei/bio2szulinap.html" "Mozilla/5.0 (Windows NT 5.1; rv:41.0) Gecko/20100101 Firefox/41.0"
95.168.48.203 - - [02/Nov/2015:06:50:58 +0100] "GET /aktualis_elemei/bio2szulinap_elemei/image118.jpg HTTP/1.1" 200 9292 "http://www.greenaction.hu/aktualis_elemei/bio2szulinap.html" "Mozilla/5.0 (Windows NT 5.1; rv:41.0) Gecko/20100101 Firefox/41.0"
95.168.48.203 - - [02/Nov/2015:06:50:58 +0100] "GET /aktualis_elemei/bio2szulinap_elemei/image120.jpg HTTP/1.1" 200 9114 "http://www.greenaction.hu/aktualis_elemei/bio2szulinap.html" "Mozilla/5.0 (Windows NT 5.1; rv:41.0) Gecko/20100101 Firefox/41.0"
95.168.48.203 - - [02/Nov/2015:06:50:58 +0100] "GET /aktualis_elemei/bio2szulinap_elemei/image122.jpg HTTP/1.1" 200 8543 "http://www.greenaction.hu/aktualis_elemei/bio2szulinap.html" "Mozilla/5.0 (Windows NT 5.1; rv:41.0) Gecko/20100101 Firefox/41.0"
95.168.48.203 - - [02/Nov/2015:06:50:58 +0100] "GET /aktualis_elemei/bio2szulinap_elemei/image124.jpg HTTP/1.1" 200 8278 "http://www.greenaction.hu/aktualis_elemei/bio2szulinap.html" "Mozilla/5.0 (Windows NT 5.1; rv:41.0) Gecko/20100101 Firefox/41.0"
95.168.48.203 - - [02/Nov/2015:06:50:58 +0100] "GET /aktualis_elemei/bio2szulinap_elemei/image126.jpg HTTP/1.1" 200 9363 "http://www.greenaction.hu/aktualis_elemei/bio2szulinap.html" "Mozilla/5.0 (Windows NT 5.1; rv:41.0) Gecko/20100101 Firefox/41.0"
95.168.48.203 - - [02/Nov/2015:06:50:58 +0100] "GET /aktualis_elemei/bio2szulinap_elemei/image128.jpg HTTP/1.1" 200 8653 "http://www.greenaction.hu/aktualis_elemei/bio2szulinap.html" "Mozilla/5.0 (Windows NT 5.1; rv:41.0) Gecko/20100101 Firefox/41.0"
95.168.48.203 - - [02/Nov/2015:06:50:58 +0100] "GET /aktualis_elemei/bio2szulinap_elemei/image132.jpg HTTP/1.1" 200 8237 "http://www.greenaction.hu/aktualis_elemei/bio2szulinap.html" "Mozilla/5.0 (Windows NT 5.1; rv:41.0) Gecko/20100101 Firefox/41.0"
95.168.48.203 - - [02/Nov/2015:06:50:58 +0100] "GET /aktualis_elemei/bio2szulinap_elemei/image130.jpg HTTP/1.1" 200 7636 "http://www.greenaction.hu/aktualis_elemei/bio2szulinap.html" "Mozilla/5.0 (Windows NT 5.1; rv:41.0) Gecko/20100101 Firefox/41.0"
95.168.48.203 - - [02/Nov/2015:06:50:58 +0100] "GET /aktualis_elemei/bio2szulinap_elemei/image134.jpg HTTP/1.1" 200 10678 "http://www.greenaction.hu/aktualis_elemei/bio2szulinap.html" "Mozilla/5.0 (Windows NT 5.1; rv:41.0) Gecko/20100101 Firefox/41.0"
95.168.48.203 - - [02/Nov/2015:06:50:58 +0100] "GET /aktualis_elemei/bio2szulinap_elemei/image136.jpg HTTP/1.1" 200 7982 "http://www.greenaction.hu/aktualis_elemei/bio2szulinap.html" "Mozilla/5.0 (Windows NT 5.1; rv:41.0) Gecko/20100101 Firefox/41.0"
95.168.48.203 - - [02/Nov/2015:06:50:58 +0100] "GET /aktualis_elemei/bio2szulinap_elemei/image138.jpg HTTP/1.1" 200 9822 "http://www.greenaction.hu/aktualis_elemei/bio2szulinap.html" "Mozilla/5.0 (Windows NT 5.1; rv:41.0) Gecko/20100101 Firefox/41.0"
95.168.48.203 - - [02/Nov/2015:06:50:58 +0100] "GET /aktualis_elemei/bio2szulinap_elemei/image140.jpg HTTP/1.1" 200 9938 "http://www.greenaction.hu/aktualis_elemei/bio2szulinap.html" "Mozilla/5.0 (Windows NT 5.1; rv:41.0) Gecko/20100101 Firefox/41.0"
95.168.48.203 - - [02/Nov/2015:06:50:58 +0100] "GET /aktualis_elemei/bio2szulinap_elemei/image142.jpg HTTP/1.1" 200 9654 "http://www.greenaction.hu/aktualis_elemei/bio2szulinap.html" "Mozilla/5.0 (Windows NT 5.1; rv:41.0) Gecko/20100101 Firefox/41.0"
95.168.48.203 - - [02/Nov/2015:06:50:58 +0100] "GET /aktualis_elemei/bio2szulinap_elemei/image144.jpg HTTP/1.1" 200 9920 "http://www.greenaction.hu/aktualis_elemei/bio2szulinap.html" "Mozilla/5.0 (Windows NT 5.1; rv:41.0) Gecko/20100101 Firefox/41.0"
95.168.48.203 - - [02/Nov/2015:06:50:59 +0100] "GET /favicon.ico HTTP/1.1" 404 1181 "-" "Mozilla/5.0 (Windows NT 5.1; rv:41.0) Gecko/20100101 Firefox/41.0"
46.251.17.141 - - [02/Nov/2015:06:52:00 +0100] "GET /aktualis_elemei/bio2szulinap_elemei/image068.jpg HTTP/1.1" 200 7021 "https://www.google.hu" "Mozilla/5.0 (Windows NT 5.1; rv:41.0) Gecko/20100101 Firefox/41.0"
66.249.75.34 - - [02/Nov/2015:07:28:25 +0100] "GET / HTTP/1.1" 200 884 "-" "SAMSUNG-SGH-E250/1.0 Profile/MIDP-2.0 Configuration/CLDC-1.1 UP.Browser/6.2.3.3.c.1.101 (GUI) MMP/2.0 (compatible; Googlebot-Mobile/2.1; +http://www.google.com/bot.html)"
66.249.75.167 - - [02/Nov/2015:07:33:53 +0100] "GET / HTTP/1.1" 200 884 "-" "Mozilla/5.0 (compatible; Googlebot/2.1; +http://www.google.com/bot.html)"
52.31.62.34 - - [02/Nov/2015:08:07:08 +0100] "GET /kiadvany/miabio.pdf HTTP/1.1" 200 28570 "-" "SafeSearch microdata crawler (https://safesearch.avira.com, safesearch-abuse@avira.com)"
180.76.15.12 - - [02/Nov/2015:08:16:30 +0100] "GET / HTTP/1.1" 200 884 "-" "Mozilla/5.0 (compatible; Baiduspider/2.0; +http://www.baidu.com/search/spider.html)"
171.31.0.134 - - [02/Nov/2015:08:54:52 +0100] "GET /aktualis_elemei/bio2szulinap_elemei/image104.jpg HTTP/1.1" 200 8372 "-" "Mozilla/5.0 (compatible; MSIE 10.0; Windows NT 6.1; Trident/6.0)"
207.46.13.128 - - [02/Nov/2015:09:09:15 +0100] "GET /robots.txt HTTP/1.1" 404 1181 "-" "Mozilla/5.0 (compatible; bingbot/2.0; +http://www.bing.com/bingbot.htm)"
207.46.13.128 - - [02/Nov/2015:09:09:21 +0100] "GET /aktualis_elemei/fnp.html HTTP/1.1" 304 - "-" "Mozilla/5.0 (compatible; bingbot/2.0; +http://www.bing.com/bingbot.htm)"
207.46.13.128 - - [02/Nov/2015:10:01:33 +0100] "GET /kiadvany/miskolchvte.pdf HTTP/1.1" 200 4059249 "-" "Mozilla/5.0 (compatible; bingbot/2.0; +http://www.bing.com/bingbot.htm)"
66.249.75.149 - - [02/Nov/2015:10:08:10 +0100] "GET / HTTP/1.1" 200 884 "-" "Mozilla/5.0 (compatible; Googlebot/2.1; +http://www.google.com/bot.html)"
95.108.158.211 - - [02/Nov/2015:10:09:52 +0100] "GET /robots.txt HTTP/1.1" 404 1181 "-" "Mozilla/5.0 (compatible; YandexBot/3.0; +http://yandex.com/bots)"
212.96.43.32 - - [02/Nov/2015:10:28:40 +0100] "GET /aktualis_elemei/bio2szulinap_elemei/image092.jpg HTTP/1.1" 200 7352 "https://www.google.hu" "Mozilla/5.0 (Windows NT 6.1; rv:41.0) Gecko/20100101 Firefox/41.0"
46.107.217.189 - - [02/Nov/2015:10:37:23 +0100] "GET /aktualis_elemei/bekamentes_elemei/image003.jpg HTTP/1.1" 200 18979 "https://www.google.hu" "Mozilla/5.0 (Windows NT 6.1; WOW64; rv:41.0) Gecko/20100101 Firefox/41.0"
46.107.217.189 - - [02/Nov/2015:10:37:30 +0100] "GET /aktualis_elemei/bekamentes_elemei/image009.jpg HTTP/1.1" 200 11140 "https://www.google.hu" "Mozilla/5.0 (Windows NT 6.1; WOW64; rv:41.0) Gecko/20100101 Firefox/41.0"
66.249.75.167 - - [02/Nov/2015:10:44:45 +0100] "GET / HTTP/1.1" 200 884 "-" "Mozilla/5.0 (iPhone; CPU iPhone OS 8_3 like Mac OS X) AppleWebKit/600.1.4 (KHTML, like Gecko) Version/8.0 Mobile/12F70 Safari/600.1.4 (compatible; Googlebot/2.1; +http://www.google.com/bot.html)"
91.147.195.129 - - [02/Nov/2015:10:52:30 +0100] "GET /aktualis_elemei/bio2szulinap_elemei/image102.jpg HTTP/1.1" 200 8017 "https://www.google.hu" "Mozilla/5.0 (Windows NT 6.3; rv:41.0) Gecko/20100101 Firefox/41.0"
176.144.109.31 - - [02/Nov/2015:10:53:30 +0100] "GET /aktualis_elemei/katonai.html HTTP/1.1" 200 22109 "https://www.google.fr" "Mozilla/5.0 (Windows NT 6.0; rv:41.0) Gecko/20100101 Firefox/41.0"
176.144.109.31 - - [02/Nov/2015:10:53:31 +0100] "GET /aktualis_elemei/katonai_elemei/image002.jpg HTTP/1.1" 200 34104 "http://www.greenaction.hu/aktualis_elemei/katonai.html" "Mozilla/5.0 (Windows NT 6.0; rv:41.0) Gecko/20100101 Firefox/41.0"
176.144.109.31 - - [02/Nov/2015:10:53:31 +0100] "GET /aktualis_elemei/katonai_elemei/image003.jpg HTTP/1.1" 200 88392 "http://www.greenaction.hu/aktualis_elemei/katonai.html" "Mozilla/5.0 (Windows NT 6.0; rv:41.0) Gecko/20100101 Firefox/41.0"
176.144.109.31 - - [02/Nov/2015:10:53:31 +0100] "GET /aktualis_elemei/katonai_elemei/image001.jpg HTTP/1.1" 200 35821 "http://www.greenaction.hu/aktualis_elemei/katonai.html" "Mozilla/5.0 (Windows NT 6.0; rv:41.0) Gecko/20100101 Firefox/41.0"
176.144.109.31 - - [02/Nov/2015:10:53:31 +0100] "GET /aktualis_elemei/katonai_elemei/image004.jpg HTTP/1.1" 200 56554 "http://www.greenaction.hu/aktualis_elemei/katonai.html" "Mozilla/5.0 (Windows NT 6.0; rv:41.0) Gecko/20100101 Firefox/41.0"
176.144.109.31 - - [02/Nov/2015:10:53:32 +0100] "GET /favicon.ico HTTP/1.1" 404 1181 "-" "Mozilla/5.0 (Windows NT 6.0; rv:41.0) Gecko/20100101 Firefox/41.0"
176.144.109.31 - - [02/Nov/2015:10:53:32 +0100] "GET /favicon.ico HTTP/1.1" 404 1181 "-" "Mozilla/5.0 (Windows NT 6.0; rv:41.0) Gecko/20100101 Firefox/41.0"
77.111.90.197 - - [02/Nov/2015:11:05:58 +0100] "GET /archiv_elemei/acitc.html HTTP/1.1" 200 13312 "-" "Mozilla/5.0 (Windows NT 6.1; WOW64) AppleWebKit/537.36 (KHTML, like Gecko) Chrome/46.0.2490.71 Safari/537.36"
77.111.90.197 - - [02/Nov/2015:11:05:58 +0100] "GET /archiv_elemei/acitc.html HTTP/1.0" 200 13312 "-" "-"
