104.131.147.112 - - [24/Dec/2016:17:38:59 +0100] "GET / HTTP/1.1" 200 884 "-" "Mozilla/5.0 (compatible; Gluten Free Crawler/1.0; +http://glutenfreepleasure.com/)"
104.131.147.112 - - [24/Dec/2016:17:46:59 +0100] "GET / HTTP/1.1" 200 884 "-" "Mozilla/5.0 (compatible; Gluten Free Crawler/1.0; +http://glutenfreepleasure.com/)"
64.246.165.170 - - [24/Dec/2016:18:51:01 +0100] "GET /robots.txt HTTP/1.0" 404 1181 "-" "Mozilla/5.0 (Windows; U; Windows NT 5.1; en; rv:1.9.0.13) Gecko/2009073022 Firefox/3.5.2 (.NET CLR 3.5.30729) SurveyBot/2.3 (DomainTools)"
64.246.165.170 - - [24/Dec/2016:18:51:02 +0100] "GET / HTTP/1.1" 200 884 "http://whois.domaintools.com/greenaction.hu" "Mozilla/5.0 (Windows; U; Windows NT 5.1; en; rv:1.9.0.13) Gecko/2009073022 Firefox/3.5.2 (.NET CLR 3.5.30729) SurveyBot/2.3 (DomainTools)"
66.249.64.51 - - [24/Dec/2016:19:25:07 +0100] "GET /robots.txt HTTP/1.1" 404 1181 "-" "Mozilla/5.0 (compatible; Googlebot/2.1; +http://www.google.com/bot.html)"
66.249.64.51 - - [24/Dec/2016:19:25:07 +0100] "GET / HTTP/1.1" 200 884 "-" "Mozilla/5.0 (compatible; Googlebot/2.1; +http://www.google.com/bot.html)"
66.249.64.51 - - [24/Dec/2016:19:25:18 +0100] "GET /zoldakcio.swf HTTP/1.1" 200 840351 "-" "Mozilla/5.0 (compatible; Googlebot/2.1; +http://www.google.com/bot.html)"
66.249.64.49 - - [24/Dec/2016:19:25:26 +0100] "GET /esemenynaptar/SparkEventsCalendar_loadVars.txt HTTP/1.1" 200 72712 "-" "Mozilla/5.0 (compatible; Googlebot/2.1; +http://www.google.com/bot.html)"
66.249.64.49 - - [24/Dec/2016:19:25:26 +0100] "GET /hirek/hirek.txt HTTP/1.1" 200 96857 "-" "Mozilla/5.0 (compatible; Googlebot/2.1; +http://www.google.com/bot.html)"
157.55.39.5 - - [24/Dec/2016:19:25:44 +0100] "GET / HTTP/1.1" 200 884 "-" "Mozilla/5.0 (iPhone; CPU iPhone OS 7_0 like Mac OS X) AppleWebKit/537.51.1 (KHTML, like Gecko) Version/7.0 Mobile/11A465 Safari/9537.53 (compatible; bingbot/2.0; +http://www.bing.com/bingbot.htm)"
207.46.13.92 - - [24/Dec/2016:19:26:15 +0100] "GET /zoldakcio.swf HTTP/1.1" 200 840351 "-" "Mozilla/5.0 (iPhone; CPU iPhone OS 7_0 like Mac OS X) AppleWebKit/537.51.1 (KHTML, like Gecko) Version/7.0 Mobile/11A465 Safari/9537.53 (compatible; bingbot/2.0; +http://www.bing.com/bingbot.htm)"
66.249.64.83 - - [24/Dec/2016:19:29:36 +0100] "GET / HTTP/1.1" 200 884 "-" "Mozilla/5.0 (compatible; Googlebot/2.1; +http://www.google.com/bot.html)"
131.253.25.158 - - [24/Dec/2016:20:26:59 +0100] "GET /hirek/hirek.txt HTTP/1.1" 200 96857 "-" "Mozilla/5.0 (iPhone; CPU iPhone OS 7_0 like Mac OS X) AppleWebKit/537.51.1 (KHTML, like Gecko) Version/7.0 Mobile/11A465 Safari/9537.53 BingPreview/1.0b"
131.253.25.198 - - [24/Dec/2016:20:27:01 +0100] "GET /esemenynaptar/SparkEventsCalendar_loadVars.txt HTTP/1.1" 200 72712 "-" "Mozilla/5.0 (iPhone; CPU iPhone OS 7_0 like Mac OS X) AppleWebKit/537.51.1 (KHTML, like Gecko) Version/7.0 Mobile/11A465 Safari/9537.53 BingPreview/1.0b"
94.27.238.93 - - [24/Dec/2016:20:42:21 +0100] "GET /aktualis_elemei/katonai_elemei/image004.jpg HTTP/1.1" 200 56554 "-" "Mozilla/5.0 (Linux; Android 5.1; VF-795 Build/LMY47D; wv) AppleWebKit/537.36 (KHTML, like Gecko) Version/4.0 Chrome/55.0.2883.91 Mobile Safari/537.36 GSA/6.9.36.21.arm"
178.255.215.87 - - [24/Dec/2016:21:46:03 +0100] "GET /robots.txt HTTP/1.1" 404 1181 "-" "Mozilla/5.0 (compatible; Exabot/3.0; +http://www.exabot.com/go/robot)"
178.255.215.87 - - [24/Dec/2016:21:46:03 +0100] "GET /aktualis_elemei/fnh2008.html HTTP/1.1" 304 - "-" "Mozilla/5.0 (compatible; Exabot/3.0; +http://www.exabot.com/go/robot)"
207.46.13.9 - - [24/Dec/2016:22:20:39 +0100] "GET /aktualis_elemei/bparak0929.html HTTP/1.1" 200 105768 "-" "msnbot-media/1.1 (+http://search.msn.com/msnbot.htm)"
5.248.196.252 - - [24/Dec/2016:22:22:05 +0100] "GET / HTTP/1.1" 200 884 "http://j-times.ru/" "Mozilla/4.0 (compatible; MSIE 6.0; Windows XP)"
5.248.196.252 - - [24/Dec/2016:22:22:05 +0100] "GET / HTTP/1.1" 200 884 "http://j-times.ru/" "Mozilla/4.0 (compatible; MSIE 6.0; Windows XP)"
5.248.196.252 - - [24/Dec/2016:22:22:06 +0100] "GET / HTTP/1.1" 200 884 "http://j-times.ru/" "Mozilla/4.0 (compatible; MSIE 6.0; Windows XP)"
207.46.13.6 - - [24/Dec/2016:22:52:59 +0100] "GET /robots.txt HTTP/1.1" 404 1181 "-" "Mozilla/5.0 (compatible; bingbot/2.0; +http://www.bing.com/bingbot.htm)"
207.46.13.6 - - [24/Dec/2016:22:53:05 +0100] "GET /aktualis_elemei/bio2szulinap_elemei/image110.jpg HTTP/1.1" 200 8760 "-" "Mozilla/5.0 (compatible; bingbot/2.0; +http://www.bing.com/bingbot.htm)"
180.76.15.28 - - [24/Dec/2016:22:54:16 +0100] "GET / HTTP/1.1" 200 884 "-" "Mozilla/5.0 (compatible; Baiduspider/2.0; +http://www.baidu.com/search/spider.html)"
207.46.13.9 - - [24/Dec/2016:22:58:32 +0100] "GET /archiv_elemei/image004.jpg HTTP/1.1" 200 7491 "-" "Mozilla/5.0 (compatible; bingbot/2.0; +http://www.bing.com/bingbot.htm)"
157.55.39.164 - - [24/Dec/2016:22:58:52 +0100] "GET /aktualis_elemei/katonai_elemei/image004.jpg HTTP/1.1" 200 56554 "-" "Mozilla/5.0 (compatible; bingbot/2.0; +http://www.bing.com/bingbot.htm)"
157.55.39.164 - - [24/Dec/2016:23:08:59 +0100] "GET /archiv_elemei/szulinaptc_elemei/image002.jpg HTTP/1.1" 200 5985 "-" "Mozilla/5.0 (compatible; bingbot/2.0; +http://www.bing.com/bingbot.htm)"
46.119.116.116 - - [24/Dec/2016:23:27:32 +0100] "GET / HTTP/1.1" 200 884 "http://ukrup.com/" "Mozilla/4.0 (compatible; MSIE 5.5; Windows 95; BCD2000)"
46.119.116.116 - - [24/Dec/2016:23:27:32 +0100] "GET / HTTP/1.1" 200 884 "http://ukrup.com/" "Mozilla/4.0 (compatible; MSIE 5.5; Windows 95; BCD2000)"
199.193.251.133 - - [24/Dec/2016:23:36:18 +0100] "HEAD / HTTP/1.1" 200 0 "https://www.inboundlinks.win/InboundLinks/www.greenaction.hu" "Mozilla/5.0 (compatible; MSIE 9.0; Windows NT 6.1; WOW64; Trident/5.0)"
207.46.13.92 - - [25/Dec/2016:00:14:17 +0100] "GET / HTTP/1.1" 200 884 "-" "Mozilla/5.0 (compatible; bingbot/2.0; +http://www.bing.com/bingbot.htm)"
52.3.127.144 - - [25/Dec/2016:00:19:00 +0100] "GET /robots.txt HTTP/1.1" 404 1181 "-" "ltx71 - (http://ltx71.com/)"
52.3.127.144 - - [25/Dec/2016:00:20:57 +0100] "GET / HTTP/1.1" 200 884 "-" "ltx71 - (http://ltx71.com/)"
157.55.39.164 - - [25/Dec/2016:00:21:48 +0100] "GET /archiv_elemei/martintc_elemei/image002.jpg HTTP/1.1" 200 7792 "-" "Mozilla/5.0 (compatible; bingbot/2.0; +http://www.bing.com/bingbot.htm)"
46.119.116.116 - - [25/Dec/2016:00:32:18 +0100] "GET / HTTP/1.1" 200 884 "http://handicapbathtubarea.com/" "Mozilla/4.0 (compatible; MSIE 6.0; Windows NT 5.1; Q312461)"
46.119.116.116 - - [25/Dec/2016:00:32:19 +0100] "GET / HTTP/1.1" 200 884 "http://handicapbathtubarea.com/" "Mozilla/4.0 (compatible; MSIE 6.0; Windows NT 5.1; Q312461)"
178.137.18.127 - - [25/Dec/2016:00:39:10 +0100] "GET / HTTP/1.1" 200 884 "http://life.biz.ua/" "Mozilla/4.0 (compatible; MSIE 6.0; Windows NT 5.1; TheFreeDictionary.com; .NET CLR 1.1.4322; .NET CLR 1.0.3705; .NET CLR 2.0.50727)"
178.137.18.127 - - [25/Dec/2016:00:39:11 +0100] "GET / HTTP/1.1" 200 884 "http://life.biz.ua/" "Mozilla/4.0 (compatible; MSIE 6.0; Windows NT 5.1; TheFreeDictionary.com; .NET CLR 1.1.4322; .NET CLR 1.0.3705; .NET CLR 2.0.50727)"
104.131.172.31 - - [25/Dec/2016:00:49:18 +0100] "GET / HTTP/1.1" 200 884 "-" "Mozilla/5.0 (Windows NT 6.1; WOW64; rv:29.0) Gecko/20100101 Firefox/29.0"
66.249.64.87 - - [25/Dec/2016:01:10:49 +0100] "GET /robots.txt HTTP/1.1" 404 1181 "-" "Mozilla/5.0 (compatible; Googlebot/2.1; +http://www.google.com/bot.html)"
66.249.64.78 - - [25/Dec/2016:01:10:50 +0100] "GET / HTTP/1.1" 200 884 "-" "Mozilla/5.0 (Linux; Android 6.0.1; Nexus 5X Build/MMB29P) AppleWebKit/537.36 (KHTML, like Gecko) Chrome/41.0.2272.96 Mobile Safari/537.36 (compatible; Googlebot/2.1; +http://www.google.com/bot.html)"
74.207.251.9 - - [25/Dec/2016:01:27:41 +0100] "HEAD / HTTP/1.1" 200 0 "https://www.inboundlinks.win/InboundLinks/www.greenaction.hu" "Mozilla/5.0 (compatible; MSIE 9.0; Windows NT 6.1; WOW64; Trident/5.0)"
157.55.39.164 - - [25/Dec/2016:02:33:48 +0100] "GET /kiadvanyaink.html HTTP/1.1" 200 4921 "-" "Mozilla/5.0 (iPhone; CPU iPhone OS 7_0 like Mac OS X) AppleWebKit/537.51.1 (KHTML, like Gecko) Version/7.0 Mobile/11A465 Safari/9537.53 (compatible; bingbot/2.0; +http://www.bing.com/bingbot.htm)"
207.46.13.9 - - [25/Dec/2016:02:33:54 +0100] "GET /robots.txt HTTP/1.1" 404 1181 "-" "Mozilla/5.0 (compatible; bingbot/2.0; +http://www.bing.com/bingbot.htm)"
207.46.13.6 - - [25/Dec/2016:02:34:41 +0100] "GET /kiadvany/delbukk.jpg HTTP/1.1" 200 763448 "-" "Mozilla/5.0 (iPhone; CPU iPhone OS 7_0 like Mac OS X) AppleWebKit/537.51.1 (KHTML, like Gecko) Version/7.0 Mobile/11A465 Safari/9537.53 (compatible; bingbot/2.0; +http://www.bing.com/bingbot.htm)"
188.165.206.188 - - [25/Dec/2016:02:53:45 +0100] "GET / HTTP/1.1" 200 884 "http://google.com" "Mozilla/5.0 (X11; Ubuntu; Linux x86_64; rv:26.0) Gecko/20100101 Firefox/26.0"
66.249.64.53 - - [25/Dec/2016:03:48:23 +0100] "GET / HTTP/1.1" 200 884 "-" "Mozilla/5.0 (Linux; Android 6.0.1; Nexus 5X Build/MMB29P) AppleWebKit/537.36 (KHTML, like Gecko) Chrome/41.0.2272.96 Mobile Safari/537.36 (compatible; Googlebot/2.1; +http://www.google.com/bot.html)"
157.55.39.164 - - [25/Dec/2016:04:07:47 +0100] "GET /kiadvany/miskolchvte.pdf HTTP/1.1" 200 4059249 "-" "Mozilla/5.0 (iPhone; CPU iPhone OS 7_0 like Mac OS X) AppleWebKit/537.51.1 (KHTML, like Gecko) Version/7.0 Mobile/11A465 Safari/9537.53 (compatible; bingbot/2.0; +http://www.bing.com/bingbot.htm)"
180.76.15.22 - - [25/Dec/2016:04:43:27 +0100] "GET / HTTP/1.1" 200 884 "-" "Mozilla/5.0 (compatible; Baiduspider/2.0; +http://www.baidu.com/search/spider.html)"
144.76.224.111 - - [25/Dec/2016:05:12:00 +0100] "GET / HTTP/1.1" 200 884 "-" "vebidoobot"
144.76.224.111 - - [25/Dec/2016:05:12:00 +0100] "GET /robots.txt HTTP/1.1" 404 1181 "-" "vebidoobot"
144.76.224.111 - - [25/Dec/2016:05:12:01 +0100] "GET / HTTP/1.1" 200 884 "-" "vebidoobot"
144.76.224.111 - - [25/Dec/2016:05:12:01 +0100] "GET / HTTP/1.1" 200 884 "-" "vebidoobot"
144.76.224.111 - - [25/Dec/2016:05:12:03 +0100] "GET / HTTP/1.1" 200 884 "-" "vebidoobot"
180.76.15.154 - - [25/Dec/2016:06:21:09 +0100] "GET /kiadvany/delbukk.pdf HTTP/1.1" 200 622592 "-" "Mozilla/5.0 (compatible; Baiduspider/2.0; +http://www.baidu.com/search/spider.html)"
199.58.86.211 - - [25/Dec/2016:06:26:16 +0100] "GET /robots.txt HTTP/1.1" 404 1181 "-" "Mozilla/5.0 (compatible; MJ12bot/v1.4.7; http://mj12bot.com/)"
199.58.86.211 - - [25/Dec/2016:06:26:21 +0100] "GET / HTTP/1.1" 200 884 "-" "Mozilla/5.0 (compatible; MJ12bot/v1.4.7; http://mj12bot.com/)"
199.58.86.206 - - [25/Dec/2016:06:45:24 +0100] "GET /robots.txt HTTP/1.1" 404 1181 "-" "Mozilla/5.0 (compatible; MJ12bot/v1.4.7; http://mj12bot.com/)"
199.58.86.206 - - [25/Dec/2016:06:45:28 +0100] "GET / HTTP/1.1" 200 884 "-" "Mozilla/5.0 (compatible; MJ12bot/v1.4.7; http://mj12bot.com/)"
87.229.73.156 - - [25/Dec/2016:07:03:40 +0100] "GET / HTTP/1.1" 200 884 "-" "Python-urllib/2.6"
46.229.164.100 - - [25/Dec/2016:07:09:21 +0100] "GET /robots.txt HTTP/1.1" 404 1181 "-" "Mozilla/5.0 (compatible; SemrushBot/1.1~bl; +http://www.semrush.com/bot.html)"
5.248.196.252 - - [25/Dec/2016:07:18:02 +0100] "GET / HTTP/1.1" 200 884 "http://frivgame250.com/" "Mozilla/4.0 (compatible; MSIE 6.0; Windows NT 5.1) Opera 7.54 [en]"
5.248.196.252 - - [25/Dec/2016:07:18:03 +0100] "GET / HTTP/1.1" 200 884 "http://frivgame250.com/" "Mozilla/4.0 (compatible; MSIE 6.0; Windows NT 5.1) Opera 7.54 [en]"
5.248.196.252 - - [25/Dec/2016:07:18:03 +0100] "GET / HTTP/1.1" 200 884 "http://frivgame250.com/" "Mozilla/4.0 (compatible; MSIE 6.0; Windows NT 5.1) Opera 7.54 [en]"
178.137.18.127 - - [25/Dec/2016:07:45:38 +0100] "GET / HTTP/1.1" 200 884 "http://vipsiterip.org/" "Opera/9.0 (Windows NT 5.1; U; en)"
178.137.18.127 - - [25/Dec/2016:07:45:38 +0100] "GET / HTTP/1.1" 200 884 "http://vipsiterip.org/" "Opera/9.0 (Windows NT 5.1; U; en)"
207.46.13.9 - - [25/Dec/2016:08:14:10 +0100] "GET /kiadvany/delbukk.pdf HTTP/1.1" 200 1540585 "-" "Mozilla/5.0 (iPhone; CPU iPhone OS 7_0 like Mac OS X) AppleWebKit/537.51.1 (KHTML, like Gecko) Version/7.0 Mobile/11A465 Safari/9537.53 (compatible; bingbot/2.0; +http://www.bing.com/bingbot.htm)"
78.131.66.234 - - [25/Dec/2016:08:18:38 +0100] "GET /aktualis_elemei/bio2szulinap_elemei/image108.jpg HTTP/1.1" 200 9238 "https://www.google.hu/" "Mozilla/5.0 (Windows NT 6.3; Win64; x64) AppleWebKit/537.36 (KHTML, like Gecko) Chrome/55.0.2883.87 Safari/537.36"
78.131.66.234 - - [25/Dec/2016:08:20:26 +0100] "GET /aktualis_elemei/bio2szulinap_elemei/image106.jpg HTTP/1.1" 200 7697 "https://www.google.hu/" "Mozilla/5.0 (Windows NT 6.3; Win64; x64) AppleWebKit/537.36 (KHTML, like Gecko) Chrome/55.0.2883.87 Safari/537.36"
66.249.64.51 - - [25/Dec/2016:10:48:01 +0100] "GET /robots.txt HTTP/1.1" 404 1181 "-" "Mozilla/5.0 (compatible; Googlebot/2.1; +http://www.google.com/bot.html)"
66.249.64.51 - - [25/Dec/2016:10:48:01 +0100] "GET / HTTP/1.1" 200 884 "-" "Mozilla/5.0 (Linux; Android 6.0.1; Nexus 5X Build/MMB29P) AppleWebKit/537.36 (KHTML, like Gecko) Chrome/41.0.2272.96 Mobile Safari/537.36 (compatible; Googlebot/2.1; +http://www.google.com/bot.html)"
52.3.127.144 - - [25/Dec/2016:11:06:13 +0100] "GET /robots.txt HTTP/1.1" 404 1181 "-" "ltx71 - (http://ltx71.com/)"
157.55.39.164 - - [25/Dec/2016:11:37:18 +0100] "GET /kiadvany/miskolchvte.pdf HTTP/1.1" 200 4059249 "-" "Mozilla/5.0 (compatible; bingbot/2.0; +http://www.bing.com/bingbot.htm)"
207.46.13.92 - - [25/Dec/2016:11:57:10 +0100] "GET / HTTP/1.1" 200 884 "-" "Mozilla/5.0 (compatible; bingbot/2.0; +http://www.bing.com/bingbot.htm)"
80.82.65.82 - - [25/Dec/2016:12:23:54 +0100] "GET / HTTP/1.0" 200 884 "http://www.greenaction.hu" "Mozilla/4.0 (compatible; MSIE 6.0; Windows NT 5.1; SV1; .NET CLR 2.0.50727)"
79.121.42.97 - - [25/Dec/2016:12:41:27 +0100] "GET /aktualis_elemei/ausztriaut.html HTTP/1.1" 200 73702 "https://www.google.hu/" "Mozilla/5.0 (Linux; Android 4.4.4; SM-G357FZ Build/KTU84P) AppleWebKit/537.36 (KHTML, like Gecko) Chrome/55.0.2883.91 Mobile Safari/537.36"
79.121.42.97 - - [25/Dec/2016:12:41:27 +0100] "GET /aktualis_elemei/ausztriaut_elemei/image001.jpg HTTP/1.1" 200 2926 "http://www.greenaction.hu/aktualis_elemei/ausztriaut.html" "Mozilla/5.0 (Linux; Android 4.4.4; SM-G357FZ Build/KTU84P) AppleWebKit/537.36 (KHTML, like Gecko) Chrome/55.0.2883.91 Mobile Safari/537.36"
79.121.42.97 - - [25/Dec/2016:12:41:27 +0100] "GET /aktualis_elemei/ausztriaut_elemei/image009.jpg HTTP/1.1" 200 6979 "http://www.greenaction.hu/aktualis_elemei/ausztriaut.html" "Mozilla/5.0 (Linux; Android 4.4.4; SM-G357FZ Build/KTU84P) AppleWebKit/537.36 (KHTML, like Gecko) Chrome/55.0.2883.91 Mobile Safari/537.36"
79.121.42.97 - - [25/Dec/2016:12:41:27 +0100] "GET /aktualis_elemei/ausztriaut_elemei/image010.jpg HTTP/1.1" 200 7218 "http://www.greenaction.hu/aktualis_elemei/ausztriaut.html" "Mozilla/5.0 (Linux; Android 4.4.4; SM-G357FZ Build/KTU84P) AppleWebKit/537.36 (KHTML, like Gecko) Chrome/55.0.2883.91 Mobile Safari/537.36"
79.121.42.97 - - [25/Dec/2016:12:41:27 +0100] "GET /aktualis_elemei/ausztriaut_elemei/image011.jpg HTTP/1.1" 200 4367 "http://www.greenaction.hu/aktualis_elemei/ausztriaut.html" "Mozilla/5.0 (Linux; Android 4.4.4; SM-G357FZ Build/KTU84P) AppleWebKit/537.36 (KHTML, like Gecko) Chrome/55.0.2883.91 Mobile Safari/537.36"
79.121.42.97 - - [25/Dec/2016:12:41:27 +0100] "GET /aktualis_elemei/ausztriaut_elemei/image013.jpg HTTP/1.1" 404 1181 "http://www.greenaction.hu/aktualis_elemei/ausztriaut.html" "Mozilla/5.0 (Linux; Android 4.4.4; SM-G357FZ Build/KTU84P) AppleWebKit/537.36 (KHTML, like Gecko) Chrome/55.0.2883.91 Mobile Safari/537.36"
79.121.42.97 - - [25/Dec/2016:12:41:27 +0100] "GET /aktualis_elemei/ausztriaut_elemei/image015.jpg HTTP/1.1" 404 1181 "http://www.greenaction.hu/aktualis_elemei/ausztriaut.html" "Mozilla/5.0 (Linux; Android 4.4.4; SM-G357FZ Build/KTU84P) AppleWebKit/537.36 (KHTML, like Gecko) Chrome/55.0.2883.91 Mobile Safari/537.36"
79.121.42.97 - - [25/Dec/2016:12:41:27 +0100] "GET /aktualis_elemei/ausztriaut_elemei/image017.jpg HTTP/1.1" 404 1181 "http://www.greenaction.hu/aktualis_elemei/ausztriaut.html" "Mozilla/5.0 (Linux; Android 4.4.4; SM-G357FZ Build/KTU84P) AppleWebKit/537.36 (KHTML, like Gecko) Chrome/55.0.2883.91 Mobile Safari/537.36"
79.121.42.97 - - [25/Dec/2016:12:41:31 +0100] "GET /aktualis_elemei/ausztriaut_elemei/image002.jpg HTTP/1.1" 200 5164 "http://www.greenaction.hu/aktualis_elemei/ausztriaut.html" "Mozilla/5.0 (Linux; Android 4.4.4; SM-G357FZ Build/KTU84P) AppleWebKit/537.36 (KHTML, like Gecko) Chrome/55.0.2883.91 Mobile Safari/537.36"
79.121.42.97 - - [25/Dec/2016:12:41:31 +0100] "GET /aktualis_elemei/ausztriaut_elemei/image021.jpg HTTP/1.1" 404 1181 "http://www.greenaction.hu/aktualis_elemei/ausztriaut.html" "Mozilla/5.0 (Linux; Android 4.4.4; SM-G357FZ Build/KTU84P) AppleWebKit/537.36 (KHTML, like Gecko) Chrome/55.0.2883.91 Mobile Safari/537.36"
79.121.42.97 - - [25/Dec/2016:12:41:31 +0100] "GET /aktualis_elemei/ausztriaut_elemei/image023.jpg HTTP/1.1" 404 1181 "http://www.greenaction.hu/aktualis_elemei/ausztriaut.html" "Mozilla/5.0 (Linux; Android 4.4.4; SM-G357FZ Build/KTU84P) AppleWebKit/537.36 (KHTML, like Gecko) Chrome/55.0.2883.91 Mobile Safari/537.36"
79.121.42.97 - - [25/Dec/2016:12:41:32 +0100] "GET /aktualis_elemei/ausztriaut_elemei/image025.jpg HTTP/1.1" 404 1181 "http://www.greenaction.hu/aktualis_elemei/ausztriaut.html" "Mozilla/5.0 (Linux; Android 4.4.4; SM-G357FZ Build/KTU84P) AppleWebKit/537.36 (KHTML, like Gecko) Chrome/55.0.2883.91 Mobile Safari/537.36"
79.121.42.97 - - [25/Dec/2016:12:41:32 +0100] "GET /aktualis_elemei/ausztriaut_elemei/image027.jpg HTTP/1.1" 404 1181 "http://www.greenaction.hu/aktualis_elemei/ausztriaut.html" "Mozilla/5.0 (Linux; Android 4.4.4; SM-G357FZ Build/KTU84P) AppleWebKit/537.36 (KHTML, like Gecko) Chrome/55.0.2883.91 Mobile Safari/537.36"
79.121.42.97 - - [25/Dec/2016:12:41:32 +0100] "GET /aktualis_elemei/ausztriaut_elemei/image029.jpg HTTP/1.1" 404 1181 "http://www.greenaction.hu/aktualis_elemei/ausztriaut.html" "Mozilla/5.0 (Linux; Android 4.4.4; SM-G357FZ Build/KTU84P) AppleWebKit/537.36 (KHTML, like Gecko) Chrome/55.0.2883.91 Mobile Safari/537.36"
79.121.42.97 - - [25/Dec/2016:12:41:32 +0100] "GET /aktualis_elemei/ausztriaut_elemei/image031.jpg HTTP/1.1" 404 1181 "http://www.greenaction.hu/aktualis_elemei/ausztriaut.html" "Mozilla/5.0 (Linux; Android 4.4.4; SM-G357FZ Build/KTU84P) AppleWebKit/537.36 (KHTML, like Gecko) Chrome/55.0.2883.91 Mobile Safari/537.36"
79.121.42.97 - - [25/Dec/2016:12:41:32 +0100] "GET /aktualis_elemei/ausztriaut_elemei/image033.jpg HTTP/1.1" 404 1181 "http://www.greenaction.hu/aktualis_elemei/ausztriaut.html" "Mozilla/5.0 (Linux; Android 4.4.4; SM-G357FZ Build/KTU84P) AppleWebKit/537.36 (KHTML, like Gecko) Chrome/55.0.2883.91 Mobile Safari/537.36"
79.121.42.97 - - [25/Dec/2016:12:41:32 +0100] "GET /aktualis_elemei/ausztriaut_elemei/image007.jpg HTTP/1.1" 404 1181 "http://www.greenaction.hu/aktualis_elemei/ausztriaut.html" "Mozilla/5.0 (Linux; Android 4.4.4; SM-G357FZ Build/KTU84P) AppleWebKit/537.36 (KHTML, like Gecko) Chrome/55.0.2883.91 Mobile Safari/537.36"
79.121.42.97 - - [25/Dec/2016:12:41:32 +0100] "GET /aktualis_elemei/ausztriaut_elemei/image035.jpg HTTP/1.1" 404 1181 "http://www.greenaction.hu/aktualis_elemei/ausztriaut.html" "Mozilla/5.0 (Linux; Android 4.4.4; SM-G357FZ Build/KTU84P) AppleWebKit/537.36 (KHTML, like Gecko) Chrome/55.0.2883.91 Mobile Safari/537.36"
79.121.42.97 - - [25/Dec/2016:12:41:32 +0100] "GET /aktualis_elemei/ausztriaut_elemei/image039.jpg HTTP/1.1" 404 1181 "http://www.greenaction.hu/aktualis_elemei/ausztriaut.html" "Mozilla/5.0 (Linux; Android 4.4.4; SM-G357FZ Build/KTU84P) AppleWebKit/537.36 (KHTML, like Gecko) Chrome/55.0.2883.91 Mobile Safari/537.36"
79.121.42.97 - - [25/Dec/2016:12:41:32 +0100] "GET /aktualis_elemei/ausztriaut_elemei/image041.jpg HTTP/1.1" 404 1181 "http://www.greenaction.hu/aktualis_elemei/ausztriaut.html" "Mozilla/5.0 (Linux; Android 4.4.4; SM-G357FZ Build/KTU84P) AppleWebKit/537.36 (KHTML, like Gecko) Chrome/55.0.2883.91 Mobile Safari/537.36"
79.121.42.97 - - [25/Dec/2016:12:41:32 +0100] "GET /aktualis_elemei/ausztriaut_elemei/image043.jpg HTTP/1.1" 404 1181 "http://www.greenaction.hu/aktualis_elemei/ausztriaut.html" "Mozilla/5.0 (Linux; Android 4.4.4; SM-G357FZ Build/KTU84P) AppleWebKit/537.36 (KHTML, like Gecko) Chrome/55.0.2883.91 Mobile Safari/537.36"
79.121.42.97 - - [25/Dec/2016:12:41:32 +0100] "GET /aktualis_elemei/ausztriaut_elemei/image045.jpg HTTP/1.1" 404 1181 "http://www.greenaction.hu/aktualis_elemei/ausztriaut.html" "Mozilla/5.0 (Linux; Android 4.4.4; SM-G357FZ Build/KTU84P) AppleWebKit/537.36 (KHTML, like Gecko) Chrome/55.0.2883.91 Mobile Safari/537.36"
79.121.42.97 - - [25/Dec/2016:12:41:32 +0100] "GET /aktualis_elemei/ausztriaut_elemei/image047.jpg HTTP/1.1" 404 1181 "http://www.greenaction.hu/aktualis_elemei/ausztriaut.html" "Mozilla/5.0 (Linux; Android 4.4.4; SM-G357FZ Build/KTU84P) AppleWebKit/537.36 (KHTML, like Gecko) Chrome/55.0.2883.91 Mobile Safari/537.36"
79.121.42.97 - - [25/Dec/2016:12:41:32 +0100] "GET /aktualis_elemei/ausztriaut_elemei/image049.jpg HTTP/1.1" 404 1181 "http://www.greenaction.hu/aktualis_elemei/ausztriaut.html" "Mozilla/5.0 (Linux; Android 4.4.4; SM-G357FZ Build/KTU84P) AppleWebKit/537.36 (KHTML, like Gecko) Chrome/55.0.2883.91 Mobile Safari/537.36"
79.121.42.97 - - [25/Dec/2016:12:41:32 +0100] "GET /aktualis_elemei/ausztriaut_elemei/image003.jpg HTTP/1.1" 200 3278 "http://www.greenaction.hu/aktualis_elemei/ausztriaut.html" "Mozilla/5.0 (Linux; Android 4.4.4; SM-G357FZ Build/KTU84P) AppleWebKit/537.36 (KHTML, like Gecko) Chrome/55.0.2883.91 Mobile Safari/537.36"
79.121.42.97 - - [25/Dec/2016:12:41:37 +0100] "GET /aktualis_elemei/ausztriaut_elemei/image005.jpg HTTP/1.1" 200 11001 "http://www.greenaction.hu/aktualis_elemei/ausztriaut.html" "Mozilla/5.0 (Linux; Android 4.4.4; SM-G357FZ Build/KTU84P) AppleWebKit/537.36 (KHTML, like Gecko) Chrome/55.0.2883.91 Mobile Safari/537.36"
79.121.42.97 - - [25/Dec/2016:12:41:37 +0100] "GET /aktualis_elemei/ausztriaut_elemei/image008.jpg HTTP/1.1" 200 5230 "http://www.greenaction.hu/aktualis_elemei/ausztriaut.html" "Mozilla/5.0 (Linux; Android 4.4.4; SM-G357FZ Build/KTU84P) AppleWebKit/537.36 (KHTML, like Gecko) Chrome/55.0.2883.91 Mobile Safari/537.36"
79.121.42.97 - - [25/Dec/2016:12:41:39 +0100] "GET /aktualis_elemei/ausztriaut_elemei/image019.jpg HTTP/1.1" 404 1181 "http://www.greenaction.hu/aktualis_elemei/ausztriaut.html" "Mozilla/5.0 (Linux; Android 4.4.4; SM-G357FZ Build/KTU84P) AppleWebKit/537.36 (KHTML, like Gecko) Chrome/55.0.2883.91 Mobile Safari/537.36"
79.121.42.97 - - [25/Dec/2016:12:41:43 +0100] "GET /aktualis_elemei/ausztriaut_elemei/image037.jpg HTTP/1.1" 404 1181 "http://www.greenaction.hu/aktualis_elemei/ausztriaut.html" "Mozilla/5.0 (Linux; Android 4.4.4; SM-G357FZ Build/KTU84P) AppleWebKit/537.36 (KHTML, like Gecko) Chrome/55.0.2883.91 Mobile Safari/537.36"
176.77.132.24 - - [25/Dec/2016:13:46:10 +0100] "GET /kiadvany/miabio.pdf HTTP/1.1" 200 5069818 "-" "Dalvik/2.1.0 (Linux; U; Android 6.0; Lenovo A2016a40 Build/MRA58K)"
66.249.64.51 - - [25/Dec/2016:15:01:35 +0100] "GET / HTTP/1.1" 200 884 "-" "Mozilla/5.0 (Linux; Android 6.0.1; Nexus 5X Build/MMB29P) AppleWebKit/537.36 (KHTML, like Gecko) Chrome/41.0.2272.96 Mobile Safari/537.36 (compatible; Googlebot/2.1; +http://www.google.com/bot.html)"
46.229.164.101 - - [25/Dec/2016:15:25:37 +0100] "GET /robots.txt HTTP/1.1" 404 1181 "-" "Mozilla/5.0 (compatible; SemrushBot/1.1~bl; +http://www.semrush.com/bot.html)"
178.137.93.117 - - [25/Dec/2016:15:57:05 +0100] "GET / HTTP/1.1" 200 884 "http://xn-----7kcabaipgeakzcss7bjdqdwpfnhv.xn--p1ai/" "Mozilla/4.0 (compatible; MSIE 6.0; America Online Browser 1.1; rev1.2; Windows NT 5.1; SV1; .NET CLR 1.1.4322)"
178.137.93.117 - - [25/Dec/2016:15:57:05 +0100] "GET / HTTP/1.1" 200 884 "http://xn-----7kcabaipgeakzcss7bjdqdwpfnhv.xn--p1ai/" "Mozilla/4.0 (compatible; MSIE 6.0; America Online Browser 1.1; rev1.2; Windows NT 5.1; SV1; .NET CLR 1.1.4322)"
178.137.93.117 - - [25/Dec/2016:15:57:06 +0100] "GET / HTTP/1.1" 200 884 "http://xn-----7kcabaipgeakzcss7bjdqdwpfnhv.xn--p1ai/" "Mozilla/4.0 (compatible; MSIE 6.0; America Online Browser 1.1; rev1.2; Windows NT 5.1; SV1; .NET CLR 1.1.4322)"
74.207.251.9 - - [25/Dec/2016:17:07:50 +0100] "HEAD / HTTP/1.1" 200 0 "https://www.inboundlinks.win/InboundLinks/www.greenaction.hu" "Mozilla/5.0 (compatible; MSIE 9.0; Windows NT 6.1; WOW64; Trident/5.0)"
23.88.103.223 - - [25/Dec/2016:17:21:54 +0100] "HEAD / HTTP/1.1" 200 0 "https://www.inboundlinks.win/InboundLinks/www.greenaction.hu" "Mozilla/5.0 (compatible; MSIE 9.0; Windows NT 6.1; WOW64; Trident/5.0)"
66.249.64.53 - - [25/Dec/2016:17:26:52 +0100] "GET / HTTP/1.1" 200 884 "-" "Mozilla/5.0 (Linux; Android 6.0.1; Nexus 5X Build/MMB29P) AppleWebKit/537.36 (KHTML, like Gecko) Chrome/41.0.2272.96 Mobile Safari/537.36 (compatible; Googlebot/2.1; +http://www.google.com/bot.html)"
130.193.51.56 - - [25/Dec/2016:17:39:44 +0100] "GET /robots.txt HTTP/1.1" 404 1181 "-" "Mozilla/5.0 (compatible; YandexBot/3.0; +http://yandex.com/bots)"
130.193.51.56 - - [25/Dec/2016:17:39:48 +0100] "GET /favicon.ico HTTP/1.1" 404 1181 "-" "Mozilla/5.0 (compatible; YandexBot/3.0; +http://yandex.com/bots)"
178.137.93.117 - - [25/Dec/2016:17:42:00 +0100] "GET / HTTP/1.1" 200 884 "http://whiteproduct.com/" "Mozilla/6.0 (compatible; MSIE 7.0a1; Windows NT 5.2; SV1)"
178.137.93.117 - - [25/Dec/2016:17:42:01 +0100] "GET / HTTP/1.1" 200 884 "http://whiteproduct.com/" "Mozilla/6.0 (compatible; MSIE 7.0a1; Windows NT 5.2; SV1)"
178.137.93.117 - - [25/Dec/2016:17:42:01 +0100] "GET / HTTP/1.1" 200 884 "http://whiteproduct.com/" "Mozilla/6.0 (compatible; MSIE 7.0a1; Windows NT 5.2; SV1)"
178.137.18.127 - - [25/Dec/2016:18:06:02 +0100] "GET / HTTP/1.1" 200 884 "http://www.istmira.ru/" "Mozilla/1.22 (compatible; MSIE 2.0d; Windows NT)"
178.137.18.127 - - [25/Dec/2016:18:06:03 +0100] "GET / HTTP/1.1" 200 884 "http://www.istmira.ru/" "Mozilla/1.22 (compatible; MSIE 2.0d; Windows NT)"
46.118.154.190 - - [25/Dec/2016:18:31:03 +0100] "GET / HTTP/1.1" 200 884 "http://extremal-blog.com/" "Mozilla/4.0 (compatible; MSIE 5.5; Windows NT 4.0)"
46.118.154.190 - - [25/Dec/2016:18:31:04 +0100] "GET / HTTP/1.1" 200 884 "http://extremal-blog.com/" "Mozilla/4.0 (compatible; MSIE 5.5; Windows NT 4.0)"
46.118.154.190 - - [25/Dec/2016:18:31:05 +0100] "GET / HTTP/1.1" 200 884 "http://extremal-blog.com/" "Mozilla/4.0 (compatible; MSIE 5.5; Windows NT 4.0)"
66.249.64.51 - - [25/Dec/2016:19:55:37 +0100] "GET / HTTP/1.1" 200 884 "-" "Mozilla/5.0 (Linux; Android 6.0.1; Nexus 5X Build/MMB29P) AppleWebKit/537.36 (KHTML, like Gecko) Chrome/41.0.2272.96 Mobile Safari/537.36 (compatible; Googlebot/2.1; +http://www.google.com/bot.html)"
80.98.196.18 - - [25/Dec/2016:20:15:57 +0100] "GET /aktualis_elemei/katonai_elemei/image004.jpg HTTP/1.1" 200 56554 "https://www.google.hu/" "Mozilla/5.0 (Windows NT 6.2; WOW64) AppleWebKit/537.36 (KHTML, like Gecko) Chrome/54.0.2840.99 Safari/537.36"
66.249.64.49 - - [25/Dec/2016:22:00:23 +0100] "GET / HTTP/1.1" 200 884 "-" "Mozilla/5.0 (Linux; Android 6.0.1; Nexus 5X Build/MMB29P) AppleWebKit/537.36 (KHTML, like Gecko) Chrome/41.0.2272.96 Mobile Safari/537.36 (compatible; Googlebot/2.1; +http://www.google.com/bot.html)"
178.137.93.117 - - [25/Dec/2016:23:02:22 +0100] "GET / HTTP/1.1" 200 884 "http://buy-loft.ru/" "Mozilla/4.0 (compatible; MSIE 5.5; Windows NT 5.0; .NET CLR 1.1.4322)"
178.137.93.117 - - [25/Dec/2016:23:02:22 +0100] "GET / HTTP/1.1" 200 884 "http://buy-loft.ru/" "Mozilla/4.0 (compatible; MSIE 5.5; Windows NT 5.0; .NET CLR 1.1.4322)"
178.137.93.117 - - [25/Dec/2016:23:02:23 +0100] "GET / HTTP/1.1" 200 884 "http://buy-loft.ru/" "Mozilla/4.0 (compatible; MSIE 5.5; Windows NT 5.0; .NET CLR 1.1.4322)"
157.55.39.164 - - [25/Dec/2016:23:09:18 +0100] "GET /kiadvany/miskolchvte.pdf HTTP/1.1" 200 4059249 "-" "Mozilla/5.0 (iPhone; CPU iPhone OS 7_0 like Mac OS X) AppleWebKit/537.51.1 (KHTML, like Gecko) Version/7.0 Mobile/11A465 Safari/9537.53 (compatible; bingbot/2.0; +http://www.bing.com/bingbot.htm)"
207.46.13.92 - - [25/Dec/2016:23:20:48 +0100] "GET /robots.txt HTTP/1.1" 404 1181 "-" "Mozilla/5.0 (compatible; bingbot/2.0; +http://www.bing.com/bingbot.htm)"
207.46.13.92 - - [25/Dec/2016:23:21:12 +0100] "GET / HTTP/1.1" 200 884 "-" "Mozilla/5.0 (compatible; bingbot/2.0; +http://www.bing.com/bingbot.htm)"
207.46.13.92 - - [25/Dec/2016:23:37:48 +0100] "GET /archiv_elemei/belvaros2_elemei/image002.jpg HTTP/1.1" 200 7984 "-" "Mozilla/5.0 (compatible; bingbot/2.0; +http://www.bing.com/bingbot.htm)"
167.114.156.198 - - [26/Dec/2016:00:26:44 +0100] "GET / HTTP/1.1" 200 884 "-" "Domain Re-Animator Bot (http://domainreanimator.com) - support@domainreanimator.com"
167.114.156.198 - - [26/Dec/2016:01:16:03 +0100] "GET / HTTP/1.1" 200 884 "-" "Domain Re-Animator Bot (http://domainreanimator.com) - support@domainreanimator.com"
46.229.168.65 - - [26/Dec/2016:04:54:23 +0100] "GET /magunkrol_elemei/kozhasznu.html HTTP/1.1" 200 18480 "-" "Mozilla/5.0 (compatible; SemrushBot/1.1~bl; +http://www.semrush.com/bot.html)"
159.203.175.177 - - [26/Dec/2016:05:54:01 +0100] "GET /robots.txt HTTP/1.1" 404 1181 "-" "Mozilla/5.0 (compatible; spbot/5.0.3; +http://OpenLinkProfiler.org/bot )"
159.203.175.177 - - [26/Dec/2016:05:54:02 +0100] "GET /robots.txt HTTP/1.1" 404 1181 "-" "Mozilla/5.0 (compatible; spbot/5.0.3; +http://OpenLinkProfiler.org/bot )"
159.203.175.177 - - [26/Dec/2016:05:54:06 +0100] "GET / HTTP/1.1" 200 884 "-" "Mozilla/5.0 (compatible; spbot/5.0.3; +http://OpenLinkProfiler.org/bot )"
66.249.64.53 - - [26/Dec/2016:06:17:15 +0100] "GET /robots.txt HTTP/1.1" 404 1181 "-" "Mozilla/5.0 (compatible; Googlebot/2.1; +http://www.google.com/bot.html)"
66.249.64.51 - - [26/Dec/2016:06:17:44 +0100] "GET /aktualis_elemei/bioarak%2009.07.html HTTP/1.1" 304 - "-" "Mozilla/5.0 (compatible; Googlebot/2.1; +http://www.google.com/bot.html)"
188.36.153.28 - - [26/Dec/2016:09:40:49 +0100] "GET /aktualis_elemei/bio2szulinap_elemei/image134.jpg HTTP/1.1" 200 10678 "https://www.google.hu/" "Mozilla/5.0 (Windows NT 6.1; WOW64) AppleWebKit/537.36 (KHTML, like Gecko) Chrome/55.0.2883.87 Safari/537.36 OPR/42.0.2393.94"
62.244.27.230 - - [26/Dec/2016:09:58:11 +0100] "GET /robots.txt HTTP/1.0" 404 1181 "-" "Mozilla/5.0 (compatible; MJ12bot/v1.4.5; http://www.majestic12.co.uk/bot.php?+)"
62.244.27.230 - - [26/Dec/2016:09:58:12 +0100] "GET /aktualis_elemei/bparak0908.html HTTP/1.1" 200 63132 "-" "Mozilla/5.0 (compatible; MJ12bot/v1.4.5; http://www.majestic12.co.uk/bot.php?+)"
62.244.27.230 - - [26/Dec/2016:09:58:14 +0100] "GET /aktualis_elemei/bparak0929.html HTTP/1.1" 200 105768 "-" "Mozilla/5.0 (compatible; MJ12bot/v1.4.5; http://www.majestic12.co.uk/bot.php?+)"
62.244.27.230 - - [26/Dec/2016:09:58:18 +0100] "GET /archiv_elemei/bparak0915.html HTTP/1.1" 200 106660 "-" "Mozilla/5.0 (compatible; MJ12bot/v1.4.5; http://www.majestic12.co.uk/bot.php?+)"
62.244.27.230 - - [26/Dec/2016:09:58:20 +0100] "GET /archiv_elemei/tapolcatc.html HTTP/1.1" 200 12614 "-" "Mozilla/5.0 (compatible; MJ12bot/v1.4.5; http://www.majestic12.co.uk/bot.php?+)"
62.244.27.230 - - [26/Dec/2016:09:58:42 +0100] "GET /robots.txt HTTP/1.0" 404 1181 "-" "Mozilla/5.0 (compatible; MJ12bot/v1.4.5; http://www.majestic12.co.uk/bot.php?+)"
62.244.27.230 - - [26/Dec/2016:09:58:43 +0100] "GET /program.html HTTP/1.1" 200 12857 "-" "Mozilla/5.0 (compatible; MJ12bot/v1.4.5; http://www.majestic12.co.uk/bot.php?+)"
207.46.13.92 - - [26/Dec/2016:10:08:50 +0100] "GET /robots.txt HTTP/1.1" 404 1181 "-" "Mozilla/5.0 (compatible; bingbot/2.0; +http://www.bing.com/bingbot.htm)"
207.46.13.92 - - [26/Dec/2016:10:08:51 +0100] "GET /robots.txt HTTP/1.1" 404 1181 "-" "Mozilla/5.0 (compatible; bingbot/2.0; +http://www.bing.com/bingbot.htm)"
207.46.13.92 - - [26/Dec/2016:10:08:55 +0100] "GET /aktualis_elemei/bio2szulinap.html HTTP/1.1" 200 71694 "-" "msnbot-media/1.1 (+http://search.msn.com/msnbot.htm)"
207.46.13.92 - - [26/Dec/2016:10:55:23 +0100] "GET / HTTP/1.1" 200 884 "-" "Mozilla/5.0 (compatible; bingbot/2.0; +http://www.bing.com/bingbot.htm)"
46.229.168.66 - - [26/Dec/2016:11:44:59 +0100] "GET /aktualis_elemei/bio2szulinap_elemei/image126.jpg HTTP/1.1" 200 9363 "-" "Mozilla/5.0 (compatible; SemrushBot/1.1~bl; +http://www.semrush.com/bot.html)"
37.76.78.140 - - [26/Dec/2016:11:47:17 +0100] "GET /aktualis_elemei/bio2szulinap_elemei/image056.jpg HTTP/1.1" 200 10317 "https://www.google.hu/" "Mozilla/5.0 (iPhone; CPU iPhone OS 9_3_2 like Mac OS X) AppleWebKit/601.1.46 (KHTML, like Gecko) Version/9.0 Mobile/13F69 Safari/601.1"
162.210.196.100 - - [26/Dec/2016:12:05:49 +0100] "GET /robots.txt HTTP/1.1" 404 1181 "-" "Mozilla/5.0 (compatible; MJ12bot/v1.4.7; http://mj12bot.com/)"
162.210.196.100 - - [26/Dec/2016:12:10:45 +0100] "GET /robots.txt HTTP/1.1" 404 1181 "-" "Mozilla/5.0 (compatible; MJ12bot/v1.4.7; http://mj12bot.com/)"
162.210.196.100 - - [26/Dec/2016:12:10:46 +0100] "GET / HTTP/1.1" 200 884 "-" "Mozilla/5.0 (compatible; MJ12bot/v1.4.7; http://mj12bot.com/)"
77.111.90.197 - - [26/Dec/2016:13:24:04 +0100] "GET / HTTP/1.1" 200 884 "-" "Mozilla/5.0 (Windows NT 6.1; WOW64) AppleWebKit/537.36 (KHTML, like Gecko) Chrome/46.0.2490.71 Safari/537.36"
84.1.100.165 - - [26/Dec/2016:14:24:08 +0100] "GET /kiadvany/miskolchvte.pdf HTTP/1.1" 200 34651 "-" "Mozilla/5.0 (Windows NT 6.1; WOW64) AppleWebKit/537.36 (KHTML, like Gecko) Chrome/55.0.2883.87 Safari/537.36"
178.137.93.117 - - [26/Dec/2016:14:27:35 +0100] "GET / HTTP/1.1" 200 884 "https://wispapp.com/blog/" "Opera/9.0 (Windows NT 5.1; U; en)"
178.137.93.117 - - [26/Dec/2016:14:27:36 +0100] "GET / HTTP/1.1" 200 884 "https://wispapp.com/blog/" "Opera/9.0 (Windows NT 5.1; U; en)"
178.137.93.117 - - [26/Dec/2016:14:27:36 +0100] "GET / HTTP/1.1" 200 884 "https://wispapp.com/blog/" "Opera/9.0 (Windows NT 5.1; U; en)"
46.229.170.197 - - [26/Dec/2016:14:52:53 +0100] "GET / HTTP/1.1" 200 884 "-" "Mozilla/5.0 (Windows NT 5.0; WOW64; rv:5.0) Gecko/20100101 Firefox/5.0"
74.207.251.9 - - [26/Dec/2016:14:54:58 +0100] "HEAD / HTTP/1.1" 200 0 "https://www.inboundlinks.win/InboundLinks/www.greenaction.hu" "Mozilla/5.0 (compatible; MSIE 9.0; Windows NT 6.1; WOW64; Trident/5.0)"
51.255.51.249 - - [26/Dec/2016:15:54:55 +0100] "GET /robots.txt HTTP/1.1" 404 1181 "-" "Mozilla/5.0 (compatible; MJ12bot/v1.4.7; http://mj12bot.com/)"
51.255.51.249 - - [26/Dec/2016:15:54:58 +0100] "GET / HTTP/1.1" 200 884 "-" "Mozilla/5.0 (compatible; MJ12bot/v1.4.7; http://mj12bot.com/)"
51.255.51.249 - - [26/Dec/2016:15:55:47 +0100] "GET / HTTP/1.1" 200 884 "-" "Mozilla/5.0 (compatible; MJ12bot/v1.4.7; http://mj12bot.com/)"
157.55.39.164 - - [26/Dec/2016:17:30:49 +0100] "GET /aktualis_elemei/katonai.html HTTP/1.1" 200 22109 "-" "Mozilla/5.0 (iPhone; CPU iPhone OS 7_0 like Mac OS X) AppleWebKit/537.51.1 (KHTML, like Gecko) Version/7.0 Mobile/11A465 Safari/9537.53 (compatible; bingbot/2.0; +http://www.bing.com/bingbot.htm)"
207.46.13.9 - - [26/Dec/2016:17:31:00 +0100] "GET /robots.txt HTTP/1.1" 404 1181 "-" "Mozilla/5.0 (compatible; bingbot/2.0; +http://www.bing.com/bingbot.htm)"
207.46.13.9 - - [26/Dec/2016:17:31:00 +0100] "GET /robots.txt HTTP/1.1" 404 1181 "-" "Mozilla/5.0 (compatible; bingbot/2.0; +http://www.bing.com/bingbot.htm)"
134.249.159.113 - - [26/Dec/2016:17:31:00 +0100] "GET / HTTP/1.1" 200 884 "-" "Mozilla/5.0 (Windows NT 6.0) AppleWebKit/537.36 (KHTML, like Gecko) Chrome/34.0.1847.116 Safari/537.36"
207.46.13.6 - - [26/Dec/2016:17:31:11 +0100] "GET /aktualis_elemei/katonai_elemei/image001.jpg HTTP/1.1" 200 35821 "-" "Mozilla/5.0 (iPhone; CPU iPhone OS 7_0 like Mac OS X) AppleWebKit/537.51.1 (KHTML, like Gecko) Version/7.0 Mobile/11A465 Safari/9537.53 (compatible; bingbot/2.0; +http://www.bing.com/bingbot.htm)"
89.147.92.108 - - [26/Dec/2016:18:37:22 +0100] "GET /aktualis_elemei/bio2szulinap_elemei/image108.jpg HTTP/1.1" 200 9238 "https://www.google.hu/" "Mozilla/5.0 (Windows NT 6.1; Win64; x64) AppleWebKit/537.36 (KHTML, like Gecko) Chrome/55.0.2883.87 Safari/537.36"
178.137.18.127 - - [26/Dec/2016:19:00:58 +0100] "GET / HTTP/1.1" 200 884 "http://exonline.info/" "Mozilla/4.0 (compatible; MSIE 6.0; Windows NT 5.0; T312461)"
46.119.116.116 - - [26/Dec/2016:19:34:36 +0100] "GET / HTTP/1.1" 200 884 "http://onlainbesplatno.ru/" "Mozilla/4.0 (compatible; MSIE 6.0; Windows NT 5.1; SV1; .NET CLR 1.1.4322) Babya Discoverer 8.0:"
46.119.116.116 - - [26/Dec/2016:19:34:39 +0100] "GET / HTTP/1.1" 200 884 "http://onlainbesplatno.ru/" "Mozilla/4.0 (compatible; MSIE 6.0; Windows NT 5.1; SV1; .NET CLR 1.1.4322) Babya Discoverer 8.0:"
217.144.60.247 - - [26/Dec/2016:19:36:27 +0100] "GET /aktualis_elemei/bio2szulinap_elemei/image078.jpg HTTP/1.1" 200 7760 "https://www.google.hu/" "Mozilla/5.0 (Windows NT 6.3; WOW64) AppleWebKit/537.36 (KHTML, like Gecko) Chrome/55.0.2883.87 Safari/537.36"
217.144.60.247 - - [26/Dec/2016:19:36:27 +0100] "GET /aktualis_elemei/bio2szulinap_elemei/image094.jpg HTTP/1.1" 200 7635 "https://www.google.hu/" "Mozilla/5.0 (Windows NT 6.3; WOW64) AppleWebKit/537.36 (KHTML, like Gecko) Chrome/55.0.2883.87 Safari/537.36"
217.144.60.247 - - [26/Dec/2016:19:36:37 +0100] "GET /aktualis_elemei/bio2szulinap_elemei/image090.jpg HTTP/1.1" 200 7132 "https://www.google.hu/" "Mozilla/5.0 (Windows NT 6.3; WOW64) AppleWebKit/537.36 (KHTML, like Gecko) Chrome/55.0.2883.87 Safari/537.36"
217.144.60.247 - - [26/Dec/2016:19:36:43 +0100] "GET /aktualis_elemei/bio2szulinap_elemei/image092.jpg HTTP/1.1" 200 7352 "https://www.google.hu/" "Mozilla/5.0 (Windows NT 6.3; WOW64) AppleWebKit/537.36 (KHTML, like Gecko) Chrome/55.0.2883.87 Safari/537.36"
217.144.60.247 - - [26/Dec/2016:19:36:45 +0100] "GET /aktualis_elemei/bio2szulinap_elemei/image096.jpg HTTP/1.1" 200 8771 "https://www.google.hu/" "Mozilla/5.0 (Windows NT 6.3; WOW64) AppleWebKit/537.36 (KHTML, like Gecko) Chrome/55.0.2883.87 Safari/537.36"
217.144.60.247 - - [26/Dec/2016:19:36:45 +0100] "GET /aktualis_elemei/bio2szulinap_elemei/image086.jpg HTTP/1.1" 200 7670 "https://www.google.hu/" "Mozilla/5.0 (Windows NT 6.3; WOW64) AppleWebKit/537.36 (KHTML, like Gecko) Chrome/55.0.2883.87 Safari/537.36"
217.144.60.247 - - [26/Dec/2016:19:53:26 +0100] "GET /aktualis_elemei/bio2szulinap_elemei/image090.jpg HTTP/1.1" 200 7132 "https://www.google.hu/" "Mozilla/5.0 (Windows NT 6.3; WOW64) AppleWebKit/537.36 (KHTML, like Gecko) Chrome/55.0.2883.87 Safari/537.36"
217.144.60.247 - - [26/Dec/2016:19:53:26 +0100] "GET /aktualis_elemei/bio2szulinap_elemei/image086.jpg HTTP/1.1" 200 7670 "https://www.google.hu/" "Mozilla/5.0 (Windows NT 6.3; WOW64) AppleWebKit/537.36 (KHTML, like Gecko) Chrome/55.0.2883.87 Safari/537.36"
81.183.89.7 - - [26/Dec/2016:20:25:42 +0100] "GET /aktualis_elemei/bio2szulinap_elemei/image138.jpg HTTP/1.1" 200 9822 "-" "Mozilla/5.0 (Linux; Android 4.4.2; Access_D746I Build/KOT49H) AppleWebKit/537.36 (KHTML, like Gecko) Version/4.0 Chrome/30.0.0.0 Safari/537.36 GSA/6.9.36.16.arm"
81.183.89.7 - - [26/Dec/2016:20:26:08 +0100] "GET /aktualis_elemei/bio2szulinap_elemei/image134.jpg HTTP/1.1" 200 10678 "-" "Mozilla/5.0 (Linux; Android 4.4.2; Access_D746I Build/KOT49H) AppleWebKit/537.36 (KHTML, like Gecko) Version/4.0 Chrome/30.0.0.0 Safari/537.36 GSA/6.9.36.16.arm"
81.183.89.7 - - [26/Dec/2016:20:29:22 +0100] "GET /aktualis_elemei/bio2szulinap_elemei/image130.jpg HTTP/1.1" 200 7636 "-" "Mozilla/5.0 (Linux; Android 4.4.2; Access_D746I Build/KOT49H) AppleWebKit/537.36 (KHTML, like Gecko) Version/4.0 Chrome/30.0.0.0 Safari/537.36 GSA/6.9.36.16.arm"
207.46.13.92 - - [26/Dec/2016:22:45:27 +0100] "GET / HTTP/1.1" 200 884 "-" "Mozilla/5.0 (compatible; bingbot/2.0; +http://www.bing.com/bingbot.htm)"
104.131.85.15 - - [26/Dec/2016:23:12:17 +0100] "GET / HTTP/1.1" 200 884 "http://greenaction.hu" "Mozilla/5.0 (Windows NT 6.1; WOW64; rv:29.0) Gecko/20100101 Firefox/29.0"
104.131.85.15 - - [26/Dec/2016:23:12:26 +0100] "GET /robots.txt HTTP/1.1" 404 1181 "-" "Mozilla/5.0 (Windows NT 6.3; WOW64) AppleWebKit/537.36 (KHTML, like Gecko) Chrome/34.0.1847.131 Safari/537.36"
212.111.40.83 - - [26/Dec/2016:23:18:31 +0100] "HEAD / HTTP/1.0" 200 0 "-" "Drupal (+http://drupal.org/)"
212.111.40.83 - - [26/Dec/2016:23:18:31 +0100] "HEAD / HTTP/1.0" 200 0 "-" "Drupal (+http://drupal.org/)"
81.182.85.33 - - [26/Dec/2016:23:47:25 +0100] "GET /aktualis_elemei/katonai_elemei/image004.jpg HTTP/1.1" 200 56554 "-" "Mozilla/5.0 (Windows NT 6.1; WOW64; Trident/7.0; rv:11.0) like Gecko"
80.98.91.109 - - [27/Dec/2016:00:07:02 +0100] "GET /aktualis_elemei/katonai_elemei/image004.jpg HTTP/1.1" 200 56554 "https://www.google.hu/" "Mozilla/5.0 (Windows NT 6.1) AppleWebKit/537.36 (KHTML, like Gecko) Chrome/55.0.2883.87 Safari/537.36"
157.55.39.164 - - [27/Dec/2016:00:20:28 +0100] "GET /robots.txt HTTP/1.1" 404 1181 "-" "Mozilla/5.0 (compatible; bingbot/2.0; +http://www.bing.com/bingbot.htm)"
157.55.39.164 - - [27/Dec/2016:00:20:35 +0100] "GET /aktualis_elemei/bio2szulinap_elemei/image090.jpg HTTP/1.1" 200 7132 "-" "Mozilla/5.0 (compatible; bingbot/2.0; +http://www.bing.com/bingbot.htm)"
46.119.116.116 - - [27/Dec/2016:01:00:27 +0100] "GET / HTTP/1.1" 200 884 "http://musicstock.me/" "Mozilla/4.0 (compatible; MSIE 6.0; MSIE 5.5; Windows NT 4.0) Opera 7.0 [en]"
66.249.66.173 - - [27/Dec/2016:01:52:28 +0100] "GET /robots.txt HTTP/1.1" 404 1181 "-" "Mozilla/5.0 (compatible; Googlebot/2.1; +http://www.google.com/bot.html)"
66.249.66.173 - - [27/Dec/2016:01:52:28 +0100] "GET / HTTP/1.1" 200 884 "-" "Mozilla/5.0 (compatible; Googlebot/2.1; +http://www.google.com/bot.html)"
46.119.116.116 - - [27/Dec/2016:01:58:55 +0100] "GET / HTTP/1.1" 200 884 "http://recinziireale.com/" "Mozilla/4.7 (compatible; OffByOne; Windows 2000) Webster Pro V3.4"
66.249.66.206 - - [27/Dec/2016:02:01:20 +0100] "GET /robots.txt HTTP/1.1" 404 1181 "-" "Mozilla/5.0 (compatible; Googlebot/2.1; +http://www.google.com/bot.html)"
66.249.66.206 - - [27/Dec/2016:02:01:21 +0100] "GET / HTTP/1.1" 200 884 "-" "Mozilla/5.0 (Linux; Android 6.0.1; Nexus 5X Build/MMB29P) AppleWebKit/537.36 (KHTML, like Gecko) Chrome/41.0.2272.96 Mobile Safari/537.36 (compatible; Googlebot/2.1; +http://www.google.com/bot.html)"
199.193.251.133 - - [27/Dec/2016:02:37:10 +0100] "HEAD / HTTP/1.1" 200 0 "https://www.inboundlinks.win/InboundLinks/www.greenaction.hu" "Mozilla/5.0 (compatible; MSIE 9.0; Windows NT 6.1; WOW64; Trident/5.0)"
46.229.164.101 - - [27/Dec/2016:03:18:53 +0100] "GET /robots.txt HTTP/1.1" 404 1181 "-" "Mozilla/5.0 (compatible; SemrushBot/1.1~bl; +http://www.semrush.com/bot.html)"
195.154.181.168 - - [27/Dec/2016:03:46:49 +0100] "GET / HTTP/1.1" 200 884 "-" "Mozilla/5.0 (Windows NT 6.1; Trident/7.0; rv:11.0) like Gecko"
195.154.199.66 - - [27/Dec/2016:04:24:34 +0100] "GET /udd.php HTTP/1.0" 404 1181 "-" "Mozilla/5.0 (Windows NT 6.1) AppleWebKit/537.36 (KHTML, like Gecko) Chrome/41.0.2228.0 Safari/537.36"
195.154.199.66 - - [27/Dec/2016:04:24:37 +0100] "GET /udd.php HTTP/1.0" 404 1181 "-" "Mozilla/5.0 (Windows NT 6.1) AppleWebKit/537.36 (KHTML, like Gecko) Chrome/41.0.2228.0 Safari/537.36"
178.137.18.127 - - [27/Dec/2016:04:32:35 +0100] "GET / HTTP/1.1" 200 884 "http://productarium.com/" "Mozilla/4.0 (compatible; MSIE 5.5; Windows 98)"
178.137.18.127 - - [27/Dec/2016:04:32:36 +0100] "GET / HTTP/1.1" 200 884 "http://productarium.com/" "Mozilla/4.0 (compatible; MSIE 5.5; Windows 98)"
168.1.128.76 - - [27/Dec/2016:06:18:02 +0100] "GET / HTTP/1.1" 200 884 "-" "-"
66.249.66.173 - - [27/Dec/2016:08:35:33 +0100] "GET / HTTP/1.1" 200 884 "-" "Mozilla/5.0 (compatible; Googlebot/2.1; +http://www.google.com/bot.html)"
66.249.66.173 - - [27/Dec/2016:08:36:29 +0100] "GET / HTTP/1.1" 200 884 "-" "Mozilla/5.0 (Linux; Android 6.0.1; Nexus 5X Build/MMB29P) AppleWebKit/537.36 (KHTML, like Gecko) Chrome/41.0.2272.96 Mobile Safari/537.36 (compatible; Googlebot/2.1; +http://www.google.com/bot.html)"
66.249.66.176 - - [27/Dec/2016:09:29:00 +0100] "GET / HTTP/1.1" 200 884 "-" "Mozilla/5.0 (compatible; Googlebot/2.1; +http://www.google.com/bot.html)"
207.46.13.92 - - [27/Dec/2016:10:12:33 +0100] "GET / HTTP/1.1" 200 884 "-" "Mozilla/5.0 (compatible; bingbot/2.0; +http://www.bing.com/bingbot.htm)"
66.249.66.214 - - [27/Dec/2016:10:18:07 +0100] "GET / HTTP/1.1" 200 884 "-" "Mozilla/5.0 (compatible; Googlebot/2.1; +http://www.google.com/bot.html)"
77.75.76.162 - - [27/Dec/2016:10:26:31 +0100] "GET /robots.txt HTTP/1.1" 404 1181 "-" "Mozilla/5.0 (compatible; SeznamBot/3.2; +http://napoveda.seznam.cz/en/seznambot-intro/)"
77.75.76.162 - - [27/Dec/2016:10:26:47 +0100] "GET / HTTP/1.1" 304 - "-" "Mozilla/5.0 (compatible; SeznamBot/3.2; +http://napoveda.seznam.cz/en/seznambot-intro/)"
61.3.233.231 - - [27/Dec/2016:10:52:06 +0100] "GET /wp-login.php HTTP/1.1" 404 1181 "-" "Mozilla/5.0 (Windows NT 6.1; WOW64; rv:40.0) Gecko/20100101 Firefox/40.1"
61.3.233.231 - - [27/Dec/2016:10:52:08 +0100] "GET / HTTP/1.1" 200 884 "-" "Mozilla/5.0 (Windows NT 6.1; WOW64; rv:40.0) Gecko/20100101 Firefox/40.1"
178.137.18.127 - - [27/Dec/2016:11:28:00 +0100] "GET / HTTP/1.1" 200 884 "http://vipsiterip.org/" "Mozilla/4.0 (compatible; MSIE 6.0; Windows NT 5.0)"
178.137.18.127 - - [27/Dec/2016:11:28:01 +0100] "GET / HTTP/1.1" 200 884 "http://vipsiterip.org/" "Mozilla/4.0 (compatible; MSIE 6.0; Windows NT 5.0)"
178.137.18.127 - - [27/Dec/2016:11:28:02 +0100] "GET / HTTP/1.1" 200 884 "http://vipsiterip.org/" "Mozilla/4.0 (compatible; MSIE 6.0; Windows NT 5.0)"
81.22.187.223 - - [27/Dec/2016:11:32:05 +0100] "GET /favicon.ico HTTP/1.1" 404 1181 "-" "Mozilla/5.0 (Windows NT 6.1; WOW64; rv:38.0) Gecko/20100101 Firefox/38.0"
81.22.187.223 - - [27/Dec/2016:11:32:15 +0100] "GET /favicon.ico HTTP/1.1" 404 1181 "-" "Mozilla/5.0 (Windows NT 6.1; WOW64; rv:38.0) Gecko/20100101 Firefox/38.0"
66.249.66.179 - - [27/Dec/2016:12:03:42 +0100] "GET /aktualis_elemei/bio2szulinap.html HTTP/1.1" 200 71694 "-" "Mozilla/5.0 (compatible; Googlebot/2.1; +http://www.google.com/bot.html)"
207.46.13.9 - - [27/Dec/2016:12:16:57 +0100] "GET /kiadvany/delbukk.pdf HTTP/1.1" 200 1540585 "-" "Mozilla/5.0 (iPhone; CPU iPhone OS 7_0 like Mac OS X) AppleWebKit/537.51.1 (KHTML, like Gecko) Version/7.0 Mobile/11A465 Safari/9537.53 (compatible; bingbot/2.0; +http://www.bing.com/bingbot.htm)"
81.182.16.191 - - [27/Dec/2016:12:21:06 +0100] "GET /archiv_elemei/acitc.html HTTP/1.1" 200 13312 "https://www.google.hu/" "Mozilla/5.0 (Windows NT 6.1; WOW64) AppleWebKit/537.36 (KHTML, like Gecko) Chrome/55.0.2883.87 Safari/537.36"
81.182.16.191 - - [27/Dec/2016:12:21:06 +0100] "GET /archiv_elemei/acitc_elemei/image002.jpg HTTP/1.1" 200 7242 "http://www.greenaction.hu/archiv_elemei/acitc.html" "Mozilla/5.0 (Windows NT 6.1; WOW64) AppleWebKit/537.36 (KHTML, like Gecko) Chrome/55.0.2883.87 Safari/537.36"
81.182.16.191 - - [27/Dec/2016:12:21:06 +0100] "GET /archiv_elemei/acitc_elemei/image004.jpg HTTP/1.1" 200 5323 "http://www.greenaction.hu/archiv_elemei/acitc.html" "Mozilla/5.0 (Windows NT 6.1; WOW64) AppleWebKit/537.36 (KHTML, like Gecko) Chrome/55.0.2883.87 Safari/537.36"
81.182.16.191 - - [27/Dec/2016:12:21:06 +0100] "GET /favicon.ico HTTP/1.1" 404 1181 "http://www.greenaction.hu/archiv_elemei/acitc.html" "Mozilla/5.0 (Windows NT 6.1; WOW64) AppleWebKit/537.36 (KHTML, like Gecko) Chrome/55.0.2883.87 Safari/537.36"
86.110.225.246 - - [27/Dec/2016:12:31:20 +0100] "GET / HTTP/1.1" 206 884 "-" "Mozilla/5.0 (Windows NT 6.1) AppleWebKit/537.36 (KHTML, like Gecko) Chrome/41.0.2228.0 Safari/537.36"
66.249.66.214 - - [27/Dec/2016:13:36:33 +0100] "GET / HTTP/1.1" 200 884 "-" "Mozilla/5.0 (Linux; Android 6.0.1; Nexus 5X Build/MMB29P) AppleWebKit/537.36 (KHTML, like Gecko) Chrome/41.0.2272.96 Mobile Safari/537.36 (compatible; Googlebot/2.1; +http://www.google.com/bot.html)"
66.249.66.173 - - [27/Dec/2016:14:02:00 +0100] "GET /aktualis_elemei/bio2szulinap.html HTTP/1.1" 304 - "-" "Mozilla/5.0 (compatible; Googlebot/2.1; +http://www.google.com/bot.html)"
66.249.66.176 - - [27/Dec/2016:14:02:00 +0100] "GET /robots.txt HTTP/1.1" 404 1181 "-" "Mozilla/5.0 (compatible; Googlebot/2.1; +http://www.google.com/bot.html)"
157.55.39.164 - - [27/Dec/2016:14:45:09 +0100] "GET /kiadvany/miskolchvte.pdf HTTP/1.1" 200 4059249 "-" "Mozilla/5.0 (iPhone; CPU iPhone OS 7_0 like Mac OS X) AppleWebKit/537.51.1 (KHTML, like Gecko) Version/7.0 Mobile/11A465 Safari/9537.53 (compatible; bingbot/2.0; +http://www.bing.com/bingbot.htm)"
157.55.39.164 - - [27/Dec/2016:14:45:15 +0100] "GET /robots.txt HTTP/1.1" 404 1181 "-" "Mozilla/5.0 (compatible; bingbot/2.0; +http://www.bing.com/bingbot.htm)"
157.55.39.164 - - [27/Dec/2016:14:45:16 +0100] "GET /robots.txt HTTP/1.1" 404 1181 "-" "Mozilla/5.0 (compatible; bingbot/2.0; +http://www.bing.com/bingbot.htm)"
207.46.13.9 - - [27/Dec/2016:14:45:23 +0100] "GET /robots.txt HTTP/1.1" 404 1181 "-" "Mozilla/5.0 (compatible; bingbot/2.0; +http://www.bing.com/bingbot.htm)"
108.59.8.70 - - [27/Dec/2016:14:46:01 +0100] "GET /robots.txt HTTP/1.1" 404 1181 "-" "Mozilla/5.0 (compatible; MJ12bot/v1.4.7; http://mj12bot.com/)"
108.59.8.70 - - [27/Dec/2016:14:46:11 +0100] "GET / HTTP/1.1" 200 884 "-" "Mozilla/5.0 (compatible; MJ12bot/v1.4.7; http://mj12bot.com/)"
192.157.254.197 - - [27/Dec/2016:15:13:45 +0100] "HEAD / HTTP/1.1" 200 0 "https://www.inboundlinks.win/InboundLinks/www.greenaction.hu" "Mozilla/5.0 (compatible; MSIE 9.0; Windows NT 6.1; WOW64; Trident/5.0)"
66.249.66.179 - - [27/Dec/2016:15:19:36 +0100] "GET / HTTP/1.1" 200 884 "-" "Mozilla/5.0 (Linux; Android 6.0.1; Nexus 5X Build/MMB29P) AppleWebKit/537.36 (KHTML, like Gecko) Chrome/41.0.2272.96 Mobile Safari/537.36 (compatible; Googlebot/2.1; +http://www.google.com/bot.html)"
157.55.39.164 - - [27/Dec/2016:15:22:15 +0100] "GET /kiadvany/miskolchvte.pdf HTTP/1.1" 200 4059249 "-" "Mozilla/5.0 (iPhone; CPU iPhone OS 7_0 like Mac OS X) AppleWebKit/537.51.1 (KHTML, like Gecko) Version/7.0 Mobile/11A465 Safari/9537.53 (compatible; bingbot/2.0; +http://www.bing.com/bingbot.htm)"
207.46.13.9 - - [27/Dec/2016:15:22:39 +0100] "GET /robots.txt HTTP/1.1" 404 1181 "-" "Mozilla/5.0 (compatible; bingbot/2.0; +http://www.bing.com/bingbot.htm)"
