66.249.64.83 - - [14/Feb/2017:00:17:19 +0100] "GET / HTTP/1.1" 200 884 "-" "Mozilla/5.0 (Linux; Android 6.0.1; Nexus 5X Build/MMB29P) AppleWebKit/537.36 (KHTML, like Gecko) Chrome/41.0.2272.96 Mobile Safari/537.36 (compatible; Googlebot/2.1; +http://www.google.com/bot.html)"
54.172.241.121 - - [14/Feb/2017:00:37:39 +0100] "GET /robots.txt HTTP/1.1" 404 1181 "-" "ltx71 - (http://ltx71.com/)"
40.77.167.111 - - [14/Feb/2017:01:45:04 +0100] "GET /kiadvany/miabio.pdf HTTP/1.1" 200 10722370 "-" "Mozilla/5.0 (iPhone; CPU iPhone OS 7_0 like Mac OS X) AppleWebKit/537.51.1 (KHTML, like Gecko) Version/7.0 Mobile/11A465 Safari/9537.53 (compatible; bingbot/2.0; +http://www.bing.com/bingbot.htm)"
180.76.15.30 - - [14/Feb/2017:01:46:05 +0100] "GET /kiadvany/miskolchvte.pdf HTTP/1.1" 200 589824 "-" "Mozilla/5.0 (compatible; Baiduspider/2.0; +http://www.baidu.com/search/spider.html)"
157.55.39.238 - - [14/Feb/2017:02:44:42 +0100] "GET /aktualis_elemei/katonai.html HTTP/1.1" 200 22109 "-" "Mozilla/5.0 (iPhone; CPU iPhone OS 7_0 like Mac OS X) AppleWebKit/537.51.1 (KHTML, like Gecko) Version/7.0 Mobile/11A465 Safari/9537.53 (compatible; bingbot/2.0; +http://www.bing.com/bingbot.htm)"
40.77.167.111 - - [14/Feb/2017:02:44:58 +0100] "GET /aktualis_elemei/katonai_elemei/image001.jpg HTTP/1.1" 200 35821 "-" "Mozilla/5.0 (iPhone; CPU iPhone OS 7_0 like Mac OS X) AppleWebKit/537.51.1 (KHTML, like Gecko) Version/7.0 Mobile/11A465 Safari/9537.53 (compatible; bingbot/2.0; +http://www.bing.com/bingbot.htm)"
131.253.27.139 - - [14/Feb/2017:02:46:31 +0100] "GET /kiadvany/miabio.pdf HTTP/1.1" 200 67344 "-" "Mozilla/5.0 (iPhone; CPU iPhone OS 7_0 like Mac OS X) AppleWebKit/537.51.1 (KHTML, like Gecko) Version/7.0 Mobile/11A465 Safari/9537.53 BingPreview/1.0b"
37.115.191.243 - - [14/Feb/2017:03:15:33 +0100] "GET / HTTP/1.1" 200 884 "http://guod.me/" "Opera/7.11 (Windows NT 5.1; U) [en]"
37.115.191.243 - - [14/Feb/2017:03:15:34 +0100] "GET / HTTP/1.1" 200 884 "http://guod.me/" "Opera/7.11 (Windows NT 5.1; U) [en]"
37.115.191.243 - - [14/Feb/2017:03:15:34 +0100] "GET / HTTP/1.1" 200 884 "http://guod.me/" "Opera/7.11 (Windows NT 5.1; U) [en]"
46.211.196.121 - - [14/Feb/2017:03:18:29 +0100] "GET / HTTP/1.1" 200 884 "http://xn--d1abj0abs9d.in.ua/" "Mozilla/4.0 (compatible; MSIE 6.0; Windows XP)"
46.211.196.121 - - [14/Feb/2017:03:18:29 +0100] "GET / HTTP/1.1" 200 884 "http://xn--d1abj0abs9d.in.ua/" "Mozilla/4.0 (compatible; MSIE 6.0; Windows XP)"
46.211.196.121 - - [14/Feb/2017:03:18:30 +0100] "GET / HTTP/1.1" 200 884 "http://xn--d1abj0abs9d.in.ua/" "Mozilla/4.0 (compatible; MSIE 6.0; Windows XP)"
46.229.164.100 - - [14/Feb/2017:03:28:43 +0100] "GET /robots.txt HTTP/1.1" 404 1181 "-" "Mozilla/5.0 (compatible; SemrushBot/1.2~bl; +http://www.semrush.com/bot.html)"
192.157.254.197 - - [14/Feb/2017:03:53:34 +0100] "HEAD / HTTP/1.1" 200 0 "https://www.inboundlinks.win/InboundLinks/www.greenaction.hu" "Mozilla/5.0 (compatible; MSIE 9.0; Windows NT 6.1; WOW64; Trident/5.0)"
66.249.64.49 - - [14/Feb/2017:04:55:29 +0100] "GET / HTTP/1.1" 200 884 "-" "Mozilla/5.0 (Linux; Android 6.0.1; Nexus 5X Build/MMB29P) AppleWebKit/537.36 (KHTML, like Gecko) Chrome/41.0.2272.96 Mobile Safari/537.36 (compatible; Googlebot/2.1; +http://www.google.com/bot.html)"
40.77.167.111 - - [14/Feb/2017:05:12:35 +0100] "GET /aktualis_elemei/bparak0908.html HTTP/1.1" 200 63132 "-" "Mozilla/5.0 (iPhone; CPU iPhone OS 7_0 like Mac OS X) AppleWebKit/537.51.1 (KHTML, like Gecko) Version/7.0 Mobile/11A465 Safari/9537.53 (compatible; bingbot/2.0; +http://www.bing.com/bingbot.htm)"
157.55.39.247 - - [14/Feb/2017:05:14:32 +0100] "GET /robots.txt HTTP/1.1" 404 1181 "-" "Mozilla/5.0 (compatible; bingbot/2.0; +http://www.bing.com/bingbot.htm)"
46.229.164.102 - - [14/Feb/2017:06:16:44 +0100] "GET /robots.txt HTTP/1.1" 404 1181 "-" "Mozilla/5.0 (compatible; SemrushBot/1.2~bl; +http://www.semrush.com/bot.html)"
157.55.39.194 - - [14/Feb/2017:07:35:52 +0100] "GET / HTTP/1.1" 200 884 "-" "Mozilla/5.0 (compatible; bingbot/2.0; +http://www.bing.com/bingbot.htm)"
66.249.64.87 - - [14/Feb/2017:07:37:39 +0100] "GET /robots.txt HTTP/1.1" 404 1181 "-" "Mozilla/5.0 (compatible; Googlebot/2.1; +http://www.google.com/bot.html)"
66.249.64.78 - - [14/Feb/2017:07:37:39 +0100] "GET / HTTP/1.1" 200 884 "-" "Mozilla/5.0 (compatible; Googlebot/2.1; +http://www.google.com/bot.html)"
46.119.118.59 - - [14/Feb/2017:07:53:44 +0100] "GET / HTTP/1.1" 200 884 "http://wsgames.ru/" "Mozilla/1.22 (compatible; MSIE 2.0d; Windows NT)"
196.52.43.52 - - [14/Feb/2017:08:38:08 +0100] "GET / HTTP/1.1" 200 884 "-" "-"
84.206.48.250 - - [14/Feb/2017:08:51:57 +0100] "GET / HTTP/1.1" 200 884 "-" "Mozilla/5.0 (Windows NT 6.1) AppleWebKit/537.36 (KHTML, like Gecko) Chrome/56.0.2924.87 Safari/537.36"
84.206.48.250 - - [14/Feb/2017:08:51:57 +0100] "GET /pattern.jpg HTTP/1.1" 200 13798 "http://www.greenaction.hu/" "Mozilla/5.0 (Windows NT 6.1) AppleWebKit/537.36 (KHTML, like Gecko) Chrome/56.0.2924.87 Safari/537.36"
84.206.48.250 - - [14/Feb/2017:08:52:00 +0100] "GET /favicon.ico HTTP/1.1" 404 1181 "http://www.greenaction.hu/" "Mozilla/5.0 (Windows NT 6.1) AppleWebKit/537.36 (KHTML, like Gecko) Chrome/56.0.2924.87 Safari/537.36"
84.206.48.250 - - [14/Feb/2017:08:52:00 +0100] "GET /zoldakcio.swf HTTP/1.1" 200 840351 "http://www.greenaction.hu/" "Mozilla/5.0 (Windows NT 6.1) AppleWebKit/537.36 (KHTML, like Gecko) Chrome/56.0.2924.87 Safari/537.36"
84.206.48.250 - - [14/Feb/2017:08:52:00 +0100] "GET /hirek/hirek.txt HTTP/1.1" 200 96857 "http://www.greenaction.hu/" "Mozilla/5.0 (Windows NT 6.1) AppleWebKit/537.36 (KHTML, like Gecko) Chrome/56.0.2924.87 Safari/537.36"
84.206.48.250 - - [14/Feb/2017:08:52:00 +0100] "GET /banner/norway.jpg HTTP/1.1" 200 3191 "http://www.greenaction.hu/" "Mozilla/5.0 (Windows NT 6.1) AppleWebKit/537.36 (KHTML, like Gecko) Chrome/56.0.2924.87 Safari/537.36"
84.206.48.250 - - [14/Feb/2017:08:52:00 +0100] "GET /esemenynaptar/SparkEventsCalendar_loadVars.txt HTTP/1.1" 200 72712 "http://www.greenaction.hu/" "Mozilla/5.0 (Windows NT 6.1) AppleWebKit/537.36 (KHTML, like Gecko) Chrome/56.0.2924.87 Safari/537.36"
84.206.48.250 - - [14/Feb/2017:08:52:01 +0100] "GET /hirek/biomassza_forum.jpg HTTP/1.1" 200 6616 "http://www.greenaction.hu/" "Mozilla/5.0 (Windows NT 6.1) AppleWebKit/537.36 (KHTML, like Gecko) Chrome/56.0.2924.87 Safari/537.36"
84.206.48.250 - - [14/Feb/2017:08:52:01 +0100] "GET /hirek/helyivedett.jpg HTTP/1.1" 404 1181 "http://www.greenaction.hu/" "Mozilla/5.0 (Windows NT 6.1) AppleWebKit/537.36 (KHTML, like Gecko) Chrome/56.0.2924.87 Safari/537.36"
84.206.48.250 - - [14/Feb/2017:08:52:01 +0100] "GET /hirek/kocsonyabeka.jpg HTTP/1.1" 200 4334 "http://www.greenaction.hu/" "Mozilla/5.0 (Windows NT 6.1) AppleWebKit/537.36 (KHTML, like Gecko) Chrome/56.0.2924.87 Safari/537.36"
84.206.48.250 - - [14/Feb/2017:08:52:01 +0100] "GET /hirek/biomassza2.jpg HTTP/1.1" 404 1181 "http://www.greenaction.hu/" "Mozilla/5.0 (Windows NT 6.1) AppleWebKit/537.36 (KHTML, like Gecko) Chrome/56.0.2924.87 Safari/537.36"
84.206.48.250 - - [14/Feb/2017:08:52:01 +0100] "GET /hirek/programindito.jpg HTTP/1.1" 200 6594 "http://www.greenaction.hu/" "Mozilla/5.0 (Windows NT 6.1) AppleWebKit/537.36 (KHTML, like Gecko) Chrome/56.0.2924.87 Safari/537.36"
84.206.48.250 - - [14/Feb/2017:08:52:01 +0100] "GET /hirek/beno.jpg HTTP/1.1" 200 2623 "http://www.greenaction.hu/" "Mozilla/5.0 (Windows NT 6.1) AppleWebKit/537.36 (KHTML, like Gecko) Chrome/56.0.2924.87 Safari/537.36"
84.206.48.250 - - [14/Feb/2017:08:52:01 +0100] "GET /hirek/foldnap2010.jpg HTTP/1.1" 200 7191 "http://www.greenaction.hu/" "Mozilla/5.0 (Windows NT 6.1) AppleWebKit/537.36 (KHTML, like Gecko) Chrome/56.0.2924.87 Safari/537.36"
84.206.48.250 - - [14/Feb/2017:08:52:01 +0100] "GET /hirek/foldnapja.jpg HTTP/1.1" 200 4081 "http://www.greenaction.hu/" "Mozilla/5.0 (Windows NT 6.1) AppleWebKit/537.36 (KHTML, like Gecko) Chrome/56.0.2924.87 Safari/537.36"
84.206.48.250 - - [14/Feb/2017:08:52:01 +0100] "GET /hirek/gmokrumpli.jpg HTTP/1.1" 200 9110 "http://www.greenaction.hu/" "Mozilla/5.0 (Windows NT 6.1) AppleWebKit/537.36 (KHTML, like Gecko) Chrome/56.0.2924.87 Safari/537.36"
84.206.48.250 - - [14/Feb/2017:08:52:01 +0100] "GET /hirek/gmoevo.jpg HTTP/1.1" 200 2951 "http://www.greenaction.hu/" "Mozilla/5.0 (Windows NT 6.1) AppleWebKit/537.36 (KHTML, like Gecko) Chrome/56.0.2924.87 Safari/537.36"
84.206.48.250 - - [14/Feb/2017:08:52:01 +0100] "GET /hirek/nullahullakovesd%20011.jpg HTTP/1.1" 200 8674 "http://www.greenaction.hu/" "Mozilla/5.0 (Windows NT 6.1) AppleWebKit/537.36 (KHTML, like Gecko) Chrome/56.0.2924.87 Safari/537.36"
84.206.48.250 - - [14/Feb/2017:08:52:01 +0100] "GET /hirek/gmofree.gif HTTP/1.1" 404 1181 "http://www.greenaction.hu/" "Mozilla/5.0 (Windows NT 6.1) AppleWebKit/537.36 (KHTML, like Gecko) Chrome/56.0.2924.87 Safari/537.36"
84.206.48.250 - - [14/Feb/2017:08:52:01 +0100] "GET /hirek/torta.jpg HTTP/1.1" 404 1181 "http://www.greenaction.hu/" "Mozilla/5.0 (Windows NT 6.1) AppleWebKit/537.36 (KHTML, like Gecko) Chrome/56.0.2924.87 Safari/537.36"
84.206.48.250 - - [14/Feb/2017:08:52:01 +0100] "GET /hirek/paprika.jpg HTTP/1.1" 404 1181 "http://www.greenaction.hu/" "Mozilla/5.0 (Windows NT 6.1) AppleWebKit/537.36 (KHTML, like Gecko) Chrome/56.0.2924.87 Safari/537.36"
84.206.48.250 - - [14/Feb/2017:08:52:01 +0100] "GET /hirek/abauji.jpg HTTP/1.1" 200 21716 "http://www.greenaction.hu/" "Mozilla/5.0 (Windows NT 6.1) AppleWebKit/537.36 (KHTML, like Gecko) Chrome/56.0.2924.87 Safari/537.36"
84.206.48.250 - - [14/Feb/2017:08:52:01 +0100] "GET /hirek/benzinpisztoly.jpg HTTP/1.1" 200 2317 "http://www.greenaction.hu/" "Mozilla/5.0 (Windows NT 6.1) AppleWebKit/537.36 (KHTML, like Gecko) Chrome/56.0.2924.87 Safari/537.36"
84.206.48.250 - - [14/Feb/2017:08:52:01 +0100] "GET /hirek/marhafej.jpg HTTP/1.1" 200 3545 "http://www.greenaction.hu/" "Mozilla/5.0 (Windows NT 6.1) AppleWebKit/537.36 (KHTML, like Gecko) Chrome/56.0.2924.87 Safari/537.36"
84.206.48.250 - - [14/Feb/2017:08:52:01 +0100] "GET /hirek/zoldseg.jpg HTTP/1.1" 404 1181 "http://www.greenaction.hu/" "Mozilla/5.0 (Windows NT 6.1) AppleWebKit/537.36 (KHTML, like Gecko) Chrome/56.0.2924.87 Safari/537.36"
84.206.48.250 - - [14/Feb/2017:08:52:01 +0100] "GET /hirek/citrom.jpg HTTP/1.1" 200 11781 "http://www.greenaction.hu/" "Mozilla/5.0 (Windows NT 6.1) AppleWebKit/537.36 (KHTML, like Gecko) Chrome/56.0.2924.87 Safari/537.36"
84.206.48.250 - - [14/Feb/2017:08:52:01 +0100] "GET /hirek/naposoldal.jpg HTTP/1.1" 200 10106 "http://www.greenaction.hu/" "Mozilla/5.0 (Windows NT 6.1) AppleWebKit/537.36 (KHTML, like Gecko) Chrome/56.0.2924.87 Safari/537.36"
84.206.48.250 - - [14/Feb/2017:08:52:01 +0100] "GET /hirek/adventikoszoru.jpg HTTP/1.1" 200 5581 "http://www.greenaction.hu/" "Mozilla/5.0 (Windows NT 6.1) AppleWebKit/537.36 (KHTML, like Gecko) Chrome/56.0.2924.87 Safari/537.36"
84.206.48.250 - - [14/Feb/2017:08:52:01 +0100] "GET /hirek/encsgyumi.jpg HTTP/1.1" 200 13077 "http://www.greenaction.hu/" "Mozilla/5.0 (Windows NT 6.1) AppleWebKit/537.36 (KHTML, like Gecko) Chrome/56.0.2924.87 Safari/537.36"
84.206.48.250 - - [14/Feb/2017:08:52:01 +0100] "GET /hirek/gyurgyalag.jpg HTTP/1.1" 200 2435 "http://www.greenaction.hu/" "Mozilla/5.0 (Windows NT 6.1) AppleWebKit/537.36 (KHTML, like Gecko) Chrome/56.0.2924.87 Safari/537.36"
84.206.48.250 - - [14/Feb/2017:08:52:01 +0100] "GET /hirek/encs.jpg HTTP/1.1" 200 12831 "http://www.greenaction.hu/" "Mozilla/5.0 (Windows NT 6.1) AppleWebKit/537.36 (KHTML, like Gecko) Chrome/56.0.2924.87 Safari/537.36"
84.206.48.250 - - [14/Feb/2017:08:52:01 +0100] "GET /hirek/terelo.jpg HTTP/1.1" 200 10975 "http://www.greenaction.hu/" "Mozilla/5.0 (Windows NT 6.1) AppleWebKit/537.36 (KHTML, like Gecko) Chrome/56.0.2924.87 Safari/537.36"
84.206.48.250 - - [14/Feb/2017:08:52:01 +0100] "GET /hirek/varboibekak2011.jpg HTTP/1.1" 200 9200 "http://www.greenaction.hu/" "Mozilla/5.0 (Windows NT 6.1) AppleWebKit/537.36 (KHTML, like Gecko) Chrome/56.0.2924.87 Safari/537.36"
84.206.48.250 - - [14/Feb/2017:08:52:01 +0100] "GET /hirek/mctermeloipiac.jpg HTTP/1.1" 200 3752 "http://www.greenaction.hu/" "Mozilla/5.0 (Windows NT 6.1) AppleWebKit/537.36 (KHTML, like Gecko) Chrome/56.0.2924.87 Safari/537.36"
84.206.48.250 - - [14/Feb/2017:08:52:01 +0100] "GET /hirek/viz.jpg HTTP/1.1" 200 2622 "http://www.greenaction.hu/" "Mozilla/5.0 (Windows NT 6.1) AppleWebKit/537.36 (KHTML, like Gecko) Chrome/56.0.2924.87 Safari/537.36"
84.206.48.250 - - [14/Feb/2017:08:52:01 +0100] "GET /hirek/1%20szazalek.jpg HTTP/1.1" 200 16636 "http://www.greenaction.hu/" "Mozilla/5.0 (Windows NT 6.1) AppleWebKit/537.36 (KHTML, like Gecko) Chrome/56.0.2924.87 Safari/537.36"
84.206.48.250 - - [14/Feb/2017:08:52:01 +0100] "GET /hirek/bioszulinap2011.jpg HTTP/1.1" 200 17649 "http://www.greenaction.hu/" "Mozilla/5.0 (Windows NT 6.1) AppleWebKit/537.36 (KHTML, like Gecko) Chrome/56.0.2924.87 Safari/537.36"
84.206.48.250 - - [14/Feb/2017:08:53:43 +0100] "GET /kiadvanyok/kiadvanyok.txt HTTP/1.1" 200 3316 "http://www.greenaction.hu/" "Mozilla/5.0 (Windows NT 6.1) AppleWebKit/537.36 (KHTML, like Gecko) Chrome/56.0.2924.87 Safari/537.36"
84.206.48.250 - - [14/Feb/2017:08:53:43 +0100] "GET /kiadvanyok/x HTTP/1.1" 404 1181 "http://www.greenaction.hu/" "Mozilla/5.0 (Windows NT 6.1) AppleWebKit/537.36 (KHTML, like Gecko) Chrome/56.0.2924.87 Safari/537.36"
84.206.48.250 - - [14/Feb/2017:08:53:43 +0100] "GET /kiadvanyok/x HTTP/1.1" 404 1181 "http://www.greenaction.hu/" "Mozilla/5.0 (Windows NT 6.1) AppleWebKit/537.36 (KHTML, like Gecko) Chrome/56.0.2924.87 Safari/537.36"
84.206.48.250 - - [14/Feb/2017:08:53:43 +0100] "GET /kiadvanyok/x HTTP/1.1" 404 1181 "http://www.greenaction.hu/" "Mozilla/5.0 (Windows NT 6.1) AppleWebKit/537.36 (KHTML, like Gecko) Chrome/56.0.2924.87 Safari/537.36"
84.206.48.250 - - [14/Feb/2017:08:53:43 +0100] "GET /kiadvanyok/x HTTP/1.1" 404 1181 "http://www.greenaction.hu/" "Mozilla/5.0 (Windows NT 6.1) AppleWebKit/537.36 (KHTML, like Gecko) Chrome/56.0.2924.87 Safari/537.36"
84.206.48.250 - - [14/Feb/2017:08:53:43 +0100] "GET /kiadvanyok/x HTTP/1.1" 404 1181 "http://www.greenaction.hu/" "Mozilla/5.0 (Windows NT 6.1) AppleWebKit/537.36 (KHTML, like Gecko) Chrome/56.0.2924.87 Safari/537.36"
84.206.48.250 - - [14/Feb/2017:08:53:43 +0100] "GET /kiadvanyok/x HTTP/1.1" 404 1181 "http://www.greenaction.hu/" "Mozilla/5.0 (Windows NT 6.1) AppleWebKit/537.36 (KHTML, like Gecko) Chrome/56.0.2924.87 Safari/537.36"
84.206.48.250 - - [14/Feb/2017:08:53:43 +0100] "GET /kiadvanyok/x HTTP/1.1" 404 1181 "http://www.greenaction.hu/" "Mozilla/5.0 (Windows NT 6.1) AppleWebKit/537.36 (KHTML, like Gecko) Chrome/56.0.2924.87 Safari/537.36"
84.206.48.250 - - [14/Feb/2017:08:53:43 +0100] "GET /kiadvanyok/x HTTP/1.1" 404 1181 "http://www.greenaction.hu/" "Mozilla/5.0 (Windows NT 6.1) AppleWebKit/537.36 (KHTML, like Gecko) Chrome/56.0.2924.87 Safari/537.36"
84.206.48.250 - - [14/Feb/2017:08:53:43 +0100] "GET /kiadvanyok/x HTTP/1.1" 404 1181 "http://www.greenaction.hu/" "Mozilla/5.0 (Windows NT 6.1) AppleWebKit/537.36 (KHTML, like Gecko) Chrome/56.0.2924.87 Safari/537.36"
84.206.48.250 - - [14/Feb/2017:08:53:43 +0100] "GET /kiadvanyok/x HTTP/1.1" 404 1181 "http://www.greenaction.hu/" "Mozilla/5.0 (Windows NT 6.1) AppleWebKit/537.36 (KHTML, like Gecko) Chrome/56.0.2924.87 Safari/537.36"
84.206.48.250 - - [14/Feb/2017:08:53:43 +0100] "GET /kiadvanyok/x HTTP/1.1" 404 1181 "http://www.greenaction.hu/" "Mozilla/5.0 (Windows NT 6.1) AppleWebKit/537.36 (KHTML, like Gecko) Chrome/56.0.2924.87 Safari/537.36"
84.206.48.250 - - [14/Feb/2017:08:53:43 +0100] "GET /kiadvanyok/kiadvany05.jpg HTTP/1.1" 200 11750 "http://www.greenaction.hu/" "Mozilla/5.0 (Windows NT 6.1) AppleWebKit/537.36 (KHTML, like Gecko) Chrome/56.0.2924.87 Safari/537.36"
84.206.48.250 - - [14/Feb/2017:08:53:43 +0100] "GET /kiadvanyok/kiadvany03.jpg HTTP/1.1" 200 5690 "http://www.greenaction.hu/" "Mozilla/5.0 (Windows NT 6.1) AppleWebKit/537.36 (KHTML, like Gecko) Chrome/56.0.2924.87 Safari/537.36"
84.206.48.250 - - [14/Feb/2017:08:53:43 +0100] "GET /kiadvanyok/kiadvany01.jpg HTTP/1.1" 200 10184 "http://www.greenaction.hu/" "Mozilla/5.0 (Windows NT 6.1) AppleWebKit/537.36 (KHTML, like Gecko) Chrome/56.0.2924.87 Safari/537.36"
84.206.48.250 - - [14/Feb/2017:08:53:43 +0100] "GET /kiadvanyok/kiadvany02.jpg HTTP/1.1" 200 11521 "http://www.greenaction.hu/" "Mozilla/5.0 (Windows NT 6.1) AppleWebKit/537.36 (KHTML, like Gecko) Chrome/56.0.2924.87 Safari/537.36"
84.206.48.250 - - [14/Feb/2017:08:53:43 +0100] "GET /kiadvanyok/kiadvany06.jpg HTTP/1.1" 200 8895 "http://www.greenaction.hu/" "Mozilla/5.0 (Windows NT 6.1) AppleWebKit/537.36 (KHTML, like Gecko) Chrome/56.0.2924.87 Safari/537.36"
84.206.48.250 - - [14/Feb/2017:08:53:43 +0100] "GET /kiadvanyok/kiadvany04.jpg HTTP/1.1" 200 4552 "http://www.greenaction.hu/" "Mozilla/5.0 (Windows NT 6.1) AppleWebKit/537.36 (KHTML, like Gecko) Chrome/56.0.2924.87 Safari/537.36"
84.206.48.250 - - [14/Feb/2017:08:55:38 +0100] "GET /hirek/helyivedett.jpg HTTP/1.1" 404 1181 "http://www.greenaction.hu/" "Mozilla/5.0 (Windows NT 6.1) AppleWebKit/537.36 (KHTML, like Gecko) Chrome/56.0.2924.87 Safari/537.36"
84.206.48.250 - - [14/Feb/2017:08:55:38 +0100] "GET /hirek/biomassza2.jpg HTTP/1.1" 404 1181 "http://www.greenaction.hu/" "Mozilla/5.0 (Windows NT 6.1) AppleWebKit/537.36 (KHTML, like Gecko) Chrome/56.0.2924.87 Safari/537.36"
84.206.48.250 - - [14/Feb/2017:08:55:38 +0100] "GET /hirek/gmofree.gif HTTP/1.1" 404 1181 "http://www.greenaction.hu/" "Mozilla/5.0 (Windows NT 6.1) AppleWebKit/537.36 (KHTML, like Gecko) Chrome/56.0.2924.87 Safari/537.36"
84.206.48.250 - - [14/Feb/2017:08:55:38 +0100] "GET /hirek/torta.jpg HTTP/1.1" 404 1181 "http://www.greenaction.hu/" "Mozilla/5.0 (Windows NT 6.1) AppleWebKit/537.36 (KHTML, like Gecko) Chrome/56.0.2924.87 Safari/537.36"
84.206.48.250 - - [14/Feb/2017:08:55:38 +0100] "GET /hirek/paprika.jpg HTTP/1.1" 404 1181 "http://www.greenaction.hu/" "Mozilla/5.0 (Windows NT 6.1) AppleWebKit/537.36 (KHTML, like Gecko) Chrome/56.0.2924.87 Safari/537.36"
84.206.48.250 - - [14/Feb/2017:08:55:38 +0100] "GET /hirek/zoldseg.jpg HTTP/1.1" 404 1181 "http://www.greenaction.hu/" "Mozilla/5.0 (Windows NT 6.1) AppleWebKit/537.36 (KHTML, like Gecko) Chrome/56.0.2924.87 Safari/537.36"
84.206.48.250 - - [14/Feb/2017:08:58:26 +0100] "GET /kapcsolat/kapcsolat.txt HTTP/1.1" 200 762 "http://www.greenaction.hu/" "Mozilla/5.0 (Windows NT 6.1) AppleWebKit/537.36 (KHTML, like Gecko) Chrome/56.0.2924.87 Safari/537.36"
84.206.48.250 - - [14/Feb/2017:08:58:26 +0100] "GET /kapcsolat/szaszrobi.jpg HTTP/1.1" 200 2159 "http://www.greenaction.hu/" "Mozilla/5.0 (Windows NT 6.1) AppleWebKit/537.36 (KHTML, like Gecko) Chrome/56.0.2924.87 Safari/537.36"
84.206.48.250 - - [14/Feb/2017:08:58:26 +0100] "GET /kapcsolat/somogyikriszta.jpg HTTP/1.1" 200 4519 "http://www.greenaction.hu/" "Mozilla/5.0 (Windows NT 6.1) AppleWebKit/537.36 (KHTML, like Gecko) Chrome/56.0.2924.87 Safari/537.36"
84.206.48.250 - - [14/Feb/2017:08:58:26 +0100] "GET /kapcsolat/demeterzoli.jpg HTTP/1.1" 200 3469 "http://www.greenaction.hu/" "Mozilla/5.0 (Windows NT 6.1) AppleWebKit/537.36 (KHTML, like Gecko) Chrome/56.0.2924.87 Safari/537.36"
84.206.48.250 - - [14/Feb/2017:08:58:26 +0100] "GET /kapcsolat/barati.jpg HTTP/1.1" 200 22724 "http://www.greenaction.hu/" "Mozilla/5.0 (Windows NT 6.1) AppleWebKit/537.36 (KHTML, like Gecko) Chrome/56.0.2924.87 Safari/537.36"
84.206.48.250 - - [14/Feb/2017:08:58:49 +0100] "GET /hirek/helyivedett.jpg HTTP/1.1" 404 1181 "http://www.greenaction.hu/" "Mozilla/5.0 (Windows NT 6.1) AppleWebKit/537.36 (KHTML, like Gecko) Chrome/56.0.2924.87 Safari/537.36"
84.206.48.250 - - [14/Feb/2017:08:58:49 +0100] "GET /hirek/biomassza2.jpg HTTP/1.1" 404 1181 "http://www.greenaction.hu/" "Mozilla/5.0 (Windows NT 6.1) AppleWebKit/537.36 (KHTML, like Gecko) Chrome/56.0.2924.87 Safari/537.36"
84.206.48.250 - - [14/Feb/2017:08:58:49 +0100] "GET /hirek/gmofree.gif HTTP/1.1" 404 1181 "http://www.greenaction.hu/" "Mozilla/5.0 (Windows NT 6.1) AppleWebKit/537.36 (KHTML, like Gecko) Chrome/56.0.2924.87 Safari/537.36"
84.206.48.250 - - [14/Feb/2017:08:58:49 +0100] "GET /hirek/torta.jpg HTTP/1.1" 404 1181 "http://www.greenaction.hu/" "Mozilla/5.0 (Windows NT 6.1) AppleWebKit/537.36 (KHTML, like Gecko) Chrome/56.0.2924.87 Safari/537.36"
84.206.48.250 - - [14/Feb/2017:08:58:49 +0100] "GET /hirek/zoldseg.jpg HTTP/1.1" 404 1181 "http://www.greenaction.hu/" "Mozilla/5.0 (Windows NT 6.1) AppleWebKit/537.36 (KHTML, like Gecko) Chrome/56.0.2924.87 Safari/537.36"
84.206.48.250 - - [14/Feb/2017:08:58:49 +0100] "GET /hirek/paprika.jpg HTTP/1.1" 404 1181 "http://www.greenaction.hu/" "Mozilla/5.0 (Windows NT 6.1) AppleWebKit/537.36 (KHTML, like Gecko) Chrome/56.0.2924.87 Safari/537.36"
144.76.30.236 - - [14/Feb/2017:08:59:59 +0100] "GET /robots.txt HTTP/1.1" 404 1181 "-" "Mozilla/5.0 (compatible; MJ12bot/v1.4.7; http://mj12bot.com/)"
144.76.30.236 - - [14/Feb/2017:09:00:01 +0100] "GET /aktualis_elemei/mszforum.html HTTP/1.1" 200 7326 "-" "Mozilla/5.0 (compatible; MJ12bot/v1.4.7; http://mj12bot.com/)"
144.76.30.236 - - [14/Feb/2017:09:00:01 +0100] "GET /robots.txt HTTP/1.1" 404 1181 "-" "Mozilla/5.0 (compatible; MJ12bot/v1.4.7; http://mj12bot.com/)"
144.76.30.236 - - [14/Feb/2017:09:00:03 +0100] "GET /archiv_elemei/zsarnaitc.html HTTP/1.1" 200 14522 "-" "Mozilla/5.0 (compatible; MJ12bot/v1.4.7; http://mj12bot.com/)"
104.131.147.112 - - [14/Feb/2017:09:00:22 +0100] "GET / HTTP/1.1" 200 884 "-" "Mozilla/5.0 (compatible; Gluten Free Crawler/1.0; +http://glutenfreepleasure.com/)"
37.115.191.243 - - [14/Feb/2017:09:22:19 +0100] "GET / HTTP/1.1" 200 884 "http://meduza-consult.ru/" "Mozilla/1.22 (compatible; MSIE 2.0d; Windows NT)"
37.115.191.243 - - [14/Feb/2017:09:22:20 +0100] "GET / HTTP/1.1" 200 884 "http://meduza-consult.ru/" "Mozilla/1.22 (compatible; MSIE 2.0d; Windows NT)"
138.197.111.27 - - [14/Feb/2017:09:28:02 +0100] "GET / HTTP/1.1" 200 884 "-" "Mozilla/5.0 (Windows NT 6.1; WOW64) AppleWebKit/537.36 (KHTML, like Gecko) Chrome/34.0.1847.131 Safari/537.36"
77.111.90.197 - - [14/Feb/2017:09:35:07 +0100] "GET /archiv_elemei/acitc.html HTTP/1.1" 200 13312 "-" "Mozilla/5.0 (Windows NT 6.1; WOW64) AppleWebKit/537.36 (KHTML, like Gecko) Chrome/46.0.2490.71 Safari/537.36"
77.111.90.197 - - [14/Feb/2017:09:35:07 +0100] "GET /archiv_elemei/acitc.html HTTP/1.0" 200 13312 "-" "-"
130.193.51.56 - - [14/Feb/2017:09:39:03 +0100] "GET /robots.txt HTTP/1.1" 404 1181 "-" "Mozilla/5.0 (compatible; YandexBot/3.0; +http://yandex.com/bots)"
93.158.152.25 - - [14/Feb/2017:09:39:03 +0100] "GET /robots.txt HTTP/1.1" 404 1181 "-" "Mozilla/5.0 (compatible; YandexBot/3.0; +http://yandex.com/bots)"
130.193.51.56 - - [14/Feb/2017:09:39:07 +0100] "GET / HTTP/1.1" 200 884 "-" "Mozilla/5.0 (compatible; YandexBot/3.0; +http://yandex.com/bots)"
93.158.152.25 - - [14/Feb/2017:09:39:07 +0100] "GET / HTTP/1.1" 200 884 "-" "Mozilla/5.0 (compatible; YandexBot/3.0; +http://yandex.com/bots)"
141.8.142.30 - - [14/Feb/2017:09:39:11 +0100] "GET /zoldakcio.swf HTTP/1.1" 200 840351 "-" "Mozilla/5.0 (compatible; YandexBot/3.0; +http://yandex.com/bots)"
130.193.51.56 - - [14/Feb/2017:09:39:12 +0100] "GET /zoldakcio.swf HTTP/1.1" 200 840351 "-" "Mozilla/5.0 (compatible; YandexBot/3.0; +http://yandex.com/bots)"
208.43.225.85 - - [14/Feb/2017:09:42:16 +0100] "GET /robots.txt HTTP/1.1" 404 1181 "-" "Mozilla/5.0 (compatible; SiteExplorer/1.1b; +http://siteexplorer.info/Backlink-Checker-Spider/)"
208.43.225.85 - - [14/Feb/2017:09:42:19 +0100] "GET / HTTP/1.1" 200 884 "-" "Mozilla/5.0 (compatible; SiteExplorer/1.1b; +http://siteexplorer.info/Backlink-Checker-Spider/)"
208.43.225.85 - - [14/Feb/2017:09:42:22 +0100] "GET /robots.txt HTTP/1.1" 404 1181 "-" "Mozilla/5.0 (compatible; SiteExplorer/1.1b; +http://siteexplorer.info/Backlink-Checker-Spider/)"
208.43.225.85 - - [14/Feb/2017:09:42:24 +0100] "GET / HTTP/1.1" 200 884 "-" "Mozilla/5.0 (compatible; SiteExplorer/1.1b; +http://siteexplorer.info/Backlink-Checker-Spider/)"
217.112.130.152 - - [14/Feb/2017:10:01:14 +0100] "GET /aktualis_elemei/katonai_elemei/image004.jpg HTTP/1.1" 200 56554 "https://www.google.hu/" "Mozilla/5.0 (Windows NT 6.1; rv:51.0) Gecko/20100101 Firefox/51.0"
31.46.246.191 - - [14/Feb/2017:10:04:00 +0100] "GET /aktualis_elemei/fnhv_elemei/image019.jpg HTTP/1.1" 200 14857 "https://www.google.hu" "Mozilla/5.0 (Windows NT 6.1; rv:45.0) Gecko/20100101 Firefox/45.0"
46.119.118.59 - - [14/Feb/2017:10:08:25 +0100] "GET / HTTP/1.1" 200 884 "http://novokuznetsk.xxxrus.org/" "Mozilla/4.0 (compatible- MSIE 6.0- Windows NT 5.1- SV1- .NET CLR 1.1.4322"
46.119.118.59 - - [14/Feb/2017:10:08:26 +0100] "GET / HTTP/1.1" 200 884 "http://novokuznetsk.xxxrus.org/" "Mozilla/4.0 (compatible- MSIE 6.0- Windows NT 5.1- SV1- .NET CLR 1.1.4322"
193.91.66.169 - - [14/Feb/2017:10:10:15 +0100] "GET /archiv_elemei/acitc.html HTTP/1.1" 200 13312 "-" "Mozilla/4.0 (compatible; MSIE 5.5; Windows NT 5.0)"
193.6.53.149 - - [14/Feb/2017:10:45:05 +0100] "GET /aktualis_elemei/deneverdani.html HTTP/1.1" 200 7036 "https://www.google.hu/" "Mozilla/5.0 (Linux; Android 5.1.1; SM-G361F Build/LMY48B) AppleWebKit/537.36 (KHTML, like Gecko) Chrome/55.0.2883.91 Mobile Safari/537.36"
193.6.53.149 - - [14/Feb/2017:10:45:06 +0100] "GET /favicon.ico HTTP/1.1" 404 1181 "http://www.greenaction.hu/aktualis_elemei/deneverdani.html" "Mozilla/5.0 (Linux; Android 5.1.1; SM-G361F Build/LMY48B) AppleWebKit/537.36 (KHTML, like Gecko) Chrome/55.0.2883.91 Mobile Safari/537.36"
199.15.233.147 - - [14/Feb/2017:11:21:46 +0100] "GET /wp-login.php HTTP/1.1" 404 1181 "-" "Mozilla/5.0 (compatible; MSIE 9.0; Windows NT 6.1; Trident/5.0)"
199.15.233.147 - - [14/Feb/2017:11:21:46 +0100] "GET //wp-login.php HTTP/1.1" 404 1181 "-" "Mozilla/5.0 (compatible; MSIE 9.0; Windows NT 6.1; Trident/5.0)"
40.77.167.111 - - [14/Feb/2017:11:27:39 +0100] "GET /kiadvany/miabio.pdf HTTP/1.1" 200 10763448 "-" "Mozilla/5.0 (compatible; bingbot/2.0; +http://www.bing.com/bingbot.htm)"
157.55.39.247 - - [14/Feb/2017:11:27:55 +0100] "GET /robots.txt HTTP/1.1" 404 1181 "-" "Mozilla/5.0 (compatible; bingbot/2.0; +http://www.bing.com/bingbot.htm)"
37.115.191.243 - - [14/Feb/2017:11:31:06 +0100] "GET / HTTP/1.1" 200 884 "http://mararoom.ru/" "Mozilla/4.0 (compatible; MSIE 6.0; Windows 98; Win 9x 4.90)"
37.115.191.243 - - [14/Feb/2017:11:31:07 +0100] "GET / HTTP/1.1" 200 884 "http://mararoom.ru/" "Mozilla/4.0 (compatible; MSIE 6.0; Windows 98; Win 9x 4.90)"
46.165.197.142 - - [14/Feb/2017:12:16:41 +0100] "GET /robots.txt HTTP/1.1" 404 1181 "-" "Mozilla/5.0 (compatible; MJ12bot/v1.4.7; http://mj12bot.com/)"
46.165.197.142 - - [14/Feb/2017:12:16:53 +0100] "GET / HTTP/1.1" 200 884 "-" "Mozilla/5.0 (compatible; MJ12bot/v1.4.7; http://mj12bot.com/)"
66.249.64.53 - - [14/Feb/2017:12:26:25 +0100] "GET /robots.txt HTTP/1.1" 404 1181 "-" "Mozilla/5.0 (compatible; Googlebot/2.1; +http://www.google.com/bot.html)"
66.249.64.51 - - [14/Feb/2017:12:26:26 +0100] "GET /archiv_elemei/bparak0915.html HTTP/1.1" 200 106660 "-" "Mozilla/5.0 (compatible; Googlebot/2.1; +http://www.google.com/bot.html)"
84.206.48.250 - - [14/Feb/2017:13:00:44 +0100] "GET /hirek/biomassza2.jpg HTTP/1.1" 404 1181 "http://www.greenaction.hu/" "Mozilla/5.0 (Windows NT 6.1) AppleWebKit/537.36 (KHTML, like Gecko) Chrome/56.0.2924.87 Safari/537.36"
84.206.48.250 - - [14/Feb/2017:13:00:44 +0100] "GET /hirek/gmofree.gif HTTP/1.1" 404 1181 "http://www.greenaction.hu/" "Mozilla/5.0 (Windows NT 6.1) AppleWebKit/537.36 (KHTML, like Gecko) Chrome/56.0.2924.87 Safari/537.36"
84.206.48.250 - - [14/Feb/2017:13:00:44 +0100] "GET /hirek/torta.jpg HTTP/1.1" 404 1181 "http://www.greenaction.hu/" "Mozilla/5.0 (Windows NT 6.1) AppleWebKit/537.36 (KHTML, like Gecko) Chrome/56.0.2924.87 Safari/537.36"
84.206.48.250 - - [14/Feb/2017:13:00:44 +0100] "GET /hirek/paprika.jpg HTTP/1.1" 404 1181 "http://www.greenaction.hu/" "Mozilla/5.0 (Windows NT 6.1) AppleWebKit/537.36 (KHTML, like Gecko) Chrome/56.0.2924.87 Safari/537.36"
84.206.48.250 - - [14/Feb/2017:13:00:44 +0100] "GET /hirek/helyivedett.jpg HTTP/1.1" 404 1181 "http://www.greenaction.hu/" "Mozilla/5.0 (Windows NT 6.1) AppleWebKit/537.36 (KHTML, like Gecko) Chrome/56.0.2924.87 Safari/537.36"
84.206.48.250 - - [14/Feb/2017:13:00:44 +0100] "GET /hirek/zoldseg.jpg HTTP/1.1" 404 1181 "http://www.greenaction.hu/" "Mozilla/5.0 (Windows NT 6.1) AppleWebKit/537.36 (KHTML, like Gecko) Chrome/56.0.2924.87 Safari/537.36"
66.249.64.53 - - [14/Feb/2017:13:02:24 +0100] "GET /kiadvanyaink.html HTTP/1.1" 200 4921 "-" "Mozilla/5.0 (compatible; Googlebot/2.1; +http://www.google.com/bot.html)"
163.172.71.24 - - [14/Feb/2017:13:39:20 +0100] "GET /robots.txt HTTP/1.1" 404 1181 "-" "Mozilla/5.0 ((Windows; U; Windows NT 6.1; fr; rv:1.9.2) Gecko/20100115 Firefox/3.6)"
163.172.71.24 - - [14/Feb/2017:13:39:20 +0100] "GET / HTTP/1.1" 200 884 "-" "Mozilla/5.0 ((Windows; U; Windows NT 6.1; fr; rv:1.9.2) Gecko/20100115 Firefox/3.6)"
188.143.44.218 - - [14/Feb/2017:13:45:05 +0100] "GET /favicon.ico HTTP/1.1" 404 1181 "http://www.greenaction.hu/kiadvany/miskolchvte.pdf" "Mozilla/5.0 (Windows NT 6.1; WOW64) AppleWebKit/537.36 (KHTML, like Gecko) Chrome/56.0.2924.87 Safari/537.36"
188.143.44.218 - - [14/Feb/2017:13:45:07 +0100] "GET /kiadvany/miskolchvte.pdf HTTP/1.1" 200 4059249 "https://www.google.hu/" "Mozilla/5.0 (Windows NT 6.1; WOW64) AppleWebKit/537.36 (KHTML, like Gecko) Chrome/56.0.2924.87 Safari/537.36"
199.193.251.133 - - [14/Feb/2017:16:31:41 +0100] "HEAD / HTTP/1.1" 200 0 "https://www.inboundlinks.win/InboundLinks/www.greenaction.hu" "Mozilla/5.0 (compatible; MSIE 9.0; Windows NT 6.1; WOW64; Trident/5.0)"
66.249.64.49 - - [14/Feb/2017:16:39:00 +0100] "GET / HTTP/1.1" 200 884 "-" "Mozilla/5.0 (Linux; Android 6.0.1; Nexus 5X Build/MMB29P) AppleWebKit/537.36 (KHTML, like Gecko) Chrome/41.0.2272.96 Mobile Safari/537.36 (compatible; Googlebot/2.1; +http://www.google.com/bot.html)"
66.249.64.78 - - [14/Feb/2017:16:41:47 +0100] "GET / HTTP/1.1" 200 884 "-" "Mozilla/5.0 (Linux; Android 6.0.1; Nexus 5X Build/MMB29P) AppleWebKit/537.36 (KHTML, like Gecko) Chrome/41.0.2272.96 Mobile Safari/537.36 (compatible; Googlebot/2.1; +http://www.google.com/bot.html)"
180.76.15.34 - - [14/Feb/2017:17:28:18 +0100] "GET / HTTP/1.1" 200 884 "-" "Mozilla/5.0 (compatible; Baiduspider/2.0; +http://www.baidu.com/search/spider.html)"
185.37.169.130 - - [14/Feb/2017:17:54:23 +0100] "GET /aktualis_elemei/bekamentes_elemei/image009.jpg HTTP/1.1" 200 11140 "https://www.google.rs/" "Mozilla/5.0 (Windows NT 5.1) AppleWebKit/537.36 (KHTML, like Gecko) Chrome/49.0.2623.112 Safari/537.36"
81.22.187.223 - - [14/Feb/2017:18:34:30 +0100] "GET /favicon.ico HTTP/1.1" 404 1181 "-" "Mozilla/5.0 (Windows NT 6.1; WOW64; rv:38.0) Gecko/20100101 Firefox/38.0"
81.22.187.223 - - [14/Feb/2017:18:34:32 +0100] "GET /favicon.ico HTTP/1.1" 404 1181 "-" "Mozilla/5.0 (Windows NT 6.1; WOW64; rv:38.0) Gecko/20100101 Firefox/38.0"
188.143.46.172 - - [14/Feb/2017:18:44:10 +0100] "GET /favicon.ico HTTP/1.1" 404 1181 "http://www.greenaction.hu/kiadvany/miskolchvte.pdf" "Mozilla/5.0 (Windows NT 6.1) AppleWebKit/537.36 (KHTML, like Gecko) Chrome/56.0.2924.87 Safari/537.36"
188.143.46.172 - - [14/Feb/2017:18:44:13 +0100] "GET /kiadvany/miskolchvte.pdf HTTP/1.1" 200 4059249 "https://www.google.hu/" "Mozilla/5.0 (Windows NT 6.1) AppleWebKit/537.36 (KHTML, like Gecko) Chrome/56.0.2924.87 Safari/537.36"
157.55.39.139 - - [14/Feb/2017:18:58:16 +0100] "GET / HTTP/1.1" 200 884 "-" "Mozilla/5.0 (compatible; bingbot/2.0; +http://www.bing.com/bingbot.htm)"
31.46.248.157 - - [14/Feb/2017:19:02:30 +0100] "GET /aktualis_elemei/fnhv_elemei/image023.jpg HTTP/1.1" 200 10309 "http://www.google.hu/blank.html" "Mozilla/5.0 (Linux; Android 6.0.1; SAMSUNG SM-T580 Build/MMB29K) AppleWebKit/537.36 (KHTML, like Gecko) SamsungBrowser/4.0 Chrome/44.0.2403.133 Safari/537.36"
46.119.118.59 - - [14/Feb/2017:19:20:56 +0100] "GET / HTTP/1.1" 200 884 "http://dengi-pod-zalog-pts-avto.ru/" "Mozilla/4.0 (compatible; MSIE 6.0; Windows NT 5.1; Crazy Browser 1.0.5)"
46.119.118.59 - - [14/Feb/2017:19:20:56 +0100] "GET / HTTP/1.1" 200 884 "http://dengi-pod-zalog-pts-avto.ru/" "Mozilla/4.0 (compatible; MSIE 6.0; Windows NT 5.1; Crazy Browser 1.0.5)"
46.119.118.59 - - [14/Feb/2017:19:20:57 +0100] "GET / HTTP/1.1" 200 884 "http://dengi-pod-zalog-pts-avto.ru/" "Mozilla/4.0 (compatible; MSIE 6.0; Windows NT 5.1; Crazy Browser 1.0.5)"
94.21.90.157 - - [14/Feb/2017:19:57:43 +0100] "GET /aktualis_elemei/bio2szulinap_elemei/image138.jpg HTTP/1.1" 200 9822 "https://www.google.hu/" "Mozilla/5.0 (Linux; Android 4.4.2; B15Q Build/KOT49H) AppleWebKit/537.36 (KHTML, like Gecko) Chrome/40.0.2214.109 Mobile Safari/537.36"
54.172.241.121 - - [14/Feb/2017:19:58:30 +0100] "GET /robots.txt HTTP/1.1" 404 1181 "-" "ltx71 - (http://ltx71.com/)"
54.172.241.121 - - [14/Feb/2017:20:11:35 +0100] "GET /robots.txt HTTP/1.1" 404 1181 "-" "ltx71 - (http://ltx71.com/)"
40.77.167.8 - - [14/Feb/2017:20:12:13 +0100] "GET / HTTP/1.1" 200 884 "-" "Mozilla/5.0 (iPhone; CPU iPhone OS 7_0 like Mac OS X) AppleWebKit/537.51.1 (KHTML, like Gecko) Version/7.0 Mobile/11A465 Safari/9537.53 (compatible; bingbot/2.0; +http://www.bing.com/bingbot.htm)"
157.55.39.247 - - [14/Feb/2017:20:12:20 +0100] "GET /robots.txt HTTP/1.1" 404 1181 "-" "Mozilla/5.0 (compatible; bingbot/2.0; +http://www.bing.com/bingbot.htm)"
157.55.39.139 - - [14/Feb/2017:20:12:28 +0100] "GET /zoldakcio.swf HTTP/1.1" 200 840351 "-" "Mozilla/5.0 (iPhone; CPU iPhone OS 7_0 like Mac OS X) AppleWebKit/537.51.1 (KHTML, like Gecko) Version/7.0 Mobile/11A465 Safari/9537.53 (compatible; bingbot/2.0; +http://www.bing.com/bingbot.htm)"
136.243.20.210 - - [14/Feb/2017:20:29:17 +0100] "GET /robots.txt HTTP/1.1" 404 1181 "-" "Mozilla/5.0 (compatible; BLEXBot/1.0; +http://webmeup-crawler.com/)"
136.243.20.210 - - [14/Feb/2017:20:29:17 +0100] "GET /robots.txt HTTP/1.1" 404 1181 "-" "Mozilla/5.0 (compatible; BLEXBot/1.0; +http://webmeup-crawler.com/)"
136.243.20.210 - - [14/Feb/2017:20:29:17 +0100] "GET / HTTP/1.1" 200 884 "-" "Mozilla/5.0 (compatible; BLEXBot/1.0; +http://webmeup-crawler.com/)"
136.243.20.210 - - [14/Feb/2017:20:29:36 +0100] "GET / HTTP/1.1" 200 884 "-" "Mozilla/5.0 (compatible; BLEXBot/1.0; +http://webmeup-crawler.com/)"
136.243.20.210 - - [14/Feb/2017:20:29:50 +0100] "GET /magunkrol_elemei/kozhasznu.html HTTP/1.1" 200 48365 "-" "Mozilla/5.0 (compatible; BLEXBot/1.0; +http://webmeup-crawler.com/)"
180.76.15.14 - - [14/Feb/2017:20:53:49 +0100] "GET /kiadvany/delbukk.pdf HTTP/1.1" 200 622592 "-" "Mozilla/5.0 (compatible; Baiduspider/2.0; +http://www.baidu.com/search/spider.html)"
54.172.241.121 - - [14/Feb/2017:20:59:27 +0100] "GET /robots.txt HTTP/1.1" 404 1181 "-" "ltx71 - (http://ltx71.com/)"
46.118.121.3 - - [14/Feb/2017:20:59:29 +0100] "GET / HTTP/1.1" 200 884 "http://stop-gepatit.te.ua/" "Mozilla/4.0 (compatible; MSIE 6.0; Windows NT 5.1; SV1)"
34.250.206.152 - - [14/Feb/2017:21:13:16 +0100] "HEAD / HTTP/1.1" 200 0 "-" "Mozilla/5.0 (compatible; JobKereso; +https://www.kozvetlen-allasok.hu/robot.jsp info@kozvetlen-allasok.hu)"
34.250.206.152 - - [14/Feb/2017:21:13:16 +0100] "GET /robots.txt HTTP/1.1" 404 1181 "-" "Mozilla/5.0 (compatible; JobKereso; +https://www.kozvetlen-allasok.hu/robot.jsp info@kozvetlen-allasok.hu)"
34.250.206.152 - - [14/Feb/2017:21:13:16 +0100] "HEAD / HTTP/1.1" 200 0 "-" "Mozilla/5.0 (compatible; JobKereso; +https://www.kozvetlen-allasok.hu/robot.jsp info@kozvetlen-allasok.hu)"
34.250.206.152 - - [14/Feb/2017:21:13:16 +0100] "GET / HTTP/1.1" 200 884 "-" "Mozilla/5.0 (compatible; JobKereso; +https://www.kozvetlen-allasok.hu/robot.jsp info@kozvetlen-allasok.hu)"
34.250.206.152 - - [14/Feb/2017:21:13:17 +0100] "HEAD /favicon.ico HTTP/1.1" 404 0 "https://www.kozvetlen-allasok.hu" "Mozilla/5.0 (compatible; JobKeresoBot; +https://www.kozvetlen-allasok.hu/help.jsp; info@kozvetlen-allasok.hu; 5.0"
157.55.12.75 - - [14/Feb/2017:21:13:24 +0100] "GET /hirek/hirek.txt HTTP/1.1" 200 96857 "http://greenaction.hu/zoldakcio.swf" "Mozilla/5.0 (iPhone; CPU iPhone OS 7_0 like Mac OS X) AppleWebKit/537.51.1 (KHTML, like Gecko) Version/7.0 Mobile/11A465 Safari/9537.53 BingPreview/1.0b"
157.55.12.75 - - [14/Feb/2017:21:13:24 +0100] "GET /esemenynaptar/SparkEventsCalendar_loadVars.txt HTTP/1.1" 200 72712 "http://greenaction.hu/zoldakcio.swf" "Mozilla/5.0 (iPhone; CPU iPhone OS 7_0 like Mac OS X) AppleWebKit/537.51.1 (KHTML, like Gecko) Version/7.0 Mobile/11A465 Safari/9537.53 BingPreview/1.0b"
34.250.7.158 - - [14/Feb/2017:21:30:52 +0100] "HEAD / HTTP/1.1" 200 0 "-" "Mozilla/5.0 (compatible; JobKereso; +https://www.kozvetlen-allasok.hu/robot.jsp info@kozvetlen-allasok.hu)"
34.250.7.158 - - [14/Feb/2017:21:30:52 +0100] "GET /robots.txt HTTP/1.1" 404 1181 "-" "Mozilla/5.0 (compatible; JobKereso; +https://www.kozvetlen-allasok.hu/robot.jsp info@kozvetlen-allasok.hu)"
34.250.7.158 - - [14/Feb/2017:21:30:52 +0100] "HEAD / HTTP/1.1" 200 0 "-" "Mozilla/5.0 (compatible; JobKereso; +https://www.kozvetlen-allasok.hu/robot.jsp info@kozvetlen-allasok.hu)"
34.250.7.158 - - [14/Feb/2017:21:30:53 +0100] "GET / HTTP/1.1" 200 884 "-" "Mozilla/5.0 (compatible; JobKereso; +https://www.kozvetlen-allasok.hu/robot.jsp info@kozvetlen-allasok.hu)"
34.250.7.158 - - [14/Feb/2017:21:30:54 +0100] "HEAD /favicon.ico HTTP/1.1" 404 0 "https://www.kozvetlen-allasok.hu" "Mozilla/5.0 (compatible; JobKeresoBot; +https://www.kozvetlen-allasok.hu/help.jsp; info@kozvetlen-allasok.hu; 5.0"
54.172.241.121 - - [14/Feb/2017:21:35:40 +0100] "GET /robots.txt HTTP/1.1" 404 1181 "-" "ltx71 - (http://ltx71.com/)"
54.172.241.121 - - [14/Feb/2017:21:36:24 +0100] "GET /magunkrol_elemei/kozhasznu.html HTTP/1.1" 200 48365 "-" "ltx71 - (http://ltx71.com/)"
46.118.121.3 - - [14/Feb/2017:21:38:24 +0100] "GET / HTTP/1.1" 200 884 "http://armavir.xxxrus.org/" "Mozilla/4.0 (compatible; MSIE 5.5; Windows NT 5.0)"
46.118.121.3 - - [14/Feb/2017:21:38:25 +0100] "GET / HTTP/1.1" 200 884 "http://armavir.xxxrus.org/" "Mozilla/4.0 (compatible; MSIE 5.5; Windows NT 5.0)"
46.118.121.3 - - [14/Feb/2017:21:38:26 +0100] "GET / HTTP/1.1" 200 884 "http://armavir.xxxrus.org/" "Mozilla/4.0 (compatible; MSIE 5.5; Windows NT 5.0)"
23.227.201.143 - - [14/Feb/2017:21:41:43 +0100] "GET / HTTP/1.1" 200 884 "-" "Java/1.8.0_121"
37.115.191.243 - - [14/Feb/2017:22:57:29 +0100] "GET / HTTP/1.1" 200 884 "http://obninsk.xxxrus.org/" "Mozilla/4.0 (compatible; MSIE 5.0; Windows NT; DigExt)"
37.115.191.243 - - [14/Feb/2017:22:57:29 +0100] "GET / HTTP/1.1" 200 884 "http://obninsk.xxxrus.org/" "Mozilla/4.0 (compatible; MSIE 5.0; Windows NT; DigExt)"
62.210.141.34 - - [14/Feb/2017:22:59:29 +0100] "GET / HTTP/1.0" 200 884 "http://www.greenaction.hu" "Mozilla/4.0 (compatible; MSIE 6.0; Windows NT 5.1; SV1; .NET CLR 2.0.50727)"
157.55.39.139 - - [14/Feb/2017:23:19:06 +0100] "GET / HTTP/1.1" 200 884 "-" "Mozilla/5.0 (compatible; bingbot/2.0; +http://www.bing.com/bingbot.htm)"
66.249.64.53 - - [14/Feb/2017:23:58:06 +0100] "GET / HTTP/1.1" 200 884 "-" "Mozilla/5.0 (Linux; Android 6.0.1; Nexus 5X Build/MMB29P) AppleWebKit/537.36 (KHTML, like Gecko) Chrome/41.0.2272.96 Mobile Safari/537.36 (compatible; Googlebot/2.1; +http://www.google.com/bot.html)"
157.55.39.247 - - [15/Feb/2017:01:07:30 +0100] "GET /archiv_elemei/image026.jpg HTTP/1.1" 200 4734 "-" "Mozilla/5.0 (compatible; bingbot/2.0; +http://www.bing.com/bingbot.htm)"
157.55.39.247 - - [15/Feb/2017:01:27:38 +0100] "GET /aktualis_elemei/bio2szulinap_elemei/image106.jpg HTTP/1.1" 200 7697 "-" "Mozilla/5.0 (compatible; bingbot/2.0; +http://www.bing.com/bingbot.htm)"
46.229.168.67 - - [15/Feb/2017:01:43:46 +0100] "GET /archiv_elemei/acitc.html HTTP/1.1" 200 13312 "-" "Mozilla/5.0 (compatible; SemrushBot/1.2~bl; +http://www.semrush.com/bot.html)"
62.210.190.7 - - [15/Feb/2017:01:54:54 +0100] "GET / HTTP/1.0" 200 884 "http://www.greenaction.hu/" "Mozilla/4.0 (compatible; MSIE 6.0; Windows NT 5.1; SV1; .NET CLR 2.0.50727)"
180.76.15.157 - - [15/Feb/2017:02:00:35 +0100] "GET /robots.txt HTTP/1.1" 404 1181 "-" "Mozilla/5.0 (Windows NT 5.1; rv:6.0.2) Gecko/20100101 Firefox/6.0.2"
180.76.15.161 - - [15/Feb/2017:02:00:36 +0100] "GET /robots.txt HTTP/1.1" 404 1181 "-" "Mozilla/5.0 (Windows NT 5.1; rv:6.0.2) Gecko/20100101 Firefox/6.0.2"
180.76.15.26 - - [15/Feb/2017:02:03:05 +0100] "GET / HTTP/1.1" 200 884 "-" "Mozilla/5.0 (compatible; Baiduspider/2.0; +http://www.baidu.com/search/spider.html)"
66.249.64.87 - - [15/Feb/2017:02:51:39 +0100] "GET /robots.txt HTTP/1.1" 404 1181 "-" "Mozilla/5.0 (compatible; Googlebot/2.1; +http://www.google.com/bot.html)"
66.249.64.78 - - [15/Feb/2017:02:51:39 +0100] "GET / HTTP/1.1" 200 884 "-" "Mozilla/5.0 (Linux; Android 6.0.1; Nexus 5X Build/MMB29P) AppleWebKit/537.36 (KHTML, like Gecko) Chrome/41.0.2272.96 Mobile Safari/537.36 (compatible; Googlebot/2.1; +http://www.google.com/bot.html)"
157.55.39.247 - - [15/Feb/2017:03:40:30 +0100] "GET /kiadvany/delbukk.pdf HTTP/1.1" 200 1540585 "-" "Mozilla/5.0 (iPhone; CPU iPhone OS 7_0 like Mac OS X) AppleWebKit/537.51.1 (KHTML, like Gecko) Version/7.0 Mobile/11A465 Safari/9537.53 (compatible; bingbot/2.0; +http://www.bing.com/bingbot.htm)"
163.172.65.15 - - [15/Feb/2017:05:58:52 +0100] "GET /aktualis_elemei/megelozes-humusz.html HTTP/1.1" 200 20947 "-" "Mozilla/5.0 (compatible; AhrefsBot/5.2; +http://ahrefs.com/robot/)"
151.80.39.224 - - [15/Feb/2017:05:59:12 +0100] "GET /robots.txt HTTP/1.1" 404 1181 "-" "Mozilla/5.0 (compatible; AhrefsBot/5.2; +http://ahrefs.com/robot/)"
220.181.108.146 - - [15/Feb/2017:06:20:11 +0100] "GET / HTTP/1.1" 200 884 "-" "Mozilla/5.0 (compatible; Baiduspider/2.0; +http://www.baidu.com/search/spider.html)"
144.76.29.162 - - [15/Feb/2017:06:21:15 +0100] "GET /robots.txt HTTP/1.1" 404 1181 "-" "Mozilla/5.0 (compatible; MJ12bot/v1.4.7; http://mj12bot.com/)"
144.76.29.162 - - [15/Feb/2017:06:21:28 +0100] "GET /archiv_elemei/martintc.html HTTP/1.1" 200 15741 "-" "Mozilla/5.0 (compatible; MJ12bot/v1.4.7; http://mj12bot.com/)"
144.76.29.162 - - [15/Feb/2017:06:21:30 +0100] "GET /archiv_elemei/veszhullgytc.html HTTP/1.1" 200 16844 "-" "Mozilla/5.0 (compatible; MJ12bot/v1.4.7; http://mj12bot.com/)"
144.76.29.162 - - [15/Feb/2017:06:21:32 +0100] "GET /partnereink.html HTTP/1.1" 200 1822 "-" "Mozilla/5.0 (compatible; MJ12bot/v1.4.7; http://mj12bot.com/)"
66.249.64.49 - - [15/Feb/2017:06:47:50 +0100] "GET /robots.txt HTTP/1.1" 404 1181 "-" "Mozilla/5.0 (compatible; Googlebot/2.1; +http://www.google.com/bot.html)"
66.249.64.53 - - [15/Feb/2017:06:47:50 +0100] "GET / HTTP/1.1" 200 884 "-" "Mozilla/5.0 (Linux; Android 6.0.1; Nexus 5X Build/MMB29P) AppleWebKit/537.36 (KHTML, like Gecko) Chrome/41.0.2272.96 Mobile Safari/537.36 (compatible; Googlebot/2.1; +http://www.google.com/bot.html)"
46.118.112.219 - - [15/Feb/2017:07:06:50 +0100] "GET / HTTP/1.1" 200 884 "http://xxxnatelefon.ru/" "Mozilla/4.0 (compatible; MSIE 6.0; Windows NT 5.0; KTXN)"
46.118.112.219 - - [15/Feb/2017:07:06:51 +0100] "GET / HTTP/1.1" 200 884 "http://xxxnatelefon.ru/" "Mozilla/4.0 (compatible; MSIE 6.0; Windows NT 5.0; KTXN)"
157.55.39.238 - - [15/Feb/2017:07:18:33 +0100] "GET /aktualis.html HTTP/1.1" 200 104235 "-" "Mozilla/5.0 (iPhone; CPU iPhone OS 7_0 like Mac OS X) AppleWebKit/537.51.1 (KHTML, like Gecko) Version/7.0 Mobile/11A465 Safari/9537.53 (compatible; bingbot/2.0; +http://www.bing.com/bingbot.htm)"
87.229.110.8 - - [15/Feb/2017:07:24:21 +0100] "GET / HTTP/1.1" 200 884 "-" "Mozilla/5.0"
66.249.64.51 - - [15/Feb/2017:07:33:34 +0100] "GET /aktualis_elemei/bioarak%2009.07.html HTTP/1.1" 200 504057 "-" "Mozilla/5.0 (compatible; Googlebot/2.1; +http://www.google.com/bot.html)"
46.118.121.3 - - [15/Feb/2017:07:50:52 +0100] "GET / HTTP/1.1" 200 884 "http://mega-polis.biz.ua/" "Mozilla/4.0 (compatible; MSIE 6.0; AOL 9.0; Windows NT 5.1)"
46.118.121.3 - - [15/Feb/2017:07:50:53 +0100] "GET / HTTP/1.1" 200 884 "http://mega-polis.biz.ua/" "Mozilla/4.0 (compatible; MSIE 6.0; AOL 9.0; Windows NT 5.1)"
69.163.152.109 - - [15/Feb/2017:08:40:00 +0100] "GET /wp-admin/ HTTP/1.1" 404 1181 "-" "-"
5.9.75.114 - - [15/Feb/2017:08:49:46 +0100] "GET /test/wp-admin/ HTTP/1.1" 404 1181 "-" "-"
141.138.168.120 - - [15/Feb/2017:08:59:07 +0100] "GET /wordpress/wp-admin/ HTTP/1.1" 404 1181 "-" "-"
184.106.10.128 - - [15/Feb/2017:09:08:51 +0100] "GET /blog/wp-admin/ HTTP/1.1" 404 1181 "-" "-"
129.121.179.96 - - [15/Feb/2017:09:18:13 +0100] "GET /wp/wp-admin/ HTTP/1.1" 404 1181 "-" "-"
212.227.119.184 - - [15/Feb/2017:09:27:35 +0100] "GET /old/wp-admin/ HTTP/1.1" 404 1181 "-" "-"
86.59.180.192 - - [15/Feb/2017:09:30:32 +0100] "GET /favicon.ico HTTP/1.1" 404 1181 "-" "Mozilla/5.0 (Windows NT 6.1; WOW64; rv:51.0) Gecko/20100101 Firefox/51.0"
86.59.180.192 - - [15/Feb/2017:09:30:37 +0100] "GET /favicon.ico HTTP/1.1" 404 1181 "-" "Mozilla/5.0 (Windows NT 6.1; WOW64; rv:51.0) Gecko/20100101 Firefox/51.0"
66.249.64.49 - - [15/Feb/2017:10:16:21 +0100] "GET / HTTP/1.1" 200 884 "-" "Mozilla/5.0 (Linux; Android 6.0.1; Nexus 5X Build/MMB29P) AppleWebKit/537.36 (KHTML, like Gecko) Chrome/41.0.2272.96 Mobile Safari/537.36 (compatible; Googlebot/2.1; +http://www.google.com/bot.html)"
138.197.73.162 - - [15/Feb/2017:10:20:39 +0100] "GET / HTTP/1.1" 200 884 "http://greenaction.hu" "Mozilla/5.0 (Macintosh; Intel Mac OS X 10_9_3) AppleWebKit/537.36 (KHTML, like Gecko) Chrome/35.0.1916.114 Safari/537.36"
138.197.73.162 - - [15/Feb/2017:10:20:54 +0100] "GET /robots.txt HTTP/1.1" 404 1181 "-" "Mozilla/5.0 (Windows NT 6.1; WOW64; rv:21.0) Gecko/20100101 Firefox/21.0"
86.59.180.192 - - [15/Feb/2017:10:39:21 +0100] "GET /favicon.ico HTTP/1.1" 404 1181 "-" "Mozilla/5.0 (Windows NT 6.1; WOW64; rv:51.0) Gecko/20100101 Firefox/51.0"
86.59.180.192 - - [15/Feb/2017:10:39:28 +0100] "GET /favicon.ico HTTP/1.1" 404 1181 "-" "Mozilla/5.0 (Windows NT 6.1; WOW64; rv:51.0) Gecko/20100101 Firefox/51.0"
86.59.180.192 - - [15/Feb/2017:10:42:44 +0100] "GET / HTTP/1.1" 200 884 "-" "Mozilla/5.0 (Windows NT 6.1; WOW64; rv:51.0) Gecko/20100101 Firefox/51.0"
86.59.180.192 - - [15/Feb/2017:10:42:45 +0100] "GET /pattern.jpg HTTP/1.1" 200 13798 "http://greenaction.hu/" "Mozilla/5.0 (Windows NT 6.1; WOW64; rv:51.0) Gecko/20100101 Firefox/51.0"
86.59.180.192 - - [15/Feb/2017:10:42:45 +0100] "GET /zoldakcio.swf HTTP/1.1" 200 85267 "http://greenaction.hu/" "Mozilla/5.0 (Windows NT 6.1; WOW64; rv:51.0) Gecko/20100101 Firefox/51.0"
138.197.111.47 - - [15/Feb/2017:10:56:48 +0100] "GET / HTTP/1.1" 200 884 "-" "Mozilla/5.0 (Windows NT 6.1; WOW64; rv:28.0) Gecko/20100101 Firefox/28.0"
157.55.39.139 - - [15/Feb/2017:12:00:05 +0100] "GET / HTTP/1.1" 200 884 "-" "Mozilla/5.0 (compatible; bingbot/2.0; +http://www.bing.com/bingbot.htm)"
163.172.66.7 - - [15/Feb/2017:12:58:50 +0100] "GET /aktualis_elemei/bbbekagyar.html HTTP/1.1" 200 11951 "-" "Mozilla/5.0 (compatible; AhrefsBot/5.2; +http://ahrefs.com/robot/)"
54.172.241.121 - - [15/Feb/2017:13:07:42 +0100] "GET /robots.txt HTTP/1.1" 404 1181 "-" "ltx71 - (http://ltx71.com/)"
54.172.241.121 - - [15/Feb/2017:13:23:40 +0100] "GET /robots.txt HTTP/1.1" 404 1181 "-" "ltx71 - (http://ltx71.com/)"
78.108.16.28 - - [15/Feb/2017:13:29:41 +0100] "GET /aktualis_elemei/bio2szulinap_elemei/image134.jpg HTTP/1.1" 200 10678 "https://www.google.hu/" "Mozilla/5.0 (Windows NT 6.1) AppleWebKit/537.36 (KHTML, like Gecko) Chrome/56.0.2924.87 Safari/537.36"
192.157.254.197 - - [15/Feb/2017:13:31:14 +0100] "HEAD / HTTP/1.1" 200 0 "https://www.inboundlinks.win/InboundLinks/www.greenaction.hu" "Mozilla/5.0 (compatible; MSIE 9.0; Windows NT 6.1; WOW64; Trident/5.0)"
78.108.16.28 - - [15/Feb/2017:13:32:37 +0100] "GET /aktualis_elemei/bio2szulinap_elemei/image132.jpg HTTP/1.1" 200 8237 "https://www.google.hu/" "Mozilla/5.0 (Windows NT 6.1) AppleWebKit/537.36 (KHTML, like Gecko) Chrome/56.0.2924.87 Safari/537.36"
109.61.111.226 - - [15/Feb/2017:14:18:41 +0100] "GET /favicon.ico HTTP/1.1" 404 1181 "http://www.greenaction.hu/kiadvany/miabio.pdf" "Mozilla/5.0 (Windows NT 5.1) AppleWebKit/537.36 (KHTML, like Gecko) Chrome/49.0.2623.112 Safari/537.36"
109.61.111.226 - - [15/Feb/2017:14:18:44 +0100] "GET /kiadvany/miabio.pdf HTTP/1.1" 200 1968312 "https://www.google.hu/" "Mozilla/5.0 (Windows NT 5.1) AppleWebKit/537.36 (KHTML, like Gecko) Chrome/49.0.2623.112 Safari/537.36"
109.61.111.226 - - [15/Feb/2017:14:18:44 +0100] "GET /kiadvany/miabio.pdf HTTP/1.1" 206 65536 "http://www.greenaction.hu/kiadvany/miabio.pdf" "Mozilla/5.0 (Windows NT 5.1) AppleWebKit/537.36 (KHTML, like Gecko) Chrome/49.0.2623.112 Safari/537.36"
109.61.111.226 - - [15/Feb/2017:14:18:49 +0100] "GET /kiadvany/miabio.pdf HTTP/1.1" 206 8384414 "http://www.greenaction.hu/kiadvany/miabio.pdf" "Mozilla/5.0 (Windows NT 5.1) AppleWebKit/537.36 (KHTML, like Gecko) Chrome/49.0.2623.112 Safari/537.36"
109.61.111.226 - - [15/Feb/2017:14:18:51 +0100] "GET /kiadvany/miabio.pdf HTTP/1.1" 206 625910 "http://www.greenaction.hu/kiadvany/miabio.pdf" "Mozilla/5.0 (Windows NT 5.1) AppleWebKit/537.36 (KHTML, like Gecko) Chrome/49.0.2623.112 Safari/537.36"
109.61.111.226 - - [15/Feb/2017:14:18:52 +0100] "GET /kiadvany/miabio.pdf HTTP/1.1" 206 1921702 "http://www.greenaction.hu/kiadvany/miabio.pdf" "Mozilla/5.0 (Windows NT 5.1) AppleWebKit/537.36 (KHTML, like Gecko) Chrome/49.0.2623.112 Safari/537.36"
109.61.111.226 - - [15/Feb/2017:14:20:57 +0100] "GET /kiadvany/miabio.pdf HTTP/1.1" 206 596992 "https://www.google.hu/" "Mozilla/5.0 (Windows NT 5.1) AppleWebKit/537.36 (KHTML, like Gecko) Chrome/49.0.2623.112 Safari/537.36"
109.61.111.226 - - [15/Feb/2017:14:21:00 +0100] "GET /kiadvany/miabio.pdf HTTP/1.1" 206 886 "http://www.greenaction.hu/kiadvany/miabio.pdf" "Mozilla/5.0 (Windows NT 5.1) AppleWebKit/537.36 (KHTML, like Gecko) Chrome/49.0.2623.112 Safari/537.36"
109.61.111.226 - - [15/Feb/2017:14:21:00 +0100] "GET /kiadvany/miabio.pdf HTTP/1.1" 206 138 "http://www.greenaction.hu/kiadvany/miabio.pdf" "Mozilla/5.0 (Windows NT 5.1) AppleWebKit/537.36 (KHTML, like Gecko) Chrome/49.0.2623.112 Safari/537.36"
