109.166.128.205 - - [19/Feb/2017:23:41:13 +0100] "GET /aktualis_elemei/bio2szulinap_elemei/image114.jpg HTTP/1.1" 200 6950 "http://www.greenaction.hu/aktualis_elemei/bio2szulinap.html" "Mozilla/5.0 (Linux; Android 5.0.2; P6_Energy Build/LRX21M; wv) AppleWebKit/537.36 (KHTML, like Gecko) Version/4.0 Chrome/54.0.2840.85 Mobile Safari/537.36"
109.166.128.205 - - [19/Feb/2017:23:41:13 +0100] "GET /aktualis_elemei/bio2szulinap_elemei/image116.jpg HTTP/1.1" 200 9709 "http://www.greenaction.hu/aktualis_elemei/bio2szulinap.html" "Mozilla/5.0 (Linux; Android 5.0.2; P6_Energy Build/LRX21M; wv) AppleWebKit/537.36 (KHTML, like Gecko) Version/4.0 Chrome/54.0.2840.85 Mobile Safari/537.36"
109.166.128.205 - - [19/Feb/2017:23:41:14 +0100] "GET /aktualis_elemei/bio2szulinap_elemei/image118.jpg HTTP/1.1" 200 9292 "http://www.greenaction.hu/aktualis_elemei/bio2szulinap.html" "Mozilla/5.0 (Linux; Android 5.0.2; P6_Energy Build/LRX21M; wv) AppleWebKit/537.36 (KHTML, like Gecko) Version/4.0 Chrome/54.0.2840.85 Mobile Safari/537.36"
109.166.128.205 - - [19/Feb/2017:23:41:14 +0100] "GET /aktualis_elemei/bio2szulinap_elemei/image120.jpg HTTP/1.1" 200 9114 "http://www.greenaction.hu/aktualis_elemei/bio2szulinap.html" "Mozilla/5.0 (Linux; Android 5.0.2; P6_Energy Build/LRX21M; wv) AppleWebKit/537.36 (KHTML, like Gecko) Version/4.0 Chrome/54.0.2840.85 Mobile Safari/537.36"
109.166.128.205 - - [19/Feb/2017:23:41:15 +0100] "GET /aktualis_elemei/bio2szulinap_elemei/image122.jpg HTTP/1.1" 200 8543 "http://www.greenaction.hu/aktualis_elemei/bio2szulinap.html" "Mozilla/5.0 (Linux; Android 5.0.2; P6_Energy Build/LRX21M; wv) AppleWebKit/537.36 (KHTML, like Gecko) Version/4.0 Chrome/54.0.2840.85 Mobile Safari/537.36"
180.76.15.29 - - [19/Feb/2017:23:41:15 +0100] "GET / HTTP/1.1" 200 884 "-" "Mozilla/5.0 (compatible; Baiduspider/2.0; +http://www.baidu.com/search/spider.html)"
109.166.128.205 - - [19/Feb/2017:23:41:16 +0100] "GET /aktualis_elemei/bio2szulinap_elemei/image124.jpg HTTP/1.1" 200 8278 "http://www.greenaction.hu/aktualis_elemei/bio2szulinap.html" "Mozilla/5.0 (Linux; Android 5.0.2; P6_Energy Build/LRX21M; wv) AppleWebKit/537.36 (KHTML, like Gecko) Version/4.0 Chrome/54.0.2840.85 Mobile Safari/537.36"
109.166.128.205 - - [19/Feb/2017:23:41:16 +0100] "GET /aktualis_elemei/bio2szulinap_elemei/image126.jpg HTTP/1.1" 200 9363 "http://www.greenaction.hu/aktualis_elemei/bio2szulinap.html" "Mozilla/5.0 (Linux; Android 5.0.2; P6_Energy Build/LRX21M; wv) AppleWebKit/537.36 (KHTML, like Gecko) Version/4.0 Chrome/54.0.2840.85 Mobile Safari/537.36"
109.166.128.205 - - [19/Feb/2017:23:41:16 +0100] "GET /aktualis_elemei/bio2szulinap_elemei/image128.jpg HTTP/1.1" 200 8653 "http://www.greenaction.hu/aktualis_elemei/bio2szulinap.html" "Mozilla/5.0 (Linux; Android 5.0.2; P6_Energy Build/LRX21M; wv) AppleWebKit/537.36 (KHTML, like Gecko) Version/4.0 Chrome/54.0.2840.85 Mobile Safari/537.36"
109.166.128.205 - - [19/Feb/2017:23:41:17 +0100] "GET /aktualis_elemei/bio2szulinap_elemei/image130.jpg HTTP/1.1" 200 7636 "http://www.greenaction.hu/aktualis_elemei/bio2szulinap.html" "Mozilla/5.0 (Linux; Android 5.0.2; P6_Energy Build/LRX21M; wv) AppleWebKit/537.36 (KHTML, like Gecko) Version/4.0 Chrome/54.0.2840.85 Mobile Safari/537.36"
109.166.128.205 - - [19/Feb/2017:23:41:18 +0100] "GET /aktualis_elemei/bio2szulinap_elemei/image132.jpg HTTP/1.1" 200 8237 "http://www.greenaction.hu/aktualis_elemei/bio2szulinap.html" "Mozilla/5.0 (Linux; Android 5.0.2; P6_Energy Build/LRX21M; wv) AppleWebKit/537.36 (KHTML, like Gecko) Version/4.0 Chrome/54.0.2840.85 Mobile Safari/537.36"
109.166.128.205 - - [19/Feb/2017:23:41:19 +0100] "GET /aktualis_elemei/bio2szulinap_elemei/image134.jpg HTTP/1.1" 200 10678 "http://www.greenaction.hu/aktualis_elemei/bio2szulinap.html" "Mozilla/5.0 (Linux; Android 5.0.2; P6_Energy Build/LRX21M; wv) AppleWebKit/537.36 (KHTML, like Gecko) Version/4.0 Chrome/54.0.2840.85 Mobile Safari/537.36"
109.166.128.205 - - [19/Feb/2017:23:41:19 +0100] "GET /aktualis_elemei/bio2szulinap_elemei/image136.jpg HTTP/1.1" 200 7982 "http://www.greenaction.hu/aktualis_elemei/bio2szulinap.html" "Mozilla/5.0 (Linux; Android 5.0.2; P6_Energy Build/LRX21M; wv) AppleWebKit/537.36 (KHTML, like Gecko) Version/4.0 Chrome/54.0.2840.85 Mobile Safari/537.36"
109.166.128.205 - - [19/Feb/2017:23:41:20 +0100] "GET /aktualis_elemei/bio2szulinap_elemei/image138.jpg HTTP/1.1" 200 9822 "http://www.greenaction.hu/aktualis_elemei/bio2szulinap.html" "Mozilla/5.0 (Linux; Android 5.0.2; P6_Energy Build/LRX21M; wv) AppleWebKit/537.36 (KHTML, like Gecko) Version/4.0 Chrome/54.0.2840.85 Mobile Safari/537.36"
109.166.128.205 - - [19/Feb/2017:23:41:20 +0100] "GET /aktualis_elemei/bio2szulinap_elemei/image140.jpg HTTP/1.1" 200 9938 "http://www.greenaction.hu/aktualis_elemei/bio2szulinap.html" "Mozilla/5.0 (Linux; Android 5.0.2; P6_Energy Build/LRX21M; wv) AppleWebKit/537.36 (KHTML, like Gecko) Version/4.0 Chrome/54.0.2840.85 Mobile Safari/537.36"
109.166.128.205 - - [19/Feb/2017:23:41:21 +0100] "GET /aktualis_elemei/bio2szulinap_elemei/image142.jpg HTTP/1.1" 200 9654 "http://www.greenaction.hu/aktualis_elemei/bio2szulinap.html" "Mozilla/5.0 (Linux; Android 5.0.2; P6_Energy Build/LRX21M; wv) AppleWebKit/537.36 (KHTML, like Gecko) Version/4.0 Chrome/54.0.2840.85 Mobile Safari/537.36"
109.166.128.205 - - [19/Feb/2017:23:41:22 +0100] "GET /aktualis_elemei/bio2szulinap_elemei/image144.jpg HTTP/1.1" 200 9920 "http://www.greenaction.hu/aktualis_elemei/bio2szulinap.html" "Mozilla/5.0 (Linux; Android 5.0.2; P6_Energy Build/LRX21M; wv) AppleWebKit/537.36 (KHTML, like Gecko) Version/4.0 Chrome/54.0.2840.85 Mobile Safari/537.36"
109.166.128.205 - - [19/Feb/2017:23:41:27 +0100] "GET /favicon.ico HTTP/1.1" 404 1181 "http://www.greenaction.hu/aktualis_elemei/bio2szulinap.html" "Mozilla/5.0 (Linux; Android 5.0.2; P6_Energy Build/LRX21M; wv) AppleWebKit/537.36 (KHTML, like Gecko) Version/4.0 Chrome/54.0.2840.85 Mobile Safari/537.36"
74.115.214.139 - - [20/Feb/2017:00:08:14 +0100] "HEAD / HTTP/1.1" 200 0 "http://uptime.com/greenaction.hu" "Mozilla/5.0 (compatible; Uptimebot/1.0; +http://www.uptime.com/uptimebot)"
62.210.162.87 - - [20/Feb/2017:00:08:19 +0100] "GET / HTTP/1.0" 200 884 "http://www.greenaction.hu" "Mozilla/4.0 (compatible; MSIE 6.0; Windows NT 5.1; SV1; .NET CLR 2.0.50727)"
37.1.140.78 - - [20/Feb/2017:00:36:18 +0100] "GET /administrator/ HTTP/1.1" 404 1181 "-" "Mozilla/5.0 (Windows NT 6.0; rv:34.0) Gecko/20100101 Firefox/34.0"
37.1.140.78 - - [20/Feb/2017:00:36:18 +0100] "GET /administrator/index.php HTTP/1.1" 404 1181 "http://greenaction.hu/administrator/" "Mozilla/5.0 (Windows NT 6.0; rv:34.0) Gecko/20100101 Firefox/34.0"
37.1.140.78 - - [20/Feb/2017:00:38:44 +0100] "GET /wp-login.php HTTP/1.1" 404 1181 "-" "Mozilla/5.0 (Windows NT 6.0; rv:34.0) Gecko/20100101 Firefox/34.0"
37.1.140.78 - - [20/Feb/2017:00:38:44 +0100] "GET /wp-admin/ HTTP/1.1" 404 1181 "http://greenaction.hu/wp-login.php" "Mozilla/5.0 (Windows NT 6.0; rv:34.0) Gecko/20100101 Firefox/34.0"
37.1.140.78 - - [20/Feb/2017:00:39:11 +0100] "GET /admin.php HTTP/1.1" 404 1181 "-" "Mozilla/5.0 (Windows NT 6.0; rv:34.0) Gecko/20100101 Firefox/34.0"
37.1.140.78 - - [20/Feb/2017:00:39:32 +0100] "GET /admin HTTP/1.1" 404 1181 "-" "Mozilla/5.0 (Windows NT 6.0; rv:34.0) Gecko/20100101 Firefox/34.0"
62.182.51.100 - - [20/Feb/2017:00:41:37 +0100] "GET /administrator/ HTTP/1.1" 404 1181 "-" "Mozilla/5.0 (Windows NT 6.0; rv:34.0) Gecko/20100101 Firefox/34.0"
62.182.51.100 - - [20/Feb/2017:00:41:37 +0100] "GET /administrator/index.php HTTP/1.1" 404 1181 "http://greenaction.hu/administrator/" "Mozilla/5.0 (Windows NT 6.0; rv:34.0) Gecko/20100101 Firefox/34.0"
52.208.29.154 - - [20/Feb/2017:00:43:55 +0100] "GET / HTTP/1.1" 200 884 "-" "'Mozilla/5.0 (X11; U; Linux i686; en-US; rv:1.8.1.6) Gecko/20070802 SeaMonkey/1.1.4'"
52.208.29.154 - - [20/Feb/2017:00:43:55 +0100] "GET / HTTP/1.1" 200 884 "-" "'Mozilla/5.0 (X11; U; Linux i686; en-US; rv:1.8.1.6) Gecko/20070802 SeaMonkey/1.1.4'"
62.182.51.100 - - [20/Feb/2017:00:44:42 +0100] "GET /wp-login.php HTTP/1.1" 404 1181 "-" "Mozilla/5.0 (Windows NT 6.0; rv:34.0) Gecko/20100101 Firefox/34.0"
62.182.51.100 - - [20/Feb/2017:00:44:43 +0100] "GET /wp-admin/ HTTP/1.1" 404 1181 "http://greenaction.hu/wp-login.php" "Mozilla/5.0 (Windows NT 6.0; rv:34.0) Gecko/20100101 Firefox/34.0"
207.46.13.220 - - [20/Feb/2017:00:44:56 +0100] "GET /robots.txt HTTP/1.1" 404 1181 "-" "Mozilla/5.0 (compatible; bingbot/2.0; +http://www.bing.com/bingbot.htm)"
207.46.13.49 - - [20/Feb/2017:00:44:58 +0100] "GET /aktualis_elemei/bio2szulinap_elemei/image128.jpg HTTP/1.1" 200 8653 "-" "Mozilla/5.0 (compatible; bingbot/2.0; +http://www.bing.com/bingbot.htm)"
62.182.51.100 - - [20/Feb/2017:00:45:08 +0100] "GET /admin.php HTTP/1.1" 404 1181 "-" "Mozilla/5.0 (Windows NT 6.0; rv:34.0) Gecko/20100101 Firefox/34.0"
62.182.51.100 - - [20/Feb/2017:00:45:38 +0100] "GET /admin HTTP/1.1" 404 1181 "-" "Mozilla/5.0 (Windows NT 6.0; rv:34.0) Gecko/20100101 Firefox/34.0"
89.105.158.244 - - [20/Feb/2017:00:49:02 +0100] "GET /administrator/ HTTP/1.1" 404 1181 "-" "Mozilla/5.0 (Windows NT 6.0; rv:34.0) Gecko/20100101 Firefox/34.0"
89.105.158.244 - - [20/Feb/2017:00:49:03 +0100] "GET /administrator/index.php HTTP/1.1" 404 1181 "http://greenaction.hu/administrator/" "Mozilla/5.0 (Windows NT 6.0; rv:34.0) Gecko/20100101 Firefox/34.0"
89.105.158.244 - - [20/Feb/2017:00:51:57 +0100] "GET /wp-login.php HTTP/1.1" 404 1181 "-" "Mozilla/5.0 (Windows NT 6.0; rv:34.0) Gecko/20100101 Firefox/34.0"
89.105.158.244 - - [20/Feb/2017:00:51:57 +0100] "GET /wp-admin/ HTTP/1.1" 404 1181 "http://greenaction.hu/wp-login.php" "Mozilla/5.0 (Windows NT 6.0; rv:34.0) Gecko/20100101 Firefox/34.0"
89.105.158.244 - - [20/Feb/2017:00:52:30 +0100] "GET /admin.php HTTP/1.1" 404 1181 "-" "Mozilla/5.0 (Windows NT 6.0; rv:34.0) Gecko/20100101 Firefox/34.0"
89.105.158.244 - - [20/Feb/2017:00:52:58 +0100] "GET /admin HTTP/1.1" 404 1181 "-" "Mozilla/5.0 (Windows NT 6.0; rv:34.0) Gecko/20100101 Firefox/34.0"
185.57.30.235 - - [20/Feb/2017:00:55:46 +0100] "GET /administrator/ HTTP/1.1" 404 1181 "-" "Mozilla/5.0 (Windows NT 6.0; rv:34.0) Gecko/20100101 Firefox/34.0"
185.57.30.235 - - [20/Feb/2017:00:55:46 +0100] "GET /administrator/index.php HTTP/1.1" 404 1181 "http://greenaction.hu/administrator/" "Mozilla/5.0 (Windows NT 6.0; rv:34.0) Gecko/20100101 Firefox/34.0"
185.57.30.235 - - [20/Feb/2017:00:59:05 +0100] "GET /wp-login.php HTTP/1.1" 404 1181 "-" "Mozilla/5.0 (Windows NT 6.0; rv:34.0) Gecko/20100101 Firefox/34.0"
185.57.30.235 - - [20/Feb/2017:00:59:06 +0100] "GET /wp-admin/ HTTP/1.1" 404 1181 "http://greenaction.hu/wp-login.php" "Mozilla/5.0 (Windows NT 6.0; rv:34.0) Gecko/20100101 Firefox/34.0"
185.57.30.235 - - [20/Feb/2017:00:59:48 +0100] "GET /admin.php HTTP/1.1" 404 1181 "-" "Mozilla/5.0 (Windows NT 6.0; rv:34.0) Gecko/20100101 Firefox/34.0"
185.57.30.235 - - [20/Feb/2017:01:00:59 +0100] "GET /admin HTTP/1.1" 404 1181 "-" "Mozilla/5.0 (Windows NT 6.0; rv:34.0) Gecko/20100101 Firefox/34.0"
62.210.190.10 - - [20/Feb/2017:01:01:52 +0100] "GET / HTTP/1.0" 200 884 "http://www.greenaction.hu" "Mozilla/4.0 (compatible; MSIE 6.0; Windows NT 5.1; SV1; .NET CLR 2.0.50727)"
188.191.24.174 - - [20/Feb/2017:01:03:00 +0100] "GET /administrator/ HTTP/1.1" 404 1181 "-" "Mozilla/5.0 (Windows NT 6.0; rv:34.0) Gecko/20100101 Firefox/34.0"
188.191.24.174 - - [20/Feb/2017:01:03:00 +0100] "GET /administrator/index.php HTTP/1.1" 404 1181 "http://greenaction.hu/administrator/" "Mozilla/5.0 (Windows NT 6.0; rv:34.0) Gecko/20100101 Firefox/34.0"
188.191.24.174 - - [20/Feb/2017:01:05:43 +0100] "GET /wp-login.php HTTP/1.1" 404 1181 "-" "Mozilla/5.0 (Windows NT 6.0; rv:34.0) Gecko/20100101 Firefox/34.0"
188.191.24.174 - - [20/Feb/2017:01:05:43 +0100] "GET /wp-admin/ HTTP/1.1" 404 1181 "http://greenaction.hu/wp-login.php" "Mozilla/5.0 (Windows NT 6.0; rv:34.0) Gecko/20100101 Firefox/34.0"
188.191.24.174 - - [20/Feb/2017:01:06:20 +0100] "GET /admin.php HTTP/1.1" 404 1181 "-" "Mozilla/5.0 (Windows NT 6.0; rv:34.0) Gecko/20100101 Firefox/34.0"
188.191.24.174 - - [20/Feb/2017:01:06:52 +0100] "GET /admin HTTP/1.1" 404 1181 "-" "Mozilla/5.0 (Windows NT 6.0; rv:34.0) Gecko/20100101 Firefox/34.0"
193.91.66.169 - - [20/Feb/2017:01:29:15 +0100] "GET /archiv_elemei/acitc.html HTTP/1.1" 200 13312 "-" "Mozilla/4.0 (compatible; MSIE 5.5; Windows NT 5.0)"
46.118.114.229 - - [20/Feb/2017:02:03:12 +0100] "GET / HTTP/1.1" 200 884 "http://wsgames.ru/" "Mozilla/4.0 (compatible; MSIE 6.0; Windows NT 5.2; Win64; AMD64)"
46.118.114.229 - - [20/Feb/2017:02:03:12 +0100] "GET / HTTP/1.1" 200 884 "http://wsgames.ru/" "Mozilla/4.0 (compatible; MSIE 6.0; Windows NT 5.2; Win64; AMD64)"
66.249.66.176 - - [20/Feb/2017:03:16:53 +0100] "GET /robots.txt HTTP/1.1" 404 1181 "-" "Mozilla/5.0 (compatible; Googlebot/2.1; +http://www.google.com/bot.html)"
66.249.66.173 - - [20/Feb/2017:03:16:53 +0100] "GET / HTTP/1.1" 200 884 "-" "Mozilla/5.0 (compatible; Googlebot/2.1; +http://www.google.com/bot.html)"
52.3.127.144 - - [20/Feb/2017:03:35:04 +0100] "GET /robots.txt HTTP/1.1" 404 1181 "-" "ltx71 - (http://ltx71.com/)"
52.3.127.144 - - [20/Feb/2017:03:37:00 +0100] "GET / HTTP/1.1" 200 884 "-" "ltx71 - (http://ltx71.com/)"
66.249.66.179 - - [20/Feb/2017:03:52:31 +0100] "GET / HTTP/1.1" 200 884 "-" "Mozilla/5.0 (Linux; Android 6.0.1; Nexus 5X Build/MMB29P) AppleWebKit/537.36 (KHTML, like Gecko) Chrome/41.0.2272.96 Mobile Safari/537.36 (compatible; Googlebot/2.1; +http://www.google.com/bot.html)"
188.165.206.188 - - [20/Feb/2017:04:00:19 +0100] "GET / HTTP/1.1" 200 884 "https://google.com" "Mozilla/5.0 (X11; Ubuntu; Linux x86_64; rv:26.0) Gecko/20100101 Firefox/26.0"
138.197.96.186 - - [20/Feb/2017:04:01:07 +0100] "GET / HTTP/1.1" 200 884 "-" "Mozilla/5.0 (Windows NT 6.1; rv:28.0) Gecko/20100101 Firefox/28.0"
66.249.66.176 - - [20/Feb/2017:04:20:20 +0100] "GET / HTTP/1.1" 200 884 "-" "Mozilla/5.0 (Linux; Android 6.0.1; Nexus 5X Build/MMB29P) AppleWebKit/537.36 (KHTML, like Gecko) Chrome/41.0.2272.96 Mobile Safari/537.36 (compatible; Googlebot/2.1; +http://www.google.com/bot.html)"
172.241.151.23 - - [20/Feb/2017:05:02:24 +0100] "HEAD / HTTP/1.1" 200 0 "http://uptime.com/greenaction.hu" "Mozilla/5.0 (compatible; Uptimebot/1.0; +http://www.uptime.com/uptimebot)"
66.249.66.179 - - [20/Feb/2017:05:10:32 +0100] "GET /aktualis_elemei/fnhv_elemei/image026.jpg HTTP/1.1" 200 11706 "-" "Googlebot-Image/1.0"
66.249.66.179 - - [20/Feb/2017:05:11:13 +0100] "GET /aktualis_elemei/fnhv_elemei/image012.jpg HTTP/1.1" 200 6893 "-" "Googlebot-Image/1.0"
66.249.66.173 - - [20/Feb/2017:05:13:17 +0100] "GET /aktualis_elemei/fnhv_elemei/image014.jpg HTTP/1.1" 200 11092 "-" "Googlebot-Image/1.0"
66.249.66.173 - - [20/Feb/2017:05:13:58 +0100] "GET /aktualis_elemei/fnhv_elemei/image017.jpg HTTP/1.1" 200 11115 "-" "Googlebot-Image/1.0"
66.249.66.176 - - [20/Feb/2017:05:18:46 +0100] "GET /aktualis_elemei/fnhv_elemei/image005.jpg HTTP/1.1" 200 9968 "-" "Googlebot-Image/1.0"
66.249.66.176 - - [20/Feb/2017:05:19:28 +0100] "GET /aktualis_elemei/fnhv_elemei/image007.jpg HTTP/1.1" 200 11194 "-" "Googlebot-Image/1.0"
66.249.66.173 - - [20/Feb/2017:05:20:50 +0100] "GET /aktualis_elemei/fnhv_elemei/image025.jpg HTTP/1.1" 200 13871 "-" "Googlebot-Image/1.0"
68.180.229.249 - - [20/Feb/2017:05:38:56 +0100] "GET /robots.txt HTTP/1.1" 404 1181 "-" "Mozilla/5.0 (compatible; Yahoo! Slurp; http://help.yahoo.com/help/us/ysearch/slurp)"
68.180.229.249 - - [20/Feb/2017:05:38:56 +0100] "GET / HTTP/1.1" 304 - "-" "Mozilla/5.0 (compatible; Yahoo! Slurp; http://help.yahoo.com/help/us/ysearch/slurp)"
68.180.229.249 - - [20/Feb/2017:05:39:18 +0100] "GET /zoldakcio.swf HTTP/1.1" 304 - "-" "Mozilla/5.0 (compatible; Yahoo! Slurp; http://help.yahoo.com/help/us/ysearch/slurp)"
157.55.39.139 - - [20/Feb/2017:06:05:13 +0100] "GET / HTTP/1.1" 200 884 "-" "Mozilla/5.0 (iPhone; CPU iPhone OS 7_0 like Mac OS X) AppleWebKit/537.51.1 (KHTML, like Gecko) Version/7.0 Mobile/11A465 Safari/9537.53 (compatible; bingbot/2.0; +http://www.bing.com/bingbot.htm)"
131.253.25.137 - - [20/Feb/2017:06:05:22 +0100] "GET /pattern.jpg HTTP/1.1" 200 13798 "-" "Mozilla/5.0 (iPhone; CPU iPhone OS 7_0 like Mac OS X) AppleWebKit/537.51.1 (KHTML, like Gecko) Version/7.0 Mobile/11A465 Safari/9537.53 BingPreview/1.0b"
131.253.25.210 - - [20/Feb/2017:06:05:25 +0100] "GET /zoldakcio.swf HTTP/1.1" 200 840351 "-" "Mozilla/5.0 (iPhone; CPU iPhone OS 7_0 like Mac OS X) AppleWebKit/537.51.1 (KHTML, like Gecko) Version/7.0 Mobile/11A465 Safari/9537.53 BingPreview/1.0b"
138.197.111.212 - - [20/Feb/2017:06:16:34 +0100] "GET / HTTP/1.1" 200 884 "http://greenaction.hu" "Mozilla/5.0 (Windows NT 6.1; WOW64; rv:28.0) Gecko/20100101 Firefox/28.0"
138.197.111.212 - - [20/Feb/2017:06:16:55 +0100] "GET /robots.txt HTTP/1.1" 404 1181 "-" "Mozilla/5.0 (Windows NT 6.1; WOW64) AppleWebKit/537.36 (KHTML, like Gecko) Chrome/34.0.1847.137 Safari/537.36"
164.132.161.4 - - [20/Feb/2017:06:27:39 +0100] "GET /aktualis_elemei/szulinap2.html HTTP/1.1" 200 10182 "-" "Mozilla/5.0 (compatible; AhrefsBot/5.2; +http://ahrefs.com/robot/)"
46.229.164.99 - - [20/Feb/2017:07:08:00 +0100] "GET /robots.txt HTTP/1.1" 404 1181 "-" "Mozilla/5.0 (compatible; SemrushBot/1.2~bl; +http://www.semrush.com/bot.html)"
66.249.66.210 - - [20/Feb/2017:07:19:10 +0100] "GET / HTTP/1.1" 200 884 "-" "Mozilla/5.0 (Linux; Android 6.0.1; Nexus 5X Build/MMB29P) AppleWebKit/537.36 (KHTML, like Gecko) Chrome/41.0.2272.96 Mobile Safari/537.36 (compatible; Googlebot/2.1; +http://www.google.com/bot.html)"
66.249.66.179 - - [20/Feb/2017:07:43:42 +0100] "GET /aktualis_elemei/bio2szulinap_elemei/image012.jpg HTTP/1.1" 304 - "-" "Googlebot-Image/1.0"
66.249.66.179 - - [20/Feb/2017:07:46:52 +0100] "GET / HTTP/1.1" 200 884 "-" "Mozilla/5.0 (Linux; Android 6.0.1; Nexus 5X Build/MMB29P) AppleWebKit/537.36 (KHTML, like Gecko) Chrome/41.0.2272.96 Mobile Safari/537.36 (compatible; Googlebot/2.1; +http://www.google.com/bot.html)"
37.115.190.104 - - [20/Feb/2017:07:53:09 +0100] "GET / HTTP/1.1" 200 884 "http://stary-oskol.xxxrus.org/" "Mozilla/4.0 (compatible; MSIE 6.0; Windows NT 5.0)"
37.115.190.104 - - [20/Feb/2017:07:53:10 +0100] "GET / HTTP/1.1" 200 884 "http://domodedovo.xxxrus.org/" "Mozilla/4.0 (compatible; MSIE 6.0; Windows NT 5.0)"
37.115.190.104 - - [20/Feb/2017:07:53:10 +0100] "GET / HTTP/1.1" 200 884 "http://stary-oskol.xxxrus.org/" "Mozilla/4.0 (compatible; MSIE 6.0; Windows NT 5.0)"
199.193.251.133 - - [20/Feb/2017:07:54:40 +0100] "HEAD / HTTP/1.1" 200 0 "https://www.inboundlinks.win/InboundLinks/www.greenaction.hu" "Mozilla/5.0 (compatible; MSIE 9.0; Windows NT 6.1; WOW64; Trident/5.0)"
193.224.145.124 - - [20/Feb/2017:07:58:43 +0100] "GET /aktualis_elemei/katonai.html HTTP/1.1" 200 22109 "https://www.google.hu/" "Mozilla/5.0 (Windows NT 6.3; Win64; x64) AppleWebKit/537.36 (KHTML, like Gecko) Chrome/56.0.2924.87 Safari/537.36"
193.224.145.124 - - [20/Feb/2017:07:58:43 +0100] "GET /aktualis_elemei/katonai_elemei/image001.jpg HTTP/1.1" 200 35821 "http://www.greenaction.hu/aktualis_elemei/katonai.html" "Mozilla/5.0 (Windows NT 6.3; Win64; x64) AppleWebKit/537.36 (KHTML, like Gecko) Chrome/56.0.2924.87 Safari/537.36"
193.224.145.124 - - [20/Feb/2017:07:58:43 +0100] "GET /aktualis_elemei/katonai_elemei/image002.jpg HTTP/1.1" 200 34104 "http://www.greenaction.hu/aktualis_elemei/katonai.html" "Mozilla/5.0 (Windows NT 6.3; Win64; x64) AppleWebKit/537.36 (KHTML, like Gecko) Chrome/56.0.2924.87 Safari/537.36"
193.224.145.124 - - [20/Feb/2017:07:58:43 +0100] "GET /aktualis_elemei/katonai_elemei/image003.jpg HTTP/1.1" 200 88392 "http://www.greenaction.hu/aktualis_elemei/katonai.html" "Mozilla/5.0 (Windows NT 6.3; Win64; x64) AppleWebKit/537.36 (KHTML, like Gecko) Chrome/56.0.2924.87 Safari/537.36"
193.224.145.124 - - [20/Feb/2017:07:58:43 +0100] "GET /aktualis_elemei/katonai_elemei/image004.jpg HTTP/1.1" 200 56554 "http://www.greenaction.hu/aktualis_elemei/katonai.html" "Mozilla/5.0 (Windows NT 6.3; Win64; x64) AppleWebKit/537.36 (KHTML, like Gecko) Chrome/56.0.2924.87 Safari/537.36"
193.224.145.124 - - [20/Feb/2017:07:58:43 +0100] "GET /favicon.ico HTTP/1.1" 404 1181 "http://www.greenaction.hu/aktualis_elemei/katonai.html" "Mozilla/5.0 (Windows NT 6.3; Win64; x64) AppleWebKit/537.36 (KHTML, like Gecko) Chrome/56.0.2924.87 Safari/537.36"
164.132.161.76 - - [20/Feb/2017:08:10:24 +0100] "GET /aktualis_elemei/humuszkotelhuzo.html HTTP/1.1" 200 14947 "-" "Mozilla/5.0 (compatible; AhrefsBot/5.2; +http://ahrefs.com/robot/)"
130.193.51.56 - - [20/Feb/2017:08:34:21 +0100] "GET /robots.txt HTTP/1.1" 404 1181 "-" "Mozilla/5.0 (compatible; YandexBot/3.0; +http://yandex.com/bots)"
130.193.51.56 - - [20/Feb/2017:08:34:21 +0100] "GET /robots.txt HTTP/1.1" 404 1181 "-" "Mozilla/5.0 (compatible; YandexBot/3.0; +http://yandex.com/bots)"
130.193.51.56 - - [20/Feb/2017:08:34:25 +0100] "GET / HTTP/1.1" 200 884 "-" "Mozilla/5.0 (compatible; YandexBot/3.0; +http://yandex.com/bots)"
130.193.51.56 - - [20/Feb/2017:08:34:25 +0100] "GET / HTTP/1.1" 200 884 "-" "Mozilla/5.0 (compatible; YandexBot/3.0; +http://yandex.com/bots)"
93.158.152.25 - - [20/Feb/2017:08:34:30 +0100] "GET /zoldakcio.swf HTTP/1.1" 200 840351 "-" "Mozilla/5.0 (compatible; YandexBot/3.0; +http://yandex.com/bots)"
93.158.152.25 - - [20/Feb/2017:08:34:30 +0100] "GET /zoldakcio.swf HTTP/1.1" 200 840351 "-" "Mozilla/5.0 (compatible; YandexBot/3.0; +http://yandex.com/bots)"
157.55.39.238 - - [20/Feb/2017:08:40:51 +0100] "GET /aktualis_elemei/katonai.html HTTP/1.1" 200 22109 "-" "Mozilla/5.0 (iPhone; CPU iPhone OS 7_0 like Mac OS X) AppleWebKit/537.51.1 (KHTML, like Gecko) Version/7.0 Mobile/11A465 Safari/9537.53 (compatible; bingbot/2.0; +http://www.bing.com/bingbot.htm)"
40.77.167.111 - - [20/Feb/2017:08:42:26 +0100] "GET /aktualis_elemei/katonai_elemei/image001.jpg HTTP/1.1" 200 35821 "-" "Mozilla/5.0 (iPhone; CPU iPhone OS 7_0 like Mac OS X) AppleWebKit/537.51.1 (KHTML, like Gecko) Version/7.0 Mobile/11A465 Safari/9537.53 (compatible; bingbot/2.0; +http://www.bing.com/bingbot.htm)"
207.46.13.196 - - [20/Feb/2017:08:43:16 +0100] "GET /robots.txt HTTP/1.1" 404 1181 "-" "Mozilla/5.0 (compatible; bingbot/2.0; +http://www.bing.com/bingbot.htm)"
80.98.162.212 - - [20/Feb/2017:09:22:03 +0100] "GET /aktualis_elemei/katonai_elemei/image004.jpg HTTP/1.1" 200 56554 "https://www.google.hu/" "Mozilla/5.0 (Windows NT 10.0; WOW64) AppleWebKit/537.36 (KHTML, like Gecko) Chrome/51.0.2704.106 Safari/537.36 ASW/1.51.2220.62"
108.59.8.80 - - [20/Feb/2017:09:32:20 +0100] "GET /robots.txt HTTP/1.1" 404 1181 "-" "Mozilla/5.0 (compatible; MJ12bot/v1.4.7; http://mj12bot.com/)"
108.59.8.80 - - [20/Feb/2017:09:32:22 +0100] "GET / HTTP/1.1" 200 884 "-" "Mozilla/5.0 (compatible; MJ12bot/v1.4.7; http://mj12bot.com/)"
219.145.144.65 - - [20/Feb/2017:09:35:52 +0100] "GET / HTTP/1.1" 200 884 "-" "Mozilla/5.0 (Windows NT 10.0; WOW64) AppleWebKit/537.36 (KHTML, like Gecko) Chrome/49.0.2623.110 Safari/537.36"
80.98.162.212 - - [20/Feb/2017:09:37:27 +0100] "GET /aktualis_elemei/katonai_elemei/image003.jpg HTTP/1.1" 200 88392 "https://www.google.hu/" "Mozilla/5.0 (Windows NT 10.0; WOW64) AppleWebKit/537.36 (KHTML, like Gecko) Chrome/51.0.2704.106 Safari/537.36 ASW/1.51.2220.62"
104.223.112.68 - - [20/Feb/2017:09:42:19 +0100] "HEAD / HTTP/1.1" 200 0 "http://uptime.com/greenaction.hu" "Mozilla/5.0 (compatible; Uptimebot/1.0; +http://www.uptime.com/uptimebot)"
157.55.39.52 - - [20/Feb/2017:09:43:31 +0100] "GET /robots.txt HTTP/1.1" 404 1181 "-" "Mozilla/5.0 (compatible; bingbot/2.0; +http://www.bing.com/bingbot.htm)"
52.3.127.144 - - [20/Feb/2017:10:08:22 +0100] "GET /robots.txt HTTP/1.1" 404 1181 "-" "ltx71 - (http://ltx71.com/)"
52.3.127.144 - - [20/Feb/2017:10:09:54 +0100] "GET / HTTP/1.1" 200 884 "-" "ltx71 - (http://ltx71.com/)"
37.76.49.86 - - [20/Feb/2017:10:15:16 +0100] "GET /aktualis_elemei/bio2szulinap_elemei/image116.jpg HTTP/1.1" 200 9709 "-" "Mozilla/5.0 (Linux; Android 5.1; HUAWEI CUN-L21 Build/HUAWEICUN-L21; wv) AppleWebKit/537.36 (KHTML, like Gecko) Version/4.0 Chrome/55.0.2883.91 Mobile Safari/537.36 GSA/6.9.36.21.arm"
195.184.22.114 - - [20/Feb/2017:10:24:54 +0100] "GET /aktualis_elemei/katonai_elemei/image004.jpg HTTP/1.1" 200 56554 "https://www.google.hu/" "Mozilla/5.0 (Windows NT 6.3; WOW64) AppleWebKit/537.36 (KHTML, like Gecko) Chrome/56.0.2924.87 Safari/537.36"
194.88.35.34 - - [20/Feb/2017:11:20:45 +0100] "GET /aktualis_elemei/bio2szulinap_elemei/image092.jpg HTTP/1.1" 200 7352 "https://www.google.hu/" "Mozilla/5.0 (Windows NT 6.1; Win64; x64) AppleWebKit/537.36 (KHTML, like Gecko) Chrome/56.0.2924.87 Safari/537.36"
194.88.35.34 - - [20/Feb/2017:11:26:30 +0100] "GET /aktualis_elemei/bio2szulinap_elemei/image090.jpg HTTP/1.1" 200 7132 "https://www.google.hu/" "Mozilla/5.0 (Windows NT 6.1; Win64; x64) AppleWebKit/537.36 (KHTML, like Gecko) Chrome/56.0.2924.87 Safari/537.36"
52.3.127.144 - - [20/Feb/2017:11:34:35 +0100] "GET /robots.txt HTTP/1.1" 404 1181 "-" "ltx71 - (http://ltx71.com/)"
52.3.127.144 - - [20/Feb/2017:11:35:22 +0100] "GET / HTTP/1.1" 200 884 "-" "ltx71 - (http://ltx71.com/)"
66.249.66.176 - - [20/Feb/2017:12:23:54 +0100] "GET / HTTP/1.1" 200 884 "-" "Mozilla/5.0 (Linux; Android 6.0.1; Nexus 5X Build/MMB29P) AppleWebKit/537.36 (KHTML, like Gecko) Chrome/41.0.2272.96 Mobile Safari/537.36 (compatible; Googlebot/2.1; +http://www.google.com/bot.html)"
77.111.90.197 - - [20/Feb/2017:12:32:08 +0100] "GET / HTTP/1.1" 200 884 "-" "Mozilla/5.0 (Windows NT 6.1; WOW64) AppleWebKit/537.36 (KHTML, like Gecko) Chrome/46.0.2490.71 Safari/537.36"
77.111.90.197 - - [20/Feb/2017:12:32:08 +0100] "GET / HTTP/1.0" 200 884 "-" "-"
40.77.167.111 - - [20/Feb/2017:12:50:20 +0100] "GET /aktualis_elemei/bparak0908.html HTTP/1.1" 200 63132 "-" "Mozilla/5.0 (iPhone; CPU iPhone OS 7_0 like Mac OS X) AppleWebKit/537.51.1 (KHTML, like Gecko) Version/7.0 Mobile/11A465 Safari/9537.53 (compatible; bingbot/2.0; +http://www.bing.com/bingbot.htm)"
157.55.39.52 - - [20/Feb/2017:12:50:37 +0100] "GET /robots.txt HTTP/1.1" 404 1181 "-" "Mozilla/5.0 (compatible; bingbot/2.0; +http://www.bing.com/bingbot.htm)"
66.249.66.210 - - [20/Feb/2017:13:29:09 +0100] "GET /robots.txt HTTP/1.1" 404 1181 "-" "Mozilla/5.0 (compatible; Googlebot/2.1; +http://www.google.com/bot.html)"
66.249.66.206 - - [20/Feb/2017:13:29:09 +0100] "GET / HTTP/1.1" 200 884 "-" "Mozilla/5.0 (compatible; Googlebot/2.1; +http://www.google.com/bot.html)"
46.118.114.229 - - [20/Feb/2017:13:44:40 +0100] "GET / HTTP/1.1" 200 884 "http://xn----7sbbahaq9bb5afgiqfliv4m.xn--p1ai/" "Mozilla/4.0 (compatible; MSIE 6.0; Windows 98; Win 9x 4.90; Creative)"
46.118.114.229 - - [20/Feb/2017:13:44:41 +0100] "GET / HTTP/1.1" 200 884 "http://xn----7sbbahaq9bb5afgiqfliv4m.xn--p1ai/" "Mozilla/4.0 (compatible; MSIE 6.0; Windows 98; Win 9x 4.90; Creative)"
66.249.66.173 - - [20/Feb/2017:13:53:37 +0100] "GET /archiv_elemei/lombkomposzt.html HTTP/1.1" 200 16239 "-" "Mozilla/5.0 (compatible; Googlebot/2.1; +http://www.google.com/bot.html)"
52.3.127.144 - - [20/Feb/2017:13:58:38 +0100] "GET /robots.txt HTTP/1.1" 404 1181 "-" "ltx71 - (http://ltx71.com/)"
66.249.66.179 - - [20/Feb/2017:14:04:06 +0100] "GET / HTTP/1.1" 200 884 "-" "Mozilla/5.0 (compatible; Googlebot/2.1; +http://www.google.com/bot.html)"
37.115.190.104 - - [20/Feb/2017:14:55:19 +0100] "GET / HTTP/1.1" 200 884 "http://yuzhno-sakhalinsk.xxxrus.org/" "Mozilla/4.0 (compatible; MSIE 6.0; Windows NT 5.1)"
37.115.190.104 - - [20/Feb/2017:14:55:19 +0100] "GET / HTTP/1.1" 200 884 "http://yuzhno-sakhalinsk.xxxrus.org/" "Mozilla/4.0 (compatible; MSIE 6.0; Windows NT 5.1)"
46.118.114.229 - - [20/Feb/2017:14:58:04 +0100] "GET / HTTP/1.1" 200 884 "http://taxi-v-eisk.ru/" "Mozilla/4.0 (compatible; MSIE 4.01; Digital AlphaServer 1000A 4/233; Windows NT; Powered By 64-Bit Alpha Processor)"
46.118.114.229 - - [20/Feb/2017:14:58:04 +0100] "GET / HTTP/1.1" 200 884 "http://taxi-v-eisk.ru/" "Mozilla/4.0 (compatible; MSIE 4.01; Digital AlphaServer 1000A 4/233; Windows NT; Powered By 64-Bit Alpha Processor)"
46.118.114.229 - - [20/Feb/2017:14:58:05 +0100] "GET / HTTP/1.1" 200 884 "http://taxi-v-eisk.ru/" "Mozilla/4.0 (compatible; MSIE 4.01; Digital AlphaServer 1000A 4/233; Windows NT; Powered By 64-Bit Alpha Processor)"
66.249.66.173 - - [20/Feb/2017:15:10:51 +0100] "GET /aktualis_elemei/bio2szulinap_elemei/image058.jpg HTTP/1.1" 304 - "-" "Googlebot-Image/1.0"
180.76.15.6 - - [20/Feb/2017:15:19:20 +0100] "GET /hirek/fn_reszletes.pdf HTTP/1.1" 200 195567 "-" "Mozilla/5.0 (compatible; Baiduspider/2.0; +http://www.baidu.com/search/spider.html)"
86.126.91.108 - - [20/Feb/2017:15:31:26 +0100] "GET /aktualis_elemei/bio2szulinap_elemei/image108.jpg HTTP/1.1" 200 9238 "https://www.google.ro/" "Mozilla/5.0 (Windows NT 5.1) AppleWebKit/537.36 (KHTML, like Gecko) Chrome/49.0.2623.112 Safari/537.36"
66.249.66.179 - - [20/Feb/2017:16:14:42 +0100] "GET /robots.txt HTTP/1.1" 404 1181 "-" "Mozilla/5.0 (compatible; Googlebot/2.1; +http://www.google.com/bot.html)"
66.249.66.173 - - [20/Feb/2017:16:14:42 +0100] "GET /aktualis_elemei/bio2szulinap_elemei/image056.jpg HTTP/1.1" 304 - "-" "Googlebot-Image/1.0"
192.157.254.197 - - [20/Feb/2017:16:28:53 +0100] "HEAD / HTTP/1.1" 200 0 "https://www.inboundlinks.win/InboundLinks/www.greenaction.hu" "Mozilla/5.0 (compatible; MSIE 9.0; Windows NT 6.1; WOW64; Trident/5.0)"
109.61.2.198 - - [20/Feb/2017:16:53:49 +0100] "GET /favicon.ico HTTP/1.1" 404 1181 "http://www.greenaction.hu/kiadvany/miskolchvte.pdf" "Mozilla/5.0 (Windows NT 6.1; WOW64) AppleWebKit/537.36 (KHTML, like Gecko) Chrome/56.0.2924.87 Safari/537.36"
109.61.2.198 - - [20/Feb/2017:16:53:55 +0100] "GET /kiadvany/miskolchvte.pdf HTTP/1.1" 200 4059249 "https://www.google.hu/" "Mozilla/5.0 (Windows NT 6.1; WOW64) AppleWebKit/537.36 (KHTML, like Gecko) Chrome/56.0.2924.87 Safari/537.36"
66.249.66.176 - - [20/Feb/2017:16:57:42 +0100] "GET /aktualis_elemei/bio2szulinap_elemei/image038.jpg HTTP/1.1" 304 - "-" "Googlebot-Image/1.0"
157.55.39.52 - - [20/Feb/2017:17:01:15 +0100] "GET /kiadvany/delbukk.pdf HTTP/1.1" 200 1540585 "-" "Mozilla/5.0 (iPhone; CPU iPhone OS 7_0 like Mac OS X) AppleWebKit/537.51.1 (KHTML, like Gecko) Version/7.0 Mobile/11A465 Safari/9537.53 (compatible; bingbot/2.0; +http://www.bing.com/bingbot.htm)"
157.55.39.52 - - [20/Feb/2017:17:01:29 +0100] "GET /robots.txt HTTP/1.1" 404 1181 "-" "Mozilla/5.0 (compatible; bingbot/2.0; +http://www.bing.com/bingbot.htm)"
157.55.39.139 - - [20/Feb/2017:17:01:43 +0100] "GET / HTTP/1.1" 200 884 "-" "Mozilla/5.0 (compatible; bingbot/2.0; +http://www.bing.com/bingbot.htm)"
51.255.65.14 - - [20/Feb/2017:17:31:26 +0100] "GET /aktualis.html HTTP/1.1" 200 104235 "-" "Mozilla/5.0 (compatible; AhrefsBot/5.2; +http://ahrefs.com/robot/)"
66.249.66.176 - - [20/Feb/2017:17:34:51 +0100] "GET /aktualis_elemei/bio2szulinap_elemei/image130.jpg HTTP/1.1" 304 - "-" "Googlebot-Image/1.0"
66.249.66.179 - - [20/Feb/2017:17:39:38 +0100] "GET / HTTP/1.1" 200 884 "-" "Mozilla/5.0 (compatible; Googlebot/2.1; +http://www.google.com/bot.html)"
66.249.66.210 - - [20/Feb/2017:18:13:25 +0100] "GET / HTTP/1.1" 200 884 "-" "Mozilla/5.0 (Linux; Android 6.0.1; Nexus 5X Build/MMB29P) AppleWebKit/537.36 (KHTML, like Gecko) Chrome/41.0.2272.96 Mobile Safari/537.36 (compatible; Googlebot/2.1; +http://www.google.com/bot.html)"
66.249.66.179 - - [20/Feb/2017:18:14:35 +0100] "GET / HTTP/1.1" 200 884 "-" "Mozilla/5.0 (Linux; Android 6.0.1; Nexus 5X Build/MMB29P) AppleWebKit/537.36 (KHTML, like Gecko) Chrome/41.0.2272.96 Mobile Safari/537.36 (compatible; Googlebot/2.1; +http://www.google.com/bot.html)"
46.118.153.238 - - [20/Feb/2017:18:18:25 +0100] "GET / HTTP/1.1" 200 884 "http://kmd-pto.ru/" "Opera/9.0 (Windows NT 5.1; U; en)"
84.3.172.165 - - [20/Feb/2017:18:27:32 +0100] "GET / HTTP/1.1" 200 884 "-" "Java/1.8.0_66"
84.3.172.165 - - [20/Feb/2017:18:27:33 +0100] "GET / HTTP/1.1" 200 884 "-" "Java/1.8.0_66"
84.3.172.165 - - [20/Feb/2017:18:27:33 +0100] "GET / HTTP/1.1" 200 884 "-" "Java/1.8.0_66"
180.76.15.149 - - [20/Feb/2017:19:59:29 +0100] "GET /magunkrol_elemei/kozhasznu.html HTTP/1.1" 200 48365 "-" "Mozilla/5.0 (compatible; Baiduspider/2.0; +http://www.baidu.com/search/spider.html)"
66.249.66.176 - - [20/Feb/2017:20:44:59 +0100] "GET /aktualis_elemei/bio2szulinap_elemei/image078.jpg HTTP/1.1" 200 7760 "-" "Googlebot-Image/1.0"
5.9.17.118 - - [20/Feb/2017:20:49:21 +0100] "GET /kiadvany/miskolchvte.pdf HTTP/1.1" 200 4059249 "-" "Mozilla/5.0 (X11; Ubuntu; Linux x86_64; rv:21.0) Gecko/20100101 Firefox/21.0"
66.249.66.182 - - [20/Feb/2017:21:02:21 +0100] "GET / HTTP/1.1" 200 884 "-" "Mozilla/5.0 (compatible; Googlebot/2.1; +http://www.google.com/bot.html)"
34.250.205.198 - - [20/Feb/2017:21:15:23 +0100] "HEAD / HTTP/1.1" 200 0 "-" "Mozilla/5.0 (compatible; JobKereso; +https://www.kozvetlen-allasok.hu/robot.jsp info@kozvetlen-allasok.hu)"
34.250.205.198 - - [20/Feb/2017:21:15:23 +0100] "GET /robots.txt HTTP/1.1" 404 1181 "-" "Mozilla/5.0 (compatible; JobKereso; +https://www.kozvetlen-allasok.hu/robot.jsp info@kozvetlen-allasok.hu)"
34.250.205.198 - - [20/Feb/2017:21:15:23 +0100] "HEAD / HTTP/1.1" 200 0 "-" "Mozilla/5.0 (compatible; JobKereso; +https://www.kozvetlen-allasok.hu/robot.jsp info@kozvetlen-allasok.hu)"
34.250.205.198 - - [20/Feb/2017:21:15:23 +0100] "GET / HTTP/1.1" 200 884 "-" "Mozilla/5.0 (compatible; JobKereso; +https://www.kozvetlen-allasok.hu/robot.jsp info@kozvetlen-allasok.hu)"
34.250.205.198 - - [20/Feb/2017:21:15:23 +0100] "HEAD /favicon.ico HTTP/1.1" 404 0 "https://www.kozvetlen-allasok.hu" "Mozilla/5.0 (compatible; JobKeresoBot; +https://www.kozvetlen-allasok.hu/help.jsp; info@kozvetlen-allasok.hu; 5.0"
172.241.151.25 - - [20/Feb/2017:21:32:22 +0100] "HEAD / HTTP/1.1" 200 0 "http://uptime.com/greenaction.hu" "Mozilla/5.0 (compatible; Uptimebot/1.0; +http://www.uptime.com/uptimebot)"
172.241.151.21 - - [20/Feb/2017:21:32:23 +0100] "GET / HTTP/1.1" 200 884 "-" "Mozilla/5.0 (compatible; Uptimebot/1.0; +http://www.uptime.com/uptimebot)"
34.250.207.249 - - [20/Feb/2017:21:33:47 +0100] "HEAD / HTTP/1.1" 200 0 "-" "Mozilla/5.0 (compatible; JobKereso; +https://www.kozvetlen-allasok.hu/robot.jsp info@kozvetlen-allasok.hu)"
34.250.207.249 - - [20/Feb/2017:21:33:47 +0100] "GET /robots.txt HTTP/1.1" 404 1181 "-" "Mozilla/5.0 (compatible; JobKereso; +https://www.kozvetlen-allasok.hu/robot.jsp info@kozvetlen-allasok.hu)"
34.250.207.249 - - [20/Feb/2017:21:33:48 +0100] "HEAD / HTTP/1.1" 200 0 "-" "Mozilla/5.0 (compatible; JobKereso; +https://www.kozvetlen-allasok.hu/robot.jsp info@kozvetlen-allasok.hu)"
34.250.207.249 - - [20/Feb/2017:21:33:48 +0100] "GET / HTTP/1.1" 200 884 "-" "Mozilla/5.0 (compatible; JobKereso; +https://www.kozvetlen-allasok.hu/robot.jsp info@kozvetlen-allasok.hu)"
34.250.207.249 - - [20/Feb/2017:21:33:49 +0100] "HEAD /favicon.ico HTTP/1.1" 404 0 "https://www.kozvetlen-allasok.hu" "Mozilla/5.0 (compatible; JobKeresoBot; +https://www.kozvetlen-allasok.hu/help.jsp; info@kozvetlen-allasok.hu; 5.0"
207.46.13.228 - - [20/Feb/2017:22:10:05 +0100] "GET /robots.txt HTTP/1.1" 404 1181 "-" "Mozilla/5.0 (compatible; bingbot/2.0; +http://www.bing.com/bingbot.htm)"
157.55.39.227 - - [20/Feb/2017:22:11:04 +0100] "GET /kiadvany/miskolchvte.pdf HTTP/1.1" 200 4059249 "-" "Mozilla/5.0 (iPhone; CPU iPhone OS 7_0 like Mac OS X) AppleWebKit/537.51.1 (KHTML, like Gecko) Version/7.0 Mobile/11A465 Safari/9537.53 (compatible; bingbot/2.0; +http://www.bing.com/bingbot.htm)"
66.249.66.176 - - [20/Feb/2017:22:13:25 +0100] "GET / HTTP/1.1" 200 884 "-" "Mozilla/5.0 (Linux; Android 6.0.1; Nexus 5X Build/MMB29P) AppleWebKit/537.36 (KHTML, like Gecko) Chrome/41.0.2272.96 Mobile Safari/537.36 (compatible; Googlebot/2.1; +http://www.google.com/bot.html)"
66.249.66.176 - - [20/Feb/2017:22:30:58 +0100] "GET /visszatekint.html HTTP/1.1" 200 36767 "-" "Mozilla/5.0 (compatible; Googlebot/2.1; +http://www.google.com/bot.html)"
46.118.114.229 - - [20/Feb/2017:22:44:39 +0100] "GET / HTTP/1.1" 200 884 "http://novokuznetsk.xxxrus.org/" "Mozilla/4.0 (compatible; MSIE 6.0; Windows NT) ::ELNSB50::000061100320025802a00111000000000507000900000000"
46.118.114.229 - - [20/Feb/2017:22:44:39 +0100] "GET / HTTP/1.1" 200 884 "http://novokuznetsk.xxxrus.org/" "Mozilla/4.0 (compatible; MSIE 6.0; Windows NT) ::ELNSB50::000061100320025802a00111000000000507000900000000"
157.55.39.139 - - [20/Feb/2017:22:59:18 +0100] "GET /aktualis_elemei/bio2szulinap_elemei/image054.jpg HTTP/1.1" 200 10738 "-" "Mozilla/5.0 (compatible; bingbot/2.0; +http://www.bing.com/bingbot.htm)"
157.55.39.227 - - [20/Feb/2017:23:05:50 +0100] "GET /aktualis_elemei/bio2szulinap_elemei/image126.jpg HTTP/1.1" 200 9363 "-" "Mozilla/5.0 (compatible; bingbot/2.0; +http://www.bing.com/bingbot.htm)"
157.55.39.227 - - [20/Feb/2017:23:18:37 +0100] "GET /kiadvany/miskolchvte.pdf HTTP/1.1" 200 4059249 "-" "msnbot-media/1.1 (+http://search.msn.com/msnbot.htm)"
46.229.164.98 - - [20/Feb/2017:23:22:43 +0100] "GET /robots.txt HTTP/1.1" 404 1181 "-" "Mozilla/5.0 (compatible; SemrushBot/1.2~bl; +http://www.semrush.com/bot.html)"
46.229.164.100 - - [20/Feb/2017:23:42:03 +0100] "GET /robots.txt HTTP/1.1" 404 1181 "-" "Mozilla/5.0 (compatible; SemrushBot/1.2~bl; +http://www.semrush.com/bot.html)"
66.249.66.173 - - [20/Feb/2017:23:43:33 +0100] "GET / HTTP/1.1" 200 884 "-" "Mozilla/5.0 (Linux; Android 6.0.1; Nexus 5X Build/MMB29P) AppleWebKit/537.36 (KHTML, like Gecko) Chrome/41.0.2272.96 Mobile Safari/537.36 (compatible; Googlebot/2.1; +http://www.google.com/bot.html)"
159.203.173.172 - - [21/Feb/2017:00:07:27 +0100] "GET / HTTP/1.1" 200 884 "-" "Mozilla/5.0 (Windows NT 6.1; WOW64) AppleWebKit/537.36 (KHTML, like Gecko) Chrome/34.0.1847.137 Safari/537.36"
212.111.40.83 - - [21/Feb/2017:00:10:03 +0100] "HEAD / HTTP/1.0" 200 0 "-" "Drupal (+http://drupal.org/)"
212.111.40.83 - - [21/Feb/2017:00:10:03 +0100] "HEAD / HTTP/1.0" 200 0 "-" "Drupal (+http://drupal.org/)"
46.229.170.197 - - [21/Feb/2017:01:22:35 +0100] "GET / HTTP/1.1" 200 884 "-" "Mozilla/5.0 (Windows NT 6.1; rv:2.0b6pre) Gecko/20100903 Firefox/4.0b6pre Firefox/4.0b6pre"
217.69.133.169 - - [21/Feb/2017:01:26:02 +0100] "GET / HTTP/1.1" 200 884 "-" "Mozilla/5.0 (X11; Linux x86_64; rv:18.0) Gecko/20100101 Firefox/18.0"
217.69.133.169 - - [21/Feb/2017:01:26:02 +0100] "GET /favicon.ico HTTP/1.1" 404 1181 "-" "Mozilla/5.0 (X11; Linux x86_64; rv:18.0) Gecko/20100101 Firefox/18.0"
217.69.133.169 - - [21/Feb/2017:01:26:02 +0100] "GET /favicon.png HTTP/1.1" 404 1181 "-" "Mozilla/5.0 (X11; Linux x86_64; rv:18.0) Gecko/20100101 Firefox/18.0"
66.249.66.176 - - [21/Feb/2017:01:36:01 +0100] "GET / HTTP/1.1" 200 884 "-" "Mozilla/5.0 (compatible; Googlebot/2.1; +http://www.google.com/bot.html)"
91.82.45.12 - - [21/Feb/2017:01:58:58 +0100] "GET /aktualis_elemei/bio2szulinap_elemei/image092.jpg HTTP/1.1" 200 7352 "https://www.google.hu/" "Mozilla/5.0 (Windows NT 6.1; rv:51.0) Gecko/20100101 Firefox/51.0"
91.82.45.12 - - [21/Feb/2017:01:59:04 +0100] "GET /aktualis_elemei/bio2szulinap_elemei/image096.jpg HTTP/1.1" 200 8771 "https://www.google.hu/" "Mozilla/5.0 (Windows NT 6.1; rv:51.0) Gecko/20100101 Firefox/51.0"
91.82.45.12 - - [21/Feb/2017:01:59:07 +0100] "GET /aktualis_elemei/bio2szulinap_elemei/image086.jpg HTTP/1.1" 200 7670 "https://www.google.hu/" "Mozilla/5.0 (Windows NT 6.1; rv:51.0) Gecko/20100101 Firefox/51.0"
91.82.45.12 - - [21/Feb/2017:01:59:09 +0100] "GET /aktualis_elemei/bio2szulinap_elemei/image090.jpg HTTP/1.1" 200 7132 "https://www.google.hu/" "Mozilla/5.0 (Windows NT 6.1; rv:51.0) Gecko/20100101 Firefox/51.0"
91.82.45.12 - - [21/Feb/2017:01:59:13 +0100] "GET /aktualis_elemei/bio2szulinap_elemei/image104.jpg HTTP/1.1" 200 8372 "https://www.google.hu/" "Mozilla/5.0 (Windows NT 6.1; rv:51.0) Gecko/20100101 Firefox/51.0"
66.249.66.173 - - [21/Feb/2017:02:06:28 +0100] "GET /1greenaction.hu/vissza_files/vissza.css HTTP/1.1" 404 1181 "http://www.greenaction.hu/visszatekint.html" "Mozilla/5.0 (compatible; Googlebot/2.1; +http://www.google.com/bot.html)"
66.249.66.179 - - [21/Feb/2017:02:30:37 +0100] "GET /aktualis_elemei/bio2szulinap_elemei/image064.jpg HTTP/1.1" 304 - "-" "Googlebot-Image/1.0"
66.249.66.176 - - [21/Feb/2017:02:41:34 +0100] "GET /aktualis_elemei/bio2szulinap_elemei/image082.jpg HTTP/1.1" 304 - "-" "Googlebot-Image/1.0"
66.249.66.176 - - [21/Feb/2017:02:47:05 +0100] "GET / HTTP/1.1" 200 884 "-" "Mozilla/5.0 (compatible; Googlebot/2.1; +http://www.google.com/bot.html)"
46.118.233.101 - - [21/Feb/2017:03:00:30 +0100] "GET / HTTP/1.1" 200 884 "http://meds-online24.com/" "Mozilla/4.0 (compatible; MSIE 6.0; Windows NT 5.1; SV1; FunWebProducts)"
46.118.233.101 - - [21/Feb/2017:03:00:30 +0100] "GET / HTTP/1.1" 200 884 "http://meds-online24.com/" "Mozilla/4.0 (compatible; MSIE 6.0; Windows NT 5.1; SV1; FunWebProducts)"
46.118.233.101 - - [21/Feb/2017:03:00:31 +0100] "GET / HTTP/1.1" 200 884 "http://meds-online24.com/" "Mozilla/4.0 (compatible; MSIE 6.0; Windows NT 5.1; SV1; FunWebProducts)"
66.249.66.176 - - [21/Feb/2017:03:01:05 +0100] "GET /aktualis_elemei/bio2szulinap_elemei/image048.jpg HTTP/1.1" 304 - "-" "Googlebot-Image/1.0"
66.249.66.179 - - [21/Feb/2017:03:03:31 +0100] "GET /aktualis_elemei/bio2szulinap_elemei/image054.jpg HTTP/1.1" 304 - "-" "Googlebot-Image/1.0"
66.249.66.173 - - [21/Feb/2017:03:07:10 +0100] "GET /aktualis_elemei/bio2szulinap_elemei/image052.jpg HTTP/1.1" 304 - "-" "Googlebot-Image/1.0"
66.249.66.176 - - [21/Feb/2017:03:13:16 +0100] "GET /aktualis_elemei/bio2szulinap_elemei/image134.jpg HTTP/1.1" 304 - "-" "Googlebot-Image/1.0"
66.249.66.173 - - [21/Feb/2017:03:16:54 +0100] "GET /aktualis_elemei/bio2szulinap_elemei/image078.jpg HTTP/1.1" 304 - "-" "Googlebot-Image/1.0"
66.249.66.179 - - [21/Feb/2017:03:20:34 +0100] "GET /aktualis_elemei/bio2szulinap_elemei/image018.gif HTTP/1.1" 304 - "-" "Googlebot-Image/1.0"
66.249.66.173 - - [21/Feb/2017:03:51:03 +0100] "GET /aktualis_elemei/bio2szulinap_elemei/image002.jpg HTTP/1.1" 200 13498 "-" "Googlebot-Image/1.0"
66.249.66.173 - - [21/Feb/2017:04:03:13 +0100] "GET /aktualis_elemei/bio2szulinap_elemei/image042.jpg HTTP/1.1" 200 16066 "-" "Googlebot-Image/1.0"
66.249.66.173 - - [21/Feb/2017:04:04:26 +0100] "GET /aktualis_elemei/bio2szulinap_elemei/image124.jpg HTTP/1.1" 200 8278 "-" "Googlebot-Image/1.0"
66.249.66.179 - - [21/Feb/2017:04:08:06 +0100] "GET /aktualis_elemei/bio2szulinap_elemei/image144.jpg HTTP/1.1" 200 9920 "-" "Googlebot-Image/1.0"
66.249.66.179 - - [21/Feb/2017:04:12:58 +0100] "GET /aktualis_elemei/bio2szulinap_elemei/image032.jpg HTTP/1.1" 200 16073 "-" "Googlebot-Image/1.0"
66.249.66.176 - - [21/Feb/2017:04:19:27 +0100] "GET /aktualis_elemei/bio2szulinap_elemei/image008.jpg HTTP/1.1" 200 14223 "-" "Googlebot-Image/1.0"
66.249.66.179 - - [21/Feb/2017:04:19:28 +0100] "GET /robots.txt HTTP/1.1" 404 1181 "-" "Mozilla/5.0 (compatible; Googlebot/2.1; +http://www.google.com/bot.html)"
66.249.66.176 - - [21/Feb/2017:04:24:48 +0100] "GET /aktualis_elemei/bio2szulinap_elemei/image044.jpg HTTP/1.1" 200 11923 "-" "Googlebot-Image/1.0"
66.249.66.179 - - [21/Feb/2017:04:25:46 +0100] "GET /aktualis_elemei/bio2szulinap_elemei/image102.jpg HTTP/1.1" 200 8017 "-" "Googlebot-Image/1.0"
66.249.66.176 - - [21/Feb/2017:04:32:21 +0100] "GET /aktualis_elemei/bio2szulinap_elemei/image072.jpg HTTP/1.1" 200 8143 "-" "Googlebot-Image/1.0"
66.249.66.173 - - [21/Feb/2017:04:35:17 +0100] "GET /aktualis_elemei/bio2szulinap_elemei/image070.jpg HTTP/1.1" 200 9176 "-" "Googlebot-Image/1.0"
157.55.39.139 - - [21/Feb/2017:04:55:01 +0100] "GET / HTTP/1.1" 200 884 "-" "Mozilla/5.0 (compatible; bingbot/2.0; +http://www.bing.com/bingbot.htm)"
66.249.66.179 - - [21/Feb/2017:05:20:23 +0100] "GET /aktualis_elemei/bio2szulinap_elemei/image058.jpg HTTP/1.1" 304 - "-" "Googlebot-Image/1.0"
104.223.112.67 - - [21/Feb/2017:07:03:27 +0100] "HEAD / HTTP/1.1" 200 0 "http://uptime.com/greenaction.hu" "Mozilla/5.0 (compatible; Uptimebot/1.0; +http://www.uptime.com/uptimebot)"
193.225.93.53 - - [21/Feb/2017:07:05:06 +0100] "GET /aktualis_elemei/bekamentes_elemei/image004.jpg HTTP/1.1" 200 15267 "https://www.google.hu/" "Mozilla/5.0 (Windows NT 6.1; WOW64; rv:51.0) Gecko/20100101 Firefox/51.0"
193.225.93.53 - - [21/Feb/2017:07:05:06 +0100] "GET /aktualis_elemei/bekamentes_elemei/image009.jpg HTTP/1.1" 200 11140 "https://www.google.hu/" "Mozilla/5.0 (Windows NT 6.1; WOW64; rv:51.0) Gecko/20100101 Firefox/51.0"
193.225.93.53 - - [21/Feb/2017:07:05:06 +0100] "GET /aktualis_elemei/bekamentes_elemei/image002.jpg HTTP/1.1" 200 15229 "https://www.google.hu/" "Mozilla/5.0 (Windows NT 6.1; WOW64; rv:51.0) Gecko/20100101 Firefox/51.0"
193.225.93.53 - - [21/Feb/2017:07:08:44 +0100] "GET /aktualis_elemei/bekamentes.html HTTP/1.1" 200 27223 "https://www.google.hu/" "Mozilla/5.0 (Windows NT 6.1; WOW64; rv:51.0) Gecko/20100101 Firefox/51.0"
193.225.93.53 - - [21/Feb/2017:07:08:44 +0100] "GET /aktualis_elemei/bekamentes_elemei/image005.jpg HTTP/1.1" 200 10017 "http://www.greenaction.hu/aktualis_elemei/bekamentes.html" "Mozilla/5.0 (Windows NT 6.1; WOW64; rv:51.0) Gecko/20100101 Firefox/51.0"
193.225.93.53 - - [21/Feb/2017:07:08:44 +0100] "GET /aktualis_elemei/bekamentes_elemei/image003.jpg HTTP/1.1" 200 18979 "http://www.greenaction.hu/aktualis_elemei/bekamentes.html" "Mozilla/5.0 (Windows NT 6.1; WOW64; rv:51.0) Gecko/20100101 Firefox/51.0"
193.225.93.53 - - [21/Feb/2017:07:08:44 +0100] "GET /aktualis_elemei/bekamentes_elemei/image007.gif HTTP/1.1" 200 4190 "http://www.greenaction.hu/aktualis_elemei/bekamentes.html" "Mozilla/5.0 (Windows NT 6.1; WOW64; rv:51.0) Gecko/20100101 Firefox/51.0"
193.225.93.53 - - [21/Feb/2017:07:08:44 +0100] "GET /favicon.ico HTTP/1.1" 404 1181 "-" "Mozilla/5.0 (Windows NT 6.1; WOW64; rv:51.0) Gecko/20100101 Firefox/51.0"
193.225.93.53 - - [21/Feb/2017:07:08:45 +0100] "GET /favicon.ico HTTP/1.1" 404 1181 "-" "Mozilla/5.0 (Windows NT 6.1; WOW64; rv:51.0) Gecko/20100101 Firefox/51.0"
46.118.233.101 - - [21/Feb/2017:07:15:44 +0100] "GET / HTTP/1.1" 200 884 "http://kinogolos.ru/" "Mozilla/4.0 (compatible; MSIE 6.0; Windows XP)"
46.118.233.101 - - [21/Feb/2017:07:15:45 +0100] "GET / HTTP/1.1" 200 884 "http://kinogolos.ru/" "Mozilla/4.0 (compatible; MSIE 6.0; Windows XP)"
46.118.233.101 - - [21/Feb/2017:07:15:45 +0100] "GET / HTTP/1.1" 200 884 "http://kinogolos.ru/" "Mozilla/4.0 (compatible; MSIE 6.0; Windows XP)"
157.55.39.227 - - [21/Feb/2017:08:32:30 +0100] "GET /kiadvanyaink.html HTTP/1.1" 200 4921 "-" "Mozilla/5.0 (iPhone; CPU iPhone OS 7_0 like Mac OS X) AppleWebKit/537.51.1 (KHTML, like Gecko) Version/7.0 Mobile/11A465 Safari/9537.53 (compatible; bingbot/2.0; +http://www.bing.com/bingbot.htm)"
157.55.39.223 - - [21/Feb/2017:08:32:49 +0100] "GET /kiadvany/delbukk.jpg HTTP/1.1" 200 763448 "-" "Mozilla/5.0 (iPhone; CPU iPhone OS 7_0 like Mac OS X) AppleWebKit/537.51.1 (KHTML, like Gecko) Version/7.0 Mobile/11A465 Safari/9537.53 (compatible; bingbot/2.0; +http://www.bing.com/bingbot.htm)"
64.120.99.98 - - [21/Feb/2017:08:56:02 +0100] "HEAD / HTTP/1.1" 200 0 "http://uptime.com/greenaction.hu" "Mozilla/5.0 (compatible; Uptimebot/1.0; +http://www.uptime.com/uptimebot)"
199.193.251.133 - - [21/Feb/2017:09:09:51 +0100] "HEAD / HTTP/1.1" 200 0 "https://www.inboundlinks.win/InboundLinks/www.greenaction.hu" "Mozilla/5.0 (compatible; MSIE 9.0; Windows NT 6.1; WOW64; Trident/5.0)"
195.199.84.142 - - [21/Feb/2017:09:48:19 +0100] "GET /aktualis_elemei/bekamentes_elemei/image003.jpg HTTP/1.1" 200 18979 "https://www.google.hu/" "Mozilla/5.0 (Windows NT 6.3; Win64; x64) AppleWebKit/537.36 (KHTML, like Gecko) Chrome/56.0.2924.87 Safari/537.36"
66.249.66.173 - - [21/Feb/2017:09:51:23 +0100] "GET /aktualis_elemei/bio2szulinap_elemei/image012.jpg HTTP/1.1" 304 - "-" "Googlebot-Image/1.0"
89.132.229.201 - - [21/Feb/2017:09:52:47 +0100] "GET / HTTP/1.1" 200 884 "https://www.google.hu/" "Mozilla/5.0 (Windows NT 6.1; rv:51.0) Gecko/20100101 Firefox/51.0"
89.132.229.201 - - [21/Feb/2017:09:52:47 +0100] "GET /pattern.jpg HTTP/1.1" 200 13798 "http://www.greenaction.hu/" "Mozilla/5.0 (Windows NT 6.1; rv:51.0) Gecko/20100101 Firefox/51.0"
89.132.229.201 - - [21/Feb/2017:09:52:47 +0100] "GET /zoldakcio.swf HTTP/1.1" 200 840351 "http://www.greenaction.hu/" "Mozilla/5.0 (Windows NT 6.1; rv:51.0) Gecko/20100101 Firefox/51.0"
89.132.229.201 - - [21/Feb/2017:09:52:48 +0100] "GET /hirek/hirek.txt HTTP/1.1" 200 96857 "http://www.greenaction.hu/zoldakcio.swf" "Mozilla/5.0 (Windows NT 6.1; rv:51.0) Gecko/20100101 Firefox/51.0"
89.132.229.201 - - [21/Feb/2017:09:52:48 +0100] "GET /banner/norway.jpg HTTP/1.1" 200 3191 "http://www.greenaction.hu/zoldakcio.swf" "Mozilla/5.0 (Windows NT 6.1; rv:51.0) Gecko/20100101 Firefox/51.0"
89.132.229.201 - - [21/Feb/2017:09:52:48 +0100] "GET /esemenynaptar/SparkEventsCalendar_loadVars.txt HTTP/1.1" 200 72712 "http://www.greenaction.hu/zoldakcio.swf" "Mozilla/5.0 (Windows NT 6.1; rv:51.0) Gecko/20100101 Firefox/51.0"
89.132.229.201 - - [21/Feb/2017:09:52:49 +0100] "GET /hirek/biomassza_forum.jpg HTTP/1.1" 200 6616 "http://www.greenaction.hu/zoldakcio.swf" "Mozilla/5.0 (Windows NT 6.1; rv:51.0) Gecko/20100101 Firefox/51.0"
89.132.229.201 - - [21/Feb/2017:09:52:49 +0100] "GET /hirek/kocsonyabeka.jpg HTTP/1.1" 200 4334 "http://www.greenaction.hu/zoldakcio.swf" "Mozilla/5.0 (Windows NT 6.1; rv:51.0) Gecko/20100101 Firefox/51.0"
89.132.229.201 - - [21/Feb/2017:09:52:49 +0100] "GET /hirek/beno.jpg HTTP/1.1" 200 2623 "http://www.greenaction.hu/zoldakcio.swf" "Mozilla/5.0 (Windows NT 6.1; rv:51.0) Gecko/20100101 Firefox/51.0"
89.132.229.201 - - [21/Feb/2017:09:52:49 +0100] "GET /hirek/foldnapja.jpg HTTP/1.1" 200 4081 "http://www.greenaction.hu/zoldakcio.swf" "Mozilla/5.0 (Windows NT 6.1; rv:51.0) Gecko/20100101 Firefox/51.0"
89.132.229.201 - - [21/Feb/2017:09:52:49 +0100] "GET /hirek/nullahullakovesd%20011.jpg HTTP/1.1" 200 8674 "http://www.greenaction.hu/zoldakcio.swf" "Mozilla/5.0 (Windows NT 6.1; rv:51.0) Gecko/20100101 Firefox/51.0"
