46.119.126.159 - - [17/Feb/2017:18:30:22 +0100] "GET / HTTP/1.1" 200 884 "http://lyubertsy.xxxrus.org/" "Mozilla/4.0 (compatible; MSIE 6.0; Windows NT 5.1; SV1; InfoPath.1"
46.119.126.159 - - [17/Feb/2017:18:30:23 +0100] "GET / HTTP/1.1" 200 884 "http://lyubertsy.xxxrus.org/" "Mozilla/4.0 (compatible; MSIE 6.0; Windows NT 5.1; SV1; InfoPath.1"
34.250.230.3 - - [17/Feb/2017:21:12:36 +0100] "HEAD / HTTP/1.1" 200 0 "-" "Mozilla/5.0 (compatible; JobKereso; +https://www.kozvetlen-allasok.hu/robot.jsp info@kozvetlen-allasok.hu)"
34.250.230.3 - - [17/Feb/2017:21:12:36 +0100] "GET /robots.txt HTTP/1.1" 404 1181 "-" "Mozilla/5.0 (compatible; JobKereso; +https://www.kozvetlen-allasok.hu/robot.jsp info@kozvetlen-allasok.hu)"
34.250.230.3 - - [17/Feb/2017:21:12:36 +0100] "HEAD / HTTP/1.1" 200 0 "-" "Mozilla/5.0 (compatible; JobKereso; +https://www.kozvetlen-allasok.hu/robot.jsp info@kozvetlen-allasok.hu)"
34.250.230.3 - - [17/Feb/2017:21:12:36 +0100] "GET / HTTP/1.1" 200 884 "-" "Mozilla/5.0 (compatible; JobKereso; +https://www.kozvetlen-allasok.hu/robot.jsp info@kozvetlen-allasok.hu)"
34.250.230.3 - - [17/Feb/2017:21:12:37 +0100] "HEAD /favicon.ico HTTP/1.1" 404 0 "https://www.kozvetlen-allasok.hu" "Mozilla/5.0 (compatible; JobKeresoBot; +https://www.kozvetlen-allasok.hu/help.jsp; info@kozvetlen-allasok.hu; 5.0"
34.250.233.139 - - [17/Feb/2017:21:30:27 +0100] "HEAD / HTTP/1.1" 200 0 "-" "Mozilla/5.0 (compatible; JobKereso; +https://www.kozvetlen-allasok.hu/robot.jsp info@kozvetlen-allasok.hu)"
34.250.233.139 - - [17/Feb/2017:21:30:27 +0100] "GET /robots.txt HTTP/1.1" 404 1181 "-" "Mozilla/5.0 (compatible; JobKereso; +https://www.kozvetlen-allasok.hu/robot.jsp info@kozvetlen-allasok.hu)"
34.250.233.139 - - [17/Feb/2017:21:30:27 +0100] "HEAD / HTTP/1.1" 200 0 "-" "Mozilla/5.0 (compatible; JobKereso; +https://www.kozvetlen-allasok.hu/robot.jsp info@kozvetlen-allasok.hu)"
34.250.233.139 - - [17/Feb/2017:21:30:27 +0100] "GET / HTTP/1.1" 200 884 "-" "Mozilla/5.0 (compatible; JobKereso; +https://www.kozvetlen-allasok.hu/robot.jsp info@kozvetlen-allasok.hu)"
34.250.233.139 - - [17/Feb/2017:21:30:28 +0100] "HEAD /favicon.ico HTTP/1.1" 404 0 "https://www.kozvetlen-allasok.hu" "Mozilla/5.0 (compatible; JobKeresoBot; +https://www.kozvetlen-allasok.hu/help.jsp; info@kozvetlen-allasok.hu; 5.0"
52.4.244.57 - - [17/Feb/2017:21:43:57 +0100] "GET / HTTP/1.1" 200 884 "-" "Mozilla/5.0 (Macintosh; Intel Mac OS X 10_8_3) AppleWebKit/537.31 (KHTML, like Gecko) Chrome/26.0.1410.65 Safari/537.31"
46.229.164.102 - - [17/Feb/2017:22:02:55 +0100] "GET /robots.txt HTTP/1.1" 404 1181 "-" "Mozilla/5.0 (compatible; SemrushBot/1.2~bl; +http://www.semrush.com/bot.html)"
199.193.251.133 - - [17/Feb/2017:22:32:16 +0100] "HEAD / HTTP/1.1" 200 0 "https://www.inboundlinks.win/InboundLinks/www.greenaction.hu" "Mozilla/5.0 (compatible; MSIE 9.0; Windows NT 6.1; WOW64; Trident/5.0)"
46.229.164.99 - - [17/Feb/2017:22:57:10 +0100] "GET /robots.txt HTTP/1.1" 404 1181 "-" "Mozilla/5.0 (compatible; SemrushBot/1.2~bl; +http://www.semrush.com/bot.html)"
207.46.13.199 - - [17/Feb/2017:23:59:17 +0100] "GET /robots.txt HTTP/1.1" 404 1181 "-" "Mozilla/5.0 (compatible; bingbot/2.0; +http://www.bing.com/bingbot.htm)"
40.77.167.111 - - [17/Feb/2017:23:59:22 +0100] "GET /archiv_elemei/image036.jpg HTTP/1.1" 200 8062 "-" "Mozilla/5.0 (compatible; bingbot/2.0; +http://www.bing.com/bingbot.htm)"
207.46.13.235 - - [18/Feb/2017:00:33:20 +0100] "GET /robots.txt HTTP/1.1" 404 1181 "-" "Mozilla/5.0 (compatible; bingbot/2.0; +http://www.bing.com/bingbot.htm)"
40.77.167.111 - - [18/Feb/2017:00:33:26 +0100] "GET /aktualis_elemei/bparak0908.html HTTP/1.1" 200 63132 "-" "Mozilla/5.0 (iPhone; CPU iPhone OS 7_0 like Mac OS X) AppleWebKit/537.51.1 (KHTML, like Gecko) Version/7.0 Mobile/11A465 Safari/9537.53 (compatible; bingbot/2.0; +http://www.bing.com/bingbot.htm)"
66.249.76.18 - - [18/Feb/2017:00:55:58 +0100] "GET /aktualis_elemei/bio2szulinap.html HTTP/1.1" 304 - "-" "Mozilla/5.0 (compatible; Googlebot/2.1; +http://www.google.com/bot.html)"
157.55.39.139 - - [18/Feb/2017:01:22:15 +0100] "GET / HTTP/1.1" 200 884 "-" "Mozilla/5.0 (compatible; bingbot/2.0; +http://www.bing.com/bingbot.htm)"
66.249.76.71 - - [18/Feb/2017:01:49:25 +0100] "GET / HTTP/1.1" 200 884 "-" "Mozilla/5.0 (compatible; Googlebot/2.1; +http://www.google.com/bot.html)"
66.249.76.19 - - [18/Feb/2017:02:06:42 +0100] "GET /robots.txt HTTP/1.1" 404 1181 "-" "Mozilla/5.0 (compatible; Googlebot/2.1; +http://www.google.com/bot.html)"
66.249.69.50 - - [18/Feb/2017:02:06:42 +0100] "GET / HTTP/1.1" 200 884 "-" "Mozilla/5.0 (Linux; Android 6.0.1; Nexus 5X Build/MMB29P) AppleWebKit/537.36 (KHTML, like Gecko) Chrome/41.0.2272.96 Mobile Safari/537.36 (compatible; Googlebot/2.1; +http://www.google.com/bot.html)"
77.111.91.57 - - [18/Feb/2017:02:36:40 +0100] "GET / HTTP/1.1" 200 884 "-" "Mozilla/5.0 (Macintosh; Intel Mac OS X 10_7_4) AppleWebKit/534.57.2 (KHTML, like Gecko) Version/5.1.7 Safari/534.57.2"
5.248.197.38 - - [18/Feb/2017:02:46:38 +0100] "GET / HTTP/1.1" 200 884 "http://domznaniy.ru/" "Mozilla/4.0 (compatible; MSIE 6.0; Windows NT 5.1; MyIE2; Deepnet Explorer)"
5.248.197.38 - - [18/Feb/2017:02:46:38 +0100] "GET / HTTP/1.1" 200 884 "http://domznaniy.ru/" "Mozilla/4.0 (compatible; MSIE 6.0; Windows NT 5.1; MyIE2; Deepnet Explorer)"
5.248.197.38 - - [18/Feb/2017:02:46:39 +0100] "GET / HTTP/1.1" 200 884 "http://domznaniy.ru/" "Mozilla/4.0 (compatible; MSIE 6.0; Windows NT 5.1; MyIE2; Deepnet Explorer)"
37.115.190.104 - - [18/Feb/2017:03:11:37 +0100] "GET / HTTP/1.1" 200 884 "http://krasivoe-hd.net/" "Mozilla/4.0 (compatible; MSIE 6.0; MSIE 5.5; Windows NT 4.0) Opera 7.0 [en]"
37.115.190.104 - - [18/Feb/2017:03:11:38 +0100] "GET / HTTP/1.1" 200 884 "http://volzhsky.xxxrus.org/" "Mozilla/4.0 (compatible; MSIE 5.0; Windows 2000) Opera 6.0 [en]"
78.46.120.18 - - [18/Feb/2017:04:31:55 +0100] "GET / HTTP/1.1" 200 884 "-" "Mozilla/5.0 (Windows NT 10.0; WOW64) AppleWebKit/537.36 (KHTML, like Gecko) Chrome/47.0.2526.111 Safari/537.36"
78.46.120.18 - - [18/Feb/2017:04:31:55 +0100] "GET / HTTP/1.1" 200 884 "-" "Mozilla/5.0 (Windows NT 10.0; WOW64) AppleWebKit/537.36 (KHTML, like Gecko) Chrome/47.0.2526.111 Safari/537.36"
54.172.241.121 - - [18/Feb/2017:04:32:42 +0100] "GET /robots.txt HTTP/1.1" 404 1181 "-" "ltx71 - (http://ltx71.com/)"
54.172.241.121 - - [18/Feb/2017:04:35:16 +0100] "GET / HTTP/1.1" 200 884 "-" "ltx71 - (http://ltx71.com/)"
213.181.208.13 - - [18/Feb/2017:04:39:47 +0100] "GET / HTTP/1.1" 200 884 "-" "Mozilla/5.0 (Windows NT 10.0; WOW64) AppleWebKit/537.36 (KHTML, like Gecko) Chrome/47.0.2526.111 Safari/537.36"
157.55.39.139 - - [18/Feb/2017:04:39:48 +0100] "GET / HTTP/1.1" 200 884 "-" "Mozilla/5.0 (compatible; bingbot/2.0; +http://www.bing.com/bingbot.htm)"
52.3.105.23 - - [18/Feb/2017:05:13:19 +0100] "GET /robots.txt HTTP/1.1" 404 1181 "-" "ltx71 - (http://ltx71.com/)"
66.249.76.18 - - [18/Feb/2017:07:02:38 +0100] "GET / HTTP/1.1" 200 884 "-" "Mozilla/5.0 (compatible; Googlebot/2.1; +http://www.google.com/bot.html)"
66.249.69.54 - - [18/Feb/2017:08:09:33 +0100] "GET /hirek/hirek.txt HTTP/1.1" 200 96857 "-" "Mozilla/5.0 (compatible; Googlebot/2.1; +http://www.google.com/bot.html)"
66.249.76.19 - - [18/Feb/2017:08:22:19 +0100] "GET /aktualis_elemei/bio2szulinap_elemei/image082.jpg HTTP/1.1" 200 7560 "-" "Googlebot-Image/1.0"
52.3.105.23 - - [18/Feb/2017:08:42:29 +0100] "GET /robots.txt HTTP/1.1" 404 1181 "-" "ltx71 - (http://ltx71.com/)"
180.76.15.163 - - [18/Feb/2017:09:02:18 +0100] "GET /kiadvany/miskolchvte.pdf HTTP/1.1" 200 557056 "-" "Mozilla/5.0 (compatible; Baiduspider/2.0; +http://www.baidu.com/search/spider.html)"
77.75.76.163 - - [18/Feb/2017:09:27:33 +0100] "GET /robots.txt HTTP/1.1" 404 1181 "-" "Mozilla/5.0 (compatible; SeznamBot/3.2; +http://napoveda.seznam.cz/en/seznambot-intro/)"
77.75.76.163 - - [18/Feb/2017:09:27:34 +0100] "GET / HTTP/1.1" 304 - "-" "Mozilla/5.0 (compatible; SeznamBot/3.2; +http://napoveda.seznam.cz/en/seznambot-intro/)"
77.111.90.197 - - [18/Feb/2017:09:39:15 +0100] "GET /archiv_elemei/acitc.html HTTP/1.1" 200 13312 "-" "Mozilla/5.0 (Windows NT 6.1; WOW64) AppleWebKit/537.36 (KHTML, like Gecko) Chrome/46.0.2490.71 Safari/537.36"
77.111.90.197 - - [18/Feb/2017:09:39:15 +0100] "GET /archiv_elemei/acitc.html HTTP/1.0" 200 13312 "-" "-"
208.94.230.228 - - [18/Feb/2017:09:42:59 +0100] "GET / HTTP/1.1" 200 884 "-" "=Mozilla/5.0 (Windows; U; Windows NT 6.1; en-US) AppleWebKit/534.16 (KHTML, like Gecko) Chrome/10.0.648.204 Safari/534.16"
37.115.190.104 - - [18/Feb/2017:10:15:10 +0100] "GET / HTTP/1.1" 200 884 "http://chita.xxxrus.org/" "Mozilla/5.0 (Windows NT 5.1; U; en) Opera 8.00"
37.115.190.104 - - [18/Feb/2017:10:15:10 +0100] "GET / HTTP/1.1" 200 884 "http://chita.xxxrus.org/" "Mozilla/5.0 (Windows NT 5.1; U; en) Opera 8.00"
37.115.190.104 - - [18/Feb/2017:10:15:11 +0100] "GET / HTTP/1.1" 200 884 "http://yuzhno-sakhalinsk.xxxrus.org/" "Mozilla/5.0 (Windows NT 5.1; U; en) Opera 8.00"
157.55.39.139 - - [18/Feb/2017:10:19:57 +0100] "GET / HTTP/1.1" 200 884 "-" "Mozilla/5.0 (iPhone; CPU iPhone OS 7_0 like Mac OS X) AppleWebKit/537.51.1 (KHTML, like Gecko) Version/7.0 Mobile/11A465 Safari/9537.53 (compatible; bingbot/2.0; +http://www.bing.com/bingbot.htm)"
131.253.25.243 - - [18/Feb/2017:10:20:03 +0100] "GET /pattern.jpg HTTP/1.1" 200 13798 "-" "Mozilla/5.0 (iPhone; CPU iPhone OS 7_0 like Mac OS X) AppleWebKit/537.51.1 (KHTML, like Gecko) Version/7.0 Mobile/11A465 Safari/9537.53 BingPreview/1.0b"
131.253.27.40 - - [18/Feb/2017:10:20:06 +0100] "GET /zoldakcio.swf HTTP/1.1" 200 840351 "-" "Mozilla/5.0 (iPhone; CPU iPhone OS 7_0 like Mac OS X) AppleWebKit/537.51.1 (KHTML, like Gecko) Version/7.0 Mobile/11A465 Safari/9537.53 BingPreview/1.0b"
157.55.39.247 - - [18/Feb/2017:10:20:12 +0100] "GET /robots.txt HTTP/1.1" 404 1181 "-" "Mozilla/5.0 (compatible; bingbot/2.0; +http://www.bing.com/bingbot.htm)"
157.55.39.247 - - [18/Feb/2017:10:20:12 +0100] "GET /robots.txt HTTP/1.1" 404 1181 "-" "Mozilla/5.0 (compatible; bingbot/2.0; +http://www.bing.com/bingbot.htm)"
138.197.111.108 - - [18/Feb/2017:10:45:03 +0100] "GET / HTTP/1.1" 200 884 "-" "Mozilla/5.0 (Windows NT 6.1; WOW64; rv:28.0) Gecko/20100101 Firefox/28.0"
31.46.233.205 - - [18/Feb/2017:10:58:19 +0100] "GET /aktualis_elemei/bio2szulinap_elemei/image110.jpg HTTP/1.1" 200 8760 "https://www.google.hu/" "Mozilla/5.0 (Windows NT 6.1; rv:51.0) Gecko/20100101 Firefox/51.0"
66.249.76.75 - - [18/Feb/2017:11:08:46 +0100] "GET /robots.txt HTTP/1.1" 404 1181 "-" "Mozilla/5.0 (compatible; Googlebot/2.1; +http://www.google.com/bot.html)"
66.249.76.71 - - [18/Feb/2017:11:08:46 +0100] "GET / HTTP/1.1" 200 884 "-" "Mozilla/5.0 (Linux; Android 6.0.1; Nexus 5X Build/MMB29P) AppleWebKit/537.36 (KHTML, like Gecko) Chrome/41.0.2272.96 Mobile Safari/537.36 (compatible; Googlebot/2.1; +http://www.google.com/bot.html)"
87.172.192.67 - - [18/Feb/2017:11:09:25 +0100] "GET / HTTP/1.1" 200 884 "-" "Mozilla/5.0 (Macintosh; Intel Mac OS X 10.11; rv:51.0) Gecko/20100101 Firefox/51.0"
87.172.192.67 - - [18/Feb/2017:11:09:25 +0100] "GET /pattern.jpg HTTP/1.1" 200 13798 "http://www.greenaction.hu/" "Mozilla/5.0 (Macintosh; Intel Mac OS X 10.11; rv:51.0) Gecko/20100101 Firefox/51.0"
87.172.192.67 - - [18/Feb/2017:11:09:25 +0100] "GET /favicon.ico HTTP/1.1" 404 1181 "-" "Mozilla/5.0 (Macintosh; Intel Mac OS X 10.11; rv:51.0) Gecko/20100101 Firefox/51.0"
87.172.192.67 - - [18/Feb/2017:11:09:25 +0100] "GET /favicon.ico HTTP/1.1" 404 1181 "-" "Mozilla/5.0 (Macintosh; Intel Mac OS X 10.11; rv:51.0) Gecko/20100101 Firefox/51.0"
87.172.192.67 - - [18/Feb/2017:11:09:33 +0100] "GET /zoldakcio.swf HTTP/1.1" 206 833552 "http://www.greenaction.hu/" "Mozilla/5.0 (Macintosh; Intel Mac OS X 10.11; rv:51.0) Gecko/20100101 Firefox/51.0"
87.172.192.67 - - [18/Feb/2017:11:09:35 +0100] "GET /hirek/hirek.txt HTTP/1.1" 200 96857 "http://www.greenaction.hu/zoldakcio.swf" "Mozilla/5.0 (Macintosh; Intel Mac OS X 10.11; rv:51.0) Gecko/20100101 Firefox/51.0"
87.172.192.67 - - [18/Feb/2017:11:09:35 +0100] "GET /banner/norway.jpg HTTP/1.1" 200 3191 "http://www.greenaction.hu/zoldakcio.swf" "Mozilla/5.0 (Macintosh; Intel Mac OS X 10.11; rv:51.0) Gecko/20100101 Firefox/51.0"
87.172.192.67 - - [18/Feb/2017:11:09:35 +0100] "GET /esemenynaptar/SparkEventsCalendar_loadVars.txt HTTP/1.1" 200 72712 "http://www.greenaction.hu/zoldakcio.swf" "Mozilla/5.0 (Macintosh; Intel Mac OS X 10.11; rv:51.0) Gecko/20100101 Firefox/51.0"
87.172.192.67 - - [18/Feb/2017:11:09:36 +0100] "GET /hirek/biomassza_forum.jpg HTTP/1.1" 200 6616 "http://www.greenaction.hu/zoldakcio.swf" "Mozilla/5.0 (Macintosh; Intel Mac OS X 10.11; rv:51.0) Gecko/20100101 Firefox/51.0"
87.172.192.67 - - [18/Feb/2017:11:09:36 +0100] "GET /hirek/helyivedett.jpg HTTP/1.1" 404 1181 "http://www.greenaction.hu/zoldakcio.swf" "Mozilla/5.0 (Macintosh; Intel Mac OS X 10.11; rv:51.0) Gecko/20100101 Firefox/51.0"
87.172.192.67 - - [18/Feb/2017:11:09:36 +0100] "GET /hirek/kocsonyabeka.jpg HTTP/1.1" 200 4334 "http://www.greenaction.hu/zoldakcio.swf" "Mozilla/5.0 (Macintosh; Intel Mac OS X 10.11; rv:51.0) Gecko/20100101 Firefox/51.0"
87.172.192.67 - - [18/Feb/2017:11:09:36 +0100] "GET /hirek/biomassza2.jpg HTTP/1.1" 404 1181 "http://www.greenaction.hu/zoldakcio.swf" "Mozilla/5.0 (Macintosh; Intel Mac OS X 10.11; rv:51.0) Gecko/20100101 Firefox/51.0"
87.172.192.67 - - [18/Feb/2017:11:09:36 +0100] "GET /hirek/programindito.jpg HTTP/1.1" 200 6594 "http://www.greenaction.hu/zoldakcio.swf" "Mozilla/5.0 (Macintosh; Intel Mac OS X 10.11; rv:51.0) Gecko/20100101 Firefox/51.0"
87.172.192.67 - - [18/Feb/2017:11:09:36 +0100] "GET /hirek/gmokrumpli.jpg HTTP/1.1" 200 9110 "http://www.greenaction.hu/zoldakcio.swf" "Mozilla/5.0 (Macintosh; Intel Mac OS X 10.11; rv:51.0) Gecko/20100101 Firefox/51.0"
87.172.192.67 - - [18/Feb/2017:11:09:36 +0100] "GET /hirek/beno.jpg HTTP/1.1" 200 2623 "http://www.greenaction.hu/zoldakcio.swf" "Mozilla/5.0 (Macintosh; Intel Mac OS X 10.11; rv:51.0) Gecko/20100101 Firefox/51.0"
87.172.192.67 - - [18/Feb/2017:11:09:36 +0100] "GET /hirek/nullahullakovesd%20011.jpg HTTP/1.1" 200 8674 "http://www.greenaction.hu/zoldakcio.swf" "Mozilla/5.0 (Macintosh; Intel Mac OS X 10.11; rv:51.0) Gecko/20100101 Firefox/51.0"
87.172.192.67 - - [18/Feb/2017:11:09:36 +0100] "GET /hirek/foldnapja.jpg HTTP/1.1" 200 4081 "http://www.greenaction.hu/zoldakcio.swf" "Mozilla/5.0 (Macintosh; Intel Mac OS X 10.11; rv:51.0) Gecko/20100101 Firefox/51.0"
87.172.192.67 - - [18/Feb/2017:11:09:36 +0100] "GET /hirek/foldnap2010.jpg HTTP/1.1" 200 7191 "http://www.greenaction.hu/zoldakcio.swf" "Mozilla/5.0 (Macintosh; Intel Mac OS X 10.11; rv:51.0) Gecko/20100101 Firefox/51.0"
87.172.192.67 - - [18/Feb/2017:11:09:36 +0100] "GET /hirek/gmoevo.jpg HTTP/1.1" 200 2951 "http://www.greenaction.hu/zoldakcio.swf" "Mozilla/5.0 (Macintosh; Intel Mac OS X 10.11; rv:51.0) Gecko/20100101 Firefox/51.0"
87.172.192.67 - - [18/Feb/2017:11:09:36 +0100] "GET /hirek/gmofree.gif HTTP/1.1" 404 1181 "http://www.greenaction.hu/zoldakcio.swf" "Mozilla/5.0 (Macintosh; Intel Mac OS X 10.11; rv:51.0) Gecko/20100101 Firefox/51.0"
87.172.192.67 - - [18/Feb/2017:11:09:36 +0100] "GET /hirek/torta.jpg HTTP/1.1" 404 1181 "http://www.greenaction.hu/zoldakcio.swf" "Mozilla/5.0 (Macintosh; Intel Mac OS X 10.11; rv:51.0) Gecko/20100101 Firefox/51.0"
87.172.192.67 - - [18/Feb/2017:11:09:36 +0100] "GET /hirek/abauji.jpg HTTP/1.1" 200 21716 "http://www.greenaction.hu/zoldakcio.swf" "Mozilla/5.0 (Macintosh; Intel Mac OS X 10.11; rv:51.0) Gecko/20100101 Firefox/51.0"
87.172.192.67 - - [18/Feb/2017:11:09:36 +0100] "GET /hirek/paprika.jpg HTTP/1.1" 404 1181 "http://www.greenaction.hu/zoldakcio.swf" "Mozilla/5.0 (Macintosh; Intel Mac OS X 10.11; rv:51.0) Gecko/20100101 Firefox/51.0"
87.172.192.67 - - [18/Feb/2017:11:09:36 +0100] "GET /hirek/benzinpisztoly.jpg HTTP/1.1" 200 2317 "http://www.greenaction.hu/zoldakcio.swf" "Mozilla/5.0 (Macintosh; Intel Mac OS X 10.11; rv:51.0) Gecko/20100101 Firefox/51.0"
87.172.192.67 - - [18/Feb/2017:11:09:36 +0100] "GET /hirek/marhafej.jpg HTTP/1.1" 200 3545 "http://www.greenaction.hu/zoldakcio.swf" "Mozilla/5.0 (Macintosh; Intel Mac OS X 10.11; rv:51.0) Gecko/20100101 Firefox/51.0"
87.172.192.67 - - [18/Feb/2017:11:09:36 +0100] "GET /hirek/zoldseg.jpg HTTP/1.1" 404 1181 "http://www.greenaction.hu/zoldakcio.swf" "Mozilla/5.0 (Macintosh; Intel Mac OS X 10.11; rv:51.0) Gecko/20100101 Firefox/51.0"
87.172.192.67 - - [18/Feb/2017:11:09:36 +0100] "GET /hirek/citrom.jpg HTTP/1.1" 200 11781 "http://www.greenaction.hu/zoldakcio.swf" "Mozilla/5.0 (Macintosh; Intel Mac OS X 10.11; rv:51.0) Gecko/20100101 Firefox/51.0"
87.172.192.67 - - [18/Feb/2017:11:09:36 +0100] "GET /hirek/adventikoszoru.jpg HTTP/1.1" 200 5581 "http://www.greenaction.hu/zoldakcio.swf" "Mozilla/5.0 (Macintosh; Intel Mac OS X 10.11; rv:51.0) Gecko/20100101 Firefox/51.0"
87.172.192.67 - - [18/Feb/2017:11:09:36 +0100] "GET /hirek/naposoldal.jpg HTTP/1.1" 200 10106 "http://www.greenaction.hu/zoldakcio.swf" "Mozilla/5.0 (Macintosh; Intel Mac OS X 10.11; rv:51.0) Gecko/20100101 Firefox/51.0"
87.172.192.67 - - [18/Feb/2017:11:09:36 +0100] "GET /hirek/encsgyumi.jpg HTTP/1.1" 200 13077 "http://www.greenaction.hu/zoldakcio.swf" "Mozilla/5.0 (Macintosh; Intel Mac OS X 10.11; rv:51.0) Gecko/20100101 Firefox/51.0"
87.172.192.67 - - [18/Feb/2017:11:09:36 +0100] "GET /hirek/gyurgyalag.jpg HTTP/1.1" 200 2435 "http://www.greenaction.hu/zoldakcio.swf" "Mozilla/5.0 (Macintosh; Intel Mac OS X 10.11; rv:51.0) Gecko/20100101 Firefox/51.0"
87.172.192.67 - - [18/Feb/2017:11:09:36 +0100] "GET /hirek/encs.jpg HTTP/1.1" 200 12831 "http://www.greenaction.hu/zoldakcio.swf" "Mozilla/5.0 (Macintosh; Intel Mac OS X 10.11; rv:51.0) Gecko/20100101 Firefox/51.0"
87.172.192.67 - - [18/Feb/2017:11:09:36 +0100] "GET /hirek/terelo.jpg HTTP/1.1" 200 10975 "http://www.greenaction.hu/zoldakcio.swf" "Mozilla/5.0 (Macintosh; Intel Mac OS X 10.11; rv:51.0) Gecko/20100101 Firefox/51.0"
87.172.192.67 - - [18/Feb/2017:11:09:36 +0100] "GET /hirek/varboibekak2011.jpg HTTP/1.1" 200 9200 "http://www.greenaction.hu/zoldakcio.swf" "Mozilla/5.0 (Macintosh; Intel Mac OS X 10.11; rv:51.0) Gecko/20100101 Firefox/51.0"
87.172.192.67 - - [18/Feb/2017:11:09:36 +0100] "GET /hirek/mctermeloipiac.jpg HTTP/1.1" 200 3752 "http://www.greenaction.hu/zoldakcio.swf" "Mozilla/5.0 (Macintosh; Intel Mac OS X 10.11; rv:51.0) Gecko/20100101 Firefox/51.0"
87.172.192.67 - - [18/Feb/2017:11:09:36 +0100] "GET /hirek/1%20szazalek.jpg HTTP/1.1" 200 16636 "http://www.greenaction.hu/zoldakcio.swf" "Mozilla/5.0 (Macintosh; Intel Mac OS X 10.11; rv:51.0) Gecko/20100101 Firefox/51.0"
87.172.192.67 - - [18/Feb/2017:11:09:36 +0100] "GET /hirek/viz.jpg HTTP/1.1" 200 2622 "http://www.greenaction.hu/zoldakcio.swf" "Mozilla/5.0 (Macintosh; Intel Mac OS X 10.11; rv:51.0) Gecko/20100101 Firefox/51.0"
87.172.192.67 - - [18/Feb/2017:11:09:36 +0100] "GET /hirek/bioszulinap2011.jpg HTTP/1.1" 200 17649 "http://www.greenaction.hu/zoldakcio.swf" "Mozilla/5.0 (Macintosh; Intel Mac OS X 10.11; rv:51.0) Gecko/20100101 Firefox/51.0"
87.172.192.67 - - [18/Feb/2017:11:09:57 +0100] "GET /zoldakcio.swf HTTP/1.1" 200 67279 "http://www.greenaction.hu/" "Mozilla/5.0 (Macintosh; Intel Mac OS X 10.11; rv:51.0) Gecko/20100101 Firefox/51.0"
87.172.192.67 - - [18/Feb/2017:11:10:11 +0100] "POST /kepek/map.php HTTP/1.1" 200 43 "-" "Mozilla/5.0 (Macintosh; Intel Mac OS X 10.11; rv:51.0) Gecko/20100101 Firefox/51.0"
87.172.192.67 - - [18/Feb/2017:11:10:11 +0100] "GET /kepek/albumnevek.txt HTTP/1.1" 200 283 "http://www.greenaction.hu/zoldakcio.swf" "Mozilla/5.0 (Macintosh; Intel Mac OS X 10.11; rv:51.0) Gecko/20100101 Firefox/51.0"
87.172.192.67 - - [18/Feb/2017:11:10:11 +0100] "GET /kepek/albumkep/11.jpg HTTP/1.1" 200 15918 "http://www.greenaction.hu/zoldakcio.swf" "Mozilla/5.0 (Macintosh; Intel Mac OS X 10.11; rv:51.0) Gecko/20100101 Firefox/51.0"
87.172.192.67 - - [18/Feb/2017:11:10:11 +0100] "GET /kepek/albumkep/10.jpg HTTP/1.1" 200 12097 "http://www.greenaction.hu/zoldakcio.swf" "Mozilla/5.0 (Macintosh; Intel Mac OS X 10.11; rv:51.0) Gecko/20100101 Firefox/51.0"
87.172.192.67 - - [18/Feb/2017:11:10:11 +0100] "GET /kepek/albumkep/9.jpg HTTP/1.1" 200 16179 "http://www.greenaction.hu/zoldakcio.swf" "Mozilla/5.0 (Macintosh; Intel Mac OS X 10.11; rv:51.0) Gecko/20100101 Firefox/51.0"
87.172.192.67 - - [18/Feb/2017:11:10:11 +0100] "GET /kepek/albumkep/8.jpg HTTP/1.1" 200 8184 "http://www.greenaction.hu/zoldakcio.swf" "Mozilla/5.0 (Macintosh; Intel Mac OS X 10.11; rv:51.0) Gecko/20100101 Firefox/51.0"
87.172.192.67 - - [18/Feb/2017:11:10:11 +0100] "GET /kepek/albumkep/6.jpg HTTP/1.1" 200 7425 "http://www.greenaction.hu/zoldakcio.swf" "Mozilla/5.0 (Macintosh; Intel Mac OS X 10.11; rv:51.0) Gecko/20100101 Firefox/51.0"
87.172.192.67 - - [18/Feb/2017:11:10:11 +0100] "GET /kepek/albumkep/7.jpg HTTP/1.1" 200 7955 "http://www.greenaction.hu/zoldakcio.swf" "Mozilla/5.0 (Macintosh; Intel Mac OS X 10.11; rv:51.0) Gecko/20100101 Firefox/51.0"
87.172.192.67 - - [18/Feb/2017:11:10:12 +0100] "GET /kepek/albumkep/5.jpg HTTP/1.1" 200 6210 "http://www.greenaction.hu/zoldakcio.swf" "Mozilla/5.0 (Macintosh; Intel Mac OS X 10.11; rv:51.0) Gecko/20100101 Firefox/51.0"
87.172.192.67 - - [18/Feb/2017:11:10:12 +0100] "GET /kepek/albumkep/4.jpg HTTP/1.1" 200 4237 "http://www.greenaction.hu/zoldakcio.swf" "Mozilla/5.0 (Macintosh; Intel Mac OS X 10.11; rv:51.0) Gecko/20100101 Firefox/51.0"
87.172.192.67 - - [18/Feb/2017:11:10:12 +0100] "GET /kepek/albumkep/3.jpg HTTP/1.1" 200 1737 "http://www.greenaction.hu/zoldakcio.swf" "Mozilla/5.0 (Macintosh; Intel Mac OS X 10.11; rv:51.0) Gecko/20100101 Firefox/51.0"
87.172.192.67 - - [18/Feb/2017:11:10:12 +0100] "GET /kepek/albumkep/2.jpg HTTP/1.1" 200 5112 "http://www.greenaction.hu/zoldakcio.swf" "Mozilla/5.0 (Macintosh; Intel Mac OS X 10.11; rv:51.0) Gecko/20100101 Firefox/51.0"
87.172.192.67 - - [18/Feb/2017:11:10:12 +0100] "GET /kepek/albumkep/1.jpg HTTP/1.1" 200 3033 "http://www.greenaction.hu/zoldakcio.swf" "Mozilla/5.0 (Macintosh; Intel Mac OS X 10.11; rv:51.0) Gecko/20100101 Firefox/51.0"
87.172.192.67 - - [18/Feb/2017:11:10:21 +0100] "POST /kepek/4/map.php HTTP/1.1" 200 336 "-" "Mozilla/5.0 (Macintosh; Intel Mac OS X 10.11; rv:51.0) Gecko/20100101 Firefox/51.0"
87.172.192.67 - - [18/Feb/2017:11:10:21 +0100] "GET /kepek/4/vet%E9lkedo%201.jpg HTTP/1.1" 200 4209 "http://www.greenaction.hu/zoldakcio.swf" "Mozilla/5.0 (Macintosh; Intel Mac OS X 10.11; rv:51.0) Gecko/20100101 Firefox/51.0"
87.172.192.67 - - [18/Feb/2017:11:10:21 +0100] "GET /kepek/4/vetelkedo%203.jpg HTTP/1.1" 200 4698 "http://www.greenaction.hu/zoldakcio.swf" "Mozilla/5.0 (Macintosh; Intel Mac OS X 10.11; rv:51.0) Gecko/20100101 Firefox/51.0"
87.172.192.67 - - [18/Feb/2017:11:10:21 +0100] "GET /kepek/4/vetelkedo%202.jpg HTTP/1.1" 200 4157 "http://www.greenaction.hu/zoldakcio.swf" "Mozilla/5.0 (Macintosh; Intel Mac OS X 10.11; rv:51.0) Gecko/20100101 Firefox/51.0"
87.172.192.67 - - [18/Feb/2017:11:10:21 +0100] "GET /kepek/4/talajsimogato.jpg HTTP/1.1" 200 4775 "http://www.greenaction.hu/zoldakcio.swf" "Mozilla/5.0 (Macintosh; Intel Mac OS X 10.11; rv:51.0) Gecko/20100101 Firefox/51.0"
87.172.192.67 - - [18/Feb/2017:11:10:21 +0100] "GET /kepek/4/szem%E9tszobor%202.jpg HTTP/1.1" 200 3324 "http://www.greenaction.hu/zoldakcio.swf" "Mozilla/5.0 (Macintosh; Intel Mac OS X 10.11; rv:51.0) Gecko/20100101 Firefox/51.0"
87.172.192.67 - - [18/Feb/2017:11:10:21 +0100] "GET /kepek/4/szemetszobor%201.jpg HTTP/1.1" 200 3672 "http://www.greenaction.hu/zoldakcio.swf" "Mozilla/5.0 (Macintosh; Intel Mac OS X 10.11; rv:51.0) Gecko/20100101 Firefox/51.0"
87.172.192.67 - - [18/Feb/2017:11:10:21 +0100] "GET /kepek/4/szemetszedes%20kali.jpg HTTP/1.1" 200 1924 "http://www.greenaction.hu/zoldakcio.swf" "Mozilla/5.0 (Macintosh; Intel Mac OS X 10.11; rv:51.0) Gecko/20100101 Firefox/51.0"
87.172.192.67 - - [18/Feb/2017:11:10:21 +0100] "GET /kepek/4/szemetszedes%201.jpg HTTP/1.1" 200 1897 "http://www.greenaction.hu/zoldakcio.swf" "Mozilla/5.0 (Macintosh; Intel Mac OS X 10.11; rv:51.0) Gecko/20100101 Firefox/51.0"
87.172.192.67 - - [18/Feb/2017:11:10:21 +0100] "GET /kepek/4/pereputty.jpg HTTP/1.1" 200 4604 "http://www.greenaction.hu/zoldakcio.swf" "Mozilla/5.0 (Macintosh; Intel Mac OS X 10.11; rv:51.0) Gecko/20100101 Firefox/51.0"
87.172.192.67 - - [18/Feb/2017:11:10:21 +0100] "GET /kepek/4/gombakiallitas.jpg HTTP/1.1" 200 4973 "http://www.greenaction.hu/zoldakcio.swf" "Mozilla/5.0 (Macintosh; Intel Mac OS X 10.11; rv:51.0) Gecko/20100101 Firefox/51.0"
87.172.192.67 - - [18/Feb/2017:11:10:21 +0100] "GET /kepek/4/f%F6ldnapja%20129.jpg HTTP/1.1" 200 4259 "http://www.greenaction.hu/zoldakcio.swf" "Mozilla/5.0 (Macintosh; Intel Mac OS X 10.11; rv:51.0) Gecko/20100101 Firefox/51.0"
87.172.192.67 - - [18/Feb/2017:11:10:21 +0100] "GET /kepek/4/f%F6ldnap%20004.jpg HTTP/1.1" 200 4478 "http://www.greenaction.hu/zoldakcio.swf" "Mozilla/5.0 (Macintosh; Intel Mac OS X 10.11; rv:51.0) Gecko/20100101 Firefox/51.0"
87.172.192.67 - - [18/Feb/2017:11:10:21 +0100] "GET /kepek/4/biovasar.jpg HTTP/1.1" 200 4715 "http://www.greenaction.hu/zoldakcio.swf" "Mozilla/5.0 (Macintosh; Intel Mac OS X 10.11; rv:51.0) Gecko/20100101 Firefox/51.0"
87.172.192.67 - - [18/Feb/2017:11:10:21 +0100] "GET /kepek/4/biovasar%202.jpg HTTP/1.1" 200 4791 "http://www.greenaction.hu/zoldakcio.swf" "Mozilla/5.0 (Macintosh; Intel Mac OS X 10.11; rv:51.0) Gecko/20100101 Firefox/51.0"
87.172.192.67 - - [18/Feb/2017:11:10:21 +0100] "GET /kepek/4/arboretumseta.jpg HTTP/1.1" 200 3631 "http://www.greenaction.hu/zoldakcio.swf" "Mozilla/5.0 (Macintosh; Intel Mac OS X 10.11; rv:51.0) Gecko/20100101 Firefox/51.0"
87.172.192.67 - - [18/Feb/2017:11:10:21 +0100] "GET /kepek/4/april2007_f%F6ldnap%20089.jpg HTTP/1.1" 200 4014 "http://www.greenaction.hu/zoldakcio.swf" "Mozilla/5.0 (Macintosh; Intel Mac OS X 10.11; rv:51.0) Gecko/20100101 Firefox/51.0"
87.172.192.67 - - [18/Feb/2017:11:10:21 +0100] "GET /kepek/4/allatsimogato.jpg HTTP/1.1" 200 4888 "http://www.greenaction.hu/zoldakcio.swf" "Mozilla/5.0 (Macintosh; Intel Mac OS X 10.11; rv:51.0) Gecko/20100101 Firefox/51.0"
87.172.192.67 - - [18/Feb/2017:11:10:21 +0100] "GET /kepek/4/agyagbanda.jpg HTTP/1.1" 200 4011 "http://www.greenaction.hu/zoldakcio.swf" "Mozilla/5.0 (Macintosh; Intel Mac OS X 10.11; rv:51.0) Gecko/20100101 Firefox/51.0"
87.172.192.67 - - [18/Feb/2017:11:10:21 +0100] "GET /kepek/4/nagykep/agyagbanda.jpg HTTP/1.1" 200 29406 "http://www.greenaction.hu/zoldakcio.swf" "Mozilla/5.0 (Macintosh; Intel Mac OS X 10.11; rv:51.0) Gecko/20100101 Firefox/51.0"
87.172.192.67 - - [18/Feb/2017:11:10:45 +0100] "GET /kepek/4/nagykep/april2007_f%F6ldnap%20089.jpg HTTP/1.1" 200 32877 "http://www.greenaction.hu/zoldakcio.swf" "Mozilla/5.0 (Macintosh; Intel Mac OS X 10.11; rv:51.0) Gecko/20100101 Firefox/51.0"
52.3.105.23 - - [18/Feb/2017:12:20:59 +0100] "GET /robots.txt HTTP/1.1" 404 1181 "-" "ltx71 - (http://ltx71.com/)"
188.127.129.98 - - [18/Feb/2017:12:51:38 +0100] "GET /aktualis_elemei/katonai_elemei/image004.jpg HTTP/1.1" 200 56554 "-" "Mozilla/5.0 (Linux; Android 5.1; AMIGOO R300 Build/LMY47I; wv) AppleWebKit/537.36 (KHTML, like Gecko) Version/4.0 Chrome/55.0.2883.91 Mobile Safari/537.36 GSA/6.12.25.21.arm"
157.55.39.238 - - [18/Feb/2017:12:52:29 +0100] "GET /aktualis_elemei/katonai.html HTTP/1.1" 200 22109 "-" "Mozilla/5.0 (iPhone; CPU iPhone OS 7_0 like Mac OS X) AppleWebKit/537.51.1 (KHTML, like Gecko) Version/7.0 Mobile/11A465 Safari/9537.53 (compatible; bingbot/2.0; +http://www.bing.com/bingbot.htm)"
157.55.39.247 - - [18/Feb/2017:12:52:35 +0100] "GET /robots.txt HTTP/1.1" 404 1181 "-" "Mozilla/5.0 (compatible; bingbot/2.0; +http://www.bing.com/bingbot.htm)"
157.55.39.247 - - [18/Feb/2017:12:52:35 +0100] "GET /robots.txt HTTP/1.1" 404 1181 "-" "Mozilla/5.0 (compatible; bingbot/2.0; +http://www.bing.com/bingbot.htm)"
157.55.39.247 - - [18/Feb/2017:12:52:36 +0100] "GET /robots.txt HTTP/1.1" 404 1181 "-" "Mozilla/5.0 (compatible; bingbot/2.0; +http://www.bing.com/bingbot.htm)"
157.55.39.247 - - [18/Feb/2017:12:52:36 +0100] "GET /robots.txt HTTP/1.1" 404 1181 "-" "Mozilla/5.0 (compatible; bingbot/2.0; +http://www.bing.com/bingbot.htm)"
40.77.167.111 - - [18/Feb/2017:12:52:46 +0100] "GET /aktualis_elemei/katonai_elemei/image001.jpg HTTP/1.1" 200 35821 "-" "Mozilla/5.0 (iPhone; CPU iPhone OS 7_0 like Mac OS X) AppleWebKit/537.51.1 (KHTML, like Gecko) Version/7.0 Mobile/11A465 Safari/9537.53 (compatible; bingbot/2.0; +http://www.bing.com/bingbot.htm)"
93.158.152.25 - - [18/Feb/2017:12:59:05 +0100] "GET /robots.txt HTTP/1.1" 404 1181 "-" "Mozilla/5.0 (compatible; YandexBot/3.0; +http://yandex.com/bots)"
93.158.152.25 - - [18/Feb/2017:12:59:05 +0100] "GET /robots.txt HTTP/1.1" 404 1181 "-" "Mozilla/5.0 (compatible; YandexBot/3.0; +http://yandex.com/bots)"
141.8.142.30 - - [18/Feb/2017:12:59:09 +0100] "GET / HTTP/1.1" 200 884 "-" "Mozilla/5.0 (compatible; YandexBot/3.0; +http://yandex.com/bots)"
130.193.51.56 - - [18/Feb/2017:12:59:09 +0100] "GET / HTTP/1.1" 200 884 "-" "Mozilla/5.0 (compatible; YandexBot/3.0; +http://yandex.com/bots)"
141.8.142.30 - - [18/Feb/2017:12:59:14 +0100] "GET /zoldakcio.swf HTTP/1.1" 200 840351 "-" "Mozilla/5.0 (compatible; YandexBot/3.0; +http://yandex.com/bots)"
130.193.51.56 - - [18/Feb/2017:12:59:14 +0100] "GET /zoldakcio.swf HTTP/1.1" 200 840351 "-" "Mozilla/5.0 (compatible; YandexBot/3.0; +http://yandex.com/bots)"
176.8.89.14 - - [18/Feb/2017:13:02:56 +0100] "GET / HTTP/1.1" 200 884 "https://findthe.pet/" "Mozilla/4.0 (compatible; MSIE 6.0; Windows NT 5.1; SV1; .NET CLR 1.0.3705; .NET CLR 1.1.4322; .NET CLR 2.0.40607)"
176.8.89.14 - - [18/Feb/2017:13:02:57 +0100] "GET / HTTP/1.1" 200 884 "https://findthe.pet/" "Mozilla/4.0 (compatible; MSIE 6.0; Windows NT 5.1; SV1; .NET CLR 1.0.3705; .NET CLR 1.1.4322; .NET CLR 2.0.40607)"
80.109.231.4 - - [18/Feb/2017:13:06:52 +0100] "GET /aktualis_elemei/bio2szulinap_elemei/image094.jpg HTTP/1.1" 200 7635 "https://www.bing.com/" "Mozilla/5.0 (Windows NT 10.0; Win64; x64) AppleWebKit/537.36 (KHTML, like Gecko) Chrome/51.0.2704.79 Safari/537.36 Edge/14.14393"
37.76.98.15 - - [18/Feb/2017:13:18:24 +0100] "GET /aktualis_elemei/bio2szulinap_elemei/image060.jpg HTTP/1.1" 200 16684 "https://www.google.hu/" "Mozilla/5.0 (Linux; Android 6.0; EVA-L09 Build/HUAWEIEVA-L09) AppleWebKit/537.36 (KHTML, like Gecko) Chrome/55.0.2883.91 Mobile Safari/537.36"
178.137.83.79 - - [18/Feb/2017:13:39:10 +0100] "GET /robots.txt HTTP/1.1" 404 1181 "-" "Mozilla/5.0 (Windows NT 10.0; WOW64) AppleWebKit/537.36 (KHTML, like Gecko) Chrome/49.0.2623.75 Safari/537.36 OPR/36.0.2130.32"
178.137.83.79 - - [18/Feb/2017:13:39:10 +0100] "GET / HTTP/1.1" 200 884 "-" "Mozilla/5.0 (Windows NT 10.0; WOW64) AppleWebKit/537.36 (KHTML, like Gecko) Chrome/49.0.2623.75 Safari/537.36 OPR/36.0.2130.32"
178.137.83.79 - - [18/Feb/2017:13:39:10 +0100] "GET /xmlrpc.php?rsd HTTP/1.1" 404 1181 "-" "Mozilla/5.0 (Windows NT 10.0; WOW64) AppleWebKit/537.36 (KHTML, like Gecko) Chrome/49.0.2623.75 Safari/537.36 OPR/36.0.2130.32"
178.137.83.79 - - [18/Feb/2017:13:39:10 +0100] "GET /blog/robots.txt HTTP/1.1" 404 1181 "-" "Mozilla/5.0 (Windows NT 10.0; WOW64) AppleWebKit/537.36 (KHTML, like Gecko) Chrome/49.0.2623.75 Safari/537.36 OPR/36.0.2130.32"
178.137.83.79 - - [18/Feb/2017:13:39:10 +0100] "GET /blog/ HTTP/1.1" 404 1181 "-" "Mozilla/5.0 (Windows NT 10.0; WOW64) AppleWebKit/537.36 (KHTML, like Gecko) Chrome/49.0.2623.75 Safari/537.36 OPR/36.0.2130.32"
178.137.83.79 - - [18/Feb/2017:13:39:10 +0100] "GET /wordpress/ HTTP/1.1" 404 1181 "-" "Mozilla/5.0 (Windows NT 10.0; WOW64) AppleWebKit/537.36 (KHTML, like Gecko) Chrome/49.0.2623.75 Safari/537.36 OPR/36.0.2130.32"
178.137.83.79 - - [18/Feb/2017:13:39:11 +0100] "GET /wp/ HTTP/1.1" 404 1181 "-" "Mozilla/5.0 (Windows NT 10.0; WOW64) AppleWebKit/537.36 (KHTML, like Gecko) Chrome/49.0.2623.75 Safari/537.36 OPR/36.0.2130.32"
199.30.24.29 - - [18/Feb/2017:13:53:42 +0100] "GET /aktualis_elemei/katonai_elemei/image001.jpg HTTP/1.1" 200 35821 "http://www.greenaction.hu/aktualis_elemei/katonai.html" "Mozilla/5.0 (iPhone; CPU iPhone OS 7_0 like Mac OS X) AppleWebKit/537.51.1 (KHTML, like Gecko) Version/7.0 Mobile/11A465 Safari/9537.53 BingPreview/1.0b"
46.165.197.141 - - [18/Feb/2017:14:05:19 +0100] "GET /robots.txt HTTP/1.1" 404 1181 "-" "Mozilla/5.0 (compatible; MJ12bot/v1.4.7; http://mj12bot.com/)"
46.165.197.141 - - [18/Feb/2017:14:05:20 +0100] "GET / HTTP/1.1" 200 884 "-" "Mozilla/5.0 (compatible; MJ12bot/v1.4.7; http://mj12bot.com/)"
66.249.76.18 - - [18/Feb/2017:15:21:52 +0100] "GET /robots.txt HTTP/1.1" 404 1181 "-" "Mozilla/5.0 (compatible; Googlebot/2.1; +http://www.google.com/bot.html)"
66.249.76.19 - - [18/Feb/2017:15:21:53 +0100] "GET / HTTP/1.1" 200 884 "-" "Mozilla/5.0 (Linux; Android 6.0.1; Nexus 5X Build/MMB29P) AppleWebKit/537.36 (KHTML, like Gecko) Chrome/41.0.2272.96 Mobile Safari/537.36 (compatible; Googlebot/2.1; +http://www.google.com/bot.html)"
212.16.152.229 - - [18/Feb/2017:15:34:46 +0100] "GET /aktualis_elemei/bekamentes_elemei/image003.jpg HTTP/1.1" 200 18979 "-" "Mozilla/5.0 (Linux; Android 6.0.1; D6563 Build/23.5.A.0.575; wv) AppleWebKit/537.36 (KHTML, like Gecko) Version/4.0 Chrome/55.0.2883.91 Mobile Safari/537.36 GSA/6.10.37.21.arm"
138.197.96.250 - - [18/Feb/2017:15:59:36 +0100] "GET / HTTP/1.1" 200 884 "http://greenaction.hu" "Mozilla/5.0 (Windows NT 6.1; WOW64) AppleWebKit/537.36 (KHTML, like Gecko) Chrome/34.0.1847.137 Safari/537.36"
138.197.96.250 - - [18/Feb/2017:15:59:53 +0100] "GET /robots.txt HTTP/1.1" 404 1181 "-" "Mozilla/5.0 (Windows NT 6.1; rv:28.0) Gecko/20100101 Firefox/28.0"
46.118.113.241 - - [18/Feb/2017:16:40:36 +0100] "GET / HTTP/1.1" 200 884 "http://oil-td.ru/" "Mozilla/4.0 (compatible; MSIE 5.5; Windows NT 5.0; T312461)"
46.118.113.241 - - [18/Feb/2017:16:40:37 +0100] "GET / HTTP/1.1" 200 884 "http://oil-td.ru/" "Mozilla/4.0 (compatible; MSIE 5.5; Windows NT 5.0; T312461)"
46.118.113.241 - - [18/Feb/2017:16:40:38 +0100] "GET / HTTP/1.1" 200 884 "http://oil-td.ru/" "Mozilla/4.0 (compatible; MSIE 5.5; Windows NT 5.0; T312461)"
157.55.39.139 - - [18/Feb/2017:16:49:49 +0100] "GET / HTTP/1.1" 200 884 "-" "Mozilla/5.0 (compatible; bingbot/2.0; +http://www.bing.com/bingbot.htm)"
180.76.15.10 - - [18/Feb/2017:16:50:19 +0100] "GET / HTTP/1.1" 200 884 "-" "Mozilla/5.0 (compatible; Baiduspider/2.0; +http://www.baidu.com/search/spider.html)"
46.229.164.102 - - [18/Feb/2017:17:44:01 +0100] "GET /robots.txt HTTP/1.1" 404 1181 "-" "Mozilla/5.0 (compatible; SemrushBot/1.2~bl; +http://www.semrush.com/bot.html)"
46.229.164.99 - - [18/Feb/2017:19:01:01 +0100] "GET /robots.txt HTTP/1.1" 404 1181 "-" "Mozilla/5.0 (compatible; SemrushBot/1.2~bl; +http://www.semrush.com/bot.html)"
66.249.93.146 - - [18/Feb/2017:19:43:57 +0100] "GET /aktualis_elemei/bio2szulinap_elemei/image108.jpg HTTP/1.1" 200 9238 "https://www.google.hu/" "Mozilla/5.0 (Windows NT 6.1) AppleWebKit/537.36 (KHTML, like Gecko) Chrome/56.0.2924.87 Safari/537.36"
157.55.39.238 - - [18/Feb/2017:20:44:44 +0100] "GET /kiadvanyaink.html HTTP/1.1" 200 4921 "-" "Mozilla/5.0 (iPhone; CPU iPhone OS 7_0 like Mac OS X) AppleWebKit/537.51.1 (KHTML, like Gecko) Version/7.0 Mobile/11A465 Safari/9537.53 (compatible; bingbot/2.0; +http://www.bing.com/bingbot.htm)"
40.77.167.111 - - [18/Feb/2017:20:45:01 +0100] "GET /kiadvany/delbukk.jpg HTTP/1.1" 200 763448 "-" "Mozilla/5.0 (iPhone; CPU iPhone OS 7_0 like Mac OS X) AppleWebKit/537.51.1 (KHTML, like Gecko) Version/7.0 Mobile/11A465 Safari/9537.53 (compatible; bingbot/2.0; +http://www.bing.com/bingbot.htm)"
87.229.127.46 - - [18/Feb/2017:21:40:31 +0100] "GET /aktualis_elemei/bio2szulinap_elemei/image082.jpg HTTP/1.1" 200 7560 "https://www.google.hu/" "Mozilla/5.0 (iPhone; CPU iPhone OS 10_2_1 like Mac OS X) AppleWebKit/602.4.6 (KHTML, like Gecko) Version/10.0 Mobile/14D27 Safari/602.1"
66.249.66.179 - - [18/Feb/2017:22:03:06 +0100] "GET /aktualis_elemei/bio2szulinap_elemei/image048.jpg HTTP/1.1" 200 13760 "-" "Googlebot-Image/1.0"
93.171.154.53 - - [18/Feb/2017:22:11:44 +0100] "GET /aktualis_elemei/bio2szulinap_elemei/image108.jpg HTTP/1.1" 200 9238 "https://www.google.sk/" "Mozilla/5.0 (Windows NT 6.1; rv:51.0) Gecko/20100101 Firefox/51.0"
66.249.66.176 - - [18/Feb/2017:22:31:11 +0100] "GET /aktualis_elemei/bio2szulinap_elemei/image056.jpg HTTP/1.1" 200 10317 "-" "Googlebot-Image/1.0"
79.223.135.244 - - [18/Feb/2017:22:39:25 +0100] "GET / HTTP/1.1" 200 884 "-" "Mozilla/5.0 (X11; Ubuntu; Linux i686; rv:51.0) Gecko/20100101 Firefox/51.0"
79.223.135.244 - - [18/Feb/2017:22:39:25 +0100] "GET /pattern.jpg HTTP/1.1" 200 13798 "http://www.greenaction.hu/" "Mozilla/5.0 (X11; Ubuntu; Linux i686; rv:51.0) Gecko/20100101 Firefox/51.0"
79.223.135.244 - - [18/Feb/2017:22:39:26 +0100] "GET /favicon.ico HTTP/1.1" 404 1181 "-" "Mozilla/5.0 (X11; Ubuntu; Linux i686; rv:51.0) Gecko/20100101 Firefox/51.0"
79.223.135.244 - - [18/Feb/2017:22:39:26 +0100] "GET /favicon.ico HTTP/1.1" 404 1181 "-" "Mozilla/5.0 (X11; Ubuntu; Linux i686; rv:51.0) Gecko/20100101 Firefox/51.0"
79.223.135.244 - - [18/Feb/2017:22:39:57 +0100] "GET /zoldakcio.swf HTTP/1.1" 200 24619 "http://www.greenaction.hu/" "Mozilla/5.0 (X11; Ubuntu; Linux i686; rv:51.0) Gecko/20100101 Firefox/51.0"
66.249.66.173 - - [18/Feb/2017:22:40:01 +0100] "GET / HTTP/1.1" 200 884 "-" "Mozilla/5.0 (compatible; Googlebot/2.1; +http://www.google.com/bot.html)"
79.223.135.244 - - [18/Feb/2017:22:42:56 +0100] "GET /zoldakcio.swf HTTP/1.1" 206 24565 "http://www.greenaction.hu/" "Mozilla/5.0 (X11; Ubuntu; Linux i686; rv:51.0) Gecko/20100101 Firefox/51.0"
5.248.197.38 - - [18/Feb/2017:22:43:59 +0100] "GET / HTTP/1.1" 200 884 "http://electricwheelchairsarea.com/" "Mozilla/4.0 (compatible; MSIE 6.0; Windows XP)"
5.248.197.38 - - [18/Feb/2017:22:44:00 +0100] "GET / HTTP/1.1" 200 884 "http://electricwheelchairsarea.com/" "Mozilla/4.0 (compatible; MSIE 6.0; Windows XP)"
5.248.197.38 - - [18/Feb/2017:22:44:00 +0100] "GET / HTTP/1.1" 200 884 "http://electricwheelchairsarea.com/" "Mozilla/4.0 (compatible; MSIE 6.0; Windows XP)"
66.249.66.173 - - [18/Feb/2017:23:27:31 +0100] "GET /aktualis_elemei/bio2szulinap_elemei/image058.jpg HTTP/1.1" 200 16787 "-" "Googlebot-Image/1.0"
66.249.66.179 - - [18/Feb/2017:23:55:31 +0100] "GET /aktualis_elemei/bio2szulinap_elemei/image054.jpg HTTP/1.1" 200 10738 "-" "Googlebot-Image/1.0"
108.61.60.74 - - [19/Feb/2017:00:07:14 +0100] "GET /magunkrol_elemei/kozhasznu.html HTTP/1.1" 200 48365 "-" "-"
108.61.60.74 - - [19/Feb/2017:00:07:14 +0100] "GET / HTTP/1.1" 200 884 "-" "-"
199.193.251.133 - - [19/Feb/2017:00:24:39 +0100] "HEAD / HTTP/1.1" 200 0 "https://www.inboundlinks.win/InboundLinks/www.greenaction.hu" "Mozilla/5.0 (compatible; MSIE 9.0; Windows NT 6.1; WOW64; Trident/5.0)"
207.46.13.208 - - [19/Feb/2017:00:43:04 +0100] "GET /robots.txt HTTP/1.1" 404 1181 "-" "Mozilla/5.0 (compatible; bingbot/2.0; +http://www.bing.com/bingbot.htm)"
66.249.66.179 - - [19/Feb/2017:00:52:14 +0100] "GET /aktualis_elemei/bio2szulinap_elemei/image052.jpg HTTP/1.1" 200 11533 "-" "Googlebot-Image/1.0"
180.76.15.137 - - [19/Feb/2017:01:07:50 +0100] "GET /kiadvany/delbukk.pdf HTTP/1.1" 200 589824 "-" "Mozilla/5.0 (compatible; Baiduspider/2.0; +http://www.baidu.com/search/spider.html)"
151.80.39.120 - - [19/Feb/2017:01:29:10 +0100] "GET /robots.txt HTTP/1.1" 404 1181 "-" "Mozilla/5.0 (compatible; AhrefsBot/5.2; +http://ahrefs.com/robot/)"
164.132.161.9 - - [19/Feb/2017:01:29:10 +0100] "GET /aktualis_elemei/kakcionap.html HTTP/1.1" 200 9027 "-" "Mozilla/5.0 (compatible; AhrefsBot/5.2; +http://ahrefs.com/robot/)"
66.249.66.179 - - [19/Feb/2017:01:48:12 +0100] "GET /aktualis_elemei/bio2szulinap_elemei/image012.jpg HTTP/1.1" 200 11039 "-" "Googlebot-Image/1.0"
180.76.15.153 - - [19/Feb/2017:02:18:03 +0100] "GET / HTTP/1.1" 200 884 "-" "Mozilla/5.0 (compatible; Baiduspider/2.0; +http://www.baidu.com/search/spider.html)"
66.249.66.176 - - [19/Feb/2017:02:44:44 +0100] "GET /aktualis_elemei/bio2szulinap_elemei/image038.jpg HTTP/1.1" 200 14459 "-" "Googlebot-Image/1.0"
130.193.51.56 - - [19/Feb/2017:02:51:33 +0100] "GET /robots.txt HTTP/1.1" 404 1181 "-" "Mozilla/5.0 (compatible; YandexBot/3.0; +http://yandex.com/bots)"
130.193.51.56 - - [19/Feb/2017:02:51:37 +0100] "GET /favicon.ico HTTP/1.1" 404 1181 "-" "Mozilla/5.0 (compatible; YandexBot/3.0; +http://yandex.com/bots)"
157.55.39.139 - - [19/Feb/2017:04:45:25 +0100] "GET / HTTP/1.1" 200 884 "-" "Mozilla/5.0 (compatible; bingbot/2.0; +http://www.bing.com/bingbot.htm)"
162.210.196.98 - - [19/Feb/2017:04:48:41 +0100] "GET /robots.txt HTTP/1.1" 404 1181 "-" "Mozilla/5.0 (compatible; MJ12bot/v1.4.7; http://mj12bot.com/)"
162.210.196.98 - - [19/Feb/2017:04:48:42 +0100] "GET / HTTP/1.1" 200 884 "-" "Mozilla/5.0 (compatible; MJ12bot/v1.4.7; http://mj12bot.com/)"
65.55.218.36 - - [19/Feb/2017:06:12:52 +0100] "GET /aktualis_elemei/bio2szulinap.html HTTP/1.1" 200 71694 "-" "Mozilla/5.0 (compatible; MSIE 9.0; Windows NT 6.0; Trident/5.0; Trident/5.0)"
157.55.39.238 - - [19/Feb/2017:06:13:18 +0100] "GET /kiadvany/miskolchvte.pdf HTTP/1.1" 200 4059249 "-" "Mozilla/5.0 (iPhone; CPU iPhone OS 7_0 like Mac OS X) AppleWebKit/537.51.1 (KHTML, like Gecko) Version/7.0 Mobile/11A465 Safari/9537.53 (compatible; bingbot/2.0; +http://www.bing.com/bingbot.htm)"
157.55.39.247 - - [19/Feb/2017:06:16:28 +0100] "GET /robots.txt HTTP/1.1" 404 1181 "-" "Mozilla/5.0 (compatible; bingbot/2.0; +http://www.bing.com/bingbot.htm)"
157.55.39.238 - - [19/Feb/2017:06:16:58 +0100] "GET /kiadvany/miskolchvte.pdf HTTP/1.1" 200 4059249 "-" "Mozilla/5.0 (iPhone; CPU iPhone OS 7_0 like Mac OS X) AppleWebKit/537.51.1 (KHTML, like Gecko) Version/7.0 Mobile/11A465 Safari/9537.53 (compatible; bingbot/2.0; +http://www.bing.com/bingbot.htm)"
66.249.66.179 - - [19/Feb/2017:06:23:22 +0100] "GET /robots.txt HTTP/1.1" 404 1181 "-" "Mozilla/5.0 (compatible; Googlebot/2.1; +http://www.google.com/bot.html)"
66.249.66.176 - - [19/Feb/2017:06:23:22 +0100] "GET /aktualis_elemei/bio2szulinap_elemei/image134.jpg HTTP/1.1" 200 10678 "-" "Googlebot-Image/1.0"
66.249.66.173 - - [19/Feb/2017:06:28:20 +0100] "GET / HTTP/1.1" 200 884 "-" "Mozilla/5.0 (compatible; Googlebot/2.1; +http://www.google.com/bot.html)"
157.55.39.247 - - [19/Feb/2017:06:43:37 +0100] "GET /kiadvany/delbukk.pdf HTTP/1.1" 200 1540585 "-" "Mozilla/5.0 (iPhone; CPU iPhone OS 7_0 like Mac OS X) AppleWebKit/537.51.1 (KHTML, like Gecko) Version/7.0 Mobile/11A465 Safari/9537.53 (compatible; bingbot/2.0; +http://www.bing.com/bingbot.htm)"
87.229.73.156 - - [19/Feb/2017:07:02:23 +0100] "GET / HTTP/1.1" 200 884 "-" "Python-urllib/2.6"
54.172.241.121 - - [19/Feb/2017:07:22:05 +0100] "GET /robots.txt HTTP/1.1" 404 1181 "-" "ltx71 - (http://ltx71.com/)"
192.157.254.197 - - [19/Feb/2017:07:33:08 +0100] "HEAD / HTTP/1.1" 200 0 "https://www.inboundlinks.win/InboundLinks/www.greenaction.hu" "Mozilla/5.0 (compatible; MSIE 9.0; Windows NT 6.1; WOW64; Trident/5.0)"
66.249.66.179 - - [19/Feb/2017:07:43:48 +0100] "GET /aktualis_elemei/bio2szulinap_elemei/image064.jpg HTTP/1.1" 200 12049 "-" "Googlebot-Image/1.0"
138.197.2.101 - - [19/Feb/2017:08:00:05 +0100] "GET / HTTP/1.1" 200 884 "-" "Mozilla/5.0 (Windows NT 6.1; WOW64) AppleWebKit/537.36 (KHTML, like Gecko) Chrome/34.0.1847.137 Safari/537.36"
176.8.89.14 - - [19/Feb/2017:08:17:29 +0100] "GET / HTTP/1.1" 200 884 "http://blagoveshchensk.xxxrus.org/" "Mozilla/4.0 (compatible; MSIE 6.0; MSIE 5.5; Windows NT 4.0) Opera 7.0 [en]"
176.8.89.14 - - [19/Feb/2017:08:17:29 +0100] "GET / HTTP/1.1" 200 884 "http://blagoveshchensk.xxxrus.org/" "Mozilla/4.0 (compatible; MSIE 6.0; MSIE 5.5; Windows NT 4.0) Opera 7.0 [en]"
46.119.112.23 - - [19/Feb/2017:08:27:10 +0100] "GET / HTTP/1.1" 200 884 "http://meduza-consult.ru/" "Mozilla/4.0 (compatible; MSIE 6.0; Windows NT 5.1)"
46.119.112.23 - - [19/Feb/2017:08:27:10 +0100] "GET / HTTP/1.1" 200 884 "http://meduza-consult.ru/" "Mozilla/4.0 (compatible; MSIE 6.0; Windows NT 5.1)"
46.119.112.23 - - [19/Feb/2017:08:27:11 +0100] "GET / HTTP/1.1" 200 884 "http://meduza-consult.ru/" "Mozilla/4.0 (compatible; MSIE 6.0; Windows NT 5.1)"
74.115.214.142 - - [19/Feb/2017:08:41:53 +0100] "HEAD / HTTP/1.1" 200 0 "http://uptime.com/greenaction.hu" "Mozilla/5.0 (compatible; Uptimebot/1.0; +http://www.uptime.com/uptimebot)"
66.249.66.179 - - [19/Feb/2017:08:44:10 +0100] "GET /aktualis_elemei/bio2szulinap_elemei/image078.jpg HTTP/1.1" 200 7760 "-" "Googlebot-Image/1.0"
37.115.190.104 - - [19/Feb/2017:08:52:02 +0100] "GET / HTTP/1.1" 200 884 "http://ussuriysk.xxxrus.org/" "Mozilla/4.0 (compatible; MSIE 7.0b; Windows NT 6.0)"
169.54.233.116 - - [19/Feb/2017:09:02:08 +0100] "GET / HTTP/1.1" 200 884 "-" "-"
108.59.8.70 - - [19/Feb/2017:09:02:17 +0100] "GET /robots.txt HTTP/1.1" 404 1181 "-" "Mozilla/5.0 (compatible; MJ12bot/v1.4.7; http://mj12bot.com/)"
108.59.8.70 - - [19/Feb/2017:09:02:27 +0100] "GET / HTTP/1.1" 200 884 "-" "Mozilla/5.0 (compatible; MJ12bot/v1.4.7; http://mj12bot.com/)"
84.0.158.140 - - [19/Feb/2017:09:09:57 +0100] "GET /aktualis_elemei/katonai_elemei/image004.jpg HTTP/1.1" 200 56554 "-" "Mozilla/5.0 (Linux; Android 5.0.2; SM-T530 Build/LRX22G; wv) AppleWebKit/537.36 (KHTML, like Gecko) Version/4.0 Chrome/55.0.2883.91 Safari/537.36 GSA/6.11.21.21.arm"
54.172.241.121 - - [19/Feb/2017:09:31:25 +0100] "GET /robots.txt HTTP/1.1" 404 1181 "-" "ltx71 - (http://ltx71.com/)"
66.249.66.179 - - [19/Feb/2017:10:32:45 +0100] "GET / HTTP/1.1" 200 884 "-" "Mozilla/5.0 (compatible; Googlebot/2.1; +http://www.google.com/bot.html)"
87.97.91.183 - - [19/Feb/2017:11:14:59 +0100] "GET / HTTP/1.1" 200 884 "-" "-"
192.161.172.203 - - [19/Feb/2017:12:08:49 +0100] "POST / HTTP/1.1" 405 1174 "-" "Mozilla/5.0"
176.8.89.14 - - [19/Feb/2017:12:17:31 +0100] "GET / HTTP/1.1" 200 884 "http://iptool.xyz/" "Mozilla/4.0 (compatible; MSIE 6.0; Windows NT 5.1; Deepnet Explorer 1.5.0; .NET CLR 1.0.3705)"
134.255.28.209 - - [19/Feb/2017:12:50:30 +0100] "GET /aktualis_elemei/bekamentes_elemei/image009.jpg HTTP/1.1" 200 11140 "https://www.google.hu/" "Mozilla/5.0 (Windows NT 6.1; rv:51.0) Gecko/20100101 Firefox/51.0"
46.229.164.102 - - [19/Feb/2017:12:51:11 +0100] "GET /robots.txt HTTP/1.1" 404 1181 "-" "Mozilla/5.0 (compatible; SemrushBot/1.2~bl; +http://www.semrush.com/bot.html)"
45.55.225.54 - - [19/Feb/2017:12:51:22 +0100] "GET /robots.txt HTTP/1.1" 404 1181 "-" "Mozilla/5.0 (compatible; spbot/5.0.3; +http://OpenLinkProfiler.org/bot )"
45.55.225.54 - - [19/Feb/2017:12:51:23 +0100] "GET /robots.txt HTTP/1.1" 404 1181 "-" "Mozilla/5.0 (compatible; spbot/5.0.3; +http://OpenLinkProfiler.org/bot )"
45.55.225.54 - - [19/Feb/2017:12:51:28 +0100] "GET / HTTP/1.1" 200 884 "-" "Mozilla/5.0 (compatible; spbot/5.0.3; +http://OpenLinkProfiler.org/bot )"
134.255.28.209 - - [19/Feb/2017:12:54:09 +0100] "GET /aktualis_elemei/bekamentes_elemei/image003.jpg HTTP/1.1" 200 18979 "https://www.google.hu/" "Mozilla/5.0 (Windows NT 6.1; rv:51.0) Gecko/20100101 Firefox/51.0"
195.146.37.19 - - [19/Feb/2017:13:16:06 +0100] "GET /robots.txt HTTP/1.1" 404 1181 "-" "Mozilla/5.0 (compatible; yoozBot-2.2; http://yooz.ir; info@yooz.ir)"
195.146.37.19 - - [19/Feb/2017:13:16:06 +0100] "GET / HTTP/1.1" 304 - "-" "Mozilla/5.0 (compatible; yoozBot-2.2; http://yooz.ir; info@yooz.ir)"
192.161.172.203 - - [19/Feb/2017:13:18:21 +0100] "POST / HTTP/1.1" 405 1174 "-" "Mozilla/5.0"
46.119.112.23 - - [19/Feb/2017:13:39:47 +0100] "GET / HTTP/1.1" 200 884 "http://xn--80aikhbrhr.net/" "Mozilla/6.0 (compatible; MSIE 7.0a1; Windows NT 5.2; SV1)"
46.119.112.23 - - [19/Feb/2017:13:39:47 +0100] "GET / HTTP/1.1" 200 884 "http://xn--80aikhbrhr.net/" "Mozilla/6.0 (compatible; MSIE 7.0a1; Windows NT 5.2; SV1)"
185.111.211.239 - - [19/Feb/2017:14:03:33 +0100] "GET /aktualis_elemei/bio2szulinap_elemei/image060.jpg HTTP/1.1" 200 16684 "-" "Mozilla/5.0 (Linux; Android 5.1.1; SM-J320FN Build/LMY47V; wv) AppleWebKit/537.36 (KHTML, like Gecko) Version/4.0 Chrome/55.0.2883.91 Mobile Safari/537.36 GSA/6.12.25.21.arm"
144.217.80.113 - - [19/Feb/2017:14:25:01 +0100] "GET / HTTP/1.1" 200 884 "-" "Mozilla/5.0 (Windows NT 10.0; WOW64) AppleWebKit/537.36 (KHTML, like Gecko) Chrome/52.0.2743.116 Safari/537.36"
46.119.112.23 - - [19/Feb/2017:14:28:58 +0100] "GET / HTTP/1.1" 200 884 "http://www.craftburg.ru/" "Mozilla/4.0 (compatible; MSIE 6.0; Windows NT 5.1; SV1; InfoPath.1"
46.119.112.23 - - [19/Feb/2017:14:28:58 +0100] "GET / HTTP/1.1" 200 884 "http://www.craftburg.ru/" "Mozilla/4.0 (compatible; MSIE 6.0; Windows NT 5.1; SV1; InfoPath.1"
46.119.112.23 - - [19/Feb/2017:14:28:59 +0100] "GET / HTTP/1.1" 200 884 "http://www.craftburg.ru/" "Mozilla/4.0 (compatible; MSIE 6.0; Windows NT 5.1; SV1; InfoPath.1"
46.229.164.99 - - [19/Feb/2017:14:46:48 +0100] "GET /robots.txt HTTP/1.1" 404 1181 "-" "Mozilla/5.0 (compatible; SemrushBot/1.2~bl; +http://www.semrush.com/bot.html)"
192.161.172.203 - - [19/Feb/2017:14:56:18 +0100] "POST / HTTP/1.1" 405 1174 "-" "Mozilla/5.0"
66.249.66.179 - - [19/Feb/2017:15:09:59 +0100] "GET /aktualis_elemei/bio2szulinap_elemei/image018.gif HTTP/1.1" 200 41110 "-" "Googlebot-Image/1.0"
62.210.188.203 - - [19/Feb/2017:16:41:57 +0100] "GET / HTTP/1.0" 200 884 "http://www.greenaction.hu" "Mozilla/4.0 (compatible; MSIE 6.0; Windows NT 5.1; SV1; .NET CLR 2.0.50727)"
157.55.39.139 - - [19/Feb/2017:16:43:49 +0100] "GET / HTTP/1.1" 200 884 "-" "Mozilla/5.0 (compatible; bingbot/2.0; +http://www.bing.com/bingbot.htm)"
46.119.112.23 - - [19/Feb/2017:16:53:40 +0100] "GET / HTTP/1.1" 200 884 "http://meds-online24.com/" "Mozilla/4.0 (compatible; MSIE 6.0; Windows NT 5.1; SV1; FunWebProducts; .NET CLR 1.1.4322; PeoplePal 6.2)"
46.119.112.23 - - [19/Feb/2017:16:53:41 +0100] "GET / HTTP/1.1" 200 884 "http://meds-online24.com/" "Mozilla/4.0 (compatible; MSIE 6.0; Windows NT 5.1; SV1; FunWebProducts; .NET CLR 1.1.4322; PeoplePal 6.2)"
46.119.112.23 - - [19/Feb/2017:16:53:42 +0100] "GET / HTTP/1.1" 200 884 "http://meds-online24.com/" "Mozilla/4.0 (compatible; MSIE 6.0; Windows NT 5.1; SV1; FunWebProducts; .NET CLR 1.1.4322; PeoplePal 6.2)"
