141.8.183.17 - - [15/Dec/2017:00:53:29 +0100] "GET / HTTP/1.1" 200 884 "-" "Mozilla/5.0 (compatible; YandexBot/3.0; +http://yandex.com/bots)"
141.8.183.17 - - [15/Dec/2017:00:53:30 +0100] "GET /zoldakcio.swf HTTP/1.1" 200 840351 "-" "Mozilla/5.0 (compatible; YandexBot/3.0; +http://yandex.com/bots)"
178.154.171.90 - - [15/Dec/2017:00:53:33 +0100] "GET /zoldakcio.swf HTTP/1.1" 200 840351 "-" "Mozilla/5.0 (compatible; YandexBot/3.0; +http://yandex.com/bots)"
46.118.121.38 - - [15/Dec/2017:02:00:56 +0100] "GET / HTTP/1.1" 200 884 "http://iptvuk.co.uk/" "Mozilla/4.0 (compatible; MSIE 6.0; Windows NT 5.1; SV1; .NET CLR 1.1.4322) NS8/0.9.6"
46.118.121.38 - - [15/Dec/2017:02:00:56 +0100] "GET / HTTP/1.1" 200 884 "http://iptvuk.co.uk/" "Mozilla/4.0 (compatible; MSIE 6.0; Windows NT 5.1; SV1; .NET CLR 1.1.4322) NS8/0.9.6"
91.104.143.242 - - [15/Dec/2017:02:02:00 +0100] "GET / HTTP/1.1" 200 884 "http://www.baloghliget.hu/" "Mozilla/5.0 (Windows NT 10.0; WOW64) AppleWebKit/537.36 (KHTML, like Gecko) Chrome/50.0.2661.102 Safari/537.36"
207.46.13.124 - - [15/Dec/2017:02:09:56 +0100] "GET /aktualis_elemei/katonai_elemei/image002.jpg HTTP/1.1" 200 34104 "-" "Mozilla/5.0 (compatible; bingbot/2.0; +http://www.bing.com/bingbot.htm)"
188.163.73.8 - - [15/Dec/2017:02:13:05 +0100] "GET / HTTP/1.1" 200 884 "http://creditnation.ru/kreditnye-karty/oformit-kreditnye-karty-tinkoff/" "Mozilla/1.22 (compatible; MSIE 2.0d; Windows NT)"
188.163.73.8 - - [15/Dec/2017:02:13:06 +0100] "GET / HTTP/1.1" 200 884 "http://creditnation.ru/kreditnye-karty/oformit-kreditnye-karty-tinkoff/" "Mozilla/1.22 (compatible; MSIE 2.0d; Windows NT)"
68.180.230.114 - - [15/Dec/2017:02:14:44 +0100] "GET /robots.txt HTTP/1.1" 404 1181 "-" "Mozilla/5.0 (compatible; Yahoo! Slurp; http://help.yahoo.com/help/us/ysearch/slurp)"
207.46.13.76 - - [15/Dec/2017:02:18:00 +0100] "GET /robots.txt HTTP/1.1" 404 1181 "-" "Mozilla/5.0 (compatible; bingbot/2.0; +http://www.bing.com/bingbot.htm)"
207.46.13.124 - - [15/Dec/2017:02:18:29 +0100] "GET /aktualis_elemei/bio2szulinap_elemei/image090.jpg HTTP/1.1" 200 7132 "-" "Mozilla/5.0 (compatible; bingbot/2.0; +http://www.bing.com/bingbot.htm)"
188.163.73.8 - - [15/Dec/2017:02:19:01 +0100] "GET / HTTP/1.1" 200 884 "http://doslidy.kiev.ua/" "Mozilla/1.22 (compatible; MSIE 2.0d; Windows NT)"
188.163.73.8 - - [15/Dec/2017:02:19:01 +0100] "GET / HTTP/1.1" 200 884 "http://doslidy.kiev.ua/" "Mozilla/1.22 (compatible; MSIE 2.0d; Windows NT)"
207.46.13.97 - - [15/Dec/2017:02:19:50 +0100] "GET /kiadvany/miabio.pdf HTTP/1.1" 200 10722012 "-" "Mozilla/5.0 (iPhone; CPU iPhone OS 7_0 like Mac OS X) AppleWebKit/537.51.1 (KHTML, like Gecko) Version/7.0 Mobile/11A465 Safari/9537.53 (compatible; bingbot/2.0; +http://www.bing.com/bingbot.htm)"
68.180.230.114 - - [15/Dec/2017:02:21:16 +0100] "GET / HTTP/1.1" 304 - "-" "Mozilla/5.0 (compatible; Yahoo! Slurp; http://help.yahoo.com/help/us/ysearch/slurp)"
68.180.230.114 - - [15/Dec/2017:02:21:17 +0100] "GET /zoldakcio.swf HTTP/1.1" 304 - "-" "Mozilla/5.0 (compatible; Yahoo! Slurp; http://help.yahoo.com/help/us/ysearch/slurp)"
207.46.13.97 - - [15/Dec/2017:02:38:07 +0100] "GET /aktualis_elemei/bio2szulinap_elemei/image144.jpg HTTP/1.1" 200 9920 "-" "Mozilla/5.0 (compatible; bingbot/2.0; +http://www.bing.com/bingbot.htm)"
207.46.13.97 - - [15/Dec/2017:03:08:05 +0100] "GET /aktualis_elemei/bio2szulinap_elemei/image082.jpg HTTP/1.1" 200 7560 "-" "Mozilla/5.0 (compatible; bingbot/2.0; +http://www.bing.com/bingbot.htm)"
207.46.13.97 - - [15/Dec/2017:04:07:49 +0100] "GET /aktualis_elemei/bio2szulinap_elemei/image110.jpg HTTP/1.1" 200 8760 "-" "Mozilla/5.0 (compatible; bingbot/2.0; +http://www.bing.com/bingbot.htm)"
134.249.52.116 - - [15/Dec/2017:04:20:32 +0100] "GET / HTTP/1.1" 200 884 "https://xn--80aaafbn2bc2ahdfrfkln6l.xn--p1ai/" "Mozilla/4.0 (compatible; MSIE 6.0; Update a; AOL 6.0; Windows 98)"
134.249.52.116 - - [15/Dec/2017:04:20:33 +0100] "GET / HTTP/1.1" 200 884 "https://xn--80aaafbn2bc2ahdfrfkln6l.xn--p1ai/" "Mozilla/4.0 (compatible; MSIE 6.0; Update a; AOL 6.0; Windows 98)"
134.249.52.116 - - [15/Dec/2017:04:38:08 +0100] "GET / HTTP/1.1" 200 884 "http://excitacao.com/" "Mozilla/4.0 (compatible; MSIE 6.0; Windows NT 5.0; APC; .NET CLR 1.0.3705; .NET CLR 1.1.4322; .NET CLR 2.0.50215; InfoPath.1)"
134.249.52.116 - - [15/Dec/2017:04:38:08 +0100] "GET / HTTP/1.1" 200 884 "http://excitacao.com/" "Mozilla/4.0 (compatible; MSIE 6.0; Windows NT 5.0; APC; .NET CLR 1.0.3705; .NET CLR 1.1.4322; .NET CLR 2.0.50215; InfoPath.1)"
134.249.52.116 - - [15/Dec/2017:04:38:09 +0100] "GET / HTTP/1.1" 200 884 "http://excitacao.com/" "Mozilla/4.0 (compatible; MSIE 6.0; Windows NT 5.0; APC; .NET CLR 1.0.3705; .NET CLR 1.1.4322; .NET CLR 2.0.50215; InfoPath.1)"
46.118.157.50 - - [15/Dec/2017:04:51:42 +0100] "GET / HTTP/1.1" 200 884 "https://vikistars.com/" "Mozilla/4.0 (compatible; MSIE 6.0; Windows XP)"
46.118.157.50 - - [15/Dec/2017:04:51:42 +0100] "GET / HTTP/1.1" 200 884 "https://vikistars.com/" "Mozilla/4.0 (compatible; MSIE 6.0; Windows XP)"
91.200.12.196 - - [15/Dec/2017:04:59:48 +0100] "GET /wp-content/themes/konzept/style.css HTTP/1.1" 404 1181 "http://www.greenaction.hu/wp-content/themes/konzept/style.css" "Mozilla/5.0 (Windows NT 6.1; WOW64) AppleWebKit/537.36 (KHTML, like Gecko) Chrome/42.0.2311.152 Safari/537.36"
207.46.13.97 - - [15/Dec/2017:05:47:00 +0100] "GET /aktualis_elemei/bio2szulinap_elemei/image132.jpg HTTP/1.1" 200 8237 "-" "Mozilla/5.0 (compatible; bingbot/2.0; +http://www.bing.com/bingbot.htm)"
163.172.4.153 - - [15/Dec/2017:05:58:50 +0100] "GET / HTTP/1.1" 200 884 "http://greenaction.hu/" "Mozilla/5.0 (Macintosh; Intel Mac OS X 10_10_5) AppleWebKit/603.2.5 (KHTML, like Gecko) Version/10.1.1 Safari/603.2.5"
134.249.52.116 - - [15/Dec/2017:06:21:18 +0100] "GET / HTTP/1.1" 200 884 "http://nosecret.com.ua/" "Mozilla/4.7 (compatible; OffByOne; Windows 2000) Webster Pro V3.4"
134.249.52.116 - - [15/Dec/2017:06:21:18 +0100] "GET / HTTP/1.1" 200 884 "http://nosecret.com.ua/" "Mozilla/4.7 (compatible; OffByOne; Windows 2000) Webster Pro V3.4"
134.249.52.116 - - [15/Dec/2017:06:21:19 +0100] "GET / HTTP/1.1" 200 884 "http://nosecret.com.ua/" "Mozilla/4.7 (compatible; OffByOne; Windows 2000) Webster Pro V3.4"
216.244.66.200 - - [15/Dec/2017:06:27:36 +0100] "GET /robots.txt HTTP/1.1" 404 1181 "-" "Mozilla/5.0 (compatible; DotBot/1.1; http://www.opensiteexplorer.org/dotbot, help@moz.com)"
216.244.66.200 - - [15/Dec/2017:06:46:35 +0100] "GET / HTTP/1.1" 200 884 "-" "Mozilla/5.0 (compatible; DotBot/1.1; http://www.opensiteexplorer.org/dotbot, help@moz.com)"
180.76.15.137 - - [15/Dec/2017:07:32:39 +0100] "GET / HTTP/1.1" 200 884 "-" "Mozilla/5.0 (compatible; Baiduspider/2.0; +http://www.baidu.com/search/spider.html)"
207.46.13.76 - - [15/Dec/2017:07:38:18 +0100] "GET /robots.txt HTTP/1.1" 404 1181 "-" "Mozilla/5.0 (compatible; bingbot/2.0; +http://www.bing.com/bingbot.htm)"
40.77.167.101 - - [15/Dec/2017:07:47:16 +0100] "GET /aktualis_elemei/bio2szulinap_elemei/image036.jpg HTTP/1.1" 200 13931 "-" "Mozilla/5.0 (compatible; bingbot/2.0; +http://www.bing.com/bingbot.htm)"
207.46.13.124 - - [15/Dec/2017:07:50:34 +0100] "GET /aktualis_elemei/bio2szulinap_elemei/image108.jpg HTTP/1.1" 200 9238 "-" "Mozilla/5.0 (compatible; bingbot/2.0; +http://www.bing.com/bingbot.htm)"
66.249.66.153 - - [15/Dec/2017:08:24:29 +0100] "GET /robots.txt HTTP/1.1" 404 1181 "-" "Mozilla/5.0 (compatible; Googlebot/2.1; +http://www.google.com/bot.html)"
66.249.66.153 - - [15/Dec/2017:08:24:29 +0100] "GET / HTTP/1.1" 200 884 "-" "Mozilla/5.0 (compatible; Googlebot/2.1; +http://www.google.com/bot.html)"
66.249.66.151 - - [15/Dec/2017:08:24:38 +0100] "GET /zoldakcio.swf HTTP/1.1" 200 840351 "-" "Mozilla/5.0 (compatible; Googlebot/2.1; +http://www.google.com/bot.html)"
66.249.66.151 - - [15/Dec/2017:08:24:45 +0100] "GET /hirek/hirek.txt HTTP/1.1" 200 96857 "-" "Mozilla/5.0 (compatible; Googlebot/2.1; +http://www.google.com/bot.html)"
66.249.66.151 - - [15/Dec/2017:08:24:45 +0100] "GET /esemenynaptar/SparkEventsCalendar_loadVars.txt HTTP/1.1" 200 72712 "-" "Mozilla/5.0 (compatible; Googlebot/2.1; +http://www.google.com/bot.html)"
134.249.52.116 - - [15/Dec/2017:08:38:05 +0100] "GET / HTTP/1.1" 200 884 "http://creditwell.ru/procedura-vybora-i-oformleniya-kreditnoj-karty/" "Mozilla/4.0 (compatible; MSIE 6.0; Windows NT 5.1; Maxthon; .NET CLR 1.1.4322)"
134.249.52.116 - - [15/Dec/2017:08:38:07 +0100] "GET / HTTP/1.1" 200 884 "http://creditwell.ru/procedura-vybora-i-oformleniya-kreditnoj-karty/" "Mozilla/4.0 (compatible; MSIE 6.0; Windows NT 5.1; Maxthon; .NET CLR 1.1.4322)"
66.249.66.151 - - [15/Dec/2017:08:39:58 +0100] "GET /archiv_elemei/lyukotc.html HTTP/1.1" 200 11705 "-" "Mozilla/5.0 (compatible; Googlebot/2.1; +http://www.google.com/bot.html)"
40.77.167.178 - - [15/Dec/2017:09:02:24 +0100] "GET /aktualis_elemei/bekamentes_elemei/image007.gif HTTP/1.1" 200 4190 "-" "Mozilla/5.0 (compatible; bingbot/2.0; +http://www.bing.com/bingbot.htm)"
123.125.67.222 - - [15/Dec/2017:09:42:22 +0100] "GET /robots.txt HTTP/1.1" 404 1181 "-" "Mozilla/5.0 (Windows NT 10.0; WOW64) AppleWebKit/537.36 (KHTML, like Gecko) Chrome/45.0.2454.93 Safari/537.36"
220.181.108.100 - - [15/Dec/2017:09:43:51 +0100] "GET /kiadvany/delbukk.pdf HTTP/1.1" 200 1540585 "-" "Mozilla/5.0 (compatible; Baiduspider/2.0; +http://www.baidu.com/search/spider.html)"
136.243.17.161 - - [15/Dec/2017:10:04:17 +0100] "GET /hirek/fn_reszletes.pdf HTTP/1.1" 200 195567 "-" "Mozilla/5.0 (Windows NT 6.1; rv:12.0) Gecko/20120403211507 Firefox/14.0.1"
207.46.13.97 - - [15/Dec/2017:10:09:47 +0100] "GET /aktualis_elemei/bio2szulinap_elemei/image072.jpg HTTP/1.1" 200 8143 "-" "Mozilla/5.0 (compatible; bingbot/2.0; +http://www.bing.com/bingbot.htm)"
40.77.167.178 - - [15/Dec/2017:10:45:44 +0100] "GET /aktualis_elemei/bio2szulinap_elemei/image032.jpg HTTP/1.1" 200 16073 "-" "Mozilla/5.0 (compatible; bingbot/2.0; +http://www.bing.com/bingbot.htm)"
207.46.13.71 - - [15/Dec/2017:10:46:07 +0100] "GET /aktualis_elemei/bio2szulinap_elemei/image092.jpg HTTP/1.1" 200 7352 "-" "Mozilla/5.0 (compatible; bingbot/2.0; +http://www.bing.com/bingbot.htm)"
84.206.48.251 - - [15/Dec/2017:10:49:25 +0100] "GET /favicon.ico HTTP/1.1" 404 1181 "http://www.greenaction.hu/" "Mozilla/5.0 (Windows NT 6.1) AppleWebKit/537.36 (KHTML, like Gecko) Chrome/63.0.3239.84 Safari/537.36"
58.20.108.148 - - [15/Dec/2017:10:50:00 +0100] "GET / HTTP/1.1" 200 884 "-" "Mozilla/5.0 (Windows NT 6.2; WOW64)"
77.111.91.248 - - [15/Dec/2017:11:06:25 +0100] "GET /archiv_elemei/acitc.html HTTP/1.1" 200 13312 "-" "Mozilla/5.0 (Windows NT 10.0; Win64; x64) AppleWebKit/537.36 (KHTML, like Gecko) Chrome/62.0.3202.94 Safari/537.36"
77.111.91.248 - - [15/Dec/2017:11:06:30 +0100] "GET / HTTP/1.1" 200 884 "-" "Mozilla/5.0 (Windows NT 10.0; Win64; x64) AppleWebKit/537.36 (KHTML, like Gecko) Chrome/62.0.3202.94 Safari/537.36"
40.77.167.178 - - [15/Dec/2017:11:18:37 +0100] "GET /kiadvany/miskolchvte.pdf HTTP/1.1" 200 4059249 "-" "Mozilla/5.0 (iPhone; CPU iPhone OS 7_0 like Mac OS X) AppleWebKit/537.51.1 (KHTML, like Gecko) Version/7.0 Mobile/11A465 Safari/9537.53 (compatible; bingbot/2.0; +http://www.bing.com/bingbot.htm)"
136.243.89.157 - - [15/Dec/2017:11:23:30 +0100] "GET /robots.txt HTTP/1.0" 404 1181 "-" "Mozilla/5.0 (compatible; SEOkicks-Robot; +http://www.seokicks.de/robot.html)"
136.243.89.157 - - [15/Dec/2017:11:23:32 +0100] "GET / HTTP/1.0" 200 884 "-" "Mozilla/5.0 (compatible; SEOkicks-Robot; +http://www.seokicks.de/robot.html)"
35.184.189.105 - - [15/Dec/2017:11:35:59 +0100] "GET /robots.txt HTTP/1.1" 404 1181 "-" "ltx71 - (http://ltx71.com/)"
40.77.167.178 - - [15/Dec/2017:11:43:51 +0100] "GET /kiadvany/miskolchvte.pdf HTTP/1.1" 200 4059249 "-" "Mozilla/5.0 (iPhone; CPU iPhone OS 7_0 like Mac OS X) AppleWebKit/537.51.1 (KHTML, like Gecko) Version/7.0 Mobile/11A465 Safari/9537.53 (compatible; bingbot/2.0; +http://www.bing.com/bingbot.htm)"
46.118.157.50 - - [15/Dec/2017:12:01:49 +0100] "GET / HTTP/1.1" 200 884 "https://all4wap.ru/" "Mozilla/4.0 (compatible; MSIE 6.0; Windows NT 5.0; Avant Browser [avantbrowser.com]; Hotbar 4.4.5.0)"
46.118.157.50 - - [15/Dec/2017:12:01:50 +0100] "GET / HTTP/1.1" 200 884 "https://all4wap.ru/" "Mozilla/4.0 (compatible; MSIE 6.0; Windows NT 5.0; Avant Browser [avantbrowser.com]; Hotbar 4.4.5.0)"
46.118.121.38 - - [15/Dec/2017:12:58:27 +0100] "GET / HTTP/1.1" 200 884 "https://zarabotat-na-sajte.ru/" "Opera/7.60 (Windows NT 5.2; U) [en] (IBM EVV/3.0/EAK01AG9/LE)"
46.118.121.38 - - [15/Dec/2017:12:58:28 +0100] "GET / HTTP/1.1" 200 884 "https://zarabotat-na-sajte.ru/" "Opera/7.60 (Windows NT 5.2; U) [en] (IBM EVV/3.0/EAK01AG9/LE)"
212.24.171.252 - - [15/Dec/2017:13:20:12 +0100] "GET /kiadvany/miabio.pdf HTTP/1.1" 200 11291786 "https://www.google.hu/" "Mozilla/5.0 (Windows NT 10.0; Win64; x64; rv:57.0) Gecko/20100101 Firefox/57.0"
212.24.171.252 - - [15/Dec/2017:13:20:14 +0100] "GET /favicon.ico HTTP/1.1" 404 1181 "-" "Mozilla/5.0 (Windows NT 10.0; Win64; x64; rv:57.0) Gecko/20100101 Firefox/57.0"
212.24.171.252 - - [15/Dec/2017:13:20:14 +0100] "GET /kiadvany/miabio.pdf HTTP/1.1" 206 65536 "https://www.google.hu/" "Mozilla/5.0 (Windows NT 10.0; Win64; x64; rv:57.0) Gecko/20100101 Firefox/57.0"
212.24.171.252 - - [15/Dec/2017:13:20:14 +0100] "GET /kiadvany/miabio.pdf HTTP/1.1" 206 19594 "https://www.google.hu/" "Mozilla/5.0 (Windows NT 10.0; Win64; x64; rv:57.0) Gecko/20100101 Firefox/57.0"
212.24.171.252 - - [15/Dec/2017:13:20:14 +0100] "GET /kiadvany/miabio.pdf HTTP/1.1" 206 65536 "https://www.google.hu/" "Mozilla/5.0 (Windows NT 10.0; Win64; x64; rv:57.0) Gecko/20100101 Firefox/57.0"
212.24.171.252 - - [15/Dec/2017:13:20:14 +0100] "GET /kiadvany/miabio.pdf HTTP/1.1" 206 327680 "https://www.google.hu/" "Mozilla/5.0 (Windows NT 10.0; Win64; x64; rv:57.0) Gecko/20100101 Firefox/57.0"
146.185.223.5 - - [15/Dec/2017:14:07:14 +0100] "GET / HTTP/1.1" 200 884 "-" "Mozilla/5.0 (Windows NT 10.0; Win64; x64) AppleWebKit/537.36 (KHTML, like Gecko) Chrome/61.0.3163.100 Safari/537.36"
146.185.223.5 - - [15/Dec/2017:14:07:14 +0100] "GET /wp-includes/wlwmanifest.xml HTTP/1.1" 404 1181 "-" "Mozilla/5.0 (Windows NT 10.0; Win64; x64) AppleWebKit/537.36 (KHTML, like Gecko) Chrome/61.0.3163.100 Safari/537.36"
146.185.223.5 - - [15/Dec/2017:14:07:14 +0100] "GET /xmlrpc.php?rsd HTTP/1.1" 404 1181 "-" "Mozilla/5.0 (Windows NT 10.0; Win64; x64) AppleWebKit/537.36 (KHTML, like Gecko) Chrome/61.0.3163.100 Safari/537.36"
146.185.223.5 - - [15/Dec/2017:14:07:14 +0100] "GET / HTTP/1.1" 200 884 "-" "Mozilla/5.0 (Windows NT 10.0; Win64; x64) AppleWebKit/537.36 (KHTML, like Gecko) Chrome/61.0.3163.100 Safari/537.36"
146.185.223.5 - - [15/Dec/2017:14:07:14 +0100] "GET /blog/wp-includes/wlwmanifest.xml HTTP/1.1" 404 1181 "-" "Mozilla/5.0 (Windows NT 10.0; Win64; x64) AppleWebKit/537.36 (KHTML, like Gecko) Chrome/61.0.3163.100 Safari/537.36"
146.185.223.5 - - [15/Dec/2017:14:07:14 +0100] "GET /wordpress/wp-includes/wlwmanifest.xml HTTP/1.1" 404 1181 "-" "Mozilla/5.0 (Windows NT 10.0; Win64; x64) AppleWebKit/537.36 (KHTML, like Gecko) Chrome/61.0.3163.100 Safari/537.36"
146.185.223.5 - - [15/Dec/2017:14:07:14 +0100] "GET /wp/wp-includes/wlwmanifest.xml HTTP/1.1" 404 1181 "-" "Mozilla/5.0 (Windows NT 10.0; Win64; x64) AppleWebKit/537.36 (KHTML, like Gecko) Chrome/61.0.3163.100 Safari/537.36"
146.185.223.5 - - [15/Dec/2017:14:07:14 +0100] "GET /site/wp-includes/wlwmanifest.xml HTTP/1.1" 404 1181 "-" "Mozilla/5.0 (Windows NT 10.0; Win64; x64) AppleWebKit/537.36 (KHTML, like Gecko) Chrome/61.0.3163.100 Safari/537.36"
146.185.223.5 - - [15/Dec/2017:14:07:14 +0100] "GET /cms/wp-includes/wlwmanifest.xml HTTP/1.1" 404 1181 "-" "Mozilla/5.0 (Windows NT 10.0; Win64; x64) AppleWebKit/537.36 (KHTML, like Gecko) Chrome/61.0.3163.100 Safari/537.36"
78.108.25.196 - - [15/Dec/2017:15:41:45 +0100] "GET /archiv_elemei/acitc.html HTTP/1.1" 200 13312 "-" "Mozilla/5.0 (Windows NT 6.3; Win64; x64; rv:57.0) Gecko/20100101 Firefox/57.0"
78.108.25.196 - - [15/Dec/2017:15:41:45 +0100] "GET /archiv_elemei/acitc_elemei/image002.jpg HTTP/1.1" 200 7242 "http://www.greenaction.hu/archiv_elemei/acitc.html" "Mozilla/5.0 (Windows NT 6.3; Win64; x64; rv:57.0) Gecko/20100101 Firefox/57.0"
78.108.25.196 - - [15/Dec/2017:15:41:45 +0100] "GET /archiv_elemei/acitc_elemei/image004.jpg HTTP/1.1" 200 5323 "http://www.greenaction.hu/archiv_elemei/acitc.html" "Mozilla/5.0 (Windows NT 6.3; Win64; x64; rv:57.0) Gecko/20100101 Firefox/57.0"
78.108.25.196 - - [15/Dec/2017:15:41:45 +0100] "GET /favicon.ico HTTP/1.1" 404 1181 "-" "Mozilla/5.0 (Windows NT 6.3; Win64; x64; rv:57.0) Gecko/20100101 Firefox/57.0"
162.210.196.100 - - [15/Dec/2017:16:22:21 +0100] "GET /robots.txt HTTP/1.1" 404 1181 "-" "Mozilla/5.0 (compatible; MJ12bot/v1.4.8; http://mj12bot.com/)"
162.210.196.100 - - [15/Dec/2017:16:22:23 +0100] "GET / HTTP/1.1" 200 884 "-" "Mozilla/5.0 (compatible; MJ12bot/v1.4.8; http://mj12bot.com/)"
188.163.73.8 - - [15/Dec/2017:19:22:13 +0100] "GET / HTTP/1.1" 200 884 "http://www.freebsd.org.ua/" "Mozilla/4.0 (compatible; MSIE 5.0; Windows 95) Opera 6.01 [en]"
188.163.73.8 - - [15/Dec/2017:19:22:13 +0100] "GET / HTTP/1.1" 200 884 "http://www.freebsd.org.ua/" "Mozilla/4.0 (compatible; MSIE 5.0; Windows 95) Opera 6.01 [en]"
188.163.73.8 - - [15/Dec/2017:19:22:14 +0100] "GET / HTTP/1.1" 200 884 "http://www.freebsd.org.ua/" "Mozilla/4.0 (compatible; MSIE 5.0; Windows 95) Opera 6.01 [en]"
35.162.70.167 - - [15/Dec/2017:19:50:48 +0100] "GET / HTTP/1.1" 200 884 "-" "Magic Browser"
35.162.70.167 - - [15/Dec/2017:19:50:48 +0100] "GET / HTTP/1.1" 200 884 "-" "Magic Browser"
46.118.121.38 - - [15/Dec/2017:20:31:51 +0100] "GET / HTTP/1.1" 200 884 "http://lakomka.com.ua/" "Mozilla/4.0 (compatible; MSIE 6.0; Windows NT) ::ELNSB50::000061100320025802a00111000000000507000900000000"
13.56.229.65 - - [15/Dec/2017:21:52:22 +0100] "GET / HTTP/1.1" 200 884 "-" "Mozilla/5.0 (Macintosh; Intel Mac OS X 10_12_6) AppleWebKit/537.36 (KHTML, like Gecko) Chrome/61.0.3163.100 Safari/537.36"
40.77.167.63 - - [15/Dec/2017:22:02:18 +0100] "GET /aktualis_elemei/bio2szulinap_elemei/image022.jpg HTTP/1.1" 200 11114 "-" "Mozilla/5.0 (compatible; bingbot/2.0; +http://www.bing.com/bingbot.htm)"
207.46.13.76 - - [15/Dec/2017:22:17:58 +0100] "GET /robots.txt HTTP/1.1" 404 1181 "-" "Mozilla/5.0 (compatible; bingbot/2.0; +http://www.bing.com/bingbot.htm)"
133.130.111.38 - - [15/Dec/2017:22:23:18 +0100] "GET / HTTP/1.1" 200 884 "-" "Mozilla/5.0 (Macintosh; Intel Mac OS X 10_10_3) AppleWebKit/537.36 (KHTML, like Gecko) Chrome/42.0.2311.90 Safari/537.36"
216.244.66.247 - - [15/Dec/2017:22:45:35 +0100] "GET /robots.txt HTTP/1.1" 404 1181 "-" "Mozilla/5.0 (compatible; DotBot/1.1; http://www.opensiteexplorer.org/dotbot, help@moz.com)"
216.244.66.200 - - [15/Dec/2017:22:48:08 +0100] "GET /robots.txt HTTP/1.1" 404 1181 "-" "Mozilla/5.0 (compatible; DotBot/1.1; http://www.opensiteexplorer.org/dotbot, help@moz.com)"
216.244.66.200 - - [15/Dec/2017:23:03:29 +0100] "GET / HTTP/1.1" 200 884 "-" "Mozilla/5.0 (compatible; DotBot/1.1; http://www.opensiteexplorer.org/dotbot, help@moz.com)"
40.77.167.169 - - [15/Dec/2017:23:07:42 +0100] "GET /aktualis_elemei/fnhv_elemei/image002.jpg HTTP/1.1" 200 9553 "-" "Mozilla/5.0 (compatible; bingbot/2.0; +http://www.bing.com/bingbot.htm)"
40.77.167.169 - - [15/Dec/2017:23:07:43 +0100] "GET /aktualis_elemei/bio2szulinap_elemei/image056.jpg HTTP/1.1" 200 10317 "-" "Mozilla/5.0 (compatible; bingbot/2.0; +http://www.bing.com/bingbot.htm)"
216.244.66.247 - - [15/Dec/2017:23:07:47 +0100] "GET /program.html HTTP/1.1" 200 12857 "-" "Mozilla/5.0 (compatible; DotBot/1.1; http://www.opensiteexplorer.org/dotbot, help@moz.com)"
123.125.67.160 - - [16/Dec/2017:00:03:10 +0100] "GET /robots.txt HTTP/1.1" 404 1181 "-" "Mozilla/5.0 (Windows NT 10.0; WOW64) AppleWebKit/537.36 (KHTML, like Gecko) Chrome/45.0.2454.93 Safari/537.36"
198.100.149.189 - - [16/Dec/2017:00:36:03 +0100] "GET /license.php HTTP/1.0" 404 1181 "-" "Mozilla/5.0 (Windows NT 6.1; Win64; x64) AppleWebKit/537.36 (KHTML, like Gecko) Chrome/62.0.3202.94 Safari/537.36"
198.100.149.189 - - [16/Dec/2017:00:36:04 +0100] "GET /license.php HTTP/1.0" 404 1181 "-" "Mozilla/5.0 (Windows NT 6.1; Win64; x64) AppleWebKit/537.36 (KHTML, like Gecko) Chrome/62.0.3202.94 Safari/537.36"
66.249.66.199 - - [16/Dec/2017:01:33:10 +0100] "GET /robots.txt HTTP/1.1" 404 1181 "-" "Mozilla/5.0 (compatible; Googlebot/2.1; +http://www.google.com/bot.html)"
66.249.66.203 - - [16/Dec/2017:01:33:10 +0100] "GET /aktualis_elemei/bio2szulinap_elemei/image106.jpg HTTP/1.1" 304 - "-" "Googlebot-Image/1.0"
35.225.221.87 - - [16/Dec/2017:01:35:54 +0100] "GET /robots.txt HTTP/1.1" 404 1181 "-" "ltx71 - (http://ltx71.com/)"
35.225.221.87 - - [16/Dec/2017:01:36:10 +0100] "GET / HTTP/1.1" 200 884 "-" "ltx71 - (http://ltx71.com/)"
188.163.73.8 - - [16/Dec/2017:01:43:20 +0100] "GET / HTTP/1.1" 200 884 "http://tabakur77.com/" "Mozilla/4.0 (compatible; MSIE 6.0; Windows NT 5.1; ru) Opera 8.01"
188.163.73.8 - - [16/Dec/2017:01:43:20 +0100] "GET / HTTP/1.1" 200 884 "http://tabakur77.com/" "Mozilla/4.0 (compatible; MSIE 6.0; Windows NT 5.1; ru) Opera 8.01"
188.163.73.8 - - [16/Dec/2017:01:43:20 +0100] "GET / HTTP/1.1" 200 884 "http://tabakur77.com/" "Mozilla/4.0 (compatible; MSIE 6.0; Windows NT 5.1; ru) Opera 8.01"
66.249.66.151 - - [16/Dec/2017:02:29:21 +0100] "GET /robots.txt HTTP/1.1" 404 1181 "-" "Mozilla/5.0 (compatible; Googlebot/2.1; +http://www.google.com/bot.html)"
66.249.66.151 - - [16/Dec/2017:02:29:21 +0100] "GET /aktualis_elemei/bio2szulinap_elemei/image028.jpg HTTP/1.1" 304 - "-" "Googlebot-Image/1.0"
178.255.215.87 - - [16/Dec/2017:02:34:42 +0100] "GET /robots.txt HTTP/1.1" 404 1181 "-" "Mozilla/5.0 (compatible; Exabot/3.0; +http://www.exabot.com/go/robot)"
178.255.215.87 - - [16/Dec/2017:02:34:43 +0100] "GET /banner/okoszolgalat.swf HTTP/1.1" 200 87675 "-" "Mozilla/5.0 (compatible; Exabot/3.0; +http://www.exabot.com/go/robot)"
77.111.91.57 - - [16/Dec/2017:02:35:10 +0100] "GET / HTTP/1.1" 200 884 "-" "Mozilla/5.0 (Macintosh; Intel Mac OS X 10_7_4) AppleWebKit/534.57.2 (KHTML, like Gecko) Version/5.1.7 Safari/534.57.2"
157.55.39.88 - - [16/Dec/2017:02:36:13 +0100] "GET /aktualis_elemei/fnhv_elemei/image019.jpg HTTP/1.1" 200 14857 "-" "Mozilla/5.0 (compatible; bingbot/2.0; +http://www.bing.com/bingbot.htm)"
157.55.39.188 - - [16/Dec/2017:02:54:04 +0100] "GET /aktualis_elemei/katonai.html HTTP/1.1" 200 22109 "-" "Mozilla/5.0 (compatible; bingbot/2.0; +http://www.bing.com/bingbot.htm)"
80.77.124.233 - - [16/Dec/2017:02:54:46 +0100] "GET /archiv_elemei/acitc.html HTTP/1.1" 200 13312 "-" "Mozilla/5.0 (Windows NT 10.0; Win64; x64) AppleWebKit/537.36 (KHTML, like Gecko) Chrome/62.0.3202.94 Safari/537.36"
80.77.124.233 - - [16/Dec/2017:02:54:52 +0100] "GET / HTTP/1.1" 200 884 "-" "Mozilla/5.0 (Windows NT 10.0; Win64; x64) AppleWebKit/537.36 (KHTML, like Gecko) Chrome/62.0.3202.94 Safari/537.36"
157.55.39.188 - - [16/Dec/2017:03:09:05 +0100] "GET /aktualis_elemei/bio2szulinap_elemei/image016.jpg HTTP/1.1" 200 7778 "-" "Mozilla/5.0 (compatible; bingbot/2.0; +http://www.bing.com/bingbot.htm)"
5.9.82.183 - - [16/Dec/2017:03:13:04 +0100] "GET / HTTP/1.1" 200 884 "-" "Mozilla/5.0 (compatible; 007ac9 Crawler; http://crawler.007ac9.net/)"
5.9.82.183 - - [16/Dec/2017:03:13:05 +0100] "GET /robots.txt HTTP/1.1" 404 1181 "-" "Mozilla/5.0 (compatible; 007ac9 Crawler; http://crawler.007ac9.net/)"
5.9.82.183 - - [16/Dec/2017:03:13:05 +0100] "GET / HTTP/1.1" 200 884 "-" "Mozilla/5.0 (compatible; 007ac9 Crawler; http://crawler.007ac9.net/)"
207.46.13.77 - - [16/Dec/2017:03:39:34 +0100] "GET /aktualis_elemei/bio2szulinap_elemei/image046.jpg HTTP/1.1" 200 12403 "-" "Mozilla/5.0 (compatible; bingbot/2.0; +http://www.bing.com/bingbot.htm)"
66.249.66.151 - - [16/Dec/2017:04:05:49 +0100] "GET /aktualis_elemei/bio2szulinap_elemei/image142.jpg HTTP/1.1" 304 - "-" "Googlebot-Image/1.0"
70.39.115.195 - - [16/Dec/2017:04:07:59 +0100] "GET / HTTP/1.1" 200 884 "-" "Mozilla/4.0 (compatible; MSIE 5.0; Windows NT; DigExt; DTS Agent"
157.55.39.88 - - [16/Dec/2017:05:05:19 +0100] "GET /kiadvany/miabio.pdf HTTP/1.1" 200 10714736 "-" "Mozilla/5.0 (iPhone; CPU iPhone OS 7_0 like Mac OS X) AppleWebKit/537.51.1 (KHTML, like Gecko) Version/7.0 Mobile/11A465 Safari/9537.53 (compatible; bingbot/2.0; +http://www.bing.com/bingbot.htm)"
178.154.200.11 - - [16/Dec/2017:05:10:16 +0100] "GET /robots.txt HTTP/1.1" 404 1181 "-" "Mozilla/5.0 (compatible; YandexBot/3.0; +http://yandex.com/bots)"
213.180.203.45 - - [16/Dec/2017:05:10:20 +0100] "GET / HTTP/1.1" 200 884 "-" "Mozilla/5.0 (compatible; YandexBot/3.0; +http://yandex.com/bots)"
37.9.113.81 - - [16/Dec/2017:05:10:25 +0100] "GET /zoldakcio.swf HTTP/1.1" 200 840351 "-" "Mozilla/5.0 (compatible; YandexBot/3.0; +http://yandex.com/bots)"
103.207.37.40 - - [16/Dec/2017:05:48:09 +0100] "GET / HTTP/1.1" 200 884 "-" "Java/1.7.0_79"
207.46.13.77 - - [16/Dec/2017:06:04:42 +0100] "GET /aktualis_elemei/bio2szulinap_elemei/image040.jpg HTTP/1.1" 200 16250 "-" "Mozilla/5.0 (compatible; bingbot/2.0; +http://www.bing.com/bingbot.htm)"
131.253.27.35 - - [16/Dec/2017:06:06:52 +0100] "GET /kiadvany/miabio.pdf HTTP/1.1" 200 4284416 "-" "Mozilla/5.0 (iPhone; CPU iPhone OS 7_0 like Mac OS X) AppleWebKit/537.51.1 (KHTML, like Gecko) Version/7.0 Mobile/11A465 Safari/9537.53 BingPreview/1.0b"
134.249.64.243 - - [16/Dec/2017:06:25:32 +0100] "GET / HTTP/1.1" 200 884 "http://chocolateslim-u-srbiji.com/" "Mozilla/4.0 (compatible; MSIE 6.0; Windows XP)"
134.249.64.243 - - [16/Dec/2017:06:25:32 +0100] "GET / HTTP/1.1" 200 884 "http://chocolateslim-u-srbiji.com/" "Mozilla/4.0 (compatible; MSIE 6.0; Windows XP)"
134.249.64.243 - - [16/Dec/2017:06:25:33 +0100] "GET / HTTP/1.1" 200 884 "http://chocolateslim-u-srbiji.com/" "Mozilla/4.0 (compatible; MSIE 6.0; Windows XP)"
157.55.39.188 - - [16/Dec/2017:06:51:12 +0100] "GET /aktualis_elemei/bio2szulinap_elemei/image066.jpg HTTP/1.1" 200 9626 "-" "Mozilla/5.0 (compatible; bingbot/2.0; +http://www.bing.com/bingbot.htm)"
46.118.121.38 - - [16/Dec/2017:07:18:16 +0100] "GET / HTTP/1.1" 200 884 "http://y8games-free.com/" "Mozilla/4.0 (compatible; MSIE 6.0; Windows NT 5.1; SV1)"
46.118.121.38 - - [16/Dec/2017:07:18:17 +0100] "GET / HTTP/1.1" 200 884 "http://y8games-free.com/" "Mozilla/4.0 (compatible; MSIE 6.0; Windows NT 5.1; SV1)"
46.118.121.38 - - [16/Dec/2017:07:18:17 +0100] "GET / HTTP/1.1" 200 884 "http://y8games-free.com/" "Mozilla/4.0 (compatible; MSIE 6.0; Windows NT 5.1; SV1)"
144.76.29.66 - - [16/Dec/2017:08:32:29 +0100] "GET /robots.txt HTTP/1.1" 404 1181 "-" "Mozilla/5.0 (compatible; MJ12bot/v1.4.7; http://mj12bot.com/)"
144.76.29.66 - - [16/Dec/2017:08:32:40 +0100] "GET /archiv_elemei/belvarosk.html HTTP/1.1" 200 4904 "-" "Mozilla/5.0 (compatible; MJ12bot/v1.4.7; http://mj12bot.com/)"
144.76.29.66 - - [16/Dec/2017:08:32:43 +0100] "GET /archiv_elemei/belvarostc.html HTTP/1.1" 200 12601 "-" "Mozilla/5.0 (compatible; MJ12bot/v1.4.7; http://mj12bot.com/)"
144.76.29.66 - - [16/Dec/2017:08:32:49 +0100] "GET /robots.txt HTTP/1.1" 404 1181 "-" "Mozilla/5.0 (compatible; MJ12bot/v1.4.7; http://mj12bot.com/)"
144.76.29.66 - - [16/Dec/2017:08:32:56 +0100] "GET /aktualis_elemei/biokutatas.html HTTP/1.1" 200 6334 "-" "Mozilla/5.0 (compatible; MJ12bot/v1.4.7; http://mj12bot.com/)"
144.76.29.66 - - [16/Dec/2017:08:33:00 +0100] "GET /aktualis_elemei/hkszirmamtp.html HTTP/1.1" 200 15781 "-" "Mozilla/5.0 (compatible; MJ12bot/v1.4.7; http://mj12bot.com/)"
157.55.39.166 - - [16/Dec/2017:08:40:25 +0100] "GET /aktualis_elemei/3.%20bioszulinap.html HTTP/1.1" 304 - "-" "Mozilla/5.0 (compatible; bingbot/2.0; +http://www.bing.com/bingbot.htm)"
46.229.168.79 - - [16/Dec/2017:09:32:55 +0100] "GET / HTTP/1.1" 200 884 "-" "Mozilla/5.0 (compatible; SemrushBot/1.2~bl; +http://www.semrush.com/bot.html)"
46.229.168.68 - - [16/Dec/2017:09:33:10 +0100] "GET / HTTP/1.1" 200 884 "-" "Mozilla/5.0 (compatible; SemrushBot/1.2~bl; +http://www.semrush.com/bot.html)"
46.229.168.69 - - [16/Dec/2017:09:33:39 +0100] "GET / HTTP/1.1" 200 884 "-" "Mozilla/5.0 (compatible; SemrushBot/1.2~bl; +http://www.semrush.com/bot.html)"
46.229.168.69 - - [16/Dec/2017:09:33:50 +0100] "GET / HTTP/1.1" 200 884 "-" "Mozilla/5.0 (compatible; SemrushBot/1.2~bl; +http://www.semrush.com/bot.html)"
64.74.215.54 - - [16/Dec/2017:09:35:07 +0100] "GET / HTTP/1.1" 200 884 "-" "Mozilla/5.0 (Windows NT 5.1) AppleWebKit/534.27+ (KHTML, like Gecko) Version/5.0.4 Safari/533.20.27"
64.74.215.146 - - [16/Dec/2017:10:24:24 +0100] "GET / HTTP/1.1" 200 884 "-" "Mozilla/5.0 (Windows NT 6.1) AppleWebKit/537.36 (KHTML, like Gecko) Chrome/56.0.2924.76 Safari/537.36"
64.74.215.1 - - [16/Dec/2017:10:25:56 +0100] "GET / HTTP/1.1" 200 884 "-" "Mozilla/5.0 (Windows NT 6.1) AppleWebKit/537.36 (KHTML, like Gecko) Chrome/56.0.2924.76 Safari/537.36"
78.46.120.18 - - [16/Dec/2017:10:57:26 +0100] "GET / HTTP/1.1" 200 884 "-" "Mozilla/5.0 (Windows NT 10.0; WOW64) AppleWebKit/537.36 (KHTML, like Gecko) Chrome/47.0.2526.111 Safari/537.36"
78.46.120.18 - - [16/Dec/2017:10:57:26 +0100] "GET / HTTP/1.1" 200 884 "-" "Mozilla/5.0 (Windows NT 10.0; WOW64) AppleWebKit/537.36 (KHTML, like Gecko) Chrome/47.0.2526.111 Safari/537.36"
207.244.157.138 - - [16/Dec/2017:10:59:45 +0100] "GET /wp-content/themes/radial-theme/functions/upload-handler.php HTTP/1.1" 404 1181 "http://www.greenaction.hu/wp-content/themes/radial-theme/functions/upload-handler.php" "Mozilla/5.0 (Windows NT 6.1; WOW64) AppleWebKit/537.36 (KHTML, like Gecko) Chrome/42.0.2311.152 Safari/537.36"
207.46.13.6 - - [16/Dec/2017:11:19:23 +0100] "GET /aktualis_elemei/fnhv_elemei/image007.jpg HTTP/1.1" 200 11194 "-" "Mozilla/5.0 (compatible; bingbot/2.0; +http://www.bing.com/bingbot.htm)"
78.158.28.10 - - [16/Dec/2017:11:19:29 +0100] "GET /zoldakcio.swf HTTP/1.0" 200 192218 "http://www.google.com/url?sa=t&rct=j&q=greenaction.hu&source=web&cd=5&ved=0CF0QFjAE&url=http:%2F%2Fgreenaction.hu%2Fzoldakcio.swf&cad=rja" "Lynx/2.8.5rel.1 libwww-FM/2.15FC SSL-MM/1.4.1c OpenSSL/0.9.7e-dev"
78.158.28.10 - - [16/Dec/2017:11:19:29 +0100] "GET / HTTP/1.0" 200 884 "http://greenaction.hu/zoldakcio.swf" "Lynx/2.8.5rel.1 libwww-FM/2.15FC SSL-MM/1.4.1c OpenSSL/0.9.7e-dev"
216.244.65.58 - - [16/Dec/2017:11:20:16 +0100] "GET /wp-content/themes/bordeaux-theme/functions/upload-handler.php HTTP/1.1" 404 1181 "http://www.greenaction.hu/wp-content/themes/bordeaux-theme/functions/upload-handler.php" "Mozilla/5.0 (Windows NT 6.1; WOW64) AppleWebKit/537.36 (KHTML, like Gecko) Chrome/42.0.2311.152 Safari/537.36"
66.249.66.203 - - [16/Dec/2017:11:34:27 +0100] "GET /aktualis_elemei/bio2szulinap_elemei/image106.jpg HTTP/1.1" 304 - "-" "Googlebot-Image/1.0"
216.244.66.247 - - [16/Dec/2017:11:39:53 +0100] "GET /robots.txt HTTP/1.1" 404 1181 "-" "Mozilla/5.0 (compatible; DotBot/1.1; http://www.opensiteexplorer.org/dotbot, help@moz.com)"
207.46.13.52 - - [16/Dec/2017:11:57:13 +0100] "GET /aktualis_elemei/bio2szulinap_elemei/image086.jpg HTTP/1.1" 200 7670 "-" "Mozilla/5.0 (compatible; bingbot/2.0; +http://www.bing.com/bingbot.htm)"
216.244.66.247 - - [16/Dec/2017:11:59:39 +0100] "GET /archiv_elemei/acitc.html HTTP/1.1" 200 13312 "-" "Mozilla/5.0 (compatible; DotBot/1.1; http://www.opensiteexplorer.org/dotbot, help@moz.com)"
157.55.39.166 - - [16/Dec/2017:12:03:10 +0100] "GET /aktualis_elemei/fnhv_elemei/image019.jpg HTTP/1.1" 200 14857 "-" "Mozilla/5.0 (compatible; bingbot/2.0; +http://www.bing.com/bingbot.htm)"
89.133.253.72 - - [16/Dec/2017:12:43:29 +0100] "GET /aktualis_elemei/bio2szulinap_elemei/image082.jpg HTTP/1.1" 200 7560 "https://www.google.hu/" "Mozilla/5.0 (Windows NT 5.1; rv:52.0) Gecko/20100101 Firefox/52.0"
141.8.183.17 - - [16/Dec/2017:12:54:04 +0100] "GET /robots.txt HTTP/1.1" 404 1181 "-" "Mozilla/5.0 (compatible; YandexBot/3.0; +http://yandex.com/bots)"
141.8.183.17 - - [16/Dec/2017:12:54:11 +0100] "GET /kiadvany/miskolchvte.pdf HTTP/1.1" 200 4059249 "-" "Mozilla/5.0 (compatible; YandexBot/3.0; +http://yandex.com/bots)"
91.82.85.39 - - [16/Dec/2017:13:03:58 +0100] "GET / HTTP/1.1" 200 884 "-" "Mozilla/5.0 (Windows NT 6.1) AppleWebKit/537.36 (KHTML, like Gecko) Chrome/41.0.2228.0 Safari/537.36"
91.82.85.39 - - [16/Dec/2017:13:03:58 +0100] "HEAD / HTTP/1.1" 200 0 "-" "Mozilla/5.0 (Windows NT 6.1) AppleWebKit/537.36 (KHTML, like Gecko) Chrome/41.0.2228.0 Safari/537.36"
207.46.13.76 - - [16/Dec/2017:13:51:27 +0100] "GET /robots.txt HTTP/1.1" 404 1181 "-" "Mozilla/5.0 (compatible; bingbot/2.0; +http://www.bing.com/bingbot.htm)"
207.46.13.28 - - [16/Dec/2017:13:51:34 +0100] "GET / HTTP/1.1" 200 884 "-" "Mozilla/5.0 (compatible; bingbot/2.0; +http://www.bing.com/bingbot.htm)"
66.249.66.151 - - [16/Dec/2017:13:56:20 +0100] "GET / HTTP/1.1" 200 884 "-" "Mozilla/5.0 (Linux; Android 6.0.1; Nexus 5X Build/MMB29P) AppleWebKit/537.36 (KHTML, like Gecko) Chrome/41.0.2272.96 Mobile Safari/537.36 (compatible; Googlebot/2.1; +http://www.google.com/bot.html)"
162.210.196.98 - - [16/Dec/2017:14:15:56 +0100] "GET /robots.txt HTTP/1.1" 404 1181 "-" "Mozilla/5.0 (compatible; MJ12bot/v1.4.8; http://mj12bot.com/)"
162.210.196.98 - - [16/Dec/2017:14:15:58 +0100] "GET / HTTP/1.1" 200 884 "-" "Mozilla/5.0 (compatible; MJ12bot/v1.4.8; http://mj12bot.com/)"
46.118.157.50 - - [16/Dec/2017:14:43:36 +0100] "GET / HTTP/1.1" 200 884 "http://sexsaoy.com/" "Mozilla/4.0 (compatible; MSIE 6.0; Windows NT 5.0; Avant Browser [avantbrowser.com]; Hotbar 4.4.5.0)"
46.118.157.50 - - [16/Dec/2017:14:43:37 +0100] "GET / HTTP/1.1" 200 884 "http://sexsaoy.com/" "Mozilla/4.0 (compatible; MSIE 6.0; Windows NT 5.0; Avant Browser [avantbrowser.com]; Hotbar 4.4.5.0)"
46.118.157.50 - - [16/Dec/2017:14:43:37 +0100] "GET / HTTP/1.1" 200 884 "http://sexsaoy.com/" "Mozilla/4.0 (compatible; MSIE 6.0; Windows NT 5.0; Avant Browser [avantbrowser.com]; Hotbar 4.4.5.0)"
216.244.66.200 - - [16/Dec/2017:15:06:32 +0100] "GET /robots.txt HTTP/1.1" 404 1181 "-" "Mozilla/5.0 (compatible; DotBot/1.1; http://www.opensiteexplorer.org/dotbot, help@moz.com)"
216.244.66.200 - - [16/Dec/2017:15:28:33 +0100] "GET /magunkrol_elemei/kozhasznu.html HTTP/1.1" 200 48365 "-" "Mozilla/5.0 (compatible; DotBot/1.1; http://www.opensiteexplorer.org/dotbot, help@moz.com)"
207.46.13.28 - - [16/Dec/2017:16:05:37 +0100] "GET /aktualis_elemei/bio2szulinap_elemei/image086.jpg HTTP/1.1" 200 7670 "-" "Mozilla/5.0 (compatible; bingbot/2.0; +http://www.bing.com/bingbot.htm)"
66.249.66.153 - - [16/Dec/2017:17:41:43 +0100] "GET /robots.txt HTTP/1.1" 404 1181 "-" "Mozilla/5.0 (compatible; Googlebot/2.1; +http://www.google.com/bot.html)"
66.249.66.155 - - [16/Dec/2017:17:41:44 +0100] "GET /1greenaction.hu/vissza_files/vissza.css HTTP/1.1" 404 1181 "http://www.greenaction.hu/visszatekint.html" "Mozilla/5.0 (compatible; Googlebot/2.1; +http://www.google.com/bot.html)"
212.96.44.224 - - [16/Dec/2017:17:43:23 +0100] "GET /kiadvany/miabio.pdf HTTP/1.1" 200 1046492 "http://www.google.hu/url?sa=t&rct=j&q=&esrc=s&source=web&cd=3&ved=0ahUKEwiYiJym_I7YAhVBJVAKHT8PAX0QFggyMAI&url=http%3A%2F%2Fwww.greenaction.hu%2Fkiadvany%2Fmiabio.pdf&usg=AOvVaw2oPs81GQcPpS83kg7G0hHs" "Mozilla/5.0 (Windows NT 6.3; WOW64; Trident/7.0; rv:11.0) like Gecko"
212.96.44.224 - - [16/Dec/2017:17:43:23 +0100] "GET /kiadvany/miabio.pdf HTTP/1.1" 206 4451 "-" "Mozilla/5.0 (Windows NT 6.3; WOW64; Trident/7.0; rv:11.0) like Gecko"
212.96.44.224 - - [16/Dec/2017:17:43:23 +0100] "GET /kiadvany/miabio.pdf HTTP/1.1" 206 4608 "-" "Mozilla/5.0 (Windows NT 6.3; WOW64; Trident/7.0; rv:11.0) like Gecko"
212.96.44.224 - - [16/Dec/2017:17:43:23 +0100] "GET /kiadvany/miabio.pdf HTTP/1.1" 206 2048 "-" "Mozilla/5.0 (Windows NT 6.3; WOW64; Trident/7.0; rv:11.0) like Gecko"
212.96.44.224 - - [16/Dec/2017:17:43:23 +0100] "GET /kiadvany/miabio.pdf HTTP/1.1" 206 16384 "-" "Mozilla/5.0 (Windows NT 6.3; WOW64; Trident/7.0; rv:11.0) like Gecko"
212.96.44.224 - - [16/Dec/2017:17:43:23 +0100] "GET /kiadvany/miabio.pdf HTTP/1.1" 206 512 "-" "Mozilla/5.0 (Windows NT 6.3; WOW64; Trident/7.0; rv:11.0) like Gecko"
212.96.44.224 - - [16/Dec/2017:17:43:23 +0100] "GET /kiadvany/miabio.pdf HTTP/1.1" 206 16384 "-" "Mozilla/5.0 (Windows NT 6.3; WOW64; Trident/7.0; rv:11.0) like Gecko"
212.96.44.224 - - [16/Dec/2017:17:43:23 +0100] "GET /kiadvany/miabio.pdf HTTP/1.1" 206 16384 "-" "Mozilla/5.0 (Windows NT 6.3; WOW64; Trident/7.0; rv:11.0) like Gecko"
212.96.44.224 - - [16/Dec/2017:17:43:24 +0100] "GET /kiadvany/miabio.pdf HTTP/1.1" 206 16384 "-" "Mozilla/5.0 (Windows NT 6.3; WOW64; Trident/7.0; rv:11.0) like Gecko"
212.96.44.224 - - [16/Dec/2017:17:43:24 +0100] "GET /kiadvany/miabio.pdf HTTP/1.1" 206 16384 "-" "Mozilla/5.0 (Windows NT 6.3; WOW64; Trident/7.0; rv:11.0) like Gecko"
212.96.44.224 - - [16/Dec/2017:17:43:24 +0100] "GET /kiadvany/miabio.pdf HTTP/1.1" 206 16384 "-" "Mozilla/5.0 (Windows NT 6.3; WOW64; Trident/7.0; rv:11.0) like Gecko"
212.96.44.224 - - [16/Dec/2017:17:43:24 +0100] "GET /kiadvany/miabio.pdf HTTP/1.1" 206 16384 "-" "Mozilla/5.0 (Windows NT 6.3; WOW64; Trident/7.0; rv:11.0) like Gecko"
212.96.44.224 - - [16/Dec/2017:17:43:24 +0100] "GET /kiadvany/miabio.pdf HTTP/1.1" 206 16384 "-" "Mozilla/5.0 (Windows NT 6.3; WOW64; Trident/7.0; rv:11.0) like Gecko"
212.96.44.224 - - [16/Dec/2017:17:43:24 +0100] "GET /kiadvany/miabio.pdf HTTP/1.1" 206 16384 "-" "Mozilla/5.0 (Windows NT 6.3; WOW64; Trident/7.0; rv:11.0) like Gecko"
212.96.44.224 - - [16/Dec/2017:17:43:24 +0100] "GET /kiadvany/miabio.pdf HTTP/1.1" 206 16384 "-" "Mozilla/5.0 (Windows NT 6.3; WOW64; Trident/7.0; rv:11.0) like Gecko"
212.96.44.224 - - [16/Dec/2017:17:43:24 +0100] "GET /kiadvany/miabio.pdf HTTP/1.1" 206 16384 "-" "Mozilla/5.0 (Windows NT 6.3; WOW64; Trident/7.0; rv:11.0) like Gecko"
212.96.44.224 - - [16/Dec/2017:17:43:24 +0100] "GET /kiadvany/miabio.pdf HTTP/1.1" 206 16384 "-" "Mozilla/5.0 (Windows NT 6.3; WOW64; Trident/7.0; rv:11.0) like Gecko"
212.96.44.224 - - [16/Dec/2017:17:43:24 +0100] "GET /kiadvany/miabio.pdf HTTP/1.1" 206 16384 "-" "Mozilla/5.0 (Windows NT 6.3; WOW64; Trident/7.0; rv:11.0) like Gecko"
212.96.44.224 - - [16/Dec/2017:17:43:24 +0100] "GET /kiadvany/miabio.pdf HTTP/1.1" 206 16384 "-" "Mozilla/5.0 (Windows NT 6.3; WOW64; Trident/7.0; rv:11.0) like Gecko"
212.96.44.224 - - [16/Dec/2017:17:43:24 +0100] "GET /kiadvany/miabio.pdf HTTP/1.1" 206 16384 "-" "Mozilla/5.0 (Windows NT 6.3; WOW64; Trident/7.0; rv:11.0) like Gecko"
212.96.44.224 - - [16/Dec/2017:17:43:24 +0100] "GET /kiadvany/miabio.pdf HTTP/1.1" 206 16384 "-" "Mozilla/5.0 (Windows NT 6.3; WOW64; Trident/7.0; rv:11.0) like Gecko"
212.96.44.224 - - [16/Dec/2017:17:43:24 +0100] "GET /kiadvany/miabio.pdf HTTP/1.1" 206 16384 "-" "Mozilla/5.0 (Windows NT 6.3; WOW64; Trident/7.0; rv:11.0) like Gecko"
212.96.44.224 - - [16/Dec/2017:17:43:25 +0100] "GET /kiadvany/miabio.pdf HTTP/1.1" 206 16384 "-" "Mozilla/5.0 (Windows NT 6.3; WOW64; Trident/7.0; rv:11.0) like Gecko"
212.96.44.224 - - [16/Dec/2017:17:43:25 +0100] "GET /kiadvany/miabio.pdf HTTP/1.1" 206 16384 "-" "Mozilla/5.0 (Windows NT 6.3; WOW64; Trident/7.0; rv:11.0) like Gecko"
212.96.44.224 - - [16/Dec/2017:17:43:25 +0100] "GET /kiadvany/miabio.pdf HTTP/1.1" 206 16384 "-" "Mozilla/5.0 (Windows NT 6.3; WOW64; Trident/7.0; rv:11.0) like Gecko"
212.96.44.224 - - [16/Dec/2017:17:43:25 +0100] "GET /kiadvany/miabio.pdf HTTP/1.1" 206 16384 "-" "Mozilla/5.0 (Windows NT 6.3; WOW64; Trident/7.0; rv:11.0) like Gecko"
212.96.44.224 - - [16/Dec/2017:17:43:25 +0100] "GET /kiadvany/miabio.pdf HTTP/1.1" 206 16384 "-" "Mozilla/5.0 (Windows NT 6.3; WOW64; Trident/7.0; rv:11.0) like Gecko"
212.96.44.224 - - [16/Dec/2017:17:43:25 +0100] "GET /kiadvany/miabio.pdf HTTP/1.1" 206 16384 "-" "Mozilla/5.0 (Windows NT 6.3; WOW64; Trident/7.0; rv:11.0) like Gecko"
212.96.44.224 - - [16/Dec/2017:17:43:25 +0100] "GET /kiadvany/miabio.pdf HTTP/1.1" 206 16384 "-" "Mozilla/5.0 (Windows NT 6.3; WOW64; Trident/7.0; rv:11.0) like Gecko"
212.96.44.224 - - [16/Dec/2017:17:43:25 +0100] "GET /kiadvany/miabio.pdf HTTP/1.1" 206 16384 "-" "Mozilla/5.0 (Windows NT 6.3; WOW64; Trident/7.0; rv:11.0) like Gecko"
212.96.44.224 - - [16/Dec/2017:17:43:25 +0100] "GET /kiadvany/miabio.pdf HTTP/1.1" 206 16384 "-" "Mozilla/5.0 (Windows NT 6.3; WOW64; Trident/7.0; rv:11.0) like Gecko"
212.96.44.224 - - [16/Dec/2017:17:43:25 +0100] "GET /kiadvany/miabio.pdf HTTP/1.1" 206 16384 "-" "Mozilla/5.0 (Windows NT 6.3; WOW64; Trident/7.0; rv:11.0) like Gecko"
212.96.44.224 - - [16/Dec/2017:17:43:25 +0100] "GET /kiadvany/miabio.pdf HTTP/1.1" 206 16384 "-" "Mozilla/5.0 (Windows NT 6.3; WOW64; Trident/7.0; rv:11.0) like Gecko"
212.96.44.224 - - [16/Dec/2017:17:43:25 +0100] "GET /kiadvany/miabio.pdf HTTP/1.1" 206 16384 "-" "Mozilla/5.0 (Windows NT 6.3; WOW64; Trident/7.0; rv:11.0) like Gecko"
212.96.44.224 - - [16/Dec/2017:17:43:25 +0100] "GET /kiadvany/miabio.pdf HTTP/1.1" 206 16384 "-" "Mozilla/5.0 (Windows NT 6.3; WOW64; Trident/7.0; rv:11.0) like Gecko"
212.96.44.224 - - [16/Dec/2017:17:43:25 +0100] "GET /kiadvany/miabio.pdf HTTP/1.1" 206 16384 "-" "Mozilla/5.0 (Windows NT 6.3; WOW64; Trident/7.0; rv:11.0) like Gecko"
212.96.44.224 - - [16/Dec/2017:17:43:26 +0100] "GET /kiadvany/miabio.pdf HTTP/1.1" 206 16384 "-" "Mozilla/5.0 (Windows NT 6.3; WOW64; Trident/7.0; rv:11.0) like Gecko"
212.96.44.224 - - [16/Dec/2017:17:43:26 +0100] "GET /kiadvany/miabio.pdf HTTP/1.1" 206 16384 "-" "Mozilla/5.0 (Windows NT 6.3; WOW64; Trident/7.0; rv:11.0) like Gecko"
212.96.44.224 - - [16/Dec/2017:17:43:26 +0100] "GET /kiadvany/miabio.pdf HTTP/1.1" 206 16384 "-" "Mozilla/5.0 (Windows NT 6.3; WOW64; Trident/7.0; rv:11.0) like Gecko"
212.96.44.224 - - [16/Dec/2017:17:43:26 +0100] "GET /kiadvany/miabio.pdf HTTP/1.1" 206 16384 "-" "Mozilla/5.0 (Windows NT 6.3; WOW64; Trident/7.0; rv:11.0) like Gecko"
212.96.44.224 - - [16/Dec/2017:17:43:26 +0100] "GET /kiadvany/miabio.pdf HTTP/1.1" 206 16384 "-" "Mozilla/5.0 (Windows NT 6.3; WOW64; Trident/7.0; rv:11.0) like Gecko"
212.96.44.224 - - [16/Dec/2017:17:43:26 +0100] "GET /kiadvany/miabio.pdf HTTP/1.1" 206 16384 "-" "Mozilla/5.0 (Windows NT 6.3; WOW64; Trident/7.0; rv:11.0) like Gecko"
212.96.44.224 - - [16/Dec/2017:17:43:26 +0100] "GET /kiadvany/miabio.pdf HTTP/1.1" 206 16384 "-" "Mozilla/5.0 (Windows NT 6.3; WOW64; Trident/7.0; rv:11.0) like Gecko"
212.96.44.224 - - [16/Dec/2017:17:43:26 +0100] "GET /kiadvany/miabio.pdf HTTP/1.1" 206 16384 "-" "Mozilla/5.0 (Windows NT 6.3; WOW64; Trident/7.0; rv:11.0) like Gecko"
212.96.44.224 - - [16/Dec/2017:17:43:26 +0100] "GET /kiadvany/miabio.pdf HTTP/1.1" 206 16384 "-" "Mozilla/5.0 (Windows NT 6.3; WOW64; Trident/7.0; rv:11.0) like Gecko"
212.96.44.224 - - [16/Dec/2017:17:43:26 +0100] "GET /kiadvany/miabio.pdf HTTP/1.1" 206 16384 "-" "Mozilla/5.0 (Windows NT 6.3; WOW64; Trident/7.0; rv:11.0) like Gecko"
212.96.44.224 - - [16/Dec/2017:17:43:26 +0100] "GET /kiadvany/miabio.pdf HTTP/1.1" 206 16384 "-" "Mozilla/5.0 (Windows NT 6.3; WOW64; Trident/7.0; rv:11.0) like Gecko"
212.96.44.224 - - [16/Dec/2017:17:43:26 +0100] "GET /kiadvany/miabio.pdf HTTP/1.1" 206 16384 "-" "Mozilla/5.0 (Windows NT 6.3; WOW64; Trident/7.0; rv:11.0) like Gecko"
212.96.44.224 - - [16/Dec/2017:17:43:26 +0100] "GET /kiadvany/miabio.pdf HTTP/1.1" 206 16384 "-" "Mozilla/5.0 (Windows NT 6.3; WOW64; Trident/7.0; rv:11.0) like Gecko"
212.96.44.224 - - [16/Dec/2017:17:43:26 +0100] "GET /kiadvany/miabio.pdf HTTP/1.1" 206 16384 "-" "Mozilla/5.0 (Windows NT 6.3; WOW64; Trident/7.0; rv:11.0) like Gecko"
212.96.44.224 - - [16/Dec/2017:17:43:26 +0100] "GET /kiadvany/miabio.pdf HTTP/1.1" 206 16384 "-" "Mozilla/5.0 (Windows NT 6.3; WOW64; Trident/7.0; rv:11.0) like Gecko"
212.96.44.224 - - [16/Dec/2017:17:43:26 +0100] "GET /kiadvany/miabio.pdf HTTP/1.1" 206 16384 "-" "Mozilla/5.0 (Windows NT 6.3; WOW64; Trident/7.0; rv:11.0) like Gecko"
212.96.44.224 - - [16/Dec/2017:17:43:27 +0100] "GET /kiadvany/miabio.pdf HTTP/1.1" 206 16384 "-" "Mozilla/5.0 (Windows NT 6.3; WOW64; Trident/7.0; rv:11.0) like Gecko"
212.96.44.224 - - [16/Dec/2017:17:43:27 +0100] "GET /kiadvany/miabio.pdf HTTP/1.1" 206 16384 "-" "Mozilla/5.0 (Windows NT 6.3; WOW64; Trident/7.0; rv:11.0) like Gecko"
212.96.44.224 - - [16/Dec/2017:17:43:27 +0100] "GET /kiadvany/miabio.pdf HTTP/1.1" 206 16384 "-" "Mozilla/5.0 (Windows NT 6.3; WOW64; Trident/7.0; rv:11.0) like Gecko"
212.96.44.224 - - [16/Dec/2017:17:43:27 +0100] "GET /kiadvany/miabio.pdf HTTP/1.1" 206 16384 "-" "Mozilla/5.0 (Windows NT 6.3; WOW64; Trident/7.0; rv:11.0) like Gecko"
212.96.44.224 - - [16/Dec/2017:17:43:27 +0100] "GET /kiadvany/miabio.pdf HTTP/1.1" 206 16384 "-" "Mozilla/5.0 (Windows NT 6.3; WOW64; Trident/7.0; rv:11.0) like Gecko"
212.96.44.224 - - [16/Dec/2017:17:43:27 +0100] "GET /kiadvany/miabio.pdf HTTP/1.1" 206 16384 "-" "Mozilla/5.0 (Windows NT 6.3; WOW64; Trident/7.0; rv:11.0) like Gecko"
212.96.44.224 - - [16/Dec/2017:17:43:27 +0100] "GET /kiadvany/miabio.pdf HTTP/1.1" 206 16384 "-" "Mozilla/5.0 (Windows NT 6.3; WOW64; Trident/7.0; rv:11.0) like Gecko"
212.96.44.224 - - [16/Dec/2017:17:43:27 +0100] "GET /kiadvany/miabio.pdf HTTP/1.1" 206 16384 "-" "Mozilla/5.0 (Windows NT 6.3; WOW64; Trident/7.0; rv:11.0) like Gecko"
212.96.44.224 - - [16/Dec/2017:17:43:27 +0100] "GET /kiadvany/miabio.pdf HTTP/1.1" 206 16384 "-" "Mozilla/5.0 (Windows NT 6.3; WOW64; Trident/7.0; rv:11.0) like Gecko"
212.96.44.224 - - [16/Dec/2017:17:43:27 +0100] "GET /kiadvany/miabio.pdf HTTP/1.1" 206 16384 "-" "Mozilla/5.0 (Windows NT 6.3; WOW64; Trident/7.0; rv:11.0) like Gecko"
212.96.44.224 - - [16/Dec/2017:17:43:27 +0100] "GET /kiadvany/miabio.pdf HTTP/1.1" 206 16384 "-" "Mozilla/5.0 (Windows NT 6.3; WOW64; Trident/7.0; rv:11.0) like Gecko"
212.96.44.224 - - [16/Dec/2017:17:43:27 +0100] "GET /kiadvany/miabio.pdf HTTP/1.1" 206 16384 "-" "Mozilla/5.0 (Windows NT 6.3; WOW64; Trident/7.0; rv:11.0) like Gecko"
212.96.44.224 - - [16/Dec/2017:17:43:27 +0100] "GET /kiadvany/miabio.pdf HTTP/1.1" 206 16384 "-" "Mozilla/5.0 (Windows NT 6.3; WOW64; Trident/7.0; rv:11.0) like Gecko"
212.96.44.224 - - [16/Dec/2017:17:43:27 +0100] "GET /kiadvany/miabio.pdf HTTP/1.1" 206 16384 "-" "Mozilla/5.0 (Windows NT 6.3; WOW64; Trident/7.0; rv:11.0) like Gecko"
212.96.44.224 - - [16/Dec/2017:17:43:27 +0100] "GET /kiadvany/miabio.pdf HTTP/1.1" 206 16384 "-" "Mozilla/5.0 (Windows NT 6.3; WOW64; Trident/7.0; rv:11.0) like Gecko"
212.96.44.224 - - [16/Dec/2017:17:43:27 +0100] "GET /kiadvany/miabio.pdf HTTP/1.1" 206 16384 "-" "Mozilla/5.0 (Windows NT 6.3; WOW64; Trident/7.0; rv:11.0) like Gecko"
212.96.44.224 - - [16/Dec/2017:17:43:27 +0100] "GET /kiadvany/miabio.pdf HTTP/1.1" 206 16384 "-" "Mozilla/5.0 (Windows NT 6.3; WOW64; Trident/7.0; rv:11.0) like Gecko"
212.96.44.224 - - [16/Dec/2017:17:43:27 +0100] "GET /kiadvany/miabio.pdf HTTP/1.1" 206 16384 "-" "Mozilla/5.0 (Windows NT 6.3; WOW64; Trident/7.0; rv:11.0) like Gecko"
212.96.44.224 - - [16/Dec/2017:17:43:27 +0100] "GET /kiadvany/miabio.pdf HTTP/1.1" 206 16384 "-" "Mozilla/5.0 (Windows NT 6.3; WOW64; Trident/7.0; rv:11.0) like Gecko"
212.96.44.224 - - [16/Dec/2017:17:43:27 +0100] "GET /kiadvany/miabio.pdf HTTP/1.1" 206 16384 "-" "Mozilla/5.0 (Windows NT 6.3; WOW64; Trident/7.0; rv:11.0) like Gecko"
212.96.44.224 - - [16/Dec/2017:17:43:28 +0100] "GET /kiadvany/miabio.pdf HTTP/1.1" 206 16384 "-" "Mozilla/5.0 (Windows NT 6.3; WOW64; Trident/7.0; rv:11.0) like Gecko"
212.96.44.224 - - [16/Dec/2017:17:43:28 +0100] "GET /kiadvany/miabio.pdf HTTP/1.1" 206 16384 "-" "Mozilla/5.0 (Windows NT 6.3; WOW64; Trident/7.0; rv:11.0) like Gecko"
212.96.44.224 - - [16/Dec/2017:17:43:28 +0100] "GET /kiadvany/miabio.pdf HTTP/1.1" 206 16384 "-" "Mozilla/5.0 (Windows NT 6.3; WOW64; Trident/7.0; rv:11.0) like Gecko"
212.96.44.224 - - [16/Dec/2017:17:43:28 +0100] "GET /kiadvany/miabio.pdf HTTP/1.1" 206 16384 "-" "Mozilla/5.0 (Windows NT 6.3; WOW64; Trident/7.0; rv:11.0) like Gecko"
212.96.44.224 - - [16/Dec/2017:17:43:28 +0100] "GET /kiadvany/miabio.pdf HTTP/1.1" 206 16384 "-" "Mozilla/5.0 (Windows NT 6.3; WOW64; Trident/7.0; rv:11.0) like Gecko"
212.96.44.224 - - [16/Dec/2017:17:43:28 +0100] "GET /kiadvany/miabio.pdf HTTP/1.1" 206 16384 "-" "Mozilla/5.0 (Windows NT 6.3; WOW64; Trident/7.0; rv:11.0) like Gecko"
212.96.44.224 - - [16/Dec/2017:17:43:28 +0100] "GET /kiadvany/miabio.pdf HTTP/1.1" 206 16384 "-" "Mozilla/5.0 (Windows NT 6.3; WOW64; Trident/7.0; rv:11.0) like Gecko"
212.96.44.224 - - [16/Dec/2017:17:43:28 +0100] "GET /kiadvany/miabio.pdf HTTP/1.1" 206 16384 "-" "Mozilla/5.0 (Windows NT 6.3; WOW64; Trident/7.0; rv:11.0) like Gecko"
212.96.44.224 - - [16/Dec/2017:17:43:28 +0100] "GET /kiadvany/miabio.pdf HTTP/1.1" 206 16384 "-" "Mozilla/5.0 (Windows NT 6.3; WOW64; Trident/7.0; rv:11.0) like Gecko"
212.96.44.224 - - [16/Dec/2017:17:43:28 +0100] "GET /kiadvany/miabio.pdf HTTP/1.1" 206 16384 "-" "Mozilla/5.0 (Windows NT 6.3; WOW64; Trident/7.0; rv:11.0) like Gecko"
212.96.44.224 - - [16/Dec/2017:17:43:28 +0100] "GET /kiadvany/miabio.pdf HTTP/1.1" 206 16384 "-" "Mozilla/5.0 (Windows NT 6.3; WOW64; Trident/7.0; rv:11.0) like Gecko"
212.96.44.224 - - [16/Dec/2017:17:43:28 +0100] "GET /kiadvany/miabio.pdf HTTP/1.1" 206 16384 "-" "Mozilla/5.0 (Windows NT 6.3; WOW64; Trident/7.0; rv:11.0) like Gecko"
212.96.44.224 - - [16/Dec/2017:17:43:28 +0100] "GET /kiadvany/miabio.pdf HTTP/1.1" 206 16384 "-" "Mozilla/5.0 (Windows NT 6.3; WOW64; Trident/7.0; rv:11.0) like Gecko"
212.96.44.224 - - [16/Dec/2017:17:43:28 +0100] "GET /kiadvany/miabio.pdf HTTP/1.1" 206 16384 "-" "Mozilla/5.0 (Windows NT 6.3; WOW64; Trident/7.0; rv:11.0) like Gecko"
212.96.44.224 - - [16/Dec/2017:17:43:28 +0100] "GET /kiadvany/miabio.pdf HTTP/1.1" 206 16384 "-" "Mozilla/5.0 (Windows NT 6.3; WOW64; Trident/7.0; rv:11.0) like Gecko"
212.96.44.224 - - [16/Dec/2017:17:43:28 +0100] "GET /kiadvany/miabio.pdf HTTP/1.1" 206 16384 "-" "Mozilla/5.0 (Windows NT 6.3; WOW64; Trident/7.0; rv:11.0) like Gecko"
212.96.44.224 - - [16/Dec/2017:17:43:28 +0100] "GET /kiadvany/miabio.pdf HTTP/1.1" 206 16384 "-" "Mozilla/5.0 (Windows NT 6.3; WOW64; Trident/7.0; rv:11.0) like Gecko"
