95.103.238.197 - - [27/Dec/2017:02:15:41 +0100] "GET /aktualis_elemei/bio2szulinap_elemei/image108.jpg HTTP/1.1" 200 9238 "https://www.google.sk/" "Mozilla/5.0 (Linux; Android 7.0; SAMSUNG SM-G930F Build/NRD90M) AppleWebKit/537.36 (KHTML, like Gecko) SamsungBrowser/6.2 Chrome/56.0.2924.87 Mobile Safari/537.36"
185.117.74.118 - - [27/Dec/2017:02:23:51 +0100] "GET /blogs/wp-admin/setup-config.php HTTP/1.1" 404 1181 "-" "Mozilla/5.0 (Windows NT 6.1; Trident/7.0; rv:11.0) like Gecko"
185.117.74.118 - - [27/Dec/2017:02:23:51 +0100] "GET /beta/wp-admin/setup-config.php HTTP/1.1" 404 1181 "-" "Mozilla/5.0 (Windows NT 6.1; Trident/7.0; rv:11.0) like Gecko"
185.117.74.118 - - [27/Dec/2017:02:23:51 +0100] "GET /wp-admin/setup-config.php HTTP/1.1" 404 1181 "-" "Mozilla/5.0 (Windows NT 6.1; Trident/7.0; rv:11.0) like Gecko"
185.117.74.118 - - [27/Dec/2017:02:23:51 +0100] "GET /blog/wordpress/wp-admin/setup-config.php HTTP/1.1" 404 1181 "-" "Mozilla/5.0 (Windows NT 6.1; Trident/7.0; rv:11.0) like Gecko"
185.117.74.118 - - [27/Dec/2017:02:23:51 +0100] "GET /cms/wp-admin/setup-config.php HTTP/1.1" 404 1181 "-" "Mozilla/5.0 (Windows NT 6.1; Trident/7.0; rv:11.0) like Gecko"
185.117.74.118 - - [27/Dec/2017:02:23:51 +0100] "GET /site/wp-admin/setup-config.php HTTP/1.1" 404 1181 "-" "Mozilla/5.0 (Windows NT 6.1; Trident/7.0; rv:11.0) like Gecko"
169.54.233.116 - - [27/Dec/2017:02:44:33 +0100] "GET / HTTP/1.1" 200 884 "-" "-"
40.77.167.192 - - [27/Dec/2017:03:11:19 +0100] "GET /aktualis_elemei/bio2szulinap_elemei/image126.jpg HTTP/1.1" 200 9363 "-" "Mozilla/5.0 (compatible; bingbot/2.0; +http://www.bing.com/bingbot.htm)"
42.236.54.2 - - [27/Dec/2017:04:32:43 +0100] "GET / HTTP/1.1" 200 884 "http://www.greenaction.hu/" "Mozilla/5.0 (Windows NT 6.1; WOW64) AppleWebKit/537.36 (KHTML, like Gecko) Chrome/50.0.2661.102 Safari/537.36; 360Spider"
66.249.70.11 - - [27/Dec/2017:04:48:22 +0100] "GET /robots.txt HTTP/1.1" 404 1181 "-" "Mozilla/5.0 (compatible; Googlebot/2.1; +http://www.google.com/bot.html)"
66.249.70.9 - - [27/Dec/2017:04:48:23 +0100] "GET /aktualis_elemei/bio2szulinap_elemei/image118.jpg HTTP/1.1" 304 - "-" "Googlebot-Image/1.0"
207.46.13.73 - - [27/Dec/2017:04:54:47 +0100] "GET /robots.txt HTTP/1.1" 404 1181 "-" "Mozilla/5.0 (compatible; bingbot/2.0; +http://www.bing.com/bingbot.htm)"
157.55.39.63 - - [27/Dec/2017:04:55:10 +0100] "GET /aktualis_elemei/bio2szulinap_elemei/image116.jpg HTTP/1.1" 200 9709 "-" "Mozilla/5.0 (compatible; bingbot/2.0; +http://www.bing.com/bingbot.htm)"
216.244.66.200 - - [27/Dec/2017:05:37:35 +0100] "GET /robots.txt HTTP/1.1" 404 1181 "-" "Mozilla/5.0 (compatible; DotBot/1.1; http://www.opensiteexplorer.org/dotbot, help@moz.com)"
216.244.66.200 - - [27/Dec/2017:06:00:59 +0100] "GET / HTTP/1.1" 200 884 "-" "Mozilla/5.0 (compatible; DotBot/1.1; http://www.opensiteexplorer.org/dotbot, help@moz.com)"
40.77.167.192 - - [27/Dec/2017:06:53:18 +0100] "GET /aktualis_elemei/bio2szulinap_elemei/image060.jpg HTTP/1.1" 200 16684 "-" "Mozilla/5.0 (compatible; bingbot/2.0; +http://www.bing.com/bingbot.htm)"
77.111.91.248 - - [27/Dec/2017:06:58:04 +0100] "GET /archiv_elemei/acitc.html HTTP/1.1" 200 13312 "-" "Mozilla/5.0 (Windows NT 10.0; Win64; x64) AppleWebKit/537.36 (KHTML, like Gecko) Chrome/62.0.3202.94 Safari/537.36"
77.111.91.248 - - [27/Dec/2017:06:58:23 +0100] "GET / HTTP/1.1" 200 884 "-" "Mozilla/5.0 (Windows NT 10.0; Win64; x64) AppleWebKit/537.36 (KHTML, like Gecko) Chrome/62.0.3202.94 Safari/537.36"
157.55.39.109 - - [27/Dec/2017:07:09:38 +0100] "GET /aktualis_elemei/bio2szulinap_elemei/image030.jpg HTTP/1.1" 200 18167 "-" "Mozilla/5.0 (compatible; bingbot/2.0; +http://www.bing.com/bingbot.htm)"
158.69.116.77 - - [27/Dec/2017:07:56:42 +0100] "GET / HTTP/1.1" 200 884 "-" "Mozilla/5.0 (compatible; Dataprovider.com;)"
158.69.116.77 - - [27/Dec/2017:07:56:44 +0100] "GET /robots.txt HTTP/1.1" 404 1181 "-" "Mozilla/5.0 (compatible; Dataprovider.com;)"
158.69.116.77 - - [27/Dec/2017:07:56:44 +0100] "GET /sitemap.xml HTTP/1.1" 404 1181 "-" "Mozilla/5.0 (compatible; Dataprovider.com;)"
158.69.116.77 - - [27/Dec/2017:07:56:44 +0100] "GET / HTTP/1.1" 200 884 "-" "Mozilla/5.0 (compatible; Dataprovider.com;)"
158.69.116.77 - - [27/Dec/2017:07:56:45 +0100] "GET / HTTP/1.1" 200 884 "-" "Mozilla/5.0 (Linux; Android 5.1.1; SM-G925F Build/LMY47X) AppleWebKit/537.36 (KHTML, like Gecko) Chrome/45.0.2454.94 Mobile Safari/537.36"
157.55.39.109 - - [27/Dec/2017:08:15:49 +0100] "GET /aktualis_elemei/bio2szulinap_elemei/image128.jpg HTTP/1.1" 200 8653 "-" "Mozilla/5.0 (compatible; bingbot/2.0; +http://www.bing.com/bingbot.htm)"
157.55.39.109 - - [27/Dec/2017:08:50:18 +0100] "GET /aktualis_elemei/bio2szulinap_elemei/image046.jpg HTTP/1.1" 200 12403 "-" "Mozilla/5.0 (compatible; bingbot/2.0; +http://www.bing.com/bingbot.htm)"
180.76.15.161 - - [27/Dec/2017:08:56:58 +0100] "GET /robots.txt HTTP/1.1" 404 1181 "-" "Mozilla/5.0 (Windows NT 5.1; rv:6.0.2) Gecko/20100101 Firefox/6.0.2"
180.76.15.142 - - [27/Dec/2017:08:56:58 +0100] "GET /robots.txt HTTP/1.1" 404 1181 "-" "Mozilla/5.0 (Windows NT 5.1; rv:6.0.2) Gecko/20100101 Firefox/6.0.2"
180.76.15.137 - - [27/Dec/2017:08:57:26 +0100] "GET / HTTP/1.1" 200 884 "-" "Mozilla/5.0 (compatible; Baiduspider/2.0; +http://www.baidu.com/search/spider.html)"
66.249.70.7 - - [27/Dec/2017:09:48:08 +0100] "GET / HTTP/1.1" 200 884 "-" "Mozilla/5.0 (Linux; Android 6.0.1; Nexus 5X Build/MMB29P) AppleWebKit/537.36 (KHTML, like Gecko) Chrome/41.0.2272.96 Mobile Safari/537.36 (compatible; Googlebot/2.1; +http://www.google.com/bot.html)"
207.46.13.146 - - [27/Dec/2017:10:32:52 +0100] "GET /aktualis_elemei/bio2szulinap_elemei/image070.jpg HTTP/1.1" 200 9176 "-" "Mozilla/5.0 (compatible; bingbot/2.0; +http://www.bing.com/bingbot.htm)"
134.249.76.153 - - [27/Dec/2017:10:54:05 +0100] "GET / HTTP/1.1" 200 884 "http://lechtaczka.net/" "Mozilla/4.0 (compatible; MSIE 6.0; Windows NT 5.1)"
134.249.76.153 - - [27/Dec/2017:10:54:06 +0100] "GET / HTTP/1.1" 200 884 "http://lechtaczka.net/" "Mozilla/4.0 (compatible; MSIE 6.0; Windows NT 5.1)"
134.249.76.153 - - [27/Dec/2017:10:54:06 +0100] "GET / HTTP/1.1" 200 884 "http://lechtaczka.net/" "Mozilla/4.0 (compatible; MSIE 6.0; Windows NT 5.1)"
40.77.167.69 - - [27/Dec/2017:11:44:23 +0100] "GET /kiadvany/miabio.pdf HTTP/1.1" 200 10710652 "-" "Mozilla/5.0 (iPhone; CPU iPhone OS 7_0 like Mac OS X) AppleWebKit/537.51.1 (KHTML, like Gecko) Version/7.0 Mobile/11A465 Safari/9537.53 (compatible; bingbot/2.0; +http://www.bing.com/bingbot.htm)"
207.46.13.73 - - [27/Dec/2017:13:34:56 +0100] "GET /robots.txt HTTP/1.1" 404 1181 "-" "Mozilla/5.0 (compatible; bingbot/2.0; +http://www.bing.com/bingbot.htm)"
40.77.167.69 - - [27/Dec/2017:13:35:32 +0100] "GET /kiadvany/miabio.pdf HTTP/1.1" 200 10733550 "-" "Mozilla/5.0 (iPhone; CPU iPhone OS 7_0 like Mac OS X) AppleWebKit/537.51.1 (KHTML, like Gecko) Version/7.0 Mobile/11A465 Safari/9537.53 (compatible; bingbot/2.0; +http://www.bing.com/bingbot.htm)"
157.55.39.109 - - [27/Dec/2017:16:13:08 +0100] "GET /robots.txt HTTP/1.1" 404 1181 "-" "Mozilla/5.0 (compatible; bingbot/2.0; +http://www.bing.com/bingbot.htm)"
91.144.107.173 - - [27/Dec/2017:16:25:45 +0100] "GET /aktualis_elemei/bio2szulinap_elemei/image128.jpg HTTP/1.1" 200 8653 "https://www.google.hu/" "Mozilla/5.0 (Linux; Android 4.3; Lenovo B8080-F Build/JLS36C) AppleWebKit/537.36 (KHTML, like Gecko) Chrome/60.0.3112.116 Safari/537.36"
131.253.27.102 - - [27/Dec/2017:17:14:27 +0100] "GET /kiadvany/miabio.pdf HTTP/1.1" 200 4317184 "-" "Mozilla/5.0 (iPhone; CPU iPhone OS 7_0 like Mac OS X) AppleWebKit/537.51.1 (KHTML, like Gecko) Version/7.0 Mobile/11A465 Safari/9537.53 BingPreview/1.0b"
68.180.230.114 - - [27/Dec/2017:17:25:31 +0100] "GET /robots.txt HTTP/1.1" 404 1181 "-" "Mozilla/5.0 (compatible; Yahoo! Slurp; http://help.yahoo.com/help/us/ysearch/slurp)"
68.180.230.114 - - [27/Dec/2017:17:25:32 +0100] "GET / HTTP/1.1" 304 - "-" "Mozilla/5.0 (compatible; Yahoo! Slurp; http://help.yahoo.com/help/us/ysearch/slurp)"
91.147.252.197 - - [27/Dec/2017:17:54:10 +0100] "GET /aktualis_elemei/fnhv_elemei/image007.jpg HTTP/1.1" 200 11194 "https://www.google.hu/" "Mozilla/5.0 (Windows NT 10.0; Win64; x64) AppleWebKit/537.36 (KHTML, like Gecko) Chrome/63.0.3239.108 Safari/537.36"
65.55.210.177 - - [27/Dec/2017:18:06:59 +0100] "GET /kiadvany/miabio.pdf HTTP/1.1" 200 4284416 "-" "Mozilla/5.0 (iPhone; CPU iPhone OS 7_0 like Mac OS X) AppleWebKit/537.51.1 (KHTML, like Gecko) Version/7.0 Mobile/11A465 Safari/9537.53 BingPreview/1.0b"
52.41.211.72 - - [27/Dec/2017:18:08:53 +0100] "GET / HTTP/1.1" 200 884 "-" "Magic Browser"
52.41.211.72 - - [27/Dec/2017:18:08:54 +0100] "GET / HTTP/1.1" 200 884 "-" "Magic Browser"
199.58.86.211 - - [27/Dec/2017:18:10:19 +0100] "GET /robots.txt HTTP/1.1" 404 1181 "-" "Mozilla/5.0 (compatible; MJ12bot/v1.4.8; http://mj12bot.com/)"
199.58.86.211 - - [27/Dec/2017:18:10:20 +0100] "GET / HTTP/1.1" 200 884 "-" "Mozilla/5.0 (compatible; MJ12bot/v1.4.8; http://mj12bot.com/)"
207.46.13.114 - - [27/Dec/2017:19:33:45 +0100] "GET /hirek/hirek.txt HTTP/1.1" 200 96857 "-" "Mozilla/5.0 (compatible; bingbot/2.0; +http://www.bing.com/bingbot.htm)"
213.227.139.199 - - [27/Dec/2017:21:14:07 +0100] "GET / HTTP/1.1" 200 884 "-" "Mozilla/5.0 (Windows NT 10.0; Win64; x64) AppleWebKit/537.36 (KHTML, like Gecko) Chrome/60.0.3112.101 Safari/537.36"
207.46.13.114 - - [27/Dec/2017:21:22:48 +0100] "GET /aktualis_elemei/bio2szulinap_elemei/image020.gif HTTP/1.1" 200 44876 "-" "Mozilla/5.0 (compatible; bingbot/2.0; +http://www.bing.com/bingbot.htm)"
180.76.15.15 - - [27/Dec/2017:22:12:33 +0100] "GET / HTTP/1.1" 200 884 "-" "Mozilla/5.0 (compatible; Baiduspider/2.0; +http://www.baidu.com/search/spider.html)"
89.134.233.98 - - [27/Dec/2017:22:24:34 +0100] "GET /aktualis_elemei/bio2szulinap_elemei/image108.jpg HTTP/1.1" 200 9238 "-" "Mozilla/5.0 (Linux; Android 7.1.1; Moto E (4) Build/NMA26.42-113; wv) AppleWebKit/537.36 (KHTML, like Gecko) Version/4.0 Chrome/56.0.2924.87 Mobile Safari/537.36 GSA/6.13.25.21.arm"
89.134.233.98 - - [27/Dec/2017:22:24:55 +0100] "GET /aktualis_elemei/bio2szulinap_elemei/image116.jpg HTTP/1.1" 200 9709 "-" "Mozilla/5.0 (Linux; Android 7.1.1; Moto E (4) Build/NMA26.42-113; wv) AppleWebKit/537.36 (KHTML, like Gecko) Version/4.0 Chrome/56.0.2924.87 Mobile Safari/537.36 GSA/6.13.25.21.arm"
89.134.233.98 - - [27/Dec/2017:22:25:04 +0100] "GET /aktualis_elemei/bio2szulinap_elemei/image128.jpg HTTP/1.1" 200 8653 "-" "Mozilla/5.0 (Linux; Android 7.1.1; Moto E (4) Build/NMA26.42-113; wv) AppleWebKit/537.36 (KHTML, like Gecko) Version/4.0 Chrome/56.0.2924.87 Mobile Safari/537.36 GSA/6.13.25.21.arm"
89.134.233.98 - - [27/Dec/2017:22:25:08 +0100] "GET /aktualis_elemei/bio2szulinap_elemei/image126.jpg HTTP/1.1" 200 9363 "-" "Mozilla/5.0 (Linux; Android 7.1.1; Moto E (4) Build/NMA26.42-113; wv) AppleWebKit/537.36 (KHTML, like Gecko) Version/4.0 Chrome/56.0.2924.87 Mobile Safari/537.36 GSA/6.13.25.21.arm"
216.244.66.200 - - [27/Dec/2017:22:31:11 +0100] "GET /robots.txt HTTP/1.1" 404 1181 "-" "Mozilla/5.0 (compatible; DotBot/1.1; http://www.opensiteexplorer.org/dotbot, help@moz.com)"
204.12.195.74 - - [27/Dec/2017:22:42:36 +0100] "GET /wp-login.php HTTP/1.1" 404 1181 "-" "Mozilla/5.0 (Windows NT 10.0; WOW64) AppleWebKit/537.36 (KHTML, like Gecko) Chrome/46.0.2490.80 Safari/537.36"
204.12.195.74 - - [27/Dec/2017:22:42:42 +0100] "GET /robots.txt HTTP/1.1" 404 1181 "-" "Mozilla/5.0 (Windows NT 10.0; WOW64) AppleWebKit/537.36 (KHTML, like Gecko) Chrome/46.0.2490.80 Safari/537.36"
80.77.124.233 - - [27/Dec/2017:22:44:14 +0100] "GET /archiv_elemei/acitc.html HTTP/1.1" 200 13312 "-" "Mozilla/5.0 (Windows NT 10.0; Win64; x64) AppleWebKit/537.36 (KHTML, like Gecko) Chrome/62.0.3202.94 Safari/537.36"
80.77.124.233 - - [27/Dec/2017:22:44:31 +0100] "GET / HTTP/1.1" 200 884 "-" "Mozilla/5.0 (Windows NT 10.0; Win64; x64) AppleWebKit/537.36 (KHTML, like Gecko) Chrome/62.0.3202.94 Safari/537.36"
212.83.170.97 - - [27/Dec/2017:22:52:13 +0100] "GET / HTTP/1.1" 200 884 "http://www.greenaction.hu/" "Mozilla/5.0 (Macintosh; U; Intel Mac OS X 10_32_85) AppleWebKit/532.91.44 (KHTML, like Gecko) Chrome/57.5.0202.5574 Safari/534.51 Edge/34.67539"
216.244.66.200 - - [27/Dec/2017:23:42:47 +0100] "GET / HTTP/1.1" 200 884 "-" "Mozilla/5.0 (compatible; DotBot/1.1; http://www.opensiteexplorer.org/dotbot, help@moz.com)"
207.46.13.146 - - [28/Dec/2017:00:22:20 +0100] "GET /aktualis_elemei/bio2szulinap.html HTTP/1.1" 200 71694 "-" "Mozilla/5.0 (compatible; bingbot/2.0; +http://www.bing.com/bingbot.htm)"
46.229.164.99 - - [28/Dec/2017:01:18:23 +0100] "GET /robots.txt HTTP/1.1" 404 1181 "-" "Mozilla/5.0 (compatible; SemrushBot/1.2~bl; +http://www.semrush.com/bot.html)"
207.46.13.146 - - [28/Dec/2017:02:06:55 +0100] "GET /aktualis_elemei/fnhv_elemei/image024.jpg HTTP/1.1" 200 10080 "-" "Mozilla/5.0 (compatible; bingbot/2.0; +http://www.bing.com/bingbot.htm)"
207.46.13.146 - - [28/Dec/2017:02:13:56 +0100] "GET / HTTP/1.1" 200 884 "-" "Mozilla/5.0 (compatible; bingbot/2.0; +http://www.bing.com/bingbot.htm)"
37.59.55.128 - - [28/Dec/2017:02:18:14 +0100] "GET /robots.txt HTTP/1.0" 404 1181 "-" ""
37.59.55.128 - - [28/Dec/2017:02:18:14 +0100] "GET / HTTP/1.1" 206 884 "-" "Mozilla/5.0 (Windows; U; Windows NT 6.1; en-US) AppleWebKit/534.17 (KHTML, like Gecko) Chrome/10.0.649.0 Safari/534.17"
94.23.83.80 - - [28/Dec/2017:02:25:24 +0100] "GET / HTTP/1.1" 200 884 "https://google.com/" "Mozilla/5.0 (X11; Ubuntu; Linux x86_64; rv:26.0) Gecko/20100101 Firefox/26.0"
207.46.13.146 - - [28/Dec/2017:04:03:28 +0100] "GET /aktualis_elemei/bio2szulinap_elemei/image022.jpg HTTP/1.1" 200 11114 "-" "Mozilla/5.0 (compatible; bingbot/2.0; +http://www.bing.com/bingbot.htm)"
216.244.66.247 - - [28/Dec/2017:04:42:53 +0100] "GET /robots.txt HTTP/1.1" 404 1181 "-" "Mozilla/5.0 (compatible; DotBot/1.1; http://www.opensiteexplorer.org/dotbot, help@moz.com)"
216.244.66.247 - - [28/Dec/2017:05:04:56 +0100] "GET /program.html HTTP/1.1" 200 12857 "-" "Mozilla/5.0 (compatible; DotBot/1.1; http://www.opensiteexplorer.org/dotbot, help@moz.com)"
46.229.164.102 - - [28/Dec/2017:05:12:53 +0100] "GET /robots.txt HTTP/1.1" 404 1181 "-" "Mozilla/5.0 (compatible; SemrushBot/1.2~bl; +http://www.semrush.com/bot.html)"
40.77.167.184 - - [28/Dec/2017:05:51:54 +0100] "GET /aktualis_elemei/fnhv_elemei/image002.jpg HTTP/1.1" 200 9553 "-" "Mozilla/5.0 (compatible; bingbot/2.0; +http://www.bing.com/bingbot.htm)"
157.55.39.109 - - [28/Dec/2017:09:11:17 +0100] "GET /kiadvany/delbukk.pdf HTTP/1.1" 200 1540585 "-" "Mozilla/5.0 (iPhone; CPU iPhone OS 7_0 like Mac OS X) AppleWebKit/537.51.1 (KHTML, like Gecko) Version/7.0 Mobile/11A465 Safari/9537.53 (compatible; bingbot/2.0; +http://www.bing.com/bingbot.htm)"
68.180.230.114 - - [28/Dec/2017:10:18:25 +0100] "GET /robots.txt HTTP/1.1" 404 1181 "-" "Mozilla/5.0 (compatible; Yahoo! Slurp; http://help.yahoo.com/help/us/ysearch/slurp)"
68.180.230.114 - - [28/Dec/2017:10:18:25 +0100] "GET / HTTP/1.1" 304 - "-" "Mozilla/5.0 (compatible; Yahoo! Slurp; http://help.yahoo.com/help/us/ysearch/slurp)"
68.180.230.114 - - [28/Dec/2017:10:18:26 +0100] "GET /zoldakcio.swf HTTP/1.1" 304 - "-" "Mozilla/5.0 (compatible; Yahoo! Slurp; http://help.yahoo.com/help/us/ysearch/slurp)"
64.90.34.100 - - [28/Dec/2017:10:21:40 +0100] "GET / HTTP/1.1" 200 884 "http://www.ertekelem.com" "-"
46.229.168.77 - - [28/Dec/2017:10:29:42 +0100] "GET /archiv_elemei/acitc.html HTTP/1.1" 200 13312 "-" "Mozilla/5.0 (compatible; SemrushBot/1.2~bl; +http://www.semrush.com/bot.html)"
46.229.168.77 - - [28/Dec/2017:10:30:10 +0100] "GET /archiv_elemei/acitc.html HTTP/1.1" 200 13312 "-" "Mozilla/5.0 (compatible; SemrushBot/1.2~bl; +http://www.semrush.com/bot.html)"
46.229.168.77 - - [28/Dec/2017:10:30:14 +0100] "GET /archiv_elemei/acitc.html HTTP/1.1" 200 13312 "-" "Mozilla/5.0 (compatible; SemrushBot/1.2~bl; +http://www.semrush.com/bot.html)"
40.77.167.184 - - [28/Dec/2017:11:22:43 +0100] "GET /aktualis_elemei/fnhv_elemei/image020.jpg HTTP/1.1" 200 12922 "-" "Mozilla/5.0 (compatible; bingbot/2.0; +http://www.bing.com/bingbot.htm)"
194.187.170.125 - - [28/Dec/2017:11:31:36 +0100] "GET /robots.txt HTTP/1.0" 404 1181 "-" "Mozilla/5.0 (compatible; Qwantify/2.4w; +https://www.qwant.com/)/2.4w"
194.187.170.125 - - [28/Dec/2017:11:31:36 +0100] "GET / HTTP/1.0" 200 884 "-" "Mozilla/5.0 (compatible; Qwantify/2.4w; +https://www.qwant.com/)/2.4w"
66.249.69.39 - - [28/Dec/2017:12:42:28 +0100] "GET /robots.txt HTTP/1.1" 404 1181 "-" "Mozilla/5.0 (compatible; Googlebot/2.1; +http://www.google.com/bot.html)"
66.249.69.41 - - [28/Dec/2017:12:42:28 +0100] "GET /aktualis_elemei/bio2szulinap_elemei/image144.jpg HTTP/1.1" 304 - "-" "Googlebot-Image/1.0"
66.249.69.43 - - [28/Dec/2017:12:48:03 +0100] "GET /aktualis_elemei/bio2szulinap_elemei/image102.jpg HTTP/1.1" 304 - "-" "Googlebot-Image/1.0"
207.46.13.73 - - [28/Dec/2017:12:48:14 +0100] "GET /robots.txt HTTP/1.1" 404 1181 "-" "Mozilla/5.0 (compatible; bingbot/2.0; +http://www.bing.com/bingbot.htm)"
207.46.13.114 - - [28/Dec/2017:12:48:25 +0100] "GET /kiadvany/miskolchvte.pdf HTTP/1.1" 200 4059249 "-" "Mozilla/5.0 (iPhone; CPU iPhone OS 7_0 like Mac OS X) AppleWebKit/537.51.1 (KHTML, like Gecko) Version/7.0 Mobile/11A465 Safari/9537.53 (compatible; bingbot/2.0; +http://www.bing.com/bingbot.htm)"
66.249.69.43 - - [28/Dec/2017:12:50:27 +0100] "GET /aktualis_elemei/bio2szulinap_elemei/image064.jpg HTTP/1.1" 304 - "-" "Googlebot-Image/1.0"
157.55.39.109 - - [28/Dec/2017:12:53:41 +0100] "GET /kiadvany/riport.pdf HTTP/1.1" 200 1048785 "-" "Mozilla/5.0 (compatible; bingbot/2.0; +http://www.bing.com/bingbot.htm)"
66.249.69.43 - - [28/Dec/2017:13:00:25 +0100] "GET /aktualis_elemei/bio2szulinap_elemei/image100.jpg HTTP/1.1" 304 - "-" "Googlebot-Image/1.0"
66.249.69.39 - - [28/Dec/2017:13:00:42 +0100] "GET /aktualis_elemei/bio2szulinap_elemei/image110.jpg HTTP/1.1" 304 - "-" "Googlebot-Image/1.0"
66.249.69.39 - - [28/Dec/2017:13:06:03 +0100] "GET /aktualis_elemei/bio2szulinap_elemei/image004.jpg HTTP/1.1" 304 - "-" "Googlebot-Image/1.0"
66.249.69.39 - - [28/Dec/2017:13:06:03 +0100] "GET /aktualis_elemei/bio2szulinap_elemei/image004.jpg HTTP/1.1" 304 - "-" "Googlebot-Image/1.0"
66.249.69.39 - - [28/Dec/2017:13:07:19 +0100] "GET /aktualis_elemei/bio2szulinap_elemei/image082.jpg HTTP/1.1" 304 - "-" "Googlebot-Image/1.0"
66.249.69.41 - - [28/Dec/2017:13:10:52 +0100] "GET /aktualis_elemei/bio2szulinap_elemei/image090.jpg HTTP/1.1" 304 - "-" "Googlebot-Image/1.0"
66.249.69.41 - - [28/Dec/2017:13:15:34 +0100] "GET /aktualis_elemei/bio2szulinap_elemei/image130.jpg HTTP/1.1" 304 - "-" "Googlebot-Image/1.0"
66.249.69.43 - - [28/Dec/2017:13:16:42 +0100] "GET /aktualis_elemei/bio2szulinap_elemei/image058.jpg HTTP/1.1" 304 - "-" "Googlebot-Image/1.0"
66.249.69.41 - - [28/Dec/2017:13:23:38 +0100] "GET /aktualis_elemei/bio2szulinap_elemei/image056.jpg HTTP/1.1" 304 - "-" "Googlebot-Image/1.0"
66.249.69.43 - - [28/Dec/2017:13:25:44 +0100] "GET /aktualis_elemei/bio2szulinap_elemei/image124.jpg HTTP/1.1" 304 - "-" "Googlebot-Image/1.0"
66.249.69.43 - - [28/Dec/2017:13:25:44 +0100] "GET /aktualis_elemei/bio2szulinap_elemei/image104.jpg HTTP/1.1" 304 - "-" "Googlebot-Image/1.0"
66.249.69.39 - - [28/Dec/2017:13:26:04 +0100] "GET /aktualis_elemei/bio2szulinap_elemei/image014.jpg HTTP/1.1" 304 - "-" "Googlebot-Image/1.0"
66.249.69.71 - - [28/Dec/2017:13:27:49 +0100] "GET /robots.txt HTTP/1.1" 404 1181 "-" "Mozilla/5.0 (compatible; Googlebot/2.1; +http://www.google.com/bot.html)"
66.249.69.73 - - [28/Dec/2017:13:27:50 +0100] "GET /aktualis_elemei/bio2szulinap_elemei/image094.jpg HTTP/1.1" 304 - "-" "Googlebot-Image/1.0"
66.249.69.43 - - [28/Dec/2017:13:28:10 +0100] "GET /aktualis_elemei/bio2szulinap_elemei/image086.jpg HTTP/1.1" 304 - "-" "Googlebot-Image/1.0"
66.249.69.39 - - [28/Dec/2017:13:28:31 +0100] "GET /aktualis_elemei/bio2szulinap_elemei/image114.jpg HTTP/1.1" 304 - "-" "Googlebot-Image/1.0"
66.249.69.39 - - [28/Dec/2017:13:28:51 +0100] "GET /aktualis_elemei/bio2szulinap_elemei/image016.jpg HTTP/1.1" 304 - "-" "Googlebot-Image/1.0"
66.249.69.41 - - [28/Dec/2017:13:29:32 +0100] "GET /aktualis_elemei/bio2szulinap_elemei/image046.jpg HTTP/1.1" 304 - "-" "Googlebot-Image/1.0"
66.249.69.41 - - [28/Dec/2017:13:30:45 +0100] "GET /aktualis_elemei/bio2szulinap_elemei/image070.jpg HTTP/1.1" 304 - "-" "Googlebot-Image/1.0"
66.249.69.39 - - [28/Dec/2017:13:30:45 +0100] "GET /aktualis_elemei/bio2szulinap_elemei/image002.jpg HTTP/1.1" 304 - "-" "Googlebot-Image/1.0"
66.249.69.39 - - [28/Dec/2017:13:31:03 +0100] "GET /aktualis_elemei/bio2szulinap_elemei/image038.jpg HTTP/1.1" 304 - "-" "Googlebot-Image/1.0"
66.249.69.39 - - [28/Dec/2017:13:31:23 +0100] "GET /aktualis_elemei/bio2szulinap_elemei/image012.jpg HTTP/1.1" 304 - "-" "Googlebot-Image/1.0"
66.249.69.43 - - [28/Dec/2017:13:32:01 +0100] "GET /aktualis_elemei/bio2szulinap_elemei/image120.jpg HTTP/1.1" 304 - "-" "Googlebot-Image/1.0"
66.249.69.41 - - [28/Dec/2017:13:32:40 +0100] "GET /aktualis_elemei/bio2szulinap_elemei/image084.jpg HTTP/1.1" 304 - "-" "Googlebot-Image/1.0"
66.249.69.43 - - [28/Dec/2017:13:37:50 +0100] "GET /aktualis_elemei/bio2szulinap_elemei/image050.jpg HTTP/1.1" 304 - "-" "Googlebot-Image/1.0"
216.244.66.200 - - [28/Dec/2017:13:44:01 +0100] "GET /robots.txt HTTP/1.1" 404 1181 "-" "Mozilla/5.0 (compatible; DotBot/1.1; http://www.opensiteexplorer.org/dotbot, help@moz.com)"
66.249.69.43 - - [28/Dec/2017:13:56:05 +0100] "GET /aktualis_elemei/bio2szulinap_elemei/image048.jpg HTTP/1.1" 304 - "-" "Googlebot-Image/1.0"
157.55.39.109 - - [28/Dec/2017:14:09:00 +0100] "GET /robots.txt HTTP/1.1" 404 1181 "-" "Mozilla/5.0 (compatible; bingbot/2.0; +http://www.bing.com/bingbot.htm)"
108.59.8.70 - - [28/Dec/2017:14:23:06 +0100] "GET /robots.txt HTTP/1.1" 404 1181 "-" "Mozilla/5.0 (compatible; MJ12bot/v1.4.8; http://mj12bot.com/)"
108.59.8.70 - - [28/Dec/2017:14:23:08 +0100] "GET / HTTP/1.1" 200 884 "-" "Mozilla/5.0 (compatible; MJ12bot/v1.4.8; http://mj12bot.com/)"
77.111.91.248 - - [28/Dec/2017:14:34:14 +0100] "GET /archiv_elemei/acitc.html HTTP/1.1" 200 13312 "-" "Mozilla/5.0 (Windows NT 10.0; Win64; x64) AppleWebKit/537.36 (KHTML, like Gecko) Chrome/62.0.3202.94 Safari/537.36"
77.111.91.248 - - [28/Dec/2017:14:34:36 +0100] "GET / HTTP/1.1" 200 884 "-" "Mozilla/5.0 (Windows NT 10.0; Win64; x64) AppleWebKit/537.36 (KHTML, like Gecko) Chrome/62.0.3202.94 Safari/537.36"
194.187.170.121 - - [28/Dec/2017:14:48:21 +0100] "GET /robots.txt HTTP/1.0" 404 1181 "-" "Mozilla/5.0 (compatible; Qwantify/2.4w; +https://www.qwant.com/)/2.4w"
194.187.170.121 - - [28/Dec/2017:14:48:21 +0100] "GET / HTTP/1.0" 200 884 "-" "Mozilla/5.0 (compatible; Qwantify/2.4w; +https://www.qwant.com/)/2.4w"
207.46.13.146 - - [28/Dec/2017:15:02:40 +0100] "GET / HTTP/1.1" 200 884 "-" "Mozilla/5.0 (compatible; bingbot/2.0; +http://www.bing.com/bingbot.htm)"
216.244.66.200 - - [28/Dec/2017:15:05:24 +0100] "GET /magunkrol_elemei/kozhasznu.html HTTP/1.1" 200 48365 "-" "Mozilla/5.0 (compatible; DotBot/1.1; http://www.opensiteexplorer.org/dotbot, help@moz.com)"
23.237.4.26 - - [28/Dec/2017:15:06:44 +0100] "GET / HTTP/1.1" 200 884 "-" "Mozilla/5.0 (compatible; AlphaBot/3.2; +http://alphaseobot.com/bot.html)"
123.125.67.156 - - [28/Dec/2017:15:38:55 +0100] "GET /robots.txt HTTP/1.1" 404 1181 "-" "Mozilla/5.0 (Windows NT 10.0; WOW64) AppleWebKit/537.36 (KHTML, like Gecko) Chrome/45.0.2454.93 Safari/537.36"
220.181.108.186 - - [28/Dec/2017:15:43:43 +0100] "GET /kiadvany/delbukk.pdf HTTP/1.1" 200 1540585 "-" "Mozilla/5.0 (compatible; Baiduspider/2.0; +http://www.baidu.com/search/spider.html)"
66.249.69.41 - - [28/Dec/2017:15:45:43 +0100] "GET /aktualis_elemei/bio2szulinap_elemei/image060.jpg HTTP/1.1" 304 - "-" "Googlebot-Image/1.0"
66.249.69.39 - - [28/Dec/2017:15:50:10 +0100] "GET /aktualis_elemei/bio2szulinap_elemei/image122.jpg HTTP/1.1" 304 - "-" "Googlebot-Image/1.0"
66.249.69.41 - - [28/Dec/2017:16:11:31 +0100] "GET /aktualis_elemei/bio2szulinap_elemei/image072.jpg HTTP/1.1" 304 - "-" "Googlebot-Image/1.0"
66.249.69.39 - - [28/Dec/2017:16:13:04 +0100] "GET /aktualis_elemei/bio2szulinap_elemei/image108.jpg HTTP/1.1" 304 - "-" "Googlebot-Image/1.0"
66.249.69.41 - - [28/Dec/2017:16:15:06 +0100] "GET /aktualis_elemei/bio2szulinap_elemei/image134.jpg HTTP/1.1" 304 - "-" "Googlebot-Image/1.0"
141.8.183.17 - - [28/Dec/2017:16:18:52 +0100] "GET /robots.txt HTTP/1.1" 404 1181 "-" "Mozilla/5.0 (compatible; YandexBot/3.0; +http://yandex.com/bots)"
141.8.183.17 - - [28/Dec/2017:16:18:52 +0100] "GET /robots.txt HTTP/1.1" 404 1181 "-" "Mozilla/5.0 (compatible; YandexBot/3.0; +http://yandex.com/bots)"
178.154.171.90 - - [28/Dec/2017:16:18:56 +0100] "GET / HTTP/1.1" 200 884 "-" "Mozilla/5.0 (compatible; YandexBot/3.0; +http://yandex.com/bots)"
141.8.183.17 - - [28/Dec/2017:16:18:56 +0100] "GET / HTTP/1.1" 200 884 "-" "Mozilla/5.0 (compatible; YandexBot/3.0; +http://yandex.com/bots)"
5.255.253.13 - - [28/Dec/2017:16:19:00 +0100] "GET /zoldakcio.swf HTTP/1.1" 200 840351 "-" "Mozilla/5.0 (compatible; YandexBot/3.0; +http://yandex.com/bots)"
141.8.132.36 - - [28/Dec/2017:16:19:00 +0100] "GET /zoldakcio.swf HTTP/1.1" 200 840351 "-" "Mozilla/5.0 (compatible; YandexBot/3.0; +http://yandex.com/bots)"
66.249.69.39 - - [28/Dec/2017:16:25:31 +0100] "GET /aktualis_elemei/bio2szulinap_elemei/image078.jpg HTTP/1.1" 304 - "-" "Googlebot-Image/1.0"
66.249.69.43 - - [28/Dec/2017:16:28:34 +0100] "GET /aktualis_elemei/bio2szulinap_elemei/image018.gif HTTP/1.1" 304 - "-" "Googlebot-Image/1.0"
66.249.69.41 - - [28/Dec/2017:16:29:55 +0100] "GET /aktualis_elemei/bio2szulinap_elemei/image076.jpg HTTP/1.1" 304 - "-" "Googlebot-Image/1.0"
66.249.69.41 - - [28/Dec/2017:16:30:40 +0100] "GET /aktualis_elemei/bio2szulinap_elemei/image112.jpg HTTP/1.1" 304 - "-" "Googlebot-Image/1.0"
66.249.69.43 - - [28/Dec/2017:16:31:08 +0100] "GET /aktualis_elemei/bio2szulinap_elemei/image098.jpg HTTP/1.1" 304 - "-" "Googlebot-Image/1.0"
66.249.69.41 - - [28/Dec/2017:16:31:31 +0100] "GET /aktualis_elemei/bio2szulinap_elemei/image054.jpg HTTP/1.1" 304 - "-" "Googlebot-Image/1.0"
66.249.69.39 - - [28/Dec/2017:16:31:50 +0100] "GET /aktualis_elemei/bio2szulinap_elemei/image052.jpg HTTP/1.1" 304 - "-" "Googlebot-Image/1.0"
66.249.69.41 - - [28/Dec/2017:16:33:58 +0100] "GET /aktualis_elemei/bio2szulinap_elemei/image066.jpg HTTP/1.1" 304 - "-" "Googlebot-Image/1.0"
66.249.69.39 - - [28/Dec/2017:16:38:58 +0100] "GET /aktualis_elemei/bio2szulinap_elemei/image034.jpg HTTP/1.1" 304 - "-" "Googlebot-Image/1.0"
66.249.69.41 - - [28/Dec/2017:16:39:41 +0100] "GET /aktualis_elemei/bio2szulinap_elemei/image010.jpg HTTP/1.1" 304 - "-" "Googlebot-Image/1.0"
66.249.69.43 - - [28/Dec/2017:16:40:23 +0100] "GET /aktualis_elemei/bio2szulinap_elemei/image030.jpg HTTP/1.1" 304 - "-" "Googlebot-Image/1.0"
66.249.69.43 - - [28/Dec/2017:16:41:35 +0100] "GET /aktualis_elemei/bio2szulinap_elemei/image080.jpg HTTP/1.1" 304 - "-" "Googlebot-Image/1.0"
66.249.69.39 - - [28/Dec/2017:16:45:02 +0100] "GET /aktualis_elemei/bio2szulinap_elemei/image074.jpg HTTP/1.1" 304 - "-" "Googlebot-Image/1.0"
66.249.69.41 - - [28/Dec/2017:16:45:16 +0100] "GET /aktualis_elemei/bio2szulinap_elemei/image136.jpg HTTP/1.1" 304 - "-" "Googlebot-Image/1.0"
66.249.69.41 - - [28/Dec/2017:16:51:49 +0100] "GET /aktualis_elemei/bio2szulinap_elemei/image026.jpg HTTP/1.1" 304 - "-" "Googlebot-Image/1.0"
66.249.69.41 - - [28/Dec/2017:16:57:07 +0100] "GET /aktualis_elemei/bio2szulinap_elemei/image126.jpg HTTP/1.1" 304 - "-" "Googlebot-Image/1.0"
66.249.69.41 - - [28/Dec/2017:16:59:42 +0100] "GET /aktualis_elemei/bio2szulinap_elemei/image036.jpg HTTP/1.1" 304 - "-" "Googlebot-Image/1.0"
66.249.69.41 - - [28/Dec/2017:17:07:04 +0100] "GET /aktualis_elemei/bio2szulinap_elemei/image042.jpg HTTP/1.1" 304 - "-" "Googlebot-Image/1.0"
66.249.69.39 - - [28/Dec/2017:17:09:44 +0100] "GET /aktualis_elemei/bio2szulinap_elemei/image008.jpg HTTP/1.1" 304 - "-" "Googlebot-Image/1.0"
66.249.69.41 - - [28/Dec/2017:17:11:50 +0100] "GET /aktualis_elemei/bio2szulinap_elemei/image132.jpg HTTP/1.1" 304 - "-" "Googlebot-Image/1.0"
66.249.69.41 - - [28/Dec/2017:17:49:28 +0100] "GET /kiadvany/miskolchvte.pdf HTTP/1.1" 304 - "-" "Mozilla/5.0 (compatible; Googlebot/2.1; +http://www.google.com/bot.html)"
66.249.69.43 - - [28/Dec/2017:18:16:20 +0100] "GET /aktualis_elemei/bio2szulinap_elemei/image092.jpg HTTP/1.1" 304 - "-" "Googlebot-Image/1.0"
66.249.69.41 - - [28/Dec/2017:18:31:25 +0100] "GET /aktualis_elemei/bio2szulinap_elemei/image028.jpg HTTP/1.1" 304 - "-" "Googlebot-Image/1.0"
66.249.69.39 - - [28/Dec/2017:18:32:46 +0100] "GET /aktualis_elemei/bio2szulinap_elemei/image142.jpg HTTP/1.1" 304 - "-" "Googlebot-Image/1.0"
66.249.69.75 - - [28/Dec/2017:18:36:15 +0100] "GET /aktualis_elemei/bio2szulinap_elemei/image106.jpg HTTP/1.1" 304 - "-" "Googlebot-Image/1.0"
66.249.69.41 - - [28/Dec/2017:18:37:46 +0100] "GET /aktualis_elemei/bio2szulinap_elemei/image116.jpg HTTP/1.1" 304 - "-" "Googlebot-Image/1.0"
95.85.170.79 - - [28/Dec/2017:18:38:16 +0100] "GET /favicon.ico HTTP/1.1" 404 1181 "http://www.greenaction.hu/kiadvany/miabio.pdf" "Mozilla/5.0 (Windows NT 6.1) AppleWebKit/537.36 (KHTML, like Gecko) Chrome/62.0.3202.94 Safari/537.36 OPR/49.0.2725.64"
95.85.170.79 - - [28/Dec/2017:18:38:17 +0100] "GET /kiadvany/miabio.pdf HTTP/1.1" 200 1127928 "https://www.google.rs/" "Mozilla/5.0 (Windows NT 6.1) AppleWebKit/537.36 (KHTML, like Gecko) Chrome/62.0.3202.94 Safari/537.36 OPR/49.0.2725.64"
95.85.170.79 - - [28/Dec/2017:18:38:17 +0100] "GET /kiadvany/miabio.pdf HTTP/1.1" 206 65536 "http://www.greenaction.hu/kiadvany/miabio.pdf" "Mozilla/5.0 (Windows NT 6.1) AppleWebKit/537.36 (KHTML, like Gecko) Chrome/62.0.3202.94 Safari/537.36 OPR/49.0.2725.64"
95.85.170.79 - - [28/Dec/2017:18:38:20 +0100] "GET /kiadvany/miabio.pdf HTTP/1.1" 206 2986710 "http://www.greenaction.hu/kiadvany/miabio.pdf" "Mozilla/5.0 (Windows NT 6.1) AppleWebKit/537.36 (KHTML, like Gecko) Chrome/62.0.3202.94 Safari/537.36 OPR/49.0.2725.64"
95.85.170.79 - - [28/Dec/2017:18:38:20 +0100] "GET /kiadvany/miabio.pdf HTTP/1.1" 206 625910 "http://www.greenaction.hu/kiadvany/miabio.pdf" "Mozilla/5.0 (Windows NT 6.1) AppleWebKit/537.36 (KHTML, like Gecko) Chrome/62.0.3202.94 Safari/537.36 OPR/49.0.2725.64"
95.85.170.79 - - [28/Dec/2017:18:38:22 +0100] "GET /kiadvany/miabio.pdf HTTP/1.1" 206 2853404 "http://www.greenaction.hu/kiadvany/miabio.pdf" "Mozilla/5.0 (Windows NT 6.1) AppleWebKit/537.36 (KHTML, like Gecko) Chrome/62.0.3202.94 Safari/537.36 OPR/49.0.2725.64"
52.41.211.72 - - [28/Dec/2017:18:38:49 +0100] "GET / HTTP/1.1" 200 884 "-" "Magic Browser"
52.41.211.72 - - [28/Dec/2017:18:38:49 +0100] "GET / HTTP/1.1" 200 884 "-" "Magic Browser"
66.249.69.43 - - [28/Dec/2017:18:40:14 +0100] "GET /aktualis_elemei/bio2szulinap_elemei/image032.jpg HTTP/1.1" 304 - "-" "Googlebot-Image/1.0"
46.229.164.99 - - [28/Dec/2017:19:00:27 +0100] "GET /robots.txt HTTP/1.1" 404 1181 "-" "Mozilla/5.0 (compatible; SemrushBot/1.2~bl; +http://www.semrush.com/bot.html)"
66.249.69.43 - - [28/Dec/2017:19:00:39 +0100] "GET /aktualis_elemei/bio2szulinap_elemei/image020.gif HTTP/1.1" 304 - "-" "Googlebot-Image/1.0"
66.249.69.43 - - [28/Dec/2017:19:01:51 +0100] "GET /aktualis_elemei/bio2szulinap_elemei/image038.jpg HTTP/1.1" 304 - "-" "Googlebot-Image/1.0"
66.249.69.41 - - [28/Dec/2017:19:05:35 +0100] "GET /aktualis_elemei/bio2szulinap_elemei/image140.jpg HTTP/1.1" 304 - "-" "Googlebot-Image/1.0"
66.249.69.39 - - [28/Dec/2017:19:07:32 +0100] "GET /aktualis_elemei/bio2szulinap_elemei/image022.jpg HTTP/1.1" 304 - "-" "Googlebot-Image/1.0"
66.249.69.41 - - [28/Dec/2017:19:07:43 +0100] "GET /aktualis_elemei/bio2szulinap_elemei/image068.jpg HTTP/1.1" 304 - "-" "Googlebot-Image/1.0"
66.249.69.39 - - [28/Dec/2017:19:10:49 +0100] "GET /aktualis_elemei/bio2szulinap_elemei/image096.jpg HTTP/1.1" 304 - "-" "Googlebot-Image/1.0"
66.249.69.39 - - [28/Dec/2017:19:12:58 +0100] "GET /aktualis_elemei/bio2szulinap_elemei/image044.jpg HTTP/1.1" 304 - "-" "Googlebot-Image/1.0"
66.249.69.43 - - [28/Dec/2017:19:25:54 +0100] "GET /aktualis_elemei/bio2szulinap_elemei/image098.jpg HTTP/1.1" 304 - "-" "Googlebot-Image/1.0"
207.46.13.114 - - [28/Dec/2017:19:33:26 +0100] "GET /aktualis_elemei/katonai.html HTTP/1.1" 200 22109 "-" "Mozilla/5.0 (iPhone; CPU iPhone OS 7_0 like Mac OS X) AppleWebKit/537.51.1 (KHTML, like Gecko) Version/7.0 Mobile/11A465 Safari/9537.53 (compatible; bingbot/2.0; +http://www.bing.com/bingbot.htm)"
66.249.69.43 - - [28/Dec/2017:19:39:33 +0100] "GET /aktualis_elemei/bio2szulinap_elemei/image088.jpg HTTP/1.1" 304 - "-" "Googlebot-Image/1.0"
66.249.69.41 - - [28/Dec/2017:20:07:17 +0100] "GET /aktualis_elemei/bio2szulinap_elemei/image052.jpg HTTP/1.1" 304 - "-" "Googlebot-Image/1.0"
66.249.69.41 - - [28/Dec/2017:20:40:11 +0100] "GET /aktualis_elemei/bio2szulinap_elemei/image070.jpg HTTP/1.1" 304 - "-" "Googlebot-Image/1.0"
66.249.69.41 - - [28/Dec/2017:20:42:54 +0100] "GET /aktualis_elemei/bio2szulinap_elemei/image064.jpg HTTP/1.1" 304 - "-" "Googlebot-Image/1.0"
216.244.66.247 - - [28/Dec/2017:20:51:37 +0100] "GET /robots.txt HTTP/1.1" 404 1181 "-" "Mozilla/5.0 (compatible; DotBot/1.1; http://www.opensiteexplorer.org/dotbot, help@moz.com)"
78.92.35.163 - - [28/Dec/2017:21:13:16 +0100] "GET /kiadvany/miabio.pdf HTTP/1.1" 200 11291786 "https://www.google.com/" "Mozilla/5.0 (Windows NT 6.1; Win64; x64; rv:57.0) Gecko/20100101 Firefox/57.0"
78.92.35.163 - - [28/Dec/2017:21:13:22 +0100] "GET /favicon.ico HTTP/1.1" 404 1181 "-" "Mozilla/5.0 (Windows NT 6.1; Win64; x64; rv:57.0) Gecko/20100101 Firefox/57.0"
78.92.35.163 - - [28/Dec/2017:21:13:22 +0100] "GET /kiadvany/miabio.pdf HTTP/1.1" 206 65536 "https://www.google.com/" "Mozilla/5.0 (Windows NT 6.1; Win64; x64; rv:57.0) Gecko/20100101 Firefox/57.0"
207.46.13.146 - - [28/Dec/2017:21:15:10 +0100] "GET / HTTP/1.1" 200 884 "-" "Mozilla/5.0 (compatible; bingbot/2.0; +http://www.bing.com/bingbot.htm)"
207.46.13.146 - - [28/Dec/2017:21:15:13 +0100] "GET /zoldakcio.swf HTTP/1.1" 200 840351 "-" "Mozilla/5.0 (compatible; bingbot/2.0; +http://www.bing.com/bingbot.htm)"
40.77.167.184 - - [28/Dec/2017:21:25:15 +0100] "GET /kiadvany/miabio.pdf HTTP/1.1" 200 10731850 "-" "Mozilla/5.0 (iPhone; CPU iPhone OS 7_0 like Mac OS X) AppleWebKit/537.51.1 (KHTML, like Gecko) Version/7.0 Mobile/11A465 Safari/9537.53 (compatible; bingbot/2.0; +http://www.bing.com/bingbot.htm)"
66.249.69.41 - - [28/Dec/2017:21:40:25 +0100] "GET /aktualis_elemei/bio2szulinap_elemei/image052.jpg HTTP/1.1" 304 - "-" "Googlebot-Image/1.0"
66.249.69.39 - - [28/Dec/2017:22:02:02 +0100] "GET /kiadvany/miskolchvte.pdf HTTP/1.1" 304 - "-" "Mozilla/5.0 (compatible; Googlebot/2.1; +http://www.google.com/bot.html)"
66.249.69.41 - - [28/Dec/2017:22:10:11 +0100] "GET /aktualis_elemei/bio2szulinap_elemei/image024.jpg HTTP/1.1" 304 - "-" "Googlebot-Image/1.0"
216.244.66.247 - - [28/Dec/2017:22:16:44 +0100] "GET /archiv_elemei/acitc.html HTTP/1.1" 200 13312 "-" "Mozilla/5.0 (compatible; DotBot/1.1; http://www.opensiteexplorer.org/dotbot, help@moz.com)"
66.249.69.43 - - [28/Dec/2017:22:27:06 +0100] "GET /aktualis_elemei/bio2szulinap_elemei/image028.jpg HTTP/1.1" 304 - "-" "Googlebot-Image/1.0"
66.249.69.41 - - [28/Dec/2017:22:27:47 +0100] "GET /aktualis_elemei/bio2szulinap_elemei/image136.jpg HTTP/1.1" 304 - "-" "Googlebot-Image/1.0"
66.249.69.41 - - [28/Dec/2017:22:28:28 +0100] "GET /aktualis_elemei/bio2szulinap_elemei/image112.jpg HTTP/1.1" 304 - "-" "Googlebot-Image/1.0"
66.249.69.39 - - [28/Dec/2017:23:01:37 +0100] "GET /aktualis_elemei/bio2szulinap_elemei/image064.jpg HTTP/1.1" 304 - "-" "Googlebot-Image/1.0"
104.131.147.112 - - [28/Dec/2017:23:04:00 +0100] "GET / HTTP/1.1" 200 884 "-" "Mozilla/5.0 (compatible; Gluten Free Crawler/1.0; +http://glutenfreepleasure.com/)"
66.249.69.41 - - [28/Dec/2017:23:07:02 +0100] "GET /aktualis_elemei/bio2szulinap_elemei/image128.jpg HTTP/1.1" 304 - "-" "Googlebot-Image/1.0"
40.77.167.184 - - [28/Dec/2017:23:26:54 +0100] "GET /aktualis_elemei/bio2szulinap_elemei/image074.jpg HTTP/1.1" 200 8857 "-" "Mozilla/5.0 (compatible; bingbot/2.0; +http://www.bing.com/bingbot.htm)"
66.249.69.39 - - [28/Dec/2017:23:28:07 +0100] "GET /aktualis_elemei/bio2szulinap_elemei/image044.jpg HTTP/1.1" 304 - "-" "Googlebot-Image/1.0"
66.249.69.39 - - [28/Dec/2017:23:36:48 +0100] "GET /aktualis_elemei/bio2szulinap_elemei/image036.jpg HTTP/1.1" 304 - "-" "Googlebot-Image/1.0"
66.249.69.73 - - [28/Dec/2017:23:37:29 +0100] "GET /aktualis_elemei/bio2szulinap_elemei/image094.jpg HTTP/1.1" 304 - "-" "Googlebot-Image/1.0"
66.249.69.41 - - [28/Dec/2017:23:38:09 +0100] "GET /aktualis_elemei/bio2szulinap_elemei/image144.jpg HTTP/1.1" 304 - "-" "Googlebot-Image/1.0"
54.36.150.101 - - [28/Dec/2017:23:40:54 +0100] "GET /robots.txt HTTP/1.1" 404 1181 "-" "Mozilla/5.0 (compatible; AhrefsBot/5.2; +http://ahrefs.com/robot/)"
54.36.148.46 - - [28/Dec/2017:23:40:56 +0100] "GET /aktualis_elemei/bioarak%2009.07.html HTTP/1.1" 200 504057 "-" "Mozilla/5.0 (compatible; AhrefsBot/5.2; +http://ahrefs.com/robot/)"
66.249.69.43 - - [28/Dec/2017:23:43:34 +0100] "GET /aktualis_elemei/bio2szulinap_elemei/image124.jpg HTTP/1.1" 304 - "-" "Googlebot-Image/1.0"
66.249.69.41 - - [28/Dec/2017:23:44:15 +0100] "GET /aktualis_elemei/bio2szulinap_elemei/image118.jpg HTTP/1.1" 304 - "-" "Googlebot-Image/1.0"
66.249.69.39 - - [28/Dec/2017:23:48:19 +0100] "GET /aktualis_elemei/bio2szulinap_elemei/image040.jpg HTTP/1.1" 304 - "-" "Googlebot-Image/1.0"
66.249.69.39 - - [28/Dec/2017:23:51:42 +0100] "GET /aktualis_elemei/bio2szulinap_elemei/image062.jpg HTTP/1.1" 304 - "-" "Googlebot-Image/1.0"
104.131.147.112 - - [28/Dec/2017:23:54:54 +0100] "GET / HTTP/1.1" 200 884 "-" "Mozilla/5.0 (compatible; Gluten Free Crawler/1.0; +http://glutenfreepleasure.com/)"
138.201.30.66 - - [28/Dec/2017:23:59:37 +0100] "GET /robots.txt HTTP/1.0" 404 1181 "-" "Mozilla/5.0 (compatible; SEOkicks-Robot; +http://www.seokicks.de/robot.html)"
138.201.30.66 - - [28/Dec/2017:23:59:38 +0100] "GET / HTTP/1.0" 200 884 "-" "Mozilla/5.0 (compatible; SEOkicks-Robot; +http://www.seokicks.de/robot.html)"
66.249.69.43 - - [29/Dec/2017:00:29:35 +0100] "GET /aktualis_elemei/bio2szulinap_elemei/image110.jpg HTTP/1.1" 304 - "-" "Googlebot-Image/1.0"
66.249.69.41 - - [29/Dec/2017:00:30:57 +0100] "GET /aktualis_elemei/bio2szulinap_elemei/image100.jpg HTTP/1.1" 304 - "-" "Googlebot-Image/1.0"
66.249.69.43 - - [29/Dec/2017:01:16:17 +0100] "GET /robots.txt HTTP/1.1" 404 1181 "-" "Mozilla/5.0 (compatible; Googlebot/2.1; +http://www.google.com/bot.html)"
66.249.69.43 - - [29/Dec/2017:01:16:17 +0100] "GET /aktualis_elemei/bio2szulinap_elemei/image104.jpg HTTP/1.1" 304 - "-" "Googlebot-Image/1.0"
66.249.69.39 - - [29/Dec/2017:01:17:38 +0100] "GET /aktualis_elemei/bio2szulinap_elemei/image020.gif HTTP/1.1" 304 - "-" "Googlebot-Image/1.0"
66.249.69.39 - - [29/Dec/2017:01:26:27 +0100] "GET /aktualis_elemei/bio2szulinap_elemei/image052.jpg HTTP/1.1" 304 - "-" "Googlebot-Image/1.0"
40.77.167.117 - - [29/Dec/2017:01:31:05 +0100] "GET /aktualis_elemei/bio2szulinap_elemei/image088.jpg HTTP/1.1" 200 7592 "-" "Mozilla/5.0 (compatible; bingbot/2.0; +http://www.bing.com/bingbot.htm)"
141.8.183.17 - - [29/Dec/2017:01:56:44 +0100] "GET /robots.txt HTTP/1.1" 404 1181 "-" "Mozilla/5.0 (compatible; YandexBot/3.0; +http://yandex.com/bots)"
141.8.183.17 - - [29/Dec/2017:01:56:51 +0100] "GET /kiadvany/miskolchvte.pdf HTTP/1.1" 200 4059249 "-" "Mozilla/5.0 (compatible; YandexBot/3.0; +http://yandex.com/bots)"
66.249.69.41 - - [29/Dec/2017:01:56:55 +0100] "GET /aktualis_elemei/bio2szulinap_elemei/image024.jpg HTTP/1.1" 304 - "-" "Googlebot-Image/1.0"
66.249.69.39 - - [29/Dec/2017:02:02:58 +0100] "GET /aktualis_elemei/bio2szulinap_elemei/image138.jpg HTTP/1.1" 304 - "-" "Googlebot-Image/1.0"
207.46.13.146 - - [29/Dec/2017:02:03:02 +0100] "GET /aktualis_elemei/bio2szulinap_elemei/image130.jpg HTTP/1.1" 200 7636 "-" "Mozilla/5.0 (compatible; bingbot/2.0; +http://www.bing.com/bingbot.htm)"
66.249.69.43 - - [29/Dec/2017:02:05:00 +0100] "GET /aktualis_elemei/bio2szulinap_elemei/image064.jpg HTTP/1.1" 304 - "-" "Googlebot-Image/1.0"
66.249.69.39 - - [29/Dec/2017:02:05:41 +0100] "GET /aktualis_elemei/bio2szulinap_elemei/image128.jpg HTTP/1.1" 304 - "-" "Googlebot-Image/1.0"
131.253.27.127 - - [29/Dec/2017:02:21:27 +0100] "GET /kiadvany/miabio.pdf HTTP/1.1" 200 4284416 "-" "Mozilla/5.0 (iPhone; CPU iPhone OS 7_0 like Mac OS X) AppleWebKit/537.51.1 (KHTML, like Gecko) Version/7.0 Mobile/11A465 Safari/9537.53 BingPreview/1.0b"
42.236.10.75 - - [29/Dec/2017:02:51:27 +0100] "GET / HTTP/1.1" 200 884 "-" "Mozilla/5.0 (Macintosh; Intel Mac OS X 10_9_2) AppleWebKit/537.36 (KHTML, like Gecko) Chrome/38.0.2125.111 Safari/537.36"
66.249.69.41 - - [29/Dec/2017:02:55:05 +0100] "GET /aktualis_elemei/bio2szulinap_elemei/image040.jpg HTTP/1.1" 304 - "-" "Googlebot-Image/1.0"
66.249.69.39 - - [29/Dec/2017:03:05:54 +0100] "GET /aktualis_elemei/bio2szulinap_elemei/image114.jpg HTTP/1.1" 304 - "-" "Googlebot-Image/1.0"
66.249.69.43 - - [29/Dec/2017:03:06:35 +0100] "GET /aktualis_elemei/bio2szulinap_elemei/image084.jpg HTTP/1.1" 304 - "-" "Googlebot-Image/1.0"
66.249.69.43 - - [29/Dec/2017:03:07:15 +0100] "GET /aktualis_elemei/bio2szulinap_elemei/image046.jpg HTTP/1.1" 304 - "-" "Googlebot-Image/1.0"
66.249.69.41 - - [29/Dec/2017:03:07:56 +0100] "GET /aktualis_elemei/bio2szulinap_elemei/image028.jpg HTTP/1.1" 304 - "-" "Googlebot-Image/1.0"
66.249.69.39 - - [29/Dec/2017:03:10:38 +0100] "GET /aktualis_elemei/bio2szulinap_elemei/image126.jpg HTTP/1.1" 304 - "-" "Googlebot-Image/1.0"
42.236.99.230 - - [29/Dec/2017:03:35:43 +0100] "GET / HTTP/1.1" 200 884 "http://www.greenaction.hu/" "Mozilla/5.0 (Windows NT 6.1; WOW64) AppleWebKit/537.36 (KHTML, like Gecko) Chrome/50.0.2661.102 Safari/537.36; 360Spider"
207.46.13.146 - - [29/Dec/2017:03:46:54 +0100] "GET /aktualis_elemei/bio2szulinap_elemei/image112.jpg HTTP/1.1" 200 8269 "-" "Mozilla/5.0 (compatible; bingbot/2.0; +http://www.bing.com/bingbot.htm)"
66.249.69.41 - - [29/Dec/2017:03:48:32 +0100] "GET /aktualis_elemei/bio2szulinap_elemei/image060.jpg HTTP/1.1" 304 - "-" "Googlebot-Image/1.0"
66.249.69.41 - - [29/Dec/2017:04:11:11 +0100] "GET /aktualis_elemei/bio2szulinap_elemei/image020.gif HTTP/1.1" 304 - "-" "Googlebot-Image/1.0"
40.77.167.41 - - [29/Dec/2017:04:37:20 +0100] "GET /aktualis_elemei/bio2szulinap_elemei/image104.jpg HTTP/1.1" 200 8372 "-" "Mozilla/5.0 (compatible; bingbot/2.0; +http://www.bing.com/bingbot.htm)"
66.249.69.41 - - [29/Dec/2017:04:39:17 +0100] "GET /aktualis_elemei/bio2szulinap_elemei/image104.jpg HTTP/1.1" 304 - "-" "Googlebot-Image/1.0"
207.46.13.146 - - [29/Dec/2017:04:47:58 +0100] "GET / HTTP/1.1" 200 884 "-" "Mozilla/5.0 (compatible; bingbot/2.0; +http://www.bing.com/bingbot.htm)"
66.249.69.39 - - [29/Dec/2017:05:14:29 +0100] "GET /aktualis_elemei/bio2szulinap_elemei/image024.jpg HTTP/1.1" 304 - "-" "Googlebot-Image/1.0"
66.249.69.73 - - [29/Dec/2017:05:53:03 +0100] "GET /robots.txt HTTP/1.1" 404 1181 "-" "Mozilla/5.0 (compatible; Googlebot/2.1; +http://www.google.com/bot.html)"
66.249.69.73 - - [29/Dec/2017:05:53:03 +0100] "GET /aktualis_elemei/bio2szulinap_elemei/image106.jpg HTTP/1.1" 304 - "-" "Googlebot-Image/1.0"
46.229.164.99 - - [29/Dec/2017:05:55:31 +0100] "GET /robots.txt HTTP/1.1" 404 1181 "-" "Mozilla/5.0 (compatible; SemrushBot/1.2~bl; +http://www.semrush.com/bot.html)"
157.55.39.174 - - [29/Dec/2017:06:05:40 +0100] "GET /aktualis_elemei/fnhv_elemei/image023.jpg HTTP/1.1" 200 10309 "-" "Mozilla/5.0 (compatible; bingbot/2.0; +http://www.bing.com/bingbot.htm)"
66.249.69.41 - - [29/Dec/2017:06:15:23 +0100] "GET /aktualis_elemei/bio2szulinap_elemei/image128.jpg HTTP/1.1" 304 - "-" "Googlebot-Image/1.0"
123.125.71.40 - - [29/Dec/2017:06:15:40 +0100] "GET / HTTP/1.1" 200 884 "-" "Mozilla/5.0 (compatible; Baiduspider/2.0; +http://www.baidu.com/search/spider.html)"
66.249.69.39 - - [29/Dec/2017:06:18:46 +0100] "GET /aktualis_elemei/bio2szulinap_elemei/image086.jpg HTTP/1.1" 304 - "-" "Googlebot-Image/1.0"
66.249.69.39 - - [29/Dec/2017:06:20:07 +0100] "GET /aktualis_elemei/bio2szulinap_elemei/image038.jpg HTTP/1.1" 304 - "-" "Googlebot-Image/1.0"
80.77.124.233 - - [29/Dec/2017:06:22:07 +0100] "GET /archiv_elemei/acitc.html HTTP/1.1" 200 13312 "-" "Mozilla/5.0 (Windows NT 10.0; Win64; x64) AppleWebKit/537.36 (KHTML, like Gecko) Chrome/62.0.3202.94 Safari/537.36"
80.77.124.233 - - [29/Dec/2017:06:22:27 +0100] "GET / HTTP/1.1" 200 884 "-" "Mozilla/5.0 (Windows NT 10.0; Win64; x64) AppleWebKit/537.36 (KHTML, like Gecko) Chrome/62.0.3202.94 Safari/537.36"
207.46.13.146 - - [29/Dec/2017:06:40:54 +0100] "GET / HTTP/1.1" 200 884 "-" "Mozilla/5.0 (compatible; bingbot/2.0; +http://www.bing.com/bingbot.htm)"
66.249.69.43 - - [29/Dec/2017:06:51:14 +0100] "GET /aktualis_elemei/bio2szulinap_elemei/image046.jpg HTTP/1.1" 304 - "-" "Googlebot-Image/1.0"
66.249.69.41 - - [29/Dec/2017:06:51:55 +0100] "GET /aktualis_elemei/bio2szulinap_elemei/image040.jpg HTTP/1.1" 304 - "-" "Googlebot-Image/1.0"
66.249.69.41 - - [29/Dec/2017:06:56:39 +0100] "GET /aktualis_elemei/bio2szulinap_elemei/image114.jpg HTTP/1.1" 304 - "-" "Googlebot-Image/1.0"
46.229.164.102 - - [29/Dec/2017:06:57:05 +0100] "GET /robots.txt HTTP/1.1" 404 1181 "-" "Mozilla/5.0 (compatible; SemrushBot/1.2~bl; +http://www.semrush.com/bot.html)"
66.249.69.39 - - [29/Dec/2017:06:57:20 +0100] "GET /aktualis_elemei/bio2szulinap_elemei/image110.jpg HTTP/1.1" 304 - "-" "Googlebot-Image/1.0"
66.249.69.41 - - [29/Dec/2017:07:00:43 +0100] "GET /aktualis_elemei/bio2szulinap_elemei/image124.jpg HTTP/1.1" 304 - "-" "Googlebot-Image/1.0"
66.249.69.43 - - [29/Dec/2017:07:01:24 +0100] "GET /aktualis_elemei/bio2szulinap_elemei/image078.jpg HTTP/1.1" 304 - "-" "Googlebot-Image/1.0"
66.249.69.41 - - [29/Dec/2017:07:04:06 +0100] "GET /aktualis_elemei/bio2szulinap_elemei/image002.jpg HTTP/1.1" 304 - "-" "Googlebot-Image/1.0"
66.249.69.41 - - [29/Dec/2017:07:43:21 +0100] "GET /aktualis_elemei/bio2szulinap_elemei/image090.jpg HTTP/1.1" 304 - "-" "Googlebot-Image/1.0"
66.249.69.41 - - [29/Dec/2017:07:45:23 +0100] "GET /aktualis_elemei/bio2szulinap_elemei/image102.jpg HTTP/1.1" 304 - "-" "Googlebot-Image/1.0"
66.249.69.39 - - [29/Dec/2017:07:46:44 +0100] "GET /aktualis_elemei/bio2szulinap_elemei/image004.jpg HTTP/1.1" 304 - "-" "Googlebot-Image/1.0"
66.249.69.41 - - [29/Dec/2017:07:47:24 +0100] "GET /aktualis_elemei/bio2szulinap_elemei/image082.jpg HTTP/1.1" 304 - "-" "Googlebot-Image/1.0"
66.249.69.43 - - [29/Dec/2017:07:48:05 +0100] "GET /aktualis_elemei/bio2szulinap_elemei/image130.jpg HTTP/1.1" 304 - "-" "Googlebot-Image/1.0"
66.249.69.39 - - [29/Dec/2017:07:57:02 +0100] "GET /aktualis_elemei/bio2szulinap_elemei/image114.jpg HTTP/1.1" 304 - "-" "Googlebot-Image/1.0"
66.249.69.39 - - [29/Dec/2017:07:58:55 +0100] "GET /aktualis_elemei/bio2szulinap_elemei/image064.jpg HTTP/1.1" 304 - "-" "Googlebot-Image/1.0"
207.46.13.73 - - [29/Dec/2017:08:26:45 +0100] "GET /robots.txt HTTP/1.1" 404 1181 "-" "Mozilla/5.0 (compatible; bingbot/2.0; +http://www.bing.com/bingbot.htm)"
207.46.13.146 - - [29/Dec/2017:08:26:51 +0100] "GET /aktualis_elemei/bio2szulinap_elemei/image118.jpg HTTP/1.1" 200 9292 "-" "Mozilla/5.0 (compatible; bingbot/2.0; +http://www.bing.com/bingbot.htm)"
207.46.13.146 - - [29/Dec/2017:08:29:11 +0100] "GET /aktualis_elemei/bio2szulinap_elemei/image080.jpg HTTP/1.1" 200 9907 "-" "Mozilla/5.0 (compatible; bingbot/2.0; +http://www.bing.com/bingbot.htm)"
69.30.198.202 - - [29/Dec/2017:08:48:25 +0100] "GET /robots.txt HTTP/1.1" 404 1181 "-" "Mozilla/5.0 (compatible; MJ12bot/v1.4.8; http://mj12bot.com/)"
69.30.198.202 - - [29/Dec/2017:08:48:50 +0100] "GET /aktualis_elemei/bparak0908.html HTTP/1.1" 200 63132 "-" "Mozilla/5.0 (compatible; MJ12bot/v1.4.8; http://mj12bot.com/)"
69.30.198.202 - - [29/Dec/2017:08:49:22 +0100] "GET /aktualis_elemei/bparak0929.html HTTP/1.1" 200 105768 "-" "Mozilla/5.0 (compatible; MJ12bot/v1.4.8; http://mj12bot.com/)"
66.249.69.43 - - [29/Dec/2017:09:14:09 +0100] "GET /aktualis_elemei/bio2szulinap_elemei/image058.jpg HTTP/1.1" 304 - "-" "Googlebot-Image/1.0"
66.249.69.43 - - [29/Dec/2017:09:20:59 +0100] "GET /aktualis_elemei/bio2szulinap_elemei/image056.jpg HTTP/1.1" 304 - "-" "Googlebot-Image/1.0"
54.36.148.206 - - [29/Dec/2017:09:23:51 +0100] "GET /aktualis_elemei/baloghjanos.html HTTP/1.1" 200 15294 "-" "Mozilla/5.0 (compatible; AhrefsBot/5.2; +http://ahrefs.com/robot/)"
66.249.69.41 - - [29/Dec/2017:09:24:24 +0100] "GET /aktualis_elemei/bio2szulinap_elemei/image014.jpg HTTP/1.1" 304 - "-" "Googlebot-Image/1.0"
66.249.69.43 - - [29/Dec/2017:09:27:49 +0100] "GET /aktualis_elemei/bio2szulinap_elemei/image016.jpg HTTP/1.1" 304 - "-" "Googlebot-Image/1.0"
66.249.69.41 - - [29/Dec/2017:09:31:15 +0100] "GET /aktualis_elemei/bio2szulinap_elemei/image012.jpg HTTP/1.1" 304 - "-" "Googlebot-Image/1.0"
66.249.69.39 - - [29/Dec/2017:09:33:44 +0100] "GET /aktualis_elemei/bio2szulinap_elemei/image120.jpg HTTP/1.1" 304 - "-" "Googlebot-Image/1.0"
66.249.69.39 - - [29/Dec/2017:09:36:41 +0100] "GET /aktualis_elemei/bio2szulinap_elemei/image050.jpg HTTP/1.1" 304 - "-" "Googlebot-Image/1.0"
66.249.69.39 - - [29/Dec/2017:09:39:09 +0100] "GET /aktualis_elemei/bio2szulinap_elemei/image080.jpg HTTP/1.1" 304 - "-" "Googlebot-Image/1.0"
66.249.69.41 - - [29/Dec/2017:09:39:38 +0100] "GET /aktualis_elemei/bio2szulinap_elemei/image048.jpg HTTP/1.1" 304 - "-" "Googlebot-Image/1.0"
66.249.69.39 - - [29/Dec/2017:09:42:57 +0100] "GET /aktualis_elemei/bio2szulinap_elemei/image122.jpg HTTP/1.1" 304 - "-" "Googlebot-Image/1.0"
66.249.69.41 - - [29/Dec/2017:09:46:16 +0100] "GET /aktualis_elemei/bio2szulinap_elemei/image072.jpg HTTP/1.1" 304 - "-" "Googlebot-Image/1.0"
66.249.69.43 - - [29/Dec/2017:09:49:35 +0100] "GET /aktualis_elemei/bio2szulinap_elemei/image134.jpg HTTP/1.1" 304 - "-" "Googlebot-Image/1.0"
66.249.69.43 - - [29/Dec/2017:09:52:54 +0100] "GET /aktualis_elemei/bio2szulinap_elemei/image018.gif HTTP/1.1" 304 - "-" "Googlebot-Image/1.0"
