199.30.24.212 - - [05/Dec/2017:07:52:41 +0100] "GET /hirek/beno.jpg HTTP/1.1" 200 2623 "http://www.greenaction.hu/zoldakcio.swf" "Mozilla/5.0 (iPhone; CPU iPhone OS 7_0 like Mac OS X) AppleWebKit/537.51.1 (KHTML, like Gecko) Version/7.0 Mobile/11A465 Safari/9537.53 BingPreview/1.0b"
199.30.24.212 - - [05/Dec/2017:07:52:41 +0100] "GET /hirek/nullahullakovesd%20011.jpg HTTP/1.1" 200 8674 "http://www.greenaction.hu/zoldakcio.swf" "Mozilla/5.0 (iPhone; CPU iPhone OS 7_0 like Mac OS X) AppleWebKit/537.51.1 (KHTML, like Gecko) Version/7.0 Mobile/11A465 Safari/9537.53 BingPreview/1.0b"
199.30.24.212 - - [05/Dec/2017:07:52:41 +0100] "GET /hirek/foldnapja.jpg HTTP/1.1" 200 4081 "http://www.greenaction.hu/zoldakcio.swf" "Mozilla/5.0 (iPhone; CPU iPhone OS 7_0 like Mac OS X) AppleWebKit/537.51.1 (KHTML, like Gecko) Version/7.0 Mobile/11A465 Safari/9537.53 BingPreview/1.0b"
199.30.24.212 - - [05/Dec/2017:07:52:41 +0100] "GET /hirek/foldnap2010.jpg HTTP/1.1" 200 7191 "http://www.greenaction.hu/zoldakcio.swf" "Mozilla/5.0 (iPhone; CPU iPhone OS 7_0 like Mac OS X) AppleWebKit/537.51.1 (KHTML, like Gecko) Version/7.0 Mobile/11A465 Safari/9537.53 BingPreview/1.0b"
199.30.24.212 - - [05/Dec/2017:07:52:41 +0100] "GET /hirek/gmoevo.jpg HTTP/1.1" 200 2951 "http://www.greenaction.hu/zoldakcio.swf" "Mozilla/5.0 (iPhone; CPU iPhone OS 7_0 like Mac OS X) AppleWebKit/537.51.1 (KHTML, like Gecko) Version/7.0 Mobile/11A465 Safari/9537.53 BingPreview/1.0b"
199.30.24.212 - - [05/Dec/2017:07:52:42 +0100] "GET /hirek/gmofree.gif HTTP/1.1" 404 1181 "http://www.greenaction.hu/zoldakcio.swf" "Mozilla/5.0 (iPhone; CPU iPhone OS 7_0 like Mac OS X) AppleWebKit/537.51.1 (KHTML, like Gecko) Version/7.0 Mobile/11A465 Safari/9537.53 BingPreview/1.0b"
199.30.24.212 - - [05/Dec/2017:07:52:43 +0100] "GET /hirek/torta.jpg HTTP/1.1" 404 1181 "http://www.greenaction.hu/zoldakcio.swf" "Mozilla/5.0 (iPhone; CPU iPhone OS 7_0 like Mac OS X) AppleWebKit/537.51.1 (KHTML, like Gecko) Version/7.0 Mobile/11A465 Safari/9537.53 BingPreview/1.0b"
199.30.24.212 - - [05/Dec/2017:07:52:43 +0100] "GET /hirek/paprika.jpg HTTP/1.1" 404 1181 "http://www.greenaction.hu/zoldakcio.swf" "Mozilla/5.0 (iPhone; CPU iPhone OS 7_0 like Mac OS X) AppleWebKit/537.51.1 (KHTML, like Gecko) Version/7.0 Mobile/11A465 Safari/9537.53 BingPreview/1.0b"
199.30.24.212 - - [05/Dec/2017:07:52:43 +0100] "GET /hirek/abauji.jpg HTTP/1.1" 200 21716 "http://www.greenaction.hu/zoldakcio.swf" "Mozilla/5.0 (iPhone; CPU iPhone OS 7_0 like Mac OS X) AppleWebKit/537.51.1 (KHTML, like Gecko) Version/7.0 Mobile/11A465 Safari/9537.53 BingPreview/1.0b"
199.30.24.212 - - [05/Dec/2017:07:52:44 +0100] "GET /hirek/benzinpisztoly.jpg HTTP/1.1" 200 2317 "http://www.greenaction.hu/zoldakcio.swf" "Mozilla/5.0 (iPhone; CPU iPhone OS 7_0 like Mac OS X) AppleWebKit/537.51.1 (KHTML, like Gecko) Version/7.0 Mobile/11A465 Safari/9537.53 BingPreview/1.0b"
199.30.24.212 - - [05/Dec/2017:07:52:44 +0100] "GET /hirek/marhafej.jpg HTTP/1.1" 200 3545 "http://www.greenaction.hu/zoldakcio.swf" "Mozilla/5.0 (iPhone; CPU iPhone OS 7_0 like Mac OS X) AppleWebKit/537.51.1 (KHTML, like Gecko) Version/7.0 Mobile/11A465 Safari/9537.53 BingPreview/1.0b"
199.30.24.212 - - [05/Dec/2017:07:52:44 +0100] "GET /hirek/zoldseg.jpg HTTP/1.1" 404 1181 "http://www.greenaction.hu/zoldakcio.swf" "Mozilla/5.0 (iPhone; CPU iPhone OS 7_0 like Mac OS X) AppleWebKit/537.51.1 (KHTML, like Gecko) Version/7.0 Mobile/11A465 Safari/9537.53 BingPreview/1.0b"
199.30.24.212 - - [05/Dec/2017:07:52:44 +0100] "GET /hirek/citrom.jpg HTTP/1.1" 200 11781 "http://www.greenaction.hu/zoldakcio.swf" "Mozilla/5.0 (iPhone; CPU iPhone OS 7_0 like Mac OS X) AppleWebKit/537.51.1 (KHTML, like Gecko) Version/7.0 Mobile/11A465 Safari/9537.53 BingPreview/1.0b"
199.30.24.212 - - [05/Dec/2017:07:52:45 +0100] "GET /hirek/adventikoszoru.jpg HTTP/1.1" 200 5581 "http://www.greenaction.hu/zoldakcio.swf" "Mozilla/5.0 (iPhone; CPU iPhone OS 7_0 like Mac OS X) AppleWebKit/537.51.1 (KHTML, like Gecko) Version/7.0 Mobile/11A465 Safari/9537.53 BingPreview/1.0b"
199.30.24.212 - - [05/Dec/2017:07:52:45 +0100] "GET /hirek/naposoldal.jpg HTTP/1.1" 200 10106 "http://www.greenaction.hu/zoldakcio.swf" "Mozilla/5.0 (iPhone; CPU iPhone OS 7_0 like Mac OS X) AppleWebKit/537.51.1 (KHTML, like Gecko) Version/7.0 Mobile/11A465 Safari/9537.53 BingPreview/1.0b"
199.30.24.212 - - [05/Dec/2017:07:52:45 +0100] "GET /hirek/encsgyumi.jpg HTTP/1.1" 200 13077 "http://www.greenaction.hu/zoldakcio.swf" "Mozilla/5.0 (iPhone; CPU iPhone OS 7_0 like Mac OS X) AppleWebKit/537.51.1 (KHTML, like Gecko) Version/7.0 Mobile/11A465 Safari/9537.53 BingPreview/1.0b"
199.30.24.212 - - [05/Dec/2017:07:52:46 +0100] "GET /hirek/gyurgyalag.jpg HTTP/1.1" 200 2435 "http://www.greenaction.hu/zoldakcio.swf" "Mozilla/5.0 (iPhone; CPU iPhone OS 7_0 like Mac OS X) AppleWebKit/537.51.1 (KHTML, like Gecko) Version/7.0 Mobile/11A465 Safari/9537.53 BingPreview/1.0b"
199.30.24.212 - - [05/Dec/2017:07:52:46 +0100] "GET /hirek/encs.jpg HTTP/1.1" 200 12831 "http://www.greenaction.hu/zoldakcio.swf" "Mozilla/5.0 (iPhone; CPU iPhone OS 7_0 like Mac OS X) AppleWebKit/537.51.1 (KHTML, like Gecko) Version/7.0 Mobile/11A465 Safari/9537.53 BingPreview/1.0b"
199.30.24.212 - - [05/Dec/2017:07:52:46 +0100] "GET /hirek/terelo.jpg HTTP/1.1" 200 10975 "http://www.greenaction.hu/zoldakcio.swf" "Mozilla/5.0 (iPhone; CPU iPhone OS 7_0 like Mac OS X) AppleWebKit/537.51.1 (KHTML, like Gecko) Version/7.0 Mobile/11A465 Safari/9537.53 BingPreview/1.0b"
199.30.24.212 - - [05/Dec/2017:07:52:47 +0100] "GET /hirek/varboibekak2011.jpg HTTP/1.1" 200 9200 "http://www.greenaction.hu/zoldakcio.swf" "Mozilla/5.0 (iPhone; CPU iPhone OS 7_0 like Mac OS X) AppleWebKit/537.51.1 (KHTML, like Gecko) Version/7.0 Mobile/11A465 Safari/9537.53 BingPreview/1.0b"
199.30.24.212 - - [05/Dec/2017:07:52:47 +0100] "GET /hirek/mctermeloipiac.jpg HTTP/1.1" 200 3752 "http://www.greenaction.hu/zoldakcio.swf" "Mozilla/5.0 (iPhone; CPU iPhone OS 7_0 like Mac OS X) AppleWebKit/537.51.1 (KHTML, like Gecko) Version/7.0 Mobile/11A465 Safari/9537.53 BingPreview/1.0b"
199.30.24.212 - - [05/Dec/2017:07:52:48 +0100] "GET /hirek/1%20szazalek.jpg HTTP/1.1" 200 16636 "http://www.greenaction.hu/zoldakcio.swf" "Mozilla/5.0 (iPhone; CPU iPhone OS 7_0 like Mac OS X) AppleWebKit/537.51.1 (KHTML, like Gecko) Version/7.0 Mobile/11A465 Safari/9537.53 BingPreview/1.0b"
199.30.24.212 - - [05/Dec/2017:07:52:48 +0100] "GET /hirek/viz.jpg HTTP/1.1" 200 2622 "http://www.greenaction.hu/zoldakcio.swf" "Mozilla/5.0 (iPhone; CPU iPhone OS 7_0 like Mac OS X) AppleWebKit/537.51.1 (KHTML, like Gecko) Version/7.0 Mobile/11A465 Safari/9537.53 BingPreview/1.0b"
199.30.24.212 - - [05/Dec/2017:07:52:48 +0100] "GET /hirek/bioszulinap2011.jpg HTTP/1.1" 200 17649 "http://www.greenaction.hu/zoldakcio.swf" "Mozilla/5.0 (iPhone; CPU iPhone OS 7_0 like Mac OS X) AppleWebKit/537.51.1 (KHTML, like Gecko) Version/7.0 Mobile/11A465 Safari/9537.53 BingPreview/1.0b"
157.55.39.74 - - [05/Dec/2017:07:55:24 +0100] "GET /aktualis.html HTTP/1.1" 200 104235 "-" "Mozilla/5.0 (iPhone; CPU iPhone OS 7_0 like Mac OS X) AppleWebKit/537.51.1 (KHTML, like Gecko) Version/7.0 Mobile/11A465 Safari/9537.53 (compatible; bingbot/2.0; +http://www.bing.com/bingbot.htm)"
66.249.70.7 - - [05/Dec/2017:07:55:36 +0100] "GET /aktualis_elemei/bio2szulinap_elemei/image090.jpg HTTP/1.1" 304 - "-" "Googlebot-Image/1.0"
157.55.39.74 - - [05/Dec/2017:08:11:14 +0100] "GET /aktualis_elemei/bio2szulinap_elemei/image048.jpg HTTP/1.1" 200 13760 "-" "Mozilla/5.0 (compatible; bingbot/2.0; +http://www.bing.com/bingbot.htm)"
157.55.39.249 - - [05/Dec/2017:08:28:07 +0100] "GET / HTTP/1.1" 200 884 "-" "Mozilla/5.0 (compatible; bingbot/2.0; +http://www.bing.com/bingbot.htm)"
157.55.39.42 - - [05/Dec/2017:09:13:34 +0100] "GET /robots.txt HTTP/1.1" 404 1181 "-" "Mozilla/5.0 (compatible; bingbot/2.0; +http://www.bing.com/bingbot.htm)"
46.118.121.38 - - [05/Dec/2017:09:25:24 +0100] "GET / HTTP/1.1" 200 884 "http://y8games-free.com/" "Mozilla/4.0 (compatible; MSIE 7.0b; Windows NT 6.0 ; .NET CLR 2.0.50215; SL Commerce Client v1.0; Tablet PC 2.0"
46.118.121.38 - - [05/Dec/2017:09:25:25 +0100] "GET / HTTP/1.1" 200 884 "http://y8games-free.com/" "Mozilla/4.0 (compatible; MSIE 7.0b; Windows NT 6.0 ; .NET CLR 2.0.50215; SL Commerce Client v1.0; Tablet PC 2.0"
40.77.167.25 - - [05/Dec/2017:09:28:55 +0100] "GET /aktualis_elemei/bio2szulinap_elemei/image108.jpg HTTP/1.1" 200 9238 "-" "Mozilla/5.0 (compatible; bingbot/2.0; +http://www.bing.com/bingbot.htm)"
158.69.251.119 - - [05/Dec/2017:09:51:07 +0100] "GET /robots.txt HTTP/1.1" 404 1181 "-" "Mozilla/5.0 (compatible; MJ12bot/v1.4.7; http://mj12bot.com/)"
158.69.251.119 - - [05/Dec/2017:09:51:12 +0100] "GET / HTTP/1.1" 200 884 "-" "Mozilla/5.0 (compatible; MJ12bot/v1.4.7; http://mj12bot.com/)"
158.69.251.119 - - [05/Dec/2017:09:51:21 +0100] "GET / HTTP/1.1" 200 884 "-" "Mozilla/5.0 (compatible; MJ12bot/v1.4.7; http://mj12bot.com/)"
158.69.251.119 - - [05/Dec/2017:09:51:29 +0100] "GET / HTTP/1.1" 200 884 "-" "Mozilla/5.0 (compatible; MJ12bot/v1.4.7; http://mj12bot.com/)"
46.118.157.50 - - [05/Dec/2017:09:55:35 +0100] "GET / HTTP/1.1" 200 884 "https://alldezservice.kz/" "Mozilla/1.22 (compatible; MSIE 2.0d; Windows NT)"
46.118.157.50 - - [05/Dec/2017:09:55:35 +0100] "GET / HTTP/1.1" 200 884 "https://alldezservice.kz/" "Mozilla/1.22 (compatible; MSIE 2.0d; Windows NT)"
46.118.157.50 - - [05/Dec/2017:09:55:35 +0100] "GET / HTTP/1.1" 200 884 "https://alldezservice.kz/" "Mozilla/1.22 (compatible; MSIE 2.0d; Windows NT)"
207.46.13.76 - - [05/Dec/2017:10:24:01 +0100] "GET /robots.txt HTTP/1.1" 404 1181 "-" "Mozilla/5.0 (compatible; bingbot/2.0; +http://www.bing.com/bingbot.htm)"
180.76.15.22 - - [05/Dec/2017:11:22:07 +0100] "GET /hirek/fn_reszletes.pdf HTTP/1.1" 200 195567 "-" "Mozilla/5.0 (compatible; Baiduspider/2.0; +http://www.baidu.com/search/spider.html)"
157.55.39.249 - - [05/Dec/2017:11:53:07 +0100] "GET /aktualis_elemei/bekamentes_elemei/image009.jpg HTTP/1.1" 200 11140 "-" "Mozilla/5.0 (compatible; bingbot/2.0; +http://www.bing.com/bingbot.htm)"
163.172.68.99 - - [05/Dec/2017:12:09:00 +0100] "GET / HTTP/1.1" 200 884 "-" "Mozilla/5.0 ((Windows; U; Windows NT 6.1; fr; rv:1.9.2) Gecko/20100115 Firefox/3.6)"
66.249.70.9 - - [05/Dec/2017:12:22:57 +0100] "GET /robots.txt HTTP/1.1" 404 1181 "-" "Mozilla/5.0 (compatible; Googlebot/2.1; +http://www.google.com/bot.html)"
66.249.70.9 - - [05/Dec/2017:12:22:58 +0100] "GET /aktualis_elemei/bio2szulinap_elemei/image058.jpg HTTP/1.1" 304 - "-" "Googlebot-Image/1.0"
217.182.132.59 - - [05/Dec/2017:12:26:04 +0100] "GET /aktualis_elemei/3.%20bioszulinap.html HTTP/1.1" 200 19660 "-" "Mozilla/5.0 (compatible; AhrefsBot/5.2; +http://ahrefs.com/robot/)"
93.175.200.101 - - [05/Dec/2017:12:36:56 +0100] "GET / HTTP/1.1" 200 884 "-" "Mozilla/4.0 (compatible; MSIE 5.0; Windows NT; DigExt; DTS Agent"
40.77.167.25 - - [05/Dec/2017:12:43:37 +0100] "GET /aktualis_elemei/bio2szulinap_elemei/image090.jpg HTTP/1.1" 200 7132 "-" "Mozilla/5.0 (compatible; bingbot/2.0; +http://www.bing.com/bingbot.htm)"
81.182.83.123 - - [05/Dec/2017:12:47:19 +0100] "GET /wp-login.php HTTP/1.1" 404 1181 "-" "Mozilla/5.0 (Windows NT 6.1; WOW64; rv:40.0) Gecko/20100101 Firefox/40.1"
81.182.83.123 - - [05/Dec/2017:12:47:20 +0100] "GET / HTTP/1.1" 200 884 "-" "Mozilla/5.0 (Windows NT 6.1; WOW64; rv:40.0) Gecko/20100101 Firefox/40.1"
77.111.91.248 - - [05/Dec/2017:12:53:33 +0100] "GET /archiv_elemei/acitc.html HTTP/1.1" 200 13312 "-" "Mozilla/5.0 (Windows NT 10.0; Win64; x64) AppleWebKit/537.36 (KHTML, like Gecko) Chrome/62.0.3202.94 Safari/537.36"
77.111.91.248 - - [05/Dec/2017:12:53:38 +0100] "GET / HTTP/1.1" 200 884 "-" "Mozilla/5.0 (Windows NT 10.0; Win64; x64) AppleWebKit/537.36 (KHTML, like Gecko) Chrome/62.0.3202.94 Safari/537.36"
188.163.73.8 - - [05/Dec/2017:12:56:31 +0100] "GET / HTTP/1.1" 200 884 "http://www.mex-annushka.ru/" "Mozilla/4.0 (compatible; MSIE 6.0; Windows NT 5.0)"
188.163.73.8 - - [05/Dec/2017:12:56:31 +0100] "GET / HTTP/1.1" 200 884 "http://www.mex-annushka.ru/" "Mozilla/4.0 (compatible; MSIE 6.0; Windows NT 5.0)"
188.163.73.8 - - [05/Dec/2017:12:56:32 +0100] "GET / HTTP/1.1" 200 884 "http://www.mex-annushka.ru/" "Mozilla/4.0 (compatible; MSIE 6.0; Windows NT 5.0)"
40.77.167.78 - - [05/Dec/2017:13:07:26 +0100] "GET /kiadvany/miabio.pdf HTTP/1.1" 200 10732636 "-" "Mozilla/5.0 (iPhone; CPU iPhone OS 7_0 like Mac OS X) AppleWebKit/537.51.1 (KHTML, like Gecko) Version/7.0 Mobile/11A465 Safari/9537.53 (compatible; bingbot/2.0; +http://www.bing.com/bingbot.htm)"
145.239.72.220 - - [05/Dec/2017:13:58:54 +0100] "GET / HTTP/1.1" 200 884 "-" "Mozilla/5.0 (Windows NT 10.0; WOW64) AppleWebKit/537.36 (KHTML, like Gecko) Chrome/52.0.2743.116 Safari/537.36"
46.118.157.50 - - [05/Dec/2017:14:02:48 +0100] "GET / HTTP/1.1" 200 884 "http://aktobe.xxxkaz.org/" "Mozilla/4.0 (compatible; MSIE 6.0; Windows NT 5.2; Win64; AMD64)"
46.118.157.50 - - [05/Dec/2017:14:02:48 +0100] "GET / HTTP/1.1" 200 884 "http://aktobe.xxxkaz.org/" "Mozilla/4.0 (compatible; MSIE 6.0; Windows NT 5.2; Win64; AMD64)"
46.118.157.50 - - [05/Dec/2017:14:02:51 +0100] "GET / HTTP/1.1" 200 884 "http://aktobe.xxxkaz.org/" "Mozilla/4.0 (compatible; MSIE 6.0; Windows NT 5.2; Win64; AMD64)"
188.163.73.8 - - [05/Dec/2017:14:35:14 +0100] "GET / HTTP/1.1" 200 884 "https://resant.ru/bezopasnoe-ispolzovanie-kart-tinkoff-bank.html" "Mozilla/4.0 (compatible; MSIE 6.0; Windows NT 5.1; .NET CLR 1.1.4322)"
40.77.178.137 - - [05/Dec/2017:15:18:40 +0100] "GET /kiadvany/miabio.pdf HTTP/1.1" 200 4332030 "-" "Mozilla/5.0 (iPhone; CPU iPhone OS 7_0 like Mac OS X) AppleWebKit/537.51.1 (KHTML, like Gecko) Version/7.0 Mobile/11A465 Safari/9537.53 BingPreview/1.0b"
40.77.167.25 - - [05/Dec/2017:16:05:55 +0100] "GET /aktualis_elemei/katonai.html HTTP/1.1" 200 22109 "-" "Mozilla/5.0 (iPhone; CPU iPhone OS 7_0 like Mac OS X) AppleWebKit/537.51.1 (KHTML, like Gecko) Version/7.0 Mobile/11A465 Safari/9537.53 (compatible; bingbot/2.0; +http://www.bing.com/bingbot.htm)"
66.249.70.7 - - [05/Dec/2017:16:59:41 +0100] "GET /aktualis_elemei/bio2szulinap_elemei/image032.jpg HTTP/1.1" 304 - "-" "Googlebot-Image/1.0"
82.196.6.19 - - [05/Dec/2017:17:44:41 +0100] "GET /robots.txt HTTP/1.0" 404 1181 "-" "SafeDNSBot (https://www.safedns.com/searchbot)"
82.196.6.19 - - [05/Dec/2017:17:44:41 +0100] "GET / HTTP/1.0" 200 884 "-" "SafeDNSBot (https://www.safedns.com/searchbot)"
82.196.6.19 - - [05/Dec/2017:17:47:40 +0100] "GET /robots.txt HTTP/1.0" 404 1181 "-" "SafeDNSBot (https://www.safedns.com/searchbot)"
82.196.6.19 - - [05/Dec/2017:17:47:40 +0100] "GET / HTTP/1.0" 200 884 "-" "SafeDNSBot (https://www.safedns.com/searchbot)"
46.118.157.50 - - [05/Dec/2017:17:59:52 +0100] "GET / HTTP/1.1" 200 884 "http://profhelp.net/" "Mozilla/2.0 (compatible; MSIE 3.02; Windows CE; 240x320)"
46.118.157.50 - - [05/Dec/2017:17:59:52 +0100] "GET / HTTP/1.1" 200 884 "http://profhelp.net/" "Mozilla/2.0 (compatible; MSIE 3.02; Windows CE; 240x320)"
46.118.157.50 - - [05/Dec/2017:17:59:52 +0100] "GET / HTTP/1.1" 200 884 "http://profhelp.net/" "Mozilla/2.0 (compatible; MSIE 3.02; Windows CE; 240x320)"
66.249.70.9 - - [05/Dec/2017:18:23:35 +0100] "GET /aktualis_elemei/bio2szulinap_elemei/image130.jpg HTTP/1.1" 304 - "-" "Googlebot-Image/1.0"
176.63.24.11 - - [05/Dec/2017:18:39:46 +0100] "GET /aktualis_elemei/bio2szulinap_elemei/image092.jpg HTTP/1.1" 200 7352 "https://www.google.hu/" "Mozilla/5.0 (Windows NT 6.1; Win64; x64; rv:57.0) Gecko/20100101 Firefox/57.0"
66.249.70.9 - - [05/Dec/2017:18:45:29 +0100] "GET /aktualis_elemei/bio2szulinap_elemei/image116.jpg HTTP/1.1" 304 - "-" "Googlebot-Image/1.0"
66.249.70.9 - - [05/Dec/2017:19:11:02 +0100] "GET /aktualis_elemei/bio2szulinap_elemei/image056.jpg HTTP/1.1" 304 - "-" "Googlebot-Image/1.0"
66.249.70.9 - - [05/Dec/2017:19:14:41 +0100] "GET /aktualis_elemei/bio2szulinap_elemei/image064.jpg HTTP/1.1" 304 - "-" "Googlebot-Image/1.0"
66.249.70.7 - - [05/Dec/2017:19:18:20 +0100] "GET /aktualis_elemei/bio2szulinap_elemei/image124.jpg HTTP/1.1" 304 - "-" "Googlebot-Image/1.0"
52.17.180.237 - - [05/Dec/2017:19:19:11 +0100] "HEAD / HTTP/1.1" 200 0 "-" "Mozilla/5.0 (compatible; JobKereso; +https://www.kozvetlen-allasok.hu/robot.jsp info@kozvetlen-allasok.hu)"
52.17.180.237 - - [05/Dec/2017:19:19:11 +0100] "GET /robots.txt HTTP/1.1" 404 1181 "-" "Mozilla/5.0 (compatible; JobKereso; +https://www.kozvetlen-allasok.hu/robot.jsp info@kozvetlen-allasok.hu)"
52.17.180.237 - - [05/Dec/2017:19:19:12 +0100] "HEAD / HTTP/1.1" 200 0 "-" "Mozilla/5.0 (compatible; JobKereso; +https://www.kozvetlen-allasok.hu/robot.jsp info@kozvetlen-allasok.hu)"
52.17.180.237 - - [05/Dec/2017:19:19:12 +0100] "GET / HTTP/1.1" 200 884 "-" "Mozilla/5.0 (compatible; JobKereso; +https://www.kozvetlen-allasok.hu/robot.jsp info@kozvetlen-allasok.hu)"
52.17.180.237 - - [05/Dec/2017:19:19:12 +0100] "HEAD /favicon.ico HTTP/1.1" 404 0 "https://www.kozvetlen-allasok.hu" "Mozilla/5.0 (compatible; JobKeresoBot; +https://www.kozvetlen-allasok.hu/help.jsp; info@kozvetlen-allasok.hu; 5.0"
66.249.70.11 - - [05/Dec/2017:19:29:19 +0100] "GET /aktualis_elemei/bio2szulinap_elemei/image092.jpg HTTP/1.1" 304 - "-" "Googlebot-Image/1.0"
144.217.163.54 - - [05/Dec/2017:19:31:19 +0100] "GET / HTTP/1.1" 200 884 "-" "Mozilla/5.0 (Windows NT 10.0; WOW64) AppleWebKit/537.36 (KHTML, like Gecko) Chrome/52.0.2743.116 Safari/537.36"
66.249.70.9 - - [05/Dec/2017:19:33:27 +0100] "GET /aktualis_elemei/bio2szulinap_elemei/image144.jpg HTTP/1.1" 304 - "-" "Googlebot-Image/1.0"
157.55.39.42 - - [05/Dec/2017:19:33:50 +0100] "GET /aktualis_elemei/bparak0929.html HTTP/1.1" 200 105768 "-" "Mozilla/5.0 (iPhone; CPU iPhone OS 7_0 like Mac OS X) AppleWebKit/537.51.1 (KHTML, like Gecko) Version/7.0 Mobile/11A465 Safari/9537.53 (compatible; bingbot/2.0; +http://www.bing.com/bingbot.htm)"
66.249.70.11 - - [05/Dec/2017:19:36:20 +0100] "GET /aktualis_elemei/bio2szulinap_elemei/image104.jpg HTTP/1.1" 304 - "-" "Googlebot-Image/1.0"
52.208.222.244 - - [05/Dec/2017:19:37:40 +0100] "HEAD / HTTP/1.1" 200 0 "-" "Mozilla/5.0 (compatible; JobKereso; +https://www.kozvetlen-allasok.hu/robot.jsp info@kozvetlen-allasok.hu)"
52.208.222.244 - - [05/Dec/2017:19:37:40 +0100] "GET /robots.txt HTTP/1.1" 404 1181 "-" "Mozilla/5.0 (compatible; JobKereso; +https://www.kozvetlen-allasok.hu/robot.jsp info@kozvetlen-allasok.hu)"
52.208.222.244 - - [05/Dec/2017:19:37:40 +0100] "HEAD / HTTP/1.1" 200 0 "-" "Mozilla/5.0 (compatible; JobKereso; +https://www.kozvetlen-allasok.hu/robot.jsp info@kozvetlen-allasok.hu)"
52.208.222.244 - - [05/Dec/2017:19:37:40 +0100] "GET / HTTP/1.1" 200 884 "-" "Mozilla/5.0 (compatible; JobKereso; +https://www.kozvetlen-allasok.hu/robot.jsp info@kozvetlen-allasok.hu)"
52.208.222.244 - - [05/Dec/2017:19:37:40 +0100] "HEAD /favicon.ico HTTP/1.1" 404 0 "https://www.kozvetlen-allasok.hu" "Mozilla/5.0 (compatible; JobKeresoBot; +https://www.kozvetlen-allasok.hu/help.jsp; info@kozvetlen-allasok.hu; 5.0"
66.249.70.11 - - [05/Dec/2017:19:40:23 +0100] "GET /aktualis_elemei/bio2szulinap_elemei/image088.jpg HTTP/1.1" 304 - "-" "Googlebot-Image/1.0"
66.249.70.11 - - [05/Dec/2017:19:42:16 +0100] "GET /aktualis_elemei/bio2szulinap_elemei/image014.jpg HTTP/1.1" 304 - "-" "Googlebot-Image/1.0"
66.249.70.7 - - [05/Dec/2017:19:45:08 +0100] "GET /aktualis_elemei/bio2szulinap_elemei/image026.jpg HTTP/1.1" 304 - "-" "Googlebot-Image/1.0"
66.249.70.9 - - [05/Dec/2017:19:47:56 +0100] "GET /aktualis_elemei/bio2szulinap_elemei/image128.jpg HTTP/1.1" 304 - "-" "Googlebot-Image/1.0"
157.55.39.42 - - [05/Dec/2017:19:51:23 +0100] "GET /robots.txt HTTP/1.1" 404 1181 "-" "Mozilla/5.0 (compatible; bingbot/2.0; +http://www.bing.com/bingbot.htm)"
163.172.68.99 - - [05/Dec/2017:19:51:54 +0100] "GET /robots.txt HTTP/1.1" 404 1181 "-" "Mozilla/5.0 (X11; Linux x86_64) AppleWebKit/537.36 (KHTML, like Gecko) Chrome/61.0.3163.100 Safari/537.36"
163.172.68.99 - - [05/Dec/2017:19:51:54 +0100] "GET / HTTP/1.1" 200 884 "-" "Mozilla/5.0 (X11; Linux x86_64) AppleWebKit/537.36 (KHTML, like Gecko) Chrome/61.0.3163.100 Safari/537.36"
157.55.39.42 - - [05/Dec/2017:20:12:11 +0100] "GET /kiadvany/delbukk.pdf HTTP/1.1" 200 1540585 "-" "Mozilla/5.0 (iPhone; CPU iPhone OS 7_0 like Mac OS X) AppleWebKit/537.51.1 (KHTML, like Gecko) Version/7.0 Mobile/11A465 Safari/9537.53 (compatible; bingbot/2.0; +http://www.bing.com/bingbot.htm)"
134.249.80.20 - - [05/Dec/2017:20:14:30 +0100] "GET / HTTP/1.1" 200 884 "http://etur.ru/articles/1922" "Mozilla/4.0 (compatible; MSIE 6.0; Windows NT 5.1; Deepnet Explorer 1.5.0; .NET CLR 1.0.3705)"
134.249.80.20 - - [05/Dec/2017:20:14:30 +0100] "GET / HTTP/1.1" 200 884 "http://etur.ru/articles/1922" "Mozilla/4.0 (compatible; MSIE 6.0; Windows NT 5.1; Deepnet Explorer 1.5.0; .NET CLR 1.0.3705)"
134.249.80.20 - - [05/Dec/2017:20:14:31 +0100] "GET / HTTP/1.1" 200 884 "http://etur.ru/articles/1922" "Mozilla/4.0 (compatible; MSIE 6.0; Windows NT 5.1; Deepnet Explorer 1.5.0; .NET CLR 1.0.3705)"
46.229.164.99 - - [05/Dec/2017:21:06:54 +0100] "GET /robots.txt HTTP/1.1" 404 1181 "-" "Mozilla/5.0 (compatible; SemrushBot/1.2~bl; +http://www.semrush.com/bot.html)"
95.211.162.73 - - [05/Dec/2017:21:18:17 +0100] "GET / HTTP/1.1" 200 884 "-" "Mozilla/5.0 (Windows NT 10.0; Win64; x64) AppleWebKit/537.36 (KHTML, like Gecko) Chrome/60.0.3112.101 Safari/537.36"
46.229.164.102 - - [05/Dec/2017:21:52:21 +0100] "GET /robots.txt HTTP/1.1" 404 1181 "-" "Mozilla/5.0 (compatible; SemrushBot/1.2~bl; +http://www.semrush.com/bot.html)"
66.249.70.9 - - [05/Dec/2017:21:56:18 +0100] "GET / HTTP/1.1" 200 884 "-" "Mozilla/5.0 (Linux; Android 6.0.1; Nexus 5X Build/MMB29P) AppleWebKit/537.36 (KHTML, like Gecko) Chrome/41.0.2272.96 Mobile Safari/537.36 (compatible; Googlebot/2.1; +http://www.google.com/bot.html)"
157.55.39.249 - - [05/Dec/2017:22:26:13 +0100] "GET / HTTP/1.1" 200 884 "-" "Mozilla/5.0 (compatible; bingbot/2.0; +http://www.bing.com/bingbot.htm)"
95.211.162.73 - - [05/Dec/2017:22:41:51 +0100] "GET / HTTP/1.1" 200 884 "-" "Mozilla/5.0 (Windows NT 10.0; Win64; x64) AppleWebKit/537.36 (KHTML, like Gecko) Chrome/60.0.3112.101 Safari/537.36"
66.249.70.9 - - [05/Dec/2017:22:44:38 +0100] "GET /aktualis_elemei/bio2szulinap_elemei/image118.jpg HTTP/1.1" 304 - "-" "Googlebot-Image/1.0"
52.199.183.213 - - [05/Dec/2017:23:09:48 +0100] "GET / HTTP/1.1" 200 884 "-" "Mozilla/5.0 (Windows NT 10.0; Win64; x64) AppleWebKit/537.36 (KHTML, like Gecko) Chrome/61.0.3163.100 Safari/537.36"
66.249.70.7 - - [05/Dec/2017:23:17:36 +0100] "GET / HTTP/1.1" 200 884 "-" "Mozilla/5.0 (compatible; Googlebot/2.1; +http://www.google.com/bot.html)"
66.249.70.7 - - [05/Dec/2017:23:17:42 +0100] "GET /zoldakcio.swf HTTP/1.1" 200 840351 "-" "Mozilla/5.0 (compatible; Googlebot/2.1; +http://www.google.com/bot.html)"
66.249.70.7 - - [05/Dec/2017:23:17:53 +0100] "GET /hirek/hirek.txt HTTP/1.1" 200 96857 "-" "Mozilla/5.0 (compatible; Googlebot/2.1; +http://www.google.com/bot.html)"
66.249.70.7 - - [05/Dec/2017:23:17:54 +0100] "GET /esemenynaptar/SparkEventsCalendar_loadVars.txt HTTP/1.1" 200 72712 "-" "Mozilla/5.0 (compatible; Googlebot/2.1; +http://www.google.com/bot.html)"
91.200.12.196 - - [05/Dec/2017:23:23:51 +0100] "GET /wp-content/themes/rockstar-theme/style.css HTTP/1.1" 404 1181 "http://www.greenaction.hu/wp-content/themes/rockstar-theme/style.css" "Mozilla/5.0 (Windows NT 6.1; WOW64) AppleWebKit/537.36 (KHTML, like Gecko) Chrome/42.0.2311.152 Safari/537.36"
66.249.64.139 - - [05/Dec/2017:23:55:45 +0100] "GET /robots.txt HTTP/1.1" 404 1181 "-" "Mozilla/5.0 (compatible; Googlebot/2.1; +http://www.google.com/bot.html)"
66.249.64.139 - - [05/Dec/2017:23:55:45 +0100] "GET /aktualis_elemei/bio2szulinap_elemei/image094.jpg HTTP/1.1" 304 - "-" "Googlebot-Image/1.0"
95.211.162.73 - - [05/Dec/2017:23:56:40 +0100] "GET / HTTP/1.1" 200 884 "-" "Mozilla/5.0 (Windows NT 10.0; Win64; x64) AppleWebKit/537.36 (KHTML, like Gecko) Chrome/60.0.3112.101 Safari/537.36"
35.184.189.105 - - [06/Dec/2017:00:00:11 +0100] "GET /robots.txt HTTP/1.1" 404 1181 "-" "ltx71 - (http://ltx71.com/)"
66.249.70.9 - - [06/Dec/2017:00:16:03 +0100] "GET /aktualis_elemei/bio2szulinap_elemei/image086.jpg HTTP/1.1" 304 - "-" "Googlebot-Image/1.0"
66.249.70.9 - - [06/Dec/2017:00:26:14 +0100] "GET /aktualis_elemei/bio2szulinap_elemei/image126.jpg HTTP/1.1" 304 - "-" "Googlebot-Image/1.0"
66.249.70.9 - - [06/Dec/2017:00:26:14 +0100] "GET /robots.txt HTTP/1.1" 404 1181 "-" "Mozilla/5.0 (compatible; Googlebot/2.1; +http://www.google.com/bot.html)"
66.249.70.11 - - [06/Dec/2017:00:36:29 +0100] "GET /aktualis_elemei/bio2szulinap_elemei/image114.jpg HTTP/1.1" 304 - "-" "Googlebot-Image/1.0"
66.249.70.9 - - [06/Dec/2017:00:46:40 +0100] "GET /aktualis_elemei/bio2szulinap_elemei/image016.jpg HTTP/1.1" 304 - "-" "Googlebot-Image/1.0"
54.37.137.28 - - [06/Dec/2017:00:56:13 +0100] "GET / HTTP/1.1" 200 884 "-" "Mozilla/5.0 (Windows NT 10.0; WOW64) AppleWebKit/537.36 (KHTML, like Gecko) Chrome/52.0.2743.116 Safari/537.36"
66.249.70.11 - - [06/Dec/2017:00:56:52 +0100] "GET /aktualis_elemei/bio2szulinap_elemei/image046.jpg HTTP/1.1" 304 - "-" "Googlebot-Image/1.0"
142.44.247.74 - - [06/Dec/2017:00:57:33 +0100] "GET / HTTP/1.1" 200 884 "-" "Mozilla/5.0 (Windows NT 10.0; WOW64) AppleWebKit/537.36 (KHTML, like Gecko) Chrome/52.0.2743.116 Safari/537.36"
66.249.70.9 - - [06/Dec/2017:00:58:29 +0100] "GET /favicon.ico HTTP/1.1" 404 1181 "-" "Googlebot-Image/1.0"
46.118.157.50 - - [06/Dec/2017:01:06:43 +0100] "GET / HTTP/1.1" 200 884 "https://alkoravto.ru/" "Mozilla/4.0 (compatible; MSIE 6.0; AOL 9.0; Windows NT 5.1)"
46.118.157.50 - - [06/Dec/2017:01:06:44 +0100] "GET / HTTP/1.1" 200 884 "https://alkoravto.ru/" "Mozilla/4.0 (compatible; MSIE 6.0; AOL 9.0; Windows NT 5.1)"
46.118.157.50 - - [06/Dec/2017:01:06:44 +0100] "GET / HTTP/1.1" 200 884 "https://alkoravto.ru/" "Mozilla/4.0 (compatible; MSIE 6.0; AOL 9.0; Windows NT 5.1)"
66.249.70.7 - - [06/Dec/2017:01:07:03 +0100] "GET /aktualis_elemei/bio2szulinap_elemei/image020.gif HTTP/1.1" 304 - "-" "Googlebot-Image/1.0"
66.249.70.11 - - [06/Dec/2017:01:17:06 +0100] "GET /aktualis_elemei/bio2szulinap_elemei/image062.jpg HTTP/1.1" 304 - "-" "Googlebot-Image/1.0"
66.249.70.11 - - [06/Dec/2017:01:25:20 +0100] "GET / HTTP/1.1" 200 884 "-" "Mozilla/5.0 (compatible; Googlebot/2.1; +http://www.google.com/bot.html)"
66.249.70.11 - - [06/Dec/2017:01:27:27 +0100] "GET /aktualis_elemei/bio2szulinap_elemei/image070.jpg HTTP/1.1" 304 - "-" "Googlebot-Image/1.0"
66.249.70.7 - - [06/Dec/2017:01:37:29 +0100] "GET /aktualis_elemei/bio2szulinap_elemei/image002.jpg HTTP/1.1" 304 - "-" "Googlebot-Image/1.0"
94.23.16.30 - - [06/Dec/2017:01:39:59 +0100] "GET / HTTP/1.1" 200 884 "http://www.greenaction.hu" "Mozilla/5.0 (Windows NT 6.3; WOW64; rv:50.0) Gecko/20100101 Firefox/50.0"
66.249.70.9 - - [06/Dec/2017:01:47:49 +0100] "GET /aktualis_elemei/bio2szulinap_elemei/image022.jpg HTTP/1.1" 304 - "-" "Googlebot-Image/1.0"
66.249.70.7 - - [06/Dec/2017:01:57:49 +0100] "GET /aktualis_elemei/bio2szulinap_elemei/image044.jpg HTTP/1.1" 304 - "-" "Googlebot-Image/1.0"
66.249.70.7 - - [06/Dec/2017:02:08:00 +0100] "GET /aktualis_elemei/bio2szulinap_elemei/image040.jpg HTTP/1.1" 304 - "-" "Googlebot-Image/1.0"
66.249.70.9 - - [06/Dec/2017:02:18:06 +0100] "GET /aktualis_elemei/bio2szulinap_elemei/image038.jpg HTTP/1.1" 304 - "-" "Googlebot-Image/1.0"
66.249.70.11 - - [06/Dec/2017:02:21:57 +0100] "GET /archiv_elemei/sportligettc.html HTTP/1.1" 200 9194 "-" "Mozilla/5.0 (compatible; Googlebot/2.1; +http://www.google.com/bot.html)"
134.249.52.116 - - [06/Dec/2017:02:23:02 +0100] "GET / HTTP/1.1" 200 884 "https://vykup-avto-krasnodar.ru/" "Mozilla/4.0 (compatible; MSIE 6.0; Windows NT 5.1; SV1; .NET CLR 1.1.4322)"
134.249.52.116 - - [06/Dec/2017:02:23:03 +0100] "GET / HTTP/1.1" 200 884 "https://vykup-avto-krasnodar.ru/" "Mozilla/4.0 (compatible; MSIE 6.0; Windows NT 5.1; SV1; .NET CLR 1.1.4322)"
134.249.52.116 - - [06/Dec/2017:02:23:03 +0100] "GET / HTTP/1.1" 200 884 "https://vykup-avto-krasnodar.ru/" "Mozilla/4.0 (compatible; MSIE 6.0; Windows NT 5.1; SV1; .NET CLR 1.1.4322)"
66.249.70.7 - - [06/Dec/2017:02:28:45 +0100] "GET /aktualis_elemei/bio2szulinap_elemei/image012.jpg HTTP/1.1" 304 - "-" "Googlebot-Image/1.0"
66.249.70.9 - - [06/Dec/2017:02:38:46 +0100] "GET /aktualis_elemei/bio2szulinap_elemei/image120.jpg HTTP/1.1" 304 - "-" "Googlebot-Image/1.0"
157.55.39.249 - - [06/Dec/2017:02:40:59 +0100] "GET /aktualis_elemei/bio2szulinap_elemei/image022.jpg HTTP/1.1" 200 11114 "-" "Mozilla/5.0 (compatible; bingbot/2.0; +http://www.bing.com/bingbot.htm)"
66.249.70.7 - - [06/Dec/2017:02:48:46 +0100] "GET /aktualis_elemei/bio2szulinap_elemei/image024.jpg HTTP/1.1" 304 - "-" "Googlebot-Image/1.0"
66.249.70.7 - - [06/Dec/2017:02:58:46 +0100] "GET /aktualis_elemei/bio2szulinap_elemei/image084.jpg HTTP/1.1" 304 - "-" "Googlebot-Image/1.0"
66.249.70.11 - - [06/Dec/2017:03:38:53 +0100] "GET / HTTP/1.1" 200 884 "-" "Mozilla/5.0 (compatible; Googlebot/2.1; +http://www.google.com/bot.html)"
40.77.167.25 - - [06/Dec/2017:03:49:20 +0100] "GET /aktualis.html HTTP/1.1" 304 - "-" "Mozilla/5.0 (compatible; bingbot/2.0; +http://www.bing.com/bingbot.htm)"
180.76.15.22 - - [06/Dec/2017:04:05:53 +0100] "GET / HTTP/1.1" 200 884 "-" "Mozilla/5.0 (compatible; Baiduspider/2.0; +http://www.baidu.com/search/spider.html)"
180.76.15.138 - - [06/Dec/2017:04:39:14 +0100] "GET /aktualis_elemei/belvarosi%20biovasar%20arai%202007.%20tel.doc HTTP/1.1" 200 324608 "-" "Mozilla/5.0 (compatible; Baiduspider/2.0; +http://www.baidu.com/search/spider.html)"
188.163.73.8 - - [06/Dec/2017:04:39:52 +0100] "GET / HTTP/1.1" 200 884 "http://www.freebsd.org.ua/" "Mozilla/4.0 (compatible; MSIE 6.0; Windows NT 5.2; Win64; AMD64)"
188.163.73.8 - - [06/Dec/2017:04:39:55 +0100] "GET / HTTP/1.1" 200 884 "http://www.freebsd.org.ua/" "Mozilla/4.0 (compatible; MSIE 6.0; Windows NT 5.2; Win64; AMD64)"
188.163.73.8 - - [06/Dec/2017:04:39:56 +0100] "GET / HTTP/1.1" 200 884 "http://www.freebsd.org.ua/" "Mozilla/4.0 (compatible; MSIE 6.0; Windows NT 5.2; Win64; AMD64)"
40.77.167.78 - - [06/Dec/2017:04:39:56 +0100] "GET /aktualis_elemei/fnhv_elemei/image019.jpg HTTP/1.1" 200 14857 "-" "Mozilla/5.0 (compatible; bingbot/2.0; +http://www.bing.com/bingbot.htm)"
46.118.121.38 - - [06/Dec/2017:04:55:10 +0100] "GET / HTTP/1.1" 200 884 "http://iptvuk.co.uk/" "Opera/9.0 (Windows NT 5.1; U; en)"
46.118.121.38 - - [06/Dec/2017:04:55:11 +0100] "GET / HTTP/1.1" 200 884 "http://iptvuk.co.uk/" "Opera/9.0 (Windows NT 5.1; U; en)"
46.118.121.38 - - [06/Dec/2017:04:55:11 +0100] "GET / HTTP/1.1" 200 884 "http://iptvuk.co.uk/" "Opera/9.0 (Windows NT 5.1; U; en)"
157.55.39.42 - - [06/Dec/2017:05:31:19 +0100] "GET /aktualis_elemei/bio2szulinap_elemei/image012.jpg HTTP/1.1" 200 11039 "-" "Mozilla/5.0 (compatible; bingbot/2.0; +http://www.bing.com/bingbot.htm)"
66.249.70.9 - - [06/Dec/2017:05:40:53 +0100] "GET / HTTP/1.1" 200 884 "-" "Mozilla/5.0 (compatible; Googlebot/2.1; +http://www.google.com/bot.html)"
46.229.168.65 - - [06/Dec/2017:06:45:03 +0100] "GET / HTTP/1.1" 200 884 "-" "Mozilla/5.0 (compatible; SemrushBot/1.2~bl; +http://www.semrush.com/bot.html)"
66.249.70.9 - - [06/Dec/2017:06:45:06 +0100] "GET /kiadvany/miabio.pdf HTTP/1.1" 200 11291786 "-" "Mozilla/5.0 (compatible; Googlebot/2.1; +http://www.google.com/bot.html)"
46.229.168.72 - - [06/Dec/2017:06:45:40 +0100] "GET / HTTP/1.1" 200 884 "-" "Mozilla/5.0 (compatible; SemrushBot/1.2~bl; +http://www.semrush.com/bot.html)"
46.229.168.68 - - [06/Dec/2017:06:45:40 +0100] "GET / HTTP/1.1" 200 884 "-" "Mozilla/5.0 (compatible; SemrushBot/1.2~bl; +http://www.semrush.com/bot.html)"
46.229.164.99 - - [06/Dec/2017:07:24:12 +0100] "GET /robots.txt HTTP/1.1" 404 1181 "-" "Mozilla/5.0 (compatible; SemrushBot/1.2~bl; +http://www.semrush.com/bot.html)"
46.229.164.102 - - [06/Dec/2017:08:13:50 +0100] "GET /robots.txt HTTP/1.1" 404 1181 "-" "Mozilla/5.0 (compatible; SemrushBot/1.2~bl; +http://www.semrush.com/bot.html)"
84.38.134.117 - - [06/Dec/2017:08:15:46 +0100] "GET / HTTP/1.1" 200 884 "-" "Java/1.7.0_60"
185.189.112.165 - - [06/Dec/2017:08:18:15 +0100] "GET /robots.txt HTTP/1.1" 404 1181 "-" "Mozilla/5.0 (Windows NT 10.0; Win64; x64; rv:48.0) Gecko/20100101 Firefox/48.0"
185.189.112.165 - - [06/Dec/2017:08:18:15 +0100] "GET /xmlrpc.php?rsd HTTP/1.1" 404 1181 "-" "Mozilla/5.0 (Windows NT 10.0; Win64; x64; rv:48.0) Gecko/20100101 Firefox/48.0"
185.189.112.165 - - [06/Dec/2017:08:18:15 +0100] "GET / HTTP/1.1" 200 884 "-" "Mozilla/5.0 (Windows NT 10.0; Win64; x64; rv:48.0) Gecko/20100101 Firefox/48.0"
185.189.112.165 - - [06/Dec/2017:08:18:15 +0100] "GET /blog/robots.txt HTTP/1.1" 404 1181 "-" "Mozilla/5.0 (Windows NT 10.0; Win64; x64; rv:48.0) Gecko/20100101 Firefox/48.0"
185.189.112.165 - - [06/Dec/2017:08:18:15 +0100] "GET /blog/ HTTP/1.1" 404 1181 "-" "Mozilla/5.0 (Windows NT 10.0; Win64; x64; rv:48.0) Gecko/20100101 Firefox/48.0"
185.189.112.165 - - [06/Dec/2017:08:18:15 +0100] "GET /wordpress/ HTTP/1.1" 404 1181 "-" "Mozilla/5.0 (Windows NT 10.0; Win64; x64; rv:48.0) Gecko/20100101 Firefox/48.0"
185.189.112.165 - - [06/Dec/2017:08:18:15 +0100] "GET /wp/ HTTP/1.1" 404 1181 "-" "Mozilla/5.0 (Windows NT 10.0; Win64; x64; rv:48.0) Gecko/20100101 Firefox/48.0"
134.249.82.116 - - [06/Dec/2017:08:27:33 +0100] "GET / HTTP/1.1" 200 884 "http://geo-group.ru/" "Mozilla/4.0 (compatible; MSIE 6.0; Windows XP)"
134.249.82.116 - - [06/Dec/2017:08:27:34 +0100] "GET / HTTP/1.1" 200 884 "http://geo-group.ru/" "Mozilla/4.0 (compatible; MSIE 6.0; Windows XP)"
134.249.82.116 - - [06/Dec/2017:08:27:34 +0100] "GET / HTTP/1.1" 200 884 "http://geo-group.ru/" "Mozilla/4.0 (compatible; MSIE 6.0; Windows XP)"
188.163.73.8 - - [06/Dec/2017:08:59:41 +0100] "GET / HTTP/1.1" 200 884 "http://rosbalt.com.ua/" "Mozilla/4.0 (compatible; MSIE 6.0; Windows NT 5.1; SV1; FunWebProducts)"
188.163.73.8 - - [06/Dec/2017:08:59:42 +0100] "GET / HTTP/1.1" 200 884 "http://rosbalt.com.ua/" "Mozilla/4.0 (compatible; MSIE 6.0; Windows NT 5.1; SV1; FunWebProducts)"
157.55.39.42 - - [06/Dec/2017:09:34:30 +0100] "GET /aktualis_elemei/bio2szulinap_elemei/image040.jpg HTTP/1.1" 200 16250 "-" "Mozilla/5.0 (compatible; bingbot/2.0; +http://www.bing.com/bingbot.htm)"
134.249.52.116 - - [06/Dec/2017:09:43:57 +0100] "GET / HTTP/1.1" 200 884 "http://choice-credit.ru/obzory/557-polozhitelnye-svojstva-kreditnykh-kart" "Mozilla/4.0 (compatible; MSIE 6.0; Windows NT 5.1; FREE; .NET CLR 1.1.4322)"
134.249.52.116 - - [06/Dec/2017:09:43:57 +0100] "GET / HTTP/1.1" 200 884 "http://choice-credit.ru/obzory/557-polozhitelnye-svojstva-kreditnykh-kart" "Mozilla/4.0 (compatible; MSIE 6.0; Windows NT 5.1; FREE; .NET CLR 1.1.4322)"
134.249.52.116 - - [06/Dec/2017:09:43:58 +0100] "GET / HTTP/1.1" 200 884 "http://choice-credit.ru/obzory/557-polozhitelnye-svojstva-kreditnykh-kart" "Mozilla/4.0 (compatible; MSIE 6.0; Windows NT 5.1; FREE; .NET CLR 1.1.4322)"
134.249.52.116 - - [06/Dec/2017:10:04:39 +0100] "GET / HTTP/1.1" 200 884 "http://dkr.com.ua/" "Mozilla/4.0 (compatible; MSIE 6.0; Windows NT 5.1; en) Opera 8.00"
64.62.252.163 - - [06/Dec/2017:10:15:54 +0100] "GET /robots.txt HTTP/1.1" 404 1181 "-" "BUbiNG (+http://law.di.unimi.it/BUbiNG.html)"
64.62.252.163 - - [06/Dec/2017:10:15:55 +0100] "GET /magunkrol_elemei/kozhasznu.html HTTP/1.1" 200 48365 "-" "BUbiNG (+http://law.di.unimi.it/BUbiNG.html)"
89.132.52.66 - - [06/Dec/2017:10:33:36 +0100] "GET /aktualis_elemei/bio2szulinap_elemei/image108.jpg HTTP/1.1" 200 9238 "-" "Mozilla/5.0 (Windows NT 6.3; WOW64; Trident/7.0; rv:11.0) like Gecko"
66.249.70.7 - - [06/Dec/2017:11:06:13 +0100] "GET /kiadvany/miabio.pdf HTTP/1.1" 304 - "-" "Mozilla/5.0 (compatible; Googlebot/2.1; +http://www.google.com/bot.html)"
157.55.39.249 - - [06/Dec/2017:11:13:10 +0100] "GET /aktualis_elemei/bio2szulinap_elemei/image086.jpg HTTP/1.1" 200 7670 "-" "Mozilla/5.0 (compatible; bingbot/2.0; +http://www.bing.com/bingbot.htm)"
134.249.80.20 - - [06/Dec/2017:11:14:00 +0100] "GET / HTTP/1.1" 200 884 "http://produkto.net/" "Mozilla/4.0 (compatible; MSIE 6.0; Windows NT 5.1; MRA 4.6 (build 01425))"
134.249.80.20 - - [06/Dec/2017:11:14:00 +0100] "GET / HTTP/1.1" 200 884 "http://produkto.net/" "Mozilla/4.0 (compatible; MSIE 6.0; Windows NT 5.1; MRA 4.6 (build 01425))"
134.249.80.20 - - [06/Dec/2017:11:14:00 +0100] "GET / HTTP/1.1" 200 884 "http://produkto.net/" "Mozilla/4.0 (compatible; MSIE 6.0; Windows NT 5.1; MRA 4.6 (build 01425))"
157.55.39.249 - - [06/Dec/2017:11:14:30 +0100] "GET / HTTP/1.1" 200 884 "-" "Mozilla/5.0 (compatible; bingbot/2.0; +http://www.bing.com/bingbot.htm)"
65.132.59.34 - - [06/Dec/2017:12:09:51 +0100] "GET /robots.txt HTTP/1.1" 404 1181 "-" "G-i-g-a-b-o-t"
65.132.59.34 - - [06/Dec/2017:12:09:52 +0100] "GET / HTTP/1.1" 200 884 "-" "G-i-g-a-b-o-t"
78.131.55.177 - - [06/Dec/2017:12:11:02 +0100] "GET / HTTP/1.1" 200 884 "-" "Mozilla/5.0"
40.77.167.78 - - [06/Dec/2017:12:11:43 +0100] "GET /aktualis_elemei/bio2szulinap_elemei/image056.jpg HTTP/1.1" 200 10317 "-" "Mozilla/5.0 (compatible; bingbot/2.0; +http://www.bing.com/bingbot.htm)"
40.77.167.25 - - [06/Dec/2017:12:38:44 +0100] "GET /aktualis_elemei/bio2szulinap_elemei/image066.jpg HTTP/1.1" 200 9626 "-" "Mozilla/5.0 (compatible; bingbot/2.0; +http://www.bing.com/bingbot.htm)"
40.77.167.78 - - [06/Dec/2017:13:09:15 +0100] "GET /aktualis_elemei/fnhv_elemei/image002.jpg HTTP/1.1" 200 9553 "-" "Mozilla/5.0 (compatible; bingbot/2.0; +http://www.bing.com/bingbot.htm)"
62.255.174.98 - - [06/Dec/2017:13:17:33 +0100] "GET //phppath/cgi_wrapper HTTP/1.1" 404 1181 "-" "() { :;};echo; /bin/bash -c \" echo 2014 | md5sum\""
62.255.174.98 - - [06/Dec/2017:13:17:33 +0100] "GET //cgi-bin/status HTTP/1.1" 404 1181 "-" "() { :;};echo; /bin/bash -c \" echo 2014 | md5sum\""
62.255.174.98 - - [06/Dec/2017:13:17:33 +0100] "GET //cgi-bin/ax.cgi HTTP/1.1" 404 1181 "-" "() { :;};echo; /bin/bash -c \" echo 2014 | md5sum\""
46.118.121.38 - - [06/Dec/2017:13:21:38 +0100] "GET / HTTP/1.1" 200 884 "https://www.everytalk.tv/" "Mozilla/4.0 (compatible; MSIE 6.0; Windows NT 5.2; Win64; AMD64)"
46.118.121.38 - - [06/Dec/2017:13:21:38 +0100] "GET / HTTP/1.1" 200 884 "https://www.everytalk.tv/" "Mozilla/4.0 (compatible; MSIE 6.0; Windows NT 5.2; Win64; AMD64)"
46.118.121.38 - - [06/Dec/2017:13:21:39 +0100] "GET / HTTP/1.1" 200 884 "https://www.everytalk.tv/" "Mozilla/4.0 (compatible; MSIE 6.0; Windows NT 5.2; Win64; AMD64)"
180.76.15.141 - - [06/Dec/2017:13:45:59 +0100] "GET / HTTP/1.1" 200 884 "-" "Mozilla/5.0 (compatible; Baiduspider/2.0; +http://www.baidu.com/search/spider.html)"
195.154.133.147 - - [06/Dec/2017:14:06:42 +0100] "GET /license.php HTTP/1.0" 404 1181 "-" "Mozilla/5.0 (Windows NT 6.1; Win64; x64) AppleWebKit/537.36 (KHTML, like Gecko) Chrome/62.0.3202.94 Safari/537.36"
195.154.133.147 - - [06/Dec/2017:14:06:46 +0100] "GET /license.php HTTP/1.0" 404 1181 "-" "Mozilla/5.0 (Windows NT 6.1; Win64; x64) AppleWebKit/537.36 (KHTML, like Gecko) Chrome/62.0.3202.94 Safari/537.36"
134.249.52.116 - - [06/Dec/2017:14:28:10 +0100] "GET / HTTP/1.1" 200 884 "http://rus-lit.com/" "Mozilla/4.0 (compatible; MSIE 6.0; Windows NT 5.0; .NET CLR 1.0.3705; .NET CLR 1.1.4322)"
134.249.52.116 - - [06/Dec/2017:14:28:12 +0100] "GET / HTTP/1.1" 200 884 "http://rus-lit.com/" "Mozilla/4.0 (compatible; MSIE 6.0; Windows NT 5.0; .NET CLR 1.0.3705; .NET CLR 1.1.4322)"
134.249.52.116 - - [06/Dec/2017:14:28:12 +0100] "GET / HTTP/1.1" 200 884 "http://rus-lit.com/" "Mozilla/4.0 (compatible; MSIE 6.0; Windows NT 5.0; .NET CLR 1.0.3705; .NET CLR 1.1.4322)"
40.77.167.25 - - [06/Dec/2017:15:17:08 +0100] "GET /aktualis_elemei/bio2szulinap_elemei/image016.jpg HTTP/1.1" 200 7778 "-" "Mozilla/5.0 (compatible; bingbot/2.0; +http://www.bing.com/bingbot.htm)"
108.59.8.70 - - [06/Dec/2017:15:21:10 +0100] "GET /robots.txt HTTP/1.1" 404 1181 "-" "Mozilla/5.0 (compatible; MJ12bot/v1.4.8; http://mj12bot.com/)"
108.59.8.70 - - [06/Dec/2017:15:21:18 +0100] "GET / HTTP/1.1" 200 884 "-" "Mozilla/5.0 (compatible; MJ12bot/v1.4.8; http://mj12bot.com/)"
80.99.158.140 - - [06/Dec/2017:15:36:36 +0100] "GET /favicon.ico HTTP/1.1" 404 1181 "http://www.greenaction.hu/kiadvany/miskolchvte.pdf" "Mozilla/5.0 (Windows NT 6.1) AppleWebKit/537.36 (KHTML, like Gecko) Chrome/62.0.3202.94 Safari/537.36"
80.99.158.140 - - [06/Dec/2017:15:36:38 +0100] "GET /kiadvany/miskolchvte.pdf HTTP/1.1" 200 2475844 "https://www.google.hu/" "Mozilla/5.0 (Windows NT 6.1) AppleWebKit/537.36 (KHTML, like Gecko) Chrome/62.0.3202.94 Safari/537.36"
80.99.158.140 - - [06/Dec/2017:15:36:38 +0100] "GET /kiadvany/miskolchvte.pdf HTTP/1.1" 206 1778053 "http://www.greenaction.hu/kiadvany/miskolchvte.pdf" "Mozilla/5.0 (Windows NT 6.1) AppleWebKit/537.36 (KHTML, like Gecko) Chrome/62.0.3202.94 Safari/537.36"
216.244.66.247 - - [06/Dec/2017:15:42:51 +0100] "GET /robots.txt HTTP/1.1" 404 1181 "-" "Mozilla/5.0 (compatible; DotBot/1.1; http://www.opensiteexplorer.org/dotbot, help@moz.com)"
216.244.66.247 - - [06/Dec/2017:16:02:56 +0100] "GET /archiv_elemei/acitc.html HTTP/1.1" 200 13312 "-" "Mozilla/5.0 (compatible; DotBot/1.1; http://www.opensiteexplorer.org/dotbot, help@moz.com)"
40.77.167.25 - - [06/Dec/2017:16:42:54 +0100] "GET /kiadvany/miskolchvte.pdf HTTP/1.1" 200 4059249 "-" "Mozilla/5.0 (iPhone; CPU iPhone OS 7_0 like Mac OS X) AppleWebKit/537.51.1 (KHTML, like Gecko) Version/7.0 Mobile/11A465 Safari/9537.53 (compatible; bingbot/2.0; +http://www.bing.com/bingbot.htm)"
46.229.164.99 - - [06/Dec/2017:17:17:18 +0100] "GET /robots.txt HTTP/1.1" 404 1181 "-" "Mozilla/5.0 (compatible; SemrushBot/1.2~bl; +http://www.semrush.com/bot.html)"
157.55.39.42 - - [06/Dec/2017:17:52:12 +0100] "GET /aktualis_elemei/bio2szulinap_elemei/image046.jpg HTTP/1.1" 200 12403 "-" "Mozilla/5.0 (compatible; bingbot/2.0; +http://www.bing.com/bingbot.htm)"
138.201.30.66 - - [06/Dec/2017:17:55:57 +0100] "GET /robots.txt HTTP/1.0" 404 1181 "-" "Mozilla/5.0 (compatible; SEOkicks-Robot; +http://www.seokicks.de/robot.html)"
138.201.30.66 - - [06/Dec/2017:17:55:59 +0100] "GET / HTTP/1.0" 200 884 "-" "Mozilla/5.0 (compatible; SEOkicks-Robot; +http://www.seokicks.de/robot.html)"
216.244.66.200 - - [06/Dec/2017:18:29:50 +0100] "GET /robots.txt HTTP/1.1" 404 1181 "-" "Mozilla/5.0 (compatible; DotBot/1.1; http://www.opensiteexplorer.org/dotbot, help@moz.com)"
216.244.66.200 - - [06/Dec/2017:18:45:53 +0100] "GET /magunkrol_elemei/kozhasznu.html HTTP/1.1" 200 48365 "-" "Mozilla/5.0 (compatible; DotBot/1.1; http://www.opensiteexplorer.org/dotbot, help@moz.com)"
13.56.229.65 - - [06/Dec/2017:19:56:58 +0100] "GET / HTTP/1.1" 200 884 "-" "Mozilla/5.0 (Macintosh; Intel Mac OS X 10_12_6) AppleWebKit/537.36 (KHTML, like Gecko) Chrome/61.0.3163.100 Safari/537.36"
164.132.161.28 - - [06/Dec/2017:20:02:36 +0100] "GET /archiv_elemei/acitc.html HTTP/1.1" 200 13312 "-" "Mozilla/5.0 (compatible; AhrefsBot/5.2; +http://ahrefs.com/robot/)"
46.229.164.102 - - [06/Dec/2017:20:27:12 +0100] "GET /robots.txt HTTP/1.1" 404 1181 "-" "Mozilla/5.0 (compatible; SemrushBot/1.2~bl; +http://www.semrush.com/bot.html)"
46.183.223.82 - - [06/Dec/2017:20:45:32 +0100] "GET / HTTP/1.1" 200 884 "-" "Java/1.6.0_04"
165.227.222.44 - - [06/Dec/2017:21:43:41 +0100] "GET / HTTP/1.0" 200 884 "-" "Mozilla/5.0 (compatible; NetcraftSurveyAgent/1.0; +info@netcraft.com)"
46.229.170.197 - - [06/Dec/2017:21:50:40 +0100] "GET / HTTP/1.1" 200 884 "-" "Mozilla/5.0 (Windows NT 10.0; Win64; x64) AppleWebKit/537.36 (KHTML, like Gecko) Chrome/57.0.2987.133 Safari/537.36"
46.118.121.38 - - [06/Dec/2017:21:56:26 +0100] "GET / HTTP/1.1" 200 884 "http://lakomka.com.ua/" "Mozilla/4.0 (compatible; MSIE 6.0; Windows NT 5.0; APC; .NET CLR 1.0.3705; .NET CLR 1.1.4322; .NET CLR 2.0.50215; InfoPath.1)"
46.118.121.38 - - [06/Dec/2017:21:56:27 +0100] "GET / HTTP/1.1" 200 884 "http://lakomka.com.ua/" "Mozilla/4.0 (compatible; MSIE 6.0; Windows NT 5.0; APC; .NET CLR 1.0.3705; .NET CLR 1.1.4322; .NET CLR 2.0.50215; InfoPath.1)"
46.118.121.38 - - [06/Dec/2017:21:56:27 +0100] "GET / HTTP/1.1" 200 884 "http://lakomka.com.ua/" "Mozilla/4.0 (compatible; MSIE 6.0; Windows NT 5.0; APC; .NET CLR 1.0.3705; .NET CLR 1.1.4322; .NET CLR 2.0.50215; InfoPath.1)"
89.123.62.96 - - [06/Dec/2017:22:06:51 +0100] "GET / HTTP/1.1" 200 884 "-" "Java/1.6.0_04"
104.131.49.100 - - [06/Dec/2017:23:40:42 +0100] "GET / HTTP/1.0" 200 884 "-" "Mozilla/5.0 (compatible; NetcraftSurveyAgent/1.0; +info@netcraft.com)"
157.55.39.249 - - [07/Dec/2017:01:00:18 +0100] "GET / HTTP/1.1" 200 884 "-" "Mozilla/5.0 (compatible; bingbot/2.0; +http://www.bing.com/bingbot.htm)"
157.55.39.56 - - [07/Dec/2017:01:19:15 +0100] "GET /aktualis_elemei/bio2szulinap_elemei/image020.gif HTTP/1.1" 200 44876 "-" "Mozilla/5.0 (compatible; bingbot/2.0; +http://www.bing.com/bingbot.htm)"
157.55.39.56 - - [07/Dec/2017:01:23:34 +0100] "GET /aktualis_elemei/bio2szulinap_elemei/image126.jpg HTTP/1.1" 200 9363 "-" "Mozilla/5.0 (compatible; bingbot/2.0; +http://www.bing.com/bingbot.htm)"
157.55.39.249 - - [07/Dec/2017:02:05:21 +0100] "GET /aktualis_elemei/bio2szulinap_elemei/image114.jpg HTTP/1.1" 200 6950 "-" "Mozilla/5.0 (compatible; bingbot/2.0; +http://www.bing.com/bingbot.htm)"
188.163.73.8 - - [07/Dec/2017:02:34:24 +0100] "GET / HTTP/1.1" 200 884 "http://www.krimoved.crimea.ua/" "Mozilla/4.0 (compatible; MSIE 6.0; Windows NT 5.1; SV1; .NET CLR 1.1.4322; .NET CLR 2.0.50727)"
188.163.73.8 - - [07/Dec/2017:02:34:24 +0100] "GET / HTTP/1.1" 200 884 "http://www.krimoved.crimea.ua/" "Mozilla/4.0 (compatible; MSIE 6.0; Windows NT 5.1; SV1; .NET CLR 1.1.4322; .NET CLR 2.0.50727)"
46.118.121.38 - - [07/Dec/2017:02:39:27 +0100] "GET / HTTP/1.1" 200 884 "http://y8games-free.com/" "Mozilla/4.0 (compatible; MSIE 6.0; Windows 98; Win 9x 4.90; Creative)"
46.118.121.38 - - [07/Dec/2017:02:39:28 +0100] "GET / HTTP/1.1" 200 884 "http://y8games-free.com/" "Mozilla/4.0 (compatible; MSIE 6.0; Windows 98; Win 9x 4.90; Creative)"
46.118.157.50 - - [07/Dec/2017:03:00:53 +0100] "GET / HTTP/1.1" 200 884 "https://alldezservice.kz/" "Mozilla/4.0 (compatible- MSIE 6.0- Windows NT 5.1- SV1- .NET CLR 1.1.4322"
46.118.157.50 - - [07/Dec/2017:03:00:53 +0100] "GET / HTTP/1.1" 200 884 "https://alldezservice.kz/" "Mozilla/4.0 (compatible- MSIE 6.0- Windows NT 5.1- SV1- .NET CLR 1.1.4322"
46.118.157.50 - - [07/Dec/2017:03:00:54 +0100] "GET / HTTP/1.1" 200 884 "https://alldezservice.kz/" "Mozilla/4.0 (compatible- MSIE 6.0- Windows NT 5.1- SV1- .NET CLR 1.1.4322"
157.55.39.42 - - [07/Dec/2017:03:12:20 +0100] "GET /aktualis_elemei/bio2szulinap_elemei/image094.jpg HTTP/1.1" 200 7635 "-" "Mozilla/5.0 (compatible; bingbot/2.0; +http://www.bing.com/bingbot.htm)"
162.208.50.91 - - [07/Dec/2017:03:30:48 +0100] "GET / HTTP/1.1" 200 884 "-" "Mozilla/5.0 (Windows NT 10.0; WOW64; rv:40.0) Gecko/20100101 Firefox/40.0"
178.33.54.161 - - [07/Dec/2017:03:44:34 +0100] "GET / HTTP/1.1" 200 884 "https://google.com/" "Mozilla/5.0 (X11; Ubuntu; Linux x86_64; rv:26.0) Gecko/20100101 Firefox/26.0"
42.236.99.9 - - [07/Dec/2017:04:07:52 +0100] "GET / HTTP/1.1" 200 884 "http://www.greenaction.hu/" "Mozilla/5.0 (Windows NT 6.1; WOW64) AppleWebKit/537.36 (KHTML, like Gecko) Chrome/50.0.2661.102 Safari/537.36; 360Spider"
42.236.10.74 - - [07/Dec/2017:04:08:00 +0100] "GET /robots.txt HTTP/1.1" 404 1181 "http://www.greenaction.hu/robots.txt" "Mozilla/5.0 (Windows NT 6.1; WOW64) AppleWebKit/537.36 (KHTML, like Gecko) Chrome/50.0.2661.102 Safari/537.36; 360Spider"
188.163.73.8 - - [07/Dec/2017:04:23:13 +0100] "GET / HTTP/1.1" 200 884 "https://resant.ru/bezopasnoe-ispolzovanie-kart-tinkoff-bank.html" "Mozilla/4.0 (compatible; MSIE 6.0; Windows NT 5.0; .NET CLR 1.0.3705; .NET CLR 1.1.4322)"
188.163.73.8 - - [07/Dec/2017:04:23:13 +0100] "GET / HTTP/1.1" 200 884 "https://resant.ru/bezopasnoe-ispolzovanie-kart-tinkoff-bank.html" "Mozilla/4.0 (compatible; MSIE 6.0; Windows NT 5.0; .NET CLR 1.0.3705; .NET CLR 1.1.4322)"
188.163.73.8 - - [07/Dec/2017:04:23:14 +0100] "GET / HTTP/1.1" 200 884 "https://resant.ru/bezopasnoe-ispolzovanie-kart-tinkoff-bank.html" "Mozilla/4.0 (compatible; MSIE 6.0; Windows NT 5.0; .NET CLR 1.0.3705; .NET CLR 1.1.4322)"
178.171.31.236 - - [07/Dec/2017:04:27:02 +0100] "GET / HTTP/1.1" 200 884 "-" "Mozilla/5.0 (Macintosh; Intel Mac OS X 10_12_5) AppleWebKit/537.36 (KHTML, like Gecko) Chrome/58.0.3029.110 Safari/537.36"
40.77.167.80 - - [07/Dec/2017:04:28:20 +0100] "GET /aktualis_elemei/bio2szulinap_elemei/image138.jpg HTTP/1.1" 200 9822 "-" "Mozilla/5.0 (compatible; bingbot/2.0; +http://www.bing.com/bingbot.htm)"
133.130.54.151 - - [07/Dec/2017:04:52:59 +0100] "GET / HTTP/1.1" 200 884 "-" "Mozilla/5.0 (Macintosh; Intel Mac OS X 10_10_3) AppleWebKit/537.36 (KHTML, like Gecko) Chrome/42.0.2311.90 Safari/537.36"
46.229.164.99 - - [07/Dec/2017:05:15:15 +0100] "GET /robots.txt HTTP/1.1" 404 1181 "-" "Mozilla/5.0 (compatible; SemrushBot/1.2~bl; +http://www.semrush.com/bot.html)"
151.80.39.120 - - [07/Dec/2017:05:31:08 +0100] "GET /robots.txt HTTP/1.1" 404 1181 "-" "Mozilla/5.0 (compatible; AhrefsBot/5.2; +http://ahrefs.com/robot/)"
217.182.132.190 - - [07/Dec/2017:05:31:08 +0100] "GET /aktualis_elemei/loverecycling.html HTTP/1.1" 200 11087 "-" "Mozilla/5.0 (compatible; AhrefsBot/5.2; +http://ahrefs.com/robot/)"
157.55.39.56 - - [07/Dec/2017:05:40:13 +0100] "GET /aktualis_elemei/bio2szulinap_elemei/image038.jpg HTTP/1.1" 200 14459 "-" "Mozilla/5.0 (compatible; bingbot/2.0; +http://www.bing.com/bingbot.htm)"
66.249.70.7 - - [07/Dec/2017:06:29:49 +0100] "GET /robots.txt HTTP/1.1" 404 1181 "-" "Mozilla/5.0 (compatible; Googlebot/2.1; +http://www.google.com/bot.html)"
66.249.70.9 - - [07/Dec/2017:06:29:50 +0100] "GET /favicon.ico HTTP/1.1" 404 1181 "-" "Googlebot-Image/1.0"
207.46.13.76 - - [07/Dec/2017:06:34:14 +0100] "GET /robots.txt HTTP/1.1" 404 1181 "-" "Mozilla/5.0 (compatible; bingbot/2.0; +http://www.bing.com/bingbot.htm)"
157.55.39.56 - - [07/Dec/2017:06:34:19 +0100] "GET /aktualis_elemei/bio2szulinap_elemei/image060.jpg HTTP/1.1" 200 16684 "-" "Mozilla/5.0 (compatible; bingbot/2.0; +http://www.bing.com/bingbot.htm)"
