82.137.9.208 - - [11/Dec/2017:21:31:06 +0100] "GET /aktualis_elemei/bio2szulinap_elemei/image088.jpg HTTP/1.1" 200 7592 "http://www.greenaction.hu/aktualis_elemei/bio2szulinap.html" "Mozilla/5.0 (Windows NT 6.1; Win64; x64) AppleWebKit/537.36 (KHTML, like Gecko) Chrome/62.0.3202.94 Safari/537.36"
82.137.9.208 - - [11/Dec/2017:21:31:06 +0100] "GET /aktualis_elemei/bio2szulinap_elemei/image090.jpg HTTP/1.1" 200 7132 "http://www.greenaction.hu/aktualis_elemei/bio2szulinap.html" "Mozilla/5.0 (Windows NT 6.1; Win64; x64) AppleWebKit/537.36 (KHTML, like Gecko) Chrome/62.0.3202.94 Safari/537.36"
82.137.9.208 - - [11/Dec/2017:21:31:07 +0100] "GET /aktualis_elemei/bio2szulinap_elemei/image092.jpg HTTP/1.1" 200 7352 "http://www.greenaction.hu/aktualis_elemei/bio2szulinap.html" "Mozilla/5.0 (Windows NT 6.1; Win64; x64) AppleWebKit/537.36 (KHTML, like Gecko) Chrome/62.0.3202.94 Safari/537.36"
82.137.9.208 - - [11/Dec/2017:21:31:07 +0100] "GET /aktualis_elemei/bio2szulinap_elemei/image094.jpg HTTP/1.1" 200 7635 "http://www.greenaction.hu/aktualis_elemei/bio2szulinap.html" "Mozilla/5.0 (Windows NT 6.1; Win64; x64) AppleWebKit/537.36 (KHTML, like Gecko) Chrome/62.0.3202.94 Safari/537.36"
82.137.9.208 - - [11/Dec/2017:21:31:07 +0100] "GET /aktualis_elemei/bio2szulinap_elemei/image096.jpg HTTP/1.1" 200 8771 "http://www.greenaction.hu/aktualis_elemei/bio2szulinap.html" "Mozilla/5.0 (Windows NT 6.1; Win64; x64) AppleWebKit/537.36 (KHTML, like Gecko) Chrome/62.0.3202.94 Safari/537.36"
134.249.52.116 - - [11/Dec/2017:21:38:44 +0100] "GET / HTTP/1.1" 200 884 "http://creditwell.ru/procedura-vybora-i-oformleniya-kreditnoj-karty/" "Mozilla/4.0 (compatible; MSIE 6.0; Windows NT 5.1; MRA 4.6 (build 01425))"
134.249.52.116 - - [11/Dec/2017:21:38:44 +0100] "GET / HTTP/1.1" 200 884 "http://creditwell.ru/procedura-vybora-i-oformleniya-kreditnoj-karty/" "Mozilla/4.0 (compatible; MSIE 6.0; Windows NT 5.1; MRA 4.6 (build 01425))"
134.249.52.116 - - [11/Dec/2017:21:38:45 +0100] "GET / HTTP/1.1" 200 884 "http://creditwell.ru/procedura-vybora-i-oformleniya-kreditnoj-karty/" "Mozilla/4.0 (compatible; MSIE 6.0; Windows NT 5.1; MRA 4.6 (build 01425))"
66.249.70.9 - - [11/Dec/2017:21:54:59 +0100] "GET /aktualis_elemei/bio2szulinap_elemei/image042.jpg HTTP/1.1" 304 - "-" "Googlebot-Image/1.0"
54.194.17.96 - - [11/Dec/2017:22:25:39 +0100] "GET /robots.txt HTTP/1.1" 404 1181 "-" "Barkrowler/0.7 (+http://www.exensa.com/crawl)"
54.194.17.96 - - [11/Dec/2017:22:25:40 +0100] "GET / HTTP/1.1" 200 884 "-" "Barkrowler/0.7 (+http://www.exensa.com/crawl)"
134.249.64.243 - - [11/Dec/2017:22:59:46 +0100] "GET / HTTP/1.1" 200 884 "http://chocolateslim-en-espana.com/" "Mozilla/4.0 (compatible; MSIE 6.0; Windows XP)"
134.249.64.243 - - [11/Dec/2017:22:59:46 +0100] "GET / HTTP/1.1" 200 884 "http://chocolateslim-en-espana.com/" "Mozilla/4.0 (compatible; MSIE 6.0; Windows XP)"
134.249.64.243 - - [11/Dec/2017:22:59:46 +0100] "GET / HTTP/1.1" 200 884 "http://chocolateslim-en-espana.com/" "Mozilla/4.0 (compatible; MSIE 6.0; Windows XP)"
66.249.70.11 - - [11/Dec/2017:23:05:50 +0100] "GET /robots.txt HTTP/1.1" 404 1181 "-" "Mozilla/5.0 (compatible; Googlebot/2.1; +http://www.google.com/bot.html)"
66.249.70.9 - - [11/Dec/2017:23:05:50 +0100] "GET /aktualis_elemei/bio2szulinap_elemei/image126.jpg HTTP/1.1" 200 9363 "-" "Googlebot-Image/1.0"
78.131.55.177 - - [11/Dec/2017:23:14:45 +0100] "GET /archiv_elemei/acitc.html HTTP/1.1" 200 13312 "-" "Mozilla/5.0"
207.46.13.0 - - [11/Dec/2017:23:49:59 +0100] "GET /robots.txt HTTP/1.1" 404 1181 "-" "Mozilla/5.0 (compatible; bingbot/2.0; +http://www.bing.com/bingbot.htm)"
207.46.13.0 - - [11/Dec/2017:23:50:01 +0100] "GET /robots.txt HTTP/1.1" 404 1181 "-" "Mozilla/5.0 (compatible; bingbot/2.0; +http://www.bing.com/bingbot.htm)"
46.118.121.38 - - [12/Dec/2017:00:09:13 +0100] "GET / HTTP/1.1" 200 884 "https://zarabotat-na-sajte.ru/" "Mozilla/4.0 (compatible; MSIE 6.0; Update a; AOL 6.0; Windows 98)"
46.118.121.38 - - [12/Dec/2017:00:09:14 +0100] "GET / HTTP/1.1" 200 884 "https://zarabotat-na-sajte.ru/" "Mozilla/4.0 (compatible; MSIE 6.0; Update a; AOL 6.0; Windows 98)"
46.118.121.38 - - [12/Dec/2017:00:09:14 +0100] "GET / HTTP/1.1" 200 884 "https://zarabotat-na-sajte.ru/" "Mozilla/4.0 (compatible; MSIE 6.0; Update a; AOL 6.0; Windows 98)"
188.163.73.8 - - [12/Dec/2017:00:44:16 +0100] "GET / HTTP/1.1" 200 884 "http://1001watch.com.ua/" "Mozilla/5.0 (Windows NT 5.1; U; en) Opera 8.01"
188.163.73.8 - - [12/Dec/2017:00:44:16 +0100] "GET / HTTP/1.1" 200 884 "http://1001watch.com.ua/" "Mozilla/5.0 (Windows NT 5.1; U; en) Opera 8.01"
188.163.73.8 - - [12/Dec/2017:00:44:17 +0100] "GET / HTTP/1.1" 200 884 "http://1001watch.com.ua/" "Mozilla/5.0 (Windows NT 5.1; U; en) Opera 8.01"
52.50.55.175 - - [12/Dec/2017:01:33:45 +0100] "GET /robots.txt HTTP/1.1" 404 1181 "-" "Barkrowler/0.7 (+http://www.exensa.com/crawl)"
52.50.55.175 - - [12/Dec/2017:01:33:47 +0100] "GET / HTTP/1.1" 200 884 "-" "Barkrowler/0.7 (+http://www.exensa.com/crawl)"
141.8.183.17 - - [12/Dec/2017:01:38:50 +0100] "GET /robots.txt HTTP/1.1" 404 1181 "-" "Mozilla/5.0 (compatible; YandexBot/3.0; +http://yandex.com/bots)"
141.8.183.17 - - [12/Dec/2017:01:38:51 +0100] "GET /aktualis_elemei/bio2szulinap_elemei/image038.jpg HTTP/1.1" 200 14459 "-" "Mozilla/5.0 (compatible; YandexImages/3.0; +http://yandex.com/bots)"
66.249.70.7 - - [12/Dec/2017:02:11:42 +0100] "GET /aktualis_elemei/bio2szulinap_elemei/image078.jpg HTTP/1.1" 304 - "-" "Googlebot-Image/1.0"
207.46.13.0 - - [12/Dec/2017:02:18:04 +0100] "GET /aktualis_elemei/bio2szulinap_elemei/image094.jpg HTTP/1.1" 200 7635 "-" "Mozilla/5.0 (compatible; bingbot/2.0; +http://www.bing.com/bingbot.htm)"
207.46.13.76 - - [12/Dec/2017:02:18:05 +0100] "GET /robots.txt HTTP/1.1" 404 1181 "-" "Mozilla/5.0 (compatible; bingbot/2.0; +http://www.bing.com/bingbot.htm)"
66.249.70.11 - - [12/Dec/2017:02:26:06 +0100] "GET /aktualis_elemei/bio2szulinap_elemei/image102.jpg HTTP/1.1" 304 - "-" "Googlebot-Image/1.0"
207.46.13.81 - - [12/Dec/2017:02:36:20 +0100] "GET /aktualis_elemei/bio2szulinap_elemei/image114.jpg HTTP/1.1" 200 6950 "-" "Mozilla/5.0 (compatible; bingbot/2.0; +http://www.bing.com/bingbot.htm)"
66.249.70.9 - - [12/Dec/2017:02:40:30 +0100] "GET /aktualis_elemei/bio2szulinap_elemei/image008.jpg HTTP/1.1" 304 - "-" "Googlebot-Image/1.0"
66.249.70.9 - - [12/Dec/2017:02:48:20 +0100] "GET /aktualis_elemei/bio2szulinap_elemei/image132.jpg HTTP/1.1" 304 - "-" "Googlebot-Image/1.0"
66.249.70.11 - - [12/Dec/2017:02:56:09 +0100] "GET /aktualis_elemei/bio2szulinap_elemei/image048.jpg HTTP/1.1" 304 - "-" "Googlebot-Image/1.0"
35.225.136.49 - - [12/Dec/2017:03:52:40 +0100] "GET /robots.txt HTTP/1.1" 404 1181 "-" "ltx71 - (http://ltx71.com/)"
68.180.230.114 - - [12/Dec/2017:03:56:03 +0100] "GET /robots.txt HTTP/1.1" 404 1181 "-" "Mozilla/5.0 (compatible; Yahoo! Slurp; http://help.yahoo.com/help/us/ysearch/slurp)"
68.180.230.114 - - [12/Dec/2017:03:56:04 +0100] "GET / HTTP/1.1" 304 - "-" "Mozilla/5.0 (compatible; Yahoo! Slurp; http://help.yahoo.com/help/us/ysearch/slurp)"
68.180.230.114 - - [12/Dec/2017:03:56:04 +0100] "GET /zoldakcio.swf HTTP/1.1" 304 - "-" "Mozilla/5.0 (compatible; Yahoo! Slurp; http://help.yahoo.com/help/us/ysearch/slurp)"
40.77.167.95 - - [12/Dec/2017:03:58:29 +0100] "GET /aktualis_elemei/bio2szulinap_elemei/image038.jpg HTTP/1.1" 200 14459 "-" "Mozilla/5.0 (compatible; bingbot/2.0; +http://www.bing.com/bingbot.htm)"
185.117.74.118 - - [12/Dec/2017:04:02:49 +0100] "GET /blogs/wp-admin/setup-config.php HTTP/1.1" 404 1181 "-" "Mozilla/5.0 (Windows NT 6.1; Trident/7.0; rv:11.0) like Gecko"
185.117.74.118 - - [12/Dec/2017:04:02:49 +0100] "GET /beta/wp-admin/setup-config.php HTTP/1.1" 404 1181 "-" "Mozilla/5.0 (Windows NT 6.1; Trident/7.0; rv:11.0) like Gecko"
185.117.74.118 - - [12/Dec/2017:04:02:49 +0100] "GET /blog/wordpress/wp-admin/setup-config.php HTTP/1.1" 404 1181 "-" "Mozilla/5.0 (Windows NT 6.1; Trident/7.0; rv:11.0) like Gecko"
185.117.74.118 - - [12/Dec/2017:04:02:49 +0100] "GET /wp-admin/setup-config.php HTTP/1.1" 404 1181 "-" "Mozilla/5.0 (Windows NT 6.1; Trident/7.0; rv:11.0) like Gecko"
185.117.74.118 - - [12/Dec/2017:04:02:49 +0100] "GET /site/wp-admin/setup-config.php HTTP/1.1" 404 1181 "-" "Mozilla/5.0 (Windows NT 6.1; Trident/7.0; rv:11.0) like Gecko"
185.117.74.118 - - [12/Dec/2017:04:02:49 +0100] "GET /cms/wp-admin/setup-config.php HTTP/1.1" 404 1181 "-" "Mozilla/5.0 (Windows NT 6.1; Trident/7.0; rv:11.0) like Gecko"
66.249.70.9 - - [12/Dec/2017:04:07:59 +0100] "GET /favicon.ico HTTP/1.1" 404 1181 "-" "Googlebot-Image/1.0"
80.77.124.233 - - [12/Dec/2017:04:22:45 +0100] "GET /archiv_elemei/acitc.html HTTP/1.1" 200 13312 "-" "Mozilla/5.0 (Windows NT 10.0; Win64; x64) AppleWebKit/537.36 (KHTML, like Gecko) Chrome/62.0.3202.94 Safari/537.36"
80.77.124.233 - - [12/Dec/2017:04:22:51 +0100] "GET / HTTP/1.1" 200 884 "-" "Mozilla/5.0 (Windows NT 10.0; Win64; x64) AppleWebKit/537.36 (KHTML, like Gecko) Chrome/62.0.3202.94 Safari/537.36"
66.249.70.9 - - [12/Dec/2017:05:07:45 +0100] "GET /aktualis_elemei/belvarosi%20biovasar%20arai%202007.%20tel.doc HTTP/1.1" 200 324608 "-" "Mozilla/5.0 (Linux; Android 6.0.1; Nexus 5X Build/MMB29P) AppleWebKit/537.36 (KHTML, like Gecko) Chrome/41.0.2272.96 Mobile Safari/537.36 (compatible; Googlebot/2.1; +http://www.google.com/bot.html)"
207.46.13.81 - - [12/Dec/2017:05:31:12 +0100] "GET /aktualis_elemei/katonai_elemei/image003.jpg HTTP/1.1" 200 88392 "-" "Mozilla/5.0 (compatible; bingbot/2.0; +http://www.bing.com/bingbot.htm)"
178.255.215.87 - - [12/Dec/2017:05:44:47 +0100] "GET /robots.txt HTTP/1.1" 404 1181 "-" "Mozilla/5.0 (compatible; Exabot/3.0; +http://www.exabot.com/go/robot)"
178.255.215.87 - - [12/Dec/2017:05:44:48 +0100] "GET /aktualis_elemei/klimaorjaratp.html HTTP/1.1" 304 - "-" "Mozilla/5.0 (compatible; Exabot/3.0; +http://www.exabot.com/go/robot)"
46.118.121.38 - - [12/Dec/2017:05:48:31 +0100] "GET / HTTP/1.1" 200 884 "https://quickchange.cc/" "Mozilla/4.0 (compatible; MSIE 6.0; MSIE 5.5; Windows NT 4.0) Opera 7.0 [en]"
46.118.121.38 - - [12/Dec/2017:05:48:34 +0100] "GET / HTTP/1.1" 200 884 "https://quickchange.cc/" "Mozilla/4.0 (compatible; MSIE 6.0; MSIE 5.5; Windows NT 4.0) Opera 7.0 [en]"
46.118.121.38 - - [12/Dec/2017:05:48:35 +0100] "GET / HTTP/1.1" 200 884 "https://quickchange.cc/" "Mozilla/4.0 (compatible; MSIE 6.0; MSIE 5.5; Windows NT 4.0) Opera 7.0 [en]"
157.55.39.4 - - [12/Dec/2017:05:48:46 +0100] "GET /aktualis_elemei/ausztriaut.html HTTP/1.1" 200 73702 "-" "Mozilla/5.0 (compatible; bingbot/2.0; +http://www.bing.com/bingbot.htm)"
40.77.167.151 - - [12/Dec/2017:05:53:33 +0100] "GET /kiadvany/miabio.pdf HTTP/1.1" 200 10749690 "-" "Mozilla/5.0 (iPhone; CPU iPhone OS 7_0 like Mac OS X) AppleWebKit/537.51.1 (KHTML, like Gecko) Version/7.0 Mobile/11A465 Safari/9537.53 (compatible; bingbot/2.0; +http://www.bing.com/bingbot.htm)"
188.163.73.8 - - [12/Dec/2017:06:09:43 +0100] "GET / HTTP/1.1" 200 884 "https://music7s.me/" "Mozilla/4.0 (compatible; MSIE 6.0; Windows NT 5.1; SV1; Media Center PC"
188.163.73.8 - - [12/Dec/2017:06:09:44 +0100] "GET / HTTP/1.1" 200 884 "https://music7s.me/" "Mozilla/4.0 (compatible; MSIE 6.0; Windows NT 5.1; SV1; Media Center PC"
157.55.39.4 - - [12/Dec/2017:06:22:48 +0100] "GET /kiadvany/miskolchvte.pdf HTTP/1.1" 200 4059249 "-" "Mozilla/5.0 (iPhone; CPU iPhone OS 7_0 like Mac OS X) AppleWebKit/537.51.1 (KHTML, like Gecko) Version/7.0 Mobile/11A465 Safari/9537.53 (compatible; bingbot/2.0; +http://www.bing.com/bingbot.htm)"
40.77.167.151 - - [12/Dec/2017:06:24:27 +0100] "GET /aktualis_elemei/bio2szulinap_elemei/image134.jpg HTTP/1.1" 200 10678 "-" "Mozilla/5.0 (compatible; bingbot/2.0; +http://www.bing.com/bingbot.htm)"
207.46.13.57 - - [12/Dec/2017:06:39:08 +0100] "GET / HTTP/1.1" 200 884 "-" "Mozilla/5.0 (compatible; bingbot/2.0; +http://www.bing.com/bingbot.htm)"
46.4.87.205 - - [12/Dec/2017:06:39:41 +0100] "GET /robots.txt HTTP/1.1" 404 1181 "-" "Mozilla/5.0 (compatible; MJ12bot/v1.4.8; http://mj12bot.com/)"
46.4.87.205 - - [12/Dec/2017:06:39:43 +0100] "GET / HTTP/1.1" 200 884 "-" "Mozilla/5.0 (compatible; MJ12bot/v1.4.8; http://mj12bot.com/)"
46.4.87.205 - - [12/Dec/2017:06:39:51 +0100] "GET / HTTP/1.1" 200 884 "-" "Mozilla/5.0 (compatible; MJ12bot/v1.4.8; http://mj12bot.com/)"
46.4.87.205 - - [12/Dec/2017:06:39:56 +0100] "GET / HTTP/1.1" 200 884 "-" "Mozilla/5.0 (compatible; MJ12bot/v1.4.8; http://mj12bot.com/)"
66.249.70.7 - - [12/Dec/2017:07:26:12 +0100] "GET /aktualis_elemei/bio2szulinap.html HTTP/1.1" 304 - "-" "Mozilla/5.0 (compatible; Googlebot/2.1; +http://www.google.com/bot.html)"
199.58.86.211 - - [12/Dec/2017:07:29:55 +0100] "GET /robots.txt HTTP/1.1" 404 1181 "-" "Mozilla/5.0 (compatible; MJ12bot/v1.4.8; http://mj12bot.com/)"
199.58.86.211 - - [12/Dec/2017:07:29:58 +0100] "GET / HTTP/1.1" 200 884 "-" "Mozilla/5.0 (compatible; MJ12bot/v1.4.8; http://mj12bot.com/)"
157.55.39.4 - - [12/Dec/2017:07:39:01 +0100] "GET /aktualis_elemei/bio2szulinap_elemei/image126.jpg HTTP/1.1" 200 9363 "-" "Mozilla/5.0 (compatible; bingbot/2.0; +http://www.bing.com/bingbot.htm)"
207.46.13.0 - - [12/Dec/2017:07:45:26 +0100] "GET /aktualis_elemei/bparak0929.html HTTP/1.1" 200 105768 "-" "Mozilla/5.0 (iPhone; CPU iPhone OS 7_0 like Mac OS X) AppleWebKit/537.51.1 (KHTML, like Gecko) Version/7.0 Mobile/11A465 Safari/9537.53 (compatible; bingbot/2.0; +http://www.bing.com/bingbot.htm)"
94.199.151.22 - - [12/Dec/2017:07:56:49 +0100] "GET /robots.txt HTTP/1.1" 404 1181 "-" "Wotbox/2.01 (+http://www.wotbox.com/bot/)"
94.199.151.22 - - [12/Dec/2017:07:57:01 +0100] "GET / HTTP/1.1" 200 884 "-" "Wotbox/2.01 (+http://www.wotbox.com/bot/)"
216.244.66.230 - - [12/Dec/2017:08:22:54 +0100] "GET /robots.txt HTTP/1.1" 404 1181 "-" "Mozilla/5.0 (compatible; DotBot/1.1; http://www.opensiteexplorer.org/dotbot, help@moz.com)"
216.244.66.230 - - [12/Dec/2017:08:27:19 +0100] "GET /hirek/hirek.txt HTTP/1.1" 200 96857 "-" "Mozilla/5.0 (compatible; DotBot/1.1; http://www.opensiteexplorer.org/dotbot, help@moz.com)"
68.180.229.43 - - [12/Dec/2017:08:28:40 +0100] "GET /robots.txt HTTP/1.1" 404 1181 "-" "Mozilla/5.0 (compatible; Yahoo! Slurp; http://help.yahoo.com/help/us/ysearch/slurp)"
68.180.229.43 - - [12/Dec/2017:08:28:41 +0100] "GET /archiv_elemei/acitc_elemei/filelist.xml HTTP/1.1" 200 260 "-" "Mozilla/5.0 (compatible; Yahoo! Slurp; http://help.yahoo.com/help/us/ysearch/slurp)"
37.9.113.118 - - [12/Dec/2017:08:31:41 +0100] "GET /robots.txt HTTP/1.1" 404 1181 "-" "Mozilla/5.0 (compatible; YandexBot/3.0; +http://yandex.com/bots)"
178.154.200.36 - - [12/Dec/2017:08:31:47 +0100] "GET /kiadvany/miskolchvte.pdf HTTP/1.1" 200 4059249 "-" "Mozilla/5.0 (compatible; YandexBot/3.0; +http://yandex.com/bots)"
151.80.39.120 - - [12/Dec/2017:09:15:54 +0100] "GET /robots.txt HTTP/1.1" 404 1181 "-" "Mozilla/5.0 (compatible; AhrefsBot/5.2; +http://ahrefs.com/robot/)"
51.255.65.88 - - [12/Dec/2017:09:15:55 +0100] "GET /aktualis_elemei/fnh2008.html HTTP/1.1" 200 41031 "-" "Mozilla/5.0 (compatible; AhrefsBot/5.2; +http://ahrefs.com/robot/)"
207.46.13.0 - - [12/Dec/2017:09:21:18 +0100] "GET /aktualis_elemei/bio2szulinap_elemei/image128.jpg HTTP/1.1" 200 8653 "-" "Mozilla/5.0 (compatible; bingbot/2.0; +http://www.bing.com/bingbot.htm)"
207.46.13.6 - - [12/Dec/2017:09:27:53 +0100] "GET /aktualis_elemei/bio2szulinap_elemei/image070.jpg HTTP/1.1" 200 9176 "-" "Mozilla/5.0 (compatible; bingbot/2.0; +http://www.bing.com/bingbot.htm)"
199.30.25.253 - - [12/Dec/2017:09:46:52 +0100] "GET /kiadvany/miabio.pdf HTTP/1.1" 200 4317184 "-" "Mozilla/5.0 (iPhone; CPU iPhone OS 7_0 like Mac OS X) AppleWebKit/537.51.1 (KHTML, like Gecko) Version/7.0 Mobile/11A465 Safari/9537.53 BingPreview/1.0b"
46.118.121.38 - - [12/Dec/2017:10:18:00 +0100] "GET / HTTP/1.1" 200 884 "http://y8games-free.com/" "Mozilla/4.0 (compatible; MSIE 6.0; Windows NT 5.1; Maxthon; .NET CLR 1.1.4322)"
46.118.121.38 - - [12/Dec/2017:10:18:01 +0100] "GET / HTTP/1.1" 200 884 "http://y8games-free.com/" "Mozilla/4.0 (compatible; MSIE 6.0; Windows NT 5.1; Maxthon; .NET CLR 1.1.4322)"
216.244.66.200 - - [12/Dec/2017:10:56:46 +0100] "GET /robots.txt HTTP/1.1" 404 1181 "-" "Mozilla/5.0 (compatible; DotBot/1.1; http://www.opensiteexplorer.org/dotbot, help@moz.com)"
216.244.66.200 - - [12/Dec/2017:11:11:31 +0100] "GET / HTTP/1.1" 200 884 "-" "Mozilla/5.0 (compatible; DotBot/1.1; http://www.opensiteexplorer.org/dotbot, help@moz.com)"
157.55.39.155 - - [12/Dec/2017:11:36:25 +0100] "GET /aktualis_elemei/bio2szulinap_elemei/image060.jpg HTTP/1.1" 200 16684 "-" "Mozilla/5.0 (compatible; bingbot/2.0; +http://www.bing.com/bingbot.htm)"
40.77.167.172 - - [12/Dec/2017:12:18:52 +0100] "GET /aktualis_elemei/fnhv_elemei/image020.jpg HTTP/1.1" 200 12922 "-" "Mozilla/5.0 (compatible; bingbot/2.0; +http://www.bing.com/bingbot.htm)"
66.249.70.11 - - [12/Dec/2017:12:44:48 +0100] "GET /robots.txt HTTP/1.1" 404 1181 "-" "Mozilla/5.0 (compatible; Googlebot/2.1; +http://www.google.com/bot.html)"
66.249.70.7 - - [12/Dec/2017:12:44:48 +0100] "GET /aktualis_elemei/bio2szulinap_elemei/image096.jpg HTTP/1.1" 304 - "-" "Googlebot-Image/1.0"
66.249.70.9 - - [12/Dec/2017:12:51:13 +0100] "GET /aktualis_elemei/bio2szulinap_elemei/image108.jpg HTTP/1.1" 304 - "-" "Googlebot-Image/1.0"
217.65.120.129 - - [12/Dec/2017:13:45:35 +0100] "GET /archiv_elemei/acitc.html HTTP/1.1" 200 13312 "https://www.google.hu/" "Mozilla/5.0 (Windows NT 10.0; Win64; x64; rv:57.0) Gecko/20100101 Firefox/57.0"
217.65.120.129 - - [12/Dec/2017:13:45:36 +0100] "GET /archiv_elemei/acitc_elemei/image002.jpg HTTP/1.1" 200 7242 "http://www.greenaction.hu/archiv_elemei/acitc.html" "Mozilla/5.0 (Windows NT 10.0; Win64; x64; rv:57.0) Gecko/20100101 Firefox/57.0"
217.65.120.129 - - [12/Dec/2017:13:45:36 +0100] "GET /archiv_elemei/acitc_elemei/image004.jpg HTTP/1.1" 200 5323 "http://www.greenaction.hu/archiv_elemei/acitc.html" "Mozilla/5.0 (Windows NT 10.0; Win64; x64; rv:57.0) Gecko/20100101 Firefox/57.0"
217.65.120.129 - - [12/Dec/2017:13:45:36 +0100] "GET /favicon.ico HTTP/1.1" 404 1181 "-" "Mozilla/5.0 (Windows NT 10.0; Win64; x64; rv:57.0) Gecko/20100101 Firefox/57.0"
217.65.120.129 - - [12/Dec/2017:13:45:36 +0100] "GET /favicon.ico HTTP/1.1" 404 1181 "-" "Mozilla/5.0 (Windows NT 10.0; Win64; x64; rv:57.0) Gecko/20100101 Firefox/57.0"
66.249.64.135 - - [12/Dec/2017:14:03:20 +0100] "GET /robots.txt HTTP/1.1" 404 1181 "-" "Mozilla/5.0 (compatible; Googlebot/2.1; +http://www.google.com/bot.html)"
66.249.64.139 - - [12/Dec/2017:14:07:07 +0100] "GET /zoldakcio.swf HTTP/1.1" 200 840351 "-" "Mozilla/5.0 (compatible; Googlebot/2.1; +http://www.google.com/bot.html)"
66.249.64.137 - - [12/Dec/2017:14:07:14 +0100] "GET /esemenynaptar/SparkEventsCalendar_loadVars.txt HTTP/1.1" 200 72712 "-" "Mozilla/5.0 (compatible; Googlebot/2.1; +http://www.google.com/bot.html)"
66.249.64.137 - - [12/Dec/2017:14:07:15 +0100] "GET /hirek/hirek.txt HTTP/1.1" 200 96857 "-" "Mozilla/5.0 (compatible; Googlebot/2.1; +http://www.google.com/bot.html)"
157.55.39.158 - - [12/Dec/2017:14:19:17 +0100] "GET /aktualis_elemei/bio2szulinap_elemei/image138.jpg HTTP/1.1" 200 9822 "-" "Mozilla/5.0 (compatible; bingbot/2.0; +http://www.bing.com/bingbot.htm)"
87.250.224.62 - - [12/Dec/2017:14:24:31 +0100] "GET /robots.txt HTTP/1.1" 404 1181 "-" "Mozilla/5.0 (compatible; YandexBot/3.0; +http://yandex.com/bots)"
141.8.183.17 - - [12/Dec/2017:14:24:35 +0100] "GET /aktualis_elemei/bio2szulinap_elemei/image094.jpg HTTP/1.1" 304 - "-" "Mozilla/5.0 (compatible; YandexImages/3.0; +http://yandex.com/bots)"
180.76.15.162 - - [12/Dec/2017:14:24:51 +0100] "GET / HTTP/1.1" 200 884 "-" "Mozilla/5.0 (compatible; Baiduspider/2.0; +http://www.baidu.com/search/spider.html)"
66.249.64.139 - - [12/Dec/2017:14:29:48 +0100] "GET / HTTP/1.1" 200 884 "-" "Mozilla/5.0 (compatible; Googlebot/2.1; +http://www.google.com/bot.html)"
157.55.39.155 - - [12/Dec/2017:15:06:31 +0100] "GET /aktualis_elemei/bekamentes_elemei/image002.jpg HTTP/1.1" 200 15229 "-" "Mozilla/5.0 (compatible; bingbot/2.0; +http://www.bing.com/bingbot.htm)"
46.139.78.12 - - [12/Dec/2017:15:16:05 +0100] "GET / HTTP/1.1" 200 884 "-" "Java/1.8.0_151"
5.45.207.30 - - [12/Dec/2017:15:42:30 +0100] "GET /aktualis_elemei/bio2szulinap_elemei/image042.jpg HTTP/1.1" 200 16066 "-" "Mozilla/5.0 (compatible; YandexImages/3.0; +http://yandex.com/bots)"
52.50.55.175 - - [12/Dec/2017:16:01:04 +0100] "GET /robots.txt HTTP/1.1" 404 1181 "-" "Barkrowler/0.7 (+http://www.exensa.com/crawl)"
52.50.55.175 - - [12/Dec/2017:16:01:12 +0100] "GET /magunkrol_elemei/kozhasznu.html HTTP/1.1" 200 48365 "-" "Barkrowler/0.7 (+http://www.exensa.com/crawl)"
95.108.213.6 - - [12/Dec/2017:16:16:00 +0100] "GET / HTTP/1.1" 200 884 "-" "Mozilla/5.0 (compatible; YandexBot/3.0; +http://yandex.com/bots)"
213.180.203.28 - - [12/Dec/2017:16:16:00 +0100] "GET /robots.txt HTTP/1.1" 404 1181 "-" "Mozilla/5.0 (compatible; YandexBot/3.0; +http://yandex.com/bots)"
95.108.181.73 - - [12/Dec/2017:16:16:04 +0100] "GET / HTTP/1.1" 200 884 "-" "Mozilla/5.0 (compatible; YandexBot/3.0; +http://yandex.com/bots)"
213.180.203.28 - - [12/Dec/2017:16:16:05 +0100] "GET /zoldakcio.swf HTTP/1.1" 200 840351 "-" "Mozilla/5.0 (compatible; YandexBot/3.0; +http://yandex.com/bots)"
95.108.213.22 - - [12/Dec/2017:16:16:09 +0100] "GET /zoldakcio.swf HTTP/1.1" 200 840351 "-" "Mozilla/5.0 (compatible; YandexBot/3.0; +http://yandex.com/bots)"
207.46.13.112 - - [12/Dec/2017:16:55:45 +0100] "GET / HTTP/1.1" 200 884 "-" "Mozilla/5.0 (iPhone; CPU iPhone OS 7_0 like Mac OS X) AppleWebKit/537.51.1 (KHTML, like Gecko) Version/7.0 Mobile/11A465 Safari/9537.53 (compatible; bingbot/2.0; +http://www.bing.com/bingbot.htm)"
131.253.27.51 - - [12/Dec/2017:16:55:47 +0100] "GET /pattern.jpg HTTP/1.1" 200 13798 "-" "Mozilla/5.0 (iPhone; CPU iPhone OS 7_0 like Mac OS X) AppleWebKit/537.51.1 (KHTML, like Gecko) Version/7.0 Mobile/11A465 Safari/9537.53 BingPreview/1.0b"
131.253.25.208 - - [12/Dec/2017:16:55:50 +0100] "GET /zoldakcio.swf HTTP/1.1" 200 840351 "-" "Mozilla/5.0 (iPhone; CPU iPhone OS 7_0 like Mac OS X) AppleWebKit/537.51.1 (KHTML, like Gecko) Version/7.0 Mobile/11A465 Safari/9537.53 BingPreview/1.0b"
40.77.167.133 - - [12/Dec/2017:16:56:30 +0100] "GET /robots.txt HTTP/1.1" 404 1181 "-" "Mozilla/5.0 (compatible; bingbot/2.0; +http://www.bing.com/bingbot.htm)"
87.242.36.243 - - [12/Dec/2017:17:42:06 +0100] "GET /aktualis_elemei/bio2szulinap_elemei/image126.jpg HTTP/1.1" 200 9363 "https://www.google.co.uk/" "Mozilla/5.0 (iPhone; CPU iPhone OS 11_1_1 like Mac OS X) AppleWebKit/604.3.5 (KHTML, like Gecko) Version/11.0 Mobile/15B150 Safari/604.1"
220.181.108.103 - - [12/Dec/2017:18:50:18 +0100] "GET /kiadvany/delbukk.pdf HTTP/1.1" 200 1540585 "-" "Mozilla/5.0 (compatible; Baiduspider/2.0; +http://www.baidu.com/search/spider.html)"
34.241.185.182 - - [12/Dec/2017:19:20:31 +0100] "HEAD / HTTP/1.1" 200 0 "-" "Mozilla/5.0 (compatible; JobKereso; +https://www.kozvetlen-allasok.hu/robot.jsp info@kozvetlen-allasok.hu)"
34.241.185.182 - - [12/Dec/2017:19:20:31 +0100] "GET /robots.txt HTTP/1.1" 404 1181 "-" "Mozilla/5.0 (compatible; JobKereso; +https://www.kozvetlen-allasok.hu/robot.jsp info@kozvetlen-allasok.hu)"
34.241.185.182 - - [12/Dec/2017:19:20:31 +0100] "HEAD / HTTP/1.1" 200 0 "-" "Mozilla/5.0 (compatible; JobKereso; +https://www.kozvetlen-allasok.hu/robot.jsp info@kozvetlen-allasok.hu)"
34.241.185.182 - - [12/Dec/2017:19:20:31 +0100] "GET / HTTP/1.1" 200 884 "-" "Mozilla/5.0 (compatible; JobKereso; +https://www.kozvetlen-allasok.hu/robot.jsp info@kozvetlen-allasok.hu)"
34.241.185.182 - - [12/Dec/2017:19:20:31 +0100] "HEAD /favicon.ico HTTP/1.1" 404 0 "https://www.kozvetlen-allasok.hu" "Mozilla/5.0 (compatible; JobKeresoBot; +https://www.kozvetlen-allasok.hu/help.jsp; info@kozvetlen-allasok.hu; 5.0"
52.210.38.41 - - [12/Dec/2017:19:36:29 +0100] "HEAD / HTTP/1.1" 200 0 "-" "Mozilla/5.0 (compatible; JobKereso; +https://www.kozvetlen-allasok.hu/robot.jsp info@kozvetlen-allasok.hu)"
52.210.38.41 - - [12/Dec/2017:19:36:29 +0100] "GET /robots.txt HTTP/1.1" 404 1181 "-" "Mozilla/5.0 (compatible; JobKereso; +https://www.kozvetlen-allasok.hu/robot.jsp info@kozvetlen-allasok.hu)"
52.210.38.41 - - [12/Dec/2017:19:36:29 +0100] "HEAD / HTTP/1.1" 200 0 "-" "Mozilla/5.0 (compatible; JobKereso; +https://www.kozvetlen-allasok.hu/robot.jsp info@kozvetlen-allasok.hu)"
52.210.38.41 - - [12/Dec/2017:19:36:29 +0100] "GET / HTTP/1.1" 200 884 "-" "Mozilla/5.0 (compatible; JobKereso; +https://www.kozvetlen-allasok.hu/robot.jsp info@kozvetlen-allasok.hu)"
52.210.38.41 - - [12/Dec/2017:19:36:29 +0100] "HEAD /favicon.ico HTTP/1.1" 404 0 "https://www.kozvetlen-allasok.hu" "Mozilla/5.0 (compatible; JobKeresoBot; +https://www.kozvetlen-allasok.hu/help.jsp; info@kozvetlen-allasok.hu; 5.0"
207.46.13.112 - - [12/Dec/2017:19:58:27 +0100] "GET / HTTP/1.1" 200 884 "-" "Mozilla/5.0 (compatible; bingbot/2.0; +http://www.bing.com/bingbot.htm)"
77.111.91.248 - - [12/Dec/2017:20:20:58 +0100] "GET /archiv_elemei/acitc.html HTTP/1.1" 200 13312 "-" "Mozilla/5.0 (Windows NT 10.0; Win64; x64) AppleWebKit/537.36 (KHTML, like Gecko) Chrome/62.0.3202.94 Safari/537.36"
77.111.91.248 - - [12/Dec/2017:20:21:04 +0100] "GET / HTTP/1.1" 200 884 "-" "Mozilla/5.0 (Windows NT 10.0; Win64; x64) AppleWebKit/537.36 (KHTML, like Gecko) Chrome/62.0.3202.94 Safari/537.36"
52.41.211.72 - - [12/Dec/2017:20:55:10 +0100] "GET / HTTP/1.1" 200 884 "-" "Magic Browser"
52.41.211.72 - - [12/Dec/2017:20:55:11 +0100] "GET / HTTP/1.1" 200 884 "-" "Magic Browser"
151.80.39.27 - - [12/Dec/2017:21:42:50 +0100] "GET /robots.txt HTTP/1.1" 404 1181 "-" "Mozilla/5.0 (compatible; AhrefsBot/5.2; +http://ahrefs.com/robot/)"
164.132.161.18 - - [12/Dec/2017:21:42:50 +0100] "GET / HTTP/1.1" 200 884 "-" "Mozilla/5.0 (compatible; AhrefsBot/5.2; +http://ahrefs.com/robot/)"
207.46.13.112 - - [12/Dec/2017:22:21:57 +0100] "GET / HTTP/1.1" 200 884 "-" "Mozilla/5.0 (compatible; bingbot/2.0; +http://www.bing.com/bingbot.htm)"
46.118.157.50 - - [12/Dec/2017:22:45:51 +0100] "GET / HTTP/1.1" 200 884 "http://buzz-porno.info/" "Mozilla/4.0 (compatible; MSIE 5.0; Windows NT; DigExt)"
46.118.157.50 - - [12/Dec/2017:22:45:52 +0100] "GET / HTTP/1.1" 200 884 "http://buzz-porno.info/" "Mozilla/4.0 (compatible; MSIE 5.0; Windows NT; DigExt)"
46.118.157.50 - - [12/Dec/2017:22:45:52 +0100] "GET / HTTP/1.1" 200 884 "http://buzz-porno.info/" "Mozilla/4.0 (compatible; MSIE 5.0; Windows NT; DigExt)"
193.225.93.53 - - [12/Dec/2017:22:58:04 +0100] "GET /aktualis_elemei/katonai_elemei/image004.jpg HTTP/1.1" 200 56554 "https://www.google.hu/" "Mozilla/5.0 (Windows NT 6.1; Win64; x64) AppleWebKit/537.36 (KHTML, like Gecko) Chrome/62.0.3202.94 Safari/537.36"
157.55.39.155 - - [12/Dec/2017:23:12:03 +0100] "GET /aktualis_elemei/katonai.html HTTP/1.1" 200 22109 "-" "Mozilla/5.0 (iPhone; CPU iPhone OS 7_0 like Mac OS X) AppleWebKit/537.51.1 (KHTML, like Gecko) Version/7.0 Mobile/11A465 Safari/9537.53 (compatible; bingbot/2.0; +http://www.bing.com/bingbot.htm)"
40.77.167.149 - - [12/Dec/2017:23:37:18 +0100] "GET /kiadvany/miabio.pdf HTTP/1.1" 200 10707770 "-" "Mozilla/5.0 (iPhone; CPU iPhone OS 7_0 like Mac OS X) AppleWebKit/537.51.1 (KHTML, like Gecko) Version/7.0 Mobile/11A465 Safari/9537.53 (compatible; bingbot/2.0; +http://www.bing.com/bingbot.htm)"
207.46.13.112 - - [12/Dec/2017:23:53:07 +0100] "GET /aktualis_elemei/bio2szulinap_elemei/image130.jpg HTTP/1.1" 200 7636 "-" "Mozilla/5.0 (compatible; bingbot/2.0; +http://www.bing.com/bingbot.htm)"
157.55.39.155 - - [12/Dec/2017:23:56:17 +0100] "GET /aktualis_elemei/fnhv_elemei/image023.jpg HTTP/1.1" 200 10309 "-" "Mozilla/5.0 (compatible; bingbot/2.0; +http://www.bing.com/bingbot.htm)"
157.55.39.155 - - [13/Dec/2017:00:19:06 +0100] "GET /aktualis.html HTTP/1.1" 200 104235 "-" "Mozilla/5.0 (iPhone; CPU iPhone OS 7_0 like Mac OS X) AppleWebKit/537.51.1 (KHTML, like Gecko) Version/7.0 Mobile/11A465 Safari/9537.53 (compatible; bingbot/2.0; +http://www.bing.com/bingbot.htm)"
131.253.27.64 - - [13/Dec/2017:00:38:39 +0100] "GET /kiadvany/miabio.pdf HTTP/1.1" 200 67344 "-" "Mozilla/5.0 (iPhone; CPU iPhone OS 7_0 like Mac OS X) AppleWebKit/537.51.1 (KHTML, like Gecko) Version/7.0 Mobile/11A465 Safari/9537.53 BingPreview/1.0b"
51.255.71.120 - - [13/Dec/2017:00:53:59 +0100] "GET /aktualis_elemei/biovasarszombat.html HTTP/1.1" 200 12258 "-" "Mozilla/5.0 (compatible; AhrefsBot/5.2; +http://ahrefs.com/robot/)"
51.255.65.58 - - [13/Dec/2017:00:59:34 +0100] "GET /aktualis_elemei/upfuzet.html HTTP/1.1" 200 13137 "-" "Mozilla/5.0 (compatible; AhrefsBot/5.2; +http://ahrefs.com/robot/)"
207.46.13.112 - - [13/Dec/2017:01:44:26 +0100] "GET /aktualis_elemei/bio2szulinap_elemei/image052.jpg HTTP/1.1" 200 11533 "-" "Mozilla/5.0 (compatible; bingbot/2.0; +http://www.bing.com/bingbot.htm)"
207.46.13.112 - - [13/Dec/2017:02:52:46 +0100] "GET /aktualis_elemei/bio2szulinap_elemei/image112.jpg HTTP/1.1" 200 8269 "-" "Mozilla/5.0 (compatible; bingbot/2.0; +http://www.bing.com/bingbot.htm)"
207.46.13.76 - - [13/Dec/2017:02:57:24 +0100] "GET /robots.txt HTTP/1.1" 404 1181 "-" "Mozilla/5.0 (compatible; bingbot/2.0; +http://www.bing.com/bingbot.htm)"
207.46.13.112 - - [13/Dec/2017:02:57:34 +0100] "GET /aktualis_elemei/bio2szulinap.html HTTP/1.1" 200 71694 "-" "Mozilla/5.0 (iPhone; CPU iPhone OS 7_0 like Mac OS X) AppleWebKit/537.51.1 (KHTML, like Gecko) Version/7.0 Mobile/11A465 Safari/9537.53 (compatible; bingbot/2.0; +http://www.bing.com/bingbot.htm)"
46.118.157.50 - - [13/Dec/2017:03:13:44 +0100] "GET / HTTP/1.1" 200 884 "http://shtaketniki.kz/" "Mozilla/4.0 (compatible; MSIE 6.0; Windows NT 5.2; WOW64; SV1; .NET CLR 2.0.50727)"
46.118.157.50 - - [13/Dec/2017:03:13:45 +0100] "GET / HTTP/1.1" 200 884 "http://shtaketniki.kz/" "Mozilla/4.0 (compatible; MSIE 6.0; Windows NT 5.2; WOW64; SV1; .NET CLR 2.0.50727)"
46.118.157.50 - - [13/Dec/2017:03:13:45 +0100] "GET / HTTP/1.1" 200 884 "http://shtaketniki.kz/" "Mozilla/4.0 (compatible; MSIE 6.0; Windows NT 5.2; WOW64; SV1; .NET CLR 2.0.50727)"
207.46.13.206 - - [13/Dec/2017:03:41:46 +0100] "GET /aktualis_elemei/bio2szulinap_elemei/image106.jpg HTTP/1.1" 200 7697 "-" "Mozilla/5.0 (compatible; bingbot/2.0; +http://www.bing.com/bingbot.htm)"
46.139.78.12 - - [13/Dec/2017:03:57:41 +0100] "GET / HTTP/1.1" 200 884 "-" "Java/1.8.0_151"
66.249.70.9 - - [13/Dec/2017:04:03:00 +0100] "GET /robots.txt HTTP/1.1" 404 1181 "-" "Mozilla/5.0 (compatible; Googlebot/2.1; +http://www.google.com/bot.html)"
66.249.70.7 - - [13/Dec/2017:04:03:00 +0100] "GET /aktualis_elemei/bio2szulinap_elemei/image108.jpg HTTP/1.1" 304 - "-" "Googlebot-Image/1.0"
134.249.52.116 - - [13/Dec/2017:04:04:47 +0100] "GET / HTTP/1.1" 200 884 "https://bestcoin.cc/" "Opera/7.11 (Windows NT 5.1; U) [en]"
134.249.52.116 - - [13/Dec/2017:04:04:47 +0100] "GET / HTTP/1.1" 200 884 "https://bestcoin.cc/" "Opera/7.11 (Windows NT 5.1; U) [en]"
134.249.52.116 - - [13/Dec/2017:04:04:48 +0100] "GET / HTTP/1.1" 200 884 "https://bestcoin.cc/" "Opera/7.11 (Windows NT 5.1; U) [en]"
141.8.183.17 - - [13/Dec/2017:04:29:04 +0100] "GET /robots.txt HTTP/1.1" 404 1181 "-" "Mozilla/5.0 (compatible; YandexBot/3.0; +http://yandex.com/bots)"
141.8.183.17 - - [13/Dec/2017:04:29:08 +0100] "GET /aktualis_elemei/bio2szulinap_elemei/image018.gif HTTP/1.1" 200 41110 "-" "Mozilla/5.0 (compatible; YandexImages/3.0; +http://yandex.com/bots)"
157.55.39.155 - - [13/Dec/2017:04:31:42 +0100] "GET /aktualis_elemei/katonai_elemei/image004.jpg HTTP/1.1" 200 56554 "-" "Mozilla/5.0 (compatible; bingbot/2.0; +http://www.bing.com/bingbot.htm)"
40.77.167.149 - - [13/Dec/2017:04:44:11 +0100] "GET /aktualis_elemei/bio2szulinap_elemei/image074.jpg HTTP/1.1" 200 8857 "-" "Mozilla/5.0 (compatible; bingbot/2.0; +http://www.bing.com/bingbot.htm)"
188.163.73.8 - - [13/Dec/2017:04:56:58 +0100] "GET / HTTP/1.1" 200 884 "http://imk.com.ua/" "Mozilla/0.6 Beta (Windows)"
188.163.73.8 - - [13/Dec/2017:04:56:58 +0100] "GET / HTTP/1.1" 200 884 "http://imk.com.ua/" "Mozilla/0.6 Beta (Windows)"
188.163.73.8 - - [13/Dec/2017:04:56:59 +0100] "GET / HTTP/1.1" 200 884 "http://imk.com.ua/" "Mozilla/0.6 Beta (Windows)"
188.163.73.8 - - [13/Dec/2017:05:24:49 +0100] "GET / HTTP/1.1" 200 884 "https://resant.ru/bezopasnoe-ispolzovanie-kart-tinkoff-bank.html" "Mozilla/4.0 (compatible; MSIE 5.0; Windows NT; DigExt)"
188.163.73.8 - - [13/Dec/2017:05:24:50 +0100] "GET / HTTP/1.1" 200 884 "https://resant.ru/bezopasnoe-ispolzovanie-kart-tinkoff-bank.html" "Mozilla/4.0 (compatible; MSIE 5.0; Windows NT; DigExt)"
188.163.73.8 - - [13/Dec/2017:05:24:50 +0100] "GET / HTTP/1.1" 200 884 "https://resant.ru/bezopasnoe-ispolzovanie-kart-tinkoff-bank.html" "Mozilla/4.0 (compatible; MSIE 5.0; Windows NT; DigExt)"
37.9.113.195 - - [13/Dec/2017:05:50:03 +0100] "GET /aktualis_elemei/bio2szulinap_elemei/image012.jpg HTTP/1.1" 200 11039 "-" "Mozilla/5.0 (compatible; YandexImages/3.0; +http://yandex.com/bots)"
134.249.64.243 - - [13/Dec/2017:06:26:17 +0100] "GET / HTTP/1.1" 200 884 "http://titangel-vietnam.com/" "Mozilla/4.0 (compatible; MSIE 6.0; Windows XP)"
134.249.64.243 - - [13/Dec/2017:06:26:18 +0100] "GET / HTTP/1.1" 200 884 "http://titangel-vietnam.com/" "Mozilla/4.0 (compatible; MSIE 6.0; Windows XP)"
134.249.64.243 - - [13/Dec/2017:06:26:18 +0100] "GET / HTTP/1.1" 200 884 "http://titangel-vietnam.com/" "Mozilla/4.0 (compatible; MSIE 6.0; Windows XP)"
158.85.81.116 - - [13/Dec/2017:06:37:28 +0100] "GET / HTTP/1.1" 200 884 "-" "-"
207.46.13.206 - - [13/Dec/2017:06:52:27 +0100] "GET /kiadvany/delbukk.pdf HTTP/1.1" 200 1540585 "-" "Mozilla/5.0 (iPhone; CPU iPhone OS 7_0 like Mac OS X) AppleWebKit/537.51.1 (KHTML, like Gecko) Version/7.0 Mobile/11A465 Safari/9537.53 (compatible; bingbot/2.0; +http://www.bing.com/bingbot.htm)"
157.55.39.155 - - [13/Dec/2017:07:14:20 +0100] "GET /hirek/hirek.txt HTTP/1.1" 200 96857 "-" "Mozilla/5.0 (compatible; bingbot/2.0; +http://www.bing.com/bingbot.htm)"
207.46.13.112 - - [13/Dec/2017:07:20:42 +0100] "GET /aktualis_elemei/bio2szulinap_elemei/image118.jpg HTTP/1.1" 200 9292 "-" "Mozilla/5.0 (compatible; bingbot/2.0; +http://www.bing.com/bingbot.htm)"
40.77.167.102 - - [13/Dec/2017:07:22:44 +0100] "GET /aktualis_elemei/bio2szulinap_elemei/image088.jpg HTTP/1.1" 200 7592 "-" "Mozilla/5.0 (compatible; bingbot/2.0; +http://www.bing.com/bingbot.htm)"
157.55.39.155 - - [13/Dec/2017:07:26:35 +0100] "GET /kiadvany/miskolchvte.pdf HTTP/1.1" 200 4059249 "-" "Mozilla/5.0 (iPhone; CPU iPhone OS 7_0 like Mac OS X) AppleWebKit/537.51.1 (KHTML, like Gecko) Version/7.0 Mobile/11A465 Safari/9537.53 (compatible; bingbot/2.0; +http://www.bing.com/bingbot.htm)"
157.55.39.155 - - [13/Dec/2017:07:27:32 +0100] "GET /kiadvany/miskolchvte.pdf HTTP/1.1" 200 4059249 "-" "Mozilla/5.0 (iPhone; CPU iPhone OS 7_0 like Mac OS X) AppleWebKit/537.51.1 (KHTML, like Gecko) Version/7.0 Mobile/11A465 Safari/9537.53 (compatible; bingbot/2.0; +http://www.bing.com/bingbot.htm)"
46.118.121.38 - - [13/Dec/2017:07:32:27 +0100] "GET / HTTP/1.1" 200 884 "http://fishtauto.ru/" "Mozilla/4.0 (compatible; MSIE 6.0; Windows NT 5.1; en) Opera 8.00"
46.118.121.38 - - [13/Dec/2017:07:32:28 +0100] "GET / HTTP/1.1" 200 884 "http://fishtauto.ru/" "Mozilla/4.0 (compatible; MSIE 6.0; Windows NT 5.1; en) Opera 8.00"
46.118.121.38 - - [13/Dec/2017:07:32:28 +0100] "GET / HTTP/1.1" 200 884 "http://fishtauto.ru/" "Mozilla/4.0 (compatible; MSIE 6.0; Windows NT 5.1; en) Opera 8.00"
46.118.157.50 - - [13/Dec/2017:07:47:35 +0100] "GET / HTTP/1.1" 200 884 "http://nalogovyykodeks.ru/" "Mozilla/4.0 (compatible; MSIE 4.01; Digital AlphaServer 1000A 4/233; Windows NT; Powered By 64-Bit Alpha Processor)"
46.118.157.50 - - [13/Dec/2017:07:47:35 +0100] "GET / HTTP/1.1" 200 884 "http://nalogovyykodeks.ru/" "Mozilla/4.0 (compatible; MSIE 4.01; Digital AlphaServer 1000A 4/233; Windows NT; Powered By 64-Bit Alpha Processor)"
46.118.157.50 - - [13/Dec/2017:07:47:36 +0100] "GET / HTTP/1.1" 200 884 "http://nalogovyykodeks.ru/" "Mozilla/4.0 (compatible; MSIE 4.01; Digital AlphaServer 1000A 4/233; Windows NT; Powered By 64-Bit Alpha Processor)"
207.46.13.112 - - [13/Dec/2017:08:07:53 +0100] "GET /aktualis_elemei/bio2szulinap_elemei/image080.jpg HTTP/1.1" 200 9907 "-" "Mozilla/5.0 (compatible; bingbot/2.0; +http://www.bing.com/bingbot.htm)"
207.46.13.206 - - [13/Dec/2017:09:23:57 +0100] "GET /aktualis_elemei/bio2szulinap_elemei/image124.jpg HTTP/1.1" 200 8278 "-" "Mozilla/5.0 (compatible; bingbot/2.0; +http://www.bing.com/bingbot.htm)"
42.236.46.85 - - [13/Dec/2017:09:34:56 +0100] "GET / HTTP/1.1" 200 884 "http://www.greenaction.hu/" "Mozilla/5.0 (Windows NT 6.1; WOW64) AppleWebKit/537.36 (KHTML, like Gecko) Chrome/50.0.2661.102 Safari/537.36; 360Spider"
216.244.66.247 - - [13/Dec/2017:10:08:17 +0100] "GET /robots.txt HTTP/1.1" 404 1181 "-" "Mozilla/5.0 (compatible; DotBot/1.1; http://www.opensiteexplorer.org/dotbot, help@moz.com)"
216.244.66.247 - - [13/Dec/2017:10:25:04 +0100] "GET /program.html HTTP/1.1" 200 12857 "-" "Mozilla/5.0 (compatible; DotBot/1.1; http://www.opensiteexplorer.org/dotbot, help@moz.com)"
207.46.13.206 - - [13/Dec/2017:10:30:15 +0100] "GET /aktualis_elemei/bio2szulinap_elemei/image068.jpg HTTP/1.1" 200 7021 "-" "Mozilla/5.0 (compatible; bingbot/2.0; +http://www.bing.com/bingbot.htm)"
216.244.66.200 - - [13/Dec/2017:10:43:51 +0100] "GET /robots.txt HTTP/1.1" 404 1181 "-" "Mozilla/5.0 (compatible; DotBot/1.1; http://www.opensiteexplorer.org/dotbot, help@moz.com)"
216.244.66.200 - - [13/Dec/2017:10:56:09 +0100] "GET / HTTP/1.1" 200 884 "-" "Mozilla/5.0 (compatible; DotBot/1.1; http://www.opensiteexplorer.org/dotbot, help@moz.com)"
207.46.13.112 - - [13/Dec/2017:10:56:38 +0100] "GET / HTTP/1.1" 200 884 "-" "Mozilla/5.0 (compatible; bingbot/2.0; +http://www.bing.com/bingbot.htm)"
207.46.13.76 - - [13/Dec/2017:10:57:06 +0100] "GET /robots.txt HTTP/1.1" 404 1181 "-" "Mozilla/5.0 (compatible; bingbot/2.0; +http://www.bing.com/bingbot.htm)"
157.55.39.155 - - [13/Dec/2017:10:57:16 +0100] "GET /aktualis_elemei/bio2szulinap_elemei/image102.jpg HTTP/1.1" 200 8017 "-" "Mozilla/5.0 (compatible; bingbot/2.0; +http://www.bing.com/bingbot.htm)"
134.249.52.116 - - [13/Dec/2017:11:02:08 +0100] "GET / HTTP/1.1" 200 884 "https://vykup-avto-krasnodar.ru/" "Mozilla/3.0 (x86 [en] Windows NT 5.1; Sun)"
134.249.52.116 - - [13/Dec/2017:11:02:09 +0100] "GET / HTTP/1.1" 200 884 "https://vykup-avto-krasnodar.ru/" "Mozilla/3.0 (x86 [en] Windows NT 5.1; Sun)"
207.46.13.206 - - [13/Dec/2017:11:09:04 +0100] "GET /aktualis_elemei/biovasarszombat_elemei/image002.jpg HTTP/1.1" 200 15306 "-" "Mozilla/5.0 (compatible; bingbot/2.0; +http://www.bing.com/bingbot.htm)"
134.249.52.116 - - [13/Dec/2017:11:27:45 +0100] "GET / HTTP/1.1" 200 884 "http://excitacao.com/" "Mozilla/4.0 (compatible; MSIE 6.0; Windows NT 5.1; SV1; .NET CLR 1.1.4322)"
134.249.52.116 - - [13/Dec/2017:11:27:46 +0100] "GET / HTTP/1.1" 200 884 "http://excitacao.com/" "Mozilla/4.0 (compatible; MSIE 6.0; Windows NT 5.1; SV1; .NET CLR 1.1.4322)"
54.163.210.170 - - [13/Dec/2017:11:44:18 +0100] "GET /robots.txt HTTP/1.0" 404 1181 "-" "CCBot/2.0 (http://commoncrawl.org/faq/)"
54.163.210.170 - - [13/Dec/2017:11:44:18 +0100] "GET /hirek/F%F6ld%20Napja%20Hete%202011.%20programaj%E1nl%F3.pdf HTTP/1.0" 404 1181 "-" "CCBot/2.0 (http://commoncrawl.org/faq/)"
54.163.210.170 - - [13/Dec/2017:11:45:36 +0100] "GET / HTTP/1.0" 200 884 "-" "CCBot/2.0 (http://commoncrawl.org/faq/)"
80.77.124.233 - - [13/Dec/2017:12:12:18 +0100] "GET /archiv_elemei/acitc.html HTTP/1.1" 200 13312 "-" "Mozilla/5.0 (Windows NT 10.0; Win64; x64) AppleWebKit/537.36 (KHTML, like Gecko) Chrome/62.0.3202.94 Safari/537.36"
80.77.124.233 - - [13/Dec/2017:12:12:24 +0100] "GET / HTTP/1.1" 200 884 "-" "Mozilla/5.0 (Windows NT 10.0; Win64; x64) AppleWebKit/537.36 (KHTML, like Gecko) Chrome/62.0.3202.94 Safari/537.36"
66.249.70.11 - - [13/Dec/2017:12:54:08 +0100] "GET /aktualis_elemei/bio2szulinap_elemei/image006.jpg HTTP/1.1" 304 - "-" "Googlebot-Image/1.0"
46.229.168.75 - - [13/Dec/2017:13:00:58 +0100] "GET /archiv_elemei/acitc.html HTTP/1.1" 200 13312 "-" "Mozilla/5.0 (compatible; SemrushBot/1.2~bl; +http://www.semrush.com/bot.html)"
42.236.10.106 - - [13/Dec/2017:13:40:01 +0100] "GET / HTTP/1.1" 200 884 "-" "Mozilla/5.0 (Macintosh; Intel Mac OS X 10_9_2) AppleWebKit/537.36 (KHTML, like Gecko) Chrome/38.0.2125.111 Safari/537.36"
207.46.13.91 - - [13/Dec/2017:14:19:18 +0100] "GET /aktualis_elemei/bparak0908.html HTTP/1.1" 200 63132 "-" "Mozilla/5.0 (iPhone; CPU iPhone OS 7_0 like Mac OS X) AppleWebKit/537.51.1 (KHTML, like Gecko) Version/7.0 Mobile/11A465 Safari/9537.53 (compatible; bingbot/2.0; +http://www.bing.com/bingbot.htm)"
207.46.13.206 - - [13/Dec/2017:14:19:37 +0100] "GET /robots.txt HTTP/1.1" 404 1181 "-" "Mozilla/5.0 (compatible; bingbot/2.0; +http://www.bing.com/bingbot.htm)"
51.255.65.57 - - [13/Dec/2017:15:10:57 +0100] "GET /aktualis_elemei/mszforum.html HTTP/1.1" 200 7326 "-" "Mozilla/5.0 (compatible; AhrefsBot/5.2; +http://ahrefs.com/robot/)"
134.249.52.116 - - [13/Dec/2017:15:42:01 +0100] "GET / HTTP/1.1" 200 884 "http://creditwell.ru/procedura-vybora-i-oformleniya-kreditnoj-karty/" "Mozilla/4.0 (compatible; MSIE 6.0; MSIE 5.5; Windows NT 4.0) Opera 7.0 [en]"
134.249.52.116 - - [13/Dec/2017:15:42:02 +0100] "GET / HTTP/1.1" 200 884 "http://creditwell.ru/procedura-vybora-i-oformleniya-kreditnoj-karty/" "Mozilla/4.0 (compatible; MSIE 6.0; MSIE 5.5; Windows NT 4.0) Opera 7.0 [en]"
134.249.52.116 - - [13/Dec/2017:15:42:02 +0100] "GET / HTTP/1.1" 200 884 "http://creditwell.ru/procedura-vybora-i-oformleniya-kreditnoj-karty/" "Mozilla/4.0 (compatible; MSIE 6.0; MSIE 5.5; Windows NT 4.0) Opera 7.0 [en]"
46.118.157.50 - - [13/Dec/2017:16:05:40 +0100] "GET / HTTP/1.1" 200 884 "https://alkoravto.ru/" "Mozilla/4.0 (compatible; MSIE 6.0; Windows NT 5.0; APC; .NET CLR 1.0.3705; .NET CLR 1.1.4322; .NET CLR 2.0.50215; InfoPath.1)"
46.118.157.50 - - [13/Dec/2017:16:05:41 +0100] "GET / HTTP/1.1" 200 884 "https://alkoravto.ru/" "Mozilla/4.0 (compatible; MSIE 6.0; Windows NT 5.0; APC; .NET CLR 1.0.3705; .NET CLR 1.1.4322; .NET CLR 2.0.50215; InfoPath.1)"
141.8.183.17 - - [13/Dec/2017:17:36:09 +0100] "GET /robots.txt HTTP/1.1" 404 1181 "-" "Mozilla/5.0 (compatible; YandexBot/3.0; +http://yandex.com/bots)"
141.8.183.17 - - [13/Dec/2017:17:36:13 +0100] "GET /aktualis_elemei/bio2szulinap_elemei/image040.jpg HTTP/1.1" 200 16250 "-" "Mozilla/5.0 (compatible; YandexImages/3.0; +http://yandex.com/bots)"
46.118.121.38 - - [13/Dec/2017:18:14:28 +0100] "GET / HTTP/1.1" 200 884 "https://www.everytalk.tv/" "Mozilla/4.0 (compatible; MSIE 5.5; Windows NT 5.0)"
46.118.121.38 - - [13/Dec/2017:18:14:29 +0100] "GET / HTTP/1.1" 200 884 "https://www.everytalk.tv/" "Mozilla/4.0 (compatible; MSIE 5.5; Windows NT 5.0)"
46.118.121.38 - - [13/Dec/2017:18:14:29 +0100] "GET / HTTP/1.1" 200 884 "https://www.everytalk.tv/" "Mozilla/4.0 (compatible; MSIE 5.5; Windows NT 5.0)"
52.41.211.72 - - [13/Dec/2017:19:18:15 +0100] "GET / HTTP/1.1" 200 884 "-" "Magic Browser"
52.41.211.72 - - [13/Dec/2017:19:18:15 +0100] "GET / HTTP/1.1" 200 884 "-" "Magic Browser"
62.210.138.75 - - [13/Dec/2017:20:31:46 +0100] "GET / HTTP/1.1" 200 884 "-" "Mozilla/5.0 (Macintosh; Intel Mac OS X 10_12_4) AppleWebKit/537.36 (KHTML, like Gecko) Chrome/57.0.2987.133 Safari/537.36"
162.210.196.129 - - [13/Dec/2017:20:47:36 +0100] "GET /robots.txt HTTP/1.1" 404 1181 "-" "Mozilla/5.0 (compatible; MJ12bot/v1.4.8; http://mj12bot.com/)"
162.210.196.129 - - [13/Dec/2017:20:47:39 +0100] "GET / HTTP/1.1" 200 884 "-" "Mozilla/5.0 (compatible; MJ12bot/v1.4.8; http://mj12bot.com/)"
162.210.196.129 - - [13/Dec/2017:20:47:40 +0100] "GET /robots.txt HTTP/1.1" 404 1181 "-" "Mozilla/5.0 (compatible; MJ12bot/v1.4.8; http://mj12bot.com/)"
162.210.196.129 - - [13/Dec/2017:20:47:41 +0100] "GET / HTTP/1.1" 200 884 "-" "Mozilla/5.0 (compatible; MJ12bot/v1.4.8; http://mj12bot.com/)"
38.100.21.68 - - [13/Dec/2017:21:31:42 +0100] "GET / HTTP/1.1" 200 884 "-" "Mozilla/4.0 (compatible; MSIE 7.0; Windows NT 5.2)"
13.56.229.65 - - [13/Dec/2017:22:19:49 +0100] "GET / HTTP/1.1" 200 884 "-" "Mozilla/5.0 (Macintosh; Intel Mac OS X 10_12_6) AppleWebKit/537.36 (KHTML, like Gecko) Chrome/61.0.3163.100 Safari/537.36"
207.46.13.112 - - [14/Dec/2017:01:24:25 +0100] "GET / HTTP/1.1" 200 884 "-" "Mozilla/5.0 (compatible; bingbot/2.0; +http://www.bing.com/bingbot.htm)"
188.163.73.8 - - [14/Dec/2017:01:37:45 +0100] "GET / HTTP/1.1" 200 884 "http://www.freebsd.org.ua/" "Mozilla/4.0 (compatible; MSIE 5.5; Windows 98)"
188.163.73.8 - - [14/Dec/2017:01:37:46 +0100] "GET / HTTP/1.1" 200 884 "http://www.freebsd.org.ua/" "Mozilla/4.0 (compatible; MSIE 5.5; Windows 98)"
188.163.73.8 - - [14/Dec/2017:01:37:46 +0100] "GET / HTTP/1.1" 200 884 "http://www.freebsd.org.ua/" "Mozilla/4.0 (compatible; MSIE 5.5; Windows 98)"
66.249.70.11 - - [14/Dec/2017:01:42:58 +0100] "GET /robots.txt HTTP/1.1" 404 1181 "-" "Mozilla/5.0 (compatible; Googlebot/2.1; +http://www.google.com/bot.html)"
66.249.70.11 - - [14/Dec/2017:01:43:28 +0100] "GET /aktualis_elemei/bio2szulinap_elemei/image036.jpg HTTP/1.1" 304 - "-" "Googlebot-Image/1.0"
46.118.121.38 - - [14/Dec/2017:01:52:28 +0100] "GET / HTTP/1.1" 200 884 "https://quickchange.cc/" "Mozilla/4.0 (compatible; MSIE 6.0; Windows NT 5.1; SV1; Crazy Browser 2.0.0 Beta 1; .NET CLR 1.0.3705; .NET CLR 1.1.4322)"
46.118.121.38 - - [14/Dec/2017:01:52:29 +0100] "GET / HTTP/1.1" 200 884 "https://quickchange.cc/" "Mozilla/4.0 (compatible; MSIE 6.0; Windows NT 5.1; SV1; Crazy Browser 2.0.0 Beta 1; .NET CLR 1.0.3705; .NET CLR 1.1.4322)"
46.118.121.38 - - [14/Dec/2017:01:52:29 +0100] "GET / HTTP/1.1" 200 884 "https://quickchange.cc/" "Mozilla/4.0 (compatible; MSIE 6.0; Windows NT 5.1; SV1; Crazy Browser 2.0.0 Beta 1; .NET CLR 1.0.3705; .NET CLR 1.1.4322)"
66.249.70.9 - - [14/Dec/2017:02:11:18 +0100] "GET /aktualis_elemei/bio2szulinap_elemei/image140.jpg HTTP/1.1" 304 - "-" "Googlebot-Image/1.0"
207.46.13.206 - - [14/Dec/2017:03:02:34 +0100] "GET /aktualis_elemei/fnhv_elemei/image021.jpg HTTP/1.1" 200 8966 "-" "Mozilla/5.0 (compatible; bingbot/2.0; +http://www.bing.com/bingbot.htm)"
207.46.13.206 - - [14/Dec/2017:03:09:50 +0100] "GET /aktualis_elemei/bparak0929.html HTTP/1.1" 200 105768 "-" "Mozilla/5.0 (iPhone; CPU iPhone OS 7_0 like Mac OS X) AppleWebKit/537.51.1 (KHTML, like Gecko) Version/7.0 Mobile/11A465 Safari/9537.53 (compatible; bingbot/2.0; +http://www.bing.com/bingbot.htm)"
74.91.23.194 - - [14/Dec/2017:03:12:41 +0100] "GET /wp-login.php HTTP/1.1" 404 1181 "http://greenaction.hu/wp-login.php" "Mozilla/4.0 (compatible; MSIE 9.0; Windows NT 6.1; 125LA; .NET CLR 2.0.50727; .NET CLR 3.0.04506.648; .NET CLR 3.5.21022)"
74.91.23.194 - - [14/Dec/2017:03:12:42 +0100] "GET /wp-login.php HTTP/1.1" 404 1181 "http://greenaction.hu/wp-login.php" "Mozilla/4.0 (compatible; MSIE 9.0; Windows NT 6.1; 125LA; .NET CLR 2.0.50727; .NET CLR 3.0.04506.648; .NET CLR 3.5.21022)"
207.46.13.76 - - [14/Dec/2017:03:45:48 +0100] "GET /robots.txt HTTP/1.1" 404 1181 "-" "Mozilla/5.0 (compatible; bingbot/2.0; +http://www.bing.com/bingbot.htm)"
77.111.91.248 - - [14/Dec/2017:03:48:03 +0100] "GET /archiv_elemei/acitc.html HTTP/1.1" 200 13312 "-" "Mozilla/5.0 (Windows NT 10.0; Win64; x64) AppleWebKit/537.36 (KHTML, like Gecko) Chrome/62.0.3202.94 Safari/537.36"
77.111.91.248 - - [14/Dec/2017:03:48:09 +0100] "GET / HTTP/1.1" 200 884 "-" "Mozilla/5.0 (Windows NT 10.0; Win64; x64) AppleWebKit/537.36 (KHTML, like Gecko) Chrome/62.0.3202.94 Safari/537.36"
216.244.66.247 - - [14/Dec/2017:04:10:42 +0100] "GET /robots.txt HTTP/1.1" 404 1181 "-" "Mozilla/5.0 (compatible; DotBot/1.1; http://www.opensiteexplorer.org/dotbot, help@moz.com)"
216.244.66.247 - - [14/Dec/2017:04:27:30 +0100] "GET /archiv_elemei/acitc.html HTTP/1.1" 200 13312 "-" "Mozilla/5.0 (compatible; DotBot/1.1; http://www.opensiteexplorer.org/dotbot, help@moz.com)"
141.8.142.212 - - [14/Dec/2017:04:42:26 +0100] "GET /robots.txt HTTP/1.1" 404 1181 "-" "Mozilla/5.0 (compatible; YandexBot/3.0; +http://yandex.com/bots)"
141.8.142.212 - - [14/Dec/2017:04:42:30 +0100] "GET /aktualis_elemei/bio2szulinap_elemei/image042.jpg HTTP/1.1" 200 16066 "-" "Mozilla/5.0 (compatible; YandexImages/3.0; +http://yandex.com/bots)"
82.202.249.91 - - [14/Dec/2017:04:53:04 +0100] "GET / HTTP/1.1" 200 884 "-" "Mozilla/5.0 (Windows NT 10.0) AppleWebKit/537.36 (KHTML, like Gecko) Chrome/58.0.3029.110 Safari/537.36"
217.182.132.171 - - [14/Dec/2017:05:21:42 +0100] "GET / HTTP/1.1" 200 884 "-" "Mozilla/5.0 (compatible; AhrefsBot/5.2; +http://ahrefs.com/robot/)"
47.93.35.42 - - [14/Dec/2017:05:23:50 +0100] "GET / HTTP/1.1" 200 884 "-" "-"
47.93.35.42 - - [14/Dec/2017:05:23:50 +0100] "GET /xmlrpc.php HTTP/1.1" 404 1181 "-" "-"
47.93.35.42 - - [14/Dec/2017:05:23:50 +0100] "HEAD /wp-login.php HTTP/1.1" 404 0 "-" "-"
47.93.35.42 - - [14/Dec/2017:05:29:57 +0100] "GET / HTTP/1.1" 200 884 "-" "-"
47.93.35.42 - - [14/Dec/2017:05:29:57 +0100] "GET /xmlrpc.php HTTP/1.1" 404 1181 "-" "-"
47.93.35.42 - - [14/Dec/2017:05:29:58 +0100] "HEAD /wp-login.php HTTP/1.1" 404 0 "-" "-"
216.244.66.200 - - [14/Dec/2017:05:51:32 +0100] "GET /robots.txt HTTP/1.1" 404 1181 "-" "Mozilla/5.0 (compatible; DotBot/1.1; http://www.opensiteexplorer.org/dotbot, help@moz.com)"
216.244.66.200 - - [14/Dec/2017:06:02:45 +0100] "GET /magunkrol_elemei/kozhasznu.html HTTP/1.1" 200 48365 "-" "Mozilla/5.0 (compatible; DotBot/1.1; http://www.opensiteexplorer.org/dotbot, help@moz.com)"
37.187.56.47 - - [14/Dec/2017:06:13:09 +0100] "GET /robots.txt HTTP/1.0" 404 1181 "-" ""
37.187.56.47 - - [14/Dec/2017:06:13:09 +0100] "GET / HTTP/1.1" 206 884 "-" "Mozilla/5.0 (X11; U; Linux amd64; rv:5.0) Gecko/20100101 Firefox/5.0 (Debian)"
5.2.193.213 - - [14/Dec/2017:06:35:41 +0100] "GET /aktualis_elemei/ausztriaut.html HTTP/1.1" 200 73702 "https://www.google.ro/" "Mozilla/5.0 (Windows NT 10.0; Win64; x64) AppleWebKit/537.36 (KHTML, like Gecko) Chrome/63.0.3239.84 Safari/537.36"
