46.107.213.188 - - [07/Jan/2018:10:15:06 +0100] "GET /aktualis_elemei/bio2szulinap_elemei/image026.jpg HTTP/1.1" 200 12161 "http://www.greenaction.hu/aktualis_elemei/bio2szulinap.html" "Mozilla/5.0 (Windows NT 6.1; rv:57.0) Gecko/20100101 Firefox/57.0"
46.107.213.188 - - [07/Jan/2018:10:15:06 +0100] "GET /aktualis_elemei/bio2szulinap_elemei/image028.jpg HTTP/1.1" 200 12629 "http://www.greenaction.hu/aktualis_elemei/bio2szulinap.html" "Mozilla/5.0 (Windows NT 6.1; rv:57.0) Gecko/20100101 Firefox/57.0"
46.107.213.188 - - [07/Jan/2018:10:15:06 +0100] "GET /aktualis_elemei/bio2szulinap_elemei/image018.gif HTTP/1.1" 200 41110 "http://www.greenaction.hu/aktualis_elemei/bio2szulinap.html" "Mozilla/5.0 (Windows NT 6.1; rv:57.0) Gecko/20100101 Firefox/57.0"
46.107.213.188 - - [07/Jan/2018:10:15:06 +0100] "GET /aktualis_elemei/bio2szulinap_elemei/image030.jpg HTTP/1.1" 200 18167 "http://www.greenaction.hu/aktualis_elemei/bio2szulinap.html" "Mozilla/5.0 (Windows NT 6.1; rv:57.0) Gecko/20100101 Firefox/57.0"
46.107.213.188 - - [07/Jan/2018:10:15:06 +0100] "GET /aktualis_elemei/bio2szulinap_elemei/image032.jpg HTTP/1.1" 200 16073 "http://www.greenaction.hu/aktualis_elemei/bio2szulinap.html" "Mozilla/5.0 (Windows NT 6.1; rv:57.0) Gecko/20100101 Firefox/57.0"
46.107.213.188 - - [07/Jan/2018:10:15:06 +0100] "GET /aktualis_elemei/bio2szulinap_elemei/image034.jpg HTTP/1.1" 200 17799 "http://www.greenaction.hu/aktualis_elemei/bio2szulinap.html" "Mozilla/5.0 (Windows NT 6.1; rv:57.0) Gecko/20100101 Firefox/57.0"
46.107.213.188 - - [07/Jan/2018:10:15:06 +0100] "GET /aktualis_elemei/bio2szulinap_elemei/image036.jpg HTTP/1.1" 200 13931 "http://www.greenaction.hu/aktualis_elemei/bio2szulinap.html" "Mozilla/5.0 (Windows NT 6.1; rv:57.0) Gecko/20100101 Firefox/57.0"
46.107.213.188 - - [07/Jan/2018:10:15:06 +0100] "GET /aktualis_elemei/bio2szulinap_elemei/image038.jpg HTTP/1.1" 200 14459 "http://www.greenaction.hu/aktualis_elemei/bio2szulinap.html" "Mozilla/5.0 (Windows NT 6.1; rv:57.0) Gecko/20100101 Firefox/57.0"
46.107.213.188 - - [07/Jan/2018:10:15:06 +0100] "GET /aktualis_elemei/bio2szulinap_elemei/image040.jpg HTTP/1.1" 200 16250 "http://www.greenaction.hu/aktualis_elemei/bio2szulinap.html" "Mozilla/5.0 (Windows NT 6.1; rv:57.0) Gecko/20100101 Firefox/57.0"
46.107.213.188 - - [07/Jan/2018:10:15:06 +0100] "GET /aktualis_elemei/bio2szulinap_elemei/image042.jpg HTTP/1.1" 200 16066 "http://www.greenaction.hu/aktualis_elemei/bio2szulinap.html" "Mozilla/5.0 (Windows NT 6.1; rv:57.0) Gecko/20100101 Firefox/57.0"
46.107.213.188 - - [07/Jan/2018:10:15:06 +0100] "GET /aktualis_elemei/bio2szulinap_elemei/image044.jpg HTTP/1.1" 200 11923 "http://www.greenaction.hu/aktualis_elemei/bio2szulinap.html" "Mozilla/5.0 (Windows NT 6.1; rv:57.0) Gecko/20100101 Firefox/57.0"
46.107.213.188 - - [07/Jan/2018:10:15:06 +0100] "GET /aktualis_elemei/bio2szulinap_elemei/image046.jpg HTTP/1.1" 200 12403 "http://www.greenaction.hu/aktualis_elemei/bio2szulinap.html" "Mozilla/5.0 (Windows NT 6.1; rv:57.0) Gecko/20100101 Firefox/57.0"
46.107.213.188 - - [07/Jan/2018:10:15:06 +0100] "GET /aktualis_elemei/bio2szulinap_elemei/image048.jpg HTTP/1.1" 200 13760 "http://www.greenaction.hu/aktualis_elemei/bio2szulinap.html" "Mozilla/5.0 (Windows NT 6.1; rv:57.0) Gecko/20100101 Firefox/57.0"
46.107.213.188 - - [07/Jan/2018:10:15:06 +0100] "GET /aktualis_elemei/bio2szulinap_elemei/image050.jpg HTTP/1.1" 200 12224 "http://www.greenaction.hu/aktualis_elemei/bio2szulinap.html" "Mozilla/5.0 (Windows NT 6.1; rv:57.0) Gecko/20100101 Firefox/57.0"
46.107.213.188 - - [07/Jan/2018:10:15:06 +0100] "GET /aktualis_elemei/bio2szulinap_elemei/image052.jpg HTTP/1.1" 200 11533 "http://www.greenaction.hu/aktualis_elemei/bio2szulinap.html" "Mozilla/5.0 (Windows NT 6.1; rv:57.0) Gecko/20100101 Firefox/57.0"
46.107.213.188 - - [07/Jan/2018:10:15:06 +0100] "GET /aktualis_elemei/bio2szulinap_elemei/image054.jpg HTTP/1.1" 200 10738 "http://www.greenaction.hu/aktualis_elemei/bio2szulinap.html" "Mozilla/5.0 (Windows NT 6.1; rv:57.0) Gecko/20100101 Firefox/57.0"
46.107.213.188 - - [07/Jan/2018:10:15:06 +0100] "GET /aktualis_elemei/bio2szulinap_elemei/image056.jpg HTTP/1.1" 200 10317 "http://www.greenaction.hu/aktualis_elemei/bio2szulinap.html" "Mozilla/5.0 (Windows NT 6.1; rv:57.0) Gecko/20100101 Firefox/57.0"
46.107.213.188 - - [07/Jan/2018:10:15:06 +0100] "GET /aktualis_elemei/bio2szulinap_elemei/image058.jpg HTTP/1.1" 200 16787 "http://www.greenaction.hu/aktualis_elemei/bio2szulinap.html" "Mozilla/5.0 (Windows NT 6.1; rv:57.0) Gecko/20100101 Firefox/57.0"
46.107.213.188 - - [07/Jan/2018:10:15:06 +0100] "GET /aktualis_elemei/bio2szulinap_elemei/image060.jpg HTTP/1.1" 200 16684 "http://www.greenaction.hu/aktualis_elemei/bio2szulinap.html" "Mozilla/5.0 (Windows NT 6.1; rv:57.0) Gecko/20100101 Firefox/57.0"
46.107.213.188 - - [07/Jan/2018:10:15:06 +0100] "GET /aktualis_elemei/bio2szulinap_elemei/image062.jpg HTTP/1.1" 200 10742 "http://www.greenaction.hu/aktualis_elemei/bio2szulinap.html" "Mozilla/5.0 (Windows NT 6.1; rv:57.0) Gecko/20100101 Firefox/57.0"
46.107.213.188 - - [07/Jan/2018:10:15:06 +0100] "GET /aktualis_elemei/bio2szulinap_elemei/image064.jpg HTTP/1.1" 200 12049 "http://www.greenaction.hu/aktualis_elemei/bio2szulinap.html" "Mozilla/5.0 (Windows NT 6.1; rv:57.0) Gecko/20100101 Firefox/57.0"
46.107.213.188 - - [07/Jan/2018:10:15:06 +0100] "GET /aktualis_elemei/bio2szulinap_elemei/image066.jpg HTTP/1.1" 200 9626 "http://www.greenaction.hu/aktualis_elemei/bio2szulinap.html" "Mozilla/5.0 (Windows NT 6.1; rv:57.0) Gecko/20100101 Firefox/57.0"
46.107.213.188 - - [07/Jan/2018:10:15:06 +0100] "GET /aktualis_elemei/bio2szulinap_elemei/image068.jpg HTTP/1.1" 200 7021 "http://www.greenaction.hu/aktualis_elemei/bio2szulinap.html" "Mozilla/5.0 (Windows NT 6.1; rv:57.0) Gecko/20100101 Firefox/57.0"
46.107.213.188 - - [07/Jan/2018:10:15:06 +0100] "GET /aktualis_elemei/bio2szulinap_elemei/image070.jpg HTTP/1.1" 200 9176 "http://www.greenaction.hu/aktualis_elemei/bio2szulinap.html" "Mozilla/5.0 (Windows NT 6.1; rv:57.0) Gecko/20100101 Firefox/57.0"
46.107.213.188 - - [07/Jan/2018:10:15:06 +0100] "GET /aktualis_elemei/bio2szulinap_elemei/image072.jpg HTTP/1.1" 200 8143 "http://www.greenaction.hu/aktualis_elemei/bio2szulinap.html" "Mozilla/5.0 (Windows NT 6.1; rv:57.0) Gecko/20100101 Firefox/57.0"
46.107.213.188 - - [07/Jan/2018:10:15:06 +0100] "GET /aktualis_elemei/bio2szulinap_elemei/image074.jpg HTTP/1.1" 200 8857 "http://www.greenaction.hu/aktualis_elemei/bio2szulinap.html" "Mozilla/5.0 (Windows NT 6.1; rv:57.0) Gecko/20100101 Firefox/57.0"
46.107.213.188 - - [07/Jan/2018:10:15:06 +0100] "GET /aktualis_elemei/bio2szulinap_elemei/image076.jpg HTTP/1.1" 200 9572 "http://www.greenaction.hu/aktualis_elemei/bio2szulinap.html" "Mozilla/5.0 (Windows NT 6.1; rv:57.0) Gecko/20100101 Firefox/57.0"
46.107.213.188 - - [07/Jan/2018:10:15:06 +0100] "GET /aktualis_elemei/bio2szulinap_elemei/image078.jpg HTTP/1.1" 200 7760 "http://www.greenaction.hu/aktualis_elemei/bio2szulinap.html" "Mozilla/5.0 (Windows NT 6.1; rv:57.0) Gecko/20100101 Firefox/57.0"
46.107.213.188 - - [07/Jan/2018:10:15:06 +0100] "GET /aktualis_elemei/bio2szulinap_elemei/image080.jpg HTTP/1.1" 200 9907 "http://www.greenaction.hu/aktualis_elemei/bio2szulinap.html" "Mozilla/5.0 (Windows NT 6.1; rv:57.0) Gecko/20100101 Firefox/57.0"
46.107.213.188 - - [07/Jan/2018:10:15:06 +0100] "GET /aktualis_elemei/bio2szulinap_elemei/image082.jpg HTTP/1.1" 200 7560 "http://www.greenaction.hu/aktualis_elemei/bio2szulinap.html" "Mozilla/5.0 (Windows NT 6.1; rv:57.0) Gecko/20100101 Firefox/57.0"
46.107.213.188 - - [07/Jan/2018:10:15:06 +0100] "GET /aktualis_elemei/bio2szulinap_elemei/image084.jpg HTTP/1.1" 200 7747 "http://www.greenaction.hu/aktualis_elemei/bio2szulinap.html" "Mozilla/5.0 (Windows NT 6.1; rv:57.0) Gecko/20100101 Firefox/57.0"
46.107.213.188 - - [07/Jan/2018:10:15:06 +0100] "GET /aktualis_elemei/bio2szulinap_elemei/image086.jpg HTTP/1.1" 200 7670 "http://www.greenaction.hu/aktualis_elemei/bio2szulinap.html" "Mozilla/5.0 (Windows NT 6.1; rv:57.0) Gecko/20100101 Firefox/57.0"
46.107.213.188 - - [07/Jan/2018:10:15:06 +0100] "GET /aktualis_elemei/bio2szulinap_elemei/image088.jpg HTTP/1.1" 200 7592 "http://www.greenaction.hu/aktualis_elemei/bio2szulinap.html" "Mozilla/5.0 (Windows NT 6.1; rv:57.0) Gecko/20100101 Firefox/57.0"
46.107.213.188 - - [07/Jan/2018:10:15:06 +0100] "GET /aktualis_elemei/bio2szulinap_elemei/image090.jpg HTTP/1.1" 200 7132 "http://www.greenaction.hu/aktualis_elemei/bio2szulinap.html" "Mozilla/5.0 (Windows NT 6.1; rv:57.0) Gecko/20100101 Firefox/57.0"
46.107.213.188 - - [07/Jan/2018:10:15:06 +0100] "GET /aktualis_elemei/bio2szulinap_elemei/image092.jpg HTTP/1.1" 200 7352 "http://www.greenaction.hu/aktualis_elemei/bio2szulinap.html" "Mozilla/5.0 (Windows NT 6.1; rv:57.0) Gecko/20100101 Firefox/57.0"
46.107.213.188 - - [07/Jan/2018:10:15:06 +0100] "GET /aktualis_elemei/bio2szulinap_elemei/image094.jpg HTTP/1.1" 200 7635 "http://www.greenaction.hu/aktualis_elemei/bio2szulinap.html" "Mozilla/5.0 (Windows NT 6.1; rv:57.0) Gecko/20100101 Firefox/57.0"
46.107.213.188 - - [07/Jan/2018:10:15:06 +0100] "GET /aktualis_elemei/bio2szulinap_elemei/image096.jpg HTTP/1.1" 200 8771 "http://www.greenaction.hu/aktualis_elemei/bio2szulinap.html" "Mozilla/5.0 (Windows NT 6.1; rv:57.0) Gecko/20100101 Firefox/57.0"
46.107.213.188 - - [07/Jan/2018:10:15:06 +0100] "GET /aktualis_elemei/bio2szulinap_elemei/image098.jpg HTTP/1.1" 200 8855 "http://www.greenaction.hu/aktualis_elemei/bio2szulinap.html" "Mozilla/5.0 (Windows NT 6.1; rv:57.0) Gecko/20100101 Firefox/57.0"
46.107.213.188 - - [07/Jan/2018:10:15:06 +0100] "GET /aktualis_elemei/bio2szulinap_elemei/image100.jpg HTTP/1.1" 200 7946 "http://www.greenaction.hu/aktualis_elemei/bio2szulinap.html" "Mozilla/5.0 (Windows NT 6.1; rv:57.0) Gecko/20100101 Firefox/57.0"
46.107.213.188 - - [07/Jan/2018:10:15:06 +0100] "GET /aktualis_elemei/bio2szulinap_elemei/image102.jpg HTTP/1.1" 200 8017 "http://www.greenaction.hu/aktualis_elemei/bio2szulinap.html" "Mozilla/5.0 (Windows NT 6.1; rv:57.0) Gecko/20100101 Firefox/57.0"
46.107.213.188 - - [07/Jan/2018:10:15:06 +0100] "GET /aktualis_elemei/bio2szulinap_elemei/image104.jpg HTTP/1.1" 200 8372 "http://www.greenaction.hu/aktualis_elemei/bio2szulinap.html" "Mozilla/5.0 (Windows NT 6.1; rv:57.0) Gecko/20100101 Firefox/57.0"
46.107.213.188 - - [07/Jan/2018:10:15:06 +0100] "GET /aktualis_elemei/bio2szulinap_elemei/image106.jpg HTTP/1.1" 200 7697 "http://www.greenaction.hu/aktualis_elemei/bio2szulinap.html" "Mozilla/5.0 (Windows NT 6.1; rv:57.0) Gecko/20100101 Firefox/57.0"
46.107.213.188 - - [07/Jan/2018:10:15:06 +0100] "GET /aktualis_elemei/bio2szulinap_elemei/image108.jpg HTTP/1.1" 200 9238 "http://www.greenaction.hu/aktualis_elemei/bio2szulinap.html" "Mozilla/5.0 (Windows NT 6.1; rv:57.0) Gecko/20100101 Firefox/57.0"
46.107.213.188 - - [07/Jan/2018:10:15:06 +0100] "GET /aktualis_elemei/bio2szulinap_elemei/image110.jpg HTTP/1.1" 200 8760 "http://www.greenaction.hu/aktualis_elemei/bio2szulinap.html" "Mozilla/5.0 (Windows NT 6.1; rv:57.0) Gecko/20100101 Firefox/57.0"
46.107.213.188 - - [07/Jan/2018:10:15:06 +0100] "GET /aktualis_elemei/bio2szulinap_elemei/image112.jpg HTTP/1.1" 200 8269 "http://www.greenaction.hu/aktualis_elemei/bio2szulinap.html" "Mozilla/5.0 (Windows NT 6.1; rv:57.0) Gecko/20100101 Firefox/57.0"
46.107.213.188 - - [07/Jan/2018:10:15:06 +0100] "GET /aktualis_elemei/bio2szulinap_elemei/image114.jpg HTTP/1.1" 200 6950 "http://www.greenaction.hu/aktualis_elemei/bio2szulinap.html" "Mozilla/5.0 (Windows NT 6.1; rv:57.0) Gecko/20100101 Firefox/57.0"
46.107.213.188 - - [07/Jan/2018:10:15:06 +0100] "GET /aktualis_elemei/bio2szulinap_elemei/image116.jpg HTTP/1.1" 200 9709 "http://www.greenaction.hu/aktualis_elemei/bio2szulinap.html" "Mozilla/5.0 (Windows NT 6.1; rv:57.0) Gecko/20100101 Firefox/57.0"
46.107.213.188 - - [07/Jan/2018:10:15:06 +0100] "GET /aktualis_elemei/bio2szulinap_elemei/image118.jpg HTTP/1.1" 200 9292 "http://www.greenaction.hu/aktualis_elemei/bio2szulinap.html" "Mozilla/5.0 (Windows NT 6.1; rv:57.0) Gecko/20100101 Firefox/57.0"
46.107.213.188 - - [07/Jan/2018:10:15:06 +0100] "GET /aktualis_elemei/bio2szulinap_elemei/image120.jpg HTTP/1.1" 200 9114 "http://www.greenaction.hu/aktualis_elemei/bio2szulinap.html" "Mozilla/5.0 (Windows NT 6.1; rv:57.0) Gecko/20100101 Firefox/57.0"
46.107.213.188 - - [07/Jan/2018:10:15:06 +0100] "GET /aktualis_elemei/bio2szulinap_elemei/image122.jpg HTTP/1.1" 200 8543 "http://www.greenaction.hu/aktualis_elemei/bio2szulinap.html" "Mozilla/5.0 (Windows NT 6.1; rv:57.0) Gecko/20100101 Firefox/57.0"
46.107.213.188 - - [07/Jan/2018:10:15:06 +0100] "GET /aktualis_elemei/bio2szulinap_elemei/image124.jpg HTTP/1.1" 200 8278 "http://www.greenaction.hu/aktualis_elemei/bio2szulinap.html" "Mozilla/5.0 (Windows NT 6.1; rv:57.0) Gecko/20100101 Firefox/57.0"
46.107.213.188 - - [07/Jan/2018:10:15:06 +0100] "GET /aktualis_elemei/bio2szulinap_elemei/image126.jpg HTTP/1.1" 200 9363 "http://www.greenaction.hu/aktualis_elemei/bio2szulinap.html" "Mozilla/5.0 (Windows NT 6.1; rv:57.0) Gecko/20100101 Firefox/57.0"
46.107.213.188 - - [07/Jan/2018:10:15:06 +0100] "GET /aktualis_elemei/bio2szulinap_elemei/image128.jpg HTTP/1.1" 200 8653 "http://www.greenaction.hu/aktualis_elemei/bio2szulinap.html" "Mozilla/5.0 (Windows NT 6.1; rv:57.0) Gecko/20100101 Firefox/57.0"
46.107.213.188 - - [07/Jan/2018:10:15:06 +0100] "GET /aktualis_elemei/bio2szulinap_elemei/image130.jpg HTTP/1.1" 200 7636 "http://www.greenaction.hu/aktualis_elemei/bio2szulinap.html" "Mozilla/5.0 (Windows NT 6.1; rv:57.0) Gecko/20100101 Firefox/57.0"
46.107.213.188 - - [07/Jan/2018:10:15:06 +0100] "GET /aktualis_elemei/bio2szulinap_elemei/image132.jpg HTTP/1.1" 200 8237 "http://www.greenaction.hu/aktualis_elemei/bio2szulinap.html" "Mozilla/5.0 (Windows NT 6.1; rv:57.0) Gecko/20100101 Firefox/57.0"
46.107.213.188 - - [07/Jan/2018:10:15:06 +0100] "GET /aktualis_elemei/bio2szulinap_elemei/image134.jpg HTTP/1.1" 200 10678 "http://www.greenaction.hu/aktualis_elemei/bio2szulinap.html" "Mozilla/5.0 (Windows NT 6.1; rv:57.0) Gecko/20100101 Firefox/57.0"
46.107.213.188 - - [07/Jan/2018:10:15:06 +0100] "GET /aktualis_elemei/bio2szulinap_elemei/image136.jpg HTTP/1.1" 200 7982 "http://www.greenaction.hu/aktualis_elemei/bio2szulinap.html" "Mozilla/5.0 (Windows NT 6.1; rv:57.0) Gecko/20100101 Firefox/57.0"
46.107.213.188 - - [07/Jan/2018:10:15:06 +0100] "GET /aktualis_elemei/bio2szulinap_elemei/image142.jpg HTTP/1.1" 200 9654 "http://www.greenaction.hu/aktualis_elemei/bio2szulinap.html" "Mozilla/5.0 (Windows NT 6.1; rv:57.0) Gecko/20100101 Firefox/57.0"
46.107.213.188 - - [07/Jan/2018:10:15:06 +0100] "GET /aktualis_elemei/bio2szulinap_elemei/image140.jpg HTTP/1.1" 200 9938 "http://www.greenaction.hu/aktualis_elemei/bio2szulinap.html" "Mozilla/5.0 (Windows NT 6.1; rv:57.0) Gecko/20100101 Firefox/57.0"
46.107.213.188 - - [07/Jan/2018:10:15:06 +0100] "GET /aktualis_elemei/bio2szulinap_elemei/image144.jpg HTTP/1.1" 200 9920 "http://www.greenaction.hu/aktualis_elemei/bio2szulinap.html" "Mozilla/5.0 (Windows NT 6.1; rv:57.0) Gecko/20100101 Firefox/57.0"
46.107.213.188 - - [07/Jan/2018:10:15:07 +0100] "GET /favicon.ico HTTP/1.1" 404 1181 "-" "Mozilla/5.0 (Windows NT 6.1; rv:57.0) Gecko/20100101 Firefox/57.0"
46.107.213.188 - - [07/Jan/2018:10:15:07 +0100] "GET /favicon.ico HTTP/1.1" 404 1181 "-" "Mozilla/5.0 (Windows NT 6.1; rv:57.0) Gecko/20100101 Firefox/57.0"
207.46.13.38 - - [07/Jan/2018:11:54:35 +0100] "GET /aktualis_elemei/bio2szulinap_elemei/image016.jpg HTTP/1.1" 200 7778 "-" "Mozilla/5.0 (compatible; bingbot/2.0; +http://www.bing.com/bingbot.htm)"
207.46.13.39 - - [07/Jan/2018:12:02:24 +0100] "GET /aktualis_elemei/bio2szulinap_elemei/image046.jpg HTTP/1.1" 200 12403 "-" "Mozilla/5.0 (compatible; bingbot/2.0; +http://www.bing.com/bingbot.htm)"
80.77.124.233 - - [07/Jan/2018:12:04:11 +0100] "GET /archiv_elemei/acitc.html HTTP/1.1" 200 13312 "-" "Mozilla/5.0 (Windows NT 10.0; Win64; x64) AppleWebKit/537.36 (KHTML, like Gecko) Chrome/62.0.3202.94 Safari/537.36"
80.77.124.233 - - [07/Jan/2018:12:04:36 +0100] "GET / HTTP/1.1" 200 884 "-" "Mozilla/5.0 (Windows NT 10.0; Win64; x64) AppleWebKit/537.36 (KHTML, like Gecko) Chrome/62.0.3202.94 Safari/537.36"
52.34.24.33 - - [07/Jan/2018:13:34:29 +0100] "GET / HTTP/1.1" 200 884 "-" "Magic Browser"
52.34.24.33 - - [07/Jan/2018:13:34:30 +0100] "GET / HTTP/1.1" 200 884 "-" "Magic Browser"
68.180.229.43 - - [07/Jan/2018:13:42:47 +0100] "GET /robots.txt HTTP/1.1" 404 1181 "-" "Mozilla/5.0 (compatible; Yahoo! Slurp; http://help.yahoo.com/help/us/ysearch/slurp)"
68.180.229.43 - - [07/Jan/2018:13:42:48 +0100] "GET / HTTP/1.1" 200 884 "-" "Mozilla/5.0 (compatible; Yahoo! Slurp; http://help.yahoo.com/help/us/ysearch/slurp)"
68.180.229.43 - - [07/Jan/2018:13:42:51 +0100] "GET /zoldakcio.swf HTTP/1.1" 200 840351 "-" "Mozilla/5.0 (compatible; Yahoo! Slurp; http://help.yahoo.com/help/us/ysearch/slurp)"
42.236.99.58 - - [07/Jan/2018:13:44:58 +0100] "GET / HTTP/1.1" 200 884 "http://www.greenaction.hu/" "Mozilla/5.0 (Windows NT 6.1; WOW64) AppleWebKit/537.36 (KHTML, like Gecko) Chrome/50.0.2661.102 Safari/537.36; 360Spider"
173.208.200.154 - - [07/Jan/2018:14:05:45 +0100] "GET /robots.txt HTTP/1.1" 404 1181 "-" "Mozilla/5.0 (compatible; MJ12bot/v1.4.8; http://mj12bot.com/)"
173.208.200.154 - - [07/Jan/2018:14:07:22 +0100] "GET /magunkrol_elemei/kozhasznu.html HTTP/1.1" 200 48365 "-" "Mozilla/5.0 (compatible; MJ12bot/v1.4.8; http://mj12bot.com/)"
138.197.104.6 - - [07/Jan/2018:14:37:21 +0100] "GET / HTTP/1.1" 200 884 "http://www.greenaction.hu" "Mozilla/5.0 (compatible; DnyzBot/1.0)"
138.197.104.6 - - [07/Jan/2018:14:37:34 +0100] "GET /robots.txt HTTP/1.1" 404 1181 "-" "Mozilla/5.0 (compatible; MSIE 9.0; Windows NT 6.1; WOW64; Trident/5.0)"
54.36.150.57 - - [07/Jan/2018:18:49:56 +0100] "GET /robots.txt HTTP/1.1" 404 1181 "-" "Mozilla/5.0 (compatible; AhrefsBot/5.2; +http://ahrefs.com/robot/)"
54.36.149.66 - - [07/Jan/2018:18:49:57 +0100] "GET / HTTP/1.1" 200 884 "-" "Mozilla/5.0 (compatible; AhrefsBot/5.2; +http://ahrefs.com/robot/)"
54.76.197.236 - - [07/Jan/2018:19:18:31 +0100] "HEAD / HTTP/1.1" 200 0 "-" "Mozilla/5.0 (compatible; JobKereso; +https://www.kozvetlen-allasok.hu/robot.jsp info@kozvetlen-allasok.hu)"
54.76.197.236 - - [07/Jan/2018:19:18:31 +0100] "GET /robots.txt HTTP/1.1" 404 1181 "-" "Mozilla/5.0 (compatible; JobKereso; +https://www.kozvetlen-allasok.hu/robot.jsp info@kozvetlen-allasok.hu)"
54.76.197.236 - - [07/Jan/2018:19:18:31 +0100] "HEAD / HTTP/1.1" 200 0 "-" "Mozilla/5.0 (compatible; JobKereso; +https://www.kozvetlen-allasok.hu/robot.jsp info@kozvetlen-allasok.hu)"
54.76.197.236 - - [07/Jan/2018:19:18:31 +0100] "GET / HTTP/1.1" 200 884 "-" "Mozilla/5.0 (compatible; JobKereso; +https://www.kozvetlen-allasok.hu/robot.jsp info@kozvetlen-allasok.hu)"
54.76.197.236 - - [07/Jan/2018:19:18:31 +0100] "HEAD /favicon.ico HTTP/1.1" 404 0 "https://www.kozvetlen-allasok.hu" "Mozilla/5.0 (compatible; JobKeresoBot; +https://www.kozvetlen-allasok.hu/help.jsp; info@kozvetlen-allasok.hu; 5.0"
54.77.97.83 - - [07/Jan/2018:19:38:33 +0100] "HEAD / HTTP/1.1" 200 0 "-" "Mozilla/5.0 (compatible; JobKereso; +https://www.kozvetlen-allasok.hu/robot.jsp info@kozvetlen-allasok.hu)"
54.77.97.83 - - [07/Jan/2018:19:38:33 +0100] "GET /robots.txt HTTP/1.1" 404 1181 "-" "Mozilla/5.0 (compatible; JobKereso; +https://www.kozvetlen-allasok.hu/robot.jsp info@kozvetlen-allasok.hu)"
54.77.97.83 - - [07/Jan/2018:19:38:33 +0100] "HEAD / HTTP/1.1" 200 0 "-" "Mozilla/5.0 (compatible; JobKereso; +https://www.kozvetlen-allasok.hu/robot.jsp info@kozvetlen-allasok.hu)"
54.77.97.83 - - [07/Jan/2018:19:38:33 +0100] "GET / HTTP/1.1" 200 884 "-" "Mozilla/5.0 (compatible; JobKereso; +https://www.kozvetlen-allasok.hu/robot.jsp info@kozvetlen-allasok.hu)"
54.77.97.83 - - [07/Jan/2018:19:38:34 +0100] "HEAD /favicon.ico HTTP/1.1" 404 0 "https://www.kozvetlen-allasok.hu" "Mozilla/5.0 (compatible; JobKeresoBot; +https://www.kozvetlen-allasok.hu/help.jsp; info@kozvetlen-allasok.hu; 5.0"
176.63.30.100 - - [07/Jan/2018:20:29:26 +0100] "GET /aktualis_elemei/katonai.html HTTP/1.1" 200 22109 "https://www.google.hu/" "Mozilla/5.0 (iPhone; CPU iPhone OS 10_1_1 like Mac OS X) AppleWebKit/602.2.14 (KHTML, like Gecko) Version/10.0 Mobile/14B100 Safari/602.1"
176.63.30.100 - - [07/Jan/2018:20:29:27 +0100] "GET /aktualis_elemei/katonai_elemei/image002.jpg HTTP/1.1" 200 34104 "http://www.greenaction.hu/aktualis_elemei/katonai.html" "Mozilla/5.0 (iPhone; CPU iPhone OS 10_1_1 like Mac OS X) AppleWebKit/602.2.14 (KHTML, like Gecko) Version/10.0 Mobile/14B100 Safari/602.1"
176.63.30.100 - - [07/Jan/2018:20:29:27 +0100] "GET /aktualis_elemei/katonai_elemei/image004.jpg HTTP/1.1" 200 56554 "http://www.greenaction.hu/aktualis_elemei/katonai.html" "Mozilla/5.0 (iPhone; CPU iPhone OS 10_1_1 like Mac OS X) AppleWebKit/602.2.14 (KHTML, like Gecko) Version/10.0 Mobile/14B100 Safari/602.1"
176.63.30.100 - - [07/Jan/2018:20:29:27 +0100] "GET /aktualis_elemei/katonai_elemei/image001.jpg HTTP/1.1" 200 35821 "http://www.greenaction.hu/aktualis_elemei/katonai.html" "Mozilla/5.0 (iPhone; CPU iPhone OS 10_1_1 like Mac OS X) AppleWebKit/602.2.14 (KHTML, like Gecko) Version/10.0 Mobile/14B100 Safari/602.1"
176.63.30.100 - - [07/Jan/2018:20:29:27 +0100] "GET /aktualis_elemei/katonai_elemei/image003.jpg HTTP/1.1" 200 88392 "http://www.greenaction.hu/aktualis_elemei/katonai.html" "Mozilla/5.0 (iPhone; CPU iPhone OS 10_1_1 like Mac OS X) AppleWebKit/602.2.14 (KHTML, like Gecko) Version/10.0 Mobile/14B100 Safari/602.1"
162.210.196.100 - - [07/Jan/2018:21:28:00 +0100] "GET /robots.txt HTTP/1.1" 404 1181 "-" "Mozilla/5.0 (compatible; MJ12bot/v1.4.8; http://mj12bot.com/)"
216.244.66.200 - - [07/Jan/2018:22:42:52 +0100] "GET /robots.txt HTTP/1.1" 404 1181 "-" "Mozilla/5.0 (compatible; DotBot/1.1; http://www.opensiteexplorer.org/dotbot, help@moz.com)"
216.244.66.200 - - [07/Jan/2018:23:53:49 +0100] "GET /magunkrol_elemei/kozhasznu.html HTTP/1.1" 200 48365 "-" "Mozilla/5.0 (compatible; DotBot/1.1; http://www.opensiteexplorer.org/dotbot, help@moz.com)"
207.46.13.39 - - [08/Jan/2018:00:08:33 +0100] "GET /aktualis_elemei/biovasarszombat_elemei/image002.jpg HTTP/1.1" 200 15306 "-" "Mozilla/5.0 (compatible; bingbot/2.0; +http://www.bing.com/bingbot.htm)"
40.77.167.136 - - [08/Jan/2018:01:04:17 +0100] "GET / HTTP/1.1" 200 884 "-" "Mozilla/5.0 (compatible; bingbot/2.0; +http://www.bing.com/bingbot.htm)"
207.46.13.54 - - [08/Jan/2018:01:23:31 +0100] "GET /aktualis_elemei/katonai_elemei/image004.jpg HTTP/1.1" 200 56554 "-" "Mozilla/5.0 (compatible; bingbot/2.0; +http://www.bing.com/bingbot.htm)"
40.77.167.136 - - [08/Jan/2018:01:27:45 +0100] "GET /aktualis_elemei/bio2szulinap_elemei/image080.jpg HTTP/1.1" 200 9907 "-" "Mozilla/5.0 (compatible; bingbot/2.0; +http://www.bing.com/bingbot.htm)"
157.55.39.162 - - [08/Jan/2018:01:51:34 +0100] "GET /robots.txt HTTP/1.1" 404 1181 "-" "Mozilla/5.0 (compatible; bingbot/2.0; +http://www.bing.com/bingbot.htm)"
141.8.183.17 - - [08/Jan/2018:01:58:22 +0100] "GET /robots.txt HTTP/1.1" 404 1181 "-" "Mozilla/5.0 (compatible; YandexBot/3.0; +http://yandex.com/bots)"
5.255.253.13 - - [08/Jan/2018:01:58:29 +0100] "GET /kiadvany/miskolchvte.pdf HTTP/1.1" 200 4059249 "-" "Mozilla/5.0 (compatible; YandexBot/3.0; +http://yandex.com/bots)"
216.244.66.247 - - [08/Jan/2018:02:37:28 +0100] "GET /robots.txt HTTP/1.1" 404 1181 "-" "Mozilla/5.0 (compatible; DotBot/1.1; http://www.opensiteexplorer.org/dotbot, help@moz.com)"
40.77.167.136 - - [08/Jan/2018:03:07:19 +0100] "GET /aktualis_elemei/bio2szulinap_elemei/image112.jpg HTTP/1.1" 200 8269 "-" "Mozilla/5.0 (compatible; bingbot/2.0; +http://www.bing.com/bingbot.htm)"
77.111.91.248 - - [08/Jan/2018:03:35:44 +0100] "GET /archiv_elemei/acitc.html HTTP/1.1" 200 13312 "-" "Mozilla/5.0 (Windows NT 10.0; Win64; x64) AppleWebKit/537.36 (KHTML, like Gecko) Chrome/62.0.3202.94 Safari/537.36"
77.111.91.248 - - [08/Jan/2018:03:36:07 +0100] "GET / HTTP/1.1" 200 884 "-" "Mozilla/5.0 (Windows NT 10.0; Win64; x64) AppleWebKit/537.36 (KHTML, like Gecko) Chrome/62.0.3202.94 Safari/537.36"
216.244.66.247 - - [08/Jan/2018:03:41:56 +0100] "GET /archiv_elemei/acitc.html HTTP/1.1" 200 13312 "-" "Mozilla/5.0 (compatible; DotBot/1.1; http://www.opensiteexplorer.org/dotbot, help@moz.com)"
207.46.13.39 - - [08/Jan/2018:05:20:36 +0100] "GET /aktualis_elemei/bparak0929.html HTTP/1.1" 304 - "-" "Mozilla/5.0 (compatible; bingbot/2.0; +http://www.bing.com/bingbot.htm)"
66.249.64.139 - - [08/Jan/2018:06:11:36 +0100] "GET /robots.txt HTTP/1.1" 404 1181 "-" "Mozilla/5.0 (compatible; Googlebot/2.1; +http://www.google.com/bot.html)"
66.249.64.137 - - [08/Jan/2018:06:11:36 +0100] "GET / HTTP/1.1" 200 884 "-" "Mozilla/5.0 (compatible; Googlebot/2.1; +http://www.google.com/bot.html)"
207.46.13.115 - - [08/Jan/2018:07:23:43 +0100] "GET /aktualis_elemei/bio2szulinap_elemei/image088.jpg HTTP/1.1" 200 7592 "-" "Mozilla/5.0 (compatible; bingbot/2.0; +http://www.bing.com/bingbot.htm)"
157.55.39.44 - - [08/Jan/2018:08:43:16 +0100] "GET /aktualis_elemei/bio2szulinap_elemei/image102.jpg HTTP/1.1" 200 8017 "-" "Mozilla/5.0 (compatible; bingbot/2.0; +http://www.bing.com/bingbot.htm)"
157.55.39.77 - - [08/Jan/2018:09:18:21 +0100] "GET /aktualis_elemei/fnhv_elemei/image002.jpg HTTP/1.1" 200 9553 "-" "Mozilla/5.0 (compatible; bingbot/2.0; +http://www.bing.com/bingbot.htm)"
217.69.143.217 - - [08/Jan/2018:09:55:52 +0100] "GET / HTTP/1.1" 200 884 "-" "Mozilla/5.0 (X11; Linux x86_64; rv:18.0) Gecko/20100101 Firefox/18.0"
217.69.143.217 - - [08/Jan/2018:09:55:52 +0100] "GET /favicon.ico HTTP/1.1" 404 1181 "-" "Mozilla/5.0 (X11; Linux x86_64; rv:18.0) Gecko/20100101 Firefox/18.0"
217.69.143.217 - - [08/Jan/2018:09:55:53 +0100] "GET /favicon.png HTTP/1.1" 404 1181 "-" "Mozilla/5.0 (X11; Linux x86_64; rv:18.0) Gecko/20100101 Firefox/18.0"
66.249.70.7 - - [08/Jan/2018:10:48:09 +0100] "GET /robots.txt HTTP/1.1" 404 1181 "-" "Mozilla/5.0 (compatible; Googlebot/2.1; +http://www.google.com/bot.html)"
66.249.70.9 - - [08/Jan/2018:10:48:09 +0100] "GET / HTTP/1.1" 200 884 "-" "Mozilla/5.0 (Linux; Android 6.0.1; Nexus 5X Build/MMB29P) AppleWebKit/537.36 (KHTML, like Gecko) Chrome/41.0.2272.96 Mobile Safari/537.36 (compatible; Googlebot/2.1; +http://www.google.com/bot.html)"
157.55.39.21 - - [08/Jan/2018:12:04:30 +0100] "GET /robots.txt HTTP/1.1" 404 1181 "-" "Mozilla/5.0 (compatible; bingbot/2.0; +http://www.bing.com/bingbot.htm)"
207.46.13.115 - - [08/Jan/2018:12:07:20 +0100] "GET /aktualis_elemei/bio2szulinap_elemei/image074.jpg HTTP/1.1" 200 8857 "-" "Mozilla/5.0 (compatible; bingbot/2.0; +http://www.bing.com/bingbot.htm)"
157.55.39.100 - - [08/Jan/2018:13:28:26 +0100] "GET / HTTP/1.1" 200 884 "-" "Mozilla/5.0 (compatible; bingbot/2.0; +http://www.bing.com/bingbot.htm)"
66.249.64.25 - - [08/Jan/2018:13:30:43 +0100] "GET /aktualis_elemei/bio2szulinap_elemei/image140.jpg HTTP/1.1" 304 - "-" "Googlebot-Image/1.0"
35.162.70.167 - - [08/Jan/2018:13:56:42 +0100] "GET / HTTP/1.1" 200 884 "-" "Magic Browser"
35.162.70.167 - - [08/Jan/2018:13:56:46 +0100] "GET / HTTP/1.1" 200 884 "-" "Magic Browser"
13.56.229.65 - - [08/Jan/2018:14:55:17 +0100] "GET / HTTP/1.1" 200 884 "-" "Mozilla/5.0 (Macintosh; Intel Mac OS X 10_12_6) AppleWebKit/537.36 (KHTML, like Gecko) Chrome/61.0.3163.100 Safari/537.36"
66.249.64.25 - - [08/Jan/2018:15:39:51 +0100] "GET /aktualis_elemei/katonai.html HTTP/1.1" 304 - "-" "Mozilla/5.0 (compatible; Googlebot/2.1; +http://www.google.com/bot.html)"
87.97.2.16 - - [08/Jan/2018:17:33:42 +0100] "GET /aktualis_elemei/bio2szulinap_elemei/image134.jpg HTTP/1.1" 200 10678 "https://www.google.hu/" "Mozilla/5.0 (Windows NT 6.1; Win64; x64; rv:57.0) Gecko/20100101 Firefox/57.0"
80.77.124.233 - - [08/Jan/2018:19:23:13 +0100] "GET /archiv_elemei/acitc.html HTTP/1.1" 200 13312 "-" "Mozilla/5.0 (Windows NT 10.0; Win64; x64) AppleWebKit/537.36 (KHTML, like Gecko) Chrome/62.0.3202.94 Safari/537.36"
80.77.124.233 - - [08/Jan/2018:19:23:41 +0100] "GET / HTTP/1.1" 200 884 "-" "Mozilla/5.0 (Windows NT 10.0; Win64; x64) AppleWebKit/537.36 (KHTML, like Gecko) Chrome/62.0.3202.94 Safari/537.36"
41.82.166.158 - - [08/Jan/2018:21:06:10 +0100] "GET / HTTP/1.1" 200 884 "-" "Mozilla/4.0 (compatible; MSIE 5.0; Windows NT; DigExt; DTS Agent"
91.219.239.114 - - [08/Jan/2018:21:19:26 +0100] "POST /?%2D%64+%61%6C%6C%6F%77%5F%75%72%6C%5F%69%6E%63%6C%75%64%65%3D%6F%6E+%2D%64+%73%61%66%65%5F%6D%6F%64%65%3D%6F%66%66+%2D%64+%73%75%68%6F%73%69%6E%2E%73%69%6D%75%6C%61%74%69%6F%6E%3D%6F%6E+%2D%64+%64%69%73%61%62%6C%65%5F%66%75%6E%63%74%69%6F%6E%73%3D%22%22+%2D%64+%6F%70%65%6E%5F%62%61%73%65%64%69%72%3D%6E%6F%6E%65+%2D%64+%61%75%74%6F%5F%70%72%65%70%65%6E%64%5F%66%69%6C%65%3D%70%68%70%3A%2F%2F%69%6E%70%75%74+%2D%64+%63%67%69%2E%66%6F%72%63%65%5F%72%65%64%69%72%65%63%74%3D%30+%2D%64+%63%67%69%2E%72%65%64%69%72%65%63%74%5F%73%74%61%74%75%73%5F%65%6E%76%3D%30+%2D%6E HTTP/1.1" 405 1174 "-" "Mozilla/5.0 (Windows NT 10.0; Win64; x64) AppleWebKit/537.36 (KHTML, like Gecko) Chrome/56.0.2924.87 Safari/537.36"
91.219.239.114 - - [08/Jan/2018:21:19:27 +0100] "POST /cgi-bin/php?%2D%64+%61%6C%6C%6F%77%5F%75%72%6C%5F%69%6E%63%6C%75%64%65%3D%6F%6E+%2D%64+%73%61%66%65%5F%6D%6F%64%65%3D%6F%66%66+%2D%64+%73%75%68%6F%73%69%6E%2E%73%69%6D%75%6C%61%74%69%6F%6E%3D%6F%6E+%2D%64+%64%69%73%61%62%6C%65%5F%66%75%6E%63%74%69%6F%6E%73%3D%22%22+%2D%64+%6F%70%65%6E%5F%62%61%73%65%64%69%72%3D%6E%6F%6E%65+%2D%64+%61%75%74%6F%5F%70%72%65%70%65%6E%64%5F%66%69%6C%65%3D%70%68%70%3A%2F%2F%69%6E%70%75%74+%2D%64+%63%67%69%2E%66%6F%72%63%65%5F%72%65%64%69%72%65%63%74%3D%30+%2D%64+%63%67%69%2E%72%65%64%69%72%65%63%74%5F%73%74%61%74%75%73%5F%65%6E%76%3D%30+%2D%6E HTTP/1.1" 500 1215 "-" "Mozilla/5.0 (Windows NT 10.0; Win64; x64) AppleWebKit/537.36 (KHTML, like Gecko) Chrome/56.0.2924.87 Safari/537.36"
185.220.101.17 - - [08/Jan/2018:21:19:34 +0100] "POST /cgi-bin/php5?%2D%64+%61%6C%6C%6F%77%5F%75%72%6C%5F%69%6E%63%6C%75%64%65%3D%6F%6E+%2D%64+%73%61%66%65%5F%6D%6F%64%65%3D%6F%66%66+%2D%64+%73%75%68%6F%73%69%6E%2E%73%69%6D%75%6C%61%74%69%6F%6E%3D%6F%6E+%2D%64+%64%69%73%61%62%6C%65%5F%66%75%6E%63%74%69%6F%6E%73%3D%22%22+%2D%64+%6F%70%65%6E%5F%62%61%73%65%64%69%72%3D%6E%6F%6E%65+%2D%64+%61%75%74%6F%5F%70%72%65%70%65%6E%64%5F%66%69%6C%65%3D%70%68%70%3A%2F%2F%69%6E%70%75%74+%2D%64+%63%67%69%2E%66%6F%72%63%65%5F%72%65%64%69%72%65%63%74%3D%30+%2D%64+%63%67%69%2E%72%65%64%69%72%65%63%74%5F%73%74%61%74%75%73%5F%65%6E%76%3D%30+%2D%6E HTTP/1.1" 500 1215 "-" "Mozilla/5.0 (Windows NT 10.0; Win64; x64) AppleWebKit/537.36 (KHTML, like Gecko) Chrome/56.0.2924.87 Safari/537.36"
185.220.101.17 - - [08/Jan/2018:21:19:40 +0100] "POST /cgi-bin/php4?%2D%64+%61%6C%6C%6F%77%5F%75%72%6C%5F%69%6E%63%6C%75%64%65%3D%6F%6E+%2D%64+%73%61%66%65%5F%6D%6F%64%65%3D%6F%66%66+%2D%64+%73%75%68%6F%73%69%6E%2E%73%69%6D%75%6C%61%74%69%6F%6E%3D%6F%6E+%2D%64+%64%69%73%61%62%6C%65%5F%66%75%6E%63%74%69%6F%6E%73%3D%22%22+%2D%64+%6F%70%65%6E%5F%62%61%73%65%64%69%72%3D%6E%6F%6E%65+%2D%64+%61%75%74%6F%5F%70%72%65%70%65%6E%64%5F%66%69%6C%65%3D%70%68%70%3A%2F%2F%69%6E%70%75%74+%2D%64+%63%67%69%2E%66%6F%72%63%65%5F%72%65%64%69%72%65%63%74%3D%30+%2D%64+%63%67%69%2E%72%65%64%69%72%65%63%74%5F%73%74%61%74%75%73%5F%65%6E%76%3D%30+%2D%6E HTTP/1.1" 500 1215 "-" "Mozilla/5.0 (Windows NT 10.0; Win64; x64) AppleWebKit/537.36 (KHTML, like Gecko) Chrome/56.0.2924.87 Safari/537.36"
185.100.85.101 - - [08/Jan/2018:21:19:48 +0100] "POST /cgi-bin/php-cgi?%2D%64+%61%6C%6C%6F%77%5F%75%72%6C%5F%69%6E%63%6C%75%64%65%3D%6F%6E+%2D%64+%73%61%66%65%5F%6D%6F%64%65%3D%6F%66%66+%2D%64+%73%75%68%6F%73%69%6E%2E%73%69%6D%75%6C%61%74%69%6F%6E%3D%6F%6E+%2D%64+%64%69%73%61%62%6C%65%5F%66%75%6E%63%74%69%6F%6E%73%3D%22%22+%2D%64+%6F%70%65%6E%5F%62%61%73%65%64%69%72%3D%6E%6F%6E%65+%2D%64+%61%75%74%6F%5F%70%72%65%70%65%6E%64%5F%66%69%6C%65%3D%70%68%70%3A%2F%2F%69%6E%70%75%74+%2D%64+%63%67%69%2E%66%6F%72%63%65%5F%72%65%64%69%72%65%63%74%3D%30+%2D%64+%63%67%69%2E%72%65%64%69%72%65%63%74%5F%73%74%61%74%75%73%5F%65%6E%76%3D%30+%2D%6E HTTP/1.1" 404 1181 "-" "Mozilla/5.0 (Windows NT 10.0; Win64; x64) AppleWebKit/537.36 (KHTML, like Gecko) Chrome/56.0.2924.87 Safari/537.36"
185.100.85.101 - - [08/Jan/2018:21:19:52 +0100] "POST /cgi-bin/php.cgi?%2D%64+%61%6C%6C%6F%77%5F%75%72%6C%5F%69%6E%63%6C%75%64%65%3D%6F%6E+%2D%64+%73%61%66%65%5F%6D%6F%64%65%3D%6F%66%66+%2D%64+%73%75%68%6F%73%69%6E%2E%73%69%6D%75%6C%61%74%69%6F%6E%3D%6F%6E+%2D%64+%64%69%73%61%62%6C%65%5F%66%75%6E%63%74%69%6F%6E%73%3D%22%22+%2D%64+%6F%70%65%6E%5F%62%61%73%65%64%69%72%3D%6E%6F%6E%65+%2D%64+%61%75%74%6F%5F%70%72%65%70%65%6E%64%5F%66%69%6C%65%3D%70%68%70%3A%2F%2F%69%6E%70%75%74+%2D%64+%63%67%69%2E%66%6F%72%63%65%5F%72%65%64%69%72%65%63%74%3D%30+%2D%64+%63%67%69%2E%72%65%64%69%72%65%63%74%5F%73%74%61%74%75%73%5F%65%6E%76%3D%30+%2D%6E HTTP/1.1" 404 1181 "-" "Mozilla/5.0 (Windows NT 10.0; Win64; x64) AppleWebKit/537.36 (KHTML, like Gecko) Chrome/56.0.2924.87 Safari/537.36"
207.46.13.206 - - [08/Jan/2018:22:12:16 +0100] "GET /aktualis_elemei/bio2szulinap_elemei/image108.jpg HTTP/1.1" 200 9238 "-" "Mozilla/5.0 (compatible; bingbot/2.0; +http://www.bing.com/bingbot.htm)"
212.227.18.46 - - [08/Jan/2018:22:51:13 +0100] "GET /wp-admin/setup-config.php?step=1 HTTP/1.1" 404 1181 "-" "libwww-perl/6.08"
212.227.18.46 - - [08/Jan/2018:22:51:13 +0100] "GET /blog/wp-admin/setup-config.php?step=1 HTTP/1.1" 404 1181 "-" "libwww-perl/6.08"
42.236.102.3 - - [08/Jan/2018:23:39:45 +0100] "GET / HTTP/1.1" 200 884 "http://www.greenaction.hu/" "Mozilla/5.0 (Windows NT 6.1; WOW64) AppleWebKit/537.36 (KHTML, like Gecko) Chrome/50.0.2661.102 Safari/537.36; 360Spider"
157.55.39.249 - - [08/Jan/2018:23:44:33 +0100] "GET /aktualis_elemei/bio2szulinap_elemei/image052.jpg HTTP/1.1" 200 11533 "-" "Mozilla/5.0 (compatible; bingbot/2.0; +http://www.bing.com/bingbot.htm)"
66.249.69.75 - - [09/Jan/2018:01:29:31 +0100] "GET /robots.txt HTTP/1.1" 404 1181 "-" "Mozilla/5.0 (compatible; Googlebot/2.1; +http://www.google.com/bot.html)"
66.249.69.73 - - [09/Jan/2018:01:29:31 +0100] "GET / HTTP/1.1" 200 884 "-" "Mozilla/5.0 (Linux; Android 6.0.1; Nexus 5X Build/MMB29P) AppleWebKit/537.36 (KHTML, like Gecko) Chrome/41.0.2272.96 Mobile Safari/537.36 (compatible; Googlebot/2.1; +http://www.google.com/bot.html)"
63.141.244.250 - - [09/Jan/2018:02:04:46 +0100] "GET /blog/wp-admin/setup-config.php HTTP/1.1" 404 1181 "-" "Mozilla/5.0 (Windows NT 6.1; Trident/7.0; rv:11.0) like Gecko"
63.141.244.250 - - [09/Jan/2018:02:04:46 +0100] "GET /wp/wp-admin/setup-config.php HTTP/1.1" 404 1181 "-" "Mozilla/5.0 (Windows NT 6.1; Trident/7.0; rv:11.0) like Gecko"
63.141.244.250 - - [09/Jan/2018:02:04:46 +0100] "GET /old/wp-admin/setup-config.php HTTP/1.1" 404 1181 "-" "Mozilla/5.0 (Windows NT 6.1; Trident/7.0; rv:11.0) like Gecko"
63.141.244.250 - - [09/Jan/2018:02:04:46 +0100] "GET /wordpress/wp-admin/setup-config.php HTTP/1.1" 404 1181 "-" "Mozilla/5.0 (Windows NT 6.1; Trident/7.0; rv:11.0) like Gecko"
63.141.244.250 - - [09/Jan/2018:02:04:46 +0100] "GET /test/wp-admin/setup-config.php HTTP/1.1" 404 1181 "-" "Mozilla/5.0 (Windows NT 6.1; Trident/7.0; rv:11.0) like Gecko"
35.225.221.87 - - [09/Jan/2018:02:14:23 +0100] "GET /robots.txt HTTP/1.1" 404 1181 "-" "ltx71 - (http://ltx71.com/)"
157.55.39.250 - - [09/Jan/2018:02:45:41 +0100] "GET /aktualis_elemei/bio2szulinap_elemei/image104.jpg HTTP/1.1" 200 8372 "-" "Mozilla/5.0 (compatible; bingbot/2.0; +http://www.bing.com/bingbot.htm)"
216.244.66.200 - - [09/Jan/2018:03:24:50 +0100] "GET /robots.txt HTTP/1.1" 404 1181 "-" "Mozilla/5.0 (compatible; DotBot/1.1; http://www.opensiteexplorer.org/dotbot, help@moz.com)"
216.244.66.200 - - [09/Jan/2018:03:58:34 +0100] "GET / HTTP/1.1" 200 884 "-" "Mozilla/5.0 (compatible; DotBot/1.1; http://www.opensiteexplorer.org/dotbot, help@moz.com)"
78.46.120.18 - - [09/Jan/2018:04:29:08 +0100] "GET / HTTP/1.1" 200 884 "-" "Mozilla/5.0 (Windows NT 10.0; WOW64) AppleWebKit/537.36 (KHTML, like Gecko) Chrome/47.0.2526.111 Safari/537.36"
78.46.120.18 - - [09/Jan/2018:04:29:08 +0100] "GET / HTTP/1.1" 200 884 "-" "Mozilla/5.0 (Windows NT 10.0; WOW64) AppleWebKit/537.36 (KHTML, like Gecko) Chrome/47.0.2526.111 Safari/537.36"
207.46.13.65 - - [09/Jan/2018:04:34:33 +0100] "GET /aktualis_elemei/katonai_elemei/image001.jpg HTTP/1.1" 200 35821 "-" "Mozilla/5.0 (compatible; bingbot/2.0; +http://www.bing.com/bingbot.htm)"
40.77.167.137 - - [09/Jan/2018:04:43:03 +0100] "GET /aktualis_elemei/bio2szulinap_elemei/image124.jpg HTTP/1.1" 200 8278 "-" "Mozilla/5.0 (compatible; bingbot/2.0; +http://www.bing.com/bingbot.htm)"
35.225.221.87 - - [09/Jan/2018:04:59:59 +0100] "GET /robots.txt HTTP/1.1" 404 1181 "-" "ltx71 - (http://ltx71.com/)"
207.46.13.65 - - [09/Jan/2018:05:49:09 +0100] "GET /aktualis_elemei/bio2szulinap_elemei/image110.jpg HTTP/1.1" 200 8760 "-" "Mozilla/5.0 (compatible; bingbot/2.0; +http://www.bing.com/bingbot.htm)"
35.225.221.87 - - [09/Jan/2018:05:55:58 +0100] "GET /robots.txt HTTP/1.1" 404 1181 "-" "ltx71 - (http://ltx71.com/)"
35.225.221.87 - - [09/Jan/2018:05:56:11 +0100] "GET / HTTP/1.1" 200 884 "-" "ltx71 - (http://ltx71.com/)"
40.77.167.137 - - [09/Jan/2018:06:04:45 +0100] "GET /aktualis_elemei/bio2szulinap_elemei/image106.jpg HTTP/1.1" 200 7697 "-" "Mozilla/5.0 (compatible; bingbot/2.0; +http://www.bing.com/bingbot.htm)"
207.46.13.63 - - [09/Jan/2018:06:24:57 +0100] "GET /aktualis_elemei/fnhv_elemei/image023.jpg HTTP/1.1" 200 10309 "-" "Mozilla/5.0 (compatible; bingbot/2.0; +http://www.bing.com/bingbot.htm)"
88.99.99.145 - - [09/Jan/2018:08:49:28 +0100] "GET / HTTP/1.1" 200 884 "https://google.com/" "Mozilla/5.0 (X11; Ubuntu; Linux x86_64; rv:26.0) Gecko/20100101 Firefox/26.0"
141.8.183.17 - - [09/Jan/2018:09:44:52 +0100] "GET /robots.txt HTTP/1.1" 404 1181 "-" "Mozilla/5.0 (compatible; YandexBot/3.0; +http://yandex.com/bots)"
141.8.183.17 - - [09/Jan/2018:09:44:56 +0100] "GET /aktualis_elemei/bio2szulinap_elemei/image034.jpg HTTP/1.1" 200 17799 "-" "Mozilla/5.0 (compatible; YandexImages/3.0; +http://yandex.com/bots)"
157.55.39.51 - - [09/Jan/2018:09:54:03 +0100] "GET /robots.txt HTTP/1.1" 404 1181 "-" "Mozilla/5.0 (compatible; bingbot/2.0; +http://www.bing.com/bingbot.htm)"
207.46.13.63 - - [09/Jan/2018:10:12:12 +0100] "GET /aktualis_elemei/bio2szulinap_elemei/image034.jpg HTTP/1.1" 200 17799 "-" "Mozilla/5.0 (compatible; bingbot/2.0; +http://www.bing.com/bingbot.htm)"
207.46.13.31 - - [09/Jan/2018:10:29:58 +0100] "GET /aktualis_elemei/bio2szulinap_elemei/image092.jpg HTTP/1.1" 200 7352 "-" "Mozilla/5.0 (compatible; bingbot/2.0; +http://www.bing.com/bingbot.htm)"
207.46.13.163 - - [09/Jan/2018:10:43:18 +0100] "GET /aktualis_elemei/bio2szulinap_elemei/image130.jpg HTTP/1.1" 200 7636 "-" "Mozilla/5.0 (compatible; bingbot/2.0; +http://www.bing.com/bingbot.htm)"
207.46.13.163 - - [09/Jan/2018:11:01:44 +0100] "GET / HTTP/1.1" 200 884 "-" "Mozilla/5.0 (compatible; bingbot/2.0; +http://www.bing.com/bingbot.htm)"
77.111.91.248 - - [09/Jan/2018:11:28:29 +0100] "GET /archiv_elemei/acitc.html HTTP/1.1" 200 13312 "-" "Mozilla/5.0 (Windows NT 10.0; Win64; x64) AppleWebKit/537.36 (KHTML, like Gecko) Chrome/62.0.3202.94 Safari/537.36"
77.111.91.248 - - [09/Jan/2018:11:28:55 +0100] "GET / HTTP/1.1" 200 884 "-" "Mozilla/5.0 (Windows NT 10.0; Win64; x64) AppleWebKit/537.36 (KHTML, like Gecko) Chrome/62.0.3202.94 Safari/537.36"
89.133.14.9 - - [09/Jan/2018:13:17:36 +0100] "HEAD / HTTP/1.1" 200 0 "https://miskolc.lap.hu" "Mozilla/5.0 (Windows; U; MSIE 9.0; Windows NT 9.0; en-US)"
89.133.14.9 - - [09/Jan/2018:13:17:41 +0100] "GET / HTTP/1.1" 200 884 "https://miskolc.lap.hu" "Mozilla/5.0 (Windows; U; MSIE 9.0; Windows NT 9.0; en-US)"
52.41.211.72 - - [09/Jan/2018:14:55:09 +0100] "GET / HTTP/1.1" 200 884 "-" "Magic Browser"
52.41.211.72 - - [09/Jan/2018:14:55:10 +0100] "GET / HTTP/1.1" 200 884 "-" "Magic Browser"
91.147.230.168 - - [09/Jan/2018:15:01:26 +0100] "GET /aktualis_elemei/bio2szulinap_elemei/image072.jpg HTTP/1.1" 200 8143 "https://www.google.hu/" "Mozilla/5.0 (Windows NT 10.0; Win64; x64) AppleWebKit/537.36 (KHTML, like Gecko) Chrome/63.0.3239.132 Safari/537.36"
141.8.183.17 - - [09/Jan/2018:16:52:57 +0100] "GET /robots.txt HTTP/1.1" 404 1181 "-" "Mozilla/5.0 (compatible; YandexBot/3.0; +http://yandex.com/bots)"
141.8.183.17 - - [09/Jan/2018:16:53:01 +0100] "GET / HTTP/1.1" 200 884 "-" "Mozilla/5.0 (compatible; YandexBot/3.0; +http://yandex.com/bots)"
178.154.171.90 - - [09/Jan/2018:16:53:06 +0100] "GET /zoldakcio.swf HTTP/1.1" 200 840351 "-" "Mozilla/5.0 (compatible; YandexBot/3.0; +http://yandex.com/bots)"
66.249.69.73 - - [09/Jan/2018:18:59:06 +0100] "GET /robots.txt HTTP/1.1" 404 1181 "-" "Mozilla/5.0 (compatible; Googlebot/2.1; +http://www.google.com/bot.html)"
66.249.69.75 - - [09/Jan/2018:18:59:07 +0100] "GET / HTTP/1.1" 200 884 "-" "Mozilla/5.0 (compatible; Googlebot/2.1; +http://www.google.com/bot.html)"
89.107.252.218 - - [09/Jan/2018:19:06:31 +0100] "GET /wp-login.php HTTP/1.1" 404 1181 "-" "Mozilla/5.0 (Windows NT 6.1; WOW64; rv:40.0) Gecko/20100101 Firefox/40.1"
89.107.252.218 - - [09/Jan/2018:19:06:31 +0100] "GET / HTTP/1.1" 200 884 "-" "Mozilla/5.0 (Windows NT 6.1; WOW64; rv:40.0) Gecko/20100101 Firefox/40.1"
34.241.178.208 - - [09/Jan/2018:19:18:51 +0100] "HEAD / HTTP/1.1" 200 0 "-" "Mozilla/5.0 (compatible; JobKereso; +https://www.kozvetlen-allasok.hu/robot.jsp info@kozvetlen-allasok.hu)"
34.241.178.208 - - [09/Jan/2018:19:18:51 +0100] "GET /robots.txt HTTP/1.1" 404 1181 "-" "Mozilla/5.0 (compatible; JobKereso; +https://www.kozvetlen-allasok.hu/robot.jsp info@kozvetlen-allasok.hu)"
34.241.178.208 - - [09/Jan/2018:19:18:51 +0100] "HEAD / HTTP/1.1" 200 0 "-" "Mozilla/5.0 (compatible; JobKereso; +https://www.kozvetlen-allasok.hu/robot.jsp info@kozvetlen-allasok.hu)"
34.241.178.208 - - [09/Jan/2018:19:18:51 +0100] "GET / HTTP/1.1" 200 884 "-" "Mozilla/5.0 (compatible; JobKereso; +https://www.kozvetlen-allasok.hu/robot.jsp info@kozvetlen-allasok.hu)"
34.241.178.208 - - [09/Jan/2018:19:18:51 +0100] "HEAD /favicon.ico HTTP/1.1" 404 0 "https://www.kozvetlen-allasok.hu" "Mozilla/5.0 (compatible; JobKeresoBot; +https://www.kozvetlen-allasok.hu/help.jsp; info@kozvetlen-allasok.hu; 5.0"
207.46.13.163 - - [09/Jan/2018:19:25:47 +0100] "GET / HTTP/1.1" 200 884 "-" "Mozilla/5.0 (iPhone; CPU iPhone OS 7_0 like Mac OS X) AppleWebKit/537.51.1 (KHTML, like Gecko) Version/7.0 Mobile/11A465 Safari/9537.53 (compatible; bingbot/2.0; +http://www.bing.com/bingbot.htm)"
34.241.52.109 - - [09/Jan/2018:19:40:31 +0100] "HEAD / HTTP/1.1" 200 0 "-" "Mozilla/5.0 (compatible; JobKereso; +https://www.kozvetlen-allasok.hu/robot.jsp info@kozvetlen-allasok.hu)"
34.241.52.109 - - [09/Jan/2018:19:40:31 +0100] "GET /robots.txt HTTP/1.1" 404 1181 "-" "Mozilla/5.0 (compatible; JobKereso; +https://www.kozvetlen-allasok.hu/robot.jsp info@kozvetlen-allasok.hu)"
34.241.52.109 - - [09/Jan/2018:19:40:31 +0100] "HEAD / HTTP/1.1" 200 0 "-" "Mozilla/5.0 (compatible; JobKereso; +https://www.kozvetlen-allasok.hu/robot.jsp info@kozvetlen-allasok.hu)"
34.241.52.109 - - [09/Jan/2018:19:40:31 +0100] "GET / HTTP/1.1" 200 884 "-" "Mozilla/5.0 (compatible; JobKereso; +https://www.kozvetlen-allasok.hu/robot.jsp info@kozvetlen-allasok.hu)"
34.241.52.109 - - [09/Jan/2018:19:40:31 +0100] "HEAD /favicon.ico HTTP/1.1" 404 0 "https://www.kozvetlen-allasok.hu" "Mozilla/5.0 (compatible; JobKeresoBot; +https://www.kozvetlen-allasok.hu/help.jsp; info@kozvetlen-allasok.hu; 5.0"
216.244.66.200 - - [09/Jan/2018:20:01:47 +0100] "GET /robots.txt HTTP/1.1" 404 1181 "-" "Mozilla/5.0 (compatible; DotBot/1.1; http://www.opensiteexplorer.org/dotbot, help@moz.com)"
216.244.66.200 - - [09/Jan/2018:20:14:08 +0100] "GET / HTTP/1.1" 200 884 "-" "Mozilla/5.0 (compatible; DotBot/1.1; http://www.opensiteexplorer.org/dotbot, help@moz.com)"
216.244.66.247 - - [09/Jan/2018:20:24:29 +0100] "GET /robots.txt HTTP/1.1" 404 1181 "-" "Mozilla/5.0 (compatible; DotBot/1.1; http://www.opensiteexplorer.org/dotbot, help@moz.com)"
216.244.66.247 - - [09/Jan/2018:20:37:40 +0100] "GET /program.html HTTP/1.1" 200 12857 "-" "Mozilla/5.0 (compatible; DotBot/1.1; http://www.opensiteexplorer.org/dotbot, help@moz.com)"
207.46.13.63 - - [09/Jan/2018:21:10:23 +0100] "GET /aktualis.html HTTP/1.1" 200 104235 "-" "Mozilla/5.0 (iPhone; CPU iPhone OS 7_0 like Mac OS X) AppleWebKit/537.51.1 (KHTML, like Gecko) Version/7.0 Mobile/11A465 Safari/9537.53 (compatible; bingbot/2.0; +http://www.bing.com/bingbot.htm)"
141.8.183.17 - - [09/Jan/2018:21:22:13 +0100] "GET /robots.txt HTTP/1.1" 404 1181 "-" "Mozilla/5.0 (compatible; YandexBot/3.0; +http://yandex.com/bots)"
178.154.171.90 - - [09/Jan/2018:21:22:13 +0100] "GET /robots.txt HTTP/1.1" 404 1181 "-" "Mozilla/5.0 (compatible; YandexBot/3.0; +http://yandex.com/bots)"
141.8.183.17 - - [09/Jan/2018:21:22:17 +0100] "GET / HTTP/1.1" 200 884 "-" "Mozilla/5.0 (compatible; YandexBot/3.0; +http://yandex.com/bots)"
178.154.171.90 - - [09/Jan/2018:21:22:17 +0100] "GET / HTTP/1.1" 200 884 "-" "Mozilla/5.0 (compatible; YandexBot/3.0; +http://yandex.com/bots)"
141.8.183.17 - - [09/Jan/2018:21:22:22 +0100] "GET /zoldakcio.swf HTTP/1.1" 200 840351 "-" "Mozilla/5.0 (compatible; YandexBot/3.0; +http://yandex.com/bots)"
68.180.230.114 - - [09/Jan/2018:21:30:24 +0100] "GET /robots.txt HTTP/1.1" 404 1181 "-" "Mozilla/5.0 (compatible; Yahoo! Slurp; http://help.yahoo.com/help/us/ysearch/slurp)"
68.180.230.114 - - [09/Jan/2018:21:30:25 +0100] "GET / HTTP/1.1" 304 - "-" "Mozilla/5.0 (compatible; Yahoo! Slurp; http://help.yahoo.com/help/us/ysearch/slurp)"
207.46.13.65 - - [09/Jan/2018:21:40:54 +0100] "GET /kiadvany/miabio.pdf HTTP/1.1" 200 10757450 "-" "Mozilla/5.0 (iPhone; CPU iPhone OS 7_0 like Mac OS X) AppleWebKit/537.51.1 (KHTML, like Gecko) Version/7.0 Mobile/11A465 Safari/9537.53 (compatible; bingbot/2.0; +http://www.bing.com/bingbot.htm)"
207.46.13.163 - - [09/Jan/2018:21:47:46 +0100] "GET /aktualis_elemei/bekamentes_elemei/image009.jpg HTTP/1.1" 200 11140 "-" "Mozilla/5.0 (compatible; bingbot/2.0; +http://www.bing.com/bingbot.htm)"
207.46.13.63 - - [09/Jan/2018:22:43:29 +0100] "GET /aktualis_elemei/katonai.html HTTP/1.1" 200 22109 "-" "Mozilla/5.0 (iPhone; CPU iPhone OS 7_0 like Mac OS X) AppleWebKit/537.51.1 (KHTML, like Gecko) Version/7.0 Mobile/11A465 Safari/9537.53 (compatible; bingbot/2.0; +http://www.bing.com/bingbot.htm)"
199.30.24.221 - - [09/Jan/2018:22:51:44 +0100] "GET /pattern.jpg HTTP/1.1" 200 13798 "-" "Mozilla/5.0 (iPhone; CPU iPhone OS 7_0 like Mac OS X) AppleWebKit/537.51.1 (KHTML, like Gecko) Version/7.0 Mobile/11A465 Safari/9537.53 BingPreview/1.0b"
65.55.210.137 - - [09/Jan/2018:22:52:01 +0100] "GET /zoldakcio.swf HTTP/1.1" 200 840351 "-" "Mozilla/5.0 (iPhone; CPU iPhone OS 7_0 like Mac OS X) AppleWebKit/537.51.1 (KHTML, like Gecko) Version/7.0 Mobile/11A465 Safari/9537.53 BingPreview/1.0b"
40.77.167.43 - - [09/Jan/2018:22:58:26 +0100] "GET /robots.txt HTTP/1.1" 404 1181 "-" "Mozilla/5.0 (compatible; bingbot/2.0; +http://www.bing.com/bingbot.htm)"
178.154.200.11 - - [09/Jan/2018:23:26:35 +0100] "GET /kiadvany/miskolchvte.pdf HTTP/1.1" 200 4059249 "-" "Mozilla/5.0 (compatible; YandexBot/3.0; +http://yandex.com/bots)"
213.181.208.13 - - [09/Jan/2018:23:41:52 +0100] "GET / HTTP/1.1" 200 884 "-" "Mozilla/5.0 (Windows NT 10.0; WOW64) AppleWebKit/537.36 (KHTML, like Gecko) Chrome/47.0.2526.111 Safari/537.36"
207.46.13.65 - - [10/Jan/2018:00:37:54 +0100] "GET /aktualis_elemei/bio2szulinap_elemei/image142.jpg HTTP/1.1" 200 9654 "-" "Mozilla/5.0 (compatible; bingbot/2.0; +http://www.bing.com/bingbot.htm)"
207.46.13.63 - - [10/Jan/2018:00:38:19 +0100] "GET /aktualis_elemei/bio2szulinap_elemei/image066.jpg HTTP/1.1" 200 9626 "-" "Mozilla/5.0 (compatible; bingbot/2.0; +http://www.bing.com/bingbot.htm)"
123.125.67.158 - - [10/Jan/2018:00:40:26 +0100] "GET /robots.txt HTTP/1.1" 404 1181 "-" "Mozilla/5.0 (Windows NT 10.0; WOW64) AppleWebKit/537.36 (KHTML, like Gecko) Chrome/45.0.2454.93 Safari/537.36"
123.125.71.42 - - [10/Jan/2018:00:43:37 +0100] "GET /kiadvany/delbukk.pdf HTTP/1.1" 200 1540585 "-" "Mozilla/5.0 (compatible; Baiduspider/2.0; +http://www.baidu.com/search/spider.html)"
217.79.182.184 - - [10/Jan/2018:00:50:15 +0100] "GET /magunkrol_elemei/kozhasznu.html HTTP/1.1" 200 48365 "-" "Mozilla/5.0 (Windows; U; Windows NT 5.1; de; rv:1.9.2.3) Gecko/20100401 Firefox/3.6.3"
207.46.13.163 - - [10/Jan/2018:00:56:08 +0100] "GET /aktualis_elemei/bio2szulinap.html HTTP/1.1" 200 71694 "-" "Mozilla/5.0 (iPhone; CPU iPhone OS 7_0 like Mac OS X) AppleWebKit/537.51.1 (KHTML, like Gecko) Version/7.0 Mobile/11A465 Safari/9537.53 (compatible; bingbot/2.0; +http://www.bing.com/bingbot.htm)"
207.46.13.163 - - [10/Jan/2018:00:59:41 +0100] "GET / HTTP/1.1" 200 884 "-" "Mozilla/5.0 (compatible; bingbot/2.0; +http://www.bing.com/bingbot.htm)"
199.30.24.125 - - [10/Jan/2018:02:04:05 +0100] "GET /kiadvany/miabio.pdf HTTP/1.1" 200 4249670 "-" "Mozilla/5.0 (iPhone; CPU iPhone OS 7_0 like Mac OS X) AppleWebKit/537.51.1 (KHTML, like Gecko) Version/7.0 Mobile/11A465 Safari/9537.53 BingPreview/1.0b"
207.46.13.65 - - [10/Jan/2018:02:20:20 +0100] "GET /aktualis_elemei/bio2szulinap_elemei/image082.jpg HTTP/1.1" 200 7560 "-" "Mozilla/5.0 (compatible; bingbot/2.0; +http://www.bing.com/bingbot.htm)"
207.46.13.63 - - [10/Jan/2018:03:11:41 +0100] "GET /kiadvany/miskolchvte.pdf HTTP/1.1" 200 4059249 "-" "Mozilla/5.0 (iPhone; CPU iPhone OS 7_0 like Mac OS X) AppleWebKit/537.51.1 (KHTML, like Gecko) Version/7.0 Mobile/11A465 Safari/9537.53 (compatible; bingbot/2.0; +http://www.bing.com/bingbot.htm)"
80.77.124.233 - - [10/Jan/2018:03:15:43 +0100] "GET /archiv_elemei/acitc.html HTTP/1.1" 200 13312 "-" "Mozilla/5.0 (Windows NT 10.0; Win64; x64) AppleWebKit/537.36 (KHTML, like Gecko) Chrome/62.0.3202.94 Safari/537.36"
80.77.124.233 - - [10/Jan/2018:03:16:06 +0100] "GET / HTTP/1.1" 200 884 "-" "Mozilla/5.0 (Windows NT 10.0; Win64; x64) AppleWebKit/537.36 (KHTML, like Gecko) Chrome/62.0.3202.94 Safari/537.36"
