77.111.91.248 - - [26/Jan/2018:05:45:32 +0100] "GET / HTTP/1.1" 200 884 "-" "Mozilla/5.0 (Windows NT 10.0; Win64; x64) AppleWebKit/537.36 (KHTML, like Gecko) Chrome/62.0.3202.94 Safari/537.36"
66.249.73.207 - - [26/Jan/2018:06:07:36 +0100] "GET /zoldakcio.swf HTTP/1.1" 200 840351 "-" "Mozilla/5.0 (compatible; Googlebot/2.1; +http://www.google.com/bot.html)"
131.253.27.19 - - [26/Jan/2018:06:32:51 +0100] "GET /kiadvany/miabio.pdf HTTP/1.1" 200 4317184 "-" "Mozilla/5.0 (iPhone; CPU iPhone OS 7_0 like Mac OS X) AppleWebKit/537.51.1 (KHTML, like Gecko) Version/7.0 Mobile/11A465 Safari/9537.53 BingPreview/1.0b"
199.30.25.9 - - [26/Jan/2018:06:39:02 +0100] "GET /kiadvany/miabio.pdf HTTP/1.1" 200 4349952 "-" "Mozilla/5.0 (Windows NT 6.1; WOW64) AppleWebKit/534+ (KHTML, like Gecko) BingPreview/1.0b"
199.30.24.214 - - [26/Jan/2018:06:39:15 +0100] "GET /kiadvany/miabio.pdf HTTP/1.1" 200 4308992 "-" "Mozilla/5.0 (Windows NT 6.1; WOW64) AppleWebKit/534+ (KHTML, like Gecko) BingPreview/1.0b"
199.30.24.214 - - [26/Jan/2018:06:39:22 +0100] "GET /kiadvany/miabio.pdf HTTP/1.1" 200 4317184 "-" "Mozilla/5.0 (Windows NT 6.1; WOW64) AppleWebKit/534+ (KHTML, like Gecko) BingPreview/1.0b"
199.30.24.214 - - [26/Jan/2018:06:40:09 +0100] "GET /kiadvany/miabio.pdf HTTP/1.1" 200 4295110 "-" "Mozilla/5.0 (Windows NT 6.1; WOW64) AppleWebKit/534+ (KHTML, like Gecko) BingPreview/1.0b"
217.69.133.190 - - [26/Jan/2018:07:20:50 +0100] "GET /robots.txt HTTP/1.0" 404 1181 "-" "Mozilla/5.0 (compatible; Linux x86_64; Mail.RU_Bot/2.0; +http://go.mail.ru/help/robots)"
217.69.133.242 - - [26/Jan/2018:07:21:00 +0100] "GET /kiadvanyok/kiadvanyok.txt HTTP/1.1" 200 3316 "-" "Mozilla/5.0 (compatible; Linux x86_64; Mail.RU_Bot/2.0; +http://go.mail.ru/help/robots)"
207.46.13.9 - - [26/Jan/2018:07:41:05 +0100] "GET /aktualis_elemei/upfuzet.html HTTP/1.1" 304 - "-" "Mozilla/5.0 (compatible; bingbot/2.0; +http://www.bing.com/bingbot.htm)"
65.55.210.236 - - [26/Jan/2018:07:41:54 +0100] "GET /pattern.jpg HTTP/1.1" 200 13798 "-" "Mozilla/5.0 (iPhone; CPU iPhone OS 7_0 like Mac OS X) AppleWebKit/537.51.1 (KHTML, like Gecko) Version/7.0 Mobile/11A465 Safari/9537.53 BingPreview/1.0b"
65.55.210.66 - - [26/Jan/2018:07:41:58 +0100] "GET /zoldakcio.swf HTTP/1.1" 200 840351 "-" "Mozilla/5.0 (iPhone; CPU iPhone OS 7_0 like Mac OS X) AppleWebKit/537.51.1 (KHTML, like Gecko) Version/7.0 Mobile/11A465 Safari/9537.53 BingPreview/1.0b"
167.114.158.57 - - [26/Jan/2018:08:12:42 +0100] "GET / HTTP/1.1" 200 884 "-" "Mozilla/5.0 (compatible; Dataprovider.com;)"
167.114.158.57 - - [26/Jan/2018:08:12:44 +0100] "GET /robots.txt HTTP/1.1" 404 1181 "-" "Mozilla/5.0 (compatible; Dataprovider.com;)"
167.114.158.57 - - [26/Jan/2018:08:12:44 +0100] "GET /sitemap.xml HTTP/1.1" 404 1181 "-" "Mozilla/5.0 (compatible; Dataprovider.com;)"
167.114.158.57 - - [26/Jan/2018:08:12:45 +0100] "GET / HTTP/1.1" 200 884 "-" "Mozilla/5.0 (compatible; Dataprovider.com;)"
167.114.158.57 - - [26/Jan/2018:08:12:46 +0100] "GET /ads.txt HTTP/1.1" 404 1181 "-" "Mozilla/5.0 (compatible; Dataprovider.com;)"
167.114.158.57 - - [26/Jan/2018:08:12:47 +0100] "GET / HTTP/1.1" 200 884 "-" "Mozilla/5.0 (Linux; Android 5.1.1; SM-G925F Build/LMY47X) AppleWebKit/537.36 (KHTML, like Gecko) Chrome/45.0.2454.94 Mobile Safari/537.36"
45.55.242.204 - - [26/Jan/2018:09:25:25 +0100] "GET / HTTP/1.1" 200 884 "http://www.greenaction.hu" "Mozilla/5.0 (compatible; DnyzBot/1.0)"
45.55.242.204 - - [26/Jan/2018:09:25:42 +0100] "GET /robots.txt HTTP/1.1" 404 1181 "-" "Mozilla/5.0 (Windows NT 6.1; WOW64) AppleWebKit/537.36 (KHTML, like Gecko) Chrome/34.0.1847.131 Safari/537.36"
216.244.66.247 - - [26/Jan/2018:10:01:11 +0100] "GET /robots.txt HTTP/1.1" 404 1181 "-" "Mozilla/5.0 (compatible; DotBot/1.1; http://www.opensiteexplorer.org/dotbot, help@moz.com)"
141.8.183.17 - - [26/Jan/2018:10:53:44 +0100] "GET /robots.txt HTTP/1.1" 404 1181 "-" "Mozilla/5.0 (compatible; YandexBot/3.0; +http://yandex.com/bots)"
141.8.183.17 - - [26/Jan/2018:10:53:51 +0100] "GET /kiadvany/miskolchvte.pdf HTTP/1.1" 200 4059249 "-" "Mozilla/5.0 (compatible; YandexBot/3.0; +http://yandex.com/bots)"
207.46.13.9 - - [26/Jan/2018:11:32:16 +0100] "GET /kiadvany/miskolchvte.pdf HTTP/1.1" 200 4059249 "-" "Mozilla/5.0 (iPhone; CPU iPhone OS 7_0 like Mac OS X) AppleWebKit/537.51.1 (KHTML, like Gecko) Version/7.0 Mobile/11A465 Safari/9537.53 (compatible; bingbot/2.0; +http://www.bing.com/bingbot.htm)"
157.55.39.114 - - [26/Jan/2018:11:32:30 +0100] "GET /robots.txt HTTP/1.1" 404 1181 "-" "Mozilla/5.0 (compatible; bingbot/2.0; +http://www.bing.com/bingbot.htm)"
66.249.73.211 - - [26/Jan/2018:11:33:41 +0100] "GET /favicon.ico HTTP/1.1" 404 1181 "-" "Googlebot-Image/1.0"
52.205.224.197 - - [26/Jan/2018:11:45:18 +0100] "GET /robots.txt HTTP/1.1" 404 1181 "-" "BUbiNG (+http://law.di.unimi.it/BUbiNG.html)"
52.205.224.197 - - [26/Jan/2018:11:47:00 +0100] "GET /magunkrol_elemei/kozhasznu.html HTTP/1.1" 200 48365 "-" "BUbiNG (+http://law.di.unimi.it/BUbiNG.html)"
207.46.13.205 - - [26/Jan/2018:11:47:32 +0100] "GET /robots.txt HTTP/1.1" 404 1181 "-" "Mozilla/5.0 (compatible; bingbot/2.0; +http://www.bing.com/bingbot.htm)"
207.46.13.137 - - [26/Jan/2018:11:47:55 +0100] "GET /kiadvany/miabio.pdf HTTP/1.1" 200 10746450 "-" "Mozilla/5.0 (iPhone; CPU iPhone OS 7_0 like Mac OS X) AppleWebKit/537.51.1 (KHTML, like Gecko) Version/7.0 Mobile/11A465 Safari/9537.53 (compatible; bingbot/2.0; +http://www.bing.com/bingbot.htm)"
216.244.66.247 - - [26/Jan/2018:11:49:17 +0100] "GET /archiv_elemei/acitc.html HTTP/1.1" 200 13312 "-" "Mozilla/5.0 (compatible; DotBot/1.1; http://www.opensiteexplorer.org/dotbot, help@moz.com)"
88.198.16.12 - - [26/Jan/2018:12:03:03 +0100] "GET /robots.txt HTTP/1.1" 404 1181 "-" "Mozilla/5.0 (compatible; MJ12bot/v1.4.7; http://mj12bot.com/)"
88.198.16.12 - - [26/Jan/2018:12:03:05 +0100] "GET / HTTP/1.1" 200 884 "-" "Mozilla/5.0 (compatible; MJ12bot/v1.4.7; http://mj12bot.com/)"
66.249.73.209 - - [26/Jan/2018:12:11:28 +0100] "GET /aktualis_elemei/bio2szulinap_elemei/image048.jpg HTTP/1.1" 304 - "-" "Googlebot-Image/1.0"
131.253.25.246 - - [26/Jan/2018:12:49:34 +0100] "GET /kiadvany/miabio.pdf HTTP/1.1" 200 4317184 "-" "Mozilla/5.0 (iPhone; CPU iPhone OS 7_0 like Mac OS X) AppleWebKit/537.51.1 (KHTML, like Gecko) Version/7.0 Mobile/11A465 Safari/9537.53 BingPreview/1.0b"
158.69.251.119 - - [26/Jan/2018:13:22:41 +0100] "GET /robots.txt HTTP/1.1" 404 1181 "-" "Mozilla/5.0 (compatible; MJ12bot/v1.4.7; http://mj12bot.com/)"
158.69.251.119 - - [26/Jan/2018:13:22:50 +0100] "GET /archiv_elemei/felsoavastc.html HTTP/1.1" 200 14594 "-" "Mozilla/5.0 (compatible; MJ12bot/v1.4.7; http://mj12bot.com/)"
158.69.251.119 - - [26/Jan/2018:13:22:57 +0100] "GET /archiv_elemei/sportligettc.html HTTP/1.1" 200 9194 "-" "Mozilla/5.0 (compatible; MJ12bot/v1.4.7; http://mj12bot.com/)"
158.69.251.119 - - [26/Jan/2018:13:23:07 +0100] "GET /robots.txt HTTP/1.1" 404 1181 "-" "Mozilla/5.0 (compatible; MJ12bot/v1.4.7; http://mj12bot.com/)"
158.69.251.119 - - [26/Jan/2018:13:23:14 +0100] "GET /aktualis_elemei/3.%20bioszulinap.html HTTP/1.1" 200 19660 "-" "Mozilla/5.0 (compatible; MJ12bot/v1.4.7; http://mj12bot.com/)"
158.69.251.119 - - [26/Jan/2018:13:23:22 +0100] "GET /aktualis_elemei/ausztriaut.html HTTP/1.1" 200 73702 "-" "Mozilla/5.0 (compatible; MJ12bot/v1.4.7; http://mj12bot.com/)"
158.69.251.119 - - [26/Jan/2018:13:23:27 +0100] "GET /aktualis_elemei/bbbekagyar.html HTTP/1.1" 200 11951 "-" "Mozilla/5.0 (compatible; MJ12bot/v1.4.7; http://mj12bot.com/)"
158.69.251.119 - - [26/Jan/2018:13:23:32 +0100] "GET /aktualis_elemei/bbbekagyart%20elozetes.html HTTP/1.1" 200 9699 "-" "Mozilla/5.0 (compatible; MJ12bot/v1.4.7; http://mj12bot.com/)"
158.69.251.119 - - [26/Jan/2018:13:23:41 +0100] "GET /aktualis_elemei/biovasarszombat.html HTTP/1.1" 200 12258 "-" "Mozilla/5.0 (compatible; MJ12bot/v1.4.7; http://mj12bot.com/)"
158.69.251.119 - - [26/Jan/2018:13:23:49 +0100] "GET /aktualis_elemei/hk2006.html HTTP/1.1" 200 16289 "-" "Mozilla/5.0 (compatible; MJ12bot/v1.4.7; http://mj12bot.com/)"
158.69.251.119 - - [26/Jan/2018:13:23:56 +0100] "GET /aktualis_elemei/ktavmuhely.html HTTP/1.1" 200 22398 "-" "Mozilla/5.0 (compatible; MJ12bot/v1.4.7; http://mj12bot.com/)"
158.69.251.119 - - [26/Jan/2018:13:24:03 +0100] "GET /archiv_elemei/ujgyoritc.html HTTP/1.1" 200 14418 "-" "Mozilla/5.0 (compatible; MJ12bot/v1.4.7; http://mj12bot.com/)"
68.180.230.114 - - [26/Jan/2018:13:30:33 +0100] "GET /robots.txt HTTP/1.1" 404 1181 "-" "Mozilla/5.0 (compatible; Yahoo! Slurp; http://help.yahoo.com/help/us/ysearch/slurp)"
68.180.230.114 - - [26/Jan/2018:13:30:34 +0100] "GET / HTTP/1.1" 304 - "-" "Mozilla/5.0 (compatible; Yahoo! Slurp; http://help.yahoo.com/help/us/ysearch/slurp)"
144.76.38.73 - - [26/Jan/2018:14:12:39 +0100] "GET /robots.txt HTTP/1.1" 404 1181 "-" "Mozilla/5.0 (compatible; MJ12bot/v1.4.8; http://mj12bot.com/)"
144.76.38.73 - - [26/Jan/2018:14:12:41 +0100] "GET /aktualis_elemei/belefulladunk.html HTTP/1.1" 200 11597 "-" "Mozilla/5.0 (compatible; MJ12bot/v1.4.8; http://mj12bot.com/)"
144.76.38.73 - - [26/Jan/2018:14:12:42 +0100] "GET /aktualis_elemei/hk2006.html HTTP/1.1" 200 16289 "-" "Mozilla/5.0 (compatible; MJ12bot/v1.4.8; http://mj12bot.com/)"
144.76.38.73 - - [26/Jan/2018:14:12:44 +0100] "GET /aktualis_elemei/hkszirmamtp.html HTTP/1.1" 200 15781 "-" "Mozilla/5.0 (compatible; MJ12bot/v1.4.8; http://mj12bot.com/)"
144.76.38.73 - - [26/Jan/2018:14:12:46 +0100] "GET /aktualis_elemei/hktetemvar.html HTTP/1.1" 200 16033 "-" "Mozilla/5.0 (compatible; MJ12bot/v1.4.8; http://mj12bot.com/)"
144.76.38.73 - - [26/Jan/2018:14:12:47 +0100] "GET /aktualis_elemei/humuszkotelhuzo.html HTTP/1.1" 200 14947 "-" "Mozilla/5.0 (compatible; MJ12bot/v1.4.8; http://mj12bot.com/)"
144.76.38.73 - - [26/Jan/2018:14:12:49 +0100] "GET /aktualis_elemei/katonai.html HTTP/1.1" 200 22109 "-" "Mozilla/5.0 (compatible; MJ12bot/v1.4.8; http://mj12bot.com/)"
144.76.38.73 - - [26/Jan/2018:14:12:50 +0100] "GET /aktualis_elemei/klimaorjaratp.html HTTP/1.1" 200 9683 "-" "Mozilla/5.0 (compatible; MJ12bot/v1.4.8; http://mj12bot.com/)"
144.76.38.73 - - [26/Jan/2018:14:12:52 +0100] "GET /aktualis_elemei/knavastc.html HTTP/1.1" 200 12073 "-" "Mozilla/5.0 (compatible; MJ12bot/v1.4.8; http://mj12bot.com/)"
144.76.38.73 - - [26/Jan/2018:14:12:53 +0100] "GET /aktualis_elemei/ktavmuhely.html HTTP/1.1" 200 22398 "-" "Mozilla/5.0 (compatible; MJ12bot/v1.4.8; http://mj12bot.com/)"
144.76.38.73 - - [26/Jan/2018:14:12:55 +0100] "GET /aktualis_elemei/lazadasatanyerodban.html HTTP/1.1" 200 14406 "-" "Mozilla/5.0 (compatible; MJ12bot/v1.4.8; http://mj12bot.com/)"
144.76.38.73 - - [26/Jan/2018:14:12:56 +0100] "GET /aktualis_elemei/szulinap2.html HTTP/1.1" 200 10182 "-" "Mozilla/5.0 (compatible; MJ12bot/v1.4.8; http://mj12bot.com/)"
144.76.38.73 - - [26/Jan/2018:14:12:58 +0100] "GET /aktualis_elemei/ujgyoritc.html HTTP/1.1" 200 14418 "-" "Mozilla/5.0 (compatible; MJ12bot/v1.4.8; http://mj12bot.com/)"
66.249.73.211 - - [26/Jan/2018:14:22:22 +0100] "GET /aktualis_elemei/bio2szulinap_elemei/image068.jpg HTTP/1.1" 304 - "-" "Googlebot-Image/1.0"
180.153.236.101 - - [26/Jan/2018:15:25:08 +0100] "GET / HTTP/1.1" 200 884 "http://www.greenaction.hu/" "Mozilla/5.0(compatible;MSIE9.0;WindowsNT6.1;Trident/5.0)"
66.249.73.209 - - [26/Jan/2018:16:00:33 +0100] "GET /aktualis_elemei/bio2szulinap_elemei/image040.jpg HTTP/1.1" 304 - "-" "Googlebot-Image/1.0"
89.133.41.54 - - [26/Jan/2018:16:02:20 +0100] "GET /aktualis_elemei/bio2szulinap_elemei/image060.jpg HTTP/1.1" 200 16684 "-" "Mozilla/5.0 (Linux; Android 7.0; SM-J530F Build/NRD90M; wv) AppleWebKit/537.36 (KHTML, like Gecko) Version/4.0 Chrome/63.0.3239.111 Mobile Safari/537.36 GSA/7.17.25.21.arm"
40.77.167.109 - - [26/Jan/2018:16:42:04 +0100] "GET / HTTP/1.1" 200 884 "-" "Mozilla/5.0 (compatible; bingbot/2.0; +http://www.bing.com/bingbot.htm)"
37.76.28.153 - - [26/Jan/2018:16:53:24 +0100] "GET /aktualis_elemei/katonai_elemei/image004.jpg HTTP/1.1" 200 56554 "https://www.google.hu/" "Mozilla/5.0 (Linux; Android 5.1; Lenovo S1La40 Build/LMY47D) AppleWebKit/537.36 (KHTML, like Gecko) Chrome/63.0.3239.111 Mobile Safari/537.36"
37.76.28.153 - - [26/Jan/2018:16:53:41 +0100] "GET /aktualis_elemei/katonai.html HTTP/1.1" 200 22109 "https://www.google.hu/" "Mozilla/5.0 (Linux; Android 5.1; Lenovo S1La40 Build/LMY47D) AppleWebKit/537.36 (KHTML, like Gecko) Chrome/63.0.3239.111 Mobile Safari/537.36"
37.76.28.153 - - [26/Jan/2018:16:53:41 +0100] "GET /aktualis_elemei/katonai_elemei/image001.jpg HTTP/1.1" 200 35821 "http://www.greenaction.hu/aktualis_elemei/katonai.html" "Mozilla/5.0 (Linux; Android 5.1; Lenovo S1La40 Build/LMY47D) AppleWebKit/537.36 (KHTML, like Gecko) Chrome/63.0.3239.111 Mobile Safari/537.36"
37.76.28.153 - - [26/Jan/2018:16:53:41 +0100] "GET /aktualis_elemei/katonai_elemei/image002.jpg HTTP/1.1" 200 34104 "http://www.greenaction.hu/aktualis_elemei/katonai.html" "Mozilla/5.0 (Linux; Android 5.1; Lenovo S1La40 Build/LMY47D) AppleWebKit/537.36 (KHTML, like Gecko) Chrome/63.0.3239.111 Mobile Safari/537.36"
37.76.28.153 - - [26/Jan/2018:16:53:41 +0100] "GET /aktualis_elemei/katonai_elemei/image003.jpg HTTP/1.1" 200 88392 "http://www.greenaction.hu/aktualis_elemei/katonai.html" "Mozilla/5.0 (Linux; Android 5.1; Lenovo S1La40 Build/LMY47D) AppleWebKit/537.36 (KHTML, like Gecko) Chrome/63.0.3239.111 Mobile Safari/537.36"
37.76.28.153 - - [26/Jan/2018:16:53:41 +0100] "GET /favicon.ico HTTP/1.1" 404 1181 "http://www.greenaction.hu/aktualis_elemei/katonai.html" "Mozilla/5.0 (Linux; Android 5.1; Lenovo S1La40 Build/LMY47D) AppleWebKit/537.36 (KHTML, like Gecko) Chrome/63.0.3239.111 Mobile Safari/537.36"
66.249.73.209 - - [26/Jan/2018:17:38:44 +0100] "GET /robots.txt HTTP/1.1" 404 1181 "-" "Mozilla/5.0 (compatible; Googlebot/2.1; +http://www.google.com/bot.html)"
66.249.73.211 - - [26/Jan/2018:17:38:44 +0100] "GET /aktualis_elemei/bio2szulinap_elemei/image092.jpg HTTP/1.1" 304 - "-" "Googlebot-Image/1.0"
207.46.13.205 - - [26/Jan/2018:18:29:24 +0100] "GET /robots.txt HTTP/1.1" 404 1181 "-" "Mozilla/5.0 (compatible; bingbot/2.0; +http://www.bing.com/bingbot.htm)"
207.46.13.9 - - [26/Jan/2018:18:29:42 +0100] "GET /kiadvany/miskolchvte.pdf HTTP/1.1" 200 4059249 "-" "Mozilla/5.0 (iPhone; CPU iPhone OS 7_0 like Mac OS X) AppleWebKit/537.51.1 (KHTML, like Gecko) Version/7.0 Mobile/11A465 Safari/9537.53 (compatible; bingbot/2.0; +http://www.bing.com/bingbot.htm)"
66.249.73.211 - - [26/Jan/2018:18:44:11 +0100] "GET /aktualis_elemei/fnhv_elemei/image020.jpg HTTP/1.1" 304 - "-" "Googlebot-Image/1.0"
35.226.23.240 - - [26/Jan/2018:18:50:09 +0100] "GET /robots.txt HTTP/1.1" 404 1181 "-" "ltx71 - (http://ltx71.com/)"
185.106.121.142 - - [26/Jan/2018:19:23:25 +0100] "GET /assets/global/plugins/jquery-file-upload/server/node/server.js HTTP/1.1" 404 1181 "-" "Mozilla/5.0 (Windows NT 6.1; Trident/7.0; rv:11.0) like Gecko"
80.77.124.233 - - [26/Jan/2018:19:48:29 +0100] "GET /archiv_elemei/acitc.html HTTP/1.1" 200 13312 "-" "Mozilla/5.0 (Windows NT 10.0; Win64; x64) AppleWebKit/537.36 (KHTML, like Gecko) Chrome/62.0.3202.94 Safari/537.36"
80.77.124.233 - - [26/Jan/2018:19:48:33 +0100] "GET / HTTP/1.1" 200 884 "-" "Mozilla/5.0 (Windows NT 10.0; Win64; x64) AppleWebKit/537.36 (KHTML, like Gecko) Chrome/62.0.3202.94 Safari/537.36"
141.8.183.17 - - [26/Jan/2018:20:34:02 +0100] "GET /robots.txt HTTP/1.1" 404 1181 "-" "Mozilla/5.0 (compatible; YandexBot/3.0; +http://yandex.com/bots)"
141.8.183.17 - - [26/Jan/2018:20:34:05 +0100] "GET /aktualis_elemei/bio2szulinap_elemei/image128.jpg HTTP/1.1" 304 - "-" "Mozilla/5.0 (compatible; YandexImages/3.0; +http://yandex.com/bots)"
51.15.95.136 - - [26/Jan/2018:20:47:09 +0100] "HEAD / HTTP/1.1" 200 0 "-" "Mozilla/5.0 (Windows NT 6.1; rv:34.0) Gecko/20100101 Firefox/34.0"
207.46.13.205 - - [26/Jan/2018:20:58:21 +0100] "GET /robots.txt HTTP/1.1" 404 1181 "-" "Mozilla/5.0 (compatible; bingbot/2.0; +http://www.bing.com/bingbot.htm)"
40.77.167.109 - - [26/Jan/2018:20:58:33 +0100] "GET / HTTP/1.1" 200 884 "-" "Mozilla/5.0 (compatible; bingbot/2.0; +http://www.bing.com/bingbot.htm)"
82.159.127.74 - - [26/Jan/2018:21:03:56 +0100] "GET / HTTP/1.1" 200 884 "-" "Java/1.4.1_04"
40.77.167.109 - - [26/Jan/2018:21:34:05 +0100] "GET /aktualis_elemei/bio2szulinap_elemei/image130.jpg HTTP/1.1" 200 7636 "-" "Mozilla/5.0 (compatible; bingbot/2.0; +http://www.bing.com/bingbot.htm)"
78.98.205.11 - - [26/Jan/2018:21:38:21 +0100] "GET /aktualis_elemei/katonai_elemei/image004.jpg HTTP/1.1" 200 56554 "https://www.google.sk/" "Mozilla/5.0 (Windows NT 10.0) AppleWebKit/537.36 (KHTML, like Gecko) Chrome/63.0.3239.132 Safari/537.36"
103.207.37.40 - - [26/Jan/2018:21:53:58 +0100] "GET / HTTP/1.1" 200 884 "-" "Java/1.7.0_79"
65.55.210.187 - - [26/Jan/2018:23:05:43 +0100] "GET /kiadvany/miskolchvte.pdf HTTP/1.1" 200 4059249 "-" "Mozilla/5.0 (iPhone; CPU iPhone OS 7_0 like Mac OS X) AppleWebKit/537.51.1 (KHTML, like Gecko) Version/7.0 Mobile/11A465 Safari/9537.53 BingPreview/1.0b"
34.229.137.197 - - [27/Jan/2018:00:02:39 +0100] "GET /robots.txt HTTP/1.1" 404 1181 "-" "BUbiNG (+http://law.di.unimi.it/BUbiNG.html)"
34.229.137.197 - - [27/Jan/2018:00:03:43 +0100] "GET / HTTP/1.1" 200 884 "-" "BUbiNG (+http://law.di.unimi.it/BUbiNG.html)"
94.21.16.211 - - [27/Jan/2018:00:26:35 +0100] "GET / HTTP/1.1" 200 884 "-" "-"
157.55.39.114 - - [27/Jan/2018:00:33:45 +0100] "GET /archiv_elemei/acitc.html HTTP/1.1" 304 - "-" "Mozilla/5.0 (compatible; bingbot/2.0; +http://www.bing.com/bingbot.htm)"
40.77.167.109 - - [27/Jan/2018:00:58:05 +0100] "GET /aktualis_elemei/bio2szulinap_elemei/image070.jpg HTTP/1.1" 200 9176 "-" "Mozilla/5.0 (compatible; bingbot/2.0; +http://www.bing.com/bingbot.htm)"
216.244.66.200 - - [27/Jan/2018:01:56:07 +0100] "GET /robots.txt HTTP/1.1" 404 1181 "-" "Mozilla/5.0 (compatible; DotBot/1.1; http://www.opensiteexplorer.org/dotbot, help@moz.com)"
77.111.91.57 - - [27/Jan/2018:02:35:00 +0100] "GET / HTTP/1.1" 200 884 "-" "Mozilla/5.0 (Macintosh; Intel Mac OS X 10_7_4) AppleWebKit/534.57.2 (KHTML, like Gecko) Version/5.1.7 Safari/534.57.2"
216.244.66.200 - - [27/Jan/2018:03:30:57 +0100] "GET /magunkrol_elemei/kozhasznu.html HTTP/1.1" 200 48365 "-" "Mozilla/5.0 (compatible; DotBot/1.1; http://www.opensiteexplorer.org/dotbot, help@moz.com)"
157.55.39.1 - - [27/Jan/2018:04:14:40 +0100] "GET /robots.txt HTTP/1.1" 404 1181 "-" "Mozilla/5.0 (compatible; bingbot/2.0; +http://www.bing.com/bingbot.htm)"
40.77.167.77 - - [27/Jan/2018:04:16:28 +0100] "GET /aktualis_elemei/bio2szulinap_elemei/image134.jpg HTTP/1.1" 200 10678 "-" "Mozilla/5.0 (compatible; bingbot/2.0; +http://www.bing.com/bingbot.htm)"
138.197.111.60 - - [27/Jan/2018:04:29:07 +0100] "GET / HTTP/1.1" 200 884 "-" "Mozilla/5.0 (compatible; DnyzBot/1.0) AppleWebKit/537.36 (KHTML, like Gecko) HeadlessChrome/64.0.3264.0 Safari/537.36"
40.77.167.77 - - [27/Jan/2018:04:38:38 +0100] "GET /aktualis_elemei/bio2szulinap_elemei/image056.jpg HTTP/1.1" 200 10317 "-" "Mozilla/5.0 (compatible; bingbot/2.0; +http://www.bing.com/bingbot.htm)"
40.77.167.109 - - [27/Jan/2018:04:53:57 +0100] "GET /aktualis_elemei/bio2szulinap_elemei/image086.jpg HTTP/1.1" 200 7670 "-" "Mozilla/5.0 (compatible; bingbot/2.0; +http://www.bing.com/bingbot.htm)"
35.224.32.195 - - [27/Jan/2018:05:10:10 +0100] "GET /robots.txt HTTP/1.1" 404 1181 "-" "ltx71 - (http://ltx71.com/)"
35.224.32.195 - - [27/Jan/2018:05:10:54 +0100] "GET / HTTP/1.1" 200 884 "-" "ltx71 - (http://ltx71.com/)"
157.55.39.1 - - [27/Jan/2018:05:15:35 +0100] "GET /robots.txt HTTP/1.1" 404 1181 "-" "Mozilla/5.0 (compatible; bingbot/2.0; +http://www.bing.com/bingbot.htm)"
207.46.13.9 - - [27/Jan/2018:05:15:37 +0100] "GET /aktualis_elemei/fnhv_elemei/image007.jpg HTTP/1.1" 200 11194 "-" "Mozilla/5.0 (compatible; bingbot/2.0; +http://www.bing.com/bingbot.htm)"
104.144.125.133 - - [27/Jan/2018:05:20:14 +0100] "GET / HTTP/1.1" 200 884 "-" "Mozilla/4.0 (compatible; MSIE 8.0; Windows NT 6.1; de) Opera 11.01"
207.46.13.9 - - [27/Jan/2018:05:42:38 +0100] "GET /aktualis_elemei/bio2szulinap_elemei/image102.jpg HTTP/1.1" 200 8017 "-" "Mozilla/5.0 (compatible; bingbot/2.0; +http://www.bing.com/bingbot.htm)"
66.249.69.201 - - [27/Jan/2018:06:17:42 +0100] "GET /robots.txt HTTP/1.1" 404 1181 "-" "Mozilla/5.0 (compatible; Googlebot/2.1; +http://www.google.com/bot.html)"
66.249.69.199 - - [27/Jan/2018:06:17:43 +0100] "GET / HTTP/1.1" 200 884 "-" "Mozilla/5.0 (compatible; Googlebot/2.1; +http://www.google.com/bot.html)"
40.77.167.109 - - [27/Jan/2018:07:05:04 +0100] "GET /aktualis_elemei/katonai_elemei/image003.jpg HTTP/1.1" 200 88392 "-" "Mozilla/5.0 (compatible; bingbot/2.0; +http://www.bing.com/bingbot.htm)"
207.46.13.9 - - [27/Jan/2018:08:01:10 +0100] "GET /aktualis_elemei/bio2szulinap_elemei/image090.jpg HTTP/1.1" 200 7132 "-" "Mozilla/5.0 (compatible; bingbot/2.0; +http://www.bing.com/bingbot.htm)"
42.236.10.103 - - [27/Jan/2018:08:35:33 +0100] "GET / HTTP/1.1" 200 884 "-" "Mozilla/5.0 (Windows NT 6.1) AppleWebKit/537.36 (KHTML, like Gecko) Chrome/42.0.2311.90 Safari/537.36"
96.47.226.18 - - [27/Jan/2018:08:38:19 +0100] "HEAD / HTTP/1.1" 200 0 "http://uptime-as.net/greenaction.hu" "Mozilla/5.0 (compatible; Uptimebot/1.0; +http://www.uptime.com/uptimebot)"
96.47.226.22 - - [27/Jan/2018:08:38:19 +0100] "GET / HTTP/1.1" 200 884 "-" "Mozilla/5.0 (compatible; Uptimebot/1.0; +http://www.uptime.com/uptimebot)"
207.46.13.9 - - [27/Jan/2018:09:17:57 +0100] "GET /aktualis_elemei/bio2szulinap_elemei/image048.jpg HTTP/1.1" 200 13760 "-" "Mozilla/5.0 (compatible; bingbot/2.0; +http://www.bing.com/bingbot.htm)"
207.46.13.151 - - [27/Jan/2018:09:37:07 +0100] "GET /aktualis_elemei/bio2szulinap_elemei/image110.jpg HTTP/1.1" 200 8760 "-" "Mozilla/5.0 (compatible; bingbot/2.0; +http://www.bing.com/bingbot.htm)"
157.55.39.114 - - [27/Jan/2018:10:04:39 +0100] "GET /aktualis_elemei/bio2szulinap_elemei/image094.jpg HTTP/1.1" 200 7635 "-" "Mozilla/5.0 (compatible; bingbot/2.0; +http://www.bing.com/bingbot.htm)"
77.111.91.248 - - [27/Jan/2018:10:13:34 +0100] "GET /archiv_elemei/acitc.html HTTP/1.1" 200 13312 "-" "Mozilla/5.0 (Windows NT 10.0; Win64; x64) AppleWebKit/537.36 (KHTML, like Gecko) Chrome/62.0.3202.94 Safari/537.36"
77.111.91.248 - - [27/Jan/2018:10:13:40 +0100] "GET / HTTP/1.1" 200 884 "-" "Mozilla/5.0 (Windows NT 10.0; Win64; x64) AppleWebKit/537.36 (KHTML, like Gecko) Chrome/62.0.3202.94 Safari/537.36"
157.55.39.114 - - [27/Jan/2018:10:39:51 +0100] "GET /aktualis_elemei/bio2szulinap_elemei/image094.jpg HTTP/1.1" 200 7635 "-" "Mozilla/5.0 (compatible; bingbot/2.0; +http://www.bing.com/bingbot.htm)"
40.77.167.109 - - [27/Jan/2018:11:05:53 +0100] "GET /archiv.html HTTP/1.1" 200 100991 "-" "Mozilla/5.0 (compatible; bingbot/2.0; +http://www.bing.com/bingbot.htm)"
157.55.39.114 - - [27/Jan/2018:11:06:11 +0100] "GET /robots.txt HTTP/1.1" 404 1181 "-" "Mozilla/5.0 (compatible; bingbot/2.0; +http://www.bing.com/bingbot.htm)"
40.77.167.109 - - [27/Jan/2018:11:11:41 +0100] "GET / HTTP/1.1" 200 884 "-" "Mozilla/5.0 (compatible; bingbot/2.0; +http://www.bing.com/bingbot.htm)"
66.249.69.28 - - [27/Jan/2018:11:15:22 +0100] "GET /robots.txt HTTP/1.1" 404 1181 "-" "Mozilla/5.0 (compatible; Googlebot/2.1; +http://www.google.com/bot.html)"
66.249.69.30 - - [27/Jan/2018:11:15:22 +0100] "GET /aktualis_elemei/bio2szulinap_elemei/image008.jpg HTTP/1.1" 304 - "-" "Googlebot-Image/1.0"
144.76.29.66 - - [27/Jan/2018:11:30:07 +0100] "GET /robots.txt HTTP/1.1" 404 1181 "-" "Mozilla/5.0 (compatible; MJ12bot/v1.4.7; http://mj12bot.com/)"
144.76.29.66 - - [27/Jan/2018:11:30:16 +0100] "GET /aktualis_elemei/3.%20bioszulinap.html HTTP/1.1" 200 19660 "-" "Mozilla/5.0 (compatible; MJ12bot/v1.4.7; http://mj12bot.com/)"
144.76.29.66 - - [27/Jan/2018:11:30:29 +0100] "GET /aktualis_elemei/ausztriaut.html HTTP/1.1" 200 73702 "-" "Mozilla/5.0 (compatible; MJ12bot/v1.4.7; http://mj12bot.com/)"
144.76.29.66 - - [27/Jan/2018:11:30:42 +0100] "GET /aktualis_elemei/belvarosk.html HTTP/1.1" 200 4904 "-" "Mozilla/5.0 (compatible; MJ12bot/v1.4.7; http://mj12bot.com/)"
144.76.29.66 - - [27/Jan/2018:11:30:52 +0100] "GET /archiv_elemei/alsoavastc.html HTTP/1.1" 200 14965 "-" "Mozilla/5.0 (compatible; MJ12bot/v1.4.7; http://mj12bot.com/)"
144.76.29.66 - - [27/Jan/2018:11:30:55 +0100] "GET /robots.txt HTTP/1.1" 404 1181 "-" "Mozilla/5.0 (compatible; MJ12bot/v1.4.7; http://mj12bot.com/)"
144.76.29.66 - - [27/Jan/2018:11:31:03 +0100] "GET /aktualis_elemei/bio2szulinap.html HTTP/1.1" 200 71694 "-" "Mozilla/5.0 (compatible; MJ12bot/v1.4.7; http://mj12bot.com/)"
144.76.29.66 - - [27/Jan/2018:11:31:10 +0100] "GET /aktualis_elemei/fnh2008.html HTTP/1.1" 200 41031 "-" "Mozilla/5.0 (compatible; MJ12bot/v1.4.7; http://mj12bot.com/)"
144.76.29.66 - - [27/Jan/2018:11:31:14 +0100] "GET /aktualis_elemei/fnp.html HTTP/1.1" 200 51102 "-" "Mozilla/5.0 (compatible; MJ12bot/v1.4.7; http://mj12bot.com/)"
144.76.29.66 - - [27/Jan/2018:11:31:16 +0100] "GET /aktualis_elemei/hulladek-klima.humusz.html HTTP/1.1" 200 13381 "-" "Mozilla/5.0 (compatible; MJ12bot/v1.4.7; http://mj12bot.com/)"
144.76.29.66 - - [27/Jan/2018:11:31:24 +0100] "GET /aktualis_elemei/humuszkotelhuzo.html HTTP/1.1" 200 14947 "-" "Mozilla/5.0 (compatible; MJ12bot/v1.4.7; http://mj12bot.com/)"
144.76.29.66 - - [27/Jan/2018:11:31:36 +0100] "GET /aktualis_elemei/knavastc.html HTTP/1.1" 200 12073 "-" "Mozilla/5.0 (compatible; MJ12bot/v1.4.7; http://mj12bot.com/)"
144.76.29.66 - - [27/Jan/2018:11:31:51 +0100] "GET /aktualis_elemei/loverecycling.html HTTP/1.1" 200 11087 "-" "Mozilla/5.0 (compatible; MJ12bot/v1.4.7; http://mj12bot.com/)"
144.76.29.66 - - [27/Jan/2018:11:31:59 +0100] "GET /aktualis_elemei/megelozes-humusz.html HTTP/1.1" 200 20947 "-" "Mozilla/5.0 (compatible; MJ12bot/v1.4.7; http://mj12bot.com/)"
144.76.29.66 - - [27/Jan/2018:11:32:16 +0100] "GET /aktualis_elemei/mszforum.html HTTP/1.1" 200 7326 "-" "Mozilla/5.0 (compatible; MJ12bot/v1.4.7; http://mj12bot.com/)"
144.76.29.66 - - [27/Jan/2018:11:32:29 +0100] "GET /aktualis_elemei/ujgyoritc.html HTTP/1.1" 200 14418 "-" "Mozilla/5.0 (compatible; MJ12bot/v1.4.7; http://mj12bot.com/)"
144.76.29.66 - - [27/Jan/2018:11:32:34 +0100] "GET /aktualis_elemei/upfuzet.html HTTP/1.1" 200 13137 "-" "Mozilla/5.0 (compatible; MJ12bot/v1.4.7; http://mj12bot.com/)"
144.76.29.66 - - [27/Jan/2018:11:32:39 +0100] "GET /archiv_elemei/acitc.html HTTP/1.1" 200 13312 "-" "Mozilla/5.0 (compatible; MJ12bot/v1.4.7; http://mj12bot.com/)"
144.76.29.66 - - [27/Jan/2018:11:33:02 +0100] "GET /archiv_elemei/felsoavastc.html HTTP/1.1" 200 14594 "-" "Mozilla/5.0 (compatible; MJ12bot/v1.4.7; http://mj12bot.com/)"
144.76.29.66 - - [27/Jan/2018:11:33:11 +0100] "GET /archiv_elemei/szulinaptc.html HTTP/1.1" 200 13371 "-" "Mozilla/5.0 (compatible; MJ12bot/v1.4.7; http://mj12bot.com/)"
144.76.29.66 - - [27/Jan/2018:11:33:23 +0100] "GET /archiv_elemei/tapolcatc.html HTTP/1.1" 200 12614 "-" "Mozilla/5.0 (compatible; MJ12bot/v1.4.7; http://mj12bot.com/)"
66.249.69.28 - - [27/Jan/2018:11:41:04 +0100] "GET /aktualis_elemei/bio2szulinap_elemei/image034.jpg HTTP/1.1" 304 - "-" "Googlebot-Image/1.0"
207.46.13.151 - - [27/Jan/2018:12:28:21 +0100] "GET /aktualis_elemei/bparak0908.html HTTP/1.1" 200 63132 "-" "Mozilla/5.0 (iPhone; CPU iPhone OS 7_0 like Mac OS X) AppleWebKit/537.51.1 (KHTML, like Gecko) Version/7.0 Mobile/11A465 Safari/9537.53 (compatible; bingbot/2.0; +http://www.bing.com/bingbot.htm)"
157.55.39.114 - - [27/Jan/2018:12:28:26 +0100] "GET /robots.txt HTTP/1.1" 404 1181 "-" "Mozilla/5.0 (compatible; bingbot/2.0; +http://www.bing.com/bingbot.htm)"
40.77.167.109 - - [27/Jan/2018:12:29:20 +0100] "GET /aktualis_elemei/bio2szulinap.html HTTP/1.1" 200 71694 "-" "Mozilla/5.0 (iPhone; CPU iPhone OS 7_0 like Mac OS X) AppleWebKit/537.51.1 (KHTML, like Gecko) Version/7.0 Mobile/11A465 Safari/9537.53 (compatible; bingbot/2.0; +http://www.bing.com/bingbot.htm)"
46.229.164.99 - - [27/Jan/2018:12:38:40 +0100] "GET /robots.txt HTTP/1.1" 404 1181 "-" "Mozilla/5.0 (compatible; SemrushBot/1.2~bl; +http://www.semrush.com/bot.html)"
5.9.156.43 - - [27/Jan/2018:12:55:38 +0100] "GET /robots.txt HTTP/1.1" 404 1181 "-" "Mozilla/5.0 (compatible; MJ12bot/v1.4.8; http://mj12bot.com/)"
5.9.156.43 - - [27/Jan/2018:12:55:40 +0100] "GET / HTTP/1.1" 200 884 "-" "Mozilla/5.0 (compatible; MJ12bot/v1.4.8; http://mj12bot.com/)"
38.142.99.2 - - [27/Jan/2018:13:19:34 +0100] "GET / HTTP/1.1" 200 884 "-" "-"
207.46.13.9 - - [27/Jan/2018:13:24:30 +0100] "GET /aktualis_elemei/bio2szulinap_elemei/image066.jpg HTTP/1.1" 200 9626 "-" "Mozilla/5.0 (compatible; bingbot/2.0; +http://www.bing.com/bingbot.htm)"
66.249.69.28 - - [27/Jan/2018:13:33:27 +0100] "GET /aktualis_elemei/bio2szulinap_elemei/image094.jpg HTTP/1.1" 304 - "-" "Googlebot-Image/1.0"
141.8.183.17 - - [27/Jan/2018:14:40:44 +0100] "GET /robots.txt HTTP/1.1" 404 1181 "-" "Mozilla/5.0 (compatible; YandexBot/3.0; +http://yandex.com/bots)"
5.255.253.13 - - [27/Jan/2018:14:40:51 +0100] "GET /kiadvany/miskolchvte.pdf HTTP/1.1" 200 4059249 "-" "Mozilla/5.0 (compatible; YandexBot/3.0; +http://yandex.com/bots)"
42.236.10.75 - - [27/Jan/2018:14:56:31 +0100] "GET / HTTP/1.1" 200 884 "-" "Mozilla/5.0 (Windows NT 6.1) AppleWebKit/537.36 (KHTML, like Gecko) Chrome/42.0.2311.90 Safari/537.36"
157.55.39.114 - - [27/Jan/2018:15:26:44 +0100] "GET /kiadvany/delbukk.pdf HTTP/1.1" 200 1540585 "-" "Mozilla/5.0 (iPhone; CPU iPhone OS 7_0 like Mac OS X) AppleWebKit/537.51.1 (KHTML, like Gecko) Version/7.0 Mobile/11A465 Safari/9537.53 (compatible; bingbot/2.0; +http://www.bing.com/bingbot.htm)"
207.46.13.9 - - [27/Jan/2018:15:27:53 +0100] "GET /aktualis_elemei/bio2szulinap_elemei/image020.gif HTTP/1.1" 200 44876 "-" "Mozilla/5.0 (compatible; bingbot/2.0; +http://www.bing.com/bingbot.htm)"
207.46.13.9 - - [27/Jan/2018:17:07:36 +0100] "GET /aktualis_elemei/bekamentes_elemei/image007.gif HTTP/1.1" 200 4190 "-" "Mozilla/5.0 (compatible; bingbot/2.0; +http://www.bing.com/bingbot.htm)"
66.249.69.29 - - [27/Jan/2018:17:11:35 +0100] "GET /aktualis_elemei/bio2szulinap_elemei/image128.jpg HTTP/1.1" 304 - "-" "Googlebot-Image/1.0"
207.46.13.151 - - [27/Jan/2018:17:19:17 +0100] "GET /aktualis_elemei/bio2szulinap_elemei/image138.jpg HTTP/1.1" 200 9822 "-" "Mozilla/5.0 (compatible; bingbot/2.0; +http://www.bing.com/bingbot.htm)"
123.125.67.157 - - [27/Jan/2018:17:55:15 +0100] "GET /robots.txt HTTP/1.1" 404 1181 "-" "Mozilla/5.0 (Windows NT 10.0; WOW64) AppleWebKit/537.36 (KHTML, like Gecko) Chrome/45.0.2454.93 Safari/537.36"
220.181.108.86 - - [27/Jan/2018:17:58:56 +0100] "GET /kiadvany/delbukk.pdf HTTP/1.1" 200 1540585 "-" "Mozilla/5.0 (compatible; Baiduspider/2.0; +http://www.baidu.com/search/spider.html)"
66.249.69.29 - - [27/Jan/2018:18:08:12 +0100] "GET /aktualis_elemei/bio2szulinap_elemei/image058.jpg HTTP/1.1" 304 - "-" "Googlebot-Image/1.0"
216.244.66.200 - - [27/Jan/2018:18:08:29 +0100] "GET /robots.txt HTTP/1.1" 404 1181 "-" "Mozilla/5.0 (compatible; DotBot/1.1; http://www.opensiteexplorer.org/dotbot, help@moz.com)"
216.244.66.200 - - [27/Jan/2018:18:28:03 +0100] "GET / HTTP/1.1" 200 884 "-" "Mozilla/5.0 (compatible; DotBot/1.1; http://www.opensiteexplorer.org/dotbot, help@moz.com)"
207.46.13.151 - - [27/Jan/2018:18:58:34 +0100] "GET /aktualis_elemei/bio2szulinap_elemei/image142.jpg HTTP/1.1" 200 9654 "-" "Mozilla/5.0 (compatible; bingbot/2.0; +http://www.bing.com/bingbot.htm)"
89.134.136.207 - - [27/Jan/2018:19:05:52 +0100] "GET /aktualis_elemei/bio2szulinap_elemei/image128.jpg HTTP/1.1" 200 8653 "https://www.google.hu/" "Mozilla/5.0 (Linux; Android 5.1; Lenovo P70-A Build/LMY47D) AppleWebKit/537.36 (KHTML, like Gecko) Chrome/64.0.3282.123 Mobile Safari/537.36"
54.175.179.177 - - [27/Jan/2018:19:19:50 +0100] "GET /robots.txt HTTP/1.1" 404 1181 "-" "BUbiNG (+http://law.di.unimi.it/BUbiNG.html)"
54.175.179.177 - - [27/Jan/2018:19:20:42 +0100] "GET / HTTP/1.1" 200 884 "-" "BUbiNG (+http://law.di.unimi.it/BUbiNG.html)"
46.107.75.43 - - [27/Jan/2018:20:26:43 +0100] "GET /aktualis_elemei/bio2szulinap_elemei/image134.jpg HTTP/1.1" 200 10678 "https://www.google.hu/" "Mozilla/5.0 (Windows NT 6.1; Win64; x64) AppleWebKit/537.36 (KHTML, like Gecko) Chrome/64.0.3282.119 Safari/537.36"
35.224.32.195 - - [27/Jan/2018:22:35:49 +0100] "GET /robots.txt HTTP/1.1" 404 1181 "-" "ltx71 - (http://ltx71.com/)"
35.224.32.195 - - [27/Jan/2018:22:36:45 +0100] "GET /magunkrol_elemei/kozhasznu.html HTTP/1.1" 200 48365 "-" "ltx71 - (http://ltx71.com/)"
207.46.13.94 - - [27/Jan/2018:23:56:05 +0100] "GET / HTTP/1.1" 200 884 "-" "Mozilla/5.0 (compatible; bingbot/2.0; +http://www.bing.com/bingbot.htm)"
141.8.183.17 - - [28/Jan/2018:00:32:28 +0100] "GET /robots.txt HTTP/1.1" 404 1181 "-" "Mozilla/5.0 (compatible; YandexBot/3.0; +http://yandex.com/bots)"
141.8.183.17 - - [28/Jan/2018:00:32:32 +0100] "GET / HTTP/1.1" 200 884 "-" "Mozilla/5.0 (compatible; YandexBot/3.0; +http://yandex.com/bots)"
178.154.171.90 - - [28/Jan/2018:00:32:37 +0100] "GET /zoldakcio.swf HTTP/1.1" 200 840351 "-" "Mozilla/5.0 (compatible; YandexBot/3.0; +http://yandex.com/bots)"
141.8.183.17 - - [28/Jan/2018:00:44:42 +0100] "GET / HTTP/1.1" 200 884 "-" "Mozilla/5.0 (compatible; YandexBot/3.0; +http://yandex.com/bots)"
178.154.171.90 - - [28/Jan/2018:00:44:42 +0100] "GET /robots.txt HTTP/1.1" 404 1181 "-" "Mozilla/5.0 (compatible; YandexBot/3.0; +http://yandex.com/bots)"
141.8.183.17 - - [28/Jan/2018:00:44:46 +0100] "GET / HTTP/1.1" 200 884 "-" "Mozilla/5.0 (compatible; YandexBot/3.0; +http://yandex.com/bots)"
5.255.253.13 - - [28/Jan/2018:00:44:51 +0100] "GET /zoldakcio.swf HTTP/1.1" 200 840351 "-" "Mozilla/5.0 (compatible; YandexBot/3.0; +http://yandex.com/bots)"
80.77.124.233 - - [28/Jan/2018:00:50:01 +0100] "GET /archiv_elemei/acitc.html HTTP/1.1" 200 13312 "-" "Mozilla/5.0 (Windows NT 10.0; Win64; x64) AppleWebKit/537.36 (KHTML, like Gecko) Chrome/62.0.3202.94 Safari/537.36"
80.77.124.233 - - [28/Jan/2018:00:50:07 +0100] "GET / HTTP/1.1" 200 884 "-" "Mozilla/5.0 (Windows NT 10.0; Win64; x64) AppleWebKit/537.36 (KHTML, like Gecko) Chrome/62.0.3202.94 Safari/537.36"
217.69.133.241 - - [28/Jan/2018:00:54:45 +0100] "GET /robots.txt HTTP/1.0" 404 1181 "-" "Mozilla/5.0 (compatible; Linux x86_64; Mail.RU_Bot/2.0; +http://go.mail.ru/help/robots)"
217.69.133.245 - - [28/Jan/2018:00:54:46 +0100] "GET /archiv_elemei/acitc.html HTTP/1.1" 200 13312 "-" "Mozilla/5.0 (compatible; Linux x86_64; Mail.RU_Bot/2.0; +http://go.mail.ru/help/robots)"
141.8.183.17 - - [28/Jan/2018:01:02:06 +0100] "GET /aktualis_elemei/bio2szulinap_elemei/image060.jpg HTTP/1.1" 200 16684 "-" "Mozilla/5.0 (compatible; YandexImages/3.0; +http://yandex.com/bots)"
217.69.133.190 - - [28/Jan/2018:02:26:30 +0100] "GET /robots.txt HTTP/1.0" 404 1181 "-" "Mozilla/5.0 (compatible; Linux x86_64; Mail.RU_Bot/2.0; +http://go.mail.ru/help/robots)"
217.69.133.242 - - [28/Jan/2018:02:26:31 +0100] "GET /sitemap.xml HTTP/1.1" 404 1181 "-" "Mozilla/5.0 (compatible; Linux x86_64; Mail.RU_Bot/2.0; +http://go.mail.ru/help/robots)"
157.55.39.114 - - [28/Jan/2018:02:30:23 +0100] "GET /aktualis_elemei/bio2szulinap_elemei/image040.jpg HTTP/1.1" 200 16250 "-" "Mozilla/5.0 (compatible; bingbot/2.0; +http://www.bing.com/bingbot.htm)"
46.229.168.69 - - [28/Jan/2018:02:32:29 +0100] "GET /archiv_elemei/acitc.html HTTP/1.1" 200 13312 "-" "Mozilla/5.0 (compatible; SemrushBot/1.2~bl; +http://www.semrush.com/bot.html)"
35.224.32.195 - - [28/Jan/2018:02:47:15 +0100] "GET /robots.txt HTTP/1.1" 404 1181 "-" "ltx71 - (http://ltx71.com/)"
35.224.32.195 - - [28/Jan/2018:02:48:03 +0100] "GET / HTTP/1.1" 200 884 "-" "ltx71 - (http://ltx71.com/)"
216.244.66.247 - - [28/Jan/2018:04:24:10 +0100] "GET /robots.txt HTTP/1.1" 404 1181 "-" "Mozilla/5.0 (compatible; DotBot/1.1; http://www.opensiteexplorer.org/dotbot, help@moz.com)"
180.153.236.117 - - [28/Jan/2018:04:25:50 +0100] "GET / HTTP/1.1" 200 884 "http://www.greenaction.hu/" "Mozilla/5.0(compatible;MSIE9.0;WindowsNT6.1;Trident/5.0)"
74.115.214.151 - - [28/Jan/2018:04:57:35 +0100] "HEAD / HTTP/1.1" 200 0 "http://uptime-us.net/greenaction.hu" "Mozilla/5.0 (compatible; Uptimebot/1.0; +http://www.uptime.com/uptimebot)"
207.46.13.190 - - [28/Jan/2018:05:31:09 +0100] "GET /aktualis_elemei/bio2szulinap_elemei/image038.jpg HTTP/1.1" 200 14459 "-" "Mozilla/5.0 (compatible; bingbot/2.0; +http://www.bing.com/bingbot.htm)"
216.244.66.247 - - [28/Jan/2018:05:32:33 +0100] "GET /program.html HTTP/1.1" 200 12857 "-" "Mozilla/5.0 (compatible; DotBot/1.1; http://www.opensiteexplorer.org/dotbot, help@moz.com)"
54.36.150.101 - - [28/Jan/2018:06:01:56 +0100] "GET /robots.txt HTTP/1.1" 404 1181 "-" "Mozilla/5.0 (compatible; AhrefsBot/5.2; +http://ahrefs.com/robot/)"
54.36.148.158 - - [28/Jan/2018:06:02:12 +0100] "GET / HTTP/1.1" 200 884 "-" "Mozilla/5.0 (compatible; AhrefsBot/5.2; +http://ahrefs.com/robot/)"
87.229.73.156 - - [28/Jan/2018:06:08:27 +0100] "GET / HTTP/1.1" 200 884 "-" "Python-urllib/2.6"
46.229.164.102 - - [28/Jan/2018:07:02:20 +0100] "GET /robots.txt HTTP/1.1" 404 1181 "-" "Mozilla/5.0 (compatible; SemrushBot/1.2~bl; +http://www.semrush.com/bot.html)"
207.46.13.190 - - [28/Jan/2018:07:33:20 +0100] "GET /aktualis_elemei/bio2szulinap_elemei/image126.jpg HTTP/1.1" 200 9363 "-" "Mozilla/5.0 (compatible; bingbot/2.0; +http://www.bing.com/bingbot.htm)"
66.249.69.201 - - [28/Jan/2018:07:57:43 +0100] "GET /robots.txt HTTP/1.1" 404 1181 "-" "Mozilla/5.0 (compatible; Googlebot/2.1; +http://www.google.com/bot.html)"
66.249.69.199 - - [28/Jan/2018:07:57:44 +0100] "GET / HTTP/1.1" 200 884 "-" "Mozilla/5.0 (compatible; Googlebot/2.1; +http://www.google.com/bot.html)"
66.249.69.28 - - [28/Jan/2018:08:12:46 +0100] "GET /robots.txt HTTP/1.1" 404 1181 "-" "Mozilla/5.0 (compatible; Googlebot/2.1; +http://www.google.com/bot.html)"
66.249.69.30 - - [28/Jan/2018:08:12:46 +0100] "GET /aktualis_elemei/bio2szulinap_elemei/image006.jpg HTTP/1.1" 304 - "-" "Googlebot-Image/1.0"
157.55.39.114 - - [28/Jan/2018:08:31:30 +0100] "GET /aktualis_elemei/bio2szulinap_elemei/image046.jpg HTTP/1.1" 200 12403 "-" "Mozilla/5.0 (compatible; bingbot/2.0; +http://www.bing.com/bingbot.htm)"
217.69.133.190 - - [28/Jan/2018:08:32:54 +0100] "GET /robots.txt HTTP/1.0" 404 1181 "-" "Mozilla/5.0 (compatible; Linux x86_64; Mail.RU_Bot/2.0; +http://go.mail.ru/help/robots)"
217.69.133.244 - - [28/Jan/2018:08:32:58 +0100] "GET /kiadvany/miskolchvte.pdf HTTP/1.1" 200 4059249 "-" "Mozilla/5.0 (compatible; Linux x86_64; Mail.RU_Bot/2.0; +http://go.mail.ru/help/robots)"
207.46.13.94 - - [28/Jan/2018:09:01:42 +0100] "GET /aktualis_elemei/bio2szulinap_elemei/image114.jpg HTTP/1.1" 200 6950 "-" "Mozilla/5.0 (compatible; bingbot/2.0; +http://www.bing.com/bingbot.htm)"
157.55.39.114 - - [28/Jan/2018:09:02:03 +0100] "GET /aktualis_elemei/bekamentes.html HTTP/1.1" 200 27223 "-" "Mozilla/5.0 (compatible; bingbot/2.0; +http://www.bing.com/bingbot.htm)"
40.77.167.119 - - [28/Jan/2018:09:39:04 +0100] "GET /aktualis_elemei/bio2szulinap_elemei/image116.jpg HTTP/1.1" 200 9709 "-" "Mozilla/5.0 (compatible; bingbot/2.0; +http://www.bing.com/bingbot.htm)"
40.77.167.119 - - [28/Jan/2018:09:40:15 +0100] "GET /aktualis_elemei/bio2szulinap_elemei/image144.jpg HTTP/1.1" 200 9920 "-" "Mozilla/5.0 (compatible; bingbot/2.0; +http://www.bing.com/bingbot.htm)"
82.131.138.116 - - [28/Jan/2018:10:13:49 +0100] "GET /aktualis_elemei/bio2szulinap_elemei/image108.jpg HTTP/1.1" 200 9238 "https://www.google.hu/" "Mozilla/5.0 (Linux; Android 4.1.2; C6603 Build/10.1.A.1.350) AppleWebKit/537.36 (KHTML, like Gecko) Chrome/64.0.3282.123 Mobile Safari/537.36"
82.131.138.116 - - [28/Jan/2018:10:14:30 +0100] "GET /aktualis_elemei/bio2szulinap_elemei/image106.jpg HTTP/1.1" 200 7697 "https://www.google.hu/" "Mozilla/5.0 (Linux; Android 4.1.2; C6603 Build/10.1.A.1.350) AppleWebKit/537.36 (KHTML, like Gecko) Chrome/64.0.3282.123 Mobile Safari/537.36"
176.63.25.64 - - [28/Jan/2018:11:10:50 +0100] "GET /aktualis_elemei/bio2szulinap_elemei/image098.jpg HTTP/1.1" 200 8855 "https://www.google.hu/" "Mozilla/5.0 (Windows NT 6.1; Win64; x64) AppleWebKit/537.36 (KHTML, like Gecko) Chrome/63.0.3239.132 Safari/537.36"
157.55.39.114 - - [28/Jan/2018:11:16:48 +0100] "GET /aktualis_elemei/bio2szulinap_elemei/image062.jpg HTTP/1.1" 200 10742 "-" "Mozilla/5.0 (compatible; bingbot/2.0; +http://www.bing.com/bingbot.htm)"
81.182.227.92 - - [28/Jan/2018:11:50:28 +0100] "GET /aktualis_elemei/bekamentes_elemei/image009.jpg HTTP/1.1" 200 11140 "https://www.bing.com/" "Mozilla/5.0 (Windows NT 10.0; Win64; x64) AppleWebKit/537.36 (KHTML, like Gecko) Chrome/58.0.3029.110 Safari/537.36 Edge/16.16299"
207.46.13.94 - - [28/Jan/2018:12:34:54 +0100] "GET / HTTP/1.1" 200 884 "-" "Mozilla/5.0 (compatible; bingbot/2.0; +http://www.bing.com/bingbot.htm)"
79.120.167.94 - - [28/Jan/2018:13:57:49 +0100] "GET /aktualis_elemei/bio2szulinap.html HTTP/1.1" 200 71694 "https://www.google.hu/" "Mozilla/5.0 (Linux; Android 4.1.2; C6603 Build/10.1.A.1.350) AppleWebKit/537.36 (KHTML, like Gecko) Chrome/64.0.3282.123 Mobile Safari/537.36"
79.120.167.94 - - [28/Jan/2018:13:57:49 +0100] "GET /aktualis_elemei/bio2szulinap_elemei/image002.jpg HTTP/1.1" 200 13498 "http://www.greenaction.hu/aktualis_elemei/bio2szulinap.html" "Mozilla/5.0 (Linux; Android 4.1.2; C6603 Build/10.1.A.1.350) AppleWebKit/537.36 (KHTML, like Gecko) Chrome/64.0.3282.123 Mobile Safari/537.36"
79.120.167.94 - - [28/Jan/2018:13:57:49 +0100] "GET /aktualis_elemei/bio2szulinap_elemei/image008.jpg HTTP/1.1" 200 14223 "http://www.greenaction.hu/aktualis_elemei/bio2szulinap.html" "Mozilla/5.0 (Linux; Android 4.1.2; C6603 Build/10.1.A.1.350) AppleWebKit/537.36 (KHTML, like Gecko) Chrome/64.0.3282.123 Mobile Safari/537.36"
79.120.167.94 - - [28/Jan/2018:13:57:49 +0100] "GET /aktualis_elemei/bio2szulinap_elemei/image012.jpg HTTP/1.1" 200 11039 "http://www.greenaction.hu/aktualis_elemei/bio2szulinap.html" "Mozilla/5.0 (Linux; Android 4.1.2; C6603 Build/10.1.A.1.350) AppleWebKit/537.36 (KHTML, like Gecko) Chrome/64.0.3282.123 Mobile Safari/537.36"
79.120.167.94 - - [28/Jan/2018:13:57:49 +0100] "GET /aktualis_elemei/bio2szulinap_elemei/image010.jpg HTTP/1.1" 200 13442 "http://www.greenaction.hu/aktualis_elemei/bio2szulinap.html" "Mozilla/5.0 (Linux; Android 4.1.2; C6603 Build/10.1.A.1.350) AppleWebKit/537.36 (KHTML, like Gecko) Chrome/64.0.3282.123 Mobile Safari/537.36"
79.120.167.94 - - [28/Jan/2018:13:57:49 +0100] "GET /aktualis_elemei/bio2szulinap_elemei/image004.jpg HTTP/1.1" 200 9638 "http://www.greenaction.hu/aktualis_elemei/bio2szulinap.html" "Mozilla/5.0 (Linux; Android 4.1.2; C6603 Build/10.1.A.1.350) AppleWebKit/537.36 (KHTML, like Gecko) Chrome/64.0.3282.123 Mobile Safari/537.36"
79.120.167.94 - - [28/Jan/2018:13:57:49 +0100] "GET /aktualis_elemei/bio2szulinap_elemei/image006.jpg HTTP/1.1" 200 9889 "http://www.greenaction.hu/aktualis_elemei/bio2szulinap.html" "Mozilla/5.0 (Linux; Android 4.1.2; C6603 Build/10.1.A.1.350) AppleWebKit/537.36 (KHTML, like Gecko) Chrome/64.0.3282.123 Mobile Safari/537.36"
79.120.167.94 - - [28/Jan/2018:13:57:49 +0100] "GET /aktualis_elemei/bio2szulinap_elemei/image014.jpg HTTP/1.1" 200 10796 "http://www.greenaction.hu/aktualis_elemei/bio2szulinap.html" "Mozilla/5.0 (Linux; Android 4.1.2; C6603 Build/10.1.A.1.350) AppleWebKit/537.36 (KHTML, like Gecko) Chrome/64.0.3282.123 Mobile Safari/537.36"
79.120.167.94 - - [28/Jan/2018:13:57:49 +0100] "GET /aktualis_elemei/bio2szulinap_elemei/image016.jpg HTTP/1.1" 200 7778 "http://www.greenaction.hu/aktualis_elemei/bio2szulinap.html" "Mozilla/5.0 (Linux; Android 4.1.2; C6603 Build/10.1.A.1.350) AppleWebKit/537.36 (KHTML, like Gecko) Chrome/64.0.3282.123 Mobile Safari/537.36"
79.120.167.94 - - [28/Jan/2018:13:57:49 +0100] "GET /aktualis_elemei/bio2szulinap_elemei/image022.jpg HTTP/1.1" 200 11114 "http://www.greenaction.hu/aktualis_elemei/bio2szulinap.html" "Mozilla/5.0 (Linux; Android 4.1.2; C6603 Build/10.1.A.1.350) AppleWebKit/537.36 (KHTML, like Gecko) Chrome/64.0.3282.123 Mobile Safari/537.36"
79.120.167.94 - - [28/Jan/2018:13:57:49 +0100] "GET /aktualis_elemei/bio2szulinap_elemei/image024.jpg HTTP/1.1" 200 12405 "http://www.greenaction.hu/aktualis_elemei/bio2szulinap.html" "Mozilla/5.0 (Linux; Android 4.1.2; C6603 Build/10.1.A.1.350) AppleWebKit/537.36 (KHTML, like Gecko) Chrome/64.0.3282.123 Mobile Safari/537.36"
79.120.167.94 - - [28/Jan/2018:13:57:49 +0100] "GET /aktualis_elemei/bio2szulinap_elemei/image026.jpg HTTP/1.1" 200 12161 "http://www.greenaction.hu/aktualis_elemei/bio2szulinap.html" "Mozilla/5.0 (Linux; Android 4.1.2; C6603 Build/10.1.A.1.350) AppleWebKit/537.36 (KHTML, like Gecko) Chrome/64.0.3282.123 Mobile Safari/537.36"
79.120.167.94 - - [28/Jan/2018:13:57:49 +0100] "GET /aktualis_elemei/bio2szulinap_elemei/image028.jpg HTTP/1.1" 200 12629 "http://www.greenaction.hu/aktualis_elemei/bio2szulinap.html" "Mozilla/5.0 (Linux; Android 4.1.2; C6603 Build/10.1.A.1.350) AppleWebKit/537.36 (KHTML, like Gecko) Chrome/64.0.3282.123 Mobile Safari/537.36"
79.120.167.94 - - [28/Jan/2018:13:57:49 +0100] "GET /aktualis_elemei/bio2szulinap_elemei/image020.gif HTTP/1.1" 200 44876 "http://www.greenaction.hu/aktualis_elemei/bio2szulinap.html" "Mozilla/5.0 (Linux; Android 4.1.2; C6603 Build/10.1.A.1.350) AppleWebKit/537.36 (KHTML, like Gecko) Chrome/64.0.3282.123 Mobile Safari/537.36"
79.120.167.94 - - [28/Jan/2018:13:57:49 +0100] "GET /aktualis_elemei/bio2szulinap_elemei/image018.gif HTTP/1.1" 200 41110 "http://www.greenaction.hu/aktualis_elemei/bio2szulinap.html" "Mozilla/5.0 (Linux; Android 4.1.2; C6603 Build/10.1.A.1.350) AppleWebKit/537.36 (KHTML, like Gecko) Chrome/64.0.3282.123 Mobile Safari/537.36"
79.120.167.94 - - [28/Jan/2018:13:57:49 +0100] "GET /aktualis_elemei/bio2szulinap_elemei/image030.jpg HTTP/1.1" 200 18167 "http://www.greenaction.hu/aktualis_elemei/bio2szulinap.html" "Mozilla/5.0 (Linux; Android 4.1.2; C6603 Build/10.1.A.1.350) AppleWebKit/537.36 (KHTML, like Gecko) Chrome/64.0.3282.123 Mobile Safari/537.36"
79.120.167.94 - - [28/Jan/2018:13:57:49 +0100] "GET /aktualis_elemei/bio2szulinap_elemei/image032.jpg HTTP/1.1" 200 16073 "http://www.greenaction.hu/aktualis_elemei/bio2szulinap.html" "Mozilla/5.0 (Linux; Android 4.1.2; C6603 Build/10.1.A.1.350) AppleWebKit/537.36 (KHTML, like Gecko) Chrome/64.0.3282.123 Mobile Safari/537.36"
79.120.167.94 - - [28/Jan/2018:13:57:49 +0100] "GET /aktualis_elemei/bio2szulinap_elemei/image034.jpg HTTP/1.1" 200 17799 "http://www.greenaction.hu/aktualis_elemei/bio2szulinap.html" "Mozilla/5.0 (Linux; Android 4.1.2; C6603 Build/10.1.A.1.350) AppleWebKit/537.36 (KHTML, like Gecko) Chrome/64.0.3282.123 Mobile Safari/537.36"
79.120.167.94 - - [28/Jan/2018:13:57:49 +0100] "GET /aktualis_elemei/bio2szulinap_elemei/image036.jpg HTTP/1.1" 200 13931 "http://www.greenaction.hu/aktualis_elemei/bio2szulinap.html" "Mozilla/5.0 (Linux; Android 4.1.2; C6603 Build/10.1.A.1.350) AppleWebKit/537.36 (KHTML, like Gecko) Chrome/64.0.3282.123 Mobile Safari/537.36"
79.120.167.94 - - [28/Jan/2018:13:57:49 +0100] "GET /aktualis_elemei/bio2szulinap_elemei/image038.jpg HTTP/1.1" 200 14459 "http://www.greenaction.hu/aktualis_elemei/bio2szulinap.html" "Mozilla/5.0 (Linux; Android 4.1.2; C6603 Build/10.1.A.1.350) AppleWebKit/537.36 (KHTML, like Gecko) Chrome/64.0.3282.123 Mobile Safari/537.36"
79.120.167.94 - - [28/Jan/2018:13:57:49 +0100] "GET /aktualis_elemei/bio2szulinap_elemei/image040.jpg HTTP/1.1" 200 16250 "http://www.greenaction.hu/aktualis_elemei/bio2szulinap.html" "Mozilla/5.0 (Linux; Android 4.1.2; C6603 Build/10.1.A.1.350) AppleWebKit/537.36 (KHTML, like Gecko) Chrome/64.0.3282.123 Mobile Safari/537.36"
79.120.167.94 - - [28/Jan/2018:13:57:49 +0100] "GET /aktualis_elemei/bio2szulinap_elemei/image042.jpg HTTP/1.1" 200 16066 "http://www.greenaction.hu/aktualis_elemei/bio2szulinap.html" "Mozilla/5.0 (Linux; Android 4.1.2; C6603 Build/10.1.A.1.350) AppleWebKit/537.36 (KHTML, like Gecko) Chrome/64.0.3282.123 Mobile Safari/537.36"
79.120.167.94 - - [28/Jan/2018:13:57:49 +0100] "GET /aktualis_elemei/bio2szulinap_elemei/image044.jpg HTTP/1.1" 200 11923 "http://www.greenaction.hu/aktualis_elemei/bio2szulinap.html" "Mozilla/5.0 (Linux; Android 4.1.2; C6603 Build/10.1.A.1.350) AppleWebKit/537.36 (KHTML, like Gecko) Chrome/64.0.3282.123 Mobile Safari/537.36"
79.120.167.94 - - [28/Jan/2018:13:57:49 +0100] "GET /aktualis_elemei/bio2szulinap_elemei/image046.jpg HTTP/1.1" 200 12403 "http://www.greenaction.hu/aktualis_elemei/bio2szulinap.html" "Mozilla/5.0 (Linux; Android 4.1.2; C6603 Build/10.1.A.1.350) AppleWebKit/537.36 (KHTML, like Gecko) Chrome/64.0.3282.123 Mobile Safari/537.36"
79.120.167.94 - - [28/Jan/2018:13:57:49 +0100] "GET /aktualis_elemei/bio2szulinap_elemei/image052.jpg HTTP/1.1" 200 11533 "http://www.greenaction.hu/aktualis_elemei/bio2szulinap.html" "Mozilla/5.0 (Linux; Android 4.1.2; C6603 Build/10.1.A.1.350) AppleWebKit/537.36 (KHTML, like Gecko) Chrome/64.0.3282.123 Mobile Safari/537.36"
79.120.167.94 - - [28/Jan/2018:13:57:49 +0100] "GET /aktualis_elemei/bio2szulinap_elemei/image054.jpg HTTP/1.1" 200 10738 "http://www.greenaction.hu/aktualis_elemei/bio2szulinap.html" "Mozilla/5.0 (Linux; Android 4.1.2; C6603 Build/10.1.A.1.350) AppleWebKit/537.36 (KHTML, like Gecko) Chrome/64.0.3282.123 Mobile Safari/537.36"
79.120.167.94 - - [28/Jan/2018:13:57:50 +0100] "GET /aktualis_elemei/bio2szulinap_elemei/image050.jpg HTTP/1.1" 200 12224 "http://www.greenaction.hu/aktualis_elemei/bio2szulinap.html" "Mozilla/5.0 (Linux; Android 4.1.2; C6603 Build/10.1.A.1.350) AppleWebKit/537.36 (KHTML, like Gecko) Chrome/64.0.3282.123 Mobile Safari/537.36"
79.120.167.94 - - [28/Jan/2018:13:57:50 +0100] "GET /aktualis_elemei/bio2szulinap_elemei/image056.jpg HTTP/1.1" 200 10317 "http://www.greenaction.hu/aktualis_elemei/bio2szulinap.html" "Mozilla/5.0 (Linux; Android 4.1.2; C6603 Build/10.1.A.1.350) AppleWebKit/537.36 (KHTML, like Gecko) Chrome/64.0.3282.123 Mobile Safari/537.36"
