78.92.104.25 - - [08/Mar/2018:10:02:34 +0100] "GET /hirek/1%20szazalek.jpg HTTP/1.1" 200 16636 "http://www.greenaction.hu/zoldakcio.swf" "Mozilla/5.0 (Windows NT 6.1; Win64; x64; rv:58.0) Gecko/20100101 Firefox/58.0"
78.92.104.25 - - [08/Mar/2018:10:02:34 +0100] "GET /hirek/bioszulinap2011.jpg HTTP/1.1" 200 17649 "http://www.greenaction.hu/zoldakcio.swf" "Mozilla/5.0 (Windows NT 6.1; Win64; x64; rv:58.0) Gecko/20100101 Firefox/58.0"
78.92.104.25 - - [08/Mar/2018:10:02:35 +0100] "GET /kapcsolat/kapcsolat.txt HTTP/1.1" 200 762 "http://www.greenaction.hu/zoldakcio.swf" "Mozilla/5.0 (Windows NT 6.1; Win64; x64; rv:58.0) Gecko/20100101 Firefox/58.0"
78.92.104.25 - - [08/Mar/2018:10:02:35 +0100] "GET /kapcsolat/somogyikriszta.jpg HTTP/1.1" 200 4519 "http://www.greenaction.hu/zoldakcio.swf" "Mozilla/5.0 (Windows NT 6.1; Win64; x64; rv:58.0) Gecko/20100101 Firefox/58.0"
78.92.104.25 - - [08/Mar/2018:10:02:35 +0100] "GET /kapcsolat/szaszrobi.jpg HTTP/1.1" 200 2159 "http://www.greenaction.hu/zoldakcio.swf" "Mozilla/5.0 (Windows NT 6.1; Win64; x64; rv:58.0) Gecko/20100101 Firefox/58.0"
78.92.104.25 - - [08/Mar/2018:10:02:35 +0100] "GET /kapcsolat/demeterzoli.jpg HTTP/1.1" 200 3469 "http://www.greenaction.hu/zoldakcio.swf" "Mozilla/5.0 (Windows NT 6.1; Win64; x64; rv:58.0) Gecko/20100101 Firefox/58.0"
78.92.104.25 - - [08/Mar/2018:10:02:35 +0100] "GET /kapcsolat/barati.jpg HTTP/1.1" 200 22724 "http://www.greenaction.hu/zoldakcio.swf" "Mozilla/5.0 (Windows NT 6.1; Win64; x64; rv:58.0) Gecko/20100101 Firefox/58.0"
78.92.104.25 - - [08/Mar/2018:10:03:12 +0100] "GET /vezetoseg/vezetoseg.txt HTTP/1.1" 200 1105 "http://www.greenaction.hu/zoldakcio.swf" "Mozilla/5.0 (Windows NT 6.1; Win64; x64; rv:58.0) Gecko/20100101 Firefox/58.0"
78.92.104.25 - - [08/Mar/2018:10:03:12 +0100] "GET /vezetoseg/varnagy.jpg HTTP/1.1" 200 6113 "http://www.greenaction.hu/zoldakcio.swf" "Mozilla/5.0 (Windows NT 6.1; Win64; x64; rv:58.0) Gecko/20100101 Firefox/58.0"
78.92.104.25 - - [08/Mar/2018:10:03:12 +0100] "GET /vezetoseg/.jpg HTTP/1.1" 404 1181 "http://www.greenaction.hu/zoldakcio.swf" "Mozilla/5.0 (Windows NT 6.1; Win64; x64; rv:58.0) Gecko/20100101 Firefox/58.0"
78.92.104.25 - - [08/Mar/2018:10:03:12 +0100] "GET /vezetoseg/kenezmoni.jpg HTTP/1.1" 200 5198 "http://www.greenaction.hu/zoldakcio.swf" "Mozilla/5.0 (Windows NT 6.1; Win64; x64; rv:58.0) Gecko/20100101 Firefox/58.0"
78.92.104.25 - - [08/Mar/2018:10:03:12 +0100] "GET /vezetoseg/szaszrobi.jpg HTTP/1.1" 200 1755 "http://www.greenaction.hu/zoldakcio.swf" "Mozilla/5.0 (Windows NT 6.1; Win64; x64; rv:58.0) Gecko/20100101 Firefox/58.0"
78.92.104.25 - - [08/Mar/2018:10:03:12 +0100] "GET /vezetoseg/ibolya.jpg HTTP/1.1" 200 8226 "http://www.greenaction.hu/zoldakcio.swf" "Mozilla/5.0 (Windows NT 6.1; Win64; x64; rv:58.0) Gecko/20100101 Firefox/58.0"
78.92.104.25 - - [08/Mar/2018:10:03:12 +0100] "GET /vezetoseg/demeterzolielnok.jpg HTTP/1.1" 200 3076 "http://www.greenaction.hu/zoldakcio.swf" "Mozilla/5.0 (Windows NT 6.1; Win64; x64; rv:58.0) Gecko/20100101 Firefox/58.0"
78.92.104.25 - - [08/Mar/2018:10:03:12 +0100] "GET /vezetoseg/.jpg HTTP/1.1" 404 1181 "http://www.greenaction.hu/zoldakcio.swf" "Mozilla/5.0 (Windows NT 6.1; Win64; x64; rv:58.0) Gecko/20100101 Firefox/58.0"
78.92.104.25 - - [08/Mar/2018:10:03:12 +0100] "GET /vezetoseg/hontiszabi.jpg HTTP/1.1" 200 32918 "http://www.greenaction.hu/zoldakcio.swf" "Mozilla/5.0 (Windows NT 6.1; Win64; x64; rv:58.0) Gecko/20100101 Firefox/58.0"
78.92.104.25 - - [08/Mar/2018:10:03:12 +0100] "GET /vezetoseg/mikolarita.jpg HTTP/1.1" 200 9226 "http://www.greenaction.hu/zoldakcio.swf" "Mozilla/5.0 (Windows NT 6.1; Win64; x64; rv:58.0) Gecko/20100101 Firefox/58.0"
78.92.104.25 - - [08/Mar/2018:10:03:12 +0100] "GET /vezetoseg/.jpg HTTP/1.1" 404 1181 "http://www.greenaction.hu/zoldakcio.swf" "Mozilla/5.0 (Windows NT 6.1; Win64; x64; rv:58.0) Gecko/20100101 Firefox/58.0"
66.249.75.199 - - [08/Mar/2018:10:14:12 +0100] "GET /robots.txt HTTP/1.1" 404 1181 "-" "Mozilla/5.0 (compatible; Googlebot/2.1; +http://www.google.com/bot.html)"
66.249.75.199 - - [08/Mar/2018:10:14:13 +0100] "GET /aktualis.html HTTP/1.1" 200 104235 "-" "Mozilla/5.0 (compatible; Googlebot/2.1; +http://www.google.com/bot.html)"
66.249.75.201 - - [08/Mar/2018:10:18:25 +0100] "GET /fesztivalterkep7.pdf HTTP/1.1" 404 1181 "-" "Mozilla/5.0 (compatible; Googlebot/2.1; +http://www.google.com/bot.html)"
46.229.164.98 - - [08/Mar/2018:10:19:57 +0100] "GET /robots.txt HTTP/1.1" 404 1181 "-" "Mozilla/5.0 (compatible; SemrushBot/1.2~bl; +http://www.semrush.com/bot.html)"
66.249.75.201 - - [08/Mar/2018:10:22:12 +0100] "GET /aktualis_elemei/megelozes-humusz.html HTTP/1.1" 200 20947 "-" "Mozilla/5.0 (compatible; Googlebot/2.1; +http://www.google.com/bot.html)"
54.67.59.131 - - [08/Mar/2018:10:38:35 +0100] "GET / HTTP/1.1" 200 884 "-" "Mozilla/5.0 (Macintosh; Intel Mac OS X 10_12_6) AppleWebKit/537.36 (KHTML, like Gecko) Chrome/61.0.3163.100 Safari/537.36"
195.199.214.156 - - [08/Mar/2018:12:36:25 +0100] "GET /aktualis_elemei/hulladek-klima.humusz_elemei/image004.jpg HTTP/1.1" 200 14827 "https://www.google.hu/" "Mozilla/5.0 (Windows NT 6.1) AppleWebKit/537.36 (KHTML, like Gecko) Chrome/64.0.3282.186 Safari/537.36"
195.199.214.156 - - [08/Mar/2018:12:37:05 +0100] "GET /aktualis_elemei/hulladek-klima.humusz_elemei/image006.jpg HTTP/1.1" 200 15684 "https://www.google.hu/" "Mozilla/5.0 (Windows NT 6.1) AppleWebKit/537.36 (KHTML, like Gecko) Chrome/64.0.3282.186 Safari/537.36"
188.165.233.228 - - [08/Mar/2018:12:40:50 +0100] "GET /robots.txt HTTP/1.0" 404 1181 "-" ""
188.165.233.228 - - [08/Mar/2018:12:40:50 +0100] "GET / HTTP/1.1" 206 884 "-" "Mozilla/5.0 (X11; U; Linux x86_64; en-US; rv:1.9.2.4) Gecko/20100614 Ubuntu/10.04 (lucid) Firefox/3.6.4"
165.225.76.175 - - [08/Mar/2018:12:42:36 +0100] "GET /aktualis_elemei/bekamentes_elemei/image004.jpg HTTP/1.1" 200 15267 "https://www.google.pl/" "Mozilla/5.0 (Windows NT 6.1; Win64; x64) AppleWebKit/537.36 (KHTML, like Gecko) Chrome/64.0.3282.186 Safari/537.36"
180.76.15.33 - - [08/Mar/2018:12:48:05 +0100] "GET /hirek/fn_reszletes.pdf HTTP/1.1" 200 195567 "-" "Mozilla/5.0 (compatible; Baiduspider/2.0; +http://www.baidu.com/search/spider.html)"
46.229.164.98 - - [08/Mar/2018:12:53:14 +0100] "GET /robots.txt HTTP/1.1" 404 1181 "-" "Mozilla/5.0 (compatible; SemrushBot/1.2~bl; +http://www.semrush.com/bot.html)"
91.198.198.1 - - [08/Mar/2018:13:22:21 +0100] "GET /aktualis_elemei/bekamentes_elemei/image002.jpg HTTP/1.1" 200 15229 "-" "Mozilla/5.0 (Windows NT 6.1; WOW64; Trident/7.0; rv:11.0) like Gecko"
80.77.124.233 - - [08/Mar/2018:13:25:48 +0100] "GET /archiv_elemei/acitc.html HTTP/1.1" 200 13312 "-" "Mozilla/5.0 (Windows NT 10.0; Win64; x64) AppleWebKit/537.36 (KHTML, like Gecko) Chrome/62.0.3202.94 Safari/537.36"
80.77.124.233 - - [08/Mar/2018:13:26:32 +0100] "GET / HTTP/1.1" 200 884 "-" "Mozilla/5.0 (Windows NT 10.0; Win64; x64) AppleWebKit/537.36 (KHTML, like Gecko) Chrome/62.0.3202.94 Safari/537.36"
207.46.13.197 - - [08/Mar/2018:13:35:42 +0100] "GET /robots.txt HTTP/1.1" 404 1181 "-" "Mozilla/5.0 (compatible; bingbot/2.0; +http://www.bing.com/bingbot.htm)"
207.46.13.85 - - [08/Mar/2018:13:35:48 +0100] "GET / HTTP/1.1" 200 884 "-" "Mozilla/5.0 (compatible; bingbot/2.0; +http://www.bing.com/bingbot.htm)"
157.55.39.223 - - [08/Mar/2018:14:26:12 +0100] "GET /hirek/hirek.txt HTTP/1.1" 200 96857 "-" "Mozilla/5.0 (compatible; bingbot/2.0; +http://www.bing.com/bingbot.htm)"
37.76.71.83 - - [08/Mar/2018:14:55:59 +0100] "GET /aktualis_elemei/bio2szulinap_elemei/image072.jpg HTTP/1.1" 200 8143 "https://www.google.hu/" "Mozilla/5.0 (iPhone; CPU iPhone OS 11_2_5 like Mac OS X) AppleWebKit/604.5.6 (KHTML, like Gecko) Version/11.0 Mobile/15D60 Safari/604.1"
157.55.39.223 - - [08/Mar/2018:14:57:08 +0100] "GET /aktualis_elemei/fnhv.html HTTP/1.1" 200 48118 "-" "Mozilla/5.0 (compatible; bingbot/2.0; +http://www.bing.com/bingbot.htm)"
62.72.119.28 - - [08/Mar/2018:15:15:44 +0100] "GET /aktualis_elemei/bio2szulinap_elemei/image134.jpg HTTP/1.1" 200 10678 "https://www.google.hu/" "Mozilla/5.0 (Windows NT 6.1; Win64; x64) AppleWebKit/537.36 (KHTML, like Gecko) Chrome/64.0.3282.186 Safari/537.36"
217.69.143.217 - - [08/Mar/2018:15:16:05 +0100] "GET / HTTP/1.1" 200 884 "-" "Mozilla/5.0 (X11; Linux x86_64; rv:18.0) Gecko/20100101 Firefox/18.0"
217.69.143.217 - - [08/Mar/2018:15:16:05 +0100] "GET /favicon.ico HTTP/1.1" 404 1181 "-" "Mozilla/5.0 (X11; Linux x86_64; rv:18.0) Gecko/20100101 Firefox/18.0"
217.69.143.217 - - [08/Mar/2018:15:16:05 +0100] "GET /favicon.png HTTP/1.1" 404 1181 "-" "Mozilla/5.0 (X11; Linux x86_64; rv:18.0) Gecko/20100101 Firefox/18.0"
66.249.75.199 - - [08/Mar/2018:18:22:21 +0100] "GET /aktualis_elemei/bio2szulinap_elemei/image138.jpg HTTP/1.1" 304 - "-" "Googlebot-Image/1.0"
217.182.193.113 - - [08/Mar/2018:18:28:38 +0100] "GET /robots.txt HTTP/1.1" 404 1181 "-" "Barkrowler/0.7 (+http://www.exensa.com/crawl)"
217.182.193.113 - - [08/Mar/2018:18:28:51 +0100] "GET / HTTP/1.1" 200 884 "-" "Barkrowler/0.7 (+http://www.exensa.com/crawl)"
141.8.183.17 - - [08/Mar/2018:19:13:51 +0100] "GET /robots.txt HTTP/1.1" 404 1181 "-" "Mozilla/5.0 (compatible; YandexBot/3.0; +http://yandex.com/bots)"
141.8.183.17 - - [08/Mar/2018:19:13:51 +0100] "GET /robots.txt HTTP/1.1" 404 1181 "-" "Mozilla/5.0 (compatible; YandexBot/3.0; +http://yandex.com/bots)"
141.8.183.17 - - [08/Mar/2018:19:13:54 +0100] "GET / HTTP/1.1" 200 884 "-" "Mozilla/5.0 (compatible; YandexBot/3.0; +http://yandex.com/bots)"
141.8.183.17 - - [08/Mar/2018:19:13:54 +0100] "GET / HTTP/1.1" 200 884 "-" "Mozilla/5.0 (compatible; YandexBot/3.0; +http://yandex.com/bots)"
178.154.171.90 - - [08/Mar/2018:19:13:59 +0100] "GET /zoldakcio.swf HTTP/1.1" 200 840351 "-" "Mozilla/5.0 (compatible; YandexBot/3.0; +http://yandex.com/bots)"
178.154.171.90 - - [08/Mar/2018:19:13:59 +0100] "GET /zoldakcio.swf HTTP/1.1" 200 840351 "-" "Mozilla/5.0 (compatible; YandexBot/3.0; +http://yandex.com/bots)"
123.125.67.225 - - [08/Mar/2018:19:17:02 +0100] "GET /robots.txt HTTP/1.1" 404 1181 "-" "Mozilla/5.0 (Windows NT 10.0; WOW64) AppleWebKit/537.36 (KHTML, like Gecko) Chrome/45.0.2454.93 Safari/537.36"
54.194.246.85 - - [08/Mar/2018:19:18:34 +0100] "HEAD / HTTP/1.1" 200 0 "-" "Mozilla/5.0 (compatible; JobKereso; +https://www.kozvetlen-allasok.hu/robot.jsp info@kozvetlen-allasok.hu)"
54.194.246.85 - - [08/Mar/2018:19:18:34 +0100] "GET /robots.txt HTTP/1.1" 404 1181 "-" "Mozilla/5.0 (compatible; JobKereso; +https://www.kozvetlen-allasok.hu/robot.jsp info@kozvetlen-allasok.hu)"
54.194.246.85 - - [08/Mar/2018:19:18:34 +0100] "HEAD / HTTP/1.1" 200 0 "-" "Mozilla/5.0 (compatible; JobKereso; +https://www.kozvetlen-allasok.hu/robot.jsp info@kozvetlen-allasok.hu)"
54.194.246.85 - - [08/Mar/2018:19:18:34 +0100] "GET / HTTP/1.1" 200 884 "-" "Mozilla/5.0 (compatible; JobKereso; +https://www.kozvetlen-allasok.hu/robot.jsp info@kozvetlen-allasok.hu)"
54.194.246.85 - - [08/Mar/2018:19:18:34 +0100] "HEAD /favicon.ico HTTP/1.1" 404 0 "https://www.kozvetlen-allasok.hu" "Mozilla/5.0 (compatible; JobKeresoBot; +https://www.kozvetlen-allasok.hu/help.jsp; info@kozvetlen-allasok.hu; 5.0"
220.181.108.115 - - [08/Mar/2018:19:19:42 +0100] "GET /kiadvany/delbukk.pdf HTTP/1.1" 200 1540585 "-" "Mozilla/5.0 (compatible; Baiduspider/2.0; +http://www.baidu.com/search/spider.html)"
216.244.66.200 - - [08/Mar/2018:19:19:48 +0100] "GET /robots.txt HTTP/1.1" 404 1181 "-" "Mozilla/5.0 (compatible; DotBot/1.1; http://www.opensiteexplorer.org/dotbot, help@moz.com)"
66.249.75.199 - - [08/Mar/2018:19:30:47 +0100] "GET /aktualis_elemei/knavastc.html HTTP/1.1" 200 12073 "-" "Mozilla/5.0 (compatible; Googlebot/2.1; +http://www.google.com/bot.html)"
66.249.75.203 - - [08/Mar/2018:19:34:33 +0100] "GET /aktualis_elemei/szulinap2.html HTTP/1.1" 200 10182 "-" "Mozilla/5.0 (compatible; Googlebot/2.1; +http://www.google.com/bot.html)"
66.249.75.199 - - [08/Mar/2018:19:38:21 +0100] "GET /aktualis_elemei/baloghjanos.html HTTP/1.1" 200 15294 "-" "Mozilla/5.0 (compatible; Googlebot/2.1; +http://www.google.com/bot.html)"
34.242.231.198 - - [08/Mar/2018:19:38:56 +0100] "HEAD / HTTP/1.1" 200 0 "-" "Mozilla/5.0 (compatible; JobKereso; +https://www.kozvetlen-allasok.hu/robot.jsp info@kozvetlen-allasok.hu)"
34.242.231.198 - - [08/Mar/2018:19:38:56 +0100] "GET /robots.txt HTTP/1.1" 404 1181 "-" "Mozilla/5.0 (compatible; JobKereso; +https://www.kozvetlen-allasok.hu/robot.jsp info@kozvetlen-allasok.hu)"
34.242.231.198 - - [08/Mar/2018:19:38:56 +0100] "HEAD / HTTP/1.1" 200 0 "-" "Mozilla/5.0 (compatible; JobKereso; +https://www.kozvetlen-allasok.hu/robot.jsp info@kozvetlen-allasok.hu)"
34.242.231.198 - - [08/Mar/2018:19:38:56 +0100] "GET / HTTP/1.1" 200 884 "-" "Mozilla/5.0 (compatible; JobKereso; +https://www.kozvetlen-allasok.hu/robot.jsp info@kozvetlen-allasok.hu)"
34.242.231.198 - - [08/Mar/2018:19:38:56 +0100] "HEAD /favicon.ico HTTP/1.1" 404 0 "https://www.kozvetlen-allasok.hu" "Mozilla/5.0 (compatible; JobKeresoBot; +https://www.kozvetlen-allasok.hu/help.jsp; info@kozvetlen-allasok.hu; 5.0"
216.244.66.200 - - [08/Mar/2018:20:18:16 +0100] "GET / HTTP/1.1" 200 884 "-" "Mozilla/5.0 (compatible; DotBot/1.1; http://www.opensiteexplorer.org/dotbot, help@moz.com)"
157.55.39.90 - - [08/Mar/2018:21:37:12 +0100] "GET /aktualis_elemei/bekamentes.html HTTP/1.1" 200 27223 "-" "Mozilla/5.0 (compatible; bingbot/2.0; +http://www.bing.com/bingbot.htm)"
207.46.13.100 - - [08/Mar/2018:21:37:28 +0100] "GET /aktualis_elemei/bekamentes_elemei/image002.jpg HTTP/1.1" 200 15229 "-" "Mozilla/5.0 (compatible; bingbot/2.0; +http://www.bing.com/bingbot.htm)"
157.55.39.213 - - [08/Mar/2018:21:37:31 +0100] "GET /aktualis_elemei/bekamentes_elemei/image003.jpg HTTP/1.1" 200 18979 "-" "Mozilla/5.0 (compatible; bingbot/2.0; +http://www.bing.com/bingbot.htm)"
89.134.144.145 - - [08/Mar/2018:21:58:01 +0100] "GET / HTTP/1.0" 200 884 "-" "-"
216.244.66.247 - - [08/Mar/2018:22:15:54 +0100] "GET /robots.txt HTTP/1.1" 404 1181 "-" "Mozilla/5.0 (compatible; DotBot/1.1; http://www.opensiteexplorer.org/dotbot, help@moz.com)"
66.249.75.203 - - [08/Mar/2018:22:37:37 +0100] "GET /robots.txt HTTP/1.1" 404 1181 "-" "Mozilla/5.0 (compatible; Googlebot/2.1; +http://www.google.com/bot.html)"
66.249.75.201 - - [08/Mar/2018:22:37:43 +0100] "GET /kiadvany/miskolchvte.pdf HTTP/1.1" 200 4059249 "-" "Mozilla/5.0 (Linux; Android 6.0.1; Nexus 5X Build/MMB29P) AppleWebKit/537.36 (KHTML, like Gecko) Chrome/41.0.2272.96 Mobile Safari/537.36 (compatible; Googlebot/2.1; +http://www.google.com/bot.html)"
46.161.9.56 - - [08/Mar/2018:22:43:00 +0100] "GET /archiv_elemei/lyukotc.html HTTP/1.0" 200 11705 "http://www.greenaction.hu/archiv_elemei/lyukotc.html" "Mozilla/5.0 (Windows NT 6.1; WOW64) AppleWebKit/537.36 (KHTML, like Gecko) Chrome/62.0.3250.0 Iron Safari/537.36"
207.46.13.100 - - [08/Mar/2018:22:54:37 +0100] "GET /aktualis_elemei/bio2szulinap_elemei/image038.jpg HTTP/1.1" 200 14459 "-" "Mozilla/5.0 (compatible; bingbot/2.0; +http://www.bing.com/bingbot.htm)"
54.210.196.84 - - [08/Mar/2018:23:16:19 +0100] "GET /robots.txt HTTP/1.1" 404 1181 "-" "BUbiNG (+http://law.di.unimi.it/BUbiNG.html#wc)"
54.210.196.84 - - [08/Mar/2018:23:16:50 +0100] "GET / HTTP/1.1" 200 884 "-" "BUbiNG (+http://law.di.unimi.it/BUbiNG.html#wc)"
157.55.39.90 - - [08/Mar/2018:23:27:49 +0100] "GET /aktualis_elemei/bio2szulinap_elemei/image046.jpg HTTP/1.1" 200 12403 "-" "Mozilla/5.0 (compatible; bingbot/2.0; +http://www.bing.com/bingbot.htm)"
54.210.196.84 - - [08/Mar/2018:23:29:09 +0100] "GET /magunkrol_elemei/kozhasznu.html HTTP/1.1" 200 48365 "-" "BUbiNG (+http://law.di.unimi.it/BUbiNG.html#wc)"
54.210.196.84 - - [08/Mar/2018:23:32:43 +0100] "GET /magunkrol_elemei/kj_2005_elemei/filelist.xml HTTP/1.1" 404 1181 "-" "BUbiNG (+http://law.di.unimi.it/BUbiNG.html#wc)"
54.210.196.84 - - [08/Mar/2018:23:40:20 +0100] "GET /robots.txt HTTP/1.1" 404 1181 "-" "BUbiNG (+http://law.di.unimi.it/BUbiNG.html#wc)"
54.210.196.84 - - [08/Mar/2018:23:40:50 +0100] "GET / HTTP/1.1" 200 884 "-" "BUbiNG (+http://law.di.unimi.it/BUbiNG.html#wc)"
216.244.66.247 - - [08/Mar/2018:23:41:21 +0100] "GET /program.html HTTP/1.1" 200 12857 "-" "Mozilla/5.0 (compatible; DotBot/1.1; http://www.opensiteexplorer.org/dotbot, help@moz.com)"
66.249.75.201 - - [08/Mar/2018:23:43:09 +0100] "GET /kiadvany/miskolchvte.pdf HTTP/1.1" 200 4059249 "-" "Mozilla/5.0 (Linux; Android 6.0.1; Nexus 5X Build/MMB29P) AppleWebKit/537.36 (KHTML, like Gecko) Chrome/41.0.2272.96 Mobile Safari/537.36 (compatible; Googlebot/2.1; +http://www.google.com/bot.html)"
54.210.196.84 - - [08/Mar/2018:23:47:33 +0100] "GET /robots.txt HTTP/1.1" 404 1181 "-" "BUbiNG (+http://law.di.unimi.it/BUbiNG.html#wc)"
54.210.196.84 - - [08/Mar/2018:23:48:03 +0100] "GET / HTTP/1.1" 200 884 "-" "BUbiNG (+http://law.di.unimi.it/BUbiNG.html#wc)"
54.210.196.84 - - [09/Mar/2018:00:08:51 +0100] "GET /magunkrol_elemei/kozhasznu.html HTTP/1.1" 200 48365 "-" "BUbiNG (+http://law.di.unimi.it/BUbiNG.html#wc)"
207.46.13.100 - - [09/Mar/2018:00:12:32 +0100] "GET /aktualis_elemei/fnhv_elemei/image023.jpg HTTP/1.1" 200 10309 "-" "Mozilla/5.0 (compatible; bingbot/2.0; +http://www.bing.com/bingbot.htm)"
54.210.196.84 - - [09/Mar/2018:00:13:16 +0100] "GET /magunkrol_elemei/kj_2005_elemei/filelist.xml HTTP/1.1" 404 1181 "-" "BUbiNG (+http://law.di.unimi.it/BUbiNG.html#wc)"
54.236.27.118 - - [09/Mar/2018:00:14:16 +0100] "GET /robots.txt HTTP/1.1" 404 1181 "-" "BUbiNG (+http://law.di.unimi.it/BUbiNG.html#wc)"
54.236.27.118 - - [09/Mar/2018:00:14:58 +0100] "GET / HTTP/1.1" 200 884 "-" "BUbiNG (+http://law.di.unimi.it/BUbiNG.html#wc)"
54.210.196.84 - - [09/Mar/2018:00:37:57 +0100] "GET /robots.txt HTTP/1.1" 404 1181 "-" "BUbiNG (+http://law.di.unimi.it/BUbiNG.html#wc)"
42.236.10.107 - - [09/Mar/2018:00:38:01 +0100] "GET / HTTP/1.1" 200 884 "-" "Mozilla/5.0 (Windows NT 6.1) AppleWebKit/537.36 (KHTML, like Gecko) Chrome/42.0.2311.90 Safari/537.36"
54.210.196.84 - - [09/Mar/2018:00:38:27 +0100] "GET / HTTP/1.1" 200 884 "-" "BUbiNG (+http://law.di.unimi.it/BUbiNG.html#wc)"
207.46.13.100 - - [09/Mar/2018:00:40:32 +0100] "GET /aktualis_elemei/bio2szulinap_elemei/image104.jpg HTTP/1.1" 200 8372 "-" "Mozilla/5.0 (compatible; bingbot/2.0; +http://www.bing.com/bingbot.htm)"
54.210.196.84 - - [09/Mar/2018:00:50:16 +0100] "GET /magunkrol_elemei/kozhasznu.html HTTP/1.1" 200 48365 "-" "BUbiNG (+http://law.di.unimi.it/BUbiNG.html#wc)"
54.210.196.84 - - [09/Mar/2018:00:59:25 +0100] "GET /magunkrol_elemei/kj_2005_elemei/filelist.xml HTTP/1.1" 404 1181 "-" "BUbiNG (+http://law.di.unimi.it/BUbiNG.html#wc)"
157.55.39.213 - - [09/Mar/2018:01:06:48 +0100] "GET / HTTP/1.1" 200 884 "-" "Mozilla/5.0 (compatible; bingbot/2.0; +http://www.bing.com/bingbot.htm)"
54.236.27.118 - - [09/Mar/2018:01:10:58 +0100] "GET /robots.txt HTTP/1.1" 404 1181 "-" "BUbiNG (+http://law.di.unimi.it/BUbiNG.html#wc)"
54.236.27.118 - - [09/Mar/2018:01:13:30 +0100] "GET / HTTP/1.1" 200 884 "-" "BUbiNG (+http://law.di.unimi.it/BUbiNG.html#wc)"
207.46.13.100 - - [09/Mar/2018:01:41:06 +0100] "GET /aktualis_elemei/bio2szulinap_elemei/image104.jpg HTTP/1.1" 200 8372 "-" "Mozilla/5.0 (compatible; bingbot/2.0; +http://www.bing.com/bingbot.htm)"
157.55.39.90 - - [09/Mar/2018:02:15:05 +0100] "GET /aktualis_elemei/bio2szulinap_elemei/image092.jpg HTTP/1.1" 200 7352 "-" "Mozilla/5.0 (compatible; bingbot/2.0; +http://www.bing.com/bingbot.htm)"
66.249.75.199 - - [09/Mar/2018:02:20:03 +0100] "GET /favicon.ico HTTP/1.1" 404 1181 "-" "Googlebot-Image/1.0"
42.236.99.178 - - [09/Mar/2018:02:33:19 +0100] "GET / HTTP/1.1" 200 884 "http://www.greenaction.hu/" "Mozilla/5.0 (Windows NT 6.1; WOW64) AppleWebKit/537.36 (KHTML, like Gecko) Chrome/50.0.2661.102 Safari/537.36; 360Spider"
157.55.39.90 - - [09/Mar/2018:03:43:39 +0100] "GET /aktualis_elemei/bio2szulinap_elemei/image036.jpg HTTP/1.1" 200 13931 "-" "Mozilla/5.0 (compatible; bingbot/2.0; +http://www.bing.com/bingbot.htm)"
66.249.66.73 - - [09/Mar/2018:04:22:09 +0100] "GET /aktualis_elemei/bio2szulinap_elemei/image012.jpg HTTP/1.1" 200 11039 "-" "Googlebot-Image/1.0"
77.111.91.248 - - [09/Mar/2018:04:45:35 +0100] "GET /archiv_elemei/acitc.html HTTP/1.1" 200 13312 "-" "Mozilla/5.0 (Windows NT 10.0; Win64; x64) AppleWebKit/537.36 (KHTML, like Gecko) Chrome/62.0.3202.94 Safari/537.36"
89.136.31.222 - - [09/Mar/2018:04:45:42 +0100] "GET / HTTP/1.1" 200 884 "-" "Java/1.6.0_04"
77.111.91.248 - - [09/Mar/2018:04:46:11 +0100] "GET / HTTP/1.1" 200 884 "-" "Mozilla/5.0 (Windows NT 10.0; Win64; x64) AppleWebKit/537.36 (KHTML, like Gecko) Chrome/62.0.3202.94 Safari/537.36"
66.249.66.73 - - [09/Mar/2018:05:54:00 +0100] "GET /aktualis_elemei/bio2szulinap_elemei/image028.jpg HTTP/1.1" 200 12629 "-" "Googlebot-Image/1.0"
66.249.66.71 - - [09/Mar/2018:05:59:04 +0100] "GET /aktualis_elemei/bio2szulinap_elemei/image110.jpg HTTP/1.1" 304 - "-" "Googlebot-Image/1.0"
66.249.66.69 - - [09/Mar/2018:06:04:00 +0100] "GET /aktualis_elemei/bio2szulinap_elemei/image038.jpg HTTP/1.1" 200 14459 "-" "Googlebot-Image/1.0"
157.55.39.213 - - [09/Mar/2018:06:12:09 +0100] "GET / HTTP/1.1" 200 884 "-" "Mozilla/5.0 (compatible; bingbot/2.0; +http://www.bing.com/bingbot.htm)"
66.249.66.69 - - [09/Mar/2018:06:19:26 +0100] "GET /aktualis_elemei/bio2szulinap_elemei/image100.jpg HTTP/1.1" 200 7946 "-" "Googlebot-Image/1.0"
66.249.66.69 - - [09/Mar/2018:06:19:26 +0100] "GET /aktualis_elemei/bio2szulinap_elemei/image100.jpg HTTP/1.1" 200 7946 "-" "Googlebot-Image/1.0"
129.78.110.124 - - [09/Mar/2018:06:22:34 +0100] "GET / HTTP/1.1" 200 884 "-" "-"
66.249.66.73 - - [09/Mar/2018:06:24:20 +0100] "GET /aktualis_elemei/bio2szulinap_elemei/image048.jpg HTTP/1.1" 200 13760 "-" "Googlebot-Image/1.0"
66.249.66.69 - - [09/Mar/2018:06:34:30 +0100] "GET /aktualis_elemei/bio2szulinap_elemei/image116.jpg HTTP/1.1" 304 - "-" "Googlebot-Image/1.0"
66.249.66.71 - - [09/Mar/2018:06:40:10 +0100] "GET /aktualis_elemei/bio2szulinap_elemei/image144.jpg HTTP/1.1" 200 9920 "-" "Googlebot-Image/1.0"
91.200.12.21 - - [09/Mar/2018:06:46:48 +0100] "GET /assets/modules/evogallery/js/uploadify/uploadify.css HTTP/1.1" 404 1181 "http://www.greenaction.hu/assets/modules/evogallery/js/uploadify/uploadify.css" "Mozilla/5.0 (Windows NT 6.1; WOW64) AppleWebKit/537.36 (KHTML, like Gecko) Chrome/42.0.2311.152 Safari/537.36"
66.249.66.69 - - [09/Mar/2018:07:25:15 +0100] "GET /aktualis_elemei/bio2szulinap_elemei/image088.jpg HTTP/1.1" 200 7592 "-" "Googlebot-Image/1.0"
66.249.66.69 - - [09/Mar/2018:07:40:20 +0100] "GET /aktualis_elemei/szulinap2_elemei/image002.jpg HTTP/1.1" 200 1849 "-" "Googlebot-Image/1.0"
180.76.15.22 - - [09/Mar/2018:07:57:37 +0100] "GET /kiadvany/delbukk.pdf HTTP/1.1" 200 622592 "-" "Mozilla/5.0 (compatible; Baiduspider/2.0; +http://www.baidu.com/search/spider.html)"
157.55.39.90 - - [09/Mar/2018:08:06:13 +0100] "GET /aktualis_elemei/bio2szulinap_elemei/image106.jpg HTTP/1.1" 200 7697 "-" "Mozilla/5.0 (compatible; bingbot/2.0; +http://www.bing.com/bingbot.htm)"
207.46.13.100 - - [09/Mar/2018:08:07:05 +0100] "GET /aktualis_elemei/fnhv_elemei/image016.jpg HTTP/1.1" 200 12069 "-" "Mozilla/5.0 (compatible; bingbot/2.0; +http://www.bing.com/bingbot.htm)"
5.196.87.126 - - [09/Mar/2018:09:00:52 +0100] "GET /robots.txt HTTP/1.1" 404 1181 "-" "Mozilla/5.0 (compatible; AhrefsBot/5.2; +http://ahrefs.com/robot/)"
5.196.87.126 - - [09/Mar/2018:09:24:57 +0100] "GET /robots.txt HTTP/1.1" 404 1181 "-" "Mozilla/5.0 (compatible; AhrefsBot/5.2; +http://ahrefs.com/robot/)"
54.36.148.115 - - [09/Mar/2018:09:24:58 +0100] "GET /aktualis_elemei/bio2szulinap_elemei/image128.jpg HTTP/1.1" 200 8653 "-" "Mozilla/5.0 (compatible; AhrefsBot/5.2; +http://ahrefs.com/robot/)"
141.8.183.17 - - [09/Mar/2018:09:36:24 +0100] "GET /robots.txt HTTP/1.1" 404 1181 "-" "Mozilla/5.0 (compatible; YandexBot/3.0; +http://yandex.com/bots)"
141.8.183.17 - - [09/Mar/2018:09:36:27 +0100] "GET /favicon.ico HTTP/1.1" 404 1181 "-" "Mozilla/5.0 (compatible; YandexBot/3.0; +http://yandex.com/bots)"
199.58.86.206 - - [09/Mar/2018:09:49:11 +0100] "GET /robots.txt HTTP/1.1" 404 1181 "-" "Mozilla/5.0 (compatible; MJ12bot/v1.4.8; http://mj12bot.com/)"
199.58.86.206 - - [09/Mar/2018:09:49:12 +0100] "GET / HTTP/1.1" 200 884 "-" "Mozilla/5.0 (compatible; MJ12bot/v1.4.8; http://mj12bot.com/)"
216.244.66.200 - - [09/Mar/2018:10:08:59 +0100] "GET /robots.txt HTTP/1.1" 404 1181 "-" "Mozilla/5.0 (compatible; DotBot/1.1; http://www.opensiteexplorer.org/dotbot, help@moz.com)"
64.74.215.1 - - [09/Mar/2018:10:17:25 +0100] "GET / HTTP/1.1" 200 884 "-" "Mozilla/5.0 (Windows NT 6.1) AppleWebKit/537.36 (KHTML, like Gecko) Chrome/56.0.2924.76 Safari/537.36"
64.74.215.1 - - [09/Mar/2018:10:17:39 +0100] "GET / HTTP/1.1" 200 884 "-" "Mozilla/5.0 (Windows NT 6.1) AppleWebKit/537.36 (KHTML, like Gecko) Chrome/56.0.2924.76 Safari/537.36"
66.249.66.69 - - [09/Mar/2018:10:22:51 +0100] "GET /aktualis_elemei/bio2szulinap_elemei/image084.jpg HTTP/1.1" 200 7747 "-" "Googlebot-Image/1.0"
66.249.66.73 - - [09/Mar/2018:10:28:00 +0100] "GET /aktualis_elemei/bio2szulinap_elemei/image062.jpg HTTP/1.1" 200 10742 "-" "Googlebot-Image/1.0"
94.27.135.33 - - [09/Mar/2018:11:10:21 +0100] "GET /aktualis_elemei/bio2szulinap_elemei/image116.jpg HTTP/1.1" 200 9709 "https://www.google.hu/" "Mozilla/5.0 (Windows NT 6.1; Win64; x64) AppleWebKit/537.36 (KHTML, like Gecko) Chrome/63.0.3239.84 Safari/537.36"
66.249.66.73 - - [09/Mar/2018:11:18:43 +0100] "GET /robots.txt HTTP/1.1" 404 1181 "-" "Mozilla/5.0 (compatible; Googlebot/2.1; +http://www.google.com/bot.html)"
66.249.66.73 - - [09/Mar/2018:11:18:43 +0100] "GET /aktualis_elemei/bio2szulinap_elemei/image056.jpg HTTP/1.1" 200 10317 "-" "Googlebot-Image/1.0"
157.55.39.222 - - [09/Mar/2018:11:23:46 +0100] "GET /kiadvany/miabio.pdf HTTP/1.1" 200 10732630 "-" "Mozilla/5.0 (iPhone; CPU iPhone OS 7_0 like Mac OS X) AppleWebKit/537.51.1 (KHTML, like Gecko) Version/7.0 Mobile/11A465 Safari/9537.53 (compatible; bingbot/2.0; +http://www.bing.com/bingbot.htm)"
157.55.39.90 - - [09/Mar/2018:11:23:50 +0100] "GET /robots.txt HTTP/1.1" 404 1181 "-" "Mozilla/5.0 (compatible; bingbot/2.0; +http://www.bing.com/bingbot.htm)"
66.249.66.73 - - [09/Mar/2018:11:28:50 +0100] "GET /aktualis_elemei/bio2szulinap_elemei/image140.jpg HTTP/1.1" 304 - "-" "Googlebot-Image/1.0"
216.244.66.200 - - [09/Mar/2018:11:30:30 +0100] "GET /magunkrol_elemei/kozhasznu.html HTTP/1.1" 200 48365 "-" "Mozilla/5.0 (compatible; DotBot/1.1; http://www.opensiteexplorer.org/dotbot, help@moz.com)"
216.244.66.247 - - [09/Mar/2018:11:37:15 +0100] "GET /robots.txt HTTP/1.1" 404 1181 "-" "Mozilla/5.0 (compatible; DotBot/1.1; http://www.opensiteexplorer.org/dotbot, help@moz.com)"
157.55.39.213 - - [09/Mar/2018:11:55:27 +0100] "GET /aktualis_elemei/bekamentes_elemei/image009.jpg HTTP/1.1" 200 11140 "-" "Mozilla/5.0 (compatible; bingbot/2.0; +http://www.bing.com/bingbot.htm)"
199.30.24.41 - - [09/Mar/2018:12:25:18 +0100] "GET /kiadvany/miabio.pdf HTTP/1.1" 200 4317184 "-" "Mozilla/5.0 (iPhone; CPU iPhone OS 7_0 like Mac OS X) AppleWebKit/537.51.1 (KHTML, like Gecko) Version/7.0 Mobile/11A465 Safari/9537.53 BingPreview/1.0b"
66.249.66.73 - - [09/Mar/2018:12:37:22 +0100] "GET /aktualis_elemei/katonai_elemei/image003.jpg HTTP/1.1" 304 - "-" "Googlebot-Image/1.0"
157.55.39.90 - - [09/Mar/2018:12:43:30 +0100] "GET /aktualis_elemei/biovasarszombat.html HTTP/1.1" 200 12258 "-" "Mozilla/5.0 (compatible; bingbot/2.0; +http://www.bing.com/bingbot.htm)"
157.55.39.213 - - [09/Mar/2018:12:57:51 +0100] "GET /aktualis_elemei/bio2szulinap.html HTTP/1.1" 200 71694 "-" "Mozilla/5.0 (iPhone; CPU iPhone OS 7_0 like Mac OS X) AppleWebKit/537.51.1 (KHTML, like Gecko) Version/7.0 Mobile/11A465 Safari/9537.53 (compatible; bingbot/2.0; +http://www.bing.com/bingbot.htm)"
109.61.91.97 - - [09/Mar/2018:13:04:16 +0100] "GET / HTTP/1.1" 200 884 "https://www.google.hu/" "Mozilla/5.0 (Windows NT 10.0; Win64; x64) AppleWebKit/537.36 (KHTML, like Gecko) Chrome/64.0.3282.186 Safari/537.36"
109.61.91.97 - - [09/Mar/2018:13:04:16 +0100] "GET /pattern.jpg HTTP/1.1" 200 13798 "http://www.greenaction.hu/" "Mozilla/5.0 (Windows NT 10.0; Win64; x64) AppleWebKit/537.36 (KHTML, like Gecko) Chrome/64.0.3282.186 Safari/537.36"
109.61.91.97 - - [09/Mar/2018:13:04:16 +0100] "GET /favicon.ico HTTP/1.1" 404 1181 "http://www.greenaction.hu/" "Mozilla/5.0 (Windows NT 10.0; Win64; x64) AppleWebKit/537.36 (KHTML, like Gecko) Chrome/64.0.3282.186 Safari/537.36"
109.61.91.97 - - [09/Mar/2018:13:04:26 +0100] "GET / HTTP/1.1" 304 - "https://www.google.hu/" "Mozilla/5.0 (Windows NT 10.0; Win64; x64) AppleWebKit/537.36 (KHTML, like Gecko) Chrome/64.0.3282.186 Safari/537.36"
109.61.91.97 - - [09/Mar/2018:13:04:26 +0100] "GET /zoldakcio.swf HTTP/1.1" 200 32768 "http://www.greenaction.hu/" "Mozilla/5.0 (Windows NT 10.0; Win64; x64) AppleWebKit/537.36 (KHTML, like Gecko) Chrome/64.0.3282.186 Safari/537.36"
109.61.91.97 - - [09/Mar/2018:13:04:29 +0100] "GET /zoldakcio.swf HTTP/1.1" 200 840351 "http://www.greenaction.hu/" "Mozilla/5.0 (Windows NT 10.0; Win64; x64) AppleWebKit/537.36 (KHTML, like Gecko) Chrome/64.0.3282.186 Safari/537.36"
109.61.91.97 - - [09/Mar/2018:13:04:29 +0100] "GET /banner/norway.jpg HTTP/1.1" 200 3191 "http://www.greenaction.hu/" "Mozilla/5.0 (Windows NT 10.0; Win64; x64) AppleWebKit/537.36 (KHTML, like Gecko) Chrome/64.0.3282.186 Safari/537.36"
109.61.91.97 - - [09/Mar/2018:13:04:29 +0100] "GET /hirek/hirek.txt HTTP/1.1" 200 96857 "http://www.greenaction.hu/" "Mozilla/5.0 (Windows NT 10.0; Win64; x64) AppleWebKit/537.36 (KHTML, like Gecko) Chrome/64.0.3282.186 Safari/537.36"
109.61.91.97 - - [09/Mar/2018:13:04:30 +0100] "GET /esemenynaptar/SparkEventsCalendar_loadVars.txt HTTP/1.1" 200 72712 "http://www.greenaction.hu/" "Mozilla/5.0 (Windows NT 10.0; Win64; x64) AppleWebKit/537.36 (KHTML, like Gecko) Chrome/64.0.3282.186 Safari/537.36"
109.61.91.97 - - [09/Mar/2018:13:04:30 +0100] "GET /hirek/helyivedett.jpg HTTP/1.1" 404 1181 "http://www.greenaction.hu/" "Mozilla/5.0 (Windows NT 10.0; Win64; x64) AppleWebKit/537.36 (KHTML, like Gecko) Chrome/64.0.3282.186 Safari/537.36"
109.61.91.97 - - [09/Mar/2018:13:04:30 +0100] "GET /hirek/biomassza_forum.jpg HTTP/1.1" 200 6616 "http://www.greenaction.hu/" "Mozilla/5.0 (Windows NT 10.0; Win64; x64) AppleWebKit/537.36 (KHTML, like Gecko) Chrome/64.0.3282.186 Safari/537.36"
109.61.91.97 - - [09/Mar/2018:13:04:30 +0100] "GET /hirek/kocsonyabeka.jpg HTTP/1.1" 200 4334 "http://www.greenaction.hu/" "Mozilla/5.0 (Windows NT 10.0; Win64; x64) AppleWebKit/537.36 (KHTML, like Gecko) Chrome/64.0.3282.186 Safari/537.36"
109.61.91.97 - - [09/Mar/2018:13:04:30 +0100] "GET /hirek/biomassza2.jpg HTTP/1.1" 404 1181 "http://www.greenaction.hu/" "Mozilla/5.0 (Windows NT 10.0; Win64; x64) AppleWebKit/537.36 (KHTML, like Gecko) Chrome/64.0.3282.186 Safari/537.36"
109.61.91.97 - - [09/Mar/2018:13:04:30 +0100] "GET /hirek/gmokrumpli.jpg HTTP/1.1" 200 9110 "http://www.greenaction.hu/" "Mozilla/5.0 (Windows NT 10.0; Win64; x64) AppleWebKit/537.36 (KHTML, like Gecko) Chrome/64.0.3282.186 Safari/537.36"
109.61.91.97 - - [09/Mar/2018:13:04:30 +0100] "GET /hirek/programindito.jpg HTTP/1.1" 200 6594 "http://www.greenaction.hu/" "Mozilla/5.0 (Windows NT 10.0; Win64; x64) AppleWebKit/537.36 (KHTML, like Gecko) Chrome/64.0.3282.186 Safari/537.36"
109.61.91.97 - - [09/Mar/2018:13:04:30 +0100] "GET /hirek/beno.jpg HTTP/1.1" 200 2623 "http://www.greenaction.hu/" "Mozilla/5.0 (Windows NT 10.0; Win64; x64) AppleWebKit/537.36 (KHTML, like Gecko) Chrome/64.0.3282.186 Safari/537.36"
109.61.91.97 - - [09/Mar/2018:13:04:30 +0100] "GET /hirek/nullahullakovesd%20011.jpg HTTP/1.1" 200 8674 "http://www.greenaction.hu/" "Mozilla/5.0 (Windows NT 10.0; Win64; x64) AppleWebKit/537.36 (KHTML, like Gecko) Chrome/64.0.3282.186 Safari/537.36"
109.61.91.97 - - [09/Mar/2018:13:04:30 +0100] "GET /hirek/foldnapja.jpg HTTP/1.1" 200 4081 "http://www.greenaction.hu/" "Mozilla/5.0 (Windows NT 10.0; Win64; x64) AppleWebKit/537.36 (KHTML, like Gecko) Chrome/64.0.3282.186 Safari/537.36"
109.61.91.97 - - [09/Mar/2018:13:04:30 +0100] "GET /hirek/foldnap2010.jpg HTTP/1.1" 200 7191 "http://www.greenaction.hu/" "Mozilla/5.0 (Windows NT 10.0; Win64; x64) AppleWebKit/537.36 (KHTML, like Gecko) Chrome/64.0.3282.186 Safari/537.36"
109.61.91.97 - - [09/Mar/2018:13:04:30 +0100] "GET /hirek/gmoevo.jpg HTTP/1.1" 200 2951 "http://www.greenaction.hu/" "Mozilla/5.0 (Windows NT 10.0; Win64; x64) AppleWebKit/537.36 (KHTML, like Gecko) Chrome/64.0.3282.186 Safari/537.36"
109.61.91.97 - - [09/Mar/2018:13:04:30 +0100] "GET /hirek/gmofree.gif HTTP/1.1" 404 1181 "http://www.greenaction.hu/" "Mozilla/5.0 (Windows NT 10.0; Win64; x64) AppleWebKit/537.36 (KHTML, like Gecko) Chrome/64.0.3282.186 Safari/537.36"
109.61.91.97 - - [09/Mar/2018:13:04:30 +0100] "GET /hirek/torta.jpg HTTP/1.1" 404 1181 "http://www.greenaction.hu/" "Mozilla/5.0 (Windows NT 10.0; Win64; x64) AppleWebKit/537.36 (KHTML, like Gecko) Chrome/64.0.3282.186 Safari/537.36"
109.61.91.97 - - [09/Mar/2018:13:04:31 +0100] "GET /hirek/abauji.jpg HTTP/1.1" 200 21716 "http://www.greenaction.hu/" "Mozilla/5.0 (Windows NT 10.0; Win64; x64) AppleWebKit/537.36 (KHTML, like Gecko) Chrome/64.0.3282.186 Safari/537.36"
109.61.91.97 - - [09/Mar/2018:13:04:31 +0100] "GET /hirek/paprika.jpg HTTP/1.1" 404 1181 "http://www.greenaction.hu/" "Mozilla/5.0 (Windows NT 10.0; Win64; x64) AppleWebKit/537.36 (KHTML, like Gecko) Chrome/64.0.3282.186 Safari/537.36"
109.61.91.97 - - [09/Mar/2018:13:04:31 +0100] "GET /hirek/benzinpisztoly.jpg HTTP/1.1" 200 2317 "http://www.greenaction.hu/" "Mozilla/5.0 (Windows NT 10.0; Win64; x64) AppleWebKit/537.36 (KHTML, like Gecko) Chrome/64.0.3282.186 Safari/537.36"
109.61.91.97 - - [09/Mar/2018:13:04:31 +0100] "GET /hirek/marhafej.jpg HTTP/1.1" 200 3545 "http://www.greenaction.hu/" "Mozilla/5.0 (Windows NT 10.0; Win64; x64) AppleWebKit/537.36 (KHTML, like Gecko) Chrome/64.0.3282.186 Safari/537.36"
109.61.91.97 - - [09/Mar/2018:13:04:31 +0100] "GET /hirek/zoldseg.jpg HTTP/1.1" 404 1181 "http://www.greenaction.hu/" "Mozilla/5.0 (Windows NT 10.0; Win64; x64) AppleWebKit/537.36 (KHTML, like Gecko) Chrome/64.0.3282.186 Safari/537.36"
109.61.91.97 - - [09/Mar/2018:13:04:31 +0100] "GET /hirek/citrom.jpg HTTP/1.1" 200 11781 "http://www.greenaction.hu/" "Mozilla/5.0 (Windows NT 10.0; Win64; x64) AppleWebKit/537.36 (KHTML, like Gecko) Chrome/64.0.3282.186 Safari/537.36"
109.61.91.97 - - [09/Mar/2018:13:04:31 +0100] "GET /hirek/adventikoszoru.jpg HTTP/1.1" 200 5581 "http://www.greenaction.hu/" "Mozilla/5.0 (Windows NT 10.0; Win64; x64) AppleWebKit/537.36 (KHTML, like Gecko) Chrome/64.0.3282.186 Safari/537.36"
109.61.91.97 - - [09/Mar/2018:13:04:31 +0100] "GET /hirek/encsgyumi.jpg HTTP/1.1" 200 13077 "http://www.greenaction.hu/" "Mozilla/5.0 (Windows NT 10.0; Win64; x64) AppleWebKit/537.36 (KHTML, like Gecko) Chrome/64.0.3282.186 Safari/537.36"
109.61.91.97 - - [09/Mar/2018:13:04:31 +0100] "GET /hirek/naposoldal.jpg HTTP/1.1" 200 10106 "http://www.greenaction.hu/" "Mozilla/5.0 (Windows NT 10.0; Win64; x64) AppleWebKit/537.36 (KHTML, like Gecko) Chrome/64.0.3282.186 Safari/537.36"
109.61.91.97 - - [09/Mar/2018:13:04:31 +0100] "GET /hirek/gyurgyalag.jpg HTTP/1.1" 200 2435 "http://www.greenaction.hu/" "Mozilla/5.0 (Windows NT 10.0; Win64; x64) AppleWebKit/537.36 (KHTML, like Gecko) Chrome/64.0.3282.186 Safari/537.36"
109.61.91.97 - - [09/Mar/2018:13:04:31 +0100] "GET /hirek/encs.jpg HTTP/1.1" 200 12831 "http://www.greenaction.hu/" "Mozilla/5.0 (Windows NT 10.0; Win64; x64) AppleWebKit/537.36 (KHTML, like Gecko) Chrome/64.0.3282.186 Safari/537.36"
109.61.91.97 - - [09/Mar/2018:13:04:31 +0100] "GET /hirek/terelo.jpg HTTP/1.1" 200 10975 "http://www.greenaction.hu/" "Mozilla/5.0 (Windows NT 10.0; Win64; x64) AppleWebKit/537.36 (KHTML, like Gecko) Chrome/64.0.3282.186 Safari/537.36"
109.61.91.97 - - [09/Mar/2018:13:04:31 +0100] "GET /hirek/varboibekak2011.jpg HTTP/1.1" 200 9200 "http://www.greenaction.hu/" "Mozilla/5.0 (Windows NT 10.0; Win64; x64) AppleWebKit/537.36 (KHTML, like Gecko) Chrome/64.0.3282.186 Safari/537.36"
109.61.91.97 - - [09/Mar/2018:13:04:31 +0100] "GET /hirek/mctermeloipiac.jpg HTTP/1.1" 200 3752 "http://www.greenaction.hu/" "Mozilla/5.0 (Windows NT 10.0; Win64; x64) AppleWebKit/537.36 (KHTML, like Gecko) Chrome/64.0.3282.186 Safari/537.36"
109.61.91.97 - - [09/Mar/2018:13:04:31 +0100] "GET /hirek/1%20szazalek.jpg HTTP/1.1" 200 16636 "http://www.greenaction.hu/" "Mozilla/5.0 (Windows NT 10.0; Win64; x64) AppleWebKit/537.36 (KHTML, like Gecko) Chrome/64.0.3282.186 Safari/537.36"
109.61.91.97 - - [09/Mar/2018:13:04:31 +0100] "GET /hirek/viz.jpg HTTP/1.1" 200 2622 "http://www.greenaction.hu/" "Mozilla/5.0 (Windows NT 10.0; Win64; x64) AppleWebKit/537.36 (KHTML, like Gecko) Chrome/64.0.3282.186 Safari/537.36"
109.61.91.97 - - [09/Mar/2018:13:04:31 +0100] "GET /hirek/bioszulinap2011.jpg HTTP/1.1" 200 17649 "http://www.greenaction.hu/" "Mozilla/5.0 (Windows NT 10.0; Win64; x64) AppleWebKit/537.36 (KHTML, like Gecko) Chrome/64.0.3282.186 Safari/537.36"
216.244.66.247 - - [09/Mar/2018:13:14:39 +0100] "GET /archiv_elemei/acitc.html HTTP/1.1" 200 13312 "-" "Mozilla/5.0 (compatible; DotBot/1.1; http://www.opensiteexplorer.org/dotbot, help@moz.com)"
157.55.39.213 - - [09/Mar/2018:13:14:57 +0100] "GET /archiv.html HTTP/1.1" 200 100991 "-" "Mozilla/5.0 (compatible; bingbot/2.0; +http://www.bing.com/bingbot.htm)"
66.249.66.71 - - [09/Mar/2018:13:16:29 +0100] "GET /aktualis_elemei/bio2szulinap_elemei/image074.jpg HTTP/1.1" 304 - "-" "Googlebot-Image/1.0"
134.119.213.82 - - [09/Mar/2018:13:17:09 +0100] "GET / HTTP/1.1" 200 884 "http://www.greenaction.hu" "Mozilla/5.0 (Windows NT 6.1; WOW64) AppleWebKit/537.36 (KHTML, like Gecko) Chrome/52.0.2743.116 Safari/537.36"
217.182.193.113 - - [09/Mar/2018:14:30:21 +0100] "GET /robots.txt HTTP/1.1" 404 1181 "-" "Barkrowler/0.7 (+http://www.exensa.com/crawl)"
217.182.193.113 - - [09/Mar/2018:14:30:53 +0100] "GET / HTTP/1.1" 200 884 "-" "Barkrowler/0.7 (+http://www.exensa.com/crawl)"
157.55.39.90 - - [09/Mar/2018:14:37:57 +0100] "GET /robots.txt HTTP/1.1" 404 1181 "-" "Mozilla/5.0 (compatible; bingbot/2.0; +http://www.bing.com/bingbot.htm)"
66.249.66.69 - - [09/Mar/2018:14:54:19 +0100] "GET /aktualis_elemei/bio2szulinap_elemei/image112.jpg HTTP/1.1" 304 - "-" "Googlebot-Image/1.0"
158.69.252.151 - - [09/Mar/2018:15:56:58 +0100] "GET /robots.txt HTTP/1.1" 404 1181 "-" "Mozilla/5.0 (compatible; SiteExplorer/1.1b; +http://siteexplorer.info/Backlink-Checker-Spider/)"
195.251.144.7 - - [09/Mar/2018:17:01:09 +0100] "GET / HTTP/1.1" 200 884 "-" "Mozilla/5.0 (Windows NT 5.1; rv:32.0) Gecko/20100101 Firefox/32.0"
212.83.178.172 - - [09/Mar/2018:17:26:00 +0100] "GET /log.php HTTP/1.1" 404 1181 "-" "Mozilla/5.0 (Windows NT 6.1; Win64; x64) AppleWebKit/537.36 (KHTML, like Gecko) Chrome/60.0.3112.113 Safari/537.36"
109.110.196.170 - - [09/Mar/2018:17:56:58 +0100] "GET /aktualis_elemei/katonai.html HTTP/1.1" 200 22109 "http://www.google.com/" "MT6735_TD/V1 Linux/3.10.72+ Android/5.1 Release/03.03.2015 Browser/AppleWebKit537.36 Chrome/39.0.0.0 Mobile Safari/537.36 System/Android 5.1;"
109.110.196.170 - - [09/Mar/2018:17:56:58 +0100] "GET /aktualis_elemei/katonai_elemei/image001.jpg HTTP/1.1" 200 35821 "http://www.greenaction.hu/aktualis_elemei/katonai.html" "MT6735_TD/V1 Linux/3.10.72+ Android/5.1 Release/03.03.2015 Browser/AppleWebKit537.36 Chrome/39.0.0.0 Mobile Safari/537.36 System/Android 5.1;"
109.110.196.170 - - [09/Mar/2018:17:56:58 +0100] "GET /aktualis_elemei/katonai_elemei/image002.jpg HTTP/1.1" 200 34104 "http://www.greenaction.hu/aktualis_elemei/katonai.html" "MT6735_TD/V1 Linux/3.10.72+ Android/5.1 Release/03.03.2015 Browser/AppleWebKit537.36 Chrome/39.0.0.0 Mobile Safari/537.36 System/Android 5.1;"
109.110.196.170 - - [09/Mar/2018:17:56:58 +0100] "GET /aktualis_elemei/katonai_elemei/image003.jpg HTTP/1.1" 200 88392 "http://www.greenaction.hu/aktualis_elemei/katonai.html" "MT6735_TD/V1 Linux/3.10.72+ Android/5.1 Release/03.03.2015 Browser/AppleWebKit537.36 Chrome/39.0.0.0 Mobile Safari/537.36 System/Android 5.1;"
109.110.196.170 - - [09/Mar/2018:17:56:59 +0100] "GET /aktualis_elemei/katonai_elemei/image004.jpg HTTP/1.1" 200 56554 "http://www.greenaction.hu/aktualis_elemei/katonai.html" "MT6735_TD/V1 Linux/3.10.72+ Android/5.1 Release/03.03.2015 Browser/AppleWebKit537.36 Chrome/39.0.0.0 Mobile Safari/537.36 System/Android 5.1;"
109.110.196.170 - - [09/Mar/2018:17:56:59 +0100] "GET /favicon.ico HTTP/1.1" 404 1181 "-" "Mozilla/5.0 (Linux; Android 5.1; X5 Build/LMY47I) AppleWebKit/537.36 (KHTML, like Gecko) Version/4.0 Chrome/39.0.0.0 Mobile Safari/537.36"
54.36.149.33 - - [09/Mar/2018:18:12:41 +0100] "GET / HTTP/1.1" 200 884 "-" "Mozilla/5.0 (compatible; AhrefsBot/5.2; +http://ahrefs.com/robot/)"
80.77.124.233 - - [09/Mar/2018:19:32:42 +0100] "GET /archiv_elemei/acitc.html HTTP/1.1" 200 13312 "-" "Mozilla/5.0 (Windows NT 10.0; Win64; x64) AppleWebKit/537.36 (KHTML, like Gecko) Chrome/62.0.3202.94 Safari/537.36"
80.77.124.233 - - [09/Mar/2018:19:33:23 +0100] "GET / HTTP/1.1" 200 884 "-" "Mozilla/5.0 (Windows NT 10.0; Win64; x64) AppleWebKit/537.36 (KHTML, like Gecko) Chrome/62.0.3202.94 Safari/537.36"
34.207.154.243 - - [09/Mar/2018:19:35:45 +0100] "GET /robots.txt HTTP/1.1" 404 1181 "-" "BUbiNG (+http://law.di.unimi.it/BUbiNG.html#wc)"
34.207.154.243 - - [09/Mar/2018:19:36:15 +0100] "GET / HTTP/1.1" 200 884 "-" "BUbiNG (+http://law.di.unimi.it/BUbiNG.html#wc)"
34.207.154.243 - - [09/Mar/2018:19:40:16 +0100] "GET /magunkrol_elemei/kozhasznu.html HTTP/1.1" 200 48365 "-" "BUbiNG (+http://law.di.unimi.it/BUbiNG.html#wc)"
35.153.17.27 - - [09/Mar/2018:19:40:42 +0100] "GET /robots.txt HTTP/1.1" 404 1181 "-" "BUbiNG (+http://law.di.unimi.it/BUbiNG.html#wc)"
34.207.154.243 - - [09/Mar/2018:19:41:09 +0100] "GET /magunkrol_elemei/kj_2005_elemei/filelist.xml HTTP/1.1" 404 1181 "-" "BUbiNG (+http://law.di.unimi.it/BUbiNG.html#wc)"
35.153.17.27 - - [09/Mar/2018:19:41:13 +0100] "GET / HTTP/1.1" 200 884 "-" "BUbiNG (+http://law.di.unimi.it/BUbiNG.html#wc)"
35.153.17.27 - - [09/Mar/2018:19:42:44 +0100] "GET /magunkrol_elemei/kozhasznu.html HTTP/1.1" 200 48365 "-" "BUbiNG (+http://law.di.unimi.it/BUbiNG.html#wc)"
35.153.17.27 - - [09/Mar/2018:19:43:14 +0100] "GET /magunkrol_elemei/kj_2005_elemei/filelist.xml HTTP/1.1" 404 1181 "-" "BUbiNG (+http://law.di.unimi.it/BUbiNG.html#wc)"
34.227.90.211 - - [09/Mar/2018:19:56:35 +0100] "GET /robots.txt HTTP/1.1" 404 1181 "-" "BUbiNG (+http://law.di.unimi.it/BUbiNG.html#wc)"
34.227.90.211 - - [09/Mar/2018:19:58:31 +0100] "GET / HTTP/1.1" 200 884 "-" "BUbiNG (+http://law.di.unimi.it/BUbiNG.html#wc)"
54.146.13.5 - - [09/Mar/2018:20:05:35 +0100] "GET /robots.txt HTTP/1.1" 404 1181 "-" "BUbiNG (+http://law.di.unimi.it/BUbiNG.html#wc)"
54.146.13.5 - - [09/Mar/2018:20:06:06 +0100] "GET / HTTP/1.1" 200 884 "-" "BUbiNG (+http://law.di.unimi.it/BUbiNG.html#wc)"
207.46.13.172 - - [09/Mar/2018:20:18:50 +0100] "GET / HTTP/1.1" 200 884 "-" "Mozilla/5.0 (compatible; bingbot/2.0; +http://www.bing.com/bingbot.htm)"
157.55.39.121 - - [09/Mar/2018:21:17:59 +0100] "GET /kiadvany/delbukk.pdf HTTP/1.1" 200 1540585 "-" "Mozilla/5.0 (iPhone; CPU iPhone OS 7_0 like Mac OS X) AppleWebKit/537.51.1 (KHTML, like Gecko) Version/7.0 Mobile/11A465 Safari/9537.53 (compatible; bingbot/2.0; +http://www.bing.com/bingbot.htm)"
217.21.30.225 - - [09/Mar/2018:21:55:22 +0100] "GET / HTTP/1.1" 200 884 "https://miskolc.lap.hu/" "Mozilla/5.0 (Windows NT 6.1) AppleWebKit/537.36 (KHTML, like Gecko) Chrome/64.0.3282.186 Safari/537.36"
217.21.30.225 - - [09/Mar/2018:21:55:22 +0100] "GET /pattern.jpg HTTP/1.1" 200 13798 "http://www.greenaction.hu/" "Mozilla/5.0 (Windows NT 6.1) AppleWebKit/537.36 (KHTML, like Gecko) Chrome/64.0.3282.186 Safari/537.36"
217.21.30.225 - - [09/Mar/2018:21:55:22 +0100] "GET /favicon.ico HTTP/1.1" 404 1181 "http://www.greenaction.hu/" "Mozilla/5.0 (Windows NT 6.1) AppleWebKit/537.36 (KHTML, like Gecko) Chrome/64.0.3282.186 Safari/537.36"
35.153.17.27 - - [09/Mar/2018:22:05:50 +0100] "GET /robots.txt HTTP/1.1" 404 1181 "-" "BUbiNG (+http://law.di.unimi.it/BUbiNG.html#wc)"
35.153.17.27 - - [09/Mar/2018:22:06:20 +0100] "GET / HTTP/1.1" 200 884 "-" "BUbiNG (+http://law.di.unimi.it/BUbiNG.html#wc)"
35.153.17.27 - - [09/Mar/2018:22:12:36 +0100] "GET /magunkrol_elemei/kozhasznu.html HTTP/1.1" 200 48365 "-" "BUbiNG (+http://law.di.unimi.it/BUbiNG.html#wc)"
35.153.17.27 - - [09/Mar/2018:22:13:06 +0100] "GET /magunkrol_elemei/kj_2005_elemei/filelist.xml HTTP/1.1" 404 1181 "-" "BUbiNG (+http://law.di.unimi.it/BUbiNG.html#wc)"
70.42.131.170 - - [09/Mar/2018:22:29:56 +0100] "GET /aktualis_elemei/bio2szulinap_elemei/image134.jpg HTTP/1.1" 200 10678 "http://www.bing.com/search?q=amazon" "Mozilla/4.0 (compatible; MSIE 8.0; Windows NT 6.1; WOW64; Trident/4.0; SLCC2; .NET CLR 2.0.50727; .NET CLR 3.5.30729; .NET CLR 3.0.30729; Media Center PC 6.0; .NET4.0C; .NET4.0E; InfoPath.2)"
54.146.13.5 - - [09/Mar/2018:22:32:45 +0100] "GET /robots.txt HTTP/1.1" 404 1181 "-" "BUbiNG (+http://law.di.unimi.it/BUbiNG.html#wc)"
54.146.13.5 - - [09/Mar/2018:22:33:16 +0100] "GET / HTTP/1.1" 200 884 "-" "BUbiNG (+http://law.di.unimi.it/BUbiNG.html#wc)"
66.249.66.71 - - [09/Mar/2018:23:03:27 +0100] "GET /aktualis_elemei/knavastc_elemei/image002.jpg HTTP/1.1" 200 6275 "-" "Googlebot-Image/1.0"
207.46.13.45 - - [09/Mar/2018:23:10:38 +0100] "GET /robots.txt HTTP/1.1" 404 1181 "-" "Mozilla/5.0 (compatible; bingbot/2.0; +http://www.bing.com/bingbot.htm)"
157.55.39.222 - - [09/Mar/2018:23:10:52 +0100] "GET /aktualis_elemei/bparak0908.html HTTP/1.1" 200 63132 "-" "Mozilla/5.0 (iPhone; CPU iPhone OS 7_0 like Mac OS X) AppleWebKit/537.51.1 (KHTML, like Gecko) Version/7.0 Mobile/11A465 Safari/9537.53 (compatible; bingbot/2.0; +http://www.bing.com/bingbot.htm)"
157.55.39.121 - - [09/Mar/2018:23:42:18 +0100] "GET /aktualis_elemei/bio2szulinap_elemei/image062.jpg HTTP/1.1" 200 10742 "-" "Mozilla/5.0 (compatible; bingbot/2.0; +http://www.bing.com/bingbot.htm)"
217.182.193.113 - - [10/Mar/2018:00:13:38 +0100] "GET /robots.txt HTTP/1.1" 404 1181 "-" "Barkrowler/0.7 (+http://www.exensa.com/crawl)"
217.182.193.113 - - [10/Mar/2018:00:13:55 +0100] "GET / HTTP/1.1" 200 884 "-" "Barkrowler/0.7 (+http://www.exensa.com/crawl)"
208.113.153.223 - - [10/Mar/2018:00:40:18 +0100] "GET / HTTP/1.0" 200 884 "-" "-"
207.46.13.172 - - [10/Mar/2018:01:43:09 +0100] "GET /aktualis_elemei/belvarosk.html HTTP/1.1" 200 4904 "-" "Mozilla/5.0 (compatible; bingbot/2.0; +http://www.bing.com/bingbot.htm)"
157.55.39.90 - - [10/Mar/2018:02:29:26 +0100] "GET /kiadvany/miskolchvte.pdf HTTP/1.1" 200 4059249 "-" "Mozilla/5.0 (iPhone; CPU iPhone OS 7_0 like Mac OS X) AppleWebKit/537.51.1 (KHTML, like Gecko) Version/7.0 Mobile/11A465 Safari/9537.53 (compatible; bingbot/2.0; +http://www.bing.com/bingbot.htm)"
157.55.39.90 - - [10/Mar/2018:02:30:10 +0100] "GET /kiadvany/miskolchvte.pdf HTTP/1.1" 200 4059249 "-" "Mozilla/5.0 (iPhone; CPU iPhone OS 7_0 like Mac OS X) AppleWebKit/537.51.1 (KHTML, like Gecko) Version/7.0 Mobile/11A465 Safari/9537.53 (compatible; bingbot/2.0; +http://www.bing.com/bingbot.htm)"
77.111.91.57 - - [10/Mar/2018:02:34:44 +0100] "GET / HTTP/1.1" 200 884 "-" "Mozilla/5.0 (Macintosh; Intel Mac OS X 10_7_4) AppleWebKit/534.57.2 (KHTML, like Gecko) Version/5.1.7 Safari/534.57.2"
157.55.39.103 - - [10/Mar/2018:03:02:09 +0100] "GET /aktualis_elemei/bio2szulinap_elemei/image072.jpg HTTP/1.1" 200 8143 "-" "Mozilla/5.0 (compatible; bingbot/2.0; +http://www.bing.com/bingbot.htm)"
54.36.149.52 - - [10/Mar/2018:03:41:42 +0100] "GET /aktualis_elemei/bioarak%2009.07.html HTTP/1.1" 200 504057 "-" "Mozilla/5.0 (compatible; AhrefsBot/5.2; +http://ahrefs.com/robot/)"
207.182.140.213 - - [10/Mar/2018:04:16:55 +0100] "GET / HTTP/1.1" 200 884 "-" "Mozilla/5.0 (Windows NT 6.1; Win64; x64; +http://www.komodia.com/newwiki/index.php/URL_server_crawler) KomodiaBot/1.0"
109.102.111.44 - - [10/Mar/2018:05:05:46 +0100] "GET / HTTP/1.1" 200 884 "-" "Java/1.7.0_79"
157.55.39.90 - - [10/Mar/2018:05:25:33 +0100] "GET /aktualis_elemei/bio2szulinap_elemei/image126.jpg HTTP/1.1" 200 9363 "-" "Mozilla/5.0 (compatible; bingbot/2.0; +http://www.bing.com/bingbot.htm)"
123.125.71.55 - - [10/Mar/2018:05:32:13 +0100] "GET /kiadvany/delbukk.pdf HTTP/1.1" 200 1540585 "-" "Mozilla/5.0 (compatible; Baiduspider/2.0; +http://www.baidu.com/search/spider.html)"
38.142.99.18 - - [10/Mar/2018:05:48:20 +0100] "GET / HTTP/1.1" 200 884 "-" "-"
129.78.110.124 - - [10/Mar/2018:06:35:28 +0100] "GET / HTTP/1.1" 200 884 "-" "-"
157.55.39.90 - - [10/Mar/2018:06:41:25 +0100] "GET /aktualis_elemei/bio2szulinap_elemei/image060.jpg HTTP/1.1" 200 16684 "-" "Mozilla/5.0 (compatible; bingbot/2.0; +http://www.bing.com/bingbot.htm)"
65.154.226.100 - - [10/Mar/2018:07:19:46 +0100] "GET / HTTP/1.1" 200 884 "-" "Mozilla/5.0 (Windows NT 6.1) AppleWebKit/537.36 (KHTML, like Gecko) Chrome/56.0.2924.76 Safari/537.36"
66.249.64.139 - - [10/Mar/2018:07:21:55 +0100] "GET /robots.txt HTTP/1.1" 404 1181 "-" "Mozilla/5.0 (compatible; Googlebot/2.1; +http://www.google.com/bot.html)"
66.249.64.137 - - [10/Mar/2018:07:21:55 +0100] "GET /archiv_elemei/veszhullgyetc.html HTTP/1.1" 200 7148 "-" "Mozilla/5.0 (compatible; Googlebot/2.1; +http://www.google.com/bot.html)"
133.130.98.204 - - [10/Mar/2018:07:44:26 +0100] "GET / HTTP/1.1" 200 884 "-" "Mozilla/5.0 (Macintosh; Intel Mac OS X 10_10_3) AppleWebKit/537.36 (KHTML, like Gecko) Chrome/42.0.2311.90 Safari/537.36"
180.76.15.140 - - [10/Mar/2018:07:46:16 +0100] "GET / HTTP/1.1" 200 884 "-" "Mozilla/5.0 (compatible; Baiduspider/2.0; +http://www.baidu.com/search/spider.html)"
157.55.39.103 - - [10/Mar/2018:08:06:56 +0100] "GET /aktualis_elemei/bio2szulinap_elemei/image088.jpg HTTP/1.1" 200 7592 "-" "Mozilla/5.0 (compatible; bingbot/2.0; +http://www.bing.com/bingbot.htm)"
