18.196.241.175 - - [06/Mar/2018:00:06:40 +0100] "HEAD / HTTP/1.1" 200 0 "-" "python-requests/1.2.3 CPython/2.7.12 Linux/4.9.76-3.78.amzn1.x86_64"
18.196.241.175 - - [06/Mar/2018:00:06:40 +0100] "GET / HTTP/1.1" 200 884 "-" "python-requests/1.2.3 CPython/2.7.12 Linux/4.9.76-3.78.amzn1.x86_64"
18.196.241.175 - - [06/Mar/2018:00:06:40 +0100] "HEAD / HTTP/1.1" 200 0 "-" "python-requests/1.2.3 CPython/2.7.12 Linux/4.9.76-3.78.amzn1.x86_64"
54.94.175.50 - - [06/Mar/2018:00:14:54 +0100] "GET /components/com_sexycontactform/assets/js/index.html HTTP/1.1" 404 1181 "-" "Mozilla/5.0 (compatible; MSIE 6.0; Windows NT 5.0; Trident/3.0)"
54.94.175.50 - - [06/Mar/2018:00:21:31 +0100] "GET /wp-content/plugins/cherry-plugin/admin/js/cherry-admin-plugin.js HTTP/1.1" 404 1181 "-" "Mozilla/5.0 (Windows NT 5.2) AppleWebKit/5361 (KHTML, like Gecko) Chrome/40.0.862.0 Mobile Safari/5361"
40.77.167.96 - - [06/Mar/2018:00:22:28 +0100] "GET /aktualis_elemei/bio2szulinap_elemei/image090.jpg HTTP/1.1" 200 7132 "-" "Mozilla/5.0 (compatible; bingbot/2.0; +http://www.bing.com/bingbot.htm)"
54.94.175.50 - - [06/Mar/2018:00:27:50 +0100] "GET /wp-content/plugins/mailpress/mp-includes/js/mp_thickbox.js HTTP/1.1" 404 1181 "-" "Mozilla/5.0 (Windows NT 6.1) AppleWebKit/5342 (KHTML, like Gecko) Chrome/40.0.893.0 Mobile Safari/5342"
66.249.75.201 - - [06/Mar/2018:00:28:50 +0100] "GET /aktualis_elemei/katonai.html HTTP/1.1" 200 22109 "-" "Mozilla/5.0 (compatible; Googlebot/2.1; +http://www.google.com/bot.html)"
54.94.175.50 - - [06/Mar/2018:00:34:13 +0100] "GET /wp-content/plugins/formidable/css/frm_fonts.css HTTP/1.1" 404 1181 "-" "Mozilla/5.0 (Windows NT 5.0) AppleWebKit/5311 (KHTML, like Gecko) Chrome/40.0.858.0 Mobile Safari/5311"
54.94.175.50 - - [06/Mar/2018:00:40:45 +0100] "GET /wp-content/plugins/woocommerce-catalog-enquiry/assets/frontend/css/frontend.css HTTP/1.1" 404 1181 "-" "Mozilla/5.0 (Macintosh; Intel Mac OS X 10_7_0 rv:6.0) Gecko/20130729 Firefox/37.0"
54.94.175.50 - - [06/Mar/2018:00:48:09 +0100] "GET /wp-admin/admin-ajax.php?action=revslider_ajax_action&client_action=get_captions_css HTTP/1.1" 404 1181 "-" "Mozilla/5.0 (compatible; MSIE 11.0; Windows NT 6.2; Trident/5.0)"
34.204.95.75 - - [06/Mar/2018:00:52:20 +0100] "GET /robots.txt HTTP/1.1" 404 1181 "-" "BUbiNG (+http://law.di.unimi.it/BUbiNG.html#wc)"
34.204.95.75 - - [06/Mar/2018:00:53:46 +0100] "GET / HTTP/1.1" 200 884 "-" "BUbiNG (+http://law.di.unimi.it/BUbiNG.html#wc)"
54.94.175.50 - - [06/Mar/2018:00:54:53 +0100] "GET /wp-content/plugins/dzs-videogallery/admin/admin_global.js HTTP/1.1" 404 1181 "-" "Mozilla/5.0 (compatible; MSIE 7.0; Windows NT 5.1; Trident/3.0)"
54.94.175.50 - - [06/Mar/2018:01:01:35 +0100] "GET /wp-content/plugins/php-event-calendar/js/file-uploader/app.js HTTP/1.1" 404 1181 "-" "Opera/8.11 (X11; Linux x86_64; sl-SI) Presto/2.8.351 Version/12.00"
34.204.95.75 - - [06/Mar/2018:01:08:38 +0100] "GET /magunkrol_elemei/kozhasznu.html HTTP/1.1" 200 48365 "-" "BUbiNG (+http://law.di.unimi.it/BUbiNG.html#wc)"
54.94.175.50 - - [06/Mar/2018:01:08:41 +0100] "GET /wp-content/plugins/accesspress-anonymous-post-pro/js/admin-extra.js HTTP/1.1" 404 1181 "-" "Mozilla/5.0 (Windows; U; Windows 98) AppleWebKit/531.7.3 (KHTML, like Gecko) Version/5.0.2 Safari/531.7.3"
34.204.95.75 - - [06/Mar/2018:01:10:27 +0100] "GET /magunkrol_elemei/kj_2005_elemei/filelist.xml HTTP/1.1" 404 1181 "-" "BUbiNG (+http://law.di.unimi.it/BUbiNG.html#wc)"
54.94.175.50 - - [06/Mar/2018:01:15:57 +0100] "GET /wp-content/plugins/advanced-ajax-page-loader/reload_code.js HTTP/1.1" 404 1181 "-" "Opera/9.63 (Windows NT 6.2; sl-SI) Presto/2.12.195 Version/11.00"
54.94.175.50 - - [06/Mar/2018:01:22:19 +0100] "GET /wp-content/plugins/real3d-flipbook/js/share.min.js HTTP/1.1" 404 1181 "-" "Mozilla/5.0 (compatible; MSIE 6.0; Windows NT 6.2; Trident/4.0)"
54.94.175.50 - - [06/Mar/2018:01:29:06 +0100] "GET /wp-content/plugins/wp-support-plus-responsive-ticket-system/asset/js/admin.js HTTP/1.1" 404 1181 "-" "Mozilla/5.0 (Windows 98) AppleWebKit/5361 (KHTML, like Gecko) Chrome/38.0.832.0 Mobile Safari/5361"
66.249.75.203 - - [06/Mar/2018:01:29:59 +0100] "GET /aktualis_elemei/fnhv_elemei/image002.jpg HTTP/1.1" 200 9553 "-" "Googlebot-Image/1.0"
34.204.95.75 - - [06/Mar/2018:01:32:03 +0100] "GET /robots.txt HTTP/1.1" 404 1181 "-" "BUbiNG (+http://law.di.unimi.it/BUbiNG.html#wc)"
34.204.95.75 - - [06/Mar/2018:01:33:56 +0100] "GET / HTTP/1.1" 200 884 "-" "BUbiNG (+http://law.di.unimi.it/BUbiNG.html#wc)"
54.94.175.50 - - [06/Mar/2018:01:35:50 +0100] "GET /wp-content/plugins/cardoza-facebook-like-box/admin_cardozafacebook.css HTTP/1.1" 404 1181 "-" "Mozilla/5.0 (compatible; MSIE 9.0; Windows NT 6.2; Trident/5.1)"
66.249.75.201 - - [06/Mar/2018:01:40:09 +0100] "GET /aktualis_elemei/fnhv_elemei/image010.jpg HTTP/1.1" 304 - "-" "Googlebot-Image/1.0"
54.94.175.50 - - [06/Mar/2018:01:42:55 +0100] "GET /modules/pk_flexmenu/config.xml HTTP/1.1" 404 1181 "-" "Mozilla/5.0 (Windows NT 5.01) AppleWebKit/5340 (KHTML, like Gecko) Chrome/36.0.870.0 Mobile Safari/5340"
34.204.95.75 - - [06/Mar/2018:01:43:34 +0100] "GET /magunkrol_elemei/kozhasznu.html HTTP/1.1" 200 48365 "-" "BUbiNG (+http://law.di.unimi.it/BUbiNG.html#wc)"
34.204.95.75 - - [06/Mar/2018:01:45:09 +0100] "GET /magunkrol_elemei/kj_2005_elemei/filelist.xml HTTP/1.1" 404 1181 "-" "BUbiNG (+http://law.di.unimi.it/BUbiNG.html#wc)"
142.4.200.37 - - [06/Mar/2018:01:47:14 +0100] "GET /robots.txt HTTP/1.1" 404 1181 "-" "Mozilla/5.0 (compatible; ExtLinksBot/1.5; +https://extlinks.com/Bot.html)"
54.94.175.50 - - [06/Mar/2018:01:50:38 +0100] "GET /modules/pk_vertflexmenu/config.xml HTTP/1.1" 404 1181 "-" "Mozilla/5.0 (X11; Linux x86_64) AppleWebKit/5351 (KHTML, like Gecko) Chrome/36.0.816.0 Mobile Safari/5351"
54.94.175.50 - - [06/Mar/2018:01:57:17 +0100] "GET /modules/homepageadvertise2/config.xml HTTP/1.1" 404 1181 "-" "Opera/9.75 (Windows NT 4.0; en-US) Presto/2.11.232 Version/12.00"
40.77.167.118 - - [06/Mar/2018:01:59:13 +0100] "GET /aktualis_elemei/katonai_elemei/image003.jpg HTTP/1.1" 200 88392 "-" "Mozilla/5.0 (compatible; bingbot/2.0; +http://www.bing.com/bingbot.htm)"
54.94.175.50 - - [06/Mar/2018:02:04:23 +0100] "GET /modules/fieldvmegamenu/config.xml HTTP/1.1" 404 1181 "-" "Mozilla/5.0 (Windows NT 6.1) AppleWebKit/5340 (KHTML, like Gecko) Chrome/39.0.889.0 Mobile Safari/5340"
66.249.75.201 - - [06/Mar/2018:02:05:49 +0100] "GET /aktualis_elemei/fnhv_elemei/image004.jpg HTTP/1.1" 200 8820 "-" "Googlebot-Image/1.0"
66.249.75.199 - - [06/Mar/2018:02:50:39 +0100] "GET /aktualis_elemei/fnhv_elemei/image013.jpg HTTP/1.1" 304 - "-" "Googlebot-Image/1.0"
66.249.75.201 - - [06/Mar/2018:03:02:01 +0100] "GET /aktualis_elemei/fnhv_elemei/image022.jpg HTTP/1.1" 304 - "-" "Googlebot-Image/1.0"
66.249.75.199 - - [06/Mar/2018:03:11:59 +0100] "GET /aktualis_elemei/fnhv_elemei/image016.jpg HTTP/1.1" 304 - "-" "Googlebot-Image/1.0"
5.196.87.126 - - [06/Mar/2018:03:12:52 +0100] "GET /robots.txt HTTP/1.1" 404 1181 "-" "Mozilla/5.0 (compatible; AhrefsBot/5.2; +http://ahrefs.com/robot/)"
54.36.149.15 - - [06/Mar/2018:03:12:52 +0100] "GET / HTTP/1.1" 200 884 "-" "Mozilla/5.0 (compatible; AhrefsBot/5.2; +http://ahrefs.com/robot/)"
54.209.142.50 - - [06/Mar/2018:03:24:51 +0100] "GET /robots.txt HTTP/1.1" 404 1181 "-" "BUbiNG (+http://law.di.unimi.it/BUbiNG.html#wc)"
54.209.142.50 - - [06/Mar/2018:03:25:21 +0100] "GET / HTTP/1.1" 200 884 "-" "BUbiNG (+http://law.di.unimi.it/BUbiNG.html#wc)"
34.204.95.75 - - [06/Mar/2018:03:55:21 +0100] "GET /robots.txt HTTP/1.1" 404 1181 "-" "BUbiNG (+http://law.di.unimi.it/BUbiNG.html#wc)"
34.204.95.75 - - [06/Mar/2018:03:55:51 +0100] "GET / HTTP/1.1" 200 884 "-" "BUbiNG (+http://law.di.unimi.it/BUbiNG.html#wc)"
158.69.254.103 - - [06/Mar/2018:03:59:51 +0100] "GET /robots.txt HTTP/1.1" 404 1181 "-" "Mozilla/5.0 (compatible; MJ12bot/v1.4.8; http://mj12bot.com/)"
158.69.254.103 - - [06/Mar/2018:03:59:55 +0100] "GET /archiv_elemei/belvarosk.html HTTP/1.1" 200 4904 "-" "Mozilla/5.0 (compatible; MJ12bot/v1.4.8; http://mj12bot.com/)"
158.69.254.103 - - [06/Mar/2018:03:59:58 +0100] "GET /archiv_elemei/belvarostc.html HTTP/1.1" 200 12601 "-" "Mozilla/5.0 (compatible; MJ12bot/v1.4.8; http://mj12bot.com/)"
158.69.254.103 - - [06/Mar/2018:04:00:01 +0100] "GET /robots.txt HTTP/1.1" 404 1181 "-" "Mozilla/5.0 (compatible; MJ12bot/v1.4.8; http://mj12bot.com/)"
158.69.254.103 - - [06/Mar/2018:04:00:04 +0100] "GET /aktualis_elemei/biokutatas.html HTTP/1.1" 200 6334 "-" "Mozilla/5.0 (compatible; MJ12bot/v1.4.8; http://mj12bot.com/)"
158.69.254.103 - - [06/Mar/2018:04:00:07 +0100] "GET /aktualis_elemei/hkszirmamtp.html HTTP/1.1" 200 15781 "-" "Mozilla/5.0 (compatible; MJ12bot/v1.4.8; http://mj12bot.com/)"
34.204.95.75 - - [06/Mar/2018:04:02:21 +0100] "GET /magunkrol_elemei/kozhasznu.html HTTP/1.1" 200 48365 "-" "BUbiNG (+http://law.di.unimi.it/BUbiNG.html#wc)"
38.142.192.58 - - [06/Mar/2018:04:06:25 +0100] "GET / HTTP/1.1" 200 884 "-" "-"
34.204.95.75 - - [06/Mar/2018:04:07:37 +0100] "GET /robots.txt HTTP/1.1" 404 1181 "-" "BUbiNG (+http://law.di.unimi.it/BUbiNG.html#wc)"
34.204.95.75 - - [06/Mar/2018:04:08:07 +0100] "GET / HTTP/1.1" 200 884 "-" "BUbiNG (+http://law.di.unimi.it/BUbiNG.html#wc)"
34.204.95.75 - - [06/Mar/2018:04:17:02 +0100] "GET /magunkrol_elemei/kozhasznu.html HTTP/1.1" 200 48365 "-" "BUbiNG (+http://law.di.unimi.it/BUbiNG.html#wc)"
54.209.142.50 - - [06/Mar/2018:04:18:52 +0100] "GET /magunkrol_elemei/kozhasznu.html HTTP/1.1" 200 48365 "-" "BUbiNG (+http://law.di.unimi.it/BUbiNG.html#wc)"
34.204.95.75 - - [06/Mar/2018:04:21:28 +0100] "GET /magunkrol_elemei/kj_2005_elemei/filelist.xml HTTP/1.1" 404 1181 "-" "BUbiNG (+http://law.di.unimi.it/BUbiNG.html#wc)"
207.46.13.85 - - [06/Mar/2018:04:22:31 +0100] "GET /aktualis_elemei/bio2szulinap_elemei/image118.jpg HTTP/1.1" 200 9292 "-" "Mozilla/5.0 (compatible; bingbot/2.0; +http://www.bing.com/bingbot.htm)"
163.172.67.146 - - [06/Mar/2018:04:40:15 +0100] "GET /robots.txt HTTP/1.0" 404 1181 "-" "Riddler (http://riddler.io/about)"
163.172.67.146 - - [06/Mar/2018:04:40:15 +0100] "GET / HTTP/1.0" 200 884 "-" "Riddler (http://riddler.io/about)"
157.55.39.236 - - [06/Mar/2018:04:53:46 +0100] "GET /aktualis_elemei/bio2szulinap_elemei/image132.jpg HTTP/1.1" 200 8237 "-" "Mozilla/5.0 (compatible; bingbot/2.0; +http://www.bing.com/bingbot.htm)"
52.91.126.151 - - [06/Mar/2018:04:55:08 +0100] "GET /robots.txt HTTP/1.1" 404 1181 "-" "BUbiNG (+http://law.di.unimi.it/BUbiNG.html#wc)"
52.91.126.151 - - [06/Mar/2018:04:55:38 +0100] "GET / HTTP/1.1" 200 884 "-" "BUbiNG (+http://law.di.unimi.it/BUbiNG.html#wc)"
207.46.13.85 - - [06/Mar/2018:05:04:25 +0100] "GET /aktualis_elemei/bio2szulinap_elemei/image070.jpg HTTP/1.1" 200 9176 "-" "Mozilla/5.0 (compatible; bingbot/2.0; +http://www.bing.com/bingbot.htm)"
46.139.160.28 - - [06/Mar/2018:05:39:16 +0100] "GET /aktualis_elemei/bio2szulinap_elemei/image084.jpg HTTP/1.1" 200 7747 "https://www.google.hu/" "Mozilla/5.0 (Windows NT 6.1; Win64; x64; rv:58.0) Gecko/20100101 Firefox/58.0"
207.46.13.85 - - [06/Mar/2018:05:40:38 +0100] "GET / HTTP/1.1" 200 884 "-" "Mozilla/5.0 (compatible; bingbot/2.0; +http://www.bing.com/bingbot.htm)"
54.209.142.50 - - [06/Mar/2018:06:49:55 +0100] "GET /robots.txt HTTP/1.1" 404 1181 "-" "BUbiNG (+http://law.di.unimi.it/BUbiNG.html#wc)"
54.209.142.50 - - [06/Mar/2018:06:50:25 +0100] "GET /magunkrol_elemei/kj_2005_elemei/filelist.xml HTTP/1.1" 404 1181 "-" "BUbiNG (+http://law.di.unimi.it/BUbiNG.html#wc)"
88.132.215.97 - - [06/Mar/2018:06:51:33 +0100] "GET /visszatekint.html HTTP/1.1" 200 36767 "https://www.google.hu/" "Mozilla/5.0 (Linux; Android 6.0; ALE-L21 Build/HuaweiALE-L21) AppleWebKit/537.36 (KHTML, like Gecko) Chrome/64.0.3282.137 Mobile Safari/537.36"
88.132.215.97 - - [06/Mar/2018:06:51:33 +0100] "GET /1greenaction.hu/vissza_files/vissza.css HTTP/1.1" 404 1181 "http://www.greenaction.hu/visszatekint.html" "Mozilla/5.0 (Linux; Android 6.0; ALE-L21 Build/HuaweiALE-L21) AppleWebKit/537.36 (KHTML, like Gecko) Chrome/64.0.3282.137 Mobile Safari/537.36"
88.132.215.97 - - [06/Mar/2018:06:51:33 +0100] "GET /favicon.ico HTTP/1.1" 404 1181 "http://www.greenaction.hu/visszatekint.html" "Mozilla/5.0 (Linux; Android 6.0; ALE-L21 Build/HuaweiALE-L21) AppleWebKit/537.36 (KHTML, like Gecko) Chrome/64.0.3282.137 Mobile Safari/537.36"
207.46.13.200 - - [06/Mar/2018:07:10:41 +0100] "GET /robots.txt HTTP/1.1" 404 1181 "-" "Mozilla/5.0 (compatible; bingbot/2.0; +http://www.bing.com/bingbot.htm)"
40.77.167.96 - - [06/Mar/2018:07:12:38 +0100] "GET /kiadvany/miskolchvte.pdf HTTP/1.1" 200 4059249 "-" "Mozilla/5.0 (iPhone; CPU iPhone OS 7_0 like Mac OS X) AppleWebKit/537.51.1 (KHTML, like Gecko) Version/7.0 Mobile/11A465 Safari/9537.53 (compatible; bingbot/2.0; +http://www.bing.com/bingbot.htm)"
40.77.167.190 - - [06/Mar/2018:07:13:22 +0100] "GET /robots.txt HTTP/1.1" 404 1181 "-" "Mozilla/5.0 (compatible; bingbot/2.0; +http://www.bing.com/bingbot.htm)"
40.77.167.96 - - [06/Mar/2018:07:14:38 +0100] "GET /kiadvany/miskolchvte.pdf HTTP/1.1" 200 4059249 "-" "Mozilla/5.0 (iPhone; CPU iPhone OS 7_0 like Mac OS X) AppleWebKit/537.51.1 (KHTML, like Gecko) Version/7.0 Mobile/11A465 Safari/9537.53 (compatible; bingbot/2.0; +http://www.bing.com/bingbot.htm)"
162.210.196.100 - - [06/Mar/2018:07:37:29 +0100] "GET /robots.txt HTTP/1.1" 404 1181 "-" "Mozilla/5.0 (compatible; MJ12bot/v1.4.8; http://mj12bot.com/)"
162.210.196.100 - - [06/Mar/2018:07:37:33 +0100] "GET / HTTP/1.1" 200 884 "-" "Mozilla/5.0 (compatible; MJ12bot/v1.4.8; http://mj12bot.com/)"
125.209.235.178 - - [06/Mar/2018:07:41:11 +0100] "GET /robots.txt HTTP/1.1" 404 1181 "-" "Mozilla/5.0 (compatible; Yeti/1.1; +http://naver.me/bot)"
125.209.235.171 - - [06/Mar/2018:07:41:12 +0100] "GET / HTTP/1.1" 200 884 "-" "Mozilla/5.0 (compatible; Yeti/1.1; +http://naver.me/bot)"
212.200.151.132 - - [06/Mar/2018:07:48:23 +0100] "GET /aktualis_elemei/bio2szulinap_elemei/image108.jpg HTTP/1.0" 200 9238 "https://www.google.rs/" "Mozilla/5.0 (Windows NT 6.1; Win64; x64) AppleWebKit/537.36 (KHTML, like Gecko) Chrome/64.0.3282.186 Safari/537.36"
212.200.151.132 - - [06/Mar/2018:07:48:25 +0100] "GET /aktualis_elemei/bio2szulinap_elemei/image126.jpg HTTP/1.0" 200 9363 "https://www.google.rs/" "Mozilla/5.0 (Windows NT 6.1; Win64; x64) AppleWebKit/537.36 (KHTML, like Gecko) Chrome/64.0.3282.186 Safari/537.36"
212.200.151.132 - - [06/Mar/2018:07:48:28 +0100] "GET /aktualis_elemei/bio2szulinap_elemei/image106.jpg HTTP/1.0" 200 7697 "https://www.google.rs/" "Mozilla/5.0 (Windows NT 6.1; Win64; x64) AppleWebKit/537.36 (KHTML, like Gecko) Chrome/64.0.3282.186 Safari/537.36"
212.200.151.132 - - [06/Mar/2018:07:48:29 +0100] "GET /aktualis_elemei/bio2szulinap_elemei/image128.jpg HTTP/1.0" 200 8653 "https://www.google.rs/" "Mozilla/5.0 (Windows NT 6.1; Win64; x64) AppleWebKit/537.36 (KHTML, like Gecko) Chrome/64.0.3282.186 Safari/537.36"
212.200.151.132 - - [06/Mar/2018:07:48:32 +0100] "GET /aktualis_elemei/bio2szulinap_elemei/image116.jpg HTTP/1.0" 200 9709 "https://www.google.rs/" "Mozilla/5.0 (Windows NT 6.1; Win64; x64) AppleWebKit/537.36 (KHTML, like Gecko) Chrome/64.0.3282.186 Safari/537.36"
40.77.167.96 - - [06/Mar/2018:08:04:13 +0100] "GET /aktualis_elemei/katonai_elemei/image002.jpg HTTP/1.1" 200 34104 "-" "Mozilla/5.0 (compatible; bingbot/2.0; +http://www.bing.com/bingbot.htm)"
207.46.13.85 - - [06/Mar/2018:08:08:14 +0100] "GET /aktualis_elemei/bio2szulinap_elemei/image080.jpg HTTP/1.1" 200 9907 "-" "Mozilla/5.0 (compatible; bingbot/2.0; +http://www.bing.com/bingbot.htm)"
207.46.13.85 - - [06/Mar/2018:08:14:21 +0100] "GET / HTTP/1.1" 200 884 "-" "Mozilla/5.0 (compatible; bingbot/2.0; +http://www.bing.com/bingbot.htm)"
40.77.167.96 - - [06/Mar/2018:08:51:15 +0100] "GET /aktualis.html HTTP/1.1" 304 - "-" "Mozilla/5.0 (compatible; bingbot/2.0; +http://www.bing.com/bingbot.htm)"
54.166.142.245 - - [06/Mar/2018:09:18:05 +0100] "GET /robots.txt HTTP/1.1" 404 1181 "-" "BUbiNG (+http://law.di.unimi.it/BUbiNG.html#wc)"
54.166.142.245 - - [06/Mar/2018:09:18:36 +0100] "GET / HTTP/1.1" 200 884 "-" "BUbiNG (+http://law.di.unimi.it/BUbiNG.html#wc)"
216.244.66.200 - - [06/Mar/2018:09:33:05 +0100] "GET /robots.txt HTTP/1.1" 404 1181 "-" "Mozilla/5.0 (compatible; DotBot/1.1; http://www.opensiteexplorer.org/dotbot, help@moz.com)"
216.244.66.200 - - [06/Mar/2018:10:34:46 +0100] "GET / HTTP/1.1" 200 884 "-" "Mozilla/5.0 (compatible; DotBot/1.1; http://www.opensiteexplorer.org/dotbot, help@moz.com)"
66.249.75.203 - - [06/Mar/2018:10:41:00 +0100] "GET /robots.txt HTTP/1.1" 404 1181 "-" "Mozilla/5.0 (compatible; Googlebot/2.1; +http://www.google.com/bot.html)"
66.249.75.203 - - [06/Mar/2018:10:41:00 +0100] "GET /aktualis_elemei/fnhv_elemei/image023.jpg HTTP/1.1" 304 - "-" "Googlebot-Image/1.0"
40.77.167.96 - - [06/Mar/2018:10:43:46 +0100] "GET /aktualis_elemei/bio2szulinap_elemei/image102.jpg HTTP/1.1" 200 8017 "-" "Mozilla/5.0 (compatible; bingbot/2.0; +http://www.bing.com/bingbot.htm)"
66.249.75.203 - - [06/Mar/2018:10:55:33 +0100] "GET /kiadvany/miskolchvte.pdf HTTP/1.1" 304 - "-" "Mozilla/5.0 (compatible; Googlebot/2.1; +http://www.google.com/bot.html)"
66.249.75.199 - - [06/Mar/2018:11:42:09 +0100] "GET /aktualis_elemei/bio2szulinap_elemei/image008.jpg HTTP/1.1" 200 14223 "-" "Googlebot-Image/1.0"
66.249.75.203 - - [06/Mar/2018:11:47:16 +0100] "GET /aktualis_elemei/bio2szulinap_elemei/image042.jpg HTTP/1.1" 200 16066 "-" "Googlebot-Image/1.0"
157.55.39.236 - - [06/Mar/2018:12:02:01 +0100] "GET /aktualis_elemei/fnhv_elemei/image002.jpg HTTP/1.1" 200 9553 "-" "Mozilla/5.0 (compatible; bingbot/2.0; +http://www.bing.com/bingbot.htm)"
40.77.167.96 - - [06/Mar/2018:12:15:25 +0100] "GET /aktualis_elemei/bekamentes_elemei/image007.gif HTTP/1.1" 200 4190 "-" "Mozilla/5.0 (compatible; bingbot/2.0; +http://www.bing.com/bingbot.htm)"
52.66.103.154 - - [06/Mar/2018:12:46:03 +0100] "GET /components/com_sexycontactform/assets/js/index.html HTTP/1.1" 404 1181 "-" "Mozilla/5.0 (Macintosh; U; PPC Mac OS X 10_7_9 rv:3.0; sl-SI) AppleWebKit/533.42.2 (KHTML, like Gecko) Version/4.0.3 Safari/533.42.2"
52.66.103.154 - - [06/Mar/2018:12:50:24 +0100] "GET /wp-content/plugins/cherry-plugin/admin/js/cherry-admin-plugin.js HTTP/1.1" 404 1181 "-" "Opera/8.52 (X11; Linux i686; en-US) Presto/2.10.354 Version/12.00"
52.66.103.154 - - [06/Mar/2018:12:54:46 +0100] "GET /wp-content/plugins/mailpress/mp-includes/js/mp_thickbox.js HTTP/1.1" 404 1181 "-" "Mozilla/5.0 (X11; Linux i686; rv:7.0) Gecko/20160725 Firefox/36.0"
52.66.103.154 - - [06/Mar/2018:12:59:13 +0100] "GET /wp-content/plugins/formidable/css/frm_fonts.css HTTP/1.1" 404 1181 "-" "Opera/9.13 (Windows NT 5.0; sl-SI) Presto/2.11.227 Version/12.00"
52.66.103.154 - - [06/Mar/2018:13:03:48 +0100] "GET /wp-content/plugins/woocommerce-catalog-enquiry/assets/frontend/css/frontend.css HTTP/1.1" 404 1181 "-" "Mozilla/5.0 (iPad; CPU OS 8_1_1 like Mac OS X; en-US) AppleWebKit/533.34.4 (KHTML, like Gecko) Version/4.0.5 Mobile/8B117 Safari/6533.34.4"
52.66.103.154 - - [06/Mar/2018:13:08:32 +0100] "GET /wp-admin/admin-ajax.php?action=revslider_ajax_action&client_action=get_captions_css HTTP/1.1" 404 1181 "-" "Mozilla/5.0 (Windows CE) AppleWebKit/5320 (KHTML, like Gecko) Chrome/40.0.832.0 Mobile Safari/5320"
52.66.103.154 - - [06/Mar/2018:13:13:10 +0100] "GET /wp-content/plugins/dzs-videogallery/admin/admin_global.js HTTP/1.1" 404 1181 "-" "Mozilla/5.0 (compatible; MSIE 8.0; Windows NT 5.2; Trident/5.0)"
66.249.75.201 - - [06/Mar/2018:13:13:17 +0100] "GET /aktualis_elemei/bio2szulinap_elemei/image076.jpg HTTP/1.1" 200 9572 "-" "Googlebot-Image/1.0"
84.1.97.154 - - [06/Mar/2018:13:14:17 +0100] "GET /aktualis_elemei/katonai_elemei/image004.jpg HTTP/1.1" 200 56554 "-" "Mozilla/5.0 (Linux; Android 5.1.1; SM-J320FN Build/LMY47V; wv) AppleWebKit/537.36 (KHTML, like Gecko) Version/4.0 Chrome/64.0.3282.137 Mobile Safari/537.36 GSA/7.21.23.21.arm"
52.66.103.154 - - [06/Mar/2018:13:17:46 +0100] "GET /wp-content/plugins/php-event-calendar/js/file-uploader/app.js HTTP/1.1" 404 1181 "-" "Mozilla/5.0 (compatible; MSIE 6.0; Windows CE; Trident/4.0)"
52.66.103.154 - - [06/Mar/2018:13:22:21 +0100] "GET /wp-content/plugins/accesspress-anonymous-post-pro/js/admin-extra.js HTTP/1.1" 404 1181 "-" "Mozilla/5.0 (Macintosh; Intel Mac OS X 10_5_8 rv:4.0; en-US) AppleWebKit/531.39.4 (KHTML, like Gecko) Version/4.0 Safari/531.39.4"
52.66.103.154 - - [06/Mar/2018:13:26:50 +0100] "GET /wp-content/plugins/advanced-ajax-page-loader/reload_code.js HTTP/1.1" 404 1181 "-" "Mozilla/5.0 (compatible; MSIE 6.0; Windows NT 4.0; Trident/4.0)"
52.66.103.154 - - [06/Mar/2018:13:31:36 +0100] "GET /wp-content/plugins/real3d-flipbook/js/share.min.js HTTP/1.1" 404 1181 "-" "Mozilla/5.0 (X11; Linux i686; rv:6.0) Gecko/20110608 Firefox/35.0"
52.66.103.154 - - [06/Mar/2018:13:36:17 +0100] "GET /wp-content/plugins/wp-support-plus-responsive-ticket-system/asset/js/admin.js HTTP/1.1" 404 1181 "-" "Mozilla/5.0 (X11; Linux i686) AppleWebKit/5311 (KHTML, like Gecko) Chrome/39.0.867.0 Mobile Safari/5311"
66.249.75.199 - - [06/Mar/2018:13:38:28 +0100] "GET /kiadvany/miskolchvte.pdf HTTP/1.1" 304 - "-" "Mozilla/5.0 (compatible; Googlebot/2.1; +http://www.google.com/bot.html)"
52.66.103.154 - - [06/Mar/2018:13:41:13 +0100] "GET /wp-content/plugins/cardoza-facebook-like-box/admin_cardozafacebook.css HTTP/1.1" 404 1181 "-" "Mozilla/5.0 (Macintosh; PPC Mac OS X 10_6_4) AppleWebKit/5311 (KHTML, like Gecko) Chrome/36.0.814.0 Mobile Safari/5311"
54.36.149.10 - - [06/Mar/2018:13:42:59 +0100] "GET /aktualis_elemei/bio2szulinap.html HTTP/1.1" 200 71694 "-" "Mozilla/5.0 (compatible; AhrefsBot/5.2; +http://ahrefs.com/robot/)"
52.66.103.154 - - [06/Mar/2018:13:46:15 +0100] "GET /modules/pk_flexmenu/config.xml HTTP/1.1" 404 1181 "-" "Mozilla/5.0 (X11; Linux x86_64; rv:6.0) Gecko/20151013 Firefox/36.0"
52.66.103.154 - - [06/Mar/2018:13:51:00 +0100] "GET /modules/pk_vertflexmenu/config.xml HTTP/1.1" 404 1181 "-" "Mozilla/5.0 (Windows; U; Windows NT 4.0) AppleWebKit/534.16.6 (KHTML, like Gecko) Version/5.0.1 Safari/534.16.6"
52.66.103.154 - - [06/Mar/2018:13:55:58 +0100] "GET /modules/homepageadvertise2/config.xml HTTP/1.1" 404 1181 "-" "Mozilla/5.0 (compatible; MSIE 8.0; Windows NT 5.1; Trident/5.0)"
52.66.103.154 - - [06/Mar/2018:14:00:48 +0100] "GET /modules/fieldvmegamenu/config.xml HTTP/1.1" 404 1181 "-" "Mozilla/5.0 (Windows; U; Windows 98) AppleWebKit/533.14.5 (KHTML, like Gecko) Version/4.0 Safari/533.14.5"
180.76.15.30 - - [06/Mar/2018:14:35:22 +0100] "GET / HTTP/1.1" 200 884 "-" "Mozilla/5.0 (compatible; Baiduspider/2.0; +http://www.baidu.com/search/spider.html)"
77.111.91.248 - - [06/Mar/2018:14:40:04 +0100] "GET /archiv_elemei/acitc.html HTTP/1.1" 200 13312 "-" "Mozilla/5.0 (Windows NT 10.0; Win64; x64) AppleWebKit/537.36 (KHTML, like Gecko) Chrome/62.0.3202.94 Safari/537.36"
77.111.91.248 - - [06/Mar/2018:14:40:53 +0100] "GET / HTTP/1.1" 200 884 "-" "Mozilla/5.0 (Windows NT 10.0; Win64; x64) AppleWebKit/537.36 (KHTML, like Gecko) Chrome/62.0.3202.94 Safari/537.36"
66.249.75.201 - - [06/Mar/2018:14:44:16 +0100] "GET /aktualis_elemei/bio2szulinap_elemei/image040.jpg HTTP/1.1" 200 16250 "-" "Googlebot-Image/1.0"
34.217.72.182 - - [06/Mar/2018:14:54:08 +0100] "GET /wp-login.php HTTP/1.1" 404 1181 "https://google.com" "Mozilla/5.0 (Windows NT 6.0; rv:33.0) Gecko/20100101 Firefox/33.0"
216.244.66.247 - - [06/Mar/2018:15:03:26 +0100] "GET /robots.txt HTTP/1.1" 404 1181 "-" "Mozilla/5.0 (compatible; DotBot/1.1; http://www.opensiteexplorer.org/dotbot, help@moz.com)"
66.249.75.201 - - [06/Mar/2018:16:06:17 +0100] "GET /aktualis_elemei/bio2szulinap_elemei/image066.jpg HTTP/1.1" 200 9626 "-" "Googlebot-Image/1.0"
66.249.75.203 - - [06/Mar/2018:16:29:45 +0100] "GET /aktualis_elemei/bio2szulinap_elemei/image124.jpg HTTP/1.1" 200 8278 "-" "Googlebot-Image/1.0"
216.244.66.247 - - [06/Mar/2018:16:30:12 +0100] "GET /program.html HTTP/1.1" 200 12857 "-" "Mozilla/5.0 (compatible; DotBot/1.1; http://www.opensiteexplorer.org/dotbot, help@moz.com)"
193.224.167.17 - - [06/Mar/2018:17:09:59 +0100] "GET /favicon.ico HTTP/1.1" 404 1181 "http://www.greenaction.hu/kiadvany/miskolchvte.pdf" "Mozilla/5.0 (Windows NT 6.1; Win64; x64) AppleWebKit/537.36 (KHTML, like Gecko) Chrome/64.0.3282.186 Safari/537.36"
193.224.167.17 - - [06/Mar/2018:17:10:00 +0100] "GET /kiadvany/miskolchvte.pdf HTTP/1.1" 200 4059249 "https://www.google.hu/" "Mozilla/5.0 (Windows NT 6.1; Win64; x64) AppleWebKit/537.36 (KHTML, like Gecko) Chrome/64.0.3282.186 Safari/537.36"
54.36.148.105 - - [06/Mar/2018:17:29:17 +0100] "GET / HTTP/1.1" 200 884 "-" "Mozilla/5.0 (compatible; AhrefsBot/5.2; +http://ahrefs.com/robot/)"
66.249.75.201 - - [06/Mar/2018:18:13:42 +0100] "GET /aktualis_elemei/bio2szulinap_elemei/image102.jpg HTTP/1.1" 200 8017 "-" "Googlebot-Image/1.0"
66.249.75.199 - - [06/Mar/2018:18:54:21 +0100] "GET /aktualis_elemei/bio2szulinap_elemei/image032.jpg HTTP/1.1" 200 16073 "-" "Googlebot-Image/1.0"
34.245.189.185 - - [06/Mar/2018:19:19:19 +0100] "HEAD / HTTP/1.1" 200 0 "-" "Mozilla/5.0 (compatible; JobKereso; +https://www.kozvetlen-allasok.hu/robot.jsp info@kozvetlen-allasok.hu)"
34.245.189.185 - - [06/Mar/2018:19:19:19 +0100] "GET /robots.txt HTTP/1.1" 404 1181 "-" "Mozilla/5.0 (compatible; JobKereso; +https://www.kozvetlen-allasok.hu/robot.jsp info@kozvetlen-allasok.hu)"
34.245.189.185 - - [06/Mar/2018:19:19:19 +0100] "HEAD / HTTP/1.1" 200 0 "-" "Mozilla/5.0 (compatible; JobKereso; +https://www.kozvetlen-allasok.hu/robot.jsp info@kozvetlen-allasok.hu)"
34.245.189.185 - - [06/Mar/2018:19:19:19 +0100] "GET / HTTP/1.1" 200 884 "-" "Mozilla/5.0 (compatible; JobKereso; +https://www.kozvetlen-allasok.hu/robot.jsp info@kozvetlen-allasok.hu)"
34.245.189.185 - - [06/Mar/2018:19:19:19 +0100] "HEAD /favicon.ico HTTP/1.1" 404 0 "https://www.kozvetlen-allasok.hu" "Mozilla/5.0 (compatible; JobKeresoBot; +https://www.kozvetlen-allasok.hu/help.jsp; info@kozvetlen-allasok.hu; 5.0"
88.132.62.138 - - [06/Mar/2018:19:19:31 +0100] "GET /kiadvany/miskolchvte.pdf HTTP/1.1" 200 4059249 "https://www.google.hu/" "Mozilla/5.0 (Windows NT 5.1; rv:52.0) Gecko/20100101 Firefox/52.0"
88.132.62.138 - - [06/Mar/2018:19:19:32 +0100] "GET /favicon.ico HTTP/1.1" 404 1181 "-" "Mozilla/5.0 (Windows NT 5.1; rv:52.0) Gecko/20100101 Firefox/52.0"
88.132.62.138 - - [06/Mar/2018:19:19:32 +0100] "GET /favicon.ico HTTP/1.1" 404 1181 "-" "Mozilla/5.0 (Windows NT 5.1; rv:52.0) Gecko/20100101 Firefox/52.0"
88.132.62.138 - - [06/Mar/2018:19:19:32 +0100] "GET /kiadvany/miskolchvte.pdf HTTP/1.1" 206 61553 "https://www.google.hu/" "Mozilla/5.0 (Windows NT 5.1; rv:52.0) Gecko/20100101 Firefox/52.0"
66.249.75.203 - - [06/Mar/2018:19:19:51 +0100] "GET /aktualis_elemei/bio2szulinap_elemei/image004.jpg HTTP/1.1" 200 9638 "-" "Googlebot-Image/1.0"
46.107.229.118 - - [06/Mar/2018:19:29:33 +0100] "GET /aktualis_elemei/bio2szulinap_elemei/image092.jpg HTTP/1.1" 200 7352 "https://www.google.com.ua/" "Mozilla/5.0 (Windows NT 6.1; Win64; x64) AppleWebKit/537.36 (KHTML, like Gecko) Chrome/64.0.3282.186 Safari/537.36"
34.242.236.153 - - [06/Mar/2018:19:39:20 +0100] "HEAD / HTTP/1.1" 200 0 "-" "Mozilla/5.0 (compatible; JobKereso; +https://www.kozvetlen-allasok.hu/robot.jsp info@kozvetlen-allasok.hu)"
34.242.236.153 - - [06/Mar/2018:19:39:20 +0100] "GET /robots.txt HTTP/1.1" 404 1181 "-" "Mozilla/5.0 (compatible; JobKereso; +https://www.kozvetlen-allasok.hu/robot.jsp info@kozvetlen-allasok.hu)"
34.242.236.153 - - [06/Mar/2018:19:39:20 +0100] "HEAD / HTTP/1.1" 200 0 "-" "Mozilla/5.0 (compatible; JobKereso; +https://www.kozvetlen-allasok.hu/robot.jsp info@kozvetlen-allasok.hu)"
34.242.236.153 - - [06/Mar/2018:19:39:20 +0100] "GET / HTTP/1.1" 200 884 "-" "Mozilla/5.0 (compatible; JobKereso; +https://www.kozvetlen-allasok.hu/robot.jsp info@kozvetlen-allasok.hu)"
34.242.236.153 - - [06/Mar/2018:19:39:20 +0100] "HEAD /favicon.ico HTTP/1.1" 404 0 "https://www.kozvetlen-allasok.hu" "Mozilla/5.0 (compatible; JobKeresoBot; +https://www.kozvetlen-allasok.hu/help.jsp; info@kozvetlen-allasok.hu; 5.0"
141.8.183.17 - - [06/Mar/2018:19:40:44 +0100] "GET /robots.txt HTTP/1.1" 404 1181 "-" "Mozilla/5.0 (compatible; YandexBot/3.0; +http://yandex.com/bots)"
141.8.183.17 - - [06/Mar/2018:19:40:44 +0100] "GET /robots.txt HTTP/1.1" 404 1181 "-" "Mozilla/5.0 (compatible; YandexBot/3.0; +http://yandex.com/bots)"
141.8.183.17 - - [06/Mar/2018:19:40:47 +0100] "GET / HTTP/1.1" 200 884 "-" "Mozilla/5.0 (compatible; YandexBot/3.0; +http://yandex.com/bots)"
141.8.183.17 - - [06/Mar/2018:19:40:48 +0100] "GET / HTTP/1.1" 200 884 "-" "Mozilla/5.0 (compatible; YandexBot/3.0; +http://yandex.com/bots)"
178.154.171.90 - - [06/Mar/2018:19:40:52 +0100] "GET /zoldakcio.swf HTTP/1.1" 200 840351 "-" "Mozilla/5.0 (compatible; YandexBot/3.0; +http://yandex.com/bots)"
178.154.171.90 - - [06/Mar/2018:19:40:52 +0100] "GET /zoldakcio.swf HTTP/1.1" 200 840351 "-" "Mozilla/5.0 (compatible; YandexBot/3.0; +http://yandex.com/bots)"
141.8.183.17 - - [06/Mar/2018:19:42:48 +0100] "GET / HTTP/1.1" 200 884 "-" "Mozilla/5.0 (compatible; YandexBot/3.0; +http://yandex.com/bots)"
141.8.183.17 - - [06/Mar/2018:19:42:48 +0100] "GET / HTTP/1.1" 200 884 "-" "Mozilla/5.0 (compatible; YandexBot/3.0; +http://yandex.com/bots)"
109.102.111.67 - - [06/Mar/2018:19:47:33 +0100] "GET / HTTP/1.1" 200 884 "-" "Java/1.6.0_04"
185.234.218.248 - - [06/Mar/2018:19:49:47 +0100] "GET /wp-login.php HTTP/1.1" 404 1181 "http://greenaction.hu/wp-login.php" "Mozilla/4.0 (compatible; MSIE 9.0; Windows NT 6.1; 125LA; .NET CLR 2.0.50727; .NET CLR 3.0.04506.648; .NET CLR 3.5.21022)"
185.234.218.248 - - [06/Mar/2018:19:49:48 +0100] "GET /wp-login.php HTTP/1.1" 404 1181 "http://greenaction.hu/wp-login.php" "Mozilla/4.0 (compatible; MSIE 9.0; Windows NT 6.1; 125LA; .NET CLR 2.0.50727; .NET CLR 3.0.04506.648; .NET CLR 3.5.21022)"
91.104.67.172 - - [06/Mar/2018:20:07:27 +0100] "GET /aktualis_elemei/fnhv_elemei/image019.jpg HTTP/1.1" 200 14857 "https://www.google.com/" "Mozilla/5.0 (Windows NT 10.0) AppleWebKit/537.36 (KHTML, like Gecko) Chrome/51.0.2704.79 Safari/537.36 Edge/14.14393"
188.165.2.183 - - [06/Mar/2018:20:37:46 +0100] "GET / HTTP/1.1" 200 884 "https://google.com/" "Mozilla/5.0 (X11; Ubuntu; Linux x86_64; rv:26.0) Gecko/20100101 Firefox/26.0"
138.197.111.101 - - [06/Mar/2018:20:40:35 +0100] "GET / HTTP/1.1" 200 884 "-" "Mozilla/5.0 (compatible; DnyzBot/1.0) AppleWebKit/537.36 (KHTML, like Gecko) HeadlessChrome/64.0.3282.167 Safari/537.36"
180.76.15.140 - - [06/Mar/2018:20:51:10 +0100] "GET / HTTP/1.1" 200 884 "-" "Mozilla/5.0 (compatible; Baiduspider/2.0; +http://www.baidu.com/search/spider.html)"
34.204.95.75 - - [06/Mar/2018:20:51:35 +0100] "GET /robots.txt HTTP/1.1" 404 1181 "-" "BUbiNG (+http://law.di.unimi.it/BUbiNG.html#wc)"
34.204.95.75 - - [06/Mar/2018:20:52:05 +0100] "GET / HTTP/1.1" 200 884 "-" "BUbiNG (+http://law.di.unimi.it/BUbiNG.html#wc)"
207.46.13.85 - - [06/Mar/2018:20:58:52 +0100] "GET / HTTP/1.1" 200 884 "-" "Mozilla/5.0 (compatible; bingbot/2.0; +http://www.bing.com/bingbot.htm)"
34.204.95.75 - - [06/Mar/2018:20:59:09 +0100] "GET /robots.txt HTTP/1.1" 404 1181 "-" "BUbiNG (+http://law.di.unimi.it/BUbiNG.html#wc)"
34.204.95.75 - - [06/Mar/2018:20:59:39 +0100] "GET / HTTP/1.1" 200 884 "-" "BUbiNG (+http://law.di.unimi.it/BUbiNG.html#wc)"
34.204.95.75 - - [06/Mar/2018:21:09:18 +0100] "GET /robots.txt HTTP/1.1" 404 1181 "-" "BUbiNG (+http://law.di.unimi.it/BUbiNG.html#wc)"
34.204.95.75 - - [06/Mar/2018:21:09:49 +0100] "GET / HTTP/1.1" 200 884 "-" "BUbiNG (+http://law.di.unimi.it/BUbiNG.html#wc)"
34.204.95.75 - - [06/Mar/2018:21:14:32 +0100] "GET /magunkrol_elemei/kozhasznu.html HTTP/1.1" 200 48365 "-" "BUbiNG (+http://law.di.unimi.it/BUbiNG.html#wc)"
66.249.75.199 - - [06/Mar/2018:21:31:42 +0100] "GET / HTTP/1.1" 200 884 "-" "Mozilla/5.0 (compatible; Googlebot/2.1; +http://www.google.com/bot.html)"
66.249.75.201 - - [06/Mar/2018:21:36:32 +0100] "GET /zoldakcio.swf HTTP/1.1" 200 840351 "-" "Mozilla/5.0 (compatible; Googlebot/2.1; +http://www.google.com/bot.html)"
66.249.75.201 - - [06/Mar/2018:21:36:39 +0100] "GET /hirek/hirek.txt HTTP/1.1" 200 96857 "-" "Mozilla/5.0 (compatible; Googlebot/2.1; +http://www.google.com/bot.html)"
66.249.75.199 - - [06/Mar/2018:21:36:40 +0100] "GET /esemenynaptar/SparkEventsCalendar_loadVars.txt HTTP/1.1" 200 72712 "-" "Mozilla/5.0 (compatible; Googlebot/2.1; +http://www.google.com/bot.html)"
79.122.1.47 - - [06/Mar/2018:22:33:37 +0100] "GET /visszatekint.html HTTP/1.1" 200 36767 "http://www.google.com/" "Mozilla/5.0 (Linux; Android 6.0; HUAWEI VNS-L21 Build/HUAWEIVNS-L21) AppleWebKit/537.36 (KHTML, like Gecko) Chrome/64.0.3282.137 Mobile Safari/537.36"
79.122.1.47 - - [06/Mar/2018:22:33:38 +0100] "GET /1greenaction.hu/vissza_files/vissza.css HTTP/1.1" 404 1181 "http://www.greenaction.hu/visszatekint.html" "Mozilla/5.0 (Linux; Android 6.0; HUAWEI VNS-L21 Build/HUAWEIVNS-L21) AppleWebKit/537.36 (KHTML, like Gecko) Chrome/64.0.3282.137 Mobile Safari/537.36"
79.122.1.47 - - [06/Mar/2018:22:33:38 +0100] "GET /favicon.ico HTTP/1.1" 404 1181 "http://www.greenaction.hu/visszatekint.html" "Mozilla/5.0 (Linux; Android 6.0; HUAWEI VNS-L21 Build/HUAWEIVNS-L21) AppleWebKit/537.36 (KHTML, like Gecko) Chrome/64.0.3282.137 Mobile Safari/537.36"
46.229.164.98 - - [06/Mar/2018:22:36:05 +0100] "GET /robots.txt HTTP/1.1" 404 1181 "-" "Mozilla/5.0 (compatible; SemrushBot/1.2~bl; +http://www.semrush.com/bot.html)"
157.55.39.236 - - [06/Mar/2018:22:46:48 +0100] "GET /kiadvany/miabio.pdf HTTP/1.1" 200 10770350 "-" "Mozilla/5.0 (iPhone; CPU iPhone OS 7_0 like Mac OS X) AppleWebKit/537.51.1 (KHTML, like Gecko) Version/7.0 Mobile/11A465 Safari/9537.53 (compatible; bingbot/2.0; +http://www.bing.com/bingbot.htm)"
34.204.95.75 - - [06/Mar/2018:22:52:51 +0100] "GET /robots.txt HTTP/1.1" 404 1181 "-" "BUbiNG (+http://law.di.unimi.it/BUbiNG.html#wc)"
34.204.95.75 - - [06/Mar/2018:22:53:21 +0100] "GET / HTTP/1.1" 200 884 "-" "BUbiNG (+http://law.di.unimi.it/BUbiNG.html#wc)"
157.55.39.236 - - [06/Mar/2018:23:01:37 +0100] "GET /aktualis_elemei/bio2szulinap_elemei/image082.jpg HTTP/1.1" 200 7560 "-" "Mozilla/5.0 (compatible; bingbot/2.0; +http://www.bing.com/bingbot.htm)"
157.55.39.236 - - [06/Mar/2018:23:04:39 +0100] "GET /aktualis_elemei/bio2szulinap_elemei/image116.jpg HTTP/1.1" 200 9709 "-" "Mozilla/5.0 (compatible; bingbot/2.0; +http://www.bing.com/bingbot.htm)"
34.204.95.75 - - [06/Mar/2018:23:12:03 +0100] "GET /magunkrol_elemei/kozhasznu.html HTTP/1.1" 200 48365 "-" "BUbiNG (+http://law.di.unimi.it/BUbiNG.html#wc)"
66.249.75.199 - - [06/Mar/2018:23:16:44 +0100] "GET /robots.txt HTTP/1.1" 404 1181 "-" "Mozilla/5.0 (compatible; Googlebot/2.1; +http://www.google.com/bot.html)"
66.249.75.201 - - [06/Mar/2018:23:17:35 +0100] "GET /aktualis_elemei/bio2szulinap_elemei/image072.jpg HTTP/1.1" 200 8143 "-" "Googlebot-Image/1.0"
34.204.95.75 - - [06/Mar/2018:23:17:41 +0100] "GET /magunkrol_elemei/kj_2005_elemei/filelist.xml HTTP/1.1" 404 1181 "-" "BUbiNG (+http://law.di.unimi.it/BUbiNG.html#wc)"
40.77.177.253 - - [06/Mar/2018:23:48:33 +0100] "GET /kiadvany/miabio.pdf HTTP/1.1" 200 4292608 "-" "Mozilla/5.0 (iPhone; CPU iPhone OS 7_0 like Mac OS X) AppleWebKit/537.51.1 (KHTML, like Gecko) Version/7.0 Mobile/11A465 Safari/9537.53 BingPreview/1.0b"
207.46.13.172 - - [06/Mar/2018:23:51:37 +0100] "GET /aktualis_elemei/bio2szulinap_elemei/image030.jpg HTTP/1.1" 200 18167 "-" "Mozilla/5.0 (compatible; bingbot/2.0; +http://www.bing.com/bingbot.htm)"
66.249.75.203 - - [06/Mar/2018:23:54:16 +0100] "GET /aktualis_elemei/bio2szulinap_elemei/image128.jpg HTTP/1.1" 304 - "-" "Googlebot-Image/1.0"
141.8.183.17 - - [06/Mar/2018:23:57:19 +0100] "GET /robots.txt HTTP/1.1" 404 1181 "-" "Mozilla/5.0 (compatible; YandexBot/3.0; +http://yandex.com/bots)"
178.154.171.90 - - [06/Mar/2018:23:57:19 +0100] "GET /robots.txt HTTP/1.1" 404 1181 "-" "Mozilla/5.0 (compatible; YandexBot/3.0; +http://yandex.com/bots)"
141.8.183.17 - - [06/Mar/2018:23:57:23 +0100] "GET / HTTP/1.1" 200 884 "-" "Mozilla/5.0 (compatible; YandexBot/3.0; +http://yandex.com/bots)"
178.154.171.90 - - [06/Mar/2018:23:57:23 +0100] "GET / HTTP/1.1" 200 884 "-" "Mozilla/5.0 (compatible; YandexBot/3.0; +http://yandex.com/bots)"
34.204.95.75 - - [06/Mar/2018:23:58:25 +0100] "GET /robots.txt HTTP/1.1" 404 1181 "-" "BUbiNG (+http://law.di.unimi.it/BUbiNG.html#wc)"
34.204.95.75 - - [06/Mar/2018:23:58:56 +0100] "GET / HTTP/1.1" 200 884 "-" "BUbiNG (+http://law.di.unimi.it/BUbiNG.html#wc)"
216.244.66.200 - - [07/Mar/2018:00:06:16 +0100] "GET /robots.txt HTTP/1.1" 404 1181 "-" "Mozilla/5.0 (compatible; DotBot/1.1; http://www.opensiteexplorer.org/dotbot, help@moz.com)"
66.249.75.201 - - [07/Mar/2018:00:06:54 +0100] "GET /aktualis_elemei/bio2szulinap_elemei/image092.jpg HTTP/1.1" 304 - "-" "Googlebot-Image/1.0"
66.249.75.201 - - [07/Mar/2018:00:13:13 +0100] "GET /aktualis_elemei/bio2szulinap_elemei/image130.jpg HTTP/1.1" 304 - "-" "Googlebot-Image/1.0"
66.249.75.203 - - [07/Mar/2018:00:19:32 +0100] "GET /aktualis_elemei/bio2szulinap_elemei/image098.jpg HTTP/1.1" 304 - "-" "Googlebot-Image/1.0"
23.237.4.26 - - [07/Mar/2018:00:36:36 +0100] "GET / HTTP/1.1" 200 884 "-" "Mozilla/5.0 (compatible; AlphaBot/3.2; +http://alphaseobot.com/bot.html)"
54.166.142.245 - - [07/Mar/2018:00:43:03 +0100] "GET /robots.txt HTTP/1.1" 404 1181 "-" "BUbiNG (+http://law.di.unimi.it/BUbiNG.html#wc)"
54.166.142.245 - - [07/Mar/2018:00:43:34 +0100] "GET / HTTP/1.1" 200 884 "-" "BUbiNG (+http://law.di.unimi.it/BUbiNG.html#wc)"
66.249.75.199 - - [07/Mar/2018:00:57:26 +0100] "GET /aktualis_elemei/bio2szulinap_elemei/image010.jpg HTTP/1.1" 200 13442 "-" "Googlebot-Image/1.0"
207.46.13.85 - - [07/Mar/2018:01:16:58 +0100] "GET / HTTP/1.1" 200 884 "-" "Mozilla/5.0 (iPhone; CPU iPhone OS 7_0 like Mac OS X) AppleWebKit/537.51.1 (KHTML, like Gecko) Version/7.0 Mobile/11A465 Safari/9537.53 (compatible; bingbot/2.0; +http://www.bing.com/bingbot.htm)"
40.77.178.59 - - [07/Mar/2018:01:16:59 +0100] "GET /pattern.jpg HTTP/1.1" 200 13798 "http://www.greenaction.hu/" "Mozilla/5.0 (iPhone; CPU iPhone OS 7_0 like Mac OS X) AppleWebKit/537.51.1 (KHTML, like Gecko) Version/7.0 Mobile/11A465 Safari/9537.53 BingPreview/1.0b"
40.77.178.59 - - [07/Mar/2018:01:17:01 +0100] "GET /zoldakcio.swf HTTP/1.1" 200 840351 "http://www.greenaction.hu/zoldakcio.swf" "Mozilla/5.0 (iPhone; CPU iPhone OS 7_0 like Mac OS X) AppleWebKit/537.51.1 (KHTML, like Gecko) Version/7.0 Mobile/11A465 Safari/9537.53 BingPreview/1.0b"
40.77.178.59 - - [07/Mar/2018:01:17:03 +0100] "GET /esemenynaptar/SparkEventsCalendar_loadVars.txt HTTP/1.1" 200 72712 "http://www.greenaction.hu/zoldakcio.swf" "Mozilla/5.0 (iPhone; CPU iPhone OS 7_0 like Mac OS X) AppleWebKit/537.51.1 (KHTML, like Gecko) Version/7.0 Mobile/11A465 Safari/9537.53 BingPreview/1.0b"
40.77.178.59 - - [07/Mar/2018:01:17:03 +0100] "GET /banner/norway.jpg HTTP/1.1" 200 3191 "http://www.greenaction.hu/zoldakcio.swf" "Mozilla/5.0 (iPhone; CPU iPhone OS 7_0 like Mac OS X) AppleWebKit/537.51.1 (KHTML, like Gecko) Version/7.0 Mobile/11A465 Safari/9537.53 BingPreview/1.0b"
40.77.178.59 - - [07/Mar/2018:01:17:04 +0100] "GET /hirek/hirek.txt HTTP/1.1" 200 96857 "http://www.greenaction.hu/zoldakcio.swf" "Mozilla/5.0 (iPhone; CPU iPhone OS 7_0 like Mac OS X) AppleWebKit/537.51.1 (KHTML, like Gecko) Version/7.0 Mobile/11A465 Safari/9537.53 BingPreview/1.0b"
40.77.178.59 - - [07/Mar/2018:01:17:05 +0100] "GET /hirek/kocsonyabeka.jpg HTTP/1.1" 200 4334 "http://www.greenaction.hu/zoldakcio.swf" "Mozilla/5.0 (iPhone; CPU iPhone OS 7_0 like Mac OS X) AppleWebKit/537.51.1 (KHTML, like Gecko) Version/7.0 Mobile/11A465 Safari/9537.53 BingPreview/1.0b"
40.77.178.59 - - [07/Mar/2018:01:17:05 +0100] "GET /hirek/biomassza_forum.jpg HTTP/1.1" 200 6616 "http://www.greenaction.hu/zoldakcio.swf" "Mozilla/5.0 (iPhone; CPU iPhone OS 7_0 like Mac OS X) AppleWebKit/537.51.1 (KHTML, like Gecko) Version/7.0 Mobile/11A465 Safari/9537.53 BingPreview/1.0b"
40.77.178.59 - - [07/Mar/2018:01:17:05 +0100] "GET /hirek/biomassza2.jpg HTTP/1.1" 404 1181 "http://www.greenaction.hu/zoldakcio.swf" "Mozilla/5.0 (iPhone; CPU iPhone OS 7_0 like Mac OS X) AppleWebKit/537.51.1 (KHTML, like Gecko) Version/7.0 Mobile/11A465 Safari/9537.53 BingPreview/1.0b"
40.77.178.59 - - [07/Mar/2018:01:17:05 +0100] "GET /hirek/helyivedett.jpg HTTP/1.1" 404 1181 "http://www.greenaction.hu/zoldakcio.swf" "Mozilla/5.0 (iPhone; CPU iPhone OS 7_0 like Mac OS X) AppleWebKit/537.51.1 (KHTML, like Gecko) Version/7.0 Mobile/11A465 Safari/9537.53 BingPreview/1.0b"
40.77.178.59 - - [07/Mar/2018:01:17:06 +0100] "GET /hirek/programindito.jpg HTTP/1.1" 200 6594 "http://www.greenaction.hu/zoldakcio.swf" "Mozilla/5.0 (iPhone; CPU iPhone OS 7_0 like Mac OS X) AppleWebKit/537.51.1 (KHTML, like Gecko) Version/7.0 Mobile/11A465 Safari/9537.53 BingPreview/1.0b"
40.77.178.59 - - [07/Mar/2018:01:17:06 +0100] "GET /hirek/gmokrumpli.jpg HTTP/1.1" 200 9110 "http://www.greenaction.hu/zoldakcio.swf" "Mozilla/5.0 (iPhone; CPU iPhone OS 7_0 like Mac OS X) AppleWebKit/537.51.1 (KHTML, like Gecko) Version/7.0 Mobile/11A465 Safari/9537.53 BingPreview/1.0b"
40.77.178.59 - - [07/Mar/2018:01:17:06 +0100] "GET /hirek/beno.jpg HTTP/1.1" 200 2623 "http://www.greenaction.hu/zoldakcio.swf" "Mozilla/5.0 (iPhone; CPU iPhone OS 7_0 like Mac OS X) AppleWebKit/537.51.1 (KHTML, like Gecko) Version/7.0 Mobile/11A465 Safari/9537.53 BingPreview/1.0b"
40.77.178.59 - - [07/Mar/2018:01:17:06 +0100] "GET /hirek/nullahullakovesd%20011.jpg HTTP/1.1" 200 8674 "http://www.greenaction.hu/zoldakcio.swf" "Mozilla/5.0 (iPhone; CPU iPhone OS 7_0 like Mac OS X) AppleWebKit/537.51.1 (KHTML, like Gecko) Version/7.0 Mobile/11A465 Safari/9537.53 BingPreview/1.0b"
40.77.178.59 - - [07/Mar/2018:01:17:06 +0100] "GET /hirek/foldnapja.jpg HTTP/1.1" 200 4081 "http://www.greenaction.hu/zoldakcio.swf" "Mozilla/5.0 (iPhone; CPU iPhone OS 7_0 like Mac OS X) AppleWebKit/537.51.1 (KHTML, like Gecko) Version/7.0 Mobile/11A465 Safari/9537.53 BingPreview/1.0b"
40.77.178.59 - - [07/Mar/2018:01:17:06 +0100] "GET /hirek/foldnap2010.jpg HTTP/1.1" 200 7191 "http://www.greenaction.hu/zoldakcio.swf" "Mozilla/5.0 (iPhone; CPU iPhone OS 7_0 like Mac OS X) AppleWebKit/537.51.1 (KHTML, like Gecko) Version/7.0 Mobile/11A465 Safari/9537.53 BingPreview/1.0b"
40.77.178.59 - - [07/Mar/2018:01:17:06 +0100] "GET /hirek/gmoevo.jpg HTTP/1.1" 200 2951 "http://www.greenaction.hu/zoldakcio.swf" "Mozilla/5.0 (iPhone; CPU iPhone OS 7_0 like Mac OS X) AppleWebKit/537.51.1 (KHTML, like Gecko) Version/7.0 Mobile/11A465 Safari/9537.53 BingPreview/1.0b"
40.77.178.59 - - [07/Mar/2018:01:17:06 +0100] "GET /hirek/gmofree.gif HTTP/1.1" 404 1181 "http://www.greenaction.hu/zoldakcio.swf" "Mozilla/5.0 (iPhone; CPU iPhone OS 7_0 like Mac OS X) AppleWebKit/537.51.1 (KHTML, like Gecko) Version/7.0 Mobile/11A465 Safari/9537.53 BingPreview/1.0b"
40.77.178.59 - - [07/Mar/2018:01:17:06 +0100] "GET /hirek/torta.jpg HTTP/1.1" 404 1181 "http://www.greenaction.hu/zoldakcio.swf" "Mozilla/5.0 (iPhone; CPU iPhone OS 7_0 like Mac OS X) AppleWebKit/537.51.1 (KHTML, like Gecko) Version/7.0 Mobile/11A465 Safari/9537.53 BingPreview/1.0b"
40.77.178.59 - - [07/Mar/2018:01:17:06 +0100] "GET /hirek/paprika.jpg HTTP/1.1" 404 1181 "http://www.greenaction.hu/zoldakcio.swf" "Mozilla/5.0 (iPhone; CPU iPhone OS 7_0 like Mac OS X) AppleWebKit/537.51.1 (KHTML, like Gecko) Version/7.0 Mobile/11A465 Safari/9537.53 BingPreview/1.0b"
40.77.178.59 - - [07/Mar/2018:01:17:06 +0100] "GET /hirek/abauji.jpg HTTP/1.1" 200 21716 "http://www.greenaction.hu/zoldakcio.swf" "Mozilla/5.0 (iPhone; CPU iPhone OS 7_0 like Mac OS X) AppleWebKit/537.51.1 (KHTML, like Gecko) Version/7.0 Mobile/11A465 Safari/9537.53 BingPreview/1.0b"
40.77.178.59 - - [07/Mar/2018:01:17:06 +0100] "GET /hirek/benzinpisztoly.jpg HTTP/1.1" 200 2317 "http://www.greenaction.hu/zoldakcio.swf" "Mozilla/5.0 (iPhone; CPU iPhone OS 7_0 like Mac OS X) AppleWebKit/537.51.1 (KHTML, like Gecko) Version/7.0 Mobile/11A465 Safari/9537.53 BingPreview/1.0b"
40.77.178.59 - - [07/Mar/2018:01:17:07 +0100] "GET /hirek/marhafej.jpg HTTP/1.1" 200 3545 "http://www.greenaction.hu/zoldakcio.swf" "Mozilla/5.0 (iPhone; CPU iPhone OS 7_0 like Mac OS X) AppleWebKit/537.51.1 (KHTML, like Gecko) Version/7.0 Mobile/11A465 Safari/9537.53 BingPreview/1.0b"
40.77.178.59 - - [07/Mar/2018:01:17:07 +0100] "GET /hirek/zoldseg.jpg HTTP/1.1" 404 1181 "http://www.greenaction.hu/zoldakcio.swf" "Mozilla/5.0 (iPhone; CPU iPhone OS 7_0 like Mac OS X) AppleWebKit/537.51.1 (KHTML, like Gecko) Version/7.0 Mobile/11A465 Safari/9537.53 BingPreview/1.0b"
40.77.178.59 - - [07/Mar/2018:01:17:07 +0100] "GET /hirek/citrom.jpg HTTP/1.1" 200 11781 "http://www.greenaction.hu/zoldakcio.swf" "Mozilla/5.0 (iPhone; CPU iPhone OS 7_0 like Mac OS X) AppleWebKit/537.51.1 (KHTML, like Gecko) Version/7.0 Mobile/11A465 Safari/9537.53 BingPreview/1.0b"
40.77.178.59 - - [07/Mar/2018:01:17:07 +0100] "GET /hirek/naposoldal.jpg HTTP/1.1" 200 10106 "http://www.greenaction.hu/zoldakcio.swf" "Mozilla/5.0 (iPhone; CPU iPhone OS 7_0 like Mac OS X) AppleWebKit/537.51.1 (KHTML, like Gecko) Version/7.0 Mobile/11A465 Safari/9537.53 BingPreview/1.0b"
40.77.178.59 - - [07/Mar/2018:01:17:07 +0100] "GET /hirek/adventikoszoru.jpg HTTP/1.1" 200 5581 "http://www.greenaction.hu/zoldakcio.swf" "Mozilla/5.0 (iPhone; CPU iPhone OS 7_0 like Mac OS X) AppleWebKit/537.51.1 (KHTML, like Gecko) Version/7.0 Mobile/11A465 Safari/9537.53 BingPreview/1.0b"
40.77.178.59 - - [07/Mar/2018:01:17:07 +0100] "GET /hirek/gyurgyalag.jpg HTTP/1.1" 200 2435 "http://www.greenaction.hu/zoldakcio.swf" "Mozilla/5.0 (iPhone; CPU iPhone OS 7_0 like Mac OS X) AppleWebKit/537.51.1 (KHTML, like Gecko) Version/7.0 Mobile/11A465 Safari/9537.53 BingPreview/1.0b"
40.77.178.59 - - [07/Mar/2018:01:17:07 +0100] "GET /hirek/encs.jpg HTTP/1.1" 200 12831 "http://www.greenaction.hu/zoldakcio.swf" "Mozilla/5.0 (iPhone; CPU iPhone OS 7_0 like Mac OS X) AppleWebKit/537.51.1 (KHTML, like Gecko) Version/7.0 Mobile/11A465 Safari/9537.53 BingPreview/1.0b"
40.77.178.59 - - [07/Mar/2018:01:17:07 +0100] "GET /hirek/terelo.jpg HTTP/1.1" 200 10975 "http://www.greenaction.hu/zoldakcio.swf" "Mozilla/5.0 (iPhone; CPU iPhone OS 7_0 like Mac OS X) AppleWebKit/537.51.1 (KHTML, like Gecko) Version/7.0 Mobile/11A465 Safari/9537.53 BingPreview/1.0b"
40.77.178.59 - - [07/Mar/2018:01:17:08 +0100] "GET /hirek/varboibekak2011.jpg HTTP/1.1" 200 9200 "http://www.greenaction.hu/zoldakcio.swf" "Mozilla/5.0 (iPhone; CPU iPhone OS 7_0 like Mac OS X) AppleWebKit/537.51.1 (KHTML, like Gecko) Version/7.0 Mobile/11A465 Safari/9537.53 BingPreview/1.0b"
40.77.178.59 - - [07/Mar/2018:01:17:08 +0100] "GET /hirek/mctermeloipiac.jpg HTTP/1.1" 200 3752 "http://www.greenaction.hu/zoldakcio.swf" "Mozilla/5.0 (iPhone; CPU iPhone OS 7_0 like Mac OS X) AppleWebKit/537.51.1 (KHTML, like Gecko) Version/7.0 Mobile/11A465 Safari/9537.53 BingPreview/1.0b"
40.77.178.59 - - [07/Mar/2018:01:17:08 +0100] "GET /hirek/1%20szazalek.jpg HTTP/1.1" 200 16636 "http://www.greenaction.hu/zoldakcio.swf" "Mozilla/5.0 (iPhone; CPU iPhone OS 7_0 like Mac OS X) AppleWebKit/537.51.1 (KHTML, like Gecko) Version/7.0 Mobile/11A465 Safari/9537.53 BingPreview/1.0b"
40.77.178.59 - - [07/Mar/2018:01:17:08 +0100] "GET /hirek/bioszulinap2011.jpg HTTP/1.1" 200 17649 "http://www.greenaction.hu/zoldakcio.swf" "Mozilla/5.0 (iPhone; CPU iPhone OS 7_0 like Mac OS X) AppleWebKit/537.51.1 (KHTML, like Gecko) Version/7.0 Mobile/11A465 Safari/9537.53 BingPreview/1.0b"
40.77.178.59 - - [07/Mar/2018:01:17:08 +0100] "GET /hirek/viz.jpg HTTP/1.1" 200 2622 "http://www.greenaction.hu/zoldakcio.swf" "Mozilla/5.0 (iPhone; CPU iPhone OS 7_0 like Mac OS X) AppleWebKit/537.51.1 (KHTML, like Gecko) Version/7.0 Mobile/11A465 Safari/9537.53 BingPreview/1.0b"
40.77.178.59 - - [07/Mar/2018:01:17:10 +0100] "GET /hirek/encsgyumi.jpg HTTP/1.1" 200 13077 "http://www.greenaction.hu/zoldakcio.swf" "Mozilla/5.0 (iPhone; CPU iPhone OS 7_0 like Mac OS X) AppleWebKit/537.51.1 (KHTML, like Gecko) Version/7.0 Mobile/11A465 Safari/9537.53 BingPreview/1.0b"
216.244.66.200 - - [07/Mar/2018:01:27:45 +0100] "GET /magunkrol_elemei/kozhasznu.html HTTP/1.1" 200 48365 "-" "Mozilla/5.0 (compatible; DotBot/1.1; http://www.opensiteexplorer.org/dotbot, help@moz.com)"
66.249.75.201 - - [07/Mar/2018:01:35:19 +0100] "GET /aktualis_elemei/bio2szulinap_elemei/image080.jpg HTTP/1.1" 200 9907 "-" "Googlebot-Image/1.0"
40.77.167.3 - - [07/Mar/2018:01:51:47 +0100] "GET /aktualis_elemei/bio2szulinap_elemei/image066.jpg HTTP/1.1" 200 9626 "-" "Mozilla/5.0 (compatible; bingbot/2.0; +http://www.bing.com/bingbot.htm)"
66.249.75.201 - - [07/Mar/2018:02:29:56 +0100] "GET /archiv_elemei/lyukotc.html HTTP/1.1" 200 11705 "-" "Mozilla/5.0 (Linux; Android 6.0.1; Nexus 5X Build/MMB29P) AppleWebKit/537.36 (KHTML, like Gecko) Chrome/41.0.2272.96 Mobile Safari/537.36 (compatible; Googlebot/2.1; +http://www.google.com/bot.html)"
42.236.46.85 - - [07/Mar/2018:02:34:29 +0100] "GET / HTTP/1.1" 200 884 "http://www.greenaction.hu/" "Mozilla/5.0 (Windows NT 6.1; WOW64) AppleWebKit/537.36 (KHTML, like Gecko) Chrome/50.0.2661.102 Safari/537.36; 360Spider"
34.203.77.130 - - [07/Mar/2018:02:36:51 +0100] "GET /robots.txt HTTP/1.1" 404 1181 "-" "BUbiNG (+http://law.di.unimi.it/BUbiNG.html#wc)"
34.203.77.130 - - [07/Mar/2018:02:37:21 +0100] "GET / HTTP/1.1" 200 884 "-" "BUbiNG (+http://law.di.unimi.it/BUbiNG.html#wc)"
91.200.12.21 - - [07/Mar/2018:02:43:16 +0100] "GET /index.php?option=com_myblog&task=ajaxupload HTTP/1.1" 404 1181 "http://www.greenaction.hu/index.php?option=com_myblog&task=ajaxupload" "Mozilla/5.0 (Windows NT 6.1; WOW64) AppleWebKit/537.36 (KHTML, like Gecko) Chrome/42.0.2311.152 Safari/537.36"
34.203.77.130 - - [07/Mar/2018:02:44:52 +0100] "GET /magunkrol_elemei/kozhasznu.html HTTP/1.1" 200 48365 "-" "BUbiNG (+http://law.di.unimi.it/BUbiNG.html#wc)"
34.203.77.130 - - [07/Mar/2018:02:53:39 +0100] "GET /magunkrol_elemei/kj_2005_elemei/filelist.xml HTTP/1.1" 404 1181 "-" "BUbiNG (+http://law.di.unimi.it/BUbiNG.html#wc)"
