199.30.25.116 - - [13/Jun/2018:06:05:51 +0200] "GET /hirek/gmofree.gif HTTP/1.1" 404 1181 "http://www.greenaction.hu/zoldakcio.swf" "Mozilla/5.0 (iPhone; CPU iPhone OS 7_0 like Mac OS X) AppleWebKit/537.51.1 (KHTML, like Gecko) Version/7.0 Mobile/11A465 Safari/9537.53 BingPreview/1.0b"
199.30.25.116 - - [13/Jun/2018:06:05:51 +0200] "GET /hirek/torta.jpg HTTP/1.1" 404 1181 "http://www.greenaction.hu/zoldakcio.swf" "Mozilla/5.0 (iPhone; CPU iPhone OS 7_0 like Mac OS X) AppleWebKit/537.51.1 (KHTML, like Gecko) Version/7.0 Mobile/11A465 Safari/9537.53 BingPreview/1.0b"
199.30.25.116 - - [13/Jun/2018:06:05:51 +0200] "GET /hirek/abauji.jpg HTTP/1.1" 200 21716 "http://www.greenaction.hu/zoldakcio.swf" "Mozilla/5.0 (iPhone; CPU iPhone OS 7_0 like Mac OS X) AppleWebKit/537.51.1 (KHTML, like Gecko) Version/7.0 Mobile/11A465 Safari/9537.53 BingPreview/1.0b"
199.30.25.116 - - [13/Jun/2018:06:05:51 +0200] "GET /hirek/paprika.jpg HTTP/1.1" 404 1181 "http://www.greenaction.hu/zoldakcio.swf" "Mozilla/5.0 (iPhone; CPU iPhone OS 7_0 like Mac OS X) AppleWebKit/537.51.1 (KHTML, like Gecko) Version/7.0 Mobile/11A465 Safari/9537.53 BingPreview/1.0b"
199.30.25.116 - - [13/Jun/2018:06:05:51 +0200] "GET /hirek/benzinpisztoly.jpg HTTP/1.1" 200 2317 "http://www.greenaction.hu/zoldakcio.swf" "Mozilla/5.0 (iPhone; CPU iPhone OS 7_0 like Mac OS X) AppleWebKit/537.51.1 (KHTML, like Gecko) Version/7.0 Mobile/11A465 Safari/9537.53 BingPreview/1.0b"
199.30.25.116 - - [13/Jun/2018:06:05:51 +0200] "GET /hirek/marhafej.jpg HTTP/1.1" 200 3545 "http://www.greenaction.hu/zoldakcio.swf" "Mozilla/5.0 (iPhone; CPU iPhone OS 7_0 like Mac OS X) AppleWebKit/537.51.1 (KHTML, like Gecko) Version/7.0 Mobile/11A465 Safari/9537.53 BingPreview/1.0b"
199.30.25.116 - - [13/Jun/2018:06:05:52 +0200] "GET /hirek/citrom.jpg HTTP/1.1" 200 11781 "http://www.greenaction.hu/zoldakcio.swf" "Mozilla/5.0 (iPhone; CPU iPhone OS 7_0 like Mac OS X) AppleWebKit/537.51.1 (KHTML, like Gecko) Version/7.0 Mobile/11A465 Safari/9537.53 BingPreview/1.0b"
199.30.25.116 - - [13/Jun/2018:06:05:52 +0200] "GET /hirek/zoldseg.jpg HTTP/1.1" 404 1181 "http://www.greenaction.hu/zoldakcio.swf" "Mozilla/5.0 (iPhone; CPU iPhone OS 7_0 like Mac OS X) AppleWebKit/537.51.1 (KHTML, like Gecko) Version/7.0 Mobile/11A465 Safari/9537.53 BingPreview/1.0b"
199.30.25.116 - - [13/Jun/2018:06:05:52 +0200] "GET /hirek/adventikoszoru.jpg HTTP/1.1" 200 5581 "http://www.greenaction.hu/zoldakcio.swf" "Mozilla/5.0 (iPhone; CPU iPhone OS 7_0 like Mac OS X) AppleWebKit/537.51.1 (KHTML, like Gecko) Version/7.0 Mobile/11A465 Safari/9537.53 BingPreview/1.0b"
199.30.25.116 - - [13/Jun/2018:06:05:52 +0200] "GET /hirek/naposoldal.jpg HTTP/1.1" 200 10106 "http://www.greenaction.hu/zoldakcio.swf" "Mozilla/5.0 (iPhone; CPU iPhone OS 7_0 like Mac OS X) AppleWebKit/537.51.1 (KHTML, like Gecko) Version/7.0 Mobile/11A465 Safari/9537.53 BingPreview/1.0b"
199.30.25.116 - - [13/Jun/2018:06:05:52 +0200] "GET /hirek/encsgyumi.jpg HTTP/1.1" 200 13077 "http://www.greenaction.hu/zoldakcio.swf" "Mozilla/5.0 (iPhone; CPU iPhone OS 7_0 like Mac OS X) AppleWebKit/537.51.1 (KHTML, like Gecko) Version/7.0 Mobile/11A465 Safari/9537.53 BingPreview/1.0b"
199.30.25.116 - - [13/Jun/2018:06:05:52 +0200] "GET /hirek/gyurgyalag.jpg HTTP/1.1" 200 2435 "http://www.greenaction.hu/zoldakcio.swf" "Mozilla/5.0 (iPhone; CPU iPhone OS 7_0 like Mac OS X) AppleWebKit/537.51.1 (KHTML, like Gecko) Version/7.0 Mobile/11A465 Safari/9537.53 BingPreview/1.0b"
199.30.25.116 - - [13/Jun/2018:06:05:52 +0200] "GET /hirek/encs.jpg HTTP/1.1" 200 12831 "http://www.greenaction.hu/zoldakcio.swf" "Mozilla/5.0 (iPhone; CPU iPhone OS 7_0 like Mac OS X) AppleWebKit/537.51.1 (KHTML, like Gecko) Version/7.0 Mobile/11A465 Safari/9537.53 BingPreview/1.0b"
199.30.25.116 - - [13/Jun/2018:06:05:52 +0200] "GET /hirek/terelo.jpg HTTP/1.1" 200 10975 "http://www.greenaction.hu/zoldakcio.swf" "Mozilla/5.0 (iPhone; CPU iPhone OS 7_0 like Mac OS X) AppleWebKit/537.51.1 (KHTML, like Gecko) Version/7.0 Mobile/11A465 Safari/9537.53 BingPreview/1.0b"
199.30.25.116 - - [13/Jun/2018:06:05:52 +0200] "GET /hirek/varboibekak2011.jpg HTTP/1.1" 200 9200 "http://www.greenaction.hu/zoldakcio.swf" "Mozilla/5.0 (iPhone; CPU iPhone OS 7_0 like Mac OS X) AppleWebKit/537.51.1 (KHTML, like Gecko) Version/7.0 Mobile/11A465 Safari/9537.53 BingPreview/1.0b"
199.30.25.116 - - [13/Jun/2018:06:05:52 +0200] "GET /hirek/mctermeloipiac.jpg HTTP/1.1" 200 3752 "http://www.greenaction.hu/zoldakcio.swf" "Mozilla/5.0 (iPhone; CPU iPhone OS 7_0 like Mac OS X) AppleWebKit/537.51.1 (KHTML, like Gecko) Version/7.0 Mobile/11A465 Safari/9537.53 BingPreview/1.0b"
199.30.25.116 - - [13/Jun/2018:06:05:53 +0200] "GET /hirek/1%20szazalek.jpg HTTP/1.1" 200 16636 "http://www.greenaction.hu/zoldakcio.swf" "Mozilla/5.0 (iPhone; CPU iPhone OS 7_0 like Mac OS X) AppleWebKit/537.51.1 (KHTML, like Gecko) Version/7.0 Mobile/11A465 Safari/9537.53 BingPreview/1.0b"
199.30.25.116 - - [13/Jun/2018:06:05:53 +0200] "GET /hirek/viz.jpg HTTP/1.1" 200 2622 "http://www.greenaction.hu/zoldakcio.swf" "Mozilla/5.0 (iPhone; CPU iPhone OS 7_0 like Mac OS X) AppleWebKit/537.51.1 (KHTML, like Gecko) Version/7.0 Mobile/11A465 Safari/9537.53 BingPreview/1.0b"
199.30.25.116 - - [13/Jun/2018:06:05:53 +0200] "GET /hirek/bioszulinap2011.jpg HTTP/1.1" 200 17649 "http://www.greenaction.hu/zoldakcio.swf" "Mozilla/5.0 (iPhone; CPU iPhone OS 7_0 like Mac OS X) AppleWebKit/537.51.1 (KHTML, like Gecko) Version/7.0 Mobile/11A465 Safari/9537.53 BingPreview/1.0b"
40.77.167.206 - - [13/Jun/2018:06:19:04 +0200] "GET /aktualis_elemei/bio2szulinap_elemei/image116.jpg HTTP/1.1" 200 9709 "-" "Mozilla/5.0 (compatible; bingbot/2.0; +http://www.bing.com/bingbot.htm)"
157.55.39.177 - - [13/Jun/2018:06:38:50 +0200] "GET / HTTP/1.1" 200 884 "-" "Mozilla/5.0 (compatible; bingbot/2.0; +http://www.bing.com/bingbot.htm)"
40.77.167.83 - - [13/Jun/2018:06:47:00 +0200] "GET /aktualis_elemei/bekamentes_elemei/image002.jpg HTTP/1.1" 200 15229 "-" "Mozilla/5.0 (compatible; bingbot/2.0; +http://www.bing.com/bingbot.htm)"
86.110.117.60 - - [13/Jun/2018:07:14:49 +0200] "GET / HTTP/1.1" 200 884 "-" "Mozilla/5.0 (Windows NT 6.3; WOW64; rv:50.0) Gecko/20100101 Firefox/50.0"
40.77.167.83 - - [13/Jun/2018:08:47:25 +0200] "GET /aktualis_elemei/bio2szulinap_elemei/image126.jpg HTTP/1.1" 200 9363 "-" "Mozilla/5.0 (compatible; bingbot/2.0; +http://www.bing.com/bingbot.htm)"
5.196.87.126 - - [13/Jun/2018:09:27:52 +0200] "GET /robots.txt HTTP/1.1" 404 1181 "-" "Mozilla/5.0 (compatible; AhrefsBot/5.2; +http://ahrefs.com/robot/)"
54.36.148.26 - - [13/Jun/2018:09:27:53 +0200] "GET / HTTP/1.1" 200 884 "-" "Mozilla/5.0 (compatible; AhrefsBot/5.2; +http://ahrefs.com/robot/)"
207.46.13.33 - - [13/Jun/2018:10:03:54 +0200] "GET /aktualis_elemei/fnhv_elemei/image011.jpg HTTP/1.1" 200 8196 "-" "Mozilla/5.0 (compatible; bingbot/2.0; +http://www.bing.com/bingbot.htm)"
207.46.13.33 - - [13/Jun/2018:10:09:51 +0200] "GET /archiv.html HTTP/1.1" 200 100991 "-" "Mozilla/5.0 (compatible; bingbot/2.0; +http://www.bing.com/bingbot.htm)"
66.249.66.151 - - [13/Jun/2018:10:55:35 +0200] "GET /robots.txt HTTP/1.1" 404 1181 "-" "Mozilla/5.0 (compatible; Googlebot/2.1; +http://www.google.com/bot.html)"
66.249.66.153 - - [13/Jun/2018:10:55:35 +0200] "GET /aktualis_elemei/bio2szulinap_elemei/image006.jpg HTTP/1.1" 304 - "-" "Googlebot-Image/1.0"
108.59.8.70 - - [13/Jun/2018:11:16:07 +0200] "GET /robots.txt HTTP/1.1" 404 1181 "-" "Mozilla/5.0 (compatible; MJ12bot/v1.4.8; http://mj12bot.com/)"
108.59.8.70 - - [13/Jun/2018:11:16:09 +0200] "GET / HTTP/1.1" 200 884 "-" "Mozilla/5.0 (compatible; MJ12bot/v1.4.8; http://mj12bot.com/)"
38.100.21.62 - - [13/Jun/2018:11:40:04 +0200] "GET / HTTP/1.1" 200 884 "-" "Mozilla/4.0 (compatible; MSIE 7.0; Windows NT 5.2)"
66.249.66.151 - - [13/Jun/2018:12:56:27 +0200] "GET /aktualis_elemei/bio2szulinap_elemei/image024.jpg HTTP/1.1" 304 - "-" "Googlebot-Image/1.0"
70.42.131.170 - - [13/Jun/2018:13:47:38 +0200] "GET /aktualis_elemei/fnhv_elemei/image024.jpg HTTP/1.1" 200 10080 "-" "Mozilla/4.0 (compatible; MSIE 8.0; Windows NT 6.1; WOW64; Trident/4.0; SLCC2; .NET CLR 2.0.50727; .NET CLR 3.5.30729; .NET CLR 3.0.30729; Media Center PC 6.0; .NET4.0C; .NET4.0E; InfoPath.2)"
13.57.220.0 - - [13/Jun/2018:14:27:27 +0200] "GET / HTTP/1.1" 200 884 "-" "Mozilla/5.0 (Macintosh; Intel Mac OS X 10_12_6) AppleWebKit/537.36 (KHTML, like Gecko) Chrome/61.0.3163.100 Safari/537.36"
207.46.13.100 - - [13/Jun/2018:14:34:14 +0200] "GET /aktualis_elemei/bekamentes_elemei/image009.jpg HTTP/1.1" 200 11140 "-" "Mozilla/5.0 (compatible; bingbot/2.0; +http://www.bing.com/bingbot.htm)"
77.111.91.248 - - [13/Jun/2018:15:15:50 +0200] "GET /archiv_elemei/acitc.html HTTP/1.1" 200 13312 "-" "Mozilla/5.0 (Windows NT 10.0; Win64; x64) AppleWebKit/537.36 (KHTML, like Gecko) Chrome/62.0.3202.94 Safari/537.36"
80.77.124.233 - - [13/Jun/2018:15:16:29 +0200] "GET / HTTP/1.1" 200 884 "-" "Mozilla/5.0 (Windows NT 10.0; Win64; x64) AppleWebKit/537.36 (KHTML, like Gecko) Chrome/62.0.3202.94 Safari/537.36"
66.249.66.155 - - [13/Jun/2018:15:29:18 +0200] "GET /aktualis_elemei/bio2szulinap_elemei/image082.jpg HTTP/1.1" 304 - "-" "Googlebot-Image/1.0"
207.46.13.102 - - [13/Jun/2018:16:40:54 +0200] "GET /aktualis_elemei/katonai_elemei/image002.jpg HTTP/1.1" 200 34104 "-" "Mozilla/5.0 (compatible; bingbot/2.0; +http://www.bing.com/bingbot.htm)"
180.76.15.154 - - [13/Jun/2018:17:48:33 +0200] "GET / HTTP/1.1" 200 884 "-" "Mozilla/5.0 (compatible; Baiduspider/2.0; +http://www.baidu.com/search/spider.html)"
54.36.148.238 - - [13/Jun/2018:17:56:27 +0200] "GET /archiv_elemei/acitc.html HTTP/1.1" 200 13312 "-" "Mozilla/5.0 (compatible; AhrefsBot/5.2; +http://ahrefs.com/robot/)"
54.162.165.158 - - [13/Jun/2018:18:28:07 +0200] "GET /robots.txt HTTP/1.1" 404 1181 "-" "CCBot/2.0 (http://commoncrawl.org/faq/)"
54.162.165.158 - - [13/Jun/2018:18:28:08 +0200] "GET / HTTP/1.1" 200 884 "-" "CCBot/2.0 (http://commoncrawl.org/faq/)"
66.249.81.203 - - [13/Jun/2018:18:46:20 +0200] "GET /aktualis_elemei/bio2szulinap.html HTTP/1.1" 200 71694 "https://www.google.hu/" "Mozilla/5.0 (Linux; Android 6.0; ALE-L21 Build/HuaweiALE-L21) AppleWebKit/537.36 (KHTML, like Gecko) Chrome/66.0.3359.158 Mobile Safari/537.36"
66.249.81.199 - - [13/Jun/2018:18:46:20 +0200] "GET /aktualis_elemei/bio2szulinap.html HTTP/1.1" 304 - "-" "Mozilla/5.0 (Linux; Android 6.0; ALE-L21 Build/HuaweiALE-L21) AppleWebKit/537.36 (KHTML, like Gecko) Chrome/66.0.3359.158 Mobile Safari/537.36"
66.249.81.199 - - [13/Jun/2018:18:46:20 +0200] "GET /aktualis_elemei/bio2szulinap_elemei/image002.jpg HTTP/1.1" 200 13498 "http://www.greenaction.hu/aktualis_elemei/bio2szulinap.html" "Mozilla/5.0 (Linux; Android 6.0; ALE-L21 Build/HuaweiALE-L21) AppleWebKit/537.36 (KHTML, like Gecko) Chrome/66.0.3359.158 Mobile Safari/537.36"
66.249.81.199 - - [13/Jun/2018:18:46:20 +0200] "GET /aktualis_elemei/bio2szulinap_elemei/image004.jpg HTTP/1.1" 200 9638 "http://www.greenaction.hu/aktualis_elemei/bio2szulinap.html" "Mozilla/5.0 (Linux; Android 6.0; ALE-L21 Build/HuaweiALE-L21) AppleWebKit/537.36 (KHTML, like Gecko) Chrome/66.0.3359.158 Mobile Safari/537.36"
66.249.81.203 - - [13/Jun/2018:18:46:20 +0200] "GET /aktualis_elemei/bio2szulinap_elemei/image016.jpg HTTP/1.1" 200 7778 "http://www.greenaction.hu/aktualis_elemei/bio2szulinap.html" "Mozilla/5.0 (Linux; Android 6.0; ALE-L21 Build/HuaweiALE-L21) AppleWebKit/537.36 (KHTML, like Gecko) Chrome/66.0.3359.158 Mobile Safari/537.36"
66.249.81.201 - - [13/Jun/2018:18:46:20 +0200] "GET /aktualis_elemei/bio2szulinap_elemei/image006.jpg HTTP/1.1" 200 9889 "http://www.greenaction.hu/aktualis_elemei/bio2szulinap.html" "Mozilla/5.0 (Linux; Android 6.0; ALE-L21 Build/HuaweiALE-L21) AppleWebKit/537.36 (KHTML, like Gecko) Chrome/66.0.3359.158 Mobile Safari/537.36"
66.249.81.199 - - [13/Jun/2018:18:46:20 +0200] "GET /aktualis_elemei/bio2szulinap_elemei/image010.jpg HTTP/1.1" 200 13442 "http://www.greenaction.hu/aktualis_elemei/bio2szulinap.html" "Mozilla/5.0 (Linux; Android 6.0; ALE-L21 Build/HuaweiALE-L21) AppleWebKit/537.36 (KHTML, like Gecko) Chrome/66.0.3359.158 Mobile Safari/537.36"
66.249.81.199 - - [13/Jun/2018:18:46:20 +0200] "GET /aktualis_elemei/bio2szulinap_elemei/image014.jpg HTTP/1.1" 200 10796 "http://www.greenaction.hu/aktualis_elemei/bio2szulinap.html" "Mozilla/5.0 (Linux; Android 6.0; ALE-L21 Build/HuaweiALE-L21) AppleWebKit/537.36 (KHTML, like Gecko) Chrome/66.0.3359.158 Mobile Safari/537.36"
66.249.81.199 - - [13/Jun/2018:18:46:20 +0200] "GET /aktualis_elemei/bio2szulinap_elemei/image046.jpg HTTP/1.1" 200 12403 "http://www.greenaction.hu/aktualis_elemei/bio2szulinap.html" "Mozilla/5.0 (Linux; Android 6.0; ALE-L21 Build/HuaweiALE-L21) AppleWebKit/537.36 (KHTML, like Gecko) Chrome/66.0.3359.158 Mobile Safari/537.36"
66.249.81.201 - - [13/Jun/2018:18:46:20 +0200] "GET /aktualis_elemei/bio2szulinap_elemei/image032.jpg HTTP/1.1" 200 16073 "http://www.greenaction.hu/aktualis_elemei/bio2szulinap.html" "Mozilla/5.0 (Linux; Android 6.0; ALE-L21 Build/HuaweiALE-L21) AppleWebKit/537.36 (KHTML, like Gecko) Chrome/66.0.3359.158 Mobile Safari/537.36"
66.249.81.203 - - [13/Jun/2018:18:46:20 +0200] "GET /aktualis_elemei/bio2szulinap_elemei/image092.jpg HTTP/1.1" 200 7352 "http://www.greenaction.hu/aktualis_elemei/bio2szulinap.html" "Mozilla/5.0 (Linux; Android 6.0; ALE-L21 Build/HuaweiALE-L21) AppleWebKit/537.36 (KHTML, like Gecko) Chrome/66.0.3359.158 Mobile Safari/537.36"
66.249.81.199 - - [13/Jun/2018:18:46:20 +0200] "GET /aktualis_elemei/bio2szulinap_elemei/image122.jpg HTTP/1.1" 200 8543 "http://www.greenaction.hu/aktualis_elemei/bio2szulinap.html" "Mozilla/5.0 (Linux; Android 6.0; ALE-L21 Build/HuaweiALE-L21) AppleWebKit/537.36 (KHTML, like Gecko) Chrome/66.0.3359.158 Mobile Safari/537.36"
66.249.81.199 - - [13/Jun/2018:18:46:20 +0200] "GET /aktualis_elemei/bio2szulinap_elemei/image104.jpg HTTP/1.1" 200 8372 "http://www.greenaction.hu/aktualis_elemei/bio2szulinap.html" "Mozilla/5.0 (Linux; Android 6.0; ALE-L21 Build/HuaweiALE-L21) AppleWebKit/537.36 (KHTML, like Gecko) Chrome/66.0.3359.158 Mobile Safari/537.36"
66.249.81.201 - - [13/Jun/2018:18:46:20 +0200] "GET /aktualis_elemei/bio2szulinap_elemei/image134.jpg HTTP/1.1" 200 10678 "http://www.greenaction.hu/aktualis_elemei/bio2szulinap.html" "Mozilla/5.0 (Linux; Android 6.0; ALE-L21 Build/HuaweiALE-L21) AppleWebKit/537.36 (KHTML, like Gecko) Chrome/66.0.3359.158 Mobile Safari/537.36"
66.249.81.201 - - [13/Jun/2018:18:46:20 +0200] "GET /aktualis_elemei/bio2szulinap_elemei/image020.gif HTTP/1.1" 200 44876 "http://www.greenaction.hu/aktualis_elemei/bio2szulinap.html" "Mozilla/5.0 (Linux; Android 6.0; ALE-L21 Build/HuaweiALE-L21) AppleWebKit/537.36 (KHTML, like Gecko) Chrome/66.0.3359.158 Mobile Safari/537.36"
66.249.81.199 - - [13/Jun/2018:18:46:20 +0200] "GET /aktualis_elemei/bio2szulinap_elemei/image098.jpg HTTP/1.1" 200 8855 "http://www.greenaction.hu/aktualis_elemei/bio2szulinap.html" "Mozilla/5.0 (Linux; Android 6.0; ALE-L21 Build/HuaweiALE-L21) AppleWebKit/537.36 (KHTML, like Gecko) Chrome/66.0.3359.158 Mobile Safari/537.36"
66.249.81.203 - - [13/Jun/2018:18:46:20 +0200] "GET /aktualis_elemei/bio2szulinap_elemei/image018.gif HTTP/1.1" 200 41110 "http://www.greenaction.hu/aktualis_elemei/bio2szulinap.html" "Mozilla/5.0 (Linux; Android 6.0; ALE-L21 Build/HuaweiALE-L21) AppleWebKit/537.36 (KHTML, like Gecko) Chrome/66.0.3359.158 Mobile Safari/537.36"
66.249.81.203 - - [13/Jun/2018:18:46:20 +0200] "GET /aktualis_elemei/bio2szulinap_elemei/image026.jpg HTTP/1.1" 200 12161 "http://www.greenaction.hu/aktualis_elemei/bio2szulinap.html" "Mozilla/5.0 (Linux; Android 6.0; ALE-L21 Build/HuaweiALE-L21) AppleWebKit/537.36 (KHTML, like Gecko) Chrome/66.0.3359.158 Mobile Safari/537.36"
66.249.81.203 - - [13/Jun/2018:18:46:21 +0200] "GET /aktualis_elemei/bio2szulinap_elemei/image044.jpg HTTP/1.1" 200 11923 "http://www.greenaction.hu/aktualis_elemei/bio2szulinap.html" "Mozilla/5.0 (Linux; Android 6.0; ALE-L21 Build/HuaweiALE-L21) AppleWebKit/537.36 (KHTML, like Gecko) Chrome/66.0.3359.158 Mobile Safari/537.36"
66.249.81.201 - - [13/Jun/2018:18:46:22 +0200] "GET /aktualis_elemei/bio2szulinap_elemei/image034.jpg HTTP/1.1" 200 17799 "http://www.greenaction.hu/aktualis_elemei/bio2szulinap.html" "Mozilla/5.0 (Linux; Android 6.0; ALE-L21 Build/HuaweiALE-L21) AppleWebKit/537.36 (KHTML, like Gecko) Chrome/66.0.3359.158 Mobile Safari/537.36"
66.249.81.199 - - [13/Jun/2018:18:46:22 +0200] "GET /aktualis_elemei/bio2szulinap_elemei/image008.jpg HTTP/1.1" 200 14223 "http://www.greenaction.hu/aktualis_elemei/bio2szulinap.html" "Mozilla/5.0 (Linux; Android 6.0; ALE-L21 Build/HuaweiALE-L21) AppleWebKit/537.36 (KHTML, like Gecko) Chrome/66.0.3359.158 Mobile Safari/537.36"
66.249.81.199 - - [13/Jun/2018:18:46:23 +0200] "GET /aktualis_elemei/bio2szulinap_elemei/image030.jpg HTTP/1.1" 200 18167 "http://www.greenaction.hu/aktualis_elemei/bio2szulinap.html" "Mozilla/5.0 (Linux; Android 6.0; ALE-L21 Build/HuaweiALE-L21) AppleWebKit/537.36 (KHTML, like Gecko) Chrome/66.0.3359.158 Mobile Safari/537.36"
66.249.81.201 - - [13/Jun/2018:18:46:23 +0200] "GET /aktualis_elemei/bio2szulinap_elemei/image042.jpg HTTP/1.1" 200 16066 "http://www.greenaction.hu/aktualis_elemei/bio2szulinap.html" "Mozilla/5.0 (Linux; Android 6.0; ALE-L21 Build/HuaweiALE-L21) AppleWebKit/537.36 (KHTML, like Gecko) Chrome/66.0.3359.158 Mobile Safari/537.36"
66.249.81.201 - - [13/Jun/2018:18:46:23 +0200] "GET /aktualis_elemei/bio2szulinap_elemei/image028.jpg HTTP/1.1" 200 12629 "http://www.greenaction.hu/aktualis_elemei/bio2szulinap.html" "Mozilla/5.0 (Linux; Android 6.0; ALE-L21 Build/HuaweiALE-L21) AppleWebKit/537.36 (KHTML, like Gecko) Chrome/66.0.3359.158 Mobile Safari/537.36"
66.249.81.201 - - [13/Jun/2018:18:46:23 +0200] "GET /aktualis_elemei/bio2szulinap_elemei/image052.jpg HTTP/1.1" 200 11533 "http://www.greenaction.hu/aktualis_elemei/bio2szulinap.html" "Mozilla/5.0 (Linux; Android 6.0; ALE-L21 Build/HuaweiALE-L21) AppleWebKit/537.36 (KHTML, like Gecko) Chrome/66.0.3359.158 Mobile Safari/537.36"
66.249.81.203 - - [13/Jun/2018:18:46:23 +0200] "GET /aktualis_elemei/bio2szulinap_elemei/image024.jpg HTTP/1.1" 200 12405 "http://www.greenaction.hu/aktualis_elemei/bio2szulinap.html" "Mozilla/5.0 (Linux; Android 6.0; ALE-L21 Build/HuaweiALE-L21) AppleWebKit/537.36 (KHTML, like Gecko) Chrome/66.0.3359.158 Mobile Safari/537.36"
66.249.81.201 - - [13/Jun/2018:18:46:23 +0200] "GET /aktualis_elemei/bio2szulinap_elemei/image054.jpg HTTP/1.1" 200 10738 "http://www.greenaction.hu/aktualis_elemei/bio2szulinap.html" "Mozilla/5.0 (Linux; Android 6.0; ALE-L21 Build/HuaweiALE-L21) AppleWebKit/537.36 (KHTML, like Gecko) Chrome/66.0.3359.158 Mobile Safari/537.36"
66.249.81.201 - - [13/Jun/2018:18:46:23 +0200] "GET /aktualis_elemei/bio2szulinap_elemei/image050.jpg HTTP/1.1" 200 12224 "http://www.greenaction.hu/aktualis_elemei/bio2szulinap.html" "Mozilla/5.0 (Linux; Android 6.0; ALE-L21 Build/HuaweiALE-L21) AppleWebKit/537.36 (KHTML, like Gecko) Chrome/66.0.3359.158 Mobile Safari/537.36"
66.249.81.199 - - [13/Jun/2018:18:46:23 +0200] "GET /aktualis_elemei/bio2szulinap_elemei/image048.jpg HTTP/1.1" 200 13760 "http://www.greenaction.hu/aktualis_elemei/bio2szulinap.html" "Mozilla/5.0 (Linux; Android 6.0; ALE-L21 Build/HuaweiALE-L21) AppleWebKit/537.36 (KHTML, like Gecko) Chrome/66.0.3359.158 Mobile Safari/537.36"
66.249.81.199 - - [13/Jun/2018:18:46:23 +0200] "GET /aktualis_elemei/bio2szulinap_elemei/image040.jpg HTTP/1.1" 200 16250 "http://www.greenaction.hu/aktualis_elemei/bio2szulinap.html" "Mozilla/5.0 (Linux; Android 6.0; ALE-L21 Build/HuaweiALE-L21) AppleWebKit/537.36 (KHTML, like Gecko) Chrome/66.0.3359.158 Mobile Safari/537.36"
66.249.81.203 - - [13/Jun/2018:18:46:23 +0200] "GET /aktualis_elemei/bio2szulinap_elemei/image058.jpg HTTP/1.1" 200 16787 "http://www.greenaction.hu/aktualis_elemei/bio2szulinap.html" "Mozilla/5.0 (Linux; Android 6.0; ALE-L21 Build/HuaweiALE-L21) AppleWebKit/537.36 (KHTML, like Gecko) Chrome/66.0.3359.158 Mobile Safari/537.36"
66.249.81.199 - - [13/Jun/2018:18:46:23 +0200] "GET /aktualis_elemei/bio2szulinap_elemei/image062.jpg HTTP/1.1" 200 10742 "http://www.greenaction.hu/aktualis_elemei/bio2szulinap.html" "Mozilla/5.0 (Linux; Android 6.0; ALE-L21 Build/HuaweiALE-L21) AppleWebKit/537.36 (KHTML, like Gecko) Chrome/66.0.3359.158 Mobile Safari/537.36"
66.249.81.203 - - [13/Jun/2018:18:46:23 +0200] "GET /aktualis_elemei/bio2szulinap_elemei/image060.jpg HTTP/1.1" 200 16684 "http://www.greenaction.hu/aktualis_elemei/bio2szulinap.html" "Mozilla/5.0 (Linux; Android 6.0; ALE-L21 Build/HuaweiALE-L21) AppleWebKit/537.36 (KHTML, like Gecko) Chrome/66.0.3359.158 Mobile Safari/537.36"
66.249.81.203 - - [13/Jun/2018:18:46:24 +0200] "GET /aktualis_elemei/bio2szulinap_elemei/image056.jpg HTTP/1.1" 200 10317 "http://www.greenaction.hu/aktualis_elemei/bio2szulinap.html" "Mozilla/5.0 (Linux; Android 6.0; ALE-L21 Build/HuaweiALE-L21) AppleWebKit/537.36 (KHTML, like Gecko) Chrome/66.0.3359.158 Mobile Safari/537.36"
66.249.81.203 - - [13/Jun/2018:18:46:24 +0200] "GET /aktualis_elemei/bio2szulinap_elemei/image066.jpg HTTP/1.1" 200 9626 "http://www.greenaction.hu/aktualis_elemei/bio2szulinap.html" "Mozilla/5.0 (Linux; Android 6.0; ALE-L21 Build/HuaweiALE-L21) AppleWebKit/537.36 (KHTML, like Gecko) Chrome/66.0.3359.158 Mobile Safari/537.36"
66.249.81.199 - - [13/Jun/2018:18:46:24 +0200] "GET /aktualis_elemei/bio2szulinap_elemei/image012.jpg HTTP/1.1" 200 11039 "http://www.greenaction.hu/aktualis_elemei/bio2szulinap.html" "Mozilla/5.0 (Linux; Android 6.0; ALE-L21 Build/HuaweiALE-L21) AppleWebKit/537.36 (KHTML, like Gecko) Chrome/66.0.3359.158 Mobile Safari/537.36"
66.249.81.203 - - [13/Jun/2018:18:46:24 +0200] "GET /aktualis_elemei/bio2szulinap_elemei/image064.jpg HTTP/1.1" 200 12049 "http://www.greenaction.hu/aktualis_elemei/bio2szulinap.html" "Mozilla/5.0 (Linux; Android 6.0; ALE-L21 Build/HuaweiALE-L21) AppleWebKit/537.36 (KHTML, like Gecko) Chrome/66.0.3359.158 Mobile Safari/537.36"
66.249.81.199 - - [13/Jun/2018:18:46:24 +0200] "GET /aktualis_elemei/bio2szulinap_elemei/image022.jpg HTTP/1.1" 200 11114 "http://www.greenaction.hu/aktualis_elemei/bio2szulinap.html" "Mozilla/5.0 (Linux; Android 6.0; ALE-L21 Build/HuaweiALE-L21) AppleWebKit/537.36 (KHTML, like Gecko) Chrome/66.0.3359.158 Mobile Safari/537.36"
66.249.81.203 - - [13/Jun/2018:18:46:24 +0200] "GET /aktualis_elemei/bio2szulinap_elemei/image068.jpg HTTP/1.1" 200 7021 "http://www.greenaction.hu/aktualis_elemei/bio2szulinap.html" "Mozilla/5.0 (Linux; Android 6.0; ALE-L21 Build/HuaweiALE-L21) AppleWebKit/537.36 (KHTML, like Gecko) Chrome/66.0.3359.158 Mobile Safari/537.36"
66.249.81.199 - - [13/Jun/2018:18:46:24 +0200] "GET /aktualis_elemei/bio2szulinap_elemei/image070.jpg HTTP/1.1" 200 9176 "http://www.greenaction.hu/aktualis_elemei/bio2szulinap.html" "Mozilla/5.0 (Linux; Android 6.0; ALE-L21 Build/HuaweiALE-L21) AppleWebKit/537.36 (KHTML, like Gecko) Chrome/66.0.3359.158 Mobile Safari/537.36"
66.249.81.201 - - [13/Jun/2018:18:46:24 +0200] "GET /aktualis_elemei/bio2szulinap_elemei/image072.jpg HTTP/1.1" 200 8143 "http://www.greenaction.hu/aktualis_elemei/bio2szulinap.html" "Mozilla/5.0 (Linux; Android 6.0; ALE-L21 Build/HuaweiALE-L21) AppleWebKit/537.36 (KHTML, like Gecko) Chrome/66.0.3359.158 Mobile Safari/537.36"
66.249.81.199 - - [13/Jun/2018:18:46:24 +0200] "GET /aktualis_elemei/bio2szulinap_elemei/image074.jpg HTTP/1.1" 200 8857 "http://www.greenaction.hu/aktualis_elemei/bio2szulinap.html" "Mozilla/5.0 (Linux; Android 6.0; ALE-L21 Build/HuaweiALE-L21) AppleWebKit/537.36 (KHTML, like Gecko) Chrome/66.0.3359.158 Mobile Safari/537.36"
66.249.81.201 - - [13/Jun/2018:18:46:24 +0200] "GET /aktualis_elemei/bio2szulinap_elemei/image038.jpg HTTP/1.1" 200 14459 "http://www.greenaction.hu/aktualis_elemei/bio2szulinap.html" "Mozilla/5.0 (Linux; Android 6.0; ALE-L21 Build/HuaweiALE-L21) AppleWebKit/537.36 (KHTML, like Gecko) Chrome/66.0.3359.158 Mobile Safari/537.36"
66.249.81.201 - - [13/Jun/2018:18:46:25 +0200] "GET /aktualis_elemei/bio2szulinap_elemei/image036.jpg HTTP/1.1" 200 13931 "http://www.greenaction.hu/aktualis_elemei/bio2szulinap.html" "Mozilla/5.0 (Linux; Android 6.0; ALE-L21 Build/HuaweiALE-L21) AppleWebKit/537.36 (KHTML, like Gecko) Chrome/66.0.3359.158 Mobile Safari/537.36"
66.249.81.199 - - [13/Jun/2018:18:46:25 +0200] "GET /aktualis_elemei/bio2szulinap_elemei/image082.jpg HTTP/1.1" 200 7560 "http://www.greenaction.hu/aktualis_elemei/bio2szulinap.html" "Mozilla/5.0 (Linux; Android 6.0; ALE-L21 Build/HuaweiALE-L21) AppleWebKit/537.36 (KHTML, like Gecko) Chrome/66.0.3359.158 Mobile Safari/537.36"
66.249.81.201 - - [13/Jun/2018:18:46:25 +0200] "GET /aktualis_elemei/bio2szulinap_elemei/image078.jpg HTTP/1.1" 200 7760 "http://www.greenaction.hu/aktualis_elemei/bio2szulinap.html" "Mozilla/5.0 (Linux; Android 6.0; ALE-L21 Build/HuaweiALE-L21) AppleWebKit/537.36 (KHTML, like Gecko) Chrome/66.0.3359.158 Mobile Safari/537.36"
66.249.81.199 - - [13/Jun/2018:18:46:26 +0200] "GET /aktualis_elemei/bio2szulinap_elemei/image088.jpg HTTP/1.1" 200 7592 "http://www.greenaction.hu/aktualis_elemei/bio2szulinap.html" "Mozilla/5.0 (Linux; Android 6.0; ALE-L21 Build/HuaweiALE-L21) AppleWebKit/537.36 (KHTML, like Gecko) Chrome/66.0.3359.158 Mobile Safari/537.36"
66.249.81.199 - - [13/Jun/2018:18:46:26 +0200] "GET /aktualis_elemei/bio2szulinap_elemei/image076.jpg HTTP/1.1" 200 9572 "http://www.greenaction.hu/aktualis_elemei/bio2szulinap.html" "Mozilla/5.0 (Linux; Android 6.0; ALE-L21 Build/HuaweiALE-L21) AppleWebKit/537.36 (KHTML, like Gecko) Chrome/66.0.3359.158 Mobile Safari/537.36"
66.249.81.203 - - [13/Jun/2018:18:46:26 +0200] "GET /aktualis_elemei/bio2szulinap_elemei/image084.jpg HTTP/1.1" 200 7747 "http://www.greenaction.hu/aktualis_elemei/bio2szulinap.html" "Mozilla/5.0 (Linux; Android 6.0; ALE-L21 Build/HuaweiALE-L21) AppleWebKit/537.36 (KHTML, like Gecko) Chrome/66.0.3359.158 Mobile Safari/537.36"
66.249.81.199 - - [13/Jun/2018:18:46:26 +0200] "GET /aktualis_elemei/bio2szulinap_elemei/image094.jpg HTTP/1.1" 200 7635 "http://www.greenaction.hu/aktualis_elemei/bio2szulinap.html" "Mozilla/5.0 (Linux; Android 6.0; ALE-L21 Build/HuaweiALE-L21) AppleWebKit/537.36 (KHTML, like Gecko) Chrome/66.0.3359.158 Mobile Safari/537.36"
66.249.81.201 - - [13/Jun/2018:18:46:26 +0200] "GET /aktualis_elemei/bio2szulinap_elemei/image102.jpg HTTP/1.1" 200 8017 "http://www.greenaction.hu/aktualis_elemei/bio2szulinap.html" "Mozilla/5.0 (Linux; Android 6.0; ALE-L21 Build/HuaweiALE-L21) AppleWebKit/537.36 (KHTML, like Gecko) Chrome/66.0.3359.158 Mobile Safari/537.36"
66.249.81.203 - - [13/Jun/2018:18:46:26 +0200] "GET /aktualis_elemei/bio2szulinap_elemei/image090.jpg HTTP/1.1" 200 7132 "http://www.greenaction.hu/aktualis_elemei/bio2szulinap.html" "Mozilla/5.0 (Linux; Android 6.0; ALE-L21 Build/HuaweiALE-L21) AppleWebKit/537.36 (KHTML, like Gecko) Chrome/66.0.3359.158 Mobile Safari/537.36"
66.249.81.199 - - [13/Jun/2018:18:46:27 +0200] "GET /aktualis_elemei/bio2szulinap_elemei/image100.jpg HTTP/1.1" 200 7946 "http://www.greenaction.hu/aktualis_elemei/bio2szulinap.html" "Mozilla/5.0 (Linux; Android 6.0; ALE-L21 Build/HuaweiALE-L21) AppleWebKit/537.36 (KHTML, like Gecko) Chrome/66.0.3359.158 Mobile Safari/537.36"
66.249.81.203 - - [13/Jun/2018:18:46:27 +0200] "GET /aktualis_elemei/bio2szulinap_elemei/image080.jpg HTTP/1.1" 200 9907 "http://www.greenaction.hu/aktualis_elemei/bio2szulinap.html" "Mozilla/5.0 (Linux; Android 6.0; ALE-L21 Build/HuaweiALE-L21) AppleWebKit/537.36 (KHTML, like Gecko) Chrome/66.0.3359.158 Mobile Safari/537.36"
66.249.81.201 - - [13/Jun/2018:18:46:27 +0200] "GET /aktualis_elemei/bio2szulinap_elemei/image096.jpg HTTP/1.1" 200 8771 "http://www.greenaction.hu/aktualis_elemei/bio2szulinap.html" "Mozilla/5.0 (Linux; Android 6.0; ALE-L21 Build/HuaweiALE-L21) AppleWebKit/537.36 (KHTML, like Gecko) Chrome/66.0.3359.158 Mobile Safari/537.36"
66.249.81.203 - - [13/Jun/2018:18:46:27 +0200] "GET /aktualis_elemei/bio2szulinap_elemei/image086.jpg HTTP/1.1" 200 7670 "http://www.greenaction.hu/aktualis_elemei/bio2szulinap.html" "Mozilla/5.0 (Linux; Android 6.0; ALE-L21 Build/HuaweiALE-L21) AppleWebKit/537.36 (KHTML, like Gecko) Chrome/66.0.3359.158 Mobile Safari/537.36"
66.249.81.203 - - [13/Jun/2018:18:46:27 +0200] "GET /aktualis_elemei/bio2szulinap_elemei/image124.jpg HTTP/1.1" 200 8278 "http://www.greenaction.hu/aktualis_elemei/bio2szulinap.html" "Mozilla/5.0 (Linux; Android 6.0; ALE-L21 Build/HuaweiALE-L21) AppleWebKit/537.36 (KHTML, like Gecko) Chrome/66.0.3359.158 Mobile Safari/537.36"
66.249.81.201 - - [13/Jun/2018:18:46:27 +0200] "GET /aktualis_elemei/bio2szulinap_elemei/image114.jpg HTTP/1.1" 200 6950 "http://www.greenaction.hu/aktualis_elemei/bio2szulinap.html" "Mozilla/5.0 (Linux; Android 6.0; ALE-L21 Build/HuaweiALE-L21) AppleWebKit/537.36 (KHTML, like Gecko) Chrome/66.0.3359.158 Mobile Safari/537.36"
66.249.81.203 - - [13/Jun/2018:18:46:27 +0200] "GET /aktualis_elemei/bio2szulinap_elemei/image130.jpg HTTP/1.1" 200 7636 "http://www.greenaction.hu/aktualis_elemei/bio2szulinap.html" "Mozilla/5.0 (Linux; Android 6.0; ALE-L21 Build/HuaweiALE-L21) AppleWebKit/537.36 (KHTML, like Gecko) Chrome/66.0.3359.158 Mobile Safari/537.36"
66.249.81.201 - - [13/Jun/2018:18:46:27 +0200] "GET /aktualis_elemei/bio2szulinap_elemei/image118.jpg HTTP/1.1" 200 9292 "http://www.greenaction.hu/aktualis_elemei/bio2szulinap.html" "Mozilla/5.0 (Linux; Android 6.0; ALE-L21 Build/HuaweiALE-L21) AppleWebKit/537.36 (KHTML, like Gecko) Chrome/66.0.3359.158 Mobile Safari/537.36"
66.249.81.199 - - [13/Jun/2018:18:46:27 +0200] "GET /aktualis_elemei/bio2szulinap_elemei/image106.jpg HTTP/1.1" 200 7697 "http://www.greenaction.hu/aktualis_elemei/bio2szulinap.html" "Mozilla/5.0 (Linux; Android 6.0; ALE-L21 Build/HuaweiALE-L21) AppleWebKit/537.36 (KHTML, like Gecko) Chrome/66.0.3359.158 Mobile Safari/537.36"
66.249.81.201 - - [13/Jun/2018:18:46:27 +0200] "GET /aktualis_elemei/bio2szulinap_elemei/image112.jpg HTTP/1.1" 200 8269 "http://www.greenaction.hu/aktualis_elemei/bio2szulinap.html" "Mozilla/5.0 (Linux; Android 6.0; ALE-L21 Build/HuaweiALE-L21) AppleWebKit/537.36 (KHTML, like Gecko) Chrome/66.0.3359.158 Mobile Safari/537.36"
66.249.81.203 - - [13/Jun/2018:18:46:27 +0200] "GET /aktualis_elemei/bio2szulinap_elemei/image116.jpg HTTP/1.1" 200 9709 "http://www.greenaction.hu/aktualis_elemei/bio2szulinap.html" "Mozilla/5.0 (Linux; Android 6.0; ALE-L21 Build/HuaweiALE-L21) AppleWebKit/537.36 (KHTML, like Gecko) Chrome/66.0.3359.158 Mobile Safari/537.36"
66.249.81.199 - - [13/Jun/2018:18:46:27 +0200] "GET /aktualis_elemei/bio2szulinap_elemei/image108.jpg HTTP/1.1" 200 9238 "http://www.greenaction.hu/aktualis_elemei/bio2szulinap.html" "Mozilla/5.0 (Linux; Android 6.0; ALE-L21 Build/HuaweiALE-L21) AppleWebKit/537.36 (KHTML, like Gecko) Chrome/66.0.3359.158 Mobile Safari/537.36"
66.249.81.203 - - [13/Jun/2018:18:46:27 +0200] "GET /aktualis_elemei/bio2szulinap_elemei/image120.jpg HTTP/1.1" 200 9114 "http://www.greenaction.hu/aktualis_elemei/bio2szulinap.html" "Mozilla/5.0 (Linux; Android 6.0; ALE-L21 Build/HuaweiALE-L21) AppleWebKit/537.36 (KHTML, like Gecko) Chrome/66.0.3359.158 Mobile Safari/537.36"
66.249.81.199 - - [13/Jun/2018:18:46:27 +0200] "GET /aktualis_elemei/bio2szulinap_elemei/image126.jpg HTTP/1.1" 200 9363 "http://www.greenaction.hu/aktualis_elemei/bio2szulinap.html" "Mozilla/5.0 (Linux; Android 6.0; ALE-L21 Build/HuaweiALE-L21) AppleWebKit/537.36 (KHTML, like Gecko) Chrome/66.0.3359.158 Mobile Safari/537.36"
66.249.81.201 - - [13/Jun/2018:18:46:27 +0200] "GET /aktualis_elemei/bio2szulinap_elemei/image128.jpg HTTP/1.1" 200 8653 "http://www.greenaction.hu/aktualis_elemei/bio2szulinap.html" "Mozilla/5.0 (Linux; Android 6.0; ALE-L21 Build/HuaweiALE-L21) AppleWebKit/537.36 (KHTML, like Gecko) Chrome/66.0.3359.158 Mobile Safari/537.36"
66.249.81.199 - - [13/Jun/2018:18:46:27 +0200] "GET /aktualis_elemei/bio2szulinap_elemei/image110.jpg HTTP/1.1" 200 8760 "http://www.greenaction.hu/aktualis_elemei/bio2szulinap.html" "Mozilla/5.0 (Linux; Android 6.0; ALE-L21 Build/HuaweiALE-L21) AppleWebKit/537.36 (KHTML, like Gecko) Chrome/66.0.3359.158 Mobile Safari/537.36"
66.249.81.199 - - [13/Jun/2018:18:46:27 +0200] "GET /aktualis_elemei/bio2szulinap_elemei/image142.jpg HTTP/1.1" 200 9654 "http://www.greenaction.hu/aktualis_elemei/bio2szulinap.html" "Mozilla/5.0 (Linux; Android 6.0; ALE-L21 Build/HuaweiALE-L21) AppleWebKit/537.36 (KHTML, like Gecko) Chrome/66.0.3359.158 Mobile Safari/537.36"
66.249.81.201 - - [13/Jun/2018:18:46:27 +0200] "GET /aktualis_elemei/bio2szulinap_elemei/image140.jpg HTTP/1.1" 200 9938 "http://www.greenaction.hu/aktualis_elemei/bio2szulinap.html" "Mozilla/5.0 (Linux; Android 6.0; ALE-L21 Build/HuaweiALE-L21) AppleWebKit/537.36 (KHTML, like Gecko) Chrome/66.0.3359.158 Mobile Safari/537.36"
66.249.81.203 - - [13/Jun/2018:18:46:27 +0200] "GET /aktualis_elemei/bio2szulinap_elemei/image144.jpg HTTP/1.1" 200 9920 "http://www.greenaction.hu/aktualis_elemei/bio2szulinap.html" "Mozilla/5.0 (Linux; Android 6.0; ALE-L21 Build/HuaweiALE-L21) AppleWebKit/537.36 (KHTML, like Gecko) Chrome/66.0.3359.158 Mobile Safari/537.36"
66.249.81.203 - - [13/Jun/2018:18:46:27 +0200] "GET /aktualis_elemei/bio2szulinap_elemei/image132.jpg HTTP/1.1" 200 8237 "http://www.greenaction.hu/aktualis_elemei/bio2szulinap.html" "Mozilla/5.0 (Linux; Android 6.0; ALE-L21 Build/HuaweiALE-L21) AppleWebKit/537.36 (KHTML, like Gecko) Chrome/66.0.3359.158 Mobile Safari/537.36"
66.249.81.201 - - [13/Jun/2018:18:46:27 +0200] "GET /aktualis_elemei/bio2szulinap_elemei/image136.jpg HTTP/1.1" 200 7982 "http://www.greenaction.hu/aktualis_elemei/bio2szulinap.html" "Mozilla/5.0 (Linux; Android 6.0; ALE-L21 Build/HuaweiALE-L21) AppleWebKit/537.36 (KHTML, like Gecko) Chrome/66.0.3359.158 Mobile Safari/537.36"
66.249.81.199 - - [13/Jun/2018:18:46:27 +0200] "GET /aktualis_elemei/bio2szulinap_elemei/image138.jpg HTTP/1.1" 200 9822 "http://www.greenaction.hu/aktualis_elemei/bio2szulinap.html" "Mozilla/5.0 (Linux; Android 6.0; ALE-L21 Build/HuaweiALE-L21) AppleWebKit/537.36 (KHTML, like Gecko) Chrome/66.0.3359.158 Mobile Safari/537.36"
31.46.168.114 - - [13/Jun/2018:18:46:27 +0200] "GET /aktualis_elemei/bio2szulinap_elemei/image036.jpg HTTP/1.1" 200 13931 "http://www.greenaction.hu/aktualis_elemei/bio2szulinap.html" "Mozilla/5.0 (Linux; Android 6.0; ALE-L21 Build/HuaweiALE-L21) AppleWebKit/537.36 (KHTML, like Gecko) Chrome/66.0.3359.158 Mobile Safari/537.36"
31.46.168.114 - - [13/Jun/2018:18:46:27 +0200] "GET /aktualis_elemei/bio2szulinap_elemei/image078.jpg HTTP/1.1" 200 7760 "http://www.greenaction.hu/aktualis_elemei/bio2szulinap.html" "Mozilla/5.0 (Linux; Android 6.0; ALE-L21 Build/HuaweiALE-L21) AppleWebKit/537.36 (KHTML, like Gecko) Chrome/66.0.3359.158 Mobile Safari/537.36"
31.46.168.114 - - [13/Jun/2018:18:46:27 +0200] "GET /aktualis_elemei/bio2szulinap_elemei/image094.jpg HTTP/1.1" 200 7635 "http://www.greenaction.hu/aktualis_elemei/bio2szulinap.html" "Mozilla/5.0 (Linux; Android 6.0; ALE-L21 Build/HuaweiALE-L21) AppleWebKit/537.36 (KHTML, like Gecko) Chrome/66.0.3359.158 Mobile Safari/537.36"
31.46.168.114 - - [13/Jun/2018:18:46:27 +0200] "GET /aktualis_elemei/bio2szulinap_elemei/image080.jpg HTTP/1.1" 200 9907 "http://www.greenaction.hu/aktualis_elemei/bio2szulinap.html" "Mozilla/5.0 (Linux; Android 6.0; ALE-L21 Build/HuaweiALE-L21) AppleWebKit/537.36 (KHTML, like Gecko) Chrome/66.0.3359.158 Mobile Safari/537.36"
31.46.168.114 - - [13/Jun/2018:18:46:27 +0200] "GET /aktualis_elemei/bio2szulinap_elemei/image084.jpg HTTP/1.1" 200 7747 "http://www.greenaction.hu/aktualis_elemei/bio2szulinap.html" "Mozilla/5.0 (Linux; Android 6.0; ALE-L21 Build/HuaweiALE-L21) AppleWebKit/537.36 (KHTML, like Gecko) Chrome/66.0.3359.158 Mobile Safari/537.36"
31.46.168.114 - - [13/Jun/2018:18:46:27 +0200] "GET /aktualis_elemei/bio2szulinap_elemei/image076.jpg HTTP/1.1" 200 9572 "http://www.greenaction.hu/aktualis_elemei/bio2szulinap.html" "Mozilla/5.0 (Linux; Android 6.0; ALE-L21 Build/HuaweiALE-L21) AppleWebKit/537.36 (KHTML, like Gecko) Chrome/66.0.3359.158 Mobile Safari/537.36"
121.42.50.93 - - [13/Jun/2018:18:57:34 +0200] "GET /wp-login.php HTTP/1.1" 404 1181 "-" "Apache-HttpClient/4.5.2 (Java/1.8.0_151)"
121.42.50.93 - - [13/Jun/2018:18:57:35 +0200] "GET /?author=1 HTTP/1.1" 200 884 "-" "Apache-HttpClient/4.5.2 (Java/1.8.0_151)"
121.42.50.93 - - [13/Jun/2018:18:57:35 +0200] "GET /?author=2 HTTP/1.1" 200 884 "-" "Apache-HttpClient/4.5.2 (Java/1.8.0_151)"
121.42.50.93 - - [13/Jun/2018:18:57:35 +0200] "GET /?author=3 HTTP/1.1" 200 884 "-" "Apache-HttpClient/4.5.2 (Java/1.8.0_151)"
121.42.50.93 - - [13/Jun/2018:18:57:36 +0200] "GET /?author=4 HTTP/1.1" 200 884 "-" "Apache-HttpClient/4.5.2 (Java/1.8.0_151)"
121.42.50.93 - - [13/Jun/2018:18:57:36 +0200] "GET /?author=5 HTTP/1.1" 200 884 "-" "Apache-HttpClient/4.5.2 (Java/1.8.0_151)"
121.42.50.93 - - [13/Jun/2018:18:57:36 +0200] "GET /?author=6 HTTP/1.1" 200 884 "-" "Apache-HttpClient/4.5.2 (Java/1.8.0_151)"
121.42.50.93 - - [13/Jun/2018:18:57:36 +0200] "GET /?author=7 HTTP/1.1" 200 884 "-" "Apache-HttpClient/4.5.2 (Java/1.8.0_151)"
121.42.50.93 - - [13/Jun/2018:18:57:37 +0200] "GET /?author=8 HTTP/1.1" 200 884 "-" "Apache-HttpClient/4.5.2 (Java/1.8.0_151)"
121.42.50.93 - - [13/Jun/2018:18:57:37 +0200] "GET /?author=9 HTTP/1.1" 200 884 "-" "Apache-HttpClient/4.5.2 (Java/1.8.0_151)"
121.42.50.93 - - [13/Jun/2018:18:57:37 +0200] "GET /?author=10 HTTP/1.1" 200 884 "-" "Apache-HttpClient/4.5.2 (Java/1.8.0_151)"
121.42.50.93 - - [13/Jun/2018:18:57:38 +0200] "GET /?author=11 HTTP/1.1" 200 884 "-" "Apache-HttpClient/4.5.2 (Java/1.8.0_151)"
121.42.50.93 - - [13/Jun/2018:18:57:38 +0200] "GET /?author=12 HTTP/1.1" 200 884 "-" "Apache-HttpClient/4.5.2 (Java/1.8.0_151)"
121.42.50.93 - - [13/Jun/2018:18:57:38 +0200] "GET /?author=13 HTTP/1.1" 200 884 "-" "Apache-HttpClient/4.5.2 (Java/1.8.0_151)"
121.42.50.93 - - [13/Jun/2018:18:57:38 +0200] "GET /?author=14 HTTP/1.1" 200 884 "-" "Apache-HttpClient/4.5.2 (Java/1.8.0_151)"
121.42.50.93 - - [13/Jun/2018:18:57:39 +0200] "GET /?author=15 HTTP/1.1" 200 884 "-" "Apache-HttpClient/4.5.2 (Java/1.8.0_151)"
207.46.13.102 - - [13/Jun/2018:19:11:16 +0200] "GET /aktualis_elemei/bio2szulinap_elemei/image108.jpg HTTP/1.1" 200 9238 "-" "Mozilla/5.0 (compatible; bingbot/2.0; +http://www.bing.com/bingbot.htm)"
66.249.66.151 - - [13/Jun/2018:19:14:28 +0200] "GET /aktualis_elemei/bio2szulinap_elemei/image082.jpg HTTP/1.1" 304 - "-" "Googlebot-Image/1.0"
207.46.13.100 - - [13/Jun/2018:20:39:33 +0200] "GET / HTTP/1.1" 200 884 "-" "Mozilla/5.0 (compatible; bingbot/2.0; +http://www.bing.com/bingbot.htm)"
66.249.66.199 - - [13/Jun/2018:21:08:27 +0200] "GET /robots.txt HTTP/1.1" 404 1181 "-" "Mozilla/5.0 (compatible; Googlebot/2.1; +http://www.google.com/bot.html)"
66.249.66.201 - - [13/Jun/2018:21:08:28 +0200] "GET / HTTP/1.1" 200 884 "-" "Mozilla/5.0 (compatible; Googlebot/2.1; +http://www.google.com/bot.html)"
66.249.66.201 - - [13/Jun/2018:21:08:47 +0200] "GET /zoldakcio.swf HTTP/1.1" 200 840351 "-" "Mozilla/5.0 (compatible; Googlebot/2.1; +http://www.google.com/bot.html)"
66.249.66.199 - - [13/Jun/2018:21:08:55 +0200] "GET /hirek/hirek.txt HTTP/1.1" 200 96857 "-" "Mozilla/5.0 (compatible; Googlebot/2.1; +http://www.google.com/bot.html)"
66.249.66.199 - - [13/Jun/2018:21:08:55 +0200] "GET /esemenynaptar/SparkEventsCalendar_loadVars.txt HTTP/1.1" 200 72712 "-" "Mozilla/5.0 (compatible; Googlebot/2.1; +http://www.google.com/bot.html)"
66.249.66.201 - - [13/Jun/2018:21:09:03 +0200] "GET /favicon.ico HTTP/1.1" 404 1181 "-" "Googlebot-Image/1.0"
79.108.123.45 - - [13/Jun/2018:21:17:02 +0200] "GET / HTTP/1.1" 200 884 "-" "Java/1.8.0_171"
66.249.66.203 - - [13/Jun/2018:21:39:05 +0200] "GET / HTTP/1.1" 200 884 "-" "Mozilla/5.0 (Linux; Android 6.0.1; Nexus 5X Build/MMB29P) AppleWebKit/537.36 (KHTML, like Gecko) Chrome/41.0.2272.96 Mobile Safari/537.36 (compatible; Googlebot/2.1; +http://www.google.com/bot.html)"
66.249.66.201 - - [13/Jun/2018:21:39:30 +0200] "GET /favicon.ico HTTP/1.1" 404 1181 "-" "Googlebot-Image/1.0"
54.36.148.148 - - [13/Jun/2018:22:19:06 +0200] "GET /aktualis_elemei/bbbekagyart%20elozetes.html HTTP/1.1" 200 9699 "-" "Mozilla/5.0 (compatible; AhrefsBot/5.2; +http://ahrefs.com/robot/)"
207.46.13.104 - - [13/Jun/2018:22:54:34 +0200] "GET /kiadvany/miabio.pdf HTTP/1.1" 200 10762280 "-" "Mozilla/5.0 (iPhone; CPU iPhone OS 7_0 like Mac OS X) AppleWebKit/537.51.1 (KHTML, like Gecko) Version/7.0 Mobile/11A465 Safari/9537.53 (compatible; bingbot/2.0; +http://www.bing.com/bingbot.htm)"
66.249.66.151 - - [14/Jun/2018:00:08:12 +0200] "GET /robots.txt HTTP/1.1" 404 1181 "-" "Mozilla/5.0 (compatible; Googlebot/2.1; +http://www.google.com/bot.html)"
66.249.66.153 - - [14/Jun/2018:00:08:13 +0200] "GET /aktualis_elemei/bio2szulinap_elemei/image070.jpg HTTP/1.1" 304 - "-" "Googlebot-Image/1.0"
207.46.13.100 - - [14/Jun/2018:00:15:10 +0200] "GET /aktualis_elemei/katonai_elemei/image003.jpg HTTP/1.1" 200 88392 "-" "Mozilla/5.0 (compatible; bingbot/2.0; +http://www.bing.com/bingbot.htm)"
207.46.13.104 - - [14/Jun/2018:00:41:40 +0200] "GET /aktualis_elemei/bio2szulinap_elemei/image116.jpg HTTP/1.1" 200 9709 "-" "Mozilla/5.0 (compatible; bingbot/2.0; +http://www.bing.com/bingbot.htm)"
40.77.190.187 - - [14/Jun/2018:00:44:14 +0200] "GET /kiadvany/miabio.pdf HTTP/1.1" 200 4284416 "-" "Mozilla/5.0 (iPhone; CPU iPhone OS 7_0 like Mac OS X) AppleWebKit/537.51.1 (KHTML, like Gecko) Version/7.0 Mobile/11A465 Safari/9537.53 BingPreview/1.0b"
66.249.66.153 - - [14/Jun/2018:00:45:42 +0200] "GET / HTTP/1.1" 200 884 "-" "Mozilla/5.0 (compatible; Googlebot/2.1; +http://www.google.com/bot.html)"
5.196.87.126 - - [14/Jun/2018:01:30:09 +0200] "GET /robots.txt HTTP/1.1" 404 1181 "-" "Mozilla/5.0 (compatible; AhrefsBot/5.2; +http://ahrefs.com/robot/)"
207.46.13.102 - - [14/Jun/2018:01:42:41 +0200] "GET /aktualis.html HTTP/1.1" 200 104235 "-" "Mozilla/5.0 (iPhone; CPU iPhone OS 7_0 like Mac OS X) AppleWebKit/537.51.1 (KHTML, like Gecko) Version/7.0 Mobile/11A465 Safari/9537.53 (compatible; bingbot/2.0; +http://www.bing.com/bingbot.htm)"
207.46.13.100 - - [14/Jun/2018:01:49:13 +0200] "GET / HTTP/1.1" 200 884 "-" "Mozilla/5.0 (compatible; bingbot/2.0; +http://www.bing.com/bingbot.htm)"
207.46.13.103 - - [14/Jun/2018:02:09:50 +0200] "GET /aktualis_elemei/bio2szulinap_elemei/image092.jpg HTTP/1.1" 200 7352 "-" "Mozilla/5.0 (compatible; bingbot/2.0; +http://www.bing.com/bingbot.htm)"
51.38.14.169 - - [14/Jun/2018:02:23:58 +0200] "GET / HTTP/1.0" 200 884 "http://greenaction.hu/" "Mozilla/5.0 (Windows NT 6.1; Win64; x64) AppleWebKit/537.36 (KHTML, like Gecko) Chrome/62.0.3202.89 Safari/537.36 OPR/49.0.2725.47"
216.244.66.234 - - [14/Jun/2018:02:28:35 +0200] "GET /robots.txt HTTP/1.1" 404 1181 "-" "Mozilla/5.0 (compatible; DotBot/1.1; http://www.opensiteexplorer.org/dotbot, help@moz.com)"
216.244.66.234 - - [14/Jun/2018:02:32:10 +0200] "GET /hirek/hirek.txt HTTP/1.1" 200 96857 "-" "Mozilla/5.0 (compatible; DotBot/1.1; http://www.opensiteexplorer.org/dotbot, help@moz.com)"
207.46.13.104 - - [14/Jun/2018:02:59:03 +0200] "GET /aktualis_elemei/bio2szulinap_elemei/image074.jpg HTTP/1.1" 200 8857 "-" "Mozilla/5.0 (compatible; bingbot/2.0; +http://www.bing.com/bingbot.htm)"
80.77.124.233 - - [14/Jun/2018:04:42:39 +0200] "GET /archiv_elemei/acitc.html HTTP/1.1" 200 13312 "-" "Mozilla/5.0 (Windows NT 10.0; Win64; x64) AppleWebKit/537.36 (KHTML, like Gecko) Chrome/62.0.3202.94 Safari/537.36"
77.111.91.248 - - [14/Jun/2018:04:43:16 +0200] "GET / HTTP/1.1" 200 884 "-" "Mozilla/5.0 (Windows NT 10.0; Win64; x64) AppleWebKit/537.36 (KHTML, like Gecko) Chrome/62.0.3202.94 Safari/537.36"
47.96.233.90 - - [14/Jun/2018:05:07:30 +0200] "HEAD /xmlrpz-sql.php HTTP/1.1" 404 0 "-" "-"
66.249.70.9 - - [14/Jun/2018:05:32:27 +0200] "GET / HTTP/1.1" 200 884 "-" "Mozilla/5.0 (Linux; Android 6.0.1; Nexus 5X Build/MMB29P) AppleWebKit/537.36 (KHTML, like Gecko) Chrome/41.0.2272.96 Mobile Safari/537.36 (compatible; Googlebot/2.1; +http://www.google.com/bot.html)"
207.46.13.103 - - [14/Jun/2018:06:18:03 +0200] "GET /kiadvany/delbukk.pdf HTTP/1.1" 200 1540585 "-" "Mozilla/5.0 (iPhone; CPU iPhone OS 7_0 like Mac OS X) AppleWebKit/537.51.1 (KHTML, like Gecko) Version/7.0 Mobile/11A465 Safari/9537.53 (compatible; bingbot/2.0; +http://www.bing.com/bingbot.htm)"
207.46.13.103 - - [14/Jun/2018:06:18:09 +0200] "GET /robots.txt HTTP/1.1" 404 1181 "-" "Mozilla/5.0 (compatible; bingbot/2.0; +http://www.bing.com/bingbot.htm)"
207.46.13.100 - - [14/Jun/2018:06:21:50 +0200] "GET /aktualis_elemei/bio2szulinap_elemei/image114.jpg HTTP/1.1" 200 6950 "-" "Mozilla/5.0 (compatible; bingbot/2.0; +http://www.bing.com/bingbot.htm)"
54.36.148.83 - - [14/Jun/2018:06:27:23 +0200] "GET /aktualis_elemei/bioarak%2009.07.html HTTP/1.1" 200 504057 "-" "Mozilla/5.0 (compatible; AhrefsBot/5.2; +http://ahrefs.com/robot/)"
66.249.70.7 - - [14/Jun/2018:06:57:18 +0200] "GET /aktualis_elemei/bio2szulinap_elemei/image134.jpg HTTP/1.1" 304 - "-" "Googlebot-Image/1.0"
207.46.13.100 - - [14/Jun/2018:07:06:08 +0200] "GET /aktualis_elemei/bio2szulinap_elemei/image114.jpg HTTP/1.1" 200 6950 "-" "Mozilla/5.0 (compatible; bingbot/2.0; +http://www.bing.com/bingbot.htm)"
66.249.64.135 - - [14/Jun/2018:07:32:34 +0200] "GET / HTTP/1.1" 200 884 "-" "Mozilla/5.0 (compatible; Googlebot/2.1; +http://www.google.com/bot.html)"
207.46.13.104 - - [14/Jun/2018:08:14:15 +0200] "GET /aktualis_elemei/bparak0908.html HTTP/1.1" 304 - "-" "Mozilla/5.0 (compatible; bingbot/2.0; +http://www.bing.com/bingbot.htm)"
54.36.148.165 - - [14/Jun/2018:08:21:17 +0200] "GET /aktualis_elemei/katonai.html HTTP/1.1" 200 22109 "-" "Mozilla/5.0 (compatible; AhrefsBot/5.2; +http://ahrefs.com/robot/)"
207.46.13.104 - - [14/Jun/2018:08:32:40 +0200] "GET /kiadvany/miabio.pdf HTTP/1.1" 200 10723616 "-" "Mozilla/5.0 (iPhone; CPU iPhone OS 7_0 like Mac OS X) AppleWebKit/537.51.1 (KHTML, like Gecko) Version/7.0 Mobile/11A465 Safari/9537.53 (compatible; bingbot/2.0; +http://www.bing.com/bingbot.htm)"
66.249.70.7 - - [14/Jun/2018:09:08:12 +0200] "GET /aktualis_elemei/bio2szulinap_elemei/image142.jpg HTTP/1.1" 304 - "-" "Googlebot-Image/1.0"
207.46.13.103 - - [14/Jun/2018:09:21:47 +0200] "GET /robots.txt HTTP/1.1" 404 1181 "-" "Mozilla/5.0 (compatible; bingbot/2.0; +http://www.bing.com/bingbot.htm)"
194.246.102.131 - - [14/Jun/2018:09:39:36 +0200] "GET / HTTP/1.1" 200 884 "-" "Java/1.7.0"
66.249.70.7 - - [14/Jun/2018:09:40:56 +0200] "GET /aktualis_elemei/bio2szulinap_elemei/image016.jpg HTTP/1.1" 304 - "-" "Googlebot-Image/1.0"
192.158.224.66 - - [14/Jun/2018:10:09:47 +0200] "HEAD / HTTP/1.1" 200 0 "https://norvegcivilalap.hu/hu/tamogatott/3286" "Mozilla/5.0 (Windows NT 6.3; WOW64) AppleWebKit/537.36 (KHTML, like Gecko) Chrome/38.0.2125.111 Safari/537.36"
192.158.224.66 - - [14/Jun/2018:10:09:47 +0200] "GET / HTTP/1.1" 200 884 "https://norvegcivilalap.hu/hu/tamogatott/3286" "Mozilla/5.0 (Windows NT 6.3; WOW64) AppleWebKit/537.36 (KHTML, like Gecko) Chrome/38.0.2125.111 Safari/537.36"
40.77.190.29 - - [14/Jun/2018:10:23:14 +0200] "GET /kiadvany/miabio.pdf HTTP/1.1" 200 4284416 "-" "Mozilla/5.0 (iPhone; CPU iPhone OS 7_0 like Mac OS X) AppleWebKit/537.51.1 (KHTML, like Gecko) Version/7.0 Mobile/11A465 Safari/9537.53 BingPreview/1.0b"
66.249.70.7 - - [14/Jun/2018:10:30:01 +0200] "GET /aktualis_elemei/bio2szulinap_elemei/image042.jpg HTTP/1.1" 304 - "-" "Googlebot-Image/1.0"
207.46.13.73 - - [14/Jun/2018:10:49:25 +0200] "GET /robots.txt HTTP/1.1" 404 1181 "-" "Mozilla/5.0 (compatible; bingbot/2.0; +http://www.bing.com/bingbot.htm)"
193.169.252.77 - - [14/Jun/2018:11:34:27 +0200] "GET /wp-login.php HTTP/1.1" 404 1181 "http://greenaction.hu/wp-login.php" "Mozilla/4.0 (compatible; MSIE 9.0; Windows NT 6.1; 125LA; .NET CLR 2.0.50727; .NET CLR 3.0.04506.648; .NET CLR 3.5.21022)"
193.169.252.77 - - [14/Jun/2018:11:34:27 +0200] "GET /wp-login.php HTTP/1.1" 404 1181 "http://greenaction.hu/wp-login.php" "Mozilla/4.0 (compatible; MSIE 9.0; Windows NT 6.1; 125LA; .NET CLR 2.0.50727; .NET CLR 3.0.04506.648; .NET CLR 3.5.21022)"
54.198.86.28 - - [14/Jun/2018:12:10:28 +0200] "GET /robots.txt HTTP/1.1" 404 1181 "-" "CCBot/2.0 (http://commoncrawl.org/faq/)"
54.198.86.28 - - [14/Jun/2018:12:10:28 +0200] "GET / HTTP/1.1" 200 884 "-" "CCBot/2.0 (http://commoncrawl.org/faq/)"
199.58.86.211 - - [14/Jun/2018:12:10:53 +0200] "GET /robots.txt HTTP/1.1" 404 1181 "-" "Mozilla/5.0 (compatible; MJ12bot/v1.4.8; http://mj12bot.com/)"
199.58.86.211 - - [14/Jun/2018:12:10:55 +0200] "GET / HTTP/1.1" 200 884 "-" "Mozilla/5.0 (compatible; MJ12bot/v1.4.8; http://mj12bot.com/)"
66.249.64.139 - - [14/Jun/2018:12:20:47 +0200] "GET /robots.txt HTTP/1.1" 404 1181 "-" "Mozilla/5.0 (compatible; Googlebot/2.1; +http://www.google.com/bot.html)"
66.249.64.137 - - [14/Jun/2018:12:20:48 +0200] "GET / HTTP/1.1" 200 884 "-" "Mozilla/5.0 (Linux; Android 6.0.1; Nexus 5X Build/MMB29P) AppleWebKit/537.36 (KHTML, like Gecko) Chrome/41.0.2272.96 Mobile Safari/537.36 (compatible; Googlebot/2.1; +http://www.google.com/bot.html)"
66.249.70.9 - - [14/Jun/2018:12:24:34 +0200] "GET /robots.txt HTTP/1.1" 404 1181 "-" "Mozilla/5.0 (compatible; Googlebot/2.1; +http://www.google.com/bot.html)"
40.77.167.71 - - [14/Jun/2018:12:24:34 +0200] "GET /aktualis_elemei/bio2szulinap_elemei/image066.jpg HTTP/1.1" 200 9626 "-" "Mozilla/5.0 (compatible; bingbot/2.0; +http://www.bing.com/bingbot.htm)"
66.249.70.7 - - [14/Jun/2018:12:24:34 +0200] "GET /aktualis_elemei/bio2szulinap_elemei/image094.jpg HTTP/1.1" 304 - "-" "Googlebot-Image/1.0"
66.249.70.7 - - [14/Jun/2018:12:40:56 +0200] "GET /aktualis_elemei/bio2szulinap_elemei/image098.jpg HTTP/1.1" 304 - "-" "Googlebot-Image/1.0"
180.76.15.13 - - [14/Jun/2018:13:28:41 +0200] "GET /hirek/fn_reszletes.pdf HTTP/1.1" 200 195567 "-" "Mozilla/5.0 (compatible; Baiduspider/2.0; +http://www.baidu.com/search/spider.html)"
