66.249.70.9 - - [12/Aug/2018:11:35:09 +0200] "GET /aktualis_elemei/bio2szulinap_elemei/image016.jpg HTTP/1.1" 304 - "-" "Googlebot-Image/1.0"
66.249.70.7 - - [12/Aug/2018:11:45:08 +0200] "GET /aktualis_elemei/bio2szulinap_elemei/image124.jpg HTTP/1.1" 304 - "-" "Googlebot-Image/1.0"
66.249.70.7 - - [12/Aug/2018:11:50:11 +0200] "GET /aktualis_elemei/bio2szulinap_elemei/image120.jpg HTTP/1.1" 304 - "-" "Googlebot-Image/1.0"
66.249.70.7 - - [12/Aug/2018:11:55:18 +0200] "GET /aktualis_elemei/bio2szulinap_elemei/image144.jpg HTTP/1.1" 304 - "-" "Googlebot-Image/1.0"
66.249.70.11 - - [12/Aug/2018:12:00:29 +0200] "GET /aktualis_elemei/bio2szulinap_elemei/image042.jpg HTTP/1.1" 304 - "-" "Googlebot-Image/1.0"
66.249.70.11 - - [12/Aug/2018:12:05:42 +0200] "GET /aktualis_elemei/bio2szulinap_elemei/image094.jpg HTTP/1.1" 304 - "-" "Googlebot-Image/1.0"
66.249.70.7 - - [12/Aug/2018:12:15:50 +0200] "GET /aktualis_elemei/bio2szulinap_elemei/image028.jpg HTTP/1.1" 304 - "-" "Googlebot-Image/1.0"
66.249.70.7 - - [12/Aug/2018:12:20:49 +0200] "GET /aktualis_elemei/bio2szulinap_elemei/image142.jpg HTTP/1.1" 304 - "-" "Googlebot-Image/1.0"
66.249.70.11 - - [12/Aug/2018:12:25:58 +0200] "GET /aktualis_elemei/bio2szulinap_elemei/image138.jpg HTTP/1.1" 304 - "-" "Googlebot-Image/1.0"
66.249.70.9 - - [12/Aug/2018:12:30:49 +0200] "GET /aktualis_elemei/bio2szulinap_elemei/image136.jpg HTTP/1.1" 304 - "-" "Googlebot-Image/1.0"
77.111.91.248 - - [12/Aug/2018:12:53:21 +0200] "GET /archiv_elemei/acitc.html HTTP/1.1" 200 13312 "-" "Mozilla/5.0 (Windows NT 10.0; Win64; x64) AppleWebKit/537.36 (KHTML, like Gecko) Chrome/62.0.3202.94 Safari/537.36"
80.77.124.233 - - [12/Aug/2018:12:53:57 +0200] "GET / HTTP/1.1" 200 884 "-" "Mozilla/5.0 (Windows NT 10.0; Win64; x64) AppleWebKit/537.36 (KHTML, like Gecko) Chrome/62.0.3202.94 Safari/537.36"
178.128.152.39 - - [12/Aug/2018:13:04:42 +0200] "GET / HTTP/1.1" 200 884 "-" "Mozilla/5.0 (Windows NT 6.1; rv:33.0) Gecko/20100101 Firefox/33.0"
66.249.70.9 - - [12/Aug/2018:13:06:29 +0200] "GET /aktualis_elemei/bio2szulinap_elemei/image038.jpg HTTP/1.1" 304 - "-" "Googlebot-Image/1.0"
66.249.70.7 - - [12/Aug/2018:13:21:49 +0200] "GET /aktualis_elemei/bio2szulinap_elemei/image044.jpg HTTP/1.1" 304 - "-" "Googlebot-Image/1.0"
66.249.70.7 - - [12/Aug/2018:13:26:49 +0200] "GET /aktualis_elemei/bio2szulinap_elemei/image054.jpg HTTP/1.1" 304 - "-" "Googlebot-Image/1.0"
66.249.70.9 - - [12/Aug/2018:13:32:06 +0200] "GET /aktualis_elemei/bio2szulinap_elemei/image084.jpg HTTP/1.1" 304 - "-" "Googlebot-Image/1.0"
66.249.70.7 - - [12/Aug/2018:13:40:27 +0200] "GET / HTTP/1.1" 200 884 "-" "Mozilla/5.0 (Linux; Android 6.0.1; Nexus 5X Build/MMB29P) AppleWebKit/537.36 (KHTML, like Gecko) Chrome/41.0.2272.96 Mobile Safari/537.36 (compatible; Googlebot/2.1; +http://www.google.com/bot.html)"
66.249.70.9 - - [12/Aug/2018:13:40:28 +0200] "GET /robots.txt HTTP/1.1" 404 1181 "-" "Mozilla/5.0 (compatible; Googlebot/2.1; +http://www.google.com/bot.html)"
66.249.70.7 - - [12/Aug/2018:13:42:01 +0200] "GET /aktualis_elemei/bio2szulinap_elemei/image022.jpg HTTP/1.1" 304 - "-" "Googlebot-Image/1.0"
163.172.4.153 - - [12/Aug/2018:13:43:09 +0200] "GET / HTTP/1.1" 200 884 "http://greenaction.hu/" "Mozilla/5.0 (Windows NT 6.1; WOW64; Trident/7.0; rv:11.0) like Gecko"
66.249.70.11 - - [12/Aug/2018:14:07:45 +0200] "GET /aktualis_elemei/bio2szulinap_elemei/image086.jpg HTTP/1.1" 304 - "-" "Googlebot-Image/1.0"
66.249.70.11 - - [12/Aug/2018:14:17:59 +0200] "GET /aktualis_elemei/bio2szulinap_elemei/image074.jpg HTTP/1.1" 304 - "-" "Googlebot-Image/1.0"
78.153.116.178 - - [12/Aug/2018:14:21:41 +0200] "GET /kiadvany/miskolchvte.pdf HTTP/1.1" 200 4059249 "https://www.google.com/" "Mozilla/5.0 (Windows NT 5.1; rv:52.0) Gecko/20100101 Firefox/52.0"
78.153.116.178 - - [12/Aug/2018:14:21:43 +0200] "GET /favicon.ico HTTP/1.1" 404 1181 "-" "Mozilla/5.0 (Windows NT 5.1; rv:52.0) Gecko/20100101 Firefox/52.0"
78.153.116.178 - - [12/Aug/2018:14:21:43 +0200] "GET /favicon.ico HTTP/1.1" 404 1181 "-" "Mozilla/5.0 (Windows NT 5.1; rv:52.0) Gecko/20100101 Firefox/52.0"
34.245.8.8 - - [12/Aug/2018:14:26:09 +0200] "GET / HTTP/1.1" 200 884 "-" "Mozilla/5.0 (Windows NT 6.3; rv:46.0) Gecko/20100101 Firefox/46.0"
66.249.70.9 - - [12/Aug/2018:14:33:11 +0200] "GET /aktualis_elemei/bio2szulinap_elemei/image118.jpg HTTP/1.1" 304 - "-" "Googlebot-Image/1.0"
66.249.70.7 - - [12/Aug/2018:14:38:12 +0200] "GET /aktualis_elemei/bio2szulinap_elemei/image110.jpg HTTP/1.1" 304 - "-" "Googlebot-Image/1.0"
66.249.70.11 - - [12/Aug/2018:14:43:13 +0200] "GET /aktualis_elemei/bio2szulinap_elemei/image116.jpg HTTP/1.1" 304 - "-" "Googlebot-Image/1.0"
66.249.70.9 - - [12/Aug/2018:14:53:30 +0200] "GET /aktualis_elemei/bio2szulinap_elemei/image046.jpg HTTP/1.1" 304 - "-" "Googlebot-Image/1.0"
66.249.70.9 - - [12/Aug/2018:14:58:39 +0200] "GET /aktualis_elemei/bio2szulinap_elemei/image106.jpg HTTP/1.1" 304 - "-" "Googlebot-Image/1.0"
66.249.70.11 - - [12/Aug/2018:15:05:55 +0200] "GET /aktualis_elemei/bio2szulinap_elemei/image114.jpg HTTP/1.1" 304 - "-" "Googlebot-Image/1.0"
54.36.148.230 - - [12/Aug/2018:15:06:47 +0200] "GET / HTTP/1.1" 200 884 "-" "Mozilla/5.0 (compatible; AhrefsBot/5.2; +http://ahrefs.com/robot/)"
66.249.70.11 - - [12/Aug/2018:15:08:53 +0200] "GET /aktualis_elemei/bio2szulinap_elemei/image128.jpg HTTP/1.1" 304 - "-" "Googlebot-Image/1.0"
66.249.70.9 - - [12/Aug/2018:15:14:08 +0200] "GET /aktualis_elemei/bio2szulinap_elemei/image060.jpg HTTP/1.1" 304 - "-" "Googlebot-Image/1.0"
66.249.70.7 - - [12/Aug/2018:15:31:53 +0200] "GET /aktualis_elemei/bio2szulinap_elemei/image066.jpg HTTP/1.1" 304 - "-" "Googlebot-Image/1.0"
66.249.70.9 - - [12/Aug/2018:15:35:56 +0200] "GET /aktualis_elemei/bio2szulinap_elemei/image004.jpg HTTP/1.1" 304 - "-" "Googlebot-Image/1.0"
80.98.38.74 - - [12/Aug/2018:15:44:56 +0200] "GET /kiadvany/delbukk.jpg HTTP/1.1" 200 763448 "https://www.google.com/" "Mozilla/5.0 (Windows NT 5.1) AppleWebKit/537.36 (KHTML, like Gecko) Chrome/49.0.2623.112 Safari/537.36"
54.36.150.111 - - [12/Aug/2018:17:15:41 +0200] "GET /robots.txt HTTP/1.1" 404 1181 "-" "Mozilla/5.0 (compatible; AhrefsBot/5.2; +http://ahrefs.com/robot/)"
138.197.104.18 - - [12/Aug/2018:17:31:23 +0200] "GET / HTTP/1.1" 200 884 "http://www.greenaction.hu" "Mozilla/5.0 (X11; Datanyze; Linux x86_64) AppleWebKit/537.36 (KHTML, like Gecko) Chrome/65.0.3325.181 Safari/537.36"
66.249.70.7 - - [12/Aug/2018:17:41:39 +0200] "GET /aktualis_elemei/bio2szulinap_elemei/image032.jpg HTTP/1.1" 304 - "-" "Googlebot-Image/1.0"
66.249.70.11 - - [12/Aug/2018:18:01:50 +0200] "GET /aktualis_elemei/bio2szulinap_elemei/image104.jpg HTTP/1.1" 304 - "-" "Googlebot-Image/1.0"
66.249.70.11 - - [12/Aug/2018:18:07:01 +0200] "GET /aktualis_elemei/bio2szulinap_elemei/image098.jpg HTTP/1.1" 304 - "-" "Googlebot-Image/1.0"
66.249.70.11 - - [12/Aug/2018:18:28:27 +0200] "GET / HTTP/1.1" 200 884 "-" "Mozilla/5.0 (Linux; Android 6.0.1; Nexus 5X Build/MMB29P) AppleWebKit/537.36 (KHTML, like Gecko) Chrome/41.0.2272.96 Mobile Safari/537.36 (compatible; Googlebot/2.1; +http://www.google.com/bot.html)"
66.249.70.9 - - [12/Aug/2018:18:28:33 +0200] "GET /favicon.ico HTTP/1.1" 404 1181 "-" "Googlebot-Image/1.0"
66.249.70.11 - - [12/Aug/2018:18:37:41 +0200] "GET /aktualis_elemei/bio2szulinap_elemei/image092.jpg HTTP/1.1" 304 - "-" "Googlebot-Image/1.0"
66.249.70.11 - - [12/Aug/2018:19:02:59 +0200] "GET /aktualis_elemei/bio2szulinap_elemei/image012.jpg HTTP/1.1" 304 - "-" "Googlebot-Image/1.0"
91.144.105.235 - - [12/Aug/2018:19:03:39 +0200] "GET /aktualis_elemei/bio2szulinap_elemei/image078.jpg HTTP/1.1" 200 7760 "https://www.google.com/" "Mozilla/5.0 (Windows NT 6.3; Win64; x64) AppleWebKit/537.36 (KHTML, like Gecko) Chrome/68.0.3440.106 Safari/537.36"
141.8.183.17 - - [12/Aug/2018:19:05:32 +0200] "GET /robots.txt HTTP/1.1" 404 1181 "-" "Mozilla/5.0 (compatible; YandexBot/3.0; +http://yandex.com/bots)"
141.8.183.17 - - [12/Aug/2018:19:05:33 +0200] "GET /robots.txt HTTP/1.1" 404 1181 "-" "Mozilla/5.0 (compatible; YandexBot/3.0; +http://yandex.com/bots)"
141.8.183.17 - - [12/Aug/2018:19:05:36 +0200] "GET / HTTP/1.1" 200 884 "-" "Mozilla/5.0 (compatible; YandexBot/3.0; +http://yandex.com/bots)"
141.8.183.17 - - [12/Aug/2018:19:05:36 +0200] "GET / HTTP/1.1" 200 884 "-" "Mozilla/5.0 (compatible; YandexBot/3.0; +http://yandex.com/bots)"
178.154.171.90 - - [12/Aug/2018:19:05:41 +0200] "GET /zoldakcio.swf HTTP/1.1" 200 840351 "-" "Mozilla/5.0 (compatible; YandexBot/3.0; +http://yandex.com/bots)"
178.154.171.90 - - [12/Aug/2018:19:05:41 +0200] "GET /zoldakcio.swf HTTP/1.1" 200 840351 "-" "Mozilla/5.0 (compatible; YandexBot/3.0; +http://yandex.com/bots)"
66.249.70.9 - - [12/Aug/2018:19:08:00 +0200] "GET /aktualis_elemei/bio2szulinap_elemei/image010.jpg HTTP/1.1" 304 - "-" "Googlebot-Image/1.0"
34.254.29.150 - - [12/Aug/2018:20:19:49 +0200] "HEAD / HTTP/1.1" 200 0 "-" "Mozilla/5.0 (compatible; JobKereso; +https://www.kozvetlen-allasok.hu/robot.jsp info@kozvetlen-allasok.hu)"
34.254.29.150 - - [12/Aug/2018:20:19:49 +0200] "GET /robots.txt HTTP/1.1" 404 1181 "-" "Mozilla/5.0 (compatible; JobKereso; +https://www.kozvetlen-allasok.hu/robot.jsp info@kozvetlen-allasok.hu)"
34.254.29.150 - - [12/Aug/2018:20:19:50 +0200] "HEAD / HTTP/1.1" 200 0 "-" "Mozilla/5.0 (compatible; JobKereso; +https://www.kozvetlen-allasok.hu/robot.jsp info@kozvetlen-allasok.hu)"
34.254.29.150 - - [12/Aug/2018:20:19:50 +0200] "GET / HTTP/1.1" 200 884 "-" "Mozilla/5.0 (compatible; JobKereso; +https://www.kozvetlen-allasok.hu/robot.jsp info@kozvetlen-allasok.hu)"
34.254.29.150 - - [12/Aug/2018:20:19:50 +0200] "HEAD /favicon.ico HTTP/1.1" 404 0 "https://www.kozvetlen-allasok.hu" "Mozilla/5.0 (compatible; JobKeresoBot; +https://www.kozvetlen-allasok.hu/help.jsp; info@kozvetlen-allasok.hu; 5.0"
66.249.70.9 - - [12/Aug/2018:20:34:59 +0200] "GET /robots.txt HTTP/1.1" 404 1181 "-" "Mozilla/5.0 (compatible; Googlebot/2.1; +http://www.google.com/bot.html)"
66.249.70.7 - - [12/Aug/2018:20:34:59 +0200] "GET /aktualis_elemei/bio2szulinap_elemei/image048.jpg HTTP/1.1" 304 - "-" "Googlebot-Image/1.0"
34.254.184.101 - - [12/Aug/2018:20:38:07 +0200] "HEAD / HTTP/1.1" 200 0 "-" "Mozilla/5.0 (compatible; JobKereso; +https://www.kozvetlen-allasok.hu/robot.jsp info@kozvetlen-allasok.hu)"
34.254.184.101 - - [12/Aug/2018:20:38:07 +0200] "GET /robots.txt HTTP/1.1" 404 1181 "-" "Mozilla/5.0 (compatible; JobKereso; +https://www.kozvetlen-allasok.hu/robot.jsp info@kozvetlen-allasok.hu)"
34.254.184.101 - - [12/Aug/2018:20:38:08 +0200] "HEAD / HTTP/1.1" 200 0 "-" "Mozilla/5.0 (compatible; JobKereso; +https://www.kozvetlen-allasok.hu/robot.jsp info@kozvetlen-allasok.hu)"
34.254.184.101 - - [12/Aug/2018:20:38:08 +0200] "GET / HTTP/1.1" 200 884 "-" "Mozilla/5.0 (compatible; JobKereso; +https://www.kozvetlen-allasok.hu/robot.jsp info@kozvetlen-allasok.hu)"
34.254.184.101 - - [12/Aug/2018:20:38:08 +0200] "HEAD /favicon.ico HTTP/1.1" 404 0 "https://www.kozvetlen-allasok.hu" "Mozilla/5.0 (compatible; JobKeresoBot; +https://www.kozvetlen-allasok.hu/help.jsp; info@kozvetlen-allasok.hu; 5.0"
199.58.86.211 - - [12/Aug/2018:21:11:57 +0200] "GET /robots.txt HTTP/1.1" 404 1181 "-" "Mozilla/5.0 (compatible; MJ12bot/v1.4.8; http://mj12bot.com/)"
199.58.86.211 - - [12/Aug/2018:21:11:59 +0200] "GET / HTTP/1.1" 200 884 "-" "Mozilla/5.0 (compatible; MJ12bot/v1.4.8; http://mj12bot.com/)"
40.77.167.138 - - [12/Aug/2018:22:01:32 +0200] "GET /aktualis_elemei/bio2szulinap_elemei/image052.jpg HTTP/1.1" 200 11533 "-" "Mozilla/5.0 (compatible; bingbot/2.0; +http://www.bing.com/bingbot.htm)"
46.139.14.116 - - [12/Aug/2018:22:30:31 +0200] "GET /aktualis_elemei/bio2szulinap_elemei/image104.jpg HTTP/1.1" 200 8372 "https://www.google.hu/" "Mozilla/5.0 (Linux; Android 8.0.0; ANE-LX1 Build/HUAWEIANE-LX1) AppleWebKit/537.36 (KHTML, like Gecko) Chrome/67.0.3396.87 Mobile Safari/537.36"
40.77.167.56 - - [12/Aug/2018:22:30:37 +0200] "GET /kiadvany/miskolchvte.pdf HTTP/1.1" 200 4059249 "-" "Mozilla/5.0 (iPhone; CPU iPhone OS 7_0 like Mac OS X) AppleWebKit/537.51.1 (KHTML, like Gecko) Version/7.0 Mobile/11A465 Safari/9537.53 (compatible; bingbot/2.0; +http://www.bing.com/bingbot.htm)"
217.182.252.214 - - [12/Aug/2018:22:40:09 +0200] "GET /robots.txt HTTP/1.1" 404 1181 "-" "Mozilla/5.0 (compatible; ExtLinksBot/1.5; +https://extlinks.com/Bot.html)"
66.249.70.11 - - [12/Aug/2018:23:07:49 +0200] "GET /aktualis_elemei/bio2szulinap_elemei/image080.jpg HTTP/1.1" 304 - "-" "Googlebot-Image/1.0"
66.249.70.11 - - [12/Aug/2018:23:18:11 +0200] "GET /aktualis_elemei/bio2szulinap_elemei/image090.jpg HTTP/1.1" 304 - "-" "Googlebot-Image/1.0"
157.55.39.245 - - [12/Aug/2018:23:19:07 +0200] "GET /aktualis_elemei/bio2szulinap_elemei/image088.jpg HTTP/1.1" 200 7592 "-" "Mozilla/5.0 (compatible; bingbot/2.0; +http://www.bing.com/bingbot.htm)"
66.249.70.9 - - [12/Aug/2018:23:23:20 +0200] "GET /aktualis_elemei/bio2szulinap_elemei/image132.jpg HTTP/1.1" 304 - "-" "Googlebot-Image/1.0"
180.76.15.31 - - [13/Aug/2018:00:11:52 +0200] "GET / HTTP/1.1" 200 884 "-" "Mozilla/5.0 (compatible; Baiduspider/2.0; +http://www.baidu.com/search/spider.html)"
40.77.167.187 - - [13/Aug/2018:00:16:04 +0200] "GET /robots.txt HTTP/1.1" 404 1181 "-" "Mozilla/5.0 (compatible; bingbot/2.0; +http://www.bing.com/bingbot.htm)"
207.182.140.214 - - [13/Aug/2018:02:11:09 +0200] "GET / HTTP/1.1" 200 884 "-" "Mozilla/5.0 (Windows NT 6.1; Win64; x64; +http://www.komodia.com/newwiki/index.php/URL_server_crawler) KomodiaBot/1.0"
80.77.124.233 - - [13/Aug/2018:02:53:02 +0200] "GET /archiv_elemei/acitc.html HTTP/1.1" 200 13312 "-" "Mozilla/5.0 (Windows NT 10.0; Win64; x64) AppleWebKit/537.36 (KHTML, like Gecko) Chrome/62.0.3202.94 Safari/537.36"
77.111.91.248 - - [13/Aug/2018:02:53:41 +0200] "GET / HTTP/1.1" 200 884 "-" "Mozilla/5.0 (Windows NT 10.0; Win64; x64) AppleWebKit/537.36 (KHTML, like Gecko) Chrome/62.0.3202.94 Safari/537.36"
66.249.70.11 - - [13/Aug/2018:02:59:02 +0200] "GET /aktualis_elemei/bio2szulinap_elemei/image110.jpg HTTP/1.1" 304 - "-" "Googlebot-Image/1.0"
66.249.70.11 - - [13/Aug/2018:03:23:16 +0200] "GET /robots.txt HTTP/1.1" 404 1181 "-" "Mozilla/5.0 (compatible; Googlebot/2.1; +http://www.google.com/bot.html)"
66.249.70.7 - - [13/Aug/2018:03:23:16 +0200] "GET / HTTP/1.1" 200 884 "-" "Mozilla/5.0 (compatible; Googlebot/2.1; +http://www.google.com/bot.html)"
66.249.70.11 - - [13/Aug/2018:03:26:08 +0200] "GET / HTTP/1.1" 200 884 "-" "Mozilla/5.0 (compatible; Googlebot/2.1; +http://www.google.com/bot.html)"
66.249.70.7 - - [13/Aug/2018:03:34:40 +0200] "GET /aktualis_elemei/bio2szulinap_elemei/image046.jpg HTTP/1.1" 304 - "-" "Googlebot-Image/1.0"
62.210.129.246 - - [13/Aug/2018:03:40:39 +0200] "GET / HTTP/1.1" 200 884 "http://pizza-tycoon.com/" "Mozilla/5.0 (X11; Linux x86_64) AppleWebKit/537.36 (KHTML, like Gecko) Chrome/37.0.2062.120 Safari/537.36"
66.249.70.7 - - [13/Aug/2018:03:40:42 +0200] "GET /aktualis_elemei/ujgyoritc.html HTTP/1.1" 200 14418 "-" "Mozilla/5.0 (compatible; Googlebot/2.1; +http://www.google.com/bot.html)"
62.138.0.25 - - [13/Aug/2018:04:32:41 +0200] "GET /robots.txt HTTP/1.1" 404 1181 "-" "Mozilla/5.0 (compatible; adscanner/)"
62.138.0.25 - - [13/Aug/2018:04:32:41 +0200] "GET / HTTP/1.1" 200 884 "-" "Mozilla/5.0 (compatible; adscanner/)"
66.249.70.11 - - [13/Aug/2018:04:45:58 +0200] "GET /aktualis_elemei/bio2szulinap_elemei/image022.jpg HTTP/1.1" 304 - "-" "Googlebot-Image/1.0"
123.57.254.142 - - [13/Aug/2018:04:54:48 +0200] "POST /xmlrpc.php HTTP/1.1" 404 1181 "-" "Mozilla/5.0 (Macintosh; U; Intel Mac OS X 10.6; fr; rv:1.9.2.8) Gecko/20100722 Firefox/3.6.8"
123.57.254.142 - - [13/Aug/2018:04:54:49 +0200] "POST /blog/xmlrpc.php HTTP/1.1" 404 1181 "-" "Mozilla/5.0 (Macintosh; U; Intel Mac OS X 10.6; fr; rv:1.9.2.8) Gecko/20100722 Firefox/3.6.8"
66.249.70.7 - - [13/Aug/2018:05:06:18 +0200] "GET /aktualis_elemei/bekamentes_elemei/image009.jpg HTTP/1.1" 200 11140 "-" "Googlebot-Image/1.0"
199.58.86.211 - - [13/Aug/2018:05:13:06 +0200] "GET /robots.txt HTTP/1.1" 404 1181 "-" "Mozilla/5.0 (compatible; MJ12bot/v1.4.8; http://mj12bot.com/)"
199.58.86.211 - - [13/Aug/2018:05:13:09 +0200] "GET / HTTP/1.1" 200 884 "-" "Mozilla/5.0 (compatible; MJ12bot/v1.4.8; http://mj12bot.com/)"
66.249.70.7 - - [13/Aug/2018:05:21:31 +0200] "GET /aktualis_elemei/bio2szulinap_elemei/image116.jpg HTTP/1.1" 304 - "-" "Googlebot-Image/1.0"
144.76.186.38 - - [13/Aug/2018:05:44:21 +0200] "GET /robots.txt HTTP/1.1" 404 1181 "-" "Mozilla/5.0 (compatible; MJ12bot/v1.4.8; http://mj12bot.com/)"
144.76.186.38 - - [13/Aug/2018:05:44:23 +0200] "GET /archiv_elemei/belvarosk.html HTTP/1.1" 200 4904 "-" "Mozilla/5.0 (compatible; MJ12bot/v1.4.8; http://mj12bot.com/)"
144.76.186.38 - - [13/Aug/2018:05:44:25 +0200] "GET /archiv_elemei/belvarostc.html HTTP/1.1" 200 12601 "-" "Mozilla/5.0 (compatible; MJ12bot/v1.4.8; http://mj12bot.com/)"
144.76.186.38 - - [13/Aug/2018:05:44:26 +0200] "GET /robots.txt HTTP/1.1" 404 1181 "-" "Mozilla/5.0 (compatible; MJ12bot/v1.4.8; http://mj12bot.com/)"
144.76.186.38 - - [13/Aug/2018:05:44:28 +0200] "GET /aktualis_elemei/biokutatas.html HTTP/1.1" 200 6334 "-" "Mozilla/5.0 (compatible; MJ12bot/v1.4.8; http://mj12bot.com/)"
144.76.186.38 - - [13/Aug/2018:05:44:30 +0200] "GET /aktualis_elemei/hkszirmamtp.html HTTP/1.1" 200 15781 "-" "Mozilla/5.0 (compatible; MJ12bot/v1.4.8; http://mj12bot.com/)"
66.249.70.9 - - [13/Aug/2018:05:52:03 +0200] "GET /aktualis_elemei/bio2szulinap_elemei/image118.jpg HTTP/1.1" 304 - "-" "Googlebot-Image/1.0"
40.77.167.56 - - [13/Aug/2018:06:00:36 +0200] "GET /aktualis_elemei/katonai_elemei/image004.jpg HTTP/1.1" 200 56554 "-" "Mozilla/5.0 (compatible; bingbot/2.0; +http://www.bing.com/bingbot.htm)"
5.188.136.151 - - [13/Aug/2018:06:07:45 +0200] "GET //wp-login.php HTTP/1.1" 404 1181 "http://www.google.com.hk" "Mozilla/5.0 (Windows NT 6.1; WOW64) AppleWebKit/537.36 (KHTML, like Gecko) Chrome/42.0.2311.90 Safari/537.36"
5.188.136.151 - - [13/Aug/2018:06:08:15 +0200] "GET //xmlrpc.php HTTP/1.1" 404 1181 "http://www.google.com.hk" "Mozilla/5.0 (Windows NT 6.1; WOW64) AppleWebKit/537.36 (KHTML, like Gecko) Chrome/42.0.2311.90 Safari/537.36"
66.249.70.9 - - [13/Aug/2018:06:32:48 +0200] "GET /aktualis_elemei/bio2szulinap_elemei/image032.jpg HTTP/1.1" 304 - "-" "Googlebot-Image/1.0"
66.249.70.7 - - [13/Aug/2018:07:33:48 +0200] "GET /aktualis_elemei/bio2szulinap_elemei/image098.jpg HTTP/1.1" 304 - "-" "Googlebot-Image/1.0"
66.249.70.11 - - [13/Aug/2018:07:38:48 +0200] "GET /aktualis_elemei/bio2szulinap_elemei/image104.jpg HTTP/1.1" 304 - "-" "Googlebot-Image/1.0"
180.76.15.29 - - [13/Aug/2018:07:42:34 +0200] "GET / HTTP/1.1" 200 884 "-" "Mozilla/5.0 (compatible; Baiduspider/2.0; +http://www.baidu.com/search/spider.html)"
207.46.13.64 - - [13/Aug/2018:07:44:44 +0200] "GET /aktualis_elemei/biovasarszombat_elemei/image002.jpg HTTP/1.1" 200 15306 "-" "Mozilla/5.0 (compatible; bingbot/2.0; +http://www.bing.com/bingbot.htm)"
66.249.70.11 - - [13/Aug/2018:07:54:18 +0200] "GET /aktualis_elemei/bio2szulinap_elemei/image038.jpg HTTP/1.1" 304 - "-" "Googlebot-Image/1.0"
40.77.167.56 - - [13/Aug/2018:08:21:48 +0200] "GET /aktualis_elemei/bio2szulinap_elemei/image104.jpg HTTP/1.1" 200 8372 "-" "Mozilla/5.0 (compatible; bingbot/2.0; +http://www.bing.com/bingbot.htm)"
138.197.77.70 - - [13/Aug/2018:08:23:46 +0200] "GET / HTTP/1.1" 200 884 "-" "Mozilla/5.0 (X11; Datanyze; Linux x86_64) AppleWebKit/537.36 (KHTML, like Gecko) Chrome/65.0.3325.181 Safari/537.36"
66.249.70.7 - - [13/Aug/2018:08:24:39 +0200] "GET /aktualis_elemei/bio2szulinap_elemei/image044.jpg HTTP/1.1" 304 - "-" "Googlebot-Image/1.0"
66.249.70.11 - - [13/Aug/2018:08:29:48 +0200] "GET /aktualis_elemei/bio2szulinap_elemei/image054.jpg HTTP/1.1" 304 - "-" "Googlebot-Image/1.0"
66.249.70.11 - - [13/Aug/2018:08:34:59 +0200] "GET /aktualis_elemei/bio2szulinap_elemei/image084.jpg HTTP/1.1" 304 - "-" "Googlebot-Image/1.0"
66.249.70.11 - - [13/Aug/2018:08:39:58 +0200] "GET /aktualis_elemei/bio2szulinap_elemei/image086.jpg HTTP/1.1" 304 - "-" "Googlebot-Image/1.0"
66.249.70.9 - - [13/Aug/2018:08:39:58 +0200] "GET /robots.txt HTTP/1.1" 404 1181 "-" "Mozilla/5.0 (compatible; Googlebot/2.1; +http://www.google.com/bot.html)"
66.249.70.7 - - [13/Aug/2018:08:45:12 +0200] "GET /aktualis_elemei/bio2szulinap_elemei/image074.jpg HTTP/1.1" 304 - "-" "Googlebot-Image/1.0"
66.249.70.9 - - [13/Aug/2018:09:01:28 +0200] "GET /aktualis_elemei/ujgyoritc.html HTTP/1.1" 200 14418 "-" "Mozilla/5.0 (Linux; Android 6.0.1; Nexus 5X Build/MMB29P) AppleWebKit/537.36 (KHTML, like Gecko) Chrome/41.0.2272.96 Mobile Safari/537.36 (compatible; Googlebot/2.1; +http://www.google.com/bot.html)"
37.76.63.195 - - [13/Aug/2018:09:59:46 +0200] "GET /aktualis_elemei/bio2szulinap_elemei/image108.jpg HTTP/1.1" 200 9238 "https://www.google.hu/" "Mozilla/5.0 (Linux; Android 7.0; FRD-L09 Build/HUAWEIFRD-L09) AppleWebKit/537.36 (KHTML, like Gecko) Chrome/68.0.3440.91 Mobile Safari/537.36"
162.210.196.100 - - [13/Aug/2018:10:02:39 +0200] "GET /robots.txt HTTP/1.1" 404 1181 "-" "Mozilla/5.0 (compatible; MJ12bot/v1.4.8; http://mj12bot.com/)"
162.210.196.100 - - [13/Aug/2018:10:02:41 +0200] "GET / HTTP/1.1" 200 884 "-" "Mozilla/5.0 (compatible; MJ12bot/v1.4.8; http://mj12bot.com/)"
207.46.13.64 - - [13/Aug/2018:10:39:08 +0200] "GET /kiadvany/delbukk.pdf HTTP/1.1" 200 1540585 "-" "Mozilla/5.0 (iPhone; CPU iPhone OS 7_0 like Mac OS X) AppleWebKit/537.51.1 (KHTML, like Gecko) Version/7.0 Mobile/11A465 Safari/9537.53 (compatible; bingbot/2.0; +http://www.bing.com/bingbot.htm)"
207.46.13.64 - - [13/Aug/2018:10:39:15 +0200] "GET /robots.txt HTTP/1.1" 404 1181 "-" "Mozilla/5.0 (compatible; bingbot/2.0; +http://www.bing.com/bingbot.htm)"
216.244.66.234 - - [13/Aug/2018:12:16:07 +0200] "GET /robots.txt HTTP/1.1" 404 1181 "-" "Mozilla/5.0 (compatible; DotBot/1.1; http://www.opensiteexplorer.org/dotbot, help@moz.com)"
216.244.66.234 - - [13/Aug/2018:12:20:29 +0200] "GET /archiv_elemei/veszhullgyetc.html HTTP/1.1" 200 7148 "-" "Mozilla/5.0 (compatible; DotBot/1.1; http://www.opensiteexplorer.org/dotbot, help@moz.com)"
40.77.167.152 - - [13/Aug/2018:13:25:42 +0200] "GET /aktualis_elemei/bio2szulinap_elemei/image060.jpg HTTP/1.1" 200 16684 "-" "Mozilla/5.0 (compatible; bingbot/2.0; +http://www.bing.com/bingbot.htm)"
23.237.4.26 - - [13/Aug/2018:13:51:55 +0200] "GET / HTTP/1.1" 200 884 "-" "Mozilla/5.0 (compatible; AlphaBot/3.2; +http://alphaseobot.com/bot.html)"
46.107.66.230 - - [13/Aug/2018:13:55:35 +0200] "GET /archiv_elemei/szulinaptc.html HTTP/1.1" 200 13371 "https://www.google.hu/" "Mozilla/5.0 (Windows NT 6.1; Win64; x64) AppleWebKit/537.36 (KHTML, like Gecko) Chrome/67.0.3396.87 Safari/537.36 OPR/54.0.2952.71"
46.107.66.230 - - [13/Aug/2018:13:55:35 +0200] "GET /archiv_elemei/szulinaptc_elemei/image002.jpg HTTP/1.1" 200 5985 "http://www.greenaction.hu/archiv_elemei/szulinaptc.html" "Mozilla/5.0 (Windows NT 6.1; Win64; x64) AppleWebKit/537.36 (KHTML, like Gecko) Chrome/67.0.3396.87 Safari/537.36 OPR/54.0.2952.71"
46.107.66.230 - - [13/Aug/2018:13:55:35 +0200] "GET /archiv_elemei/szulinaptc_elemei/image004.jpg HTTP/1.1" 200 7047 "http://www.greenaction.hu/archiv_elemei/szulinaptc.html" "Mozilla/5.0 (Windows NT 6.1; Win64; x64) AppleWebKit/537.36 (KHTML, like Gecko) Chrome/67.0.3396.87 Safari/537.36 OPR/54.0.2952.71"
46.107.66.230 - - [13/Aug/2018:13:55:35 +0200] "GET /favicon.ico HTTP/1.1" 404 1181 "http://www.greenaction.hu/archiv_elemei/szulinaptc.html" "Mozilla/5.0 (Windows NT 6.1; Win64; x64) AppleWebKit/537.36 (KHTML, like Gecko) Chrome/67.0.3396.87 Safari/537.36 OPR/54.0.2952.71"
40.77.167.152 - - [13/Aug/2018:13:55:39 +0200] "GET /aktualis_elemei/loverecycling.html HTTP/1.1" 304 - "-" "Mozilla/5.0 (compatible; bingbot/2.0; +http://www.bing.com/bingbot.htm)"
66.249.70.9 - - [13/Aug/2018:14:06:29 +0200] "GET /aktualis_elemei/bio2szulinap_elemei/image080.jpg HTTP/1.1" 304 - "-" "Googlebot-Image/1.0"
66.249.70.7 - - [13/Aug/2018:14:15:22 +0200] "GET /aktualis_elemei/bio2szulinap_elemei/image132.jpg HTTP/1.1" 304 - "-" "Googlebot-Image/1.0"
134.255.82.83 - - [13/Aug/2018:14:29:12 +0200] "GET /aktualis_elemei/bio2szulinap_elemei/image130.jpg HTTP/1.1" 200 7636 "https://www.google.hu/" "Mozilla/5.0 (Windows NT 6.1; Win64; x64) AppleWebKit/537.36 (KHTML, like Gecko) Chrome/68.0.3440.106 Safari/537.36"
134.255.82.83 - - [13/Aug/2018:14:29:19 +0200] "GET /aktualis_elemei/bio2szulinap_elemei/image136.jpg HTTP/1.1" 200 7982 "https://www.google.hu/" "Mozilla/5.0 (Windows NT 6.1; Win64; x64) AppleWebKit/537.36 (KHTML, like Gecko) Chrome/68.0.3440.106 Safari/537.36"
207.46.13.1 - - [13/Aug/2018:15:03:47 +0200] "GET / HTTP/1.1" 304 - "-" "Mozilla/5.0 (compatible; bingbot/2.0; +http://www.bing.com/bingbot.htm)"
42.236.12.150 - - [13/Aug/2018:16:07:20 +0200] "GET / HTTP/1.1" 200 884 "http://www.greenaction.hu/" "Mozilla/5.0 (Windows NT 6.1; WOW64) AppleWebKit/537.36 (KHTML, like Gecko) Chrome/50.0.2661.102 Safari/537.36; 360Spider"
94.130.18.163 - - [13/Aug/2018:16:18:38 +0200] "GET /robots.txt HTTP/1.1" 404 1181 "-" "Mozilla/5.0 (compatible; BLEXBot/1.0; +http://webmeup-crawler.com/)"
94.130.18.163 - - [13/Aug/2018:16:18:38 +0200] "GET /robots.txt HTTP/1.1" 404 1181 "-" "Mozilla/5.0 (compatible; BLEXBot/1.0; +http://webmeup-crawler.com/)"
94.130.18.163 - - [13/Aug/2018:16:18:38 +0200] "GET /sitemap.xml HTTP/1.1" 404 1181 "-" "Mozilla/5.0 (compatible; BLEXBot/1.0; +http://webmeup-crawler.com/)"
94.130.18.163 - - [13/Aug/2018:16:18:44 +0200] "GET /sitemap.xml HTTP/1.1" 404 1181 "-" "Mozilla/5.0 (compatible; BLEXBot/1.0; +http://webmeup-crawler.com/)"
94.130.18.163 - - [13/Aug/2018:16:18:48 +0200] "GET / HTTP/1.1" 200 884 "-" "Mozilla/5.0 (compatible; BLEXBot/1.0; +http://webmeup-crawler.com/)"
81.183.148.4 - - [13/Aug/2018:16:27:59 +0200] "GET /aktualis_elemei/bio2szulinap_elemei/image072.jpg HTTP/1.1" 200 8143 "https://www.google.hu/" "Mozilla/5.0 (Windows NT 10.0) AppleWebKit/537.36 (KHTML, like Gecko) Chrome/64.0.3282.140 Safari/537.36 Edge/17.17134"
77.111.91.248 - - [13/Aug/2018:17:02:10 +0200] "GET /archiv_elemei/acitc.html HTTP/1.1" 200 13312 "-" "Mozilla/5.0 (Windows NT 10.0; Win64; x64) AppleWebKit/537.36 (KHTML, like Gecko) Chrome/62.0.3202.94 Safari/537.36"
80.77.124.233 - - [13/Aug/2018:17:02:49 +0200] "GET / HTTP/1.1" 200 884 "-" "Mozilla/5.0 (Windows NT 10.0; Win64; x64) AppleWebKit/537.36 (KHTML, like Gecko) Chrome/62.0.3202.94 Safari/537.36"
62.165.194.163 - - [13/Aug/2018:17:07:52 +0200] "GET /archiv.html HTTP/1.1" 200 100991 "https://www.google.hu/" "Mozilla/5.0 (Windows NT 6.1; WOW64) AppleWebKit/537.36 (KHTML, like Gecko) Chrome/68.0.3440.106 Safari/537.36"
62.165.194.163 - - [13/Aug/2018:17:07:52 +0200] "GET /archiv_elemei/image001.gif HTTP/1.1" 404 1181 "http://www.greenaction.hu/archiv.html" "Mozilla/5.0 (Windows NT 6.1; WOW64) AppleWebKit/537.36 (KHTML, like Gecko) Chrome/68.0.3440.106 Safari/537.36"
62.165.194.163 - - [13/Aug/2018:17:07:52 +0200] "GET /archiv_elemei/image002.gif HTTP/1.1" 404 1181 "http://www.greenaction.hu/archiv.html" "Mozilla/5.0 (Windows NT 6.1; WOW64) AppleWebKit/537.36 (KHTML, like Gecko) Chrome/68.0.3440.106 Safari/537.36"
62.165.194.163 - - [13/Aug/2018:17:07:52 +0200] "GET /archiv_elemei/image011.gif HTTP/1.1" 404 1181 "http://www.greenaction.hu/archiv.html" "Mozilla/5.0 (Windows NT 6.1; WOW64) AppleWebKit/537.36 (KHTML, like Gecko) Chrome/68.0.3440.106 Safari/537.36"
62.165.194.163 - - [13/Aug/2018:17:07:52 +0200] "GET /archiv_elemei/image004.jpg HTTP/1.1" 200 7491 "http://www.greenaction.hu/archiv.html" "Mozilla/5.0 (Windows NT 6.1; WOW64) AppleWebKit/537.36 (KHTML, like Gecko) Chrome/68.0.3440.106 Safari/537.36"
62.165.194.163 - - [13/Aug/2018:17:07:52 +0200] "GET /archiv_elemei/image008.gif HTTP/1.1" 404 1181 "http://www.greenaction.hu/archiv.html" "Mozilla/5.0 (Windows NT 6.1; WOW64) AppleWebKit/537.36 (KHTML, like Gecko) Chrome/68.0.3440.106 Safari/537.36"
62.165.194.163 - - [13/Aug/2018:17:07:52 +0200] "GET /archiv_elemei/image017.gif HTTP/1.1" 404 1181 "http://www.greenaction.hu/archiv.html" "Mozilla/5.0 (Windows NT 6.1; WOW64) AppleWebKit/537.36 (KHTML, like Gecko) Chrome/68.0.3440.106 Safari/537.36"
62.165.194.163 - - [13/Aug/2018:17:07:52 +0200] "GET /archiv_elemei/image010.jpg HTTP/1.1" 200 4559 "http://www.greenaction.hu/archiv.html" "Mozilla/5.0 (Windows NT 6.1; WOW64) AppleWebKit/537.36 (KHTML, like Gecko) Chrome/68.0.3440.106 Safari/537.36"
62.165.194.163 - - [13/Aug/2018:17:07:52 +0200] "GET /archiv_elemei/image007.jpg HTTP/1.1" 200 8006 "http://www.greenaction.hu/archiv.html" "Mozilla/5.0 (Windows NT 6.1; WOW64) AppleWebKit/537.36 (KHTML, like Gecko) Chrome/68.0.3440.106 Safari/537.36"
62.165.194.163 - - [13/Aug/2018:17:07:52 +0200] "GET /archiv_elemei/image012.gif HTTP/1.1" 404 1181 "http://www.greenaction.hu/archiv.html" "Mozilla/5.0 (Windows NT 6.1; WOW64) AppleWebKit/537.36 (KHTML, like Gecko) Chrome/68.0.3440.106 Safari/537.36"
62.165.194.163 - - [13/Aug/2018:17:07:53 +0200] "GET /archiv_elemei/image015.gif HTTP/1.1" 404 1181 "http://www.greenaction.hu/archiv.html" "Mozilla/5.0 (Windows NT 6.1; WOW64) AppleWebKit/537.36 (KHTML, like Gecko) Chrome/68.0.3440.106 Safari/537.36"
62.165.194.163 - - [13/Aug/2018:17:07:53 +0200] "GET /archiv_elemei/image016.gif HTTP/1.1" 404 1181 "http://www.greenaction.hu/archiv.html" "Mozilla/5.0 (Windows NT 6.1; WOW64) AppleWebKit/537.36 (KHTML, like Gecko) Chrome/68.0.3440.106 Safari/537.36"
62.165.194.163 - - [13/Aug/2018:17:07:53 +0200] "GET /archiv_elemei/image014.jpg HTTP/1.1" 200 8670 "http://www.greenaction.hu/archiv.html" "Mozilla/5.0 (Windows NT 6.1; WOW64) AppleWebKit/537.36 (KHTML, like Gecko) Chrome/68.0.3440.106 Safari/537.36"
62.165.194.163 - - [13/Aug/2018:17:07:53 +0200] "GET /archiv_elemei/image018.gif HTTP/1.1" 404 1181 "http://www.greenaction.hu/archiv.html" "Mozilla/5.0 (Windows NT 6.1; WOW64) AppleWebKit/537.36 (KHTML, like Gecko) Chrome/68.0.3440.106 Safari/537.36"
62.165.194.163 - - [13/Aug/2018:17:07:53 +0200] "GET /archiv_elemei/image007.gif HTTP/1.1" 404 1181 "http://www.greenaction.hu/archiv.html" "Mozilla/5.0 (Windows NT 6.1; WOW64) AppleWebKit/537.36 (KHTML, like Gecko) Chrome/68.0.3440.106 Safari/537.36"
62.165.194.163 - - [13/Aug/2018:17:07:53 +0200] "GET /archiv_elemei/image021.gif HTTP/1.1" 404 1181 "http://www.greenaction.hu/archiv.html" "Mozilla/5.0 (Windows NT 6.1; WOW64) AppleWebKit/537.36 (KHTML, like Gecko) Chrome/68.0.3440.106 Safari/537.36"
62.165.194.163 - - [13/Aug/2018:17:07:53 +0200] "GET /archiv_elemei/image023.jpg HTTP/1.1" 200 7081 "http://www.greenaction.hu/archiv.html" "Mozilla/5.0 (Windows NT 6.1; WOW64) AppleWebKit/537.36 (KHTML, like Gecko) Chrome/68.0.3440.106 Safari/537.36"
62.165.194.163 - - [13/Aug/2018:17:07:53 +0200] "GET /archiv_elemei/image024.gif HTTP/1.1" 404 1181 "http://www.greenaction.hu/archiv.html" "Mozilla/5.0 (Windows NT 6.1; WOW64) AppleWebKit/537.36 (KHTML, like Gecko) Chrome/68.0.3440.106 Safari/537.36"
62.165.194.163 - - [13/Aug/2018:17:07:53 +0200] "GET /archiv_elemei/image020.jpg HTTP/1.1" 200 7898 "http://www.greenaction.hu/archiv.html" "Mozilla/5.0 (Windows NT 6.1; WOW64) AppleWebKit/537.36 (KHTML, like Gecko) Chrome/68.0.3440.106 Safari/537.36"
62.165.194.163 - - [13/Aug/2018:17:07:53 +0200] "GET /archiv_elemei/image026.jpg HTTP/1.1" 200 4734 "http://www.greenaction.hu/archiv.html" "Mozilla/5.0 (Windows NT 6.1; WOW64) AppleWebKit/537.36 (KHTML, like Gecko) Chrome/68.0.3440.106 Safari/537.36"
62.165.194.163 - - [13/Aug/2018:17:07:53 +0200] "GET /archiv_elemei/image028.jpg HTTP/1.1" 200 5544 "http://www.greenaction.hu/archiv.html" "Mozilla/5.0 (Windows NT 6.1; WOW64) AppleWebKit/537.36 (KHTML, like Gecko) Chrome/68.0.3440.106 Safari/537.36"
62.165.194.163 - - [13/Aug/2018:17:07:53 +0200] "GET /archiv_elemei/image032.jpg HTTP/1.1" 200 5708 "http://www.greenaction.hu/archiv.html" "Mozilla/5.0 (Windows NT 6.1; WOW64) AppleWebKit/537.36 (KHTML, like Gecko) Chrome/68.0.3440.106 Safari/537.36"
62.165.194.163 - - [13/Aug/2018:17:07:53 +0200] "GET /archiv_elemei/image030.jpg HTTP/1.1" 200 9737 "http://www.greenaction.hu/archiv.html" "Mozilla/5.0 (Windows NT 6.1; WOW64) AppleWebKit/537.36 (KHTML, like Gecko) Chrome/68.0.3440.106 Safari/537.36"
62.165.194.163 - - [13/Aug/2018:17:07:53 +0200] "GET /archiv_elemei/image036.jpg HTTP/1.1" 200 8062 "http://www.greenaction.hu/archiv.html" "Mozilla/5.0 (Windows NT 6.1; WOW64) AppleWebKit/537.36 (KHTML, like Gecko) Chrome/68.0.3440.106 Safari/537.36"
62.165.194.163 - - [13/Aug/2018:17:07:53 +0200] "GET /archiv_elemei/image034.jpg HTTP/1.1" 200 8179 "http://www.greenaction.hu/archiv.html" "Mozilla/5.0 (Windows NT 6.1; WOW64) AppleWebKit/537.36 (KHTML, like Gecko) Chrome/68.0.3440.106 Safari/537.36"
62.165.194.163 - - [13/Aug/2018:17:07:53 +0200] "GET /archiv_elemei/image038.jpg HTTP/1.1" 200 4318 "http://www.greenaction.hu/archiv.html" "Mozilla/5.0 (Windows NT 6.1; WOW64) AppleWebKit/537.36 (KHTML, like Gecko) Chrome/68.0.3440.106 Safari/537.36"
62.165.194.163 - - [13/Aug/2018:17:07:53 +0200] "GET /archiv_elemei/image039.gif HTTP/1.1" 404 1181 "http://www.greenaction.hu/archiv.html" "Mozilla/5.0 (Windows NT 6.1; WOW64) AppleWebKit/537.36 (KHTML, like Gecko) Chrome/68.0.3440.106 Safari/537.36"
62.165.194.163 - - [13/Aug/2018:17:07:53 +0200] "GET /archiv_elemei/image042.gif HTTP/1.1" 404 1181 "http://www.greenaction.hu/archiv.html" "Mozilla/5.0 (Windows NT 6.1; WOW64) AppleWebKit/537.36 (KHTML, like Gecko) Chrome/68.0.3440.106 Safari/537.36"
62.165.194.163 - - [13/Aug/2018:17:07:53 +0200] "GET /archiv_elemei/image044.jpg HTTP/1.1" 200 8307 "http://www.greenaction.hu/archiv.html" "Mozilla/5.0 (Windows NT 6.1; WOW64) AppleWebKit/537.36 (KHTML, like Gecko) Chrome/68.0.3440.106 Safari/537.36"
62.165.194.163 - - [13/Aug/2018:17:07:53 +0200] "GET /archiv_elemei/image041.jpg HTTP/1.1" 200 6468 "http://www.greenaction.hu/archiv.html" "Mozilla/5.0 (Windows NT 6.1; WOW64) AppleWebKit/537.36 (KHTML, like Gecko) Chrome/68.0.3440.106 Safari/537.36"
62.165.194.163 - - [13/Aug/2018:17:07:53 +0200] "GET /archiv_elemei/image049.gif HTTP/1.1" 404 1181 "http://www.greenaction.hu/archiv.html" "Mozilla/5.0 (Windows NT 6.1; WOW64) AppleWebKit/537.36 (KHTML, like Gecko) Chrome/68.0.3440.106 Safari/537.36"
62.165.194.163 - - [13/Aug/2018:17:07:53 +0200] "GET /archiv_elemei/image046.jpg HTTP/1.1" 200 8017 "http://www.greenaction.hu/archiv.html" "Mozilla/5.0 (Windows NT 6.1; WOW64) AppleWebKit/537.36 (KHTML, like Gecko) Chrome/68.0.3440.106 Safari/537.36"
62.165.194.163 - - [13/Aug/2018:17:07:53 +0200] "GET /archiv_elemei/image048.jpg HTTP/1.1" 200 9950 "http://www.greenaction.hu/archiv.html" "Mozilla/5.0 (Windows NT 6.1; WOW64) AppleWebKit/537.36 (KHTML, like Gecko) Chrome/68.0.3440.106 Safari/537.36"
62.165.194.163 - - [13/Aug/2018:17:07:53 +0200] "GET /archiv_elemei/image051.jpg HTTP/1.1" 200 8798 "http://www.greenaction.hu/archiv.html" "Mozilla/5.0 (Windows NT 6.1; WOW64) AppleWebKit/537.36 (KHTML, like Gecko) Chrome/68.0.3440.106 Safari/537.36"
62.165.194.163 - - [13/Aug/2018:17:07:57 +0200] "GET /favicon.ico HTTP/1.1" 404 1181 "http://www.greenaction.hu/archiv.html" "Mozilla/5.0 (Windows NT 6.1; WOW64) AppleWebKit/537.36 (KHTML, like Gecko) Chrome/68.0.3440.106 Safari/537.36"
62.138.0.25 - - [13/Aug/2018:17:41:45 +0200] "GET /robots.txt HTTP/1.1" 404 1181 "-" "Mozilla/5.0 (compatible; adscanner/)"
62.138.0.25 - - [13/Aug/2018:17:41:45 +0200] "GET / HTTP/1.1" 200 884 "-" "Mozilla/5.0 (compatible; adscanner/)"
35.237.12.137 - - [13/Aug/2018:18:54:34 +0200] "GET / HTTP/1.1" 200 884 "-" "python-requests/2.17.3"
157.55.39.245 - - [13/Aug/2018:19:35:55 +0200] "GET /kiadvany/miabio.pdf HTTP/1.1" 200 10734050 "-" "Mozilla/5.0 (iPhone; CPU iPhone OS 7_0 like Mac OS X) AppleWebKit/537.51.1 (KHTML, like Gecko) Version/7.0 Mobile/11A465 Safari/9537.53 (compatible; bingbot/2.0; +http://www.bing.com/bingbot.htm)"
54.36.150.111 - - [13/Aug/2018:20:36:48 +0200] "GET /robots.txt HTTP/1.1" 404 1181 "-" "Mozilla/5.0 (compatible; AhrefsBot/5.2; +http://ahrefs.com/robot/)"
89.132.1.253 - - [13/Aug/2018:20:43:39 +0200] "GET /aktualis_elemei/bio2szulinap_elemei/image038.jpg HTTP/1.1" 200 14459 "https://www.google.hu/" "Mozilla/5.0 (Windows NT 10.0; Win64; x64) AppleWebKit/537.36 (KHTML, like Gecko) Chrome/68.0.3440.106 Safari/537.36"
84.2.14.189 - - [13/Aug/2018:20:49:55 +0200] "GET /favicon.ico HTTP/1.1" 404 1181 "http://www.greenaction.hu/kiadvany/miskolchvte.pdf" "Mozilla/5.0 (Windows NT 10.0) AppleWebKit/537.36 (KHTML, like Gecko) Chrome/68.0.3440.106 Safari/537.36"
84.2.14.189 - - [13/Aug/2018:20:49:56 +0200] "GET /kiadvany/miskolchvte.pdf HTTP/1.1" 200 4059249 "https://www.google.hu/" "Mozilla/5.0 (Windows NT 10.0) AppleWebKit/537.36 (KHTML, like Gecko) Chrome/68.0.3440.106 Safari/537.36"
40.77.167.152 - - [13/Aug/2018:21:11:32 +0200] "GET /aktualis_elemei/fnhv.html HTTP/1.1" 304 - "-" "Mozilla/5.0 (compatible; bingbot/2.0; +http://www.bing.com/bingbot.htm)"
207.46.13.64 - - [13/Aug/2018:21:14:42 +0200] "GET /robots.txt HTTP/1.1" 404 1181 "-" "Mozilla/5.0 (compatible; bingbot/2.0; +http://www.bing.com/bingbot.htm)"
162.208.51.34 - - [13/Aug/2018:21:36:27 +0200] "GET / HTTP/1.1" 200 884 "-" "Mozilla/5.0 (Windows NT 10.0; WOW64; rv:40.0) Gecko/20100101 Firefox/40.0"
85.25.210.234 - - [13/Aug/2018:22:06:08 +0200] "GET /robots.txt HTTP/1.1" 404 1181 "-" "Mozilla/5.0 (compatible; adscanner/)"
85.25.210.234 - - [13/Aug/2018:22:06:08 +0200] "GET / HTTP/1.1" 200 884 "-" "Mozilla/5.0 (compatible; adscanner/)"
40.77.190.35 - - [13/Aug/2018:22:16:03 +0200] "GET /kiadvany/miabio.pdf HTTP/1.1" 200 4325376 "-" "Mozilla/5.0 (iPhone; CPU iPhone OS 7_0 like Mac OS X) AppleWebKit/537.51.1 (KHTML, like Gecko) Version/7.0 Mobile/11A465 Safari/9537.53 BingPreview/1.0b"
66.249.70.7 - - [13/Aug/2018:22:18:32 +0200] "GET /robots.txt HTTP/1.1" 404 1181 "-" "Mozilla/5.0 (compatible; Googlebot/2.1; +http://www.google.com/bot.html)"
66.249.70.9 - - [13/Aug/2018:22:18:33 +0200] "GET /aktualis_elemei/belvarosk.html HTTP/1.1" 200 4904 "-" "Mozilla/5.0 (Linux; Android 6.0.1; Nexus 5X Build/MMB29P) AppleWebKit/537.36 (KHTML, like Gecko) Chrome/41.0.2272.96 Mobile Safari/537.36 (compatible; Googlebot/2.1; +http://www.google.com/bot.html)"
66.249.70.11 - - [13/Aug/2018:22:25:24 +0200] "GET /aktualis_elemei/bio2szulinap_elemei/image074.jpg HTTP/1.1" 304 - "-" "Googlebot-Image/1.0"
66.249.70.11 - - [13/Aug/2018:22:30:29 +0200] "GET /aktualis_elemei/bio2szulinap_elemei/image032.jpg HTTP/1.1" 304 - "-" "Googlebot-Image/1.0"
66.249.70.9 - - [13/Aug/2018:22:35:45 +0200] "GET /aktualis_elemei/bio2szulinap_elemei/image054.jpg HTTP/1.1" 304 - "-" "Googlebot-Image/1.0"
66.249.70.11 - - [13/Aug/2018:22:40:50 +0200] "GET /aktualis_elemei/bio2szulinap_elemei/image022.jpg HTTP/1.1" 304 - "-" "Googlebot-Image/1.0"
66.249.70.11 - - [13/Aug/2018:22:46:02 +0200] "GET /aktualis_elemei/bio2szulinap_elemei/image116.jpg HTTP/1.1" 304 - "-" "Googlebot-Image/1.0"
64.21.98.47 - - [13/Aug/2018:23:15:39 +0200] "GET / HTTP/1.1" 200 884 "-" "Mozilla/5.0 (Windows NT 10.0; WOW64) AppleWebKit/537.36 (KHTML, like Gecko) Chrome/47.0.2526.106 Safari/537.36"
64.21.98.47 - - [13/Aug/2018:23:27:50 +0200] "GET / HTTP/1.1" 200 884 "-" "Mozilla/5.0 (Windows NT 10.0; WOW64) AppleWebKit/537.36 (KHTML, like Gecko) Chrome/47.0.2526.106 Safari/537.36"
40.77.167.84 - - [14/Aug/2018:00:24:53 +0200] "GET / HTTP/1.1" 200 884 "-" "Mozilla/5.0 (iPhone; CPU iPhone OS 7_0 like Mac OS X) AppleWebKit/537.51.1 (KHTML, like Gecko) Version/7.0 Mobile/11A465 Safari/9537.53 (compatible; bingbot/2.0; +http://www.bing.com/bingbot.htm)"
220.181.108.93 - - [14/Aug/2018:01:51:28 +0200] "GET /kiadvany/delbukk.pdf HTTP/1.1" 200 1540585 "-" "Mozilla/5.0 (compatible; Baiduspider/2.0; +http://www.baidu.com/search/spider.html)"
40.77.189.219 - - [14/Aug/2018:02:06:28 +0200] "GET /pattern.jpg HTTP/1.1" 200 13798 "-" "Mozilla/5.0 (iPhone; CPU iPhone OS 7_0 like Mac OS X) AppleWebKit/537.51.1 (KHTML, like Gecko) Version/7.0 Mobile/11A465 Safari/9537.53 BingPreview/1.0b"
40.77.188.73 - - [14/Aug/2018:02:06:31 +0200] "GET /zoldakcio.swf HTTP/1.1" 200 840351 "-" "Mozilla/5.0 (iPhone; CPU iPhone OS 7_0 like Mac OS X) AppleWebKit/537.51.1 (KHTML, like Gecko) Version/7.0 Mobile/11A465 Safari/9537.53 BingPreview/1.0b"
52.53.201.78 - - [14/Aug/2018:03:25:48 +0200] "GET / HTTP/1.1" 200 884 "-" "Mozilla/5.0 (Macintosh; Intel Mac OS X 10_12_6) AppleWebKit/537.36 (KHTML, like Gecko) Chrome/61.0.3163.100 Safari/537.36"
85.25.210.234 - - [14/Aug/2018:04:21:31 +0200] "GET /robots.txt HTTP/1.1" 404 1181 "-" "Mozilla/5.0 (compatible; adscanner/)"
85.25.210.234 - - [14/Aug/2018:04:21:31 +0200] "GET / HTTP/1.1" 200 884 "-" "Mozilla/5.0 (compatible; adscanner/)"
173.212.226.74 - - [14/Aug/2018:04:25:55 +0200] "GET /robots.txt HTTP/1.1" 404 1181 "-" "Mozilla/5.0 (compatible; MJ12bot/v1.4.8; http://mj12bot.com/)"
173.212.226.74 - - [14/Aug/2018:04:26:11 +0200] "GET /aktualis_elemei/fnhv.html HTTP/1.1" 200 48118 "-" "Mozilla/5.0 (compatible; MJ12bot/v1.4.8; http://mj12bot.com/)"
173.212.226.74 - - [14/Aug/2018:04:26:23 +0200] "GET /robots.txt HTTP/1.1" 404 1181 "-" "Mozilla/5.0 (compatible; MJ12bot/v1.4.8; http://mj12bot.com/)"
173.212.226.74 - - [14/Aug/2018:04:26:34 +0200] "GET /archiv_elemei/sportligettc.html HTTP/1.1" 200 9194 "-" "Mozilla/5.0 (compatible; MJ12bot/v1.4.8; http://mj12bot.com/)"
66.249.70.7 - - [14/Aug/2018:05:04:32 +0200] "GET /robots.txt HTTP/1.1" 404 1181 "-" "Mozilla/5.0 (compatible; Googlebot/2.1; +http://www.google.com/bot.html)"
66.249.70.7 - - [14/Aug/2018:05:04:32 +0200] "GET / HTTP/1.1" 200 884 "-" "Mozilla/5.0 (compatible; Googlebot/2.1; +http://www.google.com/bot.html)"
157.55.39.23 - - [14/Aug/2018:05:12:05 +0200] "GET /robots.txt HTTP/1.1" 404 1181 "-" "Mozilla/5.0 (compatible; bingbot/2.0; +http://www.bing.com/bingbot.htm)"
40.77.167.84 - - [14/Aug/2018:05:12:09 +0200] "GET /aktualis_elemei/katonai_elemei/image003.jpg HTTP/1.1" 200 88392 "-" "Mozilla/5.0 (compatible; bingbot/2.0; +http://www.bing.com/bingbot.htm)"
66.249.70.9 - - [14/Aug/2018:05:17:23 +0200] "GET / HTTP/1.1" 200 884 "-" "Mozilla/5.0 (compatible; Googlebot/2.1; +http://www.google.com/bot.html)"
141.8.183.17 - - [14/Aug/2018:05:43:14 +0200] "GET /robots.txt HTTP/1.1" 404 1181 "-" "Mozilla/5.0 (compatible; YandexBot/3.0; +http://yandex.com/bots)"
141.8.183.17 - - [14/Aug/2018:05:43:18 +0200] "GET /favicon.ico HTTP/1.1" 404 1181 "-" "Mozilla/5.0 (compatible; YandexBot/3.0; +http://yandex.com/bots)"
66.249.70.9 - - [14/Aug/2018:05:50:17 +0200] "GET /magunkrol_elemei/kozhasznu.html HTTP/1.1" 200 48365 "-" "Mozilla/5.0 (compatible; Googlebot/2.1; +http://www.google.com/bot.html)"
207.46.13.140 - - [14/Aug/2018:06:04:52 +0200] "GET /kiadvany/miabio.pdf HTTP/1.1" 200 10713050 "-" "Mozilla/5.0 (iPhone; CPU iPhone OS 7_0 like Mac OS X) AppleWebKit/537.51.1 (KHTML, like Gecko) Version/7.0 Mobile/11A465 Safari/9537.53 (compatible; bingbot/2.0; +http://www.bing.com/bingbot.htm)"
157.55.39.23 - - [14/Aug/2018:06:08:18 +0200] "GET /robots.txt HTTP/1.1" 404 1181 "-" "Mozilla/5.0 (compatible; bingbot/2.0; +http://www.bing.com/bingbot.htm)"
40.77.167.84 - - [14/Aug/2018:06:08:24 +0200] "GET /aktualis_elemei/bio2szulinap_elemei/image114.jpg HTTP/1.1" 200 6950 "-" "Mozilla/5.0 (compatible; bingbot/2.0; +http://www.bing.com/bingbot.htm)"
40.77.167.152 - - [14/Aug/2018:06:12:08 +0200] "GET /aktualis_elemei/katonai.html HTTP/1.1" 200 22109 "-" "Mozilla/5.0 (iPhone; CPU iPhone OS 7_0 like Mac OS X) AppleWebKit/537.51.1 (KHTML, like Gecko) Version/7.0 Mobile/11A465 Safari/9537.53 (compatible; bingbot/2.0; +http://www.bing.com/bingbot.htm)"
193.106.30.99 - - [14/Aug/2018:06:23:41 +0200] "GET / HTTP/1.1" 200 884 "-" "Mozilla/5.0 (Windows NT 6.1; rv:34.0) Gecko/20100101 Firefox/34.0"
80.77.124.233 - - [14/Aug/2018:07:04:00 +0200] "GET /archiv_elemei/acitc.html HTTP/1.1" 200 13312 "-" "Mozilla/5.0 (Windows NT 10.0; Win64; x64) AppleWebKit/537.36 (KHTML, like Gecko) Chrome/62.0.3202.94 Safari/537.36"
77.111.91.248 - - [14/Aug/2018:07:04:42 +0200] "GET / HTTP/1.1" 200 884 "-" "Mozilla/5.0 (Windows NT 10.0; Win64; x64) AppleWebKit/537.36 (KHTML, like Gecko) Chrome/62.0.3202.94 Safari/537.36"
40.77.252.119 - - [14/Aug/2018:07:06:37 +0200] "GET /kiadvany/miabio.pdf HTTP/1.1" 200 67344 "-" "Mozilla/5.0 (iPhone; CPU iPhone OS 7_0 like Mac OS X) AppleWebKit/537.51.1 (KHTML, like Gecko) Version/7.0 Mobile/11A465 Safari/9537.53 BingPreview/1.0b"
207.46.13.140 - - [14/Aug/2018:07:33:52 +0200] "GET /aktualis_elemei/bio2szulinap_elemei/image116.jpg HTTP/1.1" 200 9709 "-" "Mozilla/5.0 (compatible; bingbot/2.0; +http://www.bing.com/bingbot.htm)"
37.76.64.53 - - [14/Aug/2018:07:37:10 +0200] "GET /aktualis_elemei/bio2szulinap_elemei/image138.jpg HTTP/1.1" 200 9822 "-" "Mozilla/5.0 (Linux; Android 8.0.0; PRA-LX1 Build/HUAWEIPRA-LX1; wv) AppleWebKit/537.36 (KHTML, like Gecko) Version/4.0 Chrome/68.0.3440.91 Mobile Safari/537.36 GSA/8.14.15.21.arm64"
178.48.135.178 - - [14/Aug/2018:08:31:04 +0200] "GET /aktualis_elemei/fnhv_elemei/image010.jpg HTTP/1.1" 200 8890 "https://www.google.com/" "Mozilla/5.0 (Windows NT 6.1; rv:61.0) Gecko/20100101 Firefox/61.0"
207.46.13.64 - - [14/Aug/2018:08:36:33 +0200] "GET /aktualis_elemei/bio2szulinap_elemei/image092.jpg HTTP/1.1" 200 7352 "-" "Mozilla/5.0 (compatible; bingbot/2.0; +http://www.bing.com/bingbot.htm)"
54.36.149.13 - - [14/Aug/2018:09:54:37 +0200] "GET /aktualis_elemei/baloghjanos.html HTTP/1.1" 200 15294 "-" "Mozilla/5.0 (compatible; AhrefsBot/5.2; +http://ahrefs.com/robot/)"
66.249.70.9 - - [14/Aug/2018:10:13:09 +0200] "GET /aktualis_elemei/bio2szulinap.html HTTP/1.1" 200 71694 "-" "Mozilla/5.0 (Linux; Android 6.0.1; Nexus 5X Build/MMB29P) AppleWebKit/537.36 (KHTML, like Gecko) Chrome/41.0.2272.96 Mobile Safari/537.36 (compatible; Googlebot/2.1; +http://www.google.com/bot.html)"
162.210.196.100 - - [14/Aug/2018:10:49:35 +0200] "GET /robots.txt HTTP/1.1" 404 1181 "-" "Mozilla/5.0 (compatible; MJ12bot/v1.4.8; http://mj12bot.com/)"
162.210.196.100 - - [14/Aug/2018:10:49:36 +0200] "GET / HTTP/1.1" 200 884 "-" "Mozilla/5.0 (compatible; MJ12bot/v1.4.8; http://mj12bot.com/)"
162.210.196.100 - - [14/Aug/2018:10:49:39 +0200] "GET /robots.txt HTTP/1.1" 404 1181 "-" "Mozilla/5.0 (compatible; MJ12bot/v1.4.8; http://mj12bot.com/)"
162.210.196.100 - - [14/Aug/2018:10:49:41 +0200] "GET / HTTP/1.1" 200 884 "-" "Mozilla/5.0 (compatible; MJ12bot/v1.4.8; http://mj12bot.com/)"
40.77.167.84 - - [14/Aug/2018:11:19:56 +0200] "GET /aktualis_elemei/bio2szulinap_elemei/image052.jpg HTTP/1.1" 200 11533 "-" "Mozilla/5.0 (compatible; bingbot/2.0; +http://www.bing.com/bingbot.htm)"
40.77.167.84 - - [14/Aug/2018:11:37:14 +0200] "GET /aktualis_elemei/bekamentes_elemei/image009.jpg HTTP/1.1" 200 11140 "-" "Mozilla/5.0 (compatible; bingbot/2.0; +http://www.bing.com/bingbot.htm)"
40.77.167.84 - - [14/Aug/2018:12:38:44 +0200] "GET /aktualis_elemei/bekamentes_elemei/image009.jpg HTTP/1.1" 200 11140 "-" "Mozilla/5.0 (compatible; bingbot/2.0; +http://www.bing.com/bingbot.htm)"
66.249.70.9 - - [14/Aug/2018:12:52:33 +0200] "GET /robots.txt HTTP/1.1" 404 1181 "-" "Mozilla/5.0 (compatible; Googlebot/2.1; +http://www.google.com/bot.html)"
66.249.70.11 - - [14/Aug/2018:12:52:33 +0200] "GET / HTTP/1.1" 200 884 "-" "Mozilla/5.0 (Linux; Android 6.0.1; Nexus 5X Build/MMB29P) AppleWebKit/537.36 (KHTML, like Gecko) Chrome/41.0.2272.96 Mobile Safari/537.36 (compatible; Googlebot/2.1; +http://www.google.com/bot.html)"
66.249.70.11 - - [14/Aug/2018:13:37:32 +0200] "GET / HTTP/1.1" 200 884 "-" "Mozilla/5.0 (Linux; Android 6.0.1; Nexus 5X Build/MMB29P) AppleWebKit/537.36 (KHTML, like Gecko) Chrome/41.0.2272.96 Mobile Safari/537.36 (compatible; Googlebot/2.1; +http://www.google.com/bot.html)"
66.249.70.7 - - [14/Aug/2018:14:05:40 +0200] "GET /aktualis_elemei/bio2szulinap.html HTTP/1.1" 304 - "-" "Mozilla/5.0 (Linux; Android 6.0.1; Nexus 5X Build/MMB29P) AppleWebKit/537.36 (KHTML, like Gecko) Chrome/41.0.2272.96 Mobile Safari/537.36 (compatible; Googlebot/2.1; +http://www.google.com/bot.html)"
134.249.50.5 - - [14/Aug/2018:14:37:37 +0200] "GET / HTTP/1.1" 200 884 "-" "Mozilla/5.0 (Windows NT 10.0; Win64; x64) AppleWebKit/537.36 (KHTML, like Gecko) Chrome/63.0.3239.132 Safari/537.36"
134.249.50.5 - - [14/Aug/2018:14:37:37 +0200] "GET /wp-includes/wlwmanifest.xml HTTP/1.1" 404 1181 "-" "Mozilla/5.0 (Windows NT 10.0; Win64; x64) AppleWebKit/537.36 (KHTML, like Gecko) Chrome/63.0.3239.132 Safari/537.36"
134.249.50.5 - - [14/Aug/2018:14:37:37 +0200] "GET /xmlrpc.php?rsd HTTP/1.1" 404 1181 "-" "Mozilla/5.0 (Windows NT 10.0; Win64; x64) AppleWebKit/537.36 (KHTML, like Gecko) Chrome/63.0.3239.132 Safari/537.36"
134.249.50.5 - - [14/Aug/2018:14:37:37 +0200] "GET / HTTP/1.1" 200 884 "-" "Mozilla/5.0 (Windows NT 10.0; Win64; x64) AppleWebKit/537.36 (KHTML, like Gecko) Chrome/63.0.3239.132 Safari/537.36"
134.249.50.5 - - [14/Aug/2018:14:37:37 +0200] "GET /blog/wp-includes/wlwmanifest.xml HTTP/1.1" 404 1181 "-" "Mozilla/5.0 (Windows NT 10.0; Win64; x64) AppleWebKit/537.36 (KHTML, like Gecko) Chrome/63.0.3239.132 Safari/537.36"
134.249.50.5 - - [14/Aug/2018:14:37:37 +0200] "GET /wordpress/wp-includes/wlwmanifest.xml HTTP/1.1" 404 1181 "-" "Mozilla/5.0 (Windows NT 10.0; Win64; x64) AppleWebKit/537.36 (KHTML, like Gecko) Chrome/63.0.3239.132 Safari/537.36"
134.249.50.5 - - [14/Aug/2018:14:37:37 +0200] "GET /wp/wp-includes/wlwmanifest.xml HTTP/1.1" 404 1181 "-" "Mozilla/5.0 (Windows NT 10.0; Win64; x64) AppleWebKit/537.36 (KHTML, like Gecko) Chrome/63.0.3239.132 Safari/537.36"
134.249.50.5 - - [14/Aug/2018:14:37:37 +0200] "GET /site/wp-includes/wlwmanifest.xml HTTP/1.1" 404 1181 "-" "Mozilla/5.0 (Windows NT 10.0; Win64; x64) AppleWebKit/537.36 (KHTML, like Gecko) Chrome/63.0.3239.132 Safari/537.36"
54.36.148.128 - - [14/Aug/2018:14:56:10 +0200] "GET /aktualis_elemei/hk2006.html HTTP/1.1" 200 16289 "-" "Mozilla/5.0 (compatible; AhrefsBot/5.2; +http://ahrefs.com/robot/)"
