66.249.66.39 - - [18/Oct/2018:11:41:52 +0200] "GET /esemenynaptar/SparkEventsCalendar_loadVars.txt HTTP/1.1" 200 72712 "-" "Mozilla/5.0 (compatible; Googlebot/2.1; +http://www.google.com/bot.html)"
207.46.13.166 - - [18/Oct/2018:12:32:18 +0200] "GET /aktualis_elemei/bio2szulinap_elemei/image052.jpg HTTP/1.1" 200 11533 "-" "Mozilla/5.0 (compatible; bingbot/2.0; +http://www.bing.com/bingbot.htm)"
42.236.10.88 - - [18/Oct/2018:12:40:49 +0200] "GET / HTTP/1.1" 200 884 "-" "Mozilla/5.0 (Windows NT 6.1) AppleWebKit/537.36 (KHTML, like Gecko) Chrome/42.0.2311.90 Safari/537.36"
66.249.66.39 - - [18/Oct/2018:13:27:39 +0200] "GET /aktualis_elemei/bio2szulinap_elemei/image090.jpg HTTP/1.1" 304 - "-" "Googlebot-Image/1.0"
66.249.66.41 - - [18/Oct/2018:14:23:02 +0200] "GET /aktualis_elemei/bio2szulinap_elemei/image062.jpg HTTP/1.1" 304 - "-" "Googlebot-Image/1.0"
207.46.13.166 - - [18/Oct/2018:14:23:12 +0200] "GET /aktualis_elemei/bekamentes_elemei/image009.jpg HTTP/1.1" 200 11140 "-" "Mozilla/5.0 (compatible; bingbot/2.0; +http://www.bing.com/bingbot.htm)"
207.46.13.166 - - [18/Oct/2018:14:25:58 +0200] "GET /aktualis_elemei/bio2szulinap_elemei/image086.jpg HTTP/1.1" 200 7670 "-" "Mozilla/5.0 (compatible; bingbot/2.0; +http://www.bing.com/bingbot.htm)"
80.77.124.233 - - [18/Oct/2018:15:07:43 +0200] "GET / HTTP/1.1" 200 884 "-" "Mozilla/5.0 (Windows NT 10.0; Win64; x64) AppleWebKit/537.36 (KHTML, like Gecko) Chrome/62.0.3202.94 Safari/537.36"
77.111.91.248 - - [18/Oct/2018:15:12:59 +0200] "GET /archiv_elemei/acitc.html HTTP/1.1" 200 13312 "-" "Mozilla/5.0 (Windows NT 10.0; Win64; x64) AppleWebKit/537.36 (KHTML, like Gecko) Chrome/62.0.3202.94 Safari/537.36"
66.249.66.41 - - [18/Oct/2018:15:18:24 +0200] "GET /aktualis_elemei/bio2szulinap_elemei/image122.jpg HTTP/1.1" 200 8543 "-" "Googlebot-Image/1.0"
180.76.15.142 - - [18/Oct/2018:15:26:05 +0200] "GET / HTTP/1.1" 200 884 "-" "Mozilla/5.0 (compatible; Baiduspider/2.0; +http://www.baidu.com/search/spider.html)"
66.249.66.43 - - [18/Oct/2018:16:17:25 +0200] "GET /aktualis_elemei/bio2szulinap_elemei/image022.jpg HTTP/1.1" 304 - "-" "Googlebot-Image/1.0"
66.249.66.39 - - [18/Oct/2018:16:30:47 +0200] "GET /aktualis_elemei/bio2szulinap_elemei/image060.jpg HTTP/1.1" 304 - "-" "Googlebot-Image/1.0"
84.236.71.32 - - [18/Oct/2018:17:29:53 +0200] "GET /aktualis_elemei/belefulladunk.html HTTP/1.1" 200 11597 "https://www.google.hu/" "Mozilla/5.0 (Windows NT 10.0; Win64; x64) AppleWebKit/537.36 (KHTML, like Gecko) Chrome/69.0.3497.100 Safari/537.36"
84.236.71.32 - - [18/Oct/2018:17:29:53 +0200] "GET /aktualis_elemei/belefulladunk_elemei/image001.jpg HTTP/1.1" 200 32088 "http://www.greenaction.hu/aktualis_elemei/belefulladunk.html" "Mozilla/5.0 (Windows NT 10.0; Win64; x64) AppleWebKit/537.36 (KHTML, like Gecko) Chrome/69.0.3497.100 Safari/537.36"
84.236.71.32 - - [18/Oct/2018:17:29:54 +0200] "GET /favicon.ico HTTP/1.1" 404 1181 "http://www.greenaction.hu/aktualis_elemei/belefulladunk.html" "Mozilla/5.0 (Windows NT 10.0; Win64; x64) AppleWebKit/537.36 (KHTML, like Gecko) Chrome/69.0.3497.100 Safari/537.36"
66.249.66.86 - - [18/Oct/2018:18:20:18 +0200] "GET /robots.txt HTTP/1.1" 404 1181 "-" "Mozilla/5.0 (compatible; Googlebot/2.1; +http://www.google.com/bot.html)"
66.249.66.87 - - [18/Oct/2018:18:20:19 +0200] "GET / HTTP/1.1" 200 884 "-" "Mozilla/5.0 (compatible; Googlebot/2.1; +http://www.google.com/bot.html)"
47.106.103.20 - - [18/Oct/2018:18:36:59 +0200] "GET /console/css/dashboard-min.css HTTP/1.1" 404 1181 "-" "Mozilla/5.0 (Windows NT 10.0; Win64; x64; rv:57.0) Gecko/20100101 Firefox/57.0"
47.106.103.20 - - [18/Oct/2018:18:37:00 +0200] "GET /status HTTP/1.1" 404 1181 "-" "Mozilla/5.0 (Windows NT 10.0; Win64; x64; rv:57.0) Gecko/20100101 Firefox/57.0"
66.249.81.11 - - [18/Oct/2018:18:43:29 +0200] "GET /archiv.html HTTP/1.1" 200 100991 "https://www.google.hu/" "Mozilla/5.0 (Linux; Android 8.0.0; SM-A520F Build/R16NW) AppleWebKit/537.36 (KHTML, like Gecko) Chrome/69.0.3497.100 Mobile Safari/537.36"
66.249.81.7 - - [18/Oct/2018:18:43:30 +0200] "GET /archiv_elemei/image002.gif HTTP/1.1" 404 1181 "http://www.greenaction.hu/archiv.html" "Mozilla/5.0 (Linux; Android 8.0.0; SM-A520F Build/R16NW) AppleWebKit/537.36 (KHTML, like Gecko) Chrome/69.0.3497.100 Mobile Safari/537.36"
66.249.81.7 - - [18/Oct/2018:18:43:30 +0200] "GET /archiv_elemei/image008.gif HTTP/1.1" 404 1181 "http://www.greenaction.hu/archiv.html" "Mozilla/5.0 (Linux; Android 8.0.0; SM-A520F Build/R16NW) AppleWebKit/537.36 (KHTML, like Gecko) Chrome/69.0.3497.100 Mobile Safari/537.36"
66.249.81.7 - - [18/Oct/2018:18:43:30 +0200] "GET /archiv_elemei/image001.gif HTTP/1.1" 404 1181 "http://www.greenaction.hu/archiv.html" "Mozilla/5.0 (Linux; Android 8.0.0; SM-A520F Build/R16NW) AppleWebKit/537.36 (KHTML, like Gecko) Chrome/69.0.3497.100 Mobile Safari/537.36"
66.249.81.7 - - [18/Oct/2018:18:43:30 +0200] "GET /archiv_elemei/image017.gif HTTP/1.1" 404 1181 "http://www.greenaction.hu/archiv.html" "Mozilla/5.0 (Linux; Android 8.0.0; SM-A520F Build/R16NW) AppleWebKit/537.36 (KHTML, like Gecko) Chrome/69.0.3497.100 Mobile Safari/537.36"
66.249.81.9 - - [18/Oct/2018:18:43:30 +0200] "GET /archiv_elemei/image004.jpg HTTP/1.1" 200 7491 "http://www.greenaction.hu/archiv.html" "Mozilla/5.0 (Linux; Android 8.0.0; SM-A520F Build/R16NW) AppleWebKit/537.36 (KHTML, like Gecko) Chrome/69.0.3497.100 Mobile Safari/537.36"
66.249.81.11 - - [18/Oct/2018:18:43:30 +0200] "GET /archiv_elemei/image007.jpg HTTP/1.1" 200 8006 "http://www.greenaction.hu/archiv.html" "Mozilla/5.0 (Linux; Android 8.0.0; SM-A520F Build/R16NW) AppleWebKit/537.36 (KHTML, like Gecko) Chrome/69.0.3497.100 Mobile Safari/537.36"
66.249.81.7 - - [18/Oct/2018:18:43:30 +0200] "GET /archiv_elemei/image011.gif HTTP/1.1" 404 1181 "http://www.greenaction.hu/archiv.html" "Mozilla/5.0 (Linux; Android 8.0.0; SM-A520F Build/R16NW) AppleWebKit/537.36 (KHTML, like Gecko) Chrome/69.0.3497.100 Mobile Safari/537.36"
66.249.81.9 - - [18/Oct/2018:18:43:30 +0200] "GET /archiv_elemei/image012.gif HTTP/1.1" 404 1181 "http://www.greenaction.hu/archiv.html" "Mozilla/5.0 (Linux; Android 8.0.0; SM-A520F Build/R16NW) AppleWebKit/537.36 (KHTML, like Gecko) Chrome/69.0.3497.100 Mobile Safari/537.36"
66.249.81.7 - - [18/Oct/2018:18:43:30 +0200] "GET /archiv_elemei/image014.jpg HTTP/1.1" 200 8670 "http://www.greenaction.hu/archiv.html" "Mozilla/5.0 (Linux; Android 8.0.0; SM-A520F Build/R16NW) AppleWebKit/537.36 (KHTML, like Gecko) Chrome/69.0.3497.100 Mobile Safari/537.36"
66.249.81.9 - - [18/Oct/2018:18:43:30 +0200] "GET /archiv_elemei/image010.jpg HTTP/1.1" 200 4559 "http://www.greenaction.hu/archiv.html" "Mozilla/5.0 (Linux; Android 8.0.0; SM-A520F Build/R16NW) AppleWebKit/537.36 (KHTML, like Gecko) Chrome/69.0.3497.100 Mobile Safari/537.36"
66.249.81.7 - - [18/Oct/2018:18:43:30 +0200] "GET /archiv_elemei/image016.gif HTTP/1.1" 404 1181 "http://www.greenaction.hu/archiv.html" "Mozilla/5.0 (Linux; Android 8.0.0; SM-A520F Build/R16NW) AppleWebKit/537.36 (KHTML, like Gecko) Chrome/69.0.3497.100 Mobile Safari/537.36"
66.249.81.9 - - [18/Oct/2018:18:43:30 +0200] "GET /archiv_elemei/image007.gif HTTP/1.1" 404 1181 "http://www.greenaction.hu/archiv.html" "Mozilla/5.0 (Linux; Android 8.0.0; SM-A520F Build/R16NW) AppleWebKit/537.36 (KHTML, like Gecko) Chrome/69.0.3497.100 Mobile Safari/537.36"
66.249.81.9 - - [18/Oct/2018:18:43:30 +0200] "GET /archiv_elemei/image018.gif HTTP/1.1" 404 1181 "http://www.greenaction.hu/archiv.html" "Mozilla/5.0 (Linux; Android 8.0.0; SM-A520F Build/R16NW) AppleWebKit/537.36 (KHTML, like Gecko) Chrome/69.0.3497.100 Mobile Safari/537.36"
66.249.81.11 - - [18/Oct/2018:18:43:30 +0200] "GET /archiv_elemei/image021.gif HTTP/1.1" 404 1181 "http://www.greenaction.hu/archiv.html" "Mozilla/5.0 (Linux; Android 8.0.0; SM-A520F Build/R16NW) AppleWebKit/537.36 (KHTML, like Gecko) Chrome/69.0.3497.100 Mobile Safari/537.36"
66.249.81.9 - - [18/Oct/2018:18:43:30 +0200] "GET /archiv_elemei/image020.jpg HTTP/1.1" 200 7898 "http://www.greenaction.hu/archiv.html" "Mozilla/5.0 (Linux; Android 8.0.0; SM-A520F Build/R16NW) AppleWebKit/537.36 (KHTML, like Gecko) Chrome/69.0.3497.100 Mobile Safari/537.36"
66.249.81.7 - - [18/Oct/2018:18:43:30 +0200] "GET /archiv_elemei/image023.jpg HTTP/1.1" 200 7081 "http://www.greenaction.hu/archiv.html" "Mozilla/5.0 (Linux; Android 8.0.0; SM-A520F Build/R16NW) AppleWebKit/537.36 (KHTML, like Gecko) Chrome/69.0.3497.100 Mobile Safari/537.36"
66.249.81.9 - - [18/Oct/2018:18:43:30 +0200] "GET /archiv_elemei/image024.gif HTTP/1.1" 404 1181 "http://www.greenaction.hu/archiv.html" "Mozilla/5.0 (Linux; Android 8.0.0; SM-A520F Build/R16NW) AppleWebKit/537.36 (KHTML, like Gecko) Chrome/69.0.3497.100 Mobile Safari/537.36"
66.249.81.11 - - [18/Oct/2018:18:43:30 +0200] "GET /archiv_elemei/image026.jpg HTTP/1.1" 200 4734 "http://www.greenaction.hu/archiv.html" "Mozilla/5.0 (Linux; Android 8.0.0; SM-A520F Build/R16NW) AppleWebKit/537.36 (KHTML, like Gecko) Chrome/69.0.3497.100 Mobile Safari/537.36"
66.249.81.9 - - [18/Oct/2018:18:43:30 +0200] "GET /archiv_elemei/image028.jpg HTTP/1.1" 200 5544 "http://www.greenaction.hu/archiv.html" "Mozilla/5.0 (Linux; Android 8.0.0; SM-A520F Build/R16NW) AppleWebKit/537.36 (KHTML, like Gecko) Chrome/69.0.3497.100 Mobile Safari/537.36"
66.249.81.7 - - [18/Oct/2018:18:43:30 +0200] "GET /archiv_elemei/image030.jpg HTTP/1.1" 200 9737 "http://www.greenaction.hu/archiv.html" "Mozilla/5.0 (Linux; Android 8.0.0; SM-A520F Build/R16NW) AppleWebKit/537.36 (KHTML, like Gecko) Chrome/69.0.3497.100 Mobile Safari/537.36"
66.249.81.7 - - [18/Oct/2018:18:43:30 +0200] "GET /archiv_elemei/image032.jpg HTTP/1.1" 200 5708 "http://www.greenaction.hu/archiv.html" "Mozilla/5.0 (Linux; Android 8.0.0; SM-A520F Build/R16NW) AppleWebKit/537.36 (KHTML, like Gecko) Chrome/69.0.3497.100 Mobile Safari/537.36"
66.249.81.9 - - [18/Oct/2018:18:43:30 +0200] "GET /archiv_elemei/image015.gif HTTP/1.1" 404 1181 "http://www.greenaction.hu/archiv.html" "Mozilla/5.0 (Linux; Android 8.0.0; SM-A520F Build/R16NW) AppleWebKit/537.36 (KHTML, like Gecko) Chrome/69.0.3497.100 Mobile Safari/537.36"
66.249.81.9 - - [18/Oct/2018:18:43:30 +0200] "GET /archiv_elemei/image034.jpg HTTP/1.1" 200 8179 "http://www.greenaction.hu/archiv.html" "Mozilla/5.0 (Linux; Android 8.0.0; SM-A520F Build/R16NW) AppleWebKit/537.36 (KHTML, like Gecko) Chrome/69.0.3497.100 Mobile Safari/537.36"
66.249.81.9 - - [18/Oct/2018:18:43:30 +0200] "GET /archiv_elemei/image036.jpg HTTP/1.1" 200 8062 "http://www.greenaction.hu/archiv.html" "Mozilla/5.0 (Linux; Android 8.0.0; SM-A520F Build/R16NW) AppleWebKit/537.36 (KHTML, like Gecko) Chrome/69.0.3497.100 Mobile Safari/537.36"
66.249.81.9 - - [18/Oct/2018:18:43:30 +0200] "GET /archiv_elemei/image038.jpg HTTP/1.1" 200 4318 "http://www.greenaction.hu/archiv.html" "Mozilla/5.0 (Linux; Android 8.0.0; SM-A520F Build/R16NW) AppleWebKit/537.36 (KHTML, like Gecko) Chrome/69.0.3497.100 Mobile Safari/537.36"
66.249.81.11 - - [18/Oct/2018:18:43:30 +0200] "GET /archiv_elemei/image039.gif HTTP/1.1" 404 1181 "http://www.greenaction.hu/archiv.html" "Mozilla/5.0 (Linux; Android 8.0.0; SM-A520F Build/R16NW) AppleWebKit/537.36 (KHTML, like Gecko) Chrome/69.0.3497.100 Mobile Safari/537.36"
66.249.81.7 - - [18/Oct/2018:18:43:30 +0200] "GET /archiv_elemei/image041.jpg HTTP/1.1" 200 6468 "http://www.greenaction.hu/archiv.html" "Mozilla/5.0 (Linux; Android 8.0.0; SM-A520F Build/R16NW) AppleWebKit/537.36 (KHTML, like Gecko) Chrome/69.0.3497.100 Mobile Safari/537.36"
66.249.81.7 - - [18/Oct/2018:18:43:30 +0200] "GET /archiv_elemei/image042.gif HTTP/1.1" 404 1181 "http://www.greenaction.hu/archiv.html" "Mozilla/5.0 (Linux; Android 8.0.0; SM-A520F Build/R16NW) AppleWebKit/537.36 (KHTML, like Gecko) Chrome/69.0.3497.100 Mobile Safari/537.36"
66.249.81.9 - - [18/Oct/2018:18:43:30 +0200] "GET /archiv_elemei/image044.jpg HTTP/1.1" 200 8307 "http://www.greenaction.hu/archiv.html" "Mozilla/5.0 (Linux; Android 8.0.0; SM-A520F Build/R16NW) AppleWebKit/537.36 (KHTML, like Gecko) Chrome/69.0.3497.100 Mobile Safari/537.36"
66.249.81.11 - - [18/Oct/2018:18:43:30 +0200] "GET /archiv_elemei/image046.jpg HTTP/1.1" 200 8017 "http://www.greenaction.hu/archiv.html" "Mozilla/5.0 (Linux; Android 8.0.0; SM-A520F Build/R16NW) AppleWebKit/537.36 (KHTML, like Gecko) Chrome/69.0.3497.100 Mobile Safari/537.36"
66.249.81.9 - - [18/Oct/2018:18:43:30 +0200] "GET /archiv_elemei/image048.jpg HTTP/1.1" 200 9950 "http://www.greenaction.hu/archiv.html" "Mozilla/5.0 (Linux; Android 8.0.0; SM-A520F Build/R16NW) AppleWebKit/537.36 (KHTML, like Gecko) Chrome/69.0.3497.100 Mobile Safari/537.36"
66.249.81.9 - - [18/Oct/2018:18:43:30 +0200] "GET /archiv_elemei/image049.gif HTTP/1.1" 404 1181 "http://www.greenaction.hu/archiv.html" "Mozilla/5.0 (Linux; Android 8.0.0; SM-A520F Build/R16NW) AppleWebKit/537.36 (KHTML, like Gecko) Chrome/69.0.3497.100 Mobile Safari/537.36"
66.249.81.11 - - [18/Oct/2018:18:43:30 +0200] "GET /archiv_elemei/image051.jpg HTTP/1.1" 200 8798 "http://www.greenaction.hu/archiv.html" "Mozilla/5.0 (Linux; Android 8.0.0; SM-A520F Build/R16NW) AppleWebKit/537.36 (KHTML, like Gecko) Chrome/69.0.3497.100 Mobile Safari/537.36"
66.249.81.11 - - [18/Oct/2018:18:43:30 +0200] "GET /favicon.ico HTTP/1.1" 404 1181 "http://www.greenaction.hu/archiv.html" "Mozilla/5.0 (Linux; Android 8.0.0; SM-A520F Build/R16NW) AppleWebKit/537.36 (KHTML, like Gecko) Chrome/69.0.3497.100 Mobile Safari/537.36"
121.43.41.159 - - [18/Oct/2018:18:45:36 +0200] "GET /console/css/dashboard-min.css HTTP/1.1" 404 1181 "-" "Mozilla/5.0 (Windows NT 10.0; Win64; x64; rv:57.0) Gecko/20100101 Firefox/57.0"
121.43.41.159 - - [18/Oct/2018:18:45:36 +0200] "GET /status HTTP/1.1" 404 1181 "-" "Mozilla/5.0 (Windows NT 10.0; Win64; x64; rv:57.0) Gecko/20100101 Firefox/57.0"
54.36.150.111 - - [18/Oct/2018:18:47:11 +0200] "GET /robots.txt HTTP/1.1" 404 1181 "-" "Mozilla/5.0 (compatible; AhrefsBot/5.2; +http://ahrefs.com/robot/)"
193.169.252.96 - - [18/Oct/2018:18:49:05 +0200] "GET /wp-login.php HTTP/1.1" 404 1181 "http://greenaction.hu/wp-login.php" "Mozilla/4.0 (compatible; MSIE 9.0; Windows NT 6.1; 125LA; .NET CLR 2.0.50727; .NET CLR 3.0.04506.648; .NET CLR 3.5.21022)"
193.169.252.96 - - [18/Oct/2018:18:49:05 +0200] "GET /wp-login.php HTTP/1.1" 404 1181 "http://greenaction.hu/wp-login.php" "Mozilla/4.0 (compatible; MSIE 9.0; Windows NT 6.1; 125LA; .NET CLR 2.0.50727; .NET CLR 3.0.04506.648; .NET CLR 3.5.21022)"
66.249.66.41 - - [18/Oct/2018:19:08:47 +0200] "GET /aktualis_elemei/fnhv.html HTTP/1.1" 304 - "-" "Mozilla/5.0 (Linux; Android 6.0.1; Nexus 5X Build/MMB29P) AppleWebKit/537.36 (KHTML, like Gecko) Chrome/41.0.2272.96 Mobile Safari/537.36 (compatible; Googlebot/2.1; +http://www.google.com/bot.html)"
66.249.66.39 - - [18/Oct/2018:19:14:32 +0200] "GET /aktualis_elemei/bio2szulinap_elemei/image120.jpg HTTP/1.1" 304 - "-" "Googlebot-Image/1.0"
39.104.98.180 - - [18/Oct/2018:19:30:32 +0200] "GET /assets/fileUpload/server/php/files/index.php HTTP/1.1" 404 1181 "-" "-"
220.248.36.56 - - [18/Oct/2018:19:58:51 +0200] "GET /console/css/dashboard-min.css HTTP/1.1" 404 1181 "-" "Mozilla/5.0 (Windows NT 10.0; Win64; x64; rv:57.0) Gecko/20100101 Firefox/57.0"
220.248.36.56 - - [18/Oct/2018:19:58:51 +0200] "GET /status HTTP/1.1" 404 1181 "-" "Mozilla/5.0 (Windows NT 10.0; Win64; x64; rv:57.0) Gecko/20100101 Firefox/57.0"
66.249.66.41 - - [18/Oct/2018:20:09:55 +0200] "GET /robots.txt HTTP/1.1" 404 1181 "-" "Mozilla/5.0 (compatible; Googlebot/2.1; +http://www.google.com/bot.html)"
66.249.66.39 - - [18/Oct/2018:20:09:55 +0200] "GET /aktualis_elemei/bio2szulinap_elemei/image128.jpg HTTP/1.1" 200 8653 "-" "Googlebot-Image/1.0"
207.46.13.2 - - [18/Oct/2018:20:10:37 +0200] "GET /aktualis_elemei/bparak0908.html HTTP/1.1" 200 63132 "-" "Mozilla/5.0 (iPhone; CPU iPhone OS 7_0 like Mac OS X) AppleWebKit/537.51.1 (KHTML, like Gecko) Version/7.0 Mobile/11A465 Safari/9537.53 (compatible; bingbot/2.0; +http://www.bing.com/bingbot.htm)"
157.55.39.105 - - [18/Oct/2018:20:10:45 +0200] "GET /robots.txt HTTP/1.1" 404 1181 "-" "Mozilla/5.0 (compatible; bingbot/2.0; +http://www.bing.com/bingbot.htm)"
66.249.66.41 - - [18/Oct/2018:20:12:51 +0200] "GET /aktualis_elemei/bio2szulinap_elemei/image026.jpg HTTP/1.1" 304 - "-" "Googlebot-Image/1.0"
34.241.70.197 - - [18/Oct/2018:20:21:56 +0200] "HEAD / HTTP/1.1" 200 0 "-" "Mozilla/5.0 (compatible; JobKereso; +https://www.kozvetlen-allasok.hu/robot.jsp info@kozvetlen-allasok.hu)"
34.241.70.197 - - [18/Oct/2018:20:21:56 +0200] "GET /robots.txt HTTP/1.1" 404 1181 "-" "Mozilla/5.0 (compatible; JobKereso; +https://www.kozvetlen-allasok.hu/robot.jsp info@kozvetlen-allasok.hu)"
34.241.70.197 - - [18/Oct/2018:20:21:56 +0200] "HEAD / HTTP/1.1" 200 0 "-" "Mozilla/5.0 (compatible; JobKereso; +https://www.kozvetlen-allasok.hu/robot.jsp info@kozvetlen-allasok.hu)"
34.241.70.197 - - [18/Oct/2018:20:21:56 +0200] "GET / HTTP/1.1" 200 884 "-" "Mozilla/5.0 (compatible; JobKereso; +https://www.kozvetlen-allasok.hu/robot.jsp info@kozvetlen-allasok.hu)"
34.241.70.197 - - [18/Oct/2018:20:21:56 +0200] "HEAD /favicon.ico HTTP/1.1" 404 0 "https://www.kozvetlen-allasok.hu" "Mozilla/5.0 (compatible; JobKeresoBot; +https://www.kozvetlen-allasok.hu/help.jsp; info@kozvetlen-allasok.hu; 5.0"
34.241.201.77 - - [18/Oct/2018:20:39:58 +0200] "HEAD / HTTP/1.1" 200 0 "-" "Mozilla/5.0 (compatible; JobKereso; +https://www.kozvetlen-allasok.hu/robot.jsp info@kozvetlen-allasok.hu)"
34.241.201.77 - - [18/Oct/2018:20:39:58 +0200] "GET /robots.txt HTTP/1.1" 404 1181 "-" "Mozilla/5.0 (compatible; JobKereso; +https://www.kozvetlen-allasok.hu/robot.jsp info@kozvetlen-allasok.hu)"
34.241.201.77 - - [18/Oct/2018:20:39:58 +0200] "HEAD / HTTP/1.1" 200 0 "-" "Mozilla/5.0 (compatible; JobKereso; +https://www.kozvetlen-allasok.hu/robot.jsp info@kozvetlen-allasok.hu)"
34.241.201.77 - - [18/Oct/2018:20:39:58 +0200] "GET / HTTP/1.1" 200 884 "-" "Mozilla/5.0 (compatible; JobKereso; +https://www.kozvetlen-allasok.hu/robot.jsp info@kozvetlen-allasok.hu)"
34.241.201.77 - - [18/Oct/2018:20:39:58 +0200] "HEAD /favicon.ico HTTP/1.1" 404 0 "https://www.kozvetlen-allasok.hu" "Mozilla/5.0 (compatible; JobKeresoBot; +https://www.kozvetlen-allasok.hu/help.jsp; info@kozvetlen-allasok.hu; 5.0"
66.249.66.41 - - [18/Oct/2018:21:15:53 +0200] "GET /aktualis_elemei/bio2szulinap_elemei/image020.gif HTTP/1.1" 200 44876 "-" "Googlebot-Image/1.0"
66.249.66.43 - - [18/Oct/2018:21:43:35 +0200] "GET /aktualis_elemei/bio2szulinap_elemei/image124.jpg HTTP/1.1" 304 - "-" "Googlebot-Image/1.0"
180.76.15.17 - - [18/Oct/2018:21:43:58 +0200] "GET /robots.txt HTTP/1.1" 404 1181 "-" "Mozilla/5.0 (Windows NT 5.1; rv:6.0.2) Gecko/20100101 Firefox/6.0.2"
180.76.15.161 - - [18/Oct/2018:21:43:58 +0200] "GET /robots.txt HTTP/1.1" 404 1181 "-" "Mozilla/5.0 (Windows NT 5.1; rv:6.0.2) Gecko/20100101 Firefox/6.0.2"
180.76.15.6 - - [18/Oct/2018:21:46:38 +0200] "GET / HTTP/1.1" 200 884 "-" "Mozilla/5.0 (compatible; Baiduspider/2.0; +http://www.baidu.com/search/spider.html)"
171.33.234.173 - - [18/Oct/2018:23:23:07 +0200] "GET / HTTP/1.1" 200 884 "-" "Java/1.8.0_101"
66.249.66.39 - - [18/Oct/2018:23:34:21 +0200] "GET /aktualis_elemei/bio2szulinap_elemei/image014.jpg HTTP/1.1" 304 - "-" "Googlebot-Image/1.0"
66.249.66.41 - - [18/Oct/2018:23:55:04 +0200] "GET / HTTP/1.1" 200 884 "-" "Mozilla/5.0 (Linux; Android 6.0.1; Nexus 5X Build/MMB29P) AppleWebKit/537.36 (KHTML, like Gecko) Chrome/41.0.2272.96 Mobile Safari/537.36 (compatible; Googlebot/2.1; +http://www.google.com/bot.html)"
66.249.66.39 - - [19/Oct/2018:00:13:12 +0200] "GET /zoldakcio.swf HTTP/1.1" 200 840351 "-" "Mozilla/5.0 (Linux; Android 6.0.1; Nexus 5X Build/MMB29P) AppleWebKit/537.36 (KHTML, like Gecko) Chrome/41.0.2272.96 Mobile Safari/537.36 (compatible; Googlebot/2.1; +http://www.google.com/bot.html)"
173.252.87.8 - - [19/Oct/2018:00:15:43 +0200] "GET /robots.txt HTTP/1.1" 404 1181 "-" "facebookexternalhit/1.1 (+http://www.facebook.com/externalhit_uatext.php)"
207.46.13.166 - - [19/Oct/2018:00:16:18 +0200] "GET / HTTP/1.1" 200 884 "-" "Mozilla/5.0 (compatible; bingbot/2.0; +http://www.bing.com/bingbot.htm)"
172.111.216.103 - - [19/Oct/2018:00:22:39 +0200] "GET / HTTP/1.1" 200 884 "-" "Java/1.6.0_22"
207.46.13.2 - - [19/Oct/2018:01:30:06 +0200] "GET /aktualis_elemei/bio2szulinap_elemei/image074.jpg HTTP/1.1" 200 8857 "-" "Mozilla/5.0 (compatible; bingbot/2.0; +http://www.bing.com/bingbot.htm)"
66.249.66.39 - - [19/Oct/2018:01:52:48 +0200] "GET /aktualis_elemei/bio2szulinap_elemei/image006.jpg HTTP/1.1" 304 - "-" "Googlebot-Image/1.0"
207.46.13.2 - - [19/Oct/2018:02:04:54 +0200] "GET /aktualis_elemei/bparak0908.html HTTP/1.1" 304 - "-" "Mozilla/5.0 (compatible; bingbot/2.0; +http://www.bing.com/bingbot.htm)"
66.249.66.41 - - [19/Oct/2018:02:20:30 +0200] "GET /aktualis_elemei/bio2szulinap_elemei/image070.jpg HTTP/1.1" 304 - "-" "Googlebot-Image/1.0"
66.249.66.39 - - [19/Oct/2018:02:48:13 +0200] "GET /aktualis_elemei/ujgyoritc_elemei/image002.jpg HTTP/1.1" 200 9795 "-" "Googlebot-Image/1.0"
180.76.15.149 - - [19/Oct/2018:03:12:14 +0200] "GET / HTTP/1.1" 200 884 "-" "Mozilla/5.0 (compatible; Baiduspider/2.0; +http://www.baidu.com/search/spider.html)"
193.106.30.98 - - [19/Oct/2018:03:19:35 +0200] "GET /wp-content/themes/twentytwelve/404.php HTTP/1.1" 404 1181 "-" "Mozilla/5.0 (Windows NT 6.1; rv:34.0) Gecko/20100101 Firefox/34.0"
209.17.96.42 - - [19/Oct/2018:03:36:15 +0200] "GET / HTTP/1.1" 200 884 "-" "Mozilla/5.0 (compatible; Nimbostratus-Bot/v1.3.2; http://cloudsystemnetworks.com)"
207.46.13.2 - - [19/Oct/2018:04:34:42 +0200] "GET /kiadvany/miabio.pdf HTTP/1.1" 200 10720740 "-" "Mozilla/5.0 (iPhone; CPU iPhone OS 7_0 like Mac OS X) AppleWebKit/537.51.1 (KHTML, like Gecko) Version/7.0 Mobile/11A465 Safari/9537.53 (compatible; bingbot/2.0; +http://www.bing.com/bingbot.htm)"
66.249.66.41 - - [19/Oct/2018:04:38:58 +0200] "GET /aktualis_elemei/bio2szulinap_elemei/image058.jpg HTTP/1.1" 304 - "-" "Googlebot-Image/1.0"
77.111.91.248 - - [19/Oct/2018:04:52:24 +0200] "GET / HTTP/1.1" 200 884 "-" "Mozilla/5.0 (Windows NT 10.0; Win64; x64) AppleWebKit/537.36 (KHTML, like Gecko) Chrome/62.0.3202.94 Safari/537.36"
80.77.124.233 - - [19/Oct/2018:04:57:13 +0200] "GET /archiv_elemei/acitc.html HTTP/1.1" 200 13312 "-" "Mozilla/5.0 (Windows NT 10.0; Win64; x64) AppleWebKit/537.36 (KHTML, like Gecko) Chrome/62.0.3202.94 Safari/537.36"
178.255.215.87 - - [19/Oct/2018:05:04:30 +0200] "GET /robots.txt HTTP/1.1" 404 1181 "-" "Mozilla/5.0 (compatible; Exabot/3.0; +http://www.exabot.com/go/robot)"
178.255.215.87 - - [19/Oct/2018:05:04:30 +0200] "GET /dok/alapszabaly.pdf HTTP/1.1" 200 136773 "-" "Mozilla/5.0 (compatible; Exabot/3.0; +http://www.exabot.com/go/robot)"
66.249.66.41 - - [19/Oct/2018:05:06:39 +0200] "GET /aktualis_elemei/bio2szulinap_elemei/image002.jpg HTTP/1.1" 304 - "-" "Googlebot-Image/1.0"
220.243.136.153 - - [19/Oct/2018:05:17:47 +0200] "GET / HTTP/1.1" 200 884 "-" "Mozilla/5.0 (Linux; Android 6.0; Nexus 5 Build/MRA58N) AppleWebKit/537.36 (KHTML, like Gecko) Chrome/65.0.3325.181 Mobile Safari/537.36"
66.249.66.39 - - [19/Oct/2018:05:34:21 +0200] "GET /aktualis_elemei/bio2szulinap_elemei/image012.jpg HTTP/1.1" 304 - "-" "Googlebot-Image/1.0"
5.188.210.11 - - [19/Oct/2018:05:36:14 +0200] "GET /archiv_elemei/lyukotc.html HTTP/1.0" 200 11705 "http://www.greenaction.hu/archiv_elemei/lyukotc.html" "Mozilla/5.0 (Windows NT 6.1) AppleWebKit/537.36 (KHTML, like Gecko) Chrome/66.0.3359.181 Safari/537.36"
40.77.195.180 - - [19/Oct/2018:05:36:46 +0200] "GET /kiadvany/miabio.pdf HTTP/1.1" 200 4309104 "-" "Mozilla/5.0 (iPhone; CPU iPhone OS 7_0 like Mac OS X) AppleWebKit/537.51.1 (KHTML, like Gecko) Version/7.0 Mobile/11A465 Safari/9537.53 BingPreview/1.0b"
23.237.4.26 - - [19/Oct/2018:05:48:33 +0200] "GET / HTTP/1.1" 200 884 "-" "Mozilla/5.0 (compatible; AlphaBot/3.2; +http://alphaseobot.com/bot.html)"
207.46.13.166 - - [19/Oct/2018:06:02:15 +0200] "GET /aktualis_elemei/bio2szulinap_elemei/image086.jpg HTTP/1.1" 200 7670 "-" "Mozilla/5.0 (compatible; bingbot/2.0; +http://www.bing.com/bingbot.htm)"
42.236.101.194 - - [19/Oct/2018:06:06:24 +0200] "GET / HTTP/1.1" 200 884 "http://www.greenaction.hu/" "Mozilla/5.0 (Windows NT 6.1; WOW64) AppleWebKit/537.36 (KHTML, like Gecko) Chrome/50.0.2661.102 Safari/537.36; 360Spider"
66.249.66.41 - - [19/Oct/2018:07:25:07 +0200] "GET /aktualis_elemei/bio2szulinap_elemei/image056.jpg HTTP/1.1" 304 - "-" "Googlebot-Image/1.0"
162.210.196.129 - - [19/Oct/2018:07:25:36 +0200] "GET /robots.txt HTTP/1.1" 404 1181 "-" "Mozilla/5.0 (compatible; MJ12bot/v1.4.8; http://mj12bot.com/)"
162.210.196.129 - - [19/Oct/2018:07:25:38 +0200] "GET / HTTP/1.1" 200 884 "-" "Mozilla/5.0 (compatible; MJ12bot/v1.4.8; http://mj12bot.com/)"
180.76.243.194 - - [19/Oct/2018:07:38:50 +0200] "GET /console/css/dashboard-min.css HTTP/1.1" 404 1181 "-" "Mozilla/5.0 (Windows NT 10.0; Win64; x64; rv:57.0) Gecko/20100101 Firefox/57.0"
180.76.243.194 - - [19/Oct/2018:07:38:51 +0200] "GET /status HTTP/1.1" 404 1181 "-" "Mozilla/5.0 (Windows NT 10.0; Win64; x64; rv:57.0) Gecko/20100101 Firefox/57.0"
54.36.148.118 - - [19/Oct/2018:07:46:43 +0200] "GET /aktualis_elemei/hktetemvar.html HTTP/1.1" 200 16033 "-" "Mozilla/5.0 (compatible; AhrefsBot/5.2; +http://ahrefs.com/robot/)"
66.249.66.43 - - [19/Oct/2018:08:20:30 +0200] "GET /aktualis_elemei/bio2szulinap_elemei/image072.jpg HTTP/1.1" 304 - "-" "Googlebot-Image/1.0"
66.249.66.41 - - [19/Oct/2018:08:20:30 +0200] "GET /robots.txt HTTP/1.1" 404 1181 "-" "Mozilla/5.0 (compatible; Googlebot/2.1; +http://www.google.com/bot.html)"
207.46.13.166 - - [19/Oct/2018:08:22:34 +0200] "GET /aktualis_elemei/bio2szulinap.html HTTP/1.1" 200 71694 "-" "Mozilla/5.0 (compatible; bingbot/2.0; +http://www.bing.com/bingbot.htm)"
185.244.194.170 - - [19/Oct/2018:09:22:46 +0200] "GET /console/css/dashboard-min.css HTTP/1.1" 404 1181 "-" "Mozilla/5.0 (Windows NT 10.0; Win64; x64; rv:57.0) Gecko/20100101 Firefox/57.0"
185.244.194.170 - - [19/Oct/2018:09:22:46 +0200] "GET /status HTTP/1.1" 404 1181 "-" "Mozilla/5.0 (Windows NT 10.0; Win64; x64; rv:57.0) Gecko/20100101 Firefox/57.0"
176.77.130.164 - - [19/Oct/2018:09:37:38 +0200] "GET /aktualis_elemei/upfuzet.html HTTP/1.1" 200 13137 "http://www.google.com/" "Mozilla/5.0 (Linux; Android 8.0.0; G3121 Build/48.1.A.0.129) AppleWebKit/537.36 (KHTML, like Gecko) Chrome/69.0.3497.100 Mobile Safari/537.36"
176.77.130.164 - - [19/Oct/2018:09:37:38 +0200] "GET /aktualis_elemei/upfuzet.tml_elemei/image004.jpg HTTP/1.1" 200 8736 "http://www.greenaction.hu/aktualis_elemei/upfuzet.html" "Mozilla/5.0 (Linux; Android 8.0.0; G3121 Build/48.1.A.0.129) AppleWebKit/537.36 (KHTML, like Gecko) Chrome/69.0.3497.100 Mobile Safari/537.36"
176.77.130.164 - - [19/Oct/2018:09:37:38 +0200] "GET /aktualis_elemei/upfuzet.tml_elemei/image005.jpg HTTP/1.1" 200 27791 "http://www.greenaction.hu/aktualis_elemei/upfuzet.html" "Mozilla/5.0 (Linux; Android 8.0.0; G3121 Build/48.1.A.0.129) AppleWebKit/537.36 (KHTML, like Gecko) Chrome/69.0.3497.100 Mobile Safari/537.36"
176.77.130.164 - - [19/Oct/2018:09:37:38 +0200] "GET /aktualis_elemei/upfuzet.tml_elemei/image002.jpg HTTP/1.1" 200 11918 "http://www.greenaction.hu/aktualis_elemei/upfuzet.html" "Mozilla/5.0 (Linux; Android 8.0.0; G3121 Build/48.1.A.0.129) AppleWebKit/537.36 (KHTML, like Gecko) Chrome/69.0.3497.100 Mobile Safari/537.36"
176.77.130.164 - - [19/Oct/2018:09:37:38 +0200] "GET /favicon.ico HTTP/1.1" 404 1181 "http://www.greenaction.hu/aktualis_elemei/upfuzet.html" "Mozilla/5.0 (Linux; Android 8.0.0; G3121 Build/48.1.A.0.129) AppleWebKit/537.36 (KHTML, like Gecko) Chrome/69.0.3497.100 Mobile Safari/537.36"
66.249.66.41 - - [19/Oct/2018:09:43:34 +0200] "GET /aktualis_elemei/bio2szulinap_elemei/image008.jpg HTTP/1.1" 304 - "-" "Googlebot-Image/1.0"
40.77.167.120 - - [19/Oct/2018:10:22:45 +0200] "GET /aktualis_elemei/bekamentes_elemei/image007.gif HTTP/1.1" 200 4190 "-" "Mozilla/5.0 (compatible; bingbot/2.0; +http://www.bing.com/bingbot.htm)"
208.80.155.236 - - [19/Oct/2018:10:29:20 +0200] "HEAD /kiadvany/miskolchvte.pdf HTTP/1.1" 200 0 "-" "IABot: Checking if link from Wikipedia is broken and needs removal - See https://meta.wikimedia.org/wiki/InternetArchiveBot/FAQ_for_sysadmins"
66.249.66.41 - - [19/Oct/2018:10:38:58 +0200] "GET /aktualis_elemei/bio2szulinap_elemei/image032.jpg HTTP/1.1" 304 - "-" "Googlebot-Image/1.0"
66.249.66.39 - - [19/Oct/2018:11:06:39 +0200] "GET /aktualis_elemei/bio2szulinap_elemei/image104.jpg HTTP/1.1" 304 - "-" "Googlebot-Image/1.0"
40.77.167.120 - - [19/Oct/2018:11:07:02 +0200] "GET /kiadvany/miskolchvte.pdf HTTP/1.1" 200 4059249 "-" "Mozilla/5.0 (iPhone; CPU iPhone OS 7_0 like Mac OS X) AppleWebKit/537.51.1 (KHTML, like Gecko) Version/7.0 Mobile/11A465 Safari/9537.53 (compatible; bingbot/2.0; +http://www.bing.com/bingbot.htm)"
157.55.39.105 - - [19/Oct/2018:11:07:08 +0200] "GET /robots.txt HTTP/1.1" 404 1181 "-" "Mozilla/5.0 (compatible; bingbot/2.0; +http://www.bing.com/bingbot.htm)"
39.104.148.111 - - [19/Oct/2018:11:27:57 +0200] "GET /assets/fileUpload/server/php/index.php HTTP/1.1" 404 1181 "-" "-"
207.46.13.166 - - [19/Oct/2018:11:30:53 +0200] "GET /aktualis_elemei/bio2szulinap.html HTTP/1.1" 200 71694 "-" "Mozilla/5.0 (compatible; bingbot/2.0; +http://www.bing.com/bingbot.htm)"
157.55.39.37 - - [19/Oct/2018:11:34:52 +0200] "GET /robots.txt HTTP/1.1" 404 1181 "-" "Mozilla/5.0 (compatible; bingbot/2.0; +http://www.bing.com/bingbot.htm)"
157.55.39.105 - - [19/Oct/2018:11:35:34 +0200] "GET /aktualis_elemei/bio2szulinap_elemei/image092.jpg HTTP/1.1" 200 7352 "-" "Mozilla/5.0 (compatible; bingbot/2.0; +http://www.bing.com/bingbot.htm)"
185.220.101.27 - - [19/Oct/2018:11:44:30 +0200] "GET / HTTP/1.1" 200 884 "-" "Mozilla/5.0 (Windows NT 6.1; Win64; x64; Trident/7.0; rv:11.0) like Gecko"
104.244.76.13 - - [19/Oct/2018:11:44:30 +0200] "GET / HTTP/1.1" 200 884 "-" "Mozilla/5.0 (Windows NT 6.1; Win64; x64; Trident/7.0; rv:11.0) like Gecko"
104.244.76.13 - - [19/Oct/2018:11:44:31 +0200] "GET / HTTP/1.1" 200 884 "-" "Mozilla/5.0 (Windows NT 6.1; Win64; x64; Trident/7.0; rv:11.0) like Gecko"
104.244.76.13 - - [19/Oct/2018:11:44:31 +0200] "GET /wp-login.php?action=register HTTP/1.1" 404 1181 "-" "Mozilla/5.0 (Windows NT 6.1; Win64; x64; Trident/7.0; rv:11.0) like Gecko"
104.244.76.13 - - [19/Oct/2018:11:44:32 +0200] "GET / HTTP/1.1" 200 884 "-" "Mozilla/5.0 (Windows NT 6.1; Win64; x64; Trident/7.0; rv:11.0) like Gecko"
104.244.76.13 - - [19/Oct/2018:11:44:33 +0200] "GET /index.php?option=com_user&task=register HTTP/1.1" 404 1181 "-" "Mozilla/5.0 (Windows NT 6.1; Win64; x64; Trident/7.0; rv:11.0) like Gecko"
104.244.76.13 - - [19/Oct/2018:11:44:34 +0200] "GET /user/register HTTP/1.1" 404 1181 "-" "Mozilla/5.0 (Windows NT 6.1; Win64; x64; Trident/7.0; rv:11.0) like Gecko"
157.55.39.37 - - [19/Oct/2018:11:52:03 +0200] "GET /robots.txt HTTP/1.1" 404 1181 "-" "Mozilla/5.0 (compatible; bingbot/2.0; +http://www.bing.com/bingbot.htm)"
188.27.243.107 - - [19/Oct/2018:11:52:24 +0200] "GET /aktualis_elemei/bio2szulinap_elemei/image116.jpg HTTP/1.1" 200 9709 "https://www.google.com/" "Mozilla/5.0 (Windows NT 10.0; Win64; x64; rv:62.0) Gecko/20100101 Firefox/62.0"
188.27.243.107 - - [19/Oct/2018:11:52:26 +0200] "GET /aktualis_elemei/bio2szulinap_elemei/image128.jpg HTTP/1.1" 200 8653 "https://www.google.com/" "Mozilla/5.0 (Windows NT 10.0; Win64; x64; rv:62.0) Gecko/20100101 Firefox/62.0"
188.27.243.107 - - [19/Oct/2018:11:52:36 +0200] "GET /aktualis_elemei/bio2szulinap_elemei/image002.jpg HTTP/1.1" 200 13498 "http://www.greenaction.hu/aktualis_elemei/bio2szulinap.html" "Mozilla/5.0 (Windows NT 10.0; Win64; x64; rv:62.0) Gecko/20100101 Firefox/62.0"
188.27.243.107 - - [19/Oct/2018:11:52:36 +0200] "GET /aktualis_elemei/bio2szulinap_elemei/image006.jpg HTTP/1.1" 200 9889 "http://www.greenaction.hu/aktualis_elemei/bio2szulinap.html" "Mozilla/5.0 (Windows NT 10.0; Win64; x64; rv:62.0) Gecko/20100101 Firefox/62.0"
188.27.243.107 - - [19/Oct/2018:11:52:36 +0200] "GET /aktualis_elemei/bio2szulinap_elemei/image010.jpg HTTP/1.1" 200 13442 "http://www.greenaction.hu/aktualis_elemei/bio2szulinap.html" "Mozilla/5.0 (Windows NT 10.0; Win64; x64; rv:62.0) Gecko/20100101 Firefox/62.0"
188.27.243.107 - - [19/Oct/2018:11:52:36 +0200] "GET /aktualis_elemei/bio2szulinap_elemei/image004.jpg HTTP/1.1" 200 9638 "http://www.greenaction.hu/aktualis_elemei/bio2szulinap.html" "Mozilla/5.0 (Windows NT 10.0; Win64; x64; rv:62.0) Gecko/20100101 Firefox/62.0"
188.27.243.107 - - [19/Oct/2018:11:52:36 +0200] "GET /aktualis_elemei/bio2szulinap_elemei/image008.jpg HTTP/1.1" 200 14223 "http://www.greenaction.hu/aktualis_elemei/bio2szulinap.html" "Mozilla/5.0 (Windows NT 10.0; Win64; x64; rv:62.0) Gecko/20100101 Firefox/62.0"
188.27.243.107 - - [19/Oct/2018:11:52:36 +0200] "GET /aktualis_elemei/bio2szulinap.html HTTP/1.1" 200 71694 "https://www.google.com/" "Mozilla/5.0 (Windows NT 10.0; Win64; x64; rv:62.0) Gecko/20100101 Firefox/62.0"
188.27.243.107 - - [19/Oct/2018:11:52:36 +0200] "GET /aktualis_elemei/bio2szulinap_elemei/image012.jpg HTTP/1.1" 200 11039 "http://www.greenaction.hu/aktualis_elemei/bio2szulinap.html" "Mozilla/5.0 (Windows NT 10.0; Win64; x64; rv:62.0) Gecko/20100101 Firefox/62.0"
188.27.243.107 - - [19/Oct/2018:11:52:36 +0200] "GET /aktualis_elemei/bio2szulinap_elemei/image014.jpg HTTP/1.1" 200 10796 "http://www.greenaction.hu/aktualis_elemei/bio2szulinap.html" "Mozilla/5.0 (Windows NT 10.0; Win64; x64; rv:62.0) Gecko/20100101 Firefox/62.0"
188.27.243.107 - - [19/Oct/2018:11:52:36 +0200] "GET /aktualis_elemei/bio2szulinap_elemei/image016.jpg HTTP/1.1" 200 7778 "http://www.greenaction.hu/aktualis_elemei/bio2szulinap.html" "Mozilla/5.0 (Windows NT 10.0; Win64; x64; rv:62.0) Gecko/20100101 Firefox/62.0"
188.27.243.107 - - [19/Oct/2018:11:52:36 +0200] "GET /aktualis_elemei/bio2szulinap_elemei/image022.jpg HTTP/1.1" 200 11114 "http://www.greenaction.hu/aktualis_elemei/bio2szulinap.html" "Mozilla/5.0 (Windows NT 10.0; Win64; x64; rv:62.0) Gecko/20100101 Firefox/62.0"
188.27.243.107 - - [19/Oct/2018:11:52:36 +0200] "GET /aktualis_elemei/bio2szulinap_elemei/image024.jpg HTTP/1.1" 200 12405 "http://www.greenaction.hu/aktualis_elemei/bio2szulinap.html" "Mozilla/5.0 (Windows NT 10.0; Win64; x64; rv:62.0) Gecko/20100101 Firefox/62.0"
188.27.243.107 - - [19/Oct/2018:11:52:36 +0200] "GET /aktualis_elemei/bio2szulinap_elemei/image020.gif HTTP/1.1" 200 44876 "http://www.greenaction.hu/aktualis_elemei/bio2szulinap.html" "Mozilla/5.0 (Windows NT 10.0; Win64; x64; rv:62.0) Gecko/20100101 Firefox/62.0"
188.27.243.107 - - [19/Oct/2018:11:52:36 +0200] "GET /aktualis_elemei/bio2szulinap_elemei/image026.jpg HTTP/1.1" 200 12161 "http://www.greenaction.hu/aktualis_elemei/bio2szulinap.html" "Mozilla/5.0 (Windows NT 10.0; Win64; x64; rv:62.0) Gecko/20100101 Firefox/62.0"
188.27.243.107 - - [19/Oct/2018:11:52:36 +0200] "GET /aktualis_elemei/bio2szulinap_elemei/image028.jpg HTTP/1.1" 200 12629 "http://www.greenaction.hu/aktualis_elemei/bio2szulinap.html" "Mozilla/5.0 (Windows NT 10.0; Win64; x64; rv:62.0) Gecko/20100101 Firefox/62.0"
188.27.243.107 - - [19/Oct/2018:11:52:36 +0200] "GET /aktualis_elemei/bio2szulinap_elemei/image030.jpg HTTP/1.1" 200 18167 "http://www.greenaction.hu/aktualis_elemei/bio2szulinap.html" "Mozilla/5.0 (Windows NT 10.0; Win64; x64; rv:62.0) Gecko/20100101 Firefox/62.0"
188.27.243.107 - - [19/Oct/2018:11:52:36 +0200] "GET /aktualis_elemei/bio2szulinap_elemei/image032.jpg HTTP/1.1" 200 16073 "http://www.greenaction.hu/aktualis_elemei/bio2szulinap.html" "Mozilla/5.0 (Windows NT 10.0; Win64; x64; rv:62.0) Gecko/20100101 Firefox/62.0"
188.27.243.107 - - [19/Oct/2018:11:52:36 +0200] "GET /aktualis_elemei/bio2szulinap_elemei/image018.gif HTTP/1.1" 200 41110 "http://www.greenaction.hu/aktualis_elemei/bio2szulinap.html" "Mozilla/5.0 (Windows NT 10.0; Win64; x64; rv:62.0) Gecko/20100101 Firefox/62.0"
188.27.243.107 - - [19/Oct/2018:11:52:36 +0200] "GET /aktualis_elemei/bio2szulinap_elemei/image034.jpg HTTP/1.1" 200 17799 "http://www.greenaction.hu/aktualis_elemei/bio2szulinap.html" "Mozilla/5.0 (Windows NT 10.0; Win64; x64; rv:62.0) Gecko/20100101 Firefox/62.0"
188.27.243.107 - - [19/Oct/2018:11:52:36 +0200] "GET /aktualis_elemei/bio2szulinap_elemei/image036.jpg HTTP/1.1" 200 13931 "http://www.greenaction.hu/aktualis_elemei/bio2szulinap.html" "Mozilla/5.0 (Windows NT 10.0; Win64; x64; rv:62.0) Gecko/20100101 Firefox/62.0"
188.27.243.107 - - [19/Oct/2018:11:52:36 +0200] "GET /aktualis_elemei/bio2szulinap_elemei/image038.jpg HTTP/1.1" 200 14459 "http://www.greenaction.hu/aktualis_elemei/bio2szulinap.html" "Mozilla/5.0 (Windows NT 10.0; Win64; x64; rv:62.0) Gecko/20100101 Firefox/62.0"
188.27.243.107 - - [19/Oct/2018:11:52:36 +0200] "GET /aktualis_elemei/bio2szulinap_elemei/image040.jpg HTTP/1.1" 200 16250 "http://www.greenaction.hu/aktualis_elemei/bio2szulinap.html" "Mozilla/5.0 (Windows NT 10.0; Win64; x64; rv:62.0) Gecko/20100101 Firefox/62.0"
188.27.243.107 - - [19/Oct/2018:11:52:36 +0200] "GET /aktualis_elemei/bio2szulinap_elemei/image042.jpg HTTP/1.1" 200 16066 "http://www.greenaction.hu/aktualis_elemei/bio2szulinap.html" "Mozilla/5.0 (Windows NT 10.0; Win64; x64; rv:62.0) Gecko/20100101 Firefox/62.0"
188.27.243.107 - - [19/Oct/2018:11:52:36 +0200] "GET /aktualis_elemei/bio2szulinap_elemei/image044.jpg HTTP/1.1" 200 11923 "http://www.greenaction.hu/aktualis_elemei/bio2szulinap.html" "Mozilla/5.0 (Windows NT 10.0; Win64; x64; rv:62.0) Gecko/20100101 Firefox/62.0"
188.27.243.107 - - [19/Oct/2018:11:52:36 +0200] "GET /aktualis_elemei/bio2szulinap_elemei/image046.jpg HTTP/1.1" 200 12403 "http://www.greenaction.hu/aktualis_elemei/bio2szulinap.html" "Mozilla/5.0 (Windows NT 10.0; Win64; x64; rv:62.0) Gecko/20100101 Firefox/62.0"
188.27.243.107 - - [19/Oct/2018:11:52:36 +0200] "GET /aktualis_elemei/bio2szulinap_elemei/image048.jpg HTTP/1.1" 200 13760 "http://www.greenaction.hu/aktualis_elemei/bio2szulinap.html" "Mozilla/5.0 (Windows NT 10.0; Win64; x64; rv:62.0) Gecko/20100101 Firefox/62.0"
188.27.243.107 - - [19/Oct/2018:11:52:36 +0200] "GET /aktualis_elemei/bio2szulinap_elemei/image052.jpg HTTP/1.1" 200 11533 "http://www.greenaction.hu/aktualis_elemei/bio2szulinap.html" "Mozilla/5.0 (Windows NT 10.0; Win64; x64; rv:62.0) Gecko/20100101 Firefox/62.0"
188.27.243.107 - - [19/Oct/2018:11:52:36 +0200] "GET /aktualis_elemei/bio2szulinap_elemei/image050.jpg HTTP/1.1" 200 12224 "http://www.greenaction.hu/aktualis_elemei/bio2szulinap.html" "Mozilla/5.0 (Windows NT 10.0; Win64; x64; rv:62.0) Gecko/20100101 Firefox/62.0"
188.27.243.107 - - [19/Oct/2018:11:52:36 +0200] "GET /aktualis_elemei/bio2szulinap_elemei/image056.jpg HTTP/1.1" 200 10317 "http://www.greenaction.hu/aktualis_elemei/bio2szulinap.html" "Mozilla/5.0 (Windows NT 10.0; Win64; x64; rv:62.0) Gecko/20100101 Firefox/62.0"
188.27.243.107 - - [19/Oct/2018:11:52:36 +0200] "GET /aktualis_elemei/bio2szulinap_elemei/image054.jpg HTTP/1.1" 200 10738 "http://www.greenaction.hu/aktualis_elemei/bio2szulinap.html" "Mozilla/5.0 (Windows NT 10.0; Win64; x64; rv:62.0) Gecko/20100101 Firefox/62.0"
188.27.243.107 - - [19/Oct/2018:11:52:36 +0200] "GET /aktualis_elemei/bio2szulinap_elemei/image058.jpg HTTP/1.1" 200 16787 "http://www.greenaction.hu/aktualis_elemei/bio2szulinap.html" "Mozilla/5.0 (Windows NT 10.0; Win64; x64; rv:62.0) Gecko/20100101 Firefox/62.0"
188.27.243.107 - - [19/Oct/2018:11:52:36 +0200] "GET /aktualis_elemei/bio2szulinap_elemei/image062.jpg HTTP/1.1" 200 10742 "http://www.greenaction.hu/aktualis_elemei/bio2szulinap.html" "Mozilla/5.0 (Windows NT 10.0; Win64; x64; rv:62.0) Gecko/20100101 Firefox/62.0"
188.27.243.107 - - [19/Oct/2018:11:52:36 +0200] "GET /aktualis_elemei/bio2szulinap_elemei/image060.jpg HTTP/1.1" 200 16684 "http://www.greenaction.hu/aktualis_elemei/bio2szulinap.html" "Mozilla/5.0 (Windows NT 10.0; Win64; x64; rv:62.0) Gecko/20100101 Firefox/62.0"
188.27.243.107 - - [19/Oct/2018:11:52:36 +0200] "GET /aktualis_elemei/bio2szulinap_elemei/image066.jpg HTTP/1.1" 200 9626 "http://www.greenaction.hu/aktualis_elemei/bio2szulinap.html" "Mozilla/5.0 (Windows NT 10.0; Win64; x64; rv:62.0) Gecko/20100101 Firefox/62.0"
188.27.243.107 - - [19/Oct/2018:11:52:36 +0200] "GET /aktualis_elemei/bio2szulinap_elemei/image068.jpg HTTP/1.1" 200 7021 "http://www.greenaction.hu/aktualis_elemei/bio2szulinap.html" "Mozilla/5.0 (Windows NT 10.0; Win64; x64; rv:62.0) Gecko/20100101 Firefox/62.0"
188.27.243.107 - - [19/Oct/2018:11:52:36 +0200] "GET /aktualis_elemei/bio2szulinap_elemei/image064.jpg HTTP/1.1" 200 12049 "http://www.greenaction.hu/aktualis_elemei/bio2szulinap.html" "Mozilla/5.0 (Windows NT 10.0; Win64; x64; rv:62.0) Gecko/20100101 Firefox/62.0"
188.27.243.107 - - [19/Oct/2018:11:52:36 +0200] "GET /aktualis_elemei/bio2szulinap_elemei/image070.jpg HTTP/1.1" 200 9176 "http://www.greenaction.hu/aktualis_elemei/bio2szulinap.html" "Mozilla/5.0 (Windows NT 10.0; Win64; x64; rv:62.0) Gecko/20100101 Firefox/62.0"
188.27.243.107 - - [19/Oct/2018:11:52:36 +0200] "GET /aktualis_elemei/bio2szulinap_elemei/image072.jpg HTTP/1.1" 200 8143 "http://www.greenaction.hu/aktualis_elemei/bio2szulinap.html" "Mozilla/5.0 (Windows NT 10.0; Win64; x64; rv:62.0) Gecko/20100101 Firefox/62.0"
188.27.243.107 - - [19/Oct/2018:11:52:37 +0200] "GET /aktualis_elemei/bio2szulinap_elemei/image074.jpg HTTP/1.1" 200 8857 "http://www.greenaction.hu/aktualis_elemei/bio2szulinap.html" "Mozilla/5.0 (Windows NT 10.0; Win64; x64; rv:62.0) Gecko/20100101 Firefox/62.0"
188.27.243.107 - - [19/Oct/2018:11:52:37 +0200] "GET /aktualis_elemei/bio2szulinap_elemei/image076.jpg HTTP/1.1" 200 9572 "http://www.greenaction.hu/aktualis_elemei/bio2szulinap.html" "Mozilla/5.0 (Windows NT 10.0; Win64; x64; rv:62.0) Gecko/20100101 Firefox/62.0"
188.27.243.107 - - [19/Oct/2018:11:52:37 +0200] "GET /aktualis_elemei/bio2szulinap_elemei/image078.jpg HTTP/1.1" 200 7760 "http://www.greenaction.hu/aktualis_elemei/bio2szulinap.html" "Mozilla/5.0 (Windows NT 10.0; Win64; x64; rv:62.0) Gecko/20100101 Firefox/62.0"
188.27.243.107 - - [19/Oct/2018:11:52:37 +0200] "GET /aktualis_elemei/bio2szulinap_elemei/image080.jpg HTTP/1.1" 200 9907 "http://www.greenaction.hu/aktualis_elemei/bio2szulinap.html" "Mozilla/5.0 (Windows NT 10.0; Win64; x64; rv:62.0) Gecko/20100101 Firefox/62.0"
188.27.243.107 - - [19/Oct/2018:11:52:37 +0200] "GET /aktualis_elemei/bio2szulinap_elemei/image082.jpg HTTP/1.1" 200 7560 "http://www.greenaction.hu/aktualis_elemei/bio2szulinap.html" "Mozilla/5.0 (Windows NT 10.0; Win64; x64; rv:62.0) Gecko/20100101 Firefox/62.0"
188.27.243.107 - - [19/Oct/2018:11:52:37 +0200] "GET /aktualis_elemei/bio2szulinap_elemei/image084.jpg HTTP/1.1" 200 7747 "http://www.greenaction.hu/aktualis_elemei/bio2szulinap.html" "Mozilla/5.0 (Windows NT 10.0; Win64; x64; rv:62.0) Gecko/20100101 Firefox/62.0"
188.27.243.107 - - [19/Oct/2018:11:52:37 +0200] "GET /aktualis_elemei/bio2szulinap_elemei/image086.jpg HTTP/1.1" 200 7670 "http://www.greenaction.hu/aktualis_elemei/bio2szulinap.html" "Mozilla/5.0 (Windows NT 10.0; Win64; x64; rv:62.0) Gecko/20100101 Firefox/62.0"
188.27.243.107 - - [19/Oct/2018:11:52:37 +0200] "GET /aktualis_elemei/bio2szulinap_elemei/image088.jpg HTTP/1.1" 200 7592 "http://www.greenaction.hu/aktualis_elemei/bio2szulinap.html" "Mozilla/5.0 (Windows NT 10.0; Win64; x64; rv:62.0) Gecko/20100101 Firefox/62.0"
188.27.243.107 - - [19/Oct/2018:11:52:37 +0200] "GET /aktualis_elemei/bio2szulinap_elemei/image092.jpg HTTP/1.1" 200 7352 "http://www.greenaction.hu/aktualis_elemei/bio2szulinap.html" "Mozilla/5.0 (Windows NT 10.0; Win64; x64; rv:62.0) Gecko/20100101 Firefox/62.0"
188.27.243.107 - - [19/Oct/2018:11:52:37 +0200] "GET /aktualis_elemei/bio2szulinap_elemei/image090.jpg HTTP/1.1" 200 7132 "http://www.greenaction.hu/aktualis_elemei/bio2szulinap.html" "Mozilla/5.0 (Windows NT 10.0; Win64; x64; rv:62.0) Gecko/20100101 Firefox/62.0"
188.27.243.107 - - [19/Oct/2018:11:52:37 +0200] "GET /aktualis_elemei/bio2szulinap_elemei/image094.jpg HTTP/1.1" 200 7635 "http://www.greenaction.hu/aktualis_elemei/bio2szulinap.html" "Mozilla/5.0 (Windows NT 10.0; Win64; x64; rv:62.0) Gecko/20100101 Firefox/62.0"
188.27.243.107 - - [19/Oct/2018:11:52:37 +0200] "GET /aktualis_elemei/bio2szulinap_elemei/image096.jpg HTTP/1.1" 200 8771 "http://www.greenaction.hu/aktualis_elemei/bio2szulinap.html" "Mozilla/5.0 (Windows NT 10.0; Win64; x64; rv:62.0) Gecko/20100101 Firefox/62.0"
188.27.243.107 - - [19/Oct/2018:11:52:37 +0200] "GET /aktualis_elemei/bio2szulinap_elemei/image098.jpg HTTP/1.1" 200 8855 "http://www.greenaction.hu/aktualis_elemei/bio2szulinap.html" "Mozilla/5.0 (Windows NT 10.0; Win64; x64; rv:62.0) Gecko/20100101 Firefox/62.0"
188.27.243.107 - - [19/Oct/2018:11:52:37 +0200] "GET /aktualis_elemei/bio2szulinap_elemei/image100.jpg HTTP/1.1" 200 7946 "http://www.greenaction.hu/aktualis_elemei/bio2szulinap.html" "Mozilla/5.0 (Windows NT 10.0; Win64; x64; rv:62.0) Gecko/20100101 Firefox/62.0"
188.27.243.107 - - [19/Oct/2018:11:52:37 +0200] "GET /aktualis_elemei/bio2szulinap_elemei/image102.jpg HTTP/1.1" 200 8017 "http://www.greenaction.hu/aktualis_elemei/bio2szulinap.html" "Mozilla/5.0 (Windows NT 10.0; Win64; x64; rv:62.0) Gecko/20100101 Firefox/62.0"
188.27.243.107 - - [19/Oct/2018:11:52:37 +0200] "GET /aktualis_elemei/bio2szulinap_elemei/image104.jpg HTTP/1.1" 200 8372 "http://www.greenaction.hu/aktualis_elemei/bio2szulinap.html" "Mozilla/5.0 (Windows NT 10.0; Win64; x64; rv:62.0) Gecko/20100101 Firefox/62.0"
188.27.243.107 - - [19/Oct/2018:11:52:37 +0200] "GET /aktualis_elemei/bio2szulinap_elemei/image106.jpg HTTP/1.1" 200 7697 "http://www.greenaction.hu/aktualis_elemei/bio2szulinap.html" "Mozilla/5.0 (Windows NT 10.0; Win64; x64; rv:62.0) Gecko/20100101 Firefox/62.0"
188.27.243.107 - - [19/Oct/2018:11:52:37 +0200] "GET /aktualis_elemei/bio2szulinap_elemei/image108.jpg HTTP/1.1" 200 9238 "http://www.greenaction.hu/aktualis_elemei/bio2szulinap.html" "Mozilla/5.0 (Windows NT 10.0; Win64; x64; rv:62.0) Gecko/20100101 Firefox/62.0"
188.27.243.107 - - [19/Oct/2018:11:52:37 +0200] "GET /aktualis_elemei/bio2szulinap_elemei/image110.jpg HTTP/1.1" 200 8760 "http://www.greenaction.hu/aktualis_elemei/bio2szulinap.html" "Mozilla/5.0 (Windows NT 10.0; Win64; x64; rv:62.0) Gecko/20100101 Firefox/62.0"
188.27.243.107 - - [19/Oct/2018:11:52:37 +0200] "GET /aktualis_elemei/bio2szulinap_elemei/image112.jpg HTTP/1.1" 200 8269 "http://www.greenaction.hu/aktualis_elemei/bio2szulinap.html" "Mozilla/5.0 (Windows NT 10.0; Win64; x64; rv:62.0) Gecko/20100101 Firefox/62.0"
188.27.243.107 - - [19/Oct/2018:11:52:37 +0200] "GET /aktualis_elemei/bio2szulinap_elemei/image114.jpg HTTP/1.1" 200 6950 "http://www.greenaction.hu/aktualis_elemei/bio2szulinap.html" "Mozilla/5.0 (Windows NT 10.0; Win64; x64; rv:62.0) Gecko/20100101 Firefox/62.0"
188.27.243.107 - - [19/Oct/2018:11:52:37 +0200] "GET /aktualis_elemei/bio2szulinap_elemei/image118.jpg HTTP/1.1" 200 9292 "http://www.greenaction.hu/aktualis_elemei/bio2szulinap.html" "Mozilla/5.0 (Windows NT 10.0; Win64; x64; rv:62.0) Gecko/20100101 Firefox/62.0"
188.27.243.107 - - [19/Oct/2018:11:52:37 +0200] "GET /aktualis_elemei/bio2szulinap_elemei/image120.jpg HTTP/1.1" 200 9114 "http://www.greenaction.hu/aktualis_elemei/bio2szulinap.html" "Mozilla/5.0 (Windows NT 10.0; Win64; x64; rv:62.0) Gecko/20100101 Firefox/62.0"
188.27.243.107 - - [19/Oct/2018:11:52:37 +0200] "GET /aktualis_elemei/bio2szulinap_elemei/image122.jpg HTTP/1.1" 200 8543 "http://www.greenaction.hu/aktualis_elemei/bio2szulinap.html" "Mozilla/5.0 (Windows NT 10.0; Win64; x64; rv:62.0) Gecko/20100101 Firefox/62.0"
188.27.243.107 - - [19/Oct/2018:11:52:37 +0200] "GET /aktualis_elemei/bio2szulinap_elemei/image124.jpg HTTP/1.1" 200 8278 "http://www.greenaction.hu/aktualis_elemei/bio2szulinap.html" "Mozilla/5.0 (Windows NT 10.0; Win64; x64; rv:62.0) Gecko/20100101 Firefox/62.0"
188.27.243.107 - - [19/Oct/2018:11:52:37 +0200] "GET /aktualis_elemei/bio2szulinap_elemei/image126.jpg HTTP/1.1" 200 9363 "http://www.greenaction.hu/aktualis_elemei/bio2szulinap.html" "Mozilla/5.0 (Windows NT 10.0; Win64; x64; rv:62.0) Gecko/20100101 Firefox/62.0"
188.27.243.107 - - [19/Oct/2018:11:52:37 +0200] "GET /aktualis_elemei/bio2szulinap_elemei/image130.jpg HTTP/1.1" 200 7636 "http://www.greenaction.hu/aktualis_elemei/bio2szulinap.html" "Mozilla/5.0 (Windows NT 10.0; Win64; x64; rv:62.0) Gecko/20100101 Firefox/62.0"
188.27.243.107 - - [19/Oct/2018:11:52:37 +0200] "GET /aktualis_elemei/bio2szulinap_elemei/image132.jpg HTTP/1.1" 200 8237 "http://www.greenaction.hu/aktualis_elemei/bio2szulinap.html" "Mozilla/5.0 (Windows NT 10.0; Win64; x64; rv:62.0) Gecko/20100101 Firefox/62.0"
188.27.243.107 - - [19/Oct/2018:11:52:37 +0200] "GET /aktualis_elemei/bio2szulinap_elemei/image134.jpg HTTP/1.1" 200 10678 "http://www.greenaction.hu/aktualis_elemei/bio2szulinap.html" "Mozilla/5.0 (Windows NT 10.0; Win64; x64; rv:62.0) Gecko/20100101 Firefox/62.0"
188.27.243.107 - - [19/Oct/2018:11:52:37 +0200] "GET /aktualis_elemei/bio2szulinap_elemei/image136.jpg HTTP/1.1" 200 7982 "http://www.greenaction.hu/aktualis_elemei/bio2szulinap.html" "Mozilla/5.0 (Windows NT 10.0; Win64; x64; rv:62.0) Gecko/20100101 Firefox/62.0"
188.27.243.107 - - [19/Oct/2018:11:52:37 +0200] "GET /aktualis_elemei/bio2szulinap_elemei/image138.jpg HTTP/1.1" 200 9822 "http://www.greenaction.hu/aktualis_elemei/bio2szulinap.html" "Mozilla/5.0 (Windows NT 10.0; Win64; x64; rv:62.0) Gecko/20100101 Firefox/62.0"
188.27.243.107 - - [19/Oct/2018:11:52:37 +0200] "GET /aktualis_elemei/bio2szulinap_elemei/image140.jpg HTTP/1.1" 200 9938 "http://www.greenaction.hu/aktualis_elemei/bio2szulinap.html" "Mozilla/5.0 (Windows NT 10.0; Win64; x64; rv:62.0) Gecko/20100101 Firefox/62.0"
188.27.243.107 - - [19/Oct/2018:11:52:37 +0200] "GET /aktualis_elemei/bio2szulinap_elemei/image142.jpg HTTP/1.1" 200 9654 "http://www.greenaction.hu/aktualis_elemei/bio2szulinap.html" "Mozilla/5.0 (Windows NT 10.0; Win64; x64; rv:62.0) Gecko/20100101 Firefox/62.0"
