40.77.167.74 - - [17/Nov/2019:06:14:27 +0100] "GET /aktualis_elemei/bio2szulinap_elemei/image062.jpg HTTP/1.1" 200 10742 "-" "Mozilla/5.0 (compatible; bingbot/2.0; +http://www.bing.com/bingbot.htm)"
66.249.66.63 - - [17/Nov/2019:07:07:41 +0100] "GET /aktualis_elemei/bio2szulinap.html HTTP/1.1" 304 - "-" "Mozilla/5.0 (Linux; Android 6.0.1; Nexus 5X Build/MMB29P) AppleWebKit/537.36 (KHTML, like Gecko) Chrome/41.0.2272.96 Mobile Safari/537.36 (compatible; Googlebot/2.1; +http://www.google.com/bot.html)"
157.55.39.93 - - [17/Nov/2019:07:20:48 +0100] "GET /aktualis_elemei/bio2szulinap_elemei/image056.jpg HTTP/1.1" 200 10317 "-" "Mozilla/5.0 (compatible; bingbot/2.0; +http://www.bing.com/bingbot.htm)"
34.215.254.2 - - [17/Nov/2019:07:43:25 +0100] "GET / HTTP/1.1" 200 884 "-" "Go-http-client/1.1"
141.8.183.17 - - [17/Nov/2019:07:47:07 +0100] "GET /robots.txt HTTP/1.1" 404 1181 "-" "Mozilla/5.0 (compatible; YandexBot/3.0; +http://yandex.com/bots)"
141.8.183.17 - - [17/Nov/2019:07:47:14 +0100] "GET /kiadvany/miskolchvte.pdf HTTP/1.1" 200 4059249 "-" "Mozilla/5.0 (compatible; YandexBot/3.0; +http://yandex.com/bots)"
40.77.167.160 - - [17/Nov/2019:07:49:42 +0100] "GET /aktualis_elemei/bio2szulinap_elemei/image092.jpg HTTP/1.1" 200 7352 "-" "Mozilla/5.0 (compatible; bingbot/2.0; +http://www.bing.com/bingbot.htm)"
157.55.39.5 - - [17/Nov/2019:09:26:45 +0100] "GET /robots.txt HTTP/1.1" 404 1181 "-" "Mozilla/5.0 (compatible; bingbot/2.0; +http://www.bing.com/bingbot.htm)"
40.77.167.118 - - [17/Nov/2019:09:26:51 +0100] "GET /aktualis_elemei/bio2szulinap_elemei/image140.jpg HTTP/1.1" 200 9938 "-" "Mozilla/5.0 (compatible; bingbot/2.0; +http://www.bing.com/bingbot.htm)"
40.77.167.160 - - [17/Nov/2019:09:33:31 +0100] "GET /aktualis_elemei/bio2szulinap_elemei/image094.jpg HTTP/1.1" 200 7635 "-" "Mozilla/5.0 (compatible; bingbot/2.0; +http://www.bing.com/bingbot.htm)"
40.77.167.118 - - [17/Nov/2019:09:38:51 +0100] "GET /aktualis_elemei/fnhv_elemei/image024.jpg HTTP/1.1" 200 10080 "-" "Mozilla/5.0 (compatible; bingbot/2.0; +http://www.bing.com/bingbot.htm)"
157.55.39.93 - - [17/Nov/2019:09:39:21 +0100] "GET /aktualis_elemei/bio2szulinap_elemei/image110.jpg HTTP/1.1" 200 8760 "-" "Mozilla/5.0 (compatible; bingbot/2.0; +http://www.bing.com/bingbot.htm)"
66.249.66.90 - - [17/Nov/2019:10:19:52 +0100] "GET / HTTP/1.1" 200 884 "-" "Mozilla/5.0 (Linux; Android 6.0.1; Nexus 5X Build/MMB29P) AppleWebKit/537.36 (KHTML, like Gecko) Chrome/41.0.2272.96 Mobile Safari/537.36 (compatible; Googlebot/2.1; +http://www.google.com/bot.html)"
207.46.13.198 - - [17/Nov/2019:10:20:19 +0100] "GET /aktualis_elemei/bio2szulinap_elemei/image102.jpg HTTP/1.1" 200 8017 "-" "Mozilla/5.0 (compatible; bingbot/2.0; +http://www.bing.com/bingbot.htm)"
46.119.124.229 - - [17/Nov/2019:10:45:39 +0100] "GET / HTTP/1.1" 200 884 "https://detoxmed24.ru/" "Mozilla/4.0 (compatible; MSIE 6.0; MSIE 5.5; Windows NT 4.0) Opera 7.0 [en]"
46.119.124.229 - - [17/Nov/2019:10:45:39 +0100] "GET / HTTP/1.1" 200 884 "https://detoxmed24.ru/" "Mozilla/4.0 (compatible; MSIE 6.0; MSIE 5.5; Windows NT 4.0) Opera 7.0 [en]"
46.119.124.229 - - [17/Nov/2019:10:45:39 +0100] "GET / HTTP/1.1" 200 884 "https://detoxmed24.ru/" "Mozilla/4.0 (compatible; MSIE 6.0; MSIE 5.5; Windows NT 4.0) Opera 7.0 [en]"
61.160.212.40 - - [17/Nov/2019:10:46:49 +0100] "GET /plus/search.php?keyword=xxx&arrs1%5B%5D=99&arrs1%5B%5D=102&arrs1%5B%5D=103&arrs1%5B%5D=95&arrs1%5B%5D=100&arrs1%5B%5D=102&arrs1%5B%5D=95&arrs1%5B%5D=115&arrs1%5B%5D=116&arrs1%5B%5D=121&arrs1%5B%5D=108&arrs1%5B%5D=101&arrs2%5B%5D=47&arrs2%5B%5D=47&arrs2%5B%5D=46&arrs2%5B%5D=46&arrs2%5B%5D=47&arrs2%5B%5D=46&arrs2%5B%5D=46&arrs2%5B%5D=47&arrs2%5B%5D=100&arrs2%5B%5D=97&arrs2%5B%5D=116&arrs2%5B%5D=97&arrs2%5B%5D=47&arrs2%5B%5D=99&arrs2%5B%5D=111&arrs2%5B%5D=109&arrs2%5B%5D=109&arrs2%5B%5D=111&arrs2%5B%5D=110&arrs2%5B%5D=46&arrs2%5B%5D=105&arrs2%5B%5D=110&arrs2%5B%5D=99&arrs2%5B%5D=46&arrs2%5B%5D=112&arrs2%5B%5D=104&arrs2%5B%5D=112&arrs2%5B%5D=0 HTTP/1.1" 404 1181 "-" "-"
46.118.155.3 - - [17/Nov/2019:10:50:07 +0100] "GET / HTTP/1.1" 200 884 "https://pinup-casinos.ru/" "Mozilla/4.0 (compatible; MSIE 5.5; Windows NT 5.0; .NET CLR 1.1.4322)"
46.118.155.3 - - [17/Nov/2019:10:50:08 +0100] "GET / HTTP/1.1" 200 884 "https://pinup-casinos.ru/" "Mozilla/4.0 (compatible; MSIE 5.5; Windows NT 5.0; .NET CLR 1.1.4322)"
46.118.155.3 - - [17/Nov/2019:10:50:08 +0100] "GET / HTTP/1.1" 200 884 "https://pinup-casinos.ru/" "Mozilla/4.0 (compatible; MSIE 5.5; Windows NT 5.0; .NET CLR 1.1.4322)"
207.46.13.158 - - [17/Nov/2019:11:58:57 +0100] "GET /aktualis_elemei/fnhv_elemei/image015.jpg HTTP/1.1" 200 11818 "-" "Mozilla/5.0 (compatible; bingbot/2.0; +http://www.bing.com/bingbot.htm)"
66.249.66.37 - - [17/Nov/2019:12:03:42 +0100] "GET /robots.txt HTTP/1.1" 404 1181 "-" "Mozilla/5.0 (compatible; Googlebot/2.1; +http://www.google.com/bot.html)"
66.249.66.34 - - [17/Nov/2019:12:03:43 +0100] "GET /aktualis_elemei/ausztriaut.html HTTP/1.1" 200 73702 "-" "Mozilla/5.0 (Linux; Android 6.0.1; Nexus 5X Build/MMB29P) AppleWebKit/537.36 (KHTML, like Gecko) Chrome/41.0.2272.96 Mobile Safari/537.36 (compatible; Googlebot/2.1; +http://www.google.com/bot.html)"
207.46.13.158 - - [17/Nov/2019:13:02:55 +0100] "GET /aktualis_elemei/fnhv_elemei/image020.jpg HTTP/1.1" 200 12922 "-" "Mozilla/5.0 (compatible; bingbot/2.0; +http://www.bing.com/bingbot.htm)"
157.55.39.5 - - [17/Nov/2019:13:52:20 +0100] "GET /robots.txt HTTP/1.1" 404 1181 "-" "Mozilla/5.0 (compatible; bingbot/2.0; +http://www.bing.com/bingbot.htm)"
157.55.39.133 - - [17/Nov/2019:13:52:25 +0100] "GET /aktualis_elemei/bio2szulinap_elemei/image086.jpg HTTP/1.1" 200 7670 "-" "Mozilla/5.0 (compatible; bingbot/2.0; +http://www.bing.com/bingbot.htm)"
207.46.13.198 - - [17/Nov/2019:13:54:36 +0100] "GET /aktualis_elemei/bio2szulinap_elemei/image096.jpg HTTP/1.1" 200 8771 "-" "Mozilla/5.0 (compatible; bingbot/2.0; +http://www.bing.com/bingbot.htm)"
66.249.66.63 - - [17/Nov/2019:14:10:48 +0100] "GET /kiadvany/miskolchvte.pdf HTTP/1.1" 200 4059249 "-" "Mozilla/5.0 (Linux; Android 6.0.1; Nexus 5X Build/MMB29P) AppleWebKit/537.36 (KHTML, like Gecko) Chrome/41.0.2272.96 Mobile Safari/537.36 (compatible; Googlebot/2.1; +http://www.google.com/bot.html)"
207.46.13.198 - - [17/Nov/2019:14:15:50 +0100] "GET /aktualis_elemei/fnhv_elemei/image025.jpg HTTP/1.1" 200 13871 "-" "Mozilla/5.0 (compatible; bingbot/2.0; +http://www.bing.com/bingbot.htm)"
77.56.150.239 - - [17/Nov/2019:14:39:08 +0100] "GET /aktualis_elemei/katonai_elemei/image002.jpg HTTP/1.1" 200 34104 "https://www.google.com/" "Mozilla/5.0 (X11; Linux x86_64) AppleWebKit/537.36 (KHTML, like Gecko) Chrome/78.0.3904.97 Safari/537.36"
207.46.13.158 - - [17/Nov/2019:14:44:13 +0100] "GET /aktualis_elemei/bio2szulinap_elemei/image082.jpg HTTP/1.1" 200 7560 "-" "Mozilla/5.0 (compatible; bingbot/2.0; +http://www.bing.com/bingbot.htm)"
203.116.18.250 - - [17/Nov/2019:14:47:50 +0100] "GET /index.php HTTP/1.1" 404 1181 "-" "Go-http-client/1.1"
54.36.148.49 - - [17/Nov/2019:14:58:25 +0100] "GET /robots.txt HTTP/1.1" 404 1181 "-" "Mozilla/5.0 (compatible; AhrefsBot/6.1; +http://ahrefs.com/robot/)"
54.36.150.135 - - [17/Nov/2019:14:58:25 +0100] "GET /aktualis_elemei/hulladek-klima.humusz.html HTTP/1.1" 200 13381 "-" "Mozilla/5.0 (compatible; AhrefsBot/6.1; +http://ahrefs.com/robot/)"
92.63.111.27 - - [17/Nov/2019:15:03:11 +0100] "GET / HTTP/1.1" 200 884 "-" "Mozilla/5.0 (Windows NT 6.1; WOW64) AppleWebKit/537.36 (KHTML, like Gecko) Chrome/47.0.2526.111 Safari/537.36"
207.46.13.158 - - [17/Nov/2019:15:08:19 +0100] "GET /aktualis_elemei/bio2szulinap_elemei/image008.jpg HTTP/1.1" 200 14223 "-" "Mozilla/5.0 (compatible; bingbot/2.0; +http://www.bing.com/bingbot.htm)"
207.46.13.198 - - [17/Nov/2019:15:15:55 +0100] "GET /aktualis_elemei/bio2szulinap_elemei/image126.jpg HTTP/1.1" 200 9363 "-" "Mozilla/5.0 (compatible; bingbot/2.0; +http://www.bing.com/bingbot.htm)"
207.46.13.158 - - [17/Nov/2019:15:36:25 +0100] "GET /aktualis_elemei/bio2szulinap_elemei/image008.jpg HTTP/1.1" 200 14223 "-" "Mozilla/5.0 (compatible; bingbot/2.0; +http://www.bing.com/bingbot.htm)"
157.55.39.133 - - [17/Nov/2019:16:40:15 +0100] "GET /aktualis_elemei/bio2szulinap_elemei/image070.jpg HTTP/1.1" 200 9176 "-" "Mozilla/5.0 (compatible; bingbot/2.0; +http://www.bing.com/bingbot.htm)"
66.249.66.37 - - [17/Nov/2019:16:45:22 +0100] "GET / HTTP/1.1" 200 884 "-" "Mozilla/5.0 (Linux; Android 6.0.1; Nexus 5X Build/MMB29P) AppleWebKit/537.36 (KHTML, like Gecko) Chrome/41.0.2272.96 Mobile Safari/537.36 (compatible; Googlebot/2.1; +http://www.google.com/bot.html)"
199.58.86.211 - - [17/Nov/2019:17:02:58 +0100] "GET /robots.txt HTTP/1.1" 404 1181 "-" "Mozilla/5.0 (compatible; MJ12bot/v1.4.8; http://mj12bot.com/)"
199.58.86.211 - - [17/Nov/2019:17:03:01 +0100] "GET / HTTP/1.1" 200 884 "-" "Mozilla/5.0 (compatible; MJ12bot/v1.4.8; http://mj12bot.com/)"
66.249.66.34 - - [17/Nov/2019:18:16:12 +0100] "GET / HTTP/1.1" 200 884 "-" "Mozilla/5.0 (compatible; Googlebot/2.1; +http://www.google.com/bot.html)"
45.58.188.111 - - [17/Nov/2019:18:57:56 +0100] "GET / HTTP/1.1" 200 884 "-" "Lynx Opera/7.330 (UNIX; U) [de]"
66.249.66.91 - - [17/Nov/2019:19:04:15 +0100] "GET /robots.txt HTTP/1.1" 404 1181 "-" "Mozilla/5.0 (compatible; Googlebot/2.1; +http://www.google.com/bot.html)"
66.249.66.89 - - [17/Nov/2019:19:04:15 +0100] "GET / HTTP/1.1" 200 884 "-" "Mozilla/5.0 (Linux; Android 6.0.1; Nexus 5X Build/MMB29P) AppleWebKit/537.36 (KHTML, like Gecko) Chrome/41.0.2272.96 Mobile Safari/537.36 (compatible; Googlebot/2.1; +http://www.google.com/bot.html)"
107.6.183.226 - - [17/Nov/2019:20:01:52 +0100] "GET / HTTP/1.1" 200 884 "-" "Mozilla/5.0 (Windows NT 10.0; WOW64) AppleWebKit/537.36 (KHTML, like Gecko) Chrome/66.0.3359.117 Safari/537.36"
62.165.221.11 - - [17/Nov/2019:21:17:25 +0100] "GET /favicon.ico HTTP/1.1" 404 1181 "http://www.greenaction.hu/kiadvany/miskolchvte.pdf" "Mozilla/5.0 (Windows NT 10.0; Win64; x64) AppleWebKit/537.36 (KHTML, like Gecko) Chrome/77.0.3865.120 Safari/537.36 OPR/64.0.3417.92"
62.165.221.11 - - [17/Nov/2019:21:17:26 +0100] "GET /kiadvany/miskolchvte.pdf HTTP/1.1" 200 4059249 "https://www.google.hu/" "Mozilla/5.0 (Windows NT 10.0; Win64; x64) AppleWebKit/537.36 (KHTML, like Gecko) Chrome/77.0.3865.120 Safari/537.36 OPR/64.0.3417.92"
46.229.168.151 - - [17/Nov/2019:21:27:07 +0100] "GET /robots.txt HTTP/1.1" 404 1181 "-" "Mozilla/5.0 (compatible; SemrushBot/6~bl; +http://www.semrush.com/bot.html)"
46.229.168.145 - - [17/Nov/2019:21:27:08 +0100] "GET /aktualis_elemei/ujgyoritc.html HTTP/1.1" 200 14418 "-" "Mozilla/5.0 (compatible; SemrushBot/6~bl; +http://www.semrush.com/bot.html)"
157.55.39.241 - - [17/Nov/2019:21:29:04 +0100] "GET / HTTP/1.1" 200 884 "-" "Mozilla/5.0 (compatible; bingbot/2.0; +http://www.bing.com/bingbot.htm)"
157.55.39.181 - - [17/Nov/2019:22:39:30 +0100] "GET /aktualis_elemei/fnhv_elemei/image026.jpg HTTP/1.1" 200 11706 "-" "Mozilla/5.0 (compatible; bingbot/2.0; +http://www.bing.com/bingbot.htm)"
157.55.39.5 - - [17/Nov/2019:22:46:15 +0100] "GET /robots.txt HTTP/1.1" 404 1181 "-" "Mozilla/5.0 (compatible; bingbot/2.0; +http://www.bing.com/bingbot.htm)"
207.46.13.225 - - [17/Nov/2019:22:46:36 +0100] "GET /aktualis_elemei/bio2szulinap_elemei/image040.jpg HTTP/1.1" 200 16250 "-" "Mozilla/5.0 (compatible; bingbot/2.0; +http://www.bing.com/bingbot.htm)"
207.46.13.225 - - [17/Nov/2019:23:07:00 +0100] "GET /aktualis_elemei/bio2szulinap_elemei/image040.jpg HTTP/1.1" 200 16250 "-" "Mozilla/5.0 (compatible; bingbot/2.0; +http://www.bing.com/bingbot.htm)"
157.55.39.108 - - [17/Nov/2019:23:11:35 +0100] "GET /aktualis_elemei/fnhv_elemei/image010.jpg HTTP/1.1" 200 8890 "-" "Mozilla/5.0 (compatible; bingbot/2.0; +http://www.bing.com/bingbot.htm)"
157.55.39.181 - - [17/Nov/2019:23:21:28 +0100] "GET /aktualis_elemei/bio2szulinap_elemei/image072.jpg HTTP/1.1" 200 8143 "-" "Mozilla/5.0 (compatible; bingbot/2.0; +http://www.bing.com/bingbot.htm)"
66.249.66.63 - - [17/Nov/2019:23:26:54 +0100] "GET /kiadvany/miskolchvte.pdf HTTP/1.1" 200 4059249 "-" "Mozilla/5.0 (Linux; Android 6.0.1; Nexus 5X Build/MMB29P) AppleWebKit/537.36 (KHTML, like Gecko) Chrome/41.0.2272.96 Mobile Safari/537.36 (compatible; Googlebot/2.1; +http://www.google.com/bot.html)"
66.249.66.63 - - [17/Nov/2019:23:28:07 +0100] "GET /kiadvany/miskolchvte.pdf HTTP/1.1" 200 4059249 "-" "Mozilla/5.0 (Linux; Android 6.0.1; Nexus 5X Build/MMB29P) AppleWebKit/537.36 (KHTML, like Gecko) Chrome/41.0.2272.96 Mobile Safari/537.36 (compatible; Googlebot/2.1; +http://www.google.com/bot.html)"
66.249.66.37 - - [18/Nov/2019:00:57:23 +0100] "GET /robots.txt HTTP/1.1" 404 1181 "-" "Mozilla/5.0 (compatible; Googlebot/2.1; +http://www.google.com/bot.html)"
66.249.66.34 - - [18/Nov/2019:00:57:23 +0100] "GET / HTTP/1.1" 200 884 "-" "Mozilla/5.0 (Linux; Android 6.0.1; Nexus 5X Build/MMB29P) AppleWebKit/537.36 (KHTML, like Gecko) Chrome/41.0.2272.96 Mobile Safari/537.36 (compatible; Googlebot/2.1; +http://www.google.com/bot.html)"
66.249.66.63 - - [18/Nov/2019:01:07:39 +0100] "GET /zoldakcio.swf HTTP/1.1" 200 840351 "-" "Mozilla/5.0 (compatible; Googlebot/2.1; +http://www.google.com/bot.html)"
66.249.66.63 - - [18/Nov/2019:01:07:47 +0100] "GET /hirek/hirek.txt HTTP/1.1" 200 96857 "-" "Mozilla/5.0 (compatible; Googlebot/2.1; +http://www.google.com/bot.html)"
66.249.66.63 - - [18/Nov/2019:01:07:48 +0100] "GET /esemenynaptar/SparkEventsCalendar_loadVars.txt HTTP/1.1" 200 72712 "-" "Mozilla/5.0 (compatible; Googlebot/2.1; +http://www.google.com/bot.html)"
66.249.66.63 - - [18/Nov/2019:01:07:57 +0100] "GET /favicon.ico HTTP/1.1" 404 1181 "-" "Googlebot-Image/1.0"
157.55.39.181 - - [18/Nov/2019:01:09:37 +0100] "GET /aktualis_elemei/bio2szulinap_elemei/image050.jpg HTTP/1.1" 200 12224 "-" "Mozilla/5.0 (compatible; bingbot/2.0; +http://www.bing.com/bingbot.htm)"
157.55.39.181 - - [18/Nov/2019:01:31:55 +0100] "GET /aktualis_elemei/bio2szulinap_elemei/image004.jpg HTTP/1.1" 200 9638 "-" "Mozilla/5.0 (compatible; bingbot/2.0; +http://www.bing.com/bingbot.htm)"
46.118.155.3 - - [18/Nov/2019:02:37:49 +0100] "GET / HTTP/1.1" 200 884 "https://business-investing.info/" "Mozilla/4.0 (compatible; MSIE 6.0; Windows NT 5.1) Netscape/8.0.4"
46.118.155.3 - - [18/Nov/2019:02:37:50 +0100] "GET / HTTP/1.1" 200 884 "https://business-investing.info/" "Mozilla/4.0 (compatible; MSIE 6.0; Windows NT 5.1) Netscape/8.0.4"
46.118.155.3 - - [18/Nov/2019:02:37:50 +0100] "GET / HTTP/1.1" 200 884 "https://business-investing.info/" "Mozilla/4.0 (compatible; MSIE 6.0; Windows NT 5.1) Netscape/8.0.4"
157.55.39.108 - - [18/Nov/2019:02:46:45 +0100] "GET /aktualis_elemei/bio2szulinap_elemei/image090.jpg HTTP/1.1" 200 7132 "-" "Mozilla/5.0 (compatible; bingbot/2.0; +http://www.bing.com/bingbot.htm)"
207.46.13.225 - - [18/Nov/2019:04:01:34 +0100] "GET /aktualis_elemei/fnhv_elemei/image018.jpg HTTP/1.1" 200 11108 "-" "Mozilla/5.0 (compatible; bingbot/2.0; +http://www.bing.com/bingbot.htm)"
46.119.124.229 - - [18/Nov/2019:04:08:33 +0100] "GET / HTTP/1.1" 200 884 "https://zvuqa.net/genre/russian-rap/" "Mozilla/4.0 (compatible; MSIE 6.0; Windows NT 5.1; SV1; InfoPath.1)"
46.119.124.229 - - [18/Nov/2019:04:08:33 +0100] "GET / HTTP/1.1" 200 884 "https://zvuqa.net/genre/russian-rap/" "Mozilla/4.0 (compatible; MSIE 6.0; Windows NT 5.1; SV1; InfoPath.1)"
46.119.124.229 - - [18/Nov/2019:04:08:34 +0100] "GET / HTTP/1.1" 200 884 "https://zvuqa.net/genre/russian-rap/" "Mozilla/4.0 (compatible; MSIE 6.0; Windows NT 5.1; SV1; InfoPath.1)"
66.249.66.34 - - [18/Nov/2019:05:01:50 +0100] "GET /aktualis_elemei/ausztriaut.html HTTP/1.1" 304 - "-" "Mozilla/5.0 (Linux; Android 6.0.1; Nexus 5X Build/MMB29P) AppleWebKit/537.36 (KHTML, like Gecko) Chrome/41.0.2272.96 Mobile Safari/537.36 (compatible; Googlebot/2.1; +http://www.google.com/bot.html)"
40.77.167.105 - - [18/Nov/2019:05:39:20 +0100] "GET /aktualis_elemei/bio2szulinap_elemei/image072.jpg HTTP/1.1" 200 8143 "-" "Mozilla/5.0 (compatible; bingbot/2.0; +http://www.bing.com/bingbot.htm)"
46.119.124.229 - - [18/Nov/2019:05:45:30 +0100] "GET / HTTP/1.1" 200 884 "https://www.linkedin.com/pulse/best-online-payday-loans-companies-george-hilton" "Mozilla/4.0 (compatible; MSIE 6.0; Windows NT 5.1; SV1; .NET CLR 1.1.4322) NS8/0.9.6"
46.119.124.229 - - [18/Nov/2019:05:45:30 +0100] "GET / HTTP/1.1" 200 884 "https://www.linkedin.com/pulse/best-online-payday-loans-companies-george-hilton" "Mozilla/4.0 (compatible; MSIE 6.0; Windows NT 5.1; SV1; .NET CLR 1.1.4322) NS8/0.9.6"
46.119.124.229 - - [18/Nov/2019:05:45:31 +0100] "GET / HTTP/1.1" 200 884 "https://www.linkedin.com/pulse/best-online-payday-loans-companies-george-hilton" "Mozilla/4.0 (compatible; MSIE 6.0; Windows NT 5.1; SV1; .NET CLR 1.1.4322) NS8/0.9.6"
46.119.179.109 - - [18/Nov/2019:05:49:33 +0100] "GET / HTTP/1.1" 200 884 "https://1xbet4you.com/" "Mozilla/4.0 (compatible; MSIE 5.0; Windows NT; DigExt)"
46.119.179.109 - - [18/Nov/2019:05:49:33 +0100] "GET / HTTP/1.1" 200 884 "https://pansionat-evropa.com.ua/" "Mozilla/4.0 (compatible; MSIE 5.0; Windows NT; DigExt)"
46.119.179.109 - - [18/Nov/2019:05:49:34 +0100] "GET / HTTP/1.1" 200 884 "https://pansionat-evropa.com.ua/" "Mozilla/4.0 (compatible; MSIE 5.0; Windows NT; DigExt)"
46.119.179.109 - - [18/Nov/2019:05:49:34 +0100] "GET / HTTP/1.1" 200 884 "https://1xbet4you.com/" "Mozilla/4.0 (compatible; MSIE 5.0; Windows NT; DigExt)"
46.119.179.109 - - [18/Nov/2019:05:49:34 +0100] "GET / HTTP/1.1" 200 884 "https://1xbet4you.com/" "Mozilla/4.0 (compatible; MSIE 5.0; Windows NT; DigExt)"
46.119.179.109 - - [18/Nov/2019:05:49:34 +0100] "GET / HTTP/1.1" 200 884 "https://pansionat-evropa.com.ua/" "Mozilla/4.0 (compatible; MSIE 5.0; Windows NT; DigExt)"
40.77.167.91 - - [18/Nov/2019:06:22:09 +0100] "GET /aktualis_elemei/bio2szulinap_elemei/image106.jpg HTTP/1.1" 200 7697 "-" "Mozilla/5.0 (compatible; bingbot/2.0; +http://www.bing.com/bingbot.htm)"
162.210.196.130 - - [18/Nov/2019:06:38:49 +0100] "GET /robots.txt HTTP/1.1" 404 1181 "-" "Mozilla/5.0 (compatible; MJ12bot/v1.4.8; http://mj12bot.com/)"
162.210.196.130 - - [18/Nov/2019:06:38:53 +0100] "GET / HTTP/1.1" 200 884 "-" "Mozilla/5.0 (compatible; MJ12bot/v1.4.8; http://mj12bot.com/)"
46.229.168.137 - - [18/Nov/2019:07:26:54 +0100] "GET /robots.txt HTTP/1.1" 404 1181 "-" "Mozilla/5.0 (compatible; SemrushBot/6~bl; +http://www.semrush.com/bot.html)"
46.229.168.130 - - [18/Nov/2019:07:26:55 +0100] "GET /archiv_elemei/belvarostc.html HTTP/1.1" 200 12601 "-" "Mozilla/5.0 (compatible; SemrushBot/6~bl; +http://www.semrush.com/bot.html)"
34.220.184.91 - - [18/Nov/2019:07:33:16 +0100] "GET / HTTP/1.1" 200 884 "-" "Go-http-client/1.1"
46.119.179.109 - - [18/Nov/2019:07:40:19 +0100] "GET / HTTP/1.1" 200 884 "https://zarabotat-na-sajte.ru/" "Mozilla/4.0 (compatible; MSIE 6.0; Update a; AOL 6.0; Windows 98)"
46.119.179.109 - - [18/Nov/2019:07:40:19 +0100] "GET / HTTP/1.1" 200 884 "https://zarabotat-na-sajte.ru/" "Mozilla/4.0 (compatible; MSIE 6.0; Update a; AOL 6.0; Windows 98)"
46.119.179.109 - - [18/Nov/2019:07:40:20 +0100] "GET / HTTP/1.1" 200 884 "https://zarabotat-na-sajte.ru/" "Mozilla/4.0 (compatible; MSIE 6.0; Update a; AOL 6.0; Windows 98)"
46.119.172.178 - - [18/Nov/2019:08:02:03 +0100] "GET / HTTP/1.1" 200 884 "https://cn.painting-planet.com/" "Mozilla/4.0 (compatible; MSIE 6.0; Windows NT 5.1; MRA 4.3 (build 01218); .NET CLR 1.1.4322)"
46.119.172.178 - - [18/Nov/2019:08:02:04 +0100] "GET / HTTP/1.1" 200 884 "https://cn.painting-planet.com/" "Mozilla/4.0 (compatible; MSIE 6.0; Windows NT 5.1; MRA 4.3 (build 01218); .NET CLR 1.1.4322)"
46.119.172.178 - - [18/Nov/2019:08:02:04 +0100] "GET / HTTP/1.1" 200 884 "https://cn.painting-planet.com/" "Mozilla/4.0 (compatible; MSIE 6.0; Windows NT 5.1; MRA 4.3 (build 01218); .NET CLR 1.1.4322)"
158.69.31.36 - - [18/Nov/2019:09:01:14 +0100] "GET / HTTP/1.1" 200 884 "-" "Mozilla/5.0 (Windows NT 10.0; Win64; x64) AppleWebKit/537.36 (KHTML, like Gecko) Chrome/63.0.3239.132 Safari/537.36"
158.69.31.36 - - [18/Nov/2019:09:01:15 +0100] "GET /wp-includes/wlwmanifest.xml HTTP/1.1" 404 1181 "-" "Mozilla/5.0 (Windows NT 10.0; Win64; x64) AppleWebKit/537.36 (KHTML, like Gecko) Chrome/63.0.3239.132 Safari/537.36"
158.69.31.36 - - [18/Nov/2019:09:01:15 +0100] "GET /xmlrpc.php?rsd HTTP/1.1" 404 1181 "-" "Mozilla/5.0 (Windows NT 10.0; Win64; x64) AppleWebKit/537.36 (KHTML, like Gecko) Chrome/63.0.3239.132 Safari/537.36"
158.69.31.36 - - [18/Nov/2019:09:01:15 +0100] "GET / HTTP/1.1" 200 884 "-" "Mozilla/5.0 (Windows NT 10.0; Win64; x64) AppleWebKit/537.36 (KHTML, like Gecko) Chrome/63.0.3239.132 Safari/537.36"
158.69.31.36 - - [18/Nov/2019:09:01:15 +0100] "GET /blog/wp-includes/wlwmanifest.xml HTTP/1.1" 404 1181 "-" "Mozilla/5.0 (Windows NT 10.0; Win64; x64) AppleWebKit/537.36 (KHTML, like Gecko) Chrome/63.0.3239.132 Safari/537.36"
158.69.31.36 - - [18/Nov/2019:09:01:15 +0100] "GET /wordpress/wp-includes/wlwmanifest.xml HTTP/1.1" 404 1181 "-" "Mozilla/5.0 (Windows NT 10.0; Win64; x64) AppleWebKit/537.36 (KHTML, like Gecko) Chrome/63.0.3239.132 Safari/537.36"
158.69.31.36 - - [18/Nov/2019:09:01:15 +0100] "GET /wp/wp-includes/wlwmanifest.xml HTTP/1.1" 404 1181 "-" "Mozilla/5.0 (Windows NT 10.0; Win64; x64) AppleWebKit/537.36 (KHTML, like Gecko) Chrome/63.0.3239.132 Safari/537.36"
158.69.31.36 - - [18/Nov/2019:09:01:16 +0100] "GET /site/wp-includes/wlwmanifest.xml HTTP/1.1" 404 1181 "-" "Mozilla/5.0 (Windows NT 10.0; Win64; x64) AppleWebKit/537.36 (KHTML, like Gecko) Chrome/63.0.3239.132 Safari/537.36"
158.69.31.36 - - [18/Nov/2019:09:01:16 +0100] "GET /cms/wp-includes/wlwmanifest.xml HTTP/1.1" 404 1181 "-" "Mozilla/5.0 (Windows NT 10.0; Win64; x64) AppleWebKit/537.36 (KHTML, like Gecko) Chrome/63.0.3239.132 Safari/537.36"
46.118.155.3 - - [18/Nov/2019:09:07:49 +0100] "GET / HTTP/1.1" 200 884 "https://x-porn.org/" "Mozilla/4.0 (compatible; MSIE 6.0; Windows NT 5.0; KTXN)"
46.118.155.3 - - [18/Nov/2019:09:07:49 +0100] "GET / HTTP/1.1" 200 884 "https://x-porn.org/" "Mozilla/4.0 (compatible; MSIE 6.0; Windows NT 5.0; KTXN)"
46.118.155.3 - - [18/Nov/2019:09:07:50 +0100] "GET / HTTP/1.1" 200 884 "https://x-porn.org/" "Mozilla/4.0 (compatible; MSIE 6.0; Windows NT 5.0; KTXN)"
62.210.137.158 - - [18/Nov/2019:09:47:32 +0100] "GET / HTTP/1.1" 200 884 "-" "Mozilla/5.0 (X11; Linux x86_64; rv:60.0) Gecko/20100101 Firefox/60.0"
46.229.168.147 - - [18/Nov/2019:09:57:17 +0100] "GET /robots.txt HTTP/1.1" 404 1181 "-" "Mozilla/5.0 (compatible; SemrushBot/6~bl; +http://www.semrush.com/bot.html)"
46.229.168.163 - - [18/Nov/2019:09:57:18 +0100] "GET /archiv.html HTTP/1.1" 200 100991 "-" "Mozilla/5.0 (compatible; SemrushBot/6~bl; +http://www.semrush.com/bot.html)"
157.55.39.241 - - [18/Nov/2019:10:01:01 +0100] "GET / HTTP/1.1" 200 884 "-" "Mozilla/5.0 (compatible; bingbot/2.0; +http://www.bing.com/bingbot.htm)"
5.196.87.174 - - [18/Nov/2019:10:01:52 +0100] "GET /robots.txt HTTP/1.1" 404 1181 "-" "Mozilla/5.0 (compatible; AhrefsBot/6.1; +http://ahrefs.com/robot/)"
40.77.167.91 - - [18/Nov/2019:10:22:02 +0100] "GET /aktualis_elemei/belvarosi%20biovasar%20arai%202007.%20tel.doc HTTP/1.1" 304 - "-" "Mozilla/5.0 (compatible; bingbot/2.0; +http://www.bing.com/bingbot.htm)"
195.228.212.178 - - [18/Nov/2019:10:42:41 +0100] "GET / HTTP/1.0" 200 884 "https://www.google.com/" "Mozilla/5.0 (Windows NT 6.1; Win64; x64; rv:70.0) Gecko/20100101 Firefox/70.0"
195.228.212.178 - - [18/Nov/2019:10:42:41 +0100] "GET /pattern.jpg HTTP/1.0" 200 13798 "http://www.greenaction.hu/" "Mozilla/5.0 (Windows NT 6.1; Win64; x64; rv:70.0) Gecko/20100101 Firefox/70.0"
195.228.212.178 - - [18/Nov/2019:10:42:41 +0100] "GET /favicon.ico HTTP/1.0" 404 1181 "-" "Mozilla/5.0 (Windows NT 6.1; Win64; x64; rv:70.0) Gecko/20100101 Firefox/70.0"
195.228.212.178 - - [18/Nov/2019:10:42:46 +0100] "GET /zoldakcio.swf HTTP/1.0" 200 840351 "http://www.greenaction.hu/" "Mozilla/5.0 (Windows NT 6.1; Win64; x64; rv:70.0) Gecko/20100101 Firefox/70.0"
195.228.212.178 - - [18/Nov/2019:10:42:48 +0100] "GET /hirek/hirek.txt HTTP/1.0" 200 96857 "http://www.greenaction.hu/zoldakcio.swf" "Mozilla/5.0 (Windows NT 6.1; Win64; x64; rv:70.0) Gecko/20100101 Firefox/70.0"
195.228.212.178 - - [18/Nov/2019:10:42:48 +0100] "GET /esemenynaptar/SparkEventsCalendar_loadVars.txt HTTP/1.0" 200 72712 "http://www.greenaction.hu/zoldakcio.swf" "Mozilla/5.0 (Windows NT 6.1; Win64; x64; rv:70.0) Gecko/20100101 Firefox/70.0"
195.228.212.178 - - [18/Nov/2019:10:42:48 +0100] "GET /banner/norway.jpg HTTP/1.0" 200 3191 "http://www.greenaction.hu/zoldakcio.swf" "Mozilla/5.0 (Windows NT 6.1; Win64; x64; rv:70.0) Gecko/20100101 Firefox/70.0"
195.228.212.178 - - [18/Nov/2019:10:42:49 +0100] "GET /hirek/helyivedett.jpg HTTP/1.0" 404 1181 "http://www.greenaction.hu/zoldakcio.swf" "Mozilla/5.0 (Windows NT 6.1; Win64; x64; rv:70.0) Gecko/20100101 Firefox/70.0"
195.228.212.178 - - [18/Nov/2019:10:42:49 +0100] "GET /hirek/biomassza_forum.jpg HTTP/1.0" 200 6616 "http://www.greenaction.hu/zoldakcio.swf" "Mozilla/5.0 (Windows NT 6.1; Win64; x64; rv:70.0) Gecko/20100101 Firefox/70.0"
195.228.212.178 - - [18/Nov/2019:10:42:49 +0100] "GET /hirek/kocsonyabeka.jpg HTTP/1.0" 200 4334 "http://www.greenaction.hu/zoldakcio.swf" "Mozilla/5.0 (Windows NT 6.1; Win64; x64; rv:70.0) Gecko/20100101 Firefox/70.0"
195.228.212.178 - - [18/Nov/2019:10:42:49 +0100] "GET /hirek/gmokrumpli.jpg HTTP/1.0" 200 9110 "http://www.greenaction.hu/zoldakcio.swf" "Mozilla/5.0 (Windows NT 6.1; Win64; x64; rv:70.0) Gecko/20100101 Firefox/70.0"
195.228.212.178 - - [18/Nov/2019:10:42:49 +0100] "GET /hirek/beno.jpg HTTP/1.0" 200 2623 "http://www.greenaction.hu/zoldakcio.swf" "Mozilla/5.0 (Windows NT 6.1; Win64; x64; rv:70.0) Gecko/20100101 Firefox/70.0"
195.228.212.178 - - [18/Nov/2019:10:42:49 +0100] "GET /hirek/programindito.jpg HTTP/1.0" 200 6594 "http://www.greenaction.hu/zoldakcio.swf" "Mozilla/5.0 (Windows NT 6.1; Win64; x64; rv:70.0) Gecko/20100101 Firefox/70.0"
195.228.212.178 - - [18/Nov/2019:10:42:49 +0100] "GET /hirek/foldnap2010.jpg HTTP/1.0" 200 7191 "http://www.greenaction.hu/zoldakcio.swf" "Mozilla/5.0 (Windows NT 6.1; Win64; x64; rv:70.0) Gecko/20100101 Firefox/70.0"
195.228.212.178 - - [18/Nov/2019:10:42:49 +0100] "GET /hirek/foldnapja.jpg HTTP/1.0" 200 4081 "http://www.greenaction.hu/zoldakcio.swf" "Mozilla/5.0 (Windows NT 6.1; Win64; x64; rv:70.0) Gecko/20100101 Firefox/70.0"
195.228.212.178 - - [18/Nov/2019:10:42:49 +0100] "GET /hirek/gmoevo.jpg HTTP/1.0" 200 2951 "http://www.greenaction.hu/zoldakcio.swf" "Mozilla/5.0 (Windows NT 6.1; Win64; x64; rv:70.0) Gecko/20100101 Firefox/70.0"
195.228.212.178 - - [18/Nov/2019:10:42:49 +0100] "GET /hirek/nullahullakovesd%20011.jpg HTTP/1.0" 200 8674 "http://www.greenaction.hu/zoldakcio.swf" "Mozilla/5.0 (Windows NT 6.1; Win64; x64; rv:70.0) Gecko/20100101 Firefox/70.0"
195.228.212.178 - - [18/Nov/2019:10:42:49 +0100] "GET /hirek/biomassza2.jpg HTTP/1.0" 404 1181 "http://www.greenaction.hu/zoldakcio.swf" "Mozilla/5.0 (Windows NT 6.1; Win64; x64; rv:70.0) Gecko/20100101 Firefox/70.0"
195.228.212.178 - - [18/Nov/2019:10:42:49 +0100] "GET /hirek/gmofree.gif HTTP/1.0" 404 1181 "http://www.greenaction.hu/zoldakcio.swf" "Mozilla/5.0 (Windows NT 6.1; Win64; x64; rv:70.0) Gecko/20100101 Firefox/70.0"
195.228.212.178 - - [18/Nov/2019:10:42:49 +0100] "GET /hirek/paprika.jpg HTTP/1.0" 404 1181 "http://www.greenaction.hu/zoldakcio.swf" "Mozilla/5.0 (Windows NT 6.1; Win64; x64; rv:70.0) Gecko/20100101 Firefox/70.0"
195.228.212.178 - - [18/Nov/2019:10:42:49 +0100] "GET /hirek/torta.jpg HTTP/1.0" 404 1181 "http://www.greenaction.hu/zoldakcio.swf" "Mozilla/5.0 (Windows NT 6.1; Win64; x64; rv:70.0) Gecko/20100101 Firefox/70.0"
195.228.212.178 - - [18/Nov/2019:10:42:49 +0100] "GET /hirek/zoldseg.jpg HTTP/1.0" 404 1181 "http://www.greenaction.hu/zoldakcio.swf" "Mozilla/5.0 (Windows NT 6.1; Win64; x64; rv:70.0) Gecko/20100101 Firefox/70.0"
195.228.212.178 - - [18/Nov/2019:10:42:49 +0100] "GET /hirek/abauji.jpg HTTP/1.0" 200 21716 "http://www.greenaction.hu/zoldakcio.swf" "Mozilla/5.0 (Windows NT 6.1; Win64; x64; rv:70.0) Gecko/20100101 Firefox/70.0"
195.228.212.178 - - [18/Nov/2019:10:42:49 +0100] "GET /hirek/benzinpisztoly.jpg HTTP/1.0" 200 2317 "http://www.greenaction.hu/zoldakcio.swf" "Mozilla/5.0 (Windows NT 6.1; Win64; x64; rv:70.0) Gecko/20100101 Firefox/70.0"
195.228.212.178 - - [18/Nov/2019:10:42:49 +0100] "GET /hirek/marhafej.jpg HTTP/1.0" 200 3545 "http://www.greenaction.hu/zoldakcio.swf" "Mozilla/5.0 (Windows NT 6.1; Win64; x64; rv:70.0) Gecko/20100101 Firefox/70.0"
195.228.212.178 - - [18/Nov/2019:10:42:49 +0100] "GET /hirek/citrom.jpg HTTP/1.0" 200 11781 "http://www.greenaction.hu/zoldakcio.swf" "Mozilla/5.0 (Windows NT 6.1; Win64; x64; rv:70.0) Gecko/20100101 Firefox/70.0"
195.228.212.178 - - [18/Nov/2019:10:42:49 +0100] "GET /hirek/adventikoszoru.jpg HTTP/1.0" 200 5581 "http://www.greenaction.hu/zoldakcio.swf" "Mozilla/5.0 (Windows NT 6.1; Win64; x64; rv:70.0) Gecko/20100101 Firefox/70.0"
195.228.212.178 - - [18/Nov/2019:10:42:49 +0100] "GET /hirek/gyurgyalag.jpg HTTP/1.0" 200 2435 "http://www.greenaction.hu/zoldakcio.swf" "Mozilla/5.0 (Windows NT 6.1; Win64; x64; rv:70.0) Gecko/20100101 Firefox/70.0"
195.228.212.178 - - [18/Nov/2019:10:42:49 +0100] "GET /hirek/naposoldal.jpg HTTP/1.0" 200 10106 "http://www.greenaction.hu/zoldakcio.swf" "Mozilla/5.0 (Windows NT 6.1; Win64; x64; rv:70.0) Gecko/20100101 Firefox/70.0"
195.228.212.178 - - [18/Nov/2019:10:42:49 +0100] "GET /hirek/encsgyumi.jpg HTTP/1.0" 200 13077 "http://www.greenaction.hu/zoldakcio.swf" "Mozilla/5.0 (Windows NT 6.1; Win64; x64; rv:70.0) Gecko/20100101 Firefox/70.0"
195.228.212.178 - - [18/Nov/2019:10:42:49 +0100] "GET /hirek/encs.jpg HTTP/1.0" 200 12831 "http://www.greenaction.hu/zoldakcio.swf" "Mozilla/5.0 (Windows NT 6.1; Win64; x64; rv:70.0) Gecko/20100101 Firefox/70.0"
195.228.212.178 - - [18/Nov/2019:10:42:49 +0100] "GET /hirek/terelo.jpg HTTP/1.0" 200 10975 "http://www.greenaction.hu/zoldakcio.swf" "Mozilla/5.0 (Windows NT 6.1; Win64; x64; rv:70.0) Gecko/20100101 Firefox/70.0"
195.228.212.178 - - [18/Nov/2019:10:42:49 +0100] "GET /hirek/mctermeloipiac.jpg HTTP/1.0" 200 3752 "http://www.greenaction.hu/zoldakcio.swf" "Mozilla/5.0 (Windows NT 6.1; Win64; x64; rv:70.0) Gecko/20100101 Firefox/70.0"
195.228.212.178 - - [18/Nov/2019:10:42:49 +0100] "GET /hirek/viz.jpg HTTP/1.0" 200 2622 "http://www.greenaction.hu/zoldakcio.swf" "Mozilla/5.0 (Windows NT 6.1; Win64; x64; rv:70.0) Gecko/20100101 Firefox/70.0"
195.228.212.178 - - [18/Nov/2019:10:42:49 +0100] "GET /hirek/1%20szazalek.jpg HTTP/1.0" 200 16636 "http://www.greenaction.hu/zoldakcio.swf" "Mozilla/5.0 (Windows NT 6.1; Win64; x64; rv:70.0) Gecko/20100101 Firefox/70.0"
195.228.212.178 - - [18/Nov/2019:10:42:49 +0100] "GET /hirek/bioszulinap2011.jpg HTTP/1.0" 200 17649 "http://www.greenaction.hu/zoldakcio.swf" "Mozilla/5.0 (Windows NT 6.1; Win64; x64; rv:70.0) Gecko/20100101 Firefox/70.0"
195.228.212.178 - - [18/Nov/2019:10:42:49 +0100] "GET /hirek/varboibekak2011.jpg HTTP/1.0" 200 9200 "http://www.greenaction.hu/zoldakcio.swf" "Mozilla/5.0 (Windows NT 6.1; Win64; x64; rv:70.0) Gecko/20100101 Firefox/70.0"
195.228.212.178 - - [18/Nov/2019:10:42:58 +0100] "GET /kapcsolat/kapcsolat.txt HTTP/1.0" 200 762 "http://www.greenaction.hu/zoldakcio.swf" "Mozilla/5.0 (Windows NT 6.1; Win64; x64; rv:70.0) Gecko/20100101 Firefox/70.0"
195.228.212.178 - - [18/Nov/2019:10:42:58 +0100] "GET /kapcsolat/szaszrobi.jpg HTTP/1.0" 200 2159 "http://www.greenaction.hu/zoldakcio.swf" "Mozilla/5.0 (Windows NT 6.1; Win64; x64; rv:70.0) Gecko/20100101 Firefox/70.0"
195.228.212.178 - - [18/Nov/2019:10:42:58 +0100] "GET /kapcsolat/somogyikriszta.jpg HTTP/1.0" 200 4519 "http://www.greenaction.hu/zoldakcio.swf" "Mozilla/5.0 (Windows NT 6.1; Win64; x64; rv:70.0) Gecko/20100101 Firefox/70.0"
195.228.212.178 - - [18/Nov/2019:10:42:58 +0100] "GET /kapcsolat/demeterzoli.jpg HTTP/1.0" 200 3469 "http://www.greenaction.hu/zoldakcio.swf" "Mozilla/5.0 (Windows NT 6.1; Win64; x64; rv:70.0) Gecko/20100101 Firefox/70.0"
195.228.212.178 - - [18/Nov/2019:10:42:58 +0100] "GET /kapcsolat/barati.jpg HTTP/1.0" 200 22724 "http://www.greenaction.hu/zoldakcio.swf" "Mozilla/5.0 (Windows NT 6.1; Win64; x64; rv:70.0) Gecko/20100101 Firefox/70.0"
207.46.13.106 - - [18/Nov/2019:10:56:06 +0100] "GET /aktualis_elemei/bio2szulinap_elemei/image074.jpg HTTP/1.1" 200 8857 "-" "Mozilla/5.0 (compatible; bingbot/2.0; +http://www.bing.com/bingbot.htm)"
5.196.87.174 - - [18/Nov/2019:11:00:18 +0100] "GET /robots.txt HTTP/1.1" 404 1181 "-" "Mozilla/5.0 (compatible; AhrefsBot/6.1; +http://ahrefs.com/robot/)"
5.196.87.173 - - [18/Nov/2019:11:00:28 +0100] "GET / HTTP/1.1" 200 884 "-" "Mozilla/5.0 (compatible; AhrefsBot/6.1; +http://ahrefs.com/robot/)"
34.205.87.183 - - [18/Nov/2019:11:10:06 +0100] "GET / HTTP/1.1" 200 884 "-" "Mozilla/5.0 (Macintosh; Intel Mac OS X 10_15_0) AppleWebKit/537.36 (KHTML, like Gecko) Chrome/78.0.3904.87 Safari/537.36"
207.46.13.106 - - [18/Nov/2019:11:26:13 +0100] "GET /aktualis_elemei/bio2szulinap_elemei/image144.jpg HTTP/1.1" 200 9920 "-" "Mozilla/5.0 (compatible; bingbot/2.0; +http://www.bing.com/bingbot.htm)"
137.117.178.120 - - [18/Nov/2019:11:50:24 +0100] "POST /blog/xmlrpc.php HTTP/1.1" 404 1181 "-" "Mozilla/5.0 (Macintosh; U; Intel Mac OS X 10.6; fr; rv:1.9.2.8) Gecko/20100722 Firefox/3.6.8"
137.117.178.120 - - [18/Nov/2019:11:50:24 +0100] "POST /xmlrpc.php HTTP/1.1" 404 1181 "-" "Mozilla/5.0 (Macintosh; U; Intel Mac OS X 10.6; fr; rv:1.9.2.8) Gecko/20100722 Firefox/3.6.8"
207.46.13.106 - - [18/Nov/2019:12:23:18 +0100] "GET /aktualis_elemei/upfuzet.tml_elemei/image002.jpg HTTP/1.1" 200 11918 "-" "Mozilla/5.0 (compatible; bingbot/2.0; +http://www.bing.com/bingbot.htm)"
207.46.13.106 - - [18/Nov/2019:12:54:42 +0100] "GET /aktualis_elemei/bparak0908.html HTTP/1.1" 200 63132 "-" "Mozilla/5.0 (iPhone; CPU iPhone OS 7_0 like Mac OS X) AppleWebKit/537.51.1 (KHTML, like Gecko) Version/7.0 Mobile/11A465 Safari/9537.53 (compatible; bingbot/2.0; +http://www.bing.com/bingbot.htm)"
157.55.39.47 - - [18/Nov/2019:12:55:22 +0100] "GET /robots.txt HTTP/1.1" 404 1181 "-" "msnbot/2.0b (+http://search.msn.com/msnbot.htm)"
79.121.4.71 - - [18/Nov/2019:12:59:33 +0100] "HEAD / HTTP/1.1" 200 0 "https://miskolc.lap.hu" "Mozilla/5.0 (Macintosh; Intel Mac OS X 10_12_0) AppleWebKit/537.36 (KHTML, like Gecko) Chrome/49.0.2623.110 Safari/537.36"
79.121.4.71 - - [18/Nov/2019:12:59:33 +0100] "GET / HTTP/1.1" 200 884 "https://miskolc.lap.hu" "Mozilla/5.0 (Macintosh; Intel Mac OS X 10_12_0) AppleWebKit/537.36 (KHTML, like Gecko) Chrome/49.0.2623.110 Safari/537.36"
46.119.179.109 - - [18/Nov/2019:13:52:58 +0100] "GET / HTTP/1.1" 200 884 "https://anatomiy.com/" "Mozilla/5.0 (Windows NT 5.1; U; en) Opera 8.01"
46.119.179.109 - - [18/Nov/2019:13:52:58 +0100] "GET / HTTP/1.1" 200 884 "https://anatomiy.com/" "Mozilla/5.0 (Windows NT 5.1; U; en) Opera 8.01"
46.119.179.109 - - [18/Nov/2019:13:52:59 +0100] "GET / HTTP/1.1" 200 884 "https://anatomiy.com/" "Mozilla/5.0 (Windows NT 5.1; U; en) Opera 8.01"
157.55.39.47 - - [18/Nov/2019:14:14:32 +0100] "GET /aktualis_elemei/bio2szulinap_elemei/image030.jpg HTTP/1.1" 200 18167 "-" "Mozilla/5.0 (compatible; bingbot/2.0; +http://www.bing.com/bingbot.htm)"
66.249.66.37 - - [18/Nov/2019:14:20:04 +0100] "GET /robots.txt HTTP/1.1" 404 1181 "-" "Mozilla/5.0 (compatible; Googlebot/2.1; +http://www.google.com/bot.html)"
66.249.66.34 - - [18/Nov/2019:14:20:05 +0100] "GET /kiadvany/riport.pdf HTTP/1.1" 304 - "-" "Mozilla/5.0 (Linux; Android 6.0.1; Nexus 5X Build/MMB29P) AppleWebKit/537.36 (KHTML, like Gecko) Chrome/41.0.2272.96 Mobile Safari/537.36 (compatible; Googlebot/2.1; +http://www.google.com/bot.html)"
132.148.151.162 - - [18/Nov/2019:14:56:26 +0100] "GET /wp-login.php HTTP/1.1" 404 1181 "-" "Mozilla/5.0 (X11; Ubuntu; Linux x86_64; rv:62.0) Gecko/20100101 Firefox/62.0"
54.36.148.207 - - [18/Nov/2019:14:59:48 +0100] "GET /robots.txt HTTP/1.1" 404 1181 "-" "Mozilla/5.0 (compatible; AhrefsBot/6.1; +http://ahrefs.com/robot/)"
212.86.219.134 - - [18/Nov/2019:15:06:01 +0100] "GET /robots.txt HTTP/1.1" 404 1181 "-" "Mozilla/5.0 (Macintosh; U; Intel Mac OS X 10_5_6; en-us) AppleWebKit/528.16 (KHTML, like Gecko) Version/4.0 Safari/528.16"
212.86.219.134 - - [18/Nov/2019:15:06:01 +0100] "GET /robots.txt HTTP/1.1" 404 1181 "-" "Mozilla/5.0 (Macintosh; U; Intel Mac OS X 10_5_6; en-us) AppleWebKit/528.16 (KHTML, like Gecko) Version/4.0 Safari/528.16"
212.86.219.134 - - [18/Nov/2019:15:06:01 +0100] "GET / HTTP/1.1" 200 884 "-" "Mozilla/5.0 (Macintosh; U; Intel Mac OS X 10_5_6; en-us) AppleWebKit/528.16 (KHTML, like Gecko) Version/4.0 Safari/528.16"
157.55.39.241 - - [18/Nov/2019:15:25:32 +0100] "GET / HTTP/1.1" 200 884 "-" "Mozilla/5.0 (iPhone; CPU iPhone OS 7_0 like Mac OS X) AppleWebKit/537.51.1 (KHTML, like Gecko) Version/7.0 Mobile/11A465 Safari/9537.53 (compatible; bingbot/2.0; +http://www.bing.com/bingbot.htm)"
40.77.188.79 - - [18/Nov/2019:15:26:44 +0100] "GET /pattern.jpg HTTP/1.1" 200 13798 "-" "Mozilla/5.0 (iPhone; CPU iPhone OS 7_0 like Mac OS X) AppleWebKit/537.51.1 (KHTML, like Gecko) Version/7.0 Mobile/11A465 Safari/9537.53 BingPreview/1.0b"
157.55.39.47 - - [18/Nov/2019:15:26:47 +0100] "GET /robots.txt HTTP/1.1" 404 1181 "-" "msnbot/2.0b (+http://search.msn.com/msnbot.htm)"
40.77.188.49 - - [18/Nov/2019:15:26:48 +0100] "GET /zoldakcio.swf HTTP/1.1" 200 840351 "-" "Mozilla/5.0 (iPhone; CPU iPhone OS 7_0 like Mac OS X) AppleWebKit/537.51.1 (KHTML, like Gecko) Version/7.0 Mobile/11A465 Safari/9537.53 BingPreview/1.0b"
66.249.66.37 - - [18/Nov/2019:15:38:04 +0100] "GET / HTTP/1.1" 200 884 "-" "Mozilla/5.0 (Linux; Android 6.0.1; Nexus 5X Build/MMB29P) AppleWebKit/537.36 (KHTML, like Gecko) Chrome/41.0.2272.96 Mobile Safari/537.36 (compatible; Googlebot/2.1; +http://www.google.com/bot.html)"
42.236.99.154 - - [18/Nov/2019:16:23:35 +0100] "GET / HTTP/1.1" 200 884 "http://www.greenaction.hu/" "Mozilla/5.0 (Windows NT 6.1; WOW64) AppleWebKit/537.36 (KHTML, like Gecko) Chrome/50.4.2661.102 Safari/537.36; 360Spider"
207.46.13.101 - - [18/Nov/2019:16:24:09 +0100] "GET /kiadvany/miabio.pdf HTTP/1.1" 200 10779696 "-" "Mozilla/5.0 (iPhone; CPU iPhone OS 7_0 like Mac OS X) AppleWebKit/537.51.1 (KHTML, like Gecko) Version/7.0 Mobile/11A465 Safari/9537.53 (compatible; bingbot/2.0; +http://www.bing.com/bingbot.htm)"
158.69.31.36 - - [18/Nov/2019:16:35:25 +0100] "GET / HTTP/1.1" 200 884 "-" "Mozilla/5.0 (Windows NT 10.0; Win64; x64) AppleWebKit/537.36 (KHTML, like Gecko) Chrome/63.0.3239.132 Safari/537.36"
158.69.31.36 - - [18/Nov/2019:16:35:25 +0100] "GET /wp-includes/wlwmanifest.xml HTTP/1.1" 404 1181 "-" "Mozilla/5.0 (Windows NT 10.0; Win64; x64) AppleWebKit/537.36 (KHTML, like Gecko) Chrome/63.0.3239.132 Safari/537.36"
158.69.31.36 - - [18/Nov/2019:16:35:25 +0100] "GET /xmlrpc.php?rsd HTTP/1.1" 404 1181 "-" "Mozilla/5.0 (Windows NT 10.0; Win64; x64) AppleWebKit/537.36 (KHTML, like Gecko) Chrome/63.0.3239.132 Safari/537.36"
158.69.31.36 - - [18/Nov/2019:16:35:25 +0100] "GET / HTTP/1.1" 200 884 "-" "Mozilla/5.0 (Windows NT 10.0; Win64; x64) AppleWebKit/537.36 (KHTML, like Gecko) Chrome/63.0.3239.132 Safari/537.36"
158.69.31.36 - - [18/Nov/2019:16:35:25 +0100] "GET /blog/wp-includes/wlwmanifest.xml HTTP/1.1" 404 1181 "-" "Mozilla/5.0 (Windows NT 10.0; Win64; x64) AppleWebKit/537.36 (KHTML, like Gecko) Chrome/63.0.3239.132 Safari/537.36"
158.69.31.36 - - [18/Nov/2019:16:35:25 +0100] "GET /wordpress/wp-includes/wlwmanifest.xml HTTP/1.1" 404 1181 "-" "Mozilla/5.0 (Windows NT 10.0; Win64; x64) AppleWebKit/537.36 (KHTML, like Gecko) Chrome/63.0.3239.132 Safari/537.36"
158.69.31.36 - - [18/Nov/2019:16:35:26 +0100] "GET /wp/wp-includes/wlwmanifest.xml HTTP/1.1" 404 1181 "-" "Mozilla/5.0 (Windows NT 10.0; Win64; x64) AppleWebKit/537.36 (KHTML, like Gecko) Chrome/63.0.3239.132 Safari/537.36"
158.69.31.36 - - [18/Nov/2019:16:35:26 +0100] "GET /site/wp-includes/wlwmanifest.xml HTTP/1.1" 404 1181 "-" "Mozilla/5.0 (Windows NT 10.0; Win64; x64) AppleWebKit/537.36 (KHTML, like Gecko) Chrome/63.0.3239.132 Safari/537.36"
158.69.31.36 - - [18/Nov/2019:16:35:26 +0100] "GET /cms/wp-includes/wlwmanifest.xml HTTP/1.1" 404 1181 "-" "Mozilla/5.0 (Windows NT 10.0; Win64; x64) AppleWebKit/537.36 (KHTML, like Gecko) Chrome/63.0.3239.132 Safari/537.36"
66.102.8.45 - - [18/Nov/2019:17:02:27 +0100] "GET / HTTP/1.1" 200 884 "-" "Mozilla/5.0 (Windows NT 10.0; Win64; x64) AppleWebKit/537.36 (KHTML, like Gecko) Chrome/77.0.3865.120 Safari/537.36"
66.102.8.45 - - [18/Nov/2019:17:02:27 +0100] "GET / HTTP/1.1" 200 884 "-" "Mozilla/5.0 (Windows NT 10.0; Win64; x64) AppleWebKit/537.36 (KHTML, like Gecko) Chrome/77.0.3865.120 Safari/537.36"
66.102.8.47 - - [18/Nov/2019:17:02:28 +0100] "GET /pattern.jpg HTTP/1.1" 200 13798 "http://www.greenaction.hu/" "Mozilla/5.0 (Windows NT 10.0; Win64; x64) AppleWebKit/537.36 (KHTML, like Gecko) Chrome/77.0.3865.120 Safari/537.36"
66.102.8.47 - - [18/Nov/2019:17:02:28 +0100] "GET /pattern.jpg HTTP/1.1" 200 13798 "http://www.greenaction.hu/" "Mozilla/5.0 (Windows NT 10.0; Win64; x64) AppleWebKit/537.36 (KHTML, like Gecko) Chrome/77.0.3865.120 Safari/537.36"
66.102.8.47 - - [18/Nov/2019:17:02:29 +0100] "GET /zoldakcio.swf HTTP/1.1" 200 840351 "-" "-"
66.102.8.47 - - [18/Nov/2019:17:02:29 +0100] "GET /zoldakcio.swf HTTP/1.1" 200 840351 "-" "-"
51.68.152.26 - - [18/Nov/2019:17:24:56 +0100] "GET / HTTP/1.1" 200 884 "-" "Mozilla/5.0 (X11; Linux x86_64) AppleWebKit/537.36 (KHTML, like Gecko) Chrome/75.0.3770.100 Safari/537.36 OPR/62.0.3331.99"
40.77.190.214 - - [18/Nov/2019:17:25:45 +0100] "GET /kiadvany/miabio.pdf HTTP/1.1" 200 4308992 "-" "Mozilla/5.0 (iPhone; CPU iPhone OS 7_0 like Mac OS X) AppleWebKit/537.51.1 (KHTML, like Gecko) Version/7.0 Mobile/11A465 Safari/9537.53 BingPreview/1.0b"
66.249.66.90 - - [18/Nov/2019:17:26:04 +0100] "GET /robots.txt HTTP/1.1" 404 1181 "-" "Mozilla/5.0 (compatible; Googlebot/2.1; +http://www.google.com/bot.html)"
66.249.66.89 - - [18/Nov/2019:17:26:05 +0100] "GET / HTTP/1.1" 200 884 "-" "Mozilla/5.0 (Linux; Android 6.0.1; Nexus 5X Build/MMB29P) AppleWebKit/537.36 (KHTML, like Gecko) Chrome/41.0.2272.96 Mobile Safari/537.36 (compatible; Googlebot/2.1; +http://www.google.com/bot.html)"
66.249.66.34 - - [18/Nov/2019:19:02:08 +0100] "GET /kiadvany/miskolchvte.pdf HTTP/1.1" 200 4059249 "-" "Mozilla/5.0 (Linux; Android 6.0.1; Nexus 5X Build/MMB29P) AppleWebKit/537.36 (KHTML, like Gecko) Chrome/41.0.2272.96 Mobile Safari/537.36 (compatible; Googlebot/2.1; +http://www.google.com/bot.html)"
195.154.182.89 - - [18/Nov/2019:19:16:28 +0100] "GET / HTTP/1.0" 200 884 "http://greenaction.hu/" "Mozilla/5.0 (Windows NT 10.0; Win64; x64) AppleWebKit/537.36 (KHTML, like Gecko) Chrome/67.0.3396.87 Safari/537.36 OPR/54.0.2952.64"
86.101.232.61 - - [18/Nov/2019:19:58:28 +0100] "GET / HTTP/1.1" 200 884 "https://www.google.com/" "Mozilla/5.0 (Windows NT 10.0; Win64; x64) AppleWebKit/537.36 (KHTML, like Gecko) Chrome/78.0.3904.97 Safari/537.36"
185.136.159.30 - - [18/Nov/2019:20:16:36 +0100] "GET / HTTP/1.0" 200 884 "http://greenaction.hu/" "Mozilla/5.0 (Windows NT 6.3; Win64; x64) AppleWebKit/537.36 (KHTML, like Gecko) Chrome/67.0.3396.79 Safari/537.36"
207.46.13.191 - - [18/Nov/2019:20:51:01 +0100] "GET /magunkrol_elemei/kozhasznu.html HTTP/1.1" 304 - "-" "Mozilla/5.0 (compatible; bingbot/2.0; +http://www.bing.com/bingbot.htm)"
193.6.168.193 - - [18/Nov/2019:20:52:57 +0100] "GET /favicon.ico HTTP/1.1" 404 1181 "http://www.greenaction.hu/kiadvany/miskolchvte.pdf" "Mozilla/5.0 (Windows NT 10.0; Win64; x64) AppleWebKit/537.36 (KHTML, like Gecko) Chrome/78.0.3904.97 Safari/537.36"
193.6.168.193 - - [18/Nov/2019:20:53:00 +0100] "GET /kiadvany/miskolchvte.pdf HTTP/1.1" 200 4059249 "https://www.google.hu/" "Mozilla/5.0 (Windows NT 10.0; Win64; x64) AppleWebKit/537.36 (KHTML, like Gecko) Chrome/78.0.3904.97 Safari/537.36"
123.245.26.111 - - [18/Nov/2019:21:12:37 +0100] "GET / HTTP/1.1" 200 884 "-" "Mozilla/5.0 (Windows NT 6.1; WOW64) AppleWebKit/535.11 (KHTML, like Gecko) Chrome/17.0.963.56 Safari/535.11"
206.253.226.18 - - [18/Nov/2019:21:22:13 +0100] "GET /robots.txt HTTP/1.1" 404 1181 "-" "Mozilla/5.0 (compatible; oBot/2.3.1; http://www.xforce-security.com/crawler/)"
206.253.226.18 - - [18/Nov/2019:21:22:13 +0100] "HEAD /tamogat/nca.gif HTTP/1.1" 200 0 "-" "Mozilla/5.0 (compatible; oBot/2.3.1; http://www.xforce-security.com/crawler/)"
206.253.226.18 - - [18/Nov/2019:21:22:13 +0100] "HEAD /tamogat/rec.gif HTTP/1.1" 200 0 "-" "Mozilla/5.0 (compatible; oBot/2.3.1; http://www.xforce-security.com/crawler/)"
206.253.226.18 - - [18/Nov/2019:21:22:13 +0100] "HEAD /images/baloldal_08.gif HTTP/1.1" 200 0 "-" "Mozilla/5.0 (compatible; oBot/2.3.1; http://www.xforce-security.com/crawler/)"
206.253.226.18 - - [18/Nov/2019:21:22:13 +0100] "HEAD /pattern.jpg HTTP/1.1" 200 0 "-" "Mozilla/5.0 (compatible; oBot/2.3.1; http://www.xforce-security.com/crawler/)"
206.253.226.18 - - [18/Nov/2019:21:22:13 +0100] "HEAD /tamogat/ofa.jpg HTTP/1.1" 200 0 "-" "Mozilla/5.0 (compatible; oBot/2.3.1; http://www.xforce-security.com/crawler/)"
206.253.226.18 - - [18/Nov/2019:21:22:13 +0100] "HEAD /kiadvany/miabio.jpg HTTP/1.1" 200 0 "-" "Mozilla/5.0 (compatible; oBot/2.3.1; http://www.xforce-security.com/crawler/)"
206.253.226.18 - - [18/Nov/2019:21:22:13 +0100] "HEAD /images/tamogatbutton.gif HTTP/1.1" 200 0 "-" "Mozilla/5.0 (compatible; oBot/2.3.1; http://www.xforce-security.com/crawler/)"
206.253.226.18 - - [18/Nov/2019:21:22:13 +0100] "HEAD /images/baloldal_01.gif HTTP/1.1" 200 0 "-" "Mozilla/5.0 (compatible; oBot/2.3.1; http://www.xforce-security.com/crawler/)"
206.253.226.18 - - [18/Nov/2019:21:22:13 +0100] "HEAD /tamogat/karpatoka.gif HTTP/1.1" 200 0 "-" "Mozilla/5.0 (compatible; oBot/2.3.1; http://www.xforce-security.com/crawler/)"
206.253.226.18 - - [18/Nov/2019:21:22:14 +0100] "HEAD /kiadvany/nehezfemsz.jpg HTTP/1.1" 200 0 "-" "Mozilla/5.0 (compatible; oBot/2.3.1; http://www.xforce-security.com/crawler/)"
206.253.226.18 - - [18/Nov/2019:21:22:14 +0100] "HEAD /images/kitoltes.gif HTTP/1.1" 200 0 "-" "Mozilla/5.0 (compatible; oBot/2.3.1; http://www.xforce-security.com/crawler/)"
206.253.226.18 - - [18/Nov/2019:21:22:14 +0100] "HEAD /images/baloldal_09.gif HTTP/1.1" 200 0 "-" "Mozilla/5.0 (compatible; oBot/2.3.1; http://www.xforce-security.com/crawler/)"
206.253.226.18 - - [18/Nov/2019:21:22:14 +0100] "HEAD /images/archivbutton.gif HTTP/1.1" 200 0 "-" "Mozilla/5.0 (compatible; oBot/2.3.1; http://www.xforce-security.com/crawler/)"
206.253.226.18 - - [18/Nov/2019:21:22:14 +0100] "HEAD /images/bottom.gif HTTP/1.1" 200 0 "-" "Mozilla/5.0 (compatible; oBot/2.3.1; http://www.xforce-security.com/crawler/)"
206.253.226.18 - - [18/Nov/2019:21:22:14 +0100] "HEAD /partner/bazcivil.jpg HTTP/1.1" 200 0 "-" "Mozilla/5.0 (compatible; oBot/2.3.1; http://www.xforce-security.com/crawler/)"
206.253.226.18 - - [18/Nov/2019:21:22:14 +0100] "HEAD /partner/holocen.jpg HTTP/1.1" 200 0 "-" "Mozilla/5.0 (compatible; oBot/2.3.1; http://www.xforce-security.com/crawler/)"
206.253.226.18 - - [18/Nov/2019:21:22:14 +0100] "HEAD /partner/humusz.bmp HTTP/1.1" 200 0 "-" "Mozilla/5.0 (compatible; oBot/2.3.1; http://www.xforce-security.com/crawler/)"
206.253.226.18 - - [18/Nov/2019:21:22:14 +0100] "HEAD /aktualis_elemei/image017.gif HTTP/1.1" 200 0 "-" "Mozilla/5.0 (compatible; oBot/2.3.1; http://www.xforce-security.com/crawler/)"
206.253.226.18 - - [18/Nov/2019:21:22:14 +0100] "HEAD /images/baloldal_21.gif HTTP/1.1" 200 0 "-" "Mozilla/5.0 (compatible; oBot/2.3.1; http://www.xforce-security.com/crawler/)"
206.253.226.18 - - [18/Nov/2019:21:22:14 +0100] "HEAD /aktualis_elemei/image013.jpg HTTP/1.1" 200 0 "-" "Mozilla/5.0 (compatible; oBot/2.3.1; http://www.xforce-security.com/crawler/)"
206.253.226.18 - - [18/Nov/2019:21:22:14 +0100] "HEAD /archiv_elemei/image044.jpg HTTP/1.1" 200 0 "-" "Mozilla/5.0 (compatible; oBot/2.3.1; http://www.xforce-security.com/crawler/)"
206.253.226.18 - - [18/Nov/2019:21:22:14 +0100] "HEAD /images/baloldal_02.gif HTTP/1.1" 200 0 "-" "Mozilla/5.0 (compatible; oBot/2.3.1; http://www.xforce-security.com/crawler/)"
206.253.226.18 - - [18/Nov/2019:21:22:14 +0100] "HEAD /images/baloldal_03.gif HTTP/1.1" 200 0 "-" "Mozilla/5.0 (compatible; oBot/2.3.1; http://www.xforce-security.com/crawler/)"
206.253.226.18 - - [18/Nov/2019:21:22:15 +0100] "HEAD /partner/mtvsz.gif HTTP/1.1" 200 0 "-" "Mozilla/5.0 (compatible; oBot/2.3.1; http://www.xforce-security.com/crawler/)"
206.253.226.18 - - [18/Nov/2019:21:22:15 +0100] "HEAD /kitoltes.gif HTTP/1.1" 200 0 "-" "Mozilla/5.0 (compatible; oBot/2.3.1; http://www.xforce-security.com/crawler/)"
206.253.226.18 - - [18/Nov/2019:21:22:15 +0100] "HEAD /images/baloldal_35.gif HTTP/1.1" 200 0 "-" "Mozilla/5.0 (compatible; oBot/2.3.1; http://www.xforce-security.com/crawler/)"
206.253.226.18 - - [18/Nov/2019:21:22:15 +0100] "HEAD /kiadvany/riport.jpg HTTP/1.1" 200 0 "-" "Mozilla/5.0 (compatible; oBot/2.3.1; http://www.xforce-security.com/crawler/)"
206.253.226.18 - - [18/Nov/2019:21:22:15 +0100] "HEAD /tamogat/mmjv.gif HTTP/1.1" 200 0 "-" "Mozilla/5.0 (compatible; oBot/2.3.1; http://www.xforce-security.com/crawler/)"
206.253.226.18 - - [18/Nov/2019:21:22:15 +0100] "HEAD /partner/emisszio.png HTTP/1.1" 200 0 "-" "Mozilla/5.0 (compatible; oBot/2.3.1; http://www.xforce-security.com/crawler/)"
206.253.226.18 - - [18/Nov/2019:21:22:15 +0100] "HEAD /kiadvany/delbukk.jpg HTTP/1.1" 200 0 "-" "Mozilla/5.0 (compatible; oBot/2.3.1; http://www.xforce-security.com/crawler/)"
206.253.226.18 - - [18/Nov/2019:21:22:15 +0100] "HEAD /archiv_elemei/image038.jpg HTTP/1.1" 200 0 "-" "Mozilla/5.0 (compatible; oBot/2.3.1; http://www.xforce-security.com/crawler/)"
206.253.226.18 - - [18/Nov/2019:21:22:15 +0100] "HEAD /images/baloldal_12.gif HTTP/1.1" 200 0 "-" "Mozilla/5.0 (compatible; oBot/2.3.1; http://www.xforce-security.com/crawler/)"
206.253.226.18 - - [18/Nov/2019:21:22:15 +0100] "HEAD /kiadvany/agrark.jpg HTTP/1.1" 200 0 "-" "Mozilla/5.0 (compatible; oBot/2.3.1; http://www.xforce-security.com/crawler/)"
